51.222.253.4 - - [20/Feb/2023:22:59:07 -0800] "GET /feynman/fb18b.jpg HTTP/1.1" 200 42922 "-" "Mozilla/5.0 (compatible; AhrefsBot/7.0; +http://ahrefs.com/robot/)" "ysfine.com"
216.244.66.229 - - [20/Feb/2023:22:59:43 -0800] "GET /fbook/saigo33.jpg HTTP/1.1" 200 152691 "-" "Mozilla/5.0 (compatible; DotBot/1.2; +https://opensiteexplorer.org/dotbot; help@moz.com)" "ysfine.com"
64.124.8.54 - - [20/Feb/2023:22:59:58 -0800] "GET /sbk/1968rocky11.jpg HTTP/1.1" 200 147901 "-" "Mozilla/5.0 (Macintosh; Intel Mac OS X 10_15_7) AppleWebKit/537.36 (KHTML, like Gecko) Chrome/107.0.0.0 Safari/537.36" "ysfine.com"
216.244.66.229 - - [20/Feb/2023:23:00:34 -0800] "GET /ffriends/greeksalz01.jpg HTTP/1.1" 200 131513 "-" "Mozilla/5.0 (compatible; DotBot/1.2; +https://opensiteexplorer.org/dotbot; help@moz.com)" "ysfine.com"
216.244.66.229 - - [20/Feb/2023:23:01:25 -0800] "GET /ffriends/pollon04.jpg HTTP/1.1" 200 68695 "-" "Mozilla/5.0 (compatible; DotBot/1.2; +https://opensiteexplorer.org/dotbot; help@moz.com)" "ysfine.com"
207.46.13.220 - - [20/Feb/2023:23:01:58 -0800] "GET /bio/kobak/soraech.html HTTP/1.1" 404 88 "-" "Mozilla/5.0 AppleWebKit/537.36 (KHTML, like Gecko; compatible; bingbot/2.0; +http://www.bing.com/bingbot.htm) Chrome/103.0.5060.134 Safari/537.36" "ysfine.com"
216.244.66.229 - - [20/Feb/2023:23:02:01 -0800] "GET /ffriends/taiwan03.jpg HTTP/1.1" 200 246012 "-" "Mozilla/5.0 (compatible; DotBot/1.2; +https://opensiteexplorer.org/dotbot; help@moz.com)" "ysfine.com"
52.167.144.62 - - [20/Feb/2023:23:02:13 -0800] "GET /world/russ/kazan032.jpg HTTP/1.1" 200 99156 "-" "Mozilla/5.0 AppleWebKit/537.36 (KHTML, like Gecko; compatible; bingbot/2.0; +http://www.bing.com/bingbot.htm) Chrome/103.0.5060.134 Safari/537.36" "ysfine.com"
52.167.144.62 - - [20/Feb/2023:23:02:14 -0800] "GET /maga/phil/hugom11b.jpg HTTP/1.1" 200 47204 "-" "Mozilla/5.0 AppleWebKit/537.36 (KHTML, like Gecko; compatible; bingbot/2.0; +http://www.bing.com/bingbot.htm) Chrome/103.0.5060.134 Safari/537.36" "ysfine.com"
52.167.144.35 - - [20/Feb/2023:23:02:49 -0800] "GET /bio/sbk/1950.html HTTP/1.1" 404 88 "-" "Mozilla/5.0 AppleWebKit/537.36 (KHTML, like Gecko; compatible; bingbot/2.0; +http://www.bing.com/bingbot.htm) Chrome/103.0.5060.134 Safari/537.36" "ysfine.com"
216.244.66.229 - - [20/Feb/2023:23:02:51 -0800] "GET /ffriends/ukralon01.jpg HTTP/1.1" 200 85219 "-" "Mozilla/5.0 (compatible; DotBot/1.2; +https://opensiteexplorer.org/dotbot; help@moz.com)" "ysfine.com"
91.133.148.103 - - [20/Feb/2023:23:03:26 -0800] "GET / HTTP/1.1" 200 5295 "-" "Mozilla/5.0 (iPhone; U; CPU iPhone OS 4_2_1 like Mac OS X; nb-no) AppleWebKit/533.17.9 (KHTML, like Gecko) Version/5.0.2 Mobile/8C148a Safari/6533.18.5" "ysfine.com"
91.133.204.101 - - [20/Feb/2023:23:03:26 -0800] "GET /robots.txt HTTP/1.1" 404 88 "-" "Mozilla/5.0 (iPhone; U; ru; CPU iPhone OS 4_2_1 like Mac OS X; ru) AppleWebKit/533.17.9 (KHTML, like Gecko) Version/5.0.2 Mobile/8C148a Safari/6533.18.5" "ysfine.com"
51.222.253.2 - - [20/Feb/2023:23:03:30 -0800] "GET /maga/sarnoff.html HTTP/1.1" 200 7540 "-" "Mozilla/5.0 (compatible; AhrefsBot/7.0; +http://ahrefs.com/robot/)" "ysfine.com"
51.222.253.12 - - [20/Feb/2023:23:03:34 -0800] "GET /maga/invent/marconi02c.jpg HTTP/1.1" 200 27154 "-" "Mozilla/5.0 (compatible; AhrefsBot/7.0; +http://ahrefs.com/robot/)" "ysfine.com"
51.222.253.20 - - [20/Feb/2023:23:03:35 -0800] "GET /maga/invent/kdka11c.jpg HTTP/1.1" 200 28450 "-" "Mozilla/5.0 (compatible; AhrefsBot/7.0; +http://ahrefs.com/robot/)" "ysfine.com"
51.222.253.19 - - [20/Feb/2023:23:03:36 -0800] "GET /maga/invent/sarnoffco11c.jpg HTTP/1.1" 200 23780 "-" "Mozilla/5.0 (compatible; AhrefsBot/7.0; +http://ahrefs.com/robot/)" "ysfine.com"
51.222.253.19 - - [20/Feb/2023:23:03:37 -0800] "GET /maga/invent/mcintosh11c.jpg HTTP/1.1" 200 29642 "-" "Mozilla/5.0 (compatible; AhrefsBot/7.0; +http://ahrefs.com/robot/)" "ysfine.com"
51.222.253.18 - - [20/Feb/2023:23:03:37 -0800] "GET /maga/invent/marconi03c.jpg HTTP/1.1" 200 55919 "-" "Mozilla/5.0 (compatible; AhrefsBot/7.0; +http://ahrefs.com/robot/)" "ysfine.com"
51.222.253.16 - - [20/Feb/2023:23:03:38 -0800] "GET /style/suwa66f.jpg HTTP/1.1" 200 86057 "-" "Mozilla/5.0 (compatible; AhrefsBot/7.0; +http://ahrefs.com/robot/)" "ysfine.com"
51.222.253.6 - - [20/Feb/2023:23:03:39 -0800] "GET /maga/invent/joak11c.jpg HTTP/1.1" 200 39212 "-" "Mozilla/5.0 (compatible; AhrefsBot/7.0; +http://ahrefs.com/robot/)" "ysfine.com"
51.222.253.15 - - [20/Feb/2023:23:03:40 -0800] "GET /maga/invent/deforest33c.jpg HTTP/1.1" 200 47300 "-" "Mozilla/5.0 (compatible; AhrefsBot/7.0; +http://ahrefs.com/robot/)" "ysfine.com"
51.222.253.20 - - [20/Feb/2023:23:03:40 -0800] "GET /maga/invent/armstrong11c.jpg HTTP/1.1" 200 68607 "-" "Mozilla/5.0 (compatible; AhrefsBot/7.0; +http://ahrefs.com/robot/)" "ysfine.com"
216.244.66.229 - - [20/Feb/2023:23:03:42 -0800] "GET /heisen/math/heisen54.pdf HTTP/1.1" 200 41258 "-" "Mozilla/5.0 (compatible; DotBot/1.2; +https://opensiteexplorer.org/dotbot; help@moz.com)" "ysfine.com"
216.244.66.229 - - [20/Feb/2023:23:04:12 -0800] "GET /philo/e=mc22.jpg HTTP/1.1" 200 190967 "-" "Mozilla/5.0 (compatible; DotBot/1.2; +https://opensiteexplorer.org/dotbot; help@moz.com)" "ysfine.com"
52.167.144.62 - - [20/Feb/2023:23:04:45 -0800] "GET /bio/style/proschanie.html HTTP/1.1" 404 88 "-" "Mozilla/5.0 AppleWebKit/537.36 (KHTML, like Gecko; compatible; bingbot/2.0; +http://www.bing.com/bingbot.htm) Chrome/103.0.5060.134 Safari/537.36" "ysfine.com"
64.124.8.54 - - [20/Feb/2023:23:04:48 -0800] "GET /world/ital/venice01ff.jpg HTTP/1.1" 200 127956 "-" "Mozilla/5.0 (Macintosh; Intel Mac OS X 10_15_7) AppleWebKit/537.36 (KHTML, like Gecko) Chrome/107.0.0.0 Safari/537.36" "www.ysfine.com"
64.124.8.50 - - [20/Feb/2023:23:04:59 -0800] "GET /world/france/flore06.jpg HTTP/1.1" 200 120704 "-" "Mozilla/5.0 (Macintosh; Intel Mac OS X 10_15_7) AppleWebKit/537.36 (KHTML, like Gecko) Chrome/107.0.0.0 Safari/537.36" "www.ysfine.com"
64.124.8.56 - - [20/Feb/2023:23:05:01 -0800] "GET /ysbio/maga/phil/yy10.jpg HTTP/1.1" 404 88 "-" "Mozilla/5.0 (Macintosh; Intel Mac OS X 10_15_7) AppleWebKit/537.36 (KHTML, like Gecko) Chrome/107.0.0.0 Safari/537.36" "ysfine.com"
216.244.66.229 - - [20/Feb/2023:23:05:02 -0800] "GET /remote/wigner111/frame19.html HTTP/1.1" 200 869 "-" "Mozilla/5.0 (compatible; DotBot/1.2; +https://opensiteexplorer.org/dotbot; help@moz.com)" "ysfine.com"
216.244.66.229 - - [20/Feb/2023:23:05:32 -0800] "GET /world/baltic/?D=D HTTP/1.1" 200 61601 "-" "Mozilla/5.0 (compatible; DotBot/1.2; +https://opensiteexplorer.org/dotbot; help@moz.com)" "ysfine.com"
216.244.66.229 - - [20/Feb/2023:23:06:03 -0800] "GET /world/china/guang84.jpg HTTP/1.1" 200 168533 "-" "Mozilla/5.0 (compatible; DotBot/1.2; +https://opensiteexplorer.org/dotbot; help@moz.com)" "ysfine.com"
114.38.42.114 - - [20/Feb/2023:23:06:10 -0800] "GET /wigner/wiglittle.pdf HTTP/1.1" 200 2659296 "https://www.google.com/" "Mozilla/5.0 (Macintosh; Intel Mac OS X 10_15_7) AppleWebKit/605.1.15 (KHTML, like Gecko) Version/16.3 Safari/605.1.15" "ysfine.com"
114.38.42.114 - - [20/Feb/2023:23:06:11 -0800] "GET /wigner/little.html HTTP/1.1" 200 3088 "https://www.google.com/" "Mozilla/5.0 (Macintosh; Intel Mac OS X 10_15_7) AppleWebKit/605.1.15 (KHTML, like Gecko) Version/16.3 Safari/605.1.15" "ysfine.com"
114.38.42.114 - - [20/Feb/2023:23:06:18 -0800] "GET /favicon.ico HTTP/1.1" 404 88 "https://ysfine.com/wigner/wiglittle.pdf" "Mozilla/5.0 (Macintosh; Intel Mac OS X 10_15_7) AppleWebKit/605.1.15 (KHTML, like Gecko) Version/16.3 Safari/605.1.15" "ysfine.com"
114.38.42.114 - - [20/Feb/2023:23:06:18 -0800] "GET /einstein/newton55b.jpg HTTP/1.1" 200 20261 "https://ysfine.com/wigner/little.html" "Mozilla/5.0 (Macintosh; Intel Mac OS X 10_15_7) AppleWebKit/605.1.15 (KHTML, like Gecko) Version/16.3 Safari/605.1.15" "ysfine.com"
114.38.42.114 - - [20/Feb/2023:23:06:18 -0800] "GET /einstein/newtein11a.jpg HTTP/1.1" 200 58594 "https://ysfine.com/wigner/little.html" "Mozilla/5.0 (Macintosh; Intel Mac OS X 10_15_7) AppleWebKit/605.1.15 (KHTML, like Gecko) Version/16.3 Safari/605.1.15" "ysfine.com"
114.38.42.114 - - [20/Feb/2023:23:06:18 -0800] "GET /wigner/wigein11a.jpg HTTP/1.1" 200 58036 "https://ysfine.com/wigner/little.html" "Mozilla/5.0 (Macintosh; Intel Mac OS X 10_15_7) AppleWebKit/605.1.15 (KHTML, like Gecko) Version/16.3 Safari/605.1.15" "ysfine.com"
114.38.42.114 - - [20/Feb/2023:23:06:18 -0800] "GET /wigner/isomor66b.jpg HTTP/1.1" 200 60963 "https://ysfine.com/wigner/little.html" "Mozilla/5.0 (Macintosh; Intel Mac OS X 10_15_7) AppleWebKit/605.1.15 (KHTML, like Gecko) Version/16.3 Safari/605.1.15" "ysfine.com"
114.38.42.114 - - [20/Feb/2023:23:06:18 -0800] "GET /wigner/isomor33b.jpg HTTP/1.1" 200 42438 "https://ysfine.com/wigner/little.html" "Mozilla/5.0 (Macintosh; Intel Mac OS X 10_15_7) AppleWebKit/605.1.15 (KHTML, like Gecko) Version/16.3 Safari/605.1.15" "ysfine.com"
114.38.42.114 - - [20/Feb/2023:23:06:18 -0800] "GET /einstein/newtwig11a.jpg HTTP/1.1" 200 62939 "https://ysfine.com/wigner/little.html" "Mozilla/5.0 (Macintosh; Intel Mac OS X 10_15_7) AppleWebKit/605.1.15 (KHTML, like Gecko) Version/16.3 Safari/605.1.15" "ysfine.com"
114.38.42.114 - - [20/Feb/2023:23:06:18 -0800] "GET /wigner/gim/gimn63b.jpg HTTP/1.1" 200 31560 "https://ysfine.com/wigner/little.html" "Mozilla/5.0 (Macintosh; Intel Mac OS X 10_15_7) AppleWebKit/605.1.15 (KHTML, like Gecko) Version/16.3 Safari/605.1.15" "ysfine.com"
64.124.8.28 - - [20/Feb/2023:23:06:43 -0800] "GET /princeton/firestone22.jpg HTTP/1.1" 200 112919 "http://ysfine.com/princeton/firestone22.jpg" "Mozilla/5.0 (Macintosh; Intel Mac OS X 10_15_7) AppleWebKit/537.36 (KHTML, like Gecko) Chrome/107.0.0.0 Safari/537.36" "ysfine.com"
64.124.8.50 - - [20/Feb/2023:23:06:50 -0800] "GET /ysbio/world/china/xian06.jpg HTTP/1.1" 404 88 "-" "Mozilla/5.0 (Macintosh; Intel Mac OS X 10_15_7) AppleWebKit/537.36 (KHTML, like Gecko) Chrome/107.0.0.0 Safari/537.36" "ysfine.com"
216.244.66.229 - - [20/Feb/2023:23:06:54 -0800] "GET /world/china/hongkong06.jpg HTTP/1.1" 200 116501 "-" "Mozilla/5.0 (compatible; DotBot/1.2; +https://opensiteexplorer.org/dotbot; help@moz.com)" "ysfine.com"
91.133.136.240 - - [20/Feb/2023:23:07:08 -0800] "GET /robots.txt HTTP/1.1" 404 88 "-" "Mozilla/5.0 (iPhone; U; CPU iPhone OS 4_3 like Mac OS X; en-gb) AppleWebKit/533.17.9 (KHTML, like Gecko) Version/5.0.2 Mobile/8F190 Safari/6533.18.5" "ysfine.com"
91.133.207.144 - - [20/Feb/2023:23:07:08 -0800] "GET / HTTP/1.1" 200 5295 "-" "Mozilla/5.0 (iPhone; U; fr; CPU iPhone OS 4_2_1 like Mac OS X; fr) AppleWebKit/533.17.9 (KHTML, like Gecko) Version/5.0.2 Mobile/8C148a Safari/6533.18.5" "ysfine.com"
52.167.144.35 - - [20/Feb/2023:23:07:18 -0800] "GET /einstein/jsbell01.jpg HTTP/1.1" 200 47911 "-" "Mozilla/5.0 AppleWebKit/537.36 (KHTML, like Gecko; compatible; bingbot/2.0; +http://www.bing.com/bingbot.htm) Chrome/103.0.5060.134 Safari/537.36" "www.ysfine.com"
64.124.8.55 - - [20/Feb/2023:23:07:25 -0800] "GET /einstein/ysturner.jpg HTTP/1.1" 200 176356 "-" "Mozilla/5.0 (Macintosh; Intel Mac OS X 10_15_7) AppleWebKit/537.36 (KHTML, like Gecko) Chrome/107.0.0.0 Safari/537.36" "ysfine.com"
216.244.66.229 - - [20/Feb/2023:23:07:44 -0800] "GET /world/france/flore01.jpg HTTP/1.1" 200 86752 "-" "Mozilla/5.0 (compatible; DotBot/1.2; +https://opensiteexplorer.org/dotbot; help@moz.com)" "ysfine.com"
207.46.13.218 - - [20/Feb/2023:23:07:46 -0800] "GET /eink/learn22.jpg HTTP/1.1" 200 111061 "-" "Mozilla/5.0 AppleWebKit/537.36 (KHTML, like Gecko; compatible; bingbot/2.0; +http://www.bing.com/bingbot.htm) Chrome/103.0.5060.134 Safari/537.36" "ysfine.com"
51.222.253.10 - - [20/Feb/2023:23:08:20 -0800] "GET /einstein/fantova/fantova.html HTTP/1.1" 200 6506 "-" "Mozilla/5.0 (compatible; AhrefsBot/7.0; +http://ahrefs.com/robot/)" "ysfine.com"
216.244.66.229 - - [20/Feb/2023:23:08:22 -0800] "GET /world/france/lilas05.jpg HTTP/1.1" 200 166165 "-" "Mozilla/5.0 (compatible; DotBot/1.2; +https://opensiteexplorer.org/dotbot; help@moz.com)" "ysfine.com"
5.210.224.91 - - [20/Feb/2023:23:08:29 -0800] "GET /robots.txt HTTP/1.1" 404 88 "-" "Mozilla/5.0 (iPhone; U; CPU iPhone OS 4_2_1 like Mac OS X; ru-ru) AppleWebKit/533.17.9 (KHTML, like Gecko) Version/5.0.2 Mobile/8C148 Safari/6533.18.5" "ysfine.com"
91.133.196.28 - - [20/Feb/2023:23:08:30 -0800] "GET / HTTP/1.1" 200 5295 "-" "Mozilla/5.0 (iPhone; U; CPU iPhone OS 4_1 like Mac OS X; en-us) AppleWebKit/532.9 (KHTML, like Gecko) Version/4.0.5 Mobile/8B117 Safari/6531.22.7" "ysfine.com"
216.244.66.229 - - [20/Feb/2023:23:08:57 -0800] "GET /world/france/pmetro05.jpg HTTP/1.1" 200 83922 "-" "Mozilla/5.0 (compatible; DotBot/1.2; +https://opensiteexplorer.org/dotbot; help@moz.com)" "ysfine.com"
216.244.66.229 - - [20/Feb/2023:23:09:31 -0800] "GET /world/poland/jablo11.jpg HTTP/1.1" 200 114366 "-" "Mozilla/5.0 (compatible; DotBot/1.2; +https://opensiteexplorer.org/dotbot; help@moz.com)" "ysfine.com"
207.46.13.220 - - [20/Feb/2023:23:09:49 -0800] "GET /world/russ/kazan096.jpg HTTP/1.1" 200 132910 "-" "Mozilla/5.0 AppleWebKit/537.36 (KHTML, like Gecko; compatible; bingbot/2.0; +http://www.bing.com/bingbot.htm) Chrome/103.0.5060.134 Safari/537.36" "www.ysfine.com"
195.191.219.133 - - [20/Feb/2023:23:09:55 -0800] "GET /maga/keigel.html HTTP/1.1" 200 6995 "-" "Mozilla/5.0 (compatible; MJ12bot/v1.4.8; http://mj12bot.com/)" "ysfine.com"
195.191.219.133 - - [20/Feb/2023:23:09:58 -0800] "GET /maga/tesla.html HTTP/1.1" 200 4852 "-" "Mozilla/5.0 (compatible; MJ12bot/v1.4.8; http://mj12bot.com/)" "ysfine.com"
195.191.219.133 - - [20/Feb/2023:23:10:00 -0800] "GET /maga/tesla.html HTTP/1.1" 200 4852 "-" "Mozilla/5.0 (compatible; MJ12bot/v1.4.8; http://mj12bot.com/)" "ysfine.com"
195.191.219.133 - - [20/Feb/2023:23:10:03 -0800] "GET /style/restau.html HTTP/1.1" 200 2149 "-" "Mozilla/5.0 (compatible; MJ12bot/v1.4.8; http://mj12bot.com/)" "ysfine.com"
195.191.219.133 - - [20/Feb/2023:23:10:05 -0800] "GET /style/restau.html HTTP/1.1" 200 2149 "-" "Mozilla/5.0 (compatible; MJ12bot/v1.4.8; http://mj12bot.com/)" "ysfine.com"
195.191.219.133 - - [20/Feb/2023:23:10:08 -0800] "GET /style/shops.html HTTP/1.1" 200 2829 "-" "Mozilla/5.0 (compatible; MJ12bot/v1.4.8; http://mj12bot.com/)" "ysfine.com"
195.191.219.133 - - [20/Feb/2023:23:10:09 -0800] "GET /style/shops.html HTTP/1.1" 200 2829 "-" "Mozilla/5.0 (compatible; MJ12bot/v1.4.8; http://mj12bot.com/)" "ysfine.com"
195.191.219.133 - - [20/Feb/2023:23:10:12 -0800] "GET /world/london.html HTTP/1.1" 200 16969 "-" "Mozilla/5.0 (compatible; MJ12bot/v1.4.8; http://mj12bot.com/)" "ysfine.com"
216.244.66.229 - - [20/Feb/2023:23:10:13 -0800] "GET /world/russ/kazan078.jpg HTTP/1.1" 200 110344 "-" "Mozilla/5.0 (compatible; DotBot/1.2; +https://opensiteexplorer.org/dotbot; help@moz.com)" "ysfine.com"
195.191.219.133 - - [20/Feb/2023:23:10:14 -0800] "GET /world/london.html HTTP/1.1" 200 16969 "-" "Mozilla/5.0 (compatible; MJ12bot/v1.4.8; http://mj12bot.com/)" "ysfine.com"
195.191.219.133 - - [20/Feb/2023:23:10:17 -0800] "GET /world/sfrance.html HTTP/1.1" 200 8453 "-" "Mozilla/5.0 (compatible; MJ12bot/v1.4.8; http://mj12bot.com/)" "ysfine.com"
195.191.219.133 - - [20/Feb/2023:23:10:21 -0800] "GET /world/visas.html HTTP/1.1" 200 2626 "-" "Mozilla/5.0 (compatible; MJ12bot/v1.4.8; http://mj12bot.com/)" "ysfine.com"
195.191.219.133 - - [20/Feb/2023:23:10:22 -0800] "GET /robots.txt HTTP/1.1" 404 73 "-" "Mozilla/5.0 (compatible; MJ12bot/v1.4.8; http://mj12bot.com/)" "www.ysfine.com"
195.191.219.133 - - [20/Feb/2023:23:10:25 -0800] "GET /archives/proceedings/ff3/trans.html HTTP/1.1" 200 977 "-" "Mozilla/5.0 (compatible; MJ12bot/v1.4.8; http://mj12bot.com/)" "www.ysfine.com"
195.191.219.133 - - [20/Feb/2023:23:10:28 -0800] "GET /world/istanbul.html HTTP/1.1" 200 11361 "-" "Mozilla/5.0 (compatible; MJ12bot/v1.4.8; http://mj12bot.com/)" "www.ysfine.com"
195.191.219.133 - - [20/Feb/2023:23:10:32 -0800] "GET /world/london.html HTTP/1.1" 200 16969 "-" "Mozilla/5.0 (compatible; MJ12bot/v1.4.8; http://mj12bot.com/)" "www.ysfine.com"
64.124.8.49 - - [20/Feb/2023:23:10:33 -0800] "GET /style/musee/louvre01.jpg HTTP/1.1" 200 88323 "-" "Mozilla/5.0 (Macintosh; Intel Mac OS X 10_15_7) AppleWebKit/537.36 (KHTML, like Gecko) Chrome/107.0.0.0 Safari/537.36" "ysfine.com"
195.191.219.133 - - [20/Feb/2023:23:10:34 -0800] "GET /world/london.html HTTP/1.1" 200 16969 "-" "Mozilla/5.0 (compatible; MJ12bot/v1.4.8; http://mj12bot.com/)" "www.ysfine.com"
195.191.219.133 - - [20/Feb/2023:23:10:37 -0800] "GET /world/sfrance.html HTTP/1.1" 200 8453 "-" "Mozilla/5.0 (compatible; MJ12bot/v1.4.8; http://mj12bot.com/)" "www.ysfine.com"
195.191.219.133 - - [20/Feb/2023:23:10:41 -0800] "GET /world/visas.html HTTP/1.1" 200 2626 "-" "Mozilla/5.0 (compatible; MJ12bot/v1.4.8; http://mj12bot.com/)" "www.ysfine.com"
195.191.219.133 - - [20/Feb/2023:23:10:42 -0800] "GET /einstein/wallis.html HTTP/1.1" 200 5621 "-" "Mozilla/5.0 (compatible; MJ12bot/v1.4.8; http://mj12bot.com/)" "ysfine.com"
117.71.110.171 - - [20/Feb/2023:23:10:44 -0800] "GET /wisdom/wk01.html HTTP/1.1" 200 88106 "-" "Mozilla/5.0 (Macintosh; Intel Mac OS X 12_5) AppleWebKit/537.36 (KHTML, like Gecko) Chrome/103.0.0.0 Safari/537.36 Edg/103.0.1264.71" "ysfine.com"
117.71.110.171 - - [20/Feb/2023:23:10:55 -0800] "GET /wisdom/happyend.html HTTP/1.1" 200 1088 "https://ysfine.com/wisdom/wk01.html" "Mozilla/5.0 (Macintosh; Intel Mac OS X 12_5) AppleWebKit/537.36 (KHTML, like Gecko) Chrome/103.0.0.0 Safari/537.36 Edg/103.0.1264.71" "ysfine.com"
117.71.110.171 - - [20/Feb/2023:23:10:56 -0800] "GET /princeton/index.html HTTP/1.1" 200 140 "http://ysfine.com/princeton/index.html" "Mozilla/5.0 (Macintosh; Intel Mac OS X 12_5) AppleWebKit/537.36 (KHTML, like Gecko) Chrome/103.0.0.0 Safari/537.36 Edg/103.0.1264.71" "ysfine.com"
117.71.110.171 - - [20/Feb/2023:23:10:58 -0800] "GET /maga/tesla.html HTTP/1.1" 200 4852 "https://ysfine.com/wisdom/wk01.html" "Mozilla/5.0 (Macintosh; Intel Mac OS X 12_5) AppleWebKit/537.36 (KHTML, like Gecko) Chrome/103.0.0.0 Safari/537.36 Edg/103.0.1264.71" "ysfine.com"
117.71.110.171 - - [20/Feb/2023:23:10:59 -0800] "GET /einstein/index.html HTTP/1.1" 200 135 "http://ysfine.com/einstein/index.html" "Mozilla/5.0 (Macintosh; Intel Mac OS X 12_5) AppleWebKit/537.36 (KHTML, like Gecko) Chrome/103.0.0.0 Safari/537.36 Edg/103.0.1264.71" "ysfine.com"
117.71.110.171 - - [20/Feb/2023:23:11:00 -0800] "GET /wigner/maxwig.html HTTP/1.1" 200 8080 "https://ysfine.com/wisdom/wk01.html" "Mozilla/5.0 (Macintosh; Intel Mac OS X 12_5) AppleWebKit/537.36 (KHTML, like Gecko) Chrome/103.0.0.0 Safari/537.36 Edg/103.0.1264.71" "ysfine.com"
117.71.110.171 - - [20/Feb/2023:23:11:02 -0800] "GET /home/index.html HTTP/1.1" 200 142 "http://ysfine.com/home/index.html" "Mozilla/5.0 (Macintosh; Intel Mac OS X 12_5) AppleWebKit/537.36 (KHTML, like Gecko) Chrome/103.0.0.0 Safari/537.36 Edg/103.0.1264.71" "ysfine.com"
117.71.110.171 - - [20/Feb/2023:23:11:03 -0800] "GET /wigner/lunch.html HTTP/1.1" 200 3105 "https://ysfine.com/wisdom/wk01.html" "Mozilla/5.0 (Macintosh; Intel Mac OS X 12_5) AppleWebKit/537.36 (KHTML, like Gecko) Chrome/103.0.0.0 Safari/537.36 Edg/103.0.1264.71" "ysfine.com"
117.71.110.171 - - [20/Feb/2023:23:11:04 -0800] "GET /people/sbt.html HTTP/1.1" 200 529 "https://ysfine.com/wisdom/wk01.html" "Mozilla/5.0 (Macintosh; Intel Mac OS X 12_5) AppleWebKit/537.36 (KHTML, like Gecko) Chrome/103.0.0.0 Safari/537.36 Edg/103.0.1264.71" "ysfine.com"
194.38.20.161 - - [20/Feb/2023:23:11:08 -0800] "GET /plugins/content/apismtp/josmtpapi.php?test=hello HTTP/1.1" 404 73 "-" "ALittle Client" "ysfine.com"
71.178.208.102 - - [20/Feb/2023:23:11:54 -0800] "GET /ys11/ HTTP/1.1" 304 - "-" "Mozilla/5.0 (Windows NT 10.0; Win64; x64) AppleWebKit/537.36 (KHTML, like Gecko) Chrome/109.0.0.0 Safari/537.36" "ysfine.com"
51.222.253.5 - - [20/Feb/2023:23:13:13 -0800] "GET /einstein/ewk.html HTTP/1.1" 200 4230 "-" "Mozilla/5.0 (compatible; AhrefsBot/7.0; +http://ahrefs.com/robot/)" "ysfine.com"
51.222.253.20 - - [20/Feb/2023:23:13:14 -0800] "GET /einstein/places/einha02b.jpg HTTP/1.1" 200 35565 "-" "Mozilla/5.0 (compatible; AhrefsBot/7.0; +http://ahrefs.com/robot/)" "ysfine.com"
51.222.253.16 - - [20/Feb/2023:23:13:15 -0800] "GET /eink/emc23b.jpg HTTP/1.1" 200 41966 "-" "Mozilla/5.0 (compatible; AhrefsBot/7.0; +http://ahrefs.com/robot/)" "ysfine.com"
51.222.253.19 - - [20/Feb/2023:23:13:15 -0800] "GET /einstein/eins05b.jpg HTTP/1.1" 200 47795 "-" "Mozilla/5.0 (compatible; AhrefsBot/7.0; +http://ahrefs.com/robot/)" "ysfine.com"
51.222.253.19 - - [20/Feb/2023:23:13:16 -0800] "GET /einstein/places/einha01b.jpg HTTP/1.1" 200 41574 "-" "Mozilla/5.0 (compatible; AhrefsBot/7.0; +http://ahrefs.com/robot/)" "ysfine.com"
51.222.253.20 - - [20/Feb/2023:23:13:17 -0800] "GET /einstein/wigein600.jpg HTTP/1.1" 200 38831 "-" "Mozilla/5.0 (compatible; AhrefsBot/7.0; +http://ahrefs.com/robot/)" "ysfine.com"
64.124.8.55 - - [20/Feb/2023:23:13:28 -0800] "GET /world/baltic/kalinmap88.jpg HTTP/1.1" 200 105396 "-" "Mozilla/5.0 (Macintosh; Intel Mac OS X 10_15_7) AppleWebKit/537.36 (KHTML, like Gecko) Chrome/107.0.0.0 Safari/537.36" "ysfine.com"
52.167.144.35 - - [20/Feb/2023:23:13:49 -0800] "GET /kobak/rok48.jpg HTTP/1.1" 200 149888 "-" "Mozilla/5.0 AppleWebKit/537.36 (KHTML, like Gecko; compatible; bingbot/2.0; +http://www.bing.com/bingbot.htm) Chrome/103.0.5060.134 Safari/537.36" "ysfine.com"
40.77.167.211 - - [20/Feb/2023:23:13:51 -0800] "GET /wdc/whouse08.jpg HTTP/1.1" 200 56905 "-" "Mozilla/5.0 AppleWebKit/537.36 (KHTML, like Gecko; compatible; bingbot/2.0; +http://www.bing.com/bingbot.htm) Chrome/103.0.5060.134 Safari/537.36" "www.ysfine.com"
40.77.167.211 - - [20/Feb/2023:23:13:51 -0800] "GET /world/jeru.html HTTP/1.1" 200 6991 "-" "Mozilla/5.0 AppleWebKit/537.36 (KHTML, like Gecko; compatible; bingbot/2.0; +http://www.bing.com/bingbot.htm) Chrome/103.0.5060.134 Safari/537.36" "www.ysfine.com"
40.77.167.211 - - [20/Feb/2023:23:14:31 -0800] "GET /newyork/rocke06.jpg HTTP/1.1" 200 221571 "-" "Mozilla/5.0 AppleWebKit/537.36 (KHTML, like Gecko; compatible; bingbot/2.0; +http://www.bing.com/bingbot.htm) Chrome/103.0.5060.134 Safari/537.36" "ysfine.com"
52.167.144.35 - - [20/Feb/2023:23:14:59 -0800] "GET /style/alexandrov33.jpg HTTP/1.1" 200 79590 "-" "Mozilla/5.0 AppleWebKit/537.36 (KHTML, like Gecko; compatible; bingbot/2.0; +http://www.bing.com/bingbot.htm) Chrome/103.0.5060.134 Safari/537.36" "ysfine.com"
64.124.8.55 - - [20/Feb/2023:23:15:16 -0800] "GET /kobak/engine.jpg HTTP/1.1" 200 65913 "-" "Mozilla/5.0 (Macintosh; Intel Mac OS X 10_15_7) AppleWebKit/537.36 (KHTML, like Gecko) Chrome/107.0.0.0 Safari/537.36" "ysfine.com"
64.124.8.55 - - [20/Feb/2023:23:15:19 -0800] "GET /sbk/1994harv11.jpg HTTP/1.1" 200 192535 "-" "Mozilla/5.0 (Macintosh; Intel Mac OS X 10_15_7) AppleWebKit/537.36 (KHTML, like Gecko) Chrome/107.0.0.0 Safari/537.36" "www.ysfine.com"
64.124.8.49 - - [20/Feb/2023:23:15:35 -0800] "GET /newyork/colum17.jpg HTTP/1.1" 200 99132 "-" "Mozilla/5.0 (Macintosh; Intel Mac OS X 10_15_7) AppleWebKit/537.36 (KHTML, like Gecko) Chrome/107.0.0.0 Safari/537.36" "ysfine.com"
51.222.253.17 - - [20/Feb/2023:23:17:49 -0800] "GET /sbk/index.html HTTP/1.1" 200 198 "-" "Mozilla/5.0 (compatible; AhrefsBot/7.0; +http://ahrefs.com/robot/)" "ysfine.com"
49.179.42.40 - - [20/Feb/2023:23:18:20 -0800] "GET /maga/histo/desiree21.jpg HTTP/1.1" 200 91829 "https://www.google.com.au/" "Mozilla/5.0 (iPhone; CPU iPhone OS 16_1_1 like Mac OS X) AppleWebKit/605.1.15 (KHTML, like Gecko) Version/16.1 Mobile/15E148 Safari/604.1" "ysfine.com"
207.46.13.218 - - [20/Feb/2023:23:19:48 -0800] "GET / HTTP/1.1" 200 5295 "-" "Mozilla/5.0 AppleWebKit/537.36 (KHTML, like Gecko; compatible; bingbot/2.0; +http://www.bing.com/bingbot.htm) Chrome/103.0.5060.134 Safari/537.36" "www.ysfine.com"
207.46.13.207 - - [20/Feb/2023:23:20:01 -0800] "GET /ysbio/bostein.html HTTP/1.1" 404 88 "-" "Mozilla/5.0 AppleWebKit/537.36 (KHTML, like Gecko; compatible; bingbot/2.0; +http://www.bing.com/bingbot.htm) Chrome/103.0.5060.134 Safari/537.36" "ysfine.com"
40.77.167.211 - - [20/Feb/2023:23:21:21 -0800] "GET /world/polandw.html HTTP/1.1" 200 17896 "-" "Mozilla/5.0 AppleWebKit/537.36 (KHTML, like Gecko; compatible; bingbot/2.0; +http://www.bing.com/bingbot.htm) Chrome/103.0.5060.134 Safari/537.36" "www.ysfine.com"
52.167.144.35 - - [20/Feb/2023:23:21:50 -0800] "GET /world/ital/palermo05.jpg HTTP/1.1" 200 119457 "-" "Mozilla/5.0 AppleWebKit/537.36 (KHTML, like Gecko; compatible; bingbot/2.0; +http://www.bing.com/bingbot.htm) Chrome/103.0.5060.134 Safari/537.36" "ysfine.com"
52.167.144.35 - - [20/Feb/2023:23:21:51 -0800] "GET /bio/style/artlove.html HTTP/1.1" 404 88 "-" "Mozilla/5.0 AppleWebKit/537.36 (KHTML, like Gecko; compatible; bingbot/2.0; +http://www.bing.com/bingbot.htm) Chrome/103.0.5060.134 Safari/537.36" "ysfine.com"
183.192.24.7 - - [20/Feb/2023:23:22:11 -0800] "GET /world/china/shanghai003.jpg HTTP/1.1" 200 180049 "https://cn.bing.com/" "Mozilla/5.0 (Windows NT 10.0; WOW64) AppleWebKit/537.36 (KHTML, like Gecko) Chrome/86.0.4240.198 Safari/537.36" "ysfine.com"
64.124.8.50 - - [20/Feb/2023:23:22:25 -0800] "GET /ysbio/usca/norl/fq12.jpg HTTP/1.1" 404 88 "-" "Mozilla/5.0 (Macintosh; Intel Mac OS X 10_15_7) AppleWebKit/537.36 (KHTML, like Gecko) Chrome/107.0.0.0 Safari/537.36" "www.ysfine.com"
64.124.8.50 - - [20/Feb/2023:23:22:29 -0800] "GET /world/balkan/ath027.jpg HTTP/1.1" 200 215994 "-" "Mozilla/5.0 (Macintosh; Intel Mac OS X 10_15_7) AppleWebKit/537.36 (KHTML, like Gecko) Chrome/107.0.0.0 Safari/537.36" "www.ysfine.com"
51.222.253.2 - - [20/Feb/2023:23:22:44 -0800] "GET /feynman/fphoto.html HTTP/1.1" 200 3714 "-" "Mozilla/5.0 (compatible; AhrefsBot/7.0; +http://ahrefs.com/robot/)" "www.ysfine.com"
51.222.253.18 - - [20/Feb/2023:23:22:46 -0800] "GET /feynman/chapline2.jpg HTTP/1.1" 200 36026 "-" "Mozilla/5.0 (compatible; AhrefsBot/7.0; +http://ahrefs.com/robot/)" "www.ysfine.com"
51.222.253.19 - - [20/Feb/2023:23:22:47 -0800] "GET /feynman/feybongo55b.jpg HTTP/1.1" 200 41455 "-" "Mozilla/5.0 (compatible; AhrefsBot/7.0; +http://ahrefs.com/robot/)" "www.ysfine.com"
51.222.253.19 - - [20/Feb/2023:23:22:48 -0800] "GET /feynman/feynma2.jpg HTTP/1.1" 200 41543 "-" "Mozilla/5.0 (compatible; AhrefsBot/7.0; +http://ahrefs.com/robot/)" "www.ysfine.com"
51.222.253.10 - - [20/Feb/2023:23:22:49 -0800] "GET /world/latina/rio025b.jpg HTTP/1.1" 200 39082 "-" "Mozilla/5.0 (compatible; AhrefsBot/7.0; +http://ahrefs.com/robot/)" "www.ysfine.com"
216.244.66.229 - - [20/Feb/2023:23:22:55 -0800] "GET /robots.txt HTTP/1.1" 404 73 "-" "Mozilla/5.0 (compatible; DotBot/1.2; +https://opensiteexplorer.org/dotbot; help@moz.com)" "www.ysfine.com"
216.244.66.229 - - [20/Feb/2023:23:22:55 -0800] "GET /robots.txt HTTP/1.1" 404 73 "-" "Mozilla/5.0 (compatible; DotBot/1.2; +https://opensiteexplorer.org/dotbot; help@moz.com)" "ysfine.com"
52.167.144.62 - - [20/Feb/2023:23:23:19 -0800] "GET /world/ital/rome022.jpg HTTP/1.1" 200 126558 "-" "Mozilla/5.0 AppleWebKit/537.36 (KHTML, like Gecko; compatible; bingbot/2.0; +http://www.bing.com/bingbot.htm) Chrome/103.0.5060.134 Safari/537.36" "ysfine.com"
40.77.167.211 - - [20/Feb/2023:23:24:12 -0800] "GET /beau/armenstu01.jpg HTTP/1.1" 404 88 "-" "Mozilla/5.0 AppleWebKit/537.36 (KHTML, like Gecko; compatible; bingbot/2.0; +http://www.bing.com/bingbot.htm) Chrome/103.0.5060.134 Safari/537.36" "ysfine.com"
52.167.144.62 - - [20/Feb/2023:23:25:07 -0800] "GET /bio/einstein/einchew.html HTTP/1.1" 404 88 "-" "Mozilla/5.0 AppleWebKit/537.36 (KHTML, like Gecko; compatible; bingbot/2.0; +http://www.bing.com/bingbot.htm) Chrome/103.0.5060.134 Safari/537.36" "www.ysfine.com"
52.167.144.35 - - [20/Feb/2023:23:25:40 -0800] "GET /bio/kobak/yskor.html HTTP/1.1" 404 88 "-" "Mozilla/5.0 AppleWebKit/537.36 (KHTML, like Gecko; compatible; bingbot/2.0; +http://www.bing.com/bingbot.htm) Chrome/103.0.5060.134 Safari/537.36" "ysfine.com"
207.46.13.218 - - [20/Feb/2023:23:25:49 -0800] "GET /world/ital/rome067.jpg HTTP/1.1" 200 84673 "-" "Mozilla/5.0 AppleWebKit/537.36 (KHTML, like Gecko; compatible; bingbot/2.0; +http://www.bing.com/bingbot.htm) Chrome/103.0.5060.134 Safari/537.36" "ysfine.com"
64.124.8.29 - - [20/Feb/2023:23:26:01 -0800] "GET /world/brit/cam31.jpg HTTP/1.1" 200 109780 "-" "Mozilla/5.0 (Macintosh; Intel Mac OS X 10_15_7) AppleWebKit/537.36 (KHTML, like Gecko) Chrome/107.0.0.0 Safari/537.36" "www.ysfine.com"
40.77.167.211 - - [20/Feb/2023:23:26:04 -0800] "GET /bio/wigner/e(2).html HTTP/1.1" 404 88 "-" "Mozilla/5.0 AppleWebKit/537.36 (KHTML, like Gecko; compatible; bingbot/2.0; +http://www.bing.com/bingbot.htm) Chrome/103.0.5060.134 Safari/537.36" "ysfine.com"
52.167.144.62 - - [20/Feb/2023:23:26:16 -0800] "GET /beau/amkor/amstu02.jpg HTTP/1.1" 404 88 "-" "Mozilla/5.0 AppleWebKit/537.36 (KHTML, like Gecko; compatible; bingbot/2.0; +http://www.bing.com/bingbot.htm) Chrome/103.0.5060.134 Safari/537.36" "ysfine.com"
216.244.66.229 - - [20/Feb/2023:23:26:20 -0800] "GET /world/france/magots04.jpg HTTP/1.1" 200 126742 "-" "Mozilla/5.0 (compatible; DotBot/1.2; +https://opensiteexplorer.org/dotbot; help@moz.com)" "ysfine.com"
86.55.128.144 - - [20/Feb/2023:23:26:22 -0800] "GET / HTTP/1.1" 200 5295 "-" "Mozilla/5.0 (iPhone; U; Linux i686; pt-br) AppleWebKit/532+ (KHTML, like Gecko) Version/3.0 Mobile/1A538b Safari/419.3 Midori/0.2.0" "ysfine.com"
91.133.212.92 - - [20/Feb/2023:23:26:23 -0800] "GET /robots.txt HTTP/1.1" 404 88 "-" "Mozilla/5.0 (iPhone; U; CPU iPhone OS 4_2_1 like Mac OS X; nb-no) AppleWebKit/533.17.9 (KHTML, like Gecko) Version/5.0.2 Mobile/8C148a Safari/6533.18.5" "ysfine.com"
91.133.226.227 - - [20/Feb/2023:23:26:23 -0800] "GET / HTTP/1.1" 200 5295 "-" "Mozilla/5.0 (iPhone; U; CPU iPhone OS 4_3 like Mac OS X; pl-pl) AppleWebKit/533.17.9 (KHTML, like Gecko) Version/5.0.2 Mobile/8F190 Safari/6533.18.5" "ysfine.com"
91.133.197.70 - - [20/Feb/2023:23:26:23 -0800] "GET /robots.txt HTTP/1.1" 404 88 "-" "Mozilla/5.0 (iPhone; U; CPU iPhone OS 4_3 like Mac OS X; pl-pl) AppleWebKit/533.17.9 (KHTML, like Gecko) Version/5.0.2 Mobile/8F190 Safari/6533.18.5" "ysfine.com"
64.124.8.29 - - [20/Feb/2023:23:26:36 -0800] "GET /ysbio/wigner/wig39f.jpg HTTP/1.1" 404 88 "-" "Mozilla/5.0 (Macintosh; Intel Mac OS X 10_15_7) AppleWebKit/537.36 (KHTML, like Gecko) Chrome/107.0.0.0 Safari/537.36" "www.ysfine.com"
216.244.66.229 - - [20/Feb/2023:23:26:37 -0800] "GET /folks/korcasia.html HTTP/1.1" 200 6079 "-" "Mozilla/5.0 (compatible; DotBot/1.2; +https://opensiteexplorer.org/dotbot; help@moz.com)" "ysfine.com"
216.244.66.229 - - [20/Feb/2023:23:26:50 -0800] "GET /home/home/canal55.jpg HTTP/1.1" 404 73 "-" "Mozilla/5.0 (compatible; DotBot/1.2; +https://opensiteexplorer.org/dotbot; help@moz.com)" "ysfine.com"
216.244.66.229 - - [20/Feb/2023:23:27:02 -0800] "GET /world/spain/pradom02.jpg HTTP/1.1" 200 235084 "-" "Mozilla/5.0 (compatible; DotBot/1.2; +https://opensiteexplorer.org/dotbot; help@moz.com)" "ysfine.com"
157.55.39.206 - - [20/Feb/2023:23:27:12 -0800] "GET /style/lincolnc44.jpg HTTP/1.1" 200 75653 "-" "Mozilla/5.0 AppleWebKit/537.36 (KHTML, like Gecko; compatible; bingbot/2.0; +http://www.bing.com/bingbot.htm) Chrome/103.0.5060.134 Safari/537.36" "ysfine.com"
14.140.105.166 - - [20/Feb/2023:23:27:16 -0800] "GET /maga/okun.html HTTP/1.1" 200 883 "-" "Mozilla/5.0 (Windows NT 10.0; Win64; x64) AppleWebKit/537.36 (KHTML, like Gecko) Chrome/110.0.0.0 Safari/537.36 Edg/110.0.1587.50" "ysfine.com"
14.140.105.166 - - [20/Feb/2023:23:27:16 -0800] "GET /maga/phys/okun01b.jpg HTTP/1.1" 200 27592 "https://ysfine.com/maga/okun.html" "Mozilla/5.0 (Windows NT 10.0; Win64; x64) AppleWebKit/537.36 (KHTML, like Gecko) Chrome/110.0.0.0 Safari/537.36 Edg/110.0.1587.50" "ysfine.com"
14.140.105.166 - - [20/Feb/2023:23:27:17 -0800] "GET /favicon.ico HTTP/1.1" 404 88 "https://ysfine.com/maga/okun.html" "Mozilla/5.0 (Windows NT 10.0; Win64; x64) AppleWebKit/537.36 (KHTML, like Gecko) Chrome/110.0.0.0 Safari/537.36 Edg/110.0.1587.50" "ysfine.com"
51.222.253.14 - - [20/Feb/2023:23:27:30 -0800] "GET /wigner/wigner39.html HTTP/1.1" 200 330 "-" "Mozilla/5.0 (compatible; AhrefsBot/7.0; +http://ahrefs.com/robot/)" "ysfine.com"
216.244.66.229 - - [20/Feb/2023:23:27:31 -0800] "GET /einstein/bohradius11.jpg HTTP/1.1" 200 68787 "-" "Mozilla/5.0 (compatible; DotBot/1.2; +https://opensiteexplorer.org/dotbot; help@moz.com)" "ysfine.com"
216.244.66.229 - - [20/Feb/2023:23:27:56 -0800] "GET /articles/entro.pdf HTTP/1.1" 401 76 "-" "Mozilla/5.0 (compatible; DotBot/1.2; +https://opensiteexplorer.org/dotbot; help@moz.com)" "ysfine.com"
216.244.66.229 - - [20/Feb/2023:23:28:37 -0800] "GET /world/ital/repub01.jpg HTTP/1.1" 200 106228 "-" "Mozilla/5.0 (compatible; DotBot/1.2; +https://opensiteexplorer.org/dotbot; help@moz.com)" "ysfine.com"
64.124.8.49 - - [20/Feb/2023:23:28:40 -0800] "GET /world/china/chongking32.jpg HTTP/1.1" 200 92575 "-" "Mozilla/5.0 (Macintosh; Intel Mac OS X 10_15_7) AppleWebKit/537.36 (KHTML, like Gecko) Chrome/107.0.0.0 Safari/537.36" "ysfine.com"
52.167.144.62 - - [20/Feb/2023:23:29:06 -0800] "GET /world/china/shenyang20.jpg HTTP/1.1" 200 101418 "-" "Mozilla/5.0 AppleWebKit/537.36 (KHTML, like Gecko; compatible; bingbot/2.0; +http://www.bing.com/bingbot.htm) Chrome/103.0.5060.134 Safari/537.36" "ysfine.com"
64.124.8.55 - - [20/Feb/2023:23:30:07 -0800] "GET /world/baltic/lithuf12.jpg HTTP/1.1" 200 128454 "-" "Mozilla/5.0 (Macintosh; Intel Mac OS X 10_15_7) AppleWebKit/537.36 (KHTML, like Gecko) Chrome/107.0.0.0 Safari/537.36" "ysfine.com"
62.148.124.31 - - [20/Feb/2023:23:30:19 -0800] "GET /feynman/feybongo.jpg HTTP/1.1" 200 47448 "https://www.google.com/" "Mozilla/5.0 (Windows NT 10.0; Win64; x64) AppleWebKit/537.36 (KHTML, like Gecko) Chrome/110.0.0.0 Safari/537.36" "ysfine.com"
64.124.8.52 - - [20/Feb/2023:23:30:41 -0800] "GET /world/brit/harrow10.jpg HTTP/1.1" 200 93906 "-" "Mozilla/5.0 (Macintosh; Intel Mac OS X 10_15_7) AppleWebKit/537.36 (KHTML, like Gecko) Chrome/107.0.0.0 Safari/537.36" "ysfine.com"
114.119.158.156 - - [20/Feb/2023:23:30:54 -0800] "GET /maga/phys/naimar/pewk.log HTTP/1.1" 200 1231 "https://www.ysfine.com/maga/phys/naimar/" "Mozilla/5.0 (Linux; Android 7.0;) AppleWebKit/537.36 (KHTML, like Gecko) Mobile Safari/537.36 (compatible; PetalBot;+https://webmaster.petalsearch.com/site/petalbot)" "www.ysfine.com"
216.244.66.229 - - [20/Feb/2023:23:30:55 -0800] "GET /class54/kimju11.jpg HTTP/1.1" 200 64447 "-" "Mozilla/5.0 (compatible; DotBot/1.2; +https://opensiteexplorer.org/dotbot; help@moz.com)" "ysfine.com"
64.124.8.54 - - [20/Feb/2023:23:31:00 -0800] "GET /kowar/mil/tank02.jpg HTTP/1.1" 404 88 "-" "Mozilla/5.0 (Macintosh; Intel Mac OS X 10_15_7) AppleWebKit/537.36 (KHTML, like Gecko) Chrome/107.0.0.0 Safari/537.36" "ysfine.com"
216.244.66.229 - - [20/Feb/2023:23:31:15 -0800] "GET /eink/eink61b.jpg HTTP/1.1" 200 28018 "-" "Mozilla/5.0 (compatible; DotBot/1.2; +https://opensiteexplorer.org/dotbot; help@moz.com)" "ysfine.com"
216.244.66.229 - - [20/Feb/2023:23:31:33 -0800] "GET /jobs/yst.pdf HTTP/1.1" 200 68370 "-" "Mozilla/5.0 (compatible; DotBot/1.2; +https://opensiteexplorer.org/dotbot; help@moz.com)" "ysfine.com"
171.249.150.214 - - [20/Feb/2023:23:32:02 -0800] "GET /kowar/panmun04.jpg HTTP/1.1" 200 126386 "https://www.google.com/" "Mozilla/5.0 (Windows NT 10.0; Win64; x64) AppleWebKit/537.36 (KHTML, like Gecko) Chrome/109.0.0.0 Safari/537.36" "ysfine.com"
51.222.253.10 - - [20/Feb/2023:23:32:05 -0800] "GET / HTTP/1.1" 200 5295 "-" "Mozilla/5.0 (compatible; AhrefsBot/7.0; +http://ahrefs.com/robot/)" "www.ysfine.com"
216.244.66.229 - - [20/Feb/2023:23:32:11 -0800] "GET /wigner/wigner39.pdf HTTP/1.1" 200 1398440 "-" "Mozilla/5.0 (compatible; DotBot/1.2; +https://opensiteexplorer.org/dotbot; help@moz.com)" "ysfine.com"
64.124.8.56 - - [20/Feb/2023:23:32:19 -0800] "GET /world/latina/sambario11.jpg HTTP/1.1" 200 84975 "-" "Mozilla/5.0 (Macintosh; Intel Mac OS X 10_15_7) AppleWebKit/537.36 (KHTML, like Gecko) Chrome/107.0.0.0 Safari/537.36" "ysfine.com"
207.46.13.220 - - [20/Feb/2023:23:32:30 -0800] "GET /einstein/heisen33c.jpg HTTP/1.1" 200 30151 "-" "Mozilla/5.0 AppleWebKit/537.36 (KHTML, like Gecko; compatible; bingbot/2.0; +http://www.bing.com/bingbot.htm) Chrome/103.0.5060.134 Safari/537.36" "www.ysfine.com"
216.244.66.229 - - [20/Feb/2023:23:33:01 -0800] "GET /world/baltic/kalin30.jpg HTTP/1.1" 200 94863 "-" "Mozilla/5.0 (compatible; DotBot/1.2; +https://opensiteexplorer.org/dotbot; help@moz.com)" "ysfine.com"
64.124.8.57 - - [20/Feb/2023:23:33:05 -0800] "GET /ysbio/maga/phys/huy31.jpg HTTP/1.1" 404 88 "-" "Mozilla/5.0 (Macintosh; Intel Mac OS X 10_15_7) AppleWebKit/537.36 (KHTML, like Gecko) Chrome/107.0.0.0 Safari/537.36" "ysfine.com"
216.244.66.229 - - [20/Feb/2023:23:33:32 -0800] "GET /world/ital/flor055.jpg HTTP/1.1" 200 129866 "-" "Mozilla/5.0 (compatible; DotBot/1.2; +https://opensiteexplorer.org/dotbot; help@moz.com)" "ysfine.com"
64.124.8.28 - - [20/Feb/2023:23:33:36 -0800] "GET /dongio/russparis02.jpg HTTP/1.1" 404 88 "-" "Mozilla/5.0 (Macintosh; Intel Mac OS X 10_15_7) AppleWebKit/537.36 (KHTML, like Gecko) Chrome/107.0.0.0 Safari/537.36" "www.ysfine.com"
114.119.163.186 - - [20/Feb/2023:23:33:37 -0800] "GET /class54/class5480/Pictures/4.%C3%AA%C2%B8%C2%B0%C3%AB%C2%85%C2%90%C3%AC%C2%B4%C2%AC%C3%AC%C2%98%C2%81/Thumbs.db HTTP/1.1" 200 45568 "https://www.ysfine.com/class54/class5480/Pictures/4.%c3%aa%c2%b8%c2%b0%c3%ab%c2%85%c2%90%c3%ac%c2%b4%c2%ac%c3%ac%c2%98%c2%81/?C=N%3BO%3DD" "Mozilla/5.0 (Linux; Android 7.0;) AppleWebKit/537.36 (KHTML, like Gecko) Mobile Safari/537.36 (compatible; PetalBot;+https://webmaster.petalsearch.com/site/petalbot)" "www.ysfine.com"
64.124.8.29 - - [20/Feb/2023:23:33:55 -0800] "GET /ysbio/eink/einbern55.jpg HTTP/1.1" 404 88 "-" "Mozilla/5.0 (Macintosh; Intel Mac OS X 10_15_7) AppleWebKit/537.36 (KHTML, like Gecko) Chrome/107.0.0.0 Safari/537.36" "ysfine.com"
216.244.66.229 - - [20/Feb/2023:23:34:14 -0800] "GET /world/ital/padova26.jpg HTTP/1.1" 200 123337 "-" "Mozilla/5.0 (compatible; DotBot/1.2; +https://opensiteexplorer.org/dotbot; help@moz.com)" "ysfine.com"
135.181.212.177 - - [20/Feb/2023:23:34:37 -0800] "GET /robots.txt HTTP/1.1" 404 73 "-" "Mozilla/5.0 (compatible; MJ12bot/v1.4.8; http://mj12bot.com/)" "ysfine.com"
135.181.212.177 - - [20/Feb/2023:23:34:39 -0800] "GET /home/family18.jpg HTTP/1.1" 200 246892 "-" "Mozilla/5.0 (compatible; MJ12bot/v1.4.8; http://mj12bot.com/)" "ysfine.com"
135.181.212.177 - - [20/Feb/2023:23:34:41 -0800] "GET /home/mac05.jpg HTTP/1.1" 200 141510 "-" "Mozilla/5.0 (compatible; MJ12bot/v1.4.8; http://mj12bot.com/)" "ysfine.com"
135.181.212.177 - - [20/Feb/2023:23:34:43 -0800] "GET /robots.txt HTTP/1.1" 404 73 "-" "Mozilla/5.0 (compatible; MJ12bot/v1.4.8; http://mj12bot.com/)" "www.ysfine.com"
64.124.8.55 - - [20/Feb/2023:23:34:44 -0800] "GET /world/brit/queensw02.jpg HTTP/1.1" 200 84177 "-" "Mozilla/5.0 (Macintosh; Intel Mac OS X 10_15_7) AppleWebKit/537.36 (KHTML, like Gecko) Chrome/107.0.0.0 Safari/537.36" "www.ysfine.com"
135.181.212.177 - - [20/Feb/2023:23:34:45 -0800] "GET /ysbio//bio03.html HTTP/1.1" 404 88 "-" "Mozilla/5.0 (compatible; MJ12bot/v1.4.8; http://mj12bot.com/)" "www.ysfine.com"
135.181.212.177 - - [20/Feb/2023:23:34:47 -0800] "GET /ysbio//bio06.html HTTP/1.1" 404 88 "-" "Mozilla/5.0 (compatible; MJ12bot/v1.4.8; http://mj12bot.com/)" "www.ysfine.com"
216.244.66.229 - - [20/Feb/2023:23:35:04 -0800] "GET /world/ital/rome065.jpg HTTP/1.1" 200 95018 "-" "Mozilla/5.0 (compatible; DotBot/1.2; +https://opensiteexplorer.org/dotbot; help@moz.com)" "ysfine.com"
64.124.8.54 - - [20/Feb/2023:23:35:13 -0800] "GET /world/ital/bologr12.jpg HTTP/1.1" 200 118516 "-" "Mozilla/5.0 (Macintosh; Intel Mac OS X 10_15_7) AppleWebKit/537.36 (KHTML, like Gecko) Chrome/107.0.0.0 Safari/537.36" "ysfine.com"
112.211.41.28 - - [20/Feb/2023:23:35:15 -0800] "GET /world/poland/coperni11.jpg HTTP/1.1" 200 135649 "https://ph.images.search.yahoo.com/search/images;_ylt=Awrx.xQHdPRjBqstYSazRwx.;_ylu=Y29sbwNzZzMEcG9zAzEEdnRpZAMEc2VjA3BpdnM-?p=copernicus&fr2=piv-web&type=E210PH91213G0&fr=mcafee" "Mozilla/5.0 (Windows NT 10.0; Win64; x64) AppleWebKit/537.36 (KHTML, like Gecko) Chrome/110.0.0.0 Safari/537.36" "ysfine.com"
114.119.132.72 - - [20/Feb/2023:23:35:20 -0800] "GET /wisdom/wk03.html HTTP/1.1" 200 85378 "https://zims-en.kiwix.campusafrica.gos.orange.com/wikipedia_en_all_nopic_2019-12/A/Kim_Chang-ryong" "Mozilla/5.0 (Linux; Android 7.0;) AppleWebKit/537.36 (KHTML, like Gecko) Mobile Safari/537.36 (compatible; PetalBot;+https://webmaster.petalsearch.com/site/petalbot)" "www.ysfine.com"
64.124.8.57 - - [20/Feb/2023:23:35:21 -0800] "GET /feynman/feygell.jpg HTTP/1.1" 404 88 "http://www.ysfine.com/feynman/feygell.jpg" "Mozilla/5.0 (Macintosh; Intel Mac OS X 10_15_7) AppleWebKit/537.36 (KHTML, like Gecko) Chrome/107.0.0.0 Safari/537.36" "www.ysfine.com"
64.124.8.57 - - [20/Feb/2023:23:35:28 -0800] "GET /world/russ/redsq55.jpg HTTP/1.1" 200 124489 "-" "Mozilla/5.0 (Macintosh; Intel Mac OS X 10_15_7) AppleWebKit/537.36 (KHTML, like Gecko) Chrome/107.0.0.0 Safari/537.36" "ysfine.com"
51.222.253.6 - - [20/Feb/2023:23:35:29 -0800] "GET /home/einwig.html HTTP/1.1" 200 1537 "-" "Mozilla/5.0 (compatible; AhrefsBot/7.0; +http://ahrefs.com/robot/)" "ysfine.com"
64.124.8.50 - - [20/Feb/2023:23:35:40 -0800] "GET /ysbio/wdc/usna05.jpg HTTP/1.1" 404 88 "-" "Mozilla/5.0 (Macintosh; Intel Mac OS X 10_15_7) AppleWebKit/537.36 (KHTML, like Gecko) Chrome/107.0.0.0 Safari/537.36" "ysfine.com"
91.133.167.47 - - [20/Feb/2023:23:36:10 -0800] "GET / HTTP/1.1" 200 5295 "-" "Mozilla/5.0 (iPhone; U; ru; CPU iPhone OS 4_2_1 like Mac OS X; ru) AppleWebKit/533.17.9 (KHTML, like Gecko) Version/5.0.2 Mobile/8C148a Safari/6533.18.5" "ysfine.com"
91.133.159.67 - - [20/Feb/2023:23:36:10 -0800] "GET / HTTP/1.1" 200 5295 "-" "Mozilla/5.0 (iPhone; U; CPU iPhone OS 4_3 like Mac OS X; fr-fr) AppleWebKit/533.17.9 (KHTML, like Gecko) Version/5.0.2 Mobile/8F190 Safari/6533.18.5" "ysfine.com"
5.210.143.229 - - [20/Feb/2023:23:36:10 -0800] "GET /robots.txt HTTP/1.1" 404 88 "-" "Mozilla/5.0 (iPhone; U; CPU iPhone OS 4_3 like Mac OS X; en-gb) AppleWebKit/533.17.9 (KHTML, like Gecko) Version/5.0.2 Mobile/8F190 Safari/6533.18.5" "ysfine.com"
91.133.180.182 - - [20/Feb/2023:23:36:11 -0800] "GET /robots.txt HTTP/1.1" 404 88 "-" "Mozilla/5.0 (iPhone; U; CPU iPhone OS 4_1 like Mac OS X; en-us) AppleWebKit/532.9 (KHTML, like Gecko) Version/4.0.5 Mobile/8B117 Safari/6531.22.7" "ysfine.com"
114.119.146.7 - - [20/Feb/2023:23:36:15 -0800] "GET /style/songs.html HTTP/1.1" 200 31567 "https://ysfine.com/home/photobio.html" "Mozilla/5.0 (Linux; Android 7.0;) AppleWebKit/537.36 (KHTML, like Gecko) Mobile Safari/537.36 (compatible; PetalBot;+https://webmaster.petalsearch.com/site/petalbot)" "ysfine.com"
207.46.13.220 - - [20/Feb/2023:23:36:31 -0800] "GET /wigner/gim/gimn22.jpg HTTP/1.1" 200 109345 "-" "Mozilla/5.0 AppleWebKit/537.36 (KHTML, like Gecko; compatible; bingbot/2.0; +http://www.bing.com/bingbot.htm) Chrome/103.0.5060.134 Safari/537.36" "ysfine.com"
207.46.13.220 - - [20/Feb/2023:23:36:31 -0800] "GET /world/russ/tolstoy11b.jpg HTTP/1.1" 200 33457 "-" "Mozilla/5.0 AppleWebKit/537.36 (KHTML, like Gecko; compatible; bingbot/2.0; +http://www.bing.com/bingbot.htm) Chrome/103.0.5060.134 Safari/537.36" "www.ysfine.com"
216.244.66.229 - - [20/Feb/2023:23:36:36 -0800] "GET /maga/invent/deforest11b.jpg HTTP/1.1" 200 44203 "-" "Mozilla/5.0 (compatible; DotBot/1.2; +https://opensiteexplorer.org/dotbot; help@moz.com)" "ysfine.com"
174.54.120.23 - - [20/Feb/2023:23:36:36 -0800] "GET /world/scandi/sto001.jpg HTTP/1.1" 200 111684 "https://search.aol.com/aol/image;_ylt=AwrFAYs_dPRjKXMGxxhjCWVH;_ylu=c2VjA3NlYXJjaARzbGsDYXNzaXN0;_ylc=X1MDMTE5NzgwMzg3NQRfcgMyBGZyA2NvbXNlYXJjaARmcjIDc2EtZ3Atc2VhcmNoBGdwcmlkA01MTVFNZm5uUXdlb2xGWDdKNDNkYkEEbl9yc2x0AzAEbl9zdWdnAzQEb3JpZ2luA3NlYXJjaC5hb2wuY29tBHBvcwMxBHBxc3RyA2ZpbmxhbmQgcm95YWwgBHBxc3RybAMxNARxc3RybAMyMARxdWVyeQNmaW5sYW5kJTIwcm95YWwlMjBmYW1pbHkEdF9zdG1wAzE2NzY5NjUwMDkEdXNlX2Nhc2UD?q=finland+royal+family&v_t=comsearch&s_it=sb_top&ei=UTF-8&x=wrt&s_qt=&fr2=sa-gp-search" "Mozilla/5.0 (Windows NT 10.0; Win64; x64) AppleWebKit/537.36 (KHTML, like Gecko) Chrome/110.0.0.0 Safari/537.36 Edg/110.0.1587.50" "ysfine.com"
216.244.66.229 - - [20/Feb/2023:23:37:05 -0800] "GET /world/ital/vatican51.jpg HTTP/1.1" 200 130241 "-" "Mozilla/5.0 (compatible; DotBot/1.2; +https://opensiteexplorer.org/dotbot; help@moz.com)" "ysfine.com"
64.124.8.52 - - [20/Feb/2023:23:37:22 -0800] "GET /ysbio/kobak/rhee10.jpg HTTP/1.1" 404 88 "-" "Mozilla/5.0 (Macintosh; Intel Mac OS X 10_15_7) AppleWebKit/537.36 (KHTML, like Gecko) Chrome/107.0.0.0 Safari/537.36" "ysfine.com"
163.116.170.118 - - [20/Feb/2023:23:37:33 -0800] "GET /home/dwf.html HTTP/1.1" 200 4126 "https://www.google.com/" "Mozilla/5.0 (Windows NT 6.3; Win64; x64) AppleWebKit/537.36 (KHTML, like Gecko) Chrome/109.0.0.0 Safari/537.36" "ysfine.com"
163.116.170.118 - - [20/Feb/2023:23:37:33 -0800] "GET /einstein/bohr250.jpg HTTP/1.1" 200 23884 "https://ysfine.com/home/dwf.html" "Mozilla/5.0 (Windows NT 6.3; Win64; x64) AppleWebKit/537.36 (KHTML, like Gecko) Chrome/109.0.0.0 Safari/537.36" "ysfine.com"
163.116.170.118 - - [20/Feb/2023:23:37:34 -0800] "GET /einstein/einstein33.jpg HTTP/1.1" 200 35678 "https://ysfine.com/home/dwf.html" "Mozilla/5.0 (Windows NT 6.3; Win64; x64) AppleWebKit/537.36 (KHTML, like Gecko) Chrome/109.0.0.0 Safari/537.36" "ysfine.com"
163.116.170.118 - - [20/Feb/2023:23:37:34 -0800] "GET /home/pdugard22a.jpg HTTP/1.1" 200 65707 "https://ysfine.com/home/dwf.html" "Mozilla/5.0 (Windows NT 6.3; Win64; x64) AppleWebKit/537.36 (KHTML, like Gecko) Chrome/109.0.0.0 Safari/537.36" "ysfine.com"
163.116.170.118 - - [20/Feb/2023:23:37:34 -0800] "GET /dirac/dirac33.jpg HTTP/1.1" 200 32549 "https://ysfine.com/home/dwf.html" "Mozilla/5.0 (Windows NT 6.3; Win64; x64) AppleWebKit/537.36 (KHTML, like Gecko) Chrome/109.0.0.0 Safari/537.36" "ysfine.com"
163.116.170.118 - - [20/Feb/2023:23:37:34 -0800] "GET /feynman/feynman33.jpg HTTP/1.1" 200 38568 "https://ysfine.com/home/dwf.html" "Mozilla/5.0 (Windows NT 6.3; Win64; x64) AppleWebKit/537.36 (KHTML, like Gecko) Chrome/109.0.0.0 Safari/537.36" "ysfine.com"
163.116.170.118 - - [20/Feb/2023:23:37:34 -0800] "GET /wigner/wigner33.jpg HTTP/1.1" 200 39467 "https://ysfine.com/home/dwf.html" "Mozilla/5.0 (Windows NT 6.3; Win64; x64) AppleWebKit/537.36 (KHTML, like Gecko) Chrome/109.0.0.0 Safari/537.36" "ysfine.com"
163.116.170.118 - - [20/Feb/2023:23:37:34 -0800] "GET /home/comet30a.jpg HTTP/1.1" 200 60318 "https://ysfine.com/home/dwf.html" "Mozilla/5.0 (Windows NT 6.3; Win64; x64) AppleWebKit/537.36 (KHTML, like Gecko) Chrome/109.0.0.0 Safari/537.36" "ysfine.com"
163.116.170.118 - - [20/Feb/2023:23:37:34 -0800] "GET /home/o32inho22d.jpg HTTP/1.1" 200 46316 "https://ysfine.com/home/dwf.html" "Mozilla/5.0 (Windows NT 6.3; Win64; x64) AppleWebKit/537.36 (KHTML, like Gecko) Chrome/109.0.0.0 Safari/537.36" "ysfine.com"
216.244.66.229 - - [20/Feb/2023:23:37:55 -0800] "GET /world/ital/venice19.jpg HTTP/1.1" 200 204955 "-" "Mozilla/5.0 (compatible; DotBot/1.2; +https://opensiteexplorer.org/dotbot; help@moz.com)" "ysfine.com"
103.10.31.68 - - [20/Feb/2023:23:38:11 -0800] "GET /kowar/panmun04.jpg HTTP/1.1" 200 126386 "https://www.google.com/" "Mozilla/5.0 (Macintosh; Intel Mac OS X 10_15_7) AppleWebKit/537.36 (KHTML, like Gecko) Chrome/109.0.0.0 Safari/537.36" "ysfine.com"
51.222.253.11 - - [20/Feb/2023:23:38:22 -0800] "GET /class54/class5470/total_data/sub_770.htm HTTP/1.1" 200 3295 "-" "Mozilla/5.0 (compatible; AhrefsBot/7.0; +http://ahrefs.com/robot/)" "ysfine.com"
157.55.39.206 - - [20/Feb/2023:23:38:54 -0800] "GET /world/poland/polstu16.jpg HTTP/1.1" 200 89524 "-" "Mozilla/5.0 AppleWebKit/537.36 (KHTML, like Gecko; compatible; bingbot/2.0; +http://www.bing.com/bingbot.htm) Chrome/103.0.5060.134 Safari/537.36" "www.ysfine.com"
216.244.66.229 - - [20/Feb/2023:23:39:15 -0800] "GET /newyork/ HTTP/1.1" 200 181 "-" "Mozilla/5.0 (compatible; DotBot/1.2; +https://opensiteexplorer.org/dotbot; help@moz.com)" "ysfine.com"
64.124.8.52 - - [20/Feb/2023:23:39:23 -0800] "GET /princeton/class2007.jpg HTTP/1.1" 200 83905 "-" "Mozilla/5.0 (Macintosh; Intel Mac OS X 10_15_7) AppleWebKit/537.36 (KHTML, like Gecko) Chrome/107.0.0.0 Safari/537.36" "ysfine.com"
176.41.24.81 - - [20/Feb/2023:23:39:28 -0800] "GET /heisen/bohrheisen11.jpg HTTP/1.1" 200 104546 "https://www.google.com.tr/" "Mozilla/5.0 (Macintosh; Intel Mac OS X 10_15_7) AppleWebKit/605.1.15 (KHTML, like Gecko) Version/16.2 Safari/605.1.15" "ysfine.com"
176.41.24.81 - - [20/Feb/2023:23:39:34 -0800] "GET /heisen/schroheisen33.jpg HTTP/1.1" 200 86213 "https://www.google.com.tr/" "Mozilla/5.0 (Macintosh; Intel Mac OS X 10_15_7) AppleWebKit/605.1.15 (KHTML, like Gecko) Version/16.2 Safari/605.1.15" "ysfine.com"
216.244.66.229 - - [20/Feb/2023:23:39:43 -0800] "GET /people/towhee.jpg HTTP/1.1" 200 64342 "-" "Mozilla/5.0 (compatible; DotBot/1.2; +https://opensiteexplorer.org/dotbot; help@moz.com)" "ysfine.com"
207.46.13.207 - - [20/Feb/2023:23:39:44 -0800] "GET /einstein/places/einmu10b.jpg HTTP/1.1" 200 63699 "-" "Mozilla/5.0 AppleWebKit/537.36 (KHTML, like Gecko; compatible; bingbot/2.0; +http://www.bing.com/bingbot.htm) Chrome/103.0.5060.134 Safari/537.36" "ysfine.com"
207.46.13.220 - - [20/Feb/2023:23:39:52 -0800] "GET /bio/kobak/soraech.html HTTP/1.1" 404 88 "-" "Mozilla/5.0 AppleWebKit/537.36 (KHTML, like Gecko; compatible; bingbot/2.0; +http://www.bing.com/bingbot.htm) Chrome/103.0.5060.134 Safari/537.36" "ysfine.com"
207.46.13.220 - - [20/Feb/2023:23:40:51 -0800] "GET /kobak/repose55.jpg HTTP/1.1" 200 103660 "-" "Mozilla/5.0 AppleWebKit/537.36 (KHTML, like Gecko; compatible; bingbot/2.0; +http://www.bing.com/bingbot.htm) Chrome/103.0.5060.134 Safari/537.36" "ysfine.com"
64.124.8.57 - - [20/Feb/2023:23:41:03 -0800] "GET /ysbio/world/latina/rio001.jpg HTTP/1.1" 404 88 "-" "Mozilla/5.0 (Macintosh; Intel Mac OS X 10_15_7) AppleWebKit/537.36 (KHTML, like Gecko) Chrome/107.0.0.0 Safari/537.36" "ysfine.com"
