64.124.8.55 - - [21/Feb/2023:10:54:58 -0800] "GET /einstein/places/einmu52.jpg HTTP/1.1" 200 80374 "-" "Mozilla/5.0 (Macintosh; Intel Mac OS X 10_15_7) AppleWebKit/537.36 (KHTML, like Gecko) Chrome/107.0.0.0 Safari/537.36" "www.ysfine.com"
213.180.203.207 - - [21/Feb/2023:10:55:08 -0800] "GET /maga/phil/three.html HTTP/1.1" 404 88 "-" "Mozilla/5.0 (compatible; YandexBot/3.0; +http://yandex.com/bots)" "www.ysfine.com"
64.124.8.57 - - [21/Feb/2023:10:55:24 -0800] "GET /newyork/hilton15.jpg HTTP/1.1" 200 106693 "-" "Mozilla/5.0 (Macintosh; Intel Mac OS X 10_15_7) AppleWebKit/537.36 (KHTML, like Gecko) Chrome/107.0.0.0 Safari/537.36" "ysfine.com"
52.167.144.35 - - [21/Feb/2023:10:55:35 -0800] "GET /world/poland/polstu06.jpg HTTP/1.1" 200 57353 "-" "Mozilla/5.0 AppleWebKit/537.36 (KHTML, like Gecko; compatible; bingbot/2.0; +http://www.bing.com/bingbot.htm) Chrome/103.0.5060.134 Safari/537.36" "www.ysfine.com"
64.124.8.53 - - [21/Feb/2023:10:55:36 -0800] "GET /ysbio/maga/phys/huy24.jpg HTTP/1.1" 404 88 "-" "Mozilla/5.0 (Macintosh; Intel Mac OS X 10_15_7) AppleWebKit/537.36 (KHTML, like Gecko) Chrome/107.0.0.0 Safari/537.36" "ysfine.com"
40.77.167.211 - - [21/Feb/2023:10:55:46 -0800] "GET /style/conway2.jpg HTTP/1.1" 200 43069 "-" "Mozilla/5.0 AppleWebKit/537.36 (KHTML, like Gecko; compatible; bingbot/2.0; +http://www.bing.com/bingbot.htm) Chrome/103.0.5060.134 Safari/537.36" "ysfine.com"
44.227.118.60 - - [21/Feb/2023:10:56:11 -0800] "GET /style/lincolnc.jpg HTTP/1.1" 200 85474 "-" "Mozilla/5.0 (X11; Ubuntu; Linux x86_64; rv:72.0) Gecko/20100101 Firefox/72.0" "ysfine.com"
114.119.138.214 - - [21/Feb/2023:10:56:16 -0800] "GET /robots.txt HTTP/1.1" 404 88 "-" "Mozilla/5.0 (compatible;PetalBot;+https://webmaster.petalsearch.com/site/petalbot)" "www.ysfine.com"
64.124.8.52 - - [21/Feb/2023:10:56:24 -0800] "GET /wigner/wigbieden.jpg HTTP/1.1" 200 97738 "-" "Mozilla/5.0 (Macintosh; Intel Mac OS X 10_15_7) AppleWebKit/537.36 (KHTML, like Gecko) Chrome/107.0.0.0 Safari/537.36" "ysfine.com"
40.77.167.211 - - [21/Feb/2023:10:56:57 -0800] "GET /style/cameras/lumixfan11.jpg HTTP/1.1" 200 81585 "-" "Mozilla/5.0 AppleWebKit/537.36 (KHTML, like Gecko; compatible; bingbot/2.0; +http://www.bing.com/bingbot.htm) Chrome/103.0.5060.134 Safari/537.36" "www.ysfine.com"
40.77.167.211 - - [21/Feb/2023:10:56:58 -0800] "GET /usca/pitt/kiltie.jpg HTTP/1.1" 200 83355 "-" "Mozilla/5.0 AppleWebKit/537.36 (KHTML, like Gecko; compatible; bingbot/2.0; +http://www.bing.com/bingbot.htm) Chrome/103.0.5060.134 Safari/537.36" "www.ysfine.com"
40.77.167.211 - - [21/Feb/2023:10:56:58 -0800] "GET /world/brit/picca43.jpg HTTP/1.1" 200 112941 "-" "Mozilla/5.0 AppleWebKit/537.36 (KHTML, like Gecko; compatible; bingbot/2.0; +http://www.bing.com/bingbot.htm) Chrome/103.0.5060.134 Safari/537.36" "www.ysfine.com"
40.77.167.211 - - [21/Feb/2023:10:56:59 -0800] "GET /home/tollwig11c.jpg HTTP/1.1" 200 28199 "-" "Mozilla/5.0 AppleWebKit/537.36 (KHTML, like Gecko; compatible; bingbot/2.0; +http://www.bing.com/bingbot.htm) Chrome/103.0.5060.134 Safari/537.36" "www.ysfine.com"
157.55.39.214 - - [21/Feb/2023:10:57:16 -0800] "GET /maga/phil/sisfa12/roma12-58.jpg HTTP/1.1" 200 81720 "-" "Mozilla/5.0 AppleWebKit/537.36 (KHTML, like Gecko; compatible; bingbot/2.0; +http://www.bing.com/bingbot.htm) Chrome/103.0.5060.134 Safari/537.36" "ysfine.com"
64.124.8.28 - - [21/Feb/2023:10:57:22 -0800] "GET /world/germany/leipzig15.jpg HTTP/1.1" 200 264768 "-" "Mozilla/5.0 (Macintosh; Intel Mac OS X 10_15_7) AppleWebKit/537.36 (KHTML, like Gecko) Chrome/107.0.0.0 Safari/537.36" "www.ysfine.com"
207.46.13.218 - - [21/Feb/2023:10:57:26 -0800] "GET /wdc/usna18.jpg HTTP/1.1" 200 96787 "-" "Mozilla/5.0 AppleWebKit/537.36 (KHTML, like Gecko; compatible; bingbot/2.0; +http://www.bing.com/bingbot.htm) Chrome/103.0.5060.134 Safari/537.36" "www.ysfine.com"
216.244.66.229 - - [21/Feb/2023:10:57:46 -0800] "GET /ffriends/sheraparis01.jpg HTTP/1.1" 200 65387 "-" "Mozilla/5.0 (compatible; DotBot/1.2; +https://opensiteexplorer.org/dotbot; help@moz.com)" "ysfine.com"
66.249.70.208 - - [21/Feb/2023:10:58:06 -0800] "GET /world/china/nanjing25b.jpg HTTP/1.1" 200 62305 "-" "Googlebot-Image/1.0" "ysfine.com"
216.244.66.229 - - [21/Feb/2023:10:58:19 -0800] "GET /ffriends/mosparis.jpg HTTP/1.1" 200 56414 "-" "Mozilla/5.0 (compatible; DotBot/1.2; +https://opensiteexplorer.org/dotbot; help@moz.com)" "ysfine.com"
216.244.66.229 - - [21/Feb/2023:10:58:50 -0800] "GET /ffriends/amkor/jpstoc22.jpg HTTP/1.1" 200 72497 "-" "Mozilla/5.0 (compatible; DotBot/1.2; +https://opensiteexplorer.org/dotbot; help@moz.com)" "ysfine.com"
64.124.8.57 - - [21/Feb/2023:10:59:32 -0800] "GET /ysbio/class54/busan22.jpg HTTP/1.1" 404 88 "-" "Mozilla/5.0 (Macintosh; Intel Mac OS X 10_15_7) AppleWebKit/537.36 (KHTML, like Gecko) Chrome/107.0.0.0 Safari/537.36" "ysfine.com"
51.222.253.4 - - [21/Feb/2023:11:00:02 -0800] "GET /wigner/wigstu.html HTTP/1.1" 404 88 "-" "Mozilla/5.0 (compatible; AhrefsBot/7.0; +http://ahrefs.com/robot/)" "ysfine.com"
157.55.39.214 - - [21/Feb/2023:11:00:28 -0800] "GET /world/hungary/buda125.jpg HTTP/1.1" 200 170963 "-" "Mozilla/5.0 AppleWebKit/537.36 (KHTML, like Gecko; compatible; bingbot/2.0; +http://www.bing.com/bingbot.htm) Chrome/103.0.5060.134 Safari/537.36" "www.ysfine.com"
213.230.80.90 - - [21/Feb/2023:11:00:52 -0800] "GET /wisdom/yks11b.jpg HTTP/1.1" 200 41064 "https://www.google.com/" "Mozilla/5.0 (Windows NT 10.0; Win64; x64) AppleWebKit/537.36 (KHTML, like Gecko) Chrome/108.0.0.0 YaBrowser/23.1.1.1138 Yowser/2.5 Safari/537.36" "ysfine.com"
64.124.8.54 - - [21/Feb/2023:11:01:07 -0800] "GET /world/hungary/buda042.jpg HTTP/1.1" 200 92186 "-" "Mozilla/5.0 (Macintosh; Intel Mac OS X 10_15_7) AppleWebKit/537.36 (KHTML, like Gecko) Chrome/107.0.0.0 Safari/537.36" "www.ysfine.com"
64.124.8.50 - - [21/Feb/2023:11:01:11 -0800] "GET /ysbio/world/brit/paddington01.jpg HTTP/1.1" 404 88 "-" "Mozilla/5.0 (Macintosh; Intel Mac OS X 10_15_7) AppleWebKit/537.36 (KHTML, like Gecko) Chrome/107.0.0.0 Safari/537.36" "ysfine.com"
40.77.167.211 - - [21/Feb/2023:11:02:17 -0800] "GET /wdc/usna01.jpg HTTP/1.1" 200 130518 "-" "Mozilla/5.0 AppleWebKit/537.36 (KHTML, like Gecko; compatible; bingbot/2.0; +http://www.bing.com/bingbot.htm) Chrome/103.0.5060.134 Safari/537.36" "www.ysfine.com"
51.104.146.235 - - [21/Feb/2023:11:02:52 -0800] "GET /maga/phys/naimar/poincs33b.jpg HTTP/1.1" 200 65195 "http://ysfine.com/maga/phys/naimar/poincs33b.jpg" "DuckDuckBot/1.1; (+http://duckduckgo.com/duckduckbot.html)" "ysfine.com"
51.104.146.235 - - [21/Feb/2023:11:03:02 -0800] "GET /maga/phys/naimar/poincs33b.jpg HTTP/1.1" 200 65195 "http://ysfine.com/maga/phys/naimar/poincs33b.jpg" "DuckDuckBot/1.1; (+http://duckduckgo.com/duckduckbot.html)" "ysfine.com"
84.208.99.209 - - [21/Feb/2023:11:03:04 -0800] "GET /maga/naimark.html HTTP/1.1" 200 4603 "https://duckduckgo.com/" "Mozilla/5.0 (Windows NT 10.0; Win64; x64; rv:109.0) Gecko/20100101 Firefox/110.0" "ysfine.com"
84.208.99.209 - - [21/Feb/2023:11:03:05 -0800] "GET /princeton/wightman01b.jpg HTTP/1.1" 200 39820 "https://ysfine.com/maga/naimark.html" "Mozilla/5.0 (Windows NT 10.0; Win64; x64; rv:109.0) Gecko/20100101 Firefox/110.0" "ysfine.com"
84.208.99.209 - - [21/Feb/2023:11:03:05 -0800] "GET /maga/phys/naimar/pewk03b.jpg HTTP/1.1" 200 29359 "https://ysfine.com/maga/naimark.html" "Mozilla/5.0 (Windows NT 10.0; Win64; x64; rv:109.0) Gecko/20100101 Firefox/110.0" "ysfine.com"
84.208.99.209 - - [21/Feb/2023:11:03:05 -0800] "GET /maga/phys/naimar/pewk02b.jpg HTTP/1.1" 200 32109 "https://ysfine.com/maga/naimark.html" "Mozilla/5.0 (Windows NT 10.0; Win64; x64; rv:109.0) Gecko/20100101 Firefox/110.0" "ysfine.com"
84.208.99.209 - - [21/Feb/2023:11:03:05 -0800] "GET /maga/phys/naimar/pewk10b.jpg HTTP/1.1" 200 44175 "https://ysfine.com/maga/naimark.html" "Mozilla/5.0 (Windows NT 10.0; Win64; x64; rv:109.0) Gecko/20100101 Firefox/110.0" "ysfine.com"
84.208.99.209 - - [21/Feb/2023:11:03:05 -0800] "GET /maga/phys/naimar/pewk09b.jpg HTTP/1.1" 200 35133 "https://ysfine.com/maga/naimark.html" "Mozilla/5.0 (Windows NT 10.0; Win64; x64; rv:109.0) Gecko/20100101 Firefox/110.0" "ysfine.com"
84.208.99.209 - - [21/Feb/2023:11:03:05 -0800] "GET /maga/phys/naimar/pewk14b.jpg HTTP/1.1" 200 35927 "https://ysfine.com/maga/naimark.html" "Mozilla/5.0 (Windows NT 10.0; Win64; x64; rv:109.0) Gecko/20100101 Firefox/110.0" "ysfine.com"
84.208.99.209 - - [21/Feb/2023:11:03:05 -0800] "GET /wigner/wig270.jpg HTTP/1.1" 200 43273 "https://ysfine.com/maga/naimark.html" "Mozilla/5.0 (Windows NT 10.0; Win64; x64; rv:109.0) Gecko/20100101 Firefox/110.0" "ysfine.com"
84.208.99.209 - - [21/Feb/2023:11:03:05 -0800] "GET /feynman/feynman270.jpg HTTP/1.1" 200 37830 "https://ysfine.com/maga/naimark.html" "Mozilla/5.0 (Windows NT 10.0; Win64; x64; rv:109.0) Gecko/20100101 Firefox/110.0" "ysfine.com"
84.208.99.209 - - [21/Feb/2023:11:03:05 -0800] "GET /maga/phys/naimar/poincs33b.jpg HTTP/1.1" 200 65195 "https://ysfine.com/maga/naimark.html" "Mozilla/5.0 (Windows NT 10.0; Win64; x64; rv:109.0) Gecko/20100101 Firefox/110.0" "ysfine.com"
64.124.8.52 - - [21/Feb/2023:11:03:10 -0800] "GET /ysbio/class54/stcars/stcar21.jpg HTTP/1.1" 404 88 "-" "Mozilla/5.0 (Macintosh; Intel Mac OS X 10_15_7) AppleWebKit/537.36 (KHTML, like Gecko) Chrome/107.0.0.0 Safari/537.36" "www.ysfine.com"
98.103.127.178 - - [21/Feb/2023:11:04:11 -0800] "GET /princeton/alexan22.jpg HTTP/1.1" 200 175436 "https://www.google.com/" "Mozilla/5.0 (Macintosh; Intel Mac OS X 10_15_7) AppleWebKit/537.36 (KHTML, like Gecko) Chrome/110.0.0.0 Safari/537.36" "ysfine.com"
202.14.123.126 - - [21/Feb/2023:11:04:13 -0800] "GET /feynman/feydirac.jpg HTTP/1.1" 200 98378 "https://www.google.com/" "Mozilla/5.0 (Linux; Android 13; MT2111 Build/TP1A.220624.014; wv) AppleWebKit/537.36 (KHTML, like Gecko) Version/4.0 Chrome/110.0.5481.65 Mobile Safari/537.36 GoogleApp/14.5.9.26.arm64" "ysfine.com"
51.104.146.235 - - [21/Feb/2023:11:05:04 -0800] "GET /maga/phys/naimar/pewk11.jpg HTTP/1.1" 200 63326 "-" "DuckDuckBot/1.1; (+http://duckduckgo.com/duckduckbot.html)" "www.ysfine.com"
64.124.8.55 - - [21/Feb/2023:11:05:28 -0800] "GET /world/france/matisse55.jpg HTTP/1.1" 200 130774 "-" "Mozilla/5.0 (Macintosh; Intel Mac OS X 10_15_7) AppleWebKit/537.36 (KHTML, like Gecko) Chrome/107.0.0.0 Safari/537.36" "www.ysfine.com"
52.167.144.62 - - [21/Feb/2023:11:06:02 -0800] "GET /ysbio/sbk/2013nanjing01.jpg HTTP/1.1" 404 88 "-" "Mozilla/5.0 AppleWebKit/537.36 (KHTML, like Gecko; compatible; bingbot/2.0; +http://www.bing.com/bingbot.htm) Chrome/103.0.5060.134 Safari/537.36" "ysfine.com"
64.124.8.49 - - [21/Feb/2023:11:06:22 -0800] "GET /wigner/ys88.jpg HTTP/1.1" 200 42656 "-" "Mozilla/5.0 (Macintosh; Intel Mac OS X 10_15_7) AppleWebKit/537.36 (KHTML, like Gecko) Chrome/107.0.0.0 Safari/537.36" "www.ysfine.com"
207.46.13.207 - - [21/Feb/2023:11:06:37 -0800] "GET /kobak/yskor.html HTTP/1.1" 200 9943 "-" "Mozilla/5.0 AppleWebKit/537.36 (KHTML, like Gecko; compatible; bingbot/2.0; +http://www.bing.com/bingbot.htm) Chrome/103.0.5060.134 Safari/537.36" "www.ysfine.com"
207.46.13.207 - - [21/Feb/2023:11:06:37 -0800] "GET /world/brit/etonharrow.html HTTP/1.1" 200 4544 "-" "Mozilla/5.0 AppleWebKit/537.36 (KHTML, like Gecko; compatible; bingbot/2.0; +http://www.bing.com/bingbot.htm) Chrome/103.0.5060.134 Safari/537.36" "www.ysfine.com"
51.222.253.6 - - [21/Feb/2023:11:06:38 -0800] "GET /ffriends/italian.html HTTP/1.1" 200 8442 "-" "Mozilla/5.0 (compatible; AhrefsBot/7.0; +http://ahrefs.com/robot/)" "ysfine.com"
51.222.253.7 - - [21/Feb/2023:11:06:40 -0800] "GET /ffriends/italspb01b.jpg HTTP/1.1" 200 47440 "-" "Mozilla/5.0 (compatible; AhrefsBot/7.0; +http://ahrefs.com/robot/)" "ysfine.com"
51.222.253.6 - - [21/Feb/2023:11:06:40 -0800] "GET /ffriends/gatti02b.jpg HTTP/1.1" 200 42291 "-" "Mozilla/5.0 (compatible; AhrefsBot/7.0; +http://ahrefs.com/robot/)" "ysfine.com"
51.222.253.8 - - [21/Feb/2023:11:06:41 -0800] "GET /world/ital/napol02b.jpg HTTP/1.1" 200 44399 "-" "Mozilla/5.0 (compatible; AhrefsBot/7.0; +http://ahrefs.com/robot/)" "ysfine.com"
51.222.253.6 - - [21/Feb/2023:11:06:41 -0800] "GET /ffriends/italny11b.jpg HTTP/1.1" 200 35077 "-" "Mozilla/5.0 (compatible; AhrefsBot/7.0; +http://ahrefs.com/robot/)" "ysfine.com"
51.222.253.9 - - [21/Feb/2023:11:06:42 -0800] "GET /ffriends/italistan11b.jpg HTTP/1.1" 200 35066 "-" "Mozilla/5.0 (compatible; AhrefsBot/7.0; +http://ahrefs.com/robot/)" "ysfine.com"
51.222.253.10 - - [21/Feb/2023:11:06:42 -0800] "GET /world/ital/verona21b.jpg HTTP/1.1" 200 38564 "-" "Mozilla/5.0 (compatible; AhrefsBot/7.0; +http://ahrefs.com/robot/)" "ysfine.com"
35.193.155.129 - - [21/Feb/2023:11:06:42 -0800] "GET / HTTP/1.1" 200 5295 "-" "Mozilla/5.0 (X11; Linux x86_64) AppleWebKit/537.36 (KHTML, like Gecko) Chrome/112.0.0.0 Safari/537.36" "ysfine.com"
51.222.253.14 - - [21/Feb/2023:11:06:42 -0800] "GET /world/ital/rome132b.jpg HTTP/1.1" 200 28808 "-" "Mozilla/5.0 (compatible; AhrefsBot/7.0; +http://ahrefs.com/robot/)" "ysfine.com"
51.222.253.2 - - [21/Feb/2023:11:06:43 -0800] "GET /world/ital/milanf05b.jpg HTTP/1.1" 200 41168 "-" "Mozilla/5.0 (compatible; AhrefsBot/7.0; +http://ahrefs.com/robot/)" "ysfine.com"
51.222.253.3 - - [21/Feb/2023:11:06:43 -0800] "GET /world/ital/florf06b.jpg HTTP/1.1" 200 44728 "-" "Mozilla/5.0 (compatible; AhrefsBot/7.0; +http://ahrefs.com/robot/)" "ysfine.com"
35.193.155.129 - - [21/Feb/2023:11:06:43 -0800] "GET /home/top21d.jpg HTTP/1.1" 200 74409 "https://ysfine.com/" "Mozilla/5.0 (X11; Linux x86_64) AppleWebKit/537.36 (KHTML, like Gecko) Chrome/112.0.0.0 Safari/537.36" "ysfine.com"
35.193.155.129 - - [21/Feb/2023:11:06:43 -0800] "GET /home/eink450.jpg HTTP/1.1" 200 66794 "https://ysfine.com/" "Mozilla/5.0 (X11; Linux x86_64) AppleWebKit/537.36 (KHTML, like Gecko) Chrome/112.0.0.0 Safari/537.36" "ysfine.com"
35.193.155.129 - - [21/Feb/2023:11:06:44 -0800] "GET /home/facu450.jpg HTTP/1.1" 200 74535 "https://ysfine.com/" "Mozilla/5.0 (X11; Linux x86_64) AppleWebKit/537.36 (KHTML, like Gecko) Chrome/112.0.0.0 Safari/537.36" "ysfine.com"
51.222.253.17 - - [21/Feb/2023:11:06:44 -0800] "GET /world/ital/padova26b.jpg HTTP/1.1" 200 37507 "-" "Mozilla/5.0 (compatible; AhrefsBot/7.0; +http://ahrefs.com/robot/)" "ysfine.com"
35.193.155.129 - - [21/Feb/2023:11:06:44 -0800] "GET /home/goodbad450.jpg HTTP/1.1" 200 32258 "https://ysfine.com/" "Mozilla/5.0 (X11; Linux x86_64) AppleWebKit/537.36 (KHTML, like Gecko) Chrome/112.0.0.0 Safari/537.36" "ysfine.com"
35.193.155.129 - - [21/Feb/2023:11:06:44 -0800] "GET /home/truck450.jpg HTTP/1.1" 200 42871 "https://ysfine.com/" "Mozilla/5.0 (X11; Linux x86_64) AppleWebKit/537.36 (KHTML, like Gecko) Chrome/112.0.0.0 Safari/537.36" "ysfine.com"
35.193.155.129 - - [21/Feb/2023:11:06:45 -0800] "GET /home/washmo23d.jpg HTTP/1.1" 200 32142 "https://ysfine.com/" "Mozilla/5.0 (X11; Linux x86_64) AppleWebKit/537.36 (KHTML, like Gecko) Chrome/112.0.0.0 Safari/537.36" "ysfine.com"
35.193.155.129 - - [21/Feb/2023:11:06:45 -0800] "GET /eink/ewk86f.jpg HTTP/1.1" 200 122173 "https://ysfine.com/" "Mozilla/5.0 (X11; Linux x86_64) AppleWebKit/537.36 (KHTML, like Gecko) Chrome/112.0.0.0 Safari/537.36" "ysfine.com"
35.193.155.129 - - [21/Feb/2023:11:06:45 -0800] "GET /home/eindc03d.jpg HTTP/1.1" 200 95860 "https://ysfine.com/" "Mozilla/5.0 (X11; Linux x86_64) AppleWebKit/537.36 (KHTML, like Gecko) Chrome/112.0.0.0 Safari/537.36" "ysfine.com"
35.193.155.129 - - [21/Feb/2023:11:06:45 -0800] "GET /home/1987pr22d.jpg HTTP/1.1" 200 66428 "https://ysfine.com/" "Mozilla/5.0 (X11; Linux x86_64) AppleWebKit/537.36 (KHTML, like Gecko) Chrome/112.0.0.0 Safari/537.36" "ysfine.com"
35.193.155.129 - - [21/Feb/2023:11:06:46 -0800] "GET /eink/einhaus11c.jpg HTTP/1.1" 200 42522 "https://ysfine.com/" "Mozilla/5.0 (X11; Linux x86_64) AppleWebKit/537.36 (KHTML, like Gecko) Chrome/112.0.0.0 Safari/537.36" "ysfine.com"
35.193.155.129 - - [21/Feb/2023:11:06:46 -0800] "GET /eink/einhaus33c.jpg HTTP/1.1" 200 23792 "https://ysfine.com/" "Mozilla/5.0 (X11; Linux x86_64) AppleWebKit/537.36 (KHTML, like Gecko) Chrome/112.0.0.0 Safari/537.36" "ysfine.com"
35.193.155.129 - - [21/Feb/2023:11:06:46 -0800] "GET /home/taylor500.jpg HTTP/1.1" 200 79197 "https://ysfine.com/" "Mozilla/5.0 (X11; Linux x86_64) AppleWebKit/537.36 (KHTML, like Gecko) Chrome/112.0.0.0 Safari/537.36" "ysfine.com"
35.193.155.129 - - [21/Feb/2023:11:06:46 -0800] "GET /home/eink54f.jpg HTTP/1.1" 200 96332 "https://ysfine.com/" "Mozilla/5.0 (X11; Linux x86_64) AppleWebKit/537.36 (KHTML, like Gecko) Chrome/112.0.0.0 Safari/537.36" "ysfine.com"
51.222.253.10 - - [21/Feb/2023:11:06:46 -0800] "GET /world/ital/romef112b.jpg HTTP/1.1" 200 31216 "-" "Mozilla/5.0 (compatible; AhrefsBot/7.0; +http://ahrefs.com/robot/)" "ysfine.com"
35.193.155.129 - - [21/Feb/2023:11:06:46 -0800] "GET /home/eward55f.jpg HTTP/1.1" 200 122802 "https://ysfine.com/" "Mozilla/5.0 (X11; Linux x86_64) AppleWebKit/537.36 (KHTML, like Gecko) Chrome/112.0.0.0 Safari/537.36" "ysfine.com"
96.242.221.153 - - [21/Feb/2023:11:06:46 -0800] "GET /princeton/alexan22.jpg HTTP/1.1" 200 175436 "https://www.google.com/" "Mozilla/5.0 (Windows NT 10.0; Win64; x64; rv:109.0) Gecko/20100101 Firefox/110.0" "ysfine.com"
35.193.155.129 - - [21/Feb/2023:11:06:47 -0800] "GET /favicon.ico HTTP/1.1" 404 88 "https://ysfine.com/" "Mozilla/5.0 (X11; Linux x86_64) AppleWebKit/537.36 (KHTML, like Gecko) Chrome/112.0.0.0 Safari/537.36" "ysfine.com"
51.222.253.8 - - [21/Feb/2023:11:06:47 -0800] "GET /world/ital/milanf07b.jpg HTTP/1.1" 200 32594 "-" "Mozilla/5.0 (compatible; AhrefsBot/7.0; +http://ahrefs.com/robot/)" "ysfine.com"
51.222.253.20 - - [21/Feb/2023:11:06:47 -0800] "GET /ffriends/italparis01b.jpg HTTP/1.1" 200 57976 "-" "Mozilla/5.0 (compatible; AhrefsBot/7.0; +http://ahrefs.com/robot/)" "ysfine.com"
51.222.253.4 - - [21/Feb/2023:11:06:48 -0800] "GET /ffriends/arianna01b.jpg HTTP/1.1" 200 41498 "-" "Mozilla/5.0 (compatible; AhrefsBot/7.0; +http://ahrefs.com/robot/)" "ysfine.com"
51.222.253.18 - - [21/Feb/2023:11:06:49 -0800] "GET /world/ital/sorrento01b.jpg HTTP/1.1" 200 52743 "-" "Mozilla/5.0 (compatible; AhrefsBot/7.0; +http://ahrefs.com/robot/)" "ysfine.com"
5.188.210.43 - - [21/Feb/2023:11:06:49 -0800] "GET /world/visas.html HTTP/1.1" 200 7643 "https://www.ysfine.com/world/visas.html" "Mozilla/5.0 (Windows NT 10.0) AppleWebKit/537.36 (KHTML, like Gecko) Chrome/90.0.4430.85 Safari/537.36" "www.ysfine.com"
51.222.253.4 - - [21/Feb/2023:11:06:50 -0800] "GET /world/ital/veronasis01b.jpg HTTP/1.1" 200 46059 "-" "Mozilla/5.0 (compatible; AhrefsBot/7.0; +http://ahrefs.com/robot/)" "ysfine.com"
51.222.253.15 - - [21/Feb/2023:11:06:50 -0800] "GET /world/ital/romef108b.jpg HTTP/1.1" 200 43677 "-" "Mozilla/5.0 (compatible; AhrefsBot/7.0; +http://ahrefs.com/robot/)" "ysfine.com"
51.222.253.12 - - [21/Feb/2023:11:06:51 -0800] "GET /world/ital/murano21b.jpg HTTP/1.1" 200 42459 "-" "Mozilla/5.0 (compatible; AhrefsBot/7.0; +http://ahrefs.com/robot/)" "ysfine.com"
51.222.253.19 - - [21/Feb/2023:11:06:51 -0800] "GET /world/ital/itpolice11b.jpg HTTP/1.1" 200 45634 "-" "Mozilla/5.0 (compatible; AhrefsBot/7.0; +http://ahrefs.com/robot/)" "ysfine.com"
51.222.253.20 - - [21/Feb/2023:11:06:52 -0800] "GET /world/ital/romef006b.jpg HTTP/1.1" 200 32745 "-" "Mozilla/5.0 (compatible; AhrefsBot/7.0; +http://ahrefs.com/robot/)" "ysfine.com"
51.222.253.14 - - [21/Feb/2023:11:06:52 -0800] "GET /ffriends/russit33a.jpg HTTP/1.1" 200 71966 "-" "Mozilla/5.0 (compatible; AhrefsBot/7.0; +http://ahrefs.com/robot/)" "ysfine.com"
51.222.253.11 - - [21/Feb/2023:11:06:53 -0800] "GET /ffriends/sicily22b.jpg HTTP/1.1" 200 42594 "-" "Mozilla/5.0 (compatible; AhrefsBot/7.0; +http://ahrefs.com/robot/)" "ysfine.com"
51.222.253.14 - - [21/Feb/2023:11:06:53 -0800] "GET /world/ital/romef010b.jpg HTTP/1.1" 200 47329 "-" "Mozilla/5.0 (compatible; AhrefsBot/7.0; +http://ahrefs.com/robot/)" "ysfine.com"
51.222.253.14 - - [21/Feb/2023:11:06:54 -0800] "GET /world/ital/romef114b.jpg HTTP/1.1" 200 28804 "-" "Mozilla/5.0 (compatible; AhrefsBot/7.0; +http://ahrefs.com/robot/)" "ysfine.com"
51.222.253.17 - - [21/Feb/2023:11:06:54 -0800] "GET /world/ital/florf01b.jpg HTTP/1.1" 200 38979 "-" "Mozilla/5.0 (compatible; AhrefsBot/7.0; +http://ahrefs.com/robot/)" "ysfine.com"
51.222.253.6 - - [21/Feb/2023:11:06:54 -0800] "GET /world/ital/itstu03b.jpg HTTP/1.1" 200 38091 "-" "Mozilla/5.0 (compatible; AhrefsBot/7.0; +http://ahrefs.com/robot/)" "ysfine.com"
51.222.253.9 - - [21/Feb/2023:11:06:55 -0800] "GET /eink/eink61c.jpg HTTP/1.1" 200 34119 "-" "Mozilla/5.0 (compatible; AhrefsBot/7.0; +http://ahrefs.com/robot/)" "ysfine.com"
51.222.253.1 - - [21/Feb/2023:11:06:55 -0800] "GET /world/ital/bologf05b.jpg HTTP/1.1" 200 46011 "-" "Mozilla/5.0 (compatible; AhrefsBot/7.0; +http://ahrefs.com/robot/)" "ysfine.com"
51.222.253.16 - - [21/Feb/2023:11:06:56 -0800] "GET /ffriends/italvien11b.jpg HTTP/1.1" 200 41592 "-" "Mozilla/5.0 (compatible; AhrefsBot/7.0; +http://ahrefs.com/robot/)" "ysfine.com"
51.222.253.8 - - [21/Feb/2023:11:06:56 -0800] "GET /ffriends/gatti06b.jpg HTTP/1.1" 200 42322 "-" "Mozilla/5.0 (compatible; AhrefsBot/7.0; +http://ahrefs.com/robot/)" "ysfine.com"
51.222.253.12 - - [21/Feb/2023:11:06:56 -0800] "GET /world/ital/spstep02b.jpg HTTP/1.1" 200 29007 "-" "Mozilla/5.0 (compatible; AhrefsBot/7.0; +http://ahrefs.com/robot/)" "ysfine.com"
51.222.253.12 - - [21/Feb/2023:11:06:57 -0800] "GET /world/ital/itlaw22b.jpg HTTP/1.1" 200 52267 "-" "Mozilla/5.0 (compatible; AhrefsBot/7.0; +http://ahrefs.com/robot/)" "ysfine.com"
51.222.253.18 - - [21/Feb/2023:11:06:57 -0800] "GET /world/ital/romef005b.jpg HTTP/1.1" 200 45956 "-" "Mozilla/5.0 (compatible; AhrefsBot/7.0; +http://ahrefs.com/robot/)" "ysfine.com"
207.46.13.220 - - [21/Feb/2023:11:08:16 -0800] "GET /bio/kobak/soraech.html HTTP/1.1" 404 88 "-" "Mozilla/5.0 AppleWebKit/537.36 (KHTML, like Gecko; compatible; bingbot/2.0; +http://www.bing.com/bingbot.htm) Chrome/103.0.5060.134 Safari/537.36" "ysfine.com"
52.167.144.35 - - [21/Feb/2023:11:08:56 -0800] "GET /bio/kobak/yskor.html HTTP/1.1" 404 88 "-" "Mozilla/5.0 AppleWebKit/537.36 (KHTML, like Gecko; compatible; bingbot/2.0; +http://www.bing.com/bingbot.htm) Chrome/103.0.5060.134 Safari/537.36" "ysfine.com"
52.167.144.35 - - [21/Feb/2023:11:08:56 -0800] "GET /ysbio/world/china/opium04.jpg HTTP/1.1" 404 88 "-" "Mozilla/5.0 AppleWebKit/537.36 (KHTML, like Gecko; compatible; bingbot/2.0; +http://www.bing.com/bingbot.htm) Chrome/103.0.5060.134 Safari/537.36" "ysfine.com"
52.167.144.35 - - [21/Feb/2023:11:08:56 -0800] "GET /einstein/places/ulm11.jpg HTTP/1.1" 200 157535 "-" "Mozilla/5.0 AppleWebKit/537.36 (KHTML, like Gecko; compatible; bingbot/2.0; +http://www.bing.com/bingbot.htm) Chrome/103.0.5060.134 Safari/537.36" "ysfine.com"
52.167.144.35 - - [21/Feb/2023:11:08:56 -0800] "GET /class54/class5470/total_data/img/menu06_on.gif HTTP/1.1" 200 624 "-" "Mozilla/5.0 AppleWebKit/537.36 (KHTML, like Gecko; compatible; bingbot/2.0; +http://www.bing.com/bingbot.htm) Chrome/103.0.5060.134 Safari/537.36" "ysfine.com"
64.124.8.49 - - [21/Feb/2023:11:09:21 -0800] "GET /ysbio/world/ital/sapienza06.jpg HTTP/1.1" 404 88 "-" "Mozilla/5.0 (Macintosh; Intel Mac OS X 10_15_7) AppleWebKit/537.36 (KHTML, like Gecko) Chrome/107.0.0.0 Safari/537.36" "ysfine.com"
216.244.66.229 - - [21/Feb/2023:11:09:46 -0800] "GET /ffriends/russparis05.jpg HTTP/1.1" 200 161034 "-" "Mozilla/5.0 (compatible; DotBot/1.2; +https://opensiteexplorer.org/dotbot; help@moz.com)" "ysfine.com"
64.124.8.54 - - [21/Feb/2023:11:09:48 -0800] "GET /world/ital/padova06.jpg HTTP/1.1" 200 106864 "-" "Mozilla/5.0 (Macintosh; Intel Mac OS X 10_15_7) AppleWebKit/537.36 (KHTML, like Gecko) Chrome/107.0.0.0 Safari/537.36" "ysfine.com"
52.167.144.35 - - [21/Feb/2023:11:09:57 -0800] "GET /bio/sbk/1950.html HTTP/1.1" 404 88 "-" "Mozilla/5.0 AppleWebKit/537.36 (KHTML, like Gecko; compatible; bingbot/2.0; +http://www.bing.com/bingbot.htm) Chrome/103.0.5060.134 Safari/537.36" "ysfine.com"
52.167.144.35 - - [21/Feb/2023:11:10:55 -0800] "GET /einstein/einbohr33.jpg HTTP/1.1" 200 87797 "-" "Mozilla/5.0 AppleWebKit/537.36 (KHTML, like Gecko; compatible; bingbot/2.0; +http://www.bing.com/bingbot.htm) Chrome/103.0.5060.134 Safari/537.36" "ysfine.com"
81.65.134.25 - - [21/Feb/2023:11:11:04 -0800] "GET /dirac/dirheisen31b.jpg HTTP/1.1" 200 39248 "https://www.google.com/" "Mozilla/5.0 (X11; Ubuntu; Linux x86_64; rv:109.0) Gecko/20100101 Firefox/109.0" "ysfine.com"
207.46.13.218 - - [21/Feb/2023:11:11:18 -0800] "GET /wigner/wigner39.pdf HTTP/1.1" 304 - "-" "Mozilla/5.0 AppleWebKit/537.36 (KHTML, like Gecko; compatible; bingbot/2.0; +http://www.bing.com/bingbot.htm) Chrome/103.0.5060.134 Safari/537.36" "www.ysfine.com"
64.124.8.56 - - [21/Feb/2023:11:11:28 -0800] "GET /world/scandi/nbi02.jpg HTTP/1.1" 200 80666 "-" "Mozilla/5.0 (Macintosh; Intel Mac OS X 10_15_7) AppleWebKit/537.36 (KHTML, like Gecko) Chrome/107.0.0.0 Safari/537.36" "ysfine.com"
43.251.117.254 - - [21/Feb/2023:11:11:58 -0800] "GET / HTTP/1.1" 200 5295 "-" "Mozilla/4.0 (compatible; MSIE 7.0; Windows NT 6.3; WOW64; Trident/7.0; .NET4.0E; .NET4.0C; .NET CLR 3.5.30729; .NET CLR 2.0.50727; .NET CLR 3.0.30729; InfoPath.2; Shuame)" "ysfine.com"
43.251.117.254 - - [21/Feb/2023:11:12:01 -0800] "GET / HTTP/1.1" 200 5295 "-" "Mozilla/4.0 (compatible; MSIE 7.0; Windows NT 6.3; WOW64; Trident/7.0; .NET4.0E; .NET4.0C; .NET CLR 3.5.30729; .NET CLR 2.0.50727; .NET CLR 3.0.30729; InfoPath.2; Shuame)" "ysfine.com"
43.251.117.254 - - [21/Feb/2023:11:12:08 -0800] "GET /eink/mose.html HTTP/1.1" 200 14315 "-" "Mozilla/5.0 (Windows NT 6.1; WOW64) AppleWebKit/537.36 (KHTML, like Gecko) Chrome/66.0.3359.181 Safari/537.36" "ysfine.com"
43.251.117.254 - - [21/Feb/2023:11:12:08 -0800] "GET /jobs/index.html HTTP/1.1" 200 123 "-" "Mozilla/5.0 (Windows NT 6.1; WOW64) AppleWebKit/537.36 (KHTML, like Gecko) Chrome/66.0.3359.181 Safari/537.36" "ysfine.com"
43.251.117.254 - - [21/Feb/2023:11:12:09 -0800] "GET /yspapers/index.html HTTP/1.1" 200 21304 "-" "Mozilla/5.0 (Windows NT 6.1; WOW64) AppleWebKit/537.36 (KHTML, like Gecko) Chrome/66.0.3359.181 Safari/537.36" "ysfine.com"
43.251.117.254 - - [21/Feb/2023:11:12:11 -0800] "GET /awards/index.html HTTP/1.1" 200 10082 "-" "Mozilla/5.0 (Windows NT 6.1; WOW64) AppleWebKit/537.36 (KHTML, like Gecko) Chrome/66.0.3359.181 Safari/537.36" "ysfine.com"
43.251.117.254 - - [21/Feb/2023:11:12:13 -0800] "GET /home/index.html HTTP/1.1" 200 142 "-" "Mozilla/5.0 (Windows NT 6.1; WOW64) AppleWebKit/537.36 (KHTML, like Gecko) Chrome/66.0.3359.181 Safari/537.36" "ysfine.com"
43.251.117.254 - - [21/Feb/2023:11:12:14 -0800] "GET /world/ysworld.html HTTP/1.1" 200 3224 "-" "Mozilla/5.0 (Windows NT 6.1; WOW64) AppleWebKit/537.36 (KHTML, like Gecko) Chrome/66.0.3359.181 Safari/537.36" "ysfine.com"
43.251.117.254 - - [21/Feb/2023:11:12:18 -0800] "GET /people/peo.html HTTP/1.1" 200 13502 "-" "Mozilla/5.0 (Windows NT 6.1; WOW64) AppleWebKit/537.36 (KHTML, like Gecko) Chrome/66.0.3359.181 Safari/537.36" "ysfine.com"
43.251.117.254 - - [21/Feb/2023:11:12:19 -0800] "GET /bio09.html HTTP/1.1" 200 12731 "-" "Mozilla/5.0 (Windows NT 6.1; WOW64) AppleWebKit/537.36 (KHTML, like Gecko) Chrome/66.0.3359.181 Safari/537.36" "ysfine.com"
43.251.117.254 - - [21/Feb/2023:11:12:21 -0800] "GET /bio09.html HTTP/1.1" 200 12731 "-" "Mozilla/5.0 (Windows NT 6.1; WOW64) AppleWebKit/537.36 (KHTML, like Gecko) Chrome/66.0.3359.181 Safari/537.36" "ysfine.com"
43.251.117.254 - - [21/Feb/2023:11:12:22 -0800] "GET /einstein/index.html HTTP/1.1" 200 135 "-" "Mozilla/5.0 (Windows NT 6.1; WOW64) AppleWebKit/537.36 (KHTML, like Gecko) Chrome/66.0.3359.181 Safari/537.36" "ysfine.com"
43.251.117.254 - - [21/Feb/2023:11:12:24 -0800] "GET /kobak/index.html HTTP/1.1" 200 130 "-" "Mozilla/5.0 (Windows NT 6.1; WOW64) AppleWebKit/537.36 (KHTML, like Gecko) Chrome/66.0.3359.181 Safari/537.36" "ysfine.com"
43.251.117.254 - - [21/Feb/2023:11:12:25 -0800] "GET /wigner/index.html HTTP/1.1" 200 124 "-" "Mozilla/5.0 (Windows NT 6.1; WOW64) AppleWebKit/537.36 (KHTML, like Gecko) Chrome/66.0.3359.181 Safari/537.36" "ysfine.com"
43.251.117.254 - - [21/Feb/2023:11:12:25 -0800] "GET /dirac/index.html HTTP/1.1" 200 124 "-" "Mozilla/5.0 (Windows NT 6.1; WOW64) AppleWebKit/537.36 (KHTML, like Gecko) Chrome/66.0.3359.181 Safari/537.36" "ysfine.com"
43.251.117.254 - - [21/Feb/2023:11:12:27 -0800] "GET /eink/index.html HTTP/1.1" 200 17716 "-" "Mozilla/5.0 (Windows NT 6.1; WOW64) AppleWebKit/537.36 (KHTML, like Gecko) Chrome/66.0.3359.181 Safari/537.36" "ysfine.com"
43.251.117.254 - - [21/Feb/2023:11:12:27 -0800] "GET /usca/pgh.html HTTP/1.1" 200 13572 "-" "Mozilla/5.0 (Windows NT 6.1; WOW64) AppleWebKit/537.36 (KHTML, like Gecko) Chrome/66.0.3359.181 Safari/537.36" "ysfine.com"
43.251.117.254 - - [21/Feb/2023:11:12:28 -0800] "GET /home/bio22.html HTTP/1.1" 404 88 "-" "Mozilla/5.0 (Windows NT 6.1; WOW64) AppleWebKit/537.36 (KHTML, like Gecko) Chrome/66.0.3359.181 Safari/537.36" "ysfine.com"
40.77.167.211 - - [21/Feb/2023:11:12:38 -0800] "GET /bio/wigner/e(2).html HTTP/1.1" 404 88 "-" "Mozilla/5.0 AppleWebKit/537.36 (KHTML, like Gecko; compatible; bingbot/2.0; +http://www.bing.com/bingbot.htm) Chrome/103.0.5060.134 Safari/537.36" "ysfine.com"
43.251.117.254 - - [21/Feb/2023:11:12:43 -0800] "GET /princeton/index.html HTTP/1.1" 200 140 "-" "Mozilla/5.0 (Windows NT 6.1; WOW64) AppleWebKit/537.36 (KHTML, like Gecko) Chrome/66.0.3359.181 Safari/537.36" "ysfine.com"
207.46.13.218 - - [21/Feb/2023:11:13:28 -0800] "GET /style/hamako33b.jpg HTTP/1.1" 200 44854 "-" "Mozilla/5.0 AppleWebKit/537.36 (KHTML, like Gecko; compatible; bingbot/2.0; +http://www.bing.com/bingbot.htm) Chrome/103.0.5060.134 Safari/537.36" "ysfine.com"
64.124.8.56 - - [21/Feb/2023:11:13:55 -0800] "GET /world/brit/thames13.jpg HTTP/1.1" 200 102826 "-" "Mozilla/5.0 (Macintosh; Intel Mac OS X 10_15_7) AppleWebKit/537.36 (KHTML, like Gecko) Chrome/107.0.0.0 Safari/537.36" "ysfine.com"
52.167.144.62 - - [21/Feb/2023:11:14:13 -0800] "GET /bio/style/proschanie.html HTTP/1.1" 404 88 "-" "Mozilla/5.0 AppleWebKit/537.36 (KHTML, like Gecko; compatible; bingbot/2.0; +http://www.bing.com/bingbot.htm) Chrome/103.0.5060.134 Safari/537.36" "ysfine.com"
51.222.253.8 - - [21/Feb/2023:11:14:19 -0800] "GET /ffriends/index.html HTTP/1.1" 200 151 "-" "Mozilla/5.0 (compatible; AhrefsBot/7.0; +http://ahrefs.com/robot/)" "ysfine.com"
91.133.191.164 - - [21/Feb/2023:11:14:37 -0800] "GET /robots.txt HTTP/1.1" 404 88 "-" "Mozilla/5.0 (iPhone; U; ru; CPU iPhone OS 4_2_1 like Mac OS X; ru) AppleWebKit/533.17.9 (KHTML, like Gecko) Version/5.0.2 Mobile/8C148a Safari/6533.18.5" "ysfine.com"
91.133.248.230 - - [21/Feb/2023:11:14:37 -0800] "GET / HTTP/1.1" 200 5295 "-" "Mozilla/5.0 (iPhone; U; ru; CPU iPhone OS 4_2_1 like Mac OS X; ru) AppleWebKit/533.17.9 (KHTML, like Gecko) Version/5.0.2 Mobile/8C148a Safari/6533.18.5" "ysfine.com"
31.2.228.29 - - [21/Feb/2023:11:14:38 -0800] "GET / HTTP/1.1" 200 5295 "-" "Mozilla/5.0 (iPhone; U; CPU iPhone OS 4_1 like Mac OS X; en-us) AppleWebKit/532.9 (KHTML, like Gecko) Version/4.0.5 Mobile/8B117 Safari/6531.22.7" "ysfine.com"
91.133.177.91 - - [21/Feb/2023:11:14:38 -0800] "GET /robots.txt HTTP/1.1" 404 88 "-" "Mozilla/5.0 (iPhone; U; CPU iPhone OS 4_3 like Mac OS X; fr-fr) AppleWebKit/533.17.9 (KHTML, like Gecko) Version/5.0.2 Mobile/8F190 Safari/6533.18.5" "ysfine.com"
193.235.141.160 - - [21/Feb/2023:11:15:03 -0800] "GET / HTTP/1.1" 200 5295 "-" "Mozilla/5.0 (Windows NT 10.0; Win64; x64) AppleWebKit/537.36 (KHTML, like Gecko) Chrome/105.0.0.0 Safari/537.36" "ysfine.com"
64.124.8.55 - - [21/Feb/2023:11:15:36 -0800] "GET /world/ital/repub12.jpg HTTP/1.1" 200 108538 "-" "Mozilla/5.0 (Macintosh; Intel Mac OS X 10_15_7) AppleWebKit/537.36 (KHTML, like Gecko) Chrome/107.0.0.0 Safari/537.36" "ysfine.com"
123.125.109.138 - - [21/Feb/2023:11:15:44 -0800] "GET / HTTP/1.1" 200 5295 "-" "Sogou web spider/4.0(+http://www.sogou.com/docs/help/webmasters.htm#07)" "ysfine.com"
64.124.8.55 - - [21/Feb/2023:11:15:53 -0800] "GET /newyork/tie33.jpg HTTP/1.1" 200 92805 "-" "Mozilla/5.0 (Macintosh; Intel Mac OS X 10_15_7) AppleWebKit/537.36 (KHTML, like Gecko) Chrome/107.0.0.0 Safari/537.36" "www.ysfine.com"
52.167.144.35 - - [21/Feb/2023:11:16:07 -0800] "GET /wdc/gtown04.jpg HTTP/1.1" 200 154553 "-" "Mozilla/5.0 AppleWebKit/537.36 (KHTML, like Gecko; compatible; bingbot/2.0; +http://www.bing.com/bingbot.htm) Chrome/103.0.5060.134 Safari/537.36" "ysfine.com"
207.46.13.207 - - [21/Feb/2023:11:16:11 -0800] "GET /einstein/places/einmu62b.jpg HTTP/1.1" 200 31976 "-" "Mozilla/5.0 AppleWebKit/537.36 (KHTML, like Gecko; compatible; bingbot/2.0; +http://www.bing.com/bingbot.htm) Chrome/103.0.5060.134 Safari/537.36" "ysfine.com"
207.46.13.218 - - [21/Feb/2023:11:16:43 -0800] "GET /wigner/lunch.html HTTP/1.1" 200 3105 "-" "Mozilla/5.0 AppleWebKit/537.36 (KHTML, like Gecko; compatible; bingbot/2.0; +http://www.bing.com/bingbot.htm) Chrome/103.0.5060.134 Safari/537.36" "www.ysfine.com"
50.112.68.88 - - [21/Feb/2023:11:17:07 -0800] "GET /kobak/soraech.html HTTP/1.1" 200 16732 "-" "AHC/2.1" "ysfine.com"
20.150.221.5 - - [21/Feb/2023:11:17:16 -0800] "GET / HTTP/1.1" 200 5295 "-" "Mozilla/5.0 (Macintosh; U; Intel Mac OS X 10_6_8; en-us) AppleWebKit/534.50 (KHTML, like Gecko) Version/5.1 Safari/534.50" "ysfine.com"
207.46.13.218 - - [21/Feb/2023:11:17:32 -0800] "GET /dirac/dirbust22b.jpg HTTP/1.1" 200 46579 "-" "Mozilla/5.0 AppleWebKit/537.36 (KHTML, like Gecko; compatible; bingbot/2.0; +http://www.bing.com/bingbot.htm) Chrome/103.0.5060.134 Safari/537.36" "www.ysfine.com"
140.205.11.19 - - [21/Feb/2023:11:18:31 -0800] "GET /feynman/feygell66b.jpg HTTP/1.1" 200 28843 "-" "Mozilla/5.0 (X11; Ubuntu; Linux x86_64; rv:72.0) Gecko/20100101 Firefox/72.0" "ysfine.com"
207.46.13.220 - - [21/Feb/2023:11:18:46 -0800] "GET /wigner/gim/szabo02.jpg HTTP/1.1" 200 96294 "-" "Mozilla/5.0 AppleWebKit/537.36 (KHTML, like Gecko; compatible; bingbot/2.0; +http://www.bing.com/bingbot.htm) Chrome/103.0.5060.134 Safari/537.36" "ysfine.com"
64.124.8.53 - - [21/Feb/2023:11:19:24 -0800] "GET /maga/phil/marxber22.jpg HTTP/1.1" 200 106927 "-" "Mozilla/5.0 (Macintosh; Intel Mac OS X 10_15_7) AppleWebKit/537.36 (KHTML, like Gecko) Chrome/107.0.0.0 Safari/537.36" "ysfine.com"
64.124.8.29 - - [21/Feb/2023:11:19:39 -0800] "GET /world/brit/cam18.jpg HTTP/1.1" 200 93627 "-" "Mozilla/5.0 (Macintosh; Intel Mac OS X 10_15_7) AppleWebKit/537.36 (KHTML, like Gecko) Chrome/107.0.0.0 Safari/537.36" "www.ysfine.com"
67.69.69.18 - - [21/Feb/2023:11:20:09 -0800] "GET /princeton/campus.html HTTP/1.1" 200 15141 "https://www.google.ca/" "Mozilla/5.0 (iPhone; CPU iPhone OS 16_1_1 like Mac OS X) AppleWebKit/605.1.15 (KHTML, like Gecko) Version/16.1 Mobile/15E148 Safari/604.1" "ysfine.com"
67.69.69.18 - - [21/Feb/2023:11:20:09 -0800] "GET /princeton/withers01b.jpg HTTP/1.1" 200 53277 "https://ysfine.com/princeton/campus.html" "Mozilla/5.0 (iPhone; CPU iPhone OS 16_1_1 like Mac OS X) AppleWebKit/605.1.15 (KHTML, like Gecko) Version/16.1 Mobile/15E148 Safari/604.1" "ysfine.com"
67.69.69.18 - - [21/Feb/2023:11:20:09 -0800] "GET /princeton/nasshall01b.jpg HTTP/1.1" 200 60879 "https://ysfine.com/princeton/campus.html" "Mozilla/5.0 (iPhone; CPU iPhone OS 16_1_1 like Mac OS X) AppleWebKit/605.1.15 (KHTML, like Gecko) Version/16.1 Mobile/15E148 Safari/604.1" "ysfine.com"
67.69.69.18 - - [21/Feb/2023:11:20:09 -0800] "GET /princeton/pcomm01b.jpg HTTP/1.1" 200 46796 "https://ysfine.com/princeton/campus.html" "Mozilla/5.0 (iPhone; CPU iPhone OS 16_1_1 like Mac OS X) AppleWebKit/605.1.15 (KHTML, like Gecko) Version/16.1 Mobile/15E148 Safari/604.1" "ysfine.com"
67.69.69.18 - - [21/Feb/2023:11:20:09 -0800] "GET /princeton/alexan22b.jpg HTTP/1.1" 200 55817 "https://ysfine.com/princeton/campus.html" "Mozilla/5.0 (iPhone; CPU iPhone OS 16_1_1 like Mac OS X) AppleWebKit/605.1.15 (KHTML, like Gecko) Version/16.1 Mobile/15E148 Safari/604.1" "ysfine.com"
67.69.69.18 - - [21/Feb/2023:11:20:10 -0800] "GET /princeton/firestone11b.jpg HTTP/1.1" 200 54060 "https://ysfine.com/princeton/campus.html" "Mozilla/5.0 (iPhone; CPU iPhone OS 16_1_1 like Mac OS X) AppleWebKit/605.1.15 (KHTML, like Gecko) Version/16.1 Mobile/15E148 Safari/604.1" "ysfine.com"
67.69.69.18 - - [21/Feb/2023:11:20:10 -0800] "GET /princeton/prospectg33b.jpg HTTP/1.1" 200 39510 "https://ysfine.com/princeton/campus.html" "Mozilla/5.0 (iPhone; CPU iPhone OS 16_1_1 like Mac OS X) AppleWebKit/605.1.15 (KHTML, like Gecko) Version/16.1 Mobile/15E148 Safari/604.1" "ysfine.com"
67.69.69.18 - - [21/Feb/2023:11:20:10 -0800] "GET /style/picasspr22b.jpg HTTP/1.1" 200 67766 "https://ysfine.com/princeton/campus.html" "Mozilla/5.0 (iPhone; CPU iPhone OS 16_1_1 like Mac OS X) AppleWebKit/605.1.15 (KHTML, like Gecko) Version/16.1 Mobile/15E148 Safari/604.1" "ysfine.com"
67.69.69.18 - - [21/Feb/2023:11:20:10 -0800] "GET /princeton/pumu11b.jpg HTTP/1.1" 200 46659 "https://ysfine.com/princeton/campus.html" "Mozilla/5.0 (iPhone; CPU iPhone OS 16_1_1 like Mac OS X) AppleWebKit/605.1.15 (KHTML, like Gecko) Version/16.1 Mobile/15E148 Safari/604.1" "ysfine.com"
67.69.69.18 - - [21/Feb/2023:11:20:10 -0800] "GET /princeton/pstadium22b.jpg HTTP/1.1" 200 40166 "https://ysfine.com/princeton/campus.html" "Mozilla/5.0 (iPhone; CPU iPhone OS 16_1_1 like Mac OS X) AppleWebKit/605.1.15 (KHTML, like Gecko) Version/16.1 Mobile/15E148 Safari/604.1" "ysfine.com"
67.69.69.18 - - [21/Feb/2023:11:20:10 -0800] "GET /eink/pwk19c.jpg HTTP/1.1" 200 57759 "https://ysfine.com/princeton/campus.html" "Mozilla/5.0 (iPhone; CPU iPhone OS 16_1_1 like Mac OS X) AppleWebKit/605.1.15 (KHTML, like Gecko) Version/16.1 Mobile/15E148 Safari/604.1" "ysfine.com"
67.69.69.18 - - [21/Feb/2023:11:20:10 -0800] "GET /princeton/cleve11b.jpg HTTP/1.1" 200 42431 "https://ysfine.com/princeton/campus.html" "Mozilla/5.0 (iPhone; CPU iPhone OS 16_1_1 like Mac OS X) AppleWebKit/605.1.15 (KHTML, like Gecko) Version/16.1 Mobile/15E148 Safari/604.1" "ysfine.com"
67.69.69.18 - - [21/Feb/2023:11:20:10 -0800] "GET /princeton/eng01b.jpg HTTP/1.1" 200 35847 "https://ysfine.com/princeton/campus.html" "Mozilla/5.0 (iPhone; CPU iPhone OS 16_1_1 like Mac OS X) AppleWebKit/605.1.15 (KHTML, like Gecko) Version/16.1 Mobile/15E148 Safari/604.1" "ysfine.com"
67.69.69.18 - - [21/Feb/2023:11:20:10 -0800] "GET /princeton/hyatt33b.jpg HTTP/1.1" 200 34135 "https://ysfine.com/princeton/campus.html" "Mozilla/5.0 (iPhone; CPU iPhone OS 16_1_1 like Mac OS X) AppleWebKit/605.1.15 (KHTML, like Gecko) Version/16.1 Mobile/15E148 Safari/604.1" "ysfine.com"
67.69.69.18 - - [21/Feb/2023:11:20:10 -0800] "GET /princeton/jj03b.jpg HTTP/1.1" 200 46731 "https://ysfine.com/princeton/campus.html" "Mozilla/5.0 (iPhone; CPU iPhone OS 16_1_1 like Mac OS X) AppleWebKit/605.1.15 (KHTML, like Gecko) Version/16.1 Mobile/15E148 Safari/604.1" "ysfine.com"
67.69.69.18 - - [21/Feb/2023:11:20:10 -0800] "GET /princeton/lahiere11b.jpg HTTP/1.1" 200 53024 "https://ysfine.com/princeton/campus.html" "Mozilla/5.0 (iPhone; CPU iPhone OS 16_1_1 like Mac OS X) AppleWebKit/605.1.15 (KHTML, like Gecko) Version/16.1 Mobile/15E148 Safari/604.1" "ysfine.com"
67.69.69.18 - - [21/Feb/2023:11:20:10 -0800] "GET /einstein/eins47b.jpg HTTP/1.1" 200 48772 "https://ysfine.com/princeton/campus.html" "Mozilla/5.0 (iPhone; CPU iPhone OS 16_1_1 like Mac OS X) AppleWebKit/605.1.15 (KHTML, like Gecko) Version/16.1 Mobile/15E148 Safari/604.1" "ysfine.com"
67.69.69.18 - - [21/Feb/2023:11:20:10 -0800] "GET /princeton/ustore33b.jpg HTTP/1.1" 200 54240 "https://ysfine.com/princeton/campus.html" "Mozilla/5.0 (iPhone; CPU iPhone OS 16_1_1 like Mac OS X) AppleWebKit/605.1.15 (KHTML, like Gecko) Version/16.1 Mobile/15E148 Safari/604.1" "ysfine.com"
67.69.69.18 - - [21/Feb/2023:11:20:10 -0800] "GET /princeton/nassinf03b.jpg HTTP/1.1" 200 33593 "https://ysfine.com/princeton/campus.html" "Mozilla/5.0 (iPhone; CPU iPhone OS 16_1_1 like Mac OS X) AppleWebKit/605.1.15 (KHTML, like Gecko) Version/16.1 Mobile/15E148 Safari/604.1" "ysfine.com"
67.69.69.18 - - [21/Feb/2023:11:20:10 -0800] "GET /princeton/brownh11b.jpg HTTP/1.1" 200 52347 "https://ysfine.com/princeton/campus.html" "Mozilla/5.0 (iPhone; CPU iPhone OS 16_1_1 like Mac OS X) AppleWebKit/605.1.15 (KHTML, like Gecko) Version/16.1 Mobile/15E148 Safari/604.1" "ysfine.com"
67.69.69.18 - - [21/Feb/2023:11:20:10 -0800] "GET /princeton/palmerlab11b.jpg HTTP/1.1" 200 40956 "https://ysfine.com/princeton/campus.html" "Mozilla/5.0 (iPhone; CPU iPhone OS 16_1_1 like Mac OS X) AppleWebKit/605.1.15 (KHTML, like Gecko) Version/16.1 Mobile/15E148 Safari/604.1" "ysfine.com"
67.69.69.18 - - [21/Feb/2023:11:20:10 -0800] "GET /princeton/forrestalmap2.jpg HTTP/1.1" 200 54761 "https://ysfine.com/princeton/campus.html" "Mozilla/5.0 (iPhone; CPU iPhone OS 16_1_1 like Mac OS X) AppleWebKit/605.1.15 (KHTML, like Gecko) Version/16.1 Mobile/15E148 Safari/604.1" "ysfine.com"
67.69.69.18 - - [21/Feb/2023:11:20:10 -0800] "GET /kobak/taylor400.jpg HTTP/1.1" 200 56181 "https://ysfine.com/princeton/campus.html" "Mozilla/5.0 (iPhone; CPU iPhone OS 16_1_1 like Mac OS X) AppleWebKit/605.1.15 (KHTML, like Gecko) Version/16.1 Mobile/15E148 Safari/604.1" "ysfine.com"
67.69.69.18 - - [21/Feb/2023:11:20:10 -0800] "GET /princeton/pgarden11b.jpg HTTP/1.1" 200 46683 "https://ysfine.com/princeton/campus.html" "Mozilla/5.0 (iPhone; CPU iPhone OS 16_1_1 like Mac OS X) AppleWebKit/605.1.15 (KHTML, like Gecko) Version/16.1 Mobile/15E148 Safari/604.1" "ysfine.com"
67.69.69.18 - - [21/Feb/2023:11:20:10 -0800] "GET /princeton/nassinf35b.jpg HTTP/1.1" 200 45853 "https://ysfine.com/princeton/campus.html" "Mozilla/5.0 (iPhone; CPU iPhone OS 16_1_1 like Mac OS X) AppleWebKit/605.1.15 (KHTML, like Gecko) Version/16.1 Mobile/15E148 Safari/604.1" "ysfine.com"
67.69.69.18 - - [21/Feb/2023:11:20:10 -0800] "GET /princeton/gcollege21b.jpg HTTP/1.1" 200 50053 "https://ysfine.com/princeton/campus.html" "Mozilla/5.0 (iPhone; CPU iPhone OS 16_1_1 like Mac OS X) AppleWebKit/605.1.15 (KHTML, like Gecko) Version/16.1 Mobile/15E148 Safari/604.1" "ysfine.com"
67.69.69.18 - - [21/Feb/2023:11:20:10 -0800] "GET /einstein/einhouse11b.jpg HTTP/1.1" 200 42717 "https://ysfine.com/princeton/campus.html" "Mozilla/5.0 (iPhone; CPU iPhone OS 16_1_1 like Mac OS X) AppleWebKit/605.1.15 (KHTML, like Gecko) Version/16.1 Mobile/15E148 Safari/604.1" "ysfine.com"
67.69.69.18 - - [21/Feb/2023:11:20:10 -0800] "GET /princeton/hamilton11b.jpg HTTP/1.1" 200 55404 "https://ysfine.com/princeton/campus.html" "Mozilla/5.0 (iPhone; CPU iPhone OS 16_1_1 like Mac OS X) AppleWebKit/605.1.15 (KHTML, like Gecko) Version/16.1 Mobile/15E148 Safari/604.1" "ysfine.com"
67.69.69.18 - - [21/Feb/2023:11:20:10 -0800] "GET /princeton/nassin08b.jpg HTTP/1.1" 200 55747 "https://ysfine.com/princeton/campus.html" "Mozilla/5.0 (iPhone; CPU iPhone OS 16_1_1 like Mac OS X) AppleWebKit/605.1.15 (KHTML, like Gecko) Version/16.1 Mobile/15E148 Safari/604.1" "ysfine.com"
67.69.69.18 - - [21/Feb/2023:11:20:10 -0800] "GET /princeton/blair11b.jpg HTTP/1.1" 200 46260 "https://ysfine.com/princeton/campus.html" "Mozilla/5.0 (iPhone; CPU iPhone OS 16_1_1 like Mac OS X) AppleWebKit/605.1.15 (KHTML, like Gecko) Version/16.1 Mobile/15E148 Safari/604.1" "ysfine.com"
67.69.69.18 - - [21/Feb/2023:11:20:10 -0800] "GET /princeton/econ11b.jpg HTTP/1.1" 200 37872 "https://ysfine.com/princeton/campus.html" "Mozilla/5.0 (iPhone; CPU iPhone OS 16_1_1 like Mac OS X) AppleWebKit/605.1.15 (KHTML, like Gecko) Version/16.1 Mobile/15E148 Safari/604.1" "ysfine.com"
67.69.69.18 - - [21/Feb/2023:11:20:10 -0800] "GET /einstein/eincurie11b.jpg HTTP/1.1" 200 42944 "https://ysfine.com/princeton/campus.html" "Mozilla/5.0 (iPhone; CPU iPhone OS 16_1_1 like Mac OS X) AppleWebKit/605.1.15 (KHTML, like Gecko) Version/16.1 Mobile/15E148 Safari/604.1" "ysfine.com"
67.69.69.18 - - [21/Feb/2023:11:20:10 -0800] "GET /princeton/nassinf01b.jpg HTTP/1.1" 200 45562 "https://ysfine.com/princeton/campus.html" "Mozilla/5.0 (iPhone; CPU iPhone OS 16_1_1 like Mac OS X) AppleWebKit/605.1.15 (KHTML, like Gecko) Version/16.1 Mobile/15E148 Safari/604.1" "ysfine.com"
67.69.69.18 - - [21/Feb/2023:11:20:10 -0800] "GET /maga/invent/sarnoffco11b.jpg HTTP/1.1" 200 31031 "https://ysfine.com/princeton/campus.html" "Mozilla/5.0 (iPhone; CPU iPhone OS 16_1_1 like Mac OS X) AppleWebKit/605.1.15 (KHTML, like Gecko) Version/16.1 Mobile/15E148 Safari/604.1" "ysfine.com"
67.69.69.18 - - [21/Feb/2023:11:20:10 -0800] "GET /princeton/gcollege05b.jpg HTTP/1.1" 200 49944 "https://ysfine.com/princeton/campus.html" "Mozilla/5.0 (iPhone; CPU iPhone OS 16_1_1 like Mac OS X) AppleWebKit/605.1.15 (KHTML, like Gecko) Version/16.1 Mobile/15E148 Safari/604.1" "ysfine.com"
67.69.69.18 - - [21/Feb/2023:11:20:10 -0800] "GET /princeton/wilson02b.jpg HTTP/1.1" 200 38092 "https://ysfine.com/princeton/campus.html" "Mozilla/5.0 (iPhone; CPU iPhone OS 16_1_1 like Mac OS X) AppleWebKit/605.1.15 (KHTML, like Gecko) Version/16.1 Mobile/15E148 Safari/604.1" "ysfine.com"
67.69.69.18 - - [21/Feb/2023:11:20:10 -0800] "GET /princeton/wilson01b.jpg HTTP/1.1" 200 39141 "https://ysfine.com/princeton/campus.html" "Mozilla/5.0 (iPhone; CPU iPhone OS 16_1_1 like Mac OS X) AppleWebKit/605.1.15 (KHTML, like Gecko) Version/16.1 Mobile/15E148 Safari/604.1" "ysfine.com"
67.69.69.18 - - [21/Feb/2023:11:20:10 -0800] "GET /princeton/palmersq11b.jpg HTTP/1.1" 200 36231 "https://ysfine.com/princeton/campus.html" "Mozilla/5.0 (iPhone; CPU iPhone OS 16_1_1 like Mac OS X) AppleWebKit/605.1.15 (KHTML, like Gecko) Version/16.1 Mobile/15E148 Safari/604.1" "ysfine.com"
67.69.69.18 - - [21/Feb/2023:11:20:10 -0800] "GET /princeton/nordisk11b.jpg HTTP/1.1" 200 30945 "https://ysfine.com/princeton/campus.html" "Mozilla/5.0 (iPhone; CPU iPhone OS 16_1_1 like Mac OS X) AppleWebKit/605.1.15 (KHTML, like Gecko) Version/16.1 Mobile/15E148 Safari/604.1" "ysfine.com"
67.69.69.18 - - [21/Feb/2023:11:20:10 -0800] "GET /princeton/annex11b.jpg HTTP/1.1" 200 39639 "https://ysfine.com/princeton/campus.html" "Mozilla/5.0 (iPhone; CPU iPhone OS 16_1_1 like Mac OS X) AppleWebKit/605.1.15 (KHTML, like Gecko) Version/16.1 Mobile/15E148 Safari/604.1" "ysfine.com"
67.69.69.18 - - [21/Feb/2023:11:20:10 -0800] "GET /princeton/hyatt66b.jpg HTTP/1.1" 200 45208 "https://ysfine.com/princeton/campus.html" "Mozilla/5.0 (iPhone; CPU iPhone OS 16_1_1 like Mac OS X) AppleWebKit/605.1.15 (KHTML, like Gecko) Version/16.1 Mobile/15E148 Safari/604.1" "ysfine.com"
67.69.69.18 - - [21/Feb/2023:11:20:10 -0800] "GET /princeton/orren11b.jpg HTTP/1.1" 200 32972 "https://ysfine.com/princeton/campus.html" "Mozilla/5.0 (iPhone; CPU iPhone OS 16_1_1 like Mac OS X) AppleWebKit/605.1.15 (KHTML, like Gecko) Version/16.1 Mobile/15E148 Safari/604.1" "ysfine.com"
67.69.69.18 - - [21/Feb/2023:11:20:10 -0800] "GET /princeton/sabat11b.jpg HTTP/1.1" 200 56760 "https://ysfine.com/princeton/campus.html" "Mozilla/5.0 (iPhone; CPU iPhone OS 16_1_1 like Mac OS X) AppleWebKit/605.1.15 (KHTML, like Gecko) Version/16.1 Mobile/15E148 Safari/604.1" "ysfine.com"
67.69.69.18 - - [21/Feb/2023:11:20:10 -0800] "GET /princeton/nassin05b.jpg HTTP/1.1" 200 45166 "https://ysfine.com/princeton/campus.html" "Mozilla/5.0 (iPhone; CPU iPhone OS 16_1_1 like Mac OS X) AppleWebKit/605.1.15 (KHTML, like Gecko) Version/16.1 Mobile/15E148 Safari/604.1" "ysfine.com"
67.69.69.18 - - [21/Feb/2023:11:20:10 -0800] "GET /princeton/nassinf32b.jpg HTTP/1.1" 200 40214 "https://ysfine.com/princeton/campus.html" "Mozilla/5.0 (iPhone; CPU iPhone OS 16_1_1 like Mac OS X) AppleWebKit/605.1.15 (KHTML, like Gecko) Version/16.1 Mobile/15E148 Safari/604.1" "ysfine.com"
67.69.69.18 - - [21/Feb/2023:11:20:10 -0800] "GET /princeton/mediter22b.jpg HTTP/1.1" 200 34241 "https://ysfine.com/princeton/campus.html" "Mozilla/5.0 (iPhone; CPU iPhone OS 16_1_1 like Mac OS X) AppleWebKit/605.1.15 (KHTML, like Gecko) Version/16.1 Mobile/15E148 Safari/604.1" "ysfine.com"
67.69.69.18 - - [21/Feb/2023:11:20:10 -0800] "GET /princeton/rheepr01b.jpg HTTP/1.1" 200 35236 "https://ysfine.com/princeton/campus.html" "Mozilla/5.0 (iPhone; CPU iPhone OS 16_1_1 like Mac OS X) AppleWebKit/605.1.15 (KHTML, like Gecko) Version/16.1 Mobile/15E148 Safari/604.1" "ysfine.com"
67.69.69.18 - - [21/Feb/2023:11:20:10 -0800] "GET /princeton/pseminary11b.jpg HTTP/1.1" 200 53421 "https://ysfine.com/princeton/campus.html" "Mozilla/5.0 (iPhone; CPU iPhone OS 16_1_1 like Mac OS X) AppleWebKit/605.1.15 (KHTML, like Gecko) Version/16.1 Mobile/15E148 Safari/604.1" "ysfine.com"
67.69.69.18 - - [21/Feb/2023:11:20:10 -0800] "GET /princeton/brooke66b.jpg HTTP/1.1" 200 44674 "https://ysfine.com/princeton/campus.html" "Mozilla/5.0 (iPhone; CPU iPhone OS 16_1_1 like Mac OS X) AppleWebKit/605.1.15 (KHTML, like Gecko) Version/16.1 Mobile/15E148 Safari/604.1" "ysfine.com"
67.69.69.18 - - [21/Feb/2023:11:20:10 -0800] "GET /world/russ/kazan035b.jpg HTTP/1.1" 200 41723 "https://ysfine.com/princeton/campus.html" "Mozilla/5.0 (iPhone; CPU iPhone OS 16_1_1 like Mac OS X) AppleWebKit/605.1.15 (KHTML, like Gecko) Version/16.1 Mobile/15E148 Safari/604.1" "ysfine.com"
51.222.253.4 - - [21/Feb/2023:11:20:36 -0800] "GET /einstein/einbohr.html HTTP/1.1" 200 6142 "-" "Mozilla/5.0 (compatible; AhrefsBot/7.0; +http://ahrefs.com/robot/)" "www.ysfine.com"
51.222.253.1 - - [21/Feb/2023:11:20:37 -0800] "GET /world/scandi/copenf03b.jpg HTTP/1.1" 200 48862 "-" "Mozilla/5.0 (compatible; AhrefsBot/7.0; +http://ahrefs.com/robot/)" "www.ysfine.com"
51.222.253.20 - - [21/Feb/2023:11:20:38 -0800] "GET /einstein/jsbell01b.jpg HTTP/1.1" 200 33090 "-" "Mozilla/5.0 (compatible; AhrefsBot/7.0; +http://ahrefs.com/robot/)" "www.ysfine.com"
51.222.253.7 - - [21/Feb/2023:11:20:38 -0800] "GET /world/scandi/nbi33b.jpg HTTP/1.1" 200 39400 "-" "Mozilla/5.0 (compatible; AhrefsBot/7.0; +http://ahrefs.com/robot/)" "www.ysfine.com"
51.222.253.2 - - [21/Feb/2023:11:20:39 -0800] "GET /world/scandi/nbi09b.jpg HTTP/1.1" 200 57684 "-" "Mozilla/5.0 (compatible; AhrefsBot/7.0; +http://ahrefs.com/robot/)" "www.ysfine.com"
