51.222.253.20 - - [21/Feb/2023:00:31:27 -0800] "GET /world/brit/oxlon03b.jpg HTTP/1.1" 200 49441 "-" "Mozilla/5.0 (compatible; AhrefsBot/7.0; +http://ahrefs.com/robot/)" "www.ysfine.com"
51.222.253.3 - - [21/Feb/2023:00:31:27 -0800] "GET /world/brit/embassy05b.jpg HTTP/1.1" 200 58055 "-" "Mozilla/5.0 (compatible; AhrefsBot/7.0; +http://ahrefs.com/robot/)" "www.ysfine.com"
51.222.253.6 - - [21/Feb/2023:00:31:28 -0800] "GET /world/brit/thames32b.jpg HTTP/1.1" 200 34761 "-" "Mozilla/5.0 (compatible; AhrefsBot/7.0; +http://ahrefs.com/robot/)" "www.ysfine.com"
51.222.253.13 - - [21/Feb/2023:00:31:29 -0800] "GET /world/brit/thames01b.jpg HTTP/1.1" 200 33593 "-" "Mozilla/5.0 (compatible; AhrefsBot/7.0; +http://ahrefs.com/robot/)" "www.ysfine.com"
51.222.253.12 - - [21/Feb/2023:00:31:30 -0800] "GET /world/brit/marble02b.jpg HTTP/1.1" 200 41097 "-" "Mozilla/5.0 (compatible; AhrefsBot/7.0; +http://ahrefs.com/robot/)" "www.ysfine.com"
51.222.253.19 - - [21/Feb/2023:00:31:31 -0800] "GET /world/brit/bucking08b.jpg HTTP/1.1" 200 39839 "-" "Mozilla/5.0 (compatible; AhrefsBot/7.0; +http://ahrefs.com/robot/)" "www.ysfine.com"
51.222.253.11 - - [21/Feb/2023:00:31:32 -0800] "GET /world/brit/oxlon17b.jpg HTTP/1.1" 200 34754 "-" "Mozilla/5.0 (compatible; AhrefsBot/7.0; +http://ahrefs.com/robot/)" "www.ysfine.com"
51.222.253.1 - - [21/Feb/2023:00:31:34 -0800] "GET /world/brit/queensw01b.jpg HTTP/1.1" 200 51888 "-" "Mozilla/5.0 (compatible; AhrefsBot/7.0; +http://ahrefs.com/robot/)" "www.ysfine.com"
51.222.253.8 - - [21/Feb/2023:00:31:35 -0800] "GET /world/brit/stpaul06b.jpg HTTP/1.1" 200 43903 "-" "Mozilla/5.0 (compatible; AhrefsBot/7.0; +http://ahrefs.com/robot/)" "www.ysfine.com"
51.222.253.8 - - [21/Feb/2023:00:31:36 -0800] "GET /world/brit/canary03b.jpg HTTP/1.1" 200 45101 "-" "Mozilla/5.0 (compatible; AhrefsBot/7.0; +http://ahrefs.com/robot/)" "www.ysfine.com"
51.222.253.17 - - [21/Feb/2023:00:31:37 -0800] "GET /world/brit/royalaca02b.jpg HTTP/1.1" 200 44820 "-" "Mozilla/5.0 (compatible; AhrefsBot/7.0; +http://ahrefs.com/robot/)" "www.ysfine.com"
51.222.253.20 - - [21/Feb/2023:00:31:37 -0800] "GET /world/brit/oxlon52b.jpg HTTP/1.1" 200 49979 "-" "Mozilla/5.0 (compatible; AhrefsBot/7.0; +http://ahrefs.com/robot/)" "www.ysfine.com"
51.222.253.20 - - [21/Feb/2023:00:31:37 -0800] "GET /world/brit/tower07b.jpg HTTP/1.1" 200 31379 "-" "Mozilla/5.0 (compatible; AhrefsBot/7.0; +http://ahrefs.com/robot/)" "www.ysfine.com"
51.222.253.17 - - [21/Feb/2023:00:31:38 -0800] "GET /world/brit/cityhall02b.jpg HTTP/1.1" 200 38746 "-" "Mozilla/5.0 (compatible; AhrefsBot/7.0; +http://ahrefs.com/robot/)" "www.ysfine.com"
51.222.253.12 - - [21/Feb/2023:00:31:38 -0800] "GET /world/brit/oxlon65b.jpg HTTP/1.1" 200 41235 "-" "Mozilla/5.0 (compatible; AhrefsBot/7.0; +http://ahrefs.com/robot/)" "www.ysfine.com"
51.222.253.17 - - [21/Feb/2023:00:31:39 -0800] "GET /world/brit/harrod03b.jpg HTTP/1.1" 200 40831 "-" "Mozilla/5.0 (compatible; AhrefsBot/7.0; +http://ahrefs.com/robot/)" "www.ysfine.com"
51.222.253.2 - - [21/Feb/2023:00:31:39 -0800] "GET /world/brit/thames14b.jpg HTTP/1.1" 200 48064 "-" "Mozilla/5.0 (compatible; AhrefsBot/7.0; +http://ahrefs.com/robot/)" "www.ysfine.com"
51.222.253.14 - - [21/Feb/2023:00:31:40 -0800] "GET /world/brit/harrod01b.jpg HTTP/1.1" 200 47844 "-" "Mozilla/5.0 (compatible; AhrefsBot/7.0; +http://ahrefs.com/robot/)" "www.ysfine.com"
51.222.253.12 - - [21/Feb/2023:00:31:40 -0800] "GET /world/brit/imperialc02b.jpg HTTP/1.1" 200 40543 "-" "Mozilla/5.0 (compatible; AhrefsBot/7.0; +http://ahrefs.com/robot/)" "www.ysfine.com"
51.222.253.15 - - [21/Feb/2023:00:31:41 -0800] "GET /world/brit/bank03b.jpg HTTP/1.1" 200 52446 "-" "Mozilla/5.0 (compatible; AhrefsBot/7.0; +http://ahrefs.com/robot/)" "www.ysfine.com"
51.222.253.8 - - [21/Feb/2023:00:31:41 -0800] "GET /world/brit/oxlon23b.jpg HTTP/1.1" 200 43030 "-" "Mozilla/5.0 (compatible; AhrefsBot/7.0; +http://ahrefs.com/robot/)" "www.ysfine.com"
51.222.253.9 - - [21/Feb/2023:00:31:41 -0800] "GET /world/brit/firew04b.jpg HTTP/1.1" 200 27084 "-" "Mozilla/5.0 (compatible; AhrefsBot/7.0; +http://ahrefs.com/robot/)" "www.ysfine.com"
51.222.253.4 - - [21/Feb/2023:00:31:42 -0800] "GET /world/brit/picca11b.jpg HTTP/1.1" 200 49712 "-" "Mozilla/5.0 (compatible; AhrefsBot/7.0; +http://ahrefs.com/robot/)" "www.ysfine.com"
51.222.253.8 - - [21/Feb/2023:00:31:42 -0800] "GET /world/brit/imperialc09b.jpg HTTP/1.1" 200 33356 "-" "Mozilla/5.0 (compatible; AhrefsBot/7.0; +http://ahrefs.com/robot/)" "www.ysfine.com"
116.179.32.232 - - [21/Feb/2023:00:33:05 -0800] "GET /maga/twobytwo.html HTTP/1.1" 200 1998 "-" "Mozilla/5.0 (compatible; Baiduspider/2.0; +http://www.baidu.com/search/spider.html)" "ysfine.com"
220.181.108.147 - - [21/Feb/2023:00:33:06 -0800] "GET /maga/schroedinger.html HTTP/1.1" 200 6325 "-" "Mozilla/5.0 (compatible; Baiduspider/2.0; +http://www.baidu.com/search/spider.html)" "ysfine.com"
116.179.37.172 - - [21/Feb/2023:00:33:06 -0800] "GET /maga/phys/ellipse77b.jpg HTTP/1.1" 200 16161 "https://ysfine.com/maga/twobytwo.html" "Mozilla/5.0 (compatible; Baiduspider-render/2.0; +http://www.baidu.com/search/spider.html)" "ysfine.com"
116.179.37.99 - - [21/Feb/2023:00:33:06 -0800] "GET /maga/phys/ellipse77c.jpg HTTP/1.1" 200 15950 "https://ysfine.com/maga/twobytwo.html" "Mozilla/5.0 (compatible; Baiduspider-render/2.0; +http://www.baidu.com/search/spider.html)" "ysfine.com"
116.179.37.204 - - [21/Feb/2023:00:33:06 -0800] "GET /maga/phys/ellipse77a.jpg HTTP/1.1" 200 16686 "https://ysfine.com/maga/twobytwo.html" "Mozilla/5.0 (compatible; Baiduspider-render/2.0; +http://www.baidu.com/search/spider.html)" "ysfine.com"
116.179.37.114 - - [21/Feb/2023:00:33:09 -0800] "GET /maga/phys/schrod00b.jpg HTTP/1.1" 200 49237 "https://ysfine.com/maga/schroedinger.html" "Mozilla/5.0 (compatible; Baiduspider-render/2.0; +http://www.baidu.com/search/spider.html)" "ysfine.com"
116.179.37.228 - - [21/Feb/2023:00:33:09 -0800] "GET /maga/phil/freud2.jpg HTTP/1.1" 200 40482 "https://ysfine.com/maga/schroedinger.html" "Mozilla/5.0 (compatible; Baiduspider-render/2.0; +http://www.baidu.com/search/spider.html)" "ysfine.com"
116.179.37.56 - - [21/Feb/2023:00:33:09 -0800] "GET /style/vienopera11b.jpg HTTP/1.1" 200 44505 "https://ysfine.com/maga/schroedinger.html" "Mozilla/5.0 (compatible; Baiduspider-render/2.0; +http://www.baidu.com/search/spider.html)" "ysfine.com"
116.179.37.56 - - [21/Feb/2023:00:33:09 -0800] "GET /wigner/weiss11b.jpg HTTP/1.1" 200 33141 "https://ysfine.com/maga/schroedinger.html" "Mozilla/5.0 (compatible; Baiduspider-render/2.0; +http://www.baidu.com/search/spider.html)" "ysfine.com"
116.179.37.246 - - [21/Feb/2023:00:33:09 -0800] "GET /maga/phys/schrod11b.jpg HTTP/1.1" 200 36796 "https://ysfine.com/maga/schroedinger.html" "Mozilla/5.0 (compatible; Baiduspider-render/2.0; +http://www.baidu.com/search/spider.html)" "ysfine.com"
116.179.37.212 - - [21/Feb/2023:00:33:09 -0800] "GET /style/schonbr22b.jpg HTTP/1.1" 200 45463 "https://ysfine.com/maga/schroedinger.html" "Mozilla/5.0 (compatible; Baiduspider-render/2.0; +http://www.baidu.com/search/spider.html)" "ysfine.com"
116.179.37.212 - - [21/Feb/2023:00:33:09 -0800] "GET /world/germany/vienna07b.jpg HTTP/1.1" 200 42124 "https://ysfine.com/maga/schroedinger.html" "Mozilla/5.0 (compatible; Baiduspider-render/2.0; +http://www.baidu.com/search/spider.html)" "ysfine.com"
116.179.37.251 - - [21/Feb/2023:00:33:09 -0800] "GET /maga/boltz/boltz11b.jpg HTTP/1.1" 200 30538 "https://ysfine.com/maga/schroedinger.html" "Mozilla/5.0 (compatible; Baiduspider-render/2.0; +http://www.baidu.com/search/spider.html)" "ysfine.com"
116.179.37.224 - - [21/Feb/2023:00:33:09 -0800] "GET /style/augustiner11b.jpg HTTP/1.1" 200 39308 "https://ysfine.com/maga/schroedinger.html" "Mozilla/5.0 (compatible; Baiduspider-render/2.0; +http://www.baidu.com/search/spider.html)" "ysfine.com"
116.179.37.80 - - [21/Feb/2023:00:33:09 -0800] "GET /maga/phys/schrod22b.jpg HTTP/1.1" 200 25954 "https://ysfine.com/maga/schroedinger.html" "Mozilla/5.0 (compatible; Baiduspider-render/2.0; +http://www.baidu.com/search/spider.html)" "ysfine.com"
116.179.37.11 - - [21/Feb/2023:00:33:09 -0800] "GET /people/zeilinger2.jpg HTTP/1.1" 200 30410 "https://ysfine.com/maga/schroedinger.html" "Mozilla/5.0 (compatible; Baiduspider-render/2.0; +http://www.baidu.com/search/spider.html)" "ysfine.com"
51.222.253.3 - - [21/Feb/2023:00:34:36 -0800] "GET /fbook/phys.html HTTP/1.1" 200 3425 "-" "Mozilla/5.0 (compatible; AhrefsBot/7.0; +http://ahrefs.com/robot/)" "ysfine.com"
51.222.253.5 - - [21/Feb/2023:00:34:40 -0800] "GET /home/wsj21a.jpg HTTP/1.1" 200 118092 "-" "Mozilla/5.0 (compatible; AhrefsBot/7.0; +http://ahrefs.com/robot/)" "ysfine.com"
51.222.253.7 - - [21/Feb/2023:00:34:41 -0800] "GET /eink/pwk19a.jpg HTTP/1.1" 200 219122 "-" "Mozilla/5.0 (compatible; AhrefsBot/7.0; +http://ahrefs.com/robot/)" "ysfine.com"
51.222.253.14 - - [21/Feb/2023:00:34:42 -0800] "GET /fbook/rheepr01c.jpg HTTP/1.1" 200 33538 "-" "Mozilla/5.0 (compatible; AhrefsBot/7.0; +http://ahrefs.com/robot/)" "ysfine.com"
51.222.253.7 - - [21/Feb/2023:00:34:42 -0800] "GET /awards/marq20a.jpg HTTP/1.1" 200 108224 "-" "Mozilla/5.0 (compatible; AhrefsBot/7.0; +http://ahrefs.com/robot/)" "ysfine.com"
51.222.253.4 - - [21/Feb/2023:00:34:43 -0800] "GET /fbook/pdugard17a.jpg HTTP/1.1" 200 92844 "-" "Mozilla/5.0 (compatible; AhrefsBot/7.0; +http://ahrefs.com/robot/)" "ysfine.com"
51.222.253.17 - - [21/Feb/2023:00:34:44 -0800] "GET /einstein/einbohr55a.jpg HTTP/1.1" 200 107592 "-" "Mozilla/5.0 (compatible; AhrefsBot/7.0; +http://ahrefs.com/robot/)" "ysfine.com"
51.222.253.19 - - [21/Feb/2023:00:34:52 -0800] "GET /fbook/feygell66c.jpg HTTP/1.1" 200 34134 "-" "Mozilla/5.0 (compatible; AhrefsBot/7.0; +http://ahrefs.com/robot/)" "ysfine.com"
51.222.253.4 - - [21/Feb/2023:00:34:52 -0800] "GET /eink/parton33a.jpg HTTP/1.1" 200 66275 "-" "Mozilla/5.0 (compatible; AhrefsBot/7.0; +http://ahrefs.com/robot/)" "ysfine.com"
51.222.253.2 - - [21/Feb/2023:00:34:53 -0800] "GET /awards/top100a.jpg HTTP/1.1" 200 134592 "-" "Mozilla/5.0 (compatible; AhrefsBot/7.0; +http://ahrefs.com/robot/)" "ysfine.com"
51.222.253.20 - - [21/Feb/2023:00:34:53 -0800] "GET /fbook/ysrhee33c.jpg HTTP/1.1" 200 26817 "-" "Mozilla/5.0 (compatible; AhrefsBot/7.0; +http://ahrefs.com/robot/)" "ysfine.com"
51.222.253.19 - - [21/Feb/2023:00:34:54 -0800] "GET /fbook/comet50a.jpg HTTP/1.1" 200 75456 "-" "Mozilla/5.0 (compatible; AhrefsBot/7.0; +http://ahrefs.com/robot/)" "ysfine.com"
51.222.253.1 - - [21/Feb/2023:00:34:54 -0800] "GET /eink/evol77c.jpg HTTP/1.1" 200 51514 "-" "Mozilla/5.0 (compatible; AhrefsBot/7.0; +http://ahrefs.com/robot/)" "ysfine.com"
51.222.253.5 - - [21/Feb/2023:00:34:54 -0800] "GET /fbook/ewk86a.jpg HTTP/1.1" 200 86008 "-" "Mozilla/5.0 (compatible; AhrefsBot/7.0; +http://ahrefs.com/robot/)" "ysfine.com"
51.222.253.2 - - [21/Feb/2023:00:34:55 -0800] "GET /fbook/dirhegel11c.jpg HTTP/1.1" 200 35400 "-" "Mozilla/5.0 (compatible; AhrefsBot/7.0; +http://ahrefs.com/robot/)" "ysfine.com"
51.222.253.13 - - [21/Feb/2023:00:34:55 -0800] "GET /fbook/canal33a.jpg HTTP/1.1" 200 72942 "-" "Mozilla/5.0 (compatible; AhrefsBot/7.0; +http://ahrefs.com/robot/)" "ysfine.com"
51.222.253.9 - - [21/Feb/2023:00:34:56 -0800] "GET /fbook/further22a.jpg HTTP/1.1" 200 94030 "-" "Mozilla/5.0 (compatible; AhrefsBot/7.0; +http://ahrefs.com/robot/)" "ysfine.com"
51.222.253.9 - - [21/Feb/2023:00:34:56 -0800] "GET /fbook/osaka128c.jpg HTTP/1.1" 200 45106 "-" "Mozilla/5.0 (compatible; AhrefsBot/7.0; +http://ahrefs.com/robot/)" "ysfine.com"
115.66.29.50 - - [21/Feb/2023:00:35:14 -0800] "GET /princeton/brooke88.jpg HTTP/1.1" 200 82208 "https://www.google.com/" "Mozilla/5.0 (Windows NT 10.0; Win64; x64) AppleWebKit/537.36 (KHTML, like Gecko) Chrome/110.0.0.0 Safari/537.36" "ysfine.com"
64.124.8.57 - - [21/Feb/2023:00:36:11 -0800] "GET /world/russ/khabarovsk11.jpg HTTP/1.1" 200 63033 "-" "Mozilla/5.0 (Macintosh; Intel Mac OS X 10_15_7) AppleWebKit/537.36 (KHTML, like Gecko) Chrome/107.0.0.0 Safari/537.36" "ysfine.com"
64.124.8.53 - - [21/Feb/2023:00:36:35 -0800] "GET /style/music/spbm02.jpg HTTP/1.1" 200 143388 "-" "Mozilla/5.0 (Macintosh; Intel Mac OS X 10_15_7) AppleWebKit/537.36 (KHTML, like Gecko) Chrome/107.0.0.0 Safari/537.36" "ysfine.com"
64.124.8.52 - - [21/Feb/2023:00:36:53 -0800] "GET /ysbio/newyork/colum02.jpg HTTP/1.1" 404 88 "-" "Mozilla/5.0 (Macintosh; Intel Mac OS X 10_15_7) AppleWebKit/537.36 (KHTML, like Gecko) Chrome/107.0.0.0 Safari/537.36" "ysfine.com"
51.222.253.4 - - [21/Feb/2023:00:37:44 -0800] "GET /maga/herod HTTP/1.1" 200 4341 "-" "Mozilla/5.0 (compatible; AhrefsBot/7.0; +http://ahrefs.com/robot/)" "ysfine.com"
64.124.8.57 - - [21/Feb/2023:00:38:12 -0800] "GET /world/russ/spbf16.jpg HTTP/1.1" 200 133804 "-" "Mozilla/5.0 (Macintosh; Intel Mac OS X 10_15_7) AppleWebKit/537.36 (KHTML, like Gecko) Chrome/107.0.0.0 Safari/537.36" "www.ysfine.com"
114.119.143.119 - - [21/Feb/2023:00:38:58 -0800] "GET /world/russ/tashkent33.jpg HTTP/1.1" 200 119691 "https://ysfine.com/friends/garden.html" "Mozilla/5.0 (Linux; Android 7.0;) AppleWebKit/537.36 (KHTML, like Gecko) Mobile Safari/537.36 (compatible; PetalBot;+https://webmaster.petalsearch.com/site/petalbot)" "ysfine.com"
193.186.4.158 - - [21/Feb/2023:00:39:39 -0800] "GET /world/brit/etonharrow.html HTTP/1.1" 200 4544 "-" "Mozilla/5.0 (Linux; Android 10; K) AppleWebKit/537.36 (KHTML, like Gecko) Chrome/110.0.0.0 Mobile Safari/537.36" "ysfine.com"
207.46.13.218 - - [21/Feb/2023:00:39:54 -0800] "GET /world/poland/krch04.jpg HTTP/1.1" 200 113514 "-" "Mozilla/5.0 AppleWebKit/537.36 (KHTML, like Gecko; compatible; bingbot/2.0; +http://www.bing.com/bingbot.htm) Chrome/103.0.5060.134 Safari/537.36" "ysfine.com"
17.241.227.157 - - [21/Feb/2023:00:40:07 -0800] "GET /bio06.html HTTP/1.1" 200 14678 "-" "Mozilla/5.0 (Macintosh; Intel Mac OS X 10_15_5) AppleWebKit/605.1.15 (KHTML, like Gecko) Version/13.1.1 Safari/605.1.15 (Applebot/0.1; +http://www.apple.com/go/applebot)" "ysfine.com"
52.167.144.35 - - [21/Feb/2023:00:40:07 -0800] "GET /bio/style/artlove.html HTTP/1.1" 404 88 "-" "Mozilla/5.0 AppleWebKit/537.36 (KHTML, like Gecko; compatible; bingbot/2.0; +http://www.bing.com/bingbot.htm) Chrome/103.0.5060.134 Safari/537.36" "ysfine.com"
133.23.3.58 - - [21/Feb/2023:00:40:33 -0800] "GET /maga/phys/yukawa00.jpg HTTP/1.1" 200 84885 "https://www.google.com/" "Mozilla/5.0 (Macintosh; Intel Mac OS X 10_15_7) AppleWebKit/605.1.15 (KHTML, like Gecko) Version/15.6.1 Safari/605.1.15" "ysfine.com"
133.23.3.58 - - [21/Feb/2023:00:40:36 -0800] "GET /people/markov84.jpg HTTP/1.1" 200 101065 "https://www.google.com/" "Mozilla/5.0 (Macintosh; Intel Mac OS X 10_15_7) AppleWebKit/605.1.15 (KHTML, like Gecko) Version/15.6.1 Safari/605.1.15" "ysfine.com"
52.167.144.62 - - [21/Feb/2023:00:40:43 -0800] "GET /world/germany/aachen03.jpg HTTP/1.1" 200 122549 "-" "Mozilla/5.0 AppleWebKit/537.36 (KHTML, like Gecko; compatible; bingbot/2.0; +http://www.bing.com/bingbot.htm) Chrome/103.0.5060.134 Safari/537.36" "ysfine.com"
52.167.144.62 - - [21/Feb/2023:00:41:03 -0800] "GET /fbook/hochiminh33.jpg HTTP/1.1" 200 218165 "-" "Mozilla/5.0 AppleWebKit/537.36 (KHTML, like Gecko; compatible; bingbot/2.0; +http://www.bing.com/bingbot.htm) Chrome/103.0.5060.134 Safari/537.36" "ysfine.com"
103.150.211.18 - - [21/Feb/2023:00:41:03 -0800] "GET /style/shops.html HTTP/1.1" 200 2829 "-" "Mozilla/5.0 (Windows NT 10.0; WOW64) AppleWebKit/537.36 (KHTML, like Gecko) Chrome/51.0.2704.103 Safari/537.36" "ysfine.com"
103.150.211.18 - - [21/Feb/2023:00:41:04 -0800] "GET /style/shops.html HTTP/1.1" 200 2829 "-" "Mozilla/5.0 (Windows NT 10.0; WOW64) AppleWebKit/537.36 (KHTML, like Gecko) Chrome/51.0.2704.103 Safari/537.36" "ysfine.com"
51.222.253.3 - - [21/Feb/2023:00:41:12 -0800] "GET /class54/class5470/total_data/sub_533.htm HTTP/1.1" 200 3212 "-" "Mozilla/5.0 (compatible; AhrefsBot/7.0; +http://ahrefs.com/robot/)" "ysfine.com"
52.167.144.35 - - [21/Feb/2023:00:41:37 -0800] "GET /bio/kobak/yskor.html HTTP/1.1" 404 88 "-" "Mozilla/5.0 AppleWebKit/537.36 (KHTML, like Gecko; compatible; bingbot/2.0; +http://www.bing.com/bingbot.htm) Chrome/103.0.5060.134 Safari/537.36" "ysfine.com"
64.124.8.52 - - [21/Feb/2023:00:41:37 -0800] "GET /world/france/champ1202.jpg HTTP/1.1" 200 78526 "-" "Mozilla/5.0 (Macintosh; Intel Mac OS X 10_15_7) AppleWebKit/537.36 (KHTML, like Gecko) Chrome/107.0.0.0 Safari/537.36" "www.ysfine.com"
64.124.8.52 - - [21/Feb/2023:00:41:38 -0800] "GET /ysbio/kobak/somap38.jpg HTTP/1.1" 404 88 "-" "Mozilla/5.0 (Macintosh; Intel Mac OS X 10_15_7) AppleWebKit/537.36 (KHTML, like Gecko) Chrome/107.0.0.0 Safari/537.36" "ysfine.com"
64.124.8.57 - - [21/Feb/2023:00:42:23 -0800] "GET /eink/eink52.jpg HTTP/1.1" 200 130573 "-" "Mozilla/5.0 (Macintosh; Intel Mac OS X 10_15_7) AppleWebKit/537.36 (KHTML, like Gecko) Chrome/107.0.0.0 Safari/537.36" "ysfine.com"
40.77.167.211 - - [21/Feb/2023:00:42:40 -0800] "GET /wigner/noah02c.jpg HTTP/1.1" 200 72680 "-" "Mozilla/5.0 AppleWebKit/537.36 (KHTML, like Gecko; compatible; bingbot/2.0; +http://www.bing.com/bingbot.htm) Chrome/103.0.5060.134 Safari/537.36" "ysfine.com"
165.227.180.180 - - [21/Feb/2023:00:43:47 -0800] "GET / HTTP/1.1" 200 15915 "-" "Mozlila/5.0 (Linux; Android 7.0; SM-G892A Bulid/NRD90M; wv) AppleWebKit/537.36 (KHTML, like Gecko) Version/4.0 Chrome/60.0.3112.107 Moblie Safari/537.36" "ysfine.com"
165.227.180.180 - - [21/Feb/2023:00:43:49 -0800] "GET /wp-content/themes/seotheme/db.php?u HTTP/1.1" 404 73 "www.google.com" "Mozlila/5.0 (Linux; Android 7.0; SM-G892A Bulid/NRD90M; wv) AppleWebKit/537.36 (KHTML, like Gecko) Version/4.0 Chrome/60.0.3112.107 Moblie Safari/537.36" "ysfine.com"
165.227.180.180 - - [21/Feb/2023:00:43:50 -0800] "GET /wp-content/themes/seotheme/db.php?u HTTP/1.1" 404 73 "www.google.com" "Mozlila/5.0 (Linux; Android 7.0; SM-G892A Bulid/NRD90M; wv) AppleWebKit/537.36 (KHTML, like Gecko) Version/4.0 Chrome/60.0.3112.107 Moblie Safari/537.36" "ysfine.com"
123.125.109.62 - - [21/Feb/2023:00:43:53 -0800] "GET / HTTP/1.1" 200 5295 "-" "Sogou web spider/4.0(+http://www.sogou.com/docs/help/webmasters.htm#07)" "ysfine.com"
165.227.180.180 - - [21/Feb/2023:00:43:59 -0800] "POST /wp-plain.php HTTP/1.1" 404 73 "www.google.com" "Mozilla/5.0 (Linux; Android 7.0; SM-G892A Bulid/NRD90M; wv) AppleWebKit/537.36 (KHTML, like Gecko) Version/4.0 Chrome/60.0.3112.107 Moblie Safari/537.36" "ysfine.com"
165.227.180.180 - - [21/Feb/2023:00:44:03 -0800] "POST /ALFA_DATA/alfacgiapi/perl.alfa HTTP/1.1" 404 73 "www.google.com" "Mozlila/5.0 (Linux; Android 7.0; SM-G892A Bulid/NRD90M; wv) AppleWebKit/537.36 (KHTML, like Gecko) Version/4.0 Chrome/60.0.3112.107 Moblie Safari/537.36" "ysfine.com"
165.227.180.180 - - [21/Feb/2023:00:44:03 -0800] "POST /alfacgiapi/perl.alfa HTTP/1.1" 404 73 "www.google.com" "Mozlila/5.0 (Linux; Android 7.0; SM-G892A Bulid/NRD90M; wv) AppleWebKit/537.36 (KHTML, like Gecko) Version/4.0 Chrome/60.0.3112.107 Moblie Safari/537.36" "ysfine.com"
165.227.180.180 - - [21/Feb/2023:00:44:07 -0800] "GET /ajsfmgub.php?Fox=d3wL7 HTTP/1.1" 404 73 "www.google.com" "Mozilla/5.0 (Linux; Android 7.0; SM-G892A Bulid/NRD90M; wv) AppleWebKit/537.36 (KHTML, like Gecko) Version/4.0 Chrome/60.0.3112.107 Moblie Safari/537.36" "ysfine.com"
51.222.253.8 - - [21/Feb/2023:00:44:32 -0800] "GET /class54/class5470/total_data/sub_534.htm HTTP/1.1" 200 3212 "-" "Mozilla/5.0 (compatible; AhrefsBot/7.0; +http://ahrefs.com/robot/)" "ysfine.com"
64.124.8.49 - - [21/Feb/2023:00:44:41 -0800] "GET /newyork/colum07.jpg HTTP/1.1" 200 117356 "-" "Mozilla/5.0 (Macintosh; Intel Mac OS X 10_15_7) AppleWebKit/537.36 (KHTML, like Gecko) Chrome/107.0.0.0 Safari/537.36" "ysfine.com"
66.249.70.4 - - [21/Feb/2023:00:45:10 -0800] "GET /robots.txt HTTP/1.1" 404 88 "-" "Mozilla/5.0 (compatible; Googlebot/2.1; +http://www.google.com/bot.html)" "ysfine.com"
66.249.89.63 - - [21/Feb/2023:00:45:10 -0800] "GET /einstein/places/ulm04.jpg HTTP/1.1" 200 119116 "-" "Mozilla/5.0 (Macintosh; Intel Mac OS X 10_8_4) AppleWebKit/537.36 (KHTML, like Gecko) Chrome/28.0.1500.71 Safari/537.36" "ysfine.com"
66.249.89.37 - - [21/Feb/2023:00:45:10 -0800] "GET /einstein/places/ulm04.jpg HTTP/1.1" 200 119116 "-" "Mozilla/5.0 (Macintosh; Intel Mac OS X 10_8_4) AppleWebKit/537.36 (KHTML, like Gecko) Chrome/28.0.1500.71 Safari/537.36" "ysfine.com"
66.249.89.63 - - [21/Feb/2023:00:45:11 -0800] "GET /einstein/places/ulm04.jpg HTTP/1.1" 200 119116 "-" "Mozilla/5.0 (Macintosh; Intel Mac OS X 10_8_4) AppleWebKit/537.36 (KHTML, like Gecko) Chrome/28.0.1500.71 Safari/537.36" "ysfine.com"
66.249.89.34 - - [21/Feb/2023:00:45:11 -0800] "GET /einstein/places/ulm04.jpg HTTP/1.1" 200 119116 "-" "Mozilla/5.0 (Macintosh; Intel Mac OS X 10_8_4) AppleWebKit/537.36 (KHTML, like Gecko) Chrome/28.0.1500.71 Safari/537.36" "ysfine.com"
40.77.167.211 - - [21/Feb/2023:00:46:10 -0800] "GET /bio/wigner/e(2).html HTTP/1.1" 404 88 "-" "Mozilla/5.0 AppleWebKit/537.36 (KHTML, like Gecko; compatible; bingbot/2.0; +http://www.bing.com/bingbot.htm) Chrome/103.0.5060.134 Safari/537.36" "ysfine.com"
52.167.144.62 - - [21/Feb/2023:00:46:53 -0800] "GET /world/russ/spbf26.jpg HTTP/1.1" 200 142034 "-" "Mozilla/5.0 AppleWebKit/537.36 (KHTML, like Gecko; compatible; bingbot/2.0; +http://www.bing.com/bingbot.htm) Chrome/103.0.5060.134 Safari/537.36" "ysfine.com"
207.46.13.220 - - [21/Feb/2023:00:46:58 -0800] "GET /style/musee/orsaym39.jpg HTTP/1.1" 200 164785 "-" "Mozilla/5.0 AppleWebKit/537.36 (KHTML, like Gecko; compatible; bingbot/2.0; +http://www.bing.com/bingbot.htm) Chrome/103.0.5060.134 Safari/537.36" "ysfine.com"
64.124.8.28 - - [21/Feb/2023:00:47:03 -0800] "GET /world/scandi/norw24.jpg HTTP/1.1" 200 97560 "-" "Mozilla/5.0 (Macintosh; Intel Mac OS X 10_15_7) AppleWebKit/537.36 (KHTML, like Gecko) Chrome/107.0.0.0 Safari/537.36" "ysfine.com"
52.167.144.62 - - [21/Feb/2023:00:47:34 -0800] "GET /ysbio/sbk/2014dan12.jpg HTTP/1.1" 404 88 "-" "Mozilla/5.0 AppleWebKit/537.36 (KHTML, like Gecko; compatible; bingbot/2.0; +http://www.bing.com/bingbot.htm) Chrome/103.0.5060.134 Safari/537.36" "ysfine.com"
51.222.253.10 - - [21/Feb/2023:00:48:07 -0800] "GET /kobak/rheetr.html HTTP/1.1" 200 838 "-" "Mozilla/5.0 (compatible; AhrefsBot/7.0; +http://ahrefs.com/robot/)" "ysfine.com"
52.167.144.35 - - [21/Feb/2023:00:49:58 -0800] "GET /ysbio/philo/emc/fparton.html HTTP/1.1" 404 88 "-" "Mozilla/5.0 AppleWebKit/537.36 (KHTML, like Gecko; compatible; bingbot/2.0; +http://www.bing.com/bingbot.htm) Chrome/103.0.5060.134 Safari/537.36" "ysfine.com"
64.124.8.55 - - [21/Feb/2023:00:50:27 -0800] "GET /world/latina/rio020.jpg HTTP/1.1" 200 60738 "-" "Mozilla/5.0 (Macintosh; Intel Mac OS X 10_15_7) AppleWebKit/537.36 (KHTML, like Gecko) Chrome/107.0.0.0 Safari/537.36" "ysfine.com"
157.55.39.206 - - [21/Feb/2023:00:51:20 -0800] "GET /kowar/tanks/tank05c.jpg HTTP/1.1" 200 33583 "-" "Mozilla/5.0 AppleWebKit/537.36 (KHTML, like Gecko; compatible; bingbot/2.0; +http://www.bing.com/bingbot.htm) Chrome/103.0.5060.134 Safari/537.36" "www.ysfine.com"
66.249.89.34 - - [21/Feb/2023:00:51:36 -0800] "GET /einstein/places/ulm04.jpg HTTP/1.1" 200 119116 "-" "Mozilla/5.0 (Macintosh; Intel Mac OS X 10_8_4) AppleWebKit/537.36 (KHTML, like Gecko) Chrome/28.0.1500.71 Safari/537.36" "ysfine.com"
66.249.89.37 - - [21/Feb/2023:00:51:36 -0800] "GET /einstein/places/ulm04.jpg HTTP/1.1" 200 119116 "-" "Mozilla/5.0 (Macintosh; Intel Mac OS X 10_8_4) AppleWebKit/537.36 (KHTML, like Gecko) Chrome/28.0.1500.71 Safari/537.36" "ysfine.com"
51.222.253.18 - - [21/Feb/2023:00:51:50 -0800] "GET /class54/class5470/total_data/sub_519.htm HTTP/1.1" 200 3212 "-" "Mozilla/5.0 (compatible; AhrefsBot/7.0; +http://ahrefs.com/robot/)" "ysfine.com"
40.77.167.211 - - [21/Feb/2023:00:52:30 -0800] "GET /world/china/china015.jpg HTTP/1.1" 200 208572 "-" "Mozilla/5.0 AppleWebKit/537.36 (KHTML, like Gecko; compatible; bingbot/2.0; +http://www.bing.com/bingbot.htm) Chrome/103.0.5060.134 Safari/537.36" "ysfine.com"
150.66.184.230 - - [21/Feb/2023:00:52:31 -0800] "GET /kobak/rheetr11b.jpg HTTP/1.1" 200 43503 "https://www.google.com/" "Mozilla/5.0 (Windows NT 10.0; Win64; x64) AppleWebKit/537.36 (KHTML, like Gecko) Chrome/109.0.0.0 Safari/537.36" "ysfine.com"
150.66.184.230 - - [21/Feb/2023:00:52:32 -0800] "GET /kowar/photos/eisenhower22.jpg HTTP/1.1" 200 115030 "https://www.google.com/" "Mozilla/5.0 (Windows NT 10.0; Win64; x64) AppleWebKit/537.36 (KHTML, like Gecko) Chrome/109.0.0.0 Safari/537.36" "ysfine.com"
52.167.144.35 - - [21/Feb/2023:00:52:38 -0800] "GET /wigner/maxwig44c.jpg HTTP/1.1" 200 44966 "-" "Mozilla/5.0 AppleWebKit/537.36 (KHTML, like Gecko; compatible; bingbot/2.0; +http://www.bing.com/bingbot.htm) Chrome/103.0.5060.134 Safari/537.36" "ysfine.com"
64.124.8.56 - - [21/Feb/2023:00:54:22 -0800] "GET /princeton/denuzio.jpg HTTP/1.1" 200 80948 "-" "Mozilla/5.0 (Macintosh; Intel Mac OS X 10_15_7) AppleWebKit/537.36 (KHTML, like Gecko) Chrome/107.0.0.0 Safari/537.36" "ysfine.com"
66.249.89.37 - - [21/Feb/2023:00:54:37 -0800] "GET /einstein/places/ulm04.jpg HTTP/1.1" 200 119116 "-" "Mozilla/5.0 (Macintosh; Intel Mac OS X 10_8_4) AppleWebKit/537.36 (KHTML, like Gecko) Chrome/28.0.1500.71 Safari/537.36" "ysfine.com"
66.249.89.63 - - [21/Feb/2023:00:54:37 -0800] "GET /einstein/places/ulm04.jpg HTTP/1.1" 200 119116 "-" "Mozilla/5.0 (Macintosh; Intel Mac OS X 10_8_4) AppleWebKit/537.36 (KHTML, like Gecko) Chrome/28.0.1500.71 Safari/537.36" "ysfine.com"
66.249.89.63 - - [21/Feb/2023:00:54:54 -0800] "GET /einstein/places/ulm04.jpg HTTP/1.1" 200 119116 "-" "Mozilla/5.0 (Macintosh; Intel Mac OS X 10_8_4) AppleWebKit/537.36 (KHTML, like Gecko) Chrome/28.0.1500.71 Safari/537.36" "ysfine.com"
66.249.89.63 - - [21/Feb/2023:00:54:54 -0800] "GET /einstein/places/ulm04.jpg HTTP/1.1" 200 119116 "-" "Mozilla/5.0 (Macintosh; Intel Mac OS X 10_8_4) AppleWebKit/537.36 (KHTML, like Gecko) Chrome/28.0.1500.71 Safari/537.36" "ysfine.com"
66.249.89.34 - - [21/Feb/2023:00:54:55 -0800] "GET /einstein/places/ulm04.jpg HTTP/1.1" 200 119116 "-" "Mozilla/5.0 (Macintosh; Intel Mac OS X 10_8_4) AppleWebKit/537.36 (KHTML, like Gecko) Chrome/28.0.1500.71 Safari/537.36" "ysfine.com"
66.249.89.34 - - [21/Feb/2023:00:54:55 -0800] "GET /einstein/places/ulm04.jpg HTTP/1.1" 200 119116 "-" "Mozilla/5.0 (Macintosh; Intel Mac OS X 10_8_4) AppleWebKit/537.36 (KHTML, like Gecko) Chrome/28.0.1500.71 Safari/537.36" "ysfine.com"
64.124.8.49 - - [21/Feb/2023:00:54:57 -0800] "GET /ysbio/usca/pitt/knee55.jpg HTTP/1.1" 404 88 "-" "Mozilla/5.0 (Macintosh; Intel Mac OS X 10_15_7) AppleWebKit/537.36 (KHTML, like Gecko) Chrome/107.0.0.0 Safari/537.36" "ysfine.com"
213.180.203.108 - - [21/Feb/2023:00:55:20 -0800] "GET /robots.txt HTTP/1.1" 404 73 "-" "Mozilla/5.0 (compatible; YandexBot/3.0; +http://yandex.com/bots)" "www.ysfine.com"
51.222.253.13 - - [21/Feb/2023:00:55:22 -0800] "GET /class54/class5470/total_data/sub_520.htm HTTP/1.1" 200 3212 "-" "Mozilla/5.0 (compatible; AhrefsBot/7.0; +http://ahrefs.com/robot/)" "ysfine.com"
66.249.89.34 - - [21/Feb/2023:00:55:24 -0800] "GET /einstein/places/ulm04.jpg HTTP/1.1" 200 119116 "-" "Mozilla/5.0 (Macintosh; Intel Mac OS X 10_8_4) AppleWebKit/537.36 (KHTML, like Gecko) Chrome/28.0.1500.71 Safari/537.36" "ysfine.com"
66.249.89.63 - - [21/Feb/2023:00:55:25 -0800] "GET /einstein/places/ulm04.jpg HTTP/1.1" 200 119116 "-" "Mozilla/5.0 (Macintosh; Intel Mac OS X 10_8_4) AppleWebKit/537.36 (KHTML, like Gecko) Chrome/28.0.1500.71 Safari/537.36" "ysfine.com"
66.249.89.37 - - [21/Feb/2023:00:55:25 -0800] "GET /einstein/places/ulm04.jpg HTTP/1.1" 200 119116 "-" "Mozilla/5.0 (Macintosh; Intel Mac OS X 10_8_4) AppleWebKit/537.36 (KHTML, like Gecko) Chrome/28.0.1500.71 Safari/537.36" "ysfine.com"
66.249.89.63 - - [21/Feb/2023:00:55:26 -0800] "GET /einstein/places/ulm04.jpg HTTP/1.1" 200 119116 "-" "Mozilla/5.0 (Macintosh; Intel Mac OS X 10_8_4) AppleWebKit/537.36 (KHTML, like Gecko) Chrome/28.0.1500.71 Safari/537.36" "ysfine.com"
66.249.89.63 - - [21/Feb/2023:00:55:26 -0800] "GET /einstein/places/ulm04.jpg HTTP/1.1" 200 119116 "-" "Mozilla/5.0 (Macintosh; Intel Mac OS X 10_8_4) AppleWebKit/537.36 (KHTML, like Gecko) Chrome/28.0.1500.71 Safari/537.36" "ysfine.com"
64.124.8.28 - - [21/Feb/2023:00:56:14 -0800] "GET /home/comet10.jpg HTTP/1.1" 200 86079 "-" "Mozilla/5.0 (Macintosh; Intel Mac OS X 10_15_7) AppleWebKit/537.36 (KHTML, like Gecko) Chrome/107.0.0.0 Safari/537.36" "www.ysfine.com"
216.244.66.229 - - [21/Feb/2023:00:56:32 -0800] "GET /robots.txt HTTP/1.1" 404 73 "-" "Mozilla/5.0 (compatible; DotBot/1.2; +https://opensiteexplorer.org/dotbot; help@moz.com)" "www.ysfine.com"
216.244.66.229 - - [21/Feb/2023:00:56:32 -0800] "GET /robots.txt HTTP/1.1" 404 73 "-" "Mozilla/5.0 (compatible; DotBot/1.2; +https://opensiteexplorer.org/dotbot; help@moz.com)" "ysfine.com"
207.46.13.220 - - [21/Feb/2023:00:57:09 -0800] "GET /bio/kobak/soraech.html HTTP/1.1" 404 88 "-" "Mozilla/5.0 AppleWebKit/537.36 (KHTML, like Gecko; compatible; bingbot/2.0; +http://www.bing.com/bingbot.htm) Chrome/103.0.5060.134 Safari/537.36" "ysfine.com"
14.139.207.130 - - [21/Feb/2023:00:57:25 -0800] "GET /philo/keigel11.jpg HTTP/1.1" 200 113857 "https://www.google.com/" "Mozilla/5.0 (Windows NT 10.0; Win64; x64) AppleWebKit/537.36 (KHTML, like Gecko) Chrome/110.0.0.0 Safari/537.36" "ysfine.com"
52.167.144.35 - - [21/Feb/2023:00:58:10 -0800] "GET /bio/sbk/1950.html HTTP/1.1" 404 88 "-" "Mozilla/5.0 AppleWebKit/537.36 (KHTML, like Gecko; compatible; bingbot/2.0; +http://www.bing.com/bingbot.htm) Chrome/103.0.5060.134 Safari/537.36" "ysfine.com"
66.249.89.37 - - [21/Feb/2023:00:58:31 -0800] "GET /einstein/places/ulm04.jpg HTTP/1.1" 200 119116 "-" "Mozilla/5.0 (Macintosh; Intel Mac OS X 10_8_4) AppleWebKit/537.36 (KHTML, like Gecko) Chrome/28.0.1500.71 Safari/537.36" "ysfine.com"
66.249.89.63 - - [21/Feb/2023:00:58:31 -0800] "GET /einstein/places/ulm04.jpg HTTP/1.1" 200 119116 "-" "Mozilla/5.0 (Macintosh; Intel Mac OS X 10_8_4) AppleWebKit/537.36 (KHTML, like Gecko) Chrome/28.0.1500.71 Safari/537.36" "ysfine.com"
91.219.254.101 - - [21/Feb/2023:00:58:42 -0800] "GET /robots.txt HTTP/1.1" 404 73 "-" "Mozilla/5.0 (compatible; MJ12bot/v1.4.8; http://mj12bot.com/)" "ysfine.com"
91.219.254.101 - - [21/Feb/2023:00:58:44 -0800] "GET /ysbio/class54/acs/acs17.jpg HTTP/1.1" 404 88 "-" "Mozilla/5.0 (compatible; MJ12bot/v1.4.8; http://mj12bot.com/)" "ysfine.com"
91.219.254.101 - - [21/Feb/2023:00:58:45 -0800] "GET /ysbio/class54/acs/acs68.jpg HTTP/1.1" 404 88 "-" "Mozilla/5.0 (compatible; MJ12bot/v1.4.8; http://mj12bot.com/)" "ysfine.com"
91.219.254.101 - - [21/Feb/2023:00:58:47 -0800] "GET /ysbio/class54/acs/acs75.jpg HTTP/1.1" 404 88 "-" "Mozilla/5.0 (compatible; MJ12bot/v1.4.8; http://mj12bot.com/)" "ysfine.com"
91.219.254.101 - - [21/Feb/2023:00:58:48 -0800] "GET /ysbio/class54/acs/acs96.jpg HTTP/1.1" 404 88 "-" "Mozilla/5.0 (compatible; MJ12bot/v1.4.8; http://mj12bot.com/)" "ysfine.com"
91.219.254.101 - - [21/Feb/2023:00:58:50 -0800] "GET /robots.txt HTTP/1.1" 404 73 "-" "Mozilla/5.0 (compatible; MJ12bot/v1.4.8; http://mj12bot.com/)" "www.ysfine.com"
91.219.254.101 - - [21/Feb/2023:00:58:52 -0800] "GET /ysbio//einstein/ulm.html HTTP/1.1" 404 88 "-" "Mozilla/5.0 (compatible; MJ12bot/v1.4.8; http://mj12bot.com/)" "www.ysfine.com"
64.124.8.55 - - [21/Feb/2023:00:58:53 -0800] "GET /world/germany/tubw01.jpg HTTP/1.1" 200 78900 "-" "Mozilla/5.0 (Macintosh; Intel Mac OS X 10_15_7) AppleWebKit/537.36 (KHTML, like Gecko) Chrome/107.0.0.0 Safari/537.36" "ysfine.com"
91.219.254.101 - - [21/Feb/2023:00:58:53 -0800] "GET /ysbio//world/brit/cam27.pdf HTTP/1.1" 404 88 "-" "Mozilla/5.0 (compatible; MJ12bot/v1.4.8; http://mj12bot.com/)" "www.ysfine.com"
91.219.254.101 - - [21/Feb/2023:00:58:55 -0800] "GET /ysbio/world/brit/cam27.pdf HTTP/1.1" 404 88 "-" "Mozilla/5.0 (compatible; MJ12bot/v1.4.8; http://mj12bot.com/)" "www.ysfine.com"
51.222.253.18 - - [21/Feb/2023:00:58:55 -0800] "GET /world/stuttgart.html HTTP/1.1" 200 4926 "-" "Mozilla/5.0 (compatible; AhrefsBot/7.0; +http://ahrefs.com/robot/)" "ysfine.com"
51.222.253.4 - - [21/Feb/2023:00:58:58 -0800] "GET /world/germany/benz09b.jpg HTTP/1.1" 200 34235 "-" "Mozilla/5.0 (compatible; AhrefsBot/7.0; +http://ahrefs.com/robot/)" "ysfine.com"
51.222.253.9 - - [21/Feb/2023:00:58:59 -0800] "GET /world/germany/hegel01b.jpg HTTP/1.1" 200 31600 "-" "Mozilla/5.0 (compatible; AhrefsBot/7.0; +http://ahrefs.com/robot/)" "ysfine.com"
51.222.253.20 - - [21/Feb/2023:00:58:59 -0800] "GET /world/germany/benz17b.jpg HTTP/1.1" 200 37137 "-" "Mozilla/5.0 (compatible; AhrefsBot/7.0; +http://ahrefs.com/robot/)" "ysfine.com"
51.222.253.18 - - [21/Feb/2023:00:59:00 -0800] "GET /world/france/champbenz05b.jpg HTTP/1.1" 200 49074 "-" "Mozilla/5.0 (compatible; AhrefsBot/7.0; +http://ahrefs.com/robot/)" "ysfine.com"
51.222.253.5 - - [21/Feb/2023:00:59:00 -0800] "GET /world/germany/hegel09b.jpg HTTP/1.1" 200 46010 "-" "Mozilla/5.0 (compatible; AhrefsBot/7.0; +http://ahrefs.com/robot/)" "ysfine.com"
51.222.253.5 - - [21/Feb/2023:00:59:00 -0800] "GET /world/germany/stutt20b.jpg HTTP/1.1" 200 45279 "-" "Mozilla/5.0 (compatible; AhrefsBot/7.0; +http://ahrefs.com/robot/)" "ysfine.com"
51.222.253.16 - - [21/Feb/2023:00:59:02 -0800] "GET /world/germany/hegel21b.jpg HTTP/1.1" 200 52348 "-" "Mozilla/5.0 (compatible; AhrefsBot/7.0; +http://ahrefs.com/robot/)" "ysfine.com"
51.222.253.15 - - [21/Feb/2023:00:59:03 -0800] "GET /world/germany/benz10b.jpg HTTP/1.1" 200 44587 "-" "Mozilla/5.0 (compatible; AhrefsBot/7.0; +http://ahrefs.com/robot/)" "ysfine.com"
51.222.253.16 - - [21/Feb/2023:00:59:04 -0800] "GET /world/germany/benz15b.jpg HTTP/1.1" 200 46279 "-" "Mozilla/5.0 (compatible; AhrefsBot/7.0; +http://ahrefs.com/robot/)" "ysfine.com"
51.222.253.1 - - [21/Feb/2023:00:59:11 -0800] "GET /world/germany/stutt23b.jpg HTTP/1.1" 200 53397 "-" "Mozilla/5.0 (compatible; AhrefsBot/7.0; +http://ahrefs.com/robot/)" "ysfine.com"
51.222.253.7 - - [21/Feb/2023:00:59:12 -0800] "GET /world/germany/stutt07b.jpg HTTP/1.1" 200 49021 "-" "Mozilla/5.0 (compatible; AhrefsBot/7.0; +http://ahrefs.com/robot/)" "ysfine.com"
51.222.253.10 - - [21/Feb/2023:00:59:13 -0800] "GET /world/germany/stutt02b.jpg HTTP/1.1" 200 43242 "-" "Mozilla/5.0 (compatible; AhrefsBot/7.0; +http://ahrefs.com/robot/)" "ysfine.com"
51.222.253.20 - - [21/Feb/2023:00:59:14 -0800] "GET /world/germany/hegel04b.jpg HTTP/1.1" 200 45635 "-" "Mozilla/5.0 (compatible; AhrefsBot/7.0; +http://ahrefs.com/robot/)" "ysfine.com"
51.222.253.11 - - [21/Feb/2023:00:59:14 -0800] "GET /world/germany/benz13b.jpg HTTP/1.1" 200 43607 "-" "Mozilla/5.0 (compatible; AhrefsBot/7.0; +http://ahrefs.com/robot/)" "ysfine.com"
51.222.253.9 - - [21/Feb/2023:00:59:15 -0800] "GET /world/germany/benz22b.jpg HTTP/1.1" 200 31078 "-" "Mozilla/5.0 (compatible; AhrefsBot/7.0; +http://ahrefs.com/robot/)" "ysfine.com"
216.244.66.229 - - [21/Feb/2023:00:59:16 -0800] "GET /home/kobak/taylor.html HTTP/1.1" 404 73 "-" "Mozilla/5.0 (compatible; DotBot/1.2; +https://opensiteexplorer.org/dotbot; help@moz.com)" "ysfine.com"
64.124.8.52 - - [21/Feb/2023:00:59:19 -0800] "GET /world/scandi/sto003.jpg HTTP/1.1" 200 68598 "-" "Mozilla/5.0 (Macintosh; Intel Mac OS X 10_15_7) AppleWebKit/537.36 (KHTML, like Gecko) Chrome/107.0.0.0 Safari/537.36" "ysfine.com"
216.244.66.229 - - [21/Feb/2023:00:59:25 -0800] "GET /auto/einstein/index.html HTTP/1.1" 404 73 "-" "Mozilla/5.0 (compatible; DotBot/1.2; +https://opensiteexplorer.org/dotbot; help@moz.com)" "ysfine.com"
207.46.13.218 - - [21/Feb/2023:01:00:06 -0800] "GET /world/israel/jeru65.jpg HTTP/1.1" 200 270763 "-" "Mozilla/5.0 AppleWebKit/537.36 (KHTML, like Gecko; compatible; bingbot/2.0; +http://www.bing.com/bingbot.htm) Chrome/103.0.5060.134 Safari/537.36" "ysfine.com"
52.167.144.62 - - [21/Feb/2023:01:01:15 -0800] "GET /bio/style/proschanie.html HTTP/1.1" 404 88 "-" "Mozilla/5.0 AppleWebKit/537.36 (KHTML, like Gecko; compatible; bingbot/2.0; +http://www.bing.com/bingbot.htm) Chrome/103.0.5060.134 Safari/537.36" "ysfine.com"
216.244.66.229 - - [21/Feb/2023:01:01:25 -0800] "GET /style/egeor04.jpg HTTP/1.1" 200 352562 "-" "Mozilla/5.0 (compatible; DotBot/1.2; +https://opensiteexplorer.org/dotbot; help@moz.com)" "ysfine.com"
216.244.66.229 - - [21/Feb/2023:01:02:30 -0800] "GET /style/musee/berlinmus13.jpg HTTP/1.1" 200 129101 "-" "Mozilla/5.0 (compatible; DotBot/1.2; +https://opensiteexplorer.org/dotbot; help@moz.com)" "ysfine.com"
52.167.144.35 - - [21/Feb/2023:01:02:50 -0800] "GET /wdc/gtown37.jpg HTTP/1.1" 200 134468 "-" "Mozilla/5.0 AppleWebKit/537.36 (KHTML, like Gecko; compatible; bingbot/2.0; +http://www.bing.com/bingbot.htm) Chrome/103.0.5060.134 Safari/537.36" "ysfine.com"
64.124.8.50 - - [21/Feb/2023:01:02:53 -0800] "GET /princeton/nassin06.jpg HTTP/1.1" 200 135334 "-" "Mozilla/5.0 (Macintosh; Intel Mac OS X 10_15_7) AppleWebKit/537.36 (KHTML, like Gecko) Chrome/107.0.0.0 Safari/537.36" "www.ysfine.com"
51.222.253.12 - - [21/Feb/2023:01:02:58 -0800] "GET /class54/class5470/total_data/sub_532.htm HTTP/1.1" 200 3228 "-" "Mozilla/5.0 (compatible; AhrefsBot/7.0; +http://ahrefs.com/robot/)" "ysfine.com"
51.222.253.4 - - [21/Feb/2023:01:03:00 -0800] "GET /class54/class5470/total_data/photo_img/5-32.jpg HTTP/1.1" 200 218357 "-" "Mozilla/5.0 (compatible; AhrefsBot/7.0; +http://ahrefs.com/robot/)" "ysfine.com"
66.249.89.34 - - [21/Feb/2023:01:03:01 -0800] "GET /einstein/places/ulm04.jpg HTTP/1.1" 200 119116 "-" "Mozilla/5.0 (Macintosh; Intel Mac OS X 10_8_4) AppleWebKit/537.36 (KHTML, like Gecko) Chrome/28.0.1500.71 Safari/537.36" "ysfine.com"
66.249.89.34 - - [21/Feb/2023:01:03:01 -0800] "GET /einstein/places/ulm04.jpg HTTP/1.1" 200 119116 "-" "Mozilla/5.0 (Macintosh; Intel Mac OS X 10_8_4) AppleWebKit/537.36 (KHTML, like Gecko) Chrome/28.0.1500.71 Safari/537.36" "ysfine.com"
116.179.32.162 - - [21/Feb/2023:01:03:05 -0800] "GET /archives/proceedings/boston/shepard2.pdf HTTP/1.1" 200 140058 "-" "Mozilla/5.0 (compatible; Baiduspider/2.0; +http://www.baidu.com/search/spider.html)" "ysfine.com"
64.124.8.55 - - [21/Feb/2023:01:03:12 -0800] "GET /ysbio/world/baltic/lithu06.jpg HTTP/1.1" 404 88 "-" "Mozilla/5.0 (Macintosh; Intel Mac OS X 10_15_7) AppleWebKit/537.36 (KHTML, like Gecko) Chrome/107.0.0.0 Safari/537.36" "www.ysfine.com"
66.249.89.63 - - [21/Feb/2023:01:03:46 -0800] "GET /einstein/places/ulm04.jpg HTTP/1.1" 200 119116 "-" "Mozilla/5.0 (Macintosh; Intel Mac OS X 10_8_4) AppleWebKit/537.36 (KHTML, like Gecko) Chrome/28.0.1500.71 Safari/537.36" "ysfine.com"
66.249.89.63 - - [21/Feb/2023:01:03:46 -0800] "GET /einstein/places/ulm04.jpg HTTP/1.1" 200 119116 "-" "Mozilla/5.0 (Macintosh; Intel Mac OS X 10_8_4) AppleWebKit/537.36 (KHTML, like Gecko) Chrome/28.0.1500.71 Safari/537.36" "ysfine.com"
66.249.89.63 - - [21/Feb/2023:01:03:47 -0800] "GET /einstein/places/ulm04.jpg HTTP/1.1" 200 119116 "-" "Mozilla/5.0 (Macintosh; Intel Mac OS X 10_8_4) AppleWebKit/537.36 (KHTML, like Gecko) Chrome/28.0.1500.71 Safari/537.36" "ysfine.com"
66.249.89.63 - - [21/Feb/2023:01:03:47 -0800] "GET /einstein/places/ulm04.jpg HTTP/1.1" 200 119116 "-" "Mozilla/5.0 (Macintosh; Intel Mac OS X 10_8_4) AppleWebKit/537.36 (KHTML, like Gecko) Chrome/28.0.1500.71 Safari/537.36" "ysfine.com"
51.222.253.2 - - [21/Feb/2023:01:04:00 -0800] "GET /class54/class5470/total_data/photo_img/5-32.jpg HTTP/1.1" 200 218357 "-" "Mozilla/5.0 (compatible; AhrefsBot/7.0; +http://ahrefs.com/robot/)" "ysfine.com"
40.77.167.211 - - [21/Feb/2023:01:04:22 -0800] "GET /princeton/nassinf01b.jpg HTTP/1.1" 200 45562 "-" "Mozilla/5.0 AppleWebKit/537.36 (KHTML, like Gecko; compatible; bingbot/2.0; +http://www.bing.com/bingbot.htm) Chrome/103.0.5060.134 Safari/537.36" "ysfine.com"
152.58.24.66 - - [21/Feb/2023:01:04:37 -0800] "GET /dirac/dirheisen31c.jpg HTTP/1.1" 200 43569 "https://www.google.com/" "Mozilla/5.0 (Linux; Android 12; DN2101 Build/SP1A.210812.016; wv) AppleWebKit/537.36 (KHTML, like Gecko) Version/4.0 Chrome/109.0.5414.85 Mobile Safari/537.36 GoogleApp/14.4.6.26.arm64" "ysfine.com"
64.124.8.54 - - [21/Feb/2023:01:05:58 -0800] "GET /kowar/tanks/tank54.jpg HTTP/1.1" 200 76330 "-" "Mozilla/5.0 (Macintosh; Intel Mac OS X 10_15_7) AppleWebKit/537.36 (KHTML, like Gecko) Chrome/107.0.0.0 Safari/537.36" "ysfine.com"
51.222.253.18 - - [21/Feb/2023:01:06:21 -0800] "GET /class54/class5470/total_data/sub_528.htm HTTP/1.1" 200 3212 "-" "Mozilla/5.0 (compatible; AhrefsBot/7.0; +http://ahrefs.com/robot/)" "ysfine.com"
64.124.8.56 - - [21/Feb/2023:01:06:27 -0800] "GET /einstein/places/einha33.jpg HTTP/1.1" 200 102645 "-" "Mozilla/5.0 (Macintosh; Intel Mac OS X 10_15_7) AppleWebKit/537.36 (KHTML, like Gecko) Chrome/107.0.0.0 Safari/537.36" "www.ysfine.com"
64.124.8.55 - - [21/Feb/2023:01:07:04 -0800] "GET /wdc/jeffm07.jpg HTTP/1.1" 200 111793 "-" "Mozilla/5.0 (Macintosh; Intel Mac OS X 10_15_7) AppleWebKit/537.36 (KHTML, like Gecko) Chrome/107.0.0.0 Safari/537.36" "ysfine.com"
207.46.13.220 - - [21/Feb/2023:01:07:09 -0800] "GET /world/russ/kazanmap22.jpg HTTP/1.1" 200 129761 "-" "Mozilla/5.0 AppleWebKit/537.36 (KHTML, like Gecko; compatible; bingbot/2.0; +http://www.bing.com/bingbot.htm) Chrome/103.0.5060.134 Safari/537.36" "ysfine.com"
66.249.89.37 - - [21/Feb/2023:01:07:49 -0800] "GET /einstein/places/ulm04.jpg HTTP/1.1" 200 119116 "-" "Mozilla/5.0 (Macintosh; Intel Mac OS X 10_8_4) AppleWebKit/537.36 (KHTML, like Gecko) Chrome/28.0.1500.71 Safari/537.36" "ysfine.com"
66.249.89.37 - - [21/Feb/2023:01:07:49 -0800] "GET /einstein/places/ulm04.jpg HTTP/1.1" 200 119116 "-" "Mozilla/5.0 (Macintosh; Intel Mac OS X 10_8_4) AppleWebKit/537.36 (KHTML, like Gecko) Chrome/28.0.1500.71 Safari/537.36" "ysfine.com"
66.249.89.37 - - [21/Feb/2023:01:07:50 -0800] "GET /einstein/places/ulm04.jpg HTTP/1.1" 200 119116 "-" "Mozilla/5.0 (Macintosh; Intel Mac OS X 10_8_4) AppleWebKit/537.36 (KHTML, like Gecko) Chrome/28.0.1500.71 Safari/537.36" "ysfine.com"
66.249.89.63 - - [21/Feb/2023:01:07:50 -0800] "GET /einstein/places/ulm04.jpg HTTP/1.1" 200 119116 "-" "Mozilla/5.0 (Macintosh; Intel Mac OS X 10_8_4) AppleWebKit/537.36 (KHTML, like Gecko) Chrome/28.0.1500.71 Safari/537.36" "ysfine.com"
64.124.8.29 - - [21/Feb/2023:01:08:04 -0800] "GET /world/ital/panth03.jpg HTTP/1.1" 200 103350 "-" "Mozilla/5.0 (Macintosh; Intel Mac OS X 10_15_7) AppleWebKit/537.36 (KHTML, like Gecko) Chrome/107.0.0.0 Safari/537.36" "www.ysfine.com"
66.249.89.63 - - [21/Feb/2023:01:08:47 -0800] "GET /einstein/places/ulm04.jpg HTTP/1.1" 200 119116 "-" "Mozilla/5.0 (Macintosh; Intel Mac OS X 10_8_4) AppleWebKit/537.36 (KHTML, like Gecko) Chrome/28.0.1500.71 Safari/537.36" "ysfine.com"
66.249.89.34 - - [21/Feb/2023:01:08:47 -0800] "GET /einstein/places/ulm04.jpg HTTP/1.1" 200 119116 "-" "Mozilla/5.0 (Macintosh; Intel Mac OS X 10_8_4) AppleWebKit/537.36 (KHTML, like Gecko) Chrome/28.0.1500.71 Safari/537.36" "ysfine.com"
66.249.89.37 - - [21/Feb/2023:01:08:48 -0800] "GET /einstein/places/ulm04.jpg HTTP/1.1" 200 119116 "-" "Mozilla/5.0 (Macintosh; Intel Mac OS X 10_8_4) AppleWebKit/537.36 (KHTML, like Gecko) Chrome/28.0.1500.71 Safari/537.36" "ysfine.com"
66.249.89.34 - - [21/Feb/2023:01:08:48 -0800] "GET /einstein/places/ulm04.jpg HTTP/1.1" 200 119116 "-" "Mozilla/5.0 (Macintosh; Intel Mac OS X 10_8_4) AppleWebKit/537.36 (KHTML, like Gecko) Chrome/28.0.1500.71 Safari/537.36" "ysfine.com"
150.66.184.230 - - [21/Feb/2023:01:08:53 -0800] "GET /kobak/rheetr11.jpg HTTP/1.1" 200 184635 "https://www.google.com/" "Mozilla/5.0 (Windows NT 10.0; Win64; x64) AppleWebKit/537.36 (KHTML, like Gecko) Chrome/109.0.0.0 Safari/537.36" "ysfine.com"
64.124.8.57 - - [21/Feb/2023:01:09:02 -0800] "GET /ysbio/usca/norl/bour38.jpg HTTP/1.1" 404 88 "-" "Mozilla/5.0 (Macintosh; Intel Mac OS X 10_15_7) AppleWebKit/537.36 (KHTML, like Gecko) Chrome/107.0.0.0 Safari/537.36" "ysfine.com"
51.222.253.2 - - [21/Feb/2023:01:10:02 -0800] "GET /class54/class5470/total_data/sub_522.htm HTTP/1.1" 200 3212 "-" "Mozilla/5.0 (compatible; AhrefsBot/7.0; +http://ahrefs.com/robot/)" "ysfine.com"
64.124.8.28 - - [21/Feb/2023:01:10:11 -0800] "GET /newyork/radioci04.jpg HTTP/1.1" 200 77673 "-" "Mozilla/5.0 (Macintosh; Intel Mac OS X 10_15_7) AppleWebKit/537.36 (KHTML, like Gecko) Chrome/107.0.0.0 Safari/537.36" "www.ysfine.com"
64.124.8.56 - - [21/Feb/2023:01:10:15 -0800] "GET /feynman/feychin.jpg HTTP/1.1" 200 33472 "-" "Mozilla/5.0 (Macintosh; Intel Mac OS X 10_15_7) AppleWebKit/537.36 (KHTML, like Gecko) Chrome/107.0.0.0 Safari/537.36" "www.ysfine.com"
52.167.144.62 - - [21/Feb/2023:01:10:27 -0800] "GET /world/ital/vicenza29b.jpg HTTP/1.1" 200 42381 "-" "Mozilla/5.0 AppleWebKit/537.36 (KHTML, like Gecko; compatible; bingbot/2.0; +http://www.bing.com/bingbot.htm) Chrome/103.0.5060.134 Safari/537.36" "ysfine.com"
64.124.8.56 - - [21/Feb/2023:01:10:31 -0800] "GET /einstein/places/einmu16.jpg HTTP/1.1" 200 68273 "-" "Mozilla/5.0 (Macintosh; Intel Mac OS X 10_15_7) AppleWebKit/537.36 (KHTML, like Gecko) Chrome/107.0.0.0 Safari/537.36" "ysfine.com"
212.200.164.102 - - [21/Feb/2023:01:10:45 -0800] "GET /world/places/ulm05.jpg HTTP/1.1" 200 123607 "https://www.google.com/" "Mozilla/5.0 (Windows NT 10.0; Win64; x64) AppleWebKit/537.36 (KHTML, like Gecko) Chrome/110.0.0.0 Safari/537.36" "ysfine.com"
64.124.8.50 - - [21/Feb/2023:01:11:01 -0800] "GET /ysbio/world/france/montpar19.jpg HTTP/1.1" 404 88 "-" "Mozilla/5.0 (Macintosh; Intel Mac OS X 10_15_7) AppleWebKit/537.36 (KHTML, like Gecko) Chrome/107.0.0.0 Safari/537.36" "ysfine.com"
64.124.8.50 - - [21/Feb/2023:01:13:23 -0800] "GET /ysbio/world/brit/bond03.jpg HTTP/1.1" 404 88 "-" "Mozilla/5.0 (Macintosh; Intel Mac OS X 10_15_7) AppleWebKit/537.36 (KHTML, like Gecko) Chrome/107.0.0.0 Safari/537.36" "ysfine.com"
51.222.253.16 - - [21/Feb/2023:01:13:55 -0800] "GET /class54/class5470/total_data/sub_523.htm HTTP/1.1" 200 3212 "-" "Mozilla/5.0 (compatible; AhrefsBot/7.0; +http://ahrefs.com/robot/)" "ysfine.com"
31.2.129.145 - - [21/Feb/2023:01:14:05 -0800] "GET / HTTP/1.1" 200 5295 "-" "Mozilla/5.0 (iPhone; U; CPU iPhone OS 4_1 like Mac OS X; en-us) AppleWebKit/532.9 (KHTML, like Gecko) Version/4.0.5 Mobile/8B5097d Safari/6531.22.7" "ysfine.com"
86.55.207.241 - - [21/Feb/2023:01:14:06 -0800] "GET /robots.txt HTTP/1.1" 404 88 "-" "Mozilla/5.0 (iPhone; U; CPU iPhone OS 4_3 like Mac OS X; fr-fr) AppleWebKit/533.17.9 (KHTML, like Gecko) Version/5.0.2 Mobile/8F190 Safari/6533.18.5" "ysfine.com"
147.161.137.22 - - [21/Feb/2023:01:14:40 -0800] "GET /world/baltic/kalinmap99.jpg HTTP/1.1" 200 104807 "https://www.google.de/" "Mozilla/5.0 (Windows NT 10.0; Win64; x64) AppleWebKit/537.36 (KHTML, like Gecko) Chrome/110.0.0.0 Safari/537.36 Edg/110.0.1587.50" "ysfine.com"
64.124.8.28 - - [21/Feb/2023:01:14:48 -0800] "GET /ysbio/maga/phil/hugom33.jpg HTTP/1.1" 404 88 "-" "Mozilla/5.0 (Macintosh; Intel Mac OS X 10_15_7) AppleWebKit/537.36 (KHTML, like Gecko) Chrome/107.0.0.0 Safari/537.36" "ysfine.com"
64.124.8.29 - - [21/Feb/2023:01:14:58 -0800] "GET /world/france/champ1204.jpg HTTP/1.1" 200 107479 "-" "Mozilla/5.0 (Macintosh; Intel Mac OS X 10_15_7) AppleWebKit/537.36 (KHTML, like Gecko) Chrome/107.0.0.0 Safari/537.36" "ysfine.com"
40.77.167.211 - - [21/Feb/2023:01:15:42 -0800] "GET /world/china/china015.jpg HTTP/1.1" 200 208572 "-" "Mozilla/5.0 AppleWebKit/537.36 (KHTML, like Gecko; compatible; bingbot/2.0; +http://www.bing.com/bingbot.htm) Chrome/103.0.5060.134 Safari/537.36" "www.ysfine.com"
64.124.8.50 - - [21/Feb/2023:01:16:04 -0800] "GET /einstein/einlorentz01.jpg HTTP/1.1" 200 117761 "-" "Mozilla/5.0 (Macintosh; Intel Mac OS X 10_15_7) AppleWebKit/537.36 (KHTML, like Gecko) Chrome/107.0.0.0 Safari/537.36" "ysfine.com"
66.249.89.37 - - [21/Feb/2023:01:16:19 -0800] "GET /einstein/places/ulm04.jpg HTTP/1.1" 200 119116 "-" "Mozilla/5.0 (Macintosh; Intel Mac OS X 10_8_4) AppleWebKit/537.36 (KHTML, like Gecko) Chrome/28.0.1500.71 Safari/537.36" "ysfine.com"
66.249.89.37 - - [21/Feb/2023:01:16:20 -0800] "GET /einstein/places/ulm04.jpg HTTP/1.1" 200 119116 "-" "Mozilla/5.0 (Macintosh; Intel Mac OS X 10_8_4) AppleWebKit/537.36 (KHTML, like Gecko) Chrome/28.0.1500.71 Safari/537.36" "ysfine.com"
213.180.203.108 - - [21/Feb/2023:01:16:40 -0800] "GET /princeton/firestone22.jpg HTTP/1.1" 200 112919 "-" "Mozilla/5.0 (compatible; YandexImages/3.0; +http://yandex.com/bots)" "www.ysfine.com"
64.124.8.49 - - [21/Feb/2023:01:16:55 -0800] "GET /newyork/litaly04.jpg HTTP/1.1" 200 79342 "http://www.ysfine.com/newyork/litaly04.jpg" "Mozilla/5.0 (Macintosh; Intel Mac OS X 10_15_7) AppleWebKit/537.36 (KHTML, like Gecko) Chrome/107.0.0.0 Safari/537.36" "www.ysfine.com"
51.222.253.15 - - [21/Feb/2023:01:17:12 -0800] "GET /class54/class5470/total_data/sub_525.htm HTTP/1.1" 200 3212 "-" "Mozilla/5.0 (compatible; AhrefsBot/7.0; +http://ahrefs.com/robot/)" "ysfine.com"
64.124.8.55 - - [21/Feb/2023:01:17:17 -0800] "GET /ysbio/world/ital/stcroce03.jpg HTTP/1.1" 404 88 "-" "Mozilla/5.0 (Macintosh; Intel Mac OS X 10_15_7) AppleWebKit/537.36 (KHTML, like Gecko) Chrome/107.0.0.0 Safari/537.36" "ysfine.com"
52.167.144.35 - - [21/Feb/2023:01:17:20 -0800] "GET /kobak/dulles.jpg HTTP/1.1" 200 106551 "-" "Mozilla/5.0 AppleWebKit/537.36 (KHTML, like Gecko; compatible; bingbot/2.0; +http://www.bing.com/bingbot.htm) Chrome/103.0.5060.134 Safari/537.36" "ysfine.com"
64.124.8.29 - - [21/Feb/2023:01:17:46 -0800] "GET /ffriends/sicily22.jpg HTTP/1.1" 200 80014 "-" "Mozilla/5.0 (Macintosh; Intel Mac OS X 10_15_7) AppleWebKit/537.36 (KHTML, like Gecko) Chrome/107.0.0.0 Safari/537.36" "ysfine.com"
52.167.144.62 - - [21/Feb/2023:01:18:57 -0800] "GET /ysbio/usca/pitt/pitcn03.jpg HTTP/1.1" 404 88 "-" "Mozilla/5.0 AppleWebKit/537.36 (KHTML, like Gecko; compatible; bingbot/2.0; +http://www.bing.com/bingbot.htm) Chrome/103.0.5060.134 Safari/537.36" "www.ysfine.com"
216.244.66.229 - - [21/Feb/2023:01:19:17 -0800] "GET /class54/class5470/total_data/sub_8178.htm HTTP/1.1" 200 15750 "-" "Mozilla/5.0 (compatible; DotBot/1.2; +https://opensiteexplorer.org/dotbot; help@moz.com)" "ysfine.com"
