52.167.144.35 - - [21/Feb/2023:16:11:55 -0800] "GET /bio/style/artlove.html HTTP/1.1" 404 88 "-" "Mozilla/5.0 AppleWebKit/537.36 (KHTML, like Gecko; compatible; bingbot/2.0; +http://www.bing.com/bingbot.htm) Chrome/103.0.5060.134 Safari/537.36" "ysfine.com"
216.244.66.229 - - [21/Feb/2023:16:12:00 -0800] "GET /world/brit/oxlon20.jpg HTTP/1.1" 200 124699 "-" "Mozilla/5.0 (compatible; DotBot/1.2; +https://opensiteexplorer.org/dotbot; help@moz.com)" "ysfine.com"
34.209.25.188 - - [21/Feb/2023:16:12:45 -0800] "HEAD /feynman/restof.html HTTP/1.1" 200 - "-" "-" "ysfine.com"
216.244.66.229 - - [21/Feb/2023:16:12:50 -0800] "GET /world/brit/picca41.jpg HTTP/1.1" 200 98654 "-" "Mozilla/5.0 (compatible; DotBot/1.2; +https://opensiteexplorer.org/dotbot; help@moz.com)" "ysfine.com"
66.249.70.214 - - [21/Feb/2023:16:12:51 -0800] "GET /einstein/places/einmu15.jpg HTTP/1.1" 304 - "-" "Googlebot-Image/1.0" "ysfine.com"
216.244.66.229 - - [21/Feb/2023:16:13:28 -0800] "GET /world/france/vers16.jpg HTTP/1.1" 200 168935 "-" "Mozilla/5.0 (compatible; DotBot/1.2; +https://opensiteexplorer.org/dotbot; help@moz.com)" "ysfine.com"
114.119.148.33 - - [21/Feb/2023:16:13:30 -0800] "GET /maga/phil/sisfa12/frame14.html HTTP/1.1" 404 88 "https://www.ysfine.com/maga/phil/sisfa12/frame13.html" "Mozilla/5.0 (Linux; Android 7.0;) AppleWebKit/537.36 (KHTML, like Gecko) Mobile Safari/537.36 (compatible; PetalBot;+https://webmaster.petalsearch.com/site/petalbot)" "www.ysfine.com"
64.124.8.54 - - [21/Feb/2023:16:13:52 -0800] "GET /world/france/stras03.jpg HTTP/1.1" 200 95663 "-" "Mozilla/5.0 (Macintosh; Intel Mac OS X 10_15_7) AppleWebKit/537.36 (KHTML, like Gecko) Chrome/107.0.0.0 Safari/537.36" "ysfine.com"
216.244.66.229 - - [21/Feb/2023:16:14:18 -0800] "GET /world/russ/kazan055.jpg HTTP/1.1" 200 69105 "-" "Mozilla/5.0 (compatible; DotBot/1.2; +https://opensiteexplorer.org/dotbot; help@moz.com)" "ysfine.com"
64.124.8.54 - - [21/Feb/2023:16:14:19 -0800] "GET /einstein/places/einmu17.jpg HTTP/1.1" 200 67347 "-" "Mozilla/5.0 (Macintosh; Intel Mac OS X 10_15_7) AppleWebKit/537.36 (KHTML, like Gecko) Chrome/107.0.0.0 Safari/537.36" "ysfine.com"
64.124.8.53 - - [21/Feb/2023:16:14:26 -0800] "GET /newyork/radioci10.jpg HTTP/1.1" 200 113050 "-" "Mozilla/5.0 (Macintosh; Intel Mac OS X 10_15_7) AppleWebKit/537.36 (KHTML, like Gecko) Chrome/107.0.0.0 Safari/537.36" "ysfine.com"
51.222.253.12 - - [21/Feb/2023:16:14:30 -0800] "GET /maga/hegel.html HTTP/1.1" 200 4700 "-" "Mozilla/5.0 (compatible; AhrefsBot/7.0; +http://ahrefs.com/robot/)" "ysfine.com"
51.222.253.7 - - [21/Feb/2023:16:14:32 -0800] "GET /people/sbtwein2.jpg HTTP/1.1" 200 30398 "-" "Mozilla/5.0 (compatible; AhrefsBot/7.0; +http://ahrefs.com/robot/)" "ysfine.com"
51.222.253.13 - - [21/Feb/2023:16:14:33 -0800] "GET /eink/eink61b.jpg HTTP/1.1" 200 28018 "-" "Mozilla/5.0 (compatible; AhrefsBot/7.0; +http://ahrefs.com/robot/)" "ysfine.com"
49.7.21.71 - - [21/Feb/2023:16:14:33 -0800] "GET / HTTP/1.1" 200 5295 "-" "Sogou web spider/4.0(+http://www.sogou.com/docs/help/webmasters.htm#07)" "www.ysfine.com"
51.222.253.12 - - [21/Feb/2023:16:14:34 -0800] "GET /world/germany/hegel03b.jpg HTTP/1.1" 200 61436 "-" "Mozilla/5.0 (compatible; AhrefsBot/7.0; +http://ahrefs.com/robot/)" "ysfine.com"
51.222.253.20 - - [21/Feb/2023:16:14:35 -0800] "GET /einstein/eins47b.jpg HTTP/1.1" 200 48772 "-" "Mozilla/5.0 (compatible; AhrefsBot/7.0; +http://ahrefs.com/robot/)" "ysfine.com"
66.249.70.92 - - [21/Feb/2023:16:15:06 -0800] "GET /class54/pics/g142.jpg HTTP/1.1" 200 88325 "-" "Googlebot-Image/1.0" "www.ysfine.com"
207.46.13.220 - - [21/Feb/2023:16:16:28 -0800] "GET /bio/kobak/soraech.html HTTP/1.1" 404 88 "-" "Mozilla/5.0 AppleWebKit/537.36 (KHTML, like Gecko; compatible; bingbot/2.0; +http://www.bing.com/bingbot.htm) Chrome/103.0.5060.134 Safari/537.36" "ysfine.com"
52.167.144.35 - - [21/Feb/2023:16:16:46 -0800] "GET /bio/kobak/yskor.html HTTP/1.1" 404 88 "-" "Mozilla/5.0 AppleWebKit/537.36 (KHTML, like Gecko; compatible; bingbot/2.0; +http://www.bing.com/bingbot.htm) Chrome/103.0.5060.134 Safari/537.36" "ysfine.com"
66.249.70.208 - - [21/Feb/2023:16:16:46 -0800] "GET /wdc/nga01.jpg HTTP/1.1" 304 - "-" "Googlebot-Image/1.0" "ysfine.com"
95.163.255.67 - - [21/Feb/2023:16:16:52 -0800] "GET /robots.txt HTTP/1.1" 404 73 "-" "Mozilla/5.0 (compatible; Linux x86_64; Mail.RU_Bot/2.0; +https://help.mail.ru/webmaster/indexing/robots)" "www.ysfine.com"
64.124.8.57 - - [21/Feb/2023:16:17:39 -0800] "GET /awards/fortune22r.jpg HTTP/1.1" 200 279167 "-" "Mozilla/5.0 (Macintosh; Intel Mac OS X 10_15_7) AppleWebKit/537.36 (KHTML, like Gecko) Chrome/107.0.0.0 Safari/537.36" "www.ysfine.com"
95.108.213.238 - - [21/Feb/2023:16:17:41 -0800] "GET /robots.txt HTTP/1.1" 404 73 "-" "Mozilla/5.0 (compatible; YandexBot/3.0; +http://yandex.com/bots)" "www.ysfine.com"
5.210.18.246 - - [21/Feb/2023:16:17:41 -0800] "GET / HTTP/1.1" 200 5295 "-" "Mozilla/5.0 (iPhone; U; CPU iPhone OS 4_3 like Mac OS X; pl-pl) AppleWebKit/533.17.9 (KHTML, like Gecko) Version/5.0.2 Mobile/8F190 Safari/6533.18.5" "ysfine.com"
5.210.199.172 - - [21/Feb/2023:16:17:42 -0800] "GET / HTTP/1.1" 200 5295 "-" "Mozilla/5.0 (iPhone; U; CPU iPhone OS 4_3 like Mac OS X; pl-pl) AppleWebKit/533.17.9 (KHTML, like Gecko) Version/5.0.2 Mobile/8F190 Safari/6533.18.5" "ysfine.com"
91.133.250.149 - - [21/Feb/2023:16:17:42 -0800] "GET /robots.txt HTTP/1.1" 404 88 "-" "Mozilla/5.0 (iPhone; U; ru; CPU iPhone OS 4_2_1 like Mac OS X; ru) AppleWebKit/533.17.9 (KHTML, like Gecko) Version/5.0.2 Mobile/8C148a Safari/6533.18.5" "ysfine.com"
89.199.174.246 - - [21/Feb/2023:16:17:42 -0800] "GET /robots.txt HTTP/1.1" 404 88 "-" "Mozilla/5.0 (iPhone; U; ru; CPU iPhone OS 4_2_1 like Mac OS X; fr) AppleWebKit/533.17.9 (KHTML, like Gecko) Version/5.0.2 Mobile/8C148a Safari/6533.18.5" "ysfine.com"
64.124.8.57 - - [21/Feb/2023:16:17:53 -0800] "GET /ysbio/world/france/flore09.jpg HTTP/1.1" 404 88 "-" "Mozilla/5.0 (Macintosh; Intel Mac OS X 10_15_7) AppleWebKit/537.36 (KHTML, like Gecko) Chrome/107.0.0.0 Safari/537.36" "ysfine.com"
179.6.14.16 - - [21/Feb/2023:16:17:56 -0800] "GET /maga/histo/desiree22.jpg HTTP/1.1" 200 113561 "https://www.google.com/" "Mozilla/5.0 (Windows NT 10.0; Win64; x64) AppleWebKit/537.36 (KHTML, like Gecko) Chrome/109.0.0.0 Safari/537.36" "ysfine.com"
52.167.144.35 - - [21/Feb/2023:16:17:57 -0800] "GET /bio/sbk/1950.html HTTP/1.1" 404 88 "-" "Mozilla/5.0 AppleWebKit/537.36 (KHTML, like Gecko; compatible; bingbot/2.0; +http://www.bing.com/bingbot.htm) Chrome/103.0.5060.134 Safari/537.36" "ysfine.com"
51.222.253.8 - - [21/Feb/2023:16:18:15 -0800] "GET /maga/mellon.html HTTP/1.1" 200 2949 "-" "Mozilla/5.0 (compatible; AhrefsBot/7.0; +http://ahrefs.com/robot/)" "www.ysfine.com"
51.222.253.2 - - [21/Feb/2023:16:18:16 -0800] "GET /usca/pitt/steelm01b.jpg HTTP/1.1" 200 24193 "-" "Mozilla/5.0 (compatible; AhrefsBot/7.0; +http://ahrefs.com/robot/)" "www.ysfine.com"
51.222.253.7 - - [21/Feb/2023:16:18:17 -0800] "GET /style/nga11b.jpg HTTP/1.1" 200 48194 "-" "Mozilla/5.0 (compatible; AhrefsBot/7.0; +http://ahrefs.com/robot/)" "www.ysfine.com"
64.124.8.54 - - [21/Feb/2023:16:18:27 -0800] "GET /style/music/salzmo11.jpg HTTP/1.1" 200 112174 "-" "Mozilla/5.0 (Macintosh; Intel Mac OS X 10_15_7) AppleWebKit/537.36 (KHTML, like Gecko) Chrome/107.0.0.0 Safari/537.36" "ysfine.com"
20.62.224.44 - - [21/Feb/2023:16:18:40 -0800] "GET /world/scandi/sto001.jpg HTTP/1.1" 200 111684 "-" "DuckDuckBot/1.1; (+http://duckduckgo.com/duckduckbot.html)" "www.ysfine.com"
17.246.19.233 - - [21/Feb/2023:16:18:45 -0800] "GET /robots.txt HTTP/1.1" 404 88 "-" "Mozilla/5.0 (Macintosh; Intel Mac OS X 10_15_5) AppleWebKit/605.1.15 (KHTML, like Gecko) Version/13.1.1 Safari/605.1.15 (Applebot/0.1; +http://www.apple.com/go/applebot)" "ysfine.com"
17.246.19.233 - - [21/Feb/2023:16:18:45 -0800] "GET /style/stleft.html HTTP/1.1" 200 548 "https://ysfine.com/style/stbot.html" "Mozilla/5.0 (Macintosh; Intel Mac OS X 10_15_5) AppleWebKit/605.1.15 (KHTML, like Gecko) Version/13.1.1 Safari/605.1.15 (Applebot/0.1; +http://www.apple.com/go/applebot)" "ysfine.com"
17.246.23.53 - - [21/Feb/2023:16:18:45 -0800] "GET /style/strigh.html HTTP/1.1" 200 1471 "https://ysfine.com/style/stbot.html" "Mozilla/5.0 (Macintosh; Intel Mac OS X 10_15_5) AppleWebKit/605.1.15 (KHTML, like Gecko) Version/13.1.1 Safari/605.1.15 (Applebot/0.1; +http://www.apple.com/go/applebot)" "ysfine.com"
66.249.70.211 - - [21/Feb/2023:16:18:53 -0800] "GET /awards/marq/marq22.jpg HTTP/1.1" 200 243193 "-" "Googlebot-Image/1.0" "ysfine.com"
174.228.224.54 - - [21/Feb/2023:16:19:06 -0800] "GET /world/scanw.html HTTP/1.1" 200 8407 "https://duckduckgo.com/" "Mozilla/5.0 (iPhone; CPU iPhone OS 16_1 like Mac OS X) AppleWebKit/605.1.15 (KHTML, like Gecko) Version/16.1 Mobile/15E148 Safari/604.1" "www.ysfine.com"
174.228.224.54 - - [21/Feb/2023:16:19:07 -0800] "GET /world/scandi/bernadotte2.jpg HTTP/1.1" 200 57227 "https://www.ysfine.com/world/scanw.html" "Mozilla/5.0 (iPhone; CPU iPhone OS 16_1 like Mac OS X) AppleWebKit/605.1.15 (KHTML, like Gecko) Version/16.1 Mobile/15E148 Safari/604.1" "www.ysfine.com"
174.228.224.54 - - [21/Feb/2023:16:19:07 -0800] "GET /world/scandi/nobelmap11b.jpg HTTP/1.1" 200 54549 "https://www.ysfine.com/world/scanw.html" "Mozilla/5.0 (iPhone; CPU iPhone OS 16_1 like Mac OS X) AppleWebKit/605.1.15 (KHTML, like Gecko) Version/16.1 Mobile/15E148 Safari/604.1" "www.ysfine.com"
174.228.224.54 - - [21/Feb/2023:16:19:07 -0800] "GET /world/scandi/sto002b.jpg HTTP/1.1" 200 42293 "https://www.ysfine.com/world/scanw.html" "Mozilla/5.0 (iPhone; CPU iPhone OS 16_1 like Mac OS X) AppleWebKit/605.1.15 (KHTML, like Gecko) Version/16.1 Mobile/15E148 Safari/604.1" "www.ysfine.com"
174.228.224.54 - - [21/Feb/2023:16:19:07 -0800] "GET /world/scandi/wignob01b.jpg HTTP/1.1" 200 40093 "https://www.ysfine.com/world/scanw.html" "Mozilla/5.0 (iPhone; CPU iPhone OS 16_1 like Mac OS X) AppleWebKit/605.1.15 (KHTML, like Gecko) Version/16.1 Mobile/15E148 Safari/604.1" "www.ysfine.com"
174.228.224.54 - - [21/Feb/2023:16:19:07 -0800] "GET /world/scandi/sto037b.jpg HTTP/1.1" 200 32753 "https://www.ysfine.com/world/scanw.html" "Mozilla/5.0 (iPhone; CPU iPhone OS 16_1 like Mac OS X) AppleWebKit/605.1.15 (KHTML, like Gecko) Version/16.1 Mobile/15E148 Safari/604.1" "www.ysfine.com"
174.228.224.54 - - [21/Feb/2023:16:19:07 -0800] "GET /world/scandi/norw08b.jpg HTTP/1.1" 200 57238 "https://www.ysfine.com/world/scanw.html" "Mozilla/5.0 (iPhone; CPU iPhone OS 16_1 like Mac OS X) AppleWebKit/605.1.15 (KHTML, like Gecko) Version/16.1 Mobile/15E148 Safari/604.1" "www.ysfine.com"
174.228.224.54 - - [21/Feb/2023:16:19:07 -0800] "GET /world/scandi/norw22b.jpg HTTP/1.1" 200 43510 "https://www.ysfine.com/world/scanw.html" "Mozilla/5.0 (iPhone; CPU iPhone OS 16_1 like Mac OS X) AppleWebKit/605.1.15 (KHTML, like Gecko) Version/16.1 Mobile/15E148 Safari/604.1" "www.ysfine.com"
174.228.224.54 - - [21/Feb/2023:16:19:07 -0800] "GET /world/scandi/fin08b.jpg HTTP/1.1" 200 42031 "https://www.ysfine.com/world/scanw.html" "Mozilla/5.0 (iPhone; CPU iPhone OS 16_1 like Mac OS X) AppleWebKit/605.1.15 (KHTML, like Gecko) Version/16.1 Mobile/15E148 Safari/604.1" "www.ysfine.com"
174.228.224.54 - - [21/Feb/2023:16:19:07 -0800] "GET /world/scandi/sto034b.jpg HTTP/1.1" 200 21538 "https://www.ysfine.com/world/scanw.html" "Mozilla/5.0 (iPhone; CPU iPhone OS 16_1 like Mac OS X) AppleWebKit/605.1.15 (KHTML, like Gecko) Version/16.1 Mobile/15E148 Safari/604.1" "www.ysfine.com"
174.228.224.54 - - [21/Feb/2023:16:19:07 -0800] "GET /world/scandi/wignob02b.jpg HTTP/1.1" 200 31825 "https://www.ysfine.com/world/scanw.html" "Mozilla/5.0 (iPhone; CPU iPhone OS 16_1 like Mac OS X) AppleWebKit/605.1.15 (KHTML, like Gecko) Version/16.1 Mobile/15E148 Safari/604.1" "www.ysfine.com"
174.228.224.54 - - [21/Feb/2023:16:19:07 -0800] "GET /world/scandi/fin01b.jpg HTTP/1.1" 200 50331 "https://www.ysfine.com/world/scanw.html" "Mozilla/5.0 (iPhone; CPU iPhone OS 16_1 like Mac OS X) AppleWebKit/605.1.15 (KHTML, like Gecko) Version/16.1 Mobile/15E148 Safari/604.1" "www.ysfine.com"
174.228.224.54 - - [21/Feb/2023:16:19:07 -0800] "GET /world/scandi/norw20b.jpg HTTP/1.1" 200 51063 "https://www.ysfine.com/world/scanw.html" "Mozilla/5.0 (iPhone; CPU iPhone OS 16_1 like Mac OS X) AppleWebKit/605.1.15 (KHTML, like Gecko) Version/16.1 Mobile/15E148 Safari/604.1" "www.ysfine.com"
174.228.224.54 - - [21/Feb/2023:16:19:07 -0800] "GET /world/scandi/fin04b.jpg HTTP/1.1" 200 51772 "https://www.ysfine.com/world/scanw.html" "Mozilla/5.0 (iPhone; CPU iPhone OS 16_1 like Mac OS X) AppleWebKit/605.1.15 (KHTML, like Gecko) Version/16.1 Mobile/15E148 Safari/604.1" "www.ysfine.com"
174.228.224.54 - - [21/Feb/2023:16:19:07 -0800] "GET /world/scandi/fin06b.jpg HTTP/1.1" 200 40788 "https://www.ysfine.com/world/scanw.html" "Mozilla/5.0 (iPhone; CPU iPhone OS 16_1 like Mac OS X) AppleWebKit/605.1.15 (KHTML, like Gecko) Version/16.1 Mobile/15E148 Safari/604.1" "www.ysfine.com"
174.228.224.54 - - [21/Feb/2023:16:19:07 -0800] "GET /world/scandi/norw05b.jpg HTTP/1.1" 200 34269 "https://www.ysfine.com/world/scanw.html" "Mozilla/5.0 (iPhone; CPU iPhone OS 16_1 like Mac OS X) AppleWebKit/605.1.15 (KHTML, like Gecko) Version/16.1 Mobile/15E148 Safari/604.1" "www.ysfine.com"
174.228.224.54 - - [21/Feb/2023:16:19:07 -0800] "GET /world/scandi/norw07b.jpg HTTP/1.1" 200 42517 "https://www.ysfine.com/world/scanw.html" "Mozilla/5.0 (iPhone; CPU iPhone OS 16_1 like Mac OS X) AppleWebKit/605.1.15 (KHTML, like Gecko) Version/16.1 Mobile/15E148 Safari/604.1" "www.ysfine.com"
174.228.224.54 - - [21/Feb/2023:16:19:07 -0800] "GET /world/scandi/sto026b.jpg HTTP/1.1" 200 32104 "https://www.ysfine.com/world/scanw.html" "Mozilla/5.0 (iPhone; CPU iPhone OS 16_1 like Mac OS X) AppleWebKit/605.1.15 (KHTML, like Gecko) Version/16.1 Mobile/15E148 Safari/604.1" "www.ysfine.com"
174.228.224.54 - - [21/Feb/2023:16:19:07 -0800] "GET /world/scandi/sto004b.jpg HTTP/1.1" 200 27149 "https://www.ysfine.com/world/scanw.html" "Mozilla/5.0 (iPhone; CPU iPhone OS 16_1 like Mac OS X) AppleWebKit/605.1.15 (KHTML, like Gecko) Version/16.1 Mobile/15E148 Safari/604.1" "www.ysfine.com"
174.228.224.54 - - [21/Feb/2023:16:19:07 -0800] "GET /world/scandi/sto024b.jpg HTTP/1.1" 200 34817 "https://www.ysfine.com/world/scanw.html" "Mozilla/5.0 (iPhone; CPU iPhone OS 16_1 like Mac OS X) AppleWebKit/605.1.15 (KHTML, like Gecko) Version/16.1 Mobile/15E148 Safari/604.1" "www.ysfine.com"
174.228.224.54 - - [21/Feb/2023:16:19:07 -0800] "GET /world/scandi/norw01b.jpg HTTP/1.1" 200 46798 "https://www.ysfine.com/world/scanw.html" "Mozilla/5.0 (iPhone; CPU iPhone OS 16_1 like Mac OS X) AppleWebKit/605.1.15 (KHTML, like Gecko) Version/16.1 Mobile/15E148 Safari/604.1" "www.ysfine.com"
174.228.224.54 - - [21/Feb/2023:16:19:07 -0800] "GET /world/scandi/sto030b.jpg HTTP/1.1" 200 36294 "https://www.ysfine.com/world/scanw.html" "Mozilla/5.0 (iPhone; CPU iPhone OS 16_1 like Mac OS X) AppleWebKit/605.1.15 (KHTML, like Gecko) Version/16.1 Mobile/15E148 Safari/604.1" "www.ysfine.com"
174.228.224.54 - - [21/Feb/2023:16:19:07 -0800] "GET /world/scandi/sto040b.jpg HTTP/1.1" 200 38064 "https://www.ysfine.com/world/scanw.html" "Mozilla/5.0 (iPhone; CPU iPhone OS 16_1 like Mac OS X) AppleWebKit/605.1.15 (KHTML, like Gecko) Version/16.1 Mobile/15E148 Safari/604.1" "www.ysfine.com"
174.228.224.54 - - [21/Feb/2023:16:19:08 -0800] "GET /favicon.ico HTTP/1.1" 404 88 "-" "Mozilla/5.0 (iPhone; CPU iPhone OS 16_1 like Mac OS X) AppleWebKit/605.1.15 (KHTML, like Gecko) Version/16.1 Mobile/15E148 Safari/604.1" "ysfine.com"
174.228.224.54 - - [21/Feb/2023:16:19:38 -0800] "GET /world/scandi/sto024.jpg HTTP/1.1" 200 85103 "https://www.ysfine.com/world/scanw.html" "Mozilla/5.0 (iPhone; CPU iPhone OS 16_1 like Mac OS X) AppleWebKit/605.1.15 (KHTML, like Gecko) Version/16.1 Mobile/15E148 Safari/604.1" "www.ysfine.com"
51.222.253.2 - - [21/Feb/2023:16:20:54 -0800] "GET /class54/class5470/total_data/sub_897.htm HTTP/1.1" 200 3484 "-" "Mozilla/5.0 (compatible; AhrefsBot/7.0; +http://ahrefs.com/robot/)" "www.ysfine.com"
207.46.13.207 - - [21/Feb/2023:16:21:19 -0800] "GET /maga/phil/zhuxi2.jpg HTTP/1.1" 200 52935 "-" "Mozilla/5.0 AppleWebKit/537.36 (KHTML, like Gecko; compatible; bingbot/2.0; +http://www.bing.com/bingbot.htm) Chrome/103.0.5060.134 Safari/537.36" "ysfine.com"
207.46.13.207 - - [21/Feb/2023:16:21:20 -0800] "GET /world/brit/embassy01.jpg HTTP/1.1" 200 113443 "-" "Mozilla/5.0 AppleWebKit/537.36 (KHTML, like Gecko; compatible; bingbot/2.0; +http://www.bing.com/bingbot.htm) Chrome/103.0.5060.134 Safari/537.36" "ysfine.com"
52.167.144.62 - - [21/Feb/2023:16:21:43 -0800] "GET /bio/style/proschanie.html HTTP/1.1" 404 88 "-" "Mozilla/5.0 AppleWebKit/537.36 (KHTML, like Gecko; compatible; bingbot/2.0; +http://www.bing.com/bingbot.htm) Chrome/103.0.5060.134 Safari/537.36" "ysfine.com"
74.96.66.80 - - [21/Feb/2023:16:22:02 -0800] "GET /kowar/tanks/tank02b.jpg HTTP/1.1" 200 30002 "https://www.google.com/" "Mozilla/5.0 (Macintosh; Intel Mac OS X 10_15_7) AppleWebKit/537.36 (KHTML, like Gecko) Chrome/110.0.0.0 Safari/537.36" "ysfine.com"
64.124.8.49 - - [21/Feb/2023:16:22:44 -0800] "GET /wdc/waskor005.jpg HTTP/1.1" 200 85085 "-" "Mozilla/5.0 (Macintosh; Intel Mac OS X 10_15_7) AppleWebKit/537.36 (KHTML, like Gecko) Chrome/107.0.0.0 Safari/537.36" "ysfine.com"
40.77.167.211 - - [21/Feb/2023:16:22:50 -0800] "GET /bio/wigner/e(2).html HTTP/1.1" 404 88 "-" "Mozilla/5.0 AppleWebKit/537.36 (KHTML, like Gecko; compatible; bingbot/2.0; +http://www.bing.com/bingbot.htm) Chrome/103.0.5060.134 Safari/537.36" "ysfine.com"
64.124.8.54 - - [21/Feb/2023:16:22:52 -0800] "GET /world/france/champbenz02.jpg HTTP/1.1" 200 92350 "-" "Mozilla/5.0 (Macintosh; Intel Mac OS X 10_15_7) AppleWebKit/537.36 (KHTML, like Gecko) Chrome/107.0.0.0 Safari/537.36" "ysfine.com"
51.222.253.13 - - [21/Feb/2023:16:23:39 -0800] "GET /class54/class5470/total_data/sub_8101.htm HTTP/1.1" 200 3485 "-" "Mozilla/5.0 (compatible; AhrefsBot/7.0; +http://ahrefs.com/robot/)" "www.ysfine.com"
157.41.254.239 - - [21/Feb/2023:16:23:53 -0800] "GET /maga/pupin.html HTTP/1.1" 200 5043 "https://www.google.com/" "Mozilla/5.0 (Windows NT 10.0; Win64; x64) AppleWebKit/537.36 (KHTML, like Gecko) Chrome/109.0.0.0 Safari/537.36" "ysfine.com"
157.41.254.239 - - [21/Feb/2023:16:23:53 -0800] "GET /newyork/colum01b.jpg HTTP/1.1" 200 44600 "https://ysfine.com/maga/pupin.html" "Mozilla/5.0 (Windows NT 10.0; Win64; x64) AppleWebKit/537.36 (KHTML, like Gecko) Chrome/109.0.0.0 Safari/537.36" "ysfine.com"
157.41.254.239 - - [21/Feb/2023:16:23:53 -0800] "GET /maga/invent/pupin11b.jpg HTTP/1.1" 200 37046 "https://ysfine.com/maga/pupin.html" "Mozilla/5.0 (Windows NT 10.0; Win64; x64) AppleWebKit/537.36 (KHTML, like Gecko) Chrome/109.0.0.0 Safari/537.36" "ysfine.com"
157.41.254.239 - - [21/Feb/2023:16:23:53 -0800] "GET /maga/invent/helmholtz2.jpg HTTP/1.1" 200 38274 "https://ysfine.com/maga/pupin.html" "Mozilla/5.0 (Windows NT 10.0; Win64; x64) AppleWebKit/537.36 (KHTML, like Gecko) Chrome/109.0.0.0 Safari/537.36" "ysfine.com"
157.41.254.239 - - [21/Feb/2023:16:23:53 -0800] "GET /maga/invent/hertz2.jpg HTTP/1.1" 200 43644 "https://ysfine.com/maga/pupin.html" "Mozilla/5.0 (Windows NT 10.0; Win64; x64) AppleWebKit/537.36 (KHTML, like Gecko) Chrome/109.0.0.0 Safari/537.36" "ysfine.com"
157.41.254.239 - - [21/Feb/2023:16:23:53 -0800] "GET /maga/invent/armstrong2.jpg HTTP/1.1" 200 79616 "https://ysfine.com/maga/pupin.html" "Mozilla/5.0 (Windows NT 10.0; Win64; x64) AppleWebKit/537.36 (KHTML, like Gecko) Chrome/109.0.0.0 Safari/537.36" "ysfine.com"
157.41.254.239 - - [21/Feb/2023:16:23:53 -0800] "GET /maga/invent/pupin33b.jpg HTTP/1.1" 200 38057 "https://ysfine.com/maga/pupin.html" "Mozilla/5.0 (Windows NT 10.0; Win64; x64) AppleWebKit/537.36 (KHTML, like Gecko) Chrome/109.0.0.0 Safari/537.36" "ysfine.com"
157.41.254.239 - - [21/Feb/2023:16:23:53 -0800] "GET /newyork/colum05b.jpg HTTP/1.1" 200 58646 "https://ysfine.com/maga/pupin.html" "Mozilla/5.0 (Windows NT 10.0; Win64; x64) AppleWebKit/537.36 (KHTML, like Gecko) Chrome/109.0.0.0 Safari/537.36" "ysfine.com"
157.41.254.239 - - [21/Feb/2023:16:23:53 -0800] "GET /maga/invent/pupin22b.jpg HTTP/1.1" 200 26769 "https://ysfine.com/maga/pupin.html" "Mozilla/5.0 (Windows NT 10.0; Win64; x64) AppleWebKit/537.36 (KHTML, like Gecko) Chrome/109.0.0.0 Safari/537.36" "ysfine.com"
157.41.254.239 - - [21/Feb/2023:16:23:59 -0800] "GET /favicon.ico HTTP/1.1" 404 88 "https://ysfine.com/maga/pupin.html" "Mozilla/5.0 (Windows NT 10.0; Win64; x64) AppleWebKit/537.36 (KHTML, like Gecko) Chrome/109.0.0.0 Safari/537.36" "ysfine.com"
216.244.66.229 - - [21/Feb/2023:16:24:35 -0800] "GET /robots.txt HTTP/1.1" 404 73 "-" "Mozilla/5.0 (compatible; DotBot/1.2; +https://opensiteexplorer.org/dotbot; help@moz.com)" "ysfine.com"
207.46.13.218 - - [21/Feb/2023:16:24:38 -0800] "GET /ysbio/heisen/heisenberg.html HTTP/1.1" 404 88 "-" "Mozilla/5.0 AppleWebKit/537.36 (KHTML, like Gecko; compatible; bingbot/2.0; +http://www.bing.com/bingbot.htm) Chrome/103.0.5060.134 Safari/537.36" "ysfine.com"
64.124.8.53 - - [21/Feb/2023:16:25:30 -0800] "GET /ysbio/world/baltic/kalinmap88.jpg HTTP/1.1" 404 88 "-" "Mozilla/5.0 (Macintosh; Intel Mac OS X 10_15_7) AppleWebKit/537.36 (KHTML, like Gecko) Chrome/107.0.0.0 Safari/537.36" "ysfine.com"
64.124.8.57 - - [21/Feb/2023:16:25:48 -0800] "GET /houses/parlos11.jpg HTTP/1.1" 200 87515 "-" "Mozilla/5.0 (Macintosh; Intel Mac OS X 10_15_7) AppleWebKit/537.36 (KHTML, like Gecko) Chrome/107.0.0.0 Safari/537.36" "ysfine.com"
51.222.253.6 - - [21/Feb/2023:16:26:12 -0800] "GET /class54/class5470/total_data/sub_8114.htm HTTP/1.1" 200 3499 "-" "Mozilla/5.0 (compatible; AhrefsBot/7.0; +http://ahrefs.com/robot/)" "www.ysfine.com"
52.167.144.35 - - [21/Feb/2023:16:26:16 -0800] "GET /world/poland/gdnu02.jpg HTTP/1.1" 200 77469 "-" "Mozilla/5.0 AppleWebKit/537.36 (KHTML, like Gecko; compatible; bingbot/2.0; +http://www.bing.com/bingbot.htm) Chrome/103.0.5060.134 Safari/537.36" "ysfine.com"
157.55.39.214 - - [21/Feb/2023:16:26:21 -0800] "GET /home/fig22/acs96f.jpg HTTP/1.1" 200 118636 "-" "Mozilla/5.0 AppleWebKit/537.36 (KHTML, like Gecko; compatible; bingbot/2.0; +http://www.bing.com/bingbot.htm) Chrome/103.0.5060.134 Safari/537.36" "ysfine.com"
64.124.8.49 - - [21/Feb/2023:16:27:33 -0800] "GET /wdc/usna16.jpg HTTP/1.1" 200 90387 "-" "Mozilla/5.0 (Macintosh; Intel Mac OS X 10_15_7) AppleWebKit/537.36 (KHTML, like Gecko) Chrome/107.0.0.0 Safari/537.36" "ysfine.com"
64.124.8.49 - - [21/Feb/2023:16:28:04 -0800] "GET /ysbio/style/nga11.jpg HTTP/1.1" 404 88 "-" "Mozilla/5.0 (Macintosh; Intel Mac OS X 10_15_7) AppleWebKit/537.36 (KHTML, like Gecko) Chrome/107.0.0.0 Safari/537.36" "ysfine.com"
216.244.66.229 - - [21/Feb/2023:16:28:09 -0800] "GET /home/ys54.jpg HTTP/1.1" 200 61834 "-" "Mozilla/5.0 (compatible; DotBot/1.2; +https://opensiteexplorer.org/dotbot; help@moz.com)" "ysfine.com"
95.163.255.64 - - [21/Feb/2023:16:28:12 -0800] "GET /class54/campus07.jpg HTTP/1.1" 200 750004 "-" "Mozilla/5.0 (compatible; Linux x86_64; Mail.RU_Bot/2.0; +https://help.mail.ru/webmaster/indexing/robots)" "www.ysfine.com"
52.167.144.62 - - [21/Feb/2023:16:28:13 -0800] "GET /style/cameras/canonp66b.jpg HTTP/1.1" 200 30441 "-" "Mozilla/5.0 AppleWebKit/537.36 (KHTML, like Gecko; compatible; bingbot/2.0; +http://www.bing.com/bingbot.htm) Chrome/103.0.5060.134 Safari/537.36" "ysfine.com"
95.108.213.238 - - [21/Feb/2023:16:28:16 -0800] "GET /dirac/coupled.jpg HTTP/1.1" 200 28345 "-" "Mozilla/5.0 (compatible; YandexImages/3.0; +http://yandex.com/bots)" "www.ysfine.com"
95.108.213.213 - - [21/Feb/2023:16:28:17 -0800] "GET /newyork/metlife03.jpg HTTP/1.1" 200 196151 "-" "Mozilla/5.0 (compatible; YandexImages/3.0; +http://yandex.com/bots)" "www.ysfine.com"
95.108.213.199 - - [21/Feb/2023:16:28:18 -0800] "GET /newyork/radioci11.jpg HTTP/1.1" 200 78867 "-" "Mozilla/5.0 (compatible; YandexImages/3.0; +http://yandex.com/bots)" "www.ysfine.com"
216.244.66.229 - - [21/Feb/2023:16:28:39 -0800] "GET /folks/aline/swissair22.jpg HTTP/1.1" 200 79074 "-" "Mozilla/5.0 (compatible; DotBot/1.2; +https://opensiteexplorer.org/dotbot; help@moz.com)" "ysfine.com"
216.244.66.229 - - [21/Feb/2023:16:28:52 -0800] "GET /folks/amkor/amstu21.jpg HTTP/1.1" 200 110681 "-" "Mozilla/5.0 (compatible; DotBot/1.2; +https://opensiteexplorer.org/dotbot; help@moz.com)" "ysfine.com"
95.163.255.62 - - [21/Feb/2023:16:28:52 -0800] "GET /kowar/yaltac02.jpg HTTP/1.1" 200 103612 "-" "Mozilla/5.0 (compatible; Linux x86_64; Mail.RU_Bot/2.0; +https://help.mail.ru/webmaster/indexing/robots)" "www.ysfine.com"
64.124.8.55 - - [21/Feb/2023:16:29:03 -0800] "GET /maga/phys/darwin05.jpg HTTP/1.1" 200 236119 "-" "Mozilla/5.0 (Macintosh; Intel Mac OS X 10_15_7) AppleWebKit/537.36 (KHTML, like Gecko) Chrome/107.0.0.0 Safari/537.36" "www.ysfine.com"
95.163.255.68 - - [21/Feb/2023:16:29:04 -0800] "GET /home/hyper02.jpg HTTP/1.1" 200 68023 "-" "Mozilla/5.0 (compatible; Linux x86_64; Mail.RU_Bot/2.0; +https://help.mail.ru/webmaster/indexing/robots)" "www.ysfine.com"
209.2.227.126 - - [21/Feb/2023:16:29:25 -0800] "GET /princeton/alexan22.jpg HTTP/1.1" 200 175436 "https://www.google.com/" "Mozilla/5.0 (Macintosh; Intel Mac OS X 10_15_7) AppleWebKit/537.36 (KHTML, like Gecko) Chrome/109.0.0.0 Safari/537.36" "ysfine.com"
95.163.255.65 - - [21/Feb/2023:16:29:36 -0800] "GET /style/cameras/contax.html HTTP/1.1" 200 3773 "-" "Mozilla/5.0 (compatible; Linux x86_64; Mail.RU_Bot/2.0; +https://help.mail.ru/webmaster/indexing/robots)" "www.ysfine.com"
95.163.255.65 - - [21/Feb/2023:16:29:46 -0800] "GET /world/russ/filippov.html HTTP/1.1" 200 488 "-" "Mozilla/5.0 (compatible; Linux x86_64; Mail.RU_Bot/2.0; +https://help.mail.ru/webmaster/indexing/robots)" "www.ysfine.com"
64.124.8.52 - - [21/Feb/2023:16:29:48 -0800] "GET /world/china/nanjing61.jpg HTTP/1.1" 200 103272 "-" "Mozilla/5.0 (Macintosh; Intel Mac OS X 10_15_7) AppleWebKit/537.36 (KHTML, like Gecko) Chrome/107.0.0.0 Safari/537.36" "ysfine.com"
51.222.253.17 - - [21/Feb/2023:16:29:50 -0800] "GET /world/brit/lonstore.html HTTP/1.1" 200 385 "-" "Mozilla/5.0 (compatible; AhrefsBot/7.0; +http://ahrefs.com/robot/)" "ysfine.com"
51.222.253.2 - - [21/Feb/2023:16:29:52 -0800] "GET /world/brit/bond08.jpg HTTP/1.1" 200 55344 "-" "Mozilla/5.0 (compatible; AhrefsBot/7.0; +http://ahrefs.com/robot/)" "ysfine.com"
51.222.253.8 - - [21/Feb/2023:16:29:52 -0800] "GET /world/brit/lonstore05.jpg HTTP/1.1" 200 81384 "-" "Mozilla/5.0 (compatible; AhrefsBot/7.0; +http://ahrefs.com/robot/)" "ysfine.com"
51.222.253.15 - - [21/Feb/2023:16:29:53 -0800] "GET /world/brit/bond09.jpg HTTP/1.1" 200 63786 "-" "Mozilla/5.0 (compatible; AhrefsBot/7.0; +http://ahrefs.com/robot/)" "ysfine.com"
51.222.253.18 - - [21/Feb/2023:16:29:53 -0800] "GET /world/brit/bond10.jpg HTTP/1.1" 200 69569 "-" "Mozilla/5.0 (compatible; AhrefsBot/7.0; +http://ahrefs.com/robot/)" "ysfine.com"
95.163.255.62 - - [21/Feb/2023:16:29:53 -0800] "GET /einstein/einmeson.html HTTP/1.1" 200 4535 "-" "Mozilla/5.0 (compatible; Linux x86_64; Mail.RU_Bot/2.0; +https://help.mail.ru/webmaster/indexing/robots)" "www.ysfine.com"
51.222.253.7 - - [21/Feb/2023:16:30:01 -0800] "GET /world/brit/lonstore01.jpg HTTP/1.1" 200 104668 "-" "Mozilla/5.0 (compatible; AhrefsBot/7.0; +http://ahrefs.com/robot/)" "ysfine.com"
51.222.253.13 - - [21/Feb/2023:16:30:03 -0800] "GET /world/brit/lonstore06.jpg HTTP/1.1" 200 76080 "-" "Mozilla/5.0 (compatible; AhrefsBot/7.0; +http://ahrefs.com/robot/)" "ysfine.com"
51.222.253.4 - - [21/Feb/2023:16:30:04 -0800] "GET /world/brit/bond07.jpg HTTP/1.1" 200 67630 "-" "Mozilla/5.0 (compatible; AhrefsBot/7.0; +http://ahrefs.com/robot/)" "ysfine.com"
51.222.253.9 - - [21/Feb/2023:16:30:04 -0800] "GET /world/brit/bond12.jpg HTTP/1.1" 200 79517 "-" "Mozilla/5.0 (compatible; AhrefsBot/7.0; +http://ahrefs.com/robot/)" "ysfine.com"
51.222.253.15 - - [21/Feb/2023:16:30:05 -0800] "GET /world/brit/lonstore12.jpg HTTP/1.1" 200 86061 "-" "Mozilla/5.0 (compatible; AhrefsBot/7.0; +http://ahrefs.com/robot/)" "ysfine.com"
51.222.253.15 - - [21/Feb/2023:16:30:07 -0800] "GET /world/brit/lonstore16.jpg HTTP/1.1" 200 66926 "-" "Mozilla/5.0 (compatible; AhrefsBot/7.0; +http://ahrefs.com/robot/)" "ysfine.com"
51.222.253.11 - - [21/Feb/2023:16:30:07 -0800] "GET /world/brit/lonstore14.jpg HTTP/1.1" 200 77810 "-" "Mozilla/5.0 (compatible; AhrefsBot/7.0; +http://ahrefs.com/robot/)" "ysfine.com"
31.2.227.227 - - [21/Feb/2023:16:30:07 -0800] "GET / HTTP/1.1" 200 5295 "-" "Mozilla/5.0 (iPhone; U; CPU iPhone OS 4_3 like Mac OS X; fr-fr) AppleWebKit/533.17.9 (KHTML, like Gecko) Version/5.0.2 Mobile/8F190 Safari/6533.18.5" "ysfine.com"
31.2.243.41 - - [21/Feb/2023:16:30:08 -0800] "GET /robots.txt HTTP/1.1" 404 88 "-" "Mozilla/5.0 (iPhone; U; CPU iPhone OS 4_1 like Mac OS X; en-us) AppleWebKit/532.9 (KHTML, like Gecko) Version/4.0.5 Mobile/8B117 Safari/6531.22.7" "ysfine.com"
91.133.150.79 - - [21/Feb/2023:16:30:08 -0800] "GET /robots.txt HTTP/1.1" 404 88 "-" "Mozilla/5.0 (iPhone; U; CPU iPhone OS 4_3 like Mac OS X; fr-fr) AppleWebKit/533.17.9 (KHTML, like Gecko) Version/5.0.2 Mobile/8F190 Safari/6533.18.5" "ysfine.com"
91.133.233.179 - - [21/Feb/2023:16:30:08 -0800] "GET / HTTP/1.1" 200 5295 "-" "Mozilla/5.0 (iPhone; U; CPU iPhone OS 4_2_1 like Mac OS X; ru-ru) AppleWebKit/533.17.9 (KHTML, like Gecko) Version/5.0.2 Mobile/8C148 Safari/6533.18.5" "ysfine.com"
51.222.253.1 - - [21/Feb/2023:16:30:08 -0800] "GET /world/brit/lonstore02.jpg HTTP/1.1" 200 75273 "-" "Mozilla/5.0 (compatible; AhrefsBot/7.0; +http://ahrefs.com/robot/)" "ysfine.com"
51.222.253.13 - - [21/Feb/2023:16:30:08 -0800] "GET /world/brit/bond03.jpg HTTP/1.1" 200 104673 "-" "Mozilla/5.0 (compatible; AhrefsBot/7.0; +http://ahrefs.com/robot/)" "ysfine.com"
51.222.253.11 - - [21/Feb/2023:16:30:09 -0800] "GET /world/brit/bond06.jpg HTTP/1.1" 200 83239 "-" "Mozilla/5.0 (compatible; AhrefsBot/7.0; +http://ahrefs.com/robot/)" "ysfine.com"
51.222.253.20 - - [21/Feb/2023:16:30:10 -0800] "GET /world/brit/lonstore09.jpg HTTP/1.1" 200 61832 "-" "Mozilla/5.0 (compatible; AhrefsBot/7.0; +http://ahrefs.com/robot/)" "ysfine.com"
51.222.253.15 - - [21/Feb/2023:16:30:10 -0800] "GET /world/brit/lonstore03.jpg HTTP/1.1" 200 85858 "-" "Mozilla/5.0 (compatible; AhrefsBot/7.0; +http://ahrefs.com/robot/)" "ysfine.com"
51.222.253.4 - - [21/Feb/2023:16:30:11 -0800] "GET /world/brit/lonstore07.jpg HTTP/1.1" 200 80588 "-" "Mozilla/5.0 (compatible; AhrefsBot/7.0; +http://ahrefs.com/robot/)" "ysfine.com"
51.222.253.18 - - [21/Feb/2023:16:30:11 -0800] "GET /world/brit/lonstore08.jpg HTTP/1.1" 200 82044 "-" "Mozilla/5.0 (compatible; AhrefsBot/7.0; +http://ahrefs.com/robot/)" "ysfine.com"
51.222.253.14 - - [21/Feb/2023:16:30:12 -0800] "GET /world/brit/lonstore15.jpg HTTP/1.1" 200 95306 "-" "Mozilla/5.0 (compatible; AhrefsBot/7.0; +http://ahrefs.com/robot/)" "ysfine.com"
51.222.253.10 - - [21/Feb/2023:16:30:12 -0800] "GET /world/brit/lonstore10.jpg HTTP/1.1" 200 76991 "-" "Mozilla/5.0 (compatible; AhrefsBot/7.0; +http://ahrefs.com/robot/)" "ysfine.com"
51.222.253.15 - - [21/Feb/2023:16:30:13 -0800] "GET /world/brit/lonstore11.jpg HTTP/1.1" 200 84719 "-" "Mozilla/5.0 (compatible; AhrefsBot/7.0; +http://ahrefs.com/robot/)" "ysfine.com"
51.222.253.4 - - [21/Feb/2023:16:30:13 -0800] "GET /world/brit/lonstore13.jpg HTTP/1.1" 200 65255 "-" "Mozilla/5.0 (compatible; AhrefsBot/7.0; +http://ahrefs.com/robot/)" "ysfine.com"
51.222.253.17 - - [21/Feb/2023:16:30:14 -0800] "GET /world/brit/bond11.jpg HTTP/1.1" 200 76149 "-" "Mozilla/5.0 (compatible; AhrefsBot/7.0; +http://ahrefs.com/robot/)" "ysfine.com"
64.124.8.53 - - [21/Feb/2023:16:30:26 -0800] "GET /world/balkan/bosphorus11.jpg HTTP/1.1" 200 67325 "-" "Mozilla/5.0 (Macintosh; Intel Mac OS X 10_15_7) AppleWebKit/537.36 (KHTML, like Gecko) Chrome/107.0.0.0 Safari/537.36" "ysfine.com"
52.167.144.35 - - [21/Feb/2023:16:30:47 -0800] "GET /princeton/westmin33.jpg HTTP/1.1" 200 70860 "-" "Mozilla/5.0 AppleWebKit/537.36 (KHTML, like Gecko; compatible; bingbot/2.0; +http://www.bing.com/bingbot.htm) Chrome/103.0.5060.134 Safari/537.36" "www.ysfine.com"
17.241.219.154 - - [21/Feb/2023:16:31:07 -0800] "GET /feynman/fphoto.html HTTP/1.1" 200 3714 "-" "Mozilla/5.0 (Macintosh; Intel Mac OS X 10_15_5) AppleWebKit/605.1.15 (KHTML, like Gecko) Version/13.1.1 Safari/605.1.15 (Applebot/0.1; +http://www.apple.com/go/applebot)" "www.ysfine.com"
95.108.213.238 - - [21/Feb/2023:16:31:48 -0800] "GET /maga/ewk.html HTTP/1.1" 404 88 "-" "Mozilla/5.0 (compatible; YandexBot/3.0; +http://yandex.com/bots)" "www.ysfine.com"
40.77.167.211 - - [21/Feb/2023:16:32:08 -0800] "GET /kobak/chungilk02b.jpg HTTP/1.1" 200 61073 "-" "Mozilla/5.0 AppleWebKit/537.36 (KHTML, like Gecko; compatible; bingbot/2.0; +http://www.bing.com/bingbot.htm) Chrome/103.0.5060.134 Safari/537.36" "www.ysfine.com"
64.124.8.52 - - [21/Feb/2023:16:32:11 -0800] "GET /kowar/tanks/gmc02.jpg HTTP/1.1" 200 71799 "-" "Mozilla/5.0 (Macintosh; Intel Mac OS X 10_15_7) AppleWebKit/537.36 (KHTML, like Gecko) Chrome/107.0.0.0 Safari/537.36" "ysfine.com"
52.167.144.62 - - [21/Feb/2023:16:33:12 -0800] "GET /world/germany/hofbrau33b.jpg HTTP/1.1" 200 51219 "-" "Mozilla/5.0 AppleWebKit/537.36 (KHTML, like Gecko; compatible; bingbot/2.0; +http://www.bing.com/bingbot.htm) Chrome/103.0.5060.134 Safari/537.36" "www.ysfine.com"
157.41.254.239 - - [21/Feb/2023:16:33:16 -0800] "GET /newyork/colum05.jpg HTTP/1.1" 200 116037 "https://ysfine.com/maga/pupin.html" "Mozilla/5.0 (Windows NT 10.0; Win64; x64) AppleWebKit/537.36 (KHTML, like Gecko) Chrome/109.0.0.0 Safari/537.36" "ysfine.com"
51.222.253.1 - - [21/Feb/2023:16:33:39 -0800] "GET /world/brit/loncafe.html HTTP/1.1" 200 374 "-" "Mozilla/5.0 (compatible; AhrefsBot/7.0; +http://ahrefs.com/robot/)" "ysfine.com"
51.222.253.15 - - [21/Feb/2023:16:33:41 -0800] "GET /world/brit/loncafe23.jpg HTTP/1.1" 200 97295 "-" "Mozilla/5.0 (compatible; AhrefsBot/7.0; +http://ahrefs.com/robot/)" "ysfine.com"
51.222.253.10 - - [21/Feb/2023:16:33:42 -0800] "GET /world/brit/loncafe08.jpg HTTP/1.1" 200 91360 "-" "Mozilla/5.0 (compatible; AhrefsBot/7.0; +http://ahrefs.com/robot/)" "ysfine.com"
51.222.253.13 - - [21/Feb/2023:16:33:43 -0800] "GET /world/brit/loncafe13.jpg HTTP/1.1" 200 63868 "-" "Mozilla/5.0 (compatible; AhrefsBot/7.0; +http://ahrefs.com/robot/)" "ysfine.com"
51.222.253.9 - - [21/Feb/2023:16:33:44 -0800] "GET /world/brit/loncafe21.jpg HTTP/1.1" 200 93427 "-" "Mozilla/5.0 (compatible; AhrefsBot/7.0; +http://ahrefs.com/robot/)" "ysfine.com"
216.244.66.229 - - [21/Feb/2023:16:33:44 -0800] "GET /world/hungary/kodaly01.jpg HTTP/1.1" 200 157349 "-" "Mozilla/5.0 (compatible; DotBot/1.2; +https://opensiteexplorer.org/dotbot; help@moz.com)" "ysfine.com"
51.222.253.20 - - [21/Feb/2023:16:33:45 -0800] "GET /world/brit/loncafe22.jpg HTTP/1.1" 200 112967 "-" "Mozilla/5.0 (compatible; AhrefsBot/7.0; +http://ahrefs.com/robot/)" "ysfine.com"
51.222.253.19 - - [21/Feb/2023:16:33:46 -0800] "GET /world/brit/loncafe20.jpg HTTP/1.1" 200 93527 "-" "Mozilla/5.0 (compatible; AhrefsBot/7.0; +http://ahrefs.com/robot/)" "ysfine.com"
51.222.253.1 - - [21/Feb/2023:16:33:46 -0800] "GET /world/brit/loncafe02.jpg HTTP/1.1" 200 76706 "-" "Mozilla/5.0 (compatible; AhrefsBot/7.0; +http://ahrefs.com/robot/)" "ysfine.com"
51.222.253.15 - - [21/Feb/2023:16:33:47 -0800] "GET /world/brit/loncafe16.jpg HTTP/1.1" 200 77833 "-" "Mozilla/5.0 (compatible; AhrefsBot/7.0; +http://ahrefs.com/robot/)" "ysfine.com"
51.222.253.7 - - [21/Feb/2023:16:33:47 -0800] "GET /world/brit/loncafe10.jpg HTTP/1.1" 200 76516 "-" "Mozilla/5.0 (compatible; AhrefsBot/7.0; +http://ahrefs.com/robot/)" "ysfine.com"
51.222.253.20 - - [21/Feb/2023:16:33:48 -0800] "GET /world/brit/loncafe18.jpg HTTP/1.1" 200 82276 "-" "Mozilla/5.0 (compatible; AhrefsBot/7.0; +http://ahrefs.com/robot/)" "ysfine.com"
51.222.253.11 - - [21/Feb/2023:16:33:49 -0800] "GET /world/brit/loncafe07.jpg HTTP/1.1" 200 96727 "-" "Mozilla/5.0 (compatible; AhrefsBot/7.0; +http://ahrefs.com/robot/)" "ysfine.com"
51.222.253.7 - - [21/Feb/2023:16:33:49 -0800] "GET /world/brit/loncafe15.jpg HTTP/1.1" 200 65565 "-" "Mozilla/5.0 (compatible; AhrefsBot/7.0; +http://ahrefs.com/robot/)" "ysfine.com"
40.77.167.211 - - [21/Feb/2023:16:33:50 -0800] "GET /world/russ/moschurch06.jpg HTTP/1.1" 200 94807 "-" "Mozilla/5.0 AppleWebKit/537.36 (KHTML, like Gecko; compatible; bingbot/2.0; +http://www.bing.com/bingbot.htm) Chrome/103.0.5060.134 Safari/537.36" "ysfine.com"
51.222.253.18 - - [21/Feb/2023:16:33:50 -0800] "GET /world/brit/loncafe24.jpg HTTP/1.1" 404 88 "-" "Mozilla/5.0 (compatible; AhrefsBot/7.0; +http://ahrefs.com/robot/)" "ysfine.com"
51.222.253.13 - - [21/Feb/2023:16:33:50 -0800] "GET /world/brit/loncafe19.jpg HTTP/1.1" 200 81058 "-" "Mozilla/5.0 (compatible; AhrefsBot/7.0; +http://ahrefs.com/robot/)" "ysfine.com"
51.222.253.15 - - [21/Feb/2023:16:33:51 -0800] "GET /world/brit/loncafe12.jpg HTTP/1.1" 200 65041 "-" "Mozilla/5.0 (compatible; AhrefsBot/7.0; +http://ahrefs.com/robot/)" "ysfine.com"
51.222.253.13 - - [21/Feb/2023:16:33:51 -0800] "GET /world/brit/loncafe17.jpg HTTP/1.1" 200 113116 "-" "Mozilla/5.0 (compatible; AhrefsBot/7.0; +http://ahrefs.com/robot/)" "ysfine.com"
51.222.253.18 - - [21/Feb/2023:16:33:52 -0800] "GET /world/brit/loncafe03.jpg HTTP/1.1" 200 79977 "-" "Mozilla/5.0 (compatible; AhrefsBot/7.0; +http://ahrefs.com/robot/)" "ysfine.com"
51.222.253.6 - - [21/Feb/2023:16:33:52 -0800] "GET /world/brit/loncafe04.jpg HTTP/1.1" 200 64551 "-" "Mozilla/5.0 (compatible; AhrefsBot/7.0; +http://ahrefs.com/robot/)" "ysfine.com"
157.41.254.239 - - [21/Feb/2023:16:33:53 -0800] "GET /newyork/nyc.html HTTP/1.1" 200 31389 "https://ysfine.com/maga/pupin.html" "Mozilla/5.0 (Windows NT 10.0; Win64; x64) AppleWebKit/537.36 (KHTML, like Gecko) Chrome/109.0.0.0 Safari/537.36" "ysfine.com"
51.222.253.14 - - [21/Feb/2023:16:33:53 -0800] "GET /world/brit/loncafe06.jpg HTTP/1.1" 200 71485 "-" "Mozilla/5.0 (compatible; AhrefsBot/7.0; +http://ahrefs.com/robot/)" "ysfine.com"
51.222.253.18 - - [21/Feb/2023:16:33:53 -0800] "GET /world/brit/loncafe11.jpg HTTP/1.1" 200 91152 "-" "Mozilla/5.0 (compatible; AhrefsBot/7.0; +http://ahrefs.com/robot/)" "ysfine.com"
157.41.254.239 - - [21/Feb/2023:16:33:53 -0800] "GET /newyork/nyharbor920.jpg HTTP/1.1" 200 94502 "https://ysfine.com/newyork/nyc.html" "Mozilla/5.0 (Windows NT 10.0; Win64; x64) AppleWebKit/537.36 (KHTML, like Gecko) Chrome/109.0.0.0 Safari/537.36" "ysfine.com"
157.41.254.239 - - [21/Feb/2023:16:33:53 -0800] "GET /newyork/colum10c.jpg HTTP/1.1" 200 39355 "https://ysfine.com/newyork/nyc.html" "Mozilla/5.0 (Windows NT 10.0; Win64; x64) AppleWebKit/537.36 (KHTML, like Gecko) Chrome/109.0.0.0 Safari/537.36" "ysfine.com"
157.41.254.239 - - [21/Feb/2023:16:33:54 -0800] "GET /newyork/colum02c.jpg HTTP/1.1" 200 35476 "https://ysfine.com/newyork/nyc.html" "Mozilla/5.0 (Windows NT 10.0; Win64; x64) AppleWebKit/537.36 (KHTML, like Gecko) Chrome/109.0.0.0 Safari/537.36" "ysfine.com"
157.41.254.239 - - [21/Feb/2023:16:33:54 -0800] "GET /newyork/colum01c.jpg HTTP/1.1" 200 26009 "https://ysfine.com/newyork/nyc.html" "Mozilla/5.0 (Windows NT 10.0; Win64; x64) AppleWebKit/537.36 (KHTML, like Gecko) Chrome/109.0.0.0 Safari/537.36" "ysfine.com"
157.41.254.239 - - [21/Feb/2023:16:33:54 -0800] "GET /newyork/gwbr77c.jpg HTTP/1.1" 200 23925 "https://ysfine.com/newyork/nyc.html" "Mozilla/5.0 (Windows NT 10.0; Win64; x64) AppleWebKit/537.36 (KHTML, like Gecko) Chrome/109.0.0.0 Safari/537.36" "ysfine.com"
157.41.254.239 - - [21/Feb/2023:16:33:54 -0800] "GET /newyork/grant01c.jpg HTTP/1.1" 200 18307 "https://ysfine.com/newyork/nyc.html" "Mozilla/5.0 (Windows NT 10.0; Win64; x64) AppleWebKit/537.36 (KHTML, like Gecko) Chrome/109.0.0.0 Safari/537.36" "ysfine.com"
157.41.254.239 - - [21/Feb/2023:16:33:54 -0800] "GET /newyork/colum23c.jpg HTTP/1.1" 200 32311 "https://ysfine.com/newyork/nyc.html" "Mozilla/5.0 (Windows NT 10.0; Win64; x64) AppleWebKit/537.36 (KHTML, like Gecko) Chrome/109.0.0.0 Safari/537.36" "ysfine.com"
157.41.254.239 - - [21/Feb/2023:16:33:54 -0800] "GET /newyork/ihouse11c.jpg HTTP/1.1" 200 27430 "https://ysfine.com/newyork/nyc.html" "Mozilla/5.0 (Windows NT 10.0; Win64; x64) AppleWebKit/537.36 (KHTML, like Gecko) Chrome/109.0.0.0 Safari/537.36" "ysfine.com"
51.222.253.11 - - [21/Feb/2023:16:33:54 -0800] "GET /world/brit/loncafe14.jpg HTTP/1.1" 200 71545 "-" "Mozilla/5.0 (compatible; AhrefsBot/7.0; +http://ahrefs.com/robot/)" "ysfine.com"
51.222.253.15 - - [21/Feb/2023:16:33:54 -0800] "GET /world/brit/loncafe09.jpg HTTP/1.1" 200 75166 "-" "Mozilla/5.0 (compatible; AhrefsBot/7.0; +http://ahrefs.com/robot/)" "ysfine.com"
51.222.253.5 - - [21/Feb/2023:16:33:55 -0800] "GET /world/brit/loncafe05.jpg HTTP/1.1" 200 64135 "-" "Mozilla/5.0 (compatible; AhrefsBot/7.0; +http://ahrefs.com/robot/)" "ysfine.com"
157.41.254.239 - - [21/Feb/2023:16:33:56 -0800] "GET /newyork/ihouse22c.jpg HTTP/1.1" 200 30071 "https://ysfine.com/newyork/nyc.html" "Mozilla/5.0 (Windows NT 10.0; Win64; x64) AppleWebKit/537.36 (KHTML, like Gecko) Chrome/109.0.0.0 Safari/537.36" "ysfine.com"
157.41.254.239 - - [21/Feb/2023:16:33:56 -0800] "GET /newyork/centralp05c.jpg HTTP/1.1" 200 29391 "https://ysfine.com/newyork/nyc.html" "Mozilla/5.0 (Windows NT 10.0; Win64; x64) AppleWebKit/537.36 (KHTML, like Gecko) Chrome/109.0.0.0 Safari/537.36" "ysfine.com"
157.41.254.239 - - [21/Feb/2023:16:33:56 -0800] "GET /newyork/centralp10c.jpg HTTP/1.1" 200 46978 "https://ysfine.com/newyork/nyc.html" "Mozilla/5.0 (Windows NT 10.0; Win64; x64) AppleWebKit/537.36 (KHTML, like Gecko) Chrome/109.0.0.0 Safari/537.36" "ysfine.com"
157.41.254.239 - - [21/Feb/2023:16:33:56 -0800] "GET /newyork/columbus01c.jpg HTTP/1.1" 200 18329 "https://ysfine.com/newyork/nyc.html" "Mozilla/5.0 (Windows NT 10.0; Win64; x64) AppleWebKit/537.36 (KHTML, like Gecko) Chrome/109.0.0.0 Safari/537.36" "ysfine.com"
157.41.254.239 - - [21/Feb/2023:16:33:57 -0800] "GET /newyork/metny00c.jpg HTTP/1.1" 200 35171 "https://ysfine.com/newyork/nyc.html" "Mozilla/5.0 (Windows NT 10.0; Win64; x64) AppleWebKit/537.36 (KHTML, like Gecko) Chrome/109.0.0.0 Safari/537.36" "ysfine.com"
157.41.254.239 - - [21/Feb/2023:16:33:57 -0800] "GET /newyork/metny77c.jpg HTTP/1.1" 200 29776 "https://ysfine.com/newyork/nyc.html" "Mozilla/5.0 (Windows NT 10.0; Win64; x64) AppleWebKit/537.36 (KHTML, like Gecko) Chrome/109.0.0.0 Safari/537.36" "ysfine.com"
157.41.254.239 - - [21/Feb/2023:16:33:57 -0800] "GET /newyork/metny88c.jpg HTTP/1.1" 200 28888 "https://ysfine.com/newyork/nyc.html" "Mozilla/5.0 (Windows NT 10.0; Win64; x64) AppleWebKit/537.36 (KHTML, like Gecko) Chrome/109.0.0.0 Safari/537.36" "ysfine.com"
157.41.254.239 - - [21/Feb/2023:16:33:57 -0800] "GET /newyork/guggen33c.jpg HTTP/1.1" 200 40404 "https://ysfine.com/newyork/nyc.html" "Mozilla/5.0 (Windows NT 10.0; Win64; x64) AppleWebKit/537.36 (KHTML, like Gecko) Chrome/109.0.0.0 Safari/537.36" "ysfine.com"
157.41.254.239 - - [21/Feb/2023:16:33:58 -0800] "GET /newyork/guggen77c.jpg HTTP/1.1" 200 34442 "https://ysfine.com/newyork/nyc.html" "Mozilla/5.0 (Windows NT 10.0; Win64; x64) AppleWebKit/537.36 (KHTML, like Gecko) Chrome/109.0.0.0 Safari/537.36" "ysfine.com"
157.41.254.239 - - [21/Feb/2023:16:33:58 -0800] "GET /newyork/lincolnc22c.jpg HTTP/1.1" 200 57125 "https://ysfine.com/newyork/nyc.html" "Mozilla/5.0 (Windows NT 10.0; Win64; x64) AppleWebKit/537.36 (KHTML, like Gecko) Chrome/109.0.0.0 Safari/537.36" "ysfine.com"
157.41.254.239 - - [21/Feb/2023:16:33:59 -0800] "GET /newyork/queensboro44c.jpg HTTP/1.1" 200 36682 "https://ysfine.com/newyork/nyc.html" "Mozilla/5.0 (Windows NT 10.0; Win64; x64) AppleWebKit/537.36 (KHTML, like Gecko) Chrome/109.0.0.0 Safari/537.36" "ysfine.com"
157.41.254.239 - - [21/Feb/2023:16:33:59 -0800] "GET /newyork/plazahotel01c.jpg HTTP/1.1" 200 41376 "https://ysfine.com/newyork/nyc.html" "Mozilla/5.0 (Windows NT 10.0; Win64; x64) AppleWebKit/537.36 (KHTML, like Gecko) Chrome/109.0.0.0 Safari/537.36" "ysfine.com"
157.41.254.239 - - [21/Feb/2023:16:33:59 -0800] "GET /newyork/carnegie02c.jpg HTTP/1.1" 200 35684 "https://ysfine.com/newyork/nyc.html" "Mozilla/5.0 (Windows NT 10.0; Win64; x64) AppleWebKit/537.36 (KHTML, like Gecko) Chrome/109.0.0.0 Safari/537.36" "ysfine.com"
157.41.254.239 - - [21/Feb/2023:16:33:59 -0800] "GET /newyork/russtea55c.jpg HTTP/1.1" 200 41207 "https://ysfine.com/newyork/nyc.html" "Mozilla/5.0 (Windows NT 10.0; Win64; x64) AppleWebKit/537.36 (KHTML, like Gecko) Chrome/109.0.0.0 Safari/537.36" "ysfine.com"
157.41.254.239 - - [21/Feb/2023:16:33:59 -0800] "GET /newyork/tiffany05c.jpg HTTP/1.1" 200 40255 "https://ysfine.com/newyork/nyc.html" "Mozilla/5.0 (Windows NT 10.0; Win64; x64) AppleWebKit/537.36 (KHTML, like Gecko) Chrome/109.0.0.0 Safari/537.36" "ysfine.com"
157.41.254.239 - - [21/Feb/2023:16:33:59 -0800] "GET /newyork/vuiton33c.jpg HTTP/1.1" 200 41872 "https://ysfine.com/newyork/nyc.html" "Mozilla/5.0 (Windows NT 10.0; Win64; x64) AppleWebKit/537.36 (KHTML, like Gecko) Chrome/109.0.0.0 Safari/537.36" "ysfine.com"
157.41.254.239 - - [21/Feb/2023:16:34:00 -0800] "GET /newyork/tournau22c.jpg HTTP/1.1" 200 41006 "https://ysfine.com/newyork/nyc.html" "Mozilla/5.0 (Windows NT 10.0; Win64; x64) AppleWebKit/537.36 (KHTML, like Gecko) Chrome/109.0.0.0 Safari/537.36" "ysfine.com"
157.41.254.239 - - [21/Feb/2023:16:34:00 -0800] "GET /newyork/trump38c.jpg HTTP/1.1" 200 44300 "https://ysfine.com/newyork/nyc.html" "Mozilla/5.0 (Windows NT 10.0; Win64; x64) AppleWebKit/537.36 (KHTML, like Gecko) Chrome/109.0.0.0 Safari/537.36" "ysfine.com"
157.41.254.239 - - [21/Feb/2023:16:34:00 -0800] "GET /newyork/trump02c.jpg HTTP/1.1" 200 50317 "https://ysfine.com/newyork/nyc.html" "Mozilla/5.0 (Windows NT 10.0; Win64; x64) AppleWebKit/537.36 (KHTML, like Gecko) Chrome/109.0.0.0 Safari/537.36" "ysfine.com"
157.41.254.239 - - [21/Feb/2023:16:34:00 -0800] "GET /newyork/trump04c.jpg HTTP/1.1" 200 35707 "https://ysfine.com/newyork/nyc.html" "Mozilla/5.0 (Windows NT 10.0; Win64; x64) AppleWebKit/537.36 (KHTML, like Gecko) Chrome/109.0.0.0 Safari/537.36" "ysfine.com"
157.41.254.239 - - [21/Feb/2023:16:34:00 -0800] "GET /newyork/trump35c.jpg HTTP/1.1" 200 41264 "https://ysfine.com/newyork/nyc.html" "Mozilla/5.0 (Windows NT 10.0; Win64; x64) AppleWebKit/537.36 (KHTML, like Gecko) Chrome/109.0.0.0 Safari/537.36" "ysfine.com"
157.41.254.239 - - [21/Feb/2023:16:34:01 -0800] "GET /newyork/trump57c.jpg HTTP/1.1" 200 39119 "https://ysfine.com/newyork/nyc.html" "Mozilla/5.0 (Windows NT 10.0; Win64; x64) AppleWebKit/537.36 (KHTML, like Gecko) Chrome/109.0.0.0 Safari/537.36" "ysfine.com"
157.41.254.239 - - [21/Feb/2023:16:34:01 -0800] "GET /newyork/trump07c.jpg HTTP/1.1" 200 46438 "https://ysfine.com/newyork/nyc.html" "Mozilla/5.0 (Windows NT 10.0; Win64; x64) AppleWebKit/537.36 (KHTML, like Gecko) Chrome/109.0.0.0 Safari/537.36" "ysfine.com"
157.41.254.239 - - [21/Feb/2023:16:34:01 -0800] "GET /newyork/trump43c.jpg HTTP/1.1" 200 42911 "https://ysfine.com/newyork/nyc.html" "Mozilla/5.0 (Windows NT 10.0; Win64; x64) AppleWebKit/537.36 (KHTML, like Gecko) Chrome/109.0.0.0 Safari/537.36" "ysfine.com"
157.41.254.239 - - [21/Feb/2023:16:34:01 -0800] "GET /newyork/trump40c.jpg HTTP/1.1" 200 41418 "https://ysfine.com/newyork/nyc.html" "Mozilla/5.0 (Windows NT 10.0; Win64; x64) AppleWebKit/537.36 (KHTML, like Gecko) Chrome/109.0.0.0 Safari/537.36" "ysfine.com"
157.41.254.239 - - [21/Feb/2023:16:34:01 -0800] "GET /newyork/trump56c.jpg HTTP/1.1" 200 47546 "https://ysfine.com/newyork/nyc.html" "Mozilla/5.0 (Windows NT 10.0; Win64; x64) AppleWebKit/537.36 (KHTML, like Gecko) Chrome/109.0.0.0 Safari/537.36" "ysfine.com"
157.41.254.239 - - [21/Feb/2023:16:34:01 -0800] "GET /newyork/hilton02c.jpg HTTP/1.1" 200 45303 "https://ysfine.com/newyork/nyc.html" "Mozilla/5.0 (Windows NT 10.0; Win64; x64) AppleWebKit/537.36 (KHTML, like Gecko) Chrome/109.0.0.0 Safari/537.36" "ysfine.com"
157.41.254.239 - - [21/Feb/2023:16:34:02 -0800] "GET /newyork/hilton20c.jpg HTTP/1.1" 200 37006 "https://ysfine.com/newyork/nyc.html" "Mozilla/5.0 (Windows NT 10.0; Win64; x64) AppleWebKit/537.36 (KHTML, like Gecko) Chrome/109.0.0.0 Safari/537.36" "ysfine.com"
157.41.254.239 - - [21/Feb/2023:16:34:02 -0800] "GET /newyork/wsj11c.jpg HTTP/1.1" 200 33966 "https://ysfine.com/newyork/nyc.html" "Mozilla/5.0 (Windows NT 10.0; Win64; x64) AppleWebKit/537.36 (KHTML, like Gecko) Chrome/109.0.0.0 Safari/537.36" "ysfine.com"
157.41.254.239 - - [21/Feb/2023:16:34:02 -0800] "GET /newyork/radioci08c.jpg HTTP/1.1" 200 36077 "https://ysfine.com/newyork/nyc.html" "Mozilla/5.0 (Windows NT 10.0; Win64; x64) AppleWebKit/537.36 (KHTML, like Gecko) Chrome/109.0.0.0 Safari/537.36" "ysfine.com"
157.41.254.239 - - [21/Feb/2023:16:34:02 -0800] "GET /newyork/radioci15c.jpg HTTP/1.1" 200 24021 "https://ysfine.com/newyork/nyc.html" "Mozilla/5.0 (Windows NT 10.0; Win64; x64) AppleWebKit/537.36 (KHTML, like Gecko) Chrome/109.0.0.0 Safari/537.36" "ysfine.com"
157.41.254.239 - - [21/Feb/2023:16:34:02 -0800] "GET /newyork/radioci01c.jpg HTTP/1.1" 200 34214 "https://ysfine.com/newyork/nyc.html" "Mozilla/5.0 (Windows NT 10.0; Win64; x64) AppleWebKit/537.36 (KHTML, like Gecko) Chrome/109.0.0.0 Safari/537.36" "ysfine.com"
157.41.254.239 - - [21/Feb/2023:16:34:03 -0800] "GET /kobak/sorae/church06c.jpg HTTP/1.1" 200 34393 "https://ysfine.com/newyork/nyc.html" "Mozilla/5.0 (Windows NT 10.0; Win64; x64) AppleWebKit/537.36 (KHTML, like Gecko) Chrome/109.0.0.0 Safari/537.36" "ysfine.com"
157.41.254.239 - - [21/Feb/2023:16:34:03 -0800] "GET /newyork/rocke03c.jpg HTTP/1.1" 200 35745 "https://ysfine.com/newyork/nyc.html" "Mozilla/5.0 (Windows NT 10.0; Win64; x64) AppleWebKit/537.36 (KHTML, like Gecko) Chrome/109.0.0.0 Safari/537.36" "ysfine.com"
157.41.254.239 - - [21/Feb/2023:16:34:03 -0800] "GET /newyork/rocke06c.jpg HTTP/1.1" 200 45727 "https://ysfine.com/newyork/nyc.html" "Mozilla/5.0 (Windows NT 10.0; Win64; x64) AppleWebKit/537.36 (KHTML, like Gecko) Chrome/109.0.0.0 Safari/537.36" "ysfine.com"
