98.97.141.18 - - [21/Feb/2023:07:45:11 -0800] "GET /eink/newtein77f.jpg HTTP/1.1" 200 46322 "https://ysfine.com/" "Mozilla/5.0 (iPhone; CPU iPhone OS 16_3 like Mac OS X) AppleWebKit/605.1.15 (KHTML, like Gecko) Version/16.3 Mobile/15E148 Safari/604.1" "ysfine.com"
98.97.141.18 - - [21/Feb/2023:07:45:11 -0800] "GET /eink/abomb66c.jpg HTTP/1.1" 200 22350 "https://ysfine.com/" "Mozilla/5.0 (iPhone; CPU iPhone OS 16_3 like Mac OS X) AppleWebKit/605.1.15 (KHTML, like Gecko) Version/16.3 Mobile/15E148 Safari/604.1" "ysfine.com"
98.97.141.18 - - [21/Feb/2023:07:45:11 -0800] "GET /eink/enterprize61c.jpg HTTP/1.1" 200 40611 "https://ysfine.com/" "Mozilla/5.0 (iPhone; CPU iPhone OS 16_3 like Mac OS X) AppleWebKit/605.1.15 (KHTML, like Gecko) Version/16.3 Mobile/15E148 Safari/604.1" "ysfine.com"
98.97.141.18 - - [21/Feb/2023:07:45:11 -0800] "GET /dirac/o32inho22c.jpg HTTP/1.1" 200 33038 "https://ysfine.com/" "Mozilla/5.0 (iPhone; CPU iPhone OS 16_3 like Mac OS X) AppleWebKit/605.1.15 (KHTML, like Gecko) Version/16.3 Mobile/15E148 Safari/604.1" "ysfine.com"
98.97.141.18 - - [21/Feb/2023:07:45:11 -0800] "GET /feynman/feynman300.jpg HTTP/1.1" 200 18273 "https://ysfine.com/" "Mozilla/5.0 (iPhone; CPU iPhone OS 16_3 like Mac OS X) AppleWebKit/605.1.15 (KHTML, like Gecko) Version/16.3 Mobile/15E148 Safari/604.1" "ysfine.com"
98.97.141.18 - - [21/Feb/2023:07:45:11 -0800] "GET /eink/eink54f.jpg HTTP/1.1" 200 98068 "https://ysfine.com/" "Mozilla/5.0 (iPhone; CPU iPhone OS 16_3 like Mac OS X) AppleWebKit/605.1.15 (KHTML, like Gecko) Version/16.3 Mobile/15E148 Safari/604.1" "ysfine.com"
98.97.141.18 - - [21/Feb/2023:07:45:11 -0800] "GET /eink/iop21c.jpg HTTP/1.1" 200 31991 "https://ysfine.com/" "Mozilla/5.0 (iPhone; CPU iPhone OS 16_3 like Mac OS X) AppleWebKit/605.1.15 (KHTML, like Gecko) Version/16.3 Mobile/15E148 Safari/604.1" "ysfine.com"
98.97.141.18 - - [21/Feb/2023:07:45:11 -0800] "GET /eink/pwk33c.jpg HTTP/1.1" 200 30700 "https://ysfine.com/" "Mozilla/5.0 (iPhone; CPU iPhone OS 16_3 like Mac OS X) AppleWebKit/605.1.15 (KHTML, like Gecko) Version/16.3 Mobile/15E148 Safari/604.1" "ysfine.com"
98.97.141.18 - - [21/Feb/2023:07:45:11 -0800] "GET /eink/comet900.jpg HTTP/1.1" 200 110150 "https://ysfine.com/" "Mozilla/5.0 (iPhone; CPU iPhone OS 16_3 like Mac OS X) AppleWebKit/605.1.15 (KHTML, like Gecko) Version/16.3 Mobile/15E148 Safari/604.1" "ysfine.com"
98.97.141.18 - - [21/Feb/2023:07:45:11 -0800] "GET /kowar/tanks/tank05c.jpg HTTP/1.1" 200 33583 "https://ysfine.com/" "Mozilla/5.0 (iPhone; CPU iPhone OS 16_3 like Mac OS X) AppleWebKit/605.1.15 (KHTML, like Gecko) Version/16.3 Mobile/15E148 Safari/604.1" "ysfine.com"
98.97.141.18 - - [21/Feb/2023:07:45:11 -0800] "GET /eink/dirackn900.jpg HTTP/1.1" 200 121605 "https://ysfine.com/" "Mozilla/5.0 (iPhone; CPU iPhone OS 16_3 like Mac OS X) AppleWebKit/605.1.15 (KHTML, like Gecko) Version/16.3 Mobile/15E148 Safari/604.1" "ysfine.com"
98.97.141.18 - - [21/Feb/2023:07:45:11 -0800] "GET /eink/timemag46c.jpg HTTP/1.1" 200 49661 "https://ysfine.com/" "Mozilla/5.0 (iPhone; CPU iPhone OS 16_3 like Mac OS X) AppleWebKit/605.1.15 (KHTML, like Gecko) Version/16.3 Mobile/15E148 Safari/604.1" "ysfine.com"
98.97.141.18 - - [21/Feb/2023:07:45:11 -0800] "GET /eink/feyfirm66c.jpg HTTP/1.1" 200 30766 "https://ysfine.com/" "Mozilla/5.0 (iPhone; CPU iPhone OS 16_3 like Mac OS X) AppleWebKit/605.1.15 (KHTML, like Gecko) Version/16.3 Mobile/15E148 Safari/604.1" "ysfine.com"
98.97.141.18 - - [21/Feb/2023:07:45:11 -0800] "GET /eink/abombs11c.jpg HTTP/1.1" 200 27039 "https://ysfine.com/" "Mozilla/5.0 (iPhone; CPU iPhone OS 16_3 like Mac OS X) AppleWebKit/605.1.15 (KHTML, like Gecko) Version/16.3 Mobile/15E148 Safari/604.1" "ysfine.com"
98.97.141.18 - - [21/Feb/2023:07:45:11 -0800] "GET /eink/einbohr900.jpg HTTP/1.1" 200 62710 "https://ysfine.com/" "Mozilla/5.0 (iPhone; CPU iPhone OS 16_3 like Mac OS X) AppleWebKit/605.1.15 (KHTML, like Gecko) Version/16.3 Mobile/15E148 Safari/604.1" "ysfine.com"
98.97.141.18 - - [21/Feb/2023:07:45:11 -0800] "GET /eink/feynman43c.jpg HTTP/1.1" 200 39256 "https://ysfine.com/" "Mozilla/5.0 (iPhone; CPU iPhone OS 16_3 like Mac OS X) AppleWebKit/605.1.15 (KHTML, like Gecko) Version/16.3 Mobile/15E148 Safari/604.1" "ysfine.com"
98.97.141.18 - - [21/Feb/2023:07:45:11 -0800] "GET /dirac/dirbust22c.jpg HTTP/1.1" 200 36029 "https://ysfine.com/" "Mozilla/5.0 (iPhone; CPU iPhone OS 16_3 like Mac OS X) AppleWebKit/605.1.15 (KHTML, like Gecko) Version/16.3 Mobile/15E148 Safari/604.1" "ysfine.com"
98.97.141.18 - - [21/Feb/2023:07:45:11 -0800] "GET /eink/capitol05c.jpg HTTP/1.1" 200 23405 "https://ysfine.com/" "Mozilla/5.0 (iPhone; CPU iPhone OS 16_3 like Mac OS X) AppleWebKit/605.1.15 (KHTML, like Gecko) Version/16.3 Mobile/15E148 Safari/604.1" "ysfine.com"
216.244.66.229 - - [21/Feb/2023:07:45:19 -0800] "GET /sbk/2008bru22.jpg HTTP/1.1" 200 258214 "-" "Mozilla/5.0 (compatible; DotBot/1.2; +https://opensiteexplorer.org/dotbot; help@moz.com)" "ysfine.com"
98.97.141.18 - - [21/Feb/2023:07:45:27 -0800] "GET /home/100yrs.html HTTP/1.1" 200 7936 "https://ysfine.com/" "Mozilla/5.0 (iPhone; CPU iPhone OS 16_3 like Mac OS X) AppleWebKit/605.1.15 (KHTML, like Gecko) Version/16.3 Mobile/15E148 Safari/604.1" "ysfine.com"
98.97.141.18 - - [21/Feb/2023:07:45:27 -0800] "GET /home/eward33a.jpg HTTP/1.1" 200 63372 "https://ysfine.com/" "Mozilla/5.0 (iPhone; CPU iPhone OS 16_3 like Mac OS X) AppleWebKit/605.1.15 (KHTML, like Gecko) Version/16.3 Mobile/15E148 Safari/604.1" "ysfine.com"
98.97.141.18 - - [21/Feb/2023:07:45:27 -0800] "GET /home/figs/einbohr77a.jpg HTTP/1.1" 200 89596 "https://ysfine.com/" "Mozilla/5.0 (iPhone; CPU iPhone OS 16_3 like Mac OS X) AppleWebKit/605.1.15 (KHTML, like Gecko) Version/16.3 Mobile/15E148 Safari/604.1" "ysfine.com"
98.97.141.18 - - [21/Feb/2023:07:45:27 -0800] "GET /home/figs/dirackn55c.jpg HTTP/1.1" 200 40998 "https://ysfine.com/" "Mozilla/5.0 (iPhone; CPU iPhone OS 16_3 like Mac OS X) AppleWebKit/605.1.15 (KHTML, like Gecko) Version/16.3 Mobile/15E148 Safari/604.1" "ysfine.com"
98.97.141.18 - - [21/Feb/2023:07:45:27 -0800] "GET /home/figs/hegel33c.jpg HTTP/1.1" 200 32412 "https://ysfine.com/" "Mozilla/5.0 (iPhone; CPU iPhone OS 16_3 like Mac OS X) AppleWebKit/605.1.15 (KHTML, like Gecko) Version/16.3 Mobile/15E148 Safari/604.1" "ysfine.com"
98.97.141.18 - - [21/Feb/2023:07:45:27 -0800] "GET /home/figs/evol77c.jpg HTTP/1.1" 200 51561 "https://ysfine.com/" "Mozilla/5.0 (iPhone; CPU iPhone OS 16_3 like Mac OS X) AppleWebKit/605.1.15 (KHTML, like Gecko) Version/16.3 Mobile/15E148 Safari/604.1" "ysfine.com"
98.97.141.18 - - [21/Feb/2023:07:45:27 -0800] "GET /home/fotos/dirac1939c.jpg HTTP/1.1" 200 55599 "https://ysfine.com/" "Mozilla/5.0 (iPhone; CPU iPhone OS 16_3 like Mac OS X) AppleWebKit/605.1.15 (KHTML, like Gecko) Version/16.3 Mobile/15E148 Safari/604.1" "ysfine.com"
98.97.141.18 - - [21/Feb/2023:07:45:28 -0800] "GET /home/figs/parton33a.jpg HTTP/1.1" 200 79369 "https://ysfine.com/" "Mozilla/5.0 (iPhone; CPU iPhone OS 16_3 like Mac OS X) AppleWebKit/605.1.15 (KHTML, like Gecko) Version/16.3 Mobile/15E148 Safari/604.1" "ysfine.com"
98.97.141.18 - - [21/Feb/2023:07:45:28 -0800] "GET /dirac/2osc22c.jpg HTTP/1.1" 200 28929 "https://ysfine.com/" "Mozilla/5.0 (iPhone; CPU iPhone OS 16_3 like Mac OS X) AppleWebKit/605.1.15 (KHTML, like Gecko) Version/16.3 Mobile/15E148 Safari/604.1" "ysfine.com"
98.97.141.18 - - [21/Feb/2023:07:45:28 -0800] "GET /wigner/bieden01c.jpg HTTP/1.1" 200 29466 "https://ysfine.com/" "Mozilla/5.0 (iPhone; CPU iPhone OS 16_3 like Mac OS X) AppleWebKit/605.1.15 (KHTML, like Gecko) Version/16.3 Mobile/15E148 Safari/604.1" "ysfine.com"
98.97.141.18 - - [21/Feb/2023:07:45:28 -0800] "GET /dirac/dirac63c.jpg HTTP/1.1" 200 29237 "https://ysfine.com/" "Mozilla/5.0 (iPhone; CPU iPhone OS 16_3 like Mac OS X) AppleWebKit/605.1.15 (KHTML, like Gecko) Version/16.3 Mobile/15E148 Safari/604.1" "ysfine.com"
98.97.141.18 - - [21/Feb/2023:07:45:28 -0800] "GET /eink/eink24c.jpg HTTP/1.1" 200 45060 "https://ysfine.com/" "Mozilla/5.0 (iPhone; CPU iPhone OS 16_3 like Mac OS X) AppleWebKit/605.1.15 (KHTML, like Gecko) Version/16.3 Mobile/15E148 Safari/604.1" "ysfine.com"
98.97.141.18 - - [21/Feb/2023:07:45:28 -0800] "GET /home/resonance33c.jpg HTTP/1.1" 200 36247 "https://ysfine.com/" "Mozilla/5.0 (iPhone; CPU iPhone OS 16_3 like Mac OS X) AppleWebKit/605.1.15 (KHTML, like Gecko) Version/16.3 Mobile/15E148 Safari/604.1" "ysfine.com"
98.97.141.18 - - [21/Feb/2023:07:45:28 -0800] "GET /wigner/lunch91c.jpg HTTP/1.1" 200 59935 "https://ysfine.com/" "Mozilla/5.0 (iPhone; CPU iPhone OS 16_3 like Mac OS X) AppleWebKit/605.1.15 (KHTML, like Gecko) Version/16.3 Mobile/15E148 Safari/604.1" "ysfine.com"
98.97.141.18 - - [21/Feb/2023:07:45:28 -0800] "GET /home/figs/restof05c.jpg HTTP/1.1" 200 21825 "https://ysfine.com/" "Mozilla/5.0 (iPhone; CPU iPhone OS 16_3 like Mac OS X) AppleWebKit/605.1.15 (KHTML, like Gecko) Version/16.3 Mobile/15E148 Safari/604.1" "ysfine.com"
98.97.141.18 - - [21/Feb/2023:07:45:28 -0800] "GET /home/figs/o32inho22c.jpg HTTP/1.1" 200 33038 "https://ysfine.com/" "Mozilla/5.0 (iPhone; CPU iPhone OS 16_3 like Mac OS X) AppleWebKit/605.1.15 (KHTML, like Gecko) Version/16.3 Mobile/15E148 Safari/604.1" "ysfine.com"
98.97.141.18 - - [21/Feb/2023:07:45:28 -0800] "GET /home/figs/sp2c.jpg HTTP/1.1" 200 29532 "https://ysfine.com/" "Mozilla/5.0 (iPhone; CPU iPhone OS 16_3 like Mac OS X) AppleWebKit/605.1.15 (KHTML, like Gecko) Version/16.3 Mobile/15E148 Safari/604.1" "ysfine.com"
98.97.141.18 - - [21/Feb/2023:07:45:28 -0800] "GET /home/figs/sq33a.jpg HTTP/1.1" 200 61922 "https://ysfine.com/" "Mozilla/5.0 (iPhone; CPU iPhone OS 16_3 like Mac OS X) AppleWebKit/605.1.15 (KHTML, like Gecko) Version/16.3 Mobile/15E148 Safari/604.1" "ysfine.com"
98.97.141.18 - - [21/Feb/2023:07:45:28 -0800] "GET /home/figs/restof33a.jpg HTTP/1.1" 200 48893 "https://ysfine.com/" "Mozilla/5.0 (iPhone; CPU iPhone OS 16_3 like Mac OS X) AppleWebKit/605.1.15 (KHTML, like Gecko) Version/16.3 Mobile/15E148 Safari/604.1" "ysfine.com"
98.97.141.18 - - [21/Feb/2023:07:45:28 -0800] "GET /home/figs/o32c.jpg HTTP/1.1" 200 30707 "https://ysfine.com/" "Mozilla/5.0 (iPhone; CPU iPhone OS 16_3 like Mac OS X) AppleWebKit/605.1.15 (KHTML, like Gecko) Version/16.3 Mobile/15E148 Safari/604.1" "ysfine.com"
98.97.141.18 - - [21/Feb/2023:07:45:28 -0800] "GET /home/figs/feybongo77c.jpg HTTP/1.1" 200 31653 "https://ysfine.com/" "Mozilla/5.0 (iPhone; CPU iPhone OS 16_3 like Mac OS X) AppleWebKit/605.1.15 (KHTML, like Gecko) Version/16.3 Mobile/15E148 Safari/604.1" "ysfine.com"
98.97.141.18 - - [21/Feb/2023:07:45:31 -0800] "GET /home/figs/einbohr77.jpg HTTP/1.1" 200 180952 "https://ysfine.com/" "Mozilla/5.0 (iPhone; CPU iPhone OS 16_3 like Mac OS X) AppleWebKit/605.1.15 (KHTML, like Gecko) Version/16.3 Mobile/15E148 Safari/604.1" "ysfine.com"
64.124.8.53 - - [21/Feb/2023:07:45:52 -0800] "GET /world/latina/rio073.jpg HTTP/1.1" 200 96934 "-" "Mozilla/5.0 (Macintosh; Intel Mac OS X 10_15_7) AppleWebKit/537.36 (KHTML, like Gecko) Chrome/107.0.0.0 Safari/537.36" "ysfine.com"
216.244.66.229 - - [21/Feb/2023:07:46:09 -0800] "GET /sbk/2008orlando22.jpg HTTP/1.1" 200 105089 "-" "Mozilla/5.0 (compatible; DotBot/1.2; +https://opensiteexplorer.org/dotbot; help@moz.com)" "ysfine.com"
98.97.141.18 - - [21/Feb/2023:07:46:17 -0800] "GET /home/figs/einbohr77.jpg HTTP/1.1" 200 180952 "-" "Mozilla/5.0 (iPhone; CPU iPhone OS 16_3 like Mac OS X) AppleWebKit/605.1.15 (KHTML, like Gecko) Version/16.3 Mobile/15E148 Safari/604.1" "ysfine.com"
98.97.141.18 - - [21/Feb/2023:07:46:19 -0800] "GET /apple-touch-icon-120x120-precomposed.png HTTP/1.1" 404 88 "-" "MobileSafari/8614.4.6.0.5 CFNetwork/1404.0.5 Darwin/22.3.0" "ysfine.com"
98.97.141.18 - - [21/Feb/2023:07:46:20 -0800] "GET /apple-touch-icon-120x120.png HTTP/1.1" 404 88 "-" "MobileSafari/8614.4.6.0.5 CFNetwork/1404.0.5 Darwin/22.3.0" "ysfine.com"
98.97.141.18 - - [21/Feb/2023:07:46:20 -0800] "GET /apple-touch-icon-precomposed.png HTTP/1.1" 404 88 "-" "MobileSafari/8614.4.6.0.5 CFNetwork/1404.0.5 Darwin/22.3.0" "ysfine.com"
98.97.141.18 - - [21/Feb/2023:07:46:20 -0800] "GET /apple-touch-icon.png HTTP/1.1" 404 88 "-" "MobileSafari/8614.4.6.0.5 CFNetwork/1404.0.5 Darwin/22.3.0" "ysfine.com"
52.167.144.35 - - [21/Feb/2023:07:46:27 -0800] "GET /einstein/places/einhaus11.jpg HTTP/1.1" 200 166716 "-" "Mozilla/5.0 AppleWebKit/537.36 (KHTML, like Gecko; compatible; bingbot/2.0; +http://www.bing.com/bingbot.htm) Chrome/103.0.5060.134 Safari/537.36" "www.ysfine.com"
52.167.144.35 - - [21/Feb/2023:07:46:48 -0800] "GET /sbk/2010berlin11.jpg HTTP/1.1" 200 121298 "-" "Mozilla/5.0 AppleWebKit/537.36 (KHTML, like Gecko; compatible; bingbot/2.0; +http://www.bing.com/bingbot.htm) Chrome/103.0.5060.134 Safari/537.36" "ysfine.com"
52.167.144.35 - - [21/Feb/2023:07:46:48 -0800] "GET /bio/style/artlove.html HTTP/1.1" 404 88 "-" "Mozilla/5.0 AppleWebKit/537.36 (KHTML, like Gecko; compatible; bingbot/2.0; +http://www.bing.com/bingbot.htm) Chrome/103.0.5060.134 Safari/537.36" "ysfine.com"
216.244.66.229 - - [21/Feb/2023:07:47:00 -0800] "GET /wdc/eindc05.jpg HTTP/1.1" 200 168467 "-" "Mozilla/5.0 (compatible; DotBot/1.2; +https://opensiteexplorer.org/dotbot; help@moz.com)" "ysfine.com"
216.244.66.229 - - [21/Feb/2023:07:47:43 -0800] "GET /wdc/washmo17.jpg HTTP/1.1" 200 89623 "-" "Mozilla/5.0 (compatible; DotBot/1.2; +https://opensiteexplorer.org/dotbot; help@moz.com)" "ysfine.com"
216.244.66.229 - - [21/Feb/2023:07:48:17 -0800] "GET /world/france/champ1227.jpg HTTP/1.1" 200 111202 "-" "Mozilla/5.0 (compatible; DotBot/1.2; +https://opensiteexplorer.org/dotbot; help@moz.com)" "ysfine.com"
64.124.8.52 - - [21/Feb/2023:07:49:11 -0800] "GET /ysbio/world/poland/polnobel01.jpg HTTP/1.1" 404 88 "-" "Mozilla/5.0 (Macintosh; Intel Mac OS X 10_15_7) AppleWebKit/537.36 (KHTML, like Gecko) Chrome/107.0.0.0 Safari/537.36" "ysfine.com"
64.124.8.29 - - [21/Feb/2023:07:50:08 -0800] "GET /style/lincolnc44.jpg HTTP/1.1" 200 75653 "-" "Mozilla/5.0 (Macintosh; Intel Mac OS X 10_15_7) AppleWebKit/537.36 (KHTML, like Gecko) Chrome/107.0.0.0 Safari/537.36" "www.ysfine.com"
40.77.167.211 - - [21/Feb/2023:07:50:09 -0800] "GET /world/ital/panth12b.jpg HTTP/1.1" 200 35975 "-" "Mozilla/5.0 AppleWebKit/537.36 (KHTML, like Gecko; compatible; bingbot/2.0; +http://www.bing.com/bingbot.htm) Chrome/103.0.5060.134 Safari/537.36" "ysfine.com"
66.249.70.214 - - [21/Feb/2023:07:50:15 -0800] "GET /world/ital/panth12.jpg HTTP/1.1" 304 - "-" "Googlebot-Image/1.0" "ysfine.com"
52.167.144.35 - - [21/Feb/2023:07:50:18 -0800] "GET /bio/kobak/yskor.html HTTP/1.1" 404 88 "-" "Mozilla/5.0 AppleWebKit/537.36 (KHTML, like Gecko; compatible; bingbot/2.0; +http://www.bing.com/bingbot.htm) Chrome/103.0.5060.134 Safari/537.36" "ysfine.com"
134.197.0.23 - - [21/Feb/2023:07:50:34 -0800] "GET /maga/phil/kanthegel55.jpg HTTP/1.1" 200 163134 "https://www.google.com/" "Mozilla/5.0 (Macintosh; Intel Mac OS X 10.15; rv:109.0) Gecko/20100101 Firefox/110.0" "ysfine.com"
64.124.8.54 - - [21/Feb/2023:07:51:00 -0800] "GET /world/brit/cam37.jpg HTTP/1.1" 200 94883 "-" "Mozilla/5.0 (Macintosh; Intel Mac OS X 10_15_7) AppleWebKit/537.36 (KHTML, like Gecko) Chrome/107.0.0.0 Safari/537.36" "ysfine.com"
64.124.8.56 - - [21/Feb/2023:07:51:38 -0800] "GET /world/europe/praha031.jpg HTTP/1.1" 200 93385 "-" "Mozilla/5.0 (Macintosh; Intel Mac OS X 10_15_7) AppleWebKit/537.36 (KHTML, like Gecko) Chrome/107.0.0.0 Safari/537.36" "ysfine.com"
64.124.8.52 - - [21/Feb/2023:07:51:47 -0800] "GET /ysbio/world/russ/kiev032.jpg HTTP/1.1" 404 88 "-" "Mozilla/5.0 (Macintosh; Intel Mac OS X 10_15_7) AppleWebKit/537.36 (KHTML, like Gecko) Chrome/107.0.0.0 Safari/537.36" "www.ysfine.com"
64.124.8.53 - - [21/Feb/2023:07:52:22 -0800] "GET /world/scandi/sto042.jpg HTTP/1.1" 200 69245 "-" "Mozilla/5.0 (Macintosh; Intel Mac OS X 10_15_7) AppleWebKit/537.36 (KHTML, like Gecko) Chrome/107.0.0.0 Safari/537.36" "www.ysfine.com"
64.124.8.53 - - [21/Feb/2023:07:52:59 -0800] "GET /ysbio/people/wolfenstein.jpg HTTP/1.1" 404 88 "-" "Mozilla/5.0 (Macintosh; Intel Mac OS X 10_15_7) AppleWebKit/537.36 (KHTML, like Gecko) Chrome/107.0.0.0 Safari/537.36" "www.ysfine.com"
64.124.8.50 - - [21/Feb/2023:07:53:17 -0800] "GET /world/brit/picca11.jpg HTTP/1.1" 200 115287 "-" "Mozilla/5.0 (Macintosh; Intel Mac OS X 10_15_7) AppleWebKit/537.36 (KHTML, like Gecko) Chrome/107.0.0.0 Safari/537.36" "ysfine.com"
206.57.225.8 - - [21/Feb/2023:07:54:09 -0800] "GET /kowar/gi002.jpg HTTP/1.1" 200 69969 "https://www.google.com/" "Mozilla/5.0 (X11; CrOS x86_64 14989.107.0) AppleWebKit/537.36 (KHTML, like Gecko) Chrome/105.0.0.0 Safari/537.36" "ysfine.com"
206.57.225.8 - - [21/Feb/2023:07:54:13 -0800] "GET /kowar/war50.html HTTP/1.1" 200 11795 "https://www.google.com/" "Mozilla/5.0 (X11; CrOS x86_64 14989.107.0) AppleWebKit/537.36 (KHTML, like Gecko) Chrome/105.0.0.0 Safari/537.36" "ysfine.com"
206.57.225.8 - - [21/Feb/2023:07:54:13 -0800] "GET /kowar/panmun04c.jpg HTTP/1.1" 200 32797 "https://ysfine.com/kowar/war50.html" "Mozilla/5.0 (X11; CrOS x86_64 14989.107.0) AppleWebKit/537.36 (KHTML, like Gecko) Chrome/105.0.0.0 Safari/537.36" "ysfine.com"
206.57.225.8 - - [21/Feb/2023:07:54:13 -0800] "GET /kowar/garand02c.jpg HTTP/1.1" 200 19263 "https://ysfine.com/kowar/war50.html" "Mozilla/5.0 (X11; CrOS x86_64 14989.107.0) AppleWebKit/537.36 (KHTML, like Gecko) Chrome/105.0.0.0 Safari/537.36" "ysfine.com"
206.57.225.8 - - [21/Feb/2023:07:54:13 -0800] "GET /kowar/mosin01c.jpg HTTP/1.1" 200 17717 "https://ysfine.com/kowar/war50.html" "Mozilla/5.0 (X11; CrOS x86_64 14989.107.0) AppleWebKit/537.36 (KHTML, like Gecko) Chrome/105.0.0.0 Safari/537.36" "ysfine.com"
206.57.225.8 - - [21/Feb/2023:07:54:13 -0800] "GET /kowar/feb8c.jpg HTTP/1.1" 200 30413 "https://ysfine.com/kowar/war50.html" "Mozilla/5.0 (X11; CrOS x86_64 14989.107.0) AppleWebKit/537.36 (KHTML, like Gecko) Chrome/105.0.0.0 Safari/537.36" "ysfine.com"
206.57.225.8 - - [21/Feb/2023:07:54:13 -0800] "GET /kowar/mac05a.jpg HTTP/1.1" 200 68210 "https://ysfine.com/kowar/war50.html" "Mozilla/5.0 (X11; CrOS x86_64 14989.107.0) AppleWebKit/537.36 (KHTML, like Gecko) Chrome/105.0.0.0 Safari/537.36" "ysfine.com"
206.57.225.8 - - [21/Feb/2023:07:54:13 -0800] "GET /kowar/choiyk11c.jpg HTTP/1.1" 200 32210 "https://ysfine.com/kowar/war50.html" "Mozilla/5.0 (X11; CrOS x86_64 14989.107.0) AppleWebKit/537.36 (KHTML, like Gecko) Chrome/105.0.0.0 Safari/537.36" "ysfine.com"
206.57.225.8 - - [21/Feb/2023:07:54:13 -0800] "GET /kowar/paiksy02c.jpg HTTP/1.1" 200 54750 "https://ysfine.com/kowar/war50.html" "Mozilla/5.0 (X11; CrOS x86_64 14989.107.0) AppleWebKit/537.36 (KHTML, like Gecko) Chrome/105.0.0.0 Safari/537.36" "ysfine.com"
206.57.225.8 - - [21/Feb/2023:07:54:13 -0800] "GET /kowar/pyang01c.jpg HTTP/1.1" 200 54646 "https://ysfine.com/kowar/war50.html" "Mozilla/5.0 (X11; CrOS x86_64 14989.107.0) AppleWebKit/537.36 (KHTML, like Gecko) Chrome/105.0.0.0 Safari/537.36" "ysfine.com"
206.57.225.8 - - [21/Feb/2023:07:54:13 -0800] "GET /eink/pwk19c.jpg HTTP/1.1" 200 57759 "https://ysfine.com/kowar/war50.html" "Mozilla/5.0 (X11; CrOS x86_64 14989.107.0) AppleWebKit/537.36 (KHTML, like Gecko) Chrome/105.0.0.0 Safari/537.36" "ysfine.com"
206.57.225.8 - - [21/Feb/2023:07:54:13 -0800] "GET /kowar/gi002c.jpg HTTP/1.1" 200 40441 "https://ysfine.com/kowar/war50.html" "Mozilla/5.0 (X11; CrOS x86_64 14989.107.0) AppleWebKit/537.36 (KHTML, like Gecko) Chrome/105.0.0.0 Safari/537.36" "ysfine.com"
206.57.225.8 - - [21/Feb/2023:07:54:13 -0800] "GET /kobak/taylor11c.jpg HTTP/1.1" 200 37695 "https://ysfine.com/kowar/war50.html" "Mozilla/5.0 (X11; CrOS x86_64 14989.107.0) AppleWebKit/537.36 (KHTML, like Gecko) Chrome/105.0.0.0 Safari/537.36" "ysfine.com"
206.57.225.8 - - [21/Feb/2023:07:54:13 -0800] "GET /kowar/tanks/caval01c.jpg HTTP/1.1" 200 40632 "https://ysfine.com/kowar/war50.html" "Mozilla/5.0 (X11; CrOS x86_64 14989.107.0) AppleWebKit/537.36 (KHTML, like Gecko) Chrome/105.0.0.0 Safari/537.36" "ysfine.com"
206.57.225.8 - - [21/Feb/2023:07:54:13 -0800] "GET /kowar/changdoy01c.jpg HTTP/1.1" 200 36057 "https://ysfine.com/kowar/war50.html" "Mozilla/5.0 (X11; CrOS x86_64 14989.107.0) AppleWebKit/537.36 (KHTML, like Gecko) Chrome/105.0.0.0 Safari/537.36" "ysfine.com"
206.57.225.8 - - [21/Feb/2023:07:54:13 -0800] "GET /kowar/tanks/tank03c.jpg HTTP/1.1" 200 48323 "https://ysfine.com/kowar/war50.html" "Mozilla/5.0 (X11; CrOS x86_64 14989.107.0) AppleWebKit/537.36 (KHTML, like Gecko) Chrome/105.0.0.0 Safari/537.36" "ysfine.com"
206.57.225.8 - - [21/Feb/2023:07:54:13 -0800] "GET /kowar/tanks/tank05c.jpg HTTP/1.1" 200 33583 "https://ysfine.com/kowar/war50.html" "Mozilla/5.0 (X11; CrOS x86_64 14989.107.0) AppleWebKit/537.36 (KHTML, like Gecko) Chrome/105.0.0.0 Safari/537.36" "ysfine.com"
206.57.225.8 - - [21/Feb/2023:07:54:13 -0800] "GET /kowar/77reg03c.jpg HTTP/1.1" 200 27891 "https://ysfine.com/kowar/war50.html" "Mozilla/5.0 (X11; CrOS x86_64 14989.107.0) AppleWebKit/537.36 (KHTML, like Gecko) Chrome/105.0.0.0 Safari/537.36" "ysfine.com"
206.57.225.8 - - [21/Feb/2023:07:54:13 -0800] "GET /kowar/shinsm11c.jpg HTTP/1.1" 200 43567 "https://ysfine.com/kowar/war50.html" "Mozilla/5.0 (X11; CrOS x86_64 14989.107.0) AppleWebKit/537.36 (KHTML, like Gecko) Chrome/105.0.0.0 Safari/537.36" "ysfine.com"
206.57.225.8 - - [21/Feb/2023:07:54:13 -0800] "GET /kowar/paiksy05c.jpg HTTP/1.1" 200 60462 "https://ysfine.com/kowar/war50.html" "Mozilla/5.0 (X11; CrOS x86_64 14989.107.0) AppleWebKit/537.36 (KHTML, like Gecko) Chrome/105.0.0.0 Safari/537.36" "ysfine.com"
206.57.225.8 - - [21/Feb/2023:07:54:13 -0800] "GET /kowar/tilelli01c.jpg HTTP/1.1" 200 34897 "https://ysfine.com/kowar/war50.html" "Mozilla/5.0 (X11; CrOS x86_64 14989.107.0) AppleWebKit/537.36 (KHTML, like Gecko) Chrome/105.0.0.0 Safari/537.36" "ysfine.com"
206.57.225.8 - - [21/Feb/2023:07:54:13 -0800] "GET /kowar/gi001c.jpg HTTP/1.1" 200 29463 "https://ysfine.com/kowar/war50.html" "Mozilla/5.0 (X11; CrOS x86_64 14989.107.0) AppleWebKit/537.36 (KHTML, like Gecko) Chrome/105.0.0.0 Safari/537.36" "ysfine.com"
206.57.225.8 - - [21/Feb/2023:07:54:13 -0800] "GET /kobak/taylor33c.jpg HTTP/1.1" 200 39951 "https://ysfine.com/kowar/war50.html" "Mozilla/5.0 (X11; CrOS x86_64 14989.107.0) AppleWebKit/537.36 (KHTML, like Gecko) Chrome/105.0.0.0 Safari/537.36" "ysfine.com"
206.57.225.8 - - [21/Feb/2023:07:54:14 -0800] "GET /favicon.ico HTTP/1.1" 404 88 "https://ysfine.com/kowar/war50.html" "Mozilla/5.0 (X11; CrOS x86_64 14989.107.0) AppleWebKit/537.36 (KHTML, like Gecko) Chrome/105.0.0.0 Safari/537.36" "ysfine.com"
64.124.8.28 - - [21/Feb/2023:07:54:17 -0800] "GET /world/france/champ9601.jpg HTTP/1.1" 200 120539 "-" "Mozilla/5.0 (Macintosh; Intel Mac OS X 10_15_7) AppleWebKit/537.36 (KHTML, like Gecko) Chrome/107.0.0.0 Safari/537.36" "www.ysfine.com"
95.163.255.110 - - [21/Feb/2023:07:54:38 -0800] "GET /robots.txt HTTP/1.1" 404 73 "-" "Mozilla/5.0 (compatible; Linux x86_64; Mail.RU_Bot/Img/2.0; +https://help.mail.ru/webmaster/indexing/robots)" "www.ysfine.com"
95.163.255.101 - - [21/Feb/2023:07:54:47 -0800] "GET /archives/proceedings/boston/umci.pdf HTTP/1.1" 200 183372 "http://go.mail.ru/search_images" "Mozilla/5.0 (compatible; Linux x86_64; Mail.RU_Bot/Img/2.0; +https://help.mail.ru/webmaster/indexing/robots)" "www.ysfine.com"
64.124.8.29 - - [21/Feb/2023:07:54:52 -0800] "GET /princeton/prstu03.jpg HTTP/1.1" 200 65382 "-" "Mozilla/5.0 (Macintosh; Intel Mac OS X 10_15_7) AppleWebKit/537.36 (KHTML, like Gecko) Chrome/107.0.0.0 Safari/537.36" "www.ysfine.com"
95.163.255.80 - - [21/Feb/2023:07:54:56 -0800] "GET /feysavior.html HTTP/1.1" 404 88 "http://go.mail.ru/search_images" "Mozilla/5.0 (compatible; Linux x86_64; Mail.RU_Bot/Img/2.0; +https://help.mail.ru/webmaster/indexing/robots)" "www.ysfine.com"
64.124.8.29 - - [21/Feb/2023:07:55:04 -0800] "GET /kobak/yalta33.jpg HTTP/1.1" 200 133643 "-" "Mozilla/5.0 (Macintosh; Intel Mac OS X 10_15_7) AppleWebKit/537.36 (KHTML, like Gecko) Chrome/107.0.0.0 Safari/537.36" "ysfine.com"
64.124.8.50 - - [21/Feb/2023:07:55:36 -0800] "GET /ysbio/world/poland/hcross08.jpg HTTP/1.1" 404 88 "-" "Mozilla/5.0 (Macintosh; Intel Mac OS X 10_15_7) AppleWebKit/537.36 (KHTML, like Gecko) Chrome/107.0.0.0 Safari/537.36" "www.ysfine.com"
52.167.144.62 - - [21/Feb/2023:07:55:45 -0800] "GET /world/baltic/frombork2.jpg HTTP/1.1" 200 67166 "-" "Mozilla/5.0 AppleWebKit/537.36 (KHTML, like Gecko; compatible; bingbot/2.0; +http://www.bing.com/bingbot.htm) Chrome/103.0.5060.134 Safari/537.36" "ysfine.com"
216.244.66.229 - - [21/Feb/2023:07:55:51 -0800] "GET /ffriends/polkor02.jpg HTTP/1.1" 200 189367 "-" "Mozilla/5.0 (compatible; DotBot/1.2; +https://opensiteexplorer.org/dotbot; help@moz.com)" "ysfine.com"
40.77.167.211 - - [21/Feb/2023:07:56:31 -0800] "GET /bio/wigner/e(2).html HTTP/1.1" 404 88 "-" "Mozilla/5.0 AppleWebKit/537.36 (KHTML, like Gecko; compatible; bingbot/2.0; +http://www.bing.com/bingbot.htm) Chrome/103.0.5060.134 Safari/537.36" "ysfine.com"
52.167.144.35 - - [21/Feb/2023:07:57:10 -0800] "GET /bio/sbk/1950.html HTTP/1.1" 404 88 "-" "Mozilla/5.0 AppleWebKit/537.36 (KHTML, like Gecko; compatible; bingbot/2.0; +http://www.bing.com/bingbot.htm) Chrome/103.0.5060.134 Safari/537.36" "ysfine.com"
14.169.208.83 - - [21/Feb/2023:07:57:30 -0800] "GET /einstein/einstori01.jpg HTTP/1.1" 200 40741 "https://vn.images.search.yahoo.com/search/images;_ylt=AwrKEaYg6PRjcIs49M1rUwx.;_ylu=Y29sbwNzZzMEcG9zAzEEdnRpZAMEc2VjA3BpdnM-?p=EINSTEIN+NOBEL&fr2=piv-web&type=E210VN91215G0&fr=mcafee" "Mozilla/5.0 (Windows NT 10.0; Win64; x64) AppleWebKit/537.36 (KHTML, like Gecko) Chrome/109.0.0.0 Safari/537.36" "ysfine.com"
64.124.8.50 - - [21/Feb/2023:07:57:38 -0800] "GET /style/vienopera11.jpg HTTP/1.1" 200 105702 "-" "Mozilla/5.0 (Macintosh; Intel Mac OS X 10_15_7) AppleWebKit/537.36 (KHTML, like Gecko) Chrome/107.0.0.0 Safari/537.36" "www.ysfine.com"
64.124.8.54 - - [21/Feb/2023:07:57:54 -0800] "GET /ysbio/einstein/ysturner.jpg HTTP/1.1" 404 88 "-" "Mozilla/5.0 (Macintosh; Intel Mac OS X 10_15_7) AppleWebKit/537.36 (KHTML, like Gecko) Chrome/107.0.0.0 Safari/537.36" "www.ysfine.com"
206.57.225.8 - - [21/Feb/2023:07:57:58 -0800] "GET /kowar/panmun04.jpg HTTP/1.1" 200 126386 "https://www.google.com/" "Mozilla/5.0 (X11; CrOS x86_64 14989.107.0) AppleWebKit/537.36 (KHTML, like Gecko) Chrome/105.0.0.0 Safari/537.36" "ysfine.com"
66.249.70.208 - - [21/Feb/2023:07:59:10 -0800] "GET /wdc/jeffm22.jpg HTTP/1.1" 404 88 "-" "Googlebot-Image/1.0" "ysfine.com"
64.124.8.55 - - [21/Feb/2023:07:59:56 -0800] "GET /kowar/mil/driver.jpg HTTP/1.1" 404 88 "-" "Mozilla/5.0 (Macintosh; Intel Mac OS X 10_15_7) AppleWebKit/537.36 (KHTML, like Gecko) Chrome/107.0.0.0 Safari/537.36" "ysfine.com"
51.222.253.13 - - [21/Feb/2023:08:00:00 -0800] "GET /maga/boltzmann.html HTTP/1.1" 200 6052 "-" "Mozilla/5.0 (compatible; AhrefsBot/7.0; +http://ahrefs.com/robot/)" "ysfine.com"
51.222.253.10 - - [21/Feb/2023:08:00:10 -0800] "GET /maga/boltz/entro22b.jpg HTTP/1.1" 200 581794 "-" "Mozilla/5.0 (compatible; AhrefsBot/7.0; +http://ahrefs.com/robot/)" "ysfine.com"
40.77.167.211 - - [21/Feb/2023:08:00:11 -0800] "GET /home/yshome.html HTTP/1.1" 304 - "-" "Mozilla/5.0 AppleWebKit/537.36 (KHTML, like Gecko; compatible; bingbot/2.0; +http://www.bing.com/bingbot.htm) Chrome/103.0.5060.134 Safari/537.36" "www.ysfine.com"
51.222.253.19 - - [21/Feb/2023:08:00:11 -0800] "GET /maga/boltz/boost11.jpg HTTP/1.1" 200 34116 "-" "Mozilla/5.0 (compatible; AhrefsBot/7.0; +http://ahrefs.com/robot/)" "ysfine.com"
51.222.253.11 - - [21/Feb/2023:08:00:12 -0800] "GET /wigner/lunch91b.jpg HTTP/1.1" 200 52318 "-" "Mozilla/5.0 (compatible; AhrefsBot/7.0; +http://ahrefs.com/robot/)" "ysfine.com"
51.222.253.11 - - [21/Feb/2023:08:00:14 -0800] "GET /maga/phys/vnm01b.jpg HTTP/1.1" 200 35878 "-" "Mozilla/5.0 (compatible; AhrefsBot/7.0; +http://ahrefs.com/robot/)" "ysfine.com"
51.222.253.3 - - [21/Feb/2023:08:00:14 -0800] "GET /maga/boltz/restof11.jpg HTTP/1.1" 200 39679 "-" "Mozilla/5.0 (compatible; AhrefsBot/7.0; +http://ahrefs.com/robot/)" "ysfine.com"
51.222.253.8 - - [21/Feb/2023:08:00:15 -0800] "GET /wigner/isomor66b.jpg HTTP/1.1" 200 60963 "-" "Mozilla/5.0 (compatible; AhrefsBot/7.0; +http://ahrefs.com/robot/)" "ysfine.com"
51.222.253.2 - - [21/Feb/2023:08:00:16 -0800] "GET /maga/boltz/maxrel11b.jpg HTTP/1.1" 200 28313 "-" "Mozilla/5.0 (compatible; AhrefsBot/7.0; +http://ahrefs.com/robot/)" "ysfine.com"
51.222.253.4 - - [21/Feb/2023:08:00:16 -0800] "GET /world/germany/vienna71b.jpg HTTP/1.1" 200 46089 "-" "Mozilla/5.0 (compatible; AhrefsBot/7.0; +http://ahrefs.com/robot/)" "ysfine.com"
51.222.253.6 - - [21/Feb/2023:08:00:17 -0800] "GET /home/yscoup11b.jpg HTTP/1.1" 200 34138 "-" "Mozilla/5.0 (compatible; AhrefsBot/7.0; +http://ahrefs.com/robot/)" "ysfine.com"
51.222.253.2 - - [21/Feb/2023:08:00:17 -0800] "GET /einstein/bohradius11b.jpg HTTP/1.1" 200 39999 "-" "Mozilla/5.0 (compatible; AhrefsBot/7.0; +http://ahrefs.com/robot/)" "ysfine.com"
51.222.253.8 - - [21/Feb/2023:08:00:18 -0800] "GET /maga/boltz/gauss11a.jpg HTTP/1.1" 200 22192 "-" "Mozilla/5.0 (compatible; AhrefsBot/7.0; +http://ahrefs.com/robot/)" "ysfine.com"
51.222.253.20 - - [21/Feb/2023:08:00:18 -0800] "GET /maga/boltz/qboil66a.jpg HTTP/1.1" 200 64414 "-" "Mozilla/5.0 (compatible; AhrefsBot/7.0; +http://ahrefs.com/robot/)" "ysfine.com"
51.222.253.15 - - [21/Feb/2023:08:00:19 -0800] "GET /world/germany/johannstra00b.jpg HTTP/1.1" 200 49436 "-" "Mozilla/5.0 (compatible; AhrefsBot/7.0; +http://ahrefs.com/robot/)" "ysfine.com"
64.124.8.52 - - [21/Feb/2023:08:00:22 -0800] "GET /world/germany/stutt22.jpg HTTP/1.1" 200 83864 "-" "Mozilla/5.0 (Macintosh; Intel Mac OS X 10_15_7) AppleWebKit/537.36 (KHTML, like Gecko) Chrome/107.0.0.0 Safari/537.36" "ysfine.com"
51.222.253.10 - - [21/Feb/2023:08:00:27 -0800] "GET /wigner/wigsharp2.jpg HTTP/1.1" 200 34860 "-" "Mozilla/5.0 (compatible; AhrefsBot/7.0; +http://ahrefs.com/robot/)" "ysfine.com"
51.222.253.10 - - [21/Feb/2023:08:00:28 -0800] "GET /maga/boltz/boltz22b.jpg HTTP/1.1" 200 30861 "-" "Mozilla/5.0 (compatible; AhrefsBot/7.0; +http://ahrefs.com/robot/)" "ysfine.com"
51.222.253.20 - - [21/Feb/2023:08:00:29 -0800] "GET /maga/boltz/gauss22a.jpg HTTP/1.1" 200 33642 "-" "Mozilla/5.0 (compatible; AhrefsBot/7.0; +http://ahrefs.com/robot/)" "ysfine.com"
51.222.253.9 - - [21/Feb/2023:08:00:29 -0800] "GET /feynman/feybongo77b.jpg HTTP/1.1" 200 29724 "-" "Mozilla/5.0 (compatible; AhrefsBot/7.0; +http://ahrefs.com/robot/)" "ysfine.com"
64.124.8.28 - - [21/Feb/2023:08:01:05 -0800] "GET /yspapers/o32inho22.jpg HTTP/1.1" 200 215421 "-" "Mozilla/5.0 (Macintosh; Intel Mac OS X 10_15_7) AppleWebKit/537.36 (KHTML, like Gecko) Chrome/107.0.0.0 Safari/537.36" "ysfine.com"
52.167.144.62 - - [21/Feb/2023:08:01:15 -0800] "GET /bio/style/proschanie.html HTTP/1.1" 404 88 "-" "Mozilla/5.0 AppleWebKit/537.36 (KHTML, like Gecko; compatible; bingbot/2.0; +http://www.bing.com/bingbot.htm) Chrome/103.0.5060.134 Safari/537.36" "ysfine.com"
64.124.8.28 - - [21/Feb/2023:08:01:19 -0800] "GET /world/scandi/copen080.jpg HTTP/1.1" 200 100391 "-" "Mozilla/5.0 (Macintosh; Intel Mac OS X 10_15_7) AppleWebKit/537.36 (KHTML, like Gecko) Chrome/107.0.0.0 Safari/537.36" "www.ysfine.com"
64.124.8.28 - - [21/Feb/2023:08:01:30 -0800] "GET /world/germany/tumap11.jpg HTTP/1.1" 200 658871 "-" "Mozilla/5.0 (Macintosh; Intel Mac OS X 10_15_7) AppleWebKit/537.36 (KHTML, like Gecko) Chrome/107.0.0.0 Safari/537.36" "ysfine.com"
66.249.70.214 - - [21/Feb/2023:08:01:32 -0800] "GET /kowar/gi001c.jpg HTTP/1.1" 304 - "-" "Googlebot-Image/1.0" "ysfine.com"
64.124.8.50 - - [21/Feb/2023:08:01:37 -0800] "GET /home/ellipse53.jpg HTTP/1.1" 200 124704 "-" "Mozilla/5.0 (Macintosh; Intel Mac OS X 10_15_7) AppleWebKit/537.36 (KHTML, like Gecko) Chrome/107.0.0.0 Safari/537.36" "ysfine.com"
64.124.8.28 - - [21/Feb/2023:08:01:43 -0800] "GET /wdc/gtown25.jpg HTTP/1.1" 200 143761 "-" "Mozilla/5.0 (Macintosh; Intel Mac OS X 10_15_7) AppleWebKit/537.36 (KHTML, like Gecko) Chrome/107.0.0.0 Safari/537.36" "ysfine.com"
64.124.8.56 - - [21/Feb/2023:08:01:51 -0800] "GET /world/france/frstu09.jpg HTTP/1.1" 200 167728 "-" "Mozilla/5.0 (Macintosh; Intel Mac OS X 10_15_7) AppleWebKit/537.36 (KHTML, like Gecko) Chrome/107.0.0.0 Safari/537.36" "ysfine.com"
161.97.25.40 - - [21/Feb/2023:08:01:59 -0800] "GET /kowar/panmun04.jpg HTTP/1.1" 200 126386 "https://www.google.com/" "Mozilla/5.0 (X11; CrOS x86_64 15117.112.0) AppleWebKit/537.36 (KHTML, like Gecko) Chrome/107.0.0.0 Safari/537.36" "ysfine.com"
85.208.98.23 - - [21/Feb/2023:08:02:32 -0800] "GET /robots.txt HTTP/1.1" 404 88 "http://www.ysfine.com/robots.txt" "Mozilla/5.0 (compatible; SemrushBot-BA; +http://www.semrush.com/bot.html)" "www.ysfine.com"
85.208.98.23 - - [21/Feb/2023:08:02:33 -0800] "GET /robots.txt HTTP/1.1" 404 88 "http://ysfine.com/robots.txt" "Mozilla/5.0 (compatible; SemrushBot-BA; +http://www.semrush.com/bot.html)" "ysfine.com"
85.208.98.16 - - [21/Feb/2023:08:02:51 -0800] "GET /style/restau.html HTTP/1.1" 200 2149 "-" "Mozilla/5.0 (compatible; SemrushBot-BA; +http://www.semrush.com/bot.html)" "www.ysfine.com"
85.208.98.24 - - [21/Feb/2023:08:02:52 -0800] "GET /style/restau.html HTTP/1.1" 200 2149 "-" "Mozilla/5.0 (compatible; SemrushBot-BA; +http://www.semrush.com/bot.html)" "ysfine.com"
201.131.142.45 - - [21/Feb/2023:08:02:54 -0800] "GET /wigner/neum/vnc01.jpg HTTP/1.1" 200 133641 "https://sites.google.com/" "Mozilla/5.0 (Linux; Android 8.1.0; SM-G610M) AppleWebKit/537.36 (KHTML, like Gecko) Chrome/110.0.0.0 Mobile Safari/537.36" "ysfine.com"
64.124.8.52 - - [21/Feb/2023:08:03:10 -0800] "GET /usca/pitt/yspgh55.jpg HTTP/1.1" 200 64416 "-" "Mozilla/5.0 (Macintosh; Intel Mac OS X 10_15_7) AppleWebKit/537.36 (KHTML, like Gecko) Chrome/107.0.0.0 Safari/537.36" "ysfine.com"
64.124.8.55 - - [21/Feb/2023:08:03:29 -0800] "GET /world/france/stras30.jpg HTTP/1.1" 200 161782 "-" "Mozilla/5.0 (Macintosh; Intel Mac OS X 10_15_7) AppleWebKit/537.36 (KHTML, like Gecko) Chrome/107.0.0.0 Safari/537.36" "www.ysfine.com"
207.46.13.218 - - [21/Feb/2023:08:03:40 -0800] "GET /world/poland/jablo20.jpg HTTP/1.1" 200 83156 "-" "Mozilla/5.0 AppleWebKit/537.36 (KHTML, like Gecko; compatible; bingbot/2.0; +http://www.bing.com/bingbot.htm) Chrome/103.0.5060.134 Safari/537.36" "www.ysfine.com"
207.46.13.218 - - [21/Feb/2023:08:03:40 -0800] "GET /world/places/ulm03b.jpg HTTP/1.1" 200 34473 "-" "Mozilla/5.0 AppleWebKit/537.36 (KHTML, like Gecko; compatible; bingbot/2.0; +http://www.bing.com/bingbot.htm) Chrome/103.0.5060.134 Safari/537.36" "ysfine.com"
66.249.70.211 - - [21/Feb/2023:08:04:09 -0800] "GET /awards/eward55a.jpg HTTP/1.1" 200 85213 "-" "Googlebot-Image/1.0" "ysfine.com"
52.167.144.35 - - [21/Feb/2023:08:04:59 -0800] "GET /world/russ/msu01b.jpg HTTP/1.1" 200 30172 "-" "Mozilla/5.0 AppleWebKit/537.36 (KHTML, like Gecko; compatible; bingbot/2.0; +http://www.bing.com/bingbot.htm) Chrome/103.0.5060.134 Safari/537.36" "ysfine.com"
64.124.8.57 - - [21/Feb/2023:08:05:33 -0800] "GET /princeton/alexan11.jpg HTTP/1.1" 200 118946 "-" "Mozilla/5.0 (Macintosh; Intel Mac OS X 10_15_7) AppleWebKit/537.36 (KHTML, like Gecko) Chrome/107.0.0.0 Safari/537.36" "www.ysfine.com"
217.108.172.199 - - [21/Feb/2023:08:06:06 -0800] "GET /kowar/tanks/gmc03.jpg HTTP/1.1" 200 121801 "https://www.google.com/" "Mozilla/5.0 (Windows NT 10.0; Win64; x64; rv:94.0) Gecko/20100101 Firefox/94.0" "ysfine.com"
157.55.39.214 - - [21/Feb/2023:08:07:20 -0800] "GET /world/ital/lascala01b.jpg HTTP/1.1" 200 37072 "-" "Mozilla/5.0 AppleWebKit/537.36 (KHTML, like Gecko; compatible; bingbot/2.0; +http://www.bing.com/bingbot.htm) Chrome/103.0.5060.134 Safari/537.36" "www.ysfine.com"
64.124.8.56 - - [21/Feb/2023:08:08:05 -0800] "GET /world/brit/paddington03.jpg HTTP/1.1" 200 81750 "-" "Mozilla/5.0 (Macintosh; Intel Mac OS X 10_15_7) AppleWebKit/537.36 (KHTML, like Gecko) Chrome/107.0.0.0 Safari/537.36" "ysfine.com"
64.124.8.53 - - [21/Feb/2023:08:08:05 -0800] "GET /world/china/shenyang65.jpg HTTP/1.1" 200 101747 "-" "Mozilla/5.0 (Macintosh; Intel Mac OS X 10_15_7) AppleWebKit/537.36 (KHTML, like Gecko) Chrome/107.0.0.0 Safari/537.36" "www.ysfine.com"
52.167.144.62 - - [21/Feb/2023:08:08:15 -0800] "GET /style/musee/perga03.jpg HTTP/1.1" 200 75158 "-" "Mozilla/5.0 AppleWebKit/537.36 (KHTML, like Gecko; compatible; bingbot/2.0; +http://www.bing.com/bingbot.htm) Chrome/103.0.5060.134 Safari/537.36" "ysfine.com"
40.77.167.211 - - [21/Feb/2023:08:09:11 -0800] "GET /world/germany/tubw30.jpg HTTP/1.1" 200 86070 "-" "Mozilla/5.0 AppleWebKit/537.36 (KHTML, like Gecko; compatible; bingbot/2.0; +http://www.bing.com/bingbot.htm) Chrome/103.0.5060.134 Safari/537.36" "ysfine.com"
91.133.198.150 - - [21/Feb/2023:08:09:25 -0800] "GET /robots.txt HTTP/1.1" 404 88 "-" "Mozilla/5.0 (iPhone; U; CPU iPhone OS 4_2_1 like Mac OS X; nb-no) AppleWebKit/533.17.9 (KHTML, like Gecko) Version/5.0.2 Mobile/8C148a Safari/6533.18.5" "ysfine.com"
31.2.149.37 - - [21/Feb/2023:08:09:25 -0800] "GET / HTTP/1.1" 200 5295 "-" "Mozilla/5.0 (iPhone; U; CPU iPhone OS 4_1 like Mac OS X; en-us) AppleWebKit/532.9 (KHTML, like Gecko) Version/4.0.5 Mobile/8B5097d Safari/6531.22.7" "ysfine.com"
31.2.147.86 - - [21/Feb/2023:08:09:25 -0800] "GET / HTTP/1.1" 200 5295 "-" "Mozilla/5.0 (iPhone; U; CPU iPhone OS 4_3 like Mac OS X; fr-fr) AppleWebKit/533.17.9 (KHTML, like Gecko) Version/5.0.2 Mobile/8F190 Safari/6533.18.5" "ysfine.com"
204.18.205.53 - - [21/Feb/2023:08:09:25 -0800] "GET /robots.txt HTTP/1.1" 404 88 "-" "Mozilla/5.0 (iPhone; U; CPU OS 3_2 like Mac OS X; en-us) AppleWebKit/531.21.10 (KHTML, like Gecko) Version/4.0.4 Mobile/7B334b Safari/531.21.10" "ysfine.com"
66.249.70.214 - - [21/Feb/2023:08:09:28 -0800] "GET /remote/wigner111/kim-58.jpg HTTP/1.1" 200 67673 "-" "Googlebot-Image/1.0" "ysfine.com"
176.9.47.122 - - [21/Feb/2023:08:09:40 -0800] "GET / HTTP/1.1" 200 5295 "-" "Mozilla/5.0 (Windows NT 10.0; Win64; x64; rv:102.0) Gecko/20100101 Firefox/102.0" "www.ysfine.com"
64.124.8.57 - - [21/Feb/2023:08:09:54 -0800] "GET /wigner/gim/gimn15.jpg HTTP/1.1" 200 79259 "-" "Mozilla/5.0 (Macintosh; Intel Mac OS X 10_15_7) AppleWebKit/537.36 (KHTML, like Gecko) Chrome/107.0.0.0 Safari/537.36" "ysfine.com"
64.124.8.49 - - [21/Feb/2023:08:11:06 -0800] "GET /people/jweber99.jpg HTTP/1.1" 200 81686 "-" "Mozilla/5.0 (Macintosh; Intel Mac OS X 10_15_7) AppleWebKit/537.36 (KHTML, like Gecko) Chrome/107.0.0.0 Safari/537.36" "www.ysfine.com"
52.167.144.35 - - [21/Feb/2023:08:11:19 -0800] "GET /ysbio/usca/pitt/mtwash03.jpg HTTP/1.1" 404 88 "-" "Mozilla/5.0 AppleWebKit/537.36 (KHTML, like Gecko; compatible; bingbot/2.0; +http://www.bing.com/bingbot.htm) Chrome/103.0.5060.134 Safari/537.36" "www.ysfine.com"
64.124.8.57 - - [21/Feb/2023:08:11:56 -0800] "GET /ysbio/world/poland/waw11.jpg HTTP/1.1" 404 88 "-" "Mozilla/5.0 (Macintosh; Intel Mac OS X 10_15_7) AppleWebKit/537.36 (KHTML, like Gecko) Chrome/107.0.0.0 Safari/537.36" "ysfine.com"
64.124.8.55 - - [21/Feb/2023:08:12:09 -0800] "GET /wdc/usna16.jpg HTTP/1.1" 200 90387 "-" "Mozilla/5.0 (Macintosh; Intel Mac OS X 10_15_7) AppleWebKit/537.36 (KHTML, like Gecko) Chrome/107.0.0.0 Safari/537.36" "www.ysfine.com"
216.244.66.229 - - [21/Feb/2023:08:12:25 -0800] "GET /robots.txt HTTP/1.1" 404 73 "-" "Mozilla/5.0 (compatible; DotBot/1.2; +https://opensiteexplorer.org/dotbot; help@moz.com)" "ysfine.com"
216.244.66.229 - - [21/Feb/2023:08:12:25 -0800] "GET /robots.txt HTTP/1.1" 404 73 "-" "Mozilla/5.0 (compatible; DotBot/1.2; +https://opensiteexplorer.org/dotbot; help@moz.com)" "www.ysfine.com"
64.124.8.28 - - [21/Feb/2023:08:13:26 -0800] "GET /feynman/fb18.jpg HTTP/1.1" 200 17192 "-" "Mozilla/5.0 (Macintosh; Intel Mac OS X 10_15_7) AppleWebKit/537.36 (KHTML, like Gecko) Chrome/107.0.0.0 Safari/537.36" "ysfine.com"
64.124.8.28 - - [21/Feb/2023:08:13:39 -0800] "GET /ysbio/world/balkan/istan057.jpg HTTP/1.1" 404 88 "-" "Mozilla/5.0 (Macintosh; Intel Mac OS X 10_15_7) AppleWebKit/537.36 (KHTML, like Gecko) Chrome/107.0.0.0 Safari/537.36" "www.ysfine.com"
64.124.8.57 - - [21/Feb/2023:08:13:58 -0800] "GET /world/germany/benz17.jpg HTTP/1.1" 200 82172 "-" "Mozilla/5.0 (Macintosh; Intel Mac OS X 10_15_7) AppleWebKit/537.36 (KHTML, like Gecko) Chrome/107.0.0.0 Safari/537.36" "ysfine.com"
64.124.8.57 - - [21/Feb/2023:08:14:25 -0800] "GET /ffriends/montreal01.jpg HTTP/1.1" 200 86899 "-" "Mozilla/5.0 (Macintosh; Intel Mac OS X 10_15_7) AppleWebKit/537.36 (KHTML, like Gecko) Chrome/107.0.0.0 Safari/537.36" "ysfine.com"
216.244.66.229 - - [21/Feb/2023:08:15:45 -0800] "GET /auto/bio12.html HTTP/1.1" 200 4836 "-" "Mozilla/5.0 (compatible; DotBot/1.2; +https://opensiteexplorer.org/dotbot; help@moz.com)" "ysfine.com"
216.244.66.229 - - [21/Feb/2023:08:15:56 -0800] "GET /home/home/sing.html HTTP/1.1" 404 73 "-" "Mozilla/5.0 (compatible; DotBot/1.2; +https://opensiteexplorer.org/dotbot; help@moz.com)" "ysfine.com"
216.244.66.229 - - [21/Feb/2023:08:16:12 -0800] "GET /world/spain/bcn27.jpg HTTP/1.1" 200 151902 "-" "Mozilla/5.0 (compatible; DotBot/1.2; +https://opensiteexplorer.org/dotbot; help@moz.com)" "ysfine.com"
216.244.66.229 - - [21/Feb/2023:08:16:27 -0800] "GET /world/spain/lisbon31.jpg HTTP/1.1" 200 182968 "-" "Mozilla/5.0 (compatible; DotBot/1.2; +https://opensiteexplorer.org/dotbot; help@moz.com)" "ysfine.com"
89.199.48.87 - - [21/Feb/2023:08:16:52 -0800] "GET / HTTP/1.1" 200 5295 "-" "Mozilla/5.0 (iPhone; U; CPU iPhone OS 4_3 like Mac OS X; fr-fr) AppleWebKit/533.17.9 (KHTML, like Gecko) Version/5.0.2 Mobile/8F190 Safari/6533.18.5" "ysfine.com"
5.210.173.129 - - [21/Feb/2023:08:16:52 -0800] "GET / HTTP/1.1" 200 5295 "-" "Mozilla/5.0 (iPhone; U; fr; CPU iPhone OS 4_2_1 like Mac OS X; fr) AppleWebKit/533.17.9 (KHTML, like Gecko) Version/5.0.2 Mobile/8C148a Safari/6533.18.5" "ysfine.com"
91.133.199.186 - - [21/Feb/2023:08:16:52 -0800] "GET /robots.txt HTTP/1.1" 404 88 "-" "Mozilla/5.0 (iPhone; U; CPU iPhone OS 4_3_1 like Mac OS X; zh-tw) AppleWebKit/533.17.9 (KHTML, like Gecko) Version/5.0.2 Mobile/8G4 Safari/6533.18.5" "ysfine.com"
89.199.162.253 - - [21/Feb/2023:08:16:52 -0800] "GET /robots.txt HTTP/1.1" 404 88 "-" "Mozilla/5.0 (iPhone; U; Linux i686; pt-br) AppleWebKit/532+ (KHTML, like Gecko) Version/3.0 Mobile/1A538b Safari/419.3 Midori/0.2.0" "ysfine.com"
52.167.144.35 - - [21/Feb/2023:08:17:02 -0800] "GET /einstein/places/ulm02c.jpg HTTP/1.1" 200 39645 "-" "Mozilla/5.0 AppleWebKit/537.36 (KHTML, like Gecko; compatible; bingbot/2.0; +http://www.bing.com/bingbot.htm) Chrome/103.0.5060.134 Safari/537.36" "ysfine.com"
216.244.66.229 - - [21/Feb/2023:08:18:04 -0800] "GET /style/chopingr.html HTTP/1.1" 200 659 "-" "Mozilla/5.0 (compatible; DotBot/1.2; +https://opensiteexplorer.org/dotbot; help@moz.com)" "www.ysfine.com"
216.244.66.229 - - [21/Feb/2023:08:18:08 -0800] "GET /world/ital/sapienza16.jpg HTTP/1.1" 200 103901 "-" "Mozilla/5.0 (compatible; DotBot/1.2; +https://opensiteexplorer.org/dotbot; help@moz.com)" "www.ysfine.com"
64.124.8.57 - - [21/Feb/2023:08:18:21 -0800] "GET /ysbio/newyork/gwbr88.jpg HTTP/1.1" 404 88 "-" "Mozilla/5.0 (Macintosh; Intel Mac OS X 10_15_7) AppleWebKit/537.36 (KHTML, like Gecko) Chrome/107.0.0.0 Safari/537.36" "www.ysfine.com"
201.46.18.55 - - [21/Feb/2023:08:19:03 -0800] "GET /world/baltic/tallin12.jpg HTTP/1.1" 200 187661 "https://www.bing.com/" "Mozilla/5.0 (Windows NT 10.0; Win64; x64) AppleWebKit/537.36 (KHTML, like Gecko) Chrome/110.0.0.0 Safari/537.36 Edg/110.0.1587.50" "www.ysfine.com"
64.124.8.53 - - [21/Feb/2023:08:19:09 -0800] "GET /wdc/nga06.jpg HTTP/1.1" 200 85089 "-" "Mozilla/5.0 (Macintosh; Intel Mac OS X 10_15_7) AppleWebKit/537.36 (KHTML, like Gecko) Chrome/107.0.0.0 Safari/537.36" "ysfine.com"
87.250.224.252 - - [21/Feb/2023:08:19:22 -0800] "GET /robots.txt HTTP/1.1" 404 73 "-" "Mozilla/5.0 (compatible; YandexBot/3.0; +http://yandex.com/bots)" "ysfine.com"
213.180.203.154 - - [21/Feb/2023:08:19:23 -0800] "GET /maga/histo/desiree22.jpg HTTP/1.1" 200 113561 "-" "Mozilla/5.0 (compatible; YandexImages/3.0; +http://yandex.com/bots)" "ysfine.com"
66.249.70.211 - - [21/Feb/2023:08:19:45 -0800] "GET /world/baltic/kalin11.jpg HTTP/1.1" 304 - "-" "Googlebot-Image/1.0" "ysfine.com"
64.124.8.54 - - [21/Feb/2023:08:20:24 -0800] "GET /ysbio/fotos/ys53.jpg HTTP/1.1" 404 88 "-" "Mozilla/5.0 (Macintosh; Intel Mac OS X 10_15_7) AppleWebKit/537.36 (KHTML, like Gecko) Chrome/107.0.0.0 Safari/537.36" "www.ysfine.com"
64.124.8.28 - - [21/Feb/2023:08:20:32 -0800] "GET /kobak/underw3.jpg HTTP/1.1" 200 92395 "-" "Mozilla/5.0 (Macintosh; Intel Mac OS X 10_15_7) AppleWebKit/537.36 (KHTML, like Gecko) Chrome/107.0.0.0 Safari/537.36" "ysfine.com"
157.55.39.214 - - [21/Feb/2023:08:21:37 -0800] "GET /world/china/chongking20.jpg HTTP/1.1" 200 81853 "-" "Mozilla/5.0 AppleWebKit/537.36 (KHTML, like Gecko; compatible; bingbot/2.0; +http://www.bing.com/bingbot.htm) Chrome/103.0.5060.134 Safari/537.36" "ysfine.com"
64.124.8.29 - - [21/Feb/2023:08:21:58 -0800] "GET /usca/norl/fm11.jpg HTTP/1.1" 200 122569 "-" "Mozilla/5.0 (Macintosh; Intel Mac OS X 10_15_7) AppleWebKit/537.36 (KHTML, like Gecko) Chrome/107.0.0.0 Safari/537.36" "ysfine.com"
207.46.13.220 - - [21/Feb/2023:08:21:59 -0800] "GET /princeton/prince.html HTTP/1.1" 200 2567 "-" "Mozilla/5.0 AppleWebKit/537.36 (KHTML, like Gecko; compatible; bingbot/2.0; +http://www.bing.com/bingbot.htm) Chrome/103.0.5060.134 Safari/537.36" "www.ysfine.com"
64.124.8.28 - - [21/Feb/2023:08:22:51 -0800] "GET /world/hungary/liszt03.jpg HTTP/1.1" 200 181663 "-" "Mozilla/5.0 (Macintosh; Intel Mac OS X 10_15_7) AppleWebKit/537.36 (KHTML, like Gecko) Chrome/107.0.0.0 Safari/537.36" "www.ysfine.com"
52.167.144.62 - - [21/Feb/2023:08:22:56 -0800] "GET /world/hungary/liszt02.jpg HTTP/1.1" 200 149140 "-" "Mozilla/5.0 AppleWebKit/537.36 (KHTML, like Gecko; compatible; bingbot/2.0; +http://www.bing.com/bingbot.htm) Chrome/103.0.5060.134 Safari/537.36" "ysfine.com"
62.176.232.114 - - [21/Feb/2023:08:22:57 -0800] "GET /maga/phil/sartre66.jpg HTTP/1.1" 200 239329 "https://www.google.com/" "Mozilla/5.0 (iPhone; CPU iPhone OS 15_7_3 like Mac OS X) AppleWebKit/605.1.15 (KHTML, like Gecko) GSA/251.0.508228821 Mobile/19H307 Safari/604.1" "ysfine.com"
52.167.144.62 - - [21/Feb/2023:08:22:58 -0800] "GET /world/ital/palermo03.jpg HTTP/1.1" 200 103656 "-" "Mozilla/5.0 AppleWebKit/537.36 (KHTML, like Gecko; compatible; bingbot/2.0; +http://www.bing.com/bingbot.htm) Chrome/103.0.5060.134 Safari/537.36" "ysfine.com"
51.222.253.15 - - [21/Feb/2023:08:23:00 -0800] "GET /robots.txt HTTP/1.1" 404 88 "-" "Mozilla/5.0 (compatible; AhrefsBot/7.0; +http://ahrefs.com/robot/)" "www.ysfine.com"
123.125.109.55 - - [21/Feb/2023:08:23:09 -0800] "GET / HTTP/1.1" 200 5295 "-" "Sogou web spider/4.0(+http://www.sogou.com/docs/help/webmasters.htm#07)" "ysfine.com"
174.196.138.4 - - [21/Feb/2023:08:24:40 -0800] "GET /feynman/feybongo.jpg HTTP/1.1" 200 47448 "https://www.timebomb2000.com/" "Mozilla/5.0 (Linux; Android 12; LM-G900) AppleWebKit/537.36 (KHTML, like Gecko) Chrome/110.0.0.0 Mobile Safari/537.36" "ysfine.com"
52.167.144.35 - - [21/Feb/2023:08:25:32 -0800] "GET /bio/style/artlove.html HTTP/1.1" 404 88 "-" "Mozilla/5.0 AppleWebKit/537.36 (KHTML, like Gecko; compatible; bingbot/2.0; +http://www.bing.com/bingbot.htm) Chrome/103.0.5060.134 Safari/537.36" "ysfine.com"
64.124.8.53 - - [21/Feb/2023:08:26:08 -0800] "GET /ysbio/world/japan/nara002.jpg HTTP/1.1" 404 88 "-" "Mozilla/5.0 (Macintosh; Intel Mac OS X 10_15_7) AppleWebKit/537.36 (KHTML, like Gecko) Chrome/107.0.0.0 Safari/537.36" "www.ysfine.com"
2.35.224.147 - - [21/Feb/2023:08:26:27 -0800] "GET /world/france/montpar03.jpg HTTP/1.1" 200 108206 "https://www.google.com/" "Mozilla/5.0 (Linux; Android 10; CLT-L29) AppleWebKit/537.36 (KHTML, like Gecko) Chrome/98.0.4758.101 Mobile Safari/537.36" "ysfine.com"
24.46.75.140 - - [21/Feb/2023:08:26:28 -0800] "GET /dirac/wigsis11.jpg HTTP/1.1" 200 71741 "https://www.google.com/" "Mozilla/5.0 (iPhone; CPU iPhone OS 16_0_3 like Mac OS X) AppleWebKit/605.1.15 (KHTML, like Gecko) Version/16.0 Mobile/15E148 Safari/604.1" "ysfine.com"
64.124.8.29 - - [21/Feb/2023:08:26:30 -0800] "GET /newyork/hopen15.jpg HTTP/1.1" 200 71211 "-" "Mozilla/5.0 (Macintosh; Intel Mac OS X 10_15_7) AppleWebKit/537.36 (KHTML, like Gecko) Chrome/107.0.0.0 Safari/537.36" "ysfine.com"
64.124.8.57 - - [21/Feb/2023:08:26:31 -0800] "GET /world/germany/leipzig73.jpg HTTP/1.1" 200 226860 "-" "Mozilla/5.0 (Macintosh; Intel Mac OS X 10_15_7) AppleWebKit/537.36 (KHTML, like Gecko) Chrome/107.0.0.0 Safari/537.36" "ysfine.com"
64.124.8.50 - - [21/Feb/2023:08:26:31 -0800] "GET /world/germany/aachen11.jpg HTTP/1.1" 200 119665 "-" "Mozilla/5.0 (Macintosh; Intel Mac OS X 10_15_7) AppleWebKit/537.36 (KHTML, like Gecko) Chrome/107.0.0.0 Safari/537.36" "ysfine.com"
24.46.75.140 - - [21/Feb/2023:08:26:32 -0800] "GET /dirac/dirwig33.jpg HTTP/1.1" 200 49208 "https://www.google.com/" "Mozilla/5.0 (iPhone; CPU iPhone OS 16_0_3 like Mac OS X) AppleWebKit/605.1.15 (KHTML, like Gecko) Version/16.0 Mobile/15E148 Safari/604.1" "ysfine.com"
64.124.8.29 - - [21/Feb/2023:08:26:56 -0800] "GET /usca/pitt/kiltie.jpg HTTP/1.1" 200 83355 "-" "Mozilla/5.0 (Macintosh; Intel Mac OS X 10_15_7) AppleWebKit/537.36 (KHTML, like Gecko) Chrome/107.0.0.0 Safari/537.36" "www.ysfine.com"
64.124.8.55 - - [21/Feb/2023:08:26:57 -0800] "GET /world/poland/krk09.jpg HTTP/1.1" 200 133697 "-" "Mozilla/5.0 (Macintosh; Intel Mac OS X 10_15_7) AppleWebKit/537.36 (KHTML, like Gecko) Chrome/107.0.0.0 Safari/537.36" "www.ysfine.com"
52.167.144.62 - - [21/Feb/2023:08:26:57 -0800] "GET /kowar/tanks/southhorse.jpg HTTP/1.1" 200 96149 "-" "Mozilla/5.0 AppleWebKit/537.36 (KHTML, like Gecko; compatible; bingbot/2.0; +http://www.bing.com/bingbot.htm) Chrome/103.0.5060.134 Safari/537.36" "ysfine.com"
64.124.8.55 - - [21/Feb/2023:08:27:04 -0800] "GET /friends/victork33.jpg HTTP/1.1" 404 88 "-" "Mozilla/5.0 (Macintosh; Intel Mac OS X 10_15_7) AppleWebKit/537.36 (KHTML, like Gecko) Chrome/107.0.0.0 Safari/537.36" "www.ysfine.com"
