71.178.208.102 - - [20/Feb/2023:20:45:33 -0800] "GET /world/russ/basil08c.jpg HTTP/1.1" 200 40070 "https://ysfine.com/auto/bio11.html" "Mozilla/5.0 (Windows NT 10.0; Win64; x64) AppleWebKit/537.36 (KHTML, like Gecko) Chrome/110.0.0.0 Safari/537.36 Edg/110.0.1587.50" "ysfine.com"
71.178.208.102 - - [20/Feb/2023:20:45:33 -0800] "GET /world/china/beijing101c.jpg HTTP/1.1" 200 41830 "https://ysfine.com/auto/bio11.html" "Mozilla/5.0 (Windows NT 10.0; Win64; x64) AppleWebKit/537.36 (KHTML, like Gecko) Chrome/110.0.0.0 Safari/537.36 Edg/110.0.1587.50" "ysfine.com"
71.178.208.102 - - [20/Feb/2023:20:45:33 -0800] "GET /world/balkan/istan001c.jpg HTTP/1.1" 200 34566 "https://ysfine.com/auto/bio11.html" "Mozilla/5.0 (Windows NT 10.0; Win64; x64) AppleWebKit/537.36 (KHTML, like Gecko) Chrome/110.0.0.0 Safari/537.36 Edg/110.0.1587.50" "ysfine.com"
71.178.208.102 - - [20/Feb/2023:20:45:33 -0800] "GET /world/balkan/ath001c.jpg HTTP/1.1" 200 34419 "https://ysfine.com/auto/bio11.html" "Mozilla/5.0 (Windows NT 10.0; Win64; x64) AppleWebKit/537.36 (KHTML, like Gecko) Chrome/110.0.0.0 Safari/537.36 Edg/110.0.1587.50" "ysfine.com"
71.178.208.102 - - [20/Feb/2023:20:45:33 -0800] "GET /home/taylor400.jpg HTTP/1.1" 200 56181 "https://ysfine.com/auto/bio11.html" "Mozilla/5.0 (Windows NT 10.0; Win64; x64) AppleWebKit/537.36 (KHTML, like Gecko) Chrome/110.0.0.0 Safari/537.36 Edg/110.0.1587.50" "ysfine.com"
71.178.208.102 - - [20/Feb/2023:20:45:33 -0800] "GET /world/ital/coloss04c.jpg HTTP/1.1" 200 37017 "https://ysfine.com/auto/bio11.html" "Mozilla/5.0 (Windows NT 10.0; Win64; x64) AppleWebKit/537.36 (KHTML, like Gecko) Chrome/110.0.0.0 Safari/537.36 Edg/110.0.1587.50" "ysfine.com"
71.178.208.102 - - [20/Feb/2023:20:45:33 -0800] "GET /world/france/eiffel15c.jpg HTTP/1.1" 200 36995 "https://ysfine.com/auto/bio11.html" "Mozilla/5.0 (Windows NT 10.0; Win64; x64) AppleWebKit/537.36 (KHTML, like Gecko) Chrome/110.0.0.0 Safari/537.36 Edg/110.0.1587.50" "ysfine.com"
71.178.208.102 - - [20/Feb/2023:20:45:33 -0800] "GET /world/brit/towerbr11c.jpg HTTP/1.1" 200 31376 "https://ysfine.com/auto/bio11.html" "Mozilla/5.0 (Windows NT 10.0; Win64; x64) AppleWebKit/537.36 (KHTML, like Gecko) Chrome/110.0.0.0 Safari/537.36 Edg/110.0.1587.50" "ysfine.com"
71.178.208.102 - - [20/Feb/2023:20:45:38 -0800] "GET /auto/bio10.html HTTP/1.1" 200 4674 "https://ysfine.com/ys11/" "Mozilla/5.0 (Windows NT 10.0; Win64; x64) AppleWebKit/537.36 (KHTML, like Gecko) Chrome/110.0.0.0 Safari/537.36 Edg/110.0.1587.50" "ysfine.com"
71.178.208.102 - - [20/Feb/2023:20:45:38 -0800] "GET /auto/hunmin22c.jpg HTTP/1.1" 200 55235 "https://ysfine.com/auto/bio10.html" "Mozilla/5.0 (Windows NT 10.0; Win64; x64) AppleWebKit/537.36 (KHTML, like Gecko) Chrome/110.0.0.0 Safari/537.36 Edg/110.0.1587.50" "ysfine.com"
71.178.208.102 - - [20/Feb/2023:20:45:38 -0800] "GET /awards/matrix33c.jpg HTTP/1.1" 200 34515 "https://ysfine.com/auto/bio10.html" "Mozilla/5.0 (Windows NT 10.0; Win64; x64) AppleWebKit/537.36 (KHTML, like Gecko) Chrome/110.0.0.0 Safari/537.36 Edg/110.0.1587.50" "ysfine.com"
71.178.208.102 - - [20/Feb/2023:20:45:38 -0800] "GET /auto/bek55c.jpg HTTP/1.1" 200 27076 "https://ysfine.com/auto/bio10.html" "Mozilla/5.0 (Windows NT 10.0; Win64; x64) AppleWebKit/537.36 (KHTML, like Gecko) Chrome/110.0.0.0 Safari/537.36 Edg/110.0.1587.50" "ysfine.com"
71.178.208.102 - - [20/Feb/2023:20:45:38 -0800] "GET /home/dirackn55a.jpg HTTP/1.1" 200 85505 "https://ysfine.com/auto/bio10.html" "Mozilla/5.0 (Windows NT 10.0; Win64; x64) AppleWebKit/537.36 (KHTML, like Gecko) Chrome/110.0.0.0 Safari/537.36 Edg/110.0.1587.50" "ysfine.com"
71.178.208.102 - - [20/Feb/2023:20:45:38 -0800] "GET /auto/comet01d.jpg HTTP/1.1" 200 66770 "https://ysfine.com/auto/bio10.html" "Mozilla/5.0 (Windows NT 10.0; Win64; x64) AppleWebKit/537.36 (KHTML, like Gecko) Chrome/110.0.0.0 Safari/537.36 Edg/110.0.1587.50" "ysfine.com"
71.178.208.102 - - [20/Feb/2023:20:45:38 -0800] "GET /auto/bek66a.jpg HTTP/1.1" 200 66817 "https://ysfine.com/auto/bio10.html" "Mozilla/5.0 (Windows NT 10.0; Win64; x64) AppleWebKit/537.36 (KHTML, like Gecko) Chrome/110.0.0.0 Safari/537.36 Edg/110.0.1587.50" "ysfine.com"
71.178.208.102 - - [20/Feb/2023:20:45:38 -0800] "GET /home/foto22/comet01d.jpg HTTP/1.1" 200 66770 "https://ysfine.com/auto/bio10.html" "Mozilla/5.0 (Windows NT 10.0; Win64; x64) AppleWebKit/537.36 (KHTML, like Gecko) Chrome/110.0.0.0 Safari/537.36 Edg/110.0.1587.50" "ysfine.com"
71.178.208.102 - - [20/Feb/2023:20:45:38 -0800] "GET /dirac/dirac39c.jpg HTTP/1.1" 200 54568 "https://ysfine.com/auto/bio10.html" "Mozilla/5.0 (Windows NT 10.0; Win64; x64) AppleWebKit/537.36 (KHTML, like Gecko) Chrome/110.0.0.0 Safari/537.36 Edg/110.0.1587.50" "ysfine.com"
71.178.208.102 - - [20/Feb/2023:20:45:38 -0800] "GET /home/foto22/comet40d.jpg HTTP/1.1" 200 54378 "https://ysfine.com/auto/bio10.html" "Mozilla/5.0 (Windows NT 10.0; Win64; x64) AppleWebKit/537.36 (KHTML, like Gecko) Chrome/110.0.0.0 Safari/537.36 Edg/110.0.1587.50" "ysfine.com"
71.178.208.102 - - [20/Feb/2023:20:45:38 -0800] "GET /home/foto22/bek22a.jpg HTTP/1.1" 200 50408 "https://ysfine.com/auto/bio10.html" "Mozilla/5.0 (Windows NT 10.0; Win64; x64) AppleWebKit/537.36 (KHTML, like Gecko) Chrome/110.0.0.0 Safari/537.36 Edg/110.0.1587.50" "ysfine.com"
71.178.208.102 - - [20/Feb/2023:20:45:44 -0800] "GET /auto/bio09.html HTTP/1.1" 200 12724 "https://ysfine.com/ys11/" "Mozilla/5.0 (Windows NT 10.0; Win64; x64) AppleWebKit/537.36 (KHTML, like Gecko) Chrome/110.0.0.0 Safari/537.36 Edg/110.0.1587.50" "ysfine.com"
71.178.208.102 - - [20/Feb/2023:20:45:44 -0800] "GET /home/sbt11d.jpg HTTP/1.1" 200 41029 "https://ysfine.com/auto/bio09.html" "Mozilla/5.0 (Windows NT 10.0; Win64; x64) AppleWebKit/537.36 (KHTML, like Gecko) Chrome/110.0.0.0 Safari/537.36 Edg/110.0.1587.50" "ysfine.com"
71.178.208.102 - - [20/Feb/2023:20:45:44 -0800] "GET /home/wigein11d.jpg HTTP/1.1" 200 38446 "https://ysfine.com/auto/bio09.html" "Mozilla/5.0 (Windows NT 10.0; Win64; x64) AppleWebKit/537.36 (KHTML, like Gecko) Chrome/110.0.0.0 Safari/537.36 Edg/110.0.1587.50" "ysfine.com"
71.178.208.102 - - [20/Feb/2023:20:45:44 -0800] "GET /home/tollwig11d.jpg HTTP/1.1" 200 39722 "https://ysfine.com/auto/bio09.html" "Mozilla/5.0 (Windows NT 10.0; Win64; x64) AppleWebKit/537.36 (KHTML, like Gecko) Chrome/110.0.0.0 Safari/537.36 Edg/110.0.1587.50" "ysfine.com"
71.178.208.102 - - [20/Feb/2023:20:45:44 -0800] "GET /home/o32inho22g.jpg HTTP/1.1" 200 90429 "https://ysfine.com/auto/bio09.html" "Mozilla/5.0 (Windows NT 10.0; Win64; x64) AppleWebKit/537.36 (KHTML, like Gecko) Chrome/110.0.0.0 Safari/537.36 Edg/110.0.1587.50" "ysfine.com"
71.178.208.102 - - [20/Feb/2023:20:45:44 -0800] "GET /wigner/michwight.jpg HTTP/1.1" 200 73424 "https://ysfine.com/auto/bio09.html" "Mozilla/5.0 (Windows NT 10.0; Win64; x64) AppleWebKit/537.36 (KHTML, like Gecko) Chrome/110.0.0.0 Safari/537.36 Edg/110.0.1587.50" "ysfine.com"
71.178.208.102 - - [20/Feb/2023:20:45:44 -0800] "GET /home/bedk22f.jpg HTTP/1.1" 200 79706 "https://ysfine.com/auto/bio09.html" "Mozilla/5.0 (Windows NT 10.0; Win64; x64) AppleWebKit/537.36 (KHTML, like Gecko) Chrome/110.0.0.0 Safari/537.36 Edg/110.0.1587.50" "ysfine.com"
71.178.208.102 - - [20/Feb/2023:20:45:44 -0800] "GET /princeton/einpm22d.jpg HTTP/1.1" 200 65372 "https://ysfine.com/auto/bio09.html" "Mozilla/5.0 (Windows NT 10.0; Win64; x64) AppleWebKit/537.36 (KHTML, like Gecko) Chrome/110.0.0.0 Safari/537.36 Edg/110.0.1587.50" "ysfine.com"
71.178.208.102 - - [20/Feb/2023:20:45:44 -0800] "GET /home/wigkim450.jpg HTTP/1.1" 200 46980 "https://ysfine.com/auto/bio09.html" "Mozilla/5.0 (Windows NT 10.0; Win64; x64) AppleWebKit/537.36 (KHTML, like Gecko) Chrome/110.0.0.0 Safari/537.36 Edg/110.0.1587.50" "ysfine.com"
71.178.208.102 - - [20/Feb/2023:20:45:44 -0800] "GET /home/further22f.jpg HTTP/1.1" 200 99099 "https://ysfine.com/auto/bio09.html" "Mozilla/5.0 (Windows NT 10.0; Win64; x64) AppleWebKit/537.36 (KHTML, like Gecko) Chrome/110.0.0.0 Safari/537.36 Edg/110.0.1587.50" "ysfine.com"
71.178.208.102 - - [20/Feb/2023:20:45:44 -0800] "GET /dirac/truck/truck18a.jpg HTTP/1.1" 200 78184 "https://ysfine.com/auto/bio09.html" "Mozilla/5.0 (Windows NT 10.0; Win64; x64) AppleWebKit/537.36 (KHTML, like Gecko) Chrome/110.0.0.0 Safari/537.36 Edg/110.0.1587.50" "ysfine.com"
71.178.208.102 - - [20/Feb/2023:20:45:44 -0800] "GET /einstein/einbohr55f.jpg HTTP/1.1" 200 155618 "https://ysfine.com/auto/bio09.html" "Mozilla/5.0 (Windows NT 10.0; Win64; x64) AppleWebKit/537.36 (KHTML, like Gecko) Chrome/110.0.0.0 Safari/537.36 Edg/110.0.1587.50" "ysfine.com"
71.178.208.102 - - [20/Feb/2023:20:45:44 -0800] "GET /home/comet40f.jpg HTTP/1.1" 200 101816 "https://ysfine.com/auto/bio09.html" "Mozilla/5.0 (Windows NT 10.0; Win64; x64) AppleWebKit/537.36 (KHTML, like Gecko) Chrome/110.0.0.0 Safari/537.36 Edg/110.0.1587.50" "ysfine.com"
71.178.208.102 - - [20/Feb/2023:20:45:44 -0800] "GET /home/wigner22d.jpg HTTP/1.1" 200 70992 "https://ysfine.com/auto/bio09.html" "Mozilla/5.0 (Windows NT 10.0; Win64; x64) AppleWebKit/537.36 (KHTML, like Gecko) Chrome/110.0.0.0 Safari/537.36 Edg/110.0.1587.50" "ysfine.com"
71.178.208.102 - - [20/Feb/2023:20:45:44 -0800] "GET /home/fig33/sbtwein450.jpg HTTP/1.1" 200 73194 "https://ysfine.com/auto/bio09.html" "Mozilla/5.0 (Windows NT 10.0; Win64; x64) AppleWebKit/537.36 (KHTML, like Gecko) Chrome/110.0.0.0 Safari/537.36 Edg/110.0.1587.50" "ysfine.com"
71.178.208.102 - - [20/Feb/2023:20:45:44 -0800] "GET /home/fig33/parton77f.jpg HTTP/1.1" 200 120094 "https://ysfine.com/auto/bio09.html" "Mozilla/5.0 (Windows NT 10.0; Win64; x64) AppleWebKit/537.36 (KHTML, like Gecko) Chrome/110.0.0.0 Safari/537.36 Edg/110.0.1587.50" "ysfine.com"
71.178.208.102 - - [20/Feb/2023:20:45:44 -0800] "GET /auto/fotos/einmu41d.jpg HTTP/1.1" 200 62005 "https://ysfine.com/auto/bio09.html" "Mozilla/5.0 (Windows NT 10.0; Win64; x64) AppleWebKit/537.36 (KHTML, like Gecko) Chrome/110.0.0.0 Safari/537.36 Edg/110.0.1587.50" "ysfine.com"
207.46.13.207 - - [20/Feb/2023:20:46:06 -0800] "GET /home/pdugard22a.jpg HTTP/1.1" 200 65707 "-" "Mozilla/5.0 AppleWebKit/537.36 (KHTML, like Gecko; compatible; bingbot/2.0; +http://www.bing.com/bingbot.htm) Chrome/103.0.5060.134 Safari/537.36" "www.ysfine.com"
216.244.66.229 - - [20/Feb/2023:20:46:10 -0800] "GET /world/ital/genoaf03.jpg HTTP/1.1" 200 121434 "-" "Mozilla/5.0 (compatible; DotBot/1.2; +https://opensiteexplorer.org/dotbot; help@moz.com)" "ysfine.com"
91.133.186.216 - - [20/Feb/2023:20:46:48 -0800] "GET / HTTP/1.1" 200 5295 "-" "Mozilla/5.0 (iPhone; U; CPU iPhone OS 4_3_1 like Mac OS X; zh-tw) AppleWebKit/533.17.9 (KHTML, like Gecko) Version/5.0.2 Mobile/8G4 Safari/6533.18.5" "ysfine.com"
91.133.157.248 - - [20/Feb/2023:20:46:48 -0800] "GET /robots.txt HTTP/1.1" 404 88 "-" "Mozilla/5.0 (iPhone; U; CPU iPhone OS 4_2_1 like Mac OS X; ru-ru) AppleWebKit/533.17.9 (KHTML, like Gecko) Version/5.0.2 Mobile/8C148 Safari/6533.18.5" "ysfine.com"
91.133.185.105 - - [20/Feb/2023:20:46:48 -0800] "GET /robots.txt HTTP/1.1" 404 88 "-" "Mozilla/5.0 (iPhone; U; fr; CPU iPhone OS 4_2_1 like Mac OS X; fr) AppleWebKit/533.17.9 (KHTML, like Gecko) Version/5.0.2 Mobile/8C148a Safari/6533.18.5" "ysfine.com"
91.133.150.254 - - [20/Feb/2023:20:46:48 -0800] "GET / HTTP/1.1" 200 5295 "-" "Mozilla/5.0 (iPhone; U; ru; CPU iPhone OS 4_2_1 like Mac OS X; ru) AppleWebKit/533.17.9 (KHTML, like Gecko) Version/5.0.2 Mobile/8C148a Safari/6533.18.5" "ysfine.com"
207.46.13.207 - - [20/Feb/2023:20:46:56 -0800] "GET /newyork/colum12.jpg HTTP/1.1" 200 105871 "-" "Mozilla/5.0 AppleWebKit/537.36 (KHTML, like Gecko; compatible; bingbot/2.0; +http://www.bing.com/bingbot.htm) Chrome/103.0.5060.134 Safari/537.36" "ysfine.com"
118.184.177.18 - - [20/Feb/2023:20:46:57 -0800] "GET / HTTP/1.1" 200 5295 "-" "Sogou web spider/4.0(+http://www.sogou.com/docs/help/webmasters.htm#07)" "www.ysfine.com"
52.167.144.35 - - [20/Feb/2023:20:47:00 -0800] "GET /bio/sbk/1950.html HTTP/1.1" 404 88 "-" "Mozilla/5.0 AppleWebKit/537.36 (KHTML, like Gecko; compatible; bingbot/2.0; +http://www.bing.com/bingbot.htm) Chrome/103.0.5060.134 Safari/537.36" "ysfine.com"
216.244.66.229 - - [20/Feb/2023:20:47:00 -0800] "GET /world/ital/milvio01.jpg HTTP/1.1" 200 100405 "-" "Mozilla/5.0 (compatible; DotBot/1.2; +https://opensiteexplorer.org/dotbot; help@moz.com)" "ysfine.com"
64.124.8.29 - - [20/Feb/2023:20:47:09 -0800] "GET /remote/wigner111/janszky05.jpg HTTP/1.1" 200 99264 "-" "Mozilla/5.0 (Macintosh; Intel Mac OS X 10_15_7) AppleWebKit/537.36 (KHTML, like Gecko) Chrome/107.0.0.0 Safari/537.36" "www.ysfine.com"
64.124.8.29 - - [20/Feb/2023:20:47:09 -0800] "GET /world/china/xian02.jpg HTTP/1.1" 200 68876 "-" "Mozilla/5.0 (Macintosh; Intel Mac OS X 10_15_7) AppleWebKit/537.36 (KHTML, like Gecko) Chrome/107.0.0.0 Safari/537.36" "ysfine.com"
64.124.8.57 - - [20/Feb/2023:20:47:38 -0800] "GET /ysbio/fotos/photo04.jpg HTTP/1.1" 404 88 "-" "Mozilla/5.0 (Macintosh; Intel Mac OS X 10_15_7) AppleWebKit/537.36 (KHTML, like Gecko) Chrome/107.0.0.0 Safari/537.36" "ysfine.com"
216.244.66.229 - - [20/Feb/2023:20:47:39 -0800] "GET /world/ital/vatim01.jpg HTTP/1.1" 200 150522 "-" "Mozilla/5.0 (compatible; DotBot/1.2; +https://opensiteexplorer.org/dotbot; help@moz.com)" "ysfine.com"
64.124.8.56 - - [20/Feb/2023:20:48:18 -0800] "GET /ysbio/world/brit/dunf31.jpg HTTP/1.1" 404 88 "-" "Mozilla/5.0 (Macintosh; Intel Mac OS X 10_15_7) AppleWebKit/537.36 (KHTML, like Gecko) Chrome/107.0.0.0 Safari/537.36" "www.ysfine.com"
51.222.253.18 - - [20/Feb/2023:20:48:22 -0800] "GET /kobak/kimc.html HTTP/1.1" 200 4345 "-" "Mozilla/5.0 (compatible; AhrefsBot/7.0; +http://ahrefs.com/robot/)" "ysfine.com"
207.46.13.218 - - [20/Feb/2023:20:48:26 -0800] "GET /wdc/obelisk22.jpg HTTP/1.1" 200 101572 "-" "Mozilla/5.0 AppleWebKit/537.36 (KHTML, like Gecko; compatible; bingbot/2.0; +http://www.bing.com/bingbot.htm) Chrome/103.0.5060.134 Safari/537.36" "www.ysfine.com"
64.124.8.29 - - [20/Feb/2023:20:49:27 -0800] "GET /world/france/triomf11.jpg HTTP/1.1" 200 105474 "-" "Mozilla/5.0 (Macintosh; Intel Mac OS X 10_15_7) AppleWebKit/537.36 (KHTML, like Gecko) Chrome/107.0.0.0 Safari/537.36" "www.ysfine.com"
207.46.13.218 - - [20/Feb/2023:20:49:34 -0800] "GET /newyork/colum08.jpg HTTP/1.1" 200 135570 "-" "Mozilla/5.0 AppleWebKit/537.36 (KHTML, like Gecko; compatible; bingbot/2.0; +http://www.bing.com/bingbot.htm) Chrome/103.0.5060.134 Safari/537.36" "ysfine.com"
173.252.95.8 - - [20/Feb/2023:20:49:58 -0800] "GET /home/yskim10c.jpg HTTP/1.1" 200 88826 "-" "facebookexternalhit/1.1 (+http://www.facebook.com/externalhit_uatext.php)" "ysfine.com"
216.244.66.229 - - [20/Feb/2023:20:50:26 -0800] "GET /heisen/texfiles/einheis05.jpg HTTP/1.1" 200 31787 "-" "Mozilla/5.0 (compatible; DotBot/1.2; +https://opensiteexplorer.org/dotbot; help@moz.com)" "ysfine.com"
216.244.66.229 - - [20/Feb/2023:20:50:53 -0800] "GET /world/ital/vatican36.jpg HTTP/1.1" 200 147411 "-" "Mozilla/5.0 (compatible; DotBot/1.2; +https://opensiteexplorer.org/dotbot; help@moz.com)" "ysfine.com"
207.46.13.218 - - [20/Feb/2023:20:50:55 -0800] "GET /maga/phys/yukaheisen67b.jpg HTTP/1.1" 200 42036 "-" "Mozilla/5.0 AppleWebKit/537.36 (KHTML, like Gecko; compatible; bingbot/2.0; +http://www.bing.com/bingbot.htm) Chrome/103.0.5060.134 Safari/537.36" "ysfine.com"
207.46.13.207 - - [20/Feb/2023:20:51:27 -0800] "GET /world/israel/tlvf02.jpg HTTP/1.1" 200 155755 "-" "Mozilla/5.0 AppleWebKit/537.36 (KHTML, like Gecko; compatible; bingbot/2.0; +http://www.bing.com/bingbot.htm) Chrome/103.0.5060.134 Safari/537.36" "ysfine.com"
216.244.66.229 - - [20/Feb/2023:20:51:36 -0800] "GET /world/russ/minsk111.jpg HTTP/1.1" 200 71005 "-" "Mozilla/5.0 (compatible; DotBot/1.2; +https://opensiteexplorer.org/dotbot; help@moz.com)" "ysfine.com"
108.7.60.97 - - [20/Feb/2023:20:51:42 -0800] "GET /princeton/alexan22.jpg HTTP/1.1" 200 175436 "https://www.google.com/" "Mozilla/5.0 (iPhone; CPU iPhone OS 14_8_1 like Mac OS X) AppleWebKit/605.1.15 (KHTML, like Gecko) Version/14.1.2 Mobile/15E148 Safari/604.1" "ysfine.com"
64.124.8.50 - - [20/Feb/2023:20:51:42 -0800] "GET /world/ital/venice01ee.jpg HTTP/1.1" 200 239097 "-" "Mozilla/5.0 (Macintosh; Intel Mac OS X 10_15_7) AppleWebKit/537.36 (KHTML, like Gecko) Chrome/107.0.0.0 Safari/537.36" "ysfine.com"
108.7.60.97 - - [20/Feb/2023:20:51:58 -0800] "GET /princeton/withers01.jpg HTTP/1.1" 200 113946 "https://www.google.com/" "Mozilla/5.0 (iPhone; CPU iPhone OS 14_8_1 like Mac OS X) AppleWebKit/605.1.15 (KHTML, like Gecko) Version/14.1.2 Mobile/15E148 Safari/604.1" "ysfine.com"
24.59.50.232 - - [20/Feb/2023:20:52:20 -0800] "GET /dirac/dirac63.jpg HTTP/1.1" 200 83306 "https://www.google.com/" "Mozilla/5.0 (iPhone; CPU iPhone OS 16_1 like Mac OS X) AppleWebKit/605.1.15 (KHTML, like Gecko) CriOS/110.0.5481.83 Mobile/15E148 Safari/604.1" "ysfine.com"
51.222.253.9 - - [20/Feb/2023:20:52:20 -0800] "GET /kobak/sebiro.html HTTP/1.1" 200 8966 "-" "Mozilla/5.0 (compatible; AhrefsBot/7.0; +http://ahrefs.com/robot/)" "ysfine.com"
51.222.253.6 - - [20/Feb/2023:20:52:22 -0800] "GET /friends/koparis05b.jpg HTTP/1.1" 404 88 "-" "Mozilla/5.0 (compatible; AhrefsBot/7.0; +http://ahrefs.com/robot/)" "ysfine.com"
51.222.253.16 - - [20/Feb/2023:20:52:22 -0800] "GET /style/bstring33b.jpg HTTP/1.1" 200 34671 "-" "Mozilla/5.0 (compatible; AhrefsBot/7.0; +http://ahrefs.com/robot/)" "ysfine.com"
51.222.253.17 - - [20/Feb/2023:20:52:22 -0800] "GET /world/brit/sebiro21b.jpg HTTP/1.1" 200 51428 "-" "Mozilla/5.0 (compatible; AhrefsBot/7.0; +http://ahrefs.com/robot/)" "ysfine.com"
51.222.253.1 - - [20/Feb/2023:20:52:23 -0800] "GET /kobak/dabrow11b.jpg HTTP/1.1" 200 58281 "-" "Mozilla/5.0 (compatible; AhrefsBot/7.0; +http://ahrefs.com/robot/)" "ysfine.com"
51.222.253.11 - - [20/Feb/2023:20:52:23 -0800] "GET /world/russ/msu52b.jpg HTTP/1.1" 200 40102 "-" "Mozilla/5.0 (compatible; AhrefsBot/7.0; +http://ahrefs.com/robot/)" "ysfine.com"
51.222.253.19 - - [20/Feb/2023:20:52:24 -0800] "GET /kobak/1014b.jpg HTTP/1.1" 200 42115 "-" "Mozilla/5.0 (compatible; AhrefsBot/7.0; +http://ahrefs.com/robot/)" "ysfine.com"
51.222.253.11 - - [20/Feb/2023:20:52:24 -0800] "GET /maga/phys/farad06b.jpg HTTP/1.1" 200 37553 "-" "Mozilla/5.0 (compatible; AhrefsBot/7.0; +http://ahrefs.com/robot/)" "ysfine.com"
51.222.253.19 - - [20/Feb/2023:20:52:24 -0800] "GET /kobak/1014c270.jpg HTTP/1.1" 200 56853 "-" "Mozilla/5.0 (compatible; AhrefsBot/7.0; +http://ahrefs.com/robot/)" "ysfine.com"
51.222.253.7 - - [20/Feb/2023:20:52:25 -0800] "GET /saram/m09b.jpg HTTP/1.1" 200 33371 "-" "Mozilla/5.0 (compatible; AhrefsBot/7.0; +http://ahrefs.com/robot/)" "ysfine.com"
51.222.253.16 - - [20/Feb/2023:20:52:25 -0800] "GET /friends/aline/kuwaitf11b.jpg HTTP/1.1" 404 88 "-" "Mozilla/5.0 (compatible; AhrefsBot/7.0; +http://ahrefs.com/robot/)" "ysfine.com"
108.7.60.97 - - [20/Feb/2023:20:52:26 -0800] "GET /princeton/nasshall01.jpg HTTP/1.1" 200 169242 "https://www.google.com/" "Mozilla/5.0 (iPhone; CPU iPhone OS 14_8_1 like Mac OS X) AppleWebKit/605.1.15 (KHTML, like Gecko) Version/14.1.2 Mobile/15E148 Safari/604.1" "ysfine.com"
51.222.253.5 - - [20/Feb/2023:20:52:32 -0800] "GET /style/rieu01b.jpg HTTP/1.1" 200 44969 "-" "Mozilla/5.0 (compatible; AhrefsBot/7.0; +http://ahrefs.com/robot/)" "ysfine.com"
51.222.253.6 - - [20/Feb/2023:20:52:32 -0800] "GET /kobak/chomansik11b.jpg HTTP/1.1" 200 36831 "-" "Mozilla/5.0 (compatible; AhrefsBot/7.0; +http://ahrefs.com/robot/)" "ysfine.com"
51.222.253.17 - - [20/Feb/2023:20:52:32 -0800] "GET /world/brit/oxlon55b.jpg HTTP/1.1" 200 45015 "-" "Mozilla/5.0 (compatible; AhrefsBot/7.0; +http://ahrefs.com/robot/)" "ysfine.com"
5.210.236.62 - - [20/Feb/2023:20:52:32 -0800] "GET / HTTP/1.1" 200 5295 "-" "Mozilla/5.0 (iPhone; U; CPU iPhone OS 4_2_1 like Mac OS X; ru-ru) AppleWebKit/533.17.9 (KHTML, like Gecko) Version/5.0.2 Mobile/8C148 Safari/6533.18.5" "ysfine.com"
91.133.177.71 - - [20/Feb/2023:20:52:32 -0800] "GET /robots.txt HTTP/1.1" 404 88 "-" "Mozilla/5.0 (iPhone; U; CPU iPhone OS 4_2_1 like Mac OS X; ru-ru) AppleWebKit/533.17.9 (KHTML, like Gecko) Version/5.0.2 Mobile/8C148 Safari/6533.18.5" "ysfine.com"
31.2.220.155 - - [20/Feb/2023:20:52:32 -0800] "GET / HTTP/1.1" 200 5295 "-" "Mozilla/5.0 (iPhone; U; CPU iPhone OS 4_1 like Mac OS X; en-us) AppleWebKit/532.9 (KHTML, like Gecko) Version/4.0.5 Mobile/8B117 Safari/6531.22.7" "ysfine.com"
91.133.224.151 - - [20/Feb/2023:20:52:33 -0800] "GET /robots.txt HTTP/1.1" 404 88 "-" "Mozilla/5.0 (iPhone; U; CPU iPhone OS 4_3 like Mac OS X; pl-pl) AppleWebKit/533.17.9 (KHTML, like Gecko) Version/5.0.2 Mobile/8F190 Safari/6533.18.5" "ysfine.com"
51.222.253.19 - - [20/Feb/2023:20:52:34 -0800] "GET /world/brit/oxlon07b.jpg HTTP/1.1" 200 31817 "-" "Mozilla/5.0 (compatible; AhrefsBot/7.0; +http://ahrefs.com/robot/)" "ysfine.com"
52.167.144.35 - - [20/Feb/2023:20:52:47 -0800] "GET /bio/kobak/yskor.html HTTP/1.1" 404 88 "-" "Mozilla/5.0 AppleWebKit/537.36 (KHTML, like Gecko; compatible; bingbot/2.0; +http://www.bing.com/bingbot.htm) Chrome/103.0.5060.134 Safari/537.36" "ysfine.com"
52.167.144.62 - - [20/Feb/2023:20:53:02 -0800] "GET /bio/style/proschanie.html HTTP/1.1" 404 88 "-" "Mozilla/5.0 AppleWebKit/537.36 (KHTML, like Gecko; compatible; bingbot/2.0; +http://www.bing.com/bingbot.htm) Chrome/103.0.5060.134 Safari/537.36" "ysfine.com"
52.167.144.35 - - [20/Feb/2023:20:54:16 -0800] "GET /bio/style/artlove.html HTTP/1.1" 404 88 "-" "Mozilla/5.0 AppleWebKit/537.36 (KHTML, like Gecko; compatible; bingbot/2.0; +http://www.bing.com/bingbot.htm) Chrome/103.0.5060.134 Safari/537.36" "ysfine.com"
64.124.8.55 - - [20/Feb/2023:20:54:32 -0800] "GET /world/brit/eton11.jpg HTTP/1.1" 200 107084 "-" "Mozilla/5.0 (Macintosh; Intel Mac OS X 10_15_7) AppleWebKit/537.36 (KHTML, like Gecko) Chrome/107.0.0.0 Safari/537.36" "ysfine.com"
64.124.8.56 - - [20/Feb/2023:20:54:36 -0800] "GET /princeton/rheepr01.jpg HTTP/1.1" 200 111474 "-" "Mozilla/5.0 (Macintosh; Intel Mac OS X 10_15_7) AppleWebKit/537.36 (KHTML, like Gecko) Chrome/107.0.0.0 Safari/537.36" "ysfine.com"
64.124.8.29 - - [20/Feb/2023:20:54:38 -0800] "GET /kowar/tanks/tank04.jpg HTTP/1.1" 200 109094 "-" "Mozilla/5.0 (Macintosh; Intel Mac OS X 10_15_7) AppleWebKit/537.36 (KHTML, like Gecko) Chrome/107.0.0.0 Safari/537.36" "www.ysfine.com"
207.46.13.220 - - [20/Feb/2023:20:54:41 -0800] "GET /bio/kobak/soraech.html HTTP/1.1" 404 88 "-" "Mozilla/5.0 AppleWebKit/537.36 (KHTML, like Gecko; compatible; bingbot/2.0; +http://www.bing.com/bingbot.htm) Chrome/103.0.5060.134 Safari/537.36" "ysfine.com"
207.46.13.220 - - [20/Feb/2023:20:54:42 -0800] "GET /world/brit/lontaxi17.jpg HTTP/1.1" 200 108145 "-" "Mozilla/5.0 AppleWebKit/537.36 (KHTML, like Gecko; compatible; bingbot/2.0; +http://www.bing.com/bingbot.htm) Chrome/103.0.5060.134 Safari/537.36" "ysfine.com"
52.167.144.35 - - [20/Feb/2023:20:55:05 -0800] "GET /world/china/shanghai003.jpg HTTP/1.1" 200 180049 "-" "Mozilla/5.0 AppleWebKit/537.36 (KHTML, like Gecko; compatible; bingbot/2.0; +http://www.bing.com/bingbot.htm) Chrome/103.0.5060.134 Safari/537.36" "www.ysfine.com"
213.180.203.108 - - [20/Feb/2023:20:55:20 -0800] "GET /robots.txt HTTP/1.1" 404 73 "-" "Mozilla/5.0 (compatible; YandexBot/3.0; +http://yandex.com/bots)" "www.ysfine.com"
51.222.253.18 - - [20/Feb/2023:20:56:07 -0800] "GET /maga/kant.html HTTP/1.1" 200 8714 "-" "Mozilla/5.0 (compatible; AhrefsBot/7.0; +http://ahrefs.com/robot/)" "ysfine.com"
51.222.253.14 - - [20/Feb/2023:20:56:10 -0800] "GET /world/baltic/kalinmap77b.jpg HTTP/1.1" 200 30429 "-" "Mozilla/5.0 (compatible; AhrefsBot/7.0; +http://ahrefs.com/robot/)" "ysfine.com"
51.222.253.14 - - [20/Feb/2023:20:56:11 -0800] "GET /maga/phil/lao2.jpg HTTP/1.1" 200 29456 "-" "Mozilla/5.0 (compatible; AhrefsBot/7.0; +http://ahrefs.com/robot/)" "ysfine.com"
51.222.253.6 - - [20/Feb/2023:20:56:13 -0800] "GET /maga/phil/suntzu2.jpg HTTP/1.1" 200 31693 "-" "Mozilla/5.0 (compatible; AhrefsBot/7.0; +http://ahrefs.com/robot/)" "ysfine.com"
51.222.253.9 - - [20/Feb/2023:20:56:14 -0800] "GET /maga/phil/kant00b.jpg HTTP/1.1" 200 51853 "-" "Mozilla/5.0 (compatible; AhrefsBot/7.0; +http://ahrefs.com/robot/)" "ysfine.com"
64.124.8.29 - - [20/Feb/2023:20:56:42 -0800] "GET /ysbio/einstein/einbohr22.jpg HTTP/1.1" 404 88 "-" "Mozilla/5.0 (Macintosh; Intel Mac OS X 10_15_7) AppleWebKit/537.36 (KHTML, like Gecko) Chrome/107.0.0.0 Safari/537.36" "ysfine.com"
64.124.8.54 - - [20/Feb/2023:20:57:42 -0800] "GET /einstein/einbohr33.jpg HTTP/1.1" 200 87797 "-" "Mozilla/5.0 (Macintosh; Intel Mac OS X 10_15_7) AppleWebKit/537.36 (KHTML, like Gecko) Chrome/107.0.0.0 Safari/537.36" "ysfine.com"
216.131.120.45 - - [20/Feb/2023:20:57:46 -0800] "POST / HTTP/1.1" 200 5295 "-" "Mozilla/5.0 (Linux; U; Android 4.4.2; en-US; HM NOTE 1W Build/KOT49H) AppleWebKit/534.30 (KHTML, like Gecko) Version/4.0 UCBrowser/11.0.5.850 U3/0.8.0 Mobile Safari/534.30" "ysfine.com"
64.124.8.28 - - [20/Feb/2023:20:58:20 -0800] "GET /style/musee/britmu07.jpg HTTP/1.1" 200 91844 "-" "Mozilla/5.0 (Macintosh; Intel Mac OS X 10_15_7) AppleWebKit/537.36 (KHTML, like Gecko) Chrome/107.0.0.0 Safari/537.36" "www.ysfine.com"
20.222.104.36 - - [20/Feb/2023:20:59:20 -0800] "GET /xxxss HTTP/1.1" 404 88 "-" "Mozilla/5.0 (Windows NT 10.0; WOW64; rv:48.0) Gecko/20100101 Firefox/48.0" "www.ysfine.com"
64.124.8.57 - - [20/Feb/2023:20:59:31 -0800] "GET /einstein/places/einha00.jpg HTTP/1.1" 200 79357 "-" "Mozilla/5.0 (Macintosh; Intel Mac OS X 10_15_7) AppleWebKit/537.36 (KHTML, like Gecko) Chrome/107.0.0.0 Safari/537.36" "ysfine.com"
174.170.179.149 - - [20/Feb/2023:20:59:50 -0800] "GET /feynman/feydirac.jpg HTTP/1.1" 200 98378 "https://www.google.com/" "Mozilla/5.0 (Linux; Android 13; SM-S916U1 Build/TP1A.220624.014; wv) AppleWebKit/537.36 (KHTML, like Gecko) Version/4.0 Chrome/109.0.5414.117 Mobile Safari/537.36 GoogleApp/14.6.11.26.arm64" "ysfine.com"
51.222.253.9 - - [20/Feb/2023:20:59:58 -0800] "GET /einstein/bern.html HTTP/1.1" 200 8314 "-" "Mozilla/5.0 (compatible; AhrefsBot/7.0; +http://ahrefs.com/robot/)" "www.ysfine.com"
51.222.253.3 - - [20/Feb/2023:21:00:02 -0800] "GET /einstein/places/einmu10b.jpg HTTP/1.1" 200 63699 "-" "Mozilla/5.0 (compatible; AhrefsBot/7.0; +http://ahrefs.com/robot/)" "www.ysfine.com"
51.222.253.16 - - [20/Feb/2023:21:00:03 -0800] "GET /einstein/places/einhaus450.jpg HTTP/1.1" 200 65369 "-" "Mozilla/5.0 (compatible; AhrefsBot/7.0; +http://ahrefs.com/robot/)" "www.ysfine.com"
51.222.253.7 - - [20/Feb/2023:21:00:04 -0800] "GET /einstein/places/einmu08b.jpg HTTP/1.1" 200 37748 "-" "Mozilla/5.0 (compatible; AhrefsBot/7.0; +http://ahrefs.com/robot/)" "www.ysfine.com"
51.222.253.11 - - [20/Feb/2023:21:00:05 -0800] "GET /einstein/places/einmu16b.jpg HTTP/1.1" 200 34497 "-" "Mozilla/5.0 (compatible; AhrefsBot/7.0; +http://ahrefs.com/robot/)" "www.ysfine.com"
51.222.253.16 - - [20/Feb/2023:21:00:06 -0800] "GET /einstein/places/einmu17b.jpg HTTP/1.1" 200 33255 "-" "Mozilla/5.0 (compatible; AhrefsBot/7.0; +http://ahrefs.com/robot/)" "www.ysfine.com"
51.222.253.20 - - [20/Feb/2023:21:00:06 -0800] "GET /maga/phys/heisen33b.jpg HTTP/1.1" 200 78035 "-" "Mozilla/5.0 (compatible; AhrefsBot/7.0; +http://ahrefs.com/robot/)" "www.ysfine.com"
51.222.253.6 - - [20/Feb/2023:21:00:07 -0800] "GET /einstein/einhouse11b.jpg HTTP/1.1" 200 42717 "-" "Mozilla/5.0 (compatible; AhrefsBot/7.0; +http://ahrefs.com/robot/)" "www.ysfine.com"
51.222.253.3 - - [20/Feb/2023:21:00:07 -0800] "GET /maga/phil/kanthegel22b.jpg HTTP/1.1" 200 36974 "-" "Mozilla/5.0 (compatible; AhrefsBot/7.0; +http://ahrefs.com/robot/)" "www.ysfine.com"
51.222.253.19 - - [20/Feb/2023:21:00:08 -0800] "GET /einstein/places/einmu52b.jpg HTTP/1.1" 200 38352 "-" "Mozilla/5.0 (compatible; AhrefsBot/7.0; +http://ahrefs.com/robot/)" "www.ysfine.com"
51.222.253.13 - - [20/Feb/2023:21:00:08 -0800] "GET /einstein/places/einha23b.jpg HTTP/1.1" 200 30374 "-" "Mozilla/5.0 (compatible; AhrefsBot/7.0; +http://ahrefs.com/robot/)" "www.ysfine.com"
51.222.253.15 - - [20/Feb/2023:21:00:09 -0800] "GET /einstein/places/einmu64b.jpg HTTP/1.1" 200 42063 "-" "Mozilla/5.0 (compatible; AhrefsBot/7.0; +http://ahrefs.com/robot/)" "www.ysfine.com"
51.222.253.19 - - [20/Feb/2023:21:00:09 -0800] "GET /einstein/places/einmu62b.jpg HTTP/1.1" 200 31976 "-" "Mozilla/5.0 (compatible; AhrefsBot/7.0; +http://ahrefs.com/robot/)" "www.ysfine.com"
51.222.253.18 - - [20/Feb/2023:21:00:09 -0800] "GET /einstein/places/einmu22b.jpg HTTP/1.1" 200 41361 "-" "Mozilla/5.0 (compatible; AhrefsBot/7.0; +http://ahrefs.com/robot/)" "www.ysfine.com"
51.222.253.13 - - [20/Feb/2023:21:00:10 -0800] "GET /einstein/places/einha05b.jpg HTTP/1.1" 200 51007 "-" "Mozilla/5.0 (compatible; AhrefsBot/7.0; +http://ahrefs.com/robot/)" "www.ysfine.com"
51.222.253.19 - - [20/Feb/2023:21:00:10 -0800] "GET /wigner/wigein270.jpg HTTP/1.1" 200 21005 "-" "Mozilla/5.0 (compatible; AhrefsBot/7.0; +http://ahrefs.com/robot/)" "www.ysfine.com"
51.222.253.18 - - [20/Feb/2023:21:00:11 -0800] "GET /einstein/places/einmu12b.jpg HTTP/1.1" 200 32736 "-" "Mozilla/5.0 (compatible; AhrefsBot/7.0; +http://ahrefs.com/robot/)" "www.ysfine.com"
51.222.253.3 - - [20/Feb/2023:21:00:11 -0800] "GET /einstein/places/einha39b.jpg HTTP/1.1" 200 50120 "-" "Mozilla/5.0 (compatible; AhrefsBot/7.0; +http://ahrefs.com/robot/)" "www.ysfine.com"
51.222.253.9 - - [20/Feb/2023:21:00:11 -0800] "GET /einstein/places/einha36b.jpg HTTP/1.1" 200 45524 "-" "Mozilla/5.0 (compatible; AhrefsBot/7.0; +http://ahrefs.com/robot/)" "www.ysfine.com"
51.222.253.18 - - [20/Feb/2023:21:00:12 -0800] "GET /einstein/places/einmu41b.jpg HTTP/1.1" 200 52501 "-" "Mozilla/5.0 (compatible; AhrefsBot/7.0; +http://ahrefs.com/robot/)" "www.ysfine.com"
64.124.8.52 - - [20/Feb/2023:21:00:15 -0800] "GET /world/china/guang84.jpg HTTP/1.1" 200 168533 "-" "Mozilla/5.0 (Macintosh; Intel Mac OS X 10_15_7) AppleWebKit/537.36 (KHTML, like Gecko) Chrome/107.0.0.0 Safari/537.36" "ysfine.com"
52.167.144.35 - - [20/Feb/2023:21:01:16 -0800] "GET /world/baltic/tallin04.jpg HTTP/1.1" 200 215715 "-" "Mozilla/5.0 AppleWebKit/537.36 (KHTML, like Gecko; compatible; bingbot/2.0; +http://www.bing.com/bingbot.htm) Chrome/103.0.5060.134 Safari/537.36" "ysfine.com"
40.77.167.211 - - [20/Feb/2023:21:01:21 -0800] "GET /bio/wigner/e(2).html HTTP/1.1" 404 88 "-" "Mozilla/5.0 AppleWebKit/537.36 (KHTML, like Gecko; compatible; bingbot/2.0; +http://www.bing.com/bingbot.htm) Chrome/103.0.5060.134 Safari/537.36" "ysfine.com"
64.124.8.29 - - [20/Feb/2023:21:01:26 -0800] "GET /ysbio/world/poland/waw11.jpg HTTP/1.1" 404 88 "-" "Mozilla/5.0 (Macintosh; Intel Mac OS X 10_15_7) AppleWebKit/537.36 (KHTML, like Gecko) Chrome/107.0.0.0 Safari/537.36" "www.ysfine.com"
17.241.219.153 - - [20/Feb/2023:21:01:47 -0800] "GET /maga/hosc.html HTTP/1.1" 200 1463 "-" "Mozilla/5.0 (Macintosh; Intel Mac OS X 10_15_5) AppleWebKit/605.1.15 (KHTML, like Gecko) Version/13.1.1 Safari/605.1.15 (Applebot/0.1; +http://www.apple.com/go/applebot)" "ysfine.com"
64.124.8.57 - - [20/Feb/2023:21:01:49 -0800] "GET /people/wheekim.jpg HTTP/1.1" 200 118068 "-" "Mozilla/5.0 (Macintosh; Intel Mac OS X 10_15_7) AppleWebKit/537.36 (KHTML, like Gecko) Chrome/107.0.0.0 Safari/537.36" "ysfine.com"
207.46.13.207 - - [20/Feb/2023:21:01:59 -0800] "GET /style/nga11.jpg HTTP/1.1" 200 157953 "-" "Mozilla/5.0 AppleWebKit/537.36 (KHTML, like Gecko; compatible; bingbot/2.0; +http://www.bing.com/bingbot.htm) Chrome/103.0.5060.134 Safari/537.36" "www.ysfine.com"
207.46.13.218 - - [20/Feb/2023:21:02:26 -0800] "GET /beau/serbian11.jpg HTTP/1.1" 404 88 "-" "Mozilla/5.0 AppleWebKit/537.36 (KHTML, like Gecko; compatible; bingbot/2.0; +http://www.bing.com/bingbot.htm) Chrome/103.0.5060.134 Safari/537.36" "ysfine.com"
216.244.66.229 - - [20/Feb/2023:21:02:31 -0800] "GET /robots.txt HTTP/1.1" 404 73 "-" "Mozilla/5.0 (compatible; DotBot/1.2; +https://opensiteexplorer.org/dotbot; help@moz.com)" "www.ysfine.com"
216.244.66.229 - - [20/Feb/2023:21:02:31 -0800] "GET /robots.txt HTTP/1.1" 404 73 "-" "Mozilla/5.0 (compatible; DotBot/1.2; +https://opensiteexplorer.org/dotbot; help@moz.com)" "ysfine.com"
64.124.8.56 - - [20/Feb/2023:21:02:34 -0800] "GET /world/ital/venice11.jpg HTTP/1.1" 200 256026 "-" "Mozilla/5.0 (Macintosh; Intel Mac OS X 10_15_7) AppleWebKit/537.36 (KHTML, like Gecko) Chrome/107.0.0.0 Safari/537.36" "ysfine.com"
91.133.235.4 - - [20/Feb/2023:21:02:54 -0800] "GET / HTTP/1.1" 200 5295 "-" "Mozilla/5.0 (iPhone; U; CPU iPhone OS 4_2_1 like Mac OS X; ru-ru) AppleWebKit/533.17.9 (KHTML, like Gecko) Version/5.0.2 Mobile/8C148 Safari/6533.18.5" "ysfine.com"
91.133.161.219 - - [20/Feb/2023:21:02:54 -0800] "GET /robots.txt HTTP/1.1" 404 88 "-" "Mozilla/5.0 (iPhone; U; CPU OS 3_2 like Mac OS X; en-us) AppleWebKit/531.21.10 (KHTML, like Gecko) Version/4.0.4 Mobile/7B334b Safari/531.21.10" "ysfine.com"
71.178.208.102 - - [20/Feb/2023:21:02:58 -0800] "GET /auto/bio08.html HTTP/1.1" 200 6593 "https://ysfine.com/ys11/" "Mozilla/5.0 (Windows NT 10.0; Win64; x64) AppleWebKit/537.36 (KHTML, like Gecko) Chrome/110.0.0.0 Safari/537.36 Edg/110.0.1587.50" "ysfine.com"
71.178.208.102 - - [20/Feb/2023:21:02:58 -0800] "GET /auto/wigner22d.jpg HTTP/1.1" 200 60154 "https://ysfine.com/auto/bio08.html" "Mozilla/5.0 (Windows NT 10.0; Win64; x64) AppleWebKit/537.36 (KHTML, like Gecko) Chrome/110.0.0.0 Safari/537.36 Edg/110.0.1587.50" "ysfine.com"
135.181.140.163 - - [20/Feb/2023:21:03:14 -0800] "GET /robots.txt HTTP/1.1" 404 73 "-" "Mozilla/5.0 (compatible; SeekportBot; +https://bot.seekport.com)" "www.ysfine.com"
135.181.140.163 - - [20/Feb/2023:21:03:14 -0800] "GET / HTTP/1.1" 200 15915 "http://www.ysfine.com/" "Mozilla/5.0 (compatible; SeekportBot; +https://bot.seekport.com)" "www.ysfine.com"
64.124.8.57 - - [20/Feb/2023:21:03:16 -0800] "GET /usca/pitt/gonew.jpg HTTP/1.1" 200 128226 "-" "Mozilla/5.0 (Macintosh; Intel Mac OS X 10_15_7) AppleWebKit/537.36 (KHTML, like Gecko) Chrome/107.0.0.0 Safari/537.36" "www.ysfine.com"
40.77.167.211 - - [20/Feb/2023:21:03:20 -0800] "GET /world/france/montpar09.jpg HTTP/1.1" 200 138558 "-" "Mozilla/5.0 AppleWebKit/537.36 (KHTML, like Gecko; compatible; bingbot/2.0; +http://www.bing.com/bingbot.htm) Chrome/103.0.5060.134 Safari/537.36" "www.ysfine.com"
71.178.208.102 - - [20/Feb/2023:21:03:30 -0800] "GET /auto/wigein11.jpg HTTP/1.1" 200 130837 "https://ysfine.com/auto/bio08.html" "Mozilla/5.0 (Windows NT 10.0; Win64; x64) AppleWebKit/537.36 (KHTML, like Gecko) Chrome/110.0.0.0 Safari/537.36 Edg/110.0.1587.50" "ysfine.com"
24.155.155.135 - - [20/Feb/2023:21:03:44 -0800] "GET /world/france/stras10.jpg HTTP/1.1" 200 105338 "https://www.google.com/" "Mozilla/5.0 (Windows NT 10.0; Win64; x64) AppleWebKit/537.36 (KHTML, like Gecko) Chrome/109.0.0.0 Safari/537.36" "ysfine.com"
64.124.8.57 - - [20/Feb/2023:21:03:48 -0800] "GET /world/poland/curiewa01.jpg HTTP/1.1" 200 59184 "-" "Mozilla/5.0 (Macintosh; Intel Mac OS X 10_15_7) AppleWebKit/537.36 (KHTML, like Gecko) Chrome/107.0.0.0 Safari/537.36" "www.ysfine.com"
66.249.70.4 - - [20/Feb/2023:21:03:48 -0800] "GET /world/france/stras10b.jpg HTTP/1.1" 200 48674 "-" "Googlebot-Image/1.0" "ysfine.com"
51.222.253.7 - - [20/Feb/2023:21:04:04 -0800] "GET /wigner/neumann.html HTTP/1.1" 200 1332 "-" "Mozilla/5.0 (compatible; AhrefsBot/7.0; +http://ahrefs.com/robot/)" "ysfine.com"
51.222.253.13 - - [20/Feb/2023:21:04:06 -0800] "GET /wigner/neum/vnc01b.jpg HTTP/1.1" 200 47516 "-" "Mozilla/5.0 (compatible; AhrefsBot/7.0; +http://ahrefs.com/robot/)" "ysfine.com"
64.124.8.53 - - [20/Feb/2023:21:04:16 -0800] "GET /style/alexandrov11.jpg HTTP/1.1" 200 186993 "-" "Mozilla/5.0 (Macintosh; Intel Mac OS X 10_15_7) AppleWebKit/537.36 (KHTML, like Gecko) Chrome/107.0.0.0 Safari/537.36" "ysfine.com"
64.124.8.55 - - [20/Feb/2023:21:04:32 -0800] "GET /world/ital/venice21.jpg HTTP/1.1" 200 312303 "-" "Mozilla/5.0 (Macintosh; Intel Mac OS X 10_15_7) AppleWebKit/537.36 (KHTML, like Gecko) Chrome/107.0.0.0 Safari/537.36" "ysfine.com"
207.46.13.207 - - [20/Feb/2023:21:04:58 -0800] "GET /figs/keigel66.jpg HTTP/1.1" 200 83269 "-" "Mozilla/5.0 AppleWebKit/537.36 (KHTML, like Gecko; compatible; bingbot/2.0; +http://www.bing.com/bingbot.htm) Chrome/103.0.5060.134 Safari/537.36" "ysfine.com"
207.46.13.207 - - [20/Feb/2023:21:04:59 -0800] "GET /world/germany/haber01.jpg HTTP/1.1" 200 86224 "-" "Mozilla/5.0 AppleWebKit/537.36 (KHTML, like Gecko; compatible; bingbot/2.0; +http://www.bing.com/bingbot.htm) Chrome/103.0.5060.134 Safari/537.36" "ysfine.com"
64.124.8.52 - - [20/Feb/2023:21:05:03 -0800] "GET /ysbio/home/comet10.jpg HTTP/1.1" 404 88 "-" "Mozilla/5.0 (Macintosh; Intel Mac OS X 10_15_7) AppleWebKit/537.36 (KHTML, like Gecko) Chrome/107.0.0.0 Safari/537.36" "www.ysfine.com"
64.124.8.50 - - [20/Feb/2023:21:05:16 -0800] "GET /style/kirovken22.jpg HTTP/1.1" 200 102858 "-" "Mozilla/5.0 (Macintosh; Intel Mac OS X 10_15_7) AppleWebKit/537.36 (KHTML, like Gecko) Chrome/107.0.0.0 Safari/537.36" "ysfine.com"
52.167.144.62 - - [20/Feb/2023:21:05:43 -0800] "GET /ysbio/kowar/tanks/tank05.jpg HTTP/1.1" 404 88 "-" "Mozilla/5.0 AppleWebKit/537.36 (KHTML, like Gecko; compatible; bingbot/2.0; +http://www.bing.com/bingbot.htm) Chrome/103.0.5060.134 Safari/537.36" "ysfine.com"
52.167.144.62 - - [20/Feb/2023:21:05:43 -0800] "GET /fotos/photo09c.jpg HTTP/1.1" 200 25413 "-" "Mozilla/5.0 AppleWebKit/537.36 (KHTML, like Gecko; compatible; bingbot/2.0; +http://www.bing.com/bingbot.htm) Chrome/103.0.5060.134 Safari/537.36" "www.ysfine.com"
64.124.8.53 - - [20/Feb/2023:21:06:11 -0800] "GET /world/ital/panth06.jpg HTTP/1.1" 200 82777 "-" "Mozilla/5.0 (Macintosh; Intel Mac OS X 10_15_7) AppleWebKit/537.36 (KHTML, like Gecko) Chrome/107.0.0.0 Safari/537.36" "ysfine.com"
64.124.8.53 - - [20/Feb/2023:21:06:27 -0800] "GET /einstein/eins04.jpg HTTP/1.1" 200 62717 "-" "Mozilla/5.0 (Macintosh; Intel Mac OS X 10_15_7) AppleWebKit/537.36 (KHTML, like Gecko) Chrome/107.0.0.0 Safari/537.36" "www.ysfine.com"
24.17.75.172 - - [20/Feb/2023:21:06:30 -0800] "GET /world/russ/minsk016.jpg HTTP/1.1" 200 84472 "https://images.search.yahoo.com/search/images;_ylt=Awr9.JNsS_Rjs_I9NOpXNyoA;_ylu=Y29sbwNncTEEcG9zAzEEdnRpZAMEc2VjA3BpdnM-?p=minsk&fr2=piv-web&fr=yfp-t" "Mozilla/5.0 (Windows NT 10.0; Win64; x64) AppleWebKit/537.36 (KHTML, like Gecko) Chrome/110.0.0.0 Safari/537.36 Edg/110.0.1587.50" "www.ysfine.com"
207.46.13.207 - - [20/Feb/2023:21:06:50 -0800] "GET /folks/malay03.jpg HTTP/1.1" 200 127812 "-" "Mozilla/5.0 AppleWebKit/537.36 (KHTML, like Gecko; compatible; bingbot/2.0; +http://www.bing.com/bingbot.htm) Chrome/103.0.5060.134 Safari/537.36" "ysfine.com"
213.180.203.108 - - [20/Feb/2023:21:06:51 -0800] "GET /world/bstring.html HTTP/1.1" 404 88 "-" "Mozilla/5.0 (compatible; YandexBot/3.0; +http://yandex.com/bots)" "www.ysfine.com"
64.124.8.52 - - [20/Feb/2023:21:07:00 -0800] "GET /style/metny11.jpg HTTP/1.1" 200 108637 "-" "Mozilla/5.0 (Macintosh; Intel Mac OS X 10_15_7) AppleWebKit/537.36 (KHTML, like Gecko) Chrome/107.0.0.0 Safari/537.36" "ysfine.com"
64.124.8.55 - - [20/Feb/2023:21:07:08 -0800] "GET /wdc/usna25.jpg HTTP/1.1" 200 115261 "-" "Mozilla/5.0 (Macintosh; Intel Mac OS X 10_15_7) AppleWebKit/537.36 (KHTML, like Gecko) Chrome/107.0.0.0 Safari/537.36" "ysfine.com"
52.167.144.35 - - [20/Feb/2023:21:07:17 -0800] "GET /newyork/wtc11.jpg HTTP/1.1" 200 104125 "-" "Mozilla/5.0 AppleWebKit/537.36 (KHTML, like Gecko; compatible; bingbot/2.0; +http://www.bing.com/bingbot.htm) Chrome/103.0.5060.134 Safari/537.36" "www.ysfine.com"
216.244.66.229 - - [20/Feb/2023:21:07:28 -0800] "GET /home/wdc/wasdc.html HTTP/1.1" 404 73 "-" "Mozilla/5.0 (compatible; DotBot/1.2; +https://opensiteexplorer.org/dotbot; help@moz.com)" "ysfine.com"
51.222.253.11 - - [20/Feb/2023:21:07:51 -0800] "GET /world/budapest.html HTTP/1.1" 200 8325 "-" "Mozilla/5.0 (compatible; AhrefsBot/7.0; +http://ahrefs.com/robot/)" "www.ysfine.com"
172.118.243.23 - - [20/Feb/2023:21:08:13 -0800] "GET /wigner/wigheis33.jpg HTTP/1.1" 200 120687 "https://www.google.com/" "Mozilla/5.0 (Macintosh; Intel Mac OS X 10_15_7) AppleWebKit/605.1.15 (KHTML, like Gecko) Version/15.3 Safari/605.1.15" "ysfine.com"
64.124.8.53 - - [20/Feb/2023:21:08:32 -0800] "GET /world/baltic/lithu06.jpg HTTP/1.1" 200 178273 "-" "Mozilla/5.0 (Macintosh; Intel Mac OS X 10_15_7) AppleWebKit/537.36 (KHTML, like Gecko) Chrome/107.0.0.0 Safari/537.36" "www.ysfine.com"
64.124.8.29 - - [20/Feb/2023:21:08:56 -0800] "GET /manko/frances94.jpg HTTP/1.1" 200 80014 "-" "Mozilla/5.0 (Macintosh; Intel Mac OS X 10_15_7) AppleWebKit/537.36 (KHTML, like Gecko) Chrome/107.0.0.0 Safari/537.36" "ysfine.com"
71.178.208.102 - - [20/Feb/2023:21:09:41 -0800] "GET /ys11/ HTTP/1.1" 304 - "-" "Mozilla/5.0 (Windows NT 10.0; Win64; x64) AppleWebKit/537.36 (KHTML, like Gecko) Chrome/109.0.0.0 Safari/537.36 Edg/109.0.1518.78" "ysfine.com"
64.124.8.49 - - [20/Feb/2023:21:09:59 -0800] "GET /world/germany/vienna09.jpg HTTP/1.1" 200 94484 "-" "Mozilla/5.0 (Macintosh; Intel Mac OS X 10_15_7) AppleWebKit/537.36 (KHTML, like Gecko) Chrome/107.0.0.0 Safari/537.36" "ysfine.com"
40.77.167.211 - - [20/Feb/2023:21:09:59 -0800] "GET /auto/bio21.html HTTP/1.1" 200 6206 "-" "Mozilla/5.0 AppleWebKit/537.36 (KHTML, like Gecko; compatible; bingbot/2.0; +http://www.bing.com/bingbot.htm) Chrome/103.0.5060.134 Safari/537.36" "www.ysfine.com"
64.124.8.49 - - [20/Feb/2023:21:10:12 -0800] "GET /world/russ/kiev017.jpg HTTP/1.1" 200 49527 "-" "Mozilla/5.0 (Macintosh; Intel Mac OS X 10_15_7) AppleWebKit/537.36 (KHTML, like Gecko) Chrome/107.0.0.0 Safari/537.36" "www.ysfine.com"
71.178.208.102 - - [20/Feb/2023:21:10:16 -0800] "GET /style/songs.html HTTP/1.1" 304 - "https://ysfine.com/ys11/" "Mozilla/5.0 (Windows NT 10.0; Win64; x64) AppleWebKit/537.36 (KHTML, like Gecko) Chrome/109.0.0.0 Safari/537.36 Edg/109.0.1518.78" "ysfine.com"
71.178.208.102 - - [20/Feb/2023:21:10:17 -0800] "GET /style/jpchildren2.jpg HTTP/1.1" 304 - "https://ysfine.com/style/songs.html" "Mozilla/5.0 (Windows NT 10.0; Win64; x64) AppleWebKit/537.36 (KHTML, like Gecko) Chrome/109.0.0.0 Safari/537.36 Edg/109.0.1518.78" "ysfine.com"
71.178.208.102 - - [20/Feb/2023:21:10:17 -0800] "GET /style/cotton11b.jpg HTTP/1.1" 304 - "https://ysfine.com/style/songs.html" "Mozilla/5.0 (Windows NT 10.0; Win64; x64) AppleWebKit/537.36 (KHTML, like Gecko) Chrome/109.0.0.0 Safari/537.36 Edg/109.0.1518.78" "ysfine.com"
71.178.208.102 - - [20/Feb/2023:21:10:17 -0800] "GET /style/hifi01b.jpg HTTP/1.1" 304 - "https://ysfine.com/style/songs.html" "Mozilla/5.0 (Windows NT 10.0; Win64; x64) AppleWebKit/537.36 (KHTML, like Gecko) Chrome/109.0.0.0 Safari/537.36 Edg/109.0.1518.78" "ysfine.com"
71.178.208.102 - - [20/Feb/2023:21:10:17 -0800] "GET /kobak/korjap03b.jpg HTTP/1.1" 304 - "https://ysfine.com/style/songs.html" "Mozilla/5.0 (Windows NT 10.0; Win64; x64) AppleWebKit/537.36 (KHTML, like Gecko) Chrome/109.0.0.0 Safari/537.36 Edg/109.0.1518.78" "ysfine.com"
71.178.208.102 - - [20/Feb/2023:21:10:17 -0800] "GET /style/nijubasi22b.jpg HTTP/1.1" 304 - "https://ysfine.com/style/songs.html" "Mozilla/5.0 (Windows NT 10.0; Win64; x64) AppleWebKit/537.36 (KHTML, like Gecko) Chrome/109.0.0.0 Safari/537.36 Edg/109.0.1518.78" "ysfine.com"
71.178.208.102 - - [20/Feb/2023:21:10:17 -0800] "GET /style/zero01b.jpg HTTP/1.1" 304 - "https://ysfine.com/style/songs.html" "Mozilla/5.0 (Windows NT 10.0; Win64; x64) AppleWebKit/537.36 (KHTML, like Gecko) Chrome/109.0.0.0 Safari/537.36 Edg/109.0.1518.78" "ysfine.com"
71.178.208.102 - - [20/Feb/2023:21:10:17 -0800] "GET /kobak/arisaka99b.jpg HTTP/1.1" 304 - "https://ysfine.com/style/songs.html" "Mozilla/5.0 (Windows NT 10.0; Win64; x64) AppleWebKit/537.36 (KHTML, like Gecko) Chrome/109.0.0.0 Safari/537.36 Edg/109.0.1518.78" "ysfine.com"
71.178.208.102 - - [20/Feb/2023:21:10:17 -0800] "GET /style/shcampus11b.jpg HTTP/1.1" 304 - "https://ysfine.com/style/songs.html" "Mozilla/5.0 (Windows NT 10.0; Win64; x64) AppleWebKit/537.36 (KHTML, like Gecko) Chrome/109.0.0.0 Safari/537.36 Edg/109.0.1518.78" "ysfine.com"
71.178.208.102 - - [20/Feb/2023:21:10:17 -0800] "GET /beau/aline/ana11b.jpg HTTP/1.1" 404 88 "https://ysfine.com/style/songs.html" "Mozilla/5.0 (Windows NT 10.0; Win64; x64) AppleWebKit/537.36 (KHTML, like Gecko) Chrome/109.0.0.0 Safari/537.36 Edg/109.0.1518.78" "ysfine.com"
71.178.208.102 - - [20/Feb/2023:21:10:17 -0800] "GET /style/sousa2.jpg HTTP/1.1" 304 - "https://ysfine.com/style/songs.html" "Mozilla/5.0 (Windows NT 10.0; Win64; x64) AppleWebKit/537.36 (KHTML, like Gecko) Chrome/109.0.0.0 Safari/537.36 Edg/109.0.1518.78" "ysfine.com"
71.178.208.102 - - [20/Feb/2023:21:10:17 -0800] "GET /style/hibari11b.jpg HTTP/1.1" 304 - "https://ysfine.com/style/songs.html" "Mozilla/5.0 (Windows NT 10.0; Win64; x64) AppleWebKit/537.36 (KHTML, like Gecko) Chrome/109.0.0.0 Safari/537.36 Edg/109.0.1518.78" "ysfine.com"
71.178.208.102 - - [20/Feb/2023:21:10:17 -0800] "GET /style/yasukuni22b.jpg HTTP/1.1" 304 - "https://ysfine.com/style/songs.html" "Mozilla/5.0 (Windows NT 10.0; Win64; x64) AppleWebKit/537.36 (KHTML, like Gecko) Chrome/109.0.0.0 Safari/537.36 Edg/109.0.1518.78" "ysfine.com"
71.178.208.102 - - [20/Feb/2023:21:10:17 -0800] "GET /style/fujiyama2.jpg HTTP/1.1" 304 - "https://ysfine.com/style/songs.html" "Mozilla/5.0 (Windows NT 10.0; Win64; x64) AppleWebKit/537.36 (KHTML, like Gecko) Chrome/109.0.0.0 Safari/537.36 Edg/109.0.1518.78" "ysfine.com"
71.178.208.102 - - [20/Feb/2023:21:10:17 -0800] "GET /kobak/jutlandia2.jpg HTTP/1.1" 304 - "https://ysfine.com/style/songs.html" "Mozilla/5.0 (Windows NT 10.0; Win64; x64) AppleWebKit/537.36 (KHTML, like Gecko) Chrome/109.0.0.0 Safari/537.36 Edg/109.0.1518.78" "ysfine.com"
71.178.208.102 - - [20/Feb/2023:21:10:17 -0800] "GET /style/akiko2.jpg HTTP/1.1" 304 - "https://ysfine.com/style/songs.html" "Mozilla/5.0 (Windows NT 10.0; Win64; x64) AppleWebKit/537.36 (KHTML, like Gecko) Chrome/109.0.0.0 Safari/537.36 Edg/109.0.1518.78" "ysfine.com"
71.178.208.102 - - [20/Feb/2023:21:10:17 -0800] "GET /style/yamato2.jpg HTTP/1.1" 304 - "https://ysfine.com/style/songs.html" "Mozilla/5.0 (Windows NT 10.0; Win64; x64) AppleWebKit/537.36 (KHTML, like Gecko) Chrome/109.0.0.0 Safari/537.36 Edg/109.0.1518.78" "ysfine.com"
71.178.208.102 - - [20/Feb/2023:21:10:17 -0800] "GET /style/mieko11b.jpg HTTP/1.1" 304 - "https://ysfine.com/style/songs.html" "Mozilla/5.0 (Windows NT 10.0; Win64; x64) AppleWebKit/537.36 (KHTML, like Gecko) Chrome/109.0.0.0 Safari/537.36 Edg/109.0.1518.78" "ysfine.com"
71.178.208.102 - - [20/Feb/2023:21:10:17 -0800] "GET /style/xiangran55b.jpg HTTP/1.1" 304 - "https://ysfine.com/style/songs.html" "Mozilla/5.0 (Windows NT 10.0; Win64; x64) AppleWebKit/537.36 (KHTML, like Gecko) Chrome/109.0.0.0 Safari/537.36 Edg/109.0.1518.78" "ysfine.com"
71.178.208.102 - - [20/Feb/2023:21:10:17 -0800] "GET /style/chulmo2.jpg HTTP/1.1" 304 - "https://ysfine.com/style/songs.html" "Mozilla/5.0 (Windows NT 10.0; Win64; x64) AppleWebKit/537.36 (KHTML, like Gecko) Chrome/109.0.0.0 Safari/537.36 Edg/109.0.1518.78" "ysfine.com"
71.178.208.102 - - [20/Feb/2023:21:10:17 -0800] "GET /style/durbin2.jpg HTTP/1.1" 304 - "https://ysfine.com/style/songs.html" "Mozilla/5.0 (Windows NT 10.0; Win64; x64) AppleWebKit/537.36 (KHTML, like Gecko) Chrome/109.0.0.0 Safari/537.36 Edg/109.0.1518.78" "ysfine.com"
71.178.208.102 - - [20/Feb/2023:21:10:17 -0800] "GET /style/xiangran66b.jpg HTTP/1.1" 304 - "https://ysfine.com/style/songs.html" "Mozilla/5.0 (Windows NT 10.0; Win64; x64) AppleWebKit/537.36 (KHTML, like Gecko) Chrome/109.0.0.0 Safari/537.36 Edg/109.0.1518.78" "ysfine.com"
71.178.208.102 - - [20/Feb/2023:21:10:17 -0800] "GET /style/yasukuni11b.jpg HTTP/1.1" 304 - "https://ysfine.com/style/songs.html" "Mozilla/5.0 (Windows NT 10.0; Win64; x64) AppleWebKit/537.36 (KHTML, like Gecko) Chrome/109.0.0.0 Safari/537.36 Edg/109.0.1518.78" "ysfine.com"
71.178.208.102 - - [20/Feb/2023:21:10:17 -0800] "GET /style/akiko55.jpg HTTP/1.1" 304 - "https://ysfine.com/style/songs.html" "Mozilla/5.0 (Windows NT 10.0; Win64; x64) AppleWebKit/537.36 (KHTML, like Gecko) Chrome/109.0.0.0 Safari/537.36 Edg/109.0.1518.78" "ysfine.com"
71.178.208.102 - - [20/Feb/2023:21:10:17 -0800] "GET /style/brahms2.jpg HTTP/1.1" 304 - "https://ysfine.com/style/songs.html" "Mozilla/5.0 (Windows NT 10.0; Win64; x64) AppleWebKit/537.36 (KHTML, like Gecko) Chrome/109.0.0.0 Safari/537.36 Edg/109.0.1518.78" "ysfine.com"
71.178.208.102 - - [20/Feb/2023:21:10:17 -0800] "GET /kobak/swr51b.jpg HTTP/1.1" 304 - "https://ysfine.com/style/songs.html" "Mozilla/5.0 (Windows NT 10.0; Win64; x64) AppleWebKit/537.36 (KHTML, like Gecko) Chrome/109.0.0.0 Safari/537.36 Edg/109.0.1518.78" "ysfine.com"
71.178.208.102 - - [20/Feb/2023:21:10:17 -0800] "GET /kobak/kimkoo01b.jpg HTTP/1.1" 304 - "https://ysfine.com/style/songs.html" "Mozilla/5.0 (Windows NT 10.0; Win64; x64) AppleWebKit/537.36 (KHTML, like Gecko) Chrome/109.0.0.0 Safari/537.36 Edg/109.0.1518.78" "ysfine.com"
71.178.208.102 - - [20/Feb/2023:21:10:17 -0800] "GET /style/hibari22b.jpg HTTP/1.1" 304 - "https://ysfine.com/style/songs.html" "Mozilla/5.0 (Windows NT 10.0; Win64; x64) AppleWebKit/537.36 (KHTML, like Gecko) Chrome/109.0.0.0 Safari/537.36 Edg/109.0.1518.78" "ysfine.com"
71.178.208.102 - - [20/Feb/2023:21:10:17 -0800] "GET /kobak/105mm2.jpg HTTP/1.1" 304 - "https://ysfine.com/style/songs.html" "Mozilla/5.0 (Windows NT 10.0; Win64; x64) AppleWebKit/537.36 (KHTML, like Gecko) Chrome/109.0.0.0 Safari/537.36 Edg/109.0.1518.78" "ysfine.com"
71.178.208.102 - - [20/Feb/2023:21:10:17 -0800] "GET /style/hamako11b.jpg HTTP/1.1" 304 - "https://ysfine.com/style/songs.html" "Mozilla/5.0 (Windows NT 10.0; Win64; x64) AppleWebKit/537.36 (KHTML, like Gecko) Chrome/109.0.0.0 Safari/537.36 Edg/109.0.1518.78" "ysfine.com"
71.178.208.102 - - [20/Feb/2023:21:10:17 -0800] "GET /world/germany/berlin005b.jpg HTTP/1.1" 304 - "https://ysfine.com/style/songs.html" "Mozilla/5.0 (Windows NT 10.0; Win64; x64) AppleWebKit/537.36 (KHTML, like Gecko) Chrome/109.0.0.0 Safari/537.36 Edg/109.0.1518.78" "ysfine.com"
