51.222.253.8 - - [21/Feb/2023:11:20:39 -0800] "GET /maga/phys/bohr05b.jpg HTTP/1.1" 200 33923 "-" "Mozilla/5.0 (compatible; AhrefsBot/7.0; +http://ahrefs.com/robot/)" "www.ysfine.com"
51.222.253.10 - - [21/Feb/2023:11:20:40 -0800] "GET /world/scandi/nbi06b.jpg HTTP/1.1" 200 45656 "-" "Mozilla/5.0 (compatible; AhrefsBot/7.0; +http://ahrefs.com/robot/)" "www.ysfine.com"
51.222.253.15 - - [21/Feb/2023:11:20:40 -0800] "GET /dirac/sq73b.jpg HTTP/1.1" 200 49918 "-" "Mozilla/5.0 (compatible; AhrefsBot/7.0; +http://ahrefs.com/robot/)" "www.ysfine.com"
51.222.253.19 - - [21/Feb/2023:11:20:41 -0800] "GET /dirac/diracqm33b.jpg HTTP/1.1" 200 44237 "-" "Mozilla/5.0 (compatible; AhrefsBot/7.0; +http://ahrefs.com/robot/)" "www.ysfine.com"
51.222.253.1 - - [21/Feb/2023:11:20:42 -0800] "GET /ffriends/danstu22b.jpg HTTP/1.1" 200 51863 "-" "Mozilla/5.0 (compatible; AhrefsBot/7.0; +http://ahrefs.com/robot/)" "www.ysfine.com"
51.222.253.6 - - [21/Feb/2023:11:20:42 -0800] "GET /dirac/sq66b.jpg HTTP/1.1" 200 22242 "-" "Mozilla/5.0 (compatible; AhrefsBot/7.0; +http://ahrefs.com/robot/)" "www.ysfine.com"
40.77.167.211 - - [21/Feb/2023:11:21:39 -0800] "GET /world/scandi/copen014b.jpg HTTP/1.1" 200 39784 "-" "Mozilla/5.0 AppleWebKit/537.36 (KHTML, like Gecko; compatible; bingbot/2.0; +http://www.bing.com/bingbot.htm) Chrome/103.0.5060.134 Safari/537.36" "ysfine.com"
64.124.8.29 - - [21/Feb/2023:11:21:58 -0800] "GET /ysbio/princeton/orren11.jpg HTTP/1.1" 404 88 "-" "Mozilla/5.0 (Macintosh; Intel Mac OS X 10_15_7) AppleWebKit/537.36 (KHTML, like Gecko) Chrome/107.0.0.0 Safari/537.36" "ysfine.com"
207.46.13.207 - - [21/Feb/2023:11:23:40 -0800] "GET /world/baltic/lithu13.jpg HTTP/1.1" 200 78910 "-" "Mozilla/5.0 AppleWebKit/537.36 (KHTML, like Gecko; compatible; bingbot/2.0; +http://www.bing.com/bingbot.htm) Chrome/103.0.5060.134 Safari/537.36" "ysfine.com"
20.188.28.58 - - [21/Feb/2023:11:23:53 -0800] "GET /e/data/js/ajax.js HTTP/1.1" 404 88 "-" "Mozilla/5.0 (Windows NT 10.0; WOW64; rv:48.0) Gecko/20100101 Firefox/48.0" "www.ysfine.com"
64.124.8.57 - - [21/Feb/2023:11:23:55 -0800] "GET /world/france/champ10.jpg HTTP/1.1" 200 165045 "-" "Mozilla/5.0 (Macintosh; Intel Mac OS X 10_15_7) AppleWebKit/537.36 (KHTML, like Gecko) Chrome/107.0.0.0 Safari/537.36" "www.ysfine.com"
91.133.184.75 - - [21/Feb/2023:11:24:34 -0800] "GET / HTTP/1.1" 200 5295 "-" "Mozilla/5.0 (iPhone; U; fr; CPU iPhone OS 4_2_1 like Mac OS X; fr) AppleWebKit/533.17.9 (KHTML, like Gecko) Version/5.0.2 Mobile/8C148a Safari/6533.18.5" "ysfine.com"
91.133.179.31 - - [21/Feb/2023:11:24:34 -0800] "GET /robots.txt HTTP/1.1" 404 88 "-" "Mozilla/5.0 (iPhone; U; CPU iPhone OS 4_2_1 like Mac OS X; nb-no) AppleWebKit/533.17.9 (KHTML, like Gecko) Version/5.0.2 Mobile/8C148a Safari/6533.18.5" "ysfine.com"
95.163.255.66 - - [21/Feb/2023:11:25:10 -0800] "GET /robots.txt HTTP/1.1" 404 73 "-" "Mozilla/5.0 (compatible; Linux x86_64; Mail.RU_Bot/2.0; +https://help.mail.ru/webmaster/indexing/robots)" "www.ysfine.com"
95.163.255.63 - - [21/Feb/2023:11:25:26 -0800] "GET /robots.txt HTTP/1.1" 404 73 "-" "Mozilla/5.0 (compatible; Linux x86_64; Mail.RU_Bot/2.0; +https://help.mail.ru/webmaster/indexing/robots)" "ysfine.com"
64.124.8.49 - - [21/Feb/2023:11:25:38 -0800] "GET /ysbio/kowar/tanks/gmc03.jpg HTTP/1.1" 404 88 "-" "Mozilla/5.0 (Macintosh; Intel Mac OS X 10_15_7) AppleWebKit/537.36 (KHTML, like Gecko) Chrome/107.0.0.0 Safari/537.36" "ysfine.com"
52.167.144.35 - - [21/Feb/2023:11:26:38 -0800] "GET /maga/phys/yukaein.jpg HTTP/1.1" 200 172109 "-" "Mozilla/5.0 AppleWebKit/537.36 (KHTML, like Gecko; compatible; bingbot/2.0; +http://www.bing.com/bingbot.htm) Chrome/103.0.5060.134 Safari/537.36" "www.ysfine.com"
107.77.225.233 - - [21/Feb/2023:11:27:05 -0800] "GET /usca/pitt/cmall04.jpg HTTP/1.1" 200 70991 "https://www.google.com/" "Mozilla/5.0 (iPhone; CPU iPhone OS 15_6_1 like Mac OS X) AppleWebKit/605.1.15 (KHTML, like Gecko) Version/15.6.1 Mobile/15E148 Safari/604.1" "ysfine.com"
52.167.144.54 - - [21/Feb/2023:11:27:42 -0800] "GET /robots.txt HTTP/1.1" 404 88 "-" "Mozilla/5.0 AppleWebKit/537.36 (KHTML, like Gecko; compatible; bingbot/2.0; +http://www.bing.com/bingbot.htm) Chrome/103.0.5060.134 Safari/537.36" "www.ysfine.com"
52.167.144.62 - - [21/Feb/2023:11:27:44 -0800] "GET /world/china/shenyang13.jpg HTTP/1.1" 200 100178 "-" "Mozilla/5.0 AppleWebKit/537.36 (KHTML, like Gecko; compatible; bingbot/2.0; +http://www.bing.com/bingbot.htm) Chrome/103.0.5060.134 Safari/537.36" "www.ysfine.com"
68.23.149.240 - - [21/Feb/2023:11:27:49 -0800] "GET /wigner/neum/pvn02.jpg HTTP/1.1" 200 76348 "https://images.search.yahoo.com/yhs/search?p=john+von+neumann&type=sbc_dial&fr2=piv-web&hspart=att&hsimp=yhs-att_001" "Mozilla/5.0 (Windows NT 10.0; Win64; x64) AppleWebKit/537.36 (KHTML, like Gecko) Chrome/110.0.0.0 Safari/537.36" "ysfine.com"
68.23.149.240 - - [21/Feb/2023:11:28:01 -0800] "GET /wigner/neum/pvn05.jpg HTTP/1.1" 200 219501 "https://images.search.yahoo.com/yhs/search?p=john+von+neumann&type=sbc_dial&fr2=piv-web&hspart=att&hsimp=yhs-att_001" "Mozilla/5.0 (Windows NT 10.0; Win64; x64) AppleWebKit/537.36 (KHTML, like Gecko) Chrome/110.0.0.0 Safari/537.36" "ysfine.com"
68.23.149.240 - - [21/Feb/2023:11:28:14 -0800] "GET /wigner/neum/ymath.jpg HTTP/1.1" 200 64930 "https://images.search.yahoo.com/yhs/search?p=john+von+neumann&type=sbc_dial&fr2=piv-web&hspart=att&hsimp=yhs-att_001" "Mozilla/5.0 (Windows NT 10.0; Win64; x64) AppleWebKit/537.36 (KHTML, like Gecko) Chrome/110.0.0.0 Safari/537.36" "ysfine.com"
68.23.149.240 - - [21/Feb/2023:11:28:18 -0800] "GET /wigner/neum/vnc01.jpg HTTP/1.1" 200 133641 "https://images.search.yahoo.com/yhs/search?p=john+von+neumann&type=sbc_dial&fr2=piv-web&hspart=att&hsimp=yhs-att_001" "Mozilla/5.0 (Windows NT 10.0; Win64; x64) AppleWebKit/537.36 (KHTML, like Gecko) Chrome/110.0.0.0 Safari/537.36" "ysfine.com"
91.133.163.208 - - [21/Feb/2023:11:28:21 -0800] "GET / HTTP/1.1" 200 5295 "-" "Mozilla/5.0 (iPhone Simulator; U; CPU iPhone OS 3_2 like Mac OS X; en-us) AppleWebKit/531.21.10 (KHTML, like Gecko) Version/4.0.4 Mobile/7D11 Safari/531.21.10" "ysfine.com"
91.133.200.191 - - [21/Feb/2023:11:28:21 -0800] "GET /robots.txt HTTP/1.1" 404 88 "-" "Mozilla/5.0 (iPhone Simulator; U; CPU iPhone OS 3_2 like Mac OS X; en-us) AppleWebKit/531.21.10 (KHTML, like Gecko) Version/4.0.4 Mobile/7D11 Safari/531.21.10" "ysfine.com"
207.46.13.220 - - [21/Feb/2023:11:28:27 -0800] "GET /maga/histo/nobel02.jpg HTTP/1.1" 200 120828 "-" "Mozilla/5.0 AppleWebKit/537.36 (KHTML, like Gecko; compatible; bingbot/2.0; +http://www.bing.com/bingbot.htm) Chrome/103.0.5060.134 Safari/537.36" "ysfine.com"
64.124.8.49 - - [21/Feb/2023:11:28:28 -0800] "GET /wdc/sherman11.jpg HTTP/1.1" 200 48032 "-" "Mozilla/5.0 (Macintosh; Intel Mac OS X 10_15_7) AppleWebKit/537.36 (KHTML, like Gecko) Chrome/107.0.0.0 Safari/537.36" "www.ysfine.com"
52.167.144.62 - - [21/Feb/2023:11:28:45 -0800] "GET /sbk/1969conn22.jpg HTTP/1.1" 200 77622 "-" "Mozilla/5.0 AppleWebKit/537.36 (KHTML, like Gecko; compatible; bingbot/2.0; +http://www.bing.com/bingbot.htm) Chrome/103.0.5060.134 Safari/537.36" "www.ysfine.com"
52.167.144.35 - - [21/Feb/2023:11:28:49 -0800] "GET /dirac/dirbust11b.jpg HTTP/1.1" 200 41699 "-" "Mozilla/5.0 AppleWebKit/537.36 (KHTML, like Gecko; compatible; bingbot/2.0; +http://www.bing.com/bingbot.htm) Chrome/103.0.5060.134 Safari/537.36" "www.ysfine.com"
51.222.253.20 - - [21/Feb/2023:11:28:57 -0800] "GET /world/france/champ96.html HTTP/1.1" 200 336 "-" "Mozilla/5.0 (compatible; AhrefsBot/7.0; +http://ahrefs.com/robot/)" "www.ysfine.com"
51.222.253.14 - - [21/Feb/2023:11:28:59 -0800] "GET /world/france/champ9603.jpg HTTP/1.1" 200 107203 "-" "Mozilla/5.0 (compatible; AhrefsBot/7.0; +http://ahrefs.com/robot/)" "www.ysfine.com"
51.222.253.13 - - [21/Feb/2023:11:29:00 -0800] "GET /world/france/champ9605.jpg HTTP/1.1" 200 104970 "-" "Mozilla/5.0 (compatible; AhrefsBot/7.0; +http://ahrefs.com/robot/)" "www.ysfine.com"
51.222.253.15 - - [21/Feb/2023:11:29:00 -0800] "GET /world/france/champ9602.jpg HTTP/1.1" 200 112484 "-" "Mozilla/5.0 (compatible; AhrefsBot/7.0; +http://ahrefs.com/robot/)" "www.ysfine.com"
51.222.253.17 - - [21/Feb/2023:11:29:01 -0800] "GET /world/france/champ9606.jpg HTTP/1.1" 200 43990 "-" "Mozilla/5.0 (compatible; AhrefsBot/7.0; +http://ahrefs.com/robot/)" "www.ysfine.com"
51.222.253.15 - - [21/Feb/2023:11:29:01 -0800] "GET /world/france/champ9611.jpg HTTP/1.1" 200 83996 "-" "Mozilla/5.0 (compatible; AhrefsBot/7.0; +http://ahrefs.com/robot/)" "www.ysfine.com"
51.222.253.13 - - [21/Feb/2023:11:29:02 -0800] "GET /world/france/champ9609.jpg HTTP/1.1" 200 110755 "-" "Mozilla/5.0 (compatible; AhrefsBot/7.0; +http://ahrefs.com/robot/)" "www.ysfine.com"
51.222.253.6 - - [21/Feb/2023:11:29:02 -0800] "GET /world/france/champ9610.jpg HTTP/1.1" 200 109247 "-" "Mozilla/5.0 (compatible; AhrefsBot/7.0; +http://ahrefs.com/robot/)" "www.ysfine.com"
51.222.253.15 - - [21/Feb/2023:11:29:03 -0800] "GET /world/france/champ9601.jpg HTTP/1.1" 200 120539 "-" "Mozilla/5.0 (compatible; AhrefsBot/7.0; +http://ahrefs.com/robot/)" "www.ysfine.com"
51.222.253.10 - - [21/Feb/2023:11:29:06 -0800] "GET /world/france/champ9604.jpg HTTP/1.1" 200 102875 "-" "Mozilla/5.0 (compatible; AhrefsBot/7.0; +http://ahrefs.com/robot/)" "www.ysfine.com"
64.124.8.29 - - [21/Feb/2023:11:29:07 -0800] "GET /world/scandi/sto030.jpg HTTP/1.1" 200 108612 "-" "Mozilla/5.0 (Macintosh; Intel Mac OS X 10_15_7) AppleWebKit/537.36 (KHTML, like Gecko) Chrome/107.0.0.0 Safari/537.36" "ysfine.com"
51.222.253.11 - - [21/Feb/2023:11:29:08 -0800] "GET /world/france/champ9607.jpg HTTP/1.1" 200 122780 "-" "Mozilla/5.0 (compatible; AhrefsBot/7.0; +http://ahrefs.com/robot/)" "www.ysfine.com"
216.244.66.229 - - [21/Feb/2023:11:29:10 -0800] "GET /robots.txt HTTP/1.1" 404 73 "-" "Mozilla/5.0 (compatible; DotBot/1.2; +https://opensiteexplorer.org/dotbot; help@moz.com)" "ysfine.com"
52.167.144.35 - - [21/Feb/2023:11:29:48 -0800] "GET /world/ital/milanf02.jpg HTTP/1.1" 200 303002 "-" "Mozilla/5.0 AppleWebKit/537.36 (KHTML, like Gecko; compatible; bingbot/2.0; +http://www.bing.com/bingbot.htm) Chrome/103.0.5060.134 Safari/537.36" "ysfine.com"
64.124.8.50 - - [21/Feb/2023:11:29:56 -0800] "GET /maga/phys/huy16.jpg HTTP/1.1" 200 252497 "-" "Mozilla/5.0 (Macintosh; Intel Mac OS X 10_15_7) AppleWebKit/537.36 (KHTML, like Gecko) Chrome/107.0.0.0 Safari/537.36" "ysfine.com"
52.167.144.35 - - [21/Feb/2023:11:29:58 -0800] "GET /einstein/evol22.jpg HTTP/1.1" 200 59140 "-" "Mozilla/5.0 AppleWebKit/537.36 (KHTML, like Gecko; compatible; bingbot/2.0; +http://www.bing.com/bingbot.htm) Chrome/103.0.5060.134 Safari/537.36" "www.ysfine.com"
64.124.8.53 - - [21/Feb/2023:11:30:09 -0800] "GET /ysbio/world/brit/eton04.jpg HTTP/1.1" 404 88 "-" "Mozilla/5.0 (Macintosh; Intel Mac OS X 10_15_7) AppleWebKit/537.36 (KHTML, like Gecko) Chrome/107.0.0.0 Safari/537.36" "ysfine.com"
52.167.144.35 - - [21/Feb/2023:11:30:17 -0800] "GET /ysbio/folks/morningstar.jpg HTTP/1.1" 404 88 "-" "Mozilla/5.0 AppleWebKit/537.36 (KHTML, like Gecko; compatible; bingbot/2.0; +http://www.bing.com/bingbot.htm) Chrome/103.0.5060.134 Safari/537.36" "www.ysfine.com"
64.124.8.28 - - [21/Feb/2023:11:30:20 -0800] "GET /style/music/salzmo10.jpg HTTP/1.1" 200 120801 "-" "Mozilla/5.0 (Macintosh; Intel Mac OS X 10_15_7) AppleWebKit/537.36 (KHTML, like Gecko) Chrome/107.0.0.0 Safari/537.36" "ysfine.com"
68.23.149.240 - - [21/Feb/2023:11:30:41 -0800] "GET /wigner/neum/vnc08.jpg HTTP/1.1" 200 107974 "https://images.search.yahoo.com/yhs/search?p=john+von+neumann&type=sbc_dial&fr2=piv-web&hspart=att&hsimp=yhs-att_001" "Mozilla/5.0 (Windows NT 10.0; Win64; x64) AppleWebKit/537.36 (KHTML, like Gecko) Chrome/110.0.0.0 Safari/537.36" "ysfine.com"
68.23.149.240 - - [21/Feb/2023:11:30:43 -0800] "GET /wigner/neum/vnc02.jpg HTTP/1.1" 200 122957 "https://images.search.yahoo.com/yhs/search?p=john+von+neumann&type=sbc_dial&fr2=piv-web&hspart=att&hsimp=yhs-att_001" "Mozilla/5.0 (Windows NT 10.0; Win64; x64) AppleWebKit/537.36 (KHTML, like Gecko) Chrome/110.0.0.0 Safari/537.36" "ysfine.com"
64.124.8.49 - - [21/Feb/2023:11:30:49 -0800] "GET /princeton/monocy.jpg HTTP/1.1" 200 69463 "-" "Mozilla/5.0 (Macintosh; Intel Mac OS X 10_15_7) AppleWebKit/537.36 (KHTML, like Gecko) Chrome/107.0.0.0 Safari/537.36" "ysfine.com"
52.167.144.35 - - [21/Feb/2023:11:31:39 -0800] "GET /archives/proceedings/boston/chirkin.pdf HTTP/1.1" 200 172335 "-" "Mozilla/5.0 AppleWebKit/537.36 (KHTML, like Gecko; compatible; bingbot/2.0; +http://www.bing.com/bingbot.htm) Chrome/103.0.5060.134 Safari/537.36" "ysfine.com"
79.131.255.89 - - [21/Feb/2023:11:31:45 -0800] "GET /friends/vilnius03.jpg HTTP/1.1" 404 88 "-" "Mozilla/5.0 (Windows NT 10.0; Win64; x64; rv:109.0) Gecko/20100101 Firefox/109.0" "ysfine.com"
64.124.8.29 - - [21/Feb/2023:11:31:51 -0800] "GET /world/brit/windsor01.jpg HTTP/1.1" 200 118277 "-" "Mozilla/5.0 (Macintosh; Intel Mac OS X 10_15_7) AppleWebKit/537.36 (KHTML, like Gecko) Chrome/107.0.0.0 Safari/537.36" "www.ysfine.com"
216.244.66.229 - - [21/Feb/2023:11:32:08 -0800] "GET /home/home/comet40.jpg HTTP/1.1" 404 73 "-" "Mozilla/5.0 (compatible; DotBot/1.2; +https://opensiteexplorer.org/dotbot; help@moz.com)" "ysfine.com"
216.244.66.229 - - [21/Feb/2023:11:32:13 -0800] "GET /world/spain/madrid02.jpg HTTP/1.1" 200 273659 "-" "Mozilla/5.0 (compatible; DotBot/1.2; +https://opensiteexplorer.org/dotbot; help@moz.com)" "ysfine.com"
99.102.158.211 - - [21/Feb/2023:11:33:24 -0800] "GET /wigner/neum/vnc01.jpg HTTP/1.1" 200 133641 "https://en.wikipedia.org/" "Mozilla/5.0 (Windows NT 6.1; Win64; x64) AppleWebKit/537.36 (KHTML, like Gecko) Chrome/109.0.0.0 Safari/537.36 OPR/95.0.0.0" "ysfine.com"
66.249.70.92 - - [21/Feb/2023:11:33:44 -0800] "GET /ads.txt HTTP/1.1" 404 88 "-" "Mozilla/5.0 (compatible; Googlebot/2.1; +http://www.google.com/bot.html)" "www.ysfine.com"
95.163.255.66 - - [21/Feb/2023:11:33:50 -0800] "GET /dirac/einbohr55.jpg HTTP/1.1" 200 266255 "-" "Mozilla/5.0 (compatible; Linux x86_64; Mail.RU_Bot/2.0; +https://help.mail.ru/webmaster/indexing/robots)" "www.ysfine.com"
64.124.8.57 - - [21/Feb/2023:11:34:18 -0800] "GET /ysbio/world/france/magots01.jpg HTTP/1.1" 404 88 "-" "Mozilla/5.0 (Macintosh; Intel Mac OS X 10_15_7) AppleWebKit/537.36 (KHTML, like Gecko) Chrome/107.0.0.0 Safari/537.36" "ysfine.com"
207.46.13.207 - - [21/Feb/2023:11:34:22 -0800] "GET /people/olmo2.jpg HTTP/1.1" 200 47258 "-" "Mozilla/5.0 AppleWebKit/537.36 (KHTML, like Gecko; compatible; bingbot/2.0; +http://www.bing.com/bingbot.htm) Chrome/103.0.5060.134 Safari/537.36" "ysfine.com"
64.124.8.50 - - [21/Feb/2023:11:34:48 -0800] "GET /world/russ/kiev045.jpg HTTP/1.1" 200 86599 "-" "Mozilla/5.0 (Macintosh; Intel Mac OS X 10_15_7) AppleWebKit/537.36 (KHTML, like Gecko) Chrome/107.0.0.0 Safari/537.36" "ysfine.com"
213.180.203.207 - - [21/Feb/2023:11:34:55 -0800] "GET /einstein/eincopen22.html HTTP/1.1" 404 88 "-" "Mozilla/5.0 (compatible; YandexBot/3.0; +http://yandex.com/bots)" "www.ysfine.com"
157.55.39.214 - - [21/Feb/2023:11:35:00 -0800] "GET /world/germany/johannstra11b.jpg HTTP/1.1" 200 50468 "-" "Mozilla/5.0 AppleWebKit/537.36 (KHTML, like Gecko; compatible; bingbot/2.0; +http://www.bing.com/bingbot.htm) Chrome/103.0.5060.134 Safari/537.36" "www.ysfine.com"
52.167.144.35 - - [21/Feb/2023:11:35:39 -0800] "GET /sbk/1994harv33.jpg HTTP/1.1" 200 195451 "-" "Mozilla/5.0 AppleWebKit/537.36 (KHTML, like Gecko; compatible; bingbot/2.0; +http://www.bing.com/bingbot.htm) Chrome/103.0.5060.134 Safari/537.36" "www.ysfine.com"
64.124.8.57 - - [21/Feb/2023:11:36:26 -0800] "GET /ysbio/style/musee/louvre16.jpg HTTP/1.1" 404 88 "-" "Mozilla/5.0 (Macintosh; Intel Mac OS X 10_15_7) AppleWebKit/537.36 (KHTML, like Gecko) Chrome/107.0.0.0 Safari/537.36" "www.ysfine.com"
51.222.253.17 - - [21/Feb/2023:11:36:54 -0800] "GET /world/budapest.html HTTP/1.1" 200 8325 "-" "Mozilla/5.0 (compatible; AhrefsBot/7.0; +http://ahrefs.com/robot/)" "ysfine.com"
51.222.253.7 - - [21/Feb/2023:11:36:56 -0800] "GET /world/hungary/buda071b.jpg HTTP/1.1" 200 40884 "-" "Mozilla/5.0 (compatible; AhrefsBot/7.0; +http://ahrefs.com/robot/)" "ysfine.com"
51.222.253.5 - - [21/Feb/2023:11:36:57 -0800] "GET /world/hungary/buda073b.jpg HTTP/1.1" 200 43958 "-" "Mozilla/5.0 (compatible; AhrefsBot/7.0; +http://ahrefs.com/robot/)" "ysfine.com"
51.222.253.2 - - [21/Feb/2023:11:36:58 -0800] "GET /wigner/gim/map02a.jpg HTTP/1.1" 200 58713 "-" "Mozilla/5.0 (compatible; AhrefsBot/7.0; +http://ahrefs.com/robot/)" "ysfine.com"
51.222.253.20 - - [21/Feb/2023:11:36:58 -0800] "GET /wigner/hazi11b.jpg HTTP/1.1" 200 31629 "-" "Mozilla/5.0 (compatible; AhrefsBot/7.0; +http://ahrefs.com/robot/)" "ysfine.com"
51.222.253.18 - - [21/Feb/2023:11:36:59 -0800] "GET /world/hungary/buda122b.jpg HTTP/1.1" 200 27902 "-" "Mozilla/5.0 (compatible; AhrefsBot/7.0; +http://ahrefs.com/robot/)" "ysfine.com"
51.222.253.5 - - [21/Feb/2023:11:36:59 -0800] "GET /world/hungary/buda105b.jpg HTTP/1.1" 200 37619 "-" "Mozilla/5.0 (compatible; AhrefsBot/7.0; +http://ahrefs.com/robot/)" "ysfine.com"
51.222.253.4 - - [21/Feb/2023:11:37:00 -0800] "GET /world/hungary/buda150b.jpg HTTP/1.1" 200 40706 "-" "Mozilla/5.0 (compatible; AhrefsBot/7.0; +http://ahrefs.com/robot/)" "ysfine.com"
51.222.253.6 - - [21/Feb/2023:11:37:01 -0800] "GET /wigner/wcoin11b.jpg HTTP/1.1" 200 43349 "-" "Mozilla/5.0 (compatible; AhrefsBot/7.0; +http://ahrefs.com/robot/)" "ysfine.com"
51.222.253.12 - - [21/Feb/2023:11:37:01 -0800] "GET /world/hungary/buda011b.jpg HTTP/1.1" 200 45006 "-" "Mozilla/5.0 (compatible; AhrefsBot/7.0; +http://ahrefs.com/robot/)" "ysfine.com"
51.222.253.2 - - [21/Feb/2023:11:37:01 -0800] "GET /world/hungary/hunband01b.jpg HTTP/1.1" 200 46280 "-" "Mozilla/5.0 (compatible; AhrefsBot/7.0; +http://ahrefs.com/robot/)" "ysfine.com"
51.222.253.7 - - [21/Feb/2023:11:37:02 -0800] "GET /world/hungary/buda113b.jpg HTTP/1.1" 200 38369 "-" "Mozilla/5.0 (compatible; AhrefsBot/7.0; +http://ahrefs.com/robot/)" "ysfine.com"
51.222.253.12 - - [21/Feb/2023:11:37:02 -0800] "GET /world/hungary/buda045b.jpg HTTP/1.1" 200 52176 "-" "Mozilla/5.0 (compatible; AhrefsBot/7.0; +http://ahrefs.com/robot/)" "ysfine.com"
51.222.253.20 - - [21/Feb/2023:11:37:03 -0800] "GET /world/hungary/buda076b.jpg HTTP/1.1" 200 55643 "-" "Mozilla/5.0 (compatible; AhrefsBot/7.0; +http://ahrefs.com/robot/)" "ysfine.com"
51.222.253.19 - - [21/Feb/2023:11:37:03 -0800] "GET /world/hungary/buda019b.jpg HTTP/1.1" 200 42975 "-" "Mozilla/5.0 (compatible; AhrefsBot/7.0; +http://ahrefs.com/robot/)" "ysfine.com"
51.222.253.13 - - [21/Feb/2023:11:37:04 -0800] "GET /world/hungary/buda133b.jpg HTTP/1.1" 200 41694 "-" "Mozilla/5.0 (compatible; AhrefsBot/7.0; +http://ahrefs.com/robot/)" "ysfine.com"
51.222.253.1 - - [21/Feb/2023:11:37:04 -0800] "GET /world/hungary/buda021b.jpg HTTP/1.1" 200 41415 "-" "Mozilla/5.0 (compatible; AhrefsBot/7.0; +http://ahrefs.com/robot/)" "ysfine.com"
51.222.253.4 - - [21/Feb/2023:11:37:05 -0800] "GET /world/hungary/liszt03b.jpg HTTP/1.1" 200 51917 "-" "Mozilla/5.0 (compatible; AhrefsBot/7.0; +http://ahrefs.com/robot/)" "ysfine.com"
51.222.253.12 - - [21/Feb/2023:11:37:05 -0800] "GET /world/hungary/buda219b.jpg HTTP/1.1" 200 59745 "-" "Mozilla/5.0 (compatible; AhrefsBot/7.0; +http://ahrefs.com/robot/)" "ysfine.com"
51.222.253.15 - - [21/Feb/2023:11:37:06 -0800] "GET /world/hungary/kodaly01b.jpg HTTP/1.1" 200 55317 "-" "Mozilla/5.0 (compatible; AhrefsBot/7.0; +http://ahrefs.com/robot/)" "ysfine.com"
51.222.253.10 - - [21/Feb/2023:11:37:06 -0800] "GET /world/hungary/buda102b.jpg HTTP/1.1" 200 31824 "-" "Mozilla/5.0 (compatible; AhrefsBot/7.0; +http://ahrefs.com/robot/)" "ysfine.com"
51.222.253.1 - - [21/Feb/2023:11:37:06 -0800] "GET /world/hungary/eoto01b.jpg HTTP/1.1" 200 48989 "-" "Mozilla/5.0 (compatible; AhrefsBot/7.0; +http://ahrefs.com/robot/)" "ysfine.com"
51.222.253.15 - - [21/Feb/2023:11:37:07 -0800] "GET /world/hungary/buda125b.jpg HTTP/1.1" 200 53000 "-" "Mozilla/5.0 (compatible; AhrefsBot/7.0; +http://ahrefs.com/robot/)" "ysfine.com"
51.222.253.17 - - [21/Feb/2023:11:37:07 -0800] "GET /world/hungary/buda013b.jpg HTTP/1.1" 200 59497 "-" "Mozilla/5.0 (compatible; AhrefsBot/7.0; +http://ahrefs.com/robot/)" "ysfine.com"
51.222.253.15 - - [21/Feb/2023:11:37:08 -0800] "GET /world/hungary/buda107b.jpg HTTP/1.1" 200 30510 "-" "Mozilla/5.0 (compatible; AhrefsBot/7.0; +http://ahrefs.com/robot/)" "ysfine.com"
51.222.253.8 - - [21/Feb/2023:11:37:08 -0800] "GET /world/hungary/buda001b.jpg HTTP/1.1" 200 38115 "-" "Mozilla/5.0 (compatible; AhrefsBot/7.0; +http://ahrefs.com/robot/)" "ysfine.com"
51.222.253.6 - - [21/Feb/2023:11:37:09 -0800] "GET /world/hungary/buda210b.jpg HTTP/1.1" 200 41544 "-" "Mozilla/5.0 (compatible; AhrefsBot/7.0; +http://ahrefs.com/robot/)" "ysfine.com"
51.222.253.13 - - [21/Feb/2023:11:37:10 -0800] "GET /world/hungary/buda111b.jpg HTTP/1.1" 200 31534 "-" "Mozilla/5.0 (compatible; AhrefsBot/7.0; +http://ahrefs.com/robot/)" "ysfine.com"
51.222.253.13 - - [21/Feb/2023:11:37:10 -0800] "GET /world/hungary/buda201b.jpg HTTP/1.1" 200 47431 "-" "Mozilla/5.0 (compatible; AhrefsBot/7.0; +http://ahrefs.com/robot/)" "ysfine.com"
91.133.143.231 - - [21/Feb/2023:11:37:11 -0800] "GET /robots.txt HTTP/1.1" 404 88 "-" "Mozilla/5.0 (iPhone; U; CPU iPhone OS 4_2_1 like Mac OS X; nb-no) AppleWebKit/533.17.9 (KHTML, like Gecko) Version/5.0.2 Mobile/8C148a Safari/6533.18.5" "ysfine.com"
91.133.194.97 - - [21/Feb/2023:11:37:11 -0800] "GET /robots.txt HTTP/1.1" 404 88 "-" "Mozilla/5.0 (iPhone; U; CPU iPhone OS 4_3 like Mac OS X; fr-fr) AppleWebKit/533.17.9 (KHTML, like Gecko) Version/5.0.2 Mobile/8F190 Safari/6533.18.5" "ysfine.com"
204.18.87.220 - - [21/Feb/2023:11:37:12 -0800] "GET / HTTP/1.1" 200 5295 "-" "Mozilla/5.0 (iPhone; U; CPU iPhone OS 4_3_1 like Mac OS X; zh-tw) AppleWebKit/533.17.9 (KHTML, like Gecko) Version/5.0.2 Mobile/8G4 Safari/6533.18.5" "ysfine.com"
204.18.111.214 - - [21/Feb/2023:11:37:13 -0800] "GET / HTTP/1.1" 200 5295 "-" "Mozilla/5.0 (iPhone; U; ru; CPU iPhone OS 4_2_1 like Mac OS X; fr) AppleWebKit/533.17.9 (KHTML, like Gecko) Version/5.0.2 Mobile/8C148a Safari/6533.18.5" "ysfine.com"
216.244.66.229 - - [21/Feb/2023:11:37:13 -0800] "GET /style/bolshoi11.jpg HTTP/1.1" 200 301876 "-" "Mozilla/5.0 (compatible; DotBot/1.2; +https://opensiteexplorer.org/dotbot; help@moz.com)" "ysfine.com"
217.181.130.6 - - [21/Feb/2023:11:37:32 -0800] "GET /style/musee/berlinmus01.jpg HTTP/1.1" 200 166514 "https://www.bing.com/" "Mozilla/5.0 (Windows NT 10.0; Win64; x64) AppleWebKit/537.36 (KHTML, like Gecko) Chrome/110.0.0.0 Safari/537.36 Edg/110.0.1587.50" "www.ysfine.com"
64.124.8.54 - - [21/Feb/2023:11:37:34 -0800] "GET /princeton/eisenhower61.jpg HTTP/1.1" 200 74015 "-" "Mozilla/5.0 (Macintosh; Intel Mac OS X 10_15_7) AppleWebKit/537.36 (KHTML, like Gecko) Chrome/107.0.0.0 Safari/537.36" "ysfine.com"
52.167.144.62 - - [21/Feb/2023:11:37:44 -0800] "GET /ysbio/sbk/2011aa33.jpg HTTP/1.1" 404 88 "-" "Mozilla/5.0 AppleWebKit/537.36 (KHTML, like Gecko; compatible; bingbot/2.0; +http://www.bing.com/bingbot.htm) Chrome/103.0.5060.134 Safari/537.36" "ysfine.com"
52.167.144.62 - - [21/Feb/2023:11:37:44 -0800] "GET /world/brit/oxlon31.jpg HTTP/1.1" 200 109478 "-" "Mozilla/5.0 AppleWebKit/537.36 (KHTML, like Gecko; compatible; bingbot/2.0; +http://www.bing.com/bingbot.htm) Chrome/103.0.5060.134 Safari/537.36" "ysfine.com"
52.167.144.62 - - [21/Feb/2023:11:37:45 -0800] "GET /style/nga55.jpg HTTP/1.1" 200 87065 "-" "Mozilla/5.0 AppleWebKit/537.36 (KHTML, like Gecko; compatible; bingbot/2.0; +http://www.bing.com/bingbot.htm) Chrome/103.0.5060.134 Safari/537.36" "ysfine.com"
216.244.66.229 - - [21/Feb/2023:11:38:04 -0800] "GET /world/baltic/kantcather.jpg HTTP/1.1" 200 101240 "-" "Mozilla/5.0 (compatible; DotBot/1.2; +https://opensiteexplorer.org/dotbot; help@moz.com)" "ysfine.com"
20.235.144.245 - - [21/Feb/2023:11:38:23 -0800] "GET /e/data/js/ajax.js HTTP/1.1" 404 88 "-" "Mozilla/5.0 (Windows NT 10.0; WOW64; rv:48.0) Gecko/20100101 Firefox/48.0" "www.ysfine.com"
216.244.66.229 - - [21/Feb/2023:11:38:42 -0800] "GET /world/baltic/lithu17.jpg HTTP/1.1" 200 94916 "-" "Mozilla/5.0 (compatible; DotBot/1.2; +https://opensiteexplorer.org/dotbot; help@moz.com)" "ysfine.com"
64.124.8.49 - - [21/Feb/2023:11:38:57 -0800] "GET /kobak/sepa.jpg HTTP/1.1" 200 96130 "-" "Mozilla/5.0 (Macintosh; Intel Mac OS X 10_15_7) AppleWebKit/537.36 (KHTML, like Gecko) Chrome/107.0.0.0 Safari/537.36" "ysfine.com"
64.124.8.50 - - [21/Feb/2023:11:39:01 -0800] "GET /ysbio/kobak/lemnitzer.jpg HTTP/1.1" 404 88 "-" "Mozilla/5.0 (Macintosh; Intel Mac OS X 10_15_7) AppleWebKit/537.36 (KHTML, like Gecko) Chrome/107.0.0.0 Safari/537.36" "ysfine.com"
64.124.8.53 - - [21/Feb/2023:11:39:20 -0800] "GET /maga/phys/inclined22.jpg HTTP/1.1" 200 49333 "-" "Mozilla/5.0 (Macintosh; Intel Mac OS X 10_15_7) AppleWebKit/537.36 (KHTML, like Gecko) Chrome/107.0.0.0 Safari/537.36" "www.ysfine.com"
216.244.66.229 - - [21/Feb/2023:11:39:21 -0800] "GET /world/baltic/riga35.jpg HTTP/1.1" 200 71508 "-" "Mozilla/5.0 (compatible; DotBot/1.2; +https://opensiteexplorer.org/dotbot; help@moz.com)" "ysfine.com"
216.244.66.229 - - [21/Feb/2023:11:39:56 -0800] "GET /world/ital/bologsw08.jpg HTTP/1.1" 200 102141 "-" "Mozilla/5.0 (compatible; DotBot/1.2; +https://opensiteexplorer.org/dotbot; help@moz.com)" "ysfine.com"
52.167.144.35 - - [21/Feb/2023:11:40:09 -0800] "GET /bio/style/artlove.html HTTP/1.1" 404 88 "-" "Mozilla/5.0 AppleWebKit/537.36 (KHTML, like Gecko; compatible; bingbot/2.0; +http://www.bing.com/bingbot.htm) Chrome/103.0.5060.134 Safari/537.36" "ysfine.com"
64.124.8.55 - - [21/Feb/2023:11:40:34 -0800] "GET /wigner/wiggriff.jpg HTTP/1.1" 200 94506 "-" "Mozilla/5.0 (Macintosh; Intel Mac OS X 10_15_7) AppleWebKit/537.36 (KHTML, like Gecko) Chrome/107.0.0.0 Safari/537.36" "www.ysfine.com"
216.244.66.229 - - [21/Feb/2023:11:40:47 -0800] "GET /world/ital/milvio02.jpg HTTP/1.1" 200 92951 "-" "Mozilla/5.0 (compatible; DotBot/1.2; +https://opensiteexplorer.org/dotbot; help@moz.com)" "ysfine.com"
73.6.86.193 - - [21/Feb/2023:11:41:00 -0800] "GET /world/france/arusas01.jpg HTTP/1.1" 200 364636 "https://www.google.com/" "Mozilla/5.0 (Macintosh; Intel Mac OS X 10_14_6) AppleWebKit/605.1.15 (KHTML, like Gecko) Version/14.1.2 Safari/605.1.15" "ysfine.com"
79.131.255.89 - - [21/Feb/2023:11:41:08 -0800] "GET /friends/vilnius03.jpg HTTP/1.1" 404 88 "-" "Mozilla/5.0 (Windows NT 10.0; Win64; x64; rv:109.0) Gecko/20100101 Firefox/109.0" "ysfine.com"
40.77.167.211 - - [21/Feb/2023:11:41:31 -0800] "GET /world/russ/spbm06.jpg HTTP/1.1" 200 114511 "-" "Mozilla/5.0 AppleWebKit/537.36 (KHTML, like Gecko; compatible; bingbot/2.0; +http://www.bing.com/bingbot.htm) Chrome/103.0.5060.134 Safari/537.36" "www.ysfine.com"
216.244.66.229 - - [21/Feb/2023:11:41:38 -0800] "GET /world/ital/milvio13.jpg HTTP/1.1" 200 125135 "-" "Mozilla/5.0 (compatible; DotBot/1.2; +https://opensiteexplorer.org/dotbot; help@moz.com)" "ysfine.com"
95.163.255.65 - - [21/Feb/2023:11:42:07 -0800] "GET /maga/phys/schroheisen33b.jpg HTTP/1.1" 200 41615 "-" "Mozilla/5.0 (compatible; Linux x86_64; Mail.RU_Bot/2.0; +https://help.mail.ru/webmaster/indexing/robots)" "ysfine.com"
216.244.66.229 - - [21/Feb/2023:11:42:23 -0800] "GET /world/ital/panth07.jpg HTTP/1.1" 200 102729 "-" "Mozilla/5.0 (compatible; DotBot/1.2; +https://opensiteexplorer.org/dotbot; help@moz.com)" "ysfine.com"
157.55.39.206 - - [21/Feb/2023:11:43:13 -0800] "GET /world/ital/stcroce18b.jpg HTTP/1.1" 200 53514 "-" "Mozilla/5.0 AppleWebKit/537.36 (KHTML, like Gecko; compatible; bingbot/2.0; +http://www.bing.com/bingbot.htm) Chrome/103.0.5060.134 Safari/537.36" "ysfine.com"
216.244.66.229 - - [21/Feb/2023:11:43:14 -0800] "GET /world/ital/rome053.jpg HTTP/1.1" 200 95688 "-" "Mozilla/5.0 (compatible; DotBot/1.2; +https://opensiteexplorer.org/dotbot; help@moz.com)" "ysfine.com"
64.124.8.53 - - [21/Feb/2023:11:43:16 -0800] "GET /ysbio/usca/pitt/oldterm33.jpg HTTP/1.1" 404 88 "-" "Mozilla/5.0 (Macintosh; Intel Mac OS X 10_15_7) AppleWebKit/537.36 (KHTML, like Gecko) Chrome/107.0.0.0 Safari/537.36" "ysfine.com"
64.124.8.50 - - [21/Feb/2023:11:43:33 -0800] "GET /world/brit/imperialc08.jpg HTTP/1.1" 200 85345 "-" "Mozilla/5.0 (Macintosh; Intel Mac OS X 10_15_7) AppleWebKit/537.36 (KHTML, like Gecko) Chrome/107.0.0.0 Safari/537.36" "www.ysfine.com"
216.244.66.229 - - [21/Feb/2023:11:43:49 -0800] "GET /world/ital/rome173.jpg HTTP/1.1" 200 124316 "-" "Mozilla/5.0 (compatible; DotBot/1.2; +https://opensiteexplorer.org/dotbot; help@moz.com)" "ysfine.com"
52.167.144.62 - - [21/Feb/2023:11:44:05 -0800] "GET /world/baltic/kalin01.jpg HTTP/1.1" 200 102358 "-" "Mozilla/5.0 AppleWebKit/537.36 (KHTML, like Gecko; compatible; bingbot/2.0; +http://www.bing.com/bingbot.htm) Chrome/103.0.5060.134 Safari/537.36" "www.ysfine.com"
51.222.253.7 - - [21/Feb/2023:11:44:36 -0800] "GET /class54/class5470/total_data/sub_306.htm HTTP/1.1" 200 3333 "-" "Mozilla/5.0 (compatible; AhrefsBot/7.0; +http://ahrefs.com/robot/)" "www.ysfine.com"
216.244.66.229 - - [21/Feb/2023:11:44:39 -0800] "GET /world/ital/vatim03.jpg HTTP/1.1" 200 52154 "-" "Mozilla/5.0 (compatible; DotBot/1.2; +https://opensiteexplorer.org/dotbot; help@moz.com)" "ysfine.com"
51.222.253.3 - - [21/Feb/2023:11:44:40 -0800] "GET /class54/class5470/total_data/images/mb.css HTTP/1.1" 404 88 "-" "Mozilla/5.0 (compatible; AhrefsBot/7.0; +http://ahrefs.com/robot/)" "www.ysfine.com"
52.167.144.35 - - [21/Feb/2023:11:44:41 -0800] "GET /bio/kobak/yskor.html HTTP/1.1" 404 88 "-" "Mozilla/5.0 AppleWebKit/537.36 (KHTML, like Gecko; compatible; bingbot/2.0; +http://www.bing.com/bingbot.htm) Chrome/103.0.5060.134 Safari/537.36" "ysfine.com"
51.222.253.3 - - [21/Feb/2023:11:44:41 -0800] "GET /class54/class5470/total_data/img/03_smtitle06.gif HTTP/1.1" 200 466 "-" "Mozilla/5.0 (compatible; AhrefsBot/7.0; +http://ahrefs.com/robot/)" "www.ysfine.com"
51.222.253.8 - - [21/Feb/2023:11:44:41 -0800] "GET /class54/class5470/total_data/img/menu06_on.gif HTTP/1.1" 200 624 "-" "Mozilla/5.0 (compatible; AhrefsBot/7.0; +http://ahrefs.com/robot/)" "www.ysfine.com"
51.222.253.2 - - [21/Feb/2023:11:44:42 -0800] "GET /class54/class5470/total_data/img/menu08_on.gif HTTP/1.1" 200 813 "-" "Mozilla/5.0 (compatible; AhrefsBot/7.0; +http://ahrefs.com/robot/)" "www.ysfine.com"
51.222.253.8 - - [21/Feb/2023:11:44:42 -0800] "GET /class54/class5470/total_data/img/menu02_on.gif HTTP/1.1" 200 782 "-" "Mozilla/5.0 (compatible; AhrefsBot/7.0; +http://ahrefs.com/robot/)" "www.ysfine.com"
51.222.253.2 - - [21/Feb/2023:11:44:42 -0800] "GET /class54/class5470/total_data/img/menu05_on.gif HTTP/1.1" 200 691 "-" "Mozilla/5.0 (compatible; AhrefsBot/7.0; +http://ahrefs.com/robot/)" "www.ysfine.com"
51.222.253.17 - - [21/Feb/2023:11:44:42 -0800] "GET /class54/class5470/total_data/img/home_logo.gif HTTP/1.1" 200 4562 "-" "Mozilla/5.0 (compatible; AhrefsBot/7.0; +http://ahrefs.com/robot/)" "www.ysfine.com"
51.222.253.3 - - [21/Feb/2023:11:44:43 -0800] "GET /class54/class5470/total_data/img/03_smline.gif HTTP/1.1" 200 3214 "-" "Mozilla/5.0 (compatible; AhrefsBot/7.0; +http://ahrefs.com/robot/)" "www.ysfine.com"
51.222.253.8 - - [21/Feb/2023:11:44:43 -0800] "GET /class54/class5470/total_data/img/sm01_off.gif HTTP/1.1" 200 412 "-" "Mozilla/5.0 (compatible; AhrefsBot/7.0; +http://ahrefs.com/robot/)" "www.ysfine.com"
51.222.253.10 - - [21/Feb/2023:11:44:43 -0800] "GET /class54/class5470/total_data/photo_img/3-6.jpg HTTP/1.1" 200 173569 "-" "Mozilla/5.0 (compatible; AhrefsBot/7.0; +http://ahrefs.com/robot/)" "www.ysfine.com"
51.222.253.19 - - [21/Feb/2023:11:44:44 -0800] "GET /class54/class5470/total_data/img/02_schooldays.gif HTTP/1.1" 200 987 "-" "Mozilla/5.0 (compatible; AhrefsBot/7.0; +http://ahrefs.com/robot/)" "www.ysfine.com"
51.222.253.12 - - [21/Feb/2023:11:44:44 -0800] "GET /class54/class5470/total_data/img/menu03_on.gif HTTP/1.1" 200 600 "-" "Mozilla/5.0 (compatible; AhrefsBot/7.0; +http://ahrefs.com/robot/)" "www.ysfine.com"
51.222.253.9 - - [21/Feb/2023:11:44:45 -0800] "GET /class54/class5470/total_data/img/sm02_on.gif HTTP/1.1" 200 399 "-" "Mozilla/5.0 (compatible; AhrefsBot/7.0; +http://ahrefs.com/robot/)" "www.ysfine.com"
51.222.253.13 - - [21/Feb/2023:11:44:45 -0800] "GET /class54/class5470/total_data/img/menu07_on.gif HTTP/1.1" 200 578 "-" "Mozilla/5.0 (compatible; AhrefsBot/7.0; +http://ahrefs.com/robot/)" "www.ysfine.com"
51.222.253.5 - - [21/Feb/2023:11:44:45 -0800] "GET /class54/class5470/total_data/img/sm04_on.gif HTTP/1.1" 200 392 "-" "Mozilla/5.0 (compatible; AhrefsBot/7.0; +http://ahrefs.com/robot/)" "www.ysfine.com"
51.222.253.16 - - [21/Feb/2023:11:44:46 -0800] "GET /class54/class5470/total_data/img/menu04_on.gif HTTP/1.1" 200 813 "-" "Mozilla/5.0 (compatible; AhrefsBot/7.0; +http://ahrefs.com/robot/)" "www.ysfine.com"
51.222.253.10 - - [21/Feb/2023:11:44:46 -0800] "GET /class54/class5470/total_data/img/bottom_title.gif HTTP/1.1" 200 14467 "-" "Mozilla/5.0 (compatible; AhrefsBot/7.0; +http://ahrefs.com/robot/)" "www.ysfine.com"
51.222.253.19 - - [21/Feb/2023:11:44:46 -0800] "GET /class54/class5470/total_data/img/sm03_on.gif HTTP/1.1" 200 405 "-" "Mozilla/5.0 (compatible; AhrefsBot/7.0; +http://ahrefs.com/robot/)" "www.ysfine.com"
40.77.167.211 - - [21/Feb/2023:11:44:52 -0800] "GET /world/russ/mosko05.jpg HTTP/1.1" 200 93032 "-" "Mozilla/5.0 AppleWebKit/537.36 (KHTML, like Gecko; compatible; bingbot/2.0; +http://www.bing.com/bingbot.htm) Chrome/103.0.5060.134 Safari/537.36" "ysfine.com"
216.244.66.229 - - [21/Feb/2023:11:45:20 -0800] "GET /houses/christmas/chrism06.jpg HTTP/1.1" 200 54813 "-" "Mozilla/5.0 (compatible; DotBot/1.2; +https://opensiteexplorer.org/dotbot; help@moz.com)" "ysfine.com"
157.55.39.206 - - [21/Feb/2023:11:45:36 -0800] "GET /world/china/beijing002.jpg HTTP/1.1" 200 90473 "-" "Mozilla/5.0 AppleWebKit/537.36 (KHTML, like Gecko; compatible; bingbot/2.0; +http://www.bing.com/bingbot.htm) Chrome/103.0.5060.134 Safari/537.36" "www.ysfine.com"
157.55.39.206 - - [21/Feb/2023:11:45:43 -0800] "GET /world/ital/flor061b.jpg HTTP/1.1" 200 41082 "-" "Mozilla/5.0 AppleWebKit/537.36 (KHTML, like Gecko; compatible; bingbot/2.0; +http://www.bing.com/bingbot.htm) Chrome/103.0.5060.134 Safari/537.36" "ysfine.com"
216.244.66.229 - - [21/Feb/2023:11:45:52 -0800] "GET /usca/pitt/fortpitt08.jpg HTTP/1.1" 200 160240 "-" "Mozilla/5.0 (compatible; DotBot/1.2; +https://opensiteexplorer.org/dotbot; help@moz.com)" "ysfine.com"
64.124.8.53 - - [21/Feb/2023:11:45:55 -0800] "GET /world/germany/tubw31.jpg HTTP/1.1" 200 143342 "-" "Mozilla/5.0 (Macintosh; Intel Mac OS X 10_15_7) AppleWebKit/537.36 (KHTML, like Gecko) Chrome/107.0.0.0 Safari/537.36" "ysfine.com"
64.124.8.50 - - [21/Feb/2023:11:46:00 -0800] "GET /world/israel/jeru64.jpg HTTP/1.1" 200 315270 "-" "Mozilla/5.0 (Macintosh; Intel Mac OS X 10_15_7) AppleWebKit/537.36 (KHTML, like Gecko) Chrome/107.0.0.0 Safari/537.36" "ysfine.com"
207.46.13.220 - - [21/Feb/2023:11:46:30 -0800] "GET /bio/kobak/soraech.html HTTP/1.1" 404 88 "-" "Mozilla/5.0 AppleWebKit/537.36 (KHTML, like Gecko; compatible; bingbot/2.0; +http://www.bing.com/bingbot.htm) Chrome/103.0.5060.134 Safari/537.36" "ysfine.com"
216.244.66.229 - - [21/Feb/2023:11:46:33 -0800] "GET /world/brit/dunf17.jpg HTTP/1.1" 200 98526 "-" "Mozilla/5.0 (compatible; DotBot/1.2; +https://opensiteexplorer.org/dotbot; help@moz.com)" "ysfine.com"
64.124.8.49 - - [21/Feb/2023:11:46:58 -0800] "GET /ysbio/world/balkan/istan002.jpg HTTP/1.1" 404 88 "-" "Mozilla/5.0 (Macintosh; Intel Mac OS X 10_15_7) AppleWebKit/537.36 (KHTML, like Gecko) Chrome/107.0.0.0 Safari/537.36" "ysfine.com"
143.117.255.86 - - [21/Feb/2023:11:47:06 -0800] "GET /world/china/shanghai001.jpg HTTP/1.1" 200 99793 "https://www.google.com/" "Mozilla/5.0 (Windows NT 10.0; Win64; x64) AppleWebKit/537.36 (KHTML, like Gecko) Chrome/110.0.0.0 Safari/537.36" "ysfine.com"
216.244.66.229 - - [21/Feb/2023:11:47:23 -0800] "GET /world/europe/ams003.jpg HTTP/1.1" 200 143676 "-" "Mozilla/5.0 (compatible; DotBot/1.2; +https://opensiteexplorer.org/dotbot; help@moz.com)" "ysfine.com"
64.124.8.50 - - [21/Feb/2023:11:48:10 -0800] "GET /world/russ/minsk059.jpg HTTP/1.1" 200 96289 "-" "Mozilla/5.0 (Macintosh; Intel Mac OS X 10_15_7) AppleWebKit/537.36 (KHTML, like Gecko) Chrome/107.0.0.0 Safari/537.36" "www.ysfine.com"
216.244.66.229 - - [21/Feb/2023:11:48:11 -0800] "GET /world/ital/ HTTP/1.1" 200 183795 "-" "Mozilla/5.0 (compatible; DotBot/1.2; +https://opensiteexplorer.org/dotbot; help@moz.com)" "ysfine.com"
52.167.144.35 - - [21/Feb/2023:11:48:31 -0800] "GET /bio/sbk/1950.html HTTP/1.1" 404 88 "-" "Mozilla/5.0 AppleWebKit/537.36 (KHTML, like Gecko; compatible; bingbot/2.0; +http://www.bing.com/bingbot.htm) Chrome/103.0.5060.134 Safari/537.36" "ysfine.com"
216.244.66.229 - - [21/Feb/2023:11:49:03 -0800] "GET /world/ital/vaticanf10.jpg HTTP/1.1" 200 150773 "-" "Mozilla/5.0 (compatible; DotBot/1.2; +https://opensiteexplorer.org/dotbot; help@moz.com)" "ysfine.com"
64.124.8.28 - - [21/Feb/2023:11:49:17 -0800] "GET /ysbio/world/hungary/buda211.jpg HTTP/1.1" 404 88 "-" "Mozilla/5.0 (Macintosh; Intel Mac OS X 10_15_7) AppleWebKit/537.36 (KHTML, like Gecko) Chrome/107.0.0.0 Safari/537.36" "ysfine.com"
216.244.66.229 - - [21/Feb/2023:11:49:55 -0800] "GET /world/ital/venice03ee.jpg HTTP/1.1" 200 246868 "-" "Mozilla/5.0 (compatible; DotBot/1.2; +https://opensiteexplorer.org/dotbot; help@moz.com)" "ysfine.com"
64.124.8.57 - - [21/Feb/2023:11:50:07 -0800] "GET /world/ital/vicenza02.jpg HTTP/1.1" 200 92432 "-" "Mozilla/5.0 (Macintosh; Intel Mac OS X 10_15_7) AppleWebKit/537.36 (KHTML, like Gecko) Chrome/107.0.0.0 Safari/537.36" "ysfine.com"
64.124.8.57 - - [21/Feb/2023:11:50:34 -0800] "GET /newyork/rocke01.jpg HTTP/1.1" 200 232913 "-" "Mozilla/5.0 (Macintosh; Intel Mac OS X 10_15_7) AppleWebKit/537.36 (KHTML, like Gecko) Chrome/107.0.0.0 Safari/537.36" "ysfine.com"
135.181.213.219 - - [21/Feb/2023:11:50:35 -0800] "GET /robots.txt HTTP/1.1" 404 73 "-" "Mozilla/5.0 (compatible; MJ12bot/v1.4.8; http://mj12bot.com/)" "ysfine.com"
135.181.213.219 - - [21/Feb/2023:11:50:37 -0800] "GET /remote/sisfa12aa/frame18.html HTTP/1.1" 200 320 "-" "Mozilla/5.0 (compatible; MJ12bot/v1.4.8; http://mj12bot.com/)" "ysfine.com"
216.244.66.229 - - [21/Feb/2023:11:50:45 -0800] "GET /einstein/newtwig11.jpg HTTP/1.1" 200 99366 "-" "Mozilla/5.0 (compatible; DotBot/1.2; +https://opensiteexplorer.org/dotbot; help@moz.com)" "ysfine.com"
40.77.167.211 - - [21/Feb/2023:11:51:03 -0800] "GET /bio/wigner/e(2).html HTTP/1.1" 404 88 "-" "Mozilla/5.0 AppleWebKit/537.36 (KHTML, like Gecko; compatible; bingbot/2.0; +http://www.bing.com/bingbot.htm) Chrome/103.0.5060.134 Safari/537.36" "ysfine.com"
52.167.144.62 - - [21/Feb/2023:11:51:17 -0800] "GET /world/latina/cancun08c.jpg HTTP/1.1" 200 29078 "-" "Mozilla/5.0 AppleWebKit/537.36 (KHTML, like Gecko; compatible; bingbot/2.0; +http://www.bing.com/bingbot.htm) Chrome/103.0.5060.134 Safari/537.36" "www.ysfine.com"
216.244.66.229 - - [21/Feb/2023:11:51:23 -0800] "GET /wdc/gtown25.jpg HTTP/1.1" 200 143761 "-" "Mozilla/5.0 (compatible; DotBot/1.2; +https://opensiteexplorer.org/dotbot; help@moz.com)" "ysfine.com"
95.163.255.66 - - [21/Feb/2023:11:51:43 -0800] "GET /maga/pupin.html HTTP/1.1" 200 5043 "-" "Mozilla/5.0 (compatible; Linux x86_64; Mail.RU_Bot/2.0; +https://help.mail.ru/webmaster/indexing/robots)" "ysfine.com"
64.124.8.29 - - [21/Feb/2023:11:51:57 -0800] "GET /ysbio/world/germany/benz04.jpg HTTP/1.1" 404 88 "-" "Mozilla/5.0 (Macintosh; Intel Mac OS X 10_15_7) AppleWebKit/537.36 (KHTML, like Gecko) Chrome/107.0.0.0 Safari/537.36" "www.ysfine.com"
64.124.8.53 - - [21/Feb/2023:11:52:09 -0800] "GET /ffriends/vilnius08.jpg HTTP/1.1" 200 91630 "-" "Mozilla/5.0 (Macintosh; Intel Mac OS X 10_15_7) AppleWebKit/537.36 (KHTML, like Gecko) Chrome/107.0.0.0 Safari/537.36" "www.ysfine.com"
216.244.66.229 - - [21/Feb/2023:11:52:13 -0800] "GET /wdc/kennedyc12.jpg HTTP/1.1" 200 60154 "-" "Mozilla/5.0 (compatible; DotBot/1.2; +https://opensiteexplorer.org/dotbot; help@moz.com)" "ysfine.com"
51.222.253.18 - - [21/Feb/2023:11:52:17 -0800] "GET / HTTP/1.1" 200 5295 "-" "Mozilla/5.0 (compatible; AhrefsBot/7.0; +http://ahrefs.com/robot/)" "ysfine.com"
220.181.108.101 - - [21/Feb/2023:11:52:35 -0800] "GET /wigner/wigner39.pdf HTTP/1.1" 304 - "-" "Mozilla/5.0 (compatible; Baiduspider/2.0; +http://www.baidu.com/search/spider.html)" "ysfine.com"
52.167.144.62 - - [21/Feb/2023:11:52:37 -0800] "GET /bio/style/proschanie.html HTTP/1.1" 404 88 "-" "Mozilla/5.0 AppleWebKit/537.36 (KHTML, like Gecko; compatible; bingbot/2.0; +http://www.bing.com/bingbot.htm) Chrome/103.0.5060.134 Safari/537.36" "ysfine.com"
207.46.13.207 - - [21/Feb/2023:11:53:33 -0800] "GET /home/figs/einbohr33c.jpg HTTP/1.1" 200 36413 "-" "Mozilla/5.0 AppleWebKit/537.36 (KHTML, like Gecko; compatible; bingbot/2.0; +http://www.bing.com/bingbot.htm) Chrome/103.0.5060.134 Safari/537.36" "ysfine.com"
95.163.255.64 - - [21/Feb/2023:11:53:44 -0800] "GET /world/russ/mosriver.html HTTP/1.1" 200 446 "-" "Mozilla/5.0 (compatible; Linux x86_64; Mail.RU_Bot/2.0; +https://help.mail.ru/webmaster/indexing/robots)" "www.ysfine.com"
66.249.70.211 - - [21/Feb/2023:11:53:50 -0800] "GET /wdc/washmofw33.jpg HTTP/1.1" 304 - "-" "Googlebot-Image/1.0" "ysfine.com"
216.244.66.229 - - [21/Feb/2023:11:54:29 -0800] "GET /ffriends/aline/chinasouth01.jpg HTTP/1.1" 200 99265 "-" "Mozilla/5.0 (compatible; DotBot/1.2; +https://opensiteexplorer.org/dotbot; help@moz.com)" "ysfine.com"
51.222.253.14 - - [21/Feb/2023:11:54:59 -0800] "GET /remote/wigner111/frame09.html HTTP/1.1" 200 766 "-" "Mozilla/5.0 (compatible; AhrefsBot/7.0; +http://ahrefs.com/robot/)" "www.ysfine.com"
64.124.8.55 - - [21/Feb/2023:11:55:12 -0800] "GET /friends/russparis06.jpg HTTP/1.1" 404 88 "-" "Mozilla/5.0 (Macintosh; Intel Mac OS X 10_15_7) AppleWebKit/537.36 (KHTML, like Gecko) Chrome/107.0.0.0 Safari/537.36" "www.ysfine.com"
204.18.115.131 - - [21/Feb/2023:11:55:19 -0800] "GET / HTTP/1.1" 200 5295 "-" "Mozilla/5.0 (iPhone; U; CPU iPhone OS 4_1 like Mac OS X; en-us) AppleWebKit/532.9 (KHTML, like Gecko) Version/4.0.5 Mobile/8B5097d Safari/6531.22.7" "ysfine.com"
91.133.157.107 - - [21/Feb/2023:11:55:20 -0800] "GET /robots.txt HTTP/1.1" 404 88 "-" "Mozilla/5.0 (iPhone; U; CPU iPhone OS 4_3 like Mac OS X; fr-fr) AppleWebKit/533.17.9 (KHTML, like Gecko) Version/5.0.2 Mobile/8F190 Safari/6533.18.5" "ysfine.com"
216.244.66.229 - - [21/Feb/2023:11:55:20 -0800] "GET /ffriends/aline/lufthan00.jpg HTTP/1.1" 200 85877 "-" "Mozilla/5.0 (compatible; DotBot/1.2; +https://opensiteexplorer.org/dotbot; help@moz.com)" "ysfine.com"
40.77.167.211 - - [21/Feb/2023:11:55:43 -0800] "GET /awards/fortune22a.jpg HTTP/1.1" 200 158845 "-" "Mozilla/5.0 AppleWebKit/537.36 (KHTML, like Gecko; compatible; bingbot/2.0; +http://www.bing.com/bingbot.htm) Chrome/103.0.5060.134 Safari/537.36" "www.ysfine.com"
216.244.66.229 - - [21/Feb/2023:11:56:09 -0800] "GET /ffriends/turkstu04.jpg HTTP/1.1" 200 66805 "-" "Mozilla/5.0 (compatible; DotBot/1.2; +https://opensiteexplorer.org/dotbot; help@moz.com)" "ysfine.com"
64.124.8.29 - - [21/Feb/2023:11:56:36 -0800] "GET /world/ital/padova01.jpg HTTP/1.1" 200 102668 "-" "Mozilla/5.0 (Macintosh; Intel Mac OS X 10_15_7) AppleWebKit/537.36 (KHTML, like Gecko) Chrome/107.0.0.0 Safari/537.36" "ysfine.com"
64.124.8.50 - - [21/Feb/2023:11:56:38 -0800] "GET /world/france/champ9609.jpg HTTP/1.1" 200 110755 "-" "Mozilla/5.0 (Macintosh; Intel Mac OS X 10_15_7) AppleWebKit/537.36 (KHTML, like Gecko) Chrome/107.0.0.0 Safari/537.36" "www.ysfine.com"
216.244.66.229 - - [21/Feb/2023:11:56:44 -0800] "GET /ffriends/aline/british06.jpg HTTP/1.1" 200 150796 "-" "Mozilla/5.0 (compatible; DotBot/1.2; +https://opensiteexplorer.org/dotbot; help@moz.com)" "ysfine.com"
216.244.66.229 - - [21/Feb/2023:11:57:35 -0800] "GET /ffriends/amkor/canlon01.jpg HTTP/1.1" 200 123244 "-" "Mozilla/5.0 (compatible; DotBot/1.2; +https://opensiteexplorer.org/dotbot; help@moz.com)" "ysfine.com"
97.64.211.228 - - [21/Feb/2023:11:58:22 -0800] "GET /kowar/tanks/tank10.jpg HTTP/1.1" 200 76703 "https://www.google.com/" "Mozilla/5.0 (Windows NT 10.0; Win64; x64) AppleWebKit/537.36 (KHTML, like Gecko) Chrome/109.0.0.0 Safari/537.36" "ysfine.com"
51.222.253.6 - - [21/Feb/2023:11:58:27 -0800] "GET /class54/class5470/total_data/sub_2121.htm HTTP/1.1" 200 3367 "-" "Mozilla/5.0 (compatible; AhrefsBot/7.0; +http://ahrefs.com/robot/)" "www.ysfine.com"
51.222.253.3 - - [21/Feb/2023:11:58:30 -0800] "GET /class54/class5470/total_data/img/02_title.gif HTTP/1.1" 200 4864 "-" "Mozilla/5.0 (compatible; AhrefsBot/7.0; +http://ahrefs.com/robot/)" "www.ysfine.com"
51.222.253.15 - - [21/Feb/2023:11:58:31 -0800] "GET /class54/class5470/total_data/refer_img/2-113_f.jpg HTTP/1.1" 200 25761 "-" "Mozilla/5.0 (compatible; AhrefsBot/7.0; +http://ahrefs.com/robot/)" "www.ysfine.com"
51.222.253.5 - - [21/Feb/2023:11:58:31 -0800] "GET /class54/class5470/total_data/refer_img/2-106_f.jpg HTTP/1.1" 200 30968 "-" "Mozilla/5.0 (compatible; AhrefsBot/7.0; +http://ahrefs.com/robot/)" "www.ysfine.com"
51.222.253.18 - - [21/Feb/2023:11:58:32 -0800] "GET /class54/class5470/total_data/refer_img/2-114_f.jpg HTTP/1.1" 200 29358 "-" "Mozilla/5.0 (compatible; AhrefsBot/7.0; +http://ahrefs.com/robot/)" "www.ysfine.com"
51.222.253.13 - - [21/Feb/2023:11:58:33 -0800] "GET /class54/class5470/total_data/photo_img/2-121.jpg HTTP/1.1" 200 120123 "-" "Mozilla/5.0 (compatible; AhrefsBot/7.0; +http://ahrefs.com/robot/)" "www.ysfine.com"
51.222.253.3 - - [21/Feb/2023:11:58:34 -0800] "GET /class54/class5470/total_data/refer_img/2-123_f.jpg HTTP/1.1" 200 43997 "-" "Mozilla/5.0 (compatible; AhrefsBot/7.0; +http://ahrefs.com/robot/)" "www.ysfine.com"
51.222.253.11 - - [21/Feb/2023:11:58:35 -0800] "GET /class54/class5470/total_data/refer_img/2-122_f.jpg HTTP/1.1" 200 33725 "-" "Mozilla/5.0 (compatible; AhrefsBot/7.0; +http://ahrefs.com/robot/)" "www.ysfine.com"
51.222.253.3 - - [21/Feb/2023:11:58:36 -0800] "GET /class54/class5470/total_data/refer_img/2-118_f.jpg HTTP/1.1" 200 26111 "-" "Mozilla/5.0 (compatible; AhrefsBot/7.0; +http://ahrefs.com/robot/)" "www.ysfine.com"
51.222.253.15 - - [21/Feb/2023:11:58:36 -0800] "GET /class54/class5470/total_data/refer_img/2-119_f.jpg HTTP/1.1" 200 32788 "-" "Mozilla/5.0 (compatible; AhrefsBot/7.0; +http://ahrefs.com/robot/)" "www.ysfine.com"
51.222.253.18 - - [21/Feb/2023:11:58:37 -0800] "GET /class54/class5470/total_data/refer_img/2-104_f.jpg HTTP/1.1" 200 29498 "-" "Mozilla/5.0 (compatible; AhrefsBot/7.0; +http://ahrefs.com/robot/)" "www.ysfine.com"
51.222.253.15 - - [21/Feb/2023:11:58:37 -0800] "GET /class54/class5470/total_data/refer_img/2-110_f.jpg HTTP/1.1" 200 46637 "-" "Mozilla/5.0 (compatible; AhrefsBot/7.0; +http://ahrefs.com/robot/)" "www.ysfine.com"
51.222.253.14 - - [21/Feb/2023:11:58:38 -0800] "GET /class54/class5470/total_data/refer_img/2-109_f.jpg HTTP/1.1" 200 29094 "-" "Mozilla/5.0 (compatible; AhrefsBot/7.0; +http://ahrefs.com/robot/)" "www.ysfine.com"
51.222.253.15 - - [21/Feb/2023:11:58:38 -0800] "GET /class54/class5470/total_data/refer_img/2-120_f.jpg HTTP/1.1" 200 32623 "-" "Mozilla/5.0 (compatible; AhrefsBot/7.0; +http://ahrefs.com/robot/)" "www.ysfine.com"
51.222.253.19 - - [21/Feb/2023:11:58:39 -0800] "GET /class54/class5470/total_data/refer_img/2-112_f.jpg HTTP/1.1" 200 26477 "-" "Mozilla/5.0 (compatible; AhrefsBot/7.0; +http://ahrefs.com/robot/)" "www.ysfine.com"
51.222.253.12 - - [21/Feb/2023:11:58:39 -0800] "GET /class54/class5470/total_data/refer_img/2-102_f.jpg HTTP/1.1" 200 41609 "-" "Mozilla/5.0 (compatible; AhrefsBot/7.0; +http://ahrefs.com/robot/)" "www.ysfine.com"
51.222.253.17 - - [21/Feb/2023:11:58:40 -0800] "GET /class54/class5470/total_data/img/02_smline.gif HTTP/1.1" 200 2437 "-" "Mozilla/5.0 (compatible; AhrefsBot/7.0; +http://ahrefs.com/robot/)" "www.ysfine.com"
51.222.253.4 - - [21/Feb/2023:11:58:40 -0800] "GET /class54/class5470/total_data/refer_img/2-100_f.jpg HTTP/1.1" 200 30216 "-" "Mozilla/5.0 (compatible; AhrefsBot/7.0; +http://ahrefs.com/robot/)" "www.ysfine.com"
51.222.253.19 - - [21/Feb/2023:11:58:40 -0800] "GET /class54/class5470/total_data/refer_img/2-103_f.jpg HTTP/1.1" 200 29992 "-" "Mozilla/5.0 (compatible; AhrefsBot/7.0; +http://ahrefs.com/robot/)" "www.ysfine.com"
51.222.253.11 - - [21/Feb/2023:11:58:41 -0800] "GET /class54/class5470/total_data/refer_img/2-105_f.jpg HTTP/1.1" 200 38971 "-" "Mozilla/5.0 (compatible; AhrefsBot/7.0; +http://ahrefs.com/robot/)" "www.ysfine.com"
51.222.253.4 - - [21/Feb/2023:11:58:41 -0800] "GET /class54/class5470/total_data/refer_img/2-108_f.jpg HTTP/1.1" 200 26886 "-" "Mozilla/5.0 (compatible; AhrefsBot/7.0; +http://ahrefs.com/robot/)" "www.ysfine.com"
51.222.253.13 - - [21/Feb/2023:11:58:42 -0800] "GET /class54/class5470/total_data/refer_img/2-101_f.jpg HTTP/1.1" 200 44986 "-" "Mozilla/5.0 (compatible; AhrefsBot/7.0; +http://ahrefs.com/robot/)" "www.ysfine.com"
51.222.253.20 - - [21/Feb/2023:11:58:42 -0800] "GET /class54/class5470/total_data/refer_img/2-115_f.jpg HTTP/1.1" 200 29218 "-" "Mozilla/5.0 (compatible; AhrefsBot/7.0; +http://ahrefs.com/robot/)" "www.ysfine.com"
51.222.253.18 - - [21/Feb/2023:11:58:42 -0800] "GET /class54/class5470/total_data/refer_img/2-121_f.jpg HTTP/1.1" 200 35514 "-" "Mozilla/5.0 (compatible; AhrefsBot/7.0; +http://ahrefs.com/robot/)" "www.ysfine.com"
51.222.253.19 - - [21/Feb/2023:11:58:43 -0800] "GET /class54/class5470/total_data/refer_img/2-117_f.jpg HTTP/1.1" 200 39146 "-" "Mozilla/5.0 (compatible; AhrefsBot/7.0; +http://ahrefs.com/robot/)" "www.ysfine.com"
51.222.253.1 - - [21/Feb/2023:11:58:43 -0800] "GET /class54/class5470/total_data/refer_img/2-107_f.jpg HTTP/1.1" 200 28394 "-" "Mozilla/5.0 (compatible; AhrefsBot/7.0; +http://ahrefs.com/robot/)" "www.ysfine.com"
51.222.253.11 - - [21/Feb/2023:11:58:44 -0800] "GET /class54/class5470/total_data/refer_img/2-111_f.jpg HTTP/1.1" 200 30927 "-" "Mozilla/5.0 (compatible; AhrefsBot/7.0; +http://ahrefs.com/robot/)" "www.ysfine.com"
