161.97.91.204 - - [21/Feb/2023:14:20:47 -0800] "GET /class54/class5480/Pictures/4.%C3%AA%C2%B8%C2%B0%C3%AB%C2%85%C2%90%C3%AC%C2%B4%C2%AC%C3%AC%C2%98%C2%81/%C3%AA%C2%B8%C2%B0%C3%AB%C2%85%C2%90%C3%AC%C2%B4%C2%AC%C3%AC%C2%98%C2%81%20(71).jpg HTTP/1.1" 200 10036622 "-" "Mozilla/5.0 (compatible; MJ12bot/v1.4.8; http://mj12bot.com/)" "ysfine.com"
5.189.141.104 - - [21/Feb/2023:14:20:53 -0800] "GET /class54/class5480/Pictures/1.%C3%AC%C2%A0%C2%91%C3%AC%C2%88%C2%98%C3%AB%C2%B0%C2%8F%C3%AD%C2%99%C2%98%C3%AB%C2%8B%C2%B4/%C3%AC%C2%A0%C2%91%C3%AC%C2%88%C2%98%C3%AB%C2%B0%C2%8F%C3%AD%C2%99%C2%98%C3%AB%C2%8B%C2%B4%20(31).jpg HTTP/1.1" 200 7031359 "-" "Mozilla/5.0 (compatible; MJ12bot/v1.4.8; http://mj12bot.com/)" "ysfine.com"
91.133.213.113 - - [21/Feb/2023:14:20:56 -0800] "GET /robots.txt HTTP/1.1" 404 88 "-" "Mozilla/5.0 (iPhone; U; CPU iPhone OS 4_2_1 like Mac OS X; ru-ru) AppleWebKit/533.17.9 (KHTML, like Gecko) Version/5.0.2 Mobile/8C148 Safari/6533.18.5" "ysfine.com"
91.133.186.174 - - [21/Feb/2023:14:20:56 -0800] "GET / HTTP/1.1" 200 5295 "-" "Mozilla/5.0 (iPhone; U; CPU iPhone OS 4_3_1 like Mac OS X; zh-tw) AppleWebKit/533.17.9 (KHTML, like Gecko) Version/5.0.2 Mobile/8G4 Safari/6533.18.5" "ysfine.com"
161.97.91.204 - - [21/Feb/2023:14:21:20 -0800] "GET /class54/class5480/Pictures/4.%C3%AA%C2%B8%C2%B0%C3%AB%C2%85%C2%90%C3%AC%C2%B4%C2%AC%C3%AC%C2%98%C2%81/%C3%AA%C2%B8%C2%B0%C3%AB%C2%85%C2%90%C3%AC%C2%B4%C2%AC%C3%AC%C2%98%C2%81%20(72).jpg HTTP/1.1" 200 9703727 "-" "Mozilla/5.0 (compatible; MJ12bot/v1.4.8; http://mj12bot.com/)" "ysfine.com"
5.189.141.104 - - [21/Feb/2023:14:21:20 -0800] "GET /class54/class5480/Pictures/1.%C3%AC%C2%A0%C2%91%C3%AC%C2%88%C2%98%C3%AB%C2%B0%C2%8F%C3%AD%C2%99%C2%98%C3%AB%C2%8B%C2%B4/%C3%AC%C2%A0%C2%91%C3%AC%C2%88%C2%98%C3%AB%C2%B0%C2%8F%C3%AD%C2%99%C2%98%C3%AB%C2%8B%C2%B4%20(32).jpg HTTP/1.1" 200 5711555 "-" "Mozilla/5.0 (compatible; MJ12bot/v1.4.8; http://mj12bot.com/)" "ysfine.com"
52.167.144.62 - - [21/Feb/2023:14:21:32 -0800] "GET /world/latina/cancun23.jpg HTTP/1.1" 200 119252 "-" "Mozilla/5.0 AppleWebKit/537.36 (KHTML, like Gecko; compatible; bingbot/2.0; +http://www.bing.com/bingbot.htm) Chrome/103.0.5060.134 Safari/537.36" "ysfine.com"
157.55.39.206 - - [21/Feb/2023:14:21:37 -0800] "GET /wdc/stud72b.jpg HTTP/1.1" 200 40710 "-" "Mozilla/5.0 AppleWebKit/537.36 (KHTML, like Gecko; compatible; bingbot/2.0; +http://www.bing.com/bingbot.htm) Chrome/103.0.5060.134 Safari/537.36" "ysfine.com"
51.222.253.19 - - [21/Feb/2023:14:21:38 -0800] "GET /maga/wright.html HTTP/1.1" 200 1927 "-" "Mozilla/5.0 (compatible; AhrefsBot/7.0; +http://ahrefs.com/robot/)" "ysfine.com"
64.124.8.55 - - [21/Feb/2023:14:21:39 -0800] "GET /ysbio/world/spain/cordof05.jpg HTTP/1.1" 404 88 "-" "Mozilla/5.0 (Macintosh; Intel Mac OS X 10_15_7) AppleWebKit/537.36 (KHTML, like Gecko) Chrome/107.0.0.0 Safari/537.36" "ysfine.com"
161.97.91.204 - - [21/Feb/2023:14:21:40 -0800] "GET /class54/class5480/Pictures/4.%C3%AA%C2%B8%C2%B0%C3%AB%C2%85%C2%90%C3%AC%C2%B4%C2%AC%C3%AC%C2%98%C2%81/%C3%AA%C2%B8%C2%B0%C3%AB%C2%85%C2%90%C3%AC%C2%B4%C2%AC%C3%AC%C2%98%C2%81%20(73).jpg HTTP/1.1" 200 9500952 "-" "Mozilla/5.0 (compatible; MJ12bot/v1.4.8; http://mj12bot.com/)" "ysfine.com"
5.189.141.104 - - [21/Feb/2023:14:21:42 -0800] "GET /class54/class5480/Pictures/1.%C3%AC%C2%A0%C2%91%C3%AC%C2%88%C2%98%C3%AB%C2%B0%C2%8F%C3%AD%C2%99%C2%98%C3%AB%C2%8B%C2%B4/%C3%AC%C2%A0%C2%91%C3%AC%C2%88%C2%98%C3%AB%C2%B0%C2%8F%C3%AD%C2%99%C2%98%C3%AB%C2%8B%C2%B4%20(33).jpg HTTP/1.1" 200 6105401 "-" "Mozilla/5.0 (compatible; MJ12bot/v1.4.8; http://mj12bot.com/)" "ysfine.com"
5.189.141.104 - - [21/Feb/2023:14:21:58 -0800] "GET /class54/class5480/Pictures/1.%C3%AC%C2%A0%C2%91%C3%AC%C2%88%C2%98%C3%AB%C2%B0%C2%8F%C3%AD%C2%99%C2%98%C3%AB%C2%8B%C2%B4/%C3%AC%C2%A0%C2%91%C3%AC%C2%88%C2%98%C3%AB%C2%B0%C2%8F%C3%AD%C2%99%C2%98%C3%AB%C2%8B%C2%B4%20(34).jpg HTTP/1.1" 200 7043047 "-" "Mozilla/5.0 (compatible; MJ12bot/v1.4.8; http://mj12bot.com/)" "ysfine.com"
161.97.91.204 - - [21/Feb/2023:14:22:07 -0800] "GET /class54/class5480/Pictures/4.%C3%AA%C2%B8%C2%B0%C3%AB%C2%85%C2%90%C3%AC%C2%B4%C2%AC%C3%AC%C2%98%C2%81/%C3%AA%C2%B8%C2%B0%C3%AB%C2%85%C2%90%C3%AC%C2%B4%C2%AC%C3%AC%C2%98%C2%81%20(74).jpg HTTP/1.1" 200 9493702 "-" "Mozilla/5.0 (compatible; MJ12bot/v1.4.8; http://mj12bot.com/)" "ysfine.com"
5.189.141.104 - - [21/Feb/2023:14:22:18 -0800] "GET /class54/class5480/Pictures/1.%C3%AC%C2%A0%C2%91%C3%AC%C2%88%C2%98%C3%AB%C2%B0%C2%8F%C3%AD%C2%99%C2%98%C3%AB%C2%8B%C2%B4/%C3%AC%C2%A0%C2%91%C3%AC%C2%88%C2%98%C3%AB%C2%B0%C2%8F%C3%AD%C2%99%C2%98%C3%AB%C2%8B%C2%B4%20(35).jpg HTTP/1.1" 200 8812209 "-" "Mozilla/5.0 (compatible; MJ12bot/v1.4.8; http://mj12bot.com/)" "ysfine.com"
161.97.91.204 - - [21/Feb/2023:14:22:29 -0800] "GET /class54/class5480/Pictures/4.%C3%AA%C2%B8%C2%B0%C3%AB%C2%85%C2%90%C3%AC%C2%B4%C2%AC%C3%AC%C2%98%C2%81/%C3%AA%C2%B8%C2%B0%C3%AB%C2%85%C2%90%C3%AC%C2%B4%C2%AC%C3%AC%C2%98%C2%81%20(75).jpg HTTP/1.1" 200 9229520 "-" "Mozilla/5.0 (compatible; MJ12bot/v1.4.8; http://mj12bot.com/)" "ysfine.com"
5.189.141.104 - - [21/Feb/2023:14:22:42 -0800] "GET /class54/class5480/Pictures/1.%C3%AC%C2%A0%C2%91%C3%AC%C2%88%C2%98%C3%AB%C2%B0%C2%8F%C3%AD%C2%99%C2%98%C3%AB%C2%8B%C2%B4/%C3%AC%C2%A0%C2%91%C3%AC%C2%88%C2%98%C3%AB%C2%B0%C2%8F%C3%AD%C2%99%C2%98%C3%AB%C2%8B%C2%B4%20(36).jpg HTTP/1.1" 200 8654218 "-" "Mozilla/5.0 (compatible; MJ12bot/v1.4.8; http://mj12bot.com/)" "ysfine.com"
161.97.91.204 - - [21/Feb/2023:14:22:44 -0800] "GET /class54/class5480/Pictures/4.%C3%AA%C2%B8%C2%B0%C3%AB%C2%85%C2%90%C3%AC%C2%B4%C2%AC%C3%AC%C2%98%C2%81/%C3%AA%C2%B8%C2%B0%C3%AB%C2%85%C2%90%C3%AC%C2%B4%C2%AC%C3%AC%C2%98%C2%81%20(76).jpg HTTP/1.1" 200 9163603 "-" "Mozilla/5.0 (compatible; MJ12bot/v1.4.8; http://mj12bot.com/)" "ysfine.com"
5.189.141.104 - - [21/Feb/2023:14:23:02 -0800] "GET /class54/class5480/Pictures/1.%C3%AC%C2%A0%C2%91%C3%AC%C2%88%C2%98%C3%AB%C2%B0%C2%8F%C3%AD%C2%99%C2%98%C3%AB%C2%8B%C2%B4/%C3%AC%C2%A0%C2%91%C3%AC%C2%88%C2%98%C3%AB%C2%B0%C2%8F%C3%AD%C2%99%C2%98%C3%AB%C2%8B%C2%B4%20(37).jpg HTTP/1.1" 200 8764611 "-" "Mozilla/5.0 (compatible; MJ12bot/v1.4.8; http://mj12bot.com/)" "ysfine.com"
161.97.91.204 - - [21/Feb/2023:14:23:03 -0800] "GET /class54/class5480/Pictures/4.%C3%AA%C2%B8%C2%B0%C3%AB%C2%85%C2%90%C3%AC%C2%B4%C2%AC%C3%AC%C2%98%C2%81/%C3%AA%C2%B8%C2%B0%C3%AB%C2%85%C2%90%C3%AC%C2%B4%C2%AC%C3%AC%C2%98%C2%81%20(77).jpg HTTP/1.1" 200 9118771 "-" "Mozilla/5.0 (compatible; MJ12bot/v1.4.8; http://mj12bot.com/)" "ysfine.com"
5.189.141.104 - - [21/Feb/2023:14:23:19 -0800] "GET /class54/class5480/Pictures/1.%C3%AC%C2%A0%C2%91%C3%AC%C2%88%C2%98%C3%AB%C2%B0%C2%8F%C3%AD%C2%99%C2%98%C3%AB%C2%8B%C2%B4/%C3%AC%C2%A0%C2%91%C3%AC%C2%88%C2%98%C3%AB%C2%B0%C2%8F%C3%AD%C2%99%C2%98%C3%AB%C2%8B%C2%B4%20(38).jpg HTTP/1.1" 200 8617409 "-" "Mozilla/5.0 (compatible; MJ12bot/v1.4.8; http://mj12bot.com/)" "ysfine.com"
161.97.91.204 - - [21/Feb/2023:14:23:21 -0800] "GET /class54/class5480/Pictures/4.%C3%AA%C2%B8%C2%B0%C3%AB%C2%85%C2%90%C3%AC%C2%B4%C2%AC%C3%AC%C2%98%C2%81/%C3%AA%C2%B8%C2%B0%C3%AB%C2%85%C2%90%C3%AC%C2%B4%C2%AC%C3%AC%C2%98%C2%81%20(78).jpg HTTP/1.1" 200 12951534 "-" "Mozilla/5.0 (compatible; MJ12bot/v1.4.8; http://mj12bot.com/)" "ysfine.com"
5.189.141.104 - - [21/Feb/2023:14:23:39 -0800] "GET /class54/class5480/Pictures/1.%C3%AC%C2%A0%C2%91%C3%AC%C2%88%C2%98%C3%AB%C2%B0%C2%8F%C3%AD%C2%99%C2%98%C3%AB%C2%8B%C2%B4/%C3%AC%C2%A0%C2%91%C3%AC%C2%88%C2%98%C3%AB%C2%B0%C2%8F%C3%AD%C2%99%C2%98%C3%AB%C2%8B%C2%B4%20(39).jpg HTTP/1.1" 200 8150411 "-" "Mozilla/5.0 (compatible; MJ12bot/v1.4.8; http://mj12bot.com/)" "ysfine.com"
161.97.91.204 - - [21/Feb/2023:14:23:40 -0800] "GET /class54/class5480/Pictures/4.%C3%AA%C2%B8%C2%B0%C3%AB%C2%85%C2%90%C3%AC%C2%B4%C2%AC%C3%AC%C2%98%C2%81/%C3%AA%C2%B8%C2%B0%C3%AB%C2%85%C2%90%C3%AC%C2%B4%C2%AC%C3%AC%C2%98%C2%81%20(79).jpg HTTP/1.1" 200 13841358 "-" "Mozilla/5.0 (compatible; MJ12bot/v1.4.8; http://mj12bot.com/)" "ysfine.com"
51.222.253.7 - - [21/Feb/2023:14:23:45 -0800] "GET /dirac/lorendir.html HTTP/1.1" 200 2426 "-" "Mozilla/5.0 (compatible; AhrefsBot/7.0; +http://ahrefs.com/robot/)" "ysfine.com"
5.189.141.104 - - [21/Feb/2023:14:23:57 -0800] "GET /class54/class5480/Pictures/1.%C3%AC%C2%A0%C2%91%C3%AC%C2%88%C2%98%C3%AB%C2%B0%C2%8F%C3%AD%C2%99%C2%98%C3%AB%C2%8B%C2%B4/%C3%AC%C2%A0%C2%91%C3%AC%C2%88%C2%98%C3%AB%C2%B0%C2%8F%C3%AD%C2%99%C2%98%C3%AB%C2%8B%C2%B4%20(4).jpg HTTP/1.1" 200 7336526 "-" "Mozilla/5.0 (compatible; MJ12bot/v1.4.8; http://mj12bot.com/)" "ysfine.com"
161.97.91.204 - - [21/Feb/2023:14:24:05 -0800] "GET /class54/class5480/Pictures/4.%C3%AA%C2%B8%C2%B0%C3%AB%C2%85%C2%90%C3%AC%C2%B4%C2%AC%C3%AC%C2%98%C2%81/%C3%AA%C2%B8%C2%B0%C3%AB%C2%85%C2%90%C3%AC%C2%B4%C2%AC%C3%AC%C2%98%C2%81%20(8).jpg HTTP/1.1" 200 9897932 "-" "Mozilla/5.0 (compatible; MJ12bot/v1.4.8; http://mj12bot.com/)" "ysfine.com"
5.189.141.104 - - [21/Feb/2023:14:24:17 -0800] "GET /class54/class5480/Pictures/1.%C3%AC%C2%A0%C2%91%C3%AC%C2%88%C2%98%C3%AB%C2%B0%C2%8F%C3%AD%C2%99%C2%98%C3%AB%C2%8B%C2%B4/%C3%AC%C2%A0%C2%91%C3%AC%C2%88%C2%98%C3%AB%C2%B0%C2%8F%C3%AD%C2%99%C2%98%C3%AB%C2%8B%C2%B4%20(40).jpg HTTP/1.1" 200 9081619 "-" "Mozilla/5.0 (compatible; MJ12bot/v1.4.8; http://mj12bot.com/)" "ysfine.com"
161.97.91.204 - - [21/Feb/2023:14:24:17 -0800] "GET /class54/class5480/Pictures/4.%C3%AA%C2%B8%C2%B0%C3%AB%C2%85%C2%90%C3%AC%C2%B4%C2%AC%C3%AC%C2%98%C2%81/%C3%AA%C2%B8%C2%B0%C3%AB%C2%85%C2%90%C3%AC%C2%B4%C2%AC%C3%AC%C2%98%C2%81%20(80).jpg HTTP/1.1" 200 15850452 "-" "Mozilla/5.0 (compatible; MJ12bot/v1.4.8; http://mj12bot.com/)" "ysfine.com"
95.108.213.238 - - [21/Feb/2023:14:24:20 -0800] "GET /friends/asiaf.html HTTP/1.1" 404 88 "-" "Mozilla/5.0 (compatible; YandexBot/3.0; +http://yandex.com/bots)" "www.ysfine.com"
216.244.66.229 - - [21/Feb/2023:14:24:21 -0800] "GET /ffriends/amkor/amparis04.jpg HTTP/1.1" 200 105745 "-" "Mozilla/5.0 (compatible; DotBot/1.2; +https://opensiteexplorer.org/dotbot; help@moz.com)" "ysfine.com"
161.97.91.204 - - [21/Feb/2023:14:24:33 -0800] "GET /class54/class5480/Pictures/4.%C3%AA%C2%B8%C2%B0%C3%AB%C2%85%C2%90%C3%AC%C2%B4%C2%AC%C3%AC%C2%98%C2%81/%C3%AA%C2%B8%C2%B0%C3%AB%C2%85%C2%90%C3%AC%C2%B4%C2%AC%C3%AC%C2%98%C2%81%20(81).jpg HTTP/1.1" 200 15107406 "-" "Mozilla/5.0 (compatible; MJ12bot/v1.4.8; http://mj12bot.com/)" "ysfine.com"
5.189.141.104 - - [21/Feb/2023:14:24:38 -0800] "GET /class54/class5480/Pictures/1.%C3%AC%C2%A0%C2%91%C3%AC%C2%88%C2%98%C3%AB%C2%B0%C2%8F%C3%AD%C2%99%C2%98%C3%AB%C2%8B%C2%B4/%C3%AC%C2%A0%C2%91%C3%AC%C2%88%C2%98%C3%AB%C2%B0%C2%8F%C3%AD%C2%99%C2%98%C3%AB%C2%8B%C2%B4%20(41).jpg HTTP/1.1" 200 8470909 "-" "Mozilla/5.0 (compatible; MJ12bot/v1.4.8; http://mj12bot.com/)" "ysfine.com"
5.189.141.104 - - [21/Feb/2023:14:24:51 -0800] "GET /class54/class5480/Pictures/1.%C3%AC%C2%A0%C2%91%C3%AC%C2%88%C2%98%C3%AB%C2%B0%C2%8F%C3%AD%C2%99%C2%98%C3%AB%C2%8B%C2%B4/%C3%AC%C2%A0%C2%91%C3%AC%C2%88%C2%98%C3%AB%C2%B0%C2%8F%C3%AD%C2%99%C2%98%C3%AB%C2%8B%C2%B4%20(42).jpg HTTP/1.1" 200 9047601 "-" "Mozilla/5.0 (compatible; MJ12bot/v1.4.8; http://mj12bot.com/)" "ysfine.com"
161.97.91.204 - - [21/Feb/2023:14:24:52 -0800] "GET /class54/class5480/Pictures/4.%C3%AA%C2%B8%C2%B0%C3%AB%C2%85%C2%90%C3%AC%C2%B4%C2%AC%C3%AC%C2%98%C2%81/%C3%AA%C2%B8%C2%B0%C3%AB%C2%85%C2%90%C3%AC%C2%B4%C2%AC%C3%AC%C2%98%C2%81%20(82).jpg HTTP/1.1" 200 15452526 "-" "Mozilla/5.0 (compatible; MJ12bot/v1.4.8; http://mj12bot.com/)" "ysfine.com"
161.97.91.204 - - [21/Feb/2023:14:25:11 -0800] "GET /class54/class5480/Pictures/4.%C3%AA%C2%B8%C2%B0%C3%AB%C2%85%C2%90%C3%AC%C2%B4%C2%AC%C3%AC%C2%98%C2%81/%C3%AA%C2%B8%C2%B0%C3%AB%C2%85%C2%90%C3%AC%C2%B4%C2%AC%C3%AC%C2%98%C2%81%20(9).jpg HTTP/1.1" 200 8693550 "-" "Mozilla/5.0 (compatible; MJ12bot/v1.4.8; http://mj12bot.com/)" "ysfine.com"
5.189.141.104 - - [21/Feb/2023:14:25:21 -0800] "GET /class54/class5480/Pictures/1.%C3%AC%C2%A0%C2%91%C3%AC%C2%88%C2%98%C3%AB%C2%B0%C2%8F%C3%AD%C2%99%C2%98%C3%AB%C2%8B%C2%B4/%C3%AC%C2%A0%C2%91%C3%AC%C2%88%C2%98%C3%AB%C2%B0%C2%8F%C3%AD%C2%99%C2%98%C3%AB%C2%8B%C2%B4%20(43).jpg HTTP/1.1" 200 8091297 "-" "Mozilla/5.0 (compatible; MJ12bot/v1.4.8; http://mj12bot.com/)" "ysfine.com"
64.124.8.49 - - [21/Feb/2023:14:25:31 -0800] "GET /world/russ/fruit01.jpg HTTP/1.1" 200 72303 "-" "Mozilla/5.0 (Macintosh; Intel Mac OS X 10_15_7) AppleWebKit/537.36 (KHTML, like Gecko) Chrome/107.0.0.0 Safari/537.36" "ysfine.com"
161.97.91.204 - - [21/Feb/2023:14:25:34 -0800] "GET /ysbio/world/brit/cam27.pdf HTTP/1.1" 404 88 "-" "Mozilla/5.0 (compatible; MJ12bot/v1.4.8; http://mj12bot.com/)" "ysfine.com"
51.222.253.18 - - [21/Feb/2023:14:25:38 -0800] "GET /feynman/feyheg.html HTTP/1.1" 200 6341 "-" "Mozilla/5.0 (compatible; AhrefsBot/7.0; +http://ahrefs.com/robot/)" "ysfine.com"
5.189.141.104 - - [21/Feb/2023:14:25:40 -0800] "GET /class54/class5480/Pictures/1.%C3%AC%C2%A0%C2%91%C3%AC%C2%88%C2%98%C3%AB%C2%B0%C2%8F%C3%AD%C2%99%C2%98%C3%AB%C2%8B%C2%B4/%C3%AC%C2%A0%C2%91%C3%AC%C2%88%C2%98%C3%AB%C2%B0%C2%8F%C3%AD%C2%99%C2%98%C3%AB%C2%8B%C2%B4%20(44).jpg HTTP/1.1" 200 6611206 "-" "Mozilla/5.0 (compatible; MJ12bot/v1.4.8; http://mj12bot.com/)" "ysfine.com"
51.222.253.17 - - [21/Feb/2023:14:25:45 -0800] "GET /einstein/further08b.jpg HTTP/1.1" 200 58023 "-" "Mozilla/5.0 (compatible; AhrefsBot/7.0; +http://ahrefs.com/robot/)" "ysfine.com"
51.222.253.13 - - [21/Feb/2023:14:25:45 -0800] "GET /maga/phil/hegel21c.jpg HTTP/1.1" 200 40911 "-" "Mozilla/5.0 (compatible; AhrefsBot/7.0; +http://ahrefs.com/robot/)" "ysfine.com"
51.222.253.12 - - [21/Feb/2023:14:25:46 -0800] "GET /einstein/further10b.jpg HTTP/1.1" 200 31900 "-" "Mozilla/5.0 (compatible; AhrefsBot/7.0; +http://ahrefs.com/robot/)" "ysfine.com"
51.222.253.11 - - [21/Feb/2023:14:25:47 -0800] "GET /world/baltic/kantname11b.jpg HTTP/1.1" 200 23369 "-" "Mozilla/5.0 (compatible; AhrefsBot/7.0; +http://ahrefs.com/robot/)" "ysfine.com"
64.124.8.49 - - [21/Feb/2023:14:25:47 -0800] "GET /kowar/tanks/gmc03.jpg HTTP/1.1" 200 121801 "-" "Mozilla/5.0 (Macintosh; Intel Mac OS X 10_15_7) AppleWebKit/537.36 (KHTML, like Gecko) Chrome/107.0.0.0 Safari/537.36" "ysfine.com"
51.222.253.19 - - [21/Feb/2023:14:25:48 -0800] "GET /wigner/wight2002a.jpg HTTP/1.1" 200 57767 "-" "Mozilla/5.0 (compatible; AhrefsBot/7.0; +http://ahrefs.com/robot/)" "ysfine.com"
51.222.253.6 - - [21/Feb/2023:14:25:49 -0800] "GET /maga/phil/marxvalue11b.jpg HTTP/1.1" 200 37009 "-" "Mozilla/5.0 (compatible; AhrefsBot/7.0; +http://ahrefs.com/robot/)" "ysfine.com"
51.222.253.12 - - [21/Feb/2023:14:25:50 -0800] "GET /einstein/eintao11a.jpg HTTP/1.1" 200 51872 "-" "Mozilla/5.0 (compatible; AhrefsBot/7.0; +http://ahrefs.com/robot/)" "ysfine.com"
51.222.253.1 - - [21/Feb/2023:14:25:51 -0800] "GET /feynman/feyheg11b.jpg HTTP/1.1" 200 27621 "-" "Mozilla/5.0 (compatible; AhrefsBot/7.0; +http://ahrefs.com/robot/)" "ysfine.com"
51.222.253.8 - - [21/Feb/2023:14:25:52 -0800] "GET /maga/phil/marxphil55a.jpg HTTP/1.1" 200 95538 "-" "Mozilla/5.0 (compatible; AhrefsBot/7.0; +http://ahrefs.com/robot/)" "ysfine.com"
51.222.253.17 - - [21/Feb/2023:14:25:53 -0800] "GET /maga/phil/hegel10c.jpg HTTP/1.1" 200 591384 "-" "Mozilla/5.0 (compatible; AhrefsBot/7.0; +http://ahrefs.com/robot/)" "ysfine.com"
95.90.221.16 - - [21/Feb/2023:14:25:54 -0800] "GET /world/france/arusas01.jpg HTTP/1.1" 200 364636 "https://www.google.com/" "Mozilla/5.0 (Windows NT 10.0; Win64; x64) AppleWebKit/537.36 (KHTML, like Gecko) Chrome/109.0.0.0 Safari/537.36 OPR/95.0.0.0" "ysfine.com"
207.46.13.207 - - [21/Feb/2023:14:25:54 -0800] "GET /ysbio/style/proschanie.html HTTP/1.1" 404 88 "-" "Mozilla/5.0 AppleWebKit/537.36 (KHTML, like Gecko; compatible; bingbot/2.0; +http://www.bing.com/bingbot.htm) Chrome/103.0.5060.134 Safari/537.36" "www.ysfine.com"
51.222.253.7 - - [21/Feb/2023:14:25:54 -0800] "GET /maga/phil/nietzsche11b.jpg HTTP/1.1" 200 31647 "-" "Mozilla/5.0 (compatible; AhrefsBot/7.0; +http://ahrefs.com/robot/)" "ysfine.com"
51.222.253.20 - - [21/Feb/2023:14:25:55 -0800] "GET /feynman/feygell66b.jpg HTTP/1.1" 200 28843 "-" "Mozilla/5.0 (compatible; AhrefsBot/7.0; +http://ahrefs.com/robot/)" "ysfine.com"
161.97.91.204 - - [21/Feb/2023:14:25:55 -0800] "GET /robots.txt HTTP/1.1" 404 73 "-" "Mozilla/5.0 (compatible; MJ12bot/v1.4.8; http://mj12bot.com/)" "www.ysfine.com"
51.222.253.14 - - [21/Feb/2023:14:25:55 -0800] "GET /wigner/cylinder11b.jpg HTTP/1.1" 200 38614 "-" "Mozilla/5.0 (compatible; AhrefsBot/7.0; +http://ahrefs.com/robot/)" "ysfine.com"
51.222.253.8 - - [21/Feb/2023:14:25:56 -0800] "GET /maga/phil/hegkim01b.jpg HTTP/1.1" 200 37737 "-" "Mozilla/5.0 (compatible; AhrefsBot/7.0; +http://ahrefs.com/robot/)" "ysfine.com"
51.222.253.1 - - [21/Feb/2023:14:25:56 -0800] "GET /maga/phil/kanthegel620.jpg HTTP/1.1" 200 54203 "-" "Mozilla/5.0 (compatible; AhrefsBot/7.0; +http://ahrefs.com/robot/)" "ysfine.com"
51.222.253.10 - - [21/Feb/2023:14:25:57 -0800] "GET /maga/phil/hegplanck01b.jpg HTTP/1.1" 200 35450 "-" "Mozilla/5.0 (compatible; AhrefsBot/7.0; +http://ahrefs.com/robot/)" "ysfine.com"
64.124.8.54 - - [21/Feb/2023:14:25:59 -0800] "GET /world/baltic/riga20.jpg HTTP/1.1" 200 67860 "-" "Mozilla/5.0 (Macintosh; Intel Mac OS X 10_15_7) AppleWebKit/537.36 (KHTML, like Gecko) Chrome/107.0.0.0 Safari/537.36" "www.ysfine.com"
52.167.144.62 - - [21/Feb/2023:14:26:02 -0800] "GET /bio/style/proschanie.html HTTP/1.1" 404 88 "-" "Mozilla/5.0 AppleWebKit/537.36 (KHTML, like Gecko; compatible; bingbot/2.0; +http://www.bing.com/bingbot.htm) Chrome/103.0.5060.134 Safari/537.36" "ysfine.com"
5.189.141.104 - - [21/Feb/2023:14:26:03 -0800] "GET /class54/class5480/Pictures/1.%C3%AC%C2%A0%C2%91%C3%AC%C2%88%C2%98%C3%AB%C2%B0%C2%8F%C3%AD%C2%99%C2%98%C3%AB%C2%8B%C2%B4/%C3%AC%C2%A0%C2%91%C3%AC%C2%88%C2%98%C3%AB%C2%B0%C2%8F%C3%AD%C2%99%C2%98%C3%AB%C2%8B%C2%B4%20(45).jpg HTTP/1.1" 200 7229141 "-" "Mozilla/5.0 (compatible; MJ12bot/v1.4.8; http://mj12bot.com/)" "ysfine.com"
207.46.13.218 - - [21/Feb/2023:14:26:15 -0800] "GET /home/wigein11.jpg HTTP/1.1" 200 134455 "-" "Mozilla/5.0 AppleWebKit/537.36 (KHTML, like Gecko; compatible; bingbot/2.0; +http://www.bing.com/bingbot.htm) Chrome/103.0.5060.134 Safari/537.36" "ysfine.com"
161.97.91.204 - - [21/Feb/2023:14:26:17 -0800] "GET /ysbio//class54/acs/acs17.jpg HTTP/1.1" 404 88 "-" "Mozilla/5.0 (compatible; MJ12bot/v1.4.8; http://mj12bot.com/)" "www.ysfine.com"
5.189.141.104 - - [21/Feb/2023:14:26:19 -0800] "GET /class54/class5480/Pictures/1.%C3%AC%C2%A0%C2%91%C3%AC%C2%88%C2%98%C3%AB%C2%B0%C2%8F%C3%AD%C2%99%C2%98%C3%AB%C2%8B%C2%B4/%C3%AC%C2%A0%C2%91%C3%AC%C2%88%C2%98%C3%AB%C2%B0%C2%8F%C3%AD%C2%99%C2%98%C3%AB%C2%8B%C2%B4%20(46).jpg HTTP/1.1" 200 10145869 "-" "Mozilla/5.0 (compatible; MJ12bot/v1.4.8; http://mj12bot.com/)" "ysfine.com"
159.117.161.163 - - [21/Feb/2023:14:26:23 -0800] "GET /einstein/einboy.jpg HTTP/1.1" 200 91141 "https://www.google.com/" "Mozilla/5.0 (Macintosh; Intel Mac OS X 10_15_7) AppleWebKit/537.36 (KHTML, like Gecko) Chrome/108.0.0.0 Safari/537.36" "ysfine.com"
64.124.8.50 - - [21/Feb/2023:14:26:24 -0800] "GET /newyork/colum22.jpg HTTP/1.1" 200 110685 "-" "Mozilla/5.0 (Macintosh; Intel Mac OS X 10_15_7) AppleWebKit/537.36 (KHTML, like Gecko) Chrome/107.0.0.0 Safari/537.36" "ysfine.com"
5.189.141.104 - - [21/Feb/2023:14:26:35 -0800] "GET /class54/class5480/Pictures/1.%C3%AC%C2%A0%C2%91%C3%AC%C2%88%C2%98%C3%AB%C2%B0%C2%8F%C3%AD%C2%99%C2%98%C3%AB%C2%8B%C2%B4/%C3%AC%C2%A0%C2%91%C3%AC%C2%88%C2%98%C3%AB%C2%B0%C2%8F%C3%AD%C2%99%C2%98%C3%AB%C2%8B%C2%B4%20(47).jpg HTTP/1.1" 200 8483345 "-" "Mozilla/5.0 (compatible; MJ12bot/v1.4.8; http://mj12bot.com/)" "ysfine.com"
161.97.91.204 - - [21/Feb/2023:14:26:40 -0800] "GET /ysbio//class54/acs/acs68.jpg HTTP/1.1" 404 88 "-" "Mozilla/5.0 (compatible; MJ12bot/v1.4.8; http://mj12bot.com/)" "www.ysfine.com"
5.189.141.104 - - [21/Feb/2023:14:26:53 -0800] "GET /class54/class5480/Pictures/1.%C3%AC%C2%A0%C2%91%C3%AC%C2%88%C2%98%C3%AB%C2%B0%C2%8F%C3%AD%C2%99%C2%98%C3%AB%C2%8B%C2%B4/%C3%AC%C2%A0%C2%91%C3%AC%C2%88%C2%98%C3%AB%C2%B0%C2%8F%C3%AD%C2%99%C2%98%C3%AB%C2%8B%C2%B4%20(48).jpg HTTP/1.1" 200 7132684 "-" "Mozilla/5.0 (compatible; MJ12bot/v1.4.8; http://mj12bot.com/)" "ysfine.com"
161.97.91.204 - - [21/Feb/2023:14:26:54 -0800] "GET /ysbio//class54/acs/acs75.jpg HTTP/1.1" 404 88 "-" "Mozilla/5.0 (compatible; MJ12bot/v1.4.8; http://mj12bot.com/)" "www.ysfine.com"
5.189.141.104 - - [21/Feb/2023:14:27:15 -0800] "GET /class54/class5480/Pictures/1.%C3%AC%C2%A0%C2%91%C3%AC%C2%88%C2%98%C3%AB%C2%B0%C2%8F%C3%AD%C2%99%C2%98%C3%AB%C2%8B%C2%B4/%C3%AC%C2%A0%C2%91%C3%AC%C2%88%C2%98%C3%AB%C2%B0%C2%8F%C3%AD%C2%99%C2%98%C3%AB%C2%8B%C2%B4%20(49).jpg HTTP/1.1" 200 7187435 "-" "Mozilla/5.0 (compatible; MJ12bot/v1.4.8; http://mj12bot.com/)" "ysfine.com"
161.97.91.204 - - [21/Feb/2023:14:27:19 -0800] "GET /ysbio//class54/acs/acs96.jpg HTTP/1.1" 404 88 "-" "Mozilla/5.0 (compatible; MJ12bot/v1.4.8; http://mj12bot.com/)" "www.ysfine.com"
207.46.13.218 - - [21/Feb/2023:14:27:25 -0800] "GET /world/balkan/istan074.jpg HTTP/1.1" 200 75638 "-" "Mozilla/5.0 AppleWebKit/537.36 (KHTML, like Gecko; compatible; bingbot/2.0; +http://www.bing.com/bingbot.htm) Chrome/103.0.5060.134 Safari/537.36" "ysfine.com"
40.77.167.211 - - [21/Feb/2023:14:27:30 -0800] "GET /bio/wigner/e(2).html HTTP/1.1" 404 88 "-" "Mozilla/5.0 AppleWebKit/537.36 (KHTML, like Gecko; compatible; bingbot/2.0; +http://www.bing.com/bingbot.htm) Chrome/103.0.5060.134 Safari/537.36" "ysfine.com"
161.97.91.204 - - [21/Feb/2023:14:27:38 -0800] "GET /class54/class5480/Pictures/2.%C3%AA%C2%B8%C2%B0%C3%AB%C2%85%C2%90%C3%AD%C2%96%C2%89%C3%AC%C2%82%C2%AC/%C3%AA%C2%B8%C2%B0%C3%AB%C2%85%C2%90%C3%AD%C2%96%C2%89%C3%AC%C2%82%C2%AC%20(188).jpg HTTP/1.1" 200 4412030 "-" "Mozilla/5.0 (compatible; MJ12bot/v1.4.8; http://mj12bot.com/)" "www.ysfine.com"
5.189.141.104 - - [21/Feb/2023:14:27:39 -0800] "GET /class54/class5480/Pictures/1.%C3%AC%C2%A0%C2%91%C3%AC%C2%88%C2%98%C3%AB%C2%B0%C2%8F%C3%AD%C2%99%C2%98%C3%AB%C2%8B%C2%B4/%C3%AC%C2%A0%C2%91%C3%AC%C2%88%C2%98%C3%AB%C2%B0%C2%8F%C3%AD%C2%99%C2%98%C3%AB%C2%8B%C2%B4%20(5).jpg HTTP/1.1" 200 7102576 "-" "Mozilla/5.0 (compatible; MJ12bot/v1.4.8; http://mj12bot.com/)" "ysfine.com"
51.222.253.8 - - [21/Feb/2023:14:27:41 -0800] "GET /class54/class5470/total_data/sub_316.htm HTTP/1.1" 200 3323 "-" "Mozilla/5.0 (compatible; AhrefsBot/7.0; +http://ahrefs.com/robot/)" "www.ysfine.com"
51.222.253.8 - - [21/Feb/2023:14:27:42 -0800] "GET /class54/class5470/total_data/img/03_smtitle16.gif HTTP/1.1" 200 493 "-" "Mozilla/5.0 (compatible; AhrefsBot/7.0; +http://ahrefs.com/robot/)" "www.ysfine.com"
5.189.141.104 - - [21/Feb/2023:14:27:50 -0800] "GET /class54/class5480/Pictures/1.%C3%AC%C2%A0%C2%91%C3%AC%C2%88%C2%98%C3%AB%C2%B0%C2%8F%C3%AD%C2%99%C2%98%C3%AB%C2%8B%C2%B4/%C3%AC%C2%A0%C2%91%C3%AC%C2%88%C2%98%C3%AB%C2%B0%C2%8F%C3%AD%C2%99%C2%98%C3%AB%C2%8B%C2%B4%20(50).jpg HTTP/1.1" 200 3989167 "-" "Mozilla/5.0 (compatible; MJ12bot/v1.4.8; http://mj12bot.com/)" "ysfine.com"
161.97.91.204 - - [21/Feb/2023:14:27:54 -0800] "GET /class54/class5480/Pictures/2.%C3%AA%C2%B8%C2%B0%C3%AB%C2%85%C2%90%C3%AD%C2%96%C2%89%C3%AC%C2%82%C2%AC/%C3%AA%C2%B8%C2%B0%C3%AB%C2%85%C2%90%C3%AD%C2%96%C2%89%C3%AC%C2%82%C2%AC%20(189).jpg HTTP/1.1" 200 3964641 "-" "Mozilla/5.0 (compatible; MJ12bot/v1.4.8; http://mj12bot.com/)" "www.ysfine.com"
5.189.141.104 - - [21/Feb/2023:14:28:08 -0800] "GET /class54/class5480/Pictures/1.%C3%AC%C2%A0%C2%91%C3%AC%C2%88%C2%98%C3%AB%C2%B0%C2%8F%C3%AD%C2%99%C2%98%C3%AB%C2%8B%C2%B4/%C3%AC%C2%A0%C2%91%C3%AC%C2%88%C2%98%C3%AB%C2%B0%C2%8F%C3%AD%C2%99%C2%98%C3%AB%C2%8B%C2%B4%20(51).jpg HTTP/1.1" 200 7380964 "-" "Mozilla/5.0 (compatible; MJ12bot/v1.4.8; http://mj12bot.com/)" "ysfine.com"
161.97.91.204 - - [21/Feb/2023:14:28:10 -0800] "GET /class54/class5480/Pictures/2.%C3%AA%C2%B8%C2%B0%C3%AB%C2%85%C2%90%C3%AD%C2%96%C2%89%C3%AC%C2%82%C2%AC/%C3%AA%C2%B8%C2%B0%C3%AB%C2%85%C2%90%C3%AD%C2%96%C2%89%C3%AC%C2%82%C2%AC%20(19).jpg HTTP/1.1" 200 4503157 "-" "Mozilla/5.0 (compatible; MJ12bot/v1.4.8; http://mj12bot.com/)" "www.ysfine.com"
64.124.8.49 - - [21/Feb/2023:14:28:12 -0800] "GET /world/poland/polstu03.jpg HTTP/1.1" 200 83478 "-" "Mozilla/5.0 (Macintosh; Intel Mac OS X 10_15_7) AppleWebKit/537.36 (KHTML, like Gecko) Chrome/107.0.0.0 Safari/537.36" "www.ysfine.com"
64.124.8.49 - - [21/Feb/2023:14:28:17 -0800] "GET /newyork/colum20.jpg HTTP/1.1" 200 80725 "-" "Mozilla/5.0 (Macintosh; Intel Mac OS X 10_15_7) AppleWebKit/537.36 (KHTML, like Gecko) Chrome/107.0.0.0 Safari/537.36" "ysfine.com"
5.189.141.104 - - [21/Feb/2023:14:28:19 -0800] "GET /class54/class5480/Pictures/1.%C3%AC%C2%A0%C2%91%C3%AC%C2%88%C2%98%C3%AB%C2%B0%C2%8F%C3%AD%C2%99%C2%98%C3%AB%C2%8B%C2%B4/%C3%AC%C2%A0%C2%91%C3%AC%C2%88%C2%98%C3%AB%C2%B0%C2%8F%C3%AD%C2%99%C2%98%C3%AB%C2%8B%C2%B4%20(52).jpg HTTP/1.1" 200 10534398 "-" "Mozilla/5.0 (compatible; MJ12bot/v1.4.8; http://mj12bot.com/)" "ysfine.com"
161.97.91.204 - - [21/Feb/2023:14:28:27 -0800] "GET /class54/class5480/Pictures/2.%C3%AA%C2%B8%C2%B0%C3%AB%C2%85%C2%90%C3%AD%C2%96%C2%89%C3%AC%C2%82%C2%AC/%C3%AA%C2%B8%C2%B0%C3%AB%C2%85%C2%90%C3%AD%C2%96%C2%89%C3%AC%C2%82%C2%AC%20(190).jpg HTTP/1.1" 200 3076968 "-" "Mozilla/5.0 (compatible; MJ12bot/v1.4.8; http://mj12bot.com/)" "www.ysfine.com"
5.189.141.104 - - [21/Feb/2023:14:28:35 -0800] "GET /class54/class5480/Pictures/1.%C3%AC%C2%A0%C2%91%C3%AC%C2%88%C2%98%C3%AB%C2%B0%C2%8F%C3%AD%C2%99%C2%98%C3%AB%C2%8B%C2%B4/%C3%AC%C2%A0%C2%91%C3%AC%C2%88%C2%98%C3%AB%C2%B0%C2%8F%C3%AD%C2%99%C2%98%C3%AB%C2%8B%C2%B4%20(53).jpg HTTP/1.1" 200 7806986 "-" "Mozilla/5.0 (compatible; MJ12bot/v1.4.8; http://mj12bot.com/)" "ysfine.com"
161.97.91.204 - - [21/Feb/2023:14:28:43 -0800] "GET /class54/class5480/Pictures/2.%C3%AA%C2%B8%C2%B0%C3%AB%C2%85%C2%90%C3%AD%C2%96%C2%89%C3%AC%C2%82%C2%AC/%C3%AA%C2%B8%C2%B0%C3%AB%C2%85%C2%90%C3%AD%C2%96%C2%89%C3%AC%C2%82%C2%AC%20(191).jpg HTTP/1.1" 200 3650535 "-" "Mozilla/5.0 (compatible; MJ12bot/v1.4.8; http://mj12bot.com/)" "www.ysfine.com"
5.189.141.104 - - [21/Feb/2023:14:28:57 -0800] "GET /class54/class5480/Pictures/1.%C3%AC%C2%A0%C2%91%C3%AC%C2%88%C2%98%C3%AB%C2%B0%C2%8F%C3%AD%C2%99%C2%98%C3%AB%C2%8B%C2%B4/%C3%AC%C2%A0%C2%91%C3%AC%C2%88%C2%98%C3%AB%C2%B0%C2%8F%C3%AD%C2%99%C2%98%C3%AB%C2%8B%C2%B4%20(54).jpg HTTP/1.1" 200 7160524 "-" "Mozilla/5.0 (compatible; MJ12bot/v1.4.8; http://mj12bot.com/)" "ysfine.com"
161.97.91.204 - - [21/Feb/2023:14:29:02 -0800] "GET /class54/class5480/Pictures/2.%C3%AA%C2%B8%C2%B0%C3%AB%C2%85%C2%90%C3%AD%C2%96%C2%89%C3%AC%C2%82%C2%AC/%C3%AA%C2%B8%C2%B0%C3%AB%C2%85%C2%90%C3%AD%C2%96%C2%89%C3%AC%C2%82%C2%AC%20(192).jpg HTTP/1.1" 200 2901486 "-" "Mozilla/5.0 (compatible; MJ12bot/v1.4.8; http://mj12bot.com/)" "www.ysfine.com"
5.189.141.104 - - [21/Feb/2023:14:29:16 -0800] "GET /class54/class5480/Pictures/1.%C3%AC%C2%A0%C2%91%C3%AC%C2%88%C2%98%C3%AB%C2%B0%C2%8F%C3%AD%C2%99%C2%98%C3%AB%C2%8B%C2%B4/%C3%AC%C2%A0%C2%91%C3%AC%C2%88%C2%98%C3%AB%C2%B0%C2%8F%C3%AD%C2%99%C2%98%C3%AB%C2%8B%C2%B4%20(55).jpg HTTP/1.1" 200 6844383 "-" "Mozilla/5.0 (compatible; MJ12bot/v1.4.8; http://mj12bot.com/)" "ysfine.com"
161.97.91.204 - - [21/Feb/2023:14:29:23 -0800] "GET /class54/class5480/Pictures/2.%C3%AA%C2%B8%C2%B0%C3%AB%C2%85%C2%90%C3%AD%C2%96%C2%89%C3%AC%C2%82%C2%AC/%C3%AA%C2%B8%C2%B0%C3%AB%C2%85%C2%90%C3%AD%C2%96%C2%89%C3%AC%C2%82%C2%AC%20(193).jpg HTTP/1.1" 200 5083514 "-" "Mozilla/5.0 (compatible; MJ12bot/v1.4.8; http://mj12bot.com/)" "www.ysfine.com"
5.189.141.104 - - [21/Feb/2023:14:29:38 -0800] "GET /class54/class5480/Pictures/1.%C3%AC%C2%A0%C2%91%C3%AC%C2%88%C2%98%C3%AB%C2%B0%C2%8F%C3%AD%C2%99%C2%98%C3%AB%C2%8B%C2%B4/%C3%AC%C2%A0%C2%91%C3%AC%C2%88%C2%98%C3%AB%C2%B0%C2%8F%C3%AD%C2%99%C2%98%C3%AB%C2%8B%C2%B4%20(56).jpg HTTP/1.1" 200 10702110 "-" "Mozilla/5.0 (compatible; MJ12bot/v1.4.8; http://mj12bot.com/)" "ysfine.com"
161.97.91.204 - - [21/Feb/2023:14:29:42 -0800] "GET /class54/class5480/Pictures/2.%C3%AA%C2%B8%C2%B0%C3%AB%C2%85%C2%90%C3%AD%C2%96%C2%89%C3%AC%C2%82%C2%AC/%C3%AA%C2%B8%C2%B0%C3%AB%C2%85%C2%90%C3%AD%C2%96%C2%89%C3%AC%C2%82%C2%AC%20(194).jpg HTTP/1.1" 200 4733877 "-" "Mozilla/5.0 (compatible; MJ12bot/v1.4.8; http://mj12bot.com/)" "www.ysfine.com"
64.124.8.57 - - [21/Feb/2023:14:29:45 -0800] "GET /ysbio/world/russ/koryo44.jpg HTTP/1.1" 404 88 "-" "Mozilla/5.0 (Macintosh; Intel Mac OS X 10_15_7) AppleWebKit/537.36 (KHTML, like Gecko) Chrome/107.0.0.0 Safari/537.36" "ysfine.com"
51.222.253.1 - - [21/Feb/2023:14:29:47 -0800] "GET /class54/class5470/total_data/sub_313.htm HTTP/1.1" 200 3303 "-" "Mozilla/5.0 (compatible; AhrefsBot/7.0; +http://ahrefs.com/robot/)" "www.ysfine.com"
5.189.141.104 - - [21/Feb/2023:14:29:56 -0800] "GET /class54/class5480/Pictures/1.%C3%AC%C2%A0%C2%91%C3%AC%C2%88%C2%98%C3%AB%C2%B0%C2%8F%C3%AD%C2%99%C2%98%C3%AB%C2%8B%C2%B4/%C3%AC%C2%A0%C2%91%C3%AC%C2%88%C2%98%C3%AB%C2%B0%C2%8F%C3%AD%C2%99%C2%98%C3%AB%C2%8B%C2%B4%20(6).jpg HTTP/1.1" 200 8492875 "-" "Mozilla/5.0 (compatible; MJ12bot/v1.4.8; http://mj12bot.com/)" "ysfine.com"
161.97.91.204 - - [21/Feb/2023:14:29:56 -0800] "GET /class54/class5480/Pictures/2.%C3%AA%C2%B8%C2%B0%C3%AB%C2%85%C2%90%C3%AD%C2%96%C2%89%C3%AC%C2%82%C2%AC/%C3%AA%C2%B8%C2%B0%C3%AB%C2%85%C2%90%C3%AD%C2%96%C2%89%C3%AC%C2%82%C2%AC%20(195).jpg HTTP/1.1" 200 4206036 "-" "Mozilla/5.0 (compatible; MJ12bot/v1.4.8; http://mj12bot.com/)" "www.ysfine.com"
64.124.8.54 - - [21/Feb/2023:14:29:58 -0800] "GET /world/ital/rome173.jpg HTTP/1.1" 200 124316 "-" "Mozilla/5.0 (Macintosh; Intel Mac OS X 10_15_7) AppleWebKit/537.36 (KHTML, like Gecko) Chrome/107.0.0.0 Safari/537.36" "ysfine.com"
207.46.13.218 - - [21/Feb/2023:14:30:16 -0800] "GET /eink/einbohr11c.jpg HTTP/1.1" 200 37811 "-" "Mozilla/5.0 AppleWebKit/537.36 (KHTML, like Gecko; compatible; bingbot/2.0; +http://www.bing.com/bingbot.htm) Chrome/103.0.5060.134 Safari/537.36" "ysfine.com"
161.97.91.204 - - [21/Feb/2023:14:30:18 -0800] "GET /class54/class5480/Pictures/2.%C3%AA%C2%B8%C2%B0%C3%AB%C2%85%C2%90%C3%AD%C2%96%C2%89%C3%AC%C2%82%C2%AC/%C3%AA%C2%B8%C2%B0%C3%AB%C2%85%C2%90%C3%AD%C2%96%C2%89%C3%AC%C2%82%C2%AC%20(196).jpg HTTP/1.1" 200 4095659 "-" "Mozilla/5.0 (compatible; MJ12bot/v1.4.8; http://mj12bot.com/)" "www.ysfine.com"
5.189.141.104 - - [21/Feb/2023:14:30:20 -0800] "GET /class54/class5480/Pictures/1.%C3%AC%C2%A0%C2%91%C3%AC%C2%88%C2%98%C3%AB%C2%B0%C2%8F%C3%AD%C2%99%C2%98%C3%AB%C2%8B%C2%B4/%C3%AC%C2%A0%C2%91%C3%AC%C2%88%C2%98%C3%AB%C2%B0%C2%8F%C3%AD%C2%99%C2%98%C3%AB%C2%8B%C2%B4%20(7).jpg HTTP/1.1" 200 7831012 "-" "Mozilla/5.0 (compatible; MJ12bot/v1.4.8; http://mj12bot.com/)" "ysfine.com"
5.189.141.104 - - [21/Feb/2023:14:30:39 -0800] "GET /class54/class5480/Pictures/1.%C3%AC%C2%A0%C2%91%C3%AC%C2%88%C2%98%C3%AB%C2%B0%C2%8F%C3%AD%C2%99%C2%98%C3%AB%C2%8B%C2%B4/%C3%AC%C2%A0%C2%91%C3%AC%C2%88%C2%98%C3%AB%C2%B0%C2%8F%C3%AD%C2%99%C2%98%C3%AB%C2%8B%C2%B4%20(8).jpg HTTP/1.1" 200 7984931 "-" "Mozilla/5.0 (compatible; MJ12bot/v1.4.8; http://mj12bot.com/)" "ysfine.com"
161.97.91.204 - - [21/Feb/2023:14:30:39 -0800] "GET /class54/class5480/Pictures/2.%C3%AA%C2%B8%C2%B0%C3%AB%C2%85%C2%90%C3%AD%C2%96%C2%89%C3%AC%C2%82%C2%AC/%C3%AA%C2%B8%C2%B0%C3%AB%C2%85%C2%90%C3%AD%C2%96%C2%89%C3%AC%C2%82%C2%AC%20(197).jpg HTTP/1.1" 200 5878853 "-" "Mozilla/5.0 (compatible; MJ12bot/v1.4.8; http://mj12bot.com/)" "www.ysfine.com"
76.226.160.220 - - [21/Feb/2023:14:30:48 -0800] "GET /princeton/nasshall12.jpg HTTP/1.1" 200 127581 "https://www.google.com/" "Mozilla/5.0 (Windows NT 10.0; Win64; x64) AppleWebKit/537.36 (KHTML, like Gecko) Chrome/110.0.0.0 Safari/537.36" "ysfine.com"
5.189.141.104 - - [21/Feb/2023:14:30:54 -0800] "GET /class54/class5480/Pictures/1.%C3%AC%C2%A0%C2%91%C3%AC%C2%88%C2%98%C3%AB%C2%B0%C2%8F%C3%AD%C2%99%C2%98%C3%AB%C2%8B%C2%B4/%C3%AC%C2%A0%C2%91%C3%AC%C2%88%C2%98%C3%AB%C2%B0%C2%8F%C3%AD%C2%99%C2%98%C3%AB%C2%8B%C2%B4%20(9).jpg HTTP/1.1" 200 8011411 "-" "Mozilla/5.0 (compatible; MJ12bot/v1.4.8; http://mj12bot.com/)" "ysfine.com"
161.97.91.204 - - [21/Feb/2023:14:31:00 -0800] "GET /class54/class5480/Pictures/2.%C3%AA%C2%B8%C2%B0%C3%AB%C2%85%C2%90%C3%AD%C2%96%C2%89%C3%AC%C2%82%C2%AC/%C3%AA%C2%B8%C2%B0%C3%AB%C2%85%C2%90%C3%AD%C2%96%C2%89%C3%AC%C2%82%C2%AC%20(198).jpg HTTP/1.1" 200 3300298 "-" "Mozilla/5.0 (compatible; MJ12bot/v1.4.8; http://mj12bot.com/)" "www.ysfine.com"
192.0.114.113 - - [21/Feb/2023:14:31:11 -0800] "GET /wigner/neum/vnc01.jpg HTTP/1.1" 200 133641 "-" "Photon/1.0" "ysfine.com"
64.124.8.56 - - [21/Feb/2023:14:31:13 -0800] "GET /wigner/eucylin11.jpg HTTP/1.1" 200 41175 "-" "Mozilla/5.0 (Macintosh; Intel Mac OS X 10_15_7) AppleWebKit/537.36 (KHTML, like Gecko) Chrome/107.0.0.0 Safari/537.36" "www.ysfine.com"
5.189.141.104 - - [21/Feb/2023:14:31:15 -0800] "GET /class54/class5480/Pictures/2.%C3%AA%C2%B8%C2%B0%C3%AB%C2%85%C2%90%C3%AD%C2%96%C2%89%C3%AC%C2%82%C2%AC/%C3%AA%C2%B8%C2%B0%C3%AB%C2%85%C2%90%C3%AD%C2%96%C2%89%C3%AC%C2%82%C2%AC%20(1).jpg HTTP/1.1" 200 4529382 "-" "Mozilla/5.0 (compatible; MJ12bot/v1.4.8; http://mj12bot.com/)" "ysfine.com"
161.97.91.204 - - [21/Feb/2023:14:31:19 -0800] "GET /class54/class5480/Pictures/2.%C3%AA%C2%B8%C2%B0%C3%AB%C2%85%C2%90%C3%AD%C2%96%C2%89%C3%AC%C2%82%C2%AC/%C3%AA%C2%B8%C2%B0%C3%AB%C2%85%C2%90%C3%AD%C2%96%C2%89%C3%AC%C2%82%C2%AC%20(199).jpg HTTP/1.1" 200 4761679 "-" "Mozilla/5.0 (compatible; MJ12bot/v1.4.8; http://mj12bot.com/)" "www.ysfine.com"
161.97.91.204 - - [21/Feb/2023:14:31:35 -0800] "GET /class54/class5480/Pictures/2.%C3%AA%C2%B8%C2%B0%C3%AB%C2%85%C2%90%C3%AD%C2%96%C2%89%C3%AC%C2%82%C2%AC/%C3%AA%C2%B8%C2%B0%C3%AB%C2%85%C2%90%C3%AD%C2%96%C2%89%C3%AC%C2%82%C2%AC%20(2).jpg HTTP/1.1" 200 6586877 "-" "Mozilla/5.0 (compatible; MJ12bot/v1.4.8; http://mj12bot.com/)" "www.ysfine.com"
5.189.141.104 - - [21/Feb/2023:14:31:39 -0800] "GET /class54/class5480/Pictures/2.%C3%AA%C2%B8%C2%B0%C3%AB%C2%85%C2%90%C3%AD%C2%96%C2%89%C3%AC%C2%82%C2%AC/%C3%AA%C2%B8%C2%B0%C3%AB%C2%85%C2%90%C3%AD%C2%96%C2%89%C3%AC%C2%82%C2%AC%20(10).jpg HTTP/1.1" 200 4108439 "-" "Mozilla/5.0 (compatible; MJ12bot/v1.4.8; http://mj12bot.com/)" "ysfine.com"
161.97.91.204 - - [21/Feb/2023:14:31:47 -0800] "GET /class54/class5480/Pictures/2.%C3%AA%C2%B8%C2%B0%C3%AB%C2%85%C2%90%C3%AD%C2%96%C2%89%C3%AC%C2%82%C2%AC/%C3%AA%C2%B8%C2%B0%C3%AB%C2%85%C2%90%C3%AD%C2%96%C2%89%C3%AC%C2%82%C2%AC%20(20).jpg HTTP/1.1" 200 3940934 "-" "Mozilla/5.0 (compatible; MJ12bot/v1.4.8; http://mj12bot.com/)" "www.ysfine.com"
51.222.253.14 - - [21/Feb/2023:14:31:52 -0800] "GET /class54/class5470/total_data/sub_310.htm HTTP/1.1" 200 3333 "-" "Mozilla/5.0 (compatible; AhrefsBot/7.0; +http://ahrefs.com/robot/)" "www.ysfine.com"
51.222.253.8 - - [21/Feb/2023:14:31:54 -0800] "GET /class54/class5470/total_data/img/03_smtitle10.gif HTTP/1.1" 200 466 "-" "Mozilla/5.0 (compatible; AhrefsBot/7.0; +http://ahrefs.com/robot/)" "www.ysfine.com"
161.97.91.204 - - [21/Feb/2023:14:32:03 -0800] "GET /class54/class5480/Pictures/2.%C3%AA%C2%B8%C2%B0%C3%AB%C2%85%C2%90%C3%AD%C2%96%C2%89%C3%AC%C2%82%C2%AC/%C3%AA%C2%B8%C2%B0%C3%AB%C2%85%C2%90%C3%AD%C2%96%C2%89%C3%AC%C2%82%C2%AC%20(200).jpg HTTP/1.1" 200 7252651 "-" "Mozilla/5.0 (compatible; MJ12bot/v1.4.8; http://mj12bot.com/)" "www.ysfine.com"
5.189.141.104 - - [21/Feb/2023:14:32:06 -0800] "GET /class54/class5480/Pictures/2.%C3%AA%C2%B8%C2%B0%C3%AB%C2%85%C2%90%C3%AD%C2%96%C2%89%C3%AC%C2%82%C2%AC/%C3%AA%C2%B8%C2%B0%C3%AB%C2%85%C2%90%C3%AD%C2%96%C2%89%C3%AC%C2%82%C2%AC%20(100).jpg HTTP/1.1" 200 6960507 "-" "Mozilla/5.0 (compatible; MJ12bot/v1.4.8; http://mj12bot.com/)" "ysfine.com"
66.249.70.208 - - [21/Feb/2023:14:32:12 -0800] "GET /newyork/colum09.jpg HTTP/1.1" 304 - "-" "Googlebot-Image/1.0" "ysfine.com"
161.97.91.204 - - [21/Feb/2023:14:32:17 -0800] "GET /class54/class5480/Pictures/2.%C3%AA%C2%B8%C2%B0%C3%AB%C2%85%C2%90%C3%AD%C2%96%C2%89%C3%AC%C2%82%C2%AC/%C3%AA%C2%B8%C2%B0%C3%AB%C2%85%C2%90%C3%AD%C2%96%C2%89%C3%AC%C2%82%C2%AC%20(24).jpg HTTP/1.1" 200 7368570 "-" "Mozilla/5.0 (compatible; MJ12bot/v1.4.8; http://mj12bot.com/)" "www.ysfine.com"
161.97.91.204 - - [21/Feb/2023:14:32:32 -0800] "GET /class54/class5480/Pictures/2.%C3%AA%C2%B8%C2%B0%C3%AB%C2%85%C2%90%C3%AD%C2%96%C2%89%C3%AC%C2%82%C2%AC/%C3%AA%C2%B8%C2%B0%C3%AB%C2%85%C2%90%C3%AD%C2%96%C2%89%C3%AC%C2%82%C2%AC%20(25).jpg HTTP/1.1" 200 3857035 "-" "Mozilla/5.0 (compatible; MJ12bot/v1.4.8; http://mj12bot.com/)" "www.ysfine.com"
72.106.35.31 - - [21/Feb/2023:14:32:52 -0800] "GET /kobak/rhee10.jpg HTTP/1.1" 200 116308 "https://www.google.com/" "Mozilla/5.0 (Macintosh; Intel Mac OS X 10_15_7) AppleWebKit/537.36 (KHTML, like Gecko) Chrome/109.0.0.0 Safari/537.36" "ysfine.com"
161.97.91.204 - - [21/Feb/2023:14:32:52 -0800] "GET /class54/class5480/Pictures/2.%C3%AA%C2%B8%C2%B0%C3%AB%C2%85%C2%90%C3%AD%C2%96%C2%89%C3%AC%C2%82%C2%AC/%C3%AA%C2%B8%C2%B0%C3%AB%C2%85%C2%90%C3%AD%C2%96%C2%89%C3%AC%C2%82%C2%AC%20(26).jpg HTTP/1.1" 200 7312874 "-" "Mozilla/5.0 (compatible; MJ12bot/v1.4.8; http://mj12bot.com/)" "www.ysfine.com"
52.167.144.62 - - [21/Feb/2023:14:33:12 -0800] "GET /world/russ/roskei94.jpg HTTP/1.1" 200 108504 "-" "Mozilla/5.0 AppleWebKit/537.36 (KHTML, like Gecko; compatible; bingbot/2.0; +http://www.bing.com/bingbot.htm) Chrome/103.0.5060.134 Safari/537.36" "www.ysfine.com"
161.97.91.204 - - [21/Feb/2023:14:33:12 -0800] "GET /class54/class5480/Pictures/2.%C3%AA%C2%B8%C2%B0%C3%AB%C2%85%C2%90%C3%AD%C2%96%C2%89%C3%AC%C2%82%C2%AC/%C3%AA%C2%B8%C2%B0%C3%AB%C2%85%C2%90%C3%AD%C2%96%C2%89%C3%AC%C2%82%C2%AC%20(27).jpg HTTP/1.1" 200 5498609 "-" "Mozilla/5.0 (compatible; MJ12bot/v1.4.8; http://mj12bot.com/)" "www.ysfine.com"
75.149.153.101 - - [21/Feb/2023:14:33:19 -0800] "GET /sbk/2010bonn33.jpg HTTP/1.1" 200 197366 "https://www.google.com/" "Mozilla/5.0 (Windows NT 10.0; Win64; x64) AppleWebKit/537.36 (KHTML, like Gecko) Chrome/110.0.0.0 Safari/537.36" "ysfine.com"
64.124.8.49 - - [21/Feb/2023:14:33:28 -0800] "GET /ysbio/world/germany/stutt11.jpg HTTP/1.1" 404 88 "-" "Mozilla/5.0 (Macintosh; Intel Mac OS X 10_15_7) AppleWebKit/537.36 (KHTML, like Gecko) Chrome/107.0.0.0 Safari/537.36" "ysfine.com"
161.97.91.204 - - [21/Feb/2023:14:33:32 -0800] "GET /class54/class5480/Pictures/2.%C3%AA%C2%B8%C2%B0%C3%AB%C2%85%C2%90%C3%AD%C2%96%C2%89%C3%AC%C2%82%C2%AC/%C3%AA%C2%B8%C2%B0%C3%AB%C2%85%C2%90%C3%AD%C2%96%C2%89%C3%AC%C2%82%C2%AC%20(28).jpg HTTP/1.1" 200 5609615 "-" "Mozilla/5.0 (compatible; MJ12bot/v1.4.8; http://mj12bot.com/)" "www.ysfine.com"
161.97.91.204 - - [21/Feb/2023:14:33:52 -0800] "GET /class54/class5480/Pictures/2.%C3%AA%C2%B8%C2%B0%C3%AB%C2%85%C2%90%C3%AD%C2%96%C2%89%C3%AC%C2%82%C2%AC/%C3%AA%C2%B8%C2%B0%C3%AB%C2%85%C2%90%C3%AD%C2%96%C2%89%C3%AC%C2%82%C2%AC%20(29).jpg HTTP/1.1" 200 8884606 "-" "Mozilla/5.0 (compatible; MJ12bot/v1.4.8; http://mj12bot.com/)" "www.ysfine.com"
51.222.253.13 - - [21/Feb/2023:14:33:53 -0800] "GET /class54/class5470/total_data/sub_319.htm HTTP/1.1" 200 3310 "-" "Mozilla/5.0 (compatible; AhrefsBot/7.0; +http://ahrefs.com/robot/)" "www.ysfine.com"
51.222.253.3 - - [21/Feb/2023:14:33:55 -0800] "GET /class54/class5470/total_data/img/03_smtitle05.gif HTTP/1.1" 200 827 "-" "Mozilla/5.0 (compatible; AhrefsBot/7.0; +http://ahrefs.com/robot/)" "www.ysfine.com"
161.97.91.204 - - [21/Feb/2023:14:34:04 -0800] "GET /class54/class5480/Pictures/2.%C3%AA%C2%B8%C2%B0%C3%AB%C2%85%C2%90%C3%AD%C2%96%C2%89%C3%AC%C2%82%C2%AC/%C3%AA%C2%B8%C2%B0%C3%AB%C2%85%C2%90%C3%AD%C2%96%C2%89%C3%AC%C2%82%C2%AC%20(3).jpg HTTP/1.1" 200 5472589 "-" "Mozilla/5.0 (compatible; MJ12bot/v1.4.8; http://mj12bot.com/)" "www.ysfine.com"
161.97.91.204 - - [21/Feb/2023:14:34:17 -0800] "GET /class54/class5480/Pictures/2.%C3%AA%C2%B8%C2%B0%C3%AB%C2%85%C2%90%C3%AD%C2%96%C2%89%C3%AC%C2%82%C2%AC/%C3%AA%C2%B8%C2%B0%C3%AB%C2%85%C2%90%C3%AD%C2%96%C2%89%C3%AC%C2%82%C2%AC%20(30).jpg HTTP/1.1" 200 8614861 "-" "Mozilla/5.0 (compatible; MJ12bot/v1.4.8; http://mj12bot.com/)" "www.ysfine.com"
161.97.91.204 - - [21/Feb/2023:14:34:30 -0800] "GET /class54/class5480/Pictures/2.%C3%AA%C2%B8%C2%B0%C3%AB%C2%85%C2%90%C3%AD%C2%96%C2%89%C3%AC%C2%82%C2%AC/%C3%AA%C2%B8%C2%B0%C3%AB%C2%85%C2%90%C3%AD%C2%96%C2%89%C3%AC%C2%82%C2%AC%20(31).jpg HTTP/1.1" 200 6178014 "-" "Mozilla/5.0 (compatible; MJ12bot/v1.4.8; http://mj12bot.com/)" "www.ysfine.com"
161.97.91.204 - - [21/Feb/2023:14:34:47 -0800] "GET /class54/class5480/Pictures/2.%C3%AA%C2%B8%C2%B0%C3%AB%C2%85%C2%90%C3%AD%C2%96%C2%89%C3%AC%C2%82%C2%AC/%C3%AA%C2%B8%C2%B0%C3%AB%C2%85%C2%90%C3%AD%C2%96%C2%89%C3%AC%C2%82%C2%AC%20(32).jpg HTTP/1.1" 200 7164897 "-" "Mozilla/5.0 (compatible; MJ12bot/v1.4.8; http://mj12bot.com/)" "www.ysfine.com"
161.97.91.204 - - [21/Feb/2023:14:35:03 -0800] "GET /class54/class5480/Pictures/2.%C3%AA%C2%B8%C2%B0%C3%AB%C2%85%C2%90%C3%AD%C2%96%C2%89%C3%AC%C2%82%C2%AC/%C3%AA%C2%B8%C2%B0%C3%AB%C2%85%C2%90%C3%AD%C2%96%C2%89%C3%AC%C2%82%C2%AC%20(33).jpg HTTP/1.1" 200 5501002 "-" "Mozilla/5.0 (compatible; MJ12bot/v1.4.8; http://mj12bot.com/)" "www.ysfine.com"
161.97.91.204 - - [21/Feb/2023:14:35:16 -0800] "GET /class54/class5480/Pictures/2.%C3%AA%C2%B8%C2%B0%C3%AB%C2%85%C2%90%C3%AD%C2%96%C2%89%C3%AC%C2%82%C2%AC/%C3%AA%C2%B8%C2%B0%C3%AB%C2%85%C2%90%C3%AD%C2%96%C2%89%C3%AC%C2%82%C2%AC%20(34).jpg HTTP/1.1" 200 5728684 "-" "Mozilla/5.0 (compatible; MJ12bot/v1.4.8; http://mj12bot.com/)" "www.ysfine.com"
161.97.91.204 - - [21/Feb/2023:14:35:28 -0800] "GET /class54/class5480/Pictures/2.%C3%AA%C2%B8%C2%B0%C3%AB%C2%85%C2%90%C3%AD%C2%96%C2%89%C3%AC%C2%82%C2%AC/%C3%AA%C2%B8%C2%B0%C3%AB%C2%85%C2%90%C3%AD%C2%96%C2%89%C3%AC%C2%82%C2%AC%20(35).jpg HTTP/1.1" 200 5103572 "-" "Mozilla/5.0 (compatible; MJ12bot/v1.4.8; http://mj12bot.com/)" "www.ysfine.com"
68.195.104.94 - - [21/Feb/2023:14:35:29 -0800] "GET /princeton/gcollege61.jpg HTTP/1.1" 200 84242 "-" "Mozilla/5.0 (Windows NT 10.0; Win64; x64; rv:109.0) Gecko/20100101 Firefox/110.0" "www.ysfine.com"
161.97.91.204 - - [21/Feb/2023:14:35:47 -0800] "GET /class54/class5480/Pictures/2.%C3%AA%C2%B8%C2%B0%C3%AB%C2%85%C2%90%C3%AD%C2%96%C2%89%C3%AC%C2%82%C2%AC/%C3%AA%C2%B8%C2%B0%C3%AB%C2%85%C2%90%C3%AD%C2%96%C2%89%C3%AC%C2%82%C2%AC%20(36).jpg HTTP/1.1" 200 5125765 "-" "Mozilla/5.0 (compatible; MJ12bot/v1.4.8; http://mj12bot.com/)" "www.ysfine.com"
51.222.253.12 - - [21/Feb/2023:14:35:53 -0800] "GET /class54/class5470/total_data/sub_304.htm HTTP/1.1" 200 3325 "-" "Mozilla/5.0 (compatible; AhrefsBot/7.0; +http://ahrefs.com/robot/)" "www.ysfine.com"
161.97.91.204 - - [21/Feb/2023:14:35:59 -0800] "GET /class54/class5480/Pictures/2.%C3%AA%C2%B8%C2%B0%C3%AB%C2%85%C2%90%C3%AD%C2%96%C2%89%C3%AC%C2%82%C2%AC/%C3%AA%C2%B8%C2%B0%C3%AB%C2%85%C2%90%C3%AD%C2%96%C2%89%C3%AC%C2%82%C2%AC%20(37).jpg HTTP/1.1" 200 4724615 "-" "Mozilla/5.0 (compatible; MJ12bot/v1.4.8; http://mj12bot.com/)" "www.ysfine.com"
51.222.253.20 - - [21/Feb/2023:14:36:00 -0800] "GET /class54/class5470/total_data/photo_img/3-4.jpg HTTP/1.1" 200 126070 "-" "Mozilla/5.0 (compatible; AhrefsBot/7.0; +http://ahrefs.com/robot/)" "www.ysfine.com"
5.189.141.104 - - [21/Feb/2023:14:36:02 -0800] "GET /class54/class5480/Pictures/2.%C3%AA%C2%B8%C2%B0%C3%AB%C2%85%C2%90%C3%AD%C2%96%C2%89%C3%AC%C2%82%C2%AC/%C3%AA%C2%B8%C2%B0%C3%AB%C2%85%C2%90%C3%AD%C2%96%C2%89%C3%AC%C2%82%C2%AC%20(101).jpg HTTP/1.1" 200 8102576 "-" "Mozilla/5.0 (compatible; MJ12bot/v1.4.8; http://mj12bot.com/)" "ysfine.com"
161.97.91.204 - - [21/Feb/2023:14:36:13 -0800] "GET /class54/class5480/Pictures/2.%C3%AA%C2%B8%C2%B0%C3%AB%C2%85%C2%90%C3%AD%C2%96%C2%89%C3%AC%C2%82%C2%AC/%C3%AA%C2%B8%C2%B0%C3%AB%C2%85%C2%90%C3%AD%C2%96%C2%89%C3%AC%C2%82%C2%AC%20(38).jpg HTTP/1.1" 200 4542193 "-" "Mozilla/5.0 (compatible; MJ12bot/v1.4.8; http://mj12bot.com/)" "www.ysfine.com"
5.189.141.104 - - [21/Feb/2023:14:36:14 -0800] "GET /class54/class5480/Pictures/2.%C3%AA%C2%B8%C2%B0%C3%AB%C2%85%C2%90%C3%AD%C2%96%C2%89%C3%AC%C2%82%C2%AC/%C3%AA%C2%B8%C2%B0%C3%AB%C2%85%C2%90%C3%AD%C2%96%C2%89%C3%AC%C2%82%C2%AC%20(102).jpg HTTP/1.1" 200 9285269 "-" "Mozilla/5.0 (compatible; MJ12bot/v1.4.8; http://mj12bot.com/)" "ysfine.com"
189.113.246.239 - - [21/Feb/2023:14:36:21 -0800] "GET /wigner/neum/vnc01.jpg HTTP/1.1" 200 133641 "https://sites.google.com/" "Mozilla/5.0 (Linux; Android 11; 220233L2G) AppleWebKit/537.36 (KHTML, like Gecko) Chrome/110.0.0.0 Mobile Safari/537.36" "ysfine.com"
5.189.141.104 - - [21/Feb/2023:14:36:21 -0800] "GET /class54/class5480/Pictures/2.%C3%AA%C2%B8%C2%B0%C3%AB%C2%85%C2%90%C3%AD%C2%96%C2%89%C3%AC%C2%82%C2%AC/%C3%AA%C2%B8%C2%B0%C3%AB%C2%85%C2%90%C3%AD%C2%96%C2%89%C3%AC%C2%82%C2%AC%20(103).jpg HTTP/1.1" 200 4185941 "-" "Mozilla/5.0 (compatible; MJ12bot/v1.4.8; http://mj12bot.com/)" "ysfine.com"
161.97.91.204 - - [21/Feb/2023:14:36:27 -0800] "GET /class54/class5480/Pictures/2.%C3%AA%C2%B8%C2%B0%C3%AB%C2%85%C2%90%C3%AD%C2%96%C2%89%C3%AC%C2%82%C2%AC/%C3%AA%C2%B8%C2%B0%C3%AB%C2%85%C2%90%C3%AD%C2%96%C2%89%C3%AC%C2%82%C2%AC%20(39).jpg HTTP/1.1" 200 5094295 "-" "Mozilla/5.0 (compatible; MJ12bot/v1.4.8; http://mj12bot.com/)" "www.ysfine.com"
79.131.255.89 - - [21/Feb/2023:14:36:35 -0800] "GET /friends/vilnius03.jpg HTTP/1.1" 404 88 "-" "Mozilla/5.0 (Windows NT 10.0; Win64; x64; rv:109.0) Gecko/20100101 Firefox/109.0" "ysfine.com"
5.189.141.104 - - [21/Feb/2023:14:36:35 -0800] "GET /class54/class5480/Pictures/2.%C3%AA%C2%B8%C2%B0%C3%AB%C2%85%C2%90%C3%AD%C2%96%C2%89%C3%AC%C2%82%C2%AC/%C3%AA%C2%B8%C2%B0%C3%AB%C2%85%C2%90%C3%AD%C2%96%C2%89%C3%AC%C2%82%C2%AC%20(104).jpg HTTP/1.1" 200 6408174 "-" "Mozilla/5.0 (compatible; MJ12bot/v1.4.8; http://mj12bot.com/)" "ysfine.com"
161.97.91.204 - - [21/Feb/2023:14:36:42 -0800] "GET /class54/class5480/Pictures/2.%C3%AA%C2%B8%C2%B0%C3%AB%C2%85%C2%90%C3%AD%C2%96%C2%89%C3%AC%C2%82%C2%AC/%C3%AA%C2%B8%C2%B0%C3%AB%C2%85%C2%90%C3%AD%C2%96%C2%89%C3%AC%C2%82%C2%AC%20(4).jpg HTTP/1.1" 200 4446129 "-" "Mozilla/5.0 (compatible; MJ12bot/v1.4.8; http://mj12bot.com/)" "www.ysfine.com"
5.189.141.104 - - [21/Feb/2023:14:36:47 -0800] "GET /class54/class5480/Pictures/2.%C3%AA%C2%B8%C2%B0%C3%AB%C2%85%C2%90%C3%AD%C2%96%C2%89%C3%AC%C2%82%C2%AC/%C3%AA%C2%B8%C2%B0%C3%AB%C2%85%C2%90%C3%AD%C2%96%C2%89%C3%AC%C2%82%C2%AC%20(105).jpg HTTP/1.1" 200 4482767 "-" "Mozilla/5.0 (compatible; MJ12bot/v1.4.8; http://mj12bot.com/)" "ysfine.com"
64.124.8.29 - - [21/Feb/2023:14:36:50 -0800] "GET /ysbio/wdc/usna11.jpg HTTP/1.1" 404 88 "-" "Mozilla/5.0 (Macintosh; Intel Mac OS X 10_15_7) AppleWebKit/537.36 (KHTML, like Gecko) Chrome/107.0.0.0 Safari/537.36" "ysfine.com"
64.124.8.54 - - [21/Feb/2023:14:36:53 -0800] "GET /ysbio/wigner/wignobel01.jpg HTTP/1.1" 404 88 "-" "Mozilla/5.0 (Macintosh; Intel Mac OS X 10_15_7) AppleWebKit/537.36 (KHTML, like Gecko) Chrome/107.0.0.0 Safari/537.36" "ysfine.com"
157.55.39.214 - - [21/Feb/2023:14:36:56 -0800] "GET /world/poland/poznanf11.jpg HTTP/1.1" 200 81002 "-" "Mozilla/5.0 AppleWebKit/537.36 (KHTML, like Gecko; compatible; bingbot/2.0; +http://www.bing.com/bingbot.htm) Chrome/103.0.5060.134 Safari/537.36" "ysfine.com"
161.97.91.204 - - [21/Feb/2023:14:37:01 -0800] "GET /class54/class5480/Pictures/2.%C3%AA%C2%B8%C2%B0%C3%AB%C2%85%C2%90%C3%AD%C2%96%C2%89%C3%AC%C2%82%C2%AC/%C3%AA%C2%B8%C2%B0%C3%AB%C2%85%C2%90%C3%AD%C2%96%C2%89%C3%AC%C2%82%C2%AC%20(40).jpg HTTP/1.1" 200 4815890 "-" "Mozilla/5.0 (compatible; MJ12bot/v1.4.8; http://mj12bot.com/)" "www.ysfine.com"
5.189.141.104 - - [21/Feb/2023:14:37:05 -0800] "GET /class54/class5480/Pictures/2.%C3%AA%C2%B8%C2%B0%C3%AB%C2%85%C2%90%C3%AD%C2%96%C2%89%C3%AC%C2%82%C2%AC/%C3%AA%C2%B8%C2%B0%C3%AB%C2%85%C2%90%C3%AD%C2%96%C2%89%C3%AC%C2%82%C2%AC%20(106).jpg HTTP/1.1" 200 5414773 "-" "Mozilla/5.0 (compatible; MJ12bot/v1.4.8; http://mj12bot.com/)" "ysfine.com"
51.222.253.1 - - [21/Feb/2023:14:37:07 -0800] "GET /class54/class5470/total_data/sub_311.htm HTTP/1.1" 200 3317 "-" "Mozilla/5.0 (compatible; AhrefsBot/7.0; +http://ahrefs.com/robot/)" "www.ysfine.com"
51.222.253.16 - - [21/Feb/2023:14:37:09 -0800] "GET /class54/class5470/total_data/img/03_smtitle11.gif HTTP/1.1" 200 703 "-" "Mozilla/5.0 (compatible; AhrefsBot/7.0; +http://ahrefs.com/robot/)" "www.ysfine.com"
161.97.91.204 - - [21/Feb/2023:14:37:14 -0800] "GET /class54/class5480/Pictures/2.%C3%AA%C2%B8%C2%B0%C3%AB%C2%85%C2%90%C3%AD%C2%96%C2%89%C3%AC%C2%82%C2%AC/%C3%AA%C2%B8%C2%B0%C3%AB%C2%85%C2%90%C3%AD%C2%96%C2%89%C3%AC%C2%82%C2%AC%20(41).jpg HTTP/1.1" 200 5536021 "-" "Mozilla/5.0 (compatible; MJ12bot/v1.4.8; http://mj12bot.com/)" "www.ysfine.com"
5.189.141.104 - - [21/Feb/2023:14:37:16 -0800] "GET /class54/class5480/Pictures/2.%C3%AA%C2%B8%C2%B0%C3%AB%C2%85%C2%90%C3%AD%C2%96%C2%89%C3%AC%C2%82%C2%AC/%C3%AA%C2%B8%C2%B0%C3%AB%C2%85%C2%90%C3%AD%C2%96%C2%89%C3%AC%C2%82%C2%AC%20(107).jpg HTTP/1.1" 200 5371501 "-" "Mozilla/5.0 (compatible; MJ12bot/v1.4.8; http://mj12bot.com/)" "ysfine.com"
5.189.141.104 - - [21/Feb/2023:14:37:31 -0800] "GET /class54/class5480/Pictures/2.%C3%AA%C2%B8%C2%B0%C3%AB%C2%85%C2%90%C3%AD%C2%96%C2%89%C3%AC%C2%82%C2%AC/%C3%AA%C2%B8%C2%B0%C3%AB%C2%85%C2%90%C3%AD%C2%96%C2%89%C3%AC%C2%82%C2%AC%20(108).jpg HTTP/1.1" 200 5930523 "-" "Mozilla/5.0 (compatible; MJ12bot/v1.4.8; http://mj12bot.com/)" "ysfine.com"
161.97.91.204 - - [21/Feb/2023:14:37:31 -0800] "GET /class54/class5480/Pictures/2.%C3%AA%C2%B8%C2%B0%C3%AB%C2%85%C2%90%C3%AD%C2%96%C2%89%C3%AC%C2%82%C2%AC/%C3%AA%C2%B8%C2%B0%C3%AB%C2%85%C2%90%C3%AD%C2%96%C2%89%C3%AC%C2%82%C2%AC%20(42).jpg HTTP/1.1" 200 4932593 "-" "Mozilla/5.0 (compatible; MJ12bot/v1.4.8; http://mj12bot.com/)" "www.ysfine.com"
185.15.56.29 - - [21/Feb/2023:14:37:47 -0800] "HEAD /wisdom/wk01.html HTTP/1.1" 200 - "http://ysfine.com/wisdom/wk01.html" "IABot/2.0 (+https://meta.wikimedia.org/wiki/InternetArchiveBot/FAQ_for_sysadmins) (Checking if link from Wikipedia is broken and needs removal)" "ysfine.com"
5.189.141.104 - - [21/Feb/2023:14:37:50 -0800] "GET /class54/class5480/Pictures/2.%C3%AA%C2%B8%C2%B0%C3%AB%C2%85%C2%90%C3%AD%C2%96%C2%89%C3%AC%C2%82%C2%AC/%C3%AA%C2%B8%C2%B0%C3%AB%C2%85%C2%90%C3%AD%C2%96%C2%89%C3%AC%C2%82%C2%AC%20(109).jpg HTTP/1.1" 200 3087155 "-" "Mozilla/5.0 (compatible; MJ12bot/v1.4.8; http://mj12bot.com/)" "ysfine.com"
161.97.91.204 - - [21/Feb/2023:14:37:51 -0800] "GET /class54/class5480/Pictures/2.%C3%AA%C2%B8%C2%B0%C3%AB%C2%85%C2%90%C3%AD%C2%96%C2%89%C3%AC%C2%82%C2%AC/%C3%AA%C2%B8%C2%B0%C3%AB%C2%85%C2%90%C3%AD%C2%96%C2%89%C3%AC%C2%82%C2%AC%20(43).jpg HTTP/1.1" 200 3683463 "-" "Mozilla/5.0 (compatible; MJ12bot/v1.4.8; http://mj12bot.com/)" "www.ysfine.com"
