51.222.253.18 - - [21/Feb/2023:03:32:31 -0800] "GET /einstein/places/einmu16b.jpg HTTP/1.1" 200 34497 "-" "Mozilla/5.0 (compatible; AhrefsBot/7.0; +http://ahrefs.com/robot/)" "ysfine.com"
51.222.253.19 - - [21/Feb/2023:03:32:31 -0800] "GET /maga/phys/yukaein2.jpg HTTP/1.1" 200 42863 "-" "Mozilla/5.0 (compatible; AhrefsBot/7.0; +http://ahrefs.com/robot/)" "ysfine.com"
51.222.253.1 - - [21/Feb/2023:03:32:31 -0800] "GET /einstein/places/einha36b.jpg HTTP/1.1" 200 45524 "-" "Mozilla/5.0 (compatible; AhrefsBot/7.0; +http://ahrefs.com/robot/)" "ysfine.com"
51.222.253.13 - - [21/Feb/2023:03:32:32 -0800] "GET /einstein/evol66b.jpg HTTP/1.1" 200 38577 "-" "Mozilla/5.0 (compatible; AhrefsBot/7.0; +http://ahrefs.com/robot/)" "ysfine.com"
51.222.253.10 - - [21/Feb/2023:03:32:32 -0800] "GET /einstein/places/einmu62b.jpg HTTP/1.1" 200 31976 "-" "Mozilla/5.0 (compatible; AhrefsBot/7.0; +http://ahrefs.com/robot/)" "ysfine.com"
51.222.253.11 - - [21/Feb/2023:03:32:33 -0800] "GET /einstein/places/einmu08b.jpg HTTP/1.1" 200 37748 "-" "Mozilla/5.0 (compatible; AhrefsBot/7.0; +http://ahrefs.com/robot/)" "ysfine.com"
51.222.253.11 - - [21/Feb/2023:03:32:33 -0800] "GET /einstein/places/einha39b.jpg HTTP/1.1" 200 50120 "-" "Mozilla/5.0 (compatible; AhrefsBot/7.0; +http://ahrefs.com/robot/)" "ysfine.com"
51.222.253.17 - - [21/Feb/2023:03:32:34 -0800] "GET /einstein/places/einmu41b.jpg HTTP/1.1" 200 52501 "-" "Mozilla/5.0 (compatible; AhrefsBot/7.0; +http://ahrefs.com/robot/)" "ysfine.com"
51.222.253.20 - - [21/Feb/2023:03:32:36 -0800] "GET /einstein/places/einha23b.jpg HTTP/1.1" 200 30374 "-" "Mozilla/5.0 (compatible; AhrefsBot/7.0; +http://ahrefs.com/robot/)" "ysfine.com"
114.119.156.56 - - [21/Feb/2023:03:33:12 -0800] "GET /class54/class5480/Pictures/1.%C3%AC%C2%A0%C2%91%C3%AC%C2%88%C2%98%C3%AB%C2%B0%C2%8F%C3%AD%C2%99%C2%98%C3%AB%C2%8B%C2%B4/?C=D%3BO%3DA HTTP/1.1" 200 869 "https://ysfine.com/class54/class5480/Pictures/1.%c3%ac%c2%a0%c2%91%c3%ac%c2%88%c2%98%c3%ab%c2%b0%c2%8f%c3%ad%c2%99%c2%98%c3%ab%c2%8b%c2%b4/" "Mozilla/5.0 (Linux; Android 7.0;) AppleWebKit/537.36 (KHTML, like Gecko) Mobile Safari/537.36 (compatible; PetalBot;+https://webmaster.petalsearch.com/site/petalbot)" "ysfine.com"
216.244.66.229 - - [21/Feb/2023:03:33:26 -0800] "GET /bio09.html HTTP/1.1" 200 41773 "-" "Mozilla/5.0 (compatible; DotBot/1.2; +https://opensiteexplorer.org/dotbot; help@moz.com)" "ysfine.com"
51.222.253.19 - - [21/Feb/2023:03:33:29 -0800] "GET /philo/keigel11.jpg HTTP/1.1" 200 113857 "-" "Mozilla/5.0 (compatible; AhrefsBot/7.0; +http://ahrefs.com/robot/)" "ysfine.com"
123.183.224.89 - - [21/Feb/2023:03:33:51 -0800] "GET / HTTP/1.1" 200 5295 "-" "Sogou web spider/4.0(+http://www.sogou.com/docs/help/webmasters.htm#07)" "ysfine.com"
64.124.8.54 - - [21/Feb/2023:03:33:58 -0800] "GET /ysbio/world/hungary/buda220.jpg HTTP/1.1" 404 88 "-" "Mozilla/5.0 (Macintosh; Intel Mac OS X 10_15_7) AppleWebKit/537.36 (KHTML, like Gecko) Chrome/107.0.0.0 Safari/537.36" "ysfine.com"
64.124.8.28 - - [21/Feb/2023:03:34:08 -0800] "GET /kobak/lemnitzer.jpg HTTP/1.1" 200 123112 "-" "Mozilla/5.0 (Macintosh; Intel Mac OS X 10_15_7) AppleWebKit/537.36 (KHTML, like Gecko) Chrome/107.0.0.0 Safari/537.36" "ysfine.com"
222.122.190.55 - - [21/Feb/2023:03:34:17 -0800] "GET / HTTP/1.1" 200 15915 "-" "Mozilla/5.0 (Windows NT 10.0; ZumBot/1.0; Win64; x64) AppleWebKit/537.36 (KHTML, like Gecko) Chrome/79.0.3945.130 Safari/537.36" "ysfine.com"
222.122.190.55 - - [21/Feb/2023:03:34:19 -0800] "GET / HTTP/1.1" 200 15915 "-" "Mozilla/5.0 (Windows NT 10.0; ZumBot/1.0; Win64; x64) AppleWebKit/537.36 (KHTML, like Gecko) Chrome/79.0.3945.130 Safari/537.36" "ysfine.com"
157.55.39.214 - - [21/Feb/2023:03:34:32 -0800] "GET /people/sbt11.jpg HTTP/1.1" 200 166706 "-" "Mozilla/5.0 AppleWebKit/537.36 (KHTML, like Gecko; compatible; bingbot/2.0; +http://www.bing.com/bingbot.htm) Chrome/103.0.5060.134 Safari/537.36" "www.ysfine.com"
52.167.144.62 - - [21/Feb/2023:03:34:40 -0800] "GET /bio/style/proschanie.html HTTP/1.1" 404 88 "-" "Mozilla/5.0 AppleWebKit/537.36 (KHTML, like Gecko; compatible; bingbot/2.0; +http://www.bing.com/bingbot.htm) Chrome/103.0.5060.134 Safari/537.36" "ysfine.com"
52.167.144.35 - - [21/Feb/2023:03:35:14 -0800] "GET /wdc/lafpark03.jpg HTTP/1.1" 200 124804 "-" "Mozilla/5.0 AppleWebKit/537.36 (KHTML, like Gecko; compatible; bingbot/2.0; +http://www.bing.com/bingbot.htm) Chrome/103.0.5060.134 Safari/537.36" "www.ysfine.com"
204.18.116.23 - - [21/Feb/2023:03:35:29 -0800] "GET /robots.txt HTTP/1.1" 404 88 "-" "Mozilla/5.0 (iPhone; U; CPU OS 3_2 like Mac OS X; en-us) AppleWebKit/531.21.10 (KHTML, like Gecko) Version/4.0.4 Mobile/7B334b Safari/531.21.10" "ysfine.com"
91.133.194.65 - - [21/Feb/2023:03:35:29 -0800] "GET / HTTP/1.1" 200 5295 "-" "Mozilla/5.0 (iPhone; U; CPU iPhone OS 4_3_1 like Mac OS X; zh-tw) AppleWebKit/533.17.9 (KHTML, like Gecko) Version/5.0.2 Mobile/8G4 Safari/6533.18.5" "ysfine.com"
5.210.145.33 - - [21/Feb/2023:03:35:29 -0800] "GET /robots.txt HTTP/1.1" 404 88 "-" "Mozilla/5.0 (iPhone; U; CPU iPhone OS 4_2_1 like Mac OS X; nb-no) AppleWebKit/533.17.9 (KHTML, like Gecko) Version/5.0.2 Mobile/8C148a Safari/6533.18.5" "ysfine.com"
204.18.143.72 - - [21/Feb/2023:03:35:29 -0800] "GET / HTTP/1.1" 200 5295 "-" "Mozilla/5.0 (iPhone; U; CPU OS 3_2 like Mac OS X; en-us) AppleWebKit/531.21.10 (KHTML, like Gecko) Version/4.0.4 Mobile/7B334b Safari/531.21.10" "ysfine.com"
157.55.39.206 - - [21/Feb/2023:03:35:56 -0800] "GET /world/china/shenyang11.jpg HTTP/1.1" 200 135727 "-" "Mozilla/5.0 AppleWebKit/537.36 (KHTML, like Gecko; compatible; bingbot/2.0; +http://www.bing.com/bingbot.htm) Chrome/103.0.5060.134 Safari/537.36" "ysfine.com"
216.244.66.229 - - [21/Feb/2023:03:36:10 -0800] "GET /class54/emailed05.html HTTP/1.1" 200 49129 "-" "Mozilla/5.0 (compatible; DotBot/1.2; +https://opensiteexplorer.org/dotbot; help@moz.com)" "www.ysfine.com"
123.125.109.62 - - [21/Feb/2023:03:36:19 -0800] "GET / HTTP/1.1" 200 5295 "-" "Sogou web spider/4.0(+http://www.sogou.com/docs/help/webmasters.htm#07)" "www.ysfine.com"
64.124.8.55 - - [21/Feb/2023:03:36:49 -0800] "GET /world/france/arles07.jpg HTTP/1.1" 200 91217 "-" "Mozilla/5.0 (Macintosh; Intel Mac OS X 10_15_7) AppleWebKit/537.36 (KHTML, like Gecko) Chrome/107.0.0.0 Safari/537.36" "ysfine.com"
216.244.66.229 - - [21/Feb/2023:03:36:49 -0800] "GET /einstein/hidden.html HTTP/1.1" 200 12070 "-" "Mozilla/5.0 (compatible; DotBot/1.2; +https://opensiteexplorer.org/dotbot; help@moz.com)" "www.ysfine.com"
212.31.111.242 - - [21/Feb/2023:03:36:51 -0800] "GET /world/germany/leipzig41.jpg HTTP/1.1" 200 247799 "https://www.bing.com/" "Mozilla/5.0 (Windows NT 10.0; Win64; x64) AppleWebKit/537.36 (KHTML, like Gecko) Chrome/110.0.0.0 Safari/537.36 Edg/110.0.1587.50" "www.ysfine.com"
51.222.253.3 - - [21/Feb/2023:03:36:59 -0800] "GET /home/dashen.html HTTP/1.1" 200 4015 "-" "Mozilla/5.0 (compatible; AhrefsBot/7.0; +http://ahrefs.com/robot/)" "ysfine.com"
51.222.253.13 - - [21/Feb/2023:03:37:01 -0800] "GET /home/fotos/einhaus450.jpg HTTP/1.1" 200 65369 "-" "Mozilla/5.0 (compatible; AhrefsBot/7.0; +http://ahrefs.com/robot/)" "ysfine.com"
51.222.253.6 - - [21/Feb/2023:03:37:01 -0800] "GET /feynman/feyfirm66c.jpg HTTP/1.1" 200 36701 "-" "Mozilla/5.0 (compatible; AhrefsBot/7.0; +http://ahrefs.com/robot/)" "ysfine.com"
51.222.253.9 - - [21/Feb/2023:03:37:02 -0800] "GET /home/goodbad11c.jpg HTTP/1.1" 200 18799 "-" "Mozilla/5.0 (compatible; AhrefsBot/7.0; +http://ahrefs.com/robot/)" "ysfine.com"
51.222.253.16 - - [21/Feb/2023:03:37:02 -0800] "GET /home/baranger97c.jpg HTTP/1.1" 200 25248 "-" "Mozilla/5.0 (compatible; AhrefsBot/7.0; +http://ahrefs.com/robot/)" "ysfine.com"
216.244.66.229 - - [21/Feb/2023:03:37:19 -0800] "GET /jobs/jform.html HTTP/1.1" 200 1507 "-" "Mozilla/5.0 (compatible; DotBot/1.2; +https://opensiteexplorer.org/dotbot; help@moz.com)" "www.ysfine.com"
64.124.8.56 - - [21/Feb/2023:03:37:30 -0800] "GET /style/music/liszt07.jpg HTTP/1.1" 200 137500 "-" "Mozilla/5.0 (Macintosh; Intel Mac OS X 10_15_7) AppleWebKit/537.36 (KHTML, like Gecko) Chrome/107.0.0.0 Safari/537.36" "www.ysfine.com"
52.167.144.55 - - [21/Feb/2023:03:37:46 -0800] "GET /robots.txt HTTP/1.1" 404 88 "-" "Mozilla/5.0 AppleWebKit/537.36 (KHTML, like Gecko; compatible; bingbot/2.0; +http://www.bing.com/bingbot.htm) Chrome/103.0.5060.134 Safari/537.36" "www.ysfine.com"
64.124.8.56 - - [21/Feb/2023:03:37:52 -0800] "GET /ysbio/style/cameras/leicafx55.jpg HTTP/1.1" 404 88 "-" "Mozilla/5.0 (Macintosh; Intel Mac OS X 10_15_7) AppleWebKit/537.36 (KHTML, like Gecko) Chrome/107.0.0.0 Safari/537.36" "ysfine.com"
216.244.66.229 - - [21/Feb/2023:03:38:18 -0800] "GET /ffriends/diana3.jpg HTTP/1.1" 200 72547 "-" "Mozilla/5.0 (compatible; DotBot/1.2; +https://opensiteexplorer.org/dotbot; help@moz.com)" "ysfine.com"
64.124.8.55 - - [21/Feb/2023:03:38:32 -0800] "GET /world/ital/bologu23.jpg HTTP/1.1" 200 117794 "-" "Mozilla/5.0 (Macintosh; Intel Mac OS X 10_15_7) AppleWebKit/537.36 (KHTML, like Gecko) Chrome/107.0.0.0 Safari/537.36" "www.ysfine.com"
216.244.66.229 - - [21/Feb/2023:03:38:59 -0800] "GET /ffriends/ukradres02.jpg HTTP/1.1" 200 146317 "-" "Mozilla/5.0 (compatible; DotBot/1.2; +https://opensiteexplorer.org/dotbot; help@moz.com)" "ysfine.com"
210.23.163.50 - - [21/Feb/2023:03:39:14 -0800] "GET /kobak/taylor450.jpg HTTP/1.1" 200 70219 "https://www.google.com/" "Mozilla/5.0 (Macintosh; Intel Mac OS X 10_15_7) AppleWebKit/537.36 (KHTML, like Gecko) Chrome/110.0.0.0 Safari/537.36" "ysfine.com"
64.124.8.50 - - [21/Feb/2023:03:39:16 -0800] "GET /ysbio/class54/tallm03.jpg HTTP/1.1" 404 88 "-" "Mozilla/5.0 (Macintosh; Intel Mac OS X 10_15_7) AppleWebKit/537.36 (KHTML, like Gecko) Chrome/107.0.0.0 Safari/537.36" "ysfine.com"
64.124.8.28 - - [21/Feb/2023:03:39:22 -0800] "GET /world/latina/rio077.jpg HTTP/1.1" 200 52277 "-" "Mozilla/5.0 (Macintosh; Intel Mac OS X 10_15_7) AppleWebKit/537.36 (KHTML, like Gecko) Chrome/107.0.0.0 Safari/537.36" "www.ysfine.com"
64.124.8.53 - - [21/Feb/2023:03:39:40 -0800] "GET /sbk/2012lon55.jpg HTTP/1.1" 200 121797 "-" "Mozilla/5.0 (Macintosh; Intel Mac OS X 10_15_7) AppleWebKit/537.36 (KHTML, like Gecko) Chrome/107.0.0.0 Safari/537.36" "ysfine.com"
216.244.66.229 - - [21/Feb/2023:03:39:49 -0800] "GET /ffriends/armenjeru01.jpg HTTP/1.1" 200 235297 "-" "Mozilla/5.0 (compatible; DotBot/1.2; +https://opensiteexplorer.org/dotbot; help@moz.com)" "ysfine.com"
5.188.210.20 - - [21/Feb/2023:03:40:00 -0800] "GET /world/visas.html HTTP/1.1" 200 7643 "https://www.ysfine.com/world/visas.html" "Mozilla/5.0 (Windows NT 10.0) AppleWebKit/537.36 (KHTML, like Gecko) Chrome/90.0.4430.85 Safari/537.36 Edg/90.0.818.46" "www.ysfine.com"
174.238.225.128 - - [21/Feb/2023:03:40:06 -0800] "GET /princeton/alexan22.jpg HTTP/1.1" 200 175436 "https://www.google.com/" "Mozilla/5.0 (iPhone; CPU iPhone OS 16_1_1 like Mac OS X) AppleWebKit/605.1.15 (KHTML, like Gecko) Version/16.1 Mobile/15E148 Safari/604.1" "ysfine.com"
64.124.8.53 - - [21/Feb/2023:03:40:09 -0800] "GET /ysbio/world/brit/imperialc14.jpg HTTP/1.1" 404 88 "-" "Mozilla/5.0 (Macintosh; Intel Mac OS X 10_15_7) AppleWebKit/537.36 (KHTML, like Gecko) Chrome/107.0.0.0 Safari/537.36" "ysfine.com"
174.238.225.128 - - [21/Feb/2023:03:40:33 -0800] "GET /princeton/withers01.jpg HTTP/1.1" 200 113946 "https://www.google.com/" "Mozilla/5.0 (iPhone; CPU iPhone OS 16_1_1 like Mac OS X) AppleWebKit/605.1.15 (KHTML, like Gecko) Version/16.1 Mobile/15E148 Safari/604.1" "ysfine.com"
157.55.39.214 - - [21/Feb/2023:03:41:12 -0800] "GET /world/china/qingdao06.jpg HTTP/1.1" 200 99358 "-" "Mozilla/5.0 AppleWebKit/537.36 (KHTML, like Gecko; compatible; bingbot/2.0; +http://www.bing.com/bingbot.htm) Chrome/103.0.5060.134 Safari/537.36" "www.ysfine.com"
126.161.35.30 - - [21/Feb/2023:03:41:20 -0800] "GET /kobak/sebiro.html HTTP/1.1" 200 8966 "https://www.google.com/" "Mozilla/5.0 (iPhone; CPU iPhone OS 16_2 like Mac OS X) AppleWebKit/605.1.15 (KHTML, like Gecko) Version/16.2 Mobile/15E148 Safari/604.1" "ysfine.com"
126.161.35.30 - - [21/Feb/2023:03:41:20 -0800] "GET /kobak/1014b.jpg HTTP/1.1" 200 42115 "https://ysfine.com/kobak/sebiro.html" "Mozilla/5.0 (iPhone; CPU iPhone OS 16_2 like Mac OS X) AppleWebKit/605.1.15 (KHTML, like Gecko) Version/16.2 Mobile/15E148 Safari/604.1" "ysfine.com"
126.161.35.30 - - [21/Feb/2023:03:41:20 -0800] "GET /kobak/chomansik11b.jpg HTTP/1.1" 200 36831 "https://ysfine.com/kobak/sebiro.html" "Mozilla/5.0 (iPhone; CPU iPhone OS 16_2 like Mac OS X) AppleWebKit/605.1.15 (KHTML, like Gecko) Version/16.2 Mobile/15E148 Safari/604.1" "ysfine.com"
126.161.35.30 - - [21/Feb/2023:03:41:20 -0800] "GET /kobak/1014c270.jpg HTTP/1.1" 200 56853 "https://ysfine.com/kobak/sebiro.html" "Mozilla/5.0 (iPhone; CPU iPhone OS 16_2 like Mac OS X) AppleWebKit/605.1.15 (KHTML, like Gecko) Version/16.2 Mobile/15E148 Safari/604.1" "ysfine.com"
126.161.35.30 - - [21/Feb/2023:03:41:20 -0800] "GET /kobak/dabrow11b.jpg HTTP/1.1" 200 58281 "https://ysfine.com/kobak/sebiro.html" "Mozilla/5.0 (iPhone; CPU iPhone OS 16_2 like Mac OS X) AppleWebKit/605.1.15 (KHTML, like Gecko) Version/16.2 Mobile/15E148 Safari/604.1" "ysfine.com"
126.161.35.30 - - [21/Feb/2023:03:41:21 -0800] "GET /saram/m09b.jpg HTTP/1.1" 200 33371 "https://ysfine.com/kobak/sebiro.html" "Mozilla/5.0 (iPhone; CPU iPhone OS 16_2 like Mac OS X) AppleWebKit/605.1.15 (KHTML, like Gecko) Version/16.2 Mobile/15E148 Safari/604.1" "ysfine.com"
126.161.35.30 - - [21/Feb/2023:03:41:21 -0800] "GET /friends/aline/kuwaitf11b.jpg HTTP/1.1" 404 88 "https://ysfine.com/kobak/sebiro.html" "Mozilla/5.0 (iPhone; CPU iPhone OS 16_2 like Mac OS X) AppleWebKit/605.1.15 (KHTML, like Gecko) Version/16.2 Mobile/15E148 Safari/604.1" "ysfine.com"
126.161.35.30 - - [21/Feb/2023:03:41:21 -0800] "GET /style/rieu01b.jpg HTTP/1.1" 200 44969 "https://ysfine.com/kobak/sebiro.html" "Mozilla/5.0 (iPhone; CPU iPhone OS 16_2 like Mac OS X) AppleWebKit/605.1.15 (KHTML, like Gecko) Version/16.2 Mobile/15E148 Safari/604.1" "ysfine.com"
126.161.35.30 - - [21/Feb/2023:03:41:21 -0800] "GET /style/rieu02b.jpg HTTP/1.1" 200 52217 "https://ysfine.com/kobak/sebiro.html" "Mozilla/5.0 (iPhone; CPU iPhone OS 16_2 like Mac OS X) AppleWebKit/605.1.15 (KHTML, like Gecko) Version/16.2 Mobile/15E148 Safari/604.1" "ysfine.com"
126.161.35.30 - - [21/Feb/2023:03:41:21 -0800] "GET /world/brit/oxlon17b.jpg HTTP/1.1" 200 34754 "https://ysfine.com/kobak/sebiro.html" "Mozilla/5.0 (iPhone; CPU iPhone OS 16_2 like Mac OS X) AppleWebKit/605.1.15 (KHTML, like Gecko) Version/16.2 Mobile/15E148 Safari/604.1" "ysfine.com"
126.161.35.30 - - [21/Feb/2023:03:41:21 -0800] "GET /maga/phys/farad06b.jpg HTTP/1.1" 200 37553 "https://ysfine.com/kobak/sebiro.html" "Mozilla/5.0 (iPhone; CPU iPhone OS 16_2 like Mac OS X) AppleWebKit/605.1.15 (KHTML, like Gecko) Version/16.2 Mobile/15E148 Safari/604.1" "ysfine.com"
126.161.35.30 - - [21/Feb/2023:03:41:21 -0800] "GET /style/bstring33b.jpg HTTP/1.1" 200 34671 "https://ysfine.com/kobak/sebiro.html" "Mozilla/5.0 (iPhone; CPU iPhone OS 16_2 like Mac OS X) AppleWebKit/605.1.15 (KHTML, like Gecko) Version/16.2 Mobile/15E148 Safari/604.1" "ysfine.com"
126.161.35.30 - - [21/Feb/2023:03:41:21 -0800] "GET /world/russ/bachkova11b.jpg HTTP/1.1" 200 45475 "https://ysfine.com/kobak/sebiro.html" "Mozilla/5.0 (iPhone; CPU iPhone OS 16_2 like Mac OS X) AppleWebKit/605.1.15 (KHTML, like Gecko) Version/16.2 Mobile/15E148 Safari/604.1" "ysfine.com"
126.161.35.30 - - [21/Feb/2023:03:41:21 -0800] "GET /world/russ/msu52b.jpg HTTP/1.1" 200 40102 "https://ysfine.com/kobak/sebiro.html" "Mozilla/5.0 (iPhone; CPU iPhone OS 16_2 like Mac OS X) AppleWebKit/605.1.15 (KHTML, like Gecko) Version/16.2 Mobile/15E148 Safari/604.1" "ysfine.com"
126.161.35.30 - - [21/Feb/2023:03:41:21 -0800] "GET /world/brit/sebiro01b.jpg HTTP/1.1" 200 46756 "https://ysfine.com/kobak/sebiro.html" "Mozilla/5.0 (iPhone; CPU iPhone OS 16_2 like Mac OS X) AppleWebKit/605.1.15 (KHTML, like Gecko) Version/16.2 Mobile/15E148 Safari/604.1" "ysfine.com"
126.161.35.30 - - [21/Feb/2023:03:41:21 -0800] "GET /friends/koparis05b.jpg HTTP/1.1" 404 88 "https://ysfine.com/kobak/sebiro.html" "Mozilla/5.0 (iPhone; CPU iPhone OS 16_2 like Mac OS X) AppleWebKit/605.1.15 (KHTML, like Gecko) Version/16.2 Mobile/15E148 Safari/604.1" "ysfine.com"
126.161.35.30 - - [21/Feb/2023:03:41:21 -0800] "GET /world/brit/oxlon07b.jpg HTTP/1.1" 200 31817 "https://ysfine.com/kobak/sebiro.html" "Mozilla/5.0 (iPhone; CPU iPhone OS 16_2 like Mac OS X) AppleWebKit/605.1.15 (KHTML, like Gecko) Version/16.2 Mobile/15E148 Safari/604.1" "ysfine.com"
126.161.35.30 - - [21/Feb/2023:03:41:21 -0800] "GET /world/brit/sebiro21b.jpg HTTP/1.1" 200 51428 "https://ysfine.com/kobak/sebiro.html" "Mozilla/5.0 (iPhone; CPU iPhone OS 16_2 like Mac OS X) AppleWebKit/605.1.15 (KHTML, like Gecko) Version/16.2 Mobile/15E148 Safari/604.1" "ysfine.com"
126.161.35.30 - - [21/Feb/2023:03:41:21 -0800] "GET /world/russ/protvi01b.jpg HTTP/1.1" 200 42265 "https://ysfine.com/kobak/sebiro.html" "Mozilla/5.0 (iPhone; CPU iPhone OS 16_2 like Mac OS X) AppleWebKit/605.1.15 (KHTML, like Gecko) Version/16.2 Mobile/15E148 Safari/604.1" "ysfine.com"
126.161.35.30 - - [21/Feb/2023:03:41:21 -0800] "GET /world/brit/oxlon55b.jpg HTTP/1.1" 200 45015 "https://ysfine.com/kobak/sebiro.html" "Mozilla/5.0 (iPhone; CPU iPhone OS 16_2 like Mac OS X) AppleWebKit/605.1.15 (KHTML, like Gecko) Version/16.2 Mobile/15E148 Safari/604.1" "ysfine.com"
140.180.240.6 - - [21/Feb/2023:03:41:50 -0800] "GET /princeton/withers01.jpg HTTP/1.1" 200 113946 "https://www.google.com/" "Mozilla/5.0 (iPhone; CPU iPhone OS 16_1_2 like Mac OS X) AppleWebKit/605.1.15 (KHTML, like Gecko) Version/16.1 Mobile/15E148 Safari/604.1" "ysfine.com"
51.222.253.7 - - [21/Feb/2023:03:42:01 -0800] "GET /houses/myhouse.html HTTP/1.1" 200 1473 "-" "Mozilla/5.0 (compatible; AhrefsBot/7.0; +http://ahrefs.com/robot/)" "ysfine.com"
51.222.253.13 - - [21/Feb/2023:03:42:04 -0800] "GET /houses/house12c.jpg HTTP/1.1" 200 29087 "-" "Mozilla/5.0 (compatible; AhrefsBot/7.0; +http://ahrefs.com/robot/)" "ysfine.com"
51.222.253.3 - - [21/Feb/2023:03:42:05 -0800] "GET /houses/capitol33c.jpg HTTP/1.1" 200 32326 "-" "Mozilla/5.0 (compatible; AhrefsBot/7.0; +http://ahrefs.com/robot/)" "ysfine.com"
64.124.8.53 - - [21/Feb/2023:03:42:05 -0800] "GET /world/poland/curiep01.jpg HTTP/1.1" 200 60156 "-" "Mozilla/5.0 (Macintosh; Intel Mac OS X 10_15_7) AppleWebKit/537.36 (KHTML, like Gecko) Chrome/107.0.0.0 Safari/537.36" "www.ysfine.com"
51.222.253.15 - - [21/Feb/2023:03:42:06 -0800] "GET /houses/house44c.jpg HTTP/1.1" 200 36128 "-" "Mozilla/5.0 (compatible; AhrefsBot/7.0; +http://ahrefs.com/robot/)" "ysfine.com"
51.222.253.11 - - [21/Feb/2023:03:42:06 -0800] "GET /houses/house11c.jpg HTTP/1.1" 200 30925 "-" "Mozilla/5.0 (compatible; AhrefsBot/7.0; +http://ahrefs.com/robot/)" "ysfine.com"
140.180.240.6 - - [21/Feb/2023:03:43:21 -0800] "GET /princeton/nasshall06.jpg HTTP/1.1" 200 145090 "https://www.google.com/" "Mozilla/5.0 (iPhone; CPU iPhone OS 16_1_2 like Mac OS X) AppleWebKit/605.1.15 (KHTML, like Gecko) Version/16.1 Mobile/15E148 Safari/604.1" "ysfine.com"
52.167.144.35 - - [21/Feb/2023:03:45:45 -0800] "GET /world/china/china037b.jpg HTTP/1.1" 200 50393 "-" "Mozilla/5.0 AppleWebKit/537.36 (KHTML, like Gecko; compatible; bingbot/2.0; +http://www.bing.com/bingbot.htm) Chrome/103.0.5060.134 Safari/537.36" "ysfine.com"
40.77.167.211 - - [21/Feb/2023:03:46:00 -0800] "GET /auto/bio21.html HTTP/1.1" 200 6206 "-" "Mozilla/5.0 AppleWebKit/537.36 (KHTML, like Gecko; compatible; bingbot/2.0; +http://www.bing.com/bingbot.htm) Chrome/103.0.5060.134 Safari/537.36" "ysfine.com"
64.124.8.56 - - [21/Feb/2023:03:46:08 -0800] "GET /ysbio/maga/phys/farad23.jpg HTTP/1.1" 404 88 "-" "Mozilla/5.0 (Macintosh; Intel Mac OS X 10_15_7) AppleWebKit/537.36 (KHTML, like Gecko) Chrome/107.0.0.0 Safari/537.36" "ysfine.com"
123.183.224.87 - - [21/Feb/2023:03:47:01 -0800] "GET / HTTP/1.1" 200 5295 "-" "Sogou web spider/4.0(+http://www.sogou.com/docs/help/webmasters.htm#07)" "ysfine.com"
51.222.253.15 - - [21/Feb/2023:03:47:13 -0800] "GET /maga/tesla.html HTTP/1.1" 200 4852 "-" "Mozilla/5.0 (compatible; AhrefsBot/7.0; +http://ahrefs.com/robot/)" "ysfine.com"
51.222.253.5 - - [21/Feb/2023:03:47:15 -0800] "GET /maga/invent/mosin2.jpg HTTP/1.1" 200 51881 "-" "Mozilla/5.0 (compatible; AhrefsBot/7.0; +http://ahrefs.com/robot/)" "ysfine.com"
51.222.253.3 - - [21/Feb/2023:03:47:16 -0800] "GET /maga/invent/tesla11b.jpg HTTP/1.1" 200 47570 "-" "Mozilla/5.0 (compatible; AhrefsBot/7.0; +http://ahrefs.com/robot/)" "ysfine.com"
52.167.144.35 - - [21/Feb/2023:03:47:54 -0800] "GET /world/china/china007b.jpg HTTP/1.1" 200 34074 "-" "Mozilla/5.0 AppleWebKit/537.36 (KHTML, like Gecko; compatible; bingbot/2.0; +http://www.bing.com/bingbot.htm) Chrome/103.0.5060.134 Safari/537.36" "ysfine.com"
157.55.39.214 - - [21/Feb/2023:03:48:04 -0800] "GET /style/songs.html HTTP/1.1" 200 31567 "-" "Mozilla/5.0 AppleWebKit/537.36 (KHTML, like Gecko; compatible; bingbot/2.0; +http://www.bing.com/bingbot.htm) Chrome/103.0.5060.134 Safari/537.36" "ysfine.com"
64.124.8.50 - - [21/Feb/2023:03:50:16 -0800] "GET /style/music/kodaly01.jpg HTTP/1.1" 200 157349 "-" "Mozilla/5.0 (Macintosh; Intel Mac OS X 10_15_7) AppleWebKit/537.36 (KHTML, like Gecko) Chrome/107.0.0.0 Safari/537.36" "ysfine.com"
64.124.8.55 - - [21/Feb/2023:03:50:58 -0800] "GET /ysbio/world/baltic/riga16.jpg HTTP/1.1" 404 88 "-" "Mozilla/5.0 (Macintosh; Intel Mac OS X 10_15_7) AppleWebKit/537.36 (KHTML, like Gecko) Chrome/107.0.0.0 Safari/537.36" "ysfine.com"
71.225.209.200 - - [21/Feb/2023:03:51:06 -0800] "GET /princeton/gcollege08.jpg HTTP/1.1" 200 81357 "https://www.google.com/" "Mozilla/5.0 (Linux; Android 13; SM-A716U) AppleWebKit/537.36 (KHTML, like Gecko) Chrome/110.0.0.0 Mobile Safari/537.36" "ysfine.com"
40.77.167.211 - - [21/Feb/2023:03:51:16 -0800] "GET /ysbio/usca/pitt/knee22d.jpg HTTP/1.1" 404 88 "-" "Mozilla/5.0 AppleWebKit/537.36 (KHTML, like Gecko; compatible; bingbot/2.0; +http://www.bing.com/bingbot.htm) Chrome/103.0.5060.134 Safari/537.36" "www.ysfine.com"
64.124.8.54 - - [21/Feb/2023:03:51:56 -0800] "GET /world/scandi/sto006.jpg HTTP/1.1" 200 159285 "http://ysfine.com/world/scandi/sto006.jpg" "Mozilla/5.0 (Macintosh; Intel Mac OS X 10_15_7) AppleWebKit/537.36 (KHTML, like Gecko) Chrome/107.0.0.0 Safari/537.36" "ysfine.com"
157.55.39.206 - - [21/Feb/2023:03:52:27 -0800] "GET /jobs/koreaj.html HTTP/1.1" 304 - "-" "Mozilla/5.0 AppleWebKit/537.36 (KHTML, like Gecko; compatible; bingbot/2.0; +http://www.bing.com/bingbot.htm) Chrome/103.0.5060.134 Safari/537.36" "www.ysfine.com"
52.167.144.35 - - [21/Feb/2023:03:52:46 -0800] "GET /bio/style/artlove.html HTTP/1.1" 404 88 "-" "Mozilla/5.0 AppleWebKit/537.36 (KHTML, like Gecko; compatible; bingbot/2.0; +http://www.bing.com/bingbot.htm) Chrome/103.0.5060.134 Safari/537.36" "ysfine.com"
51.222.253.11 - - [21/Feb/2023:03:53:17 -0800] "GET /kobak/index.html HTTP/1.1" 200 130 "-" "Mozilla/5.0 (compatible; AhrefsBot/7.0; +http://ahrefs.com/robot/)" "ysfine.com"
40.77.167.211 - - [21/Feb/2023:03:53:57 -0800] "GET /world/brit/lontaxi14.jpg HTTP/1.1" 200 64877 "-" "Mozilla/5.0 AppleWebKit/537.36 (KHTML, like Gecko; compatible; bingbot/2.0; +http://www.bing.com/bingbot.htm) Chrome/103.0.5060.134 Safari/537.36" "www.ysfine.com"
64.124.8.56 - - [21/Feb/2023:03:54:08 -0800] "GET /style/musee/britmu09.jpg HTTP/1.1" 200 125141 "-" "Mozilla/5.0 (Macintosh; Intel Mac OS X 10_15_7) AppleWebKit/537.36 (KHTML, like Gecko) Chrome/107.0.0.0 Safari/537.36" "www.ysfine.com"
95.163.255.61 - - [21/Feb/2023:03:54:08 -0800] "GET /robots.txt HTTP/1.1" 404 73 "-" "Mozilla/5.0 (compatible; Linux x86_64; Mail.RU_Bot/Img/2.0; +https://help.mail.ru/webmaster/indexing/robots)" "ysfine.com"
125.129.100.42 - - [21/Feb/2023:03:54:26 -0800] "GET /usca/pitt/idcard55.jpg HTTP/1.1" 200 104404 "https://images.search.yahoo.com/search/images;_ylt=Awr49TIVq_RjuaMbs3uJzbkF;_ylu=c2VjA3NlYXJjaARzbGsDYnV0dG9u;_ylc=X1MDOTYwNjI4NTcEX3IDMgRmcgNtY2FmZWUEZnIyA3A6cyx2OmksbTpzYi10b3AEZ3ByaWQDQzFXNjlPM1lRV3luaUdwNGlUZk1UQQRuX3JzbHQDMARuX3N1Z2cDMARvcmlnaW4DaW1hZ2VzLnNlYXJjaC55YWhvby5jb20EcG9zAzAEcHFzdHIDBHBxc3RybAMwBHFzdHJsAzI5BHF1ZXJ5A1ZJTlRBR0UlMjB1bml2ZXJzaXR5JTIwc3R1ZGVudCUyMGlkBHRfc3RtcAMxNjc2OTgwMjYz?p=VINTAGE+university+student+id&fr=mcafee&fr2=p%3As%2Cv%3Ai%2Cm%3Asb-top&ei=UTF-8&x=wrt&type=E211KR1451G0" "Mozilla/5.0 (Macintosh; Intel Mac OS X 10_15_7) AppleWebKit/537.36 (KHTML, like Gecko) Chrome/109.0.0.0 Safari/537.36" "ysfine.com"
5.188.210.91 - - [21/Feb/2023:03:54:43 -0800] "GET /world/visas.html HTTP/1.1" 200 7643 "https://www.ysfine.com/world/visas.html" "Mozilla/5.0 (Windows NT 6.1) AppleWebKit/537.36 (KHTML, like Gecko) Chrome/90.0.4430.72 Safari/537.36" "www.ysfine.com"
157.55.39.206 - - [21/Feb/2023:03:55:28 -0800] "GET /maga/phys/yukadirac53.jpg HTTP/1.1" 200 72355 "-" "Mozilla/5.0 AppleWebKit/537.36 (KHTML, like Gecko; compatible; bingbot/2.0; +http://www.bing.com/bingbot.htm) Chrome/103.0.5060.134 Safari/537.36" "www.ysfine.com"
52.167.144.35 - - [21/Feb/2023:03:55:46 -0800] "GET /bio/kobak/yskor.html HTTP/1.1" 404 88 "-" "Mozilla/5.0 AppleWebKit/537.36 (KHTML, like Gecko; compatible; bingbot/2.0; +http://www.bing.com/bingbot.htm) Chrome/103.0.5060.134 Safari/537.36" "ysfine.com"
95.163.255.67 - - [21/Feb/2023:03:55:58 -0800] "GET /kowar/rhee48.jpg HTTP/1.1" 200 340529 "-" "Mozilla/5.0 (compatible; Linux x86_64; Mail.RU_Bot/2.0; +https://help.mail.ru/webmaster/indexing/robots)" "www.ysfine.com"
64.124.8.52 - - [21/Feb/2023:03:56:37 -0800] "GET /world/germany/trier27.jpg HTTP/1.1" 200 159618 "-" "Mozilla/5.0 (Macintosh; Intel Mac OS X 10_15_7) AppleWebKit/537.36 (KHTML, like Gecko) Chrome/107.0.0.0 Safari/537.36" "ysfine.com"
95.163.255.91 - - [21/Feb/2023:03:56:43 -0800] "GET /bio09.html HTTP/1.1" 200 12731 "http://go.mail.ru/search_images" "Mozilla/5.0 (compatible; Linux x86_64; Mail.RU_Bot/Img/2.0; +https://help.mail.ru/webmaster/indexing/robots)" "ysfine.com"
64.124.8.29 - - [21/Feb/2023:03:57:59 -0800] "GET /world/germany/stutt25.jpg HTTP/1.1" 200 263981 "-" "Mozilla/5.0 (Macintosh; Intel Mac OS X 10_15_7) AppleWebKit/537.36 (KHTML, like Gecko) Chrome/107.0.0.0 Safari/537.36" "www.ysfine.com"
64.124.8.28 - - [21/Feb/2023:03:58:22 -0800] "GET /usca/norl/napo10.jpg HTTP/1.1" 200 150271 "-" "Mozilla/5.0 (Macintosh; Intel Mac OS X 10_15_7) AppleWebKit/537.36 (KHTML, like Gecko) Chrome/107.0.0.0 Safari/537.36" "www.ysfine.com"
51.222.253.2 - - [21/Feb/2023:03:58:37 -0800] "GET /wigner/index.html HTTP/1.1" 200 124 "-" "Mozilla/5.0 (compatible; AhrefsBot/7.0; +http://ahrefs.com/robot/)" "ysfine.com"
64.124.8.50 - - [21/Feb/2023:03:58:46 -0800] "GET /wisdom/provis01.jpg HTTP/1.1" 200 103920 "-" "Mozilla/5.0 (Macintosh; Intel Mac OS X 10_15_7) AppleWebKit/537.36 (KHTML, like Gecko) Chrome/107.0.0.0 Safari/537.36" "ysfine.com"
64.124.8.55 - - [21/Feb/2023:03:59:04 -0800] "GET /ffriends/amkor/iraida11.jpg HTTP/1.1" 200 124687 "-" "Mozilla/5.0 (Macintosh; Intel Mac OS X 10_15_7) AppleWebKit/537.36 (KHTML, like Gecko) Chrome/107.0.0.0 Safari/537.36" "www.ysfine.com"
64.124.8.52 - - [21/Feb/2023:03:59:16 -0800] "GET /feynman/fstat72.jpg HTTP/1.1" 200 66306 "-" "Mozilla/5.0 (Macintosh; Intel Mac OS X 10_15_7) AppleWebKit/537.36 (KHTML, like Gecko) Chrome/107.0.0.0 Safari/537.36" "www.ysfine.com"
40.77.167.211 - - [21/Feb/2023:04:01:09 -0800] "GET /bio/wigner/e(2).html HTTP/1.1" 404 88 "-" "Mozilla/5.0 AppleWebKit/537.36 (KHTML, like Gecko; compatible; bingbot/2.0; +http://www.bing.com/bingbot.htm) Chrome/103.0.5060.134 Safari/537.36" "ysfine.com"
5.188.210.47 - - [21/Feb/2023:04:01:18 -0800] "GET /world/visas.html HTTP/1.1" 200 7643 "https://www.ysfine.com/world/visas.html" "Mozilla/5.0 (Windows NT 6.1; Win64; x64) AppleWebKit/537.36 (KHTML, like Gecko) Chrome/90.0.4430.93 Safari/537.36" "www.ysfine.com"
82.65.213.90 - - [21/Feb/2023:04:02:19 -0800] "GET /kobak/sl628.jpg HTTP/1.1" 200 225100 "https://www.google.com/" "Mozilla/5.0 (Linux; Android 10; ELE-L29) AppleWebKit/537.36 (KHTML, like Gecko) Chrome/110.0.0.0 Mobile Safari/537.36" "ysfine.com"
64.124.8.50 - - [21/Feb/2023:04:02:55 -0800] "GET /world/france/montpar19.jpg HTTP/1.1" 200 193308 "-" "Mozilla/5.0 (Macintosh; Intel Mac OS X 10_15_7) AppleWebKit/537.36 (KHTML, like Gecko) Chrome/107.0.0.0 Safari/537.36" "ysfine.com"
64.124.8.29 - - [21/Feb/2023:04:02:58 -0800] "GET /ysbio/einstein/places/ulm05.jpg HTTP/1.1" 404 88 "-" "Mozilla/5.0 (Macintosh; Intel Mac OS X 10_15_7) AppleWebKit/537.36 (KHTML, like Gecko) Chrome/107.0.0.0 Safari/537.36" "ysfine.com"
64.124.8.52 - - [21/Feb/2023:04:03:22 -0800] "GET /usca/pitt/oldterm33.jpg HTTP/1.1" 200 203723 "-" "Mozilla/5.0 (Macintosh; Intel Mac OS X 10_15_7) AppleWebKit/537.36 (KHTML, like Gecko) Chrome/107.0.0.0 Safari/537.36" "www.ysfine.com"
45.120.4.50 - - [21/Feb/2023:04:03:32 -0800] "GET /data/admin/allowurl.txt HTTP/1.1" 404 88 "-" "Mozilla/5.0 (Windows NT 10.0; WOW64; rv:48.0) Gecko/20100101 Firefox/48.0" "www.ysfine.com"
207.46.13.218 - - [21/Feb/2023:04:04:05 -0800] "GET /style/cameras/hwanghae11.jpg HTTP/1.1" 200 178475 "-" "Mozilla/5.0 AppleWebKit/537.36 (KHTML, like Gecko; compatible; bingbot/2.0; +http://www.bing.com/bingbot.htm) Chrome/103.0.5060.134 Safari/537.36" "ysfine.com"
40.77.167.211 - - [21/Feb/2023:04:04:28 -0800] "GET /sbk/2004pitt11.jpg HTTP/1.1" 200 238875 "-" "Mozilla/5.0 AppleWebKit/537.36 (KHTML, like Gecko; compatible; bingbot/2.0; +http://www.bing.com/bingbot.htm) Chrome/103.0.5060.134 Safari/537.36" "ysfine.com"
64.124.8.28 - - [21/Feb/2023:04:05:19 -0800] "GET /wigner/martha11.jpg HTTP/1.1" 200 170660 "-" "Mozilla/5.0 (Macintosh; Intel Mac OS X 10_15_7) AppleWebKit/537.36 (KHTML, like Gecko) Chrome/107.0.0.0 Safari/537.36" "www.ysfine.com"
52.167.144.35 - - [21/Feb/2023:04:06:46 -0800] "GET /wdc/whxmas/whxmas12.jpg HTTP/1.1" 200 85147 "-" "Mozilla/5.0 AppleWebKit/537.36 (KHTML, like Gecko; compatible; bingbot/2.0; +http://www.bing.com/bingbot.htm) Chrome/103.0.5060.134 Safari/537.36" "ysfine.com"
207.46.13.220 - - [21/Feb/2023:04:06:50 -0800] "GET /bio/kobak/soraech.html HTTP/1.1" 404 88 "-" "Mozilla/5.0 AppleWebKit/537.36 (KHTML, like Gecko; compatible; bingbot/2.0; +http://www.bing.com/bingbot.htm) Chrome/103.0.5060.134 Safari/537.36" "ysfine.com"
64.124.8.53 - - [21/Feb/2023:04:08:25 -0800] "GET /world/balkan/istan057.jpg HTTP/1.1" 200 96046 "-" "Mozilla/5.0 (Macintosh; Intel Mac OS X 10_15_7) AppleWebKit/537.36 (KHTML, like Gecko) Chrome/107.0.0.0 Safari/537.36" "ysfine.com"
207.46.13.220 - - [21/Feb/2023:04:08:26 -0800] "GET /world/brit/imperialc08.jpg HTTP/1.1" 200 85345 "-" "Mozilla/5.0 AppleWebKit/537.36 (KHTML, like Gecko; compatible; bingbot/2.0; +http://www.bing.com/bingbot.htm) Chrome/103.0.5060.134 Safari/537.36" "ysfine.com"
216.244.66.229 - - [21/Feb/2023:04:08:47 -0800] "GET /robots.txt HTTP/1.1" 404 73 "-" "Mozilla/5.0 (compatible; DotBot/1.2; +https://opensiteexplorer.org/dotbot; help@moz.com)" "www.ysfine.com"
216.244.66.229 - - [21/Feb/2023:04:08:47 -0800] "GET /robots.txt HTTP/1.1" 404 73 "-" "Mozilla/5.0 (compatible; DotBot/1.2; +https://opensiteexplorer.org/dotbot; help@moz.com)" "ysfine.com"
52.167.144.35 - - [21/Feb/2023:04:08:57 -0800] "GET /bio/sbk/1950.html HTTP/1.1" 404 88 "-" "Mozilla/5.0 AppleWebKit/537.36 (KHTML, like Gecko; compatible; bingbot/2.0; +http://www.bing.com/bingbot.htm) Chrome/103.0.5060.134 Safari/537.36" "ysfine.com"
157.55.39.206 - - [21/Feb/2023:04:09:02 -0800] "GET /kowar/tanks/sherman45.jpg HTTP/1.1" 200 79723 "-" "Mozilla/5.0 AppleWebKit/537.36 (KHTML, like Gecko; compatible; bingbot/2.0; +http://www.bing.com/bingbot.htm) Chrome/103.0.5060.134 Safari/537.36" "ysfine.com"
212.102.39.84 - - [21/Feb/2023:04:09:31 -0800] "GET /wisdom/wk03.html HTTP/1.1" 200 85378 "https://ysfine.com/" "Mozilla/5.0 (Windows NT 10.0; WOW64) AppleWebKit/537.36 (KHTML, like Gecko) Chrome/103.0.0.0 Safari/537.36" "ysfine.com"
185.119.156.169 - - [21/Feb/2023:04:09:37 -0800] "GET /kowar/tanks/sherman52.jpg HTTP/1.1" 200 99286 "https://www.google.be/" "Mozilla/5.0 (Windows NT 10.0; Win64; x64) AppleWebKit/537.36 (KHTML, like Gecko) Chrome/109.0.0.0 Safari/537.36 Edg/109.0.1518.61" "ysfine.com"
64.124.8.52 - - [21/Feb/2023:04:10:04 -0800] "GET /wdc/waskor015.jpg HTTP/1.1" 200 66453 "-" "Mozilla/5.0 (Macintosh; Intel Mac OS X 10_15_7) AppleWebKit/537.36 (KHTML, like Gecko) Chrome/107.0.0.0 Safari/537.36" "ysfine.com"
64.124.8.29 - - [21/Feb/2023:04:10:18 -0800] "GET /ysbio/dirac/dirackn33.jpg HTTP/1.1" 404 88 "-" "Mozilla/5.0 (Macintosh; Intel Mac OS X 10_15_7) AppleWebKit/537.36 (KHTML, like Gecko) Chrome/107.0.0.0 Safari/537.36" "www.ysfine.com"
207.46.13.220 - - [21/Feb/2023:04:10:36 -0800] "GET /world/ital/lascala08.jpg HTTP/1.1" 200 148073 "-" "Mozilla/5.0 AppleWebKit/537.36 (KHTML, like Gecko; compatible; bingbot/2.0; +http://www.bing.com/bingbot.htm) Chrome/103.0.5060.134 Safari/537.36" "www.ysfine.com"
51.222.253.20 - - [21/Feb/2023:04:10:44 -0800] "GET /einstein/fantova/fantova.html HTTP/1.1" 200 6506 "-" "Mozilla/5.0 (compatible; AhrefsBot/7.0; +http://ahrefs.com/robot/)" "www.ysfine.com"
51.222.253.5 - - [21/Feb/2023:04:10:45 -0800] "GET /einstein/fantova/fanto11.jpg HTTP/1.1" 200 16170 "-" "Mozilla/5.0 (compatible; AhrefsBot/7.0; +http://ahrefs.com/robot/)" "www.ysfine.com"
51.222.253.15 - - [21/Feb/2023:04:10:46 -0800] "GET /einstein/fantova/07.gif HTTP/1.1" 200 3320 "-" "Mozilla/5.0 (compatible; AhrefsBot/7.0; +http://ahrefs.com/robot/)" "www.ysfine.com"
51.222.253.18 - - [21/Feb/2023:04:10:46 -0800] "GET /einstein/fantova/Princeton%20-%20Weekly%20Bulletin%2004-26-04%20-%20Newly%20discovered%20diary%20chronicles%20Einstein's%20last%20years_files/pwb.css HTTP/1.1" 404 88 "-" "Mozilla/5.0 (compatible; AhrefsBot/7.0; +http://ahrefs.com/robot/)" "www.ysfine.com"
51.222.253.15 - - [21/Feb/2023:04:10:46 -0800] "GET /einstein/fantova/s06.gif HTTP/1.1" 200 940 "-" "Mozilla/5.0 (compatible; AhrefsBot/7.0; +http://ahrefs.com/robot/)" "www.ysfine.com"
64.124.8.53 - - [21/Feb/2023:04:10:53 -0800] "GET /world/france/sartsq16.jpg HTTP/1.1" 200 117783 "-" "Mozilla/5.0 (Macintosh; Intel Mac OS X 10_15_7) AppleWebKit/537.36 (KHTML, like Gecko) Chrome/107.0.0.0 Safari/537.36" "ysfine.com"
64.124.8.29 - - [21/Feb/2023:04:10:56 -0800] "GET /world/germany/stutt22.jpg HTTP/1.1" 200 83864 "-" "Mozilla/5.0 (Macintosh; Intel Mac OS X 10_15_7) AppleWebKit/537.36 (KHTML, like Gecko) Chrome/107.0.0.0 Safari/537.36" "www.ysfine.com"
157.55.39.206 - - [21/Feb/2023:04:12:10 -0800] "GET /style/musee/perga01.jpg HTTP/1.1" 200 89709 "-" "Mozilla/5.0 AppleWebKit/537.36 (KHTML, like Gecko; compatible; bingbot/2.0; +http://www.bing.com/bingbot.htm) Chrome/103.0.5060.134 Safari/537.36" "www.ysfine.com"
216.244.66.229 - - [21/Feb/2023:04:12:23 -0800] "GET /auto/dwf.html HTTP/1.1" 404 73 "-" "Mozilla/5.0 (compatible; DotBot/1.2; +https://opensiteexplorer.org/dotbot; help@moz.com)" "ysfine.com"
64.124.8.28 - - [21/Feb/2023:04:12:42 -0800] "GET /sbk/2002nyc22.jpg HTTP/1.1" 200 171993 "-" "Mozilla/5.0 (Macintosh; Intel Mac OS X 10_15_7) AppleWebKit/537.36 (KHTML, like Gecko) Chrome/107.0.0.0 Safari/537.36" "ysfine.com"
52.167.144.62 - - [21/Feb/2023:04:12:44 -0800] "GET /bio/style/proschanie.html HTTP/1.1" 404 88 "-" "Mozilla/5.0 AppleWebKit/537.36 (KHTML, like Gecko; compatible; bingbot/2.0; +http://www.bing.com/bingbot.htm) Chrome/103.0.5060.134 Safari/537.36" "ysfine.com"
216.244.66.229 - - [21/Feb/2023:04:12:49 -0800] "GET /world/spain/bcn02.jpg HTTP/1.1" 200 204943 "-" "Mozilla/5.0 (compatible; DotBot/1.2; +https://opensiteexplorer.org/dotbot; help@moz.com)" "ysfine.com"
216.244.66.229 - - [21/Feb/2023:04:13:16 -0800] "GET /auto/einnstein/bern.html HTTP/1.1" 404 73 "-" "Mozilla/5.0 (compatible; DotBot/1.2; +https://opensiteexplorer.org/dotbot; help@moz.com)" "ysfine.com"
216.244.66.229 - - [21/Feb/2023:04:13:37 -0800] "GET /auto/fotos/marxlon02.jpg HTTP/1.1" 200 252345 "-" "Mozilla/5.0 (compatible; DotBot/1.2; +https://opensiteexplorer.org/dotbot; help@moz.com)" "ysfine.com"
64.124.8.55 - - [21/Feb/2023:04:13:38 -0800] "GET /wdc/redcross11.jpg HTTP/1.1" 200 100007 "-" "Mozilla/5.0 (Macintosh; Intel Mac OS X 10_15_7) AppleWebKit/537.36 (KHTML, like Gecko) Chrome/107.0.0.0 Safari/537.36" "www.ysfine.com"
195.188.55.10 - - [21/Feb/2023:04:13:42 -0800] "GET /kowar/sampal01.jpg HTTP/1.1" 200 141262 "https://www.google.com/" "Mozilla/5.0 (Windows NT 10.0; Win64; x64) AppleWebKit/537.36 (KHTML, like Gecko) Chrome/110.0.0.0 Safari/537.36" "ysfine.com"
64.124.8.50 - - [21/Feb/2023:04:14:00 -0800] "GET /world/ital/venice46.jpg HTTP/1.1" 200 206872 "-" "Mozilla/5.0 (Macintosh; Intel Mac OS X 10_15_7) AppleWebKit/537.36 (KHTML, like Gecko) Chrome/107.0.0.0 Safari/537.36" "ysfine.com"
157.55.39.206 - - [21/Feb/2023:04:14:21 -0800] "GET /style/yasukuni22b.jpg HTTP/1.1" 200 35342 "-" "Mozilla/5.0 AppleWebKit/537.36 (KHTML, like Gecko; compatible; bingbot/2.0; +http://www.bing.com/bingbot.htm) Chrome/103.0.5060.134 Safari/537.36" "www.ysfine.com"
64.124.8.52 - - [21/Feb/2023:04:14:27 -0800] "GET /ysbio/maga/phys/farad10.jpg HTTP/1.1" 404 88 "-" "Mozilla/5.0 (Macintosh; Intel Mac OS X 10_15_7) AppleWebKit/537.36 (KHTML, like Gecko) Chrome/107.0.0.0 Safari/537.36" "ysfine.com"
207.46.13.207 - - [21/Feb/2023:04:14:30 -0800] "GET /world/france/stras12.jpg HTTP/1.1" 200 157118 "-" "Mozilla/5.0 AppleWebKit/537.36 (KHTML, like Gecko; compatible; bingbot/2.0; +http://www.bing.com/bingbot.htm) Chrome/103.0.5060.134 Safari/537.36" "ysfine.com"
195.188.55.10 - - [21/Feb/2023:04:14:44 -0800] "GET /kobak/somap38b.jpg HTTP/1.1" 200 54149 "https://www.google.com/" "Mozilla/5.0 (Windows NT 10.0; Win64; x64) AppleWebKit/537.36 (KHTML, like Gecko) Chrome/110.0.0.0 Safari/537.36" "ysfine.com"
195.188.55.10 - - [21/Feb/2023:04:14:58 -0800] "GET /kobak/dulles.jpg HTTP/1.1" 200 106551 "https://www.google.com/" "Mozilla/5.0 (Windows NT 10.0; Win64; x64) AppleWebKit/537.36 (KHTML, like Gecko) Chrome/110.0.0.0 Safari/537.36" "ysfine.com"
52.167.144.62 - - [21/Feb/2023:04:15:03 -0800] "GET /wdc/wasopera11.jpg HTTP/1.1" 200 70236 "-" "Mozilla/5.0 AppleWebKit/537.36 (KHTML, like Gecko; compatible; bingbot/2.0; +http://www.bing.com/bingbot.htm) Chrome/103.0.5060.134 Safari/537.36" "ysfine.com"
52.167.144.35 - - [21/Feb/2023:04:16:38 -0800] "GET /style/nga77.jpg HTTP/1.1" 200 92170 "-" "Mozilla/5.0 AppleWebKit/537.36 (KHTML, like Gecko; compatible; bingbot/2.0; +http://www.bing.com/bingbot.htm) Chrome/103.0.5060.134 Safari/537.36" "ysfine.com"
64.124.8.49 - - [21/Feb/2023:04:16:43 -0800] "GET /world/hungary/buda012.jpg HTTP/1.1" 200 107226 "-" "Mozilla/5.0 (Macintosh; Intel Mac OS X 10_15_7) AppleWebKit/537.36 (KHTML, like Gecko) Chrome/107.0.0.0 Safari/537.36" "www.ysfine.com"
157.55.39.206 - - [21/Feb/2023:04:17:49 -0800] "GET /usca/pitt/cyclo2.jpg HTTP/1.1" 200 37426 "-" "Mozilla/5.0 AppleWebKit/537.36 (KHTML, like Gecko; compatible; bingbot/2.0; +http://www.bing.com/bingbot.htm) Chrome/103.0.5060.134 Safari/537.36" "ysfine.com"
64.124.8.54 - - [21/Feb/2023:04:18:14 -0800] "GET /world/poland/sienkiew07.jpg HTTP/1.1" 200 173287 "-" "Mozilla/5.0 (Macintosh; Intel Mac OS X 10_15_7) AppleWebKit/537.36 (KHTML, like Gecko) Chrome/107.0.0.0 Safari/537.36" "www.ysfine.com"
103.37.142.70 - - [21/Feb/2023:04:18:28 -0800] "GET /princeton/annex11.jpg HTTP/1.1" 200 136808 "-" "Mozilla/5.0 (X11; Ubuntu; Linux x86_64; rv:72.0) Gecko/20100101 Firefox/72.0" "ysfine.com"
207.46.13.220 - - [21/Feb/2023:04:18:58 -0800] "GET /world/china22.html HTTP/1.1" 200 12827 "-" "Mozilla/5.0 AppleWebKit/537.36 (KHTML, like Gecko; compatible; bingbot/2.0; +http://www.bing.com/bingbot.htm) Chrome/103.0.5060.134 Safari/537.36" "ysfine.com"
40.77.167.211 - - [21/Feb/2023:04:19:01 -0800] "GET /bio10.html HTTP/1.1" 200 4664 "-" "Mozilla/5.0 AppleWebKit/537.36 (KHTML, like Gecko; compatible; bingbot/2.0; +http://www.bing.com/bingbot.htm) Chrome/103.0.5060.134 Safari/537.36" "ysfine.com"
157.55.39.214 - - [21/Feb/2023:04:19:02 -0800] "GET /world/trier.html HTTP/1.1" 200 6488 "-" "Mozilla/5.0 AppleWebKit/537.36 (KHTML, like Gecko; compatible; bingbot/2.0; +http://www.bing.com/bingbot.htm) Chrome/103.0.5060.134 Safari/537.36" "ysfine.com"
64.124.8.50 - - [21/Feb/2023:04:19:05 -0800] "GET /wdc/usna13.jpg HTTP/1.1" 200 119405 "-" "Mozilla/5.0 (Macintosh; Intel Mac OS X 10_15_7) AppleWebKit/537.36 (KHTML, like Gecko) Chrome/107.0.0.0 Safari/537.36" "ysfine.com"
40.77.167.211 - - [21/Feb/2023:04:19:10 -0800] "GET /style/shops.html HTTP/1.1" 200 2829 "-" "Mozilla/5.0 AppleWebKit/537.36 (KHTML, like Gecko; compatible; bingbot/2.0; +http://www.bing.com/bingbot.htm) Chrome/103.0.5060.134 Safari/537.36" "ysfine.com"
207.46.13.218 - - [21/Feb/2023:04:19:37 -0800] "GET /world/russ/saratov02.jpg HTTP/1.1" 200 198202 "-" "Mozilla/5.0 AppleWebKit/537.36 (KHTML, like Gecko; compatible; bingbot/2.0; +http://www.bing.com/bingbot.htm) Chrome/103.0.5060.134 Safari/537.36" "www.ysfine.com"
64.124.8.28 - - [21/Feb/2023:04:19:59 -0800] "GET /world/scandi/copen079.jpg HTTP/1.1" 200 117486 "-" "Mozilla/5.0 (Macintosh; Intel Mac OS X 10_15_7) AppleWebKit/537.36 (KHTML, like Gecko) Chrome/107.0.0.0 Safari/537.36" "ysfine.com"
64.124.8.57 - - [21/Feb/2023:04:20:25 -0800] "GET /world/baltic/kantm08.jpg HTTP/1.1" 200 111853 "-" "Mozilla/5.0 (Macintosh; Intel Mac OS X 10_15_7) AppleWebKit/537.36 (KHTML, like Gecko) Chrome/107.0.0.0 Safari/537.36" "www.ysfine.com"
64.124.8.54 - - [21/Feb/2023:04:20:41 -0800] "GET /world/balkan/istan034.jpg HTTP/1.1" 200 112751 "-" "Mozilla/5.0 (Macintosh; Intel Mac OS X 10_15_7) AppleWebKit/537.36 (KHTML, like Gecko) Chrome/107.0.0.0 Safari/537.36" "ysfine.com"
3.15.31.137 - - [21/Feb/2023:04:21:08 -0800] "GET /ads.txt HTTP/1.1" 404 88 "http://ysfine.com/ads.txt" "AdsTxtCrawler/1.0; +https://github.com/InteractiveAdvertisingBureau/adstxtcrawler" "ysfine.com"
197.203.159.147 - - [21/Feb/2023:04:21:15 -0800] "GET /einstein/eincurie11.jpg HTTP/1.1" 200 71229 "-" "Mozilla/5.0 (Windows NT 10.0; Win64; x64) AppleWebKit/537.36 (KHTML, like Gecko) Chrome/109.0.0.0 Safari/537.36" "ysfine.com"
64.124.8.49 - - [21/Feb/2023:04:21:37 -0800] "GET /ysbio/world/france/sartsq13.jpg HTTP/1.1" 404 88 "-" "Mozilla/5.0 (Macintosh; Intel Mac OS X 10_15_7) AppleWebKit/537.36 (KHTML, like Gecko) Chrome/107.0.0.0 Safari/537.36" "www.ysfine.com"
207.46.13.218 - - [21/Feb/2023:04:21:49 -0800] "GET /world/baltic/riga03.jpg HTTP/1.1" 200 104704 "-" "Mozilla/5.0 AppleWebKit/537.36 (KHTML, like Gecko; compatible; bingbot/2.0; +http://www.bing.com/bingbot.htm) Chrome/103.0.5060.134 Safari/537.36" "ysfine.com"
51.222.253.3 - - [21/Feb/2023:04:22:41 -0800] "GET /maga/popov.html HTTP/1.1" 200 8651 "-" "Mozilla/5.0 (compatible; AhrefsBot/7.0; +http://ahrefs.com/robot/)" "ysfine.com"
51.222.253.5 - - [21/Feb/2023:04:22:43 -0800] "GET /maga/invent/popov02b.jpg HTTP/1.1" 200 68499 "-" "Mozilla/5.0 (compatible; AhrefsBot/7.0; +http://ahrefs.com/robot/)" "ysfine.com"
51.222.253.8 - - [21/Feb/2023:04:22:43 -0800] "GET /maga/invent/popov03b.jpg HTTP/1.1" 200 42372 "-" "Mozilla/5.0 (compatible; AhrefsBot/7.0; +http://ahrefs.com/robot/)" "ysfine.com"
51.222.253.6 - - [21/Feb/2023:04:22:44 -0800] "GET /kowar/tanks/tank05b.jpg HTTP/1.1" 200 48742 "-" "Mozilla/5.0 (compatible; AhrefsBot/7.0; +http://ahrefs.com/robot/)" "ysfine.com"
51.222.253.18 - - [21/Feb/2023:04:22:45 -0800] "GET /wdc/usna03b.jpg HTTP/1.1" 200 37328 "-" "Mozilla/5.0 (compatible; AhrefsBot/7.0; +http://ahrefs.com/robot/)" "ysfine.com"
51.222.253.1 - - [21/Feb/2023:04:22:45 -0800] "GET /world/russ/petergr01b.jpg HTTP/1.1" 200 29570 "-" "Mozilla/5.0 (compatible; AhrefsBot/7.0; +http://ahrefs.com/robot/)" "ysfine.com"
51.222.253.20 - - [21/Feb/2023:04:22:46 -0800] "GET /friends/nato11b.jpg HTTP/1.1" 404 88 "-" "Mozilla/5.0 (compatible; AhrefsBot/7.0; +http://ahrefs.com/robot/)" "ysfine.com"
51.222.253.14 - - [21/Feb/2023:04:22:47 -0800] "GET /kobak/yalta33b.jpg HTTP/1.1" 200 33354 "-" "Mozilla/5.0 (compatible; AhrefsBot/7.0; +http://ahrefs.com/robot/)" "ysfine.com"
51.222.253.11 - - [21/Feb/2023:04:22:48 -0800] "GET /einstein/michelson11b.jpg HTTP/1.1" 200 35505 "-" "Mozilla/5.0 (compatible; AhrefsBot/7.0; +http://ahrefs.com/robot/)" "ysfine.com"
51.222.253.14 - - [21/Feb/2023:04:22:48 -0800] "GET /people/jweber2.jpg HTTP/1.1" 200 36994 "-" "Mozilla/5.0 (compatible; AhrefsBot/7.0; +http://ahrefs.com/robot/)" "ysfine.com"
51.222.253.11 - - [21/Feb/2023:04:22:49 -0800] "GET /wdc/usna24b.jpg HTTP/1.1" 200 51081 "-" "Mozilla/5.0 (compatible; AhrefsBot/7.0; +http://ahrefs.com/robot/)" "ysfine.com"
51.222.253.1 - - [21/Feb/2023:04:22:49 -0800] "GET /maga/invent/gagarin22b.jpg HTTP/1.1" 200 35764 "-" "Mozilla/5.0 (compatible; AhrefsBot/7.0; +http://ahrefs.com/robot/)" "ysfine.com"
51.222.253.9 - - [21/Feb/2023:04:22:50 -0800] "GET /friends/victork33b.jpg HTTP/1.1" 404 88 "-" "Mozilla/5.0 (compatible; AhrefsBot/7.0; +http://ahrefs.com/robot/)" "ysfine.com"
51.222.253.12 - - [21/Feb/2023:04:22:50 -0800] "GET /world/france/nice302b.jpg HTTP/1.1" 200 52446 "-" "Mozilla/5.0 (compatible; AhrefsBot/7.0; +http://ahrefs.com/robot/)" "ysfine.com"
64.124.8.53 - - [21/Feb/2023:04:23:11 -0800] "GET /world/latina/rio062.jpg HTTP/1.1" 200 78896 "-" "Mozilla/5.0 (Macintosh; Intel Mac OS X 10_15_7) AppleWebKit/537.36 (KHTML, like Gecko) Chrome/107.0.0.0 Safari/537.36" "ysfine.com"
64.124.8.55 - - [21/Feb/2023:04:23:33 -0800] "GET /ysbio/world/germany/benz12.jpg HTTP/1.1" 404 88 "-" "Mozilla/5.0 (Macintosh; Intel Mac OS X 10_15_7) AppleWebKit/537.36 (KHTML, like Gecko) Chrome/107.0.0.0 Safari/537.36" "ysfine.com"
64.124.8.49 - - [21/Feb/2023:04:24:12 -0800] "GET /newyork/centralp05.jpg HTTP/1.1" 200 163855 "-" "Mozilla/5.0 (Macintosh; Intel Mac OS X 10_15_7) AppleWebKit/537.36 (KHTML, like Gecko) Chrome/107.0.0.0 Safari/537.36" "ysfine.com"
92.34.250.146 - - [21/Feb/2023:04:25:06 -0800] "GET /dirac/dirheisen30.jpg HTTP/1.1" 200 141929 "https://www.google.com/" "Mozilla/5.0 (Windows NT 10.0; Win64; x64) AppleWebKit/537.36 (KHTML, like Gecko) Chrome/109.0.0.0 Safari/537.36" "ysfine.com"
92.34.250.146 - - [21/Feb/2023:04:25:20 -0800] "GET /dirac/dirfoc62.jpg HTTP/1.1" 200 192075 "https://www.google.com/" "Mozilla/5.0 (Windows NT 10.0; Win64; x64) AppleWebKit/537.36 (KHTML, like Gecko) Chrome/109.0.0.0 Safari/537.36" "ysfine.com"
92.34.250.146 - - [21/Feb/2023:04:25:20 -0800] "GET /dirac/dirheisen31b.jpg HTTP/1.1" 200 39248 "https://www.google.com/" "Mozilla/5.0 (Windows NT 10.0; Win64; x64) AppleWebKit/537.36 (KHTML, like Gecko) Chrome/109.0.0.0 Safari/537.36" "ysfine.com"
92.34.250.146 - - [21/Feb/2023:04:25:27 -0800] "GET /people/facu63.jpg HTTP/1.1" 200 255387 "https://www.google.com/" "Mozilla/5.0 (Windows NT 10.0; Win64; x64) AppleWebKit/537.36 (KHTML, like Gecko) Chrome/109.0.0.0 Safari/537.36" "ysfine.com"
64.124.8.28 - - [21/Feb/2023:04:26:50 -0800] "GET /ysbio/world/hungary/buda041.jpg HTTP/1.1" 404 88 "-" "Mozilla/5.0 (Macintosh; Intel Mac OS X 10_15_7) AppleWebKit/537.36 (KHTML, like Gecko) Chrome/107.0.0.0 Safari/537.36" "ysfine.com"
64.124.8.49 - - [21/Feb/2023:04:26:57 -0800] "GET /world/germany/berlin175.jpg HTTP/1.1" 200 144287 "-" "Mozilla/5.0 (Macintosh; Intel Mac OS X 10_15_7) AppleWebKit/537.36 (KHTML, like Gecko) Chrome/107.0.0.0 Safari/537.36" "ysfine.com"
64.124.8.29 - - [21/Feb/2023:04:27:23 -0800] "GET /ysbio/world/ital/repub12.jpg HTTP/1.1" 404 88 "-" "Mozilla/5.0 (Macintosh; Intel Mac OS X 10_15_7) AppleWebKit/537.36 (KHTML, like Gecko) Chrome/107.0.0.0 Safari/537.36" "ysfine.com"
64.124.8.55 - - [21/Feb/2023:04:27:24 -0800] "GET /world/hungary/kodaly01.jpg HTTP/1.1" 200 157349 "-" "Mozilla/5.0 (Macintosh; Intel Mac OS X 10_15_7) AppleWebKit/537.36 (KHTML, like Gecko) Chrome/107.0.0.0 Safari/537.36" "www.ysfine.com"
64.124.8.55 - - [21/Feb/2023:04:27:40 -0800] "GET /world/germany/vienna07.jpg HTTP/1.1" 200 96133 "-" "Mozilla/5.0 (Macintosh; Intel Mac OS X 10_15_7) AppleWebKit/537.36 (KHTML, like Gecko) Chrome/107.0.0.0 Safari/537.36" "ysfine.com"
51.222.253.9 - - [21/Feb/2023:04:27:42 -0800] "GET /maga/galileo.html HTTP/1.1" 200 4725 "-" "Mozilla/5.0 (compatible; AhrefsBot/7.0; +http://ahrefs.com/robot/)" "www.ysfine.com"
51.222.253.12 - - [21/Feb/2023:04:27:45 -0800] "GET /world/ital/stcroce01b.jpg HTTP/1.1" 200 42968 "-" "Mozilla/5.0 (compatible; AhrefsBot/7.0; +http://ahrefs.com/robot/)" "www.ysfine.com"
51.222.253.14 - - [21/Feb/2023:04:27:45 -0800] "GET /world/ital/pisa2.jpg HTTP/1.1" 200 37000 "-" "Mozilla/5.0 (compatible; AhrefsBot/7.0; +http://ahrefs.com/robot/)" "www.ysfine.com"
51.222.253.15 - - [21/Feb/2023:04:27:46 -0800] "GET /world/ital/museo01b.jpg HTTP/1.1" 200 41524 "-" "Mozilla/5.0 (compatible; AhrefsBot/7.0; +http://ahrefs.com/robot/)" "www.ysfine.com"
51.222.253.11 - - [21/Feb/2023:04:27:46 -0800] "GET /world/ital/medici01.jpg HTTP/1.1" 200 34231 "-" "Mozilla/5.0 (compatible; AhrefsBot/7.0; +http://ahrefs.com/robot/)" "www.ysfine.com"
51.222.253.3 - - [21/Feb/2023:04:27:52 -0800] "GET /world/ital/murano09b.jpg HTTP/1.1" 200 28446 "-" "Mozilla/5.0 (compatible; AhrefsBot/7.0; +http://ahrefs.com/robot/)" "www.ysfine.com"
64.124.8.28 - - [21/Feb/2023:04:29:01 -0800] "GET /style/nga66.jpg HTTP/1.1" 200 86973 "-" "Mozilla/5.0 (Macintosh; Intel Mac OS X 10_15_7) AppleWebKit/537.36 (KHTML, like Gecko) Chrome/107.0.0.0 Safari/537.36" "ysfine.com"
52.58.146.230 - - [21/Feb/2023:04:29:23 -0800] "GET / HTTP/1.1" 200 5295 "-" "Mozilla/5.0 (compatible; MSIE 10.0; Windows NT 6.1; Trident/6.0) LinkCheck by Siteimprove.com" "ysfine.com"
64.124.8.49 - - [21/Feb/2023:04:29:38 -0800] "GET /world/russ/roskei94.jpg HTTP/1.1" 200 108504 "-" "Mozilla/5.0 (Macintosh; Intel Mac OS X 10_15_7) AppleWebKit/537.36 (KHTML, like Gecko) Chrome/107.0.0.0 Safari/537.36" "ysfine.com"
64.124.8.50 - - [21/Feb/2023:04:29:42 -0800] "GET /world/ital/bologr15.jpg HTTP/1.1" 200 103015 "-" "Mozilla/5.0 (Macintosh; Intel Mac OS X 10_15_7) AppleWebKit/537.36 (KHTML, like Gecko) Chrome/107.0.0.0 Safari/537.36" "ysfine.com"
