71.178.208.102 - - [21/Feb/2023:01:24:38 -0800] "GET /ffriends/amkor/leshalles11c.jpg HTTP/1.1" 200 41597 "https://www.ysfine.com/ffriends/fdw.html" "Mozilla/5.0 (Windows NT 10.0; Win64; x64; rv:109.0) Gecko/20100101 Firefox/110.0" "www.ysfine.com"
71.178.208.102 - - [21/Feb/2023:01:24:38 -0800] "GET /ffriends/amkor/iran11c.jpg HTTP/1.1" 200 25278 "https://www.ysfine.com/ffriends/fdw.html" "Mozilla/5.0 (Windows NT 10.0; Win64; x64; rv:109.0) Gecko/20100101 Firefox/110.0" "www.ysfine.com"
71.178.208.102 - - [21/Feb/2023:01:24:38 -0800] "GET /ffriends/amkor/amgermany01c.jpg HTTP/1.1" 200 50215 "https://www.ysfine.com/ffriends/fdw.html" "Mozilla/5.0 (Windows NT 10.0; Win64; x64; rv:109.0) Gecko/20100101 Firefox/110.0" "www.ysfine.com"
71.178.208.102 - - [21/Feb/2023:01:24:38 -0800] "GET /ffriends/amkor/amstu09c.jpg HTTP/1.1" 200 26729 "https://www.ysfine.com/ffriends/fdw.html" "Mozilla/5.0 (Windows NT 10.0; Win64; x64; rv:109.0) Gecko/20100101 Firefox/110.0" "www.ysfine.com"
71.178.208.102 - - [21/Feb/2023:01:24:38 -0800] "GET /ffriends/amkor/amgreece01c.jpg HTTP/1.1" 200 32323 "https://www.ysfine.com/ffriends/fdw.html" "Mozilla/5.0 (Windows NT 10.0; Win64; x64; rv:109.0) Gecko/20100101 Firefox/110.0" "www.ysfine.com"
71.178.208.102 - - [21/Feb/2023:01:24:38 -0800] "GET /ffriends/amkor/canlon01c.jpg HTTP/1.1" 200 44304 "https://www.ysfine.com/ffriends/fdw.html" "Mozilla/5.0 (Windows NT 10.0; Win64; x64; rv:109.0) Gecko/20100101 Firefox/110.0" "www.ysfine.com"
71.178.208.102 - - [21/Feb/2023:01:24:38 -0800] "GET /ffriends/amkor/amstoc01c.jpg HTTP/1.1" 200 38864 "https://www.ysfine.com/ffriends/fdw.html" "Mozilla/5.0 (Windows NT 10.0; Win64; x64; rv:109.0) Gecko/20100101 Firefox/110.0" "www.ysfine.com"
71.178.208.102 - - [21/Feb/2023:01:24:38 -0800] "GET /ffriends/amkor/prstu03c.jpg HTTP/1.1" 200 25534 "https://www.ysfine.com/ffriends/fdw.html" "Mozilla/5.0 (Windows NT 10.0; Win64; x64; rv:109.0) Gecko/20100101 Firefox/110.0" "www.ysfine.com"
71.178.208.102 - - [21/Feb/2023:01:24:38 -0800] "GET /ffriends/amkor/princelon01c.jpg HTTP/1.1" 200 44124 "https://www.ysfine.com/ffriends/fdw.html" "Mozilla/5.0 (Windows NT 10.0; Win64; x64; rv:109.0) Gecko/20100101 Firefox/110.0" "www.ysfine.com"
71.178.208.102 - - [21/Feb/2023:01:24:38 -0800] "GET /princeton/brooke56c.jpg HTTP/1.1" 200 35600 "https://www.ysfine.com/ffriends/fdw.html" "Mozilla/5.0 (Windows NT 10.0; Win64; x64; rv:109.0) Gecko/20100101 Firefox/110.0" "www.ysfine.com"
71.178.208.102 - - [21/Feb/2023:01:24:38 -0800] "GET /ffriends/amkor/amparis03c.jpg HTTP/1.1" 200 21510 "https://www.ysfine.com/ffriends/fdw.html" "Mozilla/5.0 (Windows NT 10.0; Win64; x64; rv:109.0) Gecko/20100101 Firefox/110.0" "www.ysfine.com"
71.178.208.102 - - [21/Feb/2023:01:24:38 -0800] "GET /ffriends/amkor/vassar11c.jpg HTTP/1.1" 200 22776 "https://www.ysfine.com/ffriends/fdw.html" "Mozilla/5.0 (Windows NT 10.0; Win64; x64; rv:109.0) Gecko/20100101 Firefox/110.0" "www.ysfine.com"
71.178.208.102 - - [21/Feb/2023:01:24:38 -0800] "GET /ffriends/amkor/amstu14c.jpg HTTP/1.1" 200 41167 "https://www.ysfine.com/ffriends/fdw.html" "Mozilla/5.0 (Windows NT 10.0; Win64; x64; rv:109.0) Gecko/20100101 Firefox/110.0" "www.ysfine.com"
71.178.208.102 - - [21/Feb/2023:01:24:38 -0800] "GET /ffriends/amkor/amstu02c.jpg HTTP/1.1" 200 41520 "https://www.ysfine.com/ffriends/fdw.html" "Mozilla/5.0 (Windows NT 10.0; Win64; x64; rv:109.0) Gecko/20100101 Firefox/110.0" "www.ysfine.com"
71.178.208.102 - - [21/Feb/2023:01:24:38 -0800] "GET /ffriends/amkor/barnard11c.jpg HTTP/1.1" 200 36206 "https://www.ysfine.com/ffriends/fdw.html" "Mozilla/5.0 (Windows NT 10.0; Win64; x64; rv:109.0) Gecko/20100101 Firefox/110.0" "www.ysfine.com"
71.178.208.102 - - [21/Feb/2023:01:24:38 -0800] "GET /ffriends/aline/delta03c.jpg HTTP/1.1" 200 28047 "https://www.ysfine.com/ffriends/fdw.html" "Mozilla/5.0 (Windows NT 10.0; Win64; x64; rv:109.0) Gecko/20100101 Firefox/110.0" "www.ysfine.com"
71.178.208.102 - - [21/Feb/2023:01:24:38 -0800] "GET /ffriends/amkor/amstu11c.jpg HTTP/1.1" 200 47983 "https://www.ysfine.com/ffriends/fdw.html" "Mozilla/5.0 (Windows NT 10.0; Win64; x64; rv:109.0) Gecko/20100101 Firefox/110.0" "www.ysfine.com"
71.178.208.102 - - [21/Feb/2023:01:24:38 -0800] "GET /ffriends/amkor/kostu36c.jpg HTTP/1.1" 200 36875 "https://www.ysfine.com/ffriends/fdw.html" "Mozilla/5.0 (Windows NT 10.0; Win64; x64; rv:109.0) Gecko/20100101 Firefox/110.0" "www.ysfine.com"
71.178.208.102 - - [21/Feb/2023:01:24:38 -0800] "GET /ffriends/aline/united01c.jpg HTTP/1.1" 200 32651 "https://www.ysfine.com/ffriends/fdw.html" "Mozilla/5.0 (Windows NT 10.0; Win64; x64; rv:109.0) Gecko/20100101 Firefox/110.0" "www.ysfine.com"
71.178.208.102 - - [21/Feb/2023:01:24:38 -0800] "GET /ffriends/amkor/kostu05c.jpg HTTP/1.1" 200 29557 "https://www.ysfine.com/ffriends/fdw.html" "Mozilla/5.0 (Windows NT 10.0; Win64; x64; rv:109.0) Gecko/20100101 Firefox/110.0" "www.ysfine.com"
71.178.208.102 - - [21/Feb/2023:01:24:38 -0800] "GET /ffriends/aline/aal06c.jpg HTTP/1.1" 200 27436 "https://www.ysfine.com/ffriends/fdw.html" "Mozilla/5.0 (Windows NT 10.0; Win64; x64; rv:109.0) Gecko/20100101 Firefox/110.0" "www.ysfine.com"
71.178.208.102 - - [21/Feb/2023:01:24:38 -0800] "GET /ffriends/amkor/kodresden18c.jpg HTTP/1.1" 200 32520 "https://www.ysfine.com/ffriends/fdw.html" "Mozilla/5.0 (Windows NT 10.0; Win64; x64; rv:109.0) Gecko/20100101 Firefox/110.0" "www.ysfine.com"
71.178.208.102 - - [21/Feb/2023:01:24:38 -0800] "GET /ffriends/amkor/kosilver01c.jpg HTTP/1.1" 200 30803 "https://www.ysfine.com/ffriends/fdw.html" "Mozilla/5.0 (Windows NT 10.0; Win64; x64; rv:109.0) Gecko/20100101 Firefox/110.0" "www.ysfine.com"
71.178.208.102 - - [21/Feb/2023:01:24:38 -0800] "GET /ffriends/amkor/koseville01c.jpg HTTP/1.1" 200 37876 "https://www.ysfine.com/ffriends/fdw.html" "Mozilla/5.0 (Windows NT 10.0; Win64; x64; rv:109.0) Gecko/20100101 Firefox/110.0" "www.ysfine.com"
71.178.208.102 - - [21/Feb/2023:01:24:38 -0800] "GET /ffriends/amkor/iraida11c.jpg HTTP/1.1" 200 37601 "https://www.ysfine.com/ffriends/fdw.html" "Mozilla/5.0 (Windows NT 10.0; Win64; x64; rv:109.0) Gecko/20100101 Firefox/110.0" "www.ysfine.com"
71.178.208.102 - - [21/Feb/2023:01:24:38 -0800] "GET /ffriends/amkor/defectors01c.jpg HTTP/1.1" 200 34776 "https://www.ysfine.com/ffriends/fdw.html" "Mozilla/5.0 (Windows NT 10.0; Win64; x64; rv:109.0) Gecko/20100101 Firefox/110.0" "www.ysfine.com"
71.178.208.102 - - [21/Feb/2023:01:24:40 -0800] "GET /vip/vipbot.html HTTP/1.1" 401 90 "https://www.ysfine.com/fdx/fdxtop.html" "Mozilla/5.0 (Windows NT 10.0; Win64; x64; rv:109.0) Gecko/20100101 Firefox/110.0" "www.ysfine.com"
71.178.208.102 - jake [21/Feb/2023:01:24:40 -0800] "GET /vip/vipbot.html HTTP/1.1" 200 131 "https://www.ysfine.com/fdx/fdxtop.html" "Mozilla/5.0 (Windows NT 10.0; Win64; x64; rv:109.0) Gecko/20100101 Firefox/110.0" "www.ysfine.com"
71.178.208.102 - jake [21/Feb/2023:01:24:40 -0800] "GET /vip/viprigh.html HTTP/1.1" 200 5170 "https://www.ysfine.com/vip/vipbot.html" "Mozilla/5.0 (Windows NT 10.0; Win64; x64; rv:109.0) Gecko/20100101 Firefox/110.0" "www.ysfine.com"
71.178.208.102 - jake [21/Feb/2023:01:24:40 -0800] "GET /vip/vipleft.html HTTP/1.1" 200 718 "https://www.ysfine.com/vip/vipbot.html" "Mozilla/5.0 (Windows NT 10.0; Win64; x64; rv:109.0) Gecko/20100101 Firefox/110.0" "www.ysfine.com"
71.178.208.102 - - [21/Feb/2023:01:24:41 -0800] "GET /wisdom/kwk11b.jpg HTTP/1.1" 200 46888 "https://www.ysfine.com/vip/viprigh.html" "Mozilla/5.0 (Windows NT 10.0; Win64; x64; rv:109.0) Gecko/20100101 Firefox/110.0" "www.ysfine.com"
71.178.208.102 - - [21/Feb/2023:01:24:41 -0800] "GET /people/ys63b.jpg HTTP/1.1" 200 41575 "https://www.ysfine.com/vip/viprigh.html" "Mozilla/5.0 (Windows NT 10.0; Win64; x64; rv:109.0) Gecko/20100101 Firefox/110.0" "www.ysfine.com"
71.178.208.102 - - [21/Feb/2023:01:24:41 -0800] "GET /people/baran2.jpg HTTP/1.1" 200 26517 "https://www.ysfine.com/vip/viprigh.html" "Mozilla/5.0 (Windows NT 10.0; Win64; x64; rv:109.0) Gecko/20100101 Firefox/110.0" "www.ysfine.com"
71.178.208.102 - - [21/Feb/2023:01:24:41 -0800] "GET /usca/pitt/carnlab11b.jpg HTTP/1.1" 200 32622 "https://www.ysfine.com/vip/viprigh.html" "Mozilla/5.0 (Windows NT 10.0; Win64; x64; rv:109.0) Gecko/20100101 Firefox/110.0" "www.ysfine.com"
71.178.208.102 - jake [21/Feb/2023:01:24:41 -0800] "GET /vip/i089b.jpg HTTP/1.1" 200 40273 "https://www.ysfine.com/vip/viprigh.html" "Mozilla/5.0 (Windows NT 10.0; Win64; x64; rv:109.0) Gecko/20100101 Firefox/110.0" "www.ysfine.com"
71.178.208.102 - - [21/Feb/2023:01:24:41 -0800] "GET /usca/pitt/sliderule2.jpg HTTP/1.1" 200 26399 "https://www.ysfine.com/vip/viprigh.html" "Mozilla/5.0 (Windows NT 10.0; Win64; x64; rv:109.0) Gecko/20100101 Firefox/110.0" "www.ysfine.com"
71.178.208.102 - - [21/Feb/2023:01:24:41 -0800] "GET /kobak/yoonhm2.jpg HTTP/1.1" 200 40988 "https://www.ysfine.com/vip/viprigh.html" "Mozilla/5.0 (Windows NT 10.0; Win64; x64; rv:109.0) Gecko/20100101 Firefox/110.0" "www.ysfine.com"
71.178.208.102 - - [21/Feb/2023:01:24:41 -0800] "GET /home/goodbad2.jpg HTTP/1.1" 200 17488 "https://www.ysfine.com/vip/viprigh.html" "Mozilla/5.0 (Windows NT 10.0; Win64; x64; rv:109.0) Gecko/20100101 Firefox/110.0" "www.ysfine.com"
71.178.208.102 - - [21/Feb/2023:01:24:41 -0800] "GET /people/tollwig2.jpg HTTP/1.1" 200 35067 "https://www.ysfine.com/vip/viprigh.html" "Mozilla/5.0 (Windows NT 10.0; Win64; x64; rv:109.0) Gecko/20100101 Firefox/110.0" "www.ysfine.com"
71.178.208.102 - jake [21/Feb/2023:01:24:41 -0800] "GET /vip/i090b.jpg HTTP/1.1" 200 43655 "https://www.ysfine.com/vip/viprigh.html" "Mozilla/5.0 (Windows NT 10.0; Win64; x64; rv:109.0) Gecko/20100101 Firefox/110.0" "www.ysfine.com"
71.178.208.102 - jake [21/Feb/2023:01:25:21 -0800] "GET /fdx/videos.html HTTP/1.1" 200 1054 "https://www.ysfine.com/fdx/fdxleft.html" "Mozilla/5.0 (Windows NT 10.0; Win64; x64; rv:109.0) Gecko/20100101 Firefox/110.0" "www.ysfine.com"
157.55.39.206 - - [21/Feb/2023:01:26:04 -0800] "GET /ffriends/amkor/amstu04.jpg HTTP/1.1" 200 81027 "-" "Mozilla/5.0 AppleWebKit/537.36 (KHTML, like Gecko; compatible; bingbot/2.0; +http://www.bing.com/bingbot.htm) Chrome/103.0.5060.134 Safari/537.36" "ysfine.com"
51.222.253.16 - - [21/Feb/2023:01:27:12 -0800] "GET /class54/class5470/total_data/sub_526.htm HTTP/1.1" 200 3212 "-" "Mozilla/5.0 (compatible; AhrefsBot/7.0; +http://ahrefs.com/robot/)" "ysfine.com"
64.124.8.52 - - [21/Feb/2023:01:27:23 -0800] "GET /sbk/2003geneva33.jpg HTTP/1.1" 200 208386 "-" "Mozilla/5.0 (Macintosh; Intel Mac OS X 10_15_7) AppleWebKit/537.36 (KHTML, like Gecko) Chrome/107.0.0.0 Safari/537.36" "ysfine.com"
207.46.13.218 - - [21/Feb/2023:01:27:49 -0800] "GET /world/scandi/sto017.jpg HTTP/1.1" 200 105208 "-" "Mozilla/5.0 AppleWebKit/537.36 (KHTML, like Gecko; compatible; bingbot/2.0; +http://www.bing.com/bingbot.htm) Chrome/103.0.5060.134 Safari/537.36" "www.ysfine.com"
157.55.39.206 - - [21/Feb/2023:01:29:03 -0800] "GET /world/china/beijing107.jpg HTTP/1.1" 200 115418 "-" "Mozilla/5.0 AppleWebKit/537.36 (KHTML, like Gecko; compatible; bingbot/2.0; +http://www.bing.com/bingbot.htm) Chrome/103.0.5060.134 Safari/537.36" "ysfine.com"
66.249.64.168 - - [21/Feb/2023:01:29:31 -0800] "GET /robots.txt HTTP/1.1" 404 88 "-" "Mozilla/5.0 (compatible; Googlebot/2.1; +http://www.google.com/bot.html)" "www.ysfine.com"
95.163.255.80 - - [21/Feb/2023:01:29:42 -0800] "GET /robots.txt HTTP/1.1" 404 73 "-" "Mozilla/5.0 (compatible; Linux x86_64; Mail.RU_Bot/Img/2.0; +https://help.mail.ru/webmaster/indexing/robots)" "ysfine.com"
95.163.255.80 - - [21/Feb/2023:01:30:06 -0800] "GET /robots.txt HTTP/1.1" 404 73 "-" "Mozilla/5.0 (compatible; Linux x86_64; Mail.RU_Bot/Img/2.0; +https://help.mail.ru/webmaster/indexing/robots)" "www.ysfine.com"
95.163.255.110 - - [21/Feb/2023:01:30:19 -0800] "GET /people/ HTTP/1.1" 200 125 "http://go.mail.ru/search_images" "Mozilla/5.0 (compatible; Linux x86_64; Mail.RU_Bot/Img/2.0; +https://help.mail.ru/webmaster/indexing/robots)" "ysfine.com"
95.163.255.80 - - [21/Feb/2023:01:30:30 -0800] "GET /veneto.html HTTP/1.1" 404 88 "http://go.mail.ru/search_images" "Mozilla/5.0 (compatible; Linux x86_64; Mail.RU_Bot/Img/2.0; +https://help.mail.ru/webmaster/indexing/robots)" "www.ysfine.com"
207.46.13.220 - - [21/Feb/2023:01:30:31 -0800] "GET /world/china/dalian16b.jpg HTTP/1.1" 200 35459 "-" "Mozilla/5.0 AppleWebKit/537.36 (KHTML, like Gecko; compatible; bingbot/2.0; +http://www.bing.com/bingbot.htm) Chrome/103.0.5060.134 Safari/537.36" "ysfine.com"
207.46.13.220 - - [21/Feb/2023:01:30:41 -0800] "GET /bio.html HTTP/1.1" 200 18260 "-" "Mozilla/5.0 AppleWebKit/537.36 (KHTML, like Gecko; compatible; bingbot/2.0; +http://www.bing.com/bingbot.htm) Chrome/103.0.5060.134 Safari/537.36" "www.ysfine.com"
51.222.253.12 - - [21/Feb/2023:01:30:44 -0800] "GET /world/copen.html HTTP/1.1" 200 6582 "-" "Mozilla/5.0 (compatible; AhrefsBot/7.0; +http://ahrefs.com/robot/)" "www.ysfine.com"
51.222.253.15 - - [21/Feb/2023:01:30:47 -0800] "GET /kobak/jutlandia2.jpg HTTP/1.1" 200 34252 "-" "Mozilla/5.0 (compatible; AhrefsBot/7.0; +http://ahrefs.com/robot/)" "www.ysfine.com"
51.222.253.17 - - [21/Feb/2023:01:30:48 -0800] "GET /world/scandi/copenf78b.jpg HTTP/1.1" 200 35234 "-" "Mozilla/5.0 (compatible; AhrefsBot/7.0; +http://ahrefs.com/robot/)" "www.ysfine.com"
51.222.253.14 - - [21/Feb/2023:01:30:49 -0800] "GET /world/scandi/copen006b.jpg HTTP/1.1" 200 38830 "-" "Mozilla/5.0 (compatible; AhrefsBot/7.0; +http://ahrefs.com/robot/)" "www.ysfine.com"
51.222.253.20 - - [21/Feb/2023:01:30:49 -0800] "GET /world/scandi/copen047b.jpg HTTP/1.1" 200 32220 "-" "Mozilla/5.0 (compatible; AhrefsBot/7.0; +http://ahrefs.com/robot/)" "www.ysfine.com"
51.222.253.19 - - [21/Feb/2023:01:30:50 -0800] "GET /world/scandi/copen001b.jpg HTTP/1.1" 200 42889 "-" "Mozilla/5.0 (compatible; AhrefsBot/7.0; +http://ahrefs.com/robot/)" "www.ysfine.com"
51.222.253.12 - - [21/Feb/2023:01:30:50 -0800] "GET /world/scandi/copenf18b.jpg HTTP/1.1" 200 45922 "-" "Mozilla/5.0 (compatible; AhrefsBot/7.0; +http://ahrefs.com/robot/)" "www.ysfine.com"
51.222.253.6 - - [21/Feb/2023:01:30:51 -0800] "GET /world/scandi/copen021b.jpg HTTP/1.1" 200 33385 "-" "Mozilla/5.0 (compatible; AhrefsBot/7.0; +http://ahrefs.com/robot/)" "www.ysfine.com"
51.222.253.15 - - [21/Feb/2023:01:30:52 -0800] "GET /world/scandi/copen073b.jpg HTTP/1.1" 200 42196 "-" "Mozilla/5.0 (compatible; AhrefsBot/7.0; +http://ahrefs.com/robot/)" "www.ysfine.com"
51.222.253.1 - - [21/Feb/2023:01:30:52 -0800] "GET /world/scandi/copen057b.jpg HTTP/1.1" 200 42917 "-" "Mozilla/5.0 (compatible; AhrefsBot/7.0; +http://ahrefs.com/robot/)" "www.ysfine.com"
51.222.253.10 - - [21/Feb/2023:01:30:53 -0800] "GET /world/scandi/copen080b.jpg HTTP/1.1" 200 33956 "-" "Mozilla/5.0 (compatible; AhrefsBot/7.0; +http://ahrefs.com/robot/)" "www.ysfine.com"
51.222.253.1 - - [21/Feb/2023:01:30:54 -0800] "GET /world/scandi/copen066b.jpg HTTP/1.1" 200 33393 "-" "Mozilla/5.0 (compatible; AhrefsBot/7.0; +http://ahrefs.com/robot/)" "www.ysfine.com"
51.222.253.18 - - [21/Feb/2023:01:30:54 -0800] "GET /beau/aline/klm01b.jpg HTTP/1.1" 404 88 "-" "Mozilla/5.0 (compatible; AhrefsBot/7.0; +http://ahrefs.com/robot/)" "www.ysfine.com"
51.222.253.17 - - [21/Feb/2023:01:30:54 -0800] "GET /world/scandi/copenf02b.jpg HTTP/1.1" 200 42550 "-" "Mozilla/5.0 (compatible; AhrefsBot/7.0; +http://ahrefs.com/robot/)" "www.ysfine.com"
51.222.253.8 - - [21/Feb/2023:01:30:55 -0800] "GET /world/scandi/copen024b.jpg HTTP/1.1" 200 28962 "-" "Mozilla/5.0 (compatible; AhrefsBot/7.0; +http://ahrefs.com/robot/)" "www.ysfine.com"
51.222.253.16 - - [21/Feb/2023:01:30:55 -0800] "GET /world/scandi/copen062b.jpg HTTP/1.1" 200 34736 "-" "Mozilla/5.0 (compatible; AhrefsBot/7.0; +http://ahrefs.com/robot/)" "www.ysfine.com"
51.222.253.15 - - [21/Feb/2023:01:30:56 -0800] "GET /houses/house45b.jpg HTTP/1.1" 200 35359 "-" "Mozilla/5.0 (compatible; AhrefsBot/7.0; +http://ahrefs.com/robot/)" "www.ysfine.com"
51.222.253.11 - - [21/Feb/2023:01:30:56 -0800] "GET /world/scandi/copen030b.jpg HTTP/1.1" 200 33206 "-" "Mozilla/5.0 (compatible; AhrefsBot/7.0; +http://ahrefs.com/robot/)" "www.ysfine.com"
51.222.253.1 - - [21/Feb/2023:01:30:56 -0800] "GET /world/scandi/copen017b.jpg HTTP/1.1" 200 35164 "-" "Mozilla/5.0 (compatible; AhrefsBot/7.0; +http://ahrefs.com/robot/)" "www.ysfine.com"
51.222.253.1 - - [21/Feb/2023:01:30:57 -0800] "GET /world/scandi/copenf74b.jpg HTTP/1.1" 200 41265 "-" "Mozilla/5.0 (compatible; AhrefsBot/7.0; +http://ahrefs.com/robot/)" "www.ysfine.com"
64.124.8.52 - - [21/Feb/2023:01:31:48 -0800] "GET /princeton/nasshall01.jpg HTTP/1.1" 200 169242 "-" "Mozilla/5.0 (Macintosh; Intel Mac OS X 10_15_7) AppleWebKit/537.36 (KHTML, like Gecko) Chrome/107.0.0.0 Safari/537.36" "ysfine.com"
91.133.129.248 - - [21/Feb/2023:01:32:08 -0800] "GET /robots.txt HTTP/1.1" 404 88 "-" "Mozilla/5.0 (iPhone Simulator; U; CPU iPhone OS 3_2 like Mac OS X; en-us) AppleWebKit/531.21.10 (KHTML, like Gecko) Version/4.0.4 Mobile/7D11 Safari/531.21.10" "ysfine.com"
91.133.202.67 - - [21/Feb/2023:01:32:08 -0800] "GET / HTTP/1.1" 200 5295 "-" "Mozilla/5.0 (iPhone; U; CPU iPhone OS 4_3 like Mac OS X; en-gb) AppleWebKit/533.17.9 (KHTML, like Gecko) Version/5.0.2 Mobile/8F190 Safari/6533.18.5" "ysfine.com"
31.2.149.199 - - [21/Feb/2023:01:32:08 -0800] "GET /robots.txt HTTP/1.1" 404 88 "-" "Mozilla/5.0 (iPhone; U; CPU OS 3_2 like Mac OS X; en-us) AppleWebKit/531.21.10 (KHTML, like Gecko) Version/4.0.4 Mobile/7B334b Safari/531.21.10" "ysfine.com"
31.2.156.141 - - [21/Feb/2023:01:32:08 -0800] "GET / HTTP/1.1" 200 5295 "-" "Mozilla/5.0 (iPhone; U; fr; CPU iPhone OS 4_2_1 like Mac OS X; fr) AppleWebKit/533.17.9 (KHTML, like Gecko) Version/5.0.2 Mobile/8C148a Safari/6533.18.5" "ysfine.com"
207.46.13.218 - - [21/Feb/2023:01:32:39 -0800] "GET /kobak/underw08.jpg HTTP/1.1" 200 196036 "-" "Mozilla/5.0 AppleWebKit/537.36 (KHTML, like Gecko; compatible; bingbot/2.0; +http://www.bing.com/bingbot.htm) Chrome/103.0.5060.134 Safari/537.36" "www.ysfine.com"
64.124.8.57 - - [21/Feb/2023:01:33:24 -0800] "GET /world/baltic/russdull.jpg HTTP/1.1" 200 94002 "-" "Mozilla/5.0 (Macintosh; Intel Mac OS X 10_15_7) AppleWebKit/537.36 (KHTML, like Gecko) Chrome/107.0.0.0 Safari/537.36" "ysfine.com"
64.124.8.54 - - [21/Feb/2023:01:33:26 -0800] "GET /world/hungary/buda047.jpg HTTP/1.1" 200 78507 "-" "Mozilla/5.0 (Macintosh; Intel Mac OS X 10_15_7) AppleWebKit/537.36 (KHTML, like Gecko) Chrome/107.0.0.0 Safari/537.36" "www.ysfine.com"
64.124.8.53 - - [21/Feb/2023:01:33:32 -0800] "GET /world/scandi/sto009.jpg HTTP/1.1" 200 107915 "-" "Mozilla/5.0 (Macintosh; Intel Mac OS X 10_15_7) AppleWebKit/537.36 (KHTML, like Gecko) Chrome/107.0.0.0 Safari/537.36" "www.ysfine.com"
207.46.13.220 - - [21/Feb/2023:01:34:11 -0800] "GET /world/scandi/norw21.jpg HTTP/1.1" 200 94450 "-" "Mozilla/5.0 AppleWebKit/537.36 (KHTML, like Gecko; compatible; bingbot/2.0; +http://www.bing.com/bingbot.htm) Chrome/103.0.5060.134 Safari/537.36" "ysfine.com"
51.222.253.20 - - [21/Feb/2023:01:34:12 -0800] "GET /class54/class5470/total_data/sub_527.htm HTTP/1.1" 200 3212 "-" "Mozilla/5.0 (compatible; AhrefsBot/7.0; +http://ahrefs.com/robot/)" "ysfine.com"
207.46.13.220 - - [21/Feb/2023:01:34:43 -0800] "GET /bio/kobak/soraech.html HTTP/1.1" 404 88 "-" "Mozilla/5.0 AppleWebKit/537.36 (KHTML, like Gecko; compatible; bingbot/2.0; +http://www.bing.com/bingbot.htm) Chrome/103.0.5060.134 Safari/537.36" "ysfine.com"
40.77.167.211 - - [21/Feb/2023:01:35:14 -0800] "GET /world/russ/minsk033.jpg HTTP/1.1" 200 70762 "-" "Mozilla/5.0 AppleWebKit/537.36 (KHTML, like Gecko; compatible; bingbot/2.0; +http://www.bing.com/bingbot.htm) Chrome/103.0.5060.134 Safari/537.36" "ysfine.com"
64.124.8.54 - - [21/Feb/2023:01:35:37 -0800] "GET /wigner/isomor77.jpg HTTP/1.1" 200 106571 "-" "Mozilla/5.0 (Macintosh; Intel Mac OS X 10_15_7) AppleWebKit/537.36 (KHTML, like Gecko) Chrome/107.0.0.0 Safari/537.36" "www.ysfine.com"
64.124.8.54 - - [21/Feb/2023:01:35:46 -0800] "GET /world/ital/bologsw11.jpg HTTP/1.1" 200 78213 "-" "Mozilla/5.0 (Macintosh; Intel Mac OS X 10_15_7) AppleWebKit/537.36 (KHTML, like Gecko) Chrome/107.0.0.0 Safari/537.36" "www.ysfine.com"
64.124.8.53 - - [21/Feb/2023:01:35:51 -0800] "GET /style/musee/berlinmus24.jpg HTTP/1.1" 200 120816 "-" "Mozilla/5.0 (Macintosh; Intel Mac OS X 10_15_7) AppleWebKit/537.36 (KHTML, like Gecko) Chrome/107.0.0.0 Safari/537.36" "www.ysfine.com"
64.124.8.50 - - [21/Feb/2023:01:35:52 -0800] "GET /world/latina/sambario13.jpg HTTP/1.1" 200 55872 "-" "Mozilla/5.0 (Macintosh; Intel Mac OS X 10_15_7) AppleWebKit/537.36 (KHTML, like Gecko) Chrome/107.0.0.0 Safari/537.36" "ysfine.com"
64.124.8.53 - - [21/Feb/2023:01:36:02 -0800] "GET /world/scandi/copen007.jpg HTTP/1.1" 200 105592 "-" "Mozilla/5.0 (Macintosh; Intel Mac OS X 10_15_7) AppleWebKit/537.36 (KHTML, like Gecko) Chrome/107.0.0.0 Safari/537.36" "ysfine.com"
52.167.144.35 - - [21/Feb/2023:01:36:13 -0800] "GET /bio/sbk/1950.html HTTP/1.1" 404 88 "-" "Mozilla/5.0 AppleWebKit/537.36 (KHTML, like Gecko; compatible; bingbot/2.0; +http://www.bing.com/bingbot.htm) Chrome/103.0.5060.134 Safari/537.36" "ysfine.com"
34.90.189.194 - - [21/Feb/2023:01:36:32 -0800] "GET /xmlrpc.php HTTP/1.1" 404 88 "-" "Mozilla/5.0 (X11; Linux x86_64) AppleWebKit/537.36 (KHTML, like Gecko) Chrome/63.0.3239.132 Safari/537.36" "ysfine.com"
51.222.253.16 - - [21/Feb/2023:01:36:50 -0800] "GET /kobak/yskor.html HTTP/1.1" 200 9943 "-" "Mozilla/5.0 (compatible; AhrefsBot/7.0; +http://ahrefs.com/robot/)" "www.ysfine.com"
51.222.253.9 - - [21/Feb/2023:01:36:52 -0800] "GET /world/russ/roskei10c.jpg HTTP/1.1" 200 33216 "-" "Mozilla/5.0 (compatible; AhrefsBot/7.0; +http://ahrefs.com/robot/)" "www.ysfine.com"
51.222.253.2 - - [21/Feb/2023:01:36:52 -0800] "GET /kowar/tanks/tank05c.jpg HTTP/1.1" 200 33583 "-" "Mozilla/5.0 (compatible; AhrefsBot/7.0; +http://ahrefs.com/robot/)" "www.ysfine.com"
51.222.253.16 - - [21/Feb/2023:01:36:53 -0800] "GET /kobak/taylor450.jpg HTTP/1.1" 200 70219 "-" "Mozilla/5.0 (compatible; AhrefsBot/7.0; +http://ahrefs.com/robot/)" "www.ysfine.com"
51.222.253.14 - - [21/Feb/2023:01:36:54 -0800] "GET /world/russ/roskei90c.jpg HTTP/1.1" 200 40535 "-" "Mozilla/5.0 (compatible; AhrefsBot/7.0; +http://ahrefs.com/robot/)" "www.ysfine.com"
51.222.253.9 - - [21/Feb/2023:01:36:55 -0800] "GET /kobak/sl5017c.jpg HTTP/1.1" 200 74057 "-" "Mozilla/5.0 (compatible; AhrefsBot/7.0; +http://ahrefs.com/robot/)" "www.ysfine.com"
51.222.253.11 - - [21/Feb/2023:01:36:55 -0800] "GET /kobak/abstrart11c.jpg HTTP/1.1" 200 47224 "-" "Mozilla/5.0 (compatible; AhrefsBot/7.0; +http://ahrefs.com/robot/)" "www.ysfine.com"
51.222.253.20 - - [21/Feb/2023:01:36:56 -0800] "GET /kobak/kostu16c.jpg HTTP/1.1" 200 40782 "-" "Mozilla/5.0 (compatible; AhrefsBot/7.0; +http://ahrefs.com/robot/)" "www.ysfine.com"
51.222.253.11 - - [21/Feb/2023:01:36:56 -0800] "GET /kobak/kwk11c.jpg HTTP/1.1" 200 46641 "-" "Mozilla/5.0 (compatible; AhrefsBot/7.0; +http://ahrefs.com/robot/)" "www.ysfine.com"
51.222.253.16 - - [21/Feb/2023:01:36:56 -0800] "GET /kobak/sorae01c.jpg HTTP/1.1" 200 23295 "-" "Mozilla/5.0 (compatible; AhrefsBot/7.0; +http://ahrefs.com/robot/)" "www.ysfine.com"
51.222.253.10 - - [21/Feb/2023:01:36:57 -0800] "GET /kobak/kcrown.jpg HTTP/1.1" 200 41579 "-" "Mozilla/5.0 (compatible; AhrefsBot/7.0; +http://ahrefs.com/robot/)" "www.ysfine.com"
51.222.253.4 - - [21/Feb/2023:01:36:58 -0800] "GET /kowar/tanks/tank03c.jpg HTTP/1.1" 200 48323 "-" "Mozilla/5.0 (compatible; AhrefsBot/7.0; +http://ahrefs.com/robot/)" "www.ysfine.com"
64.124.8.29 - - [21/Feb/2023:01:37:02 -0800] "GET /ysbio/world/scandi/sto027.jpg HTTP/1.1" 404 88 "-" "Mozilla/5.0 (Macintosh; Intel Mac OS X 10_15_7) AppleWebKit/537.36 (KHTML, like Gecko) Chrome/107.0.0.0 Safari/537.36" "www.ysfine.com"
157.55.39.206 - - [21/Feb/2023:01:37:34 -0800] "GET /bio/maga/phys/entang11.pdf HTTP/1.1" 404 88 "-" "Mozilla/5.0 AppleWebKit/537.36 (KHTML, like Gecko; compatible; bingbot/2.0; +http://www.bing.com/bingbot.htm) Chrome/103.0.5060.134 Safari/537.36" "ysfine.com"
64.124.8.56 - - [21/Feb/2023:01:37:37 -0800] "GET /world/balkan/istan103.jpg HTTP/1.1" 200 82583 "-" "Mozilla/5.0 (Macintosh; Intel Mac OS X 10_15_7) AppleWebKit/537.36 (KHTML, like Gecko) Chrome/107.0.0.0 Safari/537.36" "ysfine.com"
51.222.253.15 - - [21/Feb/2023:01:37:58 -0800] "GET /kowar/tanks/tank03c.jpg HTTP/1.1" 200 48323 "-" "Mozilla/5.0 (compatible; AhrefsBot/7.0; +http://ahrefs.com/robot/)" "www.ysfine.com"
51.222.253.2 - - [21/Feb/2023:01:37:58 -0800] "GET /kobak/kostu05c.jpg HTTP/1.1" 200 29563 "-" "Mozilla/5.0 (compatible; AhrefsBot/7.0; +http://ahrefs.com/robot/)" "www.ysfine.com"
51.222.253.18 - - [21/Feb/2023:01:37:59 -0800] "GET /kobak/underw03c.jpg HTTP/1.1" 200 26805 "-" "Mozilla/5.0 (compatible; AhrefsBot/7.0; +http://ahrefs.com/robot/)" "www.ysfine.com"
51.222.253.8 - - [21/Feb/2023:01:38:00 -0800] "GET /kobak/sonja11c.jpg HTTP/1.1" 200 33899 "-" "Mozilla/5.0 (compatible; AhrefsBot/7.0; +http://ahrefs.com/robot/)" "www.ysfine.com"
51.222.253.15 - - [21/Feb/2023:01:38:00 -0800] "GET /kobak/sorae/kumipo01c.jpg HTTP/1.1" 200 28588 "-" "Mozilla/5.0 (compatible; AhrefsBot/7.0; +http://ahrefs.com/robot/)" "www.ysfine.com"
51.222.253.20 - - [21/Feb/2023:01:38:01 -0800] "GET /world/ital/aquinas02c.jpg HTTP/1.1" 200 48806 "-" "Mozilla/5.0 (compatible; AhrefsBot/7.0; +http://ahrefs.com/robot/)" "www.ysfine.com"
51.222.253.8 - - [21/Feb/2023:01:38:01 -0800] "GET /kobak/angelus11c.jpg HTTP/1.1" 200 33985 "-" "Mozilla/5.0 (compatible; AhrefsBot/7.0; +http://ahrefs.com/robot/)" "www.ysfine.com"
51.222.253.2 - - [21/Feb/2023:01:38:02 -0800] "GET /kobak/samsung11c.jpg HTTP/1.1" 200 34928 "-" "Mozilla/5.0 (compatible; AhrefsBot/7.0; +http://ahrefs.com/robot/)" "www.ysfine.com"
51.222.253.11 - - [21/Feb/2023:01:38:02 -0800] "GET /kobak/nicodem22c.jpg HTTP/1.1" 200 38853 "-" "Mozilla/5.0 (compatible; AhrefsBot/7.0; +http://ahrefs.com/robot/)" "www.ysfine.com"
52.167.144.62 - - [21/Feb/2023:01:38:48 -0800] "GET /yspapers/iopbook15.pdf HTTP/1.1" 304 - "-" "Mozilla/5.0 AppleWebKit/537.36 (KHTML, like Gecko; compatible; bingbot/2.0; +http://www.bing.com/bingbot.htm) Chrome/103.0.5060.134 Safari/537.36" "www.ysfine.com"
213.180.203.108 - - [21/Feb/2023:01:39:52 -0800] "GET /dirac/diracbul.jpg HTTP/1.1" 304 - "-" "Mozilla/5.0 (compatible; YandexImages/3.0; +http://yandex.com/bots)" "www.ysfine.com"
52.167.144.62 - - [21/Feb/2023:01:40:09 -0800] "GET /bio/style/proschanie.html HTTP/1.1" 404 88 "-" "Mozilla/5.0 AppleWebKit/537.36 (KHTML, like Gecko; compatible; bingbot/2.0; +http://www.bing.com/bingbot.htm) Chrome/103.0.5060.134 Safari/537.36" "ysfine.com"
207.46.13.218 - - [21/Feb/2023:01:40:41 -0800] "GET /world/russ/gum32.jpg HTTP/1.1" 200 124450 "-" "Mozilla/5.0 AppleWebKit/537.36 (KHTML, like Gecko; compatible; bingbot/2.0; +http://www.bing.com/bingbot.htm) Chrome/103.0.5060.134 Safari/537.36" "ysfine.com"
64.124.8.52 - - [21/Feb/2023:01:41:16 -0800] "GET /ysbio/einstein/chewfra11.jpg HTTP/1.1" 404 88 "-" "Mozilla/5.0 (Macintosh; Intel Mac OS X 10_15_7) AppleWebKit/537.36 (KHTML, like Gecko) Chrome/107.0.0.0 Safari/537.36" "www.ysfine.com"
64.124.8.29 - - [21/Feb/2023:01:41:37 -0800] "GET /feynman/feydirac.jpg HTTP/1.1" 200 98378 "-" "Mozilla/5.0 (Macintosh; Intel Mac OS X 10_15_7) AppleWebKit/537.36 (KHTML, like Gecko) Chrome/107.0.0.0 Safari/537.36" "ysfine.com"
86.55.58.167 - - [21/Feb/2023:01:41:49 -0800] "GET /robots.txt HTTP/1.1" 404 88 "-" "Mozilla/5.0 (iPhone; U; CPU iPhone OS 4_1 like Mac OS X; en-us) AppleWebKit/532.9 (KHTML, like Gecko) Version/4.0.5 Mobile/8B117 Safari/6531.22.7" "ysfine.com"
91.133.253.243 - - [21/Feb/2023:01:41:49 -0800] "GET / HTTP/1.1" 200 5295 "-" "Mozilla/5.0 (iPhone; U; Linux i686; pt-br) AppleWebKit/532+ (KHTML, like Gecko) Version/3.0 Mobile/1A538b Safari/419.3 Midori/0.2.0" "ysfine.com"
64.124.8.53 - - [21/Feb/2023:01:42:16 -0800] "GET /ysbio/world/russ/petergr01.jpg HTTP/1.1" 404 88 "-" "Mozilla/5.0 (Macintosh; Intel Mac OS X 10_15_7) AppleWebKit/537.36 (KHTML, like Gecko) Chrome/107.0.0.0 Safari/537.36" "ysfine.com"
51.222.253.6 - - [21/Feb/2023:01:43:24 -0800] "GET /dirac/dirfeyn.html HTTP/1.1" 200 6341 "-" "Mozilla/5.0 (compatible; AhrefsBot/7.0; +http://ahrefs.com/robot/)" "ysfine.com"
51.222.253.1 - - [21/Feb/2023:01:43:26 -0800] "GET /dirac/sq73c.jpg HTTP/1.1" 200 35501 "-" "Mozilla/5.0 (compatible; AhrefsBot/7.0; +http://ahrefs.com/robot/)" "ysfine.com"
51.222.253.20 - - [21/Feb/2023:01:43:26 -0800] "GET /dirac/nicodem11c.jpg HTTP/1.1" 200 72684 "-" "Mozilla/5.0 (compatible; AhrefsBot/7.0; +http://ahrefs.com/robot/)" "ysfine.com"
51.222.253.16 - - [21/Feb/2023:01:43:27 -0800] "GET /dirac/dfkim11c.jpg HTTP/1.1" 200 34801 "-" "Mozilla/5.0 (compatible; AhrefsBot/7.0; +http://ahrefs.com/robot/)" "ysfine.com"
51.222.253.1 - - [21/Feb/2023:01:43:28 -0800] "GET /dirac/2osc22c.jpg HTTP/1.1" 200 28929 "-" "Mozilla/5.0 (compatible; AhrefsBot/7.0; +http://ahrefs.com/robot/)" "ysfine.com"
51.222.253.19 - - [21/Feb/2023:01:43:29 -0800] "GET /people/sbt11c.jpg HTTP/1.1" 200 31479 "-" "Mozilla/5.0 (compatible; AhrefsBot/7.0; +http://ahrefs.com/robot/)" "ysfine.com"
51.222.253.2 - - [21/Feb/2023:01:43:30 -0800] "GET /wigner/isomor66c.jpg HTTP/1.1" 200 47632 "-" "Mozilla/5.0 (compatible; AhrefsBot/7.0; +http://ahrefs.com/robot/)" "ysfine.com"
64.124.8.29 - - [21/Feb/2023:01:44:11 -0800] "GET /ysbio/newyork/ihouse22.jpg HTTP/1.1" 404 88 "-" "Mozilla/5.0 (Macintosh; Intel Mac OS X 10_15_7) AppleWebKit/537.36 (KHTML, like Gecko) Chrome/107.0.0.0 Safari/537.36" "www.ysfine.com"
216.244.66.229 - - [21/Feb/2023:01:44:19 -0800] "GET /robots.txt HTTP/1.1" 404 73 "-" "Mozilla/5.0 (compatible; DotBot/1.2; +https://opensiteexplorer.org/dotbot; help@moz.com)" "ysfine.com"
207.46.13.218 - - [21/Feb/2023:01:45:12 -0800] "GET /ysbio/philo/kant.html HTTP/1.1" 404 88 "-" "Mozilla/5.0 AppleWebKit/537.36 (KHTML, like Gecko; compatible; bingbot/2.0; +http://www.bing.com/bingbot.htm) Chrome/103.0.5060.134 Safari/537.36" "ysfine.com"
64.124.8.54 - - [21/Feb/2023:01:47:05 -0800] "GET /kobak/kwk11.jpg HTTP/1.1" 200 73475 "-" "Mozilla/5.0 (Macintosh; Intel Mac OS X 10_15_7) AppleWebKit/537.36 (KHTML, like Gecko) Chrome/107.0.0.0 Safari/537.36" "ysfine.com"
51.222.253.14 - - [21/Feb/2023:01:47:08 -0800] "GET /awards/index.html HTTP/1.1" 200 10082 "-" "Mozilla/5.0 (compatible; AhrefsBot/7.0; +http://ahrefs.com/robot/)" "ysfine.com"
51.222.253.6 - - [21/Feb/2023:01:47:10 -0800] "GET /awards/beward11f.jpg HTTP/1.1" 200 123557 "-" "Mozilla/5.0 (compatible; AhrefsBot/7.0; +http://ahrefs.com/robot/)" "ysfine.com"
51.222.253.3 - - [21/Feb/2023:01:47:11 -0800] "GET /awards/iaotp/top21c.jpg HTTP/1.1" 200 49015 "-" "Mozilla/5.0 (compatible; AhrefsBot/7.0; +http://ahrefs.com/robot/)" "ysfine.com"
51.222.253.13 - - [21/Feb/2023:01:47:11 -0800] "GET /awards/marq/marq22f.jpg HTTP/1.1" 200 142401 "-" "Mozilla/5.0 (compatible; AhrefsBot/7.0; +http://ahrefs.com/robot/)" "ysfine.com"
207.46.13.218 - - [21/Feb/2023:01:47:12 -0800] "GET /wd22/index.html HTTP/1.1" 200 135 "-" "Mozilla/5.0 AppleWebKit/537.36 (KHTML, like Gecko; compatible; bingbot/2.0; +http://www.bing.com/bingbot.htm) Chrome/103.0.5060.134 Safari/537.36" "www.ysfine.com"
52.167.144.62 - - [21/Feb/2023:01:47:29 -0800] "GET /wd22/wd22top.html HTTP/1.1" 200 412 "-" "Mozilla/5.0 AppleWebKit/537.36 (KHTML, like Gecko; compatible; bingbot/2.0; +http://www.bing.com/bingbot.htm) Chrome/103.0.5060.134 Safari/537.36" "www.ysfine.com"
52.167.144.62 - - [21/Feb/2023:01:47:29 -0800] "GET /wd22/wd22top.html HTTP/1.1" 200 412 "-" "Mozilla/5.0 AppleWebKit/537.36 (KHTML, like Gecko; compatible; bingbot/2.0; +http://www.bing.com/bingbot.htm) Chrome/103.0.5060.134 Safari/537.36" "www.ysfine.com"
207.46.13.220 - - [21/Feb/2023:01:47:34 -0800] "GET /world/wdbot.html HTTP/1.1" 200 131 "-" "Mozilla/5.0 AppleWebKit/537.36 (KHTML, like Gecko; compatible; bingbot/2.0; +http://www.bing.com/bingbot.htm) Chrome/103.0.5060.134 Safari/537.36" "www.ysfine.com"
207.46.13.220 - - [21/Feb/2023:01:47:34 -0800] "GET /world/wdbot.html HTTP/1.1" 200 131 "-" "Mozilla/5.0 AppleWebKit/537.36 (KHTML, like Gecko; compatible; bingbot/2.0; +http://www.bing.com/bingbot.htm) Chrome/103.0.5060.134 Safari/537.36" "www.ysfine.com"
216.244.66.229 - - [21/Feb/2023:01:48:01 -0800] "GET /folks/amkor/korsid01.jpg HTTP/1.1" 200 55546 "-" "Mozilla/5.0 (compatible; DotBot/1.2; +https://opensiteexplorer.org/dotbot; help@moz.com)" "ysfine.com"
216.244.66.229 - - [21/Feb/2023:01:48:09 -0800] "GET /home/home/canal22.jpg HTTP/1.1" 404 73 "-" "Mozilla/5.0 (compatible; DotBot/1.2; +https://opensiteexplorer.org/dotbot; help@moz.com)" "ysfine.com"
216.244.66.229 - - [21/Feb/2023:01:48:15 -0800] "GET /world/spain/madrid17.jpg HTTP/1.1" 200 124699 "-" "Mozilla/5.0 (compatible; DotBot/1.2; +https://opensiteexplorer.org/dotbot; help@moz.com)" "ysfine.com"
216.244.66.229 - - [21/Feb/2023:01:48:32 -0800] "GET /auto/fotos/gongdae54.jpg HTTP/1.1" 200 137343 "-" "Mozilla/5.0 (compatible; DotBot/1.2; +https://opensiteexplorer.org/dotbot; help@moz.com)" "ysfine.com"
216.244.66.229 - - [21/Feb/2023:01:49:41 -0800] "GET /home/home/awards/feature22.pdf HTTP/1.1" 404 73 "-" "Mozilla/5.0 (compatible; DotBot/1.2; +https://opensiteexplorer.org/dotbot; help@moz.com)" "ysfine.com"
64.124.8.55 - - [21/Feb/2023:01:50:03 -0800] "GET /world/germany/oktf12.jpg HTTP/1.1" 200 126223 "-" "Mozilla/5.0 (Macintosh; Intel Mac OS X 10_15_7) AppleWebKit/537.36 (KHTML, like Gecko) Chrome/107.0.0.0 Safari/537.36" "www.ysfine.com"
64.124.8.52 - - [21/Feb/2023:01:50:21 -0800] "GET /kowar/tanks/m24.jpg HTTP/1.1" 200 86947 "-" "Mozilla/5.0 (Macintosh; Intel Mac OS X 10_15_7) AppleWebKit/537.36 (KHTML, like Gecko) Chrome/107.0.0.0 Safari/537.36" "www.ysfine.com"
216.244.66.229 - - [21/Feb/2023:01:50:39 -0800] "GET /style/beetho66.jpg HTTP/1.1" 200 83283 "-" "Mozilla/5.0 (compatible; DotBot/1.2; +https://opensiteexplorer.org/dotbot; help@moz.com)" "ysfine.com"
51.222.253.1 - - [21/Feb/2023:01:50:45 -0800] "GET /wdc/index.html HTTP/1.1" 200 141 "-" "Mozilla/5.0 (compatible; AhrefsBot/7.0; +http://ahrefs.com/robot/)" "ysfine.com"
64.124.8.53 - - [21/Feb/2023:01:50:50 -0800] "GET /ysbio/style/musee/britmu01.jpg HTTP/1.1" 404 88 "-" "Mozilla/5.0 (Macintosh; Intel Mac OS X 10_15_7) AppleWebKit/537.36 (KHTML, like Gecko) Chrome/107.0.0.0 Safari/537.36" "www.ysfine.com"
64.124.8.54 - - [21/Feb/2023:01:51:25 -0800] "GET /ysbio/world/scandi/copen011.jpg HTTP/1.1" 404 88 "-" "Mozilla/5.0 (Macintosh; Intel Mac OS X 10_15_7) AppleWebKit/537.36 (KHTML, like Gecko) Chrome/107.0.0.0 Safari/537.36" "ysfine.com"
64.124.8.55 - - [21/Feb/2023:01:52:22 -0800] "GET /world/russ/protvi03.jpg HTTP/1.1" 200 67866 "-" "Mozilla/5.0 (Macintosh; Intel Mac OS X 10_15_7) AppleWebKit/537.36 (KHTML, like Gecko) Chrome/107.0.0.0 Safari/537.36" "ysfine.com"
207.46.13.220 - - [21/Feb/2023:01:53:25 -0800] "GET /world/russ/mosmusic17.jpg HTTP/1.1" 200 119724 "-" "Mozilla/5.0 AppleWebKit/537.36 (KHTML, like Gecko; compatible; bingbot/2.0; +http://www.bing.com/bingbot.htm) Chrome/103.0.5060.134 Safari/537.36" "ysfine.com"
216.244.66.229 - - [21/Feb/2023:01:53:49 -0800] "GET /houses/neighbor.jpg HTTP/1.1" 200 88994 "-" "Mozilla/5.0 (compatible; DotBot/1.2; +https://opensiteexplorer.org/dotbot; help@moz.com)" "ysfine.com"
51.222.253.16 - - [21/Feb/2023:01:54:02 -0800] "GET / HTTP/1.1" 200 5295 "-" "Mozilla/5.0 (compatible; AhrefsBot/7.0; +http://ahrefs.com/robot/)" "ysfine.com"
35.189.92.139 - - [21/Feb/2023:01:54:08 -0800] "GET /xmlrpc.php HTTP/1.1" 404 88 "https://google.com" "Mozilla/5.0 (Macintosh; Intel Mac OS X 10_11_5; rv:52.4.1) Gecko/20100101 Firefox/52.4.1" "ysfine.com"
52.167.144.62 - - [21/Feb/2023:01:55:20 -0800] "GET /world/ital/tdlee01b.jpg HTTP/1.1" 200 37170 "-" "Mozilla/5.0 AppleWebKit/537.36 (KHTML, like Gecko; compatible; bingbot/2.0; +http://www.bing.com/bingbot.htm) Chrome/103.0.5060.134 Safari/537.36" "ysfine.com"
64.124.8.49 - - [21/Feb/2023:01:55:39 -0800] "GET /awards/wsj21.jpg HTTP/1.1" 200 260984 "-" "Mozilla/5.0 (Macintosh; Intel Mac OS X 10_15_7) AppleWebKit/537.36 (KHTML, like Gecko) Chrome/107.0.0.0 Safari/537.36" "ysfine.com"
207.46.13.207 - - [21/Feb/2023:01:55:57 -0800] "GET /wigner/neum/neuim.jpg HTTP/1.1" 200 75456 "-" "Mozilla/5.0 AppleWebKit/537.36 (KHTML, like Gecko; compatible; bingbot/2.0; +http://www.bing.com/bingbot.htm) Chrome/103.0.5060.134 Safari/537.36" "www.ysfine.com"
64.124.8.56 - - [21/Feb/2023:01:56:52 -0800] "GET /ysbio/world/russ/spbf68.jpg HTTP/1.1" 404 88 "-" "Mozilla/5.0 (Macintosh; Intel Mac OS X 10_15_7) AppleWebKit/537.36 (KHTML, like Gecko) Chrome/107.0.0.0 Safari/537.36" "ysfine.com"
52.167.144.35 - - [21/Feb/2023:01:57:35 -0800] "GET /bio/style/artlove.html HTTP/1.1" 404 88 "-" "Mozilla/5.0 AppleWebKit/537.36 (KHTML, like Gecko; compatible; bingbot/2.0; +http://www.bing.com/bingbot.htm) Chrome/103.0.5060.134 Safari/537.36" "ysfine.com"
51.222.253.15 - - [21/Feb/2023:01:59:14 -0800] "GET /class54/class5470/total_data/sub_524.htm HTTP/1.1" 200 3212 "-" "Mozilla/5.0 (compatible; AhrefsBot/7.0; +http://ahrefs.com/robot/)" "ysfine.com"
40.77.167.211 - - [21/Feb/2023:02:00:26 -0800] "GET /class54/shinsm11c.jpg HTTP/1.1" 200 43567 "-" "Mozilla/5.0 AppleWebKit/537.36 (KHTML, like Gecko; compatible; bingbot/2.0; +http://www.bing.com/bingbot.htm) Chrome/103.0.5060.134 Safari/537.36" "www.ysfine.com"
17.241.227.212 - - [21/Feb/2023:02:00:31 -0800] "GET /houses/myhouse.html HTTP/1.1" 200 1473 "-" "Mozilla/5.0 (Macintosh; Intel Mac OS X 10_15_5) AppleWebKit/605.1.15 (KHTML, like Gecko) Version/13.1.1 Safari/605.1.15 (Applebot/0.1; +http://www.apple.com/go/applebot)" "ysfine.com"
64.124.8.28 - - [21/Feb/2023:02:00:41 -0800] "GET /world/poland/curiewa03.jpg HTTP/1.1" 200 89506 "-" "Mozilla/5.0 (Macintosh; Intel Mac OS X 10_15_7) AppleWebKit/537.36 (KHTML, like Gecko) Chrome/107.0.0.0 Safari/537.36" "www.ysfine.com"
64.124.8.50 - - [21/Feb/2023:02:00:44 -0800] "GET /princeton/sabat33.jpg HTTP/1.1" 200 57812 "-" "Mozilla/5.0 (Macintosh; Intel Mac OS X 10_15_7) AppleWebKit/537.36 (KHTML, like Gecko) Chrome/107.0.0.0 Safari/537.36" "www.ysfine.com"
207.46.13.220 - - [21/Feb/2023:02:01:04 -0800] "GET /world/china/shanghai007.jpg HTTP/1.1" 200 122081 "-" "Mozilla/5.0 AppleWebKit/537.36 (KHTML, like Gecko; compatible; bingbot/2.0; +http://www.bing.com/bingbot.htm) Chrome/103.0.5060.134 Safari/537.36" "www.ysfine.com"
52.167.144.35 - - [21/Feb/2023:02:01:05 -0800] "GET /bio/kobak/yskor.html HTTP/1.1" 404 88 "-" "Mozilla/5.0 AppleWebKit/537.36 (KHTML, like Gecko; compatible; bingbot/2.0; +http://www.bing.com/bingbot.htm) Chrome/103.0.5060.134 Safari/537.36" "ysfine.com"
51.241.158.108 - - [21/Feb/2023:02:01:33 -0800] "GET /world/poland/polstu13.jpg HTTP/1.1" 200 105551 "https://www.google.com/" "Mozilla/5.0 (Windows NT 10.0; Win64; x64; rv:109.0) Gecko/20100101 Firefox/110.0" "ysfine.com"
64.124.8.50 - - [21/Feb/2023:02:02:56 -0800] "GET /world/poland/polstu06.jpg HTTP/1.1" 200 57353 "-" "Mozilla/5.0 (Macintosh; Intel Mac OS X 10_15_7) AppleWebKit/537.36 (KHTML, like Gecko) Chrome/107.0.0.0 Safari/537.36" "ysfine.com"
216.244.66.229 - - [21/Feb/2023:02:03:01 -0800] "GET /ffriends/parthen03.jpg HTTP/1.1" 200 244377 "-" "Mozilla/5.0 (compatible; DotBot/1.2; +https://opensiteexplorer.org/dotbot; help@moz.com)" "ysfine.com"
216.244.66.229 - - [21/Feb/2023:02:03:22 -0800] "GET /ffriends/russrio33.jpg HTTP/1.1" 200 103210 "-" "Mozilla/5.0 (compatible; DotBot/1.2; +https://opensiteexplorer.org/dotbot; help@moz.com)" "ysfine.com"
40.77.189.115 - - [21/Feb/2023:02:03:25 -0800] "GET /world/wdleft.html HTTP/1.1" 200 1695 "-" "Mozilla/5.0 (Windows NT 6.1; WOW64) AppleWebKit/534+ (KHTML, like Gecko) BingPreview/1.0b" "www.ysfine.com"
40.77.188.252 - - [21/Feb/2023:02:03:25 -0800] "GET /world/wdrigh.html HTTP/1.1" 200 5621 "-" "Mozilla/5.0 (Windows NT 6.1; WOW64) AppleWebKit/534+ (KHTML, like Gecko) BingPreview/1.0b" "www.ysfine.com"
157.55.39.206 - - [21/Feb/2023:02:03:37 -0800] "GET /world/china/shanghai002.jpg HTTP/1.1" 200 82168 "-" "Mozilla/5.0 AppleWebKit/537.36 (KHTML, like Gecko; compatible; bingbot/2.0; +http://www.bing.com/bingbot.htm) Chrome/103.0.5060.134 Safari/537.36" "ysfine.com"
64.124.8.28 - - [21/Feb/2023:02:03:38 -0800] "GET /world/latina/sambario17.jpg HTTP/1.1" 200 95483 "-" "Mozilla/5.0 (Macintosh; Intel Mac OS X 10_15_7) AppleWebKit/537.36 (KHTML, like Gecko) Chrome/107.0.0.0 Safari/537.36" "ysfine.com"
216.244.66.229 - - [21/Feb/2023:02:03:44 -0800] "GET /home/comet40.jpg HTTP/1.1" 200 131225 "-" "Mozilla/5.0 (compatible; DotBot/1.2; +https://opensiteexplorer.org/dotbot; help@moz.com)" "ysfine.com"
40.77.167.211 - - [21/Feb/2023:02:04:07 -0800] "GET /bio/wigner/e(2).html HTTP/1.1" 404 88 "-" "Mozilla/5.0 AppleWebKit/537.36 (KHTML, like Gecko; compatible; bingbot/2.0; +http://www.bing.com/bingbot.htm) Chrome/103.0.5060.134 Safari/537.36" "ysfine.com"
216.244.66.229 - - [21/Feb/2023:02:04:09 -0800] "GET /wisdom/korart01.jpg HTTP/1.1" 200 143666 "-" "Mozilla/5.0 (compatible; DotBot/1.2; +https://opensiteexplorer.org/dotbot; help@moz.com)" "ysfine.com"
64.124.8.57 - - [21/Feb/2023:02:04:18 -0800] "GET /world/france/parisf26.jpg HTTP/1.1" 200 119828 "-" "Mozilla/5.0 (Macintosh; Intel Mac OS X 10_15_7) AppleWebKit/537.36 (KHTML, like Gecko) Chrome/107.0.0.0 Safari/537.36" "ysfine.com"
51.222.253.15 - - [21/Feb/2023:02:04:20 -0800] "GET /class54/class5470/total_data/sub_529.htm HTTP/1.1" 200 3212 "-" "Mozilla/5.0 (compatible; AhrefsBot/7.0; +http://ahrefs.com/robot/)" "ysfine.com"
216.244.66.229 - - [21/Feb/2023:02:04:42 -0800] "GET /world/russ/spbf28.jpg HTTP/1.1" 200 240532 "-" "Mozilla/5.0 (compatible; DotBot/1.2; +https://opensiteexplorer.org/dotbot; help@moz.com)" "ysfine.com"
52.167.144.35 - - [21/Feb/2023:02:05:54 -0800] "GET /einstein/emc22d.jpg HTTP/1.1" 200 65006 "-" "Mozilla/5.0 AppleWebKit/537.36 (KHTML, like Gecko; compatible; bingbot/2.0; +http://www.bing.com/bingbot.htm) Chrome/103.0.5060.134 Safari/537.36" "ysfine.com"
64.124.8.29 - - [21/Feb/2023:02:07:12 -0800] "GET /ysbio/wisdom/korart03.jpg HTTP/1.1" 404 88 "-" "Mozilla/5.0 (Macintosh; Intel Mac OS X 10_15_7) AppleWebKit/537.36 (KHTML, like Gecko) Chrome/107.0.0.0 Safari/537.36" "www.ysfine.com"
64.124.8.56 - - [21/Feb/2023:02:07:13 -0800] "GET /world/russ/mosf02.jpg HTTP/1.1" 200 73104 "-" "Mozilla/5.0 (Macintosh; Intel Mac OS X 10_15_7) AppleWebKit/537.36 (KHTML, like Gecko) Chrome/107.0.0.0 Safari/537.36" "www.ysfine.com"
83.77.120.136 - - [21/Feb/2023:02:07:34 -0800] "GET /einstein/places/einha11.jpg HTTP/1.1" 200 123426 "https://www.bing.com/" "Mozilla/5.0 (Windows NT 10.0; Win64; x64) AppleWebKit/537.36 (KHTML, like Gecko) Chrome/110.0.0.0 Safari/537.36 Edg/110.0.1587.50" "www.ysfine.com"
204.18.167.173 - - [21/Feb/2023:02:07:45 -0800] "GET /robots.txt HTTP/1.1" 404 88 "-" "Mozilla/5.0 (iPhone; U; ru; CPU iPhone OS 4_2_1 like Mac OS X; fr) AppleWebKit/533.17.9 (KHTML, like Gecko) Version/5.0.2 Mobile/8C148a Safari/6533.18.5" "ysfine.com"
91.133.195.2 - - [21/Feb/2023:02:07:45 -0800] "GET / HTTP/1.1" 200 5295 "-" "Mozilla/5.0 (iPhone; U; CPU iPhone OS 4_3 like Mac OS X; fr-fr) AppleWebKit/533.17.9 (KHTML, like Gecko) Version/5.0.2 Mobile/8F190 Safari/6533.18.5" "ysfine.com"
114.119.143.213 - - [21/Feb/2023:02:08:00 -0800] "GET /yspapers/newphys68.pdf HTTP/1.1" 200 62436 "https://ysfine.com/yspapers/index.html" "Mozilla/5.0 (Linux; Android 7.0;) AppleWebKit/537.36 (KHTML, like Gecko) Mobile Safari/537.36 (compatible; PetalBot;+https://webmaster.petalsearch.com/site/petalbot)" "ysfine.com"
216.244.66.229 - - [21/Feb/2023:02:08:36 -0800] "GET /wdc/gtown20.jpg HTTP/1.1" 200 116242 "-" "Mozilla/5.0 (compatible; DotBot/1.2; +https://opensiteexplorer.org/dotbot; help@moz.com)" "ysfine.com"
51.222.253.5 - - [21/Feb/2023:02:08:48 -0800] "GET /class54/class5470/total_data/sub_530.htm HTTP/1.1" 200 3212 "-" "Mozilla/5.0 (compatible; AhrefsBot/7.0; +http://ahrefs.com/robot/)" "ysfine.com"
220.181.108.113 - - [21/Feb/2023:02:09:05 -0800] "GET /usca/pgh.html HTTP/1.1" 304 - "-" "Mozilla/5.0 (compatible; Baiduspider/2.0; +http://www.baidu.com/search/spider.html)" "ysfine.com"
52.167.144.35 - - [21/Feb/2023:02:09:15 -0800] "GET /wdc/jeffm01.jpg HTTP/1.1" 200 44578 "-" "Mozilla/5.0 AppleWebKit/537.36 (KHTML, like Gecko; compatible; bingbot/2.0; +http://www.bing.com/bingbot.htm) Chrome/103.0.5060.134 Safari/537.36" "ysfine.com"
114.119.150.239 - - [21/Feb/2023:02:10:01 -0800] "GET /dirac/dirackn33.html HTTP/1.1" 200 438 "https://ysfine.com/dirac/dirfeyn.html" "Mozilla/5.0 (Linux; Android 7.0;) AppleWebKit/537.36 (KHTML, like Gecko) Mobile Safari/537.36 (compatible; PetalBot;+https://webmaster.petalsearch.com/site/petalbot)" "ysfine.com"
64.124.8.52 - - [21/Feb/2023:02:10:25 -0800] "GET /ysbio/sbk/1987brooke11.jpg HTTP/1.1" 404 88 "-" "Mozilla/5.0 (Macintosh; Intel Mac OS X 10_15_7) AppleWebKit/537.36 (KHTML, like Gecko) Chrome/107.0.0.0 Safari/537.36" "www.ysfine.com"
86.55.225.189 - - [21/Feb/2023:02:10:37 -0800] "GET /robots.txt HTTP/1.1" 404 88 "-" "Mozilla/5.0 (iPhone Simulator; U; CPU iPhone OS 3_2 like Mac OS X; en-us) AppleWebKit/531.21.10 (KHTML, like Gecko) Version/4.0.4 Mobile/7D11 Safari/531.21.10" "ysfine.com"
5.210.246.167 - - [21/Feb/2023:02:10:38 -0800] "GET / HTTP/1.1" 200 5295 "-" "Mozilla/5.0 (iPhone; U; CPU iPhone OS 4_1 like Mac OS X; en-us) AppleWebKit/532.9 (KHTML, like Gecko) Version/4.0.5 Mobile/8B117 Safari/6531.22.7" "ysfine.com"
66.249.70.3 - - [21/Feb/2023:02:10:49 -0800] "GET /yspapers/hadtemp.pdf HTTP/1.1" 200 2116308 "-" "Mozilla/5.0 (Windows NT 10.0; Win64; x64)AppleWebKit/537.36 (KHTML, like Gecko) Chrome/91.0.4472.101 Safari/537.36 (compatible; GoogleOther)" "ysfine.com"
66.249.70.30 - - [21/Feb/2023:02:10:56 -0800] "GET /dongio/amkor/ewha07b.jpg HTTP/1.1" 404 88 "https://ysfine.com/kobak/1919.html" "Mozilla/5.0 AppleWebKit/537.36 (KHTML, like Gecko; compatible; Googlebot/2.1; +http://www.google.com/bot.html) Chrome/109.0.5414.101 Safari/537.36" "ysfine.com"
66.249.70.30 - - [21/Feb/2023:02:10:57 -0800] "GET /dongio/amkor/koshanghai01b.jpg HTTP/1.1" 404 88 "https://ysfine.com/kobak/1919.html" "Mozilla/5.0 AppleWebKit/537.36 (KHTML, like Gecko; compatible; Googlebot/2.1; +http://www.google.com/bot.html) Chrome/109.0.5414.101 Safari/537.36" "ysfine.com"
207.46.13.220 - - [21/Feb/2023:02:11:07 -0800] "GET /bio/kobak/soraech.html HTTP/1.1" 404 88 "-" "Mozilla/5.0 AppleWebKit/537.36 (KHTML, like Gecko; compatible; bingbot/2.0; +http://www.bing.com/bingbot.htm) Chrome/103.0.5060.134 Safari/537.36" "ysfine.com"
64.124.8.56 - - [21/Feb/2023:02:11:42 -0800] "GET /ysbio/world/germany/stutt26.jpg HTTP/1.1" 404 88 "-" "Mozilla/5.0 (Macintosh; Intel Mac OS X 10_15_7) AppleWebKit/537.36 (KHTML, like Gecko) Chrome/107.0.0.0 Safari/537.36" "ysfine.com"
40.77.167.211 - - [21/Feb/2023:02:11:48 -0800] "GET /class54/emailed.html HTTP/1.1" 200 11414 "-" "Mozilla/5.0 AppleWebKit/537.36 (KHTML, like Gecko; compatible; bingbot/2.0; +http://www.bing.com/bingbot.htm) Chrome/103.0.5060.134 Safari/537.36" "www.ysfine.com"
114.119.143.226 - - [21/Feb/2023:02:12:16 -0800] "GET /einstein/einwo.html HTTP/1.1" 200 4222 "https://www.ysfine.com/eink/index.html" "Mozilla/5.0 (Linux; Android 7.0;) AppleWebKit/537.36 (KHTML, like Gecko) Mobile Safari/537.36 (compatible; PetalBot;+https://webmaster.petalsearch.com/site/petalbot)" "www.ysfine.com"
64.124.8.52 - - [21/Feb/2023:02:13:01 -0800] "GET /sbk/2010paris11.jpg HTTP/1.1" 200 84779 "-" "Mozilla/5.0 (Macintosh; Intel Mac OS X 10_15_7) AppleWebKit/537.36 (KHTML, like Gecko) Chrome/107.0.0.0 Safari/537.36" "ysfine.com"
51.222.253.10 - - [21/Feb/2023:02:13:18 -0800] "GET /feynman/fthesis.html HTTP/1.1" 200 144 "-" "Mozilla/5.0 (compatible; AhrefsBot/7.0; +http://ahrefs.com/robot/)" "www.ysfine.com"
188.142.231.5 - - [21/Feb/2023:02:13:36 -0800] "GET /wigner/neum/vnc02.jpg HTTP/1.1" 200 122957 "https://www.google.com/" "Mozilla/5.0 (Windows NT 10.0; Win64; x64) AppleWebKit/537.36 (KHTML, like Gecko) Chrome/109.0.0.0 Safari/537.36" "ysfine.com"
64.124.8.49 - - [21/Feb/2023:02:13:52 -0800] "GET /world/latina/rio092.jpg HTTP/1.1" 200 65334 "-" "Mozilla/5.0 (Macintosh; Intel Mac OS X 10_15_7) AppleWebKit/537.36 (KHTML, like Gecko) Chrome/107.0.0.0 Safari/537.36" "ysfine.com"
207.46.13.218 - - [21/Feb/2023:02:13:54 -0800] "GET /einstein/runstan11.jpg HTTP/1.1" 200 132736 "-" "Mozilla/5.0 AppleWebKit/537.36 (KHTML, like Gecko; compatible; bingbot/2.0; +http://www.bing.com/bingbot.htm) Chrome/103.0.5060.134 Safari/537.36" "ysfine.com"
64.124.8.57 - - [21/Feb/2023:02:14:03 -0800] "GET /ysbio/feynman/feydirac.jpg HTTP/1.1" 404 88 "-" "Mozilla/5.0 (Macintosh; Intel Mac OS X 10_15_7) AppleWebKit/537.36 (KHTML, like Gecko) Chrome/107.0.0.0 Safari/537.36" "ysfine.com"
52.167.144.35 - - [21/Feb/2023:02:14:17 -0800] "GET /bio/sbk/1950.html HTTP/1.1" 404 88 "-" "Mozilla/5.0 AppleWebKit/537.36 (KHTML, like Gecko; compatible; bingbot/2.0; +http://www.bing.com/bingbot.htm) Chrome/103.0.5060.134 Safari/537.36" "ysfine.com"
213.180.203.108 - - [21/Feb/2023:02:14:19 -0800] "GET /style/cameras/contax11.jpg HTTP/1.1" 304 - "-" "Mozilla/5.0 (compatible; YandexImages/3.0; +http://yandex.com/bots)" "www.ysfine.com"
64.124.8.57 - - [21/Feb/2023:02:14:26 -0800] "GET /world/brit/eton10.jpg HTTP/1.1" 200 101484 "-" "Mozilla/5.0 (Macintosh; Intel Mac OS X 10_15_7) AppleWebKit/537.36 (KHTML, like Gecko) Chrome/107.0.0.0 Safari/537.36" "www.ysfine.com"
64.124.8.57 - - [21/Feb/2023:02:14:28 -0800] "GET /wdc/waskor016.jpg HTTP/1.1" 200 94687 "-" "Mozilla/5.0 (Macintosh; Intel Mac OS X 10_15_7) AppleWebKit/537.36 (KHTML, like Gecko) Chrome/107.0.0.0 Safari/537.36" "ysfine.com"
207.46.13.220 - - [21/Feb/2023:02:14:36 -0800] "GET /princeton/wilson05b.jpg HTTP/1.1" 200 38911 "-" "Mozilla/5.0 AppleWebKit/537.36 (KHTML, like Gecko; compatible; bingbot/2.0; +http://www.bing.com/bingbot.htm) Chrome/103.0.5060.134 Safari/537.36" "www.ysfine.com"
