89.14.132.60 - - [20/Feb/2023:21:36:52 -0800] "GET /kobak/reposepho.html HTTP/1.1" 200 504 "-" "yacybot (/global; amd64 Linux 6.1.12-gentoo; java 17.0.6; Europe/de) http://yacy.net/bot.html" "ysfine.com"
216.244.66.229 - - [20/Feb/2023:21:36:56 -0800] "GET /princeton/rheepr02.jpg HTTP/1.1" 200 69808 "-" "Mozilla/5.0 (compatible; DotBot/1.2; +https://opensiteexplorer.org/dotbot; help@moz.com)" "ysfine.com"
216.244.66.229 - - [20/Feb/2023:21:37:25 -0800] "GET /wdc/gtown27.jpg HTTP/1.1" 200 197733 "-" "Mozilla/5.0 (compatible; DotBot/1.2; +https://opensiteexplorer.org/dotbot; help@moz.com)" "ysfine.com"
98.155.9.60 - - [20/Feb/2023:21:37:28 -0800] "GET /kowar/panmun02.jpg HTTP/1.1" 200 129295 "-" "Mozilla/5.0 (Windows NT 10.0; Win64; x64; rv:109.0) Gecko/20100101 Firefox/110.0" "ysfine.com"
64.124.8.56 - - [20/Feb/2023:21:37:46 -0800] "GET /ffriends/ukrapol01.jpg HTTP/1.1" 200 136370 "-" "Mozilla/5.0 (Macintosh; Intel Mac OS X 10_15_7) AppleWebKit/537.36 (KHTML, like Gecko) Chrome/107.0.0.0 Safari/537.36" "www.ysfine.com"
216.244.66.229 - - [20/Feb/2023:21:37:53 -0800] "GET /wdc/washmo04.jpg HTTP/1.1" 200 52444 "-" "Mozilla/5.0 (compatible; DotBot/1.2; +https://opensiteexplorer.org/dotbot; help@moz.com)" "ysfine.com"
216.244.66.229 - - [20/Feb/2023:21:38:20 -0800] "GET /wdc/washmo05.jpg HTTP/1.1" 200 46516 "-" "Mozilla/5.0 (compatible; DotBot/1.2; +https://opensiteexplorer.org/dotbot; help@moz.com)" "ysfine.com"
216.244.66.229 - - [20/Feb/2023:21:38:45 -0800] "GET /wigner/neupol01.jpg HTTP/1.1" 200 48137 "-" "Mozilla/5.0 (compatible; DotBot/1.2; +https://opensiteexplorer.org/dotbot; help@moz.com)" "ysfine.com"
216.244.66.229 - - [20/Feb/2023:21:39:10 -0800] "GET /wisdom/korart.html HTTP/1.1" 200 9137 "-" "Mozilla/5.0 (compatible; DotBot/1.2; +https://opensiteexplorer.org/dotbot; help@moz.com)" "www.ysfine.com"
51.222.253.8 - - [20/Feb/2023:21:39:16 -0800] "GET /class54/class5470/total_data/sub_773.htm HTTP/1.1" 200 3289 "-" "Mozilla/5.0 (compatible; AhrefsBot/7.0; +http://ahrefs.com/robot/)" "ysfine.com"
51.222.253.15 - - [20/Feb/2023:21:39:18 -0800] "GET /class54/class5470/total_data/refer_img/7-79_f.jpg HTTP/1.1" 200 43996 "-" "Mozilla/5.0 (compatible; AhrefsBot/7.0; +http://ahrefs.com/robot/)" "ysfine.com"
51.222.253.1 - - [20/Feb/2023:21:39:18 -0800] "GET /class54/class5470/total_data/refer_img/7-66_f.jpg HTTP/1.1" 200 38179 "-" "Mozilla/5.0 (compatible; AhrefsBot/7.0; +http://ahrefs.com/robot/)" "ysfine.com"
64.124.8.28 - - [20/Feb/2023:21:39:19 -0800] "GET /wdc/usna10.jpg HTTP/1.1" 200 117316 "-" "Mozilla/5.0 (Macintosh; Intel Mac OS X 10_15_7) AppleWebKit/537.36 (KHTML, like Gecko) Chrome/107.0.0.0 Safari/537.36" "ysfine.com"
51.222.253.5 - - [20/Feb/2023:21:39:19 -0800] "GET /class54/class5470/total_data/refer_img/7-61_f.jpg HTTP/1.1" 200 40859 "-" "Mozilla/5.0 (compatible; AhrefsBot/7.0; +http://ahrefs.com/robot/)" "ysfine.com"
51.222.253.6 - - [20/Feb/2023:21:39:19 -0800] "GET /class54/class5470/total_data/refer_img/7-65_f.jpg HTTP/1.1" 200 41167 "-" "Mozilla/5.0 (compatible; AhrefsBot/7.0; +http://ahrefs.com/robot/)" "ysfine.com"
51.222.253.14 - - [20/Feb/2023:21:39:20 -0800] "GET /class54/class5470/total_data/refer_img/7-75_f.jpg HTTP/1.1" 200 34326 "-" "Mozilla/5.0 (compatible; AhrefsBot/7.0; +http://ahrefs.com/robot/)" "ysfine.com"
51.222.253.7 - - [20/Feb/2023:21:39:20 -0800] "GET /class54/class5470/total_data/refer_img/7-72_f.jpg HTTP/1.1" 200 39178 "-" "Mozilla/5.0 (compatible; AhrefsBot/7.0; +http://ahrefs.com/robot/)" "ysfine.com"
51.222.253.16 - - [20/Feb/2023:21:39:21 -0800] "GET /class54/class5470/total_data/refer_img/7-73_f.jpg HTTP/1.1" 200 41112 "-" "Mozilla/5.0 (compatible; AhrefsBot/7.0; +http://ahrefs.com/robot/)" "ysfine.com"
51.222.253.20 - - [20/Feb/2023:21:39:21 -0800] "GET /class54/class5470/total_data/refer_img/7-80_f.jpg HTTP/1.1" 200 40487 "-" "Mozilla/5.0 (compatible; AhrefsBot/7.0; +http://ahrefs.com/robot/)" "ysfine.com"
51.222.253.16 - - [20/Feb/2023:21:39:22 -0800] "GET /class54/class5470/total_data/refer_img/7-63_f.jpg HTTP/1.1" 200 37419 "-" "Mozilla/5.0 (compatible; AhrefsBot/7.0; +http://ahrefs.com/robot/)" "ysfine.com"
51.222.253.10 - - [20/Feb/2023:21:39:22 -0800] "GET /class54/class5470/total_data/refer_img/7-64_f.jpg HTTP/1.1" 200 37428 "-" "Mozilla/5.0 (compatible; AhrefsBot/7.0; +http://ahrefs.com/robot/)" "ysfine.com"
51.222.253.5 - - [20/Feb/2023:21:39:23 -0800] "GET /class54/class5470/total_data/refer_img/7-77_f.jpg HTTP/1.1" 200 37428 "-" "Mozilla/5.0 (compatible; AhrefsBot/7.0; +http://ahrefs.com/robot/)" "ysfine.com"
51.222.253.2 - - [20/Feb/2023:21:39:23 -0800] "GET /class54/class5470/total_data/photo_img/7-73.jpg HTTP/1.1" 200 265483 "-" "Mozilla/5.0 (compatible; AhrefsBot/7.0; +http://ahrefs.com/robot/)" "ysfine.com"
51.222.253.8 - - [20/Feb/2023:21:39:24 -0800] "GET /class54/class5470/total_data/refer_img/7-67_f.jpg HTTP/1.1" 200 34258 "-" "Mozilla/5.0 (compatible; AhrefsBot/7.0; +http://ahrefs.com/robot/)" "ysfine.com"
51.222.253.14 - - [20/Feb/2023:21:39:24 -0800] "GET /class54/class5470/total_data/refer_img/7-69_f.jpg HTTP/1.1" 200 37045 "-" "Mozilla/5.0 (compatible; AhrefsBot/7.0; +http://ahrefs.com/robot/)" "ysfine.com"
51.222.253.18 - - [20/Feb/2023:21:39:25 -0800] "GET /class54/class5470/total_data/refer_img/7-68_f.jpg HTTP/1.1" 200 42423 "-" "Mozilla/5.0 (compatible; AhrefsBot/7.0; +http://ahrefs.com/robot/)" "ysfine.com"
51.222.253.1 - - [20/Feb/2023:21:39:25 -0800] "GET /class54/class5470/total_data/refer_img/7-70.71_f.jpg HTTP/1.1" 200 36909 "-" "Mozilla/5.0 (compatible; AhrefsBot/7.0; +http://ahrefs.com/robot/)" "ysfine.com"
51.222.253.6 - - [20/Feb/2023:21:39:26 -0800] "GET /class54/class5470/total_data/refer_img/7-76_f.jpg HTTP/1.1" 200 31058 "-" "Mozilla/5.0 (compatible; AhrefsBot/7.0; +http://ahrefs.com/robot/)" "ysfine.com"
51.222.253.14 - - [20/Feb/2023:21:39:26 -0800] "GET /class54/class5470/total_data/refer_img/7-62_f.jpg HTTP/1.1" 200 36726 "-" "Mozilla/5.0 (compatible; AhrefsBot/7.0; +http://ahrefs.com/robot/)" "ysfine.com"
51.222.253.12 - - [20/Feb/2023:21:39:26 -0800] "GET /class54/class5470/total_data/img/sm04_off.gif HTTP/1.1" 200 529 "-" "Mozilla/5.0 (compatible; AhrefsBot/7.0; +http://ahrefs.com/robot/)" "ysfine.com"
51.222.253.3 - - [20/Feb/2023:21:39:27 -0800] "GET /class54/class5470/total_data/refer_img/7-78_f.jpg HTTP/1.1" 200 38175 "-" "Mozilla/5.0 (compatible; AhrefsBot/7.0; +http://ahrefs.com/robot/)" "ysfine.com"
64.124.8.52 - - [20/Feb/2023:21:39:36 -0800] "GET /fbook/boy11.jpg HTTP/1.1" 200 200323 "-" "Mozilla/5.0 (Macintosh; Intel Mac OS X 10_15_7) AppleWebKit/537.36 (KHTML, like Gecko) Chrome/107.0.0.0 Safari/537.36" "ysfine.com"
64.124.8.50 - - [20/Feb/2023:21:40:16 -0800] "GET /world/germany/vienna16.jpg HTTP/1.1" 200 164335 "-" "Mozilla/5.0 (Macintosh; Intel Mac OS X 10_15_7) AppleWebKit/537.36 (KHTML, like Gecko) Chrome/107.0.0.0 Safari/537.36" "ysfine.com"
5.102.173.71 - - [20/Feb/2023:21:40:24 -0800] "GET /robots.txt HTTP/1.1" 404 88 "-" "Mozilla/5.0 (compatible; MojeekBot/0.11; +https://www.mojeek.com/bot.html)" "ysfine.com"
5.102.173.71 - - [20/Feb/2023:21:40:24 -0800] "GET /fbook/physapx.html HTTP/1.1" 200 1140 "-" "Mozilla/5.0 (compatible; MojeekBot/0.11; +https://www.mojeek.com/bot.html)" "ysfine.com"
207.46.13.218 - - [20/Feb/2023:21:40:30 -0800] "GET /world/china/guang07.jpg HTTP/1.1" 200 94572 "-" "Mozilla/5.0 AppleWebKit/537.36 (KHTML, like Gecko; compatible; bingbot/2.0; +http://www.bing.com/bingbot.htm) Chrome/103.0.5060.134 Safari/537.36" "www.ysfine.com"
52.167.144.35 - - [20/Feb/2023:21:40:50 -0800] "GET /world/ital/lascala03.jpg HTTP/1.1" 200 68509 "-" "Mozilla/5.0 AppleWebKit/537.36 (KHTML, like Gecko; compatible; bingbot/2.0; +http://www.bing.com/bingbot.htm) Chrome/103.0.5060.134 Safari/537.36" "www.ysfine.com"
72.45.189.211 - - [20/Feb/2023:21:40:51 -0800] "GET /einstein/photoel.html HTTP/1.1" 200 6054 "https://www.google.com/" "Mozilla/5.0 (Windows NT 10.0; Win64; x64) AppleWebKit/537.36 (KHTML, like Gecko) Chrome/110.0.0.0 Safari/537.36" "ysfine.com"
72.45.189.211 - - [20/Feb/2023:21:40:51 -0800] "GET /einstein/photoelr.gif HTTP/1.1" 200 4549 "https://ysfine.com/einstein/photoel.html" "Mozilla/5.0 (Windows NT 10.0; Win64; x64) AppleWebKit/537.36 (KHTML, like Gecko) Chrome/110.0.0.0 Safari/537.36" "ysfine.com"
72.45.189.211 - - [20/Feb/2023:21:40:51 -0800] "GET /einstein/photoelb.gif HTTP/1.1" 200 6551 "https://ysfine.com/einstein/photoel.html" "Mozilla/5.0 (Windows NT 10.0; Win64; x64) AppleWebKit/537.36 (KHTML, like Gecko) Chrome/110.0.0.0 Safari/537.36" "ysfine.com"
205.210.31.134 - - [20/Feb/2023:21:41:40 -0800] "GET / HTTP/1.1" 200 15915 "-" "Expanse, a Palo Alto Networks company, searches across the global IPv4 space multiple times per day to identify customers&#39; presences on the Internet. If you would like to be excluded from our scans, please send IP addresses/domains to: scaninfo@paloaltonetworks.com" "www.ysfine.com"
86.55.208.15 - - [20/Feb/2023:21:41:50 -0800] "GET / HTTP/1.1" 200 5295 "-" "Mozilla/5.0 (iPhone; U; CPU iPhone OS 4_3 like Mac OS X; pl-pl) AppleWebKit/533.17.9 (KHTML, like Gecko) Version/5.0.2 Mobile/8F190 Safari/6533.18.5" "ysfine.com"
91.133.200.4 - - [20/Feb/2023:21:41:50 -0800] "GET /robots.txt HTTP/1.1" 404 88 "-" "Mozilla/5.0 (iPhone; U; Linux i686; pt-br) AppleWebKit/532+ (KHTML, like Gecko) Version/3.0 Mobile/1A538b Safari/419.3 Midori/0.2.0" "ysfine.com"
95.163.255.70 - - [20/Feb/2023:21:42:27 -0800] "GET /robots.txt HTTP/1.1" 404 73 "-" "Mozilla/5.0 (compatible; Linux x86_64; Mail.RU_Bot/Img/2.0; +https://help.mail.ru/webmaster/indexing/robots)" "ysfine.com"
40.77.167.211 - - [20/Feb/2023:21:42:55 -0800] "GET /bio/wigner/e(2).html HTTP/1.1" 404 88 "-" "Mozilla/5.0 AppleWebKit/537.36 (KHTML, like Gecko; compatible; bingbot/2.0; +http://www.bing.com/bingbot.htm) Chrome/103.0.5060.134 Safari/537.36" "ysfine.com"
51.222.253.17 - - [20/Feb/2023:21:43:17 -0800] "GET /princeton/campus.html HTTP/1.1" 200 15141 "-" "Mozilla/5.0 (compatible; AhrefsBot/7.0; +http://ahrefs.com/robot/)" "www.ysfine.com"
207.46.13.220 - - [20/Feb/2023:21:44:01 -0800] "GET /ysbio/heisen/einplanck.html HTTP/1.1" 404 88 "-" "Mozilla/5.0 AppleWebKit/537.36 (KHTML, like Gecko; compatible; bingbot/2.0; +http://www.bing.com/bingbot.htm) Chrome/103.0.5060.134 Safari/537.36" "www.ysfine.com"
24.17.75.172 - - [20/Feb/2023:21:44:47 -0800] "GET /world/russ/minsk077.jpg HTTP/1.1" 200 89162 "https://images.search.yahoo.com/search/images;_ylt=Awr9.JNsS_Rjs_I9NOpXNyoA;_ylu=Y29sbwNncTEEcG9zAzEEdnRpZAMEc2VjA3BpdnM-?p=minsk&fr2=piv-web&fr=yfp-t" "Mozilla/5.0 (Windows NT 10.0; Win64; x64) AppleWebKit/537.36 (KHTML, like Gecko) Chrome/110.0.0.0 Safari/537.36 Edg/110.0.1587.50" "www.ysfine.com"
52.167.144.62 - - [20/Feb/2023:21:45:17 -0800] "GET /newyork/colum02.jpg HTTP/1.1" 200 104680 "-" "Mozilla/5.0 AppleWebKit/537.36 (KHTML, like Gecko; compatible; bingbot/2.0; +http://www.bing.com/bingbot.htm) Chrome/103.0.5060.134 Safari/537.36" "ysfine.com"
123.125.109.62 - - [20/Feb/2023:21:45:56 -0800] "GET / HTTP/1.1" 200 5295 "-" "Sogou web spider/4.0(+http://www.sogou.com/docs/help/webmasters.htm#07)" "www.ysfine.com"
24.17.75.172 - - [20/Feb/2023:21:46:28 -0800] "GET /world/russ/minsk059.jpg HTTP/1.1" 200 96289 "https://images.search.yahoo.com/search/images;_ylt=Awr9.JNsS_Rjs_I9NOpXNyoA;_ylu=Y29sbwNncTEEcG9zAzEEdnRpZAMEc2VjA3BpdnM-?p=minsk&fr2=piv-web&fr=yfp-t" "Mozilla/5.0 (Windows NT 10.0; Win64; x64) AppleWebKit/537.36 (KHTML, like Gecko) Chrome/110.0.0.0 Safari/537.36 Edg/110.0.1587.50" "www.ysfine.com"
24.17.75.172 - - [20/Feb/2023:21:46:28 -0800] "GET /world/russ/minsk004b.jpg HTTP/1.1" 200 35833 "https://images.search.yahoo.com/search/images;_ylt=Awr9.JNsS_Rjs_I9NOpXNyoA;_ylu=Y29sbwNncTEEcG9zAzEEdnRpZAMEc2VjA3BpdnM-?p=minsk&fr2=piv-web&fr=yfp-t" "Mozilla/5.0 (Windows NT 10.0; Win64; x64) AppleWebKit/537.36 (KHTML, like Gecko) Chrome/110.0.0.0 Safari/537.36 Edg/110.0.1587.50" "www.ysfine.com"
64.124.8.57 - - [20/Feb/2023:21:46:39 -0800] "GET /ysbio/canal22.jpg HTTP/1.1" 404 88 "-" "Mozilla/5.0 (Macintosh; Intel Mac OS X 10_15_7) AppleWebKit/537.36 (KHTML, like Gecko) Chrome/107.0.0.0 Safari/537.36" "ysfine.com"
64.124.8.28 - - [20/Feb/2023:21:46:49 -0800] "GET /maga/phys/yukadirac55.jpg HTTP/1.1" 200 92994 "-" "Mozilla/5.0 (Macintosh; Intel Mac OS X 10_15_7) AppleWebKit/537.36 (KHTML, like Gecko) Chrome/107.0.0.0 Safari/537.36" "ysfine.com"
51.222.253.3 - - [20/Feb/2023:21:47:11 -0800] "GET /princeton/prospect.html HTTP/1.1" 200 425 "-" "Mozilla/5.0 (compatible; AhrefsBot/7.0; +http://ahrefs.com/robot/)" "ysfine.com"
51.222.253.10 - - [20/Feb/2023:21:47:13 -0800] "GET /princeton/pros53.jpg HTTP/1.1" 200 103506 "-" "Mozilla/5.0 (compatible; AhrefsBot/7.0; +http://ahrefs.com/robot/)" "ysfine.com"
51.222.253.18 - - [20/Feb/2023:21:47:14 -0800] "GET /princeton/pros55.jpg HTTP/1.1" 200 133329 "-" "Mozilla/5.0 (compatible; AhrefsBot/7.0; +http://ahrefs.com/robot/)" "ysfine.com"
51.222.253.16 - - [20/Feb/2023:21:47:15 -0800] "GET /princeton/pros52.jpg HTTP/1.1" 200 91958 "-" "Mozilla/5.0 (compatible; AhrefsBot/7.0; +http://ahrefs.com/robot/)" "ysfine.com"
51.222.253.6 - - [20/Feb/2023:21:47:15 -0800] "GET /princeton/pros54.jpg HTTP/1.1" 200 119354 "-" "Mozilla/5.0 (compatible; AhrefsBot/7.0; +http://ahrefs.com/robot/)" "ysfine.com"
95.163.255.110 - - [20/Feb/2023:21:47:46 -0800] "GET /home/dwf33.html HTTP/1.1" 200 7188 "http://go.mail.ru/search_images" "Mozilla/5.0 (compatible; Linux x86_64; Mail.RU_Bot/Img/2.0; +https://help.mail.ru/webmaster/indexing/robots)" "ysfine.com"
64.124.8.29 - - [20/Feb/2023:21:47:56 -0800] "GET /ysbio/world/germany/hegel08.jpg HTTP/1.1" 404 88 "-" "Mozilla/5.0 (Macintosh; Intel Mac OS X 10_15_7) AppleWebKit/537.36 (KHTML, like Gecko) Chrome/107.0.0.0 Safari/537.36" "ysfine.com"
52.167.144.62 - - [20/Feb/2023:21:47:58 -0800] "GET /people/nambu.jpg HTTP/1.1" 200 78563 "-" "Mozilla/5.0 AppleWebKit/537.36 (KHTML, like Gecko; compatible; bingbot/2.0; +http://www.bing.com/bingbot.htm) Chrome/103.0.5060.134 Safari/537.36" "ysfine.com"
64.124.8.29 - - [20/Feb/2023:21:48:10 -0800] "GET /ysbio/world/hungary/buda012.jpg HTTP/1.1" 404 88 "-" "Mozilla/5.0 (Macintosh; Intel Mac OS X 10_15_7) AppleWebKit/537.36 (KHTML, like Gecko) Chrome/107.0.0.0 Safari/537.36" "www.ysfine.com"
216.244.66.229 - - [20/Feb/2023:21:48:45 -0800] "GET /robots.txt HTTP/1.1" 404 73 "-" "Mozilla/5.0 (compatible; DotBot/1.2; +https://opensiteexplorer.org/dotbot; help@moz.com)" "www.ysfine.com"
216.244.66.229 - - [20/Feb/2023:21:48:45 -0800] "GET /robots.txt HTTP/1.1" 404 73 "-" "Mozilla/5.0 (compatible; DotBot/1.2; +https://opensiteexplorer.org/dotbot; help@moz.com)" "ysfine.com"
40.77.167.211 - - [20/Feb/2023:21:50:13 -0800] "GET /world/brit/kensington12.jpg HTTP/1.1" 200 79318 "-" "Mozilla/5.0 AppleWebKit/537.36 (KHTML, like Gecko; compatible; bingbot/2.0; +http://www.bing.com/bingbot.htm) Chrome/103.0.5060.134 Safari/537.36" "ysfine.com"
64.124.8.56 - - [20/Feb/2023:21:50:30 -0800] "GET /world/baltic/kalin37.jpg HTTP/1.1" 200 85104 "-" "Mozilla/5.0 (Macintosh; Intel Mac OS X 10_15_7) AppleWebKit/537.36 (KHTML, like Gecko) Chrome/107.0.0.0 Safari/537.36" "ysfine.com"
52.167.144.62 - - [20/Feb/2023:21:50:46 -0800] "GET /ysbio/usca/pitt/pittcath01d.jpg HTTP/1.1" 404 88 "-" "Mozilla/5.0 AppleWebKit/537.36 (KHTML, like Gecko; compatible; bingbot/2.0; +http://www.bing.com/bingbot.htm) Chrome/103.0.5060.134 Safari/537.36" "www.ysfine.com"
51.222.253.14 - - [20/Feb/2023:21:50:48 -0800] "GET /princeton/index.html HTTP/1.1" 200 140 "-" "Mozilla/5.0 (compatible; AhrefsBot/7.0; +http://ahrefs.com/robot/)" "www.ysfine.com"
40.77.167.211 - - [20/Feb/2023:21:52:03 -0800] "GET /world/france/triomf08b.jpg HTTP/1.1" 200 48006 "-" "Mozilla/5.0 AppleWebKit/537.36 (KHTML, like Gecko; compatible; bingbot/2.0; +http://www.bing.com/bingbot.htm) Chrome/103.0.5060.134 Safari/537.36" "www.ysfine.com"
216.244.66.229 - - [20/Feb/2023:21:52:36 -0800] "GET /style/songs.html HTTP/1.1" 200 104804 "-" "Mozilla/5.0 (compatible; DotBot/1.2; +https://opensiteexplorer.org/dotbot; help@moz.com)" "www.ysfine.com"
216.244.66.229 - - [20/Feb/2023:21:52:59 -0800] "GET /home/home/fig22/ys53.jpg HTTP/1.1" 404 73 "-" "Mozilla/5.0 (compatible; DotBot/1.2; +https://opensiteexplorer.org/dotbot; help@moz.com)" "ysfine.com"
17.241.219.35 - - [20/Feb/2023:21:53:32 -0800] "GET /kobak/swr51d.jpg HTTP/1.1" 200 49461 "-" "Mozilla/5.0 (Macintosh; Intel Mac OS X 10_15_5) AppleWebKit/605.1.15 (KHTML, like Gecko) Version/13.1.1 Safari/605.1.15 (Applebot/0.1; +http://www.apple.com/go/applebot)" "ysfine.com"
40.77.167.211 - - [20/Feb/2023:21:53:36 -0800] "GET /bio/princeton/campus.html HTTP/1.1" 404 88 "-" "Mozilla/5.0 AppleWebKit/537.36 (KHTML, like Gecko; compatible; bingbot/2.0; +http://www.bing.com/bingbot.htm) Chrome/103.0.5060.134 Safari/537.36" "ysfine.com"
64.124.8.54 - - [20/Feb/2023:21:53:34 -0800] "GET /kobak/yoonhm.jpg HTTP/1.1" 200 150232 "-" "Mozilla/5.0 (Macintosh; Intel Mac OS X 10_15_7) AppleWebKit/537.36 (KHTML, like Gecko) Chrome/107.0.0.0 Safari/537.36" "ysfine.com"
216.244.66.229 - - [20/Feb/2023:21:53:36 -0800] "GET /home/easy.html HTTP/1.1" 200 22223 "-" "Mozilla/5.0 (compatible; DotBot/1.2; +https://opensiteexplorer.org/dotbot; help@moz.com)" "www.ysfine.com"
52.167.144.62 - - [20/Feb/2023:21:53:38 -0800] "GET /world/scandi/copenhi.html HTTP/1.1" 200 377 "-" "Mozilla/5.0 AppleWebKit/537.36 (KHTML, like Gecko; compatible; bingbot/2.0; +http://www.bing.com/bingbot.htm) Chrome/103.0.5060.134 Safari/537.36" "ysfine.com"
216.244.66.229 - - [20/Feb/2023:21:53:54 -0800] "GET /dirac/integ.html HTTP/1.1" 200 17113 "-" "Mozilla/5.0 (compatible; DotBot/1.2; +https://opensiteexplorer.org/dotbot; help@moz.com)" "www.ysfine.com"
64.124.8.55 - - [20/Feb/2023:21:54:12 -0800] "GET /style/beetho66.jpg HTTP/1.1" 200 83283 "-" "Mozilla/5.0 (Macintosh; Intel Mac OS X 10_15_7) AppleWebKit/537.36 (KHTML, like Gecko) Chrome/107.0.0.0 Safari/537.36" "www.ysfine.com"
64.124.8.55 - - [20/Feb/2023:21:54:13 -0800] "GET /wdc/whouse15.jpg HTTP/1.1" 200 135512 "-" "Mozilla/5.0 (Macintosh; Intel Mac OS X 10_15_7) AppleWebKit/537.36 (KHTML, like Gecko) Chrome/107.0.0.0 Safari/537.36" "ysfine.com"
51.222.253.2 - - [20/Feb/2023:21:54:34 -0800] "GET /einstein/maxein.html HTTP/1.1" 200 2651 "-" "Mozilla/5.0 (compatible; AhrefsBot/7.0; +http://ahrefs.com/robot/)" "ysfine.com"
216.244.66.229 - - [20/Feb/2023:21:55:20 -0800] "GET /kowar/kwandong01.jpg HTTP/1.1" 200 67349 "-" "Mozilla/5.0 (compatible; DotBot/1.2; +https://opensiteexplorer.org/dotbot; help@moz.com)" "www.ysfine.com"
52.167.144.35 - - [20/Feb/2023:21:55:31 -0800] "GET /style/chulmo2.jpg HTTP/1.1" 200 49387 "-" "Mozilla/5.0 AppleWebKit/537.36 (KHTML, like Gecko; compatible; bingbot/2.0; +http://www.bing.com/bingbot.htm) Chrome/103.0.5060.134 Safari/537.36" "ysfine.com"
100.36.107.218 - - [20/Feb/2023:21:55:41 -0800] "GET /princeton/alexan22.jpg HTTP/1.1" 200 175436 "https://www.google.com/" "Mozilla/5.0 (Windows NT 10.0; Win64; x64) AppleWebKit/537.36 (KHTML, like Gecko) Chrome/110.0.0.0 Safari/537.36" "ysfine.com"
216.244.66.229 - - [20/Feb/2023:21:57:38 -0800] "GET /world/china/xian18.jpg HTTP/1.1" 200 121722 "-" "Mozilla/5.0 (compatible; DotBot/1.2; +https://opensiteexplorer.org/dotbot; help@moz.com)" "ysfine.com"
216.244.66.229 - - [20/Feb/2023:21:58:07 -0800] "GET /world/france/pantheon05.jpg HTTP/1.1" 200 97900 "-" "Mozilla/5.0 (compatible; DotBot/1.2; +https://opensiteexplorer.org/dotbot; help@moz.com)" "ysfine.com"
64.124.8.28 - - [20/Feb/2023:21:58:12 -0800] "GET /style/cameras/deer11.jpg HTTP/1.1" 200 75896 "-" "Mozilla/5.0 (Macintosh; Intel Mac OS X 10_15_7) AppleWebKit/537.36 (KHTML, like Gecko) Chrome/107.0.0.0 Safari/537.36" "ysfine.com"
51.222.253.3 - - [20/Feb/2023:21:58:32 -0800] "GET /bio09.html HTTP/1.1" 200 12731 "-" "Mozilla/5.0 (compatible; AhrefsBot/7.0; +http://ahrefs.com/robot/)" "ysfine.com"
51.222.253.15 - - [20/Feb/2023:21:58:36 -0800] "GET /home/sbt11d.jpg HTTP/1.1" 200 41029 "-" "Mozilla/5.0 (compatible; AhrefsBot/7.0; +http://ahrefs.com/robot/)" "ysfine.com"
51.222.253.9 - - [20/Feb/2023:21:58:37 -0800] "GET /home/o32inho22g.jpg HTTP/1.1" 200 90429 "-" "Mozilla/5.0 (compatible; AhrefsBot/7.0; +http://ahrefs.com/robot/)" "ysfine.com"
51.222.253.8 - - [20/Feb/2023:21:58:37 -0800] "GET /princeton/einpm22d.jpg HTTP/1.1" 200 65372 "-" "Mozilla/5.0 (compatible; AhrefsBot/7.0; +http://ahrefs.com/robot/)" "ysfine.com"
51.222.253.14 - - [20/Feb/2023:21:58:38 -0800] "GET /home/wigein11d.jpg HTTP/1.1" 200 38446 "-" "Mozilla/5.0 (compatible; AhrefsBot/7.0; +http://ahrefs.com/robot/)" "ysfine.com"
51.222.253.10 - - [20/Feb/2023:21:58:38 -0800] "GET /home/wigner22d.jpg HTTP/1.1" 200 70992 "-" "Mozilla/5.0 (compatible; AhrefsBot/7.0; +http://ahrefs.com/robot/)" "ysfine.com"
51.222.253.10 - - [20/Feb/2023:21:58:39 -0800] "GET /home/tollwig11d.jpg HTTP/1.1" 200 39722 "-" "Mozilla/5.0 (compatible; AhrefsBot/7.0; +http://ahrefs.com/robot/)" "ysfine.com"
51.222.253.7 - - [20/Feb/2023:21:58:39 -0800] "GET /dirac/truck/truck18a.jpg HTTP/1.1" 200 78184 "-" "Mozilla/5.0 (compatible; AhrefsBot/7.0; +http://ahrefs.com/robot/)" "ysfine.com"
51.222.253.6 - - [20/Feb/2023:21:58:40 -0800] "GET /home/wigkim450.jpg HTTP/1.1" 200 46980 "-" "Mozilla/5.0 (compatible; AhrefsBot/7.0; +http://ahrefs.com/robot/)" "ysfine.com"
51.222.253.9 - - [20/Feb/2023:21:58:40 -0800] "GET /home/fig33/sbtwein450.jpg HTTP/1.1" 200 73194 "-" "Mozilla/5.0 (compatible; AhrefsBot/7.0; +http://ahrefs.com/robot/)" "ysfine.com"
51.222.253.14 - - [20/Feb/2023:21:58:40 -0800] "GET /home/eink54f.jpg HTTP/1.1" 200 96332 "-" "Mozilla/5.0 (compatible; AhrefsBot/7.0; +http://ahrefs.com/robot/)" "ysfine.com"
51.222.253.4 - - [20/Feb/2023:21:58:41 -0800] "GET /home/fig33/parton77f.jpg HTTP/1.1" 200 120094 "-" "Mozilla/5.0 (compatible; AhrefsBot/7.0; +http://ahrefs.com/robot/)" "ysfine.com"
51.222.253.3 - - [20/Feb/2023:21:58:42 -0800] "GET /fotos/einhaus450.jpg HTTP/1.1" 200 65369 "-" "Mozilla/5.0 (compatible; AhrefsBot/7.0; +http://ahrefs.com/robot/)" "ysfine.com"
51.222.253.14 - - [20/Feb/2023:21:58:42 -0800] "GET /fotos/einmu41d.jpg HTTP/1.1" 200 62005 "-" "Mozilla/5.0 (compatible; AhrefsBot/7.0; +http://ahrefs.com/robot/)" "ysfine.com"
51.222.253.18 - - [20/Feb/2023:21:58:43 -0800] "GET /home/further22f.jpg HTTP/1.1" 200 99099 "-" "Mozilla/5.0 (compatible; AhrefsBot/7.0; +http://ahrefs.com/robot/)" "ysfine.com"
51.222.253.13 - - [20/Feb/2023:21:58:43 -0800] "GET /wigner/michwight.jpg HTTP/1.1" 200 73424 "-" "Mozilla/5.0 (compatible; AhrefsBot/7.0; +http://ahrefs.com/robot/)" "ysfine.com"
51.222.253.14 - - [20/Feb/2023:21:58:44 -0800] "GET /home/comet40f.jpg HTTP/1.1" 200 101816 "-" "Mozilla/5.0 (compatible; AhrefsBot/7.0; +http://ahrefs.com/robot/)" "ysfine.com"
216.244.66.229 - - [20/Feb/2023:21:58:44 -0800] "GET /world/france/pmetro08.jpg HTTP/1.1" 200 108624 "-" "Mozilla/5.0 (compatible; DotBot/1.2; +https://opensiteexplorer.org/dotbot; help@moz.com)" "ysfine.com"
51.222.253.3 - - [20/Feb/2023:21:58:44 -0800] "GET /einstein/einbohr55f.jpg HTTP/1.1" 200 155618 "-" "Mozilla/5.0 (compatible; AhrefsBot/7.0; +http://ahrefs.com/robot/)" "ysfine.com"
207.46.13.220 - - [20/Feb/2023:21:59:11 -0800] "GET /world/russ/spbf28.jpg HTTP/1.1" 200 240532 "-" "Mozilla/5.0 AppleWebKit/537.36 (KHTML, like Gecko; compatible; bingbot/2.0; +http://www.bing.com/bingbot.htm) Chrome/103.0.5060.134 Safari/537.36" "ysfine.com"
199.167.138.122 - - [20/Feb/2023:21:59:11 -0800] "GET /einstein/einusa.html HTTP/1.1" 200 21121 "https://www.ysfine.com/einstein/einusa.html" "Mozilla/5.0 (Windows NT 6.3; Win64; x64) AppleWebKit/537.36 (KHTML, like Gecko) Chrome/90.0.4430.72 Safari/537.36" "www.ysfine.com"
216.244.66.229 - - [20/Feb/2023:21:59:25 -0800] "GET /kobak/reposepho.html HTTP/1.1" 200 924 "-" "Mozilla/5.0 (compatible; DotBot/1.2; +https://opensiteexplorer.org/dotbot; help@moz.com)" "www.ysfine.com"
64.124.8.50 - - [20/Feb/2023:21:59:52 -0800] "GET /world/poland/uprise01.jpg HTTP/1.1" 200 115822 "-" "Mozilla/5.0 (Macintosh; Intel Mac OS X 10_15_7) AppleWebKit/537.36 (KHTML, like Gecko) Chrome/107.0.0.0 Safari/537.36" "ysfine.com"
216.244.66.229 - - [20/Feb/2023:21:59:54 -0800] "GET /kobak/underw12.jpg HTTP/1.1" 200 105170 "-" "Mozilla/5.0 (compatible; DotBot/1.2; +https://opensiteexplorer.org/dotbot; help@moz.com)" "www.ysfine.com"
216.244.66.229 - - [20/Feb/2023:22:00:34 -0800] "GET /maga/histo/desiree23.jpg HTTP/1.1" 200 85900 "-" "Mozilla/5.0 (compatible; DotBot/1.2; +https://opensiteexplorer.org/dotbot; help@moz.com)" "www.ysfine.com"
216.244.66.229 - - [20/Feb/2023:22:01:12 -0800] "GET /sbk/2012rome11.jpg HTTP/1.1" 200 132228 "-" "Mozilla/5.0 (compatible; DotBot/1.2; +https://opensiteexplorer.org/dotbot; help@moz.com)" "www.ysfine.com"
216.244.66.229 - - [20/Feb/2023:22:02:02 -0800] "GET /wdc/washmo13.jpg HTTP/1.1" 200 59601 "-" "Mozilla/5.0 (compatible; DotBot/1.2; +https://opensiteexplorer.org/dotbot; help@moz.com)" "www.ysfine.com"
51.222.253.10 - - [20/Feb/2023:22:02:29 -0800] "GET /class54/class5470/total_data/sub_401.htm HTTP/1.1" 200 3223 "-" "Mozilla/5.0 (compatible; AhrefsBot/7.0; +http://ahrefs.com/robot/)" "ysfine.com"
49.37.155.47 - - [20/Feb/2023:22:02:29 -0800] "GET /maga/phys/yukafeyn2.jpg HTTP/1.1" 200 36709 "https://www.google.com/" "Mozilla/5.0 (Android 12; Mobile; rv:109.0) Gecko/110.0 Firefox/110.0" "ysfine.com"
51.222.253.20 - - [20/Feb/2023:22:02:30 -0800] "GET /class54/class5470/total_data/refer_img/4-12_f.jpg HTTP/1.1" 200 36604 "-" "Mozilla/5.0 (compatible; AhrefsBot/7.0; +http://ahrefs.com/robot/)" "ysfine.com"
51.222.253.11 - - [20/Feb/2023:22:02:31 -0800] "GET /class54/class5470/total_data/refer_img/4-14_f.jpg HTTP/1.1" 200 44175 "-" "Mozilla/5.0 (compatible; AhrefsBot/7.0; +http://ahrefs.com/robot/)" "ysfine.com"
51.222.253.9 - - [20/Feb/2023:22:02:31 -0800] "GET /class54/class5470/total_data/refer_img/4-4_f.jpg HTTP/1.1" 200 35405 "-" "Mozilla/5.0 (compatible; AhrefsBot/7.0; +http://ahrefs.com/robot/)" "ysfine.com"
51.222.253.14 - - [20/Feb/2023:22:02:32 -0800] "GET /class54/class5470/total_data/refer_img/4-6_f.jpg HTTP/1.1" 200 37835 "-" "Mozilla/5.0 (compatible; AhrefsBot/7.0; +http://ahrefs.com/robot/)" "ysfine.com"
207.46.13.220 - - [20/Feb/2023:22:02:32 -0800] "GET /ffriends/aline/airfr12.jpg HTTP/1.1" 200 99884 "-" "Mozilla/5.0 AppleWebKit/537.36 (KHTML, like Gecko; compatible; bingbot/2.0; +http://www.bing.com/bingbot.htm) Chrome/103.0.5060.134 Safari/537.36" "ysfine.com"
51.222.253.12 - - [20/Feb/2023:22:02:32 -0800] "GET /class54/class5470/total_data/refer_img/4-17_f.jpg HTTP/1.1" 200 32658 "-" "Mozilla/5.0 (compatible; AhrefsBot/7.0; +http://ahrefs.com/robot/)" "ysfine.com"
51.222.253.19 - - [20/Feb/2023:22:02:33 -0800] "GET /class54/class5470/total_data/refer_img/4-16_f.jpg HTTP/1.1" 200 47358 "-" "Mozilla/5.0 (compatible; AhrefsBot/7.0; +http://ahrefs.com/robot/)" "ysfine.com"
51.222.253.20 - - [20/Feb/2023:22:02:33 -0800] "GET /class54/class5470/total_data/refer_img/4-2_f.jpg HTTP/1.1" 200 53142 "-" "Mozilla/5.0 (compatible; AhrefsBot/7.0; +http://ahrefs.com/robot/)" "ysfine.com"
51.222.253.1 - - [20/Feb/2023:22:02:34 -0800] "GET /class54/class5470/total_data/refer_img/4-10_f.jpg HTTP/1.1" 200 36419 "-" "Mozilla/5.0 (compatible; AhrefsBot/7.0; +http://ahrefs.com/robot/)" "ysfine.com"
51.222.253.4 - - [20/Feb/2023:22:02:34 -0800] "GET /class54/class5470/total_data/refer_img/4-8_f.jpg HTTP/1.1" 200 31593 "-" "Mozilla/5.0 (compatible; AhrefsBot/7.0; +http://ahrefs.com/robot/)" "ysfine.com"
216.244.66.229 - - [20/Feb/2023:22:02:34 -0800] "GET /world/germany/trier22.jpg HTTP/1.1" 200 314979 "-" "Mozilla/5.0 (compatible; DotBot/1.2; +https://opensiteexplorer.org/dotbot; help@moz.com)" "www.ysfine.com"
51.222.253.8 - - [20/Feb/2023:22:02:35 -0800] "GET /class54/class5470/total_data/refer_img/4-7_f.jpg HTTP/1.1" 200 32961 "-" "Mozilla/5.0 (compatible; AhrefsBot/7.0; +http://ahrefs.com/robot/)" "ysfine.com"
51.222.253.6 - - [20/Feb/2023:22:02:35 -0800] "GET /class54/class5470/total_data/refer_img/4-15_f.jpg HTTP/1.1" 200 52769 "-" "Mozilla/5.0 (compatible; AhrefsBot/7.0; +http://ahrefs.com/robot/)" "ysfine.com"
51.222.253.11 - - [20/Feb/2023:22:02:35 -0800] "GET /class54/class5470/total_data/refer_img/4-13_f.jpg HTTP/1.1" 200 50807 "-" "Mozilla/5.0 (compatible; AhrefsBot/7.0; +http://ahrefs.com/robot/)" "ysfine.com"
51.222.253.18 - - [20/Feb/2023:22:02:36 -0800] "GET /class54/class5470/total_data/refer_img/4-18_f.jpg HTTP/1.1" 200 48937 "-" "Mozilla/5.0 (compatible; AhrefsBot/7.0; +http://ahrefs.com/robot/)" "ysfine.com"
5.210.166.105 - - [20/Feb/2023:22:02:37 -0800] "GET /robots.txt HTTP/1.1" 404 88 "-" "Mozilla/5.0 (iPhone; U; ru; CPU iPhone OS 4_2_1 like Mac OS X; fr) AppleWebKit/533.17.9 (KHTML, like Gecko) Version/5.0.2 Mobile/8C148a Safari/6533.18.5" "ysfine.com"
5.52.132.203 - - [20/Feb/2023:22:02:37 -0800] "GET / HTTP/1.1" 200 5295 "-" "Mozilla/5.0 (iPhone; U; CPU iPhone OS 4_3 like Mac OS X; en-gb) AppleWebKit/533.17.9 (KHTML, like Gecko) Version/5.0.2 Mobile/8F190 Safari/6533.18.5" "ysfine.com"
51.222.253.9 - - [20/Feb/2023:22:02:37 -0800] "GET /class54/class5470/total_data/refer_img/4-5_f.jpg HTTP/1.1" 200 32780 "-" "Mozilla/5.0 (compatible; AhrefsBot/7.0; +http://ahrefs.com/robot/)" "ysfine.com"
91.133.195.56 - - [20/Feb/2023:22:02:37 -0800] "GET / HTTP/1.1" 200 5295 "-" "Mozilla/5.0 (iPhone; U; fr; CPU iPhone OS 4_2_1 like Mac OS X; fr) AppleWebKit/533.17.9 (KHTML, like Gecko) Version/5.0.2 Mobile/8C148a Safari/6533.18.5" "ysfine.com"
91.133.237.157 - - [20/Feb/2023:22:02:37 -0800] "GET /robots.txt HTTP/1.1" 404 88 "-" "Mozilla/5.0 (iPhone; U; CPU iPhone OS 4_3 like Mac OS X; pl-pl) AppleWebKit/533.17.9 (KHTML, like Gecko) Version/5.0.2 Mobile/8F190 Safari/6533.18.5" "ysfine.com"
51.222.253.15 - - [20/Feb/2023:22:02:38 -0800] "GET /class54/class5470/total_data/refer_img/4-11_f.jpg HTTP/1.1" 200 33823 "-" "Mozilla/5.0 (compatible; AhrefsBot/7.0; +http://ahrefs.com/robot/)" "ysfine.com"
51.222.253.6 - - [20/Feb/2023:22:02:39 -0800] "GET /class54/class5470/total_data/refer_img/4-1_f.jpg HTTP/1.1" 200 33160 "-" "Mozilla/5.0 (compatible; AhrefsBot/7.0; +http://ahrefs.com/robot/)" "ysfine.com"
51.222.253.5 - - [20/Feb/2023:22:02:39 -0800] "GET /class54/class5470/total_data/refer_img/4-3_f.jpg HTTP/1.1" 200 55483 "-" "Mozilla/5.0 (compatible; AhrefsBot/7.0; +http://ahrefs.com/robot/)" "ysfine.com"
51.222.253.5 - - [20/Feb/2023:22:02:40 -0800] "GET /class54/class5470/total_data/photo_img/4-1.jpg HTTP/1.1" 200 205287 "-" "Mozilla/5.0 (compatible; AhrefsBot/7.0; +http://ahrefs.com/robot/)" "ysfine.com"
216.244.66.229 - - [20/Feb/2023:22:03:25 -0800] "GET /kowar/panmun02.jpg HTTP/1.1" 200 129295 "-" "Mozilla/5.0 (compatible; DotBot/1.2; +https://opensiteexplorer.org/dotbot; help@moz.com)" "ysfine.com"
216.244.66.229 - - [20/Feb/2023:22:04:15 -0800] "GET /world/france/chagall03.jpg HTTP/1.1" 200 195198 "-" "Mozilla/5.0 (compatible; DotBot/1.2; +https://opensiteexplorer.org/dotbot; help@moz.com)" "ysfine.com"
157.55.39.214 - - [20/Feb/2023:22:05:01 -0800] "GET /wisdom/mil/tank02b.jpg HTTP/1.1" 200 30002 "-" "Mozilla/5.0 AppleWebKit/537.36 (KHTML, like Gecko; compatible; bingbot/2.0; +http://www.bing.com/bingbot.htm) Chrome/103.0.5060.134 Safari/537.36" "ysfine.com"
216.244.66.229 - - [20/Feb/2023:22:05:04 -0800] "GET /world/france/picassomp01.jpg HTTP/1.1" 200 109293 "-" "Mozilla/5.0 (compatible; DotBot/1.2; +https://opensiteexplorer.org/dotbot; help@moz.com)" "ysfine.com"
172.96.186.132 - - [20/Feb/2023:22:05:39 -0800] "GET /kowar/tanks/tank54.jpg HTTP/1.1" 200 76330 "-" "-" "ysfine.com"
216.244.66.229 - - [20/Feb/2023:22:05:54 -0800] "GET /world/germany/berlinf03.jpg HTTP/1.1" 200 89519 "-" "Mozilla/5.0 (compatible; DotBot/1.2; +https://opensiteexplorer.org/dotbot; help@moz.com)" "ysfine.com"
51.222.253.8 - - [20/Feb/2023:22:06:11 -0800] "GET /dirac/dirk62.html HTTP/1.1" 200 3949 "-" "Mozilla/5.0 (compatible; AhrefsBot/7.0; +http://ahrefs.com/robot/)" "ysfine.com"
51.222.253.20 - - [20/Feb/2023:22:06:14 -0800] "GET /dirac/coupo02d.jpg HTTP/1.1" 200 49502 "-" "Mozilla/5.0 (compatible; AhrefsBot/7.0; +http://ahrefs.com/robot/)" "ysfine.com"
51.222.253.4 - - [20/Feb/2023:22:06:15 -0800] "GET /dirac/feydirac450.jpg HTTP/1.1" 200 40491 "-" "Mozilla/5.0 (compatible; AhrefsBot/7.0; +http://ahrefs.com/robot/)" "ysfine.com"
51.222.253.20 - - [20/Feb/2023:22:06:15 -0800] "GET /dirac/diracqm11f.jpg HTTP/1.1" 200 109178 "-" "Mozilla/5.0 (compatible; AhrefsBot/7.0; +http://ahrefs.com/robot/)" "ysfine.com"
51.222.253.2 - - [20/Feb/2023:22:06:16 -0800] "GET /dirac/dirk6202f.jpg HTTP/1.1" 200 62459 "-" "Mozilla/5.0 (compatible; AhrefsBot/7.0; +http://ahrefs.com/robot/)" "ysfine.com"
51.222.253.8 - - [20/Feb/2023:22:06:16 -0800] "GET /dirac/dfkim11d.jpg HTTP/1.1" 200 51242 "-" "Mozilla/5.0 (compatible; AhrefsBot/7.0; +http://ahrefs.com/robot/)" "ysfine.com"
51.222.253.7 - - [20/Feb/2023:22:06:16 -0800] "GET /dirac/dirwig55d.jpg HTTP/1.1" 200 47442 "-" "Mozilla/5.0 (compatible; AhrefsBot/7.0; +http://ahrefs.com/robot/)" "ysfine.com"
40.77.167.211 - - [20/Feb/2023:22:06:25 -0800] "GET /world/russ/masha77.jpg HTTP/1.1" 200 86545 "-" "Mozilla/5.0 AppleWebKit/537.36 (KHTML, like Gecko; compatible; bingbot/2.0; +http://www.bing.com/bingbot.htm) Chrome/103.0.5060.134 Safari/537.36" "www.ysfine.com"
52.167.144.35 - - [20/Feb/2023:22:06:33 -0800] "GET /bio/sbk/1950.html HTTP/1.1" 404 88 "-" "Mozilla/5.0 AppleWebKit/537.36 (KHTML, like Gecko; compatible; bingbot/2.0; +http://www.bing.com/bingbot.htm) Chrome/103.0.5060.134 Safari/537.36" "ysfine.com"
220.85.83.108 - - [20/Feb/2023:22:06:42 -0800] "GET /kowar/tanks/sherman43.jpg HTTP/1.1" 200 78963 "https://www.google.com/" "Mozilla/5.0 (Windows NT 10.0; Win64; x64) AppleWebKit/537.36 (KHTML, like Gecko) Chrome/109.0.0.0 Safari/537.36" "ysfine.com"
64.124.8.52 - - [20/Feb/2023:22:06:55 -0800] "GET /world/baltic/riga45.jpg HTTP/1.1" 200 107618 "-" "Mozilla/5.0 (Macintosh; Intel Mac OS X 10_15_7) AppleWebKit/537.36 (KHTML, like Gecko) Chrome/107.0.0.0 Safari/537.36" "www.ysfine.com"
64.124.8.54 - - [20/Feb/2023:22:07:30 -0800] "GET /kobak/gazza33.jpg HTTP/1.1" 200 260491 "-" "Mozilla/5.0 (Macintosh; Intel Mac OS X 10_15_7) AppleWebKit/537.36 (KHTML, like Gecko) Chrome/107.0.0.0 Safari/537.36" "www.ysfine.com"
220.85.83.108 - - [20/Feb/2023:22:07:49 -0800] "GET /kowar/tanks/tank10.jpg HTTP/1.1" 200 76703 "https://www.google.com/" "Mozilla/5.0 (Windows NT 10.0; Win64; x64) AppleWebKit/537.36 (KHTML, like Gecko) Chrome/109.0.0.0 Safari/537.36" "ysfine.com"
220.85.83.108 - - [20/Feb/2023:22:07:53 -0800] "GET /kowar/tanks/m46c.jpg HTTP/1.1" 200 74862 "https://www.google.com/" "Mozilla/5.0 (Windows NT 10.0; Win64; x64) AppleWebKit/537.36 (KHTML, like Gecko) Chrome/109.0.0.0 Safari/537.36" "ysfine.com"
207.46.13.218 - - [20/Feb/2023:22:08:10 -0800] "GET /world/poland/curiewa03.jpg HTTP/1.1" 200 89506 "-" "Mozilla/5.0 AppleWebKit/537.36 (KHTML, like Gecko; compatible; bingbot/2.0; +http://www.bing.com/bingbot.htm) Chrome/103.0.5060.134 Safari/537.36" "www.ysfine.com"
220.85.83.108 - - [20/Feb/2023:22:08:16 -0800] "GET /kowar/tanks/m46a.jpg HTTP/1.1" 200 150661 "https://www.google.com/" "Mozilla/5.0 (Windows NT 10.0; Win64; x64) AppleWebKit/537.36 (KHTML, like Gecko) Chrome/109.0.0.0 Safari/537.36" "ysfine.com"
52.167.144.62 - - [20/Feb/2023:22:08:19 -0800] "GET /fig22/taylor54d.jpg HTTP/1.1" 404 88 "-" "Mozilla/5.0 AppleWebKit/537.36 (KHTML, like Gecko; compatible; bingbot/2.0; +http://www.bing.com/bingbot.htm) Chrome/103.0.5060.134 Safari/537.36" "ysfine.com"
220.85.83.108 - - [20/Feb/2023:22:08:46 -0800] "GET /kowar/tanks/sherman45.jpg HTTP/1.1" 200 79723 "https://www.google.com/" "Mozilla/5.0 (Windows NT 10.0; Win64; x64) AppleWebKit/537.36 (KHTML, like Gecko) Chrome/109.0.0.0 Safari/537.36" "ysfine.com"
64.124.8.55 - - [20/Feb/2023:22:08:47 -0800] "GET /usca/calif/sdiego01.jpg HTTP/1.1" 200 303747 "-" "Mozilla/5.0 (Macintosh; Intel Mac OS X 10_15_7) AppleWebKit/537.36 (KHTML, like Gecko) Chrome/107.0.0.0 Safari/537.36" "ysfine.com"
220.85.83.108 - - [20/Feb/2023:22:08:47 -0800] "GET /kowar/tanks/sherman44.jpg HTTP/1.1" 200 75411 "https://www.google.com/" "Mozilla/5.0 (Windows NT 10.0; Win64; x64) AppleWebKit/537.36 (KHTML, like Gecko) Chrome/109.0.0.0 Safari/537.36" "ysfine.com"
64.124.8.55 - - [20/Feb/2023:22:08:54 -0800] "GET /maga/phil/hegel10.jpg HTTP/1.1" 200 93341 "-" "Mozilla/5.0 (Macintosh; Intel Mac OS X 10_15_7) AppleWebKit/537.36 (KHTML, like Gecko) Chrome/107.0.0.0 Safari/537.36" "www.ysfine.com"
64.124.8.49 - - [20/Feb/2023:22:09:45 -0800] "GET /world/france/stras55.jpg HTTP/1.1" 200 90434 "-" "Mozilla/5.0 (Macintosh; Intel Mac OS X 10_15_7) AppleWebKit/537.36 (KHTML, like Gecko) Chrome/107.0.0.0 Safari/537.36" "ysfine.com"
210.90.106.99 - - [20/Feb/2023:22:09:59 -0800] "GET /kobak/sl628.jpg HTTP/1.1" 200 225100 "https://www.google.com/" "Mozilla/5.0 (Windows NT 10.0; Win64; x64; rv:109.0) Gecko/20100101 Firefox/110.0" "ysfine.com"
66.249.70.30 - - [20/Feb/2023:22:10:01 -0800] "GET /style/musee/vatim20b.jpg HTTP/1.1" 200 40016 "-" "Googlebot-Image/1.0" "ysfine.com"
64.124.8.28 - - [20/Feb/2023:22:10:08 -0800] "GET /houses/monticello05.jpg HTTP/1.1" 200 87431 "-" "Mozilla/5.0 (Macintosh; Intel Mac OS X 10_15_7) AppleWebKit/537.36 (KHTML, like Gecko) Chrome/107.0.0.0 Safari/537.36" "ysfine.com"
86.55.117.95 - - [20/Feb/2023:22:10:08 -0800] "GET / HTTP/1.1" 200 5295 "-" "Mozilla/5.0 (iPhone; U; CPU iPhone OS 4_3_1 like Mac OS X; zh-tw) AppleWebKit/533.17.9 (KHTML, like Gecko) Version/5.0.2 Mobile/8G4 Safari/6533.18.5" "ysfine.com"
89.199.15.160 - - [20/Feb/2023:22:10:09 -0800] "GET /robots.txt HTTP/1.1" 404 88 "-" "Mozilla/5.0 (iPhone; U; CPU iPhone OS 4_1 like Mac OS X; en-us) AppleWebKit/532.9 (KHTML, like Gecko) Version/4.0.5 Mobile/8B117 Safari/6531.22.7" "ysfine.com"
91.133.139.16 - - [20/Feb/2023:22:10:09 -0800] "GET /robots.txt HTTP/1.1" 404 88 "-" "Mozilla/5.0 (iPhone; U; fr; CPU iPhone OS 4_2_1 like Mac OS X; fr) AppleWebKit/533.17.9 (KHTML, like Gecko) Version/5.0.2 Mobile/8C148a Safari/6533.18.5" "ysfine.com"
91.133.221.125 - - [20/Feb/2023:22:10:09 -0800] "GET / HTTP/1.1" 200 5295 "-" "Mozilla/5.0 (iPhone; U; CPU iPhone OS 4_3 like Mac OS X; pl-pl) AppleWebKit/533.17.9 (KHTML, like Gecko) Version/5.0.2 Mobile/8F190 Safari/6533.18.5" "ysfine.com"
64.124.8.49 - - [20/Feb/2023:22:10:14 -0800] "GET /houses/house22.jpg HTTP/1.1" 200 112513 "-" "Mozilla/5.0 (Macintosh; Intel Mac OS X 10_15_7) AppleWebKit/537.36 (KHTML, like Gecko) Chrome/107.0.0.0 Safari/537.36" "ysfine.com"
51.222.253.1 - - [20/Feb/2023:22:10:26 -0800] "GET /home/wcartoon.html HTTP/1.1" 200 6127 "-" "Mozilla/5.0 (compatible; AhrefsBot/7.0; +http://ahrefs.com/robot/)" "ysfine.com"
51.222.253.4 - - [20/Feb/2023:22:10:27 -0800] "GET /feynman/feyn86b.jpg HTTP/1.1" 200 26190 "-" "Mozilla/5.0 (compatible; AhrefsBot/7.0; +http://ahrefs.com/robot/)" "ysfine.com"
51.222.253.11 - - [20/Feb/2023:22:10:27 -0800] "GET /dirac/diracqm33b.jpg HTTP/1.1" 200 44237 "-" "Mozilla/5.0 (compatible; AhrefsBot/7.0; +http://ahrefs.com/robot/)" "ysfine.com"
51.222.253.8 - - [20/Feb/2023:22:10:28 -0800] "GET /home/goodbad2.jpg HTTP/1.1" 200 17488 "-" "Mozilla/5.0 (compatible; AhrefsBot/7.0; +http://ahrefs.com/robot/)" "ysfine.com"
51.222.253.9 - - [20/Feb/2023:22:10:28 -0800] "GET /dirac/dirac88b.jpg HTTP/1.1" 200 23985 "-" "Mozilla/5.0 (compatible; AhrefsBot/7.0; +http://ahrefs.com/robot/)" "ysfine.com"
51.222.253.14 - - [20/Feb/2023:22:10:28 -0800] "GET /eink/eink24b.jpg HTTP/1.1" 200 42003 "-" "Mozilla/5.0 (compatible; AhrefsBot/7.0; +http://ahrefs.com/robot/)" "ysfine.com"
51.222.253.7 - - [20/Feb/2023:22:10:29 -0800] "GET /home/wheestat11b.jpg HTTP/1.1" 200 37827 "-" "Mozilla/5.0 (compatible; AhrefsBot/7.0; +http://ahrefs.com/robot/)" "ysfine.com"
51.222.253.17 - - [20/Feb/2023:22:10:29 -0800] "GET /people/wheemos2.jpg HTTP/1.1" 200 46241 "-" "Mozilla/5.0 (compatible; AhrefsBot/7.0; +http://ahrefs.com/robot/)" "ysfine.com"
64.124.8.56 - - [20/Feb/2023:22:11:27 -0800] "GET /sbk/1969party11.jpg HTTP/1.1" 200 171937 "-" "Mozilla/5.0 (Macintosh; Intel Mac OS X 10_15_7) AppleWebKit/537.36 (KHTML, like Gecko) Chrome/107.0.0.0 Safari/537.36" "www.ysfine.com"
52.167.144.62 - - [20/Feb/2023:22:12:29 -0800] "GET /bio/style/proschanie.html HTTP/1.1" 404 88 "-" "Mozilla/5.0 AppleWebKit/537.36 (KHTML, like Gecko; compatible; bingbot/2.0; +http://www.bing.com/bingbot.htm) Chrome/103.0.5060.134 Safari/537.36" "ysfine.com"
64.124.8.49 - - [20/Feb/2023:22:12:35 -0800] "GET /home/fotos/eintao22.jpg HTTP/1.1" 200 162143 "-" "Mozilla/5.0 (Macintosh; Intel Mac OS X 10_15_7) AppleWebKit/537.36 (KHTML, like Gecko) Chrome/107.0.0.0 Safari/537.36" "ysfine.com"
52.167.144.35 - - [20/Feb/2023:22:13:13 -0800] "GET /princeton/nphd.jpg HTTP/1.1" 200 92709 "-" "Mozilla/5.0 AppleWebKit/537.36 (KHTML, like Gecko; compatible; bingbot/2.0; +http://www.bing.com/bingbot.htm) Chrome/103.0.5060.134 Safari/537.36" "www.ysfine.com"
64.124.8.55 - - [20/Feb/2023:22:13:16 -0800] "GET /ffriends/amkor/amparis02.jpg HTTP/1.1" 200 179735 "-" "Mozilla/5.0 (Macintosh; Intel Mac OS X 10_15_7) AppleWebKit/537.36 (KHTML, like Gecko) Chrome/107.0.0.0 Safari/537.36" "ysfine.com"
75.213.47.49 - - [20/Feb/2023:22:13:21 -0800] "GET /feynman/feydirac.jpg HTTP/1.1" 200 98378 "https://www.reddit.com/" "Mozilla/5.0 (Macintosh; Intel Mac OS X 10_15_7) AppleWebKit/537.36 (KHTML, like Gecko) Chrome/109.0.0.0 Safari/537.36" "ysfine.com"
64.124.8.52 - - [20/Feb/2023:22:13:23 -0800] "GET /kobak/sonja.jpg HTTP/1.1" 200 46801 "-" "Mozilla/5.0 (Macintosh; Intel Mac OS X 10_15_7) AppleWebKit/537.36 (KHTML, like Gecko) Chrome/107.0.0.0 Safari/537.36" "www.ysfine.com"
207.46.13.220 - - [20/Feb/2023:22:13:25 -0800] "GET /bio/kobak/soraech.html HTTP/1.1" 404 88 "-" "Mozilla/5.0 AppleWebKit/537.36 (KHTML, like Gecko; compatible; bingbot/2.0; +http://www.bing.com/bingbot.htm) Chrome/103.0.5060.134 Safari/537.36" "ysfine.com"
52.167.144.35 - - [20/Feb/2023:22:13:44 -0800] "GET /bio/kobak/yskor.html HTTP/1.1" 404 88 "-" "Mozilla/5.0 AppleWebKit/537.36 (KHTML, like Gecko; compatible; bingbot/2.0; +http://www.bing.com/bingbot.htm) Chrome/103.0.5060.134 Safari/537.36" "ysfine.com"
51.222.253.11 - - [20/Feb/2023:22:14:12 -0800] "GET /feynman/feynart.html HTTP/1.1" 200 10277 "-" "Mozilla/5.0 (compatible; AhrefsBot/7.0; +http://ahrefs.com/robot/)" "ysfine.com"
157.55.39.206 - - [20/Feb/2023:22:14:16 -0800] "GET /world/hungary/hunstu25.jpg HTTP/1.1" 200 120771 "-" "Mozilla/5.0 AppleWebKit/537.36 (KHTML, like Gecko; compatible; bingbot/2.0; +http://www.bing.com/bingbot.htm) Chrome/103.0.5060.134 Safari/537.36" "www.ysfine.com"
51.222.253.11 - - [20/Feb/2023:22:14:17 -0800] "GET /world/latina/rio073b.jpg HTTP/1.1" 200 38788 "-" "Mozilla/5.0 (compatible; AhrefsBot/7.0; +http://ahrefs.com/robot/)" "ysfine.com"
51.222.253.11 - - [20/Feb/2023:22:14:17 -0800] "GET /world/scandi/vaxdoll33b.jpg HTTP/1.1" 200 56336 "-" "Mozilla/5.0 (compatible; AhrefsBot/7.0; +http://ahrefs.com/robot/)" "ysfine.com"
51.222.253.20 - - [20/Feb/2023:22:14:18 -0800] "GET /style/venus02b.jpg HTTP/1.1" 200 50071 "-" "Mozilla/5.0 (compatible; AhrefsBot/7.0; +http://ahrefs.com/robot/)" "ysfine.com"
51.222.253.16 - - [20/Feb/2023:22:14:19 -0800] "GET /beau/parthen03b.jpg HTTP/1.1" 404 88 "-" "Mozilla/5.0 (compatible; AhrefsBot/7.0; +http://ahrefs.com/robot/)" "ysfine.com"
51.222.253.18 - - [20/Feb/2023:22:14:20 -0800] "GET /world/russ/twosis22b.jpg HTTP/1.1" 200 23679 "-" "Mozilla/5.0 (compatible; AhrefsBot/7.0; +http://ahrefs.com/robot/)" "ysfine.com"
51.222.253.11 - - [20/Feb/2023:22:14:21 -0800] "GET /style/telefon11b.jpg HTTP/1.1" 200 42587 "-" "Mozilla/5.0 (compatible; AhrefsBot/7.0; +http://ahrefs.com/robot/)" "ysfine.com"
52.167.144.35 - - [20/Feb/2023:22:15:04 -0800] "GET /bio/style/artlove.html HTTP/1.1" 404 88 "-" "Mozilla/5.0 AppleWebKit/537.36 (KHTML, like Gecko; compatible; bingbot/2.0; +http://www.bing.com/bingbot.htm) Chrome/103.0.5060.134 Safari/537.36" "ysfine.com"
64.124.8.55 - - [20/Feb/2023:22:15:24 -0800] "GET /ysbio/style/mozfest.jpg HTTP/1.1" 404 88 "-" "Mozilla/5.0 (Macintosh; Intel Mac OS X 10_15_7) AppleWebKit/537.36 (KHTML, like Gecko) Chrome/107.0.0.0 Safari/537.36" "ysfine.com"
207.46.13.218 - - [20/Feb/2023:22:16:31 -0800] "GET /newyork/rocke04.jpg HTTP/1.1" 200 185435 "-" "Mozilla/5.0 AppleWebKit/537.36 (KHTML, like Gecko; compatible; bingbot/2.0; +http://www.bing.com/bingbot.htm) Chrome/103.0.5060.134 Safari/537.36" "ysfine.com"
213.180.203.108 - - [20/Feb/2023:22:17:37 -0800] "GET /einstein/einusa.html HTTP/1.1" 200 8153 "-" "Mozilla/5.0 (compatible; YandexBot/3.0; +http://yandex.com/bots)" "www.ysfine.com"
64.124.8.53 - - [20/Feb/2023:22:17:51 -0800] "GET /ysbio/home/wheestat11.jpg HTTP/1.1" 404 88 "-" "Mozilla/5.0 (Macintosh; Intel Mac OS X 10_15_7) AppleWebKit/537.36 (KHTML, like Gecko) Chrome/107.0.0.0 Safari/537.36" "www.ysfine.com"
54.36.148.48 - - [20/Feb/2023:22:18:09 -0800] "GET /robots.txt HTTP/1.1" 404 88 "-" "Mozilla/5.0 (compatible; AhrefsBot/7.0; +http://ahrefs.com/robot/)" "www.ysfine.com"
51.222.253.8 - - [20/Feb/2023:22:18:11 -0800] "GET /home/index.html HTTP/1.1" 200 142 "-" "Mozilla/5.0 (compatible; AhrefsBot/7.0; +http://ahrefs.com/robot/)" "www.ysfine.com"
64.124.8.29 - - [20/Feb/2023:22:18:25 -0800] "GET /ysbio/wdc/nga02.jpg HTTP/1.1" 404 88 "-" "Mozilla/5.0 (Macintosh; Intel Mac OS X 10_15_7) AppleWebKit/537.36 (KHTML, like Gecko) Chrome/107.0.0.0 Safari/537.36" "ysfine.com"
192.70.253.73 - - [20/Feb/2023:22:19:51 -0800] "GET /princeton/alexan22.jpg HTTP/1.1" 200 175436 "https://www.google.com/" "Mozilla/5.0 (Macintosh; Intel Mac OS X 10_15_7) AppleWebKit/537.36 (KHTML, like Gecko) Chrome/103.0.0.0 Safari/537.36" "ysfine.com"
207.46.13.218 - - [20/Feb/2023:22:19:52 -0800] "GET /einstein/places/einha23.jpg HTTP/1.1" 200 78773 "-" "Mozilla/5.0 AppleWebKit/537.36 (KHTML, like Gecko; compatible; bingbot/2.0; +http://www.bing.com/bingbot.htm) Chrome/103.0.5060.134 Safari/537.36" "ysfine.com"
52.167.144.35 - - [20/Feb/2023:22:20:04 -0800] "GET /folks/vietnam02.jpg HTTP/1.1" 200 93083 "-" "Mozilla/5.0 AppleWebKit/537.36 (KHTML, like Gecko; compatible; bingbot/2.0; +http://www.bing.com/bingbot.htm) Chrome/103.0.5060.134 Safari/537.36" "ysfine.com"
58.229.188.194 - - [20/Feb/2023:22:20:17 -0800] "GET /kobak/rhee10.jpg HTTP/1.1" 200 116308 "-" "python-requests/2.27.1" "ysfine.com"
64.124.8.29 - - [20/Feb/2023:22:20:31 -0800] "GET /ysbio/usca/norl/napo02.jpg HTTP/1.1" 404 88 "-" "Mozilla/5.0 (Macintosh; Intel Mac OS X 10_15_7) AppleWebKit/537.36 (KHTML, like Gecko) Chrome/107.0.0.0 Safari/537.36" "ysfine.com"
64.124.8.54 - - [20/Feb/2023:22:20:32 -0800] "GET /world/ital/rome174.jpg HTTP/1.1" 200 168321 "-" "Mozilla/5.0 (Macintosh; Intel Mac OS X 10_15_7) AppleWebKit/537.36 (KHTML, like Gecko) Chrome/107.0.0.0 Safari/537.36" "www.ysfine.com"
51.222.253.1 - - [20/Feb/2023:22:21:47 -0800] "GET /style/digilit.html HTTP/1.1" 200 8470 "-" "Mozilla/5.0 (compatible; AhrefsBot/7.0; +http://ahrefs.com/robot/)" "ysfine.com"
51.222.253.6 - - [20/Feb/2023:22:21:50 -0800] "GET /style/monet01c.jpg HTTP/1.1" 200 29457 "-" "Mozilla/5.0 (compatible; AhrefsBot/7.0; +http://ahrefs.com/robot/)" "ysfine.com"
51.222.253.5 - - [20/Feb/2023:22:21:50 -0800] "GET /home/tollwig11c.jpg HTTP/1.1" 200 28199 "-" "Mozilla/5.0 (compatible; AhrefsBot/7.0; +http://ahrefs.com/robot/)" "ysfine.com"
51.222.253.10 - - [20/Feb/2023:22:21:51 -0800] "GET /philo/hugom11c.jpg HTTP/1.1" 200 34783 "-" "Mozilla/5.0 (compatible; AhrefsBot/7.0; +http://ahrefs.com/robot/)" "ysfine.com"
51.222.253.11 - - [20/Feb/2023:22:21:51 -0800] "GET /feynman/fb44f.jpg HTTP/1.1" 200 54612 "-" "Mozilla/5.0 (compatible; AhrefsBot/7.0; +http://ahrefs.com/robot/)" "ysfine.com"
51.222.253.15 - - [20/Feb/2023:22:21:52 -0800] "GET /style/cameras/canonp66c.jpg HTTP/1.1" 200 23047 "-" "Mozilla/5.0 (compatible; AhrefsBot/7.0; +http://ahrefs.com/robot/)" "ysfine.com"
51.222.253.14 - - [20/Feb/2023:22:21:53 -0800] "GET /style/admire11c.jpg HTTP/1.1" 200 28335 "-" "Mozilla/5.0 (compatible; AhrefsBot/7.0; +http://ahrefs.com/robot/)" "ysfine.com"
51.222.253.5 - - [20/Feb/2023:22:21:53 -0800] "GET /world/china/china039c.jpg HTTP/1.1" 200 68726 "-" "Mozilla/5.0 (compatible; AhrefsBot/7.0; +http://ahrefs.com/robot/)" "ysfine.com"
51.222.253.15 - - [20/Feb/2023:22:21:54 -0800] "GET /usca/pitt/leigh01c.jpg HTTP/1.1" 200 42302 "-" "Mozilla/5.0 (compatible; AhrefsBot/7.0; +http://ahrefs.com/robot/)" "ysfine.com"
51.222.253.8 - - [20/Feb/2023:22:21:54 -0800] "GET /style/venus09c.jpg HTTP/1.1" 200 44617 "-" "Mozilla/5.0 (compatible; AhrefsBot/7.0; +http://ahrefs.com/robot/)" "ysfine.com"
51.222.253.9 - - [20/Feb/2023:22:21:55 -0800] "GET /feynman/jacdrum11c.jpg HTTP/1.1" 200 39178 "-" "Mozilla/5.0 (compatible; AhrefsBot/7.0; +http://ahrefs.com/robot/)" "ysfine.com"
51.222.253.11 - - [20/Feb/2023:22:21:55 -0800] "GET /philo/kant05c.jpg HTTP/1.1" 200 29443 "-" "Mozilla/5.0 (compatible; AhrefsBot/7.0; +http://ahrefs.com/robot/)" "ysfine.com"
51.222.253.6 - - [20/Feb/2023:22:21:55 -0800] "GET /style/admire22c.jpg HTTP/1.1" 200 27053 "-" "Mozilla/5.0 (compatible; AhrefsBot/7.0; +http://ahrefs.com/robot/)" "ysfine.com"
51.222.253.10 - - [20/Feb/2023:22:21:56 -0800] "GET /home/wheestat11c.jpg HTTP/1.1" 200 30170 "-" "Mozilla/5.0 (compatible; AhrefsBot/7.0; +http://ahrefs.com/robot/)" "ysfine.com"
51.222.253.11 - - [20/Feb/2023:22:21:56 -0800] "GET /dirac/dirackn33c.jpg HTTP/1.1" 200 50420 "-" "Mozilla/5.0 (compatible; AhrefsBot/7.0; +http://ahrefs.com/robot/)" "ysfine.com"
207.46.13.218 - - [20/Feb/2023:22:22:31 -0800] "GET /style/songs.html HTTP/1.1" 304 - "-" "Mozilla/5.0 AppleWebKit/537.36 (KHTML, like Gecko; compatible; bingbot/2.0; +http://www.bing.com/bingbot.htm) Chrome/103.0.5060.134 Safari/537.36" "www.ysfine.com"
64.124.8.29 - - [20/Feb/2023:22:23:31 -0800] "GET /world/china/shanghai025.jpg HTTP/1.1" 200 142494 "-" "Mozilla/5.0 (Macintosh; Intel Mac OS X 10_15_7) AppleWebKit/537.36 (KHTML, like Gecko) Chrome/107.0.0.0 Safari/537.36" "ysfine.com"
