51.222.253.20 - - [20/Feb/2023:20:00:12 -0800] "GET /maga/index.html HTTP/1.1" 200 6127 "-" "Mozilla/5.0 (compatible; AhrefsBot/7.0; +http://ahrefs.com/robot/)" "www.ysfine.com"
216.244.66.229 - - [20/Feb/2023:20:00:13 -0800] "GET /class54/class5470/total_data/sub_366.htm HTTP/1.1" 200 13777 "-" "Mozilla/5.0 (compatible; DotBot/1.2; +https://opensiteexplorer.org/dotbot; help@moz.com)" "ysfine.com"
14.139.108.62 - - [20/Feb/2023:20:00:14 -0800] "GET /maga/phys/weylbook11b.jpg HTTP/1.1" 200 25098 "-" "Mozilla/5.0 (Macintosh; Intel Mac OS X 10_11_3) AppleWebKit/537.36 (KHTML, like Gecko) Chrome/48.0.2564.116 Safari/537.36" "ysfine.com"
52.167.144.35 - - [20/Feb/2023:20:00:20 -0800] "GET /home/emc22a.jpg HTTP/1.1" 200 59239 "-" "Mozilla/5.0 AppleWebKit/537.36 (KHTML, like Gecko; compatible; bingbot/2.0; +http://www.bing.com/bingbot.htm) Chrome/103.0.5060.134 Safari/537.36" "ysfine.com"
40.77.167.211 - - [20/Feb/2023:20:00:24 -0800] "GET /kobak/wilsonpark.jpg HTTP/1.1" 200 80259 "-" "Mozilla/5.0 AppleWebKit/537.36 (KHTML, like Gecko; compatible; bingbot/2.0; +http://www.bing.com/bingbot.htm) Chrome/103.0.5060.134 Safari/537.36" "www.ysfine.com"
64.124.8.52 - - [20/Feb/2023:20:00:30 -0800] "GET /style/korart04.jpg HTTP/1.1" 200 92096 "http://ysfine.com/style/korart04.jpg" "Mozilla/5.0 (Macintosh; Intel Mac OS X 10_15_7) AppleWebKit/537.36 (KHTML, like Gecko) Chrome/107.0.0.0 Safari/537.36" "ysfine.com"
64.124.8.53 - - [20/Feb/2023:20:00:34 -0800] "GET /world/europe/praha031.jpg HTTP/1.1" 200 93385 "-" "Mozilla/5.0 (Macintosh; Intel Mac OS X 10_15_7) AppleWebKit/537.36 (KHTML, like Gecko) Chrome/107.0.0.0 Safari/537.36" "ysfine.com"
64.124.8.54 - - [20/Feb/2023:20:00:39 -0800] "GET /ysbio/folks/woods.jpg HTTP/1.1" 404 88 "-" "Mozilla/5.0 (Macintosh; Intel Mac OS X 10_15_7) AppleWebKit/537.36 (KHTML, like Gecko) Chrome/107.0.0.0 Safari/537.36" "ysfine.com"
216.244.66.229 - - [20/Feb/2023:20:00:42 -0800] "GET /people/maki.jpg HTTP/1.1" 200 69594 "-" "Mozilla/5.0 (compatible; DotBot/1.2; +https://opensiteexplorer.org/dotbot; help@moz.com)" "ysfine.com"
64.124.8.52 - - [20/Feb/2023:20:00:49 -0800] "GET /ysbio/kowar/tanks/m46a.jpg HTTP/1.1" 404 88 "-" "Mozilla/5.0 (Macintosh; Intel Mac OS X 10_15_7) AppleWebKit/537.36 (KHTML, like Gecko) Chrome/107.0.0.0 Safari/537.36" "ysfine.com"
17.241.75.205 - - [20/Feb/2023:20:00:53 -0800] "GET /world/poland/holycoper.html HTTP/1.1" 200 311 "-" "Mozilla/5.0 (Macintosh; Intel Mac OS X 10_15_5) AppleWebKit/605.1.15 (KHTML, like Gecko) Version/13.1.1 Safari/605.1.15 (Applebot/0.1; +http://www.apple.com/go/applebot)" "ysfine.com"
216.244.66.229 - - [20/Feb/2023:20:01:15 -0800] "GET /philo/marxlon02.jpg HTTP/1.1" 200 167564 "-" "Mozilla/5.0 (compatible; DotBot/1.2; +https://opensiteexplorer.org/dotbot; help@moz.com)" "ysfine.com"
216.244.66.229 - - [20/Feb/2023:20:01:43 -0800] "GET /sbk/1972pitt11.jpg HTTP/1.1" 200 153460 "-" "Mozilla/5.0 (compatible; DotBot/1.2; +https://opensiteexplorer.org/dotbot; help@moz.com)" "ysfine.com"
52.167.144.62 - - [20/Feb/2023:20:02:07 -0800] "GET /world/france/champ1232.jpg HTTP/1.1" 200 125463 "-" "Mozilla/5.0 AppleWebKit/537.36 (KHTML, like Gecko; compatible; bingbot/2.0; +http://www.bing.com/bingbot.htm) Chrome/103.0.5060.134 Safari/537.36" "www.ysfine.com"
220.181.108.167 - - [20/Feb/2023:20:02:13 -0800] "GET /maga/three.html HTTP/1.1" 200 7358 "-" "Mozilla/5.0 (compatible; Baiduspider/2.0; +http://www.baidu.com/search/spider.html)" "www.ysfine.com"
116.179.37.32 - - [20/Feb/2023:20:02:18 -0800] "GET /maga/phys/sine33b.jpg HTTP/1.1" 200 41036 "https://www.ysfine.com/maga/three.html" "Mozilla/5.0 (compatible; Baiduspider-render/2.0; +http://www.baidu.com/search/spider.html)" "www.ysfine.com"
116.179.37.171 - - [20/Feb/2023:20:02:18 -0800] "GET /maga/phys/standardmo11b.jpg HTTP/1.1" 200 52388 "https://www.ysfine.com/maga/three.html" "Mozilla/5.0 (compatible; Baiduspider-render/2.0; +http://www.baidu.com/search/spider.html)" "www.ysfine.com"
116.179.37.89 - - [20/Feb/2023:20:02:18 -0800] "GET /maga/phil/threewise01b.jpg HTTP/1.1" 200 51219 "https://www.ysfine.com/maga/three.html" "Mozilla/5.0 (compatible; Baiduspider-render/2.0; +http://www.baidu.com/search/spider.html)" "www.ysfine.com"
116.179.37.225 - - [20/Feb/2023:20:02:18 -0800] "GET /maga/phil/napoleon01b.jpg HTTP/1.1" 200 41896 "https://www.ysfine.com/maga/three.html" "Mozilla/5.0 (compatible; Baiduspider-render/2.0; +http://www.baidu.com/search/spider.html)" "www.ysfine.com"
116.179.37.136 - - [20/Feb/2023:20:02:18 -0800] "GET /maga/phil/trinity01b.jpg HTTP/1.1" 200 47695 "https://www.ysfine.com/maga/three.html" "Mozilla/5.0 (compatible; Baiduspider-render/2.0; +http://www.baidu.com/search/spider.html)" "www.ysfine.com"
116.179.37.124 - - [20/Feb/2023:20:02:19 -0800] "GET /maga/phys/sakata01b.jpg HTTP/1.1" 200 37754 "https://www.ysfine.com/maga/three.html" "Mozilla/5.0 (compatible; Baiduspider-render/2.0; +http://www.baidu.com/search/spider.html)" "www.ysfine.com"
116.179.37.8 - - [20/Feb/2023:20:02:19 -0800] "GET /wigner/neeman2.jpg HTTP/1.1" 200 36323 "https://www.ysfine.com/maga/three.html" "Mozilla/5.0 (compatible; Baiduspider-render/2.0; +http://www.baidu.com/search/spider.html)" "www.ysfine.com"
116.179.37.37 - - [20/Feb/2023:20:02:19 -0800] "GET /maga/phil/lincoln01b.jpg HTTP/1.1" 200 48329 "https://www.ysfine.com/maga/three.html" "Mozilla/5.0 (compatible; Baiduspider-render/2.0; +http://www.baidu.com/search/spider.html)" "www.ysfine.com"
116.179.37.94 - - [20/Feb/2023:20:02:19 -0800] "GET /maga/phil/sunyatsen11b.jpg HTTP/1.1" 200 36690 "https://www.ysfine.com/maga/three.html" "Mozilla/5.0 (compatible; Baiduspider-render/2.0; +http://www.baidu.com/search/spider.html)" "www.ysfine.com"
116.179.37.76 - - [20/Feb/2023:20:02:19 -0800] "GET /wigner/neum/fingers11b.jpg HTTP/1.1" 200 36014 "https://www.ysfine.com/maga/three.html" "Mozilla/5.0 (compatible; Baiduspider-render/2.0; +http://www.baidu.com/search/spider.html)" "www.ysfine.com"
116.179.37.100 - - [20/Feb/2023:20:02:19 -0800] "GET /maga/phil/warren11b.jpg HTTP/1.1" 200 34679 "https://www.ysfine.com/maga/three.html" "Mozilla/5.0 (compatible; Baiduspider-render/2.0; +http://www.baidu.com/search/spider.html)" "www.ysfine.com"
157.55.39.214 - - [20/Feb/2023:20:02:21 -0800] "GET /wigner/wigheis33.jpg HTTP/1.1" 200 120687 "-" "Mozilla/5.0 AppleWebKit/537.36 (KHTML, like Gecko; compatible; bingbot/2.0; +http://www.bing.com/bingbot.htm) Chrome/103.0.5060.134 Safari/537.36" "ysfine.com"
116.179.37.225 - - [20/Feb/2023:20:02:22 -0800] "GET /world/ital/uffizi21b.jpg HTTP/1.1" 200 64996 "https://www.ysfine.com/maga/three.html" "Mozilla/5.0 (compatible; Baiduspider-render/2.0; +http://www.baidu.com/search/spider.html)" "www.ysfine.com"
216.244.66.229 - - [20/Feb/2023:20:02:34 -0800] "GET /world/ital/lascala01b.jpg HTTP/1.1" 200 37072 "-" "Mozilla/5.0 (compatible; DotBot/1.2; +https://opensiteexplorer.org/dotbot; help@moz.com)" "ysfine.com"
216.244.66.229 - - [20/Feb/2023:20:03:05 -0800] "GET /world/ital/marcus2.jpg HTTP/1.1" 200 48083 "-" "Mozilla/5.0 (compatible; DotBot/1.2; +https://opensiteexplorer.org/dotbot; help@moz.com)" "ysfine.com"
216.244.66.229 - - [20/Feb/2023:20:03:34 -0800] "GET /world/ital/milanf01b.jpg HTTP/1.1" 200 51884 "-" "Mozilla/5.0 (compatible; DotBot/1.2; +https://opensiteexplorer.org/dotbot; help@moz.com)" "ysfine.com"
51.222.253.15 - - [20/Feb/2023:20:03:48 -0800] "GET /einstein/einfine.html HTTP/1.1" 200 554 "-" "Mozilla/5.0 (compatible; AhrefsBot/7.0; +http://ahrefs.com/robot/)" "ysfine.com"
17.241.227.183 - - [20/Feb/2023:20:03:48 -0800] "GET /robots.txt HTTP/1.1" 404 88 "-" "Mozilla/5.0 (Macintosh; Intel Mac OS X 10_15_5) AppleWebKit/605.1.15 (KHTML, like Gecko) Version/13.1.1 Safari/605.1.15 (Applebot/0.1; +http://www.apple.com/go/applebot)" "www.ysfine.com"
17.241.227.183 - - [20/Feb/2023:20:03:49 -0800] "GET /home/dashen.html HTTP/1.1" 200 4015 "-" "Mozilla/5.0 (Macintosh; Intel Mac OS X 10_15_5) AppleWebKit/605.1.15 (KHTML, like Gecko) Version/13.1.1 Safari/605.1.15 (Applebot/0.1; +http://www.apple.com/go/applebot)" "www.ysfine.com"
216.244.66.229 - - [20/Feb/2023:20:04:32 -0800] "GET /ffriends/chinfarm11.jpg HTTP/1.1" 200 51594 "-" "Mozilla/5.0 (compatible; DotBot/1.2; +https://opensiteexplorer.org/dotbot; help@moz.com)" "ysfine.com"
64.124.8.56 - - [20/Feb/2023:20:04:54 -0800] "GET /world/france/stras05.jpg HTTP/1.1" 200 153196 "-" "Mozilla/5.0 (Macintosh; Intel Mac OS X 10_15_7) AppleWebKit/537.36 (KHTML, like Gecko) Chrome/107.0.0.0 Safari/537.36" "www.ysfine.com"
216.244.66.229 - - [20/Feb/2023:20:04:58 -0800] "GET /world/germany/berlin008.jpg HTTP/1.1" 200 80991 "-" "Mozilla/5.0 (compatible; DotBot/1.2; +https://opensiteexplorer.org/dotbot; help@moz.com)" "ysfine.com"
52.167.144.35 - - [20/Feb/2023:20:05:10 -0800] "GET /people/wboys.jpg HTTP/1.1" 200 223265 "-" "Mozilla/5.0 AppleWebKit/537.36 (KHTML, like Gecko; compatible; bingbot/2.0; +http://www.bing.com/bingbot.htm) Chrome/103.0.5060.134 Safari/537.36" "ysfine.com"
216.244.66.229 - - [20/Feb/2023:20:05:22 -0800] "GET /world/ital/rome010.jpg HTTP/1.1" 200 92951 "-" "Mozilla/5.0 (compatible; DotBot/1.2; +https://opensiteexplorer.org/dotbot; help@moz.com)" "ysfine.com"
64.124.8.28 - - [20/Feb/2023:20:05:33 -0800] "GET /world/russ/minsk033.jpg HTTP/1.1" 200 70762 "-" "Mozilla/5.0 (Macintosh; Intel Mac OS X 10_15_7) AppleWebKit/537.36 (KHTML, like Gecko) Chrome/107.0.0.0 Safari/537.36" "www.ysfine.com"
52.167.144.35 - - [20/Feb/2023:20:06:13 -0800] "GET /bio/sbk/1950.html HTTP/1.1" 404 88 "-" "Mozilla/5.0 AppleWebKit/537.36 (KHTML, like Gecko; compatible; bingbot/2.0; +http://www.bing.com/bingbot.htm) Chrome/103.0.5060.134 Safari/537.36" "ysfine.com"
66.249.70.30 - - [20/Feb/2023:20:06:17 -0800] "GET /princeton/sabat33.jpg HTTP/1.1" 304 - "-" "Googlebot-Image/1.0" "ysfine.com"
64.124.8.55 - - [20/Feb/2023:20:07:26 -0800] "GET /world/germany/trier15.jpg HTTP/1.1" 200 287871 "-" "Mozilla/5.0 (Macintosh; Intel Mac OS X 10_15_7) AppleWebKit/537.36 (KHTML, like Gecko) Chrome/107.0.0.0 Safari/537.36" "www.ysfine.com"
51.222.253.9 - - [20/Feb/2023:20:07:31 -0800] "GET /class54/class5470/total_data/sub_8127.htm HTTP/1.1" 200 3507 "-" "Mozilla/5.0 (compatible; AhrefsBot/7.0; +http://ahrefs.com/robot/)" "ysfine.com"
51.222.253.17 - - [20/Feb/2023:20:07:32 -0800] "GET /class54/class5470/total_data/photo_img/8-127.jpg HTTP/1.1" 200 213517 "-" "Mozilla/5.0 (compatible; AhrefsBot/7.0; +http://ahrefs.com/robot/)" "ysfine.com"
51.222.253.13 - - [20/Feb/2023:20:07:33 -0800] "GET /class54/class5470/total_data/refer_img/8-143_f.jpg HTTP/1.1" 200 27601 "-" "Mozilla/5.0 (compatible; AhrefsBot/7.0; +http://ahrefs.com/robot/)" "ysfine.com"
51.222.253.8 - - [20/Feb/2023:20:07:33 -0800] "GET /class54/class5470/total_data/refer_img/8-135_f.jpg HTTP/1.1" 200 32090 "-" "Mozilla/5.0 (compatible; AhrefsBot/7.0; +http://ahrefs.com/robot/)" "ysfine.com"
51.222.253.1 - - [20/Feb/2023:20:07:34 -0800] "GET /class54/class5470/total_data/refer_img/8-134_f.jpg HTTP/1.1" 200 41464 "-" "Mozilla/5.0 (compatible; AhrefsBot/7.0; +http://ahrefs.com/robot/)" "ysfine.com"
51.222.253.16 - - [20/Feb/2023:20:07:34 -0800] "GET /class54/class5470/total_data/refer_img/8-130_f.jpg HTTP/1.1" 200 32738 "-" "Mozilla/5.0 (compatible; AhrefsBot/7.0; +http://ahrefs.com/robot/)" "ysfine.com"
51.222.253.1 - - [20/Feb/2023:20:07:35 -0800] "GET /class54/class5470/total_data/refer_img/8-156_f.jpg HTTP/1.1" 200 27294 "-" "Mozilla/5.0 (compatible; AhrefsBot/7.0; +http://ahrefs.com/robot/)" "ysfine.com"
51.222.253.20 - - [20/Feb/2023:20:07:36 -0800] "GET /class54/class5470/total_data/refer_img/8-131_f.jpg HTTP/1.1" 200 29575 "-" "Mozilla/5.0 (compatible; AhrefsBot/7.0; +http://ahrefs.com/robot/)" "ysfine.com"
51.222.253.19 - - [20/Feb/2023:20:07:37 -0800] "GET /class54/class5470/total_data/refer_img/8-128_f.jpg HTTP/1.1" 200 35208 "-" "Mozilla/5.0 (compatible; AhrefsBot/7.0; +http://ahrefs.com/robot/)" "ysfine.com"
51.222.253.13 - - [20/Feb/2023:20:07:37 -0800] "GET /class54/class5470/total_data/refer_img/8-153_f.jpg HTTP/1.1" 200 52466 "-" "Mozilla/5.0 (compatible; AhrefsBot/7.0; +http://ahrefs.com/robot/)" "ysfine.com"
51.222.253.18 - - [20/Feb/2023:20:07:38 -0800] "GET /class54/class5470/total_data/refer_img/8-127_f.jpg HTTP/1.1" 200 31061 "-" "Mozilla/5.0 (compatible; AhrefsBot/7.0; +http://ahrefs.com/robot/)" "ysfine.com"
51.222.253.16 - - [20/Feb/2023:20:07:39 -0800] "GET /class54/class5470/total_data/img/sm05_off.gif HTTP/1.1" 200 542 "-" "Mozilla/5.0 (compatible; AhrefsBot/7.0; +http://ahrefs.com/robot/)" "ysfine.com"
51.222.253.14 - - [20/Feb/2023:20:07:39 -0800] "GET /class54/class5470/total_data/refer_img/8-141_f.jpg HTTP/1.1" 200 36997 "-" "Mozilla/5.0 (compatible; AhrefsBot/7.0; +http://ahrefs.com/robot/)" "ysfine.com"
51.222.253.7 - - [20/Feb/2023:20:07:40 -0800] "GET /class54/class5470/total_data/refer_img/8-136_f.jpg HTTP/1.1" 200 44668 "-" "Mozilla/5.0 (compatible; AhrefsBot/7.0; +http://ahrefs.com/robot/)" "ysfine.com"
51.222.253.9 - - [20/Feb/2023:20:07:41 -0800] "GET /class54/class5470/total_data/refer_img/8-148_f.jpg HTTP/1.1" 200 35503 "-" "Mozilla/5.0 (compatible; AhrefsBot/7.0; +http://ahrefs.com/robot/)" "ysfine.com"
51.222.253.11 - - [20/Feb/2023:20:07:42 -0800] "GET /class54/class5470/total_data/refer_img/8-133_f.jpg HTTP/1.1" 200 33723 "-" "Mozilla/5.0 (compatible; AhrefsBot/7.0; +http://ahrefs.com/robot/)" "ysfine.com"
51.222.253.3 - - [20/Feb/2023:20:07:42 -0800] "GET /class54/class5470/total_data/refer_img/8-146_f.jpg HTTP/1.1" 200 32159 "-" "Mozilla/5.0 (compatible; AhrefsBot/7.0; +http://ahrefs.com/robot/)" "ysfine.com"
51.222.253.1 - - [20/Feb/2023:20:07:43 -0800] "GET /class54/class5470/total_data/refer_img/8-151_f.jpg HTTP/1.1" 200 32051 "-" "Mozilla/5.0 (compatible; AhrefsBot/7.0; +http://ahrefs.com/robot/)" "ysfine.com"
51.222.253.17 - - [20/Feb/2023:20:07:44 -0800] "GET /class54/class5470/total_data/refer_img/8-155_f.jpg HTTP/1.1" 200 24415 "-" "Mozilla/5.0 (compatible; AhrefsBot/7.0; +http://ahrefs.com/robot/)" "ysfine.com"
51.222.253.7 - - [20/Feb/2023:20:07:44 -0800] "GET /class54/class5470/total_data/refer_img/8-138_f.jpg HTTP/1.1" 200 39068 "-" "Mozilla/5.0 (compatible; AhrefsBot/7.0; +http://ahrefs.com/robot/)" "ysfine.com"
51.222.253.7 - - [20/Feb/2023:20:07:44 -0800] "GET /class54/class5470/total_data/refer_img/8-132_f.jpg HTTP/1.1" 200 32792 "-" "Mozilla/5.0 (compatible; AhrefsBot/7.0; +http://ahrefs.com/robot/)" "ysfine.com"
51.222.253.8 - - [20/Feb/2023:20:07:45 -0800] "GET /class54/class5470/total_data/refer_img/8-154_f.jpg HTTP/1.1" 200 35430 "-" "Mozilla/5.0 (compatible; AhrefsBot/7.0; +http://ahrefs.com/robot/)" "ysfine.com"
51.222.253.7 - - [20/Feb/2023:20:07:45 -0800] "GET /class54/class5470/total_data/refer_img/8-142_f.jpg HTTP/1.1" 200 36997 "-" "Mozilla/5.0 (compatible; AhrefsBot/7.0; +http://ahrefs.com/robot/)" "ysfine.com"
51.222.253.19 - - [20/Feb/2023:20:07:46 -0800] "GET /class54/class5470/total_data/refer_img/8-144_f.jpg HTTP/1.1" 200 24758 "-" "Mozilla/5.0 (compatible; AhrefsBot/7.0; +http://ahrefs.com/robot/)" "ysfine.com"
51.222.253.6 - - [20/Feb/2023:20:07:46 -0800] "GET /class54/class5470/total_data/refer_img/8-152_f.jpg HTTP/1.1" 200 36992 "-" "Mozilla/5.0 (compatible; AhrefsBot/7.0; +http://ahrefs.com/robot/)" "ysfine.com"
51.222.253.18 - - [20/Feb/2023:20:07:46 -0800] "GET /class54/class5470/total_data/refer_img/8-129_f.jpg HTTP/1.1" 200 31149 "-" "Mozilla/5.0 (compatible; AhrefsBot/7.0; +http://ahrefs.com/robot/)" "ysfine.com"
51.222.253.8 - - [20/Feb/2023:20:07:47 -0800] "GET /class54/class5470/total_data/refer_img/8-150_f.jpg HTTP/1.1" 200 35955 "-" "Mozilla/5.0 (compatible; AhrefsBot/7.0; +http://ahrefs.com/robot/)" "ysfine.com"
51.222.253.18 - - [20/Feb/2023:20:07:47 -0800] "GET /class54/class5470/total_data/refer_img/8-139_f.jpg HTTP/1.1" 200 41142 "-" "Mozilla/5.0 (compatible; AhrefsBot/7.0; +http://ahrefs.com/robot/)" "ysfine.com"
51.222.253.1 - - [20/Feb/2023:20:07:48 -0800] "GET /class54/class5470/total_data/refer_img/8-140_f.jpg HTTP/1.1" 200 37825 "-" "Mozilla/5.0 (compatible; AhrefsBot/7.0; +http://ahrefs.com/robot/)" "ysfine.com"
51.222.253.20 - - [20/Feb/2023:20:07:48 -0800] "GET /class54/class5470/total_data/refer_img/8-145_f.jpg HTTP/1.1" 200 30304 "-" "Mozilla/5.0 (compatible; AhrefsBot/7.0; +http://ahrefs.com/robot/)" "ysfine.com"
51.222.253.14 - - [20/Feb/2023:20:07:48 -0800] "GET /class54/class5470/total_data/refer_img/8-157_f.jpg HTTP/1.1" 200 34453 "-" "Mozilla/5.0 (compatible; AhrefsBot/7.0; +http://ahrefs.com/robot/)" "ysfine.com"
51.222.253.13 - - [20/Feb/2023:20:07:49 -0800] "GET /class54/class5470/total_data/refer_img/8-149_f.jpg HTTP/1.1" 200 30189 "-" "Mozilla/5.0 (compatible; AhrefsBot/7.0; +http://ahrefs.com/robot/)" "ysfine.com"
52.167.144.62 - - [20/Feb/2023:20:07:57 -0800] "GET /world/russ/volga15b.jpg HTTP/1.1" 200 23055 "-" "Mozilla/5.0 AppleWebKit/537.36 (KHTML, like Gecko; compatible; bingbot/2.0; +http://www.bing.com/bingbot.htm) Chrome/103.0.5060.134 Safari/537.36" "ysfine.com"
216.244.66.229 - - [20/Feb/2023:20:08:19 -0800] "GET /ffriends/aline/icelandair05.jpg HTTP/1.1" 200 137699 "-" "Mozilla/5.0 (compatible; DotBot/1.2; +https://opensiteexplorer.org/dotbot; help@moz.com)" "ysfine.com"
64.124.8.57 - - [20/Feb/2023:20:08:51 -0800] "GET /world/france/champ9604.jpg HTTP/1.1" 200 102875 "-" "Mozilla/5.0 (Macintosh; Intel Mac OS X 10_15_7) AppleWebKit/537.36 (KHTML, like Gecko) Chrome/107.0.0.0 Safari/537.36" "www.ysfine.com"
194.26.192.114 - - [20/Feb/2023:20:09:08 -0800] "POST / HTTP/1.1" 200 5295 "-" "Mozilla/5.0 (Macintosh; Intel Mac OS X 10_10_3) AppleWebKit/537.36 (KHTML, like Gecko) Chrome/45.0.2454.85 Safari/537.36" "ysfine.com"
64.124.8.53 - - [20/Feb/2023:20:09:15 -0800] "GET /wdc/kobell09.jpg HTTP/1.1" 200 124249 "-" "Mozilla/5.0 (Macintosh; Intel Mac OS X 10_15_7) AppleWebKit/537.36 (KHTML, like Gecko) Chrome/107.0.0.0 Safari/537.36" "www.ysfine.com"
54.205.150.74 - - [20/Feb/2023:20:09:23 -0800] "GET /sitemap.xml HTTP/1.1" 304 - "https://www.google.com/" "Mozilla/5.0 (Macintosh; Intel Mac OS X 10_14_6) AppleWebKit/537.36 (KHTML, like Gecko) Chrome/80.0.3987.116 Safari/537.36" "www.ysfine.com"
69.194.143.140 - - [20/Feb/2023:20:09:33 -0800] "GET /ads.txt HTTP/1.1" 404 88 "-" "Mozilla/5.0 (Macintosh; Intel Mac OS X 10_15_7) AppleWebKit/537.36 (KHTML, like Gecko) Chrome/107.0.0.0 Safari/537.36" "ysfine.com"
69.194.143.140 - - [20/Feb/2023:20:09:33 -0800] "GET /ads.txt HTTP/1.1" 404 88 "-" "Mozilla/5.0 (Macintosh; Intel Mac OS X 10_15_7) AppleWebKit/537.36 (KHTML, like Gecko) Chrome/107.0.0.0 Safari/537.36" "ysfine.com"
40.77.167.211 - - [20/Feb/2023:20:09:33 -0800] "GET /world/balkan/istan033.jpg HTTP/1.1" 200 161512 "-" "Mozilla/5.0 AppleWebKit/537.36 (KHTML, like Gecko; compatible; bingbot/2.0; +http://www.bing.com/bingbot.htm) Chrome/103.0.5060.134 Safari/537.36" "ysfine.com"
64.124.8.50 - - [20/Feb/2023:20:10:12 -0800] "GET /world/russ/saratov02.jpg HTTP/1.1" 200 198202 "-" "Mozilla/5.0 (Macintosh; Intel Mac OS X 10_15_7) AppleWebKit/537.36 (KHTML, like Gecko) Chrome/107.0.0.0 Safari/537.36" "ysfine.com"
119.67.36.7 - - [20/Feb/2023:20:10:29 -0800] "GET /newyork/colum05.jpg HTTP/1.1" 200 116037 "https://m.blog.naver.com/kiceany/221522272401" "Mozilla/5.0 (Linux; Android 13; SM-S908N Build/TP1A.220624.014; wv) AppleWebKit/537.36 (KHTML, like Gecko) Version/4.0 Chrome/102.0.5005.189 Whale/1.0.0.0 Crosswalk/27.102.0.11 Mobile Safari/537.36 NAVER(inapp; search; 1010; 11.20.2)" "ysfine.com"
52.167.144.35 - - [20/Feb/2023:20:10:51 -0800] "GET /einstein/newtmax02.jpg HTTP/1.1" 200 55929 "-" "Mozilla/5.0 AppleWebKit/537.36 (KHTML, like Gecko; compatible; bingbot/2.0; +http://www.bing.com/bingbot.htm) Chrome/103.0.5060.134 Safari/537.36" "ysfine.com"
51.222.253.5 - - [20/Feb/2023:20:11:21 -0800] "GET /kobak/kumipo.html HTTP/1.1" 200 1149 "-" "Mozilla/5.0 (compatible; AhrefsBot/7.0; +http://ahrefs.com/robot/)" "ysfine.com"
51.222.253.12 - - [20/Feb/2023:20:11:23 -0800] "GET /kobak/sorae/kumipo01a.jpg HTTP/1.1" 200 106473 "-" "Mozilla/5.0 (compatible; AhrefsBot/7.0; +http://ahrefs.com/robot/)" "ysfine.com"
66.249.70.4 - - [20/Feb/2023:20:11:24 -0800] "GET /princeton/hyatt66b.jpg HTTP/1.1" 304 - "-" "Googlebot-Image/1.0" "ysfine.com"
172.56.185.184 - - [20/Feb/2023:20:11:42 -0800] "GET /kobak/sl628.jpg HTTP/1.1" 200 225100 "https://images.search.yahoo.com/search/images;_ylt=Awr4.shzRPRjNTU.cF1XNyoA;_ylu=Y29sbwNncTEEcG9zAzEEdnRpZAMEc2VjA3BpdnM-?p=aftermath+of+the+battle+of+incheon&fr2=piv-web&type=E211US1485G0&fr=mcafee" "Mozilla/5.0 (Windows NT 10.0; Win64; x64) AppleWebKit/537.36 (KHTML, like Gecko) Chrome/109.0.0.0 Safari/537.36" "ysfine.com"
52.167.144.35 - - [20/Feb/2023:20:11:52 -0800] "GET /bio/kobak/yskor.html HTTP/1.1" 404 88 "-" "Mozilla/5.0 AppleWebKit/537.36 (KHTML, like Gecko; compatible; bingbot/2.0; +http://www.bing.com/bingbot.htm) Chrome/103.0.5060.134 Safari/537.36" "ysfine.com"
52.167.144.62 - - [20/Feb/2023:20:12:08 -0800] "GET /bio/style/proschanie.html HTTP/1.1" 404 88 "-" "Mozilla/5.0 AppleWebKit/537.36 (KHTML, like Gecko; compatible; bingbot/2.0; +http://www.bing.com/bingbot.htm) Chrome/103.0.5060.134 Safari/537.36" "ysfine.com"
52.167.144.35 - - [20/Feb/2023:20:12:42 -0800] "GET /sbk/2008viln11.jpg HTTP/1.1" 200 123883 "-" "Mozilla/5.0 AppleWebKit/537.36 (KHTML, like Gecko; compatible; bingbot/2.0; +http://www.bing.com/bingbot.htm) Chrome/103.0.5060.134 Safari/537.36" "ysfine.com"
64.124.8.50 - - [20/Feb/2023:20:12:43 -0800] "GET /style/music/buda125.jpg HTTP/1.1" 200 171178 "-" "Mozilla/5.0 (Macintosh; Intel Mac OS X 10_15_7) AppleWebKit/537.36 (KHTML, like Gecko) Chrome/107.0.0.0 Safari/537.36" "www.ysfine.com"
52.167.144.62 - - [20/Feb/2023:20:12:48 -0800] "GET /world/france/stras01.jpg HTTP/1.1" 200 136811 "-" "Mozilla/5.0 AppleWebKit/537.36 (KHTML, like Gecko; compatible; bingbot/2.0; +http://www.bing.com/bingbot.htm) Chrome/103.0.5060.134 Safari/537.36" "ysfine.com"
52.167.144.35 - - [20/Feb/2023:20:12:52 -0800] "GET /bio/style/artlove.html HTTP/1.1" 404 88 "-" "Mozilla/5.0 AppleWebKit/537.36 (KHTML, like Gecko; compatible; bingbot/2.0; +http://www.bing.com/bingbot.htm) Chrome/103.0.5060.134 Safari/537.36" "ysfine.com"
64.124.8.53 - - [20/Feb/2023:20:13:26 -0800] "GET /newyork/colum18.jpg HTTP/1.1" 200 108948 "-" "Mozilla/5.0 (Macintosh; Intel Mac OS X 10_15_7) AppleWebKit/537.36 (KHTML, like Gecko) Chrome/107.0.0.0 Safari/537.36" "ysfine.com"
207.46.13.220 - - [20/Feb/2023:20:14:15 -0800] "GET /bio/kobak/soraech.html HTTP/1.1" 404 88 "-" "Mozilla/5.0 AppleWebKit/537.36 (KHTML, like Gecko; compatible; bingbot/2.0; +http://www.bing.com/bingbot.htm) Chrome/103.0.5060.134 Safari/537.36" "ysfine.com"
207.46.13.220 - - [20/Feb/2023:20:14:16 -0800] "GET /maga/phil/kanthegel55.jpg HTTP/1.1" 200 163134 "-" "Mozilla/5.0 AppleWebKit/537.36 (KHTML, like Gecko; compatible; bingbot/2.0; +http://www.bing.com/bingbot.htm) Chrome/103.0.5060.134 Safari/537.36" "ysfine.com"
52.167.144.35 - - [20/Feb/2023:20:14:33 -0800] "GET /usca/pitt/palom01.jpg HTTP/1.1" 200 97826 "-" "Mozilla/5.0 AppleWebKit/537.36 (KHTML, like Gecko; compatible; bingbot/2.0; +http://www.bing.com/bingbot.htm) Chrome/103.0.5060.134 Safari/537.36" "www.ysfine.com"
51.222.253.19 - - [20/Feb/2023:20:15:09 -0800] "GET /kobak/yskor.html HTTP/1.1" 200 9943 "-" "Mozilla/5.0 (compatible; AhrefsBot/7.0; +http://ahrefs.com/robot/)" "ysfine.com"
51.222.253.6 - - [20/Feb/2023:20:15:12 -0800] "GET /world/ital/milanf01c.jpg HTTP/1.1" 200 37826 "-" "Mozilla/5.0 (compatible; AhrefsBot/7.0; +http://ahrefs.com/robot/)" "ysfine.com"
51.222.253.20 - - [20/Feb/2023:20:15:13 -0800] "GET /kobak/sorae01c.jpg HTTP/1.1" 200 23295 "-" "Mozilla/5.0 (compatible; AhrefsBot/7.0; +http://ahrefs.com/robot/)" "ysfine.com"
51.222.253.17 - - [20/Feb/2023:20:15:14 -0800] "GET /kobak/samsung11c.jpg HTTP/1.1" 200 34928 "-" "Mozilla/5.0 (compatible; AhrefsBot/7.0; +http://ahrefs.com/robot/)" "ysfine.com"
51.222.253.18 - - [20/Feb/2023:20:15:15 -0800] "GET /world/russ/roskei90c.jpg HTTP/1.1" 200 40535 "-" "Mozilla/5.0 (compatible; AhrefsBot/7.0; +http://ahrefs.com/robot/)" "ysfine.com"
51.222.253.4 - - [20/Feb/2023:20:15:16 -0800] "GET /kobak/taylor450.jpg HTTP/1.1" 200 70219 "-" "Mozilla/5.0 (compatible; AhrefsBot/7.0; +http://ahrefs.com/robot/)" "ysfine.com"
51.222.253.3 - - [20/Feb/2023:20:15:17 -0800] "GET /world/russ/roskei10c.jpg HTTP/1.1" 200 33216 "-" "Mozilla/5.0 (compatible; AhrefsBot/7.0; +http://ahrefs.com/robot/)" "ysfine.com"
51.222.253.16 - - [20/Feb/2023:20:15:17 -0800] "GET /kobak/yoonhm11c.jpg HTTP/1.1" 200 34967 "-" "Mozilla/5.0 (compatible; AhrefsBot/7.0; +http://ahrefs.com/robot/)" "ysfine.com"
51.222.253.18 - - [20/Feb/2023:20:15:18 -0800] "GET /kobak/sl5017c.jpg HTTP/1.1" 200 74057 "-" "Mozilla/5.0 (compatible; AhrefsBot/7.0; +http://ahrefs.com/robot/)" "ysfine.com"
51.222.253.20 - - [20/Feb/2023:20:15:19 -0800] "GET /kobak/kostu16c.jpg HTTP/1.1" 200 40782 "-" "Mozilla/5.0 (compatible; AhrefsBot/7.0; +http://ahrefs.com/robot/)" "ysfine.com"
51.222.253.17 - - [20/Feb/2023:20:15:19 -0800] "GET /kobak/kostu05c.jpg HTTP/1.1" 200 29563 "-" "Mozilla/5.0 (compatible; AhrefsBot/7.0; +http://ahrefs.com/robot/)" "ysfine.com"
51.222.253.16 - - [20/Feb/2023:20:15:19 -0800] "GET /kobak/abstrart11c.jpg HTTP/1.1" 200 47224 "-" "Mozilla/5.0 (compatible; AhrefsBot/7.0; +http://ahrefs.com/robot/)" "ysfine.com"
51.222.253.2 - - [20/Feb/2023:20:15:20 -0800] "GET /kobak/kwk11c.jpg HTTP/1.1" 200 46641 "-" "Mozilla/5.0 (compatible; AhrefsBot/7.0; +http://ahrefs.com/robot/)" "ysfine.com"
51.222.253.17 - - [20/Feb/2023:20:15:20 -0800] "GET /world/ital/aquinas02c.jpg HTTP/1.1" 200 48806 "-" "Mozilla/5.0 (compatible; AhrefsBot/7.0; +http://ahrefs.com/robot/)" "ysfine.com"
51.222.253.8 - - [20/Feb/2023:20:15:21 -0800] "GET /kobak/sorae/kumipo01c.jpg HTTP/1.1" 200 28588 "-" "Mozilla/5.0 (compatible; AhrefsBot/7.0; +http://ahrefs.com/robot/)" "ysfine.com"
51.222.253.16 - - [20/Feb/2023:20:15:21 -0800] "GET /kobak/nicodem22c.jpg HTTP/1.1" 200 38853 "-" "Mozilla/5.0 (compatible; AhrefsBot/7.0; +http://ahrefs.com/robot/)" "ysfine.com"
207.46.13.220 - - [20/Feb/2023:20:15:25 -0800] "GET /world/latina/rio018.jpg HTTP/1.1" 200 110548 "-" "Mozilla/5.0 AppleWebKit/537.36 (KHTML, like Gecko; compatible; bingbot/2.0; +http://www.bing.com/bingbot.htm) Chrome/103.0.5060.134 Safari/537.36" "www.ysfine.com"
64.124.8.28 - - [20/Feb/2023:20:15:45 -0800] "GET /ysbio/world/baltic/kalin27.jpg HTTP/1.1" 404 88 "-" "Mozilla/5.0 (Macintosh; Intel Mac OS X 10_15_7) AppleWebKit/537.36 (KHTML, like Gecko) Chrome/107.0.0.0 Safari/537.36" "www.ysfine.com"
64.124.8.49 - - [20/Feb/2023:20:16:07 -0800] "GET /feynman/fb5.jpg HTTP/1.1" 200 33961 "-" "Mozilla/5.0 (Macintosh; Intel Mac OS X 10_15_7) AppleWebKit/537.36 (KHTML, like Gecko) Chrome/107.0.0.0 Safari/537.36" "ysfine.com"
64.124.8.29 - - [20/Feb/2023:20:16:08 -0800] "GET /ysbio/world/hungary/buda014.jpg HTTP/1.1" 404 88 "-" "Mozilla/5.0 (Macintosh; Intel Mac OS X 10_15_7) AppleWebKit/537.36 (KHTML, like Gecko) Chrome/107.0.0.0 Safari/537.36" "ysfine.com"
64.124.8.52 - - [20/Feb/2023:20:16:19 -0800] "GET /world/germany/berlin051.jpg HTTP/1.1" 200 104542 "-" "Mozilla/5.0 (Macintosh; Intel Mac OS X 10_15_7) AppleWebKit/537.36 (KHTML, like Gecko) Chrome/107.0.0.0 Safari/537.36" "www.ysfine.com"
64.124.8.56 - - [20/Feb/2023:20:16:55 -0800] "GET /wdc/whxmas/whxmas18.jpg HTTP/1.1" 200 121522 "-" "Mozilla/5.0 (Macintosh; Intel Mac OS X 10_15_7) AppleWebKit/537.36 (KHTML, like Gecko) Chrome/107.0.0.0 Safari/537.36" "www.ysfine.com"
216.244.66.229 - - [20/Feb/2023:20:17:14 -0800] "GET /robots.txt HTTP/1.1" 404 73 "-" "Mozilla/5.0 (compatible; DotBot/1.2; +https://opensiteexplorer.org/dotbot; help@moz.com)" "ysfine.com"
207.46.13.207 - - [20/Feb/2023:20:18:45 -0800] "GET /feynman/standardmo01.jpg HTTP/1.1" 200 94736 "-" "Mozilla/5.0 AppleWebKit/537.36 (KHTML, like Gecko; compatible; bingbot/2.0; +http://www.bing.com/bingbot.htm) Chrome/103.0.5060.134 Safari/537.36" "www.ysfine.com"
51.222.253.16 - - [20/Feb/2023:20:18:47 -0800] "GET /world/brit/etonharrow.html HTTP/1.1" 200 4544 "-" "Mozilla/5.0 (compatible; AhrefsBot/7.0; +http://ahrefs.com/robot/)" "ysfine.com"
51.222.253.7 - - [20/Feb/2023:20:18:50 -0800] "GET /world/brit/nehru11b.jpg HTTP/1.1" 200 43052 "-" "Mozilla/5.0 (compatible; AhrefsBot/7.0; +http://ahrefs.com/robot/)" "ysfine.com"
51.222.253.7 - - [20/Feb/2023:20:18:51 -0800] "GET /world/brit/harrow12b.jpg HTTP/1.1" 200 45104 "-" "Mozilla/5.0 (compatible; AhrefsBot/7.0; +http://ahrefs.com/robot/)" "ysfine.com"
51.222.253.18 - - [20/Feb/2023:20:18:51 -0800] "GET /world/brit/eton03b.jpg HTTP/1.1" 200 45141 "-" "Mozilla/5.0 (compatible; AhrefsBot/7.0; +http://ahrefs.com/robot/)" "ysfine.com"
51.222.253.3 - - [20/Feb/2023:20:18:53 -0800] "GET /world/brit/winston01b.jpg HTTP/1.1" 200 38436 "-" "Mozilla/5.0 (compatible; AhrefsBot/7.0; +http://ahrefs.com/robot/)" "ysfine.com"
51.222.253.18 - - [20/Feb/2023:20:18:53 -0800] "GET /world/brit/eton01b.jpg HTTP/1.1" 200 47771 "-" "Mozilla/5.0 (compatible; AhrefsBot/7.0; +http://ahrefs.com/robot/)" "ysfine.com"
51.222.253.10 - - [20/Feb/2023:20:18:54 -0800] "GET /world/brit/harrow11b.jpg HTTP/1.1" 200 42533 "-" "Mozilla/5.0 (compatible; AhrefsBot/7.0; +http://ahrefs.com/robot/)" "ysfine.com"
51.222.253.12 - - [20/Feb/2023:20:18:54 -0800] "GET /world/brit/windsor02b.jpg HTTP/1.1" 200 40724 "-" "Mozilla/5.0 (compatible; AhrefsBot/7.0; +http://ahrefs.com/robot/)" "ysfine.com"
51.222.253.7 - - [20/Feb/2023:20:18:55 -0800] "GET /world/brit/eton02b.jpg HTTP/1.1" 200 39432 "-" "Mozilla/5.0 (compatible; AhrefsBot/7.0; +http://ahrefs.com/robot/)" "ysfine.com"
51.222.253.19 - - [20/Feb/2023:20:18:56 -0800] "GET /world/brit/harrow04b.jpg HTTP/1.1" 200 48004 "-" "Mozilla/5.0 (compatible; AhrefsBot/7.0; +http://ahrefs.com/robot/)" "ysfine.com"
51.222.253.7 - - [20/Feb/2023:20:18:57 -0800] "GET /world/brit/harrow09b.jpg HTTP/1.1" 200 48797 "-" "Mozilla/5.0 (compatible; AhrefsBot/7.0; +http://ahrefs.com/robot/)" "ysfine.com"
51.222.253.16 - - [20/Feb/2023:20:18:57 -0800] "GET /world/brit/eton07b.jpg HTTP/1.1" 200 36566 "-" "Mozilla/5.0 (compatible; AhrefsBot/7.0; +http://ahrefs.com/robot/)" "ysfine.com"
64.124.8.50 - - [20/Feb/2023:20:19:00 -0800] "GET /world/brit/cam12.jpg HTTP/1.1" 200 130855 "-" "Mozilla/5.0 (Macintosh; Intel Mac OS X 10_15_7) AppleWebKit/537.36 (KHTML, like Gecko) Chrome/107.0.0.0 Safari/537.36" "ysfine.com"
64.124.8.55 - - [20/Feb/2023:20:19:15 -0800] "GET /ysbio/princeton/steps.jpg HTTP/1.1" 404 88 "-" "Mozilla/5.0 (Macintosh; Intel Mac OS X 10_15_7) AppleWebKit/537.36 (KHTML, like Gecko) Chrome/107.0.0.0 Safari/537.36" "ysfine.com"
64.124.8.56 - - [20/Feb/2023:20:19:21 -0800] "GET /ysbio/wdc/vernon04.jpg HTTP/1.1" 404 88 "-" "Mozilla/5.0 (Macintosh; Intel Mac OS X 10_15_7) AppleWebKit/537.36 (KHTML, like Gecko) Chrome/107.0.0.0 Safari/537.36" "www.ysfine.com"
64.124.8.55 - - [20/Feb/2023:20:19:39 -0800] "GET /world/germany/hofbrau22.jpg HTTP/1.1" 200 88391 "-" "Mozilla/5.0 (Macintosh; Intel Mac OS X 10_15_7) AppleWebKit/537.36 (KHTML, like Gecko) Chrome/107.0.0.0 Safari/537.36" "www.ysfine.com"
71.178.208.102 - - [20/Feb/2023:20:19:56 -0800] "GET /ys11/index.html HTTP/1.1" 304 - "https://www.bing.com/" "Mozilla/5.0 (Windows NT 10.0; Win64; x64; rv:109.0) Gecko/20100101 Firefox/110.0" "www.ysfine.com"
64.124.8.49 - - [20/Feb/2023:20:21:23 -0800] "GET /ysbio/world/russ/kazan051.jpg HTTP/1.1" 404 88 "-" "Mozilla/5.0 (Macintosh; Intel Mac OS X 10_15_7) AppleWebKit/537.36 (KHTML, like Gecko) Chrome/107.0.0.0 Safari/537.36" "www.ysfine.com"
64.124.8.56 - - [20/Feb/2023:20:21:27 -0800] "GET /world/france/montpar07.jpg HTTP/1.1" 200 144729 "-" "Mozilla/5.0 (Macintosh; Intel Mac OS X 10_15_7) AppleWebKit/537.36 (KHTML, like Gecko) Chrome/107.0.0.0 Safari/537.36" "www.ysfine.com"
64.124.8.49 - - [20/Feb/2023:20:21:54 -0800] "GET /ysbio/world/poland/polstu13.jpg HTTP/1.1" 404 88 "-" "Mozilla/5.0 (Macintosh; Intel Mac OS X 10_15_7) AppleWebKit/537.36 (KHTML, like Gecko) Chrome/107.0.0.0 Safari/537.36" "ysfine.com"
51.222.253.11 - - [20/Feb/2023:20:22:25 -0800] "GET /style/proschanie.html HTTP/1.1" 200 4801 "-" "Mozilla/5.0 (compatible; AhrefsBot/7.0; +http://ahrefs.com/robot/)" "ysfine.com"
40.77.167.211 - - [20/Feb/2023:20:22:28 -0800] "GET /bio/wigner/e(2).html HTTP/1.1" 404 88 "-" "Mozilla/5.0 AppleWebKit/537.36 (KHTML, like Gecko; compatible; bingbot/2.0; +http://www.bing.com/bingbot.htm) Chrome/103.0.5060.134 Safari/537.36" "ysfine.com"
51.222.253.4 - - [20/Feb/2023:20:22:29 -0800] "GET /style/cameras/fed3b.jpg HTTP/1.1" 200 42824 "-" "Mozilla/5.0 (compatible; AhrefsBot/7.0; +http://ahrefs.com/robot/)" "ysfine.com"
51.222.253.10 - - [20/Feb/2023:20:22:30 -0800] "GET /style/yjk11b.jpg HTTP/1.1" 200 48043 "-" "Mozilla/5.0 (compatible; AhrefsBot/7.0; +http://ahrefs.com/robot/)" "ysfine.com"
64.124.8.29 - - [20/Feb/2023:20:22:50 -0800] "GET /ysbio/wigner/narco.jpg HTTP/1.1" 404 88 "-" "Mozilla/5.0 (Macintosh; Intel Mac OS X 10_15_7) AppleWebKit/537.36 (KHTML, like Gecko) Chrome/107.0.0.0 Safari/537.36" "www.ysfine.com"
64.124.8.57 - - [20/Feb/2023:20:22:53 -0800] "GET /ysbio/style/venus01.jpg HTTP/1.1" 404 88 "-" "Mozilla/5.0 (Macintosh; Intel Mac OS X 10_15_7) AppleWebKit/537.36 (KHTML, like Gecko) Chrome/107.0.0.0 Safari/537.36" "www.ysfine.com"
64.124.8.57 - - [20/Feb/2023:20:23:04 -0800] "GET /world/scandi/copen084.jpg HTTP/1.1" 200 111947 "-" "Mozilla/5.0 (Macintosh; Intel Mac OS X 10_15_7) AppleWebKit/537.36 (KHTML, like Gecko) Chrome/107.0.0.0 Safari/537.36" "ysfine.com"
64.124.8.57 - - [20/Feb/2023:20:23:15 -0800] "GET /newyork/macy18.jpg HTTP/1.1" 200 89068 "-" "Mozilla/5.0 (Macintosh; Intel Mac OS X 10_15_7) AppleWebKit/537.36 (KHTML, like Gecko) Chrome/107.0.0.0 Safari/537.36" "ysfine.com"
64.124.8.29 - - [20/Feb/2023:20:23:26 -0800] "GET /ysbio/world/balkan/istan061.jpg HTTP/1.1" 404 88 "-" "Mozilla/5.0 (Macintosh; Intel Mac OS X 10_15_7) AppleWebKit/537.36 (KHTML, like Gecko) Chrome/107.0.0.0 Safari/537.36" "ysfine.com"
64.124.8.56 - - [20/Feb/2023:20:23:33 -0800] "GET /sbk/1970ogun11.jpg HTTP/1.1" 200 81905 "-" "Mozilla/5.0 (Macintosh; Intel Mac OS X 10_15_7) AppleWebKit/537.36 (KHTML, like Gecko) Chrome/107.0.0.0 Safari/537.36" "ysfine.com"
64.124.8.56 - - [20/Feb/2023:20:23:46 -0800] "GET /ysbio/world/ital/flor091.jpg HTTP/1.1" 404 88 "-" "Mozilla/5.0 (Macintosh; Intel Mac OS X 10_15_7) AppleWebKit/537.36 (KHTML, like Gecko) Chrome/107.0.0.0 Safari/537.36" "ysfine.com"
91.133.202.67 - - [20/Feb/2023:20:24:47 -0800] "GET / HTTP/1.1" 200 5295 "-" "Mozilla/5.0 (iPhone; U; CPU iPhone OS 4_2_1 like Mac OS X; nb-no) AppleWebKit/533.17.9 (KHTML, like Gecko) Version/5.0.2 Mobile/8C148a Safari/6533.18.5" "ysfine.com"
91.133.150.167 - - [20/Feb/2023:20:24:47 -0800] "GET /robots.txt HTTP/1.1" 404 88 "-" "Mozilla/5.0 (iPhone; U; CPU iPhone OS 4_1 like Mac OS X; en-us) AppleWebKit/532.9 (KHTML, like Gecko) Version/4.0.5 Mobile/8B117 Safari/6531.22.7" "ysfine.com"
125.129.211.65 - - [20/Feb/2023:20:25:06 -0800] "GET /kobak/rheetr11.jpg HTTP/1.1" 200 184635 "https://www.google.com/" "Mozilla/5.0 (Macintosh; Intel Mac OS X 10_15_7) AppleWebKit/537.36 (KHTML, like Gecko) Chrome/106.0.0.0 Safari/537.36" "ysfine.com"
64.124.8.28 - - [20/Feb/2023:20:25:21 -0800] "GET /ysbio/kowar/tanks/rodeo.jpg HTTP/1.1" 404 88 "-" "Mozilla/5.0 (Macintosh; Intel Mac OS X 10_15_7) AppleWebKit/537.36 (KHTML, like Gecko) Chrome/107.0.0.0 Safari/537.36" "ysfine.com"
64.124.8.50 - - [20/Feb/2023:20:25:51 -0800] "GET /world/russ/redsq54.jpg HTTP/1.1" 200 103585 "-" "Mozilla/5.0 (Macintosh; Intel Mac OS X 10_15_7) AppleWebKit/537.36 (KHTML, like Gecko) Chrome/107.0.0.0 Safari/537.36" "ysfine.com"
207.46.13.218 - - [20/Feb/2023:20:26:04 -0800] "GET /style/musee/beijing055.jpg HTTP/1.1" 200 77577 "-" "Mozilla/5.0 AppleWebKit/537.36 (KHTML, like Gecko; compatible; bingbot/2.0; +http://www.bing.com/bingbot.htm) Chrome/103.0.5060.134 Safari/537.36" "ysfine.com"
51.222.253.12 - - [20/Feb/2023:20:26:09 -0800] "GET /class54/class5470/total_data/sub_301.htm HTTP/1.1" 200 3324 "-" "Mozilla/5.0 (compatible; AhrefsBot/7.0; +http://ahrefs.com/robot/)" "www.ysfine.com"
51.222.253.13 - - [20/Feb/2023:20:26:11 -0800] "GET /class54/class5470/total_data/refer_img/3-18_f.jpg HTTP/1.1" 200 22592 "-" "Mozilla/5.0 (compatible; AhrefsBot/7.0; +http://ahrefs.com/robot/)" "www.ysfine.com"
51.222.253.16 - - [20/Feb/2023:20:26:12 -0800] "GET /class54/class5470/total_data/refer_img/3-20_f.jpg HTTP/1.1" 200 22984 "-" "Mozilla/5.0 (compatible; AhrefsBot/7.0; +http://ahrefs.com/robot/)" "www.ysfine.com"
51.222.253.17 - - [20/Feb/2023:20:26:12 -0800] "GET /class54/class5470/total_data/refer_img/3-12_f.jpg HTTP/1.1" 200 29397 "-" "Mozilla/5.0 (compatible; AhrefsBot/7.0; +http://ahrefs.com/robot/)" "www.ysfine.com"
51.222.253.7 - - [20/Feb/2023:20:26:13 -0800] "GET /class54/class5470/total_data/refer_img/3-19_f.jpg HTTP/1.1" 200 19615 "-" "Mozilla/5.0 (compatible; AhrefsBot/7.0; +http://ahrefs.com/robot/)" "www.ysfine.com"
51.222.253.19 - - [20/Feb/2023:20:26:13 -0800] "GET /class54/class5470/total_data/refer_img/3-14_f.jpg HTTP/1.1" 200 21220 "-" "Mozilla/5.0 (compatible; AhrefsBot/7.0; +http://ahrefs.com/robot/)" "www.ysfine.com"
51.222.253.7 - - [20/Feb/2023:20:26:13 -0800] "GET /class54/class5470/total_data/refer_img/3-6_f.jpg HTTP/1.1" 200 34282 "-" "Mozilla/5.0 (compatible; AhrefsBot/7.0; +http://ahrefs.com/robot/)" "www.ysfine.com"
51.222.253.1 - - [20/Feb/2023:20:26:14 -0800] "GET /class54/class5470/total_data/refer_img/3-9_f.jpg HTTP/1.1" 200 30923 "-" "Mozilla/5.0 (compatible; AhrefsBot/7.0; +http://ahrefs.com/robot/)" "www.ysfine.com"
51.222.253.16 - - [20/Feb/2023:20:26:14 -0800] "GET /class54/class5470/total_data/refer_img/3-3_f.jpg HTTP/1.1" 200 35517 "-" "Mozilla/5.0 (compatible; AhrefsBot/7.0; +http://ahrefs.com/robot/)" "www.ysfine.com"
51.222.253.13 - - [20/Feb/2023:20:26:15 -0800] "GET /class54/class5470/total_data/refer_img/3-13_f.jpg HTTP/1.1" 200 21120 "-" "Mozilla/5.0 (compatible; AhrefsBot/7.0; +http://ahrefs.com/robot/)" "www.ysfine.com"
51.222.253.3 - - [20/Feb/2023:20:26:15 -0800] "GET /class54/class5470/total_data/refer_img/3-8_f.jpg HTTP/1.1" 200 26967 "-" "Mozilla/5.0 (compatible; AhrefsBot/7.0; +http://ahrefs.com/robot/)" "www.ysfine.com"
51.222.253.14 - - [20/Feb/2023:20:26:15 -0800] "GET /class54/class5470/total_data/refer_img/3-10_f.jpg HTTP/1.1" 200 35360 "-" "Mozilla/5.0 (compatible; AhrefsBot/7.0; +http://ahrefs.com/robot/)" "www.ysfine.com"
51.222.253.17 - - [20/Feb/2023:20:26:16 -0800] "GET /class54/class5470/total_data/refer_img/3-2_f.jpg HTTP/1.1" 200 26427 "-" "Mozilla/5.0 (compatible; AhrefsBot/7.0; +http://ahrefs.com/robot/)" "www.ysfine.com"
51.222.253.17 - - [20/Feb/2023:20:26:16 -0800] "GET /class54/class5470/total_data/refer_img/3-7_f.jpg HTTP/1.1" 200 27397 "-" "Mozilla/5.0 (compatible; AhrefsBot/7.0; +http://ahrefs.com/robot/)" "www.ysfine.com"
51.222.253.4 - - [20/Feb/2023:20:26:16 -0800] "GET /class54/class5470/total_data/refer_img/3-1_f.jpg HTTP/1.1" 200 35017 "-" "Mozilla/5.0 (compatible; AhrefsBot/7.0; +http://ahrefs.com/robot/)" "www.ysfine.com"
51.222.253.14 - - [20/Feb/2023:20:26:17 -0800] "GET /class54/class5470/total_data/refer_img/3-4_f.jpg HTTP/1.1" 200 29538 "-" "Mozilla/5.0 (compatible; AhrefsBot/7.0; +http://ahrefs.com/robot/)" "www.ysfine.com"
51.222.253.2 - - [20/Feb/2023:20:26:17 -0800] "GET /class54/class5470/total_data/refer_img/3-11_f.jpg HTTP/1.1" 200 23582 "-" "Mozilla/5.0 (compatible; AhrefsBot/7.0; +http://ahrefs.com/robot/)" "www.ysfine.com"
51.222.253.14 - - [20/Feb/2023:20:26:18 -0800] "GET /class54/class5470/total_data/refer_img/3-16_f.jpg HTTP/1.1" 200 30897 "-" "Mozilla/5.0 (compatible; AhrefsBot/7.0; +http://ahrefs.com/robot/)" "www.ysfine.com"
51.222.253.5 - - [20/Feb/2023:20:26:19 -0800] "GET /class54/class5470/total_data/refer_img/3-17_f.jpg HTTP/1.1" 200 20135 "-" "Mozilla/5.0 (compatible; AhrefsBot/7.0; +http://ahrefs.com/robot/)" "www.ysfine.com"
51.222.253.16 - - [20/Feb/2023:20:26:19 -0800] "GET /class54/class5470/total_data/refer_img/3-15_f.jpg HTTP/1.1" 200 30741 "-" "Mozilla/5.0 (compatible; AhrefsBot/7.0; +http://ahrefs.com/robot/)" "www.ysfine.com"
51.222.253.2 - - [20/Feb/2023:20:26:20 -0800] "GET /class54/class5470/total_data/img/03_title.gif HTTP/1.1" 200 5602 "-" "Mozilla/5.0 (compatible; AhrefsBot/7.0; +http://ahrefs.com/robot/)" "www.ysfine.com"
51.222.253.3 - - [20/Feb/2023:20:26:21 -0800] "GET /class54/class5470/total_data/img/03_smtitle01.gif HTTP/1.1" 200 748 "-" "Mozilla/5.0 (compatible; AhrefsBot/7.0; +http://ahrefs.com/robot/)" "www.ysfine.com"
51.222.253.13 - - [20/Feb/2023:20:26:22 -0800] "GET /class54/class5470/total_data/photo_img/3-1.jpg HTTP/1.1" 200 141750 "-" "Mozilla/5.0 (compatible; AhrefsBot/7.0; +http://ahrefs.com/robot/)" "www.ysfine.com"
51.222.253.17 - - [20/Feb/2023:20:26:22 -0800] "GET /class54/class5470/total_data/refer_img/3-5_f.jpg HTTP/1.1" 200 26723 "-" "Mozilla/5.0 (compatible; AhrefsBot/7.0; +http://ahrefs.com/robot/)" "www.ysfine.com"
207.46.13.207 - - [20/Feb/2023:20:26:45 -0800] "GET /style/musee/britmu16.jpg HTTP/1.1" 200 70546 "-" "Mozilla/5.0 AppleWebKit/537.36 (KHTML, like Gecko; compatible; bingbot/2.0; +http://www.bing.com/bingbot.htm) Chrome/103.0.5060.134 Safari/537.36" "www.ysfine.com"
64.124.8.28 - - [20/Feb/2023:20:27:11 -0800] "GET /world/baltic/kalin11.jpg HTTP/1.1" 200 62846 "-" "Mozilla/5.0 (Macintosh; Intel Mac OS X 10_15_7) AppleWebKit/537.36 (KHTML, like Gecko) Chrome/107.0.0.0 Safari/537.36" "www.ysfine.com"
64.124.8.28 - - [20/Feb/2023:20:27:16 -0800] "GET /world/france/flore09.jpg HTTP/1.1" 200 89657 "-" "Mozilla/5.0 (Macintosh; Intel Mac OS X 10_15_7) AppleWebKit/537.36 (KHTML, like Gecko) Chrome/107.0.0.0 Safari/537.36" "ysfine.com"
64.124.8.54 - - [20/Feb/2023:20:27:16 -0800] "GET /ysbio/world/latina/rio092.jpg HTTP/1.1" 404 88 "-" "Mozilla/5.0 (Macintosh; Intel Mac OS X 10_15_7) AppleWebKit/537.36 (KHTML, like Gecko) Chrome/107.0.0.0 Safari/537.36" "ysfine.com"
195.234.109.70 - - [20/Feb/2023:20:27:54 -0800] "GET /einstein/einplanck3.jpg HTTP/1.1" 200 37784 "-" "Photon/1.0" "ysfine.com"
203.209.239.91 - - [20/Feb/2023:20:28:31 -0800] "GET /einstein/places/einha01.jpg HTTP/1.1" 200 75624 "-" "Mozilla/5.0 (X11; Ubuntu; Linux x86_64; rv:72.0) Gecko/20100101 Firefox/72.0" "ysfine.com"
108.251.27.248 - - [20/Feb/2023:20:28:45 -0800] "GET /maga/schroedinger.html HTTP/1.1" 200 6325 "https://www.google.com/" "Mozilla/5.0 (Macintosh; Intel Mac OS X 10_15_6) AppleWebKit/605.1.15 (KHTML, like Gecko) Version/14.0.3 Safari/605.1.15" "ysfine.com"
108.251.27.248 - - [20/Feb/2023:20:28:45 -0800] "GET /wigner/weiss11b.jpg HTTP/1.1" 200 33141 "https://ysfine.com/maga/schroedinger.html" "Mozilla/5.0 (Macintosh; Intel Mac OS X 10_15_6) AppleWebKit/605.1.15 (KHTML, like Gecko) Version/14.0.3 Safari/605.1.15" "ysfine.com"
108.251.27.248 - - [20/Feb/2023:20:28:45 -0800] "GET /people/zeilinger2.jpg HTTP/1.1" 200 30410 "https://ysfine.com/maga/schroedinger.html" "Mozilla/5.0 (Macintosh; Intel Mac OS X 10_15_6) AppleWebKit/605.1.15 (KHTML, like Gecko) Version/14.0.3 Safari/605.1.15" "ysfine.com"
108.251.27.248 - - [20/Feb/2023:20:28:45 -0800] "GET /maga/phys/schrod11b.jpg HTTP/1.1" 200 36796 "https://ysfine.com/maga/schroedinger.html" "Mozilla/5.0 (Macintosh; Intel Mac OS X 10_15_6) AppleWebKit/605.1.15 (KHTML, like Gecko) Version/14.0.3 Safari/605.1.15" "ysfine.com"
108.251.27.248 - - [20/Feb/2023:20:28:45 -0800] "GET /maga/boltz/boltz11b.jpg HTTP/1.1" 200 30538 "https://ysfine.com/maga/schroedinger.html" "Mozilla/5.0 (Macintosh; Intel Mac OS X 10_15_6) AppleWebKit/605.1.15 (KHTML, like Gecko) Version/14.0.3 Safari/605.1.15" "ysfine.com"
108.251.27.248 - - [20/Feb/2023:20:28:45 -0800] "GET /style/schonbr22b.jpg HTTP/1.1" 200 45463 "https://ysfine.com/maga/schroedinger.html" "Mozilla/5.0 (Macintosh; Intel Mac OS X 10_15_6) AppleWebKit/605.1.15 (KHTML, like Gecko) Version/14.0.3 Safari/605.1.15" "ysfine.com"
108.251.27.248 - - [20/Feb/2023:20:28:45 -0800] "GET /maga/phys/schrod22b.jpg HTTP/1.1" 200 25954 "https://ysfine.com/maga/schroedinger.html" "Mozilla/5.0 (Macintosh; Intel Mac OS X 10_15_6) AppleWebKit/605.1.15 (KHTML, like Gecko) Version/14.0.3 Safari/605.1.15" "ysfine.com"
108.251.27.248 - - [20/Feb/2023:20:28:45 -0800] "GET /maga/phil/freud2.jpg HTTP/1.1" 200 40482 "https://ysfine.com/maga/schroedinger.html" "Mozilla/5.0 (Macintosh; Intel Mac OS X 10_15_6) AppleWebKit/605.1.15 (KHTML, like Gecko) Version/14.0.3 Safari/605.1.15" "ysfine.com"
108.251.27.248 - - [20/Feb/2023:20:28:45 -0800] "GET /world/germany/vienna07b.jpg HTTP/1.1" 200 42124 "https://ysfine.com/maga/schroedinger.html" "Mozilla/5.0 (Macintosh; Intel Mac OS X 10_15_6) AppleWebKit/605.1.15 (KHTML, like Gecko) Version/14.0.3 Safari/605.1.15" "ysfine.com"
108.251.27.248 - - [20/Feb/2023:20:28:45 -0800] "GET /home/goodbad2.jpg HTTP/1.1" 200 17488 "https://ysfine.com/maga/schroedinger.html" "Mozilla/5.0 (Macintosh; Intel Mac OS X 10_15_6) AppleWebKit/605.1.15 (KHTML, like Gecko) Version/14.0.3 Safari/605.1.15" "ysfine.com"
108.251.27.248 - - [20/Feb/2023:20:28:45 -0800] "GET /style/augustiner11b.jpg HTTP/1.1" 200 39308 "https://ysfine.com/maga/schroedinger.html" "Mozilla/5.0 (Macintosh; Intel Mac OS X 10_15_6) AppleWebKit/605.1.15 (KHTML, like Gecko) Version/14.0.3 Safari/605.1.15" "ysfine.com"
108.251.27.248 - - [20/Feb/2023:20:28:45 -0800] "GET /style/vienopera11b.jpg HTTP/1.1" 200 44505 "https://ysfine.com/maga/schroedinger.html" "Mozilla/5.0 (Macintosh; Intel Mac OS X 10_15_6) AppleWebKit/605.1.15 (KHTML, like Gecko) Version/14.0.3 Safari/605.1.15" "ysfine.com"
108.251.27.248 - - [20/Feb/2023:20:28:45 -0800] "GET /maga/phys/schrod00b.jpg HTTP/1.1" 200 49237 "https://ysfine.com/maga/schroedinger.html" "Mozilla/5.0 (Macintosh; Intel Mac OS X 10_15_6) AppleWebKit/605.1.15 (KHTML, like Gecko) Version/14.0.3 Safari/605.1.15" "ysfine.com"
108.251.27.248 - - [20/Feb/2023:20:28:45 -0800] "GET /world/germany/vienna05b.jpg HTTP/1.1" 200 55394 "https://ysfine.com/maga/schroedinger.html" "Mozilla/5.0 (Macintosh; Intel Mac OS X 10_15_6) AppleWebKit/605.1.15 (KHTML, like Gecko) Version/14.0.3 Safari/605.1.15" "ysfine.com"
64.124.8.57 - - [20/Feb/2023:20:28:46 -0800] "GET /ysbio/world/brit/harrod05.jpg HTTP/1.1" 404 88 "-" "Mozilla/5.0 (Macintosh; Intel Mac OS X 10_15_7) AppleWebKit/537.36 (KHTML, like Gecko) Chrome/107.0.0.0 Safari/537.36" "ysfine.com"
108.251.27.248 - - [20/Feb/2023:20:28:46 -0800] "GET /favicon.ico HTTP/1.1" 404 88 "https://ysfine.com/maga/schroedinger.html" "Mozilla/5.0 (Macintosh; Intel Mac OS X 10_15_6) AppleWebKit/605.1.15 (KHTML, like Gecko) Version/14.0.3 Safari/605.1.15" "ysfine.com"
64.124.8.28 - - [20/Feb/2023:20:29:11 -0800] "GET /newyork/tie11.jpg HTTP/1.1" 200 110901 "-" "Mozilla/5.0 (Macintosh; Intel Mac OS X 10_15_7) AppleWebKit/537.36 (KHTML, like Gecko) Chrome/107.0.0.0 Safari/537.36" "ysfine.com"
51.222.253.3 - - [20/Feb/2023:20:29:54 -0800] "GET /home/yshome.html HTTP/1.1" 200 5639 "-" "Mozilla/5.0 (compatible; AhrefsBot/7.0; +http://ahrefs.com/robot/)" "www.ysfine.com"
51.222.253.20 - - [20/Feb/2023:20:29:57 -0800] "GET /home/goodbad450.jpg HTTP/1.1" 200 32258 "-" "Mozilla/5.0 (compatible; AhrefsBot/7.0; +http://ahrefs.com/robot/)" "www.ysfine.com"
51.222.253.20 - - [20/Feb/2023:20:29:57 -0800] "GET /home/1987pr22d.jpg HTTP/1.1" 200 66428 "-" "Mozilla/5.0 (compatible; AhrefsBot/7.0; +http://ahrefs.com/robot/)" "www.ysfine.com"
51.222.253.2 - - [20/Feb/2023:20:29:58 -0800] "GET /home/washmo23d.jpg HTTP/1.1" 200 32142 "-" "Mozilla/5.0 (compatible; AhrefsBot/7.0; +http://ahrefs.com/robot/)" "www.ysfine.com"
51.222.253.8 - - [20/Feb/2023:20:29:58 -0800] "GET /home/truck450.jpg HTTP/1.1" 200 42871 "-" "Mozilla/5.0 (compatible; AhrefsBot/7.0; +http://ahrefs.com/robot/)" "www.ysfine.com"
51.222.253.15 - - [20/Feb/2023:20:29:59 -0800] "GET /home/eink450.jpg HTTP/1.1" 200 66794 "-" "Mozilla/5.0 (compatible; AhrefsBot/7.0; +http://ahrefs.com/robot/)" "www.ysfine.com"
52.167.144.62 - - [20/Feb/2023:20:31:01 -0800] "GET /bio/einstein/newton.html HTTP/1.1" 404 88 "-" "Mozilla/5.0 AppleWebKit/537.36 (KHTML, like Gecko; compatible; bingbot/2.0; +http://www.bing.com/bingbot.htm) Chrome/103.0.5060.134 Safari/537.36" "www.ysfine.com"
5.210.141.107 - - [20/Feb/2023:20:31:28 -0800] "GET /robots.txt HTTP/1.1" 404 88 "-" "Mozilla/5.0 (iPhone Simulator; U; CPU iPhone OS 3_2 like Mac OS X; en-us) AppleWebKit/531.21.10 (KHTML, like Gecko) Version/4.0.4 Mobile/7D11 Safari/531.21.10" "ysfine.com"
91.133.212.56 - - [20/Feb/2023:20:31:28 -0800] "GET / HTTP/1.1" 200 5295 "-" "Mozilla/5.0 (iPhone; U; CPU iPhone OS 4_3 like Mac OS X; en-gb) AppleWebKit/533.17.9 (KHTML, like Gecko) Version/5.0.2 Mobile/8F190 Safari/6533.18.5" "ysfine.com"
64.124.8.53 - - [20/Feb/2023:20:31:47 -0800] "GET /maga/phys/ellipse09.jpg HTTP/1.1" 200 68802 "-" "Mozilla/5.0 (Macintosh; Intel Mac OS X 10_15_7) AppleWebKit/537.36 (KHTML, like Gecko) Chrome/107.0.0.0 Safari/537.36" "www.ysfine.com"
64.124.8.28 - - [20/Feb/2023:20:32:11 -0800] "GET /sbk/2000rome23.jpg HTTP/1.1" 200 283975 "-" "Mozilla/5.0 (Macintosh; Intel Mac OS X 10_15_7) AppleWebKit/537.36 (KHTML, like Gecko) Chrome/107.0.0.0 Safari/537.36" "ysfine.com"
40.77.167.211 - - [20/Feb/2023:20:33:27 -0800] "GET /bio/princeton/campus.html HTTP/1.1" 404 88 "-" "Mozilla/5.0 AppleWebKit/537.36 (KHTML, like Gecko; compatible; bingbot/2.0; +http://www.bing.com/bingbot.htm) Chrome/103.0.5060.134 Safari/537.36" "ysfine.com"
51.222.253.13 - - [20/Feb/2023:20:33:33 -0800] "GET /world/leipzig.html HTTP/1.1" 200 5731 "-" "Mozilla/5.0 (compatible; AhrefsBot/7.0; +http://ahrefs.com/robot/)" "www.ysfine.com"
51.222.253.17 - - [20/Feb/2023:20:33:37 -0800] "GET /world/germany/leipzig37b.jpg HTTP/1.1" 200 32591 "-" "Mozilla/5.0 (compatible; AhrefsBot/7.0; +http://ahrefs.com/robot/)" "www.ysfine.com"
