35.2.195.180 - - [21/Feb/2023:10:15:10 -0800] "GET /princeton/nassinf35b.jpg HTTP/1.1" 200 45853 "https://ysfine.com/princeton/campus.html" "Mozilla/5.0 (Linux; Android 12; Pixel 3 XL) AppleWebKit/537.36 (KHTML, like Gecko) Chrome/110.0.0.0 Mobile Safari/537.36" "ysfine.com"
35.2.195.180 - - [21/Feb/2023:10:15:10 -0800] "GET /princeton/jj03b.jpg HTTP/1.1" 200 46731 "https://ysfine.com/princeton/campus.html" "Mozilla/5.0 (Linux; Android 12; Pixel 3 XL) AppleWebKit/537.36 (KHTML, like Gecko) Chrome/110.0.0.0 Mobile Safari/537.36" "ysfine.com"
35.2.195.180 - - [21/Feb/2023:10:15:10 -0800] "GET /princeton/hyatt33b.jpg HTTP/1.1" 200 34135 "https://ysfine.com/princeton/campus.html" "Mozilla/5.0 (Linux; Android 12; Pixel 3 XL) AppleWebKit/537.36 (KHTML, like Gecko) Chrome/110.0.0.0 Mobile Safari/537.36" "ysfine.com"
35.2.195.180 - - [21/Feb/2023:10:15:10 -0800] "GET /einstein/eins47b.jpg HTTP/1.1" 200 48772 "https://ysfine.com/princeton/campus.html" "Mozilla/5.0 (Linux; Android 12; Pixel 3 XL) AppleWebKit/537.36 (KHTML, like Gecko) Chrome/110.0.0.0 Mobile Safari/537.36" "ysfine.com"
35.2.195.180 - - [21/Feb/2023:10:15:10 -0800] "GET /princeton/hyatt66b.jpg HTTP/1.1" 200 45208 "https://ysfine.com/princeton/campus.html" "Mozilla/5.0 (Linux; Android 12; Pixel 3 XL) AppleWebKit/537.36 (KHTML, like Gecko) Chrome/110.0.0.0 Mobile Safari/537.36" "ysfine.com"
35.2.195.180 - - [21/Feb/2023:10:15:10 -0800] "GET /princeton/nassinf03b.jpg HTTP/1.1" 200 33593 "https://ysfine.com/princeton/campus.html" "Mozilla/5.0 (Linux; Android 12; Pixel 3 XL) AppleWebKit/537.36 (KHTML, like Gecko) Chrome/110.0.0.0 Mobile Safari/537.36" "ysfine.com"
35.2.195.180 - - [21/Feb/2023:10:15:10 -0800] "GET /kobak/taylor400.jpg HTTP/1.1" 200 56181 "https://ysfine.com/princeton/campus.html" "Mozilla/5.0 (Linux; Android 12; Pixel 3 XL) AppleWebKit/537.36 (KHTML, like Gecko) Chrome/110.0.0.0 Mobile Safari/537.36" "ysfine.com"
35.2.195.180 - - [21/Feb/2023:10:15:10 -0800] "GET /princeton/lahiere11b.jpg HTTP/1.1" 200 53024 "https://ysfine.com/princeton/campus.html" "Mozilla/5.0 (Linux; Android 12; Pixel 3 XL) AppleWebKit/537.36 (KHTML, like Gecko) Chrome/110.0.0.0 Mobile Safari/537.36" "ysfine.com"
35.2.195.180 - - [21/Feb/2023:10:15:10 -0800] "GET /princeton/brooke66b.jpg HTTP/1.1" 200 44674 "https://ysfine.com/princeton/campus.html" "Mozilla/5.0 (Linux; Android 12; Pixel 3 XL) AppleWebKit/537.36 (KHTML, like Gecko) Chrome/110.0.0.0 Mobile Safari/537.36" "ysfine.com"
35.2.195.180 - - [21/Feb/2023:10:15:10 -0800] "GET /maga/invent/sarnoffco11b.jpg HTTP/1.1" 200 31031 "https://ysfine.com/princeton/campus.html" "Mozilla/5.0 (Linux; Android 12; Pixel 3 XL) AppleWebKit/537.36 (KHTML, like Gecko) Chrome/110.0.0.0 Mobile Safari/537.36" "ysfine.com"
35.2.195.180 - - [21/Feb/2023:10:15:10 -0800] "GET /princeton/orren11b.jpg HTTP/1.1" 200 32972 "https://ysfine.com/princeton/campus.html" "Mozilla/5.0 (Linux; Android 12; Pixel 3 XL) AppleWebKit/537.36 (KHTML, like Gecko) Chrome/110.0.0.0 Mobile Safari/537.36" "ysfine.com"
35.2.195.180 - - [21/Feb/2023:10:15:10 -0800] "GET /princeton/nordisk11b.jpg HTTP/1.1" 200 30945 "https://ysfine.com/princeton/campus.html" "Mozilla/5.0 (Linux; Android 12; Pixel 3 XL) AppleWebKit/537.36 (KHTML, like Gecko) Chrome/110.0.0.0 Mobile Safari/537.36" "ysfine.com"
35.2.195.180 - - [21/Feb/2023:10:15:10 -0800] "GET /princeton/nassinf32b.jpg HTTP/1.1" 200 40214 "https://ysfine.com/princeton/campus.html" "Mozilla/5.0 (Linux; Android 12; Pixel 3 XL) AppleWebKit/537.36 (KHTML, like Gecko) Chrome/110.0.0.0 Mobile Safari/537.36" "ysfine.com"
35.2.195.180 - - [21/Feb/2023:10:15:10 -0800] "GET /eink/pwk19c.jpg HTTP/1.1" 200 57759 "https://ysfine.com/princeton/campus.html" "Mozilla/5.0 (Linux; Android 12; Pixel 3 XL) AppleWebKit/537.36 (KHTML, like Gecko) Chrome/110.0.0.0 Mobile Safari/537.36" "ysfine.com"
35.2.195.180 - - [21/Feb/2023:10:15:10 -0800] "GET /princeton/annex11b.jpg HTTP/1.1" 200 39639 "https://ysfine.com/princeton/campus.html" "Mozilla/5.0 (Linux; Android 12; Pixel 3 XL) AppleWebKit/537.36 (KHTML, like Gecko) Chrome/110.0.0.0 Mobile Safari/537.36" "ysfine.com"
35.2.195.180 - - [21/Feb/2023:10:15:12 -0800] "GET /favicon.ico HTTP/1.1" 404 88 "https://ysfine.com/princeton/campus.html" "Mozilla/5.0 (Linux; Android 12; Pixel 3 XL) AppleWebKit/537.36 (KHTML, like Gecko) Chrome/110.0.0.0 Mobile Safari/537.36" "ysfine.com"
35.2.195.180 - - [21/Feb/2023:10:15:17 -0800] "GET /princeton/nasshall11.jpg HTTP/1.1" 200 118011 "https://ysfine.com/princeton/campus.html" "Mozilla/5.0 (Linux; Android 12; Pixel 3 XL) AppleWebKit/537.36 (KHTML, like Gecko) Chrome/110.0.0.0 Mobile Safari/537.36" "ysfine.com"
85.104.201.189 - - [21/Feb/2023:10:16:14 -0800] "GET /einstein/runstan11.jpg HTTP/1.1" 200 132736 "https://www.google.com/" "Mozilla/5.0 (Macintosh; Intel Mac OS X 10.15; rv:109.0) Gecko/20100101 Firefox/110.0" "ysfine.com"
199.47.82.18 - - [21/Feb/2023:10:16:45 -0800] "GET /robots.txt HTTP/1.1" 404 88 "-" "Turnitin (https://bit.ly/2UvnfoQ)" "ysfine.com"
199.47.82.18 - - [21/Feb/2023:10:16:46 -0800] "GET /robots.txt HTTP/1.1" 404 88 "-" "Turnitin (https://bit.ly/2UvnfoQ)" "ysfine.com"
199.47.82.18 - - [21/Feb/2023:10:16:46 -0800] "GET /feynman/feykant.htm HTTP/1.1" 404 88 "-" "Turnitin (https://bit.ly/2UvnfoQ)" "ysfine.com"
199.47.82.18 - - [21/Feb/2023:10:16:46 -0800] "GET /ffriends/chinese.html HTTP/1.1" 304 - "-" "Turnitin (https://bit.ly/2UvnfoQ)" "ysfine.com"
199.47.82.18 - - [21/Feb/2023:10:16:47 -0800] "GET /ffriends/japanese.html HTTP/1.1" 304 - "-" "Turnitin (https://bit.ly/2UvnfoQ)" "ysfine.com"
199.47.82.18 - - [21/Feb/2023:10:16:47 -0800] "GET /ffriends/korean.html HTTP/1.1" 304 - "-" "Turnitin (https://bit.ly/2UvnfoQ)" "ysfine.com"
199.47.82.18 - - [21/Feb/2023:10:16:48 -0800] "GET /kobak/reposepho.html HTTP/1.1" 304 - "-" "Turnitin (https://bit.ly/2UvnfoQ)" "ysfine.com"
199.47.82.18 - - [21/Feb/2023:10:16:48 -0800] "GET /kobak/shortw.html HTTP/1.1" 304 - "-" "Turnitin (https://bit.ly/2UvnfoQ)" "ysfine.com"
199.47.82.18 - - [21/Feb/2023:10:16:49 -0800] "GET /kobak/taylor.html HTTP/1.1" 304 - "-" "Turnitin (https://bit.ly/2UvnfoQ)" "ysfine.com"
199.47.82.18 - - [21/Feb/2023:10:16:49 -0800] "GET /kobak/underw.html HTTP/1.1" 304 - "-" "Turnitin (https://bit.ly/2UvnfoQ)" "ysfine.com"
199.47.82.18 - - [21/Feb/2023:10:16:50 -0800] "GET /kobak/yskor.html HTTP/1.1" 304 - "-" "Turnitin (https://bit.ly/2UvnfoQ)" "ysfine.com"
199.47.82.18 - - [21/Feb/2023:10:16:50 -0800] "GET /maga/copergali.html HTTP/1.1" 304 - "-" "Turnitin (https://bit.ly/2UvnfoQ)" "ysfine.com"
64.124.8.52 - - [21/Feb/2023:10:16:51 -0800] "GET /kobak/severance2.jpg HTTP/1.1" 200 131123 "-" "Mozilla/5.0 (Macintosh; Intel Mac OS X 10_15_7) AppleWebKit/537.36 (KHTML, like Gecko) Chrome/107.0.0.0 Safari/537.36" "www.ysfine.com"
199.47.82.18 - - [21/Feb/2023:10:16:51 -0800] "GET /maga/copislam.html HTTP/1.1" 304 - "-" "Turnitin (https://bit.ly/2UvnfoQ)" "ysfine.com"
199.47.82.18 - - [21/Feb/2023:10:16:51 -0800] "GET /maga/editesl.html HTTP/1.1" 304 - "-" "Turnitin (https://bit.ly/2UvnfoQ)" "ysfine.com"
199.47.82.18 - - [21/Feb/2023:10:16:52 -0800] "GET /maga/galileo.html HTTP/1.1" 304 - "-" "Turnitin (https://bit.ly/2UvnfoQ)" "ysfine.com"
199.47.82.18 - - [21/Feb/2023:10:16:52 -0800] "GET /maga/galtime.html HTTP/1.1" 304 - "-" "Turnitin (https://bit.ly/2UvnfoQ)" "ysfine.com"
199.47.82.18 - - [21/Feb/2023:10:16:53 -0800] "GET /maga/hosc.html HTTP/1.1" 304 - "-" "Turnitin (https://bit.ly/2UvnfoQ)" "ysfine.com"
199.47.82.18 - - [21/Feb/2023:10:16:53 -0800] "GET /maga/lorenuni.html HTTP/1.1" 304 - "-" "Turnitin (https://bit.ly/2UvnfoQ)" "ysfine.com"
199.47.82.18 - - [21/Feb/2023:10:16:54 -0800] "GET /maga/minkowski.html HTTP/1.1" 304 - "-" "Turnitin (https://bit.ly/2UvnfoQ)" "ysfine.com"
199.47.82.18 - - [21/Feb/2023:10:16:54 -0800] "GET /maga/okun.html HTTP/1.1" 304 - "-" "Turnitin (https://bit.ly/2UvnfoQ)" "ysfine.com"
199.47.82.18 - - [21/Feb/2023:10:16:55 -0800] "GET /maga/sanchez.html HTTP/1.1" 304 - "-" "Turnitin (https://bit.ly/2UvnfoQ)" "ysfine.com"
199.47.82.18 - - [21/Feb/2023:10:16:55 -0800] "GET /maga/schrodein.html HTTP/1.1" 304 - "-" "Turnitin (https://bit.ly/2UvnfoQ)" "ysfine.com"
199.47.82.18 - - [21/Feb/2023:10:16:56 -0800] "GET /maga/three.html HTTP/1.1" 304 - "-" "Turnitin (https://bit.ly/2UvnfoQ)" "ysfine.com"
199.47.82.18 - - [21/Feb/2023:10:16:56 -0800] "GET /maga/twobytwo.html HTTP/1.1" 304 - "-" "Turnitin (https://bit.ly/2UvnfoQ)" "ysfine.com"
199.47.82.18 - - [21/Feb/2023:10:16:57 -0800] "GET /maga/weyl.html HTTP/1.1" 304 - "-" "Turnitin (https://bit.ly/2UvnfoQ)" "ysfine.com"
199.47.82.18 - - [21/Feb/2023:10:16:57 -0800] "GET /maga/wright.html HTTP/1.1" 304 - "-" "Turnitin (https://bit.ly/2UvnfoQ)" "ysfine.com"
199.47.82.18 - - [21/Feb/2023:10:16:58 -0800] "GET /maga/yukawa.html HTTP/1.1" 304 - "-" "Turnitin (https://bit.ly/2UvnfoQ)" "ysfine.com"
199.47.82.18 - - [21/Feb/2023:10:16:58 -0800] "GET /style/bstring.html HTTP/1.1" 304 - "-" "Turnitin (https://bit.ly/2UvnfoQ)" "ysfine.com"
199.47.82.18 - - [21/Feb/2023:10:16:59 -0800] "GET /wigner/neumann.html HTTP/1.1" 304 - "-" "Turnitin (https://bit.ly/2UvnfoQ)" "ysfine.com"
199.47.82.18 - - [21/Feb/2023:10:16:59 -0800] "GET /wisdom/happyend.html HTTP/1.1" 304 - "-" "Turnitin (https://bit.ly/2UvnfoQ)" "ysfine.com"
199.47.82.18 - - [21/Feb/2023:10:17:00 -0800] "GET /robots.txt HTTP/1.1" 404 88 "-" "Turnitin (https://bit.ly/2UvnfoQ)" "www.ysfine.com"
199.47.82.18 - - [21/Feb/2023:10:17:01 -0800] "GET /robots.txt HTTP/1.1" 404 88 "-" "Turnitin (https://bit.ly/2UvnfoQ)" "www.ysfine.com"
199.47.82.18 - - [21/Feb/2023:10:17:01 -0800] "GET /einstein/einbohr.html HTTP/1.1" 304 - "-" "Turnitin (https://bit.ly/2UvnfoQ)" "www.ysfine.com"
199.47.82.18 - - [21/Feb/2023:10:17:01 -0800] "GET /wigner/inonu.pdf HTTP/1.1" 304 - "-" "Turnitin (https://bit.ly/2UvnfoQ)" "www.ysfine.com"
95.163.255.62 - - [21/Feb/2023:10:17:05 -0800] "GET /world/china/hongkong.html HTTP/1.1" 200 4914 "-" "Mozilla/5.0 (compatible; Linux x86_64; Mail.RU_Bot/2.0; +https://help.mail.ru/webmaster/indexing/robots)" "www.ysfine.com"
64.124.8.53 - - [21/Feb/2023:10:17:12 -0800] "GET /friends/britmuc02.jpg HTTP/1.1" 404 88 "-" "Mozilla/5.0 (Macintosh; Intel Mac OS X 10_15_7) AppleWebKit/537.36 (KHTML, like Gecko) Chrome/107.0.0.0 Safari/537.36" "ysfine.com"
54.236.1.13 - - [21/Feb/2023:10:18:49 -0800] "GET /robots.txt HTTP/1.1" 404 88 "-" "Mozilla/5.0 (compatible; Pinterestbot/1.0; +http://www.pinterest.com/bot.html)" "ysfine.com"
54.236.1.13 - - [21/Feb/2023:10:18:49 -0800] "GET /feynman/feydirac270.jpg HTTP/1.1" 200 59000 "-" "Mozilla/5.0 (compatible; Pinterestbot/1.0; +http://www.pinterest.com/bot.html)" "ysfine.com"
64.124.8.53 - - [21/Feb/2023:10:19:04 -0800] "GET /maga/phys/huy21.jpg HTTP/1.1" 200 185312 "-" "Mozilla/5.0 (Macintosh; Intel Mac OS X 10_15_7) AppleWebKit/537.36 (KHTML, like Gecko) Chrome/107.0.0.0 Safari/537.36" "ysfine.com"
91.133.223.138 - - [21/Feb/2023:10:19:22 -0800] "GET /robots.txt HTTP/1.1" 404 88 "-" "Mozilla/5.0 (iPhone Simulator; U; CPU iPhone OS 3_2 like Mac OS X; en-us) AppleWebKit/531.21.10 (KHTML, like Gecko) Version/4.0.4 Mobile/7D11 Safari/531.21.10" "ysfine.com"
5.210.226.240 - - [21/Feb/2023:10:19:22 -0800] "GET / HTTP/1.1" 200 5295 "-" "Mozilla/5.0 (iPhone Simulator; U; CPU iPhone OS 3_2 like Mac OS X; en-us) AppleWebKit/531.21.10 (KHTML, like Gecko) Version/4.0.4 Mobile/7D11 Safari/531.21.10" "ysfine.com"
40.77.167.211 - - [21/Feb/2023:10:19:43 -0800] "GET /world/ital/uffizi06.jpg HTTP/1.1" 200 152747 "-" "Mozilla/5.0 AppleWebKit/537.36 (KHTML, like Gecko; compatible; bingbot/2.0; +http://www.bing.com/bingbot.htm) Chrome/103.0.5060.134 Safari/537.36" "ysfine.com"
64.124.8.54 - - [21/Feb/2023:10:20:07 -0800] "GET /world/hungary/buda211.jpg HTTP/1.1" 200 82530 "-" "Mozilla/5.0 (Macintosh; Intel Mac OS X 10_15_7) AppleWebKit/537.36 (KHTML, like Gecko) Chrome/107.0.0.0 Safari/537.36" "ysfine.com"
64.124.8.28 - - [21/Feb/2023:10:20:26 -0800] "GET /ysbio/kobak/underw03.jpg HTTP/1.1" 404 88 "-" "Mozilla/5.0 (Macintosh; Intel Mac OS X 10_15_7) AppleWebKit/537.36 (KHTML, like Gecko) Chrome/107.0.0.0 Safari/537.36" "ysfine.com"
49.37.53.178 - - [21/Feb/2023:10:20:47 -0800] "GET /dirac/dfkim11.jpg HTTP/1.1" 200 102093 "https://www.google.com/" "Mozilla/5.0 (Windows NT 10.0; Win64; x64) AppleWebKit/537.36 (KHTML, like Gecko) Chrome/110.0.0.0 Safari/537.36" "ysfine.com"
64.124.8.50 - - [21/Feb/2023:10:21:09 -0800] "GET /ysbio/world/germany/hegel24.jpg HTTP/1.1" 404 88 "-" "Mozilla/5.0 (Macintosh; Intel Mac OS X 10_15_7) AppleWebKit/537.36 (KHTML, like Gecko) Chrome/107.0.0.0 Safari/537.36" "ysfine.com"
49.37.53.178 - - [21/Feb/2023:10:21:13 -0800] "GET /feynman/feydirac.jpg HTTP/1.1" 200 98378 "https://www.google.com/" "Mozilla/5.0 (Windows NT 10.0; Win64; x64) AppleWebKit/537.36 (KHTML, like Gecko) Chrome/110.0.0.0 Safari/537.36" "ysfine.com"
52.167.144.35 - - [21/Feb/2023:10:21:31 -0800] "GET /sbk/2010spb55.jpg HTTP/1.1" 200 89860 "-" "Mozilla/5.0 AppleWebKit/537.36 (KHTML, like Gecko; compatible; bingbot/2.0; +http://www.bing.com/bingbot.htm) Chrome/103.0.5060.134 Safari/537.36" "ysfine.com"
64.124.8.49 - - [21/Feb/2023:10:21:59 -0800] "GET /ffriends/amkor/amhigh05.jpg HTTP/1.1" 200 139095 "-" "Mozilla/5.0 (Macintosh; Intel Mac OS X 10_15_7) AppleWebKit/537.36 (KHTML, like Gecko) Chrome/107.0.0.0 Safari/537.36" "ysfine.com"
40.77.167.211 - - [21/Feb/2023:10:22:04 -0800] "GET /world/russ/basil21b.jpg HTTP/1.1" 200 44478 "-" "Mozilla/5.0 AppleWebKit/537.36 (KHTML, like Gecko; compatible; bingbot/2.0; +http://www.bing.com/bingbot.htm) Chrome/103.0.5060.134 Safari/537.36" "ysfine.com"
51.222.253.4 - - [21/Feb/2023:10:22:22 -0800] "GET /robots.txt HTTP/1.1" 404 88 "-" "Mozilla/5.0 (compatible; AhrefsBot/7.0; +http://ahrefs.com/robot/)" "www.ysfine.com"
51.222.253.11 - - [21/Feb/2023:10:22:24 -0800] "GET /folks/wheeler.html HTTP/1.1" 200 3348 "-" "Mozilla/5.0 (compatible; AhrefsBot/7.0; +http://ahrefs.com/robot/)" "www.ysfine.com"
51.222.253.6 - - [21/Feb/2023:10:22:28 -0800] "GET /folks/wheekim2.jpg HTTP/1.1" 200 46245 "-" "Mozilla/5.0 (compatible; AhrefsBot/7.0; +http://ahrefs.com/robot/)" "www.ysfine.com"
51.222.253.16 - - [21/Feb/2023:10:22:28 -0800] "GET /folks/wheemos2.jpg HTTP/1.1" 200 46241 "-" "Mozilla/5.0 (compatible; AhrefsBot/7.0; +http://ahrefs.com/robot/)" "www.ysfine.com"
51.222.253.14 - - [21/Feb/2023:10:22:29 -0800] "GET /folks/wheemaine2.jpg HTTP/1.1" 200 34617 "-" "Mozilla/5.0 (compatible; AhrefsBot/7.0; +http://ahrefs.com/robot/)" "www.ysfine.com"
64.124.8.50 - - [21/Feb/2023:10:23:20 -0800] "GET /world/brit/imperialc10.jpg HTTP/1.1" 200 58053 "-" "Mozilla/5.0 (Macintosh; Intel Mac OS X 10_15_7) AppleWebKit/537.36 (KHTML, like Gecko) Chrome/107.0.0.0 Safari/537.36" "ysfine.com"
52.167.144.35 - - [21/Feb/2023:10:24:12 -0800] "GET /bio/style/artlove.html HTTP/1.1" 404 88 "-" "Mozilla/5.0 AppleWebKit/537.36 (KHTML, like Gecko; compatible; bingbot/2.0; +http://www.bing.com/bingbot.htm) Chrome/103.0.5060.134 Safari/537.36" "ysfine.com"
5.161.88.42 - - [21/Feb/2023:10:24:53 -0800] "GET /wigner/wigner39.pdf HTTP/1.1" 200 1398440 "-" "Mozilla/5.0 (Windows NT 10.0; Win64; x64) AppleWebKit/537.36 (KHTML, like Gecko) Chrome/84.0.4147.105 Safari/537.36" "ysfine.com"
64.124.8.28 - - [21/Feb/2023:10:24:55 -0800] "GET /einstein/places/einmu07.jpg HTTP/1.1" 200 90443 "-" "Mozilla/5.0 (Macintosh; Intel Mac OS X 10_15_7) AppleWebKit/537.36 (KHTML, like Gecko) Chrome/107.0.0.0 Safari/537.36" "ysfine.com"
64.124.8.55 - - [21/Feb/2023:10:25:07 -0800] "GET /princeton/wilson03.jpg HTTP/1.1" 200 131533 "-" "Mozilla/5.0 (Macintosh; Intel Mac OS X 10_15_7) AppleWebKit/537.36 (KHTML, like Gecko) Chrome/107.0.0.0 Safari/537.36" "www.ysfine.com"
20.225.159.22 - - [21/Feb/2023:10:25:43 -0800] "GET /data/admin/allowurl.txt HTTP/1.1" 404 88 "-" "Mozilla/5.0 (Windows NT 10.0; WOW64; rv:48.0) Gecko/20100101 Firefox/48.0" "www.ysfine.com"
64.124.8.57 - - [21/Feb/2023:10:26:08 -0800] "GET /ysbio/world/russ/masha55.jpg HTTP/1.1" 404 88 "-" "Mozilla/5.0 (Macintosh; Intel Mac OS X 10_15_7) AppleWebKit/537.36 (KHTML, like Gecko) Chrome/107.0.0.0 Safari/537.36" "ysfine.com"
52.167.144.35 - - [21/Feb/2023:10:26:32 -0800] "GET /bio/kobak/yskor.html HTTP/1.1" 404 88 "-" "Mozilla/5.0 AppleWebKit/537.36 (KHTML, like Gecko; compatible; bingbot/2.0; +http://www.bing.com/bingbot.htm) Chrome/103.0.5060.134 Safari/537.36" "ysfine.com"
64.124.8.55 - - [21/Feb/2023:10:27:24 -0800] "GET /kowar/tanks/tank01.jpg HTTP/1.1" 200 81859 "-" "Mozilla/5.0 (Macintosh; Intel Mac OS X 10_15_7) AppleWebKit/537.36 (KHTML, like Gecko) Chrome/107.0.0.0 Safari/537.36" "ysfine.com"
64.124.8.57 - - [21/Feb/2023:10:28:07 -0800] "GET /world/hungary/buda238.jpg HTTP/1.1" 404 88 "-" "Mozilla/5.0 (Macintosh; Intel Mac OS X 10_15_7) AppleWebKit/537.36 (KHTML, like Gecko) Chrome/107.0.0.0 Safari/537.36" "ysfine.com"
52.167.144.62 - - [21/Feb/2023:10:28:08 -0800] "GET /world/france/arles02.jpg HTTP/1.1" 200 116923 "-" "Mozilla/5.0 AppleWebKit/537.36 (KHTML, like Gecko; compatible; bingbot/2.0; +http://www.bing.com/bingbot.htm) Chrome/103.0.5060.134 Safari/537.36" "ysfine.com"
64.124.8.53 - - [21/Feb/2023:10:28:35 -0800] "GET /maga/phys/farad10.jpg HTTP/1.1" 200 165657 "-" "Mozilla/5.0 (Macintosh; Intel Mac OS X 10_15_7) AppleWebKit/537.36 (KHTML, like Gecko) Chrome/107.0.0.0 Safari/537.36" "ysfine.com"
64.124.8.56 - - [21/Feb/2023:10:29:36 -0800] "GET /world/ital/flor063.jpg HTTP/1.1" 200 145029 "-" "Mozilla/5.0 (Macintosh; Intel Mac OS X 10_15_7) AppleWebKit/537.36 (KHTML, like Gecko) Chrome/107.0.0.0 Safari/537.36" "www.ysfine.com"
64.124.8.57 - - [21/Feb/2023:10:29:56 -0800] "GET /world/ital/repub27.jpg HTTP/1.1" 200 134409 "-" "Mozilla/5.0 (Macintosh; Intel Mac OS X 10_15_7) AppleWebKit/537.36 (KHTML, like Gecko) Chrome/107.0.0.0 Safari/537.36" "ysfine.com"
64.124.8.28 - - [21/Feb/2023:10:30:10 -0800] "GET /style/musee/pradom11.jpg HTTP/1.1" 200 141754 "-" "Mozilla/5.0 (Macintosh; Intel Mac OS X 10_15_7) AppleWebKit/537.36 (KHTML, like Gecko) Chrome/107.0.0.0 Safari/537.36" "www.ysfine.com"
207.46.13.220 - - [21/Feb/2023:10:30:22 -0800] "GET /bio/kobak/soraech.html HTTP/1.1" 404 88 "-" "Mozilla/5.0 AppleWebKit/537.36 (KHTML, like Gecko; compatible; bingbot/2.0; +http://www.bing.com/bingbot.htm) Chrome/103.0.5060.134 Safari/537.36" "ysfine.com"
40.77.167.211 - - [21/Feb/2023:10:30:26 -0800] "GET /kobak/namdae01.jpg HTTP/1.1" 200 234546 "-" "Mozilla/5.0 AppleWebKit/537.36 (KHTML, like Gecko; compatible; bingbot/2.0; +http://www.bing.com/bingbot.htm) Chrome/103.0.5060.134 Safari/537.36" "ysfine.com"
51.222.253.8 - - [21/Feb/2023:10:30:28 -0800] "GET /robots.txt HTTP/1.1" 404 88 "-" "Mozilla/5.0 (compatible; AhrefsBot/7.0; +http://ahrefs.com/robot/)" "ysfine.com"
52.167.144.35 - - [21/Feb/2023:10:30:32 -0800] "GET /world/germany/dresdenf01b.jpg HTTP/1.1" 200 31080 "-" "Mozilla/5.0 AppleWebKit/537.36 (KHTML, like Gecko; compatible; bingbot/2.0; +http://www.bing.com/bingbot.htm) Chrome/103.0.5060.134 Safari/537.36" "www.ysfine.com"
52.167.144.35 - - [21/Feb/2023:10:30:32 -0800] "GET /maga/invent/marconi02c.jpg HTTP/1.1" 200 27154 "-" "Mozilla/5.0 AppleWebKit/537.36 (KHTML, like Gecko; compatible; bingbot/2.0; +http://www.bing.com/bingbot.htm) Chrome/103.0.5060.134 Safari/537.36" "www.ysfine.com"
207.46.13.207 - - [21/Feb/2023:10:30:33 -0800] "GET /maga/phys/farad10.jpg HTTP/1.1" 200 165657 "-" "Mozilla/5.0 AppleWebKit/537.36 (KHTML, like Gecko; compatible; bingbot/2.0; +http://www.bing.com/bingbot.htm) Chrome/103.0.5060.134 Safari/537.36" "ysfine.com"
64.124.8.52 - - [21/Feb/2023:10:31:01 -0800] "GET /world/germany/vienvolkart11.jpg HTTP/1.1" 200 103450 "-" "Mozilla/5.0 (Macintosh; Intel Mac OS X 10_15_7) AppleWebKit/537.36 (KHTML, like Gecko) Chrome/107.0.0.0 Safari/537.36" "www.ysfine.com"
64.124.8.55 - - [21/Feb/2023:10:31:34 -0800] "GET /ysbio/einstein/places/ulm30.jpg HTTP/1.1" 404 88 "-" "Mozilla/5.0 (Macintosh; Intel Mac OS X 10_15_7) AppleWebKit/537.36 (KHTML, like Gecko) Chrome/107.0.0.0 Safari/537.36" "ysfine.com"
47.62.223.60 - - [21/Feb/2023:10:31:49 -0800] "GET /maga/phys/naimar/pewk09.jpg HTTP/1.1" 200 54557 "https://www.google.com/" "Mozilla/5.0 (Linux; Android 13; SM-A037G Build/TP1A.220624.014; wv) AppleWebKit/537.36 (KHTML, like Gecko) Version/4.0 Chrome/110.0.5481.65 Mobile Safari/537.36 GoogleApp/14.6.11.26.arm64" "ysfine.com"
64.124.8.53 - - [21/Feb/2023:10:32:29 -0800] "GET /world/latina/rio051.jpg HTTP/1.1" 200 119338 "-" "Mozilla/5.0 (Macintosh; Intel Mac OS X 10_15_7) AppleWebKit/537.36 (KHTML, like Gecko) Chrome/107.0.0.0 Safari/537.36" "ysfine.com"
105.245.112.168 - - [21/Feb/2023:10:32:32 -0800] "GET /yspapers/bound22.pdf HTTP/1.1" 200 5587576 "-" "Dalvik/2.1.0 (Linux; U; Android 10; STK-L22 Build/HUAWEISTK-L22)" "ysfine.com"
52.167.144.35 - - [21/Feb/2023:10:33:03 -0800] "GET /usca/pitt/kwkpgh01b.jpg HTTP/1.1" 200 48537 "-" "Mozilla/5.0 AppleWebKit/537.36 (KHTML, like Gecko; compatible; bingbot/2.0; +http://www.bing.com/bingbot.htm) Chrome/103.0.5060.134 Safari/537.36" "www.ysfine.com"
64.124.8.56 - - [21/Feb/2023:10:33:22 -0800] "GET /dirac/dirbust22.jpg HTTP/1.1" 200 88173 "-" "Mozilla/5.0 (Macintosh; Intel Mac OS X 10_15_7) AppleWebKit/537.36 (KHTML, like Gecko) Chrome/107.0.0.0 Safari/537.36" "ysfine.com"
64.124.8.56 - - [21/Feb/2023:10:33:32 -0800] "GET /world/brit/eton02.jpg HTTP/1.1" 200 87821 "-" "Mozilla/5.0 (Macintosh; Intel Mac OS X 10_15_7) AppleWebKit/537.36 (KHTML, like Gecko) Chrome/107.0.0.0 Safari/537.36" "www.ysfine.com"
40.77.167.211 - - [21/Feb/2023:10:33:46 -0800] "GET /bio/wigner/e(2).html HTTP/1.1" 404 88 "-" "Mozilla/5.0 AppleWebKit/537.36 (KHTML, like Gecko; compatible; bingbot/2.0; +http://www.bing.com/bingbot.htm) Chrome/103.0.5060.134 Safari/537.36" "ysfine.com"
121.227.220.146 - - [21/Feb/2023:10:34:30 -0800] "GET /maga/phys/weylbook33.jpg HTTP/1.1" 200 257051 "-" "Mozilla/5.0 (Windows; U; Windows NT 6.1; en-us) AppleWebKit/534.50 (KHTML, like Gecko) Version/5.1 Safari/534.50" "ysfine.com"
5.52.24.162 - - [21/Feb/2023:10:34:32 -0800] "GET /robots.txt HTTP/1.1" 404 88 "-" "Mozilla/5.0 (iPhone; U; CPU iPhone OS 4_1 like Mac OS X; en-us) AppleWebKit/532.9 (KHTML, like Gecko) Version/4.0.5 Mobile/8B117 Safari/6531.22.7" "ysfine.com"
91.133.237.82 - - [21/Feb/2023:10:34:32 -0800] "GET / HTTP/1.1" 200 5295 "-" "Mozilla/5.0 (iPhone; U; ru; CPU iPhone OS 4_2_1 like Mac OS X; ru) AppleWebKit/533.17.9 (KHTML, like Gecko) Version/5.0.2 Mobile/8C148a Safari/6533.18.5" "ysfine.com"
5.52.128.190 - - [21/Feb/2023:10:34:32 -0800] "GET / HTTP/1.1" 200 5295 "-" "Mozilla/5.0 (iPhone; U; CPU iPhone OS 4_1 like Mac OS X; en-us) AppleWebKit/532.9 (KHTML, like Gecko) Version/4.0.5 Mobile/8B5097d Safari/6531.22.7" "ysfine.com"
91.133.241.9 - - [21/Feb/2023:10:34:32 -0800] "GET /robots.txt HTTP/1.1" 404 88 "-" "Mozilla/5.0 (iPhone; U; CPU iPhone OS 4_3 like Mac OS X; fr-fr) AppleWebKit/533.17.9 (KHTML, like Gecko) Version/5.0.2 Mobile/8F190 Safari/6533.18.5" "ysfine.com"
51.222.253.4 - - [21/Feb/2023:10:34:37 -0800] "GET /kobak/soraech.html HTTP/1.1" 200 16732 "-" "Mozilla/5.0 (compatible; AhrefsBot/7.0; +http://ahrefs.com/robot/)" "www.ysfine.com"
51.222.253.3 - - [21/Feb/2023:10:34:39 -0800] "GET /kowar/tanks/sherman44b.jpg HTTP/1.1" 200 34454 "-" "Mozilla/5.0 (compatible; AhrefsBot/7.0; +http://ahrefs.com/robot/)" "www.ysfine.com"
51.222.253.15 - - [21/Feb/2023:10:34:40 -0800] "GET /kobak/underw01b.jpg HTTP/1.1" 200 36835 "-" "Mozilla/5.0 (compatible; AhrefsBot/7.0; +http://ahrefs.com/robot/)" "www.ysfine.com"
51.222.253.11 - - [21/Feb/2023:10:34:41 -0800] "GET /kobak/mskim03b.jpg HTTP/1.1" 200 44430 "-" "Mozilla/5.0 (compatible; AhrefsBot/7.0; +http://ahrefs.com/robot/)" "www.ysfine.com"
51.222.253.1 - - [21/Feb/2023:10:34:42 -0800] "GET /eink/eink61c.jpg HTTP/1.1" 200 34119 "-" "Mozilla/5.0 (compatible; AhrefsBot/7.0; +http://ahrefs.com/robot/)" "www.ysfine.com"
132.76.214.72 - - [21/Feb/2023:10:34:42 -0800] "GET /newyork/trumpmap11.jpg HTTP/1.1" 200 89520 "-" "Mozilla/5.0 (X11; Ubuntu; Linux x86_64; rv:72.0) Gecko/20100101 Firefox/72.0" "ysfine.com"
51.222.253.12 - - [21/Feb/2023:10:34:43 -0800] "GET /kobak/sorae/church102b.jpg HTTP/1.1" 200 39343 "-" "Mozilla/5.0 (compatible; AhrefsBot/7.0; +http://ahrefs.com/robot/)" "www.ysfine.com"
51.222.253.13 - - [21/Feb/2023:10:34:43 -0800] "GET /kobak/somap38b.jpg HTTP/1.1" 200 54149 "-" "Mozilla/5.0 (compatible; AhrefsBot/7.0; +http://ahrefs.com/robot/)" "www.ysfine.com"
51.222.253.1 - - [21/Feb/2023:10:34:44 -0800] "GET /kobak/sorae/church02b.jpg HTTP/1.1" 200 40321 "-" "Mozilla/5.0 (compatible; AhrefsBot/7.0; +http://ahrefs.com/robot/)" "www.ysfine.com"
51.222.253.3 - - [21/Feb/2023:10:34:44 -0800] "GET /kobak/underw25b.jpg HTTP/1.1" 200 36194 "-" "Mozilla/5.0 (compatible; AhrefsBot/7.0; +http://ahrefs.com/robot/)" "www.ysfine.com"
51.222.253.10 - - [21/Feb/2023:10:34:45 -0800] "GET /kobak/sohnwi01b.jpg HTTP/1.1" 200 35047 "-" "Mozilla/5.0 (compatible; AhrefsBot/7.0; +http://ahrefs.com/robot/)" "www.ysfine.com"
51.222.253.12 - - [21/Feb/2023:10:34:45 -0800] "GET /kobak/nll01b.jpg HTTP/1.1" 200 30471 "-" "Mozilla/5.0 (compatible; AhrefsBot/7.0; +http://ahrefs.com/robot/)" "www.ysfine.com"
51.222.253.17 - - [21/Feb/2023:10:34:46 -0800] "GET /kobak/sorae/church05b.jpg HTTP/1.1" 200 66213 "-" "Mozilla/5.0 (compatible; AhrefsBot/7.0; +http://ahrefs.com/robot/)" "www.ysfine.com"
51.222.253.16 - - [21/Feb/2023:10:34:46 -0800] "GET /kobak/sorae/church09b.jpg HTTP/1.1" 200 63003 "-" "Mozilla/5.0 (compatible; AhrefsBot/7.0; +http://ahrefs.com/robot/)" "www.ysfine.com"
51.222.253.9 - - [21/Feb/2023:10:34:47 -0800] "GET /kowar/kimis53b.jpg HTTP/1.1" 200 44376 "-" "Mozilla/5.0 (compatible; AhrefsBot/7.0; +http://ahrefs.com/robot/)" "www.ysfine.com"
51.222.253.19 - - [21/Feb/2023:10:34:47 -0800] "GET /kobak/sorae/church06b.jpg HTTP/1.1" 200 49022 "-" "Mozilla/5.0 (compatible; AhrefsBot/7.0; +http://ahrefs.com/robot/)" "www.ysfine.com"
51.222.253.15 - - [21/Feb/2023:10:34:48 -0800] "GET /kobak/underw03b.jpg HTTP/1.1" 200 37749 "-" "Mozilla/5.0 (compatible; AhrefsBot/7.0; +http://ahrefs.com/robot/)" "www.ysfine.com"
51.222.253.12 - - [21/Feb/2023:10:34:48 -0800] "GET /kobak/sorae/kumipo01b.jpg HTTP/1.1" 200 30861 "-" "Mozilla/5.0 (compatible; AhrefsBot/7.0; +http://ahrefs.com/robot/)" "www.ysfine.com"
51.222.253.3 - - [21/Feb/2023:10:34:48 -0800] "GET /kobak/underw06b.jpg HTTP/1.1" 200 51332 "-" "Mozilla/5.0 (compatible; AhrefsBot/7.0; +http://ahrefs.com/robot/)" "www.ysfine.com"
51.222.253.4 - - [21/Feb/2023:10:34:49 -0800] "GET /kobak/mskim01b.jpg HTTP/1.1" 200 51469 "-" "Mozilla/5.0 (compatible; AhrefsBot/7.0; +http://ahrefs.com/robot/)" "www.ysfine.com"
51.222.253.18 - - [21/Feb/2023:10:34:49 -0800] "GET /kobak/sorae/church03b.jpg HTTP/1.1" 200 50665 "-" "Mozilla/5.0 (compatible; AhrefsBot/7.0; +http://ahrefs.com/robot/)" "www.ysfine.com"
51.222.253.4 - - [21/Feb/2023:10:34:50 -0800] "GET /kobak/sorae/church07b.jpg HTTP/1.1" 200 55556 "-" "Mozilla/5.0 (compatible; AhrefsBot/7.0; +http://ahrefs.com/robot/)" "www.ysfine.com"
51.222.253.1 - - [21/Feb/2023:10:34:50 -0800] "GET /kobak/underw09b.jpg HTTP/1.1" 200 60928 "-" "Mozilla/5.0 (compatible; AhrefsBot/7.0; +http://ahrefs.com/robot/)" "www.ysfine.com"
51.222.253.15 - - [21/Feb/2023:10:34:51 -0800] "GET /kobak/sorae/church103b.jpg HTTP/1.1" 200 41194 "-" "Mozilla/5.0 (compatible; AhrefsBot/7.0; +http://ahrefs.com/robot/)" "www.ysfine.com"
51.222.253.9 - - [21/Feb/2023:10:34:51 -0800] "GET /kobak/underw08b.jpg HTTP/1.1" 200 48993 "-" "Mozilla/5.0 (compatible; AhrefsBot/7.0; +http://ahrefs.com/robot/)" "www.ysfine.com"
51.222.253.6 - - [21/Feb/2023:10:34:51 -0800] "GET /kobak/sorae/church12b.jpg HTTP/1.1" 200 56689 "-" "Mozilla/5.0 (compatible; AhrefsBot/7.0; +http://ahrefs.com/robot/)" "www.ysfine.com"
51.222.253.11 - - [21/Feb/2023:10:34:52 -0800] "GET /kobak/gojong01b.jpg HTTP/1.1" 200 43980 "-" "Mozilla/5.0 (compatible; AhrefsBot/7.0; +http://ahrefs.com/robot/)" "www.ysfine.com"
51.222.253.10 - - [21/Feb/2023:10:34:52 -0800] "GET /kobak/rhee12b.jpg HTTP/1.1" 200 49113 "-" "Mozilla/5.0 (compatible; AhrefsBot/7.0; +http://ahrefs.com/robot/)" "www.ysfine.com"
51.222.253.4 - - [21/Feb/2023:10:34:53 -0800] "GET /kobak/sorae/grandpa11b.jpg HTTP/1.1" 200 20714 "-" "Mozilla/5.0 (compatible; AhrefsBot/7.0; +http://ahrefs.com/robot/)" "www.ysfine.com"
51.222.253.9 - - [21/Feb/2023:10:34:54 -0800] "GET /kobak/underw21b.jpg HTTP/1.1" 200 45991 "-" "Mozilla/5.0 (compatible; AhrefsBot/7.0; +http://ahrefs.com/robot/)" "www.ysfine.com"
51.222.253.15 - - [21/Feb/2023:10:34:54 -0800] "GET /kobak/underw26b.jpg HTTP/1.1" 200 56057 "-" "Mozilla/5.0 (compatible; AhrefsBot/7.0; +http://ahrefs.com/robot/)" "www.ysfine.com"
51.222.253.19 - - [21/Feb/2023:10:34:56 -0800] "GET /kobak/sorae01b.jpg HTTP/1.1" 200 31668 "-" "Mozilla/5.0 (compatible; AhrefsBot/7.0; +http://ahrefs.com/robot/)" "www.ysfine.com"
51.222.253.8 - - [21/Feb/2023:10:35:06 -0800] "GET /kobak/sorae/church105b.jpg HTTP/1.1" 200 36895 "-" "Mozilla/5.0 (compatible; AhrefsBot/7.0; +http://ahrefs.com/robot/)" "www.ysfine.com"
51.222.253.4 - - [21/Feb/2023:10:35:07 -0800] "GET /kowar/tanks/b29b.jpg HTTP/1.1" 200 33471 "-" "Mozilla/5.0 (compatible; AhrefsBot/7.0; +http://ahrefs.com/robot/)" "www.ysfine.com"
51.222.253.8 - - [21/Feb/2023:10:35:08 -0800] "GET /kobak/sorae/alexvic11b.jpg HTTP/1.1" 200 47312 "-" "Mozilla/5.0 (compatible; AhrefsBot/7.0; +http://ahrefs.com/robot/)" "www.ysfine.com"
51.222.253.4 - - [21/Feb/2023:10:35:09 -0800] "GET /kobak/underw22b.jpg HTTP/1.1" 200 68866 "-" "Mozilla/5.0 (compatible; AhrefsBot/7.0; +http://ahrefs.com/robot/)" "www.ysfine.com"
51.222.253.1 - - [21/Feb/2023:10:35:11 -0800] "GET /world/russ/roskei90b.jpg HTTP/1.1" 200 50111 "-" "Mozilla/5.0 (compatible; AhrefsBot/7.0; +http://ahrefs.com/robot/)" "www.ysfine.com"
52.167.144.62 - - [21/Feb/2023:10:35:39 -0800] "GET /home/fig22/acs73f.jpg HTTP/1.1" 200 284573 "-" "Mozilla/5.0 AppleWebKit/537.36 (KHTML, like Gecko; compatible; bingbot/2.0; +http://www.bing.com/bingbot.htm) Chrome/103.0.5060.134 Safari/537.36" "ysfine.com"
17.246.23.140 - - [21/Feb/2023:10:36:00 -0800] "GET /kobak/kobtop.html HTTP/1.1" 200 467 "https://ysfine.com/kobak/index.html" "Mozilla/5.0 (Macintosh; Intel Mac OS X 10_15_5) AppleWebKit/605.1.15 (KHTML, like Gecko) Version/13.1.1 Safari/605.1.15 (Applebot/0.1; +http://www.apple.com/go/applebot)" "ysfine.com"
17.246.23.170 - - [21/Feb/2023:10:36:01 -0800] "GET /kobak/kobbot.html HTTP/1.1" 200 137 "https://ysfine.com/kobak/index.html" "Mozilla/5.0 (Macintosh; Intel Mac OS X 10_15_5) AppleWebKit/605.1.15 (KHTML, like Gecko) Version/13.1.1 Safari/605.1.15 (Applebot/0.1; +http://www.apple.com/go/applebot)" "ysfine.com"
17.246.23.170 - - [21/Feb/2023:10:36:01 -0800] "GET /kobak/yskor.html HTTP/1.1" 200 9943 "https://ysfine.com/kobak/kobbot.html" "Mozilla/5.0 (Macintosh; Intel Mac OS X 10_15_5) AppleWebKit/605.1.15 (KHTML, like Gecko) Version/13.1.1 Safari/605.1.15 (Applebot/0.1; +http://www.apple.com/go/applebot)" "ysfine.com"
17.246.23.140 - - [21/Feb/2023:10:36:02 -0800] "GET /kobak/kobleft.html HTTP/1.1" 200 641 "https://ysfine.com/kobak/kobbot.html" "Mozilla/5.0 (Macintosh; Intel Mac OS X 10_15_5) AppleWebKit/605.1.15 (KHTML, like Gecko) Version/13.1.1 Safari/605.1.15 (Applebot/0.1; +http://www.apple.com/go/applebot)" "ysfine.com"
121.232.173.232 - - [21/Feb/2023:10:36:05 -0800] "GET /maga/phys/weylbook33.jpg HTTP/1.1" 200 257051 "-" "Mozilla/5.0 (Windows; U; Windows NT 6.1; en-us) AppleWebKit/534.50 (KHTML, like Gecko) Version/5.1 Safari/534.50" "ysfine.com"
52.167.144.62 - - [21/Feb/2023:10:36:29 -0800] "GET /bio/style/proschanie.html HTTP/1.1" 404 88 "-" "Mozilla/5.0 AppleWebKit/537.36 (KHTML, like Gecko; compatible; bingbot/2.0; +http://www.bing.com/bingbot.htm) Chrome/103.0.5060.134 Safari/537.36" "ysfine.com"
64.124.8.57 - - [21/Feb/2023:10:36:34 -0800] "GET /princeton/tilghman.jpg HTTP/1.1" 404 88 "-" "Mozilla/5.0 (Macintosh; Intel Mac OS X 10_15_7) AppleWebKit/537.36 (KHTML, like Gecko) Chrome/107.0.0.0 Safari/537.36" "ysfine.com"
64.124.8.57 - - [21/Feb/2023:10:36:41 -0800] "GET /ysbio/world/russ/basil01.jpg HTTP/1.1" 404 88 "-" "Mozilla/5.0 (Macintosh; Intel Mac OS X 10_15_7) AppleWebKit/537.36 (KHTML, like Gecko) Chrome/107.0.0.0 Safari/537.36" "ysfine.com"
64.124.8.53 - - [21/Feb/2023:10:37:17 -0800] "GET /world/russ/minsk066.jpg HTTP/1.1" 200 66672 "-" "Mozilla/5.0 (Macintosh; Intel Mac OS X 10_15_7) AppleWebKit/537.36 (KHTML, like Gecko) Chrome/107.0.0.0 Safari/537.36" "www.ysfine.com"
64.124.8.52 - - [21/Feb/2023:10:37:29 -0800] "GET /world/ital/repub01.jpg HTTP/1.1" 200 106228 "-" "Mozilla/5.0 (Macintosh; Intel Mac OS X 10_15_7) AppleWebKit/537.36 (KHTML, like Gecko) Chrome/107.0.0.0 Safari/537.36" "www.ysfine.com"
95.163.255.100 - - [21/Feb/2023:10:37:48 -0800] "GET /robots.txt HTTP/1.1" 404 73 "-" "Mozilla/5.0 (compatible; Linux x86_64; Mail.RU_Bot/Img/2.0; +https://help.mail.ru/webmaster/indexing/robots)" "www.ysfine.com"
95.163.255.91 - - [21/Feb/2023:10:38:02 -0800] "GET /eink/eink22.html HTTP/1.1" 404 88 "http://go.mail.ru/search_images" "Mozilla/5.0 (compatible; Linux x86_64; Mail.RU_Bot/Img/2.0; +https://help.mail.ru/webmaster/indexing/robots)" "www.ysfine.com"
154.115.221.158 - - [21/Feb/2023:10:38:03 -0800] "GET /feynman/feydirac.jpg HTTP/1.1" 200 98378 "-" "com.google.android.apps.searchlite/63665 (Linux; U; Android 8.1.0; en_US; SM-J410F; Build/M1AJB; Cronet/108.0.5359.47)" "ysfine.com"
64.124.8.57 - - [21/Feb/2023:10:38:20 -0800] "GET /kowar/mil/tank03.jpg HTTP/1.1" 404 88 "-" "Mozilla/5.0 (Macintosh; Intel Mac OS X 10_15_7) AppleWebKit/537.36 (KHTML, like Gecko) Chrome/107.0.0.0 Safari/537.36" "ysfine.com"
221.230.221.195 - - [21/Feb/2023:10:38:42 -0800] "GET /maga/phys/weylbook22.jpg HTTP/1.1" 200 129949 "-" "Mozilla/5.0 (compatible; MSIE 9.0; Windows NT 6.1; Trident/5.0" "ysfine.com"
64.124.8.57 - - [21/Feb/2023:10:38:45 -0800] "GET /style/cameras/fed39.jpg HTTP/1.1" 200 254777 "-" "Mozilla/5.0 (Macintosh; Intel Mac OS X 10_15_7) AppleWebKit/537.36 (KHTML, like Gecko) Chrome/107.0.0.0 Safari/537.36" "ysfine.com"
114.96.197.121 - - [21/Feb/2023:10:38:55 -0800] "GET /maga/phys/sternberg.jpg HTTP/1.1" 200 95403 "-" "Mozilla/4.0 (compatible; MSIE 7.0; Windows NT 5.1; 360SE)" "ysfine.com"
73.17.111.193 - - [21/Feb/2023:10:39:24 -0800] "GET /princeton/brooke22.jpg HTTP/1.1" 200 87673 "https://www.google.com/" "Mozilla/5.0 (Macintosh; Intel Mac OS X 10_15_7) AppleWebKit/537.36 (KHTML, like Gecko) Chrome/110.0.0.0 Safari/537.36" "ysfine.com"
61.147.15.67 - - [21/Feb/2023:10:39:26 -0800] "GET / HTTP/1.1" 200 5295 "-" "Mozilla/5.0 (Windows; U; Windows NT 5.1; en-US; rv:1.9.2b4) Gecko/20091124 Firefox/3.6b4" "ysfine.com"
154.115.221.158 - - [21/Feb/2023:10:39:27 -0800] "GET /maga/phys/yukadirac53.jpg HTTP/1.1" 200 72355 "-" "com.google.android.apps.searchlite/63665 (Linux; U; Android 8.1.0; en_US; SM-J410F; Build/M1AJB; Cronet/108.0.5359.47)" "ysfine.com"
64.124.8.53 - - [21/Feb/2023:10:39:33 -0800] "GET /wdc/washmo23.jpg HTTP/1.1" 200 61356 "-" "Mozilla/5.0 (Macintosh; Intel Mac OS X 10_15_7) AppleWebKit/537.36 (KHTML, like Gecko) Chrome/107.0.0.0 Safari/537.36" "ysfine.com"
73.17.111.193 - - [21/Feb/2023:10:39:34 -0800] "GET /princeton/brooke.html HTTP/1.1" 200 952 "https://www.google.com/" "Mozilla/5.0 (Macintosh; Intel Mac OS X 10_15_7) AppleWebKit/537.36 (KHTML, like Gecko) Chrome/110.0.0.0 Safari/537.36" "ysfine.com"
73.17.111.193 - - [21/Feb/2023:10:39:34 -0800] "GET /princeton/brooke22.jpg HTTP/1.1" 200 87673 "https://ysfine.com/princeton/brooke.html" "Mozilla/5.0 (Macintosh; Intel Mac OS X 10_15_7) AppleWebKit/537.36 (KHTML, like Gecko) Chrome/110.0.0.0 Safari/537.36" "ysfine.com"
73.17.111.193 - - [21/Feb/2023:10:39:34 -0800] "GET /princeton/brooke28.jpg HTTP/1.1" 200 60032 "https://ysfine.com/princeton/brooke.html" "Mozilla/5.0 (Macintosh; Intel Mac OS X 10_15_7) AppleWebKit/537.36 (KHTML, like Gecko) Chrome/110.0.0.0 Safari/537.36" "ysfine.com"
73.17.111.193 - - [21/Feb/2023:10:39:34 -0800] "GET /princeton/brooke88.jpg HTTP/1.1" 200 82208 "https://ysfine.com/princeton/brooke.html" "Mozilla/5.0 (Macintosh; Intel Mac OS X 10_15_7) AppleWebKit/537.36 (KHTML, like Gecko) Chrome/110.0.0.0 Safari/537.36" "ysfine.com"
73.17.111.193 - - [21/Feb/2023:10:39:34 -0800] "GET /favicon.ico HTTP/1.1" 404 88 "https://ysfine.com/princeton/brooke.html" "Mozilla/5.0 (Macintosh; Intel Mac OS X 10_15_7) AppleWebKit/537.36 (KHTML, like Gecko) Chrome/110.0.0.0 Safari/537.36" "ysfine.com"
207.46.13.218 - - [21/Feb/2023:10:39:43 -0800] "GET /sbk/2008athens11.jpg HTTP/1.1" 200 230511 "-" "Mozilla/5.0 AppleWebKit/537.36 (KHTML, like Gecko; compatible; bingbot/2.0; +http://www.bing.com/bingbot.htm) Chrome/103.0.5060.134 Safari/537.36" "ysfine.com"
61.147.15.65 - - [21/Feb/2023:10:40:00 -0800] "GET / HTTP/1.1" 200 5295 "-" "Dalvik/2.1.0 (Linux; U; Android 9.0; ZTE BA520 Build/MRA58K)" "ysfine.com"
61.147.15.65 - - [21/Feb/2023:10:40:13 -0800] "GET / HTTP/1.1" 200 5295 "-" "Dalvik/2.1.0 (Linux; U; Android 9.0; ZTE BA520 Build/MRA58K)" "ysfine.com"
64.124.8.49 - - [21/Feb/2023:10:40:15 -0800] "GET /world/scandi/copen113.jpg HTTP/1.1" 200 152204 "-" "Mozilla/5.0 (Macintosh; Intel Mac OS X 10_15_7) AppleWebKit/537.36 (KHTML, like Gecko) Chrome/107.0.0.0 Safari/537.36" "ysfine.com"
154.115.221.158 - - [21/Feb/2023:10:40:17 -0800] "GET /dirac/dirheisen31b.jpg HTTP/1.1" 200 39248 "-" "com.google.android.apps.searchlite/63665 (Linux; U; Android 8.1.0; en_US; SM-J410F; Build/M1AJB; Cronet/108.0.5359.47)" "ysfine.com"
61.147.15.65 - - [21/Feb/2023:10:40:20 -0800] "GET / HTTP/1.1" 200 5295 "-" "Mozilla/5.0 (Macintosh; Intel Mac OS X 10_11) AppleWebKit/601.1.27 (KHTML, like Gecko) Chrome/47.0.2526.106 Safari/601.1.27" "ysfine.com"
61.147.15.65 - - [21/Feb/2023:10:40:31 -0800] "GET / HTTP/1.1" 200 5295 "-" "Mozilla/5.0 (Macintosh; Intel Mac OS X 10_11) AppleWebKit/601.1.27 (KHTML, like Gecko) Chrome/47.0.2526.106 Safari/601.1.27" "ysfine.com"
216.244.66.229 - - [21/Feb/2023:10:40:57 -0800] "GET /robots.txt HTTP/1.1" 404 73 "-" "Mozilla/5.0 (compatible; DotBot/1.2; +https://opensiteexplorer.org/dotbot; help@moz.com)" "ysfine.com"
5.188.210.80 - - [21/Feb/2023:10:40:57 -0800] "GET /world/visas.html HTTP/1.1" 200 7643 "https://www.ysfine.com/world/visas.html" "Mozilla/5.0 (Windows NT 6.3; Win64; x64) AppleWebKit/537.36 (KHTML, like Gecko) Chrome/90.0.4430.85 Safari/537.36" "www.ysfine.com"
191.188.211.90 - - [21/Feb/2023:10:41:11 -0800] "GET /wigner/neum/vnc16.jpg HTTP/1.1" 200 107583 "https://www.bing.com/" "Mozilla/5.0 (Windows NT 6.3; Win64; x64) AppleWebKit/537.36 (KHTML, like Gecko) Chrome/109.0.0.0 Safari/537.36 Edg/109.0.1518.78" "ysfine.com"
157.55.39.206 - - [21/Feb/2023:10:41:16 -0800] "GET /wdc/gtown39.jpg HTTP/1.1" 200 89921 "-" "Mozilla/5.0 AppleWebKit/537.36 (KHTML, like Gecko; compatible; bingbot/2.0; +http://www.bing.com/bingbot.htm) Chrome/103.0.5060.134 Safari/537.36" "www.ysfine.com"
64.124.8.50 - - [21/Feb/2023:10:41:24 -0800] "GET /ysbio/world/baltic/kantstatue.jpg HTTP/1.1" 404 88 "-" "Mozilla/5.0 (Macintosh; Intel Mac OS X 10_15_7) AppleWebKit/537.36 (KHTML, like Gecko) Chrome/107.0.0.0 Safari/537.36" "www.ysfine.com"
40.77.167.211 - - [21/Feb/2023:10:41:56 -0800] "GET /princeton/wilspoin11b.jpg HTTP/1.1" 200 46267 "-" "Mozilla/5.0 AppleWebKit/537.36 (KHTML, like Gecko; compatible; bingbot/2.0; +http://www.bing.com/bingbot.htm) Chrome/103.0.5060.134 Safari/537.36" "ysfine.com"
64.124.8.50 - - [21/Feb/2023:10:43:29 -0800] "GET /ysbio/world/baltic/kalin33.jpg HTTP/1.1" 404 88 "-" "Mozilla/5.0 (Macintosh; Intel Mac OS X 10_15_7) AppleWebKit/537.36 (KHTML, like Gecko) Chrome/107.0.0.0 Safari/537.36" "ysfine.com"
64.124.8.28 - - [21/Feb/2023:10:44:31 -0800] "GET /princeton/1957bus.jpg HTTP/1.1" 200 99376 "-" "Mozilla/5.0 (Macintosh; Intel Mac OS X 10_15_7) AppleWebKit/537.36 (KHTML, like Gecko) Chrome/107.0.0.0 Safari/537.36" "ysfine.com"
216.244.66.229 - - [21/Feb/2023:10:44:35 -0800] "GET /home/home/facu63.jpg HTTP/1.1" 404 73 "-" "Mozilla/5.0 (compatible; DotBot/1.2; +https://opensiteexplorer.org/dotbot; help@moz.com)" "ysfine.com"
207.46.13.207 - - [21/Feb/2023:10:44:45 -0800] "GET /world/china/beijing020.jpg HTTP/1.1" 200 63811 "-" "Mozilla/5.0 AppleWebKit/537.36 (KHTML, like Gecko; compatible; bingbot/2.0; +http://www.bing.com/bingbot.htm) Chrome/103.0.5060.134 Safari/537.36" "www.ysfine.com"
64.124.8.28 - - [21/Feb/2023:10:44:54 -0800] "GET /world/scandi/nbi24.jpg HTTP/1.1" 200 66167 "-" "Mozilla/5.0 (Macintosh; Intel Mac OS X 10_15_7) AppleWebKit/537.36 (KHTML, like Gecko) Chrome/107.0.0.0 Safari/537.36" "ysfine.com"
216.244.66.229 - - [21/Feb/2023:10:44:55 -0800] "GET /world/spain/madrid11.jpg HTTP/1.1" 200 437220 "-" "Mozilla/5.0 (compatible; DotBot/1.2; +https://opensiteexplorer.org/dotbot; help@moz.com)" "ysfine.com"
52.167.144.35 - - [21/Feb/2023:10:45:04 -0800] "GET /princeton/pawkim19b.jpg HTTP/1.1" 200 50397 "-" "Mozilla/5.0 AppleWebKit/537.36 (KHTML, like Gecko; compatible; bingbot/2.0; +http://www.bing.com/bingbot.htm) Chrome/103.0.5060.134 Safari/537.36" "ysfine.com"
52.167.144.35 - - [21/Feb/2023:10:45:04 -0800] "GET /world/ital/panth09.jpg HTTP/1.1" 200 80033 "-" "Mozilla/5.0 AppleWebKit/537.36 (KHTML, like Gecko; compatible; bingbot/2.0; +http://www.bing.com/bingbot.htm) Chrome/103.0.5060.134 Safari/537.36" "ysfine.com"
64.124.8.50 - - [21/Feb/2023:10:45:48 -0800] "GET /world/russ/minsk041.jpg HTTP/1.1" 200 100258 "-" "Mozilla/5.0 (Macintosh; Intel Mac OS X 10_15_7) AppleWebKit/537.36 (KHTML, like Gecko) Chrome/107.0.0.0 Safari/537.36" "www.ysfine.com"
216.244.66.229 - - [21/Feb/2023:10:46:14 -0800] "GET /home/class54/taylor54.jpg HTTP/1.1" 404 73 "-" "Mozilla/5.0 (compatible; DotBot/1.2; +https://opensiteexplorer.org/dotbot; help@moz.com)" "ysfine.com"
64.124.8.56 - - [21/Feb/2023:10:46:17 -0800] "GET /wdc/kobell06.jpg HTTP/1.1" 200 239479 "-" "Mozilla/5.0 (Macintosh; Intel Mac OS X 10_15_7) AppleWebKit/537.36 (KHTML, like Gecko) Chrome/107.0.0.0 Safari/537.36" "ysfine.com"
64.124.8.29 - - [21/Feb/2023:10:46:26 -0800] "GET /ysbio/world/balkan/istan047.jpg HTTP/1.1" 404 88 "-" "Mozilla/5.0 (Macintosh; Intel Mac OS X 10_15_7) AppleWebKit/537.36 (KHTML, like Gecko) Chrome/107.0.0.0 Safari/537.36" "www.ysfine.com"
64.124.8.56 - - [21/Feb/2023:10:46:44 -0800] "GET /world/balkan/istan034.jpg HTTP/1.1" 200 112751 "-" "Mozilla/5.0 (Macintosh; Intel Mac OS X 10_15_7) AppleWebKit/537.36 (KHTML, like Gecko) Chrome/107.0.0.0 Safari/537.36" "www.ysfine.com"
51.222.253.7 - - [21/Feb/2023:10:46:57 -0800] "GET /bio08.html HTTP/1.1" 200 6133 "-" "Mozilla/5.0 (compatible; AhrefsBot/7.0; +http://ahrefs.com/robot/)" "www.ysfine.com"
51.222.253.9 - - [21/Feb/2023:10:47:00 -0800] "GET /wdc/umd02b.jpg HTTP/1.1" 200 40335 "-" "Mozilla/5.0 (compatible; AhrefsBot/7.0; +http://ahrefs.com/robot/)" "www.ysfine.com"
51.222.253.9 - - [21/Feb/2023:10:47:01 -0800] "GET /home/ewk86k.jpg HTTP/1.1" 200 103090 "-" "Mozilla/5.0 (compatible; AhrefsBot/7.0; +http://ahrefs.com/robot/)" "www.ysfine.com"
51.222.253.1 - - [21/Feb/2023:10:47:02 -0800] "GET /wdc/umd03b.jpg HTTP/1.1" 200 34740 "-" "Mozilla/5.0 (compatible; AhrefsBot/7.0; +http://ahrefs.com/robot/)" "www.ysfine.com"
51.222.253.9 - - [21/Feb/2023:10:47:03 -0800] "GET /fotos/cokes22b.jpg HTTP/1.1" 200 31764 "-" "Mozilla/5.0 (compatible; AhrefsBot/7.0; +http://ahrefs.com/robot/)" "www.ysfine.com"
51.222.253.3 - - [21/Feb/2023:10:47:03 -0800] "GET /wdc/capitol02c.jpg HTTP/1.1" 200 28733 "-" "Mozilla/5.0 (compatible; AhrefsBot/7.0; +http://ahrefs.com/robot/)" "www.ysfine.com"
51.222.253.16 - - [21/Feb/2023:10:47:04 -0800] "GET /home/ys90b.jpg HTTP/1.1" 200 29164 "-" "Mozilla/5.0 (compatible; AhrefsBot/7.0; +http://ahrefs.com/robot/)" "www.ysfine.com"
51.222.253.1 - - [21/Feb/2023:10:47:04 -0800] "GET /wdc/umdbarn01b.jpg HTTP/1.1" 200 42668 "-" "Mozilla/5.0 (compatible; AhrefsBot/7.0; +http://ahrefs.com/robot/)" "www.ysfine.com"
51.222.253.19 - - [21/Feb/2023:10:47:05 -0800] "GET /fotos/lincoln61b.jpg HTTP/1.1" 200 27455 "-" "Mozilla/5.0 (compatible; AhrefsBot/7.0; +http://ahrefs.com/robot/)" "www.ysfine.com"
51.222.253.7 - - [21/Feb/2023:10:47:05 -0800] "GET /awards/eward11c.jpg HTTP/1.1" 200 48989 "-" "Mozilla/5.0 (compatible; AhrefsBot/7.0; +http://ahrefs.com/robot/)" "www.ysfine.com"
51.222.253.14 - - [21/Feb/2023:10:47:05 -0800] "GET /home/foto22/facu63c.jpg HTTP/1.1" 200 41710 "-" "Mozilla/5.0 (compatible; AhrefsBot/7.0; +http://ahrefs.com/robot/)" "www.ysfine.com"
51.222.253.5 - - [21/Feb/2023:10:47:06 -0800] "GET /wdc/umd06b.jpg HTTP/1.1" 200 34590 "-" "Mozilla/5.0 (compatible; AhrefsBot/7.0; +http://ahrefs.com/robot/)" "www.ysfine.com"
51.222.253.12 - - [21/Feb/2023:10:47:06 -0800] "GET /fotos/umd38b.jpg HTTP/1.1" 200 36528 "-" "Mozilla/5.0 (compatible; AhrefsBot/7.0; +http://ahrefs.com/robot/)" "www.ysfine.com"
51.222.253.8 - - [21/Feb/2023:10:47:07 -0800] "GET /fotos/stud72b.jpg HTTP/1.1" 200 31123 "-" "Mozilla/5.0 (compatible; AhrefsBot/7.0; +http://ahrefs.com/robot/)" "www.ysfine.com"
51.222.253.7 - - [21/Feb/2023:10:47:08 -0800] "GET /people/towhee11b.jpg HTTP/1.1" 200 32584 "-" "Mozilla/5.0 (compatible; AhrefsBot/7.0; +http://ahrefs.com/robot/)" "www.ysfine.com"
51.222.253.11 - - [21/Feb/2023:10:47:08 -0800] "GET /fotos/comcast11b.jpg HTTP/1.1" 200 22571 "-" "Mozilla/5.0 (compatible; AhrefsBot/7.0; +http://ahrefs.com/robot/)" "www.ysfine.com"
40.77.167.211 - - [21/Feb/2023:10:47:25 -0800] "GET /princeton/brooke87b.jpg HTTP/1.1" 200 55274 "-" "Mozilla/5.0 AppleWebKit/537.36 (KHTML, like Gecko; compatible; bingbot/2.0; +http://www.bing.com/bingbot.htm) Chrome/103.0.5060.134 Safari/537.36" "ysfine.com"
216.244.66.229 - - [21/Feb/2023:10:48:01 -0800] "GET /auto/home%5Cyshome.html HTTP/1.1" 404 73 "-" "Mozilla/5.0 (compatible; DotBot/1.2; +https://opensiteexplorer.org/dotbot; help@moz.com)" "ysfine.com"
207.46.13.220 - - [21/Feb/2023:10:48:03 -0800] "GET /world/brit/covent07b.jpg HTTP/1.1" 200 48899 "-" "Mozilla/5.0 AppleWebKit/537.36 (KHTML, like Gecko; compatible; bingbot/2.0; +http://www.bing.com/bingbot.htm) Chrome/103.0.5060.134 Safari/537.36" "www.ysfine.com"
40.77.167.211 - - [21/Feb/2023:10:48:08 -0800] "GET /world/china/shenyang13b.jpg HTTP/1.1" 200 42952 "-" "Mozilla/5.0 AppleWebKit/537.36 (KHTML, like Gecko; compatible; bingbot/2.0; +http://www.bing.com/bingbot.htm) Chrome/103.0.5060.134 Safari/537.36" "ysfine.com"
64.124.8.57 - - [21/Feb/2023:10:48:53 -0800] "GET /ysbio/wdc/lafpark05.jpg HTTP/1.1" 404 88 "-" "Mozilla/5.0 (Macintosh; Intel Mac OS X 10_15_7) AppleWebKit/537.36 (KHTML, like Gecko) Chrome/107.0.0.0 Safari/537.36" "www.ysfine.com"
207.46.13.220 - - [21/Feb/2023:10:49:32 -0800] "GET /world/germany/hegel21b.jpg HTTP/1.1" 200 52348 "-" "Mozilla/5.0 AppleWebKit/537.36 (KHTML, like Gecko; compatible; bingbot/2.0; +http://www.bing.com/bingbot.htm) Chrome/103.0.5060.134 Safari/537.36" "www.ysfine.com"
216.244.66.229 - - [21/Feb/2023:10:50:24 -0800] "GET /auto/kobak/namdae.html HTTP/1.1" 404 73 "-" "Mozilla/5.0 (compatible; DotBot/1.2; +https://opensiteexplorer.org/dotbot; help@moz.com)" "ysfine.com"
114.233.194.247 - - [21/Feb/2023:10:50:25 -0800] "GET /kobak/underw25.jpg HTTP/1.1" 200 97228 "-" "Mozilla/5.0 (compatible; MSIE 9.0; Windows NT 6.1; Trident/5.0" "ysfine.com"
64.124.8.50 - - [21/Feb/2023:10:50:26 -0800] "GET /world/hungary/buda014.jpg HTTP/1.1" 200 91720 "-" "Mozilla/5.0 (Macintosh; Intel Mac OS X 10_15_7) AppleWebKit/537.36 (KHTML, like Gecko) Chrome/107.0.0.0 Safari/537.36" "www.ysfine.com"
64.124.8.57 - - [21/Feb/2023:10:51:29 -0800] "GET /world/russ/krem06.jpg HTTP/1.1" 200 75234 "-" "Mozilla/5.0 (Macintosh; Intel Mac OS X 10_15_7) AppleWebKit/537.36 (KHTML, like Gecko) Chrome/107.0.0.0 Safari/537.36" "ysfine.com"
5.188.210.20 - - [21/Feb/2023:10:51:53 -0800] "GET /world/visas.html HTTP/1.1" 200 7643 "https://www.ysfine.com/world/visas.html" "Mozilla/5.0 (Windows NT 10.0; WOW64) AppleWebKit/537.36 (KHTML, like Gecko) Chrome/90.0.4430.72 Safari/537.36" "www.ysfine.com"
157.55.39.214 - - [21/Feb/2023:10:52:35 -0800] "GET /kobak/kimkoo01.jpg HTTP/1.1" 200 92628 "-" "Mozilla/5.0 AppleWebKit/537.36 (KHTML, like Gecko; compatible; bingbot/2.0; +http://www.bing.com/bingbot.htm) Chrome/103.0.5060.134 Safari/537.36" "ysfine.com"
185.191.171.41 - - [21/Feb/2023:10:53:42 -0800] "GET /robots.txt HTTP/1.1" 404 88 "-" "Mozilla/5.0 (compatible; SemrushBot/7~bl; +http://www.semrush.com/bot.html)" "ysfine.com"
185.191.171.25 - - [21/Feb/2023:10:53:43 -0800] "GET /class54/class5470/total_data/sub_261.htm HTTP/1.1" 200 3375 "-" "Mozilla/5.0 (compatible; SemrushBot/7~bl; +http://www.semrush.com/bot.html)" "ysfine.com"
51.222.253.17 - - [21/Feb/2023:10:53:45 -0800] "GET /feynman/feykant.html HTTP/1.1" 200 3350 "-" "Mozilla/5.0 (compatible; AhrefsBot/7.0; +http://ahrefs.com/robot/)" "www.ysfine.com"
51.222.253.12 - - [21/Feb/2023:10:53:47 -0800] "GET /feynman/fb18b.jpg HTTP/1.1" 200 42922 "-" "Mozilla/5.0 (compatible; AhrefsBot/7.0; +http://ahrefs.com/robot/)" "www.ysfine.com"
64.124.8.52 - - [21/Feb/2023:10:53:50 -0800] "GET /world/china/china044.jpg HTTP/1.1" 200 92194 "-" "Mozilla/5.0 (Macintosh; Intel Mac OS X 10_15_7) AppleWebKit/537.36 (KHTML, like Gecko) Chrome/107.0.0.0 Safari/537.36" "ysfine.com"
86.55.45.24 - - [21/Feb/2023:10:54:01 -0800] "GET / HTTP/1.1" 200 5295 "-" "Mozilla/5.0 (iPhone; U; CPU iPhone OS 4_3_1 like Mac OS X; zh-tw) AppleWebKit/533.17.9 (KHTML, like Gecko) Version/5.0.2 Mobile/8G4 Safari/6533.18.5" "ysfine.com"
91.133.180.67 - - [21/Feb/2023:10:54:01 -0800] "GET /robots.txt HTTP/1.1" 404 88 "-" "Mozilla/5.0 (iPhone; U; CPU iPhone OS 4_3 like Mac OS X; en-gb) AppleWebKit/533.17.9 (KHTML, like Gecko) Version/5.0.2 Mobile/8F190 Safari/6533.18.5" "ysfine.com"
64.124.8.28 - - [21/Feb/2023:10:54:49 -0800] "GET /ysbio/world/israel/jeru63.jpg HTTP/1.1" 404 88 "-" "Mozilla/5.0 (Macintosh; Intel Mac OS X 10_15_7) AppleWebKit/537.36 (KHTML, like Gecko) Chrome/107.0.0.0 Safari/537.36" "ysfine.com"
