51.222.253.9 - - [21/Feb/2023:05:39:27 -0800] "GET /class54/class5470/total_data/refer_img/2-95_f.jpg HTTP/1.1" 200 38174 "-" "Mozilla/5.0 (compatible; AhrefsBot/7.0; +http://ahrefs.com/robot/)" "www.ysfine.com"
51.222.253.7 - - [21/Feb/2023:05:39:27 -0800] "GET /class54/class5470/total_data/refer_img/2-92_f.jpg HTTP/1.1" 200 28182 "-" "Mozilla/5.0 (compatible; AhrefsBot/7.0; +http://ahrefs.com/robot/)" "www.ysfine.com"
51.222.253.12 - - [21/Feb/2023:05:39:28 -0800] "GET /class54/class5470/total_data/refer_img/2-89_f.jpg HTTP/1.1" 200 30615 "-" "Mozilla/5.0 (compatible; AhrefsBot/7.0; +http://ahrefs.com/robot/)" "www.ysfine.com"
51.222.253.8 - - [21/Feb/2023:05:39:28 -0800] "GET /class54/class5470/total_data/refer_img/2-77_f.jpg HTTP/1.1" 200 26669 "-" "Mozilla/5.0 (compatible; AhrefsBot/7.0; +http://ahrefs.com/robot/)" "www.ysfine.com"
51.222.253.9 - - [21/Feb/2023:05:39:29 -0800] "GET /class54/class5470/total_data/refer_img/2-85_f.jpg HTTP/1.1" 200 31871 "-" "Mozilla/5.0 (compatible; AhrefsBot/7.0; +http://ahrefs.com/robot/)" "www.ysfine.com"
51.222.253.12 - - [21/Feb/2023:05:39:29 -0800] "GET /class54/class5470/total_data/refer_img/2-98_f.jpg HTTP/1.1" 200 33912 "-" "Mozilla/5.0 (compatible; AhrefsBot/7.0; +http://ahrefs.com/robot/)" "www.ysfine.com"
51.222.253.15 - - [21/Feb/2023:05:39:29 -0800] "GET /class54/class5470/total_data/refer_img/2-80_f.jpg HTTP/1.1" 200 31729 "-" "Mozilla/5.0 (compatible; AhrefsBot/7.0; +http://ahrefs.com/robot/)" "www.ysfine.com"
51.222.253.8 - - [21/Feb/2023:05:39:30 -0800] "GET /class54/class5470/total_data/refer_img/2-82_f.jpg HTTP/1.1" 200 30369 "-" "Mozilla/5.0 (compatible; AhrefsBot/7.0; +http://ahrefs.com/robot/)" "www.ysfine.com"
51.222.253.3 - - [21/Feb/2023:05:39:30 -0800] "GET /class54/class5470/total_data/refer_img/2-83_f.jpg HTTP/1.1" 200 25264 "-" "Mozilla/5.0 (compatible; AhrefsBot/7.0; +http://ahrefs.com/robot/)" "www.ysfine.com"
51.222.253.7 - - [21/Feb/2023:05:39:31 -0800] "GET /class54/class5470/total_data/refer_img/2-94_f.jpg HTTP/1.1" 200 44068 "-" "Mozilla/5.0 (compatible; AhrefsBot/7.0; +http://ahrefs.com/robot/)" "www.ysfine.com"
95.163.255.67 - - [21/Feb/2023:05:39:33 -0800] "GET /maga/three.html HTTP/1.1" 200 7358 "-" "Mozilla/5.0 (compatible; Linux x86_64; Mail.RU_Bot/2.0; +https://help.mail.ru/webmaster/indexing/robots)" "www.ysfine.com"
91.133.187.134 - - [21/Feb/2023:05:39:35 -0800] "GET /robots.txt HTTP/1.1" 404 88 "-" "Mozilla/5.0 (iPhone; U; CPU OS 3_2 like Mac OS X; en-us) AppleWebKit/531.21.10 (KHTML, like Gecko) Version/4.0.4 Mobile/7B334b Safari/531.21.10" "ysfine.com"
91.133.227.160 - - [21/Feb/2023:05:39:35 -0800] "GET / HTTP/1.1" 200 5295 "-" "Mozilla/5.0 (iPhone; U; fr; CPU iPhone OS 4_2_1 like Mac OS X; fr) AppleWebKit/533.17.9 (KHTML, like Gecko) Version/5.0.2 Mobile/8C148a Safari/6533.18.5" "ysfine.com"
64.124.8.56 - - [21/Feb/2023:05:39:51 -0800] "GET /style/musee/britmu21.jpg HTTP/1.1" 200 50288 "-" "Mozilla/5.0 (Macintosh; Intel Mac OS X 10_15_7) AppleWebKit/537.36 (KHTML, like Gecko) Chrome/107.0.0.0 Safari/537.36" "ysfine.com"
64.124.8.52 - - [21/Feb/2023:05:39:58 -0800] "GET /world/baltic/riga48.jpg HTTP/1.1" 200 124513 "-" "Mozilla/5.0 (Macintosh; Intel Mac OS X 10_15_7) AppleWebKit/537.36 (KHTML, like Gecko) Chrome/107.0.0.0 Safari/537.36" "www.ysfine.com"
52.167.144.35 - - [21/Feb/2023:05:40:15 -0800] "GET /feynman/jacdrum2.jpg HTTP/1.1" 200 49846 "-" "Mozilla/5.0 AppleWebKit/537.36 (KHTML, like Gecko; compatible; bingbot/2.0; +http://www.bing.com/bingbot.htm) Chrome/103.0.5060.134 Safari/537.36" "ysfine.com"
64.124.8.54 - - [21/Feb/2023:05:40:20 -0800] "GET /dongio/kuwait02.jpg HTTP/1.1" 404 88 "-" "Mozilla/5.0 (Macintosh; Intel Mac OS X 10_15_7) AppleWebKit/537.36 (KHTML, like Gecko) Chrome/107.0.0.0 Safari/537.36" "ysfine.com"
157.55.39.214 - - [21/Feb/2023:05:41:38 -0800] "GET /bio16.html HTTP/1.1" 200 10537 "-" "Mozilla/5.0 AppleWebKit/537.36 (KHTML, like Gecko; compatible; bingbot/2.0; +http://www.bing.com/bingbot.htm) Chrome/103.0.5060.134 Safari/537.36" "www.ysfine.com"
66.249.70.214 - - [21/Feb/2023:05:41:46 -0800] "GET /wigner/neum/vnc19.jpg HTTP/1.1" 304 - "-" "Googlebot-Image/1.0" "ysfine.com"
52.167.144.62 - - [21/Feb/2023:05:42:21 -0800] "GET /world/balkan/istan007.jpg HTTP/1.1" 200 117546 "-" "Mozilla/5.0 AppleWebKit/537.36 (KHTML, like Gecko; compatible; bingbot/2.0; +http://www.bing.com/bingbot.htm) Chrome/103.0.5060.134 Safari/537.36" "ysfine.com"
64.124.8.29 - - [21/Feb/2023:05:42:26 -0800] "GET /maga/invent/matthew.jpg HTTP/1.1" 200 86285 "-" "Mozilla/5.0 (Macintosh; Intel Mac OS X 10_15_7) AppleWebKit/537.36 (KHTML, like Gecko) Chrome/107.0.0.0 Safari/537.36" "ysfine.com"
52.167.144.35 - - [21/Feb/2023:05:43:25 -0800] "GET /einstein/evol.html HTTP/1.1" 304 - "-" "Mozilla/5.0 AppleWebKit/537.36 (KHTML, like Gecko; compatible; bingbot/2.0; +http://www.bing.com/bingbot.htm) Chrome/103.0.5060.134 Safari/537.36" "www.ysfine.com"
207.46.13.207 - - [21/Feb/2023:05:43:28 -0800] "GET /world/france/flore08.jpg HTTP/1.1" 200 88762 "-" "Mozilla/5.0 AppleWebKit/537.36 (KHTML, like Gecko; compatible; bingbot/2.0; +http://www.bing.com/bingbot.htm) Chrome/103.0.5060.134 Safari/537.36" "ysfine.com"
216.244.66.229 - - [21/Feb/2023:05:43:57 -0800] "GET /robots.txt HTTP/1.1" 404 73 "-" "Mozilla/5.0 (compatible; DotBot/1.2; +https://opensiteexplorer.org/dotbot; help@moz.com)" "ysfine.com"
216.244.66.229 - - [21/Feb/2023:05:43:57 -0800] "GET /robots.txt HTTP/1.1" 404 73 "-" "Mozilla/5.0 (compatible; DotBot/1.2; +https://opensiteexplorer.org/dotbot; help@moz.com)" "www.ysfine.com"
64.124.8.50 - - [21/Feb/2023:05:44:39 -0800] "GET /ysbio/newyork/colum08.jpg HTTP/1.1" 404 88 "-" "Mozilla/5.0 (Macintosh; Intel Mac OS X 10_15_7) AppleWebKit/537.36 (KHTML, like Gecko) Chrome/107.0.0.0 Safari/537.36" "ysfine.com"
213.180.203.18 - - [21/Feb/2023:05:44:39 -0800] "GET /robots.txt HTTP/1.1" 404 73 "-" "Mozilla/5.0 (compatible; YandexBot/3.0; +http://yandex.com/bots)" "www.ysfine.com"
95.108.213.211 - - [21/Feb/2023:05:44:39 -0800] "GET /einstein/eink10.html HTTP/1.1" 200 3356 "-" "Mozilla/5.0 (compatible; YandexBot/3.0; +http://yandex.com/bots)" "www.ysfine.com"
64.124.8.50 - - [21/Feb/2023:05:44:40 -0800] "GET /ysbio/einstein/einparents.jpg HTTP/1.1" 404 88 "-" "Mozilla/5.0 (Macintosh; Intel Mac OS X 10_15_7) AppleWebKit/537.36 (KHTML, like Gecko) Chrome/107.0.0.0 Safari/537.36" "www.ysfine.com"
51.222.253.11 - - [21/Feb/2023:05:45:55 -0800] "GET /maga/kant.html HTTP/1.1" 200 8714 "-" "Mozilla/5.0 (compatible; AhrefsBot/7.0; +http://ahrefs.com/robot/)" "www.ysfine.com"
51.222.253.20 - - [21/Feb/2023:05:45:56 -0800] "GET /maga/phil/shiyu2.jpg HTTP/1.1" 200 29875 "-" "Mozilla/5.0 (compatible; AhrefsBot/7.0; +http://ahrefs.com/robot/)" "www.ysfine.com"
51.222.253.16 - - [21/Feb/2023:05:45:57 -0800] "GET /maga/phil/suntzu2.jpg HTTP/1.1" 200 31693 "-" "Mozilla/5.0 (compatible; AhrefsBot/7.0; +http://ahrefs.com/robot/)" "www.ysfine.com"
51.222.253.1 - - [21/Feb/2023:05:45:57 -0800] "GET /maga/phil/kant00b.jpg HTTP/1.1" 200 51853 "-" "Mozilla/5.0 (compatible; AhrefsBot/7.0; +http://ahrefs.com/robot/)" "www.ysfine.com"
51.222.253.19 - - [21/Feb/2023:05:45:58 -0800] "GET /eink/ewk86a.jpg HTTP/1.1" 200 70895 "-" "Mozilla/5.0 (compatible; AhrefsBot/7.0; +http://ahrefs.com/robot/)" "www.ysfine.com"
51.222.253.10 - - [21/Feb/2023:05:45:58 -0800] "GET /maga/phil/lao2.jpg HTTP/1.1" 200 29456 "-" "Mozilla/5.0 (compatible; AhrefsBot/7.0; +http://ahrefs.com/robot/)" "www.ysfine.com"
216.244.66.229 - - [21/Feb/2023:05:46:45 -0800] "GET /home/bio08.html HTTP/1.1" 404 73 "-" "Mozilla/5.0 (compatible; DotBot/1.2; +https://opensiteexplorer.org/dotbot; help@moz.com)" "ysfine.com"
216.244.66.229 - - [21/Feb/2023:05:46:50 -0800] "GET /home/bio16.html HTTP/1.1" 404 73 "-" "Mozilla/5.0 (compatible; DotBot/1.2; +https://opensiteexplorer.org/dotbot; help@moz.com)" "ysfine.com"
64.124.8.49 - - [21/Feb/2023:05:46:53 -0800] "GET /friends/itallon01.jpg HTTP/1.1" 404 88 "-" "Mozilla/5.0 (Macintosh; Intel Mac OS X 10_15_7) AppleWebKit/537.36 (KHTML, like Gecko) Chrome/107.0.0.0 Safari/537.36" "ysfine.com"
64.124.8.29 - - [21/Feb/2023:05:46:53 -0800] "GET /usca/pitt/westim09.jpg HTTP/1.1" 200 64407 "-" "Mozilla/5.0 (Macintosh; Intel Mac OS X 10_15_7) AppleWebKit/537.36 (KHTML, like Gecko) Chrome/107.0.0.0 Safari/537.36" "www.ysfine.com"
207.46.13.207 - - [21/Feb/2023:05:47:08 -0800] "GET /world/china/dandongbr03b.jpg HTTP/1.1" 200 33589 "-" "Mozilla/5.0 AppleWebKit/537.36 (KHTML, like Gecko; compatible; bingbot/2.0; +http://www.bing.com/bingbot.htm) Chrome/103.0.5060.134 Safari/537.36" "www.ysfine.com"
52.167.144.35 - - [21/Feb/2023:05:47:16 -0800] "GET /style/kievopera77b.jpg HTTP/1.1" 200 43046 "-" "Mozilla/5.0 AppleWebKit/537.36 (KHTML, like Gecko; compatible; bingbot/2.0; +http://www.bing.com/bingbot.htm) Chrome/103.0.5060.134 Safari/537.36" "ysfine.com"
61.147.15.65 - - [21/Feb/2023:05:47:29 -0800] "GET / HTTP/1.1" 200 5295 "-" "Mozilla/5.0 (Macintosh; Intel Mac OS X 10_11) AppleWebKit/601.1.27 (KHTML, like Gecko) Chrome/47.0.2526.106 Safari/601.1.27" "www.ysfine.com"
216.244.66.229 - - [21/Feb/2023:05:47:36 -0800] "GET /world/spain/madrif02.jpg HTTP/1.1" 200 232788 "-" "Mozilla/5.0 (compatible; DotBot/1.2; +https://opensiteexplorer.org/dotbot; help@moz.com)" "ysfine.com"
180.251.182.229 - - [21/Feb/2023:05:48:20 -0800] "GET /maga/phys/schrod11.jpg HTTP/1.1" 200 107958 "https://images.search.yahoo.com/search/images;_ylt=Awr99Jx0y_RjLRkArmeJzbkF;_ylu=c2VjA3NlYXJjaARzbGsDYnV0dG9u;_ylc=X1MDOTYwNjI4NTcEX3IDMgRmcgNtY2FmZWUEZnIyA3A6cyx2OmksbTpzYi10b3AEZ3ByaWQDSWduNHdvSzNRY0NhenQuTE5KTWQxQQRuX3JzbHQDMARuX3N1Z2cDMTAEb3JpZ2luA2ltYWdlcy5zZWFyY2gueWFob28uY29tBHBvcwMwBHBxc3RyAwRwcXN0cmwDMARxc3RybAMxOARxdWVyeQNlcndpbiUyMHNjaHJvZGluZ2VyJTIwBHRfc3RtcAMxNjc2OTg3Mjk1?p=erwin+schrodinger+&fr=mcafee&fr2=p%3As%2Cv%3Ai%2Cm%3Asb-top&ei=UTF-8&x=wrt&type=E210US91215G0" "Mozilla/5.0 (Windows NT 10.0; Win64; x64) AppleWebKit/537.36 (KHTML, like Gecko) Chrome/110.0.0.0 Safari/537.36" "ysfine.com"
216.244.66.229 - - [21/Feb/2023:05:48:34 -0800] "GET /auto/kobak/shortw.html HTTP/1.1" 404 73 "-" "Mozilla/5.0 (compatible; DotBot/1.2; +https://opensiteexplorer.org/dotbot; help@moz.com)" "ysfine.com"
207.46.13.220 - - [21/Feb/2023:05:48:58 -0800] "GET /maga/boltz/boost11.jpg HTTP/1.1" 200 34116 "-" "Mozilla/5.0 AppleWebKit/537.36 (KHTML, like Gecko; compatible; bingbot/2.0; +http://www.bing.com/bingbot.htm) Chrome/103.0.5060.134 Safari/537.36" "ysfine.com"
216.244.66.229 - - [21/Feb/2023:05:49:02 -0800] "GET /home/wigner/yswig.html HTTP/1.1" 404 73 "-" "Mozilla/5.0 (compatible; DotBot/1.2; +https://opensiteexplorer.org/dotbot; help@moz.com)" "ysfine.com"
40.77.167.211 - - [21/Feb/2023:05:49:18 -0800] "GET /style/musee/britmu19.jpg HTTP/1.1" 200 95820 "-" "Mozilla/5.0 AppleWebKit/537.36 (KHTML, like Gecko; compatible; bingbot/2.0; +http://www.bing.com/bingbot.htm) Chrome/103.0.5060.134 Safari/537.36" "ysfine.com"
52.167.144.35 - - [21/Feb/2023:05:49:26 -0800] "GET /world/germany/oktf11.jpg HTTP/1.1" 200 114734 "-" "Mozilla/5.0 AppleWebKit/537.36 (KHTML, like Gecko; compatible; bingbot/2.0; +http://www.bing.com/bingbot.htm) Chrome/103.0.5060.134 Safari/537.36" "www.ysfine.com"
216.244.66.229 - - [21/Feb/2023:05:49:28 -0800] "GET /home/dwf.html HTTP/1.1" 200 13157 "-" "Mozilla/5.0 (compatible; DotBot/1.2; +https://opensiteexplorer.org/dotbot; help@moz.com)" "www.ysfine.com"
207.46.13.207 - - [21/Feb/2023:05:49:39 -0800] "GET /world/germany/mucf27.jpg HTTP/1.1" 200 114997 "-" "Mozilla/5.0 AppleWebKit/537.36 (KHTML, like Gecko; compatible; bingbot/2.0; +http://www.bing.com/bingbot.htm) Chrome/103.0.5060.134 Safari/537.36" "ysfine.com"
216.244.66.229 - - [21/Feb/2023:05:49:54 -0800] "GET /home/home/fig22/silvana49.jpg HTTP/1.1" 404 73 "-" "Mozilla/5.0 (compatible; DotBot/1.2; +https://opensiteexplorer.org/dotbot; help@moz.com)" "ysfine.com"
64.124.8.57 - - [21/Feb/2023:05:50:04 -0800] "GET /ysbio/world/russ/kiev015.jpg HTTP/1.1" 404 88 "-" "Mozilla/5.0 (Macintosh; Intel Mac OS X 10_15_7) AppleWebKit/537.36 (KHTML, like Gecko) Chrome/107.0.0.0 Safari/537.36" "www.ysfine.com"
52.167.144.35 - - [21/Feb/2023:05:50:37 -0800] "GET /bio/style/artlove.html HTTP/1.1" 404 88 "-" "Mozilla/5.0 AppleWebKit/537.36 (KHTML, like Gecko; compatible; bingbot/2.0; +http://www.bing.com/bingbot.htm) Chrome/103.0.5060.134 Safari/537.36" "ysfine.com"
207.46.13.207 - - [21/Feb/2023:05:50:49 -0800] "GET /style/owaves2.jpg HTTP/1.1" 200 55324 "-" "Mozilla/5.0 AppleWebKit/537.36 (KHTML, like Gecko; compatible; bingbot/2.0; +http://www.bing.com/bingbot.htm) Chrome/103.0.5060.134 Safari/537.36" "www.ysfine.com"
64.124.8.28 - - [21/Feb/2023:05:51:08 -0800] "GET /ysbio/style/angelus.jpg HTTP/1.1" 404 88 "-" "Mozilla/5.0 (Macintosh; Intel Mac OS X 10_15_7) AppleWebKit/537.36 (KHTML, like Gecko) Chrome/107.0.0.0 Safari/537.36" "www.ysfine.com"
66.249.70.208 - - [21/Feb/2023:05:51:09 -0800] "GET /world/ital/rome046.jpg HTTP/1.1" 200 106747 "-" "Googlebot-Image/1.0" "ysfine.com"
66.249.70.208 - - [21/Feb/2023:05:51:11 -0800] "GET /dirac/jablo62b.jpg HTTP/1.1" 304 - "-" "Googlebot-Image/1.0" "ysfine.com"
213.180.203.16 - - [21/Feb/2023:05:52:12 -0800] "GET /friends/konurse.html HTTP/1.1" 404 88 "-" "Mozilla/5.0 (compatible; YandexBot/3.0; +http://yandex.com/bots)" "www.ysfine.com"
64.124.8.56 - - [21/Feb/2023:05:52:13 -0800] "GET /world/baltic/kalin07.jpg HTTP/1.1" 200 69453 "-" "Mozilla/5.0 (Macintosh; Intel Mac OS X 10_15_7) AppleWebKit/537.36 (KHTML, like Gecko) Chrome/107.0.0.0 Safari/537.36" "ysfine.com"
205.210.31.26 - - [21/Feb/2023:05:52:18 -0800] "GET / HTTP/1.1" 200 15915 "-" "Expanse, a Palo Alto Networks company, searches across the global IPv4 space multiple times per day to identify customers&#39; presences on the Internet. If you would like to be excluded from our scans, please send IP addresses/domains to: scaninfo@paloaltonetworks.com" "ysfine.com"
210.6.180.149 - - [21/Feb/2023:05:52:25 -0800] "GET /kobak/1014c.jpg HTTP/1.1" 200 164928 "https://www.google.co.uk/" "Mozilla/5.0 (iPhone; CPU iPhone OS 16_1_1 like Mac OS X) AppleWebKit/605.1.15 (KHTML, like Gecko) Version/16.1 Mobile/15E148 Safari/604.1" "ysfine.com"
64.124.8.55 - - [21/Feb/2023:05:52:34 -0800] "GET /feynman/feynbongo33.jpg HTTP/1.1" 404 88 "-" "Mozilla/5.0 (Macintosh; Intel Mac OS X 10_15_7) AppleWebKit/537.36 (KHTML, like Gecko) Chrome/107.0.0.0 Safari/537.36" "ysfine.com"
51.222.253.15 - - [21/Feb/2023:05:52:34 -0800] "GET /maga/keigel.html HTTP/1.1" 200 6995 "-" "Mozilla/5.0 (compatible; AhrefsBot/7.0; +http://ahrefs.com/robot/)" "ysfine.com"
51.222.253.15 - - [21/Feb/2023:05:52:36 -0800] "GET /maga/phil/keigel600.jpg HTTP/1.1" 200 54467 "-" "Mozilla/5.0 (compatible; AhrefsBot/7.0; +http://ahrefs.com/robot/)" "ysfine.com"
51.222.253.10 - - [21/Feb/2023:05:52:36 -0800] "GET /maga/phil/comet77c.jpg HTTP/1.1" 200 73490 "-" "Mozilla/5.0 (compatible; AhrefsBot/7.0; +http://ahrefs.com/robot/)" "ysfine.com"
51.222.253.13 - - [21/Feb/2023:05:52:37 -0800] "GET /maga/phil/further03c.jpg HTTP/1.1" 200 67765 "-" "Mozilla/5.0 (compatible; AhrefsBot/7.0; +http://ahrefs.com/robot/)" "ysfine.com"
51.222.253.17 - - [21/Feb/2023:05:52:37 -0800] "GET /maga/phil/tao06c.jpg HTTP/1.1" 200 59786 "-" "Mozilla/5.0 (compatible; AhrefsBot/7.0; +http://ahrefs.com/robot/)" "ysfine.com"
51.222.253.16 - - [21/Feb/2023:05:52:38 -0800] "GET /maga/phil/cokebell01c.jpg HTTP/1.1" 200 41667 "-" "Mozilla/5.0 (compatible; AhrefsBot/7.0; +http://ahrefs.com/robot/)" "ysfine.com"
64.124.8.53 - - [21/Feb/2023:05:52:55 -0800] "GET /ysbio/einstein/newtmax02.jpg HTTP/1.1" 404 88 "-" "Mozilla/5.0 (Macintosh; Intel Mac OS X 10_15_7) AppleWebKit/537.36 (KHTML, like Gecko) Chrome/107.0.0.0 Safari/537.36" "ysfine.com"
66.249.70.208 - - [21/Feb/2023:05:53:15 -0800] "GET /ads.txt HTTP/1.1" 404 88 "-" "Mozilla/5.0 (compatible; Googlebot/2.1; +http://www.google.com/bot.html)" "ysfine.com"
64.124.8.56 - - [21/Feb/2023:05:53:58 -0800] "GET /maga/invent/pupin33.jpg HTTP/1.1" 200 52653 "-" "Mozilla/5.0 (Macintosh; Intel Mac OS X 10_15_7) AppleWebKit/537.36 (KHTML, like Gecko) Chrome/107.0.0.0 Safari/537.36" "ysfine.com"
157.55.39.214 - - [21/Feb/2023:05:54:06 -0800] "GET /heisen/heisenberg.html HTTP/1.1" 200 10535 "-" "Mozilla/5.0 AppleWebKit/537.36 (KHTML, like Gecko; compatible; bingbot/2.0; +http://www.bing.com/bingbot.htm) Chrome/103.0.5060.134 Safari/537.36" "ysfine.com"
52.167.144.35 - - [21/Feb/2023:05:54:10 -0800] "GET /bio/kobak/yskor.html HTTP/1.1" 404 88 "-" "Mozilla/5.0 AppleWebKit/537.36 (KHTML, like Gecko; compatible; bingbot/2.0; +http://www.bing.com/bingbot.htm) Chrome/103.0.5060.134 Safari/537.36" "ysfine.com"
207.46.13.218 - - [21/Feb/2023:05:54:23 -0800] "GET /world/scandi/sto012.jpg HTTP/1.1" 200 90173 "-" "Mozilla/5.0 AppleWebKit/537.36 (KHTML, like Gecko; compatible; bingbot/2.0; +http://www.bing.com/bingbot.htm) Chrome/103.0.5060.134 Safari/537.36" "www.ysfine.com"
18.218.64.190 - - [21/Feb/2023:05:55:11 -0800] "GET / HTTP/1.1" 200 15915 "-" "B2B Bot" "ysfine.com"
18.218.64.190 - - [21/Feb/2023:05:55:11 -0800] "GET /robots.txt HTTP/1.1" 404 73 "-" "B2B Bot" "ysfine.com"
52.167.144.62 - - [21/Feb/2023:05:55:32 -0800] "GET /maga/phil/sisfa12/roma12-28.jpg HTTP/1.1" 200 118142 "-" "Mozilla/5.0 AppleWebKit/537.36 (KHTML, like Gecko; compatible; bingbot/2.0; +http://www.bing.com/bingbot.htm) Chrome/103.0.5060.134 Safari/537.36" "www.ysfine.com"
52.167.144.35 - - [21/Feb/2023:05:56:07 -0800] "GET /maga/invent/westing.jpg HTTP/1.1" 200 89836 "-" "Mozilla/5.0 AppleWebKit/537.36 (KHTML, like Gecko; compatible; bingbot/2.0; +http://www.bing.com/bingbot.htm) Chrome/103.0.5060.134 Safari/537.36" "www.ysfine.com"
64.124.8.29 - - [21/Feb/2023:05:56:13 -0800] "GET /princeton/class2007c.jpg HTTP/1.1" 200 37045 "-" "Mozilla/5.0 (Macintosh; Intel Mac OS X 10_15_7) AppleWebKit/537.36 (KHTML, like Gecko) Chrome/107.0.0.0 Safari/537.36" "ysfine.com"
52.167.144.62 - - [21/Feb/2023:05:56:13 -0800] "GET /dirac/hyperell03.jpg HTTP/1.1" 200 53008 "-" "Mozilla/5.0 AppleWebKit/537.36 (KHTML, like Gecko; compatible; bingbot/2.0; +http://www.bing.com/bingbot.htm) Chrome/103.0.5060.134 Safari/537.36" "ysfine.com"
64.124.8.28 - - [21/Feb/2023:05:56:16 -0800] "GET /world/russ/basil01.jpg HTTP/1.1" 200 100912 "-" "Mozilla/5.0 (Macintosh; Intel Mac OS X 10_15_7) AppleWebKit/537.36 (KHTML, like Gecko) Chrome/107.0.0.0 Safari/537.36" "www.ysfine.com"
64.124.8.57 - - [21/Feb/2023:05:56:27 -0800] "GET /sbk/1966niagara22.jpg HTTP/1.1" 200 212398 "-" "Mozilla/5.0 (Macintosh; Intel Mac OS X 10_15_7) AppleWebKit/537.36 (KHTML, like Gecko) Chrome/107.0.0.0 Safari/537.36" "www.ysfine.com"
64.124.8.56 - - [21/Feb/2023:05:56:38 -0800] "GET /world/latina/rio105.jpg HTTP/1.1" 200 94261 "-" "Mozilla/5.0 (Macintosh; Intel Mac OS X 10_15_7) AppleWebKit/537.36 (KHTML, like Gecko) Chrome/107.0.0.0 Safari/537.36" "www.ysfine.com"
157.55.39.206 - - [21/Feb/2023:05:57:20 -0800] "GET /yspapers/hosc2by2.jpg HTTP/1.1" 200 168970 "-" "Mozilla/5.0 AppleWebKit/537.36 (KHTML, like Gecko; compatible; bingbot/2.0; +http://www.bing.com/bingbot.htm) Chrome/103.0.5060.134 Safari/537.36" "www.ysfine.com"
64.124.8.49 - - [21/Feb/2023:05:57:23 -0800] "GET /ysbio/world/scandi/sto001.jpg HTTP/1.1" 404 88 "-" "Mozilla/5.0 (Macintosh; Intel Mac OS X 10_15_7) AppleWebKit/537.36 (KHTML, like Gecko) Chrome/107.0.0.0 Safari/537.36" "www.ysfine.com"
64.124.8.50 - - [21/Feb/2023:05:58:07 -0800] "GET /world/balkan/istan061.jpg HTTP/1.1" 200 71144 "-" "Mozilla/5.0 (Macintosh; Intel Mac OS X 10_15_7) AppleWebKit/537.36 (KHTML, like Gecko) Chrome/107.0.0.0 Safari/537.36" "www.ysfine.com"
64.124.8.52 - - [21/Feb/2023:05:58:11 -0800] "GET /ysbio/maga/phys/huy09.jpg HTTP/1.1" 404 88 "-" "Mozilla/5.0 (Macintosh; Intel Mac OS X 10_15_7) AppleWebKit/537.36 (KHTML, like Gecko) Chrome/107.0.0.0 Safari/537.36" "ysfine.com"
52.167.144.62 - - [21/Feb/2023:05:58:13 -0800] "GET /newyork/colum01.jpg HTTP/1.1" 200 99832 "-" "Mozilla/5.0 AppleWebKit/537.36 (KHTML, like Gecko; compatible; bingbot/2.0; +http://www.bing.com/bingbot.htm) Chrome/103.0.5060.134 Safari/537.36" "ysfine.com"
52.167.144.62 - - [21/Feb/2023:05:58:14 -0800] "GET /ysbio/philo/sisfa12/frame58.html HTTP/1.1" 404 88 "-" "Mozilla/5.0 AppleWebKit/537.36 (KHTML, like Gecko; compatible; bingbot/2.0; +http://www.bing.com/bingbot.htm) Chrome/103.0.5060.134 Safari/537.36" "ysfine.com"
176.213.135.187 - - [21/Feb/2023:05:58:15 -0800] "GET /kowar/tanks/tank21.jpg HTTP/1.1" 200 52329 "https://arnfoto.ru/" "Mozilla/5.0 (Linux; Android 11; Redmi Note 8) AppleWebKit/537.36 (KHTML, like Gecko) Chrome/108.0.5359.215 Mobile Safari/537.36 OPR/73.2.3844.69974" "ysfine.com"
20.150.136.224 - - [21/Feb/2023:05:58:27 -0800] "GET /wp-includes/ID3/license.txt HTTP/1.1" 404 73 "-" "Mozilla/5.0 (Windows NT 10.0; Win64; x64) AppleWebKit/537.36 (KHTML, like Gecko) Chrome/95.0.4638.69 Safari/537.36" "ysfine.com"
20.150.136.224 - - [21/Feb/2023:05:58:28 -0800] "GET /feed/ HTTP/1.1" 404 73 "-" "Mozilla/5.0 (Windows NT 10.0; Win64; x64) AppleWebKit/537.36 (KHTML, like Gecko) Chrome/95.0.4638.69 Safari/537.36" "ysfine.com"
20.150.136.224 - - [21/Feb/2023:05:58:28 -0800] "GET /blog/wp-includes/wlwmanifest.xml HTTP/1.1" 404 73 "-" "Mozilla/5.0 (Windows NT 10.0; Win64; x64) AppleWebKit/537.36 (KHTML, like Gecko) Chrome/95.0.4638.69 Safari/537.36" "ysfine.com"
20.150.136.224 - - [21/Feb/2023:05:58:28 -0800] "GET /web/wp-includes/wlwmanifest.xml HTTP/1.1" 404 73 "-" "Mozilla/5.0 (Windows NT 10.0; Win64; x64) AppleWebKit/537.36 (KHTML, like Gecko) Chrome/95.0.4638.69 Safari/537.36" "ysfine.com"
20.150.136.224 - - [21/Feb/2023:05:58:29 -0800] "GET /wordpress/wp-includes/wlwmanifest.xml HTTP/1.1" 404 73 "-" "Mozilla/5.0 (Windows NT 10.0; Win64; x64) AppleWebKit/537.36 (KHTML, like Gecko) Chrome/95.0.4638.69 Safari/537.36" "ysfine.com"
20.150.136.224 - - [21/Feb/2023:05:58:29 -0800] "GET /2020/wp-includes/wlwmanifest.xml HTTP/1.1" 404 73 "-" "Mozilla/5.0 (Windows NT 10.0; Win64; x64) AppleWebKit/537.36 (KHTML, like Gecko) Chrome/95.0.4638.69 Safari/537.36" "ysfine.com"
20.150.136.224 - - [21/Feb/2023:05:58:29 -0800] "GET /2019/wp-includes/wlwmanifest.xml HTTP/1.1" 404 73 "-" "Mozilla/5.0 (Windows NT 10.0; Win64; x64) AppleWebKit/537.36 (KHTML, like Gecko) Chrome/95.0.4638.69 Safari/537.36" "ysfine.com"
20.150.136.224 - - [21/Feb/2023:05:58:30 -0800] "GET /2021/wp-includes/wlwmanifest.xml HTTP/1.1" 404 73 "-" "Mozilla/5.0 (Windows NT 10.0; Win64; x64) AppleWebKit/537.36 (KHTML, like Gecko) Chrome/95.0.4638.69 Safari/537.36" "ysfine.com"
20.150.136.224 - - [21/Feb/2023:05:58:30 -0800] "GET /shop/wp-includes/wlwmanifest.xml HTTP/1.1" 404 73 "-" "Mozilla/5.0 (Windows NT 10.0; Win64; x64) AppleWebKit/537.36 (KHTML, like Gecko) Chrome/95.0.4638.69 Safari/537.36" "ysfine.com"
20.150.136.224 - - [21/Feb/2023:05:58:30 -0800] "GET /wp1/wp-includes/wlwmanifest.xml HTTP/1.1" 404 73 "-" "Mozilla/5.0 (Windows NT 10.0; Win64; x64) AppleWebKit/537.36 (KHTML, like Gecko) Chrome/95.0.4638.69 Safari/537.36" "ysfine.com"
20.150.136.224 - - [21/Feb/2023:05:58:31 -0800] "GET /test/wp-includes/wlwmanifest.xml HTTP/1.1" 404 73 "-" "Mozilla/5.0 (Windows NT 10.0; Win64; x64) AppleWebKit/537.36 (KHTML, like Gecko) Chrome/95.0.4638.69 Safari/537.36" "ysfine.com"
20.150.136.224 - - [21/Feb/2023:05:58:31 -0800] "GET /site/wp-includes/wlwmanifest.xml HTTP/1.1" 404 73 "-" "Mozilla/5.0 (Windows NT 10.0; Win64; x64) AppleWebKit/537.36 (KHTML, like Gecko) Chrome/95.0.4638.69 Safari/537.36" "ysfine.com"
20.150.136.224 - - [21/Feb/2023:05:58:31 -0800] "GET /cms/wp-includes/wlwmanifest.xml HTTP/1.1" 404 73 "-" "Mozilla/5.0 (Windows NT 10.0; Win64; x64) AppleWebKit/537.36 (KHTML, like Gecko) Chrome/95.0.4638.69 Safari/537.36" "ysfine.com"
40.77.167.211 - - [21/Feb/2023:05:59:00 -0800] "GET /bio/wigner/e(2).html HTTP/1.1" 404 88 "-" "Mozilla/5.0 AppleWebKit/537.36 (KHTML, like Gecko; compatible; bingbot/2.0; +http://www.bing.com/bingbot.htm) Chrome/103.0.5060.134 Safari/537.36" "ysfine.com"
157.40.90.88 - - [21/Feb/2023:05:59:11 -0800] "GET /maga/phys/heisen22.jpg HTTP/1.1" 200 82807 "https://in.images.search.yahoo.com/search/images;_ylt=AwrPpToQzvRjjs425gq7HAx.;_ylu=Y29sbwNzZzMEcG9zAzEEdnRpZAMEc2VjA3BpdnM-?p=heisenberg&fr2=piv-web&type=E211IN826G0&fr=mcafee" "Mozilla/5.0 (Windows NT 10.0; Win64; x64) AppleWebKit/537.36 (KHTML, like Gecko) Chrome/110.0.0.0 Safari/537.36" "ysfine.com"
51.222.253.2 - - [21/Feb/2023:05:59:46 -0800] "GET /wisdom/wk01.html HTTP/1.1" 200 88106 "-" "Mozilla/5.0 (compatible; AhrefsBot/7.0; +http://ahrefs.com/robot/)" "ysfine.com"
71.178.208.102 - - [21/Feb/2023:05:59:54 -0800] "GET /ys11/ HTTP/1.1" 304 - "-" "Mozilla/5.0 (Windows NT 10.0; Win64; x64) AppleWebKit/537.36 (KHTML, like Gecko) Chrome/110.0.0.0 Safari/537.36 Edg/110.0.1587.50" "ysfine.com"
64.124.8.54 - - [21/Feb/2023:06:00:44 -0800] "GET /ysbio/world/baltic/kantcather.jpg HTTP/1.1" 404 88 "-" "Mozilla/5.0 (Macintosh; Intel Mac OS X 10_15_7) AppleWebKit/537.36 (KHTML, like Gecko) Chrome/107.0.0.0 Safari/537.36" "ysfine.com"
207.46.13.220 - - [21/Feb/2023:06:00:48 -0800] "GET /bio/kobak/soraech.html HTTP/1.1" 404 88 "-" "Mozilla/5.0 AppleWebKit/537.36 (KHTML, like Gecko; compatible; bingbot/2.0; +http://www.bing.com/bingbot.htm) Chrome/103.0.5060.134 Safari/537.36" "ysfine.com"
66.249.70.211 - - [21/Feb/2023:06:00:57 -0800] "GET /world/germany/benz11.jpg HTTP/1.1" 304 - "-" "Googlebot-Image/1.0" "ysfine.com"
52.167.144.35 - - [21/Feb/2023:06:01:37 -0800] "GET /bio09.html HTTP/1.1" 304 - "-" "Mozilla/5.0 AppleWebKit/537.36 (KHTML, like Gecko; compatible; bingbot/2.0; +http://www.bing.com/bingbot.htm) Chrome/103.0.5060.134 Safari/537.36" "www.ysfine.com"
52.167.144.35 - - [21/Feb/2023:06:01:58 -0800] "GET /bio/sbk/1950.html HTTP/1.1" 404 88 "-" "Mozilla/5.0 AppleWebKit/537.36 (KHTML, like Gecko; compatible; bingbot/2.0; +http://www.bing.com/bingbot.htm) Chrome/103.0.5060.134 Safari/537.36" "ysfine.com"
64.124.8.49 - - [21/Feb/2023:06:02:07 -0800] "GET /ysbio/feynman/millik.jpg HTTP/1.1" 404 88 "-" "Mozilla/5.0 (Macintosh; Intel Mac OS X 10_15_7) AppleWebKit/537.36 (KHTML, like Gecko) Chrome/107.0.0.0 Safari/537.36" "ysfine.com"
40.77.167.211 - - [21/Feb/2023:06:02:09 -0800] "GET /world/russ/spbf67.jpg HTTP/1.1" 200 125948 "-" "Mozilla/5.0 AppleWebKit/537.36 (KHTML, like Gecko; compatible; bingbot/2.0; +http://www.bing.com/bingbot.htm) Chrome/103.0.5060.134 Safari/537.36" "ysfine.com"
64.124.8.28 - - [21/Feb/2023:06:02:24 -0800] "GET /world/france/stras57.jpg HTTP/1.1" 200 82076 "-" "Mozilla/5.0 (Macintosh; Intel Mac OS X 10_15_7) AppleWebKit/537.36 (KHTML, like Gecko) Chrome/107.0.0.0 Safari/537.36" "ysfine.com"
157.55.39.206 - - [21/Feb/2023:06:02:29 -0800] "GET /world/ital/palat02.jpg HTTP/1.1" 200 122711 "-" "Mozilla/5.0 AppleWebKit/537.36 (KHTML, like Gecko; compatible; bingbot/2.0; +http://www.bing.com/bingbot.htm) Chrome/103.0.5060.134 Safari/537.36" "ysfine.com"
95.163.255.80 - - [21/Feb/2023:06:02:35 -0800] "GET /robots.txt HTTP/1.1" 404 73 "-" "Mozilla/5.0 (compatible; Linux x86_64; Mail.RU_Bot/Img/2.0; +https://help.mail.ru/webmaster/indexing/robots)" "www.ysfine.com"
64.124.8.50 - - [21/Feb/2023:06:02:46 -0800] "GET /world/france/sorbonne22.jpg HTTP/1.1" 200 107271 "-" "Mozilla/5.0 (Macintosh; Intel Mac OS X 10_15_7) AppleWebKit/537.36 (KHTML, like Gecko) Chrome/107.0.0.0 Safari/537.36" "ysfine.com"
64.124.8.52 - - [21/Feb/2023:06:02:48 -0800] "GET /feynman/page66.jpg HTTP/1.1" 200 82655 "http://www.ysfine.com/feynman/page66.jpg" "Mozilla/5.0 (Macintosh; Intel Mac OS X 10_15_7) AppleWebKit/537.36 (KHTML, like Gecko) Chrome/107.0.0.0 Safari/537.36" "www.ysfine.com"
95.163.255.101 - - [21/Feb/2023:06:03:23 -0800] "GET /home/feyn70.html HTTP/1.1" 404 88 "http://go.mail.ru/search_images" "Mozilla/5.0 (compatible; Linux x86_64; Mail.RU_Bot/Img/2.0; +https://help.mail.ru/webmaster/indexing/robots)" "www.ysfine.com"
52.167.144.62 - - [21/Feb/2023:06:04:55 -0800] "GET /bio/style/proschanie.html HTTP/1.1" 404 88 "-" "Mozilla/5.0 AppleWebKit/537.36 (KHTML, like Gecko; compatible; bingbot/2.0; +http://www.bing.com/bingbot.htm) Chrome/103.0.5060.134 Safari/537.36" "ysfine.com"
69.73.33.120 - - [21/Feb/2023:06:05:25 -0800] "GET /kobak/soraech.html HTTP/1.1" 200 16732 "-" "Mozilla/5.0 (Windows NT 10.0; Win64; x64) AppleWebKit/537.36 (KHTML, like Gecko) Chrome/110.0.0.0 Safari/537.36 Edg/110.0.1587.50" "www.ysfine.com"
69.73.33.120 - - [21/Feb/2023:06:05:25 -0800] "GET /kobak/sorae/alexvic11b.jpg HTTP/1.1" 200 47312 "https://www.ysfine.com/kobak/soraech.html" "Mozilla/5.0 (Windows NT 10.0; Win64; x64) AppleWebKit/537.36 (KHTML, like Gecko) Chrome/110.0.0.0 Safari/537.36 Edg/110.0.1587.50" "www.ysfine.com"
69.73.33.120 - - [21/Feb/2023:06:05:25 -0800] "GET /kobak/sorae/church103b.jpg HTTP/1.1" 200 41194 "https://www.ysfine.com/kobak/soraech.html" "Mozilla/5.0 (Windows NT 10.0; Win64; x64) AppleWebKit/537.36 (KHTML, like Gecko) Chrome/110.0.0.0 Safari/537.36 Edg/110.0.1587.50" "www.ysfine.com"
69.73.33.120 - - [21/Feb/2023:06:05:25 -0800] "GET /kobak/underw21b.jpg HTTP/1.1" 200 45991 "https://www.ysfine.com/kobak/soraech.html" "Mozilla/5.0 (Windows NT 10.0; Win64; x64) AppleWebKit/537.36 (KHTML, like Gecko) Chrome/110.0.0.0 Safari/537.36 Edg/110.0.1587.50" "www.ysfine.com"
69.73.33.120 - - [21/Feb/2023:06:05:25 -0800] "GET /kobak/sorae/church02b.jpg HTTP/1.1" 200 40321 "https://www.ysfine.com/kobak/soraech.html" "Mozilla/5.0 (Windows NT 10.0; Win64; x64) AppleWebKit/537.36 (KHTML, like Gecko) Chrome/110.0.0.0 Safari/537.36 Edg/110.0.1587.50" "www.ysfine.com"
69.73.33.120 - - [21/Feb/2023:06:05:25 -0800] "GET /kobak/sorae/church05b.jpg HTTP/1.1" 200 66213 "https://www.ysfine.com/kobak/soraech.html" "Mozilla/5.0 (Windows NT 10.0; Win64; x64) AppleWebKit/537.36 (KHTML, like Gecko) Chrome/110.0.0.0 Safari/537.36 Edg/110.0.1587.50" "www.ysfine.com"
69.73.33.120 - - [21/Feb/2023:06:05:25 -0800] "GET /kobak/underw08b.jpg HTTP/1.1" 200 48993 "https://www.ysfine.com/kobak/soraech.html" "Mozilla/5.0 (Windows NT 10.0; Win64; x64) AppleWebKit/537.36 (KHTML, like Gecko) Chrome/110.0.0.0 Safari/537.36 Edg/110.0.1587.50" "www.ysfine.com"
69.73.33.120 - - [21/Feb/2023:06:05:25 -0800] "GET /kobak/sorae/grandpa11b.jpg HTTP/1.1" 200 20714 "https://www.ysfine.com/kobak/soraech.html" "Mozilla/5.0 (Windows NT 10.0; Win64; x64) AppleWebKit/537.36 (KHTML, like Gecko) Chrome/110.0.0.0 Safari/537.36 Edg/110.0.1587.50" "www.ysfine.com"
69.73.33.120 - - [21/Feb/2023:06:05:25 -0800] "GET /kobak/sorae/church07b.jpg HTTP/1.1" 200 55556 "https://www.ysfine.com/kobak/soraech.html" "Mozilla/5.0 (Windows NT 10.0; Win64; x64) AppleWebKit/537.36 (KHTML, like Gecko) Chrome/110.0.0.0 Safari/537.36 Edg/110.0.1587.50" "www.ysfine.com"
69.73.33.120 - - [21/Feb/2023:06:05:25 -0800] "GET /kowar/tanks/b29b.jpg HTTP/1.1" 200 33471 "https://www.ysfine.com/kobak/soraech.html" "Mozilla/5.0 (Windows NT 10.0; Win64; x64) AppleWebKit/537.36 (KHTML, like Gecko) Chrome/110.0.0.0 Safari/537.36 Edg/110.0.1587.50" "www.ysfine.com"
69.73.33.120 - - [21/Feb/2023:06:05:25 -0800] "GET /kobak/nll01b.jpg HTTP/1.1" 200 30471 "https://www.ysfine.com/kobak/soraech.html" "Mozilla/5.0 (Windows NT 10.0; Win64; x64) AppleWebKit/537.36 (KHTML, like Gecko) Chrome/110.0.0.0 Safari/537.36 Edg/110.0.1587.50" "www.ysfine.com"
69.73.33.120 - - [21/Feb/2023:06:05:25 -0800] "GET /kobak/sorae/church12b.jpg HTTP/1.1" 200 56689 "https://www.ysfine.com/kobak/soraech.html" "Mozilla/5.0 (Windows NT 10.0; Win64; x64) AppleWebKit/537.36 (KHTML, like Gecko) Chrome/110.0.0.0 Safari/537.36 Edg/110.0.1587.50" "www.ysfine.com"
69.73.33.120 - - [21/Feb/2023:06:05:25 -0800] "GET /kobak/mskim01b.jpg HTTP/1.1" 200 51469 "https://www.ysfine.com/kobak/soraech.html" "Mozilla/5.0 (Windows NT 10.0; Win64; x64) AppleWebKit/537.36 (KHTML, like Gecko) Chrome/110.0.0.0 Safari/537.36 Edg/110.0.1587.50" "www.ysfine.com"
69.73.33.120 - - [21/Feb/2023:06:05:25 -0800] "GET /kobak/sorae/church03b.jpg HTTP/1.1" 200 50665 "https://www.ysfine.com/kobak/soraech.html" "Mozilla/5.0 (Windows NT 10.0; Win64; x64) AppleWebKit/537.36 (KHTML, like Gecko) Chrome/110.0.0.0 Safari/537.36 Edg/110.0.1587.50" "www.ysfine.com"
69.73.33.120 - - [21/Feb/2023:06:05:25 -0800] "GET /kobak/underw09b.jpg HTTP/1.1" 200 60928 "https://www.ysfine.com/kobak/soraech.html" "Mozilla/5.0 (Windows NT 10.0; Win64; x64) AppleWebKit/537.36 (KHTML, like Gecko) Chrome/110.0.0.0 Safari/537.36 Edg/110.0.1587.50" "www.ysfine.com"
69.73.33.120 - - [21/Feb/2023:06:05:25 -0800] "GET /kobak/sorae/church06b.jpg HTTP/1.1" 200 49022 "https://www.ysfine.com/kobak/soraech.html" "Mozilla/5.0 (Windows NT 10.0; Win64; x64) AppleWebKit/537.36 (KHTML, like Gecko) Chrome/110.0.0.0 Safari/537.36 Edg/110.0.1587.50" "www.ysfine.com"
69.73.33.120 - - [21/Feb/2023:06:05:25 -0800] "GET /kobak/underw25b.jpg HTTP/1.1" 200 36194 "https://www.ysfine.com/kobak/soraech.html" "Mozilla/5.0 (Windows NT 10.0; Win64; x64) AppleWebKit/537.36 (KHTML, like Gecko) Chrome/110.0.0.0 Safari/537.36 Edg/110.0.1587.50" "www.ysfine.com"
69.73.33.120 - - [21/Feb/2023:06:05:25 -0800] "GET /kowar/tanks/sherman44b.jpg HTTP/1.1" 200 34454 "https://www.ysfine.com/kobak/soraech.html" "Mozilla/5.0 (Windows NT 10.0; Win64; x64) AppleWebKit/537.36 (KHTML, like Gecko) Chrome/110.0.0.0 Safari/537.36 Edg/110.0.1587.50" "www.ysfine.com"
69.73.33.120 - - [21/Feb/2023:06:05:25 -0800] "GET /kobak/sorae/kumipo01b.jpg HTTP/1.1" 200 30861 "https://www.ysfine.com/kobak/soraech.html" "Mozilla/5.0 (Windows NT 10.0; Win64; x64) AppleWebKit/537.36 (KHTML, like Gecko) Chrome/110.0.0.0 Safari/537.36 Edg/110.0.1587.50" "www.ysfine.com"
69.73.33.120 - - [21/Feb/2023:06:05:25 -0800] "GET /kobak/underw26b.jpg HTTP/1.1" 200 56057 "https://www.ysfine.com/kobak/soraech.html" "Mozilla/5.0 (Windows NT 10.0; Win64; x64) AppleWebKit/537.36 (KHTML, like Gecko) Chrome/110.0.0.0 Safari/537.36 Edg/110.0.1587.50" "www.ysfine.com"
69.73.33.120 - - [21/Feb/2023:06:05:25 -0800] "GET /eink/eink61c.jpg HTTP/1.1" 200 34119 "https://www.ysfine.com/kobak/soraech.html" "Mozilla/5.0 (Windows NT 10.0; Win64; x64) AppleWebKit/537.36 (KHTML, like Gecko) Chrome/110.0.0.0 Safari/537.36 Edg/110.0.1587.50" "www.ysfine.com"
69.73.33.120 - - [21/Feb/2023:06:05:25 -0800] "GET /kobak/sohnwi01b.jpg HTTP/1.1" 200 35047 "https://www.ysfine.com/kobak/soraech.html" "Mozilla/5.0 (Windows NT 10.0; Win64; x64) AppleWebKit/537.36 (KHTML, like Gecko) Chrome/110.0.0.0 Safari/537.36 Edg/110.0.1587.50" "www.ysfine.com"
69.73.33.120 - - [21/Feb/2023:06:05:25 -0800] "GET /kobak/sorae/church102b.jpg HTTP/1.1" 200 39343 "https://www.ysfine.com/kobak/soraech.html" "Mozilla/5.0 (Windows NT 10.0; Win64; x64) AppleWebKit/537.36 (KHTML, like Gecko) Chrome/110.0.0.0 Safari/537.36 Edg/110.0.1587.50" "www.ysfine.com"
69.73.33.120 - - [21/Feb/2023:06:05:25 -0800] "GET /kobak/underw12b.jpg HTTP/1.1" 200 42070 "https://www.ysfine.com/kobak/soraech.html" "Mozilla/5.0 (Windows NT 10.0; Win64; x64) AppleWebKit/537.36 (KHTML, like Gecko) Chrome/110.0.0.0 Safari/537.36 Edg/110.0.1587.50" "www.ysfine.com"
69.73.33.120 - - [21/Feb/2023:06:05:25 -0800] "GET /kobak/sorae/church105b.jpg HTTP/1.1" 200 36895 "https://www.ysfine.com/kobak/soraech.html" "Mozilla/5.0 (Windows NT 10.0; Win64; x64) AppleWebKit/537.36 (KHTML, like Gecko) Chrome/110.0.0.0 Safari/537.36 Edg/110.0.1587.50" "www.ysfine.com"
69.73.33.120 - - [21/Feb/2023:06:05:25 -0800] "GET /kobak/somap38b.jpg HTTP/1.1" 200 54149 "https://www.ysfine.com/kobak/soraech.html" "Mozilla/5.0 (Windows NT 10.0; Win64; x64) AppleWebKit/537.36 (KHTML, like Gecko) Chrome/110.0.0.0 Safari/537.36 Edg/110.0.1587.50" "www.ysfine.com"
69.73.33.120 - - [21/Feb/2023:06:05:25 -0800] "GET /kobak/mskim03b.jpg HTTP/1.1" 200 44430 "https://www.ysfine.com/kobak/soraech.html" "Mozilla/5.0 (Windows NT 10.0; Win64; x64) AppleWebKit/537.36 (KHTML, like Gecko) Chrome/110.0.0.0 Safari/537.36 Edg/110.0.1587.50" "www.ysfine.com"
69.73.33.120 - - [21/Feb/2023:06:05:25 -0800] "GET /kobak/rhee12b.jpg HTTP/1.1" 200 49113 "https://www.ysfine.com/kobak/soraech.html" "Mozilla/5.0 (Windows NT 10.0; Win64; x64) AppleWebKit/537.36 (KHTML, like Gecko) Chrome/110.0.0.0 Safari/537.36 Edg/110.0.1587.50" "www.ysfine.com"
69.73.33.120 - - [21/Feb/2023:06:05:25 -0800] "GET /world/russ/roskei90b.jpg HTTP/1.1" 200 50111 "https://www.ysfine.com/kobak/soraech.html" "Mozilla/5.0 (Windows NT 10.0; Win64; x64) AppleWebKit/537.36 (KHTML, like Gecko) Chrome/110.0.0.0 Safari/537.36 Edg/110.0.1587.50" "www.ysfine.com"
69.73.33.120 - - [21/Feb/2023:06:05:25 -0800] "GET /kobak/underw06b.jpg HTTP/1.1" 200 51332 "https://www.ysfine.com/kobak/soraech.html" "Mozilla/5.0 (Windows NT 10.0; Win64; x64) AppleWebKit/537.36 (KHTML, like Gecko) Chrome/110.0.0.0 Safari/537.36 Edg/110.0.1587.50" "www.ysfine.com"
69.73.33.120 - - [21/Feb/2023:06:05:25 -0800] "GET /kowar/kimis53b.jpg HTTP/1.1" 200 44376 "https://www.ysfine.com/kobak/soraech.html" "Mozilla/5.0 (Windows NT 10.0; Win64; x64) AppleWebKit/537.36 (KHTML, like Gecko) Chrome/110.0.0.0 Safari/537.36 Edg/110.0.1587.50" "www.ysfine.com"
69.73.33.120 - - [21/Feb/2023:06:05:25 -0800] "GET /kobak/underw01b.jpg HTTP/1.1" 200 36835 "https://www.ysfine.com/kobak/soraech.html" "Mozilla/5.0 (Windows NT 10.0; Win64; x64) AppleWebKit/537.36 (KHTML, like Gecko) Chrome/110.0.0.0 Safari/537.36 Edg/110.0.1587.50" "www.ysfine.com"
69.73.33.120 - - [21/Feb/2023:06:05:25 -0800] "GET /kobak/gojong01b.jpg HTTP/1.1" 200 43980 "https://www.ysfine.com/kobak/soraech.html" "Mozilla/5.0 (Windows NT 10.0; Win64; x64) AppleWebKit/537.36 (KHTML, like Gecko) Chrome/110.0.0.0 Safari/537.36 Edg/110.0.1587.50" "www.ysfine.com"
69.73.33.120 - - [21/Feb/2023:06:05:25 -0800] "GET /kobak/underw03b.jpg HTTP/1.1" 200 37749 "https://www.ysfine.com/kobak/soraech.html" "Mozilla/5.0 (Windows NT 10.0; Win64; x64) AppleWebKit/537.36 (KHTML, like Gecko) Chrome/110.0.0.0 Safari/537.36 Edg/110.0.1587.50" "www.ysfine.com"
69.73.33.120 - - [21/Feb/2023:06:05:25 -0800] "GET /kobak/sorae/church09b.jpg HTTP/1.1" 200 63003 "https://www.ysfine.com/kobak/soraech.html" "Mozilla/5.0 (Windows NT 10.0; Win64; x64) AppleWebKit/537.36 (KHTML, like Gecko) Chrome/110.0.0.0 Safari/537.36 Edg/110.0.1587.50" "www.ysfine.com"
69.73.33.120 - - [21/Feb/2023:06:05:25 -0800] "GET /kobak/underw22b.jpg HTTP/1.1" 200 68866 "https://www.ysfine.com/kobak/soraech.html" "Mozilla/5.0 (Windows NT 10.0; Win64; x64) AppleWebKit/537.36 (KHTML, like Gecko) Chrome/110.0.0.0 Safari/537.36 Edg/110.0.1587.50" "www.ysfine.com"
69.73.33.120 - - [21/Feb/2023:06:05:25 -0800] "GET /kobak/sorae01b.jpg HTTP/1.1" 200 31668 "https://www.ysfine.com/kobak/soraech.html" "Mozilla/5.0 (Windows NT 10.0; Win64; x64) AppleWebKit/537.36 (KHTML, like Gecko) Chrome/110.0.0.0 Safari/537.36 Edg/110.0.1587.50" "www.ysfine.com"
40.77.167.211 - - [21/Feb/2023:06:05:29 -0800] "GET /world/ital/rome109.jpg HTTP/1.1" 200 125625 "-" "Mozilla/5.0 AppleWebKit/537.36 (KHTML, like Gecko; compatible; bingbot/2.0; +http://www.bing.com/bingbot.htm) Chrome/103.0.5060.134 Safari/537.36" "www.ysfine.com"
72.14.201.141 - - [21/Feb/2023:06:05:48 -0800] "GET /world/brit/etonharrow.html HTTP/1.1" 200 4544 "-" "Mozilla/5.0 (Linux; Android 10; K) AppleWebKit/537.36 (KHTML, like Gecko) Chrome/109.0.0.0 Mobile Safari/537.36" "ysfine.com"
64.124.8.29 - - [21/Feb/2023:06:06:18 -0800] "GET /ysbio/ffriends/russrio33.jpg HTTP/1.1" 404 88 "-" "Mozilla/5.0 (Macintosh; Intel Mac OS X 10_15_7) AppleWebKit/537.36 (KHTML, like Gecko) Chrome/107.0.0.0 Safari/537.36" "www.ysfine.com"
40.77.167.211 - - [21/Feb/2023:06:07:10 -0800] "GET /style/kievopera44.jpg HTTP/1.1" 200 108286 "-" "Mozilla/5.0 AppleWebKit/537.36 (KHTML, like Gecko; compatible; bingbot/2.0; +http://www.bing.com/bingbot.htm) Chrome/103.0.5060.134 Safari/537.36" "ysfine.com"
89.199.104.108 - - [21/Feb/2023:06:07:16 -0800] "GET /robots.txt HTTP/1.1" 404 88 "-" "Mozilla/5.0 (iPhone; U; CPU iPhone OS 4_2_1 like Mac OS X; nb-no) AppleWebKit/533.17.9 (KHTML, like Gecko) Version/5.0.2 Mobile/8C148a Safari/6533.18.5" "ysfine.com"
91.133.165.246 - - [21/Feb/2023:06:07:18 -0800] "GET / HTTP/1.1" 200 5295 "-" "Mozilla/5.0 (iPhone; U; fr; CPU iPhone OS 4_2_1 like Mac OS X; fr) AppleWebKit/533.17.9 (KHTML, like Gecko) Version/5.0.2 Mobile/8C148a Safari/6533.18.5" "ysfine.com"
64.124.8.28 - - [21/Feb/2023:06:07:23 -0800] "GET /newyork/emp06.jpg HTTP/1.1" 200 138535 "-" "Mozilla/5.0 (Macintosh; Intel Mac OS X 10_15_7) AppleWebKit/537.36 (KHTML, like Gecko) Chrome/107.0.0.0 Safari/537.36" "ysfine.com"
64.124.8.55 - - [21/Feb/2023:06:07:26 -0800] "GET /wdc/heyadams11.jpg HTTP/1.1" 200 124669 "-" "Mozilla/5.0 (Macintosh; Intel Mac OS X 10_15_7) AppleWebKit/537.36 (KHTML, like Gecko) Chrome/107.0.0.0 Safari/537.36" "ysfine.com"
91.133.184.142 - - [21/Feb/2023:06:07:26 -0800] "GET / HTTP/1.1" 200 5295 "-" "Mozilla/5.0 (iPhone; U; CPU iPhone OS 4_3 like Mac OS X; en-gb) AppleWebKit/533.17.9 (KHTML, like Gecko) Version/5.0.2 Mobile/8F190 Safari/6533.18.5" "ysfine.com"
91.133.213.217 - - [21/Feb/2023:06:07:26 -0800] "GET /robots.txt HTTP/1.1" 404 88 "-" "Mozilla/5.0 (iPhone; U; Linux i686; pt-br) AppleWebKit/532+ (KHTML, like Gecko) Version/3.0 Mobile/1A538b Safari/419.3 Midori/0.2.0" "ysfine.com"
51.222.253.11 - - [21/Feb/2023:06:08:09 -0800] "GET /princeton/prade.html HTTP/1.1" 200 9863 "-" "Mozilla/5.0 (compatible; AhrefsBot/7.0; +http://ahrefs.com/robot/)" "ysfine.com"
51.222.253.18 - - [21/Feb/2023:06:08:13 -0800] "GET /princeton/bdinner11b.jpg HTTP/1.1" 200 50984 "-" "Mozilla/5.0 (compatible; AhrefsBot/7.0; +http://ahrefs.com/robot/)" "ysfine.com"
51.222.253.1 - - [21/Feb/2023:06:08:14 -0800] "GET /ffriends/amkor/prgr02b.jpg HTTP/1.1" 200 46161 "-" "Mozilla/5.0 (compatible; AhrefsBot/7.0; +http://ahrefs.com/robot/)" "ysfine.com"
51.222.253.7 - - [21/Feb/2023:06:08:15 -0800] "GET /princeton/nightbefore2.jpg HTTP/1.1" 200 47729 "-" "Mozilla/5.0 (compatible; AhrefsBot/7.0; +http://ahrefs.com/robot/)" "ysfine.com"
51.222.253.17 - - [21/Feb/2023:06:08:15 -0800] "GET /princeton/prford11b.jpg HTTP/1.1" 200 52307 "-" "Mozilla/5.0 (compatible; AhrefsBot/7.0; +http://ahrefs.com/robot/)" "ysfine.com"
51.222.253.2 - - [21/Feb/2023:06:08:16 -0800] "GET /usca/pitt/scotam2.jpg HTTP/1.1" 200 46187 "-" "Mozilla/5.0 (compatible; AhrefsBot/7.0; +http://ahrefs.com/robot/)" "ysfine.com"
51.222.253.16 - - [21/Feb/2023:06:08:17 -0800] "GET /princeton/puband10b.jpg HTTP/1.1" 200 48482 "-" "Mozilla/5.0 (compatible; AhrefsBot/7.0; +http://ahrefs.com/robot/)" "ysfine.com"
51.222.253.10 - - [21/Feb/2023:06:08:18 -0800] "GET /princeton/billbo11b.jpg HTTP/1.1" 200 46283 "-" "Mozilla/5.0 (compatible; AhrefsBot/7.0; +http://ahrefs.com/robot/)" "ysfine.com"
51.222.253.13 - - [21/Feb/2023:06:08:18 -0800] "GET /princeton/puband05b.jpg HTTP/1.1" 200 46073 "-" "Mozilla/5.0 (compatible; AhrefsBot/7.0; +http://ahrefs.com/robot/)" "ysfine.com"
51.222.253.1 - - [21/Feb/2023:06:08:19 -0800] "GET /princeton/elephant11b.jpg HTTP/1.1" 200 65393 "-" "Mozilla/5.0 (compatible; AhrefsBot/7.0; +http://ahrefs.com/robot/)" "ysfine.com"
51.222.253.1 - - [21/Feb/2023:06:08:19 -0800] "GET /style/cameras/canonp66b.jpg HTTP/1.1" 200 30441 "-" "Mozilla/5.0 (compatible; AhrefsBot/7.0; +http://ahrefs.com/robot/)" "ysfine.com"
51.222.253.19 - - [21/Feb/2023:06:08:20 -0800] "GET /kowar/tanks/sherman58b.jpg HTTP/1.1" 200 37300 "-" "Mozilla/5.0 (compatible; AhrefsBot/7.0; +http://ahrefs.com/robot/)" "ysfine.com"
51.222.253.7 - - [21/Feb/2023:06:08:20 -0800] "GET /princeton/78th2.jpg HTTP/1.1" 200 55224 "-" "Mozilla/5.0 (compatible; AhrefsBot/7.0; +http://ahrefs.com/robot/)" "ysfine.com"
51.222.253.20 - - [21/Feb/2023:06:08:21 -0800] "GET /princeton/tilghman07b.jpg HTTP/1.1" 200 45925 "-" "Mozilla/5.0 (compatible; AhrefsBot/7.0; +http://ahrefs.com/robot/)" "ysfine.com"
51.222.253.6 - - [21/Feb/2023:06:08:21 -0800] "GET /kowar/tanks/sherman44b.jpg HTTP/1.1" 200 34454 "-" "Mozilla/5.0 (compatible; AhrefsBot/7.0; +http://ahrefs.com/robot/)" "ysfine.com"
51.222.253.9 - - [21/Feb/2023:06:08:21 -0800] "GET /princeton/brooke87b.jpg HTTP/1.1" 200 55274 "-" "Mozilla/5.0 (compatible; AhrefsBot/7.0; +http://ahrefs.com/robot/)" "ysfine.com"
51.222.253.10 - - [21/Feb/2023:06:08:22 -0800] "GET /princeton/horsewag2.jpg HTTP/1.1" 200 56236 "-" "Mozilla/5.0 (compatible; AhrefsBot/7.0; +http://ahrefs.com/robot/)" "ysfine.com"
51.222.253.4 - - [21/Feb/2023:06:08:22 -0800] "GET /kobak/rheetr2.jpg HTTP/1.1" 200 43503 "-" "Mozilla/5.0 (compatible; AhrefsBot/7.0; +http://ahrefs.com/robot/)" "ysfine.com"
51.222.253.11 - - [21/Feb/2023:06:08:23 -0800] "GET /princeton/class2007d.jpg HTTP/1.1" 200 52536 "-" "Mozilla/5.0 (compatible; AhrefsBot/7.0; +http://ahrefs.com/robot/)" "ysfine.com"
51.222.253.8 - - [21/Feb/2023:06:08:23 -0800] "GET /princeton/goheen11b.jpg HTTP/1.1" 200 41282 "-" "Mozilla/5.0 (compatible; AhrefsBot/7.0; +http://ahrefs.com/robot/)" "ysfine.com"
51.222.253.5 - - [21/Feb/2023:06:08:23 -0800] "GET /princeton/stevenson11b.jpg HTTP/1.1" 200 42759 "-" "Mozilla/5.0 (compatible; AhrefsBot/7.0; +http://ahrefs.com/robot/)" "ysfine.com"
51.222.253.2 - - [21/Feb/2023:06:08:24 -0800] "GET /princeton/cleve11b.jpg HTTP/1.1" 200 42431 "-" "Mozilla/5.0 (compatible; AhrefsBot/7.0; +http://ahrefs.com/robot/)" "ysfine.com"
51.222.253.19 - - [21/Feb/2023:06:08:24 -0800] "GET /princeton/governer11b.jpg HTTP/1.1" 200 44721 "-" "Mozilla/5.0 (compatible; AhrefsBot/7.0; +http://ahrefs.com/robot/)" "ysfine.com"
51.222.253.1 - - [21/Feb/2023:06:08:25 -0800] "GET /princeton/rheepr01b.jpg HTTP/1.1" 200 35236 "-" "Mozilla/5.0 (compatible; AhrefsBot/7.0; +http://ahrefs.com/robot/)" "ysfine.com"
51.222.253.8 - - [21/Feb/2023:06:08:26 -0800] "GET /ffriends/amkor/prgr06b.jpg HTTP/1.1" 200 32520 "-" "Mozilla/5.0 (compatible; AhrefsBot/7.0; +http://ahrefs.com/robot/)" "ysfine.com"
76.253.61.10 - - [21/Feb/2023:06:08:28 -0800] "GET /kowar/tanks/sherman51.jpg HTTP/1.1" 200 110942 "https://www.google.com/" "Mozilla/5.0 (Linux; Android 7.1.1; K88) AppleWebKit/537.36 (KHTML, like Gecko) Chrome/110.0.0.0 Safari/537.36" "ysfine.com"
103.37.142.26 - - [21/Feb/2023:06:08:37 -0800] "GET /maga/invent/amellon11.jpg HTTP/1.1" 200 21348 "-" "Mozilla/5.0 (X11; Ubuntu; Linux x86_64; rv:72.0) Gecko/20100101 Firefox/72.0" "ysfine.com"
92.150.239.79 - - [21/Feb/2023:06:09:05 -0800] "GET /princeton/brooke88.jpg HTTP/1.1" 200 82208 "https://www.google.com/" "Mozilla/5.0 (Macintosh; Intel Mac OS X 10.15; rv:109.0) Gecko/20100101 Firefox/110.0" "ysfine.com"
64.124.8.52 - - [21/Feb/2023:06:09:17 -0800] "GET /ysbio/kobak/1014.jpg HTTP/1.1" 404 88 "-" "Mozilla/5.0 (Macintosh; Intel Mac OS X 10_15_7) AppleWebKit/537.36 (KHTML, like Gecko) Chrome/107.0.0.0 Safari/537.36" "ysfine.com"
64.124.8.53 - - [21/Feb/2023:06:09:21 -0800] "GET /world/germany/leipzig15.jpg HTTP/1.1" 200 264768 "-" "Mozilla/5.0 (Macintosh; Intel Mac OS X 10_15_7) AppleWebKit/537.36 (KHTML, like Gecko) Chrome/107.0.0.0 Safari/537.36" "ysfine.com"
64.124.8.49 - - [21/Feb/2023:06:10:14 -0800] "GET /world/ital/venice12.jpg HTTP/1.1" 200 137615 "-" "Mozilla/5.0 (Macintosh; Intel Mac OS X 10_15_7) AppleWebKit/537.36 (KHTML, like Gecko) Chrome/107.0.0.0 Safari/537.36" "ysfine.com"
66.249.70.211 - - [21/Feb/2023:06:10:16 -0800] "GET /world/scandi/sto012.jpg HTTP/1.1" 304 - "-" "Googlebot-Image/1.0" "ysfine.com"
92.150.239.79 - - [21/Feb/2023:06:10:40 -0800] "GET /princeton/brooke22.jpg HTTP/1.1" 200 87673 "https://www.google.com/" "Mozilla/5.0 (Macintosh; Intel Mac OS X 10.15; rv:109.0) Gecko/20100101 Firefox/110.0" "ysfine.com"
92.150.239.79 - - [21/Feb/2023:06:10:42 -0800] "GET /princeton/brooke.html HTTP/1.1" 200 952 "https://www.google.com/" "Mozilla/5.0 (Macintosh; Intel Mac OS X 10.15; rv:109.0) Gecko/20100101 Firefox/110.0" "ysfine.com"
64.124.8.29 - - [21/Feb/2023:06:10:42 -0800] "GET /world/russ/minskf33.jpg HTTP/1.1" 200 149143 "-" "Mozilla/5.0 (Macintosh; Intel Mac OS X 10_15_7) AppleWebKit/537.36 (KHTML, like Gecko) Chrome/107.0.0.0 Safari/537.36" "ysfine.com"
92.150.239.79 - - [21/Feb/2023:06:10:42 -0800] "GET /princeton/brooke88.jpg HTTP/1.1" 200 82208 "https://ysfine.com/princeton/brooke.html" "Mozilla/5.0 (Macintosh; Intel Mac OS X 10.15; rv:109.0) Gecko/20100101 Firefox/110.0" "ysfine.com"
92.150.239.79 - - [21/Feb/2023:06:10:42 -0800] "GET /princeton/brooke28.jpg HTTP/1.1" 200 60032 "https://ysfine.com/princeton/brooke.html" "Mozilla/5.0 (Macintosh; Intel Mac OS X 10.15; rv:109.0) Gecko/20100101 Firefox/110.0" "ysfine.com"
92.150.239.79 - - [21/Feb/2023:06:10:42 -0800] "GET /princeton/brooke22.jpg HTTP/1.1" 200 87673 "https://ysfine.com/princeton/brooke.html" "Mozilla/5.0 (Macintosh; Intel Mac OS X 10.15; rv:109.0) Gecko/20100101 Firefox/110.0" "ysfine.com"
64.124.8.57 - - [21/Feb/2023:06:10:43 -0800] "GET /world/balkan/istan027.jpg HTTP/1.1" 200 60721 "-" "Mozilla/5.0 (Macintosh; Intel Mac OS X 10_15_7) AppleWebKit/537.36 (KHTML, like Gecko) Chrome/107.0.0.0 Safari/537.36" "ysfine.com"
157.55.39.206 - - [21/Feb/2023:06:11:11 -0800] "GET /wdc/treasury11.jpg HTTP/1.1" 200 233840 "-" "Mozilla/5.0 AppleWebKit/537.36 (KHTML, like Gecko; compatible; bingbot/2.0; +http://www.bing.com/bingbot.htm) Chrome/103.0.5060.134 Safari/537.36" "www.ysfine.com"
64.124.8.53 - - [21/Feb/2023:06:11:17 -0800] "GET /ysbio/world/scandi/sto024.jpg HTTP/1.1" 404 88 "-" "Mozilla/5.0 (Macintosh; Intel Mac OS X 10_15_7) AppleWebKit/537.36 (KHTML, like Gecko) Chrome/107.0.0.0 Safari/537.36" "www.ysfine.com"
92.150.239.79 - - [21/Feb/2023:06:11:33 -0800] "GET /princeton/sbk87.jpg HTTP/1.1" 200 174738 "https://ysfine.com/princeton/brooke.html" "Mozilla/5.0 (Macintosh; Intel Mac OS X 10.15; rv:109.0) Gecko/20100101 Firefox/110.0" "ysfine.com"
113.149.235.74 - - [21/Feb/2023:06:11:44 -0800] "GET /kobak/liber45.jpg HTTP/1.1" 200 141542 "https://www.google.com/" "Mozilla/5.0 (iPad; CPU OS 15_6 like Mac OS X) AppleWebKit/605.1.15 (KHTML, like Gecko) CriOS/110.0.5481.83 Mobile/15E148 Safari/604.1" "ysfine.com"
