71.178.208.102 - - [20/Feb/2023:21:10:17 -0800] "GET /style/beetho11b.jpg HTTP/1.1" 304 - "https://ysfine.com/style/songs.html" "Mozilla/5.0 (Windows NT 10.0; Win64; x64) AppleWebKit/537.36 (KHTML, like Gecko) Chrome/109.0.0.0 Safari/537.36 Edg/109.0.1518.78" "ysfine.com"
71.178.208.102 - - [20/Feb/2023:21:10:17 -0800] "GET /world/hungary/hunband01b.jpg HTTP/1.1" 304 - "https://ysfine.com/style/songs.html" "Mozilla/5.0 (Windows NT 10.0; Win64; x64) AppleWebKit/537.36 (KHTML, like Gecko) Chrome/109.0.0.0 Safari/537.36 Edg/109.0.1518.78" "ysfine.com"
71.178.208.102 - - [20/Feb/2023:21:10:17 -0800] "GET /style/flamen2.jpg HTTP/1.1" 304 - "https://ysfine.com/style/songs.html" "Mozilla/5.0 (Windows NT 10.0; Win64; x64) AppleWebKit/537.36 (KHTML, like Gecko) Chrome/109.0.0.0 Safari/537.36 Edg/109.0.1518.78" "ysfine.com"
71.178.208.102 - - [20/Feb/2023:21:10:17 -0800] "GET /style/owaves2.jpg HTTP/1.1" 304 - "https://ysfine.com/style/songs.html" "Mozilla/5.0 (Windows NT 10.0; Win64; x64) AppleWebKit/537.36 (KHTML, like Gecko) Chrome/109.0.0.0 Safari/537.36 Edg/109.0.1518.78" "ysfine.com"
71.178.208.102 - - [20/Feb/2023:21:10:17 -0800] "GET /style/xiangran22b.jpg HTTP/1.1" 304 - "https://ysfine.com/style/songs.html" "Mozilla/5.0 (Windows NT 10.0; Win64; x64) AppleWebKit/537.36 (KHTML, like Gecko) Chrome/109.0.0.0 Safari/537.36 Edg/109.0.1518.78" "ysfine.com"
71.178.208.102 - - [20/Feb/2023:21:10:17 -0800] "GET /kobak/taylor11b.jpg HTTP/1.1" 304 - "https://ysfine.com/style/songs.html" "Mozilla/5.0 (Windows NT 10.0; Win64; x64) AppleWebKit/537.36 (KHTML, like Gecko) Chrome/109.0.0.0 Safari/537.36 Edg/109.0.1518.78" "ysfine.com"
71.178.208.102 - - [20/Feb/2023:21:10:17 -0800] "GET /style/sarahchang01b.jpg HTTP/1.1" 304 - "https://ysfine.com/style/songs.html" "Mozilla/5.0 (Windows NT 10.0; Win64; x64) AppleWebKit/537.36 (KHTML, like Gecko) Chrome/109.0.0.0 Safari/537.36 Edg/109.0.1518.78" "ysfine.com"
71.178.208.102 - - [20/Feb/2023:21:10:17 -0800] "GET /style/verdi11b.jpg HTTP/1.1" 304 - "https://ysfine.com/style/songs.html" "Mozilla/5.0 (Windows NT 10.0; Win64; x64) AppleWebKit/537.36 (KHTML, like Gecko) Chrome/109.0.0.0 Safari/537.36 Edg/109.0.1518.78" "ysfine.com"
71.178.208.102 - - [20/Feb/2023:21:10:17 -0800] "GET /world/russ/spbm07b.jpg HTTP/1.1" 304 - "https://ysfine.com/style/songs.html" "Mozilla/5.0 (Windows NT 10.0; Win64; x64) AppleWebKit/537.36 (KHTML, like Gecko) Chrome/109.0.0.0 Safari/537.36 Edg/109.0.1518.78" "ysfine.com"
71.178.208.102 - - [20/Feb/2023:21:10:17 -0800] "GET /style/jpsingap01b.jpg HTTP/1.1" 304 - "https://ysfine.com/style/songs.html" "Mozilla/5.0 (Windows NT 10.0; Win64; x64) AppleWebKit/537.36 (KHTML, like Gecko) Chrome/109.0.0.0 Safari/537.36 Edg/109.0.1518.78" "ysfine.com"
71.178.208.102 - - [20/Feb/2023:21:10:17 -0800] "GET /world/germany/schonbr03b.jpg HTTP/1.1" 304 - "https://ysfine.com/style/songs.html" "Mozilla/5.0 (Windows NT 10.0; Win64; x64) AppleWebKit/537.36 (KHTML, like Gecko) Chrome/109.0.0.0 Safari/537.36 Edg/109.0.1518.78" "ysfine.com"
71.178.208.102 - - [20/Feb/2023:21:10:17 -0800] "GET /style/johannstra11b.jpg HTTP/1.1" 304 - "https://ysfine.com/style/songs.html" "Mozilla/5.0 (Windows NT 10.0; Win64; x64) AppleWebKit/537.36 (KHTML, like Gecko) Chrome/109.0.0.0 Safari/537.36 Edg/109.0.1518.78" "ysfine.com"
71.178.208.102 - - [20/Feb/2023:21:10:17 -0800] "GET /world/germany/hofbrau33b.jpg HTTP/1.1" 304 - "https://ysfine.com/style/songs.html" "Mozilla/5.0 (Windows NT 10.0; Win64; x64) AppleWebKit/537.36 (KHTML, like Gecko) Chrome/109.0.0.0 Safari/537.36 Edg/109.0.1518.78" "ysfine.com"
71.178.208.102 - - [20/Feb/2023:21:10:17 -0800] "GET /world/france/eiffel05b.jpg HTTP/1.1" 304 - "https://ysfine.com/style/songs.html" "Mozilla/5.0 (Windows NT 10.0; Win64; x64) AppleWebKit/537.36 (KHTML, like Gecko) Chrome/109.0.0.0 Safari/537.36 Edg/109.0.1518.78" "ysfine.com"
71.178.208.102 - - [20/Feb/2023:21:10:17 -0800] "GET /world/russ/ihousem22b.jpg HTTP/1.1" 404 88 "https://ysfine.com/style/songs.html" "Mozilla/5.0 (Windows NT 10.0; Win64; x64) AppleWebKit/537.36 (KHTML, like Gecko) Chrome/109.0.0.0 Safari/537.36 Edg/109.0.1518.78" "ysfine.com"
71.178.208.102 - - [20/Feb/2023:21:10:17 -0800] "GET /style/xiangran11b.jpg HTTP/1.1" 304 - "https://ysfine.com/style/songs.html" "Mozilla/5.0 (Windows NT 10.0; Win64; x64) AppleWebKit/537.36 (KHTML, like Gecko) Chrome/109.0.0.0 Safari/537.36 Edg/109.0.1518.78" "ysfine.com"
71.178.208.102 - - [20/Feb/2023:21:10:17 -0800] "GET /style/mieko22b.jpg HTTP/1.1" 304 - "https://ysfine.com/style/songs.html" "Mozilla/5.0 (Windows NT 10.0; Win64; x64) AppleWebKit/537.36 (KHTML, like Gecko) Chrome/109.0.0.0 Safari/537.36 Edg/109.0.1518.78" "ysfine.com"
71.178.208.102 - - [20/Feb/2023:21:10:17 -0800] "GET /style/chopingr11b.jpg HTTP/1.1" 304 - "https://ysfine.com/style/songs.html" "Mozilla/5.0 (Windows NT 10.0; Win64; x64) AppleWebKit/537.36 (KHTML, like Gecko) Chrome/109.0.0.0 Safari/537.36 Edg/109.0.1518.78" "ysfine.com"
71.178.208.102 - - [20/Feb/2023:21:10:17 -0800] "GET /style/xiangran33b.jpg HTTP/1.1" 304 - "https://ysfine.com/style/songs.html" "Mozilla/5.0 (Windows NT 10.0; Win64; x64) AppleWebKit/537.36 (KHTML, like Gecko) Chrome/109.0.0.0 Safari/537.36 Edg/109.0.1518.78" "ysfine.com"
71.178.208.102 - - [20/Feb/2023:21:10:17 -0800] "GET /style/vienopera22b.jpg HTTP/1.1" 304 - "https://ysfine.com/style/songs.html" "Mozilla/5.0 (Windows NT 10.0; Win64; x64) AppleWebKit/537.36 (KHTML, like Gecko) Chrome/109.0.0.0 Safari/537.36 Edg/109.0.1518.78" "ysfine.com"
71.178.208.102 - - [20/Feb/2023:21:10:17 -0800] "GET /style/hamako33b.jpg HTTP/1.1" 304 - "https://ysfine.com/style/songs.html" "Mozilla/5.0 (Windows NT 10.0; Win64; x64) AppleWebKit/537.36 (KHTML, like Gecko) Chrome/109.0.0.0 Safari/537.36 Edg/109.0.1518.78" "ysfine.com"
71.178.208.102 - - [20/Feb/2023:21:10:17 -0800] "GET /maga/invent/joak11b.jpg HTTP/1.1" 304 - "https://ysfine.com/style/songs.html" "Mozilla/5.0 (Windows NT 10.0; Win64; x64) AppleWebKit/537.36 (KHTML, like Gecko) Chrome/109.0.0.0 Safari/537.36 Edg/109.0.1518.78" "ysfine.com"
71.178.208.102 - - [20/Feb/2023:21:10:17 -0800] "GET /usca/calif/sanfr021b.jpg HTTP/1.1" 304 - "https://ysfine.com/style/songs.html" "Mozilla/5.0 (Windows NT 10.0; Win64; x64) AppleWebKit/537.36 (KHTML, like Gecko) Chrome/109.0.0.0 Safari/537.36 Edg/109.0.1518.78" "ysfine.com"
71.178.208.102 - - [20/Feb/2023:21:10:17 -0800] "GET /world/ital/lascala05b.jpg HTTP/1.1" 304 - "https://ysfine.com/style/songs.html" "Mozilla/5.0 (Windows NT 10.0; Win64; x64) AppleWebKit/537.36 (KHTML, like Gecko) Chrome/109.0.0.0 Safari/537.36 Edg/109.0.1518.78" "ysfine.com"
64.124.8.28 - - [20/Feb/2023:21:10:23 -0800] "GET /world/china/dalian82.jpg HTTP/1.1" 200 70407 "-" "Mozilla/5.0 (Macintosh; Intel Mac OS X 10_15_7) AppleWebKit/537.36 (KHTML, like Gecko) Chrome/107.0.0.0 Safari/537.36" "www.ysfine.com"
71.178.208.102 - - [20/Feb/2023:21:10:26 -0800] "GET /style/songs54.html HTTP/1.1" 200 2599 "https://ysfine.com/style/songs.html" "Mozilla/5.0 (Windows NT 10.0; Win64; x64) AppleWebKit/537.36 (KHTML, like Gecko) Chrome/109.0.0.0 Safari/537.36 Edg/109.0.1518.78" "ysfine.com"
71.178.208.102 - - [20/Feb/2023:21:10:26 -0800] "GET /usca/pitt/syriamos11b.jpg HTTP/1.1" 200 28006 "https://ysfine.com/style/songs54.html" "Mozilla/5.0 (Windows NT 10.0; Win64; x64) AppleWebKit/537.36 (KHTML, like Gecko) Chrome/109.0.0.0 Safari/537.36 Edg/109.0.1518.78" "ysfine.com"
71.178.208.102 - - [20/Feb/2023:21:10:26 -0800] "GET /style/elvis70b.jpg HTTP/1.1" 200 43787 "https://ysfine.com/style/songs54.html" "Mozilla/5.0 (Windows NT 10.0; Win64; x64) AppleWebKit/537.36 (KHTML, like Gecko) Chrome/109.0.0.0 Safari/537.36 Edg/109.0.1518.78" "ysfine.com"
64.124.8.49 - - [20/Feb/2023:21:10:26 -0800] "GET /ysbio/ffriends/amkor/barnard11.jpg HTTP/1.1" 404 88 "-" "Mozilla/5.0 (Macintosh; Intel Mac OS X 10_15_7) AppleWebKit/537.36 (KHTML, like Gecko) Chrome/107.0.0.0 Safari/537.36" "ysfine.com"
64.124.8.55 - - [20/Feb/2023:21:11:21 -0800] "GET /dirac/michelan01.jpg HTTP/1.1" 200 100928 "-" "Mozilla/5.0 (Macintosh; Intel Mac OS X 10_15_7) AppleWebKit/537.36 (KHTML, like Gecko) Chrome/107.0.0.0 Safari/537.36" "ysfine.com"
49.7.20.131 - - [20/Feb/2023:21:11:49 -0800] "GET / HTTP/1.1" 200 5295 "-" "Sogou web spider/4.0(+http://www.sogou.com/docs/help/webmasters.htm#07)" "www.ysfine.com"
213.180.203.108 - - [20/Feb/2023:21:12:16 -0800] "GET /world/germany/trier34c.jpg HTTP/1.1" 200 41786 "-" "Mozilla/5.0 (compatible; YandexImages/3.0; +http://yandex.com/bots)" "www.ysfine.com"
71.178.208.102 - - [20/Feb/2023:21:12:19 -0800] "GET /ys11/index.html HTTP/1.1" 200 3503 "-" "Mozilla/5.0 (Windows NT 10.0; Win64; x64; rv:109.0) Gecko/20100101 Firefox/109.0" "ysfine.com"
71.178.208.102 - - [20/Feb/2023:21:12:19 -0800] "GET /favicon.ico HTTP/1.1" 404 88 "https://ysfine.com/ys11/index.html" "Mozilla/5.0 (Windows NT 10.0; Win64; x64; rv:109.0) Gecko/20100101 Firefox/109.0" "ysfine.com"
71.178.208.102 - - [20/Feb/2023:21:12:22 -0800] "GET /style/songs.html HTTP/1.1" 304 - "https://ysfine.com/ys11/index.html" "Mozilla/5.0 (Windows NT 10.0; Win64; x64; rv:109.0) Gecko/20100101 Firefox/109.0" "ysfine.com"
71.178.208.102 - - [20/Feb/2023:21:12:23 -0800] "GET /style/hamako11b.jpg HTTP/1.1" 200 33344 "https://ysfine.com/style/songs.html" "Mozilla/5.0 (Windows NT 10.0; Win64; x64; rv:109.0) Gecko/20100101 Firefox/109.0" "ysfine.com"
71.178.208.102 - - [20/Feb/2023:21:12:23 -0800] "GET /style/hifi01b.jpg HTTP/1.1" 200 24818 "https://ysfine.com/style/songs.html" "Mozilla/5.0 (Windows NT 10.0; Win64; x64; rv:109.0) Gecko/20100101 Firefox/109.0" "ysfine.com"
71.178.208.102 - - [20/Feb/2023:21:12:23 -0800] "GET /style/jpsingap01b.jpg HTTP/1.1" 200 52443 "https://ysfine.com/style/songs.html" "Mozilla/5.0 (Windows NT 10.0; Win64; x64; rv:109.0) Gecko/20100101 Firefox/109.0" "ysfine.com"
71.178.208.102 - - [20/Feb/2023:21:12:23 -0800] "GET /style/yamato2.jpg HTTP/1.1" 200 33922 "https://ysfine.com/style/songs.html" "Mozilla/5.0 (Windows NT 10.0; Win64; x64; rv:109.0) Gecko/20100101 Firefox/109.0" "ysfine.com"
71.178.208.102 - - [20/Feb/2023:21:12:23 -0800] "GET /style/jpchildren2.jpg HTTP/1.1" 200 46718 "https://ysfine.com/style/songs.html" "Mozilla/5.0 (Windows NT 10.0; Win64; x64; rv:109.0) Gecko/20100101 Firefox/109.0" "ysfine.com"
71.178.208.102 - - [20/Feb/2023:21:12:23 -0800] "GET /kobak/korjap03b.jpg HTTP/1.1" 200 28107 "https://ysfine.com/style/songs.html" "Mozilla/5.0 (Windows NT 10.0; Win64; x64; rv:109.0) Gecko/20100101 Firefox/109.0" "ysfine.com"
71.178.208.102 - - [20/Feb/2023:21:12:23 -0800] "GET /style/nijubasi22b.jpg HTTP/1.1" 200 44289 "https://ysfine.com/style/songs.html" "Mozilla/5.0 (Windows NT 10.0; Win64; x64; rv:109.0) Gecko/20100101 Firefox/109.0" "ysfine.com"
71.178.208.102 - - [20/Feb/2023:21:12:23 -0800] "GET /style/zero01b.jpg HTTP/1.1" 200 27421 "https://ysfine.com/style/songs.html" "Mozilla/5.0 (Windows NT 10.0; Win64; x64; rv:109.0) Gecko/20100101 Firefox/109.0" "ysfine.com"
71.178.208.102 - - [20/Feb/2023:21:12:23 -0800] "GET /style/cotton11b.jpg HTTP/1.1" 200 41615 "https://ysfine.com/style/songs.html" "Mozilla/5.0 (Windows NT 10.0; Win64; x64; rv:109.0) Gecko/20100101 Firefox/109.0" "ysfine.com"
71.178.208.102 - - [20/Feb/2023:21:12:23 -0800] "GET /kobak/taylor11b.jpg HTTP/1.1" 200 42467 "https://ysfine.com/style/songs.html" "Mozilla/5.0 (Windows NT 10.0; Win64; x64; rv:109.0) Gecko/20100101 Firefox/109.0" "ysfine.com"
71.178.208.102 - - [20/Feb/2023:21:12:23 -0800] "GET /style/yasukuni11b.jpg HTTP/1.1" 200 53460 "https://ysfine.com/style/songs.html" "Mozilla/5.0 (Windows NT 10.0; Win64; x64; rv:109.0) Gecko/20100101 Firefox/109.0" "ysfine.com"
71.178.208.102 - - [20/Feb/2023:21:12:23 -0800] "GET /style/mieko22b.jpg HTTP/1.1" 200 41674 "https://ysfine.com/style/songs.html" "Mozilla/5.0 (Windows NT 10.0; Win64; x64; rv:109.0) Gecko/20100101 Firefox/109.0" "ysfine.com"
71.178.208.102 - - [20/Feb/2023:21:12:23 -0800] "GET /style/shcampus11b.jpg HTTP/1.1" 200 53039 "https://ysfine.com/style/songs.html" "Mozilla/5.0 (Windows NT 10.0; Win64; x64; rv:109.0) Gecko/20100101 Firefox/109.0" "ysfine.com"
71.178.208.102 - - [20/Feb/2023:21:12:23 -0800] "GET /style/yasukuni22b.jpg HTTP/1.1" 200 35342 "https://ysfine.com/style/songs.html" "Mozilla/5.0 (Windows NT 10.0; Win64; x64; rv:109.0) Gecko/20100101 Firefox/109.0" "ysfine.com"
71.178.208.102 - - [20/Feb/2023:21:12:23 -0800] "GET /world/germany/berlin005b.jpg HTTP/1.1" 200 31205 "https://ysfine.com/style/songs.html" "Mozilla/5.0 (Windows NT 10.0; Win64; x64; rv:109.0) Gecko/20100101 Firefox/109.0" "ysfine.com"
71.178.208.102 - - [20/Feb/2023:21:12:23 -0800] "GET /style/xiangran66b.jpg HTTP/1.1" 200 30098 "https://ysfine.com/style/songs.html" "Mozilla/5.0 (Windows NT 10.0; Win64; x64; rv:109.0) Gecko/20100101 Firefox/109.0" "ysfine.com"
71.178.208.102 - - [20/Feb/2023:21:12:23 -0800] "GET /kobak/arisaka99b.jpg HTTP/1.1" 200 48028 "https://ysfine.com/style/songs.html" "Mozilla/5.0 (Windows NT 10.0; Win64; x64; rv:109.0) Gecko/20100101 Firefox/109.0" "ysfine.com"
71.178.208.102 - - [20/Feb/2023:21:12:23 -0800] "GET /style/sousa2.jpg HTTP/1.1" 200 42173 "https://ysfine.com/style/songs.html" "Mozilla/5.0 (Windows NT 10.0; Win64; x64; rv:109.0) Gecko/20100101 Firefox/109.0" "ysfine.com"
71.178.208.102 - - [20/Feb/2023:21:12:23 -0800] "GET /world/hungary/hunband01b.jpg HTTP/1.1" 200 46280 "https://ysfine.com/style/songs.html" "Mozilla/5.0 (Windows NT 10.0; Win64; x64; rv:109.0) Gecko/20100101 Firefox/109.0" "ysfine.com"
71.178.208.102 - - [20/Feb/2023:21:12:23 -0800] "GET /style/owaves2.jpg HTTP/1.1" 200 55324 "https://ysfine.com/style/songs.html" "Mozilla/5.0 (Windows NT 10.0; Win64; x64; rv:109.0) Gecko/20100101 Firefox/109.0" "ysfine.com"
71.178.208.102 - - [20/Feb/2023:21:12:23 -0800] "GET /style/xiangran33b.jpg HTTP/1.1" 200 26488 "https://ysfine.com/style/songs.html" "Mozilla/5.0 (Windows NT 10.0; Win64; x64; rv:109.0) Gecko/20100101 Firefox/109.0" "ysfine.com"
71.178.208.102 - - [20/Feb/2023:21:12:23 -0800] "GET /kobak/kimkoo01b.jpg HTTP/1.1" 200 35261 "https://ysfine.com/style/songs.html" "Mozilla/5.0 (Windows NT 10.0; Win64; x64; rv:109.0) Gecko/20100101 Firefox/109.0" "ysfine.com"
71.178.208.102 - - [20/Feb/2023:21:12:23 -0800] "GET /style/xiangran55b.jpg HTTP/1.1" 200 39739 "https://ysfine.com/style/songs.html" "Mozilla/5.0 (Windows NT 10.0; Win64; x64; rv:109.0) Gecko/20100101 Firefox/109.0" "ysfine.com"
71.178.208.102 - - [20/Feb/2023:21:12:23 -0800] "GET /style/hamako33b.jpg HTTP/1.1" 200 44854 "https://ysfine.com/style/songs.html" "Mozilla/5.0 (Windows NT 10.0; Win64; x64; rv:109.0) Gecko/20100101 Firefox/109.0" "ysfine.com"
71.178.208.102 - - [20/Feb/2023:21:12:23 -0800] "GET /style/xiangran22b.jpg HTTP/1.1" 200 56332 "https://ysfine.com/style/songs.html" "Mozilla/5.0 (Windows NT 10.0; Win64; x64; rv:109.0) Gecko/20100101 Firefox/109.0" "ysfine.com"
71.178.208.102 - - [20/Feb/2023:21:12:23 -0800] "GET /beau/aline/ana11b.jpg HTTP/1.1" 404 88 "https://ysfine.com/style/songs.html" "Mozilla/5.0 (Windows NT 10.0; Win64; x64; rv:109.0) Gecko/20100101 Firefox/109.0" "ysfine.com"
71.178.208.102 - - [20/Feb/2023:21:12:23 -0800] "GET /style/akiko2.jpg HTTP/1.1" 200 50482 "https://ysfine.com/style/songs.html" "Mozilla/5.0 (Windows NT 10.0; Win64; x64; rv:109.0) Gecko/20100101 Firefox/109.0" "ysfine.com"
71.178.208.102 - - [20/Feb/2023:21:12:23 -0800] "GET /kobak/swr51b.jpg HTTP/1.1" 200 31277 "https://ysfine.com/style/songs.html" "Mozilla/5.0 (Windows NT 10.0; Win64; x64; rv:109.0) Gecko/20100101 Firefox/109.0" "ysfine.com"
71.178.208.102 - - [20/Feb/2023:21:12:23 -0800] "GET /style/fujiyama2.jpg HTTP/1.1" 200 47368 "https://ysfine.com/style/songs.html" "Mozilla/5.0 (Windows NT 10.0; Win64; x64; rv:109.0) Gecko/20100101 Firefox/109.0" "ysfine.com"
71.178.208.102 - - [20/Feb/2023:21:12:23 -0800] "GET /style/hibari22b.jpg HTTP/1.1" 200 39644 "https://ysfine.com/style/songs.html" "Mozilla/5.0 (Windows NT 10.0; Win64; x64; rv:109.0) Gecko/20100101 Firefox/109.0" "ysfine.com"
71.178.208.102 - - [20/Feb/2023:21:12:23 -0800] "GET /style/xiangran11b.jpg HTTP/1.1" 200 47472 "https://ysfine.com/style/songs.html" "Mozilla/5.0 (Windows NT 10.0; Win64; x64; rv:109.0) Gecko/20100101 Firefox/109.0" "ysfine.com"
71.178.208.102 - - [20/Feb/2023:21:12:23 -0800] "GET /style/mieko11b.jpg HTTP/1.1" 200 53779 "https://ysfine.com/style/songs.html" "Mozilla/5.0 (Windows NT 10.0; Win64; x64; rv:109.0) Gecko/20100101 Firefox/109.0" "ysfine.com"
71.178.208.102 - - [20/Feb/2023:21:12:23 -0800] "GET /maga/invent/joak11b.jpg HTTP/1.1" 200 40558 "https://ysfine.com/style/songs.html" "Mozilla/5.0 (Windows NT 10.0; Win64; x64; rv:109.0) Gecko/20100101 Firefox/109.0" "ysfine.com"
71.178.208.102 - - [20/Feb/2023:21:12:23 -0800] "GET /style/chopingr11b.jpg HTTP/1.1" 200 68030 "https://ysfine.com/style/songs.html" "Mozilla/5.0 (Windows NT 10.0; Win64; x64; rv:109.0) Gecko/20100101 Firefox/109.0" "ysfine.com"
71.178.208.102 - - [20/Feb/2023:21:12:23 -0800] "GET /world/france/eiffel05b.jpg HTTP/1.1" 200 26314 "https://ysfine.com/style/songs.html" "Mozilla/5.0 (Windows NT 10.0; Win64; x64; rv:109.0) Gecko/20100101 Firefox/109.0" "ysfine.com"
71.178.208.102 - - [20/Feb/2023:21:12:23 -0800] "GET /kobak/105mm2.jpg HTTP/1.1" 200 54167 "https://ysfine.com/style/songs.html" "Mozilla/5.0 (Windows NT 10.0; Win64; x64; rv:109.0) Gecko/20100101 Firefox/109.0" "ysfine.com"
71.178.208.102 - - [20/Feb/2023:21:12:23 -0800] "GET /style/vienopera22b.jpg HTTP/1.1" 200 52023 "https://ysfine.com/style/songs.html" "Mozilla/5.0 (Windows NT 10.0; Win64; x64; rv:109.0) Gecko/20100101 Firefox/109.0" "ysfine.com"
71.178.208.102 - - [20/Feb/2023:21:12:23 -0800] "GET /style/durbin2.jpg HTTP/1.1" 200 34965 "https://ysfine.com/style/songs.html" "Mozilla/5.0 (Windows NT 10.0; Win64; x64; rv:109.0) Gecko/20100101 Firefox/109.0" "ysfine.com"
71.178.208.102 - - [20/Feb/2023:21:12:23 -0800] "GET /kobak/jutlandia2.jpg HTTP/1.1" 200 34252 "https://ysfine.com/style/songs.html" "Mozilla/5.0 (Windows NT 10.0; Win64; x64; rv:109.0) Gecko/20100101 Firefox/109.0" "ysfine.com"
71.178.208.102 - - [20/Feb/2023:21:12:23 -0800] "GET /world/russ/spbm07b.jpg HTTP/1.1" 200 42946 "https://ysfine.com/style/songs.html" "Mozilla/5.0 (Windows NT 10.0; Win64; x64; rv:109.0) Gecko/20100101 Firefox/109.0" "ysfine.com"
71.178.208.102 - - [20/Feb/2023:21:12:23 -0800] "GET /world/germany/hofbrau33b.jpg HTTP/1.1" 200 51219 "https://ysfine.com/style/songs.html" "Mozilla/5.0 (Windows NT 10.0; Win64; x64; rv:109.0) Gecko/20100101 Firefox/109.0" "ysfine.com"
71.178.208.102 - - [20/Feb/2023:21:12:23 -0800] "GET /style/akiko55.jpg HTTP/1.1" 200 48868 "https://ysfine.com/style/songs.html" "Mozilla/5.0 (Windows NT 10.0; Win64; x64; rv:109.0) Gecko/20100101 Firefox/109.0" "ysfine.com"
71.178.208.102 - - [20/Feb/2023:21:12:23 -0800] "GET /style/flamen2.jpg HTTP/1.1" 200 46908 "https://ysfine.com/style/songs.html" "Mozilla/5.0 (Windows NT 10.0; Win64; x64; rv:109.0) Gecko/20100101 Firefox/109.0" "ysfine.com"
71.178.208.102 - - [20/Feb/2023:21:12:23 -0800] "GET /style/hibari11b.jpg HTTP/1.1" 200 35625 "https://ysfine.com/style/songs.html" "Mozilla/5.0 (Windows NT 10.0; Win64; x64; rv:109.0) Gecko/20100101 Firefox/109.0" "ysfine.com"
71.178.208.102 - - [20/Feb/2023:21:12:23 -0800] "GET /style/verdi11b.jpg HTTP/1.1" 200 40111 "https://ysfine.com/style/songs.html" "Mozilla/5.0 (Windows NT 10.0; Win64; x64; rv:109.0) Gecko/20100101 Firefox/109.0" "ysfine.com"
71.178.208.102 - - [20/Feb/2023:21:12:23 -0800] "GET /world/russ/ihousem22b.jpg HTTP/1.1" 404 88 "https://ysfine.com/style/songs.html" "Mozilla/5.0 (Windows NT 10.0; Win64; x64; rv:109.0) Gecko/20100101 Firefox/109.0" "ysfine.com"
71.178.208.102 - - [20/Feb/2023:21:12:23 -0800] "GET /style/chulmo2.jpg HTTP/1.1" 200 49387 "https://ysfine.com/style/songs.html" "Mozilla/5.0 (Windows NT 10.0; Win64; x64; rv:109.0) Gecko/20100101 Firefox/109.0" "ysfine.com"
71.178.208.102 - - [20/Feb/2023:21:12:23 -0800] "GET /usca/calif/sanfr021b.jpg HTTP/1.1" 200 47196 "https://ysfine.com/style/songs.html" "Mozilla/5.0 (Windows NT 10.0; Win64; x64; rv:109.0) Gecko/20100101 Firefox/109.0" "ysfine.com"
71.178.208.102 - - [20/Feb/2023:21:12:23 -0800] "GET /style/brahms2.jpg HTTP/1.1" 200 43601 "https://ysfine.com/style/songs.html" "Mozilla/5.0 (Windows NT 10.0; Win64; x64; rv:109.0) Gecko/20100101 Firefox/109.0" "ysfine.com"
71.178.208.102 - - [20/Feb/2023:21:12:23 -0800] "GET /style/johannstra11b.jpg HTTP/1.1" 200 50080 "https://ysfine.com/style/songs.html" "Mozilla/5.0 (Windows NT 10.0; Win64; x64; rv:109.0) Gecko/20100101 Firefox/109.0" "ysfine.com"
71.178.208.102 - - [20/Feb/2023:21:12:23 -0800] "GET /style/sarahchang01b.jpg HTTP/1.1" 200 50797 "https://ysfine.com/style/songs.html" "Mozilla/5.0 (Windows NT 10.0; Win64; x64; rv:109.0) Gecko/20100101 Firefox/109.0" "ysfine.com"
71.178.208.102 - - [20/Feb/2023:21:12:23 -0800] "GET /world/germany/schonbr03b.jpg HTTP/1.1" 200 46623 "https://ysfine.com/style/songs.html" "Mozilla/5.0 (Windows NT 10.0; Win64; x64; rv:109.0) Gecko/20100101 Firefox/109.0" "ysfine.com"
71.178.208.102 - - [20/Feb/2023:21:12:23 -0800] "GET /world/ital/lascala05b.jpg HTTP/1.1" 200 35719 "https://ysfine.com/style/songs.html" "Mozilla/5.0 (Windows NT 10.0; Win64; x64; rv:109.0) Gecko/20100101 Firefox/109.0" "ysfine.com"
71.178.208.102 - - [20/Feb/2023:21:12:23 -0800] "GET /style/beetho11b.jpg HTTP/1.1" 200 51004 "https://ysfine.com/style/songs.html" "Mozilla/5.0 (Windows NT 10.0; Win64; x64; rv:109.0) Gecko/20100101 Firefox/109.0" "ysfine.com"
40.77.167.211 - - [20/Feb/2023:21:13:10 -0800] "GET /maga/phys/bohr22.jpg HTTP/1.1" 200 102695 "-" "Mozilla/5.0 AppleWebKit/537.36 (KHTML, like Gecko; compatible; bingbot/2.0; +http://www.bing.com/bingbot.htm) Chrome/103.0.5060.134 Safari/537.36" "ysfine.com"
64.124.8.56 - - [20/Feb/2023:21:13:13 -0800] "GET /world/germany/stutt01.jpg HTTP/1.1" 200 97232 "-" "Mozilla/5.0 (Macintosh; Intel Mac OS X 10_15_7) AppleWebKit/537.36 (KHTML, like Gecko) Chrome/107.0.0.0 Safari/537.36" "www.ysfine.com"
51.222.253.9 - - [20/Feb/2023:21:13:14 -0800] "GET /maga/aquinas.html HTTP/1.1" 200 3433 "-" "Mozilla/5.0 (compatible; AhrefsBot/7.0; +http://ahrefs.com/robot/)" "www.ysfine.com"
51.222.253.4 - - [20/Feb/2023:21:13:19 -0800] "GET /world/brit/britmu37b.jpg HTTP/1.1" 200 40436 "-" "Mozilla/5.0 (compatible; AhrefsBot/7.0; +http://ahrefs.com/robot/)" "www.ysfine.com"
51.222.253.9 - - [20/Feb/2023:21:13:20 -0800] "GET /feynman/feydirac270.jpg HTTP/1.1" 200 59000 "-" "Mozilla/5.0 (compatible; AhrefsBot/7.0; +http://ahrefs.com/robot/)" "www.ysfine.com"
51.222.253.2 - - [20/Feb/2023:21:13:20 -0800] "GET /world/brit/loncafe01b.jpg HTTP/1.1" 200 48333 "-" "Mozilla/5.0 (compatible; AhrefsBot/7.0; +http://ahrefs.com/robot/)" "www.ysfine.com"
51.222.253.10 - - [20/Feb/2023:21:13:21 -0800] "GET /world/brit/britmu11b.jpg HTTP/1.1" 200 38347 "-" "Mozilla/5.0 (compatible; AhrefsBot/7.0; +http://ahrefs.com/robot/)" "www.ysfine.com"
51.222.253.13 - - [20/Feb/2023:21:13:22 -0800] "GET /world/ital/aquinas02b.jpg HTTP/1.1" 200 41436 "-" "Mozilla/5.0 (compatible; AhrefsBot/7.0; +http://ahrefs.com/robot/)" "www.ysfine.com"
51.222.253.12 - - [20/Feb/2023:21:13:22 -0800] "GET /dirac/dirwig33b.jpg HTTP/1.1" 200 11663 "-" "Mozilla/5.0 (compatible; AhrefsBot/7.0; +http://ahrefs.com/robot/)" "www.ysfine.com"
40.77.167.211 - - [20/Feb/2023:21:13:41 -0800] "GET /bio/princeton/campus.html HTTP/1.1" 404 88 "-" "Mozilla/5.0 AppleWebKit/537.36 (KHTML, like Gecko; compatible; bingbot/2.0; +http://www.bing.com/bingbot.htm) Chrome/103.0.5060.134 Safari/537.36" "ysfine.com"
207.46.13.218 - - [20/Feb/2023:21:13:47 -0800] "GET /style/musee/ath010.jpg HTTP/1.1" 200 135911 "-" "Mozilla/5.0 AppleWebKit/537.36 (KHTML, like Gecko; compatible; bingbot/2.0; +http://www.bing.com/bingbot.htm) Chrome/103.0.5060.134 Safari/537.36" "ysfine.com"
216.244.66.229 - - [20/Feb/2023:21:16:28 -0800] "GET /einstein/standingw.html HTTP/1.1" 200 6893 "-" "Mozilla/5.0 (compatible; DotBot/1.2; +https://opensiteexplorer.org/dotbot; help@moz.com)" "www.ysfine.com"
79.175.3.142 - - [20/Feb/2023:21:17:06 -0800] "GET /usca/norl/missi37.jpg HTTP/1.1" 200 90089 "https://yandex.ru/images/search?from=tabbar&text=%D0%BC%D0%B8%D0%BD%D0%BD%D0%B5%D0%B0%D0%BF%D0%BE%D0%BB%D0%B8%D1%81%20%D0%BC%D0%B8%D0%BD%D0%BD%D0%B5%D1%81%D0%BE%D1%82%D0%B0&p=34&pos=27&rpt=simage&img_url=http%3A%2F%2Fmedia.istockphoto.com%2Fphotos%2Fminneapolis-city-hall-and-train-station-picture-id1314809495%3Fb%3D1%26k%3D20%26m%3D1314809495%26s%3D170667a%26w%3D0%26h%3Dd7RcZ0rulyHs-a2_jMUHKMnmSOi9PqRpGK3iMfLO7U0%3D&lr=2" "Mozilla/5.0 (Windows NT 10.0; Win64; x64) AppleWebKit/537.36 (KHTML, like Gecko) Chrome/108.0.0.0 YaBrowser/23.1.2.931 Yowser/2.5 Safari/537.36" "www.ysfine.com"
64.124.8.53 - - [20/Feb/2023:21:17:22 -0800] "GET /ysbio/world/france/sartsq16.jpg HTTP/1.1" 404 88 "-" "Mozilla/5.0 (Macintosh; Intel Mac OS X 10_15_7) AppleWebKit/537.36 (KHTML, like Gecko) Chrome/107.0.0.0 Safari/537.36" "ysfine.com"
51.222.253.19 - - [20/Feb/2023:21:17:25 -0800] "GET /world/minsk.html HTTP/1.1" 200 7116 "-" "Mozilla/5.0 (compatible; AhrefsBot/7.0; +http://ahrefs.com/robot/)" "ysfine.com"
51.222.253.1 - - [20/Feb/2023:21:17:30 -0800] "GET /world/russ/minskf45b.jpg HTTP/1.1" 200 41920 "-" "Mozilla/5.0 (compatible; AhrefsBot/7.0; +http://ahrefs.com/robot/)" "ysfine.com"
51.222.253.7 - - [20/Feb/2023:21:17:30 -0800] "GET /wdc/vernon04b.jpg HTTP/1.1" 200 44297 "-" "Mozilla/5.0 (compatible; AhrefsBot/7.0; +http://ahrefs.com/robot/)" "ysfine.com"
51.222.253.3 - - [20/Feb/2023:21:17:30 -0800] "GET /world/russ/minskf08b.jpg HTTP/1.1" 200 50248 "-" "Mozilla/5.0 (compatible; AhrefsBot/7.0; +http://ahrefs.com/robot/)" "ysfine.com"
51.222.253.6 - - [20/Feb/2023:21:17:31 -0800] "GET /world/russ/minsk064b.jpg HTTP/1.1" 200 42913 "-" "Mozilla/5.0 (compatible; AhrefsBot/7.0; +http://ahrefs.com/robot/)" "ysfine.com"
216.244.66.229 - - [20/Feb/2023:21:17:31 -0800] "GET /dirac/licuncer.jpg HTTP/1.1" 200 68901 "-" "Mozilla/5.0 (compatible; DotBot/1.2; +https://opensiteexplorer.org/dotbot; help@moz.com)" "ysfine.com"
51.222.253.11 - - [20/Feb/2023:21:17:31 -0800] "GET /feynman/feyfirm2.jpg HTTP/1.1" 200 36742 "-" "Mozilla/5.0 (compatible; AhrefsBot/7.0; +http://ahrefs.com/robot/)" "ysfine.com"
51.222.253.20 - - [20/Feb/2023:21:17:32 -0800] "GET /world/russ/kilin101b.jpg HTTP/1.1" 200 37065 "-" "Mozilla/5.0 (compatible; AhrefsBot/7.0; +http://ahrefs.com/robot/)" "ysfine.com"
51.222.253.1 - - [20/Feb/2023:21:17:32 -0800] "GET /world/russ/minsk066b.jpg HTTP/1.1" 200 28380 "-" "Mozilla/5.0 (compatible; AhrefsBot/7.0; +http://ahrefs.com/robot/)" "ysfine.com"
51.222.253.17 - - [20/Feb/2023:21:17:33 -0800] "GET /world/russ/kilin104b.jpg HTTP/1.1" 200 36895 "-" "Mozilla/5.0 (compatible; AhrefsBot/7.0; +http://ahrefs.com/robot/)" "ysfine.com"
51.222.253.14 - - [20/Feb/2023:21:17:34 -0800] "GET /world/russ/minskf23b.jpg HTTP/1.1" 200 48996 "-" "Mozilla/5.0 (compatible; AhrefsBot/7.0; +http://ahrefs.com/robot/)" "ysfine.com"
51.222.253.6 - - [20/Feb/2023:21:17:35 -0800] "GET /world/russ/minsk067b.jpg HTTP/1.1" 200 40459 "-" "Mozilla/5.0 (compatible; AhrefsBot/7.0; +http://ahrefs.com/robot/)" "ysfine.com"
51.222.253.15 - - [20/Feb/2023:21:17:35 -0800] "GET /world/russ/minsk034b.jpg HTTP/1.1" 200 40968 "-" "Mozilla/5.0 (compatible; AhrefsBot/7.0; +http://ahrefs.com/robot/)" "ysfine.com"
51.222.253.11 - - [20/Feb/2023:21:17:36 -0800] "GET /style/cameras/zenit11b.jpg HTTP/1.1" 200 38496 "-" "Mozilla/5.0 (compatible; AhrefsBot/7.0; +http://ahrefs.com/robot/)" "ysfine.com"
51.222.253.13 - - [20/Feb/2023:21:17:36 -0800] "GET /world/russ/minsk040b.jpg HTTP/1.1" 200 41302 "-" "Mozilla/5.0 (compatible; AhrefsBot/7.0; +http://ahrefs.com/robot/)" "ysfine.com"
51.222.253.15 - - [20/Feb/2023:21:17:37 -0800] "GET /world/russ/minsk002b.jpg HTTP/1.1" 200 28977 "-" "Mozilla/5.0 (compatible; AhrefsBot/7.0; +http://ahrefs.com/robot/)" "ysfine.com"
51.222.253.3 - - [20/Feb/2023:21:17:38 -0800] "GET /world/russ/minsk026b.jpg HTTP/1.1" 200 45201 "-" "Mozilla/5.0 (compatible; AhrefsBot/7.0; +http://ahrefs.com/robot/)" "ysfine.com"
51.222.253.7 - - [20/Feb/2023:21:17:38 -0800] "GET /world/russ/roskei06b.jpg HTTP/1.1" 200 48694 "-" "Mozilla/5.0 (compatible; AhrefsBot/7.0; +http://ahrefs.com/robot/)" "ysfine.com"
64.124.8.54 - - [20/Feb/2023:21:17:42 -0800] "GET /newyork/hilton02.jpg HTTP/1.1" 200 245492 "-" "Mozilla/5.0 (Macintosh; Intel Mac OS X 10_15_7) AppleWebKit/537.36 (KHTML, like Gecko) Chrome/107.0.0.0 Safari/537.36" "ysfine.com"
71.178.208.102 - - [20/Feb/2023:21:17:50 -0800] "GET /favicon.ico HTTP/1.1" 404 88 "https://ysfine.com/style/songs.html" "Mozilla/5.0 (Windows NT 10.0; Win64; x64; rv:109.0) Gecko/20100101 Firefox/109.0" "ysfine.com"
216.244.66.229 - - [20/Feb/2023:21:17:56 -0800] "GET /home/genea.html HTTP/1.1" 200 8798 "-" "Mozilla/5.0 (compatible; DotBot/1.2; +https://opensiteexplorer.org/dotbot; help@moz.com)" "ysfine.com"
52.167.144.62 - - [20/Feb/2023:21:18:04 -0800] "GET /world/latina/buenos03c.jpg HTTP/1.1" 200 51267 "-" "Mozilla/5.0 AppleWebKit/537.36 (KHTML, like Gecko; compatible; bingbot/2.0; +http://www.bing.com/bingbot.htm) Chrome/103.0.5060.134 Safari/537.36" "ysfine.com"
216.244.66.229 - - [20/Feb/2023:21:18:18 -0800] "GET /kobak/somap38b.jpg HTTP/1.1" 200 54149 "-" "Mozilla/5.0 (compatible; DotBot/1.2; +https://opensiteexplorer.org/dotbot; help@moz.com)" "ysfine.com"
216.244.66.229 - - [20/Feb/2023:21:18:42 -0800] "GET /world/baltic/lithu18.jpg HTTP/1.1" 200 139871 "-" "Mozilla/5.0 (compatible; DotBot/1.2; +https://opensiteexplorer.org/dotbot; help@moz.com)" "ysfine.com"
207.46.13.220 - - [20/Feb/2023:21:19:00 -0800] "GET /world/baltic/riga03.jpg HTTP/1.1" 200 104704 "-" "Mozilla/5.0 AppleWebKit/537.36 (KHTML, like Gecko; compatible; bingbot/2.0; +http://www.bing.com/bingbot.htm) Chrome/103.0.5060.134 Safari/537.36" "ysfine.com"
220.85.83.108 - - [20/Feb/2023:21:19:22 -0800] "GET /kowar/tanks/tank01.jpg HTTP/1.1" 200 81859 "https://www.google.com/" "Mozilla/5.0 (Windows NT 10.0; Win64; x64) AppleWebKit/537.36 (KHTML, like Gecko) Chrome/109.0.0.0 Safari/537.36" "ysfine.com"
216.244.66.229 - - [20/Feb/2023:21:19:33 -0800] "GET /world/baltic/tallin82.jpg HTTP/1.1" 200 163811 "-" "Mozilla/5.0 (compatible; DotBot/1.2; +https://opensiteexplorer.org/dotbot; help@moz.com)" "ysfine.com"
207.46.13.207 - - [20/Feb/2023:21:19:50 -0800] "GET /wigner/gim/gimn09.jpg HTTP/1.1" 200 106490 "-" "Mozilla/5.0 AppleWebKit/537.36 (KHTML, like Gecko; compatible; bingbot/2.0; +http://www.bing.com/bingbot.htm) Chrome/103.0.5060.134 Safari/537.36" "ysfine.com"
216.244.66.229 - - [20/Feb/2023:21:20:18 -0800] "GET /world/ital/bologsw09.jpg HTTP/1.1" 200 88426 "-" "Mozilla/5.0 (compatible; DotBot/1.2; +https://opensiteexplorer.org/dotbot; help@moz.com)" "ysfine.com"
91.133.212.154 - - [20/Feb/2023:21:20:19 -0800] "GET /robots.txt HTTP/1.1" 404 88 "-" "Mozilla/5.0 (iPhone; U; ru; CPU iPhone OS 4_2_1 like Mac OS X; ru) AppleWebKit/533.17.9 (KHTML, like Gecko) Version/5.0.2 Mobile/8C148a Safari/6533.18.5" "ysfine.com"
31.2.216.23 - - [20/Feb/2023:21:20:19 -0800] "GET / HTTP/1.1" 200 5295 "-" "Mozilla/5.0 (iPhone; U; CPU OS 3_2 like Mac OS X; en-us) AppleWebKit/531.21.10 (KHTML, like Gecko) Version/4.0.4 Mobile/7B334b Safari/531.21.10" "ysfine.com"
71.178.208.102 - - [20/Feb/2023:21:20:38 -0800] "GET /favicon.ico HTTP/1.1" 404 88 "https://ysfine.com/style/songs.html" "Mozilla/5.0 (Windows NT 10.0; Win64; x64; rv:109.0) Gecko/20100101 Firefox/109.0" "ysfine.com"
220.85.83.108 - - [20/Feb/2023:21:20:38 -0800] "GET /kowar/tanks/m46cb.jpg HTTP/1.1" 200 35273 "https://www.google.com/" "Mozilla/5.0 (Windows NT 10.0; Win64; x64) AppleWebKit/537.36 (KHTML, like Gecko) Chrome/109.0.0.0 Safari/537.36" "ysfine.com"
216.244.66.229 - - [20/Feb/2023:21:21:08 -0800] "GET /world/ital/repub12.jpg HTTP/1.1" 200 108538 "-" "Mozilla/5.0 (compatible; DotBot/1.2; +https://opensiteexplorer.org/dotbot; help@moz.com)" "ysfine.com"
64.124.8.53 - - [20/Feb/2023:21:21:16 -0800] "GET /ysbio/world/scandi/fin06.jpg HTTP/1.1" 404 88 "-" "Mozilla/5.0 (Macintosh; Intel Mac OS X 10_15_7) AppleWebKit/537.36 (KHTML, like Gecko) Chrome/107.0.0.0 Safari/537.36" "www.ysfine.com"
64.124.8.53 - - [20/Feb/2023:21:21:42 -0800] "GET /ysbio/world/france/parisf16.jpg HTTP/1.1" 404 88 "-" "Mozilla/5.0 (Macintosh; Intel Mac OS X 10_15_7) AppleWebKit/537.36 (KHTML, like Gecko) Chrome/107.0.0.0 Safari/537.36" "ysfine.com"
216.244.66.229 - - [20/Feb/2023:21:21:50 -0800] "GET /world/ital/repub27.jpg HTTP/1.1" 200 134409 "-" "Mozilla/5.0 (compatible; DotBot/1.2; +https://opensiteexplorer.org/dotbot; help@moz.com)" "ysfine.com"
216.244.66.229 - - [20/Feb/2023:21:22:31 -0800] "GET /world/ital/rome024.jpg HTTP/1.1" 200 253571 "-" "Mozilla/5.0 (compatible; DotBot/1.2; +https://opensiteexplorer.org/dotbot; help@moz.com)" "ysfine.com"
51.222.253.18 - - [20/Feb/2023:21:22:37 -0800] "GET /world/brit/lontaxi.html HTTP/1.1" 200 359 "-" "Mozilla/5.0 (compatible; AhrefsBot/7.0; +http://ahrefs.com/robot/)" "ysfine.com"
51.222.253.17 - - [20/Feb/2023:21:22:39 -0800] "GET /world/brit/lontaxi09.jpg HTTP/1.1" 200 77332 "-" "Mozilla/5.0 (compatible; AhrefsBot/7.0; +http://ahrefs.com/robot/)" "ysfine.com"
51.222.253.20 - - [20/Feb/2023:21:22:40 -0800] "GET /world/brit/lontaxi08.jpg HTTP/1.1" 200 66325 "-" "Mozilla/5.0 (compatible; AhrefsBot/7.0; +http://ahrefs.com/robot/)" "ysfine.com"
51.222.253.16 - - [20/Feb/2023:21:22:40 -0800] "GET /world/brit/lontaxi15.jpg HTTP/1.1" 200 69574 "-" "Mozilla/5.0 (compatible; AhrefsBot/7.0; +http://ahrefs.com/robot/)" "ysfine.com"
51.222.253.20 - - [20/Feb/2023:21:22:41 -0800] "GET /world/brit/lontaxi18.jpg HTTP/1.1" 200 112523 "-" "Mozilla/5.0 (compatible; AhrefsBot/7.0; +http://ahrefs.com/robot/)" "ysfine.com"
51.222.253.2 - - [20/Feb/2023:21:22:41 -0800] "GET /world/brit/lontaxi04.jpg HTTP/1.1" 200 59541 "-" "Mozilla/5.0 (compatible; AhrefsBot/7.0; +http://ahrefs.com/robot/)" "ysfine.com"
51.222.253.6 - - [20/Feb/2023:21:22:42 -0800] "GET /world/brit/lontaxi16.jpg HTTP/1.1" 200 96976 "-" "Mozilla/5.0 (compatible; AhrefsBot/7.0; +http://ahrefs.com/robot/)" "ysfine.com"
64.124.8.50 - - [20/Feb/2023:21:22:42 -0800] "GET /world/france/stras38.jpg HTTP/1.1" 200 99407 "-" "Mozilla/5.0 (Macintosh; Intel Mac OS X 10_15_7) AppleWebKit/537.36 (KHTML, like Gecko) Chrome/107.0.0.0 Safari/537.36" "ysfine.com"
51.222.253.17 - - [20/Feb/2023:21:22:42 -0800] "GET /world/brit/lontaxi14.jpg HTTP/1.1" 200 64877 "-" "Mozilla/5.0 (compatible; AhrefsBot/7.0; +http://ahrefs.com/robot/)" "ysfine.com"
51.222.253.14 - - [20/Feb/2023:21:22:43 -0800] "GET /world/brit/lontaxi05.jpg HTTP/1.1" 200 123575 "-" "Mozilla/5.0 (compatible; AhrefsBot/7.0; +http://ahrefs.com/robot/)" "ysfine.com"
51.222.253.12 - - [20/Feb/2023:21:22:43 -0800] "GET /world/brit/lontaxi20.jpg HTTP/1.1" 404 88 "-" "Mozilla/5.0 (compatible; AhrefsBot/7.0; +http://ahrefs.com/robot/)" "ysfine.com"
51.222.253.17 - - [20/Feb/2023:21:22:44 -0800] "GET /world/brit/lontaxi12.jpg HTTP/1.1" 200 74093 "-" "Mozilla/5.0 (compatible; AhrefsBot/7.0; +http://ahrefs.com/robot/)" "ysfine.com"
51.222.253.2 - - [20/Feb/2023:21:22:45 -0800] "GET /world/brit/lontaxi03.jpg HTTP/1.1" 200 95975 "-" "Mozilla/5.0 (compatible; AhrefsBot/7.0; +http://ahrefs.com/robot/)" "ysfine.com"
51.222.253.4 - - [20/Feb/2023:21:22:46 -0800] "GET /world/brit/lontaxi07.jpg HTTP/1.1" 200 69239 "-" "Mozilla/5.0 (compatible; AhrefsBot/7.0; +http://ahrefs.com/robot/)" "ysfine.com"
51.222.253.12 - - [20/Feb/2023:21:22:47 -0800] "GET /world/brit/lontaxi13.jpg HTTP/1.1" 200 69974 "-" "Mozilla/5.0 (compatible; AhrefsBot/7.0; +http://ahrefs.com/robot/)" "ysfine.com"
51.222.253.8 - - [20/Feb/2023:21:22:47 -0800] "GET /world/brit/lontaxi19.jpg HTTP/1.1" 200 96194 "-" "Mozilla/5.0 (compatible; AhrefsBot/7.0; +http://ahrefs.com/robot/)" "ysfine.com"
51.222.253.2 - - [20/Feb/2023:21:22:48 -0800] "GET /world/brit/lontaxi02.jpg HTTP/1.1" 200 70445 "-" "Mozilla/5.0 (compatible; AhrefsBot/7.0; +http://ahrefs.com/robot/)" "ysfine.com"
51.222.253.4 - - [20/Feb/2023:21:22:49 -0800] "GET /world/brit/lontaxi17.jpg HTTP/1.1" 200 108145 "-" "Mozilla/5.0 (compatible; AhrefsBot/7.0; +http://ahrefs.com/robot/)" "ysfine.com"
51.222.253.17 - - [20/Feb/2023:21:22:49 -0800] "GET /world/brit/lontaxi01.jpg HTTP/1.1" 200 105275 "-" "Mozilla/5.0 (compatible; AhrefsBot/7.0; +http://ahrefs.com/robot/)" "ysfine.com"
51.222.253.2 - - [20/Feb/2023:21:22:50 -0800] "GET /world/brit/lontaxi11.jpg HTTP/1.1" 200 66322 "-" "Mozilla/5.0 (compatible; AhrefsBot/7.0; +http://ahrefs.com/robot/)" "ysfine.com"
51.222.253.4 - - [20/Feb/2023:21:22:50 -0800] "GET /world/brit/lontaxi21.jpg HTTP/1.1" 404 88 "-" "Mozilla/5.0 (compatible; AhrefsBot/7.0; +http://ahrefs.com/robot/)" "ysfine.com"
51.222.253.12 - - [20/Feb/2023:21:22:51 -0800] "GET /world/brit/lontaxi06.jpg HTTP/1.1" 200 68869 "-" "Mozilla/5.0 (compatible; AhrefsBot/7.0; +http://ahrefs.com/robot/)" "ysfine.com"
207.46.13.218 - - [20/Feb/2023:21:22:58 -0800] "GET /newyork/macy04b.jpg HTTP/1.1" 200 49978 "-" "Mozilla/5.0 AppleWebKit/537.36 (KHTML, like Gecko; compatible; bingbot/2.0; +http://www.bing.com/bingbot.htm) Chrome/103.0.5060.134 Safari/537.36" "ysfine.com"
220.85.83.108 - - [20/Feb/2023:21:22:58 -0800] "GET /kowar/tanks/sherman50.jpg HTTP/1.1" 200 69232 "https://www.google.com/" "Mozilla/5.0 (Windows NT 10.0; Win64; x64) AppleWebKit/537.36 (KHTML, like Gecko) Chrome/109.0.0.0 Safari/537.36" "ysfine.com"
64.124.8.28 - - [20/Feb/2023:21:23:07 -0800] "GET /kowar/tanks/tank03.jpg HTTP/1.1" 200 106726 "-" "Mozilla/5.0 (Macintosh; Intel Mac OS X 10_15_7) AppleWebKit/537.36 (KHTML, like Gecko) Chrome/107.0.0.0 Safari/537.36" "www.ysfine.com"
207.46.13.218 - - [20/Feb/2023:21:23:29 -0800] "GET /world/russ/masha33.jpg HTTP/1.1" 200 56630 "-" "Mozilla/5.0 AppleWebKit/537.36 (KHTML, like Gecko; compatible; bingbot/2.0; +http://www.bing.com/bingbot.htm) Chrome/103.0.5060.134 Safari/537.36" "www.ysfine.com"
37.187.89.104 - - [20/Feb/2023:21:23:43 -0800] "GET /robots.txt HTTP/1.1" 404 73 "-" "Mozilla/5.0 (compatible; MJ12bot/v1.4.8; http://mj12bot.com/)" "www.ysfine.com"
37.187.89.104 - - [20/Feb/2023:21:23:47 -0800] "GET /dirac/diracsq.html HTTP/1.1" 200 4447 "-" "Mozilla/5.0 (compatible; MJ12bot/v1.4.8; http://mj12bot.com/)" "www.ysfine.com"
52.167.144.35 - - [20/Feb/2023:21:23:48 -0800] "GET /feynman/page66.jpg HTTP/1.1" 200 82655 "-" "Mozilla/5.0 AppleWebKit/537.36 (KHTML, like Gecko; compatible; bingbot/2.0; +http://www.bing.com/bingbot.htm) Chrome/103.0.5060.134 Safari/537.36" "ysfine.com"
37.187.89.104 - - [20/Feb/2023:21:23:50 -0800] "GET /dirac/diracsq.html HTTP/1.1" 200 4447 "-" "Mozilla/5.0 (compatible; MJ12bot/v1.4.8; http://mj12bot.com/)" "www.ysfine.com"
64.124.8.53 - - [20/Feb/2023:21:23:51 -0800] "GET /world/baltic/riga55.jpg HTTP/1.1" 200 78963 "-" "Mozilla/5.0 (Macintosh; Intel Mac OS X 10_15_7) AppleWebKit/537.36 (KHTML, like Gecko) Chrome/107.0.0.0 Safari/537.36" "ysfine.com"
37.187.89.104 - - [20/Feb/2023:21:23:53 -0800] "GET /einstein/emc/fparton.html HTTP/1.1" 404 88 "-" "Mozilla/5.0 (compatible; MJ12bot/v1.4.8; http://mj12bot.com/)" "www.ysfine.com"
207.46.13.207 - - [20/Feb/2023:21:24:40 -0800] "GET /world/russ/mosmusic32.jpg HTTP/1.1" 200 101584 "-" "Mozilla/5.0 AppleWebKit/537.36 (KHTML, like Gecko; compatible; bingbot/2.0; +http://www.bing.com/bingbot.htm) Chrome/103.0.5060.134 Safari/537.36" "ysfine.com"
64.124.8.28 - - [20/Feb/2023:21:25:08 -0800] "GET /ysbio/world/brit/paddington26.jpg HTTP/1.1" 404 88 "-" "Mozilla/5.0 (Macintosh; Intel Mac OS X 10_15_7) AppleWebKit/537.36 (KHTML, like Gecko) Chrome/107.0.0.0 Safari/537.36" "ysfine.com"
52.167.144.35 - - [20/Feb/2023:21:26:40 -0800] "GET /bio/sbk/1950.html HTTP/1.1" 404 88 "-" "Mozilla/5.0 AppleWebKit/537.36 (KHTML, like Gecko; compatible; bingbot/2.0; +http://www.bing.com/bingbot.htm) Chrome/103.0.5060.134 Safari/537.36" "ysfine.com"
216.244.66.229 - - [20/Feb/2023:21:26:48 -0800] "GET /princeton/cleve.html HTTP/1.1" 200 1111 "-" "Mozilla/5.0 (compatible; DotBot/1.2; +https://opensiteexplorer.org/dotbot; help@moz.com)" "ysfine.com"
51.222.253.3 - - [20/Feb/2023:21:27:02 -0800] "GET /ffriends/roskei.html HTTP/1.1" 200 6121 "-" "Mozilla/5.0 (compatible; AhrefsBot/7.0; +http://ahrefs.com/robot/)" "ysfine.com"
51.222.253.4 - - [20/Feb/2023:21:27:06 -0800] "GET /world/baltic/kalin31b.jpg HTTP/1.1" 200 56139 "-" "Mozilla/5.0 (compatible; AhrefsBot/7.0; +http://ahrefs.com/robot/)" "ysfine.com"
51.222.253.2 - - [20/Feb/2023:21:27:07 -0800] "GET /world/baltic/kalin04b.jpg HTTP/1.1" 200 31058 "-" "Mozilla/5.0 (compatible; AhrefsBot/7.0; +http://ahrefs.com/robot/)" "ysfine.com"
51.222.253.13 - - [20/Feb/2023:21:27:08 -0800] "GET /world/baltic/kalinmap99b.jpg HTTP/1.1" 200 50124 "-" "Mozilla/5.0 (compatible; AhrefsBot/7.0; +http://ahrefs.com/robot/)" "ysfine.com"
51.222.253.10 - - [20/Feb/2023:21:27:08 -0800] "GET /world/russ/zhukov22b.jpg HTTP/1.1" 200 31756 "-" "Mozilla/5.0 (compatible; AhrefsBot/7.0; +http://ahrefs.com/robot/)" "ysfine.com"
216.244.66.229 - - [20/Feb/2023:21:27:17 -0800] "GET /world/ital/vatican76.jpg HTTP/1.1" 200 105098 "-" "Mozilla/5.0 (compatible; DotBot/1.2; +https://opensiteexplorer.org/dotbot; help@moz.com)" "ysfine.com"
207.46.13.218 - - [20/Feb/2023:21:27:30 -0800] "GET /world/poland/jablo07.jpg HTTP/1.1" 200 122193 "-" "Mozilla/5.0 AppleWebKit/537.36 (KHTML, like Gecko; compatible; bingbot/2.0; +http://www.bing.com/bingbot.htm) Chrome/103.0.5060.134 Safari/537.36" "ysfine.com"
64.124.8.53 - - [20/Feb/2023:21:27:46 -0800] "GET /einstein/places/ulm01.jpg HTTP/1.1" 200 54884 "-" "Mozilla/5.0 (Macintosh; Intel Mac OS X 10_15_7) AppleWebKit/537.36 (KHTML, like Gecko) Chrome/107.0.0.0 Safari/537.36" "www.ysfine.com"
216.244.66.229 - - [20/Feb/2023:21:27:55 -0800] "GET /world/ital/venicef10.jpg HTTP/1.1" 200 124218 "-" "Mozilla/5.0 (compatible; DotBot/1.2; +https://opensiteexplorer.org/dotbot; help@moz.com)" "ysfine.com"
103.28.70.133 - - [20/Feb/2023:21:28:16 -0800] "GET /philo/helena.html HTTP/1.1" 200 6350 "-" "Mozilla/5.0 (Windows NT 10.0; Win64; x64; rv:102.0) Gecko/20100101 Firefox/102.0" "ysfine.com"
216.244.66.229 - - [20/Feb/2023:21:28:37 -0800] "GET /world/scandi/copenf20.jpg HTTP/1.1" 200 83852 "-" "Mozilla/5.0 (compatible; DotBot/1.2; +https://opensiteexplorer.org/dotbot; help@moz.com)" "ysfine.com"
216.244.66.229 - - [20/Feb/2023:21:29:16 -0800] "GET /world/scandi/vaxjo07.jpg HTTP/1.1" 200 93862 "-" "Mozilla/5.0 (compatible; DotBot/1.2; +https://opensiteexplorer.org/dotbot; help@moz.com)" "ysfine.com"
91.133.202.165 - - [20/Feb/2023:21:29:24 -0800] "GET /robots.txt HTTP/1.1" 404 88 "-" "Mozilla/5.0 (iPhone; U; CPU iPhone OS 4_3_1 like Mac OS X; zh-tw) AppleWebKit/533.17.9 (KHTML, like Gecko) Version/5.0.2 Mobile/8G4 Safari/6533.18.5" "ysfine.com"
89.199.111.52 - - [20/Feb/2023:21:29:24 -0800] "GET / HTTP/1.1" 200 5295 "-" "Mozilla/5.0 (iPhone; U; CPU iPhone OS 4_2_1 like Mac OS X; nb-no) AppleWebKit/533.17.9 (KHTML, like Gecko) Version/5.0.2 Mobile/8C148a Safari/6533.18.5" "ysfine.com"
64.124.8.50 - - [20/Feb/2023:21:29:35 -0800] "GET /world/ital/padova24.jpg HTTP/1.1" 200 67082 "-" "Mozilla/5.0 (Macintosh; Intel Mac OS X 10_15_7) AppleWebKit/537.36 (KHTML, like Gecko) Chrome/107.0.0.0 Safari/537.36" "www.ysfine.com"
52.167.144.35 - - [20/Feb/2023:21:30:19 -0800] "GET /saram/g111.jpg HTTP/1.1" 200 76600 "-" "Mozilla/5.0 AppleWebKit/537.36 (KHTML, like Gecko; compatible; bingbot/2.0; +http://www.bing.com/bingbot.htm) Chrome/103.0.5060.134 Safari/537.36" "www.ysfine.com"
64.124.8.53 - - [20/Feb/2023:21:30:23 -0800] "GET /world/china/opium06.jpg HTTP/1.1" 200 102048 "-" "Mozilla/5.0 (Macintosh; Intel Mac OS X 10_15_7) AppleWebKit/537.36 (KHTML, like Gecko) Chrome/107.0.0.0 Safari/537.36" "www.ysfine.com"
64.124.8.54 - - [20/Feb/2023:21:30:48 -0800] "GET /manko/salama92.jpg HTTP/1.1" 200 67360 "-" "Mozilla/5.0 (Macintosh; Intel Mac OS X 10_15_7) AppleWebKit/537.36 (KHTML, like Gecko) Chrome/107.0.0.0 Safari/537.36" "ysfine.com"
64.124.8.29 - - [20/Feb/2023:21:31:03 -0800] "GET /ysbio/newyork/gwbr77.jpg HTTP/1.1" 404 88 "-" "Mozilla/5.0 (Macintosh; Intel Mac OS X 10_15_7) AppleWebKit/537.36 (KHTML, like Gecko) Chrome/107.0.0.0 Safari/537.36" "www.ysfine.com"
51.222.253.10 - - [20/Feb/2023:21:31:08 -0800] "GET /remote/wigner111/frame22.html HTTP/1.1" 200 719 "-" "Mozilla/5.0 (compatible; AhrefsBot/7.0; +http://ahrefs.com/robot/)" "www.ysfine.com"
64.124.8.56 - - [20/Feb/2023:21:31:34 -0800] "GET /sbk/1965cc11.jpg HTTP/1.1" 200 73608 "-" "Mozilla/5.0 (Macintosh; Intel Mac OS X 10_15_7) AppleWebKit/537.36 (KHTML, like Gecko) Chrome/107.0.0.0 Safari/537.36" "ysfine.com"
52.167.144.62 - - [20/Feb/2023:21:32:56 -0800] "GET /bio/style/proschanie.html HTTP/1.1" 404 88 "-" "Mozilla/5.0 AppleWebKit/537.36 (KHTML, like Gecko; compatible; bingbot/2.0; +http://www.bing.com/bingbot.htm) Chrome/103.0.5060.134 Safari/537.36" "ysfine.com"
64.124.8.49 - - [20/Feb/2023:21:33:08 -0800] "GET /world/russ/mosf56.jpg HTTP/1.1" 200 168025 "-" "Mozilla/5.0 (Macintosh; Intel Mac OS X 10_15_7) AppleWebKit/537.36 (KHTML, like Gecko) Chrome/107.0.0.0 Safari/537.36" "ysfine.com"
52.167.144.35 - - [20/Feb/2023:21:33:11 -0800] "GET /bio/kobak/yskor.html HTTP/1.1" 404 88 "-" "Mozilla/5.0 AppleWebKit/537.36 (KHTML, like Gecko; compatible; bingbot/2.0; +http://www.bing.com/bingbot.htm) Chrome/103.0.5060.134 Safari/537.36" "ysfine.com"
52.167.144.35 - - [20/Feb/2023:21:33:19 -0800] "GET /class54/class5470/total_data/refer_img/6-13_f.jpg HTTP/1.1" 200 35391 "-" "Mozilla/5.0 AppleWebKit/537.36 (KHTML, like Gecko; compatible; bingbot/2.0; +http://www.bing.com/bingbot.htm) Chrome/103.0.5060.134 Safari/537.36" "ysfine.com"
207.46.13.218 - - [20/Feb/2023:21:33:38 -0800] "GET /feynman/feydirac.jpg HTTP/1.1" 200 98378 "-" "Mozilla/5.0 AppleWebKit/537.36 (KHTML, like Gecko; compatible; bingbot/2.0; +http://www.bing.com/bingbot.htm) Chrome/103.0.5060.134 Safari/537.36" "www.ysfine.com"
216.244.66.229 - - [20/Feb/2023:21:33:41 -0800] "GET /newyork HTTP/1.1" 301 3202 "-" "Mozilla/5.0 (compatible; DotBot/1.2; +https://opensiteexplorer.org/dotbot; help@moz.com)" "ysfine.com"
64.124.8.57 - - [20/Feb/2023:21:33:50 -0800] "GET /world/poland/jablo01.jpg HTTP/1.1" 200 102093 "-" "Mozilla/5.0 (Macintosh; Intel Mac OS X 10_15_7) AppleWebKit/537.36 (KHTML, like Gecko) Chrome/107.0.0.0 Safari/537.36" "ysfine.com"
216.244.66.229 - - [20/Feb/2023:21:34:09 -0800] "GET /wdc/ep73.jpg HTTP/1.1" 200 79089 "-" "Mozilla/5.0 (compatible; DotBot/1.2; +https://opensiteexplorer.org/dotbot; help@moz.com)" "ysfine.com"
207.46.13.220 - - [20/Feb/2023:21:34:30 -0800] "GET /bio/kobak/soraech.html HTTP/1.1" 404 88 "-" "Mozilla/5.0 AppleWebKit/537.36 (KHTML, like Gecko; compatible; bingbot/2.0; +http://www.bing.com/bingbot.htm) Chrome/103.0.5060.134 Safari/537.36" "ysfine.com"
52.167.144.62 - - [20/Feb/2023:21:34:36 -0800] "GET /world/russ/bachkova11.jpg HTTP/1.1" 200 66613 "-" "Mozilla/5.0 AppleWebKit/537.36 (KHTML, like Gecko; compatible; bingbot/2.0; +http://www.bing.com/bingbot.htm) Chrome/103.0.5060.134 Safari/537.36" "www.ysfine.com"
52.167.144.35 - - [20/Feb/2023:21:34:40 -0800] "GET /bio/style/artlove.html HTTP/1.1" 404 88 "-" "Mozilla/5.0 AppleWebKit/537.36 (KHTML, like Gecko; compatible; bingbot/2.0; +http://www.bing.com/bingbot.htm) Chrome/103.0.5060.134 Safari/537.36" "ysfine.com"
216.244.66.229 - - [20/Feb/2023:21:34:40 -0800] "GET /maga/invent/edison22.jpg HTTP/1.1" 200 46515 "-" "Mozilla/5.0 (compatible; DotBot/1.2; +https://opensiteexplorer.org/dotbot; help@moz.com)" "ysfine.com"
66.249.70.4 - - [20/Feb/2023:21:34:43 -0800] "GET /world/russ/mosko06.jpg HTTP/1.1" 304 - "-" "Googlebot-Image/1.0" "ysfine.com"
52.167.144.62 - - [20/Feb/2023:21:34:45 -0800] "GET /ysbio/eink54.jpg HTTP/1.1" 404 88 "-" "Mozilla/5.0 AppleWebKit/537.36 (KHTML, like Gecko; compatible; bingbot/2.0; +http://www.bing.com/bingbot.htm) Chrome/103.0.5060.134 Safari/537.36" "www.ysfine.com"
216.244.66.229 - - [20/Feb/2023:21:35:07 -0800] "GET /style/charlesbr22.jpg HTTP/1.1" 200 114308 "-" "Mozilla/5.0 (compatible; DotBot/1.2; +https://opensiteexplorer.org/dotbot; help@moz.com)" "ysfine.com"
64.124.8.50 - - [20/Feb/2023:21:35:36 -0800] "GET /dirac/dirac84.jpg HTTP/1.1" 200 67390 "-" "Mozilla/5.0 (Macintosh; Intel Mac OS X 10_15_7) AppleWebKit/537.36 (KHTML, like Gecko) Chrome/107.0.0.0 Safari/537.36" "www.ysfine.com"
216.244.66.229 - - [20/Feb/2023:21:35:45 -0800] "GET /world/russ/spbf29.jpg HTTP/1.1" 200 191163 "-" "Mozilla/5.0 (compatible; DotBot/1.2; +https://opensiteexplorer.org/dotbot; help@moz.com)" "ysfine.com"
51.222.253.13 - - [20/Feb/2023:21:35:57 -0800] "GET /princeton/prince.html HTTP/1.1" 200 2567 "-" "Mozilla/5.0 (compatible; AhrefsBot/7.0; +http://ahrefs.com/robot/)" "www.ysfine.com"
114.119.136.224 - - [20/Feb/2023:21:35:58 -0800] "GET /world/veneto.html HTTP/1.1" 200 6676 "-" "Mozilla/5.0 (Linux; Android 7.0;) AppleWebKit/537.36 (KHTML, like Gecko) Mobile Safari/537.36 (compatible; PetalBot;+https://webmaster.petalsearch.com/site/petalbot)" "ysfine.com"
51.222.253.20 - - [20/Feb/2023:21:36:00 -0800] "GET /princeton/feyprince11b.jpg HTTP/1.1" 200 46226 "-" "Mozilla/5.0 (compatible; AhrefsBot/7.0; +http://ahrefs.com/robot/)" "www.ysfine.com"
51.222.253.1 - - [20/Feb/2023:21:36:00 -0800] "GET /einstein/ysturner2.jpg HTTP/1.1" 200 34841 "-" "Mozilla/5.0 (compatible; AhrefsBot/7.0; +http://ahrefs.com/robot/)" "www.ysfine.com"
51.222.253.9 - - [20/Feb/2023:21:36:00 -0800] "GET /wigner/wigkim11b.jpg HTTP/1.1" 200 38616 "-" "Mozilla/5.0 (compatible; AhrefsBot/7.0; +http://ahrefs.com/robot/)" "www.ysfine.com"
216.244.66.229 - - [20/Feb/2023:21:36:26 -0800] "GET /class54/emailed01.html HTTP/1.1" 200 81093 "-" "Mozilla/5.0 (compatible; DotBot/1.2; +https://opensiteexplorer.org/dotbot; help@moz.com)" "www.ysfine.com"
89.14.132.60 - - [20/Feb/2023:21:36:45 -0800] "GET /robots.txt HTTP/1.1" 404 88 "-" "yacybot (/global; amd64 Linux 6.1.12-gentoo; java 17.0.6; Europe/de) http://yacy.net/bot.html" "ysfine.com"
