51.222.253.10 - - [21/Feb/2023:03:05:15 -0800] "GET /style/cameras/lumixlf144c.jpg HTTP/1.1" 200 43024 "-" "Mozilla/5.0 (compatible; AhrefsBot/7.0; +http://ahrefs.com/robot/)" "ysfine.com"
49.207.214.26 - - [21/Feb/2023:03:05:15 -0800] "GET /world/latina/rio025b.jpg HTTP/1.1" 200 39082 "https://ysfine.com/world/feynrio.html" "Mozilla/5.0 (Android 7.0; Mobile; rv:109.0) Gecko/109.0 Firefox/109.0" "ysfine.com"
49.207.214.26 - - [21/Feb/2023:03:05:15 -0800] "GET /world/latina/sambario10b.jpg HTTP/1.1" 200 33490 "https://ysfine.com/world/feynrio.html" "Mozilla/5.0 (Android 7.0; Mobile; rv:109.0) Gecko/109.0 Firefox/109.0" "ysfine.com"
49.207.214.26 - - [21/Feb/2023:03:05:15 -0800] "GET /princeton/prospect22b.jpg HTTP/1.1" 200 46073 "https://ysfine.com/world/feynrio.html" "Mozilla/5.0 (Android 7.0; Mobile; rv:109.0) Gecko/109.0 Firefox/109.0" "ysfine.com"
49.207.214.26 - - [21/Feb/2023:03:05:15 -0800] "GET /world/latina/rio081b.jpg HTTP/1.1" 200 33294 "https://ysfine.com/world/feynrio.html" "Mozilla/5.0 (Android 7.0; Mobile; rv:109.0) Gecko/109.0 Firefox/109.0" "ysfine.com"
49.207.214.26 - - [21/Feb/2023:03:05:15 -0800] "GET /world/latina/rio056b.jpg HTTP/1.1" 200 30911 "https://ysfine.com/world/feynrio.html" "Mozilla/5.0 (Android 7.0; Mobile; rv:109.0) Gecko/109.0 Firefox/109.0" "ysfine.com"
49.207.214.26 - - [21/Feb/2023:03:05:15 -0800] "GET /ffriends/russrio22b.jpg HTTP/1.1" 200 28891 "https://ysfine.com/world/feynrio.html" "Mozilla/5.0 (Android 7.0; Mobile; rv:109.0) Gecko/109.0 Firefox/109.0" "ysfine.com"
49.207.214.26 - - [21/Feb/2023:03:05:15 -0800] "GET /princeton/sambapr01b.jpg HTTP/1.1" 200 53107 "https://ysfine.com/world/feynrio.html" "Mozilla/5.0 (Android 7.0; Mobile; rv:109.0) Gecko/109.0 Firefox/109.0" "ysfine.com"
49.207.214.26 - - [21/Feb/2023:03:05:15 -0800] "GET /world/latina/sambario18b.jpg HTTP/1.1" 200 53856 "https://ysfine.com/world/feynrio.html" "Mozilla/5.0 (Android 7.0; Mobile; rv:109.0) Gecko/109.0 Firefox/109.0" "ysfine.com"
49.207.214.26 - - [21/Feb/2023:03:05:15 -0800] "GET /world/latina/sambario05b.jpg HTTP/1.1" 200 30071 "https://ysfine.com/world/feynrio.html" "Mozilla/5.0 (Android 7.0; Mobile; rv:109.0) Gecko/109.0 Firefox/109.0" "ysfine.com"
49.207.214.26 - - [21/Feb/2023:03:05:15 -0800] "GET /world/latina/rio097b.jpg HTTP/1.1" 200 43071 "https://ysfine.com/world/feynrio.html" "Mozilla/5.0 (Android 7.0; Mobile; rv:109.0) Gecko/109.0 Firefox/109.0" "ysfine.com"
49.207.214.26 - - [21/Feb/2023:03:05:15 -0800] "GET /world/latina/rio051b.jpg HTTP/1.1" 200 21302 "https://ysfine.com/world/feynrio.html" "Mozilla/5.0 (Android 7.0; Mobile; rv:109.0) Gecko/109.0 Firefox/109.0" "ysfine.com"
49.207.214.26 - - [21/Feb/2023:03:05:15 -0800] "GET /world/latina/sambario11b.jpg HTTP/1.1" 200 31272 "https://ysfine.com/world/feynrio.html" "Mozilla/5.0 (Android 7.0; Mobile; rv:109.0) Gecko/109.0 Firefox/109.0" "ysfine.com"
49.207.214.26 - - [21/Feb/2023:03:05:15 -0800] "GET /world/latina/rio004b.jpg HTTP/1.1" 200 40739 "https://ysfine.com/world/feynrio.html" "Mozilla/5.0 (Android 7.0; Mobile; rv:109.0) Gecko/109.0 Firefox/109.0" "ysfine.com"
49.207.214.26 - - [21/Feb/2023:03:05:15 -0800] "GET /kobak/taylor450.jpg HTTP/1.1" 200 70219 "https://ysfine.com/world/feynrio.html" "Mozilla/5.0 (Android 7.0; Mobile; rv:109.0) Gecko/109.0 Firefox/109.0" "ysfine.com"
49.207.214.26 - - [21/Feb/2023:03:05:15 -0800] "GET /world/germany/franko11b.jpg HTTP/1.1" 200 37524 "https://ysfine.com/world/feynrio.html" "Mozilla/5.0 (Android 7.0; Mobile; rv:109.0) Gecko/109.0 Firefox/109.0" "ysfine.com"
49.207.214.26 - - [21/Feb/2023:03:05:15 -0800] "GET /ffriends/telefon2.jpg HTTP/1.1" 200 50541 "https://ysfine.com/world/feynrio.html" "Mozilla/5.0 (Android 7.0; Mobile; rv:109.0) Gecko/109.0 Firefox/109.0" "ysfine.com"
49.207.214.26 - - [21/Feb/2023:03:05:15 -0800] "GET /world/latina/rio021b.jpg HTTP/1.1" 200 48636 "https://ysfine.com/world/feynrio.html" "Mozilla/5.0 (Android 7.0; Mobile; rv:109.0) Gecko/109.0 Firefox/109.0" "ysfine.com"
49.207.214.26 - - [21/Feb/2023:03:05:15 -0800] "GET /eink/pwk19c.jpg HTTP/1.1" 200 57759 "https://ysfine.com/world/feynrio.html" "Mozilla/5.0 (Android 7.0; Mobile; rv:109.0) Gecko/109.0 Firefox/109.0" "ysfine.com"
49.207.214.26 - - [21/Feb/2023:03:05:15 -0800] "GET /style/venus6.jpg HTTP/1.1" 200 36692 "https://ysfine.com/world/feynrio.html" "Mozilla/5.0 (Android 7.0; Mobile; rv:109.0) Gecko/109.0 Firefox/109.0" "ysfine.com"
49.207.214.26 - - [21/Feb/2023:03:05:15 -0800] "GET /ffriends/parthen03b.jpg HTTP/1.1" 200 47400 "https://ysfine.com/world/feynrio.html" "Mozilla/5.0 (Android 7.0; Mobile; rv:109.0) Gecko/109.0 Firefox/109.0" "ysfine.com"
49.207.214.26 - - [21/Feb/2023:03:05:15 -0800] "GET /world/latina/rio024b.jpg HTTP/1.1" 200 31606 "https://ysfine.com/world/feynrio.html" "Mozilla/5.0 (Android 7.0; Mobile; rv:109.0) Gecko/109.0 Firefox/109.0" "ysfine.com"
49.207.214.26 - - [21/Feb/2023:03:05:15 -0800] "GET /world/scandi/vaxdoll33b.jpg HTTP/1.1" 200 56336 "https://ysfine.com/world/feynrio.html" "Mozilla/5.0 (Android 7.0; Mobile; rv:109.0) Gecko/109.0 Firefox/109.0" "ysfine.com"
49.207.214.26 - - [21/Feb/2023:03:05:15 -0800] "GET /world/latina/rio003b.jpg HTTP/1.1" 200 28468 "https://ysfine.com/world/feynrio.html" "Mozilla/5.0 (Android 7.0; Mobile; rv:109.0) Gecko/109.0 Firefox/109.0" "ysfine.com"
49.207.214.26 - - [21/Feb/2023:03:05:15 -0800] "GET /world/latina/rio073b.jpg HTTP/1.1" 200 38788 "https://ysfine.com/world/feynrio.html" "Mozilla/5.0 (Android 7.0; Mobile; rv:109.0) Gecko/109.0 Firefox/109.0" "ysfine.com"
49.207.214.26 - - [21/Feb/2023:03:05:15 -0800] "GET /world/latina/rio103b.jpg HTTP/1.1" 200 37857 "https://ysfine.com/world/feynrio.html" "Mozilla/5.0 (Android 7.0; Mobile; rv:109.0) Gecko/109.0 Firefox/109.0" "ysfine.com"
51.222.253.5 - - [21/Feb/2023:03:05:16 -0800] "GET /style/cameras/lumixsys33c.jpg HTTP/1.1" 200 32860 "-" "Mozilla/5.0 (compatible; AhrefsBot/7.0; +http://ahrefs.com/robot/)" "ysfine.com"
51.222.253.15 - - [21/Feb/2023:03:05:18 -0800] "GET /style/cameras/canonp77c.jpg HTTP/1.1" 200 24329 "-" "Mozilla/5.0 (compatible; AhrefsBot/7.0; +http://ahrefs.com/robot/)" "ysfine.com"
103.242.196.189 - - [21/Feb/2023:03:05:18 -0800] "GET /kowar/panmun04.jpg HTTP/1.1" 200 126386 "https://www.google.com/" "Mozilla/5.0 (Windows NT 10.0; Win64; x64) AppleWebKit/537.36 (KHTML, like Gecko) Chrome/109.0.0.0 Safari/537.36" "ysfine.com"
51.222.253.10 - - [21/Feb/2023:03:05:18 -0800] "GET /style/cameras/fed39c.jpg HTTP/1.1" 200 44295 "-" "Mozilla/5.0 (compatible; AhrefsBot/7.0; +http://ahrefs.com/robot/)" "ysfine.com"
51.222.253.7 - - [21/Feb/2023:03:05:19 -0800] "GET /style/cameras/phenix11c.jpg HTTP/1.1" 200 35944 "-" "Mozilla/5.0 (compatible; AhrefsBot/7.0; +http://ahrefs.com/robot/)" "ysfine.com"
51.222.253.15 - - [21/Feb/2023:03:05:19 -0800] "GET /style/cameras/beielemen11c.jpg HTTP/1.1" 200 30003 "-" "Mozilla/5.0 (compatible; AhrefsBot/7.0; +http://ahrefs.com/robot/)" "ysfine.com"
51.222.253.5 - - [21/Feb/2023:03:05:20 -0800] "GET /princeton/brooke56c.jpg HTTP/1.1" 200 35600 "-" "Mozilla/5.0 (compatible; AhrefsBot/7.0; +http://ahrefs.com/robot/)" "ysfine.com"
51.222.253.5 - - [21/Feb/2023:03:05:20 -0800] "GET /kowar/tanks/garand03c.jpg HTTP/1.1" 200 15423 "-" "Mozilla/5.0 (compatible; AhrefsBot/7.0; +http://ahrefs.com/robot/)" "ysfine.com"
51.222.253.19 - - [21/Feb/2023:03:05:20 -0800] "GET /wdc/waterg33c.jpg HTTP/1.1" 200 25711 "-" "Mozilla/5.0 (compatible; AhrefsBot/7.0; +http://ahrefs.com/robot/)" "ysfine.com"
51.222.253.4 - - [21/Feb/2023:03:05:21 -0800] "GET /style/cameras/lumixfx6c.jpg HTTP/1.1" 200 31011 "-" "Mozilla/5.0 (compatible; AhrefsBot/7.0; +http://ahrefs.com/robot/)" "ysfine.com"
51.222.253.17 - - [21/Feb/2023:03:05:21 -0800] "GET /style/cameras/temple11c.jpg HTTP/1.1" 200 34231 "-" "Mozilla/5.0 (compatible; AhrefsBot/7.0; +http://ahrefs.com/robot/)" "ysfine.com"
51.222.253.6 - - [21/Feb/2023:03:05:22 -0800] "GET /style/cameras/nanjinglx03c.jpg HTTP/1.1" 200 37071 "-" "Mozilla/5.0 (compatible; AhrefsBot/7.0; +http://ahrefs.com/robot/)" "ysfine.com"
51.222.253.15 - - [21/Feb/2023:03:05:22 -0800] "GET /world/balkan/ath002c.jpg HTTP/1.1" 200 44714 "-" "Mozilla/5.0 (compatible; AhrefsBot/7.0; +http://ahrefs.com/robot/)" "ysfine.com"
51.222.253.20 - - [21/Feb/2023:03:05:22 -0800] "GET /wdc/whouse03c.jpg HTTP/1.1" 200 27282 "-" "Mozilla/5.0 (compatible; AhrefsBot/7.0; +http://ahrefs.com/robot/)" "ysfine.com"
51.222.253.18 - - [21/Feb/2023:03:05:23 -0800] "GET /style/cameras/lumixfs15c.jpg HTTP/1.1" 200 29994 "-" "Mozilla/5.0 (compatible; AhrefsBot/7.0; +http://ahrefs.com/robot/)" "ysfine.com"
20.73.202.147 - - [21/Feb/2023:03:05:23 -0800] "GET /houses/townhwaw11.jpg HTTP/1.1" 200 100851 "http://ysfine.com/houses/townhwaw11.jpg" "DuckDuckBot/1.1; (+http://duckduckgo.com/duckduckbot.html)" "ysfine.com"
51.222.253.9 - - [21/Feb/2023:03:05:24 -0800] "GET /style/cameras/ducks11c.jpg HTTP/1.1" 200 30397 "-" "Mozilla/5.0 (compatible; AhrefsBot/7.0; +http://ahrefs.com/robot/)" "ysfine.com"
51.222.253.3 - - [21/Feb/2023:03:05:24 -0800] "GET /style/cameras/lumixsys22c.jpg HTTP/1.1" 200 27694 "-" "Mozilla/5.0 (compatible; AhrefsBot/7.0; +http://ahrefs.com/robot/)" "ysfine.com"
51.222.253.12 - - [21/Feb/2023:03:05:25 -0800] "GET /style/cameras/nikonf01c.jpg HTTP/1.1" 200 30199 "-" "Mozilla/5.0 (compatible; AhrefsBot/7.0; +http://ahrefs.com/robot/)" "ysfine.com"
51.222.253.1 - - [21/Feb/2023:03:05:25 -0800] "GET /style/cameras/lumixfan22c.jpg HTTP/1.1" 200 38361 "-" "Mozilla/5.0 (compatible; AhrefsBot/7.0; +http://ahrefs.com/robot/)" "ysfine.com"
51.222.253.9 - - [21/Feb/2023:03:05:26 -0800] "GET /wdc/washmo02c.jpg HTTP/1.1" 200 33146 "-" "Mozilla/5.0 (compatible; AhrefsBot/7.0; +http://ahrefs.com/robot/)" "ysfine.com"
51.222.253.19 - - [21/Feb/2023:03:05:26 -0800] "GET /style/cameras/skagen11c.jpg HTTP/1.1" 200 45803 "-" "Mozilla/5.0 (compatible; AhrefsBot/7.0; +http://ahrefs.com/robot/)" "ysfine.com"
51.222.253.20 - - [21/Feb/2023:03:05:26 -0800] "GET /style/cameras/lumixsys11c.jpg HTTP/1.1" 200 32520 "-" "Mozilla/5.0 (compatible; AhrefsBot/7.0; +http://ahrefs.com/robot/)" "ysfine.com"
51.222.253.17 - - [21/Feb/2023:03:05:27 -0800] "GET /world/balkan/istan001c.jpg HTTP/1.1" 200 34566 "-" "Mozilla/5.0 (compatible; AhrefsBot/7.0; +http://ahrefs.com/robot/)" "ysfine.com"
51.222.253.12 - - [21/Feb/2023:03:05:27 -0800] "GET /style/cameras/fedpho01c.jpg HTTP/1.1" 200 33623 "-" "Mozilla/5.0 (compatible; AhrefsBot/7.0; +http://ahrefs.com/robot/)" "ysfine.com"
51.222.253.19 - - [21/Feb/2023:03:05:28 -0800] "GET /style/cameras/deer11c.jpg HTTP/1.1" 200 23535 "-" "Mozilla/5.0 (compatible; AhrefsBot/7.0; +http://ahrefs.com/robot/)" "ysfine.com"
51.222.253.4 - - [21/Feb/2023:03:05:30 -0800] "GET /style/cameras/fed5c.jpg HTTP/1.1" 200 35428 "-" "Mozilla/5.0 (compatible; AhrefsBot/7.0; +http://ahrefs.com/robot/)" "ysfine.com"
51.222.253.17 - - [21/Feb/2023:03:05:31 -0800] "GET /style/cameras/hwanghae11c.jpg HTTP/1.1" 200 33279 "-" "Mozilla/5.0 (compatible; AhrefsBot/7.0; +http://ahrefs.com/robot/)" "ysfine.com"
51.222.253.14 - - [21/Feb/2023:03:05:32 -0800] "GET /style/cameras/vernon04c.jpg HTTP/1.1" 200 44603 "-" "Mozilla/5.0 (compatible; AhrefsBot/7.0; +http://ahrefs.com/robot/)" "ysfine.com"
51.222.253.10 - - [21/Feb/2023:03:05:32 -0800] "GET /style/cameras/lumixlf133c.jpg HTTP/1.1" 200 27776 "-" "Mozilla/5.0 (compatible; AhrefsBot/7.0; +http://ahrefs.com/robot/)" "ysfine.com"
51.222.253.12 - - [21/Feb/2023:03:05:33 -0800] "GET /style/cameras/fedt34c.jpg HTTP/1.1" 200 26884 "-" "Mozilla/5.0 (compatible; AhrefsBot/7.0; +http://ahrefs.com/robot/)" "ysfine.com"
51.222.253.18 - - [21/Feb/2023:03:05:34 -0800] "GET /style/cameras/towncenter11c.jpg HTTP/1.1" 200 32674 "-" "Mozilla/5.0 (compatible; AhrefsBot/7.0; +http://ahrefs.com/robot/)" "ysfine.com"
51.222.253.13 - - [21/Feb/2023:03:05:35 -0800] "GET /style/cameras/lumixlf166c.jpg HTTP/1.1" 200 25301 "-" "Mozilla/5.0 (compatible; AhrefsBot/7.0; +http://ahrefs.com/robot/)" "ysfine.com"
51.222.253.13 - - [21/Feb/2023:03:05:36 -0800] "GET /style/cameras/leicavlux22c.jpg HTTP/1.1" 200 32706 "-" "Mozilla/5.0 (compatible; AhrefsBot/7.0; +http://ahrefs.com/robot/)" "ysfine.com"
51.222.253.17 - - [21/Feb/2023:03:05:36 -0800] "GET /style/cameras/rolex11c.jpg HTTP/1.1" 200 44213 "-" "Mozilla/5.0 (compatible; AhrefsBot/7.0; +http://ahrefs.com/robot/)" "ysfine.com"
51.222.253.9 - - [21/Feb/2023:03:05:37 -0800] "GET /style/cameras/leicavlux11c.jpg HTTP/1.1" 200 39687 "-" "Mozilla/5.0 (compatible; AhrefsBot/7.0; +http://ahrefs.com/robot/)" "ysfine.com"
51.222.253.2 - - [21/Feb/2023:03:05:37 -0800] "GET /style/cameras/nikonf17c.jpg HTTP/1.1" 200 24405 "-" "Mozilla/5.0 (compatible; AhrefsBot/7.0; +http://ahrefs.com/robot/)" "ysfine.com"
51.222.253.3 - - [21/Feb/2023:03:05:38 -0800] "GET /style/cameras/lumixzs50c.jpg HTTP/1.1" 200 30616 "-" "Mozilla/5.0 (compatible; AhrefsBot/7.0; +http://ahrefs.com/robot/)" "ysfine.com"
51.222.253.16 - - [21/Feb/2023:03:05:38 -0800] "GET /world/balkan/ath001c.jpg HTTP/1.1" 200 34419 "-" "Mozilla/5.0 (compatible; AhrefsBot/7.0; +http://ahrefs.com/robot/)" "ysfine.com"
51.222.253.12 - - [21/Feb/2023:03:05:38 -0800] "GET /style/cameras/newhouse11c.jpg HTTP/1.1" 200 37696 "-" "Mozilla/5.0 (compatible; AhrefsBot/7.0; +http://ahrefs.com/robot/)" "ysfine.com"
51.222.253.8 - - [21/Feb/2023:03:05:46 -0800] "GET /style/cameras/canonp11c.jpg HTTP/1.1" 200 36059 "-" "Mozilla/5.0 (compatible; AhrefsBot/7.0; +http://ahrefs.com/robot/)" "ysfine.com"
51.222.253.3 - - [21/Feb/2023:03:05:46 -0800] "GET /style/cameras/lumixlc40c.jpg HTTP/1.1" 200 26031 "-" "Mozilla/5.0 (compatible; AhrefsBot/7.0; +http://ahrefs.com/robot/)" "ysfine.com"
51.222.253.18 - - [21/Feb/2023:03:05:46 -0800] "GET /style/cameras/blackwhite01c.jpg HTTP/1.1" 200 40386 "-" "Mozilla/5.0 (compatible; AhrefsBot/7.0; +http://ahrefs.com/robot/)" "ysfine.com"
51.222.253.2 - - [21/Feb/2023:03:05:47 -0800] "GET /kobak/eisenhower33c.jpg HTTP/1.1" 200 40991 "-" "Mozilla/5.0 (compatible; AhrefsBot/7.0; +http://ahrefs.com/robot/)" "ysfine.com"
52.167.144.35 - - [21/Feb/2023:03:06:11 -0800] "GET /sbk/2008athens22.jpg HTTP/1.1" 200 202963 "-" "Mozilla/5.0 AppleWebKit/537.36 (KHTML, like Gecko; compatible; bingbot/2.0; +http://www.bing.com/bingbot.htm) Chrome/103.0.5060.134 Safari/537.36" "ysfine.com"
17.246.23.212 - - [21/Feb/2023:03:06:52 -0800] "GET /jobs/joleft.html HTTP/1.1" 200 335 "https://ysfine.com/jobs/index.html" "Mozilla/5.0 (Macintosh; Intel Mac OS X 10_15_5) AppleWebKit/605.1.15 (KHTML, like Gecko) Version/13.1.1 Safari/605.1.15 (Applebot/0.1; +http://www.apple.com/go/applebot)" "ysfine.com"
17.246.23.118 - - [21/Feb/2023:03:06:52 -0800] "GET /jobs/jorigh.html HTTP/1.1" 200 1583 "https://ysfine.com/jobs/index.html" "Mozilla/5.0 (Macintosh; Intel Mac OS X 10_15_5) AppleWebKit/605.1.15 (KHTML, like Gecko) Version/13.1.1 Safari/605.1.15 (Applebot/0.1; +http://www.apple.com/go/applebot)" "ysfine.com"
66.249.70.214 - - [21/Feb/2023:03:07:11 -0800] "GET /maga/phil/yy10b.jpg HTTP/1.1" 304 - "-" "Googlebot-Image/1.0" "ysfine.com"
207.46.13.220 - - [21/Feb/2023:03:07:31 -0800] "GET /world/ital/flor062b.jpg HTTP/1.1" 200 49181 "-" "Mozilla/5.0 AppleWebKit/537.36 (KHTML, like Gecko; compatible; bingbot/2.0; +http://www.bing.com/bingbot.htm) Chrome/103.0.5060.134 Safari/537.36" "ysfine.com"
157.55.39.206 - - [21/Feb/2023:03:07:53 -0800] "GET /world/ital/padova14.jpg HTTP/1.1" 200 125443 "-" "Mozilla/5.0 AppleWebKit/537.36 (KHTML, like Gecko; compatible; bingbot/2.0; +http://www.bing.com/bingbot.htm) Chrome/103.0.5060.134 Safari/537.36" "ysfine.com"
64.124.8.28 - - [21/Feb/2023:03:08:02 -0800] "GET /people/mmn.jpg HTTP/1.1" 200 61749 "-" "Mozilla/5.0 (Macintosh; Intel Mac OS X 10_15_7) AppleWebKit/537.36 (KHTML, like Gecko) Chrome/107.0.0.0 Safari/537.36" "ysfine.com"
64.124.8.53 - - [21/Feb/2023:03:09:16 -0800] "GET /ysbio/usca/norl/napo01.jpg HTTP/1.1" 404 88 "-" "Mozilla/5.0 (Macintosh; Intel Mac OS X 10_15_7) AppleWebKit/537.36 (KHTML, like Gecko) Chrome/107.0.0.0 Safari/537.36" "www.ysfine.com"
65.108.100.146 - - [21/Feb/2023:03:10:11 -0800] "GET /robots.txt HTTP/1.1" 404 73 "-" "Mozilla/5.0 (compatible; MJ12bot/v1.4.8; http://mj12bot.com/)" "ysfine.com"
65.108.100.146 - - [21/Feb/2023:03:10:20 -0800] "GET /class54/class5480/Pictures/1.%C3%AC%C2%A0%C2%91%C3%AC%C2%88%C2%98%C3%AB%C2%B0%C2%8F%C3%AD%C2%99%C2%98%C3%AB%C2%8B%C2%B4/%C3%AC%C2%A0%C2%91%C3%AC%C2%88%C2%98%C3%AB%C2%B0%C2%8F%C3%AD%C2%99%C2%98%C3%AB%C2%8B%C2%B4%20(1).jpg HTTP/1.1" 200 8337191 "-" "Mozilla/5.0 (compatible; MJ12bot/v1.4.8; http://mj12bot.com/)" "ysfine.com"
64.124.8.50 - - [21/Feb/2023:03:10:27 -0800] "GET /ffriends/russsh01.jpg HTTP/1.1" 200 94545 "-" "Mozilla/5.0 (Macintosh; Intel Mac OS X 10_15_7) AppleWebKit/537.36 (KHTML, like Gecko) Chrome/107.0.0.0 Safari/537.36" "ysfine.com"
65.108.100.146 - - [21/Feb/2023:03:10:27 -0800] "GET /class54/class5480/Pictures/1.%C3%AC%C2%A0%C2%91%C3%AC%C2%88%C2%98%C3%AB%C2%B0%C2%8F%C3%AD%C2%99%C2%98%C3%AB%C2%8B%C2%B4/%C3%AC%C2%A0%C2%91%C3%AC%C2%88%C2%98%C3%AB%C2%B0%C2%8F%C3%AD%C2%99%C2%98%C3%AB%C2%8B%C2%B4%20(10).jpg HTTP/1.1" 200 8730532 "-" "Mozilla/5.0 (compatible; MJ12bot/v1.4.8; http://mj12bot.com/)" "ysfine.com"
65.108.100.146 - - [21/Feb/2023:03:10:35 -0800] "GET /style/picasspr11.jpg HTTP/1.1" 200 106520 "-" "Mozilla/5.0 (compatible; MJ12bot/v1.4.8; http://mj12bot.com/)" "ysfine.com"
54.236.1.11 - - [21/Feb/2023:03:10:45 -0800] "GET /robots.txt HTTP/1.1" 404 88 "-" "Mozilla/5.0 (compatible; Pinterestbot/1.0; +http://www.pinterest.com/bot.html)" "ysfine.com"
54.236.1.11 - - [21/Feb/2023:03:10:45 -0800] "GET / HTTP/1.1" 200 5295 "-" "Mozilla/5.0 (compatible; Pinterestbot/1.0; +http://www.pinterest.com/bot.html)" "ysfine.com"
65.108.100.146 - - [21/Feb/2023:03:10:45 -0800] "GET /world/france/pontdg05.jpg HTTP/1.1" 200 91495 "-" "Mozilla/5.0 (compatible; MJ12bot/v1.4.8; http://mj12bot.com/)" "ysfine.com"
51.222.253.16 - - [21/Feb/2023:03:10:59 -0800] "GET /home/genea.html HTTP/1.1" 200 2872 "-" "Mozilla/5.0 (compatible; AhrefsBot/7.0; +http://ahrefs.com/robot/)" "ysfine.com"
51.222.253.13 - - [21/Feb/2023:03:11:01 -0800] "GET /home/fotos/taylor500.jpg HTTP/1.1" 200 79197 "-" "Mozilla/5.0 (compatible; AhrefsBot/7.0; +http://ahrefs.com/robot/)" "ysfine.com"
65.108.100.146 - - [21/Feb/2023:03:11:07 -0800] "GET /robots.txt HTTP/1.1" 404 73 "-" "Mozilla/5.0 (compatible; MJ12bot/v1.4.8; http://mj12bot.com/)" "www.ysfine.com"
65.108.100.146 - - [21/Feb/2023:03:11:19 -0800] "GET /ysbio//world/kor/sel803.jpg HTTP/1.1" 404 88 "-" "Mozilla/5.0 (compatible; MJ12bot/v1.4.8; http://mj12bot.com/)" "www.ysfine.com"
207.46.13.218 - - [21/Feb/2023:03:11:19 -0800] "GET /world/baltic/tallin58c.jpg HTTP/1.1" 200 31814 "-" "Mozilla/5.0 AppleWebKit/537.36 (KHTML, like Gecko; compatible; bingbot/2.0; +http://www.bing.com/bingbot.htm) Chrome/103.0.5060.134 Safari/537.36" "ysfine.com"
65.108.100.146 - - [21/Feb/2023:03:11:30 -0800] "GET /world/japan/osaka124.jpg HTTP/1.1" 200 102745 "-" "Mozilla/5.0 (compatible; MJ12bot/v1.4.8; http://mj12bot.com/)" "www.ysfine.com"
64.124.8.49 - - [21/Feb/2023:03:11:32 -0800] "GET /world/germany/vienna05.jpg HTTP/1.1" 200 183747 "-" "Mozilla/5.0 (Macintosh; Intel Mac OS X 10_15_7) AppleWebKit/537.36 (KHTML, like Gecko) Chrome/107.0.0.0 Safari/537.36" "ysfine.com"
64.124.8.52 - - [21/Feb/2023:03:13:44 -0800] "GET /world/scandi/copen007.jpg HTTP/1.1" 200 105592 "-" "Mozilla/5.0 (Macintosh; Intel Mac OS X 10_15_7) AppleWebKit/537.36 (KHTML, like Gecko) Chrome/107.0.0.0 Safari/537.36" "ysfine.com"
68.175.121.157 - - [21/Feb/2023:03:14:33 -0800] "GET /dirac/dirfeyn22.html HTTP/1.1" 200 2329 "https://www.google.com/" "Mozilla/5.0 (Macintosh; Intel Mac OS X 10_15_7) AppleWebKit/605.1.15 (KHTML, like Gecko) Version/16.2 Safari/605.1.15" "ysfine.com"
68.175.121.157 - - [21/Feb/2023:03:14:33 -0800] "GET /feynman/feydirac270.jpg HTTP/1.1" 200 59000 "https://ysfine.com/dirac/dirfeyn22.html" "Mozilla/5.0 (Macintosh; Intel Mac OS X 10_15_7) AppleWebKit/605.1.15 (KHTML, like Gecko) Version/16.2 Safari/605.1.15" "ysfine.com"
68.175.121.157 - - [21/Feb/2023:03:14:33 -0800] "GET /feynman/feyn86b.jpg HTTP/1.1" 200 26190 "https://ysfine.com/dirac/dirfeyn22.html" "Mozilla/5.0 (Macintosh; Intel Mac OS X 10_15_7) AppleWebKit/605.1.15 (KHTML, like Gecko) Version/16.2 Safari/605.1.15" "ysfine.com"
68.175.121.157 - - [21/Feb/2023:03:14:33 -0800] "GET /dirac/diracbul2.jpg HTTP/1.1" 200 31194 "https://ysfine.com/dirac/dirfeyn22.html" "Mozilla/5.0 (Macintosh; Intel Mac OS X 10_15_7) AppleWebKit/605.1.15 (KHTML, like Gecko) Version/16.2 Safari/605.1.15" "ysfine.com"
68.175.121.157 - - [21/Feb/2023:03:14:33 -0800] "GET /einstein/eink24b.jpg HTTP/1.1" 200 42003 "https://ysfine.com/dirac/dirfeyn22.html" "Mozilla/5.0 (Macintosh; Intel Mac OS X 10_15_7) AppleWebKit/605.1.15 (KHTML, like Gecko) Version/16.2 Safari/605.1.15" "ysfine.com"
68.175.121.157 - - [21/Feb/2023:03:14:33 -0800] "GET /favicon.ico HTTP/1.1" 404 88 "https://ysfine.com/dirac/dirfeyn22.html" "Mozilla/5.0 (Macintosh; Intel Mac OS X 10_15_7) AppleWebKit/605.1.15 (KHTML, like Gecko) Version/16.2 Safari/605.1.15" "ysfine.com"
64.124.8.57 - - [21/Feb/2023:03:15:01 -0800] "GET /world/poland/psoldier01.jpg HTTP/1.1" 200 116052 "-" "Mozilla/5.0 (Macintosh; Intel Mac OS X 10_15_7) AppleWebKit/537.36 (KHTML, like Gecko) Chrome/107.0.0.0 Safari/537.36" "ysfine.com"
52.167.144.35 - - [21/Feb/2023:03:15:02 -0800] "GET /bio/style/artlove.html HTTP/1.1" 404 88 "-" "Mozilla/5.0 AppleWebKit/537.36 (KHTML, like Gecko; compatible; bingbot/2.0; +http://www.bing.com/bingbot.htm) Chrome/103.0.5060.134 Safari/537.36" "ysfine.com"
64.124.8.57 - - [21/Feb/2023:03:15:23 -0800] "GET /style/nga22.jpg HTTP/1.1" 200 132866 "-" "Mozilla/5.0 (Macintosh; Intel Mac OS X 10_15_7) AppleWebKit/537.36 (KHTML, like Gecko) Chrome/107.0.0.0 Safari/537.36" "www.ysfine.com"
64.124.8.52 - - [21/Feb/2023:03:15:59 -0800] "GET /world/russ/minskf42.jpg HTTP/1.1" 200 100299 "-" "Mozilla/5.0 (Macintosh; Intel Mac OS X 10_15_7) AppleWebKit/537.36 (KHTML, like Gecko) Chrome/107.0.0.0 Safari/537.36" "ysfine.com"
51.222.253.17 - - [21/Feb/2023:03:16:17 -0800] "GET /dirac/index.html HTTP/1.1" 200 124 "-" "Mozilla/5.0 (compatible; AhrefsBot/7.0; +http://ahrefs.com/robot/)" "ysfine.com"
52.167.144.62 - - [21/Feb/2023:03:16:48 -0800] "GET /kowar/tanks/gtank.jpg HTTP/1.1" 200 72559 "-" "Mozilla/5.0 AppleWebKit/537.36 (KHTML, like Gecko; compatible; bingbot/2.0; +http://www.bing.com/bingbot.htm) Chrome/103.0.5060.134 Safari/537.36" "ysfine.com"
114.119.135.37 - - [21/Feb/2023:03:16:52 -0800] "GET /archives/online.html HTTP/1.1" 200 2747 "https://ysfine.com/confer/speci.html" "Mozilla/5.0 (Linux; Android 7.0;) AppleWebKit/537.36 (KHTML, like Gecko) Mobile Safari/537.36 (compatible; PetalBot;+https://webmaster.petalsearch.com/site/petalbot)" "ysfine.com"
95.163.255.66 - - [21/Feb/2023:03:17:15 -0800] "GET /robots.txt HTTP/1.1" 404 73 "-" "Mozilla/5.0 (compatible; Linux x86_64; Mail.RU_Bot/2.0; +https://help.mail.ru/webmaster/indexing/robots)" "www.ysfine.com"
64.124.8.28 - - [21/Feb/2023:03:17:31 -0800] "GET /kobak/lemnitzer.jpg HTTP/1.1" 200 123112 "-" "Mozilla/5.0 (Macintosh; Intel Mac OS X 10_15_7) AppleWebKit/537.36 (KHTML, like Gecko) Chrome/107.0.0.0 Safari/537.36" "www.ysfine.com"
52.167.144.35 - - [21/Feb/2023:03:18:03 -0800] "GET /bio/kobak/yskor.html HTTP/1.1" 404 88 "-" "Mozilla/5.0 AppleWebKit/537.36 (KHTML, like Gecko; compatible; bingbot/2.0; +http://www.bing.com/bingbot.htm) Chrome/103.0.5060.134 Safari/537.36" "ysfine.com"
64.124.8.52 - - [21/Feb/2023:03:18:16 -0800] "GET /einstein/sp2.jpg HTTP/1.1" 200 95974 "-" "Mozilla/5.0 (Macintosh; Intel Mac OS X 10_15_7) AppleWebKit/537.36 (KHTML, like Gecko) Chrome/107.0.0.0 Safari/537.36" "ysfine.com"
106.217.161.234 - - [21/Feb/2023:03:18:17 -0800] "GET /kowar/war50.html HTTP/1.1" 200 11795 "https://www.google.com/" "Mozilla/5.0 (Windows NT 10.0; Win64; x64) AppleWebKit/537.36 (KHTML, like Gecko) Chrome/110.0.0.0 Safari/537.36 Edg/110.0.1587.46" "ysfine.com"
106.217.161.234 - - [21/Feb/2023:03:18:18 -0800] "GET /kowar/panmun04c.jpg HTTP/1.1" 200 32797 "https://ysfine.com/kowar/war50.html" "Mozilla/5.0 (Windows NT 10.0; Win64; x64) AppleWebKit/537.36 (KHTML, like Gecko) Chrome/110.0.0.0 Safari/537.36 Edg/110.0.1587.46" "ysfine.com"
106.217.161.234 - - [21/Feb/2023:03:18:18 -0800] "GET /kowar/changdoy01c.jpg HTTP/1.1" 200 36057 "https://ysfine.com/kowar/war50.html" "Mozilla/5.0 (Windows NT 10.0; Win64; x64) AppleWebKit/537.36 (KHTML, like Gecko) Chrome/110.0.0.0 Safari/537.36 Edg/110.0.1587.46" "ysfine.com"
106.217.161.234 - - [21/Feb/2023:03:18:18 -0800] "GET /kowar/77reg03c.jpg HTTP/1.1" 200 27891 "https://ysfine.com/kowar/war50.html" "Mozilla/5.0 (Windows NT 10.0; Win64; x64) AppleWebKit/537.36 (KHTML, like Gecko) Chrome/110.0.0.0 Safari/537.36 Edg/110.0.1587.46" "ysfine.com"
106.217.161.234 - - [21/Feb/2023:03:18:18 -0800] "GET /kowar/choiyk11c.jpg HTTP/1.1" 200 32210 "https://ysfine.com/kowar/war50.html" "Mozilla/5.0 (Windows NT 10.0; Win64; x64) AppleWebKit/537.36 (KHTML, like Gecko) Chrome/110.0.0.0 Safari/537.36 Edg/110.0.1587.46" "ysfine.com"
106.217.161.234 - - [21/Feb/2023:03:18:18 -0800] "GET /kowar/shinsm11c.jpg HTTP/1.1" 200 43567 "https://ysfine.com/kowar/war50.html" "Mozilla/5.0 (Windows NT 10.0; Win64; x64) AppleWebKit/537.36 (KHTML, like Gecko) Chrome/110.0.0.0 Safari/537.36 Edg/110.0.1587.46" "ysfine.com"
106.217.161.234 - - [21/Feb/2023:03:18:18 -0800] "GET /kowar/garand02c.jpg HTTP/1.1" 200 19263 "https://ysfine.com/kowar/war50.html" "Mozilla/5.0 (Windows NT 10.0; Win64; x64) AppleWebKit/537.36 (KHTML, like Gecko) Chrome/110.0.0.0 Safari/537.36 Edg/110.0.1587.46" "ysfine.com"
106.217.161.234 - - [21/Feb/2023:03:18:18 -0800] "GET /kowar/feb8c.jpg HTTP/1.1" 200 30413 "https://ysfine.com/kowar/war50.html" "Mozilla/5.0 (Windows NT 10.0; Win64; x64) AppleWebKit/537.36 (KHTML, like Gecko) Chrome/110.0.0.0 Safari/537.36 Edg/110.0.1587.46" "ysfine.com"
106.217.161.234 - - [21/Feb/2023:03:18:18 -0800] "GET /kowar/tanks/tank05c.jpg HTTP/1.1" 200 33583 "https://ysfine.com/kowar/war50.html" "Mozilla/5.0 (Windows NT 10.0; Win64; x64) AppleWebKit/537.36 (KHTML, like Gecko) Chrome/110.0.0.0 Safari/537.36 Edg/110.0.1587.46" "ysfine.com"
106.217.161.234 - - [21/Feb/2023:03:18:18 -0800] "GET /kowar/tilelli01c.jpg HTTP/1.1" 200 34897 "https://ysfine.com/kowar/war50.html" "Mozilla/5.0 (Windows NT 10.0; Win64; x64) AppleWebKit/537.36 (KHTML, like Gecko) Chrome/110.0.0.0 Safari/537.36 Edg/110.0.1587.46" "ysfine.com"
106.217.161.234 - - [21/Feb/2023:03:18:18 -0800] "GET /kowar/gi002c.jpg HTTP/1.1" 200 40441 "https://ysfine.com/kowar/war50.html" "Mozilla/5.0 (Windows NT 10.0; Win64; x64) AppleWebKit/537.36 (KHTML, like Gecko) Chrome/110.0.0.0 Safari/537.36 Edg/110.0.1587.46" "ysfine.com"
106.217.161.234 - - [21/Feb/2023:03:18:18 -0800] "GET /kowar/gi001c.jpg HTTP/1.1" 200 29463 "https://ysfine.com/kowar/war50.html" "Mozilla/5.0 (Windows NT 10.0; Win64; x64) AppleWebKit/537.36 (KHTML, like Gecko) Chrome/110.0.0.0 Safari/537.36 Edg/110.0.1587.46" "ysfine.com"
106.217.161.234 - - [21/Feb/2023:03:18:18 -0800] "GET /kowar/mac05a.jpg HTTP/1.1" 200 68210 "https://ysfine.com/kowar/war50.html" "Mozilla/5.0 (Windows NT 10.0; Win64; x64) AppleWebKit/537.36 (KHTML, like Gecko) Chrome/110.0.0.0 Safari/537.36 Edg/110.0.1587.46" "ysfine.com"
106.217.161.234 - - [21/Feb/2023:03:18:18 -0800] "GET /kowar/mosin01c.jpg HTTP/1.1" 200 17717 "https://ysfine.com/kowar/war50.html" "Mozilla/5.0 (Windows NT 10.0; Win64; x64) AppleWebKit/537.36 (KHTML, like Gecko) Chrome/110.0.0.0 Safari/537.36 Edg/110.0.1587.46" "ysfine.com"
106.217.161.234 - - [21/Feb/2023:03:18:18 -0800] "GET /kobak/taylor11c.jpg HTTP/1.1" 200 37695 "https://ysfine.com/kowar/war50.html" "Mozilla/5.0 (Windows NT 10.0; Win64; x64) AppleWebKit/537.36 (KHTML, like Gecko) Chrome/110.0.0.0 Safari/537.36 Edg/110.0.1587.46" "ysfine.com"
106.217.161.234 - - [21/Feb/2023:03:18:18 -0800] "GET /kowar/paiksy02c.jpg HTTP/1.1" 200 54750 "https://ysfine.com/kowar/war50.html" "Mozilla/5.0 (Windows NT 10.0; Win64; x64) AppleWebKit/537.36 (KHTML, like Gecko) Chrome/110.0.0.0 Safari/537.36 Edg/110.0.1587.46" "ysfine.com"
106.217.161.234 - - [21/Feb/2023:03:18:18 -0800] "GET /kowar/tanks/tank03c.jpg HTTP/1.1" 200 48323 "https://ysfine.com/kowar/war50.html" "Mozilla/5.0 (Windows NT 10.0; Win64; x64) AppleWebKit/537.36 (KHTML, like Gecko) Chrome/110.0.0.0 Safari/537.36 Edg/110.0.1587.46" "ysfine.com"
106.217.161.234 - - [21/Feb/2023:03:18:18 -0800] "GET /kowar/paiksy05c.jpg HTTP/1.1" 200 60462 "https://ysfine.com/kowar/war50.html" "Mozilla/5.0 (Windows NT 10.0; Win64; x64) AppleWebKit/537.36 (KHTML, like Gecko) Chrome/110.0.0.0 Safari/537.36 Edg/110.0.1587.46" "ysfine.com"
106.217.161.234 - - [21/Feb/2023:03:18:18 -0800] "GET /eink/pwk19c.jpg HTTP/1.1" 200 57759 "https://ysfine.com/kowar/war50.html" "Mozilla/5.0 (Windows NT 10.0; Win64; x64) AppleWebKit/537.36 (KHTML, like Gecko) Chrome/110.0.0.0 Safari/537.36 Edg/110.0.1587.46" "ysfine.com"
106.217.161.234 - - [21/Feb/2023:03:18:18 -0800] "GET /kowar/tanks/caval01c.jpg HTTP/1.1" 200 40632 "https://ysfine.com/kowar/war50.html" "Mozilla/5.0 (Windows NT 10.0; Win64; x64) AppleWebKit/537.36 (KHTML, like Gecko) Chrome/110.0.0.0 Safari/537.36 Edg/110.0.1587.46" "ysfine.com"
106.217.161.234 - - [21/Feb/2023:03:18:18 -0800] "GET /kowar/pyang01c.jpg HTTP/1.1" 200 54646 "https://ysfine.com/kowar/war50.html" "Mozilla/5.0 (Windows NT 10.0; Win64; x64) AppleWebKit/537.36 (KHTML, like Gecko) Chrome/110.0.0.0 Safari/537.36 Edg/110.0.1587.46" "ysfine.com"
106.217.161.234 - - [21/Feb/2023:03:18:18 -0800] "GET /kobak/taylor33c.jpg HTTP/1.1" 200 39951 "https://ysfine.com/kowar/war50.html" "Mozilla/5.0 (Windows NT 10.0; Win64; x64) AppleWebKit/537.36 (KHTML, like Gecko) Chrome/110.0.0.0 Safari/537.36 Edg/110.0.1587.46" "ysfine.com"
106.217.161.234 - - [21/Feb/2023:03:18:27 -0800] "GET /favicon.ico HTTP/1.1" 404 88 "https://ysfine.com/kowar/war50.html" "Mozilla/5.0 (Windows NT 10.0; Win64; x64) AppleWebKit/537.36 (KHTML, like Gecko) Chrome/110.0.0.0 Safari/537.36 Edg/110.0.1587.46" "ysfine.com"
207.46.13.220 - - [21/Feb/2023:03:18:32 -0800] "GET /bio/wdc/wasdc.html HTTP/1.1" 404 88 "-" "Mozilla/5.0 AppleWebKit/537.36 (KHTML, like Gecko; compatible; bingbot/2.0; +http://www.bing.com/bingbot.htm) Chrome/103.0.5060.134 Safari/537.36" "ysfine.com"
44.203.11.113 - - [21/Feb/2023:03:18:45 -0800] "GET /robots.txt HTTP/1.1" 404 88 "-" "Apache-HttpClient/4.5.3 (Java/1.8.0_292)" "ysfine.com"
44.204.250.114 - - [21/Feb/2023:03:18:45 -0800] "GET / HTTP/1.1" 200 5295 "-" "Mozilla/5.0 (compatible; Newslitbot/0.1; +https://www.newslit.co)" "ysfine.com"
52.167.144.35 - - [21/Feb/2023:03:20:22 -0800] "GET /world/germany/hegel04b.jpg HTTP/1.1" 200 45635 "-" "Mozilla/5.0 AppleWebKit/537.36 (KHTML, like Gecko; compatible; bingbot/2.0; +http://www.bing.com/bingbot.htm) Chrome/103.0.5060.134 Safari/537.36" "www.ysfine.com"
52.167.144.35 - - [21/Feb/2023:03:20:32 -0800] "GET /style/conway.jpg HTTP/1.1" 200 76889 "-" "Mozilla/5.0 AppleWebKit/537.36 (KHTML, like Gecko; compatible; bingbot/2.0; +http://www.bing.com/bingbot.htm) Chrome/103.0.5060.134 Safari/537.36" "ysfine.com"
216.244.66.229 - - [21/Feb/2023:03:20:45 -0800] "GET /robots.txt HTTP/1.1" 404 73 "-" "Mozilla/5.0 (compatible; DotBot/1.2; +https://opensiteexplorer.org/dotbot; help@moz.com)" "ysfine.com"
216.244.66.229 - - [21/Feb/2023:03:20:45 -0800] "GET /robots.txt HTTP/1.1" 404 73 "-" "Mozilla/5.0 (compatible; DotBot/1.2; +https://opensiteexplorer.org/dotbot; help@moz.com)" "www.ysfine.com"
64.124.8.52 - - [21/Feb/2023:03:20:59 -0800] "GET /world/russ/kharkov15.jpg HTTP/1.1" 200 87876 "-" "Mozilla/5.0 (Macintosh; Intel Mac OS X 10_15_7) AppleWebKit/537.36 (KHTML, like Gecko) Chrome/107.0.0.0 Safari/537.36" "ysfine.com"
116.179.32.142 - - [21/Feb/2023:03:21:05 -0800] "GET /philo/helena.html HTTP/1.1" 304 - "-" "Mozilla/5.0 (compatible; Baiduspider/2.0; +http://www.baidu.com/search/spider.html)" "ysfine.com"
116.179.32.44 - - [21/Feb/2023:03:21:05 -0800] "GET /archives/proceedings/boston/shepard1.pdf HTTP/1.1" 304 - "-" "Mozilla/5.0 (compatible; Baiduspider/2.0; +http://www.baidu.com/search/spider.html)" "ysfine.com"
220.181.108.147 - - [21/Feb/2023:03:21:06 -0800] "GET /wigner/neumann.html HTTP/1.1" 304 - "-" "Mozilla/5.0 (compatible; Baiduspider/2.0; +http://www.baidu.com/search/spider.html)" "ysfine.com"
116.179.32.72 - - [21/Feb/2023:03:21:06 -0800] "GET /maga/phys/naimar/pewk15.pdf HTTP/1.1" 304 - "-" "Mozilla/5.0 (compatible; Baiduspider/2.0; +http://www.baidu.com/search/spider.html)" "ysfine.com"
40.77.167.211 - - [21/Feb/2023:03:21:32 -0800] "GET /sbk/2010bonn11.jpg HTTP/1.1" 200 82941 "-" "Mozilla/5.0 AppleWebKit/537.36 (KHTML, like Gecko; compatible; bingbot/2.0; +http://www.bing.com/bingbot.htm) Chrome/103.0.5060.134 Safari/537.36" "ysfine.com"
64.124.8.29 - - [21/Feb/2023:03:21:51 -0800] "GET /style/nga55.jpg HTTP/1.1" 200 87065 "-" "Mozilla/5.0 (Macintosh; Intel Mac OS X 10_15_7) AppleWebKit/537.36 (KHTML, like Gecko) Chrome/107.0.0.0 Safari/537.36" "www.ysfine.com"
64.124.8.55 - - [21/Feb/2023:03:22:10 -0800] "GET /world/russ/redsq53.jpg HTTP/1.1" 200 109199 "-" "Mozilla/5.0 (Macintosh; Intel Mac OS X 10_15_7) AppleWebKit/537.36 (KHTML, like Gecko) Chrome/107.0.0.0 Safari/537.36" "ysfine.com"
83.226.130.40 - - [21/Feb/2023:03:22:12 -0800] "GET /world/places/ulm03.jpg HTTP/1.1" 200 145594 "https://www.google.com/" "Mozilla/5.0 (Windows NT 10.0; Win64; x64) AppleWebKit/537.36 (KHTML, like Gecko) Chrome/109.0.0.0 Safari/537.36" "ysfine.com"
51.222.253.7 - - [21/Feb/2023:03:22:14 -0800] "GET /einstein/index.html HTTP/1.1" 200 135 "-" "Mozilla/5.0 (compatible; AhrefsBot/7.0; +http://ahrefs.com/robot/)" "ysfine.com"
64.124.8.55 - - [21/Feb/2023:03:22:23 -0800] "GET /world/spain/cordoc01.jpg HTTP/1.1" 200 269981 "-" "Mozilla/5.0 (Macintosh; Intel Mac OS X 10_15_7) AppleWebKit/537.36 (KHTML, like Gecko) Chrome/107.0.0.0 Safari/537.36" "ysfine.com"
64.124.8.29 - - [21/Feb/2023:03:22:25 -0800] "GET /ysbio/world/latina/rio105.jpg HTTP/1.1" 404 88 "-" "Mozilla/5.0 (Macintosh; Intel Mac OS X 10_15_7) AppleWebKit/537.36 (KHTML, like Gecko) Chrome/107.0.0.0 Safari/537.36" "www.ysfine.com"
52.167.144.62 - - [21/Feb/2023:03:22:38 -0800] "GET /ysbio/usca/pitt/alumin02.jpg HTTP/1.1" 404 88 "-" "Mozilla/5.0 AppleWebKit/537.36 (KHTML, like Gecko; compatible; bingbot/2.0; +http://www.bing.com/bingbot.htm) Chrome/103.0.5060.134 Safari/537.36" "www.ysfine.com"
64.124.8.53 - - [21/Feb/2023:03:22:42 -0800] "GET /ysbio/world/baltic/riga03.jpg HTTP/1.1" 404 88 "-" "Mozilla/5.0 (Macintosh; Intel Mac OS X 10_15_7) AppleWebKit/537.36 (KHTML, like Gecko) Chrome/107.0.0.0 Safari/537.36" "www.ysfine.com"
64.124.8.54 - - [21/Feb/2023:03:23:03 -0800] "GET /wigner/wighouse.jpg HTTP/1.1" 200 257507 "-" "Mozilla/5.0 (Macintosh; Intel Mac OS X 10_15_7) AppleWebKit/537.36 (KHTML, like Gecko) Chrome/107.0.0.0 Safari/537.36" "ysfine.com"
64.124.8.50 - - [21/Feb/2023:03:23:12 -0800] "GET /princeton/nasshall06.jpg HTTP/1.1" 200 145090 "-" "Mozilla/5.0 (Macintosh; Intel Mac OS X 10_15_7) AppleWebKit/537.36 (KHTML, like Gecko) Chrome/107.0.0.0 Safari/537.36" "www.ysfine.com"
64.124.8.52 - - [21/Feb/2023:03:23:22 -0800] "GET /ysbio/folks/wboys.jpg HTTP/1.1" 404 88 "-" "Mozilla/5.0 (Macintosh; Intel Mac OS X 10_15_7) AppleWebKit/537.36 (KHTML, like Gecko) Chrome/107.0.0.0 Safari/537.36" "ysfine.com"
40.77.167.211 - - [21/Feb/2023:03:23:32 -0800] "GET /bio/wigner/e(2).html HTTP/1.1" 404 88 "-" "Mozilla/5.0 AppleWebKit/537.36 (KHTML, like Gecko; compatible; bingbot/2.0; +http://www.bing.com/bingbot.htm) Chrome/103.0.5060.134 Safari/537.36" "ysfine.com"
52.167.144.62 - - [21/Feb/2023:03:23:48 -0800] "GET /dirac/dart/dirac45a.pdf HTTP/1.1" 304 - "-" "Mozilla/5.0 AppleWebKit/537.36 (KHTML, like Gecko; compatible; bingbot/2.0; +http://www.bing.com/bingbot.htm) Chrome/103.0.5060.134 Safari/537.36" "www.ysfine.com"
109.175.214.52 - - [21/Feb/2023:03:24:20 -0800] "GET /maga/phys/psphere01.jpg HTTP/1.1" 200 133024 "https://www.google.com/" "Mozilla/5.0 (Macintosh; Intel Mac OS X 10_15_7) AppleWebKit/537.36 (KHTML, like Gecko) Chrome/110.0.0.0 Safari/537.36" "ysfine.com"
216.244.66.229 - - [21/Feb/2023:03:24:42 -0800] "GET /home/kobak/yskor.html HTTP/1.1" 404 73 "-" "Mozilla/5.0 (compatible; DotBot/1.2; +https://opensiteexplorer.org/dotbot; help@moz.com)" "ysfine.com"
64.124.8.28 - - [21/Feb/2023:03:24:48 -0800] "GET /world/ital/verona01.jpg HTTP/1.1" 200 90539 "-" "Mozilla/5.0 (Macintosh; Intel Mac OS X 10_15_7) AppleWebKit/537.36 (KHTML, like Gecko) Chrome/107.0.0.0 Safari/537.36" "ysfine.com"
64.124.8.28 - - [21/Feb/2023:03:25:06 -0800] "GET /world/russ/bolshoi66.jpg HTTP/1.1" 200 79376 "-" "Mozilla/5.0 (Macintosh; Intel Mac OS X 10_15_7) AppleWebKit/537.36 (KHTML, like Gecko) Chrome/107.0.0.0 Safari/537.36" "www.ysfine.com"
91.133.171.5 - - [21/Feb/2023:03:25:13 -0800] "GET /robots.txt HTTP/1.1" 404 88 "-" "Mozilla/5.0 (iPhone; U; Linux i686; pt-br) AppleWebKit/532+ (KHTML, like Gecko) Version/3.0 Mobile/1A538b Safari/419.3 Midori/0.2.0" "ysfine.com"
91.133.253.243 - - [21/Feb/2023:03:25:14 -0800] "GET /robots.txt HTTP/1.1" 404 88 "-" "Mozilla/5.0 (iPhone; U; CPU OS 3_2 like Mac OS X; en-us) AppleWebKit/531.21.10 (KHTML, like Gecko) Version/4.0.4 Mobile/7B334b Safari/531.21.10" "ysfine.com"
91.133.249.119 - - [21/Feb/2023:03:25:14 -0800] "GET / HTTP/1.1" 200 5295 "-" "Mozilla/5.0 (iPhone; U; ru; CPU iPhone OS 4_2_1 like Mac OS X; ru) AppleWebKit/533.17.9 (KHTML, like Gecko) Version/5.0.2 Mobile/8C148a Safari/6533.18.5" "ysfine.com"
5.210.236.192 - - [21/Feb/2023:03:25:14 -0800] "GET / HTTP/1.1" 200 5295 "-" "Mozilla/5.0 (iPhone Simulator; U; CPU iPhone OS 3_2 like Mac OS X; en-us) AppleWebKit/531.21.10 (KHTML, like Gecko) Version/4.0.4 Mobile/7D11 Safari/531.21.10" "ysfine.com"
64.124.8.56 - - [21/Feb/2023:03:25:27 -0800] "GET /world/france/eiffel01.jpg HTTP/1.1" 200 81535 "-" "Mozilla/5.0 (Macintosh; Intel Mac OS X 10_15_7) AppleWebKit/537.36 (KHTML, like Gecko) Chrome/107.0.0.0 Safari/537.36" "www.ysfine.com"
216.244.66.229 - - [21/Feb/2023:03:25:49 -0800] "GET /folks/amkor/kostu05.jpg HTTP/1.1" 200 90522 "-" "Mozilla/5.0 (compatible; DotBot/1.2; +https://opensiteexplorer.org/dotbot; help@moz.com)" "ysfine.com"
216.244.66.229 - - [21/Feb/2023:03:26:26 -0800] "GET /home/home/resonance33.jpg HTTP/1.1" 404 73 "-" "Mozilla/5.0 (compatible; DotBot/1.2; +https://opensiteexplorer.org/dotbot; help@moz.com)" "ysfine.com"
216.244.66.229 - - [21/Feb/2023:03:26:55 -0800] "GET /world/spain/madrid15.jpg HTTP/1.1" 200 99061 "-" "Mozilla/5.0 (compatible; DotBot/1.2; +https://opensiteexplorer.org/dotbot; help@moz.com)" "ysfine.com"
51.222.253.6 - - [21/Feb/2023:03:27:19 -0800] "GET /people/sbt.html HTTP/1.1" 200 529 "-" "Mozilla/5.0 (compatible; AhrefsBot/7.0; +http://ahrefs.com/robot/)" "ysfine.com"
64.124.8.54 - - [21/Feb/2023:03:27:27 -0800] "GET /world/ital/venice14ff.jpg HTTP/1.1" 200 216103 "-" "Mozilla/5.0 (Macintosh; Intel Mac OS X 10_15_7) AppleWebKit/537.36 (KHTML, like Gecko) Chrome/107.0.0.0 Safari/537.36" "ysfine.com"
52.167.144.62 - - [21/Feb/2023:03:27:28 -0800] "GET /world/russ/roskei94.jpg HTTP/1.1" 200 108504 "-" "Mozilla/5.0 AppleWebKit/537.36 (KHTML, like Gecko; compatible; bingbot/2.0; +http://www.bing.com/bingbot.htm) Chrome/103.0.5060.134 Safari/537.36" "ysfine.com"
216.244.66.229 - - [21/Feb/2023:03:27:31 -0800] "GET /world/spain/pradom03.jpg HTTP/1.1" 200 147123 "-" "Mozilla/5.0 (compatible; DotBot/1.2; +https://opensiteexplorer.org/dotbot; help@moz.com)" "ysfine.com"
64.124.8.49 - - [21/Feb/2023:03:27:39 -0800] "GET /philo/tao07.jpg HTTP/1.1" 404 88 "-" "Mozilla/5.0 (Macintosh; Intel Mac OS X 10_15_7) AppleWebKit/537.36 (KHTML, like Gecko) Chrome/107.0.0.0 Safari/537.36" "ysfine.com"
134.209.116.213 - - [21/Feb/2023:03:27:44 -0800] "GET /wp-includes/wlwmanifest.xml HTTP/1.1" 404 88 "-" "python-requests/2.27.1" "ysfine.com"
134.209.116.213 - - [21/Feb/2023:03:27:44 -0800] "GET /administrator/index.php HTTP/1.1" 404 88 "-" "python-requests/2.27.1" "ysfine.com"
134.209.116.213 - - [21/Feb/2023:03:27:45 -0800] "GET /view-source: HTTP/1.1" 404 88 "-" "python-requests/2.27.1" "ysfine.com"
134.209.116.213 - - [21/Feb/2023:03:27:46 -0800] "GET /misc/ajax.js HTTP/1.1" 404 88 "-" "python-requests/2.27.1" "ysfine.com"
64.124.8.57 - - [21/Feb/2023:03:27:47 -0800] "GET /style/musee/pradom31.jpg HTTP/1.1" 200 439176 "-" "Mozilla/5.0 (Macintosh; Intel Mac OS X 10_15_7) AppleWebKit/537.36 (KHTML, like Gecko) Chrome/107.0.0.0 Safari/537.36" "ysfine.com"
64.124.8.52 - - [21/Feb/2023:03:27:59 -0800] "GET /kowar/tanks/gmc03.jpg HTTP/1.1" 200 121801 "-" "Mozilla/5.0 (Macintosh; Intel Mac OS X 10_15_7) AppleWebKit/537.36 (KHTML, like Gecko) Chrome/107.0.0.0 Safari/537.36" "ysfine.com"
52.167.144.35 - - [21/Feb/2023:03:28:13 -0800] "GET /home/sing.html HTTP/1.1" 200 2927 "-" "Mozilla/5.0 AppleWebKit/537.36 (KHTML, like Gecko; compatible; bingbot/2.0; +http://www.bing.com/bingbot.htm) Chrome/103.0.5060.134 Safari/537.36" "ysfine.com"
207.46.13.220 - - [21/Feb/2023:03:28:53 -0800] "GET /bio/kobak/soraech.html HTTP/1.1" 404 88 "-" "Mozilla/5.0 AppleWebKit/537.36 (KHTML, like Gecko; compatible; bingbot/2.0; +http://www.bing.com/bingbot.htm) Chrome/103.0.5060.134 Safari/537.36" "ysfine.com"
207.46.13.207 - - [21/Feb/2023:03:28:58 -0800] "GET /world/china/xian02.jpg HTTP/1.1" 200 68876 "-" "Mozilla/5.0 AppleWebKit/537.36 (KHTML, like Gecko; compatible; bingbot/2.0; +http://www.bing.com/bingbot.htm) Chrome/103.0.5060.134 Safari/537.36" "ysfine.com"
17.241.75.77 - - [21/Feb/2023:03:29:14 -0800] "GET /maga/poincare.html HTTP/1.1" 200 7726 "-" "Mozilla/5.0 (Macintosh; Intel Mac OS X 10_15_5) AppleWebKit/605.1.15 (KHTML, like Gecko) Version/13.1.1 Safari/605.1.15 (Applebot/0.1; +http://www.apple.com/go/applebot)" "ysfine.com"
207.46.13.220 - - [21/Feb/2023:03:29:32 -0800] "GET /ysbio/usca/pitt/steelm02.jpg HTTP/1.1" 404 88 "-" "Mozilla/5.0 AppleWebKit/537.36 (KHTML, like Gecko; compatible; bingbot/2.0; +http://www.bing.com/bingbot.htm) Chrome/103.0.5060.134 Safari/537.36" "www.ysfine.com"
64.124.8.57 - - [21/Feb/2023:03:29:45 -0800] "GET /world/brit/cam37.jpg HTTP/1.1" 200 94883 "-" "Mozilla/5.0 (Macintosh; Intel Mac OS X 10_15_7) AppleWebKit/537.36 (KHTML, like Gecko) Chrome/107.0.0.0 Safari/537.36" "www.ysfine.com"
52.167.144.35 - - [21/Feb/2023:03:29:55 -0800] "GET /bio/sbk/1950.html HTTP/1.1" 404 88 "-" "Mozilla/5.0 AppleWebKit/537.36 (KHTML, like Gecko; compatible; bingbot/2.0; +http://www.bing.com/bingbot.htm) Chrome/103.0.5060.134 Safari/537.36" "ysfine.com"
216.244.66.229 - - [21/Feb/2023:03:30:17 -0800] "GET /home/home/fig22/tallm11.jpg HTTP/1.1" 404 73 "-" "Mozilla/5.0 (compatible; DotBot/1.2; +https://opensiteexplorer.org/dotbot; help@moz.com)" "ysfine.com"
216.244.66.229 - - [21/Feb/2023:03:31:17 -0800] "GET /wigner/evangel.html HTTP/1.1" 200 13578 "-" "Mozilla/5.0 (compatible; DotBot/1.2; +https://opensiteexplorer.org/dotbot; help@moz.com)" "www.ysfine.com"
40.77.167.211 - - [21/Feb/2023:03:31:25 -0800] "GET /philo/einbohr66.jpg HTTP/1.1" 200 206043 "-" "Mozilla/5.0 AppleWebKit/537.36 (KHTML, like Gecko; compatible; bingbot/2.0; +http://www.bing.com/bingbot.htm) Chrome/103.0.5060.134 Safari/537.36" "ysfine.com"
64.124.8.29 - - [21/Feb/2023:03:31:32 -0800] "GET /maga/phil/sartre66.jpg HTTP/1.1" 200 239329 "-" "Mozilla/5.0 (Macintosh; Intel Mac OS X 10_15_7) AppleWebKit/537.36 (KHTML, like Gecko) Chrome/107.0.0.0 Safari/537.36" "www.ysfine.com"
46.53.244.17 - - [21/Feb/2023:03:31:39 -0800] "GET /style/restau.html HTTP/1.1" 200 2149 "http://ysfine.com/style/restau.html" "Mozilla/5.0 (Windows NT 10.0; Win64; x64) AppleWebKit/537.36 (KHTML, like Gecko) Chrome/103.0.0.0 Safari/537.36 OPR/89.0.4447.51" "ysfine.com"
207.46.13.220 - - [21/Feb/2023:03:31:54 -0800] "GET /class54/emailed01.html HTTP/1.1" 200 27721 "-" "Mozilla/5.0 AppleWebKit/537.36 (KHTML, like Gecko; compatible; bingbot/2.0; +http://www.bing.com/bingbot.htm) Chrome/103.0.5060.134 Safari/537.36" "ysfine.com"
106.207.189.202 - - [21/Feb/2023:03:32:03 -0800] "GET /style/cameras/contax.html HTTP/1.1" 200 3773 "android-app://com.google.android.googlequicksearchbox/" "Mozilla/5.0 (Linux; Android 11; RMX2050) AppleWebKit/537.36 (KHTML, like Gecko) Chrome/94.0.4606.85 Mobile Safari/537.36" "ysfine.com"
106.207.189.202 - - [21/Feb/2023:03:32:04 -0800] "GET /style/cameras/contax22c.jpg HTTP/1.1" 200 29041 "https://ysfine.com/style/cameras/contax.html" "Mozilla/5.0 (Linux; Android 11; RMX2050) AppleWebKit/537.36 (KHTML, like Gecko) Chrome/94.0.4606.85 Mobile Safari/537.36" "ysfine.com"
106.207.189.202 - - [21/Feb/2023:03:32:05 -0800] "GET /style/cameras/contax11c.jpg HTTP/1.1" 200 28745 "https://ysfine.com/style/cameras/contax.html" "Mozilla/5.0 (Linux; Android 11; RMX2050) AppleWebKit/537.36 (KHTML, like Gecko) Chrome/94.0.4606.85 Mobile Safari/537.36" "ysfine.com"
106.207.189.202 - - [21/Feb/2023:03:32:05 -0800] "GET /style/cameras/zenit33c.jpg HTTP/1.1" 200 31294 "https://ysfine.com/style/cameras/contax.html" "Mozilla/5.0 (Linux; Android 11; RMX2050) AppleWebKit/537.36 (KHTML, like Gecko) Chrome/94.0.4606.85 Mobile Safari/537.36" "ysfine.com"
106.207.189.202 - - [21/Feb/2023:03:32:06 -0800] "GET /style/cameras/sony7c.jpg HTTP/1.1" 200 37298 "https://ysfine.com/style/cameras/contax.html" "Mozilla/5.0 (Linux; Android 11; RMX2050) AppleWebKit/537.36 (KHTML, like Gecko) Chrome/94.0.4606.85 Mobile Safari/537.36" "ysfine.com"
106.207.189.202 - - [21/Feb/2023:03:32:06 -0800] "GET /style/cameras/sony120c.jpg HTTP/1.1" 200 38427 "https://ysfine.com/style/cameras/contax.html" "Mozilla/5.0 (Linux; Android 11; RMX2050) AppleWebKit/537.36 (KHTML, like Gecko) Chrome/94.0.4606.85 Mobile Safari/537.36" "ysfine.com"
106.207.189.202 - - [21/Feb/2023:03:32:06 -0800] "GET /style/cameras/sonywx9c.jpg HTTP/1.1" 200 28053 "https://ysfine.com/style/cameras/contax.html" "Mozilla/5.0 (Linux; Android 11; RMX2050) AppleWebKit/537.36 (KHTML, like Gecko) Chrome/94.0.4606.85 Mobile Safari/537.36" "ysfine.com"
106.207.189.202 - - [21/Feb/2023:03:32:06 -0800] "GET /style/cameras/yashica11c.jpg HTTP/1.1" 200 38348 "https://ysfine.com/style/cameras/contax.html" "Mozilla/5.0 (Linux; Android 11; RMX2050) AppleWebKit/537.36 (KHTML, like Gecko) Chrome/94.0.4606.85 Mobile Safari/537.36" "ysfine.com"
106.207.189.202 - - [21/Feb/2023:03:32:06 -0800] "GET /style/cameras/minolta11c.jpg HTTP/1.1" 200 25687 "https://ysfine.com/style/cameras/contax.html" "Mozilla/5.0 (Linux; Android 11; RMX2050) AppleWebKit/537.36 (KHTML, like Gecko) Chrome/94.0.4606.85 Mobile Safari/537.36" "ysfine.com"
106.207.189.202 - - [21/Feb/2023:03:32:10 -0800] "GET /style/cameras/contax22.jpg HTTP/1.1" 200 74162 "https://ysfine.com/style/cameras/contax.html" "Mozilla/5.0 (Linux; Android 11; RMX2050) AppleWebKit/537.36 (KHTML, like Gecko) Chrome/94.0.4606.85 Mobile Safari/537.36" "ysfine.com"
64.124.8.55 - - [21/Feb/2023:03:32:13 -0800] "GET /style/music/schonbr03.jpg HTTP/1.1" 200 83661 "-" "Mozilla/5.0 (Macintosh; Intel Mac OS X 10_15_7) AppleWebKit/537.36 (KHTML, like Gecko) Chrome/107.0.0.0 Safari/537.36" "ysfine.com"
51.222.253.13 - - [21/Feb/2023:03:32:19 -0800] "GET /einstein/bern.html HTTP/1.1" 200 8314 "-" "Mozilla/5.0 (compatible; AhrefsBot/7.0; +http://ahrefs.com/robot/)" "ysfine.com"
64.124.8.52 - - [21/Feb/2023:03:32:22 -0800] "GET /ysbio/world/baltic/lithu15.jpg HTTP/1.1" 404 88 "-" "Mozilla/5.0 (Macintosh; Intel Mac OS X 10_15_7) AppleWebKit/537.36 (KHTML, like Gecko) Chrome/107.0.0.0 Safari/537.36" "www.ysfine.com"
64.124.8.55 - - [21/Feb/2023:03:32:25 -0800] "GET /world/brit/cam03.jpg HTTP/1.1" 200 98143 "-" "Mozilla/5.0 (Macintosh; Intel Mac OS X 10_15_7) AppleWebKit/537.36 (KHTML, like Gecko) Chrome/107.0.0.0 Safari/537.36" "www.ysfine.com"
51.222.253.10 - - [21/Feb/2023:03:32:26 -0800] "GET /maga/phil/kanthegel22b.jpg HTTP/1.1" 200 36974 "-" "Mozilla/5.0 (compatible; AhrefsBot/7.0; +http://ahrefs.com/robot/)" "ysfine.com"
51.222.253.13 - - [21/Feb/2023:03:32:26 -0800] "GET /einstein/places/einmu64b.jpg HTTP/1.1" 200 42063 "-" "Mozilla/5.0 (compatible; AhrefsBot/7.0; +http://ahrefs.com/robot/)" "ysfine.com"
51.222.253.5 - - [21/Feb/2023:03:32:26 -0800] "GET /einstein/places/einmu52b.jpg HTTP/1.1" 200 38352 "-" "Mozilla/5.0 (compatible; AhrefsBot/7.0; +http://ahrefs.com/robot/)" "ysfine.com"
51.222.253.3 - - [21/Feb/2023:03:32:27 -0800] "GET /einstein/places/einhaus450.jpg HTTP/1.1" 200 65369 "-" "Mozilla/5.0 (compatible; AhrefsBot/7.0; +http://ahrefs.com/robot/)" "ysfine.com"
51.222.253.4 - - [21/Feb/2023:03:32:27 -0800] "GET /maga/phys/heisen33b.jpg HTTP/1.1" 200 78035 "-" "Mozilla/5.0 (compatible; AhrefsBot/7.0; +http://ahrefs.com/robot/)" "ysfine.com"
51.222.253.5 - - [21/Feb/2023:03:32:28 -0800] "GET /einstein/places/einmu17b.jpg HTTP/1.1" 200 33255 "-" "Mozilla/5.0 (compatible; AhrefsBot/7.0; +http://ahrefs.com/robot/)" "ysfine.com"
51.222.253.1 - - [21/Feb/2023:03:32:28 -0800] "GET /einstein/places/einmu12b.jpg HTTP/1.1" 200 32736 "-" "Mozilla/5.0 (compatible; AhrefsBot/7.0; +http://ahrefs.com/robot/)" "ysfine.com"
51.222.253.2 - - [21/Feb/2023:03:32:29 -0800] "GET /einstein/places/einha05b.jpg HTTP/1.1" 200 51007 "-" "Mozilla/5.0 (compatible; AhrefsBot/7.0; +http://ahrefs.com/robot/)" "ysfine.com"
51.222.253.17 - - [21/Feb/2023:03:32:29 -0800] "GET /einstein/einbohr11b.jpg HTTP/1.1" 200 37538 "-" "Mozilla/5.0 (compatible; AhrefsBot/7.0; +http://ahrefs.com/robot/)" "ysfine.com"
51.222.253.3 - - [21/Feb/2023:03:32:30 -0800] "GET /einstein/places/einmu22b.jpg HTTP/1.1" 200 41361 "-" "Mozilla/5.0 (compatible; AhrefsBot/7.0; +http://ahrefs.com/robot/)" "ysfine.com"
51.222.253.13 - - [21/Feb/2023:03:32:30 -0800] "GET /einstein/einhouse11b.jpg HTTP/1.1" 200 42717 "-" "Mozilla/5.0 (compatible; AhrefsBot/7.0; +http://ahrefs.com/robot/)" "ysfine.com"
