65.109.63.253 - - [24/Jan/2023:04:10:40 -0800] "GET /class54/class5480/Pictures/3.%C3%AD%C2%88%C2%AC%C3%AC%C2%96%C2%B4%C3%AB%C2%B0%C2%8F%C3%AB%C2%AA%C2%A8%C3%AA%C2%B5%C2%90%C3%AB%C2%B0%C2%A9%C3%AB%C2%AC%C2%B8/?C=D;O=A HTTP/1.1" 200 1320 "-" "Mozilla/5.0 (compatible; MJ12bot/v1.4.8; http://mj12bot.com/)" "www.ysfine.com"
110.174.2.145 - - [24/Jan/2023:04:10:55 -0800] "GET /style/tatiana11.jpg HTTP/1.1" 200 146910 "https://www.google.com/" "Mozilla/5.0 (Macintosh; Intel Mac OS X 10.13; rv:96.0) Gecko/20100101 Firefox/96.0" "ysfine.com"
65.109.63.253 - - [24/Jan/2023:04:12:22 -0800] "GET /class54/class5480/Pictures/3.%C3%AD%C2%88%C2%AC%C3%AC%C2%96%C2%B4%C3%AB%C2%B0%C2%8F%C3%AB%C2%AA%C2%A8%C3%AA%C2%B5%C2%90%C3%AB%C2%B0%C2%A9%C3%AB%C2%AC%C2%B8/?C=N;O=D HTTP/1.1" 200 1331 "-" "Mozilla/5.0 (compatible; MJ12bot/v1.4.8; http://mj12bot.com/)" "www.ysfine.com"
146.20.132.182 - - [24/Jan/2023:04:13:00 -0800] "GET /ads.txt HTTP/1.1" 404 88 "-" "Mozilla/5.0 (X11; Linux x86_64) AppleWebKit/537.36 (KHTML, like Gecko) Chrome/62.0.3202.89 Safari/537.36" "ysfine.com"
146.20.132.182 - - [24/Jan/2023:04:13:00 -0800] "GET /ads.txt HTTP/1.1" 404 88 "http://ysfine.com/ads.txt" "Mozilla/5.0 (X11; Linux x86_64) AppleWebKit/537.36 (KHTML, like Gecko) Chrome/62.0.3202.89 Safari/537.36" "ysfine.com"
207.46.13.43 - - [24/Jan/2023:04:13:37 -0800] "GET /bio/eink/buythisbook.html HTTP/1.1" 404 88 "-" "Mozilla/5.0 AppleWebKit/537.36 (KHTML, like Gecko; compatible; bingbot/2.0; +http://www.bing.com/bingbot.htm) Chrome/103.0.5060.134 Safari/537.36" "ysfine.com"
207.46.13.27 - - [24/Jan/2023:04:15:09 -0800] "GET /bio/style/artlove.html HTTP/1.1" 404 88 "-" "Mozilla/5.0 AppleWebKit/537.36 (KHTML, like Gecko; compatible; bingbot/2.0; +http://www.bing.com/bingbot.htm) Chrome/103.0.5060.134 Safari/537.36" "ysfine.com"
157.55.39.60 - - [24/Jan/2023:04:15:27 -0800] "GET /bio/kobak/namdae.html HTTP/1.1" 404 88 "-" "Mozilla/5.0 AppleWebKit/537.36 (KHTML, like Gecko; compatible; bingbot/2.0; +http://www.bing.com/bingbot.htm) Chrome/103.0.5060.134 Safari/537.36" "ysfine.com"
192.145.170.87 - - [24/Jan/2023:04:15:32 -0800] "GET /world/china/dalian41.jpg HTTP/1.1" 200 111582 "https://www.bing.com/" "Mozilla/5.0 (Windows NT 10.0; Win64; x64) AppleWebKit/537.36 (KHTML, like Gecko) Chrome/109.0.0.0 Safari/537.36 Edg/109.0.1518.61" "www.ysfine.com"
88.99.34.66 - - [24/Jan/2023:04:15:36 -0800] "GET /people/jgriffin.jpg HTTP/1.1" 200 110098 "-" "Mozilla/5.0 (X11; Fedora; Linux x86_64) AppleWebKit/537.36 (KHTML, like Gecko) Chrome/79.0.3945.117 Safari/537.36" "ysfine.com"
207.46.13.27 - - [24/Jan/2023:04:17:23 -0800] "GET /bio/sbk/1950.html HTTP/1.1" 404 88 "-" "Mozilla/5.0 AppleWebKit/537.36 (KHTML, like Gecko; compatible; bingbot/2.0; +http://www.bing.com/bingbot.htm) Chrome/103.0.5060.134 Safari/537.36" "ysfine.com"
207.46.13.167 - - [24/Jan/2023:04:18:10 -0800] "GET /bio/princeton/campus.html HTTP/1.1" 404 88 "-" "Mozilla/5.0 AppleWebKit/537.36 (KHTML, like Gecko; compatible; bingbot/2.0; +http://www.bing.com/bingbot.htm) Chrome/103.0.5060.134 Safari/537.36" "ysfine.com"
207.46.13.43 - - [24/Jan/2023:04:18:17 -0800] "GET /bio/kobak/soraech.html HTTP/1.1" 404 88 "-" "Mozilla/5.0 AppleWebKit/537.36 (KHTML, like Gecko; compatible; bingbot/2.0; +http://www.bing.com/bingbot.htm) Chrome/103.0.5060.134 Safari/537.36" "ysfine.com"
103.35.74.57 - - [24/Jan/2023:04:18:46 -0800] "GET /kowar/war53.html HTTP/1.1" 200 6652 "-" "Mozilla/5.0 (Windows NT 10.0; Win64; x64) AppleWebKit/537.36 (KHTML, like Gecko) Chrome/109.0.0.0 Safari/537.36" "www.ysfine.com"
103.35.74.57 - - [24/Jan/2023:04:18:46 -0800] "GET /kowar/panmun02.jpg HTTP/1.1" 200 129295 "https://yandex.com/images/search?text=Panmunjom%201952&family=yes&from=tabbar" "Mozilla/5.0 (Windows NT 10.0; Win64; x64) AppleWebKit/537.36 (KHTML, like Gecko) Chrome/109.0.0.0 Safari/537.36" "www.ysfine.com"
103.35.74.57 - - [24/Jan/2023:04:18:46 -0800] "GET /kobak/rhee12b.jpg HTTP/1.1" 200 49113 "https://www.ysfine.com/kowar/war53.html" "Mozilla/5.0 (Windows NT 10.0; Win64; x64) AppleWebKit/537.36 (KHTML, like Gecko) Chrome/109.0.0.0 Safari/537.36" "www.ysfine.com"
103.35.74.57 - - [24/Jan/2023:04:18:46 -0800] "GET /kowar/photos/eisenhower22b.jpg HTTP/1.1" 200 43010 "https://www.ysfine.com/kowar/war53.html" "Mozilla/5.0 (Windows NT 10.0; Win64; x64) AppleWebKit/537.36 (KHTML, like Gecko) Chrome/109.0.0.0 Safari/537.36" "www.ysfine.com"
103.35.74.57 - - [24/Jan/2023:04:18:46 -0800] "GET /kowar/paiksy01b.jpg HTTP/1.1" 200 54700 "https://www.ysfine.com/kowar/war53.html" "Mozilla/5.0 (Windows NT 10.0; Win64; x64) AppleWebKit/537.36 (KHTML, like Gecko) Chrome/109.0.0.0 Safari/537.36" "www.ysfine.com"
103.35.74.57 - - [24/Jan/2023:04:18:49 -0800] "GET /kobak/sohnwi01b.jpg HTTP/1.1" 200 35047 "https://www.ysfine.com/kowar/war53.html" "Mozilla/5.0 (Windows NT 10.0; Win64; x64) AppleWebKit/537.36 (KHTML, like Gecko) Chrome/109.0.0.0 Safari/537.36" "www.ysfine.com"
103.35.74.57 - - [24/Jan/2023:04:18:50 -0800] "GET /kobak/draftreg33b.jpg HTTP/1.1" 200 39377 "https://www.ysfine.com/kowar/war53.html" "Mozilla/5.0 (Windows NT 10.0; Win64; x64) AppleWebKit/537.36 (KHTML, like Gecko) Chrome/109.0.0.0 Safari/537.36" "www.ysfine.com"
103.35.74.57 - - [24/Jan/2023:04:18:50 -0800] "GET /kowar/panmun02b.jpg HTTP/1.1" 200 51595 "https://www.ysfine.com/kowar/war53.html" "Mozilla/5.0 (Windows NT 10.0; Win64; x64) AppleWebKit/537.36 (KHTML, like Gecko) Chrome/109.0.0.0 Safari/537.36" "www.ysfine.com"
103.35.74.57 - - [24/Jan/2023:04:18:51 -0800] "GET /kowar/tanks/b36bomber11b.jpg HTTP/1.1" 200 25249 "https://www.ysfine.com/kowar/war53.html" "Mozilla/5.0 (Windows NT 10.0; Win64; x64) AppleWebKit/537.36 (KHTML, like Gecko) Chrome/109.0.0.0 Safari/537.36" "www.ysfine.com"
103.35.74.57 - - [24/Jan/2023:04:18:51 -0800] "GET /kowar/panmun01b.jpg HTTP/1.1" 200 35620 "https://www.ysfine.com/kowar/war53.html" "Mozilla/5.0 (Windows NT 10.0; Win64; x64) AppleWebKit/537.36 (KHTML, like Gecko) Chrome/109.0.0.0 Safari/537.36" "www.ysfine.com"
103.35.74.57 - - [24/Jan/2023:04:18:51 -0800] "GET /kowar/kimis53b.jpg HTTP/1.1" 200 44376 "https://www.ysfine.com/kowar/war53.html" "Mozilla/5.0 (Windows NT 10.0; Win64; x64) AppleWebKit/537.36 (KHTML, like Gecko) Chrome/109.0.0.0 Safari/537.36" "www.ysfine.com"
103.35.74.57 - - [24/Jan/2023:04:18:52 -0800] "GET /kobak/kumipo01b.jpg HTTP/1.1" 200 32923 "https://www.ysfine.com/kowar/war53.html" "Mozilla/5.0 (Windows NT 10.0; Win64; x64) AppleWebKit/537.36 (KHTML, like Gecko) Chrome/109.0.0.0 Safari/537.36" "www.ysfine.com"
103.35.74.57 - - [24/Jan/2023:04:18:52 -0800] "GET /kobak/underw06b.jpg HTTP/1.1" 200 51332 "https://www.ysfine.com/kowar/war53.html" "Mozilla/5.0 (Windows NT 10.0; Win64; x64) AppleWebKit/537.36 (KHTML, like Gecko) Chrome/109.0.0.0 Safari/537.36" "www.ysfine.com"
103.35.74.57 - - [24/Jan/2023:04:18:53 -0800] "GET /kobak/nll01b.jpg HTTP/1.1" 200 30471 "https://www.ysfine.com/kowar/war53.html" "Mozilla/5.0 (Windows NT 10.0; Win64; x64) AppleWebKit/537.36 (KHTML, like Gecko) Chrome/109.0.0.0 Safari/537.36" "www.ysfine.com"
103.35.74.57 - - [24/Jan/2023:04:18:53 -0800] "GET /kobak/underw12b.jpg HTTP/1.1" 200 42070 "https://www.ysfine.com/kowar/war53.html" "Mozilla/5.0 (Windows NT 10.0; Win64; x64) AppleWebKit/537.36 (KHTML, like Gecko) Chrome/109.0.0.0 Safari/537.36" "www.ysfine.com"
103.35.74.57 - - [24/Jan/2023:04:18:54 -0800] "GET /kobak/somap38b.jpg HTTP/1.1" 200 54149 "https://www.ysfine.com/kowar/war53.html" "Mozilla/5.0 (Windows NT 10.0; Win64; x64) AppleWebKit/537.36 (KHTML, like Gecko) Chrome/109.0.0.0 Safari/537.36" "www.ysfine.com"
103.35.74.57 - - [24/Jan/2023:04:18:54 -0800] "GET /favicon.ico HTTP/1.1" 404 88 "https://www.ysfine.com/kowar/war53.html" "Mozilla/5.0 (Windows NT 10.0; Win64; x64) AppleWebKit/537.36 (KHTML, like Gecko) Chrome/109.0.0.0 Safari/537.36" "www.ysfine.com"
51.222.253.20 - - [24/Jan/2023:04:22:28 -0800] "GET /maga/yukawa.html HTTP/1.1" 200 5658 "-" "Mozilla/5.0 (compatible; AhrefsBot/7.0; +http://ahrefs.com/robot/)" "ysfine.com"
87.103.49.59 - - [24/Jan/2023:04:23:00 -0800] "GET /wigner/neum/vnc01.jpg HTTP/1.1" 200 133641 "https://sites.google.com/" "Mozilla/5.0 (Linux; Android 10; SM-G960F) AppleWebKit/537.36 (KHTML, like Gecko) Chrome/109.0.0.0 Mobile Safari/537.36" "ysfine.com"
51.222.253.15 - - [24/Jan/2023:04:23:03 -0800] "GET /maga/phys/yukadirac55b.jpg HTTP/1.1" 200 41758 "-" "Mozilla/5.0 (compatible; AhrefsBot/7.0; +http://ahrefs.com/robot/)" "ysfine.com"
51.222.253.19 - - [24/Jan/2023:04:23:04 -0800] "GET /maga/phys/yukadirac53b.jpg HTTP/1.1" 200 46220 "-" "Mozilla/5.0 (compatible; AhrefsBot/7.0; +http://ahrefs.com/robot/)" "ysfine.com"
51.222.253.3 - - [24/Jan/2023:04:23:04 -0800] "GET /maga/phys/yukawa00b.jpg HTTP/1.1" 200 36980 "-" "Mozilla/5.0 (compatible; AhrefsBot/7.0; +http://ahrefs.com/robot/)" "ysfine.com"
77.75.76.168 - - [24/Jan/2023:04:23:08 -0800] "GET /robots.txt HTTP/1.1" 404 88 "-" "Mozilla/5.0 (compatible; SeznamBot/3.2; +http://napoveda.seznam.cz/en/seznambot-intro/)" "ysfine.com"
77.75.76.168 - - [24/Jan/2023:04:23:09 -0800] "GET /world/ital/rome059.jpg HTTP/1.1" 304 - "-" "Mozilla/5.0 (compatible; SeznamBot/3.2; +http://napoveda.seznam.cz/en/seznambot-intro/)" "ysfine.com"
207.46.13.27 - - [24/Jan/2023:04:23:09 -0800] "GET /world/germany/benz17.jpg HTTP/1.1" 200 82172 "-" "Mozilla/5.0 AppleWebKit/537.36 (KHTML, like Gecko; compatible; bingbot/2.0; +http://www.bing.com/bingbot.htm) Chrome/103.0.5060.134 Safari/537.36" "ysfine.com"
77.75.76.168 - - [24/Jan/2023:04:23:10 -0800] "GET /style/musee/ath004.jpg HTTP/1.1" 200 108040 "-" "Mozilla/5.0 (compatible; SeznamBot/3.2; +http://napoveda.seznam.cz/en/seznambot-intro/)" "ysfine.com"
77.75.76.168 - - [24/Jan/2023:04:23:13 -0800] "GET /yspapers/isomor77.jpg HTTP/1.1" 200 105839 "-" "Mozilla/5.0 (compatible; SeznamBot/3.2; +http://napoveda.seznam.cz/en/seznambot-intro/)" "ysfine.com"
77.75.76.168 - - [24/Jan/2023:04:23:16 -0800] "GET /style/rigaopera11.jpg HTTP/1.1" 200 125628 "-" "Mozilla/5.0 (compatible; SeznamBot/3.2; +http://napoveda.seznam.cz/en/seznambot-intro/)" "ysfine.com"
77.88.5.171 - - [24/Jan/2023:04:23:17 -0800] "GET /archives/proceedings/boston/bsbot.html HTTP/1.1" 200 125 "-" "Mozilla/5.0 (compatible; YandexBot/3.0; +http://yandex.com/bots) AppleWebKit/537.36 (KHTML, like Gecko) Chrome/81.0.4044.268" "www.ysfine.com"
77.75.76.168 - - [24/Jan/2023:04:23:19 -0800] "GET /dirac/hyperell01.jpg HTTP/1.1" 200 42675 "-" "Mozilla/5.0 (compatible; SeznamBot/3.2; +http://napoveda.seznam.cz/en/seznambot-intro/)" "ysfine.com"
77.75.76.168 - - [24/Jan/2023:04:23:20 -0800] "GET /usca/pitt/gonew.jpg HTTP/1.1" 200 128226 "-" "Mozilla/5.0 (compatible; SeznamBot/3.2; +http://napoveda.seznam.cz/en/seznambot-intro/)" "ysfine.com"
77.88.5.171 - - [24/Jan/2023:04:23:21 -0800] "GET /archives/proceedings/boston/bsleft.html HTTP/1.1" 200 1464 "https://www.ysfine.com/archives/proceedings/boston/bsbot.html" "Mozilla/5.0 (compatible; YandexBot/3.0; +http://yandex.com/bots) AppleWebKit/537.36 (KHTML, like Gecko) Chrome/81.0.4044.268" "www.ysfine.com"
77.75.76.168 - - [24/Jan/2023:04:23:22 -0800] "GET /style/sicily11.jpg HTTP/1.1" 200 93215 "-" "Mozilla/5.0 (compatible; SeznamBot/3.2; +http://napoveda.seznam.cz/en/seznambot-intro/)" "ysfine.com"
77.75.76.168 - - [24/Jan/2023:04:23:24 -0800] "GET /wigner/weiss22.jpg HTTP/1.1" 304 - "-" "Mozilla/5.0 (compatible; SeznamBot/3.2; +http://napoveda.seznam.cz/en/seznambot-intro/)" "ysfine.com"
77.75.76.168 - - [24/Jan/2023:04:23:24 -0800] "GET /wdc/vietwar11.jpg HTTP/1.1" 304 - "-" "Mozilla/5.0 (compatible; SeznamBot/3.2; +http://napoveda.seznam.cz/en/seznambot-intro/)" "ysfine.com"
77.75.76.168 - - [24/Jan/2023:04:23:25 -0800] "GET /people/okubo.jpg HTTP/1.1" 200 46827 "-" "Mozilla/5.0 (compatible; SeznamBot/3.2; +http://napoveda.seznam.cz/en/seznambot-intro/)" "ysfine.com"
77.75.76.168 - - [24/Jan/2023:04:23:26 -0800] "GET /kobak/swr07.jpg HTTP/1.1" 304 - "-" "Mozilla/5.0 (compatible; SeznamBot/3.2; +http://napoveda.seznam.cz/en/seznambot-intro/)" "ysfine.com"
93.158.161.39 - - [24/Jan/2023:04:23:37 -0800] "GET /archives/proceedings/boston/bsrigh.html HTTP/1.1" 200 643 "https://www.ysfine.com/archives/proceedings/boston/bsbot.html" "Mozilla/5.0 (compatible; YandexBot/3.0; +http://yandex.com/bots) AppleWebKit/537.36 (KHTML, like Gecko) Chrome/81.0.4044.268" "www.ysfine.com"
51.222.253.18 - - [24/Jan/2023:04:24:05 -0800] "GET /people/markov84b.jpg HTTP/1.1" 200 44106 "-" "Mozilla/5.0 (compatible; AhrefsBot/7.0; +http://ahrefs.com/robot/)" "ysfine.com"
51.222.253.19 - - [24/Jan/2023:04:24:05 -0800] "GET /maga/phys/yukafeyn2.jpg HTTP/1.1" 200 36709 "-" "Mozilla/5.0 (compatible; AhrefsBot/7.0; +http://ahrefs.com/robot/)" "ysfine.com"
51.222.253.3 - - [24/Jan/2023:04:24:05 -0800] "GET /maga/phys/yukafeyn3.jpg HTTP/1.1" 200 41879 "-" "Mozilla/5.0 (compatible; AhrefsBot/7.0; +http://ahrefs.com/robot/)" "ysfine.com"
157.55.39.60 - - [24/Jan/2023:04:24:40 -0800] "GET /bio/einstein/bern.html HTTP/1.1" 404 88 "-" "Mozilla/5.0 AppleWebKit/537.36 (KHTML, like Gecko; compatible; bingbot/2.0; +http://www.bing.com/bingbot.htm) Chrome/103.0.5060.134 Safari/537.36" "ysfine.com"
65.109.63.253 - - [24/Jan/2023:04:28:03 -0800] "GET /class54/class5480/Pictures/3.%C3%AD%C2%88%C2%AC%C3%AC%C2%96%C2%B4%C3%AB%C2%B0%C2%8F%C3%AB%C2%AA%C2%A8%C3%AA%C2%B5%C2%90%C3%AB%C2%B0%C2%A9%C3%AB%C2%AC%C2%B8/?C=S;O=A HTTP/1.1" 200 1329 "-" "Mozilla/5.0 (compatible; MJ12bot/v1.4.8; http://mj12bot.com/)" "www.ysfine.com"
188.165.232.135 - - [24/Jan/2023:04:28:17 -0800] "GET /robots.txt HTTP/1.1" 404 73 "-" "Mozilla/5.0 (compatible; MJ12bot/v1.4.8; http://mj12bot.com/)" "ysfine.com"
207.46.13.167 - - [24/Jan/2023:04:28:21 -0800] "GET /usca/pitt/bhagat450.jpg HTTP/1.1" 200 50718 "-" "Mozilla/5.0 AppleWebKit/537.36 (KHTML, like Gecko; compatible; bingbot/2.0; +http://www.bing.com/bingbot.htm) Chrome/103.0.5060.134 Safari/537.36" "ysfine.com"
188.165.232.135 - - [24/Jan/2023:04:28:22 -0800] "GET /confer/http%C3%84://medres.online/materialsscience/2020 HTTP/1.1" 404 88 "-" "Mozilla/5.0 (compatible; MJ12bot/v1.4.8; http://mj12bot.com/)" "ysfine.com"
188.165.232.135 - - [24/Jan/2023:04:28:27 -0800] "GET /dongio/twosist.html HTTP/1.1" 404 88 "-" "Mozilla/5.0 (compatible; MJ12bot/v1.4.8; http://mj12bot.com/)" "ysfine.com"
188.165.232.135 - - [24/Jan/2023:04:28:33 -0800] "GET /einstein/einhouse11.jpg HTTP/1.1" 200 109026 "-" "Mozilla/5.0 (compatible; MJ12bot/v1.4.8; http://mj12bot.com/)" "ysfine.com"
188.165.232.135 - - [24/Jan/2023:04:28:37 -0800] "GET /feynman/feydirac.jpg HTTP/1.1" 200 98378 "-" "Mozilla/5.0 (compatible; MJ12bot/v1.4.8; http://mj12bot.com/)" "ysfine.com"
188.165.232.135 - - [24/Jan/2023:04:28:42 -0800] "GET /world/russ/protvi01.jpg HTTP/1.1" 200 102406 "-" "Mozilla/5.0 (compatible; MJ12bot/v1.4.8; http://mj12bot.com/)" "ysfine.com"
188.165.232.135 - - [24/Jan/2023:04:28:50 -0800] "GET /ysbio/world/kor/sel803.jpg HTTP/1.1" 404 88 "-" "Mozilla/5.0 (compatible; MJ12bot/v1.4.8; http://mj12bot.com/)" "ysfine.com"
188.165.232.135 - - [24/Jan/2023:04:28:56 -0800] "GET /yspapers/madrid19.pdf HTTP/1.1" 200 3467657 "-" "Mozilla/5.0 (compatible; MJ12bot/v1.4.8; http://mj12bot.com/)" "ysfine.com"
188.165.232.135 - - [24/Jan/2023:04:29:01 -0800] "GET /yspapers/minsk19.pdf HTTP/1.1" 200 2260008 "-" "Mozilla/5.0 (compatible; MJ12bot/v1.4.8; http://mj12bot.com/)" "ysfine.com"
188.165.232.135 - - [24/Jan/2023:04:29:06 -0800] "GET /robots.txt HTTP/1.1" 404 73 "-" "Mozilla/5.0 (compatible; MJ12bot/v1.4.8; http://mj12bot.com/)" "www.ysfine.com"
188.165.232.135 - - [24/Jan/2023:04:29:10 -0800] "GET /class54/class5480/Videos/1.%C3%AC%C2%9A%C2%B0%C3%AB%C2%A6%C2%AC%C3%AC%C2%9D%C2%98%20%C3%AC%C2%9E%C2%AC%C3%AD%C2%95%C2%99%C3%AC%C2%8B%C2%9C%C3%AC%C2%A0%C2%88(1948-1954).wmv HTTP/1.1" 200 84851613 "-" "Mozilla/5.0 (compatible; MJ12bot/v1.4.8; http://mj12bot.com/)" "www.ysfine.com"
188.165.232.135 - - [24/Jan/2023:04:29:13 -0800] "GET /class54/class5480/Videos/2.%C3%AC%C2%A1%C2%B8%C3%AC%C2%97%C2%8560%C3%AC%C2%A3%C2%BC%C3%AB%C2%85%C2%84%C3%AB%C2%AC%C2%B8%C3%AC%C2%A7%C2%91%201%C3%AB%C2%B6%C2%80.wmv HTTP/1.1" 200 27160054 "-" "Mozilla/5.0 (compatible; MJ12bot/v1.4.8; http://mj12bot.com/)" "www.ysfine.com"
188.165.232.135 - - [24/Jan/2023:04:29:16 -0800] "GET /class54/class5480/Videos/3.%C3%AC%C2%A1%C2%B8%C3%AC%C2%97%C2%8560%C3%AC%C2%A3%C2%BC%C3%AB%C2%85%C2%84%C3%AB%C2%AC%C2%B8%C3%AC%C2%A7%C2%91%202%C3%AB%C2%B6%C2%80.wmv HTTP/1.1" 200 37680666 "-" "Mozilla/5.0 (compatible; MJ12bot/v1.4.8; http://mj12bot.com/)" "www.ysfine.com"
17.241.75.237 - - [24/Jan/2023:04:29:18 -0800] "GET /dirac/dirfeyn.html HTTP/1.1" 200 6341 "-" "Mozilla/5.0 (Macintosh; Intel Mac OS X 10_15_5) AppleWebKit/605.1.15 (KHTML, like Gecko) Version/13.1.1 Safari/605.1.15 (Applebot/0.1; +http://www.apple.com/go/applebot)" "ysfine.com"
188.165.232.135 - - [24/Jan/2023:04:29:21 -0800] "GET /robots.txt HTTP/1.1" 404 73 "-" "Mozilla/5.0 (compatible; MJ12bot/v1.4.8; http://mj12bot.com/)" "www.ysfine.com"
188.165.232.135 - - [24/Jan/2023:04:29:29 -0800] "GET /confer/http%C3%84://medres.online/materialsscience/2020 HTTP/1.1" 404 88 "-" "Mozilla/5.0 (compatible; MJ12bot/v1.4.8; http://mj12bot.com/)" "www.ysfine.com"
114.119.149.195 - - [24/Jan/2023:04:30:45 -0800] "GET /einstein/newtein22a.jpg HTTP/1.1" 200 62641 "http://www.ysfine.com/einstein/eindirac.html" "Mozilla/5.0 (Linux; Android 7.0;) AppleWebKit/537.36 (KHTML, like Gecko) Mobile Safari/537.36 (compatible; PetalBot;+https://webmaster.petalsearch.com/site/petalbot)" "www.ysfine.com"
207.46.13.167 - - [24/Jan/2023:04:32:05 -0800] "GET /bio/wigner/e(2).html HTTP/1.1" 404 88 "-" "Mozilla/5.0 AppleWebKit/537.36 (KHTML, like Gecko; compatible; bingbot/2.0; +http://www.bing.com/bingbot.htm) Chrome/103.0.5060.134 Safari/537.36" "ysfine.com"
207.46.13.15 - - [24/Jan/2023:04:32:12 -0800] "GET /bio/style/proschanie.html HTTP/1.1" 404 88 "-" "Mozilla/5.0 AppleWebKit/537.36 (KHTML, like Gecko; compatible; bingbot/2.0; +http://www.bing.com/bingbot.htm) Chrome/103.0.5060.134 Safari/537.36" "ysfine.com"
51.222.253.18 - - [24/Jan/2023:04:34:22 -0800] "GET /style/index.html HTTP/1.1" 200 129 "-" "Mozilla/5.0 (compatible; AhrefsBot/7.0; +http://ahrefs.com/robot/)" "www.ysfine.com"
104.243.33.163 - - [24/Jan/2023:04:34:32 -0800] "POST /wp-plain.php HTTP/1.1" 404 73 "www.google.com" "Mozilla/5.0 (Linux; Android 7.0; SM-G892A Bulid/NRD90M; wv) AppleWebKit/537.36 (KHTML, like Gecko) Version/4.0 Chrome/60.0.3112.107 Moblie Safari/537.36" "www.ysfine.com"
104.243.33.163 - - [24/Jan/2023:04:34:32 -0800] "GET / HTTP/1.1" 200 15915 "-" "Mozlila/5.0 (Linux; Android 7.0; SM-G892A Bulid/NRD90M; wv) AppleWebKit/537.36 (KHTML, like Gecko) Version/4.0 Chrome/60.0.3112.107 Moblie Safari/537.36" "www.ysfine.com"
104.243.33.163 - - [24/Jan/2023:04:34:32 -0800] "GET /wp-content/themes/seotheme/db.php?u HTTP/1.1" 404 73 "www.google.com" "Mozlila/5.0 (Linux; Android 7.0; SM-G892A Bulid/NRD90M; wv) AppleWebKit/537.36 (KHTML, like Gecko) Version/4.0 Chrome/60.0.3112.107 Moblie Safari/537.36" "www.ysfine.com"
104.243.33.163 - - [24/Jan/2023:04:34:32 -0800] "GET /jbciysya.php?Fox=d3wL7 HTTP/1.1" 404 73 "www.google.com" "Mozilla/5.0 (Linux; Android 7.0; SM-G892A Bulid/NRD90M; wv) AppleWebKit/537.36 (KHTML, like Gecko) Version/4.0 Chrome/60.0.3112.107 Moblie Safari/537.36" "www.ysfine.com"
104.243.33.163 - - [24/Jan/2023:04:34:32 -0800] "GET /wp-content/themes/seotheme/db.php?u HTTP/1.1" 404 73 "www.google.com" "Mozlila/5.0 (Linux; Android 7.0; SM-G892A Bulid/NRD90M; wv) AppleWebKit/537.36 (KHTML, like Gecko) Version/4.0 Chrome/60.0.3112.107 Moblie Safari/537.36" "www.ysfine.com"
104.243.33.163 - - [24/Jan/2023:04:34:32 -0800] "POST /ALFA_DATA/alfacgiapi/perl.alfa HTTP/1.1" 404 73 "www.google.com" "Mozlila/5.0 (Linux; Android 7.0; SM-G892A Bulid/NRD90M; wv) AppleWebKit/537.36 (KHTML, like Gecko) Version/4.0 Chrome/60.0.3112.107 Moblie Safari/537.36" "www.ysfine.com"
104.243.33.163 - - [24/Jan/2023:04:34:32 -0800] "POST /alfacgiapi/perl.alfa HTTP/1.1" 404 73 "www.google.com" "Mozlila/5.0 (Linux; Android 7.0; SM-G892A Bulid/NRD90M; wv) AppleWebKit/537.36 (KHTML, like Gecko) Version/4.0 Chrome/60.0.3112.107 Moblie Safari/537.36" "www.ysfine.com"
20.14.85.99 - - [24/Jan/2023:04:35:54 -0800] "GET /xxxss HTTP/1.1" 404 88 "-" "Mozilla/5.0 (Windows NT 10.0; WOW64; rv:48.0) Gecko/20100101 Firefox/48.0" "www.ysfine.com"
188.151.49.186 - - [24/Jan/2023:04:36:46 -0800] "GET /yspapers/iopbook15.pdf HTTP/1.1" 200 2962673 "https://www.google.com/" "Mozilla/5.0 (Windows NT 10.0; Win64; x64) AppleWebKit/537.36 (KHTML, like Gecko) Chrome/109.0.0.0 Safari/537.36" "ysfine.com"
188.151.49.186 - - [24/Jan/2023:04:36:46 -0800] "GET /favicon.ico HTTP/1.1" 404 88 "https://ysfine.com/yspapers/iopbook15.pdf" "Mozilla/5.0 (Windows NT 10.0; Win64; x64) AppleWebKit/537.36 (KHTML, like Gecko) Chrome/109.0.0.0 Safari/537.36" "ysfine.com"
207.46.13.89 - - [24/Jan/2023:04:36:47 -0800] "GET /princeton/butler.html HTTP/1.1" 200 407 "-" "Mozilla/5.0 AppleWebKit/537.36 (KHTML, like Gecko; compatible; bingbot/2.0; +http://www.bing.com/bingbot.htm) Chrome/103.0.5060.134 Safari/537.36" "ysfine.com"
65.109.205.84 - - [24/Jan/2023:04:37:14 -0800] "GET /wp-login.php HTTP/1.1" 404 88 "http://www.ysfine.com/wp-login.php" "Mozilla/5.0 (Windows NT 10.0; Win64; x64) AppleWebKit/537.36 (KHTML, like Gecko) Chrome/64.0.3282.140 Safari/537.36 Edge/18.17763" "www.ysfine.com"
93.158.161.65 - - [24/Jan/2023:04:37:59 -0800] "GET /world/france/sartremap11.jpg HTTP/1.1" 200 115003 "-" "Mozilla/5.0 (compatible; YandexImages/3.0; +http://yandex.com/bots)" "ysfine.com"
207.46.13.167 - - [24/Jan/2023:04:40:33 -0800] "GET /friends/korf.html HTTP/1.1" 404 88 "-" "Mozilla/5.0 AppleWebKit/537.36 (KHTML, like Gecko; compatible; bingbot/2.0; +http://www.bing.com/bingbot.htm) Chrome/103.0.5060.134 Safari/537.36" "ysfine.com"
157.55.39.60 - - [24/Jan/2023:04:41:09 -0800] "GET /bio/kobak/namdae.html HTTP/1.1" 404 88 "-" "Mozilla/5.0 AppleWebKit/537.36 (KHTML, like Gecko; compatible; bingbot/2.0; +http://www.bing.com/bingbot.htm) Chrome/103.0.5060.134 Safari/537.36" "ysfine.com"
65.108.64.210 - - [24/Jan/2023:04:41:18 -0800] "GET /robots.txt HTTP/1.1" 404 73 "-" "Mozilla/5.0 (compatible; MJ12bot/v1.4.8; http://mj12bot.com/)" "ysfine.com"
65.108.64.210 - - [24/Jan/2023:04:41:20 -0800] "GET /world/kor/sel803.jpg HTTP/1.1" 200 195155 "-" "Mozilla/5.0 (compatible; MJ12bot/v1.4.8; http://mj12bot.com/)" "ysfine.com"
65.108.64.210 - - [24/Jan/2023:04:41:22 -0800] "GET /einstein/ulm.html HTTP/1.1" 200 6713 "-" "Mozilla/5.0 (compatible; MJ12bot/v1.4.8; http://mj12bot.com/)" "ysfine.com"
65.108.64.210 - - [24/Jan/2023:04:41:24 -0800] "GET /class54/class5480/Videos/1.%C3%AC%C2%9A%C2%B0%C3%AB%C2%A6%C2%AC%C3%AC%C2%9D%C2%98%20%C3%AC%C2%9E%C2%AC%C3%AD%C2%95%C2%99%C3%AC%C2%8B%C2%9C%C3%AC%C2%A0%C2%88(1948-1954).wmv HTTP/1.1" 200 84851613 "-" "Mozilla/5.0 (compatible; MJ12bot/v1.4.8; http://mj12bot.com/)" "ysfine.com"
65.108.64.210 - - [24/Jan/2023:04:41:26 -0800] "GET /class54/class5480/Videos/2.%C3%AC%C2%A1%C2%B8%C3%AC%C2%97%C2%8560%C3%AC%C2%A3%C2%BC%C3%AB%C2%85%C2%84%C3%AB%C2%AC%C2%B8%C3%AC%C2%A7%C2%91%201%C3%AB%C2%B6%C2%80.wmv HTTP/1.1" 200 27160054 "-" "Mozilla/5.0 (compatible; MJ12bot/v1.4.8; http://mj12bot.com/)" "ysfine.com"
65.108.64.210 - - [24/Jan/2023:04:41:28 -0800] "GET /class54/class5480/Videos/3.%C3%AC%C2%A1%C2%B8%C3%AC%C2%97%C2%8560%C3%AC%C2%A3%C2%BC%C3%AB%C2%85%C2%84%C3%AB%C2%AC%C2%B8%C3%AC%C2%A7%C2%91%202%C3%AB%C2%B6%C2%80.wmv HTTP/1.1" 200 37680666 "-" "Mozilla/5.0 (compatible; MJ12bot/v1.4.8; http://mj12bot.com/)" "ysfine.com"
77.88.5.164 - - [24/Jan/2023:04:41:29 -0800] "GET /princeton/prade.html HTTP/1.1" 200 9863 "-" "Mozilla/5.0 (compatible; YandexBot/3.0; +http://yandex.com/bots) AppleWebKit/537.36 (KHTML, like Gecko) Chrome/81.0.4044.268" "www.ysfine.com"
65.108.64.210 - - [24/Jan/2023:04:41:30 -0800] "GET /world/kor/sel803.jpg HTTP/1.1" 200 195155 "-" "Mozilla/5.0 (compatible; MJ12bot/v1.4.8; http://mj12bot.com/)" "ysfine.com"
65.108.64.210 - - [24/Jan/2023:04:41:32 -0800] "GET /ysbio/class54/class5480/Pictures/1.%C3%AC%C2%A0%C2%91%C3%AC%C2%88%C2%98%C3%AB%C2%B0%C2%8F%C3%AD%C2%99%C2%98%C3%AB%C2%8B%C2%B4/ HTTP/1.1" 404 88 "-" "Mozilla/5.0 (compatible; MJ12bot/v1.4.8; http://mj12bot.com/)" "ysfine.com"
65.108.64.210 - - [24/Jan/2023:04:41:34 -0800] "GET /ysbio/class54/class5480/Pictures/2.%C3%AA%C2%B8%C2%B0%C3%AB%C2%85%C2%90%C3%AD%C2%96%C2%89%C3%AC%C2%82%C2%AC/ HTTP/1.1" 404 88 "-" "Mozilla/5.0 (compatible; MJ12bot/v1.4.8; http://mj12bot.com/)" "ysfine.com"
65.108.64.210 - - [24/Jan/2023:04:41:36 -0800] "GET /ysbio/class54/class5480/Pictures/3.%C3%AD%C2%88%C2%AC%C3%AC%C2%96%C2%B4%C3%AB%C2%B0%C2%8F%C3%AB%C2%AA%C2%A8%C3%AA%C2%B5%C2%90%C3%AB%C2%B0%C2%A9%C3%AB%C2%AC%C2%B8/ HTTP/1.1" 404 88 "-" "Mozilla/5.0 (compatible; MJ12bot/v1.4.8; http://mj12bot.com/)" "ysfine.com"
65.108.64.210 - - [24/Jan/2023:04:41:38 -0800] "GET /ysbio/class54/class5480/Pictures/4.%C3%AA%C2%B8%C2%B0%C3%AB%C2%85%C2%90%C3%AC%C2%B4%C2%AC%C3%AC%C2%98%C2%81/ HTTP/1.1" 404 88 "-" "Mozilla/5.0 (compatible; MJ12bot/v1.4.8; http://mj12bot.com/)" "ysfine.com"
3.211.110.80 - - [24/Jan/2023:04:41:39 -0800] "GET /style/smithonian.jpg HTTP/1.1" 200 88645 "-" "Mozilla/5.0 (X11; Ubuntu; Linux x86_64; rv:72.0) Gecko/20100101 Firefox/72.0" "ysfine.com"
65.108.64.210 - - [24/Jan/2023:04:41:39 -0800] "GET /robots.txt HTTP/1.1" 404 73 "-" "Mozilla/5.0 (compatible; MJ12bot/v1.4.8; http://mj12bot.com/)" "www.ysfine.com"
65.108.64.210 - - [24/Jan/2023:04:41:41 -0800] "GET /brit/eton15.jpg HTTP/1.1" 404 88 "-" "Mozilla/5.0 (compatible; MJ12bot/v1.4.8; http://mj12bot.com/)" "www.ysfine.com"
65.108.64.210 - - [24/Jan/2023:04:41:43 -0800] "GET /class54/emailed02.html HTTP/1.1" 200 29084 "-" "Mozilla/5.0 (compatible; MJ12bot/v1.4.8; http://mj12bot.com/)" "www.ysfine.com"
65.108.64.210 - - [24/Jan/2023:04:41:45 -0800] "GET /class54/pics/g110.jpg HTTP/1.1" 200 121544 "-" "Mozilla/5.0 (compatible; MJ12bot/v1.4.8; http://mj12bot.com/)" "www.ysfine.com"
65.108.64.210 - - [24/Jan/2023:04:41:48 -0800] "GET /class54/pics/g112.jpg HTTP/1.1" 200 91531 "-" "Mozilla/5.0 (compatible; MJ12bot/v1.4.8; http://mj12bot.com/)" "www.ysfine.com"
65.108.64.210 - - [24/Jan/2023:04:41:50 -0800] "GET /class54/pics/g113.jpg HTTP/1.1" 200 96811 "-" "Mozilla/5.0 (compatible; MJ12bot/v1.4.8; http://mj12bot.com/)" "www.ysfine.com"
65.108.64.210 - - [24/Jan/2023:04:41:52 -0800] "GET /confer/http%C3%84://medres.online/materialsscience/2020 HTTP/1.1" 404 88 "-" "Mozilla/5.0 (compatible; MJ12bot/v1.4.8; http://mj12bot.com/)" "www.ysfine.com"
65.108.64.210 - - [24/Jan/2023:04:41:54 -0800] "GET /einstein/einbohr22.jpg HTTP/1.1" 200 76146 "-" "Mozilla/5.0 (compatible; MJ12bot/v1.4.8; http://mj12bot.com/)" "www.ysfine.com"
65.108.64.210 - - [24/Jan/2023:04:41:56 -0800] "GET /einstein/einborh11.jpg HTTP/1.1" 404 88 "-" "Mozilla/5.0 (compatible; MJ12bot/v1.4.8; http://mj12bot.com/)" "www.ysfine.com"
65.108.64.210 - - [24/Jan/2023:04:41:58 -0800] "GET /einstein/eins20.jpg HTTP/1.1" 200 56565 "-" "Mozilla/5.0 (compatible; MJ12bot/v1.4.8; http://mj12bot.com/)" "www.ysfine.com"
65.108.64.210 - - [24/Jan/2023:04:42:00 -0800] "GET /einstein/places/einha20.jpg HTTP/1.1" 200 95886 "-" "Mozilla/5.0 (compatible; MJ12bot/v1.4.8; http://mj12bot.com/)" "www.ysfine.com"
65.108.64.210 - - [24/Jan/2023:04:42:02 -0800] "GET /feynman/feygell33.jpg HTTP/1.1" 200 100620 "-" "Mozilla/5.0 (compatible; MJ12bot/v1.4.8; http://mj12bot.com/)" "www.ysfine.com"
65.108.64.210 - - [24/Jan/2023:04:42:04 -0800] "GET /ffriends/chinaf.html HTTP/1.1" 404 88 "-" "Mozilla/5.0 (compatible; MJ12bot/v1.4.8; http://mj12bot.com/)" "www.ysfine.com"
65.108.64.210 - - [24/Jan/2023:04:42:06 -0800] "GET /ffriends/germanf.html HTTP/1.1" 404 88 "-" "Mozilla/5.0 (compatible; MJ12bot/v1.4.8; http://mj12bot.com/)" "www.ysfine.com"
65.108.64.210 - - [24/Jan/2023:04:42:08 -0800] "GET /ffriends/japanf.html HTTP/1.1" 404 88 "-" "Mozilla/5.0 (compatible; MJ12bot/v1.4.8; http://mj12bot.com/)" "www.ysfine.com"
65.108.64.210 - - [24/Jan/2023:04:42:10 -0800] "GET /kowar/kowar001.jpg HTTP/1.1" 200 240938 "-" "Mozilla/5.0 (compatible; MJ12bot/v1.4.8; http://mj12bot.com/)" "www.ysfine.com"
65.108.64.210 - - [24/Jan/2023:04:42:12 -0800] "GET /kobak/rheetr22.jpg HTTP/1.1" 200 208598 "-" "Mozilla/5.0 (compatible; MJ12bot/v1.4.8; http://mj12bot.com/)" "www.ysfine.com"
65.108.64.210 - - [24/Jan/2023:04:42:14 -0800] "GET /kobak/stephens11.jpg HTTP/1.1" 200 144887 "-" "Mozilla/5.0 (compatible; MJ12bot/v1.4.8; http://mj12bot.com/)" "www.ysfine.com"
65.108.64.210 - - [24/Jan/2023:04:42:16 -0800] "GET /kobak/stephens22.pdf HTTP/1.1" 200 1083615 "-" "Mozilla/5.0 (compatible; MJ12bot/v1.4.8; http://mj12bot.com/)" "www.ysfine.com"
65.108.64.210 - - [24/Jan/2023:04:42:18 -0800] "GET /maga/histo/jfk61.jpg HTTP/1.1" 200 86451 "-" "Mozilla/5.0 (compatible; MJ12bot/v1.4.8; http://mj12bot.com/)" "www.ysfine.com"
65.108.64.210 - - [24/Jan/2023:04:42:20 -0800] "GET /maga/phys/farad01.jpg HTTP/1.1" 200 135380 "-" "Mozilla/5.0 (compatible; MJ12bot/v1.4.8; http://mj12bot.com/)" "www.ysfine.com"
65.108.64.210 - - [24/Jan/2023:04:42:22 -0800] "GET /maga/phys/farad02.jpg HTTP/1.1" 200 82519 "-" "Mozilla/5.0 (compatible; MJ12bot/v1.4.8; http://mj12bot.com/)" "www.ysfine.com"
65.108.64.210 - - [24/Jan/2023:04:42:24 -0800] "GET /maga/phys/farad03.jpg HTTP/1.1" 200 113549 "-" "Mozilla/5.0 (compatible; MJ12bot/v1.4.8; http://mj12bot.com/)" "www.ysfine.com"
65.108.64.210 - - [24/Jan/2023:04:42:26 -0800] "GET /maga/phys/farad05.jpg HTTP/1.1" 200 208173 "-" "Mozilla/5.0 (compatible; MJ12bot/v1.4.8; http://mj12bot.com/)" "www.ysfine.com"
65.108.64.210 - - [24/Jan/2023:04:42:28 -0800] "GET /maga/phys/farad10.jpg HTTP/1.1" 200 165657 "-" "Mozilla/5.0 (compatible; MJ12bot/v1.4.8; http://mj12bot.com/)" "www.ysfine.com"
65.108.64.210 - - [24/Jan/2023:04:42:30 -0800] "GET /maga/phys/farad11.jpg HTTP/1.1" 200 107365 "-" "Mozilla/5.0 (compatible; MJ12bot/v1.4.8; http://mj12bot.com/)" "www.ysfine.com"
65.108.64.210 - - [24/Jan/2023:04:42:32 -0800] "GET /maga/phys/farad12.jpg HTTP/1.1" 200 69693 "-" "Mozilla/5.0 (compatible; MJ12bot/v1.4.8; http://mj12bot.com/)" "www.ysfine.com"
65.108.64.210 - - [24/Jan/2023:04:42:34 -0800] "GET /maga/phys/farad14.jpg HTTP/1.1" 200 91799 "-" "Mozilla/5.0 (compatible; MJ12bot/v1.4.8; http://mj12bot.com/)" "www.ysfine.com"
65.108.64.210 - - [24/Jan/2023:04:42:36 -0800] "GET /maga/phys/farad15.jpg HTTP/1.1" 200 61424 "-" "Mozilla/5.0 (compatible; MJ12bot/v1.4.8; http://mj12bot.com/)" "www.ysfine.com"
65.108.64.210 - - [24/Jan/2023:04:42:38 -0800] "GET /maga/phys/farad16.jpg HTTP/1.1" 200 87824 "-" "Mozilla/5.0 (compatible; MJ12bot/v1.4.8; http://mj12bot.com/)" "www.ysfine.com"
65.108.64.210 - - [24/Jan/2023:04:42:40 -0800] "GET /maga/phys/farad21.jpg HTTP/1.1" 200 61084 "-" "Mozilla/5.0 (compatible; MJ12bot/v1.4.8; http://mj12bot.com/)" "www.ysfine.com"
65.108.64.210 - - [24/Jan/2023:04:42:42 -0800] "GET /maga/phys/farad22.jpg HTTP/1.1" 200 68596 "-" "Mozilla/5.0 (compatible; MJ12bot/v1.4.8; http://mj12bot.com/)" "www.ysfine.com"
65.108.64.210 - - [24/Jan/2023:04:42:44 -0800] "GET /maga/phys/farad23.jpg HTTP/1.1" 200 79630 "-" "Mozilla/5.0 (compatible; MJ12bot/v1.4.8; http://mj12bot.com/)" "www.ysfine.com"
207.46.13.27 - - [24/Jan/2023:04:42:46 -0800] "GET /bio/kobak/yskor.html HTTP/1.1" 404 88 "-" "Mozilla/5.0 AppleWebKit/537.36 (KHTML, like Gecko; compatible; bingbot/2.0; +http://www.bing.com/bingbot.htm) Chrome/103.0.5060.134 Safari/537.36" "ysfine.com"
65.108.64.210 - - [24/Jan/2023:04:42:46 -0800] "GET /maga/phys/farad27.jpg HTTP/1.1" 200 108239 "-" "Mozilla/5.0 (compatible; MJ12bot/v1.4.8; http://mj12bot.com/)" "www.ysfine.com"
65.108.64.210 - - [24/Jan/2023:04:42:48 -0800] "GET /maga/phys/farad32.jpg HTTP/1.1" 200 89445 "-" "Mozilla/5.0 (compatible; MJ12bot/v1.4.8; http://mj12bot.com/)" "www.ysfine.com"
65.108.64.210 - - [24/Jan/2023:04:42:50 -0800] "GET /maga/phys/faradm01.jpg HTTP/1.1" 200 127880 "-" "Mozilla/5.0 (compatible; MJ12bot/v1.4.8; http://mj12bot.com/)" "www.ysfine.com"
156.0.247.70 - - [24/Jan/2023:04:42:50 -0800] "GET /wdc/umdbarn10.jpg HTTP/1.1" 200 127061 "https://www.bing.com/" "Mozilla/5.0 (Windows NT 10.0) AppleWebKit/537.36 (KHTML, like Gecko) Chrome/108.0.0.0 Safari/537.36 Edg/108.0.1462.46" "ysfine.com"
156.0.247.70 - - [24/Jan/2023:04:42:52 -0800] "GET /wdc/umdbarn01.jpg HTTP/1.1" 200 97951 "https://www.bing.com/" "Mozilla/5.0 (Windows NT 10.0) AppleWebKit/537.36 (KHTML, like Gecko) Chrome/108.0.0.0 Safari/537.36 Edg/108.0.1462.46" "ysfine.com"
65.108.64.210 - - [24/Jan/2023:04:42:52 -0800] "GET /maga/phys/faradm05.jpg HTTP/1.1" 200 80986 "-" "Mozilla/5.0 (compatible; MJ12bot/v1.4.8; http://mj12bot.com/)" "www.ysfine.com"
65.108.64.210 - - [24/Jan/2023:04:42:55 -0800] "GET /princeton/wilson06.jpg HTTP/1.1" 200 129836 "-" "Mozilla/5.0 (compatible; MJ12bot/v1.4.8; http://mj12bot.com/)" "www.ysfine.com"
65.108.64.210 - - [24/Jan/2023:04:42:57 -0800] "GET /einstein/ulm.html HTTP/1.1" 200 6713 "-" "Mozilla/5.0 (compatible; MJ12bot/v1.4.8; http://mj12bot.com/)" "www.ysfine.com"
65.108.64.210 - - [24/Jan/2023:04:42:59 -0800] "GET /world/brit/sebiro07.jpg HTTP/1.1" 200 121875 "-" "Mozilla/5.0 (compatible; MJ12bot/v1.4.8; http://mj12bot.com/)" "www.ysfine.com"
65.108.64.210 - - [24/Jan/2023:04:43:01 -0800] "GET /world/japan/nara016.jpg HTTP/1.1" 200 131511 "-" "Mozilla/5.0 (compatible; MJ12bot/v1.4.8; http://mj12bot.com/)" "www.ysfine.com"
65.108.64.210 - - [24/Jan/2023:04:43:03 -0800] "GET /world/kor/sel803.jpg HTTP/1.1" 200 195155 "-" "Mozilla/5.0 (compatible; MJ12bot/v1.4.8; http://mj12bot.com/)" "www.ysfine.com"
14.253.101.95 - - [24/Jan/2023:04:43:07 -0800] "GET /kowar/sampal01.jpg HTTP/1.1" 200 141262 "https://www.google.com.vn/" "Mozilla/5.0 (Windows NT 10.0; WOW64) AppleWebKit/537.36 (KHTML, like Gecko) Chrome/108.0.0.0 Safari/537.36" "ysfine.com"
157.55.39.60 - - [24/Jan/2023:04:43:17 -0800] "GET /sbk/2019jeru66.jpg HTTP/1.1" 200 209957 "-" "Mozilla/5.0 AppleWebKit/537.36 (KHTML, like Gecko; compatible; bingbot/2.0; +http://www.bing.com/bingbot.htm) Chrome/103.0.5060.134 Safari/537.36" "www.ysfine.com"
207.46.13.167 - - [24/Jan/2023:04:43:34 -0800] "GET /bio/princeton/campus.html HTTP/1.1" 404 88 "-" "Mozilla/5.0 AppleWebKit/537.36 (KHTML, like Gecko; compatible; bingbot/2.0; +http://www.bing.com/bingbot.htm) Chrome/103.0.5060.134 Safari/537.36" "ysfine.com"
51.222.253.16 - - [24/Jan/2023:04:44:06 -0800] "GET /jobs/index.html HTTP/1.1" 200 123 "-" "Mozilla/5.0 (compatible; AhrefsBot/7.0; +http://ahrefs.com/robot/)" "ysfine.com"
134.94.166.107 - - [24/Jan/2023:04:46:12 -0800] "GET /wigner/wiglittle.pdf HTTP/1.1" 200 2659296 "https://www.google.com/" "Mozilla/5.0 (X11; Linux x86_64; rv:91.0) Gecko/20100101 Firefox/91.0" "ysfine.com"
134.94.166.107 - - [24/Jan/2023:04:46:13 -0800] "GET /favicon.ico HTTP/1.1" 404 88 "https://ysfine.com/" "Mozilla/5.0 (X11; Linux x86_64; rv:91.0) Gecko/20100101 Firefox/91.0" "ysfine.com"
134.94.166.107 - - [24/Jan/2023:04:46:13 -0800] "GET /wigner/wiglittle.pdf HTTP/1.1" 206 37856 "https://www.google.com/" "Mozilla/5.0 (X11; Linux x86_64; rv:91.0) Gecko/20100101 Firefox/91.0" "ysfine.com"
134.94.166.107 - - [24/Jan/2023:04:46:13 -0800] "GET /wigner/wiglittle.pdf HTTP/1.1" 206 65536 "https://www.google.com/" "Mozilla/5.0 (X11; Linux x86_64; rv:91.0) Gecko/20100101 Firefox/91.0" "ysfine.com"
134.94.166.107 - - [24/Jan/2023:04:46:13 -0800] "GET /wigner/wiglittle.pdf HTTP/1.1" 206 65536 "https://www.google.com/" "Mozilla/5.0 (X11; Linux x86_64; rv:91.0) Gecko/20100101 Firefox/91.0" "ysfine.com"
207.46.13.43 - - [24/Jan/2023:04:47:00 -0800] "GET /bio/eink/buythisbook.html HTTP/1.1" 404 88 "-" "Mozilla/5.0 AppleWebKit/537.36 (KHTML, like Gecko; compatible; bingbot/2.0; +http://www.bing.com/bingbot.htm) Chrome/103.0.5060.134 Safari/537.36" "ysfine.com"
207.46.13.43 - - [24/Jan/2023:04:47:51 -0800] "GET /bio.html HTTP/1.1" 200 18260 "-" "Mozilla/5.0 AppleWebKit/537.36 (KHTML, like Gecko; compatible; bingbot/2.0; +http://www.bing.com/bingbot.htm) Chrome/103.0.5060.134 Safari/537.36" "ysfine.com"
207.46.13.27 - - [24/Jan/2023:04:48:53 -0800] "GET /bio/style/artlove.html HTTP/1.1" 404 88 "-" "Mozilla/5.0 AppleWebKit/537.36 (KHTML, like Gecko; compatible; bingbot/2.0; +http://www.bing.com/bingbot.htm) Chrome/103.0.5060.134 Safari/537.36" "ysfine.com"
207.46.13.27 - - [24/Jan/2023:04:49:23 -0800] "GET /dirac/dirackim62.html HTTP/1.1" 200 2970 "-" "Mozilla/5.0 AppleWebKit/537.36 (KHTML, like Gecko; compatible; bingbot/2.0; +http://www.bing.com/bingbot.htm) Chrome/103.0.5060.134 Safari/537.36" "ysfine.com"
207.46.13.27 - - [24/Jan/2023:04:50:36 -0800] "GET /bio/sbk/1950.html HTTP/1.1" 404 88 "-" "Mozilla/5.0 AppleWebKit/537.36 (KHTML, like Gecko; compatible; bingbot/2.0; +http://www.bing.com/bingbot.htm) Chrome/103.0.5060.134 Safari/537.36" "ysfine.com"
207.46.13.167 - - [24/Jan/2023:04:50:53 -0800] "GET /wdc/sakura.html HTTP/1.1" 200 381 "-" "Mozilla/5.0 AppleWebKit/537.36 (KHTML, like Gecko; compatible; bingbot/2.0; +http://www.bing.com/bingbot.htm) Chrome/103.0.5060.134 Safari/537.36" "www.ysfine.com"
95.163.255.68 - - [24/Jan/2023:04:51:31 -0800] "GET /robots.txt HTTP/1.1" 404 73 "-" "Mozilla/5.0 (compatible; Linux x86_64; Mail.RU_Bot/2.0; +https://help.mail.ru/webmaster/indexing/robots)" "www.ysfine.com"
95.163.255.65 - - [24/Jan/2023:04:51:32 -0800] "GET /world/russ/ihousem22.jpg HTTP/1.1" 404 88 "-" "Mozilla/5.0 (compatible; Linux x86_64; Mail.RU_Bot/2.0; +https://help.mail.ru/webmaster/indexing/robots)" "www.ysfine.com"
207.46.13.43 - - [24/Jan/2023:04:52:20 -0800] "GET /bio/kobak/soraech.html HTTP/1.1" 404 88 "-" "Mozilla/5.0 AppleWebKit/537.36 (KHTML, like Gecko; compatible; bingbot/2.0; +http://www.bing.com/bingbot.htm) Chrome/103.0.5060.134 Safari/537.36" "ysfine.com"
51.222.253.12 - - [24/Jan/2023:04:52:25 -0800] "GET / HTTP/1.1" 200 5295 "-" "Mozilla/5.0 (compatible; AhrefsBot/7.0; +http://ahrefs.com/robot/)" "www.ysfine.com"
157.55.39.60 - - [24/Jan/2023:04:52:30 -0800] "GET /einstein/photoel.html HTTP/1.1" 200 6054 "-" "Mozilla/5.0 AppleWebKit/537.36 (KHTML, like Gecko; compatible; bingbot/2.0; +http://www.bing.com/bingbot.htm) Chrome/103.0.5060.134 Safari/537.36" "ysfine.com"
95.163.255.63 - - [24/Jan/2023:04:53:42 -0800] "GET /robots.txt HTTP/1.1" 404 73 "-" "Mozilla/5.0 (compatible; Linux x86_64; Mail.RU_Bot/2.0; +https://help.mail.ru/webmaster/indexing/robots)" "ysfine.com"
95.163.255.63 - - [24/Jan/2023:04:53:43 -0800] "GET /princeton/hahiere11.jpg HTTP/1.1" 404 88 "-" "Mozilla/5.0 (compatible; Linux x86_64; Mail.RU_Bot/2.0; +https://help.mail.ru/webmaster/indexing/robots)" "ysfine.com"
207.46.13.27 - - [24/Jan/2023:04:54:43 -0800] "GET /bio/world/russ/basil.html HTTP/1.1" 404 88 "-" "Mozilla/5.0 AppleWebKit/537.36 (KHTML, like Gecko; compatible; bingbot/2.0; +http://www.bing.com/bingbot.htm) Chrome/103.0.5060.134 Safari/537.36" "www.ysfine.com"
68.194.176.119 - - [24/Jan/2023:04:55:13 -0800] "GET /princeton/brooke88.jpg HTTP/1.1" 200 82208 "https://www.google.com/" "Mozilla/5.0 (Linux; Android 10; SM-G960U) AppleWebKit/537.36 (KHTML, like Gecko) Chrome/109.0.0.0 Mobile Safari/537.36" "ysfine.com"
186.209.203.8 - - [24/Jan/2023:04:56:30 -0800] "GET /wigner/neum/vnc01.jpg HTTP/1.1" 200 133641 "https://sites.google.com/" "Mozilla/5.0 (Linux; Android 11; SM-A217M) AppleWebKit/537.36 (KHTML, like Gecko) Chrome/107.0.0.0 Mobile Safari/537.36" "ysfine.com"
186.209.203.8 - - [24/Jan/2023:04:56:34 -0800] "GET /wigner/neum/vnc01.jpg HTTP/1.1" 206 1 "https://sites.google.com/" "Mozilla/5.0 (Linux; Android 11; SM-A217M) AppleWebKit/537.36 (KHTML, like Gecko) Chrome/107.0.0.0 Mobile Safari/537.36" "ysfine.com"
186.209.203.8 - - [24/Jan/2023:04:56:35 -0800] "GET /wigner/neum/vnc01.jpg HTTP/1.1" 206 84983 "https://sites.google.com/" "Mozilla/5.0 (Linux; Android 11; SM-A217M) AppleWebKit/537.36 (KHTML, like Gecko) Chrome/107.0.0.0 Mobile Safari/537.36" "ysfine.com"
54.236.1.13 - - [24/Jan/2023:04:57:17 -0800] "GET /robots.txt HTTP/1.1" 404 88 "-" "Mozilla/5.0 (compatible; Pinterestbot/1.0; +http://www.pinterest.com/bot.html)" "ysfine.com"
54.236.1.13 - - [24/Jan/2023:04:57:17 -0800] "GET /world/france/louvre22.jpg HTTP/1.1" 200 90347 "-" "Mozilla/5.0 (compatible; Pinterestbot/1.0; +http://www.pinterest.com/bot.html)" "ysfine.com"
207.46.13.27 - - [24/Jan/2023:04:57:21 -0800] "GET /world/russ/mosmusic51.jpg HTTP/1.1" 200 91662 "-" "Mozilla/5.0 AppleWebKit/537.36 (KHTML, like Gecko; compatible; bingbot/2.0; +http://www.bing.com/bingbot.htm) Chrome/103.0.5060.134 Safari/537.36" "www.ysfine.com"
157.55.39.60 - - [24/Jan/2023:04:59:02 -0800] "GET /bio/einstein/bern.html HTTP/1.1" 404 88 "-" "Mozilla/5.0 AppleWebKit/537.36 (KHTML, like Gecko; compatible; bingbot/2.0; +http://www.bing.com/bingbot.htm) Chrome/103.0.5060.134 Safari/537.36" "ysfine.com"
1.200.178.166 - - [24/Jan/2023:04:59:16 -0800] "GET /kobak/1014c.jpg HTTP/1.1" 200 164928 "https://www.google.com.tw/" "Mozilla/5.0 (iPhone; CPU iPhone OS 16_0_2 like Mac OS X) AppleWebKit/605.1.15 (KHTML, like Gecko) Version/16.0 Mobile/15E148 Safari/604.1" "ysfine.com"
134.122.137.45 - - [24/Jan/2023:05:00:29 -0800] "GET /data/admin/allowurl.txt HTTP/1.1" 404 88 "-" "Mozilla/5.0 (Windows NT 10.0; WOW64; rv:48.0) Gecko/20100101 Firefox/48.0" "www.ysfine.com"
123.125.109.45 - - [24/Jan/2023:05:01:44 -0800] "GET / HTTP/1.1" 200 5295 "-" "Sogou web spider/4.0(+http://www.sogou.com/docs/help/webmasters.htm#07)" "www.ysfine.com"
51.222.253.14 - - [24/Jan/2023:05:03:14 -0800] "GET /wdc/whx.html HTTP/1.1" 200 366 "-" "Mozilla/5.0 (compatible; AhrefsBot/7.0; +http://ahrefs.com/robot/)" "www.ysfine.com"
101.83.122.143 - - [24/Jan/2023:05:04:37 -0800] "GET /maga/phys/bohrheisen11.jpg HTTP/1.1" 200 104546 "https://www.ecosia.org/" "Mozilla/5.0 (Windows NT 6.2; Win64; x64; rv:109.0) Gecko/20100101 Firefox/109.0" "ysfine.com"
207.46.13.167 - - [24/Jan/2023:05:05:07 -0800] "GET /bio/wigner/e(2).html HTTP/1.1" 404 88 "-" "Mozilla/5.0 AppleWebKit/537.36 (KHTML, like Gecko; compatible; bingbot/2.0; +http://www.bing.com/bingbot.htm) Chrome/103.0.5060.134 Safari/537.36" "ysfine.com"
207.46.13.15 - - [24/Jan/2023:05:05:55 -0800] "GET /bio/style/proschanie.html HTTP/1.1" 404 88 "-" "Mozilla/5.0 AppleWebKit/537.36 (KHTML, like Gecko; compatible; bingbot/2.0; +http://www.bing.com/bingbot.htm) Chrome/103.0.5060.134 Safari/537.36" "ysfine.com"
114.119.146.179 - - [24/Jan/2023:05:07:27 -0800] "GET /bio09.html HTTP/1.1" 200 12725 "http://www.ysfine.com/index.html" "Mozilla/5.0 (Linux; Android 7.0;) AppleWebKit/537.36 (KHTML, like Gecko) Mobile Safari/537.36 (compatible; PetalBot;+https://webmaster.petalsearch.com/site/petalbot)" "ysfine.com"
77.88.5.217 - - [24/Jan/2023:05:09:57 -0800] "GET /robots.txt HTTP/1.1" 404 73 "-" "Mozilla/5.0 (compatible; YandexBot/3.0; +http://yandex.com/bots)" "www.ysfine.com"
93.158.161.39 - - [24/Jan/2023:05:10:02 -0800] "GET /kobak/draftreg.html HTTP/1.1" 200 484 "-" "Mozilla/5.0 (compatible; YandexBot/3.0; +http://yandex.com/bots) AppleWebKit/537.36 (KHTML, like Gecko) Chrome/81.0.4044.268" "www.ysfine.com"
101.83.122.143 - - [24/Jan/2023:05:11:47 -0800] "GET /world/scandi/nbi26.jpg HTTP/1.1" 200 75196 "https://www.ecosia.org/" "Mozilla/5.0 (Windows NT 6.2; Win64; x64; rv:109.0) Gecko/20100101 Firefox/109.0" "www.ysfine.com"
101.83.122.143 - - [24/Jan/2023:05:11:49 -0800] "GET /favicon.ico HTTP/1.1" 404 88 "https://www.ysfine.com/world/scandi/nbi26.jpg" "Mozilla/5.0 (Windows NT 6.2; Win64; x64; rv:109.0) Gecko/20100101 Firefox/109.0" "www.ysfine.com"
207.46.13.43 - - [24/Jan/2023:05:12:02 -0800] "GET /world/russ/khahi.html HTTP/1.1" 200 747 "-" "Mozilla/5.0 AppleWebKit/537.36 (KHTML, like Gecko; compatible; bingbot/2.0; +http://www.bing.com/bingbot.htm) Chrome/103.0.5060.134 Safari/537.36" "ysfine.com"
24.60.246.182 - - [24/Jan/2023:05:12:05 -0800] "GET /maga/phys/solvayc27c.jpg HTTP/1.1" 200 53464 "https://www.google.com/" "Mozilla/5.0 (X11; Ubuntu; Linux x86_64; rv:88.0) Gecko/20100101 Firefox/88.0" "ysfine.com"
51.222.253.9 - - [24/Jan/2023:05:13:02 -0800] "GET /kobak/kimc.html HTTP/1.1" 200 4345 "-" "Mozilla/5.0 (compatible; AhrefsBot/7.0; +http://ahrefs.com/robot/)" "ysfine.com"
207.46.13.89 - - [24/Jan/2023:05:13:28 -0800] "GET /sbk/index.html HTTP/1.1" 200 198 "-" "Mozilla/5.0 AppleWebKit/537.36 (KHTML, like Gecko; compatible; bingbot/2.0; +http://www.bing.com/bingbot.htm) Chrome/103.0.5060.134 Safari/537.36" "www.ysfine.com"
190.198.46.137 - - [24/Jan/2023:05:13:30 -0800] "GET /style/cameras/beielemen11.jpg HTTP/1.1" 200 84633 "https://www.bing.com/" "Mozilla/5.0 (Windows NT 10.0; Win64; x64) AppleWebKit/537.36 (KHTML, like Gecko) Chrome/109.0.0.0 Safari/537.36 Edg/109.0.1518.61" "www.ysfine.com"
41.216.201.34 - - [24/Jan/2023:05:14:53 -0800] "GET /world/copen.html HTTP/1.1" 200 6582 "-" "Mozilla/5.0 (Windows NT 10.0; Win64; x64; rv:102.0) Gecko/20100101 Firefox/102.0" "ysfine.com"
51.89.230.56 - - [24/Jan/2023:05:15:10 -0800] "GET / HTTP/1.1" 200 5295 "http://www.ysfine.com" "Mozilla/5.0 (Windows NT 10.0; Win64; x64; rv:109.0) Gecko/20100101 Firefox/109.0" "www.ysfine.com"
51.89.230.56 - - [24/Jan/2023:05:15:11 -0800] "GET /ads.txt HTTP/1.1" 404 88 "http://ysfine.com/ads.txt" "Mozilla/5.0 (Windows NT 10.0; Win64; x64; rv:109.0) Gecko/20100101 Firefox/109.0" "ysfine.com"
207.46.13.43 - - [24/Jan/2023:05:15:14 -0800] "GET /bio.html HTTP/1.1" 200 18260 "-" "Mozilla/5.0 AppleWebKit/537.36 (KHTML, like Gecko; compatible; bingbot/2.0; +http://www.bing.com/bingbot.htm) Chrome/103.0.5060.134 Safari/537.36" "ysfine.com"
157.55.39.60 - - [24/Jan/2023:05:15:33 -0800] "GET /bio/kobak/namdae.html HTTP/1.1" 404 88 "-" "Mozilla/5.0 AppleWebKit/537.36 (KHTML, like Gecko; compatible; bingbot/2.0; +http://www.bing.com/bingbot.htm) Chrome/103.0.5060.134 Safari/537.36" "ysfine.com"
207.46.13.167 - - [24/Jan/2023:05:15:37 -0800] "GET /home/hmbot.html HTTP/1.1" 200 132 "-" "Mozilla/5.0 AppleWebKit/537.36 (KHTML, like Gecko; compatible; bingbot/2.0; +http://www.bing.com/bingbot.htm) Chrome/103.0.5060.134 Safari/537.36" "ysfine.com"
207.46.13.27 - - [24/Jan/2023:05:15:48 -0800] "GET /bio/kobak/yskor.html HTTP/1.1" 404 88 "-" "Mozilla/5.0 AppleWebKit/537.36 (KHTML, like Gecko; compatible; bingbot/2.0; +http://www.bing.com/bingbot.htm) Chrome/103.0.5060.134 Safari/537.36" "ysfine.com"
207.46.13.27 - - [24/Jan/2023:05:15:49 -0800] "GET /home/hmrigh.html HTTP/1.1" 200 4200 "-" "Mozilla/5.0 AppleWebKit/537.36 (KHTML, like Gecko; compatible; bingbot/2.0; +http://www.bing.com/bingbot.htm) Chrome/103.0.5060.134 Safari/537.36" "ysfine.com"
207.46.13.27 - - [24/Jan/2023:05:15:49 -0800] "GET /home/hmrigh.html HTTP/1.1" 200 4200 "-" "Mozilla/5.0 AppleWebKit/537.36 (KHTML, like Gecko; compatible; bingbot/2.0; +http://www.bing.com/bingbot.htm) Chrome/103.0.5060.134 Safari/537.36" "ysfine.com"
207.46.13.167 - - [24/Jan/2023:05:15:54 -0800] "GET /home/hmleft.html HTTP/1.1" 200 853 "-" "Mozilla/5.0 AppleWebKit/537.36 (KHTML, like Gecko; compatible; bingbot/2.0; +http://www.bing.com/bingbot.htm) Chrome/103.0.5060.134 Safari/537.36" "ysfine.com"
207.46.13.167 - - [24/Jan/2023:05:15:54 -0800] "GET /home/hmleft.html HTTP/1.1" 200 853 "-" "Mozilla/5.0 AppleWebKit/537.36 (KHTML, like Gecko; compatible; bingbot/2.0; +http://www.bing.com/bingbot.htm) Chrome/103.0.5060.134 Safari/537.36" "ysfine.com"
207.46.13.167 - - [24/Jan/2023:05:17:06 -0800] "GET /bio/princeton/campus.html HTTP/1.1" 404 88 "-" "Mozilla/5.0 AppleWebKit/537.36 (KHTML, like Gecko; compatible; bingbot/2.0; +http://www.bing.com/bingbot.htm) Chrome/103.0.5060.134 Safari/537.36" "ysfine.com"
207.46.13.15 - - [24/Jan/2023:05:17:35 -0800] "GET /home/fotos/gongdae54.jpg HTTP/1.1" 200 137343 "-" "Mozilla/5.0 AppleWebKit/537.36 (KHTML, like Gecko; compatible; bingbot/2.0; +http://www.bing.com/bingbot.htm) Chrome/103.0.5060.134 Safari/537.36" "www.ysfine.com"
68.106.131.145 - - [24/Jan/2023:05:17:42 -0800] "GET / HTTP/1.1" 200 5295 "-" "Mozilla/5.0 (iPhone; CPU iPhone OS 14_4 like Mac OS X) AppleWebKit/605.1.15 (KHTML, like Gecko) Version/14.0.3 Mobile/15E148 Safari/604.1" "ysfine.com"
68.106.131.145 - - [24/Jan/2023:05:17:43 -0800] "GET /home/eink450.jpg HTTP/1.1" 200 66794 "-" "Mozilla/5.0 (iPhone; CPU iPhone OS 14_4 like Mac OS X) AppleWebKit/605.1.15 (KHTML, like Gecko) Version/14.0.3 Mobile/15E148 Safari/604.1" "ysfine.com"
68.106.131.145 - - [24/Jan/2023:05:17:43 -0800] "GET /home/goodbad450.jpg HTTP/1.1" 200 32258 "-" "Mozilla/5.0 (iPhone; CPU iPhone OS 14_4 like Mac OS X) AppleWebKit/605.1.15 (KHTML, like Gecko) Version/14.0.3 Mobile/15E148 Safari/604.1" "ysfine.com"
68.106.131.145 - - [24/Jan/2023:05:17:43 -0800] "GET /home/facu450.jpg HTTP/1.1" 200 74535 "-" "Mozilla/5.0 (iPhone; CPU iPhone OS 14_4 like Mac OS X) AppleWebKit/605.1.15 (KHTML, like Gecko) Version/14.0.3 Mobile/15E148 Safari/604.1" "ysfine.com"
68.106.131.145 - - [24/Jan/2023:05:17:43 -0800] "GET /home/top21d.jpg HTTP/1.1" 200 74409 "-" "Mozilla/5.0 (iPhone; CPU iPhone OS 14_4 like Mac OS X) AppleWebKit/605.1.15 (KHTML, like Gecko) Version/14.0.3 Mobile/15E148 Safari/604.1" "ysfine.com"
68.106.131.145 - - [24/Jan/2023:05:17:43 -0800] "GET /home/truck450.jpg HTTP/1.1" 200 42871 "-" "Mozilla/5.0 (iPhone; CPU iPhone OS 14_4 like Mac OS X) AppleWebKit/605.1.15 (KHTML, like Gecko) Version/14.0.3 Mobile/15E148 Safari/604.1" "ysfine.com"
68.106.131.145 - - [24/Jan/2023:05:17:43 -0800] "GET /home/washmo23d.jpg HTTP/1.1" 200 32142 "-" "Mozilla/5.0 (iPhone; CPU iPhone OS 14_4 like Mac OS X) AppleWebKit/605.1.15 (KHTML, like Gecko) Version/14.0.3 Mobile/15E148 Safari/604.1" "ysfine.com"
68.106.131.145 - - [24/Jan/2023:05:17:43 -0800] "GET /eink/ewk86f.jpg HTTP/1.1" 200 122173 "-" "Mozilla/5.0 (iPhone; CPU iPhone OS 14_4 like Mac OS X) AppleWebKit/605.1.15 (KHTML, like Gecko) Version/14.0.3 Mobile/15E148 Safari/604.1" "ysfine.com"
