68.106.131.145 - - [24/Jan/2023:05:17:43 -0800] "GET /home/eindc03d.jpg HTTP/1.1" 200 95860 "-" "Mozilla/5.0 (iPhone; CPU iPhone OS 14_4 like Mac OS X) AppleWebKit/605.1.15 (KHTML, like Gecko) Version/14.0.3 Mobile/15E148 Safari/604.1" "ysfine.com"
68.106.131.145 - - [24/Jan/2023:05:17:43 -0800] "GET /eink/einhaus11c.jpg HTTP/1.1" 200 42522 "-" "Mozilla/5.0 (iPhone; CPU iPhone OS 14_4 like Mac OS X) AppleWebKit/605.1.15 (KHTML, like Gecko) Version/14.0.3 Mobile/15E148 Safari/604.1" "ysfine.com"
68.106.131.145 - - [24/Jan/2023:05:17:43 -0800] "GET /home/1987pr22d.jpg HTTP/1.1" 200 66428 "-" "Mozilla/5.0 (iPhone; CPU iPhone OS 14_4 like Mac OS X) AppleWebKit/605.1.15 (KHTML, like Gecko) Version/14.0.3 Mobile/15E148 Safari/604.1" "ysfine.com"
68.106.131.145 - - [24/Jan/2023:05:17:43 -0800] "GET /eink/einhaus33c.jpg HTTP/1.1" 200 23792 "-" "Mozilla/5.0 (iPhone; CPU iPhone OS 14_4 like Mac OS X) AppleWebKit/605.1.15 (KHTML, like Gecko) Version/14.0.3 Mobile/15E148 Safari/604.1" "ysfine.com"
68.106.131.145 - - [24/Jan/2023:05:17:43 -0800] "GET /home/taylor500.jpg HTTP/1.1" 200 79197 "-" "Mozilla/5.0 (iPhone; CPU iPhone OS 14_4 like Mac OS X) AppleWebKit/605.1.15 (KHTML, like Gecko) Version/14.0.3 Mobile/15E148 Safari/604.1" "ysfine.com"
68.106.131.145 - - [24/Jan/2023:05:17:43 -0800] "GET /home/eink54f.jpg HTTP/1.1" 200 96332 "-" "Mozilla/5.0 (iPhone; CPU iPhone OS 14_4 like Mac OS X) AppleWebKit/605.1.15 (KHTML, like Gecko) Version/14.0.3 Mobile/15E148 Safari/604.1" "ysfine.com"
68.106.131.145 - - [24/Jan/2023:05:17:43 -0800] "GET /home/eward55f.jpg HTTP/1.1" 200 122802 "-" "Mozilla/5.0 (iPhone; CPU iPhone OS 14_4 like Mac OS X) AppleWebKit/605.1.15 (KHTML, like Gecko) Version/14.0.3 Mobile/15E148 Safari/604.1" "ysfine.com"
114.119.152.233 - - [24/Jan/2023:05:17:53 -0800] "GET /remote/wigner111/frame48.html HTTP/1.1" 200 415 "https://ysfine.com/remote/wigner111/goto.html" "Mozilla/5.0 (Linux; Android 7.0;) AppleWebKit/537.36 (KHTML, like Gecko) Mobile Safari/537.36 (compatible; PetalBot;+https://webmaster.petalsearch.com/site/petalbot)" "ysfine.com"
174.211.181.46 - - [24/Jan/2023:05:19:14 -0800] "GET /style/spbpiano.html HTTP/1.1" 200 1801 "https://www.google.com/" "Mozilla/5.0 (iPhone; CPU iPhone OS 16_1_2 like Mac OS X) AppleWebKit/605.1.15 (KHTML, like Gecko) Version/16.1 Mobile/15E148 Safari/604.1" "ysfine.com"
207.46.13.43 - - [24/Jan/2023:05:19:43 -0800] "GET /bio/eink/buythisbook.html HTTP/1.1" 404 88 "-" "Mozilla/5.0 AppleWebKit/537.36 (KHTML, like Gecko; compatible; bingbot/2.0; +http://www.bing.com/bingbot.htm) Chrome/103.0.5060.134 Safari/537.36" "ysfine.com"
77.75.79.72 - - [24/Jan/2023:05:20:20 -0800] "GET /robots.txt HTTP/1.1" 404 88 "-" "Mozilla/5.0 (compatible; SeznamBot/3.2; +http://napoveda.seznam.cz/en/seznambot-intro/)" "ysfine.com"
77.75.79.72 - - [24/Jan/2023:05:20:22 -0800] "GET /einstein/places/einha02.jpg HTTP/1.1" 200 77905 "-" "Mozilla/5.0 (compatible; SeznamBot/3.2; +http://napoveda.seznam.cz/en/seznambot-intro/)" "ysfine.com"
77.75.79.72 - - [24/Jan/2023:05:20:26 -0800] "GET /world/germany/salzmo03.jpg HTTP/1.1" 304 - "-" "Mozilla/5.0 (compatible; SeznamBot/3.2; +http://napoveda.seznam.cz/en/seznambot-intro/)" "ysfine.com"
77.75.79.72 - - [24/Jan/2023:05:20:27 -0800] "GET /style/musee/beijing059.jpg HTTP/1.1" 200 77113 "-" "Mozilla/5.0 (compatible; SeznamBot/3.2; +http://napoveda.seznam.cz/en/seznambot-intro/)" "ysfine.com"
77.75.79.72 - - [24/Jan/2023:05:20:29 -0800] "GET /world/russ/moschurch32.jpg HTTP/1.1" 200 92406 "-" "Mozilla/5.0 (compatible; SeznamBot/3.2; +http://napoveda.seznam.cz/en/seznambot-intro/)" "ysfine.com"
77.75.79.72 - - [24/Jan/2023:05:20:31 -0800] "GET /world/france/eiffel01.jpg HTTP/1.1" 200 81535 "-" "Mozilla/5.0 (compatible; SeznamBot/3.2; +http://napoveda.seznam.cz/en/seznambot-intro/)" "ysfine.com"
77.75.79.72 - - [24/Jan/2023:05:20:33 -0800] "GET /world/russ/bolshoi11.jpg HTTP/1.1" 200 108077 "-" "Mozilla/5.0 (compatible; SeznamBot/3.2; +http://napoveda.seznam.cz/en/seznambot-intro/)" "ysfine.com"
77.75.79.72 - - [24/Jan/2023:05:20:36 -0800] "GET /style/musee/orsaym02.jpg HTTP/1.1" 200 100718 "-" "Mozilla/5.0 (compatible; SeznamBot/3.2; +http://napoveda.seznam.cz/en/seznambot-intro/)" "ysfine.com"
77.75.79.72 - - [24/Jan/2023:05:20:37 -0800] "GET /world/brit/downing01.jpg HTTP/1.1" 304 - "-" "Mozilla/5.0 (compatible; SeznamBot/3.2; +http://napoveda.seznam.cz/en/seznambot-intro/)" "ysfine.com"
77.75.79.72 - - [24/Jan/2023:05:20:38 -0800] "GET /world/russ/minsk069.jpg HTTP/1.1" 200 84373 "-" "Mozilla/5.0 (compatible; SeznamBot/3.2; +http://napoveda.seznam.cz/en/seznambot-intro/)" "ysfine.com"
77.75.79.72 - - [24/Jan/2023:05:20:39 -0800] "GET /world/brit/marble03.jpg HTTP/1.1" 304 - "-" "Mozilla/5.0 (compatible; SeznamBot/3.2; +http://napoveda.seznam.cz/en/seznambot-intro/)" "ysfine.com"
77.75.79.72 - - [24/Jan/2023:05:20:40 -0800] "GET /world/france/vers12.jpg HTTP/1.1" 200 211082 "-" "Mozilla/5.0 (compatible; SeznamBot/3.2; +http://napoveda.seznam.cz/en/seznambot-intro/)" "ysfine.com"
207.46.13.27 - - [24/Jan/2023:05:20:54 -0800] "GET /wdc/gtown26.jpg HTTP/1.1" 200 54564 "-" "Mozilla/5.0 AppleWebKit/537.36 (KHTML, like Gecko; compatible; bingbot/2.0; +http://www.bing.com/bingbot.htm) Chrome/103.0.5060.134 Safari/537.36" "ysfine.com"
71.178.208.102 - - [24/Jan/2023:05:21:05 -0800] "GET /awards/index.html HTTP/1.1" 304 - "https://www.ysfine.com/ys11/index.html" "Mozilla/5.0 (Windows NT 10.0; Win64; x64) AppleWebKit/537.36 (KHTML, like Gecko) Chrome/109.0.0.0 Safari/537.36 Edg/109.0.1518.61" "www.ysfine.com"
207.46.13.15 - - [24/Jan/2023:05:21:06 -0800] "GET /princeton/wilspoin.html HTTP/1.1" 200 658 "-" "Mozilla/5.0 AppleWebKit/537.36 (KHTML, like Gecko; compatible; bingbot/2.0; +http://www.bing.com/bingbot.htm) Chrome/103.0.5060.134 Safari/537.36" "ysfine.com"
207.46.13.89 - - [24/Jan/2023:05:21:58 -0800] "GET /home/100yrs.html HTTP/1.1" 200 7936 "-" "Mozilla/5.0 AppleWebKit/537.36 (KHTML, like Gecko; compatible; bingbot/2.0; +http://www.bing.com/bingbot.htm) Chrome/103.0.5060.134 Safari/537.36" "www.ysfine.com"
207.46.13.167 - - [24/Jan/2023:05:22:05 -0800] "GET /world/russ/msukor.bak HTTP/1.1" 200 1989 "-" "Mozilla/5.0 AppleWebKit/537.36 (KHTML, like Gecko; compatible; bingbot/2.0; +http://www.bing.com/bingbot.htm) Chrome/103.0.5060.134 Safari/537.36" "ysfine.com"
207.46.13.27 - - [24/Jan/2023:05:22:39 -0800] "GET /bio/style/artlove.html HTTP/1.1" 404 88 "-" "Mozilla/5.0 AppleWebKit/537.36 (KHTML, like Gecko; compatible; bingbot/2.0; +http://www.bing.com/bingbot.htm) Chrome/103.0.5060.134 Safari/537.36" "ysfine.com"
188.212.135.138 - - [24/Jan/2023:05:22:47 -0800] "GET /jobs/koreaj.html HTTP/1.1" 200 5358 "-" "Mozilla/5.0 (X11; Linux x86_64) AppleWebKit/537.36 (KHTML, like Gecko) Chrome/109.0.0.0 Safari/537.36" "ysfine.com"
188.212.135.138 - - [24/Jan/2023:05:22:47 -0800] "GET /jobs/koreaj11b.jpg HTTP/1.1" 200 67543 "https://ysfine.com/jobs/koreaj.html" "Mozilla/5.0 (X11; Linux x86_64) AppleWebKit/537.36 (KHTML, like Gecko) Chrome/109.0.0.0 Safari/537.36" "ysfine.com"
188.212.135.138 - - [24/Jan/2023:05:22:48 -0800] "GET /favicon.ico HTTP/1.1" 404 88 "https://ysfine.com/jobs/koreaj.html" "Mozilla/5.0 (X11; Linux x86_64) AppleWebKit/537.36 (KHTML, like Gecko) Chrome/109.0.0.0 Safari/537.36" "ysfine.com"
207.46.13.27 - - [24/Jan/2023:05:24:07 -0800] "GET /bio/sbk/1950.html HTTP/1.1" 404 88 "-" "Mozilla/5.0 AppleWebKit/537.36 (KHTML, like Gecko; compatible; bingbot/2.0; +http://www.bing.com/bingbot.htm) Chrome/103.0.5060.134 Safari/537.36" "ysfine.com"
207.46.13.43 - - [24/Jan/2023:05:24:44 -0800] "GET /bio/kobak/soraech.html HTTP/1.1" 404 88 "-" "Mozilla/5.0 AppleWebKit/537.36 (KHTML, like Gecko; compatible; bingbot/2.0; +http://www.bing.com/bingbot.htm) Chrome/103.0.5060.134 Safari/537.36" "ysfine.com"
51.222.253.4 - - [24/Jan/2023:05:25:38 -0800] "GET /kowar/war53.html HTTP/1.1" 200 6652 "-" "Mozilla/5.0 (compatible; AhrefsBot/7.0; +http://ahrefs.com/robot/)" "ysfine.com"
51.222.253.18 - - [24/Jan/2023:05:26:11 -0800] "GET /kobak/underw06b.jpg HTTP/1.1" 200 51332 "-" "Mozilla/5.0 (compatible; AhrefsBot/7.0; +http://ahrefs.com/robot/)" "ysfine.com"
51.222.253.18 - - [24/Jan/2023:05:26:12 -0800] "GET /kobak/rhee12b.jpg HTTP/1.1" 200 49113 "-" "Mozilla/5.0 (compatible; AhrefsBot/7.0; +http://ahrefs.com/robot/)" "ysfine.com"
207.46.13.43 - - [24/Jan/2023:05:26:23 -0800] "GET /feynman/ppic/quantum01b.jpg HTTP/1.1" 200 28714 "-" "Mozilla/5.0 AppleWebKit/537.36 (KHTML, like Gecko; compatible; bingbot/2.0; +http://www.bing.com/bingbot.htm) Chrome/103.0.5060.134 Safari/537.36" "ysfine.com"
35.168.9.81 - - [24/Jan/2023:05:26:41 -0800] "GET /ads.txt HTTP/1.1" 404 88 "-" "AdsTxtCrawler/1.0.2" "ysfine.com"
51.222.253.14 - - [24/Jan/2023:05:27:12 -0800] "GET /kobak/nll01b.jpg HTTP/1.1" 200 30471 "-" "Mozilla/5.0 (compatible; AhrefsBot/7.0; +http://ahrefs.com/robot/)" "ysfine.com"
51.222.253.4 - - [24/Jan/2023:05:27:13 -0800] "GET /kobak/kumipo01b.jpg HTTP/1.1" 200 32923 "-" "Mozilla/5.0 (compatible; AhrefsBot/7.0; +http://ahrefs.com/robot/)" "ysfine.com"
207.46.13.167 - - [24/Jan/2023:05:28:07 -0800] "GET /world/polandp.html HTTP/1.1" 200 5411 "-" "Mozilla/5.0 AppleWebKit/537.36 (KHTML, like Gecko; compatible; bingbot/2.0; +http://www.bing.com/bingbot.htm) Chrome/103.0.5060.134 Safari/537.36" "ysfine.com"
51.222.253.19 - - [24/Jan/2023:05:28:13 -0800] "GET /kobak/sohnwi01b.jpg HTTP/1.1" 200 35047 "-" "Mozilla/5.0 (compatible; AhrefsBot/7.0; +http://ahrefs.com/robot/)" "ysfine.com"
51.222.253.18 - - [24/Jan/2023:05:28:13 -0800] "GET /kobak/draftreg33b.jpg HTTP/1.1" 200 39377 "-" "Mozilla/5.0 (compatible; AhrefsBot/7.0; +http://ahrefs.com/robot/)" "ysfine.com"
71.178.208.102 - - [24/Jan/2023:05:28:23 -0800] "GET /bio17.html HTTP/1.1" 304 - "https://www.ysfine.com/ys11/index.html" "Mozilla/5.0 (Windows NT 10.0; Win64; x64) AppleWebKit/537.36 (KHTML, like Gecko) Chrome/109.0.0.0 Safari/537.36 Edg/109.0.1518.61" "www.ysfine.com"
35.84.182.219 - - [24/Jan/2023:05:28:35 -0800] "GET / HTTP/1.1" 200 5295 "-" "Mozilla/5.0 (Macintosh; Intel Mac OS X 10_8_3) AppleWebKit/537.31 (KHTML, like Gecko) Chrome/26.0.1410.65 Safari/537.31" "ysfine.com"
51.222.253.14 - - [24/Jan/2023:05:28:44 -0800] "GET /kowar/panmun01b.jpg HTTP/1.1" 200 35620 "-" "Mozilla/5.0 (compatible; AhrefsBot/7.0; +http://ahrefs.com/robot/)" "ysfine.com"
51.222.253.7 - - [24/Jan/2023:05:29:31 -0800] "GET /kobak/underw12b.jpg HTTP/1.1" 200 42070 "-" "Mozilla/5.0 (compatible; AhrefsBot/7.0; +http://ahrefs.com/robot/)" "ysfine.com"
207.46.13.167 - - [24/Jan/2023:05:29:38 -0800] "GET /maga/marxphil.html HTTP/1.1" 404 88 "-" "Mozilla/5.0 AppleWebKit/537.36 (KHTML, like Gecko; compatible; bingbot/2.0; +http://www.bing.com/bingbot.htm) Chrome/103.0.5060.134 Safari/537.36" "ysfine.com"
71.178.208.102 - - [24/Jan/2023:05:30:16 -0800] "GET /awards/iaotp/yskim.pdf HTTP/1.1" 404 88 "https://www.ysfine.com/bio17.html" "Mozilla/5.0 (Windows NT 10.0; Win64; x64) AppleWebKit/537.36 (KHTML, like Gecko) Chrome/109.0.0.0 Safari/537.36 Edg/109.0.1518.61" "www.ysfine.com"
3.210.239.160 - - [24/Jan/2023:05:30:49 -0800] "GET /world/brit/harrow05.jpg HTTP/1.1" 200 248175 "-" "Mozilla/5.0 (Windows NT 10.0; Win64; x64) AppleWebKit/537.36 (KHTML, like Gecko) Chrome/63.0.3239.132 Safari/537.36" "www.ysfine.com"
157.55.39.60 - - [24/Jan/2023:05:31:25 -0800] "GET /bio/einstein/bern.html HTTP/1.1" 404 88 "-" "Mozilla/5.0 AppleWebKit/537.36 (KHTML, like Gecko; compatible; bingbot/2.0; +http://www.bing.com/bingbot.htm) Chrome/103.0.5060.134 Safari/537.36" "ysfine.com"
71.178.208.102 - - [24/Jan/2023:05:31:58 -0800] "GET /bio17.html HTTP/1.1" 304 - "https://www.ysfine.com/ys11/index.html" "Mozilla/5.0 (Windows NT 10.0; Win64; x64) AppleWebKit/537.36 (KHTML, like Gecko) Chrome/109.0.0.0 Safari/537.36 Edg/109.0.1518.61" "www.ysfine.com"
207.46.13.27 - - [24/Jan/2023:05:32:25 -0800] "GET /princeton/pcomm02.jpg HTTP/1.1" 200 55458 "-" "Mozilla/5.0 AppleWebKit/537.36 (KHTML, like Gecko; compatible; bingbot/2.0; +http://www.bing.com/bingbot.htm) Chrome/103.0.5060.134 Safari/537.36" "ysfine.com"
207.46.13.27 - - [24/Jan/2023:05:33:37 -0800] "GET /bio/yshome.html HTTP/1.1" 404 88 "-" "Mozilla/5.0 AppleWebKit/537.36 (KHTML, like Gecko; compatible; bingbot/2.0; +http://www.bing.com/bingbot.htm) Chrome/103.0.5060.134 Safari/537.36" "ysfine.com"
51.222.253.18 - - [24/Jan/2023:05:36:39 -0800] "GET /wdc/annapolis.html HTTP/1.1" 200 3158 "-" "Mozilla/5.0 (compatible; AhrefsBot/7.0; +http://ahrefs.com/robot/)" "www.ysfine.com"
132.226.113.231 - - [24/Jan/2023:05:37:22 -0800] "GET /feynman/feynman.jpg HTTP/1.1" 200 40536 "-" "Mozilla/5.0 (X11; Ubuntu; Linux x86_64; rv:72.0) Gecko/20100101 Firefox/72.0" "ysfine.com"
194.214.167.202 - - [24/Jan/2023:05:37:29 -0800] "GET /wigner/neum/pvn03.jpg HTTP/1.1" 200 83757 "https://www.google.com/" "Mozilla/5.0 (Windows NT 6.1; rv:102.0) Gecko/20100101 Firefox/102.0" "ysfine.com"
207.46.13.167 - - [24/Jan/2023:05:37:41 -0800] "GET /bio/wigner/e(2).html HTTP/1.1" 404 88 "-" "Mozilla/5.0 AppleWebKit/537.36 (KHTML, like Gecko; compatible; bingbot/2.0; +http://www.bing.com/bingbot.htm) Chrome/103.0.5060.134 Safari/537.36" "ysfine.com"
51.222.253.4 - - [24/Jan/2023:05:37:47 -0800] "GET /wdc/usna17b.jpg HTTP/1.1" 200 44847 "-" "Mozilla/5.0 (compatible; AhrefsBot/7.0; +http://ahrefs.com/robot/)" "www.ysfine.com"
51.222.253.16 - - [24/Jan/2023:05:37:47 -0800] "GET /people/jweber2.jpg HTTP/1.1" 200 36994 "-" "Mozilla/5.0 (compatible; AhrefsBot/7.0; +http://ahrefs.com/robot/)" "www.ysfine.com"
194.214.167.202 - - [24/Jan/2023:05:37:49 -0800] "GET /wigner/neum/pvn03.jpg HTTP/1.1" 200 83757 "-" "Mozilla/5.0 (Windows NT 6.1; rv:102.0) Gecko/20100101 Firefox/102.0" "ysfine.com"
71.178.208.102 - - [24/Jan/2023:05:38:06 -0800] "GET /awards/timessq23.jpg HTTP/1.1" 200 249597 "https://www.ysfine.com/bio17.html" "Mozilla/5.0 (Windows NT 10.0; Win64; x64) AppleWebKit/537.36 (KHTML, like Gecko) Chrome/109.0.0.0 Safari/537.36 Edg/109.0.1518.61" "www.ysfine.com"
51.222.253.19 - - [24/Jan/2023:05:38:17 -0800] "GET /wdc/nato11b.jpg HTTP/1.1" 200 41360 "-" "Mozilla/5.0 (compatible; AhrefsBot/7.0; +http://ahrefs.com/robot/)" "www.ysfine.com"
51.222.253.10 - - [24/Jan/2023:05:38:18 -0800] "GET /wdc/usna01b.jpg HTTP/1.1" 200 51869 "-" "Mozilla/5.0 (compatible; AhrefsBot/7.0; +http://ahrefs.com/robot/)" "www.ysfine.com"
51.222.253.2 - - [24/Jan/2023:05:38:48 -0800] "GET /einstein/michelson11b.jpg HTTP/1.1" 200 35505 "-" "Mozilla/5.0 (compatible; AhrefsBot/7.0; +http://ahrefs.com/robot/)" "www.ysfine.com"
51.222.253.14 - - [24/Jan/2023:05:39:18 -0800] "GET /wdc/usna14b.jpg HTTP/1.1" 200 37900 "-" "Mozilla/5.0 (compatible; AhrefsBot/7.0; +http://ahrefs.com/robot/)" "www.ysfine.com"
71.178.208.102 - - [24/Jan/2023:05:40:46 -0800] "GET /ys22/dondon.html HTTP/1.1" 401 90 "https://ysfine.com/ys11/" "Mozilla/5.0 (Windows NT 10.0; Win64; x64) AppleWebKit/537.36 (KHTML, like Gecko) Chrome/109.0.0.0 Safari/537.36 Edg/109.0.1518.61" "ysfine.com"
71.178.208.102 - jake [24/Jan/2023:05:40:47 -0800] "GET /ys22/dondon.html HTTP/1.1" 200 2039 "https://ysfine.com/ys11/" "Mozilla/5.0 (Windows NT 10.0; Win64; x64) AppleWebKit/537.36 (KHTML, like Gecko) Chrome/109.0.0.0 Safari/537.36 Edg/109.0.1518.61" "ysfine.com"
144.202.25.134 - - [24/Jan/2023:05:41:30 -0800] "GET /wigner/neum/compu.html HTTP/1.1" 200 2267 "-" "Mozilla" "ysfine.com"
144.202.25.134 - - [24/Jan/2023:05:41:32 -0800] "GET /wigner/neum/compu.html HTTP/1.1" 200 2267 "-" "Mozilla" "ysfine.com"
207.46.13.43 - - [24/Jan/2023:05:42:34 -0800] "GET /awards/iaotp152.jpg HTTP/1.1" 200 186431 "-" "Mozilla/5.0 AppleWebKit/537.36 (KHTML, like Gecko; compatible; bingbot/2.0; +http://www.bing.com/bingbot.htm) Chrome/103.0.5060.134 Safari/537.36" "www.ysfine.com"
157.55.39.60 - - [24/Jan/2023:05:42:43 -0800] "GET /world/ital/pantheon.html HTTP/1.1" 200 277 "-" "Mozilla/5.0 AppleWebKit/537.36 (KHTML, like Gecko; compatible; bingbot/2.0; +http://www.bing.com/bingbot.htm) Chrome/103.0.5060.134 Safari/537.36" "www.ysfine.com"
65.21.7.254 - - [24/Jan/2023:05:42:43 -0800] "GET /einstein/places/ulm07b.jpg HTTP/1.1" 200 47767 "-" "Mozilla/5.0 (X11; Fedora; Linux x86_64) AppleWebKit/537.36 (KHTML, like Gecko) Chrome/79.0.3945.117 Safari/537.36" "ysfine.com"
65.21.7.254 - - [24/Jan/2023:05:43:16 -0800] "GET /einstein/places/ulm01b.jpg HTTP/1.1" 200 32131 "-" "Mozilla/5.0 (X11; Fedora; Linux x86_64) AppleWebKit/537.36 (KHTML, like Gecko) Chrome/79.0.3945.117 Safari/537.36" "ysfine.com"
71.178.208.102 - - [24/Jan/2023:05:43:19 -0800] "GET /ys11/ HTTP/1.1" 304 - "-" "Mozilla/5.0 (Windows NT 10.0; Win64; x64) AppleWebKit/537.36 (KHTML, like Gecko) Chrome/109.0.0.0 Safari/537.36" "ysfine.com"
71.178.208.102 - - [24/Jan/2023:05:43:22 -0800] "GET /ys22/dondon.html HTTP/1.1" 401 90 "https://ysfine.com/ys11/" "Mozilla/5.0 (Windows NT 10.0; Win64; x64) AppleWebKit/537.36 (KHTML, like Gecko) Chrome/109.0.0.0 Safari/537.36" "ysfine.com"
65.21.7.254 - - [24/Jan/2023:05:43:25 -0800] "GET /einstein/places/ulm03.jpg HTTP/1.1" 200 145594 "-" "Mozilla/5.0 (X11; Fedora; Linux x86_64) AppleWebKit/537.36 (KHTML, like Gecko) Chrome/79.0.3945.117 Safari/537.36" "ysfine.com"
114.119.143.25 - - [24/Jan/2023:05:43:42 -0800] "GET /home/feysavior.html HTTP/1.1" 200 2737 "https://ysfine.com/einstein/einmeson.html" "Mozilla/5.0 (Linux; Android 7.0;) AppleWebKit/537.36 (KHTML, like Gecko) Mobile Safari/537.36 (compatible; PetalBot;+https://webmaster.petalsearch.com/site/petalbot)" "ysfine.com"
65.21.7.254 - - [24/Jan/2023:05:44:06 -0800] "GET /einstein/places/ulm03b.jpg HTTP/1.1" 200 34473 "-" "Mozilla/5.0 (X11; Fedora; Linux x86_64) AppleWebKit/537.36 (KHTML, like Gecko) Chrome/79.0.3945.117 Safari/537.36" "ysfine.com"
207.46.13.27 - - [24/Jan/2023:05:44:07 -0800] "GET /dirac/hyperell01c.jpg HTTP/1.1" 200 24937 "-" "Mozilla/5.0 AppleWebKit/537.36 (KHTML, like Gecko; compatible; bingbot/2.0; +http://www.bing.com/bingbot.htm) Chrome/103.0.5060.134 Safari/537.36" "www.ysfine.com"
65.21.7.254 - - [24/Jan/2023:05:44:12 -0800] "GET /einstein/places/ulm07.jpg HTTP/1.1" 200 183075 "-" "Mozilla/5.0 (X11; Fedora; Linux x86_64) AppleWebKit/537.36 (KHTML, like Gecko) Chrome/79.0.3945.117 Safari/537.36" "ysfine.com"
207.46.13.15 - - [24/Jan/2023:05:44:38 -0800] "GET /world/brit/eton08.jpg HTTP/1.1" 200 122783 "-" "Mozilla/5.0 AppleWebKit/537.36 (KHTML, like Gecko; compatible; bingbot/2.0; +http://www.bing.com/bingbot.htm) Chrome/103.0.5060.134 Safari/537.36" "ysfine.com"
114.119.152.204 - - [24/Jan/2023:05:45:00 -0800] "GET /beau/israel.html HTTP/1.1" 404 88 "https://ysfine.com/beau/fdw.html" "Mozilla/5.0 (Linux; Android 7.0;) AppleWebKit/537.36 (KHTML, like Gecko) Mobile Safari/537.36 (compatible; PetalBot;+https://webmaster.petalsearch.com/site/petalbot)" "ysfine.com"
67.86.19.36 - - [24/Jan/2023:05:45:09 -0800] "GET /home/yskim1200.jpg HTTP/1.1" 200 399101 "-" "Mozilla/5.0 (Windows NT 10.0; Win64; x64) AppleWebKit/537.36 (KHTML, like Gecko) Chrome/109.0.0.0 Safari/537.36" "ysfine.com"
207.46.13.15 - - [24/Jan/2023:05:45:30 -0800] "GET /bio/style/proschanie.html HTTP/1.1" 404 88 "-" "Mozilla/5.0 AppleWebKit/537.36 (KHTML, like Gecko; compatible; bingbot/2.0; +http://www.bing.com/bingbot.htm) Chrome/103.0.5060.134 Safari/537.36" "ysfine.com"
67.86.19.36 - - [24/Jan/2023:05:45:40 -0800] "GET /home/ysnr1200.jpg HTTP/1.1" 200 1116736 "-" "Mozilla/5.0 (Windows NT 10.0; Win64; x64) AppleWebKit/537.36 (KHTML, like Gecko) Chrome/109.0.0.0 Safari/537.36" "ysfine.com"
65.21.7.254 - - [24/Jan/2023:05:46:29 -0800] "GET /einstein/places/ulm05.jpg HTTP/1.1" 200 123607 "-" "Mozilla/5.0 (X11; Fedora; Linux x86_64) AppleWebKit/537.36 (KHTML, like Gecko) Chrome/79.0.3945.117 Safari/537.36" "ysfine.com"
65.21.7.254 - - [24/Jan/2023:05:46:42 -0800] "GET /einstein/places/ulm02b.jpg HTTP/1.1" 200 54087 "-" "Mozilla/5.0 (X11; Fedora; Linux x86_64) AppleWebKit/537.36 (KHTML, like Gecko) Chrome/79.0.3945.117 Safari/537.36" "ysfine.com"
207.46.13.27 - - [24/Jan/2023:05:47:36 -0800] "GET /yspapers/minsk19.pdf HTTP/1.1" 304 - "-" "Mozilla/5.0 AppleWebKit/537.36 (KHTML, like Gecko; compatible; bingbot/2.0; +http://www.bing.com/bingbot.htm) Chrome/103.0.5060.134 Safari/537.36" "www.ysfine.com"
157.55.39.60 - - [24/Jan/2023:05:47:46 -0800] "GET /bio/kobak/namdae.html HTTP/1.1" 404 88 "-" "Mozilla/5.0 AppleWebKit/537.36 (KHTML, like Gecko; compatible; bingbot/2.0; +http://www.bing.com/bingbot.htm) Chrome/103.0.5060.134 Safari/537.36" "ysfine.com"
201.239.251.15 - - [24/Jan/2023:05:48:11 -0800] "GET /heisen/einheisen.html HTTP/1.1" 200 5141 "https://www.google.com/" "Mozilla/5.0 (Windows NT 10.0; Win64; x64) AppleWebKit/537.36 (KHTML, like Gecko) Chrome/109.0.0.0 Safari/537.36" "ysfine.com"
201.239.251.15 - - [24/Jan/2023:05:48:12 -0800] "GET /heisen/heisen66c.jpg HTTP/1.1" 200 43543 "https://ysfine.com/heisen/einheisen.html" "Mozilla/5.0 (Windows NT 10.0; Win64; x64) AppleWebKit/537.36 (KHTML, like Gecko) Chrome/109.0.0.0 Safari/537.36" "ysfine.com"
201.239.251.15 - - [24/Jan/2023:05:48:12 -0800] "GET /wigner/wigheis11c.jpg HTTP/1.1" 200 41279 "https://ysfine.com/heisen/einheisen.html" "Mozilla/5.0 (Windows NT 10.0; Win64; x64) AppleWebKit/537.36 (KHTML, like Gecko) Chrome/109.0.0.0 Safari/537.36" "ysfine.com"
201.239.251.15 - - [24/Jan/2023:05:48:12 -0800] "GET /heisen/schroheisen33c.jpg HTTP/1.1" 200 47347 "https://ysfine.com/heisen/einheisen.html" "Mozilla/5.0 (Windows NT 10.0; Win64; x64) AppleWebKit/537.36 (KHTML, like Gecko) Chrome/109.0.0.0 Safari/537.36" "ysfine.com"
201.239.251.15 - - [24/Jan/2023:05:48:12 -0800] "GET /einstein/fantova/fanto11c.jpg HTTP/1.1" 200 48308 "https://ysfine.com/heisen/einheisen.html" "Mozilla/5.0 (Windows NT 10.0; Win64; x64) AppleWebKit/537.36 (KHTML, like Gecko) Chrome/109.0.0.0 Safari/537.36" "ysfine.com"
201.239.251.15 - - [24/Jan/2023:05:48:12 -0800] "GET /yspapers/o32inho22c.jpg HTTP/1.1" 200 33092 "https://ysfine.com/heisen/einheisen.html" "Mozilla/5.0 (Windows NT 10.0; Win64; x64) AppleWebKit/537.36 (KHTML, like Gecko) Chrome/109.0.0.0 Safari/537.36" "ysfine.com"
201.239.251.15 - - [24/Jan/2023:05:48:12 -0800] "GET /eink/pwk19c.jpg HTTP/1.1" 200 57759 "https://ysfine.com/heisen/einheisen.html" "Mozilla/5.0 (Windows NT 10.0; Win64; x64) AppleWebKit/537.36 (KHTML, like Gecko) Chrome/109.0.0.0 Safari/537.36" "ysfine.com"
201.239.251.15 - - [24/Jan/2023:05:48:12 -0800] "GET /einstein/einhouse11c.jpg HTTP/1.1" 200 32610 "https://ysfine.com/heisen/einheisen.html" "Mozilla/5.0 (Windows NT 10.0; Win64; x64) AppleWebKit/537.36 (KHTML, like Gecko) Chrome/109.0.0.0 Safari/537.36" "ysfine.com"
201.239.251.15 - - [24/Jan/2023:05:48:12 -0800] "GET /heisen/bohrheisen11c.jpg HTTP/1.1" 200 41289 "https://ysfine.com/heisen/einheisen.html" "Mozilla/5.0 (Windows NT 10.0; Win64; x64) AppleWebKit/537.36 (KHTML, like Gecko) Chrome/109.0.0.0 Safari/537.36" "ysfine.com"
201.239.251.15 - - [24/Jan/2023:05:48:12 -0800] "GET /eink/eink61c.jpg HTTP/1.1" 200 34119 "https://ysfine.com/heisen/einheisen.html" "Mozilla/5.0 (Windows NT 10.0; Win64; x64) AppleWebKit/537.36 (KHTML, like Gecko) Chrome/109.0.0.0 Safari/537.36" "ysfine.com"
201.239.251.15 - - [24/Jan/2023:05:48:15 -0800] "GET /favicon.ico HTTP/1.1" 404 88 "https://ysfine.com/heisen/einheisen.html" "Mozilla/5.0 (Windows NT 10.0; Win64; x64) AppleWebKit/537.36 (KHTML, like Gecko) Chrome/109.0.0.0 Safari/537.36" "ysfine.com"
114.119.158.34 - - [24/Jan/2023:05:48:17 -0800] "GET /maga/phil/sisfa12/frame44.html HTTP/1.1" 200 319 "https://ysfine.com/maga/phil/sisfa12/frame43.html" "Mozilla/5.0 (Linux; Android 7.0;) AppleWebKit/537.36 (KHTML, like Gecko) Mobile Safari/537.36 (compatible; PetalBot;+https://webmaster.petalsearch.com/site/petalbot)" "ysfine.com"
31.221.109.36 - - [24/Jan/2023:05:48:19 -0800] "GET /world/ital/galmil.html HTTP/1.1" 200 1084 "-" "Mozilla/5.0 (Windows NT 10.0; Win64; x64) AppleWebKit/537.36 (KHTML, like Gecko) Chrome/109.0.0.0 Safari/537.36 Edg/109.0.1518.52" "www.ysfine.com"
31.221.109.36 - - [24/Jan/2023:05:48:19 -0800] "GET /world/ital/sapienza18.jpg HTTP/1.1" 200 44196 "https://www.ysfine.com/world/ital/galmil.html" "Mozilla/5.0 (Windows NT 10.0; Win64; x64) AppleWebKit/537.36 (KHTML, like Gecko) Chrome/109.0.0.0 Safari/537.36 Edg/109.0.1518.52" "www.ysfine.com"
207.46.13.27 - - [24/Jan/2023:05:48:19 -0800] "GET /bio/kobak/yskor.html HTTP/1.1" 404 88 "-" "Mozilla/5.0 AppleWebKit/537.36 (KHTML, like Gecko; compatible; bingbot/2.0; +http://www.bing.com/bingbot.htm) Chrome/103.0.5060.134 Safari/537.36" "ysfine.com"
67.86.19.36 - - [24/Jan/2023:05:48:33 -0800] "GET /home/ysvienn.jpg HTTP/1.1" 200 496821 "-" "Mozilla/5.0 (Windows NT 10.0; Win64; x64) AppleWebKit/537.36 (KHTML, like Gecko) Chrome/109.0.0.0 Safari/537.36" "ysfine.com"
207.46.13.43 - - [24/Jan/2023:05:48:47 -0800] "GET /bio.html HTTP/1.1" 200 18260 "-" "Mozilla/5.0 AppleWebKit/537.36 (KHTML, like Gecko; compatible; bingbot/2.0; +http://www.bing.com/bingbot.htm) Chrome/103.0.5060.134 Safari/537.36" "ysfine.com"
207.46.13.27 - - [24/Jan/2023:05:49:27 -0800] "GET /princeton/index.html HTTP/1.1" 304 - "-" "Mozilla/5.0 AppleWebKit/537.36 (KHTML, like Gecko; compatible; bingbot/2.0; +http://www.bing.com/bingbot.htm) Chrome/103.0.5060.134 Safari/537.36" "www.ysfine.com"
51.222.253.6 - - [24/Jan/2023:05:49:53 -0800] "GET /remote/wigner111/frame15.html HTTP/1.1" 200 846 "-" "Mozilla/5.0 (compatible; AhrefsBot/7.0; +http://ahrefs.com/robot/)" "ysfine.com"
108.213.92.61 - - [24/Jan/2023:05:49:58 -0800] "GET /world/brit/etonharrow.html HTTP/1.1" 200 4544 "https://www.google.com/" "Mozilla/5.0 (iPhone; CPU iPhone OS 15_7_2 like Mac OS X) AppleWebKit/605.1.15 (KHTML, like Gecko) Version/15.6.4 Mobile/15E148 Safari/604.1" "ysfine.com"
108.213.92.61 - - [24/Jan/2023:05:49:59 -0800] "GET /world/brit/winston01b.jpg HTTP/1.1" 200 38436 "https://ysfine.com/world/brit/etonharrow.html" "Mozilla/5.0 (iPhone; CPU iPhone OS 15_7_2 like Mac OS X) AppleWebKit/605.1.15 (KHTML, like Gecko) Version/15.6.4 Mobile/15E148 Safari/604.1" "ysfine.com"
108.213.92.61 - - [24/Jan/2023:05:49:59 -0800] "GET /world/brit/nehru11b.jpg HTTP/1.1" 200 43052 "https://ysfine.com/world/brit/etonharrow.html" "Mozilla/5.0 (iPhone; CPU iPhone OS 15_7_2 like Mac OS X) AppleWebKit/605.1.15 (KHTML, like Gecko) Version/15.6.4 Mobile/15E148 Safari/604.1" "ysfine.com"
108.213.92.61 - - [24/Jan/2023:05:49:59 -0800] "GET /kobak/kwk11b.jpg HTTP/1.1" 200 46888 "https://ysfine.com/world/brit/etonharrow.html" "Mozilla/5.0 (iPhone; CPU iPhone OS 15_7_2 like Mac OS X) AppleWebKit/605.1.15 (KHTML, like Gecko) Version/15.6.4 Mobile/15E148 Safari/604.1" "ysfine.com"
108.213.92.61 - - [24/Jan/2023:05:49:59 -0800] "GET /world/brit/eton01b.jpg HTTP/1.1" 200 47771 "https://ysfine.com/world/brit/etonharrow.html" "Mozilla/5.0 (iPhone; CPU iPhone OS 15_7_2 like Mac OS X) AppleWebKit/605.1.15 (KHTML, like Gecko) Version/15.6.4 Mobile/15E148 Safari/604.1" "ysfine.com"
108.213.92.61 - - [24/Jan/2023:05:50:00 -0800] "GET /eink/pwk19c.jpg HTTP/1.1" 200 57759 "https://ysfine.com/world/brit/etonharrow.html" "Mozilla/5.0 (iPhone; CPU iPhone OS 15_7_2 like Mac OS X) AppleWebKit/605.1.15 (KHTML, like Gecko) Version/15.6.4 Mobile/15E148 Safari/604.1" "ysfine.com"
108.213.92.61 - - [24/Jan/2023:05:50:00 -0800] "GET /world/brit/eton03b.jpg HTTP/1.1" 200 45141 "https://ysfine.com/world/brit/etonharrow.html" "Mozilla/5.0 (iPhone; CPU iPhone OS 15_7_2 like Mac OS X) AppleWebKit/605.1.15 (KHTML, like Gecko) Version/15.6.4 Mobile/15E148 Safari/604.1" "ysfine.com"
108.213.92.61 - - [24/Jan/2023:05:50:00 -0800] "GET /world/brit/eton02b.jpg HTTP/1.1" 200 39432 "https://ysfine.com/world/brit/etonharrow.html" "Mozilla/5.0 (iPhone; CPU iPhone OS 15_7_2 like Mac OS X) AppleWebKit/605.1.15 (KHTML, like Gecko) Version/15.6.4 Mobile/15E148 Safari/604.1" "ysfine.com"
108.213.92.61 - - [24/Jan/2023:05:50:00 -0800] "GET /kobak/taylor33c.jpg HTTP/1.1" 200 39951 "https://ysfine.com/world/brit/etonharrow.html" "Mozilla/5.0 (iPhone; CPU iPhone OS 15_7_2 like Mac OS X) AppleWebKit/605.1.15 (KHTML, like Gecko) Version/15.6.4 Mobile/15E148 Safari/604.1" "ysfine.com"
108.213.92.61 - - [24/Jan/2023:05:50:00 -0800] "GET /world/brit/eton07b.jpg HTTP/1.1" 200 36566 "https://ysfine.com/world/brit/etonharrow.html" "Mozilla/5.0 (iPhone; CPU iPhone OS 15_7_2 like Mac OS X) AppleWebKit/605.1.15 (KHTML, like Gecko) Version/15.6.4 Mobile/15E148 Safari/604.1" "ysfine.com"
108.213.92.61 - - [24/Jan/2023:05:50:00 -0800] "GET /world/brit/harrow09b.jpg HTTP/1.1" 200 48797 "https://ysfine.com/world/brit/etonharrow.html" "Mozilla/5.0 (iPhone; CPU iPhone OS 15_7_2 like Mac OS X) AppleWebKit/605.1.15 (KHTML, like Gecko) Version/15.6.4 Mobile/15E148 Safari/604.1" "ysfine.com"
108.213.92.61 - - [24/Jan/2023:05:50:00 -0800] "GET /world/brit/harrow01b.jpg HTTP/1.1" 200 54632 "https://ysfine.com/world/brit/etonharrow.html" "Mozilla/5.0 (iPhone; CPU iPhone OS 15_7_2 like Mac OS X) AppleWebKit/605.1.15 (KHTML, like Gecko) Version/15.6.4 Mobile/15E148 Safari/604.1" "ysfine.com"
108.213.92.61 - - [24/Jan/2023:05:50:00 -0800] "GET /world/brit/harrow11b.jpg HTTP/1.1" 200 42533 "https://ysfine.com/world/brit/etonharrow.html" "Mozilla/5.0 (iPhone; CPU iPhone OS 15_7_2 like Mac OS X) AppleWebKit/605.1.15 (KHTML, like Gecko) Version/15.6.4 Mobile/15E148 Safari/604.1" "ysfine.com"
108.213.92.61 - - [24/Jan/2023:05:50:00 -0800] "GET /world/brit/windsor02b.jpg HTTP/1.1" 200 40724 "https://ysfine.com/world/brit/etonharrow.html" "Mozilla/5.0 (iPhone; CPU iPhone OS 15_7_2 like Mac OS X) AppleWebKit/605.1.15 (KHTML, like Gecko) Version/15.6.4 Mobile/15E148 Safari/604.1" "ysfine.com"
108.213.92.61 - - [24/Jan/2023:05:50:00 -0800] "GET /world/brit/harrow12b.jpg HTTP/1.1" 200 45104 "https://ysfine.com/world/brit/etonharrow.html" "Mozilla/5.0 (iPhone; CPU iPhone OS 15_7_2 like Mac OS X) AppleWebKit/605.1.15 (KHTML, like Gecko) Version/15.6.4 Mobile/15E148 Safari/604.1" "ysfine.com"
108.213.92.61 - - [24/Jan/2023:05:50:00 -0800] "GET /world/brit/harrow04b.jpg HTTP/1.1" 200 48004 "https://ysfine.com/world/brit/etonharrow.html" "Mozilla/5.0 (iPhone; CPU iPhone OS 15_7_2 like Mac OS X) AppleWebKit/605.1.15 (KHTML, like Gecko) Version/15.6.4 Mobile/15E148 Safari/604.1" "ysfine.com"
207.46.13.167 - - [24/Jan/2023:05:50:41 -0800] "GET /bio/princeton/campus.html HTTP/1.1" 404 88 "-" "Mozilla/5.0 AppleWebKit/537.36 (KHTML, like Gecko; compatible; bingbot/2.0; +http://www.bing.com/bingbot.htm) Chrome/103.0.5060.134 Safari/537.36" "ysfine.com"
80.251.181.18 - - [24/Jan/2023:05:51:59 -0800] "GET /world/russ/arbat01.jpg HTTP/1.1" 200 107338 "https://www.google.com/" "Mozilla/5.0 (Macintosh; Intel Mac OS X 10_15_7) AppleWebKit/605.1.15 (KHTML, like Gecko) Version/16.3 Safari/605.1.15" "ysfine.com"
201.239.251.15 - - [24/Jan/2023:05:52:15 -0800] "GET /heisen/heisen54.html HTTP/1.1" 200 4526 "https://ysfine.com/heisen/einheisen.html" "Mozilla/5.0 (Windows NT 10.0; Win64; x64) AppleWebKit/537.36 (KHTML, like Gecko) Chrome/109.0.0.0 Safari/537.36" "ysfine.com"
201.239.251.15 - - [24/Jan/2023:05:52:15 -0800] "GET /heisen/heisen33b.jpg HTTP/1.1" 200 78035 "https://ysfine.com/heisen/heisen54.html" "Mozilla/5.0 (Windows NT 10.0; Win64; x64) AppleWebKit/537.36 (KHTML, like Gecko) Chrome/109.0.0.0 Safari/537.36" "ysfine.com"
201.239.251.15 - - [24/Jan/2023:05:52:15 -0800] "GET /wigner/wigkim11b.jpg HTTP/1.1" 200 38616 "https://ysfine.com/heisen/heisen54.html" "Mozilla/5.0 (Windows NT 10.0; Win64; x64) AppleWebKit/537.36 (KHTML, like Gecko) Chrome/109.0.0.0 Safari/537.36" "ysfine.com"
201.239.251.15 - - [24/Jan/2023:05:52:15 -0800] "GET /einstein/pics/minsk11b.jpg HTTP/1.1" 200 19923 "https://ysfine.com/heisen/heisen54.html" "Mozilla/5.0 (Windows NT 10.0; Win64; x64) AppleWebKit/537.36 (KHTML, like Gecko) Chrome/109.0.0.0 Safari/537.36" "ysfine.com"
201.239.251.15 - - [24/Jan/2023:05:52:15 -0800] "GET /einstein/pics/minsk30d.jpg HTTP/1.1" 200 38457 "https://ysfine.com/heisen/heisen54.html" "Mozilla/5.0 (Windows NT 10.0; Win64; x64) AppleWebKit/537.36 (KHTML, like Gecko) Chrome/109.0.0.0 Safari/537.36" "ysfine.com"
201.239.251.15 - - [24/Jan/2023:05:52:15 -0800] "GET /einstein/math/sp2b.jpg HTTP/1.1" 200 27631 "https://ysfine.com/heisen/heisen54.html" "Mozilla/5.0 (Windows NT 10.0; Win64; x64) AppleWebKit/537.36 (KHTML, like Gecko) Chrome/109.0.0.0 Safari/537.36" "ysfine.com"
201.239.251.15 - - [24/Jan/2023:05:52:15 -0800] "GET /einstein/pics/minsk10b.jpg HTTP/1.1" 200 14905 "https://ysfine.com/heisen/heisen54.html" "Mozilla/5.0 (Windows NT 10.0; Win64; x64) AppleWebKit/537.36 (KHTML, like Gecko) Chrome/109.0.0.0 Safari/537.36" "ysfine.com"
201.239.251.15 - - [24/Jan/2023:05:52:15 -0800] "GET /einstein/pics/minsk21d.jpg HTTP/1.1" 200 45622 "https://ysfine.com/heisen/heisen54.html" "Mozilla/5.0 (Windows NT 10.0; Win64; x64) AppleWebKit/537.36 (KHTML, like Gecko) Chrome/109.0.0.0 Safari/537.36" "ysfine.com"
201.239.251.15 - - [24/Jan/2023:05:52:15 -0800] "GET /dirac/2osc22c.jpg HTTP/1.1" 200 28929 "https://ysfine.com/heisen/heisen54.html" "Mozilla/5.0 (Windows NT 10.0; Win64; x64) AppleWebKit/537.36 (KHTML, like Gecko) Chrome/109.0.0.0 Safari/537.36" "ysfine.com"
201.239.251.15 - - [24/Jan/2023:05:52:15 -0800] "GET /einstein/pics/minsk23d.jpg HTTP/1.1" 200 71551 "https://ysfine.com/heisen/heisen54.html" "Mozilla/5.0 (Windows NT 10.0; Win64; x64) AppleWebKit/537.36 (KHTML, like Gecko) Chrome/109.0.0.0 Safari/537.36" "ysfine.com"
207.46.13.43 - - [24/Jan/2023:05:52:16 -0800] "GET /bio/eink/buythisbook.html HTTP/1.1" 404 88 "-" "Mozilla/5.0 AppleWebKit/537.36 (KHTML, like Gecko; compatible; bingbot/2.0; +http://www.bing.com/bingbot.htm) Chrome/103.0.5060.134 Safari/537.36" "ysfine.com"
207.46.13.167 - - [24/Jan/2023:05:52:59 -0800] "GET /world/china/qingdao07.jpg HTTP/1.1" 200 119626 "-" "Mozilla/5.0 AppleWebKit/537.36 (KHTML, like Gecko; compatible; bingbot/2.0; +http://www.bing.com/bingbot.htm) Chrome/103.0.5060.134 Safari/537.36" "ysfine.com"
201.239.251.15 - - [24/Jan/2023:05:53:49 -0800] "GET /heisen/einheisen00.html HTTP/1.1" 200 5149 "https://ysfine.com/heisen/heisen54.html" "Mozilla/5.0 (Windows NT 10.0; Win64; x64) AppleWebKit/537.36 (KHTML, like Gecko) Chrome/109.0.0.0 Safari/537.36" "ysfine.com"
201.239.251.15 - - [24/Jan/2023:05:53:49 -0800] "GET /heisen/heisen66b.jpg HTTP/1.1" 200 37238 "https://ysfine.com/heisen/einheisen00.html" "Mozilla/5.0 (Windows NT 10.0; Win64; x64) AppleWebKit/537.36 (KHTML, like Gecko) Chrome/109.0.0.0 Safari/537.36" "ysfine.com"
201.239.251.15 - - [24/Jan/2023:05:53:49 -0800] "GET /wigner/wigheis11b.jpg HTTP/1.1" 200 38703 "https://ysfine.com/heisen/einheisen00.html" "Mozilla/5.0 (Windows NT 10.0; Win64; x64) AppleWebKit/537.36 (KHTML, like Gecko) Chrome/109.0.0.0 Safari/537.36" "ysfine.com"
201.239.251.15 - - [24/Jan/2023:05:53:49 -0800] "GET /maga/phys/schroheisen33b.jpg HTTP/1.1" 200 41615 "https://ysfine.com/heisen/einheisen00.html" "Mozilla/5.0 (Windows NT 10.0; Win64; x64) AppleWebKit/537.36 (KHTML, like Gecko) Chrome/109.0.0.0 Safari/537.36" "ysfine.com"
201.239.251.15 - - [24/Jan/2023:05:53:49 -0800] "GET /einstein/einhouse11b.jpg HTTP/1.1" 200 42717 "https://ysfine.com/heisen/einheisen00.html" "Mozilla/5.0 (Windows NT 10.0; Win64; x64) AppleWebKit/537.36 (KHTML, like Gecko) Chrome/109.0.0.0 Safari/537.36" "ysfine.com"
201.239.251.15 - - [24/Jan/2023:05:53:49 -0800] "GET /maga/phys/bohrheisen11b.jpg HTTP/1.1" 200 47511 "https://ysfine.com/heisen/einheisen00.html" "Mozilla/5.0 (Windows NT 10.0; Win64; x64) AppleWebKit/537.36 (KHTML, like Gecko) Chrome/109.0.0.0 Safari/537.36" "ysfine.com"
201.239.251.15 - - [24/Jan/2023:05:53:49 -0800] "GET /einstein/fantova/fanto11b.jpg HTTP/1.1" 200 52186 "https://ysfine.com/heisen/einheisen00.html" "Mozilla/5.0 (Windows NT 10.0; Win64; x64) AppleWebKit/537.36 (KHTML, like Gecko) Chrome/109.0.0.0 Safari/537.36" "ysfine.com"
71.178.208.102 - - [24/Jan/2023:05:55:32 -0800] "GET /bio09.html HTTP/1.1" 304 - "https://www.ysfine.com/ys11/index.html" "Mozilla/5.0 (Windows NT 10.0; Win64; x64) AppleWebKit/537.36 (KHTML, like Gecko) Chrome/109.0.0.0 Safari/537.36 Edg/109.0.1518.61" "www.ysfine.com"
207.46.13.27 - - [24/Jan/2023:05:55:41 -0800] "GET /bio/style/artlove.html HTTP/1.1" 404 88 "-" "Mozilla/5.0 AppleWebKit/537.36 (KHTML, like Gecko; compatible; bingbot/2.0; +http://www.bing.com/bingbot.htm) Chrome/103.0.5060.134 Safari/537.36" "ysfine.com"
207.46.13.43 - - [24/Jan/2023:05:57:26 -0800] "GET /bio/kobak/soraech.html HTTP/1.1" 404 88 "-" "Mozilla/5.0 AppleWebKit/537.36 (KHTML, like Gecko; compatible; bingbot/2.0; +http://www.bing.com/bingbot.htm) Chrome/103.0.5060.134 Safari/537.36" "ysfine.com"
207.46.13.43 - - [24/Jan/2023:05:58:26 -0800] "GET /dirac/hyperell01.jpg HTTP/1.1" 200 42675 "-" "Mozilla/5.0 AppleWebKit/537.36 (KHTML, like Gecko; compatible; bingbot/2.0; +http://www.bing.com/bingbot.htm) Chrome/103.0.5060.134 Safari/537.36" "www.ysfine.com"
114.119.148.138 - - [24/Jan/2023:05:58:43 -0800] "GET /class54/acs/cafe33f.jpg HTTP/1.1" 200 147078 "https://ysfine.com/class54/emailed06.html" "Mozilla/5.0 (Linux; Android 7.0;) AppleWebKit/537.36 (KHTML, like Gecko) Mobile Safari/537.36 (compatible; PetalBot;+https://webmaster.petalsearch.com/site/petalbot)" "ysfine.com"
51.222.253.7 - - [24/Jan/2023:05:59:46 -0800] "GET /class54/ HTTP/1.1" 200 2551 "-" "Mozilla/5.0 (compatible; AhrefsBot/7.0; +http://ahrefs.com/robot/)" "ysfine.com"
116.179.32.140 - - [24/Jan/2023:06:01:41 -0800] "GET /dirac/lorendir.html HTTP/1.1" 200 2426 "-" "Mozilla/5.0 (Linux;u;Android 4.2.2;zh-cn;) AppleWebKit/534.46 (KHTML,like Gecko) Version/5.1 Mobile Safari/10600.6.3 (compatible; Baiduspider/2.0; +http://www.baidu.com/search/spider.html)" "ysfine.com"
116.179.37.96 - - [24/Jan/2023:06:01:43 -0800] "GET /dirac/licone600b.jpg HTTP/1.1" 200 29974 "https://ysfine.com/dirac/lorendir.html" "Mozilla/5.0 (iPhone; CPU iPhone OS 9_1 like Mac OS X) AppleWebKit/601.1.46 (KHTML, like Gecko) Version/9.0 Mobile/13B143 Safari/601.1 (compatible; Baiduspider-render/2.0; +http://www.baidu.com/search/spider.html)" "ysfine.com"
116.179.37.132 - - [24/Jan/2023:06:01:44 -0800] "GET /dirac/diracbul270.jpg HTTP/1.1" 200 37621 "https://ysfine.com/dirac/lorendir.html" "Mozilla/5.0 (iPhone; CPU iPhone OS 9_1 like Mac OS X) AppleWebKit/601.1.46 (KHTML, like Gecko) Version/9.0 Mobile/13B143 Safari/601.1 (compatible; Baiduspider-render/2.0; +http://www.baidu.com/search/spider.html)" "ysfine.com"
116.179.37.169 - - [24/Jan/2023:06:01:44 -0800] "GET /einstein/einlorentz01b.jpg HTTP/1.1" 200 42310 "https://ysfine.com/dirac/lorendir.html" "Mozilla/5.0 (iPhone; CPU iPhone OS 9_1 like Mac OS X) AppleWebKit/601.1.46 (KHTML, like Gecko) Version/9.0 Mobile/13B143 Safari/601.1 (compatible; Baiduspider-render/2.0; +http://www.baidu.com/search/spider.html)" "ysfine.com"
207.46.13.27 - - [24/Jan/2023:06:04:26 -0800] "GET /bio/sbk/1950.html HTTP/1.1" 404 88 "-" "Mozilla/5.0 AppleWebKit/537.36 (KHTML, like Gecko; compatible; bingbot/2.0; +http://www.bing.com/bingbot.htm) Chrome/103.0.5060.134 Safari/537.36" "ysfine.com"
157.55.39.60 - - [24/Jan/2023:06:04:48 -0800] "GET /bio/einstein/bern.html HTTP/1.1" 404 88 "-" "Mozilla/5.0 AppleWebKit/537.36 (KHTML, like Gecko; compatible; bingbot/2.0; +http://www.bing.com/bingbot.htm) Chrome/103.0.5060.134 Safari/537.36" "ysfine.com"
185.191.171.9 - - [24/Jan/2023:06:06:19 -0800] "GET /robots.txt HTTP/1.1" 404 88 "-" "Mozilla/5.0 (compatible; SemrushBot/7~bl; +http://www.semrush.com/bot.html)" "www.ysfine.com"
185.191.171.43 - - [24/Jan/2023:06:06:20 -0800] "GET /dongio/french.html HTTP/1.1" 404 88 "-" "Mozilla/5.0 (compatible; SemrushBot/7~bl; +http://www.semrush.com/bot.html)" "www.ysfine.com"
185.191.171.15 - - [24/Jan/2023:06:06:22 -0800] "GET /sitemap.xml HTTP/1.1" 200 166 "-" "Mozilla/5.0 (compatible; SemrushBot/7~bl; +http://www.semrush.com/bot.html)" "www.ysfine.com"
66.249.70.30 - - [24/Jan/2023:06:06:58 -0800] "GET /maga/phys/ellipse77b.jpg HTTP/1.1" 200 16161 "-" "Googlebot-Image/1.0" "ysfine.com"
66.249.70.3 - - [24/Jan/2023:06:07:02 -0800] "GET /maga/phys/ellipse77a.jpg HTTP/1.1" 200 16686 "-" "Googlebot-Image/1.0" "ysfine.com"
207.46.13.89 - - [24/Jan/2023:06:08:10 -0800] "GET /world/france/montpar10.jpg HTTP/1.1" 200 206294 "-" "Mozilla/5.0 AppleWebKit/537.36 (KHTML, like Gecko; compatible; bingbot/2.0; +http://www.bing.com/bingbot.htm) Chrome/103.0.5060.134 Safari/537.36" "ysfine.com"
185.191.171.7 - - [24/Jan/2023:06:08:15 -0800] "GET /folks/korcasia.html HTTP/1.1" 200 2498 "-" "Mozilla/5.0 (compatible; SemrushBot/7~bl; +http://www.semrush.com/bot.html)" "www.ysfine.com"
207.46.13.167 - - [24/Jan/2023:06:08:27 -0800] "GET /robots.txt HTTP/1.1" 404 88 "-" "Mozilla/5.0 AppleWebKit/537.36 (KHTML, like Gecko; compatible; bingbot/2.0; +http://www.bing.com/bingbot.htm) Chrome/103.0.5060.134 Safari/537.36" "www.ysfine.com"
207.46.13.43 - - [24/Jan/2023:06:08:37 -0800] "GET /wigner/neum/vnc09.jpg HTTP/1.1" 200 112484 "-" "Mozilla/5.0 AppleWebKit/537.36 (KHTML, like Gecko; compatible; bingbot/2.0; +http://www.bing.com/bingbot.htm) Chrome/103.0.5060.134 Safari/537.36" "www.ysfine.com"
51.222.253.16 - - [24/Jan/2023:06:09:15 -0800] "GET /maga/kant.html HTTP/1.1" 200 8714 "-" "Mozilla/5.0 (compatible; AhrefsBot/7.0; +http://ahrefs.com/robot/)" "ysfine.com"
51.222.253.20 - - [24/Jan/2023:06:09:24 -0800] "GET /kobak/taylor33c.jpg HTTP/1.1" 200 39951 "-" "Mozilla/5.0 (compatible; AhrefsBot/7.0; +http://ahrefs.com/robot/)" "ysfine.com"
51.222.253.14 - - [24/Jan/2023:06:09:24 -0800] "GET /world/baltic/kalinmap77b.jpg HTTP/1.1" 200 30429 "-" "Mozilla/5.0 (compatible; AhrefsBot/7.0; +http://ahrefs.com/robot/)" "ysfine.com"
51.222.253.4 - - [24/Jan/2023:06:09:25 -0800] "GET /eink/ewk86a.jpg HTTP/1.1" 200 70895 "-" "Mozilla/5.0 (compatible; AhrefsBot/7.0; +http://ahrefs.com/robot/)" "ysfine.com"
51.222.253.19 - - [24/Jan/2023:06:09:25 -0800] "GET /wigner/wigkim2.jpg HTTP/1.1" 200 40700 "-" "Mozilla/5.0 (compatible; AhrefsBot/7.0; +http://ahrefs.com/robot/)" "ysfine.com"
51.222.253.20 - - [24/Jan/2023:06:09:26 -0800] "GET /maga/phil/lao2.jpg HTTP/1.1" 200 29456 "-" "Mozilla/5.0 (compatible; AhrefsBot/7.0; +http://ahrefs.com/robot/)" "ysfine.com"
51.222.253.18 - - [24/Jan/2023:06:09:26 -0800] "GET /maga/phil/suntzu2.jpg HTTP/1.1" 200 31693 "-" "Mozilla/5.0 (compatible; AhrefsBot/7.0; +http://ahrefs.com/robot/)" "ysfine.com"
51.222.253.14 - - [24/Jan/2023:06:09:26 -0800] "GET /maga/phil/kant00b.jpg HTTP/1.1" 200 51853 "-" "Mozilla/5.0 (compatible; AhrefsBot/7.0; +http://ahrefs.com/robot/)" "ysfine.com"
130.240.94.207 - - [24/Jan/2023:06:09:42 -0800] "GET /dirac/dirheisen.html HTTP/1.1" 200 4650 "https://www.google.com/" "Mozilla/5.0 (Windows NT 10.0; Win64; x64) AppleWebKit/537.36 (KHTML, like Gecko) Chrome/109.0.0.0 Safari/537.36" "ysfine.com"
130.240.94.207 - - [24/Jan/2023:06:09:43 -0800] "GET /dirac/dirheisen31b.jpg HTTP/1.1" 200 39248 "https://ysfine.com/dirac/dirheisen.html" "Mozilla/5.0 (Windows NT 10.0; Win64; x64) AppleWebKit/537.36 (KHTML, like Gecko) Chrome/109.0.0.0 Safari/537.36" "ysfine.com"
130.240.94.207 - - [24/Jan/2023:06:09:43 -0800] "GET /wigner/wigheis11b.jpg HTTP/1.1" 200 38703 "https://ysfine.com/dirac/dirheisen.html" "Mozilla/5.0 (Windows NT 10.0; Win64; x64) AppleWebKit/537.36 (KHTML, like Gecko) Chrome/109.0.0.0 Safari/537.36" "ysfine.com"
130.240.94.207 - - [24/Jan/2023:06:09:43 -0800] "GET /dirac/2osc22a.jpg HTTP/1.1" 200 69742 "https://ysfine.com/dirac/dirheisen.html" "Mozilla/5.0 (Windows NT 10.0; Win64; x64) AppleWebKit/537.36 (KHTML, like Gecko) Chrome/109.0.0.0 Safari/537.36" "ysfine.com"
130.240.94.207 - - [24/Jan/2023:06:09:43 -0800] "GET /people/glauber01b.jpg HTTP/1.1" 200 26433 "https://ysfine.com/dirac/dirheisen.html" "Mozilla/5.0 (Windows NT 10.0; Win64; x64) AppleWebKit/537.36 (KHTML, like Gecko) Chrome/109.0.0.0 Safari/537.36" "ysfine.com"
130.240.94.207 - - [24/Jan/2023:06:09:43 -0800] "GET /dirac/michelan01b.jpg HTTP/1.1" 200 50306 "https://ysfine.com/dirac/dirheisen.html" "Mozilla/5.0 (Windows NT 10.0; Win64; x64) AppleWebKit/537.36 (KHTML, like Gecko) Chrome/109.0.0.0 Safari/537.36" "ysfine.com"
130.240.94.207 - - [24/Jan/2023:06:09:43 -0800] "GET /dirac/dirac63b.jpg HTTP/1.1" 200 41617 "https://ysfine.com/dirac/dirheisen.html" "Mozilla/5.0 (Windows NT 10.0; Win64; x64) AppleWebKit/537.36 (KHTML, like Gecko) Chrome/109.0.0.0 Safari/537.36" "ysfine.com"
130.240.94.207 - - [24/Jan/2023:06:09:43 -0800] "GET /wigner/tollwig11b.jpg HTTP/1.1" 200 31891 "https://ysfine.com/dirac/dirheisen.html" "Mozilla/5.0 (Windows NT 10.0; Win64; x64) AppleWebKit/537.36 (KHTML, like Gecko) Chrome/109.0.0.0 Safari/537.36" "ysfine.com"
130.240.94.207 - - [24/Jan/2023:06:09:43 -0800] "GET /eink/eink61c.jpg HTTP/1.1" 200 34119 "https://ysfine.com/dirac/dirheisen.html" "Mozilla/5.0 (Windows NT 10.0; Win64; x64) AppleWebKit/537.36 (KHTML, like Gecko) Chrome/109.0.0.0 Safari/537.36" "ysfine.com"
130.240.94.207 - - [24/Jan/2023:06:09:43 -0800] "GET /people/yuen01b.jpg HTTP/1.1" 200 24922 "https://ysfine.com/dirac/dirheisen.html" "Mozilla/5.0 (Windows NT 10.0; Win64; x64) AppleWebKit/537.36 (KHTML, like Gecko) Chrome/109.0.0.0 Safari/537.36" "ysfine.com"
130.240.94.207 - - [24/Jan/2023:06:09:43 -0800] "GET /dirac/dirfoc62b.jpg HTTP/1.1" 200 29874 "https://ysfine.com/dirac/dirheisen.html" "Mozilla/5.0 (Windows NT 10.0; Win64; x64) AppleWebKit/537.36 (KHTML, like Gecko) Chrome/109.0.0.0 Safari/537.36" "ysfine.com"
130.240.94.207 - - [24/Jan/2023:06:09:43 -0800] "GET /wdc/sakura04b.jpg HTTP/1.1" 200 32713 "https://ysfine.com/dirac/dirheisen.html" "Mozilla/5.0 (Windows NT 10.0; Win64; x64) AppleWebKit/537.36 (KHTML, like Gecko) Chrome/109.0.0.0 Safari/537.36" "ysfine.com"
130.240.94.207 - - [24/Jan/2023:06:09:43 -0800] "GET /people/facu63b.jpg HTTP/1.1" 200 47712 "https://ysfine.com/dirac/dirheisen.html" "Mozilla/5.0 (Windows NT 10.0; Win64; x64) AppleWebKit/537.36 (KHTML, like Gecko) Chrome/109.0.0.0 Safari/537.36" "ysfine.com"
130.240.94.207 - - [24/Jan/2023:06:09:43 -0800] "GET /people/towhee11b.jpg HTTP/1.1" 200 32584 "https://ysfine.com/dirac/dirheisen.html" "Mozilla/5.0 (Windows NT 10.0; Win64; x64) AppleWebKit/537.36 (KHTML, like Gecko) Chrome/109.0.0.0 Safari/537.36" "ysfine.com"
130.240.94.207 - - [24/Jan/2023:06:09:44 -0800] "GET /favicon.ico HTTP/1.1" 404 88 "https://ysfine.com/dirac/dirheisen.html" "Mozilla/5.0 (Windows NT 10.0; Win64; x64) AppleWebKit/537.36 (KHTML, like Gecko) Chrome/109.0.0.0 Safari/537.36" "ysfine.com"
207.46.13.43 - - [24/Jan/2023:06:10:47 -0800] "GET /class54/oldr.html HTTP/1.1" 200 4800 "-" "Mozilla/5.0 AppleWebKit/537.36 (KHTML, like Gecko; compatible; bingbot/2.0; +http://www.bing.com/bingbot.htm) Chrome/103.0.5060.134 Safari/537.36" "www.ysfine.com"
167.172.236.61 - - [24/Jan/2023:06:10:59 -0800] "GET / HTTP/1.1" 200 15915 "-" "Mozilla/5.0 (Windows NT 10.0; Win64; x64) AppleWebKit/537.36 (KHTML, like Gecko) Chrome/88.0.4240.193 Safari/537.36" "ysfine.com"
167.172.236.61 - - [24/Jan/2023:06:11:03 -0800] "GET /wp-includes/wlwmanifest.xml HTTP/1.1" 404 73 "-" "Mozilla/5.0 (Windows NT 10.0; Win64; x64) AppleWebKit/537.36 (KHTML, like Gecko) Chrome/88.0.4240.193 Safari/537.36" "ysfine.com"
167.172.236.61 - - [24/Jan/2023:06:11:03 -0800] "GET /xmlrpc.php?rsd HTTP/1.1" 500 4941 "-" "Mozilla/5.0 (Windows NT 10.0; Win64; x64) AppleWebKit/537.36 (KHTML, like Gecko) Chrome/88.0.4240.193 Safari/537.36" "ysfine.com"
167.172.236.61 - - [24/Jan/2023:06:11:03 -0800] "GET / HTTP/1.1" 200 15915 "-" "Mozilla/5.0 (Windows NT 10.0; Win64; x64) AppleWebKit/537.36 (KHTML, like Gecko) Chrome/88.0.4240.193 Safari/537.36" "ysfine.com"
207.46.13.167 - - [24/Jan/2023:06:11:04 -0800] "GET /bio/wigner/e(2).html HTTP/1.1" 404 88 "-" "Mozilla/5.0 AppleWebKit/537.36 (KHTML, like Gecko; compatible; bingbot/2.0; +http://www.bing.com/bingbot.htm) Chrome/103.0.5060.134 Safari/537.36" "ysfine.com"
167.172.236.61 - - [24/Jan/2023:06:11:05 -0800] "GET /blog/wp-includes/wlwmanifest.xml HTTP/1.1" 404 73 "-" "Mozilla/5.0 (Windows NT 10.0; Win64; x64) AppleWebKit/537.36 (KHTML, like Gecko) Chrome/88.0.4240.193 Safari/537.36" "ysfine.com"
204.25.203.168 - - [24/Jan/2023:06:11:05 -0800] "GET /kowar/sampal01.jpg HTTP/1.1" 200 141262 "https://www.google.com/" "Mozilla/5.0 (Macintosh; Intel Mac OS X 10_15_7) AppleWebKit/537.36 (KHTML, like Gecko) Chrome/109.0.0.0 Safari/537.36" "ysfine.com"
167.172.236.61 - - [24/Jan/2023:06:11:05 -0800] "GET /web/wp-includes/wlwmanifest.xml HTTP/1.1" 404 73 "-" "Mozilla/5.0 (Windows NT 10.0; Win64; x64) AppleWebKit/537.36 (KHTML, like Gecko) Chrome/88.0.4240.193 Safari/537.36" "ysfine.com"
167.172.236.61 - - [24/Jan/2023:06:11:06 -0800] "GET /wordpress/wp-includes/wlwmanifest.xml HTTP/1.1" 404 73 "-" "Mozilla/5.0 (Windows NT 10.0; Win64; x64) AppleWebKit/537.36 (KHTML, like Gecko) Chrome/88.0.4240.193 Safari/537.36" "ysfine.com"
167.172.236.61 - - [24/Jan/2023:06:11:06 -0800] "GET /website/wp-includes/wlwmanifest.xml HTTP/1.1" 404 73 "-" "Mozilla/5.0 (Windows NT 10.0; Win64; x64) AppleWebKit/537.36 (KHTML, like Gecko) Chrome/88.0.4240.193 Safari/537.36" "ysfine.com"
167.172.236.61 - - [24/Jan/2023:06:11:06 -0800] "GET /wp/wp-includes/wlwmanifest.xml HTTP/1.1" 404 73 "-" "Mozilla/5.0 (Windows NT 10.0; Win64; x64) AppleWebKit/537.36 (KHTML, like Gecko) Chrome/88.0.4240.193 Safari/537.36" "ysfine.com"
167.172.236.61 - - [24/Jan/2023:06:11:10 -0800] "GET /news/wp-includes/wlwmanifest.xml HTTP/1.1" 404 73 "-" "Mozilla/5.0 (Windows NT 10.0; Win64; x64) AppleWebKit/537.36 (KHTML, like Gecko) Chrome/88.0.4240.193 Safari/537.36" "ysfine.com"
167.172.236.61 - - [24/Jan/2023:06:11:10 -0800] "GET /2020/wp-includes/wlwmanifest.xml HTTP/1.1" 404 73 "-" "Mozilla/5.0 (Windows NT 10.0; Win64; x64) AppleWebKit/537.36 (KHTML, like Gecko) Chrome/88.0.4240.193 Safari/537.36" "ysfine.com"
167.172.236.61 - - [24/Jan/2023:06:11:11 -0800] "GET /2019/wp-includes/wlwmanifest.xml HTTP/1.1" 404 73 "-" "Mozilla/5.0 (Windows NT 10.0; Win64; x64) AppleWebKit/537.36 (KHTML, like Gecko) Chrome/88.0.4240.193 Safari/537.36" "ysfine.com"
