207.46.13.43 - - [23/Jan/2023:21:02:57 -0800] "GET /bio.html HTTP/1.1" 200 18260 "-" "Mozilla/5.0 AppleWebKit/537.36 (KHTML, like Gecko; compatible; bingbot/2.0; +http://www.bing.com/bingbot.htm) Chrome/103.0.5060.134 Safari/537.36" "ysfine.com"
157.55.39.60 - - [23/Jan/2023:21:03:03 -0800] "GET /usca/pitt/fortpitt03d.jpg HTTP/1.1" 200 44027 "-" "Mozilla/5.0 AppleWebKit/537.36 (KHTML, like Gecko; compatible; bingbot/2.0; +http://www.bing.com/bingbot.htm) Chrome/103.0.5060.134 Safari/537.36" "ysfine.com"
207.46.13.27 - - [23/Jan/2023:21:04:08 -0800] "GET /bio/kobak/yskor.html HTTP/1.1" 404 88 "-" "Mozilla/5.0 AppleWebKit/537.36 (KHTML, like Gecko; compatible; bingbot/2.0; +http://www.bing.com/bingbot.htm) Chrome/103.0.5060.134 Safari/537.36" "ysfine.com"
207.46.13.167 - - [23/Jan/2023:21:04:51 -0800] "GET /bio/wigner/e(2).html HTTP/1.1" 404 88 "-" "Mozilla/5.0 AppleWebKit/537.36 (KHTML, like Gecko; compatible; bingbot/2.0; +http://www.bing.com/bingbot.htm) Chrome/103.0.5060.134 Safari/537.36" "ysfine.com"
51.222.253.1 - - [23/Jan/2023:21:05:19 -0800] "GET /kowar/tanks.html HTTP/1.1" 200 8699 "-" "Mozilla/5.0 (compatible; AhrefsBot/7.0; +http://ahrefs.com/robot/)" "www.ysfine.com"
51.222.253.14 - - [23/Jan/2023:21:05:25 -0800] "GET /kowar/tanks/sherman44b.jpg HTTP/1.1" 200 34454 "-" "Mozilla/5.0 (compatible; AhrefsBot/7.0; +http://ahrefs.com/robot/)" "www.ysfine.com"
85.208.98.23 - - [23/Jan/2023:21:05:42 -0800] "GET /robots.txt HTTP/1.1" 404 88 "http://www.ysfine.com/robots.txt" "Mozilla/5.0 (compatible; SemrushBot-BA; +http://www.semrush.com/bot.html)" "www.ysfine.com"
85.208.98.23 - - [23/Jan/2023:21:05:42 -0800] "GET /robots.txt HTTP/1.1" 404 88 "http://ysfine.com/robots.txt" "Mozilla/5.0 (compatible; SemrushBot-BA; +http://www.semrush.com/bot.html)" "ysfine.com"
85.208.98.16 - - [23/Jan/2023:21:06:01 -0800] "GET /style/restau.html HTTP/1.1" 200 2149 "-" "Mozilla/5.0 (compatible; SemrushBot-BA; +http://www.semrush.com/bot.html)" "ysfine.com"
85.208.98.20 - - [23/Jan/2023:21:06:04 -0800] "GET /style/restau.html HTTP/1.1" 200 2149 "-" "Mozilla/5.0 (compatible; SemrushBot-BA; +http://www.semrush.com/bot.html)" "www.ysfine.com"
51.222.253.8 - - [23/Jan/2023:21:06:25 -0800] "GET /kowar/tanks/tank07b.jpg HTTP/1.1" 200 40314 "-" "Mozilla/5.0 (compatible; AhrefsBot/7.0; +http://ahrefs.com/robot/)" "www.ysfine.com"
51.222.253.2 - - [23/Jan/2023:21:06:26 -0800] "GET /kowar/tanks/sherman43b.jpg HTTP/1.1" 200 28142 "-" "Mozilla/5.0 (compatible; AhrefsBot/7.0; +http://ahrefs.com/robot/)" "www.ysfine.com"
17.241.75.45 - - [23/Jan/2023:21:06:37 -0800] "GET /home/feysavior.html HTTP/1.1" 200 2737 "-" "Mozilla/5.0 (Macintosh; Intel Mac OS X 10_15_5) AppleWebKit/605.1.15 (KHTML, like Gecko) Version/13.1.1 Safari/605.1.15 (Applebot/0.1; +http://www.apple.com/go/applebot)" "ysfine.com"
51.222.253.1 - - [23/Jan/2023:21:07:25 -0800] "GET /kowar/tanks/sherman43b.jpg HTTP/1.1" 200 28142 "-" "Mozilla/5.0 (compatible; AhrefsBot/7.0; +http://ahrefs.com/robot/)" "www.ysfine.com"
51.222.253.10 - - [23/Jan/2023:21:07:26 -0800] "GET /kowar/tanks/southhorse2.jpg HTTP/1.1" 200 51359 "-" "Mozilla/5.0 (compatible; AhrefsBot/7.0; +http://ahrefs.com/robot/)" "www.ysfine.com"
51.222.253.13 - - [23/Jan/2023:21:07:26 -0800] "GET /kowar/tanks/tank22b.jpg HTTP/1.1" 200 37945 "-" "Mozilla/5.0 (compatible; AhrefsBot/7.0; +http://ahrefs.com/robot/)" "www.ysfine.com"
51.222.253.20 - - [23/Jan/2023:21:07:27 -0800] "GET /kowar/tanks/m24b.jpg HTTP/1.1" 200 37948 "-" "Mozilla/5.0 (compatible; AhrefsBot/7.0; +http://ahrefs.com/robot/)" "www.ysfine.com"
51.222.253.13 - - [23/Jan/2023:21:07:27 -0800] "GET /kowar/tanks/tank01b.jpg HTTP/1.1" 200 43748 "-" "Mozilla/5.0 (compatible; AhrefsBot/7.0; +http://ahrefs.com/robot/)" "www.ysfine.com"
51.222.253.9 - - [23/Jan/2023:21:07:27 -0800] "GET /kowar/tanks/sherman58b.jpg HTTP/1.1" 200 37300 "-" "Mozilla/5.0 (compatible; AhrefsBot/7.0; +http://ahrefs.com/robot/)" "www.ysfine.com"
51.222.253.9 - - [23/Jan/2023:21:07:28 -0800] "GET /kowar/tanks/tank54b.jpg HTTP/1.1" 200 38354 "-" "Mozilla/5.0 (compatible; AhrefsBot/7.0; +http://ahrefs.com/robot/)" "www.ysfine.com"
51.222.253.9 - - [23/Jan/2023:21:07:28 -0800] "GET /kowar/tanks/tank04b.jpg HTTP/1.1" 200 48757 "-" "Mozilla/5.0 (compatible; AhrefsBot/7.0; +http://ahrefs.com/robot/)" "www.ysfine.com"
51.222.253.20 - - [23/Jan/2023:21:07:29 -0800] "GET /kowar/tanks/tank02b.jpg HTTP/1.1" 200 30002 "-" "Mozilla/5.0 (compatible; AhrefsBot/7.0; +http://ahrefs.com/robot/)" "www.ysfine.com"
51.222.253.15 - - [23/Jan/2023:21:07:29 -0800] "GET /kowar/tanks/stalinorg2.jpg HTTP/1.1" 200 50939 "-" "Mozilla/5.0 (compatible; AhrefsBot/7.0; +http://ahrefs.com/robot/)" "www.ysfine.com"
51.222.253.16 - - [23/Jan/2023:21:07:29 -0800] "GET /kowar/tanks/m01b.jpg HTTP/1.1" 200 28921 "-" "Mozilla/5.0 (compatible; AhrefsBot/7.0; +http://ahrefs.com/robot/)" "www.ysfine.com"
51.222.253.10 - - [23/Jan/2023:21:07:30 -0800] "GET /kowar/tanks/tank05b.jpg HTTP/1.1" 200 48742 "-" "Mozilla/5.0 (compatible; AhrefsBot/7.0; +http://ahrefs.com/robot/)" "www.ysfine.com"
51.222.253.2 - - [23/Jan/2023:21:07:37 -0800] "GET /kowar/tanks/tank21b.jpg HTTP/1.1" 200 26768 "-" "Mozilla/5.0 (compatible; AhrefsBot/7.0; +http://ahrefs.com/robot/)" "www.ysfine.com"
213.180.203.3 - - [23/Jan/2023:21:07:53 -0800] "GET /robots.txt HTTP/1.1" 404 73 "-" "Mozilla/5.0 (compatible; YandexBot/3.0; +http://yandex.com/bots)" "www.ysfine.com"
87.250.224.29 - - [23/Jan/2023:21:07:57 -0800] "GET /kowar/war02.html HTTP/1.1" 200 9935 "-" "Mozilla/5.0 (compatible; YandexBot/3.0; +http://yandex.com/bots) AppleWebKit/537.36 (KHTML, like Gecko) Chrome/81.0.4044.268" "www.ysfine.com"
51.222.253.19 - - [23/Jan/2023:21:08:38 -0800] "GET /kowar/tanks/m46cb.jpg HTTP/1.1" 200 35273 "-" "Mozilla/5.0 (compatible; AhrefsBot/7.0; +http://ahrefs.com/robot/)" "www.ysfine.com"
40.77.167.87 - - [23/Jan/2023:21:09:00 -0800] "GET /robots.txt HTTP/1.1" 404 88 "-" "Mozilla/5.0 AppleWebKit/537.36 (KHTML, like Gecko; compatible; bingbot/2.0; +http://www.bing.com/bingbot.htm) Chrome/103.0.5060.134 Safari/537.36" "ysfine.com"
157.55.39.60 - - [23/Jan/2023:21:09:19 -0800] "GET /bio/einstein/bern.html HTTP/1.1" 404 88 "-" "Mozilla/5.0 AppleWebKit/537.36 (KHTML, like Gecko; compatible; bingbot/2.0; +http://www.bing.com/bingbot.htm) Chrome/103.0.5060.134 Safari/537.36" "ysfine.com"
119.226.236.129 - - [23/Jan/2023:21:09:28 -0800] "GET /home/harmoarchi.html HTTP/1.1" 200 3686 "https://www.google.com/" "Mozilla/5.0 (iPhone; CPU iPhone OS 16_2 like Mac OS X) AppleWebKit/605.1.15 (KHTML, like Gecko) CriOS/109.0.5414.83 Mobile/15E148 Safari/604.1" "ysfine.com"
14.97.164.222 - - [23/Jan/2023:21:09:29 -0800] "GET /favicon.ico HTTP/1.1" 404 88 "-" "Mozilla/5.0 (iPhone; CPU iPhone OS 16_2 like Mac OS X) AppleWebKit/605.1.15 (KHTML, like Gecko) CriOS/109.0.5414.83 Mobile/15E148 Safari/604.1" "ysfine.com"
14.97.164.222 - - [23/Jan/2023:21:09:29 -0800] "GET /style/venus11a.jpg HTTP/1.1" 200 76598 "https://ysfine.com/" "Mozilla/5.0 (iPhone; CPU iPhone OS 16_2 like Mac OS X) AppleWebKit/605.1.15 (KHTML, like Gecko) CriOS/109.0.5414.83 Mobile/15E148 Safari/604.1" "ysfine.com"
14.97.164.222 - - [23/Jan/2023:21:09:29 -0800] "GET /wdc/jeffm02b.jpg HTTP/1.1" 200 32468 "https://ysfine.com/" "Mozilla/5.0 (iPhone; CPU iPhone OS 16_2 like Mac OS X) AppleWebKit/605.1.15 (KHTML, like Gecko) CriOS/109.0.5414.83 Mobile/15E148 Safari/604.1" "ysfine.com"
14.97.164.222 - - [23/Jan/2023:21:09:29 -0800] "GET /world/ital/vicenza04b.jpg HTTP/1.1" 200 45148 "https://ysfine.com/" "Mozilla/5.0 (iPhone; CPU iPhone OS 16_2 like Mac OS X) AppleWebKit/605.1.15 (KHTML, like Gecko) CriOS/109.0.5414.83 Mobile/15E148 Safari/604.1" "ysfine.com"
14.97.164.222 - - [23/Jan/2023:21:09:30 -0800] "GET /home/hyperell33b.jpg HTTP/1.1" 200 28132 "https://ysfine.com/" "Mozilla/5.0 (iPhone; CPU iPhone OS 16_2 like Mac OS X) AppleWebKit/605.1.15 (KHTML, like Gecko) CriOS/109.0.5414.83 Mobile/15E148 Safari/604.1" "ysfine.com"
207.46.13.15 - - [23/Jan/2023:21:09:32 -0800] "GET /bio/style/proschanie.html HTTP/1.1" 404 88 "-" "Mozilla/5.0 AppleWebKit/537.36 (KHTML, like Gecko; compatible; bingbot/2.0; +http://www.bing.com/bingbot.htm) Chrome/103.0.5060.134 Safari/537.36" "ysfine.com"
114.119.157.139 - - [23/Jan/2023:21:10:50 -0800] "GET /feynman/feyheg.html HTTP/1.1" 200 6341 "https://listserv.umd.edu/cgi-bin/wa?A2=ind1808&L=PHYS-CONFERENCE-ANNOUNCE&P=72" "Mozilla/5.0 (Linux; Android 7.0;) AppleWebKit/537.36 (KHTML, like Gecko) Mobile Safari/537.36 (compatible; PetalBot;+https://webmaster.petalsearch.com/site/petalbot)" "www.ysfine.com"
51.222.253.19 - - [23/Jan/2023:21:11:26 -0800] "GET /einstein/hidden.html HTTP/1.1" 200 4821 "-" "Mozilla/5.0 (compatible; AhrefsBot/7.0; +http://ahrefs.com/robot/)" "ysfine.com"
207.46.13.27 - - [23/Jan/2023:21:11:28 -0800] "GET /bio/style/artlove.html HTTP/1.1" 404 88 "-" "Mozilla/5.0 AppleWebKit/537.36 (KHTML, like Gecko; compatible; bingbot/2.0; +http://www.bing.com/bingbot.htm) Chrome/103.0.5060.134 Safari/537.36" "ysfine.com"
66.249.89.63 - - [23/Jan/2023:21:13:02 -0800] "GET /kobak/rheetr11b.jpg HTTP/1.1" 200 43503 "-" "Mozilla/5.0 (Macintosh; Intel Mac OS X 10_8_4) AppleWebKit/537.36 (KHTML, like Gecko) Chrome/28.0.1500.71 Safari/537.36" "ysfine.com"
66.249.89.63 - - [23/Jan/2023:21:13:03 -0800] "GET /kobak/rheetr11b.jpg HTTP/1.1" 200 43503 "-" "Mozilla/5.0 (Macintosh; Intel Mac OS X 10_8_4) AppleWebKit/537.36 (KHTML, like Gecko) Chrome/28.0.1500.71 Safari/537.36" "ysfine.com"
66.249.89.63 - - [23/Jan/2023:21:13:07 -0800] "GET /kobak/rheetr11b.jpg HTTP/1.1" 200 43503 "-" "Mozilla/5.0 (Macintosh; Intel Mac OS X 10_8_4) AppleWebKit/537.36 (KHTML, like Gecko) Chrome/28.0.1500.71 Safari/537.36" "ysfine.com"
66.249.89.63 - - [23/Jan/2023:21:13:07 -0800] "GET /kobak/rheetr11b.jpg HTTP/1.1" 200 43503 "-" "Mozilla/5.0 (Macintosh; Intel Mac OS X 10_8_4) AppleWebKit/537.36 (KHTML, like Gecko) Chrome/28.0.1500.71 Safari/537.36" "ysfine.com"
118.184.177.78 - - [23/Jan/2023:21:14:01 -0800] "GET / HTTP/1.1" 200 5295 "-" "Sogou web spider/4.0(+http://www.sogou.com/docs/help/webmasters.htm#07)" "www.ysfine.com"
5.255.253.145 - - [23/Jan/2023:21:15:03 -0800] "GET /world/germany/berlinf07.jpg HTTP/1.1" 200 107345 "-" "Mozilla/5.0 (compatible; YandexImages/3.0; +http://yandex.com/bots)" "www.ysfine.com"
207.46.13.43 - - [23/Jan/2023:21:17:27 -0800] "GET /princeton/wilson05b.jpg HTTP/1.1" 200 38911 "-" "Mozilla/5.0 AppleWebKit/537.36 (KHTML, like Gecko; compatible; bingbot/2.0; +http://www.bing.com/bingbot.htm) Chrome/103.0.5060.134 Safari/537.36" "www.ysfine.com"
207.46.13.43 - - [23/Jan/2023:21:17:27 -0800] "GET /bio/eink/buythisbook.html HTTP/1.1" 404 88 "-" "Mozilla/5.0 AppleWebKit/537.36 (KHTML, like Gecko; compatible; bingbot/2.0; +http://www.bing.com/bingbot.htm) Chrome/103.0.5060.134 Safari/537.36" "ysfine.com"
207.46.13.15 - - [23/Jan/2023:21:17:31 -0800] "GET /eink/ewk89.html HTTP/1.1" 200 2305 "-" "Mozilla/5.0 AppleWebKit/537.36 (KHTML, like Gecko; compatible; bingbot/2.0; +http://www.bing.com/bingbot.htm) Chrome/103.0.5060.134 Safari/537.36" "ysfine.com"
51.222.253.20 - - [23/Jan/2023:21:19:27 -0800] "GET / HTTP/1.1" 200 5295 "-" "Mozilla/5.0 (compatible; AhrefsBot/7.0; +http://ahrefs.com/robot/)" "www.ysfine.com"
157.55.39.60 - - [23/Jan/2023:21:19:59 -0800] "GET /bio/kobak/namdae.html HTTP/1.1" 404 88 "-" "Mozilla/5.0 AppleWebKit/537.36 (KHTML, like Gecko; compatible; bingbot/2.0; +http://www.bing.com/bingbot.htm) Chrome/103.0.5060.134 Safari/537.36" "ysfine.com"
207.46.13.27 - - [23/Jan/2023:21:20:40 -0800] "GET /home/ HTTP/1.1" 200 142 "-" "Mozilla/5.0 AppleWebKit/537.36 (KHTML, like Gecko; compatible; bingbot/2.0; +http://www.bing.com/bingbot.htm) Chrome/103.0.5060.134 Safari/537.36" "www.ysfine.com"
157.55.39.60 - - [23/Jan/2023:21:20:53 -0800] "GET /home/hmtop.html HTTP/1.1" 200 447 "-" "Mozilla/5.0 AppleWebKit/537.36 (KHTML, like Gecko; compatible; bingbot/2.0; +http://www.bing.com/bingbot.htm) Chrome/103.0.5060.134 Safari/537.36" "www.ysfine.com"
157.55.39.60 - - [23/Jan/2023:21:20:54 -0800] "GET /home/hmtop.html HTTP/1.1" 200 447 "-" "Mozilla/5.0 AppleWebKit/537.36 (KHTML, like Gecko; compatible; bingbot/2.0; +http://www.bing.com/bingbot.htm) Chrome/103.0.5060.134 Safari/537.36" "www.ysfine.com"
103.165.168.131 - - [23/Jan/2023:21:20:54 -0800] "GET /pages/contactus/ HTTP/1.1" 404 88 "http://ysfine.com/pages/contactus/" "Mozilla/5.0" "ysfine.com"
103.165.168.131 - - [23/Jan/2023:21:20:54 -0800] "GET /contact-us.html/ HTTP/1.1" 404 88 "http://ysfine.com/contact-us.html/" "Mozilla/5.0" "ysfine.com"
103.165.168.131 - - [23/Jan/2023:21:20:55 -0800] "GET / HTTP/1.1" 200 5295 "http://ysfine.com/" "Mozilla/5.0" "ysfine.com"
103.165.168.131 - - [23/Jan/2023:21:20:55 -0800] "GET /contact-us/ HTTP/1.1" 404 88 "http://ysfine.com/contact-us/" "Mozilla/5.0" "ysfine.com"
103.165.168.131 - - [23/Jan/2023:21:20:55 -0800] "GET /contact-us.aspx/ HTTP/1.1" 404 88 "http://ysfine.com/contact-us.aspx/" "Mozilla/5.0" "ysfine.com"
103.165.168.131 - - [23/Jan/2023:21:20:55 -0800] "GET /contact.aspx/ HTTP/1.1" 404 88 "http://ysfine.com/contact.aspx/" "Mozilla/5.0" "ysfine.com"
103.165.168.131 - - [23/Jan/2023:21:20:55 -0800] "GET /contactus.aspx/ HTTP/1.1" 404 88 "http://ysfine.com/contactus.aspx/" "Mozilla/5.0" "ysfine.com"
103.165.168.131 - - [23/Jan/2023:21:20:55 -0800] "GET /contact.html/ HTTP/1.1" 404 88 "http://ysfine.com/contact.html/" "Mozilla/5.0" "ysfine.com"
103.165.168.131 - - [23/Jan/2023:21:20:55 -0800] "GET /pages/contact/ HTTP/1.1" 404 88 "http://ysfine.com/pages/contact/" "Mozilla/5.0" "ysfine.com"
103.165.168.131 - - [23/Jan/2023:21:20:55 -0800] "GET /contact/ HTTP/1.1" 404 88 "http://ysfine.com/contact/" "Mozilla/5.0" "ysfine.com"
103.165.168.131 - - [23/Jan/2023:21:20:55 -0800] "GET /contactus.html/ HTTP/1.1" 404 88 "http://ysfine.com/contactus.html/" "Mozilla/5.0" "ysfine.com"
103.165.168.131 - - [23/Jan/2023:21:20:55 -0800] "GET /pages/contact-us/ HTTP/1.1" 404 88 "http://ysfine.com/pages/contact-us/" "Mozilla/5.0" "ysfine.com"
103.165.168.131 - - [23/Jan/2023:21:20:55 -0800] "GET /contactus/ HTTP/1.1" 404 88 "http://ysfine.com/contactus/" "Mozilla/5.0" "ysfine.com"
207.46.13.167 - - [23/Jan/2023:21:20:59 -0800] "GET /home/hmbot.html HTTP/1.1" 200 132 "-" "Mozilla/5.0 AppleWebKit/537.36 (KHTML, like Gecko; compatible; bingbot/2.0; +http://www.bing.com/bingbot.htm) Chrome/103.0.5060.134 Safari/537.36" "www.ysfine.com"
207.46.13.167 - - [23/Jan/2023:21:20:59 -0800] "GET /home/hmbot.html HTTP/1.1" 200 132 "-" "Mozilla/5.0 AppleWebKit/537.36 (KHTML, like Gecko; compatible; bingbot/2.0; +http://www.bing.com/bingbot.htm) Chrome/103.0.5060.134 Safari/537.36" "www.ysfine.com"
207.46.13.167 - - [23/Jan/2023:21:23:01 -0800] "GET /bio/princeton/campus.html HTTP/1.1" 404 88 "-" "Mozilla/5.0 AppleWebKit/537.36 (KHTML, like Gecko; compatible; bingbot/2.0; +http://www.bing.com/bingbot.htm) Chrome/103.0.5060.134 Safari/537.36" "ysfine.com"
76.176.144.95 - - [23/Jan/2023:21:23:05 -0800] "GET /wigner/wiglittle.pdf HTTP/1.1" 200 2659296 "https://www.google.com/" "Mozilla/5.0 (Macintosh; Intel Mac OS X 10_15_7) AppleWebKit/537.36 (KHTML, like Gecko) Chrome/109.0.0.0 Safari/537.36" "ysfine.com"
207.46.13.27 - - [23/Jan/2023:21:26:48 -0800] "GET /world/japan/nara005b.jpg HTTP/1.1" 200 49269 "-" "Mozilla/5.0 AppleWebKit/537.36 (KHTML, like Gecko; compatible; bingbot/2.0; +http://www.bing.com/bingbot.htm) Chrome/103.0.5060.134 Safari/537.36" "ysfine.com"
207.46.13.167 - - [23/Jan/2023:21:27:19 -0800] "GET /home/yshome.html HTTP/1.1" 200 5634 "-" "Mozilla/5.0 AppleWebKit/537.36 (KHTML, like Gecko; compatible; bingbot/2.0; +http://www.bing.com/bingbot.htm) Chrome/103.0.5060.134 Safari/537.36" "www.ysfine.com"
207.46.13.27 - - [23/Jan/2023:21:28:01 -0800] "GET /bio/sbk/1950.html HTTP/1.1" 404 88 "-" "Mozilla/5.0 AppleWebKit/537.36 (KHTML, like Gecko; compatible; bingbot/2.0; +http://www.bing.com/bingbot.htm) Chrome/103.0.5060.134 Safari/537.36" "ysfine.com"
51.222.253.17 - - [23/Jan/2023:21:28:03 -0800] "GET /maga/chaucer.html HTTP/1.1" 404 88 "-" "Mozilla/5.0 (compatible; AhrefsBot/7.0; +http://ahrefs.com/robot/)" "www.ysfine.com"
207.46.13.43 - - [23/Jan/2023:21:31:39 -0800] "GET /bio/kobak/soraech.html HTTP/1.1" 404 88 "-" "Mozilla/5.0 AppleWebKit/537.36 (KHTML, like Gecko; compatible; bingbot/2.0; +http://www.bing.com/bingbot.htm) Chrome/103.0.5060.134 Safari/537.36" "ysfine.com"
157.55.39.60 - - [23/Jan/2023:21:36:46 -0800] "GET /kobak/yalta.jpg HTTP/1.1" 200 179519 "-" "Mozilla/5.0 AppleWebKit/537.36 (KHTML, like Gecko; compatible; bingbot/2.0; +http://www.bing.com/bingbot.htm) Chrome/103.0.5060.134 Safari/537.36" "www.ysfine.com"
40.77.202.95 - - [23/Jan/2023:21:36:49 -0800] "GET /home/hmrigh.html HTTP/1.1" 200 11493 "-" "Mozilla/5.0 (Windows NT 6.1; WOW64) AppleWebKit/534+ (KHTML, like Gecko) BingPreview/1.0b" "www.ysfine.com"
40.77.202.184 - - [23/Jan/2023:21:36:49 -0800] "GET /home/hmleft.html HTTP/1.1" 200 2606 "-" "Mozilla/5.0 (Windows NT 6.1; WOW64) AppleWebKit/534+ (KHTML, like Gecko) BingPreview/1.0b" "www.ysfine.com"
51.222.253.18 - - [23/Jan/2023:21:37:39 -0800] "GET /class54/class5480/Pictures/?C=D;O=A HTTP/1.1" 200 578 "-" "Mozilla/5.0 (compatible; AhrefsBot/7.0; +http://ahrefs.com/robot/)" "ysfine.com"
207.46.13.43 - - [23/Jan/2023:21:38:40 -0800] "GET /bio.html HTTP/1.1" 200 18260 "-" "Mozilla/5.0 AppleWebKit/537.36 (KHTML, like Gecko; compatible; bingbot/2.0; +http://www.bing.com/bingbot.htm) Chrome/103.0.5060.134 Safari/537.36" "ysfine.com"
73.41.40.124 - - [23/Jan/2023:21:39:22 -0800] "GET /princeton/brooke22.jpg HTTP/1.1" 200 87673 "https://www.google.com/" "Mozilla/5.0 (iPhone; CPU iPhone OS 16_2 like Mac OS X) AppleWebKit/605.1.15 (KHTML, like Gecko) FxiOS/109.0  Mobile/15E148 Safari/605.1.15" "ysfine.com"
207.46.13.27 - - [23/Jan/2023:21:40:12 -0800] "GET /bio/kobak/yskor.html HTTP/1.1" 404 88 "-" "Mozilla/5.0 AppleWebKit/537.36 (KHTML, like Gecko; compatible; bingbot/2.0; +http://www.bing.com/bingbot.htm) Chrome/103.0.5060.134 Safari/537.36" "ysfine.com"
207.46.13.89 - - [23/Jan/2023:21:41:34 -0800] "GET /wdc/sakura15.jpg HTTP/1.1" 200 125836 "-" "Mozilla/5.0 AppleWebKit/537.36 (KHTML, like Gecko; compatible; bingbot/2.0; +http://www.bing.com/bingbot.htm) Chrome/103.0.5060.134 Safari/537.36" "ysfine.com"
157.55.39.60 - - [23/Jan/2023:21:42:00 -0800] "GET /bio/einstein/bern.html HTTP/1.1" 404 88 "-" "Mozilla/5.0 AppleWebKit/537.36 (KHTML, like Gecko; compatible; bingbot/2.0; +http://www.bing.com/bingbot.htm) Chrome/103.0.5060.134 Safari/537.36" "ysfine.com"
123.125.109.45 - - [23/Jan/2023:21:42:12 -0800] "GET / HTTP/1.1" 200 5295 "-" "Sogou web spider/4.0(+http://www.sogou.com/docs/help/webmasters.htm#07)" "ysfine.com"
73.41.40.124 - - [23/Jan/2023:21:42:13 -0800] "GET /princeton/brooke88.jpg HTTP/1.1" 200 82208 "https://www.google.com/" "Mozilla/5.0 (iPhone; CPU iPhone OS 16_2 like Mac OS X) AppleWebKit/605.1.15 (KHTML, like Gecko) FxiOS/109.0  Mobile/15E148 Safari/605.1.15" "ysfine.com"
73.41.40.124 - - [23/Jan/2023:21:42:54 -0800] "GET /princeton/sbk87.jpg HTTP/1.1" 200 174738 "https://www.google.com/" "Mozilla/5.0 (iPhone; CPU iPhone OS 16_2 like Mac OS X) AppleWebKit/605.1.15 (KHTML, like Gecko) FxiOS/109.0  Mobile/15E148 Safari/605.1.15" "ysfine.com"
207.46.13.15 - - [23/Jan/2023:21:43:04 -0800] "GET /bio/style/proschanie.html HTTP/1.1" 404 88 "-" "Mozilla/5.0 AppleWebKit/537.36 (KHTML, like Gecko; compatible; bingbot/2.0; +http://www.bing.com/bingbot.htm) Chrome/103.0.5060.134 Safari/537.36" "ysfine.com"
144.202.25.134 - - [23/Jan/2023:21:46:25 -0800] "GET /world/cambr.html HTTP/1.1" 200 6189 "-" "Mozilla" "ysfine.com"
144.202.25.134 - - [23/Jan/2023:21:46:30 -0800] "GET /world/cambr.html HTTP/1.1" 200 6189 "-" "Mozilla" "ysfine.com"
17.241.75.19 - - [23/Jan/2023:21:46:55 -0800] "GET /dirac/index.html HTTP/1.1" 200 124 "-" "Mozilla/5.0 (Macintosh; Intel Mac OS X 10_15_5) AppleWebKit/605.1.15 (KHTML, like Gecko) Version/13.1.1 Safari/605.1.15 (Applebot/0.1; +http://www.apple.com/go/applebot)" "ysfine.com"
51.222.253.2 - - [23/Jan/2023:21:46:58 -0800] "GET /class54/class5480/Pictures/?C=S;O=A HTTP/1.1" 200 578 "-" "Mozilla/5.0 (compatible; AhrefsBot/7.0; +http://ahrefs.com/robot/)" "ysfine.com"
207.46.13.27 - - [23/Jan/2023:21:49:10 -0800] "GET /world/ital/venicej12.jpg HTTP/1.1" 200 123758 "-" "Mozilla/5.0 AppleWebKit/537.36 (KHTML, like Gecko; compatible; bingbot/2.0; +http://www.bing.com/bingbot.htm) Chrome/103.0.5060.134 Safari/537.36" "www.ysfine.com"
207.46.13.167 - - [23/Jan/2023:21:49:53 -0800] "GET /bio/wigner/e(2).html HTTP/1.1" 404 88 "-" "Mozilla/5.0 AppleWebKit/537.36 (KHTML, like Gecko; compatible; bingbot/2.0; +http://www.bing.com/bingbot.htm) Chrome/103.0.5060.134 Safari/537.36" "ysfine.com"
192.0.100.11 - - [23/Jan/2023:21:50:50 -0800] "GET /style/smithonian.jpg HTTP/1.1" 200 88645 "-" "Photon/1.0" "ysfine.com"
66.249.70.30 - - [23/Jan/2023:21:51:44 -0800] "GET /princeton/pseminary11b.jpg HTTP/1.1" 304 - "-" "Googlebot-Image/1.0" "ysfine.com"
157.55.39.60 - - [23/Jan/2023:21:52:57 -0800] "GET /einstein/places/einha39b.jpg HTTP/1.1" 200 50120 "-" "Mozilla/5.0 AppleWebKit/537.36 (KHTML, like Gecko; compatible; bingbot/2.0; +http://www.bing.com/bingbot.htm) Chrome/103.0.5060.134 Safari/537.36" "www.ysfine.com"
71.178.208.102 - - [23/Jan/2023:21:53:09 -0800] "GET /ys11/index.html HTTP/1.1" 200 3485 "-" "Mozilla/5.0 (Windows NT 10.0; Win64; x64) AppleWebKit/537.36 (KHTML, like Gecko) Chrome/109.0.0.0 Safari/537.36 Edg/109.0.1518.61" "www.ysfine.com"
207.46.13.27 - - [23/Jan/2023:21:53:31 -0800] "GET /class54/index.html HTTP/1.1" 200 2551 "-" "Mozilla/5.0 AppleWebKit/537.36 (KHTML, like Gecko; compatible; bingbot/2.0; +http://www.bing.com/bingbot.htm) Chrome/103.0.5060.134 Safari/537.36" "www.ysfine.com"
51.222.253.16 - - [23/Jan/2023:21:54:11 -0800] "GET /class54/class5480/Pictures/?C=M;O=A HTTP/1.1" 200 579 "-" "Mozilla/5.0 (compatible; AhrefsBot/7.0; +http://ahrefs.com/robot/)" "ysfine.com"
207.46.13.27 - - [23/Jan/2023:21:54:53 -0800] "GET /bio/style/artlove.html HTTP/1.1" 404 88 "-" "Mozilla/5.0 AppleWebKit/537.36 (KHTML, like Gecko; compatible; bingbot/2.0; +http://www.bing.com/bingbot.htm) Chrome/103.0.5060.134 Safari/537.36" "ysfine.com"
207.46.13.43 - - [23/Jan/2023:21:58:01 -0800] "GET /bio/eink/buythisbook.html HTTP/1.1" 404 88 "-" "Mozilla/5.0 AppleWebKit/537.36 (KHTML, like Gecko; compatible; bingbot/2.0; +http://www.bing.com/bingbot.htm) Chrome/103.0.5060.134 Safari/537.36" "ysfine.com"
157.41.254.118 - - [23/Jan/2023:21:58:26 -0800] "GET /heisen/schroheisen33.jpg HTTP/1.1" 200 86213 "https://www.google.com/" "Mozilla/5.0 (Linux; Android 10; M2006C3LI) AppleWebKit/537.36 (KHTML, like Gecko) Chrome/98.0.4758.87 Mobile Safari/537.36" "ysfine.com"
71.178.208.102 - - [23/Jan/2023:22:00:59 -0800] "GET /ys11/ HTTP/1.1" 304 - "-" "Mozilla/5.0 (Windows NT 10.0; Win64; x64) AppleWebKit/537.36 (KHTML, like Gecko) Chrome/109.0.0.0 Safari/537.36 Edg/109.0.1518.61" "ysfine.com"
157.55.39.60 - - [23/Jan/2023:22:01:27 -0800] "GET /class54/ys53.jpg HTTP/1.1" 200 146194 "-" "Mozilla/5.0 AppleWebKit/537.36 (KHTML, like Gecko; compatible; bingbot/2.0; +http://www.bing.com/bingbot.htm) Chrome/103.0.5060.134 Safari/537.36" "ysfine.com"
5.188.210.87 - - [23/Jan/2023:22:02:39 -0800] "GET /ysbio/world/travel.html HTTP/1.1" 404 73 "https://www.ysfine.com/ysbio/world/travel.html" "Mozilla/5.0 (Windows NT 6.1; Win64; x64) AppleWebKit/537.36 (KHTML, like Gecko) Chrome/90.0.4427.0 Safari/537.36" "www.ysfine.com"
5.188.210.87 - - [23/Jan/2023:22:02:40 -0800] "GET / HTTP/1.1" 200 15915 "https://www.ysfine.com/" "Mozilla/5.0 (Windows NT 6.1; Win64; x64) AppleWebKit/537.36 (KHTML, like Gecko) Chrome/90.0.4427.0 Safari/537.36" "www.ysfine.com"
207.46.13.167 - - [23/Jan/2023:22:02:45 -0800] "GET /bio/princeton/campus.html HTTP/1.1" 404 88 "-" "Mozilla/5.0 AppleWebKit/537.36 (KHTML, like Gecko; compatible; bingbot/2.0; +http://www.bing.com/bingbot.htm) Chrome/103.0.5060.134 Safari/537.36" "ysfine.com"
51.222.253.12 - - [23/Jan/2023:22:02:53 -0800] "GET /remote/wigner111/frame14.html HTTP/1.1" 200 728 "-" "Mozilla/5.0 (compatible; AhrefsBot/7.0; +http://ahrefs.com/robot/)" "ysfine.com"
207.46.13.167 - - [23/Jan/2023:22:03:44 -0800] "GET /home/fig22/acs22.jpg HTTP/1.1" 200 152356 "-" "Mozilla/5.0 AppleWebKit/537.36 (KHTML, like Gecko; compatible; bingbot/2.0; +http://www.bing.com/bingbot.htm) Chrome/103.0.5060.134 Safari/537.36" "ysfine.com"
207.46.13.27 - - [23/Jan/2023:22:05:24 -0800] "GET /bio/yshome.html HTTP/1.1" 404 88 "-" "Mozilla/5.0 AppleWebKit/537.36 (KHTML, like Gecko; compatible; bingbot/2.0; +http://www.bing.com/bingbot.htm) Chrome/103.0.5060.134 Safari/537.36" "ysfine.com"
119.160.97.68 - - [23/Jan/2023:22:06:19 -0800] "GET /maga/phys/psphere01.jpg HTTP/1.1" 200 133024 "https://www.google.com/" "Mozilla/5.0 (Linux; Android 9; JKM-LX1 Build/HUAWEIJKM-LX1; wv) AppleWebKit/537.36 (KHTML, like Gecko) Version/4.0 Chrome/106.0.5249.79 Mobile Safari/537.36 GoogleApp/13.41.11.26.arm64" "ysfine.com"
119.160.97.68 - - [23/Jan/2023:22:06:23 -0800] "GET /wigner/lorentzgr01b.jpg HTTP/1.1" 200 33834 "https://www.google.com/" "Mozilla/5.0 (Linux; Android 9; JKM-LX1 Build/HUAWEIJKM-LX1; wv) AppleWebKit/537.36 (KHTML, like Gecko) Version/4.0 Chrome/106.0.5249.79 Mobile Safari/537.36 GoogleApp/13.41.11.26.arm64" "ysfine.com"
17.246.23.125 - - [23/Jan/2023:22:06:27 -0800] "GET /dirac/dirtop.html HTTP/1.1" 200 435 "https://ysfine.com/dirac/index.html" "Mozilla/5.0 (Macintosh; Intel Mac OS X 10_15_5) AppleWebKit/605.1.15 (KHTML, like Gecko) Version/13.1.1 Safari/605.1.15 (Applebot/0.1; +http://www.apple.com/go/applebot)" "ysfine.com"
17.246.15.77 - - [23/Jan/2023:22:06:28 -0800] "GET /dirac/dirbot.html HTTP/1.1" 200 130 "https://ysfine.com/dirac/index.html" "Mozilla/5.0 (Macintosh; Intel Mac OS X 10_15_5) AppleWebKit/605.1.15 (KHTML, like Gecko) Version/13.1.1 Safari/605.1.15 (Applebot/0.1; +http://www.apple.com/go/applebot)" "ysfine.com"
17.246.23.125 - - [23/Jan/2023:22:06:28 -0800] "GET /dirac/dirleft.html HTTP/1.1" 200 716 "https://ysfine.com/dirac/dirbot.html" "Mozilla/5.0 (Macintosh; Intel Mac OS X 10_15_5) AppleWebKit/605.1.15 (KHTML, like Gecko) Version/13.1.1 Safari/605.1.15 (Applebot/0.1; +http://www.apple.com/go/applebot)" "ysfine.com"
17.246.15.77 - - [23/Jan/2023:22:06:29 -0800] "GET /dirac/dirkim.html HTTP/1.1" 200 3690 "https://ysfine.com/dirac/dirbot.html" "Mozilla/5.0 (Macintosh; Intel Mac OS X 10_15_5) AppleWebKit/605.1.15 (KHTML, like Gecko) Version/13.1.1 Safari/605.1.15 (Applebot/0.1; +http://www.apple.com/go/applebot)" "ysfine.com"
161.97.153.205 - - [23/Jan/2023:22:08:51 -0800] "GET /friends/latvia22.jpg HTTP/1.1" 404 73 "-" "-" "ysfine.com"
24.90.98.112 - - [23/Jan/2023:22:09:03 -0800] "GET /princeton/alexan22.jpg HTTP/1.1" 200 175436 "https://www.google.com/" "Mozilla/5.0 (Macintosh; Intel Mac OS X 10_15_7) AppleWebKit/605.1.15 (KHTML, like Gecko) Version/16.2 Safari/605.1.15" "ysfine.com"
205.253.9.232 - - [23/Jan/2023:22:10:43 -0800] "GET /einstein/einplanck.html HTTP/1.1" 200 3502 "-" "Mozilla/5.0 (Linux; Android 11; SM-M127G Build/RP1A.200720.012; wv) AppleWebKit/537.36 (KHTML, like Gecko) Version/4.0 Chrome/87.0.4280.141 Mobile Safari/537.36" "ysfine.com"
205.253.9.232 - - [23/Jan/2023:22:10:43 -0800] "GET /einstein/einplanck3.jpg HTTP/1.1" 200 37784 "https://ysfine.com/einstein/einplanck.html" "Mozilla/5.0 (Linux; Android 11; SM-M127G Build/RP1A.200720.012; wv) AppleWebKit/537.36 (KHTML, like Gecko) Version/4.0 Chrome/87.0.4280.141 Mobile Safari/537.36" "ysfine.com"
205.253.9.232 - - [23/Jan/2023:22:10:43 -0800] "GET /feynman/feygell77a.jpg HTTP/1.1" 200 54254 "https://ysfine.com/einstein/einplanck.html" "Mozilla/5.0 (Linux; Android 11; SM-M127G Build/RP1A.200720.012; wv) AppleWebKit/537.36 (KHTML, like Gecko) Version/4.0 Chrome/87.0.4280.141 Mobile Safari/537.36" "ysfine.com"
205.253.9.232 - - [23/Jan/2023:22:10:43 -0800] "GET /wdc/washmo08c.jpg HTTP/1.1" 200 39961 "https://ysfine.com/einstein/einplanck.html" "Mozilla/5.0 (Linux; Android 11; SM-M127G Build/RP1A.200720.012; wv) AppleWebKit/537.36 (KHTML, like Gecko) Version/4.0 Chrome/87.0.4280.141 Mobile Safari/537.36" "ysfine.com"
205.253.9.232 - - [23/Jan/2023:22:10:43 -0800] "GET /wdc/washmo02c.jpg HTTP/1.1" 200 33146 "https://ysfine.com/einstein/einplanck.html" "Mozilla/5.0 (Linux; Android 11; SM-M127G Build/RP1A.200720.012; wv) AppleWebKit/537.36 (KHTML, like Gecko) Version/4.0 Chrome/87.0.4280.141 Mobile Safari/537.36" "ysfine.com"
205.253.9.232 - - [23/Jan/2023:22:10:43 -0800] "GET /kobak/taylor33c.jpg HTTP/1.1" 200 39951 "https://ysfine.com/einstein/einplanck.html" "Mozilla/5.0 (Linux; Android 11; SM-M127G Build/RP1A.200720.012; wv) AppleWebKit/537.36 (KHTML, like Gecko) Version/4.0 Chrome/87.0.4280.141 Mobile Safari/537.36" "ysfine.com"
205.253.9.232 - - [23/Jan/2023:22:10:43 -0800] "GET /ffriends/amkor/hillary10c.jpg HTTP/1.1" 200 31626 "https://ysfine.com/einstein/einplanck.html" "Mozilla/5.0 (Linux; Android 11; SM-M127G Build/RP1A.200720.012; wv) AppleWebKit/537.36 (KHTML, like Gecko) Version/4.0 Chrome/87.0.4280.141 Mobile Safari/537.36" "ysfine.com"
205.253.9.232 - - [23/Jan/2023:22:10:43 -0800] "GET /wdc/washmomap11c.jpg HTTP/1.1" 200 39350 "https://ysfine.com/einstein/einplanck.html" "Mozilla/5.0 (Linux; Android 11; SM-M127G Build/RP1A.200720.012; wv) AppleWebKit/537.36 (KHTML, like Gecko) Version/4.0 Chrome/87.0.4280.141 Mobile Safari/537.36" "ysfine.com"
205.253.9.232 - - [23/Jan/2023:22:10:43 -0800] "GET /eink/pwk19c.jpg HTTP/1.1" 200 57759 "https://ysfine.com/einstein/einplanck.html" "Mozilla/5.0 (Linux; Android 11; SM-M127G Build/RP1A.200720.012; wv) AppleWebKit/537.36 (KHTML, like Gecko) Version/4.0 Chrome/87.0.4280.141 Mobile Safari/537.36" "ysfine.com"
205.253.9.232 - - [23/Jan/2023:22:10:45 -0800] "GET /favicon.ico HTTP/1.1" 404 88 "https://ysfine.com/einstein/einplanck.html" "Mozilla/5.0 (Linux; Android 11; SM-M127G Build/RP1A.200720.012; wv) AppleWebKit/537.36 (KHTML, like Gecko) Version/4.0 Chrome/87.0.4280.141 Mobile Safari/537.36" "ysfine.com"
51.222.253.2 - - [23/Jan/2023:22:11:13 -0800] "GET /ffriends/japanese.html HTTP/1.1" 200 6424 "-" "Mozilla/5.0 (compatible; AhrefsBot/7.0; +http://ahrefs.com/robot/)" "www.ysfine.com"
51.222.253.13 - - [23/Jan/2023:22:11:21 -0800] "GET /ffriends/amkor/jpmos18b.jpg HTTP/1.1" 200 37354 "-" "Mozilla/5.0 (compatible; AhrefsBot/7.0; +http://ahrefs.com/robot/)" "www.ysfine.com"
51.222.253.6 - - [23/Jan/2023:22:11:21 -0800] "GET /ffriends/amkor/jashopen11b.jpg HTTP/1.1" 200 52709 "-" "Mozilla/5.0 (compatible; AhrefsBot/7.0; +http://ahrefs.com/robot/)" "www.ysfine.com"
207.46.13.27 - - [23/Jan/2023:22:11:26 -0800] "GET /bio/sbk/1950.html HTTP/1.1" 404 88 "-" "Mozilla/5.0 AppleWebKit/537.36 (KHTML, like Gecko; compatible; bingbot/2.0; +http://www.bing.com/bingbot.htm) Chrome/103.0.5060.134 Safari/537.36" "ysfine.com"
157.55.39.60 - - [23/Jan/2023:22:11:34 -0800] "GET /bio/kobak/namdae.html HTTP/1.1" 404 88 "-" "Mozilla/5.0 AppleWebKit/537.36 (KHTML, like Gecko; compatible; bingbot/2.0; +http://www.bing.com/bingbot.htm) Chrome/103.0.5060.134 Safari/537.36" "ysfine.com"
51.222.253.20 - - [23/Jan/2023:22:11:52 -0800] "GET /ffriends/aline/jal21b.jpg HTTP/1.1" 200 31490 "-" "Mozilla/5.0 (compatible; AhrefsBot/7.0; +http://ahrefs.com/robot/)" "www.ysfine.com"
51.222.253.20 - - [23/Jan/2023:22:11:52 -0800] "GET /ffriends/amkor/erico11b.jpg HTTP/1.1" 200 29038 "-" "Mozilla/5.0 (compatible; AhrefsBot/7.0; +http://ahrefs.com/robot/)" "www.ysfine.com"
51.222.253.8 - - [23/Jan/2023:22:11:53 -0800] "GET /eink/eink61c.jpg HTTP/1.1" 200 34119 "-" "Mozilla/5.0 (compatible; AhrefsBot/7.0; +http://ahrefs.com/robot/)" "www.ysfine.com"
51.222.253.19 - - [23/Jan/2023:22:12:23 -0800] "GET /ffriends/amkor/jaslondon01b.jpg HTTP/1.1" 200 32295 "-" "Mozilla/5.0 (compatible; AhrefsBot/7.0; +http://ahrefs.com/robot/)" "www.ysfine.com"
51.222.253.6 - - [23/Jan/2023:22:12:23 -0800] "GET /ffriends/amkor/jasvie11b.jpg HTTP/1.1" 200 38970 "-" "Mozilla/5.0 (compatible; AhrefsBot/7.0; +http://ahrefs.com/robot/)" "www.ysfine.com"
51.222.253.17 - - [23/Jan/2023:22:12:24 -0800] "GET /ffriends/aline/jal11b.jpg HTTP/1.1" 200 46339 "-" "Mozilla/5.0 (compatible; AhrefsBot/7.0; +http://ahrefs.com/robot/)" "www.ysfine.com"
51.222.253.3 - - [23/Jan/2023:22:12:24 -0800] "GET /ffriends/amkor/jaskor07b.jpg HTTP/1.1" 200 62679 "-" "Mozilla/5.0 (compatible; AhrefsBot/7.0; +http://ahrefs.com/robot/)" "www.ysfine.com"
51.222.253.20 - - [23/Jan/2023:22:12:25 -0800] "GET /ffriends/aline/ana11b.jpg HTTP/1.1" 200 31411 "-" "Mozilla/5.0 (compatible; AhrefsBot/7.0; +http://ahrefs.com/robot/)" "www.ysfine.com"
51.222.253.4 - - [23/Jan/2023:22:12:25 -0800] "GET /ffriends/amkor/jpny12b.jpg HTTP/1.1" 200 33846 "-" "Mozilla/5.0 (compatible; AhrefsBot/7.0; +http://ahrefs.com/robot/)" "www.ysfine.com"
51.222.253.3 - - [23/Jan/2023:22:12:55 -0800] "GET /ffriends/amkor/jassd11b.jpg HTTP/1.1" 200 46424 "-" "Mozilla/5.0 (compatible; AhrefsBot/7.0; +http://ahrefs.com/robot/)" "www.ysfine.com"
207.46.13.43 - - [23/Jan/2023:22:13:13 -0800] "GET /bio/kobak/soraech.html HTTP/1.1" 404 88 "-" "Mozilla/5.0 AppleWebKit/537.36 (KHTML, like Gecko; compatible; bingbot/2.0; +http://www.bing.com/bingbot.htm) Chrome/103.0.5060.134 Safari/537.36" "ysfine.com"
65.109.168.130 - - [23/Jan/2023:22:13:14 -0800] "GET /wp-login.php HTTP/1.1" 404 88 "http://www.ysfine.com/wp-login.php" "Mozilla/5.0 (Windows NT 10.0; Win64; x64) AppleWebKit/537.36 (KHTML, like Gecko) Chrome/64.0.3282.140 Safari/537.36 Edge/18.17763" "www.ysfine.com"
51.222.253.20 - - [23/Jan/2023:22:13:26 -0800] "GET /world/japan/nara001b.jpg HTTP/1.1" 200 52822 "-" "Mozilla/5.0 (compatible; AhrefsBot/7.0; +http://ahrefs.com/robot/)" "www.ysfine.com"
51.222.253.5 - - [23/Jan/2023:22:13:26 -0800] "GET /ffriends/amkor/jpstoc22b.jpg HTTP/1.1" 200 40762 "-" "Mozilla/5.0 (compatible; AhrefsBot/7.0; +http://ahrefs.com/robot/)" "www.ysfine.com"
51.222.253.20 - - [23/Jan/2023:22:13:57 -0800] "GET /ffriends/amkor/jprome01b.jpg HTTP/1.1" 200 39796 "-" "Mozilla/5.0 (compatible; AhrefsBot/7.0; +http://ahrefs.com/robot/)" "www.ysfine.com"
207.46.13.167 - - [23/Jan/2023:22:14:34 -0800] "GET /world/baltic/tallin35.jpg HTTP/1.1" 200 203538 "-" "Mozilla/5.0 AppleWebKit/537.36 (KHTML, like Gecko; compatible; bingbot/2.0; +http://www.bing.com/bingbot.htm) Chrome/103.0.5060.134 Safari/537.36" "www.ysfine.com"
51.222.253.9 - - [23/Jan/2023:22:14:57 -0800] "GET /world/japan/osakaf06b.jpg HTTP/1.1" 200 49838 "-" "Mozilla/5.0 (compatible; AhrefsBot/7.0; +http://ahrefs.com/robot/)" "www.ysfine.com"
51.222.253.4 - - [23/Jan/2023:22:14:58 -0800] "GET /ffriends/amkor/jpvegas01b.jpg HTTP/1.1" 200 53396 "-" "Mozilla/5.0 (compatible; AhrefsBot/7.0; +http://ahrefs.com/robot/)" "www.ysfine.com"
51.222.253.9 - - [23/Jan/2023:22:14:58 -0800] "GET /ffriends/amkor/jaskor01b.jpg HTTP/1.1" 200 55079 "-" "Mozilla/5.0 (compatible; AhrefsBot/7.0; +http://ahrefs.com/robot/)" "www.ysfine.com"
51.222.253.6 - - [23/Jan/2023:22:14:59 -0800] "GET /ffriends/amkor/jpnapol01b.jpg HTTP/1.1" 200 48332 "-" "Mozilla/5.0 (compatible; AhrefsBot/7.0; +http://ahrefs.com/robot/)" "www.ysfine.com"
51.222.253.19 - - [23/Jan/2023:22:14:59 -0800] "GET /world/japan/nara003b.jpg HTTP/1.1" 200 51370 "-" "Mozilla/5.0 (compatible; AhrefsBot/7.0; +http://ahrefs.com/robot/)" "www.ysfine.com"
51.222.253.19 - - [23/Jan/2023:22:14:59 -0800] "GET /world/japan/kyoto005b.jpg HTTP/1.1" 200 59493 "-" "Mozilla/5.0 (compatible; AhrefsBot/7.0; +http://ahrefs.com/robot/)" "www.ysfine.com"
51.222.253.13 - - [23/Jan/2023:22:15:00 -0800] "GET /ffriends/aline/jal24b.jpg HTTP/1.1" 200 36191 "-" "Mozilla/5.0 (compatible; AhrefsBot/7.0; +http://ahrefs.com/robot/)" "www.ysfine.com"
51.222.253.13 - - [23/Jan/2023:22:16:00 -0800] "GET /ffriends/amkor/jpmos16b.jpg HTTP/1.1" 200 46744 "-" "Mozilla/5.0 (compatible; AhrefsBot/7.0; +http://ahrefs.com/robot/)" "www.ysfine.com"
51.222.253.16 - - [23/Jan/2023:22:16:01 -0800] "GET /world/japan/kyoto010b.jpg HTTP/1.1" 200 51405 "-" "Mozilla/5.0 (compatible; AhrefsBot/7.0; +http://ahrefs.com/robot/)" "www.ysfine.com"
17.241.75.117 - - [23/Jan/2023:22:16:52 -0800] "GET /home/yshome.html HTTP/1.1" 200 5634 "-" "Mozilla/5.0 (Macintosh; Intel Mac OS X 10_15_5) AppleWebKit/605.1.15 (KHTML, like Gecko) Version/13.1.1 Safari/605.1.15 (Applebot/0.1; +http://www.apple.com/go/applebot)" "ysfine.com"
51.222.253.20 - - [23/Jan/2023:22:17:02 -0800] "GET /ffriends/aline/ana44b.jpg HTTP/1.1" 200 50524 "-" "Mozilla/5.0 (compatible; AhrefsBot/7.0; +http://ahrefs.com/robot/)" "www.ysfine.com"
207.46.13.43 - - [23/Jan/2023:22:17:32 -0800] "GET /beau/mil/kmc07.jpg HTTP/1.1" 404 88 "-" "Mozilla/5.0 AppleWebKit/537.36 (KHTML, like Gecko; compatible; bingbot/2.0; +http://www.bing.com/bingbot.htm) Chrome/103.0.5060.134 Safari/537.36" "www.ysfine.com"
1.189.13.118 - - [23/Jan/2023:22:18:29 -0800] "GET /world/poland/jablo09.jpg HTTP/1.1" 200 77488 "-" "Mozilla/4.0 (compatible; MSIE 7.0; Windows NT 5.1; 360SE)" "ysfine.com"
221.209.108.16 - - [23/Jan/2023:22:18:45 -0800] "GET /feynman/fd8.jpg HTTP/1.1" 200 78263 "-" "Opera/9.80 (Windows NT 6.1; U; en) Presto/2.8.131 Version/11.11" "ysfine.com"
71.178.208.102 - - [23/Jan/2023:22:19:25 -0800] "GET /awards/index.html HTTP/1.1" 304 - "https://www.ysfine.com/ys11/index.html" "Mozilla/5.0 (Windows NT 10.0; Win64; x64) AppleWebKit/537.36 (KHTML, like Gecko) Chrome/109.0.0.0 Safari/537.36 Edg/109.0.1518.61" "www.ysfine.com"
182.84.194.226 - - [23/Jan/2023:22:19:49 -0800] "GET /world/poland/jablo09.jpg HTTP/1.1" 200 77488 "-" "Mozilla/4.0 (compatible; MSIE 7.0; Windows NT 5.1; 360SE)" "ysfine.com"
51.222.253.1 - - [23/Jan/2023:22:20:03 -0800] "GET /einstein/eindcmap.html HTTP/1.1" 200 1176 "-" "Mozilla/5.0 (compatible; AhrefsBot/7.0; +http://ahrefs.com/robot/)" "ysfine.com"
71.178.208.102 - - [23/Jan/2023:22:20:12 -0800] "GET /awards/iaotp/yskim.pdf HTTP/1.1" 404 88 "https://www.ysfine.com/awards/index.html" "Mozilla/5.0 (Windows NT 10.0; Win64; x64) AppleWebKit/537.36 (KHTML, like Gecko) Chrome/109.0.0.0 Safari/537.36 Edg/109.0.1518.61" "www.ysfine.com"
71.178.208.102 - - [23/Jan/2023:22:20:23 -0800] "GET /awards/iaotp/yskim.pdf HTTP/1.1" 404 88 "https://www.ysfine.com/awards/index.html" "Mozilla/5.0 (Windows NT 10.0; Win64; x64) AppleWebKit/537.36 (KHTML, like Gecko) Chrome/109.0.0.0 Safari/537.36 Edg/109.0.1518.61" "www.ysfine.com"
71.178.208.102 - - [23/Jan/2023:22:21:33 -0800] "GET /awards/iaotp153.jpg HTTP/1.1" 200 525311 "https://www.ysfine.com/awards/index.html" "Mozilla/5.0 (Windows NT 10.0; Win64; x64) AppleWebKit/537.36 (KHTML, like Gecko) Chrome/109.0.0.0 Safari/537.36 Edg/109.0.1518.61" "www.ysfine.com"
112.3.209.229 - - [23/Jan/2023:22:22:03 -0800] "GET /feynman/fd8.jpg HTTP/1.1" 200 78263 "-" "Opera/9.80 (Windows NT 6.1; U; en) Presto/2.8.131 Version/11.11" "ysfine.com"
71.178.208.102 - - [23/Jan/2023:22:22:06 -0800] "GET /awards/iaotp152.jpg HTTP/1.1" 200 186431 "https://www.ysfine.com/awards/index.html" "Mozilla/5.0 (Windows NT 10.0; Win64; x64) AppleWebKit/537.36 (KHTML, like Gecko) Chrome/109.0.0.0 Safari/537.36 Edg/109.0.1518.61" "www.ysfine.com"
71.178.208.102 - - [23/Jan/2023:22:22:23 -0800] "GET /awards/iaotp154.jpg HTTP/1.1" 200 370865 "https://www.ysfine.com/awards/index.html" "Mozilla/5.0 (Windows NT 10.0; Win64; x64) AppleWebKit/537.36 (KHTML, like Gecko) Chrome/109.0.0.0 Safari/537.36 Edg/109.0.1518.61" "www.ysfine.com"
71.178.208.102 - - [23/Jan/2023:22:22:35 -0800] "GET /awards/iaotp005.jpg HTTP/1.1" 200 357437 "https://www.ysfine.com/awards/index.html" "Mozilla/5.0 (Windows NT 10.0; Win64; x64) AppleWebKit/537.36 (KHTML, like Gecko) Chrome/109.0.0.0 Safari/537.36 Edg/109.0.1518.61" "www.ysfine.com"
207.46.13.27 - - [23/Jan/2023:22:22:36 -0800] "GET /bio/kobak/yskor.html HTTP/1.1" 404 88 "-" "Mozilla/5.0 AppleWebKit/537.36 (KHTML, like Gecko; compatible; bingbot/2.0; +http://www.bing.com/bingbot.htm) Chrome/103.0.5060.134 Safari/537.36" "ysfine.com"
207.46.13.15 - - [23/Jan/2023:22:24:09 -0800] "GET /bio/style/proschanie.html HTTP/1.1" 404 88 "-" "Mozilla/5.0 AppleWebKit/537.36 (KHTML, like Gecko; compatible; bingbot/2.0; +http://www.bing.com/bingbot.htm) Chrome/103.0.5060.134 Safari/537.36" "ysfine.com"
87.49.232.132 - - [23/Jan/2023:22:24:12 -0800] "GET /princeton/brooke22.jpg HTTP/1.1" 200 87673 "https://www.google.com/" "Mozilla/5.0 (Linux; Android 12; DN2103) AppleWebKit/537.36 (KHTML, like Gecko) Chrome/109.0.0.0 Mobile Safari/537.36" "ysfine.com"
88.240.159.134 - - [23/Jan/2023:22:24:14 -0800] "GET /style/cameras/leicafx77.jpg HTTP/1.1" 200 88850 "https://www.google.com/" "Mozilla/5.0 (Windows NT 10.0; Win64; x64) AppleWebKit/537.36 (KHTML, like Gecko) Chrome/109.0.0.0 Safari/537.36" "ysfine.com"
46.174.63.86 - - [23/Jan/2023:22:25:56 -0800] "GET /world/places/ulm02.jpg HTTP/1.1" 200 135530 "https://www.google.cz/" "Mozilla/5.0 (Windows NT 10.0; Win64; x64) AppleWebKit/537.36 (KHTML, like Gecko) Chrome/108.0.5359.125 Safari/537.36" "ysfine.com"
116.179.33.83 - - [23/Jan/2023:22:26:48 -0800] "GET /princeton/leigh.jpg HTTP/1.1" 404 73 "-" "Mozilla/5.0 (Windows NT 10.0; WOW64) AppleWebKit/537.36 (KHTML, like Gecko) Chrome/48.0.2564.116 Safari/537.36" "ysfine.com"
65.108.64.210 - - [23/Jan/2023:22:28:10 -0800] "GET /robots.txt HTTP/1.1" 404 73 "-" "Mozilla/5.0 (compatible; MJ12bot/v1.4.8; http://mj12bot.com/)" "www.ysfine.com"
65.108.64.210 - - [23/Jan/2023:22:28:12 -0800] "GET /ysbio/philo/keigel22.html HTTP/1.1" 404 88 "-" "Mozilla/5.0 (compatible; MJ12bot/v1.4.8; http://mj12bot.com/)" "www.ysfine.com"
65.108.64.210 - - [23/Jan/2023:22:28:14 -0800] "GET /ysbio/philo/marx.html HTTP/1.1" 404 88 "-" "Mozilla/5.0 (compatible; MJ12bot/v1.4.8; http://mj12bot.com/)" "www.ysfine.com"
65.108.64.210 - - [23/Jan/2023:22:28:16 -0800] "GET /ysbio/philo/sisfa12/index.html HTTP/1.1" 404 88 "-" "Mozilla/5.0 (compatible; MJ12bot/v1.4.8; http://mj12bot.com/)" "www.ysfine.com"
65.108.64.210 - - [23/Jan/2023:22:28:18 -0800] "GET /ysbio/princeton/bagpipes.html HTTP/1.1" 404 88 "-" "Mozilla/5.0 (compatible; MJ12bot/v1.4.8; http://mj12bot.com/)" "www.ysfine.com"
65.108.64.210 - - [23/Jan/2023:22:28:20 -0800] "GET /ysbio/princeton/butler.html HTTP/1.1" 404 88 "-" "Mozilla/5.0 (compatible; MJ12bot/v1.4.8; http://mj12bot.com/)" "www.ysfine.com"
117.214.132.39 - - [23/Jan/2023:22:28:21 -0800] "GET /einstein/einbohr33.jpg HTTP/1.1" 200 87797 "https://www.google.com/" "Mozilla/5.0 (Linux; Android 13; SM-G781B Build/TP1A.220624.014; wv) AppleWebKit/537.36 (KHTML, like Gecko) Version/4.0 Chrome/104.0.5112.97 Mobile Safari/537.36 GoogleApp/13.31.14.26.arm64" "ysfine.com"
65.108.64.210 - - [23/Jan/2023:22:28:22 -0800] "GET /ysbio/princeton/butler2011.html HTTP/1.1" 404 88 "-" "Mozilla/5.0 (compatible; MJ12bot/v1.4.8; http://mj12bot.com/)" "www.ysfine.com"
65.108.64.210 - - [23/Jan/2023:22:28:23 -0800] "GET /ysbio/princeton/dulles.html HTTP/1.1" 404 88 "-" "Mozilla/5.0 (compatible; MJ12bot/v1.4.8; http://mj12bot.com/)" "www.ysfine.com"
65.108.64.210 - - [23/Jan/2023:22:28:26 -0800] "GET /ysbio/princeton/gcollege.html HTTP/1.1" 404 88 "-" "Mozilla/5.0 (compatible; MJ12bot/v1.4.8; http://mj12bot.com/)" "www.ysfine.com"
65.108.64.210 - - [23/Jan/2023:22:28:28 -0800] "GET /ysbio/princeton/morecars.html HTTP/1.1" 404 88 "-" "Mozilla/5.0 (compatible; MJ12bot/v1.4.8; http://mj12bot.com/)" "www.ysfine.com"
65.108.64.210 - - [23/Jan/2023:22:28:30 -0800] "GET /ysbio/princeton/pleft.html HTTP/1.1" 404 88 "-" "Mozilla/5.0 (compatible; MJ12bot/v1.4.8; http://mj12bot.com/)" "www.ysfine.com"
65.108.64.210 - - [23/Jan/2023:22:28:32 -0800] "GET /ysbio/princeton/prbot.html HTTP/1.1" 404 88 "-" "Mozilla/5.0 (compatible; MJ12bot/v1.4.8; http://mj12bot.com/)" "www.ysfine.com"
65.108.64.210 - - [23/Jan/2023:22:28:34 -0800] "GET /ysbio/princeton/prigh.html HTTP/1.1" 404 88 "-" "Mozilla/5.0 (compatible; MJ12bot/v1.4.8; http://mj12bot.com/)" "www.ysfine.com"
65.108.64.210 - - [23/Jan/2023:22:28:36 -0800] "GET /ysbio/princeton/prospect.html HTTP/1.1" 404 88 "-" "Mozilla/5.0 (compatible; MJ12bot/v1.4.8; http://mj12bot.com/)" "www.ysfine.com"
65.108.64.210 - - [23/Jan/2023:22:28:38 -0800] "GET /ysbio/princeton/prosprade.html HTTP/1.1" 404 88 "-" "Mozilla/5.0 (compatible; MJ12bot/v1.4.8; http://mj12bot.com/)" "www.ysfine.com"
65.108.64.210 - - [23/Jan/2023:22:28:45 -0800] "GET /ysbio/princeton/prtop.html HTTP/1.1" 404 88 "-" "Mozilla/5.0 (compatible; MJ12bot/v1.4.8; http://mj12bot.com/)" "www.ysfine.com"
65.108.64.210 - - [23/Jan/2023:22:28:47 -0800] "GET /ysbio/princeton/sambapr.html HTTP/1.1" 404 88 "-" "Mozilla/5.0 (compatible; MJ12bot/v1.4.8; http://mj12bot.com/)" "www.ysfine.com"
65.108.64.210 - - [23/Jan/2023:22:28:49 -0800] "GET /ysbio/princeton/wilson14.html HTTP/1.1" 404 88 "-" "Mozilla/5.0 (compatible; MJ12bot/v1.4.8; http://mj12bot.com/)" "www.ysfine.com"
65.108.64.210 - - [23/Jan/2023:22:28:51 -0800] "GET /ysbio/princeton/wilsonpr.html HTTP/1.1" 404 88 "-" "Mozilla/5.0 (compatible; MJ12bot/v1.4.8; http://mj12bot.com/)" "www.ysfine.com"
65.108.64.210 - - [23/Jan/2023:22:28:53 -0800] "GET /ysbio/princeton/wilsonvers.html HTTP/1.1" 404 88 "-" "Mozilla/5.0 (compatible; MJ12bot/v1.4.8; http://mj12bot.com/)" "www.ysfine.com"
65.108.64.210 - - [23/Jan/2023:22:28:55 -0800] "GET /ysbio/princeton/wilspoin.html HTTP/1.1" 404 88 "-" "Mozilla/5.0 (compatible; MJ12bot/v1.4.8; http://mj12bot.com/)" "www.ysfine.com"
65.108.64.210 - - [23/Jan/2023:22:28:57 -0800] "GET /ysbio/style/chopingr.html HTTP/1.1" 404 88 "-" "Mozilla/5.0 (compatible; MJ12bot/v1.4.8; http://mj12bot.com/)" "www.ysfine.com"
65.108.64.210 - - [23/Jan/2023:22:28:59 -0800] "GET /ysbio/style/musee/uffizi02.html HTTP/1.1" 404 88 "-" "Mozilla/5.0 (compatible; MJ12bot/v1.4.8; http://mj12bot.com/)" "www.ysfine.com"
65.108.64.210 - - [23/Jan/2023:22:29:02 -0800] "GET /ysbio/style/music.html HTTP/1.1" 404 88 "-" "Mozilla/5.0 (compatible; MJ12bot/v1.4.8; http://mj12bot.com/)" "www.ysfine.com"
65.108.64.210 - - [23/Jan/2023:22:29:04 -0800] "GET /ysbio/style/newart.html HTTP/1.1" 404 88 "-" "Mozilla/5.0 (compatible; MJ12bot/v1.4.8; http://mj12bot.com/)" "www.ysfine.com"
65.108.64.210 - - [23/Jan/2023:22:29:06 -0800] "GET /ysbio/style/nga.html HTTP/1.1" 404 88 "-" "Mozilla/5.0 (compatible; MJ12bot/v1.4.8; http://mj12bot.com/)" "www.ysfine.com"
65.108.64.210 - - [23/Jan/2023:22:29:08 -0800] "GET /ysbio/style/rieu.html HTTP/1.1" 404 88 "-" "Mozilla/5.0 (compatible; MJ12bot/v1.4.8; http://mj12bot.com/)" "www.ysfine.com"
65.108.64.210 - - [23/Jan/2023:22:29:10 -0800] "GET /ysbio/style/shops.html HTTP/1.1" 404 88 "-" "Mozilla/5.0 (compatible; MJ12bot/v1.4.8; http://mj12bot.com/)" "www.ysfine.com"
65.108.64.210 - - [23/Jan/2023:22:29:12 -0800] "GET /ysbio/style/slavianki.html HTTP/1.1" 404 88 "-" "Mozilla/5.0 (compatible; MJ12bot/v1.4.8; http://mj12bot.com/)" "www.ysfine.com"
65.108.64.210 - - [23/Jan/2023:22:29:14 -0800] "GET /ysbio/style/songs22.html HTTP/1.1" 404 88 "-" "Mozilla/5.0 (compatible; MJ12bot/v1.4.8; http://mj12bot.com/)" "www.ysfine.com"
157.55.39.60 - - [23/Jan/2023:22:29:15 -0800] "GET /bio/kobak/namdae.html HTTP/1.1" 404 88 "-" "Mozilla/5.0 AppleWebKit/537.36 (KHTML, like Gecko; compatible; bingbot/2.0; +http://www.bing.com/bingbot.htm) Chrome/103.0.5060.134 Safari/537.36" "ysfine.com"
65.108.64.210 - - [23/Jan/2023:22:29:16 -0800] "GET /ysbio/style/songs54.html HTTP/1.1" 404 88 "-" "Mozilla/5.0 (compatible; MJ12bot/v1.4.8; http://mj12bot.com/)" "www.ysfine.com"
65.108.64.210 - - [23/Jan/2023:22:29:18 -0800] "GET /ysbio/style/spbpiano.html HTTP/1.1" 404 88 "-" "Mozilla/5.0 (compatible; MJ12bot/v1.4.8; http://mj12bot.com/)" "www.ysfine.com"
207.46.13.167 - - [23/Jan/2023:22:29:19 -0800] "GET /bio/wigner/e(2).html HTTP/1.1" 404 88 "-" "Mozilla/5.0 AppleWebKit/537.36 (KHTML, like Gecko; compatible; bingbot/2.0; +http://www.bing.com/bingbot.htm) Chrome/103.0.5060.134 Safari/537.36" "ysfine.com"
65.108.64.210 - - [23/Jan/2023:22:29:20 -0800] "GET /ysbio/style/stleft.html HTTP/1.1" 404 88 "-" "Mozilla/5.0 (compatible; MJ12bot/v1.4.8; http://mj12bot.com/)" "www.ysfine.com"
65.108.64.210 - - [23/Jan/2023:22:29:22 -0800] "GET /ysbio/style/strigh.html HTTP/1.1" 404 88 "-" "Mozilla/5.0 (compatible; MJ12bot/v1.4.8; http://mj12bot.com/)" "www.ysfine.com"
65.108.64.210 - - [23/Jan/2023:22:29:24 -0800] "GET /ysbio/style/sttop.html HTTP/1.1" 404 88 "-" "Mozilla/5.0 (compatible; MJ12bot/v1.4.8; http://mj12bot.com/)" "www.ysfine.com"
65.108.64.210 - - [23/Jan/2023:22:29:26 -0800] "GET /ysbio/style/tatiana.html HTTP/1.1" 404 88 "-" "Mozilla/5.0 (compatible; MJ12bot/v1.4.8; http://mj12bot.com/)" "www.ysfine.com"
65.108.64.210 - - [23/Jan/2023:22:29:28 -0800] "GET /ysbio/style/tatyana.html HTTP/1.1" 404 88 "-" "Mozilla/5.0 (compatible; MJ12bot/v1.4.8; http://mj12bot.com/)" "www.ysfine.com"
65.108.64.210 - - [23/Jan/2023:22:29:30 -0800] "GET /ysbio/usca/pitt/westifn.html HTTP/1.1" 404 88 "-" "Mozilla/5.0 (compatible; MJ12bot/v1.4.8; http://mj12bot.com/)" "www.ysfine.com"
65.108.64.210 - - [23/Jan/2023:22:29:32 -0800] "GET /ysbio/wdc/eindc.html HTTP/1.1" 404 88 "-" "Mozilla/5.0 (compatible; MJ12bot/v1.4.8; http://mj12bot.com/)" "www.ysfine.com"
65.108.64.210 - - [23/Jan/2023:22:29:34 -0800] "GET /ysbio/wdc/index.html HTTP/1.1" 404 88 "-" "Mozilla/5.0 (compatible; MJ12bot/v1.4.8; http://mj12bot.com/)" "www.ysfine.com"
65.108.64.210 - - [23/Jan/2023:22:29:36 -0800] "GET /ysbio/wdc/monticello.html HTTP/1.1" 404 88 "-" "Mozilla/5.0 (compatible; MJ12bot/v1.4.8; http://mj12bot.com/)" "www.ysfine.com"
65.108.64.210 - - [23/Jan/2023:22:29:38 -0800] "GET /ysbio/wdc/mydc.html HTTP/1.1" 404 88 "-" "Mozilla/5.0 (compatible; MJ12bot/v1.4.8; http://mj12bot.com/)" "www.ysfine.com"
65.108.64.210 - - [23/Jan/2023:22:29:40 -0800] "GET /ysbio/wdc/sakura.html HTTP/1.1" 404 88 "-" "Mozilla/5.0 (compatible; MJ12bot/v1.4.8; http://mj12bot.com/)" "www.ysfine.com"
65.108.64.210 - - [23/Jan/2023:22:29:42 -0800] "GET /ysbio/wdc/umd.html HTTP/1.1" 404 88 "-" "Mozilla/5.0 (compatible; MJ12bot/v1.4.8; http://mj12bot.com/)" "www.ysfine.com"
