162.55.86.58 - - [24/Jan/2023:06:43:39 -0800] "GET /wigner/maxwig22.html HTTP/1.1" 200 1591 "-" "Mozilla/5.0 (compatible; BLEXBot/1.0; +http://webmeup-crawler.com/)" "ysfine.com"
162.55.86.58 - - [24/Jan/2023:06:43:40 -0800] "GET /einstein/kant.html HTTP/1.1" 404 88 "-" "Mozilla/5.0 (compatible; BLEXBot/1.0; +http://webmeup-crawler.com/)" "ysfine.com"
162.55.86.58 - - [24/Jan/2023:06:43:43 -0800] "GET /wigner/neum/futcomp.html HTTP/1.1" 200 1986 "-" "Mozilla/5.0 (compatible; BLEXBot/1.0; +http://webmeup-crawler.com/)" "ysfine.com"
162.55.86.58 - - [24/Jan/2023:06:43:44 -0800] "GET /einstein/minkowski.html HTTP/1.1" 404 88 "-" "Mozilla/5.0 (compatible; BLEXBot/1.0; +http://webmeup-crawler.com/)" "ysfine.com"
162.55.86.58 - - [24/Jan/2023:06:43:49 -0800] "GET /wigner/weissk.html HTTP/1.1" 200 3299 "-" "Mozilla/5.0 (compatible; BLEXBot/1.0; +http://webmeup-crawler.com/)" "ysfine.com"
162.55.86.58 - - [24/Jan/2023:06:43:49 -0800] "GET /einstein/storie.html HTTP/1.1" 404 88 "-" "Mozilla/5.0 (compatible; BLEXBot/1.0; +http://webmeup-crawler.com/)" "ysfine.com"
162.55.86.58 - - [24/Jan/2023:06:43:53 -0800] "GET /wigner/wigsid.html HTTP/1.1" 404 88 "-" "Mozilla/5.0 (compatible; BLEXBot/1.0; +http://webmeup-crawler.com/)" "ysfine.com"
162.55.86.58 - - [24/Jan/2023:06:43:54 -0800] "GET /einstein/wallis.html HTTP/1.1" 200 5621 "-" "Mozilla/5.0 (compatible; BLEXBot/1.0; +http://webmeup-crawler.com/)" "ysfine.com"
162.55.86.58 - - [24/Jan/2023:06:43:57 -0800] "GET /wisdom/kowar31.html HTTP/1.1" 404 88 "-" "Mozilla/5.0 (compatible; BLEXBot/1.0; +http://webmeup-crawler.com/)" "ysfine.com"
162.55.86.58 - - [24/Jan/2023:06:43:58 -0800] "GET /einstein/webars.html HTTP/1.1" 200 352 "-" "Mozilla/5.0 (compatible; BLEXBot/1.0; +http://webmeup-crawler.com/)" "ysfine.com"
162.55.86.58 - - [24/Jan/2023:06:44:01 -0800] "GET /wisdom/more.html HTTP/1.1" 404 88 "-" "Mozilla/5.0 (compatible; BLEXBot/1.0; +http://webmeup-crawler.com/)" "ysfine.com"
162.55.86.58 - - [24/Jan/2023:06:44:04 -0800] "GET /feynman/feybot.html HTTP/1.1" 404 88 "-" "Mozilla/5.0 (compatible; BLEXBot/1.0; +http://webmeup-crawler.com/)" "ysfine.com"
162.55.86.58 - - [24/Jan/2023:06:44:05 -0800] "GET /wisdom/quovadis.html HTTP/1.1" 200 3582 "-" "Mozilla/5.0 (compatible; BLEXBot/1.0; +http://webmeup-crawler.com/)" "ysfine.com"
162.55.86.58 - - [24/Jan/2023:06:44:07 -0800] "GET /feynman/index/html HTTP/1.1" 404 88 "-" "Mozilla/5.0 (compatible; BLEXBot/1.0; +http://webmeup-crawler.com/)" "ysfine.com"
162.55.86.58 - - [24/Jan/2023:06:44:10 -0800] "GET /wisdom/tanks.html HTTP/1.1" 200 8599 "-" "Mozilla/5.0 (compatible; BLEXBot/1.0; +http://webmeup-crawler.com/)" "ysfine.com"
162.55.86.58 - - [24/Jan/2023:06:44:11 -0800] "GET /feynman/partons.html HTTP/1.1" 200 5807 "-" "Mozilla/5.0 (compatible; BLEXBot/1.0; +http://webmeup-crawler.com/)" "www.ysfine.com"
162.55.86.58 - - [24/Jan/2023:06:44:13 -0800] "GET /wisdom/yshome.html HTTP/1.1" 404 88 "-" "Mozilla/5.0 (compatible; BLEXBot/1.0; +http://webmeup-crawler.com/)" "ysfine.com"
162.55.86.58 - - [24/Jan/2023:06:44:20 -0800] "GET /world/baltic/kalinmap44.html HTTP/1.1" 200 630 "-" "Mozilla/5.0 (compatible; BLEXBot/1.0; +http://webmeup-crawler.com/)" "ysfine.com"
162.55.86.58 - - [24/Jan/2023:06:44:21 -0800] "GET /feysavior.html HTTP/1.1" 404 88 "-" "Mozilla/5.0 (compatible; BLEXBot/1.0; +http://webmeup-crawler.com/)" "ysfine.com"
162.55.86.58 - - [24/Jan/2023:06:44:24 -0800] "GET /ffriends/amkor/hillary.html HTTP/1.1" 404 88 "-" "Mozilla/5.0 (compatible; BLEXBot/1.0; +http://webmeup-crawler.com/)" "ysfine.com"
162.55.86.58 - - [24/Jan/2023:06:44:24 -0800] "GET /world/brit/tower.html HTTP/1.1" 200 323 "-" "Mozilla/5.0 (compatible; BLEXBot/1.0; +http://webmeup-crawler.com/)" "ysfine.com"
162.55.86.58 - - [24/Jan/2023:06:44:27 -0800] "GET /world/china/dalian.html HTTP/1.1" 200 5040 "-" "Mozilla/5.0 (compatible; BLEXBot/1.0; +http://webmeup-crawler.com/)" "ysfine.com"
162.55.86.58 - - [24/Jan/2023:06:44:27 -0800] "GET /ffriends/amkor/korcasia.html HTTP/1.1" 404 88 "-" "Mozilla/5.0 (compatible; BLEXBot/1.0; +http://webmeup-crawler.com/)" "ysfine.com"
162.55.86.58 - - [24/Jan/2023:06:44:31 -0800] "GET /world/china/hongkong.html HTTP/1.1" 200 4914 "-" "Mozilla/5.0 (compatible; BLEXBot/1.0; +http://webmeup-crawler.com/)" "ysfine.com"
162.55.86.58 - - [24/Jan/2023:06:44:31 -0800] "GET /ffriends/asian.html HTTP/1.1" 200 6987 "-" "Mozilla/5.0 (compatible; BLEXBot/1.0; +http://webmeup-crawler.com/)" "ysfine.com"
162.55.86.58 - - [24/Jan/2023:06:44:35 -0800] "GET /world/copen.html HTTP/1.1" 200 6582 "-" "Mozilla/5.0 (compatible; BLEXBot/1.0; +http://webmeup-crawler.com/)" "www.ysfine.com"
162.55.86.58 - - [24/Jan/2023:06:44:36 -0800] "GET /ffriends/maga/fountain.html HTTP/1.1" 404 88 "-" "Mozilla/5.0 (compatible; BLEXBot/1.0; +http://webmeup-crawler.com/)" "ysfine.com"
162.55.86.58 - - [24/Jan/2023:06:44:40 -0800] "GET /world/france/champ96.html HTTP/1.1" 200 336 "-" "Mozilla/5.0 (compatible; BLEXBot/1.0; +http://webmeup-crawler.com/)" "ysfine.com"
162.55.86.58 - - [24/Jan/2023:06:44:41 -0800] "GET /ffriends/omsk.html HTTP/1.1" 200 273 "-" "Mozilla/5.0 (compatible; BLEXBot/1.0; +http://webmeup-crawler.com/)" "ysfine.com"
162.55.86.58 - - [24/Jan/2023:06:44:43 -0800] "GET /world/home/index.html HTTP/1.1" 404 88 "-" "Mozilla/5.0 (compatible; BLEXBot/1.0; +http://webmeup-crawler.com/)" "ysfine.com"
162.55.86.58 - - [24/Jan/2023:06:44:44 -0800] "GET /ffriends/proudm.html HTTP/1.1" 404 88 "-" "Mozilla/5.0 (compatible; BLEXBot/1.0; +http://webmeup-crawler.com/)" "ysfine.com"
162.55.86.58 - - [24/Jan/2023:06:44:48 -0800] "GET /world/ital/aquinas02.html HTTP/1.1" 404 88 "-" "Mozilla/5.0 (compatible; BLEXBot/1.0; +http://webmeup-crawler.com/)" "ysfine.com"
162.55.86.58 - - [24/Jan/2023:06:44:48 -0800] "GET /ffriends/russian.html HTTP/1.1" 200 33919 "-" "Mozilla/5.0 (compatible; BLEXBot/1.0; +http://webmeup-crawler.com/)" "ysfine.com"
162.55.86.58 - - [24/Jan/2023:06:44:51 -0800] "GET /world/ital/pantheon.html HTTP/1.1" 200 277 "-" "Mozilla/5.0 (compatible; BLEXBot/1.0; +http://webmeup-crawler.com/)" "ysfine.com"
162.55.86.58 - - [24/Jan/2023:06:44:52 -0800] "GET /ffriends/soldiers.html HTTP/1.1" 200 4685 "-" "Mozilla/5.0 (compatible; BLEXBot/1.0; +http://webmeup-crawler.com/)" "ysfine.com"
162.55.86.58 - - [24/Jan/2023:06:44:54 -0800] "GET /world/ital/tuscany.html HTTP/1.1" 200 455 "-" "Mozilla/5.0 (compatible; BLEXBot/1.0; +http://webmeup-crawler.com/)" "ysfine.com"
162.55.86.58 - - [24/Jan/2023:06:44:55 -0800] "GET /ffriends/students.html HTTP/1.1" 200 17293 "-" "Mozilla/5.0 (compatible; BLEXBot/1.0; +http://webmeup-crawler.com/)" "ysfine.com"
162.55.86.58 - - [24/Jan/2023:06:44:57 -0800] "GET /world/ital/uffizi02.html HTTP/1.1" 200 401 "-" "Mozilla/5.0 (compatible; BLEXBot/1.0; +http://webmeup-crawler.com/)" "ysfine.com"
162.55.86.58 - - [24/Jan/2023:06:44:58 -0800] "GET /ffriends/tolstoy.html HTTP/1.1" 200 1447 "-" "Mozilla/5.0 (compatible; BLEXBot/1.0; +http://webmeup-crawler.com/)" "ysfine.com"
162.55.86.58 - - [24/Jan/2023:06:45:00 -0800] "GET /world/ital/uffizi22.html HTTP/1.1" 200 402 "-" "Mozilla/5.0 (compatible; BLEXBot/1.0; +http://webmeup-crawler.com/)" "ysfine.com"
162.55.86.58 - - [24/Jan/2023:06:45:02 -0800] "GET /ffriends/twosist.html HTTP/1.1" 404 88 "-" "Mozilla/5.0 (compatible; BLEXBot/1.0; +http://webmeup-crawler.com/)" "ysfine.com"
162.55.86.58 - - [24/Jan/2023:06:45:04 -0800] "GET /world/nice.html HTTP/1.1" 200 7230 "-" "Mozilla/5.0 (compatible; BLEXBot/1.0; +http://webmeup-crawler.com/)" "ysfine.com"
162.55.86.58 - - [24/Jan/2023:06:45:05 -0800] "GET /folks/asian.html HTTP/1.1" 200 6987 "-" "Mozilla/5.0 (compatible; BLEXBot/1.0; +http://webmeup-crawler.com/)" "ysfine.com"
162.55.86.58 - - [24/Jan/2023:06:45:07 -0800] "GET /world/poland/coperni.html HTTP/1.1" 404 88 "-" "Mozilla/5.0 (compatible; BLEXBot/1.0; +http://webmeup-crawler.com/)" "ysfine.com"
162.55.86.58 - - [24/Jan/2023:06:45:09 -0800] "GET /folks/goldha.html HTTP/1.1" 200 1796 "-" "Mozilla/5.0 (compatible; BLEXBot/1.0; +http://webmeup-crawler.com/)" "ysfine.com"
162.55.86.58 - - [24/Jan/2023:06:45:11 -0800] "GET /world/poland/copernijagel.html HTTP/1.1" 200 309 "-" "Mozilla/5.0 (compatible; BLEXBot/1.0; +http://webmeup-crawler.com/)" "ysfine.com"
162.55.86.58 - - [24/Jan/2023:06:45:13 -0800] "GET /folks/omsk.html HTTP/1.1" 200 273 "-" "Mozilla/5.0 (compatible; BLEXBot/1.0; +http://webmeup-crawler.com/)" "ysfine.com"
162.55.86.58 - - [24/Jan/2023:06:45:14 -0800] "GET /world/poland/jarema.html HTTP/1.1" 200 334 "-" "Mozilla/5.0 (compatible; BLEXBot/1.0; +http://webmeup-crawler.com/)" "ysfine.com"
162.55.86.58 - - [24/Jan/2023:06:45:16 -0800] "GET /folks/roskei.html HTTP/1.1" 200 6121 "-" "Mozilla/5.0 (compatible; BLEXBot/1.0; +http://webmeup-crawler.com/)" "ysfine.com"
207.46.13.167 - - [24/Jan/2023:06:45:16 -0800] "GET /bio/wigner/e(2).html HTTP/1.1" 404 88 "-" "Mozilla/5.0 AppleWebKit/537.36 (KHTML, like Gecko; compatible; bingbot/2.0; +http://www.bing.com/bingbot.htm) Chrome/103.0.5060.134 Safari/537.36" "ysfine.com"
162.55.86.58 - - [24/Jan/2023:06:45:17 -0800] "GET /world/poland/polstu03.html HTTP/1.1" 404 88 "-" "Mozilla/5.0 (compatible; BLEXBot/1.0; +http://webmeup-crawler.com/)" "ysfine.com"
162.55.86.58 - - [24/Jan/2023:06:45:20 -0800] "GET /folks/sbt.html HTTP/1.1" 200 529 "-" "Mozilla/5.0 (compatible; BLEXBot/1.0; +http://webmeup-crawler.com/)" "ysfine.com"
162.55.86.58 - - [24/Jan/2023:06:45:21 -0800] "GET /world/polandp.html HTTP/1.1" 200 5411 "-" "Mozilla/5.0 (compatible; BLEXBot/1.0; +http://webmeup-crawler.com/)" "www.ysfine.com"
162.55.86.58 - - [24/Jan/2023:06:45:24 -0800] "GET /folks/tolstoy.html HTTP/1.1" 200 1447 "-" "Mozilla/5.0 (compatible; BLEXBot/1.0; +http://webmeup-crawler.com/)" "ysfine.com"
162.55.86.58 - - [24/Jan/2023:06:45:25 -0800] "GET /world/russ/basil.html HTTP/1.1" 200 519 "-" "Mozilla/5.0 (compatible; BLEXBot/1.0; +http://webmeup-crawler.com/)" "ysfine.com"
162.55.86.58 - - [24/Jan/2023:06:45:27 -0800] "GET /folks/wheeler.html HTTP/1.1" 200 3348 "-" "Mozilla/5.0 (compatible; BLEXBot/1.0; +http://webmeup-crawler.com/)" "ysfine.com"
162.55.86.58 - - [24/Jan/2023:06:45:31 -0800] "GET /friends/european.html HTTP/1.1" 404 88 "-" "Mozilla/5.0 (compatible; BLEXBot/1.0; +http://webmeup-crawler.com/)" "ysfine.com"
162.55.86.58 - - [24/Jan/2023:06:45:32 -0800] "GET /world/russ/petrovbio.html HTTP/1.1" 200 6395 "-" "Mozilla/5.0 (compatible; BLEXBot/1.0; +http://webmeup-crawler.com/)" "ysfine.com"
162.55.86.58 - - [24/Jan/2023:06:45:34 -0800] "GET /friends/garden.html HTTP/1.1" 404 88 "-" "Mozilla/5.0 (compatible; BLEXBot/1.0; +http://webmeup-crawler.com/)" "ysfine.com"
162.55.86.58 - - [24/Jan/2023:06:45:36 -0800] "GET /world/russ/promotion.html HTTP/1.1" 200 438 "-" "Mozilla/5.0 (compatible; BLEXBot/1.0; +http://webmeup-crawler.com/)" "ysfine.com"
162.55.86.58 - - [24/Jan/2023:06:45:38 -0800] "GET /friends/index.html HTTP/1.1" 404 88 "-" "Mozilla/5.0 (compatible; BLEXBot/1.0; +http://webmeup-crawler.com/)" "ysfine.com"
162.55.86.58 - - [24/Jan/2023:06:45:41 -0800] "GET /world/russ/proudm.html HTTP/1.1" 200 696 "-" "Mozilla/5.0 (compatible; BLEXBot/1.0; +http://webmeup-crawler.com/)" "ysfine.com"
162.55.86.58 - - [24/Jan/2023:06:45:43 -0800] "GET /friends/korcasia.html HTTP/1.1" 404 88 "-" "Mozilla/5.0 (compatible; BLEXBot/1.0; +http://webmeup-crawler.com/)" "ysfine.com"
162.55.86.58 - - [24/Jan/2023:06:45:45 -0800] "GET /world/scandi/copenhi.html HTTP/1.1" 200 377 "-" "Mozilla/5.0 (compatible; BLEXBot/1.0; +http://webmeup-crawler.com/)" "www.ysfine.com"
162.55.86.58 - - [24/Jan/2023:06:45:47 -0800] "GET /friends/moso.html HTTP/1.1" 404 88 "-" "Mozilla/5.0 (compatible; BLEXBot/1.0; +http://webmeup-crawler.com/)" "ysfine.com"
162.55.86.58 - - [24/Jan/2023:06:45:49 -0800] "GET /world/stoc.html HTTP/1.1" 200 5400 "-" "Mozilla/5.0 (compatible; BLEXBot/1.0; +http://webmeup-crawler.com/)" "ysfine.com"
162.55.86.58 - - [24/Jan/2023:06:45:50 -0800] "GET /friends/russian.html HTTP/1.1" 404 88 "-" "Mozilla/5.0 (compatible; BLEXBot/1.0; +http://webmeup-crawler.com/)" "ysfine.com"
162.55.86.58 - - [24/Jan/2023:06:45:53 -0800] "GET /world/venetow.html HTTP/1.1" 404 88 "-" "Mozilla/5.0 (compatible; BLEXBot/1.0; +http://webmeup-crawler.com/)" "ysfine.com"
162.55.86.58 - - [24/Jan/2023:06:45:54 -0800] "GET /friends/soldiers.html HTTP/1.1" 404 88 "-" "Mozilla/5.0 (compatible; BLEXBot/1.0; +http://webmeup-crawler.com/)" "ysfine.com"
162.55.86.58 - - [24/Jan/2023:06:45:57 -0800] "GET /world/visas.html HTTP/1.1" 200 2626 "-" "Mozilla/5.0 (compatible; BLEXBot/1.0; +http://webmeup-crawler.com/)" "ysfine.com"
162.55.86.58 - - [24/Jan/2023:06:45:58 -0800] "GET /heisen/einheisen00.html HTTP/1.1" 200 5149 "-" "Mozilla/5.0 (compatible; BLEXBot/1.0; +http://webmeup-crawler.com/)" "ysfine.com"
162.55.86.58 - - [24/Jan/2023:06:46:00 -0800] "GET /world/wigberlin.html HTTP/1.1" 200 7173 "-" "Mozilla/5.0 (compatible; BLEXBot/1.0; +http://webmeup-crawler.com/)" "ysfine.com"
162.55.86.58 - - [24/Jan/2023:06:46:01 -0800] "GET /heisen/further.html HTTP/1.1" 404 88 "-" "Mozilla/5.0 (compatible; BLEXBot/1.0; +http://webmeup-crawler.com/)" "ysfine.com"
162.55.86.58 - - [24/Jan/2023:06:46:05 -0800] "GET /ys11/index.html HTTP/1.1" 200 3485 "-" "Mozilla/5.0 (compatible; BLEXBot/1.0; +http://webmeup-crawler.com/)" "www.ysfine.com"
162.55.86.58 - - [24/Jan/2023:06:46:05 -0800] "GET /heisen/heisen05.html HTTP/1.1" 200 5136 "-" "Mozilla/5.0 (compatible; BLEXBot/1.0; +http://webmeup-crawler.com/)" "ysfine.com"
162.55.86.58 - - [24/Jan/2023:06:46:08 -0800] "GET /yshome.html HTTP/1.1" 404 88 "-" "Mozilla/5.0 (compatible; BLEXBot/1.0; +http://webmeup-crawler.com/)" "ysfine.com"
162.55.86.58 - - [24/Jan/2023:06:46:09 -0800] "GET /heisen/heisenberg.html HTTP/1.1" 200 10535 "-" "Mozilla/5.0 (compatible; BLEXBot/1.0; +http://webmeup-crawler.com/)" "ysfine.com"
207.46.13.15 - - [24/Jan/2023:06:46:26 -0800] "GET /bio/style/proschanie.html HTTP/1.1" 404 88 "-" "Mozilla/5.0 AppleWebKit/537.36 (KHTML, like Gecko; compatible; bingbot/2.0; +http://www.bing.com/bingbot.htm) Chrome/103.0.5060.134 Safari/537.36" "ysfine.com"
162.55.86.58 - - [24/Jan/2023:06:46:32 -0800] "GET /home/100yrs.html HTTP/1.1" 200 7936 "-" "Mozilla/5.0 (compatible; BLEXBot/1.0; +http://webmeup-crawler.com/)" "www.ysfine.com"
162.55.86.58 - - [24/Jan/2023:06:46:37 -0800] "GET /home/bio.html HTTP/1.1" 404 88 "-" "Mozilla/5.0 (compatible; BLEXBot/1.0; +http://webmeup-crawler.com/)" "ysfine.com"
51.222.253.14 - - [24/Jan/2023:06:46:38 -0800] "GET /dirac/chaucer.html HTTP/1.1" 200 2700 "-" "Mozilla/5.0 (compatible; AhrefsBot/7.0; +http://ahrefs.com/robot/)" "ysfine.com"
162.55.86.58 - - [24/Jan/2023:06:46:44 -0800] "GET /home/bio.html HTTP/1.1" 404 88 "-" "Mozilla/5.0 (compatible; BLEXBot/1.0; +http://webmeup-crawler.com/)" "ysfine.com"
162.55.86.58 - - [24/Jan/2023:06:46:50 -0800] "GET /home/bio.html HTTP/1.1" 404 88 "-" "Mozilla/5.0 (compatible; BLEXBot/1.0; +http://webmeup-crawler.com/)" "www.ysfine.com"
162.55.86.58 - - [24/Jan/2023:06:46:55 -0800] "GET /home/bio22.html HTTP/1.1" 404 88 "-" "Mozilla/5.0 (compatible; BLEXBot/1.0; +http://webmeup-crawler.com/)" "ysfine.com"
162.55.86.58 - - [24/Jan/2023:06:47:00 -0800] "GET /home/bio22.html HTTP/1.1" 404 88 "-" "Mozilla/5.0 (compatible; BLEXBot/1.0; +http://webmeup-crawler.com/)" "ysfine.com"
162.55.86.58 - - [24/Jan/2023:06:47:04 -0800] "GET /home/bio77.html HTTP/1.1" 404 88 "-" "Mozilla/5.0 (compatible; BLEXBot/1.0; +http://webmeup-crawler.com/)" "ysfine.com"
162.55.86.58 - - [24/Jan/2023:06:47:12 -0800] "GET /home/covar.html HTTP/1.1" 404 88 "-" "Mozilla/5.0 (compatible; BLEXBot/1.0; +http://webmeup-crawler.com/)" "ysfine.com"
162.55.86.58 - - [24/Jan/2023:06:47:17 -0800] "GET /home/dwf.html HTTP/1.1" 200 4126 "-" "Mozilla/5.0 (compatible; BLEXBot/1.0; +http://webmeup-crawler.com/)" "www.ysfine.com"
162.55.86.58 - - [24/Jan/2023:06:47:21 -0800] "GET /home/feyn70.html HTTP/1.1" 404 88 "-" "Mozilla/5.0 (compatible; BLEXBot/1.0; +http://webmeup-crawler.com/)" "ysfine.com"
162.55.86.58 - - [24/Jan/2023:06:47:26 -0800] "GET /home/feysavior.html HTTP/1.1" 200 2737 "-" "Mozilla/5.0 (compatible; BLEXBot/1.0; +http://webmeup-crawler.com/)" "www.ysfine.com"
162.55.86.58 - - [24/Jan/2023:06:47:30 -0800] "GET /home/hmbot.html HTTP/1.1" 200 132 "-" "Mozilla/5.0 (compatible; BLEXBot/1.0; +http://webmeup-crawler.com/)" "ysfine.com"
162.55.86.58 - - [24/Jan/2023:06:47:34 -0800] "GET /home/index.html HTTP/1.1" 200 142 "-" "Mozilla/5.0 (compatible; BLEXBot/1.0; +http://webmeup-crawler.com/)" "www.ysfine.com"
162.55.86.58 - - [24/Jan/2023:06:47:39 -0800] "GET /home/marq.html HTTP/1.1" 200 3268 "-" "Mozilla/5.0 (compatible; BLEXBot/1.0; +http://webmeup-crawler.com/)" "ysfine.com"
122.162.146.192 - - [24/Jan/2023:06:48:25 -0800] "GET /world/china/dalian01.jpg HTTP/1.1" 200 184443 "https://www.google.com/" "Mozilla/5.0 (Windows NT 10.0; Win64; x64) AppleWebKit/537.36 (KHTML, like Gecko) Chrome/109.0.0.0 Safari/537.36" "ysfine.com"
207.46.13.89 - - [24/Jan/2023:06:48:25 -0800] "GET /princeton/cosmic22.jpg HTTP/1.1" 200 103857 "-" "Mozilla/5.0 AppleWebKit/537.36 (KHTML, like Gecko; compatible; bingbot/2.0; +http://www.bing.com/bingbot.htm) Chrome/103.0.5060.134 Safari/537.36" "ysfine.com"
65.108.211.121 - - [24/Jan/2023:06:48:59 -0800] "GET /kobak/rok48b.jpg HTTP/1.1" 200 66570 "-" "Mozilla/5.0 (X11; Fedora; Linux x86_64) AppleWebKit/537.36 (KHTML, like Gecko) Chrome/79.0.3945.117 Safari/537.36" "ysfine.com"
123.125.109.45 - - [24/Jan/2023:06:49:02 -0800] "GET / HTTP/1.1" 200 5295 "-" "Sogou web spider/4.0(+http://www.sogou.com/docs/help/webmasters.htm#07)" "www.ysfine.com"
185.191.171.10 - - [24/Jan/2023:06:49:40 -0800] "GET /dongio/italian.html HTTP/1.1" 404 88 "-" "Mozilla/5.0 (compatible; SemrushBot/7~bl; +http://www.semrush.com/bot.html)" "ysfine.com"
207.46.13.15 - - [24/Jan/2023:06:50:05 -0800] "GET /home/more.html HTTP/1.1" 200 3042 "-" "Mozilla/5.0 AppleWebKit/537.36 (KHTML, like Gecko; compatible; bingbot/2.0; +http://www.bing.com/bingbot.htm) Chrome/103.0.5060.134 Safari/537.36" "www.ysfine.com"
185.191.171.20 - - [24/Jan/2023:06:51:33 -0800] "GET /class54/class5470/total_data/sub_895.htm HTTP/1.1" 200 3510 "-" "Mozilla/5.0 (compatible; SemrushBot/7~bl; +http://www.semrush.com/bot.html)" "www.ysfine.com"
157.55.39.60 - - [24/Jan/2023:06:53:02 -0800] "GET /bio/kobak/namdae.html HTTP/1.1" 404 88 "-" "Mozilla/5.0 AppleWebKit/537.36 (KHTML, like Gecko; compatible; bingbot/2.0; +http://www.bing.com/bingbot.htm) Chrome/103.0.5060.134 Safari/537.36" "ysfine.com"
37.111.202.35 - - [24/Jan/2023:06:53:21 -0800] "GET /maga/phys/bohr05.jpg HTTP/1.1" 200 70451 "https://www.google.com/" "Mozilla/5.0 (Windows NT 10.0; Win64; x64) AppleWebKit/537.36 (KHTML, like Gecko) Chrome/109.0.0.0 Safari/537.36" "ysfine.com"
77.88.5.217 - - [24/Jan/2023:06:54:19 -0800] "GET /dongio/omsk.html HTTP/1.1" 404 88 "-" "Mozilla/5.0 (compatible; YandexBot/3.0; +http://yandex.com/bots) AppleWebKit/537.36 (KHTML, like Gecko) Chrome/81.0.4044.268" "www.ysfine.com"
207.46.13.27 - - [24/Jan/2023:06:55:16 -0800] "GET /bio/kobak/yskor.html HTTP/1.1" 404 88 "-" "Mozilla/5.0 AppleWebKit/537.36 (KHTML, like Gecko; compatible; bingbot/2.0; +http://www.bing.com/bingbot.htm) Chrome/103.0.5060.134 Safari/537.36" "ysfine.com"
207.46.13.43 - - [24/Jan/2023:06:55:41 -0800] "GET /bio.html HTTP/1.1" 200 18260 "-" "Mozilla/5.0 AppleWebKit/537.36 (KHTML, like Gecko; compatible; bingbot/2.0; +http://www.bing.com/bingbot.htm) Chrome/103.0.5060.134 Safari/537.36" "www.ysfine.com"
207.46.13.43 - - [24/Jan/2023:06:55:53 -0800] "GET /bio.html HTTP/1.1" 200 18260 "-" "Mozilla/5.0 AppleWebKit/537.36 (KHTML, like Gecko; compatible; bingbot/2.0; +http://www.bing.com/bingbot.htm) Chrome/103.0.5060.134 Safari/537.36" "ysfine.com"
114.119.159.8 - - [24/Jan/2023:06:56:17 -0800] "GET /ffriends/turklawyer02c.jpg HTTP/1.1" 200 46730 "https://ysfine.com/world/spain/index.html" "Mozilla/5.0 (Linux; Android 7.0;) AppleWebKit/537.36 (KHTML, like Gecko) Mobile Safari/537.36 (compatible; PetalBot;+https://webmaster.petalsearch.com/site/petalbot)" "ysfine.com"
119.198.125.155 - - [24/Jan/2023:06:56:55 -0800] "GET /class54/leech11.pdf HTTP/1.1" 200 367856 "-" "Mozilla/5.0 (Windows NT 10.0; Win64; x64) AppleWebKit/537.36 (KHTML, like Gecko) Chrome/109.0.0.0 Safari/537.36 Edg/109.0.1518.61" "ysfine.com"
119.198.125.155 - - [24/Jan/2023:06:56:56 -0800] "GET /favicon.ico HTTP/1.1" 404 88 "https://ysfine.com/class54/leech11.pdf" "Mozilla/5.0 (Windows NT 10.0; Win64; x64) AppleWebKit/537.36 (KHTML, like Gecko) Chrome/109.0.0.0 Safari/537.36 Edg/109.0.1518.61" "ysfine.com"
207.46.13.15 - - [24/Jan/2023:06:57:14 -0800] "GET /fotos/sbtwein11.jpg HTTP/1.1" 200 237377 "-" "Mozilla/5.0 AppleWebKit/537.36 (KHTML, like Gecko; compatible; bingbot/2.0; +http://www.bing.com/bingbot.htm) Chrome/103.0.5060.134 Safari/537.36" "ysfine.com"
114.119.148.189 - - [24/Jan/2023:06:57:24 -0800] "GET /class54/class5470/total_data/sub_118.htm HTTP/1.1" 200 3306 "https://ysfine.com/class54/class5470/total_data/sub_119.htm" "Mozilla/5.0 (Linux; Android 7.0;) AppleWebKit/537.36 (KHTML, like Gecko) Mobile Safari/537.36 (compatible; PetalBot;+https://webmaster.petalsearch.com/site/petalbot)" "ysfine.com"
185.191.171.8 - - [24/Jan/2023:06:57:53 -0800] "GET /ysbio/bio55.html HTTP/1.1" 404 88 "-" "Mozilla/5.0 (compatible; SemrushBot/7~bl; +http://www.semrush.com/bot.html)" "ysfine.com"
207.46.13.167 - - [24/Jan/2023:06:57:56 -0800] "GET /bio/princeton/campus.html HTTP/1.1" 404 88 "-" "Mozilla/5.0 AppleWebKit/537.36 (KHTML, like Gecko; compatible; bingbot/2.0; +http://www.bing.com/bingbot.htm) Chrome/103.0.5060.134 Safari/537.36" "ysfine.com"
64.251.55.207 - - [24/Jan/2023:06:58:25 -0800] "GET /princeton/einpm.jpg HTTP/1.1" 200 116543 "https://www.google.com/" "Mozilla/5.0 (Windows NT 10.0; Win64; x64) AppleWebKit/537.36 (KHTML, like Gecko) Chrome/107.0.0.0 Safari/537.36" "ysfine.com"
93.158.161.55 - - [24/Jan/2023:06:58:34 -0800] "GET /newyork/colum12.jpg HTTP/1.1" 200 105871 "-" "Mozilla/5.0 (compatible; YandexImages/3.0; +http://yandex.com/bots)" "ysfine.com"
207.46.13.89 - - [24/Jan/2023:06:58:46 -0800] "GET /world/china/beijing021.jpg HTTP/1.1" 200 74546 "-" "Mozilla/5.0 AppleWebKit/537.36 (KHTML, like Gecko; compatible; bingbot/2.0; +http://www.bing.com/bingbot.htm) Chrome/103.0.5060.134 Safari/537.36" "ysfine.com"
114.119.145.150 - - [24/Jan/2023:06:59:03 -0800] "GET /beau/uscan.html HTTP/1.1" 404 88 "https://ysfine.com/beau/fdw.html" "Mozilla/5.0 (Linux; Android 7.0;) AppleWebKit/537.36 (KHTML, like Gecko) Mobile Safari/537.36 (compatible; PetalBot;+https://webmaster.petalsearch.com/site/petalbot)" "ysfine.com"
207.46.13.43 - - [24/Jan/2023:06:59:12 -0800] "GET /bio/eink/buythisbook.html HTTP/1.1" 404 88 "-" "Mozilla/5.0 AppleWebKit/537.36 (KHTML, like Gecko; compatible; bingbot/2.0; +http://www.bing.com/bingbot.htm) Chrome/103.0.5060.134 Safari/537.36" "ysfine.com"
89.77.164.143 - - [24/Jan/2023:07:00:00 -0800] "GET /feynman/feydirac.jpg HTTP/1.1" 200 98378 "-" "Mozilla/5.0 (Windows NT 10.0; Win64; x64) AppleWebKit/537.36 (KHTML, like Gecko) Chrome/109.0.0.0 Safari/537.36" "ysfine.com"
207.46.13.89 - - [24/Jan/2023:07:00:07 -0800] "GET /world/ital/genoaf02.jpg HTTP/1.1" 200 190823 "-" "Mozilla/5.0 AppleWebKit/537.36 (KHTML, like Gecko; compatible; bingbot/2.0; +http://www.bing.com/bingbot.htm) Chrome/103.0.5060.134 Safari/537.36" "ysfine.com"
93.56.162.5 - - [24/Jan/2023:07:00:16 -0800] "GET /dirac/dirosc.pdf HTTP/1.1" 200 41985 "https://www.google.com/" "Mozilla/5.0 (Macintosh; Intel Mac OS X 10.15; rv:109.0) Gecko/20100101 Firefox/109.0" "ysfine.com"
51.222.253.4 - - [24/Jan/2023:07:00:35 -0800] "GET /bio09.html HTTP/1.1" 200 12725 "-" "Mozilla/5.0 (compatible; AhrefsBot/7.0; +http://ahrefs.com/robot/)" "ysfine.com"
51.222.253.2 - - [24/Jan/2023:07:00:44 -0800] "GET /home/sbt11d.jpg HTTP/1.1" 200 41029 "-" "Mozilla/5.0 (compatible; AhrefsBot/7.0; +http://ahrefs.com/robot/)" "ysfine.com"
207.46.13.15 - - [24/Jan/2023:07:00:45 -0800] "GET /wigner/wighome2.jpg HTTP/1.1" 200 48701 "-" "Mozilla/5.0 AppleWebKit/537.36 (KHTML, like Gecko; compatible; bingbot/2.0; +http://www.bing.com/bingbot.htm) Chrome/103.0.5060.134 Safari/537.36" "ysfine.com"
114.119.154.203 - - [24/Jan/2023:07:00:51 -0800] "GET /maga/phys/naimar/pewk.log HTTP/1.1" 200 1231 "https://www.ysfine.com/maga/phys/naimar/" "Mozilla/5.0 (Linux; Android 7.0;) AppleWebKit/537.36 (KHTML, like Gecko) Mobile Safari/537.36 (compatible; PetalBot;+https://webmaster.petalsearch.com/site/petalbot)" "www.ysfine.com"
115.135.26.181 - - [24/Jan/2023:07:01:12 -0800] "GET /maga/invent/wright06.jpg HTTP/1.1" 200 118643 "https://www.google.com/" "Mozilla/5.0 (Macintosh; Intel Mac OS X 10_15_7) AppleWebKit/537.36 (KHTML, like Gecko) Chrome/109.0.0.0 Safari/537.36" "ysfine.com"
51.222.253.6 - - [24/Jan/2023:07:01:16 -0800] "GET /home/o32inho22g.jpg HTTP/1.1" 200 90429 "-" "Mozilla/5.0 (compatible; AhrefsBot/7.0; +http://ahrefs.com/robot/)" "ysfine.com"
185.191.171.11 - - [24/Jan/2023:07:01:32 -0800] "GET /ysbio/feynman/fagenda.html HTTP/1.1" 404 88 "-" "Mozilla/5.0 (compatible; SemrushBot/7~bl; +http://www.semrush.com/bot.html)" "ysfine.com"
185.191.171.35 - - [24/Jan/2023:07:01:35 -0800] "GET /ysbio/maga/landau.html HTTP/1.1" 404 88 "-" "Mozilla/5.0 (compatible; SemrushBot/7~bl; +http://www.semrush.com/bot.html)" "www.ysfine.com"
207.46.13.27 - - [24/Jan/2023:07:01:35 -0800] "GET /bio/style/artlove.html HTTP/1.1" 404 88 "-" "Mozilla/5.0 AppleWebKit/537.36 (KHTML, like Gecko; compatible; bingbot/2.0; +http://www.bing.com/bingbot.htm) Chrome/103.0.5060.134 Safari/537.36" "ysfine.com"
89.77.164.143 - - [24/Jan/2023:07:01:35 -0800] "GET /feynman/feydirac0.jpg HTTP/1.1" 200 265822 "-" "Mozilla/5.0 (Windows NT 10.0; Win64; x64) AppleWebKit/537.36 (KHTML, like Gecko) Chrome/109.0.0.0 Safari/537.36" "ysfine.com"
51.222.253.12 - - [24/Jan/2023:07:02:17 -0800] "GET /princeton/einpm22d.jpg HTTP/1.1" 200 65372 "-" "Mozilla/5.0 (compatible; AhrefsBot/7.0; +http://ahrefs.com/robot/)" "ysfine.com"
89.77.164.143 - - [24/Jan/2023:07:02:17 -0800] "GET /feynman/feydirac0.jpg HTTP/1.1" 304 - "-" "Mozilla/5.0 (Windows NT 10.0; Win64; x64) AppleWebKit/537.36 (KHTML, like Gecko) Chrome/109.0.0.0 Safari/537.36" "ysfine.com"
89.77.164.143 - - [24/Jan/2023:07:02:21 -0800] "GET /feynman/ HTTP/1.1" 200 124 "-" "Mozilla/5.0 (Windows NT 10.0; Win64; x64) AppleWebKit/537.36 (KHTML, like Gecko) Chrome/109.0.0.0 Safari/537.36" "ysfine.com"
89.77.164.143 - - [24/Jan/2023:07:02:21 -0800] "GET /feynman/feynbot.html HTTP/1.1" 200 138 "https://ysfine.com/feynman/" "Mozilla/5.0 (Windows NT 10.0; Win64; x64) AppleWebKit/537.36 (KHTML, like Gecko) Chrome/109.0.0.0 Safari/537.36" "ysfine.com"
89.77.164.143 - - [24/Jan/2023:07:02:21 -0800] "GET /feynman/feyntop.html HTTP/1.1" 200 435 "https://ysfine.com/feynman/" "Mozilla/5.0 (Windows NT 10.0; Win64; x64) AppleWebKit/537.36 (KHTML, like Gecko) Chrome/109.0.0.0 Safari/537.36" "ysfine.com"
89.77.164.143 - - [24/Jan/2023:07:02:22 -0800] "GET /feynman/feynleft.html HTTP/1.1" 200 523 "https://ysfine.com/feynman/feynbot.html" "Mozilla/5.0 (Windows NT 10.0; Win64; x64) AppleWebKit/537.36 (KHTML, like Gecko) Chrome/109.0.0.0 Safari/537.36" "ysfine.com"
89.77.164.143 - - [24/Jan/2023:07:02:22 -0800] "GET /feynman/feynrigh.html HTTP/1.1" 200 2183 "https://ysfine.com/feynman/feynbot.html" "Mozilla/5.0 (Windows NT 10.0; Win64; x64) AppleWebKit/537.36 (KHTML, like Gecko) Chrome/109.0.0.0 Safari/537.36" "ysfine.com"
89.77.164.143 - - [24/Jan/2023:07:02:22 -0800] "GET /feynman/feyfirm3.jpg HTTP/1.1" 200 39603 "https://ysfine.com/feynman/feynrigh.html" "Mozilla/5.0 (Windows NT 10.0; Win64; x64) AppleWebKit/537.36 (KHTML, like Gecko) Chrome/109.0.0.0 Safari/537.36" "ysfine.com"
89.77.164.143 - - [24/Jan/2023:07:02:22 -0800] "GET /feynman/feyn86b.jpg HTTP/1.1" 200 26190 "https://ysfine.com/feynman/feynrigh.html" "Mozilla/5.0 (Windows NT 10.0; Win64; x64) AppleWebKit/537.36 (KHTML, like Gecko) Chrome/109.0.0.0 Safari/537.36" "ysfine.com"
89.77.164.143 - - [24/Jan/2023:07:02:22 -0800] "GET /feynman/jacdrum11b.jpg HTTP/1.1" 200 49846 "https://ysfine.com/feynman/feynrigh.html" "Mozilla/5.0 (Windows NT 10.0; Win64; x64) AppleWebKit/537.36 (KHTML, like Gecko) Chrome/109.0.0.0 Safari/537.36" "ysfine.com"
89.77.164.143 - - [24/Jan/2023:07:02:29 -0800] "GET /dirac/dirfeyn.html HTTP/1.1" 200 6341 "https://ysfine.com/feynman/feynleft.html" "Mozilla/5.0 (Windows NT 10.0; Win64; x64) AppleWebKit/537.36 (KHTML, like Gecko) Chrome/109.0.0.0 Safari/537.36" "ysfine.com"
89.77.164.143 - - [24/Jan/2023:07:02:29 -0800] "GET /dirac/feydirac300.jpg HTTP/1.1" 200 38223 "https://ysfine.com/dirac/dirfeyn.html" "Mozilla/5.0 (Windows NT 10.0; Win64; x64) AppleWebKit/537.36 (KHTML, like Gecko) Chrome/109.0.0.0 Safari/537.36" "ysfine.com"
89.77.164.143 - - [24/Jan/2023:07:02:29 -0800] "GET /dirac/sq73c.jpg HTTP/1.1" 200 35501 "https://ysfine.com/dirac/dirfeyn.html" "Mozilla/5.0 (Windows NT 10.0; Win64; x64) AppleWebKit/537.36 (KHTML, like Gecko) Chrome/109.0.0.0 Safari/537.36" "ysfine.com"
89.77.164.143 - - [24/Jan/2023:07:02:29 -0800] "GET /dirac/dfkim11c.jpg HTTP/1.1" 200 34801 "https://ysfine.com/dirac/dirfeyn.html" "Mozilla/5.0 (Windows NT 10.0; Win64; x64) AppleWebKit/537.36 (KHTML, like Gecko) Chrome/109.0.0.0 Safari/537.36" "ysfine.com"
89.77.164.143 - - [24/Jan/2023:07:02:29 -0800] "GET /eink/eink61c.jpg HTTP/1.1" 200 34119 "https://ysfine.com/dirac/dirfeyn.html" "Mozilla/5.0 (Windows NT 10.0; Win64; x64) AppleWebKit/537.36 (KHTML, like Gecko) Chrome/109.0.0.0 Safari/537.36" "ysfine.com"
89.77.164.143 - - [24/Jan/2023:07:02:29 -0800] "GET /dirac/dirackn33c.jpg HTTP/1.1" 200 50420 "https://ysfine.com/dirac/dirfeyn.html" "Mozilla/5.0 (Windows NT 10.0; Win64; x64) AppleWebKit/537.36 (KHTML, like Gecko) Chrome/109.0.0.0 Safari/537.36" "ysfine.com"
89.77.164.143 - - [24/Jan/2023:07:02:29 -0800] "GET /wigner/isomor66c.jpg HTTP/1.1" 200 47632 "https://ysfine.com/dirac/dirfeyn.html" "Mozilla/5.0 (Windows NT 10.0; Win64; x64) AppleWebKit/537.36 (KHTML, like Gecko) Chrome/109.0.0.0 Safari/537.36" "ysfine.com"
89.77.164.143 - - [24/Jan/2023:07:02:29 -0800] "GET /feynman/jacdrum11c.jpg HTTP/1.1" 200 39178 "https://ysfine.com/dirac/dirfeyn.html" "Mozilla/5.0 (Windows NT 10.0; Win64; x64) AppleWebKit/537.36 (KHTML, like Gecko) Chrome/109.0.0.0 Safari/537.36" "ysfine.com"
89.77.164.143 - - [24/Jan/2023:07:02:29 -0800] "GET /people/sbt11c.jpg HTTP/1.1" 200 31479 "https://ysfine.com/dirac/dirfeyn.html" "Mozilla/5.0 (Windows NT 10.0; Win64; x64) AppleWebKit/537.36 (KHTML, like Gecko) Chrome/109.0.0.0 Safari/537.36" "ysfine.com"
89.77.164.143 - - [24/Jan/2023:07:02:29 -0800] "GET /wigner/wigkim11c.jpg HTTP/1.1" 200 30443 "https://ysfine.com/dirac/dirfeyn.html" "Mozilla/5.0 (Windows NT 10.0; Win64; x64) AppleWebKit/537.36 (KHTML, like Gecko) Chrome/109.0.0.0 Safari/537.36" "ysfine.com"
89.77.164.143 - - [24/Jan/2023:07:02:29 -0800] "GET /dirac/2osc22c.jpg HTTP/1.1" 200 28929 "https://ysfine.com/dirac/dirfeyn.html" "Mozilla/5.0 (Windows NT 10.0; Win64; x64) AppleWebKit/537.36 (KHTML, like Gecko) Chrome/109.0.0.0 Safari/537.36" "ysfine.com"
89.77.164.143 - - [24/Jan/2023:07:02:29 -0800] "GET /dirac/nicodem11c.jpg HTTP/1.1" 200 72684 "https://ysfine.com/dirac/dirfeyn.html" "Mozilla/5.0 (Windows NT 10.0; Win64; x64) AppleWebKit/537.36 (KHTML, like Gecko) Chrome/109.0.0.0 Safari/537.36" "ysfine.com"
51.222.253.10 - - [24/Jan/2023:07:02:47 -0800] "GET /home/wigein11d.jpg HTTP/1.1" 200 38446 "-" "Mozilla/5.0 (compatible; AhrefsBot/7.0; +http://ahrefs.com/robot/)" "ysfine.com"
51.222.253.19 - - [24/Jan/2023:07:03:17 -0800] "GET /home/wigner22d.jpg HTTP/1.1" 200 70992 "-" "Mozilla/5.0 (compatible; AhrefsBot/7.0; +http://ahrefs.com/robot/)" "ysfine.com"
51.222.253.12 - - [24/Jan/2023:07:03:18 -0800] "GET /home/tollwig11d.jpg HTTP/1.1" 200 39722 "-" "Mozilla/5.0 (compatible; AhrefsBot/7.0; +http://ahrefs.com/robot/)" "ysfine.com"
51.222.253.10 - - [24/Jan/2023:07:03:18 -0800] "GET /home/ewk86f.jpg HTTP/1.1" 200 123121 "-" "Mozilla/5.0 (compatible; AhrefsBot/7.0; +http://ahrefs.com/robot/)" "ysfine.com"
51.222.253.14 - - [24/Jan/2023:07:03:19 -0800] "GET /dirac/truck/truck18a.jpg HTTP/1.1" 200 78184 "-" "Mozilla/5.0 (compatible; AhrefsBot/7.0; +http://ahrefs.com/robot/)" "ysfine.com"
51.222.253.6 - - [24/Jan/2023:07:03:19 -0800] "GET /home/wigkim450.jpg HTTP/1.1" 200 46980 "-" "Mozilla/5.0 (compatible; AhrefsBot/7.0; +http://ahrefs.com/robot/)" "ysfine.com"
51.222.253.5 - - [24/Jan/2023:07:03:20 -0800] "GET /home/fig33/sbtwein450.jpg HTTP/1.1" 200 73194 "-" "Mozilla/5.0 (compatible; AhrefsBot/7.0; +http://ahrefs.com/robot/)" "ysfine.com"
5.133.204.67 - - [24/Jan/2023:07:03:20 -0800] "GET /ysbio/world/travel.html HTTP/1.1" 404 88 "-" "Mozilla/5.0 (compatible; Googlebot/2.1; +http://www.google.com/bot.html)" "ysfine.com"
51.222.253.19 - - [24/Jan/2023:07:03:20 -0800] "GET /home/eink54f.jpg HTTP/1.1" 200 96332 "-" "Mozilla/5.0 (compatible; AhrefsBot/7.0; +http://ahrefs.com/robot/)" "ysfine.com"
5.133.204.67 - - [24/Jan/2023:07:03:21 -0800] "GET /ysbio/world/travel.html HTTP/1.1" 404 88 "-" "Mozilla/5.0 (compatible; Googlebot/2.1; +http://www.google.com/bot.html)" "ysfine.com"
5.133.204.67 - - [24/Jan/2023:07:03:21 -0800] "GET /ysbio/world/travel.html HTTP/1.1" 404 88 "-" "Mozilla/5.0 (compatible; Googlebot/2.1; +http://www.google.com/bot.html)" "ysfine.com"
5.133.204.67 - - [24/Jan/2023:07:03:21 -0800] "GET /ysbio/world/travel.html HTTP/1.1" 404 88 "-" "Mozilla/5.0 (compatible; Googlebot/2.1; +http://www.google.com/bot.html)" "ysfine.com"
5.133.204.67 - - [24/Jan/2023:07:03:22 -0800] "GET /ysbio/world/travel.html HTTP/1.1" 404 88 "-" "Mozilla/5.0 (compatible; Googlebot/2.1; +http://www.google.com/bot.html)" "ysfine.com"
5.133.204.67 - - [24/Jan/2023:07:03:22 -0800] "GET /ysbio/world/travel.html HTTP/1.1" 404 88 "-" "Mozilla/5.0 (compatible; Googlebot/2.1; +http://www.google.com/bot.html)" "ysfine.com"
89.77.164.143 - - [24/Jan/2023:07:03:35 -0800] "GET /people/wheeler.html HTTP/1.1" 200 3348 "https://ysfine.com/dirac/dirfeyn.html" "Mozilla/5.0 (Windows NT 10.0; Win64; x64) AppleWebKit/537.36 (KHTML, like Gecko) Chrome/109.0.0.0 Safari/537.36" "ysfine.com"
89.77.164.143 - - [24/Jan/2023:07:03:35 -0800] "GET /people/wheemos2.jpg HTTP/1.1" 200 46241 "https://ysfine.com/people/wheeler.html" "Mozilla/5.0 (Windows NT 10.0; Win64; x64) AppleWebKit/537.36 (KHTML, like Gecko) Chrome/109.0.0.0 Safari/537.36" "ysfine.com"
89.77.164.143 - - [24/Jan/2023:07:03:35 -0800] "GET /people/wheemaine2.jpg HTTP/1.1" 200 34617 "https://ysfine.com/people/wheeler.html" "Mozilla/5.0 (Windows NT 10.0; Win64; x64) AppleWebKit/537.36 (KHTML, like Gecko) Chrome/109.0.0.0 Safari/537.36" "ysfine.com"
89.77.164.143 - - [24/Jan/2023:07:03:35 -0800] "GET /kobak/taylor33c.jpg HTTP/1.1" 200 39951 "https://ysfine.com/people/wheeler.html" "Mozilla/5.0 (Windows NT 10.0; Win64; x64) AppleWebKit/537.36 (KHTML, like Gecko) Chrome/109.0.0.0 Safari/537.36" "ysfine.com"
89.77.164.143 - - [24/Jan/2023:07:03:35 -0800] "GET /people/wheegris2.jpg HTTP/1.1" 200 31718 "https://ysfine.com/people/wheeler.html" "Mozilla/5.0 (Windows NT 10.0; Win64; x64) AppleWebKit/537.36 (KHTML, like Gecko) Chrome/109.0.0.0 Safari/537.36" "ysfine.com"
89.77.164.143 - - [24/Jan/2023:07:03:35 -0800] "GET /eink/pwk19c.jpg HTTP/1.1" 200 57759 "https://ysfine.com/people/wheeler.html" "Mozilla/5.0 (Windows NT 10.0; Win64; x64) AppleWebKit/537.36 (KHTML, like Gecko) Chrome/109.0.0.0 Safari/537.36" "ysfine.com"
89.77.164.143 - - [24/Jan/2023:07:03:35 -0800] "GET /people/wheekim2.jpg HTTP/1.1" 200 46245 "https://ysfine.com/people/wheeler.html" "Mozilla/5.0 (Windows NT 10.0; Win64; x64) AppleWebKit/537.36 (KHTML, like Gecko) Chrome/109.0.0.0 Safari/537.36" "ysfine.com"
42.98.12.40 - - [24/Jan/2023:07:03:40 -0800] "GET /2007/license.txt HTTP/1.1" 404 88 "-" "Mozilla/5.0 (X11; Ubuntu; Linux x86_64; rv:62.0) Gecko/20100101 Firefox/62.0" "ysfine.com"
89.77.164.143 - - [24/Jan/2023:07:03:46 -0800] "GET /people/wheekim.jpg HTTP/1.1" 200 118068 "https://ysfine.com/people/wheeler.html" "Mozilla/5.0 (Windows NT 10.0; Win64; x64) AppleWebKit/537.36 (KHTML, like Gecko) Chrome/109.0.0.0 Safari/537.36" "ysfine.com"
207.46.13.27 - - [24/Jan/2023:07:03:48 -0800] "GET /bio/sbk/1950.html HTTP/1.1" 404 88 "-" "Mozilla/5.0 AppleWebKit/537.36 (KHTML, like Gecko; compatible; bingbot/2.0; +http://www.bing.com/bingbot.htm) Chrome/103.0.5060.134 Safari/537.36" "ysfine.com"
51.222.253.19 - - [24/Jan/2023:07:03:51 -0800] "GET /home/fig33/parton77f.jpg HTTP/1.1" 200 120094 "-" "Mozilla/5.0 (compatible; AhrefsBot/7.0; +http://ahrefs.com/robot/)" "ysfine.com"
51.222.253.19 - - [24/Jan/2023:07:03:51 -0800] "GET /fotos/einhaus450.jpg HTTP/1.1" 200 65369 "-" "Mozilla/5.0 (compatible; AhrefsBot/7.0; +http://ahrefs.com/robot/)" "ysfine.com"
164.15.244.38 - - [24/Jan/2023:07:04:04 -0800] "GET /wigner/wiglittle.pdf HTTP/1.1" 200 2659296 "-" "Mozilla/5.0 (Windows NT 10.0; Win64; x64; rv:109.0) Gecko/20100101 Firefox/109.0" "ysfine.com"
164.15.244.38 - - [24/Jan/2023:07:04:05 -0800] "GET /favicon.ico HTTP/1.1" 404 88 "https://ysfine.com/" "Mozilla/5.0 (Windows NT 10.0; Win64; x64; rv:109.0) Gecko/20100101 Firefox/109.0" "ysfine.com"
89.77.164.143 - - [24/Jan/2023:07:04:10 -0800] "GET /dirac/feydirac.jpg HTTP/1.1" 404 88 "https://ysfine.com/dirac/dirfeyn.html" "Mozilla/5.0 (Windows NT 10.0; Win64; x64) AppleWebKit/537.36 (KHTML, like Gecko) Chrome/109.0.0.0 Safari/537.36" "ysfine.com"
51.222.253.15 - - [24/Jan/2023:07:04:22 -0800] "GET /fotos/einmu41d.jpg HTTP/1.1" 200 62005 "-" "Mozilla/5.0 (compatible; AhrefsBot/7.0; +http://ahrefs.com/robot/)" "ysfine.com"
207.46.13.43 - - [24/Jan/2023:07:04:23 -0800] "GET /bio/kobak/soraech.html HTTP/1.1" 404 88 "-" "Mozilla/5.0 AppleWebKit/537.36 (KHTML, like Gecko; compatible; bingbot/2.0; +http://www.bing.com/bingbot.htm) Chrome/103.0.5060.134 Safari/537.36" "ysfine.com"
51.222.253.15 - - [24/Jan/2023:07:04:52 -0800] "GET /home/further22f.jpg HTTP/1.1" 200 99099 "-" "Mozilla/5.0 (compatible; AhrefsBot/7.0; +http://ahrefs.com/robot/)" "ysfine.com"
51.222.253.15 - - [24/Jan/2023:07:04:53 -0800] "GET /wigner/michwight.jpg HTTP/1.1" 200 73424 "-" "Mozilla/5.0 (compatible; AhrefsBot/7.0; +http://ahrefs.com/robot/)" "ysfine.com"
51.222.253.15 - - [24/Jan/2023:07:05:23 -0800] "GET /home/comet40f.jpg HTTP/1.1" 200 101816 "-" "Mozilla/5.0 (compatible; AhrefsBot/7.0; +http://ahrefs.com/robot/)" "ysfine.com"
51.222.253.17 - - [24/Jan/2023:07:05:24 -0800] "GET /einstein/einbohr55f.jpg HTTP/1.1" 200 155618 "-" "Mozilla/5.0 (compatible; AhrefsBot/7.0; +http://ahrefs.com/robot/)" "ysfine.com"
47.206.255.87 - - [24/Jan/2023:07:06:05 -0800] "GET /wigner/second2.jpg HTTP/1.1" 200 64603 "https://www.google.com/" "Mozilla/5.0 (Windows NT 10.0; Win64; x64; rv:109.0) Gecko/20100101 Firefox/109.0" "ysfine.com"
47.206.255.87 - - [24/Jan/2023:07:06:06 -0800] "GET /wigner/second.jpg HTTP/1.1" 200 104478 "https://www.google.com/" "Mozilla/5.0 (Windows NT 10.0; Win64; x64; rv:109.0) Gecko/20100101 Firefox/109.0" "ysfine.com"
51.222.253.3 - - [24/Jan/2023:07:06:25 -0800] "GET /home/bedk22f.jpg HTTP/1.1" 200 79706 "-" "Mozilla/5.0 (compatible; AhrefsBot/7.0; +http://ahrefs.com/robot/)" "ysfine.com"
207.46.13.15 - - [24/Jan/2023:07:07:34 -0800] "GET /wigner/wigkim11.jpg HTTP/1.1" 200 231384 "-" "Mozilla/5.0 AppleWebKit/537.36 (KHTML, like Gecko; compatible; bingbot/2.0; +http://www.bing.com/bingbot.htm) Chrome/103.0.5060.134 Safari/537.36" "ysfine.com"
157.55.39.60 - - [24/Jan/2023:07:08:30 -0800] "GET /world/ital/milanf11.jpg HTTP/1.1" 200 134214 "-" "Mozilla/5.0 AppleWebKit/537.36 (KHTML, like Gecko; compatible; bingbot/2.0; +http://www.bing.com/bingbot.htm) Chrome/103.0.5060.134 Safari/537.36" "www.ysfine.com"
207.46.13.167 - - [24/Jan/2023:07:10:06 -0800] "GET /maga/phil/marxmos01.jpg HTTP/1.1" 200 65113 "-" "Mozilla/5.0 AppleWebKit/537.36 (KHTML, like Gecko; compatible; bingbot/2.0; +http://www.bing.com/bingbot.htm) Chrome/103.0.5060.134 Safari/537.36" "www.ysfine.com"
185.191.171.13 - - [24/Jan/2023:07:11:00 -0800] "GET /robots.txt HTTP/1.1" 404 88 "-" "Mozilla/5.0 (compatible; SemrushBot/7~bl; +http://www.semrush.com/bot.html)" "www.ysfine.com"
185.191.171.38 - - [24/Jan/2023:07:11:01 -0800] "GET /class54/class5470/total_data/sub_108.htm HTTP/1.1" 200 3253 "-" "Mozilla/5.0 (compatible; SemrushBot/7~bl; +http://www.semrush.com/bot.html)" "www.ysfine.com"
157.55.39.60 - - [24/Jan/2023:07:11:42 -0800] "GET /bio/einstein/bern.html HTTP/1.1" 404 88 "-" "Mozilla/5.0 AppleWebKit/537.36 (KHTML, like Gecko; compatible; bingbot/2.0; +http://www.bing.com/bingbot.htm) Chrome/103.0.5060.134 Safari/537.36" "ysfine.com"
77.88.5.171 - - [24/Jan/2023:07:11:50 -0800] "GET /world/russ/pyres01.jpg HTTP/1.1" 200 84825 "-" "Mozilla/5.0 (compatible; YandexImages/3.0; +http://yandex.com/bots)" "www.ysfine.com"
20.73.132.240 - - [24/Jan/2023:07:11:53 -0800] "GET /einstein/einbohr33.jpg HTTP/1.1" 200 87797 "http://ysfine.com/einstein/einbohr33.jpg" "DuckDuckBot/1.1; (+http://duckduckgo.com/duckduckbot.html)" "ysfine.com"
185.191.171.15 - - [24/Jan/2023:07:11:55 -0800] "GET /beau/korean.html HTTP/1.1" 404 88 "-" "Mozilla/5.0 (compatible; SemrushBot/7~bl; +http://www.semrush.com/bot.html)" "www.ysfine.com"
185.191.171.24 - - [24/Jan/2023:07:11:56 -0800] "GET /ysbio/world/moscow.html HTTP/1.1" 404 88 "-" "Mozilla/5.0 (compatible; SemrushBot/7~bl; +http://www.semrush.com/bot.html)" "ysfine.com"
20.73.132.240 - - [24/Jan/2023:07:12:11 -0800] "GET /einstein/heisen66.jpg HTTP/1.1" 200 82082 "http://ysfine.com/einstein/heisen66.jpg" "DuckDuckBot/1.1; (+http://duckduckgo.com/duckduckbot.html)" "ysfine.com"
20.73.132.240 - - [24/Jan/2023:07:12:20 -0800] "GET /maga/phys/heisen22.jpg HTTP/1.1" 200 82807 "http://ysfine.com/maga/phys/heisen22.jpg" "DuckDuckBot/1.1; (+http://duckduckgo.com/duckduckbot.html)" "ysfine.com"
189.83.126.113 - - [24/Jan/2023:07:14:05 -0800] "GET /wigner/neum/vnc01.jpg HTTP/1.1" 200 133641 "https://www.google.com/" "Mozilla/5.0 (Linux; Android 11; HIT P10a Build/RP1A.201005.001; wv) AppleWebKit/537.36 (KHTML, like Gecko) Version/4.0 Chrome/108.0.5359.128 Mobile Safari/537.36 GoogleApp/14.3.9.26.arm64" "ysfine.com"
207.46.13.167 - - [24/Jan/2023:07:14:47 -0800] "GET /bio10.html HTTP/1.1" 200 4664 "-" "Mozilla/5.0 AppleWebKit/537.36 (KHTML, like Gecko; compatible; bingbot/2.0; +http://www.bing.com/bingbot.htm) Chrome/103.0.5060.134 Safari/537.36" "ysfine.com"
207.46.13.89 - - [24/Jan/2023:07:14:51 -0800] "GET /wisdom/yitol.html HTTP/1.1" 200 6261 "-" "Mozilla/5.0 AppleWebKit/537.36 (KHTML, like Gecko; compatible; bingbot/2.0; +http://www.bing.com/bingbot.htm) Chrome/103.0.5060.134 Safari/537.36" "ysfine.com"
207.46.13.89 - - [24/Jan/2023:07:14:51 -0800] "GET /bio05.html HTTP/1.1" 200 7676 "-" "Mozilla/5.0 AppleWebKit/537.36 (KHTML, like Gecko; compatible; bingbot/2.0; +http://www.bing.com/bingbot.htm) Chrome/103.0.5060.134 Safari/537.36" "ysfine.com"
51.222.253.8 - - [24/Jan/2023:07:17:23 -0800] "GET /wigner/wigheisen.html HTTP/1.1" 200 3346 "-" "Mozilla/5.0 (compatible; AhrefsBot/7.0; +http://ahrefs.com/robot/)" "www.ysfine.com"
83.174.183.38 - - [24/Jan/2023:07:18:03 -0800] "GET /maga/phys/landau35b.jpg HTTP/1.1" 200 26143 "https://www.google.com/" "Mozilla/5.0 (iPhone; CPU iPhone OS 16_0 like Mac OS X) AppleWebKit/605.1.15 (KHTML, like Gecko) CriOS/109.0.5414.83 Mobile/15E148 Safari/604.1" "ysfine.com"
207.46.13.167 - - [24/Jan/2023:07:18:10 -0800] "GET /bio/wigner/e(2).html HTTP/1.1" 404 88 "-" "Mozilla/5.0 AppleWebKit/537.36 (KHTML, like Gecko; compatible; bingbot/2.0; +http://www.bing.com/bingbot.htm) Chrome/103.0.5060.134 Safari/537.36" "ysfine.com"
51.222.253.15 - - [24/Jan/2023:07:18:26 -0800] "GET /wigner/wigheis33b.jpg HTTP/1.1" 200 47985 "-" "Mozilla/5.0 (compatible; AhrefsBot/7.0; +http://ahrefs.com/robot/)" "www.ysfine.com"
51.222.253.14 - - [24/Jan/2023:07:18:26 -0800] "GET /world/france/pontdg03b.jpg HTTP/1.1" 200 37525 "-" "Mozilla/5.0 (compatible; AhrefsBot/7.0; +http://ahrefs.com/robot/)" "www.ysfine.com"
51.222.253.8 - - [24/Jan/2023:07:18:56 -0800] "GET /wigner/wigheis66.jpg HTTP/1.1" 200 97421 "-" "Mozilla/5.0 (compatible; AhrefsBot/7.0; +http://ahrefs.com/robot/)" "www.ysfine.com"
51.222.253.8 - - [24/Jan/2023:07:18:57 -0800] "GET /style/rieu02b.jpg HTTP/1.1" 200 52217 "-" "Mozilla/5.0 (compatible; AhrefsBot/7.0; +http://ahrefs.com/robot/)" "www.ysfine.com"
51.222.253.2 - - [24/Jan/2023:07:18:57 -0800] "GET /wigner/wigheis77.jpg HTTP/1.1" 200 114556 "-" "Mozilla/5.0 (compatible; AhrefsBot/7.0; +http://ahrefs.com/robot/)" "www.ysfine.com"
207.46.13.15 - - [24/Jan/2023:07:19:49 -0800] "GET /bio/style/proschanie.html HTTP/1.1" 404 88 "-" "Mozilla/5.0 AppleWebKit/537.36 (KHTML, like Gecko; compatible; bingbot/2.0; +http://www.bing.com/bingbot.htm) Chrome/103.0.5060.134 Safari/537.36" "ysfine.com"
130.75.120.165 - - [24/Jan/2023:07:21:17 -0800] "GET /wigner/wigtoll.jpg HTTP/1.1" 200 78629 "https://www.google.de/" "Mozilla/5.0 (Macintosh; Intel Mac OS X 10_15_7) AppleWebKit/537.36 (KHTML, like Gecko) Chrome/109.0.0.0 Safari/537.36" "ysfine.com"
207.46.13.167 - - [24/Jan/2023:07:21:48 -0800] "GET /world/russ/spbpi06.jpg HTTP/1.1" 200 85923 "-" "Mozilla/5.0 AppleWebKit/537.36 (KHTML, like Gecko; compatible; bingbot/2.0; +http://www.bing.com/bingbot.htm) Chrome/103.0.5060.134 Safari/537.36" "ysfine.com"
185.191.171.3 - - [24/Jan/2023:07:22:26 -0800] "GET /robots.txt HTTP/1.1" 404 88 "-" "Mozilla/5.0 (compatible; SemrushBot/7~bl; +http://www.semrush.com/bot.html)" "ysfine.com"
185.191.171.39 - - [24/Jan/2023:07:22:26 -0800] "GET /ysbio/wigner/e(2).html HTTP/1.1" 404 88 "-" "Mozilla/5.0 (compatible; SemrushBot/7~bl; +http://www.semrush.com/bot.html)" "ysfine.com"
5.188.210.97 - - [24/Jan/2023:07:22:33 -0800] "GET /ysbio/world/travel.html HTTP/1.1" 404 73 "https://www.ysfine.com/ysbio/world/travel.html" "Mozilla/5.0 (Windows NT 6.1; ) AppleWebKit/537.36 (KHTML, like Gecko) Chrome/90.0.4430.72 Safari/537.36" "www.ysfine.com"
5.188.210.97 - - [24/Jan/2023:07:22:37 -0800] "GET / HTTP/1.1" 200 15915 "https://www.ysfine.com/" "Mozilla/5.0 (Windows NT 6.1; ) AppleWebKit/537.36 (KHTML, like Gecko) Chrome/90.0.4430.72 Safari/537.36" "www.ysfine.com"
8.28.178.7 - - [24/Jan/2023:07:26:21 -0800] "GET /eink/comet40.jpg HTTP/1.1" 200 127232 "https://www.google.com/" "Mozilla/5.0 (Windows NT 10.0; Win64; x64) AppleWebKit/537.36 (KHTML, like Gecko) Chrome/109.0.0.0 Safari/537.36" "ysfine.com"
207.46.13.167 - - [24/Jan/2023:07:27:27 -0800] "GET /princeton/car02.jpg HTTP/1.1" 200 67302 "-" "Mozilla/5.0 AppleWebKit/537.36 (KHTML, like Gecko; compatible; bingbot/2.0; +http://www.bing.com/bingbot.htm) Chrome/103.0.5060.134 Safari/537.36" "www.ysfine.com"
207.46.13.167 - - [24/Jan/2023:07:27:28 -0800] "GET /kobak/kobbot.html HTTP/1.1" 200 137 "-" "Mozilla/5.0 AppleWebKit/537.36 (KHTML, like Gecko; compatible; bingbot/2.0; +http://www.bing.com/bingbot.htm) Chrome/103.0.5060.134 Safari/537.36" "www.ysfine.com"
51.222.253.11 - - [24/Jan/2023:07:27:43 -0800] "GET / HTTP/1.1" 200 5295 "-" "Mozilla/5.0 (compatible; AhrefsBot/7.0; +http://ahrefs.com/robot/)" "ysfine.com"
207.46.13.43 - - [24/Jan/2023:07:27:56 -0800] "GET /bio.html HTTP/1.1" 200 18260 "-" "Mozilla/5.0 AppleWebKit/537.36 (KHTML, like Gecko; compatible; bingbot/2.0; +http://www.bing.com/bingbot.htm) Chrome/103.0.5060.134 Safari/537.36" "ysfine.com"
185.191.171.16 - - [24/Jan/2023:07:28:00 -0800] "GET /class54/class5470/total_data/sub_629.htm HTTP/1.1" 200 3206 "-" "Mozilla/5.0 (compatible; SemrushBot/7~bl; +http://www.semrush.com/bot.html)" "www.ysfine.com"
157.55.39.60 - - [24/Jan/2023:07:28:01 -0800] "GET /bio/kobak/namdae.html HTTP/1.1" 404 88 "-" "Mozilla/5.0 AppleWebKit/537.36 (KHTML, like Gecko; compatible; bingbot/2.0; +http://www.bing.com/bingbot.htm) Chrome/103.0.5060.134 Safari/537.36" "ysfine.com"
185.191.171.8 - - [24/Jan/2023:07:28:34 -0800] "GET /class54/class5470/total_data/sub_433.htm HTTP/1.1" 200 3229 "-" "Mozilla/5.0 (compatible; SemrushBot/7~bl; +http://www.semrush.com/bot.html)" "ysfine.com"
207.46.13.27 - - [24/Jan/2023:07:28:58 -0800] "GET /bio/kobak/yskor.html HTTP/1.1" 404 88 "-" "Mozilla/5.0 AppleWebKit/537.36 (KHTML, like Gecko; compatible; bingbot/2.0; +http://www.bing.com/bingbot.htm) Chrome/103.0.5060.134 Safari/537.36" "ysfine.com"
5.133.204.67 - - [24/Jan/2023:07:29:16 -0800] "GET /ysbio/world/travel.html HTTP/1.1" 404 88 "-" "Mozilla/5.0 (compatible; Googlebot/2.1; +http://www.google.com/bot.html)" "ysfine.com"
5.133.204.67 - - [24/Jan/2023:07:29:16 -0800] "GET /ysbio/world/travel.html HTTP/1.1" 404 88 "-" "Mozilla/5.0 (compatible; Googlebot/2.1; +http://www.google.com/bot.html)" "ysfine.com"
5.133.204.67 - - [24/Jan/2023:07:29:16 -0800] "GET /ysbio/world/travel.html HTTP/1.1" 404 88 "-" "Mozilla/5.0 (compatible; Googlebot/2.1; +http://www.google.com/bot.html)" "ysfine.com"
5.133.204.67 - - [24/Jan/2023:07:29:17 -0800] "GET /ysbio/world/travel.html HTTP/1.1" 404 88 "-" "Mozilla/5.0 (compatible; Googlebot/2.1; +http://www.google.com/bot.html)" "ysfine.com"
5.133.204.67 - - [24/Jan/2023:07:29:17 -0800] "GET /ysbio/world/travel.html HTTP/1.1" 404 88 "-" "Mozilla/5.0 (compatible; Googlebot/2.1; +http://www.google.com/bot.html)" "ysfine.com"
5.133.204.67 - - [24/Jan/2023:07:29:18 -0800] "GET /ysbio/world/travel.html HTTP/1.1" 404 88 "-" "Mozilla/5.0 (compatible; Googlebot/2.1; +http://www.google.com/bot.html)" "ysfine.com"
185.191.171.8 - - [24/Jan/2023:07:30:32 -0800] "GET /ysbio/maga/sanchez.html HTTP/1.1" 404 88 "-" "Mozilla/5.0 (compatible; SemrushBot/7~bl; +http://www.semrush.com/bot.html)" "www.ysfine.com"
207.46.13.167 - - [24/Jan/2023:07:30:58 -0800] "GET /bio/princeton/campus.html HTTP/1.1" 404 88 "-" "Mozilla/5.0 AppleWebKit/537.36 (KHTML, like Gecko; compatible; bingbot/2.0; +http://www.bing.com/bingbot.htm) Chrome/103.0.5060.134 Safari/537.36" "ysfine.com"
