51.222.253.12 - - [21/Jan/2023:17:02:42 -0800] "GET /people/sbt11c.jpg HTTP/1.1" 200 31479 "-" "Mozilla/5.0 (compatible; AhrefsBot/7.0; +http://ahrefs.com/robot/)" "ysfine.com"
51.222.253.1 - - [21/Jan/2023:17:02:42 -0800] "GET /wigner/isomor66c.jpg HTTP/1.1" 200 47632 "-" "Mozilla/5.0 (compatible; AhrefsBot/7.0; +http://ahrefs.com/robot/)" "ysfine.com"
51.222.253.2 - - [21/Jan/2023:17:02:43 -0800] "GET /dirac/dirackn33c.jpg HTTP/1.1" 200 50420 "-" "Mozilla/5.0 (compatible; AhrefsBot/7.0; +http://ahrefs.com/robot/)" "ysfine.com"
207.46.13.167 - - [21/Jan/2023:17:03:56 -0800] "GET /bio/wigner/e(2).html HTTP/1.1" 404 88 "-" "Mozilla/5.0 AppleWebKit/537.36 (KHTML, like Gecko; compatible; bingbot/2.0; +http://www.bing.com/bingbot.htm) Chrome/103.0.5060.134 Safari/537.36" "ysfine.com"
47.14.8.126 - - [21/Jan/2023:17:06:22 -0800] "GET /sbk/1987brooke11.jpg HTTP/1.1" 200 257411 "https://www.google.com/" "Mozilla/5.0 (X11; CrOS x86_64 14541.0.0) AppleWebKit/537.36 (KHTML, like Gecko) Chrome/109.0.0.0 Safari/537.36" "ysfine.com"
51.222.253.19 - - [21/Jan/2023:17:06:34 -0800] "GET /home/sing.html HTTP/1.1" 200 2927 "-" "Mozilla/5.0 (compatible; AhrefsBot/7.0; +http://ahrefs.com/robot/)" "www.ysfine.com"
51.222.253.5 - - [21/Jan/2023:17:06:36 -0800] "GET /home/wigner62c.jpg HTTP/1.1" 200 41727 "-" "Mozilla/5.0 (compatible; AhrefsBot/7.0; +http://ahrefs.com/robot/)" "www.ysfine.com"
51.222.253.11 - - [21/Jan/2023:17:06:36 -0800] "GET /home/eink77c.jpg HTTP/1.1" 200 47471 "-" "Mozilla/5.0 (compatible; AhrefsBot/7.0; +http://ahrefs.com/robot/)" "www.ysfine.com"
51.222.253.20 - - [21/Jan/2023:17:06:37 -0800] "GET /home/eward11c.jpg HTTP/1.1" 200 48989 "-" "Mozilla/5.0 (compatible; AhrefsBot/7.0; +http://ahrefs.com/robot/)" "www.ysfine.com"
65.27.23.50 - - [21/Jan/2023:17:06:40 -0800] "GET /world/france/stras10.jpg HTTP/1.1" 200 105338 "https://www.google.com/" "Mozilla/5.0 (iPhone; CPU iPhone OS 16_2 like Mac OS X) AppleWebKit/605.1.15 (KHTML, like Gecko) CriOS/109.0.5414.83 Mobile/15E148 Safari/604.1" "ysfine.com"
169.231.11.85 - - [21/Jan/2023:17:07:19 -0800] "GET /einstein/einst06.html HTTP/1.1" 200 1773 "https://www.google.com/" "Mozilla/5.0 (Windows NT 10.0; Win64; x64) AppleWebKit/537.36 (KHTML, like Gecko) Chrome/109.0.0.0 Safari/537.36" "ysfine.com"
169.231.11.85 - - [21/Jan/2023:17:07:19 -0800] "GET /maga/phys/osc66.jpg HTTP/1.1" 200 36937 "https://ysfine.com/einstein/einst06.html" "Mozilla/5.0 (Windows NT 10.0; Win64; x64) AppleWebKit/537.36 (KHTML, like Gecko) Chrome/109.0.0.0 Safari/537.36" "ysfine.com"
103.6.117.75 - - [21/Jan/2023:17:07:54 -0800] "GET /kobak/sl628.jpg HTTP/1.1" 200 225100 "-" "Mozilla/5.0 (Macintosh; Intel Mac OS X 10_15_4) AppleWebKit/537.36 (KHTML, like Gecko) Chrome/81.0.4044.138 Safari/537.36" "ysfine.com"
76.32.50.132 - - [21/Jan/2023:17:08:12 -0800] "GET /wigner/supper650.jpg HTTP/1.1" 200 60839 "https://www.google.com/" "Mozilla/5.0 (X11; CrOS x86_64 15183.78.0) AppleWebKit/537.36 (KHTML, like Gecko) Chrome/108.0.0.0 Safari/537.36" "ysfine.com"
121.5.231.252 - - [21/Jan/2023:17:08:31 -0800] "GET /home/eink450.jpg HTTP/1.1" 200 66794 "http://ysfine.com/home/eink450.jpg" "Mozilla/5.0 (Linux; Android 6.0; Nexus 5 Build/MRA58N) AppleWebKit/537.36 (KHTML, like Gecko) Chrome/81.0.4044.138 Mobile Safari/537.36" "ysfine.com"
207.46.13.31 - - [21/Jan/2023:17:08:48 -0800] "GET /bio/kobak/yskor.html HTTP/1.1" 404 88 "-" "Mozilla/5.0 AppleWebKit/537.36 (KHTML, like Gecko; compatible; bingbot/2.0; +http://www.bing.com/bingbot.htm) Chrome/103.0.5060.134 Safari/537.36" "ysfine.com"
121.5.231.252 - - [21/Jan/2023:17:08:51 -0800] "GET /home/eink450.jpg HTTP/1.1" 200 66794 "http://ysfine.com/home/eink450.jpg" "Mozilla/5.0 (Linux; Android 6.0; Nexus 5 Build/MRA58N) AppleWebKit/537.36 (KHTML, like Gecko) Chrome/81.0.4044.138 Mobile Safari/537.36" "ysfine.com"
40.77.167.80 - - [21/Jan/2023:17:08:55 -0800] "GET /sbk/2012paris66.jpg HTTP/1.1" 200 124670 "-" "Mozilla/5.0 AppleWebKit/537.36 (KHTML, like Gecko; compatible; bingbot/2.0; +http://www.bing.com/bingbot.htm) Chrome/103.0.5060.134 Safari/537.36" "ysfine.com"
121.5.231.252 - - [21/Jan/2023:17:09:11 -0800] "GET /home/eink450.jpg HTTP/1.1" 200 66794 "http://ysfine.com/home/eink450.jpg" "Mozilla/5.0 (Linux; Android 6.0; Nexus 5 Build/MRA58N) AppleWebKit/537.36 (KHTML, like Gecko) Chrome/81.0.4044.138 Mobile Safari/537.36" "ysfine.com"
68.65.175.101 - - [21/Jan/2023:17:09:23 -0800] "GET /wigner/wiglittle.pdf HTTP/1.1" 200 2659296 "https://www.google.com/" "Mozilla/5.0 (Macintosh; Intel Mac OS X 10_15_6) AppleWebKit/605.1.15 (KHTML, like Gecko) Version/15.4 Safari/605.1.15" "ysfine.com"
68.65.175.101 - - [21/Jan/2023:17:09:26 -0800] "GET /favicon.ico HTTP/1.1" 404 88 "https://ysfine.com/wigner/wiglittle.pdf" "Mozilla/5.0 (Macintosh; Intel Mac OS X 10_15_6) AppleWebKit/605.1.15 (KHTML, like Gecko) Version/15.4 Safari/605.1.15" "ysfine.com"
51.222.253.17 - - [21/Jan/2023:17:10:21 -0800] "GET /home/pquartet.html HTTP/1.1" 200 4312 "-" "Mozilla/5.0 (compatible; AhrefsBot/7.0; +http://ahrefs.com/robot/)" "www.ysfine.com"
51.222.253.5 - - [21/Jan/2023:17:10:23 -0800] "GET /home/comet01b.jpg HTTP/1.1" 200 53465 "-" "Mozilla/5.0 (compatible; AhrefsBot/7.0; +http://ahrefs.com/robot/)" "www.ysfine.com"
51.222.253.15 - - [21/Jan/2023:17:10:23 -0800] "GET /wigner/wigsharp2.jpg HTTP/1.1" 200 34860 "-" "Mozilla/5.0 (compatible; AhrefsBot/7.0; +http://ahrefs.com/robot/)" "www.ysfine.com"
51.222.253.7 - - [21/Jan/2023:17:10:23 -0800] "GET /einstein/eins47b.jpg HTTP/1.1" 200 48772 "-" "Mozilla/5.0 (compatible; AhrefsBot/7.0; +http://ahrefs.com/robot/)" "www.ysfine.com"
51.222.253.11 - - [21/Jan/2023:17:10:24 -0800] "GET /feynman/feyn86b.jpg HTTP/1.1" 200 26190 "-" "Mozilla/5.0 (compatible; AhrefsBot/7.0; +http://ahrefs.com/robot/)" "www.ysfine.com"
51.222.253.2 - - [21/Jan/2023:17:10:24 -0800] "GET /home/newton33b.jpg HTTP/1.1" 200 33593 "-" "Mozilla/5.0 (compatible; AhrefsBot/7.0; +http://ahrefs.com/robot/)" "www.ysfine.com"
51.222.253.3 - - [21/Jan/2023:17:10:25 -0800] "GET /dirac/dirac2.jpg HTTP/1.1" 200 31039 "-" "Mozilla/5.0 (compatible; AhrefsBot/7.0; +http://ahrefs.com/robot/)" "www.ysfine.com"
17.241.75.244 - - [21/Jan/2023:17:10:43 -0800] "GET /wdc/wasleft.html HTTP/1.1" 200 720 "https://www.ysfine.com/wdc/index.html" "Mozilla/5.0 (Macintosh; Intel Mac OS X 10_15_5) AppleWebKit/605.1.15 (KHTML, like Gecko) Version/13.1.1 Safari/605.1.15 (Applebot/0.1; +http://www.apple.com/go/applebot)" "www.ysfine.com"
17.241.227.13 - - [21/Jan/2023:17:10:43 -0800] "GET /wdc/wasdc.html HTTP/1.1" 200 13715 "https://www.ysfine.com/wdc/index.html" "Mozilla/5.0 (Macintosh; Intel Mac OS X 10_15_5) AppleWebKit/605.1.15 (KHTML, like Gecko) Version/13.1.1 Safari/605.1.15 (Applebot/0.1; +http://www.apple.com/go/applebot)" "www.ysfine.com"
198.161.140.239 - - [21/Jan/2023:17:11:13 -0800] "GET /world/france/stras10.jpg HTTP/1.1" 200 105338 "https://www.google.com/" "Mozilla/5.0 (iPhone; CPU iPhone OS 16_2 like Mac OS X) AppleWebKit/605.1.15 (KHTML, like Gecko) Version/16.2 Mobile/15E148 Safari/604.1" "ysfine.com"
118.107.11.11 - - [21/Jan/2023:17:11:22 -0800] "GET / HTTP/1.1" 200 5295 "http://www.ysfine.com" "Mozilla/5.0 (Windows NT 10.0; WOW64) AppleWebKit/537.36 (KHTML, like Gecko) Chrome/86.0.4240.198 Safari/537.36" "www.ysfine.com"
207.46.13.176 - - [21/Jan/2023:17:13:07 -0800] "GET /bio/kobak/soraech.html HTTP/1.1" 404 88 "-" "Mozilla/5.0 AppleWebKit/537.36 (KHTML, like Gecko; compatible; bingbot/2.0; +http://www.bing.com/bingbot.htm) Chrome/103.0.5060.134 Safari/537.36" "ysfine.com"
51.222.253.19 - - [21/Jan/2023:17:14:06 -0800] "GET /class54/class5470/total_data/sub_324.htm HTTP/1.1" 200 3297 "-" "Mozilla/5.0 (compatible; AhrefsBot/7.0; +http://ahrefs.com/robot/)" "ysfine.com"
207.46.13.31 - - [21/Jan/2023:17:14:09 -0800] "GET /bio/style/artlove.html HTTP/1.1" 404 88 "-" "Mozilla/5.0 AppleWebKit/537.36 (KHTML, like Gecko; compatible; bingbot/2.0; +http://www.bing.com/bingbot.htm) Chrome/103.0.5060.134 Safari/537.36" "ysfine.com"
207.46.13.176 - - [21/Jan/2023:17:14:29 -0800] "GET /bio.html HTTP/1.1" 200 18260 "-" "Mozilla/5.0 AppleWebKit/537.36 (KHTML, like Gecko; compatible; bingbot/2.0; +http://www.bing.com/bingbot.htm) Chrome/103.0.5060.134 Safari/537.36" "ysfine.com"
66.249.89.63 - - [21/Jan/2023:17:15:57 -0800] "GET /kobak/sl628.jpg HTTP/1.1" 200 225100 "-" "Mozilla/5.0 (Macintosh; Intel Mac OS X 10_8_4) AppleWebKit/537.36 (KHTML, like Gecko) Chrome/28.0.1500.71 Safari/537.36" "ysfine.com"
66.249.89.63 - - [21/Jan/2023:17:15:58 -0800] "GET /kobak/sl628.jpg HTTP/1.1" 200 225100 "-" "Mozilla/5.0 (Macintosh; Intel Mac OS X 10_8_4) AppleWebKit/537.36 (KHTML, like Gecko) Chrome/28.0.1500.71 Safari/537.36" "ysfine.com"
66.249.89.34 - - [21/Jan/2023:17:16:01 -0800] "GET /kobak/sl628.jpg HTTP/1.1" 200 225100 "-" "Mozilla/5.0 (Macintosh; Intel Mac OS X 10_8_4) AppleWebKit/537.36 (KHTML, like Gecko) Chrome/28.0.1500.71 Safari/537.36" "ysfine.com"
66.249.89.34 - - [21/Jan/2023:17:16:02 -0800] "GET /kobak/sl628.jpg HTTP/1.1" 200 225100 "-" "Mozilla/5.0 (Macintosh; Intel Mac OS X 10_8_4) AppleWebKit/537.36 (KHTML, like Gecko) Chrome/28.0.1500.71 Safari/537.36" "ysfine.com"
99.240.108.52 - - [21/Jan/2023:17:17:42 -0800] "GET /princeton/brooke22.jpg HTTP/1.1" 200 87673 "https://www.google.com/" "Mozilla/5.0 (Windows NT 10.0; Win64; x64) AppleWebKit/537.36 (KHTML, like Gecko) Chrome/109.0.0.0 Safari/537.36" "ysfine.com"
40.77.167.11 - - [21/Jan/2023:17:18:01 -0800] "GET /bio/kobak/namdae.html HTTP/1.1" 404 88 "-" "Mozilla/5.0 (compatible; bingbot/2.0; +http://www.bing.com/bingbot.htm)" "ysfine.com"
51.222.253.10 - - [21/Jan/2023:17:18:17 -0800] "GET /class54/class5470/total_data/sub_347.htm HTTP/1.1" 200 3292 "-" "Mozilla/5.0 (compatible; AhrefsBot/7.0; +http://ahrefs.com/robot/)" "ysfine.com"
17.241.227.113 - - [21/Jan/2023:17:18:28 -0800] "GET /feynman/fphoto.html HTTP/1.1" 200 3714 "-" "Mozilla/5.0 (Macintosh; Intel Mac OS X 10_15_5) AppleWebKit/605.1.15 (KHTML, like Gecko) Version/13.1.1 Safari/605.1.15 (Applebot/0.1; +http://www.apple.com/go/applebot)" "ysfine.com"
95.163.255.63 - - [21/Jan/2023:17:18:58 -0800] "GET /robots.txt HTTP/1.1" 404 73 "-" "Mozilla/5.0 (compatible; Linux x86_64; Mail.RU_Bot/2.0; +https://help.mail.ru/webmaster/indexing/robots)" "www.ysfine.com"
47.14.8.126 - - [21/Jan/2023:17:19:18 -0800] "GET /princeton/brooke66.jpg HTTP/1.1" 200 135510 "https://www.google.com/" "Mozilla/5.0 (X11; CrOS x86_64 14541.0.0) AppleWebKit/537.36 (KHTML, like Gecko) Chrome/109.0.0.0 Safari/537.36" "ysfine.com"
2.86.7.186 - - [21/Jan/2023:17:19:43 -0800] "GET / HTTP/1.1" 200 5295 "-" "Mozilla/5.0 (Macintosh; Intel Mac OS X 12_3_1) AppleWebKit/537.36 (KHTML, like Gecko) Chrome/100.0.4896.88 Safari/537.36" "ysfine.com"
207.46.13.15 - - [21/Jan/2023:17:20:27 -0800] "GET /bio/style/proschanie.html HTTP/1.1" 404 88 "-" "Mozilla/5.0 AppleWebKit/537.36 (KHTML, like Gecko; compatible; bingbot/2.0; +http://www.bing.com/bingbot.htm) Chrome/103.0.5060.134 Safari/537.36" "ysfine.com"
77.75.79.31 - - [21/Jan/2023:17:20:39 -0800] "GET /world/index.html HTTP/1.1" 200 123 "-" "Mozilla/5.0 (compatible; SeznamBot/4.0-RC1; +http://napoveda.seznam.cz/seznambot-intro/)" "ysfine.com"
40.77.167.11 - - [21/Jan/2023:17:20:41 -0800] "GET /bio/einstein/bern.html HTTP/1.1" 404 88 "-" "Mozilla/5.0 (compatible; bingbot/2.0; +http://www.bing.com/bingbot.htm)" "ysfine.com"
35.210.119.13 - - [21/Jan/2023:17:20:52 -0800] "GET /robots.txt HTTP/1.1" 404 88 "http://ysfine.com/robots.txt" "Go-http-client/1.1" "ysfine.com"
35.210.119.13 - - [21/Jan/2023:17:20:55 -0800] "GET /confer/applied.html HTTP/1.1" 200 3735 "http://ysfine.com/confer/applied.html" "Mozilla/5.0 (compatible; VelenPublicWebCrawler/1.0; +https://velen.io)" "ysfine.com"
5.255.253.106 - - [21/Jan/2023:17:22:02 -0800] "GET /robots.txt HTTP/1.1" 404 73 "-" "Mozilla/5.0 (compatible; YandexBot/3.0; +http://yandex.com/bots)" "ysfine.com"
95.108.213.39 - - [21/Jan/2023:17:22:06 -0800] "GET /robots.txt HTTP/1.1" 404 73 "-" "Mozilla/5.0 (compatible; YandexBot/3.0; +http://yandex.com/bots)" "ysfine.com"
213.180.203.3 - - [21/Jan/2023:17:22:10 -0800] "GET /friends/bmi11.jpg HTTP/1.1" 404 88 "-" "Mozilla/5.0 (compatible; YandexImages/3.0; +http://yandex.com/bots)" "ysfine.com"
51.222.253.12 - - [21/Jan/2023:17:22:32 -0800] "GET /class54/class5480/Pictures/2.%C3%AA%C2%B8%C2%B0%C3%AB%C2%85%C2%90%C3%AD%C2%96%C2%89%C3%AC%C2%82%C2%AC/ HTTP/1.1" 200 1718 "-" "Mozilla/5.0 (compatible; AhrefsBot/7.0; +http://ahrefs.com/robot/)" "www.ysfine.com"
38.50.88.6 - - [21/Jan/2023:17:22:40 -0800] "GET /maga/phys/schrod11.jpg HTTP/1.1" 200 107958 "https://www.bing.com/" "Mozilla/5.0 (Windows NT 10.0; Win64; x64) AppleWebKit/537.36 (KHTML, like Gecko) Chrome/108.0.0.0 Safari/537.36 Edg/108.0.1462.54" "www.ysfine.com"
207.46.13.31 - - [21/Jan/2023:17:23:10 -0800] "GET /bio/sbk/1950.html HTTP/1.1" 404 88 "-" "Mozilla/5.0 AppleWebKit/537.36 (KHTML, like Gecko; compatible; bingbot/2.0; +http://www.bing.com/bingbot.htm) Chrome/103.0.5060.134 Safari/537.36" "ysfine.com"
207.46.13.176 - - [21/Jan/2023:17:23:47 -0800] "GET /bio/eink/buythisbook.html HTTP/1.1" 404 88 "-" "Mozilla/5.0 AppleWebKit/537.36 (KHTML, like Gecko; compatible; bingbot/2.0; +http://www.bing.com/bingbot.htm) Chrome/103.0.5060.134 Safari/537.36" "ysfine.com"
207.46.13.167 - - [21/Jan/2023:17:24:03 -0800] "GET /bio/princeton/campus.html HTTP/1.1" 404 88 "-" "Mozilla/5.0 AppleWebKit/537.36 (KHTML, like Gecko; compatible; bingbot/2.0; +http://www.bing.com/bingbot.htm) Chrome/103.0.5060.134 Safari/537.36" "ysfine.com"
51.222.253.8 - - [21/Jan/2023:17:26:50 -0800] "GET / HTTP/1.1" 200 5295 "-" "Mozilla/5.0 (compatible; AhrefsBot/7.0; +http://ahrefs.com/robot/)" "www.ysfine.com"
185.191.171.26 - - [21/Jan/2023:17:29:44 -0800] "GET /robots.txt HTTP/1.1" 404 88 "-" "Mozilla/5.0 (compatible; SemrushBot/7~bl; +http://www.semrush.com/bot.html)" "www.ysfine.com"
185.191.171.26 - - [21/Jan/2023:17:29:46 -0800] "GET /world/balticw.html HTTP/1.1" 200 15785 "-" "Mozilla/5.0 (compatible; SemrushBot/7~bl; +http://www.semrush.com/bot.html)" "www.ysfine.com"
76.118.245.55 - - [21/Jan/2023:17:31:53 -0800] "GET /world/scandi/sto017.jpg HTTP/1.1" 200 105208 "-" "Mozilla/5.0 (Macintosh; Intel Mac OS X 10_15_7) AppleWebKit/605.1.15 (KHTML, like Gecko) Version/16.2 Safari/605.1.15" "ysfine.com"
51.222.253.8 - - [21/Jan/2023:17:32:08 -0800] "GET / HTTP/1.1" 200 5295 "-" "Mozilla/5.0 (compatible; AhrefsBot/7.0; +http://ahrefs.com/robot/)" "ysfine.com"
73.24.170.20 - - [21/Jan/2023:17:32:46 -0800] "GET /princeton/alexan11.jpg HTTP/1.1" 200 118946 "https://www.google.com/" "Mozilla/5.0 (Macintosh; Intel Mac OS X 10_15_7) AppleWebKit/605.1.15 (KHTML, like Gecko) Version/16.2 Safari/605.1.15" "ysfine.com"
95.163.255.65 - - [21/Jan/2023:17:36:37 -0800] "GET /maga/poincare.html HTTP/1.1" 200 7726 "-" "Mozilla/5.0 (compatible; Linux x86_64; Mail.RU_Bot/2.0; +https://help.mail.ru/webmaster/indexing/robots)" "www.ysfine.com"
95.163.255.66 - - [21/Jan/2023:17:36:41 -0800] "GET /confer/conbot.html HTTP/1.1" 200 124 "-" "Mozilla/5.0 (compatible; Linux x86_64; Mail.RU_Bot/2.0; +https://help.mail.ru/webmaster/indexing/robots)" "www.ysfine.com"
114.119.136.138 - - [21/Jan/2023:17:38:47 -0800] "GET /people/sbt.html HTTP/1.1" 200 529 "https://www.ysfine.com/wisdom/happyend.html" "Mozilla/5.0 (Linux; Android 7.0;) AppleWebKit/537.36 (KHTML, like Gecko) Mobile Safari/537.36 (compatible; PetalBot;+https://webmaster.petalsearch.com/site/petalbot)" "www.ysfine.com"
51.222.253.7 - - [21/Jan/2023:17:38:55 -0800] "GET /class54/class5480/Pictures/1.%C3%AC%C2%A0%C2%91%C3%AC%C2%88%C2%98%C3%AB%C2%B0%C2%8F%C3%AD%C2%99%C2%98%C3%AB%C2%8B%C2%B4/?C=N;O=A HTTP/1.1" 200 869 "-" "Mozilla/5.0 (compatible; AhrefsBot/7.0; +http://ahrefs.com/robot/)" "www.ysfine.com"
207.46.13.15 - - [21/Jan/2023:17:39:08 -0800] "GET /confer/newadd.html HTTP/1.1" 200 1741 "-" "Mozilla/5.0 AppleWebKit/537.36 (KHTML, like Gecko; compatible; bingbot/2.0; +http://www.bing.com/bingbot.htm) Chrome/103.0.5060.134 Safari/537.36" "www.ysfine.com"
95.108.213.40 - - [21/Jan/2023:17:39:14 -0800] "GET /robots.txt HTTP/1.1" 404 73 "-" "Mozilla/5.0 (compatible; YandexBot/3.0; +http://yandex.com/bots)" "www.ysfine.com"
71.178.208.102 - - [21/Jan/2023:17:39:18 -0800] "GET /ys11 HTTP/1.1" 301 1406 "-" "Mozilla/5.0 (Linux; Android 5.1.1; KFSUWI) AppleWebKit/537.36 (KHTML, like Gecko) Silk/106.5.7 like Chrome/106.0.5249.208 Safari/537.36" "ysfine.com"
71.178.208.102 - - [21/Jan/2023:17:39:18 -0800] "GET /ys11/ HTTP/1.1" 304 - "-" "Mozilla/5.0 (Linux; Android 5.1.1; KFSUWI) AppleWebKit/537.36 (KHTML, like Gecko) Silk/106.5.7 like Chrome/106.0.5249.208 Safari/537.36" "ysfine.com"
87.250.224.133 - - [21/Jan/2023:17:39:18 -0800] "GET /feynman/chewfrau.html HTTP/1.1" 200 3075 "-" "Mozilla/5.0 (compatible; YandexBot/3.0; +http://yandex.com/bots) AppleWebKit/537.36 (KHTML, like Gecko) Chrome/81.0.4044.268" "www.ysfine.com"
207.46.13.167 - - [21/Jan/2023:17:41:47 -0800] "GET /bio/wigner/e(2).html HTTP/1.1" 404 88 "-" "Mozilla/5.0 AppleWebKit/537.36 (KHTML, like Gecko; compatible; bingbot/2.0; +http://www.bing.com/bingbot.htm) Chrome/103.0.5060.134 Safari/537.36" "ysfine.com"
143.198.214.5 - - [21/Jan/2023:17:42:19 -0800] "GET / HTTP/1.1" 200 15915 "-" "Mozilla/5.0 (Windows NT 10.0; Win64; x64) AppleWebKit/537.36 (KHTML, like Gecko) Chrome/80.0.3987.149 Safari/537.36" "ysfine.com"
143.198.214.5 - - [21/Jan/2023:17:42:20 -0800] "GET /wp-includes/wlwmanifest.xml HTTP/1.1" 404 73 "-" "Mozilla/5.0 (Windows NT 10.0; Win64; x64) AppleWebKit/537.36 (KHTML, like Gecko) Chrome/80.0.3987.149 Safari/537.36" "ysfine.com"
143.198.214.5 - - [21/Jan/2023:17:42:21 -0800] "GET /xmlrpc.php?rsd HTTP/1.1" 404 73 "-" "Mozilla/5.0 (Windows NT 10.0; Win64; x64) AppleWebKit/537.36 (KHTML, like Gecko) Chrome/80.0.3987.149 Safari/537.36" "ysfine.com"
143.198.214.5 - - [21/Jan/2023:17:42:22 -0800] "GET / HTTP/1.1" 200 15915 "-" "Mozilla/5.0 (Windows NT 10.0; Win64; x64) AppleWebKit/537.36 (KHTML, like Gecko) Chrome/80.0.3987.149 Safari/537.36" "ysfine.com"
143.198.214.5 - - [21/Jan/2023:17:42:25 -0800] "GET /web/wp-includes/wlwmanifest.xml HTTP/1.1" 404 73 "-" "Mozilla/5.0 (Windows NT 10.0; Win64; x64) AppleWebKit/537.36 (KHTML, like Gecko) Chrome/80.0.3987.149 Safari/537.36" "ysfine.com"
143.198.214.5 - - [21/Jan/2023:17:42:27 -0800] "GET /website/wp-includes/wlwmanifest.xml HTTP/1.1" 404 73 "-" "Mozilla/5.0 (Windows NT 10.0; Win64; x64) AppleWebKit/537.36 (KHTML, like Gecko) Chrome/80.0.3987.149 Safari/537.36" "ysfine.com"
143.198.214.5 - - [21/Jan/2023:17:42:29 -0800] "GET /news/wp-includes/wlwmanifest.xml HTTP/1.1" 404 73 "-" "Mozilla/5.0 (Windows NT 10.0; Win64; x64) AppleWebKit/537.36 (KHTML, like Gecko) Chrome/80.0.3987.149 Safari/537.36" "ysfine.com"
143.198.214.5 - - [21/Jan/2023:17:42:30 -0800] "GET /2018/wp-includes/wlwmanifest.xml HTTP/1.1" 404 73 "-" "Mozilla/5.0 (Windows NT 10.0; Win64; x64) AppleWebKit/537.36 (KHTML, like Gecko) Chrome/80.0.3987.149 Safari/537.36" "ysfine.com"
143.198.214.5 - - [21/Jan/2023:17:42:31 -0800] "GET /2019/wp-includes/wlwmanifest.xml HTTP/1.1" 404 73 "-" "Mozilla/5.0 (Windows NT 10.0; Win64; x64) AppleWebKit/537.36 (KHTML, like Gecko) Chrome/80.0.3987.149 Safari/537.36" "ysfine.com"
143.198.214.5 - - [21/Jan/2023:17:42:32 -0800] "GET /shop/wp-includes/wlwmanifest.xml HTTP/1.1" 404 73 "-" "Mozilla/5.0 (Windows NT 10.0; Win64; x64) AppleWebKit/537.36 (KHTML, like Gecko) Chrome/80.0.3987.149 Safari/537.36" "ysfine.com"
143.198.214.5 - - [21/Jan/2023:17:42:33 -0800] "GET /wp1/wp-includes/wlwmanifest.xml HTTP/1.1" 404 73 "-" "Mozilla/5.0 (Windows NT 10.0; Win64; x64) AppleWebKit/537.36 (KHTML, like Gecko) Chrome/80.0.3987.149 Safari/537.36" "ysfine.com"
143.198.214.5 - - [21/Jan/2023:17:42:34 -0800] "GET /test/wp-includes/wlwmanifest.xml HTTP/1.1" 404 73 "-" "Mozilla/5.0 (Windows NT 10.0; Win64; x64) AppleWebKit/537.36 (KHTML, like Gecko) Chrome/80.0.3987.149 Safari/537.36" "ysfine.com"
143.198.214.5 - - [21/Jan/2023:17:42:35 -0800] "GET /media/wp-includes/wlwmanifest.xml HTTP/1.1" 404 73 "-" "Mozilla/5.0 (Windows NT 10.0; Win64; x64) AppleWebKit/537.36 (KHTML, like Gecko) Chrome/80.0.3987.149 Safari/537.36" "ysfine.com"
143.198.214.5 - - [21/Jan/2023:17:42:36 -0800] "GET /wp2/wp-includes/wlwmanifest.xml HTTP/1.1" 404 73 "-" "Mozilla/5.0 (Windows NT 10.0; Win64; x64) AppleWebKit/537.36 (KHTML, like Gecko) Chrome/80.0.3987.149 Safari/537.36" "ysfine.com"
143.198.214.5 - - [21/Jan/2023:17:42:39 -0800] "GET /cms/wp-includes/wlwmanifest.xml HTTP/1.1" 404 73 "-" "Mozilla/5.0 (Windows NT 10.0; Win64; x64) AppleWebKit/537.36 (KHTML, like Gecko) Chrome/80.0.3987.149 Safari/537.36" "ysfine.com"
143.198.214.5 - - [21/Jan/2023:17:42:40 -0800] "GET /sito/wp-includes/wlwmanifest.xml HTTP/1.1" 404 73 "-" "Mozilla/5.0 (Windows NT 10.0; Win64; x64) AppleWebKit/537.36 (KHTML, like Gecko) Chrome/80.0.3987.149 Safari/537.36" "ysfine.com"
95.163.255.63 - - [21/Jan/2023:17:43:44 -0800] "GET /robots.txt HTTP/1.1" 404 73 "-" "Mozilla/5.0 (compatible; Linux x86_64; Mail.RU_Bot/2.0; +https://help.mail.ru/webmaster/indexing/robots)" "ysfine.com"
95.163.255.69 - - [21/Jan/2023:17:43:45 -0800] "GET /philo/michel.jpg HTTP/1.1" 404 88 "-" "Mozilla/5.0 (compatible; Linux x86_64; Mail.RU_Bot/2.0; +https://help.mail.ru/webmaster/indexing/robots)" "ysfine.com"
51.222.253.3 - - [21/Jan/2023:17:44:28 -0800] "GET /philo/herod.html HTTP/1.1" 200 2403 "-" "Mozilla/5.0 (compatible; AhrefsBot/7.0; +http://ahrefs.com/robot/)" "ysfine.com"
51.222.253.7 - - [21/Jan/2023:17:44:29 -0800] "GET /philo/herod33b.jpg HTTP/1.1" 200 89384 "-" "Mozilla/5.0 (compatible; AhrefsBot/7.0; +http://ahrefs.com/robot/)" "ysfine.com"
51.222.253.7 - - [21/Jan/2023:17:44:29 -0800] "GET /kobak/taylor2.jpg HTTP/1.1" 404 88 "-" "Mozilla/5.0 (compatible; AhrefsBot/7.0; +http://ahrefs.com/robot/)" "ysfine.com"
51.222.253.20 - - [21/Jan/2023:17:44:30 -0800] "GET /philo/herod11b.jpg HTTP/1.1" 200 152001 "-" "Mozilla/5.0 (compatible; AhrefsBot/7.0; +http://ahrefs.com/robot/)" "ysfine.com"
51.222.253.9 - - [21/Jan/2023:17:44:31 -0800] "GET /philo/michel2.jpg HTTP/1.1" 404 88 "-" "Mozilla/5.0 (compatible; AhrefsBot/7.0; +http://ahrefs.com/robot/)" "ysfine.com"
207.46.13.176 - - [21/Jan/2023:17:46:11 -0800] "GET /bio.html HTTP/1.1" 200 18260 "-" "Mozilla/5.0 AppleWebKit/537.36 (KHTML, like Gecko; compatible; bingbot/2.0; +http://www.bing.com/bingbot.htm) Chrome/103.0.5060.134 Safari/537.36" "ysfine.com"
216.244.66.229 - - [21/Jan/2023:17:46:52 -0800] "GET /robots.txt HTTP/1.1" 404 73 "-" "Mozilla/5.0 (compatible; DotBot/1.2; +https://opensiteexplorer.org/dotbot; help@moz.com)" "www.ysfine.com"
95.163.255.69 - - [21/Jan/2023:17:47:16 -0800] "GET /world/brit/tower10.jpg HTTP/1.1" 404 88 "-" "Mozilla/5.0 (compatible; Linux x86_64; Mail.RU_Bot/2.0; +https://help.mail.ru/webmaster/indexing/robots)" "ysfine.com"
207.46.13.31 - - [21/Jan/2023:17:48:02 -0800] "GET /bio/kobak/yskor.html HTTP/1.1" 404 88 "-" "Mozilla/5.0 AppleWebKit/537.36 (KHTML, like Gecko; compatible; bingbot/2.0; +http://www.bing.com/bingbot.htm) Chrome/103.0.5060.134 Safari/537.36" "ysfine.com"
172.56.153.130 - - [21/Jan/2023:17:49:10 -0800] "GET /einstein/einfine21b.jpg HTTP/1.1" 200 53710 "https://www.google.com/" "Mozilla/5.0 (X11; CrOS x86_64 14695.166.0) AppleWebKit/537.36 (KHTML, like Gecko) Chrome/102.0.0.0 Safari/537.36" "ysfine.com"
186.89.118.250 - - [21/Jan/2023:17:49:18 -0800] "GET /world/leipzig.html HTTP/1.1" 200 5731 "https://www.google.com/" "Mozilla/5.0 (Windows NT 10.0; Win64; x64) AppleWebKit/537.36 (KHTML, like Gecko) Chrome/109.0.0.0 Safari/537.36" "ysfine.com"
186.89.118.250 - - [21/Jan/2023:17:49:18 -0800] "GET /world/germany/leipzig27b.jpg HTTP/1.1" 200 54550 "https://ysfine.com/world/leipzig.html" "Mozilla/5.0 (Windows NT 10.0; Win64; x64) AppleWebKit/537.36 (KHTML, like Gecko) Chrome/109.0.0.0 Safari/537.36" "ysfine.com"
186.89.118.250 - - [21/Jan/2023:17:49:18 -0800] "GET /world/germany/leipzig04b.jpg HTTP/1.1" 200 37051 "https://ysfine.com/world/leipzig.html" "Mozilla/5.0 (Windows NT 10.0; Win64; x64) AppleWebKit/537.36 (KHTML, like Gecko) Chrome/109.0.0.0 Safari/537.36" "ysfine.com"
186.89.118.250 - - [21/Jan/2023:17:49:18 -0800] "GET /world/germany/leipzig33b.jpg HTTP/1.1" 200 50647 "https://ysfine.com/world/leipzig.html" "Mozilla/5.0 (Windows NT 10.0; Win64; x64) AppleWebKit/537.36 (KHTML, like Gecko) Chrome/109.0.0.0 Safari/537.36" "ysfine.com"
207.46.13.176 - - [21/Jan/2023:17:49:30 -0800] "GET /maga/phys/huy03.jpg HTTP/1.1" 200 236988 "-" "Mozilla/5.0 AppleWebKit/537.36 (KHTML, like Gecko; compatible; bingbot/2.0; +http://www.bing.com/bingbot.htm) Chrome/103.0.5060.134 Safari/537.36" "ysfine.com"
51.222.253.16 - - [21/Jan/2023:17:49:33 -0800] "GET /houses/vernon.html HTTP/1.1" 200 1478 "-" "Mozilla/5.0 (compatible; AhrefsBot/7.0; +http://ahrefs.com/robot/)" "www.ysfine.com"
51.222.253.1 - - [21/Jan/2023:17:49:35 -0800] "GET /houses/vernon05b.jpg HTTP/1.1" 200 47151 "-" "Mozilla/5.0 (compatible; AhrefsBot/7.0; +http://ahrefs.com/robot/)" "www.ysfine.com"
51.222.253.19 - - [21/Jan/2023:17:49:35 -0800] "GET /houses/rossboro2.jpg HTTP/1.1" 200 63136 "-" "Mozilla/5.0 (compatible; AhrefsBot/7.0; +http://ahrefs.com/robot/)" "www.ysfine.com"
51.222.253.9 - - [21/Jan/2023:17:49:36 -0800] "GET /houses/vernon01b.jpg HTTP/1.1" 200 35297 "-" "Mozilla/5.0 (compatible; AhrefsBot/7.0; +http://ahrefs.com/robot/)" "www.ysfine.com"
51.222.253.8 - - [21/Jan/2023:17:49:37 -0800] "GET /houses/vernon04b.jpg HTTP/1.1" 200 44297 "-" "Mozilla/5.0 (compatible; AhrefsBot/7.0; +http://ahrefs.com/robot/)" "www.ysfine.com"
51.222.253.12 - - [21/Jan/2023:17:49:37 -0800] "GET /houses/vernon02b.jpg HTTP/1.1" 200 36607 "-" "Mozilla/5.0 (compatible; AhrefsBot/7.0; +http://ahrefs.com/robot/)" "www.ysfine.com"
51.222.253.15 - - [21/Jan/2023:17:49:38 -0800] "GET /houses/vernon03b.jpg HTTP/1.1" 200 55664 "-" "Mozilla/5.0 (compatible; AhrefsBot/7.0; +http://ahrefs.com/robot/)" "www.ysfine.com"
51.222.253.1 - - [21/Jan/2023:17:49:38 -0800] "GET /princeton/fortpitt2.jpg HTTP/1.1" 404 88 "-" "Mozilla/5.0 (compatible; AhrefsBot/7.0; +http://ahrefs.com/robot/)" "www.ysfine.com"
186.89.118.250 - - [21/Jan/2023:17:49:56 -0800] "GET /world/germany/leipzig37b.jpg HTTP/1.1" 200 32591 "https://ysfine.com/world/leipzig.html" "Mozilla/5.0 (Windows NT 10.0; Win64; x64) AppleWebKit/537.36 (KHTML, like Gecko) Chrome/109.0.0.0 Safari/537.36" "ysfine.com"
207.46.13.176 - - [21/Jan/2023:17:50:50 -0800] "GET /bio/kobak/soraech.html HTTP/1.1" 404 88 "-" "Mozilla/5.0 AppleWebKit/537.36 (KHTML, like Gecko; compatible; bingbot/2.0; +http://www.bing.com/bingbot.htm) Chrome/103.0.5060.134 Safari/537.36" "ysfine.com"
216.244.66.229 - - [21/Jan/2023:17:50:51 -0800] "GET /ffriends/chinstu05.jpg HTTP/1.1" 200 126016 "-" "Mozilla/5.0 (compatible; DotBot/1.2; +https://opensiteexplorer.org/dotbot; help@moz.com)" "www.ysfine.com"
186.89.118.250 - - [21/Jan/2023:17:50:57 -0800] "GET /world/germany/leipzig28b.jpg HTTP/1.1" 200 41469 "https://ysfine.com/world/leipzig.html" "Mozilla/5.0 (Windows NT 10.0; Win64; x64) AppleWebKit/537.36 (KHTML, like Gecko) Chrome/109.0.0.0 Safari/537.36" "ysfine.com"
186.89.118.250 - - [21/Jan/2023:17:50:57 -0800] "GET /world/germany/leipzig38b.jpg HTTP/1.1" 200 32393 "https://ysfine.com/world/leipzig.html" "Mozilla/5.0 (Windows NT 10.0; Win64; x64) AppleWebKit/537.36 (KHTML, like Gecko) Chrome/109.0.0.0 Safari/537.36" "ysfine.com"
186.89.118.250 - - [21/Jan/2023:17:50:57 -0800] "GET /world/germany/leipzig13b.jpg HTTP/1.1" 200 44395 "https://ysfine.com/world/leipzig.html" "Mozilla/5.0 (Windows NT 10.0; Win64; x64) AppleWebKit/537.36 (KHTML, like Gecko) Chrome/109.0.0.0 Safari/537.36" "ysfine.com"
186.89.118.250 - - [21/Jan/2023:17:50:58 -0800] "GET /world/germany/leipzig25b.jpg HTTP/1.1" 200 36217 "https://ysfine.com/world/leipzig.html" "Mozilla/5.0 (Windows NT 10.0; Win64; x64) AppleWebKit/537.36 (KHTML, like Gecko) Chrome/109.0.0.0 Safari/537.36" "ysfine.com"
186.89.118.250 - - [21/Jan/2023:17:50:58 -0800] "GET /world/germany/leipzig29b.jpg HTTP/1.1" 200 36039 "https://ysfine.com/world/leipzig.html" "Mozilla/5.0 (Windows NT 10.0; Win64; x64) AppleWebKit/537.36 (KHTML, like Gecko) Chrome/109.0.0.0 Safari/537.36" "ysfine.com"
186.89.118.250 - - [21/Jan/2023:17:50:59 -0800] "GET /world/germany/leipzig30b.jpg HTTP/1.1" 200 37693 "https://ysfine.com/world/leipzig.html" "Mozilla/5.0 (Windows NT 10.0; Win64; x64) AppleWebKit/537.36 (KHTML, like Gecko) Chrome/109.0.0.0 Safari/537.36" "ysfine.com"
186.89.118.250 - - [21/Jan/2023:17:51:00 -0800] "GET /world/germany/leipzig22b.jpg HTTP/1.1" 200 41253 "https://ysfine.com/world/leipzig.html" "Mozilla/5.0 (Windows NT 10.0; Win64; x64) AppleWebKit/537.36 (KHTML, like Gecko) Chrome/109.0.0.0 Safari/537.36" "ysfine.com"
186.89.118.250 - - [21/Jan/2023:17:51:00 -0800] "GET /world/germany/leipzig18b.jpg HTTP/1.1" 200 38024 "https://ysfine.com/world/leipzig.html" "Mozilla/5.0 (Windows NT 10.0; Win64; x64) AppleWebKit/537.36 (KHTML, like Gecko) Chrome/109.0.0.0 Safari/537.36" "ysfine.com"
186.89.118.250 - - [21/Jan/2023:17:51:01 -0800] "GET /world/germany/eisenach11b.jpg HTTP/1.1" 200 25519 "https://ysfine.com/world/leipzig.html" "Mozilla/5.0 (Windows NT 10.0; Win64; x64) AppleWebKit/537.36 (KHTML, like Gecko) Chrome/109.0.0.0 Safari/537.36" "ysfine.com"
186.89.118.250 - - [21/Jan/2023:17:51:11 -0800] "GET /world/germany/leipzig66b.jpg HTTP/1.1" 200 62131 "https://ysfine.com/world/leipzig.html" "Mozilla/5.0 (Windows NT 10.0; Win64; x64) AppleWebKit/537.36 (KHTML, like Gecko) Chrome/109.0.0.0 Safari/537.36" "ysfine.com"
216.244.66.229 - - [21/Jan/2023:17:51:17 -0800] "GET /ffriends/aline/aal07.jpg HTTP/1.1" 200 81846 "-" "Mozilla/5.0 (compatible; DotBot/1.2; +https://opensiteexplorer.org/dotbot; help@moz.com)" "www.ysfine.com"
17.241.75.14 - - [21/Jan/2023:17:51:22 -0800] "GET /maga/marxphil.html HTTP/1.1" 404 88 "-" "Mozilla/5.0 (Macintosh; Intel Mac OS X 10_15_5) AppleWebKit/605.1.15 (KHTML, like Gecko) Version/13.1.1 Safari/605.1.15 (Applebot/0.1; +http://www.apple.com/go/applebot)" "www.ysfine.com"
186.89.118.250 - - [21/Jan/2023:17:51:25 -0800] "GET /world/germany/leipzig53b.jpg HTTP/1.1" 200 67453 "https://ysfine.com/world/leipzig.html" "Mozilla/5.0 (Windows NT 10.0; Win64; x64) AppleWebKit/537.36 (KHTML, like Gecko) Chrome/109.0.0.0 Safari/537.36" "ysfine.com"
186.89.118.250 - - [21/Jan/2023:17:51:25 -0800] "GET /world/germany/leipzig57b.jpg HTTP/1.1" 200 35705 "https://ysfine.com/world/leipzig.html" "Mozilla/5.0 (Windows NT 10.0; Win64; x64) AppleWebKit/537.36 (KHTML, like Gecko) Chrome/109.0.0.0 Safari/537.36" "ysfine.com"
216.244.66.229 - - [21/Jan/2023:17:51:26 -0800] "GET /ffriends/aline/alitalia55.jpg HTTP/1.1" 200 72628 "-" "Mozilla/5.0 (compatible; DotBot/1.2; +https://opensiteexplorer.org/dotbot; help@moz.com)" "www.ysfine.com"
207.46.13.31 - - [21/Jan/2023:17:51:32 -0800] "GET /bio/style/artlove.html HTTP/1.1" 404 88 "-" "Mozilla/5.0 AppleWebKit/537.36 (KHTML, like Gecko; compatible; bingbot/2.0; +http://www.bing.com/bingbot.htm) Chrome/103.0.5060.134 Safari/537.36" "ysfine.com"
216.244.66.229 - - [21/Jan/2023:17:51:34 -0800] "GET /ffriends/aline/icelandair02.jpg HTTP/1.1" 200 119965 "-" "Mozilla/5.0 (compatible; DotBot/1.2; +https://opensiteexplorer.org/dotbot; help@moz.com)" "www.ysfine.com"
186.89.118.250 - - [21/Jan/2023:17:51:35 -0800] "GET /world/germany/leipzig43b.jpg HTTP/1.1" 200 47495 "https://ysfine.com/world/leipzig.html" "Mozilla/5.0 (Windows NT 10.0; Win64; x64) AppleWebKit/537.36 (KHTML, like Gecko) Chrome/109.0.0.0 Safari/537.36" "ysfine.com"
186.89.118.250 - - [21/Jan/2023:17:51:43 -0800] "GET /world/germany/leipzig84b.jpg HTTP/1.1" 200 44169 "https://ysfine.com/world/leipzig.html" "Mozilla/5.0 (Windows NT 10.0; Win64; x64) AppleWebKit/537.36 (KHTML, like Gecko) Chrome/109.0.0.0 Safari/537.36" "ysfine.com"
186.89.118.250 - - [21/Jan/2023:17:51:45 -0800] "GET /eink/pwk19c.jpg HTTP/1.1" 200 57759 "https://ysfine.com/world/leipzig.html" "Mozilla/5.0 (Windows NT 10.0; Win64; x64) AppleWebKit/537.36 (KHTML, like Gecko) Chrome/109.0.0.0 Safari/537.36" "ysfine.com"
186.89.118.250 - - [21/Jan/2023:17:52:30 -0800] "GET /home/figs/sq55c.jpg HTTP/1.1" 200 29581 "https://ysfine.com/world/leipzig.html" "Mozilla/5.0 (Windows NT 10.0; Win64; x64) AppleWebKit/537.36 (KHTML, like Gecko) Chrome/109.0.0.0 Safari/537.36" "ysfine.com"
40.77.167.80 - - [21/Jan/2023:17:54:21 -0800] "GET /style/songs.html HTTP/1.1" 200 31567 "-" "Mozilla/5.0 AppleWebKit/537.36 (KHTML, like Gecko; compatible; bingbot/2.0; +http://www.bing.com/bingbot.htm) Chrome/103.0.5060.134 Safari/537.36" "ysfine.com"
51.222.253.5 - - [21/Jan/2023:17:55:12 -0800] "GET /class54/class5470/total_data/sub_101.htm HTTP/1.1" 200 3251 "-" "Mozilla/5.0 (compatible; AhrefsBot/7.0; +http://ahrefs.com/robot/)" "ysfine.com"
40.77.167.11 - - [21/Jan/2023:17:55:14 -0800] "GET /bio/kobak/namdae.html HTTP/1.1" 404 88 "-" "Mozilla/5.0 (compatible; bingbot/2.0; +http://www.bing.com/bingbot.htm)" "ysfine.com"
51.222.253.15 - - [21/Jan/2023:17:55:15 -0800] "GET /class54/class5470/total_data/photo_img/1-1.jpg HTTP/1.1" 200 123757 "-" "Mozilla/5.0 (compatible; AhrefsBot/7.0; +http://ahrefs.com/robot/)" "ysfine.com"
51.222.253.20 - - [21/Jan/2023:17:55:15 -0800] "GET /class54/class5470/total_data/refer_img/1-8_f.jpg HTTP/1.1" 200 24172 "-" "Mozilla/5.0 (compatible; AhrefsBot/7.0; +http://ahrefs.com/robot/)" "ysfine.com"
51.222.253.7 - - [21/Jan/2023:17:55:16 -0800] "GET /class54/class5470/total_data/refer_img/1-15_f.jpg HTTP/1.1" 200 14231 "-" "Mozilla/5.0 (compatible; AhrefsBot/7.0; +http://ahrefs.com/robot/)" "ysfine.com"
51.222.253.18 - - [21/Jan/2023:17:55:16 -0800] "GET /class54/class5470/total_data/refer_img/1-4_f.jpg HTTP/1.1" 200 27550 "-" "Mozilla/5.0 (compatible; AhrefsBot/7.0; +http://ahrefs.com/robot/)" "ysfine.com"
51.222.253.8 - - [21/Jan/2023:17:55:16 -0800] "GET /class54/class5470/total_data/refer_img/1-6_f.jpg HTTP/1.1" 200 28598 "-" "Mozilla/5.0 (compatible; AhrefsBot/7.0; +http://ahrefs.com/robot/)" "ysfine.com"
51.222.253.9 - - [21/Jan/2023:17:55:17 -0800] "GET /class54/class5470/total_data/refer_img/1-3_f.jpg HTTP/1.1" 200 18163 "-" "Mozilla/5.0 (compatible; AhrefsBot/7.0; +http://ahrefs.com/robot/)" "ysfine.com"
51.222.253.16 - - [21/Jan/2023:17:55:17 -0800] "GET /class54/class5470/total_data/refer_img/1-11_f.jpg HTTP/1.1" 200 19072 "-" "Mozilla/5.0 (compatible; AhrefsBot/7.0; +http://ahrefs.com/robot/)" "ysfine.com"
51.222.253.14 - - [21/Jan/2023:17:55:18 -0800] "GET /class54/class5470/total_data/refer_img/1-1_f.jpg HTTP/1.1" 200 41849 "-" "Mozilla/5.0 (compatible; AhrefsBot/7.0; +http://ahrefs.com/robot/)" "ysfine.com"
51.222.253.5 - - [21/Jan/2023:17:55:18 -0800] "GET /class54/class5470/total_data/refer_img/1-5_f.jpg HTTP/1.1" 200 12010 "-" "Mozilla/5.0 (compatible; AhrefsBot/7.0; +http://ahrefs.com/robot/)" "ysfine.com"
51.222.253.15 - - [21/Jan/2023:17:55:19 -0800] "GET /class54/class5470/total_data/refer_img/1-9_f.jpg HTTP/1.1" 200 20629 "-" "Mozilla/5.0 (compatible; AhrefsBot/7.0; +http://ahrefs.com/robot/)" "ysfine.com"
51.222.253.2 - - [21/Jan/2023:17:55:19 -0800] "GET /class54/class5470/total_data/img/sm01_off.gif HTTP/1.1" 200 412 "-" "Mozilla/5.0 (compatible; AhrefsBot/7.0; +http://ahrefs.com/robot/)" "ysfine.com"
51.222.253.4 - - [21/Jan/2023:17:55:19 -0800] "GET /class54/class5470/total_data/refer_img/1-16_f.jpg HTTP/1.1" 200 20257 "-" "Mozilla/5.0 (compatible; AhrefsBot/7.0; +http://ahrefs.com/robot/)" "ysfine.com"
51.222.253.7 - - [21/Jan/2023:17:55:20 -0800] "GET /class54/class5470/total_data/refer_img/1-10_f.jpg HTTP/1.1" 200 22258 "-" "Mozilla/5.0 (compatible; AhrefsBot/7.0; +http://ahrefs.com/robot/)" "ysfine.com"
51.222.253.17 - - [21/Jan/2023:17:55:20 -0800] "GET /class54/class5470/total_data/refer_img/1-14_f.jpg HTTP/1.1" 200 18101 "-" "Mozilla/5.0 (compatible; AhrefsBot/7.0; +http://ahrefs.com/robot/)" "ysfine.com"
51.222.253.10 - - [21/Jan/2023:17:55:20 -0800] "GET /class54/class5470/total_data/refer_img/1-2_f.jpg HTTP/1.1" 200 14500 "-" "Mozilla/5.0 (compatible; AhrefsBot/7.0; +http://ahrefs.com/robot/)" "ysfine.com"
51.222.253.1 - - [21/Jan/2023:17:55:21 -0800] "GET /class54/class5470/total_data/refer_img/1-13_f.jpg HTTP/1.1" 200 9871 "-" "Mozilla/5.0 (compatible; AhrefsBot/7.0; +http://ahrefs.com/robot/)" "ysfine.com"
51.222.253.3 - - [21/Jan/2023:17:55:21 -0800] "GET /class54/class5470/total_data/img/01_st_uniform.gif HTTP/1.1" 200 546 "-" "Mozilla/5.0 (compatible; AhrefsBot/7.0; +http://ahrefs.com/robot/)" "ysfine.com"
51.222.253.17 - - [21/Jan/2023:17:55:21 -0800] "GET /class54/class5470/total_data/refer_img/1-12_f.jpg HTTP/1.1" 200 16621 "-" "Mozilla/5.0 (compatible; AhrefsBot/7.0; +http://ahrefs.com/robot/)" "ysfine.com"
69.194.143.140 - - [21/Jan/2023:17:55:43 -0800] "GET /ads.txt HTTP/1.1" 404 88 "-" "Mozilla/5.0 (Macintosh; Intel Mac OS X 10_15_7) AppleWebKit/537.36 (KHTML, like Gecko) Chrome/107.0.0.0 Safari/537.36" "ysfine.com"
69.194.143.140 - - [21/Jan/2023:17:55:43 -0800] "GET /ads.txt HTTP/1.1" 404 88 "-" "Mozilla/5.0 (Macintosh; Intel Mac OS X 10_15_7) AppleWebKit/537.36 (KHTML, like Gecko) Chrome/107.0.0.0 Safari/537.36" "ysfine.com"
118.235.10.125 - - [21/Jan/2023:17:56:11 -0800] "GET /bio09.html HTTP/1.1" 200 12628 "https://lm.facebook.com/" "Mozilla/5.0 (Linux; Android 12; SM-G986N Build/SP1A.210812.016; wv) AppleWebKit/537.36 (KHTML, like Gecko) Version/4.0 Chrome/108.0.5359.128 Mobile Safari/537.36 [FB_IAB/FB4A;FBAV/397.0.0.23.404;]" "ysfine.com"
118.235.10.125 - - [21/Jan/2023:17:56:12 -0800] "GET /home/eink450.jpg HTTP/1.1" 200 66794 "https://ysfine.com/bio09.html" "Mozilla/5.0 (Linux; Android 12; SM-G986N Build/SP1A.210812.016; wv) AppleWebKit/537.36 (KHTML, like Gecko) Version/4.0 Chrome/108.0.5359.128 Mobile Safari/537.36 [FB_IAB/FB4A;FBAV/397.0.0.23.404;]" "ysfine.com"
118.235.10.125 - - [21/Jan/2023:17:56:12 -0800] "GET /wigner/michwight.jpg HTTP/1.1" 200 73424 "https://ysfine.com/bio09.html" "Mozilla/5.0 (Linux; Android 12; SM-G986N Build/SP1A.210812.016; wv) AppleWebKit/537.36 (KHTML, like Gecko) Version/4.0 Chrome/108.0.5359.128 Mobile Safari/537.36 [FB_IAB/FB4A;FBAV/397.0.0.23.404;]" "ysfine.com"
118.235.10.125 - - [21/Jan/2023:17:56:12 -0800] "GET /fotos/einmu41d.jpg HTTP/1.1" 200 62005 "https://ysfine.com/bio09.html" "Mozilla/5.0 (Linux; Android 12; SM-G986N Build/SP1A.210812.016; wv) AppleWebKit/537.36 (KHTML, like Gecko) Version/4.0 Chrome/108.0.5359.128 Mobile Safari/537.36 [FB_IAB/FB4A;FBAV/397.0.0.23.404;]" "ysfine.com"
118.235.10.125 - - [21/Jan/2023:17:56:12 -0800] "GET /home/tollwig11d.jpg HTTP/1.1" 200 39722 "https://ysfine.com/bio09.html" "Mozilla/5.0 (Linux; Android 12; SM-G986N Build/SP1A.210812.016; wv) AppleWebKit/537.36 (KHTML, like Gecko) Version/4.0 Chrome/108.0.5359.128 Mobile Safari/537.36 [FB_IAB/FB4A;FBAV/397.0.0.23.404;]" "ysfine.com"
118.235.10.125 - - [21/Jan/2023:17:56:12 -0800] "GET /home/sbt11d.jpg HTTP/1.1" 200 41029 "https://ysfine.com/bio09.html" "Mozilla/5.0 (Linux; Android 12; SM-G986N Build/SP1A.210812.016; wv) AppleWebKit/537.36 (KHTML, like Gecko) Version/4.0 Chrome/108.0.5359.128 Mobile Safari/537.36 [FB_IAB/FB4A;FBAV/397.0.0.23.404;]" "ysfine.com"
118.235.10.125 - - [21/Jan/2023:17:56:12 -0800] "GET /home/wigner22d.jpg HTTP/1.1" 200 70992 "https://ysfine.com/bio09.html" "Mozilla/5.0 (Linux; Android 12; SM-G986N Build/SP1A.210812.016; wv) AppleWebKit/537.36 (KHTML, like Gecko) Version/4.0 Chrome/108.0.5359.128 Mobile Safari/537.36 [FB_IAB/FB4A;FBAV/397.0.0.23.404;]" "ysfine.com"
118.235.10.125 - - [21/Jan/2023:17:56:12 -0800] "GET /home/wigkim450.jpg HTTP/1.1" 200 46980 "https://ysfine.com/bio09.html" "Mozilla/5.0 (Linux; Android 12; SM-G986N Build/SP1A.210812.016; wv) AppleWebKit/537.36 (KHTML, like Gecko) Version/4.0 Chrome/108.0.5359.128 Mobile Safari/537.36 [FB_IAB/FB4A;FBAV/397.0.0.23.404;]" "ysfine.com"
118.235.10.125 - - [21/Jan/2023:17:56:12 -0800] "GET /dirac/truck/truck18a.jpg HTTP/1.1" 200 78184 "https://ysfine.com/bio09.html" "Mozilla/5.0 (Linux; Android 12; SM-G986N Build/SP1A.210812.016; wv) AppleWebKit/537.36 (KHTML, like Gecko) Version/4.0 Chrome/108.0.5359.128 Mobile Safari/537.36 [FB_IAB/FB4A;FBAV/397.0.0.23.404;]" "ysfine.com"
118.235.10.125 - - [21/Jan/2023:17:56:13 -0800] "GET /home/wigein11d.jpg HTTP/1.1" 200 38446 "https://ysfine.com/bio09.html" "Mozilla/5.0 (Linux; Android 12; SM-G986N Build/SP1A.210812.016; wv) AppleWebKit/537.36 (KHTML, like Gecko) Version/4.0 Chrome/108.0.5359.128 Mobile Safari/537.36 [FB_IAB/FB4A;FBAV/397.0.0.23.404;]" "ysfine.com"
118.235.10.125 - - [21/Jan/2023:17:56:14 -0800] "GET /home/fig33/parton77f.jpg HTTP/1.1" 200 120094 "https://ysfine.com/bio09.html" "Mozilla/5.0 (Linux; Android 12; SM-G986N Build/SP1A.210812.016; wv) AppleWebKit/537.36 (KHTML, like Gecko) Version/4.0 Chrome/108.0.5359.128 Mobile Safari/537.36 [FB_IAB/FB4A;FBAV/397.0.0.23.404;]" "ysfine.com"
118.235.10.125 - - [21/Jan/2023:17:56:15 -0800] "GET /home/fig33/sbtwein450.jpg HTTP/1.1" 200 73194 "https://ysfine.com/bio09.html" "Mozilla/5.0 (Linux; Android 12; SM-G986N Build/SP1A.210812.016; wv) AppleWebKit/537.36 (KHTML, like Gecko) Version/4.0 Chrome/108.0.5359.128 Mobile Safari/537.36 [FB_IAB/FB4A;FBAV/397.0.0.23.404;]" "ysfine.com"
118.235.10.125 - - [21/Jan/2023:17:56:15 -0800] "GET /princeton/einpm22d.jpg HTTP/1.1" 200 65372 "https://ysfine.com/bio09.html" "Mozilla/5.0 (Linux; Android 12; SM-G986N Build/SP1A.210812.016; wv) AppleWebKit/537.36 (KHTML, like Gecko) Version/4.0 Chrome/108.0.5359.128 Mobile Safari/537.36 [FB_IAB/FB4A;FBAV/397.0.0.23.404;]" "ysfine.com"
118.235.10.125 - - [21/Jan/2023:17:56:16 -0800] "GET /home/further22f.jpg HTTP/1.1" 200 99099 "https://ysfine.com/bio09.html" "Mozilla/5.0 (Linux; Android 12; SM-G986N Build/SP1A.210812.016; wv) AppleWebKit/537.36 (KHTML, like Gecko) Version/4.0 Chrome/108.0.5359.128 Mobile Safari/537.36 [FB_IAB/FB4A;FBAV/397.0.0.23.404;]" "ysfine.com"
118.235.10.125 - - [21/Jan/2023:17:56:16 -0800] "GET /home/ewk86f.jpg HTTP/1.1" 200 123121 "https://ysfine.com/bio09.html" "Mozilla/5.0 (Linux; Android 12; SM-G986N Build/SP1A.210812.016; wv) AppleWebKit/537.36 (KHTML, like Gecko) Version/4.0 Chrome/108.0.5359.128 Mobile Safari/537.36 [FB_IAB/FB4A;FBAV/397.0.0.23.404;]" "ysfine.com"
118.235.10.125 - - [21/Jan/2023:17:56:17 -0800] "GET /einstein/einbohr55f.jpg HTTP/1.1" 200 155618 "https://ysfine.com/bio09.html" "Mozilla/5.0 (Linux; Android 12; SM-G986N Build/SP1A.210812.016; wv) AppleWebKit/537.36 (KHTML, like Gecko) Version/4.0 Chrome/108.0.5359.128 Mobile Safari/537.36 [FB_IAB/FB4A;FBAV/397.0.0.23.404;]" "ysfine.com"
118.235.10.125 - - [21/Jan/2023:17:56:18 -0800] "GET /home/bedk22f.jpg HTTP/1.1" 200 79706 "https://ysfine.com/bio09.html" "Mozilla/5.0 (Linux; Android 12; SM-G986N Build/SP1A.210812.016; wv) AppleWebKit/537.36 (KHTML, like Gecko) Version/4.0 Chrome/108.0.5359.128 Mobile Safari/537.36 [FB_IAB/FB4A;FBAV/397.0.0.23.404;]" "ysfine.com"
118.235.10.125 - - [21/Jan/2023:17:56:18 -0800] "GET /home/eink54f.jpg HTTP/1.1" 200 96332 "https://ysfine.com/bio09.html" "Mozilla/5.0 (Linux; Android 12; SM-G986N Build/SP1A.210812.016; wv) AppleWebKit/537.36 (KHTML, like Gecko) Version/4.0 Chrome/108.0.5359.128 Mobile Safari/537.36 [FB_IAB/FB4A;FBAV/397.0.0.23.404;]" "ysfine.com"
118.235.10.125 - - [21/Jan/2023:17:56:19 -0800] "GET /home/o32inho22g.jpg HTTP/1.1" 200 90429 "https://ysfine.com/bio09.html" "Mozilla/5.0 (Linux; Android 12; SM-G986N Build/SP1A.210812.016; wv) AppleWebKit/537.36 (KHTML, like Gecko) Version/4.0 Chrome/108.0.5359.128 Mobile Safari/537.36 [FB_IAB/FB4A;FBAV/397.0.0.23.404;]" "ysfine.com"
118.235.10.125 - - [21/Jan/2023:17:56:20 -0800] "GET /fotos/einhaus450.jpg HTTP/1.1" 200 65369 "https://ysfine.com/bio09.html" "Mozilla/5.0 (Linux; Android 12; SM-G986N Build/SP1A.210812.016; wv) AppleWebKit/537.36 (KHTML, like Gecko) Version/4.0 Chrome/108.0.5359.128 Mobile Safari/537.36 [FB_IAB/FB4A;FBAV/397.0.0.23.404;]" "ysfine.com"
118.235.10.125 - - [21/Jan/2023:17:56:20 -0800] "GET /home/comet40f.jpg HTTP/1.1" 200 101816 "https://ysfine.com/bio09.html" "Mozilla/5.0 (Linux; Android 12; SM-G986N Build/SP1A.210812.016; wv) AppleWebKit/537.36 (KHTML, like Gecko) Version/4.0 Chrome/108.0.5359.128 Mobile Safari/537.36 [FB_IAB/FB4A;FBAV/397.0.0.23.404;]" "ysfine.com"
118.235.10.125 - - [21/Jan/2023:17:56:25 -0800] "GET /favicon.ico HTTP/1.1" 404 88 "https://ysfine.com/bio09.html" "Mozilla/5.0 (Linux; Android 12; SM-G986N Build/SP1A.210812.016; wv) AppleWebKit/537.36 (KHTML, like Gecko) Version/4.0 Chrome/108.0.5359.128 Mobile Safari/537.36 [FB_IAB/FB4A;FBAV/397.0.0.23.404;]" "ysfine.com"
118.235.10.125 - - [21/Jan/2023:17:56:41 -0800] "GET /home/yshome.html HTTP/1.1" 200 5634 "https://ysfine.com/bio09.html" "Mozilla/5.0 (Linux; Android 12; SM-G986N Build/SP1A.210812.016; wv) AppleWebKit/537.36 (KHTML, like Gecko) Version/4.0 Chrome/108.0.5359.128 Mobile Safari/537.36 [FB_IAB/FB4A;FBAV/397.0.0.23.404;]" "ysfine.com"
118.235.10.125 - - [21/Jan/2023:17:56:41 -0800] "GET /eink/einhaus11c.jpg HTTP/1.1" 200 42522 "https://ysfine.com/home/yshome.html" "Mozilla/5.0 (Linux; Android 12; SM-G986N Build/SP1A.210812.016; wv) AppleWebKit/537.36 (KHTML, like Gecko) Version/4.0 Chrome/108.0.5359.128 Mobile Safari/537.36 [FB_IAB/FB4A;FBAV/397.0.0.23.404;]" "ysfine.com"
118.235.10.125 - - [21/Jan/2023:17:56:41 -0800] "GET /home/facu450.jpg HTTP/1.1" 200 74535 "https://ysfine.com/home/yshome.html" "Mozilla/5.0 (Linux; Android 12; SM-G986N Build/SP1A.210812.016; wv) AppleWebKit/537.36 (KHTML, like Gecko) Version/4.0 Chrome/108.0.5359.128 Mobile Safari/537.36 [FB_IAB/FB4A;FBAV/397.0.0.23.404;]" "ysfine.com"
118.235.10.125 - - [21/Jan/2023:17:56:41 -0800] "GET /home/goodbad450.jpg HTTP/1.1" 200 32258 "https://ysfine.com/home/yshome.html" "Mozilla/5.0 (Linux; Android 12; SM-G986N Build/SP1A.210812.016; wv) AppleWebKit/537.36 (KHTML, like Gecko) Version/4.0 Chrome/108.0.5359.128 Mobile Safari/537.36 [FB_IAB/FB4A;FBAV/397.0.0.23.404;]" "ysfine.com"
118.235.10.125 - - [21/Jan/2023:17:56:41 -0800] "GET /home/top21d.jpg HTTP/1.1" 200 74409 "https://ysfine.com/home/yshome.html" "Mozilla/5.0 (Linux; Android 12; SM-G986N Build/SP1A.210812.016; wv) AppleWebKit/537.36 (KHTML, like Gecko) Version/4.0 Chrome/108.0.5359.128 Mobile Safari/537.36 [FB_IAB/FB4A;FBAV/397.0.0.23.404;]" "ysfine.com"
118.235.10.125 - - [21/Jan/2023:17:56:41 -0800] "GET /home/taylor500.jpg HTTP/1.1" 200 79197 "https://ysfine.com/home/yshome.html" "Mozilla/5.0 (Linux; Android 12; SM-G986N Build/SP1A.210812.016; wv) AppleWebKit/537.36 (KHTML, like Gecko) Version/4.0 Chrome/108.0.5359.128 Mobile Safari/537.36 [FB_IAB/FB4A;FBAV/397.0.0.23.404;]" "ysfine.com"
118.235.10.125 - - [21/Jan/2023:17:56:41 -0800] "GET /home/truck450.jpg HTTP/1.1" 200 42871 "https://ysfine.com/home/yshome.html" "Mozilla/5.0 (Linux; Android 12; SM-G986N Build/SP1A.210812.016; wv) AppleWebKit/537.36 (KHTML, like Gecko) Version/4.0 Chrome/108.0.5359.128 Mobile Safari/537.36 [FB_IAB/FB4A;FBAV/397.0.0.23.404;]" "ysfine.com"
118.235.10.125 - - [21/Jan/2023:17:56:42 -0800] "GET /eink/ewk86f.jpg HTTP/1.1" 200 122173 "https://ysfine.com/home/yshome.html" "Mozilla/5.0 (Linux; Android 12; SM-G986N Build/SP1A.210812.016; wv) AppleWebKit/537.36 (KHTML, like Gecko) Version/4.0 Chrome/108.0.5359.128 Mobile Safari/537.36 [FB_IAB/FB4A;FBAV/397.0.0.23.404;]" "ysfine.com"
118.235.10.125 - - [21/Jan/2023:17:56:42 -0800] "GET /home/washmo23d.jpg HTTP/1.1" 200 32142 "https://ysfine.com/home/yshome.html" "Mozilla/5.0 (Linux; Android 12; SM-G986N Build/SP1A.210812.016; wv) AppleWebKit/537.36 (KHTML, like Gecko) Version/4.0 Chrome/108.0.5359.128 Mobile Safari/537.36 [FB_IAB/FB4A;FBAV/397.0.0.23.404;]" "ysfine.com"
118.235.10.125 - - [21/Jan/2023:17:56:42 -0800] "GET /home/eindc03d.jpg HTTP/1.1" 200 95860 "https://ysfine.com/home/yshome.html" "Mozilla/5.0 (Linux; Android 12; SM-G986N Build/SP1A.210812.016; wv) AppleWebKit/537.36 (KHTML, like Gecko) Version/4.0 Chrome/108.0.5359.128 Mobile Safari/537.36 [FB_IAB/FB4A;FBAV/397.0.0.23.404;]" "ysfine.com"
118.235.10.125 - - [21/Jan/2023:17:56:43 -0800] "GET /eink/einhaus33c.jpg HTTP/1.1" 200 23792 "https://ysfine.com/home/yshome.html" "Mozilla/5.0 (Linux; Android 12; SM-G986N Build/SP1A.210812.016; wv) AppleWebKit/537.36 (KHTML, like Gecko) Version/4.0 Chrome/108.0.5359.128 Mobile Safari/537.36 [FB_IAB/FB4A;FBAV/397.0.0.23.404;]" "ysfine.com"
118.235.10.125 - - [21/Jan/2023:17:56:43 -0800] "GET /home/1987pr22d.jpg HTTP/1.1" 200 66428 "https://ysfine.com/home/yshome.html" "Mozilla/5.0 (Linux; Android 12; SM-G986N Build/SP1A.210812.016; wv) AppleWebKit/537.36 (KHTML, like Gecko) Version/4.0 Chrome/108.0.5359.128 Mobile Safari/537.36 [FB_IAB/FB4A;FBAV/397.0.0.23.404;]" "ysfine.com"
118.235.10.125 - - [21/Jan/2023:17:56:43 -0800] "GET /home/eward55f.jpg HTTP/1.1" 200 122802 "https://ysfine.com/home/yshome.html" "Mozilla/5.0 (Linux; Android 12; SM-G986N Build/SP1A.210812.016; wv) AppleWebKit/537.36 (KHTML, like Gecko) Version/4.0 Chrome/108.0.5359.128 Mobile Safari/537.36 [FB_IAB/FB4A;FBAV/397.0.0.23.404;]" "ysfine.com"
50.27.199.145 - - [21/Jan/2023:17:57:01 -0800] "GET /princeton/brooke22.jpg HTTP/1.1" 200 87673 "https://www.google.com/" "Mozilla/5.0 (iPhone; CPU iPhone OS 16_1_1 like Mac OS X) AppleWebKit/605.1.15 (KHTML, like Gecko) GSA/247.0.501893814 Mobile/20B101 Safari/604.1" "ysfine.com"
50.27.199.145 - - [21/Jan/2023:17:57:04 -0800] "GET /princeton/brooke88.jpg HTTP/1.1" 200 82208 "https://www.google.com/" "Mozilla/5.0 (iPhone; CPU iPhone OS 16_1_1 like Mac OS X) AppleWebKit/605.1.15 (KHTML, like Gecko) GSA/247.0.501893814 Mobile/20B101 Safari/604.1" "ysfine.com"
118.235.10.125 - - [21/Jan/2023:17:57:46 -0800] "GET /maga/herod.html HTTP/1.1" 200 4341 "https://ysfine.com/bio09.html" "Mozilla/5.0 (Linux; Android 12; SM-G986N Build/SP1A.210812.016; wv) AppleWebKit/537.36 (KHTML, like Gecko) Version/4.0 Chrome/108.0.5359.128 Mobile Safari/537.36 [FB_IAB/FB4A;FBAV/397.0.0.23.404;]" "ysfine.com"
