192.196.218.201 - - [21/Jan/2023:13:22:02 -0800] "GET /einstein/jsbell01b.jpg HTTP/1.1" 200 33090 "https://ysfine.com/einstein/einbohr.html" "Mozilla/5.0 (Macintosh; Intel Mac OS X 10.12; rv:108.0) Gecko/20100101 Firefox/108.0" "ysfine.com"
192.196.218.201 - - [21/Jan/2023:13:22:02 -0800] "GET /dirac/diracqm33b.jpg HTTP/1.1" 200 44237 "https://ysfine.com/einstein/einbohr.html" "Mozilla/5.0 (Macintosh; Intel Mac OS X 10.12; rv:108.0) Gecko/20100101 Firefox/108.0" "ysfine.com"
192.196.218.201 - - [21/Jan/2023:13:22:02 -0800] "GET /dirac/sq66b.jpg HTTP/1.1" 200 22242 "https://ysfine.com/einstein/einbohr.html" "Mozilla/5.0 (Macintosh; Intel Mac OS X 10.12; rv:108.0) Gecko/20100101 Firefox/108.0" "ysfine.com"
192.196.218.201 - - [21/Jan/2023:13:22:02 -0800] "GET /dirac/sq73b.jpg HTTP/1.1" 200 49918 "https://ysfine.com/einstein/einbohr.html" "Mozilla/5.0 (Macintosh; Intel Mac OS X 10.12; rv:108.0) Gecko/20100101 Firefox/108.0" "ysfine.com"
192.196.218.201 - - [21/Jan/2023:13:22:02 -0800] "GET /einstein/bohradius11b.jpg HTTP/1.1" 200 39999 "https://ysfine.com/einstein/einbohr.html" "Mozilla/5.0 (Macintosh; Intel Mac OS X 10.12; rv:108.0) Gecko/20100101 Firefox/108.0" "ysfine.com"
192.196.218.201 - - [21/Jan/2023:13:22:02 -0800] "GET /ffriends/danstu22b.jpg HTTP/1.1" 200 51863 "https://ysfine.com/einstein/einbohr.html" "Mozilla/5.0 (Macintosh; Intel Mac OS X 10.12; rv:108.0) Gecko/20100101 Firefox/108.0" "ysfine.com"
192.196.218.201 - - [21/Jan/2023:13:22:02 -0800] "GET /world/scandi/copenf03b.jpg HTTP/1.1" 200 48862 "https://ysfine.com/einstein/einbohr.html" "Mozilla/5.0 (Macintosh; Intel Mac OS X 10.12; rv:108.0) Gecko/20100101 Firefox/108.0" "ysfine.com"
192.196.218.201 - - [21/Jan/2023:13:22:02 -0800] "GET /world/scandi/nbi33b.jpg HTTP/1.1" 200 39400 "https://ysfine.com/einstein/einbohr.html" "Mozilla/5.0 (Macintosh; Intel Mac OS X 10.12; rv:108.0) Gecko/20100101 Firefox/108.0" "ysfine.com"
192.196.218.201 - - [21/Jan/2023:13:22:02 -0800] "GET /eink/eink61c.jpg HTTP/1.1" 200 34119 "https://ysfine.com/einstein/einbohr.html" "Mozilla/5.0 (Macintosh; Intel Mac OS X 10.12; rv:108.0) Gecko/20100101 Firefox/108.0" "ysfine.com"
192.196.218.201 - - [21/Jan/2023:13:22:02 -0800] "GET /world/scandi/nbi02b.jpg HTTP/1.1" 200 39350 "https://ysfine.com/einstein/einbohr.html" "Mozilla/5.0 (Macintosh; Intel Mac OS X 10.12; rv:108.0) Gecko/20100101 Firefox/108.0" "ysfine.com"
192.196.218.201 - - [21/Jan/2023:13:22:02 -0800] "GET /einstein/evol22b.jpg HTTP/1.1" 200 29614 "https://ysfine.com/einstein/einbohr.html" "Mozilla/5.0 (Macintosh; Intel Mac OS X 10.12; rv:108.0) Gecko/20100101 Firefox/108.0" "ysfine.com"
192.196.218.201 - - [21/Jan/2023:13:22:02 -0800] "GET /world/scandi/nbi06b.jpg HTTP/1.1" 200 45656 "https://ysfine.com/einstein/einbohr.html" "Mozilla/5.0 (Macintosh; Intel Mac OS X 10.12; rv:108.0) Gecko/20100101 Firefox/108.0" "ysfine.com"
192.196.218.201 - - [21/Jan/2023:13:22:02 -0800] "GET /world/scandi/nbi09b.jpg HTTP/1.1" 200 57684 "https://ysfine.com/einstein/einbohr.html" "Mozilla/5.0 (Macintosh; Intel Mac OS X 10.12; rv:108.0) Gecko/20100101 Firefox/108.0" "ysfine.com"
192.196.218.201 - - [21/Jan/2023:13:22:02 -0800] "GET /maga/phys/bohr05b.jpg HTTP/1.1" 200 33923 "https://ysfine.com/einstein/einbohr.html" "Mozilla/5.0 (Macintosh; Intel Mac OS X 10.12; rv:108.0) Gecko/20100101 Firefox/108.0" "ysfine.com"
192.196.218.201 - - [21/Jan/2023:13:22:05 -0800] "GET /einstein/einbohr33.jpg HTTP/1.1" 200 87797 "https://ysfine.com/einstein/einbohr.html" "Mozilla/5.0 (Macintosh; Intel Mac OS X 10.12; rv:108.0) Gecko/20100101 Firefox/108.0" "ysfine.com"
95.108.213.15 - - [21/Jan/2023:13:22:26 -0800] "GET /robots.txt HTTP/1.1" 404 73 "-" "Mozilla/5.0 (compatible; YandexBot/3.0; +http://yandex.com/bots)" "www.ysfine.com"
95.108.213.26 - - [21/Jan/2023:13:22:29 -0800] "GET /bio/bio03.html HTTP/1.1" 404 88 "-" "Mozilla/5.0 (compatible; YandexBot/3.0; +http://yandex.com/bots) AppleWebKit/537.36 (KHTML, like Gecko) Chrome/81.0.4044.268" "www.ysfine.com"
71.178.208.102 - - [21/Jan/2023:13:22:30 -0800] "GET /bio09.html HTTP/1.1" 200 12570 "https://www.ysfine.com/ys11/index.html" "Mozilla/5.0 (Windows NT 10.0; Win64; x64) AppleWebKit/537.36 (KHTML, like Gecko) Chrome/109.0.0.0 Safari/537.36 Edg/109.0.1518.61" "www.ysfine.com"
129.16.31.82 - - [21/Jan/2023:13:22:37 -0800] "GET /dirac/hwk58.jpg HTTP/1.1" 200 72870 "https://www.google.com/" "Mozilla/5.0 (Windows NT 10.0; Win64; x64) AppleWebKit/537.36 (KHTML, like Gecko) Chrome/109.0.0.0 Safari/537.36" "ysfine.com"
51.222.253.13 - - [21/Jan/2023:13:22:38 -0800] "GET /style/rieu.html HTTP/1.1" 200 1211 "-" "Mozilla/5.0 (compatible; AhrefsBot/7.0; +http://ahrefs.com/robot/)" "www.ysfine.com"
51.222.253.2 - - [21/Jan/2023:13:22:40 -0800] "GET /sbk/2017berlin01b.jpg HTTP/1.1" 200 33403 "-" "Mozilla/5.0 (compatible; AhrefsBot/7.0; +http://ahrefs.com/robot/)" "www.ysfine.com"
207.46.13.15 - - [21/Jan/2023:13:22:44 -0800] "GET /world/germany/vienstdpark04.jpg HTTP/1.1" 200 161578 "-" "Mozilla/5.0 AppleWebKit/537.36 (KHTML, like Gecko; compatible; bingbot/2.0; +http://www.bing.com/bingbot.htm) Chrome/103.0.5060.134 Safari/537.36" "ysfine.com"
71.178.208.102 - - [21/Jan/2023:13:22:55 -0800] "GET /bio09.html HTTP/1.1" 200 12570 "https://ysfine.com/ys11/" "Mozilla/5.0 (Windows NT 10.0; Win64; x64) AppleWebKit/537.36 (KHTML, like Gecko) Chrome/109.0.0.0 Safari/537.36" "ysfine.com"
207.46.13.31 - - [21/Jan/2023:13:23:07 -0800] "GET /bio/style/artlove.html HTTP/1.1" 404 88 "-" "Mozilla/5.0 AppleWebKit/537.36 (KHTML, like Gecko; compatible; bingbot/2.0; +http://www.bing.com/bingbot.htm) Chrome/103.0.5060.134 Safari/537.36" "ysfine.com"
51.222.253.18 - - [21/Jan/2023:13:25:34 -0800] "GET /dirac/dirpoems.html HTTP/1.1" 200 5773 "-" "Mozilla/5.0 (compatible; AhrefsBot/7.0; +http://ahrefs.com/robot/)" "ysfine.com"
51.222.253.13 - - [21/Jan/2023:13:25:36 -0800] "GET /dirac/2osc22b.jpg HTTP/1.1" 200 47666 "-" "Mozilla/5.0 (compatible; AhrefsBot/7.0; +http://ahrefs.com/robot/)" "ysfine.com"
51.222.253.2 - - [21/Jan/2023:13:25:36 -0800] "GET /dirac/coupo06b.jpg HTTP/1.1" 200 36282 "-" "Mozilla/5.0 (compatible; AhrefsBot/7.0; +http://ahrefs.com/robot/)" "ysfine.com"
51.222.253.3 - - [21/Jan/2023:13:25:36 -0800] "GET /einstein/einbohr33b.jpg HTTP/1.1" 200 42636 "-" "Mozilla/5.0 (compatible; AhrefsBot/7.0; +http://ahrefs.com/robot/)" "ysfine.com"
51.222.253.7 - - [21/Jan/2023:13:25:37 -0800] "GET /dirac/coupo05b.jpg HTTP/1.1" 200 28928 "-" "Mozilla/5.0 (compatible; AhrefsBot/7.0; +http://ahrefs.com/robot/)" "ysfine.com"
51.222.253.8 - - [21/Jan/2023:13:25:37 -0800] "GET /feynman/silvana11b.jpg HTTP/1.1" 200 52681 "-" "Mozilla/5.0 (compatible; AhrefsBot/7.0; +http://ahrefs.com/robot/)" "ysfine.com"
51.222.253.3 - - [21/Jan/2023:13:25:38 -0800] "GET /dirac/dirmatrix22b.jpg HTTP/1.1" 200 49475 "-" "Mozilla/5.0 (compatible; AhrefsBot/7.0; +http://ahrefs.com/robot/)" "ysfine.com"
51.222.253.20 - - [21/Jan/2023:13:25:39 -0800] "GET /style/rieu02b.jpg HTTP/1.1" 200 52217 "-" "Mozilla/5.0 (compatible; AhrefsBot/7.0; +http://ahrefs.com/robot/)" "ysfine.com"
51.222.253.1 - - [21/Jan/2023:13:25:39 -0800] "GET /style/rieu01b.jpg HTTP/1.1" 200 44969 "-" "Mozilla/5.0 (compatible; AhrefsBot/7.0; +http://ahrefs.com/robot/)" "ysfine.com"
51.222.253.9 - - [21/Jan/2023:13:25:40 -0800] "GET /eink/eink61c.jpg HTTP/1.1" 200 34119 "-" "Mozilla/5.0 (compatible; AhrefsBot/7.0; +http://ahrefs.com/robot/)" "ysfine.com"
51.222.253.7 - - [21/Jan/2023:13:25:40 -0800] "GET /dirac/michelan01b.jpg HTTP/1.1" 200 50306 "-" "Mozilla/5.0 (compatible; AhrefsBot/7.0; +http://ahrefs.com/robot/)" "ysfine.com"
51.222.253.15 - - [21/Jan/2023:13:25:41 -0800] "GET /feynman/feybongo77b.jpg HTTP/1.1" 200 29724 "-" "Mozilla/5.0 (compatible; AhrefsBot/7.0; +http://ahrefs.com/robot/)" "ysfine.com"
40.77.167.80 - - [21/Jan/2023:13:27:15 -0800] "GET /philo/sisfa12/keirigh.html HTTP/1.1" 200 2033 "-" "Mozilla/5.0 AppleWebKit/537.36 (KHTML, like Gecko; compatible; bingbot/2.0; +http://www.bing.com/bingbot.htm) Chrome/103.0.5060.134 Safari/537.36" "ysfine.com"
40.77.167.11 - - [21/Jan/2023:13:27:29 -0800] "GET /bio/kobak/namdae.html HTTP/1.1" 404 88 "-" "Mozilla/5.0 AppleWebKit/537.36 (KHTML, like Gecko; compatible; bingbot/2.0; +http://www.bing.com/bingbot.htm) Chrome/103.0.5060.134 Safari/537.36" "ysfine.com"
73.128.163.169 - - [21/Jan/2023:13:27:53 -0800] "GET /einstein/einfine21b.jpg HTTP/1.1" 200 53710 "https://www.google.com/" "Mozilla/5.0 (Linux; Android 12; SM-A515U1 Build/SP1A.210812.016; wv) AppleWebKit/537.36 (KHTML, like Gecko) Version/4.0 Chrome/108.0.5359.128 Mobile Safari/537.36 GoogleApp/13.48.11.26.arm64" "ysfine.com"
54.236.1.13 - - [21/Jan/2023:13:27:56 -0800] "GET /robots.txt HTTP/1.1" 404 88 "-" "Mozilla/5.0 (compatible; Pinterestbot/1.0; +http://www.pinterest.com/bot.html)" "ysfine.com"
54.236.1.13 - - [21/Jan/2023:13:27:56 -0800] "GET /feynman/feygell.html HTTP/1.1" 200 4714 "-" "Mozilla/5.0 (compatible; Pinterestbot/1.0; +http://www.pinterest.com/bot.html)" "ysfine.com"
54.236.1.13 - - [21/Jan/2023:13:27:56 -0800] "GET /feynman/feydirac270.jpg HTTP/1.1" 200 59000 "-" "Mozilla/5.0 (compatible; Pinterestbot/1.0; +http://www.pinterest.com/bot.html)" "ysfine.com"
5.255.253.101 - - [21/Jan/2023:13:28:04 -0800] "GET /sbk/1950.html HTTP/1.1" 200 5522 "-" "Mozilla/5.0 (compatible; YandexBot/3.0; +http://yandex.com/bots) AppleWebKit/537.36 (KHTML, like Gecko) Chrome/81.0.4044.268" "www.ysfine.com"
71.178.208.102 - - [21/Jan/2023:13:28:17 -0800] "GET /bio09.html HTTP/1.1" 200 12570 "https://www.ysfine.com/ys11/index.html" "Mozilla/5.0 (Windows NT 10.0; Win64; x64) AppleWebKit/537.36 (KHTML, like Gecko) Chrome/109.0.0.0 Safari/537.36 Edg/109.0.1518.61" "www.ysfine.com"
207.46.13.31 - - [21/Jan/2023:13:28:19 -0800] "GET /bio/sbk/1950.html HTTP/1.1" 404 88 "-" "Mozilla/5.0 AppleWebKit/537.36 (KHTML, like Gecko; compatible; bingbot/2.0; +http://www.bing.com/bingbot.htm) Chrome/103.0.5060.134 Safari/537.36" "ysfine.com"
51.222.253.10 - - [21/Jan/2023:13:28:30 -0800] "GET /princeton/butler2011.html HTTP/1.1" 200 405 "-" "Mozilla/5.0 (compatible; AhrefsBot/7.0; +http://ahrefs.com/robot/)" "www.ysfine.com"
51.222.253.10 - - [21/Jan/2023:13:28:31 -0800] "GET /princeton/butler88.jpg HTTP/1.1" 200 126651 "-" "Mozilla/5.0 (compatible; AhrefsBot/7.0; +http://ahrefs.com/robot/)" "www.ysfine.com"
51.222.253.2 - - [21/Jan/2023:13:28:32 -0800] "GET /princeton/butler99.jpg HTTP/1.1" 200 107223 "-" "Mozilla/5.0 (compatible; AhrefsBot/7.0; +http://ahrefs.com/robot/)" "www.ysfine.com"
51.222.253.16 - - [21/Jan/2023:13:28:33 -0800] "GET /princeton/butler77.jpg HTTP/1.1" 200 104266 "-" "Mozilla/5.0 (compatible; AhrefsBot/7.0; +http://ahrefs.com/robot/)" "www.ysfine.com"
207.46.13.167 - - [21/Jan/2023:13:29:03 -0800] "GET /bio/wigner/e(2).html HTTP/1.1" 404 88 "-" "Mozilla/5.0 AppleWebKit/537.36 (KHTML, like Gecko; compatible; bingbot/2.0; +http://www.bing.com/bingbot.htm) Chrome/103.0.5060.134 Safari/537.36" "ysfine.com"
71.178.208.102 - - [21/Jan/2023:13:29:41 -0800] "GET /home/einwig.html HTTP/1.1" 200 1537 "https://www.ysfine.com/bio09.html" "Mozilla/5.0 (Windows NT 10.0; Win64; x64) AppleWebKit/537.36 (KHTML, like Gecko) Chrome/109.0.0.0 Safari/537.36 Edg/109.0.1518.61" "www.ysfine.com"
71.178.208.102 - - [21/Jan/2023:13:29:41 -0800] "GET /home/figs/isomor99f.jpg HTTP/1.1" 200 77290 "https://www.ysfine.com/home/einwig.html" "Mozilla/5.0 (Windows NT 10.0; Win64; x64) AppleWebKit/537.36 (KHTML, like Gecko) Chrome/109.0.0.0 Safari/537.36 Edg/109.0.1518.61" "www.ysfine.com"
40.77.167.11 - - [21/Jan/2023:13:29:58 -0800] "GET /bio/einstein/bern.html HTTP/1.1" 404 88 "-" "Mozilla/5.0 AppleWebKit/537.36 (KHTML, like Gecko; compatible; bingbot/2.0; +http://www.bing.com/bingbot.htm) Chrome/103.0.5060.134 Safari/537.36" "ysfine.com"
207.46.13.15 - - [21/Jan/2023:13:30:47 -0800] "GET /bio/style/proschanie.html HTTP/1.1" 404 88 "-" "Mozilla/5.0 AppleWebKit/537.36 (KHTML, like Gecko; compatible; bingbot/2.0; +http://www.bing.com/bingbot.htm) Chrome/103.0.5060.134 Safari/537.36" "ysfine.com"
51.222.253.5 - - [21/Jan/2023:13:31:26 -0800] "GET /class54/class5470/total_data/sub_761.htm HTTP/1.1" 200 3289 "-" "Mozilla/5.0 (compatible; AhrefsBot/7.0; +http://ahrefs.com/robot/)" "ysfine.com"
51.222.253.16 - - [21/Jan/2023:13:31:27 -0800] "GET /class54/class5470/total_data/refer_img/7-79_f.jpg HTTP/1.1" 200 43996 "-" "Mozilla/5.0 (compatible; AhrefsBot/7.0; +http://ahrefs.com/robot/)" "ysfine.com"
51.222.253.20 - - [21/Jan/2023:13:31:28 -0800] "GET /class54/class5470/total_data/refer_img/7-66_f.jpg HTTP/1.1" 200 38179 "-" "Mozilla/5.0 (compatible; AhrefsBot/7.0; +http://ahrefs.com/robot/)" "ysfine.com"
51.222.253.15 - - [21/Jan/2023:13:31:28 -0800] "GET /class54/class5470/total_data/refer_img/7-61_f.jpg HTTP/1.1" 200 40859 "-" "Mozilla/5.0 (compatible; AhrefsBot/7.0; +http://ahrefs.com/robot/)" "ysfine.com"
51.222.253.8 - - [21/Jan/2023:13:31:29 -0800] "GET /class54/class5470/total_data/refer_img/7-65_f.jpg HTTP/1.1" 200 41167 "-" "Mozilla/5.0 (compatible; AhrefsBot/7.0; +http://ahrefs.com/robot/)" "ysfine.com"
51.222.253.2 - - [21/Jan/2023:13:31:29 -0800] "GET /class54/class5470/total_data/img/07_title.gif HTTP/1.1" 200 5491 "-" "Mozilla/5.0 (compatible; AhrefsBot/7.0; +http://ahrefs.com/robot/)" "ysfine.com"
51.222.253.12 - - [21/Jan/2023:13:31:29 -0800] "GET /class54/class5470/total_data/refer_img/7-75_f.jpg HTTP/1.1" 200 34326 "-" "Mozilla/5.0 (compatible; AhrefsBot/7.0; +http://ahrefs.com/robot/)" "ysfine.com"
51.222.253.15 - - [21/Jan/2023:13:31:30 -0800] "GET /class54/class5470/total_data/refer_img/7-72_f.jpg HTTP/1.1" 200 39178 "-" "Mozilla/5.0 (compatible; AhrefsBot/7.0; +http://ahrefs.com/robot/)" "ysfine.com"
51.222.253.3 - - [21/Jan/2023:13:31:30 -0800] "GET /class54/class5470/total_data/refer_img/7-73_f.jpg HTTP/1.1" 200 41112 "-" "Mozilla/5.0 (compatible; AhrefsBot/7.0; +http://ahrefs.com/robot/)" "ysfine.com"
51.222.253.16 - - [21/Jan/2023:13:31:31 -0800] "GET /class54/class5470/total_data/refer_img/7-80_f.jpg HTTP/1.1" 200 40487 "-" "Mozilla/5.0 (compatible; AhrefsBot/7.0; +http://ahrefs.com/robot/)" "ysfine.com"
185.246.221.42 - - [21/Jan/2023:13:31:31 -0800] "GET /wp-content/ HTTP/1.1" 404 88 "-" "Mozilla/5.0 (Macintosh; Intel Mac OS X 10.15; rv:77.0) Gecko/20100101 Firefox/77.0" "ysfine.com"
51.222.253.12 - - [21/Jan/2023:13:31:31 -0800] "GET /class54/class5470/total_data/refer_img/7-63_f.jpg HTTP/1.1" 200 37419 "-" "Mozilla/5.0 (compatible; AhrefsBot/7.0; +http://ahrefs.com/robot/)" "ysfine.com"
51.222.253.19 - - [21/Jan/2023:13:31:32 -0800] "GET /class54/class5470/total_data/refer_img/7-64_f.jpg HTTP/1.1" 200 37428 "-" "Mozilla/5.0 (compatible; AhrefsBot/7.0; +http://ahrefs.com/robot/)" "ysfine.com"
51.222.253.2 - - [21/Jan/2023:13:31:32 -0800] "GET /class54/class5470/total_data/img/08_friendspicuture.gif HTTP/1.1" 200 1051 "-" "Mozilla/5.0 (compatible; AhrefsBot/7.0; +http://ahrefs.com/robot/)" "ysfine.com"
51.222.253.10 - - [21/Jan/2023:13:31:33 -0800] "GET /class54/class5470/total_data/refer_img/7-77_f.jpg HTTP/1.1" 200 37428 "-" "Mozilla/5.0 (compatible; AhrefsBot/7.0; +http://ahrefs.com/robot/)" "ysfine.com"
51.222.253.4 - - [21/Jan/2023:13:31:33 -0800] "GET /class54/class5470/total_data/photo_img/7-61.jpg HTTP/1.1" 200 271258 "-" "Mozilla/5.0 (compatible; AhrefsBot/7.0; +http://ahrefs.com/robot/)" "ysfine.com"
51.222.253.17 - - [21/Jan/2023:13:31:35 -0800] "GET /class54/class5470/total_data/refer_img/7-67_f.jpg HTTP/1.1" 200 34258 "-" "Mozilla/5.0 (compatible; AhrefsBot/7.0; +http://ahrefs.com/robot/)" "ysfine.com"
51.222.253.9 - - [21/Jan/2023:13:31:35 -0800] "GET /class54/class5470/total_data/refer_img/7-69_f.jpg HTTP/1.1" 200 37045 "-" "Mozilla/5.0 (compatible; AhrefsBot/7.0; +http://ahrefs.com/robot/)" "ysfine.com"
51.222.253.1 - - [21/Jan/2023:13:31:36 -0800] "GET /class54/class5470/total_data/refer_img/7-68_f.jpg HTTP/1.1" 200 42423 "-" "Mozilla/5.0 (compatible; AhrefsBot/7.0; +http://ahrefs.com/robot/)" "ysfine.com"
51.222.253.14 - - [21/Jan/2023:13:31:36 -0800] "GET /class54/class5470/total_data/refer_img/7-70.71_f.jpg HTTP/1.1" 200 36909 "-" "Mozilla/5.0 (compatible; AhrefsBot/7.0; +http://ahrefs.com/robot/)" "ysfine.com"
51.222.253.3 - - [21/Jan/2023:13:31:37 -0800] "GET /class54/class5470/total_data/refer_img/7-76_f.jpg HTTP/1.1" 200 31058 "-" "Mozilla/5.0 (compatible; AhrefsBot/7.0; +http://ahrefs.com/robot/)" "ysfine.com"
51.222.253.20 - - [21/Jan/2023:13:31:37 -0800] "GET /class54/class5470/total_data/refer_img/7-62_f.jpg HTTP/1.1" 200 36726 "-" "Mozilla/5.0 (compatible; AhrefsBot/7.0; +http://ahrefs.com/robot/)" "ysfine.com"
51.222.253.8 - - [21/Jan/2023:13:31:37 -0800] "GET /class54/class5470/total_data/img/sm04_off.gif HTTP/1.1" 200 529 "-" "Mozilla/5.0 (compatible; AhrefsBot/7.0; +http://ahrefs.com/robot/)" "ysfine.com"
51.222.253.8 - - [21/Jan/2023:13:31:38 -0800] "GET /class54/class5470/total_data/refer_img/7-78_f.jpg HTTP/1.1" 200 38175 "-" "Mozilla/5.0 (compatible; AhrefsBot/7.0; +http://ahrefs.com/robot/)" "ysfine.com"
90.78.179.188 - - [21/Jan/2023:13:32:00 -0800] "GET /world/poland/polnobel01.jpg HTTP/1.1" 200 123761 "https://www.google.com/" "Mozilla/5.0 (iPad; CPU OS 16_2 like Mac OS X) AppleWebKit/605.1.15 (KHTML, like Gecko) GSA/247.0.501893814 Mobile/20C65 Safari/604.1" "ysfine.com"
71.178.208.102 - - [21/Jan/2023:13:32:15 -0800] "GET /bio09.html HTTP/1.1" 200 12555 "https://www.ysfine.com/ys11/index.html" "Mozilla/5.0 (Windows NT 10.0; Win64; x64) AppleWebKit/537.36 (KHTML, like Gecko) Chrome/109.0.0.0 Safari/537.36 Edg/109.0.1518.61" "www.ysfine.com"
66.249.70.30 - - [21/Jan/2023:13:33:08 -0800] "GET /world/russ/mosmusic52b.jpg HTTP/1.1" 200 33389 "-" "Googlebot-Image/1.0" "ysfine.com"
207.46.13.15 - - [21/Jan/2023:13:33:34 -0800] "GET /world/china/shanghai073.jpg HTTP/1.1" 200 54509 "-" "Mozilla/5.0 AppleWebKit/537.36 (KHTML, like Gecko; compatible; bingbot/2.0; +http://www.bing.com/bingbot.htm) Chrome/103.0.5060.134 Safari/537.36" "www.ysfine.com"
207.46.13.167 - - [21/Jan/2023:13:34:03 -0800] "GET /bio/princeton/campus.html HTTP/1.1" 404 88 "-" "Mozilla/5.0 AppleWebKit/537.36 (KHTML, like Gecko; compatible; bingbot/2.0; +http://www.bing.com/bingbot.htm) Chrome/103.0.5060.134 Safari/537.36" "ysfine.com"
51.222.253.19 - - [21/Jan/2023:13:34:23 -0800] "GET /world/wdbot.html HTTP/1.1" 200 131 "-" "Mozilla/5.0 (compatible; AhrefsBot/7.0; +http://ahrefs.com/robot/)" "www.ysfine.com"
207.46.13.176 - - [21/Jan/2023:13:35:07 -0800] "GET /bio/eink/buythisbook.html HTTP/1.1" 404 88 "-" "Mozilla/5.0 AppleWebKit/537.36 (KHTML, like Gecko; compatible; bingbot/2.0; +http://www.bing.com/bingbot.htm) Chrome/103.0.5060.134 Safari/537.36" "ysfine.com"
66.249.70.3 - - [21/Jan/2023:13:35:38 -0800] "GET /ads.txt HTTP/1.1" 404 88 "-" "Google-adstxt" "ysfine.com"
17.241.227.247 - - [21/Jan/2023:13:35:50 -0800] "GET /home/pdugard17.jpg HTTP/1.1" 200 203570 "-" "Mozilla/5.0 (Macintosh; Intel Mac OS X 10_15_5) AppleWebKit/605.1.15 (KHTML, like Gecko) Version/13.1.1 Safari/605.1.15 (Applebot/0.1; +http://www.apple.com/go/applebot)" "ysfine.com"
66.249.70.3 - - [21/Jan/2023:13:37:02 -0800] "GET /beau/amkor/kostu36.jpg HTTP/1.1" 404 88 "-" "Googlebot-Image/1.0" "ysfine.com"
51.222.253.7 - - [21/Jan/2023:13:37:45 -0800] "GET /class54/class5470/total_data/sub_333.htm HTTP/1.1" 200 3296 "-" "Mozilla/5.0 (compatible; AhrefsBot/7.0; +http://ahrefs.com/robot/)" "ysfine.com"
71.1.145.198 - - [21/Jan/2023:13:37:57 -0800] "GET /princeton/brooke22.jpg HTTP/1.1" 200 87673 "https://www.google.com/" "Mozilla/5.0 (Macintosh; Intel Mac OS X 10.11; rv:78.0) Gecko/20100101 Firefox/78.0" "ysfine.com"
71.1.145.198 - - [21/Jan/2023:13:38:07 -0800] "GET /princeton/brooke88.jpg HTTP/1.1" 200 82208 "https://www.google.com/" "Mozilla/5.0 (Macintosh; Intel Mac OS X 10.11; rv:78.0) Gecko/20100101 Firefox/78.0" "ysfine.com"
207.46.13.176 - - [21/Jan/2023:13:39:26 -0800] "GET /kobak/kohist.html HTTP/1.1" 200 6039 "-" "Mozilla/5.0 AppleWebKit/537.36 (KHTML, like Gecko; compatible; bingbot/2.0; +http://www.bing.com/bingbot.htm) Chrome/103.0.5060.134 Safari/537.36" "ysfine.com"
51.222.253.3 - - [21/Jan/2023:13:41:18 -0800] "GET /houses/monticello.html HTTP/1.1" 200 750 "-" "Mozilla/5.0 (compatible; AhrefsBot/7.0; +http://ahrefs.com/robot/)" "ysfine.com"
51.222.253.1 - - [21/Jan/2023:13:41:19 -0800] "GET /usca/va/monti08a.jpg HTTP/1.1" 200 100455 "-" "Mozilla/5.0 (compatible; AhrefsBot/7.0; +http://ahrefs.com/robot/)" "ysfine.com"
51.222.253.20 - - [21/Jan/2023:13:41:20 -0800] "GET /usca/va/monti01a.jpg HTTP/1.1" 200 79564 "-" "Mozilla/5.0 (compatible; AhrefsBot/7.0; +http://ahrefs.com/robot/)" "ysfine.com"
51.222.253.4 - - [21/Jan/2023:13:41:21 -0800] "GET /usca/va/monti05a.jpg HTTP/1.1" 200 65635 "-" "Mozilla/5.0 (compatible; AhrefsBot/7.0; +http://ahrefs.com/robot/)" "ysfine.com"
51.222.253.14 - - [21/Jan/2023:13:41:21 -0800] "GET /usca/va/monti07a.jpg HTTP/1.1" 200 49013 "-" "Mozilla/5.0 (compatible; AhrefsBot/7.0; +http://ahrefs.com/robot/)" "ysfine.com"
51.222.253.8 - - [21/Jan/2023:13:41:22 -0800] "GET /usca/va/monti03a.jpg HTTP/1.1" 200 48378 "-" "Mozilla/5.0 (compatible; AhrefsBot/7.0; +http://ahrefs.com/robot/)" "ysfine.com"
51.222.253.20 - - [21/Jan/2023:13:41:22 -0800] "GET /usca/va/monti02a.jpg HTTP/1.1" 200 111176 "-" "Mozilla/5.0 (compatible; AhrefsBot/7.0; +http://ahrefs.com/robot/)" "ysfine.com"
51.222.253.12 - - [21/Jan/2023:13:41:23 -0800] "GET /usca/va/monti06a.jpg HTTP/1.1" 200 88550 "-" "Mozilla/5.0 (compatible; AhrefsBot/7.0; +http://ahrefs.com/robot/)" "ysfine.com"
74.103.135.64 - - [21/Jan/2023:13:43:53 -0800] "GET /world/brit/eton02.jpg HTTP/1.1" 200 87821 "https://www.google.com/" "Mozilla/5.0 (Macintosh; Intel Mac OS X 10_15_7) AppleWebKit/537.36 (KHTML, like Gecko) Chrome/107.0.0.0 Safari/537.36" "ysfine.com"
51.222.253.20 - - [21/Jan/2023:13:44:37 -0800] "GET /wigner/wigkim650.html HTTP/1.1" 200 411 "-" "Mozilla/5.0 (compatible; AhrefsBot/7.0; +http://ahrefs.com/robot/)" "ysfine.com"
51.222.253.12 - - [21/Jan/2023:13:44:38 -0800] "GET /wigner/wigkim11a.jpg HTTP/1.1" 200 77611 "-" "Mozilla/5.0 (compatible; AhrefsBot/7.0; +http://ahrefs.com/robot/)" "ysfine.com"
188.234.19.36 - - [21/Jan/2023:13:45:13 -0800] "GET /bio/world/spb.html HTTP/1.1" 404 88 "https://ysfine.com/" "Mozilla/5.0 (X11; Linux x86_64) AppleWebKit/537.36 (KHTML, like Gecko) Chrome/103.0.0.0 Safari/537.36" "ysfine.com"
188.234.19.36 - - [21/Jan/2023:13:45:14 -0800] "GET / HTTP/1.1" 200 5295 "https://ysfine.com" "Mozilla/5.0 (X11; Linux x86_64) AppleWebKit/537.36 (KHTML, like Gecko) Chrome/103.0.0.0 Safari/537.36" "ysfine.com"
176.160.128.220 - - [21/Jan/2023:13:45:20 -0800] "GET /dirac/wigsis11.jpg HTTP/1.1" 200 71741 "https://www.google.fr/" "Mozilla/5.0 (iPhone; CPU iPhone OS 15_6_1 like Mac OS X) AppleWebKit/605.1.15 (KHTML, like Gecko) Version/15.6.1 Mobile/15E148 Safari/604.1" "ysfine.com"
90.91.22.62 - - [21/Jan/2023:13:45:27 -0800] "GET /maga/phys/yukadirac55.jpg HTTP/1.1" 200 92994 "https://www.bing.com/" "Mozilla/5.0 (Windows NT 10.0; Win64; x64) AppleWebKit/537.36 (KHTML, like Gecko) Chrome/109.0.0.0 Safari/537.36 Edg/109.0.1518.55" "www.ysfine.com"
66.249.70.30 - - [21/Jan/2023:13:45:41 -0800] "GET /feynman/jacdrum11c.jpg HTTP/1.1" 200 39178 "-" "Googlebot-Image/1.0" "ysfine.com"
207.46.13.15 - - [21/Jan/2023:13:46:18 -0800] "GET /houses/myhouse.html HTTP/1.1" 200 1473 "-" "Mozilla/5.0 AppleWebKit/537.36 (KHTML, like Gecko; compatible; bingbot/2.0; +http://www.bing.com/bingbot.htm) Chrome/103.0.5060.134 Safari/537.36" "www.ysfine.com"
79.108.169.19 - - [21/Jan/2023:13:46:44 -0800] "GET /heisen/bohrheisen11.jpg HTTP/1.1" 200 104546 "https://www.google.es/" "Mozilla/5.0 (iPhone; CPU iPhone OS 16_0 like Mac OS X) AppleWebKit/605.1.15 (KHTML, like Gecko) Version/16.0 Mobile/15E148 Safari/604.1" "ysfine.com"
66.249.70.4 - - [21/Jan/2023:13:47:09 -0800] "GET /feynman/ppic/tdil01c.jpg HTTP/1.1" 200 43765 "-" "Googlebot-Image/1.0" "ysfine.com"
79.108.169.19 - - [21/Jan/2023:13:47:51 -0800] "GET /heisen/schroheisen33.jpg HTTP/1.1" 200 86213 "https://www.google.es/" "Mozilla/5.0 (iPhone; CPU iPhone OS 16_0 like Mac OS X) AppleWebKit/605.1.15 (KHTML, like Gecko) Version/16.0 Mobile/15E148 Safari/604.1" "ysfine.com"
66.249.70.30 - - [21/Jan/2023:13:47:51 -0800] "GET /wdc/gtown23b.jpg HTTP/1.1" 200 37749 "-" "Googlebot-Image/1.0" "ysfine.com"
51.222.253.14 - - [21/Jan/2023:13:48:12 -0800] "GET /class54/class5470/total_data/sub_361.htm HTTP/1.1" 200 3292 "-" "Mozilla/5.0 (compatible; AhrefsBot/7.0; +http://ahrefs.com/robot/)" "ysfine.com"
79.108.169.19 - - [21/Jan/2023:13:48:53 -0800] "GET /dirac/dirfoc62.jpg HTTP/1.1" 200 192075 "https://www.google.es/" "Mozilla/5.0 (iPhone; CPU iPhone OS 16_0 like Mac OS X) AppleWebKit/605.1.15 (KHTML, like Gecko) Version/16.0 Mobile/15E148 Safari/604.1" "ysfine.com"
5.45.207.110 - - [21/Jan/2023:13:49:19 -0800] "GET /maga/phys/minkowski.jpg HTTP/1.1" 200 35156 "-" "Mozilla/5.0 (compatible; YandexImages/3.0; +http://yandex.com/bots)" "ysfine.com"
51.222.253.19 - - [21/Jan/2023:13:51:10 -0800] "GET /class54/class5470/total_data/sub_331.htm HTTP/1.1" 200 3319 "-" "Mozilla/5.0 (compatible; AhrefsBot/7.0; +http://ahrefs.com/robot/)" "ysfine.com"
207.46.13.176 - - [21/Jan/2023:13:51:58 -0800] "GET /index.html HTTP/1.1" 200 5295 "-" "Mozilla/5.0 AppleWebKit/537.36 (KHTML, like Gecko; compatible; bingbot/2.0; +http://www.bing.com/bingbot.htm) Chrome/103.0.5060.134 Safari/537.36" "www.ysfine.com"
66.249.70.3 - - [21/Jan/2023:13:53:04 -0800] "GET /kobak/kostu03.jpg HTTP/1.1" 304 - "-" "Googlebot-Image/1.0" "ysfine.com"
207.46.13.31 - - [21/Jan/2023:13:53:10 -0800] "GET /bio/kobak/yskor.html HTTP/1.1" 404 88 "-" "Mozilla/5.0 AppleWebKit/537.36 (KHTML, like Gecko; compatible; bingbot/2.0; +http://www.bing.com/bingbot.htm) Chrome/103.0.5060.134 Safari/537.36" "ysfine.com"
66.249.70.3 - - [21/Jan/2023:13:53:32 -0800] "GET /kobak/kostu09.jpg HTTP/1.1" 304 - "-" "Googlebot-Image/1.0" "ysfine.com"
103.131.71.140 - - [21/Jan/2023:13:54:05 -0800] "GET /robots.txt HTTP/1.1" 404 88 "-" "Mozilla/5.0 (compatible; coccocbot-web/1.0; +http://help.coccoc.com/searchengine)" "ysfine.com"
103.131.71.106 - - [21/Jan/2023:13:54:11 -0800] "GET / HTTP/1.1" 304 - "-" "Mozilla/5.0 (compatible; coccocbot-web/1.0; +http://help.coccoc.com/searchengine)" "ysfine.com"
103.131.71.106 - - [21/Jan/2023:13:54:17 -0800] "GET /heisen/einheisen.html HTTP/1.1" 304 - "-" "Mozilla/5.0 (compatible; coccocbot-web/1.0; +http://help.coccoc.com/searchengine)" "ysfine.com"
51.222.253.7 - - [21/Jan/2023:13:54:20 -0800] "GET /wdc/whx18.html HTTP/1.1" 200 4350 "-" "Mozilla/5.0 (compatible; AhrefsBot/7.0; +http://ahrefs.com/robot/)" "ysfine.com"
51.222.253.12 - - [21/Jan/2023:13:54:22 -0800] "GET /einstein/weber00b.jpg HTTP/1.1" 200 33404 "-" "Mozilla/5.0 (compatible; AhrefsBot/7.0; +http://ahrefs.com/robot/)" "ysfine.com"
51.222.253.15 - - [21/Jan/2023:13:54:22 -0800] "GET /wdc/reagan03a.jpg HTTP/1.1" 200 75902 "-" "Mozilla/5.0 (compatible; AhrefsBot/7.0; +http://ahrefs.com/robot/)" "ysfine.com"
51.222.253.10 - - [21/Jan/2023:13:54:23 -0800] "GET /wdc/reagan55b.jpg HTTP/1.1" 200 32608 "-" "Mozilla/5.0 (compatible; AhrefsBot/7.0; +http://ahrefs.com/robot/)" "ysfine.com"
51.222.253.6 - - [21/Jan/2023:13:54:23 -0800] "GET /wdc/whxmas/whxmas35a.jpg HTTP/1.1" 200 74529 "-" "Mozilla/5.0 (compatible; AhrefsBot/7.0; +http://ahrefs.com/robot/)" "ysfine.com"
51.222.253.6 - - [21/Jan/2023:13:54:24 -0800] "GET /world/brit/embassy04b.jpg HTTP/1.1" 200 37286 "-" "Mozilla/5.0 (compatible; AhrefsBot/7.0; +http://ahrefs.com/robot/)" "ysfine.com"
51.222.253.18 - - [21/Jan/2023:13:54:24 -0800] "GET /einstein/einbohr11b.jpg HTTP/1.1" 200 37538 "-" "Mozilla/5.0 (compatible; AhrefsBot/7.0; +http://ahrefs.com/robot/)" "ysfine.com"
51.222.253.9 - - [21/Jan/2023:13:54:25 -0800] "GET /friends/albania99b.jpg HTTP/1.1" 404 88 "-" "Mozilla/5.0 (compatible; AhrefsBot/7.0; +http://ahrefs.com/robot/)" "ysfine.com"
51.222.253.13 - - [21/Jan/2023:13:54:25 -0800] "GET /einstein/eins47b.jpg HTTP/1.1" 200 48772 "-" "Mozilla/5.0 (compatible; AhrefsBot/7.0; +http://ahrefs.com/robot/)" "ysfine.com"
207.46.13.167 - - [21/Jan/2023:13:54:46 -0800] "GET /bio/wigner/e(2).html HTTP/1.1" 404 88 "-" "Mozilla/5.0 AppleWebKit/537.36 (KHTML, like Gecko; compatible; bingbot/2.0; +http://www.bing.com/bingbot.htm) Chrome/103.0.5060.134 Safari/537.36" "ysfine.com"
66.249.70.3 - - [21/Jan/2023:13:55:34 -0800] "GET /kobak/kostu16.jpg HTTP/1.1" 304 - "-" "Googlebot-Image/1.0" "ysfine.com"
173.56.33.179 - - [21/Jan/2023:13:55:46 -0800] "GET /wdc/capitol07.jpg HTTP/1.1" 200 138407 "https://www.google.com/" "Mozilla/5.0 (Macintosh; Intel Mac OS X 10_15_6) AppleWebKit/605.1.15 (KHTML, like Gecko) Version/16.0 Safari/605.1.15" "ysfine.com"
71.178.208.102 - - [21/Jan/2023:13:56:27 -0800] "GET /world/wdrigh.html HTTP/1.1" 304 - "https://ysfine.com/world/wdbot.html" "Mozilla/5.0 (Windows NT 10.0; Win64; x64) AppleWebKit/537.36 (KHTML, like Gecko) Chrome/109.0.0.0 Safari/537.36 Edg/109.0.1518.61" "ysfine.com"
157.55.39.72 - - [21/Jan/2023:13:56:30 -0800] "GET /bio.html HTTP/1.1" 200 18260 "-" "Mozilla/5.0 AppleWebKit/537.36 (KHTML, like Gecko; compatible; bingbot/2.0; +http://www.bing.com/bingbot.htm) Chrome/103.0.5060.134 Safari/537.36" "ysfine.com"
199.48.199.26 - - [21/Jan/2023:13:56:32 -0800] "GET /princeton/brooke22.jpg HTTP/1.1" 200 87673 "https://www.bing.com/" "Mozilla/5.0 (Linux; Android 6.0; Nexus 5 Build/MRA58N) AppleWebKit/537.36 (KHTML, like Gecko) Chrome/109.0.0.0 Mobile Safari/537.36 Edg/109.0.1518.61" "www.ysfine.com"
71.178.208.102 - - [21/Jan/2023:13:56:33 -0800] "GET /bio02.html HTTP/1.1" 200 12233 "https://ysfine.com/ys11/" "Mozilla/5.0 (Windows NT 10.0; Win64; x64) AppleWebKit/537.36 (KHTML, like Gecko) Chrome/109.0.0.0 Safari/537.36 Edg/109.0.1518.61" "ysfine.com"
71.178.208.102 - - [21/Jan/2023:13:56:33 -0800] "GET /kowar/sampal02b.jpg HTTP/1.1" 200 39972 "https://ysfine.com/bio02.html" "Mozilla/5.0 (Windows NT 10.0; Win64; x64) AppleWebKit/537.36 (KHTML, like Gecko) Chrome/109.0.0.0 Safari/537.36 Edg/109.0.1518.61" "ysfine.com"
71.178.208.102 - - [21/Jan/2023:13:56:33 -0800] "GET /kobak/somap38b.jpg HTTP/1.1" 200 54149 "https://ysfine.com/bio02.html" "Mozilla/5.0 (Windows NT 10.0; Win64; x64) AppleWebKit/537.36 (KHTML, like Gecko) Chrome/109.0.0.0 Safari/537.36 Edg/109.0.1518.61" "ysfine.com"
71.178.208.102 - - [21/Jan/2023:13:56:33 -0800] "GET /kowar/pnoodle01b.jpg HTTP/1.1" 200 44990 "https://ysfine.com/bio02.html" "Mozilla/5.0 (Windows NT 10.0; Win64; x64) AppleWebKit/537.36 (KHTML, like Gecko) Chrome/109.0.0.0 Safari/537.36 Edg/109.0.1518.61" "ysfine.com"
71.178.208.102 - - [21/Jan/2023:13:56:33 -0800] "GET /kowar/landreform01b.jpg HTTP/1.1" 200 63201 "https://ysfine.com/bio02.html" "Mozilla/5.0 (Windows NT 10.0; Win64; x64) AppleWebKit/537.36 (KHTML, like Gecko) Chrome/109.0.0.0 Safari/537.36 Edg/109.0.1518.61" "ysfine.com"
71.178.208.102 - - [21/Jan/2023:13:56:33 -0800] "GET /kowar/shintak01b.jpg HTTP/1.1" 200 42707 "https://ysfine.com/bio02.html" "Mozilla/5.0 (Windows NT 10.0; Win64; x64) AppleWebKit/537.36 (KHTML, like Gecko) Chrome/109.0.0.0 Safari/537.36 Edg/109.0.1518.61" "ysfine.com"
71.178.208.102 - - [21/Jan/2023:13:56:33 -0800] "GET /kowar/tanks/gmc01b.jpg HTTP/1.1" 200 43939 "https://ysfine.com/bio02.html" "Mozilla/5.0 (Windows NT 10.0; Win64; x64) AppleWebKit/537.36 (KHTML, like Gecko) Chrome/109.0.0.0 Safari/537.36 Edg/109.0.1518.61" "ysfine.com"
71.178.208.102 - - [21/Jan/2023:13:56:33 -0800] "GET /kowar/tanks/tank05b.jpg HTTP/1.1" 200 48742 "https://ysfine.com/bio02.html" "Mozilla/5.0 (Windows NT 10.0; Win64; x64) AppleWebKit/537.36 (KHTML, like Gecko) Chrome/109.0.0.0 Safari/537.36 Edg/109.0.1518.61" "ysfine.com"
71.178.208.102 - - [21/Jan/2023:13:56:33 -0800] "GET /kowar/bonesteel01b.jpg HTTP/1.1" 200 33050 "https://ysfine.com/bio02.html" "Mozilla/5.0 (Windows NT 10.0; Win64; x64) AppleWebKit/537.36 (KHTML, like Gecko) Chrome/109.0.0.0 Safari/537.36 Edg/109.0.1518.61" "ysfine.com"
71.178.208.102 - - [21/Jan/2023:13:56:33 -0800] "GET /kowar/zhukov01b.jpg HTTP/1.1" 200 43906 "https://ysfine.com/bio02.html" "Mozilla/5.0 (Windows NT 10.0; Win64; x64) AppleWebKit/537.36 (KHTML, like Gecko) Chrome/109.0.0.0 Safari/537.36 Edg/109.0.1518.61" "ysfine.com"
71.178.208.102 - - [21/Jan/2023:13:56:33 -0800] "GET /kowar/kwandong01b.jpg HTTP/1.1" 200 33688 "https://ysfine.com/bio02.html" "Mozilla/5.0 (Windows NT 10.0; Win64; x64) AppleWebKit/537.36 (KHTML, like Gecko) Chrome/109.0.0.0 Safari/537.36 Edg/109.0.1518.61" "ysfine.com"
71.178.208.102 - - [21/Jan/2023:13:56:33 -0800] "GET /kowar/yaltac01b.jpg HTTP/1.1" 200 52982 "https://ysfine.com/bio02.html" "Mozilla/5.0 (Windows NT 10.0; Win64; x64) AppleWebKit/537.36 (KHTML, like Gecko) Chrome/109.0.0.0 Safari/537.36 Edg/109.0.1518.61" "ysfine.com"
71.178.208.102 - - [21/Jan/2023:13:56:33 -0800] "GET /kowar/stalin01b.jpg HTTP/1.1" 200 43158 "https://ysfine.com/bio02.html" "Mozilla/5.0 (Windows NT 10.0; Win64; x64) AppleWebKit/537.36 (KHTML, like Gecko) Chrome/109.0.0.0 Safari/537.36 Edg/109.0.1518.61" "ysfine.com"
71.178.208.102 - - [21/Jan/2023:13:56:33 -0800] "GET /kowar/roosevelt01b.jpg HTTP/1.1" 200 30594 "https://ysfine.com/bio02.html" "Mozilla/5.0 (Windows NT 10.0; Win64; x64) AppleWebKit/537.36 (KHTML, like Gecko) Chrome/109.0.0.0 Safari/537.36 Edg/109.0.1518.61" "ysfine.com"
71.178.208.102 - - [21/Jan/2023:13:56:33 -0800] "GET /kowar/tojo01b.jpg HTTP/1.1" 200 55959 "https://ysfine.com/bio02.html" "Mozilla/5.0 (Windows NT 10.0; Win64; x64) AppleWebKit/537.36 (KHTML, like Gecko) Chrome/109.0.0.0 Safari/537.36 Edg/109.0.1518.61" "ysfine.com"
71.178.208.102 - - [21/Jan/2023:13:56:33 -0800] "GET /kowar/yaltac02b.jpg HTTP/1.1" 200 42243 "https://ysfine.com/bio02.html" "Mozilla/5.0 (Windows NT 10.0; Win64; x64) AppleWebKit/537.36 (KHTML, like Gecko) Chrome/109.0.0.0 Safari/537.36 Edg/109.0.1518.61" "ysfine.com"
71.178.208.102 - - [21/Jan/2023:13:56:33 -0800] "GET /kowar/sampal03b.jpg HTTP/1.1" 200 61883 "https://ysfine.com/bio02.html" "Mozilla/5.0 (Windows NT 10.0; Win64; x64) AppleWebKit/537.36 (KHTML, like Gecko) Chrome/109.0.0.0 Safari/537.36 Edg/109.0.1518.61" "ysfine.com"
71.178.208.102 - - [21/Jan/2023:13:56:33 -0800] "GET /kowar/potsdam01b.jpg HTTP/1.1" 200 47865 "https://ysfine.com/bio02.html" "Mozilla/5.0 (Windows NT 10.0; Win64; x64) AppleWebKit/537.36 (KHTML, like Gecko) Chrome/109.0.0.0 Safari/537.36 Edg/109.0.1518.61" "ysfine.com"
71.178.208.102 - - [21/Jan/2023:13:56:33 -0800] "GET /kowar/yaltac03b.jpg HTTP/1.1" 200 33354 "https://ysfine.com/bio02.html" "Mozilla/5.0 (Windows NT 10.0; Win64; x64) AppleWebKit/537.36 (KHTML, like Gecko) Chrome/109.0.0.0 Safari/537.36 Edg/109.0.1518.61" "ysfine.com"
71.178.208.102 - - [21/Jan/2023:13:56:33 -0800] "GET /kowar/tanks/arisakaguns01b.jpg HTTP/1.1" 200 33229 "https://ysfine.com/bio02.html" "Mozilla/5.0 (Windows NT 10.0; Win64; x64) AppleWebKit/537.36 (KHTML, like Gecko) Chrome/109.0.0.0 Safari/537.36 Edg/109.0.1518.61" "ysfine.com"
71.178.208.102 - - [21/Jan/2023:13:56:33 -0800] "GET /kowar/tanks/tankbt57b.jpg HTTP/1.1" 200 52672 "https://ysfine.com/bio02.html" "Mozilla/5.0 (Windows NT 10.0; Win64; x64) AppleWebKit/537.36 (KHTML, like Gecko) Chrome/109.0.0.0 Safari/537.36 Edg/109.0.1518.61" "ysfine.com"
71.178.208.102 - - [21/Jan/2023:13:56:33 -0800] "GET /kobak/taylor400.jpg HTTP/1.1" 200 56181 "https://ysfine.com/bio02.html" "Mozilla/5.0 (Windows NT 10.0; Win64; x64) AppleWebKit/537.36 (KHTML, like Gecko) Chrome/109.0.0.0 Safari/537.36 Edg/109.0.1518.61" "ysfine.com"
71.178.208.102 - - [21/Jan/2023:13:56:33 -0800] "GET /kowar/iwojima01b.jpg HTTP/1.1" 200 51598 "https://ysfine.com/bio02.html" "Mozilla/5.0 (Windows NT 10.0; Win64; x64) AppleWebKit/537.36 (KHTML, like Gecko) Chrome/109.0.0.0 Safari/537.36 Edg/109.0.1518.61" "ysfine.com"
71.178.208.102 - - [21/Jan/2023:13:56:33 -0800] "GET /kobak/church03b.jpg HTTP/1.1" 200 50665 "https://ysfine.com/bio02.html" "Mozilla/5.0 (Windows NT 10.0; Win64; x64) AppleWebKit/537.36 (KHTML, like Gecko) Chrome/109.0.0.0 Safari/537.36 Edg/109.0.1518.61" "ysfine.com"
71.178.208.102 - - [21/Jan/2023:13:56:33 -0800] "GET /kowar/tanks/abomb01b.jpg HTTP/1.1" 200 32937 "https://ysfine.com/bio02.html" "Mozilla/5.0 (Windows NT 10.0; Win64; x64) AppleWebKit/537.36 (KHTML, like Gecko) Chrome/109.0.0.0 Safari/537.36 Edg/109.0.1518.61" "ysfine.com"
71.178.208.102 - - [21/Jan/2023:13:56:33 -0800] "GET /kowar/tanks/malaya01b.jpg HTTP/1.1" 200 50821 "https://ysfine.com/bio02.html" "Mozilla/5.0 (Windows NT 10.0; Win64; x64) AppleWebKit/537.36 (KHTML, like Gecko) Chrome/109.0.0.0 Safari/537.36 Edg/109.0.1518.61" "ysfine.com"
71.178.208.102 - - [21/Jan/2023:13:56:33 -0800] "GET /kowar/kwandong02b.jpg HTTP/1.1" 200 55217 "https://ysfine.com/bio02.html" "Mozilla/5.0 (Windows NT 10.0; Win64; x64) AppleWebKit/537.36 (KHTML, like Gecko) Chrome/109.0.0.0 Safari/537.36 Edg/109.0.1518.61" "ysfine.com"
71.178.208.102 - - [21/Jan/2023:13:56:33 -0800] "GET /kowar/rusk01b.jpg HTTP/1.1" 200 42888 "https://ysfine.com/bio02.html" "Mozilla/5.0 (Windows NT 10.0; Win64; x64) AppleWebKit/537.36 (KHTML, like Gecko) Chrome/109.0.0.0 Safari/537.36 Edg/109.0.1518.61" "ysfine.com"
71.178.208.102 - - [21/Jan/2023:13:56:33 -0800] "GET /kowar/tehran43b.jpg HTTP/1.1" 200 45127 "https://ysfine.com/bio02.html" "Mozilla/5.0 (Windows NT 10.0; Win64; x64) AppleWebKit/537.36 (KHTML, like Gecko) Chrome/109.0.0.0 Safari/537.36 Edg/109.0.1518.61" "ysfine.com"
71.178.208.102 - - [21/Jan/2023:13:56:33 -0800] "GET /kowar/ningen01b.jpg HTTP/1.1" 200 41414 "https://ysfine.com/bio02.html" "Mozilla/5.0 (Windows NT 10.0; Win64; x64) AppleWebKit/537.36 (KHTML, like Gecko) Chrome/109.0.0.0 Safari/537.36 Edg/109.0.1518.61" "ysfine.com"
71.178.208.102 - - [21/Jan/2023:13:56:33 -0800] "GET /home/eink54k.jpg HTTP/1.1" 200 81047 "https://ysfine.com/bio02.html" "Mozilla/5.0 (Windows NT 10.0; Win64; x64) AppleWebKit/537.36 (KHTML, like Gecko) Chrome/109.0.0.0 Safari/537.36 Edg/109.0.1518.61" "ysfine.com"
71.178.208.102 - - [21/Jan/2023:13:56:33 -0800] "GET /kowar/tanks/gmc03b.jpg HTTP/1.1" 200 47909 "https://ysfine.com/bio02.html" "Mozilla/5.0 (Windows NT 10.0; Win64; x64) AppleWebKit/537.36 (KHTML, like Gecko) Chrome/109.0.0.0 Safari/537.36 Edg/109.0.1518.61" "ysfine.com"
71.178.208.102 - - [21/Jan/2023:13:56:33 -0800] "GET /world/russ/roskei10b.jpg HTTP/1.1" 200 36598 "https://ysfine.com/bio02.html" "Mozilla/5.0 (Windows NT 10.0; Win64; x64) AppleWebKit/537.36 (KHTML, like Gecko) Chrome/109.0.0.0 Safari/537.36 Edg/109.0.1518.61" "ysfine.com"
66.249.70.4 - - [21/Jan/2023:13:57:06 -0800] "GET /kobak/samsung11c.jpg HTTP/1.1" 304 - "-" "Googlebot-Image/1.0" "ysfine.com"
51.222.253.15 - - [21/Jan/2023:13:57:34 -0800] "GET /world/cambr.html HTTP/1.1" 200 6189 "-" "Mozilla/5.0 (compatible; AhrefsBot/7.0; +http://ahrefs.com/robot/)" "www.ysfine.com"
51.222.253.2 - - [21/Jan/2023:13:57:36 -0800] "GET /world/brit/westmin16b.jpg HTTP/1.1" 200 51453 "-" "Mozilla/5.0 (compatible; AhrefsBot/7.0; +http://ahrefs.com/robot/)" "www.ysfine.com"
51.222.253.14 - - [21/Jan/2023:13:57:36 -0800] "GET /world/brit/cam39b.jpg HTTP/1.1" 200 41184 "-" "Mozilla/5.0 (compatible; AhrefsBot/7.0; +http://ahrefs.com/robot/)" "www.ysfine.com"
51.222.253.7 - - [21/Jan/2023:13:57:37 -0800] "GET /eink/pwk19c.jpg HTTP/1.1" 200 57759 "-" "Mozilla/5.0 (compatible; AhrefsBot/7.0; +http://ahrefs.com/robot/)" "www.ysfine.com"
51.222.253.8 - - [21/Jan/2023:13:57:37 -0800] "GET /world/brit/westmin12b.jpg HTTP/1.1" 200 46419 "-" "Mozilla/5.0 (compatible; AhrefsBot/7.0; +http://ahrefs.com/robot/)" "www.ysfine.com"
51.222.253.18 - - [21/Jan/2023:13:57:38 -0800] "GET /princeton/withers01b.jpg HTTP/1.1" 200 53277 "-" "Mozilla/5.0 (compatible; AhrefsBot/7.0; +http://ahrefs.com/robot/)" "www.ysfine.com"
51.222.253.14 - - [21/Jan/2023:13:57:38 -0800] "GET /world/brit/cam07b.jpg HTTP/1.1" 200 48106 "-" "Mozilla/5.0 (compatible; AhrefsBot/7.0; +http://ahrefs.com/robot/)" "www.ysfine.com"
51.222.253.11 - - [21/Jan/2023:13:57:39 -0800] "GET /world/brit/cam22b.jpg HTTP/1.1" 200 57993 "-" "Mozilla/5.0 (compatible; AhrefsBot/7.0; +http://ahrefs.com/robot/)" "www.ysfine.com"
51.222.253.7 - - [21/Jan/2023:13:57:39 -0800] "GET /feynman/feydirac270.jpg HTTP/1.1" 200 59000 "-" "Mozilla/5.0 (compatible; AhrefsBot/7.0; +http://ahrefs.com/robot/)" "www.ysfine.com"
51.222.253.8 - - [21/Jan/2023:13:57:40 -0800] "GET /world/brit/cam28b.jpg HTTP/1.1" 200 36784 "-" "Mozilla/5.0 (compatible; AhrefsBot/7.0; +http://ahrefs.com/robot/)" "www.ysfine.com"
51.222.253.5 - - [21/Jan/2023:13:57:40 -0800] "GET /world/brit/cam30b.jpg HTTP/1.1" 200 47668 "-" "Mozilla/5.0 (compatible; AhrefsBot/7.0; +http://ahrefs.com/robot/)" "www.ysfine.com"
51.222.253.5 - - [21/Jan/2023:13:57:40 -0800] "GET /dirac/dirac84b.jpg HTTP/1.1" 200 42763 "-" "Mozilla/5.0 (compatible; AhrefsBot/7.0; +http://ahrefs.com/robot/)" "www.ysfine.com"
51.222.253.14 - - [21/Jan/2023:13:57:41 -0800] "GET /world/brit/cam25b.jpg HTTP/1.1" 200 39657 "-" "Mozilla/5.0 (compatible; AhrefsBot/7.0; +http://ahrefs.com/robot/)" "www.ysfine.com"
51.222.253.14 - - [21/Jan/2023:13:57:41 -0800] "GET /world/brit/cam12b.jpg HTTP/1.1" 200 47943 "-" "Mozilla/5.0 (compatible; AhrefsBot/7.0; +http://ahrefs.com/robot/)" "www.ysfine.com"
71.178.208.102 - - [21/Jan/2023:13:57:42 -0800] "GET /ys22/dondon.html HTTP/1.1" 401 90 "https://ysfine.com/ys11/" "Mozilla/5.0 (Windows NT 10.0; Win64; x64) AppleWebKit/537.36 (KHTML, like Gecko) Chrome/109.0.0.0 Safari/537.36 Edg/109.0.1518.61" "ysfine.com"
51.222.253.7 - - [21/Jan/2023:13:57:42 -0800] "GET /world/brit/cam15b.jpg HTTP/1.1" 200 41066 "-" "Mozilla/5.0 (compatible; AhrefsBot/7.0; +http://ahrefs.com/robot/)" "www.ysfine.com"
51.222.253.4 - - [21/Jan/2023:13:57:42 -0800] "GET /world/brit/cam31b.jpg HTTP/1.1" 200 39892 "-" "Mozilla/5.0 (compatible; AhrefsBot/7.0; +http://ahrefs.com/robot/)" "www.ysfine.com"
51.222.253.14 - - [21/Jan/2023:13:57:43 -0800] "GET /world/brit/cam03b.jpg HTTP/1.1" 200 48538 "-" "Mozilla/5.0 (compatible; AhrefsBot/7.0; +http://ahrefs.com/robot/)" "www.ysfine.com"
71.178.208.102 - jake [21/Jan/2023:13:57:43 -0800] "GET /ys22/dondon.html HTTP/1.1" 200 2039 "https://ysfine.com/ys11/" "Mozilla/5.0 (Windows NT 10.0; Win64; x64) AppleWebKit/537.36 (KHTML, like Gecko) Chrome/109.0.0.0 Safari/537.36 Edg/109.0.1518.61" "ysfine.com"
66.249.70.30 - - [21/Jan/2023:13:58:41 -0800] "GET /ads.txt HTTP/1.1" 404 88 "-" "Google-adstxt" "ysfine.com"
66.249.70.3 - - [21/Jan/2023:13:59:12 -0800] "GET /feynman/feydirac300.jpg HTTP/1.1" 200 38223 "-" "Googlebot-Image/1.0" "ysfine.com"
95.108.213.40 - - [21/Jan/2023:13:59:37 -0800] "GET /folks/japanese.html HTTP/1.1" 200 6424 "-" "Mozilla/5.0 (compatible; YandexBot/3.0; +http://yandex.com/bots) AppleWebKit/537.36 (KHTML, like Gecko) Chrome/81.0.4044.268" "www.ysfine.com"
89.187.168.240 - - [21/Jan/2023:13:59:42 -0800] "GET /wigner/neum/vnc18.jpg HTTP/1.1" 200 89614 "https://www.google.com/" "Mozilla/5.0 (Windows NT 10.0; Win64; x64) AppleWebKit/537.36 (KHTML, like Gecko) Chrome/109.0.0.0 Safari/537.36" "ysfine.com"
89.187.168.240 - - [21/Jan/2023:13:59:58 -0800] "GET /wigner/neum/vnc07.jpg HTTP/1.1" 200 95908 "https://www.google.com/" "Mozilla/5.0 (Windows NT 10.0; Win64; x64) AppleWebKit/537.36 (KHTML, like Gecko) Chrome/109.0.0.0 Safari/537.36" "ysfine.com"
89.187.168.240 - - [21/Jan/2023:13:59:59 -0800] "GET /wigner/neum/vnc03.jpg HTTP/1.1" 200 80421 "https://www.google.com/" "Mozilla/5.0 (Windows NT 10.0; Win64; x64) AppleWebKit/537.36 (KHTML, like Gecko) Chrome/109.0.0.0 Safari/537.36" "ysfine.com"
40.77.167.80 - - [21/Jan/2023:14:00:07 -0800] "GET /beau/spachin01.jpg HTTP/1.1" 404 88 "-" "Mozilla/5.0 (compatible; bingbot/2.0; +http://www.bing.com/bingbot.htm)" "ysfine.com"
51.222.253.19 - - [21/Jan/2023:14:00:22 -0800] "GET /class54/class5470/total_data/sub_741.htm HTTP/1.1" 200 3297 "-" "Mozilla/5.0 (compatible; AhrefsBot/7.0; +http://ahrefs.com/robot/)" "ysfine.com"
51.222.253.17 - - [21/Jan/2023:14:00:24 -0800] "GET /class54/class5470/total_data/refer_img/7-53_f.jpg HTTP/1.1" 200 35539 "-" "Mozilla/5.0 (compatible; AhrefsBot/7.0; +http://ahrefs.com/robot/)" "ysfine.com"
51.222.253.20 - - [21/Jan/2023:14:00:24 -0800] "GET /class54/class5470/total_data/refer_img/7-42_f.jpg HTTP/1.1" 200 35763 "-" "Mozilla/5.0 (compatible; AhrefsBot/7.0; +http://ahrefs.com/robot/)" "ysfine.com"
51.222.253.2 - - [21/Jan/2023:14:00:25 -0800] "GET /class54/class5470/total_data/refer_img/7-54_f.jpg HTTP/1.1" 200 30722 "-" "Mozilla/5.0 (compatible; AhrefsBot/7.0; +http://ahrefs.com/robot/)" "ysfine.com"
51.222.253.1 - - [21/Jan/2023:14:00:25 -0800] "GET /class54/class5470/total_data/refer_img/7-49_f.jpg HTTP/1.1" 200 37633 "-" "Mozilla/5.0 (compatible; AhrefsBot/7.0; +http://ahrefs.com/robot/)" "ysfine.com"
51.222.253.2 - - [21/Jan/2023:14:00:25 -0800] "GET /class54/class5470/total_data/refer_img/7-48_f.jpg HTTP/1.1" 200 29734 "-" "Mozilla/5.0 (compatible; AhrefsBot/7.0; +http://ahrefs.com/robot/)" "ysfine.com"
51.222.253.11 - - [21/Jan/2023:14:00:26 -0800] "GET /class54/class5470/total_data/refer_img/7-43_f.jpg HTTP/1.1" 200 32167 "-" "Mozilla/5.0 (compatible; AhrefsBot/7.0; +http://ahrefs.com/robot/)" "ysfine.com"
51.222.253.15 - - [21/Jan/2023:14:00:26 -0800] "GET /class54/class5470/total_data/refer_img/7-56_f.jpg HTTP/1.1" 200 38989 "-" "Mozilla/5.0 (compatible; AhrefsBot/7.0; +http://ahrefs.com/robot/)" "ysfine.com"
51.222.253.6 - - [21/Jan/2023:14:00:27 -0800] "GET /class54/class5470/total_data/refer_img/7-58_f.jpg HTTP/1.1" 200 39362 "-" "Mozilla/5.0 (compatible; AhrefsBot/7.0; +http://ahrefs.com/robot/)" "ysfine.com"
51.222.253.19 - - [21/Jan/2023:14:00:27 -0800] "GET /class54/class5470/total_data/refer_img/7-51_f.jpg HTTP/1.1" 200 38723 "-" "Mozilla/5.0 (compatible; AhrefsBot/7.0; +http://ahrefs.com/robot/)" "ysfine.com"
51.222.253.2 - - [21/Jan/2023:14:00:28 -0800] "GET /class54/class5470/total_data/refer_img/7-60_f.jpg HTTP/1.1" 200 54754 "-" "Mozilla/5.0 (compatible; AhrefsBot/7.0; +http://ahrefs.com/robot/)" "ysfine.com"
51.222.253.11 - - [21/Jan/2023:14:00:28 -0800] "GET /class54/class5470/total_data/refer_img/7-59_f.jpg HTTP/1.1" 200 38671 "-" "Mozilla/5.0 (compatible; AhrefsBot/7.0; +http://ahrefs.com/robot/)" "ysfine.com"
51.222.253.1 - - [21/Jan/2023:14:00:29 -0800] "GET /class54/class5470/total_data/refer_img/7-46_f.jpg HTTP/1.1" 200 31567 "-" "Mozilla/5.0 (compatible; AhrefsBot/7.0; +http://ahrefs.com/robot/)" "ysfine.com"
51.222.253.15 - - [21/Jan/2023:14:00:29 -0800] "GET /class54/class5470/total_data/refer_img/7-50_f.jpg HTTP/1.1" 200 35620 "-" "Mozilla/5.0 (compatible; AhrefsBot/7.0; +http://ahrefs.com/robot/)" "ysfine.com"
51.222.253.19 - - [21/Jan/2023:14:00:29 -0800] "GET /class54/class5470/total_data/refer_img/7-52_f.jpg HTTP/1.1" 200 37800 "-" "Mozilla/5.0 (compatible; AhrefsBot/7.0; +http://ahrefs.com/robot/)" "ysfine.com"
51.222.253.5 - - [21/Jan/2023:14:00:30 -0800] "GET /class54/class5470/total_data/refer_img/7-57_f.jpg HTTP/1.1" 200 38052 "-" "Mozilla/5.0 (compatible; AhrefsBot/7.0; +http://ahrefs.com/robot/)" "ysfine.com"
51.222.253.10 - - [21/Jan/2023:14:00:30 -0800] "GET /class54/class5470/total_data/refer_img/7-47_f.jpg HTTP/1.1" 200 36785 "-" "Mozilla/5.0 (compatible; AhrefsBot/7.0; +http://ahrefs.com/robot/)" "ysfine.com"
51.222.253.18 - - [21/Jan/2023:14:00:31 -0800] "GET /class54/class5470/total_data/refer_img/7-41_f.jpg HTTP/1.1" 200 31998 "-" "Mozilla/5.0 (compatible; AhrefsBot/7.0; +http://ahrefs.com/robot/)" "ysfine.com"
51.222.253.3 - - [21/Jan/2023:14:00:31 -0800] "GET /class54/class5470/total_data/refer_img/7-55_f.jpg HTTP/1.1" 200 31647 "-" "Mozilla/5.0 (compatible; AhrefsBot/7.0; +http://ahrefs.com/robot/)" "ysfine.com"
51.222.253.14 - - [21/Jan/2023:14:00:32 -0800] "GET /class54/class5470/total_data/refer_img/7-45_f.jpg HTTP/1.1" 200 32793 "-" "Mozilla/5.0 (compatible; AhrefsBot/7.0; +http://ahrefs.com/robot/)" "ysfine.com"
51.222.253.11 - - [21/Jan/2023:14:00:32 -0800] "GET /class54/class5470/total_data/refer_img/7-44_f.jpg HTTP/1.1" 200 35363 "-" "Mozilla/5.0 (compatible; AhrefsBot/7.0; +http://ahrefs.com/robot/)" "ysfine.com"
207.46.13.176 - - [21/Jan/2023:14:01:29 -0800] "GET /bio/kobak/soraech.html HTTP/1.1" 404 88 "-" "Mozilla/5.0 AppleWebKit/537.36 (KHTML, like Gecko; compatible; bingbot/2.0; +http://www.bing.com/bingbot.htm) Chrome/103.0.5060.134 Safari/537.36" "ysfine.com"
116.179.32.167 - - [21/Jan/2023:14:01:48 -0800] "GET /wigner/wigpoinc.html HTTP/1.1" 200 6586 "-" "Mozilla/5.0 (compatible; Baiduspider/2.0; +http://www.baidu.com/search/spider.html)" "www.ysfine.com"
116.179.37.13 - - [21/Jan/2023:14:01:49 -0800] "GET /wigner/wigsharp2.jpg HTTP/1.1" 200 34860 "https://www.ysfine.com/wigner/wigpoinc.html" "Mozilla/5.0 (compatible; Baiduspider-render/2.0; +http://www.baidu.com/search/spider.html)" "www.ysfine.com"
116.179.37.52 - - [21/Jan/2023:14:01:49 -0800] "GET /wigner/neupol01b.jpg HTTP/1.1" 200 30797 "https://www.ysfine.com/wigner/wigpoinc.html" "Mozilla/5.0 (compatible; Baiduspider-render/2.0; +http://www.baidu.com/search/spider.html)" "www.ysfine.com"
116.179.37.206 - - [21/Jan/2023:14:01:49 -0800] "GET /wigner/lorentzgr01b.jpg HTTP/1.1" 200 33834 "https://www.ysfine.com/wigner/wigpoinc.html" "Mozilla/5.0 (compatible; Baiduspider-render/2.0; +http://www.baidu.com/search/spider.html)" "www.ysfine.com"
116.179.37.17 - - [21/Jan/2023:14:01:49 -0800] "GET /wigner/michel2.jpg HTTP/1.1" 200 72183 "https://www.ysfine.com/wigner/wigpoinc.html" "Mozilla/5.0 (compatible; Baiduspider-render/2.0; +http://www.baidu.com/search/spider.html)" "www.ysfine.com"
144.217.135.195 - - [21/Jan/2023:14:01:52 -0800] "GET / HTTP/1.1" 200 5295 "-" "Mozilla/5.0 (compatible; Dataprovider.com)" "www.ysfine.com"
207.46.13.31 - - [21/Jan/2023:14:02:12 -0800] "GET /bio/style/artlove.html HTTP/1.1" 404 88 "-" "Mozilla/5.0 AppleWebKit/537.36 (KHTML, like Gecko; compatible; bingbot/2.0; +http://www.bing.com/bingbot.htm) Chrome/103.0.5060.134 Safari/537.36" "ysfine.com"
