66.249.70.30 - - [20/Jan/2023:20:00:30 -0800] "GET /confer/proceedings/boston/maclay.pdf HTTP/1.1" 404 88 "-" "Googlebot/2.1 (+http://www.google.com/bot.html)" "ysfine.com"
45.91.170.128 - - [20/Jan/2023:20:02:41 -0800] "GET /einstein/ulm.html HTTP/1.1" 200 6713 "-" "Mozilla/5.0 (Linux x86_64; rv:102.0) Gecko/20100101 Firefox/102.0" "www.ysfine.com"
45.91.170.128 - - [20/Jan/2023:20:02:41 -0800] "GET /world/berlin.html HTTP/1.1" 200 16173 "https://www.ysfine.com/einstein/ulm.html" "Mozilla/5.0 (Linux x86_64; rv:102.0) Gecko/20100101 Firefox/102.0" "www.ysfine.com"
45.91.170.128 - - [20/Jan/2023:20:02:41 -0800] "GET /princeton/index.html HTTP/1.1" 200 140 "https://www.ysfine.com/einstein/ulm.html" "Mozilla/5.0 (Linux x86_64; rv:102.0) Gecko/20100101 Firefox/102.0" "www.ysfine.com"
45.91.170.128 - - [20/Jan/2023:20:02:42 -0800] "GET /world/leipzig.html HTTP/1.1" 200 5731 "https://www.ysfine.com/einstein/ulm.html" "Mozilla/5.0 (Linux x86_64; rv:102.0) Gecko/20100101 Firefox/102.0" "www.ysfine.com"
45.91.170.128 - - [20/Jan/2023:20:02:42 -0800] "GET /style/index.html HTTP/1.1" 200 129 "https://www.ysfine.com/einstein/ulm.html" "Mozilla/5.0 (Linux x86_64; rv:102.0) Gecko/20100101 Firefox/102.0" "www.ysfine.com"
45.91.170.128 - - [20/Jan/2023:20:02:42 -0800] "GET /world/munich.html HTTP/1.1" 200 3101 "https://www.ysfine.com/einstein/ulm.html" "Mozilla/5.0 (Linux x86_64; rv:102.0) Gecko/20100101 Firefox/102.0" "www.ysfine.com"
45.91.170.128 - - [20/Jan/2023:20:02:43 -0800] "GET /home/index.html HTTP/1.1" 200 142 "https://www.ysfine.com/einstein/ulm.html" "Mozilla/5.0 (Linux x86_64; rv:102.0) Gecko/20100101 Firefox/102.0" "www.ysfine.com"
45.91.170.128 - - [20/Jan/2023:20:02:43 -0800] "GET /world/stuttgart.html HTTP/1.1" 200 4926 "https://www.ysfine.com/einstein/ulm.html" "Mozilla/5.0 (Linux x86_64; rv:102.0) Gecko/20100101 Firefox/102.0" "www.ysfine.com"
45.91.170.128 - - [20/Jan/2023:20:02:44 -0800] "GET /eink/mose.html HTTP/1.1" 200 14315 "https://www.ysfine.com/einstein/ulm.html" "Mozilla/5.0 (Linux x86_64; rv:102.0) Gecko/20100101 Firefox/102.0" "www.ysfine.com"
45.91.170.128 - - [20/Jan/2023:20:02:44 -0800] "GET /world/trier.html HTTP/1.1" 200 6488 "https://www.ysfine.com/einstein/ulm.html" "Mozilla/5.0 (Linux x86_64; rv:102.0) Gecko/20100101 Firefox/102.0" "www.ysfine.com"
45.91.170.128 - - [20/Jan/2023:20:02:44 -0800] "GET /eink/index.html HTTP/1.1" 200 17716 "https://www.ysfine.com/einstein/ulm.html" "Mozilla/5.0 (Linux x86_64; rv:102.0) Gecko/20100101 Firefox/102.0" "www.ysfine.com"
45.91.170.128 - - [20/Jan/2023:20:02:45 -0800] "GET /einstein/ulm.html HTTP/1.1" 200 6713 "https://www.ysfine.com/einstein/ulm.html" "Mozilla/5.0 (Linux x86_64; rv:102.0) Gecko/20100101 Firefox/102.0" "www.ysfine.com"
45.91.170.128 - - [20/Jan/2023:20:02:45 -0800] "GET /einstein/einusa.html HTTP/1.1" 200 8153 "https://www.ysfine.com/einstein/ulm.html" "Mozilla/5.0 (Linux x86_64; rv:102.0) Gecko/20100101 Firefox/102.0" "www.ysfine.com"
45.91.170.128 - - [20/Jan/2023:20:02:46 -0800] "GET /einstein/bern.html HTTP/1.1" 200 8314 "https://www.ysfine.com/einstein/ulm.html" "Mozilla/5.0 (Linux x86_64; rv:102.0) Gecko/20100101 Firefox/102.0" "www.ysfine.com"
45.91.170.128 - - [20/Jan/2023:20:02:46 -0800] "GET /einstein/index.html HTTP/1.1" 200 135 "https://www.ysfine.com/einstein/ulm.html" "Mozilla/5.0 (Linux x86_64; rv:102.0) Gecko/20100101 Firefox/102.0" "www.ysfine.com"
207.46.13.31 - - [20/Jan/2023:20:03:09 -0800] "GET /bio/kobak/yskor.html HTTP/1.1" 404 88 "-" "Mozilla/5.0 AppleWebKit/537.36 (KHTML, like Gecko; compatible; bingbot/2.0; +http://www.bing.com/bingbot.htm) Chrome/103.0.5060.134 Safari/537.36" "ysfine.com"
70.161.249.105 - - [20/Jan/2023:20:03:34 -0800] "GET /kobak/sl628.jpg HTTP/1.1" 200 225100 "https://www.google.com/" "Mozilla/5.0 (iPad; CPU OS 15_6_1 like Mac OS X) AppleWebKit/605.1.15 (KHTML, like Gecko) GSA/246.1.501310880 Mobile/19G82 Safari/604.1" "ysfine.com"
207.46.13.167 - - [20/Jan/2023:20:03:42 -0800] "GET /bio/wigner/e(2).html HTTP/1.1" 404 88 "-" "Mozilla/5.0 AppleWebKit/537.36 (KHTML, like Gecko; compatible; bingbot/2.0; +http://www.bing.com/bingbot.htm) Chrome/103.0.5060.134 Safari/537.36" "ysfine.com"
123.125.109.45 - - [20/Jan/2023:20:04:20 -0800] "GET / HTTP/1.1" 200 5295 "-" "Sogou web spider/4.0(+http://www.sogou.com/docs/help/webmasters.htm#07)" "www.ysfine.com"
77.75.79.62 - - [20/Jan/2023:20:05:41 -0800] "GET /robots.txt HTTP/1.1" 404 88 "-" "Mozilla/5.0 (compatible; SeznamBot/3.2; +http://napoveda.seznam.cz/en/seznambot-intro/)" "ysfine.com"
77.75.79.62 - - [20/Jan/2023:20:05:42 -0800] "GET /world/france/montmar07.jpg HTTP/1.1" 200 105580 "-" "Mozilla/5.0 (compatible; SeznamBot/3.2; +http://napoveda.seznam.cz/en/seznambot-intro/)" "ysfine.com"
77.75.79.62 - - [20/Jan/2023:20:05:46 -0800] "GET /world/france/montmar09.jpg HTTP/1.1" 200 96536 "-" "Mozilla/5.0 (compatible; SeznamBot/3.2; +http://napoveda.seznam.cz/en/seznambot-intro/)" "ysfine.com"
77.75.79.62 - - [20/Jan/2023:20:05:48 -0800] "GET /world/scandi/wignob05.jpg HTTP/1.1" 200 68401 "-" "Mozilla/5.0 (compatible; SeznamBot/3.2; +http://napoveda.seznam.cz/en/seznambot-intro/)" "ysfine.com"
77.75.79.62 - - [20/Jan/2023:20:05:50 -0800] "GET /world/russ/mosriver09.jpg HTTP/1.1" 200 83963 "-" "Mozilla/5.0 (compatible; SeznamBot/3.2; +http://napoveda.seznam.cz/en/seznambot-intro/)" "ysfine.com"
77.75.79.62 - - [20/Jan/2023:20:05:51 -0800] "GET /world/hungary/buda104.jpg HTTP/1.1" 304 - "-" "Mozilla/5.0 (compatible; SeznamBot/3.2; +http://napoveda.seznam.cz/en/seznambot-intro/)" "ysfine.com"
77.75.79.62 - - [20/Jan/2023:20:05:52 -0800] "GET /world/germany/benz09.jpg HTTP/1.1" 200 82682 "-" "Mozilla/5.0 (compatible; SeznamBot/3.2; +http://napoveda.seznam.cz/en/seznambot-intro/)" "ysfine.com"
77.75.79.62 - - [20/Jan/2023:20:05:54 -0800] "GET /usca/pitt/pittcath02.jpg HTTP/1.1" 200 81215 "-" "Mozilla/5.0 (compatible; SeznamBot/3.2; +http://napoveda.seznam.cz/en/seznambot-intro/)" "ysfine.com"
77.75.79.62 - - [20/Jan/2023:20:05:55 -0800] "GET /world/brit/cam01.jpg HTTP/1.1" 200 316395 "-" "Mozilla/5.0 (compatible; SeznamBot/3.2; +http://napoveda.seznam.cz/en/seznambot-intro/)" "ysfine.com"
77.75.79.62 - - [20/Jan/2023:20:05:59 -0800] "GET /style/egeor02.jpg HTTP/1.1" 200 276109 "-" "Mozilla/5.0 (compatible; SeznamBot/3.2; +http://napoveda.seznam.cz/en/seznambot-intro/)" "ysfine.com"
77.75.79.62 - - [20/Jan/2023:20:06:02 -0800] "GET /kobak/underw3.jpg HTTP/1.1" 200 92395 "-" "Mozilla/5.0 (compatible; SeznamBot/3.2; +http://napoveda.seznam.cz/en/seznambot-intro/)" "ysfine.com"
66.214.178.103 - - [20/Jan/2023:20:06:58 -0800] "GET /kowar/tanks/tank03.jpg HTTP/1.1" 200 106726 "https://www.google.com/" "Mozilla/5.0 (Linux; Android 13; SM-G990U Build/TP1A.220624.014; wv) AppleWebKit/537.36 (KHTML, like Gecko) Version/4.0 Chrome/108.0.5359.128 Mobile Safari/537.36 GoogleApp/14.3.9.26.arm64" "ysfine.com"
40.77.167.11 - - [20/Jan/2023:20:07:06 -0800] "GET /bio/einstein/bern.html HTTP/1.1" 404 88 "-" "Mozilla/5.0 AppleWebKit/537.36 (KHTML, like Gecko; compatible; bingbot/2.0; +http://www.bing.com/bingbot.htm) Chrome/103.0.5060.134 Safari/537.36" "ysfine.com"
40.77.167.80 - - [20/Jan/2023:20:09:27 -0800] "GET /kowar/war50bot.html HTTP/1.1" 200 131 "-" "Mozilla/5.0 AppleWebKit/537.36 (KHTML, like Gecko; compatible; bingbot/2.0; +http://www.bing.com/bingbot.htm) Chrome/103.0.5060.134 Safari/537.36" "ysfine.com"
40.77.167.80 - - [20/Jan/2023:20:09:37 -0800] "GET /kowar/war50.html HTTP/1.1" 200 11795 "-" "Mozilla/5.0 AppleWebKit/537.36 (KHTML, like Gecko; compatible; bingbot/2.0; +http://www.bing.com/bingbot.htm) Chrome/103.0.5060.134 Safari/537.36" "ysfine.com"
207.46.13.176 - - [20/Jan/2023:20:09:41 -0800] "GET /bio/eink/buythisbook.html HTTP/1.1" 404 88 "-" "Mozilla/5.0 AppleWebKit/537.36 (KHTML, like Gecko; compatible; bingbot/2.0; +http://www.bing.com/bingbot.htm) Chrome/103.0.5060.134 Safari/537.36" "ysfine.com"
207.46.13.167 - - [20/Jan/2023:20:09:42 -0800] "GET /kowar/war50left.html HTTP/1.1" 200 539 "-" "Mozilla/5.0 AppleWebKit/537.36 (KHTML, like Gecko; compatible; bingbot/2.0; +http://www.bing.com/bingbot.htm) Chrome/103.0.5060.134 Safari/537.36" "ysfine.com"
66.249.70.10 - - [20/Jan/2023:20:09:53 -0800] "GET /confer/proceedings/boston/semenov.pdf HTTP/1.1" 404 88 "-" "Googlebot/2.1 (+http://www.google.com/bot.html)" "www.ysfine.com"
66.249.70.4 - - [20/Jan/2023:20:12:04 -0800] "GET /style/cameras/fed3b.jpg HTTP/1.1" 200 42824 "-" "Googlebot-Image/1.0" "ysfine.com"
40.77.167.80 - - [20/Jan/2023:20:13:47 -0800] "GET / HTTP/1.1" 304 - "-" "Mozilla/5.0 (compatible; bingbot/2.0; +http://www.bing.com/bingbot.htm)" "www.ysfine.com"
66.249.70.3 - - [20/Jan/2023:20:15:55 -0800] "GET /world/baltic/riga02b.jpg HTTP/1.1" 200 38255 "-" "Googlebot-Image/1.0" "ysfine.com"
207.46.13.176 - - [20/Jan/2023:20:19:10 -0800] "GET /bio/kobak/soraech.html HTTP/1.1" 404 88 "-" "Mozilla/5.0 AppleWebKit/537.36 (KHTML, like Gecko; compatible; bingbot/2.0; +http://www.bing.com/bingbot.htm) Chrome/103.0.5060.134 Safari/537.36" "ysfine.com"
158.174.252.93 - - [20/Jan/2023:20:19:11 -0800] "GET /princeton/brooke22.jpg HTTP/1.1" 200 87673 "https://www.google.com/" "Mozilla/5.0 (iPhone; CPU iPhone OS 16_1 like Mac OS X) AppleWebKit/605.1.15 (KHTML, like Gecko) CriOS/109.0.5414.83 Mobile/15E148 Safari/604.1" "ysfine.com"
158.174.252.93 - - [20/Jan/2023:20:19:20 -0800] "GET /princeton/brooke88.jpg HTTP/1.1" 200 82208 "https://www.google.com/" "Mozilla/5.0 (iPhone; CPU iPhone OS 16_1 like Mac OS X) AppleWebKit/605.1.15 (KHTML, like Gecko) CriOS/109.0.5414.83 Mobile/15E148 Safari/604.1" "ysfine.com"
95.163.255.101 - - [20/Jan/2023:20:20:30 -0800] "GET /robots.txt HTTP/1.1" 404 73 "-" "Mozilla/5.0 (compatible; Linux x86_64; Mail.RU_Bot/Img/2.0; +https://help.mail.ru/webmaster/indexing/robots)" "ysfine.com"
207.46.13.31 - - [20/Jan/2023:20:21:41 -0800] "GET /bio/sbk/1950.html HTTP/1.1" 404 88 "-" "Mozilla/5.0 AppleWebKit/537.36 (KHTML, like Gecko; compatible; bingbot/2.0; +http://www.bing.com/bingbot.htm) Chrome/103.0.5060.134 Safari/537.36" "ysfine.com"
75.44.19.139 - - [20/Jan/2023:20:21:52 -0800] "GET /maga/histo/oscar33.jpg HTTP/1.1" 200 140181 "https://www.google.com/" "Mozilla/5.0 (Macintosh; Intel Mac OS X 10_15_7) AppleWebKit/537.36 (KHTML, like Gecko) Chrome/109.0.0.0 Safari/537.36" "ysfine.com"
95.163.255.70 - - [20/Jan/2023:20:23:25 -0800] "GET /maga/phys/maxwell06b.jpg HTTP/1.1" 200 51047 "http://go.mail.ru/search_images" "Mozilla/5.0 (compatible; Linux x86_64; Mail.RU_Bot/Img/2.0; +https://help.mail.ru/webmaster/indexing/robots)" "ysfine.com"
213.180.203.62 - - [20/Jan/2023:20:23:25 -0800] "GET /yspapers/iop15.jpg HTTP/1.1" 200 84791 "-" "Mozilla/5.0 (compatible; YandexImages/3.0; +http://yandex.com/bots)" "ysfine.com"
189.33.66.194 - - [20/Jan/2023:20:23:47 -0800] "GET /feynman/feychin.jpg HTTP/1.1" 200 33472 "https://www.google.com/" "Mozilla/5.0 (Windows NT 10.0; Win64; x64) AppleWebKit/537.36 (KHTML, like Gecko) Chrome/109.0.0.0 Safari/537.36" "ysfine.com"
87.250.224.29 - - [20/Jan/2023:20:24:14 -0800] "GET /eink/zhuxi300.jpg HTTP/1.1" 304 - "-" "Mozilla/5.0 (compatible; YandexImages/3.0; +http://yandex.com/bots)" "www.ysfine.com"
207.46.13.15 - - [20/Jan/2023:20:25:43 -0800] "GET /bio/style/proschanie.html HTTP/1.1" 404 88 "-" "Mozilla/5.0 AppleWebKit/537.36 (KHTML, like Gecko; compatible; bingbot/2.0; +http://www.bing.com/bingbot.htm) Chrome/103.0.5060.134 Safari/537.36" "ysfine.com"
95.163.255.70 - - [20/Jan/2023:20:26:03 -0800] "GET /world/china/dalian06.jpg HTTP/1.1" 200 117350 "http://go.mail.ru/search_images" "Mozilla/5.0 (compatible; Linux x86_64; Mail.RU_Bot/Img/2.0; +https://help.mail.ru/webmaster/indexing/robots)" "ysfine.com"
40.77.167.11 - - [20/Jan/2023:20:26:18 -0800] "GET /dirac/feydirac300.jpg HTTP/1.1" 200 38223 "-" "Mozilla/5.0 (compatible; bingbot/2.0; +http://www.bing.com/bingbot.htm)" "www.ysfine.com"
207.46.13.167 - - [20/Jan/2023:20:26:33 -0800] "GET /bio10.html HTTP/1.1" 304 - "-" "Mozilla/5.0 AppleWebKit/537.36 (KHTML, like Gecko; compatible; bingbot/2.0; +http://www.bing.com/bingbot.htm) Chrome/103.0.5060.134 Safari/537.36" "ysfine.com"
207.46.13.167 - - [20/Jan/2023:20:29:04 -0800] "GET /bio/princeton/campus.html HTTP/1.1" 404 88 "-" "Mozilla/5.0 AppleWebKit/537.36 (KHTML, like Gecko; compatible; bingbot/2.0; +http://www.bing.com/bingbot.htm) Chrome/103.0.5060.134 Safari/537.36" "ysfine.com"
207.46.13.176 - - [20/Jan/2023:20:29:29 -0800] "GET /beau/hungarian.html HTTP/1.1" 404 88 "-" "Mozilla/5.0 AppleWebKit/537.36 (KHTML, like Gecko; compatible; bingbot/2.0; +http://www.bing.com/bingbot.htm) Chrome/103.0.5060.134 Safari/537.36" "ysfine.com"
207.46.13.31 - - [20/Jan/2023:20:30:31 -0800] "GET /bio/style/artlove.html HTTP/1.1" 404 88 "-" "Mozilla/5.0 AppleWebKit/537.36 (KHTML, like Gecko; compatible; bingbot/2.0; +http://www.bing.com/bingbot.htm) Chrome/103.0.5060.134 Safari/537.36" "ysfine.com"
157.55.39.72 - - [20/Jan/2023:20:32:41 -0800] "GET /bio.html HTTP/1.1" 200 18260 "-" "Mozilla/5.0 AppleWebKit/537.36 (KHTML, like Gecko; compatible; bingbot/2.0; +http://www.bing.com/bingbot.htm) Chrome/103.0.5060.134 Safari/537.36" "ysfine.com"
4.35.255.178 - - [20/Jan/2023:20:33:07 -0800] "GET /princeton/brooke56.jpg HTTP/1.1" 200 105139 "-" "Mozilla/5.0 (Windows NT 10.0; Win64; x64; rv:109.0) Gecko/20100101 Firefox/109.0" "ysfine.com"
4.35.255.178 - - [20/Jan/2023:20:33:07 -0800] "GET /princeton/brooke22.jpg HTTP/1.1" 200 87673 "-" "Mozilla/5.0 (Windows NT 10.0; Win64; x64; rv:109.0) Gecko/20100101 Firefox/109.0" "www.ysfine.com"
181.64.14.41 - - [20/Jan/2023:20:33:13 -0800] "GET /dirac/dirac2.jpg HTTP/1.1" 200 31039 "https://www.google.com/" "Mozilla/5.0 (Windows NT 10.0; Win64; x64) AppleWebKit/537.36 (KHTML, like Gecko) Chrome/109.0.0.0 Safari/537.36" "ysfine.com"
181.64.14.41 - - [20/Jan/2023:20:33:13 -0800] "GET /maga/phys/minkowski.jpg HTTP/1.1" 200 35156 "https://www.google.com/" "Mozilla/5.0 (Windows NT 10.0; Win64; x64) AppleWebKit/537.36 (KHTML, like Gecko) Chrome/109.0.0.0 Safari/537.36" "ysfine.com"
4.35.255.178 - - [20/Jan/2023:20:33:21 -0800] "GET /princeton/brooke56b.jpg HTTP/1.1" 200 39903 "-" "Mozilla/5.0 (Windows NT 10.0; Win64; x64; rv:109.0) Gecko/20100101 Firefox/109.0" "ysfine.com"
40.77.167.11 - - [20/Jan/2023:20:34:20 -0800] "GET /bio/kobak/namdae.html HTTP/1.1" 404 88 "-" "Mozilla/5.0 (compatible; bingbot/2.0; +http://www.bing.com/bingbot.htm)" "ysfine.com"
213.180.203.62 - - [20/Jan/2023:20:37:06 -0800] "GET /world/poland/coperni11.jpg HTTP/1.1" 200 135649 "-" "Mozilla/5.0 (compatible; YandexImages/3.0; +http://yandex.com/bots)" "ysfine.com"
207.46.13.31 - - [20/Jan/2023:20:37:41 -0800] "GET /bio/kobak/yskor.html HTTP/1.1" 404 88 "-" "Mozilla/5.0 AppleWebKit/537.36 (KHTML, like Gecko; compatible; bingbot/2.0; +http://www.bing.com/bingbot.htm) Chrome/103.0.5060.134 Safari/537.36" "ysfine.com"
207.46.13.167 - - [20/Jan/2023:20:38:26 -0800] "GET /bio/wigner/e(2).html HTTP/1.1" 404 88 "-" "Mozilla/5.0 AppleWebKit/537.36 (KHTML, like Gecko; compatible; bingbot/2.0; +http://www.bing.com/bingbot.htm) Chrome/103.0.5060.134 Safari/537.36" "ysfine.com"
68.117.152.80 - - [20/Jan/2023:20:41:44 -0800] "GET /princeton/nasshall01.jpg HTTP/1.1" 200 169242 "https://www.google.com/" "Mozilla/5.0 (Windows NT 10.0) AppleWebKit/537.36 (KHTML, like Gecko) Chrome/109.0.0.0 Safari/537.36" "ysfine.com"
40.77.167.11 - - [20/Jan/2023:20:44:50 -0800] "GET /bio/einstein/bern.html HTTP/1.1" 404 88 "-" "Mozilla/5.0 (compatible; bingbot/2.0; +http://www.bing.com/bingbot.htm)" "ysfine.com"
207.46.13.176 - - [20/Jan/2023:20:47:02 -0800] "GET /bio14.html HTTP/1.1" 200 22082 "-" "Mozilla/5.0 AppleWebKit/537.36 (KHTML, like Gecko; compatible; bingbot/2.0; +http://www.bing.com/bingbot.htm) Chrome/103.0.5060.134 Safari/537.36" "www.ysfine.com"
157.55.39.72 - - [20/Jan/2023:20:51:01 -0800] "GET /beau/amkor/iraida11.jpg HTTP/1.1" 404 88 "-" "Mozilla/5.0 AppleWebKit/537.36 (KHTML, like Gecko; compatible; bingbot/2.0; +http://www.bing.com/bingbot.htm) Chrome/103.0.5060.134 Safari/537.36" "ysfine.com"
157.55.39.72 - - [20/Jan/2023:20:51:21 -0800] "GET /maga/phys/twobytwo.html HTTP/1.1" 404 88 "-" "Mozilla/5.0 AppleWebKit/537.36 (KHTML, like Gecko; compatible; bingbot/2.0; +http://www.bing.com/bingbot.htm) Chrome/103.0.5060.134 Safari/537.36" "www.ysfine.com"
223.185.77.28 - - [20/Jan/2023:20:51:46 -0800] "GET /wigner/neum/pvn03.jpg HTTP/1.1" 200 83757 "http://www.google.com/" "Mozilla/5.0 (Linux; Android 8.1.0; ASUS_X00TD Build/OPM1; wv) AppleWebKit/537.36 (KHTML, like Gecko) Version/4.0 Chrome/44.0.2403.119 Mobile Safari/537.36 ACHEETAHI/1" "ysfine.com"
223.185.77.28 - - [20/Jan/2023:20:52:00 -0800] "GET /wigner/neum/pvn05.jpg HTTP/1.1" 200 219501 "http://www.google.com/" "Mozilla/5.0 (Linux; Android 8.1.0; ASUS_X00TD Build/OPM1; wv) AppleWebKit/537.36 (KHTML, like Gecko) Version/4.0 Chrome/44.0.2403.119 Mobile Safari/537.36 ACHEETAHI/1" "ysfine.com"
223.185.77.28 - - [20/Jan/2023:20:52:17 -0800] "GET /wigner/neum/pvn07.jpg HTTP/1.1" 200 101823 "http://www.google.com/" "Mozilla/5.0 (Linux; Android 8.1.0; ASUS_X00TD Build/OPM1; wv) AppleWebKit/537.36 (KHTML, like Gecko) Version/4.0 Chrome/44.0.2403.119 Mobile Safari/537.36 ACHEETAHI/1" "ysfine.com"
65.108.211.116 - - [20/Jan/2023:20:53:07 -0800] "GET /world/china/dalian13.jpg HTTP/1.1" 200 78072 "-" "Mozilla/5.0 (X11; Fedora; Linux x86_64) AppleWebKit/537.36 (KHTML, like Gecko) Chrome/79.0.3945.117 Safari/537.36" "ysfine.com"
35.87.32.17 - - [20/Jan/2023:20:55:19 -0800] "GET / HTTP/1.1" 200 5295 "-" "Mozilla/5.0 (X11; Linux x86_64) AppleWebKit/537.36 (KHTML, like Gecko) Chrome/83.0.4103.97 Safari/537.36" "ysfine.com"
54.187.239.109 - - [20/Jan/2023:20:55:33 -0800] "GET /favicon.ico HTTP/1.1" 404 88 "http://ysfine.com/favicon.ico" "Mozilla/5.0 (X11; Linux x86_64) AppleWebKit/537.36 (KHTML, like Gecko) Chrome/83.0.4103.97 Safari/537.36" "ysfine.com"
54.187.239.109 - - [20/Jan/2023:20:55:34 -0800] "GET / HTTP/1.1" 200 5295 "http://ysfine.com" "Mozilla/5.0 (X11; Linux x86_64) AppleWebKit/537.36 (KHTML, like Gecko) Chrome/83.0.4103.97 Safari/537.36" "ysfine.com"
93.124.125.98 - - [20/Jan/2023:20:55:34 -0800] "GET /robots.txt HTTP/1.1" 404 88 "-" "Mozilla/5.0 (Macintosh; Intel Mac OS X 10_15_7) AppleWebKit/537.36 (KHTML, like Gecko) Chrome/108.0.5359.124 Safari/537.36" "ysfine.com"
93.124.125.98 - - [20/Jan/2023:20:55:35 -0800] "GET / HTTP/1.1" 200 5295 "-" "Mozilla/5.0 (Macintosh; Intel Mac OS X 10_15_7) AppleWebKit/537.36 (KHTML, like Gecko) Chrome/108.0.5359.124 Safari/537.36" "ysfine.com"
89.186.15.132 - - [20/Jan/2023:20:57:18 -0800] "GET / HTTP/1.1" 200 5295 "-" "Mozilla/5.0 (Macintosh; Intel Mac OS X 12_3_1) AppleWebKit/537.36 (KHTML, like Gecko) Chrome/100.0.4896.88 Safari/537.36" "ysfine.com"
220.181.108.167 - - [20/Jan/2023:20:58:57 -0800] "GET /wigner/wigner39.pdf HTTP/1.1" 304 - "-" "Mozilla/5.0 (compatible; Baiduspider/2.0; +http://www.baidu.com/search/spider.html)" "ysfine.com"
54.236.1.11 - - [20/Jan/2023:20:59:01 -0800] "GET /robots.txt HTTP/1.1" 404 88 "-" "Mozilla/5.0 (compatible; Pinterestbot/1.0; +http://www.pinterest.com/bot.html)" "ysfine.com"
54.236.1.11 - - [20/Jan/2023:20:59:01 -0800] "GET / HTTP/1.1" 200 5295 "-" "Mozilla/5.0 (compatible; Pinterestbot/1.0; +http://www.pinterest.com/bot.html)" "ysfine.com"
34.211.120.241 - - [20/Jan/2023:21:00:05 -0800] "GET / HTTP/1.1" 200 5295 "-" "Mozilla/5.0 (X11; Linux x86_64) AppleWebKit/537.36 (KHTML, like Gecko) Chrome/83.0.4103.97 Safari/537.36" "ysfine.com"
207.46.13.31 - - [20/Jan/2023:21:00:14 -0800] "GET /bio/sbk/1950.html HTTP/1.1" 404 88 "-" "Mozilla/5.0 AppleWebKit/537.36 (KHTML, like Gecko; compatible; bingbot/2.0; +http://www.bing.com/bingbot.htm) Chrome/103.0.5060.134 Safari/537.36" "ysfine.com"
35.165.242.162 - - [20/Jan/2023:21:00:47 -0800] "GET /favicon.ico HTTP/1.1" 404 88 "-" "Mozilla/5.0 (X11; Linux x86_64) AppleWebKit/537.36 (KHTML, like Gecko) Chrome/83.0.4103.97 Safari/537.36" "ysfine.com"
195.191.219.131 - - [20/Jan/2023:21:01:10 -0800] "GET /robots.txt HTTP/1.1" 404 73 "-" "Mozilla/5.0 (compatible; MJ12bot/v1.4.8; http://mj12bot.com/)" "ysfine.com"
195.191.219.131 - - [20/Jan/2023:21:01:13 -0800] "GET / HTTP/1.1" 200 5295 "-" "Mozilla/5.0 (compatible; MJ12bot/v1.4.8; http://mj12bot.com/)" "ysfine.com"
34.221.243.138 - - [20/Jan/2023:21:02:24 -0800] "GET / HTTP/1.1" 200 5295 "-" "Mozilla/5.0 (X11; Linux x86_64) AppleWebKit/537.36 (KHTML, like Gecko) Chrome/83.0.4103.97 Safari/537.36" "ysfine.com"
136.58.3.152 - - [20/Jan/2023:21:02:38 -0800] "GET /feynman/feyn86b.jpg HTTP/1.1" 200 26190 "https://www.google.com/" "Mozilla/5.0 (Macintosh; Intel Mac OS X 10_15_7) AppleWebKit/605.1.15 (KHTML, like Gecko) Version/16.2 Safari/605.1.15" "ysfine.com"
68.231.201.214 - - [20/Jan/2023:21:03:41 -0800] "GET /princeton/brooke88.jpg HTTP/1.1" 200 82208 "https://www.google.com/" "Mozilla/5.0 (Windows NT 10.0; Win64; x64) AppleWebKit/537.36 (KHTML, like Gecko) Chrome/109.0.0.0 Safari/537.36" "ysfine.com"
68.231.201.214 - - [20/Jan/2023:21:03:41 -0800] "GET /princeton/brooke22.jpg HTTP/1.1" 200 87673 "https://www.google.com/" "Mozilla/5.0 (Windows NT 10.0; Win64; x64) AppleWebKit/537.36 (KHTML, like Gecko) Chrome/109.0.0.0 Safari/537.36" "ysfine.com"
207.46.13.15 - - [20/Jan/2023:21:04:13 -0800] "GET /bio/style/proschanie.html HTTP/1.1" 404 88 "-" "Mozilla/5.0 AppleWebKit/537.36 (KHTML, like Gecko; compatible; bingbot/2.0; +http://www.bing.com/bingbot.htm) Chrome/103.0.5060.134 Safari/537.36" "ysfine.com"
54.149.222.41 - - [20/Jan/2023:21:04:55 -0800] "GET /favicon.ico HTTP/1.1" 404 88 "http://ysfine.com/favicon.ico" "Mozilla/5.0 (X11; Linux x86_64) AppleWebKit/537.36 (KHTML, like Gecko) Chrome/83.0.4103.97 Safari/537.36" "ysfine.com"
54.149.222.41 - - [20/Jan/2023:21:04:55 -0800] "GET / HTTP/1.1" 200 5295 "http://ysfine.com" "Mozilla/5.0 (X11; Linux x86_64) AppleWebKit/537.36 (KHTML, like Gecko) Chrome/83.0.4103.97 Safari/537.36" "ysfine.com"
207.46.13.167 - - [20/Jan/2023:21:04:58 -0800] "GET /bio/princeton/campus.html HTTP/1.1" 404 88 "-" "Mozilla/5.0 AppleWebKit/537.36 (KHTML, like Gecko; compatible; bingbot/2.0; +http://www.bing.com/bingbot.htm) Chrome/103.0.5060.134 Safari/537.36" "ysfine.com"
207.46.13.176 - - [20/Jan/2023:21:06:14 -0800] "GET /bio/kobak/soraech.html HTTP/1.1" 404 88 "-" "Mozilla/5.0 AppleWebKit/537.36 (KHTML, like Gecko; compatible; bingbot/2.0; +http://www.bing.com/bingbot.htm) Chrome/103.0.5060.134 Safari/537.36" "ysfine.com"
207.46.13.31 - - [20/Jan/2023:21:07:15 -0800] "GET /bio/style/artlove.html HTTP/1.1" 404 88 "-" "Mozilla/5.0 AppleWebKit/537.36 (KHTML, like Gecko; compatible; bingbot/2.0; +http://www.bing.com/bingbot.htm) Chrome/103.0.5060.134 Safari/537.36" "ysfine.com"
35.164.57.159 - - [20/Jan/2023:21:07:44 -0800] "GET / HTTP/1.1" 200 5295 "-" "Mozilla/5.0 (X11; Linux x86_64) AppleWebKit/537.36 (KHTML, like Gecko) Chrome/83.0.4103.97 Safari/537.36" "ysfine.com"
54.245.30.178 - - [20/Jan/2023:21:07:45 -0800] "GET / HTTP/1.1" 200 5295 "-" "Mozilla/5.0 (X11; Linux x86_64) AppleWebKit/537.36 (KHTML, like Gecko) Chrome/83.0.4103.97 Safari/537.36" "ysfine.com"
35.165.242.162 - - [20/Jan/2023:21:08:13 -0800] "GET /favicon.ico HTTP/1.1" 404 88 "-" "Mozilla/5.0 (X11; Linux x86_64) AppleWebKit/537.36 (KHTML, like Gecko) Chrome/83.0.4103.97 Safari/537.36" "ysfine.com"
35.165.242.162 - - [20/Jan/2023:21:08:21 -0800] "GET /favicon.ico HTTP/1.1" 404 88 "-" "Mozilla/5.0 (X11; Linux x86_64) AppleWebKit/537.36 (KHTML, like Gecko) Chrome/83.0.4103.97 Safari/537.36" "ysfine.com"
35.165.242.162 - - [20/Jan/2023:21:08:25 -0800] "GET / HTTP/1.1" 200 5295 "-" "Mozilla/5.0 (X11; Linux x86_64) AppleWebKit/537.36 (KHTML, like Gecko) Chrome/83.0.4103.97 Safari/537.36" "ysfine.com"
123.125.109.53 - - [20/Jan/2023:21:09:18 -0800] "GET / HTTP/1.1" 200 5295 "-" "Sogou web spider/4.0(+http://www.sogou.com/docs/help/webmasters.htm#07)" "www.ysfine.com"
207.46.13.176 - - [20/Jan/2023:21:10:15 -0800] "GET /bio.html HTTP/1.1" 200 18260 "-" "Mozilla/5.0 AppleWebKit/537.36 (KHTML, like Gecko; compatible; bingbot/2.0; +http://www.bing.com/bingbot.htm) Chrome/103.0.5060.134 Safari/537.36" "ysfine.com"
40.77.167.11 - - [20/Jan/2023:21:10:23 -0800] "GET /bio/kobak/namdae.html HTTP/1.1" 404 88 "-" "Mozilla/5.0 (compatible; bingbot/2.0; +http://www.bing.com/bingbot.htm)" "ysfine.com"
72.92.17.45 - - [20/Jan/2023:21:11:53 -0800] "GET /world/france/sartremap11.jpg HTTP/1.1" 200 115003 "https://images.search.yahoo.com/search/images;_ylt=AwrFPm2tc8tj14keRgGJzbkF;_ylu=c2VjA3NlYXJjaARzbGsDYnV0dG9u;_ylc=X1MDOTYwNjI4NTcEX3IDMgRmcgNtY2FmZWUEZnIyA3A6cyx2OmksbTpzYi10b3AEZ3ByaWQDdUZ6WjJybU1UU215UkIwS2FBbldnQQRuX3JzbHQDMARuX3N1Z2cDMARvcmlnaW4DaW1hZ2VzLnNlYXJjaC55YWhvby5jb20EcG9zAzAEcHFzdHIDBHBxc3RybAMwBHFzdHJsAzIzBHF1ZXJ5A2NhZmUlMjBkZSUyMEZsb3VyJTIwUGFyaXMlMjBtYXAEdF9zdG1wAzE2NzQyNzc4OTk-?p=cafe+de+Flour+Paris+map&fr=mcafee&fr2=p%3As%2Cv%3Ai%2Cm%3Asb-top&ei=UTF-8&x=wrt&type=D211US105G0" "Mozilla/5.0 (Macintosh; Intel Mac OS X 10_15_7) AppleWebKit/537.36 (KHTML, like Gecko) Chrome/109.0.0.0 Safari/537.36" "ysfine.com"
72.92.17.45 - - [20/Jan/2023:21:11:53 -0800] "GET /world/france/sartremap11b.jpg HTTP/1.1" 200 64726 "https://images.search.yahoo.com/search/images;_ylt=AwrFPm2tc8tj14keRgGJzbkF;_ylu=c2VjA3NlYXJjaARzbGsDYnV0dG9u;_ylc=X1MDOTYwNjI4NTcEX3IDMgRmcgNtY2FmZWUEZnIyA3A6cyx2OmksbTpzYi10b3AEZ3ByaWQDdUZ6WjJybU1UU215UkIwS2FBbldnQQRuX3JzbHQDMARuX3N1Z2cDMARvcmlnaW4DaW1hZ2VzLnNlYXJjaC55YWhvby5jb20EcG9zAzAEcHFzdHIDBHBxc3RybAMwBHFzdHJsAzIzBHF1ZXJ5A2NhZmUlMjBkZSUyMEZsb3VyJTIwUGFyaXMlMjBtYXAEdF9zdG1wAzE2NzQyNzc4OTk-?p=cafe+de+Flour+Paris+map&fr=mcafee&fr2=p%3As%2Cv%3Ai%2Cm%3Asb-top&ei=UTF-8&x=wrt&type=D211US105G0" "Mozilla/5.0 (Macintosh; Intel Mac OS X 10_15_7) AppleWebKit/537.36 (KHTML, like Gecko) Chrome/109.0.0.0 Safari/537.36" "ysfine.com"
177.139.20.101 - - [20/Jan/2023:21:11:59 -0800] "GET /princeton/brooke88.jpg HTTP/1.1" 200 82208 "https://www.google.com/" "Mozilla/5.0 (Windows NT 10.0; Win64; x64) AppleWebKit/537.36 (KHTML, like Gecko) Chrome/109.0.0.0 Safari/537.36" "ysfine.com"
142.116.225.128 - - [20/Jan/2023:21:12:39 -0800] "GET /wigner/neupol.html HTTP/1.1" 200 1742 "https://www.google.com/" "Mozilla/5.0 (Windows NT 10.0; Win64; x64) AppleWebKit/537.36 (KHTML, like Gecko) Chrome/109.0.0.0 Safari/537.36 Edg/109.0.1518.55" "ysfine.com"
142.116.225.128 - - [20/Jan/2023:21:12:40 -0800] "GET /wigner/neupol01b.jpg HTTP/1.1" 200 30797 "https://ysfine.com/wigner/neupol.html" "Mozilla/5.0 (Windows NT 10.0; Win64; x64) AppleWebKit/537.36 (KHTML, like Gecko) Chrome/109.0.0.0 Safari/537.36 Edg/109.0.1518.55" "ysfine.com"
142.116.225.128 - - [20/Jan/2023:21:12:40 -0800] "GET /wigner/hk88b.jpg HTTP/1.1" 200 41438 "https://ysfine.com/wigner/neupol.html" "Mozilla/5.0 (Windows NT 10.0; Win64; x64) AppleWebKit/537.36 (KHTML, like Gecko) Chrome/109.0.0.0 Safari/537.36 Edg/109.0.1518.55" "ysfine.com"
142.116.225.128 - - [20/Jan/2023:21:12:40 -0800] "GET /favicon.ico HTTP/1.1" 404 88 "https://ysfine.com/wigner/neupol.html" "Mozilla/5.0 (Windows NT 10.0; Win64; x64) AppleWebKit/537.36 (KHTML, like Gecko) Chrome/109.0.0.0 Safari/537.36 Edg/109.0.1518.55" "ysfine.com"
142.116.225.128 - - [20/Jan/2023:21:12:58 -0800] "GET /wigner/neupol.html HTTP/1.1" 200 1742 "-" "Mozilla/5.0 (Windows NT 10.0; Win64; x64) AppleWebKit/537.36 (KHTML, like Gecko) Chrome/94.0.4606.61 Safari/537.36" "ysfine.com"
207.46.13.31 - - [20/Jan/2023:21:14:15 -0800] "GET /bio/kobak/yskor.html HTTP/1.1" 404 88 "-" "Mozilla/5.0 AppleWebKit/537.36 (KHTML, like Gecko; compatible; bingbot/2.0; +http://www.bing.com/bingbot.htm) Chrome/103.0.5060.134 Safari/537.36" "ysfine.com"
54.236.1.11 - - [20/Jan/2023:21:15:02 -0800] "GET /world/france/arusas01.jpg HTTP/1.1" 200 364636 "-" "Mozilla/5.0 (compatible; Pinterestbot/1.0; +http://www.pinterest.com/bot.html)" "ysfine.com"
207.46.13.167 - - [20/Jan/2023:21:15:20 -0800] "GET /bio/wigner/e(2).html HTTP/1.1" 404 88 "-" "Mozilla/5.0 AppleWebKit/537.36 (KHTML, like Gecko; compatible; bingbot/2.0; +http://www.bing.com/bingbot.htm) Chrome/103.0.5060.134 Safari/537.36" "ysfine.com"
73.236.205.59 - - [20/Jan/2023:21:15:44 -0800] "GET /kowar/panmun04.jpg HTTP/1.1" 200 126386 "https://www.google.com/" "Mozilla/5.0 (Linux; Android 13; Pixel 7 Pro) AppleWebKit/537.36 (KHTML, like Gecko) Chrome/109.0.0.0 Mobile Safari/537.36" "ysfine.com"
213.180.203.62 - - [20/Jan/2023:21:21:48 -0800] "GET /princeton/gcollege08.jpg HTTP/1.1" 200 81357 "-" "Mozilla/5.0 (compatible; YandexImages/3.0; +http://yandex.com/bots)" "ysfine.com"
40.77.167.11 - - [20/Jan/2023:21:22:04 -0800] "GET /bio/einstein/bern.html HTTP/1.1" 404 88 "-" "Mozilla/5.0 (compatible; bingbot/2.0; +http://www.bing.com/bingbot.htm)" "ysfine.com"
71.178.208.102 - - [20/Jan/2023:21:22:12 -0800] "GET /style/songs.html HTTP/1.1" 200 31567 "https://www.ysfine.com/ys11/index.html" "Mozilla/5.0 (Windows NT 10.0; Win64; x64) AppleWebKit/537.36 (KHTML, like Gecko) Chrome/109.0.0.0 Safari/537.36 Edg/109.0.1518.55" "www.ysfine.com"
71.178.208.102 - - [20/Jan/2023:21:22:12 -0800] "GET /kobak/korjap03b.jpg HTTP/1.1" 200 28107 "https://www.ysfine.com/style/songs.html" "Mozilla/5.0 (Windows NT 10.0; Win64; x64) AppleWebKit/537.36 (KHTML, like Gecko) Chrome/109.0.0.0 Safari/537.36 Edg/109.0.1518.55" "www.ysfine.com"
71.178.208.102 - - [20/Jan/2023:21:22:12 -0800] "GET /style/cotton11b.jpg HTTP/1.1" 200 41615 "https://www.ysfine.com/style/songs.html" "Mozilla/5.0 (Windows NT 10.0; Win64; x64) AppleWebKit/537.36 (KHTML, like Gecko) Chrome/109.0.0.0 Safari/537.36 Edg/109.0.1518.55" "www.ysfine.com"
71.178.208.102 - - [20/Jan/2023:21:22:12 -0800] "GET /style/nijubasi22b.jpg HTTP/1.1" 200 44289 "https://www.ysfine.com/style/songs.html" "Mozilla/5.0 (Windows NT 10.0; Win64; x64) AppleWebKit/537.36 (KHTML, like Gecko) Chrome/109.0.0.0 Safari/537.36 Edg/109.0.1518.55" "www.ysfine.com"
71.178.208.102 - - [20/Jan/2023:21:22:12 -0800] "GET /style/jpchildren2.jpg HTTP/1.1" 200 46718 "https://www.ysfine.com/style/songs.html" "Mozilla/5.0 (Windows NT 10.0; Win64; x64) AppleWebKit/537.36 (KHTML, like Gecko) Chrome/109.0.0.0 Safari/537.36 Edg/109.0.1518.55" "www.ysfine.com"
71.178.208.102 - - [20/Jan/2023:21:22:12 -0800] "GET /style/yamato2.jpg HTTP/1.1" 200 33922 "https://www.ysfine.com/style/songs.html" "Mozilla/5.0 (Windows NT 10.0; Win64; x64) AppleWebKit/537.36 (KHTML, like Gecko) Chrome/109.0.0.0 Safari/537.36 Edg/109.0.1518.55" "www.ysfine.com"
71.178.208.102 - - [20/Jan/2023:21:22:12 -0800] "GET /style/zero01b.jpg HTTP/1.1" 200 27421 "https://www.ysfine.com/style/songs.html" "Mozilla/5.0 (Windows NT 10.0; Win64; x64) AppleWebKit/537.36 (KHTML, like Gecko) Chrome/109.0.0.0 Safari/537.36 Edg/109.0.1518.55" "www.ysfine.com"
71.178.208.102 - - [20/Jan/2023:21:22:12 -0800] "GET /style/hamako11b.jpg HTTP/1.1" 200 33344 "https://www.ysfine.com/style/songs.html" "Mozilla/5.0 (Windows NT 10.0; Win64; x64) AppleWebKit/537.36 (KHTML, like Gecko) Chrome/109.0.0.0 Safari/537.36 Edg/109.0.1518.55" "www.ysfine.com"
71.178.208.102 - - [20/Jan/2023:21:22:12 -0800] "GET /style/hifi01b.jpg HTTP/1.1" 200 24818 "https://www.ysfine.com/style/songs.html" "Mozilla/5.0 (Windows NT 10.0; Win64; x64) AppleWebKit/537.36 (KHTML, like Gecko) Chrome/109.0.0.0 Safari/537.36 Edg/109.0.1518.55" "www.ysfine.com"
71.178.208.102 - - [20/Jan/2023:21:22:12 -0800] "GET /style/jpsingap01b.jpg HTTP/1.1" 200 52443 "https://www.ysfine.com/style/songs.html" "Mozilla/5.0 (Windows NT 10.0; Win64; x64) AppleWebKit/537.36 (KHTML, like Gecko) Chrome/109.0.0.0 Safari/537.36 Edg/109.0.1518.55" "www.ysfine.com"
71.178.208.102 - - [20/Jan/2023:21:22:12 -0800] "GET /style/yasukuni11b.jpg HTTP/1.1" 200 53460 "https://www.ysfine.com/style/songs.html" "Mozilla/5.0 (Windows NT 10.0; Win64; x64) AppleWebKit/537.36 (KHTML, like Gecko) Chrome/109.0.0.0 Safari/537.36 Edg/109.0.1518.55" "www.ysfine.com"
71.178.208.102 - - [20/Jan/2023:21:22:12 -0800] "GET /style/xiangran66b.jpg HTTP/1.1" 200 30098 "https://www.ysfine.com/style/songs.html" "Mozilla/5.0 (Windows NT 10.0; Win64; x64) AppleWebKit/537.36 (KHTML, like Gecko) Chrome/109.0.0.0 Safari/537.36 Edg/109.0.1518.55" "www.ysfine.com"
71.178.208.102 - - [20/Jan/2023:21:22:12 -0800] "GET /kobak/taylor11b.jpg HTTP/1.1" 200 42467 "https://www.ysfine.com/style/songs.html" "Mozilla/5.0 (Windows NT 10.0; Win64; x64) AppleWebKit/537.36 (KHTML, like Gecko) Chrome/109.0.0.0 Safari/537.36 Edg/109.0.1518.55" "www.ysfine.com"
71.178.208.102 - - [20/Jan/2023:21:22:12 -0800] "GET /kobak/kimkoo01b.jpg HTTP/1.1" 200 35261 "https://www.ysfine.com/style/songs.html" "Mozilla/5.0 (Windows NT 10.0; Win64; x64) AppleWebKit/537.36 (KHTML, like Gecko) Chrome/109.0.0.0 Safari/537.36 Edg/109.0.1518.55" "www.ysfine.com"
71.178.208.102 - - [20/Jan/2023:21:22:12 -0800] "GET /style/yasukuni22b.jpg HTTP/1.1" 200 35342 "https://www.ysfine.com/style/songs.html" "Mozilla/5.0 (Windows NT 10.0; Win64; x64) AppleWebKit/537.36 (KHTML, like Gecko) Chrome/109.0.0.0 Safari/537.36 Edg/109.0.1518.55" "www.ysfine.com"
71.178.208.102 - - [20/Jan/2023:21:22:12 -0800] "GET /style/owaves2.jpg HTTP/1.1" 200 55324 "https://www.ysfine.com/style/songs.html" "Mozilla/5.0 (Windows NT 10.0; Win64; x64) AppleWebKit/537.36 (KHTML, like Gecko) Chrome/109.0.0.0 Safari/537.36 Edg/109.0.1518.55" "www.ysfine.com"
71.178.208.102 - - [20/Jan/2023:21:22:12 -0800] "GET /style/sousa2.jpg HTTP/1.1" 200 42173 "https://www.ysfine.com/style/songs.html" "Mozilla/5.0 (Windows NT 10.0; Win64; x64) AppleWebKit/537.36 (KHTML, like Gecko) Chrome/109.0.0.0 Safari/537.36 Edg/109.0.1518.55" "www.ysfine.com"
71.178.208.102 - - [20/Jan/2023:21:22:12 -0800] "GET /style/hamako33b.jpg HTTP/1.1" 200 44854 "https://www.ysfine.com/style/songs.html" "Mozilla/5.0 (Windows NT 10.0; Win64; x64) AppleWebKit/537.36 (KHTML, like Gecko) Chrome/109.0.0.0 Safari/537.36 Edg/109.0.1518.55" "www.ysfine.com"
71.178.208.102 - - [20/Jan/2023:21:22:12 -0800] "GET /style/shcampus11b.jpg HTTP/1.1" 200 53039 "https://www.ysfine.com/style/songs.html" "Mozilla/5.0 (Windows NT 10.0; Win64; x64) AppleWebKit/537.36 (KHTML, like Gecko) Chrome/109.0.0.0 Safari/537.36 Edg/109.0.1518.55" "www.ysfine.com"
71.178.208.102 - - [20/Jan/2023:21:22:12 -0800] "GET /style/mieko22b.jpg HTTP/1.1" 200 41674 "https://www.ysfine.com/style/songs.html" "Mozilla/5.0 (Windows NT 10.0; Win64; x64) AppleWebKit/537.36 (KHTML, like Gecko) Chrome/109.0.0.0 Safari/537.36 Edg/109.0.1518.55" "www.ysfine.com"
71.178.208.102 - - [20/Jan/2023:21:22:12 -0800] "GET /kobak/arisaka99b.jpg HTTP/1.1" 200 48028 "https://www.ysfine.com/style/songs.html" "Mozilla/5.0 (Windows NT 10.0; Win64; x64) AppleWebKit/537.36 (KHTML, like Gecko) Chrome/109.0.0.0 Safari/537.36 Edg/109.0.1518.55" "www.ysfine.com"
71.178.208.102 - - [20/Jan/2023:21:22:12 -0800] "GET /world/hungary/hunband01b.jpg HTTP/1.1" 200 46280 "https://www.ysfine.com/style/songs.html" "Mozilla/5.0 (Windows NT 10.0; Win64; x64) AppleWebKit/537.36 (KHTML, like Gecko) Chrome/109.0.0.0 Safari/537.36 Edg/109.0.1518.55" "www.ysfine.com"
71.178.208.102 - - [20/Jan/2023:21:22:12 -0800] "GET /style/xiangran22b.jpg HTTP/1.1" 200 56332 "https://www.ysfine.com/style/songs.html" "Mozilla/5.0 (Windows NT 10.0; Win64; x64) AppleWebKit/537.36 (KHTML, like Gecko) Chrome/109.0.0.0 Safari/537.36 Edg/109.0.1518.55" "www.ysfine.com"
71.178.208.102 - - [20/Jan/2023:21:22:12 -0800] "GET /style/xiangran11b.jpg HTTP/1.1" 200 47472 "https://www.ysfine.com/style/songs.html" "Mozilla/5.0 (Windows NT 10.0; Win64; x64) AppleWebKit/537.36 (KHTML, like Gecko) Chrome/109.0.0.0 Safari/537.36 Edg/109.0.1518.55" "www.ysfine.com"
71.178.208.102 - - [20/Jan/2023:21:22:12 -0800] "GET /style/xiangran55b.jpg HTTP/1.1" 200 39739 "https://www.ysfine.com/style/songs.html" "Mozilla/5.0 (Windows NT 10.0; Win64; x64) AppleWebKit/537.36 (KHTML, like Gecko) Chrome/109.0.0.0 Safari/537.36 Edg/109.0.1518.55" "www.ysfine.com"
71.178.208.102 - - [20/Jan/2023:21:22:12 -0800] "GET /style/xiangran33b.jpg HTTP/1.1" 200 26488 "https://www.ysfine.com/style/songs.html" "Mozilla/5.0 (Windows NT 10.0; Win64; x64) AppleWebKit/537.36 (KHTML, like Gecko) Chrome/109.0.0.0 Safari/537.36 Edg/109.0.1518.55" "www.ysfine.com"
71.178.208.102 - - [20/Jan/2023:21:22:12 -0800] "GET /kobak/swr51b.jpg HTTP/1.1" 200 31277 "https://www.ysfine.com/style/songs.html" "Mozilla/5.0 (Windows NT 10.0; Win64; x64) AppleWebKit/537.36 (KHTML, like Gecko) Chrome/109.0.0.0 Safari/537.36 Edg/109.0.1518.55" "www.ysfine.com"
71.178.208.102 - - [20/Jan/2023:21:22:12 -0800] "GET /world/germany/berlin005b.jpg HTTP/1.1" 200 31205 "https://www.ysfine.com/style/songs.html" "Mozilla/5.0 (Windows NT 10.0; Win64; x64) AppleWebKit/537.36 (KHTML, like Gecko) Chrome/109.0.0.0 Safari/537.36 Edg/109.0.1518.55" "www.ysfine.com"
71.178.208.102 - - [20/Jan/2023:21:22:13 -0800] "GET /style/mieko11b.jpg HTTP/1.1" 200 53779 "https://www.ysfine.com/style/songs.html" "Mozilla/5.0 (Windows NT 10.0; Win64; x64) AppleWebKit/537.36 (KHTML, like Gecko) Chrome/109.0.0.0 Safari/537.36 Edg/109.0.1518.55" "www.ysfine.com"
71.178.208.102 - - [20/Jan/2023:21:22:13 -0800] "GET /style/akiko55.jpg HTTP/1.1" 200 48868 "https://www.ysfine.com/style/songs.html" "Mozilla/5.0 (Windows NT 10.0; Win64; x64) AppleWebKit/537.36 (KHTML, like Gecko) Chrome/109.0.0.0 Safari/537.36 Edg/109.0.1518.55" "www.ysfine.com"
71.178.208.102 - - [20/Jan/2023:21:22:13 -0800] "GET /usca/calif/sanfr021b.jpg HTTP/1.1" 200 47196 "https://www.ysfine.com/style/songs.html" "Mozilla/5.0 (Windows NT 10.0; Win64; x64) AppleWebKit/537.36 (KHTML, like Gecko) Chrome/109.0.0.0 Safari/537.36 Edg/109.0.1518.55" "www.ysfine.com"
71.178.208.102 - - [20/Jan/2023:21:22:13 -0800] "GET /style/hibari11b.jpg HTTP/1.1" 200 35625 "https://www.ysfine.com/style/songs.html" "Mozilla/5.0 (Windows NT 10.0; Win64; x64) AppleWebKit/537.36 (KHTML, like Gecko) Chrome/109.0.0.0 Safari/537.36 Edg/109.0.1518.55" "www.ysfine.com"
71.178.208.102 - - [20/Jan/2023:21:22:13 -0800] "GET /style/akiko2.jpg HTTP/1.1" 200 50482 "https://www.ysfine.com/style/songs.html" "Mozilla/5.0 (Windows NT 10.0; Win64; x64) AppleWebKit/537.36 (KHTML, like Gecko) Chrome/109.0.0.0 Safari/537.36 Edg/109.0.1518.55" "www.ysfine.com"
71.178.208.102 - - [20/Jan/2023:21:22:13 -0800] "GET /style/fujiyama2.jpg HTTP/1.1" 200 47368 "https://www.ysfine.com/style/songs.html" "Mozilla/5.0 (Windows NT 10.0; Win64; x64) AppleWebKit/537.36 (KHTML, like Gecko) Chrome/109.0.0.0 Safari/537.36 Edg/109.0.1518.55" "www.ysfine.com"
71.178.208.102 - - [20/Jan/2023:21:22:13 -0800] "GET /beau/aline/ana11b.jpg HTTP/1.1" 404 88 "https://www.ysfine.com/style/songs.html" "Mozilla/5.0 (Windows NT 10.0; Win64; x64) AppleWebKit/537.36 (KHTML, like Gecko) Chrome/109.0.0.0 Safari/537.36 Edg/109.0.1518.55" "www.ysfine.com"
71.178.208.102 - - [20/Jan/2023:21:22:13 -0800] "GET /style/johannstra11b.jpg HTTP/1.1" 200 50080 "https://www.ysfine.com/style/songs.html" "Mozilla/5.0 (Windows NT 10.0; Win64; x64) AppleWebKit/537.36 (KHTML, like Gecko) Chrome/109.0.0.0 Safari/537.36 Edg/109.0.1518.55" "www.ysfine.com"
71.178.208.102 - - [20/Jan/2023:21:22:13 -0800] "GET /style/flamen2.jpg HTTP/1.1" 200 46908 "https://www.ysfine.com/style/songs.html" "Mozilla/5.0 (Windows NT 10.0; Win64; x64) AppleWebKit/537.36 (KHTML, like Gecko) Chrome/109.0.0.0 Safari/537.36 Edg/109.0.1518.55" "www.ysfine.com"
71.178.208.102 - - [20/Jan/2023:21:22:13 -0800] "GET /style/hibari22b.jpg HTTP/1.1" 200 39644 "https://www.ysfine.com/style/songs.html" "Mozilla/5.0 (Windows NT 10.0; Win64; x64) AppleWebKit/537.36 (KHTML, like Gecko) Chrome/109.0.0.0 Safari/537.36 Edg/109.0.1518.55" "www.ysfine.com"
71.178.208.102 - - [20/Jan/2023:21:22:13 -0800] "GET /style/durbin2.jpg HTTP/1.1" 200 34965 "https://www.ysfine.com/style/songs.html" "Mozilla/5.0 (Windows NT 10.0; Win64; x64) AppleWebKit/537.36 (KHTML, like Gecko) Chrome/109.0.0.0 Safari/537.36 Edg/109.0.1518.55" "www.ysfine.com"
71.178.208.102 - - [20/Jan/2023:21:22:13 -0800] "GET /style/brahms2.jpg HTTP/1.1" 200 43601 "https://www.ysfine.com/style/songs.html" "Mozilla/5.0 (Windows NT 10.0; Win64; x64) AppleWebKit/537.36 (KHTML, like Gecko) Chrome/109.0.0.0 Safari/537.36 Edg/109.0.1518.55" "www.ysfine.com"
71.178.208.102 - - [20/Jan/2023:21:22:13 -0800] "GET /world/france/eiffel05b.jpg HTTP/1.1" 200 26314 "https://www.ysfine.com/style/songs.html" "Mozilla/5.0 (Windows NT 10.0; Win64; x64) AppleWebKit/537.36 (KHTML, like Gecko) Chrome/109.0.0.0 Safari/537.36 Edg/109.0.1518.55" "www.ysfine.com"
71.178.208.102 - - [20/Jan/2023:21:22:13 -0800] "GET /kobak/jutlandia2.jpg HTTP/1.1" 200 34252 "https://www.ysfine.com/style/songs.html" "Mozilla/5.0 (Windows NT 10.0; Win64; x64) AppleWebKit/537.36 (KHTML, like Gecko) Chrome/109.0.0.0 Safari/537.36 Edg/109.0.1518.55" "www.ysfine.com"
71.178.208.102 - - [20/Jan/2023:21:22:13 -0800] "GET /style/verdi11b.jpg HTTP/1.1" 200 40111 "https://www.ysfine.com/style/songs.html" "Mozilla/5.0 (Windows NT 10.0; Win64; x64) AppleWebKit/537.36 (KHTML, like Gecko) Chrome/109.0.0.0 Safari/537.36 Edg/109.0.1518.55" "www.ysfine.com"
71.178.208.102 - - [20/Jan/2023:21:22:13 -0800] "GET /world/germany/schonbr03b.jpg HTTP/1.1" 200 46623 "https://www.ysfine.com/style/songs.html" "Mozilla/5.0 (Windows NT 10.0; Win64; x64) AppleWebKit/537.36 (KHTML, like Gecko) Chrome/109.0.0.0 Safari/537.36 Edg/109.0.1518.55" "www.ysfine.com"
71.178.208.102 - - [20/Jan/2023:21:22:13 -0800] "GET /world/ital/lascala05b.jpg HTTP/1.1" 200 35719 "https://www.ysfine.com/style/songs.html" "Mozilla/5.0 (Windows NT 10.0; Win64; x64) AppleWebKit/537.36 (KHTML, like Gecko) Chrome/109.0.0.0 Safari/537.36 Edg/109.0.1518.55" "www.ysfine.com"
71.178.208.102 - - [20/Jan/2023:21:22:13 -0800] "GET /style/sarahchang01b.jpg HTTP/1.1" 200 50797 "https://www.ysfine.com/style/songs.html" "Mozilla/5.0 (Windows NT 10.0; Win64; x64) AppleWebKit/537.36 (KHTML, like Gecko) Chrome/109.0.0.0 Safari/537.36 Edg/109.0.1518.55" "www.ysfine.com"
71.178.208.102 - - [20/Jan/2023:21:22:13 -0800] "GET /world/russ/spbm07b.jpg HTTP/1.1" 200 42946 "https://www.ysfine.com/style/songs.html" "Mozilla/5.0 (Windows NT 10.0; Win64; x64) AppleWebKit/537.36 (KHTML, like Gecko) Chrome/109.0.0.0 Safari/537.36 Edg/109.0.1518.55" "www.ysfine.com"
71.178.208.102 - - [20/Jan/2023:21:22:13 -0800] "GET /style/chulmo2.jpg HTTP/1.1" 200 49387 "https://www.ysfine.com/style/songs.html" "Mozilla/5.0 (Windows NT 10.0; Win64; x64) AppleWebKit/537.36 (KHTML, like Gecko) Chrome/109.0.0.0 Safari/537.36 Edg/109.0.1518.55" "www.ysfine.com"
71.178.208.102 - - [20/Jan/2023:21:22:13 -0800] "GET /style/chopingr11b.jpg HTTP/1.1" 200 68030 "https://www.ysfine.com/style/songs.html" "Mozilla/5.0 (Windows NT 10.0; Win64; x64) AppleWebKit/537.36 (KHTML, like Gecko) Chrome/109.0.0.0 Safari/537.36 Edg/109.0.1518.55" "www.ysfine.com"
71.178.208.102 - - [20/Jan/2023:21:22:13 -0800] "GET /world/germany/hofbrau33b.jpg HTTP/1.1" 200 51219 "https://www.ysfine.com/style/songs.html" "Mozilla/5.0 (Windows NT 10.0; Win64; x64) AppleWebKit/537.36 (KHTML, like Gecko) Chrome/109.0.0.0 Safari/537.36 Edg/109.0.1518.55" "www.ysfine.com"
71.178.208.102 - - [20/Jan/2023:21:22:13 -0800] "GET /kobak/105mm2.jpg HTTP/1.1" 200 54167 "https://www.ysfine.com/style/songs.html" "Mozilla/5.0 (Windows NT 10.0; Win64; x64) AppleWebKit/537.36 (KHTML, like Gecko) Chrome/109.0.0.0 Safari/537.36 Edg/109.0.1518.55" "www.ysfine.com"
71.178.208.102 - - [20/Jan/2023:21:22:13 -0800] "GET /style/vienopera22b.jpg HTTP/1.1" 200 52023 "https://www.ysfine.com/style/songs.html" "Mozilla/5.0 (Windows NT 10.0; Win64; x64) AppleWebKit/537.36 (KHTML, like Gecko) Chrome/109.0.0.0 Safari/537.36 Edg/109.0.1518.55" "www.ysfine.com"
71.178.208.102 - - [20/Jan/2023:21:22:13 -0800] "GET /maga/invent/joak11b.jpg HTTP/1.1" 200 40558 "https://www.ysfine.com/style/songs.html" "Mozilla/5.0 (Windows NT 10.0; Win64; x64) AppleWebKit/537.36 (KHTML, like Gecko) Chrome/109.0.0.0 Safari/537.36 Edg/109.0.1518.55" "www.ysfine.com"
71.178.208.102 - - [20/Jan/2023:21:22:13 -0800] "GET /style/beetho11b.jpg HTTP/1.1" 200 51004 "https://www.ysfine.com/style/songs.html" "Mozilla/5.0 (Windows NT 10.0; Win64; x64) AppleWebKit/537.36 (KHTML, like Gecko) Chrome/109.0.0.0 Safari/537.36 Edg/109.0.1518.55" "www.ysfine.com"
71.178.208.102 - - [20/Jan/2023:21:22:13 -0800] "GET /world/russ/ihousem22b.jpg HTTP/1.1" 404 88 "https://www.ysfine.com/style/songs.html" "Mozilla/5.0 (Windows NT 10.0; Win64; x64) AppleWebKit/537.36 (KHTML, like Gecko) Chrome/109.0.0.0 Safari/537.36 Edg/109.0.1518.55" "www.ysfine.com"
71.178.208.102 - - [20/Jan/2023:21:22:24 -0800] "GET /style/hifi01.jpg HTTP/1.1" 200 61475 "https://www.ysfine.com/style/songs.html" "Mozilla/5.0 (Windows NT 10.0; Win64; x64) AppleWebKit/537.36 (KHTML, like Gecko) Chrome/109.0.0.0 Safari/537.36 Edg/109.0.1518.55" "www.ysfine.com"
207.46.13.176 - - [20/Jan/2023:21:23:06 -0800] "GET /bio/eink/buythisbook.html HTTP/1.1" 404 88 "-" "Mozilla/5.0 AppleWebKit/537.36 (KHTML, like Gecko; compatible; bingbot/2.0; +http://www.bing.com/bingbot.htm) Chrome/103.0.5060.134 Safari/537.36" "ysfine.com"
207.46.13.167 - - [20/Jan/2023:21:26:28 -0800] "GET /awards/marq/marq16d.jpg HTTP/1.1" 200 107457 "-" "Mozilla/5.0 AppleWebKit/537.36 (KHTML, like Gecko; compatible; bingbot/2.0; +http://www.bing.com/bingbot.htm) Chrome/103.0.5060.134 Safari/537.36" "www.ysfine.com"
66.249.70.30 - - [20/Jan/2023:21:26:43 -0800] "GET /world/scandi/bernadotte2.jpg HTTP/1.1" 200 57227 "-" "Googlebot-Image/1.0" "ysfine.com"
207.46.13.31 - - [20/Jan/2023:21:29:05 -0800] "GET /beau/belgistu01.jpg HTTP/1.1" 404 88 "-" "Mozilla/5.0 AppleWebKit/537.36 (KHTML, like Gecko; compatible; bingbot/2.0; +http://www.bing.com/bingbot.htm) Chrome/103.0.5060.134 Safari/537.36" "ysfine.com"
66.249.70.4 - - [20/Jan/2023:21:29:17 -0800] "GET /world/baltic/tallin57c.jpg HTTP/1.1" 304 - "-" "Googlebot-Image/1.0" "ysfine.com"
99.199.137.236 - - [20/Jan/2023:21:32:10 -0800] "GET /princeton/sbk87.jpg HTTP/1.1" 200 174738 "https://www.google.com/" "Mozilla/5.0 (Macintosh; Intel Mac OS X 10_15_7) AppleWebKit/537.36 (KHTML, like Gecko) Chrome/108.0.0.0 Safari/537.36" "ysfine.com"
207.46.13.176 - - [20/Jan/2023:21:32:47 -0800] "GET /bio/kobak/soraech.html HTTP/1.1" 404 88 "-" "Mozilla/5.0 AppleWebKit/537.36 (KHTML, like Gecko; compatible; bingbot/2.0; +http://www.bing.com/bingbot.htm) Chrome/103.0.5060.134 Safari/537.36" "ysfine.com"
66.249.70.4 - - [20/Jan/2023:21:33:15 -0800] "GET /wdc/kobell07.jpg HTTP/1.1" 200 124326 "-" "Googlebot-Image/1.0" "ysfine.com"
66.249.70.3 - - [20/Jan/2023:21:33:30 -0800] "GET /world/baltic/rigaf01b.jpg HTTP/1.1" 304 - "-" "Googlebot-Image/1.0" "ysfine.com"
123.141.2.66 - - [20/Jan/2023:21:36:06 -0800] "GET /eink/wigkim11b.jpg HTTP/1.1" 200 38616 "-" "python-requests/2.25.1" "www.ysfine.com"
123.141.2.66 - - [20/Jan/2023:21:36:06 -0800] "GET /eink/eink22.jpg HTTP/1.1" 200 179372 "-" "python-requests/2.25.1" "www.ysfine.com"
123.141.2.66 - - [20/Jan/2023:21:36:07 -0800] "GET /maga/phys/sommerfeld97b.jpg HTTP/1.1" 200 21093 "-" "python-requests/2.25.1" "ysfine.com"
123.141.2.66 - - [20/Jan/2023:21:36:07 -0800] "GET /people/sbt11.jpg HTTP/1.1" 200 166706 "-" "python-requests/2.25.1" "ysfine.com"
207.46.13.31 - - [20/Jan/2023:21:36:37 -0800] "GET /bio/sbk/1950.html HTTP/1.1" 404 88 "-" "Mozilla/5.0 AppleWebKit/537.36 (KHTML, like Gecko; compatible; bingbot/2.0; +http://www.bing.com/bingbot.htm) Chrome/103.0.5060.134 Safari/537.36" "ysfine.com"
207.46.13.15 - - [20/Jan/2023:21:39:26 -0800] "GET /bio/style/proschanie.html HTTP/1.1" 404 88 "-" "Mozilla/5.0 AppleWebKit/537.36 (KHTML, like Gecko; compatible; bingbot/2.0; +http://www.bing.com/bingbot.htm) Chrome/103.0.5060.134 Safari/537.36" "ysfine.com"
71.190.235.213 - - [20/Jan/2023:21:40:06 -0800] "GET /newyork/saks00c.jpg HTTP/1.1" 200 73813 "-" "Mozilla/5.0 (Macintosh; Intel Mac OS X 10_15_7) AppleWebKit/537.36 (KHTML, like Gecko) Chrome/109.0.0.0 Safari/537.36" "ysfine.com"
207.46.13.167 - - [20/Jan/2023:21:41:53 -0800] "GET /bio/princeton/campus.html HTTP/1.1" 404 88 "-" "Mozilla/5.0 AppleWebKit/537.36 (KHTML, like Gecko; compatible; bingbot/2.0; +http://www.bing.com/bingbot.htm) Chrome/103.0.5060.134 Safari/537.36" "ysfine.com"
34.136.185.182 - - [20/Jan/2023:21:42:56 -0800] "GET /newyork/saks00c.jpg HTTP/1.1" 304 - "https://my.pixsy.com/matches" "FullStoryBot/1.0 (+https://www.fullstory.com)" "ysfine.com"
34.173.34.164 - - [20/Jan/2023:21:42:56 -0800] "GET /newyork/saks00c.jpg HTTP/1.1" 304 - "https://my.pixsy.com/matches" "FullStoryBot/1.0 (+https://www.fullstory.com)" "ysfine.com"
207.46.13.31 - - [20/Jan/2023:21:42:58 -0800] "GET /bio/style/artlove.html HTTP/1.1" 404 88 "-" "Mozilla/5.0 AppleWebKit/537.36 (KHTML, like Gecko; compatible; bingbot/2.0; +http://www.bing.com/bingbot.htm) Chrome/103.0.5060.134 Safari/537.36" "ysfine.com"
66.249.70.30 - - [20/Jan/2023:21:44:15 -0800] "GET /world/france/louvre11.jpg HTTP/1.1" 200 90911 "-" "Googlebot-Image/1.0" "ysfine.com"
73.239.94.86 - - [20/Jan/2023:21:44:35 -0800] "GET /maga/invent/tesla11b.jpg HTTP/1.1" 200 47570 "https://www.google.com/" "Mozilla/5.0 (Windows NT 10.0; Win64; x64) AppleWebKit/537.36 (KHTML, like Gecko) Chrome/109.0.0.0 Safari/537.36" "ysfine.com"
66.249.70.30 - - [20/Jan/2023:21:44:50 -0800] "GET /world/baltic/riga20b.jpg HTTP/1.1" 200 28147 "-" "Googlebot-Image/1.0" "ysfine.com"
195.191.219.133 - - [20/Jan/2023:21:45:20 -0800] "GET /robots.txt HTTP/1.1" 404 73 "-" "Mozilla/5.0 (compatible; MJ12bot/v1.4.8; http://mj12bot.com/)" "ysfine.com"
195.191.219.133 - - [20/Jan/2023:21:45:21 -0800] "GET /einstein/ulm.html HTTP/1.1" 200 6713 "-" "Mozilla/5.0 (compatible; MJ12bot/v1.4.8; http://mj12bot.com/)" "ysfine.com"
42.241.53.87 - - [20/Jan/2023:21:46:04 -0800] "GET /wigner/wiglittle.pdf HTTP/1.1" 200 2659296 "https://www.google.com.au/" "Mozilla/5.0 (iPhone; CPU iPhone OS 15_7_2 like Mac OS X) AppleWebKit/605.1.15 (KHTML, like Gecko) Version/15.6.4 Mobile/15E148 Safari/604.1" "ysfine.com"
