77.64.141.51 - - [21/Jan/2023:14:29:22 -0800] "GET /yspapers/iopbook15.pdf HTTP/1.1" 206 65536 "https://www.google.com/" "Mozilla/5.0 (X11; Linux x86_64; rv:91.0) Gecko/20100101 Firefox/91.0" "ysfine.com"
77.64.141.51 - - [21/Jan/2023:14:29:22 -0800] "GET /yspapers/iopbook15.pdf HTTP/1.1" 206 65536 "https://www.google.com/" "Mozilla/5.0 (X11; Linux x86_64; rv:91.0) Gecko/20100101 Firefox/91.0" "ysfine.com"
77.64.141.51 - - [21/Jan/2023:14:29:22 -0800] "GET /yspapers/iopbook15.pdf HTTP/1.1" 206 65536 "https://www.google.com/" "Mozilla/5.0 (X11; Linux x86_64; rv:91.0) Gecko/20100101 Firefox/91.0" "ysfine.com"
77.64.141.51 - - [21/Jan/2023:14:29:22 -0800] "GET /yspapers/iopbook15.pdf HTTP/1.1" 206 65536 "https://www.google.com/" "Mozilla/5.0 (X11; Linux x86_64; rv:91.0) Gecko/20100101 Firefox/91.0" "ysfine.com"
77.64.141.51 - - [21/Jan/2023:14:29:22 -0800] "GET /yspapers/iopbook15.pdf HTTP/1.1" 206 65536 "https://www.google.com/" "Mozilla/5.0 (X11; Linux x86_64; rv:91.0) Gecko/20100101 Firefox/91.0" "ysfine.com"
77.64.141.51 - - [21/Jan/2023:14:29:22 -0800] "GET /yspapers/iopbook15.pdf HTTP/1.1" 206 65536 "https://www.google.com/" "Mozilla/5.0 (X11; Linux x86_64; rv:91.0) Gecko/20100101 Firefox/91.0" "ysfine.com"
77.64.141.51 - - [21/Jan/2023:14:29:22 -0800] "GET /yspapers/iopbook15.pdf HTTP/1.1" 206 65536 "https://www.google.com/" "Mozilla/5.0 (X11; Linux x86_64; rv:91.0) Gecko/20100101 Firefox/91.0" "ysfine.com"
77.64.141.51 - - [21/Jan/2023:14:29:22 -0800] "GET /yspapers/iopbook15.pdf HTTP/1.1" 206 65536 "https://www.google.com/" "Mozilla/5.0 (X11; Linux x86_64; rv:91.0) Gecko/20100101 Firefox/91.0" "ysfine.com"
77.64.141.51 - - [21/Jan/2023:14:29:22 -0800] "GET /yspapers/iopbook15.pdf HTTP/1.1" 206 65536 "https://www.google.com/" "Mozilla/5.0 (X11; Linux x86_64; rv:91.0) Gecko/20100101 Firefox/91.0" "ysfine.com"
77.64.141.51 - - [21/Jan/2023:14:29:22 -0800] "GET /yspapers/iopbook15.pdf HTTP/1.1" 206 65536 "https://www.google.com/" "Mozilla/5.0 (X11; Linux x86_64; rv:91.0) Gecko/20100101 Firefox/91.0" "ysfine.com"
77.64.141.51 - - [21/Jan/2023:14:29:22 -0800] "GET /yspapers/iopbook15.pdf HTTP/1.1" 206 65536 "https://www.google.com/" "Mozilla/5.0 (X11; Linux x86_64; rv:91.0) Gecko/20100101 Firefox/91.0" "ysfine.com"
77.64.141.51 - - [21/Jan/2023:14:29:22 -0800] "GET /yspapers/iopbook15.pdf HTTP/1.1" 206 65536 "https://www.google.com/" "Mozilla/5.0 (X11; Linux x86_64; rv:91.0) Gecko/20100101 Firefox/91.0" "ysfine.com"
77.64.141.51 - - [21/Jan/2023:14:29:28 -0800] "GET /yspapers/iopbook15.pdf HTTP/1.1" 206 65536 "https://www.google.com/" "Mozilla/5.0 (X11; Linux x86_64; rv:91.0) Gecko/20100101 Firefox/91.0" "ysfine.com"
51.222.253.13 - - [21/Jan/2023:14:30:38 -0800] "GET /wigner/neum/futcomp.html HTTP/1.1" 200 1986 "-" "Mozilla/5.0 (compatible; AhrefsBot/7.0; +http://ahrefs.com/robot/)" "www.ysfine.com"
51.222.253.11 - - [21/Jan/2023:14:30:41 -0800] "GET /wigner/neum/sevan2.jpg HTTP/1.1" 200 43716 "-" "Mozilla/5.0 (compatible; AhrefsBot/7.0; +http://ahrefs.com/robot/)" "www.ysfine.com"
51.222.253.17 - - [21/Jan/2023:14:30:41 -0800] "GET /wigner/neum/archurch.jpg HTTP/1.1" 200 99588 "-" "Mozilla/5.0 (compatible; AhrefsBot/7.0; +http://ahrefs.com/robot/)" "www.ysfine.com"
51.222.253.4 - - [21/Jan/2023:14:30:42 -0800] "GET /wigner/neum/ararat2.jpg HTTP/1.1" 200 57758 "-" "Mozilla/5.0 (compatible; AhrefsBot/7.0; +http://ahrefs.com/robot/)" "www.ysfine.com"
207.46.13.31 - - [21/Jan/2023:14:31:25 -0800] "GET /bio/kobak/yskor.html HTTP/1.1" 404 88 "-" "Mozilla/5.0 AppleWebKit/537.36 (KHTML, like Gecko; compatible; bingbot/2.0; +http://www.bing.com/bingbot.htm) Chrome/103.0.5060.134 Safari/537.36" "ysfine.com"
116.179.32.221 - - [21/Jan/2023:14:31:48 -0800] "GET /kobak/soraech.html HTTP/1.1" 304 - "-" "Mozilla/5.0 (compatible; Baiduspider/2.0; +http://www.baidu.com/search/spider.html)" "www.ysfine.com"
114.119.143.25 - - [21/Jan/2023:14:32:23 -0800] "GET /bio054.html HTTP/1.1" 404 88 "-" "Mozilla/5.0 (Linux; Android 7.0;) AppleWebKit/537.36 (KHTML, like Gecko) Mobile Safari/537.36 (compatible; PetalBot;+https://webmaster.petalsearch.com/site/petalbot)" "ysfine.com"
207.46.13.167 - - [21/Jan/2023:14:33:10 -0800] "GET /bio/wigner/e(2).html HTTP/1.1" 404 88 "-" "Mozilla/5.0 AppleWebKit/537.36 (KHTML, like Gecko; compatible; bingbot/2.0; +http://www.bing.com/bingbot.htm) Chrome/103.0.5060.134 Safari/537.36" "ysfine.com"
51.222.253.17 - - [21/Jan/2023:14:33:56 -0800] "GET /style/beetho.html HTTP/1.1" 200 3228 "-" "Mozilla/5.0 (compatible; AhrefsBot/7.0; +http://ahrefs.com/robot/)" "www.ysfine.com"
51.222.253.14 - - [21/Jan/2023:14:33:59 -0800] "GET /style/bstring11b.jpg HTTP/1.1" 200 47537 "-" "Mozilla/5.0 (compatible; AhrefsBot/7.0; +http://ahrefs.com/robot/)" "www.ysfine.com"
51.222.253.12 - - [21/Jan/2023:14:33:59 -0800] "GET /usca/pitt/donner03b.jpg HTTP/1.1" 200 44291 "-" "Mozilla/5.0 (compatible; AhrefsBot/7.0; +http://ahrefs.com/robot/)" "www.ysfine.com"
51.222.253.16 - - [21/Jan/2023:14:34:00 -0800] "GET /style/beetho33b.jpg HTTP/1.1" 200 40829 "-" "Mozilla/5.0 (compatible; AhrefsBot/7.0; +http://ahrefs.com/robot/)" "www.ysfine.com"
51.222.253.15 - - [21/Jan/2023:14:34:00 -0800] "GET /style/tatyana11b.jpg HTTP/1.1" 200 29416 "-" "Mozilla/5.0 (compatible; AhrefsBot/7.0; +http://ahrefs.com/robot/)" "www.ysfine.com"
46.34.229.243 - - [21/Jan/2023:14:35:11 -0800] "GET /maga/histo/desiree22.jpg HTTP/1.1" 200 113561 "https://www.google.com/" "Mozilla/5.0 (Linux; Android 10; MAR-LX1A) AppleWebKit/537.36 (KHTML, like Gecko) Chrome/107.0.0.0 Mobile Safari/537.36" "ysfine.com"
157.55.39.72 - - [21/Jan/2023:14:35:24 -0800] "GET /bio.html HTTP/1.1" 200 18260 "-" "Mozilla/5.0 AppleWebKit/537.36 (KHTML, like Gecko; compatible; bingbot/2.0; +http://www.bing.com/bingbot.htm) Chrome/103.0.5060.134 Safari/537.36" "ysfine.com"
76.242.60.127 - - [21/Jan/2023:14:35:43 -0800] "GET /world/ital/vicenza04.jpg HTTP/1.1" 200 177718 "https://www.google.com/" "Mozilla/5.0 (iPhone; CPU iPhone OS 16_1_2 like Mac OS X) AppleWebKit/605.1.15 (KHTML, like Gecko) Version/16.1 Mobile/15E148 Safari/604.1" "ysfine.com"
51.222.253.2 - - [21/Jan/2023:14:37:04 -0800] "GET /dirac/integ.html HTTP/1.1" 200 6101 "-" "Mozilla/5.0 (compatible; AhrefsBot/7.0; +http://ahrefs.com/robot/)" "www.ysfine.com"
51.222.253.10 - - [21/Jan/2023:14:37:08 -0800] "GET /dirac/o32inho22c.jpg HTTP/1.1" 200 33038 "-" "Mozilla/5.0 (compatible; AhrefsBot/7.0; +http://ahrefs.com/robot/)" "www.ysfine.com"
51.222.253.11 - - [21/Jan/2023:14:37:08 -0800] "GET /dirac/parton99a.jpg HTTP/1.1" 200 52028 "-" "Mozilla/5.0 (compatible; AhrefsBot/7.0; +http://ahrefs.com/robot/)" "www.ysfine.com"
51.222.253.16 - - [21/Jan/2023:14:37:09 -0800] "GET /dirac/quantum01c.jpg HTTP/1.1" 200 24878 "-" "Mozilla/5.0 (compatible; AhrefsBot/7.0; +http://ahrefs.com/robot/)" "www.ysfine.com"
51.222.253.2 - - [21/Jan/2023:14:37:09 -0800] "GET /einstein/einbohr33c.jpg HTTP/1.1" 200 36410 "-" "Mozilla/5.0 (compatible; AhrefsBot/7.0; +http://ahrefs.com/robot/)" "www.ysfine.com"
51.222.253.5 - - [21/Jan/2023:14:37:10 -0800] "GET /dirac/dirhegel11a.jpg HTTP/1.1" 200 67205 "-" "Mozilla/5.0 (compatible; AhrefsBot/7.0; +http://ahrefs.com/robot/)" "www.ysfine.com"
51.222.253.18 - - [21/Jan/2023:14:37:10 -0800] "GET /dirac/bridge66a.jpg HTTP/1.1" 200 81947 "-" "Mozilla/5.0 (compatible; AhrefsBot/7.0; +http://ahrefs.com/robot/)" "www.ysfine.com"
51.222.253.11 - - [21/Jan/2023:14:37:11 -0800] "GET /dirac/coupo02c.jpg HTTP/1.1" 200 37786 "-" "Mozilla/5.0 (compatible; AhrefsBot/7.0; +http://ahrefs.com/robot/)" "www.ysfine.com"
51.222.253.20 - - [21/Jan/2023:14:37:11 -0800] "GET /dirac/westmin12c.jpg HTTP/1.1" 200 50280 "-" "Mozilla/5.0 (compatible; AhrefsBot/7.0; +http://ahrefs.com/robot/)" "www.ysfine.com"
51.222.253.2 - - [21/Jan/2023:14:37:12 -0800] "GET /dirac/licone300.jpg HTTP/1.1" 200 26933 "-" "Mozilla/5.0 (compatible; AhrefsBot/7.0; +http://ahrefs.com/robot/)" "www.ysfine.com"
51.222.253.14 - - [21/Jan/2023:14:37:12 -0800] "GET /dirac/dirac63c.jpg HTTP/1.1" 200 29237 "-" "Mozilla/5.0 (compatible; AhrefsBot/7.0; +http://ahrefs.com/robot/)" "www.ysfine.com"
51.222.253.7 - - [21/Jan/2023:14:37:13 -0800] "GET /dirac/comet33a.jpg HTTP/1.1" 200 54651 "-" "Mozilla/5.0 (compatible; AhrefsBot/7.0; +http://ahrefs.com/robot/)" "www.ysfine.com"
51.222.253.11 - - [21/Jan/2023:14:37:13 -0800] "GET /dirac/einbohr55c.jpg HTTP/1.1" 200 40798 "-" "Mozilla/5.0 (compatible; AhrefsBot/7.0; +http://ahrefs.com/robot/)" "www.ysfine.com"
112.186.199.84 - - [21/Jan/2023:14:38:17 -0800] "GET /102/license.txt HTTP/1.1" 404 88 "-" "Mozilla/5.0 (X11; Ubuntu; Linux x86_64; rv:62.0) Gecko/20100101 Firefox/62.0" "ysfine.com"
87.250.224.130 - - [21/Jan/2023:14:38:21 -0800] "GET /feynman/feyn86b.jpg HTTP/1.1" 200 26190 "-" "Mozilla/5.0 (compatible; YandexImages/3.0; +http://yandex.com/bots)" "ysfine.com"
185.191.171.17 - - [21/Jan/2023:14:38:28 -0800] "GET /robots.txt HTTP/1.1" 404 88 "-" "Mozilla/5.0 (compatible; SemrushBot/7~bl; +http://www.semrush.com/bot.html)" "ysfine.com"
185.191.171.9 - - [21/Jan/2023:14:38:28 -0800] "GET /folks/fdw.html HTTP/1.1" 200 45463 "-" "Mozilla/5.0 (compatible; SemrushBot/7~bl; +http://www.semrush.com/bot.html)" "ysfine.com"
207.46.13.176 - - [21/Jan/2023:14:39:53 -0800] "GET /bio/kobak/soraech.html HTTP/1.1" 404 88 "-" "Mozilla/5.0 AppleWebKit/537.36 (KHTML, like Gecko; compatible; bingbot/2.0; +http://www.bing.com/bingbot.htm) Chrome/103.0.5060.134 Safari/537.36" "ysfine.com"
51.222.253.2 - - [21/Jan/2023:14:40:32 -0800] "GET /class54/class5470/total_data/sub_339.htm HTTP/1.1" 200 3180 "-" "Mozilla/5.0 (compatible; AhrefsBot/7.0; +http://ahrefs.com/robot/)" "ysfine.com"
207.46.13.31 - - [21/Jan/2023:14:40:44 -0800] "GET /bio/style/artlove.html HTTP/1.1" 404 88 "-" "Mozilla/5.0 AppleWebKit/537.36 (KHTML, like Gecko; compatible; bingbot/2.0; +http://www.bing.com/bingbot.htm) Chrome/103.0.5060.134 Safari/537.36" "ysfine.com"
66.249.70.4 - - [21/Jan/2023:14:41:24 -0800] "GET /kowar/tanks/f80.jpg HTTP/1.1" 200 120093 "-" "Googlebot-Image/1.0" "ysfine.com"
207.46.13.167 - - [21/Jan/2023:14:43:08 -0800] "GET /world/russ/redsq02.jpg HTTP/1.1" 200 77346 "-" "Mozilla/5.0 AppleWebKit/537.36 (KHTML, like Gecko; compatible; bingbot/2.0; +http://www.bing.com/bingbot.htm) Chrome/103.0.5060.134 Safari/537.36" "ysfine.com"
51.222.253.1 - - [21/Jan/2023:14:43:42 -0800] "GET /class54/class5470/total_data/sub_340.htm HTTP/1.1" 200 3180 "-" "Mozilla/5.0 (compatible; AhrefsBot/7.0; +http://ahrefs.com/robot/)" "ysfine.com"
40.77.167.11 - - [21/Jan/2023:14:43:57 -0800] "GET /bio/kobak/namdae.html HTTP/1.1" 404 88 "-" "Mozilla/5.0 AppleWebKit/537.36 (KHTML, like Gecko; compatible; bingbot/2.0; +http://www.bing.com/bingbot.htm) Chrome/103.0.5060.134 Safari/537.36" "ysfine.com"
71.178.208.102 - - [21/Jan/2023:14:44:50 -0800] "GET /bio09.html HTTP/1.1" 200 12628 "https://ysfine.com/ys11/" "Mozilla/5.0 (Windows NT 10.0; Win64; x64) AppleWebKit/537.36 (KHTML, like Gecko) Chrome/109.0.0.0 Safari/537.36" "ysfine.com"
207.46.13.31 - - [21/Jan/2023:14:44:56 -0800] "GET /bio/sbk/1950.html HTTP/1.1" 404 88 "-" "Mozilla/5.0 AppleWebKit/537.36 (KHTML, like Gecko; compatible; bingbot/2.0; +http://www.bing.com/bingbot.htm) Chrome/103.0.5060.134 Safari/537.36" "ysfine.com"
134.122.137.45 - - [21/Jan/2023:14:46:00 -0800] "GET / HTTP/1.1" 200 5295 "http://www.ysfine.com" "Mozilla/5.0 (Windows NT 10.0; WOW64) AppleWebKit/537.36 (KHTML, like Gecko) Chrome/86.0.4240.198 Safari/537.36" "www.ysfine.com"
51.222.253.12 - - [21/Jan/2023:14:46:51 -0800] "GET /wigner/wigner39.html HTTP/1.1" 200 330 "-" "Mozilla/5.0 (compatible; AhrefsBot/7.0; +http://ahrefs.com/robot/)" "www.ysfine.com"
207.46.13.15 - - [21/Jan/2023:14:47:12 -0800] "GET /bio/style/proschanie.html HTTP/1.1" 404 88 "-" "Mozilla/5.0 AppleWebKit/537.36 (KHTML, like Gecko; compatible; bingbot/2.0; +http://www.bing.com/bingbot.htm) Chrome/103.0.5060.134 Safari/537.36" "ysfine.com"
40.77.167.11 - - [21/Jan/2023:14:47:17 -0800] "GET /bio/einstein/bern.html HTTP/1.1" 404 88 "-" "Mozilla/5.0 AppleWebKit/537.36 (KHTML, like Gecko; compatible; bingbot/2.0; +http://www.bing.com/bingbot.htm) Chrome/103.0.5060.134 Safari/537.36" "ysfine.com"
188.2.230.222 - - [21/Jan/2023:14:48:00 -0800] "GET /einstein/einboy.jpg HTTP/1.1" 200 91141 "https://www.google.com/" "Mozilla/5.0 (Linux; Android 11; SM-A505FN Build/RP1A.200720.012; wv) AppleWebKit/537.36 (KHTML, like Gecko) Version/4.0 Chrome/108.0.5359.128 Mobile Safari/537.36 GoogleApp/14.3.9.26.arm64" "ysfine.com"
174.204.196.223 - - [21/Jan/2023:14:48:18 -0800] "GET /wdc/kennedyc15.jpg HTTP/1.1" 200 79718 "https://www.google.com/" "Mozilla/5.0 (iPhone; CPU iPhone OS 16_2 like Mac OS X) AppleWebKit/605.1.15 (KHTML, like Gecko) Version/16.2 Mobile/15E148 Safari/604.1" "ysfine.com"
51.222.253.19 - - [21/Jan/2023:14:51:09 -0800] "GET /kobak/korigh.html HTTP/1.1" 200 9853 "-" "Mozilla/5.0 (compatible; AhrefsBot/7.0; +http://ahrefs.com/robot/)" "ysfine.com"
51.222.253.1 - - [21/Jan/2023:14:51:11 -0800] "GET /kowar/tanks/tank05b.jpg HTTP/1.1" 200 48742 "-" "Mozilla/5.0 (compatible; AhrefsBot/7.0; +http://ahrefs.com/robot/)" "ysfine.com"
51.222.253.17 - - [21/Jan/2023:14:51:12 -0800] "GET /kobak/kumipo01b.jpg HTTP/1.1" 200 32923 "-" "Mozilla/5.0 (compatible; AhrefsBot/7.0; +http://ahrefs.com/robot/)" "ysfine.com"
51.222.253.16 - - [21/Jan/2023:14:51:12 -0800] "GET /kobak/nicodem22b.jpg HTTP/1.1" 200 37078 "-" "Mozilla/5.0 (compatible; AhrefsBot/7.0; +http://ahrefs.com/robot/)" "ysfine.com"
51.222.253.17 - - [21/Jan/2023:14:51:12 -0800] "GET /ffriends/amkor/kostu16b.jpg HTTP/1.1" 200 43207 "-" "Mozilla/5.0 (compatible; AhrefsBot/7.0; +http://ahrefs.com/robot/)" "ysfine.com"
51.222.253.5 - - [21/Jan/2023:14:51:13 -0800] "GET /wisdom/abstrar2.jpg HTTP/1.1" 200 43834 "-" "Mozilla/5.0 (compatible; AhrefsBot/7.0; +http://ahrefs.com/robot/)" "ysfine.com"
51.222.253.9 - - [21/Jan/2023:14:51:13 -0800] "GET /style/angelus2.jpg HTTP/1.1" 200 49768 "-" "Mozilla/5.0 (compatible; AhrefsBot/7.0; +http://ahrefs.com/robot/)" "ysfine.com"
51.222.253.2 - - [21/Jan/2023:14:51:14 -0800] "GET /kobak/sorae01b.jpg HTTP/1.1" 200 31668 "-" "Mozilla/5.0 (compatible; AhrefsBot/7.0; +http://ahrefs.com/robot/)" "ysfine.com"
51.222.253.7 - - [21/Jan/2023:14:51:14 -0800] "GET /ffriends/russrio22b.jpg HTTP/1.1" 200 28891 "-" "Mozilla/5.0 (compatible; AhrefsBot/7.0; +http://ahrefs.com/robot/)" "ysfine.com"
51.222.253.3 - - [21/Jan/2023:14:51:15 -0800] "GET /kobak/sonja2.jpg HTTP/1.1" 200 31693 "-" "Mozilla/5.0 (compatible; AhrefsBot/7.0; +http://ahrefs.com/robot/)" "ysfine.com"
51.222.253.10 - - [21/Jan/2023:14:51:15 -0800] "GET /einstein/eink24b.jpg HTTP/1.1" 200 42003 "-" "Mozilla/5.0 (compatible; AhrefsBot/7.0; +http://ahrefs.com/robot/)" "ysfine.com"
51.222.253.9 - - [21/Jan/2023:14:51:16 -0800] "GET /wisdom/kwk11b.jpg HTTP/1.1" 200 46888 "-" "Mozilla/5.0 (compatible; AhrefsBot/7.0; +http://ahrefs.com/robot/)" "ysfine.com"
51.222.253.18 - - [21/Jan/2023:14:51:16 -0800] "GET /kobak/kcrown.jpg HTTP/1.1" 200 41579 "-" "Mozilla/5.0 (compatible; AhrefsBot/7.0; +http://ahrefs.com/robot/)" "ysfine.com"
51.222.253.2 - - [21/Jan/2023:14:51:17 -0800] "GET /ffriends/amkor/kostu05b.jpg HTTP/1.1" 200 40744 "-" "Mozilla/5.0 (compatible; AhrefsBot/7.0; +http://ahrefs.com/robot/)" "ysfine.com"
51.222.253.6 - - [21/Jan/2023:14:51:17 -0800] "GET /kobak/underw03b.jpg HTTP/1.1" 200 37749 "-" "Mozilla/5.0 (compatible; AhrefsBot/7.0; +http://ahrefs.com/robot/)" "ysfine.com"
51.222.253.3 - - [21/Jan/2023:14:51:17 -0800] "GET /world/russ/roskei10b.jpg HTTP/1.1" 200 36598 "-" "Mozilla/5.0 (compatible; AhrefsBot/7.0; +http://ahrefs.com/robot/)" "ysfine.com"
51.222.253.10 - - [21/Jan/2023:14:51:18 -0800] "GET /kobak/sl1975b.jpg HTTP/1.1" 200 45550 "-" "Mozilla/5.0 (compatible; AhrefsBot/7.0; +http://ahrefs.com/robot/)" "ysfine.com"
51.222.253.13 - - [21/Jan/2023:14:51:18 -0800] "GET /kobak/yoonhm2.jpg HTTP/1.1" 200 40988 "-" "Mozilla/5.0 (compatible; AhrefsBot/7.0; +http://ahrefs.com/robot/)" "ysfine.com"
51.222.253.10 - - [21/Jan/2023:14:51:19 -0800] "GET /kobak/sl2009b.jpg HTTP/1.1" 200 44357 "-" "Mozilla/5.0 (compatible; AhrefsBot/7.0; +http://ahrefs.com/robot/)" "ysfine.com"
51.222.253.2 - - [21/Jan/2023:14:51:19 -0800] "GET /kobak/swr51b.jpg HTTP/1.1" 200 31277 "-" "Mozilla/5.0 (compatible; AhrefsBot/7.0; +http://ahrefs.com/robot/)" "ysfine.com"
51.222.253.10 - - [21/Jan/2023:14:51:20 -0800] "GET /kobak/sl628b.jpg HTTP/1.1" 200 30239 "-" "Mozilla/5.0 (compatible; AhrefsBot/7.0; +http://ahrefs.com/robot/)" "ysfine.com"
51.222.253.1 - - [21/Jan/2023:14:51:20 -0800] "GET /world/russ/roskei90b.jpg HTTP/1.1" 200 50111 "-" "Mozilla/5.0 (compatible; AhrefsBot/7.0; +http://ahrefs.com/robot/)" "ysfine.com"
207.46.13.167 - - [21/Jan/2023:14:51:21 -0800] "GET /bio/princeton/campus.html HTTP/1.1" 404 88 "-" "Mozilla/5.0 AppleWebKit/537.36 (KHTML, like Gecko; compatible; bingbot/2.0; +http://www.bing.com/bingbot.htm) Chrome/103.0.5060.134 Safari/537.36" "ysfine.com"
5.28.118.109 - - [21/Jan/2023:14:52:17 -0800] "GET /world/germany/berlin051.jpg HTTP/1.1" 200 104542 "https://www.bing.com/" "Mozilla/5.0 (Windows NT 10.0; Win64; x64) AppleWebKit/537.36 (KHTML, like Gecko) Chrome/109.0.0.0 Safari/537.36 Edg/109.0.1518.61" "www.ysfine.com"
207.46.13.176 - - [21/Jan/2023:14:52:44 -0800] "GET /bio/eink/buythisbook.html HTTP/1.1" 404 88 "-" "Mozilla/5.0 AppleWebKit/537.36 (KHTML, like Gecko; compatible; bingbot/2.0; +http://www.bing.com/bingbot.htm) Chrome/103.0.5060.134 Safari/537.36" "ysfine.com"
185.191.171.8 - - [21/Jan/2023:14:52:52 -0800] "GET /folks/asian.html HTTP/1.1" 200 6987 "-" "Mozilla/5.0 (compatible; SemrushBot/7~bl; +http://www.semrush.com/bot.html)" "ysfine.com"
95.108.213.10 - - [21/Jan/2023:14:53:22 -0800] "GET /dongio/omsk.html HTTP/1.1" 404 88 "-" "Mozilla/5.0 (compatible; YandexBot/3.0; +http://yandex.com/bots) AppleWebKit/537.36 (KHTML, like Gecko) Chrome/81.0.4044.268" "www.ysfine.com"
20.163.255.20 - - [21/Jan/2023:14:53:32 -0800] "GET /yspapers/synthes11.jpg HTTP/1.1" 200 146286 "-" "Mozilla/5.0 (X11; Ubuntu; Linux x86_64; rv:72.0) Gecko/20100101 Firefox/72.0" "ysfine.com"
71.178.208.102 - - [21/Jan/2023:14:53:48 -0800] "GET /bio09.html HTTP/1.1" 200 12630 "https://www.ysfine.com/ys11/index.html" "Mozilla/5.0 (Windows NT 10.0; Win64; x64) AppleWebKit/537.36 (KHTML, like Gecko) Chrome/109.0.0.0 Safari/537.36 Edg/109.0.1518.61" "www.ysfine.com"
51.222.253.19 - - [21/Jan/2023:14:54:25 -0800] "GET /world/spb.html HTTP/1.1" 200 16118 "-" "Mozilla/5.0 (compatible; AhrefsBot/7.0; +http://ahrefs.com/robot/)" "www.ysfine.com"
51.222.253.6 - - [21/Jan/2023:14:54:27 -0800] "GET /world/russ/spbb15b.jpg HTTP/1.1" 200 39266 "-" "Mozilla/5.0 (compatible; AhrefsBot/7.0; +http://ahrefs.com/robot/)" "www.ysfine.com"
51.222.253.15 - - [21/Jan/2023:14:54:27 -0800] "GET /world/russ/spbf15b.jpg HTTP/1.1" 200 59687 "-" "Mozilla/5.0 (compatible; AhrefsBot/7.0; +http://ahrefs.com/robot/)" "www.ysfine.com"
51.222.253.4 - - [21/Jan/2023:14:54:28 -0800] "GET /world/baltic/kalin05b.jpg HTTP/1.1" 200 48785 "-" "Mozilla/5.0 (compatible; AhrefsBot/7.0; +http://ahrefs.com/robot/)" "www.ysfine.com"
51.222.253.19 - - [21/Jan/2023:14:54:28 -0800] "GET /world/russ/gatf10b.jpg HTTP/1.1" 200 37813 "-" "Mozilla/5.0 (compatible; AhrefsBot/7.0; +http://ahrefs.com/robot/)" "www.ysfine.com"
51.222.253.5 - - [21/Jan/2023:14:54:28 -0800] "GET /world/russ/liadong01b.jpg HTTP/1.1" 200 33779 "-" "Mozilla/5.0 (compatible; AhrefsBot/7.0; +http://ahrefs.com/robot/)" "www.ysfine.com"
51.222.253.18 - - [21/Jan/2023:14:54:29 -0800] "GET /world/russ/czar01b.jpg HTTP/1.1" 200 41980 "-" "Mozilla/5.0 (compatible; AhrefsBot/7.0; +http://ahrefs.com/robot/)" "www.ysfine.com"
51.222.253.19 - - [21/Jan/2023:14:54:29 -0800] "GET /world/russ/orlov11b.jpg HTTP/1.1" 200 37260 "-" "Mozilla/5.0 (compatible; AhrefsBot/7.0; +http://ahrefs.com/robot/)" "www.ysfine.com"
51.222.253.5 - - [21/Jan/2023:14:54:30 -0800] "GET /world/russ/spbm02b.jpg HTTP/1.1" 200 48172 "-" "Mozilla/5.0 (compatible; AhrefsBot/7.0; +http://ahrefs.com/robot/)" "www.ysfine.com"
51.222.253.9 - - [21/Jan/2023:14:54:30 -0800] "GET /world/russ/togo11b.jpg HTTP/1.1" 200 47383 "-" "Mozilla/5.0 (compatible; AhrefsBot/7.0; +http://ahrefs.com/robot/)" "www.ysfine.com"
51.222.253.14 - - [21/Jan/2023:14:54:31 -0800] "GET /world/russ/spbnv06b.jpg HTTP/1.1" 200 41431 "-" "Mozilla/5.0 (compatible; AhrefsBot/7.0; +http://ahrefs.com/robot/)" "www.ysfine.com"
51.222.253.3 - - [21/Jan/2023:14:54:31 -0800] "GET /world/russ/spbnv02b.jpg HTTP/1.1" 200 45724 "-" "Mozilla/5.0 (compatible; AhrefsBot/7.0; +http://ahrefs.com/robot/)" "www.ysfine.com"
51.222.253.10 - - [21/Jan/2023:14:54:32 -0800] "GET /world/russ/potemkin11b.jpg HTTP/1.1" 200 45006 "-" "Mozilla/5.0 (compatible; AhrefsBot/7.0; +http://ahrefs.com/robot/)" "www.ysfine.com"
51.222.253.5 - - [21/Jan/2023:14:54:32 -0800] "GET /world/russ/crimwar01b.jpg HTTP/1.1" 200 27703 "-" "Mozilla/5.0 (compatible; AhrefsBot/7.0; +http://ahrefs.com/robot/)" "www.ysfine.com"
51.222.253.5 - - [21/Jan/2023:14:54:32 -0800] "GET /world/russ/spbnv01b.jpg HTTP/1.1" 200 47987 "-" "Mozilla/5.0 (compatible; AhrefsBot/7.0; +http://ahrefs.com/robot/)" "www.ysfine.com"
51.222.253.10 - - [21/Jan/2023:14:54:34 -0800] "GET /world/russ/spb23b.jpg HTTP/1.1" 200 49590 "-" "Mozilla/5.0 (compatible; AhrefsBot/7.0; +http://ahrefs.com/robot/)" "www.ysfine.com"
51.222.253.14 - - [21/Jan/2023:14:54:35 -0800] "GET /world/russ/stalinorg11b.jpg HTTP/1.1" 200 47741 "-" "Mozilla/5.0 (compatible; AhrefsBot/7.0; +http://ahrefs.com/robot/)" "www.ysfine.com"
51.222.253.4 - - [21/Jan/2023:14:54:35 -0800] "GET /world/russ/spbb11b.jpg HTTP/1.1" 200 41243 "-" "Mozilla/5.0 (compatible; AhrefsBot/7.0; +http://ahrefs.com/robot/)" "www.ysfine.com"
51.222.253.12 - - [21/Jan/2023:14:54:36 -0800] "GET /world/russ/spbf01b.jpg HTTP/1.1" 200 45937 "-" "Mozilla/5.0 (compatible; AhrefsBot/7.0; +http://ahrefs.com/robot/)" "www.ysfine.com"
51.222.253.20 - - [21/Jan/2023:14:54:36 -0800] "GET /world/russ/spb06b.jpg HTTP/1.1" 200 29124 "-" "Mozilla/5.0 (compatible; AhrefsBot/7.0; +http://ahrefs.com/robot/)" "www.ysfine.com"
51.222.253.5 - - [21/Jan/2023:14:54:37 -0800] "GET /world/russ/spbb20b.jpg HTTP/1.1" 200 61916 "-" "Mozilla/5.0 (compatible; AhrefsBot/7.0; +http://ahrefs.com/robot/)" "www.ysfine.com"
51.222.253.19 - - [21/Jan/2023:14:54:37 -0800] "GET /world/russ/spb13b.jpg HTTP/1.1" 200 29637 "-" "Mozilla/5.0 (compatible; AhrefsBot/7.0; +http://ahrefs.com/robot/)" "www.ysfine.com"
51.222.253.8 - - [21/Jan/2023:14:54:37 -0800] "GET /world/russ/khabarovsk11b.jpg HTTP/1.1" 200 31203 "-" "Mozilla/5.0 (compatible; AhrefsBot/7.0; +http://ahrefs.com/robot/)" "www.ysfine.com"
51.222.253.13 - - [21/Jan/2023:14:54:38 -0800] "GET /world/russ/gatf03b.jpg HTTP/1.1" 200 38588 "-" "Mozilla/5.0 (compatible; AhrefsBot/7.0; +http://ahrefs.com/robot/)" "www.ysfine.com"
51.222.253.13 - - [21/Jan/2023:14:54:38 -0800] "GET /world/russ/spbf28b.jpg HTTP/1.1" 200 38252 "-" "Mozilla/5.0 (compatible; AhrefsBot/7.0; +http://ahrefs.com/robot/)" "www.ysfine.com"
51.222.253.9 - - [21/Jan/2023:14:54:39 -0800] "GET /world/russ/spb20b.jpg HTTP/1.1" 200 41993 "-" "Mozilla/5.0 (compatible; AhrefsBot/7.0; +http://ahrefs.com/robot/)" "www.ysfine.com"
51.222.253.10 - - [21/Jan/2023:14:54:39 -0800] "GET /world/russ/vic23b.jpg HTTP/1.1" 200 36030 "-" "Mozilla/5.0 (compatible; AhrefsBot/7.0; +http://ahrefs.com/robot/)" "www.ysfine.com"
51.222.253.19 - - [21/Jan/2023:14:54:40 -0800] "GET /world/russ/spbn17b.jpg HTTP/1.1" 200 37706 "-" "Mozilla/5.0 (compatible; AhrefsBot/7.0; +http://ahrefs.com/robot/)" "www.ysfine.com"
51.222.253.16 - - [21/Jan/2023:14:54:40 -0800] "GET /world/russ/czar10b.jpg HTTP/1.1" 200 39178 "-" "Mozilla/5.0 (compatible; AhrefsBot/7.0; +http://ahrefs.com/robot/)" "www.ysfine.com"
51.222.253.1 - - [21/Jan/2023:14:54:40 -0800] "GET /world/russ/spbf11b.jpg HTTP/1.1" 200 49354 "-" "Mozilla/5.0 (compatible; AhrefsBot/7.0; +http://ahrefs.com/robot/)" "www.ysfine.com"
51.222.253.19 - - [21/Jan/2023:14:54:41 -0800] "GET /world/russ/spbm03b.jpg HTTP/1.1" 200 39569 "-" "Mozilla/5.0 (compatible; AhrefsBot/7.0; +http://ahrefs.com/robot/)" "www.ysfine.com"
51.222.253.10 - - [21/Jan/2023:14:54:41 -0800] "GET /world/russ/czar02b.jpg HTTP/1.1" 200 27636 "-" "Mozilla/5.0 (compatible; AhrefsBot/7.0; +http://ahrefs.com/robot/)" "www.ysfine.com"
51.222.253.20 - - [21/Jan/2023:14:54:42 -0800] "GET /world/russ/czar04b.jpg HTTP/1.1" 200 56007 "-" "Mozilla/5.0 (compatible; AhrefsBot/7.0; +http://ahrefs.com/robot/)" "www.ysfine.com"
51.222.253.3 - - [21/Jan/2023:14:54:42 -0800] "GET /world/russ/czar05b.jpg HTTP/1.1" 200 43498 "-" "Mozilla/5.0 (compatible; AhrefsBot/7.0; +http://ahrefs.com/robot/)" "www.ysfine.com"
51.222.253.7 - - [21/Jan/2023:14:54:43 -0800] "GET /kobak/alexvic11b.jpg HTTP/1.1" 200 47312 "-" "Mozilla/5.0 (compatible; AhrefsBot/7.0; +http://ahrefs.com/robot/)" "www.ysfine.com"
51.222.253.8 - - [21/Jan/2023:14:54:43 -0800] "GET /world/russ/spb01b.jpg HTTP/1.1" 200 40392 "-" "Mozilla/5.0 (compatible; AhrefsBot/7.0; +http://ahrefs.com/robot/)" "www.ysfine.com"
51.222.253.8 - - [21/Jan/2023:14:54:44 -0800] "GET /world/russ/spbb18b.jpg HTTP/1.1" 200 44126 "-" "Mozilla/5.0 (compatible; AhrefsBot/7.0; +http://ahrefs.com/robot/)" "www.ysfine.com"
51.222.253.5 - - [21/Jan/2023:14:54:44 -0800] "GET /ffriends/omsk22b.jpg HTTP/1.1" 200 53762 "-" "Mozilla/5.0 (compatible; AhrefsBot/7.0; +http://ahrefs.com/robot/)" "www.ysfine.com"
51.222.253.16 - - [21/Jan/2023:14:54:45 -0800] "GET /world/russ/spbf35b.jpg HTTP/1.1" 200 47988 "-" "Mozilla/5.0 (compatible; AhrefsBot/7.0; +http://ahrefs.com/robot/)" "www.ysfine.com"
51.222.253.5 - - [21/Jan/2023:14:54:45 -0800] "GET /world/russ/spbnv07b.jpg HTTP/1.1" 200 48053 "-" "Mozilla/5.0 (compatible; AhrefsBot/7.0; +http://ahrefs.com/robot/)" "www.ysfine.com"
51.222.253.2 - - [21/Jan/2023:14:54:45 -0800] "GET /maga/invent/popov01b.jpg HTTP/1.1" 200 40727 "-" "Mozilla/5.0 (compatible; AhrefsBot/7.0; +http://ahrefs.com/robot/)" "www.ysfine.com"
51.222.253.14 - - [21/Jan/2023:14:54:46 -0800] "GET /world/russ/spbf34b.jpg HTTP/1.1" 200 26357 "-" "Mozilla/5.0 (compatible; AhrefsBot/7.0; +http://ahrefs.com/robot/)" "www.ysfine.com"
51.222.253.8 - - [21/Jan/2023:14:54:46 -0800] "GET /world/russ/spb08b.jpg HTTP/1.1" 200 32881 "-" "Mozilla/5.0 (compatible; AhrefsBot/7.0; +http://ahrefs.com/robot/)" "www.ysfine.com"
71.178.208.102 - - [21/Jan/2023:14:54:47 -0800] "GET /bio09.html HTTP/1.1" 200 12632 "https://www.ysfine.com/ys11/index.html" "Mozilla/5.0 (Windows NT 10.0; Win64; x64) AppleWebKit/537.36 (KHTML, like Gecko) Chrome/109.0.0.0 Safari/537.36 Edg/109.0.1518.61" "www.ysfine.com"
51.222.253.2 - - [21/Jan/2023:14:54:47 -0800] "GET /world/russ/spb28b.jpg HTTP/1.1" 200 34702 "-" "Mozilla/5.0 (compatible; AhrefsBot/7.0; +http://ahrefs.com/robot/)" "www.ysfine.com"
51.222.253.4 - - [21/Jan/2023:14:54:47 -0800] "GET /world/russ/spbf29b.jpg HTTP/1.1" 200 46978 "-" "Mozilla/5.0 (compatible; AhrefsBot/7.0; +http://ahrefs.com/robot/)" "www.ysfine.com"
51.222.253.8 - - [21/Jan/2023:14:54:48 -0800] "GET /world/russ/spbf62b.jpg HTTP/1.1" 200 46696 "-" "Mozilla/5.0 (compatible; AhrefsBot/7.0; +http://ahrefs.com/robot/)" "www.ysfine.com"
51.222.253.16 - - [21/Jan/2023:14:54:48 -0800] "GET /world/russ/spbm15b.jpg HTTP/1.1" 200 46762 "-" "Mozilla/5.0 (compatible; AhrefsBot/7.0; +http://ahrefs.com/robot/)" "www.ysfine.com"
51.222.253.15 - - [21/Jan/2023:14:54:48 -0800] "GET /world/russ/spb02b.jpg HTTP/1.1" 200 31691 "-" "Mozilla/5.0 (compatible; AhrefsBot/7.0; +http://ahrefs.com/robot/)" "www.ysfine.com"
51.222.253.9 - - [21/Jan/2023:14:54:49 -0800] "GET /world/russ/czar08b.jpg HTTP/1.1" 200 51147 "-" "Mozilla/5.0 (compatible; AhrefsBot/7.0; +http://ahrefs.com/robot/)" "www.ysfine.com"
51.222.253.7 - - [21/Jan/2023:14:54:49 -0800] "GET /world/russ/czar15b.jpg HTTP/1.1" 200 49426 "-" "Mozilla/5.0 (compatible; AhrefsBot/7.0; +http://ahrefs.com/robot/)" "www.ysfine.com"
51.222.253.9 - - [21/Jan/2023:14:54:50 -0800] "GET /world/russ/kremtheater22b.jpg HTTP/1.1" 200 43929 "-" "Mozilla/5.0 (compatible; AhrefsBot/7.0; +http://ahrefs.com/robot/)" "www.ysfine.com"
51.222.253.19 - - [21/Jan/2023:14:54:51 -0800] "GET /world/russ/mosko11b.jpg HTTP/1.1" 200 58877 "-" "Mozilla/5.0 (compatible; AhrefsBot/7.0; +http://ahrefs.com/robot/)" "www.ysfine.com"
51.222.253.20 - - [21/Jan/2023:14:54:51 -0800] "GET /world/russ/spbn22b.jpg HTTP/1.1" 200 28620 "-" "Mozilla/5.0 (compatible; AhrefsBot/7.0; +http://ahrefs.com/robot/)" "www.ysfine.com"
46.239.0.70 - - [21/Jan/2023:14:54:51 -0800] "GET /maga/invent/pupin33.jpg HTTP/1.1" 200 52653 "https://www.google.com/" "Mozilla/5.0 (iPhone; CPU iPhone OS 15_7 like Mac OS X) AppleWebKit/605.1.15 (KHTML, like Gecko) CriOS/109.0.5414.83 Mobile/15E148 Safari/604.1" "ysfine.com"
51.222.253.8 - - [21/Jan/2023:14:54:51 -0800] "GET /world/russ/czar06b.jpg HTTP/1.1" 200 50090 "-" "Mozilla/5.0 (compatible; AhrefsBot/7.0; +http://ahrefs.com/robot/)" "www.ysfine.com"
174.238.32.159 - - [21/Jan/2023:14:55:37 -0800] "GET /kowar/tanks.html HTTP/1.1" 200 8699 "https://www.google.com/" "Mozilla/5.0 (iPhone; CPU iPhone OS 15_5 like Mac OS X) AppleWebKit/605.1.15 (KHTML, like Gecko) Version/15.5 Mobile/15E148 Safari/604.1" "ysfine.com"
174.238.32.159 - - [21/Jan/2023:14:55:37 -0800] "GET /kowar/tanks/tank01b.jpg HTTP/1.1" 200 43748 "https://ysfine.com/kowar/tanks.html" "Mozilla/5.0 (iPhone; CPU iPhone OS 15_5 like Mac OS X) AppleWebKit/605.1.15 (KHTML, like Gecko) Version/15.5 Mobile/15E148 Safari/604.1" "ysfine.com"
174.238.32.159 - - [21/Jan/2023:14:55:37 -0800] "GET /kowar/tanks/tank02b.jpg HTTP/1.1" 200 30002 "https://ysfine.com/kowar/tanks.html" "Mozilla/5.0 (iPhone; CPU iPhone OS 15_5 like Mac OS X) AppleWebKit/605.1.15 (KHTML, like Gecko) Version/15.5 Mobile/15E148 Safari/604.1" "ysfine.com"
174.238.32.159 - - [21/Jan/2023:14:55:37 -0800] "GET /kowar/tanks/tank03b.jpg HTTP/1.1" 200 42892 "https://ysfine.com/kowar/tanks.html" "Mozilla/5.0 (iPhone; CPU iPhone OS 15_5 like Mac OS X) AppleWebKit/605.1.15 (KHTML, like Gecko) Version/15.5 Mobile/15E148 Safari/604.1" "ysfine.com"
174.238.32.159 - - [21/Jan/2023:14:55:37 -0800] "GET /kowar/tanks/tank05b.jpg HTTP/1.1" 200 48742 "https://ysfine.com/kowar/tanks.html" "Mozilla/5.0 (iPhone; CPU iPhone OS 15_5 like Mac OS X) AppleWebKit/605.1.15 (KHTML, like Gecko) Version/15.5 Mobile/15E148 Safari/604.1" "ysfine.com"
174.238.32.159 - - [21/Jan/2023:14:55:37 -0800] "GET /kowar/tanks/stalinorg2.jpg HTTP/1.1" 200 50939 "https://ysfine.com/kowar/tanks.html" "Mozilla/5.0 (iPhone; CPU iPhone OS 15_5 like Mac OS X) AppleWebKit/605.1.15 (KHTML, like Gecko) Version/15.5 Mobile/15E148 Safari/604.1" "ysfine.com"
174.238.32.159 - - [21/Jan/2023:14:55:37 -0800] "GET /kowar/tanks/southhorse2.jpg HTTP/1.1" 200 51359 "https://ysfine.com/kowar/tanks.html" "Mozilla/5.0 (iPhone; CPU iPhone OS 15_5 like Mac OS X) AppleWebKit/605.1.15 (KHTML, like Gecko) Version/15.5 Mobile/15E148 Safari/604.1" "ysfine.com"
174.238.32.159 - - [21/Jan/2023:14:55:37 -0800] "GET /kowar/tanks/tank21b.jpg HTTP/1.1" 200 26768 "https://ysfine.com/kowar/tanks.html" "Mozilla/5.0 (iPhone; CPU iPhone OS 15_5 like Mac OS X) AppleWebKit/605.1.15 (KHTML, like Gecko) Version/15.5 Mobile/15E148 Safari/604.1" "ysfine.com"
174.238.32.159 - - [21/Jan/2023:14:55:37 -0800] "GET /kowar/tanks/tank04b.jpg HTTP/1.1" 200 48757 "https://ysfine.com/kowar/tanks.html" "Mozilla/5.0 (iPhone; CPU iPhone OS 15_5 like Mac OS X) AppleWebKit/605.1.15 (KHTML, like Gecko) Version/15.5 Mobile/15E148 Safari/604.1" "ysfine.com"
174.238.32.159 - - [21/Jan/2023:14:55:37 -0800] "GET /kowar/tanks/m24b.jpg HTTP/1.1" 200 37948 "https://ysfine.com/kowar/tanks.html" "Mozilla/5.0 (iPhone; CPU iPhone OS 15_5 like Mac OS X) AppleWebKit/605.1.15 (KHTML, like Gecko) Version/15.5 Mobile/15E148 Safari/604.1" "ysfine.com"
174.238.32.159 - - [21/Jan/2023:14:55:37 -0800] "GET /kowar/tanks/sherman58b.jpg HTTP/1.1" 200 37300 "https://ysfine.com/kowar/tanks.html" "Mozilla/5.0 (iPhone; CPU iPhone OS 15_5 like Mac OS X) AppleWebKit/605.1.15 (KHTML, like Gecko) Version/15.5 Mobile/15E148 Safari/604.1" "ysfine.com"
174.238.32.159 - - [21/Jan/2023:14:55:37 -0800] "GET /kowar/tanks/m46cb.jpg HTTP/1.1" 200 35273 "https://ysfine.com/kowar/tanks.html" "Mozilla/5.0 (iPhone; CPU iPhone OS 15_5 like Mac OS X) AppleWebKit/605.1.15 (KHTML, like Gecko) Version/15.5 Mobile/15E148 Safari/604.1" "ysfine.com"
174.238.32.159 - - [21/Jan/2023:14:55:37 -0800] "GET /kowar/tanks/tank22b.jpg HTTP/1.1" 200 37945 "https://ysfine.com/kowar/tanks.html" "Mozilla/5.0 (iPhone; CPU iPhone OS 15_5 like Mac OS X) AppleWebKit/605.1.15 (KHTML, like Gecko) Version/15.5 Mobile/15E148 Safari/604.1" "ysfine.com"
174.238.32.159 - - [21/Jan/2023:14:55:37 -0800] "GET /kowar/tanks/m01b.jpg HTTP/1.1" 200 28921 "https://ysfine.com/kowar/tanks.html" "Mozilla/5.0 (iPhone; CPU iPhone OS 15_5 like Mac OS X) AppleWebKit/605.1.15 (KHTML, like Gecko) Version/15.5 Mobile/15E148 Safari/604.1" "ysfine.com"
174.238.32.159 - - [21/Jan/2023:14:55:37 -0800] "GET /kowar/tanks/tank54b.jpg HTTP/1.1" 200 38354 "https://ysfine.com/kowar/tanks.html" "Mozilla/5.0 (iPhone; CPU iPhone OS 15_5 like Mac OS X) AppleWebKit/605.1.15 (KHTML, like Gecko) Version/15.5 Mobile/15E148 Safari/604.1" "ysfine.com"
174.238.32.159 - - [21/Jan/2023:14:55:37 -0800] "GET /kowar/tanks/sherman44b.jpg HTTP/1.1" 200 34454 "https://ysfine.com/kowar/tanks.html" "Mozilla/5.0 (iPhone; CPU iPhone OS 15_5 like Mac OS X) AppleWebKit/605.1.15 (KHTML, like Gecko) Version/15.5 Mobile/15E148 Safari/604.1" "ysfine.com"
174.238.32.159 - - [21/Jan/2023:14:55:37 -0800] "GET /kowar/tanks/tank07b.jpg HTTP/1.1" 200 40314 "https://ysfine.com/kowar/tanks.html" "Mozilla/5.0 (iPhone; CPU iPhone OS 15_5 like Mac OS X) AppleWebKit/605.1.15 (KHTML, like Gecko) Version/15.5 Mobile/15E148 Safari/604.1" "ysfine.com"
174.238.32.159 - - [21/Jan/2023:14:55:37 -0800] "GET /kowar/tanks/m60b.jpg HTTP/1.1" 200 31548 "https://ysfine.com/kowar/tanks.html" "Mozilla/5.0 (iPhone; CPU iPhone OS 15_5 like Mac OS X) AppleWebKit/605.1.15 (KHTML, like Gecko) Version/15.5 Mobile/15E148 Safari/604.1" "ysfine.com"
174.238.32.159 - - [21/Jan/2023:14:55:37 -0800] "GET /kowar/tanks/sherman43b.jpg HTTP/1.1" 200 28142 "https://ysfine.com/kowar/tanks.html" "Mozilla/5.0 (iPhone; CPU iPhone OS 15_5 like Mac OS X) AppleWebKit/605.1.15 (KHTML, like Gecko) Version/15.5 Mobile/15E148 Safari/604.1" "ysfine.com"
174.238.32.159 - - [21/Jan/2023:14:55:38 -0800] "GET /favicon.ico HTTP/1.1" 404 88 "https://ysfine.com/kowar/tanks.html" "Mozilla/5.0 (iPhone; CPU iPhone OS 15_5 like Mac OS X) AppleWebKit/605.1.15 (KHTML, like Gecko) Version/15.5 Mobile/15E148 Safari/604.1" "ysfine.com"
66.249.70.3 - - [21/Jan/2023:14:56:08 -0800] "GET /beau/stephens11.jpg HTTP/1.1" 404 88 "-" "Googlebot-Image/1.0" "ysfine.com"
71.178.208.102 - - [21/Jan/2023:14:56:32 -0800] "GET /bio09.html HTTP/1.1" 200 12630 "https://www.ysfine.com/ys11/index.html" "Mozilla/5.0 (Windows NT 10.0; Win64; x64) AppleWebKit/537.36 (KHTML, like Gecko) Chrome/109.0.0.0 Safari/537.36 Edg/109.0.1518.61" "www.ysfine.com"
71.178.208.102 - - [21/Jan/2023:14:56:34 -0800] "GET /bio09.html HTTP/1.1" 304 - "https://www.ysfine.com/ys11/index.html" "Mozilla/5.0 (Windows NT 10.0; Win64; x64) AppleWebKit/537.36 (KHTML, like Gecko) Chrome/109.0.0.0 Safari/537.36 Edg/109.0.1518.61" "www.ysfine.com"
66.102.8.45 - - [21/Jan/2023:14:57:11 -0800] "GET /kobak/sl628.jpg HTTP/1.1" 200 225100 "-" "Mozilla/5.0 (Windows NT 5.1; rv:11.0) Gecko Firefox/11.0 (via ggpht.com GoogleImageProxy)" "ysfine.com"
71.178.208.102 - - [21/Jan/2023:14:57:11 -0800] "GET /bio09.html HTTP/1.1" 200 12629 "https://www.ysfine.com/ys11/index.html" "Mozilla/5.0 (Windows NT 10.0; Win64; x64) AppleWebKit/537.36 (KHTML, like Gecko) Chrome/109.0.0.0 Safari/537.36 Edg/109.0.1518.61" "www.ysfine.com"
51.222.253.6 - - [21/Jan/2023:14:57:28 -0800] "GET /class54/class5470/total_data/sub_335.htm HTTP/1.1" 200 3326 "-" "Mozilla/5.0 (compatible; AhrefsBot/7.0; +http://ahrefs.com/robot/)" "ysfine.com"
66.249.70.30 - - [21/Jan/2023:14:58:00 -0800] "GET /world/russ/kiev003.jpg HTTP/1.1" 200 85726 "-" "Googlebot-Image/1.0" "ysfine.com"
207.46.13.176 - - [21/Jan/2023:14:58:14 -0800] "GET /feynman/fagenda.html HTTP/1.1" 200 2089 "-" "Mozilla/5.0 AppleWebKit/537.36 (KHTML, like Gecko; compatible; bingbot/2.0; +http://www.bing.com/bingbot.htm) Chrome/103.0.5060.134 Safari/537.36" "ysfine.com"
71.178.208.102 - - [21/Jan/2023:14:58:53 -0800] "GET /bio09.html HTTP/1.1" 200 12631 "https://www.ysfine.com/ys11/index.html" "Mozilla/5.0 (Windows NT 10.0; Win64; x64) AppleWebKit/537.36 (KHTML, like Gecko) Chrome/109.0.0.0 Safari/537.36 Edg/109.0.1518.61" "www.ysfine.com"
71.178.208.102 - - [21/Jan/2023:15:00:46 -0800] "GET /bio09.html HTTP/1.1" 200 12636 "https://ysfine.com/ys11/" "Mozilla/5.0 (Windows NT 10.0; Win64; x64) AppleWebKit/537.36 (KHTML, like Gecko) Chrome/109.0.0.0 Safari/537.36" "ysfine.com"
51.222.253.11 - - [21/Jan/2023:15:00:54 -0800] "GET /class54/class5470/total_data/sub_355.htm HTTP/1.1" 200 3308 "-" "Mozilla/5.0 (compatible; AhrefsBot/7.0; +http://ahrefs.com/robot/)" "ysfine.com"
51.222.253.7 - - [21/Jan/2023:15:00:55 -0800] "GET /class54/class5470/total_data/img/03_smtitle55.gif HTTP/1.1" 200 472 "-" "Mozilla/5.0 (compatible; AhrefsBot/7.0; +http://ahrefs.com/robot/)" "ysfine.com"
116.179.32.68 - - [21/Jan/2023:15:01:48 -0800] "GET /wigner/gcontrac.html HTTP/1.1" 200 2279 "-" "Mozilla/5.0 (Linux;u;Android 4.2.2;zh-cn;) AppleWebKit/534.46 (KHTML,like Gecko) Version/5.1 Mobile Safari/10600.6.3 (compatible; Baiduspider/2.0; +http://www.baidu.com/search/spider.html)" "www.ysfine.com"
116.179.37.12 - - [21/Jan/2023:15:01:49 -0800] "GET /wigner/isomor77c.jpg HTTP/1.1" 200 43414 "https://www.ysfine.com/wigner/gcontrac.html" "Mozilla/5.0 (iPhone; CPU iPhone OS 9_1 like Mac OS X) AppleWebKit/601.1.46 (KHTML, like Gecko) Version/9.0 Mobile/13B143 Safari/601.1 (compatible; Baiduspider-render/2.0; +http://www.baidu.com/search/spider.html)" "www.ysfine.com"
71.178.208.102 - - [21/Jan/2023:15:02:30 -0800] "GET /bio09.html HTTP/1.1" 200 12632 "https://www.ysfine.com/ys11/index.html" "Mozilla/5.0 (Windows NT 10.0; Win64; x64) AppleWebKit/537.36 (KHTML, like Gecko) Chrome/109.0.0.0 Safari/537.36 Edg/109.0.1518.61" "www.ysfine.com"
65.108.211.119 - - [21/Jan/2023:15:03:11 -0800] "GET /einstein/muon.jpg HTTP/1.1" 200 53159 "-" "Mozilla/5.0 (X11; Fedora; Linux x86_64) AppleWebKit/537.36 (KHTML, like Gecko) Chrome/79.0.3945.117 Safari/537.36" "ysfine.com"
71.178.208.102 - - [21/Jan/2023:15:03:23 -0800] "GET /bio09.html HTTP/1.1" 304 - "https://www.ysfine.com/ys11/index.html" "Mozilla/5.0 (Windows NT 10.0; Win64; x64) AppleWebKit/537.36 (KHTML, like Gecko) Chrome/109.0.0.0 Safari/537.36 Edg/109.0.1518.61" "www.ysfine.com"
71.178.208.102 - - [21/Jan/2023:15:04:11 -0800] "GET /bio09.html HTTP/1.1" 200 12634 "https://www.ysfine.com/ys11/index.html" "Mozilla/5.0 (Windows NT 10.0; Win64; x64) AppleWebKit/537.36 (KHTML, like Gecko) Chrome/109.0.0.0 Safari/537.36 Edg/109.0.1518.61" "www.ysfine.com"
51.222.253.10 - - [21/Jan/2023:15:04:32 -0800] "GET /class54/class5470/total_data/sub_8148.htm HTTP/1.1" 200 3511 "-" "Mozilla/5.0 (compatible; AhrefsBot/7.0; +http://ahrefs.com/robot/)" "www.ysfine.com"
51.222.253.6 - - [21/Jan/2023:15:04:35 -0800] "GET /class54/class5470/total_data/refer_img/8-142_f.jpg HTTP/1.1" 200 36997 "-" "Mozilla/5.0 (compatible; AhrefsBot/7.0; +http://ahrefs.com/robot/)" "www.ysfine.com"
51.222.253.8 - - [21/Jan/2023:15:04:36 -0800] "GET /class54/class5470/total_data/refer_img/8-151_f.jpg HTTP/1.1" 200 32051 "-" "Mozilla/5.0 (compatible; AhrefsBot/7.0; +http://ahrefs.com/robot/)" "www.ysfine.com"
51.222.253.11 - - [21/Jan/2023:15:04:36 -0800] "GET /class54/class5470/total_data/refer_img/8-131_f.jpg HTTP/1.1" 200 29575 "-" "Mozilla/5.0 (compatible; AhrefsBot/7.0; +http://ahrefs.com/robot/)" "www.ysfine.com"
51.222.253.11 - - [21/Jan/2023:15:04:37 -0800] "GET /class54/class5470/total_data/refer_img/8-127_f.jpg HTTP/1.1" 200 31061 "-" "Mozilla/5.0 (compatible; AhrefsBot/7.0; +http://ahrefs.com/robot/)" "www.ysfine.com"
51.222.253.1 - - [21/Jan/2023:15:04:37 -0800] "GET /class54/class5470/total_data/refer_img/8-157_f.jpg HTTP/1.1" 200 34453 "-" "Mozilla/5.0 (compatible; AhrefsBot/7.0; +http://ahrefs.com/robot/)" "www.ysfine.com"
89.3.159.0 - - [21/Jan/2023:15:04:37 -0800] "GET /princeton/brooke.html HTTP/1.1" 200 952 "https://www.google.com/" "Mozilla/5.0 (Linux; Android 11) AppleWebKit/537.36 (KHTML, like Gecko) Chrome/109.0.0.0 Safari/537.36" "ysfine.com"
89.3.159.0 - - [21/Jan/2023:15:04:38 -0800] "GET /princeton/brooke28.jpg HTTP/1.1" 200 60032 "https://ysfine.com/princeton/brooke.html" "Mozilla/5.0 (Linux; Android 11) AppleWebKit/537.36 (KHTML, like Gecko) Chrome/109.0.0.0 Safari/537.36" "ysfine.com"
89.3.159.0 - - [21/Jan/2023:15:04:38 -0800] "GET /princeton/brooke22.jpg HTTP/1.1" 200 87673 "https://ysfine.com/princeton/brooke.html" "Mozilla/5.0 (Linux; Android 11) AppleWebKit/537.36 (KHTML, like Gecko) Chrome/109.0.0.0 Safari/537.36" "ysfine.com"
89.3.159.0 - - [21/Jan/2023:15:04:38 -0800] "GET /princeton/brooke88.jpg HTTP/1.1" 200 82208 "https://ysfine.com/princeton/brooke.html" "Mozilla/5.0 (Linux; Android 11) AppleWebKit/537.36 (KHTML, like Gecko) Chrome/109.0.0.0 Safari/537.36" "ysfine.com"
51.222.253.18 - - [21/Jan/2023:15:04:38 -0800] "GET /class54/class5470/total_data/refer_img/8-129_f.jpg HTTP/1.1" 200 31149 "-" "Mozilla/5.0 (compatible; AhrefsBot/7.0; +http://ahrefs.com/robot/)" "www.ysfine.com"
51.222.253.8 - - [21/Jan/2023:15:04:38 -0800] "GET /class54/class5470/total_data/refer_img/8-141_f.jpg HTTP/1.1" 200 36997 "-" "Mozilla/5.0 (compatible; AhrefsBot/7.0; +http://ahrefs.com/robot/)" "www.ysfine.com"
51.222.253.19 - - [21/Jan/2023:15:04:39 -0800] "GET /class54/class5470/total_data/refer_img/8-155_f.jpg HTTP/1.1" 200 24415 "-" "Mozilla/5.0 (compatible; AhrefsBot/7.0; +http://ahrefs.com/robot/)" "www.ysfine.com"
51.222.253.17 - - [21/Jan/2023:15:04:39 -0800] "GET /class54/class5470/total_data/refer_img/8-144_f.jpg HTTP/1.1" 200 24758 "-" "Mozilla/5.0 (compatible; AhrefsBot/7.0; +http://ahrefs.com/robot/)" "www.ysfine.com"
51.222.253.15 - - [21/Jan/2023:15:04:40 -0800] "GET /class54/class5470/total_data/refer_img/8-152_f.jpg HTTP/1.1" 200 36992 "-" "Mozilla/5.0 (compatible; AhrefsBot/7.0; +http://ahrefs.com/robot/)" "www.ysfine.com"
51.222.253.4 - - [21/Jan/2023:15:04:40 -0800] "GET /class54/class5470/total_data/refer_img/8-137_f.jpg HTTP/1.1" 200 30500 "-" "Mozilla/5.0 (compatible; AhrefsBot/7.0; +http://ahrefs.com/robot/)" "www.ysfine.com"
51.222.253.7 - - [21/Jan/2023:15:04:41 -0800] "GET /class54/class5470/total_data/refer_img/8-134_f.jpg HTTP/1.1" 200 41464 "-" "Mozilla/5.0 (compatible; AhrefsBot/7.0; +http://ahrefs.com/robot/)" "www.ysfine.com"
51.222.253.18 - - [21/Jan/2023:15:04:41 -0800] "GET /class54/class5470/total_data/refer_img/8-135_f.jpg HTTP/1.1" 200 32090 "-" "Mozilla/5.0 (compatible; AhrefsBot/7.0; +http://ahrefs.com/robot/)" "www.ysfine.com"
51.222.253.17 - - [21/Jan/2023:15:04:41 -0800] "GET /class54/class5470/total_data/refer_img/8-140_f.jpg HTTP/1.1" 200 37825 "-" "Mozilla/5.0 (compatible; AhrefsBot/7.0; +http://ahrefs.com/robot/)" "www.ysfine.com"
51.222.253.20 - - [21/Jan/2023:15:04:42 -0800] "GET /class54/class5470/total_data/refer_img/8-150_f.jpg HTTP/1.1" 200 35955 "-" "Mozilla/5.0 (compatible; AhrefsBot/7.0; +http://ahrefs.com/robot/)" "www.ysfine.com"
51.222.253.6 - - [21/Jan/2023:15:04:42 -0800] "GET /class54/class5470/total_data/refer_img/8-148_f.jpg HTTP/1.1" 200 35503 "-" "Mozilla/5.0 (compatible; AhrefsBot/7.0; +http://ahrefs.com/robot/)" "www.ysfine.com"
51.222.253.9 - - [21/Jan/2023:15:04:43 -0800] "GET /class54/class5470/total_data/refer_img/8-130_f.jpg HTTP/1.1" 200 32738 "-" "Mozilla/5.0 (compatible; AhrefsBot/7.0; +http://ahrefs.com/robot/)" "www.ysfine.com"
51.222.253.1 - - [21/Jan/2023:15:04:43 -0800] "GET /class54/class5470/total_data/refer_img/8-149_f.jpg HTTP/1.1" 200 30189 "-" "Mozilla/5.0 (compatible; AhrefsBot/7.0; +http://ahrefs.com/robot/)" "www.ysfine.com"
51.222.253.9 - - [21/Jan/2023:15:04:44 -0800] "GET /class54/class5470/total_data/refer_img/8-133_f.jpg HTTP/1.1" 200 33723 "-" "Mozilla/5.0 (compatible; AhrefsBot/7.0; +http://ahrefs.com/robot/)" "www.ysfine.com"
51.222.253.20 - - [21/Jan/2023:15:04:44 -0800] "GET /class54/class5470/total_data/refer_img/8-145_f.jpg HTTP/1.1" 200 30304 "-" "Mozilla/5.0 (compatible; AhrefsBot/7.0; +http://ahrefs.com/robot/)" "www.ysfine.com"
51.222.253.3 - - [21/Jan/2023:15:04:45 -0800] "GET /class54/class5470/total_data/refer_img/8-154_f.jpg HTTP/1.1" 200 35430 "-" "Mozilla/5.0 (compatible; AhrefsBot/7.0; +http://ahrefs.com/robot/)" "www.ysfine.com"
51.222.253.18 - - [21/Jan/2023:15:04:45 -0800] "GET /class54/class5470/total_data/refer_img/8-139_f.jpg HTTP/1.1" 200 41142 "-" "Mozilla/5.0 (compatible; AhrefsBot/7.0; +http://ahrefs.com/robot/)" "www.ysfine.com"
51.222.253.11 - - [21/Jan/2023:15:04:46 -0800] "GET /class54/class5470/total_data/refer_img/8-153_f.jpg HTTP/1.1" 200 52466 "-" "Mozilla/5.0 (compatible; AhrefsBot/7.0; +http://ahrefs.com/robot/)" "www.ysfine.com"
51.222.253.6 - - [21/Jan/2023:15:04:46 -0800] "GET /class54/class5470/total_data/refer_img/8-128_f.jpg HTTP/1.1" 200 35208 "-" "Mozilla/5.0 (compatible; AhrefsBot/7.0; +http://ahrefs.com/robot/)" "www.ysfine.com"
51.222.253.6 - - [21/Jan/2023:15:04:46 -0800] "GET /class54/class5470/total_data/img/sm04_on.gif HTTP/1.1" 200 392 "-" "Mozilla/5.0 (compatible; AhrefsBot/7.0; +http://ahrefs.com/robot/)" "www.ysfine.com"
51.222.253.17 - - [21/Jan/2023:15:04:47 -0800] "GET /class54/class5470/total_data/refer_img/8-143_f.jpg HTTP/1.1" 200 27601 "-" "Mozilla/5.0 (compatible; AhrefsBot/7.0; +http://ahrefs.com/robot/)" "www.ysfine.com"
51.222.253.9 - - [21/Jan/2023:15:04:47 -0800] "GET /class54/class5470/total_data/refer_img/8-138_f.jpg HTTP/1.1" 200 39068 "-" "Mozilla/5.0 (compatible; AhrefsBot/7.0; +http://ahrefs.com/robot/)" "www.ysfine.com"
51.222.253.15 - - [21/Jan/2023:15:04:48 -0800] "GET /class54/class5470/total_data/refer_img/8-136_f.jpg HTTP/1.1" 200 44668 "-" "Mozilla/5.0 (compatible; AhrefsBot/7.0; +http://ahrefs.com/robot/)" "www.ysfine.com"
51.222.253.15 - - [21/Jan/2023:15:04:48 -0800] "GET /class54/class5470/total_data/img/sm05_off.gif HTTP/1.1" 200 542 "-" "Mozilla/5.0 (compatible; AhrefsBot/7.0; +http://ahrefs.com/robot/)" "www.ysfine.com"
51.222.253.5 - - [21/Jan/2023:15:04:49 -0800] "GET /class54/class5470/total_data/refer_img/8-132_f.jpg HTTP/1.1" 200 32792 "-" "Mozilla/5.0 (compatible; AhrefsBot/7.0; +http://ahrefs.com/robot/)" "www.ysfine.com"
51.222.253.4 - - [21/Jan/2023:15:04:50 -0800] "GET /class54/class5470/total_data/photo_img/8-148.jpg HTTP/1.1" 200 226452 "-" "Mozilla/5.0 (compatible; AhrefsBot/7.0; +http://ahrefs.com/robot/)" "www.ysfine.com"
51.222.253.7 - - [21/Jan/2023:15:04:50 -0800] "GET /class54/class5470/total_data/refer_img/8-156_f.jpg HTTP/1.1" 200 27294 "-" "Mozilla/5.0 (compatible; AhrefsBot/7.0; +http://ahrefs.com/robot/)" "www.ysfine.com"
98.28.123.149 - - [21/Jan/2023:15:05:02 -0800] "GET /maga/phil/marxlon01.jpg HTTP/1.1" 200 263404 "https://www.google.com/" "Mozilla/5.0 (Windows NT 10.0; Win64; x64) AppleWebKit/537.36 (KHTML, like Gecko) Chrome/109.0.0.0 Safari/537.36" "ysfine.com"
71.178.208.102 - - [21/Jan/2023:15:05:09 -0800] "GET /bio09.html HTTP/1.1" 200 12628 "https://www.ysfine.com/ys11/index.html" "Mozilla/5.0 (Windows NT 10.0; Win64; x64) AppleWebKit/537.36 (KHTML, like Gecko) Chrome/109.0.0.0 Safari/537.36 Edg/109.0.1518.61" "www.ysfine.com"
89.3.159.0 - - [21/Jan/2023:15:05:20 -0800] "GET /world/france/frstu09.jpg HTTP/1.1" 200 167728 "https://ysfine.com/princeton/brooke.html" "Mozilla/5.0 (Linux; Android 11) AppleWebKit/537.36 (KHTML, like Gecko) Chrome/109.0.0.0 Safari/537.36" "ysfine.com"
186.122.88.9 - - [21/Jan/2023:15:05:34 -0800] "GET /home/fotos/eintao22.jpg HTTP/1.1" 200 162143 "https://www.gabitos.com/" "Mozilla/5.0 (Linux; Android 7.1.1; Moto X Play) AppleWebKit/537.36 (KHTML, like Gecko) Chrome/109.0.0.0 Mobile Safari/537.36" "ysfine.com"
89.3.159.0 - - [21/Jan/2023:15:05:56 -0800] "GET /princeton/sbk87.jpg HTTP/1.1" 200 174738 "https://ysfine.com/princeton/brooke.html" "Mozilla/5.0 (Linux; Android 11) AppleWebKit/537.36 (KHTML, like Gecko) Chrome/109.0.0.0 Safari/537.36" "ysfine.com"
89.3.159.0 - - [21/Jan/2023:15:06:06 -0800] "GET /princeton/brooke66.jpg HTTP/1.1" 200 135510 "https://ysfine.com/princeton/brooke.html" "Mozilla/5.0 (Linux; Android 11) AppleWebKit/537.36 (KHTML, like Gecko) Chrome/109.0.0.0 Safari/537.36" "ysfine.com"
207.46.13.167 - - [21/Jan/2023:15:06:30 -0800] "GET /style/shagall33.jpg HTTP/1.1" 200 68486 "-" "Mozilla/5.0 AppleWebKit/537.36 (KHTML, like Gecko; compatible; bingbot/2.0; +http://www.bing.com/bingbot.htm) Chrome/103.0.5060.134 Safari/537.36" "ysfine.com"
87.250.224.130 - - [21/Jan/2023:15:07:02 -0800] "GET /ysbio/kobak/kimc.html HTTP/1.1" 404 88 "-" "Mozilla/5.0 (compatible; YandexBot/3.0; +http://yandex.com/bots) AppleWebKit/537.36 (KHTML, like Gecko) Chrome/81.0.4044.268" "www.ysfine.com"
87.250.224.195 - - [21/Jan/2023:15:07:06 -0800] "GET /ysbio/kobak/kimc.html HTTP/1.1" 404 88 "-" "Mozilla/5.0 (compatible; YandexBot/3.0; +http://yandex.com/bots) AppleWebKit/537.36 (KHTML, like Gecko) Chrome/81.0.4044.268" "www.ysfine.com"
40.77.167.11 - - [21/Jan/2023:15:07:09 -0800] "GET /dirac/wigsis11.jpg HTTP/1.1" 200 71741 "-" "Mozilla/5.0 (compatible; bingbot/2.0; +http://www.bing.com/bingbot.htm)" "ysfine.com"
88.110.49.182 - - [21/Jan/2023:15:08:42 -0800] "GET /world/japan/nara005.jpg HTTP/1.1" 200 144132 "https://www.gay-fetish-xxx.com/school-uniform-fetish-gay.html" "Mozilla/5.0 (iPad; CPU OS 9_3_5 like Mac OS X) AppleWebKit/601.1.46 (KHTML, like Gecko) Version/9.0 Mobile/13G36 Safari/601.1" "ysfine.com"
