51.222.253.12 - - [21/Jan/2023:12:35:54 -0800] "GET /kobak/kimkoo01b.jpg HTTP/1.1" 200 35261 "-" "Mozilla/5.0 (compatible; AhrefsBot/7.0; +http://ahrefs.com/robot/)" "www.ysfine.com"
51.222.253.5 - - [21/Jan/2023:12:35:55 -0800] "GET /style/jpchildren2.jpg HTTP/1.1" 200 46718 "-" "Mozilla/5.0 (compatible; AhrefsBot/7.0; +http://ahrefs.com/robot/)" "www.ysfine.com"
51.222.253.1 - - [21/Jan/2023:12:35:55 -0800] "GET /style/xiangran33b.jpg HTTP/1.1" 200 26488 "-" "Mozilla/5.0 (compatible; AhrefsBot/7.0; +http://ahrefs.com/robot/)" "www.ysfine.com"
51.222.253.4 - - [21/Jan/2023:12:35:56 -0800] "GET /kobak/105mm2.jpg HTTP/1.1" 200 54167 "-" "Mozilla/5.0 (compatible; AhrefsBot/7.0; +http://ahrefs.com/robot/)" "www.ysfine.com"
51.222.253.4 - - [21/Jan/2023:12:35:56 -0800] "GET /world/germany/berlin005b.jpg HTTP/1.1" 200 31205 "-" "Mozilla/5.0 (compatible; AhrefsBot/7.0; +http://ahrefs.com/robot/)" "www.ysfine.com"
51.222.253.5 - - [21/Jan/2023:12:35:57 -0800] "GET /style/akiko2.jpg HTTP/1.1" 200 50482 "-" "Mozilla/5.0 (compatible; AhrefsBot/7.0; +http://ahrefs.com/robot/)" "www.ysfine.com"
51.222.253.3 - - [21/Jan/2023:12:35:57 -0800] "GET /style/durbin2.jpg HTTP/1.1" 200 34965 "-" "Mozilla/5.0 (compatible; AhrefsBot/7.0; +http://ahrefs.com/robot/)" "www.ysfine.com"
51.222.253.5 - - [21/Jan/2023:12:35:57 -0800] "GET /style/chopingr11b.jpg HTTP/1.1" 200 68030 "-" "Mozilla/5.0 (compatible; AhrefsBot/7.0; +http://ahrefs.com/robot/)" "www.ysfine.com"
51.222.253.14 - - [21/Jan/2023:12:35:58 -0800] "GET /world/germany/schonbr03b.jpg HTTP/1.1" 200 46623 "-" "Mozilla/5.0 (compatible; AhrefsBot/7.0; +http://ahrefs.com/robot/)" "www.ysfine.com"
51.222.253.7 - - [21/Jan/2023:12:35:58 -0800] "GET /world/hungary/hunband01b.jpg HTTP/1.1" 200 46280 "-" "Mozilla/5.0 (compatible; AhrefsBot/7.0; +http://ahrefs.com/robot/)" "www.ysfine.com"
51.222.253.6 - - [21/Jan/2023:12:35:59 -0800] "GET /beau/aline/ana11b.jpg HTTP/1.1" 404 88 "-" "Mozilla/5.0 (compatible; AhrefsBot/7.0; +http://ahrefs.com/robot/)" "www.ysfine.com"
51.222.253.2 - - [21/Jan/2023:12:35:59 -0800] "GET /maga/invent/joak11b.jpg HTTP/1.1" 200 40558 "-" "Mozilla/5.0 (compatible; AhrefsBot/7.0; +http://ahrefs.com/robot/)" "www.ysfine.com"
51.222.253.2 - - [21/Jan/2023:12:36:00 -0800] "GET /style/fujiyama2.jpg HTTP/1.1" 200 47368 "-" "Mozilla/5.0 (compatible; AhrefsBot/7.0; +http://ahrefs.com/robot/)" "www.ysfine.com"
51.222.253.20 - - [21/Jan/2023:12:36:00 -0800] "GET /style/xiangran22b.jpg HTTP/1.1" 200 56332 "-" "Mozilla/5.0 (compatible; AhrefsBot/7.0; +http://ahrefs.com/robot/)" "www.ysfine.com"
51.222.253.1 - - [21/Jan/2023:12:36:00 -0800] "GET /style/hibari22b.jpg HTTP/1.1" 200 39644 "-" "Mozilla/5.0 (compatible; AhrefsBot/7.0; +http://ahrefs.com/robot/)" "www.ysfine.com"
51.222.253.10 - - [21/Jan/2023:12:36:01 -0800] "GET /world/russ/ihousem22b.jpg HTTP/1.1" 404 88 "-" "Mozilla/5.0 (compatible; AhrefsBot/7.0; +http://ahrefs.com/robot/)" "www.ysfine.com"
51.222.253.7 - - [21/Jan/2023:12:36:01 -0800] "GET /world/germany/hofbrau33b.jpg HTTP/1.1" 200 51219 "-" "Mozilla/5.0 (compatible; AhrefsBot/7.0; +http://ahrefs.com/robot/)" "www.ysfine.com"
51.222.253.15 - - [21/Jan/2023:12:36:01 -0800] "GET /style/nijubasi22b.jpg HTTP/1.1" 200 44289 "-" "Mozilla/5.0 (compatible; AhrefsBot/7.0; +http://ahrefs.com/robot/)" "www.ysfine.com"
51.222.253.16 - - [21/Jan/2023:12:36:02 -0800] "GET /world/russ/spbm07b.jpg HTTP/1.1" 200 42946 "-" "Mozilla/5.0 (compatible; AhrefsBot/7.0; +http://ahrefs.com/robot/)" "www.ysfine.com"
51.222.253.13 - - [21/Jan/2023:12:36:02 -0800] "GET /world/ital/lascala05b.jpg HTTP/1.1" 200 35719 "-" "Mozilla/5.0 (compatible; AhrefsBot/7.0; +http://ahrefs.com/robot/)" "www.ysfine.com"
51.222.253.4 - - [21/Jan/2023:12:36:03 -0800] "GET /style/mieko11b.jpg HTTP/1.1" 200 53779 "-" "Mozilla/5.0 (compatible; AhrefsBot/7.0; +http://ahrefs.com/robot/)" "www.ysfine.com"
66.249.70.3 - - [21/Jan/2023:12:36:23 -0800] "GET /feynman/feybongo77b.jpg HTTP/1.1" 304 - "-" "Googlebot-Image/1.0" "ysfine.com"
143.202.150.17 - - [21/Jan/2023:12:36:38 -0800] "GET /wigner/neum/pvn02.jpg HTTP/1.1" 200 76348 "https://br.images.search.yahoo.com/search/images;_ylt=AwrhRtd.R8xjnBgkR5bz6Qt.;_ylu=Y29sbwNiZjEEcG9zAzEEdnRpZAMEc2VjA3Nj?p=john+von+neumann&fr=mcafee" "Mozilla/5.0 (Windows NT 6.3; Win64; x64) AppleWebKit/537.36 (KHTML, like Gecko) Chrome/109.0.0.0 Safari/537.36" "ysfine.com"
207.46.13.167 - - [21/Jan/2023:12:37:29 -0800] "GET /bio/wigner/e(2).html HTTP/1.1" 404 88 "-" "Mozilla/5.0 AppleWebKit/537.36 (KHTML, like Gecko; compatible; bingbot/2.0; +http://www.bing.com/bingbot.htm) Chrome/103.0.5060.134 Safari/537.36" "ysfine.com"
143.202.150.17 - - [21/Jan/2023:12:37:29 -0800] "GET /wigner/neum/pvn03.jpg HTTP/1.1" 200 83757 "https://br.images.search.yahoo.com/search/images;_ylt=AwrhRtd.R8xjnBgkR5bz6Qt.;_ylu=Y29sbwNiZjEEcG9zAzEEdnRpZAMEc2VjA3Nj?p=john+von+neumann&fr=mcafee" "Mozilla/5.0 (Windows NT 6.3; Win64; x64) AppleWebKit/537.36 (KHTML, like Gecko) Chrome/109.0.0.0 Safari/537.36" "www.ysfine.com"
87.250.224.69 - - [21/Jan/2023:12:37:43 -0800] "GET /robots.txt HTTP/1.1" 404 73 "-" "Mozilla/5.0 (compatible; YandexBot/3.0; +http://yandex.com/bots)" "ysfine.com"
5.255.231.111 - - [21/Jan/2023:12:37:47 -0800] "GET /princeton/nassinf35.jpg HTTP/1.1" 200 105007 "-" "Mozilla/5.0 (compatible; YandexImages/3.0; +http://yandex.com/bots)" "ysfine.com"
51.222.253.20 - - [21/Jan/2023:12:38:48 -0800] "GET /class54/class5470/total_data/sub_329.htm HTTP/1.1" 200 3319 "-" "Mozilla/5.0 (compatible; AhrefsBot/7.0; +http://ahrefs.com/robot/)" "ysfine.com"
51.222.253.6 - - [21/Jan/2023:12:38:50 -0800] "GET /class54/class5470/total_data/photo_img/3-29.jpg HTTP/1.1" 200 84202 "-" "Mozilla/5.0 (compatible; AhrefsBot/7.0; +http://ahrefs.com/robot/)" "ysfine.com"
69.123.158.78 - - [21/Jan/2023:12:39:13 -0800] "GET /princeton/brooke22.jpg HTTP/1.1" 200 87673 "https://www.google.com/" "Mozilla/5.0 (Windows NT 10.0; Win64; x64) AppleWebKit/537.36 (KHTML, like Gecko) Chrome/109.0.0.0 Safari/537.36" "ysfine.com"
207.46.13.176 - - [21/Jan/2023:12:39:52 -0800] "GET /bio.html HTTP/1.1" 200 18260 "-" "Mozilla/5.0 AppleWebKit/537.36 (KHTML, like Gecko; compatible; bingbot/2.0; +http://www.bing.com/bingbot.htm) Chrome/103.0.5060.134 Safari/537.36" "ysfine.com"
68.36.107.196 - - [21/Jan/2023:12:41:17 -0800] "GET /feynman/feydirac.jpg HTTP/1.1" 200 98378 "https://www.google.com/" "Mozilla/5.0 (Windows NT 10.0; Win64; x64) AppleWebKit/537.36 (KHTML, like Gecko) Chrome/109.0.0.0 Safari/537.36" "ysfine.com"
68.36.107.196 - - [21/Jan/2023:12:41:21 -0800] "GET /feynman/feydirac.jpg HTTP/1.1" 200 98378 "https://www.google.com/" "Mozilla/5.0 (Windows NT 10.0; Win64; x64) AppleWebKit/537.36 (KHTML, like Gecko) Chrome/109.0.0.0 Safari/537.36" "ysfine.com"
68.36.107.196 - - [21/Jan/2023:12:41:22 -0800] "GET /favicon.ico HTTP/1.1" 404 88 "https://ysfine.com/feynman/feydirac.jpg" "Mozilla/5.0 (Windows NT 10.0; Win64; x64) AppleWebKit/537.36 (KHTML, like Gecko) Chrome/109.0.0.0 Safari/537.36" "ysfine.com"
51.222.253.20 - - [21/Jan/2023:12:42:02 -0800] "GET /feynman/fagenda.html HTTP/1.1" 200 2089 "-" "Mozilla/5.0 (compatible; AhrefsBot/7.0; +http://ahrefs.com/robot/)" "www.ysfine.com"
66.249.70.3 - - [21/Jan/2023:12:42:28 -0800] "GET /sbk/1965fresh11.jpg HTTP/1.1" 200 123737 "-" "Googlebot-Image/1.0" "ysfine.com"
207.46.13.176 - - [21/Jan/2023:12:44:31 -0800] "GET /bio/kobak/soraech.html HTTP/1.1" 404 88 "-" "Mozilla/5.0 AppleWebKit/537.36 (KHTML, like Gecko; compatible; bingbot/2.0; +http://www.bing.com/bingbot.htm) Chrome/103.0.5060.134 Safari/537.36" "ysfine.com"
74.64.151.247 - - [21/Jan/2023:12:44:36 -0800] "GET /maga/hegel.html HTTP/1.1" 200 4700 "https://www.google.com/" "Mozilla/5.0 (Macintosh; Intel Mac OS X 10_15_7) AppleWebKit/605.1.15 (KHTML, like Gecko) Version/16.2 Safari/605.1.15" "ysfine.com"
74.64.151.247 - - [21/Jan/2023:12:44:36 -0800] "GET /maga/phys/maxwell02b.jpg HTTP/1.1" 200 43279 "https://ysfine.com/maga/hegel.html" "Mozilla/5.0 (Macintosh; Intel Mac OS X 10_15_7) AppleWebKit/605.1.15 (KHTML, like Gecko) Version/16.2 Safari/605.1.15" "ysfine.com"
74.64.151.247 - - [21/Jan/2023:12:44:36 -0800] "GET /world/germany/hegel03b.jpg HTTP/1.1" 200 61436 "https://ysfine.com/maga/hegel.html" "Mozilla/5.0 (Macintosh; Intel Mac OS X 10_15_7) AppleWebKit/605.1.15 (KHTML, like Gecko) Version/16.2 Safari/605.1.15" "ysfine.com"
74.64.151.247 - - [21/Jan/2023:12:44:36 -0800] "GET /einstein/eins47b.jpg HTTP/1.1" 200 48772 "https://ysfine.com/maga/hegel.html" "Mozilla/5.0 (Macintosh; Intel Mac OS X 10_15_7) AppleWebKit/605.1.15 (KHTML, like Gecko) Version/16.2 Safari/605.1.15" "ysfine.com"
74.64.151.247 - - [21/Jan/2023:12:44:37 -0800] "GET /people/sbtwein2.jpg HTTP/1.1" 200 30398 "https://ysfine.com/maga/hegel.html" "Mozilla/5.0 (Macintosh; Intel Mac OS X 10_15_7) AppleWebKit/605.1.15 (KHTML, like Gecko) Version/16.2 Safari/605.1.15" "ysfine.com"
74.64.151.247 - - [21/Jan/2023:12:44:37 -0800] "GET /feynman/feyn86b.jpg HTTP/1.1" 200 26190 "https://ysfine.com/maga/hegel.html" "Mozilla/5.0 (Macintosh; Intel Mac OS X 10_15_7) AppleWebKit/605.1.15 (KHTML, like Gecko) Version/16.2 Safari/605.1.15" "ysfine.com"
74.64.151.247 - - [21/Jan/2023:12:44:37 -0800] "GET /home/comet01b.jpg HTTP/1.1" 200 53465 "https://ysfine.com/maga/hegel.html" "Mozilla/5.0 (Macintosh; Intel Mac OS X 10_15_7) AppleWebKit/605.1.15 (KHTML, like Gecko) Version/16.2 Safari/605.1.15" "ysfine.com"
74.64.151.247 - - [21/Jan/2023:12:44:37 -0800] "GET /eink/eink61b.jpg HTTP/1.1" 200 28018 "https://ysfine.com/maga/hegel.html" "Mozilla/5.0 (Macintosh; Intel Mac OS X 10_15_7) AppleWebKit/605.1.15 (KHTML, like Gecko) Version/16.2 Safari/605.1.15" "ysfine.com"
74.64.151.247 - - [21/Jan/2023:12:44:37 -0800] "GET /world/germany/hegel01b.jpg HTTP/1.1" 200 31600 "https://ysfine.com/maga/hegel.html" "Mozilla/5.0 (Macintosh; Intel Mac OS X 10_15_7) AppleWebKit/605.1.15 (KHTML, like Gecko) Version/16.2 Safari/605.1.15" "ysfine.com"
74.64.151.247 - - [21/Jan/2023:12:44:37 -0800] "GET /world/germany/hegel09b.jpg HTTP/1.1" 200 46010 "https://ysfine.com/maga/hegel.html" "Mozilla/5.0 (Macintosh; Intel Mac OS X 10_15_7) AppleWebKit/605.1.15 (KHTML, like Gecko) Version/16.2 Safari/605.1.15" "ysfine.com"
74.64.151.247 - - [21/Jan/2023:12:44:37 -0800] "GET /world/germany/hegel21b.jpg HTTP/1.1" 200 52348 "https://ysfine.com/maga/hegel.html" "Mozilla/5.0 (Macintosh; Intel Mac OS X 10_15_7) AppleWebKit/605.1.15 (KHTML, like Gecko) Version/16.2 Safari/605.1.15" "ysfine.com"
74.64.151.247 - - [21/Jan/2023:12:44:37 -0800] "GET /world/germany/hegel04b.jpg HTTP/1.1" 200 45635 "https://ysfine.com/maga/hegel.html" "Mozilla/5.0 (Macintosh; Intel Mac OS X 10_15_7) AppleWebKit/605.1.15 (KHTML, like Gecko) Version/16.2 Safari/605.1.15" "ysfine.com"
51.222.253.3 - - [21/Jan/2023:12:45:02 -0800] "GET /remote/wigner111/index.html HTTP/1.1" 200 907 "-" "Mozilla/5.0 (compatible; AhrefsBot/7.0; +http://ahrefs.com/robot/)" "ysfine.com"
207.46.13.31 - - [21/Jan/2023:12:45:03 -0800] "GET /bio/style/artlove.html HTTP/1.1" 404 88 "-" "Mozilla/5.0 AppleWebKit/537.36 (KHTML, like Gecko; compatible; bingbot/2.0; +http://www.bing.com/bingbot.htm) Chrome/103.0.5060.134 Safari/537.36" "ysfine.com"
71.178.208.102 - - [21/Jan/2023:12:45:47 -0800] "GET /ys22/dondon.html HTTP/1.1" 401 90 "https://www.ysfine.com/ys11/index.html" "Mozilla/5.0 (Windows NT 10.0; Win64; x64) AppleWebKit/537.36 (KHTML, like Gecko) Chrome/109.0.0.0 Safari/537.36 Edg/109.0.1518.55" "www.ysfine.com"
71.178.208.102 - jake [21/Jan/2023:12:45:49 -0800] "GET /ys22/dondon.html HTTP/1.1" 200 2039 "https://www.ysfine.com/ys11/index.html" "Mozilla/5.0 (Windows NT 10.0; Win64; x64) AppleWebKit/537.36 (KHTML, like Gecko) Chrome/109.0.0.0 Safari/537.36 Edg/109.0.1518.55" "www.ysfine.com"
81.151.207.229 - - [21/Jan/2023:12:46:31 -0800] "GET /kowar/tanks.html HTTP/1.1" 200 8699 "https://www.google.co.uk/" "Mozilla/5.0 (iPod touch; CPU iPhone OS 12_5_6 like Mac OS X) AppleWebKit/605.1.15 (KHTML, like Gecko) Version/12.1.2 Mobile/15E148 Safari/604.1" "ysfine.com"
81.151.207.229 - - [21/Jan/2023:12:46:32 -0800] "GET /kowar/tanks/tank01b.jpg HTTP/1.1" 200 43748 "https://ysfine.com/kowar/tanks.html" "Mozilla/5.0 (iPod touch; CPU iPhone OS 12_5_6 like Mac OS X) AppleWebKit/605.1.15 (KHTML, like Gecko) Version/12.1.2 Mobile/15E148 Safari/604.1" "ysfine.com"
81.151.207.229 - - [21/Jan/2023:12:46:32 -0800] "GET /kowar/tanks/tank07b.jpg HTTP/1.1" 200 40314 "https://ysfine.com/kowar/tanks.html" "Mozilla/5.0 (iPod touch; CPU iPhone OS 12_5_6 like Mac OS X) AppleWebKit/605.1.15 (KHTML, like Gecko) Version/12.1.2 Mobile/15E148 Safari/604.1" "ysfine.com"
81.151.207.229 - - [21/Jan/2023:12:46:32 -0800] "GET /kowar/tanks/tank54b.jpg HTTP/1.1" 200 38354 "https://ysfine.com/kowar/tanks.html" "Mozilla/5.0 (iPod touch; CPU iPhone OS 12_5_6 like Mac OS X) AppleWebKit/605.1.15 (KHTML, like Gecko) Version/12.1.2 Mobile/15E148 Safari/604.1" "ysfine.com"
81.151.207.229 - - [21/Jan/2023:12:46:32 -0800] "GET /kowar/tanks/stalinorg2.jpg HTTP/1.1" 200 50939 "https://ysfine.com/kowar/tanks.html" "Mozilla/5.0 (iPod touch; CPU iPhone OS 12_5_6 like Mac OS X) AppleWebKit/605.1.15 (KHTML, like Gecko) Version/12.1.2 Mobile/15E148 Safari/604.1" "ysfine.com"
81.151.207.229 - - [21/Jan/2023:12:46:32 -0800] "GET /kowar/tanks/tank02b.jpg HTTP/1.1" 200 30002 "https://ysfine.com/kowar/tanks.html" "Mozilla/5.0 (iPod touch; CPU iPhone OS 12_5_6 like Mac OS X) AppleWebKit/605.1.15 (KHTML, like Gecko) Version/12.1.2 Mobile/15E148 Safari/604.1" "ysfine.com"
81.151.207.229 - - [21/Jan/2023:12:46:32 -0800] "GET /kowar/tanks/tank05b.jpg HTTP/1.1" 200 48742 "https://ysfine.com/kowar/tanks.html" "Mozilla/5.0 (iPod touch; CPU iPhone OS 12_5_6 like Mac OS X) AppleWebKit/605.1.15 (KHTML, like Gecko) Version/12.1.2 Mobile/15E148 Safari/604.1" "ysfine.com"
81.151.207.229 - - [21/Jan/2023:12:46:32 -0800] "GET /kowar/tanks/tank03b.jpg HTTP/1.1" 200 42892 "https://ysfine.com/kowar/tanks.html" "Mozilla/5.0 (iPod touch; CPU iPhone OS 12_5_6 like Mac OS X) AppleWebKit/605.1.15 (KHTML, like Gecko) Version/12.1.2 Mobile/15E148 Safari/604.1" "ysfine.com"
81.151.207.229 - - [21/Jan/2023:12:46:32 -0800] "GET /kowar/tanks/sherman43b.jpg HTTP/1.1" 200 28142 "https://ysfine.com/kowar/tanks.html" "Mozilla/5.0 (iPod touch; CPU iPhone OS 12_5_6 like Mac OS X) AppleWebKit/605.1.15 (KHTML, like Gecko) Version/12.1.2 Mobile/15E148 Safari/604.1" "ysfine.com"
81.151.207.229 - - [21/Jan/2023:12:46:32 -0800] "GET /kowar/tanks/sherman44b.jpg HTTP/1.1" 200 34454 "https://ysfine.com/kowar/tanks.html" "Mozilla/5.0 (iPod touch; CPU iPhone OS 12_5_6 like Mac OS X) AppleWebKit/605.1.15 (KHTML, like Gecko) Version/12.1.2 Mobile/15E148 Safari/604.1" "ysfine.com"
81.151.207.229 - - [21/Jan/2023:12:46:32 -0800] "GET /kowar/tanks/tank04b.jpg HTTP/1.1" 200 48757 "https://ysfine.com/kowar/tanks.html" "Mozilla/5.0 (iPod touch; CPU iPhone OS 12_5_6 like Mac OS X) AppleWebKit/605.1.15 (KHTML, like Gecko) Version/12.1.2 Mobile/15E148 Safari/604.1" "ysfine.com"
81.151.207.229 - - [21/Jan/2023:12:46:32 -0800] "GET /kowar/tanks/m46cb.jpg HTTP/1.1" 200 35273 "https://ysfine.com/kowar/tanks.html" "Mozilla/5.0 (iPod touch; CPU iPhone OS 12_5_6 like Mac OS X) AppleWebKit/605.1.15 (KHTML, like Gecko) Version/12.1.2 Mobile/15E148 Safari/604.1" "ysfine.com"
81.151.207.229 - - [21/Jan/2023:12:46:32 -0800] "GET /kowar/tanks/southhorse2.jpg HTTP/1.1" 200 51359 "https://ysfine.com/kowar/tanks.html" "Mozilla/5.0 (iPod touch; CPU iPhone OS 12_5_6 like Mac OS X) AppleWebKit/605.1.15 (KHTML, like Gecko) Version/12.1.2 Mobile/15E148 Safari/604.1" "ysfine.com"
81.151.207.229 - - [21/Jan/2023:12:46:32 -0800] "GET /kowar/tanks/m24b.jpg HTTP/1.1" 200 37948 "https://ysfine.com/kowar/tanks.html" "Mozilla/5.0 (iPod touch; CPU iPhone OS 12_5_6 like Mac OS X) AppleWebKit/605.1.15 (KHTML, like Gecko) Version/12.1.2 Mobile/15E148 Safari/604.1" "ysfine.com"
81.151.207.229 - - [21/Jan/2023:12:46:32 -0800] "GET /kowar/tanks/tank22b.jpg HTTP/1.1" 200 37945 "https://ysfine.com/kowar/tanks.html" "Mozilla/5.0 (iPod touch; CPU iPhone OS 12_5_6 like Mac OS X) AppleWebKit/605.1.15 (KHTML, like Gecko) Version/12.1.2 Mobile/15E148 Safari/604.1" "ysfine.com"
81.151.207.229 - - [21/Jan/2023:12:46:32 -0800] "GET /kowar/tanks/m01b.jpg HTTP/1.1" 200 28921 "https://ysfine.com/kowar/tanks.html" "Mozilla/5.0 (iPod touch; CPU iPhone OS 12_5_6 like Mac OS X) AppleWebKit/605.1.15 (KHTML, like Gecko) Version/12.1.2 Mobile/15E148 Safari/604.1" "ysfine.com"
81.151.207.229 - - [21/Jan/2023:12:46:32 -0800] "GET /kowar/tanks/m60b.jpg HTTP/1.1" 200 31548 "https://ysfine.com/kowar/tanks.html" "Mozilla/5.0 (iPod touch; CPU iPhone OS 12_5_6 like Mac OS X) AppleWebKit/605.1.15 (KHTML, like Gecko) Version/12.1.2 Mobile/15E148 Safari/604.1" "ysfine.com"
81.151.207.229 - - [21/Jan/2023:12:46:32 -0800] "GET /kowar/tanks/tank21b.jpg HTTP/1.1" 200 26768 "https://ysfine.com/kowar/tanks.html" "Mozilla/5.0 (iPod touch; CPU iPhone OS 12_5_6 like Mac OS X) AppleWebKit/605.1.15 (KHTML, like Gecko) Version/12.1.2 Mobile/15E148 Safari/604.1" "ysfine.com"
81.151.207.229 - - [21/Jan/2023:12:46:32 -0800] "GET /kowar/tanks/sherman58b.jpg HTTP/1.1" 200 37300 "https://ysfine.com/kowar/tanks.html" "Mozilla/5.0 (iPod touch; CPU iPhone OS 12_5_6 like Mac OS X) AppleWebKit/605.1.15 (KHTML, like Gecko) Version/12.1.2 Mobile/15E148 Safari/604.1" "ysfine.com"
172.58.59.53 - - [21/Jan/2023:12:46:44 -0800] "GET /princeton/dulles.jpg HTTP/1.1" 200 84176 "https://www.google.com/" "Mozilla/5.0 (Linux; Android 12; SM-G970U1) AppleWebKit/537.36 (KHTML, like Gecko) Chrome/109.0.0.0 Mobile Safari/537.36" "ysfine.com"
17.241.75.227 - - [21/Jan/2023:12:46:55 -0800] "GET /yspapers/hangz11.pdf HTTP/1.1" 200 407406 "-" "Mozilla/5.0 (Macintosh; Intel Mac OS X 10_15_5) AppleWebKit/605.1.15 (KHTML, like Gecko) Version/13.1.1 Safari/605.1.15 (Applebot/0.1; +http://www.apple.com/go/applebot)" "ysfine.com"
51.222.253.19 - - [21/Jan/2023:12:48:40 -0800] "GET /dashen.html HTTP/1.1" 404 88 "-" "Mozilla/5.0 (compatible; AhrefsBot/7.0; +http://ahrefs.com/robot/)" "ysfine.com"
40.77.167.11 - - [21/Jan/2023:12:49:05 -0800] "GET /bio/kobak/namdae.html HTTP/1.1" 404 88 "-" "Mozilla/5.0 AppleWebKit/537.36 (KHTML, like Gecko; compatible; bingbot/2.0; +http://www.bing.com/bingbot.htm) Chrome/103.0.5060.134 Safari/537.36" "ysfine.com"
207.46.13.167 - - [21/Jan/2023:12:49:10 -0800] "GET /world/france/sorbonne09.jpg HTTP/1.1" 200 109485 "-" "Mozilla/5.0 AppleWebKit/537.36 (KHTML, like Gecko; compatible; bingbot/2.0; +http://www.bing.com/bingbot.htm) Chrome/103.0.5060.134 Safari/537.36" "ysfine.com"
71.178.208.102 - - [21/Jan/2023:12:49:16 -0800] "GET /bio09.html HTTP/1.1" 304 - "https://ysfine.com/ys11/" "Mozilla/5.0 (Windows NT 10.0; Win64; x64) AppleWebKit/537.36 (KHTML, like Gecko) Chrome/109.0.0.0 Safari/537.36" "ysfine.com"
207.46.13.31 - - [21/Jan/2023:12:49:56 -0800] "GET /bio/sbk/1950.html HTTP/1.1" 404 88 "-" "Mozilla/5.0 AppleWebKit/537.36 (KHTML, like Gecko; compatible; bingbot/2.0; +http://www.bing.com/bingbot.htm) Chrome/103.0.5060.134 Safari/537.36" "ysfine.com"
51.222.253.4 - - [21/Jan/2023:12:51:19 -0800] "GET /world/wd22.html HTTP/1.1" 200 120 "-" "Mozilla/5.0 (compatible; AhrefsBot/7.0; +http://ahrefs.com/robot/)" "www.ysfine.com"
40.77.167.11 - - [21/Jan/2023:12:51:45 -0800] "GET /bio/einstein/bern.html HTTP/1.1" 404 88 "-" "Mozilla/5.0 AppleWebKit/537.36 (KHTML, like Gecko; compatible; bingbot/2.0; +http://www.bing.com/bingbot.htm) Chrome/103.0.5060.134 Safari/537.36" "ysfine.com"
81.151.207.229 - - [21/Jan/2023:12:51:54 -0800] "GET /kowar/tanks/m46c.jpg HTTP/1.1" 200 74862 "https://ysfine.com/kowar/tanks.html" "Mozilla/5.0 (iPod touch; CPU iPhone OS 12_5_6 like Mac OS X) AppleWebKit/605.1.15 (KHTML, like Gecko) Version/12.1.2 Mobile/15E148 Safari/604.1" "ysfine.com"
207.46.13.15 - - [21/Jan/2023:12:52:52 -0800] "GET /bio/style/proschanie.html HTTP/1.1" 404 88 "-" "Mozilla/5.0 AppleWebKit/537.36 (KHTML, like Gecko; compatible; bingbot/2.0; +http://www.bing.com/bingbot.htm) Chrome/103.0.5060.134 Safari/537.36" "ysfine.com"
67.176.83.218 - - [21/Jan/2023:12:53:33 -0800] "GET /dirac/wigsis11.jpg HTTP/1.1" 200 71741 "https://www.google.com/" "Mozilla/5.0 (Linux; Android 12; SM-G981U1) AppleWebKit/537.36 (KHTML, like Gecko) Chrome/109.0.0.0 Mobile Safari/537.36" "ysfine.com"
5.255.241.224 - - [21/Jan/2023:12:54:02 -0800] "GET /maga/phys/schrod11.jpg HTTP/1.1" 200 107958 "-" "Mozilla/5.0 (compatible; YandexImageResizer/2.0; +http://yandex.com/bots)" "www.ysfine.com"
51.222.253.6 - - [21/Jan/2023:12:54:03 -0800] "GET /class54/class5470/total_data/sub_359.htm HTTP/1.1" 200 3292 "-" "Mozilla/5.0 (compatible; AhrefsBot/7.0; +http://ahrefs.com/robot/)" "ysfine.com"
51.222.253.19 - - [21/Jan/2023:12:54:06 -0800] "GET /class54/class5470/total_data/refer_img/3-57_f.jpg HTTP/1.1" 200 24371 "-" "Mozilla/5.0 (compatible; AhrefsBot/7.0; +http://ahrefs.com/robot/)" "ysfine.com"
51.222.253.2 - - [21/Jan/2023:12:54:07 -0800] "GET /class54/class5470/total_data/refer_img/3-45_f.jpg HTTP/1.1" 200 24684 "-" "Mozilla/5.0 (compatible; AhrefsBot/7.0; +http://ahrefs.com/robot/)" "ysfine.com"
51.222.253.2 - - [21/Jan/2023:12:54:07 -0800] "GET /class54/class5470/total_data/refer_img/3-50_f.jpg HTTP/1.1" 200 31418 "-" "Mozilla/5.0 (compatible; AhrefsBot/7.0; +http://ahrefs.com/robot/)" "ysfine.com"
51.222.253.19 - - [21/Jan/2023:12:54:07 -0800] "GET /class54/class5470/total_data/refer_img/3-59_f.jpg HTTP/1.1" 200 24902 "-" "Mozilla/5.0 (compatible; AhrefsBot/7.0; +http://ahrefs.com/robot/)" "ysfine.com"
51.222.253.3 - - [21/Jan/2023:12:54:08 -0800] "GET /class54/class5470/total_data/refer_img/3-61_f.jpg HTTP/1.1" 200 29648 "-" "Mozilla/5.0 (compatible; AhrefsBot/7.0; +http://ahrefs.com/robot/)" "ysfine.com"
51.222.253.2 - - [21/Jan/2023:12:54:08 -0800] "GET /class54/class5470/total_data/refer_img/3-60_f.jpg HTTP/1.1" 200 35134 "-" "Mozilla/5.0 (compatible; AhrefsBot/7.0; +http://ahrefs.com/robot/)" "ysfine.com"
51.222.253.14 - - [21/Jan/2023:12:54:09 -0800] "GET /class54/class5470/total_data/refer_img/3-54_f.jpg HTTP/1.1" 200 32041 "-" "Mozilla/5.0 (compatible; AhrefsBot/7.0; +http://ahrefs.com/robot/)" "ysfine.com"
51.222.253.1 - - [21/Jan/2023:12:54:09 -0800] "GET /class54/class5470/total_data/refer_img/3-56_f.jpg HTTP/1.1" 200 26641 "-" "Mozilla/5.0 (compatible; AhrefsBot/7.0; +http://ahrefs.com/robot/)" "ysfine.com"
51.222.253.5 - - [21/Jan/2023:12:54:10 -0800] "GET /class54/class5470/total_data/refer_img/3-49_f.jpg HTTP/1.1" 200 21070 "-" "Mozilla/5.0 (compatible; AhrefsBot/7.0; +http://ahrefs.com/robot/)" "ysfine.com"
51.222.253.17 - - [21/Jan/2023:12:54:10 -0800] "GET /class54/class5470/total_data/refer_img/3-48_f.jpg HTTP/1.1" 200 25331 "-" "Mozilla/5.0 (compatible; AhrefsBot/7.0; +http://ahrefs.com/robot/)" "ysfine.com"
51.222.253.16 - - [21/Jan/2023:12:54:10 -0800] "GET /class54/class5470/total_data/refer_img/3-52_f.jpg HTTP/1.1" 200 23531 "-" "Mozilla/5.0 (compatible; AhrefsBot/7.0; +http://ahrefs.com/robot/)" "ysfine.com"
51.222.253.16 - - [21/Jan/2023:12:54:11 -0800] "GET /class54/class5470/total_data/refer_img/3-53_f.jpg HTTP/1.1" 200 29740 "-" "Mozilla/5.0 (compatible; AhrefsBot/7.0; +http://ahrefs.com/robot/)" "ysfine.com"
51.222.253.19 - - [21/Jan/2023:12:54:11 -0800] "GET /class54/class5470/total_data/photo_img/3-59.jpg HTTP/1.1" 200 161311 "-" "Mozilla/5.0 (compatible; AhrefsBot/7.0; +http://ahrefs.com/robot/)" "ysfine.com"
51.222.253.14 - - [21/Jan/2023:12:54:12 -0800] "GET /class54/class5470/total_data/refer_img/3-47_f.jpg HTTP/1.1" 200 24082 "-" "Mozilla/5.0 (compatible; AhrefsBot/7.0; +http://ahrefs.com/robot/)" "ysfine.com"
51.222.253.14 - - [21/Jan/2023:12:54:13 -0800] "GET /class54/class5470/total_data/refer_img/3-43_f.jpg HTTP/1.1" 200 29242 "-" "Mozilla/5.0 (compatible; AhrefsBot/7.0; +http://ahrefs.com/robot/)" "ysfine.com"
51.222.253.19 - - [21/Jan/2023:12:54:13 -0800] "GET /class54/class5470/total_data/refer_img/3-44_f.jpg HTTP/1.1" 200 28533 "-" "Mozilla/5.0 (compatible; AhrefsBot/7.0; +http://ahrefs.com/robot/)" "ysfine.com"
51.222.253.19 - - [21/Jan/2023:12:54:14 -0800] "GET /class54/class5470/total_data/img/sm03_off.gif HTTP/1.1" 200 429 "-" "Mozilla/5.0 (compatible; AhrefsBot/7.0; +http://ahrefs.com/robot/)" "ysfine.com"
51.222.253.1 - - [21/Jan/2023:12:54:14 -0800] "GET /class54/class5470/total_data/refer_img/3-55_f.jpg HTTP/1.1" 200 26683 "-" "Mozilla/5.0 (compatible; AhrefsBot/7.0; +http://ahrefs.com/robot/)" "ysfine.com"
51.222.253.12 - - [21/Jan/2023:12:54:14 -0800] "GET /class54/class5470/total_data/refer_img/3-51_f.jpg HTTP/1.1" 200 22369 "-" "Mozilla/5.0 (compatible; AhrefsBot/7.0; +http://ahrefs.com/robot/)" "ysfine.com"
51.222.253.13 - - [21/Jan/2023:12:54:15 -0800] "GET /class54/class5470/total_data/refer_img/3-46_f.jpg HTTP/1.1" 200 25588 "-" "Mozilla/5.0 (compatible; AhrefsBot/7.0; +http://ahrefs.com/robot/)" "ysfine.com"
51.222.253.20 - - [21/Jan/2023:12:54:15 -0800] "GET /class54/class5470/total_data/refer_img/3-58_f.jpg HTTP/1.1" 200 27702 "-" "Mozilla/5.0 (compatible; AhrefsBot/7.0; +http://ahrefs.com/robot/)" "ysfine.com"
207.46.13.167 - - [21/Jan/2023:12:55:09 -0800] "GET /bio/princeton/campus.html HTTP/1.1" 404 88 "-" "Mozilla/5.0 AppleWebKit/537.36 (KHTML, like Gecko; compatible; bingbot/2.0; +http://www.bing.com/bingbot.htm) Chrome/103.0.5060.134 Safari/537.36" "ysfine.com"
207.46.13.176 - - [21/Jan/2023:12:56:43 -0800] "GET /bio/eink/buythisbook.html HTTP/1.1" 404 88 "-" "Mozilla/5.0 AppleWebKit/537.36 (KHTML, like Gecko; compatible; bingbot/2.0; +http://www.bing.com/bingbot.htm) Chrome/103.0.5060.134 Safari/537.36" "ysfine.com"
51.222.253.8 - - [21/Jan/2023:12:56:47 -0800] "GET /einstein/wallis.html HTTP/1.1" 200 5621 "-" "Mozilla/5.0 (compatible; AhrefsBot/7.0; +http://ahrefs.com/robot/)" "ysfine.com"
71.178.208.102 - - [21/Jan/2023:12:58:47 -0800] "GET /bio09.html HTTP/1.1" 200 12555 "https://ysfine.com/ys11/" "Mozilla/5.0 (Windows NT 10.0; Win64; x64) AppleWebKit/537.36 (KHTML, like Gecko) Chrome/108.0.5359.125 Safari/537.36" "ysfine.com"
51.222.253.7 - - [21/Jan/2023:12:59:26 -0800] "GET /remote/wigner111/frame17.html HTTP/1.1" 200 397 "-" "Mozilla/5.0 (compatible; AhrefsBot/7.0; +http://ahrefs.com/robot/)" "www.ysfine.com"
51.222.253.17 - - [21/Jan/2023:12:59:28 -0800] "GET /remote/wigner111/kim-17.jpg HTTP/1.1" 200 70325 "-" "Mozilla/5.0 (compatible; AhrefsBot/7.0; +http://ahrefs.com/robot/)" "www.ysfine.com"
66.249.70.3 - - [21/Jan/2023:12:59:32 -0800] "GET /robots.txt HTTP/1.1" 404 88 "-" "Mozilla/5.0 (compatible; Googlebot/2.1; +http://www.google.com/bot.html)" "ysfine.com"
66.249.70.3 - - [21/Jan/2023:12:59:32 -0800] "GET /world/places/ulm30.jpg HTTP/1.1" 200 130120 "-" "Googlebot-Image/1.0" "ysfine.com"
77.131.192.81 - - [21/Jan/2023:12:59:39 -0800] "GET /kowar/tanks/tank01.jpg HTTP/1.1" 200 81859 "https://www.google.com/" "Mozilla/5.0 (Windows NT 10.0; Win64; x64) AppleWebKit/537.36 (KHTML, like Gecko) Chrome/108.0.0.0 Safari/537.36" "ysfine.com"
77.75.78.164 - - [21/Jan/2023:13:01:20 -0800] "GET /robots.txt HTTP/1.1" 404 88 "-" "Mozilla/5.0 (compatible; SeznamBot/3.2; +http://napoveda.seznam.cz/en/seznambot-intro/)" "ysfine.com"
67.190.64.159 - - [21/Jan/2023:13:01:21 -0800] "GET /newyork/colum01.jpg HTTP/1.1" 200 99832 "https://images.search.yahoo.com/search/images;_ylt=AwrO_rmQUsxj5hsdkz5XNyoA;_ylu=Y29sbwNncTEEcG9zAzEEdnRpZANMT0MwODlDXzEEc2VjA3BpdnM-?p=columbia+campus&fr2=piv-web&type=E210US91088G0&fr=mcafee" "Mozilla/5.0 (X11; CrOS x86_64 14541.0.0) AppleWebKit/537.36 (KHTML, like Gecko) Chrome/108.0.0.0 Safari/537.36" "www.ysfine.com"
77.75.78.164 - - [21/Jan/2023:13:01:21 -0800] "GET /world/latina/rio076.jpg HTTP/1.1" 304 - "-" "Mozilla/5.0 (compatible; SeznamBot/3.2; +http://napoveda.seznam.cz/en/seznambot-intro/)" "ysfine.com"
207.46.13.176 - - [21/Jan/2023:13:01:22 -0800] "GET /sitemap.xml HTTP/1.1" 200 166 "-" "Mozilla/5.0 AppleWebKit/537.36 (KHTML, like Gecko; compatible; bingbot/2.0; +http://www.bing.com/bingbot.htm) Chrome/103.0.5060.134 Safari/537.36" "www.ysfine.com"
77.75.78.164 - - [21/Jan/2023:13:01:22 -0800] "GET /style/musee/ams002.jpg HTTP/1.1" 200 92932 "-" "Mozilla/5.0 (compatible; SeznamBot/3.2; +http://napoveda.seznam.cz/en/seznambot-intro/)" "ysfine.com"
77.75.78.164 - - [21/Jan/2023:13:01:25 -0800] "GET /style/kievopera44.jpg HTTP/1.1" 200 108286 "-" "Mozilla/5.0 (compatible; SeznamBot/3.2; +http://napoveda.seznam.cz/en/seznambot-intro/)" "ysfine.com"
67.190.64.159 - - [21/Jan/2023:13:01:26 -0800] "GET /newyork/colum08.jpg HTTP/1.1" 200 135570 "https://images.search.yahoo.com/search/images;_ylt=AwrO_rmQUsxj5hsdkz5XNyoA;_ylu=Y29sbwNncTEEcG9zAzEEdnRpZANMT0MwODlDXzEEc2VjA3BpdnM-?p=columbia+campus&fr2=piv-web&type=E210US91088G0&fr=mcafee" "Mozilla/5.0 (X11; CrOS x86_64 14541.0.0) AppleWebKit/537.36 (KHTML, like Gecko) Chrome/108.0.0.0 Safari/537.36" "www.ysfine.com"
67.190.64.159 - - [21/Jan/2023:13:01:26 -0800] "GET /newyork/colum12.jpg HTTP/1.1" 200 105871 "https://images.search.yahoo.com/search/images;_ylt=AwrO_rmQUsxj5hsdkz5XNyoA;_ylu=Y29sbwNncTEEcG9zAzEEdnRpZANMT0MwODlDXzEEc2VjA3BpdnM-?p=columbia+campus&fr2=piv-web&type=E210US91088G0&fr=mcafee" "Mozilla/5.0 (X11; CrOS x86_64 14541.0.0) AppleWebKit/537.36 (KHTML, like Gecko) Chrome/108.0.0.0 Safari/537.36" "www.ysfine.com"
77.75.78.164 - - [21/Jan/2023:13:01:28 -0800] "GET /wigner/gim/gimn18.jpg HTTP/1.1" 304 - "-" "Mozilla/5.0 (compatible; SeznamBot/3.2; +http://napoveda.seznam.cz/en/seznambot-intro/)" "ysfine.com"
77.75.78.164 - - [21/Jan/2023:13:01:28 -0800] "GET /wigner/neum/neuim.jpg HTTP/1.1" 304 - "-" "Mozilla/5.0 (compatible; SeznamBot/3.2; +http://napoveda.seznam.cz/en/seznambot-intro/)" "ysfine.com"
51.222.253.1 - - [21/Jan/2023:13:02:08 -0800] "GET /class54/class5480/?C=S;O=A HTTP/1.1" 200 379 "-" "Mozilla/5.0 (compatible; AhrefsBot/7.0; +http://ahrefs.com/robot/)" "www.ysfine.com"
66.249.70.30 - - [21/Jan/2023:13:02:47 -0800] "GET /style/cameras/canonp11c.jpg HTTP/1.1" 304 - "-" "Googlebot-Image/1.0" "ysfine.com"
104.28.104.69 - - [21/Jan/2023:13:02:52 -0800] "GET /dirac/dirheisen31b.jpg HTTP/1.1" 200 39248 "-" "Safari/18614.3.7.1.5 CFNetwork/1402.0.8 Darwin/22.2.0" "ysfine.com"
66.249.70.10 - - [21/Jan/2023:13:03:32 -0800] "GET /robots.txt HTTP/1.1" 404 88 "-" "Mozilla/5.0 (compatible; Googlebot/2.1; +http://www.google.com/bot.html)" "www.ysfine.com"
207.81.13.60 - - [21/Jan/2023:13:04:39 -0800] "GET /princeton/brooke88.jpg HTTP/1.1" 200 82208 "https://www.google.com/" "Mozilla/5.0 (Windows NT 10.0; Win64; x64) AppleWebKit/537.36 (KHTML, like Gecko) Chrome/109.0.0.0 Safari/537.36" "ysfine.com"
51.222.253.19 - - [21/Jan/2023:13:04:43 -0800] "GET /style/spbpiano.html HTTP/1.1" 200 1801 "-" "Mozilla/5.0 (compatible; AhrefsBot/7.0; +http://ahrefs.com/robot/)" "www.ysfine.com"
51.222.253.9 - - [21/Jan/2023:13:04:45 -0800] "GET /world/russ/spbpi07b.jpg HTTP/1.1" 200 44525 "-" "Mozilla/5.0 (compatible; AhrefsBot/7.0; +http://ahrefs.com/robot/)" "www.ysfine.com"
51.222.253.12 - - [21/Jan/2023:13:04:45 -0800] "GET /world/russ/spbpi03b.jpg HTTP/1.1" 200 39436 "-" "Mozilla/5.0 (compatible; AhrefsBot/7.0; +http://ahrefs.com/robot/)" "www.ysfine.com"
51.222.253.19 - - [21/Jan/2023:13:04:46 -0800] "GET /world/russ/spbpi02b.jpg HTTP/1.1" 200 34109 "-" "Mozilla/5.0 (compatible; AhrefsBot/7.0; +http://ahrefs.com/robot/)" "www.ysfine.com"
51.222.253.1 - - [21/Jan/2023:13:04:46 -0800] "GET /world/russ/spbpi01a.jpg HTTP/1.1" 200 47890 "-" "Mozilla/5.0 (compatible; AhrefsBot/7.0; +http://ahrefs.com/robot/)" "www.ysfine.com"
51.222.253.2 - - [21/Jan/2023:13:04:47 -0800] "GET /world/russ/spbpi08b.jpg HTTP/1.1" 200 34889 "-" "Mozilla/5.0 (compatible; AhrefsBot/7.0; +http://ahrefs.com/robot/)" "www.ysfine.com"
51.222.253.7 - - [21/Jan/2023:13:04:47 -0800] "GET /world/russ/spbpi04b.jpg HTTP/1.1" 200 40390 "-" "Mozilla/5.0 (compatible; AhrefsBot/7.0; +http://ahrefs.com/robot/)" "www.ysfine.com"
51.222.253.15 - - [21/Jan/2023:13:04:48 -0800] "GET /world/russ/spbpi11b.jpg HTTP/1.1" 200 44991 "-" "Mozilla/5.0 (compatible; AhrefsBot/7.0; +http://ahrefs.com/robot/)" "www.ysfine.com"
51.222.253.13 - - [21/Jan/2023:13:04:48 -0800] "GET /world/russ/spbpi05b.jpg HTTP/1.1" 200 31815 "-" "Mozilla/5.0 (compatible; AhrefsBot/7.0; +http://ahrefs.com/robot/)" "www.ysfine.com"
66.249.70.3 - - [21/Jan/2023:13:04:51 -0800] "GET /wigner/neum/vnc03.jpg HTTP/1.1" 200 80421 "-" "Googlebot-Image/1.0" "ysfine.com"
17.241.75.5 - - [21/Jan/2023:13:04:58 -0800] "GET /yspapers/minsk19.pdf HTTP/1.1" 200 2260008 "-" "Mozilla/5.0 (Macintosh; Intel Mac OS X 10_15_5) AppleWebKit/605.1.15 (KHTML, like Gecko) Version/13.1.1 Safari/605.1.15 (Applebot/0.1; +http://www.apple.com/go/applebot)" "www.ysfine.com"
208.104.106.97 - - [21/Jan/2023:13:05:44 -0800] "GET /princeton/brooke22.jpg HTTP/1.1" 200 87673 "https://www.google.com/" "Mozilla/5.0 (Windows NT 10.0; Win64; x64) AppleWebKit/537.36 (KHTML, like Gecko) Chrome/109.0.0.0 Safari/537.36" "ysfine.com"
67.202.105.250 - - [21/Jan/2023:13:05:48 -0800] "GET /ads.txt HTTP/1.1" 404 88 "-" "rest-client/2.0.2 (linux-gnu x86_64) ruby/2.5.5p157" "ysfine.com"
208.104.106.97 - - [21/Jan/2023:13:05:50 -0800] "GET /princeton/sbk87.jpg HTTP/1.1" 200 174738 "https://www.google.com/" "Mozilla/5.0 (Windows NT 10.0; Win64; x64) AppleWebKit/537.36 (KHTML, like Gecko) Chrome/109.0.0.0 Safari/537.36" "ysfine.com"
208.104.106.97 - - [21/Jan/2023:13:06:18 -0800] "GET /princeton/brooke88.jpg HTTP/1.1" 200 82208 "https://www.google.com/" "Mozilla/5.0 (Windows NT 10.0; Win64; x64) AppleWebKit/537.36 (KHTML, like Gecko) Chrome/109.0.0.0 Safari/537.36" "ysfine.com"
103.37.140.23 - - [21/Jan/2023:13:06:18 -0800] "GET /world/scandi/nbi06.jpg HTTP/1.1" 200 99013 "-" "Mozilla/5.0 (X11; Ubuntu; Linux x86_64; rv:72.0) Gecko/20100101 Firefox/72.0" "ysfine.com"
51.222.253.5 - - [21/Jan/2023:13:07:25 -0800] "GET /class54/class5470/total_data/sub_325.htm HTTP/1.1" 200 3319 "-" "Mozilla/5.0 (compatible; AhrefsBot/7.0; +http://ahrefs.com/robot/)" "ysfine.com"
71.178.208.102 - - [21/Jan/2023:13:07:37 -0800] "GET /bio09.html HTTP/1.1" 200 12553 "https://ysfine.com/ys11/" "Mozilla/5.0 (Windows NT 10.0; Win64; x64) AppleWebKit/537.36 (KHTML, like Gecko) Chrome/109.0.0.0 Safari/537.36" "ysfine.com"
66.249.70.4 - - [21/Jan/2023:13:08:14 -0800] "GET /style/cameras/fedt34c.jpg HTTP/1.1" 304 - "-" "Googlebot-Image/1.0" "ysfine.com"
66.249.70.10 - - [21/Jan/2023:13:08:14 -0800] "GET /robots.txt HTTP/1.1" 404 88 "-" "Mozilla/5.0 (compatible; Googlebot/2.1; +http://www.google.com/bot.html)" "www.ysfine.com"
207.46.13.15 - - [21/Jan/2023:13:10:03 -0800] "GET /newyork/trump43b.jpg HTTP/1.1" 200 47074 "-" "Mozilla/5.0 AppleWebKit/537.36 (KHTML, like Gecko; compatible; bingbot/2.0; +http://www.bing.com/bingbot.htm) Chrome/103.0.5060.134 Safari/537.36" "ysfine.com"
51.222.253.17 - - [21/Jan/2023:13:10:10 -0800] "GET /wisdom/wkstorie.html HTTP/1.1" 200 954 "-" "Mozilla/5.0 (compatible; AhrefsBot/7.0; +http://ahrefs.com/robot/)" "ysfine.com"
66.249.70.30 - - [21/Jan/2023:13:10:13 -0800] "GET /style/cameras/leicafx55.jpg HTTP/1.1" 304 - "-" "Googlebot-Image/1.0" "ysfine.com"
78.198.68.103 - - [21/Jan/2023:13:10:58 -0800] "GET /maga/histo/oscar22.jpg HTTP/1.1" 200 101665 "https://www.google.com/" "Mozilla/5.0 (iPhone; CPU iPhone OS 16_1_1 like Mac OS X) AppleWebKit/605.1.15 (KHTML, like Gecko) GSA/241.0.491530414 Mobile/20B101 Safari/604.1" "ysfine.com"
71.178.208.102 - - [21/Jan/2023:13:11:32 -0800] "GET /bio09.html HTTP/1.1" 200 12570 "https://ysfine.com/ys11/" "Mozilla/5.0 (Windows NT 10.0; Win64; x64) AppleWebKit/537.36 (KHTML, like Gecko) Chrome/108.0.5359.125 Safari/537.36" "ysfine.com"
78.198.68.103 - - [21/Jan/2023:13:11:49 -0800] "GET /maga/histo/desiree22.jpg HTTP/1.1" 200 113561 "https://www.google.com/" "Mozilla/5.0 (iPhone; CPU iPhone OS 16_1_1 like Mac OS X) AppleWebKit/605.1.15 (KHTML, like Gecko) GSA/241.0.491530414 Mobile/20B101 Safari/604.1" "ysfine.com"
78.198.68.103 - - [21/Jan/2023:13:12:07 -0800] "GET /maga/histo/desiree21.jpg HTTP/1.1" 200 91829 "https://www.google.com/" "Mozilla/5.0 (iPhone; CPU iPhone OS 16_1_1 like Mac OS X) AppleWebKit/605.1.15 (KHTML, like Gecko) GSA/241.0.491530414 Mobile/20B101 Safari/604.1" "ysfine.com"
66.249.70.3 - - [21/Jan/2023:13:12:18 -0800] "GET /style/cameras/lumixfan22c.jpg HTTP/1.1" 304 - "-" "Googlebot-Image/1.0" "ysfine.com"
51.222.253.7 - - [21/Jan/2023:13:12:58 -0800] "GET /class54/class5480/Pictures/1.%C3%AC%C2%A0%C2%91%C3%AC%C2%88%C2%98%C3%AB%C2%B0%C2%8F%C3%AD%C2%99%C2%98%C3%AB%C2%8B%C2%B4/?C=M;O=A HTTP/1.1" 200 869 "-" "Mozilla/5.0 (compatible; AhrefsBot/7.0; +http://ahrefs.com/robot/)" "www.ysfine.com"
131.175.147.3 - - [21/Jan/2023:13:13:03 -0800] "GET /world/france/champ1216.jpg HTTP/1.1" 200 196639 "https://www.bing.com/" "Mozilla/5.0 (Windows NT 10.0; Win64; x64) AppleWebKit/537.36 (KHTML, like Gecko) Chrome/109.0.0.0 Safari/537.36 Edg/109.0.1518.55" "www.ysfine.com"
17.241.227.112 - - [21/Jan/2023:13:13:52 -0800] "GET /articles/entro90.pdf HTTP/1.1" 401 90 "-" "Mozilla/5.0 (Macintosh; Intel Mac OS X 10_15_5) AppleWebKit/605.1.15 (KHTML, like Gecko) Version/13.1.1 Safari/605.1.15 (Applebot/0.1; +http://www.apple.com/go/applebot)" "ysfine.com"
207.46.13.31 - - [21/Jan/2023:13:14:26 -0800] "GET /bio/kobak/yskor.html HTTP/1.1" 404 88 "-" "Mozilla/5.0 AppleWebKit/537.36 (KHTML, like Gecko; compatible; bingbot/2.0; +http://www.bing.com/bingbot.htm) Chrome/103.0.5060.134 Safari/537.36" "ysfine.com"
73.189.36.238 - - [21/Jan/2023:13:14:50 -0800] "GET /maga/histo/oscar33.jpg HTTP/1.1" 200 140181 "https://www.google.com/" "Mozilla/5.0 (Macintosh; Intel Mac OS X 10_15_7) AppleWebKit/537.36 (KHTML, like Gecko) Chrome/108.0.0.0 Safari/537.36" "ysfine.com"
51.222.253.11 - - [21/Jan/2023:13:15:44 -0800] "GET /class54/class5470/total_data/sub_332.htm HTTP/1.1" 200 3319 "-" "Mozilla/5.0 (compatible; AhrefsBot/7.0; +http://ahrefs.com/robot/)" "ysfine.com"
51.222.253.5 - - [21/Jan/2023:13:15:46 -0800] "GET /class54/class5470/total_data/photo_img/3-32.jpg HTTP/1.1" 200 112582 "-" "Mozilla/5.0 (compatible; AhrefsBot/7.0; +http://ahrefs.com/robot/)" "ysfine.com"
66.249.70.3 - - [21/Jan/2023:13:16:07 -0800] "GET /dirac/nicodem11c.jpg HTTP/1.1" 200 72684 "-" "Googlebot-Image/1.0" "ysfine.com"
99.123.3.241 - - [21/Jan/2023:13:16:23 -0800] "GET /wisdom/korart04.jpg HTTP/1.1" 200 92096 "https://www.google.com/" "Mozilla/5.0 (Macintosh; Intel Mac OS X 10_15_7) AppleWebKit/537.36 (KHTML, like Gecko) Chrome/107.0.0.0 Safari/537.36" "ysfine.com"
17.241.219.208 - - [21/Jan/2023:13:16:42 -0800] "GET /yspapers/phpr.pdf HTTP/1.1" 200 132409 "-" "Mozilla/5.0 (Macintosh; Intel Mac OS X 10_15_5) AppleWebKit/605.1.15 (KHTML, like Gecko) Version/13.1.1 Safari/605.1.15 (Applebot/0.1; +http://www.apple.com/go/applebot)" "www.ysfine.com"
185.191.171.42 - - [21/Jan/2023:13:17:09 -0800] "GET /robots.txt HTTP/1.1" 404 88 "-" "Mozilla/5.0 (compatible; SemrushBot/7~bl; +http://www.semrush.com/bot.html)" "www.ysfine.com"
185.191.171.3 - - [21/Jan/2023:13:17:10 -0800] "GET /folks/roskei.html HTTP/1.1" 200 6121 "-" "Mozilla/5.0 (compatible; SemrushBot/7~bl; +http://www.semrush.com/bot.html)" "www.ysfine.com"
77.137.13.202 - - [21/Jan/2023:13:17:27 -0800] "GET /princeton/prade.html HTTP/1.1" 200 9863 "-" "Mozilla/5.0 (Linux x86_64; rv:102.0) Gecko/20100101 Firefox/102.0" "ysfine.com"
77.137.13.202 - - [21/Jan/2023:13:17:28 -0800] "GET /princeton/prosprade.html HTTP/1.1" 200 242 "https://ysfine.com/princeton/prade.html" "Mozilla/5.0 (Linux x86_64; rv:102.0) Gecko/20100101 Firefox/102.0" "ysfine.com"
77.137.13.202 - - [21/Jan/2023:13:17:29 -0800] "GET /wdc/index.html HTTP/1.1" 200 141 "https://ysfine.com/princeton/prade.html" "Mozilla/5.0 (Linux x86_64; rv:102.0) Gecko/20100101 Firefox/102.0" "ysfine.com"
77.137.13.202 - - [21/Jan/2023:13:17:29 -0800] "GET /princeton/prospect.html HTTP/1.1" 200 425 "https://ysfine.com/princeton/prade.html" "Mozilla/5.0 (Linux x86_64; rv:102.0) Gecko/20100101 Firefox/102.0" "ysfine.com"
77.137.13.202 - - [21/Jan/2023:13:17:30 -0800] "GET /style/index.html HTTP/1.1" 200 129 "https://ysfine.com/princeton/prade.html" "Mozilla/5.0 (Linux x86_64; rv:102.0) Gecko/20100101 Firefox/102.0" "ysfine.com"
77.137.13.202 - - [21/Jan/2023:13:17:31 -0800] "GET /style/leica.html HTTP/1.1" 200 17158 "https://ysfine.com/princeton/prade.html" "Mozilla/5.0 (Linux x86_64; rv:102.0) Gecko/20100101 Firefox/102.0" "ysfine.com"
77.137.13.202 - - [21/Jan/2023:13:17:32 -0800] "GET /world/ysworld.html HTTP/1.1" 200 3224 "https://ysfine.com/princeton/prade.html" "Mozilla/5.0 (Linux x86_64; rv:102.0) Gecko/20100101 Firefox/102.0" "ysfine.com"
77.137.13.202 - - [21/Jan/2023:13:17:33 -0800] "GET /maga/popov.html HTTP/1.1" 200 8651 "https://ysfine.com/princeton/prade.html" "Mozilla/5.0 (Linux x86_64; rv:102.0) Gecko/20100101 Firefox/102.0" "ysfine.com"
77.137.13.202 - - [21/Jan/2023:13:17:34 -0800] "GET /home/bio.html HTTP/1.1" 404 88 "https://ysfine.com/princeton/prade.html" "Mozilla/5.0 (Linux x86_64; rv:102.0) Gecko/20100101 Firefox/102.0" "ysfine.com"
77.137.13.202 - - [21/Jan/2023:13:17:34 -0800] "GET /kobak/shortw.html HTTP/1.1" 200 3128 "https://ysfine.com/princeton/prade.html" "Mozilla/5.0 (Linux x86_64; rv:102.0) Gecko/20100101 Firefox/102.0" "ysfine.com"
77.137.13.202 - - [21/Jan/2023:13:17:35 -0800] "GET /home/yshome.html HTTP/1.1" 200 5634 "https://ysfine.com/princeton/prade.html" "Mozilla/5.0 (Linux x86_64; rv:102.0) Gecko/20100101 Firefox/102.0" "ysfine.com"
77.137.13.202 - - [21/Jan/2023:13:17:36 -0800] "GET /style/digilit.html HTTP/1.1" 200 8470 "https://ysfine.com/princeton/prade.html" "Mozilla/5.0 (Linux x86_64; rv:102.0) Gecko/20100101 Firefox/102.0" "ysfine.com"
77.137.13.202 - - [21/Jan/2023:13:17:37 -0800] "GET /eink/mose.html HTTP/1.1" 200 14315 "https://ysfine.com/princeton/prade.html" "Mozilla/5.0 (Linux x86_64; rv:102.0) Gecko/20100101 Firefox/102.0" "ysfine.com"
77.137.13.202 - - [21/Jan/2023:13:17:38 -0800] "GET /princeton/dulles.html HTTP/1.1" 200 2700 "https://ysfine.com/princeton/prade.html" "Mozilla/5.0 (Linux x86_64; rv:102.0) Gecko/20100101 Firefox/102.0" "ysfine.com"
77.137.13.202 - - [21/Jan/2023:13:17:39 -0800] "GET /newyork/index.html HTTP/1.1" 200 132 "https://ysfine.com/princeton/prade.html" "Mozilla/5.0 (Linux x86_64; rv:102.0) Gecko/20100101 Firefox/102.0" "ysfine.com"
77.137.13.202 - - [21/Jan/2023:13:17:39 -0800] "GET /kobak/rheetr.html HTTP/1.1" 200 838 "https://ysfine.com/princeton/prade.html" "Mozilla/5.0 (Linux x86_64; rv:102.0) Gecko/20100101 Firefox/102.0" "ysfine.com"
77.137.13.202 - - [21/Jan/2023:13:17:40 -0800] "GET /einstein/index.html HTTP/1.1" 200 135 "https://ysfine.com/princeton/prade.html" "Mozilla/5.0 (Linux x86_64; rv:102.0) Gecko/20100101 Firefox/102.0" "ysfine.com"
77.137.13.202 - - [21/Jan/2023:13:17:41 -0800] "GET /princeton/bagpipes.html HTTP/1.1" 200 245 "https://ysfine.com/princeton/prade.html" "Mozilla/5.0 (Linux x86_64; rv:102.0) Gecko/20100101 Firefox/102.0" "ysfine.com"
77.137.13.202 - - [21/Jan/2023:13:17:41 -0800] "GET /princeton/campus.html HTTP/1.1" 200 15142 "https://ysfine.com/princeton/prade.html" "Mozilla/5.0 (Linux x86_64; rv:102.0) Gecko/20100101 Firefox/102.0" "ysfine.com"
77.137.13.202 - - [21/Jan/2023:13:17:43 -0800] "GET /usca/pgh.html HTTP/1.1" 200 13572 "https://ysfine.com/princeton/prade.html" "Mozilla/5.0 (Linux x86_64; rv:102.0) Gecko/20100101 Firefox/102.0" "ysfine.com"
77.137.13.202 - - [21/Jan/2023:13:17:45 -0800] "GET /wigner/index.html HTTP/1.1" 200 124 "https://ysfine.com/princeton/prade.html" "Mozilla/5.0 (Linux x86_64; rv:102.0) Gecko/20100101 Firefox/102.0" "ysfine.com"
77.137.13.202 - - [21/Jan/2023:13:17:45 -0800] "GET /maga/maxedin.html HTTP/1.1" 200 6756 "https://ysfine.com/princeton/prade.html" "Mozilla/5.0 (Linux x86_64; rv:102.0) Gecko/20100101 Firefox/102.0" "ysfine.com"
77.137.13.202 - - [21/Jan/2023:13:17:46 -0800] "GET /wigner/lunch.html HTTP/1.1" 200 3105 "https://ysfine.com/princeton/prade.html" "Mozilla/5.0 (Linux x86_64; rv:102.0) Gecko/20100101 Firefox/102.0" "ysfine.com"
77.137.13.202 - - [21/Jan/2023:13:17:47 -0800] "GET /princeton/morecars.html HTTP/1.1" 200 245 "https://ysfine.com/princeton/prade.html" "Mozilla/5.0 (Linux x86_64; rv:102.0) Gecko/20100101 Firefox/102.0" "ysfine.com"
77.137.13.202 - - [21/Jan/2023:13:17:48 -0800] "GET /people/sbt.html HTTP/1.1" 200 529 "https://ysfine.com/princeton/prade.html" "Mozilla/5.0 (Linux x86_64; rv:102.0) Gecko/20100101 Firefox/102.0" "ysfine.com"
77.137.13.202 - - [21/Jan/2023:13:17:48 -0800] "GET /kowar/tanks.html HTTP/1.1" 200 8699 "https://ysfine.com/princeton/prade.html" "Mozilla/5.0 (Linux x86_64; rv:102.0) Gecko/20100101 Firefox/102.0" "ysfine.com"
77.137.13.202 - - [21/Jan/2023:13:17:49 -0800] "GET /feynman/fphoto.html HTTP/1.1" 200 3714 "https://ysfine.com/princeton/prade.html" "Mozilla/5.0 (Linux x86_64; rv:102.0) Gecko/20100101 Firefox/102.0" "ysfine.com"
77.137.13.202 - - [21/Jan/2023:13:17:50 -0800] "GET /princeton/cleve.html HTTP/1.1" 200 570 "https://ysfine.com/princeton/prade.html" "Mozilla/5.0 (Linux x86_64; rv:102.0) Gecko/20100101 Firefox/102.0" "ysfine.com"
77.137.13.202 - - [21/Jan/2023:13:17:51 -0800] "GET /world/feynrio.html HTTP/1.1" 200 8831 "https://ysfine.com/princeton/prade.html" "Mozilla/5.0 (Linux x86_64; rv:102.0) Gecko/20100101 Firefox/102.0" "ysfine.com"
77.137.13.202 - - [21/Jan/2023:13:17:52 -0800] "GET /feynman/feyprince.html HTTP/1.1" 200 440 "https://ysfine.com/princeton/prade.html" "Mozilla/5.0 (Linux x86_64; rv:102.0) Gecko/20100101 Firefox/102.0" "ysfine.com"
77.137.13.202 - - [21/Jan/2023:13:17:52 -0800] "GET /princeton/sambapr.html HTTP/1.1" 200 311 "https://ysfine.com/princeton/prade.html" "Mozilla/5.0 (Linux x86_64; rv:102.0) Gecko/20100101 Firefox/102.0" "ysfine.com"
207.46.13.176 - - [21/Jan/2023:13:18:06 -0800] "GET /bio.html HTTP/1.1" 200 18260 "-" "Mozilla/5.0 AppleWebKit/537.36 (KHTML, like Gecko; compatible; bingbot/2.0; +http://www.bing.com/bingbot.htm) Chrome/103.0.5060.134 Safari/537.36" "ysfine.com"
66.249.70.4 - - [21/Jan/2023:13:18:45 -0800] "GET /dirac/sq73.jpg HTTP/1.1" 304 - "-" "Googlebot-Image/1.0" "ysfine.com"
17.241.227.39 - - [21/Jan/2023:13:19:02 -0800] "GET /robots.txt HTTP/1.1" 404 88 "-" "Mozilla/5.0 (Macintosh; Intel Mac OS X 10_15_5) AppleWebKit/605.1.15 (KHTML, like Gecko) Version/13.1.1 Safari/605.1.15 (Applebot/0.1; +http://www.apple.com/go/applebot)" "ysfine.com"
17.241.227.39 - - [21/Jan/2023:13:19:03 -0800] "GET /yspapers/newphys68.pdf HTTP/1.1" 200 62436 "-" "Mozilla/5.0 (Macintosh; Intel Mac OS X 10_15_5) AppleWebKit/605.1.15 (KHTML, like Gecko) Version/13.1.1 Safari/605.1.15 (Applebot/0.1; +http://www.apple.com/go/applebot)" "ysfine.com"
185.191.171.16 - - [21/Jan/2023:13:19:43 -0800] "GET /robots.txt HTTP/1.1" 404 88 "-" "Mozilla/5.0 (compatible; SemrushBot/7~bl; +http://www.semrush.com/bot.html)" "ysfine.com"
185.191.171.36 - - [21/Jan/2023:13:19:43 -0800] "GET /remote/wigner111/frame21.html HTTP/1.1" 200 772 "-" "Mozilla/5.0 (compatible; SemrushBot/7~bl; +http://www.semrush.com/bot.html)" "ysfine.com"
51.222.253.20 - - [21/Jan/2023:13:19:55 -0800] "GET /einstein/newton.html HTTP/1.1" 200 650 "-" "Mozilla/5.0 (compatible; AhrefsBot/7.0; +http://ahrefs.com/robot/)" "www.ysfine.com"
51.222.253.6 - - [21/Jan/2023:13:19:56 -0800] "GET /einstein/newton55.jpg HTTP/1.1" 200 43959 "-" "Mozilla/5.0 (compatible; AhrefsBot/7.0; +http://ahrefs.com/robot/)" "www.ysfine.com"
51.222.253.20 - - [21/Jan/2023:13:19:56 -0800] "GET /einstein/newton22b.jpg HTTP/1.1" 200 60510 "-" "Mozilla/5.0 (compatible; AhrefsBot/7.0; +http://ahrefs.com/robot/)" "www.ysfine.com"
51.222.253.19 - - [21/Jan/2023:13:19:57 -0800] "GET /einstein/newton11b.jpg HTTP/1.1" 200 61151 "-" "Mozilla/5.0 (compatible; AhrefsBot/7.0; +http://ahrefs.com/robot/)" "www.ysfine.com"
198.235.24.51 - - [21/Jan/2023:13:20:24 -0800] "GET / HTTP/1.1" 200 15915 "http://67.195.197.24:80/" "Expanse, a Palo Alto Networks company, searches across the global IPv4 space multiple times per day to identify customers&#39; presences on the Internet. If you would like to be excluded from our scans, please send IP addresses/domains to: scaninfo@paloaltonetworks.com" "www.ysfine.com"
72.143.201.236 - - [21/Jan/2023:13:20:42 -0800] "GET /kobak/rhee28.jpg HTTP/1.1" 200 216656 "https://www.google.ca/" "Mozilla/5.0 (iPhone; CPU iPhone OS 16_1_2 like Mac OS X) AppleWebKit/605.1.15 (KHTML, like Gecko) Version/16.1 Mobile/15E148 Safari/604.1" "ysfine.com"
207.46.13.176 - - [21/Jan/2023:13:21:46 -0800] "GET /bio/kobak/soraech.html HTTP/1.1" 404 88 "-" "Mozilla/5.0 AppleWebKit/537.36 (KHTML, like Gecko; compatible; bingbot/2.0; +http://www.bing.com/bingbot.htm) Chrome/103.0.5060.134 Safari/537.36" "ysfine.com"
192.196.218.201 - - [21/Jan/2023:13:21:52 -0800] "GET /einstein/einbohr33.jpg HTTP/1.1" 200 87797 "https://www.google.com/" "Mozilla/5.0 (Macintosh; Intel Mac OS X 10.12; rv:108.0) Gecko/20100101 Firefox/108.0" "ysfine.com"
192.196.218.201 - - [21/Jan/2023:13:22:02 -0800] "GET /einstein/einbohr.html HTTP/1.1" 200 6142 "https://www.google.com/" "Mozilla/5.0 (Macintosh; Intel Mac OS X 10.12; rv:108.0) Gecko/20100101 Firefox/108.0" "ysfine.com"
192.196.218.201 - - [21/Jan/2023:13:22:02 -0800] "GET /feynman/feydirac270.jpg HTTP/1.1" 200 59000 "https://ysfine.com/einstein/einbohr.html" "Mozilla/5.0 (Macintosh; Intel Mac OS X 10.12; rv:108.0) Gecko/20100101 Firefox/108.0" "ysfine.com"
192.196.218.201 - - [21/Jan/2023:13:22:02 -0800] "GET /einstein/einbohr33b.jpg HTTP/1.1" 200 42636 "https://ysfine.com/einstein/einbohr.html" "Mozilla/5.0 (Macintosh; Intel Mac OS X 10.12; rv:108.0) Gecko/20100101 Firefox/108.0" "ysfine.com"
192.196.218.201 - - [21/Jan/2023:13:22:02 -0800] "GET /feynman/feygell66b.jpg HTTP/1.1" 200 28843 "https://ysfine.com/einstein/einbohr.html" "Mozilla/5.0 (Macintosh; Intel Mac OS X 10.12; rv:108.0) Gecko/20100101 Firefox/108.0" "ysfine.com"
