40.77.167.13 - - [17/Jan/2023:01:35:29 -0800] "GET /wigner/wigheisen.html HTTP/1.1" 304 - "-" "Mozilla/5.0 AppleWebKit/537.36 (KHTML, like Gecko; compatible; bingbot/2.0; +http://www.bing.com/bingbot.htm) Chrome/103.0.5060.134 Safari/537.36" "www.ysfine.com"
207.46.13.31 - - [17/Jan/2023:01:36:27 -0800] "GET /bio/kobak/yskor.html HTTP/1.1" 404 88 "-" "Mozilla/5.0 AppleWebKit/537.36 (KHTML, like Gecko; compatible; bingbot/2.0; +http://www.bing.com/bingbot.htm) Chrome/103.0.5060.134 Safari/537.36" "ysfine.com"
40.77.167.17 - - [17/Jan/2023:01:37:47 -0800] "GET /bio/kobak/namdae.html HTTP/1.1" 404 88 "-" "Mozilla/5.0 AppleWebKit/537.36 (KHTML, like Gecko; compatible; bingbot/2.0; +http://www.bing.com/bingbot.htm) Chrome/103.0.5060.134 Safari/537.36" "ysfine.com"
95.223.45.92 - - [17/Jan/2023:01:38:36 -0800] "GET /style/nofrete33.jpg HTTP/1.1" 200 55386 "https://www.ecosia.org/" "Mozilla/5.0 (Macintosh; Intel Mac OS X 10_15_7) AppleWebKit/605.1.15 (KHTML, like Gecko) Version/15.6.1 Safari/605.1.15" "ysfine.com"
5.255.231.110 - - [17/Jan/2023:01:40:13 -0800] "GET /robots.txt HTTP/1.1" 404 73 "-" "Mozilla/5.0 (compatible; YandexBot/3.0; +http://yandex.com/bots)" "www.ysfine.com"
5.255.231.135 - - [17/Jan/2023:01:40:17 -0800] "GET /world/china22.html HTTP/1.1" 200 12827 "-" "Mozilla/5.0 (compatible; YandexBot/3.0; +http://yandex.com/bots) AppleWebKit/537.36 (KHTML, like Gecko) Chrome/81.0.4044.268" "www.ysfine.com"
51.222.253.16 - - [17/Jan/2023:01:40:33 -0800] "GET /class54/class5470/total_data/sub_324.htm HTTP/1.1" 200 3297 "-" "Mozilla/5.0 (compatible; AhrefsBot/7.0; +http://ahrefs.com/robot/)" "www.ysfine.com"
71.178.208.102 - - [17/Jan/2023:01:41:45 -0800] "GET /bio09.html HTTP/1.1" 200 12280 "https://www.ysfine.com/ys11/index.html" "Mozilla/5.0 (Windows NT 10.0; Win64; x64) AppleWebKit/537.36 (KHTML, like Gecko) Chrome/109.0.0.0 Safari/537.36 Edg/109.0.1518.55" "www.ysfine.com"
71.178.208.102 - - [17/Jan/2023:01:41:45 -0800] "GET /wigner/wigner62c.jpg HTTP/1.1" 200 41729 "https://www.ysfine.com/bio09.html" "Mozilla/5.0 (Windows NT 10.0; Win64; x64) AppleWebKit/537.36 (KHTML, like Gecko) Chrome/109.0.0.0 Safari/537.36 Edg/109.0.1518.55" "www.ysfine.com"
66.249.66.58 - - [17/Jan/2023:01:42:01 -0800] "GET /world/ital/stcroce09.jpg HTTP/1.1" 200 97103 "-" "Googlebot-Image/1.0" "ysfine.com"
40.77.167.10 - - [17/Jan/2023:01:42:10 -0800] "GET /einstein/einstori01.jpg HTTP/1.1" 200 40741 "-" "Mozilla/5.0 AppleWebKit/537.36 (KHTML, like Gecko; compatible; bingbot/2.0; +http://www.bing.com/bingbot.htm) Chrome/103.0.5060.134 Safari/537.36" "www.ysfine.com"
40.77.167.80 - - [17/Jan/2023:01:42:28 -0800] "GET /world/russ/roskei10b.jpg HTTP/1.1" 200 36598 "-" "Mozilla/5.0 AppleWebKit/537.36 (KHTML, like Gecko; compatible; bingbot/2.0; +http://www.bing.com/bingbot.htm) Chrome/103.0.5060.134 Safari/537.36" "www.ysfine.com"
40.77.167.17 - - [17/Jan/2023:01:42:46 -0800] "GET /world/france/pantheon03.jpg HTTP/1.1" 200 107105 "-" "Mozilla/5.0 (compatible; bingbot/2.0; +http://www.bing.com/bingbot.htm)" "ysfine.com"
207.46.13.31 - - [17/Jan/2023:01:42:59 -0800] "GET /bio/sbk/1950.html HTTP/1.1" 404 88 "-" "Mozilla/5.0 AppleWebKit/537.36 (KHTML, like Gecko; compatible; bingbot/2.0; +http://www.bing.com/bingbot.htm) Chrome/103.0.5060.134 Safari/537.36" "ysfine.com"
114.119.131.211 - - [17/Jan/2023:01:43:18 -0800] "GET /wigner/isomor39c.jpg HTTP/1.1" 200 48288 "https://ysfine.com/wigner/yswig.html" "Mozilla/5.0 (Linux; Android 7.0;) AppleWebKit/537.36 (KHTML, like Gecko) Mobile Safari/537.36 (compatible; PetalBot;+https://webmaster.petalsearch.com/site/petalbot)" "ysfine.com"
40.77.167.17 - - [17/Jan/2023:01:43:27 -0800] "GET /bio/einstein/math/heisen54.pdf HTTP/1.1" 404 88 "-" "Mozilla/5.0 AppleWebKit/537.36 (KHTML, like Gecko; compatible; bingbot/2.0; +http://www.bing.com/bingbot.htm) Chrome/103.0.5060.134 Safari/537.36" "ysfine.com"
40.77.167.10 - - [17/Jan/2023:01:44:12 -0800] "GET /maga/phil/keigel500.jpg HTTP/1.1" 200 44688 "-" "Mozilla/5.0 AppleWebKit/537.36 (KHTML, like Gecko; compatible; bingbot/2.0; +http://www.bing.com/bingbot.htm) Chrome/103.0.5060.134 Safari/537.36" "ysfine.com"
40.77.167.10 - - [17/Jan/2023:01:44:12 -0800] "GET /bio/style/proschanie.html HTTP/1.1" 404 88 "-" "Mozilla/5.0 (compatible; bingbot/2.0; +http://www.bing.com/bingbot.htm)" "ysfine.com"
93.158.130.167 - - [17/Jan/2023:01:44:16 -0800] "GET /kobak/rhee12.jpg HTTP/1.1" 200 235392 "-" "Mozilla/5.0 (compatible; YandexImageResizer/2.0; +http://yandex.com/bots)" "www.ysfine.com"
114.119.149.89 - - [17/Jan/2023:01:44:24 -0800] "GET /kobak/warstorie.html HTTP/1.1" 200 6645 "https://ysfine.com/home/more.html" "Mozilla/5.0 (Linux; Android 7.0;) AppleWebKit/537.36 (KHTML, like Gecko) Mobile Safari/537.36 (compatible; PetalBot;+https://webmaster.petalsearch.com/site/petalbot)" "ysfine.com"
114.119.135.130 - - [17/Jan/2023:01:45:57 -0800] "GET /usca/pgh22.html HTTP/1.1" 200 11391 "https://www.ysfine.com/maga/keigel22.html" "Mozilla/5.0 (Linux; Android 7.0;) AppleWebKit/537.36 (KHTML, like Gecko) Mobile Safari/537.36 (compatible; PetalBot;+https://webmaster.petalsearch.com/site/petalbot)" "www.ysfine.com"
40.77.167.13 - - [17/Jan/2023:01:46:11 -0800] "GET /bio/princeton/campus.html HTTP/1.1" 404 88 "-" "Mozilla/5.0 (compatible; bingbot/2.0; +http://www.bing.com/bingbot.htm)" "ysfine.com"
71.178.208.102 - - [17/Jan/2023:01:49:34 -0800] "GET /wigner/wigner62.jpg HTTP/1.1" 200 1386110 "https://www.ysfine.com/bio09.html" "Mozilla/5.0 (Windows NT 10.0; Win64; x64) AppleWebKit/537.36 (KHTML, like Gecko) Chrome/109.0.0.0 Safari/537.36 Edg/109.0.1518.55" "www.ysfine.com"
51.222.253.9 - - [17/Jan/2023:01:50:34 -0800] "GET /home/more.html HTTP/1.1" 200 3042 "-" "Mozilla/5.0 (compatible; AhrefsBot/7.0; +http://ahrefs.com/robot/)" "ysfine.com"
51.222.253.4 - - [17/Jan/2023:01:50:36 -0800] "GET /home/fig22/taylor54d.jpg HTTP/1.1" 200 77792 "-" "Mozilla/5.0 (compatible; AhrefsBot/7.0; +http://ahrefs.com/robot/)" "ysfine.com"
51.222.253.12 - - [17/Jan/2023:01:50:36 -0800] "GET /home/church06d.jpg HTTP/1.1" 200 74725 "-" "Mozilla/5.0 (compatible; AhrefsBot/7.0; +http://ahrefs.com/robot/)" "ysfine.com"
51.222.253.14 - - [17/Jan/2023:01:50:37 -0800] "GET /home/facu450.jpg HTTP/1.1" 200 74535 "-" "Mozilla/5.0 (compatible; AhrefsBot/7.0; +http://ahrefs.com/robot/)" "ysfine.com"
51.222.253.4 - - [17/Jan/2023:01:50:37 -0800] "GET /home/brooke87d.jpg HTTP/1.1" 200 102881 "-" "Mozilla/5.0 (compatible; AhrefsBot/7.0; +http://ahrefs.com/robot/)" "ysfine.com"
210.220.73.249 - - [17/Jan/2023:01:51:20 -0800] "GET /bio.html?fbclid=IwAR3wv18JhY0fzOkLEjTbcEDuExcejtpxFpYIh4rSgCvNFriJ8RsVaqvMNq4 HTTP/1.1" 200 18260 "-" "facebookexternalhit/1.1; kakaotalk-scrap/1.0; +https://devtalk.kakao.com/t/scrap/33984" "ysfine.com"
40.77.167.13 - - [17/Jan/2023:01:51:22 -0800] "GET /bio/wigner/e(2).html HTTP/1.1" 404 88 "-" "Mozilla/5.0 (compatible; bingbot/2.0; +http://www.bing.com/bingbot.htm)" "ysfine.com"
37.214.83.106 - - [17/Jan/2023:01:52:02 -0800] "GET /world/poland/coperni11b.jpg HTTP/1.1" 200 28750 "https://cdpn.io/" "Mozilla/5.0 (Windows NT 10.0; Win64; x64) AppleWebKit/537.36 (KHTML, like Gecko) Chrome/106.0.0.0 YaBrowser/22.11.5.715 Yowser/2.5 Safari/537.36" "www.ysfine.com"
207.46.13.176 - - [17/Jan/2023:01:53:38 -0800] "GET /bio.html HTTP/1.1" 200 18260 "-" "Mozilla/5.0 AppleWebKit/537.36 (KHTML, like Gecko; compatible; bingbot/2.0; +http://www.bing.com/bingbot.htm) Chrome/103.0.5060.134 Safari/537.36" "ysfine.com"
40.77.167.17 - - [17/Jan/2023:01:53:47 -0800] "GET /bio/einstein/bern.html HTTP/1.1" 404 88 "-" "Mozilla/5.0 AppleWebKit/537.36 (KHTML, like Gecko; compatible; bingbot/2.0; +http://www.bing.com/bingbot.htm) Chrome/103.0.5060.134 Safari/537.36" "ysfine.com"
71.178.208.102 - - [17/Jan/2023:01:54:35 -0800] "GET /bio09.html HTTP/1.1" 304 - "https://www.ysfine.com/ys11/index.html" "Mozilla/5.0 (Windows NT 10.0; Win64; x64) AppleWebKit/537.36 (KHTML, like Gecko) Chrome/109.0.0.0 Safari/537.36 Edg/109.0.1518.55" "www.ysfine.com"
71.178.208.102 - - [17/Jan/2023:01:54:40 -0800] "GET /wigner/wigner62.jpg HTTP/1.1" 200 244931 "https://www.ysfine.com/bio09.html" "Mozilla/5.0 (Windows NT 10.0; Win64; x64) AppleWebKit/537.36 (KHTML, like Gecko) Chrome/109.0.0.0 Safari/537.36 Edg/109.0.1518.55" "www.ysfine.com"
88.241.91.18 - - [17/Jan/2023:01:54:52 -0800] "GET /einstein/einplanck3.jpg HTTP/1.1" 200 37784 "https://www.google.com/" "Mozilla/5.0 (Windows NT 6.1; Win64; x64) AppleWebKit/537.36 (KHTML, like Gecko) Chrome/109.0.0.0 Safari/537.36" "ysfine.com"
71.178.208.102 - - [17/Jan/2023:01:54:59 -0800] "GET /bio09.html HTTP/1.1" 304 - "https://www.ysfine.com/ys11/index.html" "Mozilla/5.0 (Windows NT 10.0; Win64; x64) AppleWebKit/537.36 (KHTML, like Gecko) Chrome/109.0.0.0 Safari/537.36 Edg/109.0.1518.55" "www.ysfine.com"
207.46.13.31 - - [17/Jan/2023:01:55:48 -0800] "GET /bio/style/artlove.html HTTP/1.1" 404 88 "-" "Mozilla/5.0 AppleWebKit/537.36 (KHTML, like Gecko; compatible; bingbot/2.0; +http://www.bing.com/bingbot.htm) Chrome/103.0.5060.134 Safari/537.36" "ysfine.com"
198.98.121.55 - - [17/Jan/2023:01:58:13 -0800] "GET /kobak/somap38b.jpg HTTP/1.1" 200 54149 "https://www.google.com/" "Mozilla/5.0 (Macintosh; Intel Mac OS X 10_15_7) AppleWebKit/537.36 (KHTML, like Gecko) Chrome/109.0.0.0 Safari/537.36" "ysfine.com"
40.77.167.17 - - [17/Jan/2023:01:58:58 -0800] "GET /bio17.html HTTP/1.1" 200 10919 "-" "Mozilla/5.0 (compatible; bingbot/2.0; +http://www.bing.com/bingbot.htm)" "ysfine.com"
207.46.13.176 - - [17/Jan/2023:01:59:37 -0800] "GET /bio/eink/buythisbook.html HTTP/1.1" 404 88 "-" "Mozilla/5.0 AppleWebKit/537.36 (KHTML, like Gecko; compatible; bingbot/2.0; +http://www.bing.com/bingbot.htm) Chrome/103.0.5060.134 Safari/537.36" "ysfine.com"
71.178.208.102 - - [17/Jan/2023:01:59:51 -0800] "GET / HTTP/1.1" 304 - "https://www.google.com/" "Mozilla/5.0 (Windows NT 10.0; Win64; x64) AppleWebKit/537.36 (KHTML, like Gecko) Chrome/108.0.0.0 Safari/537.36 OPR/94.0.0.0" "ysfine.com"
71.178.208.102 - - [17/Jan/2023:01:59:51 -0800] "GET /home/top21d.jpg HTTP/1.1" 304 - "https://ysfine.com/" "Mozilla/5.0 (Windows NT 10.0; Win64; x64) AppleWebKit/537.36 (KHTML, like Gecko) Chrome/108.0.0.0 Safari/537.36 OPR/94.0.0.0" "ysfine.com"
71.178.208.102 - - [17/Jan/2023:01:59:51 -0800] "GET /home/goodbad450.jpg HTTP/1.1" 304 - "https://ysfine.com/" "Mozilla/5.0 (Windows NT 10.0; Win64; x64) AppleWebKit/537.36 (KHTML, like Gecko) Chrome/108.0.0.0 Safari/537.36 OPR/94.0.0.0" "ysfine.com"
71.178.208.102 - - [17/Jan/2023:01:59:51 -0800] "GET /home/facu450.jpg HTTP/1.1" 304 - "https://ysfine.com/" "Mozilla/5.0 (Windows NT 10.0; Win64; x64) AppleWebKit/537.36 (KHTML, like Gecko) Chrome/108.0.0.0 Safari/537.36 OPR/94.0.0.0" "ysfine.com"
71.178.208.102 - - [17/Jan/2023:01:59:51 -0800] "GET /eink/ewk86f.jpg HTTP/1.1" 304 - "https://ysfine.com/" "Mozilla/5.0 (Windows NT 10.0; Win64; x64) AppleWebKit/537.36 (KHTML, like Gecko) Chrome/108.0.0.0 Safari/537.36 OPR/94.0.0.0" "ysfine.com"
71.178.208.102 - - [17/Jan/2023:01:59:51 -0800] "GET /home/truck450.jpg HTTP/1.1" 304 - "https://ysfine.com/" "Mozilla/5.0 (Windows NT 10.0; Win64; x64) AppleWebKit/537.36 (KHTML, like Gecko) Chrome/108.0.0.0 Safari/537.36 OPR/94.0.0.0" "ysfine.com"
71.178.208.102 - - [17/Jan/2023:01:59:51 -0800] "GET /home/washmo23d.jpg HTTP/1.1" 304 - "https://ysfine.com/" "Mozilla/5.0 (Windows NT 10.0; Win64; x64) AppleWebKit/537.36 (KHTML, like Gecko) Chrome/108.0.0.0 Safari/537.36 OPR/94.0.0.0" "ysfine.com"
71.178.208.102 - - [17/Jan/2023:01:59:51 -0800] "GET /home/1987pr22d.jpg HTTP/1.1" 304 - "https://ysfine.com/" "Mozilla/5.0 (Windows NT 10.0; Win64; x64) AppleWebKit/537.36 (KHTML, like Gecko) Chrome/108.0.0.0 Safari/537.36 OPR/94.0.0.0" "ysfine.com"
71.178.208.102 - - [17/Jan/2023:01:59:51 -0800] "GET /home/eindc03d.jpg HTTP/1.1" 304 - "https://ysfine.com/" "Mozilla/5.0 (Windows NT 10.0; Win64; x64) AppleWebKit/537.36 (KHTML, like Gecko) Chrome/108.0.0.0 Safari/537.36 OPR/94.0.0.0" "ysfine.com"
71.178.208.102 - - [17/Jan/2023:01:59:51 -0800] "GET /eink/einhaus11c.jpg HTTP/1.1" 304 - "https://ysfine.com/" "Mozilla/5.0 (Windows NT 10.0; Win64; x64) AppleWebKit/537.36 (KHTML, like Gecko) Chrome/108.0.0.0 Safari/537.36 OPR/94.0.0.0" "ysfine.com"
71.178.208.102 - - [17/Jan/2023:01:59:51 -0800] "GET /home/eward55f.jpg HTTP/1.1" 304 - "https://ysfine.com/" "Mozilla/5.0 (Windows NT 10.0; Win64; x64) AppleWebKit/537.36 (KHTML, like Gecko) Chrome/108.0.0.0 Safari/537.36 OPR/94.0.0.0" "ysfine.com"
71.178.208.102 - - [17/Jan/2023:01:59:51 -0800] "GET /eink/einhaus33c.jpg HTTP/1.1" 304 - "https://ysfine.com/" "Mozilla/5.0 (Windows NT 10.0; Win64; x64) AppleWebKit/537.36 (KHTML, like Gecko) Chrome/108.0.0.0 Safari/537.36 OPR/94.0.0.0" "ysfine.com"
71.178.208.102 - - [17/Jan/2023:01:59:51 -0800] "GET /home/taylor500.jpg HTTP/1.1" 304 - "https://ysfine.com/" "Mozilla/5.0 (Windows NT 10.0; Win64; x64) AppleWebKit/537.36 (KHTML, like Gecko) Chrome/108.0.0.0 Safari/537.36 OPR/94.0.0.0" "ysfine.com"
51.222.253.8 - - [17/Jan/2023:02:00:22 -0800] "GET /einstein/heisenberg.html HTTP/1.1" 200 10552 "-" "Mozilla/5.0 (compatible; AhrefsBot/7.0; +http://ahrefs.com/robot/)" "www.ysfine.com"
51.222.253.6 - - [17/Jan/2023:02:00:24 -0800] "GET /einstein/texfiles/einheis01.jpg HTTP/1.1" 200 32456 "-" "Mozilla/5.0 (compatible; AhrefsBot/7.0; +http://ahrefs.com/robot/)" "www.ysfine.com"
51.222.253.3 - - [17/Jan/2023:02:00:24 -0800] "GET /dirac/o32inho22c.jpg HTTP/1.1" 200 33038 "-" "Mozilla/5.0 (compatible; AhrefsBot/7.0; +http://ahrefs.com/robot/)" "www.ysfine.com"
51.222.253.15 - - [17/Jan/2023:02:00:25 -0800] "GET /einstein/texfiles/einheis03.jpg HTTP/1.1" 200 46000 "-" "Mozilla/5.0 (compatible; AhrefsBot/7.0; +http://ahrefs.com/robot/)" "www.ysfine.com"
51.222.253.1 - - [17/Jan/2023:02:00:25 -0800] "GET /wigner/wigkim11c.jpg HTTP/1.1" 200 30443 "-" "Mozilla/5.0 (compatible; AhrefsBot/7.0; +http://ahrefs.com/robot/)" "www.ysfine.com"
51.222.253.12 - - [17/Jan/2023:02:00:26 -0800] "GET /home/figs/sq55c.jpg HTTP/1.1" 200 29581 "-" "Mozilla/5.0 (compatible; AhrefsBot/7.0; +http://ahrefs.com/robot/)" "www.ysfine.com"
51.222.253.5 - - [17/Jan/2023:02:00:26 -0800] "GET /einstein/einhouse11c.jpg HTTP/1.1" 200 32610 "-" "Mozilla/5.0 (compatible; AhrefsBot/7.0; +http://ahrefs.com/robot/)" "www.ysfine.com"
51.222.253.4 - - [17/Jan/2023:02:00:26 -0800] "GET /heisen/heisen22c.jpg HTTP/1.1" 200 33300 "-" "Mozilla/5.0 (compatible; AhrefsBot/7.0; +http://ahrefs.com/robot/)" "www.ysfine.com"
51.222.253.8 - - [17/Jan/2023:02:00:27 -0800] "GET /einstein/einbohr33c.jpg HTTP/1.1" 200 36410 "-" "Mozilla/5.0 (compatible; AhrefsBot/7.0; +http://ahrefs.com/robot/)" "www.ysfine.com"
51.222.253.2 - - [17/Jan/2023:02:00:27 -0800] "GET /maga/phys/yukadirac53c.jpg HTTP/1.1" 200 40447 "-" "Mozilla/5.0 (compatible; AhrefsBot/7.0; +http://ahrefs.com/robot/)" "www.ysfine.com"
51.222.253.1 - - [17/Jan/2023:02:00:28 -0800] "GET /einstein/math/sp2c.jpg HTTP/1.1" 200 29719 "-" "Mozilla/5.0 (compatible; AhrefsBot/7.0; +http://ahrefs.com/robot/)" "www.ysfine.com"
51.222.253.11 - - [17/Jan/2023:02:00:28 -0800] "GET /heisen/heisen66c.jpg HTTP/1.1" 200 43543 "-" "Mozilla/5.0 (compatible; AhrefsBot/7.0; +http://ahrefs.com/robot/)" "www.ysfine.com"
51.222.253.5 - - [17/Jan/2023:02:00:28 -0800] "GET /einstein/tsepa11c.jpg HTTP/1.1" 200 28691 "-" "Mozilla/5.0 (compatible; AhrefsBot/7.0; +http://ahrefs.com/robot/)" "www.ysfine.com"
51.222.253.3 - - [17/Jan/2023:02:00:29 -0800] "GET /dirac/dirheisen31c.jpg HTTP/1.1" 200 43569 "-" "Mozilla/5.0 (compatible; AhrefsBot/7.0; +http://ahrefs.com/robot/)" "www.ysfine.com"
51.222.253.14 - - [17/Jan/2023:02:00:29 -0800] "GET /feynman/ppic/parton88a.jpg HTTP/1.1" 200 55506 "-" "Mozilla/5.0 (compatible; AhrefsBot/7.0; +http://ahrefs.com/robot/)" "www.ysfine.com"
51.222.253.18 - - [17/Jan/2023:02:00:30 -0800] "GET /einstein/fantova/fanto11c.jpg HTTP/1.1" 200 48308 "-" "Mozilla/5.0 (compatible; AhrefsBot/7.0; +http://ahrefs.com/robot/)" "www.ysfine.com"
51.222.253.12 - - [17/Jan/2023:02:00:30 -0800] "GET /einstein/texfiles/einheis02.jpg HTTP/1.1" 200 27605 "-" "Mozilla/5.0 (compatible; AhrefsBot/7.0; +http://ahrefs.com/robot/)" "www.ysfine.com"
51.222.253.6 - - [17/Jan/2023:02:00:31 -0800] "GET /dirac/o32c.jpg HTTP/1.1" 200 30707 "-" "Mozilla/5.0 (compatible; AhrefsBot/7.0; +http://ahrefs.com/robot/)" "www.ysfine.com"
51.222.253.13 - - [17/Jan/2023:02:00:31 -0800] "GET /heisen/bohrheisen11c.jpg HTTP/1.1" 200 41289 "-" "Mozilla/5.0 (compatible; AhrefsBot/7.0; +http://ahrefs.com/robot/)" "www.ysfine.com"
51.222.253.14 - - [17/Jan/2023:02:00:32 -0800] "GET /einstein/texfiles/einheis05.jpg HTTP/1.1" 200 31679 "-" "Mozilla/5.0 (compatible; AhrefsBot/7.0; +http://ahrefs.com/robot/)" "www.ysfine.com"
51.222.253.8 - - [17/Jan/2023:02:00:32 -0800] "GET /heisen/schroheisen33c.jpg HTTP/1.1" 200 47347 "-" "Mozilla/5.0 (compatible; AhrefsBot/7.0; +http://ahrefs.com/robot/)" "www.ysfine.com"
51.222.253.7 - - [17/Jan/2023:02:00:32 -0800] "GET /wigner/wighome11c.jpg HTTP/1.1" 200 45648 "-" "Mozilla/5.0 (compatible; AhrefsBot/7.0; +http://ahrefs.com/robot/)" "www.ysfine.com"
51.222.253.4 - - [17/Jan/2023:02:00:33 -0800] "GET /dirac/2osc22c.jpg HTTP/1.1" 200 28929 "-" "Mozilla/5.0 (compatible; AhrefsBot/7.0; +http://ahrefs.com/robot/)" "www.ysfine.com"
71.178.208.102 - - [17/Jan/2023:02:01:04 -0800] "GET /ys11/index.html HTTP/1.1" 200 3485 "https://www.google.com/" "Mozilla/5.0 (Windows NT 10.0; Win64; x64) AppleWebKit/537.36 (KHTML, like Gecko) Chrome/108.0.0.0 Safari/537.36 OPR/94.0.0.0" "www.ysfine.com"
71.178.208.102 - - [17/Jan/2023:02:01:04 -0800] "GET /favicon.ico HTTP/1.1" 404 88 "https://www.ysfine.com/ys11/index.html" "Mozilla/5.0 (Windows NT 10.0; Win64; x64) AppleWebKit/537.36 (KHTML, like Gecko) Chrome/108.0.0.0 Safari/537.36 OPR/94.0.0.0" "www.ysfine.com"
207.46.13.176 - - [17/Jan/2023:02:01:37 -0800] "GET /bio/kobak/soraech.html HTTP/1.1" 404 88 "-" "Mozilla/5.0 AppleWebKit/537.36 (KHTML, like Gecko; compatible; bingbot/2.0; +http://www.bing.com/bingbot.htm) Chrome/103.0.5060.134 Safari/537.36" "ysfine.com"
71.178.208.102 - - [17/Jan/2023:02:01:39 -0800] "GET /bio09.html?fbclid=IwAR2Pk1eoadR0y3vcWUfl8CUtmzXgTGL7tV2ax0gikA8GSWbNt22s-2FXDPY HTTP/1.1" 200 12280 "https://l.facebook.com/" "Mozilla/5.0 (Windows NT 10.0; Win64; x64) AppleWebKit/537.36 (KHTML, like Gecko) Chrome/108.0.0.0 Safari/537.36 OPR/94.0.0.0" "ysfine.com"
71.178.208.102 - - [17/Jan/2023:02:01:39 -0800] "GET /home/sbt11d.jpg HTTP/1.1" 200 41029 "https://ysfine.com/bio09.html?fbclid=IwAR2Pk1eoadR0y3vcWUfl8CUtmzXgTGL7tV2ax0gikA8GSWbNt22s-2FXDPY" "Mozilla/5.0 (Windows NT 10.0; Win64; x64) AppleWebKit/537.36 (KHTML, like Gecko) Chrome/108.0.0.0 Safari/537.36 OPR/94.0.0.0" "ysfine.com"
71.178.208.102 - - [17/Jan/2023:02:01:39 -0800] "GET /fotos/einmu41d.jpg HTTP/1.1" 200 62005 "https://ysfine.com/bio09.html?fbclid=IwAR2Pk1eoadR0y3vcWUfl8CUtmzXgTGL7tV2ax0gikA8GSWbNt22s-2FXDPY" "Mozilla/5.0 (Windows NT 10.0; Win64; x64) AppleWebKit/537.36 (KHTML, like Gecko) Chrome/108.0.0.0 Safari/537.36 OPR/94.0.0.0" "ysfine.com"
71.178.208.102 - - [17/Jan/2023:02:01:39 -0800] "GET /home/tollwig11d.jpg HTTP/1.1" 200 39722 "https://ysfine.com/bio09.html?fbclid=IwAR2Pk1eoadR0y3vcWUfl8CUtmzXgTGL7tV2ax0gikA8GSWbNt22s-2FXDPY" "Mozilla/5.0 (Windows NT 10.0; Win64; x64) AppleWebKit/537.36 (KHTML, like Gecko) Chrome/108.0.0.0 Safari/537.36 OPR/94.0.0.0" "ysfine.com"
71.178.208.102 - - [17/Jan/2023:02:01:39 -0800] "GET /dirac/truck/truck18a.jpg HTTP/1.1" 200 78184 "https://ysfine.com/bio09.html?fbclid=IwAR2Pk1eoadR0y3vcWUfl8CUtmzXgTGL7tV2ax0gikA8GSWbNt22s-2FXDPY" "Mozilla/5.0 (Windows NT 10.0; Win64; x64) AppleWebKit/537.36 (KHTML, like Gecko) Chrome/108.0.0.0 Safari/537.36 OPR/94.0.0.0" "ysfine.com"
71.178.208.102 - - [17/Jan/2023:02:01:39 -0800] "GET /home/o32inho22g.jpg HTTP/1.1" 200 90429 "https://ysfine.com/bio09.html?fbclid=IwAR2Pk1eoadR0y3vcWUfl8CUtmzXgTGL7tV2ax0gikA8GSWbNt22s-2FXDPY" "Mozilla/5.0 (Windows NT 10.0; Win64; x64) AppleWebKit/537.36 (KHTML, like Gecko) Chrome/108.0.0.0 Safari/537.36 OPR/94.0.0.0" "ysfine.com"
71.178.208.102 - - [17/Jan/2023:02:01:39 -0800] "GET /wigner/wigner62c.jpg HTTP/1.1" 200 41729 "https://ysfine.com/bio09.html?fbclid=IwAR2Pk1eoadR0y3vcWUfl8CUtmzXgTGL7tV2ax0gikA8GSWbNt22s-2FXDPY" "Mozilla/5.0 (Windows NT 10.0; Win64; x64) AppleWebKit/537.36 (KHTML, like Gecko) Chrome/108.0.0.0 Safari/537.36 OPR/94.0.0.0" "ysfine.com"
71.178.208.102 - - [17/Jan/2023:02:01:39 -0800] "GET /home/further22f.jpg HTTP/1.1" 200 99099 "https://ysfine.com/bio09.html?fbclid=IwAR2Pk1eoadR0y3vcWUfl8CUtmzXgTGL7tV2ax0gikA8GSWbNt22s-2FXDPY" "Mozilla/5.0 (Windows NT 10.0; Win64; x64) AppleWebKit/537.36 (KHTML, like Gecko) Chrome/108.0.0.0 Safari/537.36 OPR/94.0.0.0" "ysfine.com"
71.178.208.102 - - [17/Jan/2023:02:01:39 -0800] "GET /home/wigner22d.jpg HTTP/1.1" 200 70992 "https://ysfine.com/bio09.html?fbclid=IwAR2Pk1eoadR0y3vcWUfl8CUtmzXgTGL7tV2ax0gikA8GSWbNt22s-2FXDPY" "Mozilla/5.0 (Windows NT 10.0; Win64; x64) AppleWebKit/537.36 (KHTML, like Gecko) Chrome/108.0.0.0 Safari/537.36 OPR/94.0.0.0" "ysfine.com"
71.178.208.102 - - [17/Jan/2023:02:01:39 -0800] "GET /home/comet40f.jpg HTTP/1.1" 200 101816 "https://ysfine.com/bio09.html?fbclid=IwAR2Pk1eoadR0y3vcWUfl8CUtmzXgTGL7tV2ax0gikA8GSWbNt22s-2FXDPY" "Mozilla/5.0 (Windows NT 10.0; Win64; x64) AppleWebKit/537.36 (KHTML, like Gecko) Chrome/108.0.0.0 Safari/537.36 OPR/94.0.0.0" "ysfine.com"
71.178.208.102 - - [17/Jan/2023:02:01:39 -0800] "GET /home/wigein11d.jpg HTTP/1.1" 200 38446 "https://ysfine.com/bio09.html?fbclid=IwAR2Pk1eoadR0y3vcWUfl8CUtmzXgTGL7tV2ax0gikA8GSWbNt22s-2FXDPY" "Mozilla/5.0 (Windows NT 10.0; Win64; x64) AppleWebKit/537.36 (KHTML, like Gecko) Chrome/108.0.0.0 Safari/537.36 OPR/94.0.0.0" "ysfine.com"
71.178.208.102 - - [17/Jan/2023:02:01:39 -0800] "GET /home/fig33/sbtwein450.jpg HTTP/1.1" 200 73194 "https://ysfine.com/bio09.html?fbclid=IwAR2Pk1eoadR0y3vcWUfl8CUtmzXgTGL7tV2ax0gikA8GSWbNt22s-2FXDPY" "Mozilla/5.0 (Windows NT 10.0; Win64; x64) AppleWebKit/537.36 (KHTML, like Gecko) Chrome/108.0.0.0 Safari/537.36 OPR/94.0.0.0" "ysfine.com"
71.178.208.102 - - [17/Jan/2023:02:01:39 -0800] "GET /home/wigkim450.jpg HTTP/1.1" 200 46980 "https://ysfine.com/bio09.html?fbclid=IwAR2Pk1eoadR0y3vcWUfl8CUtmzXgTGL7tV2ax0gikA8GSWbNt22s-2FXDPY" "Mozilla/5.0 (Windows NT 10.0; Win64; x64) AppleWebKit/537.36 (KHTML, like Gecko) Chrome/108.0.0.0 Safari/537.36 OPR/94.0.0.0" "ysfine.com"
71.178.208.102 - - [17/Jan/2023:02:01:39 -0800] "GET /home/fig33/parton77f.jpg HTTP/1.1" 200 120094 "https://ysfine.com/bio09.html?fbclid=IwAR2Pk1eoadR0y3vcWUfl8CUtmzXgTGL7tV2ax0gikA8GSWbNt22s-2FXDPY" "Mozilla/5.0 (Windows NT 10.0; Win64; x64) AppleWebKit/537.36 (KHTML, like Gecko) Chrome/108.0.0.0 Safari/537.36 OPR/94.0.0.0" "ysfine.com"
71.178.208.102 - - [17/Jan/2023:02:01:39 -0800] "GET /fotos/einhaus450.jpg HTTP/1.1" 200 65369 "https://ysfine.com/bio09.html?fbclid=IwAR2Pk1eoadR0y3vcWUfl8CUtmzXgTGL7tV2ax0gikA8GSWbNt22s-2FXDPY" "Mozilla/5.0 (Windows NT 10.0; Win64; x64) AppleWebKit/537.36 (KHTML, like Gecko) Chrome/108.0.0.0 Safari/537.36 OPR/94.0.0.0" "ysfine.com"
71.178.208.102 - - [17/Jan/2023:02:01:39 -0800] "GET /einstein/einbohr55f.jpg HTTP/1.1" 200 155618 "https://ysfine.com/bio09.html?fbclid=IwAR2Pk1eoadR0y3vcWUfl8CUtmzXgTGL7tV2ax0gikA8GSWbNt22s-2FXDPY" "Mozilla/5.0 (Windows NT 10.0; Win64; x64) AppleWebKit/537.36 (KHTML, like Gecko) Chrome/108.0.0.0 Safari/537.36 OPR/94.0.0.0" "ysfine.com"
71.178.208.102 - - [17/Jan/2023:02:01:39 -0800] "GET /princeton/einpm22d.jpg HTTP/1.1" 200 65372 "https://ysfine.com/bio09.html?fbclid=IwAR2Pk1eoadR0y3vcWUfl8CUtmzXgTGL7tV2ax0gikA8GSWbNt22s-2FXDPY" "Mozilla/5.0 (Windows NT 10.0; Win64; x64) AppleWebKit/537.36 (KHTML, like Gecko) Chrome/108.0.0.0 Safari/537.36 OPR/94.0.0.0" "ysfine.com"
71.178.208.102 - - [17/Jan/2023:02:01:39 -0800] "GET /home/ewk86f.jpg HTTP/1.1" 200 123121 "https://ysfine.com/bio09.html?fbclid=IwAR2Pk1eoadR0y3vcWUfl8CUtmzXgTGL7tV2ax0gikA8GSWbNt22s-2FXDPY" "Mozilla/5.0 (Windows NT 10.0; Win64; x64) AppleWebKit/537.36 (KHTML, like Gecko) Chrome/108.0.0.0 Safari/537.36 OPR/94.0.0.0" "ysfine.com"
71.178.208.102 - - [17/Jan/2023:02:01:39 -0800] "GET /wigner/michwight.jpg HTTP/1.1" 200 73424 "https://ysfine.com/bio09.html?fbclid=IwAR2Pk1eoadR0y3vcWUfl8CUtmzXgTGL7tV2ax0gikA8GSWbNt22s-2FXDPY" "Mozilla/5.0 (Windows NT 10.0; Win64; x64) AppleWebKit/537.36 (KHTML, like Gecko) Chrome/108.0.0.0 Safari/537.36 OPR/94.0.0.0" "ysfine.com"
71.178.208.102 - - [17/Jan/2023:02:01:52 -0800] "GET /home/eink54.jpg HTTP/1.1" 200 123527 "https://ysfine.com/bio09.html?fbclid=IwAR2Pk1eoadR0y3vcWUfl8CUtmzXgTGL7tV2ax0gikA8GSWbNt22s-2FXDPY" "Mozilla/5.0 (Windows NT 10.0; Win64; x64) AppleWebKit/537.36 (KHTML, like Gecko) Chrome/108.0.0.0 Safari/537.36 OPR/94.0.0.0" "ysfine.com"
207.46.13.176 - - [17/Jan/2023:02:04:17 -0800] "GET /einstein/bohradius11b.jpg HTTP/1.1" 200 39999 "-" "Mozilla/5.0 AppleWebKit/537.36 (KHTML, like Gecko; compatible; bingbot/2.0; +http://www.bing.com/bingbot.htm) Chrome/103.0.5060.134 Safari/537.36" "ysfine.com"
116.110.40.9 - - [17/Jan/2023:02:04:51 -0800] "GET /world/germany/aachen12.jpg HTTP/1.1" 200 105832 "https://www.google.com/" "Mozilla/5.0 (Windows NT 10.0; Win64; x64) AppleWebKit/537.36 (KHTML, like Gecko) Chrome/108.0.0.0 Safari/537.36" "ysfine.com"
71.178.208.102 - - [17/Jan/2023:02:07:45 -0800] "GET /home/sing.html HTTP/1.1" 304 - "-" "Mozilla/5.0 (Windows NT 10.0; Win64; x64) AppleWebKit/537.36 (KHTML, like Gecko) Chrome/109.0.0.0 Safari/537.36 Edg/109.0.1518.55" "ysfine.com"
71.178.208.102 - - [17/Jan/2023:02:08:03 -0800] "GET / HTTP/1.1" 304 - "-" "Mozilla/5.0 (Windows NT 10.0; Win64; x64) AppleWebKit/537.36 (KHTML, like Gecko) Chrome/109.0.0.0 Safari/537.36 Edg/109.0.1518.55" "ysfine.com"
71.178.208.102 - - [17/Jan/2023:02:08:17 -0800] "GET /ys11/ HTTP/1.1" 304 - "-" "Mozilla/5.0 (Windows NT 10.0; Win64; x64) AppleWebKit/537.36 (KHTML, like Gecko) Chrome/109.0.0.0 Safari/537.36 Edg/109.0.1518.55" "ysfine.com"
51.222.253.5 - - [17/Jan/2023:02:08:46 -0800] "GET / HTTP/1.1" 200 5295 "-" "Mozilla/5.0 (compatible; AhrefsBot/7.0; +http://ahrefs.com/robot/)" "www.ysfine.com"
71.178.208.102 - - [17/Jan/2023:02:09:54 -0800] "GET /bio09.html?fbclid=IwAR3m6Kja8VRMM5MNErNbZwWlROsjJhDnd05hH12A-os_GqpMCg3Ygm8FRoQ HTTP/1.1" 200 12280 "https://l.facebook.com/" "Mozilla/5.0 (Windows NT 10.0; Win64; x64) AppleWebKit/537.36 (KHTML, like Gecko) Chrome/109.0.0.0 Safari/537.36 Edg/109.0.1518.55" "ysfine.com"
71.178.208.102 - - [17/Jan/2023:02:09:54 -0800] "GET /princeton/einpm22d.jpg HTTP/1.1" 200 65372 "https://ysfine.com/bio09.html?fbclid=IwAR3m6Kja8VRMM5MNErNbZwWlROsjJhDnd05hH12A-os_GqpMCg3Ygm8FRoQ" "Mozilla/5.0 (Windows NT 10.0; Win64; x64) AppleWebKit/537.36 (KHTML, like Gecko) Chrome/109.0.0.0 Safari/537.36 Edg/109.0.1518.55" "ysfine.com"
71.178.208.102 - - [17/Jan/2023:02:09:54 -0800] "GET /wigner/wigner62c.jpg HTTP/1.1" 200 41729 "https://ysfine.com/bio09.html?fbclid=IwAR3m6Kja8VRMM5MNErNbZwWlROsjJhDnd05hH12A-os_GqpMCg3Ygm8FRoQ" "Mozilla/5.0 (Windows NT 10.0; Win64; x64) AppleWebKit/537.36 (KHTML, like Gecko) Chrome/109.0.0.0 Safari/537.36 Edg/109.0.1518.55" "ysfine.com"
207.46.13.31 - - [17/Jan/2023:02:10:50 -0800] "GET /bio/kobak/yskor.html HTTP/1.1" 404 88 "-" "Mozilla/5.0 AppleWebKit/537.36 (KHTML, like Gecko; compatible; bingbot/2.0; +http://www.bing.com/bingbot.htm) Chrome/103.0.5060.134 Safari/537.36" "ysfine.com"
95.163.255.91 - - [17/Jan/2023:02:11:40 -0800] "GET /robots.txt HTTP/1.1" 404 73 "-" "Mozilla/5.0 (compatible; Linux x86_64; Mail.RU_Bot/Img/2.0; +https://help.mail.ru/webmaster/indexing/robots)" "ysfine.com"
5.188.210.30 - - [17/Jan/2023:02:11:46 -0800] "GET /ysbio/world/travel.html HTTP/1.1" 404 73 "https://www.ysfine.com/ysbio/world/travel.html" "Mozilla/5.0 (Windows NT 6.3; Win64; x64) AppleWebKit/537.36 (KHTML, like Gecko) Chrome/90.0.4430.85 Safari/537.36" "www.ysfine.com"
5.188.210.30 - - [17/Jan/2023:02:11:47 -0800] "GET / HTTP/1.1" 200 15915 "https://www.ysfine.com/" "Mozilla/5.0 (Windows NT 6.3; Win64; x64) AppleWebKit/537.36 (KHTML, like Gecko) Chrome/90.0.4430.85 Safari/537.36" "www.ysfine.com"
40.77.167.10 - - [17/Jan/2023:02:12:04 -0800] "GET /kowar/tanks/m70.jpg HTTP/1.1" 200 77437 "-" "Mozilla/5.0 (compatible; bingbot/2.0; +http://www.bing.com/bingbot.htm)" "ysfine.com"
40.77.167.17 - - [17/Jan/2023:02:12:09 -0800] "GET /bio/kobak/namdae.html HTTP/1.1" 404 88 "-" "Mozilla/5.0 (compatible; bingbot/2.0; +http://www.bing.com/bingbot.htm)" "ysfine.com"
167.235.19.115 - - [17/Jan/2023:02:12:22 -0800] "GET /maga/phys/maclaurin01b.jpg HTTP/1.1" 200 49228 "-" "Mozilla/5.0 (X11; Fedora; Linux x86_64) AppleWebKit/537.36 (KHTML, like Gecko) Chrome/79.0.3945.117 Safari/537.36" "ysfine.com"
34.105.255.17 - - [17/Jan/2023:02:12:37 -0800] "GET /xmlrpc.php HTTP/1.1" 404 88 "-" "Mozilla/5.0 (iPhone; CPU iPhone OS 16_0_2 like Mac OS X) AppleWebKit/605.1.15 (KHTML, like Gecko) Version/16.0 Mobile/15E148 Safari/604.1" "ysfine.com"
71.178.208.102 - - [17/Jan/2023:02:13:42 -0800] "GET /ys11/ HTTP/1.1" 200 3485 "-" "Mozilla/5.0 (Windows NT 10.0; Win64; x64) AppleWebKit/537.36 (KHTML, like Gecko) Chrome/109.0.0.0 Safari/537.36 Edg/109.0.1518.55" "ysfine.com"
51.222.253.11 - - [17/Jan/2023:02:14:10 -0800] "GET /remote/wigner111/frame03.html HTTP/1.1" 200 1087 "-" "Mozilla/5.0 (compatible; AhrefsBot/7.0; +http://ahrefs.com/robot/)" "ysfine.com"
51.222.253.20 - - [17/Jan/2023:02:14:11 -0800] "GET /remote/wigner111/kim-03b.jpg HTTP/1.1" 200 41496 "-" "Mozilla/5.0 (compatible; AhrefsBot/7.0; +http://ahrefs.com/robot/)" "ysfine.com"
106.205.7.40 - - [17/Jan/2023:02:15:05 -0800] "GET /home/goodbad55c.jpg HTTP/1.1" 200 24415 "http://www2.physics.umd.edu/" "Mozilla/5.0 (Windows NT 10.0; Win64; x64) AppleWebKit/537.36 (KHTML, like Gecko) Chrome/108.0.0.0 Safari/537.36" "ysfine.com"
106.205.7.40 - - [17/Jan/2023:02:15:05 -0800] "GET /home/top21c.jpg HTTP/1.1" 200 53120 "http://www2.physics.umd.edu/" "Mozilla/5.0 (Windows NT 10.0; Win64; x64) AppleWebKit/537.36 (KHTML, like Gecko) Chrome/108.0.0.0 Safari/537.36" "ysfine.com"
106.205.7.40 - - [17/Jan/2023:02:15:05 -0800] "GET /home/eink77c.jpg HTTP/1.1" 200 47471 "http://www2.physics.umd.edu/" "Mozilla/5.0 (Windows NT 10.0; Win64; x64) AppleWebKit/537.36 (KHTML, like Gecko) Chrome/108.0.0.0 Safari/537.36" "ysfine.com"
106.205.7.40 - - [17/Jan/2023:02:15:05 -0800] "GET /home/eward55f.jpg HTTP/1.1" 200 122802 "http://www2.physics.umd.edu/" "Mozilla/5.0 (Windows NT 10.0; Win64; x64) AppleWebKit/537.36 (KHTML, like Gecko) Chrome/108.0.0.0 Safari/537.36" "ysfine.com"
106.205.7.40 - - [17/Jan/2023:02:15:05 -0800] "GET /home/facu63c.jpg HTTP/1.1" 200 41710 "http://www2.physics.umd.edu/" "Mozilla/5.0 (Windows NT 10.0; Win64; x64) AppleWebKit/537.36 (KHTML, like Gecko) Chrome/108.0.0.0 Safari/537.36" "ysfine.com"
106.205.7.40 - - [17/Jan/2023:02:15:05 -0800] "GET /home/truck/truck20c.jpg HTTP/1.1" 200 29999 "http://www2.physics.umd.edu/" "Mozilla/5.0 (Windows NT 10.0; Win64; x64) AppleWebKit/537.36 (KHTML, like Gecko) Chrome/108.0.0.0 Safari/537.36" "ysfine.com"
106.205.7.40 - - [17/Jan/2023:02:15:06 -0800] "GET /eink/ewk86a.jpg HTTP/1.1" 200 70895 "http://www2.physics.umd.edu/" "Mozilla/5.0 (Windows NT 10.0; Win64; x64) AppleWebKit/537.36 (KHTML, like Gecko) Chrome/108.0.0.0 Safari/537.36" "ysfine.com"
106.205.7.40 - - [17/Jan/2023:02:15:07 -0800] "GET /wdc/washmo23c.jpg HTTP/1.1" 200 21217 "http://www2.physics.umd.edu/" "Mozilla/5.0 (Windows NT 10.0; Win64; x64) AppleWebKit/537.36 (KHTML, like Gecko) Chrome/108.0.0.0 Safari/537.36" "ysfine.com"
106.205.7.40 - - [17/Jan/2023:02:15:07 -0800] "GET /wdc/eindc03c.jpg HTTP/1.1" 200 48446 "http://www2.physics.umd.edu/" "Mozilla/5.0 (Windows NT 10.0; Win64; x64) AppleWebKit/537.36 (KHTML, like Gecko) Chrome/108.0.0.0 Safari/537.36" "ysfine.com"
106.205.7.40 - - [17/Jan/2023:02:15:07 -0800] "GET /sbk/1987pr22c.jpg HTTP/1.1" 200 40964 "http://www2.physics.umd.edu/" "Mozilla/5.0 (Windows NT 10.0; Win64; x64) AppleWebKit/537.36 (KHTML, like Gecko) Chrome/108.0.0.0 Safari/537.36" "ysfine.com"
106.205.7.40 - - [17/Jan/2023:02:15:08 -0800] "GET /eink/einhaus11c.jpg HTTP/1.1" 200 42522 "http://www2.physics.umd.edu/" "Mozilla/5.0 (Windows NT 10.0; Win64; x64) AppleWebKit/537.36 (KHTML, like Gecko) Chrome/108.0.0.0 Safari/537.36" "ysfine.com"
106.205.7.40 - - [17/Jan/2023:02:15:08 -0800] "GET /eink/einhaus33c.jpg HTTP/1.1" 200 23792 "http://www2.physics.umd.edu/" "Mozilla/5.0 (Windows NT 10.0; Win64; x64) AppleWebKit/537.36 (KHTML, like Gecko) Chrome/108.0.0.0 Safari/537.36" "ysfine.com"
106.205.7.40 - - [17/Jan/2023:02:15:09 -0800] "GET /kobak/taylor33c.jpg HTTP/1.1" 200 39951 "http://www2.physics.umd.edu/" "Mozilla/5.0 (Windows NT 10.0; Win64; x64) AppleWebKit/537.36 (KHTML, like Gecko) Chrome/108.0.0.0 Safari/537.36" "ysfine.com"
106.205.7.40 - - [17/Jan/2023:02:15:09 -0800] "GET /eink/eink54a.jpg HTTP/1.1" 200 79717 "http://www2.physics.umd.edu/" "Mozilla/5.0 (Windows NT 10.0; Win64; x64) AppleWebKit/537.36 (KHTML, like Gecko) Chrome/108.0.0.0 Safari/537.36" "ysfine.com"
44.203.11.113 - - [17/Jan/2023:02:15:09 -0800] "GET / HTTP/1.1" 200 5295 "-" "Mozilla/5.0 (compatible; Newslitbot/0.1; +https://www.newslit.co)" "ysfine.com"
44.204.250.114 - - [17/Jan/2023:02:15:09 -0800] "GET /robots.txt HTTP/1.1" 404 88 "-" "Apache-HttpClient/4.5.3 (Java/1.8.0_292)" "ysfine.com"
207.46.13.31 - - [17/Jan/2023:02:16:01 -0800] "GET /bio/sbk/1950.html HTTP/1.1" 404 88 "-" "Mozilla/5.0 AppleWebKit/537.36 (KHTML, like Gecko; compatible; bingbot/2.0; +http://www.bing.com/bingbot.htm) Chrome/103.0.5060.134 Safari/537.36" "ysfine.com"
40.77.167.80 - - [17/Jan/2023:02:16:11 -0800] "GET /world/russ/minsk034.jpg HTTP/1.1" 200 92534 "-" "Mozilla/5.0 (compatible; bingbot/2.0; +http://www.bing.com/bingbot.htm)" "www.ysfine.com"
40.77.167.10 - - [17/Jan/2023:02:16:35 -0800] "GET /bio/style/proschanie.html HTTP/1.1" 404 88 "-" "Mozilla/5.0 AppleWebKit/537.36 (KHTML, like Gecko; compatible; bingbot/2.0; +http://www.bing.com/bingbot.htm) Chrome/103.0.5060.134 Safari/537.36" "ysfine.com"
66.249.66.216 - - [17/Jan/2023:02:17:10 -0800] "GET /robots.txt HTTP/1.1" 404 88 "-" "Mozilla/5.0 (compatible; Googlebot/2.1; +http://www.google.com/bot.html)" "www.ysfine.com"
71.178.208.102 - - [17/Jan/2023:02:17:44 -0800] "GET /bio54.html HTTP/1.1" 304 - "https://www.ysfine.com/ys11/index.html" "Mozilla/5.0 (Windows NT 10.0; Win64; x64) AppleWebKit/537.36 (KHTML, like Gecko) Chrome/109.0.0.0 Safari/537.36 Edg/109.0.1518.55" "www.ysfine.com"
51.222.253.13 - - [17/Jan/2023:02:18:51 -0800] "GET /class54/class5470/total_data/sub_336.htm HTTP/1.1" 200 3327 "-" "Mozilla/5.0 (compatible; AhrefsBot/7.0; +http://ahrefs.com/robot/)" "www.ysfine.com"
5.255.253.180 - - [17/Jan/2023:02:19:28 -0800] "GET /robots.txt HTTP/1.1" 404 73 "-" "Mozilla/5.0 (compatible; YandexBot/3.0; +http://yandex.com/bots)" "www.ysfine.com"
87.250.224.164 - - [17/Jan/2023:02:19:32 -0800] "GET /princeton/gcollege61.jpg HTTP/1.1" 200 84242 "-" "Mozilla/5.0 (compatible; YandexImages/3.0; +http://yandex.com/bots)" "www.ysfine.com"
185.229.144.22 - - [17/Jan/2023:02:19:32 -0800] "GET / HTTP/1.1" 200 5295 "-" "Mozilla/5.0 (compatible; MSIE 10.0; Windows NT 6.1; Trident/6.0) LinkCheck by Siteimprove.com" "ysfine.com"
205.210.31.43 - - [17/Jan/2023:02:20:08 -0800] "GET / HTTP/1.1" 200 15915 "-" "Expanse, a Palo Alto Networks company, searches across the global IPv4 space multiple times per day to identify customers&#39; presences on the Internet. If you would like to be excluded from our scans, please send IP addresses/domains to: scaninfo@paloaltonetworks.com" "ysfine.com"
151.38.133.193 - - [17/Jan/2023:02:20:51 -0800] "GET /wigner/neum/vnc07.jpg HTTP/1.1" 200 95908 "https://www.google.com/" "Mozilla/5.0 (Linux; Android 11; SM-A035G Build/RP1A.200720.012; wv) AppleWebKit/537.36 (KHTML, like Gecko) Version/4.0 Chrome/108.0.5359.128 Mobile Safari/537.36 GoogleApp/13.48.11.26.arm64" "ysfine.com"
95.163.255.71 - - [17/Jan/2023:02:21:12 -0800] "GET /usca/pitt/emblem01b.jpg HTTP/1.1" 200 61751 "http://go.mail.ru/search_images" "Mozilla/5.0 (compatible; Linux x86_64; Mail.RU_Bot/Img/2.0; +https://help.mail.ru/webmaster/indexing/robots)" "ysfine.com"
151.38.133.193 - - [17/Jan/2023:02:21:17 -0800] "GET /wigner/neum/vnc18.jpg HTTP/1.1" 200 89614 "https://www.google.com/" "Mozilla/5.0 (Linux; Android 11; SM-A035G Build/RP1A.200720.012; wv) AppleWebKit/537.36 (KHTML, like Gecko) Version/4.0 Chrome/108.0.5359.128 Mobile Safari/537.36 GoogleApp/13.48.11.26.arm64" "ysfine.com"
95.163.255.71 - - [17/Jan/2023:02:21:20 -0800] "GET /robots.txt HTTP/1.1" 404 73 "-" "Mozilla/5.0 (compatible; Linux x86_64; Mail.RU_Bot/Img/2.0; +https://help.mail.ru/webmaster/indexing/robots)" "www.ysfine.com"
151.38.133.193 - - [17/Jan/2023:02:21:20 -0800] "GET /wigner/neum/vnc03.jpg HTTP/1.1" 200 80421 "https://www.google.com/" "Mozilla/5.0 (Linux; Android 11; SM-A035G Build/RP1A.200720.012; wv) AppleWebKit/537.36 (KHTML, like Gecko) Version/4.0 Chrome/108.0.5359.128 Mobile Safari/537.36 GoogleApp/13.48.11.26.arm64" "ysfine.com"
95.163.255.70 - - [17/Jan/2023:02:21:27 -0800] "GET /world/ital/venice12.jpg HTTP/1.1" 200 137615 "http://go.mail.ru/search_images" "Mozilla/5.0 (compatible; Linux x86_64; Mail.RU_Bot/Img/2.0; +https://help.mail.ru/webmaster/indexing/robots)" "www.ysfine.com"
5.188.210.47 - - [17/Jan/2023:02:21:50 -0800] "GET /ysbio/world/travel.html HTTP/1.1" 404 73 "https://www.ysfine.com/ysbio/world/travel.html" "Mozilla/5.0 (Windows NT 10.0) AppleWebKit/537.36 (KHTML, like Gecko) Chrome/90.0.4430.85 Safari/537.36 Edg/90.0.818.46" "www.ysfine.com"
5.188.210.47 - - [17/Jan/2023:02:21:51 -0800] "GET / HTTP/1.1" 200 15915 "https://www.ysfine.com/" "Mozilla/5.0 (Windows NT 10.0) AppleWebKit/537.36 (KHTML, like Gecko) Chrome/90.0.4430.85 Safari/537.36 Edg/90.0.818.46" "www.ysfine.com"
40.77.167.13 - - [17/Jan/2023:02:22:54 -0800] "GET /bio/princeton/campus.html HTTP/1.1" 404 88 "-" "Mozilla/5.0 AppleWebKit/537.36 (KHTML, like Gecko; compatible; bingbot/2.0; +http://www.bing.com/bingbot.htm) Chrome/103.0.5060.134 Safari/537.36" "ysfine.com"
71.178.208.102 - - [17/Jan/2023:02:23:20 -0800] "GET /bio08.html HTTP/1.1" 200 6133 "https://www.ysfine.com/ys11/index.html" "Mozilla/5.0 (Windows NT 10.0; Win64; x64) AppleWebKit/537.36 (KHTML, like Gecko) Chrome/109.0.0.0 Safari/537.36 Edg/109.0.1518.55" "www.ysfine.com"
51.222.253.20 - - [17/Jan/2023:02:23:20 -0800] "GET /class54/class5470/total_data/sub_329.htm HTTP/1.1" 200 3319 "-" "Mozilla/5.0 (compatible; AhrefsBot/7.0; +http://ahrefs.com/robot/)" "www.ysfine.com"
51.222.253.16 - - [17/Jan/2023:02:23:21 -0800] "GET /class54/class5470/total_data/photo_img/3-29.jpg HTTP/1.1" 200 84202 "-" "Mozilla/5.0 (compatible; AhrefsBot/7.0; +http://ahrefs.com/robot/)" "www.ysfine.com"
71.178.208.102 - - [17/Jan/2023:02:23:50 -0800] "GET /bio07.html HTTP/1.1" 304 - "https://www.ysfine.com/bio08.html" "Mozilla/5.0 (Windows NT 10.0; Win64; x64) AppleWebKit/537.36 (KHTML, like Gecko) Chrome/109.0.0.0 Safari/537.36 Edg/109.0.1518.55" "www.ysfine.com"
207.46.13.31 - - [17/Jan/2023:02:24:10 -0800] "GET /world/germany/oktf10b.jpg HTTP/1.1" 200 46446 "-" "Mozilla/5.0 (compatible; bingbot/2.0; +http://www.bing.com/bingbot.htm)" "ysfine.com"
207.46.13.176 - - [17/Jan/2023:02:24:30 -0800] "GET /maga/phys/pauli01b.jpg HTTP/1.1" 200 39444 "-" "Mozilla/5.0 AppleWebKit/537.36 (KHTML, like Gecko; compatible; bingbot/2.0; +http://www.bing.com/bingbot.htm) Chrome/103.0.5060.134 Safari/537.36" "ysfine.com"
51.222.253.18 - - [17/Jan/2023:02:27:31 -0800] "GET /class54/class5470/total_data/sub_334.htm HTTP/1.1" 200 3334 "-" "Mozilla/5.0 (compatible; AhrefsBot/7.0; +http://ahrefs.com/robot/)" "www.ysfine.com"
40.77.167.13 - - [17/Jan/2023:02:27:34 -0800] "GET /bio/wigner/e(2).html HTTP/1.1" 404 88 "-" "Mozilla/5.0 (compatible; bingbot/2.0; +http://www.bing.com/bingbot.htm)" "ysfine.com"
200.61.242.200 - - [17/Jan/2023:02:28:16 -0800] "GET /usca/pitt/westim01.jpg HTTP/1.1" 200 101749 "https://www.google.com/" "Mozilla/5.0 (Windows NT 10.0; Win64; x64) AppleWebKit/537.36 (KHTML, like Gecko) Chrome/109.0.0.0 Safari/537.36" "ysfine.com"
72.69.161.2 - - [17/Jan/2023:02:28:58 -0800] "GET /kowar/tanks.html HTTP/1.1" 200 8699 "https://lens.google.com/" "Mozilla/5.0 (Macintosh; Intel Mac OS X 10_15_7) AppleWebKit/605.1.15 (KHTML, like Gecko) Version/16.1 Safari/605.1.15" "ysfine.com"
72.69.161.2 - - [17/Jan/2023:02:28:58 -0800] "GET /kowar/tanks/tank01b.jpg HTTP/1.1" 200 43748 "https://ysfine.com/" "Mozilla/5.0 (Macintosh; Intel Mac OS X 10_15_7) AppleWebKit/605.1.15 (KHTML, like Gecko) Version/16.1 Safari/605.1.15" "ysfine.com"
72.69.161.2 - - [17/Jan/2023:02:28:58 -0800] "GET /kowar/tanks/tank02b.jpg HTTP/1.1" 200 30002 "https://ysfine.com/" "Mozilla/5.0 (Macintosh; Intel Mac OS X 10_15_7) AppleWebKit/605.1.15 (KHTML, like Gecko) Version/16.1 Safari/605.1.15" "ysfine.com"
72.69.161.2 - - [17/Jan/2023:02:28:58 -0800] "GET /kowar/tanks/tank03b.jpg HTTP/1.1" 200 42892 "https://ysfine.com/" "Mozilla/5.0 (Macintosh; Intel Mac OS X 10_15_7) AppleWebKit/605.1.15 (KHTML, like Gecko) Version/16.1 Safari/605.1.15" "ysfine.com"
72.69.161.2 - - [17/Jan/2023:02:28:58 -0800] "GET /kowar/tanks/tank05b.jpg HTTP/1.1" 200 48742 "https://ysfine.com/" "Mozilla/5.0 (Macintosh; Intel Mac OS X 10_15_7) AppleWebKit/605.1.15 (KHTML, like Gecko) Version/16.1 Safari/605.1.15" "ysfine.com"
72.69.161.2 - - [17/Jan/2023:02:28:58 -0800] "GET /kowar/tanks/stalinorg2.jpg HTTP/1.1" 200 50939 "https://ysfine.com/" "Mozilla/5.0 (Macintosh; Intel Mac OS X 10_15_7) AppleWebKit/605.1.15 (KHTML, like Gecko) Version/16.1 Safari/605.1.15" "ysfine.com"
72.69.161.2 - - [17/Jan/2023:02:28:58 -0800] "GET /kowar/tanks/tank04b.jpg HTTP/1.1" 200 48757 "https://ysfine.com/" "Mozilla/5.0 (Macintosh; Intel Mac OS X 10_15_7) AppleWebKit/605.1.15 (KHTML, like Gecko) Version/16.1 Safari/605.1.15" "ysfine.com"
72.69.161.2 - - [17/Jan/2023:02:28:58 -0800] "GET /kowar/tanks/sherman44b.jpg HTTP/1.1" 200 34454 "https://ysfine.com/" "Mozilla/5.0 (Macintosh; Intel Mac OS X 10_15_7) AppleWebKit/605.1.15 (KHTML, like Gecko) Version/16.1 Safari/605.1.15" "ysfine.com"
72.69.161.2 - - [17/Jan/2023:02:28:58 -0800] "GET /kowar/tanks/tank22b.jpg HTTP/1.1" 200 37945 "https://ysfine.com/" "Mozilla/5.0 (Macintosh; Intel Mac OS X 10_15_7) AppleWebKit/605.1.15 (KHTML, like Gecko) Version/16.1 Safari/605.1.15" "ysfine.com"
72.69.161.2 - - [17/Jan/2023:02:28:58 -0800] "GET /kowar/tanks/tank07b.jpg HTTP/1.1" 200 40314 "https://ysfine.com/" "Mozilla/5.0 (Macintosh; Intel Mac OS X 10_15_7) AppleWebKit/605.1.15 (KHTML, like Gecko) Version/16.1 Safari/605.1.15" "ysfine.com"
72.69.161.2 - - [17/Jan/2023:02:28:58 -0800] "GET /kowar/tanks/tank54b.jpg HTTP/1.1" 200 38354 "https://ysfine.com/" "Mozilla/5.0 (Macintosh; Intel Mac OS X 10_15_7) AppleWebKit/605.1.15 (KHTML, like Gecko) Version/16.1 Safari/605.1.15" "ysfine.com"
72.69.161.2 - - [17/Jan/2023:02:28:58 -0800] "GET /kowar/tanks/m24b.jpg HTTP/1.1" 200 37948 "https://ysfine.com/" "Mozilla/5.0 (Macintosh; Intel Mac OS X 10_15_7) AppleWebKit/605.1.15 (KHTML, like Gecko) Version/16.1 Safari/605.1.15" "ysfine.com"
72.69.161.2 - - [17/Jan/2023:02:28:58 -0800] "GET /kowar/tanks/sherman43b.jpg HTTP/1.1" 200 28142 "https://ysfine.com/" "Mozilla/5.0 (Macintosh; Intel Mac OS X 10_15_7) AppleWebKit/605.1.15 (KHTML, like Gecko) Version/16.1 Safari/605.1.15" "ysfine.com"
72.69.161.2 - - [17/Jan/2023:02:28:58 -0800] "GET /kowar/tanks/sherman58b.jpg HTTP/1.1" 200 37300 "https://ysfine.com/" "Mozilla/5.0 (Macintosh; Intel Mac OS X 10_15_7) AppleWebKit/605.1.15 (KHTML, like Gecko) Version/16.1 Safari/605.1.15" "ysfine.com"
72.69.161.2 - - [17/Jan/2023:02:28:58 -0800] "GET /kowar/tanks/m46cb.jpg HTTP/1.1" 200 35273 "https://ysfine.com/" "Mozilla/5.0 (Macintosh; Intel Mac OS X 10_15_7) AppleWebKit/605.1.15 (KHTML, like Gecko) Version/16.1 Safari/605.1.15" "ysfine.com"
72.69.161.2 - - [17/Jan/2023:02:28:58 -0800] "GET /kowar/tanks/southhorse2.jpg HTTP/1.1" 200 51359 "https://ysfine.com/" "Mozilla/5.0 (Macintosh; Intel Mac OS X 10_15_7) AppleWebKit/605.1.15 (KHTML, like Gecko) Version/16.1 Safari/605.1.15" "ysfine.com"
72.69.161.2 - - [17/Jan/2023:02:28:58 -0800] "GET /kowar/tanks/m60b.jpg HTTP/1.1" 200 31548 "https://ysfine.com/" "Mozilla/5.0 (Macintosh; Intel Mac OS X 10_15_7) AppleWebKit/605.1.15 (KHTML, like Gecko) Version/16.1 Safari/605.1.15" "ysfine.com"
72.69.161.2 - - [17/Jan/2023:02:28:58 -0800] "GET /kowar/tanks/tank21b.jpg HTTP/1.1" 200 26768 "https://ysfine.com/" "Mozilla/5.0 (Macintosh; Intel Mac OS X 10_15_7) AppleWebKit/605.1.15 (KHTML, like Gecko) Version/16.1 Safari/605.1.15" "ysfine.com"
72.69.161.2 - - [17/Jan/2023:02:28:58 -0800] "GET /kowar/tanks/m01b.jpg HTTP/1.1" 200 28921 "https://ysfine.com/" "Mozilla/5.0 (Macintosh; Intel Mac OS X 10_15_7) AppleWebKit/605.1.15 (KHTML, like Gecko) Version/16.1 Safari/605.1.15" "ysfine.com"
72.69.161.2 - - [17/Jan/2023:02:28:59 -0800] "GET /favicon.ico HTTP/1.1" 404 88 "https://ysfine.com/" "Mozilla/5.0 (Macintosh; Intel Mac OS X 10_15_7) AppleWebKit/605.1.15 (KHTML, like Gecko) Version/16.1 Safari/605.1.15" "ysfine.com"
72.69.161.2 - - [17/Jan/2023:02:29:01 -0800] "GET /kowar/tanks/tank03.jpg HTTP/1.1" 200 106726 "https://ysfine.com/" "Mozilla/5.0 (Macintosh; Intel Mac OS X 10_15_7) AppleWebKit/605.1.15 (KHTML, like Gecko) Version/16.1 Safari/605.1.15" "ysfine.com"
71.178.208.102 - - [17/Jan/2023:02:29:20 -0800] "GET /home/ys90.jpg HTTP/1.1" 200 152644 "https://www.ysfine.com/bio08.html" "Mozilla/5.0 (Windows NT 10.0; Win64; x64) AppleWebKit/537.36 (KHTML, like Gecko) Chrome/109.0.0.0 Safari/537.36 Edg/109.0.1518.55" "www.ysfine.com"
207.46.13.176 - - [17/Jan/2023:02:29:41 -0800] "GET /bio.html HTTP/1.1" 200 18260 "-" "Mozilla/5.0 (compatible; bingbot/2.0; +http://www.bing.com/bingbot.htm)" "ysfine.com"
40.77.167.17 - - [17/Jan/2023:02:29:46 -0800] "GET /bio/einstein/bern.html HTTP/1.1" 404 88 "-" "Mozilla/5.0 (compatible; bingbot/2.0; +http://www.bing.com/bingbot.htm)" "ysfine.com"
71.178.208.102 - - [17/Jan/2023:02:29:51 -0800] "GET /wdc/ep73.jpg HTTP/1.1" 200 79089 "https://www.ysfine.com/bio08.html" "Mozilla/5.0 (Windows NT 10.0; Win64; x64) AppleWebKit/537.36 (KHTML, like Gecko) Chrome/109.0.0.0 Safari/537.36 Edg/109.0.1518.55" "www.ysfine.com"
71.178.208.102 - - [17/Jan/2023:02:30:08 -0800] "GET /people/bhagat.jpg HTTP/1.1" 200 90673 "https://www.ysfine.com/bio08.html" "Mozilla/5.0 (Windows NT 10.0; Win64; x64) AppleWebKit/537.36 (KHTML, like Gecko) Chrome/109.0.0.0 Safari/537.36 Edg/109.0.1518.55" "www.ysfine.com"
71.178.208.102 - - [17/Jan/2023:02:30:15 -0800] "GET /fotos/cokes22.jpg HTTP/1.1" 200 142004 "https://www.ysfine.com/bio08.html" "Mozilla/5.0 (Windows NT 10.0; Win64; x64) AppleWebKit/537.36 (KHTML, like Gecko) Chrome/109.0.0.0 Safari/537.36 Edg/109.0.1518.55" "www.ysfine.com"
207.46.13.31 - - [17/Jan/2023:02:30:20 -0800] "GET /princeton/index.html HTTP/1.1" 304 - "-" "Mozilla/5.0 AppleWebKit/537.36 (KHTML, like Gecko; compatible; bingbot/2.0; +http://www.bing.com/bingbot.htm) Chrome/103.0.5060.134 Safari/537.36" "www.ysfine.com"
71.178.208.102 - - [17/Jan/2023:02:30:25 -0800] "GET /bio.html HTTP/1.1" 200 18260 "https://www.ysfine.com/home/yshome.html" "Mozilla/5.0 (Windows NT 10.0; Win64; x64) AppleWebKit/537.36 (KHTML, like Gecko) Chrome/109.0.0.0 Safari/537.36 Edg/109.0.1518.55" "www.ysfine.com"
71.178.208.102 - - [17/Jan/2023:02:30:25 -0800] "GET /home/yskim10c.jpg HTTP/1.1" 200 88826 "https://www.ysfine.com/bio.html" "Mozilla/5.0 (Windows NT 10.0; Win64; x64) AppleWebKit/537.36 (KHTML, like Gecko) Chrome/109.0.0.0 Safari/537.36 Edg/109.0.1518.55" "www.ysfine.com"
71.178.208.102 - - [17/Jan/2023:02:30:25 -0800] "GET /kobak/underw03c.jpg HTTP/1.1" 200 26805 "https://www.ysfine.com/bio.html" "Mozilla/5.0 (Windows NT 10.0; Win64; x64) AppleWebKit/537.36 (KHTML, like Gecko) Chrome/109.0.0.0 Safari/537.36 Edg/109.0.1518.55" "www.ysfine.com"
71.178.208.102 - - [17/Jan/2023:02:30:25 -0800] "GET /home/fotos/campus06c.jpg HTTP/1.1" 200 49136 "https://www.ysfine.com/bio.html" "Mozilla/5.0 (Windows NT 10.0; Win64; x64) AppleWebKit/537.36 (KHTML, like Gecko) Chrome/109.0.0.0 Safari/537.36 Edg/109.0.1518.55" "www.ysfine.com"
71.178.208.102 - - [17/Jan/2023:02:30:25 -0800] "GET /fotos/photo03c.jpg HTTP/1.1" 200 23013 "https://www.ysfine.com/bio.html" "Mozilla/5.0 (Windows NT 10.0; Win64; x64) AppleWebKit/537.36 (KHTML, like Gecko) Chrome/109.0.0.0 Safari/537.36 Edg/109.0.1518.55" "www.ysfine.com"
71.178.208.102 - - [17/Jan/2023:02:30:25 -0800] "GET /dirac/truck/truck18c.jpg HTTP/1.1" 200 32663 "https://www.ysfine.com/bio.html" "Mozilla/5.0 (Windows NT 10.0; Win64; x64) AppleWebKit/537.36 (KHTML, like Gecko) Chrome/109.0.0.0 Safari/537.36 Edg/109.0.1518.55" "www.ysfine.com"
71.178.208.102 - - [17/Jan/2023:02:30:25 -0800] "GET /fotos/photo06c.jpg HTTP/1.1" 200 40796 "https://www.ysfine.com/bio.html" "Mozilla/5.0 (Windows NT 10.0; Win64; x64) AppleWebKit/537.36 (KHTML, like Gecko) Chrome/109.0.0.0 Safari/537.36 Edg/109.0.1518.55" "www.ysfine.com"
71.178.208.102 - - [17/Jan/2023:02:30:25 -0800] "GET /home/fotos/photo00c.jpg HTTP/1.1" 200 34216 "https://www.ysfine.com/bio.html" "Mozilla/5.0 (Windows NT 10.0; Win64; x64) AppleWebKit/537.36 (KHTML, like Gecko) Chrome/109.0.0.0 Safari/537.36 Edg/109.0.1518.55" "www.ysfine.com"
71.178.208.102 - - [17/Jan/2023:02:30:25 -0800] "GET /fotos/photo08c.jpg HTTP/1.1" 200 28474 "https://www.ysfine.com/bio.html" "Mozilla/5.0 (Windows NT 10.0; Win64; x64) AppleWebKit/537.36 (KHTML, like Gecko) Chrome/109.0.0.0 Safari/537.36 Edg/109.0.1518.55" "www.ysfine.com"
71.178.208.102 - - [17/Jan/2023:02:30:25 -0800] "GET /home/fotos/korjap03c.jpg HTTP/1.1" 200 24308 "https://www.ysfine.com/bio.html" "Mozilla/5.0 (Windows NT 10.0; Win64; x64) AppleWebKit/537.36 (KHTML, like Gecko) Chrome/109.0.0.0 Safari/537.36 Edg/109.0.1518.55" "www.ysfine.com"
