71.178.208.102 - - [17/Jan/2023:02:30:25 -0800] "GET /fotos/dirfeyn62c.jpg HTTP/1.1" 200 52150 "https://www.ysfine.com/bio.html" "Mozilla/5.0 (Windows NT 10.0; Win64; x64) AppleWebKit/537.36 (KHTML, like Gecko) Chrome/109.0.0.0 Safari/537.36 Edg/109.0.1518.55" "www.ysfine.com"
71.178.208.102 - - [17/Jan/2023:02:30:25 -0800] "GET /fotos/photo04c.jpg HTTP/1.1" 200 39964 "https://www.ysfine.com/bio.html" "Mozilla/5.0 (Windows NT 10.0; Win64; x64) AppleWebKit/537.36 (KHTML, like Gecko) Chrome/109.0.0.0 Safari/537.36 Edg/109.0.1518.55" "www.ysfine.com"
71.178.208.102 - - [17/Jan/2023:02:30:25 -0800] "GET /fotos/photo05c.jpg HTTP/1.1" 200 39109 "https://www.ysfine.com/bio.html" "Mozilla/5.0 (Windows NT 10.0; Win64; x64) AppleWebKit/537.36 (KHTML, like Gecko) Chrome/109.0.0.0 Safari/537.36 Edg/109.0.1518.55" "www.ysfine.com"
71.178.208.102 - - [17/Jan/2023:02:30:25 -0800] "GET /home/family66f.jpg HTTP/1.1" 200 102254 "https://www.ysfine.com/bio.html" "Mozilla/5.0 (Windows NT 10.0; Win64; x64) AppleWebKit/537.36 (KHTML, like Gecko) Chrome/109.0.0.0 Safari/537.36 Edg/109.0.1518.55" "www.ysfine.com"
71.178.208.102 - - [17/Jan/2023:02:30:25 -0800] "GET /yspapers/iop20c.jpg HTTP/1.1" 200 29134 "https://www.ysfine.com/bio.html" "Mozilla/5.0 (Windows NT 10.0; Win64; x64) AppleWebKit/537.36 (KHTML, like Gecko) Chrome/109.0.0.0 Safari/537.36 Edg/109.0.1518.55" "www.ysfine.com"
71.178.208.102 - - [17/Jan/2023:02:30:25 -0800] "GET /fotos/photo12c.jpg HTTP/1.1" 200 31719 "https://www.ysfine.com/bio.html" "Mozilla/5.0 (Windows NT 10.0; Win64; x64) AppleWebKit/537.36 (KHTML, like Gecko) Chrome/109.0.0.0 Safari/537.36 Edg/109.0.1518.55" "www.ysfine.com"
71.178.208.102 - - [17/Jan/2023:02:30:25 -0800] "GET /fotos/wsj450.jpg HTTP/1.1" 200 68132 "https://www.ysfine.com/bio.html" "Mozilla/5.0 (Windows NT 10.0; Win64; x64) AppleWebKit/537.36 (KHTML, like Gecko) Chrome/109.0.0.0 Safari/537.36 Edg/109.0.1518.55" "www.ysfine.com"
71.178.208.102 - - [17/Jan/2023:02:30:25 -0800] "GET /kobak/taylor11c.jpg HTTP/1.1" 200 37695 "https://www.ysfine.com/bio.html" "Mozilla/5.0 (Windows NT 10.0; Win64; x64) AppleWebKit/537.36 (KHTML, like Gecko) Chrome/109.0.0.0 Safari/537.36 Edg/109.0.1518.55" "www.ysfine.com"
71.178.208.102 - - [17/Jan/2023:02:30:25 -0800] "GET /style/bstring33c.jpg HTTP/1.1" 200 28940 "https://www.ysfine.com/bio.html" "Mozilla/5.0 (Windows NT 10.0; Win64; x64) AppleWebKit/537.36 (KHTML, like Gecko) Chrome/109.0.0.0 Safari/537.36 Edg/109.0.1518.55" "www.ysfine.com"
71.178.208.102 - - [17/Jan/2023:02:30:25 -0800] "GET /home/fotos/gongdae54f.jpg HTTP/1.1" 200 88096 "https://www.ysfine.com/bio.html" "Mozilla/5.0 (Windows NT 10.0; Win64; x64) AppleWebKit/537.36 (KHTML, like Gecko) Chrome/109.0.0.0 Safari/537.36 Edg/109.0.1518.55" "www.ysfine.com"
71.178.208.102 - - [17/Jan/2023:02:30:25 -0800] "GET /fotos/103c.jpg HTTP/1.1" 200 32825 "https://www.ysfine.com/bio.html" "Mozilla/5.0 (Windows NT 10.0; Win64; x64) AppleWebKit/537.36 (KHTML, like Gecko) Chrome/109.0.0.0 Safari/537.36 Edg/109.0.1518.55" "www.ysfine.com"
71.178.208.102 - - [17/Jan/2023:02:30:25 -0800] "GET /home/top21c.jpg HTTP/1.1" 200 53120 "https://www.ysfine.com/bio.html" "Mozilla/5.0 (Windows NT 10.0; Win64; x64) AppleWebKit/537.36 (KHTML, like Gecko) Chrome/109.0.0.0 Safari/537.36 Edg/109.0.1518.55" "www.ysfine.com"
71.178.208.102 - - [17/Jan/2023:02:30:25 -0800] "GET /home/comet40c.jpg HTTP/1.1" 200 41188 "https://www.ysfine.com/bio.html" "Mozilla/5.0 (Windows NT 10.0; Win64; x64) AppleWebKit/537.36 (KHTML, like Gecko) Chrome/109.0.0.0 Safari/537.36 Edg/109.0.1518.55" "www.ysfine.com"
71.178.208.102 - - [17/Jan/2023:02:30:25 -0800] "GET /wdc/eindc03c.jpg HTTP/1.1" 200 48446 "https://www.ysfine.com/bio.html" "Mozilla/5.0 (Windows NT 10.0; Win64; x64) AppleWebKit/537.36 (KHTML, like Gecko) Chrome/109.0.0.0 Safari/537.36 Edg/109.0.1518.55" "www.ysfine.com"
71.178.208.102 - - [17/Jan/2023:02:30:25 -0800] "GET /fotos/house99d.jpg HTTP/1.1" 200 38264 "https://www.ysfine.com/bio.html" "Mozilla/5.0 (Windows NT 10.0; Win64; x64) AppleWebKit/537.36 (KHTML, like Gecko) Chrome/109.0.0.0 Safari/537.36 Edg/109.0.1518.55" "www.ysfine.com"
71.178.208.102 - - [17/Jan/2023:02:30:25 -0800] "GET /home/sq600c.jpg HTTP/1.1" 200 18492 "https://www.ysfine.com/bio.html" "Mozilla/5.0 (Windows NT 10.0; Win64; x64) AppleWebKit/537.36 (KHTML, like Gecko) Chrome/109.0.0.0 Safari/537.36 Edg/109.0.1518.55" "www.ysfine.com"
71.178.208.102 - - [17/Jan/2023:02:30:25 -0800] "GET /fotos/photo09c.jpg HTTP/1.1" 200 25413 "https://www.ysfine.com/bio.html" "Mozilla/5.0 (Windows NT 10.0; Win64; x64) AppleWebKit/537.36 (KHTML, like Gecko) Chrome/109.0.0.0 Safari/537.36 Edg/109.0.1518.55" "www.ysfine.com"
71.178.208.102 - - [17/Jan/2023:02:30:25 -0800] "GET /fotos/105c.jpg HTTP/1.1" 200 41825 "https://www.ysfine.com/bio.html" "Mozilla/5.0 (Windows NT 10.0; Win64; x64) AppleWebKit/537.36 (KHTML, like Gecko) Chrome/109.0.0.0 Safari/537.36 Edg/109.0.1518.55" "www.ysfine.com"
71.178.208.102 - - [17/Jan/2023:02:30:25 -0800] "GET /fotos/101c.jpg HTTP/1.1" 200 37079 "https://www.ysfine.com/bio.html" "Mozilla/5.0 (Windows NT 10.0; Win64; x64) AppleWebKit/537.36 (KHTML, like Gecko) Chrome/109.0.0.0 Safari/537.36 Edg/109.0.1518.55" "www.ysfine.com"
71.178.208.102 - - [17/Jan/2023:02:30:25 -0800] "GET /home/bew22f.jpg HTTP/1.1" 200 124596 "https://www.ysfine.com/bio.html" "Mozilla/5.0 (Windows NT 10.0; Win64; x64) AppleWebKit/537.36 (KHTML, like Gecko) Chrome/109.0.0.0 Safari/537.36 Edg/109.0.1518.55" "www.ysfine.com"
71.178.208.102 - - [17/Jan/2023:02:30:25 -0800] "GET /wigner/tollwig11c.jpg HTTP/1.1" 200 30497 "https://www.ysfine.com/bio.html" "Mozilla/5.0 (Windows NT 10.0; Win64; x64) AppleWebKit/537.36 (KHTML, like Gecko) Chrome/109.0.0.0 Safari/537.36 Edg/109.0.1518.55" "www.ysfine.com"
71.178.208.102 - - [17/Jan/2023:02:30:25 -0800] "GET /home/fotos/seoul50f.jpg HTTP/1.1" 200 127542 "https://www.ysfine.com/bio.html" "Mozilla/5.0 (Windows NT 10.0; Win64; x64) AppleWebKit/537.36 (KHTML, like Gecko) Chrome/109.0.0.0 Safari/537.36 Edg/109.0.1518.55" "www.ysfine.com"
71.178.208.102 - - [17/Jan/2023:02:30:25 -0800] "GET /home/canal55c.jpg HTTP/1.1" 200 41665 "https://www.ysfine.com/bio.html" "Mozilla/5.0 (Windows NT 10.0; Win64; x64) AppleWebKit/537.36 (KHTML, like Gecko) Chrome/109.0.0.0 Safari/537.36 Edg/109.0.1518.55" "www.ysfine.com"
71.178.208.102 - - [17/Jan/2023:02:30:25 -0800] "GET /home/resonance33c.jpg HTTP/1.1" 200 36247 "https://www.ysfine.com/bio.html" "Mozilla/5.0 (Windows NT 10.0; Win64; x64) AppleWebKit/537.36 (KHTML, like Gecko) Chrome/109.0.0.0 Safari/537.36 Edg/109.0.1518.55" "www.ysfine.com"
71.178.208.102 - - [17/Jan/2023:02:30:25 -0800] "GET /wdc/jeffm02c.jpg HTTP/1.1" 200 27659 "https://www.ysfine.com/bio.html" "Mozilla/5.0 (Windows NT 10.0; Win64; x64) AppleWebKit/537.36 (KHTML, like Gecko) Chrome/109.0.0.0 Safari/537.36 Edg/109.0.1518.55" "www.ysfine.com"
71.178.208.102 - - [17/Jan/2023:02:30:25 -0800] "GET /fotos/kids20f.jpg HTTP/1.1" 200 103189 "https://www.ysfine.com/bio.html" "Mozilla/5.0 (Windows NT 10.0; Win64; x64) AppleWebKit/537.36 (KHTML, like Gecko) Chrome/109.0.0.0 Safari/537.36 Edg/109.0.1518.55" "www.ysfine.com"
71.178.208.102 - - [17/Jan/2023:02:30:25 -0800] "GET /fotos/marxlon02c.jpg HTTP/1.1" 200 47919 "https://www.ysfine.com/bio.html" "Mozilla/5.0 (Windows NT 10.0; Win64; x64) AppleWebKit/537.36 (KHTML, like Gecko) Chrome/109.0.0.0 Safari/537.36 Edg/109.0.1518.55" "www.ysfine.com"
71.178.208.102 - - [17/Jan/2023:02:30:25 -0800] "GET /fotos/104c.jpg HTTP/1.1" 200 35089 "https://www.ysfine.com/bio.html" "Mozilla/5.0 (Windows NT 10.0; Win64; x64) AppleWebKit/537.36 (KHTML, like Gecko) Chrome/109.0.0.0 Safari/537.36 Edg/109.0.1518.55" "www.ysfine.com"
207.46.13.31 - - [17/Jan/2023:02:31:43 -0800] "GET /bio/style/artlove.html HTTP/1.1" 404 88 "-" "Mozilla/5.0 AppleWebKit/537.36 (KHTML, like Gecko; compatible; bingbot/2.0; +http://www.bing.com/bingbot.htm) Chrome/103.0.5060.134 Safari/537.36" "ysfine.com"
51.222.253.3 - - [17/Jan/2023:02:31:47 -0800] "GET /class54/class5470/total_data/sub_337.htm HTTP/1.1" 200 3327 "-" "Mozilla/5.0 (compatible; AhrefsBot/7.0; +http://ahrefs.com/robot/)" "www.ysfine.com"
51.222.253.14 - - [17/Jan/2023:02:31:48 -0800] "GET /class54/class5470/total_data/photo_img/3-37.jpg HTTP/1.1" 200 97974 "-" "Mozilla/5.0 (compatible; AhrefsBot/7.0; +http://ahrefs.com/robot/)" "www.ysfine.com"
157.55.39.72 - - [17/Jan/2023:02:31:50 -0800] "GET /bio/eink/buythisbook.html HTTP/1.1" 404 88 "-" "Mozilla/5.0 (compatible; bingbot/2.0; +http://www.bing.com/bingbot.htm)" "ysfine.com"
40.77.167.17 - - [17/Jan/2023:02:35:01 -0800] "GET /bio17.html HTTP/1.1" 200 10919 "-" "Mozilla/5.0 AppleWebKit/537.36 (KHTML, like Gecko; compatible; bingbot/2.0; +http://www.bing.com/bingbot.htm) Chrome/103.0.5060.134 Safari/537.36" "ysfine.com"
157.55.39.72 - - [17/Jan/2023:02:35:10 -0800] "GET /sbk/2014paris33.jpg HTTP/1.1" 200 171597 "-" "Mozilla/5.0 (compatible; bingbot/2.0; +http://www.bing.com/bingbot.htm)" "www.ysfine.com"
5.45.207.117 - - [17/Jan/2023:02:35:22 -0800] "GET /bio03.html HTTP/1.1" 200 10044 "-" "Mozilla/5.0 (compatible; YandexBot/3.0; +http://yandex.com/bots) AppleWebKit/537.36 (KHTML, like Gecko) Chrome/81.0.4044.268" "www.ysfine.com"
40.77.167.80 - - [17/Jan/2023:02:36:03 -0800] "GET /world/hungary/hunstu24.jpg HTTP/1.1" 200 91699 "-" "Mozilla/5.0 AppleWebKit/537.36 (KHTML, like Gecko; compatible; bingbot/2.0; +http://www.bing.com/bingbot.htm) Chrome/103.0.5060.134 Safari/537.36" "ysfine.com"
51.222.253.15 - - [17/Jan/2023:02:36:39 -0800] "GET /class54/class5470/total_data/sub_330.htm HTTP/1.1" 200 3334 "-" "Mozilla/5.0 (compatible; AhrefsBot/7.0; +http://ahrefs.com/robot/)" "www.ysfine.com"
51.222.253.18 - - [17/Jan/2023:02:36:40 -0800] "GET /class54/class5470/total_data/photo_img/3-30.jpg HTTP/1.1" 200 186076 "-" "Mozilla/5.0 (compatible; AhrefsBot/7.0; +http://ahrefs.com/robot/)" "www.ysfine.com"
157.55.39.72 - - [17/Jan/2023:02:37:31 -0800] "GET /bio/kobak/soraech.html HTTP/1.1" 404 88 "-" "Mozilla/5.0 (compatible; bingbot/2.0; +http://www.bing.com/bingbot.htm)" "ysfine.com"
114.119.146.88 - - [17/Jan/2023:02:37:35 -0800] "GET /kowar/war00.html HTTP/1.1" 200 4851 "https://www.ysfine.com/maga/popov.html" "Mozilla/5.0 (Linux; Android 7.0;) AppleWebKit/537.36 (KHTML, like Gecko) Mobile Safari/537.36 (compatible; PetalBot;+https://webmaster.petalsearch.com/site/petalbot)" "www.ysfine.com"
5.255.231.116 - - [17/Jan/2023:02:40:00 -0800] "GET /einstein/standingw.html HTTP/1.1" 200 2754 "-" "Mozilla/5.0 (compatible; YandexBot/3.0; +http://yandex.com/bots) AppleWebKit/537.36 (KHTML, like Gecko) Chrome/81.0.4044.268" "www.ysfine.com"
51.222.253.12 - - [17/Jan/2023:02:41:03 -0800] "GET /class54/class5470/total_data/sub_338.htm HTTP/1.1" 200 3327 "-" "Mozilla/5.0 (compatible; AhrefsBot/7.0; +http://ahrefs.com/robot/)" "www.ysfine.com"
71.178.208.102 - - [17/Jan/2023:02:41:18 -0800] "GET /bio04.html HTTP/1.1" 200 8982 "https://www.ysfine.com/home/yshome.html" "Mozilla/5.0 (Windows NT 10.0; Win64; x64) AppleWebKit/537.36 (KHTML, like Gecko) Chrome/109.0.0.0 Safari/537.36 Edg/109.0.1518.55" "www.ysfine.com"
71.178.208.102 - - [17/Jan/2023:02:41:18 -0800] "GET /home/family18d.jpg HTTP/1.1" 200 69135 "https://www.ysfine.com/bio04.html" "Mozilla/5.0 (Windows NT 10.0; Win64; x64) AppleWebKit/537.36 (KHTML, like Gecko) Chrome/109.0.0.0 Safari/537.36 Edg/109.0.1518.55" "www.ysfine.com"
71.178.208.102 - - [17/Jan/2023:02:41:18 -0800] "GET /kobak/ksong22d.jpg HTTP/1.1" 200 57819 "https://www.ysfine.com/bio04.html" "Mozilla/5.0 (Windows NT 10.0; Win64; x64) AppleWebKit/537.36 (KHTML, like Gecko) Chrome/109.0.0.0 Safari/537.36 Edg/109.0.1518.55" "www.ysfine.com"
71.178.208.102 - - [17/Jan/2023:02:41:18 -0800] "GET /home/fotos/kennedy60d.jpg HTTP/1.1" 200 57844 "https://www.ysfine.com/bio04.html" "Mozilla/5.0 (Windows NT 10.0; Win64; x64) AppleWebKit/537.36 (KHTML, like Gecko) Chrome/109.0.0.0 Safari/537.36 Edg/109.0.1518.55" "www.ysfine.com"
71.178.208.102 - - [17/Jan/2023:02:41:18 -0800] "GET /kobak/kdance11d.jpg HTTP/1.1" 200 50870 "https://www.ysfine.com/bio04.html" "Mozilla/5.0 (Windows NT 10.0; Win64; x64) AppleWebKit/537.36 (KHTML, like Gecko) Chrome/109.0.0.0 Safari/537.36 Edg/109.0.1518.55" "www.ysfine.com"
71.178.208.102 - - [17/Jan/2023:02:41:18 -0800] "GET /home/fotos/beetho33d.jpg HTTP/1.1" 200 60567 "https://www.ysfine.com/bio04.html" "Mozilla/5.0 (Windows NT 10.0; Win64; x64) AppleWebKit/537.36 (KHTML, like Gecko) Chrome/109.0.0.0 Safari/537.36 Edg/109.0.1518.55" "www.ysfine.com"
71.178.208.102 - - [17/Jan/2023:02:41:18 -0800] "GET /home/kbrain11a.jpg HTTP/1.1" 200 46007 "https://www.ysfine.com/bio04.html" "Mozilla/5.0 (Windows NT 10.0; Win64; x64) AppleWebKit/537.36 (KHTML, like Gecko) Chrome/109.0.0.0 Safari/537.36 Edg/109.0.1518.55" "www.ysfine.com"
71.178.208.102 - - [17/Jan/2023:02:41:18 -0800] "GET /wisdom/korart03d.jpg HTTP/1.1" 200 112088 "https://www.ysfine.com/bio04.html" "Mozilla/5.0 (Windows NT 10.0; Win64; x64) AppleWebKit/537.36 (KHTML, like Gecko) Chrome/109.0.0.0 Safari/537.36 Edg/109.0.1518.55" "www.ysfine.com"
71.178.208.102 - - [17/Jan/2023:02:41:18 -0800] "GET /home/fotos/photo00d.jpg HTTP/1.1" 200 72203 "https://www.ysfine.com/bio04.html" "Mozilla/5.0 (Windows NT 10.0; Win64; x64) AppleWebKit/537.36 (KHTML, like Gecko) Chrome/109.0.0.0 Safari/537.36 Edg/109.0.1518.55" "www.ysfine.com"
71.178.208.102 - - [17/Jan/2023:02:41:18 -0800] "GET /home/ys54d.jpg HTTP/1.1" 200 39561 "https://www.ysfine.com/bio04.html" "Mozilla/5.0 (Windows NT 10.0; Win64; x64) AppleWebKit/537.36 (KHTML, like Gecko) Chrome/109.0.0.0 Safari/537.36 Edg/109.0.1518.55" "www.ysfine.com"
71.178.208.102 - - [17/Jan/2023:02:41:18 -0800] "GET /home/passport11c.jpg HTTP/1.1" 200 81785 "https://www.ysfine.com/bio04.html" "Mozilla/5.0 (Windows NT 10.0; Win64; x64) AppleWebKit/537.36 (KHTML, like Gecko) Chrome/109.0.0.0 Safari/537.36 Edg/109.0.1518.55" "www.ysfine.com"
71.178.208.102 - - [17/Jan/2023:02:41:18 -0800] "GET /home/fotos/stephens11d.jpg HTTP/1.1" 200 55455 "https://www.ysfine.com/bio04.html" "Mozilla/5.0 (Windows NT 10.0; Win64; x64) AppleWebKit/537.36 (KHTML, like Gecko) Chrome/109.0.0.0 Safari/537.36 Edg/109.0.1518.55" "www.ysfine.com"
71.178.208.102 - - [17/Jan/2023:02:41:18 -0800] "GET /home/fotos/chuseok11d.jpg HTTP/1.1" 200 70205 "https://www.ysfine.com/bio04.html" "Mozilla/5.0 (Windows NT 10.0; Win64; x64) AppleWebKit/537.36 (KHTML, like Gecko) Chrome/109.0.0.0 Safari/537.36 Edg/109.0.1518.55" "www.ysfine.com"
207.46.13.31 - - [17/Jan/2023:02:43:12 -0800] "GET /bio/kobak/yskor.html HTTP/1.1" 404 88 "-" "Mozilla/5.0 (compatible; bingbot/2.0; +http://www.bing.com/bingbot.htm)" "ysfine.com"
45.61.161.52 - - [17/Jan/2023:02:44:12 -0800] "GET /world/venice.html HTTP/1.1" 200 8457 "-" "Mozilla/5.0 (X11; Linux x86_64) AppleWebKit/537.36 (KHTML, like Gecko) Chrome/103.0.0.0 Safari/537.36 OPR/89.0.4447.51" "www.ysfine.com"
45.61.161.52 - - [17/Jan/2023:02:44:12 -0800] "GET /world/venice.html HTTP/1.1" 200 8457 "https://www.ysfine.com/world/venice.html" "Mozilla/5.0 (X11; Linux x86_64) AppleWebKit/537.36 (KHTML, like Gecko) Chrome/103.0.0.0 Safari/537.36 OPR/89.0.4447.51" "www.ysfine.com"
45.61.161.52 - - [17/Jan/2023:02:44:13 -0800] "GET /world/index.html HTTP/1.1" 200 123 "https://www.ysfine.com/world/venice.html" "Mozilla/5.0 (X11; Linux x86_64) AppleWebKit/537.36 (KHTML, like Gecko) Chrome/103.0.0.0 Safari/537.36 OPR/89.0.4447.51" "www.ysfine.com"
45.61.161.52 - - [17/Jan/2023:02:44:13 -0800] "GET /world/veneto.html HTTP/1.1" 200 6676 "https://www.ysfine.com/world/venice.html" "Mozilla/5.0 (X11; Linux x86_64) AppleWebKit/537.36 (KHTML, like Gecko) Chrome/103.0.0.0 Safari/537.36 OPR/89.0.4447.51" "www.ysfine.com"
45.61.161.52 - - [17/Jan/2023:02:44:14 -0800] "GET /home/index.html HTTP/1.1" 200 142 "https://www.ysfine.com/world/venice.html" "Mozilla/5.0 (X11; Linux x86_64) AppleWebKit/537.36 (KHTML, like Gecko) Chrome/103.0.0.0 Safari/537.36 OPR/89.0.4447.51" "www.ysfine.com"
45.61.161.52 - - [17/Jan/2023:02:44:14 -0800] "GET /world/bologna.html HTTP/1.1" 200 6357 "https://www.ysfine.com/world/venice.html" "Mozilla/5.0 (X11; Linux x86_64) AppleWebKit/537.36 (KHTML, like Gecko) Chrome/103.0.0.0 Safari/537.36 OPR/89.0.4447.51" "www.ysfine.com"
45.61.161.52 - - [17/Jan/2023:02:44:15 -0800] "GET /eink/index.html HTTP/1.1" 200 17716 "https://www.ysfine.com/world/venice.html" "Mozilla/5.0 (X11; Linux x86_64) AppleWebKit/537.36 (KHTML, like Gecko) Chrome/103.0.0.0 Safari/537.36 OPR/89.0.4447.51" "www.ysfine.com"
45.61.161.52 - - [17/Jan/2023:02:44:15 -0800] "GET /world/florence.html HTTP/1.1" 200 9706 "https://www.ysfine.com/world/venice.html" "Mozilla/5.0 (X11; Linux x86_64) AppleWebKit/537.36 (KHTML, like Gecko) Chrome/103.0.0.0 Safari/537.36 OPR/89.0.4447.51" "www.ysfine.com"
45.61.161.52 - - [17/Jan/2023:02:44:16 -0800] "GET /einstein/einabel.html HTTP/1.1" 200 5982 "https://www.ysfine.com/world/venice.html" "Mozilla/5.0 (X11; Linux x86_64) AppleWebKit/537.36 (KHTML, like Gecko) Chrome/103.0.0.0 Safari/537.36 OPR/89.0.4447.51" "www.ysfine.com"
45.61.161.52 - - [17/Jan/2023:02:44:17 -0800] "GET /maga/galileo.html HTTP/1.1" 200 4725 "https://www.ysfine.com/world/venice.html" "Mozilla/5.0 (X11; Linux x86_64) AppleWebKit/537.36 (KHTML, like Gecko) Chrome/103.0.0.0 Safari/537.36 OPR/89.0.4447.51" "www.ysfine.com"
45.61.161.52 - - [17/Jan/2023:02:44:20 -0800] "GET /einstein/einusa.html HTTP/1.1" 200 8153 "https://www.ysfine.com/world/venice.html" "Mozilla/5.0 (X11; Linux x86_64) AppleWebKit/537.36 (KHTML, like Gecko) Chrome/103.0.0.0 Safari/537.36 OPR/89.0.4447.51" "www.ysfine.com"
45.61.161.52 - - [17/Jan/2023:02:44:21 -0800] "GET /world/roma.html HTTP/1.1" 200 13994 "https://www.ysfine.com/world/venice.html" "Mozilla/5.0 (X11; Linux x86_64) AppleWebKit/537.36 (KHTML, like Gecko) Chrome/103.0.0.0 Safari/537.36 OPR/89.0.4447.51" "www.ysfine.com"
45.61.161.52 - - [17/Jan/2023:02:44:22 -0800] "GET /style/slavianki.html HTTP/1.1" 200 2686 "https://www.ysfine.com/world/venice.html" "Mozilla/5.0 (X11; Linux x86_64) AppleWebKit/537.36 (KHTML, like Gecko) Chrome/103.0.0.0 Safari/537.36 OPR/89.0.4447.51" "www.ysfine.com"
45.61.161.52 - - [17/Jan/2023:02:44:22 -0800] "GET /style/proschanie.html HTTP/1.1" 200 4801 "https://www.ysfine.com/world/venice.html" "Mozilla/5.0 (X11; Linux x86_64) AppleWebKit/537.36 (KHTML, like Gecko) Chrome/103.0.0.0 Safari/537.36 OPR/89.0.4447.51" "www.ysfine.com"
45.61.161.52 - - [17/Jan/2023:02:44:23 -0800] "GET /wdc/tysonsm.html HTTP/1.1" 200 844 "https://www.ysfine.com/world/venice.html" "Mozilla/5.0 (X11; Linux x86_64) AppleWebKit/537.36 (KHTML, like Gecko) Chrome/103.0.0.0 Safari/537.36 OPR/89.0.4447.51" "www.ysfine.com"
51.222.253.7 - - [17/Jan/2023:02:45:10 -0800] "GET /class54/class5470/total_data/sub_331.htm HTTP/1.1" 200 3319 "-" "Mozilla/5.0 (compatible; AhrefsBot/7.0; +http://ahrefs.com/robot/)" "www.ysfine.com"
66.249.66.60 - - [17/Jan/2023:02:45:44 -0800] "GET /wdc/whxmas/whxmas15.jpg HTTP/1.1" 200 62841 "-" "Googlebot-Image/1.0" "ysfine.com"
103.168.201.64 - - [17/Jan/2023:02:46:51 -0800] "GET /world/ital/vicenza04.jpg HTTP/1.1" 200 177718 "https://www.google.com/" "Mozilla/5.0 (Windows NT 10.0; Win64; x64) AppleWebKit/537.36 (KHTML, like Gecko) Chrome/108.0.0.0 Safari/537.36" "ysfine.com"
157.55.39.72 - - [17/Jan/2023:02:47:02 -0800] "GET /world/baltic/kantm09.jpg HTTP/1.1" 200 132684 "-" "Mozilla/5.0 (compatible; bingbot/2.0; +http://www.bing.com/bingbot.htm)" "ysfine.com"
71.178.208.102 - - [17/Jan/2023:02:47:59 -0800] "GET /home/yshome.html HTTP/1.1" 200 5629 "https://www.ysfine.com/bio08.html" "Mozilla/5.0 (Windows NT 10.0; Win64; x64) AppleWebKit/537.36 (KHTML, like Gecko) Chrome/109.0.0.0 Safari/537.36 Edg/109.0.1518.55" "www.ysfine.com"
71.178.208.102 - - [17/Jan/2023:02:48:02 -0800] "GET /bio05.html HTTP/1.1" 200 7676 "https://www.ysfine.com/home/yshome.html" "Mozilla/5.0 (Windows NT 10.0; Win64; x64) AppleWebKit/537.36 (KHTML, like Gecko) Chrome/109.0.0.0 Safari/537.36 Edg/109.0.1518.55" "www.ysfine.com"
51.222.253.7 - - [17/Jan/2023:02:48:57 -0800] "GET /class54/class5470/total_data/sub_332.htm HTTP/1.1" 200 3319 "-" "Mozilla/5.0 (compatible; AhrefsBot/7.0; +http://ahrefs.com/robot/)" "www.ysfine.com"
71.178.208.102 - - [17/Jan/2023:02:49:07 -0800] "GET /home/taylor33.jpg HTTP/1.1" 200 206804 "https://www.ysfine.com/home/yshome.html" "Mozilla/5.0 (Windows NT 10.0; Win64; x64) AppleWebKit/537.36 (KHTML, like Gecko) Chrome/109.0.0.0 Safari/537.36 Edg/109.0.1518.55" "www.ysfine.com"
37.247.227.50 - - [17/Jan/2023:02:49:09 -0800] "GET /wigner/neum/pvn03.jpg HTTP/1.1" 200 83757 "https://www.google.com/" "Mozilla/5.0 (Windows NT 10.0; Win64; x64) AppleWebKit/537.36 (KHTML, like Gecko) Chrome/108.0.0.0 Safari/537.36" "ysfine.com"
37.247.227.50 - - [17/Jan/2023:02:49:18 -0800] "GET /wigner/neumann.html HTTP/1.1" 200 1332 "https://www.google.com/" "Mozilla/5.0 (Windows NT 10.0; Win64; x64) AppleWebKit/537.36 (KHTML, like Gecko) Chrome/108.0.0.0 Safari/537.36" "ysfine.com"
37.247.227.50 - - [17/Jan/2023:02:49:18 -0800] "GET /wigner/neum/vnc01b.jpg HTTP/1.1" 200 47516 "https://ysfine.com/wigner/neumann.html" "Mozilla/5.0 (Windows NT 10.0; Win64; x64) AppleWebKit/537.36 (KHTML, like Gecko) Chrome/108.0.0.0 Safari/537.36" "ysfine.com"
37.247.227.50 - - [17/Jan/2023:02:49:18 -0800] "GET /wigner/neum/pvn05b.jpg HTTP/1.1" 200 45464 "https://ysfine.com/wigner/neumann.html" "Mozilla/5.0 (Windows NT 10.0; Win64; x64) AppleWebKit/537.36 (KHTML, like Gecko) Chrome/108.0.0.0 Safari/537.36" "ysfine.com"
37.247.227.50 - - [17/Jan/2023:02:49:28 -0800] "GET /wigner/neum/vnc01b.jpg HTTP/1.1" 200 47516 "-" "Mozilla/4.0 (compatible; ms-office; MSOffice 16)" "ysfine.com"
37.247.227.50 - - [17/Jan/2023:02:49:42 -0800] "GET /wigner/neum/pvn05b.jpg HTTP/1.1" 200 45464 "-" "Mozilla/4.0 (compatible; ms-office; MSOffice 16)" "ysfine.com"
207.46.13.31 - - [17/Jan/2023:02:50:04 -0800] "GET /bio/sbk/1950.html HTTP/1.1" 404 88 "-" "Mozilla/5.0 AppleWebKit/537.36 (KHTML, like Gecko; compatible; bingbot/2.0; +http://www.bing.com/bingbot.htm) Chrome/103.0.5060.134 Safari/537.36" "ysfine.com"
217.165.22.166 - - [17/Jan/2023:02:50:38 -0800] "GET /maga/phys/yukawa00.jpg HTTP/1.1" 200 84885 "https://www.google.com/" "Mozilla/5.0 (Macintosh; Intel Mac OS X 10_14_6) AppleWebKit/537.36 (KHTML, like Gecko) Chrome/108.0.0.0 Safari/537.36" "ysfine.com"
40.77.167.10 - - [17/Jan/2023:02:50:48 -0800] "GET /bio/style/proschanie.html HTTP/1.1" 404 88 "-" "Mozilla/5.0 AppleWebKit/537.36 (KHTML, like Gecko; compatible; bingbot/2.0; +http://www.bing.com/bingbot.htm) Chrome/103.0.5060.134 Safari/537.36" "ysfine.com"
37.247.227.50 - - [17/Jan/2023:02:50:56 -0800] "GET /wigner/neum/pvn05.jpg HTTP/1.1" 200 219501 "https://ysfine.com/wigner/neumann.html" "Mozilla/5.0 (Windows NT 10.0; Win64; x64) AppleWebKit/537.36 (KHTML, like Gecko) Chrome/108.0.0.0 Safari/537.36" "ysfine.com"
222.122.190.70 - - [17/Jan/2023:02:51:59 -0800] "GET / HTTP/1.1" 200 15915 "-" "Mozilla/5.0 (Windows NT 10.0; ZumBot/1.0; Win64; x64) AppleWebKit/537.36 (KHTML, like Gecko) Chrome/79.0.3945.130 Safari/537.36" "ysfine.com"
222.122.190.70 - - [17/Jan/2023:02:52:00 -0800] "GET / HTTP/1.1" 200 15915 "-" "Mozilla/5.0 (Windows NT 10.0; ZumBot/1.0; Win64; x64) AppleWebKit/537.36 (KHTML, like Gecko) Chrome/79.0.3945.130 Safari/537.36" "ysfine.com"
5.45.207.99 - - [17/Jan/2023:02:52:29 -0800] "GET /robots.txt HTTP/1.1" 404 73 "-" "Mozilla/5.0 (compatible; YandexBot/3.0; +http://yandex.com/bots)" "www.ysfine.com"
5.255.253.152 - - [17/Jan/2023:02:52:33 -0800] "GET /princeton/wilspoin.html HTTP/1.1" 200 658 "-" "Mozilla/5.0 (compatible; YandexBot/3.0; +http://yandex.com/bots) AppleWebKit/537.36 (KHTML, like Gecko) Chrome/81.0.4044.268" "www.ysfine.com"
51.222.253.19 - - [17/Jan/2023:02:52:49 -0800] "GET /class54/class5470/total_data/sub_335.htm HTTP/1.1" 200 3326 "-" "Mozilla/5.0 (compatible; AhrefsBot/7.0; +http://ahrefs.com/robot/)" "www.ysfine.com"
202.36.58.55 - - [17/Jan/2023:02:54:36 -0800] "GET /einstein/eins54.jpg HTTP/1.1" 200 86686 "https://www.google.com/" "Mozilla/5.0 (Windows NT 10.0; Win64; x64) AppleWebKit/537.36 (KHTML, like Gecko) Chrome/108.0.0.0 Safari/537.36" "ysfine.com"
40.77.167.17 - - [17/Jan/2023:02:54:44 -0800] "GET /style/owaves2.jpg HTTP/1.1" 200 55324 "-" "Mozilla/5.0 (compatible; bingbot/2.0; +http://www.bing.com/bingbot.htm)" "www.ysfine.com"
220.181.108.102 - - [17/Jan/2023:02:54:52 -0800] "GET /wigner/euclid05b.jpg HTTP/1.1" 200 33016 "-" "Mozilla/5.0 (compatible; Baiduspider/2.0; +http://www.baidu.com/search/spider.html)" "www.ysfine.com"
40.77.167.13 - - [17/Jan/2023:02:56:07 -0800] "GET /bio/princeton/campus.html HTTP/1.1" 404 88 "-" "Mozilla/5.0 (compatible; bingbot/2.0; +http://www.bing.com/bingbot.htm)" "ysfine.com"
51.222.253.2 - - [17/Jan/2023:02:56:35 -0800] "GET /class54/class5470/total_data/sub_340.htm HTTP/1.1" 200 3180 "-" "Mozilla/5.0 (compatible; AhrefsBot/7.0; +http://ahrefs.com/robot/)" "www.ysfine.com"
40.77.167.80 - - [17/Jan/2023:02:57:05 -0800] "GET /princeton/rutgers01.jpg HTTP/1.1" 200 147821 "-" "Mozilla/5.0 (compatible; bingbot/2.0; +http://www.bing.com/bingbot.htm)" "ysfine.com"
49.149.78.133 - - [17/Jan/2023:02:58:04 -0800] "GET /einstein/eins54.jpg HTTP/1.1" 200 86686 "https://www.google.com/" "Mozilla/5.0 (Linux; Android 11; CPH2239) AppleWebKit/537.36 (KHTML, like Gecko) Chrome/109.0.0.0 Mobile Safari/537.36" "ysfine.com"
40.77.167.80 - - [17/Jan/2023:02:59:15 -0800] "GET /world/ital/venice05.jpg HTTP/1.1" 200 198594 "-" "Mozilla/5.0 AppleWebKit/537.36 (KHTML, like Gecko; compatible; bingbot/2.0; +http://www.bing.com/bingbot.htm) Chrome/103.0.5060.134 Safari/537.36" "ysfine.com"
51.222.253.14 - - [17/Jan/2023:03:00:29 -0800] "GET /class54/class5470/total_data/sub_342.htm HTTP/1.1" 200 3328 "-" "Mozilla/5.0 (compatible; AhrefsBot/7.0; +http://ahrefs.com/robot/)" "www.ysfine.com"
51.222.253.1 - - [17/Jan/2023:03:00:30 -0800] "GET /class54/class5470/total_data/photo_img/3-42.jpg HTTP/1.1" 200 175542 "-" "Mozilla/5.0 (compatible; AhrefsBot/7.0; +http://ahrefs.com/robot/)" "www.ysfine.com"
51.222.253.20 - - [17/Jan/2023:03:00:31 -0800] "GET /class54/class5470/total_data/img/03_smtitle42.gif HTTP/1.1" 200 491 "-" "Mozilla/5.0 (compatible; AhrefsBot/7.0; +http://ahrefs.com/robot/)" "www.ysfine.com"
40.77.167.13 - - [17/Jan/2023:03:00:37 -0800] "GET /bio/wigner/e(2).html HTTP/1.1" 404 88 "-" "Mozilla/5.0 AppleWebKit/537.36 (KHTML, like Gecko; compatible; bingbot/2.0; +http://www.bing.com/bingbot.htm) Chrome/103.0.5060.134 Safari/537.36" "ysfine.com"
40.77.167.80 - - [17/Jan/2023:03:00:56 -0800] "GET /kazan.html HTTP/1.1" 404 88 "-" "Mozilla/5.0 AppleWebKit/537.36 (KHTML, like Gecko; compatible; bingbot/2.0; +http://www.bing.com/bingbot.htm) Chrome/103.0.5060.134 Safari/537.36" "www.ysfine.com"
40.77.167.17 - - [17/Jan/2023:03:02:24 -0800] "GET /bio/einstein/bern.html HTTP/1.1" 404 88 "-" "Mozilla/5.0 AppleWebKit/537.36 (KHTML, like Gecko; compatible; bingbot/2.0; +http://www.bing.com/bingbot.htm) Chrome/103.0.5060.134 Safari/537.36" "ysfine.com"
207.46.13.176 - - [17/Jan/2023:03:02:29 -0800] "GET /bio.html HTTP/1.1" 200 18260 "-" "Mozilla/5.0 AppleWebKit/537.36 (KHTML, like Gecko; compatible; bingbot/2.0; +http://www.bing.com/bingbot.htm) Chrome/103.0.5060.134 Safari/537.36" "ysfine.com"
165.225.94.229 - - [17/Jan/2023:03:02:40 -0800] "GET /einstein/eins54.jpg HTTP/1.1" 200 86686 "https://www.google.com/" "Mozilla/5.0 (Windows NT 10.0; Win64; x64) AppleWebKit/537.36 (KHTML, like Gecko) Chrome/109.0.0.0 Safari/537.36" "ysfine.com"
165.225.94.229 - - [17/Jan/2023:03:02:45 -0800] "GET /einstein/eins54.jpg HTTP/1.1" 200 86686 "https://www.google.com/" "Mozilla/5.0 (Windows NT 10.0; Win64; x64) AppleWebKit/537.36 (KHTML, like Gecko) Chrome/109.0.0.0 Safari/537.36" "ysfine.com"
165.225.94.229 - - [17/Jan/2023:03:02:46 -0800] "GET /favicon.ico HTTP/1.1" 404 88 "https://ysfine.com/einstein/eins54.jpg" "Mozilla/5.0 (Windows NT 10.0; Win64; x64) AppleWebKit/537.36 (KHTML, like Gecko) Chrome/109.0.0.0 Safari/537.36" "ysfine.com"
114.119.152.11 - - [17/Jan/2023:03:02:48 -0800] "GET /home/eink/einhaus11c.jpg HTTP/1.1" 404 88 "https://ysfine.com/home/hmrigh.html" "Mozilla/5.0 (Linux; Android 7.0;) AppleWebKit/537.36 (KHTML, like Gecko) Mobile Safari/537.36 (compatible; PetalBot;+https://webmaster.petalsearch.com/site/petalbot)" "ysfine.com"
45.248.13.10 - - [17/Jan/2023:03:03:44 -0800] "GET /wdc/capitol07.jpg HTTP/1.1" 200 138407 "-" "com.google.android.googlequicksearchbox/301220237 (Linux; U; Android 12; en_IN; EB2101; Build/RKQ1.211119.001; Cronet/108.0.5359.61)" "ysfine.com"
45.248.13.10 - - [17/Jan/2023:03:03:56 -0800] "GET /wdc/capitol07.jpg HTTP/1.1" 200 138407 "-" "com.google.android.googlequicksearchbox/301220237 (Linux; U; Android 12; en_IN; EB2101; Build/RKQ1.211119.001; Cronet/108.0.5359.61)" "ysfine.com"
114.119.141.228 - - [17/Jan/2023:03:04:18 -0800] "GET /yspapers/symmetry11.pdf HTTP/1.1" 200 256489 "https://www.ysfine.com/dirac/dfsoft.html" "Mozilla/5.0 (Linux; Android 7.0;) AppleWebKit/537.36 (KHTML, like Gecko) Mobile Safari/537.36 (compatible; PetalBot;+https://webmaster.petalsearch.com/site/petalbot)" "www.ysfine.com"
207.46.13.31 - - [17/Jan/2023:03:04:35 -0800] "GET /bio/style/artlove.html HTTP/1.1" 404 88 "-" "Mozilla/5.0 (compatible; bingbot/2.0; +http://www.bing.com/bingbot.htm)" "ysfine.com"
51.222.253.14 - - [17/Jan/2023:03:04:36 -0800] "GET /class54/class5470/total_data/sub_341.htm HTTP/1.1" 200 3327 "-" "Mozilla/5.0 (compatible; AhrefsBot/7.0; +http://ahrefs.com/robot/)" "www.ysfine.com"
157.55.39.72 - - [17/Jan/2023:03:04:42 -0800] "GET /ys11/index.html HTTP/1.1" 200 3485 "-" "Mozilla/5.0 (compatible; bingbot/2.0; +http://www.bing.com/bingbot.htm)" "www.ysfine.com"
157.55.39.72 - - [17/Jan/2023:03:05:04 -0800] "GET /bio/eink/buythisbook.html HTTP/1.1" 404 88 "-" "Mozilla/5.0 (compatible; bingbot/2.0; +http://www.bing.com/bingbot.htm)" "ysfine.com"
114.119.155.22 - - [17/Jan/2023:03:05:30 -0800] "GET /world/spain/sala04c.jpg HTTP/1.1" 200 32096 "https://ysfine.com/world/spain/index.html" "Mozilla/5.0 (Linux; Android 7.0;) AppleWebKit/537.36 (KHTML, like Gecko) Mobile Safari/537.36 (compatible; PetalBot;+https://webmaster.petalsearch.com/site/petalbot)" "ysfine.com"
213.180.203.62 - - [17/Jan/2023:03:06:35 -0800] "GET /static/favicon/commons.ico HTTP/1.1" 404 88 "-" "Mozilla/5.0 (compatible; YandexFavicons/1.0; +http://yandex.com/bots)" "www.ysfine.com"
114.119.131.202 - - [17/Jan/2023:03:06:54 -0800] "GET /usca/pitt/strcar450.jpg HTTP/1.1" 200 53773 "https://www.ysfine.com/bio06.html" "Mozilla/5.0 (Linux; Android 7.0;) AppleWebKit/537.36 (KHTML, like Gecko) Mobile Safari/537.36 (compatible; PetalBot;+https://webmaster.petalsearch.com/site/petalbot)" "www.ysfine.com"
216.244.66.229 - - [17/Jan/2023:03:07:40 -0800] "GET /robots.txt HTTP/1.1" 404 73 "-" "Mozilla/5.0 (compatible; DotBot/1.2; +https://opensiteexplorer.org/dotbot; help@moz.com)" "ysfine.com"
40.77.167.17 - - [17/Jan/2023:03:07:44 -0800] "GET /bio17.html HTTP/1.1" 200 10919 "-" "Mozilla/5.0 AppleWebKit/537.36 (KHTML, like Gecko; compatible; bingbot/2.0; +http://www.bing.com/bingbot.htm) Chrome/103.0.5060.134 Safari/537.36" "ysfine.com"
114.119.154.137 - - [17/Jan/2023:03:07:59 -0800] "GET /home/osaka123d.jpg HTTP/1.1" 200 41542 "https://www.ysfine.com/home/bostein.html" "Mozilla/5.0 (Linux; Android 7.0;) AppleWebKit/537.36 (KHTML, like Gecko) Mobile Safari/537.36 (compatible; PetalBot;+https://webmaster.petalsearch.com/site/petalbot)" "www.ysfine.com"
51.222.253.7 - - [17/Jan/2023:03:08:39 -0800] "GET /class54/class5470/total_data/sub_323.htm HTTP/1.1" 200 3298 "-" "Mozilla/5.0 (compatible; AhrefsBot/7.0; +http://ahrefs.com/robot/)" "www.ysfine.com"
51.222.253.15 - - [17/Jan/2023:03:08:40 -0800] "GET /class54/class5470/total_data/photo_img/3-23.jpg HTTP/1.1" 200 175542 "-" "Mozilla/5.0 (compatible; AhrefsBot/7.0; +http://ahrefs.com/robot/)" "www.ysfine.com"
157.55.39.72 - - [17/Jan/2023:03:09:24 -0800] "GET /bio/kobak/soraech.html HTTP/1.1" 404 88 "-" "Mozilla/5.0 AppleWebKit/537.36 (KHTML, like Gecko; compatible; bingbot/2.0; +http://www.bing.com/bingbot.htm) Chrome/103.0.5060.134 Safari/537.36" "ysfine.com"
216.244.66.229 - - [17/Jan/2023:03:10:57 -0800] "GET /awards/ysnr11.jpg HTTP/1.1" 200 141084 "-" "Mozilla/5.0 (compatible; DotBot/1.2; +https://opensiteexplorer.org/dotbot; help@moz.com)" "ysfine.com"
114.119.145.126 - - [17/Jan/2023:03:11:21 -0800] "GET /class54/class5470/total_data/photo_img/2-89.jpg HTTP/1.1" 200 190305 "https://www.ysfine.com/class54/class5470/total_data/sub_289.htm" "Mozilla/5.0 (Linux; Android 7.0;) AppleWebKit/537.36 (KHTML, like Gecko) Mobile Safari/537.36 (compatible; PetalBot;+https://webmaster.petalsearch.com/site/petalbot)" "www.ysfine.com"
114.119.146.87 - - [17/Jan/2023:03:11:24 -0800] "GET /home/foto22/bek55c.jpg HTTP/1.1" 200 27076 "https://www.ysfine.com/bio10.html" "Mozilla/5.0 (Linux; Android 7.0;) AppleWebKit/537.36 (KHTML, like Gecko) Mobile Safari/537.36 (compatible; PetalBot;+https://webmaster.petalsearch.com/site/petalbot)" "www.ysfine.com"
65.108.231.158 - - [17/Jan/2023:03:11:51 -0800] "GET /robots.txt HTTP/1.1" 404 73 "-" "Mozilla/5.0 (compatible; MJ12bot/v1.4.8; http://mj12bot.com/)" "ysfine.com"
65.108.231.158 - - [17/Jan/2023:03:12:00 -0800] "GET /style/yjk11.jpg HTTP/1.1" 200 104560 "-" "Mozilla/5.0 (compatible; MJ12bot/v1.4.8; http://mj12bot.com/)" "ysfine.com"
65.108.231.158 - - [17/Jan/2023:03:12:08 -0800] "GET /wigner/gim/class20.jpg HTTP/1.1" 200 128376 "-" "Mozilla/5.0 (compatible; MJ12bot/v1.4.8; http://mj12bot.com/)" "ysfine.com"
65.108.231.158 - - [17/Jan/2023:03:12:12 -0800] "GET /wigner/gim/class21.jpg HTTP/1.1" 200 114627 "-" "Mozilla/5.0 (compatible; MJ12bot/v1.4.8; http://mj12bot.com/)" "ysfine.com"
65.108.231.158 - - [17/Jan/2023:03:12:15 -0800] "GET /wigner/gim/gimn00.jpg HTTP/1.1" 200 115301 "-" "Mozilla/5.0 (compatible; MJ12bot/v1.4.8; http://mj12bot.com/)" "ysfine.com"
51.222.253.20 - - [17/Jan/2023:03:12:20 -0800] "GET /class54/class5470/total_data/sub_333.htm HTTP/1.1" 200 3296 "-" "Mozilla/5.0 (compatible; AhrefsBot/7.0; +http://ahrefs.com/robot/)" "www.ysfine.com"
51.222.253.10 - - [17/Jan/2023:03:12:22 -0800] "GET /class54/class5470/total_data/photo_img/3-33.jpg HTTP/1.1" 200 212011 "-" "Mozilla/5.0 (compatible; AhrefsBot/7.0; +http://ahrefs.com/robot/)" "www.ysfine.com"
65.108.231.158 - - [17/Jan/2023:03:12:34 -0800] "GET /wigner/gim/gimn01.jpg HTTP/1.1" 200 83478 "-" "Mozilla/5.0 (compatible; MJ12bot/v1.4.8; http://mj12bot.com/)" "ysfine.com"
65.108.231.158 - - [17/Jan/2023:03:13:02 -0800] "GET /wigner/gim/gimn02.jpg HTTP/1.1" 200 105634 "-" "Mozilla/5.0 (compatible; MJ12bot/v1.4.8; http://mj12bot.com/)" "ysfine.com"
37.161.69.164 - - [17/Jan/2023:03:13:46 -0800] "GET /feynman/cooper.jpg HTTP/1.1" 200 70013 "https://www.google.com/" "Mozilla/5.0 (Linux; Android 11; RMX2063) AppleWebKit/537.36 (KHTML, like Gecko) Chrome/108.0.0.0 Mobile Safari/537.36" "ysfine.com"
65.108.231.158 - - [17/Jan/2023:03:13:50 -0800] "GET /wigner/gim/gimn03.jpg HTTP/1.1" 200 109865 "-" "Mozilla/5.0 (compatible; MJ12bot/v1.4.8; http://mj12bot.com/)" "ysfine.com"
65.108.231.158 - - [17/Jan/2023:03:13:55 -0800] "GET /wigner/gim/gimn04.jpg HTTP/1.1" 200 88356 "-" "Mozilla/5.0 (compatible; MJ12bot/v1.4.8; http://mj12bot.com/)" "ysfine.com"
65.108.231.158 - - [17/Jan/2023:03:14:06 -0800] "GET /wigner/gim/gimn05.jpg HTTP/1.1" 200 80658 "-" "Mozilla/5.0 (compatible; MJ12bot/v1.4.8; http://mj12bot.com/)" "ysfine.com"
65.108.231.158 - - [17/Jan/2023:03:14:12 -0800] "GET /wigner/gim/gimn06.jpg HTTP/1.1" 200 194398 "-" "Mozilla/5.0 (compatible; MJ12bot/v1.4.8; http://mj12bot.com/)" "ysfine.com"
65.108.231.158 - - [17/Jan/2023:03:14:22 -0800] "GET /wigner/gim/gimn07.jpg HTTP/1.1" 200 103783 "-" "Mozilla/5.0 (compatible; MJ12bot/v1.4.8; http://mj12bot.com/)" "ysfine.com"
65.108.231.158 - - [17/Jan/2023:03:14:25 -0800] "GET /wigner/gim/gimn08.jpg HTTP/1.1" 200 92205 "-" "Mozilla/5.0 (compatible; MJ12bot/v1.4.8; http://mj12bot.com/)" "ysfine.com"
65.108.231.158 - - [17/Jan/2023:03:14:36 -0800] "GET /wigner/gim/gimn09.jpg HTTP/1.1" 200 106490 "-" "Mozilla/5.0 (compatible; MJ12bot/v1.4.8; http://mj12bot.com/)" "ysfine.com"
65.108.231.158 - - [17/Jan/2023:03:15:24 -0800] "GET /wigner/gim/gimn13.jpg HTTP/1.1" 200 129305 "-" "Mozilla/5.0 (compatible; MJ12bot/v1.4.8; http://mj12bot.com/)" "ysfine.com"
40.77.167.13 - - [17/Jan/2023:03:15:28 -0800] "GET /newyork/trump10b.jpg HTTP/1.1" 200 42388 "-" "Mozilla/5.0 AppleWebKit/537.36 (KHTML, like Gecko; compatible; bingbot/2.0; +http://www.bing.com/bingbot.htm) Chrome/103.0.5060.134 Safari/537.36" "ysfine.com"
65.108.231.158 - - [17/Jan/2023:03:15:32 -0800] "GET /wigner/gim/gimn15.jpg HTTP/1.1" 200 79259 "-" "Mozilla/5.0 (compatible; MJ12bot/v1.4.8; http://mj12bot.com/)" "ysfine.com"
65.108.231.158 - - [17/Jan/2023:03:15:36 -0800] "GET /wigner/gim/gimn16.jpg HTTP/1.1" 200 147445 "-" "Mozilla/5.0 (compatible; MJ12bot/v1.4.8; http://mj12bot.com/)" "ysfine.com"
65.108.231.158 - - [17/Jan/2023:03:15:43 -0800] "GET /wigner/gim/gimn17.jpg HTTP/1.1" 200 148508 "-" "Mozilla/5.0 (compatible; MJ12bot/v1.4.8; http://mj12bot.com/)" "ysfine.com"
65.108.231.158 - - [17/Jan/2023:03:15:45 -0800] "GET /wigner/gim/gimn18.jpg HTTP/1.1" 200 130647 "-" "Mozilla/5.0 (compatible; MJ12bot/v1.4.8; http://mj12bot.com/)" "ysfine.com"
207.46.13.31 - - [17/Jan/2023:03:15:46 -0800] "GET /bio/kobak/yskor.html HTTP/1.1" 404 88 "-" "Mozilla/5.0 (compatible; bingbot/2.0; +http://www.bing.com/bingbot.htm)" "ysfine.com"
65.108.231.158 - - [17/Jan/2023:03:15:50 -0800] "GET /wigner/gim/gimn19.jpg HTTP/1.1" 200 151049 "-" "Mozilla/5.0 (compatible; MJ12bot/v1.4.8; http://mj12bot.com/)" "ysfine.com"
65.108.231.158 - - [17/Jan/2023:03:15:54 -0800] "GET /wigner/gim/gimn20.jpg HTTP/1.1" 200 123560 "-" "Mozilla/5.0 (compatible; MJ12bot/v1.4.8; http://mj12bot.com/)" "ysfine.com"
51.222.253.6 - - [17/Jan/2023:03:16:01 -0800] "GET /class54/class5470/total_data/sub_732.htm HTTP/1.1" 200 3294 "-" "Mozilla/5.0 (compatible; AhrefsBot/7.0; +http://ahrefs.com/robot/)" "www.ysfine.com"
51.222.253.7 - - [17/Jan/2023:03:16:03 -0800] "GET /class54/class5470/total_data/photo_img/7-32.jpg HTTP/1.1" 200 206018 "-" "Mozilla/5.0 (compatible; AhrefsBot/7.0; +http://ahrefs.com/robot/)" "www.ysfine.com"
40.77.167.17 - - [17/Jan/2023:03:16:36 -0800] "GET /bio/kobak/namdae.html HTTP/1.1" 404 88 "-" "Mozilla/5.0 AppleWebKit/537.36 (KHTML, like Gecko; compatible; bingbot/2.0; +http://www.bing.com/bingbot.htm) Chrome/103.0.5060.134 Safari/537.36" "ysfine.com"
65.108.231.158 - - [17/Jan/2023:03:16:41 -0800] "GET /wigner/gim/gimn25.jpg HTTP/1.1" 200 89283 "-" "Mozilla/5.0 (compatible; MJ12bot/v1.4.8; http://mj12bot.com/)" "ysfine.com"
65.108.231.158 - - [17/Jan/2023:03:16:51 -0800] "GET /wigner/gim/gimn26.jpg HTTP/1.1" 200 127498 "-" "Mozilla/5.0 (compatible; MJ12bot/v1.4.8; http://mj12bot.com/)" "ysfine.com"
65.108.231.158 - - [17/Jan/2023:03:16:54 -0800] "GET /wigner/gim/gimn31.jpg HTTP/1.1" 200 76106 "-" "Mozilla/5.0 (compatible; MJ12bot/v1.4.8; http://mj12bot.com/)" "ysfine.com"
65.108.231.158 - - [17/Jan/2023:03:16:58 -0800] "GET /wigner/gim/gimn32.jpg HTTP/1.1" 200 67825 "-" "Mozilla/5.0 (compatible; MJ12bot/v1.4.8; http://mj12bot.com/)" "ysfine.com"
65.108.231.158 - - [17/Jan/2023:03:18:21 -0800] "GET /wigner/gim/gimn37.jpg HTTP/1.1" 200 126136 "-" "Mozilla/5.0 (compatible; MJ12bot/v1.4.8; http://mj12bot.com/)" "ysfine.com"
65.108.231.158 - - [17/Jan/2023:03:18:32 -0800] "GET /wigner/gim/gimn61.jpg HTTP/1.1" 200 64541 "-" "Mozilla/5.0 (compatible; MJ12bot/v1.4.8; http://mj12bot.com/)" "ysfine.com"
65.108.231.158 - - [17/Jan/2023:03:18:36 -0800] "GET /wigner/gim/hero01.jpg HTTP/1.1" 200 169714 "-" "Mozilla/5.0 (compatible; MJ12bot/v1.4.8; http://mj12bot.com/)" "ysfine.com"
65.108.231.158 - - [17/Jan/2023:03:18:47 -0800] "GET /wigner/gim/map01.jpg HTTP/1.1" 200 184057 "-" "Mozilla/5.0 (compatible; MJ12bot/v1.4.8; http://mj12bot.com/)" "ysfine.com"
65.108.231.158 - - [17/Jan/2023:03:18:52 -0800] "GET /wigner/gim/szabo01.jpg HTTP/1.1" 200 73104 "-" "Mozilla/5.0 (compatible; MJ12bot/v1.4.8; http://mj12bot.com/)" "ysfine.com"
65.108.231.158 - - [17/Jan/2023:03:18:55 -0800] "GET /wigner/gim/szabo02.jpg HTTP/1.1" 200 96294 "-" "Mozilla/5.0 (compatible; MJ12bot/v1.4.8; http://mj12bot.com/)" "ysfine.com"
65.108.231.158 - - [17/Jan/2023:03:18:59 -0800] "GET /wigner/gim/wigner91.jpg HTTP/1.1" 200 104894 "-" "Mozilla/5.0 (compatible; MJ12bot/v1.4.8; http://mj12bot.com/)" "ysfine.com"
65.108.231.158 - - [17/Jan/2023:03:19:02 -0800] "GET /wigner/wigkim33.jpg HTTP/1.1" 200 195806 "-" "Mozilla/5.0 (compatible; MJ12bot/v1.4.8; http://mj12bot.com/)" "ysfine.com"
65.108.231.158 - - [17/Jan/2023:03:19:06 -0800] "GET /world/russ/roskei06.jpg HTTP/1.1" 200 108504 "-" "Mozilla/5.0 (compatible; MJ12bot/v1.4.8; http://mj12bot.com/)" "ysfine.com"
65.108.231.158 - - [17/Jan/2023:03:19:14 -0800] "GET /robots.txt HTTP/1.1" 404 73 "-" "Mozilla/5.0 (compatible; MJ12bot/v1.4.8; http://mj12bot.com/)" "www.ysfine.com"
65.108.231.158 - - [17/Jan/2023:03:19:17 -0800] "GET /feynman/feyjad33.jpg HTTP/1.1" 200 62305 "-" "Mozilla/5.0 (compatible; MJ12bot/v1.4.8; http://mj12bot.com/)" "www.ysfine.com"
13.229.235.67 - - [17/Jan/2023:03:20:40 -0800] "GET /kobak/sohnwi01.jpg HTTP/1.1" 200 67716 "https://www.google.com/" "Mozilla/5.0 (Windows NT 10.0; Win64; x64) AppleWebKit/537.36 (KHTML, like Gecko) Chrome/101.0.0.0 Safari/537.36" "ysfine.com"
51.222.253.6 - - [17/Jan/2023:03:22:08 -0800] "GET /class54/class5470/total_data/sub_235.htm HTTP/1.1" 200 3403 "-" "Mozilla/5.0 (compatible; AhrefsBot/7.0; +http://ahrefs.com/robot/)" "ysfine.com"
40.77.167.10 - - [17/Jan/2023:03:22:10 -0800] "GET /home/fig22/ys53.jpg HTTP/1.1" 200 148271 "-" "Mozilla/5.0 AppleWebKit/537.36 (KHTML, like Gecko; compatible; bingbot/2.0; +http://www.bing.com/bingbot.htm) Chrome/103.0.5060.134 Safari/537.36" "ysfine.com"
207.46.13.31 - - [17/Jan/2023:03:22:38 -0800] "GET /bio/sbk/1950.html HTTP/1.1" 404 88 "-" "Mozilla/5.0 (compatible; bingbot/2.0; +http://www.bing.com/bingbot.htm)" "ysfine.com"
40.77.167.10 - - [17/Jan/2023:03:23:41 -0800] "GET /bio/style/proschanie.html HTTP/1.1" 404 88 "-" "Mozilla/5.0 AppleWebKit/537.36 (KHTML, like Gecko; compatible; bingbot/2.0; +http://www.bing.com/bingbot.htm) Chrome/103.0.5060.134 Safari/537.36" "ysfine.com"
51.222.253.5 - - [17/Jan/2023:03:26:37 -0800] "GET /class54/class5470/total_data/sub_238.htm HTTP/1.1" 200 3386 "-" "Mozilla/5.0 (compatible; AhrefsBot/7.0; +http://ahrefs.com/robot/)" "ysfine.com"
207.46.13.31 - - [17/Jan/2023:03:28:36 -0800] "GET /maga/phil/sisfa12/roma12-57.jpg HTTP/1.1" 200 100777 "-" "Mozilla/5.0 AppleWebKit/537.36 (KHTML, like Gecko; compatible; bingbot/2.0; +http://www.bing.com/bingbot.htm) Chrome/103.0.5060.134 Safari/537.36" "ysfine.com"
40.77.167.13 - - [17/Jan/2023:03:29:10 -0800] "GET /bio/princeton/campus.html HTTP/1.1" 404 88 "-" "Mozilla/5.0 AppleWebKit/537.36 (KHTML, like Gecko; compatible; bingbot/2.0; +http://www.bing.com/bingbot.htm) Chrome/103.0.5060.134 Safari/537.36" "ysfine.com"
37.247.227.50 - - [17/Jan/2023:03:29:21 -0800] "GET /wigner/neum/vnc01.jpg HTTP/1.1" 200 133641 "https://ysfine.com/wigner/neumann.html" "Mozilla/5.0 (Windows NT 10.0; Win64; x64) AppleWebKit/537.36 (KHTML, like Gecko) Chrome/108.0.0.0 Safari/537.36" "ysfine.com"
117.252.3.34 - - [17/Jan/2023:03:29:23 -0800] "GET /wigner/wiglittle.pdf HTTP/1.1" 200 2659296 "https://www.google.com/" "Mozilla/5.0 (X11; Ubuntu; Linux x86_64; rv:108.0) Gecko/20100101 Firefox/108.0" "ysfine.com"
117.252.3.34 - - [17/Jan/2023:03:29:24 -0800] "GET /favicon.ico HTTP/1.1" 404 88 "https://ysfine.com/" "Mozilla/5.0 (X11; Ubuntu; Linux x86_64; rv:108.0) Gecko/20100101 Firefox/108.0" "ysfine.com"
117.252.3.34 - - [17/Jan/2023:03:29:24 -0800] "GET /wigner/wiglittle.pdf HTTP/1.1" 206 65536 "https://www.google.com/" "Mozilla/5.0 (X11; Ubuntu; Linux x86_64; rv:108.0) Gecko/20100101 Firefox/108.0" "ysfine.com"
117.252.3.34 - - [17/Jan/2023:03:29:25 -0800] "GET /wigner/wiglittle.pdf HTTP/1.1" 206 37856 "https://www.google.com/" "Mozilla/5.0 (X11; Ubuntu; Linux x86_64; rv:108.0) Gecko/20100101 Firefox/108.0" "ysfine.com"
117.252.3.34 - - [17/Jan/2023:03:29:27 -0800] "GET /wigner/wiglittle.pdf HTTP/1.1" 206 65536 "https://www.google.com/" "Mozilla/5.0 (X11; Ubuntu; Linux x86_64; rv:108.0) Gecko/20100101 Firefox/108.0" "ysfine.com"
37.247.227.50 - - [17/Jan/2023:03:29:27 -0800] "GET /wigner/neum/vnc01.jpg HTTP/1.1" 200 133641 "-" "Mozilla/4.0 (compatible; ms-office; MSOffice 16)" "ysfine.com"
51.222.253.15 - - [17/Jan/2023:03:30:34 -0800] "GET /class54/class5470/total_data/sub_723.htm HTTP/1.1" 200 3295 "-" "Mozilla/5.0 (compatible; AhrefsBot/7.0; +http://ahrefs.com/robot/)" "www.ysfine.com"
51.222.253.5 - - [17/Jan/2023:03:30:36 -0800] "GET /class54/class5470/total_data/photo_img/7-23.jpg HTTP/1.1" 200 253820 "-" "Mozilla/5.0 (compatible; AhrefsBot/7.0; +http://ahrefs.com/robot/)" "www.ysfine.com"
40.77.167.13 - - [17/Jan/2023:03:34:00 -0800] "GET /bio/wigner/e(2).html HTTP/1.1" 404 88 "-" "Mozilla/5.0 (compatible; bingbot/2.0; +http://www.bing.com/bingbot.htm)" "ysfine.com"
37.139.53.30 - - [17/Jan/2023:03:34:02 -0800] "GET /einstein/index.html HTTP/1.1" 200 200 "https://www.ysfine.com/einstein/index.html" "Mozilla/5.0 (Windows NT 6.1) AppleWebKit/537.36 (KHTML, like Gecko) Chrome/90.0.4430.72 Safari/537.36" "www.ysfine.com"
37.139.53.30 - - [17/Jan/2023:03:34:03 -0800] "GET / HTTP/1.1" 200 15915 "https://www.ysfine.com/" "Mozilla/5.0 (Windows NT 6.1) AppleWebKit/537.36 (KHTML, like Gecko) Chrome/90.0.4430.72 Safari/537.36" "www.ysfine.com"
51.222.253.5 - - [17/Jan/2023:03:34:36 -0800] "GET /einstein/einabel.html HTTP/1.1" 200 5982 "-" "Mozilla/5.0 (compatible; AhrefsBot/7.0; +http://ahrefs.com/robot/)" "www.ysfine.com"
51.222.253.10 - - [17/Jan/2023:03:34:38 -0800] "GET /maga/phys/yukaheisen58b.jpg HTTP/1.1" 200 34699 "-" "Mozilla/5.0 (compatible; AhrefsBot/7.0; +http://ahrefs.com/robot/)" "www.ysfine.com"
51.222.253.6 - - [17/Jan/2023:03:34:39 -0800] "GET /einstein/einwheel84b.jpg HTTP/1.1" 200 53278 "-" "Mozilla/5.0 (compatible; AhrefsBot/7.0; +http://ahrefs.com/robot/)" "www.ysfine.com"
51.222.253.7 - - [17/Jan/2023:03:34:39 -0800] "GET /einstein/einbohr22b.jpg HTTP/1.1" 200 42030 "-" "Mozilla/5.0 (compatible; AhrefsBot/7.0; +http://ahrefs.com/robot/)" "www.ysfine.com"
51.222.253.16 - - [17/Jan/2023:03:34:39 -0800] "GET /einstein/einbohr11b.jpg HTTP/1.1" 200 37538 "-" "Mozilla/5.0 (compatible; AhrefsBot/7.0; +http://ahrefs.com/robot/)" "www.ysfine.com"
51.222.253.15 - - [17/Jan/2023:03:34:40 -0800] "GET /einstein/einwalk650.jpg HTTP/1.1" 200 58253 "-" "Mozilla/5.0 (compatible; AhrefsBot/7.0; +http://ahrefs.com/robot/)" "www.ysfine.com"
51.222.253.4 - - [17/Jan/2023:03:34:40 -0800] "GET /einstein/einwheel53b.jpg HTTP/1.1" 200 47055 "-" "Mozilla/5.0 (compatible; AhrefsBot/7.0; +http://ahrefs.com/robot/)" "www.ysfine.com"
51.222.253.8 - - [17/Jan/2023:03:34:41 -0800] "GET /einstein/einwheel70b.jpg HTTP/1.1" 200 38692 "-" "Mozilla/5.0 (compatible; AhrefsBot/7.0; +http://ahrefs.com/robot/)" "www.ysfine.com"
51.222.253.19 - - [17/Jan/2023:03:34:41 -0800] "GET /princeton/prospectg22b.jpg HTTP/1.1" 200 49786 "-" "Mozilla/5.0 (compatible; AhrefsBot/7.0; +http://ahrefs.com/robot/)" "www.ysfine.com"
51.222.253.1 - - [17/Jan/2023:03:34:41 -0800] "GET /einstein/jsbell02b.jpg HTTP/1.1" 200 27021 "-" "Mozilla/5.0 (compatible; AhrefsBot/7.0; +http://ahrefs.com/robot/)" "www.ysfine.com"
51.222.253.4 - - [17/Jan/2023:03:34:42 -0800] "GET /einstein/goedel54b.jpg HTTP/1.1" 200 40926 "-" "Mozilla/5.0 (compatible; AhrefsBot/7.0; +http://ahrefs.com/robot/)" "www.ysfine.com"
51.222.253.6 - - [17/Jan/2023:03:34:42 -0800] "GET /dirac/sq73b.jpg HTTP/1.1" 200 49918 "-" "Mozilla/5.0 (compatible; AhrefsBot/7.0; +http://ahrefs.com/robot/)" "www.ysfine.com"
51.222.253.19 - - [17/Jan/2023:03:34:42 -0800] "GET /einstein/einglaub01b.jpg HTTP/1.1" 200 48405 "-" "Mozilla/5.0 (compatible; AhrefsBot/7.0; +http://ahrefs.com/robot/)" "www.ysfine.com"
51.222.253.14 - - [17/Jan/2023:03:34:43 -0800] "GET /einstein/einhouse650.jpg HTTP/1.1" 200 43065 "-" "Mozilla/5.0 (compatible; AhrefsBot/7.0; +http://ahrefs.com/robot/)" "www.ysfine.com"
51.222.253.6 - - [17/Jan/2023:03:34:44 -0800] "GET /maga/phys/yukaheisen67b.jpg HTTP/1.1" 200 42036 "-" "Mozilla/5.0 (compatible; AhrefsBot/7.0; +http://ahrefs.com/robot/)" "www.ysfine.com"
51.222.253.4 - - [17/Jan/2023:03:34:44 -0800] "GET /einstein/evol22b.jpg HTTP/1.1" 200 29614 "-" "Mozilla/5.0 (compatible; AhrefsBot/7.0; +http://ahrefs.com/robot/)" "www.ysfine.com"
40.77.167.17 - - [17/Jan/2023:03:35:37 -0800] "GET /bio/einstein/bern.html HTTP/1.1" 404 88 "-" "Mozilla/5.0 (compatible; bingbot/2.0; +http://www.bing.com/bingbot.htm)" "ysfine.com"
207.46.13.176 - - [17/Jan/2023:03:35:42 -0800] "GET /bio.html HTTP/1.1" 200 18260 "-" "Mozilla/5.0 (compatible; bingbot/2.0; +http://www.bing.com/bingbot.htm)" "ysfine.com"
207.46.13.31 - - [17/Jan/2023:03:37:59 -0800] "GET /bio/style/artlove.html HTTP/1.1" 404 88 "-" "Mozilla/5.0 AppleWebKit/537.36 (KHTML, like Gecko; compatible; bingbot/2.0; +http://www.bing.com/bingbot.htm) Chrome/103.0.5060.134 Safari/537.36" "ysfine.com"
157.55.39.72 - - [17/Jan/2023:03:38:27 -0800] "GET /bio/eink/buythisbook.html HTTP/1.1" 404 88 "-" "Mozilla/5.0 (compatible; bingbot/2.0; +http://www.bing.com/bingbot.htm)" "ysfine.com"
51.222.253.17 - - [17/Jan/2023:03:38:37 -0800] "GET /home/easy.html HTTP/1.1" 200 7877 "-" "Mozilla/5.0 (compatible; AhrefsBot/7.0; +http://ahrefs.com/robot/)" "ysfine.com"
51.222.253.3 - - [17/Jan/2023:03:38:39 -0800] "GET /feynman/ppic/parton33a.jpg HTTP/1.1" 200 68290 "-" "Mozilla/5.0 (compatible; AhrefsBot/7.0; +http://ahrefs.com/robot/)" "ysfine.com"
51.222.253.15 - - [17/Jan/2023:03:38:39 -0800] "GET /home/fotos/moso300.jpg HTTP/1.1" 200 15386 "-" "Mozilla/5.0 (compatible; AhrefsBot/7.0; +http://ahrefs.com/robot/)" "ysfine.com"
