51.222.253.6 - - [17/Jan/2023:18:24:13 -0800] "GET /friends/moso08b.jpg HTTP/1.1" 404 88 "-" "Mozilla/5.0 (compatible; AhrefsBot/7.0; +http://ahrefs.com/robot/)" "www.ysfine.com"
51.222.253.2 - - [17/Jan/2023:18:24:13 -0800] "GET /maga/invent/westing2.jpg HTTP/1.1" 200 40071 "-" "Mozilla/5.0 (compatible; AhrefsBot/7.0; +http://ahrefs.com/robot/)" "www.ysfine.com"
51.222.253.8 - - [17/Jan/2023:18:24:13 -0800] "GET /friends/moso270.jpg HTTP/1.1" 404 88 "-" "Mozilla/5.0 (compatible; AhrefsBot/7.0; +http://ahrefs.com/robot/)" "www.ysfine.com"
51.222.253.7 - - [17/Jan/2023:18:24:13 -0800] "GET /kobak/repose11b.jpg HTTP/1.1" 200 32052 "-" "Mozilla/5.0 (compatible; AhrefsBot/7.0; +http://ahrefs.com/robot/)" "www.ysfine.com"
51.222.253.13 - - [17/Jan/2023:18:24:14 -0800] "GET /maga/invent/inductmo2.jpg HTTP/1.1" 200 40426 "-" "Mozilla/5.0 (compatible; AhrefsBot/7.0; +http://ahrefs.com/robot/)" "www.ysfine.com"
64.252.202.205 - - [17/Jan/2023:18:24:19 -0800] "GET /princeton/alexan22.jpg HTTP/1.1" 200 175436 "https://www.google.com/" "Mozilla/5.0 (Windows NT 10.0; Win64; x64) AppleWebKit/537.36 (KHTML, like Gecko) Chrome/109.0.0.0 Safari/537.36" "ysfine.com"
135.181.73.59 - - [17/Jan/2023:18:24:34 -0800] "GET /robots.txt HTTP/1.1" 404 73 "-" "Mozilla/5.0 (compatible; MJ12bot/v1.4.8; http://mj12bot.com/)" "www.ysfine.com"
135.181.73.59 - - [17/Jan/2023:18:24:38 -0800] "GET /class54/class5470/total_data/sub_309.htm HTTP/1.1" 200 3332 "-" "Mozilla/5.0 (compatible; MJ12bot/v1.4.8; http://mj12bot.com/)" "www.ysfine.com"
135.181.73.59 - - [17/Jan/2023:18:24:40 -0800] "GET /class54/class5470/total_data/sub_310.htm HTTP/1.1" 200 3333 "-" "Mozilla/5.0 (compatible; MJ12bot/v1.4.8; http://mj12bot.com/)" "www.ysfine.com"
135.181.73.59 - - [17/Jan/2023:18:24:44 -0800] "GET /class54/class5470/total_data/sub_311.htm HTTP/1.1" 200 3317 "-" "Mozilla/5.0 (compatible; MJ12bot/v1.4.8; http://mj12bot.com/)" "www.ysfine.com"
40.77.167.10 - - [17/Jan/2023:18:24:45 -0800] "GET /newyork/metny33.jpg HTTP/1.1" 200 183729 "-" "Mozilla/5.0 AppleWebKit/537.36 (KHTML, like Gecko; compatible; bingbot/2.0; +http://www.bing.com/bingbot.htm) Chrome/103.0.5060.134 Safari/537.36" "www.ysfine.com"
54.236.1.11 - - [17/Jan/2023:18:25:14 -0800] "GET /robots.txt HTTP/1.1" 404 88 "-" "Mozilla/5.0 (compatible; Pinterestbot/1.0; +http://www.pinterest.com/bot.html)" "ysfine.com"
54.236.1.11 - - [17/Jan/2023:18:25:14 -0800] "GET /feynman/feydirac270.jpg HTTP/1.1" 200 59000 "-" "Mozilla/5.0 (compatible; Pinterestbot/1.0; +http://www.pinterest.com/bot.html)" "ysfine.com"
40.77.167.10 - - [17/Jan/2023:18:25:14 -0800] "GET /world/brit/dunf11.jpg HTTP/1.1" 200 85074 "-" "Mozilla/5.0 (compatible; bingbot/2.0; +http://www.bing.com/bingbot.htm)" "www.ysfine.com"
54.236.1.13 - - [17/Jan/2023:18:25:51 -0800] "GET /einstein/einplanck.html HTTP/1.1" 200 3502 "-" "Mozilla/5.0 (compatible; Pinterestbot/1.0; +http://www.pinterest.com/bot.html)" "ysfine.com"
54.236.1.11 - - [17/Jan/2023:18:25:51 -0800] "GET /einstein/einplanck2.jpg HTTP/1.1" 200 33638 "-" "Mozilla/5.0 (compatible; Pinterestbot/1.0; +http://www.pinterest.com/bot.html)" "ysfine.com"
70.162.111.115 - - [17/Jan/2023:18:25:56 -0800] "GET /einstein/eincurie11.jpg HTTP/1.1" 200 71229 "https://www.google.com/" "Mozilla/5.0 (Macintosh; Intel Mac OS X 10.10; rv:78.0) Gecko/20100101 Firefox/78.0" "ysfine.com"
135.181.73.59 - - [17/Jan/2023:18:25:57 -0800] "GET /class54/class5470/total_data/sub_313.htm HTTP/1.1" 200 3303 "-" "Mozilla/5.0 (compatible; MJ12bot/v1.4.8; http://mj12bot.com/)" "www.ysfine.com"
50.96.24.237 - - [17/Jan/2023:18:25:58 -0800] "GET /princeton/alexan22.jpg HTTP/1.1" 200 175436 "https://www.google.com/" "Mozilla/5.0 (iPhone; CPU iPhone OS 16_1 like Mac OS X) AppleWebKit/605.1.15 (KHTML, like Gecko) GSA/243.0.495136164 Mobile/20B82 Safari/604.1" "ysfine.com"
70.162.111.115 - - [17/Jan/2023:18:26:03 -0800] "GET /einstein/eincurie.html HTTP/1.1" 200 895 "https://www.google.com/" "Mozilla/5.0 (Macintosh; Intel Mac OS X 10.10; rv:78.0) Gecko/20100101 Firefox/78.0" "ysfine.com"
135.181.73.59 - - [17/Jan/2023:18:26:30 -0800] "GET /class54/class5470/total_data/sub_314.htm HTTP/1.1" 200 3310 "-" "Mozilla/5.0 (compatible; MJ12bot/v1.4.8; http://mj12bot.com/)" "www.ysfine.com"
70.162.111.115 - - [17/Jan/2023:18:26:49 -0800] "GET /einstein/eincurie11.jpg HTTP/1.1" 200 71229 "https://ysfine.com/einstein/eincurie.html" "Mozilla/5.0 (Macintosh; Intel Mac OS X 10.10; rv:78.0) Gecko/20100101 Firefox/78.0" "ysfine.com"
135.181.73.59 - - [17/Jan/2023:18:27:19 -0800] "GET /class54/class5470/total_data/sub_315.htm HTTP/1.1" 200 3287 "-" "Mozilla/5.0 (compatible; MJ12bot/v1.4.8; http://mj12bot.com/)" "www.ysfine.com"
135.181.73.59 - - [17/Jan/2023:18:27:30 -0800] "GET /class54/class5470/total_data/sub_316.htm HTTP/1.1" 200 3323 "-" "Mozilla/5.0 (compatible; MJ12bot/v1.4.8; http://mj12bot.com/)" "www.ysfine.com"
51.222.253.9 - - [17/Jan/2023:18:28:02 -0800] "GET /class54/class5470/total_data/sub_767.htm HTTP/1.1" 200 3289 "-" "Mozilla/5.0 (compatible; AhrefsBot/7.0; +http://ahrefs.com/robot/)" "www.ysfine.com"
192.151.157.210 - - [17/Jan/2023:18:28:42 -0800] "GET /robots.txt HTTP/1.1" 404 73 "-" "Mozilla/5.0 (compatible; MJ12bot/v1.4.8; http://mj12bot.com/)" "ysfine.com"
192.151.157.210 - - [17/Jan/2023:18:29:02 -0800] "GET /fbook/einstein.html HTTP/1.1" 200 3545 "-" "Mozilla/5.0 (compatible; MJ12bot/v1.4.8; http://mj12bot.com/)" "ysfine.com"
192.151.157.210 - - [17/Jan/2023:18:29:11 -0800] "GET /fbook/einstein.html HTTP/1.1" 200 3545 "-" "Mozilla/5.0 (compatible; MJ12bot/v1.4.8; http://mj12bot.com/)" "ysfine.com"
40.77.167.80 - - [17/Jan/2023:18:29:22 -0800] "GET / HTTP/1.1" 304 - "-" "Mozilla/5.0 (compatible; bingbot/2.0; +http://www.bing.com/bingbot.htm)" "www.ysfine.com"
192.151.157.210 - - [17/Jan/2023:18:29:36 -0800] "GET /fbook/phys.html HTTP/1.1" 200 3425 "-" "Mozilla/5.0 (compatible; MJ12bot/v1.4.8; http://mj12bot.com/)" "ysfine.com"
192.151.157.210 - - [17/Jan/2023:18:29:55 -0800] "GET /fbook/phys.html HTTP/1.1" 200 3425 "-" "Mozilla/5.0 (compatible; MJ12bot/v1.4.8; http://mj12bot.com/)" "ysfine.com"
157.55.39.72 - - [17/Jan/2023:18:30:01 -0800] "GET /bio/eink/buythisbook.html HTTP/1.1" 404 88 "-" "Mozilla/5.0 AppleWebKit/537.36 (KHTML, like Gecko; compatible; bingbot/2.0; +http://www.bing.com/bingbot.htm) Chrome/103.0.5060.134 Safari/537.36" "ysfine.com"
192.151.157.210 - - [17/Jan/2023:18:30:05 -0800] "GET /ffriends/fdleft.html HTTP/1.1" 200 688 "-" "Mozilla/5.0 (compatible; MJ12bot/v1.4.8; http://mj12bot.com/)" "ysfine.com"
185.191.171.19 - - [17/Jan/2023:18:30:06 -0800] "GET /maga/sanchez.html HTTP/1.1" 200 1278 "-" "Mozilla/5.0 (compatible; SemrushBot/7~bl; +http://www.semrush.com/bot.html)" "www.ysfine.com"
192.151.157.210 - - [17/Jan/2023:18:30:22 -0800] "GET /ffriends/hungarian.html HTTP/1.1" 200 2451 "-" "Mozilla/5.0 (compatible; MJ12bot/v1.4.8; http://mj12bot.com/)" "ysfine.com"
192.151.157.210 - - [17/Jan/2023:18:30:43 -0800] "GET /ffriends/sl2017.html HTTP/1.1" 200 3446 "-" "Mozilla/5.0 (compatible; MJ12bot/v1.4.8; http://mj12bot.com/)" "ysfine.com"
192.151.157.210 - - [17/Jan/2023:18:30:58 -0800] "GET /ffriends/sl2017.html HTTP/1.1" 200 3446 "-" "Mozilla/5.0 (compatible; MJ12bot/v1.4.8; http://mj12bot.com/)" "ysfine.com"
192.151.157.210 - - [17/Jan/2023:18:31:20 -0800] "GET /friends/moso.html HTTP/1.1" 404 88 "-" "Mozilla/5.0 (compatible; MJ12bot/v1.4.8; http://mj12bot.com/)" "ysfine.com"
192.151.157.210 - - [17/Jan/2023:18:31:43 -0800] "GET /friends/omsk.html HTTP/1.1" 404 88 "-" "Mozilla/5.0 (compatible; MJ12bot/v1.4.8; http://mj12bot.com/)" "ysfine.com"
51.222.253.14 - - [17/Jan/2023:18:32:01 -0800] "GET /class54/class5470/total_data/sub_842.htm HTTP/1.1" 200 3527 "-" "Mozilla/5.0 (compatible; AhrefsBot/7.0; +http://ahrefs.com/robot/)" "ysfine.com"
51.222.253.13 - - [17/Jan/2023:18:32:04 -0800] "GET /class54/class5470/total_data/photo_img/8-42.jpg HTTP/1.1" 200 211532 "-" "Mozilla/5.0 (compatible; AhrefsBot/7.0; +http://ahrefs.com/robot/)" "ysfine.com"
51.222.253.10 - - [17/Jan/2023:18:32:05 -0800] "GET /class54/class5470/total_data/img/sm04_on.gif HTTP/1.1" 200 392 "-" "Mozilla/5.0 (compatible; AhrefsBot/7.0; +http://ahrefs.com/robot/)" "ysfine.com"
192.151.157.210 - - [17/Jan/2023:18:32:15 -0800] "GET /friends/tolstoy.html HTTP/1.1" 404 88 "-" "Mozilla/5.0 (compatible; MJ12bot/v1.4.8; http://mj12bot.com/)" "ysfine.com"
192.151.157.210 - - [17/Jan/2023:18:32:43 -0800] "GET /friends/twosist.html HTTP/1.1" 404 88 "-" "Mozilla/5.0 (compatible; MJ12bot/v1.4.8; http://mj12bot.com/)" "ysfine.com"
192.151.157.210 - - [17/Jan/2023:18:32:54 -0800] "GET /heisen/einheisen.html HTTP/1.1" 200 5141 "-" "Mozilla/5.0 (compatible; MJ12bot/v1.4.8; http://mj12bot.com/)" "ysfine.com"
192.151.157.210 - - [17/Jan/2023:18:33:16 -0800] "GET /home/book91.html HTTP/1.1" 200 6339 "-" "Mozilla/5.0 (compatible; MJ12bot/v1.4.8; http://mj12bot.com/)" "ysfine.com"
192.151.157.210 - - [17/Jan/2023:18:33:36 -0800] "GET /home/book91.html HTTP/1.1" 200 6339 "-" "Mozilla/5.0 (compatible; MJ12bot/v1.4.8; http://mj12bot.com/)" "ysfine.com"
40.77.167.13 - - [17/Jan/2023:18:33:44 -0800] "GET /bio/princeton/campus.html HTTP/1.1" 404 88 "-" "Mozilla/5.0 (compatible; bingbot/2.0; +http://www.bing.com/bingbot.htm)" "ysfine.com"
192.151.157.210 - - [17/Jan/2023:18:33:57 -0800] "GET /kobak/kumipo.html HTTP/1.1" 200 1149 "-" "Mozilla/5.0 (compatible; MJ12bot/v1.4.8; http://mj12bot.com/)" "ysfine.com"
192.151.157.210 - - [17/Jan/2023:18:34:17 -0800] "GET /kobak/kumipo.html HTTP/1.1" 200 1149 "-" "Mozilla/5.0 (compatible; MJ12bot/v1.4.8; http://mj12bot.com/)" "ysfine.com"
192.151.157.210 - - [17/Jan/2023:18:34:42 -0800] "GET /kowar/war00.html HTTP/1.1" 200 4851 "-" "Mozilla/5.0 (compatible; MJ12bot/v1.4.8; http://mj12bot.com/)" "ysfine.com"
192.151.157.210 - - [17/Jan/2023:18:34:55 -0800] "GET /kowar/war00.html HTTP/1.1" 200 4851 "-" "Mozilla/5.0 (compatible; MJ12bot/v1.4.8; http://mj12bot.com/)" "ysfine.com"
192.151.157.210 - - [17/Jan/2023:18:35:17 -0800] "GET /maga/phil/ewk.html HTTP/1.1" 200 1816 "-" "Mozilla/5.0 (compatible; MJ12bot/v1.4.8; http://mj12bot.com/)" "ysfine.com"
192.151.157.210 - - [17/Jan/2023:18:35:29 -0800] "GET /maga/phil/ewk.html HTTP/1.1" 200 1816 "-" "Mozilla/5.0 (compatible; MJ12bot/v1.4.8; http://mj12bot.com/)" "ysfine.com"
192.151.157.210 - - [17/Jan/2023:18:36:00 -0800] "GET /people/wheeler.html HTTP/1.1" 200 3348 "-" "Mozilla/5.0 (compatible; MJ12bot/v1.4.8; http://mj12bot.com/)" "ysfine.com"
192.151.157.210 - - [17/Jan/2023:18:36:09 -0800] "GET /people/wheeler.html HTTP/1.1" 200 3348 "-" "Mozilla/5.0 (compatible; MJ12bot/v1.4.8; http://mj12bot.com/)" "ysfine.com"
51.222.253.16 - - [17/Jan/2023:18:36:16 -0800] "GET /princeton/pstorie.html HTTP/1.1" 200 1462 "-" "Mozilla/5.0 (compatible; AhrefsBot/7.0; +http://ahrefs.com/robot/)" "www.ysfine.com"
51.222.253.2 - - [17/Jan/2023:18:36:17 -0800] "GET /princeton/wilson06c.jpg HTTP/1.1" 200 42366 "-" "Mozilla/5.0 (compatible; AhrefsBot/7.0; +http://ahrefs.com/robot/)" "www.ysfine.com"
157.55.39.72 - - [17/Jan/2023:18:36:20 -0800] "GET /bio/kobak/soraech.html HTTP/1.1" 404 88 "-" "Mozilla/5.0 AppleWebKit/537.36 (KHTML, like Gecko; compatible; bingbot/2.0; +http://www.bing.com/bingbot.htm) Chrome/103.0.5060.134 Safari/537.36" "ysfine.com"
40.77.167.98 - - [17/Jan/2023:18:36:26 -0800] "GET /robots.txt HTTP/1.1" 404 88 "-" "Mozilla/5.0 (compatible; bingbot/2.0; +http://www.bing.com/bingbot.htm)" "ysfine.com"
192.151.157.210 - - [17/Jan/2023:18:36:28 -0800] "GET /philo/helena.html HTTP/1.1" 200 6350 "-" "Mozilla/5.0 (compatible; MJ12bot/v1.4.8; http://mj12bot.com/)" "ysfine.com"
40.77.167.10 - - [17/Jan/2023:18:36:37 -0800] "GET /style/cameras/canonp66b.jpg HTTP/1.1" 200 30441 "-" "Mozilla/5.0 (compatible; bingbot/2.0; +http://www.bing.com/bingbot.htm)" "ysfine.com"
192.151.157.210 - - [17/Jan/2023:18:36:39 -0800] "GET /philo/helena.html HTTP/1.1" 200 6350 "-" "Mozilla/5.0 (compatible; MJ12bot/v1.4.8; http://mj12bot.com/)" "ysfine.com"
192.151.157.210 - - [17/Jan/2023:18:37:08 -0800] "GET /princeton/campus.html HTTP/1.1" 200 15142 "-" "Mozilla/5.0 (compatible; MJ12bot/v1.4.8; http://mj12bot.com/)" "ysfine.com"
185.191.171.20 - - [17/Jan/2023:18:37:11 -0800] "GET /bio14.html HTTP/1.1" 200 22082 "-" "Mozilla/5.0 (compatible; SemrushBot/7~bl; +http://www.semrush.com/bot.html)" "ysfine.com"
185.191.171.7 - - [17/Jan/2023:18:37:25 -0800] "GET /ffriends/ukrainian.html HTTP/1.1" 200 5606 "-" "Mozilla/5.0 (compatible; SemrushBot/7~bl; +http://www.semrush.com/bot.html)" "ysfine.com"
66.249.66.93 - - [17/Jan/2023:18:37:27 -0800] "GET /confer/proceedings/boston/tanatar.pdf HTTP/1.1" 404 88 "-" "Googlebot/2.1 (+http://www.google.com/bot.html)" "ysfine.com"
192.151.157.210 - - [17/Jan/2023:18:37:28 -0800] "GET /princeton/wilsonpr.html HTTP/1.1" 200 2777 "-" "Mozilla/5.0 (compatible; MJ12bot/v1.4.8; http://mj12bot.com/)" "ysfine.com"
40.77.167.80 - - [17/Jan/2023:18:37:34 -0800] "GET /world/germany/johannstra77.jpg HTTP/1.1" 200 90541 "-" "Mozilla/5.0 (compatible; bingbot/2.0; +http://www.bing.com/bingbot.htm)" "ysfine.com"
192.151.157.210 - - [17/Jan/2023:18:37:34 -0800] "GET /princeton/wilsonpr.html HTTP/1.1" 200 2777 "-" "Mozilla/5.0 (compatible; MJ12bot/v1.4.8; http://mj12bot.com/)" "ysfine.com"
185.191.171.42 - - [17/Jan/2023:18:37:59 -0800] "GET /wigner/e(2).html HTTP/1.1" 200 4288 "-" "Mozilla/5.0 (compatible; SemrushBot/7~bl; +http://www.semrush.com/bot.html)" "www.ysfine.com"
192.151.157.210 - - [17/Jan/2023:18:38:07 -0800] "GET /style/chopingr.html HTTP/1.1" 200 364 "-" "Mozilla/5.0 (compatible; MJ12bot/v1.4.8; http://mj12bot.com/)" "ysfine.com"
40.77.167.13 - - [17/Jan/2023:18:38:25 -0800] "GET /bio/wigner/e(2).html HTTP/1.1" 404 88 "-" "Mozilla/5.0 AppleWebKit/537.36 (KHTML, like Gecko; compatible; bingbot/2.0; +http://www.bing.com/bingbot.htm) Chrome/103.0.5060.134 Safari/537.36" "ysfine.com"
192.151.157.210 - - [17/Jan/2023:18:38:34 -0800] "GET /style/leica.html HTTP/1.1" 200 17158 "-" "Mozilla/5.0 (compatible; MJ12bot/v1.4.8; http://mj12bot.com/)" "ysfine.com"
192.151.157.210 - - [17/Jan/2023:18:38:58 -0800] "GET /style/slavianki.html HTTP/1.1" 200 2686 "-" "Mozilla/5.0 (compatible; MJ12bot/v1.4.8; http://mj12bot.com/)" "ysfine.com"
104.28.116.44 - - [17/Jan/2023:18:39:06 -0800] "GET /princeton/annex11b.jpg HTTP/1.1" 200 39639 "https://www.google.com/" "Mozilla/5.0 (iPhone; CPU iPhone OS 16_1_2 like Mac OS X) AppleWebKit/605.1.15 (KHTML, like Gecko) Version/16.1 Mobile/15E148 Safari/604.1" "ysfine.com"
192.151.157.210 - - [17/Jan/2023:18:39:22 -0800] "GET /usca/pgh.html HTTP/1.1" 200 13572 "-" "Mozilla/5.0 (compatible; MJ12bot/v1.4.8; http://mj12bot.com/)" "ysfine.com"
192.151.157.210 - - [17/Jan/2023:18:39:34 -0800] "GET /wdc/tysonsm.html HTTP/1.1" 200 844 "-" "Mozilla/5.0 (compatible; MJ12bot/v1.4.8; http://mj12bot.com/)" "ysfine.com"
192.151.157.210 - - [17/Jan/2023:18:39:44 -0800] "GET /wdc/whx.html HTTP/1.1" 200 366 "-" "Mozilla/5.0 (compatible; MJ12bot/v1.4.8; http://mj12bot.com/)" "ysfine.com"
66.249.66.10 - - [17/Jan/2023:18:39:49 -0800] "GET /confer/proceedings/boston/gatti.pdf HTTP/1.1" 404 88 "-" "Googlebot/2.1 (+http://www.google.com/bot.html)" "www.ysfine.com"
87.250.224.172 - - [17/Jan/2023:18:39:56 -0800] "GET /friends/japanese.html HTTP/1.1" 404 88 "-" "Mozilla/5.0 (compatible; YandexBot/3.0; +http://yandex.com/bots) AppleWebKit/537.36 (KHTML, like Gecko) Chrome/81.0.4044.268" "www.ysfine.com"
192.151.157.210 - - [17/Jan/2023:18:39:59 -0800] "GET /wdc/whx18.html HTTP/1.1" 200 4350 "-" "Mozilla/5.0 (compatible; MJ12bot/v1.4.8; http://mj12bot.com/)" "ysfine.com"
192.151.157.210 - - [17/Jan/2023:18:40:21 -0800] "GET /wigner/weissk.html HTTP/1.1" 200 3299 "-" "Mozilla/5.0 (compatible; MJ12bot/v1.4.8; http://mj12bot.com/)" "ysfine.com"
157.55.39.72 - - [17/Jan/2023:18:40:22 -0800] "GET /bio.html HTTP/1.1" 200 18260 "-" "Mozilla/5.0 AppleWebKit/537.36 (KHTML, like Gecko; compatible; bingbot/2.0; +http://www.bing.com/bingbot.htm) Chrome/103.0.5060.134 Safari/537.36" "ysfine.com"
51.222.253.1 - - [17/Jan/2023:18:40:23 -0800] "GET /maga/wright.html HTTP/1.1" 200 1927 "-" "Mozilla/5.0 (compatible; AhrefsBot/7.0; +http://ahrefs.com/robot/)" "www.ysfine.com"
40.77.167.17 - - [17/Jan/2023:18:40:32 -0800] "GET /bio/einstein/bern.html HTTP/1.1" 404 88 "-" "Mozilla/5.0 AppleWebKit/537.36 (KHTML, like Gecko; compatible; bingbot/2.0; +http://www.bing.com/bingbot.htm) Chrome/103.0.5060.134 Safari/537.36" "ysfine.com"
192.151.157.210 - - [17/Jan/2023:18:40:36 -0800] "GET /wigner/weissk.html HTTP/1.1" 200 3299 "-" "Mozilla/5.0 (compatible; MJ12bot/v1.4.8; http://mj12bot.com/)" "ysfine.com"
185.191.171.41 - - [17/Jan/2023:18:40:44 -0800] "GET /robots.txt HTTP/1.1" 404 88 "-" "Mozilla/5.0 (compatible; SemrushBot/7~bl; +http://www.semrush.com/bot.html)" "www.ysfine.com"
185.191.171.5 - - [17/Jan/2023:18:40:44 -0800] "GET /yspapers/index.html HTTP/1.1" 200 21304 "-" "Mozilla/5.0 (compatible; SemrushBot/7~bl; +http://www.semrush.com/bot.html)" "www.ysfine.com"
192.151.157.210 - - [17/Jan/2023:18:41:03 -0800] "GET /wisdom/wk01.html HTTP/1.1" 200 88106 "-" "Mozilla/5.0 (compatible; MJ12bot/v1.4.8; http://mj12bot.com/)" "ysfine.com"
207.46.13.31 - - [17/Jan/2023:18:41:14 -0800] "GET /bio/kobak/yskor.html HTTP/1.1" 404 88 "-" "Mozilla/5.0 AppleWebKit/537.36 (KHTML, like Gecko; compatible; bingbot/2.0; +http://www.bing.com/bingbot.htm) Chrome/103.0.5060.134 Safari/537.36" "ysfine.com"
192.151.157.210 - - [17/Jan/2023:18:41:14 -0800] "GET /wisdom/wk06.html HTTP/1.1" 200 49929 "-" "Mozilla/5.0 (compatible; MJ12bot/v1.4.8; http://mj12bot.com/)" "ysfine.com"
192.151.157.210 - - [17/Jan/2023:18:41:26 -0800] "GET /wisdom/wk07.html HTTP/1.1" 200 36547 "-" "Mozilla/5.0 (compatible; MJ12bot/v1.4.8; http://mj12bot.com/)" "ysfine.com"
5.45.207.68 - - [17/Jan/2023:18:41:31 -0800] "GET /world/kazan22.html HTTP/1.1" 200 13786 "-" "Mozilla/5.0 (compatible; YandexBot/3.0; +http://yandex.com/bots) AppleWebKit/537.36 (KHTML, like Gecko) Chrome/81.0.4044.268" "www.ysfine.com"
66.249.66.40 - - [17/Jan/2023:18:41:32 -0800] "GET /confer/proceedings/boston/klauder.pdf HTTP/1.1" 404 88 "-" "Googlebot/2.1 (+http://www.google.com/bot.html)" "ysfine.com"
192.151.157.210 - - [17/Jan/2023:18:41:52 -0800] "GET /wisdom/wk10.html HTTP/1.1" 200 24659 "-" "Mozilla/5.0 (compatible; MJ12bot/v1.4.8; http://mj12bot.com/)" "ysfine.com"
192.151.157.210 - - [17/Jan/2023:18:42:20 -0800] "GET /wisdom/wk95.html HTTP/1.1" 200 74520 "-" "Mozilla/5.0 (compatible; MJ12bot/v1.4.8; http://mj12bot.com/)" "ysfine.com"
207.46.13.31 - - [17/Jan/2023:18:42:24 -0800] "GET /bio/style/artlove.html HTTP/1.1" 404 88 "-" "Mozilla/5.0 AppleWebKit/537.36 (KHTML, like Gecko; compatible; bingbot/2.0; +http://www.bing.com/bingbot.htm) Chrome/103.0.5060.134 Safari/537.36" "ysfine.com"
40.77.167.17 - - [17/Jan/2023:18:42:33 -0800] "GET /bio/kobak/namdae.html HTTP/1.1" 404 88 "-" "Mozilla/5.0 (compatible; bingbot/2.0; +http://www.bing.com/bingbot.htm)" "ysfine.com"
108.36.94.182 - - [17/Jan/2023:18:42:45 -0800] "GET /world/baltic/kalinho22.jpg HTTP/1.1" 200 145864 "https://forum.bodybuilding.com/" "Mozilla/5.0 (Windows NT 10.0; Win64; x64) AppleWebKit/537.36 (KHTML, like Gecko) Chrome/109.0.0.0 Safari/537.36 Edg/109.0.1518.55" "ysfine.com"
192.151.157.210 - - [17/Jan/2023:18:42:46 -0800] "GET /world/brit/kensington.html HTTP/1.1" 200 296 "-" "Mozilla/5.0 (compatible; MJ12bot/v1.4.8; http://mj12bot.com/)" "ysfine.com"
84.46.255.139 - - [17/Jan/2023:18:42:58 -0800] "GET /robots.txt HTTP/1.1" 404 73 "-" "Mozilla/5.0 (compatible; MJ12bot/v1.4.8; http://mj12bot.com/)" "ysfine.com"
192.151.157.210 - - [17/Jan/2023:18:42:58 -0800] "GET /world/brit/kensington.html HTTP/1.1" 200 296 "-" "Mozilla/5.0 (compatible; MJ12bot/v1.4.8; http://mj12bot.com/)" "ysfine.com"
84.46.255.139 - - [17/Jan/2023:18:43:13 -0800] "GET /confer/http%C3%84://medres.online/materialsscience/2020 HTTP/1.1" 404 88 "-" "Mozilla/5.0 (compatible; MJ12bot/v1.4.8; http://mj12bot.com/)" "ysfine.com"
192.151.157.210 - - [17/Jan/2023:18:43:21 -0800] "GET /world/ital/pantheon.html HTTP/1.1" 200 277 "-" "Mozilla/5.0 (compatible; MJ12bot/v1.4.8; http://mj12bot.com/)" "ysfine.com"
192.151.157.210 - - [17/Jan/2023:18:43:29 -0800] "GET /world/ital/pantheon.html HTTP/1.1" 200 277 "-" "Mozilla/5.0 (compatible; MJ12bot/v1.4.8; http://mj12bot.com/)" "ysfine.com"
84.46.255.139 - - [17/Jan/2023:18:43:40 -0800] "GET /princeton/campus.html HTTP/1.1" 200 15142 "-" "Mozilla/5.0 (compatible; MJ12bot/v1.4.8; http://mj12bot.com/)" "ysfine.com"
54.236.1.11 - - [17/Jan/2023:18:43:42 -0800] "GET /maga/invent/eisenstein01b.jpg HTTP/1.1" 200 50445 "-" "Mozilla/5.0 (compatible; Pinterestbot/1.0; +http://www.pinterest.com/bot.html)" "ysfine.com"
192.151.157.210 - - [17/Jan/2023:18:43:54 -0800] "GET /world/russ/minskwagon.html HTTP/1.1" 200 316 "-" "Mozilla/5.0 (compatible; MJ12bot/v1.4.8; http://mj12bot.com/)" "ysfine.com"
84.46.255.139 - - [17/Jan/2023:18:44:06 -0800] "GET /style/leica.html HTTP/1.1" 200 17158 "-" "Mozilla/5.0 (compatible; MJ12bot/v1.4.8; http://mj12bot.com/)" "ysfine.com"
192.151.157.210 - - [17/Jan/2023:18:44:07 -0800] "GET /world/russ/minskwagon.html HTTP/1.1" 200 316 "-" "Mozilla/5.0 (compatible; MJ12bot/v1.4.8; http://mj12bot.com/)" "ysfine.com"
192.151.157.210 - - [17/Jan/2023:18:44:21 -0800] "GET /world/russ/mosriver.html HTTP/1.1" 200 446 "-" "Mozilla/5.0 (compatible; MJ12bot/v1.4.8; http://mj12bot.com/)" "ysfine.com"
84.46.255.139 - - [17/Jan/2023:18:44:25 -0800] "GET /style/slavianki.html HTTP/1.1" 200 2686 "-" "Mozilla/5.0 (compatible; MJ12bot/v1.4.8; http://mj12bot.com/)" "ysfine.com"
51.222.253.15 - - [17/Jan/2023:18:44:36 -0800] "GET /class54/class5470/total_data/sub_261.htm HTTP/1.1" 200 3375 "-" "Mozilla/5.0 (compatible; AhrefsBot/7.0; +http://ahrefs.com/robot/)" "ysfine.com"
51.222.253.3 - - [17/Jan/2023:18:44:36 -0800] "GET /class54/class5470/total_data/img/02_title.gif HTTP/1.1" 200 4864 "-" "Mozilla/5.0 (compatible; AhrefsBot/7.0; +http://ahrefs.com/robot/)" "ysfine.com"
51.222.253.1 - - [17/Jan/2023:18:44:37 -0800] "GET /class54/class5470/total_data/photo_img/2-61.jpg HTTP/1.1" 200 111854 "-" "Mozilla/5.0 (compatible; AhrefsBot/7.0; +http://ahrefs.com/robot/)" "ysfine.com"
51.222.253.13 - - [17/Jan/2023:18:44:37 -0800] "GET /class54/class5470/total_data/img/02_smline.gif HTTP/1.1" 200 2437 "-" "Mozilla/5.0 (compatible; AhrefsBot/7.0; +http://ahrefs.com/robot/)" "ysfine.com"
51.222.253.5 - - [17/Jan/2023:18:44:38 -0800] "GET /class54/class5470/total_data/img/02_schooldays.gif HTTP/1.1" 200 987 "-" "Mozilla/5.0 (compatible; AhrefsBot/7.0; +http://ahrefs.com/robot/)" "ysfine.com"
192.151.157.210 - - [17/Jan/2023:18:44:40 -0800] "GET /robots.txt HTTP/1.1" 404 73 "-" "Mozilla/5.0 (compatible; MJ12bot/v1.4.8; http://mj12bot.com/)" "www.ysfine.com"
84.46.255.139 - - [17/Jan/2023:18:44:50 -0800] "GET /usca/pgh.html HTTP/1.1" 200 13572 "-" "Mozilla/5.0 (compatible; MJ12bot/v1.4.8; http://mj12bot.com/)" "ysfine.com"
192.151.157.210 - - [17/Jan/2023:18:45:04 -0800] "GET /einstein/eintop.html HTTP/1.1" 200 431 "-" "Mozilla/5.0 (compatible; MJ12bot/v1.4.8; http://mj12bot.com/)" "www.ysfine.com"
192.151.157.210 - - [17/Jan/2023:18:45:14 -0800] "GET /einstein/eintop.html HTTP/1.1" 200 431 "-" "Mozilla/5.0 (compatible; MJ12bot/v1.4.8; http://mj12bot.com/)" "www.ysfine.com"
40.77.167.17 - - [17/Jan/2023:18:45:22 -0800] "GET /bio17.html HTTP/1.1" 304 - "-" "Mozilla/5.0 (compatible; bingbot/2.0; +http://www.bing.com/bingbot.htm)" "www.ysfine.com"
192.151.157.210 - - [17/Jan/2023:18:45:24 -0800] "GET /houses/vernon.html HTTP/1.1" 200 1478 "-" "Mozilla/5.0 (compatible; MJ12bot/v1.4.8; http://mj12bot.com/)" "www.ysfine.com"
84.46.255.139 - - [17/Jan/2023:18:45:31 -0800] "GET /wisdom/wk01.html HTTP/1.1" 200 88106 "-" "Mozilla/5.0 (compatible; MJ12bot/v1.4.8; http://mj12bot.com/)" "ysfine.com"
192.151.157.210 - - [17/Jan/2023:18:45:33 -0800] "GET /manko/index.html HTTP/1.1" 200 135 "-" "Mozilla/5.0 (compatible; MJ12bot/v1.4.8; http://mj12bot.com/)" "www.ysfine.com"
192.151.157.210 - - [17/Jan/2023:18:45:50 -0800] "GET /manko/left.html HTTP/1.1" 200 717 "-" "Mozilla/5.0 (compatible; MJ12bot/v1.4.8; http://mj12bot.com/)" "www.ysfine.com"
40.77.167.17 - - [17/Jan/2023:18:45:53 -0800] "GET /bio17.html HTTP/1.1" 200 10919 "-" "Mozilla/5.0 (compatible; bingbot/2.0; +http://www.bing.com/bingbot.htm)" "ysfine.com"
5.255.253.180 - - [17/Jan/2023:18:45:53 -0800] "GET /bio.html HTTP/1.1" 200 18260 "-" "Mozilla/5.0 (compatible; YandexBot/3.0; +http://yandex.com/bots) AppleWebKit/537.36 (KHTML, like Gecko) Chrome/81.0.4044.268" "www.ysfine.com"
192.151.157.210 - - [17/Jan/2023:18:45:59 -0800] "GET /people/peobot.html HTTP/1.1" 200 129 "-" "Mozilla/5.0 (compatible; MJ12bot/v1.4.8; http://mj12bot.com/)" "www.ysfine.com"
84.46.255.139 - - [17/Jan/2023:18:46:08 -0800] "GET /ysbio/world/kor/sel803.jpg HTTP/1.1" 404 88 "-" "Mozilla/5.0 (compatible; MJ12bot/v1.4.8; http://mj12bot.com/)" "ysfine.com"
192.151.157.210 - - [17/Jan/2023:18:46:12 -0800] "GET /people/peotop.html HTTP/1.1" 200 335 "-" "Mozilla/5.0 (compatible; MJ12bot/v1.4.8; http://mj12bot.com/)" "www.ysfine.com"
5.255.231.117 - - [17/Jan/2023:18:46:29 -0800] "GET /sbk/1950.html HTTP/1.1" 200 5522 "-" "Mozilla/5.0 (compatible; YandexBot/3.0; +http://yandex.com/bots) AppleWebKit/537.36 (KHTML, like Gecko) Chrome/81.0.4044.268" "www.ysfine.com"
87.250.224.67 - - [17/Jan/2023:18:46:33 -0800] "GET /style/beetho.html HTTP/1.1" 200 3228 "-" "Mozilla/5.0 (compatible; YandexBot/3.0; +http://yandex.com/bots) AppleWebKit/537.36 (KHTML, like Gecko) Chrome/81.0.4044.268" "www.ysfine.com"
87.250.224.67 - - [17/Jan/2023:18:46:35 -0800] "GET /kobak/yskor.html HTTP/1.1" 200 9943 "-" "Mozilla/5.0 (compatible; YandexBot/3.0; +http://yandex.com/bots) AppleWebKit/537.36 (KHTML, like Gecko) Chrome/81.0.4044.268" "www.ysfine.com"
192.151.157.210 - - [17/Jan/2023:18:46:36 -0800] "GET /princeton/cosmic.html HTTP/1.1" 200 933 "-" "Mozilla/5.0 (compatible; MJ12bot/v1.4.8; http://mj12bot.com/)" "www.ysfine.com"
84.46.255.139 - - [17/Jan/2023:18:46:37 -0800] "GET /robots.txt HTTP/1.1" 404 73 "-" "Mozilla/5.0 (compatible; MJ12bot/v1.4.8; http://mj12bot.com/)" "www.ysfine.com"
95.108.213.3 - - [17/Jan/2023:18:46:38 -0800] "GET /home/awards/feature22.pdf HTTP/1.1" 404 88 "-" "Mozilla/5.0 (compatible; YandexBot/3.0; +http://yandex.com/bots) AppleWebKit/537.36 (KHTML, like Gecko) Chrome/81.0.4044.268" "www.ysfine.com"
95.108.213.3 - - [17/Jan/2023:18:46:41 -0800] "GET /home/pquartet.html HTTP/1.1" 200 4312 "-" "Mozilla/5.0 (compatible; YandexBot/3.0; +http://yandex.com/bots) AppleWebKit/537.36 (KHTML, like Gecko) Chrome/81.0.4044.268" "www.ysfine.com"
192.151.157.210 - - [17/Jan/2023:18:46:41 -0800] "GET /princeton/cosmic.html HTTP/1.1" 200 933 "-" "Mozilla/5.0 (compatible; MJ12bot/v1.4.8; http://mj12bot.com/)" "www.ysfine.com"
87.250.224.67 - - [17/Jan/2023:18:46:44 -0800] "GET /bio02.html HTTP/1.1" 200 12233 "-" "Mozilla/5.0 (compatible; YandexBot/3.0; +http://yandex.com/bots) AppleWebKit/537.36 (KHTML, like Gecko) Chrome/81.0.4044.268" "www.ysfine.com"
87.250.224.67 - - [17/Jan/2023:18:46:46 -0800] "GET /bio01.html HTTP/1.1" 200 7736 "-" "Mozilla/5.0 (compatible; YandexBot/3.0; +http://yandex.com/bots) AppleWebKit/537.36 (KHTML, like Gecko) Chrome/81.0.4044.268" "www.ysfine.com"
87.250.224.172 - - [17/Jan/2023:18:46:49 -0800] "GET /kobak/soraech.html HTTP/1.1" 200 16732 "-" "Mozilla/5.0 (compatible; YandexBot/3.0; +http://yandex.com/bots) AppleWebKit/537.36 (KHTML, like Gecko) Chrome/81.0.4044.268" "www.ysfine.com"
87.250.224.67 - - [17/Jan/2023:18:46:51 -0800] "GET /style/artlove.html HTTP/1.1" 200 16005 "-" "Mozilla/5.0 (compatible; YandexBot/3.0; +http://yandex.com/bots) AppleWebKit/537.36 (KHTML, like Gecko) Chrome/81.0.4044.268" "www.ysfine.com"
95.108.213.3 - - [17/Jan/2023:18:46:53 -0800] "GET /princeton/yspr.html HTTP/1.1" 200 5470 "-" "Mozilla/5.0 (compatible; YandexBot/3.0; +http://yandex.com/bots) AppleWebKit/537.36 (KHTML, like Gecko) Chrome/81.0.4044.268" "www.ysfine.com"
84.46.255.139 - - [17/Jan/2023:18:47:02 -0800] "GET /class54/class5480/Videos/1.%C3%AC%C2%9A%C2%B0%C3%AB%C2%A6%C2%AC%C3%AC%C2%9D%C2%98%20%C3%AC%C2%9E%C2%AC%C3%AD%C2%95%C2%99%C3%AC%C2%8B%C2%9C%C3%AC%C2%A0%C2%88(1948-1954).wmv HTTP/1.1" 200 84851613 "-" "Mozilla/5.0 (compatible; MJ12bot/v1.4.8; http://mj12bot.com/)" "www.ysfine.com"
192.151.157.210 - - [17/Jan/2023:18:47:10 -0800] "GET /princeton/prospect.html HTTP/1.1" 200 425 "-" "Mozilla/5.0 (compatible; MJ12bot/v1.4.8; http://mj12bot.com/)" "www.ysfine.com"
192.151.157.210 - - [17/Jan/2023:18:47:18 -0800] "GET /princeton/prospect.html HTTP/1.1" 200 425 "-" "Mozilla/5.0 (compatible; MJ12bot/v1.4.8; http://mj12bot.com/)" "www.ysfine.com"
87.250.224.67 - - [17/Jan/2023:18:47:25 -0800] "GET /wigner/wigsharp2.jpg HTTP/1.1" 304 - "-" "Mozilla/5.0 (compatible; YandexImages/3.0; +http://yandex.com/bots)" "www.ysfine.com"
84.46.255.139 - - [17/Jan/2023:18:47:32 -0800] "GET /class54/class5480/Videos/2.%C3%AC%C2%A1%C2%B8%C3%AC%C2%97%C2%8560%C3%AC%C2%A3%C2%BC%C3%AB%C2%85%C2%84%C3%AB%C2%AC%C2%B8%C3%AC%C2%A7%C2%91%201%C3%AB%C2%B6%C2%80.wmv HTTP/1.1" 200 27160054 "-" "Mozilla/5.0 (compatible; MJ12bot/v1.4.8; http://mj12bot.com/)" "www.ysfine.com"
192.151.157.210 - - [17/Jan/2023:18:47:41 -0800] "GET /princeton/wilspoin.html HTTP/1.1" 200 658 "-" "Mozilla/5.0 (compatible; MJ12bot/v1.4.8; http://mj12bot.com/)" "www.ysfine.com"
192.151.157.210 - - [17/Jan/2023:18:47:51 -0800] "GET /princeton/wilspoin.html HTTP/1.1" 200 658 "-" "Mozilla/5.0 (compatible; MJ12bot/v1.4.8; http://mj12bot.com/)" "www.ysfine.com"
192.151.157.210 - - [17/Jan/2023:18:47:57 -0800] "GET /remote/wigner111/frame05.html HTTP/1.1" 200 411 "-" "Mozilla/5.0 (compatible; MJ12bot/v1.4.8; http://mj12bot.com/)" "www.ysfine.com"
84.46.255.139 - - [17/Jan/2023:18:48:03 -0800] "GET /class54/class5480/Videos/3.%C3%AC%C2%A1%C2%B8%C3%AC%C2%97%C2%8560%C3%AC%C2%A3%C2%BC%C3%AB%C2%85%C2%84%C3%AB%C2%AC%C2%B8%C3%AC%C2%A7%C2%91%202%C3%AB%C2%B6%C2%80.wmv HTTP/1.1" 200 37680666 "-" "Mozilla/5.0 (compatible; MJ12bot/v1.4.8; http://mj12bot.com/)" "www.ysfine.com"
192.151.157.210 - - [17/Jan/2023:18:48:07 -0800] "GET /remote/wigner111/frame06.html HTTP/1.1" 200 390 "-" "Mozilla/5.0 (compatible; MJ12bot/v1.4.8; http://mj12bot.com/)" "www.ysfine.com"
5.102.173.71 - - [17/Jan/2023:18:48:08 -0800] "GET /robots.txt HTTP/1.1" 404 88 "-" "Mozilla/5.0 (compatible; MojeekBot/0.11; +https://www.mojeek.com/bot.html)" "ysfine.com"
5.102.173.71 - - [17/Jan/2023:18:48:08 -0800] "GET /wisdom/kwk.html HTTP/1.1" 200 5252 "-" "Mozilla/5.0 (compatible; MojeekBot/0.11; +https://www.mojeek.com/bot.html)" "ysfine.com"
192.151.157.210 - - [17/Jan/2023:18:48:12 -0800] "GET /remote/wigner111/frame07.html HTTP/1.1" 200 459 "-" "Mozilla/5.0 (compatible; MJ12bot/v1.4.8; http://mj12bot.com/)" "www.ysfine.com"
192.151.157.210 - - [17/Jan/2023:18:48:23 -0800] "GET /remote/wigner111/frame08.html HTTP/1.1" 200 487 "-" "Mozilla/5.0 (compatible; MJ12bot/v1.4.8; http://mj12bot.com/)" "www.ysfine.com"
84.46.255.139 - - [17/Jan/2023:18:48:31 -0800] "GET /robots.txt HTTP/1.1" 404 73 "-" "Mozilla/5.0 (compatible; MJ12bot/v1.4.8; http://mj12bot.com/)" "www.ysfine.com"
192.151.157.210 - - [17/Jan/2023:18:48:32 -0800] "GET /remote/wigner111/frame09.html HTTP/1.1" 200 766 "-" "Mozilla/5.0 (compatible; MJ12bot/v1.4.8; http://mj12bot.com/)" "www.ysfine.com"
87.250.224.67 - - [17/Jan/2023:18:48:33 -0800] "GET /feynman/index.html HTTP/1.1" 200 124 "-" "Mozilla/5.0 (compatible; YandexBot/3.0; +http://yandex.com/bots) AppleWebKit/537.36 (KHTML, like Gecko) Chrome/81.0.4044.268" "www.ysfine.com"
87.250.224.172 - - [17/Jan/2023:18:48:36 -0800] "GET /feynman/feynbot.html HTTP/1.1" 200 138 "https://www.ysfine.com/feynman/index.html" "Mozilla/5.0 (compatible; YandexBot/3.0; +http://yandex.com/bots) AppleWebKit/537.36 (KHTML, like Gecko) Chrome/81.0.4044.268" "www.ysfine.com"
87.250.224.67 - - [17/Jan/2023:18:48:37 -0800] "GET /wigner/evangel.html HTTP/1.1" 200 4831 "-" "Mozilla/5.0 (compatible; YandexBot/3.0; +http://yandex.com/bots) AppleWebKit/537.36 (KHTML, like Gecko) Chrome/81.0.4044.268" "www.ysfine.com"
87.250.224.67 - - [17/Jan/2023:18:48:39 -0800] "GET /feynman/feyntop.html HTTP/1.1" 200 435 "https://www.ysfine.com/feynman/index.html" "Mozilla/5.0 (compatible; YandexBot/3.0; +http://yandex.com/bots) AppleWebKit/537.36 (KHTML, like Gecko) Chrome/81.0.4044.268" "www.ysfine.com"
51.222.253.1 - - [17/Jan/2023:18:48:40 -0800] "GET /home/easy.html HTTP/1.1" 200 7877 "-" "Mozilla/5.0 (compatible; AhrefsBot/7.0; +http://ahrefs.com/robot/)" "www.ysfine.com"
51.222.253.5 - - [17/Jan/2023:18:48:42 -0800] "GET /wigner/isomor77a.jpg HTTP/1.1" 200 53058 "-" "Mozilla/5.0 (compatible; AhrefsBot/7.0; +http://ahrefs.com/robot/)" "www.ysfine.com"
51.222.253.2 - - [17/Jan/2023:18:48:42 -0800] "GET /home/eward33a.jpg HTTP/1.1" 200 63372 "-" "Mozilla/5.0 (compatible; AhrefsBot/7.0; +http://ahrefs.com/robot/)" "www.ysfine.com"
51.222.253.20 - - [17/Jan/2023:18:48:43 -0800] "GET /home/einbohr21a.jpg HTTP/1.1" 200 46155 "-" "Mozilla/5.0 (compatible; AhrefsBot/7.0; +http://ahrefs.com/robot/)" "www.ysfine.com"
192.151.157.210 - - [17/Jan/2023:18:48:43 -0800] "GET /remote/wigner111/frame10.html HTTP/1.1" 200 459 "-" "Mozilla/5.0 (compatible; MJ12bot/v1.4.8; http://mj12bot.com/)" "www.ysfine.com"
207.46.13.31 - - [17/Jan/2023:18:48:43 -0800] "GET /bio/sbk/1950.html HTTP/1.1" 404 88 "-" "Mozilla/5.0 AppleWebKit/537.36 (KHTML, like Gecko; compatible; bingbot/2.0; +http://www.bing.com/bingbot.htm) Chrome/103.0.5060.134 Safari/537.36" "ysfine.com"
51.222.253.7 - - [17/Jan/2023:18:48:43 -0800] "GET /home/ewk86a.jpg HTTP/1.1" 200 86008 "-" "Mozilla/5.0 (compatible; AhrefsBot/7.0; +http://ahrefs.com/robot/)" "www.ysfine.com"
51.222.253.13 - - [17/Jan/2023:18:48:43 -0800] "GET /home/fotos/moso300.jpg HTTP/1.1" 200 15386 "-" "Mozilla/5.0 (compatible; AhrefsBot/7.0; +http://ahrefs.com/robot/)" "www.ysfine.com"
95.108.213.3 - - [17/Jan/2023:18:48:44 -0800] "GET /feynman/feynrigh.html HTTP/1.1" 200 2183 "https://www.ysfine.com/feynman/feynbot.html" "Mozilla/5.0 (compatible; YandexBot/3.0; +http://yandex.com/bots) AppleWebKit/537.36 (KHTML, like Gecko) Chrome/81.0.4044.268" "www.ysfine.com"
51.222.253.12 - - [17/Jan/2023:18:48:44 -0800] "GET /home/newtein33a.jpg HTTP/1.1" 200 78077 "-" "Mozilla/5.0 (compatible; AhrefsBot/7.0; +http://ahrefs.com/robot/)" "www.ysfine.com"
87.250.224.172 - - [17/Jan/2023:18:48:44 -0800] "GET /feynman/feynleft.html HTTP/1.1" 200 523 "https://www.ysfine.com/feynman/feynbot.html" "Mozilla/5.0 (compatible; YandexBot/3.0; +http://yandex.com/bots) AppleWebKit/537.36 (KHTML, like Gecko) Chrome/81.0.4044.268" "www.ysfine.com"
51.222.253.3 - - [17/Jan/2023:18:48:44 -0800] "GET /awards/marq/marq22a.jpg HTTP/1.1" 200 89693 "-" "Mozilla/5.0 (compatible; AhrefsBot/7.0; +http://ahrefs.com/robot/)" "www.ysfine.com"
66.249.66.12 - - [17/Jan/2023:18:48:44 -0800] "GET /confer/proceedings/boston/mista.pdf HTTP/1.1" 404 88 "-" "Googlebot/2.1 (+http://www.google.com/bot.html)" "www.ysfine.com"
51.222.253.16 - - [17/Jan/2023:18:48:45 -0800] "GET /home/fotos/dirac1939c.jpg HTTP/1.1" 200 55599 "-" "Mozilla/5.0 (compatible; AhrefsBot/7.0; +http://ahrefs.com/robot/)" "www.ysfine.com"
51.222.253.11 - - [17/Jan/2023:18:48:45 -0800] "GET /maga/phil/hegel10c.jpg HTTP/1.1" 200 591384 "-" "Mozilla/5.0 (compatible; AhrefsBot/7.0; +http://ahrefs.com/robot/)" "www.ysfine.com"
51.222.253.5 - - [17/Jan/2023:18:48:46 -0800] "GET /home/figs/quapar55a.jpg HTTP/1.1" 200 76989 "-" "Mozilla/5.0 (compatible; AhrefsBot/7.0; +http://ahrefs.com/robot/)" "www.ysfine.com"
51.222.253.20 - - [17/Jan/2023:18:48:47 -0800] "GET /home/canal77a.jpg HTTP/1.1" 200 42959 "-" "Mozilla/5.0 (compatible; AhrefsBot/7.0; +http://ahrefs.com/robot/)" "www.ysfine.com"
51.222.253.15 - - [17/Jan/2023:18:48:47 -0800] "GET /home/2015c.jpg HTTP/1.1" 200 35971 "-" "Mozilla/5.0 (compatible; AhrefsBot/7.0; +http://ahrefs.com/robot/)" "www.ysfine.com"
51.222.253.9 - - [17/Jan/2023:18:48:47 -0800] "GET /home/fotos/moso01c.jpg HTTP/1.1" 200 44157 "-" "Mozilla/5.0 (compatible; AhrefsBot/7.0; +http://ahrefs.com/robot/)" "www.ysfine.com"
51.222.253.6 - - [17/Jan/2023:18:48:48 -0800] "GET /home/pdugard17a.jpg HTTP/1.1" 200 92844 "-" "Mozilla/5.0 (compatible; AhrefsBot/7.0; +http://ahrefs.com/robot/)" "www.ysfine.com"
51.222.253.2 - - [17/Jan/2023:18:48:48 -0800] "GET /home/truck/truck21a.jpg HTTP/1.1" 200 44628 "-" "Mozilla/5.0 (compatible; AhrefsBot/7.0; +http://ahrefs.com/robot/)" "www.ysfine.com"
51.222.253.1 - - [17/Jan/2023:18:48:49 -0800] "GET /einstein/einbike11c.jpg HTTP/1.1" 200 35895 "-" "Mozilla/5.0 (compatible; AhrefsBot/7.0; +http://ahrefs.com/robot/)" "www.ysfine.com"
51.222.253.6 - - [17/Jan/2023:18:48:49 -0800] "GET /feynman/ppic/parton33a.jpg HTTP/1.1" 200 68290 "-" "Mozilla/5.0 (compatible; AhrefsBot/7.0; +http://ahrefs.com/robot/)" "www.ysfine.com"
51.222.253.13 - - [17/Jan/2023:18:48:49 -0800] "GET /world/japan/osaka124c.jpg HTTP/1.1" 200 34525 "-" "Mozilla/5.0 (compatible; AhrefsBot/7.0; +http://ahrefs.com/robot/)" "www.ysfine.com"
51.222.253.19 - - [17/Jan/2023:18:48:50 -0800] "GET /home/kbrain11c.jpg HTTP/1.1" 200 27732 "-" "Mozilla/5.0 (compatible; AhrefsBot/7.0; +http://ahrefs.com/robot/)" "www.ysfine.com"
51.222.253.10 - - [17/Jan/2023:18:48:50 -0800] "GET /home/fotos/wheekim300.jpg HTTP/1.1" 200 42724 "-" "Mozilla/5.0 (compatible; AhrefsBot/7.0; +http://ahrefs.com/robot/)" "www.ysfine.com"
51.222.253.11 - - [17/Jan/2023:18:48:51 -0800] "GET /philo/toyo22a.jpg HTTP/1.1" 200 73179 "-" "Mozilla/5.0 (compatible; AhrefsBot/7.0; +http://ahrefs.com/robot/)" "www.ysfine.com"
51.222.253.16 - - [17/Jan/2023:18:48:51 -0800] "GET /einstein/einbohr55a.jpg HTTP/1.1" 200 107592 "-" "Mozilla/5.0 (compatible; AhrefsBot/7.0; +http://ahrefs.com/robot/)" "www.ysfine.com"
51.222.253.9 - - [17/Jan/2023:18:48:52 -0800] "GET /home/truck/truck22a.jpg HTTP/1.1" 200 42431 "-" "Mozilla/5.0 (compatible; AhrefsBot/7.0; +http://ahrefs.com/robot/)" "www.ysfine.com"
192.151.157.210 - - [17/Jan/2023:18:48:54 -0800] "GET /remote/wigner111/frame11.html HTTP/1.1" 200 474 "-" "Mozilla/5.0 (compatible; MJ12bot/v1.4.8; http://mj12bot.com/)" "www.ysfine.com"
114.119.154.22 - - [17/Jan/2023:18:48:57 -0800] "GET /robots.txt HTTP/1.1" 404 88 "-" "Mozilla/5.0 (compatible;PetalBot;+https://webmaster.petalsearch.com/site/petalbot)" "www.ysfine.com"
192.151.157.210 - - [17/Jan/2023:18:49:07 -0800] "GET /remote/wigner111/frame19.html HTTP/1.1" 200 371 "-" "Mozilla/5.0 (compatible; MJ12bot/v1.4.8; http://mj12bot.com/)" "www.ysfine.com"
192.151.157.210 - - [17/Jan/2023:18:49:13 -0800] "GET /remote/wigner111/frame20.html HTTP/1.1" 200 369 "-" "Mozilla/5.0 (compatible; MJ12bot/v1.4.8; http://mj12bot.com/)" "www.ysfine.com"
192.151.157.210 - - [17/Jan/2023:18:49:21 -0800] "GET /remote/wigner111/frame22.html HTTP/1.1" 200 719 "-" "Mozilla/5.0 (compatible; MJ12bot/v1.4.8; http://mj12bot.com/)" "www.ysfine.com"
87.250.224.67 - - [17/Jan/2023:18:49:28 -0800] "GET /feynman/index.html HTTP/1.1" 200 124 "-" "Mozilla/5.0 (compatible; YandexBot/3.0; +http://yandex.com/bots) AppleWebKit/537.36 (KHTML, like Gecko) Chrome/81.0.4044.268" "www.ysfine.com"
192.151.157.210 - - [17/Jan/2023:18:49:29 -0800] "GET /remote/wigner111/frame23.html HTTP/1.1" 200 460 "-" "Mozilla/5.0 (compatible; MJ12bot/v1.4.8; http://mj12bot.com/)" "www.ysfine.com"
84.46.255.139 - - [17/Jan/2023:18:49:30 -0800] "GET /confer/http%C3%84://medres.online/materialsscience/2020 HTTP/1.1" 404 88 "-" "Mozilla/5.0 (compatible; MJ12bot/v1.4.8; http://mj12bot.com/)" "www.ysfine.com"
52.12.219.148 - - [17/Jan/2023:18:49:34 -0800] "GET /world/russ/redsq05.jpg HTTP/1.1" 200 86083 "-" "Mozilla/5.0 (Windows NT 10.0; Win64; x64) AppleWebKit/537.36 (KHTML, like Gecko) Chrome/89.0.4389.114 Safari/537.36" "www.ysfine.com"
192.151.157.210 - - [17/Jan/2023:18:49:41 -0800] "GET /remote/wigner111/frame24.html HTTP/1.1" 200 662 "-" "Mozilla/5.0 (compatible; MJ12bot/v1.4.8; http://mj12bot.com/)" "www.ysfine.com"
66.249.66.146 - - [17/Jan/2023:18:49:48 -0800] "GET /confer/proceedings/boston/shepard2.pdf HTTP/1.1" 404 88 "-" "Googlebot/2.1 (+http://www.google.com/bot.html)" "www.ysfine.com"
40.77.167.10 - - [17/Jan/2023:18:49:58 -0800] "GET /bio/style/proschanie.html HTTP/1.1" 404 88 "-" "Mozilla/5.0 AppleWebKit/537.36 (KHTML, like Gecko; compatible; bingbot/2.0; +http://www.bing.com/bingbot.htm) Chrome/103.0.5060.134 Safari/537.36" "ysfine.com"
192.151.157.210 - - [17/Jan/2023:18:50:02 -0800] "GET /sbk/1950.html HTTP/1.1" 200 5522 "-" "Mozilla/5.0 (compatible; MJ12bot/v1.4.8; http://mj12bot.com/)" "www.ysfine.com"
84.46.255.139 - - [17/Jan/2023:18:50:03 -0800] "GET /princeton/prade.html HTTP/1.1" 200 9863 "-" "Mozilla/5.0 (compatible; MJ12bot/v1.4.8; http://mj12bot.com/)" "www.ysfine.com"
192.151.157.210 - - [17/Jan/2023:18:50:13 -0800] "GET /sbk/1950.html HTTP/1.1" 200 5522 "-" "Mozilla/5.0 (compatible; MJ12bot/v1.4.8; http://mj12bot.com/)" "www.ysfine.com"
192.151.157.210 - - [17/Jan/2023:18:50:24 -0800] "GET /sbk/index.html HTTP/1.1" 200 198 "-" "Mozilla/5.0 (compatible; MJ12bot/v1.4.8; http://mj12bot.com/)" "www.ysfine.com"
84.46.255.139 - - [17/Jan/2023:18:50:31 -0800] "GET /style/digilit.html HTTP/1.1" 200 8470 "-" "Mozilla/5.0 (compatible; MJ12bot/v1.4.8; http://mj12bot.com/)" "www.ysfine.com"
192.151.157.210 - - [17/Jan/2023:18:50:32 -0800] "GET /sbk/sbkrome.html HTTP/1.1" 200 306 "-" "Mozilla/5.0 (compatible; MJ12bot/v1.4.8; http://mj12bot.com/)" "www.ysfine.com"
17.241.219.72 - - [17/Jan/2023:18:50:39 -0800] "GET /houses/rheehouse01b.jpg HTTP/1.1" 200 55897 "-" "Mozilla/5.0 (Macintosh; Intel Mac OS X 10_15_5) AppleWebKit/605.1.15 (KHTML, like Gecko) Version/13.1.1 Safari/605.1.15 (Applebot/0.1; +http://www.apple.com/go/applebot)" "ysfine.com"
192.151.157.210 - - [17/Jan/2023:18:50:42 -0800] "GET /style/socrates.html HTTP/1.1" 200 589 "-" "Mozilla/5.0 (compatible; MJ12bot/v1.4.8; http://mj12bot.com/)" "www.ysfine.com"
5.255.253.153 - - [17/Jan/2023:18:50:58 -0800] "GET /yspapers/index.html HTTP/1.1" 200 21304 "-" "Mozilla/5.0 (compatible; YandexBot/3.0; +http://yandex.com/bots) AppleWebKit/537.36 (KHTML, like Gecko) Chrome/81.0.4044.268" "www.ysfine.com"
5.255.253.153 - - [17/Jan/2023:18:50:59 -0800] "GET /yspapers/index.html HTTP/1.1" 200 21304 "-" "Mozilla/5.0 (compatible; YandexBot/3.0; +http://yandex.com/bots) AppleWebKit/537.36 (KHTML, like Gecko) Chrome/81.0.4044.268" "www.ysfine.com"
192.151.157.210 - - [17/Jan/2023:18:51:00 -0800] "GET /wigner/wigphoto.html HTTP/1.1" 200 3234 "-" "Mozilla/5.0 (compatible; MJ12bot/v1.4.8; http://mj12bot.com/)" "www.ysfine.com"
192.151.157.210 - - [17/Jan/2023:18:51:07 -0800] "GET /wigner/wigphoto.html HTTP/1.1" 200 3234 "-" "Mozilla/5.0 (compatible; MJ12bot/v1.4.8; http://mj12bot.com/)" "www.ysfine.com"
84.46.255.139 - - [17/Jan/2023:18:51:09 -0800] "GET /style/songs.html HTTP/1.1" 200 31567 "-" "Mozilla/5.0 (compatible; MJ12bot/v1.4.8; http://mj12bot.com/)" "www.ysfine.com"
192.151.157.210 - - [17/Jan/2023:18:51:17 -0800] "GET /wigner/wigpic.html HTTP/1.1" 200 134 "-" "Mozilla/5.0 (compatible; MJ12bot/v1.4.8; http://mj12bot.com/)" "www.ysfine.com"
192.151.157.210 - - [17/Jan/2023:18:51:26 -0800] "GET /wigner/wigspeak.html HTTP/1.1" 200 390 "-" "Mozilla/5.0 (compatible; MJ12bot/v1.4.8; http://mj12bot.com/)" "www.ysfine.com"
192.151.157.210 - - [17/Jan/2023:18:51:35 -0800] "GET /wigner/wigwein.html HTTP/1.1" 200 251 "-" "Mozilla/5.0 (compatible; MJ12bot/v1.4.8; http://mj12bot.com/)" "www.ysfine.com"
192.151.157.210 - - [17/Jan/2023:18:51:44 -0800] "GET /wisdom/wk05.html HTTP/1.1" 200 22561 "-" "Mozilla/5.0 (compatible; MJ12bot/v1.4.8; http://mj12bot.com/)" "www.ysfine.com"
95.108.213.18 - - [17/Jan/2023:18:51:50 -0800] "GET /princeton/prade.html HTTP/1.1" 200 9863 "-" "Mozilla/5.0 (compatible; YandexBot/3.0; +http://yandex.com/bots) AppleWebKit/537.36 (KHTML, like Gecko) Chrome/81.0.4044.268" "www.ysfine.com"
192.151.157.210 - - [17/Jan/2023:18:51:54 -0800] "GET /wisdom/wk06.html HTTP/1.1" 200 49929 "-" "Mozilla/5.0 (compatible; MJ12bot/v1.4.8; http://mj12bot.com/)" "www.ysfine.com"
192.151.157.210 - - [17/Jan/2023:18:52:03 -0800] "GET /wisdom/wk07.html HTTP/1.1" 200 36547 "-" "Mozilla/5.0 (compatible; MJ12bot/v1.4.8; http://mj12bot.com/)" "www.ysfine.com"
87.250.224.67 - - [17/Jan/2023:18:52:08 -0800] "GET /feynman/fagenda.html HTTP/1.1" 200 2089 "-" "Mozilla/5.0 (compatible; YandexBot/3.0; +http://yandex.com/bots) AppleWebKit/537.36 (KHTML, like Gecko) Chrome/81.0.4044.268" "www.ysfine.com"
87.250.224.172 - - [17/Jan/2023:18:52:10 -0800] "GET /style/digilit.html HTTP/1.1" 200 8470 "-" "Mozilla/5.0 (compatible; YandexBot/3.0; +http://yandex.com/bots) AppleWebKit/537.36 (KHTML, like Gecko) Chrome/81.0.4044.268" "www.ysfine.com"
192.151.157.210 - - [17/Jan/2023:18:52:14 -0800] "GET /wisdom/wk95.html HTTP/1.1" 200 74520 "-" "Mozilla/5.0 (compatible; MJ12bot/v1.4.8; http://mj12bot.com/)" "www.ysfine.com"
66.249.66.93 - - [17/Jan/2023:18:52:16 -0800] "GET /confer/proceedings/boston/walther.pdf HTTP/1.1" 404 88 "-" "Googlebot/2.1 (+http://www.google.com/bot.html)" "ysfine.com"
192.151.157.210 - - [17/Jan/2023:18:52:28 -0800] "GET /wisdom/wk96.html HTTP/1.1" 200 68873 "-" "Mozilla/5.0 (compatible; MJ12bot/v1.4.8; http://mj12bot.com/)" "www.ysfine.com"
51.222.253.12 - - [17/Jan/2023:18:52:36 -0800] "GET /class54/class5470/total_data/sub_776.htm HTTP/1.1" 200 3289 "-" "Mozilla/5.0 (compatible; AhrefsBot/7.0; +http://ahrefs.com/robot/)" "www.ysfine.com"
51.222.253.20 - - [17/Jan/2023:18:52:37 -0800] "GET /class54/class5470/total_data/img/07_title.gif HTTP/1.1" 200 5491 "-" "Mozilla/5.0 (compatible; AhrefsBot/7.0; +http://ahrefs.com/robot/)" "www.ysfine.com"
51.222.253.9 - - [17/Jan/2023:18:52:37 -0800] "GET /class54/class5470/total_data/img/03_smline.gif HTTP/1.1" 200 3214 "-" "Mozilla/5.0 (compatible; AhrefsBot/7.0; +http://ahrefs.com/robot/)" "www.ysfine.com"
51.222.253.8 - - [17/Jan/2023:18:52:37 -0800] "GET /class54/class5470/total_data/photo_img/7-76.jpg HTTP/1.1" 200 188583 "-" "Mozilla/5.0 (compatible; AhrefsBot/7.0; +http://ahrefs.com/robot/)" "www.ysfine.com"
192.151.157.210 - - [17/Jan/2023:18:52:40 -0800] "GET /wisdom/wk97.html HTTP/1.1" 200 46895 "-" "Mozilla/5.0 (compatible; MJ12bot/v1.4.8; http://mj12bot.com/)" "www.ysfine.com"
40.77.167.13 - - [17/Jan/2023:18:52:45 -0800] "GET /world/china/hongkong02b.jpg HTTP/1.1" 200 41631 "-" "Mozilla/5.0 AppleWebKit/537.36 (KHTML, like Gecko; compatible; bingbot/2.0; +http://www.bing.com/bingbot.htm) Chrome/103.0.5060.134 Safari/537.36" "www.ysfine.com"
192.151.157.210 - - [17/Jan/2023:18:52:46 -0800] "GET /wisdom/wk98.html HTTP/1.1" 200 71649 "-" "Mozilla/5.0 (compatible; MJ12bot/v1.4.8; http://mj12bot.com/)" "www.ysfine.com"
192.151.157.210 - - [17/Jan/2023:18:52:57 -0800] "GET /wisdom/wkstorie.html HTTP/1.1" 200 954 "-" "Mozilla/5.0 (compatible; MJ12bot/v1.4.8; http://mj12bot.com/)" "www.ysfine.com"
192.151.157.210 - - [17/Jan/2023:18:53:03 -0800] "GET /world/index.html HTTP/1.1" 200 123 "-" "Mozilla/5.0 (compatible; MJ12bot/v1.4.8; http://mj12bot.com/)" "www.ysfine.com"
192.151.157.210 - - [17/Jan/2023:18:53:25 -0800] "GET /archives/class5470/total_data/sub_101.htm HTTP/1.1" 404 88 "-" "Mozilla/5.0 (compatible; MJ12bot/v1.4.8; http://mj12bot.com/)" "www.ysfine.com"
192.151.157.210 - - [17/Jan/2023:18:53:39 -0800] "GET /archives/class5470/total_data/sub_201.htm HTTP/1.1" 404 88 "-" "Mozilla/5.0 (compatible; MJ12bot/v1.4.8; http://mj12bot.com/)" "www.ysfine.com"
192.151.157.210 - - [17/Jan/2023:18:53:58 -0800] "GET /archives/class5470/total_data/sub_301.htm HTTP/1.1" 404 88 "-" "Mozilla/5.0 (compatible; MJ12bot/v1.4.8; http://mj12bot.com/)" "www.ysfine.com"
192.151.157.210 - - [17/Jan/2023:18:54:20 -0800] "GET /archives/class5470/total_data/sub_401.htm HTTP/1.1" 404 88 "-" "Mozilla/5.0 (compatible; MJ12bot/v1.4.8; http://mj12bot.com/)" "www.ysfine.com"
40.77.167.10 - - [17/Jan/2023:18:54:37 -0800] "GET /style/hibari22b.jpg HTTP/1.1" 200 39644 "-" "Mozilla/5.0 AppleWebKit/537.36 (KHTML, like Gecko; compatible; bingbot/2.0; +http://www.bing.com/bingbot.htm) Chrome/103.0.5060.134 Safari/537.36" "www.ysfine.com"
192.151.157.210 - - [17/Jan/2023:18:54:41 -0800] "GET /archives/class5470/total_data/sub_501.htm HTTP/1.1" 404 88 "-" "Mozilla/5.0 (compatible; MJ12bot/v1.4.8; http://mj12bot.com/)" "www.ysfine.com"
192.151.157.210 - - [17/Jan/2023:18:54:58 -0800] "GET /archives/class5470/total_data/sub_701.htm HTTP/1.1" 404 88 "-" "Mozilla/5.0 (compatible; MJ12bot/v1.4.8; http://mj12bot.com/)" "www.ysfine.com"
192.151.157.210 - - [17/Jan/2023:18:55:16 -0800] "GET /archives/class5470/total_data/sub_801.htm HTTP/1.1" 404 88 "-" "Mozilla/5.0 (compatible; MJ12bot/v1.4.8; http://mj12bot.com/)" "www.ysfine.com"
192.151.157.210 - - [17/Jan/2023:18:55:34 -0800] "GET /archives/class5470/total_data/sub_8132.htm HTTP/1.1" 404 88 "-" "Mozilla/5.0 (compatible; MJ12bot/v1.4.8; http://mj12bot.com/)" "www.ysfine.com"
192.151.157.210 - - [17/Jan/2023:18:55:57 -0800] "GET /archives/class5470/total_data/sub_8133.htm HTTP/1.1" 404 88 "-" "Mozilla/5.0 (compatible; MJ12bot/v1.4.8; http://mj12bot.com/)" "www.ysfine.com"
20.172.187.40 - - [17/Jan/2023:18:56:10 -0800] "GET /dirac/diracqm11.jpg HTTP/1.1" 200 153577 "-" "Mozilla/5.0 (X11; Ubuntu; Linux x86_64; rv:72.0) Gecko/20100101 Firefox/72.0" "www.ysfine.com"
192.151.157.210 - - [17/Jan/2023:18:56:14 -0800] "GET /archives/class5470/total_data/sub_8134.htm HTTP/1.1" 404 88 "-" "Mozilla/5.0 (compatible; MJ12bot/v1.4.8; http://mj12bot.com/)" "www.ysfine.com"
192.151.157.210 - - [17/Jan/2023:18:56:29 -0800] "GET /archives/class5470/total_data/sub_8135.htm HTTP/1.1" 404 88 "-" "Mozilla/5.0 (compatible; MJ12bot/v1.4.8; http://mj12bot.com/)" "www.ysfine.com"
51.222.253.3 - - [17/Jan/2023:18:56:45 -0800] "GET /home/wcartoon.html HTTP/1.1" 200 6127 "-" "Mozilla/5.0 (compatible; AhrefsBot/7.0; +http://ahrefs.com/robot/)" "ysfine.com"
