65.108.41.34 - - [08/Jan/2023:20:00:07 -0800] "GET /wigner/gcontrac.html HTTP/1.1" 200 2279 "-" "Mozilla/5.0 (compatible; MJ12bot/v1.4.8; http://mj12bot.com/)" "www.ysfine.com"
65.108.147.236 - - [08/Jan/2023:20:00:10 -0800] "GET /world/china/shanghai026.jpg HTTP/1.1" 200 105836 "-" "Mozilla/5.0 (X11; Fedora; Linux x86_64) AppleWebKit/537.36 (KHTML, like Gecko) Chrome/79.0.3945.117 Safari/537.36" "ysfine.com"
65.108.41.34 - - [08/Jan/2023:20:00:12 -0800] "GET /wigner/gcontrac.html HTTP/1.1" 200 2279 "-" "Mozilla/5.0 (compatible; MJ12bot/v1.4.8; http://mj12bot.com/)" "www.ysfine.com"
65.108.41.34 - - [08/Jan/2023:20:00:30 -0800] "GET /wigner/kuper76.html HTTP/1.1" 200 309 "-" "Mozilla/5.0 (compatible; MJ12bot/v1.4.8; http://mj12bot.com/)" "www.ysfine.com"
65.108.41.34 - - [08/Jan/2023:20:00:35 -0800] "GET /wigner/kuper76.html HTTP/1.1" 200 309 "-" "Mozilla/5.0 (compatible; MJ12bot/v1.4.8; http://mj12bot.com/)" "www.ysfine.com"
65.108.41.34 - - [08/Jan/2023:20:00:49 -0800] "GET /wigner/little.html HTTP/1.1" 200 3088 "-" "Mozilla/5.0 (compatible; MJ12bot/v1.4.8; http://mj12bot.com/)" "www.ysfine.com"
65.108.41.34 - - [08/Jan/2023:20:00:55 -0800] "GET /wigner/little.html HTTP/1.1" 200 3088 "-" "Mozilla/5.0 (compatible; MJ12bot/v1.4.8; http://mj12bot.com/)" "www.ysfine.com"
65.108.41.34 - - [08/Jan/2023:20:01:08 -0800] "GET /wigner/lunch.html HTTP/1.1" 200 3105 "-" "Mozilla/5.0 (compatible; MJ12bot/v1.4.8; http://mj12bot.com/)" "www.ysfine.com"
172.118.143.0 - - [08/Jan/2023:20:01:14 -0800] "GET /world/scandi/sto001.jpg HTTP/1.1" 200 111684 "https://www.google.com/" "Mozilla/5.0 (iPhone; CPU iPhone OS 16_1_1 like Mac OS X) AppleWebKit/605.1.15 (KHTML, like Gecko) Version/16.1 Mobile/15E148 Safari/604.1" "ysfine.com"
65.108.41.34 - - [08/Jan/2023:20:01:18 -0800] "GET /wigner/lunch.html HTTP/1.1" 200 3105 "-" "Mozilla/5.0 (compatible; MJ12bot/v1.4.8; http://mj12bot.com/)" "www.ysfine.com"
65.108.41.34 - - [08/Jan/2023:20:01:24 -0800] "GET /wigner/maxwig.html HTTP/1.1" 200 8080 "-" "Mozilla/5.0 (compatible; MJ12bot/v1.4.8; http://mj12bot.com/)" "www.ysfine.com"
207.46.13.143 - - [08/Jan/2023:20:01:30 -0800] "GET /archives/proceedings/ff2/george.html HTTP/1.1" 404 88 "-" "Mozilla/5.0 (compatible; bingbot/2.0; +http://www.bing.com/bingbot.htm)" "www.ysfine.com"
65.108.41.34 - - [08/Jan/2023:20:01:36 -0800] "GET /wigner/neum/compu.html HTTP/1.1" 200 2267 "-" "Mozilla/5.0 (compatible; MJ12bot/v1.4.8; http://mj12bot.com/)" "www.ysfine.com"
95.108.213.66 - - [08/Jan/2023:20:01:41 -0800] "GET /robots.txt HTTP/1.1" 404 73 "-" "Mozilla/5.0 (compatible; YandexBot/3.0; +http://yandex.com/bots)" "ysfine.com"
65.108.41.34 - - [08/Jan/2023:20:01:42 -0800] "GET /wigner/neum/compu.html HTTP/1.1" 200 2267 "-" "Mozilla/5.0 (compatible; MJ12bot/v1.4.8; http://mj12bot.com/)" "www.ysfine.com"
95.108.213.19 - - [08/Jan/2023:20:01:45 -0800] "GET /world/russ/redsq15b.jpg HTTP/1.1" 200 41496 "-" "Mozilla/5.0 (compatible; YandexImages/3.0; +http://yandex.com/bots)" "ysfine.com"
65.108.41.34 - - [08/Jan/2023:20:02:04 -0800] "GET /wigner/neumann.html HTTP/1.1" 200 1332 "-" "Mozilla/5.0 (compatible; MJ12bot/v1.4.8; http://mj12bot.com/)" "www.ysfine.com"
206.189.188.242 - - [08/Jan/2023:20:02:07 -0800] "GET /wp-includes/ID3/license.txt HTTP/1.1" 404 73 "-" "Mozilla/5.0 (Windows NT 10.0; Win64; x64) AppleWebKit/537.36 (KHTML, like Gecko) Chrome/95.0.4638.69 Safari/537.36" "ysfine.com"
206.189.188.242 - - [08/Jan/2023:20:02:08 -0800] "GET /feed/ HTTP/1.1" 404 73 "-" "Mozilla/5.0 (Windows NT 10.0; Win64; x64) AppleWebKit/537.36 (KHTML, like Gecko) Chrome/95.0.4638.69 Safari/537.36" "ysfine.com"
206.189.188.242 - - [08/Jan/2023:20:02:08 -0800] "GET /xmlrpc.php?rsd HTTP/1.1" 404 73 "-" "Mozilla/5.0 (Windows NT 10.0; Win64; x64) AppleWebKit/537.36 (KHTML, like Gecko) Chrome/95.0.4638.69 Safari/537.36" "ysfine.com"
206.189.188.242 - - [08/Jan/2023:20:02:08 -0800] "GET /blog/wp-includes/wlwmanifest.xml HTTP/1.1" 404 73 "-" "Mozilla/5.0 (Windows NT 10.0; Win64; x64) AppleWebKit/537.36 (KHTML, like Gecko) Chrome/95.0.4638.69 Safari/537.36" "ysfine.com"
206.189.188.242 - - [08/Jan/2023:20:02:08 -0800] "GET /web/wp-includes/wlwmanifest.xml HTTP/1.1" 404 73 "-" "Mozilla/5.0 (Windows NT 10.0; Win64; x64) AppleWebKit/537.36 (KHTML, like Gecko) Chrome/95.0.4638.69 Safari/537.36" "ysfine.com"
206.189.188.242 - - [08/Jan/2023:20:02:08 -0800] "GET /wordpress/wp-includes/wlwmanifest.xml HTTP/1.1" 404 73 "-" "Mozilla/5.0 (Windows NT 10.0; Win64; x64) AppleWebKit/537.36 (KHTML, like Gecko) Chrome/95.0.4638.69 Safari/537.36" "ysfine.com"
206.189.188.242 - - [08/Jan/2023:20:02:08 -0800] "GET /wp/wp-includes/wlwmanifest.xml HTTP/1.1" 404 73 "-" "Mozilla/5.0 (Windows NT 10.0; Win64; x64) AppleWebKit/537.36 (KHTML, like Gecko) Chrome/95.0.4638.69 Safari/537.36" "ysfine.com"
206.189.188.242 - - [08/Jan/2023:20:02:08 -0800] "GET /2020/wp-includes/wlwmanifest.xml HTTP/1.1" 404 73 "-" "Mozilla/5.0 (Windows NT 10.0; Win64; x64) AppleWebKit/537.36 (KHTML, like Gecko) Chrome/95.0.4638.69 Safari/537.36" "ysfine.com"
206.189.188.242 - - [08/Jan/2023:20:02:08 -0800] "GET /2019/wp-includes/wlwmanifest.xml HTTP/1.1" 404 73 "-" "Mozilla/5.0 (Windows NT 10.0; Win64; x64) AppleWebKit/537.36 (KHTML, like Gecko) Chrome/95.0.4638.69 Safari/537.36" "ysfine.com"
206.189.188.242 - - [08/Jan/2023:20:02:08 -0800] "GET /2021/wp-includes/wlwmanifest.xml HTTP/1.1" 404 73 "-" "Mozilla/5.0 (Windows NT 10.0; Win64; x64) AppleWebKit/537.36 (KHTML, like Gecko) Chrome/95.0.4638.69 Safari/537.36" "ysfine.com"
206.189.188.242 - - [08/Jan/2023:20:02:08 -0800] "GET /shop/wp-includes/wlwmanifest.xml HTTP/1.1" 404 73 "-" "Mozilla/5.0 (Windows NT 10.0; Win64; x64) AppleWebKit/537.36 (KHTML, like Gecko) Chrome/95.0.4638.69 Safari/537.36" "ysfine.com"
206.189.188.242 - - [08/Jan/2023:20:02:08 -0800] "GET /wp1/wp-includes/wlwmanifest.xml HTTP/1.1" 404 73 "-" "Mozilla/5.0 (Windows NT 10.0; Win64; x64) AppleWebKit/537.36 (KHTML, like Gecko) Chrome/95.0.4638.69 Safari/537.36" "ysfine.com"
206.189.188.242 - - [08/Jan/2023:20:02:08 -0800] "GET /test/wp-includes/wlwmanifest.xml HTTP/1.1" 404 73 "-" "Mozilla/5.0 (Windows NT 10.0; Win64; x64) AppleWebKit/537.36 (KHTML, like Gecko) Chrome/95.0.4638.69 Safari/537.36" "ysfine.com"
206.189.188.242 - - [08/Jan/2023:20:02:09 -0800] "GET /site/wp-includes/wlwmanifest.xml HTTP/1.1" 404 73 "-" "Mozilla/5.0 (Windows NT 10.0; Win64; x64) AppleWebKit/537.36 (KHTML, like Gecko) Chrome/95.0.4638.69 Safari/537.36" "ysfine.com"
206.189.188.242 - - [08/Jan/2023:20:02:09 -0800] "GET /cms/wp-includes/wlwmanifest.xml HTTP/1.1" 404 73 "-" "Mozilla/5.0 (Windows NT 10.0; Win64; x64) AppleWebKit/537.36 (KHTML, like Gecko) Chrome/95.0.4638.69 Safari/537.36" "ysfine.com"
65.108.41.34 - - [08/Jan/2023:20:02:15 -0800] "GET /wigner/neupol.html HTTP/1.1" 200 1742 "-" "Mozilla/5.0 (compatible; MJ12bot/v1.4.8; http://mj12bot.com/)" "www.ysfine.com"
188.252.145.44 - - [08/Jan/2023:20:02:16 -0800] "GET /kowar/panmun04.jpg HTTP/1.1" 200 126386 "https://www.google.com/" "Mozilla/5.0 (Linux; Android 12; SAMSUNG SM-G973F/G973FXXUGHVK1) AppleWebKit/537.36 (KHTML, like Gecko) SamsungBrowser/19.0 Chrome/102.0.5005.125 Mobile Safari/537.36" "ysfine.com"
65.108.41.34 - - [08/Jan/2023:20:02:22 -0800] "GET /wigner/neupol.html HTTP/1.1" 200 1742 "-" "Mozilla/5.0 (compatible; MJ12bot/v1.4.8; http://mj12bot.com/)" "www.ysfine.com"
65.108.41.34 - - [08/Jan/2023:20:02:36 -0800] "GET /wigner/vankam.html HTTP/1.1" 200 897 "-" "Mozilla/5.0 (compatible; MJ12bot/v1.4.8; http://mj12bot.com/)" "www.ysfine.com"
65.108.41.34 - - [08/Jan/2023:20:02:43 -0800] "GET /wigner/vankam.html HTTP/1.1" 200 897 "-" "Mozilla/5.0 (compatible; MJ12bot/v1.4.8; http://mj12bot.com/)" "www.ysfine.com"
207.46.13.176 - - [08/Jan/2023:20:02:50 -0800] "GET /bio/world/kalinin22.html HTTP/1.1" 404 88 "-" "Mozilla/5.0 AppleWebKit/537.36 (KHTML, like Gecko; compatible; bingbot/2.0; +http://www.bing.com/bingbot.htm) Chrome/103.0.5060.134 Safari/537.36" "ysfine.com"
65.108.41.34 - - [08/Jan/2023:20:02:54 -0800] "GET /wigner/wigheisen.html HTTP/1.1" 200 3346 "-" "Mozilla/5.0 (compatible; MJ12bot/v1.4.8; http://mj12bot.com/)" "www.ysfine.com"
65.108.41.34 - - [08/Jan/2023:20:02:56 -0800] "GET /wigner/wigheisen.html HTTP/1.1" 200 3346 "-" "Mozilla/5.0 (compatible; MJ12bot/v1.4.8; http://mj12bot.com/)" "www.ysfine.com"
65.108.41.34 - - [08/Jan/2023:20:03:06 -0800] "GET /wigner/wignobel.html HTTP/1.1" 200 4026 "-" "Mozilla/5.0 (compatible; MJ12bot/v1.4.8; http://mj12bot.com/)" "www.ysfine.com"
65.108.41.34 - - [08/Jan/2023:20:03:10 -0800] "GET /wigner/wignobel.html HTTP/1.1" 200 4026 "-" "Mozilla/5.0 (compatible; MJ12bot/v1.4.8; http://mj12bot.com/)" "www.ysfine.com"
65.108.41.34 - - [08/Jan/2023:20:03:15 -0800] "GET /wigner/wigpoinc.html HTTP/1.1" 200 6586 "-" "Mozilla/5.0 (compatible; MJ12bot/v1.4.8; http://mj12bot.com/)" "www.ysfine.com"
65.108.41.34 - - [08/Jan/2023:20:03:25 -0800] "GET /wigner/wstorie.html HTTP/1.1" 200 3909 "-" "Mozilla/5.0 (compatible; MJ12bot/v1.4.8; http://mj12bot.com/)" "www.ysfine.com"
65.108.41.34 - - [08/Jan/2023:20:03:30 -0800] "GET /wigner/wstorie.html HTTP/1.1" 200 3909 "-" "Mozilla/5.0 (compatible; MJ12bot/v1.4.8; http://mj12bot.com/)" "www.ysfine.com"
207.46.13.143 - - [08/Jan/2023:20:03:31 -0800] "GET /newyork/trump02b.jpg HTTP/1.1" 200 61147 "-" "Mozilla/5.0 (compatible; bingbot/2.0; +http://www.bing.com/bingbot.htm)" "ysfine.com"
65.108.41.34 - - [08/Jan/2023:20:03:35 -0800] "GET /wigner/yswig.html HTTP/1.1" 200 7067 "-" "Mozilla/5.0 (compatible; MJ12bot/v1.4.8; http://mj12bot.com/)" "www.ysfine.com"
65.108.41.34 - - [08/Jan/2023:20:03:47 -0800] "GET /wisdom/korart.html HTTP/1.1" 200 3719 "-" "Mozilla/5.0 (compatible; MJ12bot/v1.4.8; http://mj12bot.com/)" "www.ysfine.com"
65.108.41.34 - - [08/Jan/2023:20:03:51 -0800] "GET /wisdom/korart.html HTTP/1.1" 200 3719 "-" "Mozilla/5.0 (compatible; MJ12bot/v1.4.8; http://mj12bot.com/)" "www.ysfine.com"
65.108.41.34 - - [08/Jan/2023:20:03:57 -0800] "GET /wisdom/kwk.html HTTP/1.1" 200 5252 "-" "Mozilla/5.0 (compatible; MJ12bot/v1.4.8; http://mj12bot.com/)" "www.ysfine.com"
65.108.41.34 - - [08/Jan/2023:20:04:08 -0800] "GET /wisdom/quovadis.html HTTP/1.1" 200 3582 "-" "Mozilla/5.0 (compatible; MJ12bot/v1.4.8; http://mj12bot.com/)" "www.ysfine.com"
65.108.41.34 - - [08/Jan/2023:20:04:14 -0800] "GET /wisdom/quovadis.html HTTP/1.1" 200 3582 "-" "Mozilla/5.0 (compatible; MJ12bot/v1.4.8; http://mj12bot.com/)" "www.ysfine.com"
65.108.41.34 - - [08/Jan/2023:20:04:24 -0800] "GET /wisdom/tanks.html HTTP/1.1" 200 8599 "-" "Mozilla/5.0 (compatible; MJ12bot/v1.4.8; http://mj12bot.com/)" "www.ysfine.com"
65.108.41.34 - - [08/Jan/2023:20:04:29 -0800] "GET /wisdom/tanks.html HTTP/1.1" 200 8599 "-" "Mozilla/5.0 (compatible; MJ12bot/v1.4.8; http://mj12bot.com/)" "www.ysfine.com"
65.108.41.34 - - [08/Jan/2023:20:04:38 -0800] "GET /wisdom/wk03.html HTTP/1.1" 200 85378 "-" "Mozilla/5.0 (compatible; MJ12bot/v1.4.8; http://mj12bot.com/)" "www.ysfine.com"
65.108.41.34 - - [08/Jan/2023:20:04:43 -0800] "GET /wisdom/wk03.html HTTP/1.1" 200 85378 "-" "Mozilla/5.0 (compatible; MJ12bot/v1.4.8; http://mj12bot.com/)" "www.ysfine.com"
40.77.167.17 - - [08/Jan/2023:20:04:49 -0800] "GET /wisdom/korart03b.jpg HTTP/1.1" 200 70101 "-" "Mozilla/5.0 AppleWebKit/537.36 (KHTML, like Gecko; compatible; bingbot/2.0; +http://www.bing.com/bingbot.htm) Chrome/103.0.5060.134 Safari/537.36" "www.ysfine.com"
65.108.41.34 - - [08/Jan/2023:20:05:02 -0800] "GET /wisdom/wk04.html HTTP/1.1" 200 71581 "-" "Mozilla/5.0 (compatible; MJ12bot/v1.4.8; http://mj12bot.com/)" "www.ysfine.com"
65.108.41.34 - - [08/Jan/2023:20:05:10 -0800] "GET /wisdom/wk04.html HTTP/1.1" 200 71581 "-" "Mozilla/5.0 (compatible; MJ12bot/v1.4.8; http://mj12bot.com/)" "www.ysfine.com"
65.108.41.34 - - [08/Jan/2023:20:05:30 -0800] "GET /wisdom/wk08.html HTTP/1.1" 200 32569 "-" "Mozilla/5.0 (compatible; MJ12bot/v1.4.8; http://mj12bot.com/)" "www.ysfine.com"
65.108.41.34 - - [08/Jan/2023:20:05:34 -0800] "GET /wisdom/wk08.html HTTP/1.1" 200 32569 "-" "Mozilla/5.0 (compatible; MJ12bot/v1.4.8; http://mj12bot.com/)" "www.ysfine.com"
207.46.13.143 - - [08/Jan/2023:20:05:41 -0800] "GET /bio/bio10.html HTTP/1.1" 404 88 "-" "Mozilla/5.0 AppleWebKit/537.36 (KHTML, like Gecko; compatible; bingbot/2.0; +http://www.bing.com/bingbot.htm) Chrome/103.0.5060.134 Safari/537.36" "ysfine.com"
65.108.41.34 - - [08/Jan/2023:20:06:00 -0800] "GET /wisdom/wk10.html HTTP/1.1" 200 24659 "-" "Mozilla/5.0 (compatible; MJ12bot/v1.4.8; http://mj12bot.com/)" "www.ysfine.com"
65.108.41.34 - - [08/Jan/2023:20:06:10 -0800] "GET /wisdom/wk12.html HTTP/1.1" 200 2781 "-" "Mozilla/5.0 (compatible; MJ12bot/v1.4.8; http://mj12bot.com/)" "www.ysfine.com"
65.108.41.34 - - [08/Jan/2023:20:06:17 -0800] "GET /wisdom/wk12.html HTTP/1.1" 200 2781 "-" "Mozilla/5.0 (compatible; MJ12bot/v1.4.8; http://mj12bot.com/)" "www.ysfine.com"
65.108.41.34 - - [08/Jan/2023:20:06:42 -0800] "GET /wisdom/wkrigh.html HTTP/1.1" 200 4130 "-" "Mozilla/5.0 (compatible; MJ12bot/v1.4.8; http://mj12bot.com/)" "www.ysfine.com"
65.108.41.34 - - [08/Jan/2023:20:06:56 -0800] "GET /wisdom/wkwireless.html HTTP/1.1" 200 6236 "-" "Mozilla/5.0 (compatible; MJ12bot/v1.4.8; http://mj12bot.com/)" "www.ysfine.com"
65.108.41.34 - - [08/Jan/2023:20:07:03 -0800] "GET /wisdom/wkwireless.html HTTP/1.1" 200 6236 "-" "Mozilla/5.0 (compatible; MJ12bot/v1.4.8; http://mj12bot.com/)" "www.ysfine.com"
65.108.41.34 - - [08/Jan/2023:20:07:12 -0800] "GET /wisdom/yitol.html HTTP/1.1" 200 6261 "-" "Mozilla/5.0 (compatible; MJ12bot/v1.4.8; http://mj12bot.com/)" "www.ysfine.com"
65.108.41.34 - - [08/Jan/2023:20:07:26 -0800] "GET /world/arusas.html HTTP/1.1" 200 7838 "-" "Mozilla/5.0 (compatible; MJ12bot/v1.4.8; http://mj12bot.com/)" "www.ysfine.com"
65.108.41.34 - - [08/Jan/2023:20:07:31 -0800] "GET /world/arusas.html HTTP/1.1" 200 7838 "-" "Mozilla/5.0 (compatible; MJ12bot/v1.4.8; http://mj12bot.com/)" "www.ysfine.com"
114.119.165.43 - - [08/Jan/2023:20:07:33 -0800] "GET /dirac/dirmatrix.pdf HTTP/1.1" 200 12724 "https://ysfine.com/dirac/dirpoems.html" "Mozilla/5.0 (Linux; Android 7.0;) AppleWebKit/537.36 (KHTML, like Gecko) Mobile Safari/537.36 (compatible; PetalBot;+https://webmaster.petalsearch.com/site/petalbot)" "ysfine.com"
207.46.13.176 - - [08/Jan/2023:20:07:50 -0800] "GET /bio/kobak/soraech.html HTTP/1.1" 404 88 "-" "Mozilla/5.0 (compatible; bingbot/2.0; +http://www.bing.com/bingbot.htm)" "ysfine.com"
65.108.41.34 - - [08/Jan/2023:20:07:51 -0800] "GET /world/balticw.html HTTP/1.1" 200 15785 "-" "Mozilla/5.0 (compatible; MJ12bot/v1.4.8; http://mj12bot.com/)" "www.ysfine.com"
65.108.41.34 - - [08/Jan/2023:20:07:57 -0800] "GET /world/balticw.html HTTP/1.1" 200 15785 "-" "Mozilla/5.0 (compatible; MJ12bot/v1.4.8; http://mj12bot.com/)" "www.ysfine.com"
162.119.232.100 - - [08/Jan/2023:20:08:05 -0800] "GET /princeton/alexan11.jpg HTTP/1.1" 200 118946 "https://www.google.com/" "Mozilla/5.0 (Windows NT 10.0; Win64; x64) AppleWebKit/537.36 (KHTML, like Gecko) Chrome/108.0.0.0 Safari/537.36 Edg/108.0.1462.76" "ysfine.com"
65.108.41.34 - - [08/Jan/2023:20:08:07 -0800] "GET /world/berlin.html HTTP/1.1" 200 16173 "-" "Mozilla/5.0 (compatible; MJ12bot/v1.4.8; http://mj12bot.com/)" "www.ysfine.com"
54.36.148.123 - - [08/Jan/2023:20:08:10 -0800] "GET /robots.txt HTTP/1.1" 404 88 "-" "Mozilla/5.0 (compatible; AhrefsBot/7.0; +http://ahrefs.com/robot/)" "www.ysfine.com"
162.119.232.100 - - [08/Jan/2023:20:08:12 -0800] "GET /princeton/alexan22.jpg HTTP/1.1" 200 175436 "https://www.google.com/" "Mozilla/5.0 (Windows NT 10.0; Win64; x64) AppleWebKit/537.36 (KHTML, like Gecko) Chrome/108.0.0.0 Safari/537.36 Edg/108.0.1462.76" "ysfine.com"
51.222.253.15 - - [08/Jan/2023:20:08:11 -0800] "GET /class54/class5480/Pictures/2.%C3%AA%C2%B8%C2%B0%C3%AB%C2%85%C2%90%C3%AD%C2%96%C2%89%C3%AC%C2%82%C2%AC/?C=M;O=D HTTP/1.1" 200 1767 "-" "Mozilla/5.0 (compatible; AhrefsBot/7.0; +http://ahrefs.com/robot/)" "www.ysfine.com"
65.108.41.34 - - [08/Jan/2023:20:08:13 -0800] "GET /world/berlin.html HTTP/1.1" 200 16173 "-" "Mozilla/5.0 (compatible; MJ12bot/v1.4.8; http://mj12bot.com/)" "www.ysfine.com"
65.108.41.34 - - [08/Jan/2023:20:08:24 -0800] "GET /world/bologna.html HTTP/1.1" 200 6357 "-" "Mozilla/5.0 (compatible; MJ12bot/v1.4.8; http://mj12bot.com/)" "www.ysfine.com"
162.119.232.100 - - [08/Jan/2023:20:08:26 -0800] "GET /princeton/withers01.jpg HTTP/1.1" 200 113946 "https://www.google.com/" "Mozilla/5.0 (Windows NT 10.0; Win64; x64) AppleWebKit/537.36 (KHTML, like Gecko) Chrome/108.0.0.0 Safari/537.36 Edg/108.0.1462.76" "ysfine.com"
65.108.41.34 - - [08/Jan/2023:20:08:26 -0800] "GET /world/bologna.html HTTP/1.1" 200 6357 "-" "Mozilla/5.0 (compatible; MJ12bot/v1.4.8; http://mj12bot.com/)" "www.ysfine.com"
65.108.41.34 - - [08/Jan/2023:20:08:39 -0800] "GET /world/brit/britmu.html HTTP/1.1" 200 4897 "-" "Mozilla/5.0 (compatible; MJ12bot/v1.4.8; http://mj12bot.com/)" "www.ysfine.com"
65.108.41.34 - - [08/Jan/2023:20:08:45 -0800] "GET /world/brit/britmu.html HTTP/1.1" 200 4897 "-" "Mozilla/5.0 (compatible; MJ12bot/v1.4.8; http://mj12bot.com/)" "www.ysfine.com"
65.108.41.34 - - [08/Jan/2023:20:08:53 -0800] "GET /world/brit/etonharrow.html HTTP/1.1" 200 4544 "-" "Mozilla/5.0 (compatible; MJ12bot/v1.4.8; http://mj12bot.com/)" "www.ysfine.com"
65.108.41.34 - - [08/Jan/2023:20:08:59 -0800] "GET /world/brit/etonharrow.html HTTP/1.1" 200 4544 "-" "Mozilla/5.0 (compatible; MJ12bot/v1.4.8; http://mj12bot.com/)" "www.ysfine.com"
114.119.143.119 - - [08/Jan/2023:20:09:01 -0800] "GET /class54/tallman.html HTTP/1.1" 200 5912 "https://ysfine.com/bio05.html" "Mozilla/5.0 (Linux; Android 7.0;) AppleWebKit/537.36 (KHTML, like Gecko) Mobile Safari/537.36 (compatible; PetalBot;+https://webmaster.petalsearch.com/site/petalbot)" "ysfine.com"
65.108.41.34 - - [08/Jan/2023:20:09:04 -0800] "GET /world/france/champ12.html HTTP/1.1" 200 339 "-" "Mozilla/5.0 (compatible; MJ12bot/v1.4.8; http://mj12bot.com/)" "www.ysfine.com"
207.46.13.31 - - [08/Jan/2023:20:09:09 -0800] "GET /beau/nicaragua01.jpg HTTP/1.1" 404 88 "-" "Mozilla/5.0 (compatible; bingbot/2.0; +http://www.bing.com/bingbot.htm)" "ysfine.com"
65.108.41.34 - - [08/Jan/2023:20:09:10 -0800] "GET /world/france/champ96.html HTTP/1.1" 200 336 "-" "Mozilla/5.0 (compatible; MJ12bot/v1.4.8; http://mj12bot.com/)" "www.ysfine.com"
157.55.39.149 - - [08/Jan/2023:20:09:14 -0800] "GET /bio/style/proschanie.html HTTP/1.1" 404 88 "-" "Mozilla/5.0 AppleWebKit/537.36 (KHTML, like Gecko; compatible; bingbot/2.0; +http://www.bing.com/bingbot.htm) Chrome/103.0.5060.134 Safari/537.36" "ysfine.com"
65.108.41.34 - - [08/Jan/2023:20:09:16 -0800] "GET /world/france/metznyork.html HTTP/1.1" 200 305 "-" "Mozilla/5.0 (compatible; MJ12bot/v1.4.8; http://mj12bot.com/)" "www.ysfine.com"
65.108.41.34 - - [08/Jan/2023:20:09:22 -0800] "GET /world/ital/pantheon.html HTTP/1.1" 200 277 "-" "Mozilla/5.0 (compatible; MJ12bot/v1.4.8; http://mj12bot.com/)" "www.ysfine.com"
65.108.41.34 - - [08/Jan/2023:20:09:29 -0800] "GET /world/ital/uffizi22.html HTTP/1.1" 200 402 "-" "Mozilla/5.0 (compatible; MJ12bot/v1.4.8; http://mj12bot.com/)" "www.ysfine.com"
65.108.41.34 - - [08/Jan/2023:20:09:36 -0800] "GET /world/poland/copernijagel.html HTTP/1.1" 200 309 "-" "Mozilla/5.0 (compatible; MJ12bot/v1.4.8; http://mj12bot.com/)" "www.ysfine.com"
65.108.41.34 - - [08/Jan/2023:20:09:41 -0800] "GET /world/poland/copernisq.html HTTP/1.1" 200 474 "-" "Mozilla/5.0 (compatible; MJ12bot/v1.4.8; http://mj12bot.com/)" "www.ysfine.com"
65.108.41.34 - - [08/Jan/2023:20:09:46 -0800] "GET /world/russ/dnepro.html HTTP/1.1" 200 439 "-" "Mozilla/5.0 (compatible; MJ12bot/v1.4.8; http://mj12bot.com/)" "www.ysfine.com"
87.250.224.78 - - [08/Jan/2023:20:09:47 -0800] "GET /fdx/fdxbot.html HTTP/1.1" 401 90 "-" "Mozilla/5.0 (compatible; YandexBot/3.0; +http://yandex.com/bots) AppleWebKit/537.36 (KHTML, like Gecko) Chrome/81.0.4044.268" "www.ysfine.com"
65.108.41.34 - - [08/Jan/2023:20:09:48 -0800] "GET /world/russ/khahi.html HTTP/1.1" 200 747 "-" "Mozilla/5.0 (compatible; MJ12bot/v1.4.8; http://mj12bot.com/)" "www.ysfine.com"
65.108.41.34 - - [08/Jan/2023:20:09:52 -0800] "GET /world/russ/promotion.html HTTP/1.1" 200 438 "-" "Mozilla/5.0 (compatible; MJ12bot/v1.4.8; http://mj12bot.com/)" "www.ysfine.com"
65.108.41.34 - - [08/Jan/2023:20:09:55 -0800] "GET /world/russ/twosist.html HTTP/1.1" 200 400 "-" "Mozilla/5.0 (compatible; MJ12bot/v1.4.8; http://mj12bot.com/)" "www.ysfine.com"
65.108.41.34 - - [08/Jan/2023:20:09:59 -0800] "GET /world/scandi/copenhi.html HTTP/1.1" 200 377 "-" "Mozilla/5.0 (compatible; MJ12bot/v1.4.8; http://mj12bot.com/)" "www.ysfine.com"
65.108.41.34 - - [08/Jan/2023:20:10:02 -0800] "GET /eink/index.html HTTP/1.1" 200 17716 "-" "Mozilla/5.0 (compatible; MJ12bot/v1.4.8; http://mj12bot.com/)" "www.ysfine.com"
58.166.242.204 - - [08/Jan/2023:20:10:06 -0800] "GET /v2/D0288C33-74A3-485D-B78C-70C6F07E11D1?v=DownloadsCounter222_2 HTTP/1.1" 404 73 "-" "Mozilla/5.0 (Windows NT; Windows NT 10.0; en-AU) WindowsPowerShell/5.1.19041.2364" "ysfine.com"
65.108.41.34 - - [08/Jan/2023:20:10:10 -0800] "GET /einstein/bern.html HTTP/1.1" 200 8314 "-" "Mozilla/5.0 (compatible; MJ12bot/v1.4.8; http://mj12bot.com/)" "www.ysfine.com"
40.77.167.49 - - [08/Jan/2023:20:10:13 -0800] "GET /bio/feynman/fphoto.html HTTP/1.1" 404 88 "-" "Mozilla/5.0 (compatible; bingbot/2.0; +http://www.bing.com/bingbot.htm)" "ysfine.com"
65.108.41.34 - - [08/Jan/2023:20:10:16 -0800] "GET /einstein/einusa.html HTTP/1.1" 200 8153 "-" "Mozilla/5.0 (compatible; MJ12bot/v1.4.8; http://mj12bot.com/)" "www.ysfine.com"
157.55.39.149 - - [08/Jan/2023:20:10:13 -0800] "GET /bio/wigner/wigleft.html HTTP/1.1" 404 88 "-" "Mozilla/5.0 AppleWebKit/537.36 (KHTML, like Gecko; compatible; bingbot/2.0; +http://www.bing.com/bingbot.htm) Chrome/103.0.5060.134 Safari/537.36" "www.ysfine.com"
172.58.242.99 - - [08/Jan/2023:20:10:13 -0800] "GET /kobak/kimjap22.jpg HTTP/1.1" 200 84603 "https://www.google.com/" "Mozilla/5.0 (iPhone; CPU iPhone OS 16_1_1 like Mac OS X) AppleWebKit/605.1.15 (KHTML, like Gecko) Version/16.1 Mobile/15E148 Safari/604.1" "ysfine.com"
172.58.242.99 - - [08/Jan/2023:20:10:17 -0800] "GET /kobak/kimjap11.jpg HTTP/1.1" 200 114962 "https://www.google.com/" "Mozilla/5.0 (iPhone; CPU iPhone OS 16_1_1 like Mac OS X) AppleWebKit/605.1.15 (KHTML, like Gecko) Version/16.1 Mobile/15E148 Safari/604.1" "ysfine.com"
65.108.41.34 - - [08/Jan/2023:20:10:19 -0800] "GET /einstein/einwo.html HTTP/1.1" 200 4222 "-" "Mozilla/5.0 (compatible; MJ12bot/v1.4.8; http://mj12bot.com/)" "www.ysfine.com"
65.108.41.34 - - [08/Jan/2023:20:10:22 -0800] "GET /einstein/ulm22.html HTTP/1.1" 200 6581 "-" "Mozilla/5.0 (compatible; MJ12bot/v1.4.8; http://mj12bot.com/)" "www.ysfine.com"
129.146.234.171 - - [08/Jan/2023:20:10:22 -0800] "GET /maga/desiree.html HTTP/1.1" 200 2747 "-" "Mozilla/5.0 (Windows NT 10.0; Win64; x64) AppleWebKit/537.36 (KHTML, like Gecko) Chrome/108.0.0.0 Safari/537.36" "ysfine.com"
129.146.234.171 - - [08/Jan/2023:20:10:23 -0800] "GET /maga/histo/swedking01b.jpg HTTP/1.1" 200 41020 "https://ysfine.com/maga/desiree.html" "Mozilla/5.0 (Windows NT 10.0; Win64; x64) AppleWebKit/537.36 (KHTML, like Gecko) Chrome/108.0.0.0 Safari/537.36" "ysfine.com"
129.146.234.171 - - [08/Jan/2023:20:10:23 -0800] "GET /maga/histo/desiree23b.jpg HTTP/1.1" 200 40638 "https://ysfine.com/maga/desiree.html" "Mozilla/5.0 (Windows NT 10.0; Win64; x64) AppleWebKit/537.36 (KHTML, like Gecko) Chrome/108.0.0.0 Safari/537.36" "ysfine.com"
129.146.234.171 - - [08/Jan/2023:20:10:23 -0800] "GET /maga/histo/victoria01b.jpg HTTP/1.1" 200 36748 "https://ysfine.com/maga/desiree.html" "Mozilla/5.0 (Windows NT 10.0; Win64; x64) AppleWebKit/537.36 (KHTML, like Gecko) Chrome/108.0.0.0 Safari/537.36" "ysfine.com"
129.146.234.171 - - [08/Jan/2023:20:10:23 -0800] "GET /maga/histo/oscar33a.jpg HTTP/1.1" 200 47506 "https://ysfine.com/maga/desiree.html" "Mozilla/5.0 (Windows NT 10.0; Win64; x64) AppleWebKit/537.36 (KHTML, like Gecko) Chrome/108.0.0.0 Safari/537.36" "ysfine.com"
129.146.234.171 - - [08/Jan/2023:20:10:23 -0800] "GET /maga/histo/desiree22b.jpg HTTP/1.1" 200 44724 "https://ysfine.com/maga/desiree.html" "Mozilla/5.0 (Windows NT 10.0; Win64; x64) AppleWebKit/537.36 (KHTML, like Gecko) Chrome/108.0.0.0 Safari/537.36" "ysfine.com"
129.146.234.171 - - [08/Jan/2023:20:10:23 -0800] "GET /maga/histo/desiree25b.jpg HTTP/1.1" 200 38423 "https://ysfine.com/maga/desiree.html" "Mozilla/5.0 (Windows NT 10.0; Win64; x64) AppleWebKit/537.36 (KHTML, like Gecko) Chrome/108.0.0.0 Safari/537.36" "ysfine.com"
129.146.234.171 - - [08/Jan/2023:20:10:23 -0800] "GET /maga/histo/oscar22b.jpg HTTP/1.1" 200 36819 "https://ysfine.com/maga/desiree.html" "Mozilla/5.0 (Windows NT 10.0; Win64; x64) AppleWebKit/537.36 (KHTML, like Gecko) Chrome/108.0.0.0 Safari/537.36" "ysfine.com"
129.146.234.171 - - [08/Jan/2023:20:10:23 -0800] "GET /maga/histo/desiree21b.jpg HTTP/1.1" 200 40810 "https://ysfine.com/maga/desiree.html" "Mozilla/5.0 (Windows NT 10.0; Win64; x64) AppleWebKit/537.36 (KHTML, like Gecko) Chrome/108.0.0.0 Safari/537.36" "ysfine.com"
129.146.234.171 - - [08/Jan/2023:20:10:23 -0800] "GET /maga/histo/desiree24b.jpg HTTP/1.1" 200 44371 "https://ysfine.com/maga/desiree.html" "Mozilla/5.0 (Windows NT 10.0; Win64; x64) AppleWebKit/537.36 (KHTML, like Gecko) Chrome/108.0.0.0 Safari/537.36" "ysfine.com"
129.146.234.171 - - [08/Jan/2023:20:10:23 -0800] "GET /eink/eink61c.jpg HTTP/1.1" 200 34119 "https://ysfine.com/maga/desiree.html" "Mozilla/5.0 (Windows NT 10.0; Win64; x64) AppleWebKit/537.36 (KHTML, like Gecko) Chrome/108.0.0.0 Safari/537.36" "ysfine.com"
129.146.234.171 - - [08/Jan/2023:20:10:24 -0800] "GET /favicon.ico HTTP/1.1" 404 88 "https://ysfine.com/maga/desiree.html" "Mozilla/5.0 (Windows NT 10.0; Win64; x64) AppleWebKit/537.36 (KHTML, like Gecko) Chrome/108.0.0.0 Safari/537.36" "ysfine.com"
40.77.167.49 - - [08/Jan/2023:20:11:44 -0800] "GET /bio/style/ystyle.html HTTP/1.1" 404 88 "-" "Mozilla/5.0 AppleWebKit/537.36 (KHTML, like Gecko; compatible; bingbot/2.0; +http://www.bing.com/bingbot.htm) Chrome/103.0.5060.134 Safari/537.36" "ysfine.com"
5.255.253.103 - - [08/Jan/2023:20:11:48 -0800] "GET /world/ital/uffizi02.html HTTP/1.1" 200 401 "-" "Mozilla/5.0 (compatible; YandexBot/3.0; +http://yandex.com/bots) AppleWebKit/537.36 (KHTML, like Gecko) Chrome/81.0.4044.268" "www.ysfine.com"
142.132.172.59 - - [08/Jan/2023:20:12:23 -0800] "GET /world/poland/gdnu02.jpg HTTP/1.1" 200 77469 "-" "Mozilla/5.0 (X11; Fedora; Linux x86_64) AppleWebKit/537.36 (KHTML, like Gecko) Chrome/79.0.3945.117 Safari/537.36" "ysfine.com"
70.54.108.120 - - [08/Jan/2023:20:12:38 -0800] "GET /dirac/wigsis11.jpg HTTP/1.1" 200 71741 "https://www.google.com/" "Mozilla/5.0 (Windows NT 10.0; Win64; x64) AppleWebKit/537.36 (KHTML, like Gecko) Chrome/108.0.0.0 Safari/537.36" "ysfine.com"
167.235.244.60 - - [08/Jan/2023:20:13:45 -0800] "GET /world/china/xian02.jpg HTTP/1.1" 200 68876 "-" "Mozilla/5.0 (X11; Fedora; Linux x86_64) AppleWebKit/537.36 (KHTML, like Gecko) Chrome/79.0.3945.117 Safari/537.36" "ysfine.com"
207.46.13.176 - - [08/Jan/2023:20:13:51 -0800] "GET /bio/optics.html HTTP/1.1" 404 88 "-" "Mozilla/5.0 (compatible; bingbot/2.0; +http://www.bing.com/bingbot.htm)" "ysfine.com"
207.46.13.31 - - [08/Jan/2023:20:14:09 -0800] "GET /bio/style/artlove.html HTTP/1.1" 404 88 "-" "Mozilla/5.0 AppleWebKit/537.36 (KHTML, like Gecko; compatible; bingbot/2.0; +http://www.bing.com/bingbot.htm) Chrome/103.0.5060.134 Safari/537.36" "ysfine.com"
207.46.13.176 - - [08/Jan/2023:20:15:10 -0800] "GET /princeton/pros06.jpg HTTP/1.1" 200 76933 "-" "Mozilla/5.0 (compatible; bingbot/2.0; +http://www.bing.com/bingbot.htm)" "ysfine.com"
52.88.101.239 - - [08/Jan/2023:20:16:09 -0800] "GET / HTTP/1.1" 200 5295 "-" "Mozilla/5.0 (X11; Linux x86_64) AppleWebKit/537.36 (KHTML, like Gecko) Chrome/83.0.4103.97 Safari/537.36" "ysfine.com"
54.213.155.50 - - [08/Jan/2023:20:16:16 -0800] "GET / HTTP/1.1" 200 5295 "-" "Mozilla/5.0 (X11; Linux x86_64) AppleWebKit/537.36 (KHTML, like Gecko) Chrome/83.0.4103.97 Safari/537.36" "ysfine.com"
35.164.111.235 - - [08/Jan/2023:20:16:32 -0800] "GET /favicon.ico HTTP/1.1" 404 88 "-" "Mozilla/5.0 (X11; Linux x86_64) AppleWebKit/537.36 (KHTML, like Gecko) Chrome/83.0.4103.97 Safari/537.36" "ysfine.com"
34.217.24.10 - - [08/Jan/2023:20:16:36 -0800] "GET /favicon.ico HTTP/1.1" 404 88 "http://ysfine.com/favicon.ico" "Mozilla/5.0 (X11; Linux x86_64) AppleWebKit/537.36 (KHTML, like Gecko) Chrome/83.0.4103.97 Safari/537.36" "ysfine.com"
35.164.111.235 - - [08/Jan/2023:20:16:35 -0800] "GET / HTTP/1.1" 200 5295 "-" "Mozilla/5.0 (X11; Linux x86_64) AppleWebKit/537.36 (KHTML, like Gecko) Chrome/83.0.4103.97 Safari/537.36" "ysfine.com"
34.217.24.10 - - [08/Jan/2023:20:16:41 -0800] "GET / HTTP/1.1" 200 5295 "http://ysfine.com" "Mozilla/5.0 (X11; Linux x86_64) AppleWebKit/537.36 (KHTML, like Gecko) Chrome/83.0.4103.97 Safari/537.36" "ysfine.com"
40.77.167.17 - - [08/Jan/2023:20:17:21 -0800] "GET /bio/style/leica.html HTTP/1.1" 404 88 "-" "Mozilla/5.0 AppleWebKit/537.36 (KHTML, like Gecko; compatible; bingbot/2.0; +http://www.bing.com/bingbot.htm) Chrome/103.0.5060.134 Safari/537.36" "ysfine.com"
114.119.138.188 - - [08/Jan/2023:20:17:38 -0800] "GET /dirac/dirk62.html HTTP/1.1" 200 3949 "https://www.ysfine.com/awards/index.html" "Mozilla/5.0 (Linux; Android 7.0;) AppleWebKit/537.36 (KHTML, like Gecko) Mobile Safari/537.36 (compatible; PetalBot;+https://webmaster.petalsearch.com/site/petalbot)" "www.ysfine.com"
207.46.13.143 - - [08/Jan/2023:20:17:51 -0800] "GET /bio/world/season.html HTTP/1.1" 404 88 "-" "Mozilla/5.0 (compatible; bingbot/2.0; +http://www.bing.com/bingbot.htm)" "ysfine.com"
51.222.253.14 - - [08/Jan/2023:20:18:03 -0800] "GET /class54/class5480/Pictures/2.%C3%AA%C2%B8%C2%B0%C3%AB%C2%85%C2%90%C3%AD%C2%96%C2%89%C3%AC%C2%82%C2%AC/?C=S;O=D HTTP/1.1" 200 1688 "-" "Mozilla/5.0 (compatible; AhrefsBot/7.0; +http://ahrefs.com/robot/)" "www.ysfine.com"
5.23.168.169 - - [08/Jan/2023:20:18:34 -0800] "GET /heisen/dirheisen22.jpg HTTP/1.1" 200 107372 "https://www.google.com/" "Mozilla/5.0 (Linux; Android 13; SM-A528B Build/TP1A.220624.014; wv) AppleWebKit/537.36 (KHTML, like Gecko) Version/4.0 Chrome/108.0.5359.128 Mobile Safari/537.36 GoogleApp/13.48.11.26.arm64" "ysfine.com"
114.119.143.226 - - [08/Jan/2023:20:19:00 -0800] "GET /awards/marq/marq22a.jpg HTTP/1.1" 200 89693 "https://www.ysfine.com/home/easy.html" "Mozilla/5.0 (Linux; Android 7.0;) AppleWebKit/537.36 (KHTML, like Gecko) Mobile Safari/537.36 (compatible; PetalBot;+https://webmaster.petalsearch.com/site/petalbot)" "www.ysfine.com"
136.226.235.90 - - [08/Jan/2023:20:19:08 -0800] "GET /maga/landau.html HTTP/1.1" 200 6658 "https://www.google.com/" "Mozilla/5.0 (Windows NT 10.0; Win64; x64) AppleWebKit/537.36 (KHTML, like Gecko) Chrome/108.0.0.0 Safari/537.36" "ysfine.com"
136.226.235.90 - - [08/Jan/2023:20:19:08 -0800] "GET /maga/phys/landau44.jpg HTTP/1.1" 200 38430 "https://ysfine.com/maga/landau.html" "Mozilla/5.0 (Windows NT 10.0; Win64; x64) AppleWebKit/537.36 (KHTML, like Gecko) Chrome/108.0.0.0 Safari/537.36" "ysfine.com"
136.226.235.90 - - [08/Jan/2023:20:19:08 -0800] "GET /kowar/mil/tank05b.jpg HTTP/1.1" 404 88 "https://ysfine.com/maga/landau.html" "Mozilla/5.0 (Windows NT 10.0; Win64; x64) AppleWebKit/537.36 (KHTML, like Gecko) Chrome/108.0.0.0 Safari/537.36" "ysfine.com"
136.226.235.90 - - [08/Jan/2023:20:19:08 -0800] "GET /style/cameras/fed3b.jpg HTTP/1.1" 200 42824 "https://ysfine.com/maga/landau.html" "Mozilla/5.0 (Windows NT 10.0; Win64; x64) AppleWebKit/537.36 (KHTML, like Gecko) Chrome/108.0.0.0 Safari/537.36" "ysfine.com"
136.226.235.90 - - [08/Jan/2023:20:19:08 -0800] "GET /maga/phys/landau55b.jpg HTTP/1.1" 200 31969 "https://ysfine.com/maga/landau.html" "Mozilla/5.0 (Windows NT 10.0; Win64; x64) AppleWebKit/537.36 (KHTML, like Gecko) Chrome/108.0.0.0 Safari/537.36" "ysfine.com"
136.226.235.90 - - [08/Jan/2023:20:19:08 -0800] "GET /world/russ/afanasiev01b.jpg HTTP/1.1" 200 40004 "https://ysfine.com/maga/landau.html" "Mozilla/5.0 (Windows NT 10.0; Win64; x64) AppleWebKit/537.36 (KHTML, like Gecko) Chrome/108.0.0.0 Safari/537.36" "ysfine.com"
136.226.235.90 - - [08/Jan/2023:20:19:08 -0800] "GET /maga/phys/landau33.jpg HTTP/1.1" 200 32477 "https://ysfine.com/maga/landau.html" "Mozilla/5.0 (Windows NT 10.0; Win64; x64) AppleWebKit/537.36 (KHTML, like Gecko) Chrome/108.0.0.0 Safari/537.36" "ysfine.com"
136.226.235.90 - - [08/Jan/2023:20:19:08 -0800] "GET /maga/phys/volkova01b.jpg HTTP/1.1" 200 42370 "https://ysfine.com/maga/landau.html" "Mozilla/5.0 (Windows NT 10.0; Win64; x64) AppleWebKit/537.36 (KHTML, like Gecko) Chrome/108.0.0.0 Safari/537.36" "ysfine.com"
136.226.235.90 - - [08/Jan/2023:20:19:08 -0800] "GET /friends/ukrahigh2.jpg HTTP/1.1" 404 88 "https://ysfine.com/maga/landau.html" "Mozilla/5.0 (Windows NT 10.0; Win64; x64) AppleWebKit/537.36 (KHTML, like Gecko) Chrome/108.0.0.0 Safari/537.36" "ysfine.com"
136.226.235.90 - - [08/Jan/2023:20:19:08 -0800] "GET /maga/phys/landau22.jpg HTTP/1.1" 200 37141 "https://ysfine.com/maga/landau.html" "Mozilla/5.0 (Windows NT 10.0; Win64; x64) AppleWebKit/537.36 (KHTML, like Gecko) Chrome/108.0.0.0 Safari/537.36" "ysfine.com"
136.226.235.90 - - [08/Jan/2023:20:19:08 -0800] "GET /maga/phys/volkova00b.jpg HTTP/1.1" 200 48898 "https://ysfine.com/maga/landau.html" "Mozilla/5.0 (Windows NT 10.0; Win64; x64) AppleWebKit/537.36 (KHTML, like Gecko) Chrome/108.0.0.0 Safari/537.36" "ysfine.com"
136.226.235.90 - - [08/Jan/2023:20:19:08 -0800] "GET /maga/phys/landau35b.jpg HTTP/1.1" 200 26143 "https://ysfine.com/maga/landau.html" "Mozilla/5.0 (Windows NT 10.0; Win64; x64) AppleWebKit/537.36 (KHTML, like Gecko) Chrome/108.0.0.0 Safari/537.36" "ysfine.com"
207.46.13.31 - - [08/Jan/2023:20:19:11 -0800] "GET /bio/sbk/1950.html HTTP/1.1" 404 88 "-" "Mozilla/5.0 AppleWebKit/537.36 (KHTML, like Gecko; compatible; bingbot/2.0; +http://www.bing.com/bingbot.htm) Chrome/103.0.5060.134 Safari/537.36" "ysfine.com"
136.226.235.90 - - [08/Jan/2023:20:19:15 -0800] "GET /favicon.ico HTTP/1.1" 404 88 "https://ysfine.com/maga/landau.html" "Mozilla/5.0 (Windows NT 10.0; Win64; x64) AppleWebKit/537.36 (KHTML, like Gecko) Chrome/108.0.0.0 Safari/537.36" "ysfine.com"
73.65.73.116 - - [08/Jan/2023:20:20:22 -0800] "GET /world/russ/kazanmap22.jpg HTTP/1.1" 200 129761 "-" "Mozilla/5.0 (Macintosh; Intel Mac OS X 10_13_6) AppleWebKit/605.1.15 (KHTML, like Gecko) Version/13.1.2 Safari/605.1.15" "ysfine.com"
207.46.13.31 - - [08/Jan/2023:20:22:30 -0800] "GET /bio/kobak/yskor.html HTTP/1.1" 404 88 "-" "Mozilla/5.0 AppleWebKit/537.36 (KHTML, like Gecko; compatible; bingbot/2.0; +http://www.bing.com/bingbot.htm) Chrome/103.0.5060.134 Safari/537.36" "ysfine.com"
136.226.235.90 - - [08/Jan/2023:20:22:46 -0800] "GET /maga/index.html HTTP/1.1" 200 6127 "https://ysfine.com/maga/landau.html" "Mozilla/5.0 (Windows NT 10.0; Win64; x64) AppleWebKit/537.36 (KHTML, like Gecko) Chrome/108.0.0.0 Safari/537.36" "ysfine.com"
136.226.235.90 - - [08/Jan/2023:20:22:46 -0800] "GET /home/ewk86a.jpg HTTP/1.1" 200 86008 "https://ysfine.com/maga/index.html" "Mozilla/5.0 (Windows NT 10.0; Win64; x64) AppleWebKit/537.36 (KHTML, like Gecko) Chrome/108.0.0.0 Safari/537.36" "ysfine.com"
136.226.235.90 - - [08/Jan/2023:20:22:46 -0800] "GET /eink/pwk19c.jpg HTTP/1.1" 200 57759 "https://ysfine.com/maga/index.html" "Mozilla/5.0 (Windows NT 10.0; Win64; x64) AppleWebKit/537.36 (KHTML, like Gecko) Chrome/108.0.0.0 Safari/537.36" "ysfine.com"
136.226.235.90 - - [08/Jan/2023:20:22:46 -0800] "GET /wigner/wigheis11c.jpg HTTP/1.1" 200 41279 "https://ysfine.com/maga/index.html" "Mozilla/5.0 (Windows NT 10.0; Win64; x64) AppleWebKit/537.36 (KHTML, like Gecko) Chrome/108.0.0.0 Safari/537.36" "ysfine.com"
136.226.235.90 - - [08/Jan/2023:20:22:46 -0800] "GET /maga/osc300.jpg HTTP/1.1" 200 49873 "https://ysfine.com/maga/index.html" "Mozilla/5.0 (Windows NT 10.0; Win64; x64) AppleWebKit/537.36 (KHTML, like Gecko) Chrome/108.0.0.0 Safari/537.36" "ysfine.com"
136.226.235.90 - - [08/Jan/2023:20:22:46 -0800] "GET /maga/phys/maxwell02c.jpg HTTP/1.1" 200 34545 "https://ysfine.com/maga/index.html" "Mozilla/5.0 (Windows NT 10.0; Win64; x64) AppleWebKit/537.36 (KHTML, like Gecko) Chrome/108.0.0.0 Safari/537.36" "ysfine.com"
136.226.235.90 - - [08/Jan/2023:20:22:46 -0800] "GET /usca/pitt/giants55c.jpg HTTP/1.1" 200 47404 "https://ysfine.com/maga/index.html" "Mozilla/5.0 (Windows NT 10.0; Win64; x64) AppleWebKit/537.36 (KHTML, like Gecko) Chrome/108.0.0.0 Safari/537.36" "ysfine.com"
136.226.235.90 - - [08/Jan/2023:20:22:46 -0800] "GET /wdc/jeffm02c.jpg HTTP/1.1" 200 27659 "https://ysfine.com/maga/index.html" "Mozilla/5.0 (Windows NT 10.0; Win64; x64) AppleWebKit/537.36 (KHTML, like Gecko) Chrome/108.0.0.0 Safari/537.36" "ysfine.com"
136.226.235.90 - - [08/Jan/2023:20:22:46 -0800] "GET /dirac/dirac77c.jpg HTTP/1.1" 200 30547 "https://ysfine.com/maga/index.html" "Mozilla/5.0 (Windows NT 10.0; Win64; x64) AppleWebKit/537.36 (KHTML, like Gecko) Chrome/108.0.0.0 Safari/537.36" "ysfine.com"
136.226.235.90 - - [08/Jan/2023:20:22:46 -0800] "GET /eink/eink61c.jpg HTTP/1.1" 200 34119 "https://ysfine.com/maga/index.html" "Mozilla/5.0 (Windows NT 10.0; Win64; x64) AppleWebKit/537.36 (KHTML, like Gecko) Chrome/108.0.0.0 Safari/537.36" "ysfine.com"
136.226.235.90 - - [08/Jan/2023:20:22:46 -0800] "GET /feynman/feygell66c.jpg HTTP/1.1" 200 32056 "https://ysfine.com/maga/index.html" "Mozilla/5.0 (Windows NT 10.0; Win64; x64) AppleWebKit/537.36 (KHTML, like Gecko) Chrome/108.0.0.0 Safari/537.36" "ysfine.com"
136.226.235.90 - - [08/Jan/2023:20:22:46 -0800] "GET /world/ital/stcroce02c.jpg HTTP/1.1" 200 53725 "https://ysfine.com/maga/index.html" "Mozilla/5.0 (Windows NT 10.0; Win64; x64) AppleWebKit/537.36 (KHTML, like Gecko) Chrome/108.0.0.0 Safari/537.36" "ysfine.com"
136.226.235.90 - - [08/Jan/2023:20:22:46 -0800] "GET /kobak/swr51c.jpg HTTP/1.1" 200 35677 "https://ysfine.com/maga/index.html" "Mozilla/5.0 (Windows NT 10.0; Win64; x64) AppleWebKit/537.36 (KHTML, like Gecko) Chrome/108.0.0.0 Safari/537.36" "ysfine.com"
136.226.235.90 - - [08/Jan/2023:20:22:46 -0800] "GET /maga/phys/bohrheis11c.jpg HTTP/1.1" 200 41285 "https://ysfine.com/maga/index.html" "Mozilla/5.0 (Windows NT 10.0; Win64; x64) AppleWebKit/537.36 (KHTML, like Gecko) Chrome/108.0.0.0 Safari/537.36" "ysfine.com"
136.226.235.90 - - [08/Jan/2023:20:22:46 -0800] "GET /wigner/lunch300.jpg HTTP/1.1" 200 31870 "https://ysfine.com/maga/index.html" "Mozilla/5.0 (Windows NT 10.0; Win64; x64) AppleWebKit/537.36 (KHTML, like Gecko) Chrome/108.0.0.0 Safari/537.36" "ysfine.com"
136.226.235.90 - - [08/Jan/2023:20:22:46 -0800] "GET /world/baltic/kalin12c.jpg HTTP/1.1" 200 31031 "https://ysfine.com/maga/index.html" "Mozilla/5.0 (Windows NT 10.0; Win64; x64) AppleWebKit/537.36 (KHTML, like Gecko) Chrome/108.0.0.0 Safari/537.36" "ysfine.com"
136.226.235.90 - - [08/Jan/2023:20:22:46 -0800] "GET /maga/phys/canal22c.jpg HTTP/1.1" 200 30307 "https://ysfine.com/maga/index.html" "Mozilla/5.0 (Windows NT 10.0; Win64; x64) AppleWebKit/537.36 (KHTML, like Gecko) Chrome/108.0.0.0 Safari/537.36" "ysfine.com"
136.226.235.90 - - [08/Jan/2023:20:23:58 -0800] "GET /einstein/heisenberg.html HTTP/1.1" 200 10552 "https://ysfine.com/maga/index.html" "Mozilla/5.0 (Windows NT 10.0; Win64; x64) AppleWebKit/537.36 (KHTML, like Gecko) Chrome/108.0.0.0 Safari/537.36" "ysfine.com"
136.226.235.90 - - [08/Jan/2023:20:23:59 -0800] "GET /heisen/heisen66c.jpg HTTP/1.1" 200 43543 "https://ysfine.com/einstein/heisenberg.html" "Mozilla/5.0 (Windows NT 10.0; Win64; x64) AppleWebKit/537.36 (KHTML, like Gecko) Chrome/108.0.0.0 Safari/537.36" "ysfine.com"
136.226.235.90 - - [08/Jan/2023:20:23:59 -0800] "GET /heisen/schroheisen33c.jpg HTTP/1.1" 200 47347 "https://ysfine.com/einstein/heisenberg.html" "Mozilla/5.0 (Windows NT 10.0; Win64; x64) AppleWebKit/537.36 (KHTML, like Gecko) Chrome/108.0.0.0 Safari/537.36" "ysfine.com"
136.226.235.90 - - [08/Jan/2023:20:23:59 -0800] "GET /einstein/tsepa11c.jpg HTTP/1.1" 200 28691 "https://ysfine.com/einstein/heisenberg.html" "Mozilla/5.0 (Windows NT 10.0; Win64; x64) AppleWebKit/537.36 (KHTML, like Gecko) Chrome/108.0.0.0 Safari/537.36" "ysfine.com"
136.226.235.90 - - [08/Jan/2023:20:23:59 -0800] "GET /einstein/einhouse11c.jpg HTTP/1.1" 200 32610 "https://ysfine.com/einstein/heisenberg.html" "Mozilla/5.0 (Windows NT 10.0; Win64; x64) AppleWebKit/537.36 (KHTML, like Gecko) Chrome/108.0.0.0 Safari/537.36" "ysfine.com"
136.226.235.90 - - [08/Jan/2023:20:23:59 -0800] "GET /einstein/einbohr33c.jpg HTTP/1.1" 200 36410 "https://ysfine.com/einstein/heisenberg.html" "Mozilla/5.0 (Windows NT 10.0; Win64; x64) AppleWebKit/537.36 (KHTML, like Gecko) Chrome/108.0.0.0 Safari/537.36" "ysfine.com"
136.226.235.90 - - [08/Jan/2023:20:23:59 -0800] "GET /heisen/bohrheisen11c.jpg HTTP/1.1" 200 41289 "https://ysfine.com/einstein/heisenberg.html" "Mozilla/5.0 (Windows NT 10.0; Win64; x64) AppleWebKit/537.36 (KHTML, like Gecko) Chrome/108.0.0.0 Safari/537.36" "ysfine.com"
136.226.235.90 - - [08/Jan/2023:20:23:59 -0800] "GET /heisen/heisen22c.jpg HTTP/1.1" 200 33300 "https://ysfine.com/einstein/heisenberg.html" "Mozilla/5.0 (Windows NT 10.0; Win64; x64) AppleWebKit/537.36 (KHTML, like Gecko) Chrome/108.0.0.0 Safari/537.36" "ysfine.com"
136.226.235.90 - - [08/Jan/2023:20:23:59 -0800] "GET /einstein/fantova/fanto11c.jpg HTTP/1.1" 200 48308 "https://ysfine.com/einstein/heisenberg.html" "Mozilla/5.0 (Windows NT 10.0; Win64; x64) AppleWebKit/537.36 (KHTML, like Gecko) Chrome/108.0.0.0 Safari/537.36" "ysfine.com"
136.226.235.90 - - [08/Jan/2023:20:24:02 -0800] "GET /wigner/wighome11c.jpg HTTP/1.1" 200 45648 "https://ysfine.com/einstein/heisenberg.html" "Mozilla/5.0 (Windows NT 10.0; Win64; x64) AppleWebKit/537.36 (KHTML, like Gecko) Chrome/108.0.0.0 Safari/537.36" "ysfine.com"
136.226.235.90 - - [08/Jan/2023:20:24:03 -0800] "GET /einstein/texfiles/einheis01.jpg HTTP/1.1" 200 32456 "https://ysfine.com/einstein/heisenberg.html" "Mozilla/5.0 (Windows NT 10.0; Win64; x64) AppleWebKit/537.36 (KHTML, like Gecko) Chrome/108.0.0.0 Safari/537.36" "ysfine.com"
136.226.235.90 - - [08/Jan/2023:20:24:04 -0800] "GET /einstein/texfiles/einheis02.jpg HTTP/1.1" 200 27605 "https://ysfine.com/einstein/heisenberg.html" "Mozilla/5.0 (Windows NT 10.0; Win64; x64) AppleWebKit/537.36 (KHTML, like Gecko) Chrome/108.0.0.0 Safari/537.36" "ysfine.com"
136.226.235.90 - - [08/Jan/2023:20:24:04 -0800] "GET /einstein/texfiles/einheis03.jpg HTTP/1.1" 200 46000 "https://ysfine.com/einstein/heisenberg.html" "Mozilla/5.0 (Windows NT 10.0; Win64; x64) AppleWebKit/537.36 (KHTML, like Gecko) Chrome/108.0.0.0 Safari/537.36" "ysfine.com"
136.226.235.90 - - [08/Jan/2023:20:24:05 -0800] "GET /einstein/texfiles/einheis05.jpg HTTP/1.1" 200 31679 "https://ysfine.com/einstein/heisenberg.html" "Mozilla/5.0 (Windows NT 10.0; Win64; x64) AppleWebKit/537.36 (KHTML, like Gecko) Chrome/108.0.0.0 Safari/537.36" "ysfine.com"
136.226.235.90 - - [08/Jan/2023:20:24:06 -0800] "GET /maga/phys/yukadirac53c.jpg HTTP/1.1" 200 40447 "https://ysfine.com/einstein/heisenberg.html" "Mozilla/5.0 (Windows NT 10.0; Win64; x64) AppleWebKit/537.36 (KHTML, like Gecko) Chrome/108.0.0.0 Safari/537.36" "ysfine.com"
136.226.235.90 - - [08/Jan/2023:20:24:07 -0800] "GET /feynman/ppic/parton88a.jpg HTTP/1.1" 200 55506 "https://ysfine.com/einstein/heisenberg.html" "Mozilla/5.0 (Windows NT 10.0; Win64; x64) AppleWebKit/537.36 (KHTML, like Gecko) Chrome/108.0.0.0 Safari/537.36" "ysfine.com"
136.226.235.90 - - [08/Jan/2023:20:24:07 -0800] "GET /wigner/wigkim11c.jpg HTTP/1.1" 200 30443 "https://ysfine.com/einstein/heisenberg.html" "Mozilla/5.0 (Windows NT 10.0; Win64; x64) AppleWebKit/537.36 (KHTML, like Gecko) Chrome/108.0.0.0 Safari/537.36" "ysfine.com"
136.226.235.90 - - [08/Jan/2023:20:24:08 -0800] "GET /dirac/dirheisen31c.jpg HTTP/1.1" 200 43569 "https://ysfine.com/einstein/heisenberg.html" "Mozilla/5.0 (Windows NT 10.0; Win64; x64) AppleWebKit/537.36 (KHTML, like Gecko) Chrome/108.0.0.0 Safari/537.36" "ysfine.com"
136.226.235.90 - - [08/Jan/2023:20:24:09 -0800] "GET /einstein/math/sp2c.jpg HTTP/1.1" 200 29719 "https://ysfine.com/einstein/heisenberg.html" "Mozilla/5.0 (Windows NT 10.0; Win64; x64) AppleWebKit/537.36 (KHTML, like Gecko) Chrome/108.0.0.0 Safari/537.36" "ysfine.com"
136.226.235.90 - - [08/Jan/2023:20:24:09 -0800] "GET /dirac/2osc22c.jpg HTTP/1.1" 200 28929 "https://ysfine.com/einstein/heisenberg.html" "Mozilla/5.0 (Windows NT 10.0; Win64; x64) AppleWebKit/537.36 (KHTML, like Gecko) Chrome/108.0.0.0 Safari/537.36" "ysfine.com"
136.226.235.90 - - [08/Jan/2023:20:24:10 -0800] "GET /dirac/o32c.jpg HTTP/1.1" 200 30707 "https://ysfine.com/einstein/heisenberg.html" "Mozilla/5.0 (Windows NT 10.0; Win64; x64) AppleWebKit/537.36 (KHTML, like Gecko) Chrome/108.0.0.0 Safari/537.36" "ysfine.com"
136.226.235.90 - - [08/Jan/2023:20:24:10 -0800] "GET /dirac/o32inho22c.jpg HTTP/1.1" 200 33038 "https://ysfine.com/einstein/heisenberg.html" "Mozilla/5.0 (Windows NT 10.0; Win64; x64) AppleWebKit/537.36 (KHTML, like Gecko) Chrome/108.0.0.0 Safari/537.36" "ysfine.com"
136.226.235.90 - - [08/Jan/2023:20:24:11 -0800] "GET /home/figs/sq55c.jpg HTTP/1.1" 200 29581 "https://ysfine.com/einstein/heisenberg.html" "Mozilla/5.0 (Windows NT 10.0; Win64; x64) AppleWebKit/537.36 (KHTML, like Gecko) Chrome/108.0.0.0 Safari/537.36" "ysfine.com"
40.77.167.17 - - [08/Jan/2023:20:24:11 -0800] "GET /bio/einstein/bern.html HTTP/1.1" 404 88 "-" "Mozilla/5.0 AppleWebKit/537.36 (KHTML, like Gecko; compatible; bingbot/2.0; +http://www.bing.com/bingbot.htm) Chrome/103.0.5060.134 Safari/537.36" "ysfine.com"
34.220.253.67 - - [08/Jan/2023:20:24:53 -0800] "GET / HTTP/1.1" 200 5295 "-" "Mozilla/5.0 (X11; Linux x86_64) AppleWebKit/537.36 (KHTML, like Gecko) Chrome/83.0.4103.97 Safari/537.36" "ysfine.com"
40.77.167.49 - - [08/Jan/2023:20:25:16 -0800] "GET /bio/wigner/e(2).html HTTP/1.1" 404 88 "-" "Mozilla/5.0 (compatible; bingbot/2.0; +http://www.bing.com/bingbot.htm)" "ysfine.com"
207.46.13.176 - - [08/Jan/2023:20:25:43 -0800] "GET /bio.html HTTP/1.1" 200 18260 "-" "Mozilla/5.0 AppleWebKit/537.36 (KHTML, like Gecko; compatible; bingbot/2.0; +http://www.bing.com/bingbot.htm) Chrome/103.0.5060.134 Safari/537.36" "ysfine.com"
207.46.13.31 - - [08/Jan/2023:20:25:51 -0800] "GET /usca/pgh22.html HTTP/1.1" 200 11391 "-" "Mozilla/5.0 AppleWebKit/537.36 (KHTML, like Gecko; compatible; bingbot/2.0; +http://www.bing.com/bingbot.htm) Chrome/103.0.5060.134 Safari/537.36" "www.ysfine.com"
108.31.68.218 - - [08/Jan/2023:20:26:08 -0800] "GET /princeton/alexan22.jpg HTTP/1.1" 200 175436 "https://www.google.com/" "Mozilla/5.0 (iPhone; CPU iPhone OS 16_1_2 like Mac OS X) AppleWebKit/605.1.15 (KHTML, like Gecko) Version/16.1 Mobile/15E148 Safari/604.1 OPT/3.4.0" "ysfine.com"
40.77.167.49 - - [08/Jan/2023:20:26:13 -0800] "GET /usca/pitt/kiltie.jpg HTTP/1.1" 200 83355 "-" "Mozilla/5.0 AppleWebKit/537.36 (KHTML, like Gecko; compatible; bingbot/2.0; +http://www.bing.com/bingbot.htm) Chrome/103.0.5060.134 Safari/537.36" "www.ysfine.com"
40.77.167.49 - - [08/Jan/2023:20:27:02 -0800] "GET /bio/eink/bio08.html HTTP/1.1" 404 88 "-" "Mozilla/5.0 AppleWebKit/537.36 (KHTML, like Gecko; compatible; bingbot/2.0; +http://www.bing.com/bingbot.htm) Chrome/103.0.5060.134 Safari/537.36" "ysfine.com"
40.77.167.17 - - [08/Jan/2023:20:27:10 -0800] "GET /ysbio/yspapers/madrid19.pdf HTTP/1.1" 404 88 "-" "Mozilla/5.0 AppleWebKit/537.36 (KHTML, like Gecko; compatible; bingbot/2.0; +http://www.bing.com/bingbot.htm) Chrome/103.0.5060.134 Safari/537.36" "ysfine.com"
207.46.13.31 - - [08/Jan/2023:20:27:31 -0800] "GET /bio/awards/marq.html HTTP/1.1" 404 88 "-" "Mozilla/5.0 AppleWebKit/537.36 (KHTML, like Gecko; compatible; bingbot/2.0; +http://www.bing.com/bingbot.htm) Chrome/103.0.5060.134 Safari/537.36" "ysfine.com"
51.222.253.15 - - [08/Jan/2023:20:28:12 -0800] "GET /folks/amkor/konurse.html HTTP/1.1" 200 774 "-" "Mozilla/5.0 (compatible; AhrefsBot/7.0; +http://ahrefs.com/robot/)" "www.ysfine.com"
51.222.253.1 - - [08/Jan/2023:20:28:14 -0800] "GET /folks/amkor/kofrank01c.jpg HTTP/1.1" 200 64965 "-" "Mozilla/5.0 (compatible; AhrefsBot/7.0; +http://ahrefs.com/robot/)" "www.ysfine.com"
40.77.167.49 - - [08/Jan/2023:20:28:46 -0800] "GET /bio/pquartet.html HTTP/1.1" 404 88 "-" "Mozilla/5.0 AppleWebKit/537.36 (KHTML, like Gecko; compatible; bingbot/2.0; +http://www.bing.com/bingbot.htm) Chrome/103.0.5060.134 Safari/537.36" "ysfine.com"
40.77.167.49 - - [08/Jan/2023:20:29:43 -0800] "GET /dirac/nicodem11c.jpg HTTP/1.1" 200 72684 "-" "Mozilla/5.0 (compatible; bingbot/2.0; +http://www.bing.com/bingbot.htm)" "ysfine.com"
207.46.13.176 - - [08/Jan/2023:20:30:32 -0800] "GET /bio/eink/buythisbook.html HTTP/1.1" 404 88 "-" "Mozilla/5.0 (compatible; bingbot/2.0; +http://www.bing.com/bingbot.htm)" "ysfine.com"
40.77.167.17 - - [08/Jan/2023:20:30:52 -0800] "GET /bio/kobak/namdae.html HTTP/1.1" 404 88 "-" "Mozilla/5.0 (compatible; bingbot/2.0; +http://www.bing.com/bingbot.htm)" "ysfine.com"
207.46.13.31 - - [08/Jan/2023:20:31:10 -0800] "GET /wigner/wcoin11b.jpg HTTP/1.1" 200 43349 "-" "Mozilla/5.0 AppleWebKit/537.36 (KHTML, like Gecko; compatible; bingbot/2.0; +http://www.bing.com/bingbot.htm) Chrome/103.0.5060.134 Safari/537.36" "ysfine.com"
207.46.13.31 - - [08/Jan/2023:20:31:11 -0800] "GET /world/france/chagall29.jpg HTTP/1.1" 200 47051 "-" "Mozilla/5.0 AppleWebKit/537.36 (KHTML, like Gecko; compatible; bingbot/2.0; +http://www.bing.com/bingbot.htm) Chrome/103.0.5060.134 Safari/537.36" "ysfine.com"
99.251.104.51 - - [08/Jan/2023:20:31:22 -0800] "GET /wigner/neum/ymath.jpg HTTP/1.1" 200 64930 "https://www.google.com/" "Mozilla/5.0 (X11; Linux x86_64) AppleWebKit/537.36 (KHTML, like Gecko) Chrome/108.0.0.0 Safari/537.36" "ysfine.com"
