40.77.167.17 - - [08/Jan/2023:22:59:16 -0800] "GET /bio/einstein/bern.html HTTP/1.1" 404 88 "-" "Mozilla/5.0 AppleWebKit/537.36 (KHTML, like Gecko; compatible; bingbot/2.0; +http://www.bing.com/bingbot.htm) Chrome/103.0.5060.134 Safari/537.36" "ysfine.com"
23.227.251.3 - - [08/Jan/2023:22:59:43 -0800] "GET /kowar/panmun04.jpg HTTP/1.1" 200 126386 "https://www.google.com/" "Mozilla/5.0 (Macintosh; Intel Mac OS X 10_15_7) AppleWebKit/605.1.15 (KHTML, like Gecko) Version/16.1 Safari/605.1.15" "ysfine.com"
207.46.13.31 - - [08/Jan/2023:23:00:25 -0800] "GET /style/alexandrov33.jpg HTTP/1.1" 200 79590 "-" "Mozilla/5.0 (compatible; bingbot/2.0; +http://www.bing.com/bingbot.htm)" "ysfine.com"
207.46.13.176 - - [08/Jan/2023:23:00:38 -0800] "GET /bio.html HTTP/1.1" 200 18260 "-" "Mozilla/5.0 AppleWebKit/537.36 (KHTML, like Gecko; compatible; bingbot/2.0; +http://www.bing.com/bingbot.htm) Chrome/103.0.5060.134 Safari/537.36" "ysfine.com"
69.194.143.140 - - [08/Jan/2023:23:01:10 -0800] "GET /ads.txt HTTP/1.1" 404 88 "-" "Mozilla/5.0 (Macintosh; Intel Mac OS X 10_15_7) AppleWebKit/537.36 (KHTML, like Gecko) Chrome/107.0.0.0 Safari/537.36" "ysfine.com"
69.194.143.140 - - [08/Jan/2023:23:01:11 -0800] "GET /ads.txt HTTP/1.1" 404 88 "-" "Mozilla/5.0 (Macintosh; Intel Mac OS X 10_15_7) AppleWebKit/537.36 (KHTML, like Gecko) Chrome/107.0.0.0 Safari/537.36" "ysfine.com"
207.46.13.31 - - [08/Jan/2023:23:01:26 -0800] "GET /wdc/gtown04.jpg HTTP/1.1" 200 154553 "-" "Mozilla/5.0 AppleWebKit/537.36 (KHTML, like Gecko; compatible; bingbot/2.0; +http://www.bing.com/bingbot.htm) Chrome/103.0.5060.134 Safari/537.36" "ysfine.com"
207.46.13.176 - - [08/Jan/2023:23:03:10 -0800] "GET /bio/eink/buythisbook.html HTTP/1.1" 404 88 "-" "Mozilla/5.0 (compatible; bingbot/2.0; +http://www.bing.com/bingbot.htm)" "ysfine.com"
207.46.13.176 - - [08/Jan/2023:23:03:11 -0800] "GET /bio/eink/index.html HTTP/1.1" 404 88 "-" "Mozilla/5.0 (compatible; bingbot/2.0; +http://www.bing.com/bingbot.htm)" "ysfine.com"
40.77.167.17 - - [08/Jan/2023:23:03:37 -0800] "GET /bio/kobak/namdae.html HTTP/1.1" 404 88 "-" "Mozilla/5.0 (compatible; bingbot/2.0; +http://www.bing.com/bingbot.htm)" "ysfine.com"
216.244.66.229 - - [08/Jan/2023:23:03:41 -0800] "GET /robots.txt HTTP/1.1" 404 73 "-" "Mozilla/5.0 (compatible; DotBot/1.2; +https://opensiteexplorer.org/dotbot; help@moz.com)" "www.ysfine.com"
40.77.167.17 - - [08/Jan/2023:23:04:16 -0800] "GET /bio/world/leipzig.html HTTP/1.1" 404 88 "-" "Mozilla/5.0 (compatible; bingbot/2.0; +http://www.bing.com/bingbot.htm)" "ysfine.com"
40.77.167.49 - - [08/Jan/2023:23:04:21 -0800] "GET /bio/dirac/dirpoems.html HTTP/1.1" 404 88 "-" "Mozilla/5.0 (compatible; bingbot/2.0; +http://www.bing.com/bingbot.htm)" "ysfine.com"
40.77.167.49 - - [08/Jan/2023:23:05:21 -0800] "GET /bio/pquartet.html HTTP/1.1" 404 88 "-" "Mozilla/5.0 AppleWebKit/537.36 (KHTML, like Gecko; compatible; bingbot/2.0; +http://www.bing.com/bingbot.htm) Chrome/103.0.5060.134 Safari/537.36" "ysfine.com"
207.46.13.143 - - [08/Jan/2023:23:05:29 -0800] "GET /bio/genea.html HTTP/1.1" 404 88 "-" "Mozilla/5.0 (compatible; bingbot/2.0; +http://www.bing.com/bingbot.htm)" "ysfine.com"
54.36.148.144 - - [08/Jan/2023:23:05:50 -0800] "GET /robots.txt HTTP/1.1" 404 88 "-" "Mozilla/5.0 (compatible; AhrefsBot/7.0; +http://ahrefs.com/robot/)" "ysfine.com"
207.46.13.176 - - [08/Jan/2023:23:06:07 -0800] "GET /bio/dashen.html HTTP/1.1" 404 88 "-" "Mozilla/5.0 (compatible; bingbot/2.0; +http://www.bing.com/bingbot.htm)" "ysfine.com"
207.46.13.143 - - [08/Jan/2023:23:06:38 -0800] "GET /bio/feynman/partons.html HTTP/1.1" 404 88 "-" "Mozilla/5.0 AppleWebKit/537.36 (KHTML, like Gecko; compatible; bingbot/2.0; +http://www.bing.com/bingbot.htm) Chrome/103.0.5060.134 Safari/537.36" "ysfine.com"
207.46.13.31 - - [08/Jan/2023:23:06:56 -0800] "GET /bio/feynman/fthtop.html HTTP/1.1" 404 88 "-" "Mozilla/5.0 (compatible; bingbot/2.0; +http://www.bing.com/bingbot.htm)" "ysfine.com"
40.77.167.17 - - [08/Jan/2023:23:07:00 -0800] "GET /bio/awards/iao.html HTTP/1.1" 404 88 "-" "Mozilla/5.0 (compatible; bingbot/2.0; +http://www.bing.com/bingbot.htm)" "ysfine.com"
216.244.66.229 - - [08/Jan/2023:23:07:24 -0800] "GET /ffriends/ukralon01.jpg HTTP/1.1" 200 85219 "-" "Mozilla/5.0 (compatible; DotBot/1.2; +https://opensiteexplorer.org/dotbot; help@moz.com)" "www.ysfine.com"
216.244.66.229 - - [08/Jan/2023:23:07:30 -0800] "GET /ffriends/amkor/amstu02.jpg HTTP/1.1" 200 118247 "-" "Mozilla/5.0 (compatible; DotBot/1.2; +https://opensiteexplorer.org/dotbot; help@moz.com)" "www.ysfine.com"
40.77.167.49 - - [08/Jan/2023:23:07:39 -0800] "GET /bio/princeton/campus.html HTTP/1.1" 404 88 "-" "Mozilla/5.0 AppleWebKit/537.36 (KHTML, like Gecko; compatible; bingbot/2.0; +http://www.bing.com/bingbot.htm) Chrome/103.0.5060.134 Safari/537.36" "ysfine.com"
216.244.66.229 - - [08/Jan/2023:23:08:10 -0800] "GET /ffriends/mongo09.jpg HTTP/1.1" 200 75613 "-" "Mozilla/5.0 (compatible; DotBot/1.2; +https://opensiteexplorer.org/dotbot; help@moz.com)" "www.ysfine.com"
216.244.66.229 - - [08/Jan/2023:23:08:40 -0800] "GET /ffriends/amkor/iraida11.jpg HTTP/1.1" 200 124687 "-" "Mozilla/5.0 (compatible; DotBot/1.2; +https://opensiteexplorer.org/dotbot; help@moz.com)" "www.ysfine.com"
71.178.208.102 - - [08/Jan/2023:23:08:51 -0800] "GET /bio54.html HTTP/1.1" 304 - "https://ysfine.com/ys11/" "Mozilla/5.0 (Linux; Android 5.1.1; KFSUWI) AppleWebKit/537.36 (KHTML, like Gecko) Silk/106.5.7 like Chrome/106.0.5249.208 Safari/537.36" "ysfine.com"
207.46.13.143 - - [08/Jan/2023:23:09:08 -0800] "GET /usca/pitt/idcard55.jpg HTTP/1.1" 200 104404 "-" "Mozilla/5.0 AppleWebKit/537.36 (KHTML, like Gecko; compatible; bingbot/2.0; +http://www.bing.com/bingbot.htm) Chrome/103.0.5060.134 Safari/537.36" "ysfine.com"
66.249.66.40 - - [08/Jan/2023:23:09:16 -0800] "GET /kowar/mil/tank03.jpg HTTP/1.1" 404 88 "-" "Googlebot-Image/1.0" "ysfine.com"
216.244.66.229 - - [08/Jan/2023:23:09:18 -0800] "GET /eink/comet40.jpg HTTP/1.1" 200 127232 "-" "Mozilla/5.0 (compatible; DotBot/1.2; +https://opensiteexplorer.org/dotbot; help@moz.com)" "www.ysfine.com"
216.244.66.229 - - [08/Jan/2023:23:10:26 -0800] "GET /ffriends/aline/delta22.jpg HTTP/1.1" 200 87164 "-" "Mozilla/5.0 (compatible; DotBot/1.2; +https://opensiteexplorer.org/dotbot; help@moz.com)" "www.ysfine.com"
114.119.129.191 - - [08/Jan/2023:23:10:28 -0800] "GET /class54/class5470/total_data/photo_img/2-116.jpg HTTP/1.1" 200 131160 "https://ysfine.com/class54/class5470/total_data/sub_2116.htm" "Mozilla/5.0 (Linux; Android 7.0;) AppleWebKit/537.36 (KHTML, like Gecko) Mobile Safari/537.36 (compatible; PetalBot;+https://webmaster.petalsearch.com/site/petalbot)" "ysfine.com"
207.46.13.176 - - [08/Jan/2023:23:10:37 -0800] "GET /bio/style/rieu.html HTTP/1.1" 404 88 "-" "Mozilla/5.0 (compatible; bingbot/2.0; +http://www.bing.com/bingbot.htm)" "ysfine.com"
40.77.167.49 - - [08/Jan/2023:23:10:52 -0800] "GET /bio/world/trier.html HTTP/1.1" 404 88 "-" "Mozilla/5.0 AppleWebKit/537.36 (KHTML, like Gecko; compatible; bingbot/2.0; +http://www.bing.com/bingbot.htm) Chrome/103.0.5060.134 Safari/537.36" "ysfine.com"
77.75.79.101 - - [08/Jan/2023:23:12:23 -0800] "GET /robots.txt HTTP/1.1" 404 88 "-" "Mozilla/5.0 (compatible; SeznamBot/3.2; +http://napoveda.seznam.cz/en/seznambot-intro/)" "ysfine.com"
77.75.79.101 - - [08/Jan/2023:23:12:26 -0800] "GET /world/brit/britmu64.jpg HTTP/1.1" 304 - "-" "Mozilla/5.0 (compatible; SeznamBot/3.2; +http://napoveda.seznam.cz/en/seznambot-intro/)" "ysfine.com"
77.75.79.101 - - [08/Jan/2023:23:12:29 -0800] "GET /world/brit/thames31.jpg HTTP/1.1" 304 - "-" "Mozilla/5.0 (compatible; SeznamBot/3.2; +http://napoveda.seznam.cz/en/seznambot-intro/)" "ysfine.com"
77.75.79.101 - - [08/Jan/2023:23:12:30 -0800] "GET /world/brit/harrod03.jpg HTTP/1.1" 304 - "-" "Mozilla/5.0 (compatible; SeznamBot/3.2; +http://napoveda.seznam.cz/en/seznambot-intro/)" "ysfine.com"
77.75.79.101 - - [08/Jan/2023:23:12:31 -0800] "GET /world/russ/basil07.jpg HTTP/1.1" 200 90530 "-" "Mozilla/5.0 (compatible; SeznamBot/3.2; +http://napoveda.seznam.cz/en/seznambot-intro/)" "ysfine.com"
77.75.79.101 - - [08/Jan/2023:23:12:46 -0800] "GET /newyork/carnegie03.jpg HTTP/1.1" 304 - "-" "Mozilla/5.0 (compatible; SeznamBot/3.2; +http://napoveda.seznam.cz/en/seznambot-intro/)" "ysfine.com"
77.75.79.101 - - [08/Jan/2023:23:12:46 -0800] "GET /world/russ/arbat36.jpg HTTP/1.1" 200 130921 "-" "Mozilla/5.0 (compatible; SeznamBot/3.2; +http://napoveda.seznam.cz/en/seznambot-intro/)" "ysfine.com"
185.191.171.43 - - [08/Jan/2023:23:13:02 -0800] "GET /robots.txt HTTP/1.1" 404 88 "-" "Mozilla/5.0 (compatible; SemrushBot/7~bl; +http://www.semrush.com/bot.html)" "ysfine.com"
207.46.13.31 - - [08/Jan/2023:23:13:07 -0800] "GET /bio/harmoarchi.html HTTP/1.1" 404 88 "-" "Mozilla/5.0 (compatible; bingbot/2.0; +http://www.bing.com/bingbot.htm)" "ysfine.com"
77.75.79.101 - - [08/Jan/2023:23:12:53 -0800] "GET /world/russ/arbat12.jpg HTTP/1.1" 200 112319 "-" "Mozilla/5.0 (compatible; SeznamBot/3.2; +http://napoveda.seznam.cz/en/seznambot-intro/)" "ysfine.com"
77.75.79.101 - - [08/Jan/2023:23:13:19 -0800] "GET /world/russ/kiev009.jpg HTTP/1.1" 304 - "-" "Mozilla/5.0 (compatible; SeznamBot/3.2; +http://napoveda.seznam.cz/en/seznambot-intro/)" "ysfine.com"
77.75.79.101 - - [08/Jan/2023:23:13:20 -0800] "GET /world/poland/krk60.jpg HTTP/1.1" 304 - "-" "Mozilla/5.0 (compatible; SeznamBot/3.2; +http://napoveda.seznam.cz/en/seznambot-intro/)" "ysfine.com"
185.191.171.8 - - [08/Jan/2023:23:13:02 -0800] "GET /home/onephys.html HTTP/1.1" 200 2527 "-" "Mozilla/5.0 (compatible; SemrushBot/7~bl; +http://www.semrush.com/bot.html)" "ysfine.com"
51.222.253.10 - - [08/Jan/2023:23:13:39 -0800] "GET /kowar/war45.html HTTP/1.1" 200 12086 "-" "Mozilla/5.0 (compatible; AhrefsBot/7.0; +http://ahrefs.com/robot/)" "www.ysfine.com"
51.222.253.5 - - [08/Jan/2023:23:13:42 -0800] "GET /kowar/tanks/gmc03b.jpg HTTP/1.1" 200 47909 "-" "Mozilla/5.0 (compatible; AhrefsBot/7.0; +http://ahrefs.com/robot/)" "www.ysfine.com"
51.222.253.16 - - [08/Jan/2023:23:13:42 -0800] "GET /kowar/landreform01b.jpg HTTP/1.1" 200 63201 "-" "Mozilla/5.0 (compatible; AhrefsBot/7.0; +http://ahrefs.com/robot/)" "www.ysfine.com"
51.222.253.6 - - [08/Jan/2023:23:13:43 -0800] "GET /kobak/taylor450.jpg HTTP/1.1" 200 70219 "-" "Mozilla/5.0 (compatible; AhrefsBot/7.0; +http://ahrefs.com/robot/)" "www.ysfine.com"
51.222.253.8 - - [08/Jan/2023:23:14:08 -0800] "GET /eink/pwk19c.jpg HTTP/1.1" 200 57759 "-" "Mozilla/5.0 (compatible; AhrefsBot/7.0; +http://ahrefs.com/robot/)" "www.ysfine.com"
51.222.253.1 - - [08/Jan/2023:23:14:08 -0800] "GET /kowar/bonesteel01b.jpg HTTP/1.1" 200 33050 "-" "Mozilla/5.0 (compatible; AhrefsBot/7.0; +http://ahrefs.com/robot/)" "www.ysfine.com"
51.222.253.9 - - [08/Jan/2023:23:14:09 -0800] "GET /world/russ/roskei10b.jpg HTTP/1.1" 200 36598 "-" "Mozilla/5.0 (compatible; AhrefsBot/7.0; +http://ahrefs.com/robot/)" "www.ysfine.com"
51.222.253.7 - - [08/Jan/2023:23:14:09 -0800] "GET /kowar/tanks/malaya01b.jpg HTTP/1.1" 200 50821 "-" "Mozilla/5.0 (compatible; AhrefsBot/7.0; +http://ahrefs.com/robot/)" "www.ysfine.com"
51.222.253.18 - - [08/Jan/2023:23:14:10 -0800] "GET /kowar/tanks/gmc01b.jpg HTTP/1.1" 200 43939 "-" "Mozilla/5.0 (compatible; AhrefsBot/7.0; +http://ahrefs.com/robot/)" "www.ysfine.com"
51.222.253.17 - - [08/Jan/2023:23:14:10 -0800] "GET /kowar/potsdam01b.jpg HTTP/1.1" 200 47865 "-" "Mozilla/5.0 (compatible; AhrefsBot/7.0; +http://ahrefs.com/robot/)" "www.ysfine.com"
51.222.253.15 - - [08/Jan/2023:23:14:10 -0800] "GET /kowar/tanks/arisakaguns01b.jpg HTTP/1.1" 200 33229 "-" "Mozilla/5.0 (compatible; AhrefsBot/7.0; +http://ahrefs.com/robot/)" "www.ysfine.com"
51.222.253.7 - - [08/Jan/2023:23:14:11 -0800] "GET /kowar/pnoodle01b.jpg HTTP/1.1" 200 44990 "-" "Mozilla/5.0 (compatible; AhrefsBot/7.0; +http://ahrefs.com/robot/)" "www.ysfine.com"
51.222.253.12 - - [08/Jan/2023:23:14:11 -0800] "GET /kowar/kwandong02b.jpg HTTP/1.1" 200 55217 "-" "Mozilla/5.0 (compatible; AhrefsBot/7.0; +http://ahrefs.com/robot/)" "www.ysfine.com"
51.222.253.5 - - [08/Jan/2023:23:14:12 -0800] "GET /kowar/yaltac01b.jpg HTTP/1.1" 200 52982 "-" "Mozilla/5.0 (compatible; AhrefsBot/7.0; +http://ahrefs.com/robot/)" "www.ysfine.com"
51.222.253.14 - - [08/Jan/2023:23:14:12 -0800] "GET /kowar/shintak01b.jpg HTTP/1.1" 200 42707 "-" "Mozilla/5.0 (compatible; AhrefsBot/7.0; +http://ahrefs.com/robot/)" "www.ysfine.com"
51.222.253.17 - - [08/Jan/2023:23:14:12 -0800] "GET /kowar/tojo01b.jpg HTTP/1.1" 200 55959 "-" "Mozilla/5.0 (compatible; AhrefsBot/7.0; +http://ahrefs.com/robot/)" "www.ysfine.com"
51.222.253.13 - - [08/Jan/2023:23:14:13 -0800] "GET /kowar/roosevelt01b.jpg HTTP/1.1" 200 30594 "-" "Mozilla/5.0 (compatible; AhrefsBot/7.0; +http://ahrefs.com/robot/)" "www.ysfine.com"
51.222.253.16 - - [08/Jan/2023:23:14:13 -0800] "GET /kowar/stalin01b.jpg HTTP/1.1" 200 43158 "-" "Mozilla/5.0 (compatible; AhrefsBot/7.0; +http://ahrefs.com/robot/)" "www.ysfine.com"
51.222.253.17 - - [08/Jan/2023:23:14:13 -0800] "GET /kowar/tehran43b.jpg HTTP/1.1" 200 45127 "-" "Mozilla/5.0 (compatible; AhrefsBot/7.0; +http://ahrefs.com/robot/)" "www.ysfine.com"
51.222.253.3 - - [08/Jan/2023:23:14:14 -0800] "GET /kowar/tanks/tankbt57b.jpg HTTP/1.1" 200 52672 "-" "Mozilla/5.0 (compatible; AhrefsBot/7.0; +http://ahrefs.com/robot/)" "www.ysfine.com"
51.222.253.10 - - [08/Jan/2023:23:14:14 -0800] "GET /kowar/zhukov01b.jpg HTTP/1.1" 200 43906 "-" "Mozilla/5.0 (compatible; AhrefsBot/7.0; +http://ahrefs.com/robot/)" "www.ysfine.com"
51.222.253.2 - - [08/Jan/2023:23:14:15 -0800] "GET /kowar/ningen01b.jpg HTTP/1.1" 200 41414 "-" "Mozilla/5.0 (compatible; AhrefsBot/7.0; +http://ahrefs.com/robot/)" "www.ysfine.com"
51.222.253.7 - - [08/Jan/2023:23:14:15 -0800] "GET /kobak/church03b.jpg HTTP/1.1" 200 50665 "-" "Mozilla/5.0 (compatible; AhrefsBot/7.0; +http://ahrefs.com/robot/)" "www.ysfine.com"
51.222.253.18 - - [08/Jan/2023:23:14:15 -0800] "GET /kowar/rusk01b.jpg HTTP/1.1" 200 42888 "-" "Mozilla/5.0 (compatible; AhrefsBot/7.0; +http://ahrefs.com/robot/)" "www.ysfine.com"
51.222.253.16 - - [08/Jan/2023:23:14:16 -0800] "GET /kowar/tanks/tank05b.jpg HTTP/1.1" 200 48742 "-" "Mozilla/5.0 (compatible; AhrefsBot/7.0; +http://ahrefs.com/robot/)" "www.ysfine.com"
51.222.253.17 - - [08/Jan/2023:23:14:16 -0800] "GET /kowar/iwojima01b.jpg HTTP/1.1" 200 51598 "-" "Mozilla/5.0 (compatible; AhrefsBot/7.0; +http://ahrefs.com/robot/)" "www.ysfine.com"
51.222.253.11 - - [08/Jan/2023:23:14:17 -0800] "GET /home/ysnr11c.jpg HTTP/1.1" 200 36964 "-" "Mozilla/5.0 (compatible; AhrefsBot/7.0; +http://ahrefs.com/robot/)" "www.ysfine.com"
51.222.253.2 - - [08/Jan/2023:23:14:17 -0800] "GET /kowar/tanks/abomb01b.jpg HTTP/1.1" 200 32937 "-" "Mozilla/5.0 (compatible; AhrefsBot/7.0; +http://ahrefs.com/robot/)" "www.ysfine.com"
51.222.253.10 - - [08/Jan/2023:23:14:17 -0800] "GET /kowar/yaltac02b.jpg HTTP/1.1" 200 42243 "-" "Mozilla/5.0 (compatible; AhrefsBot/7.0; +http://ahrefs.com/robot/)" "www.ysfine.com"
51.222.253.20 - - [08/Jan/2023:23:14:18 -0800] "GET /kowar/sampal02b.jpg HTTP/1.1" 200 39972 "-" "Mozilla/5.0 (compatible; AhrefsBot/7.0; +http://ahrefs.com/robot/)" "www.ysfine.com"
51.222.253.14 - - [08/Jan/2023:23:14:19 -0800] "GET /kowar/kwandong01b.jpg HTTP/1.1" 200 33688 "-" "Mozilla/5.0 (compatible; AhrefsBot/7.0; +http://ahrefs.com/robot/)" "www.ysfine.com"
51.222.253.17 - - [08/Jan/2023:23:14:19 -0800] "GET /kowar/sampal03b.jpg HTTP/1.1" 200 61883 "-" "Mozilla/5.0 (compatible; AhrefsBot/7.0; +http://ahrefs.com/robot/)" "www.ysfine.com"
185.191.171.6 - - [08/Jan/2023:23:14:54 -0800] "GET /maga/bridge22.html HTTP/1.1" 200 6587 "-" "Mozilla/5.0 (compatible; SemrushBot/7~bl; +http://www.semrush.com/bot.html)" "ysfine.com"
81.225.150.72 - - [08/Jan/2023:23:16:02 -0800] "GET /kowar/tanks/tank10.jpg HTTP/1.1" 200 76703 "https://www.bing.com/" "Mozilla/5.0 (Windows NT 10.0; Win64; x64) AppleWebKit/537.36 (KHTML, like Gecko) Chrome/108.0.0.0 Safari/537.36 Edg/108.0.1462.76" "www.ysfine.com"
40.77.167.17 - - [08/Jan/2023:23:16:06 -0800] "GET /world/russ/mosmusic32.jpg HTTP/1.1" 200 101584 "-" "Mozilla/5.0 AppleWebKit/537.36 (KHTML, like Gecko; compatible; bingbot/2.0; +http://www.bing.com/bingbot.htm) Chrome/103.0.5060.134 Safari/537.36" "www.ysfine.com"
152.171.197.21 - - [08/Jan/2023:23:18:07 -0800] "GET /world/baltic/riga05.jpg HTTP/1.1" 200 64407 "-" "Mozilla/5.0 (Linux; Android 10) AppleWebKit/537.36 (KHTML, like Gecko) Chrome/108.0.0.0 Mobile Safari/537.36" "www.ysfine.com"
152.171.197.21 - - [08/Jan/2023:23:18:17 -0800] "GET /world/baltic/riga05.jpg HTTP/1.1" 200 64407 "-" "Mozilla/5.0 (Linux; Android 10) AppleWebKit/537.36 (KHTML, like Gecko) Chrome/108.0.0.0 Mobile Safari/537.36" "www.ysfine.com"
152.171.197.21 - - [08/Jan/2023:23:18:22 -0800] "GET /favicon.ico HTTP/1.1" 404 88 "https://www.ysfine.com/world/baltic/riga05.jpg" "Mozilla/5.0 (Linux; Android 10) AppleWebKit/537.36 (KHTML, like Gecko) Chrome/108.0.0.0 Mobile Safari/537.36" "www.ysfine.com"
207.46.13.143 - - [08/Jan/2023:23:18:30 -0800] "GET /world/germany/vienopera22.jpg HTTP/1.1" 200 125468 "-" "Mozilla/5.0 AppleWebKit/537.36 (KHTML, like Gecko; compatible; bingbot/2.0; +http://www.bing.com/bingbot.htm) Chrome/103.0.5060.134 Safari/537.36" "ysfine.com"
185.191.171.23 - - [08/Jan/2023:23:19:34 -0800] "GET /wigner/inonu HTTP/1.1" 406 93 "-" "Mozilla/5.0 (compatible; SemrushBot/7~bl; +http://www.semrush.com/bot.html)" "ysfine.com"
114.119.159.160 - - [08/Jan/2023:23:21:02 -0800] "GET /world/brit/thames32.jpg HTTP/1.1" 200 63434 "https://ysfine.com/world/london.html" "Mozilla/5.0 (Linux; Android 7.0;) AppleWebKit/537.36 (KHTML, like Gecko) Mobile Safari/537.36 (compatible; PetalBot;+https://webmaster.petalsearch.com/site/petalbot)" "ysfine.com"
149.34.244.153 - - [08/Jan/2023:23:23:06 -0800] "GET /style/tatiana11.jpg HTTP/1.1" 200 146910 "https://www.google.com/" "Mozilla/5.0 (Windows NT 10.0; Win64; x64) AppleWebKit/537.36 (KHTML, like Gecko) Chrome/108.0.0.0 Safari/537.36" "ysfine.com"
3.82.54.46 - - [08/Jan/2023:23:23:31 -0800] "GET /dirac/dart/dirac27a HTTP/1.1" 200 3396153 "-" "python-httpx/0.23.1" "ysfine.com"
65.108.211.124 - - [08/Jan/2023:23:24:33 -0800] "GET /world/france/champ1216.jpg HTTP/1.1" 200 196639 "-" "Mozilla/5.0 (X11; Fedora; Linux x86_64) AppleWebKit/537.36 (KHTML, like Gecko) Chrome/79.0.3945.117 Safari/537.36" "www.ysfine.com"
207.46.13.176 - - [08/Jan/2023:23:26:18 -0800] "GET /bio/world/kalinin22.html HTTP/1.1" 404 88 "-" "Mozilla/5.0 AppleWebKit/537.36 (KHTML, like Gecko; compatible; bingbot/2.0; +http://www.bing.com/bingbot.htm) Chrome/103.0.5060.134 Safari/537.36" "ysfine.com"
207.46.13.176 - - [08/Jan/2023:23:26:48 -0800] "GET /style/alexandrov33.jpg HTTP/1.1" 200 79590 "-" "Mozilla/5.0 AppleWebKit/537.36 (KHTML, like Gecko; compatible; bingbot/2.0; +http://www.bing.com/bingbot.htm) Chrome/103.0.5060.134 Safari/537.36" "www.ysfine.com"
207.148.117.235 - - [08/Jan/2023:23:27:02 -0800] "GET /xxxss HTTP/1.1" 404 88 "-" "Mozilla/5.0 (Windows NT 10.0; WOW64; rv:48.0) Gecko/20100101 Firefox/48.0" "ysfine.com"
51.222.253.7 - - [08/Jan/2023:23:29:34 -0800] "GET /class54/class5470/total_data/sub_531.htm HTTP/1.1" 200 3223 "-" "Mozilla/5.0 (compatible; AhrefsBot/7.0; +http://ahrefs.com/robot/)" "ysfine.com"
51.222.253.7 - - [08/Jan/2023:23:29:35 -0800] "GET /class54/class5470/total_data/refer_img/5-19_f.jpg HTTP/1.1" 200 40759 "-" "Mozilla/5.0 (compatible; AhrefsBot/7.0; +http://ahrefs.com/robot/)" "ysfine.com"
51.222.253.14 - - [08/Jan/2023:23:29:36 -0800] "GET /class54/class5470/total_data/refer_img/5-28_f.jpg HTTP/1.1" 200 41193 "-" "Mozilla/5.0 (compatible; AhrefsBot/7.0; +http://ahrefs.com/robot/)" "ysfine.com"
51.222.253.6 - - [08/Jan/2023:23:29:36 -0800] "GET /class54/class5470/total_data/refer_img/5-25_f.jpg HTTP/1.1" 200 35344 "-" "Mozilla/5.0 (compatible; AhrefsBot/7.0; +http://ahrefs.com/robot/)" "ysfine.com"
51.222.253.11 - - [08/Jan/2023:23:29:37 -0800] "GET /class54/class5470/total_data/refer_img/5-31_f.jpg HTTP/1.1" 200 38119 "-" "Mozilla/5.0 (compatible; AhrefsBot/7.0; +http://ahrefs.com/robot/)" "ysfine.com"
51.222.253.18 - - [08/Jan/2023:23:29:38 -0800] "GET /class54/class5470/total_data/refer_img/5-20_f.jpg HTTP/1.1" 200 38353 "-" "Mozilla/5.0 (compatible; AhrefsBot/7.0; +http://ahrefs.com/robot/)" "ysfine.com"
51.222.253.5 - - [08/Jan/2023:23:29:38 -0800] "GET /class54/class5470/total_data/refer_img/5-32_f.jpg HTTP/1.1" 200 34271 "-" "Mozilla/5.0 (compatible; AhrefsBot/7.0; +http://ahrefs.com/robot/)" "ysfine.com"
51.222.253.4 - - [08/Jan/2023:23:29:39 -0800] "GET /class54/class5470/total_data/refer_img/5-18_f.jpg HTTP/1.1" 200 37915 "-" "Mozilla/5.0 (compatible; AhrefsBot/7.0; +http://ahrefs.com/robot/)" "ysfine.com"
51.222.253.18 - - [08/Jan/2023:23:29:39 -0800] "GET /class54/class5470/total_data/refer_img/5-21_f.jpg HTTP/1.1" 200 36026 "-" "Mozilla/5.0 (compatible; AhrefsBot/7.0; +http://ahrefs.com/robot/)" "ysfine.com"
51.222.253.6 - - [08/Jan/2023:23:29:40 -0800] "GET /class54/class5470/total_data/img/05_smtitle31.gif HTTP/1.1" 200 331 "-" "Mozilla/5.0 (compatible; AhrefsBot/7.0; +http://ahrefs.com/robot/)" "ysfine.com"
51.222.253.19 - - [08/Jan/2023:23:29:40 -0800] "GET /class54/class5470/total_data/photo_img/5-31.jpg HTTP/1.1" 200 241129 "-" "Mozilla/5.0 (compatible; AhrefsBot/7.0; +http://ahrefs.com/robot/)" "ysfine.com"
51.222.253.3 - - [08/Jan/2023:23:29:41 -0800] "GET /class54/class5470/total_data/refer_img/5-22_f.jpg HTTP/1.1" 200 40741 "-" "Mozilla/5.0 (compatible; AhrefsBot/7.0; +http://ahrefs.com/robot/)" "ysfine.com"
51.222.253.3 - - [08/Jan/2023:23:29:41 -0800] "GET /class54/class5470/total_data/refer_img/5-34_f.jpg HTTP/1.1" 200 36355 "-" "Mozilla/5.0 (compatible; AhrefsBot/7.0; +http://ahrefs.com/robot/)" "ysfine.com"
51.222.253.8 - - [08/Jan/2023:23:29:41 -0800] "GET /class54/class5470/total_data/refer_img/5-26_f.jpg HTTP/1.1" 200 45606 "-" "Mozilla/5.0 (compatible; AhrefsBot/7.0; +http://ahrefs.com/robot/)" "ysfine.com"
51.222.253.6 - - [08/Jan/2023:23:29:42 -0800] "GET /class54/class5470/total_data/refer_img/5-29_f.jpg HTTP/1.1" 200 35606 "-" "Mozilla/5.0 (compatible; AhrefsBot/7.0; +http://ahrefs.com/robot/)" "ysfine.com"
51.222.253.6 - - [08/Jan/2023:23:29:45 -0800] "GET /class54/class5470/total_data/refer_img/5-23_f.jpg HTTP/1.1" 200 37975 "-" "Mozilla/5.0 (compatible; AhrefsBot/7.0; +http://ahrefs.com/robot/)" "ysfine.com"
51.222.253.20 - - [08/Jan/2023:23:29:45 -0800] "GET /class54/class5470/total_data/refer_img/5-33_f.jpg HTTP/1.1" 200 32506 "-" "Mozilla/5.0 (compatible; AhrefsBot/7.0; +http://ahrefs.com/robot/)" "ysfine.com"
51.222.253.3 - - [08/Jan/2023:23:29:46 -0800] "GET /class54/class5470/total_data/refer_img/5-30_f.jpg HTTP/1.1" 200 40832 "-" "Mozilla/5.0 (compatible; AhrefsBot/7.0; +http://ahrefs.com/robot/)" "ysfine.com"
51.222.253.12 - - [08/Jan/2023:23:29:46 -0800] "GET /class54/class5470/total_data/refer_img/5-24_f.jpg HTTP/1.1" 200 33959 "-" "Mozilla/5.0 (compatible; AhrefsBot/7.0; +http://ahrefs.com/robot/)" "ysfine.com"
51.222.253.11 - - [08/Jan/2023:23:29:47 -0800] "GET /class54/class5470/total_data/img/05_title.gif HTTP/1.1" 200 6871 "-" "Mozilla/5.0 (compatible; AhrefsBot/7.0; +http://ahrefs.com/robot/)" "ysfine.com"
207.46.13.31 - - [08/Jan/2023:23:30:17 -0800] "GET /three.html HTTP/1.1" 404 88 "-" "Mozilla/5.0 AppleWebKit/537.36 (KHTML, like Gecko; compatible; bingbot/2.0; +http://www.bing.com/bingbot.htm) Chrome/103.0.5060.134 Safari/537.36" "ysfine.com"
207.46.13.31 - - [08/Jan/2023:23:30:18 -0800] "GET /weyl.html HTTP/1.1" 404 88 "-" "Mozilla/5.0 (compatible; bingbot/2.0; +http://www.bing.com/bingbot.htm)" "ysfine.com"
207.46.13.31 - - [08/Jan/2023:23:30:18 -0800] "GET /dirac/posters/?C=D;O=A HTTP/1.1" 200 676 "-" "Mozilla/5.0 AppleWebKit/537.36 (KHTML, like Gecko; compatible; bingbot/2.0; +http://www.bing.com/bingbot.htm) Chrome/103.0.5060.134 Safari/537.36" "ysfine.com"
157.55.39.149 - - [08/Jan/2023:23:30:21 -0800] "GET /home/maga/herod.html HTTP/1.1" 404 88 "-" "Mozilla/5.0 AppleWebKit/537.36 (KHTML, like Gecko; compatible; bingbot/2.0; +http://www.bing.com/bingbot.htm) Chrome/103.0.5060.134 Safari/537.36" "ysfine.com"
40.77.167.49 - - [08/Jan/2023:23:30:22 -0800] "GET /home/kowar/tanks.html HTTP/1.1" 404 88 "-" "Mozilla/5.0 AppleWebKit/537.36 (KHTML, like Gecko; compatible; bingbot/2.0; +http://www.bing.com/bingbot.htm) Chrome/103.0.5060.134 Safari/537.36" "ysfine.com"
157.55.39.149 - - [08/Jan/2023:23:30:32 -0800] "GET /schrodein.html HTTP/1.1" 404 88 "-" "Mozilla/5.0 (compatible; bingbot/2.0; +http://www.bing.com/bingbot.htm)" "ysfine.com"
157.55.39.149 - - [08/Jan/2023:23:30:32 -0800] "GET /dirac/posters/Thumbs.db HTTP/1.1" 200 18944 "-" "Mozilla/5.0 AppleWebKit/537.36 (KHTML, like Gecko; compatible; bingbot/2.0; +http://www.bing.com/bingbot.htm) Chrome/103.0.5060.134 Safari/537.36" "ysfine.com"
157.55.39.149 - - [08/Jan/2023:23:30:32 -0800] "GET /ffriends/fdw.html HTTP/1.1" 200 45463 "-" "Mozilla/5.0 AppleWebKit/537.36 (KHTML, like Gecko; compatible; bingbot/2.0; +http://www.bing.com/bingbot.htm) Chrome/103.0.5060.134 Safari/537.36" "ysfine.com"
207.46.13.176 - - [08/Jan/2023:23:32:00 -0800] "GET /bio/kobak/soraech.html HTTP/1.1" 404 88 "-" "Mozilla/5.0 (compatible; bingbot/2.0; +http://www.bing.com/bingbot.htm)" "ysfine.com"
94.234.114.233 - - [08/Jan/2023:23:32:03 -0800] "GET /maga/phys/yukafeyn2.jpg HTTP/1.1" 200 36709 "https://www.google.se/" "Mozilla/5.0 (iPhone; CPU iPhone OS 16_1_1 like Mac OS X) AppleWebKit/605.1.15 (KHTML, like Gecko) Version/16.1 Mobile/15E148 Safari/604.1" "ysfine.com"
94.234.114.233 - - [08/Jan/2023:23:32:06 -0800] "GET /maga/phys/yukawa00.jpg HTTP/1.1" 200 84885 "https://www.google.se/" "Mozilla/5.0 (iPhone; CPU iPhone OS 16_1_1 like Mac OS X) AppleWebKit/605.1.15 (KHTML, like Gecko) Version/16.1 Mobile/15E148 Safari/604.1" "ysfine.com"
35.186.182.145 - - [08/Jan/2023:23:32:28 -0800] "GET /xmlrpc.php HTTP/1.1" 404 88 "-" "Mozilla/5.0 (iPhone; CPU iPhone OS 16_0_2 like Mac OS X) AppleWebKit/605.1.15 (KHTML, like Gecko) Version/16.0 Mobile/15E148 Safari/604.1" "ysfine.com"
157.55.39.149 - - [08/Jan/2023:23:33:13 -0800] "GET /bio/style/proschanie.html HTTP/1.1" 404 88 "-" "Mozilla/5.0 (compatible; bingbot/2.0; +http://www.bing.com/bingbot.htm)" "ysfine.com"
159.69.89.146 - - [08/Jan/2023:23:33:34 -0800] "GET /world/ital/venice52.jpg HTTP/1.1" 200 172529 "-" "Mozilla/5.0 (X11; Fedora; Linux x86_64) AppleWebKit/537.36 (KHTML, like Gecko) Chrome/79.0.3945.117 Safari/537.36" "ysfine.com"
77.75.79.119 - - [08/Jan/2023:23:34:00 -0800] "GET /fbook/phys.html HTTP/1.1" 304 - "-" "Mozilla/5.0 (compatible; SeznamBot/4.0-RC1; +http://napoveda.seznam.cz/seznambot-intro/)" "ysfine.com"
40.77.167.49 - - [08/Jan/2023:23:36:12 -0800] "GET /bio/style/ystyle.html HTTP/1.1" 404 88 "-" "Mozilla/5.0 (compatible; bingbot/2.0; +http://www.bing.com/bingbot.htm)" "ysfine.com"
149.5.224.146 - - [08/Jan/2023:23:36:14 -0800] "GET /princeton/leigh.jpg HTTP/1.1" 404 73 "-" "-" "ysfine.com"
35.226.161.112 - - [08/Jan/2023:23:36:53 -0800] "GET /newyork/trumpmap11.jpg HTTP/1.1" 200 89520 "-" "Mozilla/5.0 (X11; Ubuntu; Linux x86_64; rv:72.0) Gecko/20100101 Firefox/72.0" "ysfine.com"
160.178.166.0 - - [08/Jan/2023:23:37:13 -0800] "GET /style/tatiana11.jpg HTTP/1.1" 200 146910 "https://www.google.fr/" "Mozilla/5.0 (X11; CrOS x86_64 15183.69.0) AppleWebKit/537.36 (KHTML, like Gecko) Chrome/108.0.0.0 Safari/537.36" "ysfine.com"
207.46.13.176 - - [08/Jan/2023:23:37:19 -0800] "GET /world/poland/polnobel01.jpg HTTP/1.1" 200 123761 "-" "Mozilla/5.0 AppleWebKit/537.36 (KHTML, like Gecko; compatible; bingbot/2.0; +http://www.bing.com/bingbot.htm) Chrome/103.0.5060.134 Safari/537.36" "www.ysfine.com"
207.46.13.176 - - [08/Jan/2023:23:37:50 -0800] "GET /bio/optics.html HTTP/1.1" 404 88 "-" "Mozilla/5.0 (compatible; bingbot/2.0; +http://www.bing.com/bingbot.htm)" "ysfine.com"
207.141.87.247 - - [08/Jan/2023:23:37:53 -0800] "GET /style/leica.html HTTP/1.1" 200 17158 "-" "Mozilla/5.0 (Windows NT 10.0; Win64; x64) AppleWebKit/537.36 (KHTML, like Gecko) Chrome/108.0.0.0 Safari/537.36" "ysfine.com"
3.34.179.89 - - [08/Jan/2023:23:39:36 -0800] "GET /maga/invent/amellon11.jpg HTTP/1.1" 200 21348 "-" "python-requests/2.25.1" "ysfine.com"
207.46.13.176 - - [08/Jan/2023:23:40:00 -0800] "GET /bio/awards/index.html HTTP/1.1" 404 88 "-" "Mozilla/5.0 AppleWebKit/537.36 (KHTML, like Gecko; compatible; bingbot/2.0; +http://www.bing.com/bingbot.htm) Chrome/103.0.5060.134 Safari/537.36" "ysfine.com"
207.46.13.31 - - [08/Jan/2023:23:40:29 -0800] "GET /bio/style/artlove.html HTTP/1.1" 404 88 "-" "Mozilla/5.0 (compatible; bingbot/2.0; +http://www.bing.com/bingbot.htm)" "ysfine.com"
40.77.167.17 - - [08/Jan/2023:23:40:50 -0800] "GET /bio/style/leica.html HTTP/1.1" 404 88 "-" "Mozilla/5.0 (compatible; bingbot/2.0; +http://www.bing.com/bingbot.htm)" "ysfine.com"
191.101.41.47 - - [08/Jan/2023:23:40:57 -0800] "GET /kobak/sl629.jpg HTTP/1.1" 200 141503 "https://www.google.com/" "Mozilla/5.0 (Windows NT 10.0; Win64; x64) AppleWebKit/537.36 (KHTML, like Gecko) Chrome/108.0.0.0 Safari/537.36" "ysfine.com"
191.101.41.47 - - [08/Jan/2023:23:41:51 -0800] "GET /kowar/tanks/sherman51.jpg HTTP/1.1" 200 110942 "https://www.google.com/" "Mozilla/5.0 (Windows NT 10.0; Win64; x64) AppleWebKit/537.36 (KHTML, like Gecko) Chrome/108.0.0.0 Safari/537.36" "ysfine.com"
71.178.208.102 - - [08/Jan/2023:23:42:05 -0800] "GET /bio54.html HTTP/1.1" 200 7982 "https://ysfine.com/ys11/" "Mozilla/5.0 (Windows NT 10.0; Win64; x64) AppleWebKit/537.36 (KHTML, like Gecko) Chrome/108.0.0.0 Safari/537.36" "ysfine.com"
51.222.253.5 - - [08/Jan/2023:23:42:10 -0800] "GET /houses/myhouse.html HTTP/1.1" 200 1473 "-" "Mozilla/5.0 (compatible; AhrefsBot/7.0; +http://ahrefs.com/robot/)" "www.ysfine.com"
51.222.253.16 - - [08/Jan/2023:23:42:11 -0800] "GET /houses/house44c.jpg HTTP/1.1" 200 36128 "-" "Mozilla/5.0 (compatible; AhrefsBot/7.0; +http://ahrefs.com/robot/)" "www.ysfine.com"
51.222.253.3 - - [08/Jan/2023:23:42:23 -0800] "GET /houses/house34c.jpg HTTP/1.1" 200 22712 "-" "Mozilla/5.0 (compatible; AhrefsBot/7.0; +http://ahrefs.com/robot/)" "www.ysfine.com"
51.222.253.1 - - [08/Jan/2023:23:42:23 -0800] "GET /houses/capitol33c.jpg HTTP/1.1" 200 32326 "-" "Mozilla/5.0 (compatible; AhrefsBot/7.0; +http://ahrefs.com/robot/)" "www.ysfine.com"
51.222.253.13 - - [08/Jan/2023:23:42:23 -0800] "GET /houses/house12c.jpg HTTP/1.1" 200 29087 "-" "Mozilla/5.0 (compatible; AhrefsBot/7.0; +http://ahrefs.com/robot/)" "www.ysfine.com"
51.222.253.9 - - [08/Jan/2023:23:42:27 -0800] "GET /houses/house11c.jpg HTTP/1.1" 200 30925 "-" "Mozilla/5.0 (compatible; AhrefsBot/7.0; +http://ahrefs.com/robot/)" "www.ysfine.com"
40.77.167.17 - - [08/Jan/2023:23:42:40 -0800] "GET /world/russ/kazan101.jpg HTTP/1.1" 200 100997 "-" "Mozilla/5.0 AppleWebKit/537.36 (KHTML, like Gecko; compatible; bingbot/2.0; +http://www.bing.com/bingbot.htm) Chrome/103.0.5060.134 Safari/537.36" "www.ysfine.com"
207.46.13.31 - - [08/Jan/2023:23:42:40 -0800] "GET /bio/sbk/1950.html HTTP/1.1" 404 88 "-" "Mozilla/5.0 (compatible; bingbot/2.0; +http://www.bing.com/bingbot.htm)" "ysfine.com"
157.55.39.149 - - [08/Jan/2023:23:43:44 -0800] "GET /usca/pitt/knee33.jpg HTTP/1.1" 200 73465 "-" "Mozilla/5.0 (compatible; bingbot/2.0; +http://www.bing.com/bingbot.htm)" "ysfine.com"
207.46.13.31 - - [08/Jan/2023:23:44:49 -0800] "GET /world/ital/spstep01.jpg HTTP/1.1" 200 78689 "-" "Mozilla/5.0 AppleWebKit/537.36 (KHTML, like Gecko; compatible; bingbot/2.0; +http://www.bing.com/bingbot.htm) Chrome/103.0.5060.134 Safari/537.36" "ysfine.com"
207.46.13.143 - - [08/Jan/2023:23:45:23 -0800] "GET /bio/wigner/wigpoinc.html HTTP/1.1" 404 88 "-" "Mozilla/5.0 AppleWebKit/537.36 (KHTML, like Gecko; compatible; bingbot/2.0; +http://www.bing.com/bingbot.htm) Chrome/103.0.5060.134 Safari/537.36" "ysfine.com"
207.46.13.31 - - [08/Jan/2023:23:46:39 -0800] "GET /bio/kobak/yskor.html HTTP/1.1" 404 88 "-" "Mozilla/5.0 AppleWebKit/537.36 (KHTML, like Gecko; compatible; bingbot/2.0; +http://www.bing.com/bingbot.htm) Chrome/103.0.5060.134 Safari/537.36" "ysfine.com"
3.39.239.108 - - [08/Jan/2023:23:46:53 -0800] "GET /wigner/fitch01.jpg HTTP/1.1" 200 43087 "-" "python-requests/2.25.1" "ysfine.com"
3.39.239.108 - - [08/Jan/2023:23:46:54 -0800] "GET /wigner/fitch02b.jpg HTTP/1.1" 200 33167 "-" "python-requests/2.25.1" "ysfine.com"
207.46.13.143 - - [08/Jan/2023:23:47:02 -0800] "GET /kobak/carbine11.jpg HTTP/1.1" 200 23508 "-" "Mozilla/5.0 AppleWebKit/537.36 (KHTML, like Gecko; compatible; bingbot/2.0; +http://www.bing.com/bingbot.htm) Chrome/103.0.5060.134 Safari/537.36" "ysfine.com"
191.101.41.68 - - [08/Jan/2023:23:47:39 -0800] "GET /kobak/1014b.jpg HTTP/1.1" 200 42115 "https://www.google.com/" "Mozilla/5.0 (Windows NT 10.0; Win64; x64) AppleWebKit/537.36 (KHTML, like Gecko) Chrome/108.0.0.0 Safari/537.36" "ysfine.com"
71.178.208.102 - - [08/Jan/2023:23:48:23 -0800] "GET /bio54.html HTTP/1.1" 200 7982 "https://www.ysfine.com/ys11/index.html" "Mozilla/5.0 (Windows NT 10.0; Win64; x64; rv:108.0) Gecko/20100101 Firefox/108.0" "www.ysfine.com"
157.55.39.149 - - [08/Jan/2023:23:48:43 -0800] "GET /bio/dirac/bankers.html HTTP/1.1" 404 88 "-" "Mozilla/5.0 (compatible; bingbot/2.0; +http://www.bing.com/bingbot.htm)" "ysfine.com"
40.77.167.49 - - [08/Jan/2023:23:49:25 -0800] "GET /bio/wigner/e(2).html HTTP/1.1" 404 88 "-" "Mozilla/5.0 (compatible; bingbot/2.0; +http://www.bing.com/bingbot.htm)" "ysfine.com"
40.77.167.17 - - [08/Jan/2023:23:49:31 -0800] "GET /bio/einstein/bern.html HTTP/1.1" 404 88 "-" "Mozilla/5.0 (compatible; bingbot/2.0; +http://www.bing.com/bingbot.htm)" "ysfine.com"
71.178.208.102 - - [08/Jan/2023:23:51:01 -0800] "GET /bio54.html HTTP/1.1" 200 7980 "https://ysfine.com/ys11/" "Mozilla/5.0 (Windows NT 10.0; Win64; x64) AppleWebKit/537.36 (KHTML, like Gecko) Chrome/108.0.0.0 Safari/537.36" "ysfine.com"
207.46.13.176 - - [08/Jan/2023:23:51:52 -0800] "GET /bio.html HTTP/1.1" 200 18260 "-" "Mozilla/5.0 AppleWebKit/537.36 (KHTML, like Gecko; compatible; bingbot/2.0; +http://www.bing.com/bingbot.htm) Chrome/103.0.5060.134 Safari/537.36" "ysfine.com"
207.46.13.176 - - [08/Jan/2023:23:52:50 -0800] "GET /home/index.html HTTP/1.1" 200 142 "-" "Mozilla/5.0 AppleWebKit/537.36 (KHTML, like Gecko; compatible; bingbot/2.0; +http://www.bing.com/bingbot.htm) Chrome/103.0.5060.134 Safari/537.36" "www.ysfine.com"
51.222.253.20 - - [08/Jan/2023:23:54:43 -0800] "GET /class54/class5470/total_data/sub_533.htm HTTP/1.1" 200 3212 "-" "Mozilla/5.0 (compatible; AhrefsBot/7.0; +http://ahrefs.com/robot/)" "ysfine.com"
51.222.253.13 - - [08/Jan/2023:23:54:44 -0800] "GET /class54/class5470/total_data/photo_img/5-33.jpg HTTP/1.1" 200 189246 "-" "Mozilla/5.0 (compatible; AhrefsBot/7.0; +http://ahrefs.com/robot/)" "ysfine.com"
207.46.13.176 - - [08/Jan/2023:23:54:51 -0800] "GET /bio/eink/buythisbook.html HTTP/1.1" 404 88 "-" "Mozilla/5.0 AppleWebKit/537.36 (KHTML, like Gecko; compatible; bingbot/2.0; +http://www.bing.com/bingbot.htm) Chrome/103.0.5060.134 Safari/537.36" "ysfine.com"
40.77.167.17 - - [08/Jan/2023:23:55:01 -0800] "GET /bio/world/leipzig.html HTTP/1.1" 404 88 "-" "Mozilla/5.0 (compatible; bingbot/2.0; +http://www.bing.com/bingbot.htm)" "ysfine.com"
135.181.88.6 - - [08/Jan/2023:23:55:04 -0800] "GET /maga/phys/hydrogen01.jpg HTTP/1.1" 200 75806 "-" "Mozilla/5.0 (X11; Fedora; Linux x86_64) AppleWebKit/537.36 (KHTML, like Gecko) Chrome/79.0.3945.117 Safari/537.36" "ysfine.com"
40.77.167.49 - - [08/Jan/2023:23:55:20 -0800] "GET /bio/pquartet.html HTTP/1.1" 404 88 "-" "Mozilla/5.0 (compatible; bingbot/2.0; +http://www.bing.com/bingbot.htm)" "ysfine.com"
87.250.224.113 - - [08/Jan/2023:23:56:23 -0800] "GET /robots.txt HTTP/1.1" 404 73 "-" "Mozilla/5.0 (compatible; YandexBot/3.0; +http://yandex.com/bots)" "ysfine.com"
87.250.224.8 - - [08/Jan/2023:23:56:27 -0800] "GET /style/picasspr11.jpg HTTP/1.1" 200 106520 "-" "Mozilla/5.0 (compatible; YandexImages/3.0; +http://yandex.com/bots)" "ysfine.com"
40.77.167.17 - - [08/Jan/2023:23:57:31 -0800] "GET /bio/awards/iao.html HTTP/1.1" 404 88 "-" "Mozilla/5.0 (compatible; bingbot/2.0; +http://www.bing.com/bingbot.htm)" "ysfine.com"
71.178.208.102 - - [08/Jan/2023:23:57:34 -0800] "GET /ys11/index.html HTTP/1.1" 304 - "-" "Mozilla/5.0 (Windows NT 10.0; Win64; x64) AppleWebKit/537.36 (KHTML, like Gecko) Chrome/108.0.0.0 Safari/537.36 Edg/108.0.1462.76" "www.ysfine.com"
117.71.110.171 - - [08/Jan/2023:23:59:05 -0800] "GET /wisdom/wk01.html HTTP/1.1" 200 88106 "-" "Mozilla/5.0 (Windows NT 10.0; WOW64) AppleWebKit/537.36 (KHTML, like Gecko) Chrome/103.0.0.0 Safari/537.36" "ysfine.com"
40.77.167.49 - - [08/Jan/2023:23:59:13 -0800] "GET /bio/princeton/campus.html HTTP/1.1" 404 88 "-" "Mozilla/5.0 AppleWebKit/537.36 (KHTML, like Gecko; compatible; bingbot/2.0; +http://www.bing.com/bingbot.htm) Chrome/103.0.5060.134 Safari/537.36" "ysfine.com"
117.71.110.171 - - [08/Jan/2023:23:59:17 -0800] "GET /wisdom/happyend.html HTTP/1.1" 200 1088 "https://ysfine.com/wisdom/wk01.html" "Mozilla/5.0 (Windows NT 10.0; WOW64) AppleWebKit/537.36 (KHTML, like Gecko) Chrome/103.0.0.0 Safari/537.36" "ysfine.com"
117.71.110.171 - - [09/Jan/2023:00:00:07 -0800] "GET /wigner/maxwig.html HTTP/1.1" 200 8080 "https://ysfine.com/wisdom/wk01.html" "Mozilla/5.0 (Windows NT 10.0; WOW64) AppleWebKit/537.36 (KHTML, like Gecko) Chrome/103.0.0.0 Safari/537.36" "ysfine.com"
117.71.110.171 - - [09/Jan/2023:00:00:10 -0800] "GET /home/index.html HTTP/1.1" 200 142 "http://ysfine.com/home/index.html" "Mozilla/5.0 (Windows NT 10.0; WOW64) AppleWebKit/537.36 (KHTML, like Gecko) Chrome/103.0.0.0 Safari/537.36" "ysfine.com"
117.71.110.171 - - [09/Jan/2023:00:00:11 -0800] "GET /wigner/lunch.html HTTP/1.1" 200 3105 "https://ysfine.com/wisdom/wk01.html" "Mozilla/5.0 (Windows NT 10.0; WOW64) AppleWebKit/537.36 (KHTML, like Gecko) Chrome/103.0.0.0 Safari/537.36" "ysfine.com"
117.71.110.171 - - [09/Jan/2023:00:00:12 -0800] "GET /people/sbt.html HTTP/1.1" 200 529 "https://ysfine.com/wisdom/wk01.html" "Mozilla/5.0 (Windows NT 10.0; WOW64) AppleWebKit/537.36 (KHTML, like Gecko) Chrome/103.0.0.0 Safari/537.36" "ysfine.com"
207.46.13.143 - - [09/Jan/2023:00:00:53 -0800] "GET /world/russ/kazan066.jpg HTTP/1.1" 200 44197 "-" "Mozilla/5.0 AppleWebKit/537.36 (KHTML, like Gecko; compatible; bingbot/2.0; +http://www.bing.com/bingbot.htm) Chrome/103.0.5060.134 Safari/537.36" "ysfine.com"
207.46.13.143 - - [09/Jan/2023:00:01:03 -0800] "GET /style/klauder22.jpg HTTP/1.1" 200 72593 "-" "Mozilla/5.0 AppleWebKit/537.36 (KHTML, like Gecko; compatible; bingbot/2.0; +http://www.bing.com/bingbot.htm) Chrome/103.0.5060.134 Safari/537.36" "www.ysfine.com"
207.46.13.176 - - [09/Jan/2023:00:01:52 -0800] "GET /bio/style/rieu.html HTTP/1.1" 404 88 "-" "Mozilla/5.0 (compatible; bingbot/2.0; +http://www.bing.com/bingbot.htm)" "ysfine.com"
40.77.167.49 - - [09/Jan/2023:00:01:56 -0800] "GET /bio/world/trier.html HTTP/1.1" 404 88 "-" "Mozilla/5.0 AppleWebKit/537.36 (KHTML, like Gecko; compatible; bingbot/2.0; +http://www.bing.com/bingbot.htm) Chrome/103.0.5060.134 Safari/537.36" "ysfine.com"
71.178.208.102 - - [09/Jan/2023:00:01:58 -0800] "GET /bio54.html HTTP/1.1" 200 8050 "https://www.ysfine.com/ys11/index.html" "Mozilla/5.0 (Windows NT 10.0; Win64; x64; rv:108.0) Gecko/20100101 Firefox/108.0" "www.ysfine.com"
40.77.167.17 - - [09/Jan/2023:00:03:21 -0800] "GET /eink/hyperell61.jpg HTTP/1.1" 200 51720 "-" "Mozilla/5.0 (compatible; bingbot/2.0; +http://www.bing.com/bingbot.htm)" "ysfine.com"
85.208.98.23 - - [09/Jan/2023:00:03:59 -0800] "GET /robots.txt HTTP/1.1" 404 88 "http://ysfine.com/robots.txt" "Mozilla/5.0 (compatible; SemrushBot-BA; +http://www.semrush.com/bot.html)" "ysfine.com"
85.208.98.23 - - [09/Jan/2023:00:03:59 -0800] "GET /robots.txt HTTP/1.1" 404 88 "http://www.ysfine.com/robots.txt" "Mozilla/5.0 (compatible; SemrushBot-BA; +http://www.semrush.com/bot.html)" "www.ysfine.com"
40.77.167.17 - - [09/Jan/2023:00:04:01 -0800] "GET /bio/dirac/diracpol.html HTTP/1.1" 404 88 "-" "Mozilla/5.0 (compatible; bingbot/2.0; +http://www.bing.com/bingbot.htm)" "ysfine.com"
85.208.98.22 - - [09/Jan/2023:00:04:21 -0800] "GET /style/restau.html HTTP/1.1" 200 2149 "-" "Mozilla/5.0 (compatible; SemrushBot-BA; +http://www.semrush.com/bot.html)" "www.ysfine.com"
85.208.98.31 - - [09/Jan/2023:00:04:26 -0800] "GET /style/restau.html HTTP/1.1" 200 2149 "-" "Mozilla/5.0 (compatible; SemrushBot-BA; +http://www.semrush.com/bot.html)" "ysfine.com"
71.178.208.102 - - [09/Jan/2023:00:04:47 -0800] "GET /class54/nhk11c.jpg HTTP/1.1" 200 43153 "https://www.ysfine.com/class54/roofless.html" "Mozilla/5.0 (Windows NT 10.0; Win64; x64; rv:108.0) Gecko/20100101 Firefox/108.0" "www.ysfine.com"
71.178.208.102 - - [09/Jan/2023:00:04:47 -0800] "GET /class54/yukaein53c.jpg HTTP/1.1" 200 35077 "https://www.ysfine.com/class54/roofless.html" "Mozilla/5.0 (Windows NT 10.0; Win64; x64; rv:108.0) Gecko/20100101 Firefox/108.0" "www.ysfine.com"
71.178.208.102 - - [09/Jan/2023:00:04:47 -0800] "GET /class54/yoshiko22c.jpg HTTP/1.1" 200 46591 "https://www.ysfine.com/class54/roofless.html" "Mozilla/5.0 (Windows NT 10.0; Win64; x64; rv:108.0) Gecko/20100101 Firefox/108.0" "www.ysfine.com"
71.178.208.102 - - [09/Jan/2023:00:04:47 -0800] "GET /class54/hideko11c.jpg HTTP/1.1" 200 23692 "https://www.ysfine.com/class54/roofless.html" "Mozilla/5.0 (Windows NT 10.0; Win64; x64; rv:108.0) Gecko/20100101 Firefox/108.0" "www.ysfine.com"
71.178.208.102 - - [09/Jan/2023:00:04:47 -0800] "GET /class54/hamako11c.jpg HTTP/1.1" 200 21075 "https://www.ysfine.com/class54/roofless.html" "Mozilla/5.0 (Windows NT 10.0; Win64; x64; rv:108.0) Gecko/20100101 Firefox/108.0" "www.ysfine.com"
71.178.208.102 - - [09/Jan/2023:00:04:47 -0800] "GET /class54/brewer11c.jpg HTTP/1.1" 200 35637 "https://www.ysfine.com/class54/roofless.html" "Mozilla/5.0 (Windows NT 10.0; Win64; x64; rv:108.0) Gecko/20100101 Firefox/108.0" "www.ysfine.com"
71.178.208.102 - - [09/Jan/2023:00:04:47 -0800] "GET /eink/eink54f.jpg HTTP/1.1" 200 98068 "https://www.ysfine.com/class54/roofless.html" "Mozilla/5.0 (Windows NT 10.0; Win64; x64; rv:108.0) Gecko/20100101 Firefox/108.0" "www.ysfine.com"
71.178.208.102 - - [09/Jan/2023:00:04:47 -0800] "GET /class54/yasukuni96c.jpg HTTP/1.1" 200 29289 "https://www.ysfine.com/class54/roofless.html" "Mozilla/5.0 (Windows NT 10.0; Win64; x64; rv:108.0) Gecko/20100101 Firefox/108.0" "www.ysfine.com"
71.178.208.102 - - [09/Jan/2023:00:04:47 -0800] "GET /eink/ewk86f.jpg HTTP/1.1" 200 122173 "https://www.ysfine.com/class54/roofless.html" "Mozilla/5.0 (Windows NT 10.0; Win64; x64; rv:108.0) Gecko/20100101 Firefox/108.0" "www.ysfine.com"
71.178.208.102 - - [09/Jan/2023:00:04:47 -0800] "GET /class54/pics/ginza14c.jpg HTTP/1.1" 200 41683 "https://www.ysfine.com/class54/roofless.html" "Mozilla/5.0 (Windows NT 10.0; Win64; x64; rv:108.0) Gecko/20100101 Firefox/108.0" "www.ysfine.com"
71.178.208.102 - - [09/Jan/2023:00:04:47 -0800] "GET /class54/ichiro11c.jpg HTTP/1.1" 200 41242 "https://www.ysfine.com/class54/roofless.html" "Mozilla/5.0 (Windows NT 10.0; Win64; x64; rv:108.0) Gecko/20100101 Firefox/108.0" "www.ysfine.com"
71.178.208.102 - - [09/Jan/2023:00:04:47 -0800] "GET /class54/taylor54d.jpg HTTP/1.1" 200 65653 "https://www.ysfine.com/class54/roofless.html" "Mozilla/5.0 (Windows NT 10.0; Win64; x64; rv:108.0) Gecko/20100101 Firefox/108.0" "www.ysfine.com"
71.178.208.102 - - [09/Jan/2023:00:04:47 -0800] "GET /class54/patti11c.jpg HTTP/1.1" 200 33693 "https://www.ysfine.com/class54/roofless.html" "Mozilla/5.0 (Windows NT 10.0; Win64; x64; rv:108.0) Gecko/20100101 Firefox/108.0" "www.ysfine.com"
71.178.208.102 - - [09/Jan/2023:00:04:47 -0800] "GET /eink/further22f.jpg HTTP/1.1" 200 99099 "https://www.ysfine.com/class54/roofless.html" "Mozilla/5.0 (Windows NT 10.0; Win64; x64; rv:108.0) Gecko/20100101 Firefox/108.0" "www.ysfine.com"
71.178.208.102 - - [09/Jan/2023:00:04:48 -0800] "GET /class54/akiko11c.jpg HTTP/1.1" 200 43811 "https://www.ysfine.com/class54/roofless.html" "Mozilla/5.0 (Windows NT 10.0; Win64; x64; rv:108.0) Gecko/20100101 Firefox/108.0" "www.ysfine.com"
71.178.208.102 - - [09/Jan/2023:00:04:48 -0800] "GET /class54/samjiyon11d.jpg HTTP/1.1" 200 69561 "https://www.ysfine.com/class54/roofless.html" "Mozilla/5.0 (Windows NT 10.0; Win64; x64; rv:108.0) Gecko/20100101 Firefox/108.0" "www.ysfine.com"
71.178.208.102 - - [09/Jan/2023:00:04:48 -0800] "GET /class54/mieko11c.jpg HTTP/1.1" 200 35433 "https://www.ysfine.com/class54/roofless.html" "Mozilla/5.0 (Windows NT 10.0; Win64; x64; rv:108.0) Gecko/20100101 Firefox/108.0" "www.ysfine.com"
71.178.208.102 - - [09/Jan/2023:00:04:48 -0800] "GET /home/eink77c.jpg HTTP/1.1" 200 47471 "https://www.ysfine.com/class54/roofless.html" "Mozilla/5.0 (Windows NT 10.0; Win64; x64; rv:108.0) Gecko/20100101 Firefox/108.0" "www.ysfine.com"
71.178.208.102 - - [09/Jan/2023:00:04:48 -0800] "GET /class54/teng80c.jpg HTTP/1.1" 200 42407 "https://www.ysfine.com/class54/roofless.html" "Mozilla/5.0 (Windows NT 10.0; Win64; x64; rv:108.0) Gecko/20100101 Firefox/108.0" "www.ysfine.com"
71.178.208.102 - - [09/Jan/2023:00:04:48 -0800] "GET /class54/cancan11c.jpg HTTP/1.1" 200 72542 "https://www.ysfine.com/class54/roofless.html" "Mozilla/5.0 (Windows NT 10.0; Win64; x64; rv:108.0) Gecko/20100101 Firefox/108.0" "www.ysfine.com"
71.178.208.102 - - [09/Jan/2023:00:04:48 -0800] "GET /class54/hibari22c.jpg HTTP/1.1" 200 23134 "https://www.ysfine.com/class54/roofless.html" "Mozilla/5.0 (Windows NT 10.0; Win64; x64; rv:108.0) Gecko/20100101 Firefox/108.0" "www.ysfine.com"
207.46.13.31 - - [09/Jan/2023:00:05:12 -0800] "GET /bio/harmoarchi.html HTTP/1.1" 404 88 "-" "Mozilla/5.0 AppleWebKit/537.36 (KHTML, like Gecko; compatible; bingbot/2.0; +http://www.bing.com/bingbot.htm) Chrome/103.0.5060.134 Safari/537.36" "ysfine.com"
71.178.208.102 - - [09/Jan/2023:00:05:39 -0800] "GET /bio54.html HTTP/1.1" 304 - "https://www.ysfine.com/ys11/index.html" "Mozilla/5.0 (Windows NT 10.0; Win64; x64; rv:108.0) Gecko/20100101 Firefox/108.0" "www.ysfine.com"
20.73.202.147 - - [09/Jan/2023:00:05:46 -0800] "GET /feynman/jf1.jpg HTTP/1.1" 200 13411 "http://ysfine.com/feynman/jf1.jpg" "DuckDuckBot/1.1; (+http://duckduckgo.com/duckduckbot.html)" "ysfine.com"
40.77.167.17 - - [09/Jan/2023:00:06:41 -0800] "GET /world/poland/waw02.jpg HTTP/1.1" 200 93015 "-" "Mozilla/5.0 AppleWebKit/537.36 (KHTML, like Gecko; compatible; bingbot/2.0; +http://www.bing.com/bingbot.htm) Chrome/103.0.5060.134 Safari/537.36" "www.ysfine.com"
51.222.253.11 - - [09/Jan/2023:00:07:01 -0800] "GET /class54/class5470/total_data/sub_534.htm HTTP/1.1" 200 3212 "-" "Mozilla/5.0 (compatible; AhrefsBot/7.0; +http://ahrefs.com/robot/)" "ysfine.com"
51.222.253.19 - - [09/Jan/2023:00:07:03 -0800] "GET /class54/class5470/total_data/photo_img/5-34.jpg HTTP/1.1" 200 217107 "-" "Mozilla/5.0 (compatible; AhrefsBot/7.0; +http://ahrefs.com/robot/)" "ysfine.com"
71.178.208.102 - - [09/Jan/2023:00:07:39 -0800] "GET /bio54.html HTTP/1.1" 304 - "https://www.ysfine.com/ys11/index.html" "Mozilla/5.0 (Windows NT 10.0; Win64; x64; rv:108.0) Gecko/20100101 Firefox/108.0" "www.ysfine.com"
71.178.208.102 - - [09/Jan/2023:00:07:56 -0800] "GET /class54/index HTTP/1.1" 200 2551 "https://www.ysfine.com/bio54.html" "Mozilla/5.0 (Windows NT 10.0; Win64; x64; rv:108.0) Gecko/20100101 Firefox/108.0" "www.ysfine.com"
71.178.208.102 - - [09/Jan/2023:00:07:56 -0800] "GET /eink/pwk19c.jpg HTTP/1.1" 200 57759 "https://www.ysfine.com/class54/index" "Mozilla/5.0 (Windows NT 10.0; Win64; x64; rv:108.0) Gecko/20100101 Firefox/108.0" "www.ysfine.com"
71.178.208.102 - - [09/Jan/2023:00:07:56 -0800] "GET /kobak/taylor33c.jpg HTTP/1.1" 200 39951 "https://www.ysfine.com/class54/index" "Mozilla/5.0 (Windows NT 10.0; Win64; x64; rv:108.0) Gecko/20100101 Firefox/108.0" "www.ysfine.com"
40.77.139.114 - - [09/Jan/2023:00:08:58 -0800] "GET /home/hmbot.html HTTP/1.1" 200 188 "-" "Mozilla/5.0 (Windows NT 6.1; WOW64) AppleWebKit/534+ (KHTML, like Gecko) BingPreview/1.0b" "www.ysfine.com"
40.77.139.25 - - [09/Jan/2023:00:08:59 -0800] "GET /home/hmleft.html HTTP/1.1" 200 2606 "-" "Mozilla/5.0 (Windows NT 6.1; WOW64) AppleWebKit/534+ (KHTML, like Gecko) BingPreview/1.0b" "www.ysfine.com"
207.46.13.31 - - [09/Jan/2023:00:09:01 -0800] "GET /beau/belgistu02.jpg HTTP/1.1" 404 88 "-" "Mozilla/5.0 AppleWebKit/537.36 (KHTML, like Gecko; compatible; bingbot/2.0; +http://www.bing.com/bingbot.htm) Chrome/103.0.5060.134 Safari/537.36" "ysfine.com"
40.77.139.51 - - [09/Jan/2023:00:08:59 -0800] "GET /home/hmrigh.html HTTP/1.1" 200 11493 "-" "Mozilla/5.0 (Windows NT 6.1; WOW64) AppleWebKit/534+ (KHTML, like Gecko) BingPreview/1.0b" "www.ysfine.com"
40.77.139.53 - - [09/Jan/2023:00:08:59 -0800] "GET /home/hmtop.html HTTP/1.1" 200 1321 "-" "Mozilla/5.0 (Windows NT 6.1; WOW64) AppleWebKit/534+ (KHTML, like Gecko) BingPreview/1.0b" "www.ysfine.com"
207.46.13.31 - - [09/Jan/2023:00:09:31 -0800] "GET /world/baltic/riga19.jpg HTTP/1.1" 200 61857 "-" "Mozilla/5.0 AppleWebKit/537.36 (KHTML, like Gecko; compatible; bingbot/2.0; +http://www.bing.com/bingbot.htm) Chrome/103.0.5060.134 Safari/537.36" "www.ysfine.com"
71.178.208.102 - - [09/Jan/2023:00:15:02 -0800] "GET /bio54.html HTTP/1.1" 200 8053 "https://www.ysfine.com/ys11/index.html" "Mozilla/5.0 (Windows NT 10.0; Win64; x64; rv:108.0) Gecko/20100101 Firefox/108.0" "www.ysfine.com"
71.178.208.102 - - [09/Jan/2023:00:16:23 -0800] "GET /bio05.html HTTP/1.1" 200 7090 "-" "Mozilla/5.0 (Windows NT 10.0; Win64; x64; rv:108.0) Gecko/20100101 Firefox/108.0" "www.ysfine.com"
71.178.208.102 - - [09/Jan/2023:00:16:23 -0800] "GET /home/fotos/kazan017d.jpg HTTP/1.1" 200 51055 "https://www.ysfine.com/bio05.html" "Mozilla/5.0 (Windows NT 10.0; Win64; x64; rv:108.0) Gecko/20100101 Firefox/108.0" "www.ysfine.com"
87.250.224.144 - - [09/Jan/2023:00:16:30 -0800] "GET /robots.txt HTTP/1.1" 404 73 "-" "Mozilla/5.0 (compatible; YandexBot/3.0; +http://yandex.com/bots)" "www.ysfine.com"
