40.77.167.49 - - [09/Jan/2023:08:14:28 -0800] "GET /bio/style/ystyle.html HTTP/1.1" 404 88 "-" "Mozilla/5.0 AppleWebKit/537.36 (KHTML, like Gecko; compatible; bingbot/2.0; +http://www.bing.com/bingbot.htm) Chrome/103.0.5060.134 Safari/537.36" "ysfine.com"
40.77.167.49 - - [09/Jan/2023:08:14:29 -0800] "GET /eink/eink22.jpg HTTP/1.1" 200 179372 "-" "Mozilla/5.0 AppleWebKit/537.36 (KHTML, like Gecko; compatible; bingbot/2.0; +http://www.bing.com/bingbot.htm) Chrome/103.0.5060.134 Safari/537.36" "ysfine.com"
207.46.13.176 - - [09/Jan/2023:08:14:38 -0800] "GET /bio/einstein/ulm.html HTTP/1.1" 404 88 "-" "Mozilla/5.0 (compatible; bingbot/2.0; +http://www.bing.com/bingbot.htm)" "ysfine.com"
40.77.167.81 - - [09/Jan/2023:08:15:18 -0800] "GET /world/scandi/sto028.jpg HTTP/1.1" 200 72632 "-" "Mozilla/5.0 (compatible; bingbot/2.0; +http://www.bing.com/bingbot.htm)" "ysfine.com"
207.46.13.31 - - [09/Jan/2023:08:15:27 -0800] "GET /bio/sbk/1950.html HTTP/1.1" 404 88 "-" "Mozilla/5.0 (compatible; bingbot/2.0; +http://www.bing.com/bingbot.htm)" "ysfine.com"
95.163.255.70 - - [09/Jan/2023:08:15:30 -0800] "GET /maga/phys/maxwell05b.jpg HTTP/1.1" 200 36378 "http://go.mail.ru/search_images" "Mozilla/5.0 (compatible; Linux x86_64; Mail.RU_Bot/Img/2.0; +https://help.mail.ru/webmaster/indexing/robots)" "ysfine.com"
66.249.70.30 - - [09/Jan/2023:08:15:36 -0800] "GET /princeton/pros10.jpg HTTP/1.1" 200 111737 "-" "Googlebot-Image/1.0" "ysfine.com"
207.166.54.97 - - [09/Jan/2023:08:16:17 -0800] "GET /princeton/wilspoin.jpg HTTP/1.1" 200 84978 "https://www.google.com/" "Mozilla/5.0 (Windows NT 10.0; Win64; x64) AppleWebKit/537.36 (KHTML, like Gecko) Chrome/107.0.0.0 Safari/537.36" "ysfine.com"
157.55.39.86 - - [09/Jan/2023:08:16:42 -0800] "GET /world/russ/kazan020.jpg HTTP/1.1" 200 128552 "-" "Mozilla/5.0 AppleWebKit/537.36 (KHTML, like Gecko; compatible; bingbot/2.0; +http://www.bing.com/bingbot.htm) Chrome/103.0.5060.134 Safari/537.36" "www.ysfine.com"
40.77.167.49 - - [09/Jan/2023:08:18:09 -0800] "GET /beau/amkor/canstu03.jpg HTTP/1.1" 404 88 "-" "Mozilla/5.0 (compatible; bingbot/2.0; +http://www.bing.com/bingbot.htm)" "ysfine.com"
207.46.13.31 - - [09/Jan/2023:08:18:47 -0800] "GET /bio/kobak/yskor.html HTTP/1.1" 404 88 "-" "Mozilla/5.0 (compatible; bingbot/2.0; +http://www.bing.com/bingbot.htm)" "ysfine.com"
95.163.255.100 - - [09/Jan/2023:08:18:59 -0800] "GET /world/china/dalian06.jpg HTTP/1.1" 200 117350 "http://go.mail.ru/search_images" "Mozilla/5.0 (compatible; Linux x86_64; Mail.RU_Bot/Img/2.0; +https://help.mail.ru/webmaster/indexing/robots)" "ysfine.com"
66.249.70.3 - - [09/Jan/2023:08:19:50 -0800] "GET /world/coke800.jpg HTTP/1.1" 200 60600 "-" "Googlebot-Image/1.0" "ysfine.com"
80.187.101.126 - - [09/Jan/2023:08:20:45 -0800] "GET /princeton/gcollege02.jpg HTTP/1.1" 200 69104 "https://www.google.com.hk/" "Mozilla/5.0 (iPhone; CPU iPhone OS 16_2 like Mac OS X) AppleWebKit/605.1.15 (KHTML, like Gecko) Version/16.2 Mobile/15E148 Safari/604.1" "ysfine.com"
80.187.101.126 - - [09/Jan/2023:08:20:47 -0800] "GET /princeton/gcollege08.jpg HTTP/1.1" 200 81357 "https://www.google.com.hk/" "Mozilla/5.0 (iPhone; CPU iPhone OS 16_2 like Mac OS X) AppleWebKit/605.1.15 (KHTML, like Gecko) Version/16.2 Mobile/15E148 Safari/604.1" "ysfine.com"
51.222.253.15 - - [09/Jan/2023:08:20:47 -0800] "GET /ys11/onetime.html HTTP/1.1" 200 403 "-" "Mozilla/5.0 (compatible; AhrefsBot/7.0; +http://ahrefs.com/robot/)" "www.ysfine.com"
40.77.167.49 - - [09/Jan/2023:08:21:31 -0800] "GET /bio/wigner/e(2).html HTTP/1.1" 404 88 "-" "Mozilla/5.0 (compatible; bingbot/2.0; +http://www.bing.com/bingbot.htm)" "ysfine.com"
95.163.255.100 - - [09/Jan/2023:08:22:21 -0800] "GET /kowar/mil/sherman44.jpg HTTP/1.1" 404 88 "http://go.mail.ru/search_images" "Mozilla/5.0 (compatible; Linux x86_64; Mail.RU_Bot/Img/2.0; +https://help.mail.ru/webmaster/indexing/robots)" "ysfine.com"
40.77.167.17 - - [09/Jan/2023:08:22:48 -0800] "GET /bio/einstein/bern.html HTTP/1.1" 404 88 "-" "Mozilla/5.0 AppleWebKit/537.36 (KHTML, like Gecko; compatible; bingbot/2.0; +http://www.bing.com/bingbot.htm) Chrome/103.0.5060.134 Safari/537.36" "ysfine.com"
3.238.89.157 - - [09/Jan/2023:08:23:00 -0800] "GET /yspapers/dirinta.pdf HTTP/1.1" 200 11806338 "-" "python-httpx/0.23.1" "ysfine.com"
207.46.13.176 - - [09/Jan/2023:08:23:59 -0800] "GET /bio.html HTTP/1.1" 200 18260 "-" "Mozilla/5.0 AppleWebKit/537.36 (KHTML, like Gecko; compatible; bingbot/2.0; +http://www.bing.com/bingbot.htm) Chrome/103.0.5060.134 Safari/537.36" "ysfine.com"
40.77.167.17 - - [09/Jan/2023:08:24:58 -0800] "GET /bio/kobak/namdae.html HTTP/1.1" 404 88 "-" "Mozilla/5.0 (compatible; bingbot/2.0; +http://www.bing.com/bingbot.htm)" "ysfine.com"
69.2.159.9 - - [09/Jan/2023:08:25:17 -0800] "GET /world/france/arusas01.jpg HTTP/1.1" 200 364636 "https://www.google.com/" "Mozilla/5.0 (X11; CrOS x86_64 15183.78.0) AppleWebKit/537.36 (KHTML, like Gecko) Chrome/108.0.0.0 Safari/537.36" "ysfine.com"
40.77.202.40 - - [09/Jan/2023:08:26:34 -0800] "GET /newyork/nyleft.html HTTP/1.1" 200 905 "https://ysfine.com/newyork/" "Mozilla/5.0 (Windows NT 6.1; WOW64) AppleWebKit/534+ (KHTML, like Gecko) BingPreview/1.0b" "ysfine.com"
40.77.202.40 - - [09/Jan/2023:08:26:34 -0800] "GET /newyork/nyc.html HTTP/1.1" 200 31389 "https://ysfine.com/newyork/" "Mozilla/5.0 (Windows NT 6.1; WOW64) AppleWebKit/534+ (KHTML, like Gecko) BingPreview/1.0b" "ysfine.com"
40.77.202.18 - - [09/Jan/2023:08:26:35 -0800] "GET /newyork/nyleft.html HTTP/1.1" 200 3264 "-" "Mozilla/5.0 (Windows NT 6.1; WOW64) AppleWebKit/534+ (KHTML, like Gecko) BingPreview/1.0b" "ysfine.com"
40.77.202.157 - - [09/Jan/2023:08:26:35 -0800] "GET /newyork/nyc.html HTTP/1.1" 200 114277 "-" "Mozilla/5.0 (Windows NT 6.1; WOW64) AppleWebKit/534+ (KHTML, like Gecko) BingPreview/1.0b" "ysfine.com"
207.46.13.176 - - [09/Jan/2023:08:26:49 -0800] "GET /bio/eink/buythisbook.html HTTP/1.1" 404 88 "-" "Mozilla/5.0 AppleWebKit/537.36 (KHTML, like Gecko; compatible; bingbot/2.0; +http://www.bing.com/bingbot.htm) Chrome/103.0.5060.134 Safari/537.36" "ysfine.com"
172.58.107.106 - - [09/Jan/2023:08:26:50 -0800] "GET /world/russ/kazanmap22.jpg HTTP/1.1" 200 129761 "https://www.google.com/" "Mozilla/5.0 (Linux; Android 12; DE2118) AppleWebKit/537.36 (KHTML, like Gecko) Chrome/108.0.0.0 Mobile Safari/537.36" "ysfine.com"
185.81.248.26 - - [09/Jan/2023:08:27:21 -0800] "GET /kowar/tanks/tank10.jpg HTTP/1.1" 200 76703 "https://www.google.com/" "Mozilla/5.0 (Windows NT 6.1; Win64; x64) AppleWebKit/537.36 (KHTML, like Gecko) Chrome/108.0.0.0 Safari/537.36" "ysfine.com"
192.144.35.20 - - [09/Jan/2023:08:28:01 -0800] "GET /world/germany/berlin051.jpg HTTP/1.1" 200 104542 "https://www.bing.com/" "Mozilla/5.0 (Windows NT 10.0; Win64; x64) AppleWebKit/537.36 (KHTML, like Gecko) Chrome/108.0.0.0 Safari/537.36 Edg/108.0.1462.54" "www.ysfine.com"
185.81.248.26 - - [09/Jan/2023:08:28:12 -0800] "GET /kowar/tanks/m60.jpg HTTP/1.1" 200 76477 "https://www.google.com/" "Mozilla/5.0 (Windows NT 6.1; Win64; x64) AppleWebKit/537.36 (KHTML, like Gecko) Chrome/108.0.0.0 Safari/537.36" "ysfine.com"
157.55.39.86 - - [09/Jan/2023:08:28:14 -0800] "GET /home/fotos/tank05d.jpg HTTP/1.1" 200 52601 "-" "Mozilla/5.0 (compatible; bingbot/2.0; +http://www.bing.com/bingbot.htm)" "ysfine.com"
40.77.167.81 - - [09/Jan/2023:08:28:51 -0800] "GET /bio/genea.html HTTP/1.1" 404 88 "-" "Mozilla/5.0 (compatible; bingbot/2.0; +http://www.bing.com/bingbot.htm)" "ysfine.com"
185.81.248.26 - - [09/Jan/2023:08:28:55 -0800] "GET /kowar/tanks/m46c.jpg HTTP/1.1" 200 74862 "https://www.google.com/" "Mozilla/5.0 (Windows NT 6.1; Win64; x64) AppleWebKit/537.36 (KHTML, like Gecko) Chrome/108.0.0.0 Safari/537.36" "ysfine.com"
40.77.167.49 - - [09/Jan/2023:08:28:55 -0800] "GET /bio/pquartet.html HTTP/1.1" 404 88 "-" "Mozilla/5.0 (compatible; bingbot/2.0; +http://www.bing.com/bingbot.htm)" "ysfine.com"
51.222.253.15 - - [09/Jan/2023:08:29:44 -0800] "GET /more.html HTTP/1.1" 200 3044 "-" "Mozilla/5.0 (compatible; AhrefsBot/7.0; +http://ahrefs.com/robot/)" "ysfine.com"
40.77.167.17 - - [09/Jan/2023:08:29:48 -0800] "GET /bio/awards/iao.html HTTP/1.1" 404 88 "-" "Mozilla/5.0 AppleWebKit/537.36 (KHTML, like Gecko; compatible; bingbot/2.0; +http://www.bing.com/bingbot.htm) Chrome/103.0.5060.134 Safari/537.36" "ysfine.com"
51.222.253.4 - - [09/Jan/2023:08:29:49 -0800] "GET /church06d.jpg HTTP/1.1" 404 88 "-" "Mozilla/5.0 (compatible; AhrefsBot/7.0; +http://ahrefs.com/robot/)" "ysfine.com"
51.222.253.4 - - [09/Jan/2023:08:29:49 -0800] "GET /facu450.jpg HTTP/1.1" 404 88 "-" "Mozilla/5.0 (compatible; AhrefsBot/7.0; +http://ahrefs.com/robot/)" "ysfine.com"
51.222.253.11 - - [09/Jan/2023:08:29:49 -0800] "GET /kids20f.jpg HTTP/1.1" 404 88 "-" "Mozilla/5.0 (compatible; AhrefsBot/7.0; +http://ahrefs.com/robot/)" "ysfine.com"
51.222.253.4 - - [09/Jan/2023:08:29:49 -0800] "GET /ysnr11d.jpg HTTP/1.1" 404 88 "-" "Mozilla/5.0 (compatible; AhrefsBot/7.0; +http://ahrefs.com/robot/)" "ysfine.com"
51.222.253.5 - - [09/Jan/2023:08:29:50 -0800] "GET /fotos/einhaus450.jpg HTTP/1.1" 200 65369 "-" "Mozilla/5.0 (compatible; AhrefsBot/7.0; +http://ahrefs.com/robot/)" "ysfine.com"
51.222.253.11 - - [09/Jan/2023:08:29:50 -0800] "GET /brooke87d.jpg HTTP/1.1" 404 88 "-" "Mozilla/5.0 (compatible; AhrefsBot/7.0; +http://ahrefs.com/robot/)" "ysfine.com"
207.46.13.31 - - [09/Jan/2023:08:30:09 -0800] "GET /wdc/gtown48.jpg HTTP/1.1" 200 94033 "-" "Mozilla/5.0 AppleWebKit/537.36 (KHTML, like Gecko; compatible; bingbot/2.0; +http://www.bing.com/bingbot.htm) Chrome/103.0.5060.134 Safari/537.36" "www.ysfine.com"
85.153.237.113 - - [09/Jan/2023:08:30:48 -0800] "GET /maga/histo/desiree23.jpg HTTP/1.1" 200 85900 "https://yandex.com.tr/gorsel/touch/search?rpt=imageview&url=https%3A%2F%2Favatars.mds.yandex.net%2Fget-images-cbir%2F7016437%2F0-itHtcL_KXFm4LixRr7eg1670%2Forig&cbir_id=7016437%2F0-itHtcL_KXFm4LixRr7eg1670&source-serpid=spXMORZqJVnmVVIXBOWxFw&cbir_page=similar&p=3&text=url%3A%22avatars.mds.yandex.net%2Fget-images-cbir%2F7016437%2F0-itHtcL_KXFm4LixRr7eg1670%2Forig%22&pos=144&img_url=http%3A%2F%2Fkenpascualart.files.wordpress.com%2F2015%2F06%2Ffemaleknight1.jpg&lr=11508" "Mozilla/5.0 (Linux; Android 10; M2006C3LG) AppleWebKit/537.36 (KHTML, like Gecko) Chrome/108.0.0.0 Mobile Safari/537.36" "www.ysfine.com"
138.2.171.78 - - [09/Jan/2023:08:30:56 -0800] "GET /world/balkan/bosphorus11b.jpg HTTP/1.1" 200 61911 "-" "-" "ysfine.com"
138.2.171.78 - - [09/Jan/2023:08:30:59 -0800] "GET /world/balkan/istan001b.jpg HTTP/1.1" 200 36438 "-" "-" "ysfine.com"
138.2.171.78 - - [09/Jan/2023:08:31:01 -0800] "GET /world/balkan/istan052b.jpg HTTP/1.1" 200 42005 "-" "-" "ysfine.com"
138.2.171.78 - - [09/Jan/2023:08:31:04 -0800] "GET /world/balkan/istan006b.jpg HTTP/1.1" 200 38628 "-" "-" "ysfine.com"
138.2.171.78 - - [09/Jan/2023:08:31:06 -0800] "GET /world/balkan/istan034b.jpg HTTP/1.1" 200 53029 "-" "-" "ysfine.com"
138.2.171.78 - - [09/Jan/2023:08:31:08 -0800] "GET /world/balkan/suleyman11b.jpg HTTP/1.1" 200 41195 "-" "-" "ysfine.com"
138.2.171.78 - - [09/Jan/2023:08:31:10 -0800] "GET /world/balkan/istan084b.jpg HTTP/1.1" 200 39905 "-" "-" "ysfine.com"
40.77.167.49 - - [09/Jan/2023:08:31:12 -0800] "GET /bio/princeton/campus.html HTTP/1.1" 404 88 "-" "Mozilla/5.0 (compatible; bingbot/2.0; +http://www.bing.com/bingbot.htm)" "ysfine.com"
138.2.171.78 - - [09/Jan/2023:08:31:12 -0800] "GET /world/balkan/istan024b.jpg HTTP/1.1" 200 39496 "-" "-" "ysfine.com"
138.2.171.78 - - [09/Jan/2023:08:31:14 -0800] "GET /world/balkan/istan043b.jpg HTTP/1.1" 200 45816 "-" "-" "ysfine.com"
138.2.171.78 - - [09/Jan/2023:08:31:16 -0800] "GET /world/balkan/istan014b.jpg HTTP/1.1" 200 33551 "-" "-" "ysfine.com"
138.2.171.78 - - [09/Jan/2023:08:31:17 -0800] "GET /world/balkan/istan016b.jpg HTTP/1.1" 200 36524 "-" "-" "ysfine.com"
138.2.171.78 - - [09/Jan/2023:08:31:18 -0800] "GET /world/balkan/istan050b.jpg HTTP/1.1" 200 35071 "-" "-" "ysfine.com"
138.2.171.78 - - [09/Jan/2023:08:31:19 -0800] "GET /world/balkan/istan018b.jpg HTTP/1.1" 200 40889 "-" "-" "ysfine.com"
138.2.171.78 - - [09/Jan/2023:08:31:20 -0800] "GET /world/balkan/istan037b.jpg HTTP/1.1" 200 43902 "-" "-" "ysfine.com"
138.2.171.78 - - [09/Jan/2023:08:31:21 -0800] "GET /world/balkan/istan103b.jpg HTTP/1.1" 200 38081 "-" "-" "ysfine.com"
138.2.171.78 - - [09/Jan/2023:08:31:22 -0800] "GET /world/balkan/inokim77b.jpg HTTP/1.1" 200 32620 "-" "-" "ysfine.com"
138.2.171.78 - - [09/Jan/2023:08:31:23 -0800] "GET /world/balkan/istan005b.jpg HTTP/1.1" 200 52419 "-" "-" "ysfine.com"
138.2.171.78 - - [09/Jan/2023:08:31:24 -0800] "GET /friends/sibelbas11b.jpg HTTP/1.1" 404 73 "-" "-" "ysfine.com"
138.2.171.78 - - [09/Jan/2023:08:31:25 -0800] "GET /world/balkan/istan046b.jpg HTTP/1.1" 200 41770 "-" "-" "ysfine.com"
138.2.171.78 - - [09/Jan/2023:08:31:25 -0800] "GET /world/balkan/istan040b.jpg HTTP/1.1" 200 51582 "-" "-" "ysfine.com"
138.2.171.78 - - [09/Jan/2023:08:31:26 -0800] "GET /world/balkan/istan086b.jpg HTTP/1.1" 200 46686 "-" "-" "ysfine.com"
138.2.171.78 - - [09/Jan/2023:08:31:27 -0800] "GET /world/balkan/istan075b.jpg HTTP/1.1" 200 54400 "-" "-" "ysfine.com"
138.2.171.78 - - [09/Jan/2023:08:31:27 -0800] "GET /kobak/turktroops11b.jpg HTTP/1.1" 200 37518 "-" "-" "ysfine.com"
138.2.171.78 - - [09/Jan/2023:08:31:28 -0800] "GET /wigner/wigkim2.jpg HTTP/1.1" 200 40700 "-" "-" "ysfine.com"
138.2.171.78 - - [09/Jan/2023:08:31:28 -0800] "GET /wigner/inokim2.jpg HTTP/1.1" 200 29903 "-" "-" "ysfine.com"
138.2.171.78 - - [09/Jan/2023:08:31:29 -0800] "GET /wigner/cylin.jpg HTTP/1.1" 200 98610 "-" "-" "ysfine.com"
138.2.171.78 - - [09/Jan/2023:08:31:29 -0800] "GET /feynman/feynma2.jpg HTTP/1.1" 200 41543 "-" "-" "ysfine.com"
138.2.171.78 - - [09/Jan/2023:08:31:30 -0800] "GET /home/resonance11b.jpg HTTP/1.1" 200 37228 "-" "-" "ysfine.com"
207.46.13.176 - - [09/Jan/2023:08:32:10 -0800] "GET /bio/style/rieu.html HTTP/1.1" 404 88 "-" "Mozilla/5.0 AppleWebKit/537.36 (KHTML, like Gecko; compatible; bingbot/2.0; +http://www.bing.com/bingbot.htm) Chrome/103.0.5060.134 Safari/537.36" "ysfine.com"
40.77.167.49 - - [09/Jan/2023:08:32:15 -0800] "GET /bio/world/trier.html HTTP/1.1" 404 88 "-" "Mozilla/5.0 (compatible; bingbot/2.0; +http://www.bing.com/bingbot.htm)" "ysfine.com"
66.249.70.30 - - [09/Jan/2023:08:32:57 -0800] "GET /home/fig22/acs22f.jpg HTTP/1.1" 200 107067 "-" "Googlebot-Image/1.0" "ysfine.com"
66.249.70.4 - - [09/Jan/2023:08:32:58 -0800] "GET /home/fotos/kazan017d.jpg HTTP/1.1" 200 51055 "-" "Googlebot-Image/1.0" "ysfine.com"
40.77.167.49 - - [09/Jan/2023:08:33:21 -0800] "GET /world/hungary/hunstu23.jpg HTTP/1.1" 200 102523 "-" "Mozilla/5.0 AppleWebKit/537.36 (KHTML, like Gecko; compatible; bingbot/2.0; +http://www.bing.com/bingbot.htm) Chrome/103.0.5060.134 Safari/537.36" "www.ysfine.com"
207.46.13.31 - - [09/Jan/2023:08:33:28 -0800] "GET /home/ys90b.jpg HTTP/1.1" 200 29164 "-" "Mozilla/5.0 AppleWebKit/537.36 (KHTML, like Gecko; compatible; bingbot/2.0; +http://www.bing.com/bingbot.htm) Chrome/103.0.5060.134 Safari/537.36" "www.ysfine.com"
146.179.192.213 - - [09/Jan/2023:08:33:49 -0800] "GET /maga/phys/minkowski.jpg HTTP/1.1" 200 35156 "https://www.google.com/" "Mozilla/5.0 (Windows NT 10.0; Win64; x64) AppleWebKit/537.36 (KHTML, like Gecko) Chrome/108.0.0.0 Safari/537.36" "ysfine.com"
40.77.167.17 - - [09/Jan/2023:08:34:39 -0800] "GET /einstein/photoel.html HTTP/1.1" 200 6054 "-" "Mozilla/5.0 (compatible; bingbot/2.0; +http://www.bing.com/bingbot.htm)" "ysfine.com"
114.119.161.177 - - [09/Jan/2023:08:36:23 -0800] "GET /class54/class5470/total_data/sub_501.htm HTTP/1.1" 200 3207 "https://www.ysfine.com/class54/class5470/total_data/sub_518.htm" "Mozilla/5.0 (Linux; Android 7.0;) AppleWebKit/537.36 (KHTML, like Gecko) Mobile Safari/537.36 (compatible; PetalBot;+https://webmaster.petalsearch.com/site/petalbot)" "www.ysfine.com"
40.77.167.17 - - [09/Jan/2023:08:36:28 -0800] "GET /bio/world/leipzig.html HTTP/1.1" 404 88 "-" "Mozilla/5.0 (compatible; bingbot/2.0; +http://www.bing.com/bingbot.htm)" "ysfine.com"
40.77.167.81 - - [09/Jan/2023:08:36:42 -0800] "GET /bio/wigner/wigpoinc.html HTTP/1.1" 404 88 "-" "Mozilla/5.0 (compatible; bingbot/2.0; +http://www.bing.com/bingbot.htm)" "ysfine.com"
138.43.101.118 - - [09/Jan/2023:08:36:45 -0800] "GET /maga/phys/yukadirac55.jpg HTTP/1.1" 200 92994 "https://www.google.com/" "Mozilla/5.0 (X11; CrOS x86_64 15183.59.0) AppleWebKit/537.36 (KHTML, like Gecko) Chrome/108.0.0.0 Safari/537.36" "ysfine.com"
138.43.101.118 - - [09/Jan/2023:08:36:45 -0800] "GET /maga/phys/yukafeyn3.jpg HTTP/1.1" 200 41879 "https://www.google.com/" "Mozilla/5.0 (X11; CrOS x86_64 15183.59.0) AppleWebKit/537.36 (KHTML, like Gecko) Chrome/108.0.0.0 Safari/537.36" "ysfine.com"
40.77.167.17 - - [09/Jan/2023:08:36:49 -0800] "GET /feynman/fb200.jpg HTTP/1.1" 200 46380 "-" "Mozilla/5.0 AppleWebKit/537.36 (KHTML, like Gecko; compatible; bingbot/2.0; +http://www.bing.com/bingbot.htm) Chrome/103.0.5060.134 Safari/537.36" "www.ysfine.com"
207.46.13.31 - - [09/Jan/2023:08:37:20 -0800] "GET /bio/harmoarchi.html HTTP/1.1" 404 88 "-" "Mozilla/5.0 (compatible; bingbot/2.0; +http://www.bing.com/bingbot.htm)" "ysfine.com"
220.181.108.149 - - [09/Jan/2023:08:38:09 -0800] "GET /maga/edison.html HTTP/1.1" 304 - "-" "Mozilla/5.0 (Linux;u;Android 4.2.2;zh-cn;) AppleWebKit/534.46 (KHTML,like Gecko) Version/5.1 Mobile Safari/10600.6.3 (compatible; Baiduspider/2.0; +http://www.baidu.com/search/spider.html)" "ysfine.com"
40.77.167.81 - - [09/Jan/2023:08:38:10 -0800] "GET /bio/feynman/partons.html HTTP/1.1" 404 88 "-" "Mozilla/5.0 (compatible; bingbot/2.0; +http://www.bing.com/bingbot.htm)" "ysfine.com"
138.3.245.161 - - [09/Jan/2023:08:38:13 -0800] "GET /world/russ/krem06b.jpg HTTP/1.1" 200 25649 "-" "-" "ysfine.com"
138.3.245.161 - - [09/Jan/2023:08:38:16 -0800] "GET /world/russ/roskei90b.jpg HTTP/1.1" 200 50111 "-" "-" "ysfine.com"
138.3.245.161 - - [09/Jan/2023:08:38:19 -0800] "GET /world/russ/pyres01b.jpg HTTP/1.1" 200 45668 "-" "-" "ysfine.com"
138.3.245.161 - - [09/Jan/2023:08:38:21 -0800] "GET /world/russ/koryo33b.jpg HTTP/1.1" 200 40206 "-" "-" "ysfine.com"
138.3.245.161 - - [09/Jan/2023:08:38:23 -0800] "GET /world/russ/koryo44b.jpg HTTP/1.1" 200 33160 "-" "-" "ysfine.com"
138.3.245.161 - - [09/Jan/2023:08:38:25 -0800] "GET /world/russ/mosko01b.jpg HTTP/1.1" 200 34305 "-" "-" "ysfine.com"
138.3.245.161 - - [09/Jan/2023:08:38:26 -0800] "GET /world/russ/mosko03b.jpg HTTP/1.1" 200 40398 "-" "-" "ysfine.com"
51.222.253.12 - - [09/Jan/2023:08:38:52 -0800] "GET /class54/class5470/total_data/sub_820.htm HTTP/1.1" 200 3558 "-" "Mozilla/5.0 (compatible; AhrefsBot/7.0; +http://ahrefs.com/robot/)" "www.ysfine.com"
17.241.219.218 - - [09/Jan/2023:08:39:03 -0800] "GET /maga/hosc.html HTTP/1.1" 200 1463 "-" "Mozilla/5.0 (Macintosh; Intel Mac OS X 10_15_5) AppleWebKit/605.1.15 (KHTML, like Gecko) Version/13.1.1 Safari/605.1.15 (Applebot/0.1; +http://www.apple.com/go/applebot)" "ysfine.com"
40.77.167.49 - - [09/Jan/2023:08:41:11 -0800] "GET /awards/wsj11.jpg HTTP/1.1" 200 226629 "-" "Mozilla/5.0 AppleWebKit/537.36 (KHTML, like Gecko; compatible; bingbot/2.0; +http://www.bing.com/bingbot.htm) Chrome/103.0.5060.134 Safari/537.36" "ysfine.com"
157.55.39.86 - - [09/Jan/2023:08:41:27 -0800] "GET /bio/dirac/bankers.html HTTP/1.1" 404 88 "-" "Mozilla/5.0 (compatible; bingbot/2.0; +http://www.bing.com/bingbot.htm)" "ysfine.com"
157.55.39.86 - - [09/Jan/2023:08:45:07 -0800] "GET /beau/amkor/canberlin01.jpg HTTP/1.1" 404 88 "-" "Mozilla/5.0 (compatible; bingbot/2.0; +http://www.bing.com/bingbot.htm)" "ysfine.com"
207.46.13.176 - - [09/Jan/2023:08:45:22 -0800] "GET /bio/world/kalinin22.html HTTP/1.1" 404 88 "-" "Mozilla/5.0 (compatible; bingbot/2.0; +http://www.bing.com/bingbot.htm)" "ysfine.com"
207.46.13.176 - - [09/Jan/2023:08:45:22 -0800] "GET /kobak/taylor11.jpg HTTP/1.1" 200 252685 "-" "Mozilla/5.0 AppleWebKit/537.36 (KHTML, like Gecko; compatible; bingbot/2.0; +http://www.bing.com/bingbot.htm) Chrome/103.0.5060.134 Safari/537.36" "ysfine.com"
66.249.70.30 - - [09/Jan/2023:08:46:23 -0800] "GET /princeton/pros02.jpg HTTP/1.1" 200 72340 "-" "Googlebot-Image/1.0" "ysfine.com"
51.222.253.7 - - [09/Jan/2023:08:46:53 -0800] "GET /feynman/feykant.html HTTP/1.1" 200 3350 "-" "Mozilla/5.0 (compatible; AhrefsBot/7.0; +http://ahrefs.com/robot/)" "www.ysfine.com"
85.208.98.23 - - [09/Jan/2023:08:47:08 -0800] "GET /robots.txt HTTP/1.1" 404 88 "http://www.ysfine.com/robots.txt" "Mozilla/5.0 (compatible; SemrushBot-BA; +http://www.semrush.com/bot.html)" "www.ysfine.com"
85.208.98.23 - - [09/Jan/2023:08:47:08 -0800] "GET /robots.txt HTTP/1.1" 404 88 "http://ysfine.com/robots.txt" "Mozilla/5.0 (compatible; SemrushBot-BA; +http://www.semrush.com/bot.html)" "ysfine.com"
85.208.98.16 - - [09/Jan/2023:08:47:25 -0800] "GET /philo/sartre.html HTTP/1.1" 200 7721 "-" "Mozilla/5.0 (compatible; SemrushBot-BA; +http://www.semrush.com/bot.html)" "www.ysfine.com"
85.208.98.24 - - [09/Jan/2023:08:47:25 -0800] "GET /philo/sartre.html HTTP/1.1" 200 7721 "-" "Mozilla/5.0 (compatible; SemrushBot-BA; +http://www.semrush.com/bot.html)" "ysfine.com"
207.46.13.176 - - [09/Jan/2023:08:47:41 -0800] "GET /world/china/hongkong63.jpg HTTP/1.1" 200 109409 "-" "Mozilla/5.0 (compatible; bingbot/2.0; +http://www.bing.com/bingbot.htm)" "ysfine.com"
85.76.7.167 - - [09/Jan/2023:08:47:46 -0800] "GET /world/scandi/sto001.jpg HTTP/1.1" 200 111684 "https://www.google.com/" "Mozilla/5.0 (Linux; Android 12; CPH2409) AppleWebKit/537.36 (KHTML, like Gecko) Chrome/108.0.0.0 Mobile Safari/537.36" "ysfine.com"
85.208.98.31 - - [09/Jan/2023:08:47:48 -0800] "GET /maga/sartre.html HTTP/1.1" 200 7719 "-" "Mozilla/5.0 (compatible; SemrushBot-BA; +http://www.semrush.com/bot.html)" "www.ysfine.com"
216.244.66.229 - - [09/Jan/2023:08:48:15 -0800] "GET /robots.txt HTTP/1.1" 404 73 "-" "Mozilla/5.0 (compatible; DotBot/1.2; +https://opensiteexplorer.org/dotbot; help@moz.com)" "www.ysfine.com"
85.208.98.19 - - [09/Jan/2023:08:48:24 -0800] "GET /world/season.html HTTP/1.1" 200 23901 "-" "Mozilla/5.0 (compatible; SemrushBot-BA; +http://www.semrush.com/bot.html)" "www.ysfine.com"
17.241.227.231 - - [09/Jan/2023:08:48:47 -0800] "GET /usca/pitt/carnlab11.pdf HTTP/1.1" 200 590392 "-" "Mozilla/5.0 (Macintosh; Intel Mac OS X 10_15_5) AppleWebKit/605.1.15 (KHTML, like Gecko) Version/13.1.1 Safari/605.1.15 (Applebot/0.1; +http://www.apple.com/go/applebot)" "www.ysfine.com"
85.208.98.16 - - [09/Jan/2023:08:48:54 -0800] "GET /maga/sartre.html HTTP/1.1" 200 7719 "-" "Mozilla/5.0 (compatible; SemrushBot-BA; +http://www.semrush.com/bot.html)" "ysfine.com"
40.77.167.49 - - [09/Jan/2023:08:49:02 -0800] "GET /world/scandi/vaxfree33.jpg HTTP/1.1" 200 93579 "-" "Mozilla/5.0 AppleWebKit/537.36 (KHTML, like Gecko; compatible; bingbot/2.0; +http://www.bing.com/bingbot.htm) Chrome/103.0.5060.134 Safari/537.36" "www.ysfine.com"
66.249.70.4 - - [09/Jan/2023:08:49:05 -0800] "GET /wisdom/kcy/kcy13.jpg HTTP/1.1" 200 77021 "-" "Googlebot-Image/1.0" "ysfine.com"
85.208.98.24 - - [09/Jan/2023:08:49:12 -0800] "GET /world/season.html HTTP/1.1" 200 23901 "-" "Mozilla/5.0 (compatible; SemrushBot-BA; +http://www.semrush.com/bot.html)" "ysfine.com"
185.191.171.12 - - [09/Jan/2023:08:50:18 -0800] "GET /robots.txt HTTP/1.1" 404 88 "-" "Mozilla/5.0 (compatible; SemrushBot/7~bl; +http://www.semrush.com/bot.html)" "ysfine.com"
185.191.171.4 - - [09/Jan/2023:08:50:19 -0800] "GET /folks/soldiers.html HTTP/1.1" 200 4685 "-" "Mozilla/5.0 (compatible; SemrushBot/7~bl; +http://www.semrush.com/bot.html)" "ysfine.com"
118.47.116.153 - - [09/Jan/2023:08:50:24 -0800] "GET /kowar/panmun04.jpg HTTP/1.1" 200 126386 "https://www.google.com/" "Mozilla/5.0 (Windows NT 10.0; Win64; x64) AppleWebKit/537.36 (KHTML, like Gecko) Chrome/108.0.0.0 Safari/537.36" "ysfine.com"
136.142.159.40 - - [09/Jan/2023:08:50:51 -0800] "GET /maga/phys/naimar/pewk03b.jpg HTTP/1.1" 200 29359 "https://www.bing.com/" "Mozilla/5.0 (Windows NT 10.0; Win64; x64) AppleWebKit/537.36 (KHTML, like Gecko) Chrome/108.0.0.0 Safari/537.36 Edg/108.0.1462.76" "www.ysfine.com"
207.46.13.31 - - [09/Jan/2023:08:51:40 -0800] "GET /beau/nordocs11b.jpg HTTP/1.1" 404 88 "-" "Mozilla/5.0 AppleWebKit/537.36 (KHTML, like Gecko; compatible; bingbot/2.0; +http://www.bing.com/bingbot.htm) Chrome/103.0.5060.134 Safari/537.36" "ysfine.com"
207.46.13.176 - - [09/Jan/2023:08:51:45 -0800] "GET /world/israel/jeru21c.jpg HTTP/1.1" 200 32219 "-" "Mozilla/5.0 (compatible; bingbot/2.0; +http://www.bing.com/bingbot.htm)" "ysfine.com"
216.244.66.229 - - [09/Jan/2023:08:51:51 -0800] "GET /wdc/mydc.html HTTP/1.1" 200 3511 "-" "Mozilla/5.0 (compatible; DotBot/1.2; +https://opensiteexplorer.org/dotbot; help@moz.com)" "www.ysfine.com"
216.244.66.229 - - [09/Jan/2023:08:51:55 -0800] "GET /ffriends/dubai01.jpg HTTP/1.1" 200 132625 "-" "Mozilla/5.0 (compatible; DotBot/1.2; +https://opensiteexplorer.org/dotbot; help@moz.com)" "www.ysfine.com"
216.244.66.229 - - [09/Jan/2023:08:52:15 -0800] "GET /ffriends/british.html HTTP/1.1" 200 9078 "-" "Mozilla/5.0 (compatible; DotBot/1.2; +https://opensiteexplorer.org/dotbot; help@moz.com)" "www.ysfine.com"
216.244.66.229 - - [09/Jan/2023:08:52:26 -0800] "GET /fbook/feygell66.jpg HTTP/1.1" 200 115723 "-" "Mozilla/5.0 (compatible; DotBot/1.2; +https://opensiteexplorer.org/dotbot; help@moz.com)" "www.ysfine.com"
40.77.167.49 - - [09/Jan/2023:08:54:13 -0800] "GET /bio/style/ystyle.html HTTP/1.1" 404 88 "-" "Mozilla/5.0 (compatible; bingbot/2.0; +http://www.bing.com/bingbot.htm)" "ysfine.com"
40.77.167.17 - - [09/Jan/2023:08:54:21 -0800] "GET /bio/dirac/diracpol.html HTTP/1.1" 404 88 "-" "Mozilla/5.0 (compatible; bingbot/2.0; +http://www.bing.com/bingbot.htm)" "ysfine.com"
185.191.171.15 - - [09/Jan/2023:08:54:49 -0800] "GET /robots.txt HTTP/1.1" 404 88 "-" "Mozilla/5.0 (compatible; SemrushBot/7~bl; +http://www.semrush.com/bot.html)" "www.ysfine.com"
185.191.171.20 - - [09/Jan/2023:08:54:49 -0800] "GET /bio17.html HTTP/1.1" 200 10820 "-" "Mozilla/5.0 (compatible; SemrushBot/7~bl; +http://www.semrush.com/bot.html)" "www.ysfine.com"
51.222.253.18 - - [09/Jan/2023:08:54:53 -0800] "GET /class54/class5480/Pictures/4.%C3%AA%C2%B8%C2%B0%C3%AB%C2%85%C2%90%C3%AC%C2%B4%C2%AC%C3%AC%C2%98%C2%81/?C=D;O=D HTTP/1.1" 200 985 "-" "Mozilla/5.0 (compatible; AhrefsBot/7.0; +http://ahrefs.com/robot/)" "www.ysfine.com"
207.46.13.176 - - [09/Jan/2023:08:55:02 -0800] "GET /bio/kobak/soraech.html HTTP/1.1" 404 88 "-" "Mozilla/5.0 AppleWebKit/537.36 (KHTML, like Gecko; compatible; bingbot/2.0; +http://www.bing.com/bingbot.htm) Chrome/103.0.5060.134 Safari/537.36" "ysfine.com"
223.238.98.173 - - [09/Jan/2023:08:55:09 -0800] "GET /feynman/feynman.jpg HTTP/1.1" 200 40536 "https://images.search.yahoo.com/search/images;_ylt=AwrgzKq6RrxjJM8y5l9XNyoA;_ylu=Y29sbwNncTEEcG9zAzEEdnRpZAMEc2VjA3BpdnM-?p=richard+feyman&fr2=piv-web&type=E211US885G0&fr=mcafee" "Mozilla/5.0 (Windows NT 10.0; Win64; x64) AppleWebKit/537.36 (KHTML, like Gecko) Chrome/108.0.0.0 Safari/537.36" "ysfine.com"
157.55.39.86 - - [09/Jan/2023:08:55:10 -0800] "GET /bio/style/proschanie.html HTTP/1.1" 404 88 "-" "Mozilla/5.0 (compatible; bingbot/2.0; +http://www.bing.com/bingbot.htm)" "ysfine.com"
161.97.25.34 - - [09/Jan/2023:08:55:35 -0800] "GET /world/france/arusas01.jpg HTTP/1.1" 200 364636 "https://www.google.com/" "Mozilla/5.0 (X11; CrOS x86_64 15054.114.0) AppleWebKit/537.36 (KHTML, like Gecko) Chrome/106.0.0.0 Safari/537.36" "ysfine.com"
157.55.39.86 - - [09/Jan/2023:08:56:39 -0800] "GET /world/ital/venice01ff.jpg HTTP/1.1" 200 127956 "-" "Mozilla/5.0 AppleWebKit/537.36 (KHTML, like Gecko; compatible; bingbot/2.0; +http://www.bing.com/bingbot.htm) Chrome/103.0.5060.134 Safari/537.36" "ysfine.com"
66.249.70.3 - - [09/Jan/2023:08:58:04 -0800] "GET /princeton/pros01.jpg HTTP/1.1" 200 82076 "-" "Googlebot-Image/1.0" "ysfine.com"
66.249.70.30 - - [09/Jan/2023:08:58:05 -0800] "GET /princeton/pros06.jpg HTTP/1.1" 200 76933 "-" "Googlebot-Image/1.0" "ysfine.com"
165.1.255.74 - - [09/Jan/2023:08:58:08 -0800] "GET /ffriends/russrio11.jpg HTTP/1.1" 200 81455 "https://www.google.com/" "Mozilla/5.0 (Windows NT 10.0; Win64; x64) AppleWebKit/537.36 (KHTML, like Gecko) Chrome/108.0.0.0 Safari/537.36" "ysfine.com"
157.55.39.86 - - [09/Jan/2023:08:58:09 -0800] "GET /home/dashen.html HTTP/1.1" 200 4015 "-" "Mozilla/5.0 AppleWebKit/537.36 (KHTML, like Gecko; compatible; bingbot/2.0; +http://www.bing.com/bingbot.htm) Chrome/103.0.5060.134 Safari/537.36" "www.ysfine.com"
40.77.167.17 - - [09/Jan/2023:08:58:11 -0800] "GET /bio/style/leica.html HTTP/1.1" 404 88 "-" "Mozilla/5.0 (compatible; bingbot/2.0; +http://www.bing.com/bingbot.htm)" "ysfine.com"
157.55.39.86 - - [09/Jan/2023:08:58:20 -0800] "GET /bio/bostein.html HTTP/1.1" 404 88 "-" "Mozilla/5.0 (compatible; bingbot/2.0; +http://www.bing.com/bingbot.htm)" "ysfine.com"
79.124.8.3 - - [09/Jan/2023:08:58:38 -0800] "GET /wp-content/themes/seotheme/db.php?u HTTP/1.1" 404 88 "www.google.com" "Mozlila/5.0 (Linux; Android 7.0; SM-G892A Bulid/NRD90M; wv) AppleWebKit/537.36 (KHTML, like Gecko) Version/4.0 Chrome/60.0.3112.107 Moblie Safari/537.36" "ysfine.com"
79.124.8.3 - - [09/Jan/2023:08:58:42 -0800] "GET /wp-content/themes/seotheme/db.php?u HTTP/1.1" 404 88 "www.google.com" "Mozlila/5.0 (Linux; Android 7.0; SM-G892A Bulid/NRD90M; wv) AppleWebKit/537.36 (KHTML, like Gecko) Version/4.0 Chrome/60.0.3112.107 Moblie Safari/537.36" "ysfine.com"
79.124.8.3 - - [09/Jan/2023:08:58:43 -0800] "GET /wp-content/themes/seotheme/db.php?u HTTP/1.1" 404 88 "www.google.com" "Mozlila/5.0 (Linux; Android 7.0; SM-G892A Bulid/NRD90M; wv) AppleWebKit/537.36 (KHTML, like Gecko) Version/4.0 Chrome/60.0.3112.107 Moblie Safari/537.36" "ysfine.com"
79.124.8.3 - - [09/Jan/2023:08:58:45 -0800] "GET /wp-content/themes/seotheme/db.php?u HTTP/1.1" 404 88 "www.google.com" "Mozlila/5.0 (Linux; Android 7.0; SM-G892A Bulid/NRD90M; wv) AppleWebKit/537.36 (KHTML, like Gecko) Version/4.0 Chrome/60.0.3112.107 Moblie Safari/537.36" "ysfine.com"
66.249.70.30 - - [09/Jan/2023:08:58:58 -0800] "GET /robots.txt HTTP/1.1" 404 88 "-" "Mozilla/5.0 (compatible; Googlebot/2.1; +http://www.google.com/bot.html)" "ysfine.com"
66.249.70.3 - - [09/Jan/2023:08:58:58 -0800] "GET /beau/amkor/amstu20b.jpg HTTP/1.1" 404 88 "-" "Googlebot-Image/1.0" "ysfine.com"
168.119.163.145 - - [09/Jan/2023:08:59:21 -0800] "GET /people/princeton68.jpg HTTP/1.1" 200 192633 "-" "Mozilla/5.0 (X11; Fedora; Linux x86_64) AppleWebKit/537.36 (KHTML, like Gecko) Chrome/79.0.3945.117 Safari/537.36" "ysfine.com"
34.229.135.121 - - [09/Jan/2023:08:59:29 -0800] "GET /yspapers/jmp22.pdf HTTP/1.1" 200 3367329 "-" "python-httpx/0.23.1" "ysfine.com"
3.91.18.119 - - [09/Jan/2023:08:59:57 -0800] "GET /awards/viaitora.pdf HTTP/1.1" 200 1249265 "-" "python-httpx/0.23.1" "ysfine.com"
199.245.253.52 - - [09/Jan/2023:09:00:16 -0800] "GET /wigner/dirwig33.jpg HTTP/1.1" 200 60215 "https://www.google.com/" "Mozilla/5.0 (X11; CrOS x86_64 14816.131.0) AppleWebKit/537.36 (KHTML, like Gecko) Chrome/103.0.0.0 Safari/537.36" "ysfine.com"
207.46.13.176 - - [09/Jan/2023:09:00:43 -0800] "GET /bio/optics.html HTTP/1.1" 404 88 "-" "Mozilla/5.0 AppleWebKit/537.36 (KHTML, like Gecko; compatible; bingbot/2.0; +http://www.bing.com/bingbot.htm) Chrome/103.0.5060.134 Safari/537.36" "ysfine.com"
207.46.13.176 - - [09/Jan/2023:09:01:02 -0800] "GET /style/nijubasi22b.jpg HTTP/1.1" 200 44289 "-" "Mozilla/5.0 AppleWebKit/537.36 (KHTML, like Gecko; compatible; bingbot/2.0; +http://www.bing.com/bingbot.htm) Chrome/103.0.5060.134 Safari/537.36" "ysfine.com"
82.218.210.156 - - [09/Jan/2023:09:01:11 -0800] "GET /style/jstrauss.jpg HTTP/1.1" 200 137743 "https://www.google.com/" "Mozilla/5.0 (Windows NT 10.0; Win64; x64) AppleWebKit/537.36 (KHTML, like Gecko) Chrome/108.0.0.0 Safari/537.36" "ysfine.com"
82.218.210.156 - - [09/Jan/2023:09:01:15 -0800] "GET /maga/schroedinger.html HTTP/1.1" 200 6325 "https://www.google.com/" "Mozilla/5.0 (Windows NT 10.0; Win64; x64) AppleWebKit/537.36 (KHTML, like Gecko) Chrome/108.0.0.0 Safari/537.36" "ysfine.com"
82.218.210.156 - - [09/Jan/2023:09:01:15 -0800] "GET /maga/phys/schrod11b.jpg HTTP/1.1" 200 36796 "https://ysfine.com/maga/schroedinger.html" "Mozilla/5.0 (Windows NT 10.0; Win64; x64) AppleWebKit/537.36 (KHTML, like Gecko) Chrome/108.0.0.0 Safari/537.36" "ysfine.com"
82.218.210.156 - - [09/Jan/2023:09:01:15 -0800] "GET /style/schonbr22b.jpg HTTP/1.1" 200 45463 "https://ysfine.com/maga/schroedinger.html" "Mozilla/5.0 (Windows NT 10.0; Win64; x64) AppleWebKit/537.36 (KHTML, like Gecko) Chrome/108.0.0.0 Safari/537.36" "ysfine.com"
82.218.210.156 - - [09/Jan/2023:09:01:15 -0800] "GET /home/goodbad2.jpg HTTP/1.1" 200 17488 "https://ysfine.com/maga/schroedinger.html" "Mozilla/5.0 (Windows NT 10.0; Win64; x64) AppleWebKit/537.36 (KHTML, like Gecko) Chrome/108.0.0.0 Safari/537.36" "ysfine.com"
82.218.210.156 - - [09/Jan/2023:09:01:15 -0800] "GET /people/zeilinger2.jpg HTTP/1.1" 200 30410 "https://ysfine.com/maga/schroedinger.html" "Mozilla/5.0 (Windows NT 10.0; Win64; x64) AppleWebKit/537.36 (KHTML, like Gecko) Chrome/108.0.0.0 Safari/537.36" "ysfine.com"
82.218.210.156 - - [09/Jan/2023:09:01:15 -0800] "GET /maga/phys/schrod22b.jpg HTTP/1.1" 200 25954 "https://ysfine.com/maga/schroedinger.html" "Mozilla/5.0 (Windows NT 10.0; Win64; x64) AppleWebKit/537.36 (KHTML, like Gecko) Chrome/108.0.0.0 Safari/537.36" "ysfine.com"
82.218.210.156 - - [09/Jan/2023:09:01:15 -0800] "GET /world/germany/vienna07b.jpg HTTP/1.1" 200 42124 "https://ysfine.com/maga/schroedinger.html" "Mozilla/5.0 (Windows NT 10.0; Win64; x64) AppleWebKit/537.36 (KHTML, like Gecko) Chrome/108.0.0.0 Safari/537.36" "ysfine.com"
82.218.210.156 - - [09/Jan/2023:09:01:15 -0800] "GET /world/germany/vienna05b.jpg HTTP/1.1" 200 55394 "https://ysfine.com/maga/schroedinger.html" "Mozilla/5.0 (Windows NT 10.0; Win64; x64) AppleWebKit/537.36 (KHTML, like Gecko) Chrome/108.0.0.0 Safari/537.36" "ysfine.com"
82.218.210.156 - - [09/Jan/2023:09:01:15 -0800] "GET /maga/phil/freud2.jpg HTTP/1.1" 200 40482 "https://ysfine.com/maga/schroedinger.html" "Mozilla/5.0 (Windows NT 10.0; Win64; x64) AppleWebKit/537.36 (KHTML, like Gecko) Chrome/108.0.0.0 Safari/537.36" "ysfine.com"
82.218.210.156 - - [09/Jan/2023:09:01:15 -0800] "GET /wigner/weiss11b.jpg HTTP/1.1" 200 33141 "https://ysfine.com/maga/schroedinger.html" "Mozilla/5.0 (Windows NT 10.0; Win64; x64) AppleWebKit/537.36 (KHTML, like Gecko) Chrome/108.0.0.0 Safari/537.36" "ysfine.com"
82.218.210.156 - - [09/Jan/2023:09:01:15 -0800] "GET /style/augustiner11b.jpg HTTP/1.1" 200 39308 "https://ysfine.com/maga/schroedinger.html" "Mozilla/5.0 (Windows NT 10.0; Win64; x64) AppleWebKit/537.36 (KHTML, like Gecko) Chrome/108.0.0.0 Safari/537.36" "ysfine.com"
82.218.210.156 - - [09/Jan/2023:09:01:15 -0800] "GET /maga/phys/schrod00b.jpg HTTP/1.1" 200 49237 "https://ysfine.com/maga/schroedinger.html" "Mozilla/5.0 (Windows NT 10.0; Win64; x64) AppleWebKit/537.36 (KHTML, like Gecko) Chrome/108.0.0.0 Safari/537.36" "ysfine.com"
82.218.210.156 - - [09/Jan/2023:09:01:15 -0800] "GET /maga/boltz/boltz11b.jpg HTTP/1.1" 200 30538 "https://ysfine.com/maga/schroedinger.html" "Mozilla/5.0 (Windows NT 10.0; Win64; x64) AppleWebKit/537.36 (KHTML, like Gecko) Chrome/108.0.0.0 Safari/537.36" "ysfine.com"
82.218.210.156 - - [09/Jan/2023:09:01:15 -0800] "GET /style/vienopera11b.jpg HTTP/1.1" 200 44505 "https://ysfine.com/maga/schroedinger.html" "Mozilla/5.0 (Windows NT 10.0; Win64; x64) AppleWebKit/537.36 (KHTML, like Gecko) Chrome/108.0.0.0 Safari/537.36" "ysfine.com"
82.218.210.156 - - [09/Jan/2023:09:01:18 -0800] "GET /favicon.ico HTTP/1.1" 404 88 "https://ysfine.com/maga/schroedinger.html" "Mozilla/5.0 (Windows NT 10.0; Win64; x64) AppleWebKit/537.36 (KHTML, like Gecko) Chrome/108.0.0.0 Safari/537.36" "ysfine.com"
40.77.167.81 - - [09/Jan/2023:09:01:23 -0800] "GET /bio/wigner/evangel.html HTTP/1.1" 404 88 "-" "Mozilla/5.0 (compatible; bingbot/2.0; +http://www.bing.com/bingbot.htm)" "ysfine.com"
41.68.185.185 - - [09/Jan/2023:09:01:34 -0800] "GET /feynman/feyn86b.jpg HTTP/1.1" 200 26190 "https://www.google.com/" "Mozilla/5.0 (Linux; Android 9; SM-A305F Build/PPR1.180610.011; wv) AppleWebKit/537.36 (KHTML, like Gecko) Version/4.0 Chrome/108.0.5359.128 Mobile Safari/537.36 GoogleApp/13.48.11.26.arm64" "ysfine.com"
51.222.253.18 - - [09/Jan/2023:09:03:32 -0800] "GET /class54/class5480/Pictures/4.%C3%AA%C2%B8%C2%B0%C3%AB%C2%85%C2%90%C3%AC%C2%B4%C2%AC%C3%AC%C2%98%C2%81/?C=M;O=D HTTP/1.1" 200 985 "-" "Mozilla/5.0 (compatible; AhrefsBot/7.0; +http://ahrefs.com/robot/)" "www.ysfine.com"
77.211.51.107 - - [09/Jan/2023:09:03:44 -0800] "GET /world/france/flore12.jpg HTTP/1.1" 200 114337 "https://www.bing.com/" "Mozilla/5.0 (Windows NT 10.0; Win64; x64) AppleWebKit/537.36 (KHTML, like Gecko) Chrome/106.0.0.0 Safari/537.36 Edg/106.0.1370.37" "ysfine.com"
54.167.251.84 - - [09/Jan/2023:09:04:02 -0800] "GET /yspapers/bound22.pdf HTTP/1.1" 200 5587576 "-" "python-httpx/0.23.1" "ysfine.com"
207.46.13.31 - - [09/Jan/2023:09:06:33 -0800] "GET /bio/sbk/1950.html HTTP/1.1" 404 88 "-" "Mozilla/5.0 AppleWebKit/537.36 (KHTML, like Gecko; compatible; bingbot/2.0; +http://www.bing.com/bingbot.htm) Chrome/103.0.5060.134 Safari/537.36" "ysfine.com"
207.46.13.31 - - [09/Jan/2023:09:06:42 -0800] "GET /feynman/chapline2.jpg HTTP/1.1" 200 36026 "-" "Mozilla/5.0 (compatible; bingbot/2.0; +http://www.bing.com/bingbot.htm)" "www.ysfine.com"
40.77.167.81 - - [09/Jan/2023:09:07:24 -0800] "GET /bio/internal.html HTTP/1.1" 404 88 "-" "Mozilla/5.0 AppleWebKit/537.36 (KHTML, like Gecko; compatible; bingbot/2.0; +http://www.bing.com/bingbot.htm) Chrome/103.0.5060.134 Safari/537.36" "ysfine.com"
199.245.253.52 - - [09/Jan/2023:09:07:55 -0800] "GET /dirac/dirac63.jpg HTTP/1.1" 200 83306 "https://www.google.com/" "Mozilla/5.0 (X11; CrOS x86_64 14816.131.0) AppleWebKit/537.36 (KHTML, like Gecko) Chrome/103.0.0.0 Safari/537.36" "ysfine.com"
207.46.13.31 - - [09/Jan/2023:09:09:22 -0800] "GET /bio/kobak/yskor.html HTTP/1.1" 404 88 "-" "Mozilla/5.0 AppleWebKit/537.36 (KHTML, like Gecko; compatible; bingbot/2.0; +http://www.bing.com/bingbot.htm) Chrome/103.0.5060.134 Safari/537.36" "ysfine.com"
66.249.70.4 - - [09/Jan/2023:09:09:32 -0800] "GET /eink/emc400.jpg HTTP/1.1" 200 70395 "-" "Googlebot-Image/1.0" "ysfine.com"
3.238.129.204 - - [09/Jan/2023:09:09:54 -0800] "GET /yspapers/hadtemp.pdf HTTP/1.1" 200 2116308 "-" "python-httpx/0.23.1" "ysfine.com"
85.208.98.23 - - [09/Jan/2023:09:10:30 -0800] "GET /robots.txt HTTP/1.1" 404 88 "http://www.ysfine.com/robots.txt" "Mozilla/5.0 (compatible; SemrushBot-BA; +http://www.semrush.com/bot.html)" "www.ysfine.com"
85.208.98.23 - - [09/Jan/2023:09:10:30 -0800] "GET /robots.txt HTTP/1.1" 404 88 "http://ysfine.com/robots.txt" "Mozilla/5.0 (compatible; SemrushBot-BA; +http://www.semrush.com/bot.html)" "ysfine.com"
17.241.219.16 - - [09/Jan/2023:09:10:41 -0800] "GET /feynman/ppic/entang11.pdf HTTP/1.1" 200 27235 "-" "Mozilla/5.0 (Macintosh; Intel Mac OS X 10_15_5) AppleWebKit/605.1.15 (KHTML, like Gecko) Version/13.1.1 Safari/605.1.15 (Applebot/0.1; +http://www.apple.com/go/applebot)" "ysfine.com"
207.46.13.176 - - [09/Jan/2023:09:10:44 -0800] "GET /usca/pitt/pitmap03b.jpg HTTP/1.1" 200 56177 "-" "Mozilla/5.0 AppleWebKit/537.36 (KHTML, like Gecko; compatible; bingbot/2.0; +http://www.bing.com/bingbot.htm) Chrome/103.0.5060.134 Safari/537.36" "www.ysfine.com"
85.208.98.31 - - [09/Jan/2023:09:10:45 -0800] "GET /world/season.html HTTP/1.1" 200 23901 "http://ysfine.com/world/season.html" "Mozilla/5.0 (compatible; SemrushBot-BA; +http://www.semrush.com/bot.html)" "ysfine.com"
85.208.98.22 - - [09/Jan/2023:09:10:50 -0800] "GET /ysbio/maga/sartre.html HTTP/1.1" 404 88 "-" "Mozilla/5.0 (compatible; SemrushBot-BA; +http://www.semrush.com/bot.html)" "ysfine.com"
85.208.98.31 - - [09/Jan/2023:09:10:51 -0800] "GET /world/season.html HTTP/1.1" 200 23901 "http://www.ysfine.com/world/season.html" "Mozilla/5.0 (compatible; SemrushBot-BA; +http://www.semrush.com/bot.html)" "www.ysfine.com"
85.208.98.24 - - [09/Jan/2023:09:10:57 -0800] "GET /ysbio/world/season.html HTTP/1.1" 404 88 "-" "Mozilla/5.0 (compatible; SemrushBot-BA; +http://www.semrush.com/bot.html)" "ysfine.com"
70.123.158.99 - - [09/Jan/2023:09:10:59 -0800] "GET /dirac/sq73.jpg HTTP/1.1" 200 141429 "https://www.google.com/" "Mozilla/5.0 (Windows NT 10.0; Win64; x64; rv:108.0) Gecko/20100101 Firefox/108.0" "ysfine.com"
85.208.98.16 - - [09/Jan/2023:09:11:06 -0800] "GET /ysbio/maga/sartre.html HTTP/1.1" 404 88 "-" "Mozilla/5.0 (compatible; SemrushBot-BA; +http://www.semrush.com/bot.html)" "www.ysfine.com"
85.208.98.22 - - [09/Jan/2023:09:11:12 -0800] "GET /ysbio/world/season.html HTTP/1.1" 404 88 "-" "Mozilla/5.0 (compatible; SemrushBot-BA; +http://www.semrush.com/bot.html)" "www.ysfine.com"
85.208.98.24 - - [09/Jan/2023:09:11:17 -0800] "GET /maga/sartre.html HTTP/1.1" 200 7719 "http://www.ysfine.com/maga/sartre.html" "Mozilla/5.0 (compatible; SemrushBot-BA; +http://www.semrush.com/bot.html)" "www.ysfine.com"
85.208.98.16 - - [09/Jan/2023:09:11:20 -0800] "GET /maga/sartre.html HTTP/1.1" 200 7719 "http://ysfine.com/maga/sartre.html" "Mozilla/5.0 (compatible; SemrushBot-BA; +http://www.semrush.com/bot.html)" "ysfine.com"
85.208.98.31 - - [09/Jan/2023:09:11:32 -0800] "GET /ysbio/philo/sartre.html HTTP/1.1" 404 88 "-" "Mozilla/5.0 (compatible; SemrushBot-BA; +http://www.semrush.com/bot.html)" "www.ysfine.com"
40.77.167.49 - - [09/Jan/2023:09:12:26 -0800] "GET /bio/wigner/e(2).html HTTP/1.1" 404 88 "-" "Mozilla/5.0 AppleWebKit/537.36 (KHTML, like Gecko; compatible; bingbot/2.0; +http://www.bing.com/bingbot.htm) Chrome/103.0.5060.134 Safari/537.36" "ysfine.com"
207.46.13.31 - - [09/Jan/2023:09:13:03 -0800] "GET /bio/bio03.html HTTP/1.1" 404 88 "-" "Mozilla/5.0 AppleWebKit/537.36 (KHTML, like Gecko; compatible; bingbot/2.0; +http://www.bing.com/bingbot.htm) Chrome/103.0.5060.134 Safari/537.36" "ysfine.com"
207.46.13.31 - - [09/Jan/2023:09:13:23 -0800] "GET /bio/style/artlove.html HTTP/1.1" 404 88 "-" "Mozilla/5.0 AppleWebKit/537.36 (KHTML, like Gecko; compatible; bingbot/2.0; +http://www.bing.com/bingbot.htm) Chrome/103.0.5060.134 Safari/537.36" "ysfine.com"
40.77.167.17 - - [09/Jan/2023:09:13:52 -0800] "GET /bio/einstein/bern.html HTTP/1.1" 404 88 "-" "Mozilla/5.0 (compatible; bingbot/2.0; +http://www.bing.com/bingbot.htm)" "ysfine.com"
207.46.13.176 - - [09/Jan/2023:09:14:24 -0800] "GET /usca/pitt/mtwash03.jpg HTTP/1.1" 200 57468 "-" "Mozilla/5.0 (compatible; bingbot/2.0; +http://www.bing.com/bingbot.htm)" "www.ysfine.com"
173.249.14.32 - - [09/Jan/2023:09:14:48 -0800] "GET /Telerik.Web.UI.WebResource.axd?type=rau HTTP/1.1" 404 88 "-" "Mozilla/5.0 (Windows NT 6.0) AppleWebKit/537.36 (KHTML, like Gecko) Chrome/41.0.2228.0 Safari/537.36" "ysfine.com"
40.77.167.49 - - [09/Jan/2023:09:15:05 -0800] "GET /bio/houses/myhouse.html HTTP/1.1" 404 88 "-" "Mozilla/5.0 (compatible; bingbot/2.0; +http://www.bing.com/bingbot.htm)" "ysfine.com"
40.77.167.17 - - [09/Jan/2023:09:15:12 -0800] "GET /princeton/ HTTP/1.1" 200 140 "-" "Mozilla/5.0 AppleWebKit/537.36 (KHTML, like Gecko; compatible; bingbot/2.0; +http://www.bing.com/bingbot.htm) Chrome/103.0.5060.134 Safari/537.36" "ysfine.com"
3.38.42.174 - - [09/Jan/2023:09:15:13 -0800] "GET /heisen/heisen22.jpg HTTP/1.1" 200 82807 "-" "python-requests/2.25.1" "ysfine.com"
45.115.124.126 - - [09/Jan/2023:09:15:52 -0800] "GET /keditor/themes/default/default.css HTTP/1.1" 404 73 "http://www.ysfine.com/keditor/themes/default/default.css" "Mozilla/5.0 (compatible; MSIE 9.0; Windows NT 6.1; Win64; x64; Trident/5.0)" "www.ysfine.com"
40.77.167.17 - - [09/Jan/2023:09:16:03 -0800] "GET /bio/kobak/namdae.html HTTP/1.1" 404 88 "-" "Mozilla/5.0 (compatible; bingbot/2.0; +http://www.bing.com/bingbot.htm)" "ysfine.com"
207.46.13.176 - - [09/Jan/2023:09:16:14 -0800] "GET /bio/bio05.html HTTP/1.1" 404 88 "-" "Mozilla/5.0 (compatible; bingbot/2.0; +http://www.bing.com/bingbot.htm)" "ysfine.com"
40.77.167.81 - - [09/Jan/2023:09:16:15 -0800] "GET /dongio/kuwait01.jpg HTTP/1.1" 404 88 "-" "Mozilla/5.0 (compatible; bingbot/2.0; +http://www.bing.com/bingbot.htm)" "www.ysfine.com"
17.241.219.240 - - [09/Jan/2023:09:16:39 -0800] "GET /einstein/heisenberg.html HTTP/1.1" 200 10552 "-" "Mozilla/5.0 (Macintosh; Intel Mac OS X 10_15_5) AppleWebKit/605.1.15 (KHTML, like Gecko) Version/13.1.1 Safari/605.1.15 (Applebot/0.1; +http://www.apple.com/go/applebot)" "ysfine.com"
207.46.13.176 - - [09/Jan/2023:09:17:54 -0800] "GET /bio/eink/buythisbook.html HTTP/1.1" 404 88 "-" "Mozilla/5.0 AppleWebKit/537.36 (KHTML, like Gecko; compatible; bingbot/2.0; +http://www.bing.com/bingbot.htm) Chrome/103.0.5060.134 Safari/537.36" "ysfine.com"
40.77.167.17 - - [09/Jan/2023:09:18:23 -0800] "GET /bio/world/leipzig.html HTTP/1.1" 404 88 "-" "Mozilla/5.0 (compatible; bingbot/2.0; +http://www.bing.com/bingbot.htm)" "ysfine.com"
17.241.219.186 - - [09/Jan/2023:09:18:59 -0800] "GET /einstein/lawrence22.pdf HTTP/1.1" 200 326602 "-" "Mozilla/5.0 (Macintosh; Intel Mac OS X 10_15_5) AppleWebKit/605.1.15 (KHTML, like Gecko) Version/13.1.1 Safari/605.1.15 (Applebot/0.1; +http://www.apple.com/go/applebot)" "ysfine.com"
51.222.253.11 - - [09/Jan/2023:09:18:58 -0800] "GET /class54/class5480/Pictures/2.%C3%AA%C2%B8%C2%B0%C3%AB%C2%85%C2%90%C3%AD%C2%96%C2%89%C3%AC%C2%82%C2%AC/ HTTP/1.1" 200 1718 "-" "Mozilla/5.0 (compatible; AhrefsBot/7.0; +http://ahrefs.com/robot/)" "www.ysfine.com"
40.77.167.49 - - [09/Jan/2023:09:20:07 -0800] "GET /bio/pquartet.html HTTP/1.1" 404 88 "-" "Mozilla/5.0 AppleWebKit/537.36 (KHTML, like Gecko; compatible; bingbot/2.0; +http://www.bing.com/bingbot.htm) Chrome/103.0.5060.134 Safari/537.36" "ysfine.com"
40.77.167.81 - - [09/Jan/2023:09:20:24 -0800] "GET /world/russ/roskei10b.jpg HTTP/1.1" 200 36598 "-" "Mozilla/5.0 AppleWebKit/537.36 (KHTML, like Gecko; compatible; bingbot/2.0; +http://www.bing.com/bingbot.htm) Chrome/103.0.5060.134 Safari/537.36" "www.ysfine.com"
40.77.167.17 - - [09/Jan/2023:09:20:33 -0800] "GET /bio/awards/iao.html HTTP/1.1" 404 88 "-" "Mozilla/5.0 (compatible; bingbot/2.0; +http://www.bing.com/bingbot.htm)" "ysfine.com"
103.167.194.136 - - [09/Jan/2023:09:20:33 -0800] "GET /dirac/dirfeyn.html HTTP/1.1" 200 6341 "https://www.google.co.in/" "Mozilla/5.0 (iPhone; CPU iPhone OS 16_2 like Mac OS X) AppleWebKit/605.1.15 (KHTML, like Gecko) Version/16.2 Mobile/15E148 Safari/604.1" "ysfine.com"
103.167.194.136 - - [09/Jan/2023:09:20:34 -0800] "GET /dirac/dirackn33c.jpg HTTP/1.1" 200 50420 "https://ysfine.com/dirac/dirfeyn.html" "Mozilla/5.0 (iPhone; CPU iPhone OS 16_2 like Mac OS X) AppleWebKit/605.1.15 (KHTML, like Gecko) Version/16.2 Mobile/15E148 Safari/604.1" "ysfine.com"
103.167.194.136 - - [09/Jan/2023:09:20:34 -0800] "GET /dirac/sq73c.jpg HTTP/1.1" 200 35501 "https://ysfine.com/dirac/dirfeyn.html" "Mozilla/5.0 (iPhone; CPU iPhone OS 16_2 like Mac OS X) AppleWebKit/605.1.15 (KHTML, like Gecko) Version/16.2 Mobile/15E148 Safari/604.1" "ysfine.com"
103.167.194.136 - - [09/Jan/2023:09:20:34 -0800] "GET /dirac/feydirac300.jpg HTTP/1.1" 200 38223 "https://ysfine.com/dirac/dirfeyn.html" "Mozilla/5.0 (iPhone; CPU iPhone OS 16_2 like Mac OS X) AppleWebKit/605.1.15 (KHTML, like Gecko) Version/16.2 Mobile/15E148 Safari/604.1" "ysfine.com"
103.167.194.136 - - [09/Jan/2023:09:20:34 -0800] "GET /dirac/dfkim11c.jpg HTTP/1.1" 200 34801 "https://ysfine.com/dirac/dirfeyn.html" "Mozilla/5.0 (iPhone; CPU iPhone OS 16_2 like Mac OS X) AppleWebKit/605.1.15 (KHTML, like Gecko) Version/16.2 Mobile/15E148 Safari/604.1" "ysfine.com"
103.167.194.136 - - [09/Jan/2023:09:20:36 -0800] "GET /dirac/nicodem11c.jpg HTTP/1.1" 200 72684 "https://ysfine.com/dirac/dirfeyn.html" "Mozilla/5.0 (iPhone; CPU iPhone OS 16_2 like Mac OS X) AppleWebKit/605.1.15 (KHTML, like Gecko) Version/16.2 Mobile/15E148 Safari/604.1" "ysfine.com"
103.167.194.136 - - [09/Jan/2023:09:20:37 -0800] "GET /dirac/2osc22c.jpg HTTP/1.1" 200 28929 "https://ysfine.com/dirac/dirfeyn.html" "Mozilla/5.0 (iPhone; CPU iPhone OS 16_2 like Mac OS X) AppleWebKit/605.1.15 (KHTML, like Gecko) Version/16.2 Mobile/15E148 Safari/604.1" "ysfine.com"
103.167.194.136 - - [09/Jan/2023:09:20:37 -0800] "GET /feynman/jacdrum11c.jpg HTTP/1.1" 200 39178 "https://ysfine.com/dirac/dirfeyn.html" "Mozilla/5.0 (iPhone; CPU iPhone OS 16_2 like Mac OS X) AppleWebKit/605.1.15 (KHTML, like Gecko) Version/16.2 Mobile/15E148 Safari/604.1" "ysfine.com"
103.167.194.136 - - [09/Jan/2023:09:20:37 -0800] "GET /eink/eink61c.jpg HTTP/1.1" 200 34119 "https://ysfine.com/dirac/dirfeyn.html" "Mozilla/5.0 (iPhone; CPU iPhone OS 16_2 like Mac OS X) AppleWebKit/605.1.15 (KHTML, like Gecko) Version/16.2 Mobile/15E148 Safari/604.1" "ysfine.com"
103.167.194.136 - - [09/Jan/2023:09:20:37 -0800] "GET /wigner/isomor66c.jpg HTTP/1.1" 200 47632 "https://ysfine.com/dirac/dirfeyn.html" "Mozilla/5.0 (iPhone; CPU iPhone OS 16_2 like Mac OS X) AppleWebKit/605.1.15 (KHTML, like Gecko) Version/16.2 Mobile/15E148 Safari/604.1" "ysfine.com"
103.167.194.136 - - [09/Jan/2023:09:20:37 -0800] "GET /people/sbt11c.jpg HTTP/1.1" 200 31479 "https://ysfine.com/dirac/dirfeyn.html" "Mozilla/5.0 (iPhone; CPU iPhone OS 16_2 like Mac OS X) AppleWebKit/605.1.15 (KHTML, like Gecko) Version/16.2 Mobile/15E148 Safari/604.1" "ysfine.com"
103.167.194.136 - - [09/Jan/2023:09:20:37 -0800] "GET /wigner/wigkim11c.jpg HTTP/1.1" 200 30443 "https://ysfine.com/dirac/dirfeyn.html" "Mozilla/5.0 (iPhone; CPU iPhone OS 16_2 like Mac OS X) AppleWebKit/605.1.15 (KHTML, like Gecko) Version/16.2 Mobile/15E148 Safari/604.1" "ysfine.com"
103.167.194.136 - - [09/Jan/2023:09:20:40 -0800] "GET /favicon.ico HTTP/1.1" 404 88 "https://ysfine.com/dirac/dirfeyn.html" "Mozilla/5.0 (iPhone; CPU iPhone OS 16_2 like Mac OS X) AppleWebKit/605.1.15 (KHTML, like Gecko) Version/16.2 Mobile/15E148 Safari/604.1" "ysfine.com"
95.108.213.11 - - [09/Jan/2023:09:21:02 -0800] "GET /robots.txt HTTP/1.1" 404 73 "-" "Mozilla/5.0 (compatible; YandexBot/3.0; +http://yandex.com/bots)" "www.ysfine.com"
