68.173.74.240 - - [09/Jan/2023:12:47:55 -0800] "GET /wigner/wigkim22b.jpg HTTP/1.1" 200 33880 "https://ysfine.com/wigner/wigrigh.html" "Mozilla/5.0 (Windows NT 10.0; Win64; x64) AppleWebKit/537.36 (KHTML, like Gecko) Chrome/108.0.0.0 Safari/537.36" "ysfine.com"
68.173.74.240 - - [09/Jan/2023:12:47:55 -0800] "GET /princeton/sbt11b.jpg HTTP/1.1" 200 25236 "https://ysfine.com/wigner/wigrigh.html" "Mozilla/5.0 (Windows NT 10.0; Win64; x64) AppleWebKit/537.36 (KHTML, like Gecko) Chrome/108.0.0.0 Safari/537.36" "ysfine.com"
68.173.74.240 - - [09/Jan/2023:12:47:55 -0800] "GET /wigner/isomor66b.jpg HTTP/1.1" 200 60963 "https://ysfine.com/wigner/wigrigh.html" "Mozilla/5.0 (Windows NT 10.0; Win64; x64) AppleWebKit/537.36 (KHTML, like Gecko) Chrome/108.0.0.0 Safari/537.36" "ysfine.com"
207.46.13.176 - - [09/Jan/2023:12:48:13 -0800] "GET /world/poland/jablo18.jpg HTTP/1.1" 200 69510 "-" "Mozilla/5.0 AppleWebKit/537.36 (KHTML, like Gecko; compatible; bingbot/2.0; +http://www.bing.com/bingbot.htm) Chrome/103.0.5060.134 Safari/537.36" "www.ysfine.com"
68.173.74.240 - - [09/Jan/2023:12:48:21 -0800] "GET /home/goodbad11c.jpg HTTP/1.1" 200 18799 "https://ysfine.com/dirac/dirkim.html" "Mozilla/5.0 (Windows NT 10.0; Win64; x64) AppleWebKit/537.36 (KHTML, like Gecko) Chrome/108.0.0.0 Safari/537.36" "ysfine.com"
207.46.13.176 - - [09/Jan/2023:12:49:24 -0800] "GET /bio/style/rieu.html HTTP/1.1" 404 88 "-" "Mozilla/5.0 (compatible; bingbot/2.0; +http://www.bing.com/bingbot.htm)" "ysfine.com"
40.77.167.49 - - [09/Jan/2023:12:49:28 -0800] "GET /bio/world/trier.html HTTP/1.1" 404 88 "-" "Mozilla/5.0 AppleWebKit/537.36 (KHTML, like Gecko; compatible; bingbot/2.0; +http://www.bing.com/bingbot.htm) Chrome/103.0.5060.134 Safari/537.36" "ysfine.com"
40.77.167.81 - - [09/Jan/2023:12:50:34 -0800] "GET /style/musee/berlinmus26.jpg HTTP/1.1" 200 124583 "-" "Mozilla/5.0 AppleWebKit/537.36 (KHTML, like Gecko; compatible; bingbot/2.0; +http://www.bing.com/bingbot.htm) Chrome/103.0.5060.134 Safari/537.36" "ysfine.com"
5.188.210.20 - - [09/Jan/2023:12:50:50 -0800] "GET /ysbio/world/travel.html HTTP/1.1" 404 73 "https://www.ysfine.com/ysbio/world/travel.html" "Mozilla/5.0 (Windows NT 6.2; Win64; x64) AppleWebKit/537.36 (KHTML, like Gecko) Chrome/90.0.4430.72 Safari/537.36" "www.ysfine.com"
5.188.210.20 - - [09/Jan/2023:12:50:51 -0800] "GET / HTTP/1.1" 200 15915 "https://www.ysfine.com/" "Mozilla/5.0 (Windows NT 6.2; Win64; x64) AppleWebKit/537.36 (KHTML, like Gecko) Chrome/90.0.4430.72 Safari/537.36" "www.ysfine.com"
116.179.32.39 - - [09/Jan/2023:12:51:29 -0800] "GET /manko/left.html HTTP/1.1" 200 717 "-" "Mozilla/5.0 (compatible; Baiduspider/2.0; +http://www.baidu.com/search/spider.html)" "www.ysfine.com"
51.222.253.3 - - [09/Jan/2023:12:51:50 -0800] "GET /class54/class5470/total_data/sub_823.htm HTTP/1.1" 200 3558 "-" "Mozilla/5.0 (compatible; AhrefsBot/7.0; +http://ahrefs.com/robot/)" "www.ysfine.com"
51.222.253.16 - - [09/Jan/2023:12:51:51 -0800] "GET /class54/class5470/total_data/photo_img/8-23.jpg HTTP/1.1" 200 206486 "-" "Mozilla/5.0 (compatible; AhrefsBot/7.0; +http://ahrefs.com/robot/)" "www.ysfine.com"
17.241.75.162 - - [09/Jan/2023:12:52:00 -0800] "GET /einstein/math/heisen54.pdf HTTP/1.1" 200 41258 "-" "Mozilla/5.0 (Macintosh; Intel Mac OS X 10_15_5) AppleWebKit/605.1.15 (KHTML, like Gecko) Version/13.1.1 Safari/605.1.15 (Applebot/0.1; +http://www.apple.com/go/applebot)" "ysfine.com"
17.241.75.60 - - [09/Jan/2023:12:53:03 -0800] "GET /maga/hermite.html HTTP/1.1" 200 4102 "-" "Mozilla/5.0 (Macintosh; Intel Mac OS X 10_15_5) AppleWebKit/605.1.15 (KHTML, like Gecko) Version/13.1.1 Safari/605.1.15 (Applebot/0.1; +http://www.apple.com/go/applebot)" "www.ysfine.com"
207.46.13.31 - - [09/Jan/2023:12:53:43 -0800] "GET /bio/harmoarchi.html HTTP/1.1" 404 88 "-" "Mozilla/5.0 AppleWebKit/537.36 (KHTML, like Gecko; compatible; bingbot/2.0; +http://www.bing.com/bingbot.htm) Chrome/103.0.5060.134 Safari/537.36" "ysfine.com"
40.77.167.81 - - [09/Jan/2023:12:54:05 -0800] "GET /bio/einstein/further.html HTTP/1.1" 404 88 "-" "Mozilla/5.0 (compatible; bingbot/2.0; +http://www.bing.com/bingbot.htm)" "ysfine.com"
95.163.255.91 - - [09/Jan/2023:12:55:05 -0800] "GET /robots.txt HTTP/1.1" 404 73 "-" "Mozilla/5.0 (compatible; Linux x86_64; Mail.RU_Bot/Img/2.0; +https://help.mail.ru/webmaster/indexing/robots)" "ysfine.com"
40.77.167.81 - - [09/Jan/2023:12:55:46 -0800] "GET /bio/genea.html HTTP/1.1" 404 88 "-" "Mozilla/5.0 (compatible; bingbot/2.0; +http://www.bing.com/bingbot.htm)" "ysfine.com"
24.4.136.174 - - [09/Jan/2023:12:56:17 -0800] "GET /princeton/withers01.jpg HTTP/1.1" 200 113946 "https://www.google.com/" "Mozilla/5.0 (Macintosh; Intel Mac OS X 10_15_7) AppleWebKit/537.36 (KHTML, like Gecko) Chrome/108.0.0.0 Safari/537.36" "ysfine.com"
64.124.8.30 - - [09/Jan/2023:12:56:54 -0800] "GET /maga/phys/schrod11.jpg HTTP/1.1" 200 107958 "http://ysfine.com/maga/phys/schrod11.jpg" "Mozilla/5.0 (Macintosh; Intel Mac OS X 10_15_7) AppleWebKit/537.36 (KHTML, like Gecko) Chrome/107.0.0.0 Safari/537.36" "ysfine.com"
207.46.13.176 - - [09/Jan/2023:12:57:04 -0800] "GET /kobak/sorae/church05.jpg HTTP/1.1" 200 210503 "-" "Mozilla/5.0 (compatible; bingbot/2.0; +http://www.bing.com/bingbot.htm)" "www.ysfine.com"
51.222.253.16 - - [09/Jan/2023:12:57:05 -0800] "GET /class54/class5470/total_data/sub_824.htm HTTP/1.1" 200 3558 "-" "Mozilla/5.0 (compatible; AhrefsBot/7.0; +http://ahrefs.com/robot/)" "www.ysfine.com"
51.222.253.9 - - [09/Jan/2023:12:57:06 -0800] "GET /class54/class5470/total_data/photo_img/8-24.jpg HTTP/1.1" 200 196765 "-" "Mozilla/5.0 (compatible; AhrefsBot/7.0; +http://ahrefs.com/robot/)" "www.ysfine.com"
51.222.253.13 - - [09/Jan/2023:12:57:08 -0800] "GET /robots.txt HTTP/1.1" 404 88 "-" "Mozilla/5.0 (compatible; AhrefsBot/7.0; +http://ahrefs.com/robot/)" "ysfine.com"
207.46.13.176 - - [09/Jan/2023:12:58:35 -0800] "GET /bio/world/kalinin22.html HTTP/1.1" 404 88 "-" "Mozilla/5.0 (compatible; bingbot/2.0; +http://www.bing.com/bingbot.htm)" "ysfine.com"
95.163.255.110 - - [09/Jan/2023:12:58:41 -0800] "GET /world/russ/kazan035b.jpg HTTP/1.1" 200 41723 "http://go.mail.ru/search_images" "Mozilla/5.0 (compatible; Linux x86_64; Mail.RU_Bot/Img/2.0; +https://help.mail.ru/webmaster/indexing/robots)" "ysfine.com"
95.163.255.80 - - [09/Jan/2023:12:58:50 -0800] "GET /world/germany/hofbrau33.jpg HTTP/1.1" 200 97307 "http://go.mail.ru/search_images" "Mozilla/5.0 (compatible; Linux x86_64; Mail.RU_Bot/Img/2.0; +https://help.mail.ru/webmaster/indexing/robots)" "ysfine.com"
71.178.208.102 - - [09/Jan/2023:13:00:42 -0800] "GET /bio01.html HTTP/1.1" 304 - "https://ysfine.com/ys11/" "Mozilla/5.0 (Windows NT 10.0; Win64; x64) AppleWebKit/537.36 (KHTML, like Gecko) Chrome/108.0.0.0 Safari/537.36" "ysfine.com"
71.178.208.102 - - [09/Jan/2023:13:01:10 -0800] "GET /ys11/ HTTP/1.1" 304 - "-" "Mozilla/5.0 (Windows NT 10.0; Win64; x64) AppleWebKit/537.36 (KHTML, like Gecko) Chrome/108.0.0.0 Safari/537.36" "ysfine.com"
207.46.13.176 - - [09/Jan/2023:13:01:15 -0800] "GET /sbk/2006nice11.jpg HTTP/1.1" 200 238304 "-" "Mozilla/5.0 (compatible; bingbot/2.0; +http://www.bing.com/bingbot.htm)" "ysfine.com"
71.178.208.102 - - [09/Jan/2023:13:01:23 -0800] "GET /bio09.html HTTP/1.1" 304 - "https://ysfine.com/ys11/" "Mozilla/5.0 (Windows NT 10.0; Win64; x64) AppleWebKit/537.36 (KHTML, like Gecko) Chrome/108.0.0.0 Safari/537.36" "ysfine.com"
71.178.208.102 - - [09/Jan/2023:13:01:29 -0800] "GET /bio54.html HTTP/1.1" 304 - "https://ysfine.com/ys11/" "Mozilla/5.0 (Windows NT 10.0; Win64; x64) AppleWebKit/537.36 (KHTML, like Gecko) Chrome/108.0.0.0 Safari/537.36" "ysfine.com"
95.163.255.80 - - [09/Jan/2023:13:02:43 -0800] "GET /world/ital/vicenza05.jpg HTTP/1.1" 200 107232 "http://go.mail.ru/search_images" "Mozilla/5.0 (compatible; Linux x86_64; Mail.RU_Bot/Img/2.0; +https://help.mail.ru/webmaster/indexing/robots)" "ysfine.com"
157.55.39.86 - - [09/Jan/2023:13:02:45 -0800] "GET /world/germany/cologf01.jpg HTTP/1.1" 200 111037 "-" "Mozilla/5.0 (compatible; bingbot/2.0; +http://www.bing.com/bingbot.htm)" "www.ysfine.com"
51.222.253.3 - - [09/Jan/2023:13:02:52 -0800] "GET /home/eink/index.html HTTP/1.1" 404 88 "-" "Mozilla/5.0 (compatible; AhrefsBot/7.0; +http://ahrefs.com/robot/)" "ysfine.com"
81.99.196.103 - - [09/Jan/2023:13:03:19 -0800] "GET /world/france/arusas01.jpg HTTP/1.1" 200 364636 "https://www.google.co.uk/" "Mozilla/5.0 (Macintosh; Intel Mac OS X 10_15_7) AppleWebKit/605.1.15 (KHTML, like Gecko) Version/16.1 Safari/605.1.15" "ysfine.com"
40.77.167.81 - - [09/Jan/2023:13:03:25 -0800] "GET /bio/wigner/wigpoinc.html HTTP/1.1" 404 88 "-" "Mozilla/5.0 AppleWebKit/537.36 (KHTML, like Gecko; compatible; bingbot/2.0; +http://www.bing.com/bingbot.htm) Chrome/103.0.5060.134 Safari/537.36" "ysfine.com"
165.242.97.182 - - [09/Jan/2023:13:03:27 -0800] "GET / HTTP/1.1" 200 5295 "-" "Mozilla/5.0 (Macintosh; Intel Mac OS X 10_15_7) AppleWebKit/605.1.15 (KHTML, like Gecko)" "ysfine.com"
165.242.97.182 - - [09/Jan/2023:13:03:28 -0800] "GET /apple-touch-icon-precomposed.png HTTP/1.1" 404 88 "-" "Safari/15610.1.28.1.9 CFNetwork/1128.0.1 Darwin/19.6.0 (x86_64)" "ysfine.com"
165.242.97.182 - - [09/Jan/2023:13:03:28 -0800] "GET /apple-touch-icon.png HTTP/1.1" 404 88 "-" "Safari/15610.1.28.1.9 CFNetwork/1128.0.1 Darwin/19.6.0 (x86_64)" "ysfine.com"
165.242.97.182 - - [09/Jan/2023:13:03:29 -0800] "GET / HTTP/1.1" 200 5295 "-" "Mozilla/5.0 (iPhone; CPU iPhone OS 13_1_3 like Mac OS X) AppleWebKit/605.1.15 (KHTML, like Gecko) Version/13.0.1 Mobile/15E148 Safari/604.1" "ysfine.com"
165.242.97.182 - - [09/Jan/2023:13:03:29 -0800] "GET /apple-touch-icon-precomposed.png HTTP/1.1" 404 88 "-" "Safari/15610.1.28.1.9 CFNetwork/1128.0.1 Darwin/19.6.0 (x86_64)" "ysfine.com"
165.242.97.182 - - [09/Jan/2023:13:03:29 -0800] "GET /apple-touch-icon.png HTTP/1.1" 404 88 "-" "Safari/15610.1.28.1.9 CFNetwork/1128.0.1 Darwin/19.6.0 (x86_64)" "ysfine.com"
173.56.92.96 - - [09/Jan/2023:13:04:02 -0800] "GET /world/china/shenyang06.jpg HTTP/1.1" 200 32800 "https://www.google.com/" "Mozilla/5.0 (iPad; CPU OS 15_6_1 like Mac OS X) AppleWebKit/605.1.15 (KHTML, like Gecko) GSA/243.0.495136164 Mobile/19G82 Safari/604.1" "ysfine.com"
157.55.39.86 - - [09/Jan/2023:13:05:45 -0800] "GET /bio/dirac/bankers.html HTTP/1.1" 404 88 "-" "Mozilla/5.0 AppleWebKit/537.36 (KHTML, like Gecko; compatible; bingbot/2.0; +http://www.bing.com/bingbot.htm) Chrome/103.0.5060.134 Safari/537.36" "ysfine.com"
40.77.167.81 - - [09/Jan/2023:13:05:49 -0800] "GET /beau/turkberlin01.jpg HTTP/1.1" 404 88 "-" "Mozilla/5.0 (compatible; bingbot/2.0; +http://www.bing.com/bingbot.htm)" "ysfine.com"
157.55.39.86 - - [09/Jan/2023:13:06:36 -0800] "GET /world/china/china045.jpg HTTP/1.1" 200 193373 "-" "Mozilla/5.0 AppleWebKit/537.36 (KHTML, like Gecko; compatible; bingbot/2.0; +http://www.bing.com/bingbot.htm) Chrome/103.0.5060.134 Safari/537.36" "ysfine.com"
40.77.167.49 - - [09/Jan/2023:13:06:57 -0800] "GET /bio/style/ystyle.html HTTP/1.1" 404 88 "-" "Mozilla/5.0 AppleWebKit/537.36 (KHTML, like Gecko; compatible; bingbot/2.0; +http://www.bing.com/bingbot.htm) Chrome/103.0.5060.134 Safari/537.36" "ysfine.com"
71.178.208.102 - - [09/Jan/2023:13:07:25 -0800] "GET /fotos/kazan017.jpg HTTP/1.1" 200 185979 "https://ysfine.com/bio54.html" "Mozilla/5.0 (Windows NT 10.0; Win64; x64) AppleWebKit/537.36 (KHTML, like Gecko) Chrome/108.0.0.0 Safari/537.36" "ysfine.com"
64.114.223.229 - - [09/Jan/2023:13:07:44 -0800] "GET /heisen/schroheisen33.jpg HTTP/1.1" 200 86213 "https://www.google.com/" "Mozilla/5.0 (Windows NT 10.0; Win64; x64) AppleWebKit/537.36 (KHTML, like Gecko) Chrome/108.0.0.0 Safari/537.36" "ysfine.com"
51.222.253.2 - - [09/Jan/2023:13:07:48 -0800] "GET /home/wdc/index.html HTTP/1.1" 404 88 "-" "Mozilla/5.0 (compatible; AhrefsBot/7.0; +http://ahrefs.com/robot/)" "ysfine.com"
157.55.39.86 - - [09/Jan/2023:13:08:26 -0800] "GET /world/hungary/buda201b.jpg HTTP/1.1" 200 47431 "-" "Mozilla/5.0 (compatible; bingbot/2.0; +http://www.bing.com/bingbot.htm)" "ysfine.com"
17.22.237.21 - - [09/Jan/2023:13:08:32 -0800] "GET /princeton/prtop.html HTTP/1.1" 200 389 "https://ysfine.com/princeton/index.html" "Mozilla/5.0 (Macintosh; Intel Mac OS X 10_15_5) AppleWebKit/605.1.15 (KHTML, like Gecko) Version/13.1.1 Safari/605.1.15 (Applebot/0.1; +http://www.apple.com/go/applebot)" "ysfine.com"
17.22.237.226 - - [09/Jan/2023:13:08:33 -0800] "GET /princeton/prbot.html HTTP/1.1" 200 140 "https://ysfine.com/princeton/index.html" "Mozilla/5.0 (Macintosh; Intel Mac OS X 10_15_5) AppleWebKit/605.1.15 (KHTML, like Gecko) Version/13.1.1 Safari/605.1.15 (Applebot/0.1; +http://www.apple.com/go/applebot)" "ysfine.com"
17.22.237.226 - - [09/Jan/2023:13:08:35 -0800] "GET /princeton/prigh.html HTTP/1.1" 200 5268 "https://ysfine.com/princeton/prbot.html" "Mozilla/5.0 (Macintosh; Intel Mac OS X 10_15_5) AppleWebKit/605.1.15 (KHTML, like Gecko) Version/13.1.1 Safari/605.1.15 (Applebot/0.1; +http://www.apple.com/go/applebot)" "ysfine.com"
17.22.237.21 - - [09/Jan/2023:13:08:36 -0800] "GET /princeton/pleft.html HTTP/1.1" 200 670 "https://ysfine.com/princeton/prbot.html" "Mozilla/5.0 (Macintosh; Intel Mac OS X 10_15_5) AppleWebKit/605.1.15 (KHTML, like Gecko) Version/13.1.1 Safari/605.1.15 (Applebot/0.1; +http://www.apple.com/go/applebot)" "ysfine.com"
5.161.62.190 - - [09/Jan/2023:13:09:00 -0800] "GET /bio08.html HTTP/1.1" 200 5116 "-" "Mozilla/5.0 (Windows NT 10.0; Win64; x64) AppleWebKit/537.36 (KHTML, like Gecko) Chrome/84.0.4147.105 Safari/537.36" "www.ysfine.com"
207.46.13.176 - - [09/Jan/2023:13:11:06 -0800] "GET /bio/kobak/soraech.html HTTP/1.1" 404 88 "-" "Mozilla/5.0 (compatible; bingbot/2.0; +http://www.bing.com/bingbot.htm)" "ysfine.com"
157.55.39.86 - - [09/Jan/2023:13:12:16 -0800] "GET /bio/style/proschanie.html HTTP/1.1" 404 88 "-" "Mozilla/5.0 (compatible; bingbot/2.0; +http://www.bing.com/bingbot.htm)" "ysfine.com"
51.222.253.7 - - [09/Jan/2023:13:12:36 -0800] "GET /remote/wigner111/goto.html HTTP/1.1" 200 632 "-" "Mozilla/5.0 (compatible; AhrefsBot/7.0; +http://ahrefs.com/robot/)" "ysfine.com"
157.55.39.86 - - [09/Jan/2023:13:12:47 -0800] "GET /bio/world/berlin.html HTTP/1.1" 404 88 "-" "Mozilla/5.0 AppleWebKit/537.36 (KHTML, like Gecko; compatible; bingbot/2.0; +http://www.bing.com/bingbot.htm) Chrome/103.0.5060.134 Safari/537.36" "ysfine.com"
40.77.167.81 - - [09/Jan/2023:13:13:47 -0800] "GET / HTTP/1.1" 200 5295 "-" "Mozilla/5.0 (compatible; bingbot/2.0; +http://www.bing.com/bingbot.htm)" "www.ysfine.com"
77.81.110.65 - - [09/Jan/2023:13:14:04 -0800] "GET /style/travel.html HTTP/1.1" 404 73 "www.ysfine.com/style/travel.html" "Mozilla/5.0 (Windows NT 10.0; Win64; x64) AppleWebKit/537.36 (KHTML, like Gecko) Chrome/43.0.2351.3 Safari/537.36 Edge/12.0" "www.ysfine.com"
207.46.13.176 - - [09/Jan/2023:13:15:18 -0800] "GET /bio/optics.html HTTP/1.1" 404 88 "-" "Mozilla/5.0 AppleWebKit/537.36 (KHTML, like Gecko; compatible; bingbot/2.0; +http://www.bing.com/bingbot.htm) Chrome/103.0.5060.134 Safari/537.36" "ysfine.com"
71.178.208.102 - - [09/Jan/2023:13:15:40 -0800] "GET /ys11/index.html HTTP/1.1" 304 - "https://www.bing.com/" "Mozilla/5.0 (Windows NT 10.0; Win64; x64; rv:108.0) Gecko/20100101 Firefox/108.0" "www.ysfine.com"
71.178.208.102 - - [09/Jan/2023:13:15:43 -0800] "GET /bio54.html HTTP/1.1" 200 8049 "https://www.ysfine.com/ys11/index.html" "Mozilla/5.0 (Windows NT 10.0; Win64; x64; rv:108.0) Gecko/20100101 Firefox/108.0" "www.ysfine.com"
71.178.208.102 - - [09/Jan/2023:13:15:43 -0800] "GET /eink/pwk450.jpg HTTP/1.1" 200 84974 "https://www.ysfine.com/bio54.html" "Mozilla/5.0 (Windows NT 10.0; Win64; x64; rv:108.0) Gecko/20100101 Firefox/108.0" "www.ysfine.com"
71.178.208.102 - - [09/Jan/2023:13:15:43 -0800] "GET /home/mac05f.jpg HTTP/1.1" 200 98400 "https://www.ysfine.com/bio54.html" "Mozilla/5.0 (Windows NT 10.0; Win64; x64; rv:108.0) Gecko/20100101 Firefox/108.0" "www.ysfine.com"
71.178.208.102 - - [09/Jan/2023:13:15:43 -0800] "GET /kobak/swr51d.jpg HTTP/1.1" 200 49461 "https://www.ysfine.com/bio54.html" "Mozilla/5.0 (Windows NT 10.0; Win64; x64; rv:108.0) Gecko/20100101 Firefox/108.0" "www.ysfine.com"
71.178.208.102 - - [09/Jan/2023:13:15:43 -0800] "GET /home/eink54f.jpg HTTP/1.1" 200 96332 "https://www.ysfine.com/bio54.html" "Mozilla/5.0 (Windows NT 10.0; Win64; x64; rv:108.0) Gecko/20100101 Firefox/108.0" "www.ysfine.com"
71.178.208.102 - - [09/Jan/2023:13:15:43 -0800] "GET /home/tallm53f.jpg HTTP/1.1" 200 132310 "https://www.ysfine.com/bio54.html" "Mozilla/5.0 (Windows NT 10.0; Win64; x64; rv:108.0) Gecko/20100101 Firefox/108.0" "www.ysfine.com"
71.178.208.102 - - [09/Jan/2023:13:15:43 -0800] "GET /home/fig22/busan22d.jpg HTTP/1.1" 200 35419 "https://www.ysfine.com/bio54.html" "Mozilla/5.0 (Windows NT 10.0; Win64; x64; rv:108.0) Gecko/20100101 Firefox/108.0" "www.ysfine.com"
71.178.208.102 - - [09/Jan/2023:13:15:43 -0800] "GET /home/fig22/ys53d.jpg HTTP/1.1" 200 47161 "https://www.ysfine.com/bio54.html" "Mozilla/5.0 (Windows NT 10.0; Win64; x64; rv:108.0) Gecko/20100101 Firefox/108.0" "www.ysfine.com"
71.178.208.102 - - [09/Jan/2023:13:15:43 -0800] "GET /home/fotos/tank05d.jpg HTTP/1.1" 200 52601 "https://www.ysfine.com/bio54.html" "Mozilla/5.0 (Windows NT 10.0; Win64; x64; rv:108.0) Gecko/20100101 Firefox/108.0" "www.ysfine.com"
71.178.208.102 - - [09/Jan/2023:13:15:43 -0800] "GET /home/eward33f.jpg HTTP/1.1" 200 86617 "https://www.ysfine.com/bio54.html" "Mozilla/5.0 (Windows NT 10.0; Win64; x64; rv:108.0) Gecko/20100101 Firefox/108.0" "www.ysfine.com"
71.178.208.102 - - [09/Jan/2023:13:15:43 -0800] "GET /home/fotos/tank03d.jpg HTTP/1.1" 200 73123 "https://www.ysfine.com/bio54.html" "Mozilla/5.0 (Windows NT 10.0; Win64; x64; rv:108.0) Gecko/20100101 Firefox/108.0" "www.ysfine.com"
71.178.208.102 - - [09/Jan/2023:13:15:43 -0800] "GET /home/fig22/tallm11d.jpg HTTP/1.1" 200 32321 "https://www.ysfine.com/bio54.html" "Mozilla/5.0 (Windows NT 10.0; Win64; x64; rv:108.0) Gecko/20100101 Firefox/108.0" "www.ysfine.com"
71.178.208.102 - - [09/Jan/2023:13:15:51 -0800] "GET /bio54.html HTTP/1.1" 304 - "https://www.ysfine.com/ys11/index.html" "Mozilla/5.0 (Windows NT 10.0; Win64; x64; rv:108.0) Gecko/20100101 Firefox/108.0" "www.ysfine.com"
71.178.208.102 - - [09/Jan/2023:13:17:55 -0800] "GET /bio54.html HTTP/1.1" 200 8049 "https://ysfine.com/ys11/" "Mozilla/5.0 (Windows NT 10.0; Win64; x64) AppleWebKit/537.36 (KHTML, like Gecko) Chrome/108.0.0.0 Safari/537.36" "ysfine.com"
51.222.253.1 - - [09/Jan/2023:13:18:01 -0800] "GET /wdc/obama12.html HTTP/1.1" 200 204 "-" "Mozilla/5.0 (compatible; AhrefsBot/7.0; +http://ahrefs.com/robot/)" "www.ysfine.com"
51.222.253.16 - - [09/Jan/2023:13:18:02 -0800] "GET /wdc/obama01.jpg HTTP/1.1" 200 93218 "-" "Mozilla/5.0 (compatible; AhrefsBot/7.0; +http://ahrefs.com/robot/)" "www.ysfine.com"
71.178.208.102 - - [09/Jan/2023:13:18:07 -0800] "GET /bio54.html HTTP/1.1" 304 - "https://ysfine.com/ys11/" "Mozilla/5.0 (Windows NT 10.0; Win64; x64) AppleWebKit/537.36 (KHTML, like Gecko) Chrome/108.0.0.0 Safari/537.36" "ysfine.com"
5.45.207.122 - - [09/Jan/2023:13:18:18 -0800] "GET /robots.txt HTTP/1.1" 404 73 "-" "Mozilla/5.0 (compatible; YandexBot/3.0; +http://yandex.com/bots)" "www.ysfine.com"
87.250.224.168 - - [09/Jan/2023:13:18:22 -0800] "GET /world/munich.html HTTP/1.1" 200 3101 "-" "Mozilla/5.0 (compatible; YandexBot/3.0; +http://yandex.com/bots) AppleWebKit/537.36 (KHTML, like Gecko) Chrome/81.0.4044.268" "www.ysfine.com"
71.178.208.102 - - [09/Jan/2023:13:18:28 -0800] "GET /bio54.html HTTP/1.1" 200 8060 "https://www.ysfine.com/ys11/index.html" "Mozilla/5.0 (Windows NT 10.0; Win64; x64; rv:108.0) Gecko/20100101 Firefox/108.0" "www.ysfine.com"
40.77.167.17 - - [09/Jan/2023:13:19:16 -0800] "GET /bio/dirac/diracpol.html HTTP/1.1" 404 88 "-" "Mozilla/5.0 (compatible; bingbot/2.0; +http://www.bing.com/bingbot.htm)" "ysfine.com"
40.77.167.49 - - [09/Jan/2023:13:19:20 -0800] "GET /bio/kobak/shortw.html HTTP/1.1" 404 88 "-" "Mozilla/5.0 AppleWebKit/537.36 (KHTML, like Gecko; compatible; bingbot/2.0; +http://www.bing.com/bingbot.htm) Chrome/103.0.5060.134 Safari/537.36" "ysfine.com"
207.46.13.31 - - [09/Jan/2023:13:20:06 -0800] "GET /bio/style/artlove.html HTTP/1.1" 404 88 "-" "Mozilla/5.0 (compatible; bingbot/2.0; +http://www.bing.com/bingbot.htm)" "ysfine.com"
40.77.167.81 - - [09/Jan/2023:13:20:18 -0800] "GET /style/cameras/hwanghae11.jpg HTTP/1.1" 200 178475 "-" "Mozilla/5.0 AppleWebKit/537.36 (KHTML, like Gecko; compatible; bingbot/2.0; +http://www.bing.com/bingbot.htm) Chrome/103.0.5060.134 Safari/537.36" "ysfine.com"
207.46.13.31 - - [09/Jan/2023:13:20:25 -0800] "GET /figs/gtown47.jpg HTTP/1.1" 200 87894 "-" "Mozilla/5.0 (compatible; bingbot/2.0; +http://www.bing.com/bingbot.htm)" "ysfine.com"
71.178.208.102 - - [09/Jan/2023:13:20:34 -0800] "GET /bio54.html HTTP/1.1" 200 8073 "https://www.ysfine.com/ys11/index.html" "Mozilla/5.0 (Windows NT 10.0; Win64; x64; rv:108.0) Gecko/20100101 Firefox/108.0" "www.ysfine.com"
71.178.208.102 - - [09/Jan/2023:13:20:34 -0800] "GET /class54/kewa54d.jpg HTTP/1.1" 404 88 "https://www.ysfine.com/bio54.html" "Mozilla/5.0 (Windows NT 10.0; Win64; x64; rv:108.0) Gecko/20100101 Firefox/108.0" "www.ysfine.com"
207.46.13.176 - - [09/Jan/2023:13:20:36 -0800] "GET /wdc/anna09.jpg HTTP/1.1" 200 103182 "-" "Mozilla/5.0 AppleWebKit/537.36 (KHTML, like Gecko; compatible; bingbot/2.0; +http://www.bing.com/bingbot.htm) Chrome/103.0.5060.134 Safari/537.36" "www.ysfine.com"
40.77.167.17 - - [09/Jan/2023:13:20:36 -0800] "GET /bio/style/leica.html HTTP/1.1" 404 88 "-" "Mozilla/5.0 AppleWebKit/537.36 (KHTML, like Gecko; compatible; bingbot/2.0; +http://www.bing.com/bingbot.htm) Chrome/103.0.5060.134 Safari/537.36" "ysfine.com"
189.203.88.55 - - [09/Jan/2023:13:20:46 -0800] "GET /maga/phys/schrod11.jpg HTTP/1.1" 200 107958 "https://mx.images.search.yahoo.com/search/images;_ylt=AwrFDKUFhbxjYtAjlVfF8Qt.;_ylu=c2VjA3NlYXJjaARzbGsDYnV0dG9u;_ylc=X1MDMjExNDcxMjAwNQRfcgMyBGZyA21jYWZlZQRmcjIDcDpzLHY6aSxtOnNiLXRvcARncHJpZAMuRm1XOXRGWFNtLmxRdHMxWkhsdHVBBG5fcnNsdAMwBG5fc3VnZwM0BG9yaWdpbgNteC5pbWFnZXMuc2VhcmNoLnlhaG9vLmNvbQRwb3MDMARwcXN0cgMEcHFzdHJsAzAEcXN0cmwDMTAEcXVlcnkDc2Nob2RpbmdlcgR0X3N0bXADMTY3MzI5OTI0Mg--?p=schodinger&fr=mcafee&fr2=p%3As%2Cv%3Ai%2Cm%3Asb-top&ei=UTF-8&x=wrt&type=E210MX91215G0" "Mozilla/5.0 (Windows NT 10.0; Win64; x64) AppleWebKit/537.36 (KHTML, like Gecko) Chrome/108.0.0.0 Safari/537.36" "www.ysfine.com"
213.180.203.76 - - [09/Jan/2023:13:20:48 -0800] "GET /maga/invent/marconi01c.jpg HTTP/1.1" 200 28072 "-" "Mozilla/5.0 (compatible; YandexImages/3.0; +http://yandex.com/bots)" "www.ysfine.com"
71.178.208.102 - - [09/Jan/2023:13:21:52 -0800] "GET /bio54.html HTTP/1.1" 304 - "https://www.ysfine.com/ys11/index.html" "Mozilla/5.0 (Windows NT 10.0; Win64; x64; rv:108.0) Gecko/20100101 Firefox/108.0" "www.ysfine.com"
71.178.208.102 - - [09/Jan/2023:13:21:52 -0800] "GET /class54/kewa54d.jpg HTTP/1.1" 404 88 "https://www.ysfine.com/bio54.html" "Mozilla/5.0 (Windows NT 10.0; Win64; x64; rv:108.0) Gecko/20100101 Firefox/108.0" "www.ysfine.com"
71.178.208.102 - - [09/Jan/2023:13:21:56 -0800] "GET /class54/kewa66.jpg HTTP/1.1" 404 88 "https://www.ysfine.com/bio54.html" "Mozilla/5.0 (Windows NT 10.0; Win64; x64; rv:108.0) Gecko/20100101 Firefox/108.0" "www.ysfine.com"
40.77.167.49 - - [09/Jan/2023:13:21:57 -0800] "GET /newyork/vuiton33.jpg HTTP/1.1" 200 183488 "-" "Mozilla/5.0 AppleWebKit/537.36 (KHTML, like Gecko; compatible; bingbot/2.0; +http://www.bing.com/bingbot.htm) Chrome/103.0.5060.134 Safari/537.36" "ysfine.com"
71.178.208.102 - - [09/Jan/2023:13:22:08 -0800] "GET /class54/kewa66.jpg HTTP/1.1" 404 88 "https://www.ysfine.com/bio54.html" "Mozilla/5.0 (Windows NT 10.0; Win64; x64; rv:108.0) Gecko/20100101 Firefox/108.0" "www.ysfine.com"
207.46.13.31 - - [09/Jan/2023:13:22:27 -0800] "GET /bio/sbk/1950.html HTTP/1.1" 404 88 "-" "Mozilla/5.0 AppleWebKit/537.36 (KHTML, like Gecko; compatible; bingbot/2.0; +http://www.bing.com/bingbot.htm) Chrome/103.0.5060.134 Safari/537.36" "ysfine.com"
51.222.253.14 - - [09/Jan/2023:13:23:23 -0800] "GET /ffriends/italian.html HTTP/1.1" 200 8442 "-" "Mozilla/5.0 (compatible; AhrefsBot/7.0; +http://ahrefs.com/robot/)" "ysfine.com"
51.222.253.18 - - [09/Jan/2023:13:23:25 -0800] "GET /ffriends/italspb01b.jpg HTTP/1.1" 200 47440 "-" "Mozilla/5.0 (compatible; AhrefsBot/7.0; +http://ahrefs.com/robot/)" "ysfine.com"
51.222.253.5 - - [09/Jan/2023:13:23:26 -0800] "GET /ffriends/gatti02b.jpg HTTP/1.1" 200 42291 "-" "Mozilla/5.0 (compatible; AhrefsBot/7.0; +http://ahrefs.com/robot/)" "ysfine.com"
51.222.253.19 - - [09/Jan/2023:13:23:26 -0800] "GET /world/ital/napol02b.jpg HTTP/1.1" 200 44399 "-" "Mozilla/5.0 (compatible; AhrefsBot/7.0; +http://ahrefs.com/robot/)" "ysfine.com"
51.222.253.8 - - [09/Jan/2023:13:23:27 -0800] "GET /ffriends/italny11b.jpg HTTP/1.1" 200 35077 "-" "Mozilla/5.0 (compatible; AhrefsBot/7.0; +http://ahrefs.com/robot/)" "ysfine.com"
51.222.253.13 - - [09/Jan/2023:13:23:27 -0800] "GET /ffriends/italistan11b.jpg HTTP/1.1" 200 35066 "-" "Mozilla/5.0 (compatible; AhrefsBot/7.0; +http://ahrefs.com/robot/)" "ysfine.com"
51.222.253.11 - - [09/Jan/2023:13:23:28 -0800] "GET /world/ital/verona21b.jpg HTTP/1.1" 200 38564 "-" "Mozilla/5.0 (compatible; AhrefsBot/7.0; +http://ahrefs.com/robot/)" "ysfine.com"
51.222.253.13 - - [09/Jan/2023:13:23:28 -0800] "GET /world/ital/rome132b.jpg HTTP/1.1" 200 28808 "-" "Mozilla/5.0 (compatible; AhrefsBot/7.0; +http://ahrefs.com/robot/)" "ysfine.com"
51.222.253.20 - - [09/Jan/2023:13:23:28 -0800] "GET /world/ital/milanf05b.jpg HTTP/1.1" 200 41168 "-" "Mozilla/5.0 (compatible; AhrefsBot/7.0; +http://ahrefs.com/robot/)" "ysfine.com"
51.222.253.4 - - [09/Jan/2023:13:23:29 -0800] "GET /world/ital/florf06b.jpg HTTP/1.1" 200 44728 "-" "Mozilla/5.0 (compatible; AhrefsBot/7.0; +http://ahrefs.com/robot/)" "ysfine.com"
51.222.253.11 - - [09/Jan/2023:13:23:29 -0800] "GET /world/ital/padova26b.jpg HTTP/1.1" 200 37507 "-" "Mozilla/5.0 (compatible; AhrefsBot/7.0; +http://ahrefs.com/robot/)" "ysfine.com"
51.222.253.12 - - [09/Jan/2023:13:23:30 -0800] "GET /world/ital/romef112b.jpg HTTP/1.1" 200 31216 "-" "Mozilla/5.0 (compatible; AhrefsBot/7.0; +http://ahrefs.com/robot/)" "ysfine.com"
51.222.253.9 - - [09/Jan/2023:13:23:30 -0800] "GET /world/ital/milanf07b.jpg HTTP/1.1" 200 32594 "-" "Mozilla/5.0 (compatible; AhrefsBot/7.0; +http://ahrefs.com/robot/)" "ysfine.com"
51.222.253.16 - - [09/Jan/2023:13:23:30 -0800] "GET /ffriends/italparis01b.jpg HTTP/1.1" 200 57976 "-" "Mozilla/5.0 (compatible; AhrefsBot/7.0; +http://ahrefs.com/robot/)" "ysfine.com"
51.222.253.14 - - [09/Jan/2023:13:23:31 -0800] "GET /ffriends/arianna01b.jpg HTTP/1.1" 200 41498 "-" "Mozilla/5.0 (compatible; AhrefsBot/7.0; +http://ahrefs.com/robot/)" "ysfine.com"
51.222.253.12 - - [09/Jan/2023:13:23:31 -0800] "GET /world/ital/sorrento01b.jpg HTTP/1.1" 200 52743 "-" "Mozilla/5.0 (compatible; AhrefsBot/7.0; +http://ahrefs.com/robot/)" "ysfine.com"
51.222.253.7 - - [09/Jan/2023:13:23:32 -0800] "GET /world/ital/veronasis01b.jpg HTTP/1.1" 200 46059 "-" "Mozilla/5.0 (compatible; AhrefsBot/7.0; +http://ahrefs.com/robot/)" "ysfine.com"
51.222.253.2 - - [09/Jan/2023:13:23:32 -0800] "GET /world/ital/romef108b.jpg HTTP/1.1" 200 43677 "-" "Mozilla/5.0 (compatible; AhrefsBot/7.0; +http://ahrefs.com/robot/)" "ysfine.com"
51.222.253.6 - - [09/Jan/2023:13:23:32 -0800] "GET /world/ital/murano21b.jpg HTTP/1.1" 200 42459 "-" "Mozilla/5.0 (compatible; AhrefsBot/7.0; +http://ahrefs.com/robot/)" "ysfine.com"
51.222.253.6 - - [09/Jan/2023:13:23:33 -0800] "GET /world/ital/itpolice11b.jpg HTTP/1.1" 200 45634 "-" "Mozilla/5.0 (compatible; AhrefsBot/7.0; +http://ahrefs.com/robot/)" "ysfine.com"
51.222.253.4 - - [09/Jan/2023:13:23:33 -0800] "GET /world/ital/romef006b.jpg HTTP/1.1" 200 32745 "-" "Mozilla/5.0 (compatible; AhrefsBot/7.0; +http://ahrefs.com/robot/)" "ysfine.com"
51.222.253.16 - - [09/Jan/2023:13:23:34 -0800] "GET /ffriends/russit33a.jpg HTTP/1.1" 200 71966 "-" "Mozilla/5.0 (compatible; AhrefsBot/7.0; +http://ahrefs.com/robot/)" "ysfine.com"
51.222.253.7 - - [09/Jan/2023:13:23:34 -0800] "GET /ffriends/sicily22b.jpg HTTP/1.1" 200 42594 "-" "Mozilla/5.0 (compatible; AhrefsBot/7.0; +http://ahrefs.com/robot/)" "ysfine.com"
51.222.253.8 - - [09/Jan/2023:13:23:35 -0800] "GET /world/ital/romef010b.jpg HTTP/1.1" 200 47329 "-" "Mozilla/5.0 (compatible; AhrefsBot/7.0; +http://ahrefs.com/robot/)" "ysfine.com"
51.222.253.18 - - [09/Jan/2023:13:23:35 -0800] "GET /world/ital/romef114b.jpg HTTP/1.1" 200 28804 "-" "Mozilla/5.0 (compatible; AhrefsBot/7.0; +http://ahrefs.com/robot/)" "ysfine.com"
51.222.253.6 - - [09/Jan/2023:13:23:35 -0800] "GET /world/ital/florf01b.jpg HTTP/1.1" 200 38979 "-" "Mozilla/5.0 (compatible; AhrefsBot/7.0; +http://ahrefs.com/robot/)" "ysfine.com"
51.222.253.6 - - [09/Jan/2023:13:23:36 -0800] "GET /world/ital/itstu03b.jpg HTTP/1.1" 200 38091 "-" "Mozilla/5.0 (compatible; AhrefsBot/7.0; +http://ahrefs.com/robot/)" "ysfine.com"
51.222.253.2 - - [09/Jan/2023:13:23:36 -0800] "GET /world/ital/milanf01b.jpg HTTP/1.1" 200 51884 "-" "Mozilla/5.0 (compatible; AhrefsBot/7.0; +http://ahrefs.com/robot/)" "ysfine.com"
51.222.253.9 - - [09/Jan/2023:13:23:37 -0800] "GET /world/ital/bologf05b.jpg HTTP/1.1" 200 46011 "-" "Mozilla/5.0 (compatible; AhrefsBot/7.0; +http://ahrefs.com/robot/)" "ysfine.com"
51.222.253.9 - - [09/Jan/2023:13:23:37 -0800] "GET /ffriends/italvien11b.jpg HTTP/1.1" 200 41592 "-" "Mozilla/5.0 (compatible; AhrefsBot/7.0; +http://ahrefs.com/robot/)" "ysfine.com"
51.222.253.14 - - [09/Jan/2023:13:23:38 -0800] "GET /ffriends/gatti06b.jpg HTTP/1.1" 200 42322 "-" "Mozilla/5.0 (compatible; AhrefsBot/7.0; +http://ahrefs.com/robot/)" "ysfine.com"
51.222.253.9 - - [09/Jan/2023:13:23:38 -0800] "GET /world/ital/itlaw22b.jpg HTTP/1.1" 200 52267 "-" "Mozilla/5.0 (compatible; AhrefsBot/7.0; +http://ahrefs.com/robot/)" "ysfine.com"
51.222.253.18 - - [09/Jan/2023:13:23:38 -0800] "GET /world/ital/romef005b.jpg HTTP/1.1" 200 45956 "-" "Mozilla/5.0 (compatible; AhrefsBot/7.0; +http://ahrefs.com/robot/)" "ysfine.com"
40.77.167.81 - - [09/Jan/2023:13:23:48 -0800] "GET /maga/invent/inductmo2.jpg HTTP/1.1" 200 40426 "-" "Mozilla/5.0 AppleWebKit/537.36 (KHTML, like Gecko; compatible; bingbot/2.0; +http://www.bing.com/bingbot.htm) Chrome/103.0.5060.134 Safari/537.36" "www.ysfine.com"
40.77.167.49 - - [09/Jan/2023:13:24:08 -0800] "GET /princeton/car01.jpg HTTP/1.1" 200 78000 "-" "Mozilla/5.0 AppleWebKit/537.36 (KHTML, like Gecko; compatible; bingbot/2.0; +http://www.bing.com/bingbot.htm) Chrome/103.0.5060.134 Safari/537.36" "www.ysfine.com"
207.46.13.31 - - [09/Jan/2023:13:25:17 -0800] "GET /bio/kobak/yskor.html HTTP/1.1" 404 88 "-" "Mozilla/5.0 AppleWebKit/537.36 (KHTML, like Gecko; compatible; bingbot/2.0; +http://www.bing.com/bingbot.htm) Chrome/103.0.5060.134 Safari/537.36" "ysfine.com"
71.178.208.102 - - [09/Jan/2023:13:25:45 -0800] "GET /bio54.html HTTP/1.1" 304 - "https://www.ysfine.com/ys11/index.html" "Mozilla/5.0 (Windows NT 10.0; Win64; x64; rv:108.0) Gecko/20100101 Firefox/108.0" "www.ysfine.com"
71.178.208.102 - - [09/Jan/2023:13:25:45 -0800] "GET /class54/kewa54d.jpg HTTP/1.1" 404 88 "https://www.ysfine.com/bio54.html" "Mozilla/5.0 (Windows NT 10.0; Win64; x64; rv:108.0) Gecko/20100101 Firefox/108.0" "www.ysfine.com"
71.178.208.102 - - [09/Jan/2023:13:25:48 -0800] "GET /class54/kewa66.jpg HTTP/1.1" 404 88 "https://www.ysfine.com/bio54.html" "Mozilla/5.0 (Windows NT 10.0; Win64; x64; rv:108.0) Gecko/20100101 Firefox/108.0" "www.ysfine.com"
66.249.70.3 - - [09/Jan/2023:13:26:08 -0800] "GET /world/germany/leipzig51.jpg HTTP/1.1" 200 274994 "-" "Googlebot-Image/1.0" "ysfine.com"
188.213.138.126 - - [09/Jan/2023:13:26:27 -0800] "GET /einstein/einplanck.html HTTP/1.1" 200 3502 "-" "Mozilla/5.0 (Macintosh; Intel Mac OS X 10_15_7) AppleWebKit/537.36 (KHTML, like Gecko) Chrome/108.0.0.0 Safari/537.36" "ysfine.com"
40.77.167.49 - - [09/Jan/2023:13:26:29 -0800] "GET /bio/wigner/e(2).html HTTP/1.1" 404 88 "-" "Mozilla/5.0 AppleWebKit/537.36 (KHTML, like Gecko; compatible; bingbot/2.0; +http://www.bing.com/bingbot.htm) Chrome/103.0.5060.134 Safari/537.36" "ysfine.com"
40.77.167.81 - - [09/Jan/2023:13:27:18 -0800] "GET /bio/wigner/evangel.html HTTP/1.1" 404 88 "-" "Mozilla/5.0 (compatible; bingbot/2.0; +http://www.bing.com/bingbot.htm)" "ysfine.com"
71.178.208.102 - - [09/Jan/2023:13:27:19 -0800] "GET /bio54.html HTTP/1.1" 200 8073 "https://ysfine.com/ys11/" "Mozilla/5.0 (Windows NT 10.0; Win64; x64) AppleWebKit/537.36 (KHTML, like Gecko) Chrome/108.0.0.0 Safari/537.36" "ysfine.com"
71.178.208.102 - - [09/Jan/2023:13:27:19 -0800] "GET /class54/kewa54d.jpg HTTP/1.1" 404 88 "https://ysfine.com/bio54.html" "Mozilla/5.0 (Windows NT 10.0; Win64; x64) AppleWebKit/537.36 (KHTML, like Gecko) Chrome/108.0.0.0 Safari/537.36" "ysfine.com"
71.178.208.102 - - [09/Jan/2023:13:27:24 -0800] "GET /class54/kewa66.jpg HTTP/1.1" 404 88 "https://ysfine.com/bio54.html" "Mozilla/5.0 (Windows NT 10.0; Win64; x64) AppleWebKit/537.36 (KHTML, like Gecko) Chrome/108.0.0.0 Safari/537.36" "ysfine.com"
190.21.74.75 - - [09/Jan/2023:13:28:17 -0800] "GET /yspapers/iopbook15.pdf HTTP/1.1" 200 2962673 "https://www.google.com/" "Mozilla/5.0 (Windows NT 10.0; Win64; x64) AppleWebKit/537.36 (KHTML, like Gecko) Chrome/108.0.0.0 Safari/537.36" "ysfine.com"
71.178.208.102 - - [09/Jan/2023:13:28:36 -0800] "GET /ys11/index.html HTTP/1.1" 304 - "-" "Mozilla/5.0 (Windows NT 10.0; Win64; x64) AppleWebKit/537.36 (KHTML, like Gecko) Chrome/108.0.0.0 Safari/537.36 Edg/108.0.1462.76" "www.ysfine.com"
71.178.208.102 - - [09/Jan/2023:13:28:39 -0800] "GET /bio54.html HTTP/1.1" 200 8073 "https://www.ysfine.com/ys11/index.html" "Mozilla/5.0 (Windows NT 10.0; Win64; x64) AppleWebKit/537.36 (KHTML, like Gecko) Chrome/108.0.0.0 Safari/537.36 Edg/108.0.1462.76" "www.ysfine.com"
71.178.208.102 - - [09/Jan/2023:13:28:39 -0800] "GET /home/foto22/osakaf23f.jpg HTTP/1.1" 200 138992 "https://www.ysfine.com/bio54.html" "Mozilla/5.0 (Windows NT 10.0; Win64; x64) AppleWebKit/537.36 (KHTML, like Gecko) Chrome/108.0.0.0 Safari/537.36 Edg/108.0.1462.76" "www.ysfine.com"
71.178.208.102 - - [09/Jan/2023:13:28:39 -0800] "GET /class54/kewa54d.jpg HTTP/1.1" 404 88 "https://www.ysfine.com/bio54.html" "Mozilla/5.0 (Windows NT 10.0; Win64; x64) AppleWebKit/537.36 (KHTML, like Gecko) Chrome/108.0.0.0 Safari/537.36 Edg/108.0.1462.76" "www.ysfine.com"
51.222.253.11 - - [09/Jan/2023:13:29:05 -0800] "GET /style/songs.html HTTP/1.1" 200 31567 "-" "Mozilla/5.0 (compatible; AhrefsBot/7.0; +http://ahrefs.com/robot/)" "www.ysfine.com"
51.222.253.10 - - [09/Jan/2023:13:29:08 -0800] "GET /kobak/jutlandia2.jpg HTTP/1.1" 200 34252 "-" "Mozilla/5.0 (compatible; AhrefsBot/7.0; +http://ahrefs.com/robot/)" "www.ysfine.com"
71.178.208.102 - - [09/Jan/2023:13:29:08 -0800] "GET /class54/kewa66.jpg HTTP/1.1" 404 88 "https://www.ysfine.com/bio54.html" "Mozilla/5.0 (Windows NT 10.0; Win64; x64) AppleWebKit/537.36 (KHTML, like Gecko) Chrome/108.0.0.0 Safari/537.36 Edg/108.0.1462.76" "www.ysfine.com"
51.222.253.9 - - [09/Jan/2023:13:29:08 -0800] "GET /style/hamako11b.jpg HTTP/1.1" 200 33344 "-" "Mozilla/5.0 (compatible; AhrefsBot/7.0; +http://ahrefs.com/robot/)" "www.ysfine.com"
51.222.253.4 - - [09/Jan/2023:13:29:09 -0800] "GET /style/yasukuni22b.jpg HTTP/1.1" 200 35342 "-" "Mozilla/5.0 (compatible; AhrefsBot/7.0; +http://ahrefs.com/robot/)" "www.ysfine.com"
51.222.253.20 - - [09/Jan/2023:13:29:09 -0800] "GET /kobak/taylor11b.jpg HTTP/1.1" 200 42467 "-" "Mozilla/5.0 (compatible; AhrefsBot/7.0; +http://ahrefs.com/robot/)" "www.ysfine.com"
51.222.253.2 - - [09/Jan/2023:13:29:09 -0800] "GET /style/sousa2.jpg HTTP/1.1" 200 42173 "-" "Mozilla/5.0 (compatible; AhrefsBot/7.0; +http://ahrefs.com/robot/)" "www.ysfine.com"
51.222.253.16 - - [09/Jan/2023:13:29:10 -0800] "GET /style/zero01b.jpg HTTP/1.1" 200 27421 "-" "Mozilla/5.0 (compatible; AhrefsBot/7.0; +http://ahrefs.com/robot/)" "www.ysfine.com"
51.222.253.12 - - [09/Jan/2023:13:29:11 -0800] "GET /style/sarahchang01b.jpg HTTP/1.1" 200 50797 "-" "Mozilla/5.0 (compatible; AhrefsBot/7.0; +http://ahrefs.com/robot/)" "www.ysfine.com"
51.222.253.15 - - [09/Jan/2023:13:29:11 -0800] "GET /kobak/arisaka99b.jpg HTTP/1.1" 200 48028 "-" "Mozilla/5.0 (compatible; AhrefsBot/7.0; +http://ahrefs.com/robot/)" "www.ysfine.com"
51.222.253.3 - - [09/Jan/2023:13:29:11 -0800] "GET /style/hifi01b.jpg HTTP/1.1" 200 24818 "-" "Mozilla/5.0 (compatible; AhrefsBot/7.0; +http://ahrefs.com/robot/)" "www.ysfine.com"
51.222.253.8 - - [09/Jan/2023:13:29:12 -0800] "GET /style/akiko55.jpg HTTP/1.1" 200 48868 "-" "Mozilla/5.0 (compatible; AhrefsBot/7.0; +http://ahrefs.com/robot/)" "www.ysfine.com"
51.222.253.5 - - [09/Jan/2023:13:29:12 -0800] "GET /style/cotton11b.jpg HTTP/1.1" 200 41615 "-" "Mozilla/5.0 (compatible; AhrefsBot/7.0; +http://ahrefs.com/robot/)" "www.ysfine.com"
51.222.253.10 - - [09/Jan/2023:13:29:12 -0800] "GET /style/flamen2.jpg HTTP/1.1" 200 46908 "-" "Mozilla/5.0 (compatible; AhrefsBot/7.0; +http://ahrefs.com/robot/)" "www.ysfine.com"
51.222.253.20 - - [09/Jan/2023:13:29:13 -0800] "GET /kobak/swr51b.jpg HTTP/1.1" 200 31277 "-" "Mozilla/5.0 (compatible; AhrefsBot/7.0; +http://ahrefs.com/robot/)" "www.ysfine.com"
51.222.253.6 - - [09/Jan/2023:13:29:13 -0800] "GET /style/xiangran55b.jpg HTTP/1.1" 200 39739 "-" "Mozilla/5.0 (compatible; AhrefsBot/7.0; +http://ahrefs.com/robot/)" "www.ysfine.com"
51.222.253.19 - - [09/Jan/2023:13:29:14 -0800] "GET /style/beetho11b.jpg HTTP/1.1" 200 51004 "-" "Mozilla/5.0 (compatible; AhrefsBot/7.0; +http://ahrefs.com/robot/)" "www.ysfine.com"
51.222.253.19 - - [09/Jan/2023:13:29:14 -0800] "GET /style/shcampus11b.jpg HTTP/1.1" 200 53039 "-" "Mozilla/5.0 (compatible; AhrefsBot/7.0; +http://ahrefs.com/robot/)" "www.ysfine.com"
51.222.253.4 - - [09/Jan/2023:13:29:15 -0800] "GET /style/jpsingap01b.jpg HTTP/1.1" 200 52443 "-" "Mozilla/5.0 (compatible; AhrefsBot/7.0; +http://ahrefs.com/robot/)" "www.ysfine.com"
51.222.253.11 - - [09/Jan/2023:13:29:15 -0800] "GET /style/verdi11b.jpg HTTP/1.1" 200 40111 "-" "Mozilla/5.0 (compatible; AhrefsBot/7.0; +http://ahrefs.com/robot/)" "www.ysfine.com"
51.222.253.12 - - [09/Jan/2023:13:29:16 -0800] "GET /style/xiangran11b.jpg HTTP/1.1" 200 47472 "-" "Mozilla/5.0 (compatible; AhrefsBot/7.0; +http://ahrefs.com/robot/)" "www.ysfine.com"
51.222.253.11 - - [09/Jan/2023:13:29:16 -0800] "GET /style/xiangran66b.jpg HTTP/1.1" 200 30098 "-" "Mozilla/5.0 (compatible; AhrefsBot/7.0; +http://ahrefs.com/robot/)" "www.ysfine.com"
51.222.253.1 - - [09/Jan/2023:13:29:16 -0800] "GET /style/johannstra11b.jpg HTTP/1.1" 200 50080 "-" "Mozilla/5.0 (compatible; AhrefsBot/7.0; +http://ahrefs.com/robot/)" "www.ysfine.com"
51.222.253.18 - - [09/Jan/2023:13:29:17 -0800] "GET /style/brahms2.jpg HTTP/1.1" 200 43601 "-" "Mozilla/5.0 (compatible; AhrefsBot/7.0; +http://ahrefs.com/robot/)" "www.ysfine.com"
51.222.253.17 - - [09/Jan/2023:13:29:17 -0800] "GET /style/hamako33b.jpg HTTP/1.1" 200 44854 "-" "Mozilla/5.0 (compatible; AhrefsBot/7.0; +http://ahrefs.com/robot/)" "www.ysfine.com"
51.222.253.5 - - [09/Jan/2023:13:29:17 -0800] "GET /style/yasukuni11b.jpg HTTP/1.1" 200 53460 "-" "Mozilla/5.0 (compatible; AhrefsBot/7.0; +http://ahrefs.com/robot/)" "www.ysfine.com"
51.222.253.11 - - [09/Jan/2023:13:29:18 -0800] "GET /style/mieko22b.jpg HTTP/1.1" 200 41674 "-" "Mozilla/5.0 (compatible; AhrefsBot/7.0; +http://ahrefs.com/robot/)" "www.ysfine.com"
51.222.253.5 - - [09/Jan/2023:13:29:18 -0800] "GET /world/france/eiffel05b.jpg HTTP/1.1" 200 26314 "-" "Mozilla/5.0 (compatible; AhrefsBot/7.0; +http://ahrefs.com/robot/)" "www.ysfine.com"
51.222.253.10 - - [09/Jan/2023:13:29:19 -0800] "GET /style/chulmo2.jpg HTTP/1.1" 200 49387 "-" "Mozilla/5.0 (compatible; AhrefsBot/7.0; +http://ahrefs.com/robot/)" "www.ysfine.com"
51.222.253.20 - - [09/Jan/2023:13:29:19 -0800] "GET /style/owaves2.jpg HTTP/1.1" 200 55324 "-" "Mozilla/5.0 (compatible; AhrefsBot/7.0; +http://ahrefs.com/robot/)" "www.ysfine.com"
51.222.253.11 - - [09/Jan/2023:13:29:19 -0800] "GET /usca/calif/sanfr021b.jpg HTTP/1.1" 200 47196 "-" "Mozilla/5.0 (compatible; AhrefsBot/7.0; +http://ahrefs.com/robot/)" "www.ysfine.com"
51.222.253.2 - - [09/Jan/2023:13:29:20 -0800] "GET /style/hibari11b.jpg HTTP/1.1" 200 35625 "-" "Mozilla/5.0 (compatible; AhrefsBot/7.0; +http://ahrefs.com/robot/)" "www.ysfine.com"
51.222.253.13 - - [09/Jan/2023:13:29:20 -0800] "GET /style/yamato2.jpg HTTP/1.1" 200 33922 "-" "Mozilla/5.0 (compatible; AhrefsBot/7.0; +http://ahrefs.com/robot/)" "www.ysfine.com"
51.222.253.19 - - [09/Jan/2023:13:29:21 -0800] "GET /style/vienopera22b.jpg HTTP/1.1" 200 52023 "-" "Mozilla/5.0 (compatible; AhrefsBot/7.0; +http://ahrefs.com/robot/)" "www.ysfine.com"
51.222.253.3 - - [09/Jan/2023:13:29:22 -0800] "GET /kobak/kimkoo01b.jpg HTTP/1.1" 200 35261 "-" "Mozilla/5.0 (compatible; AhrefsBot/7.0; +http://ahrefs.com/robot/)" "www.ysfine.com"
51.222.253.11 - - [09/Jan/2023:13:29:22 -0800] "GET /style/jpchildren2.jpg HTTP/1.1" 200 46718 "-" "Mozilla/5.0 (compatible; AhrefsBot/7.0; +http://ahrefs.com/robot/)" "www.ysfine.com"
51.222.253.6 - - [09/Jan/2023:13:29:22 -0800] "GET /style/xiangran33b.jpg HTTP/1.1" 200 26488 "-" "Mozilla/5.0 (compatible; AhrefsBot/7.0; +http://ahrefs.com/robot/)" "www.ysfine.com"
51.222.253.11 - - [09/Jan/2023:13:29:23 -0800] "GET /kobak/105mm2.jpg HTTP/1.1" 200 54167 "-" "Mozilla/5.0 (compatible; AhrefsBot/7.0; +http://ahrefs.com/robot/)" "www.ysfine.com"
51.222.253.14 - - [09/Jan/2023:13:29:23 -0800] "GET /world/germany/berlin005b.jpg HTTP/1.1" 200 31205 "-" "Mozilla/5.0 (compatible; AhrefsBot/7.0; +http://ahrefs.com/robot/)" "www.ysfine.com"
51.222.253.20 - - [09/Jan/2023:13:29:24 -0800] "GET /style/akiko2.jpg HTTP/1.1" 200 50482 "-" "Mozilla/5.0 (compatible; AhrefsBot/7.0; +http://ahrefs.com/robot/)" "www.ysfine.com"
51.222.253.11 - - [09/Jan/2023:13:29:24 -0800] "GET /style/durbin2.jpg HTTP/1.1" 200 34965 "-" "Mozilla/5.0 (compatible; AhrefsBot/7.0; +http://ahrefs.com/robot/)" "www.ysfine.com"
51.222.253.18 - - [09/Jan/2023:13:29:24 -0800] "GET /style/chopingr11b.jpg HTTP/1.1" 200 68030 "-" "Mozilla/5.0 (compatible; AhrefsBot/7.0; +http://ahrefs.com/robot/)" "www.ysfine.com"
51.222.253.15 - - [09/Jan/2023:13:29:25 -0800] "GET /world/germany/schonbr03b.jpg HTTP/1.1" 200 46623 "-" "Mozilla/5.0 (compatible; AhrefsBot/7.0; +http://ahrefs.com/robot/)" "www.ysfine.com"
51.222.253.11 - - [09/Jan/2023:13:29:25 -0800] "GET /beau/aline/ana11b.jpg HTTP/1.1" 404 88 "-" "Mozilla/5.0 (compatible; AhrefsBot/7.0; +http://ahrefs.com/robot/)" "www.ysfine.com"
51.222.253.7 - - [09/Jan/2023:13:29:26 -0800] "GET /maga/invent/joak11b.jpg HTTP/1.1" 200 40558 "-" "Mozilla/5.0 (compatible; AhrefsBot/7.0; +http://ahrefs.com/robot/)" "www.ysfine.com"
51.222.253.1 - - [09/Jan/2023:13:29:26 -0800] "GET /style/fujiyama2.jpg HTTP/1.1" 200 47368 "-" "Mozilla/5.0 (compatible; AhrefsBot/7.0; +http://ahrefs.com/robot/)" "www.ysfine.com"
51.222.253.8 - - [09/Jan/2023:13:29:26 -0800] "GET /style/xiangran22b.jpg HTTP/1.1" 200 56332 "-" "Mozilla/5.0 (compatible; AhrefsBot/7.0; +http://ahrefs.com/robot/)" "www.ysfine.com"
51.222.253.6 - - [09/Jan/2023:13:29:27 -0800] "GET /style/hibari22b.jpg HTTP/1.1" 200 39644 "-" "Mozilla/5.0 (compatible; AhrefsBot/7.0; +http://ahrefs.com/robot/)" "www.ysfine.com"
51.222.253.7 - - [09/Jan/2023:13:29:27 -0800] "GET /world/russ/ihousem22b.jpg HTTP/1.1" 404 88 "-" "Mozilla/5.0 (compatible; AhrefsBot/7.0; +http://ahrefs.com/robot/)" "www.ysfine.com"
51.222.253.19 - - [09/Jan/2023:13:29:28 -0800] "GET /world/germany/hofbrau33b.jpg HTTP/1.1" 200 51219 "-" "Mozilla/5.0 (compatible; AhrefsBot/7.0; +http://ahrefs.com/robot/)" "www.ysfine.com"
51.222.253.5 - - [09/Jan/2023:13:29:28 -0800] "GET /style/nijubasi22b.jpg HTTP/1.1" 200 44289 "-" "Mozilla/5.0 (compatible; AhrefsBot/7.0; +http://ahrefs.com/robot/)" "www.ysfine.com"
51.222.253.14 - - [09/Jan/2023:13:29:29 -0800] "GET /world/russ/spbm07b.jpg HTTP/1.1" 200 42946 "-" "Mozilla/5.0 (compatible; AhrefsBot/7.0; +http://ahrefs.com/robot/)" "www.ysfine.com"
71.178.208.102 - - [09/Jan/2023:13:29:32 -0800] "GET /bio54.html HTTP/1.1" 304 - "https://ysfine.com/ys11/" "Mozilla/5.0 (Windows NT 10.0; Win64; x64) AppleWebKit/537.36 (KHTML, like Gecko) Chrome/108.0.0.0 Safari/537.36" "ysfine.com"
71.178.208.102 - - [09/Jan/2023:13:29:32 -0800] "GET /class54/kewa54d.jpg HTTP/1.1" 404 88 "https://ysfine.com/bio54.html" "Mozilla/5.0 (Windows NT 10.0; Win64; x64) AppleWebKit/537.36 (KHTML, like Gecko) Chrome/108.0.0.0 Safari/537.36" "ysfine.com"
51.222.253.18 - - [09/Jan/2023:13:29:33 -0800] "GET /world/ital/lascala05b.jpg HTTP/1.1" 200 35719 "-" "Mozilla/5.0 (compatible; AhrefsBot/7.0; +http://ahrefs.com/robot/)" "www.ysfine.com"
51.222.253.8 - - [09/Jan/2023:13:29:34 -0800] "GET /style/mieko11b.jpg HTTP/1.1" 200 53779 "-" "Mozilla/5.0 (compatible; AhrefsBot/7.0; +http://ahrefs.com/robot/)" "www.ysfine.com"
40.77.167.17 - - [09/Jan/2023:13:29:57 -0800] "GET /bio/einstein/bern.html HTTP/1.1" 404 88 "-" "Mozilla/5.0 (compatible; bingbot/2.0; +http://www.bing.com/bingbot.htm)" "ysfine.com"
72.85.193.227 - - [09/Jan/2023:13:30:01 -0800] "GET /kowar/war53.html HTTP/1.1" 200 6652 "https://www.google.com/" "Mozilla/5.0 (Macintosh; Intel Mac OS X 10_15_7) AppleWebKit/537.36 (KHTML, like Gecko) Chrome/108.0.0.0 Safari/537.36" "ysfine.com"
72.85.193.227 - - [09/Jan/2023:13:30:02 -0800] "GET /kowar/photos/eisenhower22b.jpg HTTP/1.1" 200 43010 "https://ysfine.com/kowar/war53.html" "Mozilla/5.0 (Macintosh; Intel Mac OS X 10_15_7) AppleWebKit/537.36 (KHTML, like Gecko) Chrome/108.0.0.0 Safari/537.36" "ysfine.com"
72.85.193.227 - - [09/Jan/2023:13:30:02 -0800] "GET /kobak/sohnwi01b.jpg HTTP/1.1" 200 35047 "https://ysfine.com/kowar/war53.html" "Mozilla/5.0 (Macintosh; Intel Mac OS X 10_15_7) AppleWebKit/537.36 (KHTML, like Gecko) Chrome/108.0.0.0 Safari/537.36" "ysfine.com"
72.85.193.227 - - [09/Jan/2023:13:30:02 -0800] "GET /kowar/paiksy01b.jpg HTTP/1.1" 200 54700 "https://ysfine.com/kowar/war53.html" "Mozilla/5.0 (Macintosh; Intel Mac OS X 10_15_7) AppleWebKit/537.36 (KHTML, like Gecko) Chrome/108.0.0.0 Safari/537.36" "ysfine.com"
72.85.193.227 - - [09/Jan/2023:13:30:02 -0800] "GET /kobak/draftreg33b.jpg HTTP/1.1" 200 39377 "https://ysfine.com/kowar/war53.html" "Mozilla/5.0 (Macintosh; Intel Mac OS X 10_15_7) AppleWebKit/537.36 (KHTML, like Gecko) Chrome/108.0.0.0 Safari/537.36" "ysfine.com"
72.85.193.227 - - [09/Jan/2023:13:30:02 -0800] "GET /kowar/panmun02b.jpg HTTP/1.1" 200 51595 "https://ysfine.com/kowar/war53.html" "Mozilla/5.0 (Macintosh; Intel Mac OS X 10_15_7) AppleWebKit/537.36 (KHTML, like Gecko) Chrome/108.0.0.0 Safari/537.36" "ysfine.com"
72.85.193.227 - - [09/Jan/2023:13:30:02 -0800] "GET /kobak/underw12b.jpg HTTP/1.1" 200 42070 "https://ysfine.com/kowar/war53.html" "Mozilla/5.0 (Macintosh; Intel Mac OS X 10_15_7) AppleWebKit/537.36 (KHTML, like Gecko) Chrome/108.0.0.0 Safari/537.36" "ysfine.com"
72.85.193.227 - - [09/Jan/2023:13:30:02 -0800] "GET /kobak/somap38b.jpg HTTP/1.1" 200 54149 "https://ysfine.com/kowar/war53.html" "Mozilla/5.0 (Macintosh; Intel Mac OS X 10_15_7) AppleWebKit/537.36 (KHTML, like Gecko) Chrome/108.0.0.0 Safari/537.36" "ysfine.com"
72.85.193.227 - - [09/Jan/2023:13:30:02 -0800] "GET /kowar/kimis53b.jpg HTTP/1.1" 200 44376 "https://ysfine.com/kowar/war53.html" "Mozilla/5.0 (Macintosh; Intel Mac OS X 10_15_7) AppleWebKit/537.36 (KHTML, like Gecko) Chrome/108.0.0.0 Safari/537.36" "ysfine.com"
72.85.193.227 - - [09/Jan/2023:13:30:02 -0800] "GET /kobak/kumipo01b.jpg HTTP/1.1" 200 32923 "https://ysfine.com/kowar/war53.html" "Mozilla/5.0 (Macintosh; Intel Mac OS X 10_15_7) AppleWebKit/537.36 (KHTML, like Gecko) Chrome/108.0.0.0 Safari/537.36" "ysfine.com"
72.85.193.227 - - [09/Jan/2023:13:30:02 -0800] "GET /kobak/rhee12b.jpg HTTP/1.1" 200 49113 "https://ysfine.com/kowar/war53.html" "Mozilla/5.0 (Macintosh; Intel Mac OS X 10_15_7) AppleWebKit/537.36 (KHTML, like Gecko) Chrome/108.0.0.0 Safari/537.36" "ysfine.com"
72.85.193.227 - - [09/Jan/2023:13:30:02 -0800] "GET /kowar/tanks/b36bomber11b.jpg HTTP/1.1" 200 25249 "https://ysfine.com/kowar/war53.html" "Mozilla/5.0 (Macintosh; Intel Mac OS X 10_15_7) AppleWebKit/537.36 (KHTML, like Gecko) Chrome/108.0.0.0 Safari/537.36" "ysfine.com"
72.85.193.227 - - [09/Jan/2023:13:30:02 -0800] "GET /kobak/underw06b.jpg HTTP/1.1" 200 51332 "https://ysfine.com/kowar/war53.html" "Mozilla/5.0 (Macintosh; Intel Mac OS X 10_15_7) AppleWebKit/537.36 (KHTML, like Gecko) Chrome/108.0.0.0 Safari/537.36" "ysfine.com"
72.85.193.227 - - [09/Jan/2023:13:30:02 -0800] "GET /kobak/nll01b.jpg HTTP/1.1" 200 30471 "https://ysfine.com/kowar/war53.html" "Mozilla/5.0 (Macintosh; Intel Mac OS X 10_15_7) AppleWebKit/537.36 (KHTML, like Gecko) Chrome/108.0.0.0 Safari/537.36" "ysfine.com"
72.85.193.227 - - [09/Jan/2023:13:30:02 -0800] "GET /kowar/panmun01b.jpg HTTP/1.1" 200 35620 "https://ysfine.com/kowar/war53.html" "Mozilla/5.0 (Macintosh; Intel Mac OS X 10_15_7) AppleWebKit/537.36 (KHTML, like Gecko) Chrome/108.0.0.0 Safari/537.36" "ysfine.com"
72.85.193.227 - - [09/Jan/2023:13:30:05 -0800] "GET /favicon.ico HTTP/1.1" 404 88 "https://ysfine.com/kowar/war53.html" "Mozilla/5.0 (Macintosh; Intel Mac OS X 10_15_7) AppleWebKit/537.36 (KHTML, like Gecko) Chrome/108.0.0.0 Safari/537.36" "ysfine.com"
69.80.134.233 - - [09/Jan/2023:13:30:12 -0800] "GET /princeton/alexan11.jpg HTTP/1.1" 200 118946 "https://www.google.com/" "Mozilla/5.0 (iPhone; CPU iPhone OS 16_0_2 like Mac OS X) AppleWebKit/605.1.15 (KHTML, like Gecko) Version/16.0 Mobile/15E148 Safari/604.1" "ysfine.com"
69.80.134.233 - - [09/Jan/2023:13:30:12 -0800] "GET /princeton/campus.html HTTP/1.1" 200 15142 "https://www.google.com/" "Mozilla/5.0 (iPhone; CPU iPhone OS 16_0_2 like Mac OS X) AppleWebKit/605.1.15 (KHTML, like Gecko) Version/16.0 Mobile/15E148 Safari/604.1" "ysfine.com"
