46.212.137.139 - - [09/Jan/2023:06:13:14 -0800] "GET /dirac/dirac84b.jpg HTTP/1.1" 200 42763 "https://ysfine.com/dirac/diracsq22.html" "Mozilla/5.0 (Windows NT 10.0; Win64; x64) AppleWebKit/537.36 (KHTML, like Gecko) Chrome/108.0.0.0 Safari/537.36" "ysfine.com"
46.212.137.139 - - [09/Jan/2023:06:13:14 -0800] "GET /maga/phys/maxwell55b.jpg HTTP/1.1" 200 36378 "https://ysfine.com/dirac/diracsq22.html" "Mozilla/5.0 (Windows NT 10.0; Win64; x64) AppleWebKit/537.36 (KHTML, like Gecko) Chrome/108.0.0.0 Safari/537.36" "ysfine.com"
46.212.137.139 - - [09/Jan/2023:06:13:14 -0800] "GET /dirac/dirwig33b.jpg HTTP/1.1" 200 11663 "https://ysfine.com/dirac/diracsq22.html" "Mozilla/5.0 (Windows NT 10.0; Win64; x64) AppleWebKit/537.36 (KHTML, like Gecko) Chrome/108.0.0.0 Safari/537.36" "ysfine.com"
46.212.137.139 - - [09/Jan/2023:06:13:14 -0800] "GET /dirac/yukadirac55b.jpg HTTP/1.1" 200 41758 "https://ysfine.com/dirac/diracsq22.html" "Mozilla/5.0 (Windows NT 10.0; Win64; x64) AppleWebKit/537.36 (KHTML, like Gecko) Chrome/108.0.0.0 Safari/537.36" "ysfine.com"
46.212.137.139 - - [09/Jan/2023:06:13:14 -0800] "GET /kobak/nicodem22b.jpg HTTP/1.1" 200 37078 "https://ysfine.com/dirac/diracsq22.html" "Mozilla/5.0 (Windows NT 10.0; Win64; x64) AppleWebKit/537.36 (KHTML, like Gecko) Chrome/108.0.0.0 Safari/537.36" "ysfine.com"
46.212.137.139 - - [09/Jan/2023:06:13:14 -0800] "GET /dirac/yukadirac53b.jpg HTTP/1.1" 200 46220 "https://ysfine.com/dirac/diracsq22.html" "Mozilla/5.0 (Windows NT 10.0; Win64; x64) AppleWebKit/537.36 (KHTML, like Gecko) Chrome/108.0.0.0 Safari/537.36" "ysfine.com"
46.212.137.139 - - [09/Jan/2023:06:13:14 -0800] "GET /dirac/pspace33b.jpg HTTP/1.1" 200 54758 "https://ysfine.com/dirac/diracsq22.html" "Mozilla/5.0 (Windows NT 10.0; Win64; x64) AppleWebKit/537.36 (KHTML, like Gecko) Chrome/108.0.0.0 Safari/537.36" "ysfine.com"
46.212.137.139 - - [09/Jan/2023:06:13:14 -0800] "GET /dirac/dirac44b.jpg HTTP/1.1" 200 36136 "https://ysfine.com/dirac/diracsq22.html" "Mozilla/5.0 (Windows NT 10.0; Win64; x64) AppleWebKit/537.36 (KHTML, like Gecko) Chrome/108.0.0.0 Safari/537.36" "ysfine.com"
46.212.137.139 - - [09/Jan/2023:06:13:14 -0800] "GET /feynman/feydirac270.jpg HTTP/1.1" 200 59000 "https://ysfine.com/dirac/diracsq22.html" "Mozilla/5.0 (Windows NT 10.0; Win64; x64) AppleWebKit/537.36 (KHTML, like Gecko) Chrome/108.0.0.0 Safari/537.36" "ysfine.com"
46.212.137.139 - - [09/Jan/2023:06:13:14 -0800] "GET /maga/phys/pauli01b.jpg HTTP/1.1" 200 39444 "https://ysfine.com/dirac/diracsq22.html" "Mozilla/5.0 (Windows NT 10.0; Win64; x64) AppleWebKit/537.36 (KHTML, like Gecko) Chrome/108.0.0.0 Safari/537.36" "ysfine.com"
46.212.137.139 - - [09/Jan/2023:06:13:14 -0800] "GET /world/france/metz51b.jpg HTTP/1.1" 200 49138 "https://ysfine.com/dirac/diracsq22.html" "Mozilla/5.0 (Windows NT 10.0; Win64; x64) AppleWebKit/537.36 (KHTML, like Gecko) Chrome/108.0.0.0 Safari/537.36" "ysfine.com"
46.212.137.139 - - [09/Jan/2023:06:13:14 -0800] "GET /dirac/michelan01b.jpg HTTP/1.1" 200 50306 "https://ysfine.com/dirac/diracsq22.html" "Mozilla/5.0 (Windows NT 10.0; Win64; x64) AppleWebKit/537.36 (KHTML, like Gecko) Chrome/108.0.0.0 Safari/537.36" "ysfine.com"
46.212.137.139 - - [09/Jan/2023:06:13:14 -0800] "GET /dirac/rectangle01b.jpg HTTP/1.1" 200 46417 "https://ysfine.com/dirac/diracsq22.html" "Mozilla/5.0 (Windows NT 10.0; Win64; x64) AppleWebKit/537.36 (KHTML, like Gecko) Chrome/108.0.0.0 Safari/537.36" "ysfine.com"
66.249.70.4 - - [09/Jan/2023:06:13:17 -0800] "GET /robots.txt HTTP/1.1" 404 88 "-" "Mozilla/5.0 (compatible; Googlebot/2.1; +http://www.google.com/bot.html)" "ysfine.com"
207.46.13.31 - - [09/Jan/2023:06:13:35 -0800] "GET /beau/amkor/amstu04.jpg HTTP/1.1" 404 88 "-" "Mozilla/5.0 (compatible; bingbot/2.0; +http://www.bing.com/bingbot.htm)" "ysfine.com"
51.222.253.14 - - [09/Jan/2023:06:14:34 -0800] "GET /home/harmoarchi.html HTTP/1.1" 200 3686 "-" "Mozilla/5.0 (compatible; AhrefsBot/7.0; +http://ahrefs.com/robot/)" "ysfine.com"
51.222.253.17 - - [09/Jan/2023:06:14:36 -0800] "GET /world/ital/vicenza04b.jpg HTTP/1.1" 200 45148 "-" "Mozilla/5.0 (compatible; AhrefsBot/7.0; +http://ahrefs.com/robot/)" "ysfine.com"
51.222.253.14 - - [09/Jan/2023:06:14:36 -0800] "GET /style/venus11a.jpg HTTP/1.1" 200 76598 "-" "Mozilla/5.0 (compatible; AhrefsBot/7.0; +http://ahrefs.com/robot/)" "ysfine.com"
51.222.253.20 - - [09/Jan/2023:06:14:42 -0800] "GET /home/hyperell33b.jpg HTTP/1.1" 200 28132 "-" "Mozilla/5.0 (compatible; AhrefsBot/7.0; +http://ahrefs.com/robot/)" "ysfine.com"
40.77.167.81 - - [09/Jan/2023:06:14:58 -0800] "GET /kowar/gi002b.jpg HTTP/1.1" 200 42820 "-" "Mozilla/5.0 AppleWebKit/537.36 (KHTML, like Gecko; compatible; bingbot/2.0; +http://www.bing.com/bingbot.htm) Chrome/103.0.5060.134 Safari/537.36" "www.ysfine.com"
216.244.66.229 - - [09/Jan/2023:06:15:22 -0800] "GET /ffriends/mongo07.jpg HTTP/1.1" 200 87751 "-" "Mozilla/5.0 (compatible; DotBot/1.2; +https://opensiteexplorer.org/dotbot; help@moz.com)" "www.ysfine.com"
216.244.66.229 - - [09/Jan/2023:06:15:27 -0800] "GET /ffriends/aline/lufthan03.jpg HTTP/1.1" 200 99856 "-" "Mozilla/5.0 (compatible; DotBot/1.2; +https://opensiteexplorer.org/dotbot; help@moz.com)" "www.ysfine.com"
216.244.66.229 - - [09/Jan/2023:06:16:19 -0800] "GET /ffriends/aline/british07.jpg HTTP/1.1" 200 179394 "-" "Mozilla/5.0 (compatible; DotBot/1.2; +https://opensiteexplorer.org/dotbot; help@moz.com)" "www.ysfine.com"
95.163.255.62 - - [09/Jan/2023:06:18:58 -0800] "GET /robots.txt HTTP/1.1" 404 73 "-" "Mozilla/5.0 (compatible; Linux x86_64; Mail.RU_Bot/2.0; +https://help.mail.ru/webmaster/indexing/robots)" "ysfine.com"
95.163.255.64 - - [09/Jan/2023:06:19:00 -0800] "GET /einstein/further.jpg HTTP/1.1" 404 88 "-" "Mozilla/5.0 (compatible; Linux x86_64; Mail.RU_Bot/2.0; +https://help.mail.ru/webmaster/indexing/robots)" "ysfine.com"
40.77.167.81 - - [09/Jan/2023:06:19:27 -0800] "GET /world/poland/gdnu52b.jpg HTTP/1.1" 200 44288 "-" "Mozilla/5.0 AppleWebKit/537.36 (KHTML, like Gecko; compatible; bingbot/2.0; +http://www.bing.com/bingbot.htm) Chrome/103.0.5060.134 Safari/537.36" "ysfine.com"
157.55.39.86 - - [09/Jan/2023:06:19:32 -0800] "GET /beau/horsetrader01.jpg HTTP/1.1" 404 88 "-" "Mozilla/5.0 (compatible; bingbot/2.0; +http://www.bing.com/bingbot.htm)" "ysfine.com"
40.77.167.49 - - [09/Jan/2023:06:19:58 -0800] "GET /newyork/ HTTP/1.1" 200 132 "-" "Mozilla/5.0 (compatible; bingbot/2.0; +http://www.bing.com/bingbot.htm)" "ysfine.com"
207.46.13.176 - - [09/Jan/2023:06:20:07 -0800] "GET /bio/kobak/soraech.html HTTP/1.1" 404 88 "-" "Mozilla/5.0 (compatible; bingbot/2.0; +http://www.bing.com/bingbot.htm)" "ysfine.com"
157.55.39.86 - - [09/Jan/2023:06:21:40 -0800] "GET /bio/style/proschanie.html HTTP/1.1" 404 88 "-" "Mozilla/5.0 AppleWebKit/537.36 (KHTML, like Gecko; compatible; bingbot/2.0; +http://www.bing.com/bingbot.htm) Chrome/103.0.5060.134 Safari/537.36" "ysfine.com"
71.178.208.102 - - [09/Jan/2023:06:21:56 -0800] "GET /ys11/ HTTP/1.1" 304 - "-" "Mozilla/5.0 (Windows NT 10.0; Win64; x64) AppleWebKit/537.36 (KHTML, like Gecko) Chrome/108.0.5359.125 Safari/537.36" "ysfine.com"
138.3.245.161 - - [09/Jan/2023:06:22:21 -0800] "GET /home/top21d.jpg HTTP/1.1" 200 74409 "http://ysfine.com/home/top21d.jpg" "-" "ysfine.com"
138.3.245.161 - - [09/Jan/2023:06:22:29 -0800] "GET /home/eink450.jpg HTTP/1.1" 200 66794 "http://ysfine.com/home/eink450.jpg" "-" "ysfine.com"
138.3.245.161 - - [09/Jan/2023:06:22:32 -0800] "GET /home/facu450.jpg HTTP/1.1" 200 74535 "http://ysfine.com/home/facu450.jpg" "-" "ysfine.com"
138.3.245.161 - - [09/Jan/2023:06:22:35 -0800] "GET /home/goodbad450.jpg HTTP/1.1" 200 32258 "http://ysfine.com/home/goodbad450.jpg" "-" "ysfine.com"
138.3.245.161 - - [09/Jan/2023:06:22:37 -0800] "GET /home/truck450.jpg HTTP/1.1" 200 42871 "http://ysfine.com/home/truck450.jpg" "-" "ysfine.com"
138.3.245.161 - - [09/Jan/2023:06:22:39 -0800] "GET /eink/ewk86f.jpg HTTP/1.1" 200 122173 "http://ysfine.com/eink/ewk86f.jpg" "-" "ysfine.com"
138.3.245.161 - - [09/Jan/2023:06:22:41 -0800] "GET /home/washmo23d.jpg HTTP/1.1" 200 32142 "http://ysfine.com/home/washmo23d.jpg" "-" "ysfine.com"
138.3.245.161 - - [09/Jan/2023:06:22:42 -0800] "GET /home/eindc03d.jpg HTTP/1.1" 200 95860 "http://ysfine.com/home/eindc03d.jpg" "-" "ysfine.com"
138.3.245.161 - - [09/Jan/2023:06:22:44 -0800] "GET /home/1987pr22d.jpg HTTP/1.1" 200 66428 "http://ysfine.com/home/1987pr22d.jpg" "-" "ysfine.com"
138.3.245.161 - - [09/Jan/2023:06:22:45 -0800] "GET /eink/einhaus11c.jpg HTTP/1.1" 200 42522 "http://ysfine.com/eink/einhaus11c.jpg" "-" "ysfine.com"
138.3.245.161 - - [09/Jan/2023:06:22:46 -0800] "GET /eink/einhaus33c.jpg HTTP/1.1" 200 23792 "http://ysfine.com/eink/einhaus33c.jpg" "-" "ysfine.com"
138.3.245.161 - - [09/Jan/2023:06:22:47 -0800] "GET /home/taylor500.jpg HTTP/1.1" 200 79197 "http://ysfine.com/home/taylor500.jpg" "-" "ysfine.com"
40.77.167.49 - - [09/Jan/2023:06:23:01 -0800] "GET /bio/style/ystyle.html HTTP/1.1" 404 88 "-" "Mozilla/5.0 AppleWebKit/537.36 (KHTML, like Gecko; compatible; bingbot/2.0; +http://www.bing.com/bingbot.htm) Chrome/103.0.5060.134 Safari/537.36" "ysfine.com"
51.104.146.235 - - [09/Jan/2023:06:23:13 -0800] "GET /world/baltic/kalinhouse.jpg HTTP/1.1" 200 128792 "-" "DuckDuckBot/1.1; (+http://duckduckgo.com/duckduckbot.html)" "ysfine.com"
40.77.167.81 - - [09/Jan/2023:06:23:18 -0800] "GET /bio/wigner/wigpoinc.html HTTP/1.1" 404 88 "-" "Mozilla/5.0 (compatible; bingbot/2.0; +http://www.bing.com/bingbot.htm)" "ysfine.com"
168.119.255.53 - - [09/Jan/2023:06:23:25 -0800] "GET /world/poland/degalle22b.jpg HTTP/1.1" 200 39323 "-" "Mozilla/5.0 (X11; Fedora; Linux x86_64) AppleWebKit/537.36 (KHTML, like Gecko) Chrome/79.0.3945.117 Safari/537.36" "ysfine.com"
40.77.167.49 - - [09/Jan/2023:06:24:09 -0800] "GET /world/polandp.html HTTP/1.1" 200 5411 "-" "Mozilla/5.0 AppleWebKit/537.36 (KHTML, like Gecko; compatible; bingbot/2.0; +http://www.bing.com/bingbot.htm) Chrome/103.0.5060.134 Safari/537.36" "ysfine.com"
17.241.219.39 - - [09/Jan/2023:06:24:29 -0800] "GET /einstein/evol.html HTTP/1.1" 200 3830 "-" "Mozilla/5.0 (Macintosh; Intel Mac OS X 10_15_5) AppleWebKit/605.1.15 (KHTML, like Gecko) Version/13.1.1 Safari/605.1.15 (Applebot/0.1; +http://www.apple.com/go/applebot)" "ysfine.com"
49.37.214.249 - - [09/Jan/2023:06:25:11 -0800] "GET /maga/histo/desiree22.jpg HTTP/1.1" 200 113561 "https://www.google.com/" "Mozilla/5.0 (Windows NT 10.0; Win64; x64) AppleWebKit/537.36 (KHTML, like Gecko) Chrome/107.0.0.0 Safari/537.36" "ysfine.com"
207.46.13.176 - - [09/Jan/2023:06:26:28 -0800] "GET /bio/optics.html HTTP/1.1" 404 88 "-" "Mozilla/5.0 AppleWebKit/537.36 (KHTML, like Gecko; compatible; bingbot/2.0; +http://www.bing.com/bingbot.htm) Chrome/103.0.5060.134 Safari/537.36" "ysfine.com"
40.77.167.49 - - [09/Jan/2023:06:26:33 -0800] "GET /maga/phys/heisen22.jpg HTTP/1.1" 200 82807 "-" "Mozilla/5.0 (compatible; bingbot/2.0; +http://www.bing.com/bingbot.htm)" "ysfine.com"
51.222.253.9 - - [09/Jan/2023:06:26:38 -0800] "GET /remote/wigner111/frame51.html HTTP/1.1" 200 373 "-" "Mozilla/5.0 (compatible; AhrefsBot/7.0; +http://ahrefs.com/robot/)" "ysfine.com"
51.222.253.14 - - [09/Jan/2023:06:26:39 -0800] "GET /remote/wigner111/kim-51.jpg HTTP/1.1" 200 76174 "-" "Mozilla/5.0 (compatible; AhrefsBot/7.0; +http://ahrefs.com/robot/)" "ysfine.com"
114.119.154.137 - - [09/Jan/2023:06:26:45 -0800] "GET /world/polandk.html HTTP/1.1" 200 5994 "https://ysfine.com/kowar/war00.html" "Mozilla/5.0 (Linux; Android 7.0;) AppleWebKit/537.36 (KHTML, like Gecko) Mobile Safari/537.36 (compatible; PetalBot;+https://webmaster.petalsearch.com/site/petalbot)" "ysfine.com"
40.77.167.17 - - [09/Jan/2023:06:27:07 -0800] "GET /kobak/taylor450.jpg HTTP/1.1" 200 70219 "-" "Mozilla/5.0 AppleWebKit/537.36 (KHTML, like Gecko; compatible; bingbot/2.0; +http://www.bing.com/bingbot.htm) Chrome/103.0.5060.134 Safari/537.36" "ysfine.com"
71.178.208.102 - - [09/Jan/2023:06:27:19 -0800] "GET /ys11/ HTTP/1.1" 304 - "-" "Mozilla/5.0 (Windows NT 10.0; Win64; x64) AppleWebKit/537.36 (KHTML, like Gecko) Chrome/108.0.0.0 Safari/537.36" "ysfine.com"
207.46.13.31 - - [09/Jan/2023:06:27:38 -0800] "GET /wdc/gtown23.jpg HTTP/1.1" 200 105960 "-" "Mozilla/5.0 (compatible; bingbot/2.0; +http://www.bing.com/bingbot.htm)" "www.ysfine.com"
71.178.208.102 - - [09/Jan/2023:06:27:54 -0800] "GET /bio05.html HTTP/1.1" 304 - "https://ysfine.com/ys11/" "Mozilla/5.0 (Windows NT 10.0; Win64; x64) AppleWebKit/537.36 (KHTML, like Gecko) Chrome/108.0.0.0 Safari/537.36" "ysfine.com"
40.77.167.17 - - [09/Jan/2023:06:28:07 -0800] "GET /bio/style/leica.html HTTP/1.1" 404 88 "-" "Mozilla/5.0 AppleWebKit/537.36 (KHTML, like Gecko; compatible; bingbot/2.0; +http://www.bing.com/bingbot.htm) Chrome/103.0.5060.134 Safari/537.36" "ysfine.com"
71.178.208.102 - - [09/Jan/2023:06:28:20 -0800] "GET /bio54.html HTTP/1.1" 304 - "https://ysfine.com/ys11/" "Mozilla/5.0 (Windows NT 10.0; Win64; x64) AppleWebKit/537.36 (KHTML, like Gecko) Chrome/108.0.0.0 Safari/537.36" "ysfine.com"
157.55.39.86 - - [09/Jan/2023:06:28:42 -0800] "GET /bio/dirac/bankers.html HTTP/1.1" 404 88 "-" "Mozilla/5.0 (compatible; bingbot/2.0; +http://www.bing.com/bingbot.htm)" "ysfine.com"
207.46.13.31 - - [09/Jan/2023:06:29:17 -0800] "GET /bio/style/artlove.html HTTP/1.1" 404 88 "-" "Mozilla/5.0 AppleWebKit/537.36 (KHTML, like Gecko; compatible; bingbot/2.0; +http://www.bing.com/bingbot.htm) Chrome/103.0.5060.134 Safari/537.36" "ysfine.com"
40.77.167.81 - - [09/Jan/2023:06:30:59 -0800] "GET /sbk/index.html HTTP/1.1" 200 198 "-" "Mozilla/5.0 AppleWebKit/537.36 (KHTML, like Gecko; compatible; bingbot/2.0; +http://www.bing.com/bingbot.htm) Chrome/103.0.5060.134 Safari/537.36" "www.ysfine.com"
157.55.39.86 - - [09/Jan/2023:06:31:02 -0800] "GET /wigner/gim/gimn13.jpg HTTP/1.1" 200 129305 "-" "Mozilla/5.0 AppleWebKit/537.36 (KHTML, like Gecko; compatible; bingbot/2.0; +http://www.bing.com/bingbot.htm) Chrome/103.0.5060.134 Safari/537.36" "ysfine.com"
207.46.13.31 - - [09/Jan/2023:06:31:38 -0800] "GET /bio/sbk/1950.html HTTP/1.1" 404 88 "-" "Mozilla/5.0 AppleWebKit/537.36 (KHTML, like Gecko; compatible; bingbot/2.0; +http://www.bing.com/bingbot.htm) Chrome/103.0.5060.134 Safari/537.36" "ysfine.com"
71.178.208.102 - - [09/Jan/2023:06:31:57 -0800] "GET /ys11/index.html HTTP/1.1" 304 - "https://www.bing.com/" "Mozilla/5.0 (Windows NT 10.0; Win64; x64; rv:108.0) Gecko/20100101 Firefox/108.0" "www.ysfine.com"
71.178.208.102 - - [09/Jan/2023:06:32:03 -0800] "GET /bio11.html HTTP/1.1" 304 - "https://www.ysfine.com/ys11/index.html" "Mozilla/5.0 (Windows NT 10.0; Win64; x64; rv:108.0) Gecko/20100101 Firefox/108.0" "www.ysfine.com"
71.178.208.102 - - [09/Jan/2023:06:32:03 -0800] "GET /home/ewk86k.jpg HTTP/1.1" 200 103090 "https://www.ysfine.com/bio11.html" "Mozilla/5.0 (Windows NT 10.0; Win64; x64; rv:108.0) Gecko/20100101 Firefox/108.0" "www.ysfine.com"
71.178.208.102 - - [09/Jan/2023:06:32:03 -0800] "GET /world/ital/coloss04c.jpg HTTP/1.1" 200 37017 "https://www.ysfine.com/bio11.html" "Mozilla/5.0 (Windows NT 10.0; Win64; x64; rv:108.0) Gecko/20100101 Firefox/108.0" "www.ysfine.com"
71.178.208.102 - - [09/Jan/2023:06:32:03 -0800] "GET /home/taylor400.jpg HTTP/1.1" 200 56181 "https://www.ysfine.com/bio11.html" "Mozilla/5.0 (Windows NT 10.0; Win64; x64; rv:108.0) Gecko/20100101 Firefox/108.0" "www.ysfine.com"
71.178.208.102 - - [09/Jan/2023:06:32:03 -0800] "GET /world/balkan/ath001c.jpg HTTP/1.1" 200 34419 "https://www.ysfine.com/bio11.html" "Mozilla/5.0 (Windows NT 10.0; Win64; x64; rv:108.0) Gecko/20100101 Firefox/108.0" "www.ysfine.com"
71.178.208.102 - - [09/Jan/2023:06:32:03 -0800] "GET /eink/pawkim19c.jpg HTTP/1.1" 200 53195 "https://www.ysfine.com/bio11.html" "Mozilla/5.0 (Windows NT 10.0; Win64; x64; rv:108.0) Gecko/20100101 Firefox/108.0" "www.ysfine.com"
71.178.208.102 - - [09/Jan/2023:06:32:03 -0800] "GET /world/china/beijing101c.jpg HTTP/1.1" 200 41830 "https://www.ysfine.com/bio11.html" "Mozilla/5.0 (Windows NT 10.0; Win64; x64; rv:108.0) Gecko/20100101 Firefox/108.0" "www.ysfine.com"
72.138.43.146 - - [09/Jan/2023:06:32:10 -0800] "GET /maga/phys/heisen22.jpg HTTP/1.1" 200 82807 "https://ca.images.search.yahoo.com/search/images;_ylt=AwrhSutGJbxj_CY9XcvrFAx.;_ylu=Y29sbwNiZjEEcG9zAzEEdnRpZAMEc2VjA3BpdnM-?p=heisenbergur&fr2=piv-web&type=E211CA105G0&fr=mcafee" "Mozilla/5.0 (X11; CrOS x86_64 14541.0.0) AppleWebKit/537.36 (KHTML, like Gecko) Chrome/108.0.0.0 Safari/537.36" "ysfine.com"
71.178.208.102 - - [09/Jan/2023:06:32:12 -0800] "GET /bio13.html HTTP/1.1" 200 3563 "https://www.ysfine.com/ys11/index.html" "Mozilla/5.0 (Windows NT 10.0; Win64; x64; rv:108.0) Gecko/20100101 Firefox/108.0" "www.ysfine.com"
71.178.208.102 - - [09/Jan/2023:06:32:12 -0800] "GET /home/philo/hegelhaus11c.jpg HTTP/1.1" 200 37063 "https://www.ysfine.com/bio13.html" "Mozilla/5.0 (Windows NT 10.0; Win64; x64; rv:108.0) Gecko/20100101 Firefox/108.0" "www.ysfine.com"
71.178.208.102 - - [09/Jan/2023:06:32:12 -0800] "GET /home/eward11c.jpg HTTP/1.1" 200 48989 "https://www.ysfine.com/bio13.html" "Mozilla/5.0 (Windows NT 10.0; Win64; x64; rv:108.0) Gecko/20100101 Firefox/108.0" "www.ysfine.com"
71.178.208.102 - - [09/Jan/2023:06:32:12 -0800] "GET /figs/keigel66a.jpg HTTP/1.1" 200 46958 "https://www.ysfine.com/bio13.html" "Mozilla/5.0 (Windows NT 10.0; Win64; x64; rv:108.0) Gecko/20100101 Firefox/108.0" "www.ysfine.com"
71.178.208.102 - - [09/Jan/2023:06:32:12 -0800] "GET /home/philo/kant33c.jpg HTTP/1.1" 200 47218 "https://www.ysfine.com/bio13.html" "Mozilla/5.0 (Windows NT 10.0; Win64; x64; rv:108.0) Gecko/20100101 Firefox/108.0" "www.ysfine.com"
71.178.208.102 - - [09/Jan/2023:06:32:12 -0800] "GET /fotos/reagan52c.jpg HTTP/1.1" 200 32391 "https://www.ysfine.com/bio13.html" "Mozilla/5.0 (Windows NT 10.0; Win64; x64; rv:108.0) Gecko/20100101 Firefox/108.0" "www.ysfine.com"
71.178.208.102 - - [09/Jan/2023:06:33:14 -0800] "GET /ys11/ HTTP/1.1" 304 - "-" "Mozilla/5.0 (Windows NT 10.0; Win64; x64) AppleWebKit/537.36 (KHTML, like Gecko) Chrome/108.0.0.0 Safari/537.36" "ysfine.com"
207.46.13.31 - - [09/Jan/2023:06:34:58 -0800] "GET /bio/kobak/yskor.html HTTP/1.1" 404 88 "-" "Mozilla/5.0 (compatible; bingbot/2.0; +http://www.bing.com/bingbot.htm)" "ysfine.com"
207.46.13.176 - - [09/Jan/2023:06:35:09 -0800] "GET /world/russ/kazan096.jpg HTTP/1.1" 200 132910 "-" "Mozilla/5.0 AppleWebKit/537.36 (KHTML, like Gecko; compatible; bingbot/2.0; +http://www.bing.com/bingbot.htm) Chrome/103.0.5060.134 Safari/537.36" "www.ysfine.com"
71.178.208.102 - - [09/Jan/2023:06:35:25 -0800] "GET /awards/index.html HTTP/1.1" 304 - "https://ysfine.com/bio54.html" "Mozilla/5.0 (Windows NT 10.0; Win64; x64) AppleWebKit/537.36 (KHTML, like Gecko) Chrome/108.0.0.0 Safari/537.36" "ysfine.com"
207.46.13.176 - - [09/Jan/2023:06:35:29 -0800] "GET /world/poland/krk15.jpg HTTP/1.1" 200 111741 "-" "Mozilla/5.0 (compatible; bingbot/2.0; +http://www.bing.com/bingbot.htm)" "ysfine.com"
40.77.167.17 - - [09/Jan/2023:06:35:32 -0800] "GET /world/germany/vienna06.jpg HTTP/1.1" 200 110899 "-" "Mozilla/5.0 (compatible; bingbot/2.0; +http://www.bing.com/bingbot.htm)" "ysfine.com"
51.222.253.2 - - [09/Jan/2023:06:35:53 -0800] "GET /home/genea.html HTTP/1.1" 200 2872 "-" "Mozilla/5.0 (compatible; AhrefsBot/7.0; +http://ahrefs.com/robot/)" "ysfine.com"
71.178.208.102 - - [09/Jan/2023:06:37:19 -0800] "GET /home/foto22/oskaf23.jpg HTTP/1.1" 404 88 "https://ysfine.com/bio54.html" "Mozilla/5.0 (Windows NT 10.0; Win64; x64) AppleWebKit/537.36 (KHTML, like Gecko) Chrome/108.0.0.0 Safari/537.36" "ysfine.com"
95.163.255.110 - - [09/Jan/2023:06:37:19 -0800] "GET /robots.txt HTTP/1.1" 404 73 "-" "Mozilla/5.0 (compatible; Linux x86_64; Mail.RU_Bot/Img/2.0; +https://help.mail.ru/webmaster/indexing/robots)" "ysfine.com"
40.77.167.49 - - [09/Jan/2023:06:37:34 -0800] "GET /bio/wigner/e(2).html HTTP/1.1" 404 88 "-" "Mozilla/5.0 (compatible; bingbot/2.0; +http://www.bing.com/bingbot.htm)" "ysfine.com"
71.178.208.102 - - [09/Jan/2023:06:37:40 -0800] "GET /home/foto22/oskaf23.jpg HTTP/1.1" 404 88 "https://ysfine.com/bio54.html" "Mozilla/5.0 (Windows NT 10.0; Win64; x64) AppleWebKit/537.36 (KHTML, like Gecko) Chrome/108.0.0.0 Safari/537.36" "ysfine.com"
207.46.13.176 - - [09/Jan/2023:06:38:39 -0800] "GET /usca/pitt/pittcath03.jpg HTTP/1.1" 200 159550 "-" "Mozilla/5.0 AppleWebKit/537.36 (KHTML, like Gecko; compatible; bingbot/2.0; +http://www.bing.com/bingbot.htm) Chrome/103.0.5060.134 Safari/537.36" "www.ysfine.com"
40.77.167.17 - - [09/Jan/2023:06:39:19 -0800] "GET /bio/einstein/bern.html HTTP/1.1" 404 88 "-" "Mozilla/5.0 AppleWebKit/537.36 (KHTML, like Gecko; compatible; bingbot/2.0; +http://www.bing.com/bingbot.htm) Chrome/103.0.5060.134 Safari/537.36" "ysfine.com"
207.46.13.176 - - [09/Jan/2023:06:40:30 -0800] "GET /bio.html HTTP/1.1" 200 18260 "-" "Mozilla/5.0 (compatible; bingbot/2.0; +http://www.bing.com/bingbot.htm)" "ysfine.com"
95.163.255.80 - - [09/Jan/2023:06:41:04 -0800] "GET /kobak/draftreg44.jpg HTTP/1.1" 200 203593 "http://go.mail.ru/search_images" "Mozilla/5.0 (compatible; Linux x86_64; Mail.RU_Bot/Img/2.0; +https://help.mail.ru/webmaster/indexing/robots)" "ysfine.com"
40.77.167.17 - - [09/Jan/2023:06:41:39 -0800] "GET /bio/dirac/diracpol.html HTTP/1.1" 404 88 "-" "Mozilla/5.0 (compatible; bingbot/2.0; +http://www.bing.com/bingbot.htm)" "ysfine.com"
40.77.167.17 - - [09/Jan/2023:06:42:28 -0800] "GET /bio17.html HTTP/1.1" 200 10820 "-" "Mozilla/5.0 AppleWebKit/537.36 (KHTML, like Gecko; compatible; bingbot/2.0; +http://www.bing.com/bingbot.htm) Chrome/103.0.5060.134 Safari/537.36" "ysfine.com"
40.77.167.17 - - [09/Jan/2023:06:42:28 -0800] "GET /world/israel/armen10.jpg HTTP/1.1" 200 80995 "-" "Mozilla/5.0 (compatible; bingbot/2.0; +http://www.bing.com/bingbot.htm)" "ysfine.com"
207.46.13.176 - - [09/Jan/2023:06:42:33 -0800] "GET /bio/eink/buythisbook.html HTTP/1.1" 404 88 "-" "Mozilla/5.0 (compatible; bingbot/2.0; +http://www.bing.com/bingbot.htm)" "ysfine.com"
195.33.118.100 - - [09/Jan/2023:06:42:33 -0800] "GET /world/france/sorbonne21.jpg HTTP/1.1" 200 78323 "https://www.bing.com/" "Mozilla/5.0 (Windows NT 10.0; Win64; x64) AppleWebKit/537.36 (KHTML, like Gecko) Chrome/108.0.0.0 Safari/537.36 Edg/108.0.1462.76" "ysfine.com"
71.178.208.102 - - [09/Jan/2023:06:43:20 -0800] "GET /ys11/ HTTP/1.1" 304 - "-" "Mozilla/5.0 (Windows NT 10.0; Win64; x64) AppleWebKit/537.36 (KHTML, like Gecko) Chrome/108.0.0.0 Safari/537.36 Edg/108.0.1462.76" "ysfine.com"
71.178.208.102 - - [09/Jan/2023:06:43:29 -0800] "GET /bio54.html HTTP/1.1" 200 8053 "https://ysfine.com/ys11/" "Mozilla/5.0 (Windows NT 10.0; Win64; x64) AppleWebKit/537.36 (KHTML, like Gecko) Chrome/108.0.0.0 Safari/537.36 Edg/108.0.1462.76" "ysfine.com"
71.178.208.102 - - [09/Jan/2023:06:43:29 -0800] "GET /fotos/package11f.jpg HTTP/1.1" 200 60942 "https://ysfine.com/bio54.html" "Mozilla/5.0 (Windows NT 10.0; Win64; x64) AppleWebKit/537.36 (KHTML, like Gecko) Chrome/108.0.0.0 Safari/537.36 Edg/108.0.1462.76" "ysfine.com"
71.178.208.102 - - [09/Jan/2023:06:43:29 -0800] "GET /fotos/kazan017d.jpg HTTP/1.1" 200 51055 "https://ysfine.com/bio54.html" "Mozilla/5.0 (Windows NT 10.0; Win64; x64) AppleWebKit/537.36 (KHTML, like Gecko) Chrome/108.0.0.0 Safari/537.36 Edg/108.0.1462.76" "ysfine.com"
71.178.208.102 - - [09/Jan/2023:06:43:29 -0800] "GET /home/fig22/cafe33f.jpg HTTP/1.1" 200 147078 "https://ysfine.com/bio54.html" "Mozilla/5.0 (Windows NT 10.0; Win64; x64) AppleWebKit/537.36 (KHTML, like Gecko) Chrome/108.0.0.0 Safari/537.36 Edg/108.0.1462.76" "ysfine.com"
71.178.208.102 - - [09/Jan/2023:06:43:29 -0800] "GET /kobak/swr51d.jpg HTTP/1.1" 200 49461 "https://ysfine.com/bio54.html" "Mozilla/5.0 (Windows NT 10.0; Win64; x64) AppleWebKit/537.36 (KHTML, like Gecko) Chrome/108.0.0.0 Safari/537.36 Edg/108.0.1462.76" "ysfine.com"
71.178.208.102 - - [09/Jan/2023:06:43:29 -0800] "GET /home/foto22/osakaf23f.jpg HTTP/1.1" 200 138992 "https://ysfine.com/bio54.html" "Mozilla/5.0 (Windows NT 10.0; Win64; x64) AppleWebKit/537.36 (KHTML, like Gecko) Chrome/108.0.0.0 Safari/537.36 Edg/108.0.1462.76" "ysfine.com"
71.178.208.102 - - [09/Jan/2023:06:43:29 -0800] "GET /home/tallm53f.jpg HTTP/1.1" 200 132310 "https://ysfine.com/bio54.html" "Mozilla/5.0 (Windows NT 10.0; Win64; x64) AppleWebKit/537.36 (KHTML, like Gecko) Chrome/108.0.0.0 Safari/537.36 Edg/108.0.1462.76" "ysfine.com"
71.178.208.102 - - [09/Jan/2023:06:43:29 -0800] "GET /fotos/taylor54d.jpg HTTP/1.1" 200 77792 "https://ysfine.com/bio54.html" "Mozilla/5.0 (Windows NT 10.0; Win64; x64) AppleWebKit/537.36 (KHTML, like Gecko) Chrome/108.0.0.0 Safari/537.36 Edg/108.0.1462.76" "ysfine.com"
71.178.208.102 - - [09/Jan/2023:06:43:29 -0800] "GET /home/fig22/busan22d.jpg HTTP/1.1" 200 35419 "https://ysfine.com/bio54.html" "Mozilla/5.0 (Windows NT 10.0; Win64; x64) AppleWebKit/537.36 (KHTML, like Gecko) Chrome/108.0.0.0 Safari/537.36 Edg/108.0.1462.76" "ysfine.com"
71.178.208.102 - - [09/Jan/2023:06:43:29 -0800] "GET /home/mac05f.jpg HTTP/1.1" 200 98400 "https://ysfine.com/bio54.html" "Mozilla/5.0 (Windows NT 10.0; Win64; x64) AppleWebKit/537.36 (KHTML, like Gecko) Chrome/108.0.0.0 Safari/537.36 Edg/108.0.1462.76" "ysfine.com"
71.178.208.102 - - [09/Jan/2023:06:43:29 -0800] "GET /home/fig22/silvana49d.jpg HTTP/1.1" 200 49427 "https://ysfine.com/bio54.html" "Mozilla/5.0 (Windows NT 10.0; Win64; x64) AppleWebKit/537.36 (KHTML, like Gecko) Chrome/108.0.0.0 Safari/537.36 Edg/108.0.1462.76" "ysfine.com"
71.178.208.102 - - [09/Jan/2023:06:43:29 -0800] "GET /home/fig22/acs96f.jpg HTTP/1.1" 200 118636 "https://ysfine.com/bio54.html" "Mozilla/5.0 (Windows NT 10.0; Win64; x64) AppleWebKit/537.36 (KHTML, like Gecko) Chrome/108.0.0.0 Safari/537.36 Edg/108.0.1462.76" "ysfine.com"
71.178.208.102 - - [09/Jan/2023:06:43:29 -0800] "GET /home/fig22/acs22f.jpg HTTP/1.1" 200 107067 "https://ysfine.com/bio54.html" "Mozilla/5.0 (Windows NT 10.0; Win64; x64) AppleWebKit/537.36 (KHTML, like Gecko) Chrome/108.0.0.0 Safari/537.36 Edg/108.0.1462.76" "ysfine.com"
71.178.208.102 - - [09/Jan/2023:06:43:29 -0800] "GET /home/fig22/ys53d.jpg HTTP/1.1" 200 47161 "https://ysfine.com/bio54.html" "Mozilla/5.0 (Windows NT 10.0; Win64; x64) AppleWebKit/537.36 (KHTML, like Gecko) Chrome/108.0.0.0 Safari/537.36 Edg/108.0.1462.76" "ysfine.com"
71.178.208.102 - - [09/Jan/2023:06:43:29 -0800] "GET /home/fotos/tank03d.jpg HTTP/1.1" 200 73123 "https://ysfine.com/bio54.html" "Mozilla/5.0 (Windows NT 10.0; Win64; x64) AppleWebKit/537.36 (KHTML, like Gecko) Chrome/108.0.0.0 Safari/537.36 Edg/108.0.1462.76" "ysfine.com"
71.178.208.102 - - [09/Jan/2023:06:43:29 -0800] "GET /home/fotos/flor14d.jpg HTTP/1.1" 200 95073 "https://ysfine.com/bio54.html" "Mozilla/5.0 (Windows NT 10.0; Win64; x64) AppleWebKit/537.36 (KHTML, like Gecko) Chrome/108.0.0.0 Safari/537.36 Edg/108.0.1462.76" "ysfine.com"
71.178.208.102 - - [09/Jan/2023:06:43:29 -0800] "GET /home/fig22/tallm11d.jpg HTTP/1.1" 200 32321 "https://ysfine.com/bio54.html" "Mozilla/5.0 (Windows NT 10.0; Win64; x64) AppleWebKit/537.36 (KHTML, like Gecko) Chrome/108.0.0.0 Safari/537.36 Edg/108.0.1462.76" "ysfine.com"
71.178.208.102 - - [09/Jan/2023:06:43:29 -0800] "GET /eink/pwk450.jpg HTTP/1.1" 200 84974 "https://ysfine.com/bio54.html" "Mozilla/5.0 (Windows NT 10.0; Win64; x64) AppleWebKit/537.36 (KHTML, like Gecko) Chrome/108.0.0.0 Safari/537.36 Edg/108.0.1462.76" "ysfine.com"
71.178.208.102 - - [09/Jan/2023:06:43:29 -0800] "GET /fotos/boy11f.jpg HTTP/1.1" 200 135177 "https://ysfine.com/bio54.html" "Mozilla/5.0 (Windows NT 10.0; Win64; x64) AppleWebKit/537.36 (KHTML, like Gecko) Chrome/108.0.0.0 Safari/537.36 Edg/108.0.1462.76" "ysfine.com"
71.178.208.102 - - [09/Jan/2023:06:43:29 -0800] "GET /home/eward33f.jpg HTTP/1.1" 200 86617 "https://ysfine.com/bio54.html" "Mozilla/5.0 (Windows NT 10.0; Win64; x64) AppleWebKit/537.36 (KHTML, like Gecko) Chrome/108.0.0.0 Safari/537.36 Edg/108.0.1462.76" "ysfine.com"
71.178.208.102 - - [09/Jan/2023:06:43:29 -0800] "GET /home/fig22/acs73f.jpg HTTP/1.1" 200 284573 "https://ysfine.com/bio54.html" "Mozilla/5.0 (Windows NT 10.0; Win64; x64) AppleWebKit/537.36 (KHTML, like Gecko) Chrome/108.0.0.0 Safari/537.36 Edg/108.0.1462.76" "ysfine.com"
71.178.208.102 - - [09/Jan/2023:06:43:29 -0800] "GET /home/fotos/tank05d.jpg HTTP/1.1" 200 52601 "https://ysfine.com/bio54.html" "Mozilla/5.0 (Windows NT 10.0; Win64; x64) AppleWebKit/537.36 (KHTML, like Gecko) Chrome/108.0.0.0 Safari/537.36 Edg/108.0.1462.76" "ysfine.com"
71.178.208.102 - - [09/Jan/2023:06:43:32 -0800] "GET /home/foto22/oskaf23.jpg HTTP/1.1" 404 88 "https://ysfine.com/bio54.html" "Mozilla/5.0 (Windows NT 10.0; Win64; x64) AppleWebKit/537.36 (KHTML, like Gecko) Chrome/108.0.0.0 Safari/537.36 Edg/108.0.1462.76" "ysfine.com"
95.163.255.110 - - [09/Jan/2023:06:43:59 -0800] "GET /maga/phys/heisen22.jpg HTTP/1.1" 200 82807 "http://go.mail.ru/search_images" "Mozilla/5.0 (compatible; Linux x86_64; Mail.RU_Bot/Img/2.0; +https://help.mail.ru/webmaster/indexing/robots)" "ysfine.com"
51.222.253.17 - - [09/Jan/2023:06:44:45 -0800] "GET /maga/hosc.html HTTP/1.1" 200 1463 "-" "Mozilla/5.0 (compatible; AhrefsBot/7.0; +http://ahrefs.com/robot/)" "www.ysfine.com"
51.222.253.14 - - [09/Jan/2023:06:44:48 -0800] "GET /maga/phys/osc66.jpg HTTP/1.1" 200 36937 "-" "Mozilla/5.0 (compatible; AhrefsBot/7.0; +http://ahrefs.com/robot/)" "www.ysfine.com"
185.191.171.21 - - [09/Jan/2023:06:44:49 -0800] "GET /robots.txt HTTP/1.1" 404 88 "-" "Mozilla/5.0 (compatible; SemrushBot/7~bl; +http://www.semrush.com/bot.html)" "ysfine.com"
185.191.171.43 - - [09/Jan/2023:06:44:49 -0800] "GET /home%5Cyshome.html HTTP/1.1" 404 88 "-" "Mozilla/5.0 (compatible; SemrushBot/7~bl; +http://www.semrush.com/bot.html)" "ysfine.com"
40.77.167.17 - - [09/Jan/2023:06:44:58 -0800] "GET /bio/world/leipzig.html HTTP/1.1" 404 88 "-" "Mozilla/5.0 AppleWebKit/537.36 (KHTML, like Gecko; compatible; bingbot/2.0; +http://www.bing.com/bingbot.htm) Chrome/103.0.5060.134 Safari/537.36" "ysfine.com"
40.77.167.17 - - [09/Jan/2023:06:44:59 -0800] "GET /bio/kobak/namdae.html HTTP/1.1" 404 88 "-" "Mozilla/5.0 AppleWebKit/537.36 (KHTML, like Gecko; compatible; bingbot/2.0; +http://www.bing.com/bingbot.htm) Chrome/103.0.5060.134 Safari/537.36" "ysfine.com"
40.77.167.81 - - [09/Jan/2023:06:45:03 -0800] "GET /bio/genea.html HTTP/1.1" 404 88 "-" "Mozilla/5.0 AppleWebKit/537.36 (KHTML, like Gecko; compatible; bingbot/2.0; +http://www.bing.com/bingbot.htm) Chrome/103.0.5060.134 Safari/537.36" "ysfine.com"
40.77.167.17 - - [09/Jan/2023:06:45:09 -0800] "GET /einstein/places/ulm11b.jpg HTTP/1.1" 200 35828 "-" "Mozilla/5.0 AppleWebKit/537.36 (KHTML, like Gecko; compatible; bingbot/2.0; +http://www.bing.com/bingbot.htm) Chrome/103.0.5060.134 Safari/537.36" "www.ysfine.com"
40.77.167.49 - - [09/Jan/2023:06:45:18 -0800] "GET /bio/pquartet.html HTTP/1.1" 404 88 "-" "Mozilla/5.0 AppleWebKit/537.36 (KHTML, like Gecko; compatible; bingbot/2.0; +http://www.bing.com/bingbot.htm) Chrome/103.0.5060.134 Safari/537.36" "ysfine.com"
118.184.177.50 - - [09/Jan/2023:06:45:30 -0800] "GET / HTTP/1.1" 200 5295 "-" "Sogou web spider/4.0(+http://www.sogou.com/docs/help/webmasters.htm#07)" "www.ysfine.com"
202.3.77.167 - - [09/Jan/2023:06:45:47 -0800] "GET /yspapers/iopbook15.pdf HTTP/1.1" 200 2962673 "https://www.google.com/" "Mozilla/5.0 (X11; Ubuntu; Linux x86_64; rv:108.0) Gecko/20100101 Firefox/108.0" "ysfine.com"
202.3.77.167 - - [09/Jan/2023:06:45:49 -0800] "GET /favicon.ico HTTP/1.1" 404 88 "https://ysfine.com/" "Mozilla/5.0 (X11; Ubuntu; Linux x86_64; rv:108.0) Gecko/20100101 Firefox/108.0" "ysfine.com"
202.3.77.167 - - [09/Jan/2023:06:45:49 -0800] "GET /yspapers/iopbook15.pdf HTTP/1.1" 206 65536 "https://www.google.com/" "Mozilla/5.0 (X11; Ubuntu; Linux x86_64; rv:108.0) Gecko/20100101 Firefox/108.0" "ysfine.com"
202.3.77.167 - - [09/Jan/2023:06:45:50 -0800] "GET /yspapers/iopbook15.pdf HTTP/1.1" 206 13553 "https://www.google.com/" "Mozilla/5.0 (X11; Ubuntu; Linux x86_64; rv:108.0) Gecko/20100101 Firefox/108.0" "ysfine.com"
202.3.77.167 - - [09/Jan/2023:06:45:52 -0800] "GET /yspapers/iopbook15.pdf HTTP/1.1" 206 65536 "https://www.google.com/" "Mozilla/5.0 (X11; Ubuntu; Linux x86_64; rv:108.0) Gecko/20100101 Firefox/108.0" "ysfine.com"
71.178.208.102 - - [09/Jan/2023:06:45:53 -0800] "GET /bio54.html HTTP/1.1" 200 8050 "https://ysfine.com/ys11/" "Mozilla/5.0 (Windows NT 10.0; Win64; x64) AppleWebKit/537.36 (KHTML, like Gecko) Chrome/108.0.0.0 Safari/537.36 Edg/108.0.1462.76" "ysfine.com"
202.3.77.167 - - [09/Jan/2023:06:45:54 -0800] "GET /yspapers/iopbook15.pdf HTTP/1.1" 206 65536 "https://www.google.com/" "Mozilla/5.0 (X11; Ubuntu; Linux x86_64; rv:108.0) Gecko/20100101 Firefox/108.0" "ysfine.com"
202.3.77.167 - - [09/Jan/2023:06:45:54 -0800] "GET /yspapers/iopbook15.pdf HTTP/1.1" 206 65536 "https://www.google.com/" "Mozilla/5.0 (X11; Ubuntu; Linux x86_64; rv:108.0) Gecko/20100101 Firefox/108.0" "ysfine.com"
202.3.77.167 - - [09/Jan/2023:06:45:54 -0800] "GET /yspapers/iopbook15.pdf HTTP/1.1" 206 65536 "https://www.google.com/" "Mozilla/5.0 (X11; Ubuntu; Linux x86_64; rv:108.0) Gecko/20100101 Firefox/108.0" "ysfine.com"
202.3.77.167 - - [09/Jan/2023:06:45:54 -0800] "GET /yspapers/iopbook15.pdf HTTP/1.1" 206 65536 "https://www.google.com/" "Mozilla/5.0 (X11; Ubuntu; Linux x86_64; rv:108.0) Gecko/20100101 Firefox/108.0" "ysfine.com"
202.3.77.167 - - [09/Jan/2023:06:45:54 -0800] "GET /yspapers/iopbook15.pdf HTTP/1.1" 206 65536 "https://www.google.com/" "Mozilla/5.0 (X11; Ubuntu; Linux x86_64; rv:108.0) Gecko/20100101 Firefox/108.0" "ysfine.com"
202.3.77.167 - - [09/Jan/2023:06:45:54 -0800] "GET /yspapers/iopbook15.pdf HTTP/1.1" 206 65536 "https://www.google.com/" "Mozilla/5.0 (X11; Ubuntu; Linux x86_64; rv:108.0) Gecko/20100101 Firefox/108.0" "ysfine.com"
202.3.77.167 - - [09/Jan/2023:06:45:54 -0800] "GET /yspapers/iopbook15.pdf HTTP/1.1" 206 65536 "https://www.google.com/" "Mozilla/5.0 (X11; Ubuntu; Linux x86_64; rv:108.0) Gecko/20100101 Firefox/108.0" "ysfine.com"
202.3.77.167 - - [09/Jan/2023:06:45:54 -0800] "GET /yspapers/iopbook15.pdf HTTP/1.1" 206 65536 "https://www.google.com/" "Mozilla/5.0 (X11; Ubuntu; Linux x86_64; rv:108.0) Gecko/20100101 Firefox/108.0" "ysfine.com"
202.3.77.167 - - [09/Jan/2023:06:45:54 -0800] "GET /yspapers/iopbook15.pdf HTTP/1.1" 206 65536 "https://www.google.com/" "Mozilla/5.0 (X11; Ubuntu; Linux x86_64; rv:108.0) Gecko/20100101 Firefox/108.0" "ysfine.com"
202.3.77.167 - - [09/Jan/2023:06:45:54 -0800] "GET /yspapers/iopbook15.pdf HTTP/1.1" 206 65536 "https://www.google.com/" "Mozilla/5.0 (X11; Ubuntu; Linux x86_64; rv:108.0) Gecko/20100101 Firefox/108.0" "ysfine.com"
202.3.77.167 - - [09/Jan/2023:06:45:54 -0800] "GET /yspapers/iopbook15.pdf HTTP/1.1" 206 65536 "https://www.google.com/" "Mozilla/5.0 (X11; Ubuntu; Linux x86_64; rv:108.0) Gecko/20100101 Firefox/108.0" "ysfine.com"
202.3.77.167 - - [09/Jan/2023:06:45:54 -0800] "GET /yspapers/iopbook15.pdf HTTP/1.1" 206 65536 "https://www.google.com/" "Mozilla/5.0 (X11; Ubuntu; Linux x86_64; rv:108.0) Gecko/20100101 Firefox/108.0" "ysfine.com"
202.3.77.167 - - [09/Jan/2023:06:45:54 -0800] "GET /yspapers/iopbook15.pdf HTTP/1.1" 206 65536 "https://www.google.com/" "Mozilla/5.0 (X11; Ubuntu; Linux x86_64; rv:108.0) Gecko/20100101 Firefox/108.0" "ysfine.com"
202.3.77.167 - - [09/Jan/2023:06:45:54 -0800] "GET /yspapers/iopbook15.pdf HTTP/1.1" 206 65536 "https://www.google.com/" "Mozilla/5.0 (X11; Ubuntu; Linux x86_64; rv:108.0) Gecko/20100101 Firefox/108.0" "ysfine.com"
202.3.77.167 - - [09/Jan/2023:06:45:54 -0800] "GET /yspapers/iopbook15.pdf HTTP/1.1" 206 65536 "https://www.google.com/" "Mozilla/5.0 (X11; Ubuntu; Linux x86_64; rv:108.0) Gecko/20100101 Firefox/108.0" "ysfine.com"
202.3.77.167 - - [09/Jan/2023:06:45:54 -0800] "GET /yspapers/iopbook15.pdf HTTP/1.1" 206 65536 "https://www.google.com/" "Mozilla/5.0 (X11; Ubuntu; Linux x86_64; rv:108.0) Gecko/20100101 Firefox/108.0" "ysfine.com"
71.178.208.102 - - [09/Jan/2023:06:45:56 -0800] "GET /home/foto22/osakaf23.jpg HTTP/1.1" 200 193391 "https://ysfine.com/bio54.html" "Mozilla/5.0 (Windows NT 10.0; Win64; x64) AppleWebKit/537.36 (KHTML, like Gecko) Chrome/108.0.0.0 Safari/537.36 Edg/108.0.1462.76" "ysfine.com"
202.3.77.167 - - [09/Jan/2023:06:45:56 -0800] "GET /yspapers/iopbook15.pdf HTTP/1.1" 206 65536 "https://www.google.com/" "Mozilla/5.0 (X11; Ubuntu; Linux x86_64; rv:108.0) Gecko/20100101 Firefox/108.0" "ysfine.com"
71.178.208.102 - - [09/Jan/2023:06:46:25 -0800] "GET /bio54.html HTTP/1.1" 304 - "https://ysfine.com/ys11/" "Mozilla/5.0 (Windows NT 10.0; Win64; x64) AppleWebKit/537.36 (KHTML, like Gecko) Chrome/108.0.0.0 Safari/537.36 Edg/108.0.1462.76" "ysfine.com"
71.178.208.102 - - [09/Jan/2023:06:46:29 -0800] "GET /class54/index HTTP/1.1" 200 2551 "https://ysfine.com/bio54.html" "Mozilla/5.0 (Windows NT 10.0; Win64; x64) AppleWebKit/537.36 (KHTML, like Gecko) Chrome/108.0.0.0 Safari/537.36 Edg/108.0.1462.76" "ysfine.com"
71.178.208.102 - - [09/Jan/2023:06:46:29 -0800] "GET /class54/tallm09b.jpg HTTP/1.1" 200 43676 "https://ysfine.com/class54/index" "Mozilla/5.0 (Windows NT 10.0; Win64; x64) AppleWebKit/537.36 (KHTML, like Gecko) Chrome/108.0.0.0 Safari/537.36 Edg/108.0.1462.76" "ysfine.com"
71.178.208.102 - - [09/Jan/2023:06:46:29 -0800] "GET /home/ewk86k.jpg HTTP/1.1" 200 103090 "https://ysfine.com/class54/index" "Mozilla/5.0 (Windows NT 10.0; Win64; x64) AppleWebKit/537.36 (KHTML, like Gecko) Chrome/108.0.0.0 Safari/537.36 Edg/108.0.1462.76" "ysfine.com"
71.178.208.102 - - [09/Jan/2023:06:46:29 -0800] "GET /class54/tallm02b.jpg HTTP/1.1" 200 46210 "https://ysfine.com/class54/index" "Mozilla/5.0 (Windows NT 10.0; Win64; x64) AppleWebKit/537.36 (KHTML, like Gecko) Chrome/108.0.0.0 Safari/537.36 Edg/108.0.1462.76" "ysfine.com"
71.178.208.102 - - [09/Jan/2023:06:46:29 -0800] "GET /class54/tallm08b.jpg HTTP/1.1" 200 43331 "https://ysfine.com/class54/index" "Mozilla/5.0 (Windows NT 10.0; Win64; x64) AppleWebKit/537.36 (KHTML, like Gecko) Chrome/108.0.0.0 Safari/537.36 Edg/108.0.1462.76" "ysfine.com"
71.178.208.102 - - [09/Jan/2023:06:46:29 -0800] "GET /kobak/taylor33c.jpg HTTP/1.1" 200 39951 "https://ysfine.com/class54/index" "Mozilla/5.0 (Windows NT 10.0; Win64; x64) AppleWebKit/537.36 (KHTML, like Gecko) Chrome/108.0.0.0 Safari/537.36 Edg/108.0.1462.76" "ysfine.com"
71.178.208.102 - - [09/Jan/2023:06:46:29 -0800] "GET /class54/tallm03b.jpg HTTP/1.1" 200 41459 "https://ysfine.com/class54/index" "Mozilla/5.0 (Windows NT 10.0; Win64; x64) AppleWebKit/537.36 (KHTML, like Gecko) Chrome/108.0.0.0 Safari/537.36 Edg/108.0.1462.76" "ysfine.com"
71.178.208.102 - - [09/Jan/2023:06:46:29 -0800] "GET /class54/tallm06b.jpg HTTP/1.1" 200 55344 "https://ysfine.com/class54/index" "Mozilla/5.0 (Windows NT 10.0; Win64; x64) AppleWebKit/537.36 (KHTML, like Gecko) Chrome/108.0.0.0 Safari/537.36 Edg/108.0.1462.76" "ysfine.com"
71.178.208.102 - - [09/Jan/2023:06:46:29 -0800] "GET /eink/pwk19c.jpg HTTP/1.1" 200 57759 "https://ysfine.com/class54/index" "Mozilla/5.0 (Windows NT 10.0; Win64; x64) AppleWebKit/537.36 (KHTML, like Gecko) Chrome/108.0.0.0 Safari/537.36 Edg/108.0.1462.76" "ysfine.com"
71.178.208.102 - - [09/Jan/2023:06:46:31 -0800] "GET /class54/emailed.html HTTP/1.1" 200 11414 "https://ysfine.com/class54/index" "Mozilla/5.0 (Windows NT 10.0; Win64; x64) AppleWebKit/537.36 (KHTML, like Gecko) Chrome/108.0.0.0 Safari/537.36 Edg/108.0.1462.76" "ysfine.com"
71.178.208.102 - - [09/Jan/2023:06:46:31 -0800] "GET /class54/eighth11f.jpg HTTP/1.1" 200 134134 "https://ysfine.com/class54/emailed.html" "Mozilla/5.0 (Windows NT 10.0; Win64; x64) AppleWebKit/537.36 (KHTML, like Gecko) Chrome/108.0.0.0 Safari/537.36 Edg/108.0.1462.76" "ysfine.com"
71.178.208.102 - - [09/Jan/2023:06:46:31 -0800] "GET /home/eink77c.jpg HTTP/1.1" 200 47471 "https://ysfine.com/class54/emailed.html" "Mozilla/5.0 (Windows NT 10.0; Win64; x64) AppleWebKit/537.36 (KHTML, like Gecko) Chrome/108.0.0.0 Safari/537.36 Edg/108.0.1462.76" "ysfine.com"
71.178.208.102 - - [09/Jan/2023:06:46:31 -0800] "GET /world/latina/igu02c.jpg HTTP/1.1" 200 37581 "https://ysfine.com/class54/emailed.html" "Mozilla/5.0 (Windows NT 10.0; Win64; x64) AppleWebKit/537.36 (KHTML, like Gecko) Chrome/108.0.0.0 Safari/537.36 Edg/108.0.1462.76" "ysfine.com"
71.178.208.102 - - [09/Jan/2023:06:46:31 -0800] "GET /home/family18c.jpg HTTP/1.1" 200 43956 "https://ysfine.com/class54/emailed.html" "Mozilla/5.0 (Windows NT 10.0; Win64; x64) AppleWebKit/537.36 (KHTML, like Gecko) Chrome/108.0.0.0 Safari/537.36 Edg/108.0.1462.76" "ysfine.com"
71.178.208.102 - - [09/Jan/2023:06:46:31 -0800] "GET /wdc/vernon01c.jpg HTTP/1.1" 200 34108 "https://ysfine.com/class54/emailed.html" "Mozilla/5.0 (Windows NT 10.0; Win64; x64) AppleWebKit/537.36 (KHTML, like Gecko) Chrome/108.0.0.0 Safari/537.36 Edg/108.0.1462.76" "ysfine.com"
71.178.208.102 - - [09/Jan/2023:06:46:31 -0800] "GET /class54/tallm02c.jpg HTTP/1.1" 200 45260 "https://ysfine.com/class54/emailed.html" "Mozilla/5.0 (Windows NT 10.0; Win64; x64) AppleWebKit/537.36 (KHTML, like Gecko) Chrome/108.0.0.0 Safari/537.36 Edg/108.0.1462.76" "ysfine.com"
71.178.208.102 - - [09/Jan/2023:06:46:31 -0800] "GET /world/russ/basil08c.jpg HTTP/1.1" 200 40070 "https://ysfine.com/class54/emailed.html" "Mozilla/5.0 (Windows NT 10.0; Win64; x64) AppleWebKit/537.36 (KHTML, like Gecko) Chrome/108.0.0.0 Safari/537.36 Edg/108.0.1462.76" "ysfine.com"
71.178.208.102 - - [09/Jan/2023:06:46:31 -0800] "GET /class54/chungilk02c.jpg HTTP/1.1" 200 62427 "https://ysfine.com/class54/emailed.html" "Mozilla/5.0 (Windows NT 10.0; Win64; x64) AppleWebKit/537.36 (KHTML, like Gecko) Chrome/108.0.0.0 Safari/537.36 Edg/108.0.1462.76" "ysfine.com"
71.178.208.102 - - [09/Jan/2023:06:46:31 -0800] "GET /class54/proko11c.jpg HTTP/1.1" 200 35923 "https://ysfine.com/class54/emailed.html" "Mozilla/5.0 (Windows NT 10.0; Win64; x64) AppleWebKit/537.36 (KHTML, like Gecko) Chrome/108.0.0.0 Safari/537.36 Edg/108.0.1462.76" "ysfine.com"
71.178.208.102 - - [09/Jan/2023:06:46:31 -0800] "GET /world/russ/kiev053c.jpg HTTP/1.1" 200 38480 "https://ysfine.com/class54/emailed.html" "Mozilla/5.0 (Windows NT 10.0; Win64; x64) AppleWebKit/537.36 (KHTML, like Gecko) Chrome/108.0.0.0 Safari/537.36 Edg/108.0.1462.76" "ysfine.com"
71.178.208.102 - - [09/Jan/2023:06:46:31 -0800] "GET /world/balkan/istan001c.jpg HTTP/1.1" 200 34566 "https://ysfine.com/class54/emailed.html" "Mozilla/5.0 (Windows NT 10.0; Win64; x64) AppleWebKit/537.36 (KHTML, like Gecko) Chrome/108.0.0.0 Safari/537.36 Edg/108.0.1462.76" "ysfine.com"
71.178.208.102 - - [09/Jan/2023:06:46:31 -0800] "GET /class54/campus01c.jpg HTTP/1.1" 200 38186 "https://ysfine.com/class54/emailed.html" "Mozilla/5.0 (Windows NT 10.0; Win64; x64) AppleWebKit/537.36 (KHTML, like Gecko) Chrome/108.0.0.0 Safari/537.36 Edg/108.0.1462.76" "ysfine.com"
71.178.208.102 - - [09/Jan/2023:06:46:31 -0800] "GET /world/russ/dnepro11c.jpg HTTP/1.1" 200 32284 "https://ysfine.com/class54/emailed.html" "Mozilla/5.0 (Windows NT 10.0; Win64; x64) AppleWebKit/537.36 (KHTML, like Gecko) Chrome/108.0.0.0 Safari/537.36 Edg/108.0.1462.76" "ysfine.com"
71.178.208.102 - - [09/Jan/2023:06:46:31 -0800] "GET /world/france/eiffel15c.jpg HTTP/1.1" 200 36995 "https://ysfine.com/class54/emailed.html" "Mozilla/5.0 (Windows NT 10.0; Win64; x64) AppleWebKit/537.36 (KHTML, like Gecko) Chrome/108.0.0.0 Safari/537.36 Edg/108.0.1462.76" "ysfine.com"
71.178.208.102 - - [09/Jan/2023:06:46:31 -0800] "GET /world/russ/dnepro22c.jpg HTTP/1.1" 200 34157 "https://ysfine.com/class54/emailed.html" "Mozilla/5.0 (Windows NT 10.0; Win64; x64) AppleWebKit/537.36 (KHTML, like Gecko) Chrome/108.0.0.0 Safari/537.36 Edg/108.0.1462.76" "ysfine.com"
71.178.208.102 - - [09/Jan/2023:06:46:31 -0800] "GET /kobak/swr51c.jpg HTTP/1.1" 200 35677 "https://ysfine.com/class54/emailed.html" "Mozilla/5.0 (Windows NT 10.0; Win64; x64) AppleWebKit/537.36 (KHTML, like Gecko) Chrome/108.0.0.0 Safari/537.36 Edg/108.0.1462.76" "ysfine.com"
71.178.208.102 - - [09/Jan/2023:06:46:31 -0800] "GET /world/china/beijing101c.jpg HTTP/1.1" 200 41830 "https://ysfine.com/class54/emailed.html" "Mozilla/5.0 (Windows NT 10.0; Win64; x64) AppleWebKit/537.36 (KHTML, like Gecko) Chrome/108.0.0.0 Safari/537.36 Edg/108.0.1462.76" "ysfine.com"
71.178.208.102 - - [09/Jan/2023:06:46:31 -0800] "GET /class54/campus03c.jpg HTTP/1.1" 200 37842 "https://ysfine.com/class54/emailed.html" "Mozilla/5.0 (Windows NT 10.0; Win64; x64) AppleWebKit/537.36 (KHTML, like Gecko) Chrome/108.0.0.0 Safari/537.36 Edg/108.0.1462.76" "ysfine.com"
71.178.208.102 - - [09/Jan/2023:06:46:31 -0800] "GET /class54/campus07c.jpg HTTP/1.1" 200 51271 "https://ysfine.com/class54/emailed.html" "Mozilla/5.0 (Windows NT 10.0; Win64; x64) AppleWebKit/537.36 (KHTML, like Gecko) Chrome/108.0.0.0 Safari/537.36 Edg/108.0.1462.76" "ysfine.com"
71.178.208.102 - - [09/Jan/2023:06:46:31 -0800] "GET /world/ital/milanf01c.jpg HTTP/1.1" 200 37826 "https://ysfine.com/class54/emailed.html" "Mozilla/5.0 (Windows NT 10.0; Win64; x64) AppleWebKit/537.36 (KHTML, like Gecko) Chrome/108.0.0.0 Safari/537.36 Edg/108.0.1462.76" "ysfine.com"
71.178.208.102 - - [09/Jan/2023:06:46:31 -0800] "GET /world/brit/towerbr11c.jpg HTTP/1.1" 200 31376 "https://ysfine.com/class54/emailed.html" "Mozilla/5.0 (Windows NT 10.0; Win64; x64) AppleWebKit/537.36 (KHTML, like Gecko) Chrome/108.0.0.0 Safari/537.36 Edg/108.0.1462.76" "ysfine.com"
71.178.208.102 - - [09/Jan/2023:06:46:31 -0800] "GET /home/figs/nico11c.jpg HTTP/1.1" 200 70064 "https://ysfine.com/class54/emailed.html" "Mozilla/5.0 (Windows NT 10.0; Win64; x64) AppleWebKit/537.36 (KHTML, like Gecko) Chrome/108.0.0.0 Safari/537.36 Edg/108.0.1462.76" "ysfine.com"
40.77.167.81 - - [09/Jan/2023:06:46:41 -0800] "GET /bio/feynman/partons.html HTTP/1.1" 404 88 "-" "Mozilla/5.0 AppleWebKit/537.36 (KHTML, like Gecko; compatible; bingbot/2.0; +http://www.bing.com/bingbot.htm) Chrome/103.0.5060.134 Safari/537.36" "ysfine.com"
103.180.47.79 - - [09/Jan/2023:06:46:47 -0800] "GET /wigner/neum/vnc18.jpg HTTP/1.1" 200 89614 "https://www.google.com/" "Mozilla/5.0 (Windows NT 10.0; Win64; x64) AppleWebKit/537.36 (KHTML, like Gecko) Chrome/108.0.0.0 Safari/537.36" "ysfine.com"
71.178.208.102 - - [09/Jan/2023:06:46:59 -0800] "GET /bio54.html HTTP/1.1" 304 - "https://ysfine.com/class54/index" "Mozilla/5.0 (Windows NT 10.0; Win64; x64) AppleWebKit/537.36 (KHTML, like Gecko) Chrome/108.0.0.0 Safari/537.36 Edg/108.0.1462.76" "ysfine.com"
95.163.255.70 - - [09/Jan/2023:06:47:05 -0800] "GET /einstein/heisen22.jpg HTTP/1.1" 200 82807 "http://go.mail.ru/search_images" "Mozilla/5.0 (compatible; Linux x86_64; Mail.RU_Bot/Img/2.0; +https://help.mail.ru/webmaster/indexing/robots)" "ysfine.com"
71.178.208.102 - - [09/Jan/2023:06:47:14 -0800] "GET /class54/kewha66.jpg HTTP/1.1" 200 59963 "https://ysfine.com/class54/index" "Mozilla/5.0 (Windows NT 10.0; Win64; x64) AppleWebKit/537.36 (KHTML, like Gecko) Chrome/108.0.0.0 Safari/537.36 Edg/108.0.1462.76" "ysfine.com"
71.178.208.102 - - [09/Jan/2023:06:47:51 -0800] "GET /ffriends/garden.html HTTP/1.1" 200 35721 "https://ysfine.com/class54/index" "Mozilla/5.0 (Windows NT 10.0; Win64; x64) AppleWebKit/537.36 (KHTML, like Gecko) Chrome/108.0.0.0 Safari/537.36 Edg/108.0.1462.76" "ysfine.com"
71.178.208.102 - - [09/Jan/2023:06:47:51 -0800] "GET /world/balkan/ath001c.jpg HTTP/1.1" 200 34419 "https://ysfine.com/ffriends/garden.html" "Mozilla/5.0 (Windows NT 10.0; Win64; x64) AppleWebKit/537.36 (KHTML, like Gecko) Chrome/108.0.0.0 Safari/537.36 Edg/108.0.1462.76" "ysfine.com"
71.178.208.102 - - [09/Jan/2023:06:47:51 -0800] "GET /world/balkan/ath002c.jpg HTTP/1.1" 200 44714 "https://ysfine.com/ffriends/garden.html" "Mozilla/5.0 (Windows NT 10.0; Win64; x64) AppleWebKit/537.36 (KHTML, like Gecko) Chrome/108.0.0.0 Safari/537.36 Edg/108.0.1462.76" "ysfine.com"
71.178.208.102 - - [09/Jan/2023:06:47:51 -0800] "GET /world/ital/veronasis01c.jpg HTTP/1.1" 200 42009 "https://ysfine.com/ffriends/garden.html" "Mozilla/5.0 (Windows NT 10.0; Win64; x64) AppleWebKit/537.36 (KHTML, like Gecko) Chrome/108.0.0.0 Safari/537.36 Edg/108.0.1462.76" "ysfine.com"
71.178.208.102 - - [09/Jan/2023:06:47:51 -0800] "GET /world/ital/romef005c.jpg HTTP/1.1" 200 40255 "https://ysfine.com/ffriends/garden.html" "Mozilla/5.0 (Windows NT 10.0; Win64; x64) AppleWebKit/537.36 (KHTML, like Gecko) Chrome/108.0.0.0 Safari/537.36 Edg/108.0.1462.76" "ysfine.com"
71.178.208.102 - - [09/Jan/2023:06:47:51 -0800] "GET /world/ital/spstep02c.jpg HTTP/1.1" 200 26450 "https://ysfine.com/ffriends/garden.html" "Mozilla/5.0 (Windows NT 10.0; Win64; x64) AppleWebKit/537.36 (KHTML, like Gecko) Chrome/108.0.0.0 Safari/537.36 Edg/108.0.1462.76" "ysfine.com"
71.178.208.102 - - [09/Jan/2023:06:47:51 -0800] "GET /ffriends/italgenoa33c.jpg HTTP/1.1" 200 36297 "https://ysfine.com/ffriends/garden.html" "Mozilla/5.0 (Windows NT 10.0; Win64; x64) AppleWebKit/537.36 (KHTML, like Gecko) Chrome/108.0.0.0 Safari/537.36 Edg/108.0.1462.76" "ysfine.com"
71.178.208.102 - - [09/Jan/2023:06:47:51 -0800] "GET /ffriends/brazlon11c.jpg HTTP/1.1" 200 42472 "https://ysfine.com/ffriends/garden.html" "Mozilla/5.0 (Windows NT 10.0; Win64; x64) AppleWebKit/537.36 (KHTML, like Gecko) Chrome/108.0.0.0 Safari/537.36 Edg/108.0.1462.76" "ysfine.com"
71.178.208.102 - - [09/Jan/2023:06:47:51 -0800] "GET /ffriends/gatti06c.jpg HTTP/1.1" 200 41371 "https://ysfine.com/ffriends/garden.html" "Mozilla/5.0 (Windows NT 10.0; Win64; x64) AppleWebKit/537.36 (KHTML, like Gecko) Chrome/108.0.0.0 Safari/537.36 Edg/108.0.1462.76" "ysfine.com"
71.178.208.102 - - [09/Jan/2023:06:47:51 -0800] "GET /world/russ/mosf63c.jpg HTTP/1.1" 200 44624 "https://ysfine.com/ffriends/garden.html" "Mozilla/5.0 (Windows NT 10.0; Win64; x64) AppleWebKit/537.36 (KHTML, like Gecko) Chrome/108.0.0.0 Safari/537.36 Edg/108.0.1462.76" "ysfine.com"
