207.46.13.31 - - [08/Jan/2023:20:31:40 -0800] "GET /world/russ/spbf16.jpg HTTP/1.1" 200 133804 "-" "Mozilla/5.0 AppleWebKit/537.36 (KHTML, like Gecko; compatible; bingbot/2.0; +http://www.bing.com/bingbot.htm) Chrome/103.0.5060.134 Safari/537.36" "ysfine.com"
207.46.13.143 - - [08/Jan/2023:20:31:45 -0800] "GET /bio/feynman/partons.html HTTP/1.1" 404 88 "-" "Mozilla/5.0 (compatible; bingbot/2.0; +http://www.bing.com/bingbot.htm)" "ysfine.com"
207.46.13.176 - - [08/Jan/2023:20:32:22 -0800] "GET /bio14.html HTTP/1.1" 200 22082 "-" "Mozilla/5.0 (compatible; bingbot/2.0; +http://www.bing.com/bingbot.htm)" "www.ysfine.com"
99.251.104.51 - - [08/Jan/2023:20:32:26 -0800] "GET /wigner/neum/pvn05.jpg HTTP/1.1" 200 219501 "https://www.google.com/" "Mozilla/5.0 (X11; Linux x86_64) AppleWebKit/537.36 (KHTML, like Gecko) Chrome/108.0.0.0 Safari/537.36" "ysfine.com"
207.46.13.143 - - [08/Jan/2023:20:32:44 -0800] "GET /bio/genea.html HTTP/1.1" 404 88 "-" "Mozilla/5.0 AppleWebKit/537.36 (KHTML, like Gecko; compatible; bingbot/2.0; +http://www.bing.com/bingbot.htm) Chrome/103.0.5060.134 Safari/537.36" "ysfine.com"
40.77.167.49 - - [08/Jan/2023:20:33:05 -0800] "GET /bio/princeton/campus.html HTTP/1.1" 404 88 "-" "Mozilla/5.0 AppleWebKit/537.36 (KHTML, like Gecko; compatible; bingbot/2.0; +http://www.bing.com/bingbot.htm) Chrome/103.0.5060.134 Safari/537.36" "ysfine.com"
219.74.177.26 - - [08/Jan/2023:20:33:12 -0800] "GET /world/china/shenyang06.jpg HTTP/1.1" 200 32800 "https://www.google.com/" "Mozilla/5.0 (Windows NT 10.0; Win64; x64) AppleWebKit/537.36 (KHTML, like Gecko) Chrome/108.0.0.0 Safari/537.36" "ysfine.com"
77.75.76.160 - - [08/Jan/2023:20:33:32 -0800] "GET /robots.txt HTTP/1.1" 404 88 "-" "Mozilla/5.0 (compatible; SeznamBot/3.2; +http://napoveda.seznam.cz/en/seznambot-intro/)" "ysfine.com"
77.75.76.160 - - [08/Jan/2023:20:33:33 -0800] "GET /world/ital/vatican76.jpg HTTP/1.1" 304 - "-" "Mozilla/5.0 (compatible; SeznamBot/3.2; +http://napoveda.seznam.cz/en/seznambot-intro/)" "ysfine.com"
77.75.76.160 - - [08/Jan/2023:20:33:34 -0800] "GET /world/brit/bucking01.jpg HTTP/1.1" 304 - "-" "Mozilla/5.0 (compatible; SeznamBot/3.2; +http://napoveda.seznam.cz/en/seznambot-intro/)" "ysfine.com"
77.75.76.160 - - [08/Jan/2023:20:33:35 -0800] "GET /world/france/lilas02.jpg HTTP/1.1" 200 89476 "-" "Mozilla/5.0 (compatible; SeznamBot/3.2; +http://napoveda.seznam.cz/en/seznambot-intro/)" "ysfine.com"
77.75.76.160 - - [08/Jan/2023:20:33:38 -0800] "GET /princeton/tilghman07.jpg HTTP/1.1" 200 111926 "-" "Mozilla/5.0 (compatible; SeznamBot/3.2; +http://napoveda.seznam.cz/en/seznambot-intro/)" "ysfine.com"
77.75.76.160 - - [08/Jan/2023:20:33:40 -0800] "GET /usca/pitt/bushhotel.jpg HTTP/1.1" 200 70900 "-" "Mozilla/5.0 (compatible; SeznamBot/3.2; +http://napoveda.seznam.cz/en/seznambot-intro/)" "ysfine.com"
77.75.76.160 - - [08/Jan/2023:20:33:42 -0800] "GET /world/brit/harrod02.jpg HTTP/1.1" 304 - "-" "Mozilla/5.0 (compatible; SeznamBot/3.2; +http://napoveda.seznam.cz/en/seznambot-intro/)" "ysfine.com"
77.75.76.160 - - [08/Jan/2023:20:33:43 -0800] "GET /world/brit/thames10.jpg HTTP/1.1" 304 - "-" "Mozilla/5.0 (compatible; SeznamBot/3.2; +http://napoveda.seznam.cz/en/seznambot-intro/)" "ysfine.com"
77.75.76.160 - - [08/Jan/2023:20:33:43 -0800] "GET /world/brit/bond31.jpg HTTP/1.1" 304 - "-" "Mozilla/5.0 (compatible; SeznamBot/3.2; +http://napoveda.seznam.cz/en/seznambot-intro/)" "ysfine.com"
77.75.76.160 - - [08/Jan/2023:20:33:43 -0800] "GET /world/russ/krem36.jpg HTTP/1.1" 200 91271 "-" "Mozilla/5.0 (compatible; SeznamBot/3.2; +http://napoveda.seznam.cz/en/seznambot-intro/)" "ysfine.com"
40.77.167.17 - - [08/Jan/2023:20:34:13 -0800] "GET /bio/world/leipzig.html HTTP/1.1" 404 88 "-" "Mozilla/5.0 (compatible; bingbot/2.0; +http://www.bing.com/bingbot.htm)" "ysfine.com"
40.77.167.17 - - [08/Jan/2023:20:34:14 -0800] "GET /bio/awards/iao.html HTTP/1.1" 404 88 "-" "Mozilla/5.0 AppleWebKit/537.36 (KHTML, like Gecko; compatible; bingbot/2.0; +http://www.bing.com/bingbot.htm) Chrome/103.0.5060.134 Safari/537.36" "ysfine.com"
5.188.210.97 - - [08/Jan/2023:20:34:39 -0800] "GET /ysbio/world/travel.html HTTP/1.1" 404 73 "https://www.ysfine.com/ysbio/world/travel.html" "Mozilla/5.0 (Windows NT 10.0; Win64; x64) AppleWebKit/537.36 (KHTML, like Gecko) Chrome/90.0.4430.85 Safari/537.36 Edg/90.0.818.49" "www.ysfine.com"
5.188.210.97 - - [08/Jan/2023:20:34:39 -0800] "GET / HTTP/1.1" 200 15915 "https://www.ysfine.com/" "Mozilla/5.0 (Windows NT 10.0; Win64; x64) AppleWebKit/537.36 (KHTML, like Gecko) Chrome/90.0.4430.85 Safari/537.36 Edg/90.0.818.49" "www.ysfine.com"
207.46.13.176 - - [08/Jan/2023:20:35:23 -0800] "GET /bio/style/rieu.html HTTP/1.1" 404 88 "-" "Mozilla/5.0 (compatible; bingbot/2.0; +http://www.bing.com/bingbot.htm)" "ysfine.com"
40.77.167.49 - - [08/Jan/2023:20:35:27 -0800] "GET /bio/world/trier.html HTTP/1.1" 404 88 "-" "Mozilla/5.0 AppleWebKit/537.36 (KHTML, like Gecko; compatible; bingbot/2.0; +http://www.bing.com/bingbot.htm) Chrome/103.0.5060.134 Safari/537.36" "ysfine.com"
157.55.39.149 - - [08/Jan/2023:20:36:55 -0800] "GET /home/tollwig11.jpg HTTP/1.1" 200 124000 "-" "Mozilla/5.0 AppleWebKit/537.36 (KHTML, like Gecko; compatible; bingbot/2.0; +http://www.bing.com/bingbot.htm) Chrome/103.0.5060.134 Safari/537.36" "www.ysfine.com"
95.58.30.206 - - [08/Jan/2023:20:37:08 -0800] "GET /einstein/einbohr33.jpg HTTP/1.1" 200 87797 "https://www.google.com/" "Mozilla/5.0 (iPhone; CPU iPhone OS 15_6 like Mac OS X) AppleWebKit/605.1.15 (KHTML, like Gecko) CriOS/108.0.5359.112 Mobile/15E148 Safari/604.1" "ysfine.com"
114.119.154.22 - - [08/Jan/2023:20:37:15 -0800] "GET /world/moscow.html HTTP/1.1" 200 21385 "https://ysfine.com/ffriends/fdw.html" "Mozilla/5.0 (Linux; Android 7.0;) AppleWebKit/537.36 (KHTML, like Gecko) Mobile Safari/537.36 (compatible; PetalBot;+https://webmaster.petalsearch.com/site/petalbot)" "ysfine.com"
51.222.253.20 - - [08/Jan/2023:20:38:35 -0800] "GET /remote/wigner111/frame37.html HTTP/1.1" 200 371 "-" "Mozilla/5.0 (compatible; AhrefsBot/7.0; +http://ahrefs.com/robot/)" "www.ysfine.com"
51.222.253.13 - - [08/Jan/2023:20:38:37 -0800] "GET /remote/wigner111/kim-37.jpg HTTP/1.1" 200 46066 "-" "Mozilla/5.0 (compatible; AhrefsBot/7.0; +http://ahrefs.com/robot/)" "www.ysfine.com"
96.224.252.7 - - [08/Jan/2023:20:38:51 -0800] "GET /kowar/tanks/m01.jpg HTTP/1.1" 200 69092 "https://www.google.com/" "Mozilla/5.0 (Windows NT 10.0; Win64; x64) AppleWebKit/537.36 (KHTML, like Gecko) Chrome/108.0.0.0 Safari/537.36" "ysfine.com"
207.46.13.176 - - [08/Jan/2023:20:39:13 -0800] "GET /bio/princeton/yspr.html HTTP/1.1" 404 88 "-" "Mozilla/5.0 AppleWebKit/537.36 (KHTML, like Gecko; compatible; bingbot/2.0; +http://www.bing.com/bingbot.htm) Chrome/103.0.5060.134 Safari/537.36" "ysfine.com"
207.46.13.31 - - [08/Jan/2023:20:41:02 -0800] "GET /bio/harmoarchi.html HTTP/1.1" 404 88 "-" "Mozilla/5.0 (compatible; bingbot/2.0; +http://www.bing.com/bingbot.htm)" "ysfine.com"
207.46.13.143 - - [08/Jan/2023:20:42:35 -0800] "GET /bio05.html HTTP/1.1" 200 7091 "-" "Mozilla/5.0 AppleWebKit/537.36 (KHTML, like Gecko; compatible; bingbot/2.0; +http://www.bing.com/bingbot.htm) Chrome/103.0.5060.134 Safari/537.36" "ysfine.com"
157.34.74.177 - - [08/Jan/2023:20:43:01 -0800] "GET /einstein/evol.html HTTP/1.1" 200 3830 "https://www.google.com/" "Mozilla/5.0 (Linux; Android 12; SM-M317F) AppleWebKit/537.36 (KHTML, like Gecko) Chrome/96.0.4664.104 Mobile Safari/537.36" "ysfine.com"
157.34.74.177 - - [08/Jan/2023:20:43:02 -0800] "GET /einstein/jsbell01b.jpg HTTP/1.1" 200 33090 "https://ysfine.com/einstein/evol.html" "Mozilla/5.0 (Linux; Android 12; SM-M317F) AppleWebKit/537.36 (KHTML, like Gecko) Chrome/96.0.4664.104 Mobile Safari/537.36" "ysfine.com"
157.34.74.177 - - [08/Jan/2023:20:43:02 -0800] "GET /feynman/feygell66b.jpg HTTP/1.1" 200 28843 "https://ysfine.com/einstein/evol.html" "Mozilla/5.0 (Linux; Android 12; SM-M317F) AppleWebKit/537.36 (KHTML, like Gecko) Chrome/96.0.4664.104 Mobile Safari/537.36" "ysfine.com"
157.34.74.177 - - [08/Jan/2023:20:43:02 -0800] "GET /einstein/evol77b.jpg HTTP/1.1" 200 52737 "https://ysfine.com/einstein/evol.html" "Mozilla/5.0 (Linux; Android 12; SM-M317F) AppleWebKit/537.36 (KHTML, like Gecko) Chrome/96.0.4664.104 Mobile Safari/537.36" "ysfine.com"
157.34.74.177 - - [08/Jan/2023:20:43:06 -0800] "GET /favicon.ico HTTP/1.1" 404 88 "https://ysfine.com/einstein/evol.html" "Mozilla/5.0 (Linux; Android 12; SM-M317F) AppleWebKit/537.36 (KHTML, like Gecko) Chrome/96.0.4664.104 Mobile Safari/537.36" "ysfine.com"
157.34.74.177 - - [08/Jan/2023:20:43:13 -0800] "GET /einstein/locoher88b.jpg HTTP/1.1" 200 39979 "https://ysfine.com/einstein/evol.html" "Mozilla/5.0 (Linux; Android 12; SM-M317F) AppleWebKit/537.36 (KHTML, like Gecko) Chrome/96.0.4664.104 Mobile Safari/537.36" "ysfine.com"
157.34.74.177 - - [08/Jan/2023:20:43:13 -0800] "GET /einstein/locoher22b.jpg HTTP/1.1" 200 48458 "https://ysfine.com/einstein/evol.html" "Mozilla/5.0 (Linux; Android 12; SM-M317F) AppleWebKit/537.36 (KHTML, like Gecko) Chrome/96.0.4664.104 Mobile Safari/537.36" "ysfine.com"
157.34.74.177 - - [08/Jan/2023:20:43:13 -0800] "GET /einstein/locoher11b.jpg HTTP/1.1" 200 46469 "https://ysfine.com/einstein/evol.html" "Mozilla/5.0 (Linux; Android 12; SM-M317F) AppleWebKit/537.36 (KHTML, like Gecko) Chrome/96.0.4664.104 Mobile Safari/537.36" "ysfine.com"
157.34.74.177 - - [08/Jan/2023:20:43:21 -0800] "GET /maga/phys/yukafeyn2.jpg HTTP/1.1" 200 36709 "https://ysfine.com/einstein/evol.html" "Mozilla/5.0 (Linux; Android 12; SM-M317F) AppleWebKit/537.36 (KHTML, like Gecko) Chrome/96.0.4664.104 Mobile Safari/537.36" "ysfine.com"
157.34.74.177 - - [08/Jan/2023:20:43:22 -0800] "GET /eink/eink61c.jpg HTTP/1.1" 200 34119 "https://ysfine.com/einstein/evol.html" "Mozilla/5.0 (Linux; Android 12; SM-M317F) AppleWebKit/537.36 (KHTML, like Gecko) Chrome/96.0.4664.104 Mobile Safari/537.36" "ysfine.com"
107.77.206.55 - - [08/Jan/2023:20:43:49 -0800] "GET /princeton/alexan11.jpg HTTP/1.1" 200 118946 "https://www.google.com/" "Mozilla/5.0 (iPhone; CPU iPhone OS 15_6_1 like Mac OS X) AppleWebKit/605.1.15 (KHTML, like Gecko) GSA/243.0.495136164 Mobile/19G82 Safari/604.1" "ysfine.com"
174.203.109.130 - - [08/Jan/2023:20:44:22 -0800] "GET /usca/pitt/oldterm22.jpg HTTP/1.1" 200 205233 "https://www.google.com/" "Mozilla/5.0 (Linux; Android 12; SM-A515U Build/SP1A.210812.016; wv) AppleWebKit/537.36 (KHTML, like Gecko) Version/4.0 Chrome/99.0.4844.88 Mobile Safari/537.36 GoogleApp/13.11.10.23.arm64" "ysfine.com"
103.167.92.30 - - [08/Jan/2023:20:44:43 -0800] "GET /jobs/koreaj.html HTTP/1.1" 200 5358 "-" "Mozilla/5.0 (Windows NT 10.0; Win64; x64; rv:102.0) Gecko/20100101 Firefox/102.0" "ysfine.com"
107.77.206.55 - - [08/Jan/2023:20:44:43 -0800] "GET /princeton/nasshall06.jpg HTTP/1.1" 200 145090 "https://www.google.com/" "Mozilla/5.0 (iPhone; CPU iPhone OS 15_6_1 like Mac OS X) AppleWebKit/605.1.15 (KHTML, like Gecko) GSA/243.0.495136164 Mobile/19G82 Safari/604.1" "ysfine.com"
207.46.13.31 - - [08/Jan/2023:20:48:02 -0800] "GET /world/china/guang02.jpg HTTP/1.1" 200 115140 "-" "Mozilla/5.0 AppleWebKit/537.36 (KHTML, like Gecko; compatible; bingbot/2.0; +http://www.bing.com/bingbot.htm) Chrome/103.0.5060.134 Safari/537.36" "www.ysfine.com"
172.58.108.211 - - [08/Jan/2023:20:49:15 -0800] "GET /world/brit/etonharrow.html HTTP/1.1" 200 4544 "https://www.google.com/" "Mozilla/5.0 (Linux; Android 13; SM-N986U) AppleWebKit/537.36 (KHTML, like Gecko) Chrome/108.0.0.0 Mobile Safari/537.36" "ysfine.com"
172.58.108.211 - - [08/Jan/2023:20:49:15 -0800] "GET /world/brit/nehru11b.jpg HTTP/1.1" 200 43052 "https://ysfine.com/world/brit/etonharrow.html" "Mozilla/5.0 (Linux; Android 13; SM-N986U) AppleWebKit/537.36 (KHTML, like Gecko) Chrome/108.0.0.0 Mobile Safari/537.36" "ysfine.com"
172.58.108.211 - - [08/Jan/2023:20:49:15 -0800] "GET /kobak/kwk11b.jpg HTTP/1.1" 200 46888 "https://ysfine.com/world/brit/etonharrow.html" "Mozilla/5.0 (Linux; Android 13; SM-N986U) AppleWebKit/537.36 (KHTML, like Gecko) Chrome/108.0.0.0 Mobile Safari/537.36" "ysfine.com"
172.58.108.211 - - [08/Jan/2023:20:49:15 -0800] "GET /world/brit/winston01b.jpg HTTP/1.1" 200 38436 "https://ysfine.com/world/brit/etonharrow.html" "Mozilla/5.0 (Linux; Android 13; SM-N986U) AppleWebKit/537.36 (KHTML, like Gecko) Chrome/108.0.0.0 Mobile Safari/537.36" "ysfine.com"
172.58.108.211 - - [08/Jan/2023:20:49:15 -0800] "GET /world/brit/eton07b.jpg HTTP/1.1" 200 36566 "https://ysfine.com/world/brit/etonharrow.html" "Mozilla/5.0 (Linux; Android 13; SM-N986U) AppleWebKit/537.36 (KHTML, like Gecko) Chrome/108.0.0.0 Mobile Safari/537.36" "ysfine.com"
172.58.108.211 - - [08/Jan/2023:20:49:15 -0800] "GET /world/brit/eton02b.jpg HTTP/1.1" 200 39432 "https://ysfine.com/world/brit/etonharrow.html" "Mozilla/5.0 (Linux; Android 13; SM-N986U) AppleWebKit/537.36 (KHTML, like Gecko) Chrome/108.0.0.0 Mobile Safari/537.36" "ysfine.com"
172.58.108.211 - - [08/Jan/2023:20:49:15 -0800] "GET /world/brit/eton01b.jpg HTTP/1.1" 200 47771 "https://ysfine.com/world/brit/etonharrow.html" "Mozilla/5.0 (Linux; Android 13; SM-N986U) AppleWebKit/537.36 (KHTML, like Gecko) Chrome/108.0.0.0 Mobile Safari/537.36" "ysfine.com"
172.58.108.211 - - [08/Jan/2023:20:49:15 -0800] "GET /world/brit/harrow04b.jpg HTTP/1.1" 200 48004 "https://ysfine.com/world/brit/etonharrow.html" "Mozilla/5.0 (Linux; Android 13; SM-N986U) AppleWebKit/537.36 (KHTML, like Gecko) Chrome/108.0.0.0 Mobile Safari/537.36" "ysfine.com"
172.58.108.211 - - [08/Jan/2023:20:49:15 -0800] "GET /eink/pwk19c.jpg HTTP/1.1" 200 57759 "https://ysfine.com/world/brit/etonharrow.html" "Mozilla/5.0 (Linux; Android 13; SM-N986U) AppleWebKit/537.36 (KHTML, like Gecko) Chrome/108.0.0.0 Mobile Safari/537.36" "ysfine.com"
172.58.108.211 - - [08/Jan/2023:20:49:15 -0800] "GET /kobak/taylor33c.jpg HTTP/1.1" 200 39951 "https://ysfine.com/world/brit/etonharrow.html" "Mozilla/5.0 (Linux; Android 13; SM-N986U) AppleWebKit/537.36 (KHTML, like Gecko) Chrome/108.0.0.0 Mobile Safari/537.36" "ysfine.com"
172.58.108.211 - - [08/Jan/2023:20:49:15 -0800] "GET /world/brit/windsor02b.jpg HTTP/1.1" 200 40724 "https://ysfine.com/world/brit/etonharrow.html" "Mozilla/5.0 (Linux; Android 13; SM-N986U) AppleWebKit/537.36 (KHTML, like Gecko) Chrome/108.0.0.0 Mobile Safari/537.36" "ysfine.com"
172.58.108.211 - - [08/Jan/2023:20:49:15 -0800] "GET /world/brit/eton03b.jpg HTTP/1.1" 200 45141 "https://ysfine.com/world/brit/etonharrow.html" "Mozilla/5.0 (Linux; Android 13; SM-N986U) AppleWebKit/537.36 (KHTML, like Gecko) Chrome/108.0.0.0 Mobile Safari/537.36" "ysfine.com"
172.58.108.211 - - [08/Jan/2023:20:49:15 -0800] "GET /world/brit/harrow09b.jpg HTTP/1.1" 200 48797 "https://ysfine.com/world/brit/etonharrow.html" "Mozilla/5.0 (Linux; Android 13; SM-N986U) AppleWebKit/537.36 (KHTML, like Gecko) Chrome/108.0.0.0 Mobile Safari/537.36" "ysfine.com"
172.58.108.211 - - [08/Jan/2023:20:49:15 -0800] "GET /world/brit/harrow11b.jpg HTTP/1.1" 200 42533 "https://ysfine.com/world/brit/etonharrow.html" "Mozilla/5.0 (Linux; Android 13; SM-N986U) AppleWebKit/537.36 (KHTML, like Gecko) Chrome/108.0.0.0 Mobile Safari/537.36" "ysfine.com"
172.58.108.211 - - [08/Jan/2023:20:49:15 -0800] "GET /world/brit/harrow12b.jpg HTTP/1.1" 200 45104 "https://ysfine.com/world/brit/etonharrow.html" "Mozilla/5.0 (Linux; Android 13; SM-N986U) AppleWebKit/537.36 (KHTML, like Gecko) Chrome/108.0.0.0 Mobile Safari/537.36" "ysfine.com"
172.58.108.211 - - [08/Jan/2023:20:49:15 -0800] "GET /world/brit/harrow01b.jpg HTTP/1.1" 200 54632 "https://ysfine.com/world/brit/etonharrow.html" "Mozilla/5.0 (Linux; Android 13; SM-N986U) AppleWebKit/537.36 (KHTML, like Gecko) Chrome/108.0.0.0 Mobile Safari/537.36" "ysfine.com"
172.58.108.211 - - [08/Jan/2023:20:49:19 -0800] "GET /favicon.ico HTTP/1.1" 404 88 "https://ysfine.com/world/brit/etonharrow.html" "Mozilla/5.0 (Linux; Android 13; SM-N986U) AppleWebKit/537.36 (KHTML, like Gecko) Chrome/108.0.0.0 Mobile Safari/537.36" "ysfine.com"
51.222.253.14 - - [08/Jan/2023:20:49:23 -0800] "GET /remote/wigner111/frame59.html HTTP/1.1" 200 429 "-" "Mozilla/5.0 (compatible; AhrefsBot/7.0; +http://ahrefs.com/robot/)" "ysfine.com"
51.222.253.18 - - [08/Jan/2023:20:49:24 -0800] "GET /remote/wigner111/kim-59.jpg HTTP/1.1" 200 71315 "-" "Mozilla/5.0 (compatible; AhrefsBot/7.0; +http://ahrefs.com/robot/)" "ysfine.com"
65.109.8.119 - - [08/Jan/2023:20:50:02 -0800] "GET /world/brit/trafa01.jpg HTTP/1.1" 200 56317 "-" "Mozilla/5.0 (X11; Fedora; Linux x86_64) AppleWebKit/537.36 (KHTML, like Gecko) Chrome/79.0.3945.117 Safari/537.36" "ysfine.com"
71.91.181.201 - - [08/Jan/2023:20:50:16 -0800] "GET /princeton/alexan11.jpg HTTP/1.1" 200 118946 "https://www.google.com/" "Mozilla/5.0 (iPhone; CPU iPhone OS 16_1_2 like Mac OS X) AppleWebKit/605.1.15 (KHTML, like Gecko) GSA/243.0.495136164 Mobile/20B110 Safari/604.1" "ysfine.com"
40.77.167.49 - - [08/Jan/2023:20:50:28 -0800] "GET /bio/dirac/dirpoems.html HTTP/1.1" 404 88 "-" "Mozilla/5.0 AppleWebKit/537.36 (KHTML, like Gecko; compatible; bingbot/2.0; +http://www.bing.com/bingbot.htm) Chrome/103.0.5060.134 Safari/537.36" "ysfine.com"
136.226.235.90 - - [08/Jan/2023:20:51:17 -0800] "GET /articles/yukadirac80.pdf HTTP/1.1" 401 90 "https://ysfine.com/einstein/heisenberg.html" "Mozilla/5.0 (Windows NT 10.0; Win64; x64) AppleWebKit/537.36 (KHTML, like Gecko) Chrome/108.0.0.0 Safari/537.36" "ysfine.com"
136.226.235.90 - - [08/Jan/2023:20:51:24 -0800] "GET /articles/yukadirac80.pdf HTTP/1.1" 401 90 "https://ysfine.com/einstein/heisenberg.html" "Mozilla/5.0 (Windows NT 10.0; Win64; x64) AppleWebKit/537.36 (KHTML, like Gecko) Chrome/108.0.0.0 Safari/537.36" "ysfine.com"
136.226.235.90 - - [08/Jan/2023:20:51:30 -0800] "GET /maga/boltzmann.html HTTP/1.1" 200 6052 "https://ysfine.com/einstein/heisenberg.html" "Mozilla/5.0 (Windows NT 10.0; Win64; x64) AppleWebKit/537.36 (KHTML, like Gecko) Chrome/108.0.0.0 Safari/537.36" "ysfine.com"
136.226.235.90 - - [08/Jan/2023:20:51:30 -0800] "GET /maga/boltz/restof11.jpg HTTP/1.1" 200 39679 "https://ysfine.com/maga/boltzmann.html" "Mozilla/5.0 (Windows NT 10.0; Win64; x64) AppleWebKit/537.36 (KHTML, like Gecko) Chrome/108.0.0.0 Safari/537.36" "ysfine.com"
136.226.235.90 - - [08/Jan/2023:20:51:30 -0800] "GET /wigner/lunch91b.jpg HTTP/1.1" 200 52318 "https://ysfine.com/maga/boltzmann.html" "Mozilla/5.0 (Windows NT 10.0; Win64; x64) AppleWebKit/537.36 (KHTML, like Gecko) Chrome/108.0.0.0 Safari/537.36" "ysfine.com"
136.226.235.90 - - [08/Jan/2023:20:51:30 -0800] "GET /maga/boltz/boost11.jpg HTTP/1.1" 200 34116 "https://ysfine.com/maga/boltzmann.html" "Mozilla/5.0 (Windows NT 10.0; Win64; x64) AppleWebKit/537.36 (KHTML, like Gecko) Chrome/108.0.0.0 Safari/537.36" "ysfine.com"
136.226.235.90 - - [08/Jan/2023:20:51:30 -0800] "GET /kobak/taylor33c.jpg HTTP/1.1" 200 39951 "https://ysfine.com/maga/boltzmann.html" "Mozilla/5.0 (Windows NT 10.0; Win64; x64) AppleWebKit/537.36 (KHTML, like Gecko) Chrome/108.0.0.0 Safari/537.36" "ysfine.com"
136.226.235.90 - - [08/Jan/2023:20:51:30 -0800] "GET /maga/boltz/maxrel11b.jpg HTTP/1.1" 200 28313 "https://ysfine.com/maga/boltzmann.html" "Mozilla/5.0 (Windows NT 10.0; Win64; x64) AppleWebKit/537.36 (KHTML, like Gecko) Chrome/108.0.0.0 Safari/537.36" "ysfine.com"
136.226.235.90 - - [08/Jan/2023:20:51:30 -0800] "GET /maga/boltz/gauss11a.jpg HTTP/1.1" 200 22192 "https://ysfine.com/maga/boltzmann.html" "Mozilla/5.0 (Windows NT 10.0; Win64; x64) AppleWebKit/537.36 (KHTML, like Gecko) Chrome/108.0.0.0 Safari/537.36" "ysfine.com"
136.226.235.90 - - [08/Jan/2023:20:51:30 -0800] "GET /home/yscoup11b.jpg HTTP/1.1" 200 34138 "https://ysfine.com/maga/boltzmann.html" "Mozilla/5.0 (Windows NT 10.0; Win64; x64) AppleWebKit/537.36 (KHTML, like Gecko) Chrome/108.0.0.0 Safari/537.36" "ysfine.com"
136.226.235.90 - - [08/Jan/2023:20:51:30 -0800] "GET /wigner/wigsharp2.jpg HTTP/1.1" 200 34860 "https://ysfine.com/maga/boltzmann.html" "Mozilla/5.0 (Windows NT 10.0; Win64; x64) AppleWebKit/537.36 (KHTML, like Gecko) Chrome/108.0.0.0 Safari/537.36" "ysfine.com"
136.226.235.90 - - [08/Jan/2023:20:51:30 -0800] "GET /maga/boltz/qboil66a.jpg HTTP/1.1" 200 64414 "https://ysfine.com/maga/boltzmann.html" "Mozilla/5.0 (Windows NT 10.0; Win64; x64) AppleWebKit/537.36 (KHTML, like Gecko) Chrome/108.0.0.0 Safari/537.36" "ysfine.com"
136.226.235.90 - - [08/Jan/2023:20:51:30 -0800] "GET /maga/boltz/restof22a.jpg HTTP/1.1" 200 41645 "https://ysfine.com/maga/boltzmann.html" "Mozilla/5.0 (Windows NT 10.0; Win64; x64) AppleWebKit/537.36 (KHTML, like Gecko) Chrome/108.0.0.0 Safari/537.36" "ysfine.com"
136.226.235.90 - - [08/Jan/2023:20:51:30 -0800] "GET /maga/phys/vnm01b.jpg HTTP/1.1" 200 35878 "https://ysfine.com/maga/boltzmann.html" "Mozilla/5.0 (Windows NT 10.0; Win64; x64) AppleWebKit/537.36 (KHTML, like Gecko) Chrome/108.0.0.0 Safari/537.36" "ysfine.com"
136.226.235.90 - - [08/Jan/2023:20:51:30 -0800] "GET /einstein/einbohr11b.jpg HTTP/1.1" 200 37538 "https://ysfine.com/maga/boltzmann.html" "Mozilla/5.0 (Windows NT 10.0; Win64; x64) AppleWebKit/537.36 (KHTML, like Gecko) Chrome/108.0.0.0 Safari/537.36" "ysfine.com"
136.226.235.90 - - [08/Jan/2023:20:51:30 -0800] "GET /world/germany/vienna71b.jpg HTTP/1.1" 200 46089 "https://ysfine.com/maga/boltzmann.html" "Mozilla/5.0 (Windows NT 10.0; Win64; x64) AppleWebKit/537.36 (KHTML, like Gecko) Chrome/108.0.0.0 Safari/537.36" "ysfine.com"
136.226.235.90 - - [08/Jan/2023:20:51:30 -0800] "GET /wigner/isomor66b.jpg HTTP/1.1" 200 60963 "https://ysfine.com/maga/boltzmann.html" "Mozilla/5.0 (Windows NT 10.0; Win64; x64) AppleWebKit/537.36 (KHTML, like Gecko) Chrome/108.0.0.0 Safari/537.36" "ysfine.com"
136.226.235.90 - - [08/Jan/2023:20:51:30 -0800] "GET /einstein/bohradius11b.jpg HTTP/1.1" 200 39999 "https://ysfine.com/maga/boltzmann.html" "Mozilla/5.0 (Windows NT 10.0; Win64; x64) AppleWebKit/537.36 (KHTML, like Gecko) Chrome/108.0.0.0 Safari/537.36" "ysfine.com"
136.226.235.90 - - [08/Jan/2023:20:51:30 -0800] "GET /feynman/feybongo77b.jpg HTTP/1.1" 200 29724 "https://ysfine.com/maga/boltzmann.html" "Mozilla/5.0 (Windows NT 10.0; Win64; x64) AppleWebKit/537.36 (KHTML, like Gecko) Chrome/108.0.0.0 Safari/537.36" "ysfine.com"
136.226.235.90 - - [08/Jan/2023:20:51:30 -0800] "GET /world/germany/johannstra00b.jpg HTTP/1.1" 200 49436 "https://ysfine.com/maga/boltzmann.html" "Mozilla/5.0 (Windows NT 10.0; Win64; x64) AppleWebKit/537.36 (KHTML, like Gecko) Chrome/108.0.0.0 Safari/537.36" "ysfine.com"
136.226.235.90 - - [08/Jan/2023:20:51:30 -0800] "GET /maga/boltz/gauss22a.jpg HTTP/1.1" 200 33642 "https://ysfine.com/maga/boltzmann.html" "Mozilla/5.0 (Windows NT 10.0; Win64; x64) AppleWebKit/537.36 (KHTML, like Gecko) Chrome/108.0.0.0 Safari/537.36" "ysfine.com"
136.226.235.90 - - [08/Jan/2023:20:51:30 -0800] "GET /maga/boltz/boltz22b.jpg HTTP/1.1" 200 30861 "https://ysfine.com/maga/boltzmann.html" "Mozilla/5.0 (Windows NT 10.0; Win64; x64) AppleWebKit/537.36 (KHTML, like Gecko) Chrome/108.0.0.0 Safari/537.36" "ysfine.com"
136.226.235.90 - - [08/Jan/2023:20:51:30 -0800] "GET /maga/boltz/entro22b.jpg HTTP/1.1" 200 581794 "https://ysfine.com/maga/boltzmann.html" "Mozilla/5.0 (Windows NT 10.0; Win64; x64) AppleWebKit/537.36 (KHTML, like Gecko) Chrome/108.0.0.0 Safari/537.36" "ysfine.com"
207.46.13.176 - - [08/Jan/2023:20:51:53 -0800] "GET /beau/ukrabuda01.jpg HTTP/1.1" 404 88 "-" "Mozilla/5.0 (compatible; bingbot/2.0; +http://www.bing.com/bingbot.htm)" "ysfine.com"
108.24.74.101 - - [08/Jan/2023:20:52:07 -0800] "GET /maga/phil/herod11b.jpg HTTP/1.1" 200 152001 "-" "Mozilla/5.0 (Macintosh; Intel Mac OS X 10_12_6) AppleWebKit/605.1.15 (KHTML, like Gecko) Version/12.1.2 Safari/605.1.15" "ysfine.com"
185.191.171.5 - - [08/Jan/2023:20:52:08 -0800] "GET /robots.txt HTTP/1.1" 404 88 "-" "Mozilla/5.0 (compatible; SemrushBot/7~bl; +http://www.semrush.com/bot.html)" "ysfine.com"
185.191.171.36 - - [08/Jan/2023:20:52:08 -0800] "GET /people/pimage.html HTTP/1.1" 200 7959 "-" "Mozilla/5.0 (compatible; SemrushBot/7~bl; +http://www.semrush.com/bot.html)" "ysfine.com"
108.24.74.101 - - [08/Jan/2023:20:52:23 -0800] "GET /maga/phil/herod11b.jpg HTTP/1.1" 200 152001 "-" "Mozilla/5.0 (Macintosh; Intel Mac OS X 10_12_6) AppleWebKit/605.1.15 (KHTML, like Gecko) Version/12.1.2 Safari/605.1.15" "ysfine.com"
108.24.74.101 - - [08/Jan/2023:20:52:23 -0800] "GET /maga/phil/herod11b.jpg HTTP/1.1" 200 152001 "-" "Mozilla/5.0 (Macintosh; Intel Mac OS X 10_12_6) AppleWebKit/605.1.15 (KHTML, like Gecko) Version/12.1.2 Safari/605.1.15" "ysfine.com"
108.24.74.101 - - [08/Jan/2023:20:52:29 -0800] "GET /maga/phil/herod11b.jpg HTTP/1.1" 200 152001 "-" "Mozilla/5.0 (Macintosh; Intel Mac OS X 10_12_6) AppleWebKit/605.1.15 (KHTML, like Gecko) Version/12.1.2 Safari/605.1.15" "ysfine.com"
108.24.74.101 - - [08/Jan/2023:20:52:31 -0800] "GET /maga/phil/herod11b.jpg HTTP/1.1" 200 152001 "-" "Mozilla/5.0 (Macintosh; Intel Mac OS X 10_12_6) AppleWebKit/605.1.15 (KHTML, like Gecko) Version/12.1.2 Safari/605.1.15" "ysfine.com"
108.24.74.101 - - [08/Jan/2023:20:52:28 -0800] "GET /maga/phil/herod11b.jpg HTTP/1.1" 200 152001 "-" "Mozilla/5.0 (Macintosh; Intel Mac OS X 10_12_6) AppleWebKit/605.1.15 (KHTML, like Gecko) Version/12.1.2 Safari/605.1.15" "ysfine.com"
207.46.13.31 - - [08/Jan/2023:20:52:43 -0800] "GET /princeton/brooke87.jpg HTTP/1.1" 200 174753 "-" "Mozilla/5.0 (compatible; bingbot/2.0; +http://www.bing.com/bingbot.htm)" "ysfine.com"
114.119.145.154 - - [08/Jan/2023:20:52:51 -0800] "GET /newyork/chrysler11c.jpg HTTP/1.1" 200 52041 "https://ysfine.com/newyork/nyc.html" "Mozilla/5.0 (Linux; Android 7.0;) AppleWebKit/537.36 (KHTML, like Gecko) Mobile Safari/537.36 (compatible; PetalBot;+https://webmaster.petalsearch.com/site/petalbot)" "ysfine.com"
207.46.13.31 - - [08/Jan/2023:20:53:23 -0800] "GET /bio/feynman/fthtop.html HTTP/1.1" 404 88 "-" "Mozilla/5.0 AppleWebKit/537.36 (KHTML, like Gecko; compatible; bingbot/2.0; +http://www.bing.com/bingbot.htm) Chrome/103.0.5060.134 Safari/537.36" "ysfine.com"
157.55.39.149 - - [08/Jan/2023:20:53:47 -0800] "GET /home/top21c.jpg HTTP/1.1" 200 53120 "-" "Mozilla/5.0 AppleWebKit/537.36 (KHTML, like Gecko; compatible; bingbot/2.0; +http://www.bing.com/bingbot.htm) Chrome/103.0.5060.134 Safari/537.36" "www.ysfine.com"
207.46.13.176 - - [08/Jan/2023:20:54:05 -0800] "GET /bio/world/kalinin22.html HTTP/1.1" 404 88 "-" "Mozilla/5.0 (compatible; bingbot/2.0; +http://www.bing.com/bingbot.htm)" "ysfine.com"
108.24.74.101 - - [08/Jan/2023:20:54:20 -0800] "GET /maga/phil/herod11b.jpg HTTP/1.1" 200 152001 "-" "Mozilla/5.0 (Macintosh; Intel Mac OS X 10_12_6) AppleWebKit/605.1.15 (KHTML, like Gecko) Version/12.1.2 Safari/605.1.15" "ysfine.com"
114.119.140.29 - - [08/Jan/2023:20:54:22 -0800] "GET /class54/class5470/total_data/photo_img/8-149.jpg HTTP/1.1" 200 195927 "https://ysfine.com/class54/class5470/total_data/sub_8149.htm" "Mozilla/5.0 (Linux; Android 7.0;) AppleWebKit/537.36 (KHTML, like Gecko) Mobile Safari/537.36 (compatible; PetalBot;+https://webmaster.petalsearch.com/site/petalbot)" "ysfine.com"
108.24.74.101 - - [08/Jan/2023:20:54:21 -0800] "GET /maga/phil/herod11b.jpg HTTP/1.1" 200 152001 "-" "Mozilla/5.0 (Macintosh; Intel Mac OS X 10_12_6) AppleWebKit/605.1.15 (KHTML, like Gecko) Version/12.1.2 Safari/605.1.15" "ysfine.com"
174.20.109.201 - - [08/Jan/2023:20:54:14 -0800] "GET /princeton/alexan22.jpg HTTP/1.1" 200 175436 "https://www.google.com/" "Mozilla/5.0 (X11; CrOS x86_64 15183.69.0) AppleWebKit/537.36 (KHTML, like Gecko) Chrome/108.0.0.0 Safari/537.36" "ysfine.com"
108.24.74.101 - - [08/Jan/2023:20:54:31 -0800] "GET /maga/phil/herod33b.jpg HTTP/1.1" 200 89384 "-" "Mozilla/5.0 (Macintosh; Intel Mac OS X 10_12_6) AppleWebKit/605.1.15 (KHTML, like Gecko) Version/12.1.2 Safari/605.1.15" "www.ysfine.com"
5.255.241.227 - - [08/Jan/2023:20:54:37 -0800] "GET /kobak/rhee12.jpg HTTP/1.1" 200 235392 "-" "Mozilla/5.0 (compatible; YandexImageResizer/2.0; +http://yandex.com/bots)" "www.ysfine.com"
108.24.74.101 - - [08/Jan/2023:20:54:44 -0800] "GET /maga/phil/herod33b.jpg HTTP/1.1" 200 89384 "-" "Mozilla/5.0 (Macintosh; Intel Mac OS X 10_12_6) AppleWebKit/605.1.15 (KHTML, like Gecko) Version/12.1.2 Safari/605.1.15" "www.ysfine.com"
40.77.167.17 - - [08/Jan/2023:20:55:19 -0800] "GET /world/germany/hegel03.jpg HTTP/1.1" 200 211480 "-" "Mozilla/5.0 AppleWebKit/537.36 (KHTML, like Gecko; compatible; bingbot/2.0; +http://www.bing.com/bingbot.htm) Chrome/103.0.5060.134 Safari/537.36" "ysfine.com"
40.77.167.49 - - [08/Jan/2023:20:55:48 -0800] "GET /bio/kobak/shortw.html HTTP/1.1" 404 88 "-" "Mozilla/5.0 AppleWebKit/537.36 (KHTML, like Gecko; compatible; bingbot/2.0; +http://www.bing.com/bingbot.htm) Chrome/103.0.5060.134 Safari/537.36" "ysfine.com"
114.119.147.2 - - [08/Jan/2023:20:55:52 -0800] "GET /awards/whoswho11f.jpg HTTP/1.1" 200 86318 "https://www.ysfine.com/awards/index.html" "Mozilla/5.0 (Linux; Android 7.0;) AppleWebKit/537.36 (KHTML, like Gecko) Mobile Safari/537.36 (compatible; PetalBot;+https://webmaster.petalsearch.com/site/petalbot)" "www.ysfine.com"
103.136.57.197 - - [08/Jan/2023:20:56:43 -0800] "GET /kowar/tanks/tank03.jpg HTTP/1.1" 200 106726 "https://www.google.com/" "Mozilla/5.0 (Windows NT 10.0; Win64; x64) AppleWebKit/537.36 (KHTML, like Gecko) Chrome/108.0.0.0 Safari/537.36 Edg/108.0.1462.76" "ysfine.com"
207.46.13.176 - - [08/Jan/2023:20:56:55 -0800] "GET /bio/home.html HTTP/1.1" 404 88 "-" "Mozilla/5.0 AppleWebKit/537.36 (KHTML, like Gecko; compatible; bingbot/2.0; +http://www.bing.com/bingbot.htm) Chrome/103.0.5060.134 Safari/537.36" "ysfine.com"
136.226.235.90 - - [08/Jan/2023:20:57:28 -0800] "GET /home/index.html HTTP/1.1" 200 142 "https://ysfine.com/maga/boltzmann.html" "Mozilla/5.0 (Windows NT 10.0; Win64; x64) AppleWebKit/537.36 (KHTML, like Gecko) Chrome/108.0.0.0 Safari/537.36" "ysfine.com"
136.226.235.90 - - [08/Jan/2023:20:57:28 -0800] "GET /home/hmbot.html HTTP/1.1" 200 132 "https://ysfine.com/home/index.html" "Mozilla/5.0 (Windows NT 10.0; Win64; x64) AppleWebKit/537.36 (KHTML, like Gecko) Chrome/108.0.0.0 Safari/537.36" "ysfine.com"
136.226.235.90 - - [08/Jan/2023:20:57:29 -0800] "GET /home/hmleft.html HTTP/1.1" 200 853 "https://ysfine.com/home/hmbot.html" "Mozilla/5.0 (Windows NT 10.0; Win64; x64) AppleWebKit/537.36 (KHTML, like Gecko) Chrome/108.0.0.0 Safari/537.36" "ysfine.com"
136.226.235.90 - - [08/Jan/2023:20:57:28 -0800] "GET /home/hmtop.html HTTP/1.1" 200 447 "https://ysfine.com/home/index.html" "Mozilla/5.0 (Windows NT 10.0; Win64; x64) AppleWebKit/537.36 (KHTML, like Gecko) Chrome/108.0.0.0 Safari/537.36" "ysfine.com"
136.226.235.90 - - [08/Jan/2023:20:57:32 -0800] "GET /home/hmrigh.html HTTP/1.1" 200 4200 "https://ysfine.com/home/hmbot.html" "Mozilla/5.0 (Windows NT 10.0; Win64; x64) AppleWebKit/537.36 (KHTML, like Gecko) Chrome/108.0.0.0 Safari/537.36" "ysfine.com"
136.226.235.90 - - [08/Jan/2023:20:57:32 -0800] "GET /home/top21c.jpg HTTP/1.1" 200 53120 "https://ysfine.com/home/hmrigh.html" "Mozilla/5.0 (Windows NT 10.0; Win64; x64) AppleWebKit/537.36 (KHTML, like Gecko) Chrome/108.0.0.0 Safari/537.36" "ysfine.com"
136.226.235.90 - - [08/Jan/2023:20:57:32 -0800] "GET /home/eink77c.jpg HTTP/1.1" 200 47471 "https://ysfine.com/home/hmrigh.html" "Mozilla/5.0 (Windows NT 10.0; Win64; x64) AppleWebKit/537.36 (KHTML, like Gecko) Chrome/108.0.0.0 Safari/537.36" "ysfine.com"
136.226.235.90 - - [08/Jan/2023:20:57:32 -0800] "GET /eink/einhaus33c.jpg HTTP/1.1" 200 23792 "https://ysfine.com/home/hmrigh.html" "Mozilla/5.0 (Windows NT 10.0; Win64; x64) AppleWebKit/537.36 (KHTML, like Gecko) Chrome/108.0.0.0 Safari/537.36" "ysfine.com"
136.226.235.90 - - [08/Jan/2023:20:57:32 -0800] "GET /home/comet50a.jpg HTTP/1.1" 200 52015 "https://ysfine.com/home/hmrigh.html" "Mozilla/5.0 (Windows NT 10.0; Win64; x64) AppleWebKit/537.36 (KHTML, like Gecko) Chrome/108.0.0.0 Safari/537.36" "ysfine.com"
136.226.235.90 - - [08/Jan/2023:20:57:32 -0800] "GET /home/socrates55c.jpg HTTP/1.1" 200 36471 "https://ysfine.com/home/hmrigh.html" "Mozilla/5.0 (Windows NT 10.0; Win64; x64) AppleWebKit/537.36 (KHTML, like Gecko) Chrome/108.0.0.0 Safari/537.36" "ysfine.com"
136.226.235.90 - - [08/Jan/2023:20:57:32 -0800] "GET /home/coke300.jpg HTTP/1.1" 200 50941 "https://ysfine.com/home/hmrigh.html" "Mozilla/5.0 (Windows NT 10.0; Win64; x64) AppleWebKit/537.36 (KHTML, like Gecko) Chrome/108.0.0.0 Safari/537.36" "ysfine.com"
136.226.235.90 - - [08/Jan/2023:20:57:32 -0800] "GET /home/further22a.jpg HTTP/1.1" 200 75776 "https://ysfine.com/home/hmrigh.html" "Mozilla/5.0 (Windows NT 10.0; Win64; x64) AppleWebKit/537.36 (KHTML, like Gecko) Chrome/108.0.0.0 Safari/537.36" "ysfine.com"
136.226.235.90 - - [08/Jan/2023:20:57:32 -0800] "GET /eink/eink54a.jpg HTTP/1.1" 200 79717 "https://ysfine.com/home/hmrigh.html" "Mozilla/5.0 (Windows NT 10.0; Win64; x64) AppleWebKit/537.36 (KHTML, like Gecko) Chrome/108.0.0.0 Safari/537.36" "ysfine.com"
136.226.235.90 - - [08/Jan/2023:20:57:32 -0800] "GET /home/emc22a.jpg HTTP/1.1" 200 59239 "https://ysfine.com/home/hmrigh.html" "Mozilla/5.0 (Windows NT 10.0; Win64; x64) AppleWebKit/537.36 (KHTML, like Gecko) Chrome/108.0.0.0 Safari/537.36" "ysfine.com"
136.226.235.90 - - [08/Jan/2023:20:57:32 -0800] "GET /home/think55c.jpg HTTP/1.1" 200 37438 "https://ysfine.com/home/hmrigh.html" "Mozilla/5.0 (Windows NT 10.0; Win64; x64) AppleWebKit/537.36 (KHTML, like Gecko) Chrome/108.0.0.0 Safari/537.36" "ysfine.com"
136.226.235.90 - - [08/Jan/2023:20:57:32 -0800] "GET /eink/einhaus11c.jpg HTTP/1.1" 200 42522 "https://ysfine.com/home/hmrigh.html" "Mozilla/5.0 (Windows NT 10.0; Win64; x64) AppleWebKit/537.36 (KHTML, like Gecko) Chrome/108.0.0.0 Safari/537.36" "ysfine.com"
136.226.235.90 - - [08/Jan/2023:20:57:32 -0800] "GET /awards/eward55a.jpg HTTP/1.1" 200 85213 "https://ysfine.com/home/hmrigh.html" "Mozilla/5.0 (Windows NT 10.0; Win64; x64) AppleWebKit/537.36 (KHTML, like Gecko) Chrome/108.0.0.0 Safari/537.36" "ysfine.com"
136.226.235.90 - - [08/Jan/2023:20:57:32 -0800] "GET /home/facu63c.jpg HTTP/1.1" 200 41710 "https://ysfine.com/home/hmrigh.html" "Mozilla/5.0 (Windows NT 10.0; Win64; x64) AppleWebKit/537.36 (KHTML, like Gecko) Chrome/108.0.0.0 Safari/537.36" "ysfine.com"
136.226.235.90 - - [08/Jan/2023:20:57:32 -0800] "GET /home/figs/einbohr33c.jpg HTTP/1.1" 200 36413 "https://ysfine.com/home/hmrigh.html" "Mozilla/5.0 (Windows NT 10.0; Win64; x64) AppleWebKit/537.36 (KHTML, like Gecko) Chrome/108.0.0.0 Safari/537.36" "ysfine.com"
136.226.235.90 - - [08/Jan/2023:20:57:32 -0800] "GET /home/tollwig11c.jpg HTTP/1.1" 200 28199 "https://ysfine.com/home/hmrigh.html" "Mozilla/5.0 (Windows NT 10.0; Win64; x64) AppleWebKit/537.36 (KHTML, like Gecko) Chrome/108.0.0.0 Safari/537.36" "ysfine.com"
136.226.235.90 - - [08/Jan/2023:20:58:12 -0800] "GET /wigner/yswig.html HTTP/1.1" 200 7067 "https://ysfine.com/home/hmleft.html" "Mozilla/5.0 (Windows NT 10.0; Win64; x64) AppleWebKit/537.36 (KHTML, like Gecko) Chrome/108.0.0.0 Safari/537.36" "ysfine.com"
136.226.235.90 - - [08/Jan/2023:20:58:13 -0800] "GET /wigner/wigein11c.jpg HTTP/1.1" 200 25010 "https://ysfine.com/wigner/yswig.html" "Mozilla/5.0 (Windows NT 10.0; Win64; x64) AppleWebKit/537.36 (KHTML, like Gecko) Chrome/108.0.0.0 Safari/537.36" "ysfine.com"
136.226.235.90 - - [08/Jan/2023:20:58:13 -0800] "GET /einstein/einbohr55a.jpg HTTP/1.1" 200 107592 "https://ysfine.com/wigner/yswig.html" "Mozilla/5.0 (Windows NT 10.0; Win64; x64) AppleWebKit/537.36 (KHTML, like Gecko) Chrome/108.0.0.0 Safari/537.36" "ysfine.com"
136.226.235.90 - - [08/Jan/2023:20:58:13 -0800] "GET /wigner/ewk22a.jpg HTTP/1.1" 200 71714 "https://ysfine.com/wigner/yswig.html" "Mozilla/5.0 (Windows NT 10.0; Win64; x64) AppleWebKit/537.36 (KHTML, like Gecko) Chrome/108.0.0.0 Safari/537.36" "ysfine.com"
136.226.235.90 - - [08/Jan/2023:20:58:13 -0800] "GET /feynman/feyn70cc.jpg HTTP/1.1" 200 19224 "https://ysfine.com/wigner/yswig.html" "Mozilla/5.0 (Windows NT 10.0; Win64; x64) AppleWebKit/537.36 (KHTML, like Gecko) Chrome/108.0.0.0 Safari/537.36" "ysfine.com"
136.226.235.90 - - [08/Jan/2023:20:58:13 -0800] "GET /wigner/isomor87c.jpg HTTP/1.1" 200 48973 "https://ysfine.com/wigner/yswig.html" "Mozilla/5.0 (Windows NT 10.0; Win64; x64) AppleWebKit/537.36 (KHTML, like Gecko) Chrome/108.0.0.0 Safari/537.36" "ysfine.com"
136.226.235.90 - - [08/Jan/2023:20:58:13 -0800] "GET /eink/ewk86a.jpg HTTP/1.1" 200 70895 "https://ysfine.com/wigner/yswig.html" "Mozilla/5.0 (Windows NT 10.0; Win64; x64) AppleWebKit/537.36 (KHTML, like Gecko) Chrome/108.0.0.0 Safari/537.36" "ysfine.com"
136.226.235.90 - - [08/Jan/2023:20:58:13 -0800] "GET /wigner/michwight11c.jpg HTTP/1.1" 200 38388 "https://ysfine.com/wigner/yswig.html" "Mozilla/5.0 (Windows NT 10.0; Win64; x64) AppleWebKit/537.36 (KHTML, like Gecko) Chrome/108.0.0.0 Safari/537.36" "ysfine.com"
136.226.235.90 - - [08/Jan/2023:20:58:13 -0800] "GET /wigner/isomor90c.jpg HTTP/1.1" 200 32970 "https://ysfine.com/wigner/yswig.html" "Mozilla/5.0 (Windows NT 10.0; Win64; x64) AppleWebKit/537.36 (KHTML, like Gecko) Chrome/108.0.0.0 Safari/537.36" "ysfine.com"
136.226.235.90 - - [08/Jan/2023:20:58:13 -0800] "GET /feynman/ppic/parton33a.jpg HTTP/1.1" 200 68290 "https://ysfine.com/wigner/yswig.html" "Mozilla/5.0 (Windows NT 10.0; Win64; x64) AppleWebKit/537.36 (KHTML, like Gecko) Chrome/108.0.0.0 Safari/537.36" "ysfine.com"
136.226.235.90 - - [08/Jan/2023:20:58:13 -0800] "GET /wigner/isomor39c.jpg HTTP/1.1" 200 48288 "https://ysfine.com/wigner/yswig.html" "Mozilla/5.0 (Windows NT 10.0; Win64; x64) AppleWebKit/537.36 (KHTML, like Gecko) Chrome/108.0.0.0 Safari/537.36" "ysfine.com"
136.226.235.90 - - [08/Jan/2023:20:58:13 -0800] "GET /wigner/dirwig33c.jpg HTTP/1.1" 200 30043 "https://ysfine.com/wigner/yswig.html" "Mozilla/5.0 (Windows NT 10.0; Win64; x64) AppleWebKit/537.36 (KHTML, like Gecko) Chrome/108.0.0.0 Safari/537.36" "ysfine.com"
136.226.235.90 - - [08/Jan/2023:20:58:13 -0800] "GET /home/goodbad55c.jpg HTTP/1.1" 200 24415 "https://ysfine.com/wigner/yswig.html" "Mozilla/5.0 (Windows NT 10.0; Win64; x64) AppleWebKit/537.36 (KHTML, like Gecko) Chrome/108.0.0.0 Safari/537.36" "ysfine.com"
136.226.235.90 - - [08/Jan/2023:20:58:13 -0800] "GET /wigner/wigwein33c.jpg HTTP/1.1" 200 47176 "https://ysfine.com/wigner/yswig.html" "Mozilla/5.0 (Windows NT 10.0; Win64; x64) AppleWebKit/537.36 (KHTML, like Gecko) Chrome/108.0.0.0 Safari/537.36" "ysfine.com"
136.226.235.90 - - [08/Jan/2023:20:58:13 -0800] "GET /wigner/wigneu300.jpg HTTP/1.1" 200 39804 "https://ysfine.com/wigner/yswig.html" "Mozilla/5.0 (Windows NT 10.0; Win64; x64) AppleWebKit/537.36 (KHTML, like Gecko) Chrome/108.0.0.0 Safari/537.36" "ysfine.com"
136.226.235.90 - - [08/Jan/2023:20:58:13 -0800] "GET /einstein/newtein11a.jpg HTTP/1.1" 200 58594 "https://ysfine.com/wigner/yswig.html" "Mozilla/5.0 (Windows NT 10.0; Win64; x64) AppleWebKit/537.36 (KHTML, like Gecko) Chrome/108.0.0.0 Safari/537.36" "ysfine.com"
66.249.66.158 - - [08/Jan/2023:20:58:14 -0800] "GET /robots.txt HTTP/1.1" 404 88 "-" "Mozilla/5.0 (compatible; Googlebot/2.1; +http://www.google.com/bot.html)" "ysfine.com"
207.46.13.176 - - [08/Jan/2023:20:58:15 -0800] "GET /bio/kobak/soraech.html HTTP/1.1" 404 88 "-" "Mozilla/5.0 (compatible; bingbot/2.0; +http://www.bing.com/bingbot.htm)" "ysfine.com"
172.105.242.51 - - [08/Jan/2023:20:58:36 -0800] "GET / HTTP/1.1" 200 15915 "-" "Mozilla/5.0 (Windows NT 6.1; Win64; x64) AppleWebKit/537.36 (KHTML, like Gecko) Chrome/59.0.3071.115 Safari/537.36" "www.ysfine.com"
51.222.253.3 - - [08/Jan/2023:20:59:45 -0800] "GET /heisen/heisen54.html HTTP/1.1" 200 4526 "-" "Mozilla/5.0 (compatible; AhrefsBot/7.0; +http://ahrefs.com/robot/)" "ysfine.com"
51.222.253.20 - - [08/Jan/2023:20:59:47 -0800] "GET /einstein/pics/minsk30d.jpg HTTP/1.1" 200 38457 "-" "Mozilla/5.0 (compatible; AhrefsBot/7.0; +http://ahrefs.com/robot/)" "ysfine.com"
51.222.253.13 - - [08/Jan/2023:20:59:47 -0800] "GET /heisen/heisen33b.jpg HTTP/1.1" 200 78035 "-" "Mozilla/5.0 (compatible; AhrefsBot/7.0; +http://ahrefs.com/robot/)" "ysfine.com"
51.222.253.13 - - [08/Jan/2023:20:59:48 -0800] "GET /dirac/2osc22c.jpg HTTP/1.1" 200 28929 "-" "Mozilla/5.0 (compatible; AhrefsBot/7.0; +http://ahrefs.com/robot/)" "ysfine.com"
51.222.253.11 - - [08/Jan/2023:20:59:48 -0800] "GET /einstein/pics/minsk10b.jpg HTTP/1.1" 200 14905 "-" "Mozilla/5.0 (compatible; AhrefsBot/7.0; +http://ahrefs.com/robot/)" "ysfine.com"
51.222.253.2 - - [08/Jan/2023:20:59:48 -0800] "GET /einstein/pics/minsk21d.jpg HTTP/1.1" 200 45622 "-" "Mozilla/5.0 (compatible; AhrefsBot/7.0; +http://ahrefs.com/robot/)" "ysfine.com"
157.55.39.149 - - [08/Jan/2023:20:59:48 -0800] "GET /bio/style/proschanie.html HTTP/1.1" 404 88 "-" "Mozilla/5.0 (compatible; bingbot/2.0; +http://www.bing.com/bingbot.htm)" "ysfine.com"
51.222.253.2 - - [08/Jan/2023:20:59:49 -0800] "GET /einstein/math/sp2b.jpg HTTP/1.1" 200 27631 "-" "Mozilla/5.0 (compatible; AhrefsBot/7.0; +http://ahrefs.com/robot/)" "ysfine.com"
51.222.253.10 - - [08/Jan/2023:20:59:49 -0800] "GET /einstein/pics/minsk11b.jpg HTTP/1.1" 200 19923 "-" "Mozilla/5.0 (compatible; AhrefsBot/7.0; +http://ahrefs.com/robot/)" "ysfine.com"
51.222.253.11 - - [08/Jan/2023:20:59:49 -0800] "GET /einstein/pics/minsk23d.jpg HTTP/1.1" 200 71551 "-" "Mozilla/5.0 (compatible; AhrefsBot/7.0; +http://ahrefs.com/robot/)" "ysfine.com"
157.55.39.149 - - [08/Jan/2023:21:01:47 -0800] "GET /world/baltic/tallin47.jpg HTTP/1.1" 200 138046 "-" "Mozilla/5.0 (compatible; bingbot/2.0; +http://www.bing.com/bingbot.htm)" "ysfine.com"
70.54.108.120 - - [08/Jan/2023:21:02:17 -0800] "GET /dirac/dirac63.jpg HTTP/1.1" 200 83306 "https://www.google.com/" "Mozilla/5.0 (Windows NT 10.0; Win64; x64) AppleWebKit/537.36 (KHTML, like Gecko) Chrome/108.0.0.0 Safari/537.36" "ysfine.com"
40.77.167.49 - - [08/Jan/2023:21:02:50 -0800] "GET /bio/style/ystyle.html HTTP/1.1" 404 88 "-" "Mozilla/5.0 (compatible; bingbot/2.0; +http://www.bing.com/bingbot.htm)" "ysfine.com"
136.226.235.90 - - [08/Jan/2023:21:02:57 -0800] "GET /maga/index.html HTTP/1.1" 200 6127 "https://ysfine.com/home/hmleft.html" "Mozilla/5.0 (Windows NT 10.0; Win64; x64) AppleWebKit/537.36 (KHTML, like Gecko) Chrome/108.0.0.0 Safari/537.36" "ysfine.com"
136.226.235.90 - - [08/Jan/2023:21:03:13 -0800] "GET /maga/herod.html HTTP/1.1" 200 4341 "https://ysfine.com/maga/index.html" "Mozilla/5.0 (Windows NT 10.0; Win64; x64) AppleWebKit/537.36 (KHTML, like Gecko) Chrome/108.0.0.0 Safari/537.36" "ysfine.com"
136.226.235.90 - - [08/Jan/2023:21:03:14 -0800] "GET /eink/pawkim19e.jpg HTTP/1.1" 200 85621 "https://ysfine.com/maga/herod.html" "Mozilla/5.0 (Windows NT 10.0; Win64; x64) AppleWebKit/537.36 (KHTML, like Gecko) Chrome/108.0.0.0 Safari/537.36" "ysfine.com"
136.226.235.90 - - [08/Jan/2023:21:03:14 -0800] "GET /maga/phil/herod11c.jpg HTTP/1.1" 200 76011 "https://ysfine.com/maga/herod.html" "Mozilla/5.0 (Windows NT 10.0; Win64; x64) AppleWebKit/537.36 (KHTML, like Gecko) Chrome/108.0.0.0 Safari/537.36" "ysfine.com"
136.226.235.90 - - [08/Jan/2023:21:03:14 -0800] "GET /eink/ewk86f.jpg HTTP/1.1" 200 122173 "https://ysfine.com/maga/herod.html" "Mozilla/5.0 (Windows NT 10.0; Win64; x64) AppleWebKit/537.36 (KHTML, like Gecko) Chrome/108.0.0.0 Safari/537.36" "ysfine.com"
136.226.235.90 - - [08/Jan/2023:21:03:14 -0800] "GET /wigner/tollwig11c.jpg HTTP/1.1" 200 30497 "https://ysfine.com/maga/herod.html" "Mozilla/5.0 (Windows NT 10.0; Win64; x64) AppleWebKit/537.36 (KHTML, like Gecko) Chrome/108.0.0.0 Safari/537.36" "ysfine.com"
136.226.235.90 - - [08/Jan/2023:21:03:14 -0800] "GET /home/taylor400.jpg HTTP/1.1" 200 56181 "https://ysfine.com/maga/herod.html" "Mozilla/5.0 (Windows NT 10.0; Win64; x64) AppleWebKit/537.36 (KHTML, like Gecko) Chrome/108.0.0.0 Safari/537.36" "ysfine.com"
136.226.235.90 - - [08/Jan/2023:21:03:14 -0800] "GET /wigner/michwight22c.jpg HTTP/1.1" 200 32821 "https://ysfine.com/maga/herod.html" "Mozilla/5.0 (Windows NT 10.0; Win64; x64) AppleWebKit/537.36 (KHTML, like Gecko) Chrome/108.0.0.0 Safari/537.36" "ysfine.com"
136.226.235.90 - - [08/Jan/2023:21:03:15 -0800] "GET /maga/phil/herod33c.jpg HTTP/1.1" 200 45604 "https://ysfine.com/maga/herod.html" "Mozilla/5.0 (Windows NT 10.0; Win64; x64) AppleWebKit/537.36 (KHTML, like Gecko) Chrome/108.0.0.0 Safari/537.36" "ysfine.com"
207.46.13.176 - - [08/Jan/2023:21:03:47 -0800] "GET /bio/optics.html HTTP/1.1" 404 88 "-" "Mozilla/5.0 AppleWebKit/537.36 (KHTML, like Gecko; compatible; bingbot/2.0; +http://www.bing.com/bingbot.htm) Chrome/103.0.5060.134 Safari/537.36" "ysfine.com"
136.226.235.90 - - [08/Jan/2023:21:04:56 -0800] "GET /home/dashen.html HTTP/1.1" 200 4015 "https://ysfine.com/maga/herod.html" "Mozilla/5.0 (Windows NT 10.0; Win64; x64) AppleWebKit/537.36 (KHTML, like Gecko) Chrome/108.0.0.0 Safari/537.36" "ysfine.com"
136.226.235.90 - - [08/Jan/2023:21:04:57 -0800] "GET /home/dyson63c.jpg HTTP/1.1" 200 32101 "https://ysfine.com/home/dashen.html" "Mozilla/5.0 (Windows NT 10.0; Win64; x64) AppleWebKit/537.36 (KHTML, like Gecko) Chrome/108.0.0.0 Safari/537.36" "ysfine.com"
136.226.235.90 - - [08/Jan/2023:21:04:57 -0800] "GET /feynman/feyfirm66c.jpg HTTP/1.1" 200 36701 "https://ysfine.com/home/dashen.html" "Mozilla/5.0 (Windows NT 10.0; Win64; x64) AppleWebKit/537.36 (KHTML, like Gecko) Chrome/108.0.0.0 Safari/537.36" "ysfine.com"
136.226.235.90 - - [08/Jan/2023:21:04:57 -0800] "GET /home/goodbad11c.jpg HTTP/1.1" 200 18799 "https://ysfine.com/home/dashen.html" "Mozilla/5.0 (Windows NT 10.0; Win64; x64) AppleWebKit/537.36 (KHTML, like Gecko) Chrome/108.0.0.0 Safari/537.36" "ysfine.com"
136.226.235.90 - - [08/Jan/2023:21:04:57 -0800] "GET /home/baranger97c.jpg HTTP/1.1" 200 25248 "https://ysfine.com/home/dashen.html" "Mozilla/5.0 (Windows NT 10.0; Win64; x64) AppleWebKit/537.36 (KHTML, like Gecko) Chrome/108.0.0.0 Safari/537.36" "ysfine.com"
136.226.235.90 - - [08/Jan/2023:21:04:57 -0800] "GET /home/fotos/einhaus450.jpg HTTP/1.1" 200 65369 "https://ysfine.com/home/dashen.html" "Mozilla/5.0 (Windows NT 10.0; Win64; x64) AppleWebKit/537.36 (KHTML, like Gecko) Chrome/108.0.0.0 Safari/537.36" "ysfine.com"
72.68.160.221 - - [08/Jan/2023:21:04:59 -0800] "GET /princeton/brooke22.jpg HTTP/1.1" 200 87673 "https://www.google.com/" "Mozilla/5.0 (Macintosh; Intel Mac OS X 10_15_7) AppleWebKit/537.36 (KHTML, like Gecko) Chrome/108.0.0.0 Safari/537.36" "ysfine.com"
72.68.160.221 - - [08/Jan/2023:21:05:03 -0800] "GET /princeton/brooke88.jpg HTTP/1.1" 200 82208 "https://www.google.com/" "Mozilla/5.0 (Macintosh; Intel Mac OS X 10_15_7) AppleWebKit/537.36 (KHTML, like Gecko) Chrome/108.0.0.0 Safari/537.36" "ysfine.com"
207.46.13.31 - - [08/Jan/2023:21:06:14 -0800] "GET /bio/style/artlove.html HTTP/1.1" 404 88 "-" "Mozilla/5.0 (compatible; bingbot/2.0; +http://www.bing.com/bingbot.htm)" "ysfine.com"
72.68.160.221 - - [08/Jan/2023:21:06:26 -0800] "GET /princeton/sbk87.jpg HTTP/1.1" 200 174738 "https://www.google.com/" "Mozilla/5.0 (Macintosh; Intel Mac OS X 10_15_7) AppleWebKit/537.36 (KHTML, like Gecko) Chrome/108.0.0.0 Safari/537.36" "ysfine.com"
207.46.13.31 - - [08/Jan/2023:21:06:44 -0800] "GET /world/ital/termini10.jpg HTTP/1.1" 200 94658 "-" "Mozilla/5.0 (compatible; bingbot/2.0; +http://www.bing.com/bingbot.htm)" "ysfine.com"
207.46.13.31 - - [08/Jan/2023:21:06:46 -0800] "GET /world/russ/kazan079.jpg HTTP/1.1" 200 81123 "-" "Mozilla/5.0 (compatible; bingbot/2.0; +http://www.bing.com/bingbot.htm)" "ysfine.com"
190.236.8.253 - - [08/Jan/2023:21:07:12 -0800] "GET /world/brit/eton01.jpg HTTP/1.1" 200 126845 "https://www.google.com/" "Mozilla/5.0 (Windows NT 10.0; Win64; x64) AppleWebKit/537.36 (KHTML, like Gecko) Chrome/108.0.0.0 Safari/537.36" "ysfine.com"
136.226.235.90 - - [08/Jan/2023:21:07:26 -0800] "GET /home/mathphys.html HTTP/1.1" 200 2690 "https://ysfine.com/home/hmleft.html" "Mozilla/5.0 (Windows NT 10.0; Win64; x64) AppleWebKit/537.36 (KHTML, like Gecko) Chrome/108.0.0.0 Safari/537.36" "ysfine.com"
136.226.235.90 - - [08/Jan/2023:21:07:26 -0800] "GET /home/hyperell55a.jpg HTTP/1.1" 200 47072 "https://ysfine.com/home/mathphys.html" "Mozilla/5.0 (Windows NT 10.0; Win64; x64) AppleWebKit/537.36 (KHTML, like Gecko) Chrome/108.0.0.0 Safari/537.36" "ysfine.com"
136.226.235.90 - - [08/Jan/2023:21:07:26 -0800] "GET /dirac/sq66.jpg HTTP/1.1" 200 33459 "https://ysfine.com/home/mathphys.html" "Mozilla/5.0 (Windows NT 10.0; Win64; x64) AppleWebKit/537.36 (KHTML, like Gecko) Chrome/108.0.0.0 Safari/537.36" "ysfine.com"
40.77.167.49 - - [08/Jan/2023:21:07:37 -0800] "GET /einstein/infeld11c.jpg HTTP/1.1" 200 22805 "-" "Mozilla/5.0 (compatible; bingbot/2.0; +http://www.bing.com/bingbot.htm)" "ysfine.com"
190.236.8.253 - - [08/Jan/2023:21:07:45 -0800] "GET /world/brit/eton09.jpg HTTP/1.1" 200 102035 "https://www.google.com/" "Mozilla/5.0 (Windows NT 10.0; Win64; x64) AppleWebKit/537.36 (KHTML, like Gecko) Chrome/108.0.0.0 Safari/537.36" "ysfine.com"
87.250.224.19 - - [08/Jan/2023:21:08:08 -0800] "GET /kobak/yalta33.jpg HTTP/1.1" 200 133643 "-" "Mozilla/5.0 (compatible; YandexImages/3.0; +http://yandex.com/bots)" "ysfine.com"
136.226.235.90 - - [08/Jan/2023:21:08:19 -0800] "GET /home/hepth.html HTTP/1.1" 200 2544 "https://ysfine.com/home/hmleft.html" "Mozilla/5.0 (Windows NT 10.0; Win64; x64) AppleWebKit/537.36 (KHTML, like Gecko) Chrome/108.0.0.0 Safari/537.36" "ysfine.com"
136.226.235.90 - - [08/Jan/2023:21:08:19 -0800] "GET /feynman/ppic/parton01c.jpg HTTP/1.1" 200 40984 "https://ysfine.com/home/hepth.html" "Mozilla/5.0 (Windows NT 10.0; Win64; x64) AppleWebKit/537.36 (KHTML, like Gecko) Chrome/108.0.0.0 Safari/537.36" "ysfine.com"
136.226.235.90 - - [08/Jan/2023:21:08:19 -0800] "GET /home/neupol01c.jpg HTTP/1.1" 200 26605 "https://ysfine.com/home/hepth.html" "Mozilla/5.0 (Windows NT 10.0; Win64; x64) AppleWebKit/537.36 (KHTML, like Gecko) Chrome/108.0.0.0 Safari/537.36" "ysfine.com"
136.226.235.90 - - [08/Jan/2023:21:08:19 -0800] "GET /feynman/ppic/feygell66c.jpg HTTP/1.1" 200 44985 "https://ysfine.com/home/hepth.html" "Mozilla/5.0 (Windows NT 10.0; Win64; x64) AppleWebKit/537.36 (KHTML, like Gecko) Chrome/108.0.0.0 Safari/537.36" "ysfine.com"
