37.19.210.10 - - [08/Jan/2023:21:39:47 -0800] "GET /kobak/taylor33c.jpg HTTP/1.1" 200 39951 "https://ysfine.com/princeton/campus.html" "Mozilla/5.0 (Macintosh; Intel Mac OS X 10_15) AppleWebKit/605.1.15 (KHTML, like Gecko) Version/13.0.5 Safari/605.1.15" "ysfine.com"
37.19.210.10 - - [08/Jan/2023:21:39:47 -0800] "GET /princeton/nassinf01b.jpg HTTP/1.1" 200 45562 "https://ysfine.com/princeton/campus.html" "Mozilla/5.0 (Macintosh; Intel Mac OS X 10_15) AppleWebKit/605.1.15 (KHTML, like Gecko) Version/13.0.5 Safari/605.1.15" "ysfine.com"
37.19.210.10 - - [08/Jan/2023:21:39:47 -0800] "GET /princeton/hyatt66b.jpg HTTP/1.1" 200 45208 "https://ysfine.com/princeton/campus.html" "Mozilla/5.0 (Macintosh; Intel Mac OS X 10_15) AppleWebKit/605.1.15 (KHTML, like Gecko) Version/13.0.5 Safari/605.1.15" "ysfine.com"
37.19.210.10 - - [08/Jan/2023:21:39:47 -0800] "GET /princeton/palmerlab11b.jpg HTTP/1.1" 200 40956 "https://ysfine.com/princeton/campus.html" "Mozilla/5.0 (Macintosh; Intel Mac OS X 10_15) AppleWebKit/605.1.15 (KHTML, like Gecko) Version/13.0.5 Safari/605.1.15" "ysfine.com"
37.19.210.10 - - [08/Jan/2023:21:39:47 -0800] "GET /princeton/hamilton11b.jpg HTTP/1.1" 200 55404 "https://ysfine.com/princeton/campus.html" "Mozilla/5.0 (Macintosh; Intel Mac OS X 10_15) AppleWebKit/605.1.15 (KHTML, like Gecko) Version/13.0.5 Safari/605.1.15" "ysfine.com"
37.19.210.10 - - [08/Jan/2023:21:39:47 -0800] "GET /eink/pwk19c.jpg HTTP/1.1" 200 57759 "https://ysfine.com/princeton/campus.html" "Mozilla/5.0 (Macintosh; Intel Mac OS X 10_15) AppleWebKit/605.1.15 (KHTML, like Gecko) Version/13.0.5 Safari/605.1.15" "ysfine.com"
37.19.210.10 - - [08/Jan/2023:21:39:47 -0800] "GET /princeton/nassin05b.jpg HTTP/1.1" 200 45166 "https://ysfine.com/princeton/campus.html" "Mozilla/5.0 (Macintosh; Intel Mac OS X 10_15) AppleWebKit/605.1.15 (KHTML, like Gecko) Version/13.0.5 Safari/605.1.15" "ysfine.com"
37.19.210.10 - - [08/Jan/2023:21:39:47 -0800] "GET /princeton/nassin08b.jpg HTTP/1.1" 200 55747 "https://ysfine.com/princeton/campus.html" "Mozilla/5.0 (Macintosh; Intel Mac OS X 10_15) AppleWebKit/605.1.15 (KHTML, like Gecko) Version/13.0.5 Safari/605.1.15" "ysfine.com"
37.19.210.10 - - [08/Jan/2023:21:39:47 -0800] "GET /princeton/nassinf03b.jpg HTTP/1.1" 200 33593 "https://ysfine.com/princeton/campus.html" "Mozilla/5.0 (Macintosh; Intel Mac OS X 10_15) AppleWebKit/605.1.15 (KHTML, like Gecko) Version/13.0.5 Safari/605.1.15" "ysfine.com"
37.19.210.10 - - [08/Jan/2023:21:39:47 -0800] "GET /princeton/brooke66b.jpg HTTP/1.1" 200 44674 "https://ysfine.com/princeton/campus.html" "Mozilla/5.0 (Macintosh; Intel Mac OS X 10_15) AppleWebKit/605.1.15 (KHTML, like Gecko) Version/13.0.5 Safari/605.1.15" "ysfine.com"
37.19.210.10 - - [08/Jan/2023:21:39:47 -0800] "GET /princeton/lahiere11b.jpg HTTP/1.1" 200 53024 "https://ysfine.com/princeton/campus.html" "Mozilla/5.0 (Macintosh; Intel Mac OS X 10_15) AppleWebKit/605.1.15 (KHTML, like Gecko) Version/13.0.5 Safari/605.1.15" "ysfine.com"
37.19.210.10 - - [08/Jan/2023:21:39:47 -0800] "GET /princeton/forrestalmap2.jpg HTTP/1.1" 200 54761 "https://ysfine.com/princeton/campus.html" "Mozilla/5.0 (Macintosh; Intel Mac OS X 10_15) AppleWebKit/605.1.15 (KHTML, like Gecko) Version/13.0.5 Safari/605.1.15" "ysfine.com"
37.19.210.10 - - [08/Jan/2023:21:39:47 -0800] "GET /princeton/nassinf35b.jpg HTTP/1.1" 200 45853 "https://ysfine.com/princeton/campus.html" "Mozilla/5.0 (Macintosh; Intel Mac OS X 10_15) AppleWebKit/605.1.15 (KHTML, like Gecko) Version/13.0.5 Safari/605.1.15" "ysfine.com"
37.19.210.10 - - [08/Jan/2023:21:39:47 -0800] "GET /princeton/rheepr01b.jpg HTTP/1.1" 200 35236 "https://ysfine.com/princeton/campus.html" "Mozilla/5.0 (Macintosh; Intel Mac OS X 10_15) AppleWebKit/605.1.15 (KHTML, like Gecko) Version/13.0.5 Safari/605.1.15" "ysfine.com"
37.19.210.10 - - [08/Jan/2023:21:39:47 -0800] "GET /princeton/blair11b.jpg HTTP/1.1" 200 46260 "https://ysfine.com/princeton/campus.html" "Mozilla/5.0 (Macintosh; Intel Mac OS X 10_15) AppleWebKit/605.1.15 (KHTML, like Gecko) Version/13.0.5 Safari/605.1.15" "ysfine.com"
37.19.210.10 - - [08/Jan/2023:21:39:47 -0800] "GET /einstein/eincurie11b.jpg HTTP/1.1" 200 42944 "https://ysfine.com/princeton/campus.html" "Mozilla/5.0 (Macintosh; Intel Mac OS X 10_15) AppleWebKit/605.1.15 (KHTML, like Gecko) Version/13.0.5 Safari/605.1.15" "ysfine.com"
37.19.210.10 - - [08/Jan/2023:21:39:47 -0800] "GET /princeton/nassinf32b.jpg HTTP/1.1" 200 40214 "https://ysfine.com/princeton/campus.html" "Mozilla/5.0 (Macintosh; Intel Mac OS X 10_15) AppleWebKit/605.1.15 (KHTML, like Gecko) Version/13.0.5 Safari/605.1.15" "ysfine.com"
37.19.210.10 - - [08/Jan/2023:21:39:47 -0800] "GET /princeton/sabat11b.jpg HTTP/1.1" 200 56760 "https://ysfine.com/princeton/campus.html" "Mozilla/5.0 (Macintosh; Intel Mac OS X 10_15) AppleWebKit/605.1.15 (KHTML, like Gecko) Version/13.0.5 Safari/605.1.15" "ysfine.com"
37.19.210.10 - - [08/Jan/2023:21:39:47 -0800] "GET /princeton/nordisk11b.jpg HTTP/1.1" 200 30945 "https://ysfine.com/princeton/campus.html" "Mozilla/5.0 (Macintosh; Intel Mac OS X 10_15) AppleWebKit/605.1.15 (KHTML, like Gecko) Version/13.0.5 Safari/605.1.15" "ysfine.com"
37.19.210.10 - - [08/Jan/2023:21:39:47 -0800] "GET /princeton/jj03b.jpg HTTP/1.1" 200 46731 "https://ysfine.com/princeton/campus.html" "Mozilla/5.0 (Macintosh; Intel Mac OS X 10_15) AppleWebKit/605.1.15 (KHTML, like Gecko) Version/13.0.5 Safari/605.1.15" "ysfine.com"
37.19.210.10 - - [08/Jan/2023:21:39:47 -0800] "GET /princeton/annex11b.jpg HTTP/1.1" 200 39639 "https://ysfine.com/princeton/campus.html" "Mozilla/5.0 (Macintosh; Intel Mac OS X 10_15) AppleWebKit/605.1.15 (KHTML, like Gecko) Version/13.0.5 Safari/605.1.15" "ysfine.com"
37.19.210.10 - - [08/Jan/2023:21:39:47 -0800] "GET /princeton/wilson02b.jpg HTTP/1.1" 200 38092 "https://ysfine.com/princeton/campus.html" "Mozilla/5.0 (Macintosh; Intel Mac OS X 10_15) AppleWebKit/605.1.15 (KHTML, like Gecko) Version/13.0.5 Safari/605.1.15" "ysfine.com"
37.19.210.10 - - [08/Jan/2023:21:39:47 -0800] "GET /princeton/ustore33b.jpg HTTP/1.1" 200 54240 "https://ysfine.com/princeton/campus.html" "Mozilla/5.0 (Macintosh; Intel Mac OS X 10_15) AppleWebKit/605.1.15 (KHTML, like Gecko) Version/13.0.5 Safari/605.1.15" "ysfine.com"
37.19.210.10 - - [08/Jan/2023:21:39:47 -0800] "GET /princeton/hyatt33b.jpg HTTP/1.1" 200 34135 "https://ysfine.com/princeton/campus.html" "Mozilla/5.0 (Macintosh; Intel Mac OS X 10_15) AppleWebKit/605.1.15 (KHTML, like Gecko) Version/13.0.5 Safari/605.1.15" "ysfine.com"
37.19.210.10 - - [08/Jan/2023:21:39:47 -0800] "GET /princeton/pgarden11b.jpg HTTP/1.1" 200 46683 "https://ysfine.com/princeton/campus.html" "Mozilla/5.0 (Macintosh; Intel Mac OS X 10_15) AppleWebKit/605.1.15 (KHTML, like Gecko) Version/13.0.5 Safari/605.1.15" "ysfine.com"
37.19.210.10 - - [08/Jan/2023:21:39:47 -0800] "GET /world/russ/kazan035b.jpg HTTP/1.1" 200 41723 "https://ysfine.com/princeton/campus.html" "Mozilla/5.0 (Macintosh; Intel Mac OS X 10_15) AppleWebKit/605.1.15 (KHTML, like Gecko) Version/13.0.5 Safari/605.1.15" "ysfine.com"
37.19.210.10 - - [08/Jan/2023:21:39:47 -0800] "GET /princeton/mediter22b.jpg HTTP/1.1" 200 34241 "https://ysfine.com/princeton/campus.html" "Mozilla/5.0 (Macintosh; Intel Mac OS X 10_15) AppleWebKit/605.1.15 (KHTML, like Gecko) Version/13.0.5 Safari/605.1.15" "ysfine.com"
71.178.208.102 - - [08/Jan/2023:21:39:50 -0800] "GET /foto22/oskaf23.jpg HTTP/1.1" 404 88 "https://www.ysfine.com/bio54.html" "Mozilla/5.0 (Windows NT 10.0; Win64; x64; rv:108.0) Gecko/20100101 Firefox/108.0" "www.ysfine.com"
37.19.210.10 - - [08/Jan/2023:21:40:17 -0800] "GET /favicon.ico HTTP/1.1" 404 88 "https://ysfine.com/princeton/campus.html" "Mozilla/5.0 (Macintosh; Intel Mac OS X 10_15) AppleWebKit/605.1.15 (KHTML, like Gecko) Version/13.0.5 Safari/605.1.15" "ysfine.com"
65.108.211.120 - - [08/Jan/2023:21:41:09 -0800] "GET /world/china/shenyang14b.jpg HTTP/1.1" 200 38306 "-" "Mozilla/5.0 (X11; Fedora; Linux x86_64) AppleWebKit/537.36 (KHTML, like Gecko) Chrome/79.0.3945.117 Safari/537.36" "ysfine.com"
207.46.13.31 - - [08/Jan/2023:21:41:27 -0800] "GET /world/baltic/tallin04.jpg HTTP/1.1" 200 215715 "-" "Mozilla/5.0 (compatible; bingbot/2.0; +http://www.bing.com/bingbot.htm)" "ysfine.com"
157.55.39.149 - - [08/Jan/2023:21:41:51 -0800] "GET /world/germany/leipzig11.jpg HTTP/1.1" 200 183081 "-" "Mozilla/5.0 (compatible; bingbot/2.0; +http://www.bing.com/bingbot.htm)" "www.ysfine.com"
71.178.208.102 - - [08/Jan/2023:21:42:43 -0800] "GET /bio54.html HTTP/1.1" 200 7763 "https://www.ysfine.com/ys11/index.html" "Mozilla/5.0 (Windows NT 10.0; Win64; x64; rv:108.0) Gecko/20100101 Firefox/108.0" "www.ysfine.com"
71.178.208.102 - - [08/Jan/2023:21:42:43 -0800] "GET /home/foto22/osakaf23f.jpg HTTP/1.1" 200 138992 "https://www.ysfine.com/bio54.html" "Mozilla/5.0 (Windows NT 10.0; Win64; x64; rv:108.0) Gecko/20100101 Firefox/108.0" "www.ysfine.com"
149.28.55.173 - - [08/Jan/2023:21:43:15 -0800] "GET /yspapers/aipproc2006.pdf HTTP/1.1" 200 173023 "-" "Mozilla/5.0 (Windows NT x.y; Win64; x64; rv:10.0) Gecko/20100101 Firefox/10.0" "ysfine.com"
147.92.153.20 - - [08/Jan/2023:21:44:01 -0800] "GET /robots.txt HTTP/1.1" 404 88 "-" "Mozilla/5.0 (compatible; Linespider/1.1; +https://lin.ee/4dwXkTH)" "ysfine.com"
147.92.153.16 - - [08/Jan/2023:21:44:09 -0800] "GET /robots.txt HTTP/1.1" 404 88 "-" "Mozilla/5.0 (compatible; Linespider/1.1; +https://lin.ee/4dwXkTH)" "ysfine.com"
147.92.153.20 - - [08/Jan/2023:21:44:09 -0800] "GET /dirac/wigsis.html HTTP/1.1" 200 10275 "-" "Mozilla/5.0 (compatible; Linespider/1.1; +https://lin.ee/4dwXkTH)" "ysfine.com"
207.46.13.176 - - [08/Jan/2023:21:44:40 -0800] "GET /bio/world/kalinin22.html HTTP/1.1" 404 88 "-" "Mozilla/5.0 AppleWebKit/537.36 (KHTML, like Gecko; compatible; bingbot/2.0; +http://www.bing.com/bingbot.htm) Chrome/103.0.5060.134 Safari/537.36" "ysfine.com"
157.55.39.149 - - [08/Jan/2023:21:45:02 -0800] "GET /bio/dirac/bankers.html HTTP/1.1" 404 88 "-" "Mozilla/5.0 (compatible; bingbot/2.0; +http://www.bing.com/bingbot.htm)" "ysfine.com"
54.236.1.11 - - [08/Jan/2023:21:45:09 -0800] "GET /robots.txt HTTP/1.1" 404 88 "-" "Mozilla/5.0 (compatible; Pinterestbot/1.0; +http://www.pinterest.com/bot.html)" "ysfine.com"
54.236.1.11 - - [08/Jan/2023:21:45:09 -0800] "GET /world/feynrio.html HTTP/1.1" 200 8831 "-" "Mozilla/5.0 (compatible; Pinterestbot/1.0; +http://www.pinterest.com/bot.html)" "ysfine.com"
51.222.253.9 - - [08/Jan/2023:21:46:00 -0800] "GET /heisen/einheisen00.html HTTP/1.1" 200 5149 "-" "Mozilla/5.0 (compatible; AhrefsBot/7.0; +http://ahrefs.com/robot/)" "ysfine.com"
40.77.167.17 - - [08/Jan/2023:21:47:39 -0800] "GET /world/france/louvre11.jpg HTTP/1.1" 200 90911 "-" "Mozilla/5.0 (compatible; bingbot/2.0; +http://www.bing.com/bingbot.htm)" "www.ysfine.com"
40.77.167.49 - - [08/Jan/2023:21:48:52 -0800] "GET /bio/houses/myhouse.html HTTP/1.1" 404 88 "-" "Mozilla/5.0 (compatible; bingbot/2.0; +http://www.bing.com/bingbot.htm)" "ysfine.com"
54.175.190.191 - - [08/Jan/2023:21:49:22 -0800] "GET /sitemap.xml HTTP/1.1" 304 - "https://www.google.com/" "Mozilla/5.0 (Macintosh; Intel Mac OS X 10_14_6) AppleWebKit/605.1.15 (KHTML, like Gecko) Version/12.1.2 Safari/605.1.15" "ysfine.com"
207.46.13.176 - - [08/Jan/2023:21:49:30 -0800] "GET /bio/kobak/soraech.html HTTP/1.1" 404 88 "-" "Mozilla/5.0 AppleWebKit/537.36 (KHTML, like Gecko; compatible; bingbot/2.0; +http://www.bing.com/bingbot.htm) Chrome/103.0.5060.134 Safari/537.36" "ysfine.com"
207.46.13.31 - - [08/Jan/2023:21:50:08 -0800] "GET /style/music/nurem01.jpg HTTP/1.1" 200 85326 "-" "Mozilla/5.0 AppleWebKit/537.36 (KHTML, like Gecko; compatible; bingbot/2.0; +http://www.bing.com/bingbot.htm) Chrome/103.0.5060.134 Safari/537.36" "ysfine.com"
40.77.167.17 - - [08/Jan/2023:21:50:29 -0800] "GET /bio/dirac/diracpol.html HTTP/1.1" 404 88 "-" "Mozilla/5.0 AppleWebKit/537.36 (KHTML, like Gecko; compatible; bingbot/2.0; +http://www.bing.com/bingbot.htm) Chrome/103.0.5060.134 Safari/537.36" "ysfine.com"
184.65.156.200 - - [08/Jan/2023:21:51:51 -0800] "GET /maga/phys/schrod11.jpg HTTP/1.1" 200 107958 "https://ca.images.search.yahoo.com/search/images;_ylt=Awr9_otWqrtjpoYKGwXtFAx.;_ylu=c2VjA3NlYXJjaARzbGsDYnV0dG9u;_ylc=X1MDMjExNDcyMTAwNQRfcgMyBGZyA21jYWZlZQRmcjIDcDpzLHY6aSxtOnNiLXRvcARncHJpZANzSXVxYmVqY1N1V3JqSFdCTVlZWXBBBG5fcnNsdAMwBG5fc3VnZwMxBG9yaWdpbgNjYS5pbWFnZXMuc2VhcmNoLnlhaG9vLmNvbQRwb3MDMARwcXN0cgMEcHFzdHJsAzAEcXN0cmwDMjUEcXVlcnkDRXJ3aW4lMjBTY2hyb2RpbmdlciUyMHBpY3R1cmUEdF9zdG1wAzE2NzMyNDM0ODk-?p=Erwin+Schrodinger+picture&fr=mcafee&fr2=p%3As%2Cv%3Ai%2Cm%3Asb-top&ei=UTF-8&x=wrt&type=E211CA876G0" "Mozilla/5.0 (Windows NT 10.0; Win64; x64) AppleWebKit/537.36 (KHTML, like Gecko) Chrome/108.0.0.0 Safari/537.36" "www.ysfine.com"
118.184.177.50 - - [08/Jan/2023:21:53:28 -0800] "GET / HTTP/1.1" 200 5295 "-" "Sogou web spider/4.0(+http://www.sogou.com/docs/help/webmasters.htm#07)" "ysfine.com"
98.97.56.205 - - [08/Jan/2023:21:53:42 -0800] "GET /princeton/alexan11.jpg HTTP/1.1" 200 118946 "https://www.google.com/" "Mozilla/5.0 (iPhone; CPU iPhone OS 16_1_2 like Mac OS X) AppleWebKit/605.1.15 (KHTML, like Gecko) GSA/243.0.495136164 Mobile/20B110 Safari/604.1" "ysfine.com"
51.222.253.3 - - [08/Jan/2023:21:53:48 -0800] "GET /home/easy.html HTTP/1.1" 200 7877 "-" "Mozilla/5.0 (compatible; AhrefsBot/7.0; +http://ahrefs.com/robot/)" "ysfine.com"
123.125.109.45 - - [08/Jan/2023:21:53:48 -0800] "GET / HTTP/1.1" 200 5295 "-" "Sogou web spider/4.0(+http://www.sogou.com/docs/help/webmasters.htm#07)" "ysfine.com"
51.222.253.1 - - [08/Jan/2023:21:53:50 -0800] "GET /feynman/ppic/parton33a.jpg HTTP/1.1" 200 68290 "-" "Mozilla/5.0 (compatible; AhrefsBot/7.0; +http://ahrefs.com/robot/)" "ysfine.com"
51.222.253.4 - - [08/Jan/2023:21:53:50 -0800] "GET /home/fotos/moso300.jpg HTTP/1.1" 200 15386 "-" "Mozilla/5.0 (compatible; AhrefsBot/7.0; +http://ahrefs.com/robot/)" "ysfine.com"
51.222.253.18 - - [08/Jan/2023:21:53:50 -0800] "GET /home/newtein33a.jpg HTTP/1.1" 200 78077 "-" "Mozilla/5.0 (compatible; AhrefsBot/7.0; +http://ahrefs.com/robot/)" "ysfine.com"
51.222.253.4 - - [08/Jan/2023:21:53:51 -0800] "GET /home/truck/truck22a.jpg HTTP/1.1" 200 42431 "-" "Mozilla/5.0 (compatible; AhrefsBot/7.0; +http://ahrefs.com/robot/)" "ysfine.com"
51.222.253.7 - - [08/Jan/2023:21:53:51 -0800] "GET /philo/toyo22a.jpg HTTP/1.1" 200 73179 "-" "Mozilla/5.0 (compatible; AhrefsBot/7.0; +http://ahrefs.com/robot/)" "ysfine.com"
51.222.253.12 - - [08/Jan/2023:21:53:52 -0800] "GET /einstein/einbike11c.jpg HTTP/1.1" 200 35895 "-" "Mozilla/5.0 (compatible; AhrefsBot/7.0; +http://ahrefs.com/robot/)" "ysfine.com"
51.222.253.14 - - [08/Jan/2023:21:53:52 -0800] "GET /einstein/einbohr55a.jpg HTTP/1.1" 200 107592 "-" "Mozilla/5.0 (compatible; AhrefsBot/7.0; +http://ahrefs.com/robot/)" "ysfine.com"
51.222.253.17 - - [08/Jan/2023:21:53:53 -0800] "GET /home/kbrain11c.jpg HTTP/1.1" 200 27732 "-" "Mozilla/5.0 (compatible; AhrefsBot/7.0; +http://ahrefs.com/robot/)" "ysfine.com"
51.222.253.6 - - [08/Jan/2023:21:53:53 -0800] "GET /home/eward33a.jpg HTTP/1.1" 200 63372 "-" "Mozilla/5.0 (compatible; AhrefsBot/7.0; +http://ahrefs.com/robot/)" "ysfine.com"
51.222.253.18 - - [08/Jan/2023:21:53:54 -0800] "GET /home/einbohr21a.jpg HTTP/1.1" 200 46155 "-" "Mozilla/5.0 (compatible; AhrefsBot/7.0; +http://ahrefs.com/robot/)" "ysfine.com"
51.222.253.16 - - [08/Jan/2023:21:53:54 -0800] "GET /world/japan/osaka124c.jpg HTTP/1.1" 200 34525 "-" "Mozilla/5.0 (compatible; AhrefsBot/7.0; +http://ahrefs.com/robot/)" "ysfine.com"
51.222.253.12 - - [08/Jan/2023:21:53:54 -0800] "GET /home/canal77a.jpg HTTP/1.1" 200 42959 "-" "Mozilla/5.0 (compatible; AhrefsBot/7.0; +http://ahrefs.com/robot/)" "ysfine.com"
51.222.253.16 - - [08/Jan/2023:21:53:55 -0800] "GET /maga/phil/hegel10c.jpg HTTP/1.1" 200 591384 "-" "Mozilla/5.0 (compatible; AhrefsBot/7.0; +http://ahrefs.com/robot/)" "ysfine.com"
51.222.253.3 - - [08/Jan/2023:21:53:56 -0800] "GET /home/fotos/wheekim300.jpg HTTP/1.1" 200 42724 "-" "Mozilla/5.0 (compatible; AhrefsBot/7.0; +http://ahrefs.com/robot/)" "ysfine.com"
51.222.253.3 - - [08/Jan/2023:21:53:56 -0800] "GET /home/2015c.jpg HTTP/1.1" 200 35971 "-" "Mozilla/5.0 (compatible; AhrefsBot/7.0; +http://ahrefs.com/robot/)" "ysfine.com"
51.222.253.10 - - [08/Jan/2023:21:53:56 -0800] "GET /home/figs/evol77a.jpg HTTP/1.1" 200 87556 "-" "Mozilla/5.0 (compatible; AhrefsBot/7.0; +http://ahrefs.com/robot/)" "ysfine.com"
51.222.253.5 - - [08/Jan/2023:21:53:57 -0800] "GET /home/fotos/moso01c.jpg HTTP/1.1" 200 44157 "-" "Mozilla/5.0 (compatible; AhrefsBot/7.0; +http://ahrefs.com/robot/)" "ysfine.com"
51.222.253.6 - - [08/Jan/2023:21:53:57 -0800] "GET /wigner/isomor77a.jpg HTTP/1.1" 200 53058 "-" "Mozilla/5.0 (compatible; AhrefsBot/7.0; +http://ahrefs.com/robot/)" "ysfine.com"
51.222.253.13 - - [08/Jan/2023:21:53:58 -0800] "GET /awards/marq/marq22a.jpg HTTP/1.1" 200 89693 "-" "Mozilla/5.0 (compatible; AhrefsBot/7.0; +http://ahrefs.com/robot/)" "ysfine.com"
51.222.253.18 - - [08/Jan/2023:21:53:58 -0800] "GET /home/figs/quapar55a.jpg HTTP/1.1" 200 76989 "-" "Mozilla/5.0 (compatible; AhrefsBot/7.0; +http://ahrefs.com/robot/)" "ysfine.com"
51.222.253.1 - - [08/Jan/2023:21:53:59 -0800] "GET /eink/eink54a.jpg HTTP/1.1" 200 79717 "-" "Mozilla/5.0 (compatible; AhrefsBot/7.0; +http://ahrefs.com/robot/)" "ysfine.com"
51.222.253.18 - - [08/Jan/2023:21:53:59 -0800] "GET /home/truck/truck21a.jpg HTTP/1.1" 200 44628 "-" "Mozilla/5.0 (compatible; AhrefsBot/7.0; +http://ahrefs.com/robot/)" "ysfine.com"
40.77.167.49 - - [08/Jan/2023:21:54:44 -0800] "GET /bio/style/ystyle.html HTTP/1.1" 404 88 "-" "Mozilla/5.0 AppleWebKit/537.36 (KHTML, like Gecko; compatible; bingbot/2.0; +http://www.bing.com/bingbot.htm) Chrome/103.0.5060.134 Safari/537.36" "ysfine.com"
207.46.13.176 - - [08/Jan/2023:21:55:31 -0800] "GET /bio/optics.html HTTP/1.1" 404 88 "-" "Mozilla/5.0 AppleWebKit/537.36 (KHTML, like Gecko; compatible; bingbot/2.0; +http://www.bing.com/bingbot.htm) Chrome/103.0.5060.134 Safari/537.36" "ysfine.com"
77.75.76.163 - - [08/Jan/2023:21:55:59 -0800] "GET /robots.txt HTTP/1.1" 404 88 "-" "Mozilla/5.0 (compatible; SeznamBot/3.2; +http://napoveda.seznam.cz/en/seznambot-intro/)" "ysfine.com"
77.75.76.163 - - [08/Jan/2023:21:56:00 -0800] "GET /world/brit/paddington22.jpg HTTP/1.1" 304 - "-" "Mozilla/5.0 (compatible; SeznamBot/3.2; +http://napoveda.seznam.cz/en/seznambot-intro/)" "ysfine.com"
77.75.76.163 - - [08/Jan/2023:21:56:01 -0800] "GET /world/france/champ9606.jpg HTTP/1.1" 200 43990 "-" "Mozilla/5.0 (compatible; SeznamBot/3.2; +http://napoveda.seznam.cz/en/seznambot-intro/)" "ysfine.com"
77.75.76.163 - - [08/Jan/2023:21:56:03 -0800] "GET /princeton/eisgruber11.jpg HTTP/1.1" 200 142842 "-" "Mozilla/5.0 (compatible; SeznamBot/3.2; +http://napoveda.seznam.cz/en/seznambot-intro/)" "ysfine.com"
77.75.76.163 - - [08/Jan/2023:21:56:06 -0800] "GET /world/russ/mosriver04.jpg HTTP/1.1" 200 97618 "-" "Mozilla/5.0 (compatible; SeznamBot/3.2; +http://napoveda.seznam.cz/en/seznambot-intro/)" "ysfine.com"
77.75.76.163 - - [08/Jan/2023:21:56:09 -0800] "GET /world/france/notre16.jpg HTTP/1.1" 200 151187 "-" "Mozilla/5.0 (compatible; SeznamBot/3.2; +http://napoveda.seznam.cz/en/seznambot-intro/)" "ysfine.com"
77.75.76.163 - - [08/Jan/2023:21:56:12 -0800] "GET /world/germany/benz19.jpg HTTP/1.1" 304 - "-" "Mozilla/5.0 (compatible; SeznamBot/3.2; +http://napoveda.seznam.cz/en/seznambot-intro/)" "ysfine.com"
77.75.76.163 - - [08/Jan/2023:21:56:12 -0800] "GET /style/vienopera22.jpg HTTP/1.1" 200 125468 "-" "Mozilla/5.0 (compatible; SeznamBot/3.2; +http://napoveda.seznam.cz/en/seznambot-intro/)" "ysfine.com"
77.75.76.163 - - [08/Jan/2023:21:56:14 -0800] "GET /world/brit/bank05.jpg HTTP/1.1" 304 - "-" "Mozilla/5.0 (compatible; SeznamBot/3.2; +http://napoveda.seznam.cz/en/seznambot-intro/)" "ysfine.com"
77.75.76.163 - - [08/Jan/2023:21:56:15 -0800] "GET /wdc/lafpark05.jpg HTTP/1.1" 304 - "-" "Mozilla/5.0 (compatible; SeznamBot/3.2; +http://napoveda.seznam.cz/en/seznambot-intro/)" "ysfine.com"
207.46.13.143 - - [08/Jan/2023:21:57:02 -0800] "GET /bio/wigner/evangel.html HTTP/1.1" 404 88 "-" "Mozilla/5.0 AppleWebKit/537.36 (KHTML, like Gecko; compatible; bingbot/2.0; +http://www.bing.com/bingbot.htm) Chrome/103.0.5060.134 Safari/537.36" "ysfine.com"
77.75.77.119 - - [08/Jan/2023:21:57:21 -0800] "GET /world/copen.html HTTP/1.1" 304 - "-" "Mozilla/5.0 (compatible; SeznamBot/4.0-RC1; +http://napoveda.seznam.cz/seznambot-intro/)" "ysfine.com"
71.178.208.102 - - [08/Jan/2023:21:57:43 -0800] "GET /bio54.html HTTP/1.1" 200 7768 "https://ysfine.com/ys11/" "Mozilla/5.0 (Windows NT 10.0; Win64; x64) AppleWebKit/537.36 (KHTML, like Gecko) Chrome/108.0.0.0 Safari/537.36" "ysfine.com"
71.178.208.102 - - [08/Jan/2023:21:57:43 -0800] "GET /home/foto22/osakaf23f.jpg HTTP/1.1" 200 138992 "https://ysfine.com/bio54.html" "Mozilla/5.0 (Windows NT 10.0; Win64; x64) AppleWebKit/537.36 (KHTML, like Gecko) Chrome/108.0.0.0 Safari/537.36" "ysfine.com"
207.46.13.31 - - [08/Jan/2023:21:57:59 -0800] "GET /bio/style/artlove.html HTTP/1.1" 404 88 "-" "Mozilla/5.0 AppleWebKit/537.36 (KHTML, like Gecko; compatible; bingbot/2.0; +http://www.bing.com/bingbot.htm) Chrome/103.0.5060.134 Safari/537.36" "ysfine.com"
66.249.66.40 - - [08/Jan/2023:21:58:14 -0800] "GET /ads.txt HTTP/1.1" 404 88 "-" "Google-adstxt" "ysfine.com"
71.178.208.102 - - [08/Jan/2023:21:58:36 -0800] "GET /bio54.html HTTP/1.1" 200 7885 "https://www.ysfine.com/ys11/index.html" "Mozilla/5.0 (Windows NT 10.0; Win64; x64; rv:108.0) Gecko/20100101 Firefox/108.0" "www.ysfine.com"
40.77.167.17 - - [08/Jan/2023:21:59:10 -0800] "GET /bio/style/leica.html HTTP/1.1" 404 88 "-" "Mozilla/5.0 AppleWebKit/537.36 (KHTML, like Gecko; compatible; bingbot/2.0; +http://www.bing.com/bingbot.htm) Chrome/103.0.5060.134 Safari/537.36" "ysfine.com"
207.46.13.143 - - [08/Jan/2023:21:59:23 -0800] "GET /world/china/qingdao08.jpg HTTP/1.1" 200 118012 "-" "Mozilla/5.0 AppleWebKit/537.36 (KHTML, like Gecko; compatible; bingbot/2.0; +http://www.bing.com/bingbot.htm) Chrome/103.0.5060.134 Safari/537.36" "ysfine.com"
66.222.169.239 - - [08/Jan/2023:21:59:24 -0800] "GET /maga/histo/oscar33.jpg HTTP/1.1" 200 140181 "https://www.google.com/" "Mozilla/5.0 (Windows NT 10.0; Win64; x64) AppleWebKit/537.36 (KHTML, like Gecko) Chrome/108.0.0.0 Safari/537.36" "ysfine.com"
51.222.253.1 - - [08/Jan/2023:21:59:37 -0800] "GET /wdc/whouse.html HTTP/1.1" 200 291 "-" "Mozilla/5.0 (compatible; AhrefsBot/7.0; +http://ahrefs.com/robot/)" "ysfine.com"
207.46.13.143 - - [08/Jan/2023:22:00:32 -0800] "GET /style/lincolnc22.jpg HTTP/1.1" 200 120411 "-" "Mozilla/5.0 (compatible; bingbot/2.0; +http://www.bing.com/bingbot.htm)" "ysfine.com"
207.46.13.31 - - [08/Jan/2023:22:00:51 -0800] "GET /bio/sbk/1950.html HTTP/1.1" 404 88 "-" "Mozilla/5.0 AppleWebKit/537.36 (KHTML, like Gecko; compatible; bingbot/2.0; +http://www.bing.com/bingbot.htm) Chrome/103.0.5060.134 Safari/537.36" "ysfine.com"
40.77.167.17 - - [08/Jan/2023:22:01:01 -0800] "GET /style/xiangran66b.jpg HTTP/1.1" 200 30098 "-" "Mozilla/5.0 (compatible; bingbot/2.0; +http://www.bing.com/bingbot.htm)" "www.ysfine.com"
157.55.39.149 - - [08/Jan/2023:22:01:34 -0800] "GET /bio/style/proschanie.html HTTP/1.1" 404 88 "-" "Mozilla/5.0 (compatible; bingbot/2.0; +http://www.bing.com/bingbot.htm)" "ysfine.com"
3.37.16.189 - - [08/Jan/2023:22:01:38 -0800] "GET /people/wboys.jpg HTTP/1.1" 200 223265 "-" "python-requests/2.25.1" "ysfine.com"
207.46.13.143 - - [08/Jan/2023:22:01:54 -0800] "GET /bio/internal.html HTTP/1.1" 404 88 "-" "Mozilla/5.0 AppleWebKit/537.36 (KHTML, like Gecko; compatible; bingbot/2.0; +http://www.bing.com/bingbot.htm) Chrome/103.0.5060.134 Safari/537.36" "ysfine.com"
40.77.167.17 - - [08/Jan/2023:22:02:20 -0800] "GET /feynman/feyn70.jpg HTTP/1.1" 200 41386 "-" "Mozilla/5.0 AppleWebKit/537.36 (KHTML, like Gecko; compatible; bingbot/2.0; +http://www.bing.com/bingbot.htm) Chrome/103.0.5060.134 Safari/537.36" "www.ysfine.com"
98.46.113.250 - - [08/Jan/2023:22:02:39 -0800] "GET /world/israel/jeru67.jpg HTTP/1.1" 200 260845 "https://www.bing.com/" "Mozilla/5.0 (Windows NT 10.0; Win64; x64) AppleWebKit/537.36 (KHTML, like Gecko) Chrome/107.0.0.0 Safari/537.36 Edg/107.0.1418.35" "www.ysfine.com"
71.178.208.102 - - [08/Jan/2023:22:02:55 -0800] "GET /bio54.html HTTP/1.1" 200 7930 "https://www.ysfine.com/ys11/index.html" "Mozilla/5.0 (Windows NT 10.0; Win64; x64; rv:108.0) Gecko/20100101 Firefox/108.0" "www.ysfine.com"
207.46.13.31 - - [08/Jan/2023:22:04:10 -0800] "GET /home/foto22/comet40d.jpg HTTP/1.1" 200 54378 "-" "Mozilla/5.0 (compatible; bingbot/2.0; +http://www.bing.com/bingbot.htm)" "ysfine.com"
207.46.13.31 - - [08/Jan/2023:22:04:11 -0800] "GET /bio/kobak/yskor.html HTTP/1.1" 404 88 "-" "Mozilla/5.0 AppleWebKit/537.36 (KHTML, like Gecko; compatible; bingbot/2.0; +http://www.bing.com/bingbot.htm) Chrome/103.0.5060.134 Safari/537.36" "ysfine.com"
51.222.253.10 - - [08/Jan/2023:22:05:20 -0800] "GET /class54/class5480/?C=D;O=D HTTP/1.1" 200 377 "-" "Mozilla/5.0 (compatible; AhrefsBot/7.0; +http://ahrefs.com/robot/)" "ysfine.com"
157.55.39.149 - - [08/Jan/2023:22:05:24 -0800] "GET /world/ital/romef006.jpg HTTP/1.1" 200 178408 "-" "Mozilla/5.0 AppleWebKit/537.36 (KHTML, like Gecko; compatible; bingbot/2.0; +http://www.bing.com/bingbot.htm) Chrome/103.0.5060.134 Safari/537.36" "ysfine.com"
71.178.208.102 - - [08/Jan/2023:22:05:35 -0800] "GET /bio54.html HTTP/1.1" 200 7928 "https://www.ysfine.com/ys11/index.html" "Mozilla/5.0 (Windows NT 10.0; Win64; x64; rv:108.0) Gecko/20100101 Firefox/108.0" "www.ysfine.com"
116.179.32.130 - - [08/Jan/2023:22:06:02 -0800] "GET /style/sttop.html HTTP/1.1" 200 367 "-" "Mozilla/5.0 (compatible; Baiduspider/2.0; +http://www.baidu.com/search/spider.html)" "www.ysfine.com"
114.119.143.59 - - [08/Jan/2023:22:06:59 -0800] "GET /ffriends/amkor/vassar11b.jpg HTTP/1.1" 200 30518 "https://www.ysfine.com/ffriends/students.html" "Mozilla/5.0 (Linux; Android 7.0;) AppleWebKit/537.36 (KHTML, like Gecko) Mobile Safari/537.36 (compatible; PetalBot;+https://webmaster.petalsearch.com/site/petalbot)" "www.ysfine.com"
207.46.13.31 - - [08/Jan/2023:22:07:10 -0800] "GET /eink/ewk86f.jpg HTTP/1.1" 200 122173 "-" "Mozilla/5.0 (compatible; bingbot/2.0; +http://www.bing.com/bingbot.htm)" "www.ysfine.com"
40.77.167.17 - - [08/Jan/2023:22:07:51 -0800] "GET /bio/einstein/bern.html HTTP/1.1" 404 88 "-" "Mozilla/5.0 (compatible; bingbot/2.0; +http://www.bing.com/bingbot.htm)" "ysfine.com"
114.119.151.84 - - [08/Jan/2023:22:08:18 -0800] "GET /world/china/hongkong.html HTTP/1.1" 200 4914 "https://ysfine.com/world/china22.html" "Mozilla/5.0 (Linux; Android 7.0;) AppleWebKit/537.36 (KHTML, like Gecko) Mobile Safari/537.36 (compatible; PetalBot;+https://webmaster.petalsearch.com/site/petalbot)" "ysfine.com"
71.178.208.102 - - [08/Jan/2023:22:08:37 -0800] "GET /bio54.html HTTP/1.1" 200 7945 "https://www.ysfine.com/ys11/index.html" "Mozilla/5.0 (Windows NT 10.0; Win64; x64; rv:108.0) Gecko/20100101 Firefox/108.0" "www.ysfine.com"
40.77.167.49 - - [08/Jan/2023:22:09:04 -0800] "GET /world/baltic/tallin02.jpg HTTP/1.1" 200 76857 "-" "Mozilla/5.0 AppleWebKit/537.36 (KHTML, like Gecko; compatible; bingbot/2.0; +http://www.bing.com/bingbot.htm) Chrome/103.0.5060.134 Safari/537.36" "www.ysfine.com"
207.46.13.31 - - [08/Jan/2023:22:09:22 -0800] "GET /bio/bio03.html HTTP/1.1" 404 88 "-" "Mozilla/5.0 (compatible; bingbot/2.0; +http://www.bing.com/bingbot.htm)" "ysfine.com"
167.235.59.111 - - [08/Jan/2023:22:09:58 -0800] "GET /world/brit/eton02.jpg HTTP/1.1" 200 87821 "-" "Mozilla/5.0 (X11; Fedora; Linux x86_64) AppleWebKit/537.36 (KHTML, like Gecko) Chrome/79.0.3945.117 Safari/537.36" "ysfine.com"
51.222.253.14 - - [08/Jan/2023:22:11:14 -0800] "GET /class54/class5470/total_data/sub_301.htm HTTP/1.1" 200 3324 "-" "Mozilla/5.0 (compatible; AhrefsBot/7.0; +http://ahrefs.com/robot/)" "www.ysfine.com"
51.222.253.16 - - [08/Jan/2023:22:11:18 -0800] "GET /class54/class5470/total_data/refer_img/3-18_f.jpg HTTP/1.1" 200 22592 "-" "Mozilla/5.0 (compatible; AhrefsBot/7.0; +http://ahrefs.com/robot/)" "www.ysfine.com"
51.222.253.17 - - [08/Jan/2023:22:11:19 -0800] "GET /class54/class5470/total_data/refer_img/3-20_f.jpg HTTP/1.1" 200 22984 "-" "Mozilla/5.0 (compatible; AhrefsBot/7.0; +http://ahrefs.com/robot/)" "www.ysfine.com"
51.222.253.3 - - [08/Jan/2023:22:11:19 -0800] "GET /class54/class5470/total_data/refer_img/3-12_f.jpg HTTP/1.1" 200 29397 "-" "Mozilla/5.0 (compatible; AhrefsBot/7.0; +http://ahrefs.com/robot/)" "www.ysfine.com"
51.222.253.8 - - [08/Jan/2023:22:11:20 -0800] "GET /class54/class5470/total_data/refer_img/3-19_f.jpg HTTP/1.1" 200 19615 "-" "Mozilla/5.0 (compatible; AhrefsBot/7.0; +http://ahrefs.com/robot/)" "www.ysfine.com"
51.222.253.13 - - [08/Jan/2023:22:11:20 -0800] "GET /class54/class5470/total_data/refer_img/3-14_f.jpg HTTP/1.1" 200 21220 "-" "Mozilla/5.0 (compatible; AhrefsBot/7.0; +http://ahrefs.com/robot/)" "www.ysfine.com"
51.222.253.14 - - [08/Jan/2023:22:11:20 -0800] "GET /class54/class5470/total_data/refer_img/3-6_f.jpg HTTP/1.1" 200 34282 "-" "Mozilla/5.0 (compatible; AhrefsBot/7.0; +http://ahrefs.com/robot/)" "www.ysfine.com"
51.222.253.12 - - [08/Jan/2023:22:11:21 -0800] "GET /class54/class5470/total_data/refer_img/3-9_f.jpg HTTP/1.1" 200 30923 "-" "Mozilla/5.0 (compatible; AhrefsBot/7.0; +http://ahrefs.com/robot/)" "www.ysfine.com"
51.222.253.20 - - [08/Jan/2023:22:11:21 -0800] "GET /class54/class5470/total_data/img/03_smline.gif HTTP/1.1" 200 3214 "-" "Mozilla/5.0 (compatible; AhrefsBot/7.0; +http://ahrefs.com/robot/)" "www.ysfine.com"
51.222.253.7 - - [08/Jan/2023:22:11:23 -0800] "GET /class54/class5470/total_data/refer_img/3-3_f.jpg HTTP/1.1" 200 35517 "-" "Mozilla/5.0 (compatible; AhrefsBot/7.0; +http://ahrefs.com/robot/)" "www.ysfine.com"
51.222.253.20 - - [08/Jan/2023:22:11:28 -0800] "GET /class54/class5470/total_data/refer_img/3-13_f.jpg HTTP/1.1" 200 21120 "-" "Mozilla/5.0 (compatible; AhrefsBot/7.0; +http://ahrefs.com/robot/)" "www.ysfine.com"
51.222.253.3 - - [08/Jan/2023:22:11:29 -0800] "GET /class54/class5470/total_data/refer_img/3-8_f.jpg HTTP/1.1" 200 26967 "-" "Mozilla/5.0 (compatible; AhrefsBot/7.0; +http://ahrefs.com/robot/)" "www.ysfine.com"
51.222.253.20 - - [08/Jan/2023:22:11:29 -0800] "GET /class54/class5470/total_data/refer_img/3-21_f.jpg HTTP/1.1" 200 32280 "-" "Mozilla/5.0 (compatible; AhrefsBot/7.0; +http://ahrefs.com/robot/)" "www.ysfine.com"
51.222.253.9 - - [08/Jan/2023:22:11:30 -0800] "GET /class54/class5470/total_data/refer_img/3-10_f.jpg HTTP/1.1" 200 35360 "-" "Mozilla/5.0 (compatible; AhrefsBot/7.0; +http://ahrefs.com/robot/)" "www.ysfine.com"
51.222.253.8 - - [08/Jan/2023:22:11:30 -0800] "GET /class54/class5470/total_data/refer_img/3-2_f.jpg HTTP/1.1" 200 26427 "-" "Mozilla/5.0 (compatible; AhrefsBot/7.0; +http://ahrefs.com/robot/)" "www.ysfine.com"
51.222.253.8 - - [08/Jan/2023:22:11:32 -0800] "GET /class54/class5470/total_data/refer_img/3-1_f.jpg HTTP/1.1" 200 35017 "-" "Mozilla/5.0 (compatible; AhrefsBot/7.0; +http://ahrefs.com/robot/)" "www.ysfine.com"
51.222.253.12 - - [08/Jan/2023:22:11:33 -0800] "GET /class54/class5470/total_data/refer_img/3-4_f.jpg HTTP/1.1" 200 29538 "-" "Mozilla/5.0 (compatible; AhrefsBot/7.0; +http://ahrefs.com/robot/)" "www.ysfine.com"
51.222.253.15 - - [08/Jan/2023:22:11:31 -0800] "GET /class54/class5470/total_data/refer_img/3-7_f.jpg HTTP/1.1" 200 27397 "-" "Mozilla/5.0 (compatible; AhrefsBot/7.0; +http://ahrefs.com/robot/)" "www.ysfine.com"
51.222.253.10 - - [08/Jan/2023:22:11:33 -0800] "GET /class54/class5470/total_data/refer_img/3-11_f.jpg HTTP/1.1" 200 23582 "-" "Mozilla/5.0 (compatible; AhrefsBot/7.0; +http://ahrefs.com/robot/)" "www.ysfine.com"
51.222.253.14 - - [08/Jan/2023:22:11:34 -0800] "GET /class54/class5470/total_data/refer_img/3-16_f.jpg HTTP/1.1" 200 30897 "-" "Mozilla/5.0 (compatible; AhrefsBot/7.0; +http://ahrefs.com/robot/)" "www.ysfine.com"
51.222.253.12 - - [08/Jan/2023:22:11:34 -0800] "GET /class54/class5470/total_data/refer_img/3-17_f.jpg HTTP/1.1" 200 20135 "-" "Mozilla/5.0 (compatible; AhrefsBot/7.0; +http://ahrefs.com/robot/)" "www.ysfine.com"
51.222.253.8 - - [08/Jan/2023:22:11:34 -0800] "GET /class54/class5470/total_data/refer_img/3-15_f.jpg HTTP/1.1" 200 30741 "-" "Mozilla/5.0 (compatible; AhrefsBot/7.0; +http://ahrefs.com/robot/)" "www.ysfine.com"
51.222.253.8 - - [08/Jan/2023:22:11:35 -0800] "GET /class54/class5470/total_data/img/03_title.gif HTTP/1.1" 200 5602 "-" "Mozilla/5.0 (compatible; AhrefsBot/7.0; +http://ahrefs.com/robot/)" "www.ysfine.com"
51.222.253.14 - - [08/Jan/2023:22:11:35 -0800] "GET /class54/class5470/total_data/img/03_smtitle01.gif HTTP/1.1" 200 748 "-" "Mozilla/5.0 (compatible; AhrefsBot/7.0; +http://ahrefs.com/robot/)" "www.ysfine.com"
51.222.253.5 - - [08/Jan/2023:22:11:35 -0800] "GET /class54/class5470/total_data/photo_img/3-1.jpg HTTP/1.1" 200 141750 "-" "Mozilla/5.0 (compatible; AhrefsBot/7.0; +http://ahrefs.com/robot/)" "www.ysfine.com"
51.222.253.4 - - [08/Jan/2023:22:11:36 -0800] "GET /class54/class5470/total_data/refer_img/3-5_f.jpg HTTP/1.1" 200 26723 "-" "Mozilla/5.0 (compatible; AhrefsBot/7.0; +http://ahrefs.com/robot/)" "www.ysfine.com"
40.77.167.17 - - [08/Jan/2023:22:11:52 -0800] "GET /bio/kobak/namdae.html HTTP/1.1" 404 88 "-" "Mozilla/5.0 (compatible; bingbot/2.0; +http://www.bing.com/bingbot.htm)" "ysfine.com"
157.55.39.149 - - [08/Jan/2023:22:12:25 -0800] "GET /world/russ/spbf34.jpg HTTP/1.1" 200 112353 "-" "Mozilla/5.0 AppleWebKit/537.36 (KHTML, like Gecko; compatible; bingbot/2.0; +http://www.bing.com/bingbot.htm) Chrome/103.0.5060.134 Safari/537.36" "www.ysfine.com"
71.178.208.102 - - [08/Jan/2023:22:12:35 -0800] "GET /bio54.html HTTP/1.1" 200 7968 "https://www.ysfine.com/ys11/index.html" "Mozilla/5.0 (Windows NT 10.0; Win64; x64; rv:108.0) Gecko/20100101 Firefox/108.0" "www.ysfine.com"
40.77.167.17 - - [08/Jan/2023:22:12:42 -0800] "GET /bio/world/leipzig.html HTTP/1.1" 404 88 "-" "Mozilla/5.0 (compatible; bingbot/2.0; +http://www.bing.com/bingbot.htm)" "ysfine.com"
207.46.13.31 - - [08/Jan/2023:22:13:50 -0800] "GET /home/fotos/einhaus11.jpg HTTP/1.1" 200 166716 "-" "Mozilla/5.0 AppleWebKit/537.36 (KHTML, like Gecko; compatible; bingbot/2.0; +http://www.bing.com/bingbot.htm) Chrome/103.0.5060.134 Safari/537.36" "www.ysfine.com"
207.46.13.143 - - [08/Jan/2023:22:14:14 -0800] "GET /bio/genea.html HTTP/1.1" 404 88 "-" "Mozilla/5.0 AppleWebKit/537.36 (KHTML, like Gecko; compatible; bingbot/2.0; +http://www.bing.com/bingbot.htm) Chrome/103.0.5060.134 Safari/537.36" "ysfine.com"
34.229.135.121 - - [08/Jan/2023:22:14:17 -0800] "GET /yspapers/keigel22.pdf HTTP/1.1" 200 19875749 "-" "python-httpx/0.23.1" "ysfine.com"
40.77.167.49 - - [08/Jan/2023:22:14:28 -0800] "GET /bio/pquartet.html HTTP/1.1" 404 88 "-" "Mozilla/5.0 AppleWebKit/537.36 (KHTML, like Gecko; compatible; bingbot/2.0; +http://www.bing.com/bingbot.htm) Chrome/103.0.5060.134 Safari/537.36" "ysfine.com"
71.178.208.102 - - [08/Jan/2023:22:14:48 -0800] "GET /bio54.html HTTP/1.1" 200 7970 "https://www.ysfine.com/ys11/index.html" "Mozilla/5.0 (Windows NT 10.0; Win64; x64; rv:108.0) Gecko/20100101 Firefox/108.0" "www.ysfine.com"
5.45.207.95 - - [08/Jan/2023:22:15:30 -0800] "GET /robots.txt HTTP/1.1" 404 73 "-" "Mozilla/5.0 (compatible; YandexBot/3.0; +http://yandex.com/bots)" "www.ysfine.com"
213.180.203.76 - - [08/Jan/2023:22:15:34 -0800] "GET /feynman/feyheg.html HTTP/1.1" 200 6341 "-" "Mozilla/5.0 (compatible; YandexBot/3.0; +http://yandex.com/bots) AppleWebKit/537.36 (KHTML, like Gecko) Chrome/81.0.4044.268" "www.ysfine.com"
207.46.13.143 - - [08/Jan/2023:22:15:43 -0800] "GET /bio/feynman/partons.html HTTP/1.1" 404 88 "-" "Mozilla/5.0 AppleWebKit/537.36 (KHTML, like Gecko; compatible; bingbot/2.0; +http://www.bing.com/bingbot.htm) Chrome/103.0.5060.134 Safari/537.36" "ysfine.com"
40.77.167.17 - - [08/Jan/2023:22:16:42 -0800] "GET /bio/bio06.html HTTP/1.1" 404 88 "-" "Mozilla/5.0 (compatible; bingbot/2.0; +http://www.bing.com/bingbot.htm)" "ysfine.com"
40.77.167.49 - - [08/Jan/2023:22:16:56 -0800] "GET /bio/princeton/campus.html HTTP/1.1" 404 88 "-" "Mozilla/5.0 (compatible; bingbot/2.0; +http://www.bing.com/bingbot.htm)" "ysfine.com"
118.107.11.11 - - [08/Jan/2023:22:17:44 -0800] "GET / HTTP/1.1" 200 5295 "http://www.ysfine.com" "Mozilla/5.0 (Windows NT 10.0; WOW64) AppleWebKit/537.36 (KHTML, like Gecko) Chrome/86.0.4240.198 Safari/537.36" "www.ysfine.com"
207.46.13.176 - - [08/Jan/2023:22:19:23 -0800] "GET /bio/style/rieu.html HTTP/1.1" 404 88 "-" "Mozilla/5.0 (compatible; bingbot/2.0; +http://www.bing.com/bingbot.htm)" "ysfine.com"
40.77.167.49 - - [08/Jan/2023:22:19:27 -0800] "GET /bio/world/trier.html HTTP/1.1" 404 88 "-" "Mozilla/5.0 AppleWebKit/537.36 (KHTML, like Gecko; compatible; bingbot/2.0; +http://www.bing.com/bingbot.htm) Chrome/103.0.5060.134 Safari/537.36" "ysfine.com"
15.165.36.78 - - [08/Jan/2023:22:19:36 -0800] "GET /maga/invent/amellon11.jpg HTTP/1.1" 200 21348 "-" "python-requests/2.25.1" "ysfine.com"
44.211.42.226 - - [08/Jan/2023:22:20:54 -0800] "GET /sitemap.xml HTTP/1.1" 304 - "https://www.google.com/" "Mozilla/5.0 (Windows NT 10.0; Win64; x64) AppleWebKit/537.36 (KHTML, like Gecko) Chrome/80.0.3987.132 Safari/537.36 OPR/67.0.3575.79" "www.ysfine.com"
5.102.173.71 - - [08/Jan/2023:22:21:04 -0800] "GET /robots.txt HTTP/1.1" 404 88 "-" "Mozilla/5.0 (compatible; MojeekBot/0.11; +https://www.mojeek.com/bot.html)" "ysfine.com"
5.102.173.71 - - [08/Jan/2023:22:21:04 -0800] "GET /wdc/washmofrog.html HTTP/1.1" 200 351 "-" "Mozilla/5.0 (compatible; MojeekBot/0.11; +https://www.mojeek.com/bot.html)" "ysfine.com"
207.46.13.31 - - [08/Jan/2023:22:22:52 -0800] "GET /bio/harmoarchi.html HTTP/1.1" 404 88 "-" "Mozilla/5.0 (compatible; bingbot/2.0; +http://www.bing.com/bingbot.htm)" "ysfine.com"
71.178.208.102 - - [08/Jan/2023:22:23:32 -0800] "GET /bio54.html HTTP/1.1" 200 7987 "https://www.ysfine.com/ys11/index.html" "Mozilla/5.0 (Windows NT 10.0; Win64; x64; rv:108.0) Gecko/20100101 Firefox/108.0" "www.ysfine.com"
40.77.167.49 - - [08/Jan/2023:22:23:45 -0800] "GET /bio/feynman/fphoto.html HTTP/1.1" 404 88 "-" "Mozilla/5.0 (compatible; bingbot/2.0; +http://www.bing.com/bingbot.htm)" "ysfine.com"
3.38.136.221 - - [08/Jan/2023:22:23:54 -0800] "GET /remote/wigner111/kim-57.jpg HTTP/1.1" 200 54858 "-" "python-requests/2.25.1" "ysfine.com"
40.77.167.17 - - [08/Jan/2023:22:24:04 -0800] "GET /wdc/w69kor05.jpg HTTP/1.1" 200 76441 "-" "Mozilla/5.0 (compatible; bingbot/2.0; +http://www.bing.com/bingbot.htm)" "www.ysfine.com"
207.46.13.31 - - [08/Jan/2023:22:24:42 -0800] "GET /bio/home/sing.html HTTP/1.1" 404 88 "-" "Mozilla/5.0 AppleWebKit/537.36 (KHTML, like Gecko; compatible; bingbot/2.0; +http://www.bing.com/bingbot.htm) Chrome/103.0.5060.134 Safari/537.36" "ysfine.com"
207.46.13.31 - - [08/Jan/2023:22:24:53 -0800] "GET /bio/bio04.html HTTP/1.1" 404 88 "-" "Mozilla/5.0 AppleWebKit/537.36 (KHTML, like Gecko; compatible; bingbot/2.0; +http://www.bing.com/bingbot.htm) Chrome/103.0.5060.134 Safari/537.36" "ysfine.com"
71.178.208.102 - - [08/Jan/2023:22:25:13 -0800] "GET /ffriends/fdw.html HTTP/1.1" 200 45463 "https://www.ysfine.com/bio54.html" "Mozilla/5.0 (Windows NT 10.0; Win64; x64; rv:108.0) Gecko/20100101 Firefox/108.0" "www.ysfine.com"
71.178.208.102 - - [08/Jan/2023:22:25:13 -0800] "GET /ffriends/dongio22c.jpg HTTP/1.1" 200 64550 "https://www.ysfine.com/ffriends/fdw.html" "Mozilla/5.0 (Windows NT 10.0; Win64; x64; rv:108.0) Gecko/20100101 Firefox/108.0" "www.ysfine.com"
71.178.208.102 - - [08/Jan/2023:22:25:13 -0800] "GET /world/russ/protvi01b.jpg HTTP/1.1" 200 42265 "https://www.ysfine.com/ffriends/fdw.html" "Mozilla/5.0 (Windows NT 10.0; Win64; x64; rv:108.0) Gecko/20100101 Firefox/108.0" "www.ysfine.com"
71.178.208.102 - - [08/Jan/2023:22:25:13 -0800] "GET /world/russ/spbf35b.jpg HTTP/1.1" 200 47988 "https://www.ysfine.com/ffriends/fdw.html" "Mozilla/5.0 (Windows NT 10.0; Win64; x64; rv:108.0) Gecko/20100101 Firefox/108.0" "www.ysfine.com"
71.178.208.102 - - [08/Jan/2023:22:25:13 -0800] "GET /world/russ/spbf68b.jpg HTTP/1.1" 200 57387 "https://www.ysfine.com/ffriends/fdw.html" "Mozilla/5.0 (Windows NT 10.0; Win64; x64; rv:108.0) Gecko/20100101 Firefox/108.0" "www.ysfine.com"
71.178.208.102 - - [08/Jan/2023:22:25:13 -0800] "GET /ffriends/qinshi11c.jpg HTTP/1.1" 200 41459 "https://www.ysfine.com/ffriends/fdw.html" "Mozilla/5.0 (Windows NT 10.0; Win64; x64; rv:108.0) Gecko/20100101 Firefox/108.0" "www.ysfine.com"
71.178.208.102 - - [08/Jan/2023:22:25:13 -0800] "GET /world/baltic/kantname11b.jpg HTTP/1.1" 200 23369 "https://www.ysfine.com/ffriends/fdw.html" "Mozilla/5.0 (Windows NT 10.0; Win64; x64; rv:108.0) Gecko/20100101 Firefox/108.0" "www.ysfine.com"
71.178.208.102 - - [08/Jan/2023:22:25:13 -0800] "GET /ffriends/russrio22b.jpg HTTP/1.1" 200 28891 "https://www.ysfine.com/ffriends/fdw.html" "Mozilla/5.0 (Windows NT 10.0; Win64; x64; rv:108.0) Gecko/20100101 Firefox/108.0" "www.ysfine.com"
71.178.208.102 - - [08/Jan/2023:22:25:13 -0800] "GET /world/poland/sienkiew01c.jpg HTTP/1.1" 200 55404 "https://www.ysfine.com/ffriends/fdw.html" "Mozilla/5.0 (Windows NT 10.0; Win64; x64; rv:108.0) Gecko/20100101 Firefox/108.0" "www.ysfine.com"
71.178.208.102 - - [08/Jan/2023:22:25:13 -0800] "GET /world/russ/spbf15b.jpg HTTP/1.1" 200 59687 "https://www.ysfine.com/ffriends/fdw.html" "Mozilla/5.0 (Windows NT 10.0; Win64; x64; rv:108.0) Gecko/20100101 Firefox/108.0" "www.ysfine.com"
71.178.208.102 - - [08/Jan/2023:22:25:13 -0800] "GET /world/poland/polhillar11c.jpg HTTP/1.1" 200 28982 "https://www.ysfine.com/ffriends/fdw.html" "Mozilla/5.0 (Windows NT 10.0; Win64; x64; rv:108.0) Gecko/20100101 Firefox/108.0" "www.ysfine.com"
71.178.208.102 - - [08/Jan/2023:22:25:13 -0800] "GET /world/brit/2013lon01c.jpg HTTP/1.1" 200 40166 "https://www.ysfine.com/ffriends/fdw.html" "Mozilla/5.0 (Windows NT 10.0; Win64; x64; rv:108.0) Gecko/20100101 Firefox/108.0" "www.ysfine.com"
71.178.208.102 - - [08/Jan/2023:22:25:13 -0800] "GET /ffriends/tolstoy11b.jpg HTTP/1.1" 200 32948 "https://www.ysfine.com/ffriends/fdw.html" "Mozilla/5.0 (Windows NT 10.0; Win64; x64; rv:108.0) Gecko/20100101 Firefox/108.0" "www.ysfine.com"
71.178.208.102 - - [08/Jan/2023:22:25:13 -0800] "GET /world/baltic/kalin17b.jpg HTTP/1.1" 200 38317 "https://www.ysfine.com/ffriends/fdw.html" "Mozilla/5.0 (Windows NT 10.0; Win64; x64; rv:108.0) Gecko/20100101 Firefox/108.0" "www.ysfine.com"
71.178.208.102 - - [08/Jan/2023:22:25:13 -0800] "GET /world/russ/twosis11b.jpg HTTP/1.1" 200 35693 "https://www.ysfine.com/ffriends/fdw.html" "Mozilla/5.0 (Windows NT 10.0; Win64; x64; rv:108.0) Gecko/20100101 Firefox/108.0" "www.ysfine.com"
71.178.208.102 - - [08/Jan/2023:22:25:13 -0800] "GET /world/russ/spbf25b.jpg HTTP/1.1" 200 38986 "https://www.ysfine.com/ffriends/fdw.html" "Mozilla/5.0 (Windows NT 10.0; Win64; x64; rv:108.0) Gecko/20100101 Firefox/108.0" "www.ysfine.com"
71.178.208.102 - - [08/Jan/2023:22:25:13 -0800] "GET /world/france/ingridberg11c.jpg HTTP/1.1" 200 37423 "https://www.ysfine.com/ffriends/fdw.html" "Mozilla/5.0 (Windows NT 10.0; Win64; x64; rv:108.0) Gecko/20100101 Firefox/108.0" "www.ysfine.com"
71.178.208.102 - - [08/Jan/2023:22:25:13 -0800] "GET /world/russ/masha11b.jpg HTTP/1.1" 200 44336 "https://www.ysfine.com/ffriends/fdw.html" "Mozilla/5.0 (Windows NT 10.0; Win64; x64; rv:108.0) Gecko/20100101 Firefox/108.0" "www.ysfine.com"
71.178.208.102 - - [08/Jan/2023:22:25:13 -0800] "GET /world/russ/mosf38b.jpg HTTP/1.1" 200 44031 "https://www.ysfine.com/ffriends/fdw.html" "Mozilla/5.0 (Windows NT 10.0; Win64; x64; rv:108.0) Gecko/20100101 Firefox/108.0" "www.ysfine.com"
71.178.208.102 - - [08/Jan/2023:22:25:13 -0800] "GET /ffriends/omsk22b.jpg HTTP/1.1" 200 53762 "https://www.ysfine.com/ffriends/fdw.html" "Mozilla/5.0 (Windows NT 10.0; Win64; x64; rv:108.0) Gecko/20100101 Firefox/108.0" "www.ysfine.com"
71.178.208.102 - - [08/Jan/2023:22:25:13 -0800] "GET /ffriends/russrio33b.jpg HTTP/1.1" 200 38506 "https://www.ysfine.com/ffriends/fdw.html" "Mozilla/5.0 (Windows NT 10.0; Win64; x64; rv:108.0) Gecko/20100101 Firefox/108.0" "www.ysfine.com"
71.178.208.102 - - [08/Jan/2023:22:25:13 -0800] "GET /world/russ/ballerina11b.jpg HTTP/1.1" 200 41163 "https://www.ysfine.com/ffriends/fdw.html" "Mozilla/5.0 (Windows NT 10.0; Win64; x64; rv:108.0) Gecko/20100101 Firefox/108.0" "www.ysfine.com"
71.178.208.102 - - [08/Jan/2023:22:25:13 -0800] "GET /world/france/metz17c.jpg HTTP/1.1" 200 42665 "https://www.ysfine.com/ffriends/fdw.html" "Mozilla/5.0 (Windows NT 10.0; Win64; x64; rv:108.0) Gecko/20100101 Firefox/108.0" "www.ysfine.com"
71.178.208.102 - - [08/Jan/2023:22:25:13 -0800] "GET /world/brit/harrow01c.jpg HTTP/1.1" 200 38166 "https://www.ysfine.com/ffriends/fdw.html" "Mozilla/5.0 (Windows NT 10.0; Win64; x64; rv:108.0) Gecko/20100101 Firefox/108.0" "www.ysfine.com"
71.178.208.102 - - [08/Jan/2023:22:25:13 -0800] "GET /ffriends/romania17b.jpg HTTP/1.1" 200 37337 "https://www.ysfine.com/ffriends/fdw.html" "Mozilla/5.0 (Windows NT 10.0; Win64; x64; rv:108.0) Gecko/20100101 Firefox/108.0" "www.ysfine.com"
71.178.208.102 - - [08/Jan/2023:22:25:13 -0800] "GET /world/russ/twosis22b.jpg HTTP/1.1" 200 23679 "https://www.ysfine.com/ffriends/fdw.html" "Mozilla/5.0 (Windows NT 10.0; Win64; x64; rv:108.0) Gecko/20100101 Firefox/108.0" "www.ysfine.com"
71.178.208.102 - - [08/Jan/2023:22:25:13 -0800] "GET /ffriends/romania05b.jpg HTTP/1.1" 200 41585 "https://www.ysfine.com/ffriends/fdw.html" "Mozilla/5.0 (Windows NT 10.0; Win64; x64; rv:108.0) Gecko/20100101 Firefox/108.0" "www.ysfine.com"
71.178.208.102 - - [08/Jan/2023:22:25:13 -0800] "GET /world/russ/minskf51b.jpg HTTP/1.1" 200 25089 "https://www.ysfine.com/ffriends/fdw.html" "Mozilla/5.0 (Windows NT 10.0; Win64; x64; rv:108.0) Gecko/20100101 Firefox/108.0" "www.ysfine.com"
71.178.208.102 - - [08/Jan/2023:22:25:13 -0800] "GET /world/russ/bachkova11b.jpg HTTP/1.1" 200 45475 "https://www.ysfine.com/ffriends/fdw.html" "Mozilla/5.0 (Windows NT 10.0; Win64; x64; rv:108.0) Gecko/20100101 Firefox/108.0" "www.ysfine.com"
71.178.208.102 - - [08/Jan/2023:22:25:13 -0800] "GET /world/israel/tlvf15b.jpg HTTP/1.1" 200 46315 "https://www.ysfine.com/ffriends/fdw.html" "Mozilla/5.0 (Windows NT 10.0; Win64; x64; rv:108.0) Gecko/20100101 Firefox/108.0" "www.ysfine.com"
71.178.208.102 - - [08/Jan/2023:22:25:13 -0800] "GET /world/europe/alps01b.jpg HTTP/1.1" 200 29197 "https://www.ysfine.com/ffriends/fdw.html" "Mozilla/5.0 (Windows NT 10.0; Win64; x64; rv:108.0) Gecko/20100101 Firefox/108.0" "www.ysfine.com"
71.178.208.102 - - [08/Jan/2023:22:25:13 -0800] "GET /world/baltic/kalin02b.jpg HTTP/1.1" 200 46051 "https://www.ysfine.com/ffriends/fdw.html" "Mozilla/5.0 (Windows NT 10.0; Win64; x64; rv:108.0) Gecko/20100101 Firefox/108.0" "www.ysfine.com"
71.178.208.102 - - [08/Jan/2023:22:25:13 -0800] "GET /ffriends/ukralon01b.jpg HTTP/1.1" 200 38506 "https://www.ysfine.com/ffriends/fdw.html" "Mozilla/5.0 (Windows NT 10.0; Win64; x64; rv:108.0) Gecko/20100101 Firefox/108.0" "www.ysfine.com"
71.178.208.102 - - [08/Jan/2023:22:25:13 -0800] "GET /ffriends/sadat55c.jpg HTTP/1.1" 200 29362 "https://www.ysfine.com/ffriends/fdw.html" "Mozilla/5.0 (Windows NT 10.0; Win64; x64; rv:108.0) Gecko/20100101 Firefox/108.0" "www.ysfine.com"
71.178.208.102 - - [08/Jan/2023:22:25:13 -0800] "GET /world/russ/mosf64b.jpg HTTP/1.1" 200 37536 "https://www.ysfine.com/ffriends/fdw.html" "Mozilla/5.0 (Windows NT 10.0; Win64; x64; rv:108.0) Gecko/20100101 Firefox/108.0" "www.ysfine.com"
71.178.208.102 - - [08/Jan/2023:22:25:13 -0800] "GET /world/russ/mosf37b.jpg HTTP/1.1" 200 40311 "https://www.ysfine.com/ffriends/fdw.html" "Mozilla/5.0 (Windows NT 10.0; Win64; x64; rv:108.0) Gecko/20100101 Firefox/108.0" "www.ysfine.com"
71.178.208.102 - - [08/Jan/2023:22:25:13 -0800] "GET /ffriends/gatti02c.jpg HTTP/1.1" 200 41482 "https://www.ysfine.com/ffriends/fdw.html" "Mozilla/5.0 (Windows NT 10.0; Win64; x64; rv:108.0) Gecko/20100101 Firefox/108.0" "www.ysfine.com"
71.178.208.102 - - [08/Jan/2023:22:25:13 -0800] "GET /ffriends/bulgabuenos01b.jpg HTTP/1.1" 200 47056 "https://www.ysfine.com/ffriends/fdw.html" "Mozilla/5.0 (Windows NT 10.0; Win64; x64; rv:108.0) Gecko/20100101 Firefox/108.0" "www.ysfine.com"
71.178.208.102 - - [08/Jan/2023:22:25:13 -0800] "GET /ffriends/serbian33b.jpg HTTP/1.1" 200 30382 "https://www.ysfine.com/ffriends/fdw.html" "Mozilla/5.0 (Windows NT 10.0; Win64; x64; rv:108.0) Gecko/20100101 Firefox/108.0" "www.ysfine.com"
71.178.208.102 - - [08/Jan/2023:22:25:13 -0800] "GET /world/europe/baself01b.jpg HTTP/1.1" 200 52617 "https://www.ysfine.com/ffriends/fdw.html" "Mozilla/5.0 (Windows NT 10.0; Win64; x64; rv:108.0) Gecko/20100101 Firefox/108.0" "www.ysfine.com"
71.178.208.102 - - [08/Jan/2023:22:25:13 -0800] "GET /world/russ/minskf83b.jpg HTTP/1.1" 200 40433 "https://www.ysfine.com/ffriends/fdw.html" "Mozilla/5.0 (Windows NT 10.0; Win64; x64; rv:108.0) Gecko/20100101 Firefox/108.0" "www.ysfine.com"
71.178.208.102 - - [08/Jan/2023:22:25:13 -0800] "GET /ffriends/croatia01b.jpg HTTP/1.1" 200 47763 "https://www.ysfine.com/ffriends/fdw.html" "Mozilla/5.0 (Windows NT 10.0; Win64; x64; rv:108.0) Gecko/20100101 Firefox/108.0" "www.ysfine.com"
71.178.208.102 - - [08/Jan/2023:22:25:13 -0800] "GET /ffriends/safrica11c.jpg HTTP/1.1" 200 26881 "https://www.ysfine.com/ffriends/fdw.html" "Mozilla/5.0 (Windows NT 10.0; Win64; x64; rv:108.0) Gecko/20100101 Firefox/108.0" "www.ysfine.com"
71.178.208.102 - - [08/Jan/2023:22:25:13 -0800] "GET /ffriends/mongo04b.jpg HTTP/1.1" 200 45678 "https://www.ysfine.com/ffriends/fdw.html" "Mozilla/5.0 (Windows NT 10.0; Win64; x64; rv:108.0) Gecko/20100101 Firefox/108.0" "www.ysfine.com"
71.178.208.102 - - [08/Jan/2023:22:25:13 -0800] "GET /world/france/matisse11c.jpg HTTP/1.1" 200 31489 "https://www.ysfine.com/ffriends/fdw.html" "Mozilla/5.0 (Windows NT 10.0; Win64; x64; rv:108.0) Gecko/20100101 Firefox/108.0" "www.ysfine.com"
