95.108.213.31 - - [09/Jan/2023:00:16:31 -0800] "GET /vip/index.html HTTP/1.1" 401 90 "-" "Mozilla/5.0 (compatible; YandexBot/3.0; +http://yandex.com/bots) AppleWebKit/537.36 (KHTML, like Gecko) Chrome/81.0.4044.268" "www.ysfine.com"
207.46.13.176 - - [09/Jan/2023:00:17:24 -0800] "GET /bio/world/kalinin22.html HTTP/1.1" 404 88 "-" "Mozilla/5.0 AppleWebKit/537.36 (KHTML, like Gecko; compatible; bingbot/2.0; +http://www.bing.com/bingbot.htm) Chrome/103.0.5060.134 Safari/537.36" "ysfine.com"
142.114.57.121 - - [09/Jan/2023:00:17:24 -0800] "GET /world/latina/rio004b.jpg HTTP/1.1" 200 40739 "https://www.google.ca/" "Mozilla/5.0 (Windows NT 10.0; Win64; x64) AppleWebKit/537.36 (KHTML, like Gecko) Chrome/108.0.0.0 Safari/537.36 Edg/108.0.1462.76" "ysfine.com"
114.119.152.114 - - [09/Jan/2023:00:17:56 -0800] "GET /world/russ/dnepro.html HTTP/1.1" 200 439 "https://www.ysfine.com/ffriends/beau.html" "Mozilla/5.0 (Linux; Android 7.0;) AppleWebKit/537.36 (KHTML, like Gecko) Mobile Safari/537.36 (compatible; PetalBot;+https://webmaster.petalsearch.com/site/petalbot)" "www.ysfine.com"
207.46.13.31 - - [09/Jan/2023:00:18:22 -0800] "GET /world/russ/tchaikovhall04.jpg HTTP/1.1" 200 77132 "-" "Mozilla/5.0 AppleWebKit/537.36 (KHTML, like Gecko; compatible; bingbot/2.0; +http://www.bing.com/bingbot.htm) Chrome/103.0.5060.134 Safari/537.36" "ysfine.com"
51.222.253.12 - - [09/Jan/2023:00:18:28 -0800] "GET /class54/class5470/total_data/sub_519.htm HTTP/1.1" 200 3212 "-" "Mozilla/5.0 (compatible; AhrefsBot/7.0; +http://ahrefs.com/robot/)" "ysfine.com"
77.75.78.167 - - [09/Jan/2023:00:18:43 -0800] "GET /robots.txt HTTP/1.1" 404 88 "-" "Mozilla/5.0 (compatible; SeznamBot/3.2; +http://napoveda.seznam.cz/en/seznambot-intro/)" "ysfine.com"
77.75.78.167 - - [09/Jan/2023:00:18:45 -0800] "GET /world/france/picassomp09.jpg HTTP/1.1" 200 79481 "-" "Mozilla/5.0 (compatible; SeznamBot/3.2; +http://napoveda.seznam.cz/en/seznambot-intro/)" "ysfine.com"
77.75.78.167 - - [09/Jan/2023:00:18:48 -0800] "GET /world/france/picassomp77.jpg HTTP/1.1" 200 151274 "-" "Mozilla/5.0 (compatible; SeznamBot/3.2; +http://napoveda.seznam.cz/en/seznambot-intro/)" "ysfine.com"
77.75.78.167 - - [09/Jan/2023:00:18:51 -0800] "GET /world/russ/mosconvent05.jpg HTTP/1.1" 200 66526 "-" "Mozilla/5.0 (compatible; SeznamBot/3.2; +http://napoveda.seznam.cz/en/seznambot-intro/)" "ysfine.com"
95.85.254.207 - - [09/Jan/2023:00:18:52 -0800] "GET /world/germany/berlin051.jpg HTTP/1.1" 200 104542 "https://www.bing.com/" "Mozilla/5.0 (Windows NT 10.0; Win64; x64; rv:107.0) Gecko/20100101 Firefox/107.0" "www.ysfine.com"
77.75.78.167 - - [09/Jan/2023:00:18:53 -0800] "GET /world/france/champ9601.jpg HTTP/1.1" 200 120539 "-" "Mozilla/5.0 (compatible; SeznamBot/3.2; +http://napoveda.seznam.cz/en/seznambot-intro/)" "ysfine.com"
95.108.213.52 - - [09/Jan/2023:00:18:54 -0800] "GET /newyork/cafenapoli.jpg HTTP/1.1" 200 134179 "-" "Mozilla/5.0 (compatible; YandexImages/3.0; +http://yandex.com/bots)" "ysfine.com"
77.75.78.167 - - [09/Jan/2023:00:18:55 -0800] "GET /world/hungary/buda044.jpg HTTP/1.1" 304 - "-" "Mozilla/5.0 (compatible; SeznamBot/3.2; +http://napoveda.seznam.cz/en/seznambot-intro/)" "ysfine.com"
77.75.78.167 - - [09/Jan/2023:00:18:56 -0800] "GET /usca/pitt/kerry11.jpg HTTP/1.1" 200 204958 "-" "Mozilla/5.0 (compatible; SeznamBot/3.2; +http://napoveda.seznam.cz/en/seznambot-intro/)" "ysfine.com"
77.75.78.167 - - [09/Jan/2023:00:18:59 -0800] "GET /world/russ/krem15.jpg HTTP/1.1" 200 80844 "-" "Mozilla/5.0 (compatible; SeznamBot/3.2; +http://napoveda.seznam.cz/en/seznambot-intro/)" "ysfine.com"
77.75.78.167 - - [09/Jan/2023:00:19:00 -0800] "GET /world/russ/krem07.jpg HTTP/1.1" 200 99239 "-" "Mozilla/5.0 (compatible; SeznamBot/3.2; +http://napoveda.seznam.cz/en/seznambot-intro/)" "ysfine.com"
40.77.167.49 - - [09/Jan/2023:00:20:34 -0800] "GET /home/eink/index.html HTTP/1.1" 404 88 "-" "Mozilla/5.0 AppleWebKit/537.36 (KHTML, like Gecko; compatible; bingbot/2.0; +http://www.bing.com/bingbot.htm) Chrome/103.0.5060.134 Safari/537.36" "www.ysfine.com"
95.163.255.81 - - [09/Jan/2023:00:21:19 -0800] "GET /robots.txt HTTP/1.1" 404 73 "-" "Mozilla/5.0 (compatible; Linux x86_64; Mail.RU_Bot/Img/2.0; +https://help.mail.ru/webmaster/indexing/robots)" "ysfine.com"
62.0.139.193 - - [09/Jan/2023:00:22:47 -0800] "GET /world/germany/berlin051.jpg HTTP/1.1" 200 104542 "https://www.bing.com/" "Mozilla/5.0 (Windows NT 10.0; Win64; x64) AppleWebKit/537.36 (KHTML, like Gecko) Chrome/108.0.0.0 Safari/537.36 Edg/108.0.1462.76" "www.ysfine.com"
207.46.13.31 - - [09/Jan/2023:00:22:53 -0800] "GET /bio/bio03.html HTTP/1.1" 404 88 "-" "Mozilla/5.0 (compatible; bingbot/2.0; +http://www.bing.com/bingbot.htm)" "ysfine.com"
207.46.13.176 - - [09/Jan/2023:00:23:03 -0800] "GET /bio/kobak/soraech.html HTTP/1.1" 404 88 "-" "Mozilla/5.0 (compatible; bingbot/2.0; +http://www.bing.com/bingbot.htm)" "ysfine.com"
95.108.213.11 - - [09/Jan/2023:00:24:08 -0800] "GET /home/dwf33.html HTTP/1.1" 200 7188 "-" "Mozilla/5.0 (compatible; YandexBot/3.0; +http://yandex.com/bots) AppleWebKit/537.36 (KHTML, like Gecko) Chrome/81.0.4044.268" "www.ysfine.com"
207.46.13.31 - - [09/Jan/2023:00:24:13 -0800] "GET /princeton/index.html HTTP/1.1" 200 140 "-" "Mozilla/5.0 AppleWebKit/537.36 (KHTML, like Gecko; compatible; bingbot/2.0; +http://www.bing.com/bingbot.htm) Chrome/103.0.5060.134 Safari/537.36" "ysfine.com"
95.163.255.81 - - [09/Jan/2023:00:25:00 -0800] "GET /maga/phys/schrod11.jpg HTTP/1.1" 200 107958 "http://go.mail.ru/search_images" "Mozilla/5.0 (compatible; Linux x86_64; Mail.RU_Bot/Img/2.0; +https://help.mail.ru/webmaster/indexing/robots)" "ysfine.com"
51.222.253.9 - - [09/Jan/2023:00:25:09 -0800] "GET /class54/class5470/total_data/sub_520.htm HTTP/1.1" 200 3212 "-" "Mozilla/5.0 (compatible; AhrefsBot/7.0; +http://ahrefs.com/robot/)" "ysfine.com"
64.233.173.141 - - [09/Jan/2023:00:25:38 -0800] "GET /einstein/photoelr.gif HTTP/1.1" 200 4549 "-" "Mozilla/5.0 (Windows NT 5.1; rv:11.0) Gecko Firefox/11.0 (via ggpht.com GoogleImageProxy)" "www.ysfine.com"
211.249.40.2 - - [09/Jan/2023:00:26:05 -0800] "GET /kowar/tanks/tank03.jpg HTTP/1.1" 200 106726 "http://ysfine.com/kowar/tanks/tank03.jpg" "Mozilla/4.0 (compatible; MSIE 8.0; Windows NT 6.1; Trident/4.0)" "ysfine.com"
62.235.111.127 - - [09/Jan/2023:00:26:24 -0800] "GET /maga/phil/sartre11.jpg HTTP/1.1" 200 164394 "https://www.google.com/" "Mozilla/5.0 (Macintosh; Intel Mac OS X 10_15_7) AppleWebKit/605.1.15 (KHTML, like Gecko) Version/15.5 Safari/605.1.15" "ysfine.com"
185.191.171.26 - - [09/Jan/2023:00:26:46 -0800] "GET /robots.txt HTTP/1.1" 404 88 "-" "Mozilla/5.0 (compatible; SemrushBot/7~bl; +http://www.semrush.com/bot.html)" "ysfine.com"
185.191.171.13 - - [09/Jan/2023:00:26:47 -0800] "GET /wisdom/wkrigh.html HTTP/1.1" 200 4130 "-" "Mozilla/5.0 (compatible; SemrushBot/7~bl; +http://www.semrush.com/bot.html)" "ysfine.com"
40.77.167.49 - - [09/Jan/2023:00:27:07 -0800] "GET /bio/style/ystyle.html HTTP/1.1" 404 88 "-" "Mozilla/5.0 (compatible; bingbot/2.0; +http://www.bing.com/bingbot.htm)" "ysfine.com"
95.163.255.61 - - [09/Jan/2023:00:27:48 -0800] "GET /world/russ/spb41.jpg HTTP/1.1" 200 112681 "http://go.mail.ru/search_images" "Mozilla/5.0 (compatible; Linux x86_64; Mail.RU_Bot/Img/2.0; +https://help.mail.ru/webmaster/indexing/robots)" "ysfine.com"
51.222.253.20 - - [09/Jan/2023:00:28:15 -0800] "GET /class54/class5470/total_data/sub_532.htm HTTP/1.1" 200 3228 "-" "Mozilla/5.0 (compatible; AhrefsBot/7.0; +http://ahrefs.com/robot/)" "ysfine.com"
51.222.253.13 - - [09/Jan/2023:00:28:17 -0800] "GET /class54/class5470/total_data/photo_img/5-32.jpg HTTP/1.1" 200 218357 "-" "Mozilla/5.0 (compatible; AhrefsBot/7.0; +http://ahrefs.com/robot/)" "ysfine.com"
207.46.13.176 - - [09/Jan/2023:00:29:25 -0800] "GET /bio/optics.html HTTP/1.1" 404 88 "-" "Mozilla/5.0 (compatible; bingbot/2.0; +http://www.bing.com/bingbot.htm)" "ysfine.com"
35.139.143.69 - - [09/Jan/2023:00:30:23 -0800] "GET /world/russ/kazanmap22.jpg HTTP/1.1" 200 129761 "-" "Mozilla/5.0 (Macintosh; Intel Mac OS X 10_14_6) AppleWebKit/605.1.15 (KHTML, like Gecko) Version/14.1.2 Safari/605.1.15" "ysfine.com"
207.46.13.31 - - [09/Jan/2023:00:31:24 -0800] "GET /bio/style/artlove.html HTTP/1.1" 404 88 "-" "Mozilla/5.0 AppleWebKit/537.36 (KHTML, like Gecko; compatible; bingbot/2.0; +http://www.bing.com/bingbot.htm) Chrome/103.0.5060.134 Safari/537.36" "ysfine.com"
40.77.167.17 - - [09/Jan/2023:00:31:45 -0800] "GET /bio/style/leica.html HTTP/1.1" 404 88 "-" "Mozilla/5.0 AppleWebKit/537.36 (KHTML, like Gecko; compatible; bingbot/2.0; +http://www.bing.com/bingbot.htm) Chrome/103.0.5060.134 Safari/537.36" "ysfine.com"
49.7.21.114 - - [09/Jan/2023:00:32:29 -0800] "GET / HTTP/1.1" 200 5295 "-" "Sogou web spider/4.0(+http://www.sogou.com/docs/help/webmasters.htm#07)" "www.ysfine.com"
51.222.253.3 - - [09/Jan/2023:00:32:45 -0800] "GET /class54/class5470/total_data/sub_528.htm HTTP/1.1" 200 3212 "-" "Mozilla/5.0 (compatible; AhrefsBot/7.0; +http://ahrefs.com/robot/)" "ysfine.com"
51.222.253.10 - - [09/Jan/2023:00:32:46 -0800] "GET /class54/class5470/total_data/photo_img/5-28.jpg HTTP/1.1" 200 286972 "-" "Mozilla/5.0 (compatible; AhrefsBot/7.0; +http://ahrefs.com/robot/)" "ysfine.com"
207.46.13.176 - - [09/Jan/2023:00:34:05 -0800] "GET /bio/einstein/ulm.html HTTP/1.1" 404 88 "-" "Mozilla/5.0 AppleWebKit/537.36 (KHTML, like Gecko; compatible; bingbot/2.0; +http://www.bing.com/bingbot.htm) Chrome/103.0.5060.134 Safari/537.36" "ysfine.com"
158.150.109.38 - - [09/Jan/2023:00:34:08 -0800] "GET /world/russ/roskei10.jpg HTTP/1.1" 200 75892 "https://www.google.com/" "Mozilla/5.0 (X11; CrOS x86_64 15183.69.0) AppleWebKit/537.36 (KHTML, like Gecko) Chrome/108.0.0.0 Safari/537.36" "ysfine.com"
85.208.98.23 - - [09/Jan/2023:00:34:29 -0800] "GET /robots.txt HTTP/1.1" 404 88 "http://ysfine.com/robots.txt" "Mozilla/5.0 (compatible; SemrushBot-BA; +http://www.semrush.com/bot.html)" "ysfine.com"
85.208.98.23 - - [09/Jan/2023:00:34:29 -0800] "GET /robots.txt HTTP/1.1" 404 88 "http://www.ysfine.com/robots.txt" "Mozilla/5.0 (compatible; SemrushBot-BA; +http://www.semrush.com/bot.html)" "www.ysfine.com"
207.46.13.31 - - [09/Jan/2023:00:34:46 -0800] "GET /bio/sbk/1950.html HTTP/1.1" 404 88 "-" "Mozilla/5.0 AppleWebKit/537.36 (KHTML, like Gecko; compatible; bingbot/2.0; +http://www.bing.com/bingbot.htm) Chrome/103.0.5060.134 Safari/537.36" "ysfine.com"
85.208.98.22 - - [09/Jan/2023:00:34:58 -0800] "GET /ysbio/style/restau.html HTTP/1.1" 404 88 "-" "Mozilla/5.0 (compatible; SemrushBot-BA; +http://www.semrush.com/bot.html)" "ysfine.com"
85.208.98.31 - - [09/Jan/2023:00:34:55 -0800] "GET /ysbio/style/restau.html HTTP/1.1" 404 88 "-" "Mozilla/5.0 (compatible; SemrushBot-BA; +http://www.semrush.com/bot.html)" "www.ysfine.com"
103.77.137.155 - - [09/Jan/2023:00:35:59 -0800] "GET /kowar/tanks/tank03.jpg HTTP/1.1" 200 106726 "https://www.google.com/" "Mozilla/5.0 (Windows NT 10.0; Win64; x64) AppleWebKit/537.36 (KHTML, like Gecko) Chrome/108.0.0.0 Safari/537.36" "ysfine.com"
135.181.74.243 - - [09/Jan/2023:00:36:15 -0800] "GET /robots.txt HTTP/1.1" 404 73 "-" "Mozilla/5.0 (compatible; MJ12bot/v1.4.8; http://mj12bot.com/)" "ysfine.com"
135.181.74.243 - - [09/Jan/2023:00:36:16 -0800] "GET /ysbio/class54/class5480/Pictures/1.%C3%AC%C2%A0%C2%91%C3%AC%C2%88%C2%98%C3%AB%C2%B0%C2%8F%C3%AD%C2%99%C2%98%C3%AB%C2%8B%C2%B4/%C3%AC%C2%A0%C2%91%C3%AC%C2%88%C2%98%C3%AB%C2%B0%C2%8F%C3%AD%C2%99%C2%98%C3%AB%C2%8B%C2%B4%20(1).jpg HTTP/1.1" 404 88 "-" "Mozilla/5.0 (compatible; MJ12bot/v1.4.8; http://mj12bot.com/)" "ysfine.com"
40.77.167.49 - - [09/Jan/2023:00:36:57 -0800] "GET /bio/feynman/fphoto.html HTTP/1.1" 404 88 "-" "Mozilla/5.0 (compatible; bingbot/2.0; +http://www.bing.com/bingbot.htm)" "ysfine.com"
51.222.253.20 - - [09/Jan/2023:00:37:53 -0800] "GET /class54/class5470/total_data/sub_522.htm HTTP/1.1" 200 3212 "-" "Mozilla/5.0 (compatible; AhrefsBot/7.0; +http://ahrefs.com/robot/)" "ysfine.com"
207.46.13.31 - - [09/Jan/2023:00:37:55 -0800] "GET /bio/kobak/yskor.html HTTP/1.1" 404 88 "-" "Mozilla/5.0 (compatible; bingbot/2.0; +http://www.bing.com/bingbot.htm)" "ysfine.com"
71.178.208.102 - - [09/Jan/2023:00:40:15 -0800] "GET /ys11/ HTTP/1.1" 304 - "-" "Mozilla/5.0 (Windows NT 10.0; Win64; x64) AppleWebKit/537.36 (KHTML, like Gecko) Chrome/108.0.0.0 Safari/537.36" "ysfine.com"
40.77.167.49 - - [09/Jan/2023:00:40:30 -0800] "GET /bio/wigner/e(2).html HTTP/1.1" 404 88 "-" "Mozilla/5.0 (compatible; bingbot/2.0; +http://www.bing.com/bingbot.htm)" "ysfine.com"
40.77.167.17 - - [09/Jan/2023:00:41:25 -0800] "GET /bio/einstein/bern.html HTTP/1.1" 404 88 "-" "Mozilla/5.0 (compatible; bingbot/2.0; +http://www.bing.com/bingbot.htm)" "ysfine.com"
207.46.13.176 - - [09/Jan/2023:00:42:37 -0800] "GET /bio.html HTTP/1.1" 200 18260 "-" "Mozilla/5.0 (compatible; bingbot/2.0; +http://www.bing.com/bingbot.htm)" "ysfine.com"
51.222.253.2 - - [09/Jan/2023:00:43:16 -0800] "GET /class54/class5470/total_data/sub_523.htm HTTP/1.1" 200 3212 "-" "Mozilla/5.0 (compatible; AhrefsBot/7.0; +http://ahrefs.com/robot/)" "ysfine.com"
89.102.236.129 - - [09/Jan/2023:00:43:27 -0800] "GET /world/germany/berlin051.jpg HTTP/1.1" 200 104542 "https://www.bing.com/" "Mozilla/5.0 (Windows NT 10.0; Win64; x64) AppleWebKit/537.36 (KHTML, like Gecko) Chrome/108.0.0.0 Safari/537.36 Edg/108.0.1462.76" "www.ysfine.com"
40.77.167.17 - - [09/Jan/2023:00:44:16 -0800] "GET /bio/kobak/namdae.html HTTP/1.1" 404 88 "-" "Mozilla/5.0 AppleWebKit/537.36 (KHTML, like Gecko; compatible; bingbot/2.0; +http://www.bing.com/bingbot.htm) Chrome/103.0.5060.134 Safari/537.36" "ysfine.com"
207.46.13.176 - - [09/Jan/2023:00:46:15 -0800] "GET /bio/eink/buythisbook.html HTTP/1.1" 404 88 "-" "Mozilla/5.0 AppleWebKit/537.36 (KHTML, like Gecko; compatible; bingbot/2.0; +http://www.bing.com/bingbot.htm) Chrome/103.0.5060.134 Safari/537.36" "ysfine.com"
40.77.167.17 - - [09/Jan/2023:00:46:19 -0800] "GET /bio/world/leipzig.html HTTP/1.1" 404 88 "-" "Mozilla/5.0 AppleWebKit/537.36 (KHTML, like Gecko; compatible; bingbot/2.0; +http://www.bing.com/bingbot.htm) Chrome/103.0.5060.134 Safari/537.36" "ysfine.com"
207.46.13.176 - - [09/Jan/2023:00:46:46 -0800] "GET /ysbio/canal55c.jpg HTTP/1.1" 404 88 "-" "Mozilla/5.0 (compatible; bingbot/2.0; +http://www.bing.com/bingbot.htm)" "www.ysfine.com"
40.77.167.49 - - [09/Jan/2023:00:47:09 -0800] "GET /bio/pquartet.html HTTP/1.1" 404 88 "-" "Mozilla/5.0 AppleWebKit/537.36 (KHTML, like Gecko; compatible; bingbot/2.0; +http://www.bing.com/bingbot.htm) Chrome/103.0.5060.134 Safari/537.36" "ysfine.com"
157.55.39.215 - - [09/Jan/2023:00:47:17 -0800] "GET /style/music/spbm05.jpg HTTP/1.1" 200 115998 "-" "Mozilla/5.0 (compatible; bingbot/2.0; +http://www.bing.com/bingbot.htm)" "ysfine.com"
207.46.13.176 - - [09/Jan/2023:00:48:05 -0800] "GET /world/china/hongkong72.jpg HTTP/1.1" 200 93488 "-" "Mozilla/5.0 AppleWebKit/537.36 (KHTML, like Gecko; compatible; bingbot/2.0; +http://www.bing.com/bingbot.htm) Chrome/103.0.5060.134 Safari/537.36" "ysfine.com"
51.222.253.17 - - [09/Jan/2023:00:48:25 -0800] "GET /class54/class5470/total_data/sub_525.htm HTTP/1.1" 200 3212 "-" "Mozilla/5.0 (compatible; AhrefsBot/7.0; +http://ahrefs.com/robot/)" "ysfine.com"
51.222.253.5 - - [09/Jan/2023:00:48:27 -0800] "GET /class54/class5470/total_data/photo_img/5-25.jpg HTTP/1.1" 200 234744 "-" "Mozilla/5.0 (compatible; AhrefsBot/7.0; +http://ahrefs.com/robot/)" "ysfine.com"
66.249.66.43 - - [09/Jan/2023:00:48:30 -0800] "GET /ads.txt HTTP/1.1" 404 88 "-" "Mozilla/5.0 (compatible; Googlebot/2.1; +http://www.google.com/bot.html)" "ysfine.com"
103.150.211.18 - - [09/Jan/2023:00:48:52 -0800] "GET /style/shops.html HTTP/1.1" 200 2829 "-" "Mozilla/5.0 (Windows NT 10.0; WOW64) AppleWebKit/537.36 (KHTML, like Gecko) Chrome/51.0.2704.103 Safari/537.36" "ysfine.com"
103.150.211.18 - - [09/Jan/2023:00:48:52 -0800] "GET /style/shops.html HTTP/1.1" 200 2829 "-" "Mozilla/5.0 (Windows NT 10.0; WOW64) AppleWebKit/537.36 (KHTML, like Gecko) Chrome/51.0.2704.103 Safari/537.36" "ysfine.com"
40.77.167.17 - - [09/Jan/2023:00:48:56 -0800] "GET /bio/awards/iao.html HTTP/1.1" 404 88 "-" "Mozilla/5.0 (compatible; bingbot/2.0; +http://www.bing.com/bingbot.htm)" "ysfine.com"
217.115.34.254 - - [09/Jan/2023:00:49:02 -0800] "GET /yspapers/o33.pdf HTTP/1.1" 200 103038 "-" "Mozilla/5.0 (Windows NT 10.0; Win64; x64) AppleWebKit/537.36 (KHTML, like Gecko) Chrome/60.0.3112.113 Safari/537.36" "ysfine.com"
40.77.167.49 - - [09/Jan/2023:00:49:58 -0800] "GET /bio/princeton/campus.html HTTP/1.1" 404 88 "-" "Mozilla/5.0 (compatible; bingbot/2.0; +http://www.bing.com/bingbot.htm)" "ysfine.com"
66.249.66.43 - - [09/Jan/2023:00:50:00 -0800] "GET /home/eink/einhaus11.jpg HTTP/1.1" 404 88 "-" "Googlebot-Image/1.0" "ysfine.com"
40.77.167.17 - - [09/Jan/2023:00:51:16 -0800] "GET /wdc/vernon05.jpg HTTP/1.1" 200 151864 "-" "Mozilla/5.0 (compatible; bingbot/2.0; +http://www.bing.com/bingbot.htm)" "www.ysfine.com"
40.77.167.17 - - [09/Jan/2023:00:51:57 -0800] "GET /bio17.html HTTP/1.1" 200 10820 "-" "Mozilla/5.0 AppleWebKit/537.36 (KHTML, like Gecko; compatible; bingbot/2.0; +http://www.bing.com/bingbot.htm) Chrome/103.0.5060.134 Safari/537.36" "ysfine.com"
207.46.13.176 - - [09/Jan/2023:00:52:37 -0800] "GET /bio/style/rieu.html HTTP/1.1" 404 88 "-" "Mozilla/5.0 AppleWebKit/537.36 (KHTML, like Gecko; compatible; bingbot/2.0; +http://www.bing.com/bingbot.htm) Chrome/103.0.5060.134 Safari/537.36" "ysfine.com"
40.77.167.49 - - [09/Jan/2023:00:52:41 -0800] "GET /bio/world/trier.html HTTP/1.1" 404 88 "-" "Mozilla/5.0 (compatible; bingbot/2.0; +http://www.bing.com/bingbot.htm)" "ysfine.com"
51.222.253.11 - - [09/Jan/2023:00:53:35 -0800] "GET /class54/class5470/total_data/sub_526.htm HTTP/1.1" 200 3212 "-" "Mozilla/5.0 (compatible; AhrefsBot/7.0; +http://ahrefs.com/robot/)" "ysfine.com"
54.152.95.190 - - [09/Jan/2023:00:54:05 -0800] "GET /dirac/dirackn33.pdf HTTP/1.1" 200 2114169 "-" "python-httpx/0.23.1" "ysfine.com"
207.46.13.31 - - [09/Jan/2023:00:54:16 -0800] "GET /bio/awards/marq.html HTTP/1.1" 404 88 "-" "Mozilla/5.0 (compatible; bingbot/2.0; +http://www.bing.com/bingbot.htm)" "ysfine.com"
40.77.167.81 - - [09/Jan/2023:00:55:52 -0800] "GET /bio/wigner/evangel.html HTTP/1.1" 404 88 "-" "Mozilla/5.0 AppleWebKit/537.36 (KHTML, like Gecko; compatible; bingbot/2.0; +http://www.bing.com/bingbot.htm) Chrome/103.0.5060.134 Safari/537.36" "ysfine.com"
40.77.167.81 - - [09/Jan/2023:00:55:52 -0800] "GET /bio/world/season.html HTTP/1.1" 404 88 "-" "Mozilla/5.0 AppleWebKit/537.36 (KHTML, like Gecko; compatible; bingbot/2.0; +http://www.bing.com/bingbot.htm) Chrome/103.0.5060.134 Safari/537.36" "ysfine.com"
40.77.167.81 - - [09/Jan/2023:00:55:52 -0800] "GET /bio/internal.html HTTP/1.1" 404 88 "-" "Mozilla/5.0 (compatible; bingbot/2.0; +http://www.bing.com/bingbot.htm)" "ysfine.com"
40.77.167.81 - - [09/Jan/2023:00:55:52 -0800] "GET /world/russ/bolshoi11.jpg HTTP/1.1" 200 108077 "-" "Mozilla/5.0 AppleWebKit/537.36 (KHTML, like Gecko; compatible; bingbot/2.0; +http://www.bing.com/bingbot.htm) Chrome/103.0.5060.134 Safari/537.36" "ysfine.com"
40.77.167.81 - - [09/Jan/2023:00:56:02 -0800] "GET /world/germany/hofbrau33.jpg HTTP/1.1" 200 97307 "-" "Mozilla/5.0 AppleWebKit/537.36 (KHTML, like Gecko; compatible; bingbot/2.0; +http://www.bing.com/bingbot.htm) Chrome/103.0.5060.134 Safari/537.36" "ysfine.com"
40.77.167.81 - - [09/Jan/2023:00:56:02 -0800] "GET /world/brit/lonstore03.jpg HTTP/1.1" 200 85858 "-" "Mozilla/5.0 (compatible; bingbot/2.0; +http://www.bing.com/bingbot.htm)" "ysfine.com"
207.46.13.31 - - [09/Jan/2023:00:56:07 -0800] "GET /bio/harmoarchi.html HTTP/1.1" 404 88 "-" "Mozilla/5.0 (compatible; bingbot/2.0; +http://www.bing.com/bingbot.htm)" "ysfine.com"
113.52.71.40 - - [09/Jan/2023:00:56:42 -0800] "GET /maga/phys/naimar/pewk05.jpg HTTP/1.1" 200 94458 "https://www.google.com/" "Mozilla/5.0 (iPhone; CPU iPhone OS 16_1 like Mac OS X) AppleWebKit/605.1.15 (KHTML, like Gecko) CriOS/108.0.5359.112 Mobile/15E148 Safari/604.1" "ysfine.com"
66.249.66.43 - - [09/Jan/2023:00:58:04 -0800] "GET /world/france/nice104.jpg HTTP/1.1" 304 - "-" "Googlebot-Image/1.0" "ysfine.com"
51.222.253.15 - - [09/Jan/2023:00:58:34 -0800] "GET /class54/class5470/total_data/sub_527.htm HTTP/1.1" 200 3212 "-" "Mozilla/5.0 (compatible; AhrefsBot/7.0; +http://ahrefs.com/robot/)" "ysfine.com"
51.222.253.5 - - [09/Jan/2023:00:58:35 -0800] "GET /class54/class5470/total_data/photo_img/5-27.jpg HTTP/1.1" 200 243153 "-" "Mozilla/5.0 (compatible; AhrefsBot/7.0; +http://ahrefs.com/robot/)" "ysfine.com"
40.77.167.17 - - [09/Jan/2023:01:01:37 -0800] "GET /kor/self01.jpg HTTP/1.1" 200 78291 "-" "Mozilla/5.0 AppleWebKit/537.36 (KHTML, like Gecko; compatible; bingbot/2.0; +http://www.bing.com/bingbot.htm) Chrome/103.0.5060.134 Safari/537.36" "www.ysfine.com"
51.222.253.8 - - [09/Jan/2023:01:03:30 -0800] "GET /einstein/einfine.html HTTP/1.1" 200 554 "-" "Mozilla/5.0 (compatible; AhrefsBot/7.0; +http://ahrefs.com/robot/)" "www.ysfine.com"
207.46.13.176 - - [09/Jan/2023:01:03:47 -0800] "GET /bio/princeton/yspr.html HTTP/1.1" 404 88 "-" "Mozilla/5.0 AppleWebKit/537.36 (KHTML, like Gecko; compatible; bingbot/2.0; +http://www.bing.com/bingbot.htm) Chrome/103.0.5060.134 Safari/537.36" "ysfine.com"
106.68.137.161 - - [09/Jan/2023:01:03:50 -0800] "GET /world/baltic/riga05.jpg HTTP/1.1" 200 64407 "-" "Mozilla/5.0 (iPad; CPU iPhone OS 15_6_1 like Mac OS X) AppleWebKit/605.1.15 (KHTML, like Gecko) Mobile/15E148 Version/15.6.1 Safari/605.1.15 AlohaBrowser/4.4.3" "www.ysfine.com"
106.68.137.161 - - [09/Jan/2023:01:03:50 -0800] "GET /world/baltic/riga05.jpg HTTP/1.1" 200 64407 "-" "Aloha/4 CFNetwork/1335.0.3 Darwin/21.6.0" "www.ysfine.com"
106.68.137.161 - - [09/Jan/2023:01:03:50 -0800] "GET /world/baltic/riga05.jpg HTTP/1.1" 200 64407 "-" "Aloha/4 CFNetwork/1335.0.3 Darwin/21.6.0" "www.ysfine.com"
106.68.137.161 - - [09/Jan/2023:01:03:51 -0800] "GET / HTTP/1.1" 200 5295 "-" "Aloha/4 CFNetwork/1335.0.3 Darwin/21.6.0" "www.ysfine.com"
106.68.137.161 - - [09/Jan/2023:01:03:53 -0800] "GET / HTTP/1.1" 200 5295 "-" "Aloha/4 CFNetwork/1335.0.3 Darwin/21.6.0" "www.ysfine.com"
207.46.13.176 - - [09/Jan/2023:01:04:38 -0800] "GET /class54/ HTTP/1.1" 200 2551 "-" "Mozilla/5.0 (compatible; bingbot/2.0; +http://www.bing.com/bingbot.htm)" "www.ysfine.com"
40.77.167.49 - - [09/Jan/2023:01:08:09 -0800] "GET /beau/trie83.jpg HTTP/1.1" 404 88 "-" "Mozilla/5.0 (compatible; bingbot/2.0; +http://www.bing.com/bingbot.htm)" "ysfine.com"
207.46.13.176 - - [09/Jan/2023:01:08:29 -0800] "GET /bio/world/kalinin22.html HTTP/1.1" 404 88 "-" "Mozilla/5.0 AppleWebKit/537.36 (KHTML, like Gecko; compatible; bingbot/2.0; +http://www.bing.com/bingbot.htm) Chrome/103.0.5060.134 Safari/537.36" "ysfine.com"
51.222.253.17 - - [09/Jan/2023:01:08:45 -0800] "GET /world/russ/mosriver.html HTTP/1.1" 200 446 "-" "Mozilla/5.0 (compatible; AhrefsBot/7.0; +http://ahrefs.com/robot/)" "ysfine.com"
51.222.253.17 - - [09/Jan/2023:01:08:46 -0800] "GET /world/russ/mosriver09a.jpg HTTP/1.1" 200 67604 "-" "Mozilla/5.0 (compatible; AhrefsBot/7.0; +http://ahrefs.com/robot/)" "ysfine.com"
51.222.253.6 - - [09/Jan/2023:01:08:47 -0800] "GET /world/russ/mosriver04a.jpg HTTP/1.1" 200 80791 "-" "Mozilla/5.0 (compatible; AhrefsBot/7.0; +http://ahrefs.com/robot/)" "ysfine.com"
51.222.253.2 - - [09/Jan/2023:01:08:47 -0800] "GET /world/russ/iraida11a.jpg HTTP/1.1" 200 95376 "-" "Mozilla/5.0 (compatible; AhrefsBot/7.0; +http://ahrefs.com/robot/)" "ysfine.com"
51.222.253.17 - - [09/Jan/2023:01:08:48 -0800] "GET /world/russ/mosriver01a.jpg HTTP/1.1" 200 72847 "-" "Mozilla/5.0 (compatible; AhrefsBot/7.0; +http://ahrefs.com/robot/)" "ysfine.com"
51.222.253.1 - - [09/Jan/2023:01:08:48 -0800] "GET /world/russ/mosriver05a.jpg HTTP/1.1" 200 66389 "-" "Mozilla/5.0 (compatible; AhrefsBot/7.0; +http://ahrefs.com/robot/)" "ysfine.com"
51.222.253.19 - - [09/Jan/2023:01:08:49 -0800] "GET /world/russ/mosriver02a.jpg HTTP/1.1" 200 71666 "-" "Mozilla/5.0 (compatible; AhrefsBot/7.0; +http://ahrefs.com/robot/)" "ysfine.com"
51.222.253.16 - - [09/Jan/2023:01:08:50 -0800] "GET /world/russ/mosriver03a.jpg HTTP/1.1" 200 76460 "-" "Mozilla/5.0 (compatible; AhrefsBot/7.0; +http://ahrefs.com/robot/)" "ysfine.com"
51.222.253.5 - - [09/Jan/2023:01:08:50 -0800] "GET /world/russ/mosriver08a.jpg HTTP/1.1" 200 91203 "-" "Mozilla/5.0 (compatible; AhrefsBot/7.0; +http://ahrefs.com/robot/)" "ysfine.com"
51.222.253.9 - - [09/Jan/2023:01:08:51 -0800] "GET /world/russ/mosriver06a.jpg HTTP/1.1" 200 61412 "-" "Mozilla/5.0 (compatible; AhrefsBot/7.0; +http://ahrefs.com/robot/)" "ysfine.com"
51.222.253.8 - - [09/Jan/2023:01:08:51 -0800] "GET /world/russ/mosriver10a.jpg HTTP/1.1" 200 65901 "-" "Mozilla/5.0 (compatible; AhrefsBot/7.0; +http://ahrefs.com/robot/)" "ysfine.com"
51.222.253.9 - - [09/Jan/2023:01:08:52 -0800] "GET /world/russ/mosriver07a.jpg HTTP/1.1" 200 60622 "-" "Mozilla/5.0 (compatible; AhrefsBot/7.0; +http://ahrefs.com/robot/)" "ysfine.com"
84.135.42.47 - - [09/Jan/2023:01:09:48 -0800] "GET /world/russ/spbpi06.jpg HTTP/1.1" 200 85923 "https://www.google.com/" "Mozilla/5.0 (Linux; Android 12; GM1903) AppleWebKit/537.36 (KHTML, like Gecko) Chrome/108.0.0.0 Mobile Safari/537.36" "ysfine.com"
84.135.42.47 - - [09/Jan/2023:01:09:58 -0800] "GET /style/spbpiano.html HTTP/1.1" 200 1801 "https://www.google.com/" "Mozilla/5.0 (Linux; Android 12; GM1903) AppleWebKit/537.36 (KHTML, like Gecko) Chrome/108.0.0.0 Mobile Safari/537.36" "ysfine.com"
84.135.42.47 - - [09/Jan/2023:01:09:58 -0800] "GET /world/russ/spbpi02b.jpg HTTP/1.1" 200 34109 "https://ysfine.com/style/spbpiano.html" "Mozilla/5.0 (Linux; Android 12; GM1903) AppleWebKit/537.36 (KHTML, like Gecko) Chrome/108.0.0.0 Mobile Safari/537.36" "ysfine.com"
84.135.42.47 - - [09/Jan/2023:01:09:58 -0800] "GET /world/russ/spbpi05b.jpg HTTP/1.1" 200 31815 "https://ysfine.com/style/spbpiano.html" "Mozilla/5.0 (Linux; Android 12; GM1903) AppleWebKit/537.36 (KHTML, like Gecko) Chrome/108.0.0.0 Mobile Safari/537.36" "ysfine.com"
84.135.42.47 - - [09/Jan/2023:01:09:58 -0800] "GET /world/russ/spbpi07b.jpg HTTP/1.1" 200 44525 "https://ysfine.com/style/spbpiano.html" "Mozilla/5.0 (Linux; Android 12; GM1903) AppleWebKit/537.36 (KHTML, like Gecko) Chrome/108.0.0.0 Mobile Safari/537.36" "ysfine.com"
84.135.42.47 - - [09/Jan/2023:01:09:58 -0800] "GET /world/russ/spbpi06b.jpg HTTP/1.1" 200 36435 "https://ysfine.com/style/spbpiano.html" "Mozilla/5.0 (Linux; Android 12; GM1903) AppleWebKit/537.36 (KHTML, like Gecko) Chrome/108.0.0.0 Mobile Safari/537.36" "ysfine.com"
84.135.42.47 - - [09/Jan/2023:01:09:58 -0800] "GET /world/russ/spbpi03b.jpg HTTP/1.1" 200 39436 "https://ysfine.com/style/spbpiano.html" "Mozilla/5.0 (Linux; Android 12; GM1903) AppleWebKit/537.36 (KHTML, like Gecko) Chrome/108.0.0.0 Mobile Safari/537.36" "ysfine.com"
84.135.42.47 - - [09/Jan/2023:01:09:58 -0800] "GET /world/russ/spbpi08b.jpg HTTP/1.1" 200 34889 "https://ysfine.com/style/spbpiano.html" "Mozilla/5.0 (Linux; Android 12; GM1903) AppleWebKit/537.36 (KHTML, like Gecko) Chrome/108.0.0.0 Mobile Safari/537.36" "ysfine.com"
84.135.42.47 - - [09/Jan/2023:01:09:58 -0800] "GET /world/russ/spbpi04b.jpg HTTP/1.1" 200 40390 "https://ysfine.com/style/spbpiano.html" "Mozilla/5.0 (Linux; Android 12; GM1903) AppleWebKit/537.36 (KHTML, like Gecko) Chrome/108.0.0.0 Mobile Safari/537.36" "ysfine.com"
84.135.42.47 - - [09/Jan/2023:01:09:58 -0800] "GET /world/russ/spbpi01a.jpg HTTP/1.1" 200 47890 "https://ysfine.com/style/spbpiano.html" "Mozilla/5.0 (Linux; Android 12; GM1903) AppleWebKit/537.36 (KHTML, like Gecko) Chrome/108.0.0.0 Mobile Safari/537.36" "ysfine.com"
84.135.42.47 - - [09/Jan/2023:01:09:58 -0800] "GET /world/russ/spbpi11b.jpg HTTP/1.1" 200 44991 "https://ysfine.com/style/spbpiano.html" "Mozilla/5.0 (Linux; Android 12; GM1903) AppleWebKit/537.36 (KHTML, like Gecko) Chrome/108.0.0.0 Mobile Safari/537.36" "ysfine.com"
84.135.42.47 - - [09/Jan/2023:01:09:59 -0800] "GET /favicon.ico HTTP/1.1" 404 88 "https://ysfine.com/style/spbpiano.html" "Mozilla/5.0 (Linux; Android 12; GM1903) AppleWebKit/537.36 (KHTML, like Gecko) Chrome/108.0.0.0 Mobile Safari/537.36" "ysfine.com"
146.70.33.245 - - [09/Jan/2023:01:11:22 -0800] "GET /world/japan/nara005.jpg HTTP/1.1" 200 144132 "https://www.gay-fetish-xxx.com/japanese-college-boys.html" "Mozilla/5.0 (iPad; CPU OS 12_5 like Mac OS X) AppleWebKit/605.1.15 (KHTML, like Gecko) CriOS/91.0.4472.80 Mobile/15E148 Safari/604.1" "ysfine.com"
146.70.33.245 - - [09/Jan/2023:01:11:40 -0800] "GET /dongio/amkor/jaslondon03.jpg HTTP/1.1" 404 88 "https://www.gay-fetish-xxx.com/japanese-college-boys.html" "Mozilla/5.0 (iPad; CPU OS 12_5 like Mac OS X) AppleWebKit/605.1.15 (KHTML, like Gecko) CriOS/91.0.4472.80 Mobile/15E148 Safari/604.1" "ysfine.com"
40.77.167.49 - - [09/Jan/2023:01:12:29 -0800] "GET /world/russ/redw07.jpg HTTP/1.1" 200 205093 "-" "Mozilla/5.0 AppleWebKit/537.36 (KHTML, like Gecko; compatible; bingbot/2.0; +http://www.bing.com/bingbot.htm) Chrome/103.0.5060.134 Safari/537.36" "ysfine.com"
51.222.253.1 - - [09/Jan/2023:01:13:17 -0800] "GET /remote/wigner111/frame58.html HTTP/1.1" 200 561 "-" "Mozilla/5.0 (compatible; AhrefsBot/7.0; +http://ahrefs.com/robot/)" "ysfine.com"
51.222.253.19 - - [09/Jan/2023:01:13:18 -0800] "GET /remote/wigner111/kim-58.jpg HTTP/1.1" 200 67673 "-" "Mozilla/5.0 (compatible; AhrefsBot/7.0; +http://ahrefs.com/robot/)" "ysfine.com"
220.181.51.88 - - [09/Jan/2023:01:14:08 -0800] "GET /einstein/einbohr33c.jpg HTTP/1.1" 200 36410 "-" "Mozilla/5.0 (Windows NT 10.0; WOW64) AppleWebKit/537.36 (KHTML, like Gecko) Chrome/48.0.2564.116 Safari/537.36" "www.ysfine.com"
116.179.33.206 - - [09/Jan/2023:01:14:08 -0800] "GET /heisen/heisen22c.jpg HTTP/1.1" 200 33300 "-" "Mozilla/5.0 (Windows NT 10.0; WOW64) AppleWebKit/537.36 (KHTML, like Gecko) Chrome/48.0.2564.116 Safari/537.36" "www.ysfine.com"
78.47.38.165 - - [09/Jan/2023:01:14:08 -0800] "GET /princeton/bagpipe03.jpg HTTP/1.1" 200 77597 "-" "Mozilla/5.0 (X11; Fedora; Linux x86_64) AppleWebKit/537.36 (KHTML, like Gecko) Chrome/79.0.3945.117 Safari/537.36" "www.ysfine.com"
116.179.33.16 - - [09/Jan/2023:01:14:08 -0800] "GET /wigner/wighome11c.jpg HTTP/1.1" 200 45648 "-" "Mozilla/5.0 (Windows NT 10.0; WOW64) AppleWebKit/537.36 (KHTML, like Gecko) Chrome/48.0.2564.116 Safari/537.36" "www.ysfine.com"
116.179.33.141 - - [09/Jan/2023:01:14:08 -0800] "GET /einstein/tsepa11c.jpg HTTP/1.1" 200 28691 "-" "Mozilla/5.0 (Windows NT 10.0; WOW64) AppleWebKit/537.36 (KHTML, like Gecko) Chrome/48.0.2564.116 Safari/537.36" "www.ysfine.com"
116.179.33.201 - - [09/Jan/2023:01:14:08 -0800] "GET /heisen/texfiles/einheis01.jpg HTTP/1.1" 200 32462 "-" "Mozilla/5.0 (Windows NT 10.0; WOW64) AppleWebKit/537.36 (KHTML, like Gecko) Chrome/48.0.2564.116 Safari/537.36" "www.ysfine.com"
87.250.224.19 - - [09/Jan/2023:01:15:38 -0800] "GET /wigner/wighome11.jpg HTTP/1.1" 200 201679 "-" "Mozilla/5.0 (compatible; YandexImages/3.0; +http://yandex.com/bots)" "www.ysfine.com"
207.46.13.176 - - [09/Jan/2023:01:15:39 -0800] "GET /bio/kobak/soraech.html HTTP/1.1" 404 88 "-" "Mozilla/5.0 AppleWebKit/537.36 (KHTML, like Gecko; compatible; bingbot/2.0; +http://www.bing.com/bingbot.htm) Chrome/103.0.5060.134 Safari/537.36" "ysfine.com"
207.46.13.31 - - [09/Jan/2023:01:17:07 -0800] "GET /maga/phys/huy34.jpg HTTP/1.1" 200 115681 "-" "Mozilla/5.0 (compatible; bingbot/2.0; +http://www.bing.com/bingbot.htm)" "www.ysfine.com"
40.77.167.49 - - [09/Jan/2023:01:17:32 -0800] "GET /bio/dirac/dirpoems.html HTTP/1.1" 404 88 "-" "Mozilla/5.0 AppleWebKit/537.36 (KHTML, like Gecko; compatible; bingbot/2.0; +http://www.bing.com/bingbot.htm) Chrome/103.0.5060.134 Safari/537.36" "ysfine.com"
51.222.253.9 - - [09/Jan/2023:01:17:42 -0800] "GET /wigner/gcontrac.html HTTP/1.1" 200 2279 "-" "Mozilla/5.0 (compatible; AhrefsBot/7.0; +http://ahrefs.com/robot/)" "www.ysfine.com"
51.222.253.20 - - [09/Jan/2023:01:17:44 -0800] "GET /eink/eink61c.jpg HTTP/1.1" 200 34119 "-" "Mozilla/5.0 (compatible; AhrefsBot/7.0; +http://ahrefs.com/robot/)" "www.ysfine.com"
51.222.253.10 - - [09/Jan/2023:01:17:44 -0800] "GET /wigner/wigkim2.jpg HTTP/1.1" 200 40700 "-" "Mozilla/5.0 (compatible; AhrefsBot/7.0; +http://ahrefs.com/robot/)" "www.ysfine.com"
51.222.253.10 - - [09/Jan/2023:01:17:44 -0800] "GET /wigner/inokim2.jpg HTTP/1.1" 200 29903 "-" "Mozilla/5.0 (compatible; AhrefsBot/7.0; +http://ahrefs.com/robot/)" "www.ysfine.com"
51.222.253.14 - - [09/Jan/2023:01:17:45 -0800] "GET /wigner/isomor77c.jpg HTTP/1.1" 200 43414 "-" "Mozilla/5.0 (compatible; AhrefsBot/7.0; +http://ahrefs.com/robot/)" "www.ysfine.com"
40.77.167.49 - - [09/Jan/2023:01:18:03 -0800] "GET /bio/style/ystyle.html HTTP/1.1" 404 88 "-" "Mozilla/5.0 AppleWebKit/537.36 (KHTML, like Gecko; compatible; bingbot/2.0; +http://www.bing.com/bingbot.htm) Chrome/103.0.5060.134 Safari/537.36" "ysfine.com"
92.184.102.86 - - [09/Jan/2023:01:18:38 -0800] "GET /kowar/panmun04.jpg HTTP/1.1" 200 126386 "https://www.google.fr/" "Mozilla/5.0 (iPhone; CPU iPhone OS 15_7_1 like Mac OS X) AppleWebKit/605.1.15 (KHTML, like Gecko) Version/15.6.3 Mobile/15E148 Safari/604.1" "ysfine.com"
185.191.171.26 - - [09/Jan/2023:01:18:42 -0800] "GET /robots.txt HTTP/1.1" 404 88 "-" "Mozilla/5.0 (compatible; SemrushBot/7~bl; +http://www.semrush.com/bot.html)" "www.ysfine.com"
185.191.171.19 - - [09/Jan/2023:01:18:42 -0800] "GET /bio16.html HTTP/1.1" 200 10537 "-" "Mozilla/5.0 (compatible; SemrushBot/7~bl; +http://www.semrush.com/bot.html)" "www.ysfine.com"
40.77.167.17 - - [09/Jan/2023:01:18:48 -0800] "GET /bio/kowar/war45bot.html HTTP/1.1" 404 88 "-" "Mozilla/5.0 (compatible; bingbot/2.0; +http://www.bing.com/bingbot.htm)" "www.ysfine.com"
207.46.13.31 - - [09/Jan/2023:01:19:59 -0800] "GET /bio/feynman/fthtop.html HTTP/1.1" 404 88 "-" "Mozilla/5.0 AppleWebKit/537.36 (KHTML, like Gecko; compatible; bingbot/2.0; +http://www.bing.com/bingbot.htm) Chrome/103.0.5060.134 Safari/537.36" "ysfine.com"
124.123.19.174 - - [09/Jan/2023:01:20:02 -0800] "GET /feynman/feydirac.jpg HTTP/1.1" 200 98378 "https://www.google.com/" "Mozilla/5.0 (Windows NT 10.0; Win64; x64) AppleWebKit/537.36 (KHTML, like Gecko) Chrome/108.0.0.0 Safari/537.36" "ysfine.com"
124.123.19.174 - - [09/Jan/2023:01:20:04 -0800] "GET /dirac/dirfeyn.html HTTP/1.1" 200 6341 "https://www.google.com/" "Mozilla/5.0 (Windows NT 10.0; Win64; x64) AppleWebKit/537.36 (KHTML, like Gecko) Chrome/108.0.0.0 Safari/537.36" "ysfine.com"
124.123.19.174 - - [09/Jan/2023:01:20:05 -0800] "GET /dirac/feydirac300.jpg HTTP/1.1" 200 38223 "https://ysfine.com/dirac/dirfeyn.html" "Mozilla/5.0 (Windows NT 10.0; Win64; x64) AppleWebKit/537.36 (KHTML, like Gecko) Chrome/108.0.0.0 Safari/537.36" "ysfine.com"
124.123.19.174 - - [09/Jan/2023:01:20:05 -0800] "GET /dirac/sq73c.jpg HTTP/1.1" 200 35501 "https://ysfine.com/dirac/dirfeyn.html" "Mozilla/5.0 (Windows NT 10.0; Win64; x64) AppleWebKit/537.36 (KHTML, like Gecko) Chrome/108.0.0.0 Safari/537.36" "ysfine.com"
124.123.19.174 - - [09/Jan/2023:01:20:05 -0800] "GET /dirac/dirackn33c.jpg HTTP/1.1" 200 50420 "https://ysfine.com/dirac/dirfeyn.html" "Mozilla/5.0 (Windows NT 10.0; Win64; x64) AppleWebKit/537.36 (KHTML, like Gecko) Chrome/108.0.0.0 Safari/537.36" "ysfine.com"
124.123.19.174 - - [09/Jan/2023:01:20:05 -0800] "GET /dirac/2osc22c.jpg HTTP/1.1" 200 28929 "https://ysfine.com/dirac/dirfeyn.html" "Mozilla/5.0 (Windows NT 10.0; Win64; x64) AppleWebKit/537.36 (KHTML, like Gecko) Chrome/108.0.0.0 Safari/537.36" "ysfine.com"
124.123.19.174 - - [09/Jan/2023:01:20:05 -0800] "GET /wigner/wigkim11c.jpg HTTP/1.1" 200 30443 "https://ysfine.com/dirac/dirfeyn.html" "Mozilla/5.0 (Windows NT 10.0; Win64; x64) AppleWebKit/537.36 (KHTML, like Gecko) Chrome/108.0.0.0 Safari/537.36" "ysfine.com"
124.123.19.174 - - [09/Jan/2023:01:20:05 -0800] "GET /wigner/isomor66c.jpg HTTP/1.1" 200 47632 "https://ysfine.com/dirac/dirfeyn.html" "Mozilla/5.0 (Windows NT 10.0; Win64; x64) AppleWebKit/537.36 (KHTML, like Gecko) Chrome/108.0.0.0 Safari/537.36" "ysfine.com"
124.123.19.174 - - [09/Jan/2023:01:20:05 -0800] "GET /dirac/dfkim11c.jpg HTTP/1.1" 200 34801 "https://ysfine.com/dirac/dirfeyn.html" "Mozilla/5.0 (Windows NT 10.0; Win64; x64) AppleWebKit/537.36 (KHTML, like Gecko) Chrome/108.0.0.0 Safari/537.36" "ysfine.com"
124.123.19.174 - - [09/Jan/2023:01:20:05 -0800] "GET /eink/eink61c.jpg HTTP/1.1" 200 34119 "https://ysfine.com/dirac/dirfeyn.html" "Mozilla/5.0 (Windows NT 10.0; Win64; x64) AppleWebKit/537.36 (KHTML, like Gecko) Chrome/108.0.0.0 Safari/537.36" "ysfine.com"
124.123.19.174 - - [09/Jan/2023:01:20:05 -0800] "GET /dirac/nicodem11c.jpg HTTP/1.1" 200 72684 "https://ysfine.com/dirac/dirfeyn.html" "Mozilla/5.0 (Windows NT 10.0; Win64; x64) AppleWebKit/537.36 (KHTML, like Gecko) Chrome/108.0.0.0 Safari/537.36" "ysfine.com"
124.123.19.174 - - [09/Jan/2023:01:20:05 -0800] "GET /people/sbt11c.jpg HTTP/1.1" 200 31479 "https://ysfine.com/dirac/dirfeyn.html" "Mozilla/5.0 (Windows NT 10.0; Win64; x64) AppleWebKit/537.36 (KHTML, like Gecko) Chrome/108.0.0.0 Safari/537.36" "ysfine.com"
124.123.19.174 - - [09/Jan/2023:01:20:05 -0800] "GET /feynman/jacdrum11c.jpg HTTP/1.1" 200 39178 "https://ysfine.com/dirac/dirfeyn.html" "Mozilla/5.0 (Windows NT 10.0; Win64; x64) AppleWebKit/537.36 (KHTML, like Gecko) Chrome/108.0.0.0 Safari/537.36" "ysfine.com"
124.123.19.174 - - [09/Jan/2023:01:20:10 -0800] "GET /favicon.ico HTTP/1.1" 404 88 "https://ysfine.com/dirac/dirfeyn.html" "Mozilla/5.0 (Windows NT 10.0; Win64; x64) AppleWebKit/537.36 (KHTML, like Gecko) Chrome/108.0.0.0 Safari/537.36" "ysfine.com"
207.46.13.176 - - [09/Jan/2023:01:20:49 -0800] "GET /bio/optics.html HTTP/1.1" 404 88 "-" "Mozilla/5.0 AppleWebKit/537.36 (KHTML, like Gecko; compatible; bingbot/2.0; +http://www.bing.com/bingbot.htm) Chrome/103.0.5060.134 Safari/537.36" "ysfine.com"
207.46.13.31 - - [09/Jan/2023:01:20:59 -0800] "GET /bio/style/artlove.html HTTP/1.1" 404 88 "-" "Mozilla/5.0 AppleWebKit/537.36 (KHTML, like Gecko; compatible; bingbot/2.0; +http://www.bing.com/bingbot.htm) Chrome/103.0.5060.134 Safari/537.36" "ysfine.com"
207.46.13.31 - - [09/Jan/2023:01:21:27 -0800] "GET /world/russ/kazakh01.jpg HTTP/1.1" 200 53149 "-" "Mozilla/5.0 AppleWebKit/537.36 (KHTML, like Gecko; compatible; bingbot/2.0; +http://www.bing.com/bingbot.htm) Chrome/103.0.5060.134 Safari/537.36" "www.ysfine.com"
51.222.253.2 - - [09/Jan/2023:01:22:09 -0800] "GET /remote/wigner111/frame48.html HTTP/1.1" 200 415 "-" "Mozilla/5.0 (compatible; AhrefsBot/7.0; +http://ahrefs.com/robot/)" "ysfine.com"
51.222.253.15 - - [09/Jan/2023:01:22:11 -0800] "GET /remote/wigner111/kim-48.jpg HTTP/1.1" 200 67527 "-" "Mozilla/5.0 (compatible; AhrefsBot/7.0; +http://ahrefs.com/robot/)" "ysfine.com"
40.77.167.17 - - [09/Jan/2023:01:22:39 -0800] "GET /bio/style/leica.html HTTP/1.1" 404 88 "-" "Mozilla/5.0 (compatible; bingbot/2.0; +http://www.bing.com/bingbot.htm)" "ysfine.com"
134.96.235.1 - - [09/Jan/2023:01:22:39 -0800] "GET / HTTP/1.1" 200 5295 "-" "Mozilla/5.0 (X11; Linux x86_64) AppleWebKit/537.36 (KHTML, like Gecko) Chrome/108.0.0.0 Safari/537.36" "ysfine.com"
134.96.235.1 - - [09/Jan/2023:01:22:43 -0800] "GET /home/eink450.jpg HTTP/1.1" 200 66794 "https://ysfine.com/" "Mozilla/5.0 (X11; Linux x86_64) AppleWebKit/537.36 (KHTML, like Gecko) Chrome/108.0.0.0 Safari/537.36" "ysfine.com"
134.96.235.1 - - [09/Jan/2023:01:22:43 -0800] "GET /home/top21d.jpg HTTP/1.1" 200 74409 "https://ysfine.com/" "Mozilla/5.0 (X11; Linux x86_64) AppleWebKit/537.36 (KHTML, like Gecko) Chrome/108.0.0.0 Safari/537.36" "ysfine.com"
134.96.235.1 - - [09/Jan/2023:01:22:43 -0800] "GET /eink/einhaus11c.jpg HTTP/1.1" 200 42522 "https://ysfine.com/" "Mozilla/5.0 (X11; Linux x86_64) AppleWebKit/537.36 (KHTML, like Gecko) Chrome/108.0.0.0 Safari/537.36" "ysfine.com"
134.96.235.1 - - [09/Jan/2023:01:22:43 -0800] "GET /home/truck450.jpg HTTP/1.1" 200 42871 "https://ysfine.com/" "Mozilla/5.0 (X11; Linux x86_64) AppleWebKit/537.36 (KHTML, like Gecko) Chrome/108.0.0.0 Safari/537.36" "ysfine.com"
134.96.235.1 - - [09/Jan/2023:01:22:43 -0800] "GET /home/goodbad450.jpg HTTP/1.1" 200 32258 "https://ysfine.com/" "Mozilla/5.0 (X11; Linux x86_64) AppleWebKit/537.36 (KHTML, like Gecko) Chrome/108.0.0.0 Safari/537.36" "ysfine.com"
134.96.235.1 - - [09/Jan/2023:01:22:43 -0800] "GET /home/facu450.jpg HTTP/1.1" 200 74535 "https://ysfine.com/" "Mozilla/5.0 (X11; Linux x86_64) AppleWebKit/537.36 (KHTML, like Gecko) Chrome/108.0.0.0 Safari/537.36" "ysfine.com"
134.96.235.1 - - [09/Jan/2023:01:22:43 -0800] "GET /home/washmo23d.jpg HTTP/1.1" 200 32142 "https://ysfine.com/" "Mozilla/5.0 (X11; Linux x86_64) AppleWebKit/537.36 (KHTML, like Gecko) Chrome/108.0.0.0 Safari/537.36" "ysfine.com"
134.96.235.1 - - [09/Jan/2023:01:22:43 -0800] "GET /home/eink54f.jpg HTTP/1.1" 200 96332 "https://ysfine.com/" "Mozilla/5.0 (X11; Linux x86_64) AppleWebKit/537.36 (KHTML, like Gecko) Chrome/108.0.0.0 Safari/537.36" "ysfine.com"
134.96.235.1 - - [09/Jan/2023:01:22:43 -0800] "GET /home/eward55f.jpg HTTP/1.1" 200 122802 "https://ysfine.com/" "Mozilla/5.0 (X11; Linux x86_64) AppleWebKit/537.36 (KHTML, like Gecko) Chrome/108.0.0.0 Safari/537.36" "ysfine.com"
134.96.235.1 - - [09/Jan/2023:01:22:43 -0800] "GET /eink/einhaus33c.jpg HTTP/1.1" 200 23792 "https://ysfine.com/" "Mozilla/5.0 (X11; Linux x86_64) AppleWebKit/537.36 (KHTML, like Gecko) Chrome/108.0.0.0 Safari/537.36" "ysfine.com"
134.96.235.1 - - [09/Jan/2023:01:22:43 -0800] "GET /home/1987pr22d.jpg HTTP/1.1" 200 66428 "https://ysfine.com/" "Mozilla/5.0 (X11; Linux x86_64) AppleWebKit/537.36 (KHTML, like Gecko) Chrome/108.0.0.0 Safari/537.36" "ysfine.com"
134.96.235.1 - - [09/Jan/2023:01:22:43 -0800] "GET /home/taylor500.jpg HTTP/1.1" 200 79197 "https://ysfine.com/" "Mozilla/5.0 (X11; Linux x86_64) AppleWebKit/537.36 (KHTML, like Gecko) Chrome/108.0.0.0 Safari/537.36" "ysfine.com"
134.96.235.1 - - [09/Jan/2023:01:22:43 -0800] "GET /home/eindc03d.jpg HTTP/1.1" 200 95860 "https://ysfine.com/" "Mozilla/5.0 (X11; Linux x86_64) AppleWebKit/537.36 (KHTML, like Gecko) Chrome/108.0.0.0 Safari/537.36" "ysfine.com"
134.96.235.1 - - [09/Jan/2023:01:22:43 -0800] "GET /eink/ewk86f.jpg HTTP/1.1" 200 122173 "https://ysfine.com/" "Mozilla/5.0 (X11; Linux x86_64) AppleWebKit/537.36 (KHTML, like Gecko) Chrome/108.0.0.0 Safari/537.36" "ysfine.com"
207.46.13.176 - - [09/Jan/2023:01:23:19 -0800] "GET /world/brit/dunf15.jpg HTTP/1.1" 200 113687 "-" "Mozilla/5.0 AppleWebKit/537.36 (KHTML, like Gecko; compatible; bingbot/2.0; +http://www.bing.com/bingbot.htm) Chrome/103.0.5060.134 Safari/537.36" "www.ysfine.com"
157.55.39.215 - - [09/Jan/2023:01:23:59 -0800] "GET /world/germany/johannstra44.jpg HTTP/1.1" 200 116375 "-" "Mozilla/5.0 (compatible; bingbot/2.0; +http://www.bing.com/bingbot.htm)" "ysfine.com"
207.46.13.176 - - [09/Jan/2023:01:24:29 -0800] "GET /world/brit/paddington03.jpg HTTP/1.1" 200 81750 "-" "Mozilla/5.0 (compatible; bingbot/2.0; +http://www.bing.com/bingbot.htm)" "ysfine.com"
40.77.167.17 - - [09/Jan/2023:01:25:39 -0800] "GET /beau/chinstu05.jpg HTTP/1.1" 404 88 "-" "Mozilla/5.0 (compatible; bingbot/2.0; +http://www.bing.com/bingbot.htm)" "ysfine.com"
207.46.13.31 - - [09/Jan/2023:01:25:48 -0800] "GET /people/sbt85.jpg HTTP/1.1" 200 144903 "-" "Mozilla/5.0 (compatible; bingbot/2.0; +http://www.bing.com/bingbot.htm)" "ysfine.com"
207.46.13.31 - - [09/Jan/2023:01:26:59 -0800] "GET /bio/sbk/1950.html HTTP/1.1" 404 88 "-" "Mozilla/5.0 AppleWebKit/537.36 (KHTML, like Gecko; compatible; bingbot/2.0; +http://www.bing.com/bingbot.htm) Chrome/103.0.5060.134 Safari/537.36" "ysfine.com"
20.73.202.147 - - [09/Jan/2023:01:27:03 -0800] "GET /maga/phys/ellipse09.jpg HTTP/1.1" 200 68802 "-" "DuckDuckBot/1.1; (+http://duckduckgo.com/duckduckbot.html)" "www.ysfine.com"
51.222.253.9 - - [09/Jan/2023:01:27:27 -0800] "GET /style/admire.html HTTP/1.1" 200 408 "-" "Mozilla/5.0 (compatible; AhrefsBot/7.0; +http://ahrefs.com/robot/)" "www.ysfine.com"
66.249.84.47 - - [09/Jan/2023:01:28:39 -0800] "GET /feynman/feybongo.jpg HTTP/1.1" 200 47448 "-" "Mozilla/5.0 (Windows NT 5.1; rv:11.0) Gecko Firefox/11.0 (via ggpht.com GoogleImageProxy)" "ysfine.com"
47.216.95.130 - - [09/Jan/2023:01:29:58 -0800] "GET /houses/etaylor.jpg HTTP/1.1" 200 81116 "https://search.aol.com/aol/image?q=elizabeth+taylor+home+pictures&s_it=img-ans&v_t=webmail-searchbox&fr=webmail-searchbox&imgurl=https%3A%2F%2Fmedia.cntraveler.com%2Fphotos%2F55db43b2c47ae13868aee6e5%2Fmaster%2Fpass%2Fcasa-elizabeth-taylor-01.jpg" "Mozilla/5.0 (X11; CrOS x86_64 14909.132.0) AppleWebKit/537.36 (KHTML, like Gecko) Chrome/104.0.0.0 Safari/537.36" "ysfine.com"
207.46.13.31 - - [09/Jan/2023:01:29:59 -0800] "GET /bio/kobak/yskor.html HTTP/1.1" 404 88 "-" "Mozilla/5.0 (compatible; bingbot/2.0; +http://www.bing.com/bingbot.htm)" "ysfine.com"
207.46.13.31 - - [09/Jan/2023:01:30:50 -0800] "GET /wdc/gtown32.jpg HTTP/1.1" 200 136508 "-" "Mozilla/5.0 AppleWebKit/537.36 (KHTML, like Gecko; compatible; bingbot/2.0; +http://www.bing.com/bingbot.htm) Chrome/103.0.5060.134 Safari/537.36" "www.ysfine.com"
40.77.167.17 - - [09/Jan/2023:01:31:29 -0800] "GET /bio/einstein/bern.html HTTP/1.1" 404 88 "-" "Mozilla/5.0 (compatible; bingbot/2.0; +http://www.bing.com/bingbot.htm)" "ysfine.com"
207.46.13.176 - - [09/Jan/2023:01:31:40 -0800] "GET /bio.html HTTP/1.1" 200 18260 "-" "Mozilla/5.0 AppleWebKit/537.36 (KHTML, like Gecko; compatible; bingbot/2.0; +http://www.bing.com/bingbot.htm) Chrome/103.0.5060.134 Safari/537.36" "ysfine.com"
49.7.21.115 - - [09/Jan/2023:01:31:50 -0800] "GET / HTTP/1.1" 200 5295 "-" "Sogou web spider/4.0(+http://www.sogou.com/docs/help/webmasters.htm#07)" "ysfine.com"
51.222.253.3 - - [09/Jan/2023:01:32:44 -0800] "GET /remote/wigner111/frame49.html HTTP/1.1" 200 371 "-" "Mozilla/5.0 (compatible; AhrefsBot/7.0; +http://ahrefs.com/robot/)" "ysfine.com"
51.222.253.16 - - [09/Jan/2023:01:32:48 -0800] "GET /remote/wigner111/kim-49.jpg HTTP/1.1" 200 82019 "-" "Mozilla/5.0 (compatible; AhrefsBot/7.0; +http://ahrefs.com/robot/)" "ysfine.com"
40.77.167.49 - - [09/Jan/2023:01:32:52 -0800] "GET /bio/wigner/e(2).html HTTP/1.1" 404 88 "-" "Mozilla/5.0 (compatible; bingbot/2.0; +http://www.bing.com/bingbot.htm)" "ysfine.com"
40.77.167.49 - - [09/Jan/2023:01:33:22 -0800] "GET /maga/invent/armstrong2.jpg HTTP/1.1" 200 79616 "-" "Mozilla/5.0 (compatible; bingbot/2.0; +http://www.bing.com/bingbot.htm)" "www.ysfine.com"
167.114.173.115 - - [09/Jan/2023:01:33:27 -0800] "GET /robots.txt HTTP/1.1" 404 73 "-" "Mozilla/5.0 (compatible; MJ12bot/v1.4.8; http://mj12bot.com/)" "www.ysfine.com"
167.114.173.115 - - [09/Jan/2023:01:33:30 -0800] "GET /world/germany/berlin125.jpg HTTP/1.1" 200 111095 "-" "Mozilla/5.0 (compatible; MJ12bot/v1.4.8; http://mj12bot.com/)" "www.ysfine.com"
167.114.173.115 - - [09/Jan/2023:01:33:31 -0800] "GET /world/germany/berlin126.jpg HTTP/1.1" 200 117446 "-" "Mozilla/5.0 (compatible; MJ12bot/v1.4.8; http://mj12bot.com/)" "www.ysfine.com"
167.114.173.115 - - [09/Jan/2023:01:33:44 -0800] "GET /world/germany/berlin151.jpg HTTP/1.1" 200 118658 "-" "Mozilla/5.0 (compatible; MJ12bot/v1.4.8; http://mj12bot.com/)" "www.ysfine.com"
167.114.173.115 - - [09/Jan/2023:01:33:46 -0800] "GET /world/germany/berlin152.jpg HTTP/1.1" 200 124326 "-" "Mozilla/5.0 (compatible; MJ12bot/v1.4.8; http://mj12bot.com/)" "www.ysfine.com"
167.114.173.115 - - [09/Jan/2023:01:33:47 -0800] "GET /world/germany/berlin153.jpg HTTP/1.1" 200 110251 "-" "Mozilla/5.0 (compatible; MJ12bot/v1.4.8; http://mj12bot.com/)" "www.ysfine.com"
167.114.173.115 - - [09/Jan/2023:01:33:49 -0800] "GET /world/germany/berlin154.jpg HTTP/1.1" 200 108210 "-" "Mozilla/5.0 (compatible; MJ12bot/v1.4.8; http://mj12bot.com/)" "www.ysfine.com"
167.114.173.115 - - [09/Jan/2023:01:34:01 -0800] "GET /world/germany/berlin155.jpg HTTP/1.1" 200 117615 "-" "Mozilla/5.0 (compatible; MJ12bot/v1.4.8; http://mj12bot.com/)" "www.ysfine.com"
167.114.173.115 - - [09/Jan/2023:01:34:02 -0800] "GET /world/germany/berlin156.jpg HTTP/1.1" 200 125000 "-" "Mozilla/5.0 (compatible; MJ12bot/v1.4.8; http://mj12bot.com/)" "www.ysfine.com"
167.114.173.115 - - [09/Jan/2023:01:34:05 -0800] "GET /world/germany/berlin157.jpg HTTP/1.1" 200 134891 "-" "Mozilla/5.0 (compatible; MJ12bot/v1.4.8; http://mj12bot.com/)" "www.ysfine.com"
167.114.116.38 - - [09/Jan/2023:01:34:06 -0800] "GET /robots.txt HTTP/1.1" 404 73 "-" "Mozilla/5.0 (compatible; MJ12bot/v1.4.8; http://mj12bot.com/)" "www.ysfine.com"
167.114.116.38 - - [09/Jan/2023:01:34:08 -0800] "GET /articles/euler.pdf HTTP/1.1" 401 90 "-" "Mozilla/5.0 (compatible; MJ12bot/v1.4.8; http://mj12bot.com/)" "www.ysfine.com"
167.114.116.38 - - [09/Jan/2023:01:34:09 -0800] "GET /newyork/wtc07.jpg HTTP/1.1" 200 147546 "-" "Mozilla/5.0 (compatible; MJ12bot/v1.4.8; http://mj12bot.com/)" "www.ysfine.com"
167.114.116.38 - - [09/Jan/2023:01:34:11 -0800] "GET /newyork/wtc09.jpg HTTP/1.1" 200 197895 "-" "Mozilla/5.0 (compatible; MJ12bot/v1.4.8; http://mj12bot.com/)" "www.ysfine.com"
167.114.173.115 - - [09/Jan/2023:01:34:13 -0800] "GET /world/germany/berlin158.jpg HTTP/1.1" 200 118139 "-" "Mozilla/5.0 (compatible; MJ12bot/v1.4.8; http://mj12bot.com/)" "www.ysfine.com"
167.114.173.115 - - [09/Jan/2023:01:34:17 -0800] "GET /world/germany/berlin159.jpg HTTP/1.1" 200 131790 "-" "Mozilla/5.0 (compatible; MJ12bot/v1.4.8; http://mj12bot.com/)" "www.ysfine.com"
167.114.116.38 - - [09/Jan/2023:01:34:18 -0800] "GET /newyork/wtc14.jpg HTTP/1.1" 200 91909 "-" "Mozilla/5.0 (compatible; MJ12bot/v1.4.8; http://mj12bot.com/)" "www.ysfine.com"
167.114.173.115 - - [09/Jan/2023:01:34:19 -0800] "GET /world/germany/berlin160.jpg HTTP/1.1" 200 127427 "-" "Mozilla/5.0 (compatible; MJ12bot/v1.4.8; http://mj12bot.com/)" "www.ysfine.com"
167.114.116.38 - - [09/Jan/2023:01:34:19 -0800] "GET /people/adlerf.jpg HTTP/1.1" 200 77297 "-" "Mozilla/5.0 (compatible; MJ12bot/v1.4.8; http://mj12bot.com/)" "www.ysfine.com"
167.114.173.115 - - [09/Jan/2023:01:34:20 -0800] "GET /world/germany/berlin161.jpg HTTP/1.1" 200 133653 "-" "Mozilla/5.0 (compatible; MJ12bot/v1.4.8; http://mj12bot.com/)" "www.ysfine.com"
