51.222.253.20 - - [08/Jan/2023:19:08:28 -0800] "GET /wigner/wighome2.jpg HTTP/1.1" 200 48701 "-" "Mozilla/5.0 (compatible; AhrefsBot/7.0; +http://ahrefs.com/robot/)" "ysfine.com"
51.222.253.12 - - [08/Jan/2023:19:08:29 -0800] "GET /people/logunov11b.jpg HTTP/1.1" 200 26659 "-" "Mozilla/5.0 (compatible; AhrefsBot/7.0; +http://ahrefs.com/robot/)" "ysfine.com"
51.222.253.2 - - [08/Jan/2023:19:08:29 -0800] "GET /people/janszky04b.jpg HTTP/1.1" 200 38233 "-" "Mozilla/5.0 (compatible; AhrefsBot/7.0; +http://ahrefs.com/robot/)" "ysfine.com"
51.222.253.4 - - [08/Jan/2023:19:08:30 -0800] "GET /people/bhagat2.jpg HTTP/1.1" 200 33854 "-" "Mozilla/5.0 (compatible; AhrefsBot/7.0; +http://ahrefs.com/robot/)" "ysfine.com"
51.222.253.1 - - [08/Jan/2023:19:08:30 -0800] "GET /kobak/rhee10b.jpg HTTP/1.1" 200 29337 "-" "Mozilla/5.0 (compatible; AhrefsBot/7.0; +http://ahrefs.com/robot/)" "ysfine.com"
51.222.253.7 - - [08/Jan/2023:19:08:30 -0800] "GET /people/solimeno11b.jpg HTTP/1.1" 200 39705 "-" "Mozilla/5.0 (compatible; AhrefsBot/7.0; +http://ahrefs.com/robot/)" "ysfine.com"
51.222.253.14 - - [08/Jan/2023:19:08:31 -0800] "GET /ffriends/amkor/elena01c.jpg HTTP/1.1" 200 37341 "-" "Mozilla/5.0 (compatible; AhrefsBot/7.0; +http://ahrefs.com/robot/)" "ysfine.com"
51.222.253.18 - - [08/Jan/2023:19:08:31 -0800] "GET /people/klauder06c.jpg HTTP/1.1" 200 42613 "-" "Mozilla/5.0 (compatible; AhrefsBot/7.0; +http://ahrefs.com/robot/)" "ysfine.com"
51.222.253.14 - - [08/Jan/2023:19:08:32 -0800] "GET /people/tollwig300.jpg HTTP/1.1" 200 27969 "-" "Mozilla/5.0 (compatible; AhrefsBot/7.0; +http://ahrefs.com/robot/)" "ysfine.com"
51.222.253.1 - - [08/Jan/2023:19:08:32 -0800] "GET /people/baran300.jpg HTTP/1.1" 200 22100 "-" "Mozilla/5.0 (compatible; AhrefsBot/7.0; +http://ahrefs.com/robot/)" "ysfine.com"
51.222.253.4 - - [08/Jan/2023:19:08:32 -0800] "GET /people/eastman01b.jpg HTTP/1.1" 200 42893 "-" "Mozilla/5.0 (compatible; AhrefsBot/7.0; +http://ahrefs.com/robot/)" "ysfine.com"
51.222.253.11 - - [08/Jan/2023:19:08:33 -0800] "GET /people/facu63c.jpg HTTP/1.1" 200 39839 "-" "Mozilla/5.0 (compatible; AhrefsBot/7.0; +http://ahrefs.com/robot/)" "ysfine.com"
51.222.253.3 - - [08/Jan/2023:19:08:33 -0800] "GET /people/princeton68b.jpg HTTP/1.1" 200 40218 "-" "Mozilla/5.0 (compatible; AhrefsBot/7.0; +http://ahrefs.com/robot/)" "ysfine.com"
51.222.253.17 - - [08/Jan/2023:19:08:34 -0800] "GET /wigner/inokim2.jpg HTTP/1.1" 200 29903 "-" "Mozilla/5.0 (compatible; AhrefsBot/7.0; +http://ahrefs.com/robot/)" "ysfine.com"
51.222.253.15 - - [08/Jan/2023:19:08:34 -0800] "GET /people/towhee2.jpg HTTP/1.1" 200 32584 "-" "Mozilla/5.0 (compatible; AhrefsBot/7.0; +http://ahrefs.com/robot/)" "ysfine.com"
51.222.253.10 - - [08/Jan/2023:19:08:34 -0800] "GET /wdc/kopol01b.jpg HTTP/1.1" 200 34148 "-" "Mozilla/5.0 (compatible; AhrefsBot/7.0; +http://ahrefs.com/robot/)" "ysfine.com"
51.222.253.6 - - [08/Jan/2023:19:08:35 -0800] "GET /people/wheemaine2.jpg HTTP/1.1" 200 34617 "-" "Mozilla/5.0 (compatible; AhrefsBot/7.0; +http://ahrefs.com/robot/)" "ysfine.com"
51.222.253.15 - - [08/Jan/2023:19:08:35 -0800] "GET /feynman/feyjad33b.jpg HTTP/1.1" 200 32306 "-" "Mozilla/5.0 (compatible; AhrefsBot/7.0; +http://ahrefs.com/robot/)" "ysfine.com"
51.222.253.15 - - [08/Jan/2023:19:08:35 -0800] "GET /princeton/pcomm01b.jpg HTTP/1.1" 200 46796 "-" "Mozilla/5.0 (compatible; AhrefsBot/7.0; +http://ahrefs.com/robot/)" "ysfine.com"
51.222.253.1 - - [08/Jan/2023:19:08:36 -0800] "GET /people/sbtwein2.jpg HTTP/1.1" 200 30398 "-" "Mozilla/5.0 (compatible; AhrefsBot/7.0; +http://ahrefs.com/robot/)" "ysfine.com"
51.222.253.7 - - [08/Jan/2023:19:08:36 -0800] "GET /people/sibelbas11c.jpg HTTP/1.1" 200 31836 "-" "Mozilla/5.0 (compatible; AhrefsBot/7.0; +http://ahrefs.com/robot/)" "ysfine.com"
51.222.253.7 - - [08/Jan/2023:19:08:37 -0800] "GET /people/giacobino03b.jpg HTTP/1.1" 200 35593 "-" "Mozilla/5.0 (compatible; AhrefsBot/7.0; +http://ahrefs.com/robot/)" "ysfine.com"
51.222.253.10 - - [08/Jan/2023:19:08:37 -0800] "GET /people/lipkin02b.jpg HTTP/1.1" 200 44829 "-" "Mozilla/5.0 (compatible; AhrefsBot/7.0; +http://ahrefs.com/robot/)" "ysfine.com"
51.222.253.13 - - [08/Jan/2023:19:08:37 -0800] "GET /people/catto02b.jpg HTTP/1.1" 200 52505 "-" "Mozilla/5.0 (compatible; AhrefsBot/7.0; +http://ahrefs.com/robot/)" "ysfine.com"
51.222.253.14 - - [08/Jan/2023:19:08:38 -0800] "GET /people/sbt11b.jpg HTTP/1.1" 200 29397 "-" "Mozilla/5.0 (compatible; AhrefsBot/7.0; +http://ahrefs.com/robot/)" "ysfine.com"
51.222.253.12 - - [08/Jan/2023:19:08:38 -0800] "GET /people/sakharov01c.jpg HTTP/1.1" 200 42636 "-" "Mozilla/5.0 (compatible; AhrefsBot/7.0; +http://ahrefs.com/robot/)" "ysfine.com"
51.222.253.7 - - [08/Jan/2023:19:08:38 -0800] "GET /people/zeilinger01b.jpg HTTP/1.1" 200 30410 "-" "Mozilla/5.0 (compatible; AhrefsBot/7.0; +http://ahrefs.com/robot/)" "ysfine.com"
51.222.253.15 - - [08/Jan/2023:19:08:39 -0800] "GET /wigner/neum/pvn05b.jpg HTTP/1.1" 200 45464 "-" "Mozilla/5.0 (compatible; AhrefsBot/7.0; +http://ahrefs.com/robot/)" "ysfine.com"
51.222.253.18 - - [08/Jan/2023:19:08:39 -0800] "GET /world/russ/afanasiev01b.jpg HTTP/1.1" 200 40004 "-" "Mozilla/5.0 (compatible; AhrefsBot/7.0; +http://ahrefs.com/robot/)" "ysfine.com"
51.222.253.12 - - [08/Jan/2023:19:08:40 -0800] "GET /wigner/fitch2.jpg HTTP/1.1" 200 36807 "-" "Mozilla/5.0 (compatible; AhrefsBot/7.0; +http://ahrefs.com/robot/)" "ysfine.com"
51.222.253.10 - - [08/Jan/2023:19:08:40 -0800] "GET /people/jweber300.jpg HTTP/1.1" 200 23956 "-" "Mozilla/5.0 (compatible; AhrefsBot/7.0; +http://ahrefs.com/robot/)" "ysfine.com"
51.222.253.15 - - [08/Jan/2023:19:08:40 -0800] "GET /people/redgreen300.jpg HTTP/1.1" 200 40144 "-" "Mozilla/5.0 (compatible; AhrefsBot/7.0; +http://ahrefs.com/robot/)" "ysfine.com"
207.46.13.31 - - [08/Jan/2023:19:09:22 -0800] "GET /kowar/panmun02b.jpg HTTP/1.1" 200 51595 "-" "Mozilla/5.0 (compatible; bingbot/2.0; +http://www.bing.com/bingbot.htm)" "www.ysfine.com"
114.119.143.130 - - [08/Jan/2023:19:09:39 -0800] "GET /fotos/busan22d.jpg HTTP/1.1" 200 35419 "https://ysfine.com/bio54.html" "Mozilla/5.0 (Linux; Android 7.0;) AppleWebKit/537.36 (KHTML, like Gecko) Mobile Safari/537.36 (compatible; PetalBot;+https://webmaster.petalsearch.com/site/petalbot)" "ysfine.com"
207.46.13.176 - - [08/Jan/2023:19:10:15 -0800] "GET /bio/style/rieu.html HTTP/1.1" 404 88 "-" "Mozilla/5.0 (compatible; bingbot/2.0; +http://www.bing.com/bingbot.htm)" "ysfine.com"
114.119.155.210 - - [08/Jan/2023:19:10:58 -0800] "GET /home/canal55c.jpg HTTP/1.1" 200 41665 "https://www.ysfine.com/bio.html" "Mozilla/5.0 (Linux; Android 7.0;) AppleWebKit/537.36 (KHTML, like Gecko) Mobile Safari/537.36 (compatible; PetalBot;+https://webmaster.petalsearch.com/site/petalbot)" "www.ysfine.com"
207.46.13.176 - - [08/Jan/2023:19:11:55 -0800] "GET /bio/world/kalinin22.html HTTP/1.1" 404 88 "-" "Mozilla/5.0 (compatible; bingbot/2.0; +http://www.bing.com/bingbot.htm)" "ysfine.com"
40.77.167.17 - - [08/Jan/2023:19:12:04 -0800] "GET /world/russ/mosf16.jpg HTTP/1.1" 200 92402 "-" "Mozilla/5.0 AppleWebKit/537.36 (KHTML, like Gecko; compatible; bingbot/2.0; +http://www.bing.com/bingbot.htm) Chrome/103.0.5060.134 Safari/537.36" "ysfine.com"
207.46.13.176 - - [08/Jan/2023:19:13:14 -0800] "GET /style/musee/ath000b.jpg HTTP/1.1" 200 46554 "-" "Mozilla/5.0 (compatible; bingbot/2.0; +http://www.bing.com/bingbot.htm)" "ysfine.com"
157.55.39.149 - - [08/Jan/2023:19:14:09 -0800] "GET /ysbio/wdc/kopol.html HTTP/1.1" 404 88 "-" "Mozilla/5.0 AppleWebKit/537.36 (KHTML, like Gecko; compatible; bingbot/2.0; +http://www.bing.com/bingbot.htm) Chrome/103.0.5060.134 Safari/537.36" "ysfine.com"
207.46.13.176 - - [08/Jan/2023:19:14:44 -0800] "GET /home/sbt11d.jpg HTTP/1.1" 200 41029 "-" "Mozilla/5.0 AppleWebKit/537.36 (KHTML, like Gecko; compatible; bingbot/2.0; +http://www.bing.com/bingbot.htm) Chrome/103.0.5060.134 Safari/537.36" "ysfine.com"
35.168.111.220 - - [08/Jan/2023:19:15:27 -0800] "GET /yspapers/entro.pdf HTTP/1.1" 200 1311318 "-" "python-httpx/0.23.1" "ysfine.com"
67.20.76.235 - - [08/Jan/2023:19:16:48 -0800] "GET /wordpress/ HTTP/1.1" 404 73 "-" "-" "ysfine.com"
207.46.13.176 - - [08/Jan/2023:19:17:36 -0800] "GET /bio/kobak/soraech.html HTTP/1.1" 404 88 "-" "Mozilla/5.0 AppleWebKit/537.36 (KHTML, like Gecko; compatible; bingbot/2.0; +http://www.bing.com/bingbot.htm) Chrome/103.0.5060.134 Safari/537.36" "ysfine.com"
65.108.41.34 - - [08/Jan/2023:19:18:44 -0800] "GET /robots.txt HTTP/1.1" 404 73 "-" "Mozilla/5.0 (compatible; MJ12bot/v1.4.8; http://mj12bot.com/)" "ysfine.com"
157.55.39.149 - - [08/Jan/2023:19:18:49 -0800] "GET /bio/style/proschanie.html HTTP/1.1" 404 88 "-" "Mozilla/5.0 AppleWebKit/537.36 (KHTML, like Gecko; compatible; bingbot/2.0; +http://www.bing.com/bingbot.htm) Chrome/103.0.5060.134 Safari/537.36" "ysfine.com"
65.108.41.34 - - [08/Jan/2023:19:19:12 -0800] "GET /style/ystyle.html HTTP/1.1" 200 1450 "-" "Mozilla/5.0 (compatible; MJ12bot/v1.4.8; http://mj12bot.com/)" "ysfine.com"
65.108.41.34 - - [08/Jan/2023:19:19:23 -0800] "GET /style/ystyle.html HTTP/1.1" 200 1450 "-" "Mozilla/5.0 (compatible; MJ12bot/v1.4.8; http://mj12bot.com/)" "ysfine.com"
51.222.253.8 - - [08/Jan/2023:19:19:34 -0800] "GET / HTTP/1.1" 200 5295 "-" "Mozilla/5.0 (compatible; AhrefsBot/7.0; +http://ahrefs.com/robot/)" "ysfine.com"
65.108.41.34 - - [08/Jan/2023:19:19:36 -0800] "GET /robots.txt HTTP/1.1" 404 73 "-" "Mozilla/5.0 (compatible; MJ12bot/v1.4.8; http://mj12bot.com/)" "www.ysfine.com"
93.141.16.161 - - [08/Jan/2023:19:19:45 -0800] "GET /wigner/neum/pvn05.jpg HTTP/1.1" 200 219501 "https://www.google.com/" "Mozilla/5.0 (Windows NT 10.0; Win64; x64; rv:108.0) Gecko/20100101 Firefox/108.0" "ysfine.com"
65.108.41.34 - - [08/Jan/2023:19:19:47 -0800] "GET /class54/weheard.html HTTP/1.1" 200 5818 "-" "Mozilla/5.0 (compatible; MJ12bot/v1.4.8; http://mj12bot.com/)" "www.ysfine.com"
207.46.13.31 - - [08/Jan/2023:19:19:54 -0800] "GET /jobs/usaj.html HTTP/1.1" 200 649 "-" "Mozilla/5.0 (compatible; bingbot/2.0; +http://www.bing.com/bingbot.htm)" "www.ysfine.com"
123.183.224.89 - - [08/Jan/2023:19:19:55 -0800] "GET / HTTP/1.1" 200 5295 "-" "Sogou web spider/4.0(+http://www.sogou.com/docs/help/webmasters.htm#07)" "www.ysfine.com"
65.108.41.34 - - [08/Jan/2023:19:20:01 -0800] "GET /eink/index.html HTTP/1.1" 200 17716 "-" "Mozilla/5.0 (compatible; MJ12bot/v1.4.8; http://mj12bot.com/)" "www.ysfine.com"
65.108.41.34 - - [08/Jan/2023:19:20:15 -0800] "GET /einstein/einwo.html HTTP/1.1" 200 4222 "-" "Mozilla/5.0 (compatible; MJ12bot/v1.4.8; http://mj12bot.com/)" "www.ysfine.com"
65.108.41.34 - - [08/Jan/2023:19:20:23 -0800] "GET /home/bostein.html HTTP/1.1" 200 5524 "-" "Mozilla/5.0 (compatible; MJ12bot/v1.4.8; http://mj12bot.com/)" "www.ysfine.com"
40.77.167.49 - - [08/Jan/2023:19:20:28 -0800] "GET /wdc/vernon.html HTTP/1.1" 200 1958 "-" "Mozilla/5.0 AppleWebKit/537.36 (KHTML, like Gecko; compatible; bingbot/2.0; +http://www.bing.com/bingbot.htm) Chrome/103.0.5060.134 Safari/537.36" "www.ysfine.com"
65.108.41.34 - - [08/Jan/2023:19:20:36 -0800] "GET /home/chris.html HTTP/1.1" 200 1777 "-" "Mozilla/5.0 (compatible; MJ12bot/v1.4.8; http://mj12bot.com/)" "www.ysfine.com"
65.108.41.34 - - [08/Jan/2023:19:20:48 -0800] "GET /home/marq.html HTTP/1.1" 200 3268 "-" "Mozilla/5.0 (compatible; MJ12bot/v1.4.8; http://mj12bot.com/)" "www.ysfine.com"
207.46.13.31 - - [08/Jan/2023:19:21:04 -0800] "GET /bio/style/artlove.html HTTP/1.1" 404 88 "-" "Mozilla/5.0 AppleWebKit/537.36 (KHTML, like Gecko; compatible; bingbot/2.0; +http://www.bing.com/bingbot.htm) Chrome/103.0.5060.134 Safari/537.36" "ysfine.com"
40.77.167.49 - - [08/Jan/2023:19:21:09 -0800] "GET /kowar/tanks/tank54.jpg HTTP/1.1" 200 76330 "-" "Mozilla/5.0 (compatible; bingbot/2.0; +http://www.bing.com/bingbot.htm)" "ysfine.com"
65.108.41.34 - - [08/Jan/2023:19:21:10 -0800] "GET /home/more.html HTTP/1.1" 200 3042 "-" "Mozilla/5.0 (compatible; MJ12bot/v1.4.8; http://mj12bot.com/)" "www.ysfine.com"
65.108.41.34 - - [08/Jan/2023:19:21:20 -0800] "GET /houses/monticello.html HTTP/1.1" 200 750 "-" "Mozilla/5.0 (compatible; MJ12bot/v1.4.8; http://mj12bot.com/)" "www.ysfine.com"
207.46.13.31 - - [08/Jan/2023:19:21:23 -0800] "GET /maga/phil/threewise01.jpg HTTP/1.1" 200 124019 "-" "Mozilla/5.0 AppleWebKit/537.36 (KHTML, like Gecko; compatible; bingbot/2.0; +http://www.bing.com/bingbot.htm) Chrome/103.0.5060.134 Safari/537.36" "ysfine.com"
65.108.41.34 - - [08/Jan/2023:19:21:34 -0800] "GET /kobak/index.html HTTP/1.1" 200 130 "-" "Mozilla/5.0 (compatible; MJ12bot/v1.4.8; http://mj12bot.com/)" "www.ysfine.com"
65.108.41.34 - - [08/Jan/2023:19:22:03 -0800] "GET /robots.txt HTTP/1.1" 404 73 "-" "Mozilla/5.0 (compatible; MJ12bot/v1.4.8; http://mj12bot.com/)" "www.ysfine.com"
65.108.41.34 - - [08/Jan/2023:19:22:19 -0800] "GET /newyork/nyc22.html HTTP/1.1" 404 88 "-" "Mozilla/5.0 (compatible; MJ12bot/v1.4.8; http://mj12bot.com/)" "www.ysfine.com"
65.108.41.34 - - [08/Jan/2023:19:22:28 -0800] "GET /newyork/nyleft.html HTTP/1.1" 200 905 "-" "Mozilla/5.0 (compatible; MJ12bot/v1.4.8; http://mj12bot.com/)" "www.ysfine.com"
40.77.167.49 - - [08/Jan/2023:19:22:41 -0800] "GET /bio/style/ystyle.html HTTP/1.1" 404 88 "-" "Mozilla/5.0 AppleWebKit/537.36 (KHTML, like Gecko; compatible; bingbot/2.0; +http://www.bing.com/bingbot.htm) Chrome/103.0.5060.134 Safari/537.36" "ysfine.com"
5.255.241.236 - - [08/Jan/2023:19:22:41 -0800] "GET /maga/phys/schrod11.jpg HTTP/1.1" 200 107958 "-" "Mozilla/5.0 (compatible; YandexImageResizer/2.0; +http://yandex.com/bots)" "www.ysfine.com"
65.108.41.34 - - [08/Jan/2023:19:22:55 -0800] "GET /newyork/nyp.html HTTP/1.1" 200 8310 "-" "Mozilla/5.0 (compatible; MJ12bot/v1.4.8; http://mj12bot.com/)" "www.ysfine.com"
5.161.121.196 - - [08/Jan/2023:19:23:01 -0800] "GET /jobs/koreaj.html HTTP/1.1" 200 5358 "-" "Mozilla/5.0 (Windows NT 10.0; Win64; x64) AppleWebKit/537.36 (KHTML, like Gecko) Chrome/84.0.4147.105 Safari/537.36" "ysfine.com"
65.108.41.34 - - [08/Jan/2023:19:23:04 -0800] "GET /newyork/nyp.html HTTP/1.1" 200 8310 "-" "Mozilla/5.0 (compatible; MJ12bot/v1.4.8; http://mj12bot.com/)" "www.ysfine.com"
207.46.13.176 - - [08/Jan/2023:19:23:16 -0800] "GET /bio/optics.html HTTP/1.1" 404 88 "-" "Mozilla/5.0 AppleWebKit/537.36 (KHTML, like Gecko; compatible; bingbot/2.0; +http://www.bing.com/bingbot.htm) Chrome/103.0.5060.134 Safari/537.36" "ysfine.com"
65.108.41.34 - - [08/Jan/2023:19:23:17 -0800] "GET /newyork/wtc.html HTTP/1.1" 200 538 "-" "Mozilla/5.0 (compatible; MJ12bot/v1.4.8; http://mj12bot.com/)" "www.ysfine.com"
185.184.157.102 - - [08/Jan/2023:19:23:31 -0800] "GET /world/travel.html HTTP/1.1" 200 1633 "-" "Mozilla/5.0 (compatible; linkdexbot/2.0; +http://www.linkdex.com/bots/)" "www.ysfine.com"
185.184.157.102 - - [08/Jan/2023:19:23:31 -0800] "GET /robots.txt HTTP/1.1" 404 88 "-" "Mozilla/5.0 (compatible; linkdexbot/2.0; +http://www.linkdex.com/bots/)" "ysfine.com"
185.184.157.102 - - [08/Jan/2023:19:23:31 -0800] "GET /robots.txt HTTP/1.1" 404 88 "-" "Mozilla/5.0 (compatible; linkdexbot/2.0; +http://www.linkdex.com/bots/)" "www.ysfine.com"
65.108.41.34 - - [08/Jan/2023:19:23:39 -0800] "GET /people/goldha.html HTTP/1.1" 200 1796 "-" "Mozilla/5.0 (compatible; MJ12bot/v1.4.8; http://mj12bot.com/)" "www.ysfine.com"
118.184.177.50 - - [08/Jan/2023:19:23:52 -0800] "GET / HTTP/1.1" 200 5295 "-" "Sogou web spider/4.0(+http://www.sogou.com/docs/help/webmasters.htm#07)" "ysfine.com"
65.108.41.34 - - [08/Jan/2023:19:24:04 -0800] "GET /people/index.html HTTP/1.1" 200 125 "-" "Mozilla/5.0 (compatible; MJ12bot/v1.4.8; http://mj12bot.com/)" "www.ysfine.com"
157.55.39.149 - - [08/Jan/2023:19:24:09 -0800] "GET /bio/dirac/bankers.html HTTP/1.1" 404 88 "-" "Mozilla/5.0 (compatible; bingbot/2.0; +http://www.bing.com/bingbot.htm)" "ysfine.com"
65.108.41.34 - - [08/Jan/2023:19:24:15 -0800] "GET /people/index.html HTTP/1.1" 200 125 "-" "Mozilla/5.0 (compatible; MJ12bot/v1.4.8; http://mj12bot.com/)" "www.ysfine.com"
65.108.41.34 - - [08/Jan/2023:19:24:41 -0800] "GET /people/pimage.html HTTP/1.1" 200 7959 "-" "Mozilla/5.0 (compatible; MJ12bot/v1.4.8; http://mj12bot.com/)" "www.ysfine.com"
65.108.41.34 - - [08/Jan/2023:19:24:49 -0800] "GET /people/pimage.html HTTP/1.1" 200 7959 "-" "Mozilla/5.0 (compatible; MJ12bot/v1.4.8; http://mj12bot.com/)" "www.ysfine.com"
65.108.41.34 - - [08/Jan/2023:19:25:04 -0800] "GET /people/sbtwein.html HTTP/1.1" 200 313 "-" "Mozilla/5.0 (compatible; MJ12bot/v1.4.8; http://mj12bot.com/)" "www.ysfine.com"
107.178.200.201 - - [08/Jan/2023:19:25:21 -0800] "GET /ads.txt HTTP/1.1" 404 73 "-" "IAB-Tech-Lab" "ysfine.com"
107.178.200.201 - - [08/Jan/2023:19:25:21 -0800] "GET /ads.txt HTTP/1.1" 404 73 "-" "IAB-Tech-Lab" "ysfine.com"
65.108.41.34 - - [08/Jan/2023:19:25:26 -0800] "GET /people/wheeler.html HTTP/1.1" 200 3348 "-" "Mozilla/5.0 (compatible; MJ12bot/v1.4.8; http://mj12bot.com/)" "www.ysfine.com"
65.108.41.34 - - [08/Jan/2023:19:25:38 -0800] "GET /people/wheeler.html HTTP/1.1" 200 3348 "-" "Mozilla/5.0 (compatible; MJ12bot/v1.4.8; http://mj12bot.com/)" "www.ysfine.com"
40.77.167.17 - - [08/Jan/2023:19:25:45 -0800] "GET /bio/style/leica.html HTTP/1.1" 404 88 "-" "Mozilla/5.0 AppleWebKit/537.36 (KHTML, like Gecko; compatible; bingbot/2.0; +http://www.bing.com/bingbot.htm) Chrome/103.0.5060.134 Safari/537.36" "ysfine.com"
65.108.41.34 - - [08/Jan/2023:19:25:49 -0800] "GET /philo/hegel.html HTTP/1.1" 200 5090 "-" "Mozilla/5.0 (compatible; MJ12bot/v1.4.8; http://mj12bot.com/)" "www.ysfine.com"
114.119.155.22 - - [08/Jan/2023:19:25:51 -0800] "GET /feynman/yuval.html HTTP/1.1" 200 9248 "https://www.ysfine.com/maga/index.html" "Mozilla/5.0 (Linux; Android 7.0;) AppleWebKit/537.36 (KHTML, like Gecko) Mobile Safari/537.36 (compatible; PetalBot;+https://webmaster.petalsearch.com/site/petalbot)" "www.ysfine.com"
65.108.41.34 - - [08/Jan/2023:19:26:02 -0800] "GET /philo/herod.html HTTP/1.1" 200 2403 "-" "Mozilla/5.0 (compatible; MJ12bot/v1.4.8; http://mj12bot.com/)" "www.ysfine.com"
65.108.41.34 - - [08/Jan/2023:19:26:14 -0800] "GET /philo/kant.html HTTP/1.1" 200 8179 "-" "Mozilla/5.0 (compatible; MJ12bot/v1.4.8; http://mj12bot.com/)" "www.ysfine.com"
65.108.41.34 - - [08/Jan/2023:19:26:26 -0800] "GET /philo/keigel.html HTTP/1.1" 200 7368 "-" "Mozilla/5.0 (compatible; MJ12bot/v1.4.8; http://mj12bot.com/)" "www.ysfine.com"
65.108.41.34 - - [08/Jan/2023:19:26:38 -0800] "GET /philo/keigel22.html HTTP/1.1" 200 4990 "-" "Mozilla/5.0 (compatible; MJ12bot/v1.4.8; http://mj12bot.com/)" "www.ysfine.com"
65.108.41.34 - - [08/Jan/2023:19:26:46 -0800] "GET /philo/sartre.html HTTP/1.1" 200 7721 "-" "Mozilla/5.0 (compatible; MJ12bot/v1.4.8; http://mj12bot.com/)" "www.ysfine.com"
65.108.41.34 - - [08/Jan/2023:19:26:54 -0800] "GET /philo/sisfa12/index.html HTTP/1.1" 200 148 "-" "Mozilla/5.0 (compatible; MJ12bot/v1.4.8; http://mj12bot.com/)" "www.ysfine.com"
65.108.41.34 - - [08/Jan/2023:19:27:07 -0800] "GET /princeton/bagpipes.html HTTP/1.1" 200 245 "-" "Mozilla/5.0 (compatible; MJ12bot/v1.4.8; http://mj12bot.com/)" "www.ysfine.com"
65.108.41.34 - - [08/Jan/2023:19:27:20 -0800] "GET /princeton/brooke.html HTTP/1.1" 200 952 "-" "Mozilla/5.0 (compatible; MJ12bot/v1.4.8; http://mj12bot.com/)" "www.ysfine.com"
65.108.41.34 - - [08/Jan/2023:19:27:38 -0800] "GET /princeton/butler.html HTTP/1.1" 200 407 "-" "Mozilla/5.0 (compatible; MJ12bot/v1.4.8; http://mj12bot.com/)" "www.ysfine.com"
123.183.224.89 - - [08/Jan/2023:19:27:46 -0800] "GET / HTTP/1.1" 200 5295 "-" "Sogou web spider/4.0(+http://www.sogou.com/docs/help/webmasters.htm#07)" "www.ysfine.com"
65.108.41.34 - - [08/Jan/2023:19:27:49 -0800] "GET /princeton/butler2011.html HTTP/1.1" 200 405 "-" "Mozilla/5.0 (compatible; MJ12bot/v1.4.8; http://mj12bot.com/)" "www.ysfine.com"
65.108.41.34 - - [08/Jan/2023:19:28:00 -0800] "GET /princeton/campus.html HTTP/1.1" 200 15142 "-" "Mozilla/5.0 (compatible; MJ12bot/v1.4.8; http://mj12bot.com/)" "www.ysfine.com"
5.188.210.80 - - [08/Jan/2023:19:28:12 -0800] "GET /ysbio/world/travel.html HTTP/1.1" 404 73 "https://www.ysfine.com/ysbio/world/travel.html" "Mozilla/5.0 (Windows NT 10.0; WOW64) AppleWebKit/537.36 (KHTML, like Gecko) Chrome/90.0.4400.8 Safari/537.36" "www.ysfine.com"
5.188.210.80 - - [08/Jan/2023:19:28:12 -0800] "GET / HTTP/1.1" 200 15915 "https://www.ysfine.com/" "Mozilla/5.0 (Windows NT 10.0; WOW64) AppleWebKit/537.36 (KHTML, like Gecko) Chrome/90.0.4400.8 Safari/537.36" "www.ysfine.com"
65.108.41.34 - - [08/Jan/2023:19:28:13 -0800] "GET /princeton/cleve.html HTTP/1.1" 200 570 "-" "Mozilla/5.0 (compatible; MJ12bot/v1.4.8; http://mj12bot.com/)" "www.ysfine.com"
185.191.171.23 - - [08/Jan/2023:19:28:20 -0800] "GET /bio15.html HTTP/1.1" 200 15983 "-" "Mozilla/5.0 (compatible; SemrushBot/7~bl; +http://www.semrush.com/bot.html)" "www.ysfine.com"
65.108.41.34 - - [08/Jan/2023:19:28:37 -0800] "GET /princeton/dulles.html HTTP/1.1" 200 2700 "-" "Mozilla/5.0 (compatible; MJ12bot/v1.4.8; http://mj12bot.com/)" "www.ysfine.com"
65.108.41.34 - - [08/Jan/2023:19:28:45 -0800] "GET /princeton/morecars.html HTTP/1.1" 200 245 "-" "Mozilla/5.0 (compatible; MJ12bot/v1.4.8; http://mj12bot.com/)" "www.ysfine.com"
51.222.253.3 - - [08/Jan/2023:19:28:50 -0800] "GET /kowar/war50.html HTTP/1.1" 200 11795 "-" "Mozilla/5.0 (compatible; AhrefsBot/7.0; +http://ahrefs.com/robot/)" "www.ysfine.com"
51.222.253.11 - - [08/Jan/2023:19:28:51 -0800] "GET /kowar/tanks/tank05c.jpg HTTP/1.1" 200 33583 "-" "Mozilla/5.0 (compatible; AhrefsBot/7.0; +http://ahrefs.com/robot/)" "www.ysfine.com"
51.222.253.5 - - [08/Jan/2023:19:28:51 -0800] "GET /kowar/paiksy05c.jpg HTTP/1.1" 200 60462 "-" "Mozilla/5.0 (compatible; AhrefsBot/7.0; +http://ahrefs.com/robot/)" "www.ysfine.com"
51.222.253.16 - - [08/Jan/2023:19:28:52 -0800] "GET /kowar/tilelli01c.jpg HTTP/1.1" 200 34897 "-" "Mozilla/5.0 (compatible; AhrefsBot/7.0; +http://ahrefs.com/robot/)" "www.ysfine.com"
51.222.253.7 - - [08/Jan/2023:19:28:52 -0800] "GET /kowar/tanks/caval01c.jpg HTTP/1.1" 200 40632 "-" "Mozilla/5.0 (compatible; AhrefsBot/7.0; +http://ahrefs.com/robot/)" "www.ysfine.com"
51.222.253.7 - - [08/Jan/2023:19:28:52 -0800] "GET /kowar/shinsm11c.jpg HTTP/1.1" 200 43567 "-" "Mozilla/5.0 (compatible; AhrefsBot/7.0; +http://ahrefs.com/robot/)" "www.ysfine.com"
51.222.253.7 - - [08/Jan/2023:19:28:53 -0800] "GET /kowar/choiyk11c.jpg HTTP/1.1" 200 32210 "-" "Mozilla/5.0 (compatible; AhrefsBot/7.0; +http://ahrefs.com/robot/)" "www.ysfine.com"
51.222.253.7 - - [08/Jan/2023:19:28:53 -0800] "GET /kowar/gi002c.jpg HTTP/1.1" 200 40441 "-" "Mozilla/5.0 (compatible; AhrefsBot/7.0; +http://ahrefs.com/robot/)" "www.ysfine.com"
51.222.253.20 - - [08/Jan/2023:19:28:54 -0800] "GET /kowar/garand02c.jpg HTTP/1.1" 200 19263 "-" "Mozilla/5.0 (compatible; AhrefsBot/7.0; +http://ahrefs.com/robot/)" "www.ysfine.com"
51.222.253.16 - - [08/Jan/2023:19:28:54 -0800] "GET /kowar/tanks/tank03c.jpg HTTP/1.1" 200 48323 "-" "Mozilla/5.0 (compatible; AhrefsBot/7.0; +http://ahrefs.com/robot/)" "www.ysfine.com"
51.222.253.5 - - [08/Jan/2023:19:28:54 -0800] "GET /kobak/taylor11c.jpg HTTP/1.1" 200 37695 "-" "Mozilla/5.0 (compatible; AhrefsBot/7.0; +http://ahrefs.com/robot/)" "www.ysfine.com"
51.222.253.18 - - [08/Jan/2023:19:28:55 -0800] "GET /kowar/pyang01c.jpg HTTP/1.1" 200 54646 "-" "Mozilla/5.0 (compatible; AhrefsBot/7.0; +http://ahrefs.com/robot/)" "www.ysfine.com"
51.222.253.17 - - [08/Jan/2023:19:28:55 -0800] "GET /kowar/changdoy01c.jpg HTTP/1.1" 200 36057 "-" "Mozilla/5.0 (compatible; AhrefsBot/7.0; +http://ahrefs.com/robot/)" "www.ysfine.com"
65.108.41.34 - - [08/Jan/2023:19:28:55 -0800] "GET /princeton/pleft.html HTTP/1.1" 200 670 "-" "Mozilla/5.0 (compatible; MJ12bot/v1.4.8; http://mj12bot.com/)" "www.ysfine.com"
51.222.253.3 - - [08/Jan/2023:19:28:55 -0800] "GET /kowar/mac05a.jpg HTTP/1.1" 200 68210 "-" "Mozilla/5.0 (compatible; AhrefsBot/7.0; +http://ahrefs.com/robot/)" "www.ysfine.com"
51.222.253.14 - - [08/Jan/2023:19:28:56 -0800] "GET /kowar/paiksy02c.jpg HTTP/1.1" 200 54750 "-" "Mozilla/5.0 (compatible; AhrefsBot/7.0; +http://ahrefs.com/robot/)" "www.ysfine.com"
51.222.253.9 - - [08/Jan/2023:19:28:56 -0800] "GET /kowar/mosin01c.jpg HTTP/1.1" 200 17717 "-" "Mozilla/5.0 (compatible; AhrefsBot/7.0; +http://ahrefs.com/robot/)" "www.ysfine.com"
51.222.253.8 - - [08/Jan/2023:19:28:57 -0800] "GET /kowar/feb8c.jpg HTTP/1.1" 200 30413 "-" "Mozilla/5.0 (compatible; AhrefsBot/7.0; +http://ahrefs.com/robot/)" "www.ysfine.com"
51.222.253.12 - - [08/Jan/2023:19:28:57 -0800] "GET /kowar/77reg03c.jpg HTTP/1.1" 200 27891 "-" "Mozilla/5.0 (compatible; AhrefsBot/7.0; +http://ahrefs.com/robot/)" "www.ysfine.com"
51.222.253.12 - - [08/Jan/2023:19:28:58 -0800] "GET /kowar/gi001c.jpg HTTP/1.1" 200 29463 "-" "Mozilla/5.0 (compatible; AhrefsBot/7.0; +http://ahrefs.com/robot/)" "www.ysfine.com"
71.178.208.102 - - [08/Jan/2023:19:29:12 -0800] "GET /bio54 HTTP/1.1" 200 7723 "-" "Mozilla/5.0 (Linux; Android 5.1.1; KFSUWI) AppleWebKit/537.36 (KHTML, like Gecko) Silk/106.5.7 like Chrome/106.0.5249.208 Safari/537.36" "www.ysfine.com"
65.108.41.34 - - [08/Jan/2023:19:29:28 -0800] "GET /princeton/prade.html HTTP/1.1" 200 9863 "-" "Mozilla/5.0 (compatible; MJ12bot/v1.4.8; http://mj12bot.com/)" "www.ysfine.com"
71.178.208.102 - - [08/Jan/2023:19:29:31 -0800] "GET /bio54 HTTP/1.1" 304 - "-" "Mozilla/5.0 (Linux; Android 5.1.1; KFSUWI) AppleWebKit/537.36 (KHTML, like Gecko) Silk/106.5.7 like Chrome/106.0.5249.208 Safari/537.36" "www.ysfine.com"
65.108.41.34 - - [08/Jan/2023:19:29:41 -0800] "GET /princeton/prade.html HTTP/1.1" 200 9863 "-" "Mozilla/5.0 (compatible; MJ12bot/v1.4.8; http://mj12bot.com/)" "www.ysfine.com"
65.108.41.34 - - [08/Jan/2023:19:30:08 -0800] "GET /princeton/prbot.html HTTP/1.1" 200 140 "-" "Mozilla/5.0 (compatible; MJ12bot/v1.4.8; http://mj12bot.com/)" "www.ysfine.com"
65.108.41.34 - - [08/Jan/2023:19:30:19 -0800] "GET /princeton/prbot.html HTTP/1.1" 200 140 "-" "Mozilla/5.0 (compatible; MJ12bot/v1.4.8; http://mj12bot.com/)" "www.ysfine.com"
175.123.146.165 - - [08/Jan/2023:19:30:38 -0800] "GET /bio.html?fbclid=IwAR0352zWg4ziBbYpfP6zzl98jz6uDECYVt6OcVTb4M3DGv8PXOYDOi3FvnE HTTP/1.1" 200 18260 "-" "Mozilla/5.0 (Windows NT 10.0; Win64; x64) AppleWebKit/537.36 (KHTML, like Gecko) Chrome/108.0.0.0 Safari/537.36 Edg/108.0.1462.54" "ysfine.com"
175.123.146.165 - - [08/Jan/2023:19:30:39 -0800] "GET /kobak/taylor11c.jpg HTTP/1.1" 200 37695 "https://ysfine.com/bio.html?fbclid=IwAR0352zWg4ziBbYpfP6zzl98jz6uDECYVt6OcVTb4M3DGv8PXOYDOi3FvnE" "Mozilla/5.0 (Windows NT 10.0; Win64; x64) AppleWebKit/537.36 (KHTML, like Gecko) Chrome/108.0.0.0 Safari/537.36 Edg/108.0.1462.54" "ysfine.com"
175.123.146.165 - - [08/Jan/2023:19:30:39 -0800] "GET /home/yskim10c.jpg HTTP/1.1" 200 88826 "https://ysfine.com/bio.html?fbclid=IwAR0352zWg4ziBbYpfP6zzl98jz6uDECYVt6OcVTb4M3DGv8PXOYDOi3FvnE" "Mozilla/5.0 (Windows NT 10.0; Win64; x64) AppleWebKit/537.36 (KHTML, like Gecko) Chrome/108.0.0.0 Safari/537.36 Edg/108.0.1462.54" "ysfine.com"
175.123.146.165 - - [08/Jan/2023:19:30:39 -0800] "GET /home/bew22f.jpg HTTP/1.1" 200 124596 "https://ysfine.com/bio.html?fbclid=IwAR0352zWg4ziBbYpfP6zzl98jz6uDECYVt6OcVTb4M3DGv8PXOYDOi3FvnE" "Mozilla/5.0 (Windows NT 10.0; Win64; x64) AppleWebKit/537.36 (KHTML, like Gecko) Chrome/108.0.0.0 Safari/537.36 Edg/108.0.1462.54" "ysfine.com"
175.123.146.165 - - [08/Jan/2023:19:30:39 -0800] "GET /fotos/photo04c.jpg HTTP/1.1" 200 39964 "https://ysfine.com/bio.html?fbclid=IwAR0352zWg4ziBbYpfP6zzl98jz6uDECYVt6OcVTb4M3DGv8PXOYDOi3FvnE" "Mozilla/5.0 (Windows NT 10.0; Win64; x64) AppleWebKit/537.36 (KHTML, like Gecko) Chrome/108.0.0.0 Safari/537.36 Edg/108.0.1462.54" "ysfine.com"
175.123.146.165 - - [08/Jan/2023:19:30:39 -0800] "GET /fotos/photo09c.jpg HTTP/1.1" 200 25413 "https://ysfine.com/bio.html?fbclid=IwAR0352zWg4ziBbYpfP6zzl98jz6uDECYVt6OcVTb4M3DGv8PXOYDOi3FvnE" "Mozilla/5.0 (Windows NT 10.0; Win64; x64) AppleWebKit/537.36 (KHTML, like Gecko) Chrome/108.0.0.0 Safari/537.36 Edg/108.0.1462.54" "ysfine.com"
175.123.146.165 - - [08/Jan/2023:19:30:39 -0800] "GET /home/fotos/korjap03c.jpg HTTP/1.1" 200 24308 "https://ysfine.com/bio.html?fbclid=IwAR0352zWg4ziBbYpfP6zzl98jz6uDECYVt6OcVTb4M3DGv8PXOYDOi3FvnE" "Mozilla/5.0 (Windows NT 10.0; Win64; x64) AppleWebKit/537.36 (KHTML, like Gecko) Chrome/108.0.0.0 Safari/537.36 Edg/108.0.1462.54" "ysfine.com"
175.123.146.165 - - [08/Jan/2023:19:30:39 -0800] "GET /fotos/wsj450.jpg HTTP/1.1" 200 68132 "https://ysfine.com/bio.html?fbclid=IwAR0352zWg4ziBbYpfP6zzl98jz6uDECYVt6OcVTb4M3DGv8PXOYDOi3FvnE" "Mozilla/5.0 (Windows NT 10.0; Win64; x64) AppleWebKit/537.36 (KHTML, like Gecko) Chrome/108.0.0.0 Safari/537.36 Edg/108.0.1462.54" "ysfine.com"
175.123.146.165 - - [08/Jan/2023:19:30:39 -0800] "GET /kobak/underw03c.jpg HTTP/1.1" 200 26805 "https://ysfine.com/bio.html?fbclid=IwAR0352zWg4ziBbYpfP6zzl98jz6uDECYVt6OcVTb4M3DGv8PXOYDOi3FvnE" "Mozilla/5.0 (Windows NT 10.0; Win64; x64) AppleWebKit/537.36 (KHTML, like Gecko) Chrome/108.0.0.0 Safari/537.36 Edg/108.0.1462.54" "ysfine.com"
175.123.146.165 - - [08/Jan/2023:19:30:39 -0800] "GET /fotos/photo05c.jpg HTTP/1.1" 200 39109 "https://ysfine.com/bio.html?fbclid=IwAR0352zWg4ziBbYpfP6zzl98jz6uDECYVt6OcVTb4M3DGv8PXOYDOi3FvnE" "Mozilla/5.0 (Windows NT 10.0; Win64; x64) AppleWebKit/537.36 (KHTML, like Gecko) Chrome/108.0.0.0 Safari/537.36 Edg/108.0.1462.54" "ysfine.com"
175.123.146.165 - - [08/Jan/2023:19:30:39 -0800] "GET /wdc/eindc03c.jpg HTTP/1.1" 200 48446 "https://ysfine.com/bio.html?fbclid=IwAR0352zWg4ziBbYpfP6zzl98jz6uDECYVt6OcVTb4M3DGv8PXOYDOi3FvnE" "Mozilla/5.0 (Windows NT 10.0; Win64; x64) AppleWebKit/537.36 (KHTML, like Gecko) Chrome/108.0.0.0 Safari/537.36 Edg/108.0.1462.54" "ysfine.com"
175.123.146.165 - - [08/Jan/2023:19:30:39 -0800] "GET /fotos/photo08c.jpg HTTP/1.1" 200 28474 "https://ysfine.com/bio.html?fbclid=IwAR0352zWg4ziBbYpfP6zzl98jz6uDECYVt6OcVTb4M3DGv8PXOYDOi3FvnE" "Mozilla/5.0 (Windows NT 10.0; Win64; x64) AppleWebKit/537.36 (KHTML, like Gecko) Chrome/108.0.0.0 Safari/537.36 Edg/108.0.1462.54" "ysfine.com"
175.123.146.165 - - [08/Jan/2023:19:30:39 -0800] "GET /princeton/ysrhee33c.jpg HTTP/1.1" 200 26817 "https://ysfine.com/bio.html?fbclid=IwAR0352zWg4ziBbYpfP6zzl98jz6uDECYVt6OcVTb4M3DGv8PXOYDOi3FvnE" "Mozilla/5.0 (Windows NT 10.0; Win64; x64) AppleWebKit/537.36 (KHTML, like Gecko) Chrome/108.0.0.0 Safari/537.36 Edg/108.0.1462.54" "ysfine.com"
175.123.146.165 - - [08/Jan/2023:19:30:39 -0800] "GET /fotos/photo03c.jpg HTTP/1.1" 200 23013 "https://ysfine.com/bio.html?fbclid=IwAR0352zWg4ziBbYpfP6zzl98jz6uDECYVt6OcVTb4M3DGv8PXOYDOi3FvnE" "Mozilla/5.0 (Windows NT 10.0; Win64; x64) AppleWebKit/537.36 (KHTML, like Gecko) Chrome/108.0.0.0 Safari/537.36 Edg/108.0.1462.54" "ysfine.com"
175.123.146.165 - - [08/Jan/2023:19:30:39 -0800] "GET /home/top21c.jpg HTTP/1.1" 200 53120 "https://ysfine.com/bio.html?fbclid=IwAR0352zWg4ziBbYpfP6zzl98jz6uDECYVt6OcVTb4M3DGv8PXOYDOi3FvnE" "Mozilla/5.0 (Windows NT 10.0; Win64; x64) AppleWebKit/537.36 (KHTML, like Gecko) Chrome/108.0.0.0 Safari/537.36 Edg/108.0.1462.54" "ysfine.com"
175.123.146.165 - - [08/Jan/2023:19:30:39 -0800] "GET /yspapers/iop20c.jpg HTTP/1.1" 200 29134 "https://ysfine.com/bio.html?fbclid=IwAR0352zWg4ziBbYpfP6zzl98jz6uDECYVt6OcVTb4M3DGv8PXOYDOi3FvnE" "Mozilla/5.0 (Windows NT 10.0; Win64; x64) AppleWebKit/537.36 (KHTML, like Gecko) Chrome/108.0.0.0 Safari/537.36 Edg/108.0.1462.54" "ysfine.com"
175.123.146.165 - - [08/Jan/2023:19:30:39 -0800] "GET /home/fotos/photo00c.jpg HTTP/1.1" 200 34216 "https://ysfine.com/bio.html?fbclid=IwAR0352zWg4ziBbYpfP6zzl98jz6uDECYVt6OcVTb4M3DGv8PXOYDOi3FvnE" "Mozilla/5.0 (Windows NT 10.0; Win64; x64) AppleWebKit/537.36 (KHTML, like Gecko) Chrome/108.0.0.0 Safari/537.36 Edg/108.0.1462.54" "ysfine.com"
175.123.146.165 - - [08/Jan/2023:19:30:39 -0800] "GET /fotos/dirfeyn62c.jpg HTTP/1.1" 200 52150 "https://ysfine.com/bio.html?fbclid=IwAR0352zWg4ziBbYpfP6zzl98jz6uDECYVt6OcVTb4M3DGv8PXOYDOi3FvnE" "Mozilla/5.0 (Windows NT 10.0; Win64; x64) AppleWebKit/537.36 (KHTML, like Gecko) Chrome/108.0.0.0 Safari/537.36 Edg/108.0.1462.54" "ysfine.com"
175.123.146.165 - - [08/Jan/2023:19:30:39 -0800] "GET /wigner/tollwig11c.jpg HTTP/1.1" 200 30497 "https://ysfine.com/bio.html?fbclid=IwAR0352zWg4ziBbYpfP6zzl98jz6uDECYVt6OcVTb4M3DGv8PXOYDOi3FvnE" "Mozilla/5.0 (Windows NT 10.0; Win64; x64) AppleWebKit/537.36 (KHTML, like Gecko) Chrome/108.0.0.0 Safari/537.36 Edg/108.0.1462.54" "ysfine.com"
175.123.146.165 - - [08/Jan/2023:19:30:39 -0800] "GET /dirac/dirbust22c.jpg HTTP/1.1" 200 36029 "https://ysfine.com/bio.html?fbclid=IwAR0352zWg4ziBbYpfP6zzl98jz6uDECYVt6OcVTb4M3DGv8PXOYDOi3FvnE" "Mozilla/5.0 (Windows NT 10.0; Win64; x64) AppleWebKit/537.36 (KHTML, like Gecko) Chrome/108.0.0.0 Safari/537.36 Edg/108.0.1462.54" "ysfine.com"
175.123.146.165 - - [08/Jan/2023:19:30:39 -0800] "GET /dirac/truck/truck18c.jpg HTTP/1.1" 200 32663 "https://ysfine.com/bio.html?fbclid=IwAR0352zWg4ziBbYpfP6zzl98jz6uDECYVt6OcVTb4M3DGv8PXOYDOi3FvnE" "Mozilla/5.0 (Windows NT 10.0; Win64; x64) AppleWebKit/537.36 (KHTML, like Gecko) Chrome/108.0.0.0 Safari/537.36 Edg/108.0.1462.54" "ysfine.com"
175.123.146.165 - - [08/Jan/2023:19:30:39 -0800] "GET /fotos/101c.jpg HTTP/1.1" 200 37079 "https://ysfine.com/bio.html?fbclid=IwAR0352zWg4ziBbYpfP6zzl98jz6uDECYVt6OcVTb4M3DGv8PXOYDOi3FvnE" "Mozilla/5.0 (Windows NT 10.0; Win64; x64) AppleWebKit/537.36 (KHTML, like Gecko) Chrome/108.0.0.0 Safari/537.36 Edg/108.0.1462.54" "ysfine.com"
175.123.146.165 - - [08/Jan/2023:19:30:39 -0800] "GET /home/fotos/campus06c.jpg HTTP/1.1" 200 49136 "https://ysfine.com/bio.html?fbclid=IwAR0352zWg4ziBbYpfP6zzl98jz6uDECYVt6OcVTb4M3DGv8PXOYDOi3FvnE" "Mozilla/5.0 (Windows NT 10.0; Win64; x64) AppleWebKit/537.36 (KHTML, like Gecko) Chrome/108.0.0.0 Safari/537.36 Edg/108.0.1462.54" "ysfine.com"
175.123.146.165 - - [08/Jan/2023:19:30:39 -0800] "GET /fotos/103c.jpg HTTP/1.1" 200 32825 "https://ysfine.com/bio.html?fbclid=IwAR0352zWg4ziBbYpfP6zzl98jz6uDECYVt6OcVTb4M3DGv8PXOYDOi3FvnE" "Mozilla/5.0 (Windows NT 10.0; Win64; x64) AppleWebKit/537.36 (KHTML, like Gecko) Chrome/108.0.0.0 Safari/537.36 Edg/108.0.1462.54" "ysfine.com"
175.123.146.165 - - [08/Jan/2023:19:30:39 -0800] "GET /fotos/kids20f.jpg HTTP/1.1" 200 103189 "https://ysfine.com/bio.html?fbclid=IwAR0352zWg4ziBbYpfP6zzl98jz6uDECYVt6OcVTb4M3DGv8PXOYDOi3FvnE" "Mozilla/5.0 (Windows NT 10.0; Win64; x64) AppleWebKit/537.36 (KHTML, like Gecko) Chrome/108.0.0.0 Safari/537.36 Edg/108.0.1462.54" "ysfine.com"
175.123.146.165 - - [08/Jan/2023:19:30:39 -0800] "GET /fotos/photo06c.jpg HTTP/1.1" 200 40796 "https://ysfine.com/bio.html?fbclid=IwAR0352zWg4ziBbYpfP6zzl98jz6uDECYVt6OcVTb4M3DGv8PXOYDOi3FvnE" "Mozilla/5.0 (Windows NT 10.0; Win64; x64) AppleWebKit/537.36 (KHTML, like Gecko) Chrome/108.0.0.0 Safari/537.36 Edg/108.0.1462.54" "ysfine.com"
175.123.146.165 - - [08/Jan/2023:19:30:39 -0800] "GET /wdc/jeffm02c.jpg HTTP/1.1" 200 27659 "https://ysfine.com/bio.html?fbclid=IwAR0352zWg4ziBbYpfP6zzl98jz6uDECYVt6OcVTb4M3DGv8PXOYDOi3FvnE" "Mozilla/5.0 (Windows NT 10.0; Win64; x64) AppleWebKit/537.36 (KHTML, like Gecko) Chrome/108.0.0.0 Safari/537.36 Edg/108.0.1462.54" "ysfine.com"
175.123.146.165 - - [08/Jan/2023:19:30:39 -0800] "GET /fotos/house99d.jpg HTTP/1.1" 200 38264 "https://ysfine.com/bio.html?fbclid=IwAR0352zWg4ziBbYpfP6zzl98jz6uDECYVt6OcVTb4M3DGv8PXOYDOi3FvnE" "Mozilla/5.0 (Windows NT 10.0; Win64; x64) AppleWebKit/537.36 (KHTML, like Gecko) Chrome/108.0.0.0 Safari/537.36 Edg/108.0.1462.54" "ysfine.com"
175.123.146.165 - - [08/Jan/2023:19:30:39 -0800] "GET /fotos/marxlon02c.jpg HTTP/1.1" 200 47919 "https://ysfine.com/bio.html?fbclid=IwAR0352zWg4ziBbYpfP6zzl98jz6uDECYVt6OcVTb4M3DGv8PXOYDOi3FvnE" "Mozilla/5.0 (Windows NT 10.0; Win64; x64) AppleWebKit/537.36 (KHTML, like Gecko) Chrome/108.0.0.0 Safari/537.36 Edg/108.0.1462.54" "ysfine.com"
175.123.146.165 - - [08/Jan/2023:19:30:39 -0800] "GET /fotos/104c.jpg HTTP/1.1" 200 35089 "https://ysfine.com/bio.html?fbclid=IwAR0352zWg4ziBbYpfP6zzl98jz6uDECYVt6OcVTb4M3DGv8PXOYDOi3FvnE" "Mozilla/5.0 (Windows NT 10.0; Win64; x64) AppleWebKit/537.36 (KHTML, like Gecko) Chrome/108.0.0.0 Safari/537.36 Edg/108.0.1462.54" "ysfine.com"
175.123.146.165 - - [08/Jan/2023:19:30:39 -0800] "GET /home/family66f.jpg HTTP/1.1" 200 102254 "https://ysfine.com/bio.html?fbclid=IwAR0352zWg4ziBbYpfP6zzl98jz6uDECYVt6OcVTb4M3DGv8PXOYDOi3FvnE" "Mozilla/5.0 (Windows NT 10.0; Win64; x64) AppleWebKit/537.36 (KHTML, like Gecko) Chrome/108.0.0.0 Safari/537.36 Edg/108.0.1462.54" "ysfine.com"
175.123.146.165 - - [08/Jan/2023:19:30:39 -0800] "GET /home/eink77c.jpg HTTP/1.1" 200 47471 "https://ysfine.com/bio.html?fbclid=IwAR0352zWg4ziBbYpfP6zzl98jz6uDECYVt6OcVTb4M3DGv8PXOYDOi3FvnE" "Mozilla/5.0 (Windows NT 10.0; Win64; x64) AppleWebKit/537.36 (KHTML, like Gecko) Chrome/108.0.0.0 Safari/537.36 Edg/108.0.1462.54" "ysfine.com"
175.123.146.165 - - [08/Jan/2023:19:30:39 -0800] "GET /home/resonance33c.jpg HTTP/1.1" 200 36247 "https://ysfine.com/bio.html?fbclid=IwAR0352zWg4ziBbYpfP6zzl98jz6uDECYVt6OcVTb4M3DGv8PXOYDOi3FvnE" "Mozilla/5.0 (Windows NT 10.0; Win64; x64) AppleWebKit/537.36 (KHTML, like Gecko) Chrome/108.0.0.0 Safari/537.36 Edg/108.0.1462.54" "ysfine.com"
175.123.146.165 - - [08/Jan/2023:19:30:39 -0800] "GET /home/canal55c.jpg HTTP/1.1" 200 41665 "https://ysfine.com/bio.html?fbclid=IwAR0352zWg4ziBbYpfP6zzl98jz6uDECYVt6OcVTb4M3DGv8PXOYDOi3FvnE" "Mozilla/5.0 (Windows NT 10.0; Win64; x64) AppleWebKit/537.36 (KHTML, like Gecko) Chrome/108.0.0.0 Safari/537.36 Edg/108.0.1462.54" "ysfine.com"
175.123.146.165 - - [08/Jan/2023:19:30:39 -0800] "GET /home/sq600c.jpg HTTP/1.1" 200 18492 "https://ysfine.com/bio.html?fbclid=IwAR0352zWg4ziBbYpfP6zzl98jz6uDECYVt6OcVTb4M3DGv8PXOYDOi3FvnE" "Mozilla/5.0 (Windows NT 10.0; Win64; x64) AppleWebKit/537.36 (KHTML, like Gecko) Chrome/108.0.0.0 Safari/537.36 Edg/108.0.1462.54" "ysfine.com"
175.123.146.165 - - [08/Jan/2023:19:30:39 -0800] "GET /princeton/yspr61c.jpg HTTP/1.1" 200 27257 "https://ysfine.com/bio.html?fbclid=IwAR0352zWg4ziBbYpfP6zzl98jz6uDECYVt6OcVTb4M3DGv8PXOYDOi3FvnE" "Mozilla/5.0 (Windows NT 10.0; Win64; x64) AppleWebKit/537.36 (KHTML, like Gecko) Chrome/108.0.0.0 Safari/537.36 Edg/108.0.1462.54" "ysfine.com"
175.123.146.165 - - [08/Jan/2023:19:30:39 -0800] "GET /style/bstring33c.jpg HTTP/1.1" 200 28940 "https://ysfine.com/bio.html?fbclid=IwAR0352zWg4ziBbYpfP6zzl98jz6uDECYVt6OcVTb4M3DGv8PXOYDOi3FvnE" "Mozilla/5.0 (Windows NT 10.0; Win64; x64) AppleWebKit/537.36 (KHTML, like Gecko) Chrome/108.0.0.0 Safari/537.36 Edg/108.0.1462.54" "ysfine.com"
175.123.146.165 - - [08/Jan/2023:19:30:39 -0800] "GET /home/facu63c.jpg HTTP/1.1" 200 41710 "https://ysfine.com/bio.html?fbclid=IwAR0352zWg4ziBbYpfP6zzl98jz6uDECYVt6OcVTb4M3DGv8PXOYDOi3FvnE" "Mozilla/5.0 (Windows NT 10.0; Win64; x64) AppleWebKit/537.36 (KHTML, like Gecko) Chrome/108.0.0.0 Safari/537.36 Edg/108.0.1462.54" "ysfine.com"
175.123.146.165 - - [08/Jan/2023:19:30:39 -0800] "GET /home/fotos/einhaus450.jpg HTTP/1.1" 200 65369 "https://ysfine.com/bio.html?fbclid=IwAR0352zWg4ziBbYpfP6zzl98jz6uDECYVt6OcVTb4M3DGv8PXOYDOi3FvnE" "Mozilla/5.0 (Windows NT 10.0; Win64; x64) AppleWebKit/537.36 (KHTML, like Gecko) Chrome/108.0.0.0 Safari/537.36 Edg/108.0.1462.54" "ysfine.com"
175.123.146.165 - - [08/Jan/2023:19:30:39 -0800] "GET /home/fotos/seoul50f.jpg HTTP/1.1" 200 127542 "https://ysfine.com/bio.html?fbclid=IwAR0352zWg4ziBbYpfP6zzl98jz6uDECYVt6OcVTb4M3DGv8PXOYDOi3FvnE" "Mozilla/5.0 (Windows NT 10.0; Win64; x64) AppleWebKit/537.36 (KHTML, like Gecko) Chrome/108.0.0.0 Safari/537.36 Edg/108.0.1462.54" "ysfine.com"
175.123.146.165 - - [08/Jan/2023:19:30:39 -0800] "GET /home/fotos/gongdae54f.jpg HTTP/1.1" 200 88096 "https://ysfine.com/bio.html?fbclid=IwAR0352zWg4ziBbYpfP6zzl98jz6uDECYVt6OcVTb4M3DGv8PXOYDOi3FvnE" "Mozilla/5.0 (Windows NT 10.0; Win64; x64) AppleWebKit/537.36 (KHTML, like Gecko) Chrome/108.0.0.0 Safari/537.36 Edg/108.0.1462.54" "ysfine.com"
175.123.146.165 - - [08/Jan/2023:19:30:39 -0800] "GET /fotos/photo12c.jpg HTTP/1.1" 200 31719 "https://ysfine.com/bio.html?fbclid=IwAR0352zWg4ziBbYpfP6zzl98jz6uDECYVt6OcVTb4M3DGv8PXOYDOi3FvnE" "Mozilla/5.0 (Windows NT 10.0; Win64; x64) AppleWebKit/537.36 (KHTML, like Gecko) Chrome/108.0.0.0 Safari/537.36 Edg/108.0.1462.54" "ysfine.com"
65.108.41.34 - - [08/Jan/2023:19:30:40 -0800] "GET /princeton/prigh.html HTTP/1.1" 200 5268 "-" "Mozilla/5.0 (compatible; MJ12bot/v1.4.8; http://mj12bot.com/)" "www.ysfine.com"
175.123.146.165 - - [08/Jan/2023:19:30:56 -0800] "GET /favicon.ico HTTP/1.1" 404 88 "https://ysfine.com/bio.html?fbclid=IwAR0352zWg4ziBbYpfP6zzl98jz6uDECYVt6OcVTb4M3DGv8PXOYDOi3FvnE" "Mozilla/5.0 (Windows NT 10.0; Win64; x64) AppleWebKit/537.36 (KHTML, like Gecko) Chrome/108.0.0.0 Safari/537.36 Edg/108.0.1462.54" "ysfine.com"
65.108.41.34 - - [08/Jan/2023:19:31:03 -0800] "GET /princeton/prince.html HTTP/1.1" 200 2567 "-" "Mozilla/5.0 (compatible; MJ12bot/v1.4.8; http://mj12bot.com/)" "www.ysfine.com"
65.108.41.34 - - [08/Jan/2023:19:31:15 -0800] "GET /princeton/prince.html HTTP/1.1" 200 2567 "-" "Mozilla/5.0 (compatible; MJ12bot/v1.4.8; http://mj12bot.com/)" "www.ysfine.com"
65.108.41.34 - - [08/Jan/2023:19:31:42 -0800] "GET /princeton/princess.html HTTP/1.1" 404 88 "-" "Mozilla/5.0 (compatible; MJ12bot/v1.4.8; http://mj12bot.com/)" "www.ysfine.com"
207.46.13.31 - - [08/Jan/2023:19:31:46 -0800] "GET /bio/kobak/yskor.html HTTP/1.1" 404 88 "-" "Mozilla/5.0 (compatible; bingbot/2.0; +http://www.bing.com/bingbot.htm)" "ysfine.com"
185.191.171.44 - - [08/Jan/2023:19:32:03 -0800] "GET /robots.txt HTTP/1.1" 404 88 "-" "Mozilla/5.0 (compatible; SemrushBot/7~bl; +http://www.semrush.com/bot.html)" "ysfine.com"
185.191.171.23 - - [08/Jan/2023:19:32:03 -0800] "GET /einstein/einstorie HTTP/1.1" 200 2529 "-" "Mozilla/5.0 (compatible; SemrushBot/7~bl; +http://www.semrush.com/bot.html)" "ysfine.com"
65.108.41.34 - - [08/Jan/2023:19:32:11 -0800] "GET /princeton/prleft.html HTTP/1.1" 404 88 "-" "Mozilla/5.0 (compatible; MJ12bot/v1.4.8; http://mj12bot.com/)" "www.ysfine.com"
65.108.41.34 - - [08/Jan/2023:19:32:37 -0800] "GET /princeton/prlinks.html HTTP/1.1" 200 819 "-" "Mozilla/5.0 (compatible; MJ12bot/v1.4.8; http://mj12bot.com/)" "www.ysfine.com"
40.77.167.17 - - [08/Jan/2023:19:32:37 -0800] "GET /bio/einstein/bern.html HTTP/1.1" 404 88 "-" "Mozilla/5.0 (compatible; bingbot/2.0; +http://www.bing.com/bingbot.htm)" "ysfine.com"
104.15.69.224 - - [08/Jan/2023:19:32:38 -0800] "GET /kowar/panmun04.jpg HTTP/1.1" 200 126386 "https://www.google.com/" "Mozilla/5.0 (X11; CrOS x86_64 15117.111.0) AppleWebKit/537.36 (KHTML, like Gecko) Chrome/107.0.0.0 Safari/537.36" "ysfine.com"
65.108.41.34 - - [08/Jan/2023:19:32:50 -0800] "GET /princeton/prlinks.html HTTP/1.1" 200 819 "-" "Mozilla/5.0 (compatible; MJ12bot/v1.4.8; http://mj12bot.com/)" "www.ysfine.com"
65.108.41.34 - - [08/Jan/2023:19:33:04 -0800] "GET /princeton/prosprade.html HTTP/1.1" 200 242 "-" "Mozilla/5.0 (compatible; MJ12bot/v1.4.8; http://mj12bot.com/)" "www.ysfine.com"
65.108.41.34 - - [08/Jan/2023:19:33:32 -0800] "GET /princeton/pstorie.html HTTP/1.1" 200 1462 "-" "Mozilla/5.0 (compatible; MJ12bot/v1.4.8; http://mj12bot.com/)" "www.ysfine.com"
65.108.41.34 - - [08/Jan/2023:19:33:41 -0800] "GET /princeton/pstorie.html HTTP/1.1" 200 1462 "-" "Mozilla/5.0 (compatible; MJ12bot/v1.4.8; http://mj12bot.com/)" "www.ysfine.com"
213.180.203.76 - - [08/Jan/2023:19:33:48 -0800] "GET /robots.txt HTTP/1.1" 404 73 "-" "Mozilla/5.0 (compatible; YandexBot/3.0; +http://yandex.com/bots)" "www.ysfine.com"
87.250.224.47 - - [08/Jan/2023:19:33:52 -0800] "GET /dirac/diracpol.html HTTP/1.1" 200 3380 "-" "Mozilla/5.0 (compatible; YandexBot/3.0; +http://yandex.com/bots) AppleWebKit/537.36 (KHTML, like Gecko) Chrome/81.0.4044.268" "www.ysfine.com"
65.108.41.34 - - [08/Jan/2023:19:33:59 -0800] "GET /princeton/sambapr.html HTTP/1.1" 200 311 "-" "Mozilla/5.0 (compatible; MJ12bot/v1.4.8; http://mj12bot.com/)" "www.ysfine.com"
65.108.41.34 - - [08/Jan/2023:19:34:04 -0800] "GET /princeton/sbt.html HTTP/1.1" 200 529 "-" "Mozilla/5.0 (compatible; MJ12bot/v1.4.8; http://mj12bot.com/)" "www.ysfine.com"
207.46.13.176 - - [08/Jan/2023:19:34:08 -0800] "GET /bio.html HTTP/1.1" 200 18260 "-" "Mozilla/5.0 (compatible; bingbot/2.0; +http://www.bing.com/bingbot.htm)" "ysfine.com"
216.137.214.212 - - [08/Jan/2023:19:34:29 -0800] "GET /kowar/tanks/m47.jpg HTTP/1.1" 200 78683 "https://www.google.com/" "Mozilla/5.0 (iPhone; CPU iPhone OS 16_1_1 like Mac OS X) AppleWebKit/605.1.15 (KHTML, like Gecko) Version/16.1 Mobile/15E148 Safari/604.1" "ysfine.com"
65.108.41.34 - - [08/Jan/2023:19:34:34 -0800] "GET /princeton/wilson14.html HTTP/1.1" 200 774 "-" "Mozilla/5.0 (compatible; MJ12bot/v1.4.8; http://mj12bot.com/)" "www.ysfine.com"
65.108.41.34 - - [08/Jan/2023:19:34:45 -0800] "GET /princeton/wilson14.html HTTP/1.1" 200 774 "-" "Mozilla/5.0 (compatible; MJ12bot/v1.4.8; http://mj12bot.com/)" "www.ysfine.com"
157.55.39.149 - - [08/Jan/2023:19:34:49 -0800] "GET /world/scandi/sto027.jpg HTTP/1.1" 200 69434 "-" "Mozilla/5.0 AppleWebKit/537.36 (KHTML, like Gecko; compatible; bingbot/2.0; +http://www.bing.com/bingbot.htm) Chrome/103.0.5060.134 Safari/537.36" "ysfine.com"
157.55.39.149 - - [08/Jan/2023:19:34:51 -0800] "GET /world/france/stras02.jpg HTTP/1.1" 200 153807 "-" "Mozilla/5.0 AppleWebKit/537.36 (KHTML, like Gecko; compatible; bingbot/2.0; +http://www.bing.com/bingbot.htm) Chrome/103.0.5060.134 Safari/537.36" "ysfine.com"
40.77.167.49 - - [08/Jan/2023:19:34:54 -0800] "GET /bio/wigner/e(2).html HTTP/1.1" 404 88 "-" "Mozilla/5.0 (compatible; bingbot/2.0; +http://www.bing.com/bingbot.htm)" "ysfine.com"
65.108.41.34 - - [08/Jan/2023:19:35:21 -0800] "GET /princeton/wilsonvers.html HTTP/1.1" 200 2207 "-" "Mozilla/5.0 (compatible; MJ12bot/v1.4.8; http://mj12bot.com/)" "www.ysfine.com"
65.108.41.34 - - [08/Jan/2023:19:35:38 -0800] "GET /princeton/wilsonvers.html HTTP/1.1" 200 2207 "-" "Mozilla/5.0 (compatible; MJ12bot/v1.4.8; http://mj12bot.com/)" "www.ysfine.com"
65.108.41.34 - - [08/Jan/2023:19:35:50 -0800] "GET /princeton/yspr.html HTTP/1.1" 200 5470 "-" "Mozilla/5.0 (compatible; MJ12bot/v1.4.8; http://mj12bot.com/)" "www.ysfine.com"
65.108.41.34 - - [08/Jan/2023:19:36:15 -0800] "GET /remote/wigner111/frame02.html HTTP/1.1" 200 772 "-" "Mozilla/5.0 (compatible; MJ12bot/v1.4.8; http://mj12bot.com/)" "www.ysfine.com"
65.108.41.34 - - [08/Jan/2023:19:36:28 -0800] "GET /remote/wigner111/frame02.html HTTP/1.1" 200 772 "-" "Mozilla/5.0 (compatible; MJ12bot/v1.4.8; http://mj12bot.com/)" "www.ysfine.com"
65.108.41.34 - - [08/Jan/2023:19:36:48 -0800] "GET /remote/wigner111/frame03.html HTTP/1.1" 200 1087 "-" "Mozilla/5.0 (compatible; MJ12bot/v1.4.8; http://mj12bot.com/)" "www.ysfine.com"
65.108.41.34 - - [08/Jan/2023:19:37:01 -0800] "GET /remote/wigner111/frame04.html HTTP/1.1" 200 941 "-" "Mozilla/5.0 (compatible; MJ12bot/v1.4.8; http://mj12bot.com/)" "www.ysfine.com"
40.77.167.17 - - [08/Jan/2023:19:37:07 -0800] "GET /bio/dirac/diracpol.html HTTP/1.1" 404 88 "-" "Mozilla/5.0 (compatible; bingbot/2.0; +http://www.bing.com/bingbot.htm)" "ysfine.com"
65.108.41.34 - - [08/Jan/2023:19:37:13 -0800] "GET /remote/wigner111/frame14.html HTTP/1.1" 200 728 "-" "Mozilla/5.0 (compatible; MJ12bot/v1.4.8; http://mj12bot.com/)" "www.ysfine.com"
95.163.255.81 - - [08/Jan/2023:19:37:14 -0800] "GET /robots.txt HTTP/1.1" 404 73 "-" "Mozilla/5.0 (compatible; Linux x86_64; Mail.RU_Bot/Img/2.0; +https://help.mail.ru/webmaster/indexing/robots)" "ysfine.com"
65.108.41.34 - - [08/Jan/2023:19:37:26 -0800] "GET /remote/wigner111/frame15.html HTTP/1.1" 200 846 "-" "Mozilla/5.0 (compatible; MJ12bot/v1.4.8; http://mj12bot.com/)" "www.ysfine.com"
207.46.13.143 - - [08/Jan/2023:19:37:29 -0800] "GET /einstein/places/ulm03b.jpg HTTP/1.1" 200 34473 "-" "Mozilla/5.0 AppleWebKit/537.36 (KHTML, like Gecko; compatible; bingbot/2.0; +http://www.bing.com/bingbot.htm) Chrome/103.0.5060.134 Safari/537.36" "ysfine.com"
147.46.186.133 - - [08/Jan/2023:19:37:48 -0800] "GET /jobs/koreaj.html HTTP/1.1" 304 - "-" "Mozilla/5.0 (Windows NT 10.0; Win64; x64) AppleWebKit/537.36 (KHTML, like Gecko) Chrome/108.0.0.0 Safari/537.36" "ysfine.com"
44.211.79.30 - - [08/Jan/2023:19:37:48 -0800] "GET /usca/pitt/carnlab22.pdf HTTP/1.1" 200 3163068 "-" "python-httpx/0.23.1" "ysfine.com"
77.75.79.72 - - [08/Jan/2023:19:37:57 -0800] "GET /robots.txt HTTP/1.1" 404 88 "-" "Mozilla/5.0 (compatible; SeznamBot/3.2; +http://napoveda.seznam.cz/en/seznambot-intro/)" "ysfine.com"
65.108.41.34 - - [08/Jan/2023:19:37:58 -0800] "GET /remote/wigner111/frame16.html HTTP/1.1" 200 862 "-" "Mozilla/5.0 (compatible; MJ12bot/v1.4.8; http://mj12bot.com/)" "www.ysfine.com"
77.75.79.72 - - [08/Jan/2023:19:37:59 -0800] "GET /style/musee/picassomp06.jpg HTTP/1.1" 200 119124 "-" "Mozilla/5.0 (compatible; SeznamBot/3.2; +http://napoveda.seznam.cz/en/seznambot-intro/)" "ysfine.com"
77.75.79.72 - - [08/Jan/2023:19:38:03 -0800] "GET /world/brit/victoria03.jpg HTTP/1.1" 304 - "-" "Mozilla/5.0 (compatible; SeznamBot/3.2; +http://napoveda.seznam.cz/en/seznambot-intro/)" "ysfine.com"
77.75.79.72 - - [08/Jan/2023:19:38:03 -0800] "GET /maga/phil/marxphil55a.jpg HTTP/1.1" 304 - "-" "Mozilla/5.0 (compatible; SeznamBot/3.2; +http://napoveda.seznam.cz/en/seznambot-intro/)" "ysfine.com"
77.75.79.72 - - [08/Jan/2023:19:38:04 -0800] "GET /world/brit/royalaca01.jpg HTTP/1.1" 304 - "-" "Mozilla/5.0 (compatible; SeznamBot/3.2; +http://napoveda.seznam.cz/en/seznambot-intro/)" "ysfine.com"
77.75.79.72 - - [08/Jan/2023:19:38:04 -0800] "GET /world/hungary/buda219.jpg HTTP/1.1" 304 - "-" "Mozilla/5.0 (compatible; SeznamBot/3.2; +http://napoveda.seznam.cz/en/seznambot-intro/)" "ysfine.com"
77.75.79.72 - - [08/Jan/2023:19:38:04 -0800] "GET /world/hungary/buda111.jpg HTTP/1.1" 304 - "-" "Mozilla/5.0 (compatible; SeznamBot/3.2; +http://napoveda.seznam.cz/en/seznambot-intro/)" "ysfine.com"
77.75.79.72 - - [08/Jan/2023:19:38:05 -0800] "GET /princeton/gcollege22.jpg HTTP/1.1" 200 75914 "-" "Mozilla/5.0 (compatible; SeznamBot/3.2; +http://napoveda.seznam.cz/en/seznambot-intro/)" "ysfine.com"
