114.119.134.195 - - [08/Jan/2023:14:03:37 -0800] "GET /articles/symmetry12.pdf HTTP/1.1" 401 90 "https://www.ysfine.com/dirac/dirpoet.html" "Mozilla/5.0 (Linux; Android 7.0;) AppleWebKit/537.36 (KHTML, like Gecko) Mobile Safari/537.36 (compatible; PetalBot;+https://webmaster.petalsearch.com/site/petalbot)" "www.ysfine.com"
40.77.167.49 - - [08/Jan/2023:14:03:41 -0800] "GET /bio/world/trier.html HTTP/1.1" 404 88 "-" "Mozilla/5.0 (compatible; bingbot/2.0; +http://www.bing.com/bingbot.htm)" "ysfine.com"
207.46.13.31 - - [08/Jan/2023:14:04:24 -0800] "GET /dirac/truck/truck16d.jpg HTTP/1.1" 200 31562 "-" "Mozilla/5.0 (compatible; bingbot/2.0; +http://www.bing.com/bingbot.htm)" "ysfine.com"
51.222.253.17 - - [08/Jan/2023:14:05:41 -0800] "GET /class54/class5470/total_data/sub_432.htm HTTP/1.1" 200 3229 "-" "Mozilla/5.0 (compatible; AhrefsBot/7.0; +http://ahrefs.com/robot/)" "ysfine.com"
71.178.208.102 - - [08/Jan/2023:14:06:36 -0800] "GET /ys11/ HTTP/1.1" 200 3483 "-" "Mozilla/5.0 (Windows NT 10.0; Win64; x64) AppleWebKit/537.36 (KHTML, like Gecko) Chrome/108.0.5359.125 Safari/537.36" "ysfine.com"
71.178.208.102 - - [08/Jan/2023:14:06:38 -0800] "GET /bio05.html HTTP/1.1" 200 6988 "https://ysfine.com/ys11/" "Mozilla/5.0 (Windows NT 10.0; Win64; x64) AppleWebKit/537.36 (KHTML, like Gecko) Chrome/108.0.5359.125 Safari/537.36" "ysfine.com"
71.178.208.102 - - [08/Jan/2023:14:06:38 -0800] "GET /class54/taylor54d.jpg HTTP/1.1" 304 - "https://ysfine.com/bio05.html" "Mozilla/5.0 (Windows NT 10.0; Win64; x64) AppleWebKit/537.36 (KHTML, like Gecko) Chrome/108.0.5359.125 Safari/537.36" "ysfine.com"
71.178.208.102 - - [08/Jan/2023:14:06:38 -0800] "GET /kobak/swr51d.jpg HTTP/1.1" 200 49461 "https://ysfine.com/bio05.html" "Mozilla/5.0 (Windows NT 10.0; Win64; x64) AppleWebKit/537.36 (KHTML, like Gecko) Chrome/108.0.5359.125 Safari/537.36" "ysfine.com"
40.77.167.17 - - [08/Jan/2023:14:07:26 -0800] "GET /bio/world/leipzig.html HTTP/1.1" 404 88 "-" "Mozilla/5.0 AppleWebKit/537.36 (KHTML, like Gecko; compatible; bingbot/2.0; +http://www.bing.com/bingbot.htm) Chrome/103.0.5060.134 Safari/537.36" "ysfine.com"
40.77.167.49 - - [08/Jan/2023:14:07:28 -0800] "GET /world/russ/volga23.jpg HTTP/1.1" 200 139621 "-" "Mozilla/5.0 (compatible; bingbot/2.0; +http://www.bing.com/bingbot.htm)" "www.ysfine.com"
157.55.39.149 - - [08/Jan/2023:14:08:19 -0800] "GET /style/nga66.jpg HTTP/1.1" 200 86973 "-" "Mozilla/5.0 AppleWebKit/537.36 (KHTML, like Gecko; compatible; bingbot/2.0; +http://www.bing.com/bingbot.htm) Chrome/103.0.5060.134 Safari/537.36" "www.ysfine.com"
40.77.167.49 - - [08/Jan/2023:14:09:24 -0800] "GET /bio/wigner/e(2).html HTTP/1.1" 404 88 "-" "Mozilla/5.0 AppleWebKit/537.36 (KHTML, like Gecko; compatible; bingbot/2.0; +http://www.bing.com/bingbot.htm) Chrome/103.0.5060.134 Safari/537.36" "ysfine.com"
51.222.253.17 - - [08/Jan/2023:14:10:01 -0800] "GET /class54/class5470/total_data/sub_419.htm HTTP/1.1" 200 3220 "-" "Mozilla/5.0 (compatible; AhrefsBot/7.0; +http://ahrefs.com/robot/)" "ysfine.com"
207.46.13.31 - - [08/Jan/2023:14:10:34 -0800] "GET /maga/invent/marconi02c.jpg HTTP/1.1" 200 27154 "-" "Mozilla/5.0 (compatible; bingbot/2.0; +http://www.bing.com/bingbot.htm)" "ysfine.com"
68.183.111.115 - - [08/Jan/2023:14:11:52 -0800] "GET / HTTP/1.1" 200 15915 "-" "Mozilla/5.0 (Windows NT 10.0; Win64; x64) AppleWebKit/537.36 (KHTML, like Gecko) Chrome/88.0.4240.193 Safari/537.36" "ysfine.com"
68.183.111.115 - - [08/Jan/2023:14:11:52 -0800] "GET /wp-includes/wlwmanifest.xml HTTP/1.1" 404 73 "-" "Mozilla/5.0 (Windows NT 10.0; Win64; x64) AppleWebKit/537.36 (KHTML, like Gecko) Chrome/88.0.4240.193 Safari/537.36" "ysfine.com"
68.183.111.115 - - [08/Jan/2023:14:11:53 -0800] "GET /xmlrpc.php?rsd HTTP/1.1" 404 73 "-" "Mozilla/5.0 (Windows NT 10.0; Win64; x64) AppleWebKit/537.36 (KHTML, like Gecko) Chrome/88.0.4240.193 Safari/537.36" "ysfine.com"
68.183.111.115 - - [08/Jan/2023:14:11:53 -0800] "GET / HTTP/1.1" 200 15915 "-" "Mozilla/5.0 (Windows NT 10.0; Win64; x64) AppleWebKit/537.36 (KHTML, like Gecko) Chrome/88.0.4240.193 Safari/537.36" "ysfine.com"
68.183.111.115 - - [08/Jan/2023:14:11:53 -0800] "GET /blog/wp-includes/wlwmanifest.xml HTTP/1.1" 404 73 "-" "Mozilla/5.0 (Windows NT 10.0; Win64; x64) AppleWebKit/537.36 (KHTML, like Gecko) Chrome/88.0.4240.193 Safari/537.36" "ysfine.com"
68.183.111.115 - - [08/Jan/2023:14:11:53 -0800] "GET /web/wp-includes/wlwmanifest.xml HTTP/1.1" 404 73 "-" "Mozilla/5.0 (Windows NT 10.0; Win64; x64) AppleWebKit/537.36 (KHTML, like Gecko) Chrome/88.0.4240.193 Safari/537.36" "ysfine.com"
68.183.111.115 - - [08/Jan/2023:14:11:53 -0800] "GET /wordpress/wp-includes/wlwmanifest.xml HTTP/1.1" 404 73 "-" "Mozilla/5.0 (Windows NT 10.0; Win64; x64) AppleWebKit/537.36 (KHTML, like Gecko) Chrome/88.0.4240.193 Safari/537.36" "ysfine.com"
68.183.111.115 - - [08/Jan/2023:14:11:53 -0800] "GET /website/wp-includes/wlwmanifest.xml HTTP/1.1" 404 73 "-" "Mozilla/5.0 (Windows NT 10.0; Win64; x64) AppleWebKit/537.36 (KHTML, like Gecko) Chrome/88.0.4240.193 Safari/537.36" "ysfine.com"
68.183.111.115 - - [08/Jan/2023:14:11:53 -0800] "GET /wp/wp-includes/wlwmanifest.xml HTTP/1.1" 404 73 "-" "Mozilla/5.0 (Windows NT 10.0; Win64; x64) AppleWebKit/537.36 (KHTML, like Gecko) Chrome/88.0.4240.193 Safari/537.36" "ysfine.com"
68.183.111.115 - - [08/Jan/2023:14:11:53 -0800] "GET /news/wp-includes/wlwmanifest.xml HTTP/1.1" 404 73 "-" "Mozilla/5.0 (Windows NT 10.0; Win64; x64) AppleWebKit/537.36 (KHTML, like Gecko) Chrome/88.0.4240.193 Safari/537.36" "ysfine.com"
68.183.111.115 - - [08/Jan/2023:14:11:53 -0800] "GET /2020/wp-includes/wlwmanifest.xml HTTP/1.1" 404 73 "-" "Mozilla/5.0 (Windows NT 10.0; Win64; x64) AppleWebKit/537.36 (KHTML, like Gecko) Chrome/88.0.4240.193 Safari/537.36" "ysfine.com"
68.183.111.115 - - [08/Jan/2023:14:11:54 -0800] "GET /2019/wp-includes/wlwmanifest.xml HTTP/1.1" 404 73 "-" "Mozilla/5.0 (Windows NT 10.0; Win64; x64) AppleWebKit/537.36 (KHTML, like Gecko) Chrome/88.0.4240.193 Safari/537.36" "ysfine.com"
68.183.111.115 - - [08/Jan/2023:14:11:54 -0800] "GET /shop/wp-includes/wlwmanifest.xml HTTP/1.1" 404 73 "-" "Mozilla/5.0 (Windows NT 10.0; Win64; x64) AppleWebKit/537.36 (KHTML, like Gecko) Chrome/88.0.4240.193 Safari/537.36" "ysfine.com"
68.183.111.115 - - [08/Jan/2023:14:11:54 -0800] "GET /wp1/wp-includes/wlwmanifest.xml HTTP/1.1" 404 73 "-" "Mozilla/5.0 (Windows NT 10.0; Win64; x64) AppleWebKit/537.36 (KHTML, like Gecko) Chrome/88.0.4240.193 Safari/537.36" "ysfine.com"
68.183.111.115 - - [08/Jan/2023:14:11:54 -0800] "GET /test/wp-includes/wlwmanifest.xml HTTP/1.1" 404 73 "-" "Mozilla/5.0 (Windows NT 10.0; Win64; x64) AppleWebKit/537.36 (KHTML, like Gecko) Chrome/88.0.4240.193 Safari/537.36" "ysfine.com"
68.183.111.115 - - [08/Jan/2023:14:11:54 -0800] "GET /wp2/wp-includes/wlwmanifest.xml HTTP/1.1" 404 73 "-" "Mozilla/5.0 (Windows NT 10.0; Win64; x64) AppleWebKit/537.36 (KHTML, like Gecko) Chrome/88.0.4240.193 Safari/537.36" "ysfine.com"
68.183.111.115 - - [08/Jan/2023:14:11:54 -0800] "GET /site/wp-includes/wlwmanifest.xml HTTP/1.1" 404 73 "-" "Mozilla/5.0 (Windows NT 10.0; Win64; x64) AppleWebKit/537.36 (KHTML, like Gecko) Chrome/88.0.4240.193 Safari/537.36" "ysfine.com"
68.183.111.115 - - [08/Jan/2023:14:11:54 -0800] "GET /cms/wp-includes/wlwmanifest.xml HTTP/1.1" 404 73 "-" "Mozilla/5.0 (Windows NT 10.0; Win64; x64) AppleWebKit/537.36 (KHTML, like Gecko) Chrome/88.0.4240.193 Safari/537.36" "ysfine.com"
68.183.111.115 - - [08/Jan/2023:14:11:54 -0800] "GET /sito/wp-includes/wlwmanifest.xml HTTP/1.1" 404 73 "-" "Mozilla/5.0 (Windows NT 10.0; Win64; x64) AppleWebKit/537.36 (KHTML, like Gecko) Chrome/88.0.4240.193 Safari/537.36" "ysfine.com"
40.77.167.17 - - [08/Jan/2023:14:12:06 -0800] "GET /bio/kobak/namdae.html HTTP/1.1" 404 88 "-" "Mozilla/5.0 (compatible; bingbot/2.0; +http://www.bing.com/bingbot.htm)" "ysfine.com"
1.203.110.202 - - [08/Jan/2023:14:12:08 -0800] "GET / HTTP/1.1" 200 15915 "-" "Mozilla/5.0 (Windows NT 6.1; WOW64) AppleWebKit/537.36 (KHTML, like Gecko) Chrome/86.0.4240.198 Safari/537.36" "ysfine.com"
71.178.208.102 - - [08/Jan/2023:14:12:28 -0800] "GET /ys11/index.html HTTP/1.1" 200 3483 "-" "Mozilla/5.0 (Windows NT 10.0; Win64; x64) AppleWebKit/537.36 (KHTML, like Gecko) Chrome/108.0.0.0 Safari/537.36 Edg/108.0.1462.76" "www.ysfine.com"
71.178.208.102 - - [08/Jan/2023:14:12:30 -0800] "GET /bio05.html HTTP/1.1" 200 7006 "https://www.ysfine.com/ys11/index.html" "Mozilla/5.0 (Windows NT 10.0; Win64; x64) AppleWebKit/537.36 (KHTML, like Gecko) Chrome/108.0.0.0 Safari/537.36 Edg/108.0.1462.76" "www.ysfine.com"
71.178.208.102 - - [08/Jan/2023:14:12:31 -0800] "GET /kobak/swr51d.jpg HTTP/1.1" 200 49461 "https://www.ysfine.com/bio05.html" "Mozilla/5.0 (Windows NT 10.0; Win64; x64) AppleWebKit/537.36 (KHTML, like Gecko) Chrome/108.0.0.0 Safari/537.36 Edg/108.0.1462.76" "www.ysfine.com"
66.75.250.191 - - [08/Jan/2023:14:12:53 -0800] "GET /houses/rheehouse01.jpg HTTP/1.1" 200 131099 "https://www.google.com/" "Mozilla/5.0 (Macintosh; Intel Mac OS X 10_15_7) AppleWebKit/605.1.15 (KHTML, like Gecko) Version/15.1 Safari/605.1.15" "ysfine.com"
66.75.250.191 - - [08/Jan/2023:14:13:00 -0800] "GET /kobak/rheeh.jpg HTTP/1.1" 200 268963 "https://www.google.com/" "Mozilla/5.0 (Macintosh; Intel Mac OS X 10_15_7) AppleWebKit/605.1.15 (KHTML, like Gecko) Version/15.1 Safari/605.1.15" "ysfine.com"
71.178.208.102 - - [08/Jan/2023:14:13:38 -0800] "GET /bio54.html HTTP/1.1" 304 - "https://www.ysfine.com/ys11/index.html" "Mozilla/5.0 (Windows NT 10.0; Win64; x64) AppleWebKit/537.36 (KHTML, like Gecko) Chrome/108.0.0.0 Safari/537.36 Edg/108.0.1462.76" "www.ysfine.com"
92.240.212.40 - - [08/Jan/2023:14:13:59 -0800] "GET /princeton/brooke.html HTTP/1.1" 200 952 "-" "Mozilla/5.0 (Windows NT 10.0; Win64; x64) AppleWebKit/537.36 (KHTML, like Gecko) Chrome/106.0.0.0 Safari/537.36" "ysfine.com"
51.222.253.11 - - [08/Jan/2023:14:14:19 -0800] "GET /ffriends/polish.html HTTP/1.1" 200 6814 "-" "Mozilla/5.0 (compatible; AhrefsBot/7.0; +http://ahrefs.com/robot/)" "ysfine.com"
51.222.253.15 - - [08/Jan/2023:14:14:20 -0800] "GET /ffriends/gorska01b.jpg HTTP/1.1" 200 41337 "-" "Mozilla/5.0 (compatible; AhrefsBot/7.0; +http://ahrefs.com/robot/)" "ysfine.com"
51.222.253.2 - - [08/Jan/2023:14:14:21 -0800] "GET /ffriends/polpr02b.jpg HTTP/1.1" 200 24652 "-" "Mozilla/5.0 (compatible; AhrefsBot/7.0; +http://ahrefs.com/robot/)" "ysfine.com"
51.222.253.3 - - [08/Jan/2023:14:14:21 -0800] "GET /ffriends/polkor02b.jpg HTTP/1.1" 200 39472 "-" "Mozilla/5.0 (compatible; AhrefsBot/7.0; +http://ahrefs.com/robot/)" "ysfine.com"
51.222.253.5 - - [08/Jan/2023:14:14:21 -0800] "GET /ffriends/polcolum2.jpg HTTP/1.1" 200 32323 "-" "Mozilla/5.0 (compatible; AhrefsBot/7.0; +http://ahrefs.com/robot/)" "ysfine.com"
51.222.253.11 - - [08/Jan/2023:14:14:22 -0800] "GET /ffriends/polnewyork01b.jpg HTTP/1.1" 200 36291 "-" "Mozilla/5.0 (compatible; AhrefsBot/7.0; +http://ahrefs.com/robot/)" "ysfine.com"
51.222.253.19 - - [08/Jan/2023:14:14:22 -0800] "GET /world/poland/gdnf09b.jpg HTTP/1.1" 200 43419 "-" "Mozilla/5.0 (compatible; AhrefsBot/7.0; +http://ahrefs.com/robot/)" "ysfine.com"
51.222.253.12 - - [08/Jan/2023:14:14:22 -0800] "GET /ffriends/pollon01b.jpg HTTP/1.1" 200 33964 "-" "Mozilla/5.0 (compatible; AhrefsBot/7.0; +http://ahrefs.com/robot/)" "ysfine.com"
51.222.253.11 - - [08/Jan/2023:14:14:23 -0800] "GET /ffriends/amkor/daria01b.jpg HTTP/1.1" 200 36899 "-" "Mozilla/5.0 (compatible; AhrefsBot/7.0; +http://ahrefs.com/robot/)" "ysfine.com"
51.222.253.18 - - [08/Jan/2023:14:14:23 -0800] "GET /world/poland/polstu16b.jpg HTTP/1.1" 200 29745 "-" "Mozilla/5.0 (compatible; AhrefsBot/7.0; +http://ahrefs.com/robot/)" "ysfine.com"
51.222.253.17 - - [08/Jan/2023:14:14:24 -0800] "GET /world/poland/sopotf08b.jpg HTTP/1.1" 200 39109 "-" "Mozilla/5.0 (compatible; AhrefsBot/7.0; +http://ahrefs.com/robot/)" "ysfine.com"
51.222.253.14 - - [08/Jan/2023:14:14:24 -0800] "GET /ffriends/polkor01b.jpg HTTP/1.1" 200 39732 "-" "Mozilla/5.0 (compatible; AhrefsBot/7.0; +http://ahrefs.com/robot/)" "ysfine.com"
51.222.253.19 - - [08/Jan/2023:14:14:24 -0800] "GET /ffriends/italcolog11b.jpg HTTP/1.1" 200 43919 "-" "Mozilla/5.0 (compatible; AhrefsBot/7.0; +http://ahrefs.com/robot/)" "ysfine.com"
51.222.253.10 - - [08/Jan/2023:14:14:25 -0800] "GET /world/poland/polstu08b.jpg HTTP/1.1" 200 40255 "-" "Mozilla/5.0 (compatible; AhrefsBot/7.0; +http://ahrefs.com/robot/)" "ysfine.com"
51.222.253.11 - - [08/Jan/2023:14:14:25 -0800] "GET /ffriends/polnun01b.jpg HTTP/1.1" 200 38960 "-" "Mozilla/5.0 (compatible; AhrefsBot/7.0; +http://ahrefs.com/robot/)" "ysfine.com"
51.222.253.4 - - [08/Jan/2023:14:14:26 -0800] "GET /ffriends/stobin02b.jpg HTTP/1.1" 200 38993 "-" "Mozilla/5.0 (compatible; AhrefsBot/7.0; +http://ahrefs.com/robot/)" "ysfine.com"
51.222.253.19 - - [08/Jan/2023:14:14:26 -0800] "GET /world/poland/polstu26b.jpg HTTP/1.1" 200 38912 "-" "Mozilla/5.0 (compatible; AhrefsBot/7.0; +http://ahrefs.com/robot/)" "ysfine.com"
51.222.253.18 - - [08/Jan/2023:14:14:26 -0800] "GET /world/poland/polstu07b.jpg HTTP/1.1" 200 24152 "-" "Mozilla/5.0 (compatible; AhrefsBot/7.0; +http://ahrefs.com/robot/)" "ysfine.com"
51.222.253.15 - - [08/Jan/2023:14:14:27 -0800] "GET /world/poland/polhillar11b.jpg HTTP/1.1" 200 38467 "-" "Mozilla/5.0 (compatible; AhrefsBot/7.0; +http://ahrefs.com/robot/)" "ysfine.com"
51.222.253.4 - - [08/Jan/2023:14:14:27 -0800] "GET /world/poland/krkf34b.jpg HTTP/1.1" 200 41223 "-" "Mozilla/5.0 (compatible; AhrefsBot/7.0; +http://ahrefs.com/robot/)" "ysfine.com"
207.46.13.143 - - [08/Jan/2023:14:14:56 -0800] "GET /home/wigein11d.jpg HTTP/1.1" 200 38446 "-" "Mozilla/5.0 AppleWebKit/537.36 (KHTML, like Gecko; compatible; bingbot/2.0; +http://www.bing.com/bingbot.htm) Chrome/103.0.5060.134 Safari/537.36" "ysfine.com"
207.46.13.176 - - [08/Jan/2023:14:15:37 -0800] "GET /bio/kobak/soraech.html HTTP/1.1" 404 88 "-" "Mozilla/5.0 (compatible; bingbot/2.0; +http://www.bing.com/bingbot.htm)" "ysfine.com"
94.130.183.85 - - [08/Jan/2023:14:16:31 -0800] "GET /world/poland/uprise01b.jpg HTTP/1.1" 200 43024 "-" "Mozilla/5.0 (X11; Fedora; Linux x86_64) AppleWebKit/537.36 (KHTML, like Gecko) Chrome/79.0.3945.117 Safari/537.36" "ysfine.com"
40.77.167.17 - - [08/Jan/2023:14:16:47 -0800] "GET /bio/style/leica.html HTTP/1.1" 404 88 "-" "Mozilla/5.0 (compatible; bingbot/2.0; +http://www.bing.com/bingbot.htm)" "ysfine.com"
207.46.13.31 - - [08/Jan/2023:14:17:26 -0800] "GET /bio/feynman/fthtop.html HTTP/1.1" 404 88 "-" "Mozilla/5.0 AppleWebKit/537.36 (KHTML, like Gecko; compatible; bingbot/2.0; +http://www.bing.com/bingbot.htm) Chrome/103.0.5060.134 Safari/537.36" "ysfine.com"
71.178.208.102 - - [08/Jan/2023:14:17:28 -0800] "GET /bio54.html HTTP/1.1" 200 7648 "https://www.ysfine.com/ys11/index.html" "Mozilla/5.0 (Windows NT 10.0; Win64; x64) AppleWebKit/537.36 (KHTML, like Gecko) Chrome/108.0.0.0 Safari/537.36 Edg/108.0.1462.76" "www.ysfine.com"
40.77.167.49 - - [08/Jan/2023:14:17:40 -0800] "GET /bio/style/ystyle.html HTTP/1.1" 404 88 "-" "Mozilla/5.0 AppleWebKit/537.36 (KHTML, like Gecko; compatible; bingbot/2.0; +http://www.bing.com/bingbot.htm) Chrome/103.0.5060.134 Safari/537.36" "ysfine.com"
71.178.208.102 - - [08/Jan/2023:14:17:57 -0800] "GET /kobak/swr51.jpg HTTP/1.1" 200 188159 "https://www.ysfine.com/bio54.html" "Mozilla/5.0 (Windows NT 10.0; Win64; x64) AppleWebKit/537.36 (KHTML, like Gecko) Chrome/108.0.0.0 Safari/537.36 Edg/108.0.1462.76" "www.ysfine.com"
40.77.167.17 - - [08/Jan/2023:14:17:57 -0800] "GET /bio/einstein/bern.html HTTP/1.1" 404 88 "-" "Mozilla/5.0 (compatible; bingbot/2.0; +http://www.bing.com/bingbot.htm)" "ysfine.com"
5.180.61.158 - - [08/Jan/2023:14:18:12 -0800] "GET /kobak/sl628.jpg HTTP/1.1" 200 225100 "https://www.google.com/" "Mozilla/5.0 (Windows NT 10.0; Win64; x64) AppleWebKit/537.36 (KHTML, like Gecko) Chrome/108.0.0.0 Safari/537.36" "ysfine.com"
51.222.253.1 - - [08/Jan/2023:14:18:31 -0800] "GET /home/onephys.html HTTP/1.1" 200 2527 "-" "Mozilla/5.0 (compatible; AhrefsBot/7.0; +http://ahrefs.com/robot/)" "ysfine.com"
51.222.253.10 - - [08/Jan/2023:14:18:33 -0800] "GET /home/comet06b.jpg HTTP/1.1" 200 39499 "-" "Mozilla/5.0 (compatible; AhrefsBot/7.0; +http://ahrefs.com/robot/)" "ysfine.com"
51.222.253.14 - - [08/Jan/2023:14:18:33 -0800] "GET /home/hyper02b.jpg HTTP/1.1" 200 31293 "-" "Mozilla/5.0 (compatible; AhrefsBot/7.0; +http://ahrefs.com/robot/)" "ysfine.com"
51.222.253.11 - - [08/Jan/2023:14:18:34 -0800] "GET /home/hyper01b.jpg HTTP/1.1" 200 28008 "-" "Mozilla/5.0 (compatible; AhrefsBot/7.0; +http://ahrefs.com/robot/)" "ysfine.com"
207.46.13.143 - - [08/Jan/2023:14:19:08 -0800] "GET /world/hungary/hunband01b.jpg HTTP/1.1" 200 46280 "-" "Mozilla/5.0 AppleWebKit/537.36 (KHTML, like Gecko; compatible; bingbot/2.0; +http://www.bing.com/bingbot.htm) Chrome/103.0.5060.134 Safari/537.36" "www.ysfine.com"
40.77.167.49 - - [08/Jan/2023:14:19:10 -0800] "GET /bio/feynman/fphoto.html HTTP/1.1" 404 88 "-" "Mozilla/5.0 (compatible; bingbot/2.0; +http://www.bing.com/bingbot.htm)" "ysfine.com"
71.178.208.102 - - [08/Jan/2023:14:19:12 -0800] "GET /home/eink54.jpg HTTP/1.1" 200 123527 "https://www.ysfine.com/bio54.html" "Mozilla/5.0 (Windows NT 10.0; Win64; x64) AppleWebKit/537.36 (KHTML, like Gecko) Chrome/108.0.0.0 Safari/537.36 Edg/108.0.1462.76" "www.ysfine.com"
207.46.13.176 - - [08/Jan/2023:14:19:16 -0800] "GET /maga/histo/desiree22.jpg HTTP/1.1" 200 113561 "-" "Mozilla/5.0 (compatible; bingbot/2.0; +http://www.bing.com/bingbot.htm)" "www.ysfine.com"
17.241.75.102 - - [08/Jan/2023:14:19:17 -0800] "GET /feynman/ppic/entang11.pdf HTTP/1.1" 200 27235 "-" "Mozilla/5.0 (Macintosh; Intel Mac OS X 10_15_5) AppleWebKit/605.1.15 (KHTML, like Gecko) Version/13.1.1 Safari/605.1.15 (Applebot/0.1; +http://www.apple.com/go/applebot)" "ysfine.com"
207.46.13.176 - - [08/Jan/2023:14:19:58 -0800] "GET /bio.html HTTP/1.1" 200 18260 "-" "Mozilla/5.0 AppleWebKit/537.36 (KHTML, like Gecko; compatible; bingbot/2.0; +http://www.bing.com/bingbot.htm) Chrome/103.0.5060.134 Safari/537.36" "ysfine.com"
207.46.13.31 - - [08/Jan/2023:14:20:05 -0800] "GET /world/baltic/kalin31.jpg HTTP/1.1" 200 113831 "-" "Mozilla/5.0 (compatible; bingbot/2.0; +http://www.bing.com/bingbot.htm)" "ysfine.com"
40.77.167.17 - - [08/Jan/2023:14:20:10 -0800] "GET /bio/awards/iao.html HTTP/1.1" 404 88 "-" "Mozilla/5.0 (compatible; bingbot/2.0; +http://www.bing.com/bingbot.htm)" "ysfine.com"
40.77.167.49 - - [08/Jan/2023:14:20:39 -0800] "GET /home/fotos/tank03d.jpg HTTP/1.1" 200 73123 "-" "Mozilla/5.0 (compatible; bingbot/2.0; +http://www.bing.com/bingbot.htm)" "ysfine.com"
40.77.167.49 - - [08/Jan/2023:14:20:48 -0800] "GET /world/germany/berlin051.jpg HTTP/1.1" 200 104542 "-" "Mozilla/5.0 AppleWebKit/537.36 (KHTML, like Gecko; compatible; bingbot/2.0; +http://www.bing.com/bingbot.htm) Chrome/103.0.5060.134 Safari/537.36" "www.ysfine.com"
207.46.13.31 - - [08/Jan/2023:14:21:16 -0800] "GET /bio/awards/marq.html HTTP/1.1" 404 88 "-" "Mozilla/5.0 AppleWebKit/537.36 (KHTML, like Gecko; compatible; bingbot/2.0; +http://www.bing.com/bingbot.htm) Chrome/103.0.5060.134 Safari/537.36" "ysfine.com"
207.46.13.143 - - [08/Jan/2023:14:21:28 -0800] "GET /world/brit/oxlon17.jpg HTTP/1.1" 200 92002 "-" "Mozilla/5.0 AppleWebKit/537.36 (KHTML, like Gecko; compatible; bingbot/2.0; +http://www.bing.com/bingbot.htm) Chrome/103.0.5060.134 Safari/537.36" "www.ysfine.com"
51.222.253.19 - - [08/Jan/2023:14:22:53 -0800] "GET /class54/class5470/total_data/sub_770.htm HTTP/1.1" 200 3295 "-" "Mozilla/5.0 (compatible; AhrefsBot/7.0; +http://ahrefs.com/robot/)" "ysfine.com"
51.222.253.16 - - [08/Jan/2023:14:22:54 -0800] "GET /class54/class5470/total_data/photo_img/7-70.71.jpg HTTP/1.1" 200 242093 "-" "Mozilla/5.0 (compatible; AhrefsBot/7.0; +http://ahrefs.com/robot/)" "ysfine.com"
71.178.208.102 - - [08/Jan/2023:14:24:12 -0800] "GET /bio54.html HTTP/1.1" 200 7659 "https://www.ysfine.com/ys11/index.html" "Mozilla/5.0 (Windows NT 10.0; Win64; x64) AppleWebKit/537.36 (KHTML, like Gecko) Chrome/108.0.0.0 Safari/537.36 Edg/108.0.1462.76" "www.ysfine.com"
71.178.208.102 - - [08/Jan/2023:14:24:12 -0800] "GET /home/eink54f.jpg HTTP/1.1" 200 96332 "https://www.ysfine.com/bio54.html" "Mozilla/5.0 (Windows NT 10.0; Win64; x64) AppleWebKit/537.36 (KHTML, like Gecko) Chrome/108.0.0.0 Safari/537.36 Edg/108.0.1462.76" "www.ysfine.com"
207.46.13.31 - - [08/Jan/2023:14:24:17 -0800] "GET /bio/harmoarchi.html HTTP/1.1" 404 88 "-" "Mozilla/5.0 AppleWebKit/537.36 (KHTML, like Gecko; compatible; bingbot/2.0; +http://www.bing.com/bingbot.htm) Chrome/103.0.5060.134 Safari/537.36" "ysfine.com"
71.178.208.102 - - [08/Jan/2023:14:25:59 -0800] "GET /bio05.html HTTP/1.1" 304 - "-" "Mozilla/5.0 (Windows NT 10.0; Win64; x64) AppleWebKit/537.36 (KHTML, like Gecko) Chrome/108.0.0.0 Safari/537.36 Edg/108.0.1462.76" "www.ysfine.com"
157.55.39.149 - - [08/Jan/2023:14:26:20 -0800] "GET /wdc/w69kor02.jpg HTTP/1.1" 200 111866 "-" "Mozilla/5.0 AppleWebKit/537.36 (KHTML, like Gecko; compatible; bingbot/2.0; +http://www.bing.com/bingbot.htm) Chrome/103.0.5060.134 Safari/537.36" "www.ysfine.com"
119.36.163.2 - - [08/Jan/2023:14:26:27 -0800] "GET /einstein/heisen33b.jpg HTTP/1.1" 200 78035 "-" "Mozilla/5.0 (X11; Ubuntu; Linux x86_64; rv:72.0) Gecko/20100101 Firefox/72.0" "ysfine.com"
51.222.253.15 - - [08/Jan/2023:14:27:36 -0800] "GET /wigner/einwig.html HTTP/1.1" 200 3897 "-" "Mozilla/5.0 (compatible; AhrefsBot/7.0; +http://ahrefs.com/robot/)" "www.ysfine.com"
207.46.13.143 - - [08/Jan/2023:14:27:38 -0800] "GET /bio/wigner/wigpoinc.html HTTP/1.1" 404 88 "-" "Mozilla/5.0 AppleWebKit/537.36 (KHTML, like Gecko; compatible; bingbot/2.0; +http://www.bing.com/bingbot.htm) Chrome/103.0.5060.134 Safari/537.36" "ysfine.com"
51.222.253.9 - - [08/Jan/2023:14:27:38 -0800] "GET /wigner/lunch91c.jpg HTTP/1.1" 200 59935 "-" "Mozilla/5.0 (compatible; AhrefsBot/7.0; +http://ahrefs.com/robot/)" "www.ysfine.com"
51.222.253.10 - - [08/Jan/2023:14:27:39 -0800] "GET /wigner/michwight11c.jpg HTTP/1.1" 200 38388 "-" "Mozilla/5.0 (compatible; AhrefsBot/7.0; +http://ahrefs.com/robot/)" "www.ysfine.com"
71.178.208.102 - - [08/Jan/2023:14:27:39 -0800] "GET /bio05.html HTTP/1.1" 304 - "-" "Mozilla/5.0 (Windows NT 10.0; Win64; x64) AppleWebKit/537.36 (KHTML, like Gecko) Chrome/108.0.0.0 Safari/537.36 Edg/108.0.1462.76" "www.ysfine.com"
51.222.253.8 - - [08/Jan/2023:14:27:39 -0800] "GET /wigner/rmp02c.jpg HTTP/1.1" 200 25978 "-" "Mozilla/5.0 (compatible; AhrefsBot/7.0; +http://ahrefs.com/robot/)" "www.ysfine.com"
51.222.253.9 - - [08/Jan/2023:14:27:40 -0800] "GET /wigner/tollwig11c.jpg HTTP/1.1" 200 30497 "-" "Mozilla/5.0 (compatible; AhrefsBot/7.0; +http://ahrefs.com/robot/)" "www.ysfine.com"
51.222.253.20 - - [08/Jan/2023:14:27:40 -0800] "GET /wigner/michwight22c.jpg HTTP/1.1" 200 32821 "-" "Mozilla/5.0 (compatible; AhrefsBot/7.0; +http://ahrefs.com/robot/)" "www.ysfine.com"
71.178.208.102 - - [08/Jan/2023:14:28:05 -0800] "GET /bio05.html HTTP/1.1" 200 7006 "-" "Mozilla/5.0 (Windows NT 10.0; Win64; x64) AppleWebKit/537.36 (KHTML, like Gecko) Chrome/108.0.0.0 Safari/537.36 Edg/108.0.1462.76" "www.ysfine.com"
71.178.208.102 - - [08/Jan/2023:14:29:06 -0800] "GET /bio05.html HTTP/1.1" 200 7017 "-" "Mozilla/5.0 (Windows NT 10.0; Win64; x64) AppleWebKit/537.36 (KHTML, like Gecko) Chrome/108.0.0.0 Safari/537.36 Edg/108.0.1462.76" "www.ysfine.com"
86.175.157.11 - - [08/Jan/2023:14:29:59 -0800] "GET /maga/phys/naimar/pewk03.jpg HTTP/1.1" 200 45583 "https://www.google.com/" "Mozilla/5.0 (Windows NT 10.0; Win64; x64) AppleWebKit/537.36 (KHTML, like Gecko) Chrome/108.0.0.0 Safari/537.36" "ysfine.com"
147.235.204.52 - - [08/Jan/2023:14:30:22 -0800] "GET /world/germany/berlin051.jpg HTTP/1.1" 200 104542 "https://www.bing.com/" "Mozilla/5.0 (Windows NT 10.0; Win64; x64) AppleWebKit/537.36 (KHTML, like Gecko) Chrome/108.0.0.0 Safari/537.36 Edg/108.0.1462.76" "www.ysfine.com"
207.46.13.31 - - [08/Jan/2023:14:30:27 -0800] "GET /bio/kobak/yskor.html HTTP/1.1" 404 88 "-" "Mozilla/5.0 AppleWebKit/537.36 (KHTML, like Gecko; compatible; bingbot/2.0; +http://www.bing.com/bingbot.htm) Chrome/103.0.5060.134 Safari/537.36" "ysfine.com"
207.46.13.176 - - [08/Jan/2023:14:30:57 -0800] "GET /saram/g141.jpg HTTP/1.1" 200 94276 "-" "Mozilla/5.0 (compatible; bingbot/2.0; +http://www.bing.com/bingbot.htm)" "www.ysfine.com"
207.46.13.143 - - [08/Jan/2023:14:31:18 -0800] "GET /feynman/chewfrau.html HTTP/1.1" 200 3075 "-" "Mozilla/5.0 (compatible; bingbot/2.0; +http://www.bing.com/bingbot.htm)" "ysfine.com"
40.77.167.49 - - [08/Jan/2023:14:31:50 -0800] "GET /feynman/restof55.jpg HTTP/1.1" 200 72520 "-" "Mozilla/5.0 AppleWebKit/537.36 (KHTML, like Gecko; compatible; bingbot/2.0; +http://www.bing.com/bingbot.htm) Chrome/103.0.5060.134 Safari/537.36" "www.ysfine.com"
82.55.2.9 - - [08/Jan/2023:14:32:04 -0800] "GET /people/noz03.jpg HTTP/1.1" 200 45269 "https://www.google.com/" "Mozilla/5.0 (Linux; Android 11; SM-T725) AppleWebKit/537.36 (KHTML, like Gecko) Chrome/108.0.0.0 Safari/537.36" "ysfine.com"
220.244.76.157 - - [08/Jan/2023:14:32:12 -0800] "GET /dirac/hazi.jpg HTTP/1.1" 200 68959 "https://www.google.com/" "Mozilla/5.0 (X11; Linux x86_64) AppleWebKit/537.36 (KHTML, like Gecko) Chrome/108.0.0.0 Safari/537.36" "ysfine.com"
51.222.253.16 - - [08/Jan/2023:14:32:28 -0800] "GET /class54/class5470/total_data/sub_780.htm HTTP/1.1" 200 3289 "-" "Mozilla/5.0 (compatible; AhrefsBot/7.0; +http://ahrefs.com/robot/)" "ysfine.com"
20.150.220.213 - - [08/Jan/2023:14:32:35 -0800] "GET /e/data/js/ajax.js HTTP/1.1" 404 88 "-" "Mozilla/5.0 (Windows NT 10.0; WOW64; rv:48.0) Gecko/20100101 Firefox/48.0" "ysfine.com"
207.46.13.31 - - [08/Jan/2023:14:33:06 -0800] "GET /maga/invent/marconi02c.jpg HTTP/1.1" 200 27154 "-" "Mozilla/5.0 AppleWebKit/537.36 (KHTML, like Gecko; compatible; bingbot/2.0; +http://www.bing.com/bingbot.htm) Chrome/103.0.5060.134 Safari/537.36" "www.ysfine.com"
107.190.24.141 - - [08/Jan/2023:14:33:31 -0800] "GET /wigner/neupol01.jpg HTTP/1.1" 200 48137 "https://www.google.com/" "Mozilla/5.0 (Macintosh; Intel Mac OS X 10_15_7) AppleWebKit/537.36 (KHTML, like Gecko) Chrome/108.0.0.0 Safari/537.36" "ysfine.com"
157.55.39.149 - - [08/Jan/2023:14:33:41 -0800] "GET /fbook/hochiminh33.jpg HTTP/1.1" 200 218165 "-" "Mozilla/5.0 (compatible; bingbot/2.0; +http://www.bing.com/bingbot.htm)" "ysfine.com"
82.55.2.9 - - [08/Jan/2023:14:33:47 -0800] "GET /people/noz75b.jpg HTTP/1.1" 200 38550 "https://www.google.com/" "Mozilla/5.0 (Linux; Android 11; SM-T725) AppleWebKit/537.36 (KHTML, like Gecko) Chrome/108.0.0.0 Safari/537.36" "ysfine.com"
40.77.167.49 - - [08/Jan/2023:14:34:29 -0800] "GET /world/russ/kiev007.jpg HTTP/1.1" 200 66068 "-" "Mozilla/5.0 AppleWebKit/537.36 (KHTML, like Gecko; compatible; bingbot/2.0; +http://www.bing.com/bingbot.htm) Chrome/103.0.5060.134 Safari/537.36" "ysfine.com"
207.46.13.143 - - [08/Jan/2023:14:35:39 -0800] "GET /class54/weheard628.html HTTP/1.1" 200 1613 "-" "Mozilla/5.0 (compatible; bingbot/2.0; +http://www.bing.com/bingbot.htm)" "ysfine.com"
207.46.13.31 - - [08/Jan/2023:14:35:42 -0800] "GET /bio/sbk/1950.html HTTP/1.1" 404 88 "-" "Mozilla/5.0 (compatible; bingbot/2.0; +http://www.bing.com/bingbot.htm)" "ysfine.com"
207.46.13.31 - - [08/Jan/2023:14:35:47 -0800] "GET /beau/london01b.jpg HTTP/1.1" 404 88 "-" "Mozilla/5.0 (compatible; bingbot/2.0; +http://www.bing.com/bingbot.htm)" "ysfine.com"
207.46.13.143 - - [08/Jan/2023:14:36:00 -0800] "GET /bio/genea.html HTTP/1.1" 404 88 "-" "Mozilla/5.0 (compatible; bingbot/2.0; +http://www.bing.com/bingbot.htm)" "ysfine.com"
71.178.208.102 - - [08/Jan/2023:14:36:11 -0800] "GET /bio05.html HTTP/1.1" 200 7081 "https://ysfine.com/ys11/" "Mozilla/5.0 (Windows NT 10.0; Win64; x64) AppleWebKit/537.36 (KHTML, like Gecko) Chrome/108.0.0.0 Safari/537.36" "ysfine.com"
71.178.208.102 - - [08/Jan/2023:14:36:11 -0800] "GET /kobak/swr51d.jpg HTTP/1.1" 200 49461 "https://ysfine.com/bio05.html" "Mozilla/5.0 (Windows NT 10.0; Win64; x64) AppleWebKit/537.36 (KHTML, like Gecko) Chrome/108.0.0.0 Safari/537.36" "ysfine.com"
207.46.13.176 - - [08/Jan/2023:14:36:29 -0800] "GET /bio/eink/buythisbook.html HTTP/1.1" 404 88 "-" "Mozilla/5.0 AppleWebKit/537.36 (KHTML, like Gecko; compatible; bingbot/2.0; +http://www.bing.com/bingbot.htm) Chrome/103.0.5060.134 Safari/537.36" "ysfine.com"
71.178.208.102 - - [08/Jan/2023:14:36:32 -0800] "GET /awards/index.html HTTP/1.1" 304 - "https://ysfine.com/bio05.html" "Mozilla/5.0 (Windows NT 10.0; Win64; x64) AppleWebKit/537.36 (KHTML, like Gecko) Chrome/108.0.0.0 Safari/537.36" "ysfine.com"
157.55.39.149 - - [08/Jan/2023:14:36:34 -0800] "GET /bio/dirac/bankers.html HTTP/1.1" 404 88 "-" "Mozilla/5.0 (compatible; bingbot/2.0; +http://www.bing.com/bingbot.htm)" "ysfine.com"
207.46.13.176 - - [08/Jan/2023:14:36:59 -0800] "GET /bio/world/kalinin22.html HTTP/1.1" 404 88 "-" "Mozilla/5.0 AppleWebKit/537.36 (KHTML, like Gecko; compatible; bingbot/2.0; +http://www.bing.com/bingbot.htm) Chrome/103.0.5060.134 Safari/537.36" "ysfine.com"
71.178.208.102 - - [08/Jan/2023:14:37:09 -0800] "GET /bio05.html HTTP/1.1" 200 7081 "-" "Mozilla/5.0 (Windows NT 10.0; Win64; x64) AppleWebKit/537.36 (KHTML, like Gecko) Chrome/108.0.0.0 Safari/537.36 Edg/108.0.1462.76" "www.ysfine.com"
24.62.52.168 - - [08/Jan/2023:14:37:24 -0800] "GET /maga/boltz/entro33.jpg HTTP/1.1" 200 42540 "https://www.bing.com/" "Mozilla/5.0 (Windows NT 10.0; Win64; x64) AppleWebKit/537.36 (KHTML, like Gecko) Chrome/108.0.0.0 Safari/537.36 Edg/108.0.1462.76" "www.ysfine.com"
51.222.253.11 - - [08/Jan/2023:14:37:30 -0800] "GET /class54/class5470/total_data/sub_778.htm HTTP/1.1" 200 3289 "-" "Mozilla/5.0 (compatible; AhrefsBot/7.0; +http://ahrefs.com/robot/)" "ysfine.com"
51.222.253.4 - - [08/Jan/2023:14:37:36 -0800] "GET /class54/class5470/total_data/photo_img/7-78.jpg HTTP/1.1" 200 249630 "-" "Mozilla/5.0 (compatible; AhrefsBot/7.0; +http://ahrefs.com/robot/)" "ysfine.com"
71.178.208.102 - - [08/Jan/2023:14:37:44 -0800] "GET /ys11/index.html HTTP/1.1" 200 3483 "https://www.bing.com/" "Mozilla/5.0 (Windows NT 10.0; Win64; x64; rv:108.0) Gecko/20100101 Firefox/108.0" "www.ysfine.com"
40.77.167.49 - - [08/Jan/2023:14:38:40 -0800] "GET /world/latina/rio025b.jpg HTTP/1.1" 200 39082 "-" "Mozilla/5.0 (compatible; bingbot/2.0; +http://www.bing.com/bingbot.htm)" "ysfine.com"
40.77.167.49 - - [08/Jan/2023:14:40:01 -0800] "GET /style/britmu.html HTTP/1.1" 304 - "-" "Mozilla/5.0 AppleWebKit/537.36 (KHTML, like Gecko; compatible; bingbot/2.0; +http://www.bing.com/bingbot.htm) Chrome/103.0.5060.134 Safari/537.36" "www.ysfine.com"
71.178.208.102 - - [08/Jan/2023:14:40:26 -0800] "GET /bio05.html HTTP/1.1" 200 7091 "-" "Mozilla/5.0 (Windows NT 10.0; Win64; x64) AppleWebKit/537.36 (KHTML, like Gecko) Chrome/108.0.0.0 Safari/537.36 Edg/108.0.1462.76" "www.ysfine.com"
65.21.7.254 - - [08/Jan/2023:14:40:50 -0800] "GET /style/cameras/fedt34c.jpg HTTP/1.1" 200 26884 "-" "Mozilla/5.0 (X11; Fedora; Linux x86_64) AppleWebKit/537.36 (KHTML, like Gecko) Chrome/79.0.3945.117 Safari/537.36" "www.ysfine.com"
71.178.208.102 - - [08/Jan/2023:14:41:16 -0800] "GET /bio05.html HTTP/1.1" 200 7091 "-" "Mozilla/5.0 (Windows NT 10.0; Win64; x64) AppleWebKit/537.36 (KHTML, like Gecko) Chrome/108.0.0.0 Safari/537.36 Edg/108.0.1462.76" "www.ysfine.com"
207.46.13.31 - - [08/Jan/2023:14:41:18 -0800] "GET /bio/style/artlove.html HTTP/1.1" 404 88 "-" "Mozilla/5.0 AppleWebKit/537.36 (KHTML, like Gecko; compatible; bingbot/2.0; +http://www.bing.com/bingbot.htm) Chrome/103.0.5060.134 Safari/537.36" "ysfine.com"
66.249.66.94 - - [08/Jan/2023:14:41:41 -0800] "GET /world/spain/cordoc18.jpg HTTP/1.1" 200 326187 "-" "Googlebot-Image/1.0" "ysfine.com"
40.77.167.49 - - [08/Jan/2023:14:41:53 -0800] "GET /bio/pquartet.html HTTP/1.1" 404 88 "-" "Mozilla/5.0 (compatible; bingbot/2.0; +http://www.bing.com/bingbot.htm)" "ysfine.com"
51.222.253.15 - - [08/Jan/2023:14:42:07 -0800] "GET /class54/class5470/total_data/sub_779.htm HTTP/1.1" 200 3289 "-" "Mozilla/5.0 (compatible; AhrefsBot/7.0; +http://ahrefs.com/robot/)" "ysfine.com"
71.178.208.102 - - [08/Jan/2023:14:42:07 -0800] "GET /bio05.html HTTP/1.1" 200 7091 "https://ysfine.com/ys11/" "Mozilla/5.0 (Windows NT 10.0; Win64; x64) AppleWebKit/537.36 (KHTML, like Gecko) Chrome/108.0.0.0 Safari/537.36" "ysfine.com"
71.178.208.102 - - [08/Jan/2023:14:42:09 -0800] "GET /awards/index.html HTTP/1.1" 304 - "https://ysfine.com/bio05.html" "Mozilla/5.0 (Windows NT 10.0; Win64; x64) AppleWebKit/537.36 (KHTML, like Gecko) Chrome/108.0.0.0 Safari/537.36" "ysfine.com"
46.17.206.168 - - [08/Jan/2023:14:42:18 -0800] "GET / HTTP/1.1" 200 5295 "-" "Mozilla/5.0 (compatible; Konturbot/1.1; +http://kontur.ru; cargo@kontur.ru)" "ysfine.com"
185.191.171.18 - - [08/Jan/2023:14:42:30 -0800] "GET /robots.txt HTTP/1.1" 404 88 "-" "Mozilla/5.0 (compatible; SemrushBot/7~bl; +http://www.semrush.com/bot.html)" "ysfine.com"
185.191.171.11 - - [08/Jan/2023:14:42:31 -0800] "GET /sbk/photo21.html HTTP/1.1" 200 7762 "-" "Mozilla/5.0 (compatible; SemrushBot/7~bl; +http://www.semrush.com/bot.html)" "ysfine.com"
207.46.13.176 - - [08/Jan/2023:14:42:40 -0800] "GET /bio/einstein/ulm.html HTTP/1.1" 404 88 "-" "Mozilla/5.0 (compatible; bingbot/2.0; +http://www.bing.com/bingbot.htm)" "ysfine.com"
46.17.203.168 - - [08/Jan/2023:14:42:55 -0800] "GET /robots.txt HTTP/1.1" 404 88 "-" "Mozilla/5.0 (compatible; Konturbot/1.1; +http://kontur.ru; cargo@kontur.ru)" "ysfine.com"
46.17.203.168 - - [08/Jan/2023:14:42:55 -0800] "GET / HTTP/1.1" 200 5295 "-" "Mozilla/5.0 (compatible; Konturbot/1.1; +http://kontur.ru; cargo@kontur.ru)" "ysfine.com"
95.163.255.90 - - [08/Jan/2023:14:43:05 -0800] "GET /robots.txt HTTP/1.1" 404 73 "-" "Mozilla/5.0 (compatible; Linux x86_64; Mail.RU_Bot/Img/2.0; +https://help.mail.ru/webmaster/indexing/robots)" "www.ysfine.com"
95.163.255.80 - - [08/Jan/2023:14:43:07 -0800] "GET /maga/phil/kierke11b.jpg HTTP/1.1" 200 32163 "http://go.mail.ru/search_images" "Mozilla/5.0 (compatible; Linux x86_64; Mail.RU_Bot/Img/2.0; +https://help.mail.ru/webmaster/indexing/robots)" "www.ysfine.com"
99.67.61.145 - - [08/Jan/2023:14:44:26 -0800] "GET /style/tatiana11.jpg HTTP/1.1" 200 146910 "https://www.google.com/" "Mozilla/5.0 (Windows NT 6.3; Win64; x64) AppleWebKit/537.36 (KHTML, like Gecko) Chrome/108.0.0.0 Safari/537.36" "ysfine.com"
40.77.167.17 - - [08/Jan/2023:14:45:30 -0800] "GET /bio/bio06.html HTTP/1.1" 404 88 "-" "Mozilla/5.0 (compatible; bingbot/2.0; +http://www.bing.com/bingbot.htm)" "ysfine.com"
207.46.13.176 - - [08/Jan/2023:14:45:39 -0800] "GET /home/top21.jpg HTTP/1.1" 200 181796 "-" "Mozilla/5.0 AppleWebKit/537.36 (KHTML, like Gecko; compatible; bingbot/2.0; +http://www.bing.com/bingbot.htm) Chrome/103.0.5060.134 Safari/537.36" "www.ysfine.com"
71.178.208.102 - - [08/Jan/2023:14:45:50 -0800] "GET /bio54.html HTTP/1.1" 200 7735 "https://www.ysfine.com/ys11/index.html" "Mozilla/5.0 (Windows NT 10.0; Win64; x64) AppleWebKit/537.36 (KHTML, like Gecko) Chrome/108.0.0.0 Safari/537.36 Edg/108.0.1462.76" "www.ysfine.com"
51.222.253.8 - - [08/Jan/2023:14:46:29 -0800] "GET /class54/class5470/total_data/sub_774.htm HTTP/1.1" 200 3289 "-" "Mozilla/5.0 (compatible; AhrefsBot/7.0; +http://ahrefs.com/robot/)" "ysfine.com"
71.178.208.102 - - [08/Jan/2023:14:46:41 -0800] "GET /class54/roofless.html HTTP/1.1" 200 13341 "https://www.ysfine.com/bio54.html" "Mozilla/5.0 (Windows NT 10.0; Win64; x64) AppleWebKit/537.36 (KHTML, like Gecko) Chrome/108.0.0.0 Safari/537.36 Edg/108.0.1462.76" "www.ysfine.com"
71.178.208.102 - - [08/Jan/2023:14:46:41 -0800] "GET /class54/brewer11c.jpg HTTP/1.1" 200 35637 "https://www.ysfine.com/class54/roofless.html" "Mozilla/5.0 (Windows NT 10.0; Win64; x64) AppleWebKit/537.36 (KHTML, like Gecko) Chrome/108.0.0.0 Safari/537.36 Edg/108.0.1462.76" "www.ysfine.com"
71.178.208.102 - - [08/Jan/2023:14:46:41 -0800] "GET /class54/busan33c.jpg HTTP/1.1" 200 33769 "https://www.ysfine.com/class54/roofless.html" "Mozilla/5.0 (Windows NT 10.0; Win64; x64) AppleWebKit/537.36 (KHTML, like Gecko) Chrome/108.0.0.0 Safari/537.36 Edg/108.0.1462.76" "www.ysfine.com"
71.178.208.102 - - [08/Jan/2023:14:46:41 -0800] "GET /class54/busan11c.jpg HTTP/1.1" 200 35025 "https://www.ysfine.com/class54/roofless.html" "Mozilla/5.0 (Windows NT 10.0; Win64; x64) AppleWebKit/537.36 (KHTML, like Gecko) Chrome/108.0.0.0 Safari/537.36 Edg/108.0.1462.76" "www.ysfine.com"
71.178.208.102 - - [08/Jan/2023:14:46:41 -0800] "GET /class54/osakaf23c.jpg HTTP/1.1" 200 37284 "https://www.ysfine.com/class54/roofless.html" "Mozilla/5.0 (Windows NT 10.0; Win64; x64) AppleWebKit/537.36 (KHTML, like Gecko) Chrome/108.0.0.0 Safari/537.36 Edg/108.0.1462.76" "www.ysfine.com"
71.178.208.102 - - [08/Jan/2023:14:46:41 -0800] "GET /class54/yasukuni96c.jpg HTTP/1.1" 200 29289 "https://www.ysfine.com/class54/roofless.html" "Mozilla/5.0 (Windows NT 10.0; Win64; x64) AppleWebKit/537.36 (KHTML, like Gecko) Chrome/108.0.0.0 Safari/537.36 Edg/108.0.1462.76" "www.ysfine.com"
71.178.208.102 - - [08/Jan/2023:14:46:41 -0800] "GET /class54/hideko11c.jpg HTTP/1.1" 200 23692 "https://www.ysfine.com/class54/roofless.html" "Mozilla/5.0 (Windows NT 10.0; Win64; x64) AppleWebKit/537.36 (KHTML, like Gecko) Chrome/108.0.0.0 Safari/537.36 Edg/108.0.1462.76" "www.ysfine.com"
71.178.208.102 - - [08/Jan/2023:14:46:41 -0800] "GET /class54/busan22c.jpg HTTP/1.1" 200 23692 "https://www.ysfine.com/class54/roofless.html" "Mozilla/5.0 (Windows NT 10.0; Win64; x64) AppleWebKit/537.36 (KHTML, like Gecko) Chrome/108.0.0.0 Safari/537.36 Edg/108.0.1462.76" "www.ysfine.com"
71.178.208.102 - - [08/Jan/2023:14:46:41 -0800] "GET /kowar/tanks/tank05c.jpg HTTP/1.1" 200 33583 "https://www.ysfine.com/class54/roofless.html" "Mozilla/5.0 (Windows NT 10.0; Win64; x64) AppleWebKit/537.36 (KHTML, like Gecko) Chrome/108.0.0.0 Safari/537.36 Edg/108.0.1462.76" "www.ysfine.com"
71.178.208.102 - - [08/Jan/2023:14:46:41 -0800] "GET /class54/kewha66c.jpg HTTP/1.1" 200 20373 "https://www.ysfine.com/class54/roofless.html" "Mozilla/5.0 (Windows NT 10.0; Win64; x64) AppleWebKit/537.36 (KHTML, like Gecko) Chrome/108.0.0.0 Safari/537.36 Edg/108.0.1462.76" "www.ysfine.com"
71.178.208.102 - - [08/Jan/2023:14:46:41 -0800] "GET /eink/ewk86f.jpg HTTP/1.1" 200 122173 "https://www.ysfine.com/class54/roofless.html" "Mozilla/5.0 (Windows NT 10.0; Win64; x64) AppleWebKit/537.36 (KHTML, like Gecko) Chrome/108.0.0.0 Safari/537.36 Edg/108.0.1462.76" "www.ysfine.com"
71.178.208.102 - - [08/Jan/2023:14:46:41 -0800] "GET /class54/yoshiko22c.jpg HTTP/1.1" 200 46591 "https://www.ysfine.com/class54/roofless.html" "Mozilla/5.0 (Windows NT 10.0; Win64; x64) AppleWebKit/537.36 (KHTML, like Gecko) Chrome/108.0.0.0 Safari/537.36 Edg/108.0.1462.76" "www.ysfine.com"
71.178.208.102 - - [08/Jan/2023:14:46:41 -0800] "GET /class54/pics/ginza14c.jpg HTTP/1.1" 200 41683 "https://www.ysfine.com/class54/roofless.html" "Mozilla/5.0 (Windows NT 10.0; Win64; x64) AppleWebKit/537.36 (KHTML, like Gecko) Chrome/108.0.0.0 Safari/537.36 Edg/108.0.1462.76" "www.ysfine.com"
71.178.208.102 - - [08/Jan/2023:14:46:41 -0800] "GET /class54/mieko11c.jpg HTTP/1.1" 200 35433 "https://www.ysfine.com/class54/roofless.html" "Mozilla/5.0 (Windows NT 10.0; Win64; x64) AppleWebKit/537.36 (KHTML, like Gecko) Chrome/108.0.0.0 Safari/537.36 Edg/108.0.1462.76" "www.ysfine.com"
71.178.208.102 - - [08/Jan/2023:14:46:41 -0800] "GET /home/eink77c.jpg HTTP/1.1" 200 47471 "https://www.ysfine.com/class54/roofless.html" "Mozilla/5.0 (Windows NT 10.0; Win64; x64) AppleWebKit/537.36 (KHTML, like Gecko) Chrome/108.0.0.0 Safari/537.36 Edg/108.0.1462.76" "www.ysfine.com"
71.178.208.102 - - [08/Jan/2023:14:46:41 -0800] "GET /class54/ichiro11c.jpg HTTP/1.1" 200 41242 "https://www.ysfine.com/class54/roofless.html" "Mozilla/5.0 (Windows NT 10.0; Win64; x64) AppleWebKit/537.36 (KHTML, like Gecko) Chrome/108.0.0.0 Safari/537.36 Edg/108.0.1462.76" "www.ysfine.com"
71.178.208.102 - - [08/Jan/2023:14:46:41 -0800] "GET /class54/patti11c.jpg HTTP/1.1" 200 33693 "https://www.ysfine.com/class54/roofless.html" "Mozilla/5.0 (Windows NT 10.0; Win64; x64) AppleWebKit/537.36 (KHTML, like Gecko) Chrome/108.0.0.0 Safari/537.36 Edg/108.0.1462.76" "www.ysfine.com"
71.178.208.102 - - [08/Jan/2023:14:46:41 -0800] "GET /class54/akiko11c.jpg HTTP/1.1" 200 43811 "https://www.ysfine.com/class54/roofless.html" "Mozilla/5.0 (Windows NT 10.0; Win64; x64) AppleWebKit/537.36 (KHTML, like Gecko) Chrome/108.0.0.0 Safari/537.36 Edg/108.0.1462.76" "www.ysfine.com"
71.178.208.102 - - [08/Jan/2023:14:46:41 -0800] "GET /class54/nhk11c.jpg HTTP/1.1" 200 43153 "https://www.ysfine.com/class54/roofless.html" "Mozilla/5.0 (Windows NT 10.0; Win64; x64) AppleWebKit/537.36 (KHTML, like Gecko) Chrome/108.0.0.0 Safari/537.36 Edg/108.0.1462.76" "www.ysfine.com"
71.178.208.102 - - [08/Jan/2023:14:46:41 -0800] "GET /class54/yukaein53c.jpg HTTP/1.1" 200 35077 "https://www.ysfine.com/class54/roofless.html" "Mozilla/5.0 (Windows NT 10.0; Win64; x64) AppleWebKit/537.36 (KHTML, like Gecko) Chrome/108.0.0.0 Safari/537.36 Edg/108.0.1462.76" "www.ysfine.com"
71.178.208.102 - - [08/Jan/2023:14:46:41 -0800] "GET /class54/samjiyon11d.jpg HTTP/1.1" 200 69561 "https://www.ysfine.com/class54/roofless.html" "Mozilla/5.0 (Windows NT 10.0; Win64; x64) AppleWebKit/537.36 (KHTML, like Gecko) Chrome/108.0.0.0 Safari/537.36 Edg/108.0.1462.76" "www.ysfine.com"
71.178.208.102 - - [08/Jan/2023:14:46:41 -0800] "GET /kowar/tanks/tank03c.jpg HTTP/1.1" 200 48323 "https://www.ysfine.com/class54/roofless.html" "Mozilla/5.0 (Windows NT 10.0; Win64; x64) AppleWebKit/537.36 (KHTML, like Gecko) Chrome/108.0.0.0 Safari/537.36 Edg/108.0.1462.76" "www.ysfine.com"
71.178.208.102 - - [08/Jan/2023:14:46:41 -0800] "GET /class54/hibari22c.jpg HTTP/1.1" 200 23134 "https://www.ysfine.com/class54/roofless.html" "Mozilla/5.0 (Windows NT 10.0; Win64; x64) AppleWebKit/537.36 (KHTML, like Gecko) Chrome/108.0.0.0 Safari/537.36 Edg/108.0.1462.76" "www.ysfine.com"
71.178.208.102 - - [08/Jan/2023:14:46:41 -0800] "GET /class54/teng80c.jpg HTTP/1.1" 200 42407 "https://www.ysfine.com/class54/roofless.html" "Mozilla/5.0 (Windows NT 10.0; Win64; x64) AppleWebKit/537.36 (KHTML, like Gecko) Chrome/108.0.0.0 Safari/537.36 Edg/108.0.1462.76" "www.ysfine.com"
71.178.208.102 - - [08/Jan/2023:14:46:41 -0800] "GET /class54/cancan11c.jpg HTTP/1.1" 200 72542 "https://www.ysfine.com/class54/roofless.html" "Mozilla/5.0 (Windows NT 10.0; Win64; x64) AppleWebKit/537.36 (KHTML, like Gecko) Chrome/108.0.0.0 Safari/537.36 Edg/108.0.1462.76" "www.ysfine.com"
71.178.208.102 - - [08/Jan/2023:14:46:41 -0800] "GET /eink/further22f.jpg HTTP/1.1" 200 99099 "https://www.ysfine.com/class54/roofless.html" "Mozilla/5.0 (Windows NT 10.0; Win64; x64) AppleWebKit/537.36 (KHTML, like Gecko) Chrome/108.0.0.0 Safari/537.36 Edg/108.0.1462.76" "www.ysfine.com"
71.178.208.102 - - [08/Jan/2023:14:46:41 -0800] "GET /class54/hamako11c.jpg HTTP/1.1" 200 21075 "https://www.ysfine.com/class54/roofless.html" "Mozilla/5.0 (Windows NT 10.0; Win64; x64) AppleWebKit/537.36 (KHTML, like Gecko) Chrome/108.0.0.0 Safari/537.36 Edg/108.0.1462.76" "www.ysfine.com"
71.178.208.102 - - [08/Jan/2023:14:46:50 -0800] "GET /class54/tallman.html HTTP/1.1" 200 5912 "https://www.ysfine.com/bio54.html" "Mozilla/5.0 (Windows NT 10.0; Win64; x64) AppleWebKit/537.36 (KHTML, like Gecko) Chrome/108.0.0.0 Safari/537.36 Edg/108.0.1462.76" "www.ysfine.com"
71.178.208.102 - - [08/Jan/2023:14:46:50 -0800] "GET /eink/einhaus11d.jpg HTTP/1.1" 200 65708 "https://www.ysfine.com/class54/tallman.html" "Mozilla/5.0 (Windows NT 10.0; Win64; x64) AppleWebKit/537.36 (KHTML, like Gecko) Chrome/108.0.0.0 Safari/537.36 Edg/108.0.1462.76" "www.ysfine.com"
71.178.208.102 - - [08/Jan/2023:14:46:50 -0800] "GET /class54/kwk11d.jpg HTTP/1.1" 200 82141 "https://www.ysfine.com/class54/tallman.html" "Mozilla/5.0 (Windows NT 10.0; Win64; x64) AppleWebKit/537.36 (KHTML, like Gecko) Chrome/108.0.0.0 Safari/537.36 Edg/108.0.1462.76" "www.ysfine.com"
71.178.208.102 - - [08/Jan/2023:14:46:50 -0800] "GET /class54/kazan017d.jpg HTTP/1.1" 200 55583 "https://www.ysfine.com/class54/tallman.html" "Mozilla/5.0 (Windows NT 10.0; Win64; x64) AppleWebKit/537.36 (KHTML, like Gecko) Chrome/108.0.0.0 Safari/537.36 Edg/108.0.1462.76" "www.ysfine.com"
71.178.208.102 - - [08/Jan/2023:14:46:50 -0800] "GET /class54/novik22d.jpg HTTP/1.1" 200 35416 "https://www.ysfine.com/class54/tallman.html" "Mozilla/5.0 (Windows NT 10.0; Win64; x64) AppleWebKit/537.36 (KHTML, like Gecko) Chrome/108.0.0.0 Safari/537.36 Edg/108.0.1462.76" "www.ysfine.com"
71.178.208.102 - - [08/Jan/2023:14:46:50 -0800] "GET /class54/tallm02d.jpg HTTP/1.1" 200 58716 "https://www.ysfine.com/class54/tallman.html" "Mozilla/5.0 (Windows NT 10.0; Win64; x64) AppleWebKit/537.36 (KHTML, like Gecko) Chrome/108.0.0.0 Safari/537.36 Edg/108.0.1462.76" "www.ysfine.com"
71.178.208.102 - - [08/Jan/2023:14:46:50 -0800] "GET /class54/tallm06d.jpg HTTP/1.1" 200 54068 "https://www.ysfine.com/class54/tallman.html" "Mozilla/5.0 (Windows NT 10.0; Win64; x64) AppleWebKit/537.36 (KHTML, like Gecko) Chrome/108.0.0.0 Safari/537.36 Edg/108.0.1462.76" "www.ysfine.com"
157.55.39.149 - - [08/Jan/2023:14:46:52 -0800] "GET /world/germany/tumap11.jpg HTTP/1.1" 200 658871 "-" "Mozilla/5.0 (compatible; bingbot/2.0; +http://www.bing.com/bingbot.htm)" "www.ysfine.com"
71.178.208.102 - - [08/Jan/2023:14:46:56 -0800] "GET /class54/tallm03.jpg HTTP/1.1" 200 218202 "https://www.ysfine.com/bio54.html" "Mozilla/5.0 (Windows NT 10.0; Win64; x64) AppleWebKit/537.36 (KHTML, like Gecko) Chrome/108.0.0.0 Safari/537.36 Edg/108.0.1462.76" "www.ysfine.com"
71.178.208.102 - - [08/Jan/2023:14:47:24 -0800] "GET /style/ystyle.html HTTP/1.1" 200 1450 "https://www.ysfine.com/bio54.html" "Mozilla/5.0 (Windows NT 10.0; Win64; x64) AppleWebKit/537.36 (KHTML, like Gecko) Chrome/108.0.0.0 Safari/537.36 Edg/108.0.1462.76" "www.ysfine.com"
71.178.208.102 - - [08/Jan/2023:14:47:25 -0800] "GET /princeton/class2007c.jpg HTTP/1.1" 200 37045 "https://www.ysfine.com/style/ystyle.html" "Mozilla/5.0 (Windows NT 10.0; Win64; x64) AppleWebKit/537.36 (KHTML, like Gecko) Chrome/108.0.0.0 Safari/537.36 Edg/108.0.1462.76" "www.ysfine.com"
71.178.208.102 - - [08/Jan/2023:14:47:25 -0800] "GET /world/baltic/lithuf08c.jpg HTTP/1.1" 200 38987 "https://www.ysfine.com/style/ystyle.html" "Mozilla/5.0 (Windows NT 10.0; Win64; x64) AppleWebKit/537.36 (KHTML, like Gecko) Chrome/108.0.0.0 Safari/537.36 Edg/108.0.1462.76" "www.ysfine.com"
71.178.208.102 - - [08/Jan/2023:14:47:25 -0800] "GET /world/poland/polstu09c.jpg HTTP/1.1" 200 42128 "https://www.ysfine.com/style/ystyle.html" "Mozilla/5.0 (Windows NT 10.0; Win64; x64) AppleWebKit/537.36 (KHTML, like Gecko) Chrome/108.0.0.0 Safari/537.36 Edg/108.0.1462.76" "www.ysfine.com"
71.178.208.102 - - [08/Jan/2023:14:47:25 -0800] "GET /style/ysnr11c.jpg HTTP/1.1" 200 34793 "https://www.ysfine.com/style/ystyle.html" "Mozilla/5.0 (Windows NT 10.0; Win64; x64) AppleWebKit/537.36 (KHTML, like Gecko) Chrome/108.0.0.0 Safari/537.36 Edg/108.0.1462.76" "www.ysfine.com"
157.55.39.149 - - [08/Jan/2023:14:48:13 -0800] "GET /bio/style/proschanie.html HTTP/1.1" 404 88 "-" "Mozilla/5.0 AppleWebKit/537.36 (KHTML, like Gecko; compatible; bingbot/2.0; +http://www.bing.com/bingbot.htm) Chrome/103.0.5060.134 Safari/537.36" "ysfine.com"
207.46.13.31 - - [08/Jan/2023:14:48:28 -0800] "GET /bio/maga/schrodein.html HTTP/1.1" 404 88 "-" "Mozilla/5.0 (compatible; bingbot/2.0; +http://www.bing.com/bingbot.htm)" "ysfine.com"
87.250.224.41 - - [08/Jan/2023:14:48:29 -0800] "GET /robots.txt HTTP/1.1" 404 73 "-" "Mozilla/5.0 (compatible; YandexBot/3.0; +http://yandex.com/bots)" "www.ysfine.com"
71.167.5.197 - - [08/Jan/2023:14:48:30 -0800] "GET /princeton/alexan22.jpg HTTP/1.1" 200 175436 "https://www.google.com/" "Mozilla/5.0 (Macintosh; Intel Mac OS X 10_15_7) AppleWebKit/537.36 (KHTML, like Gecko) Chrome/108.0.0.0 Safari/537.36" "ysfine.com"
87.250.224.47 - - [08/Jan/2023:14:48:33 -0800] "GET /wigner/little.html HTTP/1.1" 200 3088 "-" "Mozilla/5.0 (compatible; YandexBot/3.0; +http://yandex.com/bots) AppleWebKit/537.36 (KHTML, like Gecko) Chrome/81.0.4044.268" "www.ysfine.com"
198.199.76.120 - - [08/Jan/2023:14:48:44 -0800] "GET /wp-includes/wlwmanifest.xml HTTP/1.1" 404 88 "-" "python-requests/2.27.1" "ysfine.com"
198.199.76.120 - - [08/Jan/2023:14:48:44 -0800] "GET /administrator/index.php HTTP/1.1" 404 88 "-" "python-requests/2.27.1" "ysfine.com"
198.199.76.120 - - [08/Jan/2023:14:48:44 -0800] "GET /view-source: HTTP/1.1" 404 88 "-" "python-requests/2.27.1" "ysfine.com"
198.199.76.120 - - [08/Jan/2023:14:48:44 -0800] "GET /misc/ajax.js HTTP/1.1" 404 88 "-" "python-requests/2.27.1" "ysfine.com"
40.77.167.49 - - [08/Jan/2023:14:49:02 -0800] "GET /bio/princeton/campus.html HTTP/1.1" 404 88 "-" "Mozilla/5.0 (compatible; bingbot/2.0; +http://www.bing.com/bingbot.htm)" "ysfine.com"
51.222.253.14 - - [08/Jan/2023:14:50:02 -0800] "GET /class54/class5470/total_data/sub_612.htm HTTP/1.1" 200 3196 "-" "Mozilla/5.0 (compatible; AhrefsBot/7.0; +http://ahrefs.com/robot/)" "www.ysfine.com"
51.222.253.2 - - [08/Jan/2023:14:50:04 -0800] "GET /class54/class5470/total_data/img/06_sportsclub.gif HTTP/1.1" 200 1017 "-" "Mozilla/5.0 (compatible; AhrefsBot/7.0; +http://ahrefs.com/robot/)" "www.ysfine.com"
51.222.253.4 - - [08/Jan/2023:14:50:04 -0800] "GET /class54/class5470/total_data/refer_img/6-1_f.jpg HTTP/1.1" 200 33198 "-" "Mozilla/5.0 (compatible; AhrefsBot/7.0; +http://ahrefs.com/robot/)" "www.ysfine.com"
51.222.253.17 - - [08/Jan/2023:14:50:05 -0800] "GET /class54/class5470/total_data/refer_img/6-5_f.jpg HTTP/1.1" 200 34550 "-" "Mozilla/5.0 (compatible; AhrefsBot/7.0; +http://ahrefs.com/robot/)" "www.ysfine.com"
51.222.253.12 - - [08/Jan/2023:14:50:05 -0800] "GET /class54/class5470/total_data/refer_img/6-11_f.jpg HTTP/1.1" 200 47833 "-" "Mozilla/5.0 (compatible; AhrefsBot/7.0; +http://ahrefs.com/robot/)" "www.ysfine.com"
