51.222.253.11 - - [08/Jan/2023:12:09:57 -0800] "GET /class54/class5470/total_data/img/menu02_on.gif HTTP/1.1" 200 782 "-" "Mozilla/5.0 (compatible; AhrefsBot/7.0; +http://ahrefs.com/robot/)" "ysfine.com"
207.46.13.176 - - [08/Jan/2023:12:10:15 -0800] "GET /bio/eink/buythisbook.html HTTP/1.1" 404 88 "-" "Mozilla/5.0 (compatible; bingbot/2.0; +http://www.bing.com/bingbot.htm)" "ysfine.com"
157.55.39.149 - - [08/Jan/2023:12:10:49 -0800] "GET /bio/style/proschanie.html HTTP/1.1" 404 88 "-" "Mozilla/5.0 AppleWebKit/537.36 (KHTML, like Gecko; compatible; bingbot/2.0; +http://www.bing.com/bingbot.htm) Chrome/103.0.5060.134 Safari/537.36" "ysfine.com"
207.46.13.31 - - [08/Jan/2023:12:10:54 -0800] "GET /bio/feynman/fthtop.html HTTP/1.1" 404 88 "-" "Mozilla/5.0 AppleWebKit/537.36 (KHTML, like Gecko; compatible; bingbot/2.0; +http://www.bing.com/bingbot.htm) Chrome/103.0.5060.134 Safari/537.36" "ysfine.com"
118.184.177.43 - - [08/Jan/2023:12:11:46 -0800] "GET / HTTP/1.1" 200 5295 "-" "Sogou web spider/4.0(+http://www.sogou.com/docs/help/webmasters.htm#07)" "www.ysfine.com"
20.39.193.74 - - [08/Jan/2023:12:11:57 -0800] "GET /data/admin/allowurl.txt HTTP/1.1" 404 88 "-" "Mozilla/5.0 (Windows NT 10.0; WOW64; rv:48.0) Gecko/20100101 Firefox/48.0" "ysfine.com"
157.55.39.72 - - [08/Jan/2023:12:12:35 -0800] "GET /wdc/kennedyc10.jpg HTTP/1.1" 200 77673 "-" "Mozilla/5.0 AppleWebKit/537.36 (KHTML, like Gecko; compatible; bingbot/2.0; +http://www.bing.com/bingbot.htm) Chrome/103.0.5060.134 Safari/537.36" "ysfine.com"
40.77.167.49 - - [08/Jan/2023:12:13:11 -0800] "GET /bio/princeton/campus.html HTTP/1.1" 404 88 "-" "Mozilla/5.0 AppleWebKit/537.36 (KHTML, like Gecko; compatible; bingbot/2.0; +http://www.bing.com/bingbot.htm) Chrome/103.0.5060.134 Safari/537.36" "ysfine.com"
207.46.13.176 - - [08/Jan/2023:12:13:46 -0800] "GET /bio/optics.html HTTP/1.1" 404 88 "-" "Mozilla/5.0 AppleWebKit/537.36 (KHTML, like Gecko; compatible; bingbot/2.0; +http://www.bing.com/bingbot.htm) Chrome/103.0.5060.134 Safari/537.36" "ysfine.com"
172.58.155.171 - - [08/Jan/2023:12:14:02 -0800] "GET /usca/pitt/westifn01.jpg HTTP/1.1" 200 198929 "https://www.google.com/" "Mozilla/5.0 (Linux; Android 10; HPP-L55B) AppleWebKit/537.36 (KHTML, like Gecko) Chrome/106.0.0.0 Mobile Safari/537.36" "ysfine.com"
173.24.255.10 - - [08/Jan/2023:12:15:13 -0800] "GET /maga/histo/desiree21.jpg HTTP/1.1" 200 91829 "https://www.google.com/" "Mozilla/5.0 (Macintosh; Intel Mac OS X 10_15_6) AppleWebKit/605.1.15 (KHTML, like Gecko) Version/15.6.1 Safari/605.1.15" "ysfine.com"
207.46.13.31 - - [08/Jan/2023:12:15:25 -0800] "GET /bio/awards/marq.html HTTP/1.1" 404 88 "-" "Mozilla/5.0 (compatible; bingbot/2.0; +http://www.bing.com/bingbot.htm)" "ysfine.com"
51.222.253.5 - - [08/Jan/2023:12:16:43 -0800] "GET /class54/class5470/total_data/sub_430.htm HTTP/1.1" 200 3252 "-" "Mozilla/5.0 (compatible; AhrefsBot/7.0; +http://ahrefs.com/robot/)" "ysfine.com"
51.222.253.12 - - [08/Jan/2023:12:16:45 -0800] "GET /class54/class5470/total_data/img/04_smtitle30.gif HTTP/1.1" 200 905 "-" "Mozilla/5.0 (compatible; AhrefsBot/7.0; +http://ahrefs.com/robot/)" "ysfine.com"
157.55.39.149 - - [08/Jan/2023:12:18:29 -0800] "GET /ysbio/folks/korean.html HTTP/1.1" 404 88 "-" "Mozilla/5.0 (compatible; bingbot/2.0; +http://www.bing.com/bingbot.htm)" "ysfine.com"
40.77.167.49 - - [08/Jan/2023:12:19:42 -0800] "GET /bio/world/trier.html HTTP/1.1" 404 88 "-" "Mozilla/5.0 AppleWebKit/537.36 (KHTML, like Gecko; compatible; bingbot/2.0; +http://www.bing.com/bingbot.htm) Chrome/103.0.5060.134 Safari/537.36" "ysfine.com"
79.53.176.118 - - [08/Jan/2023:12:19:57 -0800] "GET /maga/phys/yukafeyn.jpg HTTP/1.1" 200 111167 "https://www.google.com/" "Mozilla/5.0 (Windows NT 10.0; Win64; x64) AppleWebKit/537.36 (KHTML, like Gecko) Chrome/108.0.0.0 Safari/537.36" "ysfine.com"
207.46.13.143 - - [08/Jan/2023:12:21:05 -0800] "GET /bio/wigner/wigpoinc.html HTTP/1.1" 404 88 "-" "Mozilla/5.0 AppleWebKit/537.36 (KHTML, like Gecko; compatible; bingbot/2.0; +http://www.bing.com/bingbot.htm) Chrome/103.0.5060.134 Safari/537.36" "ysfine.com"
114.119.155.228 - - [08/Jan/2023:12:21:48 -0800] "GET /kobak/moscowk.html HTTP/1.1" 200 3683 "https://ysfine.com/kobak/yskor.html" "Mozilla/5.0 (Linux; Android 7.0;) AppleWebKit/537.36 (KHTML, like Gecko) Mobile Safari/537.36 (compatible; PetalBot;+https://webmaster.petalsearch.com/site/petalbot)" "ysfine.com"
40.77.167.49 - - [08/Jan/2023:12:21:58 -0800] "GET /wdc/gtown17.jpg HTTP/1.1" 200 160830 "-" "Mozilla/5.0 (compatible; bingbot/2.0; +http://www.bing.com/bingbot.htm)" "www.ysfine.com"
207.46.13.31 - - [08/Jan/2023:12:22:56 -0800] "GET /ysbio/folks/fdw.html HTTP/1.1" 404 88 "-" "Mozilla/5.0 AppleWebKit/537.36 (KHTML, like Gecko; compatible; bingbot/2.0; +http://www.bing.com/bingbot.htm) Chrome/103.0.5060.134 Safari/537.36" "ysfine.com"
168.119.190.187 - - [08/Jan/2023:12:23:10 -0800] "GET /world/poland/chopin01.jpg HTTP/1.1" 200 182498 "-" "Mozilla/5.0 (X11; Fedora; Linux x86_64) AppleWebKit/537.36 (KHTML, like Gecko) Chrome/79.0.3945.117 Safari/537.36" "ysfine.com"
114.119.152.204 - - [08/Jan/2023:12:23:16 -0800] "GET /friends/hungarf.html HTTP/1.1" 404 88 "https://ysfine.com/class54/emailed01.html" "Mozilla/5.0 (Linux; Android 7.0;) AppleWebKit/537.36 (KHTML, like Gecko) Mobile Safari/537.36 (compatible; PetalBot;+https://webmaster.petalsearch.com/site/petalbot)" "ysfine.com"
157.55.39.72 - - [08/Jan/2023:12:23:27 -0800] "GET /bio/style/rieu.html HTTP/1.1" 404 88 "-" "Mozilla/5.0 (compatible; bingbot/2.0; +http://www.bing.com/bingbot.htm)" "ysfine.com"
51.222.253.4 - - [08/Jan/2023:12:23:28 -0800] "GET /wigner/wigrigh.html HTTP/1.1" 200 2476 "-" "Mozilla/5.0 (compatible; AhrefsBot/7.0; +http://ahrefs.com/robot/)" "www.ysfine.com"
51.222.253.10 - - [08/Jan/2023:12:23:29 -0800] "GET /wigner/wigkim22b.jpg HTTP/1.1" 200 33880 "-" "Mozilla/5.0 (compatible; AhrefsBot/7.0; +http://ahrefs.com/robot/)" "www.ysfine.com"
51.222.253.11 - - [08/Jan/2023:12:23:30 -0800] "GET /wigner/isomor66b.jpg HTTP/1.1" 200 60963 "-" "Mozilla/5.0 (compatible; AhrefsBot/7.0; +http://ahrefs.com/robot/)" "www.ysfine.com"
40.77.167.17 - - [08/Jan/2023:12:23:36 -0800] "GET /bio/world/leipzig.html HTTP/1.1" 404 88 "-" "Mozilla/5.0 (compatible; bingbot/2.0; +http://www.bing.com/bingbot.htm)" "ysfine.com"
216.244.66.229 - - [08/Jan/2023:12:23:51 -0800] "GET /robots.txt HTTP/1.1" 404 73 "-" "Mozilla/5.0 (compatible; DotBot/1.2; +https://opensiteexplorer.org/dotbot; help@moz.com)" "www.ysfine.com"
17.241.75.219 - - [08/Jan/2023:12:24:38 -0800] "GET /articles/euler.pdf HTTP/1.1" 401 90 "-" "Mozilla/5.0 (Macintosh; Intel Mac OS X 10_15_5) AppleWebKit/605.1.15 (KHTML, like Gecko) Version/13.1.1 Safari/605.1.15 (Applebot/0.1; +http://www.apple.com/go/applebot)" "ysfine.com"
66.249.66.94 - - [08/Jan/2023:12:26:14 -0800] "GET /friends/francef.html HTTP/1.1" 404 88 "-" "Mozilla/5.0 (compatible; Googlebot/2.1; +http://www.google.com/bot.html)" "ysfine.com"
40.77.167.17 - - [08/Jan/2023:12:27:57 -0800] "GET /bio/kobak/namdae.html HTTP/1.1" 404 88 "-" "Mozilla/5.0 AppleWebKit/537.36 (KHTML, like Gecko; compatible; bingbot/2.0; +http://www.bing.com/bingbot.htm) Chrome/103.0.5060.134 Safari/537.36" "ysfine.com"
216.244.66.229 - - [08/Jan/2023:12:28:25 -0800] "GET /ffriends/aline/aal06.jpg HTTP/1.1" 200 63507 "-" "Mozilla/5.0 (compatible; DotBot/1.2; +https://opensiteexplorer.org/dotbot; help@moz.com)" "www.ysfine.com"
216.244.66.229 - - [08/Jan/2023:12:28:38 -0800] "GET /ffriends/aline/lufthan06.jpg HTTP/1.1" 200 171106 "-" "Mozilla/5.0 (compatible; DotBot/1.2; +https://opensiteexplorer.org/dotbot; help@moz.com)" "www.ysfine.com"
40.77.167.49 - - [08/Jan/2023:12:29:01 -0800] "GET /bio/wigner/e(2).html HTTP/1.1" 404 88 "-" "Mozilla/5.0 AppleWebKit/537.36 (KHTML, like Gecko; compatible; bingbot/2.0; +http://www.bing.com/bingbot.htm) Chrome/103.0.5060.134 Safari/537.36" "ysfine.com"
216.244.66.229 - - [08/Jan/2023:12:29:16 -0800] "GET /world/europe/ams004.jpg HTTP/1.1" 200 213862 "-" "Mozilla/5.0 (compatible; DotBot/1.2; +https://opensiteexplorer.org/dotbot; help@moz.com)" "www.ysfine.com"
216.244.66.229 - - [08/Jan/2023:12:29:59 -0800] "GET /eink/kbrain11.jpg HTTP/1.1" 200 68880 "-" "Mozilla/5.0 (compatible; DotBot/1.2; +https://opensiteexplorer.org/dotbot; help@moz.com)" "www.ysfine.com"
216.244.66.229 - - [08/Jan/2023:12:30:40 -0800] "GET /ffriends/aline/pakis44.jpg HTTP/1.1" 200 127227 "-" "Mozilla/5.0 (compatible; DotBot/1.2; +https://opensiteexplorer.org/dotbot; help@moz.com)" "www.ysfine.com"
157.55.39.149 - - [08/Jan/2023:12:31:11 -0800] "GET /bio/dirac/bankers.html HTTP/1.1" 404 88 "-" "Mozilla/5.0 (compatible; bingbot/2.0; +http://www.bing.com/bingbot.htm)" "ysfine.com"
51.222.253.10 - - [08/Jan/2023:12:31:11 -0800] "GET /class54/class5470/total_data/sub_431.htm HTTP/1.1" 200 3219 "-" "Mozilla/5.0 (compatible; AhrefsBot/7.0; +http://ahrefs.com/robot/)" "ysfine.com"
157.55.39.72 - - [08/Jan/2023:12:31:48 -0800] "GET /bio/kobak/soraech.html HTTP/1.1" 404 88 "-" "Mozilla/5.0 AppleWebKit/537.36 (KHTML, like Gecko; compatible; bingbot/2.0; +http://www.bing.com/bingbot.htm) Chrome/103.0.5060.134 Safari/537.36" "ysfine.com"
40.77.167.17 - - [08/Jan/2023:12:32:57 -0800] "GET /bio/style/leica.html HTTP/1.1" 404 88 "-" "Mozilla/5.0 AppleWebKit/537.36 (KHTML, like Gecko; compatible; bingbot/2.0; +http://www.bing.com/bingbot.htm) Chrome/103.0.5060.134 Safari/537.36" "ysfine.com"
31.142.59.48 - - [08/Jan/2023:12:33:18 -0800] "GET /wigner/neum/vnc07.jpg HTTP/1.1" 200 95908 "https://www.google.com/" "Mozilla/5.0 (Linux; Android 11; G310) AppleWebKit/537.36 (KHTML, like Gecko) Chrome/108.0.0.0 Mobile Safari/537.36" "ysfine.com"
216.244.66.229 - - [08/Jan/2023:12:33:21 -0800] "GET /beau/german.html HTTP/1.1" 404 73 "-" "Mozilla/5.0 (compatible; DotBot/1.2; +https://opensiteexplorer.org/dotbot; help@moz.com)" "www.ysfine.com"
40.77.167.17 - - [08/Jan/2023:12:33:27 -0800] "GET /bio/einstein/bern.html HTTP/1.1" 404 88 "-" "Mozilla/5.0 (compatible; bingbot/2.0; +http://www.bing.com/bingbot.htm)" "ysfine.com"
40.77.167.49 - - [08/Jan/2023:12:33:32 -0800] "GET /bio/style/ystyle.html HTTP/1.1" 404 88 "-" "Mozilla/5.0 AppleWebKit/537.36 (KHTML, like Gecko; compatible; bingbot/2.0; +http://www.bing.com/bingbot.htm) Chrome/103.0.5060.134 Safari/537.36" "ysfine.com"
31.142.59.48 - - [08/Jan/2023:12:33:58 -0800] "GET /wigner/neum/vnc06.jpg HTTP/1.1" 200 112606 "https://www.google.com/" "Mozilla/5.0 (Linux; Android 11; G310) AppleWebKit/537.36 (KHTML, like Gecko) Chrome/108.0.0.0 Mobile Safari/537.36" "ysfine.com"
81.235.44.63 - - [08/Jan/2023:12:34:11 -0800] "GET /world/russ/mosko01.jpg HTTP/1.1" 200 74314 "https://www.google.com/" "Mozilla/5.0 (Windows NT 10.0; Win64; x64; rv:108.0) Gecko/20100101 Firefox/108.0" "ysfine.com"
31.142.59.48 - - [08/Jan/2023:12:34:26 -0800] "GET /wigner/neum/vnc09.jpg HTTP/1.1" 200 112484 "https://www.google.com/" "Mozilla/5.0 (Linux; Android 11; G310) AppleWebKit/537.36 (KHTML, like Gecko) Chrome/108.0.0.0 Mobile Safari/537.36" "ysfine.com"
104.54.113.104 - - [08/Jan/2023:12:34:40 -0800] "GET /kowar/shinsm11c.jpg HTTP/1.1" 200 43567 "https://www.google.com/" "Mozilla/5.0 (Macintosh; Intel Mac OS X 10_15_7) AppleWebKit/537.36 (KHTML, like Gecko) Chrome/108.0.0.0 Safari/537.36" "ysfine.com"
144.64.153.148 - - [08/Jan/2023:12:35:14 -0800] "GET /style/chopingr22.jpg HTTP/1.1" 200 59814 "https://www.google.com/" "Mozilla/5.0 (Windows NT 10.0; Win64; x64) AppleWebKit/537.36 (KHTML, like Gecko) Chrome/108.0.0.0 Safari/537.36" "ysfine.com"
52.146.58.236 - - [08/Jan/2023:12:35:16 -0800] "GET /philo/sartre66.jpg HTTP/1.1" 200 239329 "-" "DuckDuckBot/1.1; (+http://duckduckgo.com/duckduckbot.html)" "ysfine.com"
207.46.13.143 - - [08/Jan/2023:12:35:17 -0800] "GET /usca/norl/missi26b.jpg HTTP/1.1" 200 38185 "-" "Mozilla/5.0 (compatible; bingbot/2.0; +http://www.bing.com/bingbot.htm)" "ysfine.com"
40.77.167.17 - - [08/Jan/2023:12:36:28 -0800] "GET /bio/awards/iao.html HTTP/1.1" 404 88 "-" "Mozilla/5.0 AppleWebKit/537.36 (KHTML, like Gecko; compatible; bingbot/2.0; +http://www.bing.com/bingbot.htm) Chrome/103.0.5060.134 Safari/537.36" "ysfine.com"
207.46.13.176 - - [08/Jan/2023:12:36:50 -0800] "GET /bio.html HTTP/1.1" 200 18260 "-" "Mozilla/5.0 (compatible; bingbot/2.0; +http://www.bing.com/bingbot.htm)" "ysfine.com"
51.222.253.17 - - [08/Jan/2023:12:39:06 -0800] "GET /class54/class5470/total_data/sub_422.htm HTTP/1.1" 200 3220 "-" "Mozilla/5.0 (compatible; AhrefsBot/7.0; +http://ahrefs.com/robot/)" "ysfine.com"
67.181.41.130 - - [08/Jan/2023:12:40:11 -0800] "GET /world/brit/etonharrow.html HTTP/1.1" 200 4544 "https://www.google.com/" "Mozilla/5.0 (iPhone; CPU iPhone OS 15_5 like Mac OS X) AppleWebKit/605.1.15 (KHTML, like Gecko) CriOS/108.0.5359.52 Mobile/15E148 Safari/604.1" "ysfine.com"
67.181.41.130 - - [08/Jan/2023:12:40:12 -0800] "GET /world/brit/winston01b.jpg HTTP/1.1" 200 38436 "https://ysfine.com/world/brit/etonharrow.html" "Mozilla/5.0 (iPhone; CPU iPhone OS 15_5 like Mac OS X) AppleWebKit/605.1.15 (KHTML, like Gecko) CriOS/108.0.5359.52 Mobile/15E148 Safari/604.1" "ysfine.com"
67.181.41.130 - - [08/Jan/2023:12:40:12 -0800] "GET /kobak/kwk11b.jpg HTTP/1.1" 200 46888 "https://ysfine.com/world/brit/etonharrow.html" "Mozilla/5.0 (iPhone; CPU iPhone OS 15_5 like Mac OS X) AppleWebKit/605.1.15 (KHTML, like Gecko) CriOS/108.0.5359.52 Mobile/15E148 Safari/604.1" "ysfine.com"
67.181.41.130 - - [08/Jan/2023:12:40:12 -0800] "GET /world/brit/eton01b.jpg HTTP/1.1" 200 47771 "https://ysfine.com/world/brit/etonharrow.html" "Mozilla/5.0 (iPhone; CPU iPhone OS 15_5 like Mac OS X) AppleWebKit/605.1.15 (KHTML, like Gecko) CriOS/108.0.5359.52 Mobile/15E148 Safari/604.1" "ysfine.com"
67.181.41.130 - - [08/Jan/2023:12:40:12 -0800] "GET /world/brit/eton02b.jpg HTTP/1.1" 200 39432 "https://ysfine.com/world/brit/etonharrow.html" "Mozilla/5.0 (iPhone; CPU iPhone OS 15_5 like Mac OS X) AppleWebKit/605.1.15 (KHTML, like Gecko) CriOS/108.0.5359.52 Mobile/15E148 Safari/604.1" "ysfine.com"
67.181.41.130 - - [08/Jan/2023:12:40:12 -0800] "GET /world/brit/eton07b.jpg HTTP/1.1" 200 36566 "https://ysfine.com/world/brit/etonharrow.html" "Mozilla/5.0 (iPhone; CPU iPhone OS 15_5 like Mac OS X) AppleWebKit/605.1.15 (KHTML, like Gecko) CriOS/108.0.5359.52 Mobile/15E148 Safari/604.1" "ysfine.com"
67.181.41.130 - - [08/Jan/2023:12:40:12 -0800] "GET /world/brit/nehru11b.jpg HTTP/1.1" 200 43052 "https://ysfine.com/world/brit/etonharrow.html" "Mozilla/5.0 (iPhone; CPU iPhone OS 15_5 like Mac OS X) AppleWebKit/605.1.15 (KHTML, like Gecko) CriOS/108.0.5359.52 Mobile/15E148 Safari/604.1" "ysfine.com"
67.181.41.130 - - [08/Jan/2023:12:40:12 -0800] "GET /world/brit/eton03b.jpg HTTP/1.1" 200 45141 "https://ysfine.com/world/brit/etonharrow.html" "Mozilla/5.0 (iPhone; CPU iPhone OS 15_5 like Mac OS X) AppleWebKit/605.1.15 (KHTML, like Gecko) CriOS/108.0.5359.52 Mobile/15E148 Safari/604.1" "ysfine.com"
67.181.41.130 - - [08/Jan/2023:12:40:13 -0800] "GET /world/brit/windsor02b.jpg HTTP/1.1" 200 40724 "https://ysfine.com/world/brit/etonharrow.html" "Mozilla/5.0 (iPhone; CPU iPhone OS 15_5 like Mac OS X) AppleWebKit/605.1.15 (KHTML, like Gecko) CriOS/108.0.5359.52 Mobile/15E148 Safari/604.1" "ysfine.com"
67.181.41.130 - - [08/Jan/2023:12:40:13 -0800] "GET /eink/pwk19c.jpg HTTP/1.1" 200 57759 "https://ysfine.com/world/brit/etonharrow.html" "Mozilla/5.0 (iPhone; CPU iPhone OS 15_5 like Mac OS X) AppleWebKit/605.1.15 (KHTML, like Gecko) CriOS/108.0.5359.52 Mobile/15E148 Safari/604.1" "ysfine.com"
67.181.41.130 - - [08/Jan/2023:12:40:13 -0800] "GET /kobak/taylor33c.jpg HTTP/1.1" 200 39951 "https://ysfine.com/world/brit/etonharrow.html" "Mozilla/5.0 (iPhone; CPU iPhone OS 15_5 like Mac OS X) AppleWebKit/605.1.15 (KHTML, like Gecko) CriOS/108.0.5359.52 Mobile/15E148 Safari/604.1" "ysfine.com"
67.181.41.130 - - [08/Jan/2023:12:40:13 -0800] "GET /world/brit/harrow01b.jpg HTTP/1.1" 200 54632 "https://ysfine.com/world/brit/etonharrow.html" "Mozilla/5.0 (iPhone; CPU iPhone OS 15_5 like Mac OS X) AppleWebKit/605.1.15 (KHTML, like Gecko) CriOS/108.0.5359.52 Mobile/15E148 Safari/604.1" "ysfine.com"
67.181.41.130 - - [08/Jan/2023:12:40:13 -0800] "GET /world/brit/harrow09b.jpg HTTP/1.1" 200 48797 "https://ysfine.com/world/brit/etonharrow.html" "Mozilla/5.0 (iPhone; CPU iPhone OS 15_5 like Mac OS X) AppleWebKit/605.1.15 (KHTML, like Gecko) CriOS/108.0.5359.52 Mobile/15E148 Safari/604.1" "ysfine.com"
67.181.41.130 - - [08/Jan/2023:12:40:13 -0800] "GET /world/brit/harrow11b.jpg HTTP/1.1" 200 42533 "https://ysfine.com/world/brit/etonharrow.html" "Mozilla/5.0 (iPhone; CPU iPhone OS 15_5 like Mac OS X) AppleWebKit/605.1.15 (KHTML, like Gecko) CriOS/108.0.5359.52 Mobile/15E148 Safari/604.1" "ysfine.com"
67.181.41.130 - - [08/Jan/2023:12:40:14 -0800] "GET /world/brit/harrow04b.jpg HTTP/1.1" 200 48004 "https://ysfine.com/world/brit/etonharrow.html" "Mozilla/5.0 (iPhone; CPU iPhone OS 15_5 like Mac OS X) AppleWebKit/605.1.15 (KHTML, like Gecko) CriOS/108.0.5359.52 Mobile/15E148 Safari/604.1" "ysfine.com"
67.181.41.130 - - [08/Jan/2023:12:40:14 -0800] "GET /world/brit/harrow12b.jpg HTTP/1.1" 200 45104 "https://ysfine.com/world/brit/etonharrow.html" "Mozilla/5.0 (iPhone; CPU iPhone OS 15_5 like Mac OS X) AppleWebKit/605.1.15 (KHTML, like Gecko) CriOS/108.0.5359.52 Mobile/15E148 Safari/604.1" "ysfine.com"
207.46.13.31 - - [08/Jan/2023:12:40:17 -0800] "GET /bio/harmoarchi.html HTTP/1.1" 404 88 "-" "Mozilla/5.0 AppleWebKit/537.36 (KHTML, like Gecko; compatible; bingbot/2.0; +http://www.bing.com/bingbot.htm) Chrome/103.0.5060.134 Safari/537.36" "ysfine.com"
207.46.13.143 - - [08/Jan/2023:12:41:17 -0800] "GET /saram/g106.jpg HTTP/1.1" 200 105280 "-" "Mozilla/5.0 (compatible; bingbot/2.0; +http://www.bing.com/bingbot.htm)" "ysfine.com"
45.32.119.133 - - [08/Jan/2023:12:41:17 -0800] "GET /e/data/js/ajax.js HTTP/1.1" 404 88 "-" "Mozilla/5.0 (Windows NT 10.0; WOW64; rv:48.0) Gecko/20100101 Firefox/48.0" "ysfine.com"
31.151.92.243 - - [08/Jan/2023:12:41:26 -0800] "GET /heisen/bohrheisen11.jpg HTTP/1.1" 200 104546 "https://www.google.nl/" "Mozilla/5.0 (iPhone; CPU iPhone OS 16_1_1 like Mac OS X) AppleWebKit/605.1.15 (KHTML, like Gecko) Version/16.1 Mobile/15E148 Safari/604.1" "ysfine.com"
207.46.13.143 - - [08/Jan/2023:12:42:28 -0800] "GET /bio/genea.html HTTP/1.1" 404 88 "-" "Mozilla/5.0 AppleWebKit/537.36 (KHTML, like Gecko; compatible; bingbot/2.0; +http://www.bing.com/bingbot.htm) Chrome/103.0.5060.134 Safari/537.36" "ysfine.com"
157.55.39.149 - - [08/Jan/2023:12:43:02 -0800] "GET /world/latina/cancun08.jpg HTTP/1.1" 200 99670 "-" "Mozilla/5.0 (compatible; bingbot/2.0; +http://www.bing.com/bingbot.htm)" "ysfine.com"
157.55.39.149 - - [08/Jan/2023:12:43:02 -0800] "GET /ysbio/folks/airlines.html HTTP/1.1" 404 88 "-" "Mozilla/5.0 AppleWebKit/537.36 (KHTML, like Gecko; compatible; bingbot/2.0; +http://www.bing.com/bingbot.htm) Chrome/103.0.5060.134 Safari/537.36" "ysfine.com"
51.222.253.12 - - [08/Jan/2023:12:46:34 -0800] "GET /princeton/bagpipes.html HTTP/1.1" 200 245 "-" "Mozilla/5.0 (compatible; AhrefsBot/7.0; +http://ahrefs.com/robot/)" "ysfine.com"
51.222.253.20 - - [08/Jan/2023:12:46:36 -0800] "GET /princeton/bagpipe02.jpg HTTP/1.1" 200 92127 "-" "Mozilla/5.0 (compatible; AhrefsBot/7.0; +http://ahrefs.com/robot/)" "ysfine.com"
51.222.253.16 - - [08/Jan/2023:12:46:36 -0800] "GET /princeton/bagpipe01.jpg HTTP/1.1" 200 80287 "-" "Mozilla/5.0 (compatible; AhrefsBot/7.0; +http://ahrefs.com/robot/)" "ysfine.com"
51.222.253.8 - - [08/Jan/2023:12:46:37 -0800] "GET /princeton/bagpipe09.jpg HTTP/1.1" 404 88 "-" "Mozilla/5.0 (compatible; AhrefsBot/7.0; +http://ahrefs.com/robot/)" "ysfine.com"
51.222.253.8 - - [08/Jan/2023:12:46:37 -0800] "GET /princeton/bagpipe07.jpg HTTP/1.1" 404 88 "-" "Mozilla/5.0 (compatible; AhrefsBot/7.0; +http://ahrefs.com/robot/)" "ysfine.com"
51.222.253.8 - - [08/Jan/2023:12:46:37 -0800] "GET /princeton/bagpipe06.jpg HTTP/1.1" 404 88 "-" "Mozilla/5.0 (compatible; AhrefsBot/7.0; +http://ahrefs.com/robot/)" "ysfine.com"
51.222.253.20 - - [08/Jan/2023:12:46:38 -0800] "GET /princeton/bagpipe04.jpg HTTP/1.1" 404 88 "-" "Mozilla/5.0 (compatible; AhrefsBot/7.0; +http://ahrefs.com/robot/)" "ysfine.com"
51.222.253.14 - - [08/Jan/2023:12:46:38 -0800] "GET /princeton/bagpipe03.jpg HTTP/1.1" 200 77597 "-" "Mozilla/5.0 (compatible; AhrefsBot/7.0; +http://ahrefs.com/robot/)" "ysfine.com"
51.222.253.15 - - [08/Jan/2023:12:46:38 -0800] "GET /princeton/bagpipe05.jpg HTTP/1.1" 404 88 "-" "Mozilla/5.0 (compatible; AhrefsBot/7.0; +http://ahrefs.com/robot/)" "ysfine.com"
207.46.13.176 - - [08/Jan/2023:12:47:39 -0800] "GET /bio/dashen.html HTTP/1.1" 404 88 "-" "Mozilla/5.0 (compatible; bingbot/2.0; +http://www.bing.com/bingbot.htm)" "ysfine.com"
5.161.145.167 - - [08/Jan/2023:12:49:41 -0800] "GET /world/latina/feynplate.html HTTP/1.1" 200 1525 "-" "Mozilla/5.0 (Windows NT 10.0; Win64; x64) AppleWebKit/537.36 (KHTML, like Gecko) Chrome/84.0.4147.105 Safari/537.36" "ysfine.com"
70.171.16.62 - - [08/Jan/2023:12:49:48 -0800] "GET /maga/phys/landau35b.jpg HTTP/1.1" 200 26143 "https://www.google.com/" "Mozilla/5.0 (Macintosh; Intel Mac OS X 10_15_7) AppleWebKit/537.36 (KHTML, like Gecko) Chrome/108.0.0.0 Safari/537.36" "ysfine.com"
40.88.21.235 - - [08/Jan/2023:12:50:07 -0800] "GET / HTTP/1.1" 200 5295 "https://www.ysfine.com/" "Mozilla/5.0 (compatible; DuckDuckGo-Favicons-Bot/1.0; +http://duckduckgo.com)" "www.ysfine.com"
207.46.13.31 - - [08/Jan/2023:12:51:28 -0800] "GET /bio/kobak/yskor.html HTTP/1.1" 404 88 "-" "Mozilla/5.0 AppleWebKit/537.36 (KHTML, like Gecko; compatible; bingbot/2.0; +http://www.bing.com/bingbot.htm) Chrome/103.0.5060.134 Safari/537.36" "ysfine.com"
157.55.39.72 - - [08/Jan/2023:12:51:49 -0800] "GET /newyork/macy04.jpg HTTP/1.1" 200 235502 "-" "Mozilla/5.0 (compatible; bingbot/2.0; +http://www.bing.com/bingbot.htm)" "ysfine.com"
24.0.209.6 - - [08/Jan/2023:12:52:50 -0800] "GET /princeton/nasshall01.jpg HTTP/1.1" 200 169242 "https://www.google.com/" "Mozilla/5.0 (iPhone; CPU iPhone OS 16_1_2 like Mac OS X) AppleWebKit/605.1.15 (KHTML, like Gecko) Version/16.1 Mobile/15E148 Safari/604.1" "ysfine.com"
157.55.39.72 - - [08/Jan/2023:12:53:00 -0800] "GET /bio/world/kalinin22.html HTTP/1.1" 404 88 "-" "Mozilla/5.0 (compatible; bingbot/2.0; +http://www.bing.com/bingbot.htm)" "ysfine.com"
24.0.209.6 - - [08/Jan/2023:12:53:00 -0800] "GET /princeton/alexan11.jpg HTTP/1.1" 200 118946 "https://www.google.com/" "Mozilla/5.0 (iPhone; CPU iPhone OS 16_1_2 like Mac OS X) AppleWebKit/605.1.15 (KHTML, like Gecko) Version/16.1 Mobile/15E148 Safari/604.1" "ysfine.com"
51.222.253.12 - - [08/Jan/2023:12:53:34 -0800] "GET /class54/class5470/total_data/sub_8121.htm HTTP/1.1" 200 3499 "-" "Mozilla/5.0 (compatible; AhrefsBot/7.0; +http://ahrefs.com/robot/)" "www.ysfine.com"
51.222.253.5 - - [08/Jan/2023:12:53:36 -0800] "GET /class54/class5470/total_data/refer_img/8-116_f.jpg HTTP/1.1" 200 39315 "-" "Mozilla/5.0 (compatible; AhrefsBot/7.0; +http://ahrefs.com/robot/)" "www.ysfine.com"
51.222.253.6 - - [08/Jan/2023:12:53:36 -0800] "GET /class54/class5470/total_data/refer_img/8-115_f.jpg HTTP/1.1" 200 67121 "-" "Mozilla/5.0 (compatible; AhrefsBot/7.0; +http://ahrefs.com/robot/)" "www.ysfine.com"
51.222.253.4 - - [08/Jan/2023:12:53:37 -0800] "GET /class54/class5470/total_data/refer_img/8-126_f.jpg HTTP/1.1" 200 40716 "-" "Mozilla/5.0 (compatible; AhrefsBot/7.0; +http://ahrefs.com/robot/)" "www.ysfine.com"
51.222.253.18 - - [08/Jan/2023:12:53:37 -0800] "GET /class54/class5470/total_data/refer_img/8-101_f.jpg HTTP/1.1" 200 44461 "-" "Mozilla/5.0 (compatible; AhrefsBot/7.0; +http://ahrefs.com/robot/)" "www.ysfine.com"
51.222.253.6 - - [08/Jan/2023:12:53:38 -0800] "GET /class54/class5470/total_data/refer_img/8-114_f.jpg HTTP/1.1" 200 30789 "-" "Mozilla/5.0 (compatible; AhrefsBot/7.0; +http://ahrefs.com/robot/)" "www.ysfine.com"
51.222.253.2 - - [08/Jan/2023:12:53:38 -0800] "GET /class54/class5470/total_data/img/08_friendspicuture.gif HTTP/1.1" 200 1051 "-" "Mozilla/5.0 (compatible; AhrefsBot/7.0; +http://ahrefs.com/robot/)" "www.ysfine.com"
51.222.253.14 - - [08/Jan/2023:12:53:39 -0800] "GET /class54/class5470/total_data/refer_img/8-106_f.jpg HTTP/1.1" 200 42841 "-" "Mozilla/5.0 (compatible; AhrefsBot/7.0; +http://ahrefs.com/robot/)" "www.ysfine.com"
51.222.253.5 - - [08/Jan/2023:12:53:39 -0800] "GET /class54/class5470/total_data/refer_img/8-119_f.jpg HTTP/1.1" 200 37366 "-" "Mozilla/5.0 (compatible; AhrefsBot/7.0; +http://ahrefs.com/robot/)" "www.ysfine.com"
51.222.253.14 - - [08/Jan/2023:12:53:40 -0800] "GET /class54/class5470/total_data/refer_img/8-111_f.jpg HTTP/1.1" 200 33083 "-" "Mozilla/5.0 (compatible; AhrefsBot/7.0; +http://ahrefs.com/robot/)" "www.ysfine.com"
51.222.253.8 - - [08/Jan/2023:12:53:40 -0800] "GET /class54/class5470/total_data/refer_img/8-109_f.jpg HTTP/1.1" 200 30630 "-" "Mozilla/5.0 (compatible; AhrefsBot/7.0; +http://ahrefs.com/robot/)" "www.ysfine.com"
51.222.253.12 - - [08/Jan/2023:12:53:41 -0800] "GET /class54/class5470/total_data/refer_img/8-123_f.jpg HTTP/1.1" 200 29262 "-" "Mozilla/5.0 (compatible; AhrefsBot/7.0; +http://ahrefs.com/robot/)" "www.ysfine.com"
51.222.253.19 - - [08/Jan/2023:12:53:41 -0800] "GET /class54/class5470/total_data/refer_img/8-120_f.jpg HTTP/1.1" 200 35891 "-" "Mozilla/5.0 (compatible; AhrefsBot/7.0; +http://ahrefs.com/robot/)" "www.ysfine.com"
51.222.253.10 - - [08/Jan/2023:12:53:42 -0800] "GET /class54/class5470/total_data/img/sm04_off.gif HTTP/1.1" 200 529 "-" "Mozilla/5.0 (compatible; AhrefsBot/7.0; +http://ahrefs.com/robot/)" "www.ysfine.com"
51.222.253.13 - - [08/Jan/2023:12:53:42 -0800] "GET /class54/class5470/total_data/refer_img/8-121_f.jpg HTTP/1.1" 200 39241 "-" "Mozilla/5.0 (compatible; AhrefsBot/7.0; +http://ahrefs.com/robot/)" "www.ysfine.com"
51.222.253.2 - - [08/Jan/2023:12:53:42 -0800] "GET /class54/class5470/total_data/refer_img/8-104_f.jpg HTTP/1.1" 200 45950 "-" "Mozilla/5.0 (compatible; AhrefsBot/7.0; +http://ahrefs.com/robot/)" "www.ysfine.com"
51.222.253.3 - - [08/Jan/2023:12:53:43 -0800] "GET /class54/class5470/total_data/refer_img/8-96_f.jpg HTTP/1.1" 200 48008 "-" "Mozilla/5.0 (compatible; AhrefsBot/7.0; +http://ahrefs.com/robot/)" "www.ysfine.com"
51.222.253.7 - - [08/Jan/2023:12:53:43 -0800] "GET /class54/class5470/total_data/refer_img/8-99_f.jpg HTTP/1.1" 200 39767 "-" "Mozilla/5.0 (compatible; AhrefsBot/7.0; +http://ahrefs.com/robot/)" "www.ysfine.com"
51.222.253.7 - - [08/Jan/2023:12:53:44 -0800] "GET /class54/class5470/total_data/refer_img/8-122_f.jpg HTTP/1.1" 200 37351 "-" "Mozilla/5.0 (compatible; AhrefsBot/7.0; +http://ahrefs.com/robot/)" "www.ysfine.com"
51.222.253.18 - - [08/Jan/2023:12:53:44 -0800] "GET /class54/class5470/total_data/refer_img/8-103_f.jpg HTTP/1.1" 200 35156 "-" "Mozilla/5.0 (compatible; AhrefsBot/7.0; +http://ahrefs.com/robot/)" "www.ysfine.com"
51.222.253.2 - - [08/Jan/2023:12:53:45 -0800] "GET /class54/class5470/total_data/refer_img/8-108_f.jpg HTTP/1.1" 200 42038 "-" "Mozilla/5.0 (compatible; AhrefsBot/7.0; +http://ahrefs.com/robot/)" "www.ysfine.com"
51.222.253.10 - - [08/Jan/2023:12:53:45 -0800] "GET /class54/class5470/total_data/refer_img/8-117_f.jpg HTTP/1.1" 200 36747 "-" "Mozilla/5.0 (compatible; AhrefsBot/7.0; +http://ahrefs.com/robot/)" "www.ysfine.com"
51.222.253.13 - - [08/Jan/2023:12:53:45 -0800] "GET /class54/class5470/total_data/refer_img/8-97_f.jpg HTTP/1.1" 200 50974 "-" "Mozilla/5.0 (compatible; AhrefsBot/7.0; +http://ahrefs.com/robot/)" "www.ysfine.com"
51.222.253.12 - - [08/Jan/2023:12:53:46 -0800] "GET /class54/class5470/total_data/refer_img/8-100_f.jpg HTTP/1.1" 200 44469 "-" "Mozilla/5.0 (compatible; AhrefsBot/7.0; +http://ahrefs.com/robot/)" "www.ysfine.com"
51.222.253.16 - - [08/Jan/2023:12:53:46 -0800] "GET /class54/class5470/total_data/refer_img/8-110_f.jpg HTTP/1.1" 200 37426 "-" "Mozilla/5.0 (compatible; AhrefsBot/7.0; +http://ahrefs.com/robot/)" "www.ysfine.com"
51.222.253.2 - - [08/Jan/2023:12:53:47 -0800] "GET /class54/class5470/total_data/refer_img/8-112_f.jpg HTTP/1.1" 200 32888 "-" "Mozilla/5.0 (compatible; AhrefsBot/7.0; +http://ahrefs.com/robot/)" "www.ysfine.com"
51.222.253.4 - - [08/Jan/2023:12:53:47 -0800] "GET /class54/class5470/total_data/refer_img/8-107_f.jpg HTTP/1.1" 200 47913 "-" "Mozilla/5.0 (compatible; AhrefsBot/7.0; +http://ahrefs.com/robot/)" "www.ysfine.com"
51.222.253.9 - - [08/Jan/2023:12:53:48 -0800] "GET /class54/class5470/total_data/refer_img/8-125_f.jpg HTTP/1.1" 200 29244 "-" "Mozilla/5.0 (compatible; AhrefsBot/7.0; +http://ahrefs.com/robot/)" "www.ysfine.com"
51.222.253.6 - - [08/Jan/2023:12:53:48 -0800] "GET /class54/class5470/total_data/refer_img/8-124_f.jpg HTTP/1.1" 200 30861 "-" "Mozilla/5.0 (compatible; AhrefsBot/7.0; +http://ahrefs.com/robot/)" "www.ysfine.com"
51.222.253.20 - - [08/Jan/2023:12:53:49 -0800] "GET /class54/class5470/total_data/refer_img/8-113_f.jpg HTTP/1.1" 200 38873 "-" "Mozilla/5.0 (compatible; AhrefsBot/7.0; +http://ahrefs.com/robot/)" "www.ysfine.com"
51.222.253.1 - - [08/Jan/2023:12:53:49 -0800] "GET /class54/class5470/total_data/photo_img/8-121.jpg HTTP/1.1" 200 257657 "-" "Mozilla/5.0 (compatible; AhrefsBot/7.0; +http://ahrefs.com/robot/)" "www.ysfine.com"
51.222.253.9 - - [08/Jan/2023:12:53:51 -0800] "GET /class54/class5470/total_data/refer_img/8-105_f.jpg HTTP/1.1" 200 56516 "-" "Mozilla/5.0 (compatible; AhrefsBot/7.0; +http://ahrefs.com/robot/)" "www.ysfine.com"
51.222.253.16 - - [08/Jan/2023:12:53:51 -0800] "GET /class54/class5470/total_data/refer_img/8-98_f.jpg HTTP/1.1" 200 38557 "-" "Mozilla/5.0 (compatible; AhrefsBot/7.0; +http://ahrefs.com/robot/)" "www.ysfine.com"
51.222.253.13 - - [08/Jan/2023:12:53:52 -0800] "GET /class54/class5470/total_data/refer_img/8-102_f.jpg HTTP/1.1" 200 45056 "-" "Mozilla/5.0 (compatible; AhrefsBot/7.0; +http://ahrefs.com/robot/)" "www.ysfine.com"
51.222.253.13 - - [08/Jan/2023:12:53:52 -0800] "GET /class54/class5470/total_data/img/sm01_on.gif HTTP/1.1" 200 382 "-" "Mozilla/5.0 (compatible; AhrefsBot/7.0; +http://ahrefs.com/robot/)" "www.ysfine.com"
207.46.13.171 - - [08/Jan/2023:12:54:59 -0800] "GET /robots.txt HTTP/1.1" 404 88 "-" "Mozilla/5.0 AppleWebKit/537.36 (KHTML, like Gecko; compatible; bingbot/2.0; +http://www.bing.com/bingbot.htm) Chrome/103.0.5060.134 Safari/537.36" "ysfine.com"
157.55.39.149 - - [08/Jan/2023:12:55:03 -0800] "GET /ysbio/wdc/kopol.html HTTP/1.1" 404 88 "-" "Mozilla/5.0 AppleWebKit/537.36 (KHTML, like Gecko; compatible; bingbot/2.0; +http://www.bing.com/bingbot.htm) Chrome/103.0.5060.134 Safari/537.36" "ysfine.com"
185.184.157.102 - - [08/Jan/2023:12:56:26 -0800] "GET /robots.txt HTTP/1.1" 404 88 "-" "Mozilla/5.0 (compatible; linkdexbot/2.0; +http://www.linkdex.com/bots/)" "ysfine.com"
185.184.157.102 - - [08/Jan/2023:12:56:26 -0800] "GET /world/travel.html HTTP/1.1" 200 1633 "-" "Mozilla/5.0 (compatible; linkdexbot/2.0; +http://www.linkdex.com/bots/)" "www.ysfine.com"
185.184.157.102 - - [08/Jan/2023:12:56:27 -0800] "GET /robots.txt HTTP/1.1" 404 88 "-" "Mozilla/5.0 (compatible; linkdexbot/2.0; +http://www.linkdex.com/bots/)" "www.ysfine.com"
94.53.220.43 - - [08/Jan/2023:12:56:27 -0800] "GET /world/poland/polstu13.jpg HTTP/1.1" 200 105551 "https://www.google.ro/" "Mozilla/5.0 (Macintosh; Intel Mac OS X 10_15_7) AppleWebKit/605.1.15 (KHTML, like Gecko) Version/16.2 Safari/605.1.15" "ysfine.com"
207.46.13.31 - - [08/Jan/2023:12:56:48 -0800] "GET /world/china/china021b.jpg HTTP/1.1" 200 37835 "-" "Mozilla/5.0 AppleWebKit/537.36 (KHTML, like Gecko; compatible; bingbot/2.0; +http://www.bing.com/bingbot.htm) Chrome/103.0.5060.134 Safari/537.36" "ysfine.com"
207.46.13.176 - - [08/Jan/2023:12:57:00 -0800] "GET /bio/eink/buythisbook.html HTTP/1.1" 404 88 "-" "Mozilla/5.0 AppleWebKit/537.36 (KHTML, like Gecko; compatible; bingbot/2.0; +http://www.bing.com/bingbot.htm) Chrome/103.0.5060.134 Safari/537.36" "ysfine.com"
93.141.219.130 - - [08/Jan/2023:12:57:42 -0800] "GET /kowar/panmun04.jpg HTTP/1.1" 200 126386 "https://www.google.com/" "Mozilla/5.0 (Windows NT 6.1) AppleWebKit/537.36 (KHTML, like Gecko) Chrome/99.0.4844.84 Safari/537.36 OPR/85.0.4341.47" "ysfine.com"
207.46.13.31 - - [08/Jan/2023:12:57:58 -0800] "GET /bio/style/artlove.html HTTP/1.1" 404 88 "-" "Mozilla/5.0 AppleWebKit/537.36 (KHTML, like Gecko; compatible; bingbot/2.0; +http://www.bing.com/bingbot.htm) Chrome/103.0.5060.134 Safari/537.36" "ysfine.com"
95.63.123.86 - - [08/Jan/2023:12:58:11 -0800] "GET /kobak/rheetr11.jpg HTTP/1.1" 200 184635 "https://www.google.com/" "Mozilla/5.0 (Windows NT 10.0; Win64; x64) AppleWebKit/537.36 (KHTML, like Gecko) Chrome/108.0.0.0 Safari/537.36" "ysfine.com"
40.77.167.49 - - [08/Jan/2023:12:58:14 -0800] "GET /bio/pquartet.html HTTP/1.1" 404 88 "-" "Mozilla/5.0 (compatible; bingbot/2.0; +http://www.bing.com/bingbot.htm)" "ysfine.com"
85.128.143.28 - - [08/Jan/2023:12:58:55 -0800] "HEAD /princeton/gcollege22.jpg HTTP/1.1" 200 - "http://ekolaczki.pl" "Mozilla/5.0 (Windows NT 10.0; Win64; x64) AppleWebKit/537.36 (KHTML, like Gecko) Chrome/70.0.3538.102 Safari/537.36" "ysfine.com"
85.128.143.28 - - [08/Jan/2023:12:58:56 -0800] "GET /princeton/gcollege22.jpg HTTP/1.1" 206 2049 "http://ekolaczki.pl" "Mozilla/5.0 (Windows NT 10.0; Win64; x64) AppleWebKit/537.36 (KHTML, like Gecko) Chrome/70.0.3538.102 Safari/537.36" "ysfine.com"
206.189.193.160 - - [08/Jan/2023:12:59:16 -0800] "GET /usca/neworl.html HTTP/1.1" 200 46025 "-" "Mozilla/5.0 (compatible; Pinterestbot/1.0; +http://www.pinterest.com/bot.html)', \t\t    'Iframely/1.4.0 (+https://mungfali.com)', \t\t\t'Mozilla/5.0 (Macintosh; Intel Mac OS X 10_11_6) AppleWebKit/537.36 (KHTML, like Gecko) Chrome/58.0.3029.110 Safari/537.36', \t\t\t'Mozilla/5.0 (Macintosh; Intel Mac OS X 10_11_1) AppleWebKit/601.2.7 (KHTML, like Gecko) Version/9.0.1 Safari/601.2.7', \t\t\t'Mozilla/5.0 (Macintosh; Intel Mac OS X 10_11) AppleWebKit/601.1.56 (KHTML, like Gecko) Version/9.0 Safari/601.1.56', \t\t\t'Mozilla/5.0 (Macintosh; Intel Mac OS X 10_10_5) AppleWebKit/537.36 (KHTML, like Gecko) Chrome/50.0.2661.102 Safari/537.36', \t\t\t'Mozilla/5.0 (Windows NT 10.0; WOW64) AppleWebKit/537.36 (KHTML, like Gecko) Chrome/46.0.2490.80 Safari/537.36', \t\t\t'Mozilla/5.0 (Windows NT 6.1; WOW64; rv:41.0) Gecko/20100101 Firefox/41.0', \t\t\t'Mozilla/5.0 (Windows NT 6.1; WOW64) AppleWebKit/537.36 (KHTML, like Gecko) Chrome/45.0.2454.101 Safari/537.36', \t\t\t'Mozilla/5.0 (Windows NT 6.1; WOW64) AppleWebKit/537.36 (KHTML, like Gecko) Chrome/46.0.2490.80 Safari/537.36', \t\t\t'Mozilla/5.0 (Windows NT 6.1; WOW64) AppleWebKit/537.36 (KHTML, like Gecko) Chrome/46.0.2490.71 Safari/537.36', \t\t\t'Mozilla/5.0 (Windows NT 6.1; WOW64; Trident/7.0; rv:11.0) like Gecko', \t\t\t'Mozilla/5.0 (Windows NT 6.1; WOW64; Trident/7.0; AS; rv:11.0) like Gecko', \t\t\t'Mozilla/5.0 (Windows; U; Windows NT 5.1; en-US; rv:1.8.1.13) Gecko/20080311 Firefox/2.0.0.13', \t\t\t'Mozilla/5.0 (compatible, MSIE 11, Windows NT 6.3; Trident/7.0; rv:11.0) like Gecko', \t\t\t'Mozilla/5.0 (compatible; MSIE 10.0; Windows NT 6.1; Trident/5.0)" "ysfine.com"
185.184.157.102 - - [08/Jan/2023:13:00:05 -0800] "GET /world/travel.html HTTP/1.1" 200 1633 "-" "Mozilla/5.0 (compatible; linkdexbot/2.0; +http://www.linkdex.com/bots/)" "ysfine.com"
185.184.157.102 - - [08/Jan/2023:13:00:05 -0800] "GET /robots.txt HTTP/1.1" 404 88 "-" "Mozilla/5.0 (compatible; linkdexbot/2.0; +http://www.linkdex.com/bots/)" "ysfine.com"
185.184.157.102 - - [08/Jan/2023:13:00:05 -0800] "GET /robots.txt HTTP/1.1" 404 88 "-" "Mozilla/5.0 (compatible; linkdexbot/2.0; +http://www.linkdex.com/bots/)" "www.ysfine.com"
71.178.208.102 - - [08/Jan/2023:13:00:28 -0800] "GET /ys11/index.html HTTP/1.1" 304 - "-" "Mozilla/5.0 (Linux; Android 5.1.1; KFSUWI) AppleWebKit/537.36 (KHTML, like Gecko) Silk/106.5.7 like Chrome/106.0.5249.208 Safari/537.36" "www.ysfine.com"
71.178.208.102 - - [08/Jan/2023:13:00:29 -0800] "GET /favicon.ico HTTP/1.1" 404 88 "https://www.ysfine.com/ys11/index.html" "Mozilla/5.0 (Linux; Android 5.1.1; KFSUWI) AppleWebKit/537.36 (KHTML, like Gecko) Silk/106.5.7 like Chrome/106.0.5249.208 Safari/537.36" "www.ysfine.com"
40.77.167.49 - - [08/Jan/2023:13:00:30 -0800] "GET /world/ital/repub04.jpg HTTP/1.1" 200 179888 "-" "Mozilla/5.0 (compatible; bingbot/2.0; +http://www.bing.com/bingbot.htm)" "ysfine.com"
5.255.253.118 - - [08/Jan/2023:13:01:01 -0800] "GET /robots.txt HTTP/1.1" 404 73 "-" "Mozilla/5.0 (compatible; YandexBot/3.0; +http://yandex.com/bots)" "www.ysfine.com"
71.178.208.102 - - [08/Jan/2023:13:01:06 -0800] "GET /home/fotos/kazan017d.jpg HTTP/1.1" 200 51055 "https://www.ysfine.com/bio05.html" "Mozilla/5.0 (Linux; Android 5.1.1; KFSUWI) AppleWebKit/537.36 (KHTML, like Gecko) Silk/106.5.7 like Chrome/106.0.5249.208 Safari/537.36" "www.ysfine.com"
71.178.208.102 - - [08/Jan/2023:13:01:06 -0800] "GET /class54/taylor54d.jpg HTTP/1.1" 200 65653 "https://www.ysfine.com/bio05.html" "Mozilla/5.0 (Linux; Android 5.1.1; KFSUWI) AppleWebKit/537.36 (KHTML, like Gecko) Silk/106.5.7 like Chrome/106.0.5249.208 Safari/537.36" "www.ysfine.com"
71.178.208.102 - - [08/Jan/2023:13:01:06 -0800] "GET /home/fotos/tank05d.jpg HTTP/1.1" 200 52601 "https://www.ysfine.com/bio05.html" "Mozilla/5.0 (Linux; Android 5.1.1; KFSUWI) AppleWebKit/537.36 (KHTML, like Gecko) Silk/106.5.7 like Chrome/106.0.5249.208 Safari/537.36" "www.ysfine.com"
71.178.208.102 - - [08/Jan/2023:13:01:06 -0800] "GET /kobak/swr51c.jpg HTTP/1.1" 200 35677 "https://www.ysfine.com/bio05.html" "Mozilla/5.0 (Linux; Android 5.1.1; KFSUWI) AppleWebKit/537.36 (KHTML, like Gecko) Silk/106.5.7 like Chrome/106.0.5249.208 Safari/537.36" "www.ysfine.com"
71.178.208.102 - - [08/Jan/2023:13:01:06 -0800] "GET /home/fig22/ys53d.jpg HTTP/1.1" 200 47161 "https://www.ysfine.com/bio05.html" "Mozilla/5.0 (Linux; Android 5.1.1; KFSUWI) AppleWebKit/537.36 (KHTML, like Gecko) Silk/106.5.7 like Chrome/106.0.5249.208 Safari/537.36" "www.ysfine.com"
71.178.208.102 - - [08/Jan/2023:13:01:06 -0800] "GET /home/fig22/tallm11d.jpg HTTP/1.1" 200 32321 "https://www.ysfine.com/bio05.html" "Mozilla/5.0 (Linux; Android 5.1.1; KFSUWI) AppleWebKit/537.36 (KHTML, like Gecko) Silk/106.5.7 like Chrome/106.0.5249.208 Safari/537.36" "www.ysfine.com"
71.178.208.102 - - [08/Jan/2023:13:01:06 -0800] "GET /home/tallm53f.jpg HTTP/1.1" 200 132310 "https://www.ysfine.com/bio05.html" "Mozilla/5.0 (Linux; Android 5.1.1; KFSUWI) AppleWebKit/537.36 (KHTML, like Gecko) Silk/106.5.7 like Chrome/106.0.5249.208 Safari/537.36" "www.ysfine.com"
71.178.208.102 - - [08/Jan/2023:13:01:06 -0800] "GET /home/fig22/acs96f.jpg HTTP/1.1" 200 118636 "https://www.ysfine.com/bio05.html" "Mozilla/5.0 (Linux; Android 5.1.1; KFSUWI) AppleWebKit/537.36 (KHTML, like Gecko) Silk/106.5.7 like Chrome/106.0.5249.208 Safari/537.36" "www.ysfine.com"
71.178.208.102 - - [08/Jan/2023:13:01:06 -0800] "GET /home/fig22/busan22d.jpg HTTP/1.1" 200 35419 "https://www.ysfine.com/bio05.html" "Mozilla/5.0 (Linux; Android 5.1.1; KFSUWI) AppleWebKit/537.36 (KHTML, like Gecko) Silk/106.5.7 like Chrome/106.0.5249.208 Safari/537.36" "www.ysfine.com"
71.178.208.102 - - [08/Jan/2023:13:01:06 -0800] "GET /home/fig22/acs73f.jpg HTTP/1.1" 200 284573 "https://www.ysfine.com/bio05.html" "Mozilla/5.0 (Linux; Android 5.1.1; KFSUWI) AppleWebKit/537.36 (KHTML, like Gecko) Silk/106.5.7 like Chrome/106.0.5249.208 Safari/537.36" "www.ysfine.com"
71.178.208.102 - - [08/Jan/2023:13:01:05 -0800] "GET /bio05.html HTTP/1.1" 200 6994 "https://www.ysfine.com/ys11/index.html" "Mozilla/5.0 (Linux; Android 5.1.1; KFSUWI) AppleWebKit/537.36 (KHTML, like Gecko) Silk/106.5.7 like Chrome/106.0.5249.208 Safari/537.36" "www.ysfine.com"
87.250.224.144 - - [08/Jan/2023:13:01:05 -0800] "GET /ffriends/hungarian.html HTTP/1.1" 200 2451 "-" "Mozilla/5.0 (compatible; YandexBot/3.0; +http://yandex.com/bots) AppleWebKit/537.36 (KHTML, like Gecko) Chrome/81.0.4044.268" "www.ysfine.com"
71.178.208.102 - - [08/Jan/2023:13:01:06 -0800] "GET /home/eward33f.jpg HTTP/1.1" 200 86617 "https://www.ysfine.com/bio05.html" "Mozilla/5.0 (Linux; Android 5.1.1; KFSUWI) AppleWebKit/537.36 (KHTML, like Gecko) Silk/106.5.7 like Chrome/106.0.5249.208 Safari/537.36" "www.ysfine.com"
71.178.208.102 - - [08/Jan/2023:13:01:06 -0800] "GET /home/fig22/acs22f.jpg HTTP/1.1" 200 107067 "https://www.ysfine.com/bio05.html" "Mozilla/5.0 (Linux; Android 5.1.1; KFSUWI) AppleWebKit/537.36 (KHTML, like Gecko) Silk/106.5.7 like Chrome/106.0.5249.208 Safari/537.36" "www.ysfine.com"
71.178.208.102 - - [08/Jan/2023:13:01:06 -0800] "GET /home/fotos/tank03d.jpg HTTP/1.1" 200 73123 "https://www.ysfine.com/bio05.html" "Mozilla/5.0 (Linux; Android 5.1.1; KFSUWI) AppleWebKit/537.36 (KHTML, like Gecko) Silk/106.5.7 like Chrome/106.0.5249.208 Safari/537.36" "www.ysfine.com"
71.178.208.102 - - [08/Jan/2023:13:01:06 -0800] "GET /home/fig22/cafe33f.jpg HTTP/1.1" 200 147078 "https://www.ysfine.com/bio05.html" "Mozilla/5.0 (Linux; Android 5.1.1; KFSUWI) AppleWebKit/537.36 (KHTML, like Gecko) Silk/106.5.7 like Chrome/106.0.5249.208 Safari/537.36" "www.ysfine.com"
207.46.13.143 - - [08/Jan/2023:13:01:09 -0800] "GET /maga/osc55.pdf HTTP/1.1" 304 - "-" "Mozilla/5.0 AppleWebKit/537.36 (KHTML, like Gecko; compatible; bingbot/2.0; +http://www.bing.com/bingbot.htm) Chrome/103.0.5060.134 Safari/537.36" "www.ysfine.com"
114.119.146.55 - - [08/Jan/2023:13:01:10 -0800] "GET /maga/phil/sisfa12/frame42.html HTTP/1.1" 200 319 "https://ysfine.com/maga/phil/sisfa12/frame43.html" "Mozilla/5.0 (Linux; Android 7.0;) AppleWebKit/537.36 (KHTML, like Gecko) Mobile Safari/537.36 (compatible; PetalBot;+https://webmaster.petalsearch.com/site/petalbot)" "ysfine.com"
71.178.208.102 - - [08/Jan/2023:13:01:25 -0800] "GET /bio54.html HTTP/1.1" 200 7634 "https://www.ysfine.com/ys11/index.html" "Mozilla/5.0 (Linux; Android 5.1.1; KFSUWI) AppleWebKit/537.36 (KHTML, like Gecko) Silk/106.5.7 like Chrome/106.0.5249.208 Safari/537.36" "www.ysfine.com"
71.178.208.102 - - [08/Jan/2023:13:01:25 -0800] "GET /fotos/boy11f.jpg HTTP/1.1" 200 135177 "https://www.ysfine.com/bio54.html" "Mozilla/5.0 (Linux; Android 5.1.1; KFSUWI) AppleWebKit/537.36 (KHTML, like Gecko) Silk/106.5.7 like Chrome/106.0.5249.208 Safari/537.36" "www.ysfine.com"
51.222.253.9 - - [08/Jan/2023:13:02:03 -0800] "GET /class54/class5470/total_data/sub_201.htm HTTP/1.1" 200 3398 "-" "Mozilla/5.0 (compatible; AhrefsBot/7.0; +http://ahrefs.com/robot/)" "www.ysfine.com"
114.119.152.33 - - [08/Jan/2023:13:02:20 -0800] "GET /jobs/ibsform21.docx HTTP/1.1" 200 65388 "https://www.ysfine.com/jobs/koreaj.html" "Mozilla/5.0 (Linux; Android 7.0;) AppleWebKit/537.36 (KHTML, like Gecko) Mobile Safari/537.36 (compatible; PetalBot;+https://webmaster.petalsearch.com/site/petalbot)" "www.ysfine.com"
185.184.157.102 - - [08/Jan/2023:13:02:21 -0800] "GET /ysbio/world/travel.html HTTP/1.1" 404 88 "-" "Mozilla/5.0 (compatible; linkdexbot/2.0; +http://www.linkdex.com/bots/)" "www.ysfine.com"
185.184.157.102 - - [08/Jan/2023:13:02:21 -0800] "GET /robots.txt HTTP/1.1" 404 88 "-" "Mozilla/5.0 (compatible; linkdexbot/2.0; +http://www.linkdex.com/bots/)" "ysfine.com"
185.184.157.102 - - [08/Jan/2023:13:02:22 -0800] "GET /robots.txt HTTP/1.1" 404 88 "-" "Mozilla/5.0 (compatible; linkdexbot/2.0; +http://www.linkdex.com/bots/)" "www.ysfine.com"
157.55.39.149 - - [08/Jan/2023:13:02:44 -0800] "GET /style/musee/uffizi02.jpg HTTP/1.1" 200 122588 "-" "Mozilla/5.0 AppleWebKit/537.36 (KHTML, like Gecko; compatible; bingbot/2.0; +http://www.bing.com/bingbot.htm) Chrome/103.0.5060.134 Safari/537.36" "ysfine.com"
207.46.13.176 - - [08/Jan/2023:13:02:49 -0800] "GET /world/china/dalian01b.jpg HTTP/1.1" 200 70749 "-" "Mozilla/5.0 (compatible; bingbot/2.0; +http://www.bing.com/bingbot.htm)" "ysfine.com"
157.55.39.149 - - [08/Jan/2023:13:03:44 -0800] "GET /bio/style/proschanie.html HTTP/1.1" 404 88 "-" "Mozilla/5.0 (compatible; bingbot/2.0; +http://www.bing.com/bingbot.htm)" "ysfine.com"
71.178.208.102 - - [08/Jan/2023:13:04:07 -0800] "GET /ys11/index.html HTTP/1.1" 304 - "-" "Mozilla/5.0 (Linux; Android 5.1.1; KFSUWI) AppleWebKit/537.36 (KHTML, like Gecko) Silk/106.5.7 like Chrome/106.0.5249.208 Safari/537.36" "www.ysfine.com"
185.184.157.102 - - [08/Jan/2023:13:05:10 -0800] "GET / HTTP/1.1" 200 5295 "-" "Mozilla/5.0 (compatible; linkdexbot/2.0; +http://www.linkdex.com/bots/)" "ysfine.com"
207.46.13.176 - - [08/Jan/2023:13:05:11 -0800] "GET /bio/optics.html HTTP/1.1" 404 88 "-" "Mozilla/5.0 (compatible; bingbot/2.0; +http://www.bing.com/bingbot.htm)" "ysfine.com"
40.77.167.49 - - [08/Jan/2023:13:05:15 -0800] "GET /bio/princeton/campus.html HTTP/1.1" 404 88 "-" "Mozilla/5.0 AppleWebKit/537.36 (KHTML, like Gecko; compatible; bingbot/2.0; +http://www.bing.com/bingbot.htm) Chrome/103.0.5060.134 Safari/537.36" "ysfine.com"
82.44.89.145 - - [08/Jan/2023:13:05:49 -0800] "GET /maga/schroedinger.html HTTP/1.1" 200 6325 "https://www.google.com/" "Mozilla/5.0 (Linux; Android 13; Nokia X10) AppleWebKit/537.36 (KHTML, like Gecko) Chrome/108.0.0.0 Mobile Safari/537.36" "ysfine.com"
82.44.89.145 - - [08/Jan/2023:13:05:49 -0800] "GET /maga/phys/schrod00b.jpg HTTP/1.1" 200 49237 "https://ysfine.com/maga/schroedinger.html" "Mozilla/5.0 (Linux; Android 13; Nokia X10) AppleWebKit/537.36 (KHTML, like Gecko) Chrome/108.0.0.0 Mobile Safari/537.36" "ysfine.com"
82.44.89.145 - - [08/Jan/2023:13:05:49 -0800] "GET /maga/phys/schrod11b.jpg HTTP/1.1" 200 36796 "https://ysfine.com/maga/schroedinger.html" "Mozilla/5.0 (Linux; Android 13; Nokia X10) AppleWebKit/537.36 (KHTML, like Gecko) Chrome/108.0.0.0 Mobile Safari/537.36" "ysfine.com"
82.44.89.145 - - [08/Jan/2023:13:05:50 -0800] "GET /maga/phys/schrod22b.jpg HTTP/1.1" 200 25954 "https://ysfine.com/maga/schroedinger.html" "Mozilla/5.0 (Linux; Android 13; Nokia X10) AppleWebKit/537.36 (KHTML, like Gecko) Chrome/108.0.0.0 Mobile Safari/537.36" "ysfine.com"
82.44.89.145 - - [08/Jan/2023:13:05:50 -0800] "GET /home/goodbad2.jpg HTTP/1.1" 200 17488 "https://ysfine.com/maga/schroedinger.html" "Mozilla/5.0 (Linux; Android 13; Nokia X10) AppleWebKit/537.36 (KHTML, like Gecko) Chrome/108.0.0.0 Mobile Safari/537.36" "ysfine.com"
82.44.89.145 - - [08/Jan/2023:13:05:50 -0800] "GET /maga/boltz/boltz11b.jpg HTTP/1.1" 200 30538 "https://ysfine.com/maga/schroedinger.html" "Mozilla/5.0 (Linux; Android 13; Nokia X10) AppleWebKit/537.36 (KHTML, like Gecko) Chrome/108.0.0.0 Mobile Safari/537.36" "ysfine.com"
82.44.89.145 - - [08/Jan/2023:13:05:50 -0800] "GET /style/schonbr22b.jpg HTTP/1.1" 200 45463 "https://ysfine.com/maga/schroedinger.html" "Mozilla/5.0 (Linux; Android 13; Nokia X10) AppleWebKit/537.36 (KHTML, like Gecko) Chrome/108.0.0.0 Mobile Safari/537.36" "ysfine.com"
82.44.89.145 - - [08/Jan/2023:13:05:50 -0800] "GET /people/zeilinger2.jpg HTTP/1.1" 200 30410 "https://ysfine.com/maga/schroedinger.html" "Mozilla/5.0 (Linux; Android 13; Nokia X10) AppleWebKit/537.36 (KHTML, like Gecko) Chrome/108.0.0.0 Mobile Safari/537.36" "ysfine.com"
82.44.89.145 - - [08/Jan/2023:13:05:50 -0800] "GET /style/vienopera11b.jpg HTTP/1.1" 200 44505 "https://ysfine.com/maga/schroedinger.html" "Mozilla/5.0 (Linux; Android 13; Nokia X10) AppleWebKit/537.36 (KHTML, like Gecko) Chrome/108.0.0.0 Mobile Safari/537.36" "ysfine.com"
82.44.89.145 - - [08/Jan/2023:13:05:50 -0800] "GET /style/augustiner11b.jpg HTTP/1.1" 200 39308 "https://ysfine.com/maga/schroedinger.html" "Mozilla/5.0 (Linux; Android 13; Nokia X10) AppleWebKit/537.36 (KHTML, like Gecko) Chrome/108.0.0.0 Mobile Safari/537.36" "ysfine.com"
82.44.89.145 - - [08/Jan/2023:13:05:50 -0800] "GET /wigner/weiss11b.jpg HTTP/1.1" 200 33141 "https://ysfine.com/maga/schroedinger.html" "Mozilla/5.0 (Linux; Android 13; Nokia X10) AppleWebKit/537.36 (KHTML, like Gecko) Chrome/108.0.0.0 Mobile Safari/537.36" "ysfine.com"
82.44.89.145 - - [08/Jan/2023:13:05:50 -0800] "GET /maga/phil/freud2.jpg HTTP/1.1" 200 40482 "https://ysfine.com/maga/schroedinger.html" "Mozilla/5.0 (Linux; Android 13; Nokia X10) AppleWebKit/537.36 (KHTML, like Gecko) Chrome/108.0.0.0 Mobile Safari/537.36" "ysfine.com"
82.44.89.145 - - [08/Jan/2023:13:05:50 -0800] "GET /world/germany/vienna05b.jpg HTTP/1.1" 200 55394 "https://ysfine.com/maga/schroedinger.html" "Mozilla/5.0 (Linux; Android 13; Nokia X10) AppleWebKit/537.36 (KHTML, like Gecko) Chrome/108.0.0.0 Mobile Safari/537.36" "ysfine.com"
82.44.89.145 - - [08/Jan/2023:13:05:50 -0800] "GET /world/germany/vienna07b.jpg HTTP/1.1" 200 42124 "https://ysfine.com/maga/schroedinger.html" "Mozilla/5.0 (Linux; Android 13; Nokia X10) AppleWebKit/537.36 (KHTML, like Gecko) Chrome/108.0.0.0 Mobile Safari/537.36" "ysfine.com"
82.44.89.145 - - [08/Jan/2023:13:05:50 -0800] "GET /favicon.ico HTTP/1.1" 404 88 "https://ysfine.com/maga/schroedinger.html" "Mozilla/5.0 (Linux; Android 13; Nokia X10) AppleWebKit/537.36 (KHTML, like Gecko) Chrome/108.0.0.0 Mobile Safari/537.36" "ysfine.com"
71.178.208.102 - - [08/Jan/2023:13:06:04 -0800] "GET /bio17.html HTTP/1.1" 200 10820 "https://www.ysfine.com/ys11/index.html" "Mozilla/5.0 (Linux; Android 5.1.1; KFSUWI) AppleWebKit/537.36 (KHTML, like Gecko) Silk/106.5.7 like Chrome/106.0.5249.208 Safari/537.36" "www.ysfine.com"
71.178.208.102 - - [08/Jan/2023:13:06:04 -0800] "GET /awards/ysnr11d.jpg HTTP/1.1" 200 61140 "https://www.ysfine.com/bio17.html" "Mozilla/5.0 (Linux; Android 5.1.1; KFSUWI) AppleWebKit/537.36 (KHTML, like Gecko) Silk/106.5.7 like Chrome/106.0.5249.208 Safari/537.36" "www.ysfine.com"
71.178.208.102 - - [08/Jan/2023:13:06:04 -0800] "GET /awards/dirbust22d.jpg HTTP/1.1" 200 53775 "https://www.ysfine.com/bio17.html" "Mozilla/5.0 (Linux; Android 5.1.1; KFSUWI) AppleWebKit/537.36 (KHTML, like Gecko) Silk/106.5.7 like Chrome/106.0.5249.208 Safari/537.36" "www.ysfine.com"
71.178.208.102 - - [08/Jan/2023:13:06:04 -0800] "GET /awards/iaotp152d.jpg HTTP/1.1" 200 54105 "https://www.ysfine.com/bio17.html" "Mozilla/5.0 (Linux; Android 5.1.1; KFSUWI) AppleWebKit/537.36 (KHTML, like Gecko) Silk/106.5.7 like Chrome/106.0.5249.208 Safari/537.36" "www.ysfine.com"
