172.58.142.49 - - [21/Dec/2022:15:19:17 -0800] "GET /wdc/waskor021b.jpg HTTP/1.1" 200 39381 "https://ysfine.com/wdc/waskor.html" "Mozilla/5.0 (Windows NT 10.0; Win64; x64) AppleWebKit/537.36 (KHTML, like Gecko) Chrome/108.0.0.0 Safari/537.36" "ysfine.com"
172.58.142.49 - - [21/Dec/2022:15:19:17 -0800] "GET /wdc/waskor001b.jpg HTTP/1.1" 200 38381 "https://ysfine.com/wdc/waskor.html" "Mozilla/5.0 (Windows NT 10.0; Win64; x64) AppleWebKit/537.36 (KHTML, like Gecko) Chrome/108.0.0.0 Safari/537.36" "ysfine.com"
172.58.142.49 - - [21/Dec/2022:15:19:17 -0800] "GET /wdc/kobell12b.jpg HTTP/1.1" 200 45322 "https://ysfine.com/wdc/waskor.html" "Mozilla/5.0 (Windows NT 10.0; Win64; x64) AppleWebKit/537.36 (KHTML, like Gecko) Chrome/108.0.0.0 Safari/537.36" "ysfine.com"
172.58.142.49 - - [21/Dec/2022:15:19:17 -0800] "GET /wdc/jhoonrhee22b.jpg HTTP/1.1" 200 37166 "https://ysfine.com/wdc/waskor.html" "Mozilla/5.0 (Windows NT 10.0; Win64; x64) AppleWebKit/537.36 (KHTML, like Gecko) Chrome/108.0.0.0 Safari/537.36" "ysfine.com"
172.58.142.49 - - [21/Dec/2022:15:19:17 -0800] "GET /kobak/taylor33c.jpg HTTP/1.1" 200 39951 "https://ysfine.com/wdc/waskor.html" "Mozilla/5.0 (Windows NT 10.0; Win64; x64) AppleWebKit/537.36 (KHTML, like Gecko) Chrome/108.0.0.0 Safari/537.36" "ysfine.com"
172.58.142.49 - - [21/Dec/2022:15:19:17 -0800] "GET /wdc/waskor032b.jpg HTTP/1.1" 200 39248 "https://ysfine.com/wdc/waskor.html" "Mozilla/5.0 (Windows NT 10.0; Win64; x64) AppleWebKit/537.36 (KHTML, like Gecko) Chrome/108.0.0.0 Safari/537.36" "ysfine.com"
172.58.142.49 - - [21/Dec/2022:15:19:17 -0800] "GET /kobak/1014b.jpg HTTP/1.1" 200 42115 "https://ysfine.com/wdc/waskor.html" "Mozilla/5.0 (Windows NT 10.0; Win64; x64) AppleWebKit/537.36 (KHTML, like Gecko) Chrome/108.0.0.0 Safari/537.36" "ysfine.com"
172.58.142.49 - - [21/Dec/2022:15:19:17 -0800] "GET /wdc/kobell09b.jpg HTTP/1.1" 200 42139 "https://ysfine.com/wdc/waskor.html" "Mozilla/5.0 (Windows NT 10.0; Win64; x64) AppleWebKit/537.36 (KHTML, like Gecko) Chrome/108.0.0.0 Safari/537.36" "ysfine.com"
172.58.142.49 - - [21/Dec/2022:15:19:17 -0800] "GET /wdc/waskor014b.jpg HTTP/1.1" 200 26478 "https://ysfine.com/wdc/waskor.html" "Mozilla/5.0 (Windows NT 10.0; Win64; x64) AppleWebKit/537.36 (KHTML, like Gecko) Chrome/108.0.0.0 Safari/537.36" "ysfine.com"
172.58.142.49 - - [21/Dec/2022:15:19:17 -0800] "GET /wdc/kobell04b.jpg HTTP/1.1" 200 50058 "https://ysfine.com/wdc/waskor.html" "Mozilla/5.0 (Windows NT 10.0; Win64; x64) AppleWebKit/537.36 (KHTML, like Gecko) Chrome/108.0.0.0 Safari/537.36" "ysfine.com"
172.58.142.49 - - [21/Dec/2022:15:19:17 -0800] "GET /wdc/waskor024b.jpg HTTP/1.1" 200 38489 "https://ysfine.com/wdc/waskor.html" "Mozilla/5.0 (Windows NT 10.0; Win64; x64) AppleWebKit/537.36 (KHTML, like Gecko) Chrome/108.0.0.0 Safari/537.36" "ysfine.com"
172.58.142.49 - - [21/Dec/2022:15:19:17 -0800] "GET /wdc/worldbank03b.jpg HTTP/1.1" 200 49778 "https://ysfine.com/wdc/waskor.html" "Mozilla/5.0 (Windows NT 10.0; Win64; x64) AppleWebKit/537.36 (KHTML, like Gecko) Chrome/108.0.0.0 Safari/537.36" "ysfine.com"
172.58.142.49 - - [21/Dec/2022:15:19:17 -0800] "GET /wdc/wasopera11b.jpg HTTP/1.1" 200 33919 "https://ysfine.com/wdc/waskor.html" "Mozilla/5.0 (Windows NT 10.0; Win64; x64) AppleWebKit/537.36 (KHTML, like Gecko) Chrome/108.0.0.0 Safari/537.36" "ysfine.com"
172.58.142.49 - - [21/Dec/2022:15:19:17 -0800] "GET /wdc/waskor005b.jpg HTTP/1.1" 200 38155 "https://ysfine.com/wdc/waskor.html" "Mozilla/5.0 (Windows NT 10.0; Win64; x64) AppleWebKit/537.36 (KHTML, like Gecko) Chrome/108.0.0.0 Safari/537.36" "ysfine.com"
172.58.142.49 - - [21/Dec/2022:15:19:17 -0800] "GET /wdc/kobell14b.jpg HTTP/1.1" 200 50054 "https://ysfine.com/wdc/waskor.html" "Mozilla/5.0 (Windows NT 10.0; Win64; x64) AppleWebKit/537.36 (KHTML, like Gecko) Chrome/108.0.0.0 Safari/537.36" "ysfine.com"
157.55.39.79 - - [21/Dec/2022:15:20:26 -0800] "GET /bio/genea.html HTTP/1.1" 404 88 "-" "Mozilla/5.0 AppleWebKit/537.36 (KHTML, like Gecko; compatible; bingbot/2.0; +http://www.bing.com/bingbot.htm) Chrome/103.0.5060.134 Safari/537.36" "ysfine.com"
148.252.128.44 - - [21/Dec/2022:15:20:32 -0800] "GET /maga/pupin.html HTTP/1.1" 200 5043 "https://www.google.com/" "Mozilla/5.0 (Linux; Android 9; FIG-LX1) AppleWebKit/537.36 (KHTML, like Gecko) Chrome/108.0.0.0 Mobile Safari/537.36" "ysfine.com"
148.252.128.44 - - [21/Dec/2022:15:20:32 -0800] "GET /maga/invent/pupin11b.jpg HTTP/1.1" 200 37046 "https://ysfine.com/maga/pupin.html" "Mozilla/5.0 (Linux; Android 9; FIG-LX1) AppleWebKit/537.36 (KHTML, like Gecko) Chrome/108.0.0.0 Mobile Safari/537.36" "ysfine.com"
148.252.128.44 - - [21/Dec/2022:15:20:32 -0800] "GET /newyork/colum01b.jpg HTTP/1.1" 200 44600 "https://ysfine.com/maga/pupin.html" "Mozilla/5.0 (Linux; Android 9; FIG-LX1) AppleWebKit/537.36 (KHTML, like Gecko) Chrome/108.0.0.0 Mobile Safari/537.36" "ysfine.com"
148.252.128.44 - - [21/Dec/2022:15:20:32 -0800] "GET /newyork/colum05b.jpg HTTP/1.1" 200 58646 "https://ysfine.com/maga/pupin.html" "Mozilla/5.0 (Linux; Android 9; FIG-LX1) AppleWebKit/537.36 (KHTML, like Gecko) Chrome/108.0.0.0 Mobile Safari/537.36" "ysfine.com"
148.252.128.44 - - [21/Dec/2022:15:20:32 -0800] "GET /maga/invent/helmholtz2.jpg HTTP/1.1" 200 38274 "https://ysfine.com/maga/pupin.html" "Mozilla/5.0 (Linux; Android 9; FIG-LX1) AppleWebKit/537.36 (KHTML, like Gecko) Chrome/108.0.0.0 Mobile Safari/537.36" "ysfine.com"
148.252.128.44 - - [21/Dec/2022:15:20:32 -0800] "GET /maga/invent/pupin22b.jpg HTTP/1.1" 200 26769 "https://ysfine.com/maga/pupin.html" "Mozilla/5.0 (Linux; Android 9; FIG-LX1) AppleWebKit/537.36 (KHTML, like Gecko) Chrome/108.0.0.0 Mobile Safari/537.36" "ysfine.com"
148.252.128.44 - - [21/Dec/2022:15:20:32 -0800] "GET /maga/invent/armstrong2.jpg HTTP/1.1" 200 79616 "https://ysfine.com/maga/pupin.html" "Mozilla/5.0 (Linux; Android 9; FIG-LX1) AppleWebKit/537.36 (KHTML, like Gecko) Chrome/108.0.0.0 Mobile Safari/537.36" "ysfine.com"
148.252.128.44 - - [21/Dec/2022:15:20:32 -0800] "GET /maga/invent/hertz2.jpg HTTP/1.1" 200 43644 "https://ysfine.com/maga/pupin.html" "Mozilla/5.0 (Linux; Android 9; FIG-LX1) AppleWebKit/537.36 (KHTML, like Gecko) Chrome/108.0.0.0 Mobile Safari/537.36" "ysfine.com"
148.252.128.44 - - [21/Dec/2022:15:20:32 -0800] "GET /maga/invent/pupin33b.jpg HTTP/1.1" 200 38057 "https://ysfine.com/maga/pupin.html" "Mozilla/5.0 (Linux; Android 9; FIG-LX1) AppleWebKit/537.36 (KHTML, like Gecko) Chrome/108.0.0.0 Mobile Safari/537.36" "ysfine.com"
148.252.128.44 - - [21/Dec/2022:15:20:35 -0800] "GET /favicon.ico HTTP/1.1" 404 88 "https://ysfine.com/maga/pupin.html" "Mozilla/5.0 (Linux; Android 9; FIG-LX1) AppleWebKit/537.36 (KHTML, like Gecko) Chrome/108.0.0.0 Mobile Safari/537.36" "ysfine.com"
207.46.13.51 - - [21/Dec/2022:15:21:21 -0800] "GET /bio/optics.html HTTP/1.1" 404 88 "-" "Mozilla/5.0 AppleWebKit/537.36 (KHTML, like Gecko; compatible; bingbot/2.0; +http://www.bing.com/bingbot.htm) Chrome/103.0.5060.134 Safari/537.36" "ysfine.com"
148.252.128.44 - - [21/Dec/2022:15:21:51 -0800] "GET /world/kalinin.html HTTP/1.1" 200 9595 "https://ysfine.com/maga/pupin.html" "Mozilla/5.0 (Linux; Android 9; FIG-LX1) AppleWebKit/537.36 (KHTML, like Gecko) Chrome/108.0.0.0 Mobile Safari/537.36" "ysfine.com"
148.252.128.44 - - [21/Dec/2022:15:21:52 -0800] "GET /world/baltic/kalin30b.jpg HTTP/1.1" 200 39566 "https://ysfine.com/world/kalinin.html" "Mozilla/5.0 (Linux; Android 9; FIG-LX1) AppleWebKit/537.36 (KHTML, like Gecko) Chrome/108.0.0.0 Mobile Safari/537.36" "ysfine.com"
148.252.128.44 - - [21/Dec/2022:15:21:52 -0800] "GET /world/baltic/kalinmap99b.jpg HTTP/1.1" 200 50124 "https://ysfine.com/world/kalinin.html" "Mozilla/5.0 (Linux; Android 9; FIG-LX1) AppleWebKit/537.36 (KHTML, like Gecko) Chrome/108.0.0.0 Mobile Safari/537.36" "ysfine.com"
148.252.128.44 - - [21/Dec/2022:15:21:52 -0800] "GET /world/baltic/kalin03b.jpg HTTP/1.1" 200 47262 "https://ysfine.com/world/kalinin.html" "Mozilla/5.0 (Linux; Android 9; FIG-LX1) AppleWebKit/537.36 (KHTML, like Gecko) Chrome/108.0.0.0 Mobile Safari/537.36" "ysfine.com"
148.252.128.44 - - [21/Dec/2022:15:21:52 -0800] "GET /world/baltic/kalin02b.jpg HTTP/1.1" 200 46051 "https://ysfine.com/world/kalinin.html" "Mozilla/5.0 (Linux; Android 9; FIG-LX1) AppleWebKit/537.36 (KHTML, like Gecko) Chrome/108.0.0.0 Mobile Safari/537.36" "ysfine.com"
148.252.128.44 - - [21/Dec/2022:15:21:52 -0800] "GET /maga/phil/marxlon01b.jpg HTTP/1.1" 200 55777 "https://ysfine.com/world/kalinin.html" "Mozilla/5.0 (Linux; Android 9; FIG-LX1) AppleWebKit/537.36 (KHTML, like Gecko) Chrome/108.0.0.0 Mobile Safari/537.36" "ysfine.com"
148.252.128.44 - - [21/Dec/2022:15:21:52 -0800] "GET /world/baltic/kantm08b.jpg HTTP/1.1" 200 32412 "https://ysfine.com/world/kalinin.html" "Mozilla/5.0 (Linux; Android 9; FIG-LX1) AppleWebKit/537.36 (KHTML, like Gecko) Chrome/108.0.0.0 Mobile Safari/537.36" "ysfine.com"
148.252.128.44 - - [21/Dec/2022:15:21:52 -0800] "GET /world/baltic/kantbooks11b.jpg HTTP/1.1" 200 29847 "https://ysfine.com/world/kalinin.html" "Mozilla/5.0 (Linux; Android 9; FIG-LX1) AppleWebKit/537.36 (KHTML, like Gecko) Chrome/108.0.0.0 Mobile Safari/537.36" "ysfine.com"
148.252.128.44 - - [21/Dec/2022:15:21:52 -0800] "GET /world/baltic/kantruss2.jpg HTTP/1.1" 200 49309 "https://ysfine.com/world/kalinin.html" "Mozilla/5.0 (Linux; Android 9; FIG-LX1) AppleWebKit/537.36 (KHTML, like Gecko) Chrome/108.0.0.0 Mobile Safari/537.36" "ysfine.com"
148.252.128.44 - - [21/Dec/2022:15:21:52 -0800] "GET /world/baltic/kantstatue2.jpg HTTP/1.1" 200 50639 "https://ysfine.com/world/kalinin.html" "Mozilla/5.0 (Linux; Android 9; FIG-LX1) AppleWebKit/537.36 (KHTML, like Gecko) Chrome/108.0.0.0 Mobile Safari/537.36" "ysfine.com"
148.252.128.44 - - [21/Dec/2022:15:21:52 -0800] "GET /world/baltic/frombork2.jpg HTTP/1.1" 200 67166 "https://ysfine.com/world/kalinin.html" "Mozilla/5.0 (Linux; Android 9; FIG-LX1) AppleWebKit/537.36 (KHTML, like Gecko) Chrome/108.0.0.0 Mobile Safari/537.36" "ysfine.com"
148.252.128.44 - - [21/Dec/2022:15:21:52 -0800] "GET /world/baltic/kalin01b.jpg HTTP/1.1" 200 49696 "https://ysfine.com/world/kalinin.html" "Mozilla/5.0 (Linux; Android 9; FIG-LX1) AppleWebKit/537.36 (KHTML, like Gecko) Chrome/108.0.0.0 Mobile Safari/537.36" "ysfine.com"
148.252.128.44 - - [21/Dec/2022:15:21:52 -0800] "GET /world/baltic/kalin05b.jpg HTTP/1.1" 200 48785 "https://ysfine.com/world/kalinin.html" "Mozilla/5.0 (Linux; Android 9; FIG-LX1) AppleWebKit/537.36 (KHTML, like Gecko) Chrome/108.0.0.0 Mobile Safari/537.36" "ysfine.com"
148.252.128.44 - - [21/Dec/2022:15:21:52 -0800] "GET /world/baltic/kalinhouse2.jpg HTTP/1.1" 200 45105 "https://ysfine.com/world/kalinin.html" "Mozilla/5.0 (Linux; Android 9; FIG-LX1) AppleWebKit/537.36 (KHTML, like Gecko) Chrome/108.0.0.0 Mobile Safari/537.36" "ysfine.com"
148.252.128.44 - - [21/Dec/2022:15:21:52 -0800] "GET /world/baltic/kalin31b.jpg HTTP/1.1" 200 56139 "https://ysfine.com/world/kalinin.html" "Mozilla/5.0 (Linux; Android 9; FIG-LX1) AppleWebKit/537.36 (KHTML, like Gecko) Chrome/108.0.0.0 Mobile Safari/537.36" "ysfine.com"
148.252.128.44 - - [21/Dec/2022:15:21:52 -0800] "GET /world/baltic/kalinstamp2.jpg HTTP/1.1" 200 43778 "https://ysfine.com/world/kalinin.html" "Mozilla/5.0 (Linux; Android 9; FIG-LX1) AppleWebKit/537.36 (KHTML, like Gecko) Chrome/108.0.0.0 Mobile Safari/537.36" "ysfine.com"
148.252.128.44 - - [21/Dec/2022:15:21:52 -0800] "GET /world/baltic/kalinamber01b.jpg HTTP/1.1" 200 37575 "https://ysfine.com/world/kalinin.html" "Mozilla/5.0 (Linux; Android 9; FIG-LX1) AppleWebKit/537.36 (KHTML, like Gecko) Chrome/108.0.0.0 Mobile Safari/537.36" "ysfine.com"
148.252.128.44 - - [21/Dec/2022:15:21:52 -0800] "GET /world/baltic/kalinfamily2.jpg HTTP/1.1" 200 36963 "https://ysfine.com/world/kalinin.html" "Mozilla/5.0 (Linux; Android 9; FIG-LX1) AppleWebKit/537.36 (KHTML, like Gecko) Chrome/108.0.0.0 Mobile Safari/537.36" "ysfine.com"
148.252.128.44 - - [21/Dec/2022:15:21:52 -0800] "GET /world/baltic/kalinmap22b.jpg HTTP/1.1" 200 33385 "https://ysfine.com/world/kalinin.html" "Mozilla/5.0 (Linux; Android 9; FIG-LX1) AppleWebKit/537.36 (KHTML, like Gecko) Chrome/108.0.0.0 Mobile Safari/537.36" "ysfine.com"
148.252.128.44 - - [21/Dec/2022:15:21:52 -0800] "GET /eink/eink61c.jpg HTTP/1.1" 200 34119 "https://ysfine.com/world/kalinin.html" "Mozilla/5.0 (Linux; Android 9; FIG-LX1) AppleWebKit/537.36 (KHTML, like Gecko) Chrome/108.0.0.0 Mobile Safari/537.36" "ysfine.com"
148.252.128.44 - - [21/Dec/2022:15:21:52 -0800] "GET /world/baltic/kalin11b.jpg HTTP/1.1" 200 32717 "https://ysfine.com/world/kalinin.html" "Mozilla/5.0 (Linux; Android 9; FIG-LX1) AppleWebKit/537.36 (KHTML, like Gecko) Chrome/108.0.0.0 Mobile Safari/537.36" "ysfine.com"
66.249.66.94 - - [21/Dec/2022:15:22:02 -0800] "GET /wigner/gim/gimn31.jpg HTTP/1.1" 304 - "-" "Googlebot-Image/1.0" "ysfine.com"
148.252.128.44 - - [21/Dec/2022:15:22:04 -0800] "GET /world/baltic/kalinmap99.jpg HTTP/1.1" 200 104807 "https://ysfine.com/world/kalinin.html" "Mozilla/5.0 (Linux; Android 9; FIG-LX1) AppleWebKit/537.36 (KHTML, like Gecko) Chrome/108.0.0.0 Mobile Safari/537.36" "ysfine.com"
207.46.13.8 - - [21/Dec/2022:15:22:27 -0800] "GET /wdc/capitol03.jpg HTTP/1.1" 200 79173 "-" "Mozilla/5.0 (compatible; bingbot/2.0; +http://www.bing.com/bingbot.htm)" "www.ysfine.com"
207.46.13.144 - - [21/Dec/2022:15:22:50 -0800] "GET /bio/pquartet.html HTTP/1.1" 404 88 "-" "Mozilla/5.0 (compatible; bingbot/2.0; +http://www.bing.com/bingbot.htm)" "ysfine.com"
116.203.121.16 - - [21/Dec/2022:15:22:58 -0800] "GET /world/ital/vatican18.jpg HTTP/1.1" 200 66915 "-" "Mozilla/5.0 (X11; Fedora; Linux x86_64) AppleWebKit/537.36 (KHTML, like Gecko) Chrome/79.0.3945.117 Safari/537.36" "ysfine.com"
207.46.13.51 - - [21/Dec/2022:15:23:08 -0800] "GET /beau/gatti02b.jpg HTTP/1.1" 404 88 "-" "Mozilla/5.0 (compatible; bingbot/2.0; +http://www.bing.com/bingbot.htm)" "ysfine.com"
178.155.204.230 - - [21/Dec/2022:15:23:29 -0800] "GET /world/scandi/nbi26.jpg HTTP/1.1" 200 75196 "https://www.google.dk/" "Mozilla/5.0 (Macintosh; Intel Mac OS X 10_15_6) AppleWebKit/605.1.15 (KHTML, like Gecko) Version/15.6.1 Safari/605.1.15" "ysfine.com"
114.119.130.111 - - [21/Dec/2022:15:23:45 -0800] "GET /home/bio03.html HTTP/1.1" 404 88 "-" "Mozilla/5.0 (Linux; Android 7.0;) AppleWebKit/537.36 (KHTML, like Gecko) Mobile Safari/537.36 (compatible; PetalBot;+https://webmaster.petalsearch.com/site/petalbot)" "ysfine.com"
51.222.253.5 - - [21/Dec/2022:15:24:04 -0800] "GET /ffriends/british.html HTTP/1.1" 200 3195 "-" "Mozilla/5.0 (compatible; AhrefsBot/7.0; +http://ahrefs.com/robot/)" "ysfine.com"
114.119.144.41 - - [21/Dec/2022:15:24:06 -0800] "GET /remote/sisfa12aa/frame54.html HTTP/1.1" 200 319 "https://ysfine.com/remote/sisfa12aa/frame53.html" "Mozilla/5.0 (Linux; Android 7.0;) AppleWebKit/537.36 (KHTML, like Gecko) Mobile Safari/537.36 (compatible; PetalBot;+https://webmaster.petalsearch.com/site/petalbot)" "ysfine.com"
51.222.253.4 - - [21/Dec/2022:15:24:07 -0800] "GET /ffriends/london01b.jpg HTTP/1.1" 200 54700 "-" "Mozilla/5.0 (compatible; AhrefsBot/7.0; +http://ahrefs.com/robot/)" "ysfine.com"
51.222.253.11 - - [21/Dec/2022:15:24:07 -0800] "GET /ffriends/britstu05b.jpg HTTP/1.1" 200 27478 "-" "Mozilla/5.0 (compatible; AhrefsBot/7.0; +http://ahrefs.com/robot/)" "ysfine.com"
51.222.253.1 - - [21/Dec/2022:15:24:08 -0800] "GET /style/cameras/lumixfan11b.jpg HTTP/1.1" 200 35886 "-" "Mozilla/5.0 (compatible; AhrefsBot/7.0; +http://ahrefs.com/robot/)" "ysfine.com"
51.222.253.16 - - [21/Dec/2022:15:24:08 -0800] "GET /ffriends/english11b.jpg HTTP/1.1" 200 42696 "-" "Mozilla/5.0 (compatible; AhrefsBot/7.0; +http://ahrefs.com/robot/)" "ysfine.com"
51.222.253.2 - - [21/Dec/2022:15:24:09 -0800] "GET /ffriends/aline/virgin02b.jpg HTTP/1.1" 200 35677 "-" "Mozilla/5.0 (compatible; AhrefsBot/7.0; +http://ahrefs.com/robot/)" "ysfine.com"
51.222.253.14 - - [21/Dec/2022:15:24:09 -0800] "GET /ffriends/britmuc01b.jpg HTTP/1.1" 200 34269 "-" "Mozilla/5.0 (compatible; AhrefsBot/7.0; +http://ahrefs.com/robot/)" "ysfine.com"
51.222.253.1 - - [21/Dec/2022:15:24:09 -0800] "GET /world/brit/harrow02b.jpg HTTP/1.1" 200 38403 "-" "Mozilla/5.0 (compatible; AhrefsBot/7.0; +http://ahrefs.com/robot/)" "ysfine.com"
51.222.253.15 - - [21/Dec/2022:15:24:10 -0800] "GET /ffriends/aline/british11b.jpg HTTP/1.1" 200 40555 "-" "Mozilla/5.0 (compatible; AhrefsBot/7.0; +http://ahrefs.com/robot/)" "ysfine.com"
51.222.253.11 - - [21/Dec/2022:15:24:10 -0800] "GET /world/brit/2014lon01b.jpg HTTP/1.1" 200 47261 "-" "Mozilla/5.0 (compatible; AhrefsBot/7.0; +http://ahrefs.com/robot/)" "ysfine.com"
157.55.39.79 - - [21/Dec/2022:15:25:08 -0800] "GET /ysbio/eink51.jpg HTTP/1.1" 404 88 "-" "Mozilla/5.0 AppleWebKit/537.36 (KHTML, like Gecko; compatible; bingbot/2.0; +http://www.bing.com/bingbot.htm) Chrome/103.0.5060.134 Safari/537.36" "www.ysfine.com"
114.119.143.177 - - [21/Dec/2022:15:25:32 -0800] "GET /maga/phil/sisfa12/frame04.html HTTP/1.1" 200 320 "https://ysfine.com/maga/phil/sisfa12/frame05.html" "Mozilla/5.0 (Linux; Android 7.0;) AppleWebKit/537.36 (KHTML, like Gecko) Mobile Safari/537.36 (compatible; PetalBot;+https://webmaster.petalsearch.com/site/petalbot)" "ysfine.com"
207.46.13.51 - - [21/Dec/2022:15:25:41 -0800] "GET /bio/style/rieu.html HTTP/1.1" 404 88 "-" "Mozilla/5.0 (compatible; bingbot/2.0; +http://www.bing.com/bingbot.htm)" "ysfine.com"
207.46.13.144 - - [21/Dec/2022:15:25:49 -0800] "GET /bio/wigner/e(2).html HTTP/1.1" 404 88 "-" "Mozilla/5.0 (compatible; bingbot/2.0; +http://www.bing.com/bingbot.htm)" "ysfine.com"
66.249.66.92 - - [21/Dec/2022:15:25:56 -0800] "GET /people/dhan11.jpg HTTP/1.1" 200 118299 "-" "Googlebot-Image/1.0" "ysfine.com"
157.55.39.1 - - [21/Dec/2022:15:26:32 -0800] "GET /ysbio/folks/service.html HTTP/1.1" 404 88 "-" "Mozilla/5.0 AppleWebKit/537.36 (KHTML, like Gecko; compatible; bingbot/2.0; +http://www.bing.com/bingbot.htm) Chrome/103.0.5060.134 Safari/537.36" "ysfine.com"
51.222.253.2 - - [21/Dec/2022:15:26:45 -0800] "GET /princeton/prospect.html HTTP/1.1" 200 425 "-" "Mozilla/5.0 (compatible; AhrefsBot/7.0; +http://ahrefs.com/robot/)" "ysfine.com"
51.222.253.8 - - [21/Dec/2022:15:26:47 -0800] "GET /princeton/pros53.jpg HTTP/1.1" 200 103506 "-" "Mozilla/5.0 (compatible; AhrefsBot/7.0; +http://ahrefs.com/robot/)" "ysfine.com"
207.46.13.109 - - [21/Dec/2022:15:26:48 -0800] "GET /bio/harmoarchi.html HTTP/1.1" 404 88 "-" "Mozilla/5.0 (compatible; bingbot/2.0; +http://www.bing.com/bingbot.htm)" "ysfine.com"
51.222.253.1 - - [21/Dec/2022:15:26:48 -0800] "GET /princeton/pros55.jpg HTTP/1.1" 200 133329 "-" "Mozilla/5.0 (compatible; AhrefsBot/7.0; +http://ahrefs.com/robot/)" "ysfine.com"
51.222.253.2 - - [21/Dec/2022:15:26:49 -0800] "GET /princeton/pros51.jpg HTTP/1.1" 200 105206 "-" "Mozilla/5.0 (compatible; AhrefsBot/7.0; +http://ahrefs.com/robot/)" "ysfine.com"
51.222.253.4 - - [21/Dec/2022:15:26:49 -0800] "GET /princeton/pros52.jpg HTTP/1.1" 200 91958 "-" "Mozilla/5.0 (compatible; AhrefsBot/7.0; +http://ahrefs.com/robot/)" "ysfine.com"
51.222.253.10 - - [21/Dec/2022:15:26:50 -0800] "GET /princeton/pros54.jpg HTTP/1.1" 200 119354 "-" "Mozilla/5.0 (compatible; AhrefsBot/7.0; +http://ahrefs.com/robot/)" "ysfine.com"
114.119.143.226 - - [21/Dec/2022:15:27:07 -0800] "GET /kobak/underw81.pdf HTTP/1.1" 200 2013682 "https://ysfine.com/kowar/sampal.html" "Mozilla/5.0 (Linux; Android 7.0;) AppleWebKit/537.36 (KHTML, like Gecko) Mobile Safari/537.36 (compatible; PetalBot;+https://webmaster.petalsearch.com/site/petalbot)" "ysfine.com"
157.55.39.79 - - [21/Dec/2022:15:27:20 -0800] "GET /bio/world/season.html HTTP/1.1" 404 88 "-" "Mozilla/5.0 AppleWebKit/537.36 (KHTML, like Gecko; compatible; bingbot/2.0; +http://www.bing.com/bingbot.htm) Chrome/103.0.5060.134 Safari/537.36" "ysfine.com"
207.46.13.109 - - [21/Dec/2022:15:27:37 -0800] "GET /bio/sbk/1950.html HTTP/1.1" 404 88 "-" "Mozilla/5.0 (compatible; bingbot/2.0; +http://www.bing.com/bingbot.htm)" "ysfine.com"
49.179.74.239 - - [21/Dec/2022:15:27:43 -0800] "GET /world/brit/eton01.jpg HTTP/1.1" 200 126845 "https://www.google.com/" "Mozilla/5.0 (iPhone; CPU iPhone OS 15_6 like Mac OS X) AppleWebKit/605.1.15 (KHTML, like Gecko) CriOS/108.0.5359.52 Mobile/15E148 Safari/604.1" "ysfine.com"
114.119.135.120 - - [21/Dec/2022:15:28:27 -0800] "GET /jobs/yst.docx HTTP/1.1" 200 23342 "http://ysfine.com/jobs/koreaj.html" "Mozilla/5.0 (Linux; Android 7.0;) AppleWebKit/537.36 (KHTML, like Gecko) Mobile Safari/537.36 (compatible; PetalBot;+https://webmaster.petalsearch.com/site/petalbot)" "ysfine.com"
77.168.164.214 - - [21/Dec/2022:15:29:06 -0800] "GET /feynman/ppic/parton88a.jpg HTTP/1.1" 200 55506 "https://www.google.com/" "Mozilla/5.0 (Linux; Android 11; AC2003 Build/RP1A.201005.001; wv) AppleWebKit/537.36 (KHTML, like Gecko) Version/4.0 Chrome/108.0.5359.128 Mobile Safari/537.36 GoogleApp/13.48.11.26.arm64" "ysfine.com"
157.55.39.79 - - [21/Dec/2022:15:29:07 -0800] "GET /wdc/whxmas12.jpg HTTP/1.1" 200 85147 "-" "Mozilla/5.0 AppleWebKit/537.36 (KHTML, like Gecko; compatible; bingbot/2.0; +http://www.bing.com/bingbot.htm) Chrome/103.0.5060.134 Safari/537.36" "ysfine.com"
114.119.155.205 - - [21/Dec/2022:15:29:33 -0800] "GET /class54/class5470/total_data/sub_212.htm HTTP/1.1" 200 3399 "https://ysfine.com/class54/class5470/total_data/sub_202.htm" "Mozilla/5.0 (Linux; Android 7.0;) AppleWebKit/537.36 (KHTML, like Gecko) Mobile Safari/537.36 (compatible; PetalBot;+https://webmaster.petalsearch.com/site/petalbot)" "ysfine.com"
5.255.253.101 - - [21/Dec/2022:15:29:36 -0800] "GET /world/russ/?C=S;O=D HTTP/1.1" 200 18005 "-" "Mozilla/5.0 (compatible; YandexBot/3.0; +http://yandex.com/bots)" "www.ysfine.com"
207.46.13.51 - - [21/Dec/2022:15:29:51 -0800] "GET /bio/kobak/soraech.html HTTP/1.1" 404 88 "-" "Mozilla/5.0 AppleWebKit/537.36 (KHTML, like Gecko; compatible; bingbot/2.0; +http://www.bing.com/bingbot.htm) Chrome/103.0.5060.134 Safari/537.36" "ysfine.com"
51.222.253.6 - - [21/Dec/2022:15:29:51 -0800] "GET /class54/class5470/total_data/sub_222.htm HTTP/1.1" 200 3410 "-" "Mozilla/5.0 (compatible; AhrefsBot/7.0; +http://ahrefs.com/robot/)" "ysfine.com"
17.241.227.49 - - [21/Dec/2022:15:29:53 -0800] "GET /people/sbt.html HTTP/1.1" 200 529 "-" "Mozilla/5.0 (Macintosh; Intel Mac OS X 10_15_5) AppleWebKit/605.1.15 (KHTML, like Gecko) Version/13.1.1 Safari/605.1.15 (Applebot/0.1; +http://www.apple.com/go/applebot)" "ysfine.com"
51.222.253.2 - - [21/Dec/2022:15:29:53 -0800] "GET /class54/class5470/total_data/img/02_smtitle20.gif HTTP/1.1" 200 492 "-" "Mozilla/5.0 (compatible; AhrefsBot/7.0; +http://ahrefs.com/robot/)" "ysfine.com"
66.249.66.212 - - [21/Dec/2022:15:30:20 -0800] "GET /newyork/wtc01f.jpg HTTP/1.1" 200 109489 "-" "Googlebot-Image/1.0" "ysfine.com"
207.46.13.144 - - [21/Dec/2022:15:30:39 -0800] "GET /bio/princeton/campus.html HTTP/1.1" 404 88 "-" "Mozilla/5.0 (compatible; bingbot/2.0; +http://www.bing.com/bingbot.htm)" "ysfine.com"
207.46.13.144 - - [21/Dec/2022:15:30:40 -0800] "GET /bio/style/ystyle.html HTTP/1.1" 404 88 "-" "Mozilla/5.0 AppleWebKit/537.36 (KHTML, like Gecko; compatible; bingbot/2.0; +http://www.bing.com/bingbot.htm) Chrome/103.0.5060.134 Safari/537.36" "ysfine.com"
114.119.141.53 - - [21/Dec/2022:15:31:22 -0800] "GET /class54/class5470/total_data/sub_352.htm HTTP/1.1" 200 3307 "https://ysfine.com/class54/class5470/total_data/sub_357.htm" "Mozilla/5.0 (Linux; Android 7.0;) AppleWebKit/537.36 (KHTML, like Gecko) Mobile Safari/537.36 (compatible; PetalBot;+https://webmaster.petalsearch.com/site/petalbot)" "ysfine.com"
5.188.210.30 - - [21/Dec/2022:15:31:48 -0800] "GET /world/travel.html HTTP/1.1" 200 5186 "https://www.ysfine.com/world/travel.html" "Mozilla/5.0 (Windows NT 6.1; Win64; x64) AppleWebKit/537.36 (KHTML, like Gecko) Chrome/90.0.4430.93 Safari/537.36" "www.ysfine.com"
5.188.210.30 - - [21/Dec/2022:15:31:49 -0800] "GET / HTTP/1.1" 200 15920 "https://www.ysfine.com/" "Mozilla/5.0 (Windows NT 6.1; Win64; x64) AppleWebKit/537.36 (KHTML, like Gecko) Chrome/90.0.4430.93 Safari/537.36" "www.ysfine.com"
114.119.133.91 - - [21/Dec/2022:15:32:24 -0800] "GET /remote/sisfa12aa/frame37.html HTTP/1.1" 200 319 "https://ysfine.com/remote/sisfa12aa/frame36.html" "Mozilla/5.0 (Linux; Android 7.0;) AppleWebKit/537.36 (KHTML, like Gecko) Mobile Safari/537.36 (compatible; PetalBot;+https://webmaster.petalsearch.com/site/petalbot)" "ysfine.com"
157.55.39.1 - - [21/Dec/2022:15:32:53 -0800] "GET /bio/kobak/namdae.html HTTP/1.1" 404 88 "-" "Mozilla/5.0 (compatible; bingbot/2.0; +http://www.bing.com/bingbot.htm)" "ysfine.com"
51.222.253.11 - - [21/Dec/2022:15:32:58 -0800] "GET /class54/class5470/total_data/sub_328.htm HTTP/1.1" 200 3333 "-" "Mozilla/5.0 (compatible; AhrefsBot/7.0; +http://ahrefs.com/robot/)" "www.ysfine.com"
114.119.128.77 - - [21/Dec/2022:15:33:45 -0800] "GET /princeton/prospect.html HTTP/1.1" 200 425 "https://www.ysfine.com/princeton/campus.html" "Mozilla/5.0 (Linux; Android 7.0;) AppleWebKit/537.36 (KHTML, like Gecko) Mobile Safari/537.36 (compatible; PetalBot;+https://webmaster.petalsearch.com/site/petalbot)" "www.ysfine.com"
207.46.13.51 - - [21/Dec/2022:15:33:59 -0800] "GET /beau/amkor/lawren33.jpg HTTP/1.1" 404 88 "-" "Mozilla/5.0 AppleWebKit/537.36 (KHTML, like Gecko; compatible; bingbot/2.0; +http://www.bing.com/bingbot.htm) Chrome/103.0.5060.134 Safari/537.36" "ysfine.com"
207.46.13.51 - - [21/Dec/2022:15:34:00 -0800] "GET /bio.html HTTP/1.1" 200 18074 "-" "Mozilla/5.0 AppleWebKit/537.36 (KHTML, like Gecko; compatible; bingbot/2.0; +http://www.bing.com/bingbot.htm) Chrome/103.0.5060.134 Safari/537.36" "ysfine.com"
157.55.39.1 - - [21/Dec/2022:15:34:53 -0800] "GET /bio/einstein/bern.html HTTP/1.1" 404 88 "-" "Mozilla/5.0 (compatible; bingbot/2.0; +http://www.bing.com/bingbot.htm)" "ysfine.com"
114.119.129.237 - - [21/Dec/2022:15:35:22 -0800] "GET /newyork/nyc.html HTTP/1.1" 200 31389 "https://www.ysfine.com/bio11.html" "Mozilla/5.0 (Linux; Android 7.0;) AppleWebKit/537.36 (KHTML, like Gecko) Mobile Safari/537.36 (compatible; PetalBot;+https://webmaster.petalsearch.com/site/petalbot)" "www.ysfine.com"
207.46.13.109 - - [21/Dec/2022:15:35:28 -0800] "GET /bio/bio07.html HTTP/1.1" 404 88 "-" "Mozilla/5.0 (compatible; bingbot/2.0; +http://www.bing.com/bingbot.htm)" "ysfine.com"
5.255.253.124 - - [21/Dec/2022:15:36:14 -0800] "GET /dirac/dirpoems.html HTTP/1.1" 200 5773 "-" "Mozilla/5.0 (compatible; YandexBot/3.0; +http://yandex.com/bots) AppleWebKit/537.36 (KHTML, like Gecko) Chrome/81.0.4044.268" "www.ysfine.com"
114.119.163.186 - - [21/Dec/2022:15:36:43 -0800] "GET /kobak/rifles.html HTTP/1.1" 200 1360 "https://www.ysfine.com/style/songs22.html" "Mozilla/5.0 (Linux; Android 7.0;) AppleWebKit/537.36 (KHTML, like Gecko) Mobile Safari/537.36 (compatible; PetalBot;+https://webmaster.petalsearch.com/site/petalbot)" "www.ysfine.com"
157.55.39.79 - - [21/Dec/2022:15:36:57 -0800] "GET /ysbio/folks/uscan.html HTTP/1.1" 404 88 "-" "Mozilla/5.0 AppleWebKit/537.36 (KHTML, like Gecko; compatible; bingbot/2.0; +http://www.bing.com/bingbot.htm) Chrome/103.0.5060.134 Safari/537.36" "ysfine.com"
157.55.39.79 - - [21/Dec/2022:15:36:58 -0800] "GET /style/hamako33b.jpg HTTP/1.1" 200 44854 "-" "Mozilla/5.0 (compatible; bingbot/2.0; +http://www.bing.com/bingbot.htm)" "ysfine.com"
51.222.253.8 - - [21/Dec/2022:15:37:12 -0800] "GET /class54/class5470/total_data/sub_227.htm HTTP/1.1" 200 3411 "-" "Mozilla/5.0 (compatible; AhrefsBot/7.0; +http://ahrefs.com/robot/)" "ysfine.com"
73.201.42.231 - - [21/Dec/2022:15:37:12 -0800] "GET /princeton/nasshall03.jpg HTTP/1.1" 200 147463 "https://www.google.com/" "Mozilla/5.0 (iPhone; CPU iPhone OS 16_1_2 like Mac OS X) AppleWebKit/605.1.15 (KHTML, like Gecko) Version/16.1 Mobile/15E148 Safari/604.1" "ysfine.com"
207.46.13.51 - - [21/Dec/2022:15:37:30 -0800] "GET /bio.html HTTP/1.1" 200 18074 "-" "Mozilla/5.0 (compatible; bingbot/2.0; +http://www.bing.com/bingbot.htm)" "ysfine.com"
104.167.221.158 - - [21/Dec/2022:15:37:52 -0800] "GET /kowar/mac05.jpg HTTP/1.1" 200 141510 "-" "-" "ysfine.com"
114.119.158.118 - - [21/Dec/2022:15:37:52 -0800] "GET /class54/class5470/total_data/sub_315.htm HTTP/1.1" 200 3287 "https://ysfine.com/class54/class5470/total_data/sub_312.htm" "Mozilla/5.0 (Linux; Android 7.0;) AppleWebKit/537.36 (KHTML, like Gecko) Mobile Safari/537.36 (compatible; PetalBot;+https://webmaster.petalsearch.com/site/petalbot)" "ysfine.com"
76.135.51.202 - - [21/Dec/2022:15:38:01 -0800] "GET /world/china/shenyang25.jpg HTTP/1.1" 200 153326 "https://www.google.com/" "Mozilla/5.0 (Macintosh; Intel Mac OS X 10_15_7) AppleWebKit/537.36 (KHTML, like Gecko) Chrome/108.0.0.0 Safari/537.36" "ysfine.com"
207.46.13.144 - - [21/Dec/2022:15:38:22 -0800] "GET /bio/world/trier.html HTTP/1.1" 404 88 "-" "Mozilla/5.0 (compatible; bingbot/2.0; +http://www.bing.com/bingbot.htm)" "ysfine.com"
157.55.39.79 - - [21/Dec/2022:15:38:46 -0800] "GET /bio/internal.html HTTP/1.1" 404 88 "-" "Mozilla/5.0 (compatible; bingbot/2.0; +http://www.bing.com/bingbot.htm)" "ysfine.com"
207.46.13.51 - - [21/Dec/2022:15:39:10 -0800] "GET /style/sicily22.jpg HTTP/1.1" 200 80014 "-" "Mozilla/5.0 (compatible; bingbot/2.0; +http://www.bing.com/bingbot.htm)" "www.ysfine.com"
114.119.135.120 - - [21/Dec/2022:15:39:22 -0800] "GET /bio16.html HTTP/1.1" 200 10537 "http://www.ysfine.com/ys11/index.html" "Mozilla/5.0 (Linux; Android 7.0;) AppleWebKit/537.36 (KHTML, like Gecko) Mobile Safari/537.36 (compatible; PetalBot;+https://webmaster.petalsearch.com/site/petalbot)" "www.ysfine.com"
66.249.66.43 - - [21/Dec/2022:15:39:55 -0800] "GET /wigner/euclid05c.jpg HTTP/1.1" 200 27861 "-" "Googlebot-Image/1.0" "ysfine.com"
51.222.253.20 - - [21/Dec/2022:15:40:13 -0800] "GET /class54/class5470/total_data/sub_324.htm HTTP/1.1" 200 3297 "-" "Mozilla/5.0 (compatible; AhrefsBot/7.0; +http://ahrefs.com/robot/)" "www.ysfine.com"
123.125.109.63 - - [21/Dec/2022:15:40:14 -0800] "GET / HTTP/1.1" 200 5295 "-" "Sogou web spider/4.0(+http://www.sogou.com/docs/help/webmasters.htm#07)" "ysfine.com"
51.222.253.4 - - [21/Dec/2022:15:40:14 -0800] "GET /class54/class5470/total_data/photo_img/3-24.jpg HTTP/1.1" 200 200457 "-" "Mozilla/5.0 (compatible; AhrefsBot/7.0; +http://ahrefs.com/robot/)" "www.ysfine.com"
87.250.224.178 - - [21/Dec/2022:15:40:53 -0800] "GET /kobak/democr.html HTTP/1.1" 200 2199 "-" "Mozilla/5.0 (compatible; YandexBot/3.0; +http://yandex.com/bots)" "www.ysfine.com"
114.119.135.130 - - [21/Dec/2022:15:41:02 -0800] "GET /wdc/umdbarn.html HTTP/1.1" 200 320 "-" "Mozilla/5.0 (Linux; Android 7.0;) AppleWebKit/537.36 (KHTML, like Gecko) Mobile Safari/537.36 (compatible; PetalBot;+https://webmaster.petalsearch.com/site/petalbot)" "ysfine.com"
207.46.13.51 - - [21/Dec/2022:15:41:53 -0800] "GET /bio/world/kalinin22.html HTTP/1.1" 404 88 "-" "Mozilla/5.0 AppleWebKit/537.36 (KHTML, like Gecko; compatible; bingbot/2.0; +http://www.bing.com/bingbot.htm) Chrome/103.0.5060.134 Safari/537.36" "ysfine.com"
157.55.39.1 - - [21/Dec/2022:15:42:04 -0800] "GET /bio/awards/iao.html HTTP/1.1" 404 88 "-" "Mozilla/5.0 AppleWebKit/537.36 (KHTML, like Gecko; compatible; bingbot/2.0; +http://www.bing.com/bingbot.htm) Chrome/103.0.5060.134 Safari/537.36" "ysfine.com"
114.119.151.174 - - [21/Dec/2022:15:42:11 -0800] "GET /sbk/sbkrome.html HTTP/1.1" 200 306 "https://ysfine.com/sbk/2010.html" "Mozilla/5.0 (Linux; Android 7.0;) AppleWebKit/537.36 (KHTML, like Gecko) Mobile Safari/537.36 (compatible; PetalBot;+https://webmaster.petalsearch.com/site/petalbot)" "ysfine.com"
104.144.48.123 - - [21/Dec/2022:15:42:22 -0800] "GET / HTTP/1.1" 200 5295 "https://www.ysfine.com" "Mozilla/5.0 (Windows NT 10.0; Win64; x64) AppleWebKit/537.36 (KHTML, like Gecko) Chrome/102.0.5005.63 Safari/537.36" "www.ysfine.com"
51.222.253.4 - - [21/Dec/2022:15:43:03 -0800] "GET /class54/class5470/total_data/sub_228.htm HTTP/1.1" 200 3411 "-" "Mozilla/5.0 (compatible; AhrefsBot/7.0; +http://ahrefs.com/robot/)" "ysfine.com"
207.46.13.109 - - [21/Dec/2022:15:43:16 -0800] "GET /people/carnation61.jpg HTTP/1.1" 200 111221 "-" "Mozilla/5.0 (compatible; bingbot/2.0; +http://www.bing.com/bingbot.htm)" "ysfine.com"
114.119.146.208 - - [21/Dec/2022:15:43:39 -0800] "GET /maga/pupin.html HTTP/1.1" 200 5043 "https://ysfine.com/maga/index.html" "Mozilla/5.0 (Linux; Android 7.0;) AppleWebKit/537.36 (KHTML, like Gecko) Mobile Safari/537.36 (compatible; PetalBot;+https://webmaster.petalsearch.com/site/petalbot)" "ysfine.com"
207.46.13.109 - - [21/Dec/2022:15:44:37 -0800] "GET /maga/histo/swedking01.jpg HTTP/1.1" 200 150012 "-" "Mozilla/5.0 AppleWebKit/537.36 (KHTML, like Gecko; compatible; bingbot/2.0; +http://www.bing.com/bingbot.htm) Chrome/103.0.5060.134 Safari/537.36" "ysfine.com"
114.119.130.105 - - [21/Dec/2022:15:44:53 -0800] "GET /world/munich.html HTTP/1.1" 200 3101 "https://www.ysfine.com/world/leipzig.html" "Mozilla/5.0 (Linux; Android 7.0;) AppleWebKit/537.36 (KHTML, like Gecko) Mobile Safari/537.36 (compatible; PetalBot;+https://webmaster.petalsearch.com/site/petalbot)" "www.ysfine.com"
51.222.253.6 - - [21/Dec/2022:15:45:43 -0800] "GET /class54/class5470/total_data/sub_365.htm HTTP/1.1" 200 3306 "-" "Mozilla/5.0 (compatible; AhrefsBot/7.0; +http://ahrefs.com/robot/)" "www.ysfine.com"
51.222.253.7 - - [21/Dec/2022:15:45:46 -0800] "GET /class54/class5470/total_data/refer_img/3-75_f.jpg HTTP/1.1" 200 28244 "-" "Mozilla/5.0 (compatible; AhrefsBot/7.0; +http://ahrefs.com/robot/)" "www.ysfine.com"
51.222.253.11 - - [21/Dec/2022:15:45:46 -0800] "GET /class54/class5470/total_data/refer_img/3-76_f.jpg HTTP/1.1" 200 21114 "-" "Mozilla/5.0 (compatible; AhrefsBot/7.0; +http://ahrefs.com/robot/)" "www.ysfine.com"
51.222.253.4 - - [21/Dec/2022:15:45:46 -0800] "GET /class54/class5470/total_data/photo_img/3-65.jpg HTTP/1.1" 200 164069 "-" "Mozilla/5.0 (compatible; AhrefsBot/7.0; +http://ahrefs.com/robot/)" "www.ysfine.com"
51.222.253.19 - - [21/Dec/2022:15:45:47 -0800] "GET /class54/class5470/total_data/refer_img/3-71_f.jpg HTTP/1.1" 200 38254 "-" "Mozilla/5.0 (compatible; AhrefsBot/7.0; +http://ahrefs.com/robot/)" "www.ysfine.com"
51.222.253.13 - - [21/Dec/2022:15:45:47 -0800] "GET /class54/class5470/total_data/refer_img/3-69_f.jpg HTTP/1.1" 200 24663 "-" "Mozilla/5.0 (compatible; AhrefsBot/7.0; +http://ahrefs.com/robot/)" "www.ysfine.com"
51.222.253.19 - - [21/Dec/2022:15:45:48 -0800] "GET /class54/class5470/total_data/refer_img/3-82_f.jpg HTTP/1.1" 200 20257 "-" "Mozilla/5.0 (compatible; AhrefsBot/7.0; +http://ahrefs.com/robot/)" "www.ysfine.com"
51.222.253.17 - - [21/Dec/2022:15:45:48 -0800] "GET /class54/class5470/total_data/refer_img/3-68_f.jpg HTTP/1.1" 200 25200 "-" "Mozilla/5.0 (compatible; AhrefsBot/7.0; +http://ahrefs.com/robot/)" "www.ysfine.com"
51.222.253.5 - - [21/Dec/2022:15:45:48 -0800] "GET /class54/class5470/total_data/refer_img/3-78_f.jpg HTTP/1.1" 200 27509 "-" "Mozilla/5.0 (compatible; AhrefsBot/7.0; +http://ahrefs.com/robot/)" "www.ysfine.com"
51.222.253.19 - - [21/Dec/2022:15:45:49 -0800] "GET /class54/class5470/total_data/refer_img/3-77_f.jpg HTTP/1.1" 200 31307 "-" "Mozilla/5.0 (compatible; AhrefsBot/7.0; +http://ahrefs.com/robot/)" "www.ysfine.com"
51.222.253.15 - - [21/Dec/2022:15:45:50 -0800] "GET /class54/class5470/total_data/refer_img/3-79_f.jpg HTTP/1.1" 200 26694 "-" "Mozilla/5.0 (compatible; AhrefsBot/7.0; +http://ahrefs.com/robot/)" "www.ysfine.com"
51.222.253.10 - - [21/Dec/2022:15:45:50 -0800] "GET /class54/class5470/total_data/refer_img/3-70_f.jpg HTTP/1.1" 200 30955 "-" "Mozilla/5.0 (compatible; AhrefsBot/7.0; +http://ahrefs.com/robot/)" "www.ysfine.com"
51.222.253.7 - - [21/Dec/2022:15:45:51 -0800] "GET /class54/class5470/total_data/refer_img/3-66_f.jpg HTTP/1.1" 200 30869 "-" "Mozilla/5.0 (compatible; AhrefsBot/7.0; +http://ahrefs.com/robot/)" "www.ysfine.com"
51.222.253.11 - - [21/Dec/2022:15:45:51 -0800] "GET /class54/class5470/total_data/refer_img/3-81_f.jpg HTTP/1.1" 200 34869 "-" "Mozilla/5.0 (compatible; AhrefsBot/7.0; +http://ahrefs.com/robot/)" "www.ysfine.com"
51.222.253.10 - - [21/Dec/2022:15:45:52 -0800] "GET /class54/class5470/total_data/refer_img/3-80_f.jpg HTTP/1.1" 200 31761 "-" "Mozilla/5.0 (compatible; AhrefsBot/7.0; +http://ahrefs.com/robot/)" "www.ysfine.com"
51.222.253.15 - - [21/Dec/2022:15:45:53 -0800] "GET /class54/class5470/total_data/refer_img/3-73_f.jpg HTTP/1.1" 200 24874 "-" "Mozilla/5.0 (compatible; AhrefsBot/7.0; +http://ahrefs.com/robot/)" "www.ysfine.com"
51.222.253.1 - - [21/Dec/2022:15:45:53 -0800] "GET /class54/class5470/total_data/refer_img/3-65_f.jpg HTTP/1.1" 200 28020 "-" "Mozilla/5.0 (compatible; AhrefsBot/7.0; +http://ahrefs.com/robot/)" "www.ysfine.com"
51.222.253.6 - - [21/Dec/2022:15:45:53 -0800] "GET /class54/class5470/total_data/refer_img/3-64_f.jpg HTTP/1.1" 200 30092 "-" "Mozilla/5.0 (compatible; AhrefsBot/7.0; +http://ahrefs.com/robot/)" "www.ysfine.com"
51.222.253.11 - - [21/Dec/2022:15:45:54 -0800] "GET /class54/class5470/total_data/refer_img/3-63_f.jpg HTTP/1.1" 200 28838 "-" "Mozilla/5.0 (compatible; AhrefsBot/7.0; +http://ahrefs.com/robot/)" "www.ysfine.com"
51.222.253.7 - - [21/Dec/2022:15:45:55 -0800] "GET /class54/class5470/total_data/refer_img/3-74_f.jpg HTTP/1.1" 200 39911 "-" "Mozilla/5.0 (compatible; AhrefsBot/7.0; +http://ahrefs.com/robot/)" "www.ysfine.com"
51.222.253.18 - - [21/Dec/2022:15:45:55 -0800] "GET /class54/class5470/total_data/refer_img/3-67_f.jpg HTTP/1.1" 200 33243 "-" "Mozilla/5.0 (compatible; AhrefsBot/7.0; +http://ahrefs.com/robot/)" "www.ysfine.com"
114.119.136.146 - - [21/Dec/2022:15:46:24 -0800] "GET /class54/class5480/Videos?C=S%3BO%3DA HTTP/1.1" 301 1430 "https://www.ysfine.com/class54/class5480/Videos?C=D%3BO%3DA" "Mozilla/5.0 (Linux; Android 7.0;) AppleWebKit/537.36 (KHTML, like Gecko) Mobile Safari/537.36 (compatible; PetalBot;+https://webmaster.petalsearch.com/site/petalbot)" "www.ysfine.com"
114.119.136.146 - - [21/Dec/2022:15:46:33 -0800] "GET /class54/class5480/Videos/?C=S%3BO%3DA HTTP/1.1" 200 560 "https://www.ysfine.com/class54/class5480/Videos?C=D%3BO%3DA" "Mozilla/5.0 (Linux; Android 7.0;) AppleWebKit/537.36 (KHTML, like Gecko) Mobile Safari/537.36 (compatible; PetalBot;+https://webmaster.petalsearch.com/site/petalbot)" "www.ysfine.com"
66.249.66.44 - - [21/Dec/2022:15:46:40 -0800] "GET /world/russ/spb33.jpg HTTP/1.1" 200 84373 "-" "Googlebot-Image/1.0" "ysfine.com"
207.46.13.109 - - [21/Dec/2022:15:46:56 -0800] "GET /bio/kobak/yskor.html HTTP/1.1" 404 88 "-" "Mozilla/5.0 (compatible; bingbot/2.0; +http://www.bing.com/bingbot.htm)" "ysfine.com"
157.55.39.1 - - [21/Dec/2022:15:47:43 -0800] "GET /yshome.html HTTP/1.1" 404 88 "-" "Mozilla/5.0 (compatible; bingbot/2.0; +http://www.bing.com/bingbot.htm)" "ysfine.com"
114.119.143.75 - - [21/Dec/2022:15:47:49 -0800] "GET /maga/phys/naimar/pewk07.pdf HTTP/1.1" 200 22988 "https://ysfine.com/maga/naimark.html" "Mozilla/5.0 (Linux; Android 7.0;) AppleWebKit/537.36 (KHTML, like Gecko) Mobile Safari/537.36 (compatible; PetalBot;+https://webmaster.petalsearch.com/site/petalbot)" "ysfine.com"
157.55.39.1 - - [21/Dec/2022:15:47:54 -0800] "GET /bio/world/leipzig.html HTTP/1.1" 404 88 "-" "Mozilla/5.0 AppleWebKit/537.36 (KHTML, like Gecko; compatible; bingbot/2.0; +http://www.bing.com/bingbot.htm) Chrome/103.0.5060.134 Safari/537.36" "ysfine.com"
207.46.13.51 - - [21/Dec/2022:15:48:02 -0800] "GET /bio/eink/buythisbook.html HTTP/1.1" 404 88 "-" "Mozilla/5.0 AppleWebKit/537.36 (KHTML, like Gecko; compatible; bingbot/2.0; +http://www.bing.com/bingbot.htm) Chrome/103.0.5060.134 Safari/537.36" "ysfine.com"
51.222.253.14 - - [21/Dec/2022:15:48:30 -0800] "GET /class54/class5470/total_data/sub_234.htm HTTP/1.1" 200 3403 "-" "Mozilla/5.0 (compatible; AhrefsBot/7.0; +http://ahrefs.com/robot/)" "ysfine.com"
123.57.34.210 - - [21/Dec/2022:15:48:31 -0800] "GET /princeton/firestone22.jpg HTTP/1.1" 200 112919 "-" "Mozilla/5.0 (Macintosh; Intel Mac OS X 10_15_7) AppleWebKit/537.36 (KHTML, like Gecko) Chrome/105.0.0.0 Safari/537.36" "ysfine.com"
51.222.253.14 - - [21/Dec/2022:15:48:39 -0800] "GET /class54/class5470/total_data/photo_img/2-34.jpg HTTP/1.1" 200 188908 "-" "Mozilla/5.0 (compatible; AhrefsBot/7.0; +http://ahrefs.com/robot/)" "ysfine.com"
114.119.156.132 - - [21/Dec/2022:15:48:56 -0800] "GET /kobak/draftreg.html HTTP/1.1" 200 484 "https://ysfine.com/ffriends/soldiers.html" "Mozilla/5.0 (Linux; Android 7.0;) AppleWebKit/537.36 (KHTML, like Gecko) Mobile Safari/537.36 (compatible; PetalBot;+https://webmaster.petalsearch.com/site/petalbot)" "ysfine.com"
207.46.13.109 - - [21/Dec/2022:15:49:46 -0800] "GET /wdc/sakura01.jpg HTTP/1.1" 200 165019 "-" "Mozilla/5.0 (compatible; bingbot/2.0; +http://www.bing.com/bingbot.htm)" "ysfine.com"
207.46.13.8 - - [21/Dec/2022:15:50:40 -0800] "GET /bio/style/proschanie.html HTTP/1.1" 404 88 "-" "Mozilla/5.0 (compatible; bingbot/2.0; +http://www.bing.com/bingbot.htm)" "ysfine.com"
51.222.253.9 - - [21/Dec/2022:15:51:21 -0800] "GET /class54/class5470/total_data/sub_724.htm HTTP/1.1" 200 3295 "-" "Mozilla/5.0 (compatible; AhrefsBot/7.0; +http://ahrefs.com/robot/)" "www.ysfine.com"
157.55.39.1 - - [21/Dec/2022:15:52:14 -0800] "GET /saram/g015.jpg HTTP/1.1" 200 114011 "-" "Mozilla/5.0 (compatible; bingbot/2.0; +http://www.bing.com/bingbot.htm)" "www.ysfine.com"
207.46.13.109 - - [21/Dec/2022:15:52:47 -0800] "GET /bio/style/artlove.html HTTP/1.1" 404 88 "-" "Mozilla/5.0 (compatible; bingbot/2.0; +http://www.bing.com/bingbot.htm)" "ysfine.com"
172.58.236.138 - - [21/Dec/2022:15:53:50 -0800] "GET /princeton/firestone11.jpg HTTP/1.1" 200 219648 "https://www.google.com/" "Mozilla/5.0 (iPhone; CPU iPhone OS 16_2 like Mac OS X) AppleWebKit/605.1.15 (KHTML, like Gecko) Version/16.2 Mobile/15E148 Safari/604.1" "ysfine.com"
51.222.253.3 - - [21/Dec/2022:15:54:25 -0800] "GET /class54/class5470/total_data/sub_243.htm HTTP/1.1" 200 3403 "-" "Mozilla/5.0 (compatible; AhrefsBot/7.0; +http://ahrefs.com/robot/)" "ysfine.com"
172.58.236.138 - - [21/Dec/2022:15:55:32 -0800] "GET /princeton/withers01.jpg HTTP/1.1" 200 113946 "https://www.google.com/" "Mozilla/5.0 (iPhone; CPU iPhone OS 16_2 like Mac OS X) AppleWebKit/605.1.15 (KHTML, like Gecko) Version/16.2 Mobile/15E148 Safari/604.1" "ysfine.com"
172.58.236.138 - - [21/Dec/2022:15:55:34 -0800] "GET /princeton/nasshall01.jpg HTTP/1.1" 200 169242 "https://www.google.com/" "Mozilla/5.0 (iPhone; CPU iPhone OS 16_2 like Mac OS X) AppleWebKit/605.1.15 (KHTML, like Gecko) Version/16.2 Mobile/15E148 Safari/604.1" "ysfine.com"
69.142.198.155 - - [21/Dec/2022:15:55:43 -0800] "GET /newyork/colum23.jpg HTTP/1.1" 200 82657 "https://www.google.com/" "Mozilla/5.0 (Windows NT 10.0; Win64; x64) AppleWebKit/537.36 (KHTML, like Gecko) Chrome/108.0.0.0 Safari/537.36" "ysfine.com"
221.223.26.22 - - [21/Dec/2022:15:56:07 -0800] "HEAD / HTTP/1.1" 200 - "ysfine.com" "Mozilla/5.0 (Windows NT 10.0; Win64; x64) AppleWebKit/537.36 (KHTML, like Gecko) Chrome/46.0.2486.0 Safari/537.36 Edge/13.10586" "ysfine.com"
221.223.26.22 - - [21/Dec/2022:15:56:09 -0800] "GET / HTTP/1.1" 200 15920 "ysfine.com" "Mozilla/5.0 (Windows NT 10.0; Win64; x64) AppleWebKit/537.36 (KHTML, like Gecko) Chrome/46.0.2486.0 Safari/537.36 Edge/13.10586" "ysfine.com"
221.223.26.22 - - [21/Dec/2022:15:56:11 -0800] "HEAD /jobs/index.html HTTP/1.1" 200 - "ysfine.com" "Mozilla/5.0 (Windows NT 10.0; Win64; x64) AppleWebKit/537.36 (KHTML, like Gecko) Chrome/46.0.2486.0 Safari/537.36 Edge/13.10586" "ysfine.com"
221.223.26.22 - - [21/Dec/2022:15:56:12 -0800] "GET /jobs/index.html HTTP/1.1" 200 174 "ysfine.com" "Mozilla/5.0 (Windows NT 10.0; Win64; x64) AppleWebKit/537.36 (KHTML, like Gecko) Chrome/46.0.2486.0 Safari/537.36 Edge/13.10586" "ysfine.com"
221.223.26.22 - - [21/Dec/2022:15:56:14 -0800] "HEAD /eink/index.html HTTP/1.1" 200 - "ysfine.com" "Mozilla/5.0 (Windows NT 10.0; Win64; x64) AppleWebKit/537.36 (KHTML, like Gecko) Chrome/46.0.2486.0 Safari/537.36 Edge/13.10586" "ysfine.com"
221.223.26.22 - - [21/Dec/2022:15:56:15 -0800] "GET /eink/index.html HTTP/1.1" 200 56383 "ysfine.com" "Mozilla/5.0 (Windows NT 10.0; Win64; x64) AppleWebKit/537.36 (KHTML, like Gecko) Chrome/46.0.2486.0 Safari/537.36 Edge/13.10586" "ysfine.com"
221.223.26.22 - - [21/Dec/2022:15:56:18 -0800] "HEAD /eink/mose.html HTTP/1.1" 200 - "ysfine.com" "Mozilla/5.0 (Windows NT 10.0; Win64; x64) AppleWebKit/537.36 (KHTML, like Gecko) Chrome/46.0.2486.0 Safari/537.36 Edge/13.10586" "ysfine.com"
221.223.26.22 - - [21/Dec/2022:15:56:19 -0800] "GET /eink/mose.html HTTP/1.1" 200 47668 "ysfine.com" "Mozilla/5.0 (Windows NT 10.0; Win64; x64) AppleWebKit/537.36 (KHTML, like Gecko) Chrome/46.0.2486.0 Safari/537.36 Edge/13.10586" "ysfine.com"
221.223.26.22 - - [21/Dec/2022:15:56:21 -0800] "HEAD /home/index.html HTTP/1.1" 200 - "ysfine.com" "Mozilla/5.0 (Windows NT 10.0; Win64; x64) AppleWebKit/537.36 (KHTML, like Gecko) Chrome/46.0.2486.0 Safari/537.36 Edge/13.10586" "ysfine.com"
221.223.26.22 - - [21/Dec/2022:15:56:23 -0800] "GET /home/index.html HTTP/1.1" 200 220 "ysfine.com" "Mozilla/5.0 (Windows NT 10.0; Win64; x64) AppleWebKit/537.36 (KHTML, like Gecko) Chrome/46.0.2486.0 Safari/537.36 Edge/13.10586" "ysfine.com"
221.223.26.22 - - [21/Dec/2022:15:56:24 -0800] "HEAD /bio.html HTTP/1.1" 200 - "ysfine.com" "Mozilla/5.0 (Windows NT 10.0; Win64; x64) AppleWebKit/537.36 (KHTML, like Gecko) Chrome/46.0.2486.0 Safari/537.36 Edge/13.10586" "ysfine.com"
221.223.26.22 - - [21/Dec/2022:15:56:26 -0800] "GET /bio.html HTTP/1.1" 200 56868 "ysfine.com" "Mozilla/5.0 (Windows NT 10.0; Win64; x64) AppleWebKit/537.36 (KHTML, like Gecko) Chrome/46.0.2486.0 Safari/537.36 Edge/13.10586" "ysfine.com"
221.223.26.22 - - [21/Dec/2022:15:56:28 -0800] "HEAD /world/ysworld.html HTTP/1.1" 200 - "ysfine.com" "Mozilla/5.0 (Windows NT 10.0; Win64; x64) AppleWebKit/537.36 (KHTML, like Gecko) Chrome/46.0.2486.0 Safari/537.36 Edge/13.10586" "ysfine.com"
221.223.26.22 - - [21/Dec/2022:15:56:30 -0800] "GET /world/ysworld.html HTTP/1.1" 200 8970 "ysfine.com" "Mozilla/5.0 (Windows NT 10.0; Win64; x64) AppleWebKit/537.36 (KHTML, like Gecko) Chrome/46.0.2486.0 Safari/537.36 Edge/13.10586" "ysfine.com"
221.223.26.22 - - [21/Dec/2022:15:56:31 -0800] "HEAD /home/bio77.html HTTP/1.1" 404 - "ysfine.com" "Mozilla/5.0 (Windows NT 10.0; Win64; x64) AppleWebKit/537.36 (KHTML, like Gecko) Chrome/46.0.2486.0 Safari/537.36 Edge/13.10586" "ysfine.com"
221.223.26.22 - - [21/Dec/2022:15:56:34 -0800] "HEAD /yspapers/index.html HTTP/1.1" 200 - "ysfine.com" "Mozilla/5.0 (Windows NT 10.0; Win64; x64) AppleWebKit/537.36 (KHTML, like Gecko) Chrome/46.0.2486.0 Safari/537.36 Edge/13.10586" "ysfine.com"
221.223.26.22 - - [21/Dec/2022:15:56:35 -0800] "GET /yspapers/index.html HTTP/1.1" 200 78328 "ysfine.com" "Mozilla/5.0 (Windows NT 10.0; Win64; x64) AppleWebKit/537.36 (KHTML, like Gecko) Chrome/46.0.2486.0 Safari/537.36 Edge/13.10586" "ysfine.com"
221.223.26.22 - - [21/Dec/2022:15:56:38 -0800] "HEAD /awards/index.html HTTP/1.1" 200 - "ysfine.com" "Mozilla/5.0 (Windows NT 10.0; Win64; x64) AppleWebKit/537.36 (KHTML, like Gecko) Chrome/46.0.2486.0 Safari/537.36 Edge/13.10586" "ysfine.com"
221.223.26.22 - - [21/Dec/2022:15:56:39 -0800] "GET /awards/index.html HTTP/1.1" 200 29637 "ysfine.com" "Mozilla/5.0 (Windows NT 10.0; Win64; x64) AppleWebKit/537.36 (KHTML, like Gecko) Chrome/46.0.2486.0 Safari/537.36 Edge/13.10586" "ysfine.com"
221.223.26.22 - - [21/Dec/2022:15:56:41 -0800] "HEAD /einstein/index.html HTTP/1.1" 200 - "ysfine.com" "Mozilla/5.0 (Windows NT 10.0; Win64; x64) AppleWebKit/537.36 (KHTML, like Gecko) Chrome/46.0.2486.0 Safari/537.36 Edge/13.10586" "ysfine.com"
221.223.26.22 - - [21/Dec/2022:15:56:43 -0800] "GET /einstein/index.html HTTP/1.1" 200 200 "ysfine.com" "Mozilla/5.0 (Windows NT 10.0; Win64; x64) AppleWebKit/537.36 (KHTML, like Gecko) Chrome/46.0.2486.0 Safari/537.36 Edge/13.10586" "ysfine.com"
221.223.26.22 - - [21/Dec/2022:15:56:44 -0800] "HEAD /dirac/index.html HTTP/1.1" 200 - "ysfine.com" "Mozilla/5.0 (Windows NT 10.0; Win64; x64) AppleWebKit/537.36 (KHTML, like Gecko) Chrome/46.0.2486.0 Safari/537.36 Edge/13.10586" "ysfine.com"
221.223.26.22 - - [21/Dec/2022:15:56:46 -0800] "GET /dirac/index.html HTTP/1.1" 200 174 "ysfine.com" "Mozilla/5.0 (Windows NT 10.0; Win64; x64) AppleWebKit/537.36 (KHTML, like Gecko) Chrome/46.0.2486.0 Safari/537.36 Edge/13.10586" "ysfine.com"
221.223.26.22 - - [21/Dec/2022:15:56:47 -0800] "HEAD /wigner/index.html HTTP/1.1" 200 - "ysfine.com" "Mozilla/5.0 (Windows NT 10.0; Win64; x64) AppleWebKit/537.36 (KHTML, like Gecko) Chrome/46.0.2486.0 Safari/537.36 Edge/13.10586" "ysfine.com"
221.223.26.22 - - [21/Dec/2022:15:56:49 -0800] "GET /wigner/index.html HTTP/1.1" 200 175 "ysfine.com" "Mozilla/5.0 (Windows NT 10.0; Win64; x64) AppleWebKit/537.36 (KHTML, like Gecko) Chrome/46.0.2486.0 Safari/537.36 Edge/13.10586" "ysfine.com"
221.223.26.22 - - [21/Dec/2022:15:56:50 -0800] "HEAD /feynman/index.html HTTP/1.1" 200 - "ysfine.com" "Mozilla/5.0 (Windows NT 10.0; Win64; x64) AppleWebKit/537.36 (KHTML, like Gecko) Chrome/46.0.2486.0 Safari/537.36 Edge/13.10586" "ysfine.com"
221.223.26.22 - - [21/Dec/2022:15:56:51 -0800] "GET /feynman/index.html HTTP/1.1" 200 200 "ysfine.com" "Mozilla/5.0 (Windows NT 10.0; Win64; x64) AppleWebKit/537.36 (KHTML, like Gecko) Chrome/46.0.2486.0 Safari/537.36 Edge/13.10586" "ysfine.com"
221.223.26.22 - - [21/Dec/2022:15:56:53 -0800] "HEAD /people/peo.html HTTP/1.1" 200 - "ysfine.com" "Mozilla/5.0 (Windows NT 10.0; Win64; x64) AppleWebKit/537.36 (KHTML, like Gecko) Chrome/46.0.2486.0 Safari/537.36 Edge/13.10586" "ysfine.com"
221.223.26.22 - - [21/Dec/2022:15:56:54 -0800] "GET /people/peo.html HTTP/1.1" 200 40140 "ysfine.com" "Mozilla/5.0 (Windows NT 10.0; Win64; x64) AppleWebKit/537.36 (KHTML, like Gecko) Chrome/46.0.2486.0 Safari/537.36 Edge/13.10586" "ysfine.com"
221.223.26.22 - - [21/Dec/2022:15:56:56 -0800] "HEAD /kobak/index.html HTTP/1.1" 200 - "ysfine.com" "Mozilla/5.0 (Windows NT 10.0; Win64; x64) AppleWebKit/537.36 (KHTML, like Gecko) Chrome/46.0.2486.0 Safari/537.36 Edge/13.10586" "ysfine.com"
