157.55.39.1 - - [21/Dec/2022:13:27:21 -0800] "GET /world/poland/bus175.jpg HTTP/1.1" 200 90573 "-" "Mozilla/5.0 (compatible; bingbot/2.0; +http://www.bing.com/bingbot.htm)" "ysfine.com"
157.55.39.1 - - [21/Dec/2022:13:27:23 -0800] "GET /bio/kobak/namdae.html HTTP/1.1" 404 88 "-" "Mozilla/5.0 AppleWebKit/537.36 (KHTML, like Gecko; compatible; bingbot/2.0; +http://www.bing.com/bingbot.htm) Chrome/103.0.5060.134 Safari/537.36" "ysfine.com"
5.255.253.111 - - [21/Dec/2022:13:27:23 -0800] "GET /style/leica.html HTTP/1.1" 200 17158 "-" "Mozilla/5.0 (compatible; YandexBot/3.0; +http://yandex.com/bots)" "www.ysfine.com"
165.225.58.32 - - [21/Dec/2022:13:27:54 -0800] "GET /kowar/tanks/sherman51.jpg HTTP/1.1" 200 110942 "https://www.google.com/" "Mozilla/5.0 (Windows NT 10.0; Win64; x64) AppleWebKit/537.36 (KHTML, like Gecko) Chrome/108.0.0.0 Safari/537.36 Edg/108.0.1462.54" "ysfine.com"
165.225.58.32 - - [21/Dec/2022:13:27:56 -0800] "GET /kowar/tanks.html HTTP/1.1" 200 8699 "https://www.google.com/" "Mozilla/5.0 (Windows NT 10.0; Win64; x64) AppleWebKit/537.36 (KHTML, like Gecko) Chrome/108.0.0.0 Safari/537.36 Edg/108.0.1462.54" "ysfine.com"
165.225.58.32 - - [21/Dec/2022:13:27:56 -0800] "GET /kowar/tanks/tank54b.jpg HTTP/1.1" 200 38354 "https://ysfine.com/kowar/tanks.html" "Mozilla/5.0 (Windows NT 10.0; Win64; x64) AppleWebKit/537.36 (KHTML, like Gecko) Chrome/108.0.0.0 Safari/537.36 Edg/108.0.1462.54" "ysfine.com"
165.225.58.32 - - [21/Dec/2022:13:27:56 -0800] "GET /kowar/tanks/tank01b.jpg HTTP/1.1" 200 43748 "https://ysfine.com/kowar/tanks.html" "Mozilla/5.0 (Windows NT 10.0; Win64; x64) AppleWebKit/537.36 (KHTML, like Gecko) Chrome/108.0.0.0 Safari/537.36 Edg/108.0.1462.54" "ysfine.com"
165.225.58.32 - - [21/Dec/2022:13:27:56 -0800] "GET /kowar/tanks/southhorse2.jpg HTTP/1.1" 200 51359 "https://ysfine.com/kowar/tanks.html" "Mozilla/5.0 (Windows NT 10.0; Win64; x64) AppleWebKit/537.36 (KHTML, like Gecko) Chrome/108.0.0.0 Safari/537.36 Edg/108.0.1462.54" "ysfine.com"
165.225.58.32 - - [21/Dec/2022:13:27:56 -0800] "GET /kowar/tanks/sherman44b.jpg HTTP/1.1" 200 34454 "https://ysfine.com/kowar/tanks.html" "Mozilla/5.0 (Windows NT 10.0; Win64; x64) AppleWebKit/537.36 (KHTML, like Gecko) Chrome/108.0.0.0 Safari/537.36 Edg/108.0.1462.54" "ysfine.com"
165.225.58.32 - - [21/Dec/2022:13:27:56 -0800] "GET /kowar/tanks/m01b.jpg HTTP/1.1" 200 28921 "https://ysfine.com/kowar/tanks.html" "Mozilla/5.0 (Windows NT 10.0; Win64; x64) AppleWebKit/537.36 (KHTML, like Gecko) Chrome/108.0.0.0 Safari/537.36 Edg/108.0.1462.54" "ysfine.com"
165.225.58.32 - - [21/Dec/2022:13:27:56 -0800] "GET /kowar/tanks/tank07b.jpg HTTP/1.1" 200 40314 "https://ysfine.com/kowar/tanks.html" "Mozilla/5.0 (Windows NT 10.0; Win64; x64) AppleWebKit/537.36 (KHTML, like Gecko) Chrome/108.0.0.0 Safari/537.36 Edg/108.0.1462.54" "ysfine.com"
165.225.58.32 - - [21/Dec/2022:13:27:56 -0800] "GET /kowar/tanks/sherman43b.jpg HTTP/1.1" 200 28142 "https://ysfine.com/kowar/tanks.html" "Mozilla/5.0 (Windows NT 10.0; Win64; x64) AppleWebKit/537.36 (KHTML, like Gecko) Chrome/108.0.0.0 Safari/537.36 Edg/108.0.1462.54" "ysfine.com"
165.225.58.32 - - [21/Dec/2022:13:27:56 -0800] "GET /kowar/tanks/tank22b.jpg HTTP/1.1" 200 37945 "https://ysfine.com/kowar/tanks.html" "Mozilla/5.0 (Windows NT 10.0; Win64; x64) AppleWebKit/537.36 (KHTML, like Gecko) Chrome/108.0.0.0 Safari/537.36 Edg/108.0.1462.54" "ysfine.com"
165.225.58.32 - - [21/Dec/2022:13:27:56 -0800] "GET /kowar/tanks/tank05b.jpg HTTP/1.1" 200 48742 "https://ysfine.com/kowar/tanks.html" "Mozilla/5.0 (Windows NT 10.0; Win64; x64) AppleWebKit/537.36 (KHTML, like Gecko) Chrome/108.0.0.0 Safari/537.36 Edg/108.0.1462.54" "ysfine.com"
165.225.58.32 - - [21/Dec/2022:13:27:56 -0800] "GET /kowar/tanks/tank02b.jpg HTTP/1.1" 200 30002 "https://ysfine.com/kowar/tanks.html" "Mozilla/5.0 (Windows NT 10.0; Win64; x64) AppleWebKit/537.36 (KHTML, like Gecko) Chrome/108.0.0.0 Safari/537.36 Edg/108.0.1462.54" "ysfine.com"
165.225.58.32 - - [21/Dec/2022:13:27:56 -0800] "GET /kowar/tanks/sherman58b.jpg HTTP/1.1" 200 37300 "https://ysfine.com/kowar/tanks.html" "Mozilla/5.0 (Windows NT 10.0; Win64; x64) AppleWebKit/537.36 (KHTML, like Gecko) Chrome/108.0.0.0 Safari/537.36 Edg/108.0.1462.54" "ysfine.com"
165.225.58.32 - - [21/Dec/2022:13:27:56 -0800] "GET /kowar/tanks/m60b.jpg HTTP/1.1" 200 31548 "https://ysfine.com/kowar/tanks.html" "Mozilla/5.0 (Windows NT 10.0; Win64; x64) AppleWebKit/537.36 (KHTML, like Gecko) Chrome/108.0.0.0 Safari/537.36 Edg/108.0.1462.54" "ysfine.com"
165.225.58.32 - - [21/Dec/2022:13:27:56 -0800] "GET /kowar/tanks/stalinorg2.jpg HTTP/1.1" 200 50939 "https://ysfine.com/kowar/tanks.html" "Mozilla/5.0 (Windows NT 10.0; Win64; x64) AppleWebKit/537.36 (KHTML, like Gecko) Chrome/108.0.0.0 Safari/537.36 Edg/108.0.1462.54" "ysfine.com"
165.225.58.32 - - [21/Dec/2022:13:27:56 -0800] "GET /kowar/tanks/tank21b.jpg HTTP/1.1" 200 26768 "https://ysfine.com/kowar/tanks.html" "Mozilla/5.0 (Windows NT 10.0; Win64; x64) AppleWebKit/537.36 (KHTML, like Gecko) Chrome/108.0.0.0 Safari/537.36 Edg/108.0.1462.54" "ysfine.com"
165.225.58.32 - - [21/Dec/2022:13:27:56 -0800] "GET /kowar/tanks/tank03b.jpg HTTP/1.1" 200 42892 "https://ysfine.com/kowar/tanks.html" "Mozilla/5.0 (Windows NT 10.0; Win64; x64) AppleWebKit/537.36 (KHTML, like Gecko) Chrome/108.0.0.0 Safari/537.36 Edg/108.0.1462.54" "ysfine.com"
165.225.58.32 - - [21/Dec/2022:13:27:56 -0800] "GET /kowar/tanks/tank04b.jpg HTTP/1.1" 200 48757 "https://ysfine.com/kowar/tanks.html" "Mozilla/5.0 (Windows NT 10.0; Win64; x64) AppleWebKit/537.36 (KHTML, like Gecko) Chrome/108.0.0.0 Safari/537.36 Edg/108.0.1462.54" "ysfine.com"
165.225.58.32 - - [21/Dec/2022:13:27:56 -0800] "GET /kowar/tanks/m46cb.jpg HTTP/1.1" 200 35273 "https://ysfine.com/kowar/tanks.html" "Mozilla/5.0 (Windows NT 10.0; Win64; x64) AppleWebKit/537.36 (KHTML, like Gecko) Chrome/108.0.0.0 Safari/537.36 Edg/108.0.1462.54" "ysfine.com"
165.225.58.32 - - [21/Dec/2022:13:27:56 -0800] "GET /kowar/tanks/m24b.jpg HTTP/1.1" 200 37948 "https://ysfine.com/kowar/tanks.html" "Mozilla/5.0 (Windows NT 10.0; Win64; x64) AppleWebKit/537.36 (KHTML, like Gecko) Chrome/108.0.0.0 Safari/537.36 Edg/108.0.1462.54" "ysfine.com"
165.225.58.32 - - [21/Dec/2022:13:27:57 -0800] "GET /favicon.ico HTTP/1.1" 404 88 "https://ysfine.com/kowar/tanks.html" "Mozilla/5.0 (Windows NT 10.0; Win64; x64) AppleWebKit/537.36 (KHTML, like Gecko) Chrome/108.0.0.0 Safari/537.36 Edg/108.0.1462.54" "ysfine.com"
207.46.13.8 - - [21/Dec/2022:13:28:10 -0800] "GET /beau/lithuam02.jpg HTTP/1.1" 404 88 "-" "Mozilla/5.0 (compatible; bingbot/2.0; +http://www.bing.com/bingbot.htm)" "ysfine.com"
157.55.39.79 - - [21/Dec/2022:13:28:59 -0800] "GET / HTTP/1.1" 200 5295 "-" "Mozilla/5.0 AppleWebKit/537.36 (KHTML, like Gecko; compatible; bingbot/2.0; +http://www.bing.com/bingbot.htm) Chrome/103.0.5060.134 Safari/537.36" "www.ysfine.com"
157.55.39.1 - - [21/Dec/2022:13:29:01 -0800] "GET /bio/einstein/bern.html HTTP/1.1" 404 88 "-" "Mozilla/5.0 (compatible; bingbot/2.0; +http://www.bing.com/bingbot.htm)" "ysfine.com"
51.222.253.13 - - [21/Dec/2022:13:29:22 -0800] "GET /class54/class5470/total_data/sub_270.htm HTTP/1.1" 200 3358 "-" "Mozilla/5.0 (compatible; AhrefsBot/7.0; +http://ahrefs.com/robot/)" "www.ysfine.com"
95.108.213.60 - - [21/Dec/2022:13:29:41 -0800] "GET /bio10.html HTTP/1.1" 200 4664 "-" "Mozilla/5.0 (compatible; YandexBot/3.0; +http://yandex.com/bots)" "www.ysfine.com"
87.250.224.192 - - [21/Dec/2022:13:30:19 -0800] "GET /home/foto22/comet40d.jpg HTTP/1.1" 200 54378 "-" "Mozilla/5.0 (compatible; YandexImages/3.0; +http://yandex.com/bots)" "www.ysfine.com"
87.250.224.178 - - [21/Dec/2022:13:30:21 -0800] "GET /home/foto22/bek66.jpg HTTP/1.1" 200 121541 "-" "Mozilla/5.0 (compatible; YandexImages/3.0; +http://yandex.com/bots)" "www.ysfine.com"
207.46.13.109 - - [21/Dec/2022:13:30:23 -0800] "GET /bio/bio07.html HTTP/1.1" 404 88 "-" "Mozilla/5.0 AppleWebKit/537.36 (KHTML, like Gecko; compatible; bingbot/2.0; +http://www.bing.com/bingbot.htm) Chrome/103.0.5060.134 Safari/537.36" "ysfine.com"
87.250.224.33 - - [21/Dec/2022:13:30:23 -0800] "GET /home/foto22/comet40.jpg HTTP/1.1" 200 131225 "-" "Mozilla/5.0 (compatible; YandexImages/3.0; +http://yandex.com/bots)" "www.ysfine.com"
87.250.224.33 - - [21/Dec/2022:13:30:24 -0800] "GET /home/foto22/bek66aa.jpg HTTP/1.1" 200 66817 "-" "Mozilla/5.0 (compatible; YandexImages/3.0; +http://yandex.com/bots)" "www.ysfine.com"
5.255.253.111 - - [21/Dec/2022:13:30:25 -0800] "GET /einstein/further.html HTTP/1.1" 200 4338 "-" "Mozilla/5.0 (compatible; YandexBot/3.0; +http://yandex.com/bots)" "www.ysfine.com"
87.250.224.33 - - [21/Dec/2022:13:30:26 -0800] "GET /dirac/dirk62.html HTTP/1.1" 200 3949 "-" "Mozilla/5.0 (compatible; YandexBot/3.0; +http://yandex.com/bots)" "www.ysfine.com"
87.250.224.28 - - [21/Dec/2022:13:30:27 -0800] "GET /princeton/yspr.html HTTP/1.1" 200 5470 "-" "Mozilla/5.0 (compatible; YandexBot/3.0; +http://yandex.com/bots)" "www.ysfine.com"
87.250.224.28 - - [21/Dec/2022:13:30:27 -0800] "GET /home/onephys.html HTTP/1.1" 200 2527 "-" "Mozilla/5.0 (compatible; YandexBot/3.0; +http://yandex.com/bots)" "www.ysfine.com"
5.255.253.111 - - [21/Dec/2022:13:30:28 -0800] "GET /yspapers/jmp22.pdf HTTP/1.1" 200 3367329 "-" "Mozilla/5.0 (compatible; YandexBot/3.0; +http://yandex.com/bots)" "www.ysfine.com"
157.55.39.1 - - [21/Dec/2022:13:31:02 -0800] "GET /bio/style/leica.html HTTP/1.1" 404 88 "-" "Mozilla/5.0 (compatible; bingbot/2.0; +http://www.bing.com/bingbot.htm)" "ysfine.com"
207.46.13.8 - - [21/Dec/2022:13:31:10 -0800] "GET /wigner/wigwein3.jpg HTTP/1.1" 200 86483 "-" "Mozilla/5.0 (compatible; bingbot/2.0; +http://www.bing.com/bingbot.htm)" "ysfine.com"
157.55.39.79 - - [21/Dec/2022:13:31:19 -0800] "GET /bio/wigner/wigpoinc.html HTTP/1.1" 404 88 "-" "Mozilla/5.0 (compatible; bingbot/2.0; +http://www.bing.com/bingbot.htm)" "ysfine.com"
206.217.1.162 - - [21/Dec/2022:13:31:31 -0800] "GET /world/france/stras10.jpg HTTP/1.1" 200 105338 "https://www.google.com/" "Mozilla/5.0 (Linux; Android 11; moto g pure Build/RRHS31.Q3-46-110-13; wv) AppleWebKit/537.36 (KHTML, like Gecko) Version/4.0 Chrome/108.0.5359.128 Mobile Safari/537.36 GoogleApp/13.48.11.26.arm" "ysfine.com"
207.46.13.144 - - [21/Dec/2022:13:32:00 -0800] "GET /wisdom/bible01.jpg HTTP/1.1" 200 271888 "-" "Mozilla/5.0 (compatible; bingbot/2.0; +http://www.bing.com/bingbot.htm)" "www.ysfine.com"
165.225.58.32 - - [21/Dec/2022:13:32:04 -0800] "GET /kowar/tanks/tank12.jpg HTTP/1.1" 200 145022 "https://ysfine.com/kowar/tanks.html" "Mozilla/5.0 (Windows NT 10.0; Win64; x64) AppleWebKit/537.36 (KHTML, like Gecko) Chrome/108.0.0.0 Safari/537.36 Edg/108.0.1462.54" "ysfine.com"
5.255.253.111 - - [21/Dec/2022:13:32:32 -0800] "GET /newyork/nyc.html HTTP/1.1" 200 31389 "-" "Mozilla/5.0 (compatible; YandexBot/3.0; +http://yandex.com/bots)" "www.ysfine.com"
87.250.224.28 - - [21/Dec/2022:13:32:33 -0800] "GET /bio17.html HTTP/1.1" 200 10819 "-" "Mozilla/5.0 (compatible; YandexBot/3.0; +http://yandex.com/bots)" "www.ysfine.com"
207.46.13.144 - - [21/Dec/2022:13:32:48 -0800] "GET /bio/world/trier.html HTTP/1.1" 404 88 "-" "Mozilla/5.0 (compatible; bingbot/2.0; +http://www.bing.com/bingbot.htm)" "ysfine.com"
87.250.224.33 - - [21/Dec/2022:13:33:01 -0800] "GET /yspapers/index.html HTTP/1.1" 200 21304 "-" "Mozilla/5.0 (compatible; YandexBot/3.0; +http://yandex.com/bots)" "www.ysfine.com"
87.250.224.33 - - [21/Dec/2022:13:33:02 -0800] "GET /dirac/truck/truck12.jpg HTTP/1.1" 200 98541 "-" "Mozilla/5.0 (compatible; YandexImages/3.0; +http://yandex.com/bots)" "www.ysfine.com"
87.250.224.28 - - [21/Dec/2022:13:33:03 -0800] "GET /awards/top100.jpg HTTP/1.1" 200 384358 "-" "Mozilla/5.0 (compatible; YandexImages/3.0; +http://yandex.com/bots)" "www.ysfine.com"
87.250.224.28 - - [21/Dec/2022:13:33:06 -0800] "GET /awards/rpress.docx HTTP/1.1" 200 100796 "-" "Mozilla/5.0 (compatible; YandexBot/3.0; +http://yandex.com/bots)" "www.ysfine.com"
5.255.253.111 - - [21/Dec/2022:13:33:07 -0800] "GET /bio16.html HTTP/1.1" 200 10537 "-" "Mozilla/5.0 (compatible; YandexBot/3.0; +http://yandex.com/bots)" "www.ysfine.com"
87.250.224.28 - - [21/Dec/2022:13:33:07 -0800] "GET /home/100yrs.html HTTP/1.1" 200 7936 "-" "Mozilla/5.0 (compatible; YandexBot/3.0; +http://yandex.com/bots)" "www.ysfine.com"
87.250.224.28 - - [21/Dec/2022:13:33:08 -0800] "GET /home/easy.html HTTP/1.1" 200 7877 "-" "Mozilla/5.0 (compatible; YandexBot/3.0; +http://yandex.com/bots)" "www.ysfine.com"
5.255.253.111 - - [21/Dec/2022:13:33:09 -0800] "GET /awards/viaitora.pdf HTTP/1.1" 200 1249265 "-" "Mozilla/5.0 (compatible; YandexBot/3.0; +http://yandex.com/bots)" "www.ysfine.com"
87.250.224.28 - - [21/Dec/2022:13:33:15 -0800] "GET /world/ysworld.html HTTP/1.1" 200 3224 "-" "Mozilla/5.0 (compatible; YandexBot/3.0; +http://yandex.com/bots)" "www.ysfine.com"
5.255.253.111 - - [21/Dec/2022:13:33:16 -0800] "GET /awards/marq/marq22.pdf HTTP/1.1" 200 162508 "-" "Mozilla/5.0 (compatible; YandexBot/3.0; +http://yandex.com/bots)" "www.ysfine.com"
70.71.197.232 - - [21/Dec/2022:13:33:25 -0800] "GET /world/brit/eton11.jpg HTTP/1.1" 200 107084 "https://www.google.com/" "Mozilla/5.0 (Macintosh; Intel Mac OS X 10_14_6) AppleWebKit/605.1.15 (KHTML, like Gecko) Version/14.1.2 Safari/605.1.15" "ysfine.com"
87.250.224.28 - - [21/Dec/2022:13:33:28 -0800] "GET /style/artlove.html HTTP/1.1" 200 16005 "-" "Mozilla/5.0 (compatible; YandexBot/3.0; +http://yandex.com/bots)" "www.ysfine.com"
87.250.224.28 - - [21/Dec/2022:13:33:32 -0800] "GET /bio15.html HTTP/1.1" 200 15983 "-" "Mozilla/5.0 (compatible; YandexBot/3.0; +http://yandex.com/bots)" "www.ysfine.com"
5.255.253.111 - - [21/Dec/2022:13:34:09 -0800] "GET /style/musee/vatican33b.jpg HTTP/1.1" 200 38167 "-" "Mozilla/5.0 (compatible; YandexImages/3.0; +http://yandex.com/bots)" "www.ysfine.com"
5.255.253.111 - - [21/Dec/2022:13:34:09 -0800] "GET /style/digilit.html HTTP/1.1" 200 8470 "-" "Mozilla/5.0 (compatible; YandexBot/3.0; +http://yandex.com/bots)" "www.ysfine.com"
87.250.224.28 - - [21/Dec/2022:13:34:10 -0800] "GET /venuspics.html HTTP/1.1" 404 88 "-" "Mozilla/5.0 (compatible; YandexBot/3.0; +http://yandex.com/bots)" "www.ysfine.com"
87.250.224.6 - - [21/Dec/2022:13:34:11 -0800] "GET /style/venuspics.html HTTP/1.1" 200 794 "-" "Mozilla/5.0 (compatible; YandexBot/3.0; +http://yandex.com/bots)" "www.ysfine.com"
87.250.224.6 - - [21/Dec/2022:13:34:11 -0800] "GET /feynman/feynart.html HTTP/1.1" 200 10277 "-" "Mozilla/5.0 (compatible; YandexBot/3.0; +http://yandex.com/bots)" "www.ysfine.com"
87.250.224.6 - - [21/Dec/2022:13:34:12 -0800] "GET /britmu.html HTTP/1.1" 404 88 "-" "Mozilla/5.0 (compatible; YandexBot/3.0; +http://yandex.com/bots)" "www.ysfine.com"
87.250.224.6 - - [21/Dec/2022:13:34:13 -0800] "GET /maga/mellon.html HTTP/1.1" 200 2949 "-" "Mozilla/5.0 (compatible; YandexBot/3.0; +http://yandex.com/bots)" "www.ysfine.com"
5.255.231.206 - - [21/Dec/2022:13:34:14 -0800] "GET /ffriends/garden.html HTTP/1.1" 200 35721 "-" "Mozilla/5.0 (compatible; YandexBot/3.0; +http://yandex.com/bots)" "www.ysfine.com"
87.250.224.6 - - [21/Dec/2022:13:34:14 -0800] "GET /world/florence.html HTTP/1.1" 200 9706 "-" "Mozilla/5.0 (compatible; YandexBot/3.0; +http://yandex.com/bots)" "www.ysfine.com"
87.250.224.6 - - [21/Dec/2022:13:34:15 -0800] "GET /ffriends/moso.html HTTP/1.1" 200 5334 "-" "Mozilla/5.0 (compatible; YandexBot/3.0; +http://yandex.com/bots)" "www.ysfine.com"
87.250.224.28 - - [21/Dec/2022:13:34:15 -0800] "GET /princeton/campus.html HTTP/1.1" 200 15142 "-" "Mozilla/5.0 (compatible; YandexBot/3.0; +http://yandex.com/bots)" "www.ysfine.com"
87.250.224.6 - - [21/Dec/2022:13:34:16 -0800] "GET /maga/hugo.html HTTP/1.1" 200 4000 "-" "Mozilla/5.0 (compatible; YandexBot/3.0; +http://yandex.com/bots)" "www.ysfine.com"
207.46.13.109 - - [21/Dec/2022:13:34:59 -0800] "GET /world/china/beijing014.jpg HTTP/1.1" 200 104683 "-" "Mozilla/5.0 (compatible; bingbot/2.0; +http://www.bing.com/bingbot.htm)" "www.ysfine.com"
87.250.224.24 - - [21/Dec/2022:13:34:59 -0800] "GET /world/brit/etonharrow.html HTTP/1.1" 200 4546 "-" "Mozilla/5.0 (compatible; YandexBot/3.0; +http://yandex.com/bots)" "www.ysfine.com"
5.255.231.206 - - [21/Dec/2022:13:35:00 -0800] "GET /world/brit/etonharrow.html HTTP/1.1" 200 4546 "-" "Mozilla/5.0 (compatible; YandexBot/3.0; +http://yandex.com/bots)" "www.ysfine.com"
51.222.253.10 - - [21/Dec/2022:13:35:04 -0800] "GET /remote/wigner111/frame13.html HTTP/1.1" 200 987 "-" "Mozilla/5.0 (compatible; AhrefsBot/7.0; +http://ahrefs.com/robot/)" "www.ysfine.com"
207.46.13.51 - - [21/Dec/2022:13:35:09 -0800] "GET /bio/princeton/yspr.html HTTP/1.1" 404 88 "-" "Mozilla/5.0 AppleWebKit/537.36 (KHTML, like Gecko; compatible; bingbot/2.0; +http://www.bing.com/bingbot.htm) Chrome/103.0.5060.134 Safari/537.36" "ysfine.com"
51.222.253.7 - - [21/Dec/2022:13:35:14 -0800] "GET /remote/wigner111/kim-13b.jpg HTTP/1.1" 200 54052 "-" "Mozilla/5.0 (compatible; AhrefsBot/7.0; +http://ahrefs.com/robot/)" "www.ysfine.com"
157.55.39.1 - - [21/Dec/2022:13:35:42 -0800] "GET /bio/awards/iao.html HTTP/1.1" 404 88 "-" "Mozilla/5.0 AppleWebKit/537.36 (KHTML, like Gecko; compatible; bingbot/2.0; +http://www.bing.com/bingbot.htm) Chrome/103.0.5060.134 Safari/537.36" "ysfine.com"
5.255.253.111 - - [21/Dec/2022:13:35:58 -0800] "GET /sing.html HTTP/1.1" 404 88 "-" "Mozilla/5.0 (compatible; YandexBot/3.0; +http://yandex.com/bots)" "www.ysfine.com"
207.46.13.51 - - [21/Dec/2022:13:36:50 -0800] "GET /bio/world/kalinin22.html HTTP/1.1" 404 88 "-" "Mozilla/5.0 (compatible; bingbot/2.0; +http://www.bing.com/bingbot.htm)" "ysfine.com"
157.55.39.1 - - [21/Dec/2022:13:37:21 -0800] "GET /beau/aline/kal01.jpg HTTP/1.1" 404 88 "-" "Mozilla/5.0 (compatible; bingbot/2.0; +http://www.bing.com/bingbot.htm)" "ysfine.com"
96.49.188.239 - - [21/Dec/2022:13:37:48 -0800] "GET /kobak/kimilsong11.jpg HTTP/1.1" 200 185542 "https://www.google.com/" "Mozilla/5.0 (Windows NT 10.0; Win64; x64) AppleWebKit/537.36 (KHTML, like Gecko) Chrome/108.0.0.0 Safari/537.36" "ysfine.com"
51.222.253.6 - - [21/Dec/2022:13:37:59 -0800] "GET /class54/class5470/total_data/sub_731.htm HTTP/1.1" 200 3294 "-" "Mozilla/5.0 (compatible; AhrefsBot/7.0; +http://ahrefs.com/robot/)" "www.ysfine.com"
51.222.253.13 - - [21/Dec/2022:13:38:03 -0800] "GET /class54/class5470/total_data/refer_img/7-27_f.jpg HTTP/1.1" 200 36092 "-" "Mozilla/5.0 (compatible; AhrefsBot/7.0; +http://ahrefs.com/robot/)" "www.ysfine.com"
51.222.253.6 - - [21/Dec/2022:13:38:04 -0800] "GET /class54/class5470/total_data/refer_img/7-30_f.jpg HTTP/1.1" 200 34040 "-" "Mozilla/5.0 (compatible; AhrefsBot/7.0; +http://ahrefs.com/robot/)" "www.ysfine.com"
51.222.253.19 - - [21/Dec/2022:13:38:04 -0800] "GET /class54/class5470/total_data/refer_img/7-34_f.jpg HTTP/1.1" 200 31575 "-" "Mozilla/5.0 (compatible; AhrefsBot/7.0; +http://ahrefs.com/robot/)" "www.ysfine.com"
51.222.253.6 - - [21/Dec/2022:13:38:05 -0800] "GET /class54/class5470/total_data/refer_img/7-21_f.jpg HTTP/1.1" 200 32811 "-" "Mozilla/5.0 (compatible; AhrefsBot/7.0; +http://ahrefs.com/robot/)" "www.ysfine.com"
51.222.253.20 - - [21/Dec/2022:13:38:05 -0800] "GET /class54/class5470/total_data/img/08_friendspicuture.gif HTTP/1.1" 200 1051 "-" "Mozilla/5.0 (compatible; AhrefsBot/7.0; +http://ahrefs.com/robot/)" "www.ysfine.com"
51.222.253.15 - - [21/Dec/2022:13:38:05 -0800] "GET /class54/class5470/total_data/refer_img/7-28_f.jpg HTTP/1.1" 200 33368 "-" "Mozilla/5.0 (compatible; AhrefsBot/7.0; +http://ahrefs.com/robot/)" "www.ysfine.com"
51.222.253.5 - - [21/Dec/2022:13:38:06 -0800] "GET /class54/class5470/total_data/refer_img/7-33_f.jpg HTTP/1.1" 200 28140 "-" "Mozilla/5.0 (compatible; AhrefsBot/7.0; +http://ahrefs.com/robot/)" "www.ysfine.com"
51.222.253.11 - - [21/Dec/2022:13:38:06 -0800] "GET /class54/class5470/total_data/refer_img/7-32_f.jpg HTTP/1.1" 200 29905 "-" "Mozilla/5.0 (compatible; AhrefsBot/7.0; +http://ahrefs.com/robot/)" "www.ysfine.com"
51.222.253.12 - - [21/Dec/2022:13:38:06 -0800] "GET /class54/class5470/total_data/img/07_title.gif HTTP/1.1" 200 5491 "-" "Mozilla/5.0 (compatible; AhrefsBot/7.0; +http://ahrefs.com/robot/)" "www.ysfine.com"
51.222.253.19 - - [21/Dec/2022:13:38:07 -0800] "GET /class54/class5470/total_data/refer_img/7-25_f.jpg HTTP/1.1" 200 27860 "-" "Mozilla/5.0 (compatible; AhrefsBot/7.0; +http://ahrefs.com/robot/)" "www.ysfine.com"
51.222.253.12 - - [21/Dec/2022:13:38:07 -0800] "GET /class54/class5470/total_data/refer_img/7-38_f.jpg HTTP/1.1" 200 36030 "-" "Mozilla/5.0 (compatible; AhrefsBot/7.0; +http://ahrefs.com/robot/)" "www.ysfine.com"
51.222.253.14 - - [21/Dec/2022:13:38:09 -0800] "GET /class54/class5470/total_data/refer_img/7-39_f.jpg HTTP/1.1" 200 33581 "-" "Mozilla/5.0 (compatible; AhrefsBot/7.0; +http://ahrefs.com/robot/)" "www.ysfine.com"
51.222.253.2 - - [21/Dec/2022:13:38:10 -0800] "GET /class54/class5470/total_data/img/03_smline.gif HTTP/1.1" 200 3214 "-" "Mozilla/5.0 (compatible; AhrefsBot/7.0; +http://ahrefs.com/robot/)" "www.ysfine.com"
51.222.253.7 - - [21/Dec/2022:13:38:11 -0800] "GET /class54/class5470/total_data/refer_img/7-37_f.jpg HTTP/1.1" 200 32634 "-" "Mozilla/5.0 (compatible; AhrefsBot/7.0; +http://ahrefs.com/robot/)" "www.ysfine.com"
51.222.253.19 - - [21/Dec/2022:13:38:11 -0800] "GET /class54/class5470/total_data/refer_img/7-40_f.jpg HTTP/1.1" 200 35063 "-" "Mozilla/5.0 (compatible; AhrefsBot/7.0; +http://ahrefs.com/robot/)" "www.ysfine.com"
51.222.253.11 - - [21/Dec/2022:13:38:11 -0800] "GET /class54/class5470/total_data/photo_img/7-31.jpg HTTP/1.1" 200 191618 "-" "Mozilla/5.0 (compatible; AhrefsBot/7.0; +http://ahrefs.com/robot/)" "www.ysfine.com"
51.222.253.4 - - [21/Dec/2022:13:38:12 -0800] "GET /class54/class5470/total_data/refer_img/7-23_f.jpg HTTP/1.1" 200 37428 "-" "Mozilla/5.0 (compatible; AhrefsBot/7.0; +http://ahrefs.com/robot/)" "www.ysfine.com"
51.222.253.15 - - [21/Dec/2022:13:38:13 -0800] "GET /class54/class5470/total_data/refer_img/7-35_f.jpg HTTP/1.1" 200 34715 "-" "Mozilla/5.0 (compatible; AhrefsBot/7.0; +http://ahrefs.com/robot/)" "www.ysfine.com"
51.222.253.13 - - [21/Dec/2022:13:38:13 -0800] "GET /class54/class5470/total_data/refer_img/7-24_f.jpg HTTP/1.1" 200 38321 "-" "Mozilla/5.0 (compatible; AhrefsBot/7.0; +http://ahrefs.com/robot/)" "www.ysfine.com"
51.222.253.10 - - [21/Dec/2022:13:38:14 -0800] "GET /class54/class5470/total_data/refer_img/7-22_f.jpg HTTP/1.1" 200 36609 "-" "Mozilla/5.0 (compatible; AhrefsBot/7.0; +http://ahrefs.com/robot/)" "www.ysfine.com"
51.222.253.6 - - [21/Dec/2022:13:38:14 -0800] "GET /class54/class5470/total_data/refer_img/7-29_f.jpg HTTP/1.1" 200 33079 "-" "Mozilla/5.0 (compatible; AhrefsBot/7.0; +http://ahrefs.com/robot/)" "www.ysfine.com"
51.222.253.2 - - [21/Dec/2022:13:38:15 -0800] "GET /class54/class5470/total_data/img/sm03_on.gif HTTP/1.1" 200 405 "-" "Mozilla/5.0 (compatible; AhrefsBot/7.0; +http://ahrefs.com/robot/)" "www.ysfine.com"
51.222.253.20 - - [21/Dec/2022:13:38:15 -0800] "GET /class54/class5470/total_data/refer_img/7-31_f.jpg HTTP/1.1" 200 27393 "-" "Mozilla/5.0 (compatible; AhrefsBot/7.0; +http://ahrefs.com/robot/)" "www.ysfine.com"
51.222.253.1 - - [21/Dec/2022:13:38:15 -0800] "GET /class54/class5470/total_data/refer_img/7-26_f.jpg HTTP/1.1" 200 35595 "-" "Mozilla/5.0 (compatible; AhrefsBot/7.0; +http://ahrefs.com/robot/)" "www.ysfine.com"
87.250.224.28 - - [21/Dec/2022:13:38:58 -0800] "GET /home/photobio.html HTTP/1.1" 404 88 "-" "Mozilla/5.0 (compatible; YandexBot/3.0; +http://yandex.com/bots)" "www.ysfine.com"
87.250.224.28 - - [21/Dec/2022:13:39:09 -0800] "GET /home/eink/mose.html HTTP/1.1" 404 88 "-" "Mozilla/5.0 (compatible; YandexBot/3.0; +http://yandex.com/bots)" "www.ysfine.com"
5.255.253.111 - - [21/Dec/2022:13:39:10 -0800] "GET /home/eink/mose.html HTTP/1.1" 404 88 "-" "Mozilla/5.0 (compatible; YandexBot/3.0; +http://yandex.com/bots)" "www.ysfine.com"
20.232.203.138 - - [21/Dec/2022:13:40:08 -0800] "GET /yspapers/index.html HTTP/1.1" 200 21304 "-" "Mozilla/5.0 (Windows NT 10.0; Win64; x64) AppleWebKit/537.36 (KHTML, like Gecko) Chrome/86.0.4240.75 Safari/537.36" "ysfine.com"
20.232.36.55 - - [21/Dec/2022:13:40:41 -0800] "GET /home/bio22.html HTTP/1.1" 404 88 "-" "Mozilla/5.0 (Windows NT 10.0; Win64; x64) AppleWebKit/537.36 (KHTML, like Gecko) Chrome/86.0.4240.75 Safari/537.36" "ysfine.com"
157.55.39.79 - - [21/Dec/2022:13:40:50 -0800] "GET /ysbio/top21.jpg HTTP/1.1" 404 88 "-" "Mozilla/5.0 AppleWebKit/537.36 (KHTML, like Gecko; compatible; bingbot/2.0; +http://www.bing.com/bingbot.htm) Chrome/103.0.5060.134 Safari/537.36" "www.ysfine.com"
51.222.253.17 - - [21/Dec/2022:13:40:52 -0800] "GET /class54/class5470/total_data/sub_233.htm HTTP/1.1" 200 3403 "-" "Mozilla/5.0 (compatible; AhrefsBot/7.0; +http://ahrefs.com/robot/)" "ysfine.com"
51.222.253.13 - - [21/Dec/2022:13:40:53 -0800] "GET /class54/class5470/total_data/refer_img/2-31_f.jpg HTTP/1.1" 200 27889 "-" "Mozilla/5.0 (compatible; AhrefsBot/7.0; +http://ahrefs.com/robot/)" "ysfine.com"
51.222.253.12 - - [21/Dec/2022:13:40:54 -0800] "GET /class54/class5470/total_data/refer_img/2-25_f.jpg HTTP/1.1" 200 19043 "-" "Mozilla/5.0 (compatible; AhrefsBot/7.0; +http://ahrefs.com/robot/)" "ysfine.com"
51.222.253.1 - - [21/Dec/2022:13:40:54 -0800] "GET /class54/class5470/total_data/refer_img/2-49_f.jpg HTTP/1.1" 200 26889 "-" "Mozilla/5.0 (compatible; AhrefsBot/7.0; +http://ahrefs.com/robot/)" "ysfine.com"
51.222.253.18 - - [21/Dec/2022:13:40:55 -0800] "GET /class54/class5470/total_data/refer_img/2-40_f.jpg HTTP/1.1" 200 26304 "-" "Mozilla/5.0 (compatible; AhrefsBot/7.0; +http://ahrefs.com/robot/)" "ysfine.com"
51.222.253.1 - - [21/Dec/2022:13:40:56 -0800] "GET /class54/class5470/total_data/refer_img/2-29_f.jpg HTTP/1.1" 200 23544 "-" "Mozilla/5.0 (compatible; AhrefsBot/7.0; +http://ahrefs.com/robot/)" "ysfine.com"
51.222.253.18 - - [21/Dec/2022:13:40:56 -0800] "GET /class54/class5470/total_data/img/02_title.gif HTTP/1.1" 200 4864 "-" "Mozilla/5.0 (compatible; AhrefsBot/7.0; +http://ahrefs.com/robot/)" "ysfine.com"
51.222.253.14 - - [21/Dec/2022:13:40:57 -0800] "GET /class54/class5470/total_data/refer_img/2-45_f.jpg HTTP/1.1" 200 26819 "-" "Mozilla/5.0 (compatible; AhrefsBot/7.0; +http://ahrefs.com/robot/)" "ysfine.com"
51.222.253.11 - - [21/Dec/2022:13:40:57 -0800] "GET /class54/class5470/total_data/refer_img/2-33_f.jpg HTTP/1.1" 200 27218 "-" "Mozilla/5.0 (compatible; AhrefsBot/7.0; +http://ahrefs.com/robot/)" "ysfine.com"
51.222.253.19 - - [21/Dec/2022:13:40:58 -0800] "GET /class54/class5470/total_data/refer_img/2-44_f.jpg HTTP/1.1" 200 25852 "-" "Mozilla/5.0 (compatible; AhrefsBot/7.0; +http://ahrefs.com/robot/)" "ysfine.com"
51.222.253.2 - - [21/Dec/2022:13:40:59 -0800] "GET /class54/class5470/total_data/refer_img/2-37_f.jpg HTTP/1.1" 200 26360 "-" "Mozilla/5.0 (compatible; AhrefsBot/7.0; +http://ahrefs.com/robot/)" "ysfine.com"
51.222.253.14 - - [21/Dec/2022:13:40:59 -0800] "GET /class54/class5470/total_data/refer_img/2-47_f.jpg HTTP/1.1" 200 42198 "-" "Mozilla/5.0 (compatible; AhrefsBot/7.0; +http://ahrefs.com/robot/)" "ysfine.com"
51.222.253.8 - - [21/Dec/2022:13:41:00 -0800] "GET /class54/class5470/total_data/refer_img/2-43_f.jpg HTTP/1.1" 200 28438 "-" "Mozilla/5.0 (compatible; AhrefsBot/7.0; +http://ahrefs.com/robot/)" "ysfine.com"
51.222.253.14 - - [21/Dec/2022:13:41:00 -0800] "GET /class54/class5470/total_data/refer_img/2-36_f.jpg HTTP/1.1" 200 29420 "-" "Mozilla/5.0 (compatible; AhrefsBot/7.0; +http://ahrefs.com/robot/)" "ysfine.com"
51.222.253.13 - - [21/Dec/2022:13:41:01 -0800] "GET /class54/class5470/total_data/refer_img/2-41_f.jpg HTTP/1.1" 200 33372 "-" "Mozilla/5.0 (compatible; AhrefsBot/7.0; +http://ahrefs.com/robot/)" "ysfine.com"
87.250.224.28 - - [21/Dec/2022:13:41:01 -0800] "GET /yspapers/jmp22.pdf HTTP/1.1" 200 3367329 "-" "Mozilla/5.0 (compatible; YandexBot/3.0; +http://yandex.com/bots)" "www.ysfine.com"
51.222.253.17 - - [21/Dec/2022:13:41:02 -0800] "GET /class54/class5470/total_data/refer_img/2-28_f.jpg HTTP/1.1" 200 21595 "-" "Mozilla/5.0 (compatible; AhrefsBot/7.0; +http://ahrefs.com/robot/)" "ysfine.com"
51.222.253.1 - - [21/Dec/2022:13:41:02 -0800] "GET /class54/class5470/total_data/refer_img/2-32_f.jpg HTTP/1.1" 200 24835 "-" "Mozilla/5.0 (compatible; AhrefsBot/7.0; +http://ahrefs.com/robot/)" "ysfine.com"
51.222.253.1 - - [21/Dec/2022:13:41:02 -0800] "GET /class54/class5470/total_data/refer_img/2-48_f.jpg HTTP/1.1" 200 26023 "-" "Mozilla/5.0 (compatible; AhrefsBot/7.0; +http://ahrefs.com/robot/)" "ysfine.com"
207.46.13.109 - - [21/Dec/2022:13:41:03 -0800] "GET /bio/kobak/yskor.html HTTP/1.1" 404 88 "-" "Mozilla/5.0 AppleWebKit/537.36 (KHTML, like Gecko; compatible; bingbot/2.0; +http://www.bing.com/bingbot.htm) Chrome/103.0.5060.134 Safari/537.36" "ysfine.com"
51.222.253.9 - - [21/Dec/2022:13:41:03 -0800] "GET /class54/class5470/total_data/photo_img/2-33.jpg HTTP/1.1" 200 200813 "-" "Mozilla/5.0 (compatible; AhrefsBot/7.0; +http://ahrefs.com/robot/)" "ysfine.com"
51.222.253.1 - - [21/Dec/2022:13:41:03 -0800] "GET /class54/class5470/total_data/refer_img/2-42_f.jpg HTTP/1.1" 200 20371 "-" "Mozilla/5.0 (compatible; AhrefsBot/7.0; +http://ahrefs.com/robot/)" "ysfine.com"
51.222.253.9 - - [21/Dec/2022:13:41:04 -0800] "GET /class54/class5470/total_data/refer_img/2-39_f.jpg HTTP/1.1" 200 24769 "-" "Mozilla/5.0 (compatible; AhrefsBot/7.0; +http://ahrefs.com/robot/)" "ysfine.com"
51.222.253.7 - - [21/Dec/2022:13:41:04 -0800] "GET /class54/class5470/total_data/refer_img/2-30_f.jpg HTTP/1.1" 200 25244 "-" "Mozilla/5.0 (compatible; AhrefsBot/7.0; +http://ahrefs.com/robot/)" "ysfine.com"
51.222.253.3 - - [21/Dec/2022:13:41:05 -0800] "GET /class54/class5470/total_data/refer_img/2-46_f.jpg HTTP/1.1" 200 28405 "-" "Mozilla/5.0 (compatible; AhrefsBot/7.0; +http://ahrefs.com/robot/)" "ysfine.com"
51.222.253.5 - - [21/Dec/2022:13:41:05 -0800] "GET /class54/class5470/total_data/img/02_smline.gif HTTP/1.1" 200 2437 "-" "Mozilla/5.0 (compatible; AhrefsBot/7.0; +http://ahrefs.com/robot/)" "ysfine.com"
51.222.253.2 - - [21/Dec/2022:13:41:05 -0800] "GET /class54/class5470/total_data/img/02_schooldays.gif HTTP/1.1" 200 987 "-" "Mozilla/5.0 (compatible; AhrefsBot/7.0; +http://ahrefs.com/robot/)" "ysfine.com"
51.222.253.18 - - [21/Dec/2022:13:41:06 -0800] "GET /class54/class5470/total_data/refer_img/2-38_f.jpg HTTP/1.1" 200 32732 "-" "Mozilla/5.0 (compatible; AhrefsBot/7.0; +http://ahrefs.com/robot/)" "ysfine.com"
51.222.253.7 - - [21/Dec/2022:13:41:06 -0800] "GET /class54/class5470/total_data/refer_img/2-27_f.jpg HTTP/1.1" 200 21752 "-" "Mozilla/5.0 (compatible; AhrefsBot/7.0; +http://ahrefs.com/robot/)" "ysfine.com"
51.222.253.16 - - [21/Dec/2022:13:41:07 -0800] "GET /class54/class5470/total_data/refer_img/2-35_f.jpg HTTP/1.1" 200 27556 "-" "Mozilla/5.0 (compatible; AhrefsBot/7.0; +http://ahrefs.com/robot/)" "ysfine.com"
51.222.253.20 - - [21/Dec/2022:13:41:07 -0800] "GET /class54/class5470/total_data/refer_img/2-26_f.jpg HTTP/1.1" 200 21982 "-" "Mozilla/5.0 (compatible; AhrefsBot/7.0; +http://ahrefs.com/robot/)" "ysfine.com"
51.222.253.15 - - [21/Dec/2022:13:41:07 -0800] "GET /class54/class5470/total_data/refer_img/2-34_f.jpg HTTP/1.1" 200 27811 "-" "Mozilla/5.0 (compatible; AhrefsBot/7.0; +http://ahrefs.com/robot/)" "ysfine.com"
5.255.253.158 - - [21/Dec/2022:13:41:13 -0800] "GET /wdc/wasdc.html HTTP/1.1" 200 13715 "-" "Mozilla/5.0 (compatible; YandexBot/3.0; +http://yandex.com/bots)" "www.ysfine.com"
20.232.202.217 - - [21/Dec/2022:13:41:14 -0800] "GET /yspapers/jmp22.pdf HTTP/1.1" 200 3367329 "-" "Mozilla/5.0 (Windows NT 10.0; Win64; x64) AppleWebKit/537.36 (KHTML, like Gecko) Chrome/86.0.4240.75 Safari/537.36" "ysfine.com"
87.250.224.33 - - [21/Dec/2022:13:41:33 -0800] "GET /world/brit/eton02.jpg HTTP/1.1" 200 87821 "-" "Mozilla/5.0 (compatible; YandexImages/3.0; +http://yandex.com/bots)" "ysfine.com"
157.55.39.1 - - [21/Dec/2022:13:41:42 -0800] "GET /world/france/sartsq13.jpg HTTP/1.1" 200 84576 "-" "Mozilla/5.0 (compatible; bingbot/2.0; +http://www.bing.com/bingbot.htm)" "ysfine.com"
87.249.132.161 - - [21/Dec/2022:13:42:03 -0800] "GET / HTTP/1.1" 200 5295 "-" "Mozilla/5.0 (Windows; U; Windows NT 6.1; en-US; rv:1.9.1.5) Gecko/20091102 Firefox/3.5.5 (.NET CLR 3.5.30729)" "ysfine.com"
24.186.152.98 - - [21/Dec/2022:13:42:20 -0800] "GET /princeton/brooke22.jpg HTTP/1.1" 200 87673 "https://www.google.com/" "Mozilla/5.0 (Windows NT 10.0; Win64; x64) AppleWebKit/537.36 (KHTML, like Gecko) Chrome/108.0.0.0 Safari/537.36" "ysfine.com"
185.191.171.44 - - [21/Dec/2022:13:42:30 -0800] "GET /maga/bohrdc.html HTTP/1.1" 200 4181 "-" "Mozilla/5.0 (compatible; SemrushBot/7~bl; +http://www.semrush.com/bot.html)" "www.ysfine.com"
157.55.39.1 - - [21/Dec/2022:13:42:32 -0800] "GET /bio/world/leipzig.html HTTP/1.1" 404 88 "-" "Mozilla/5.0 AppleWebKit/537.36 (KHTML, like Gecko; compatible; bingbot/2.0; +http://www.bing.com/bingbot.htm) Chrome/103.0.5060.134 Safari/537.36" "ysfine.com"
20.232.203.138 - - [21/Dec/2022:13:43:02 -0800] "GET /home/1987pr22.jpg HTTP/1.1" 200 273963 "-" "Mozilla/5.0 (Windows NT 10.0; Win64; x64) AppleWebKit/537.36 (KHTML, like Gecko) Chrome/86.0.4240.75 Safari/537.36" "ysfine.com"
5.255.231.206 - - [21/Dec/2022:13:43:44 -0800] "GET /wdc/wasdc.html HTTP/1.1" 200 13715 "-" "Mozilla/5.0 (compatible; YandexBot/3.0; +http://yandex.com/bots)" "www.ysfine.com"
213.180.203.66 - - [21/Dec/2022:13:43:45 -0800] "GET /wigner/wigheis11.jpg HTTP/1.1" 304 - "-" "Mozilla/5.0 (compatible; YandexImages/3.0; +http://yandex.com/bots)" "www.ysfine.com"
5.255.253.101 - - [21/Dec/2022:13:43:45 -0800] "GET /sing.html HTTP/1.1" 404 88 "-" "Mozilla/5.0 (compatible; YandexBot/3.0; +http://yandex.com/bots)" "www.ysfine.com"
87.250.224.37 - - [21/Dec/2022:13:43:46 -0800] "GET /awards/index.html HTTP/1.1" 200 9995 "-" "Mozilla/5.0 (compatible; YandexBot/3.0; +http://yandex.com/bots)" "www.ysfine.com"
87.250.224.182 - - [21/Dec/2022:13:43:46 -0800] "GET /awards/index.html HTTP/1.1" 200 9995 "-" "Mozilla/5.0 (compatible; YandexBot/3.0; +http://yandex.com/bots)" "www.ysfine.com"
51.222.253.10 - - [21/Dec/2022:13:44:06 -0800] "GET /style/spbpiano.html HTTP/1.1" 200 1801 "-" "Mozilla/5.0 (compatible; AhrefsBot/7.0; +http://ahrefs.com/robot/)" "ysfine.com"
51.222.253.17 - - [21/Dec/2022:13:44:08 -0800] "GET /world/russ/spbpi05b.jpg HTTP/1.1" 200 31815 "-" "Mozilla/5.0 (compatible; AhrefsBot/7.0; +http://ahrefs.com/robot/)" "ysfine.com"
51.222.253.19 - - [21/Dec/2022:13:44:08 -0800] "GET /world/russ/spbpi11b.jpg HTTP/1.1" 200 44991 "-" "Mozilla/5.0 (compatible; AhrefsBot/7.0; +http://ahrefs.com/robot/)" "ysfine.com"
51.222.253.7 - - [21/Dec/2022:13:44:09 -0800] "GET /world/russ/spbpi02b.jpg HTTP/1.1" 200 34109 "-" "Mozilla/5.0 (compatible; AhrefsBot/7.0; +http://ahrefs.com/robot/)" "ysfine.com"
51.222.253.15 - - [21/Dec/2022:13:44:10 -0800] "GET /world/russ/spbpi03b.jpg HTTP/1.1" 200 39436 "-" "Mozilla/5.0 (compatible; AhrefsBot/7.0; +http://ahrefs.com/robot/)" "ysfine.com"
185.191.171.3 - - [21/Dec/2022:13:44:10 -0800] "GET /world/ysworld HTTP/1.1" 200 3224 "-" "Mozilla/5.0 (compatible; SemrushBot/7~bl; +http://www.semrush.com/bot.html)" "www.ysfine.com"
51.222.253.3 - - [21/Dec/2022:13:44:10 -0800] "GET /world/russ/spbpi08b.jpg HTTP/1.1" 200 34889 "-" "Mozilla/5.0 (compatible; AhrefsBot/7.0; +http://ahrefs.com/robot/)" "ysfine.com"
51.222.253.18 - - [21/Dec/2022:13:44:11 -0800] "GET /world/russ/spbpi04b.jpg HTTP/1.1" 200 40390 "-" "Mozilla/5.0 (compatible; AhrefsBot/7.0; +http://ahrefs.com/robot/)" "ysfine.com"
51.222.253.12 - - [21/Dec/2022:13:44:11 -0800] "GET /world/russ/spbpi06b.jpg HTTP/1.1" 200 36435 "-" "Mozilla/5.0 (compatible; AhrefsBot/7.0; +http://ahrefs.com/robot/)" "ysfine.com"
51.222.253.8 - - [21/Dec/2022:13:44:12 -0800] "GET /world/russ/spbpi01a.jpg HTTP/1.1" 200 47890 "-" "Mozilla/5.0 (compatible; AhrefsBot/7.0; +http://ahrefs.com/robot/)" "ysfine.com"
207.46.13.51 - - [21/Dec/2022:13:44:20 -0800] "GET /bio/eink/buythisbook.html HTTP/1.1" 404 88 "-" "Mozilla/5.0 AppleWebKit/537.36 (KHTML, like Gecko; compatible; bingbot/2.0; +http://www.bing.com/bingbot.htm) Chrome/103.0.5060.134 Safari/537.36" "ysfine.com"
185.191.171.26 - - [21/Dec/2022:13:44:47 -0800] "GET /ffriends/german.html HTTP/1.1" 200 8155 "-" "Mozilla/5.0 (compatible; SemrushBot/7~bl; +http://www.semrush.com/bot.html)" "ysfine.com"
207.46.13.8 - - [21/Dec/2022:13:45:11 -0800] "GET /world/china/dalian32.jpg HTTP/1.1" 200 115026 "-" "Mozilla/5.0 (compatible; bingbot/2.0; +http://www.bing.com/bingbot.htm)" "ysfine.com"
207.46.13.51 - - [21/Dec/2022:13:45:19 -0800] "GET /style/musee/britmu32.jpg HTTP/1.1" 200 93547 "-" "Mozilla/5.0 AppleWebKit/537.36 (KHTML, like Gecko; compatible; bingbot/2.0; +http://www.bing.com/bingbot.htm) Chrome/103.0.5060.134 Safari/537.36" "www.ysfine.com"
87.250.224.197 - - [21/Dec/2022:13:45:36 -0800] "GET /awards/bio03.html HTTP/1.1" 404 88 "-" "Mozilla/5.0 (compatible; YandexBot/3.0; +http://yandex.com/bots)" "www.ysfine.com"
213.180.203.76 - - [21/Dec/2022:13:45:50 -0800] "GET /princeton/campus.html HTTP/1.1" 200 15142 "-" "Mozilla/5.0 (compatible; YandexBot/3.0; +http://yandex.com/bots)" "www.ysfine.com"
160.2.135.173 - - [21/Dec/2022:13:45:51 -0800] "GET /einstein/einhouse11.jpg HTTP/1.1" 200 109026 "https://www.google.com/" "Mozilla/5.0 (Windows NT 10.0; Win64; x64) AppleWebKit/537.36 (KHTML, like Gecko) Chrome/108.0.0.0 Safari/537.36" "ysfine.com"
213.180.203.23 - - [21/Dec/2022:13:46:09 -0800] "GET /bio15.html HTTP/1.1" 200 15983 "-" "Mozilla/5.0 (compatible; YandexBot/3.0; +http://yandex.com/bots)" "www.ysfine.com"
207.46.13.8 - - [21/Dec/2022:13:46:33 -0800] "GET /bio/style/proschanie.html HTTP/1.1" 404 88 "-" "Mozilla/5.0 (compatible; bingbot/2.0; +http://www.bing.com/bingbot.htm)" "ysfine.com"
82.6.184.27 - - [21/Dec/2022:13:46:51 -0800] "GET /kobak/kwk11b.jpg HTTP/1.1" 200 46888 "https://www.google.com/" "Mozilla/5.0 (Windows NT 10.0; Win64; x64) AppleWebKit/537.36 (KHTML, like Gecko) Chrome/108.0.0.0 Safari/537.36" "ysfine.com"
185.191.171.15 - - [21/Dec/2022:13:46:55 -0800] "GET /world/berlin.html HTTP/1.1" 200 16173 "-" "Mozilla/5.0 (compatible; SemrushBot/7~bl; +http://www.semrush.com/bot.html)" "www.ysfine.com"
24.186.152.98 - - [21/Dec/2022:13:46:59 -0800] "GET /princeton/brooke87.jpg HTTP/1.1" 200 174753 "https://www.google.com/" "Mozilla/5.0 (Windows NT 10.0; Win64; x64) AppleWebKit/537.36 (KHTML, like Gecko) Chrome/108.0.0.0 Safari/537.36" "ysfine.com"
207.46.13.51 - - [21/Dec/2022:13:47:09 -0800] "GET /maga/phys/huy36.jpg HTTP/1.1" 200 65279 "-" "Mozilla/5.0 AppleWebKit/537.36 (KHTML, like Gecko; compatible; bingbot/2.0; +http://www.bing.com/bingbot.htm) Chrome/103.0.5060.134 Safari/537.36" "www.ysfine.com"
51.222.253.20 - - [21/Dec/2022:13:47:20 -0800] "GET /class54/class5480/Pictures/2.%C3%AA%C2%B8%C2%B0%C3%AB%C2%85%C2%90%C3%AD%C2%96%C2%89%C3%AC%C2%82%C2%AC/?C=S;O=D HTTP/1.1" 200 1688 "-" "Mozilla/5.0 (compatible; AhrefsBot/7.0; +http://ahrefs.com/robot/)" "ysfine.com"
5.255.253.111 - - [21/Dec/2022:13:48:15 -0800] "GET /kobak/democr.html HTTP/1.1" 200 2199 "-" "Mozilla/5.0 (compatible; YandexBot/3.0; +http://yandex.com/bots)" "www.ysfine.com"
20.232.36.55 - - [21/Dec/2022:13:48:20 -0800] "GET /princeton/index.html HTTP/1.1" 200 140 "-" "Mozilla/5.0 (Windows NT 10.0; Win64; x64) AppleWebKit/537.36 (KHTML, like Gecko) Chrome/86.0.4240.75 Safari/537.36" "ysfine.com"
207.46.13.109 - - [21/Dec/2022:13:48:40 -0800] "GET /world/brit/tower03.jpg HTTP/1.1" 200 84977 "-" "Mozilla/5.0 (compatible; bingbot/2.0; +http://www.bing.com/bingbot.htm)" "www.ysfine.com"
207.46.13.109 - - [21/Dec/2022:13:48:42 -0800] "GET /bio/style/artlove.html HTTP/1.1" 404 88 "-" "Mozilla/5.0 (compatible; bingbot/2.0; +http://www.bing.com/bingbot.htm)" "ysfine.com"
207.46.13.8 - - [21/Dec/2022:13:49:13 -0800] "GET /ysbio/wdc/kopol.html HTTP/1.1" 404 88 "-" "Mozilla/5.0 (compatible; bingbot/2.0; +http://www.bing.com/bingbot.htm)" "ysfine.com"
157.55.39.1 - - [21/Dec/2022:13:49:17 -0800] "GET /bio/dirac/diracpol.html HTTP/1.1" 404 88 "-" "Mozilla/5.0 AppleWebKit/537.36 (KHTML, like Gecko; compatible; bingbot/2.0; +http://www.bing.com/bingbot.htm) Chrome/103.0.5060.134 Safari/537.36" "ysfine.com"
213.180.203.23 - - [21/Dec/2022:13:49:59 -0800] "GET /dirac/dirk62.html HTTP/1.1" 200 3949 "-" "Mozilla/5.0 (compatible; YandexBot/3.0; +http://yandex.com/bots)" "www.ysfine.com"
207.46.13.109 - - [21/Dec/2022:13:50:05 -0800] "GET /wigner/wbrill.html HTTP/1.1" 200 4163 "-" "Mozilla/5.0 (compatible; bingbot/2.0; +http://www.bing.com/bingbot.htm)" "www.ysfine.com"
51.222.253.13 - - [21/Dec/2022:13:50:18 -0800] "GET /class54/class5470/total_data/sub_732.htm HTTP/1.1" 200 3294 "-" "Mozilla/5.0 (compatible; AhrefsBot/7.0; +http://ahrefs.com/robot/)" "www.ysfine.com"
51.222.253.4 - - [21/Dec/2022:13:50:20 -0800] "GET /class54/class5470/total_data/img/sm04_on.gif HTTP/1.1" 200 392 "-" "Mozilla/5.0 (compatible; AhrefsBot/7.0; +http://ahrefs.com/robot/)" "www.ysfine.com"
207.46.13.109 - - [21/Dec/2022:13:50:32 -0800] "GET /beau/croatia07.jpg HTTP/1.1" 404 88 "-" "Mozilla/5.0 AppleWebKit/537.36 (KHTML, like Gecko; compatible; bingbot/2.0; +http://www.bing.com/bingbot.htm) Chrome/103.0.5060.134 Safari/537.36" "ysfine.com"
66.249.66.216 - - [21/Dec/2022:13:50:46 -0800] "GET /robots.txt HTTP/1.1" 404 88 "-" "Mozilla/5.0 (compatible; Googlebot/2.1; +http://www.google.com/bot.html)" "ysfine.com"
66.249.66.44 - - [21/Dec/2022:13:50:46 -0800] "GET /style/cameras/zenit22c.jpg HTTP/1.1" 200 32927 "-" "Googlebot-Image/1.0" "ysfine.com"
87.250.224.164 - - [21/Dec/2022:13:51:20 -0800] "GET /ffriends/garden.html HTTP/1.1" 200 35721 "-" "Mozilla/5.0 (compatible; YandexBot/3.0; +http://yandex.com/bots)" "www.ysfine.com"
207.46.13.144 - - [21/Dec/2022:13:51:33 -0800] "GET /world/france/frpolice01.jpg HTTP/1.1" 200 105430 "-" "Mozilla/5.0 (compatible; bingbot/2.0; +http://www.bing.com/bingbot.htm)" "ysfine.com"
64.62.252.174 - - [21/Dec/2022:13:51:39 -0800] "GET /robots.txt HTTP/1.1" 404 88 "-" "The Knowledge AI" "ysfine.com"
51.222.253.18 - - [21/Dec/2022:13:53:11 -0800] "GET /feynman/chapline.html HTTP/1.1" 200 974 "-" "Mozilla/5.0 (compatible; AhrefsBot/7.0; +http://ahrefs.com/robot/)" "www.ysfine.com"
5.255.253.101 - - [21/Dec/2022:13:53:45 -0800] "GET /world/russ/?C=S;O=D HTTP/1.1" 200 18005 "-" "Mozilla/5.0 (compatible; YandexBot/3.0; +http://yandex.com/bots)" "www.ysfine.com"
207.46.13.109 - - [21/Dec/2022:13:54:45 -0800] "GET /bio/yshome.html HTTP/1.1" 404 88 "-" "Mozilla/5.0 (compatible; bingbot/2.0; +http://www.bing.com/bingbot.htm)" "ysfine.com"
91.183.213.124 - - [21/Dec/2022:13:55:29 -0800] "GET /world/china11.html HTTP/1.1" 200 24682 "https://www.google.com/" "Mozilla/5.0 (Windows NT 10.0; Win64; x64; rv:108.0) Gecko/20100101 Firefox/108.0" "ysfine.com"
91.183.213.124 - - [21/Dec/2022:13:55:30 -0800] "GET /feynman/feyyang11b.jpg HTTP/1.1" 200 35104 "https://ysfine.com/world/china11.html" "Mozilla/5.0 (Windows NT 10.0; Win64; x64; rv:108.0) Gecko/20100101 Firefox/108.0" "ysfine.com"
91.183.213.124 - - [21/Dec/2022:13:55:30 -0800] "GET /maga/phys/yukaein2.jpg HTTP/1.1" 200 42863 "https://ysfine.com/world/china11.html" "Mozilla/5.0 (Windows NT 10.0; Win64; x64; rv:108.0) Gecko/20100101 Firefox/108.0" "ysfine.com"
91.183.213.124 - - [21/Dec/2022:13:55:30 -0800] "GET /world/china/beijing058b.jpg HTTP/1.1" 200 29133 "https://ysfine.com/world/china11.html" "Mozilla/5.0 (Windows NT 10.0; Win64; x64; rv:108.0) Gecko/20100101 Firefox/108.0" "ysfine.com"
91.183.213.124 - - [21/Dec/2022:13:55:30 -0800] "GET /kobak/sonja2.jpg HTTP/1.1" 200 31693 "https://ysfine.com/world/china11.html" "Mozilla/5.0 (Windows NT 10.0; Win64; x64; rv:108.0) Gecko/20100101 Firefox/108.0" "ysfine.com"
91.183.213.124 - - [21/Dec/2022:13:55:30 -0800] "GET /world/china/china002b.jpg HTTP/1.1" 200 43618 "https://ysfine.com/world/china11.html" "Mozilla/5.0 (Windows NT 10.0; Win64; x64; rv:108.0) Gecko/20100101 Firefox/108.0" "ysfine.com"
91.183.213.124 - - [21/Dec/2022:13:55:30 -0800] "GET /world/china/xian01b.jpg HTTP/1.1" 200 30886 "https://ysfine.com/world/china11.html" "Mozilla/5.0 (Windows NT 10.0; Win64; x64; rv:108.0) Gecko/20100101 Firefox/108.0" "ysfine.com"
91.183.213.124 - - [21/Dec/2022:13:55:30 -0800] "GET /world/china/xian02b.jpg HTTP/1.1" 200 29745 "https://ysfine.com/world/china11.html" "Mozilla/5.0 (Windows NT 10.0; Win64; x64; rv:108.0) Gecko/20100101 Firefox/108.0" "ysfine.com"
91.183.213.124 - - [21/Dec/2022:13:55:30 -0800] "GET /world/china/andun01b.jpg HTTP/1.1" 200 35315 "https://ysfine.com/world/china11.html" "Mozilla/5.0 (Windows NT 10.0; Win64; x64; rv:108.0) Gecko/20100101 Firefox/108.0" "ysfine.com"
91.183.213.124 - - [21/Dec/2022:13:55:30 -0800] "GET /world/china/china008b.jpg HTTP/1.1" 200 35456 "https://ysfine.com/world/china11.html" "Mozilla/5.0 (Windows NT 10.0; Win64; x64; rv:108.0) Gecko/20100101 Firefox/108.0" "ysfine.com"
91.183.213.124 - - [21/Dec/2022:13:55:30 -0800] "GET /world/china/china006b.gif HTTP/1.1" 200 16880 "https://ysfine.com/world/china11.html" "Mozilla/5.0 (Windows NT 10.0; Win64; x64; rv:108.0) Gecko/20100101 Firefox/108.0" "ysfine.com"
91.183.213.124 - - [21/Dec/2022:13:55:30 -0800] "GET /world/china/beijing055b.jpg HTTP/1.1" 200 33655 "https://ysfine.com/world/china11.html" "Mozilla/5.0 (Windows NT 10.0; Win64; x64; rv:108.0) Gecko/20100101 Firefox/108.0" "ysfine.com"
91.183.213.124 - - [21/Dec/2022:13:55:30 -0800] "GET /world/china/xian09b.jpg HTTP/1.1" 200 40511 "https://ysfine.com/world/china11.html" "Mozilla/5.0 (Windows NT 10.0; Win64; x64; rv:108.0) Gecko/20100101 Firefox/108.0" "ysfine.com"
91.183.213.124 - - [21/Dec/2022:13:55:30 -0800] "GET /world/china/china038b.jpg HTTP/1.1" 200 25149 "https://ysfine.com/world/china11.html" "Mozilla/5.0 (Windows NT 10.0; Win64; x64; rv:108.0) Gecko/20100101 Firefox/108.0" "ysfine.com"
91.183.213.124 - - [21/Dec/2022:13:55:30 -0800] "GET /world/china/xian11b.jpg HTTP/1.1" 200 39079 "https://ysfine.com/world/china11.html" "Mozilla/5.0 (Windows NT 10.0; Win64; x64; rv:108.0) Gecko/20100101 Firefox/108.0" "ysfine.com"
91.183.213.124 - - [21/Dec/2022:13:55:30 -0800] "GET /world/china/china007b.jpg HTTP/1.1" 200 34074 "https://ysfine.com/world/china11.html" "Mozilla/5.0 (Windows NT 10.0; Win64; x64; rv:108.0) Gecko/20100101 Firefox/108.0" "ysfine.com"
91.183.213.124 - - [21/Dec/2022:13:55:30 -0800] "GET /world/china/xian14b.jpg HTTP/1.1" 200 42388 "https://ysfine.com/world/china11.html" "Mozilla/5.0 (Windows NT 10.0; Win64; x64; rv:108.0) Gecko/20100101 Firefox/108.0" "ysfine.com"
91.183.213.124 - - [21/Dec/2022:13:55:30 -0800] "GET /world/china/beijing056b.jpg HTTP/1.1" 200 40631 "https://ysfine.com/world/china11.html" "Mozilla/5.0 (Windows NT 10.0; Win64; x64; rv:108.0) Gecko/20100101 Firefox/108.0" "ysfine.com"
91.183.213.124 - - [21/Dec/2022:13:55:30 -0800] "GET /world/china/xian15b.jpg HTTP/1.1" 200 33679 "https://ysfine.com/world/china11.html" "Mozilla/5.0 (Windows NT 10.0; Win64; x64; rv:108.0) Gecko/20100101 Firefox/108.0" "ysfine.com"
91.183.213.124 - - [21/Dec/2022:13:55:30 -0800] "GET /world/china/hangz01b.jpg HTTP/1.1" 200 34562 "https://ysfine.com/world/china11.html" "Mozilla/5.0 (Windows NT 10.0; Win64; x64; rv:108.0) Gecko/20100101 Firefox/108.0" "ysfine.com"
91.183.213.124 - - [21/Dec/2022:13:55:30 -0800] "GET /world/china/hangz02b.jpg HTTP/1.1" 200 33785 "https://ysfine.com/world/china11.html" "Mozilla/5.0 (Windows NT 10.0; Win64; x64; rv:108.0) Gecko/20100101 Firefox/108.0" "ysfine.com"
91.183.213.124 - - [21/Dec/2022:13:55:30 -0800] "GET /maga/phil/zhuxi2.jpg HTTP/1.1" 200 52935 "https://ysfine.com/world/china11.html" "Mozilla/5.0 (Windows NT 10.0; Win64; x64; rv:108.0) Gecko/20100101 Firefox/108.0" "ysfine.com"
91.183.213.124 - - [21/Dec/2022:13:55:30 -0800] "GET /world/china/china014b.jpg HTTP/1.1" 200 54603 "https://ysfine.com/world/china11.html" "Mozilla/5.0 (Windows NT 10.0; Win64; x64; rv:108.0) Gecko/20100101 Firefox/108.0" "ysfine.com"
91.183.213.124 - - [21/Dec/2022:13:55:30 -0800] "GET /world/china/china003b.jpg HTTP/1.1" 200 37220 "https://ysfine.com/world/china11.html" "Mozilla/5.0 (Windows NT 10.0; Win64; x64; rv:108.0) Gecko/20100101 Firefox/108.0" "ysfine.com"
91.183.213.124 - - [21/Dec/2022:13:55:30 -0800] "GET /world/china/nanjing63b.jpg HTTP/1.1" 200 50981 "https://ysfine.com/world/china11.html" "Mozilla/5.0 (Windows NT 10.0; Win64; x64; rv:108.0) Gecko/20100101 Firefox/108.0" "ysfine.com"
91.183.213.124 - - [21/Dec/2022:13:55:30 -0800] "GET /world/china/hongkong06b.jpg HTTP/1.1" 200 43298 "https://ysfine.com/world/china11.html" "Mozilla/5.0 (Windows NT 10.0; Win64; x64; rv:108.0) Gecko/20100101 Firefox/108.0" "ysfine.com"
91.183.213.124 - - [21/Dec/2022:13:55:30 -0800] "GET /world/china/beijing106b.jpg HTTP/1.1" 200 39168 "https://ysfine.com/world/china11.html" "Mozilla/5.0 (Windows NT 10.0; Win64; x64; rv:108.0) Gecko/20100101 Firefox/108.0" "ysfine.com"
91.183.213.124 - - [21/Dec/2022:13:55:30 -0800] "GET /world/russ/msu01b.jpg HTTP/1.1" 200 30172 "https://ysfine.com/world/china11.html" "Mozilla/5.0 (Windows NT 10.0; Win64; x64; rv:108.0) Gecko/20100101 Firefox/108.0" "ysfine.com"
91.183.213.124 - - [21/Dec/2022:13:55:30 -0800] "GET /world/china/china021b.jpg HTTP/1.1" 200 37835 "https://ysfine.com/world/china11.html" "Mozilla/5.0 (Windows NT 10.0; Win64; x64; rv:108.0) Gecko/20100101 Firefox/108.0" "ysfine.com"
91.183.213.124 - - [21/Dec/2022:13:55:30 -0800] "GET /world/china/beijing109b.jpg HTTP/1.1" 200 39391 "https://ysfine.com/world/china11.html" "Mozilla/5.0 (Windows NT 10.0; Win64; x64; rv:108.0) Gecko/20100101 Firefox/108.0" "ysfine.com"
91.183.213.124 - - [21/Dec/2022:13:55:30 -0800] "GET /world/china/china018b.jpg HTTP/1.1" 200 38858 "https://ysfine.com/world/china11.html" "Mozilla/5.0 (Windows NT 10.0; Win64; x64; rv:108.0) Gecko/20100101 Firefox/108.0" "ysfine.com"
