51.222.253.13 - - [21/Dec/2022:00:30:16 -0800] "GET /world/balkan/istan018b.jpg HTTP/1.1" 200 40889 "-" "Mozilla/5.0 (compatible; AhrefsBot/7.0; +http://ahrefs.com/robot/)" "www.ysfine.com"
51.222.253.1 - - [21/Dec/2022:00:30:17 -0800] "GET /wigner/wigkim2.jpg HTTP/1.1" 200 40700 "-" "Mozilla/5.0 (compatible; AhrefsBot/7.0; +http://ahrefs.com/robot/)" "www.ysfine.com"
51.222.253.18 - - [21/Dec/2022:00:30:17 -0800] "GET /world/balkan/istan043b.jpg HTTP/1.1" 200 45816 "-" "Mozilla/5.0 (compatible; AhrefsBot/7.0; +http://ahrefs.com/robot/)" "www.ysfine.com"
51.222.253.20 - - [21/Dec/2022:00:30:18 -0800] "GET /wigner/cylin.jpg HTTP/1.1" 200 98610 "-" "Mozilla/5.0 (compatible; AhrefsBot/7.0; +http://ahrefs.com/robot/)" "www.ysfine.com"
51.222.253.7 - - [21/Dec/2022:00:30:18 -0800] "GET /feynman/feynma2.jpg HTTP/1.1" 200 41543 "-" "Mozilla/5.0 (compatible; AhrefsBot/7.0; +http://ahrefs.com/robot/)" "www.ysfine.com"
93.180.53.38 - - [21/Dec/2022:00:30:18 -0800] "GET /dirac/dirosc.pdf HTTP/1.1" 200 41985 "https://yandex.ru/" "Mozilla/5.0 (Linux; arm_64; Android 11; Redmi Note 8 Pro) AppleWebKit/537.36 (KHTML, like Gecko) Chrome/104.0.5112.114 YaBrowser/22.9.4.79.00 SA/3 Mobile Safari/537.36" "www.ysfine.com"
51.222.253.16 - - [21/Dec/2022:00:30:19 -0800] "GET /world/balkan/istan001b.jpg HTTP/1.1" 200 36438 "-" "Mozilla/5.0 (compatible; AhrefsBot/7.0; +http://ahrefs.com/robot/)" "www.ysfine.com"
51.222.253.11 - - [21/Dec/2022:00:30:19 -0800] "GET /world/balkan/istan006b.jpg HTTP/1.1" 200 38628 "-" "Mozilla/5.0 (compatible; AhrefsBot/7.0; +http://ahrefs.com/robot/)" "www.ysfine.com"
51.222.253.16 - - [21/Dec/2022:00:30:20 -0800] "GET /world/balkan/istan034b.jpg HTTP/1.1" 200 53029 "-" "Mozilla/5.0 (compatible; AhrefsBot/7.0; +http://ahrefs.com/robot/)" "www.ysfine.com"
51.222.253.3 - - [21/Dec/2022:00:30:20 -0800] "GET /world/balkan/suleyman11b.jpg HTTP/1.1" 200 41195 "-" "Mozilla/5.0 (compatible; AhrefsBot/7.0; +http://ahrefs.com/robot/)" "www.ysfine.com"
51.222.253.10 - - [21/Dec/2022:00:30:20 -0800] "GET /world/balkan/istan103b.jpg HTTP/1.1" 200 38081 "-" "Mozilla/5.0 (compatible; AhrefsBot/7.0; +http://ahrefs.com/robot/)" "www.ysfine.com"
51.222.253.20 - - [21/Dec/2022:00:30:21 -0800] "GET /world/balkan/inokim77b.jpg HTTP/1.1" 200 32620 "-" "Mozilla/5.0 (compatible; AhrefsBot/7.0; +http://ahrefs.com/robot/)" "www.ysfine.com"
51.222.253.14 - - [21/Dec/2022:00:30:21 -0800] "GET /world/balkan/istan050b.jpg HTTP/1.1" 200 35071 "-" "Mozilla/5.0 (compatible; AhrefsBot/7.0; +http://ahrefs.com/robot/)" "www.ysfine.com"
51.222.253.1 - - [21/Dec/2022:00:30:22 -0800] "GET /world/balkan/bosphorus11b.jpg HTTP/1.1" 200 61911 "-" "Mozilla/5.0 (compatible; AhrefsBot/7.0; +http://ahrefs.com/robot/)" "www.ysfine.com"
51.222.253.15 - - [21/Dec/2022:00:30:22 -0800] "GET /world/balkan/istan014b.jpg HTTP/1.1" 200 33551 "-" "Mozilla/5.0 (compatible; AhrefsBot/7.0; +http://ahrefs.com/robot/)" "www.ysfine.com"
51.222.253.18 - - [21/Dec/2022:00:30:22 -0800] "GET /world/balkan/istan024b.jpg HTTP/1.1" 200 39496 "-" "Mozilla/5.0 (compatible; AhrefsBot/7.0; +http://ahrefs.com/robot/)" "www.ysfine.com"
51.222.253.4 - - [21/Dec/2022:00:30:23 -0800] "GET /world/balkan/istan075b.jpg HTTP/1.1" 200 54400 "-" "Mozilla/5.0 (compatible; AhrefsBot/7.0; +http://ahrefs.com/robot/)" "www.ysfine.com"
51.222.253.2 - - [21/Dec/2022:00:30:23 -0800] "GET /world/balkan/istan086b.jpg HTTP/1.1" 200 46686 "-" "Mozilla/5.0 (compatible; AhrefsBot/7.0; +http://ahrefs.com/robot/)" "www.ysfine.com"
51.222.253.14 - - [21/Dec/2022:00:30:24 -0800] "GET /world/balkan/istan037b.jpg HTTP/1.1" 200 43902 "-" "Mozilla/5.0 (compatible; AhrefsBot/7.0; +http://ahrefs.com/robot/)" "www.ysfine.com"
51.222.253.3 - - [21/Dec/2022:00:30:24 -0800] "GET /world/balkan/istan084b.jpg HTTP/1.1" 200 39905 "-" "Mozilla/5.0 (compatible; AhrefsBot/7.0; +http://ahrefs.com/robot/)" "www.ysfine.com"
51.222.253.5 - - [21/Dec/2022:00:30:25 -0800] "GET /world/balkan/istan040b.jpg HTTP/1.1" 200 51582 "-" "Mozilla/5.0 (compatible; AhrefsBot/7.0; +http://ahrefs.com/robot/)" "www.ysfine.com"
51.222.253.2 - - [21/Dec/2022:00:30:25 -0800] "GET /world/balkan/istan016b.jpg HTTP/1.1" 200 36524 "-" "Mozilla/5.0 (compatible; AhrefsBot/7.0; +http://ahrefs.com/robot/)" "www.ysfine.com"
89.64.122.239 - - [21/Dec/2022:00:30:33 -0800] "GET /heisen/bohrheisen11.jpg HTTP/1.1" 200 104546 "https://www.google.com/" "Mozilla/5.0 (Windows NT 10.0; Win64; x64) AppleWebKit/537.36 (KHTML, like Gecko) Chrome/108.0.0.0 Safari/537.36" "ysfine.com"
51.222.253.10 - - [21/Dec/2022:00:30:33 -0800] "GET /world/balkan/istan005b.jpg HTTP/1.1" 200 52419 "-" "Mozilla/5.0 (compatible; AhrefsBot/7.0; +http://ahrefs.com/robot/)" "www.ysfine.com"
51.222.253.18 - - [21/Dec/2022:00:30:34 -0800] "GET /friends/sibelbas11b.jpg HTTP/1.1" 404 88 "-" "Mozilla/5.0 (compatible; AhrefsBot/7.0; +http://ahrefs.com/robot/)" "www.ysfine.com"
51.222.253.11 - - [21/Dec/2022:00:30:35 -0800] "GET /kobak/turktroops11b.jpg HTTP/1.1" 200 37518 "-" "Mozilla/5.0 (compatible; AhrefsBot/7.0; +http://ahrefs.com/robot/)" "www.ysfine.com"
51.222.253.11 - - [21/Dec/2022:00:30:35 -0800] "GET /home/resonance11b.jpg HTTP/1.1" 200 37228 "-" "Mozilla/5.0 (compatible; AhrefsBot/7.0; +http://ahrefs.com/robot/)" "www.ysfine.com"
207.46.13.125 - - [21/Dec/2022:00:30:53 -0800] "GET /world/europe/alps04.jpg HTTP/1.1" 200 114754 "-" "Mozilla/5.0 AppleWebKit/537.36 (KHTML, like Gecko; compatible; bingbot/2.0; +http://www.bing.com/bingbot.htm) Chrome/103.0.5060.134 Safari/537.36" "ysfine.com"
207.46.13.51 - - [21/Dec/2022:00:30:57 -0800] "GET /bio/eink/buythisbook.html HTTP/1.1" 404 88 "-" "Mozilla/5.0 (compatible; bingbot/2.0; +http://www.bing.com/bingbot.htm)" "ysfine.com"
207.46.13.125 - - [21/Dec/2022:00:30:57 -0800] "GET /style/rieu02b.jpg HTTP/1.1" 200 52217 "-" "Mozilla/5.0 (compatible; bingbot/2.0; +http://www.bing.com/bingbot.htm)" "www.ysfine.com"
157.55.39.43 - - [21/Dec/2022:00:30:58 -0800] "GET /saram/d011.jpg HTTP/1.1" 200 70296 "-" "Mozilla/5.0 (compatible; bingbot/2.0; +http://www.bing.com/bingbot.htm)" "www.ysfine.com"
60.12.136.231 - - [21/Dec/2022:00:31:00 -0800] "GET /newyork/colum23.jpg HTTP/1.1" 200 82657 "-" "Python-urllib/3.7" "ysfine.com"
157.55.39.43 - - [21/Dec/2022:00:32:02 -0800] "GET /saram/g105.jpg HTTP/1.1" 200 79400 "-" "Mozilla/5.0 AppleWebKit/537.36 (KHTML, like Gecko; compatible; bingbot/2.0; +http://www.bing.com/bingbot.htm) Chrome/103.0.5060.134 Safari/537.36" "www.ysfine.com"
85.19.179.18 - - [21/Dec/2022:00:32:20 -0800] "GET /kowar/sampal01.jpg HTTP/1.1" 200 141262 "https://www.google.com/" "Mozilla/5.0 (iPad; CPU OS 15_7 like Mac OS X) AppleWebKit/605.1.15 (KHTML, like Gecko) CriOS/108.0.5359.112 Mobile/15E148 Safari/604.1" "ysfine.com"
71.178.208.102 - - [21/Dec/2022:00:32:56 -0800] "GET /bio10.html HTTP/1.1" 304 - "https://ysfine.com/ys11/" "Mozilla/5.0 (Windows NT 10.0; Win64; x64) AppleWebKit/537.36 (KHTML, like Gecko) Chrome/108.0.0.0 Safari/537.36" "ysfine.com"
71.178.208.102 - - [21/Dec/2022:00:33:19 -0800] "GET /bio17.html HTTP/1.1" 304 - "https://ysfine.com/ys11/" "Mozilla/5.0 (Windows NT 10.0; Win64; x64) AppleWebKit/537.36 (KHTML, like Gecko) Chrome/108.0.0.0 Safari/537.36" "ysfine.com"
207.46.13.8 - - [21/Dec/2022:00:33:27 -0800] "GET /bio/style/proschanie.html HTTP/1.1" 404 88 "-" "Mozilla/5.0 AppleWebKit/537.36 (KHTML, like Gecko; compatible; bingbot/2.0; +http://www.bing.com/bingbot.htm) Chrome/103.0.5060.134 Safari/537.36" "ysfine.com"
207.46.13.125 - - [21/Dec/2022:00:34:25 -0800] "GET /style/verein.jpg HTTP/1.1" 200 83100 "-" "Mozilla/5.0 (compatible; bingbot/2.0; +http://www.bing.com/bingbot.htm)" "ysfine.com"
157.55.39.1 - - [21/Dec/2022:00:34:28 -0800] "GET /bio/world/leipzig.html HTTP/1.1" 404 88 "-" "Mozilla/5.0 AppleWebKit/537.36 (KHTML, like Gecko; compatible; bingbot/2.0; +http://www.bing.com/bingbot.htm) Chrome/103.0.5060.134 Safari/537.36" "ysfine.com"
157.55.39.1 - - [21/Dec/2022:00:34:44 -0800] "GET /world/russ/khabarovsk11.jpg HTTP/1.1" 200 63033 "-" "Mozilla/5.0 AppleWebKit/537.36 (KHTML, like Gecko; compatible; bingbot/2.0; +http://www.bing.com/bingbot.htm) Chrome/103.0.5060.134 Safari/537.36" "ysfine.com"
106.79.196.78 - - [21/Dec/2022:00:35:16 -0800] "GET /style/britmu.html HTTP/1.1" 200 5093 "https://www.google.com/" "Mozilla/5.0 (Linux; Android 11; Mi A3) AppleWebKit/537.36 (KHTML, like Gecko) Chrome/94.0.4606.85 Mobile Safari/537.36" "ysfine.com"
106.79.196.78 - - [21/Dec/2022:00:35:19 -0800] "GET /style/musee/britmu09b.jpg HTTP/1.1" 200 45628 "https://ysfine.com/style/britmu.html" "Mozilla/5.0 (Linux; Android 11; Mi A3) AppleWebKit/537.36 (KHTML, like Gecko) Chrome/94.0.4606.85 Mobile Safari/537.36" "ysfine.com"
106.79.196.78 - - [21/Dec/2022:00:35:19 -0800] "GET /style/musee/britmu18b.jpg HTTP/1.1" 200 56514 "https://ysfine.com/style/britmu.html" "Mozilla/5.0 (Linux; Android 11; Mi A3) AppleWebKit/537.36 (KHTML, like Gecko) Chrome/94.0.4606.85 Mobile Safari/537.36" "ysfine.com"
106.79.196.78 - - [21/Dec/2022:00:35:19 -0800] "GET /style/musee/britmu03b.jpg HTTP/1.1" 200 44431 "https://ysfine.com/style/britmu.html" "Mozilla/5.0 (Linux; Android 11; Mi A3) AppleWebKit/537.36 (KHTML, like Gecko) Chrome/94.0.4606.85 Mobile Safari/537.36" "ysfine.com"
106.79.196.78 - - [21/Dec/2022:00:35:19 -0800] "GET /style/musee/britmu11b.jpg HTTP/1.1" 200 38347 "https://ysfine.com/style/britmu.html" "Mozilla/5.0 (Linux; Android 11; Mi A3) AppleWebKit/537.36 (KHTML, like Gecko) Chrome/94.0.4606.85 Mobile Safari/537.36" "ysfine.com"
106.79.196.78 - - [21/Dec/2022:00:35:19 -0800] "GET /eink/eink61c.jpg HTTP/1.1" 200 34119 "https://ysfine.com/style/britmu.html" "Mozilla/5.0 (Linux; Android 11; Mi A3) AppleWebKit/537.36 (KHTML, like Gecko) Chrome/94.0.4606.85 Mobile Safari/537.36" "ysfine.com"
106.79.196.78 - - [21/Dec/2022:00:35:19 -0800] "GET /world/ital/rome044b.jpg HTTP/1.1" 200 31957 "https://ysfine.com/style/britmu.html" "Mozilla/5.0 (Linux; Android 11; Mi A3) AppleWebKit/537.36 (KHTML, like Gecko) Chrome/94.0.4606.85 Mobile Safari/537.36" "ysfine.com"
106.79.196.78 - - [21/Dec/2022:00:35:19 -0800] "GET /world/ital/panth12b.jpg HTTP/1.1" 200 35975 "https://ysfine.com/style/britmu.html" "Mozilla/5.0 (Linux; Android 11; Mi A3) AppleWebKit/537.36 (KHTML, like Gecko) Chrome/94.0.4606.85 Mobile Safari/537.36" "ysfine.com"
106.79.196.78 - - [21/Dec/2022:00:35:19 -0800] "GET /style/musee/britmu21b.jpg HTTP/1.1" 200 30318 "https://ysfine.com/style/britmu.html" "Mozilla/5.0 (Linux; Android 11; Mi A3) AppleWebKit/537.36 (KHTML, like Gecko) Chrome/94.0.4606.85 Mobile Safari/537.36" "ysfine.com"
106.79.196.78 - - [21/Dec/2022:00:35:19 -0800] "GET /world/balkan/ath108b.jpg HTTP/1.1" 200 45637 "https://ysfine.com/style/britmu.html" "Mozilla/5.0 (Linux; Android 11; Mi A3) AppleWebKit/537.36 (KHTML, like Gecko) Chrome/94.0.4606.85 Mobile Safari/537.36" "ysfine.com"
106.79.196.78 - - [21/Dec/2022:00:35:19 -0800] "GET /style/musee/britmu05b.jpg HTTP/1.1" 200 44208 "https://ysfine.com/style/britmu.html" "Mozilla/5.0 (Linux; Android 11; Mi A3) AppleWebKit/537.36 (KHTML, like Gecko) Chrome/94.0.4606.85 Mobile Safari/537.36" "ysfine.com"
106.79.196.78 - - [21/Dec/2022:00:35:19 -0800] "GET /wdc/jeffm02b.jpg HTTP/1.1" 200 32468 "https://ysfine.com/style/britmu.html" "Mozilla/5.0 (Linux; Android 11; Mi A3) AppleWebKit/537.36 (KHTML, like Gecko) Chrome/94.0.4606.85 Mobile Safari/537.36" "ysfine.com"
106.79.196.78 - - [21/Dec/2022:00:35:19 -0800] "GET /world/ital/rome046b.jpg HTTP/1.1" 200 38586 "https://ysfine.com/style/britmu.html" "Mozilla/5.0 (Linux; Android 11; Mi A3) AppleWebKit/537.36 (KHTML, like Gecko) Chrome/94.0.4606.85 Mobile Safari/537.36" "ysfine.com"
106.79.196.78 - - [21/Dec/2022:00:35:19 -0800] "GET /world/ital/panth01b.jpg HTTP/1.1" 200 46623 "https://ysfine.com/style/britmu.html" "Mozilla/5.0 (Linux; Android 11; Mi A3) AppleWebKit/537.36 (KHTML, like Gecko) Chrome/94.0.4606.85 Mobile Safari/537.36" "ysfine.com"
106.79.196.78 - - [21/Dec/2022:00:35:24 -0800] "GET /style/britmu.html HTTP/1.1" 304 - "https://www.google.com/" "Mozilla/5.0 (Linux; Android 11; Mi A3) AppleWebKit/537.36 (KHTML, like Gecko) Chrome/94.0.4606.85 Mobile Safari/537.36" "ysfine.com"
106.79.196.78 - - [21/Dec/2022:00:35:31 -0800] "GET /favicon.ico HTTP/1.1" 404 88 "https://ysfine.com/style/britmu.html" "Mozilla/5.0 (Linux; Android 11; Mi A3) AppleWebKit/537.36 (KHTML, like Gecko) Chrome/94.0.4606.85 Mobile Safari/537.36" "ysfine.com"
207.46.13.51 - - [21/Dec/2022:00:36:03 -0800] "GET /ysbio/folks/latinam.html HTTP/1.1" 404 88 "-" "Mozilla/5.0 AppleWebKit/537.36 (KHTML, like Gecko; compatible; bingbot/2.0; +http://www.bing.com/bingbot.htm) Chrome/103.0.5060.134 Safari/537.36" "ysfine.com"
185.191.171.9 - - [21/Dec/2022:00:36:14 -0800] "GET /wigner/neumann.html HTTP/1.1" 200 1332 "-" "Mozilla/5.0 (compatible; SemrushBot/7~bl; +http://www.semrush.com/bot.html)" "www.ysfine.com"
157.55.39.43 - - [21/Dec/2022:00:36:18 -0800] "GET /bio/style/artlove.html HTTP/1.1" 404 88 "-" "Mozilla/5.0 (compatible; bingbot/2.0; +http://www.bing.com/bingbot.htm)" "ysfine.com"
77.75.79.119 - - [21/Dec/2022:00:37:01 -0800] "GET /wdc/index.html HTTP/1.1" 200 141 "-" "Mozilla/5.0 (compatible; SeznamBot/4.0-RC1; +http://napoveda.seznam.cz/seznambot-intro/)" "ysfine.com"
207.46.13.51 - - [21/Dec/2022:00:37:53 -0800] "GET /saram/g008.jpg HTTP/1.1" 200 113505 "-" "Mozilla/5.0 (compatible; bingbot/2.0; +http://www.bing.com/bingbot.htm)" "www.ysfine.com"
199.47.82.18 - - [21/Dec/2022:00:38:31 -0800] "GET /robots.txt HTTP/1.1" 404 88 "-" "Turnitin (https://bit.ly/2UvnfoQ)" "ysfine.com"
199.47.82.18 - - [21/Dec/2022:00:38:32 -0800] "GET /robots.txt HTTP/1.1" 404 88 "-" "Turnitin (https://bit.ly/2UvnfoQ)" "ysfine.com"
199.47.82.18 - - [21/Dec/2022:00:38:32 -0800] "GET /archives/proceedings/boston/ford.pdf HTTP/1.1" 304 - "-" "Turnitin (https://bit.ly/2UvnfoQ)" "ysfine.com"
199.47.82.18 - - [21/Dec/2022:00:38:32 -0800] "GET /dirac/articles/o33.pdf HTTP/1.1" 404 88 "-" "Turnitin (https://bit.ly/2UvnfoQ)" "ysfine.com"
199.47.82.18 - - [21/Dec/2022:00:38:33 -0800] "GET /dirac/articles/symmetry11.pdf HTTP/1.1" 404 88 "-" "Turnitin (https://bit.ly/2UvnfoQ)" "ysfine.com"
199.47.82.18 - - [21/Dec/2022:00:38:33 -0800] "GET /dirac/articles/symmetry12.pdf HTTP/1.1" 404 88 "-" "Turnitin (https://bit.ly/2UvnfoQ)" "ysfine.com"
199.47.82.18 - - [21/Dec/2022:00:38:34 -0800] "GET /dirac/articles/yukadirac80.pdf HTTP/1.1" 404 88 "-" "Turnitin (https://bit.ly/2UvnfoQ)" "ysfine.com"
199.47.82.18 - - [21/Dec/2022:00:38:34 -0800] "GET /dirac/dirackn33.html HTTP/1.1" 200 438 "-" "Turnitin (https://bit.ly/2UvnfoQ)" "ysfine.com"
199.47.82.18 - - [21/Dec/2022:00:38:35 -0800] "GET /dirac/einstein/emc/fparton.html HTTP/1.1" 404 88 "-" "Turnitin (https://bit.ly/2UvnfoQ)" "ysfine.com"
199.47.82.18 - - [21/Dec/2022:00:38:35 -0800] "GET /dirac/home/dashen.html HTTP/1.1" 404 88 "-" "Turnitin (https://bit.ly/2UvnfoQ)" "ysfine.com"
199.47.82.18 - - [21/Dec/2022:00:38:36 -0800] "GET /dirac/home/mathrev.html HTTP/1.1" 404 88 "-" "Turnitin (https://bit.ly/2UvnfoQ)" "ysfine.com"
199.47.82.18 - - [21/Dec/2022:00:38:36 -0800] "GET /dirac/home/wcartoon.html HTTP/1.1" 404 88 "-" "Turnitin (https://bit.ly/2UvnfoQ)" "ysfine.com"
199.47.82.18 - - [21/Dec/2022:00:38:37 -0800] "GET /dirac/maga/marxphil.html HTTP/1.1" 404 88 "-" "Turnitin (https://bit.ly/2UvnfoQ)" "ysfine.com"
199.47.82.18 - - [21/Dec/2022:00:38:37 -0800] "GET /dirac/maga/phys/yukasumi.html HTTP/1.1" 404 88 "-" "Turnitin (https://bit.ly/2UvnfoQ)" "ysfine.com"
199.47.82.18 - - [21/Dec/2022:00:38:38 -0800] "GET /dirac/maga/sarnoff.html HTTP/1.1" 404 88 "-" "Turnitin (https://bit.ly/2UvnfoQ)" "ysfine.com"
199.47.82.18 - - [21/Dec/2022:00:38:38 -0800] "GET /dirac/world/france/metz51.html HTTP/1.1" 404 88 "-" "Turnitin (https://bit.ly/2UvnfoQ)" "ysfine.com"
199.47.82.18 - - [21/Dec/2022:00:38:39 -0800] "GET /dirac/yspapers/illusf.pdf HTTP/1.1" 404 88 "-" "Turnitin (https://bit.ly/2UvnfoQ)" "ysfine.com"
199.47.82.18 - - [21/Dec/2022:00:38:39 -0800] "GET /dirac/yspapers/phpr.pdf HTTP/1.1" 404 88 "-" "Turnitin (https://bit.ly/2UvnfoQ)" "ysfine.com"
199.47.82.18 - - [21/Dec/2022:00:38:44 -0800] "GET /people/weissk.html HTTP/1.1" 200 3130 "-" "Turnitin (https://bit.ly/2UvnfoQ)" "ysfine.com"
207.46.13.51 - - [21/Dec/2022:00:38:45 -0800] "GET /usca/pitt/cmall04a.jpg HTTP/1.1" 200 77666 "-" "Mozilla/5.0 AppleWebKit/537.36 (KHTML, like Gecko; compatible; bingbot/2.0; +http://www.bing.com/bingbot.htm) Chrome/103.0.5060.134 Safari/537.36" "ysfine.com"
157.55.39.43 - - [21/Dec/2022:00:38:45 -0800] "GET /world/russ/dnepro22b.jpg HTTP/1.1" 200 32059 "-" "Mozilla/5.0 AppleWebKit/537.36 (KHTML, like Gecko; compatible; bingbot/2.0; +http://www.bing.com/bingbot.htm) Chrome/103.0.5060.134 Safari/537.36" "www.ysfine.com"
199.47.82.18 - - [21/Dec/2022:00:38:45 -0800] "GET /style HTTP/1.1" 301 1405 "-" "Turnitin (https://bit.ly/2UvnfoQ)" "ysfine.com"
199.47.82.18 - - [21/Dec/2022:00:38:50 -0800] "GET /robots.txt HTTP/1.1" 404 88 "-" "Turnitin (https://bit.ly/2UvnfoQ)" "www.ysfine.com"
199.47.82.18 - - [21/Dec/2022:00:38:51 -0800] "GET /robots.txt HTTP/1.1" 404 88 "-" "Turnitin (https://bit.ly/2UvnfoQ)" "www.ysfine.com"
199.47.82.18 - - [21/Dec/2022:00:38:52 -0800] "GET /feynman/illusf.pdf HTTP/1.1" 200 146979 "-" "Turnitin (https://bit.ly/2UvnfoQ)" "www.ysfine.com"
207.46.13.8 - - [21/Dec/2022:00:39:26 -0800] "GET /feynman/feynman.jpg HTTP/1.1" 200 40536 "-" "Mozilla/5.0 AppleWebKit/537.36 (KHTML, like Gecko; compatible; bingbot/2.0; +http://www.bing.com/bingbot.htm) Chrome/103.0.5060.134 Safari/537.36" "www.ysfine.com"
207.46.13.144 - - [21/Dec/2022:00:39:32 -0800] "GET /world/ital/venice31b.jpg HTTP/1.1" 200 31258 "-" "Mozilla/5.0 AppleWebKit/537.36 (KHTML, like Gecko; compatible; bingbot/2.0; +http://www.bing.com/bingbot.htm) Chrome/103.0.5060.134 Safari/537.36" "www.ysfine.com"
207.46.13.8 - - [21/Dec/2022:00:39:36 -0800] "GET /world/russ/saratov02b.jpg HTTP/1.1" 200 57117 "-" "Mozilla/5.0 AppleWebKit/537.36 (KHTML, like Gecko; compatible; bingbot/2.0; +http://www.bing.com/bingbot.htm) Chrome/103.0.5060.134 Safari/537.36" "ysfine.com"
77.75.79.54 - - [21/Dec/2022:00:39:39 -0800] "GET /robots.txt HTTP/1.1" 404 88 "-" "Mozilla/5.0 (compatible; SeznamBot/3.2; +http://napoveda.seznam.cz/en/seznambot-intro/)" "ysfine.com"
77.75.79.54 - - [21/Dec/2022:00:39:40 -0800] "GET /world/germany/humboldt07.jpg HTTP/1.1" 304 - "-" "Mozilla/5.0 (compatible; SeznamBot/3.2; +http://napoveda.seznam.cz/en/seznambot-intro/)" "ysfine.com"
77.75.79.54 - - [21/Dec/2022:00:39:41 -0800] "GET /world/france/concorde12.jpg HTTP/1.1" 200 83759 "-" "Mozilla/5.0 (compatible; SeznamBot/3.2; +http://napoveda.seznam.cz/en/seznambot-intro/)" "ysfine.com"
77.75.79.54 - - [21/Dec/2022:00:39:43 -0800] "GET /einstein/places/einha37.jpg HTTP/1.1" 200 81435 "-" "Mozilla/5.0 (compatible; SeznamBot/3.2; +http://napoveda.seznam.cz/en/seznambot-intro/)" "ysfine.com"
77.75.79.54 - - [21/Dec/2022:00:39:46 -0800] "GET /world/poland/mickiew22.jpg HTTP/1.1" 304 - "-" "Mozilla/5.0 (compatible; SeznamBot/3.2; +http://napoveda.seznam.cz/en/seznambot-intro/)" "ysfine.com"
77.75.79.54 - - [21/Dec/2022:00:39:46 -0800] "GET /world/brit/bucking02.jpg HTTP/1.1" 304 - "-" "Mozilla/5.0 (compatible; SeznamBot/3.2; +http://napoveda.seznam.cz/en/seznambot-intro/)" "ysfine.com"
77.75.79.54 - - [21/Dec/2022:00:39:46 -0800] "GET /style/cameras/fedt34.jpg HTTP/1.1" 200 87137 "-" "Mozilla/5.0 (compatible; SeznamBot/3.2; +http://napoveda.seznam.cz/en/seznambot-intro/)" "ysfine.com"
77.75.79.54 - - [21/Dec/2022:00:39:48 -0800] "GET /world/brit/harrod06.jpg HTTP/1.1" 304 - "-" "Mozilla/5.0 (compatible; SeznamBot/3.2; +http://napoveda.seznam.cz/en/seznambot-intro/)" "ysfine.com"
77.75.79.54 - - [21/Dec/2022:00:39:49 -0800] "GET /princeton/mediter22.jpg HTTP/1.1" 200 67586 "-" "Mozilla/5.0 (compatible; SeznamBot/3.2; +http://napoveda.seznam.cz/en/seznambot-intro/)" "ysfine.com"
77.75.79.54 - - [21/Dec/2022:00:39:50 -0800] "GET /world/brit/picca17.jpg HTTP/1.1" 304 - "-" "Mozilla/5.0 (compatible; SeznamBot/3.2; +http://napoveda.seznam.cz/en/seznambot-intro/)" "ysfine.com"
77.75.79.54 - - [21/Dec/2022:00:39:50 -0800] "GET /world/russ/redsq57.jpg HTTP/1.1" 200 113851 "-" "Mozilla/5.0 (compatible; SeznamBot/3.2; +http://napoveda.seznam.cz/en/seznambot-intro/)" "ysfine.com"
77.75.79.54 - - [21/Dec/2022:00:39:53 -0800] "GET /kowar/tanks/tank07.jpg HTTP/1.1" 304 - "-" "Mozilla/5.0 (compatible; SeznamBot/3.2; +http://napoveda.seznam.cz/en/seznambot-intro/)" "ysfine.com"
77.75.79.54 - - [21/Dec/2022:00:39:53 -0800] "GET /world/russ/basil10.jpg HTTP/1.1" 200 86935 "-" "Mozilla/5.0 (compatible; SeznamBot/3.2; +http://napoveda.seznam.cz/en/seznambot-intro/)" "ysfine.com"
77.75.79.54 - - [21/Dec/2022:00:39:55 -0800] "GET /world/ital/florf17.jpg HTTP/1.1" 304 - "-" "Mozilla/5.0 (compatible; SeznamBot/3.2; +http://napoveda.seznam.cz/en/seznambot-intro/)" "ysfine.com"
77.75.79.54 - - [21/Dec/2022:00:39:55 -0800] "GET /world/russ/krem11.jpg HTTP/1.1" 200 242736 "-" "Mozilla/5.0 (compatible; SeznamBot/3.2; +http://napoveda.seznam.cz/en/seznambot-intro/)" "ysfine.com"
77.75.79.54 - - [21/Dec/2022:00:39:59 -0800] "GET /world/brit/bank01.jpg HTTP/1.1" 304 - "-" "Mozilla/5.0 (compatible; SeznamBot/3.2; +http://napoveda.seznam.cz/en/seznambot-intro/)" "ysfine.com"
77.75.79.54 - - [21/Dec/2022:00:39:59 -0800] "GET /world/russ/msu05.jpg HTTP/1.1" 200 89211 "-" "Mozilla/5.0 (compatible; SeznamBot/3.2; +http://napoveda.seznam.cz/en/seznambot-intro/)" "ysfine.com"
77.75.79.54 - - [21/Dec/2022:00:40:01 -0800] "GET /world/russ/msu07.jpg HTTP/1.1" 200 135646 "-" "Mozilla/5.0 (compatible; SeznamBot/3.2; +http://napoveda.seznam.cz/en/seznambot-intro/)" "ysfine.com"
113.150.147.152 - - [21/Dec/2022:00:40:15 -0800] "GET / HTTP/1.1" 200 5295 "-" "Mozilla/5.0 (iPad; CPU OS 12_5_5 like Mac OS X) AppleWebKit/605.1.15 (KHTML, like Gecko) Version/12.1.2 Mobile/15E148 Safari/604.1" "www.ysfine.com"
113.150.147.152 - - [21/Dec/2022:00:40:16 -0800] "GET /apple-touch-icon-152x152-precomposed.png HTTP/1.1" 404 88 "-" "MobileSafari/604.1 CFNetwork/978.0.7 Darwin/18.7.0" "www.ysfine.com"
113.150.147.152 - - [21/Dec/2022:00:40:16 -0800] "GET /apple-touch-icon-152x152.png HTTP/1.1" 404 88 "-" "MobileSafari/604.1 CFNetwork/978.0.7 Darwin/18.7.0" "www.ysfine.com"
113.150.147.152 - - [21/Dec/2022:00:40:17 -0800] "GET /apple-touch-icon-precomposed.png HTTP/1.1" 404 88 "-" "MobileSafari/604.1 CFNetwork/978.0.7 Darwin/18.7.0" "www.ysfine.com"
113.150.147.152 - - [21/Dec/2022:00:40:17 -0800] "GET /apple-touch-icon.png HTTP/1.1" 404 88 "-" "MobileSafari/604.1 CFNetwork/978.0.7 Darwin/18.7.0" "www.ysfine.com"
73.168.247.24 - - [21/Dec/2022:00:41:35 -0800] "GET /world/baltic/kantmuse.jpg HTTP/1.1" 200 85993 "https://www.google.com/" "Mozilla/5.0 (Linux; Android 12; SM-A326U) AppleWebKit/537.36 (KHTML, like Gecko) Chrome/108.0.0.0 Mobile Safari/537.36" "ysfine.com"
207.46.13.125 - - [21/Dec/2022:00:41:44 -0800] "GET /beau/amkor/kofendi01.jpg HTTP/1.1" 404 88 "-" "Mozilla/5.0 AppleWebKit/537.36 (KHTML, like Gecko; compatible; bingbot/2.0; +http://www.bing.com/bingbot.htm) Chrome/103.0.5060.134 Safari/537.36" "ysfine.com"
51.222.253.15 - - [21/Dec/2022:00:42:29 -0800] "GET /kowar/tanks.html HTTP/1.1" 200 8699 "-" "Mozilla/5.0 (compatible; AhrefsBot/7.0; +http://ahrefs.com/robot/)" "www.ysfine.com"
51.222.253.20 - - [21/Dec/2022:00:42:32 -0800] "GET /kowar/tanks/sherman44b.jpg HTTP/1.1" 200 34454 "-" "Mozilla/5.0 (compatible; AhrefsBot/7.0; +http://ahrefs.com/robot/)" "www.ysfine.com"
51.222.253.7 - - [21/Dec/2022:00:42:32 -0800] "GET /kowar/tanks/tank07b.jpg HTTP/1.1" 200 40314 "-" "Mozilla/5.0 (compatible; AhrefsBot/7.0; +http://ahrefs.com/robot/)" "www.ysfine.com"
51.222.253.15 - - [21/Dec/2022:00:42:33 -0800] "GET /kowar/tanks/sherman43b.jpg HTTP/1.1" 200 28142 "-" "Mozilla/5.0 (compatible; AhrefsBot/7.0; +http://ahrefs.com/robot/)" "www.ysfine.com"
51.222.253.6 - - [21/Dec/2022:00:42:33 -0800] "GET /kowar/tanks/southhorse2.jpg HTTP/1.1" 200 51359 "-" "Mozilla/5.0 (compatible; AhrefsBot/7.0; +http://ahrefs.com/robot/)" "www.ysfine.com"
51.222.253.17 - - [21/Dec/2022:00:42:34 -0800] "GET /kowar/tanks/tank22b.jpg HTTP/1.1" 200 37945 "-" "Mozilla/5.0 (compatible; AhrefsBot/7.0; +http://ahrefs.com/robot/)" "www.ysfine.com"
51.222.253.7 - - [21/Dec/2022:00:42:34 -0800] "GET /kowar/tanks/m24b.jpg HTTP/1.1" 200 37948 "-" "Mozilla/5.0 (compatible; AhrefsBot/7.0; +http://ahrefs.com/robot/)" "www.ysfine.com"
51.222.253.8 - - [21/Dec/2022:00:42:35 -0800] "GET /kowar/tanks/tank01b.jpg HTTP/1.1" 200 43748 "-" "Mozilla/5.0 (compatible; AhrefsBot/7.0; +http://ahrefs.com/robot/)" "www.ysfine.com"
51.222.253.16 - - [21/Dec/2022:00:42:36 -0800] "GET /kowar/tanks/sherman58b.jpg HTTP/1.1" 200 37300 "-" "Mozilla/5.0 (compatible; AhrefsBot/7.0; +http://ahrefs.com/robot/)" "www.ysfine.com"
51.222.253.19 - - [21/Dec/2022:00:42:36 -0800] "GET /kowar/tanks/m60b.jpg HTTP/1.1" 200 31548 "-" "Mozilla/5.0 (compatible; AhrefsBot/7.0; +http://ahrefs.com/robot/)" "www.ysfine.com"
51.222.253.1 - - [21/Dec/2022:00:42:36 -0800] "GET /kowar/tanks/tank54b.jpg HTTP/1.1" 200 38354 "-" "Mozilla/5.0 (compatible; AhrefsBot/7.0; +http://ahrefs.com/robot/)" "www.ysfine.com"
51.222.253.15 - - [21/Dec/2022:00:42:37 -0800] "GET /kowar/tanks/tank04b.jpg HTTP/1.1" 200 48757 "-" "Mozilla/5.0 (compatible; AhrefsBot/7.0; +http://ahrefs.com/robot/)" "www.ysfine.com"
51.222.253.7 - - [21/Dec/2022:00:42:37 -0800] "GET /kowar/tanks/tank02b.jpg HTTP/1.1" 200 30002 "-" "Mozilla/5.0 (compatible; AhrefsBot/7.0; +http://ahrefs.com/robot/)" "www.ysfine.com"
51.222.253.16 - - [21/Dec/2022:00:42:38 -0800] "GET /kowar/tanks/stalinorg2.jpg HTTP/1.1" 200 50939 "-" "Mozilla/5.0 (compatible; AhrefsBot/7.0; +http://ahrefs.com/robot/)" "www.ysfine.com"
51.222.253.10 - - [21/Dec/2022:00:42:38 -0800] "GET /kowar/tanks/m01b.jpg HTTP/1.1" 200 28921 "-" "Mozilla/5.0 (compatible; AhrefsBot/7.0; +http://ahrefs.com/robot/)" "www.ysfine.com"
51.222.253.4 - - [21/Dec/2022:00:42:38 -0800] "GET /kowar/tanks/tank21b.jpg HTTP/1.1" 200 26768 "-" "Mozilla/5.0 (compatible; AhrefsBot/7.0; +http://ahrefs.com/robot/)" "www.ysfine.com"
51.222.253.9 - - [21/Dec/2022:00:42:39 -0800] "GET /kowar/tanks/m46cb.jpg HTTP/1.1" 200 35273 "-" "Mozilla/5.0 (compatible; AhrefsBot/7.0; +http://ahrefs.com/robot/)" "www.ysfine.com"
157.55.39.1 - - [21/Dec/2022:00:43:06 -0800] "GET /bio/dirac/diracpol.html HTTP/1.1" 404 88 "-" "Mozilla/5.0 AppleWebKit/537.36 (KHTML, like Gecko; compatible; bingbot/2.0; +http://www.bing.com/bingbot.htm) Chrome/103.0.5060.134 Safari/537.36" "ysfine.com"
207.46.13.8 - - [21/Dec/2022:00:43:10 -0800] "GET /ysbio/wdc/kopol.html HTTP/1.1" 404 88 "-" "Mozilla/5.0 (compatible; bingbot/2.0; +http://www.bing.com/bingbot.htm)" "ysfine.com"
207.46.13.8 - - [21/Dec/2022:00:44:16 -0800] "GET /world/russ/redsq49.jpg HTTP/1.1" 200 122299 "-" "Mozilla/5.0 (compatible; bingbot/2.0; +http://www.bing.com/bingbot.htm)" "www.ysfine.com"
157.55.39.43 - - [21/Dec/2022:00:44:40 -0800] "GET /bio/harmoarchi.html HTTP/1.1" 404 88 "-" "Mozilla/5.0 AppleWebKit/537.36 (KHTML, like Gecko; compatible; bingbot/2.0; +http://www.bing.com/bingbot.htm) Chrome/103.0.5060.134 Safari/537.36" "ysfine.com"
51.222.253.1 - - [21/Dec/2022:00:45:20 -0800] "GET /princeton/gcollege22.jpg HTTP/1.1" 200 75914 "-" "Mozilla/5.0 (compatible; AhrefsBot/7.0; +http://ahrefs.com/robot/)" "ysfine.com"
90.118.238.103 - - [21/Dec/2022:00:46:39 -0800] "GET /wigner/wigner39.pdf HTTP/1.1" 200 1398440 "https://www.google.com/" "Mozilla/5.0 (Macintosh; Intel Mac OS X 10.15; rv:108.0) Gecko/20100101 Firefox/108.0" "ysfine.com"
157.55.39.1 - - [21/Dec/2022:00:48:16 -0800] "GET /world/baltic/tallin76.jpg HTTP/1.1" 200 160344 "-" "Mozilla/5.0 (compatible; bingbot/2.0; +http://www.bing.com/bingbot.htm)" "ysfine.com"
90.118.238.103 - - [21/Dec/2022:00:48:22 -0800] "GET /wigner/wigner39.pdf HTTP/1.1" 200 1398440 "-" "Mozilla/5.0 (Macintosh; Intel Mac OS X 10.15; rv:108.0) Gecko/20100101 Firefox/108.0" "ysfine.com"
207.46.13.51 - - [21/Dec/2022:00:48:24 -0800] "GET /bio/kobak/soraech.html HTTP/1.1" 404 88 "-" "Mozilla/5.0 (compatible; bingbot/2.0; +http://www.bing.com/bingbot.htm)" "ysfine.com"
207.46.13.144 - - [21/Dec/2022:00:49:04 -0800] "GET /bio/princeton/campus.html HTTP/1.1" 404 88 "-" "Mozilla/5.0 AppleWebKit/537.36 (KHTML, like Gecko; compatible; bingbot/2.0; +http://www.bing.com/bingbot.htm) Chrome/103.0.5060.134 Safari/537.36" "ysfine.com"
207.46.13.144 - - [21/Dec/2022:00:50:47 -0800] "GET /bio/wigner/e(2).html HTTP/1.1" 404 88 "-" "Mozilla/5.0 (compatible; bingbot/2.0; +http://www.bing.com/bingbot.htm)" "ysfine.com"
207.46.13.51 - - [21/Dec/2022:00:51:22 -0800] "GET /bio.html HTTP/1.1" 200 18074 "-" "Mozilla/5.0 (compatible; bingbot/2.0; +http://www.bing.com/bingbot.htm)" "ysfine.com"
5.102.173.71 - - [21/Dec/2022:00:51:29 -0800] "GET /robots.txt HTTP/1.1" 404 88 "-" "Mozilla/5.0 (compatible; MojeekBot/0.11; +https://www.mojeek.com/bot.html)" "ysfine.com"
5.102.173.71 - - [21/Dec/2022:00:51:29 -0800] "GET /friends/dnepro.html HTTP/1.1" 404 88 "-" "Mozilla/5.0 (compatible; MojeekBot/0.11; +https://www.mojeek.com/bot.html)" "ysfine.com"
207.46.13.144 - - [21/Dec/2022:00:52:08 -0800] "GET /bio/pquartet.html HTTP/1.1" 404 88 "-" "Mozilla/5.0 (compatible; bingbot/2.0; +http://www.bing.com/bingbot.htm)" "ysfine.com"
116.179.32.99 - - [21/Dec/2022:00:52:26 -0800] "GET /home/harmoarchi.html HTTP/1.1" 200 3686 "-" "Mozilla/5.0 (compatible; Baiduspider/2.0; +http://www.baidu.com/search/spider.html)" "www.ysfine.com"
116.179.37.210 - - [21/Dec/2022:00:52:27 -0800] "GET /wisdom/korart03b.jpg HTTP/1.1" 200 70101 "https://www.ysfine.com/" "Mozilla/5.0 (compatible; Baiduspider-render/2.0; +http://www.baidu.com/search/spider.html)" "ysfine.com"
116.179.37.47 - - [21/Dec/2022:00:52:27 -0800] "GET /home/hyperell33b.jpg HTTP/1.1" 200 28132 "https://www.ysfine.com/home/harmoarchi.html" "Mozilla/5.0 (compatible; Baiduspider-render/2.0; +http://www.baidu.com/search/spider.html)" "www.ysfine.com"
116.179.37.249 - - [21/Dec/2022:00:52:27 -0800] "GET /style/venus11a.jpg HTTP/1.1" 200 76598 "https://www.ysfine.com/home/harmoarchi.html" "Mozilla/5.0 (compatible; Baiduspider-render/2.0; +http://www.baidu.com/search/spider.html)" "www.ysfine.com"
116.179.37.250 - - [21/Dec/2022:00:52:28 -0800] "GET /world/ital/vicenza04b.jpg HTTP/1.1" 200 45148 "https://www.ysfine.com/home/harmoarchi.html" "Mozilla/5.0 (compatible; Baiduspider-render/2.0; +http://www.baidu.com/search/spider.html)" "www.ysfine.com"
116.179.33.15 - - [21/Dec/2022:00:52:29 -0800] "GET /robots.txt HTTP/1.1" 404 88 "-" "Mozilla/5.0 (Windows NT 10.0; WOW64) AppleWebKit/537.36 (KHTML, like Gecko) Chrome/48.0.2564.116 Safari/537.36" "ysfine.com"
116.179.37.189 - - [21/Dec/2022:00:52:34 -0800] "GET /wdc/jeffm02b.jpg HTTP/1.1" 200 32468 "https://www.ysfine.com/home/harmoarchi.html" "Mozilla/5.0 (compatible; Baiduspider-render/2.0; +http://www.baidu.com/search/spider.html)" "www.ysfine.com"
207.46.13.51 - - [21/Dec/2022:00:52:58 -0800] "GET /bio/style/rieu.html HTTP/1.1" 404 88 "-" "Mozilla/5.0 AppleWebKit/537.36 (KHTML, like Gecko; compatible; bingbot/2.0; +http://www.bing.com/bingbot.htm) Chrome/103.0.5060.134 Safari/537.36" "ysfine.com"
213.87.158.92 - - [21/Dec/2022:00:53:29 -0800] "GET /dirac/dirmatrix.pdf HTTP/1.1" 200 12724 "https://www.google.ru/" "Mozilla/5.0 (iPhone; CPU iPhone OS 15_7_1 like Mac OS X) AppleWebKit/605.1.15 (KHTML, like Gecko) Version/15.6.3 Mobile/15E148 Safari/604.1" "ysfine.com"
207.46.13.144 - - [21/Dec/2022:00:53:55 -0800] "GET /home/einstein/index.html HTTP/1.1" 404 88 "-" "Mozilla/5.0 AppleWebKit/537.36 (KHTML, like Gecko; compatible; bingbot/2.0; +http://www.bing.com/bingbot.htm) Chrome/103.0.5060.134 Safari/537.36" "ysfine.com"
51.222.253.2 - - [21/Dec/2022:00:54:35 -0800] "GET /class54/class5470/total_data/sub_896.htm HTTP/1.1" 200 3484 "-" "Mozilla/5.0 (compatible; AhrefsBot/7.0; +http://ahrefs.com/robot/)" "ysfine.com"
51.222.253.14 - - [21/Dec/2022:00:54:37 -0800] "GET /class54/class5470/total_data/refer_img/8-126_f.jpg HTTP/1.1" 200 40716 "-" "Mozilla/5.0 (compatible; AhrefsBot/7.0; +http://ahrefs.com/robot/)" "ysfine.com"
51.222.253.11 - - [21/Dec/2022:00:54:37 -0800] "GET /class54/class5470/total_data/refer_img/8-119_f.jpg HTTP/1.1" 200 37366 "-" "Mozilla/5.0 (compatible; AhrefsBot/7.0; +http://ahrefs.com/robot/)" "ysfine.com"
51.222.253.9 - - [21/Dec/2022:00:54:38 -0800] "GET /class54/class5470/total_data/refer_img/8-116_f.jpg HTTP/1.1" 200 39315 "-" "Mozilla/5.0 (compatible; AhrefsBot/7.0; +http://ahrefs.com/robot/)" "ysfine.com"
207.46.13.8 - - [21/Dec/2022:00:54:39 -0800] "GET /bio/bostein.html HTTP/1.1" 404 88 "-" "Mozilla/5.0 (compatible; bingbot/2.0; +http://www.bing.com/bingbot.htm)" "ysfine.com"
51.222.253.8 - - [21/Dec/2022:00:54:42 -0800] "GET /class54/class5470/total_data/refer_img/8-122_f.jpg HTTP/1.1" 200 37351 "-" "Mozilla/5.0 (compatible; AhrefsBot/7.0; +http://ahrefs.com/robot/)" "ysfine.com"
51.222.253.9 - - [21/Dec/2022:00:54:43 -0800] "GET /class54/class5470/total_data/refer_img/8-117_f.jpg HTTP/1.1" 200 36747 "-" "Mozilla/5.0 (compatible; AhrefsBot/7.0; +http://ahrefs.com/robot/)" "ysfine.com"
51.222.253.9 - - [21/Dec/2022:00:54:43 -0800] "GET /class54/class5470/total_data/photo_img/8-96.jpg HTTP/1.1" 200 403903 "-" "Mozilla/5.0 (compatible; AhrefsBot/7.0; +http://ahrefs.com/robot/)" "ysfine.com"
51.222.253.11 - - [21/Dec/2022:00:54:44 -0800] "GET /class54/class5470/total_data/refer_img/8-110_f.jpg HTTP/1.1" 200 37426 "-" "Mozilla/5.0 (compatible; AhrefsBot/7.0; +http://ahrefs.com/robot/)" "ysfine.com"
51.222.253.9 - - [21/Dec/2022:00:54:44 -0800] "GET /class54/class5470/total_data/refer_img/8-106_f.jpg HTTP/1.1" 200 42841 "-" "Mozilla/5.0 (compatible; AhrefsBot/7.0; +http://ahrefs.com/robot/)" "ysfine.com"
51.222.253.1 - - [21/Dec/2022:00:54:45 -0800] "GET /class54/class5470/total_data/refer_img/8-98_f.jpg HTTP/1.1" 200 38557 "-" "Mozilla/5.0 (compatible; AhrefsBot/7.0; +http://ahrefs.com/robot/)" "ysfine.com"
51.222.253.11 - - [21/Dec/2022:00:54:45 -0800] "GET /class54/class5470/total_data/refer_img/8-100_f.jpg HTTP/1.1" 200 44469 "-" "Mozilla/5.0 (compatible; AhrefsBot/7.0; +http://ahrefs.com/robot/)" "ysfine.com"
51.222.253.6 - - [21/Dec/2022:00:54:46 -0800] "GET /class54/class5470/total_data/refer_img/8-124_f.jpg HTTP/1.1" 200 30861 "-" "Mozilla/5.0 (compatible; AhrefsBot/7.0; +http://ahrefs.com/robot/)" "ysfine.com"
51.222.253.3 - - [21/Dec/2022:00:54:46 -0800] "GET /class54/class5470/total_data/img/08_friendspicuture.gif HTTP/1.1" 200 1051 "-" "Mozilla/5.0 (compatible; AhrefsBot/7.0; +http://ahrefs.com/robot/)" "ysfine.com"
51.222.253.13 - - [21/Dec/2022:00:54:47 -0800] "GET /class54/class5470/total_data/refer_img/8-125_f.jpg HTTP/1.1" 200 29244 "-" "Mozilla/5.0 (compatible; AhrefsBot/7.0; +http://ahrefs.com/robot/)" "ysfine.com"
51.222.253.2 - - [21/Dec/2022:00:54:48 -0800] "GET /class54/class5470/total_data/refer_img/8-102_f.jpg HTTP/1.1" 200 45056 "-" "Mozilla/5.0 (compatible; AhrefsBot/7.0; +http://ahrefs.com/robot/)" "ysfine.com"
51.222.253.5 - - [21/Dec/2022:00:54:49 -0800] "GET /class54/class5470/total_data/refer_img/8-101_f.jpg HTTP/1.1" 200 44461 "-" "Mozilla/5.0 (compatible; AhrefsBot/7.0; +http://ahrefs.com/robot/)" "ysfine.com"
51.222.253.12 - - [21/Dec/2022:00:54:49 -0800] "GET /class54/class5470/total_data/refer_img/8-99_f.jpg HTTP/1.1" 200 39767 "-" "Mozilla/5.0 (compatible; AhrefsBot/7.0; +http://ahrefs.com/robot/)" "ysfine.com"
51.222.253.19 - - [21/Dec/2022:00:54:50 -0800] "GET /class54/class5470/total_data/refer_img/8-123_f.jpg HTTP/1.1" 200 29262 "-" "Mozilla/5.0 (compatible; AhrefsBot/7.0; +http://ahrefs.com/robot/)" "ysfine.com"
51.222.253.1 - - [21/Dec/2022:00:54:51 -0800] "GET /class54/class5470/total_data/refer_img/8-120_f.jpg HTTP/1.1" 200 35891 "-" "Mozilla/5.0 (compatible; AhrefsBot/7.0; +http://ahrefs.com/robot/)" "ysfine.com"
51.222.253.7 - - [21/Dec/2022:00:54:51 -0800] "GET /class54/class5470/total_data/refer_img/8-107_f.jpg HTTP/1.1" 200 47913 "-" "Mozilla/5.0 (compatible; AhrefsBot/7.0; +http://ahrefs.com/robot/)" "ysfine.com"
51.222.253.19 - - [21/Dec/2022:00:54:51 -0800] "GET /class54/class5470/total_data/refer_img/8-96_f.jpg HTTP/1.1" 200 48008 "-" "Mozilla/5.0 (compatible; AhrefsBot/7.0; +http://ahrefs.com/robot/)" "ysfine.com"
51.222.253.2 - - [21/Dec/2022:00:54:52 -0800] "GET /class54/class5470/total_data/refer_img/8-112_f.jpg HTTP/1.1" 200 32888 "-" "Mozilla/5.0 (compatible; AhrefsBot/7.0; +http://ahrefs.com/robot/)" "ysfine.com"
51.222.253.8 - - [21/Dec/2022:00:54:52 -0800] "GET /class54/class5470/total_data/refer_img/8-114_f.jpg HTTP/1.1" 200 30789 "-" "Mozilla/5.0 (compatible; AhrefsBot/7.0; +http://ahrefs.com/robot/)" "ysfine.com"
51.222.253.6 - - [21/Dec/2022:00:54:53 -0800] "GET /class54/class5470/total_data/refer_img/8-103_f.jpg HTTP/1.1" 200 35156 "-" "Mozilla/5.0 (compatible; AhrefsBot/7.0; +http://ahrefs.com/robot/)" "ysfine.com"
51.222.253.11 - - [21/Dec/2022:00:54:53 -0800] "GET /class54/class5470/total_data/refer_img/8-105_f.jpg HTTP/1.1" 200 56516 "-" "Mozilla/5.0 (compatible; AhrefsBot/7.0; +http://ahrefs.com/robot/)" "ysfine.com"
51.222.253.12 - - [21/Dec/2022:00:54:54 -0800] "GET /class54/class5470/total_data/refer_img/8-108_f.jpg HTTP/1.1" 200 42038 "-" "Mozilla/5.0 (compatible; AhrefsBot/7.0; +http://ahrefs.com/robot/)" "ysfine.com"
51.222.253.2 - - [21/Dec/2022:00:54:54 -0800] "GET /class54/class5470/total_data/img/sm02_on.gif HTTP/1.1" 200 399 "-" "Mozilla/5.0 (compatible; AhrefsBot/7.0; +http://ahrefs.com/robot/)" "ysfine.com"
51.222.253.1 - - [21/Dec/2022:00:54:54 -0800] "GET /class54/class5470/total_data/refer_img/8-121_f.jpg HTTP/1.1" 200 39241 "-" "Mozilla/5.0 (compatible; AhrefsBot/7.0; +http://ahrefs.com/robot/)" "ysfine.com"
51.222.253.2 - - [21/Dec/2022:00:54:55 -0800] "GET /class54/class5470/total_data/refer_img/8-109_f.jpg HTTP/1.1" 200 30630 "-" "Mozilla/5.0 (compatible; AhrefsBot/7.0; +http://ahrefs.com/robot/)" "ysfine.com"
51.222.253.6 - - [21/Dec/2022:00:54:55 -0800] "GET /class54/class5470/total_data/refer_img/8-113_f.jpg HTTP/1.1" 200 38873 "-" "Mozilla/5.0 (compatible; AhrefsBot/7.0; +http://ahrefs.com/robot/)" "ysfine.com"
51.222.253.15 - - [21/Dec/2022:00:54:56 -0800] "GET /class54/class5470/total_data/refer_img/8-97_f.jpg HTTP/1.1" 200 50974 "-" "Mozilla/5.0 (compatible; AhrefsBot/7.0; +http://ahrefs.com/robot/)" "ysfine.com"
51.222.253.18 - - [21/Dec/2022:00:54:56 -0800] "GET /class54/class5470/total_data/refer_img/8-115_f.jpg HTTP/1.1" 200 67121 "-" "Mozilla/5.0 (compatible; AhrefsBot/7.0; +http://ahrefs.com/robot/)" "ysfine.com"
51.222.253.18 - - [21/Dec/2022:00:54:57 -0800] "GET /class54/class5470/total_data/refer_img/8-104_f.jpg HTTP/1.1" 200 45950 "-" "Mozilla/5.0 (compatible; AhrefsBot/7.0; +http://ahrefs.com/robot/)" "ysfine.com"
51.222.253.6 - - [21/Dec/2022:00:54:57 -0800] "GET /class54/class5470/total_data/img/sm04_off.gif HTTP/1.1" 200 529 "-" "Mozilla/5.0 (compatible; AhrefsBot/7.0; +http://ahrefs.com/robot/)" "ysfine.com"
51.222.253.14 - - [21/Dec/2022:00:54:57 -0800] "GET /class54/class5470/total_data/refer_img/8-118_f.jpg HTTP/1.1" 200 38918 "-" "Mozilla/5.0 (compatible; AhrefsBot/7.0; +http://ahrefs.com/robot/)" "ysfine.com"
51.222.253.9 - - [21/Dec/2022:00:54:58 -0800] "GET /class54/class5470/total_data/refer_img/8-111_f.jpg HTTP/1.1" 200 33083 "-" "Mozilla/5.0 (compatible; AhrefsBot/7.0; +http://ahrefs.com/robot/)" "ysfine.com"
157.55.39.43 - - [21/Dec/2022:00:55:02 -0800] "GET /bio/sbk/1950.html HTTP/1.1" 404 88 "-" "Mozilla/5.0 (compatible; bingbot/2.0; +http://www.bing.com/bingbot.htm)" "ysfine.com"
207.46.13.8 - - [21/Dec/2022:00:55:18 -0800] "GET /bio/world/berlin.html HTTP/1.1" 404 88 "-" "Mozilla/5.0 AppleWebKit/537.36 (KHTML, like Gecko; compatible; bingbot/2.0; +http://www.bing.com/bingbot.htm) Chrome/103.0.5060.134 Safari/537.36" "ysfine.com"
185.191.171.23 - - [21/Dec/2022:00:55:40 -0800] "GET /wigner/yswig.html HTTP/1.1" 200 7067 "-" "Mozilla/5.0 (compatible; SemrushBot/7~bl; +http://www.semrush.com/bot.html)" "www.ysfine.com"
5.255.253.136 - - [21/Dec/2022:00:56:03 -0800] "GET /robots.txt HTTP/1.1" 404 73 "-" "Mozilla/5.0 (compatible; YandexBot/3.0; +http://yandex.com/bots)" "www.ysfine.com"
95.108.213.21 - - [21/Dec/2022:00:56:07 -0800] "GET /maga/bohr.html HTTP/1.1" 200 5125 "-" "Mozilla/5.0 (compatible; YandexBot/3.0; +http://yandex.com/bots)" "www.ysfine.com"
207.46.13.8 - - [21/Dec/2022:00:57:37 -0800] "GET /world/poland/mickiew01.jpg HTTP/1.1" 200 66646 "-" "Mozilla/5.0 AppleWebKit/537.36 (KHTML, like Gecko; compatible; bingbot/2.0; +http://www.bing.com/bingbot.htm) Chrome/103.0.5060.134 Safari/537.36" "www.ysfine.com"
17.241.75.45 - - [21/Dec/2022:00:59:04 -0800] "GET /feynman/partons.html HTTP/1.1" 200 5807 "-" "Mozilla/5.0 (Macintosh; Intel Mac OS X 10_15_5) AppleWebKit/605.1.15 (KHTML, like Gecko) Version/13.1.1 Safari/605.1.15 (Applebot/0.1; +http://www.apple.com/go/applebot)" "ysfine.com"
157.55.39.1 - - [21/Dec/2022:00:59:48 -0800] "GET /bio/style/leica.html HTTP/1.1" 404 88 "-" "Mozilla/5.0 AppleWebKit/537.36 (KHTML, like Gecko; compatible; bingbot/2.0; +http://www.bing.com/bingbot.htm) Chrome/103.0.5060.134 Safari/537.36" "ysfine.com"
157.55.39.1 - - [21/Dec/2022:00:59:48 -0800] "GET /bio/awards/iao.html HTTP/1.1" 404 88 "-" "Mozilla/5.0 AppleWebKit/537.36 (KHTML, like Gecko; compatible; bingbot/2.0; +http://www.bing.com/bingbot.htm) Chrome/103.0.5060.134 Safari/537.36" "ysfine.com"
207.46.13.144 - - [21/Dec/2022:00:59:55 -0800] "GET /wdc/whxmas18b.jpg HTTP/1.1" 200 46539 "-" "Mozilla/5.0 AppleWebKit/537.36 (KHTML, like Gecko; compatible; bingbot/2.0; +http://www.bing.com/bingbot.htm) Chrome/103.0.5060.134 Safari/537.36" "www.ysfine.com"
207.46.13.125 - - [21/Dec/2022:01:00:05 -0800] "GET /bio/feynman/partons.html HTTP/1.1" 404 88 "-" "Mozilla/5.0 AppleWebKit/537.36 (KHTML, like Gecko; compatible; bingbot/2.0; +http://www.bing.com/bingbot.htm) Chrome/103.0.5060.134 Safari/537.36" "ysfine.com"
207.46.13.125 - - [21/Dec/2022:01:00:15 -0800] "GET /kowar/tanks/m24.jpg HTTP/1.1" 200 86947 "-" "Mozilla/5.0 (compatible; bingbot/2.0; +http://www.bing.com/bingbot.htm)" "www.ysfine.com"
157.55.39.1 - - [21/Dec/2022:01:00:27 -0800] "GET /princeton/brooke87.jpg HTTP/1.1" 200 174753 "-" "Mozilla/5.0 AppleWebKit/537.36 (KHTML, like Gecko; compatible; bingbot/2.0; +http://www.bing.com/bingbot.htm) Chrome/103.0.5060.134 Safari/537.36" "www.ysfine.com"
54.36.149.39 - - [21/Dec/2022:01:00:28 -0800] "GET /robots.txt HTTP/1.1" 404 88 "-" "Mozilla/5.0 (compatible; AhrefsBot/7.0; +http://ahrefs.com/robot/)" "ysfine.com"
85.208.98.23 - - [21/Dec/2022:01:00:39 -0800] "GET /robots.txt HTTP/1.1" 404 88 "http://ysfine.com/robots.txt" "Mozilla/5.0 (compatible; SemrushBot-BA; +http://www.semrush.com/bot.html)" "ysfine.com"
85.208.98.23 - - [21/Dec/2022:01:00:45 -0800] "GET /robots.txt HTTP/1.1" 404 88 "http://www.ysfine.com/robots.txt" "Mozilla/5.0 (compatible; SemrushBot-BA; +http://www.semrush.com/bot.html)" "www.ysfine.com"
207.46.13.144 - - [21/Dec/2022:01:00:46 -0800] "GET /bio/style/ystyle.html HTTP/1.1" 404 88 "-" "Mozilla/5.0 AppleWebKit/537.36 (KHTML, like Gecko; compatible; bingbot/2.0; +http://www.bing.com/bingbot.htm) Chrome/103.0.5060.134 Safari/537.36" "ysfine.com"
87.250.224.75 - - [21/Dec/2022:01:00:50 -0800] "GET /world/ulm.html HTTP/1.1" 200 6784 "-" "Mozilla/5.0 (compatible; YandexBot/3.0; +http://yandex.com/bots)" "www.ysfine.com"
92.184.124.162 - - [21/Dec/2022:01:00:55 -0800] "GET /archives/proceedings/boston/kuklewicz.pdf HTTP/1.1" 200 234676 "https://www.google.com/" "Mozilla/5.0 (Windows NT 10.0; Win64; x64; rv:107.0) Gecko/20100101 Firefox/107.0" "ysfine.com"
92.184.124.162 - - [21/Dec/2022:01:00:56 -0800] "GET /favicon.ico HTTP/1.1" 404 88 "https://ysfine.com/" "Mozilla/5.0 (Windows NT 10.0; Win64; x64; rv:107.0) Gecko/20100101 Firefox/107.0" "ysfine.com"
92.184.124.162 - - [21/Dec/2022:01:00:56 -0800] "GET /archives/proceedings/boston/kuklewicz.pdf HTTP/1.1" 206 38068 "https://www.google.com/" "Mozilla/5.0 (Windows NT 10.0; Win64; x64; rv:107.0) Gecko/20100101 Firefox/107.0" "ysfine.com"
85.208.98.24 - - [21/Dec/2022:01:01:16 -0800] "GET /confer/listall.html HTTP/1.1" 200 6460 "-" "Mozilla/5.0 (compatible; SemrushBot-BA; +http://www.semrush.com/bot.html)" "ysfine.com"
85.208.98.20 - - [21/Dec/2022:01:01:30 -0800] "GET /confer/applied.html HTTP/1.1" 200 3735 "-" "Mozilla/5.0 (compatible; SemrushBot-BA; +http://www.semrush.com/bot.html)" "www.ysfine.com"
207.46.13.144 - - [21/Dec/2022:01:01:36 -0800] "GET /bio/feynman/fphoto.html HTTP/1.1" 404 88 "-" "Mozilla/5.0 (compatible; bingbot/2.0; +http://www.bing.com/bingbot.htm)" "ysfine.com"
85.208.98.16 - - [21/Dec/2022:01:01:37 -0800] "GET /confer/math.html HTTP/1.1" 200 2175 "-" "Mozilla/5.0 (compatible; SemrushBot-BA; +http://www.semrush.com/bot.html)" "ysfine.com"
85.208.98.24 - - [21/Dec/2022:01:01:41 -0800] "GET /confer/quantum.html HTTP/1.1" 200 2560 "-" "Mozilla/5.0 (compatible; SemrushBot-BA; +http://www.semrush.com/bot.html)" "www.ysfine.com"
85.208.98.31 - - [21/Dec/2022:01:02:02 -0800] "GET /confer/listall.html HTTP/1.1" 200 6460 "-" "Mozilla/5.0 (compatible; SemrushBot-BA; +http://www.semrush.com/bot.html)" "www.ysfine.com"
207.46.13.8 - - [21/Dec/2022:01:02:19 -0800] "GET /world/france/stras56b.jpg HTTP/1.1" 200 47207 "-" "Mozilla/5.0 AppleWebKit/537.36 (KHTML, like Gecko; compatible; bingbot/2.0; +http://www.bing.com/bingbot.htm) Chrome/103.0.5060.134 Safari/537.36" "ysfine.com"
85.208.98.31 - - [21/Dec/2022:01:02:26 -0800] "GET /confer/popular.html HTTP/1.1" 200 2351 "-" "Mozilla/5.0 (compatible; SemrushBot-BA; +http://www.semrush.com/bot.html)" "www.ysfine.com"
207.46.13.8 - - [21/Dec/2022:01:02:28 -0800] "GET /class54/tallm02c.jpg HTTP/1.1" 200 45260 "-" "Mozilla/5.0 (compatible; bingbot/2.0; +http://www.bing.com/bingbot.htm)" "www.ysfine.com"
85.208.98.29 - - [21/Dec/2022:01:02:32 -0800] "GET /confer/math.html HTTP/1.1" 200 2175 "-" "Mozilla/5.0 (compatible; SemrushBot-BA; +http://www.semrush.com/bot.html)" "www.ysfine.com"
85.208.98.19 - - [21/Dec/2022:01:02:49 -0800] "GET /confer/applied.html HTTP/1.1" 200 3735 "-" "Mozilla/5.0 (compatible; SemrushBot-BA; +http://www.semrush.com/bot.html)" "ysfine.com"
123.125.109.63 - - [21/Dec/2022:01:02:54 -0800] "GET / HTTP/1.1" 200 5295 "-" "Sogou web spider/4.0(+http://www.sogou.com/docs/help/webmasters.htm#07)" "www.ysfine.com"
85.208.98.20 - - [21/Dec/2022:01:03:00 -0800] "GET /confer/popular.html HTTP/1.1" 200 2351 "-" "Mozilla/5.0 (compatible; SemrushBot-BA; +http://www.semrush.com/bot.html)" "ysfine.com"
85.208.98.20 - - [21/Dec/2022:01:03:09 -0800] "GET /confer/quantum.html HTTP/1.1" 200 2560 "-" "Mozilla/5.0 (compatible; SemrushBot-BA; +http://www.semrush.com/bot.html)" "ysfine.com"
207.46.13.51 - - [21/Dec/2022:01:03:28 -0800] "GET /world/brit/picca25.jpg HTTP/1.1" 200 129141 "-" "Mozilla/5.0 AppleWebKit/537.36 (KHTML, like Gecko; compatible; bingbot/2.0; +http://www.bing.com/bingbot.htm) Chrome/103.0.5060.134 Safari/537.36" "www.ysfine.com"
157.55.39.1 - - [21/Dec/2022:01:04:08 -0800] "GET /bio/einstein/bern.html HTTP/1.1" 404 88 "-" "Mozilla/5.0 AppleWebKit/537.36 (KHTML, like Gecko; compatible; bingbot/2.0; +http://www.bing.com/bingbot.htm) Chrome/103.0.5060.134 Safari/537.36" "ysfine.com"
157.55.39.1 - - [21/Dec/2022:01:04:09 -0800] "GET /bio/kobak/namdae.html HTTP/1.1" 404 88 "-" "Mozilla/5.0 AppleWebKit/537.36 (KHTML, like Gecko; compatible; bingbot/2.0; +http://www.bing.com/bingbot.htm) Chrome/103.0.5060.134 Safari/537.36" "ysfine.com"
157.55.39.43 - - [21/Dec/2022:01:04:53 -0800] "GET /bio/bio07.html HTTP/1.1" 404 88 "-" "Mozilla/5.0 AppleWebKit/537.36 (KHTML, like Gecko; compatible; bingbot/2.0; +http://www.bing.com/bingbot.htm) Chrome/103.0.5060.134 Safari/537.36" "ysfine.com"
157.55.39.43 - - [21/Dec/2022:01:05:13 -0800] "GET /usca/pitt/pittcath02.jpg HTTP/1.1" 200 81215 "-" "Mozilla/5.0 AppleWebKit/537.36 (KHTML, like Gecko; compatible; bingbot/2.0; +http://www.bing.com/bingbot.htm) Chrome/103.0.5060.134 Safari/537.36" "ysfine.com"
157.55.39.43 - - [21/Dec/2022:01:05:13 -0800] "GET /bio/kobak/yskor.html HTTP/1.1" 404 88 "-" "Mozilla/5.0 AppleWebKit/537.36 (KHTML, like Gecko; compatible; bingbot/2.0; +http://www.bing.com/bingbot.htm) Chrome/103.0.5060.134 Safari/537.36" "ysfine.com"
207.46.13.144 - - [21/Dec/2022:01:05:38 -0800] "GET /bio/world/trier.html HTTP/1.1" 404 88 "-" "Mozilla/5.0 (compatible; bingbot/2.0; +http://www.bing.com/bingbot.htm)" "ysfine.com"
71.178.208.102 - - [21/Dec/2022:01:06:55 -0800] "GET /bio17.html HTTP/1.1" 200 10819 "https://ysfine.com/ys11/" "Mozilla/5.0 (Windows NT 10.0; Win64; x64) AppleWebKit/537.36 (KHTML, like Gecko) Chrome/108.0.0.0 Safari/537.36" "ysfine.com"
51.222.253.10 - - [21/Dec/2022:01:07:08 -0800] "GET /class54/class5470/total_data/sub_8127.htm HTTP/1.1" 200 3507 "-" "Mozilla/5.0 (compatible; AhrefsBot/7.0; +http://ahrefs.com/robot/)" "ysfine.com"
51.222.253.14 - - [21/Dec/2022:01:07:09 -0800] "GET /class54/class5470/total_data/photo_img/8-127.jpg HTTP/1.1" 200 213517 "-" "Mozilla/5.0 (compatible; AhrefsBot/7.0; +http://ahrefs.com/robot/)" "ysfine.com"
51.222.253.18 - - [21/Dec/2022:01:07:09 -0800] "GET /class54/class5470/total_data/refer_img/8-143_f.jpg HTTP/1.1" 200 27601 "-" "Mozilla/5.0 (compatible; AhrefsBot/7.0; +http://ahrefs.com/robot/)" "ysfine.com"
51.222.253.6 - - [21/Dec/2022:01:07:10 -0800] "GET /class54/class5470/total_data/refer_img/8-135_f.jpg HTTP/1.1" 200 32090 "-" "Mozilla/5.0 (compatible; AhrefsBot/7.0; +http://ahrefs.com/robot/)" "ysfine.com"
207.46.13.8 - - [21/Dec/2022:01:07:10 -0800] "GET /beau/lithuseville01b.jpg HTTP/1.1" 404 88 "-" "Mozilla/5.0 (compatible; bingbot/2.0; +http://www.bing.com/bingbot.htm)" "ysfine.com"
51.222.253.12 - - [21/Dec/2022:01:07:10 -0800] "GET /class54/class5470/total_data/refer_img/8-134_f.jpg HTTP/1.1" 200 41464 "-" "Mozilla/5.0 (compatible; AhrefsBot/7.0; +http://ahrefs.com/robot/)" "ysfine.com"
