157.55.39.1 - - [21/Dec/2022:12:12:53 -0800] "GET /wigner/gim/map02.jpg HTTP/1.1" 200 135793 "-" "Mozilla/5.0 (compatible; bingbot/2.0; +http://www.bing.com/bingbot.htm)" "www.ysfine.com"
51.222.253.14 - - [21/Dec/2022:12:12:58 -0800] "GET /robots.txt HTTP/1.1" 404 88 "-" "Mozilla/5.0 (compatible; AhrefsBot/7.0; +http://ahrefs.com/robot/)" "ysfine.com"
51.222.253.13 - - [21/Dec/2022:12:12:59 -0800] "GET /class54/emailed04.html HTTP/1.1" 200 16139 "-" "Mozilla/5.0 (compatible; AhrefsBot/7.0; +http://ahrefs.com/robot/)" "ysfine.com"
51.222.253.14 - - [21/Dec/2022:12:13:00 -0800] "GET /class54/acs\\acs68b.jpg HTTP/1.1" 404 88 "-" "Mozilla/5.0 (compatible; AhrefsBot/7.0; +http://ahrefs.com/robot/)" "ysfine.com"
51.222.253.13 - - [21/Dec/2022:12:13:01 -0800] "GET /style/bstring33b.jpg HTTP/1.1" 200 34671 "-" "Mozilla/5.0 (compatible; AhrefsBot/7.0; +http://ahrefs.com/robot/)" "ysfine.com"
51.222.253.4 - - [21/Dec/2022:12:13:02 -0800] "GET /world/brit/sebiro21b.jpg HTTP/1.1" 200 51428 "-" "Mozilla/5.0 (compatible; AhrefsBot/7.0; +http://ahrefs.com/robot/)" "ysfine.com"
51.222.253.2 - - [21/Dec/2022:12:13:02 -0800] "GET /newyork/koreaw01b.jpg HTTP/1.1" 200 67754 "-" "Mozilla/5.0 (compatible; AhrefsBot/7.0; +http://ahrefs.com/robot/)" "ysfine.com"
51.222.253.12 - - [21/Dec/2022:12:13:03 -0800] "GET /kobak/dabrow11b.jpg HTTP/1.1" 200 58281 "-" "Mozilla/5.0 (compatible; AhrefsBot/7.0; +http://ahrefs.com/robot/)" "ysfine.com"
51.222.253.2 - - [21/Dec/2022:12:13:04 -0800] "GET /princeton/prospect22b.jpg HTTP/1.1" 200 46073 "-" "Mozilla/5.0 (compatible; AhrefsBot/7.0; +http://ahrefs.com/robot/)" "ysfine.com"
51.222.253.3 - - [21/Dec/2022:12:13:04 -0800] "GET /world/russ/msu52b.jpg HTTP/1.1" 200 40102 "-" "Mozilla/5.0 (compatible; AhrefsBot/7.0; +http://ahrefs.com/robot/)" "ysfine.com"
51.222.253.16 - - [21/Dec/2022:12:13:05 -0800] "GET /kobak/1014b.jpg HTTP/1.1" 200 42115 "-" "Mozilla/5.0 (compatible; AhrefsBot/7.0; +http://ahrefs.com/robot/)" "ysfine.com"
51.222.253.17 - - [21/Dec/2022:12:13:06 -0800] "GET /newyork/unionsq04b.jpg HTTP/1.1" 200 53115 "-" "Mozilla/5.0 (compatible; AhrefsBot/7.0; +http://ahrefs.com/robot/)" "ysfine.com"
51.222.253.20 - - [21/Dec/2022:12:13:06 -0800] "GET /class54/acs\\acs17b.jpg HTTP/1.1" 404 88 "-" "Mozilla/5.0 (compatible; AhrefsBot/7.0; +http://ahrefs.com/robot/)" "ysfine.com"
51.222.253.9 - - [21/Dec/2022:12:13:06 -0800] "GET /world/russ/bachkova11b.jpg HTTP/1.1" 200 45475 "-" "Mozilla/5.0 (compatible; AhrefsBot/7.0; +http://ahrefs.com/robot/)" "ysfine.com"
51.222.253.10 - - [21/Dec/2022:12:13:07 -0800] "GET /world/russ/protvi01b.jpg HTTP/1.1" 200 42265 "-" "Mozilla/5.0 (compatible; AhrefsBot/7.0; +http://ahrefs.com/robot/)" "ysfine.com"
51.222.253.9 - - [21/Dec/2022:12:13:07 -0800] "GET /class54/stcars/se09b.jpg HTTP/1.1" 200 37210 "-" "Mozilla/5.0 (compatible; AhrefsBot/7.0; +http://ahrefs.com/robot/)" "ysfine.com"
51.222.253.9 - - [21/Dec/2022:12:13:08 -0800] "GET /kobak/sorae/church06b.jpg HTTP/1.1" 200 49022 "-" "Mozilla/5.0 (compatible; AhrefsBot/7.0; +http://ahrefs.com/robot/)" "ysfine.com"
51.222.253.3 - - [21/Dec/2022:12:13:08 -0800] "GET /wigner/lunch91b.jpg HTTP/1.1" 200 52318 "-" "Mozilla/5.0 (compatible; AhrefsBot/7.0; +http://ahrefs.com/robot/)" "ysfine.com"
51.222.253.2 - - [21/Dec/2022:12:13:08 -0800] "GET /maga/phys/farad06b.jpg HTTP/1.1" 200 37553 "-" "Mozilla/5.0 (compatible; AhrefsBot/7.0; +http://ahrefs.com/robot/)" "ysfine.com"
51.222.253.4 - - [21/Dec/2022:12:13:09 -0800] "GET /usca/pitt/kwkpgh01b.jpg HTTP/1.1" 200 48537 "-" "Mozilla/5.0 (compatible; AhrefsBot/7.0; +http://ahrefs.com/robot/)" "ysfine.com"
51.222.253.4 - - [21/Dec/2022:12:13:10 -0800] "GET /ffriends/amkor/koparis05b.jpg HTTP/1.1" 200 41924 "-" "Mozilla/5.0 (compatible; AhrefsBot/7.0; +http://ahrefs.com/robot/)" "ysfine.com"
51.222.253.2 - - [21/Dec/2022:12:13:10 -0800] "GET /newyork/radioci08b.jpg HTTP/1.1" 200 38268 "-" "Mozilla/5.0 (compatible; AhrefsBot/7.0; +http://ahrefs.com/robot/)" "ysfine.com"
51.222.253.1 - - [21/Dec/2022:12:13:10 -0800] "GET /class54/pics/g138b.jpg HTTP/1.1" 200 33212 "-" "Mozilla/5.0 (compatible; AhrefsBot/7.0; +http://ahrefs.com/robot/)" "ysfine.com"
51.222.253.18 - - [21/Dec/2022:12:13:11 -0800] "GET /newyork/wtc20b.jpg HTTP/1.1" 200 28374 "-" "Mozilla/5.0 (compatible; AhrefsBot/7.0; +http://ahrefs.com/robot/)" "ysfine.com"
51.222.253.1 - - [21/Dec/2022:12:13:11 -0800] "GET /saram/m09b.jpg HTTP/1.1" 200 33371 "-" "Mozilla/5.0 (compatible; AhrefsBot/7.0; +http://ahrefs.com/robot/)" "ysfine.com"
51.222.253.10 - - [21/Dec/2022:12:13:12 -0800] "GET /style/rieu02b.jpg HTTP/1.1" 200 52217 "-" "Mozilla/5.0 (compatible; AhrefsBot/7.0; +http://ahrefs.com/robot/)" "ysfine.com"
51.222.253.16 - - [21/Dec/2022:12:13:12 -0800] "GET /style/rieu01b.jpg HTTP/1.1" 200 44969 "-" "Mozilla/5.0 (compatible; AhrefsBot/7.0; +http://ahrefs.com/robot/)" "ysfine.com"
51.222.253.5 - - [21/Dec/2022:12:13:12 -0800] "GET /kobak/chomansik11b.jpg HTTP/1.1" 200 36831 "-" "Mozilla/5.0 (compatible; AhrefsBot/7.0; +http://ahrefs.com/robot/)" "ysfine.com"
51.222.253.9 - - [21/Dec/2022:12:13:13 -0800] "GET /class54/acs\\plaq11b.jpg HTTP/1.1" 404 88 "-" "Mozilla/5.0 (compatible; AhrefsBot/7.0; +http://ahrefs.com/robot/)" "ysfine.com"
51.222.253.5 - - [21/Dec/2022:12:13:18 -0800] "GET /class54/stcars\\se01b.jpg HTTP/1.1" 404 88 "-" "Mozilla/5.0 (compatible; AhrefsBot/7.0; +http://ahrefs.com/robot/)" "ysfine.com"
51.222.253.5 - - [21/Dec/2022:12:13:18 -0800] "GET /world/brit/edin52b.jpg HTTP/1.1" 200 64994 "-" "Mozilla/5.0 (compatible; AhrefsBot/7.0; +http://ahrefs.com/robot/)" "ysfine.com"
51.222.253.3 - - [21/Dec/2022:12:13:18 -0800] "GET /class54/acs\\acs75b.jpg HTTP/1.1" 404 88 "-" "Mozilla/5.0 (compatible; AhrefsBot/7.0; +http://ahrefs.com/robot/)" "ysfine.com"
51.222.253.3 - - [21/Dec/2022:12:13:19 -0800] "GET /world/brit/oxlon55b.jpg HTTP/1.1" 200 45015 "-" "Mozilla/5.0 (compatible; AhrefsBot/7.0; +http://ahrefs.com/robot/)" "ysfine.com"
51.222.253.20 - - [21/Dec/2022:12:13:19 -0800] "GET /class54/campus01b.jpg HTTP/1.1" 200 31557 "-" "Mozilla/5.0 (compatible; AhrefsBot/7.0; +http://ahrefs.com/robot/)" "ysfine.com"
51.222.253.6 - - [21/Dec/2022:12:13:20 -0800] "GET /world/brit/oxlon17b.jpg HTTP/1.1" 200 34754 "-" "Mozilla/5.0 (compatible; AhrefsBot/7.0; +http://ahrefs.com/robot/)" "ysfine.com"
51.222.253.3 - - [21/Dec/2022:12:13:20 -0800] "GET /princeton/rheepr01b.jpg HTTP/1.1" 200 35236 "-" "Mozilla/5.0 (compatible; AhrefsBot/7.0; +http://ahrefs.com/robot/)" "ysfine.com"
51.222.253.2 - - [21/Dec/2022:12:13:20 -0800] "GET /ffriends/aline/kuwaitf11b.jpg HTTP/1.1" 200 45452 "-" "Mozilla/5.0 (compatible; AhrefsBot/7.0; +http://ahrefs.com/robot/)" "ysfine.com"
51.222.253.13 - - [21/Dec/2022:12:13:21 -0800] "GET /world/brit/oxlon07b.jpg HTTP/1.1" 200 31817 "-" "Mozilla/5.0 (compatible; AhrefsBot/7.0; +http://ahrefs.com/robot/)" "ysfine.com"
51.222.253.16 - - [21/Dec/2022:12:13:21 -0800] "GET /world/scandi/copenf04b.jpg HTTP/1.1" 200 51496 "-" "Mozilla/5.0 (compatible; AhrefsBot/7.0; +http://ahrefs.com/robot/)" "ysfine.com"
185.191.171.20 - - [21/Dec/2022:12:13:35 -0800] "GET /wdc/mydc.html HTTP/1.1" 200 1586 "-" "Mozilla/5.0 (compatible; SemrushBot/7~bl; +http://www.semrush.com/bot.html)" "www.ysfine.com"
207.46.13.51 - - [21/Dec/2022:12:13:40 -0800] "GET /bio/world/kalinin22.html HTTP/1.1" 404 88 "-" "Mozilla/5.0 (compatible; bingbot/2.0; +http://www.bing.com/bingbot.htm)" "ysfine.com"
49.7.21.80 - - [21/Dec/2022:12:13:45 -0800] "GET / HTTP/1.1" 200 5295 "-" "Sogou web spider/4.0(+http://www.sogou.com/docs/help/webmasters.htm#07)" "www.ysfine.com"
5.255.253.111 - - [21/Dec/2022:12:16:16 -0800] "GET / HTTP/1.1" 200 5295 "-" "Mozilla/5.0 (compatible; YandexBot/3.0; +http://yandex.com/bots) AppleWebKit/537.36 (KHTML, like Gecko) Chrome/81.0.4044.268" "www.ysfine.com"
207.46.13.8 - - [21/Dec/2022:12:16:45 -0800] "GET /bio/dirac/bankers.html HTTP/1.1" 404 88 "-" "Mozilla/5.0 AppleWebKit/537.36 (KHTML, like Gecko; compatible; bingbot/2.0; +http://www.bing.com/bingbot.htm) Chrome/103.0.5060.134 Safari/537.36" "ysfine.com"
157.55.39.43 - - [21/Dec/2022:12:17:03 -0800] "GET /bio/kobak/yskor.html HTTP/1.1" 404 88 "-" "Mozilla/5.0 (compatible; bingbot/2.0; +http://www.bing.com/bingbot.htm)" "ysfine.com"
157.55.39.1 - - [21/Dec/2022:12:17:15 -0800] "GET /kobak/potsdam.jpg HTTP/1.1" 200 83597 "-" "Mozilla/5.0 (compatible; bingbot/2.0; +http://www.bing.com/bingbot.htm)" "ysfine.com"
66.249.66.43 - - [21/Dec/2022:12:17:19 -0800] "GET /world/france/stras01b.jpg HTTP/1.1" 304 - "-" "Googlebot-Image/1.0" "ysfine.com"
220.181.108.111 - - [21/Dec/2022:12:17:48 -0800] "GET /home/taylor500.jpg HTTP/1.1" 200 79197 "-" "Mozilla/5.0 (compatible; Baiduspider/2.0; +http://www.baidu.com/search/spider.html)" "ysfine.com"
185.191.171.37 - - [21/Dec/2022:12:18:22 -0800] "GET /einstein/fantova/fantova2.html HTTP/1.1" 200 3126 "-" "Mozilla/5.0 (compatible; SemrushBot/7~bl; +http://www.semrush.com/bot.html)" "ysfine.com"
20.232.200.148 - - [21/Dec/2022:12:18:41 -0800] "GET /houses/myhouse.html HTTP/1.1" 200 1473 "-" "Mozilla/5.0 (Windows NT 10.0; Win64; x64) AppleWebKit/537.36 (KHTML, like Gecko) Chrome/86.0.4240.75 Safari/537.36" "ysfine.com"
157.55.39.43 - - [21/Dec/2022:12:19:00 -0800] "GET /bio/awards/marq.html HTTP/1.1" 404 88 "-" "Mozilla/5.0 (compatible; bingbot/2.0; +http://www.bing.com/bingbot.htm)" "ysfine.com"
157.55.39.1 - - [21/Dec/2022:12:19:14 -0800] "GET /bio/world/leipzig.html HTTP/1.1" 404 88 "-" "Mozilla/5.0 AppleWebKit/537.36 (KHTML, like Gecko; compatible; bingbot/2.0; +http://www.bing.com/bingbot.htm) Chrome/103.0.5060.134 Safari/537.36" "ysfine.com"
207.46.13.8 - - [21/Dec/2022:12:19:53 -0800] "GET /beau/spastu01.jpg HTTP/1.1" 404 88 "-" "Mozilla/5.0 (compatible; bingbot/2.0; +http://www.bing.com/bingbot.htm)" "ysfine.com"
51.222.253.10 - - [21/Dec/2022:12:20:15 -0800] "GET /einstein/einkim.html HTTP/1.1" 200 3731 "-" "Mozilla/5.0 (compatible; AhrefsBot/7.0; +http://ahrefs.com/robot/)" "www.ysfine.com"
51.222.253.12 - - [21/Dec/2022:12:20:18 -0800] "GET /einstein/orren11c.jpg HTTP/1.1" 200 21314 "-" "Mozilla/5.0 (compatible; AhrefsBot/7.0; +http://ahrefs.com/robot/)" "www.ysfine.com"
51.222.253.12 - - [21/Dec/2022:12:20:18 -0800] "GET /einstein/keigel77a.jpg HTTP/1.1" 200 59466 "-" "Mozilla/5.0 (compatible; AhrefsBot/7.0; +http://ahrefs.com/robot/)" "www.ysfine.com"
51.222.253.1 - - [21/Dec/2022:12:20:19 -0800] "GET /einstein/pdugard17a.jpg HTTP/1.1" 200 92931 "-" "Mozilla/5.0 (compatible; AhrefsBot/7.0; +http://ahrefs.com/robot/)" "www.ysfine.com"
51.222.253.9 - - [21/Dec/2022:12:20:20 -0800] "GET /einstein/eins47c.jpg HTTP/1.1" 200 43054 "-" "Mozilla/5.0 (compatible; AhrefsBot/7.0; +http://ahrefs.com/robot/)" "www.ysfine.com"
51.222.253.8 - - [21/Dec/2022:12:20:20 -0800] "GET /einstein/ysturner11c.jpg HTTP/1.1" 200 39604 "-" "Mozilla/5.0 (compatible; AhrefsBot/7.0; +http://ahrefs.com/robot/)" "www.ysfine.com"
51.222.253.16 - - [21/Dec/2022:12:20:21 -0800] "GET /einstein/einbohr33c.jpg HTTP/1.1" 200 36410 "-" "Mozilla/5.0 (compatible; AhrefsBot/7.0; +http://ahrefs.com/robot/)" "www.ysfine.com"
51.222.253.13 - - [21/Dec/2022:12:20:21 -0800] "GET /home/dwf55a.jpg HTTP/1.1" 200 54743 "-" "Mozilla/5.0 (compatible; AhrefsBot/7.0; +http://ahrefs.com/robot/)" "www.ysfine.com"
51.222.253.6 - - [21/Dec/2022:12:20:21 -0800] "GET /home/resonance33c.jpg HTTP/1.1" 200 36247 "-" "Mozilla/5.0 (compatible; AhrefsBot/7.0; +http://ahrefs.com/robot/)" "www.ysfine.com"
51.222.253.13 - - [21/Dec/2022:12:20:22 -0800] "GET /eink/eink54a.jpg HTTP/1.1" 200 79717 "-" "Mozilla/5.0 (compatible; AhrefsBot/7.0; +http://ahrefs.com/robot/)" "www.ysfine.com"
207.46.13.51 - - [21/Dec/2022:12:20:59 -0800] "GET /bio/eink/buythisbook.html HTTP/1.1" 404 88 "-" "Mozilla/5.0 (compatible; bingbot/2.0; +http://www.bing.com/bingbot.htm)" "ysfine.com"
74.96.114.180 - - [21/Dec/2022:12:21:46 -0800] "GET /kowar/panmun04.jpg HTTP/1.1" 200 126386 "https://images.search.yahoo.com/search/images;_ylt=AwrFYhS_aaNj3ycTjBpXNyoA;_ylu=Y29sbwNiZjEEcG9zAzEEdnRpZAMEc2VjA3BpdnM-?p=chinese+soldiers+korean+war&fr2=piv-web&type=E211US105G0&fr=mcafee" "Mozilla/5.0 (Windows NT 10.0; Win64; x64) AppleWebKit/537.36 (KHTML, like Gecko) Chrome/108.0.0.0 Safari/537.36" "ysfine.com"
207.46.13.51 - - [21/Dec/2022:12:22:39 -0800] "GET /world/brit/picca24.jpg HTTP/1.1" 200 86563 "-" "Mozilla/5.0 AppleWebKit/537.36 (KHTML, like Gecko; compatible; bingbot/2.0; +http://www.bing.com/bingbot.htm) Chrome/103.0.5060.134 Safari/537.36" "ysfine.com"
41.57.95.179 - - [21/Dec/2022:12:22:41 -0800] "GET /dirac/dirheisen31b.jpg HTTP/1.1" 200 39248 "https://www.google.com/" "Mozilla/5.0 (Linux; Android 10; TECNO KD6a) AppleWebKit/537.36 (KHTML, like Gecko) Chrome/80.0.3987.99 Mobile Safari/537.36" "ysfine.com"
92.192.184.57 - - [21/Dec/2022:12:24:28 -0800] "GET /einstein/eincurie11.jpg HTTP/1.1" 200 71229 "https://www.google.fr/" "Mozilla/5.0 (Windows NT 10.0; Win64; x64; rv:108.0) Gecko/20100101 Firefox/108.0" "ysfine.com"
157.55.39.1 - - [21/Dec/2022:12:24:55 -0800] "GET /wigner/neum/neuim.jpg HTTP/1.1" 200 75456 "-" "Mozilla/5.0 AppleWebKit/537.36 (KHTML, like Gecko; compatible; bingbot/2.0; +http://www.bing.com/bingbot.htm) Chrome/103.0.5060.134 Safari/537.36" "ysfine.com"
207.46.13.8 - - [21/Dec/2022:12:25:05 -0800] "GET /people/sbt2.jpg HTTP/1.1" 200 29397 "-" "Mozilla/5.0 (compatible; bingbot/2.0; +http://www.bing.com/bingbot.htm)" "ysfine.com"
157.55.39.43 - - [21/Dec/2022:12:25:24 -0800] "GET /bio/style/artlove.html HTTP/1.1" 404 88 "-" "Mozilla/5.0 AppleWebKit/537.36 (KHTML, like Gecko; compatible; bingbot/2.0; +http://www.bing.com/bingbot.htm) Chrome/103.0.5060.134 Safari/537.36" "ysfine.com"
157.55.39.43 - - [21/Dec/2022:12:26:01 -0800] "GET /kobak/sonja11.jpg HTTP/1.1" 200 46801 "-" "Mozilla/5.0 (compatible; bingbot/2.0; +http://www.bing.com/bingbot.htm)" "www.ysfine.com"
157.55.39.1 - - [21/Dec/2022:12:26:04 -0800] "GET /princeton/mudd22.jpg HTTP/1.1" 200 97933 "-" "Mozilla/5.0 (compatible; bingbot/2.0; +http://www.bing.com/bingbot.htm)" "ysfine.com"
73.142.143.72 - - [21/Dec/2022:12:26:38 -0800] "GET /princeton/alexan22.jpg HTTP/1.1" 200 175436 "https://www.google.com/" "Mozilla/5.0 (Windows NT 10.0; Win64; x64; rv:106.0) Gecko/20100101 Firefox/106.0" "ysfine.com"
51.222.253.16 - - [21/Dec/2022:12:26:45 -0800] "GET /class54/class5470/total_data/sub_252.htm HTTP/1.1" 200 3375 "-" "Mozilla/5.0 (compatible; AhrefsBot/7.0; +http://ahrefs.com/robot/)" "www.ysfine.com"
207.46.13.8 - - [21/Dec/2022:12:27:05 -0800] "GET /feynman/feygell.html HTTP/1.1" 200 4714 "-" "Mozilla/5.0 (compatible; bingbot/2.0; +http://www.bing.com/bingbot.htm)" "www.ysfine.com"
185.191.171.35 - - [21/Dec/2022:12:27:18 -0800] "GET /home/more.html HTTP/1.1" 200 3042 "-" "Mozilla/5.0 (compatible; SemrushBot/7~bl; +http://www.semrush.com/bot.html)" "ysfine.com"
157.55.39.1 - - [21/Dec/2022:12:28:45 -0800] "GET /world/berlin.html HTTP/1.1" 200 16173 "-" "Mozilla/5.0 (compatible; bingbot/2.0; +http://www.bing.com/bingbot.htm)" "www.ysfine.com"
66.249.66.43 - - [21/Dec/2022:12:28:54 -0800] "GET /articles/restof.pdf HTTP/1.1" 401 90 "-" "Googlebot/2.1 (+http://www.google.com/bot.html)" "ysfine.com"
74.108.9.41 - - [21/Dec/2022:12:29:06 -0800] "GET /feynman/feydirac.jpg HTTP/1.1" 200 98378 "https://www.google.com/" "Mozilla/5.0 (Macintosh; Intel Mac OS X 10_15_6) AppleWebKit/605.1.15 (KHTML, like Gecko) Version/15.6.3 Safari/605.1.15" "ysfine.com"
118.184.177.49 - - [21/Dec/2022:12:30:54 -0800] "GET / HTTP/1.1" 200 5295 "-" "Sogou web spider/4.0(+http://www.sogou.com/docs/help/webmasters.htm#07)" "www.ysfine.com"
70.185.217.203 - - [21/Dec/2022:12:30:56 -0800] "GET /kobak/repose22.jpg HTTP/1.1" 200 126234 "https://images.search.yahoo.com/search/images;_ylt=Awrg0XeLaaNj9OoP1RxXNyoA;_ylu=Y29sbwNncTEEcG9zAzEEdnRpZAMEc2VjA3BpdnM-?p=hospital+ship&fr2=piv-web&fr=yfp-t-s" "Mozilla/5.0 (Windows NT 10.0; Win64; x64) AppleWebKit/537.36 (KHTML, like Gecko) Chrome/108.0.0.0 Safari/537.36 Edg/108.0.1462.54" "ysfine.com"
20.232.203.1 - - [21/Dec/2022:12:31:34 -0800] "GET /princeton/yspr.html HTTP/1.1" 200 5470 "-" "Mozilla/5.0 (Windows NT 10.0; Win64; x64) AppleWebKit/537.36 (KHTML, like Gecko) Chrome/86.0.4240.75 Safari/537.36" "ysfine.com"
95.163.255.110 - - [21/Dec/2022:12:31:39 -0800] "GET /robots.txt HTTP/1.1" 404 73 "-" "Mozilla/5.0 (compatible; Linux x86_64; Mail.RU_Bot/Img/2.0; +https://help.mail.ru/webmaster/indexing/robots)" "ysfine.com"
207.46.13.8 - - [21/Dec/2022:12:32:16 -0800] "GET /beau/moso02b.jpg HTTP/1.1" 404 88 "-" "Mozilla/5.0 (compatible; bingbot/2.0; +http://www.bing.com/bingbot.htm)" "ysfine.com"
207.46.13.8 - - [21/Dec/2022:12:32:36 -0800] "GET /bio/style/proschanie.html HTTP/1.1" 404 88 "-" "Mozilla/5.0 AppleWebKit/537.36 (KHTML, like Gecko; compatible; bingbot/2.0; +http://www.bing.com/bingbot.htm) Chrome/103.0.5060.134 Safari/537.36" "ysfine.com"
157.55.39.79 - - [21/Dec/2022:12:32:41 -0800] "GET /bio/genea.html HTTP/1.1" 404 88 "-" "Mozilla/5.0 (compatible; bingbot/2.0; +http://www.bing.com/bingbot.htm)" "ysfine.com"
157.55.39.1 - - [21/Dec/2022:12:32:54 -0800] "GET /awards/acs96a.jpg HTTP/1.1" 200 76754 "-" "Mozilla/5.0 (compatible; bingbot/2.0; +http://www.bing.com/bingbot.htm)" "ysfine.com"
51.222.253.19 - - [21/Dec/2022:12:33:29 -0800] "GET /class54/emailed05.html HTTP/1.1" 200 16866 "-" "Mozilla/5.0 (compatible; AhrefsBot/7.0; +http://ahrefs.com/robot/)" "ysfine.com"
51.222.253.11 - - [21/Dec/2022:12:33:31 -0800] "GET /kor/busan01b.jpg HTTP/1.1" 200 45392 "-" "Mozilla/5.0 (compatible; AhrefsBot/7.0; +http://ahrefs.com/robot/)" "ysfine.com"
51.222.253.3 - - [21/Dec/2022:12:33:32 -0800] "GET /class54/pics/kimju11b.jpg HTTP/1.1" 200 35321 "-" "Mozilla/5.0 (compatible; AhrefsBot/7.0; +http://ahrefs.com/robot/)" "ysfine.com"
51.222.253.7 - - [21/Dec/2022:12:33:32 -0800] "GET /ffriends/amkor/kofrank02b.jpg HTTP/1.1" 200 28263 "-" "Mozilla/5.0 (compatible; AhrefsBot/7.0; +http://ahrefs.com/robot/)" "ysfine.com"
51.222.253.6 - - [21/Dec/2022:12:33:33 -0800] "GET /usca/pitt/giants55b.jpg HTTP/1.1" 200 44448 "-" "Mozilla/5.0 (compatible; AhrefsBot/7.0; +http://ahrefs.com/robot/)" "ysfine.com"
51.222.253.13 - - [21/Dec/2022:12:33:33 -0800] "GET /world/ital/venice31b.jpg HTTP/1.1" 200 31258 "-" "Mozilla/5.0 (compatible; AhrefsBot/7.0; +http://ahrefs.com/robot/)" "ysfine.com"
51.222.253.1 - - [21/Dec/2022:12:33:33 -0800] "GET /world/russ/mosmusic55b.jpg HTTP/1.1" 200 35950 "-" "Mozilla/5.0 (compatible; AhrefsBot/7.0; +http://ahrefs.com/robot/)" "ysfine.com"
51.222.253.13 - - [21/Dec/2022:12:33:34 -0800] "GET /world/japan/nara103b.jpg HTTP/1.1" 200 41763 "-" "Mozilla/5.0 (compatible; AhrefsBot/7.0; +http://ahrefs.com/robot/)" "ysfine.com"
51.222.253.1 - - [21/Dec/2022:12:33:34 -0800] "GET /class54/pics/gorby11b.jpg HTTP/1.1" 200 29605 "-" "Mozilla/5.0 (compatible; AhrefsBot/7.0; +http://ahrefs.com/robot/)" "ysfine.com"
51.222.253.2 - - [21/Dec/2022:12:33:35 -0800] "GET /class54/msk54b.jpg HTTP/1.1" 200 24241 "-" "Mozilla/5.0 (compatible; AhrefsBot/7.0; +http://ahrefs.com/robot/)" "ysfine.com"
51.222.253.10 - - [21/Dec/2022:12:33:35 -0800] "GET /world/russ/kazan062b.jpg HTTP/1.1" 200 21196 "-" "Mozilla/5.0 (compatible; AhrefsBot/7.0; +http://ahrefs.com/robot/)" "ysfine.com"
51.222.253.19 - - [21/Dec/2022:12:33:35 -0800] "GET /class54/pics/saigo11b.jpg HTTP/1.1" 200 23120 "-" "Mozilla/5.0 (compatible; AhrefsBot/7.0; +http://ahrefs.com/robot/)" "ysfine.com"
51.222.253.19 - - [21/Dec/2022:12:33:36 -0800] "GET /world/russ/kazanmap11b.jpg HTTP/1.1" 200 29396 "-" "Mozilla/5.0 (compatible; AhrefsBot/7.0; +http://ahrefs.com/robot/)" "ysfine.com"
51.222.253.14 - - [21/Dec/2022:12:33:36 -0800] "GET /world/germany/hegel07b.jpg HTTP/1.1" 200 40724 "-" "Mozilla/5.0 (compatible; AhrefsBot/7.0; +http://ahrefs.com/robot/)" "ysfine.com"
51.222.253.3 - - [21/Dec/2022:12:33:36 -0800] "GET /wisdom/yks11b.jpg HTTP/1.1" 200 41064 "-" "Mozilla/5.0 (compatible; AhrefsBot/7.0; +http://ahrefs.com/robot/)" "ysfine.com"
51.222.253.1 - - [21/Dec/2022:12:33:37 -0800] "GET /world/ital/venice26b.jpg HTTP/1.1" 200 34605 "-" "Mozilla/5.0 (compatible; AhrefsBot/7.0; +http://ahrefs.com/robot/)" "ysfine.com"
51.222.253.16 - - [21/Dec/2022:12:33:37 -0800] "GET /class54/msk17b.jpg HTTP/1.1" 200 36073 "-" "Mozilla/5.0 (compatible; AhrefsBot/7.0; +http://ahrefs.com/robot/)" "ysfine.com"
51.222.253.15 - - [21/Dec/2022:12:33:38 -0800] "GET /world/russ/kazan061b.jpg HTTP/1.1" 200 38877 "-" "Mozilla/5.0 (compatible; AhrefsBot/7.0; +http://ahrefs.com/robot/)" "ysfine.com"
51.222.253.9 - - [21/Dec/2022:12:33:38 -0800] "GET /world/germany/leipzig51b.jpg HTTP/1.1" 200 60267 "-" "Mozilla/5.0 (compatible; AhrefsBot/7.0; +http://ahrefs.com/robot/)" "ysfine.com"
51.222.253.3 - - [21/Dec/2022:12:33:39 -0800] "GET /class54/pics/d029b.jpg HTTP/1.1" 200 24470 "-" "Mozilla/5.0 (compatible; AhrefsBot/7.0; +http://ahrefs.com/robot/)" "ysfine.com"
51.222.253.19 - - [21/Dec/2022:12:33:40 -0800] "GET /class54/pics/wscover11b.jpg HTTP/1.1" 200 46644 "-" "Mozilla/5.0 (compatible; AhrefsBot/7.0; +http://ahrefs.com/robot/)" "ysfine.com"
51.222.253.2 - - [21/Dec/2022:12:33:41 -0800] "GET /usca/pitt/donner08b.jpg HTTP/1.1" 200 51848 "-" "Mozilla/5.0 (compatible; AhrefsBot/7.0; +http://ahrefs.com/robot/)" "ysfine.com"
51.222.253.6 - - [21/Dec/2022:12:33:42 -0800] "GET /class54/pics/chat33b.jpg HTTP/1.1" 200 28923 "-" "Mozilla/5.0 (compatible; AhrefsBot/7.0; +http://ahrefs.com/robot/)" "ysfine.com"
51.222.253.14 - - [21/Dec/2022:12:33:42 -0800] "GET /kor/jeju01b.jpg HTTP/1.1" 200 27249 "-" "Mozilla/5.0 (compatible; AhrefsBot/7.0; +http://ahrefs.com/robot/)" "ysfine.com"
51.222.253.17 - - [21/Dec/2022:12:33:43 -0800] "GET /class54/pics/gongdae54b.jpg HTTP/1.1" 200 26673 "-" "Mozilla/5.0 (compatible; AhrefsBot/7.0; +http://ahrefs.com/robot/)" "ysfine.com"
51.222.253.7 - - [21/Dec/2022:12:33:43 -0800] "GET /class54/nam/nam62b.jpg HTTP/1.1" 200 33116 "-" "Mozilla/5.0 (compatible; AhrefsBot/7.0; +http://ahrefs.com/robot/)" "ysfine.com"
51.222.253.7 - - [21/Dec/2022:12:33:43 -0800] "GET /class54/tallm21b.jpg HTTP/1.1" 200 42691 "-" "Mozilla/5.0 (compatible; AhrefsBot/7.0; +http://ahrefs.com/robot/)" "ysfine.com"
51.222.253.13 - - [21/Dec/2022:12:33:44 -0800] "GET /usca/pitt/steelm02b.jpg HTTP/1.1" 200 27600 "-" "Mozilla/5.0 (compatible; AhrefsBot/7.0; +http://ahrefs.com/robot/)" "ysfine.com"
51.222.253.20 - - [21/Dec/2022:12:33:44 -0800] "GET /class54/nam/nam50b.jpg HTTP/1.1" 200 43465 "-" "Mozilla/5.0 (compatible; AhrefsBot/7.0; +http://ahrefs.com/robot/)" "ysfine.com"
51.222.253.9 - - [21/Dec/2022:12:33:45 -0800] "GET /class54/tallm03b.jpg HTTP/1.1" 200 41459 "-" "Mozilla/5.0 (compatible; AhrefsBot/7.0; +http://ahrefs.com/robot/)" "ysfine.com"
51.222.253.20 - - [21/Dec/2022:12:33:45 -0800] "GET /class54/tallm25b.jpg HTTP/1.1" 200 37082 "-" "Mozilla/5.0 (compatible; AhrefsBot/7.0; +http://ahrefs.com/robot/)" "ysfine.com"
51.222.253.7 - - [21/Dec/2022:12:33:46 -0800] "GET /ffriends/amkor/konurse01b.jpg HTTP/1.1" 200 36260 "-" "Mozilla/5.0 (compatible; AhrefsBot/7.0; +http://ahrefs.com/robot/)" "ysfine.com"
51.222.253.15 - - [21/Dec/2022:12:33:46 -0800] "GET /ffriends/romania05b.jpg HTTP/1.1" 200 41585 "-" "Mozilla/5.0 (compatible; AhrefsBot/7.0; +http://ahrefs.com/robot/)" "ysfine.com"
51.222.253.1 - - [21/Dec/2022:12:33:47 -0800] "GET /usca/pitt/steelm01b.jpg HTTP/1.1" 200 24193 "-" "Mozilla/5.0 (compatible; AhrefsBot/7.0; +http://ahrefs.com/robot/)" "ysfine.com"
51.222.253.19 - - [21/Dec/2022:12:33:47 -0800] "GET /kobak/yoonhm2.jpg HTTP/1.1" 200 40988 "-" "Mozilla/5.0 (compatible; AhrefsBot/7.0; +http://ahrefs.com/robot/)" "ysfine.com"
51.222.253.19 - - [21/Dec/2022:12:33:48 -0800] "GET /class54/pics/gc01b.jpg HTTP/1.1" 200 34059 "-" "Mozilla/5.0 (compatible; AhrefsBot/7.0; +http://ahrefs.com/robot/)" "ysfine.com"
51.222.253.19 - - [21/Dec/2022:12:33:48 -0800] "GET /maga/histo/desiree22b.jpg HTTP/1.1" 200 44724 "-" "Mozilla/5.0 (compatible; AhrefsBot/7.0; +http://ahrefs.com/robot/)" "ysfine.com"
51.222.253.14 - - [21/Dec/2022:12:33:49 -0800] "GET /class54/tallm18b.jpg HTTP/1.1" 200 33061 "-" "Mozilla/5.0 (compatible; AhrefsBot/7.0; +http://ahrefs.com/robot/)" "ysfine.com"
51.222.253.12 - - [21/Dec/2022:12:33:49 -0800] "GET /maga/histo/desiree23b.jpg HTTP/1.1" 200 40638 "-" "Mozilla/5.0 (compatible; AhrefsBot/7.0; +http://ahrefs.com/robot/)" "ysfine.com"
207.46.13.51 - - [21/Dec/2022:12:34:02 -0800] "GET /bio/optics.html HTTP/1.1" 404 88 "-" "Mozilla/5.0 (compatible; bingbot/2.0; +http://www.bing.com/bingbot.htm)" "ysfine.com"
168.195.83.172 - - [21/Dec/2022:12:34:33 -0800] "GET /philo/keigel21.html HTTP/1.1" 200 13414 "https://www.google.com/" "Mozilla/5.0 (Linux; Android 12; SM-A225M) AppleWebKit/537.36 (KHTML, like Gecko) Chrome/108.0.0.0 Mobile Safari/537.36" "ysfine.com"
168.195.83.172 - - [21/Dec/2022:12:34:33 -0800] "GET /philo/marx55a.jpg HTTP/1.1" 200 141259 "https://ysfine.com/philo/keigel21.html" "Mozilla/5.0 (Linux; Android 12; SM-A225M) AppleWebKit/537.36 (KHTML, like Gecko) Chrome/108.0.0.0 Mobile Safari/537.36" "ysfine.com"
168.195.83.172 - - [21/Dec/2022:12:34:33 -0800] "GET /philo/reagan22a.jpg HTTP/1.1" 200 64663 "https://ysfine.com/philo/keigel21.html" "Mozilla/5.0 (Linux; Android 12; SM-A225M) AppleWebKit/537.36 (KHTML, like Gecko) Chrome/108.0.0.0 Mobile Safari/537.36" "ysfine.com"
168.195.83.172 - - [21/Dec/2022:12:34:33 -0800] "GET /philo/yskim10c.jpg HTTP/1.1" 200 88826 "https://ysfine.com/philo/keigel21.html" "Mozilla/5.0 (Linux; Android 12; SM-A225M) AppleWebKit/537.36 (KHTML, like Gecko) Chrome/108.0.0.0 Mobile Safari/537.36" "ysfine.com"
168.195.83.172 - - [21/Dec/2022:12:34:33 -0800] "GET /philo/cokebell01a.jpg HTTP/1.1" 200 35974 "https://ysfine.com/philo/keigel21.html" "Mozilla/5.0 (Linux; Android 12; SM-A225M) AppleWebKit/537.36 (KHTML, like Gecko) Chrome/108.0.0.0 Mobile Safari/537.36" "ysfine.com"
168.195.83.172 - - [21/Dec/2022:12:34:33 -0800] "GET /philo/tao06a.jpg HTTP/1.1" 200 56159 "https://ysfine.com/philo/keigel21.html" "Mozilla/5.0 (Linux; Android 12; SM-A225M) AppleWebKit/537.36 (KHTML, like Gecko) Chrome/108.0.0.0 Mobile Safari/537.36" "ysfine.com"
168.195.83.172 - - [21/Dec/2022:12:34:33 -0800] "GET /philo/kanthegel02c.jpg HTTP/1.1" 200 31506 "https://ysfine.com/philo/keigel21.html" "Mozilla/5.0 (Linux; Android 12; SM-A225M) AppleWebKit/537.36 (KHTML, like Gecko) Chrome/108.0.0.0 Mobile Safari/537.36" "ysfine.com"
168.195.83.172 - - [21/Dec/2022:12:34:33 -0800] "GET /philo/table11a.jpg HTTP/1.1" 200 44610 "https://ysfine.com/philo/keigel21.html" "Mozilla/5.0 (Linux; Android 12; SM-A225M) AppleWebKit/537.36 (KHTML, like Gecko) Chrome/108.0.0.0 Mobile Safari/537.36" "ysfine.com"
168.195.83.172 - - [21/Dec/2022:12:34:33 -0800] "GET /philo/comet30a.jpg HTTP/1.1" 200 70279 "https://ysfine.com/philo/keigel21.html" "Mozilla/5.0 (Linux; Android 12; SM-A225M) AppleWebKit/537.36 (KHTML, like Gecko) Chrome/108.0.0.0 Mobile Safari/537.36" "ysfine.com"
168.195.83.172 - - [21/Dec/2022:12:34:33 -0800] "GET /philo/kantao11c.jpg HTTP/1.1" 200 20319 "https://ysfine.com/philo/keigel21.html" "Mozilla/5.0 (Linux; Android 12; SM-A225M) AppleWebKit/537.36 (KHTML, like Gecko) Chrome/108.0.0.0 Mobile Safari/537.36" "ysfine.com"
168.195.83.172 - - [21/Dec/2022:12:34:33 -0800] "GET /philo/truck20c.jpg HTTP/1.1" 200 31747 "https://ysfine.com/philo/keigel21.html" "Mozilla/5.0 (Linux; Android 12; SM-A225M) AppleWebKit/537.36 (KHTML, like Gecko) Chrome/108.0.0.0 Mobile Safari/537.36" "ysfine.com"
168.195.83.172 - - [21/Dec/2022:12:34:33 -0800] "GET /philo/table55c.jpg HTTP/1.1" 200 26315 "https://ysfine.com/philo/keigel21.html" "Mozilla/5.0 (Linux; Android 12; SM-A225M) AppleWebKit/537.36 (KHTML, like Gecko) Chrome/108.0.0.0 Mobile Safari/537.36" "ysfine.com"
168.195.83.172 - - [21/Dec/2022:12:34:33 -0800] "GET /philo/jablonna11a.jpg HTTP/1.1" 200 66092 "https://ysfine.com/philo/keigel21.html" "Mozilla/5.0 (Linux; Android 12; SM-A225M) AppleWebKit/537.36 (KHTML, like Gecko) Chrome/108.0.0.0 Mobile Safari/537.36" "ysfine.com"
168.195.83.172 - - [21/Dec/2022:12:34:33 -0800] "GET /philo/parton33a.jpg HTTP/1.1" 200 66329 "https://ysfine.com/philo/keigel21.html" "Mozilla/5.0 (Linux; Android 12; SM-A225M) AppleWebKit/537.36 (KHTML, like Gecko) Chrome/108.0.0.0 Mobile Safari/537.36" "ysfine.com"
168.195.83.172 - - [21/Dec/2022:12:34:33 -0800] "GET /philo/einbohr66a.jpg HTTP/1.1" 200 93794 "https://ysfine.com/philo/keigel21.html" "Mozilla/5.0 (Linux; Android 12; SM-A225M) AppleWebKit/537.36 (KHTML, like Gecko) Chrome/108.0.0.0 Mobile Safari/537.36" "ysfine.com"
168.195.83.172 - - [21/Dec/2022:12:34:33 -0800] "GET /philo/table44a.jpg HTTP/1.1" 200 53469 "https://ysfine.com/philo/keigel21.html" "Mozilla/5.0 (Linux; Android 12; SM-A225M) AppleWebKit/537.36 (KHTML, like Gecko) Chrome/108.0.0.0 Mobile Safari/537.36" "ysfine.com"
168.195.83.172 - - [21/Dec/2022:12:34:33 -0800] "GET /philo/table33a.jpg HTTP/1.1" 200 73226 "https://ysfine.com/philo/keigel21.html" "Mozilla/5.0 (Linux; Android 12; SM-A225M) AppleWebKit/537.36 (KHTML, like Gecko) Chrome/108.0.0.0 Mobile Safari/537.36" "ysfine.com"
207.46.13.8 - - [21/Dec/2022:12:35:06 -0800] "GET /usca/pitt/knee33.jpg HTTP/1.1" 200 73465 "-" "Mozilla/5.0 AppleWebKit/537.36 (KHTML, like Gecko; compatible; bingbot/2.0; +http://www.bing.com/bingbot.htm) Chrome/103.0.5060.134 Safari/537.36" "ysfine.com"
207.46.13.51 - - [21/Dec/2022:12:36:11 -0800] "GET /bio/style/rieu.html HTTP/1.1" 404 88 "-" "Mozilla/5.0 (compatible; bingbot/2.0; +http://www.bing.com/bingbot.htm)" "ysfine.com"
207.46.13.51 - - [21/Dec/2022:12:36:20 -0800] "GET /beau/amkor/amstu24.jpg HTTP/1.1" 404 88 "-" "Mozilla/5.0 AppleWebKit/537.36 (KHTML, like Gecko; compatible; bingbot/2.0; +http://www.bing.com/bingbot.htm) Chrome/103.0.5060.134 Safari/537.36" "ysfine.com"
207.46.13.144 - - [21/Dec/2022:12:36:24 -0800] "GET /bio/pquartet.html HTTP/1.1" 404 88 "-" "Mozilla/5.0 (compatible; bingbot/2.0; +http://www.bing.com/bingbot.htm)" "ysfine.com"
2.9.148.79 - - [21/Dec/2022:12:36:32 -0800] "GET /dirac/wigsis11.jpg HTTP/1.1" 200 71741 "https://www.google.com/" "Mozilla/5.0 (Windows NT 10.0; Win64; x64) AppleWebKit/537.36 (KHTML, like Gecko) Chrome/108.0.0.0 Safari/537.36" "ysfine.com"
2.9.148.79 - - [21/Dec/2022:12:36:47 -0800] "GET /dirac/jablo62.jpg HTTP/1.1" 200 206686 "https://www.google.com/" "Mozilla/5.0 (Windows NT 10.0; Win64; x64) AppleWebKit/537.36 (KHTML, like Gecko) Chrome/108.0.0.0 Safari/537.36" "ysfine.com"
95.163.255.81 - - [21/Dec/2022:12:37:10 -0800] "GET /feynman/fa5.jpg HTTP/1.1" 200 9728 "http://go.mail.ru/search_images" "Mozilla/5.0 (compatible; Linux x86_64; Mail.RU_Bot/Img/2.0; +https://help.mail.ru/webmaster/indexing/robots)" "ysfine.com"
168.195.83.172 - - [21/Dec/2022:12:37:41 -0800] "GET /feynman/feyheg.html HTTP/1.1" 200 6341 "https://www.google.com/" "Mozilla/5.0 (Linux; Android 12; SM-A225M) AppleWebKit/537.36 (KHTML, like Gecko) Chrome/108.0.0.0 Mobile Safari/537.36" "ysfine.com"
168.195.83.172 - - [21/Dec/2022:12:37:42 -0800] "GET /feynman/feyheg11b.jpg HTTP/1.1" 200 27621 "https://ysfine.com/feynman/feyheg.html" "Mozilla/5.0 (Linux; Android 12; SM-A225M) AppleWebKit/537.36 (KHTML, like Gecko) Chrome/108.0.0.0 Mobile Safari/537.36" "ysfine.com"
168.195.83.172 - - [21/Dec/2022:12:37:42 -0800] "GET /maga/phil/hegplanck01b.jpg HTTP/1.1" 200 35450 "https://ysfine.com/feynman/feyheg.html" "Mozilla/5.0 (Linux; Android 12; SM-A225M) AppleWebKit/537.36 (KHTML, like Gecko) Chrome/108.0.0.0 Mobile Safari/537.36" "ysfine.com"
168.195.83.172 - - [21/Dec/2022:12:37:42 -0800] "GET /einstein/further08b.jpg HTTP/1.1" 200 58023 "https://ysfine.com/feynman/feyheg.html" "Mozilla/5.0 (Linux; Android 12; SM-A225M) AppleWebKit/537.36 (KHTML, like Gecko) Chrome/108.0.0.0 Mobile Safari/537.36" "ysfine.com"
168.195.83.172 - - [21/Dec/2022:12:37:42 -0800] "GET /einstein/further10b.jpg HTTP/1.1" 200 31900 "https://ysfine.com/feynman/feyheg.html" "Mozilla/5.0 (Linux; Android 12; SM-A225M) AppleWebKit/537.36 (KHTML, like Gecko) Chrome/108.0.0.0 Mobile Safari/537.36" "ysfine.com"
168.195.83.172 - - [21/Dec/2022:12:37:42 -0800] "GET /feynman/feygell66b.jpg HTTP/1.1" 200 28843 "https://ysfine.com/feynman/feyheg.html" "Mozilla/5.0 (Linux; Android 12; SM-A225M) AppleWebKit/537.36 (KHTML, like Gecko) Chrome/108.0.0.0 Mobile Safari/537.36" "ysfine.com"
168.195.83.172 - - [21/Dec/2022:12:37:42 -0800] "GET /feynman/jacdrum11b.jpg HTTP/1.1" 200 49846 "https://ysfine.com/feynman/feyheg.html" "Mozilla/5.0 (Linux; Android 12; SM-A225M) AppleWebKit/537.36 (KHTML, like Gecko) Chrome/108.0.0.0 Mobile Safari/537.36" "ysfine.com"
168.195.83.172 - - [21/Dec/2022:12:37:42 -0800] "GET /maga/phil/hegel10c.jpg HTTP/1.1" 200 591384 "https://ysfine.com/feynman/feyheg.html" "Mozilla/5.0 (Linux; Android 12; SM-A225M) AppleWebKit/537.36 (KHTML, like Gecko) Chrome/108.0.0.0 Mobile Safari/537.36" "ysfine.com"
168.195.83.172 - - [21/Dec/2022:12:37:42 -0800] "GET /maga/phil/kanthegel620.jpg HTTP/1.1" 200 54203 "https://ysfine.com/feynman/feyheg.html" "Mozilla/5.0 (Linux; Android 12; SM-A225M) AppleWebKit/537.36 (KHTML, like Gecko) Chrome/108.0.0.0 Mobile Safari/537.36" "ysfine.com"
168.195.83.172 - - [21/Dec/2022:12:37:42 -0800] "GET /maga/phil/hegel21c.jpg HTTP/1.1" 200 40911 "https://ysfine.com/feynman/feyheg.html" "Mozilla/5.0 (Linux; Android 12; SM-A225M) AppleWebKit/537.36 (KHTML, like Gecko) Chrome/108.0.0.0 Mobile Safari/537.36" "ysfine.com"
168.195.83.172 - - [21/Dec/2022:12:37:42 -0800] "GET /maga/phil/hegkim01b.jpg HTTP/1.1" 200 37737 "https://ysfine.com/feynman/feyheg.html" "Mozilla/5.0 (Linux; Android 12; SM-A225M) AppleWebKit/537.36 (KHTML, like Gecko) Chrome/108.0.0.0 Mobile Safari/537.36" "ysfine.com"
168.195.83.172 - - [21/Dec/2022:12:37:42 -0800] "GET /wigner/isomor66b.jpg HTTP/1.1" 200 60963 "https://ysfine.com/feynman/feyheg.html" "Mozilla/5.0 (Linux; Android 12; SM-A225M) AppleWebKit/537.36 (KHTML, like Gecko) Chrome/108.0.0.0 Mobile Safari/537.36" "ysfine.com"
168.195.83.172 - - [21/Dec/2022:12:37:42 -0800] "GET /world/baltic/kantname11b.jpg HTTP/1.1" 200 23369 "https://ysfine.com/feynman/feyheg.html" "Mozilla/5.0 (Linux; Android 12; SM-A225M) AppleWebKit/537.36 (KHTML, like Gecko) Chrome/108.0.0.0 Mobile Safari/537.36" "ysfine.com"
168.195.83.172 - - [21/Dec/2022:12:37:42 -0800] "GET /einstein/eintao11a.jpg HTTP/1.1" 200 51872 "https://ysfine.com/feynman/feyheg.html" "Mozilla/5.0 (Linux; Android 12; SM-A225M) AppleWebKit/537.36 (KHTML, like Gecko) Chrome/108.0.0.0 Mobile Safari/537.36" "ysfine.com"
168.195.83.172 - - [21/Dec/2022:12:37:42 -0800] "GET /wigner/cylinder11b.jpg HTTP/1.1" 200 38614 "https://ysfine.com/feynman/feyheg.html" "Mozilla/5.0 (Linux; Android 12; SM-A225M) AppleWebKit/537.36 (KHTML, like Gecko) Chrome/108.0.0.0 Mobile Safari/537.36" "ysfine.com"
168.195.83.172 - - [21/Dec/2022:12:37:42 -0800] "GET /wigner/wight2002a.jpg HTTP/1.1" 200 57767 "https://ysfine.com/feynman/feyheg.html" "Mozilla/5.0 (Linux; Android 12; SM-A225M) AppleWebKit/537.36 (KHTML, like Gecko) Chrome/108.0.0.0 Mobile Safari/537.36" "ysfine.com"
168.195.83.172 - - [21/Dec/2022:12:37:42 -0800] "GET /maga/phil/marxvalue11b.jpg HTTP/1.1" 200 37009 "https://ysfine.com/feynman/feyheg.html" "Mozilla/5.0 (Linux; Android 12; SM-A225M) AppleWebKit/537.36 (KHTML, like Gecko) Chrome/108.0.0.0 Mobile Safari/537.36" "ysfine.com"
168.195.83.172 - - [21/Dec/2022:12:37:42 -0800] "GET /eink/eink61c.jpg HTTP/1.1" 200 34119 "https://ysfine.com/feynman/feyheg.html" "Mozilla/5.0 (Linux; Android 12; SM-A225M) AppleWebKit/537.36 (KHTML, like Gecko) Chrome/108.0.0.0 Mobile Safari/537.36" "ysfine.com"
168.195.83.172 - - [21/Dec/2022:12:37:42 -0800] "GET /maga/phil/marxphil55a.jpg HTTP/1.1" 200 95538 "https://ysfine.com/feynman/feyheg.html" "Mozilla/5.0 (Linux; Android 12; SM-A225M) AppleWebKit/537.36 (KHTML, like Gecko) Chrome/108.0.0.0 Mobile Safari/537.36" "ysfine.com"
168.195.83.172 - - [21/Dec/2022:12:37:42 -0800] "GET /maga/phil/nietzsche11b.jpg HTTP/1.1" 200 31647 "https://ysfine.com/feynman/feyheg.html" "Mozilla/5.0 (Linux; Android 12; SM-A225M) AppleWebKit/537.36 (KHTML, like Gecko) Chrome/108.0.0.0 Mobile Safari/537.36" "ysfine.com"
157.55.39.1 - - [21/Dec/2022:12:38:15 -0800] "GET /maga/phys/naimar/pewk10b.jpg HTTP/1.1" 200 44175 "-" "Mozilla/5.0 AppleWebKit/537.36 (KHTML, like Gecko; compatible; bingbot/2.0; +http://www.bing.com/bingbot.htm) Chrome/103.0.5060.134 Safari/537.36" "ysfine.com"
207.46.13.144 - - [21/Dec/2022:12:38:23 -0800] "GET /bio/wigner/e(2).html HTTP/1.1" 404 88 "-" "Mozilla/5.0 (compatible; bingbot/2.0; +http://www.bing.com/bingbot.htm)" "ysfine.com"
157.55.39.43 - - [21/Dec/2022:12:38:35 -0800] "GET /bio/feynman/fthtop.html HTTP/1.1" 404 88 "-" "Mozilla/5.0 AppleWebKit/537.36 (KHTML, like Gecko; compatible; bingbot/2.0; +http://www.bing.com/bingbot.htm) Chrome/103.0.5060.134 Safari/537.36" "ysfine.com"
66.249.66.214 - - [21/Dec/2022:12:38:40 -0800] "GET /wdc/ww2m66b.jpg HTTP/1.1" 200 32234 "-" "Googlebot-Image/1.0" "ysfine.com"
157.55.39.43 - - [21/Dec/2022:12:39:35 -0800] "GET /bio/harmoarchi.html HTTP/1.1" 404 88 "-" "Mozilla/5.0 AppleWebKit/537.36 (KHTML, like Gecko; compatible; bingbot/2.0; +http://www.bing.com/bingbot.htm) Chrome/103.0.5060.134 Safari/537.36" "ysfine.com"
157.55.39.79 - - [21/Dec/2022:12:39:50 -0800] "GET /bio/bio10.html HTTP/1.1" 404 88 "-" "Mozilla/5.0 (compatible; bingbot/2.0; +http://www.bing.com/bingbot.htm)" "ysfine.com"
20.232.203.86 - - [21/Dec/2022:12:39:55 -0800] "GET /home/facu63.jpg HTTP/1.1" 200 296378 "-" "Mozilla/5.0 (Windows NT 10.0; Win64; x64) AppleWebKit/537.36 (KHTML, like Gecko) Chrome/86.0.4240.75 Safari/537.36" "ysfine.com"
157.55.39.1 - - [21/Dec/2022:12:40:06 -0800] "GET /world/ital/galileo12b.jpg HTTP/1.1" 200 60668 "-" "Mozilla/5.0 AppleWebKit/537.36 (KHTML, like Gecko; compatible; bingbot/2.0; +http://www.bing.com/bingbot.htm) Chrome/103.0.5060.134 Safari/537.36" "ysfine.com"
157.55.39.43 - - [21/Dec/2022:12:40:09 -0800] "GET /bio/sbk/1950.html HTTP/1.1" 404 88 "-" "Mozilla/5.0 AppleWebKit/537.36 (KHTML, like Gecko; compatible; bingbot/2.0; +http://www.bing.com/bingbot.htm) Chrome/103.0.5060.134 Safari/537.36" "ysfine.com"
163.116.133.121 - - [21/Dec/2022:12:41:24 -0800] "GET /princeton/alexan22.jpg HTTP/1.1" 200 175436 "https://www.google.com/" "Mozilla/5.0 (Windows NT 10.0; Win64; x64) AppleWebKit/537.36 (KHTML, like Gecko) Chrome/108.0.0.0 Safari/537.36" "ysfine.com"
207.46.13.144 - - [21/Dec/2022:12:41:42 -0800] "GET /einstein/eincurie11.jpg HTTP/1.1" 200 71229 "-" "Mozilla/5.0 AppleWebKit/537.36 (KHTML, like Gecko; compatible; bingbot/2.0; +http://www.bing.com/bingbot.htm) Chrome/103.0.5060.134 Safari/537.36" "www.ysfine.com"
207.46.13.144 - - [21/Dec/2022:12:42:13 -0800] "GET /bio/princeton/campus.html HTTP/1.1" 404 88 "-" "Mozilla/5.0 (compatible; bingbot/2.0; +http://www.bing.com/bingbot.htm)" "ysfine.com"
95.163.255.70 - - [21/Dec/2022:12:42:48 -0800] "GET /world/poland/coperni11.jpg HTTP/1.1" 200 135649 "http://go.mail.ru/search_images" "Mozilla/5.0 (compatible; Linux x86_64; Mail.RU_Bot/Img/2.0; +https://help.mail.ru/webmaster/indexing/robots)" "ysfine.com"
207.46.13.51 - - [21/Dec/2022:12:42:55 -0800] "GET /bio/kobak/soraech.html HTTP/1.1" 404 88 "-" "Mozilla/5.0 (compatible; bingbot/2.0; +http://www.bing.com/bingbot.htm)" "ysfine.com"
157.55.39.1 - - [21/Dec/2022:12:43:06 -0800] "GET /beau/pollon05.jpg HTTP/1.1" 404 88 "-" "Mozilla/5.0 (compatible; bingbot/2.0; +http://www.bing.com/bingbot.htm)" "ysfine.com"
207.46.13.144 - - [21/Dec/2022:12:43:51 -0800] "GET /beau/polnun01.jpg HTTP/1.1" 404 88 "-" "Mozilla/5.0 AppleWebKit/537.36 (KHTML, like Gecko; compatible; bingbot/2.0; +http://www.bing.com/bingbot.htm) Chrome/103.0.5060.134 Safari/537.36" "ysfine.com"
207.46.13.51 - - [21/Dec/2022:12:44:41 -0800] "GET /bio.html HTTP/1.1" 200 18074 "-" "Mozilla/5.0 AppleWebKit/537.36 (KHTML, like Gecko; compatible; bingbot/2.0; +http://www.bing.com/bingbot.htm) Chrome/103.0.5060.134 Safari/537.36" "ysfine.com"
207.46.13.144 - - [21/Dec/2022:12:45:05 -0800] "GET /bio/style/ystyle.html HTTP/1.1" 404 88 "-" "Mozilla/5.0 (compatible; bingbot/2.0; +http://www.bing.com/bingbot.htm)" "ysfine.com"
157.55.39.1 - - [21/Dec/2022:12:45:09 -0800] "GET /bio/kobak/namdae.html HTTP/1.1" 404 88 "-" "Mozilla/5.0 (compatible; bingbot/2.0; +http://www.bing.com/bingbot.htm)" "ysfine.com"
51.222.253.20 - - [21/Dec/2022:12:45:15 -0800] "GET /world/china/shenyang.html HTTP/1.1" 200 5154 "-" "Mozilla/5.0 (compatible; AhrefsBot/7.0; +http://ahrefs.com/robot/)" "ysfine.com"
51.222.253.20 - - [21/Dec/2022:12:45:16 -0800] "GET /world/china/shenyang28b.jpg HTTP/1.1" 200 47771 "-" "Mozilla/5.0 (compatible; AhrefsBot/7.0; +http://ahrefs.com/robot/)" "ysfine.com"
51.222.253.15 - - [21/Dec/2022:12:45:17 -0800] "GET /world/china/shenyang01b.jpg HTTP/1.1" 200 36992 "-" "Mozilla/5.0 (compatible; AhrefsBot/7.0; +http://ahrefs.com/robot/)" "ysfine.com"
51.222.253.1 - - [21/Dec/2022:12:45:17 -0800] "GET /world/china/shenyang11b.jpg HTTP/1.1" 200 52278 "-" "Mozilla/5.0 (compatible; AhrefsBot/7.0; +http://ahrefs.com/robot/)" "ysfine.com"
51.222.253.17 - - [21/Dec/2022:12:45:18 -0800] "GET /world/china/shenyang29b.jpg HTTP/1.1" 200 44897 "-" "Mozilla/5.0 (compatible; AhrefsBot/7.0; +http://ahrefs.com/robot/)" "ysfine.com"
51.222.253.18 - - [21/Dec/2022:12:45:18 -0800] "GET /world/china/shenyang61b.jpg HTTP/1.1" 200 50598 "-" "Mozilla/5.0 (compatible; AhrefsBot/7.0; +http://ahrefs.com/robot/)" "ysfine.com"
51.222.253.7 - - [21/Dec/2022:12:45:19 -0800] "GET /wisdom/mil/arisaka99b.jpg HTTP/1.1" 200 48028 "-" "Mozilla/5.0 (compatible; AhrefsBot/7.0; +http://ahrefs.com/robot/)" "ysfine.com"
51.222.253.17 - - [21/Dec/2022:12:45:19 -0800] "GET /world/china/shenyang05b.jpg HTTP/1.1" 200 38780 "-" "Mozilla/5.0 (compatible; AhrefsBot/7.0; +http://ahrefs.com/robot/)" "ysfine.com"
51.222.253.9 - - [21/Dec/2022:12:45:20 -0800] "GET /world/china/shenyang06b.jpg HTTP/1.1" 200 42889 "-" "Mozilla/5.0 (compatible; AhrefsBot/7.0; +http://ahrefs.com/robot/)" "ysfine.com"
51.222.253.6 - - [21/Dec/2022:12:45:20 -0800] "GET /world/china/shenyang56b.jpg HTTP/1.1" 200 44990 "-" "Mozilla/5.0 (compatible; AhrefsBot/7.0; +http://ahrefs.com/robot/)" "ysfine.com"
51.222.253.10 - - [21/Dec/2022:12:45:20 -0800] "GET /world/china/shenyang32b.jpg HTTP/1.1" 200 57496 "-" "Mozilla/5.0 (compatible; AhrefsBot/7.0; +http://ahrefs.com/robot/)" "ysfine.com"
51.222.253.9 - - [21/Dec/2022:12:45:21 -0800] "GET /world/china/shenyang14b.jpg HTTP/1.1" 200 38306 "-" "Mozilla/5.0 (compatible; AhrefsBot/7.0; +http://ahrefs.com/robot/)" "ysfine.com"
51.222.253.15 - - [21/Dec/2022:12:45:21 -0800] "GET /world/china/shenyang51b.jpg HTTP/1.1" 200 49240 "-" "Mozilla/5.0 (compatible; AhrefsBot/7.0; +http://ahrefs.com/robot/)" "ysfine.com"
51.222.253.11 - - [21/Dec/2022:12:45:22 -0800] "GET /world/china/shenyang65b.jpg HTTP/1.1" 200 45727 "-" "Mozilla/5.0 (compatible; AhrefsBot/7.0; +http://ahrefs.com/robot/)" "ysfine.com"
51.222.253.6 - - [21/Dec/2022:12:45:22 -0800] "GET /world/china/shenyang25b.jpg HTTP/1.1" 200 58425 "-" "Mozilla/5.0 (compatible; AhrefsBot/7.0; +http://ahrefs.com/robot/)" "ysfine.com"
51.222.253.6 - - [21/Dec/2022:12:45:23 -0800] "GET /world/china/shenyang07b.jpg HTTP/1.1" 200 38989 "-" "Mozilla/5.0 (compatible; AhrefsBot/7.0; +http://ahrefs.com/robot/)" "ysfine.com"
157.55.39.79 - - [21/Dec/2022:12:45:42 -0800] "GET /bio/feynman/partons.html HTTP/1.1" 404 88 "-" "Mozilla/5.0 AppleWebKit/537.36 (KHTML, like Gecko; compatible; bingbot/2.0; +http://www.bing.com/bingbot.htm) Chrome/103.0.5060.134 Safari/537.36" "ysfine.com"
66.220.149.13 - - [21/Dec/2022:12:46:01 -0800] "GET /friends/russian.html HTTP/1.1" 404 88 "-" "facebookexternalhit/1.1 (+http://www.facebook.com/externalhit_uatext.php)" "ysfine.com"
157.55.39.43 - - [21/Dec/2022:12:46:16 -0800] "GET /world/russ/mosf52.jpg HTTP/1.1" 200 101213 "-" "Mozilla/5.0 AppleWebKit/537.36 (KHTML, like Gecko; compatible; bingbot/2.0; +http://www.bing.com/bingbot.htm) Chrome/103.0.5060.134 Safari/537.36" "www.ysfine.com"
185.191.171.43 - - [21/Dec/2022:12:46:17 -0800] "GET /robots.txt HTTP/1.1" 404 88 "-" "Mozilla/5.0 (compatible; SemrushBot/7~bl; +http://www.semrush.com/bot.html)" "ysfine.com"
185.191.171.26 - - [21/Dec/2022:12:46:18 -0800] "GET /remote/wigner111/frame13.html HTTP/1.1" 200 987 "-" "Mozilla/5.0 (compatible; SemrushBot/7~bl; +http://www.semrush.com/bot.html)" "ysfine.com"
216.244.66.229 - - [21/Dec/2022:12:47:41 -0800] "GET /robots.txt HTTP/1.1" 404 73 "-" "Mozilla/5.0 (compatible; DotBot/1.2; +https://opensiteexplorer.org/dotbot; help@moz.com)" "www.ysfine.com"
216.244.66.229 - - [21/Dec/2022:12:47:41 -0800] "GET /robots.txt HTTP/1.1" 404 73 "-" "Mozilla/5.0 (compatible; DotBot/1.2; +https://opensiteexplorer.org/dotbot; help@moz.com)" "ysfine.com"
17.241.227.63 - - [21/Dec/2022:12:47:43 -0800] "GET /einstein/ulm.html HTTP/1.1" 200 6713 "-" "Mozilla/5.0 (Macintosh; Intel Mac OS X 10_15_5) AppleWebKit/605.1.15 (KHTML, like Gecko) Version/13.1.1 Safari/605.1.15 (Applebot/0.1; +http://www.apple.com/go/applebot)" "ysfine.com"
157.55.39.1 - - [21/Dec/2022:12:48:27 -0800] "GET /bio/einstein/bern.html HTTP/1.1" 404 88 "-" "Mozilla/5.0 AppleWebKit/537.36 (KHTML, like Gecko; compatible; bingbot/2.0; +http://www.bing.com/bingbot.htm) Chrome/103.0.5060.134 Safari/537.36" "ysfine.com"
157.55.39.1 - - [21/Dec/2022:12:49:07 -0800] "GET /ysbio/folks/service.html HTTP/1.1" 404 88 "-" "Mozilla/5.0 (compatible; bingbot/2.0; +http://www.bing.com/bingbot.htm)" "ysfine.com"
157.55.39.43 - - [21/Dec/2022:12:49:12 -0800] "GET /bio/bio07.html HTTP/1.1" 404 88 "-" "Mozilla/5.0 AppleWebKit/537.36 (KHTML, like Gecko; compatible; bingbot/2.0; +http://www.bing.com/bingbot.htm) Chrome/103.0.5060.134 Safari/537.36" "ysfine.com"
95.163.255.81 - - [21/Dec/2022:12:49:20 -0800] "GET /world/germany/hofbrau33b.jpg HTTP/1.1" 200 51219 "http://go.mail.ru/search_images" "Mozilla/5.0 (compatible; Linux x86_64; Mail.RU_Bot/Img/2.0; +https://help.mail.ru/webmaster/indexing/robots)" "ysfine.com"
51.222.253.8 - - [21/Dec/2022:12:49:31 -0800] "GET /usca/pgh.html HTTP/1.1" 200 13572 "-" "Mozilla/5.0 (compatible; AhrefsBot/7.0; +http://ahrefs.com/robot/)" "www.ysfine.com"
51.222.253.8 - - [21/Dec/2022:12:49:33 -0800] "GET /usca/pitt/hugh01b.jpg HTTP/1.1" 200 629471 "-" "Mozilla/5.0 (compatible; AhrefsBot/7.0; +http://ahrefs.com/robot/)" "www.ysfine.com"
51.222.253.15 - - [21/Dec/2022:12:49:34 -0800] "GET /usca/pitt/fortpitt02b.jpg HTTP/1.1" 200 33944 "-" "Mozilla/5.0 (compatible; AhrefsBot/7.0; +http://ahrefs.com/robot/)" "www.ysfine.com"
51.222.253.1 - - [21/Dec/2022:12:49:34 -0800] "GET /usca/pitt/fortpitt07b.jpg HTTP/1.1" 200 54745 "-" "Mozilla/5.0 (compatible; AhrefsBot/7.0; +http://ahrefs.com/robot/)" "www.ysfine.com"
51.222.253.16 - - [21/Dec/2022:12:49:35 -0800] "GET /usca/pitt/pgh58a.jpg HTTP/1.1" 200 124020 "-" "Mozilla/5.0 (compatible; AhrefsBot/7.0; +http://ahrefs.com/robot/)" "www.ysfine.com"
51.222.253.19 - - [21/Dec/2022:12:49:35 -0800] "GET /eink/eink24b.jpg HTTP/1.1" 200 42003 "-" "Mozilla/5.0 (compatible; AhrefsBot/7.0; +http://ahrefs.com/robot/)" "www.ysfine.com"
51.222.253.7 - - [21/Dec/2022:12:49:36 -0800] "GET /usca/pitt/gonew2.jpg HTTP/1.1" 200 50575 "-" "Mozilla/5.0 (compatible; AhrefsBot/7.0; +http://ahrefs.com/robot/)" "www.ysfine.com"
51.222.253.6 - - [21/Dec/2022:12:49:36 -0800] "GET /princeton/yspr60b.jpg HTTP/1.1" 200 54746 "-" "Mozilla/5.0 (compatible; AhrefsBot/7.0; +http://ahrefs.com/robot/)" "www.ysfine.com"
51.222.253.5 - - [21/Dec/2022:12:49:36 -0800] "GET /usca/pitt/syriamos11b.jpg HTTP/1.1" 200 28006 "-" "Mozilla/5.0 (compatible; AhrefsBot/7.0; +http://ahrefs.com/robot/)" "www.ysfine.com"
157.55.39.1 - - [21/Dec/2022:12:49:36 -0800] "GET /bio/style/leica.html HTTP/1.1" 404 88 "-" "Mozilla/5.0 AppleWebKit/537.36 (KHTML, like Gecko; compatible; bingbot/2.0; +http://www.bing.com/bingbot.htm) Chrome/103.0.5060.134 Safari/537.36" "ysfine.com"
51.222.253.11 - - [21/Dec/2022:12:49:37 -0800] "GET /people/yodh03b.jpg HTTP/1.1" 200 30154 "-" "Mozilla/5.0 (compatible; AhrefsBot/7.0; +http://ahrefs.com/robot/)" "www.ysfine.com"
51.222.253.19 - - [21/Dec/2022:12:49:37 -0800] "GET /usca/pitt/donner07b.jpg HTTP/1.1" 200 49625 "-" "Mozilla/5.0 (compatible; AhrefsBot/7.0; +http://ahrefs.com/robot/)" "www.ysfine.com"
51.222.253.19 - - [21/Dec/2022:12:49:38 -0800] "GET /usca/pitt/poli55b.jpg HTTP/1.1" 200 39961 "-" "Mozilla/5.0 (compatible; AhrefsBot/7.0; +http://ahrefs.com/robot/)" "www.ysfine.com"
51.222.253.14 - - [21/Dec/2022:12:49:38 -0800] "GET /usca/pitt/carnlibra03b.jpg HTTP/1.1" 200 46999 "-" "Mozilla/5.0 (compatible; AhrefsBot/7.0; +http://ahrefs.com/robot/)" "www.ysfine.com"
51.222.253.7 - - [21/Dec/2022:12:49:39 -0800] "GET /usca/pitt/kerry11b.jpg HTTP/1.1" 200 29670 "-" "Mozilla/5.0 (compatible; AhrefsBot/7.0; +http://ahrefs.com/robot/)" "www.ysfine.com"
51.222.253.14 - - [21/Dec/2022:12:49:40 -0800] "GET /home/goodbad2.jpg HTTP/1.1" 200 17488 "-" "Mozilla/5.0 (compatible; AhrefsBot/7.0; +http://ahrefs.com/robot/)" "www.ysfine.com"
51.222.253.4 - - [21/Dec/2022:12:49:40 -0800] "GET /usca/pitt/pittcath05b.jpg HTTP/1.1" 200 50596 "-" "Mozilla/5.0 (compatible; AhrefsBot/7.0; +http://ahrefs.com/robot/)" "www.ysfine.com"
51.222.253.13 - - [21/Dec/2022:12:49:41 -0800] "GET /usca/pitt/pitbridge01b.jpg HTTP/1.1" 200 40959 "-" "Mozilla/5.0 (compatible; AhrefsBot/7.0; +http://ahrefs.com/robot/)" "www.ysfine.com"
51.222.253.17 - - [21/Dec/2022:12:49:42 -0800] "GET /usca/pitt/donner03b.jpg HTTP/1.1" 200 44291 "-" "Mozilla/5.0 (compatible; AhrefsBot/7.0; +http://ahrefs.com/robot/)" "www.ysfine.com"
51.222.253.2 - - [21/Dec/2022:12:49:42 -0800] "GET /usca/pitt/carnlibra02b.jpg HTTP/1.1" 200 45947 "-" "Mozilla/5.0 (compatible; AhrefsBot/7.0; +http://ahrefs.com/robot/)" "www.ysfine.com"
51.222.253.10 - - [21/Dec/2022:12:49:43 -0800] "GET /usca/pitt/knee11b.jpg HTTP/1.1" 200 37513 "-" "Mozilla/5.0 (compatible; AhrefsBot/7.0; +http://ahrefs.com/robot/)" "www.ysfine.com"
