221.223.26.22 - - [21/Dec/2022:15:56:58 -0800] "GET /kobak/index.html HTTP/1.1" 200 186 "ysfine.com" "Mozilla/5.0 (Windows NT 10.0; Win64; x64) AppleWebKit/537.36 (KHTML, like Gecko) Chrome/46.0.2486.0 Safari/537.36 Edge/13.10586" "ysfine.com"
221.223.26.22 - - [21/Dec/2022:15:56:59 -0800] "HEAD /home/bio22.html HTTP/1.1" 404 - "ysfine.com" "Mozilla/5.0 (Windows NT 10.0; Win64; x64) AppleWebKit/537.36 (KHTML, like Gecko) Chrome/46.0.2486.0 Safari/537.36 Edge/13.10586" "ysfine.com"
221.223.26.22 - - [21/Dec/2022:15:57:01 -0800] "HEAD /usca/pgh.html HTTP/1.1" 200 - "ysfine.com" "Mozilla/5.0 (Windows NT 10.0; Win64; x64) AppleWebKit/537.36 (KHTML, like Gecko) Chrome/46.0.2486.0 Safari/537.36 Edge/13.10586" "ysfine.com"
221.223.26.22 - - [21/Dec/2022:15:57:02 -0800] "GET /usca/pgh.html HTTP/1.1" 200 41086 "ysfine.com" "Mozilla/5.0 (Windows NT 10.0; Win64; x64) AppleWebKit/537.36 (KHTML, like Gecko) Chrome/46.0.2486.0 Safari/537.36 Edge/13.10586" "ysfine.com"
221.223.26.22 - - [21/Dec/2022:15:57:04 -0800] "HEAD /princeton/index.html HTTP/1.1" 200 - "ysfine.com" "Mozilla/5.0 (Windows NT 10.0; Win64; x64) AppleWebKit/537.36 (KHTML, like Gecko) Chrome/46.0.2486.0 Safari/537.36 Edge/13.10586" "ysfine.com"
221.223.26.22 - - [21/Dec/2022:15:57:06 -0800] "GET /princeton/index.html HTTP/1.1" 200 184 "ysfine.com" "Mozilla/5.0 (Windows NT 10.0; Win64; x64) AppleWebKit/537.36 (KHTML, like Gecko) Chrome/46.0.2486.0 Safari/537.36 Edge/13.10586" "ysfine.com"
221.223.26.22 - - [21/Dec/2022:15:57:07 -0800] "HEAD /dirac/dirk62.html HTTP/1.1" 200 - "ysfine.com" "Mozilla/5.0 (Windows NT 10.0; Win64; x64) AppleWebKit/537.36 (KHTML, like Gecko) Chrome/46.0.2486.0 Safari/537.36 Edge/13.10586" "ysfine.com"
221.223.26.22 - - [21/Dec/2022:15:57:09 -0800] "GET /dirac/dirk62.html HTTP/1.1" 200 9691 "ysfine.com" "Mozilla/5.0 (Windows NT 10.0; Win64; x64) AppleWebKit/537.36 (KHTML, like Gecko) Chrome/46.0.2486.0 Safari/537.36 Edge/13.10586" "ysfine.com"
221.223.26.22 - - [21/Dec/2022:15:57:10 -0800] "HEAD /home/dwf.html HTTP/1.1" 200 - "ysfine.com" "Mozilla/5.0 (Windows NT 10.0; Win64; x64) AppleWebKit/537.36 (KHTML, like Gecko) Chrome/46.0.2486.0 Safari/537.36 Edge/13.10586" "ysfine.com"
221.223.26.22 - - [21/Dec/2022:15:57:12 -0800] "GET /home/dwf.html HTTP/1.1" 200 13157 "ysfine.com" "Mozilla/5.0 (Windows NT 10.0; Win64; x64) AppleWebKit/537.36 (KHTML, like Gecko) Chrome/46.0.2486.0 Safari/537.36 Edge/13.10586" "ysfine.com"
221.223.26.22 - - [21/Dec/2022:15:57:13 -0800] "HEAD /home/dashen.html HTTP/1.1" 200 - "ysfine.com" "Mozilla/5.0 (Windows NT 10.0; Win64; x64) AppleWebKit/537.36 (KHTML, like Gecko) Chrome/46.0.2486.0 Safari/537.36 Edge/13.10586" "ysfine.com"
221.223.26.22 - - [21/Dec/2022:15:57:15 -0800] "GET /home/dashen.html HTTP/1.1" 200 9108 "ysfine.com" "Mozilla/5.0 (Windows NT 10.0; Win64; x64) AppleWebKit/537.36 (KHTML, like Gecko) Chrome/46.0.2486.0 Safari/537.36 Edge/13.10586" "ysfine.com"
51.222.253.9 - - [21/Dec/2022:15:57:16 -0800] "GET /class54/class5470/total_data/sub_722.htm HTTP/1.1" 200 3295 "-" "Mozilla/5.0 (compatible; AhrefsBot/7.0; +http://ahrefs.com/robot/)" "www.ysfine.com"
221.223.26.22 - - [21/Dec/2022:15:57:17 -0800] "HEAD /maga/herod.html HTTP/1.1" 200 - "ysfine.com" "Mozilla/5.0 (Windows NT 10.0; Win64; x64) AppleWebKit/537.36 (KHTML, like Gecko) Chrome/46.0.2486.0 Safari/537.36 Edge/13.10586" "ysfine.com"
221.223.26.22 - - [21/Dec/2022:15:57:18 -0800] "GET /maga/herod.html HTTP/1.1" 200 11293 "ysfine.com" "Mozilla/5.0 (Windows NT 10.0; Win64; x64) AppleWebKit/537.36 (KHTML, like Gecko) Chrome/46.0.2486.0 Safari/537.36 Edge/13.10586" "ysfine.com"
221.223.26.22 - - [21/Dec/2022:15:57:20 -0800] "HEAD /home/genea.html HTTP/1.1" 200 - "ysfine.com" "Mozilla/5.0 (Windows NT 10.0; Win64; x64) AppleWebKit/537.36 (KHTML, like Gecko) Chrome/46.0.2486.0 Safari/537.36 Edge/13.10586" "ysfine.com"
221.223.26.22 - - [21/Dec/2022:15:57:21 -0800] "GET /home/genea.html HTTP/1.1" 200 8798 "ysfine.com" "Mozilla/5.0 (Windows NT 10.0; Win64; x64) AppleWebKit/537.36 (KHTML, like Gecko) Chrome/46.0.2486.0 Safari/537.36 Edge/13.10586" "ysfine.com"
221.223.26.22 - - [21/Dec/2022:15:57:23 -0800] "HEAD /home/easy.html HTTP/1.1" 200 - "ysfine.com" "Mozilla/5.0 (Windows NT 10.0; Win64; x64) AppleWebKit/537.36 (KHTML, like Gecko) Chrome/46.0.2486.0 Safari/537.36 Edge/13.10586" "ysfine.com"
221.223.26.22 - - [21/Dec/2022:15:57:24 -0800] "GET /home/easy.html HTTP/1.1" 200 22223 "ysfine.com" "Mozilla/5.0 (Windows NT 10.0; Win64; x64) AppleWebKit/537.36 (KHTML, like Gecko) Chrome/46.0.2486.0 Safari/537.36 Edge/13.10586" "ysfine.com"
221.223.26.22 - - [21/Dec/2022:15:57:26 -0800] "HEAD /wigner/wigner39.html HTTP/1.1" 200 - "ysfine.com" "Mozilla/5.0 (Windows NT 10.0; Win64; x64) AppleWebKit/537.36 (KHTML, like Gecko) Chrome/46.0.2486.0 Safari/537.36 Edge/13.10586" "ysfine.com"
221.223.26.22 - - [21/Dec/2022:15:57:28 -0800] "GET /wigner/wigner39.html HTTP/1.1" 200 470 "ysfine.com" "Mozilla/5.0 (Windows NT 10.0; Win64; x64) AppleWebKit/537.36 (KHTML, like Gecko) Chrome/46.0.2486.0 Safari/537.36 Edge/13.10586" "ysfine.com"
221.223.26.22 - - [21/Dec/2022:15:57:50 -0800] "HEAD /wdc/index.html HTTP/1.1" 200 - "ysfine.com" "Mozilla/5.0 (Windows NT 10.0; Win64; x64) AppleWebKit/537.36 (KHTML, like Gecko) Chrome/46.0.2486.0 Safari/537.36 Edge/13.10586" "ysfine.com"
221.223.26.22 - - [21/Dec/2022:15:57:52 -0800] "GET /wdc/index.html HTTP/1.1" 200 198 "ysfine.com" "Mozilla/5.0 (Windows NT 10.0; Win64; x64) AppleWebKit/537.36 (KHTML, like Gecko) Chrome/46.0.2486.0 Safari/537.36 Edge/13.10586" "ysfine.com"
221.223.26.22 - - [21/Dec/2022:15:57:53 -0800] "HEAD /houses/myhouse.html HTTP/1.1" 200 - "ysfine.com" "Mozilla/5.0 (Windows NT 10.0; Win64; x64) AppleWebKit/537.36 (KHTML, like Gecko) Chrome/46.0.2486.0 Safari/537.36 Edge/13.10586" "ysfine.com"
221.223.26.22 - - [21/Dec/2022:15:57:55 -0800] "GET /houses/myhouse.html HTTP/1.1" 200 3843 "ysfine.com" "Mozilla/5.0 (Windows NT 10.0; Win64; x64) AppleWebKit/537.36 (KHTML, like Gecko) Chrome/46.0.2486.0 Safari/537.36 Edge/13.10586" "ysfine.com"
221.223.26.22 - - [21/Dec/2022:15:57:56 -0800] "HEAD /sbk/index.html HTTP/1.1" 200 - "ysfine.com" "Mozilla/5.0 (Windows NT 10.0; Win64; x64) AppleWebKit/537.36 (KHTML, like Gecko) Chrome/46.0.2486.0 Safari/537.36 Edge/13.10586" "ysfine.com"
221.223.26.22 - - [21/Dec/2022:15:57:58 -0800] "GET /sbk/index.html HTTP/1.1" 200 293 "ysfine.com" "Mozilla/5.0 (Windows NT 10.0; Win64; x64) AppleWebKit/537.36 (KHTML, like Gecko) Chrome/46.0.2486.0 Safari/537.36 Edge/13.10586" "ysfine.com"
221.223.26.22 - - [21/Dec/2022:15:57:59 -0800] "HEAD /princeton/yspr.html HTTP/1.1" 200 - "ysfine.com" "Mozilla/5.0 (Windows NT 10.0; Win64; x64) AppleWebKit/537.36 (KHTML, like Gecko) Chrome/46.0.2486.0 Safari/537.36 Edge/13.10586" "ysfine.com"
221.223.26.22 - - [21/Dec/2022:15:58:00 -0800] "GET /princeton/yspr.html HTTP/1.1" 200 16782 "ysfine.com" "Mozilla/5.0 (Windows NT 10.0; Win64; x64) AppleWebKit/537.36 (KHTML, like Gecko) Chrome/46.0.2486.0 Safari/537.36 Edge/13.10586" "ysfine.com"
221.223.26.22 - - [21/Dec/2022:15:58:02 -0800] "HEAD /style/stbot.html HTTP/1.1" 200 - "ysfine.com" "Mozilla/5.0 (Windows NT 10.0; Win64; x64) AppleWebKit/537.36 (KHTML, like Gecko) Chrome/46.0.2486.0 Safari/537.36 Edge/13.10586" "ysfine.com"
221.223.26.22 - - [21/Dec/2022:15:58:04 -0800] "GET /style/stbot.html HTTP/1.1" 200 170 "ysfine.com" "Mozilla/5.0 (Windows NT 10.0; Win64; x64) AppleWebKit/537.36 (KHTML, like Gecko) Chrome/46.0.2486.0 Safari/537.36 Edge/13.10586" "ysfine.com"
173.54.65.158 - - [21/Dec/2022:15:58:08 -0800] "GET /style/chopingr22.jpg HTTP/1.1" 200 59814 "https://www.google.com/" "Mozilla/5.0 (Macintosh; Intel Mac OS X 10_15_7) AppleWebKit/605.1.15 (KHTML, like Gecko) Version/15.6.1 Safari/605.1.15" "ysfine.com"
213.180.203.23 - - [21/Dec/2022:15:58:44 -0800] "GET /world/germany/mucf28.jpg HTTP/1.1" 200 111505 "-" "Mozilla/5.0 (compatible; YandexImages/3.0; +http://yandex.com/bots)" "www.ysfine.com"
207.46.13.109 - - [21/Dec/2022:15:58:57 -0800] "GET /maga/histo/desiree23.jpg HTTP/1.1" 200 85900 "-" "Mozilla/5.0 AppleWebKit/537.36 (KHTML, like Gecko; compatible; bingbot/2.0; +http://www.bing.com/bingbot.htm) Chrome/103.0.5060.134 Safari/537.36" "ysfine.com"
66.249.66.157 - - [21/Dec/2022:15:59:31 -0800] "GET /world/france/metz08.jpg HTTP/1.1" 304 - "-" "Googlebot-Image/1.0" "ysfine.com"
51.222.253.20 - - [21/Dec/2022:16:00:26 -0800] "GET /class54/class5470/total_data/refer_img/2-119_f.jpg HTTP/1.1" 200 32788 "-" "Mozilla/5.0 (compatible; AhrefsBot/7.0; +http://ahrefs.com/robot/)" "ysfine.com"
51.222.253.10 - - [21/Dec/2022:16:00:28 -0800] "GET /class54/class5470/total_data/refer_img/2-117_f.jpg HTTP/1.1" 200 39146 "-" "Mozilla/5.0 (compatible; AhrefsBot/7.0; +http://ahrefs.com/robot/)" "ysfine.com"
51.222.253.8 - - [21/Dec/2022:16:00:28 -0800] "GET /class54/class5470/total_data/refer_img/2-112_f.jpg HTTP/1.1" 200 26477 "-" "Mozilla/5.0 (compatible; AhrefsBot/7.0; +http://ahrefs.com/robot/)" "ysfine.com"
51.222.253.10 - - [21/Dec/2022:16:00:29 -0800] "GET /class54/class5470/total_data/refer_img/2-109_f.jpg HTTP/1.1" 200 29094 "-" "Mozilla/5.0 (compatible; AhrefsBot/7.0; +http://ahrefs.com/robot/)" "ysfine.com"
51.222.253.8 - - [21/Dec/2022:16:00:30 -0800] "GET /class54/class5470/total_data/refer_img/2-104_f.jpg HTTP/1.1" 200 29498 "-" "Mozilla/5.0 (compatible; AhrefsBot/7.0; +http://ahrefs.com/robot/)" "ysfine.com"
51.222.253.16 - - [21/Dec/2022:16:00:30 -0800] "GET /class54/class5470/total_data/refer_img/2-122_f.jpg HTTP/1.1" 200 33725 "-" "Mozilla/5.0 (compatible; AhrefsBot/7.0; +http://ahrefs.com/robot/)" "ysfine.com"
51.222.253.5 - - [21/Dec/2022:16:00:31 -0800] "GET /class54/class5470/total_data/refer_img/2-118_f.jpg HTTP/1.1" 200 26111 "-" "Mozilla/5.0 (compatible; AhrefsBot/7.0; +http://ahrefs.com/robot/)" "ysfine.com"
51.222.253.6 - - [21/Dec/2022:16:00:31 -0800] "GET /class54/class5470/total_data/refer_img/2-120_f.jpg HTTP/1.1" 200 32623 "-" "Mozilla/5.0 (compatible; AhrefsBot/7.0; +http://ahrefs.com/robot/)" "ysfine.com"
51.222.253.8 - - [21/Dec/2022:16:00:38 -0800] "GET /class54/class5470/total_data/refer_img/2-100_f.jpg HTTP/1.1" 200 30216 "-" "Mozilla/5.0 (compatible; AhrefsBot/7.0; +http://ahrefs.com/robot/)" "ysfine.com"
207.46.13.8 - - [21/Dec/2022:16:01:01 -0800] "GET /usca/pitt/pitcn02.jpg HTTP/1.1" 200 210652 "-" "Mozilla/5.0 (compatible; bingbot/2.0; +http://www.bing.com/bingbot.htm)" "www.ysfine.com"
157.55.39.1 - - [21/Dec/2022:16:01:55 -0800] "GET /kobak/yoonhm11c.jpg HTTP/1.1" 200 34967 "-" "Mozilla/5.0 (compatible; bingbot/2.0; +http://www.bing.com/bingbot.htm)" "ysfine.com"
17.241.219.139 - - [21/Dec/2022:16:02:39 -0800] "GET /maga/aquinas.html HTTP/1.1" 200 3433 "-" "Mozilla/5.0 (Macintosh; Intel Mac OS X 10_15_5) AppleWebKit/605.1.15 (KHTML, like Gecko) Version/13.1.1 Safari/605.1.15 (Applebot/0.1; +http://www.apple.com/go/applebot)" "www.ysfine.com"
207.46.13.51 - - [21/Dec/2022:16:02:46 -0800] "GET /bio/optics.html HTTP/1.1" 404 88 "-" "Mozilla/5.0 (compatible; bingbot/2.0; +http://www.bing.com/bingbot.htm)" "ysfine.com"
20.232.206.133 - - [21/Dec/2022:16:03:02 -0800] "GET /home/eindc03.jpg HTTP/1.1" 200 247500 "-" "Mozilla/5.0 (Windows NT 10.0; Win64; x64) AppleWebKit/537.36 (KHTML, like Gecko) Chrome/86.0.4240.75 Safari/537.36" "ysfine.com"
207.46.13.143 - - [21/Dec/2022:16:03:06 -0800] "GET /eink/kbrain11a.jpg HTTP/1.1" 200 46677 "-" "Mozilla/5.0 AppleWebKit/537.36 (KHTML, like Gecko; compatible; bingbot/2.0; +http://www.bing.com/bingbot.htm) Chrome/103.0.5060.134 Safari/537.36" "ysfine.com"
51.222.253.3 - - [21/Dec/2022:16:03:17 -0800] "GET /class54/class5470/total_data/sub_235.htm HTTP/1.1" 200 3403 "-" "Mozilla/5.0 (compatible; AhrefsBot/7.0; +http://ahrefs.com/robot/)" "ysfine.com"
95.163.255.90 - - [21/Dec/2022:16:03:35 -0800] "GET /robots.txt HTTP/1.1" 404 73 "-" "Mozilla/5.0 (compatible; Linux x86_64; Mail.RU_Bot/Img/2.0; +https://help.mail.ru/webmaster/indexing/robots)" "ysfine.com"
207.46.13.144 - - [21/Dec/2022:16:05:05 -0800] "GET /bio/pquartet.html HTTP/1.1" 404 88 "-" "Mozilla/5.0 AppleWebKit/537.36 (KHTML, like Gecko; compatible; bingbot/2.0; +http://www.bing.com/bingbot.htm) Chrome/103.0.5060.134 Safari/537.36" "ysfine.com"
193.84.197.155 - - [21/Dec/2022:16:05:45 -0800] "GET /confer/conbot.html HTTP/1.1" 200 124 "http://www2.yukawa.kyoto-u.ac.jp/~kanehisa.takasaki/soliton-lab/index-e.html" "Mozilla/5.0 (Windows NT 10.0; Win64; x64) AppleWebKit/537.36 (KHTML, like Gecko) Chrome/88.0.4500.0 Iron Safari/537.36" "ysfine.com"
193.84.197.155 - - [21/Dec/2022:16:05:45 -0800] "GET /confer/conleft.html HTTP/1.1" 200 546 "https://ysfine.com/confer/conbot.html" "Mozilla/5.0 (Windows NT 10.0; Win64; x64) AppleWebKit/537.36 (KHTML, like Gecko) Chrome/88.0.4500.0 Iron Safari/537.36" "ysfine.com"
193.84.197.155 - - [21/Dec/2022:16:05:45 -0800] "GET /confer/conrigh.html HTTP/1.1" 200 1964 "https://ysfine.com/confer/conbot.html" "Mozilla/5.0 (Windows NT 10.0; Win64; x64) AppleWebKit/537.36 (KHTML, like Gecko) Chrome/88.0.4500.0 Iron Safari/537.36" "ysfine.com"
51.222.253.1 - - [21/Dec/2022:16:06:05 -0800] "GET /class54/class5470/total_data/sub_238.htm HTTP/1.1" 200 3386 "-" "Mozilla/5.0 (compatible; AhrefsBot/7.0; +http://ahrefs.com/robot/)" "ysfine.com"
123.183.224.87 - - [21/Dec/2022:16:06:07 -0800] "GET / HTTP/1.1" 200 5295 "-" "Sogou web spider/4.0(+http://www.sogou.com/docs/help/webmasters.htm#07)" "www.ysfine.com"
86.44.241.36 - - [21/Dec/2022:16:06:25 -0800] "GET /dirac/dirwig33.jpg HTTP/1.1" 200 49208 "https://www.google.ie/" "Mozilla/5.0 (Windows NT 10.0; Win64; x64; rv:108.0) Gecko/20100101 Firefox/108.0" "ysfine.com"
207.46.13.51 - - [21/Dec/2022:16:07:05 -0800] "GET /bio/style/rieu.html HTTP/1.1" 404 88 "-" "Mozilla/5.0 AppleWebKit/537.36 (KHTML, like Gecko; compatible; bingbot/2.0; +http://www.bing.com/bingbot.htm) Chrome/103.0.5060.134 Safari/537.36" "ysfine.com"
207.46.13.143 - - [21/Dec/2022:16:07:28 -0800] "GET /bio/wigner/wigpoinc.html HTTP/1.1" 404 88 "-" "Mozilla/5.0 (compatible; bingbot/2.0; +http://www.bing.com/bingbot.htm)" "ysfine.com"
207.46.13.8 - - [21/Dec/2022:16:07:33 -0800] "GET /usca/pitt/cmall57a.jpg HTTP/1.1" 200 89156 "-" "Mozilla/5.0 (compatible; bingbot/2.0; +http://www.bing.com/bingbot.htm)" "ysfine.com"
207.46.13.144 - - [21/Dec/2022:16:07:35 -0800] "GET /bio/wigner/e(2).html HTTP/1.1" 404 88 "-" "Mozilla/5.0 AppleWebKit/537.36 (KHTML, like Gecko; compatible; bingbot/2.0; +http://www.bing.com/bingbot.htm) Chrome/103.0.5060.134 Safari/537.36" "ysfine.com"
114.119.152.195 - - [21/Dec/2022:16:07:45 -0800] "GET /world/russ/arbat08b.jpg HTTP/1.1" 200 55222 "https://www.ysfine.com/world/moscow.html" "Mozilla/5.0 (Linux; Android 7.0;) AppleWebKit/537.36 (KHTML, like Gecko) Mobile Safari/537.36 (compatible; PetalBot;+https://webmaster.petalsearch.com/site/petalbot)" "www.ysfine.com"
45.32.109.170 - - [21/Dec/2022:16:07:46 -0800] "GET /demo/js/common.js HTTP/1.1" 404 88 "-" "Mozilla/5.0 (Windows NT 10.0; WOW64; rv:48.0) Gecko/20100101 Firefox/48.0" "www.ysfine.com"
207.46.13.109 - - [21/Dec/2022:16:08:01 -0800] "GET /bio/harmoarchi.html HTTP/1.1" 404 88 "-" "Mozilla/5.0 (compatible; bingbot/2.0; +http://www.bing.com/bingbot.htm)" "ysfine.com"
207.46.13.109 - - [21/Dec/2022:16:08:18 -0800] "GET /einstein/places/ulm07b.jpg HTTP/1.1" 200 47767 "-" "Mozilla/5.0 (compatible; bingbot/2.0; +http://www.bing.com/bingbot.htm)" "ysfine.com"
51.222.253.4 - - [21/Dec/2022:16:08:58 -0800] "GET /class54/class5470/total_data/sub_2110.htm HTTP/1.1" 200 3396 "-" "Mozilla/5.0 (compatible; AhrefsBot/7.0; +http://ahrefs.com/robot/)" "ysfine.com"
51.222.253.12 - - [21/Dec/2022:16:09:00 -0800] "GET /class54/class5470/total_data/img/02_smtitle110.gif HTTP/1.1" 200 786 "-" "Mozilla/5.0 (compatible; AhrefsBot/7.0; +http://ahrefs.com/robot/)" "ysfine.com"
114.119.133.190 - - [21/Dec/2022:16:09:07 -0800] "GET /world/polandk.html HTTP/1.1" 200 5994 "https://www.ysfine.com/kobak/kimilsong.html" "Mozilla/5.0 (Linux; Android 7.0;) AppleWebKit/537.36 (KHTML, like Gecko) Mobile Safari/537.36 (compatible; PetalBot;+https://webmaster.petalsearch.com/site/petalbot)" "www.ysfine.com"
66.249.66.30 - - [21/Dec/2022:16:09:09 -0800] "GET /maga/phys/yukadirac55b.jpg HTTP/1.1" 200 41758 "-" "Googlebot-Image/1.0" "ysfine.com"
207.46.13.109 - - [21/Dec/2022:16:09:14 -0800] "GET /bio/sbk/1950.html HTTP/1.1" 404 88 "-" "Mozilla/5.0 AppleWebKit/537.36 (KHTML, like Gecko; compatible; bingbot/2.0; +http://www.bing.com/bingbot.htm) Chrome/103.0.5060.134 Safari/537.36" "ysfine.com"
207.46.13.109 - - [21/Dec/2022:16:09:29 -0800] "GET /beau/amkor/amstu04.jpg HTTP/1.1" 404 88 "-" "Mozilla/5.0 (compatible; bingbot/2.0; +http://www.bing.com/bingbot.htm)" "ysfine.com"
207.46.13.51 - - [21/Dec/2022:16:09:35 -0800] "GET /bio/princeton/yspr.html HTTP/1.1" 404 88 "-" "Mozilla/5.0 (compatible; bingbot/2.0; +http://www.bing.com/bingbot.htm)" "ysfine.com"
95.163.255.61 - - [21/Dec/2022:16:09:55 -0800] "GET /maga/boltz/boltz22b.jpg HTTP/1.1" 200 30861 "http://go.mail.ru/search_images" "Mozilla/5.0 (compatible; Linux x86_64; Mail.RU_Bot/Img/2.0; +https://help.mail.ru/webmaster/indexing/robots)" "ysfine.com"
95.163.255.61 - - [21/Dec/2022:16:10:02 -0800] "GET /wigner/neum/vnc16.jpg HTTP/1.1" 200 107583 "http://go.mail.ru/search_images" "Mozilla/5.0 (compatible; Linux x86_64; Mail.RU_Bot/Img/2.0; +https://help.mail.ru/webmaster/indexing/robots)" "ysfine.com"
114.119.130.105 - - [21/Dec/2022:16:10:38 -0800] "GET /remote/wigner111/frame10.html HTTP/1.1" 200 459 "https://www.ysfine.com/remote/wigner111/frame11.html" "Mozilla/5.0 (Linux; Android 7.0;) AppleWebKit/537.36 (KHTML, like Gecko) Mobile Safari/537.36 (compatible; PetalBot;+https://webmaster.petalsearch.com/site/petalbot)" "www.ysfine.com"
207.46.13.144 - - [21/Dec/2022:16:11:21 -0800] "GET /world/russ/spbm05.jpg HTTP/1.1" 200 115998 "-" "Mozilla/5.0 (compatible; bingbot/2.0; +http://www.bing.com/bingbot.htm)" "ysfine.com"
207.46.13.51 - - [21/Dec/2022:16:11:26 -0800] "GET /bio/kobak/soraech.html HTTP/1.1" 404 88 "-" "Mozilla/5.0 AppleWebKit/537.36 (KHTML, like Gecko; compatible; bingbot/2.0; +http://www.bing.com/bingbot.htm) Chrome/103.0.5060.134 Safari/537.36" "ysfine.com"
114.119.136.120 - - [21/Dec/2022:16:11:57 -0800] "GET /maga/phil/sisfa12/keigel.pdf HTTP/1.1" 200 5483572 "https://www.ysfine.com/maga/phil/sisfa12/keirigh.html" "Mozilla/5.0 (Linux; Android 7.0;) AppleWebKit/537.36 (KHTML, like Gecko) Mobile Safari/537.36 (compatible; PetalBot;+https://webmaster.petalsearch.com/site/petalbot)" "www.ysfine.com"
87.96.151.49 - - [21/Dec/2022:16:11:57 -0800] "GET /feynman/feydirac.jpg HTTP/1.1" 200 98378 "https://www.google.com/" "Mozilla/5.0 (Windows NT 10.0; Win64; x64) AppleWebKit/537.36 (KHTML, like Gecko) Chrome/108.0.0.0 Safari/537.36" "ysfine.com"
51.222.253.2 - - [21/Dec/2022:16:12:02 -0800] "GET /class54/class5470/total_data/sub_329.htm HTTP/1.1" 200 3319 "-" "Mozilla/5.0 (compatible; AhrefsBot/7.0; +http://ahrefs.com/robot/)" "www.ysfine.com"
51.222.253.9 - - [21/Dec/2022:16:12:04 -0800] "GET /class54/class5470/total_data/photo_img/3-29.jpg HTTP/1.1" 200 84202 "-" "Mozilla/5.0 (compatible; AhrefsBot/7.0; +http://ahrefs.com/robot/)" "www.ysfine.com"
87.96.151.49 - - [21/Dec/2022:16:12:26 -0800] "GET /dirac/dfkim11.jpg HTTP/1.1" 200 102093 "https://www.google.com/" "Mozilla/5.0 (Windows NT 10.0; Win64; x64) AppleWebKit/537.36 (KHTML, like Gecko) Chrome/108.0.0.0 Safari/537.36" "ysfine.com"
61.135.159.133 - - [21/Dec/2022:16:12:32 -0800] "GET / HTTP/1.1" 200 5295 "-" "Sogou web spider/4.0(+http://www.sogou.com/docs/help/webmasters.htm#07)" "www.ysfine.com"
207.46.13.144 - - [21/Dec/2022:16:12:46 -0800] "GET /bio/princeton/campus.html HTTP/1.1" 404 88 "-" "Mozilla/5.0 AppleWebKit/537.36 (KHTML, like Gecko; compatible; bingbot/2.0; +http://www.bing.com/bingbot.htm) Chrome/103.0.5060.134 Safari/537.36" "ysfine.com"
207.46.13.8 - - [21/Dec/2022:16:13:12 -0800] "GET /kowar/tanks/tank01.jpg HTTP/1.1" 200 81859 "-" "Mozilla/5.0 (compatible; bingbot/2.0; +http://www.bing.com/bingbot.htm)" "www.ysfine.com"
114.119.145.216 - - [21/Dec/2022:16:13:16 -0800] "GET /class54/class5480/Pictures/3.%C3%AD%C2%88%C2%AC%C3%AC%C2%96%C2%B4%C3%AB%C2%B0%C2%8F%C3%AB%C2%AA%C2%A8%C3%AA%C2%B5%C2%90%C3%AB%C2%B0%C2%A9%C3%AB%C2%AC%C2%B8/?C=D%3BO%3DA HTTP/1.1" 200 1320 "https://www.ysfine.com/class54/class5480/Pictures/3.%c3%ad%c2%88%c2%ac%c3%ac%c2%96%c2%b4%c3%ab%c2%b0%c2%8f%c3%ab%c2%aa%c2%a8%c3%aa%c2%b5%c2%90%c3%ab%c2%b0%c2%a9%c3%ab%c2%ac%c2%b8/?C=M%3BO%3DA" "Mozilla/5.0 (Linux; Android 7.0;) AppleWebKit/537.36 (KHTML, like Gecko) Mobile Safari/537.36 (compatible; PetalBot;+https://webmaster.petalsearch.com/site/petalbot)" "www.ysfine.com"
157.55.39.1 - - [21/Dec/2022:16:13:28 -0800] "GET /bio/kobak/namdae.html HTTP/1.1" 404 88 "-" "Mozilla/5.0 AppleWebKit/537.36 (KHTML, like Gecko; compatible; bingbot/2.0; +http://www.bing.com/bingbot.htm) Chrome/103.0.5060.134 Safari/537.36" "ysfine.com"
207.46.13.51 - - [21/Dec/2022:16:13:32 -0800] "GET /bio.html HTTP/1.1" 200 18074 "-" "Mozilla/5.0 (compatible; bingbot/2.0; +http://www.bing.com/bingbot.htm)" "ysfine.com"
207.46.13.144 - - [21/Dec/2022:16:13:45 -0800] "GET /bio/style/ystyle.html HTTP/1.1" 404 88 "-" "Mozilla/5.0 (compatible; bingbot/2.0; +http://www.bing.com/bingbot.htm)" "ysfine.com"
77.75.79.31 - - [21/Dec/2022:16:14:15 -0800] "GET /style/sttop.html HTTP/1.1" 304 - "-" "Mozilla/5.0 (compatible; SeznamBot/4.0-RC1; +http://napoveda.seznam.cz/seznambot-intro/)" "ysfine.com"
207.46.13.143 - - [21/Dec/2022:16:14:22 -0800] "GET /bio/feynman/partons.html HTTP/1.1" 404 88 "-" "Mozilla/5.0 AppleWebKit/537.36 (KHTML, like Gecko; compatible; bingbot/2.0; +http://www.bing.com/bingbot.htm) Chrome/103.0.5060.134 Safari/537.36" "ysfine.com"
114.119.139.26 - - [21/Dec/2022:16:14:42 -0800] "GET /remote/sisfa12aa/frame05.html HTTP/1.1" 200 320 "https://ysfine.com/remote/sisfa12aa/frame06.html" "Mozilla/5.0 (Linux; Android 7.0;) AppleWebKit/537.36 (KHTML, like Gecko) Mobile Safari/537.36 (compatible; PetalBot;+https://webmaster.petalsearch.com/site/petalbot)" "ysfine.com"
66.249.66.4 - - [21/Dec/2022:16:14:50 -0800] "GET /feynman/ppic/quapar55.jpg HTTP/1.1" 304 - "-" "Googlebot-Image/1.0" "ysfine.com"
51.222.253.2 - - [21/Dec/2022:16:15:30 -0800] "GET /class54/class5470/total_data/sub_339.htm HTTP/1.1" 200 3180 "-" "Mozilla/5.0 (compatible; AhrefsBot/7.0; +http://ahrefs.com/robot/)" "www.ysfine.com"
51.222.253.10 - - [21/Dec/2022:16:15:33 -0800] "GET /class54/class5470/total_data/img/03_smtitle35.gif HTTP/1.1" 200 711 "-" "Mozilla/5.0 (compatible; AhrefsBot/7.0; +http://ahrefs.com/robot/)" "www.ysfine.com"
207.46.13.51 - - [21/Dec/2022:16:15:56 -0800] "GET /bio/awards/index.html HTTP/1.1" 404 88 "-" "Mozilla/5.0 AppleWebKit/537.36 (KHTML, like Gecko; compatible; bingbot/2.0; +http://www.bing.com/bingbot.htm) Chrome/103.0.5060.134 Safari/537.36" "ysfine.com"
77.75.79.31 - - [21/Dec/2022:16:16:29 -0800] "GET /world/polandw.html HTTP/1.1" 200 17893 "-" "Mozilla/5.0 (compatible; SeznamBot/4.0-RC1; +http://napoveda.seznam.cz/seznambot-intro/)" "ysfine.com"
177.41.18.23 - - [21/Dec/2022:16:16:56 -0800] "GET /kowar/tanks/sherman50.jpg HTTP/1.1" 200 69232 "https://www.google.com/" "Mozilla/5.0 (Windows NT 6.1) AppleWebKit/537.36 (KHTML, like Gecko) Chrome/108.0.0.0 Safari/537.36" "ysfine.com"
157.55.39.1 - - [21/Dec/2022:16:16:57 -0800] "GET /bio/einstein/bern.html HTTP/1.1" 404 88 "-" "Mozilla/5.0 AppleWebKit/537.36 (KHTML, like Gecko; compatible; bingbot/2.0; +http://www.bing.com/bingbot.htm) Chrome/103.0.5060.134 Safari/537.36" "ysfine.com"
157.55.39.1 - - [21/Dec/2022:16:16:57 -0800] "GET /bio/style/leica.html HTTP/1.1" 404 88 "-" "Mozilla/5.0 (compatible; bingbot/2.0; +http://www.bing.com/bingbot.htm)" "ysfine.com"
207.46.13.143 - - [21/Dec/2022:16:17:32 -0800] "GET /ysbio/folks/british.html HTTP/1.1" 404 88 "-" "Mozilla/5.0 AppleWebKit/537.36 (KHTML, like Gecko; compatible; bingbot/2.0; +http://www.bing.com/bingbot.htm) Chrome/103.0.5060.134 Safari/537.36" "ysfine.com"
65.108.231.155 - - [21/Dec/2022:16:17:37 -0800] "GET /robots.txt HTTP/1.1" 404 73 "-" "Mozilla/5.0 (compatible; MJ12bot/v1.4.8; http://mj12bot.com/)" "ysfine.com"
66.249.66.44 - - [21/Dec/2022:16:17:38 -0800] "GET /kowar/zhukov01.jpg HTTP/1.1" 304 - "-" "Googlebot-Image/1.0" "ysfine.com"
207.46.13.109 - - [21/Dec/2022:16:17:41 -0800] "GET /bio/bio07.html HTTP/1.1" 404 88 "-" "Mozilla/5.0 (compatible; bingbot/2.0; +http://www.bing.com/bingbot.htm)" "ysfine.com"
65.108.231.155 - - [21/Dec/2022:16:17:43 -0800] "GET /bio/world/brit/cam27.pdf HTTP/1.1" 404 88 "-" "Mozilla/5.0 (compatible; MJ12bot/v1.4.8; http://mj12bot.com/)" "ysfine.com"
65.108.231.155 - - [21/Dec/2022:16:17:47 -0800] "GET /class54/acs/acs68.jpg HTTP/1.1" 200 155491 "-" "Mozilla/5.0 (compatible; MJ12bot/v1.4.8; http://mj12bot.com/)" "ysfine.com"
65.108.231.155 - - [21/Dec/2022:16:17:55 -0800] "GET /einstein/ulm.html HTTP/1.1" 200 6713 "-" "Mozilla/5.0 (compatible; MJ12bot/v1.4.8; http://mj12bot.com/)" "ysfine.com"
65.108.231.155 - - [21/Dec/2022:16:18:01 -0800] "GET /robots.txt HTTP/1.1" 404 73 "-" "Mozilla/5.0 (compatible; MJ12bot/v1.4.8; http://mj12bot.com/)" "www.ysfine.com"
65.108.231.155 - - [21/Dec/2022:16:18:05 -0800] "GET /class54/acs/acs17.jpg HTTP/1.1" 200 213767 "-" "Mozilla/5.0 (compatible; MJ12bot/v1.4.8; http://mj12bot.com/)" "www.ysfine.com"
65.108.231.155 - - [21/Dec/2022:16:18:13 -0800] "GET /class54/acs/acs68.jpg HTTP/1.1" 200 155491 "-" "Mozilla/5.0 (compatible; MJ12bot/v1.4.8; http://mj12bot.com/)" "www.ysfine.com"
65.108.231.155 - - [21/Dec/2022:16:18:19 -0800] "GET /class54/acs/acs75.jpg HTTP/1.1" 200 350922 "-" "Mozilla/5.0 (compatible; MJ12bot/v1.4.8; http://mj12bot.com/)" "www.ysfine.com"
65.108.231.155 - - [21/Dec/2022:16:18:27 -0800] "GET /class54/acs/acs96.jpg HTTP/1.1" 200 174599 "-" "Mozilla/5.0 (compatible; MJ12bot/v1.4.8; http://mj12bot.com/)" "www.ysfine.com"
65.108.231.155 - - [21/Dec/2022:16:18:33 -0800] "GET /class54/stcars/se09.jpg HTTP/1.1" 200 93276 "-" "Mozilla/5.0 (compatible; MJ12bot/v1.4.8; http://mj12bot.com/)" "www.ysfine.com"
65.108.231.155 - - [21/Dec/2022:16:18:40 -0800] "GET /confer/http%C3%84://medres.online/materialsscience/2020 HTTP/1.1" 404 88 "-" "Mozilla/5.0 (compatible; MJ12bot/v1.4.8; http://mj12bot.com/)" "www.ysfine.com"
65.108.231.155 - - [21/Dec/2022:16:18:44 -0800] "GET /home/tables/tab11.jpg HTTP/1.1" 200 103557 "-" "Mozilla/5.0 (compatible; MJ12bot/v1.4.8; http://mj12bot.com/)" "www.ysfine.com"
65.108.231.155 - - [21/Dec/2022:16:18:49 -0800] "GET /home/tables/tab33.jpg HTTP/1.1" 200 139951 "-" "Mozilla/5.0 (compatible; MJ12bot/v1.4.8; http://mj12bot.com/)" "www.ysfine.com"
65.108.231.155 - - [21/Dec/2022:16:18:53 -0800] "GET /kowar/kowar001.jpg HTTP/1.1" 200 240938 "-" "Mozilla/5.0 (compatible; MJ12bot/v1.4.8; http://mj12bot.com/)" "www.ysfine.com"
207.46.13.144 - - [21/Dec/2022:16:18:55 -0800] "GET /bio/world/trier.html HTTP/1.1" 404 88 "-" "Mozilla/5.0 (compatible; bingbot/2.0; +http://www.bing.com/bingbot.htm)" "ysfine.com"
51.222.253.1 - - [21/Dec/2022:16:18:56 -0800] "GET /class54/class5470/total_data/sub_2118.htm HTTP/1.1" 200 3389 "-" "Mozilla/5.0 (compatible; AhrefsBot/7.0; +http://ahrefs.com/robot/)" "ysfine.com"
207.46.13.143 - - [21/Dec/2022:16:19:00 -0800] "GET /bio/eink/home/dashen.html HTTP/1.1" 404 88 "-" "Mozilla/5.0 AppleWebKit/537.36 (KHTML, like Gecko; compatible; bingbot/2.0; +http://www.bing.com/bingbot.htm) Chrome/103.0.5060.134 Safari/537.36" "ysfine.com"
207.46.13.8 - - [21/Dec/2022:16:19:52 -0800] "GET /ysbio/folks/korean.html HTTP/1.1" 404 88 "-" "Mozilla/5.0 AppleWebKit/537.36 (KHTML, like Gecko; compatible; bingbot/2.0; +http://www.bing.com/bingbot.htm) Chrome/103.0.5060.134 Safari/537.36" "ysfine.com"
65.108.211.124 - - [21/Dec/2022:16:19:59 -0800] "GET /world/china/xian09b.jpg HTTP/1.1" 200 40511 "-" "Mozilla/5.0 (X11; Fedora; Linux x86_64) AppleWebKit/537.36 (KHTML, like Gecko) Chrome/79.0.3945.117 Safari/537.36" "www.ysfine.com"
114.119.158.18 - - [21/Dec/2022:16:20:56 -0800] "GET /class54/class5470/total_data/sub_113.htm HTTP/1.1" 200 3297 "https://ysfine.com/class54/class5470/total_data/sub_116.htm" "Mozilla/5.0 (Linux; Android 7.0;) AppleWebKit/537.36 (KHTML, like Gecko) Mobile Safari/537.36 (compatible; PetalBot;+https://webmaster.petalsearch.com/site/petalbot)" "ysfine.com"
51.222.253.1 - - [21/Dec/2022:16:22:05 -0800] "GET /class54/class5470/total_data/sub_217.htm HTTP/1.1" 200 3403 "-" "Mozilla/5.0 (compatible; AhrefsBot/7.0; +http://ahrefs.com/robot/)" "ysfine.com"
66.249.66.44 - - [21/Dec/2022:16:22:20 -0800] "GET /home/ewk86f.jpg HTTP/1.1" 200 123121 "-" "Googlebot-Image/1.0" "ysfine.com"
157.55.39.1 - - [21/Dec/2022:16:23:19 -0800] "GET /bio/awards/iao.html HTTP/1.1" 404 88 "-" "Mozilla/5.0 AppleWebKit/537.36 (KHTML, like Gecko; compatible; bingbot/2.0; +http://www.bing.com/bingbot.htm) Chrome/103.0.5060.134 Safari/537.36" "ysfine.com"
207.46.13.51 - - [21/Dec/2022:16:24:07 -0800] "GET /bio/world/kalinin22.html HTTP/1.1" 404 88 "-" "Mozilla/5.0 (compatible; bingbot/2.0; +http://www.bing.com/bingbot.htm)" "ysfine.com"
157.55.39.1 - - [21/Dec/2022:16:24:58 -0800] "GET /wdc/wasdc.html HTTP/1.1" 304 - "-" "Mozilla/5.0 AppleWebKit/537.36 (KHTML, like Gecko; compatible; bingbot/2.0; +http://www.bing.com/bingbot.htm) Chrome/103.0.5060.134 Safari/537.36" "www.ysfine.com"
51.222.253.13 - - [21/Dec/2022:16:25:24 -0800] "GET /class54/class5470/total_data/sub_229.htm HTTP/1.1" 200 3411 "-" "Mozilla/5.0 (compatible; AhrefsBot/7.0; +http://ahrefs.com/robot/)" "ysfine.com"
66.249.66.93 - - [21/Dec/2022:16:26:12 -0800] "GET /world/china/suz22.jpg HTTP/1.1" 200 62474 "-" "Googlebot-Image/1.0" "ysfine.com"
207.46.13.8 - - [21/Dec/2022:16:26:24 -0800] "GET /ysbio/wdc/kopol.html HTTP/1.1" 404 88 "-" "Mozilla/5.0 AppleWebKit/537.36 (KHTML, like Gecko; compatible; bingbot/2.0; +http://www.bing.com/bingbot.htm) Chrome/103.0.5060.134 Safari/537.36" "ysfine.com"
157.55.39.1 - - [21/Dec/2022:16:26:30 -0800] "GET /bio/dirac/diracpol.html HTTP/1.1" 404 88 "-" "Mozilla/5.0 (compatible; bingbot/2.0; +http://www.bing.com/bingbot.htm)" "ysfine.com"
66.249.66.40 - - [21/Dec/2022:16:26:43 -0800] "GET /wigner/wighome.jpg HTTP/1.1" 304 - "-" "Googlebot-Image/1.0" "ysfine.com"
74.82.240.118 - - [21/Dec/2022:16:27:23 -0800] "GET /kobak/rheetr11b.jpg HTTP/1.1" 200 43503 "https://www.google.com/" "Mozilla/5.0 (Windows NT 10.0; Win64; x64) AppleWebKit/537.36 (KHTML, like Gecko) Chrome/108.0.0.0 Safari/537.36" "ysfine.com"
51.222.253.11 - - [21/Dec/2022:16:28:25 -0800] "GET /class54/class5470/total_data/sub_334.htm HTTP/1.1" 200 3334 "-" "Mozilla/5.0 (compatible; AhrefsBot/7.0; +http://ahrefs.com/robot/)" "www.ysfine.com"
207.46.13.109 - - [21/Dec/2022:16:28:40 -0800] "GET /bio/kobak/yskor.html HTTP/1.1" 404 88 "-" "Mozilla/5.0 (compatible; bingbot/2.0; +http://www.bing.com/bingbot.htm)" "ysfine.com"
207.46.13.144 - - [21/Dec/2022:16:29:05 -0800] "GET /bio/heisen/heisen54.html HTTP/1.1" 404 88 "-" "Mozilla/5.0 AppleWebKit/537.36 (KHTML, like Gecko; compatible; bingbot/2.0; +http://www.bing.com/bingbot.htm) Chrome/103.0.5060.134 Safari/537.36" "ysfine.com"
157.55.39.1 - - [21/Dec/2022:16:29:39 -0800] "GET /bio/world/leipzig.html HTTP/1.1" 404 88 "-" "Mozilla/5.0 AppleWebKit/537.36 (KHTML, like Gecko; compatible; bingbot/2.0; +http://www.bing.com/bingbot.htm) Chrome/103.0.5060.134 Safari/537.36" "ysfine.com"
207.46.13.51 - - [21/Dec/2022:16:29:46 -0800] "GET /bio/eink/buythisbook.html HTTP/1.1" 404 88 "-" "Mozilla/5.0 (compatible; bingbot/2.0; +http://www.bing.com/bingbot.htm)" "ysfine.com"
95.108.213.45 - - [21/Dec/2022:16:29:53 -0800] "GET /robots.txt HTTP/1.1" 404 73 "-" "Mozilla/5.0 (compatible; YandexBot/3.0; +http://yandex.com/bots)" "www.ysfine.com"
17.241.75.29 - - [21/Dec/2022:16:29:54 -0800] "GET /maga/hermite.html HTTP/1.1" 200 4102 "-" "Mozilla/5.0 (Macintosh; Intel Mac OS X 10_15_5) AppleWebKit/605.1.15 (KHTML, like Gecko) Version/13.1.1 Safari/605.1.15 (Applebot/0.1; +http://www.apple.com/go/applebot)" "www.ysfine.com"
95.108.213.60 - - [21/Dec/2022:16:29:57 -0800] "GET /einstein/ulm.html HTTP/1.1" 200 6713 "-" "Mozilla/5.0 (compatible; YandexBot/3.0; +http://yandex.com/bots)" "www.ysfine.com"
51.222.253.9 - - [21/Dec/2022:16:30:55 -0800] "GET /class54/class5470/total_data/sub_337.htm HTTP/1.1" 200 3327 "-" "Mozilla/5.0 (compatible; AhrefsBot/7.0; +http://ahrefs.com/robot/)" "www.ysfine.com"
207.46.13.8 - - [21/Dec/2022:16:32:34 -0800] "GET /bio/style/proschanie.html HTTP/1.1" 404 88 "-" "Mozilla/5.0 (compatible; bingbot/2.0; +http://www.bing.com/bingbot.htm)" "ysfine.com"
51.222.253.8 - - [21/Dec/2022:16:33:45 -0800] "GET /class54/class5470/total_data/sub_338.htm HTTP/1.1" 200 3327 "-" "Mozilla/5.0 (compatible; AhrefsBot/7.0; +http://ahrefs.com/robot/)" "www.ysfine.com"
51.222.253.6 - - [21/Dec/2022:16:33:47 -0800] "GET /class54/class5470/total_data/photo_img/3-38.jpg HTTP/1.1" 200 89630 "-" "Mozilla/5.0 (compatible; AhrefsBot/7.0; +http://ahrefs.com/robot/)" "www.ysfine.com"
207.46.13.109 - - [21/Dec/2022:16:33:49 -0800] "GET /bio/style/artlove.html HTTP/1.1" 404 88 "-" "Mozilla/5.0 (compatible; bingbot/2.0; +http://www.bing.com/bingbot.htm)" "ysfine.com"
66.249.66.43 - - [21/Dec/2022:16:33:54 -0800] "GET /philo/further03a.jpg HTTP/1.1" 304 - "-" "Googlebot-Image/1.0" "ysfine.com"
220.181.108.157 - - [21/Dec/2022:16:34:55 -0800] "GET /wdc/wasdc.html HTTP/1.1" 304 - "-" "Mozilla/5.0 (compatible; Baiduspider/2.0; +http://www.baidu.com/search/spider.html)" "ysfine.com"
191.101.174.9 - - [21/Dec/2022:16:35:42 -0800] "GET /feynman/feydirac.jpg HTTP/1.1" 200 98378 "https://www.reddit.com/" "Mozilla/5.0 (iPhone; CPU iPhone OS 16_1_1 like Mac OS X) AppleWebKit/605.1.15 (KHTML, like Gecko) Version/16.1 Mobile/15E148 Safari/604.1" "ysfine.com"
191.101.174.9 - - [21/Dec/2022:16:35:42 -0800] "GET /favicon.ico HTTP/1.1" 404 88 "https://ysfine.com/feynman/feydirac.jpg" "Mozilla/5.0 (iPhone; CPU iPhone OS 16_1_1 like Mac OS X) AppleWebKit/605.1.15 (KHTML, like Gecko) Version/16.1 Mobile/15E148 Safari/604.1" "ysfine.com"
207.46.13.143 - - [21/Dec/2022:16:35:57 -0800] "GET /world/brit/oxlon17.jpg HTTP/1.1" 200 92002 "-" "Mozilla/5.0 AppleWebKit/537.36 (KHTML, like Gecko; compatible; bingbot/2.0; +http://www.bing.com/bingbot.htm) Chrome/103.0.5060.134 Safari/537.36" "www.ysfine.com"
64.251.33.191 - - [21/Dec/2022:16:36:20 -0800] "GET /world/germany/leipzig27.jpg HTTP/1.1" 200 201611 "https://www.google.com/" "Mozilla/5.0 (Windows NT 10.0; Win64; x64) AppleWebKit/537.36 (KHTML, like Gecko) Chrome/108.0.0.0 Safari/537.36" "ysfine.com"
51.222.253.3 - - [21/Dec/2022:16:37:04 -0800] "GET /class54/class5470/total_data/sub_332.htm HTTP/1.1" 200 3319 "-" "Mozilla/5.0 (compatible; AhrefsBot/7.0; +http://ahrefs.com/robot/)" "www.ysfine.com"
207.46.13.144 - - [21/Dec/2022:16:37:24 -0800] "GET /style/music/johannstra55.jpg HTTP/1.1" 200 108849 "-" "Mozilla/5.0 (compatible; bingbot/2.0; +http://www.bing.com/bingbot.htm)" "www.ysfine.com"
64.233.173.135 - - [21/Dec/2022:16:37:43 -0800] "GET /kobak/somap38.jpg HTTP/1.1" 200 109622 "-" "Mozilla/5.0 (Windows NT 5.1; rv:11.0) Gecko Firefox/11.0 (via ggpht.com GoogleImageProxy)" "ysfine.com"
207.46.13.144 - - [21/Dec/2022:16:39:16 -0800] "GET /bio/houses/myhouse.html HTTP/1.1" 404 88 "-" "Mozilla/5.0 (compatible; bingbot/2.0; +http://www.bing.com/bingbot.htm)" "ysfine.com"
207.46.13.51 - - [21/Dec/2022:16:39:37 -0800] "GET /ysbio/world/entro.pdf HTTP/1.1" 404 88 "-" "Mozilla/5.0 AppleWebKit/537.36 (KHTML, like Gecko; compatible; bingbot/2.0; +http://www.bing.com/bingbot.htm) Chrome/103.0.5060.134 Safari/537.36" "www.ysfine.com"
49.7.21.115 - - [21/Dec/2022:16:39:41 -0800] "GET / HTTP/1.1" 200 5295 "-" "Sogou web spider/4.0(+http://www.sogou.com/docs/help/webmasters.htm#07)" "www.ysfine.com"
51.222.253.5 - - [21/Dec/2022:16:39:54 -0800] "GET /class54/class5470/total_data/sub_340.htm HTTP/1.1" 200 3180 "-" "Mozilla/5.0 (compatible; AhrefsBot/7.0; +http://ahrefs.com/robot/)" "www.ysfine.com"
207.46.13.144 - - [21/Dec/2022:16:40:14 -0800] "GET /world/russ/minsk064.jpg HTTP/1.1" 200 140714 "-" "Mozilla/5.0 AppleWebKit/537.36 (KHTML, like Gecko; compatible; bingbot/2.0; +http://www.bing.com/bingbot.htm) Chrome/103.0.5060.134 Safari/537.36" "ysfine.com"
207.46.13.51 - - [21/Dec/2022:16:41:06 -0800] "GET /saram/g008.jpg HTTP/1.1" 200 113505 "-" "Mozilla/5.0 (compatible; bingbot/2.0; +http://www.bing.com/bingbot.htm)" "www.ysfine.com"
35.227.62.178 - - [21/Dec/2022:16:41:07 -0800] "GET /einstein/bose2.gif HTTP/1.1" 200 43133 "-" "Mozilla/5.0 (compatible; Discordbot/2.0; +https://discordapp.com)" "ysfine.com"
34.23.49.232 - - [21/Dec/2022:16:41:07 -0800] "GET /einstein/bose2.gif HTTP/1.1" 200 43133 "-" "Mozilla/5.0 (Macintosh; Intel Mac OS X 11.6; rv:92.0) Gecko/20100101 Firefox/92.0" "ysfine.com"
34.138.243.101 - - [21/Dec/2022:16:41:08 -0800] "GET /einstein/bose2.gif HTTP/1.1" 200 43133 "-" "Mozilla/5.0 (Macintosh; Intel Mac OS X 11.6; rv:92.0) Gecko/20100101 Firefox/92.0" "ysfine.com"
34.23.29.109 - - [21/Dec/2022:16:41:08 -0800] "GET /einstein/bose2.gif HTTP/1.1" 200 43133 "-" "Mozilla/5.0 (Macintosh; Intel Mac OS X 11.6; rv:92.0) Gecko/20100101 Firefox/92.0" "ysfine.com"
34.138.152.4 - - [21/Dec/2022:16:41:08 -0800] "GET /einstein/bose2.gif HTTP/1.1" 200 43133 "-" "Mozilla/5.0 (Macintosh; Intel Mac OS X 11.6; rv:92.0) Gecko/20100101 Firefox/92.0" "ysfine.com"
34.139.185.100 - - [21/Dec/2022:16:41:08 -0800] "GET /einstein/bose2.gif HTTP/1.1" 200 43133 "-" "Mozilla/5.0 (Macintosh; Intel Mac OS X 11.6; rv:92.0) Gecko/20100101 Firefox/92.0" "ysfine.com"
71.178.208.102 - - [21/Dec/2022:16:41:46 -0800] "GET /bio.html HTTP/1.1" 304 - "https://ysfine.com/ys11/" "Mozilla/5.0 (Windows NT 10.0; Win64; x64) AppleWebKit/537.36 (KHTML, like Gecko) Chrome/108.0.0.0 Safari/537.36" "ysfine.com"
71.178.208.102 - - [21/Dec/2022:16:42:01 -0800] "GET /bio54.html HTTP/1.1" 304 - "https://ysfine.com/ys11/" "Mozilla/5.0 (Windows NT 10.0; Win64; x64) AppleWebKit/537.36 (KHTML, like Gecko) Chrome/108.0.0.0 Safari/537.36" "ysfine.com"
71.178.208.102 - - [21/Dec/2022:16:42:01 -0800] "GET /eward33f.jpg HTTP/1.1" 404 88 "https://ysfine.com/bio54.html" "Mozilla/5.0 (Windows NT 10.0; Win64; x64) AppleWebKit/537.36 (KHTML, like Gecko) Chrome/108.0.0.0 Safari/537.36" "ysfine.com"
71.178.208.102 - - [21/Dec/2022:16:42:09 -0800] "GET /bio17.html HTTP/1.1" 304 - "https://ysfine.com/ys11/" "Mozilla/5.0 (Windows NT 10.0; Win64; x64) AppleWebKit/537.36 (KHTML, like Gecko) Chrome/108.0.0.0 Safari/537.36" "ysfine.com"
20.232.206.133 - - [21/Dec/2022:16:42:15 -0800] "GET /home/genea.html HTTP/1.1" 200 2872 "-" "Mozilla/5.0 (Windows NT 10.0; Win64; x64) AppleWebKit/537.36 (KHTML, like Gecko) Chrome/86.0.4240.75 Safari/537.36" "ysfine.com"
207.46.13.143 - - [21/Dec/2022:16:42:29 -0800] "GET /bio/genea.html HTTP/1.1" 404 88 "-" "Mozilla/5.0 AppleWebKit/537.36 (KHTML, like Gecko; compatible; bingbot/2.0; +http://www.bing.com/bingbot.htm) Chrome/103.0.5060.134 Safari/537.36" "ysfine.com"
51.222.253.1 - - [21/Dec/2022:16:42:30 -0800] "GET /class54/class5470/total_data/sub_341.htm HTTP/1.1" 200 3327 "-" "Mozilla/5.0 (compatible; AhrefsBot/7.0; +http://ahrefs.com/robot/)" "www.ysfine.com"
51.222.253.18 - - [21/Dec/2022:16:42:32 -0800] "GET /class54/class5470/total_data/photo_img/3-41.jpg HTTP/1.1" 200 91591 "-" "Mozilla/5.0 (compatible; AhrefsBot/7.0; +http://ahrefs.com/robot/)" "www.ysfine.com"
40.88.21.235 - - [21/Dec/2022:16:42:39 -0800] "GET / HTTP/1.1" 200 5295 "https://ysfine.com/" "Mozilla/5.0 (compatible; DuckDuckGo-Favicons-Bot/1.0; +http://duckduckgo.com)" "ysfine.com"
40.88.21.235 - - [21/Dec/2022:16:42:39 -0800] "GET /favicon.ico HTTP/1.1" 404 88 "https://ysfine.com/favicon.ico" "Mozilla/5.0 (compatible; DuckDuckGo-Favicons-Bot/1.0; +http://duckduckgo.com)" "ysfine.com"
40.88.21.235 - - [21/Dec/2022:16:42:39 -0800] "GET /favicon.ico HTTP/1.1" 404 88 "https://ysfine.com/favicon.ico" "Mozilla/5.0 (compatible; DuckDuckGo-Favicons-Bot/1.0; +http://duckduckgo.com)" "ysfine.com"
207.46.13.51 - - [21/Dec/2022:16:44:28 -0800] "GET /bio/optics.html HTTP/1.1" 404 88 "-" "Mozilla/5.0 (compatible; bingbot/2.0; +http://www.bing.com/bingbot.htm)" "ysfine.com"
66.249.66.44 - - [21/Dec/2022:16:44:56 -0800] "GET /wigner/michel.jpg HTTP/1.1" 304 - "-" "Googlebot-Image/1.0" "ysfine.com"
40.89.243.175 - - [21/Dec/2022:16:45:22 -0800] "GET /maga/phys/schrod11.jpg HTTP/1.1" 200 107958 "-" "DuckDuckBot/1.1; (+http://duckduckgo.com/duckduckbot.html)" "www.ysfine.com"
207.46.13.144 - - [21/Dec/2022:16:45:48 -0800] "GET /bio/feynman/fphoto.html HTTP/1.1" 404 88 "-" "Mozilla/5.0 AppleWebKit/537.36 (KHTML, like Gecko; compatible; bingbot/2.0; +http://www.bing.com/bingbot.htm) Chrome/103.0.5060.134 Safari/537.36" "ysfine.com"
66.249.66.3 - - [21/Dec/2022:16:45:58 -0800] "GET /kowar/roosevelt01.jpg HTTP/1.1" 304 - "-" "Googlebot-Image/1.0" "ysfine.com"
207.46.13.144 - - [21/Dec/2022:16:46:17 -0800] "GET /bio/pquartet.html HTTP/1.1" 404 88 "-" "Mozilla/5.0 (compatible; bingbot/2.0; +http://www.bing.com/bingbot.htm)" "ysfine.com"
5.45.207.132 - - [21/Dec/2022:16:46:49 -0800] "GET /world/florence.html HTTP/1.1" 200 9706 "-" "Mozilla/5.0 (compatible; YandexBot/3.0; +http://yandex.com/bots)" "www.ysfine.com"
71.178.208.102 - - [21/Dec/2022:16:47:43 -0800] "GET /fdx/index.html HTTP/1.1" 401 90 "https://ysfine.com/ys11/" "Mozilla/5.0 (Windows NT 10.0; Win64; x64) AppleWebKit/537.36 (KHTML, like Gecko) Chrome/108.0.5359.125 Safari/537.36" "ysfine.com"
71.178.208.102 - jake [21/Dec/2022:16:47:45 -0800] "GET /fdx/index.html HTTP/1.1" 200 129 "https://ysfine.com/ys11/" "Mozilla/5.0 (Windows NT 10.0; Win64; x64) AppleWebKit/537.36 (KHTML, like Gecko) Chrome/108.0.5359.125 Safari/537.36" "ysfine.com"
71.178.208.102 - jake [21/Dec/2022:16:47:45 -0800] "GET /fdx/fdxbot.html HTTP/1.1" 200 141 "https://ysfine.com/fdx/index.html" "Mozilla/5.0 (Windows NT 10.0; Win64; x64) AppleWebKit/537.36 (KHTML, like Gecko) Chrome/108.0.5359.125 Safari/537.36" "ysfine.com"
71.178.208.102 - jake [21/Dec/2022:16:47:45 -0800] "GET /fdx/fdxtop.html HTTP/1.1" 200 400 "https://ysfine.com/fdx/index.html" "Mozilla/5.0 (Windows NT 10.0; Win64; x64) AppleWebKit/537.36 (KHTML, like Gecko) Chrome/108.0.5359.125 Safari/537.36" "ysfine.com"
71.178.208.102 - jake [21/Dec/2022:16:47:45 -0800] "GET /fdx/fdxleft.html HTTP/1.1" 200 743 "https://ysfine.com/fdx/fdxbot.html" "Mozilla/5.0 (Windows NT 10.0; Win64; x64) AppleWebKit/537.36 (KHTML, like Gecko) Chrome/108.0.5359.125 Safari/537.36" "ysfine.com"
71.178.208.102 - jake [21/Dec/2022:16:47:45 -0800] "GET /fdx/extra.html HTTP/1.1" 200 6659 "https://ysfine.com/fdx/fdxbot.html" "Mozilla/5.0 (Windows NT 10.0; Win64; x64) AppleWebKit/537.36 (KHTML, like Gecko) Chrome/108.0.5359.125 Safari/537.36" "ysfine.com"
71.178.208.102 - - [21/Dec/2022:16:47:45 -0800] "GET /ffriends/fromania01c.jpg HTTP/1.1" 200 40417 "https://ysfine.com/fdx/extra.html" "Mozilla/5.0 (Windows NT 10.0; Win64; x64) AppleWebKit/537.36 (KHTML, like Gecko) Chrome/108.0.5359.125 Safari/537.36" "ysfine.com"
71.178.208.102 - jake [21/Dec/2022:16:47:45 -0800] "GET /fdx/pariscafe22c.jpg HTTP/1.1" 200 41855 "https://ysfine.com/fdx/extra.html" "Mozilla/5.0 (Windows NT 10.0; Win64; x64) AppleWebKit/537.36 (KHTML, like Gecko) Chrome/108.0.5359.125 Safari/537.36" "ysfine.com"
71.178.208.102 - jake [21/Dec/2022:16:47:45 -0800] "GET /fdx/gattix66c.jpg HTTP/1.1" 200 35589 "https://ysfine.com/fdx/extra.html" "Mozilla/5.0 (Windows NT 10.0; Win64; x64) AppleWebKit/537.36 (KHTML, like Gecko) Chrome/108.0.5359.125 Safari/537.36" "ysfine.com"
71.178.208.102 - jake [21/Dec/2022:16:47:45 -0800] "GET /fdx/strasx32c.jpg HTTP/1.1" 200 39739 "https://ysfine.com/fdx/extra.html" "Mozilla/5.0 (Windows NT 10.0; Win64; x64) AppleWebKit/537.36 (KHTML, like Gecko) Chrome/108.0.5359.125 Safari/537.36" "ysfine.com"
71.178.208.102 - jake [21/Dec/2022:16:47:45 -0800] "GET /fdx/amcunx33c.jpg HTTP/1.1" 200 28050 "https://ysfine.com/fdx/extra.html" "Mozilla/5.0 (Windows NT 10.0; Win64; x64) AppleWebKit/537.36 (KHTML, like Gecko) Chrome/108.0.5359.125 Safari/537.36" "ysfine.com"
71.178.208.102 - jake [21/Dec/2022:16:47:45 -0800] "GET /fdx/spbf35c.jpg HTTP/1.1" 200 29160 "https://ysfine.com/fdx/extra.html" "Mozilla/5.0 (Windows NT 10.0; Win64; x64) AppleWebKit/537.36 (KHTML, like Gecko) Chrome/108.0.5359.125 Safari/537.36" "ysfine.com"
71.178.208.102 - jake [21/Dec/2022:16:47:45 -0800] "GET /fdx/zul00c.jpg HTTP/1.1" 200 37438 "https://ysfine.com/fdx/extra.html" "Mozilla/5.0 (Windows NT 10.0; Win64; x64) AppleWebKit/537.36 (KHTML, like Gecko) Chrome/108.0.5359.125 Safari/537.36" "ysfine.com"
71.178.208.102 - jake [21/Dec/2022:16:47:45 -0800] "GET /fdx/russvegas01c.jpg HTTP/1.1" 200 45094 "https://ysfine.com/fdx/extra.html" "Mozilla/5.0 (Windows NT 10.0; Win64; x64) AppleWebKit/537.36 (KHTML, like Gecko) Chrome/108.0.5359.125 Safari/537.36" "ysfine.com"
71.178.208.102 - jake [21/Dec/2022:16:47:45 -0800] "GET /fdx/russhz01c.jpg HTTP/1.1" 200 44588 "https://ysfine.com/fdx/extra.html" "Mozilla/5.0 (Windows NT 10.0; Win64; x64) AppleWebKit/537.36 (KHTML, like Gecko) Chrome/108.0.5359.125 Safari/537.36" "ysfine.com"
71.178.208.102 - jake [21/Dec/2022:16:47:45 -0800] "GET /fdx/novikx66c.jpg HTTP/1.1" 200 34620 "https://ysfine.com/fdx/extra.html" "Mozilla/5.0 (Windows NT 10.0; Win64; x64) AppleWebKit/537.36 (KHTML, like Gecko) Chrome/108.0.5359.125 Safari/537.36" "ysfine.com"
71.178.208.102 - jake [21/Dec/2022:16:47:45 -0800] "GET /fdx/lebanon01c.jpg HTTP/1.1" 200 36334 "https://ysfine.com/fdx/extra.html" "Mozilla/5.0 (Windows NT 10.0; Win64; x64) AppleWebKit/537.36 (KHTML, like Gecko) Chrome/108.0.5359.125 Safari/537.36" "ysfine.com"
71.178.208.102 - jake [21/Dec/2022:16:47:45 -0800] "GET /fdx/deltax15c.jpg HTTP/1.1" 200 38876 "https://ysfine.com/fdx/extra.html" "Mozilla/5.0 (Windows NT 10.0; Win64; x64) AppleWebKit/537.36 (KHTML, like Gecko) Chrome/108.0.5359.125 Safari/537.36" "ysfine.com"
71.178.208.102 - jake [21/Dec/2022:16:47:45 -0800] "GET /fdx/polcolum01c.jpg HTTP/1.1" 200 38994 "https://ysfine.com/fdx/extra.html" "Mozilla/5.0 (Windows NT 10.0; Win64; x64) AppleWebKit/537.36 (KHTML, like Gecko) Chrome/108.0.5359.125 Safari/537.36" "ysfine.com"
71.178.208.102 - jake [21/Dec/2022:16:47:45 -0800] "GET /fdx/kiss01c.jpg HTTP/1.1" 200 31615 "https://ysfine.com/fdx/extra.html" "Mozilla/5.0 (Windows NT 10.0; Win64; x64) AppleWebKit/537.36 (KHTML, like Gecko) Chrome/108.0.5359.125 Safari/537.36" "ysfine.com"
71.178.208.102 - jake [21/Dec/2022:16:47:45 -0800] "GET /fdx/metuguest11c.jpg HTTP/1.1" 200 34297 "https://ysfine.com/fdx/extra.html" "Mozilla/5.0 (Windows NT 10.0; Win64; x64) AppleWebKit/537.36 (KHTML, like Gecko) Chrome/108.0.5359.125 Safari/537.36" "ysfine.com"
71.178.208.102 - jake [21/Dec/2022:16:47:45 -0800] "GET /fdx/unitedx66c.jpg HTTP/1.1" 200 37259 "https://ysfine.com/fdx/extra.html" "Mozilla/5.0 (Windows NT 10.0; Win64; x64) AppleWebKit/537.36 (KHTML, like Gecko) Chrome/108.0.5359.125 Safari/537.36" "ysfine.com"
71.178.208.102 - jake [21/Dec/2022:16:47:45 -0800] "GET /fdx/kuwaitf11c.jpg HTTP/1.1" 200 37977 "https://ysfine.com/fdx/extra.html" "Mozilla/5.0 (Windows NT 10.0; Win64; x64) AppleWebKit/537.36 (KHTML, like Gecko) Chrome/108.0.5359.125 Safari/537.36" "ysfine.com"
71.178.208.102 - jake [21/Dec/2022:16:47:45 -0800] "GET /fdx/brazcunx22c.jpg HTTP/1.1" 200 43828 "https://ysfine.com/fdx/extra.html" "Mozilla/5.0 (Windows NT 10.0; Win64; x64) AppleWebKit/537.36 (KHTML, like Gecko) Chrome/108.0.5359.125 Safari/537.36" "ysfine.com"
71.178.208.102 - jake [21/Dec/2022:16:47:45 -0800] "GET /fdx/saudix05c.jpg HTTP/1.1" 200 41925 "https://ysfine.com/fdx/extra.html" "Mozilla/5.0 (Windows NT 10.0; Win64; x64) AppleWebKit/537.36 (KHTML, like Gecko) Chrome/108.0.5359.125 Safari/537.36" "ysfine.com"
71.178.208.102 - jake [21/Dec/2022:16:47:45 -0800] "GET /fdx/1230c.jpg HTTP/1.1" 200 37821 "https://ysfine.com/fdx/extra.html" "Mozilla/5.0 (Windows NT 10.0; Win64; x64) AppleWebKit/537.36 (KHTML, like Gecko) Chrome/108.0.5359.125 Safari/537.36" "ysfine.com"
71.178.208.102 - jake [21/Dec/2022:16:47:45 -0800] "GET /fdx/buda023c.jpg HTTP/1.1" 200 29672 "https://ysfine.com/fdx/extra.html" "Mozilla/5.0 (Windows NT 10.0; Win64; x64) AppleWebKit/537.36 (KHTML, like Gecko) Chrome/108.0.5359.125 Safari/537.36" "ysfine.com"
71.178.208.102 - - [21/Dec/2022:16:48:03 -0800] "GET /world/hungary/hunstu01.jpg HTTP/1.1" 200 127748 "https://ysfine.com/fdx/extra.html" "Mozilla/5.0 (Windows NT 10.0; Win64; x64) AppleWebKit/537.36 (KHTML, like Gecko) Chrome/108.0.5359.125 Safari/537.36" "ysfine.com"
207.46.13.144 - - [21/Dec/2022:16:48:06 -0800] "GET /bio/wigner/e(2).html HTTP/1.1" 404 88 "-" "Mozilla/5.0 AppleWebKit/537.36 (KHTML, like Gecko; compatible; bingbot/2.0; +http://www.bing.com/bingbot.htm) Chrome/103.0.5060.134 Safari/537.36" "ysfine.com"
71.178.208.102 - - [21/Dec/2022:16:48:09 -0800] "GET /world/hungary/hunstu04.jpg HTTP/1.1" 200 152007 "https://ysfine.com/fdx/extra.html" "Mozilla/5.0 (Windows NT 10.0; Win64; x64) AppleWebKit/537.36 (KHTML, like Gecko) Chrome/108.0.5359.125 Safari/537.36" "ysfine.com"
71.178.208.102 - - [21/Dec/2022:16:48:15 -0800] "GET /world/hungary/buda014.jpg HTTP/1.1" 200 91720 "https://ysfine.com/fdx/extra.html" "Mozilla/5.0 (Windows NT 10.0; Win64; x64) AppleWebKit/537.36 (KHTML, like Gecko) Chrome/108.0.5359.125 Safari/537.36" "ysfine.com"
71.178.208.102 - - [21/Dec/2022:16:48:23 -0800] "GET /world/hungary/buda020.jpg HTTP/1.1" 200 84066 "https://ysfine.com/fdx/extra.html" "Mozilla/5.0 (Windows NT 10.0; Win64; x64) AppleWebKit/537.36 (KHTML, like Gecko) Chrome/108.0.5359.125 Safari/537.36" "ysfine.com"
207.46.13.51 - - [21/Dec/2022:16:48:37 -0800] "GET /bio/style/rieu.html HTTP/1.1" 404 88 "-" "Mozilla/5.0 (compatible; bingbot/2.0; +http://www.bing.com/bingbot.htm)" "ysfine.com"
