157.55.39.1 - - [21/Dec/2022:06:02:18 -0800] "GET /kobak/moscowk.html HTTP/1.1" 200 3683 "-" "Mozilla/5.0 (compatible; bingbot/2.0; +http://www.bing.com/bingbot.htm)" "www.ysfine.com"
207.46.13.8 - - [21/Dec/2022:06:02:22 -0800] "GET /world/kazan.html HTTP/1.1" 200 13929 "-" "Mozilla/5.0 (compatible; bingbot/2.0; +http://www.bing.com/bingbot.htm)" "www.ysfine.com"
207.46.13.8 - - [21/Dec/2022:06:02:22 -0800] "GET /world/venice.html HTTP/1.1" 200 8457 "-" "Mozilla/5.0 (compatible; bingbot/2.0; +http://www.bing.com/bingbot.htm)" "www.ysfine.com"
207.46.13.144 - - [21/Dec/2022:06:02:27 -0800] "GET /maga/maxedin.html HTTP/1.1" 200 6756 "-" "Mozilla/5.0 AppleWebKit/537.36 (KHTML, like Gecko; compatible; bingbot/2.0; +http://www.bing.com/bingbot.htm) Chrome/103.0.5060.134 Safari/537.36" "www.ysfine.com"
157.55.39.43 - - [21/Dec/2022:06:02:41 -0800] "GET /usca/pgh22.html HTTP/1.1" 200 11391 "-" "Mozilla/5.0 AppleWebKit/537.36 (KHTML, like Gecko; compatible; bingbot/2.0; +http://www.bing.com/bingbot.htm) Chrome/103.0.5060.134 Safari/537.36" "www.ysfine.com"
207.46.13.51 - - [21/Dec/2022:06:02:49 -0800] "GET /maga/keigel22.html HTTP/1.1" 200 4929 "-" "Mozilla/5.0 AppleWebKit/537.36 (KHTML, like Gecko; compatible; bingbot/2.0; +http://www.bing.com/bingbot.htm) Chrome/103.0.5060.134 Safari/537.36" "ysfine.com"
157.55.39.43 - - [21/Dec/2022:06:02:53 -0800] "GET /bio/kobak/yskor.html HTTP/1.1" 404 88 "-" "Mozilla/5.0 (compatible; bingbot/2.0; +http://www.bing.com/bingbot.htm)" "ysfine.com"
157.55.39.43 - - [21/Dec/2022:06:05:53 -0800] "GET /wisdom/quovadis.html HTTP/1.1" 200 3582 "-" "Mozilla/5.0 AppleWebKit/537.36 (KHTML, like Gecko; compatible; bingbot/2.0; +http://www.bing.com/bingbot.htm) Chrome/103.0.5060.134 Safari/537.36" "ysfine.com"
157.55.39.1 - - [21/Dec/2022:06:06:18 -0800] "GET /bio/world/leipzig.html HTTP/1.1" 404 88 "-" "Mozilla/5.0 AppleWebKit/537.36 (KHTML, like Gecko; compatible; bingbot/2.0; +http://www.bing.com/bingbot.htm) Chrome/103.0.5060.134 Safari/537.36" "ysfine.com"
157.55.39.62 - - [21/Dec/2022:06:06:24 -0800] "GET /world/japan/osakaf11.jpg HTTP/1.1" 200 177731 "-" "Mozilla/5.0 (compatible; bingbot/2.0; +http://www.bing.com/bingbot.htm)" "ysfine.com"
157.55.39.1 - - [21/Dec/2022:06:07:27 -0800] "GET /world/france/ingridberg11.jpg HTTP/1.1" 200 87478 "-" "Mozilla/5.0 (compatible; bingbot/2.0; +http://www.bing.com/bingbot.htm)" "www.ysfine.com"
157.55.39.1 - - [21/Dec/2022:06:07:37 -0800] "GET /world/germany/berlin173.jpg HTTP/1.1" 200 261181 "-" "Mozilla/5.0 AppleWebKit/537.36 (KHTML, like Gecko; compatible; bingbot/2.0; +http://www.bing.com/bingbot.htm) Chrome/103.0.5060.134 Safari/537.36" "ysfine.com"
157.55.39.1 - - [21/Dec/2022:06:07:38 -0800] "GET /einstein/standingw.html HTTP/1.1" 200 2754 "-" "Mozilla/5.0 AppleWebKit/537.36 (KHTML, like Gecko; compatible; bingbot/2.0; +http://www.bing.com/bingbot.htm) Chrome/103.0.5060.134 Safari/537.36" "ysfine.com"
207.46.13.144 - - [21/Dec/2022:06:07:47 -0800] "GET /people/ HTTP/1.1" 200 125 "-" "Mozilla/5.0 (compatible; bingbot/2.0; +http://www.bing.com/bingbot.htm)" "ysfine.com"
207.46.13.51 - - [21/Dec/2022:06:07:51 -0800] "GET /bio/eink/buythisbook.html HTTP/1.1" 404 88 "-" "Mozilla/5.0 (compatible; bingbot/2.0; +http://www.bing.com/bingbot.htm)" "ysfine.com"
114.119.151.113 - - [21/Dec/2022:06:07:52 -0800] "GET /robots.txt HTTP/1.1" 404 88 "-" "Mozilla/5.0 (compatible;PetalBot;+https://webmaster.petalsearch.com/site/petalbot)" "www.ysfine.com"
207.46.13.8 - - [21/Dec/2022:06:08:08 -0800] "GET /world/spb.html HTTP/1.1" 200 16118 "-" "Mozilla/5.0 AppleWebKit/537.36 (KHTML, like Gecko; compatible; bingbot/2.0; +http://www.bing.com/bingbot.htm) Chrome/103.0.5060.134 Safari/537.36" "ysfine.com"
108.162.241.36 - - [21/Dec/2022:06:08:27 -0800] "GET /favicon.ico HTTP/1.1" 404 88 "-" "Mozilla/5.0 (Windows NT 10.0; Win64; x64) AppleWebKit/537.36 (KHTML, like Gecko) Chrome/64.0.3282.140 Safari/537.36" "ysfine.com"
17.241.75.150 - - [21/Dec/2022:06:08:29 -0800] "GET /wisdom/tanks.html HTTP/1.1" 200 8599 "-" "Mozilla/5.0 (Macintosh; Intel Mac OS X 10_15_5) AppleWebKit/605.1.15 (KHTML, like Gecko) Version/13.1.1 Safari/605.1.15 (Applebot/0.1; +http://www.apple.com/go/applebot)" "ysfine.com"
207.46.13.51 - - [21/Dec/2022:06:08:31 -0800] "GET /world/polandw HTTP/1.1" 200 17893 "-" "Mozilla/5.0 (compatible; bingbot/2.0; +http://www.bing.com/bingbot.htm)" "ysfine.com"
185.191.171.3 - - [21/Dec/2022:06:08:50 -0800] "GET /feynman/feygell.html HTTP/1.1" 200 4714 "-" "Mozilla/5.0 (compatible; SemrushBot/7~bl; +http://www.semrush.com/bot.html)" "www.ysfine.com"
157.55.39.43 - - [21/Dec/2022:06:08:54 -0800] "GET /world/stuttgart.html HTTP/1.1" 200 4926 "-" "Mozilla/5.0 (compatible; bingbot/2.0; +http://www.bing.com/bingbot.htm)" "ysfine.com"
157.55.39.43 - - [21/Dec/2022:06:09:08 -0800] "GET /style/chulmo2.jpg HTTP/1.1" 200 49387 "-" "Mozilla/5.0 (compatible; bingbot/2.0; +http://www.bing.com/bingbot.htm)" "ysfine.com"
157.55.39.1 - - [21/Dec/2022:06:09:18 -0800] "GET /wigner/neum/compu.html HTTP/1.1" 200 2267 "-" "Mozilla/5.0 AppleWebKit/537.36 (KHTML, like Gecko; compatible; bingbot/2.0; +http://www.bing.com/bingbot.htm) Chrome/103.0.5060.134 Safari/537.36" "www.ysfine.com"
207.46.13.144 - - [21/Dec/2022:06:09:34 -0800] "GET /world/russ/kiev007.jpg HTTP/1.1" 200 66068 "-" "Mozilla/5.0 AppleWebKit/537.36 (KHTML, like Gecko; compatible; bingbot/2.0; +http://www.bing.com/bingbot.htm) Chrome/103.0.5060.134 Safari/537.36" "ysfine.com"
207.46.13.8 - - [21/Dec/2022:06:09:39 -0800] "GET /bio/style/proschanie.html HTTP/1.1" 404 88 "-" "Mozilla/5.0 AppleWebKit/537.36 (KHTML, like Gecko; compatible; bingbot/2.0; +http://www.bing.com/bingbot.htm) Chrome/103.0.5060.134 Safari/537.36" "ysfine.com"
174.192.201.239 - - [21/Dec/2022:06:09:41 -0800] "GET / HTTP/1.1" 200 5295 "https://www.google.com/" "Mozilla/5.0 (Linux; Android 12; Pixel 4a (5G)) AppleWebKit/537.36 (KHTML, like Gecko) Chrome/108.0.0.0 Mobile Safari/537.36" "ysfine.com"
174.192.201.239 - - [21/Dec/2022:06:09:41 -0800] "GET /home/top21d.jpg HTTP/1.1" 200 74409 "https://ysfine.com/" "Mozilla/5.0 (Linux; Android 12; Pixel 4a (5G)) AppleWebKit/537.36 (KHTML, like Gecko) Chrome/108.0.0.0 Mobile Safari/537.36" "ysfine.com"
174.192.201.239 - - [21/Dec/2022:06:09:41 -0800] "GET /home/eink450.jpg HTTP/1.1" 200 66794 "https://ysfine.com/" "Mozilla/5.0 (Linux; Android 12; Pixel 4a (5G)) AppleWebKit/537.36 (KHTML, like Gecko) Chrome/108.0.0.0 Mobile Safari/537.36" "ysfine.com"
174.192.201.239 - - [21/Dec/2022:06:09:41 -0800] "GET /home/goodbad450.jpg HTTP/1.1" 200 32258 "https://ysfine.com/" "Mozilla/5.0 (Linux; Android 12; Pixel 4a (5G)) AppleWebKit/537.36 (KHTML, like Gecko) Chrome/108.0.0.0 Mobile Safari/537.36" "ysfine.com"
174.192.201.239 - - [21/Dec/2022:06:09:41 -0800] "GET /home/truck450.jpg HTTP/1.1" 200 42871 "https://ysfine.com/" "Mozilla/5.0 (Linux; Android 12; Pixel 4a (5G)) AppleWebKit/537.36 (KHTML, like Gecko) Chrome/108.0.0.0 Mobile Safari/537.36" "ysfine.com"
174.192.201.239 - - [21/Dec/2022:06:09:41 -0800] "GET /home/facu450.jpg HTTP/1.1" 200 74535 "https://ysfine.com/" "Mozilla/5.0 (Linux; Android 12; Pixel 4a (5G)) AppleWebKit/537.36 (KHTML, like Gecko) Chrome/108.0.0.0 Mobile Safari/537.36" "ysfine.com"
174.192.201.239 - - [21/Dec/2022:06:09:41 -0800] "GET /eink/einhaus11c.jpg HTTP/1.1" 200 42522 "https://ysfine.com/" "Mozilla/5.0 (Linux; Android 12; Pixel 4a (5G)) AppleWebKit/537.36 (KHTML, like Gecko) Chrome/108.0.0.0 Mobile Safari/537.36" "ysfine.com"
174.192.201.239 - - [21/Dec/2022:06:09:41 -0800] "GET /home/washmo23d.jpg HTTP/1.1" 200 32142 "https://ysfine.com/" "Mozilla/5.0 (Linux; Android 12; Pixel 4a (5G)) AppleWebKit/537.36 (KHTML, like Gecko) Chrome/108.0.0.0 Mobile Safari/537.36" "ysfine.com"
174.192.201.239 - - [21/Dec/2022:06:09:41 -0800] "GET /eink/einhaus33c.jpg HTTP/1.1" 200 23792 "https://ysfine.com/" "Mozilla/5.0 (Linux; Android 12; Pixel 4a (5G)) AppleWebKit/537.36 (KHTML, like Gecko) Chrome/108.0.0.0 Mobile Safari/537.36" "ysfine.com"
174.192.201.239 - - [21/Dec/2022:06:09:41 -0800] "GET /eink/ewk86f.jpg HTTP/1.1" 200 122173 "https://ysfine.com/" "Mozilla/5.0 (Linux; Android 12; Pixel 4a (5G)) AppleWebKit/537.36 (KHTML, like Gecko) Chrome/108.0.0.0 Mobile Safari/537.36" "ysfine.com"
174.192.201.239 - - [21/Dec/2022:06:09:41 -0800] "GET /home/1987pr22d.jpg HTTP/1.1" 200 66428 "https://ysfine.com/" "Mozilla/5.0 (Linux; Android 12; Pixel 4a (5G)) AppleWebKit/537.36 (KHTML, like Gecko) Chrome/108.0.0.0 Mobile Safari/537.36" "ysfine.com"
174.192.201.239 - - [21/Dec/2022:06:09:41 -0800] "GET /home/eindc03d.jpg HTTP/1.1" 200 95860 "https://ysfine.com/" "Mozilla/5.0 (Linux; Android 12; Pixel 4a (5G)) AppleWebKit/537.36 (KHTML, like Gecko) Chrome/108.0.0.0 Mobile Safari/537.36" "ysfine.com"
174.192.201.239 - - [21/Dec/2022:06:09:41 -0800] "GET /home/taylor500.jpg HTTP/1.1" 200 79197 "https://ysfine.com/" "Mozilla/5.0 (Linux; Android 12; Pixel 4a (5G)) AppleWebKit/537.36 (KHTML, like Gecko) Chrome/108.0.0.0 Mobile Safari/537.36" "ysfine.com"
174.192.201.239 - - [21/Dec/2022:06:09:41 -0800] "GET /home/eward55f.jpg HTTP/1.1" 200 122802 "https://ysfine.com/" "Mozilla/5.0 (Linux; Android 12; Pixel 4a (5G)) AppleWebKit/537.36 (KHTML, like Gecko) Chrome/108.0.0.0 Mobile Safari/537.36" "ysfine.com"
174.192.201.239 - - [21/Dec/2022:06:09:41 -0800] "GET /home/eink54f.jpg HTTP/1.1" 200 96332 "https://ysfine.com/" "Mozilla/5.0 (Linux; Android 12; Pixel 4a (5G)) AppleWebKit/537.36 (KHTML, like Gecko) Chrome/108.0.0.0 Mobile Safari/537.36" "ysfine.com"
174.192.201.239 - - [21/Dec/2022:06:09:43 -0800] "GET /favicon.ico HTTP/1.1" 404 88 "https://ysfine.com/" "Mozilla/5.0 (Linux; Android 12; Pixel 4a (5G)) AppleWebKit/537.36 (KHTML, like Gecko) Chrome/108.0.0.0 Mobile Safari/537.36" "ysfine.com"
207.46.13.51 - - [21/Dec/2022:06:09:47 -0800] "GET /usca/pitt/kerry11b.jpg HTTP/1.1" 200 29670 "-" "Mozilla/5.0 (compatible; bingbot/2.0; +http://www.bing.com/bingbot.htm)" "ysfine.com"
216.244.66.229 - - [21/Dec/2022:06:10:03 -0800] "GET /maga/phys/huy42.jpg HTTP/1.1" 200 194829 "-" "Mozilla/5.0 (compatible; DotBot/1.2; +https://opensiteexplorer.org/dotbot; help@moz.com)" "www.ysfine.com"
216.244.66.229 - - [21/Dec/2022:06:10:26 -0800] "GET /maga/phil/galileo01.jpg HTTP/1.1" 200 55735 "-" "Mozilla/5.0 (compatible; DotBot/1.2; +https://opensiteexplorer.org/dotbot; help@moz.com)" "ysfine.com"
216.244.66.229 - - [21/Dec/2022:06:10:48 -0800] "GET /maga/phys/ggi22.pdf HTTP/1.1" 200 929587 "-" "Mozilla/5.0 (compatible; DotBot/1.2; +https://opensiteexplorer.org/dotbot; help@moz.com)" "ysfine.com"
157.55.39.62 - - [21/Dec/2022:06:11:23 -0800] "GET /yspapers/index.html HTTP/1.1" 200 21304 "-" "Mozilla/5.0 (compatible; bingbot/2.0; +http://www.bing.com/bingbot.htm)" "ysfine.com"
216.244.66.229 - - [21/Dec/2022:06:11:36 -0800] "GET /style/cameras/canonp11.jpg HTTP/1.1" 200 110095 "-" "Mozilla/5.0 (compatible; DotBot/1.2; +https://opensiteexplorer.org/dotbot; help@moz.com)" "ysfine.com"
216.244.66.229 - - [21/Dec/2022:06:12:06 -0800] "GET /style/cameras/lumixsz7.jpg HTTP/1.1" 200 60817 "-" "Mozilla/5.0 (compatible; DotBot/1.2; +https://opensiteexplorer.org/dotbot; help@moz.com)" "ysfine.com"
118.184.177.51 - - [21/Dec/2022:06:12:11 -0800] "GET / HTTP/1.1" 200 5295 "-" "Sogou web spider/4.0(+http://www.sogou.com/docs/help/webmasters.htm#07)" "ysfine.com"
216.244.66.229 - - [21/Dec/2022:06:12:35 -0800] "GET /style/cameras/nasalake.jpg HTTP/1.1" 200 68754 "-" "Mozilla/5.0 (compatible; DotBot/1.2; +https://opensiteexplorer.org/dotbot; help@moz.com)" "ysfine.com"
180.217.200.115 - - [21/Dec/2022:06:12:36 -0800] "GET /kowar/panmun04.jpg HTTP/1.1" 200 126386 "https://www.google.com/" "Mozilla/5.0 (iPhone; CPU iPhone OS 15_2 like Mac OS X) AppleWebKit/605.1.15 (KHTML, like Gecko) CriOS/108.0.5359.112 Mobile/15E148 Safari/604.1" "ysfine.com"
84.46.245.21 - - [21/Dec/2022:06:12:58 -0800] "GET /robots.txt HTTP/1.1" 404 73 "-" "Mozilla/5.0 (compatible; MJ12bot/v1.4.8; http://mj12bot.com/)" "ysfine.com"
216.244.66.229 - - [21/Dec/2022:06:13:05 -0800] "GET /style/cameras/phenix33.jpg HTTP/1.1" 200 163874 "-" "Mozilla/5.0 (compatible; DotBot/1.2; +https://opensiteexplorer.org/dotbot; help@moz.com)" "ysfine.com"
84.46.245.21 - - [21/Dec/2022:06:13:08 -0800] "GET /world/kor/sel803.jpg HTTP/1.1" 200 195155 "-" "Mozilla/5.0 (compatible; MJ12bot/v1.4.8; http://mj12bot.com/)" "ysfine.com"
157.55.39.43 - - [21/Dec/2022:06:13:12 -0800] "GET /bio/style/artlove.html HTTP/1.1" 404 88 "-" "Mozilla/5.0 (compatible; bingbot/2.0; +http://www.bing.com/bingbot.htm)" "ysfine.com"
157.55.39.43 - - [21/Dec/2022:06:13:13 -0800] "GET /world/cambr.html HTTP/1.1" 200 6189 "-" "Mozilla/5.0 (compatible; bingbot/2.0; +http://www.bing.com/bingbot.htm)" "ysfine.com"
84.46.245.21 - - [21/Dec/2022:06:13:21 -0800] "GET /einstein/ulm.html HTTP/1.1" 200 6713 "-" "Mozilla/5.0 (compatible; MJ12bot/v1.4.8; http://mj12bot.com/)" "ysfine.com"
216.244.66.229 - - [21/Dec/2022:06:13:32 -0800] "GET /style/cameras/rolex11.jpg HTTP/1.1" 200 100563 "-" "Mozilla/5.0 (compatible; DotBot/1.2; +https://opensiteexplorer.org/dotbot; help@moz.com)" "ysfine.com"
84.46.245.21 - - [21/Dec/2022:06:13:36 -0800] "GET /class54/class5480/Videos/1.%C3%AC%C2%9A%C2%B0%C3%AB%C2%A6%C2%AC%C3%AC%C2%9D%C2%98%20%C3%AC%C2%9E%C2%AC%C3%AD%C2%95%C2%99%C3%AC%C2%8B%C2%9C%C3%AC%C2%A0%C2%88(1948-1954).wmv HTTP/1.1" 200 84851613 "-" "Mozilla/5.0 (compatible; MJ12bot/v1.4.8; http://mj12bot.com/)" "ysfine.com"
84.46.245.21 - - [21/Dec/2022:06:13:46 -0800] "GET /class54/class5480/Videos/2.%C3%AC%C2%A1%C2%B8%C3%AC%C2%97%C2%8560%C3%AC%C2%A3%C2%BC%C3%AB%C2%85%C2%84%C3%AB%C2%AC%C2%B8%C3%AC%C2%A7%C2%91%201%C3%AB%C2%B6%C2%80.wmv HTTP/1.1" 200 27160054 "-" "Mozilla/5.0 (compatible; MJ12bot/v1.4.8; http://mj12bot.com/)" "ysfine.com"
216.244.66.229 - - [21/Dec/2022:06:13:58 -0800] "GET /wigner/dirwig33.jpg HTTP/1.1" 200 60215 "-" "Mozilla/5.0 (compatible; DotBot/1.2; +https://opensiteexplorer.org/dotbot; help@moz.com)" "ysfine.com"
84.46.245.21 - - [21/Dec/2022:06:14:02 -0800] "GET /class54/class5480/Videos/3.%C3%AC%C2%A1%C2%B8%C3%AC%C2%97%C2%8560%C3%AC%C2%A3%C2%BC%C3%AB%C2%85%C2%84%C3%AB%C2%AC%C2%B8%C3%AC%C2%A7%C2%91%202%C3%AB%C2%B6%C2%80.wmv HTTP/1.1" 200 37680666 "-" "Mozilla/5.0 (compatible; MJ12bot/v1.4.8; http://mj12bot.com/)" "ysfine.com"
185.191.171.6 - - [21/Dec/2022:06:14:08 -0800] "GET /ffriends/fdw.html HTTP/1.1" 200 45463 "-" "Mozilla/5.0 (compatible; SemrushBot/7~bl; +http://www.semrush.com/bot.html)" "ysfine.com"
84.46.245.21 - - [21/Dec/2022:06:14:14 -0800] "GET /world/kor/sel803.jpg HTTP/1.1" 200 195155 "-" "Mozilla/5.0 (compatible; MJ12bot/v1.4.8; http://mj12bot.com/)" "ysfine.com"
216.244.66.229 - - [21/Dec/2022:06:14:23 -0800] "GET /world/baltic/tallin76c.jpg HTTP/1.1" 200 40419 "-" "Mozilla/5.0 (compatible; DotBot/1.2; +https://opensiteexplorer.org/dotbot; help@moz.com)" "ysfine.com"
190.237.23.43 - - [21/Dec/2022:06:14:24 -0800] "GET /wigner/neum/pvn05.jpg HTTP/1.1" 200 219501 "https://www.google.com/" "Mozilla/5.0 (Windows NT 10.0; Win64; x64) AppleWebKit/537.36 (KHTML, like Gecko) Chrome/108.0.0.0 Safari/537.36" "ysfine.com"
190.237.23.43 - - [21/Dec/2022:06:14:25 -0800] "GET /wigner/quartet.jpg HTTP/1.1" 200 83670 "https://www.google.com/" "Mozilla/5.0 (Windows NT 10.0; Win64; x64) AppleWebKit/537.36 (KHTML, like Gecko) Chrome/108.0.0.0 Safari/537.36" "ysfine.com"
84.46.245.21 - - [21/Dec/2022:06:14:26 -0800] "GET /ysbio/class54/class5480/Pictures/1.%C3%AC%C2%A0%C2%91%C3%AC%C2%88%C2%98%C3%AB%C2%B0%C2%8F%C3%AD%C2%99%C2%98%C3%AB%C2%8B%C2%B4/ HTTP/1.1" 404 88 "-" "Mozilla/5.0 (compatible; MJ12bot/v1.4.8; http://mj12bot.com/)" "ysfine.com"
157.55.39.43 - - [21/Dec/2022:06:14:33 -0800] "GET /style/tatyana.html HTTP/1.1" 200 8475 "-" "Mozilla/5.0 (compatible; bingbot/2.0; +http://www.bing.com/bingbot.htm)" "ysfine.com"
216.244.66.229 - - [21/Dec/2022:06:14:46 -0800] "GET /world/brit/cam25.jpg HTTP/1.1" 200 84920 "-" "Mozilla/5.0 (compatible; DotBot/1.2; +https://opensiteexplorer.org/dotbot; help@moz.com)" "ysfine.com"
207.46.13.8 - - [21/Dec/2022:06:14:50 -0800] "GET /people/pimage.html HTTP/1.1" 200 7965 "-" "Mozilla/5.0 AppleWebKit/537.36 (KHTML, like Gecko; compatible; bingbot/2.0; +http://www.bing.com/bingbot.htm) Chrome/103.0.5060.134 Safari/537.36" "ysfine.com"
84.46.245.21 - - [21/Dec/2022:06:14:52 -0800] "GET /ysbio/class54/class5480/Pictures/2.%C3%AA%C2%B8%C2%B0%C3%AB%C2%85%C2%90%C3%AD%C2%96%C2%89%C3%AC%C2%82%C2%AC/ HTTP/1.1" 404 88 "-" "Mozilla/5.0 (compatible; MJ12bot/v1.4.8; http://mj12bot.com/)" "ysfine.com"
84.46.245.21 - - [21/Dec/2022:06:15:05 -0800] "GET /ysbio/class54/class5480/Pictures/3.%C3%AD%C2%88%C2%AC%C3%AC%C2%96%C2%B4%C3%AB%C2%B0%C2%8F%C3%AB%C2%AA%C2%A8%C3%AA%C2%B5%C2%90%C3%AB%C2%B0%C2%A9%C3%AB%C2%AC%C2%B8/ HTTP/1.1" 404 88 "-" "Mozilla/5.0 (compatible; MJ12bot/v1.4.8; http://mj12bot.com/)" "ysfine.com"
216.244.66.229 - - [21/Dec/2022:06:15:09 -0800] "GET /world/brit/picca52.jpg HTTP/1.1" 200 127956 "-" "Mozilla/5.0 (compatible; DotBot/1.2; +https://opensiteexplorer.org/dotbot; help@moz.com)" "ysfine.com"
84.46.245.21 - - [21/Dec/2022:06:15:23 -0800] "GET /ysbio/class54/class5480/Pictures/4.%C3%AA%C2%B8%C2%B0%C3%AB%C2%85%C2%90%C3%AC%C2%B4%C2%AC%C3%AC%C2%98%C2%81/ HTTP/1.1" 404 88 "-" "Mozilla/5.0 (compatible; MJ12bot/v1.4.8; http://mj12bot.com/)" "ysfine.com"
174.192.201.239 - - [21/Dec/2022:06:15:24 -0800] "GET /wdc/index.html HTTP/1.1" 200 141 "-" "Mozilla/5.0 (Linux; Android 12; Pixel 4a (5G)) AppleWebKit/537.36 (KHTML, like Gecko) Chrome/108.0.0.0 Mobile Safari/537.36" "ysfine.com"
174.192.201.239 - - [21/Dec/2022:06:15:24 -0800] "GET /wdc/wasleft.html HTTP/1.1" 200 720 "https://ysfine.com/wdc/index.html" "Mozilla/5.0 (Linux; Android 12; Pixel 4a (5G)) AppleWebKit/537.36 (KHTML, like Gecko) Chrome/108.0.0.0 Mobile Safari/537.36" "ysfine.com"
174.192.201.239 - - [21/Dec/2022:06:15:24 -0800] "GET /wdc/wasdc.html HTTP/1.1" 200 13715 "https://ysfine.com/wdc/index.html" "Mozilla/5.0 (Linux; Android 12; Pixel 4a (5G)) AppleWebKit/537.36 (KHTML, like Gecko) Chrome/108.0.0.0 Mobile Safari/537.36" "ysfine.com"
174.192.201.239 - - [21/Dec/2022:06:15:24 -0800] "GET /wdc/umd06b.jpg HTTP/1.1" 200 34590 "https://ysfine.com/wdc/wasdc.html" "Mozilla/5.0 (Linux; Android 12; Pixel 4a (5G)) AppleWebKit/537.36 (KHTML, like Gecko) Chrome/108.0.0.0 Mobile Safari/537.36" "ysfine.com"
174.192.201.239 - - [21/Dec/2022:06:15:24 -0800] "GET /wdc/capitol07b.jpg HTTP/1.1" 200 47839 "https://ysfine.com/wdc/wasdc.html" "Mozilla/5.0 (Linux; Android 12; Pixel 4a (5G)) AppleWebKit/537.36 (KHTML, like Gecko) Chrome/108.0.0.0 Mobile Safari/537.36" "ysfine.com"
174.192.201.239 - - [21/Dec/2022:06:15:24 -0800] "GET /wdc/capitol02b.jpg HTTP/1.1" 200 30351 "https://ysfine.com/wdc/wasdc.html" "Mozilla/5.0 (Linux; Android 12; Pixel 4a (5G)) AppleWebKit/537.36 (KHTML, like Gecko) Chrome/108.0.0.0 Mobile Safari/537.36" "ysfine.com"
174.192.201.239 - - [21/Dec/2022:06:15:24 -0800] "GET /wdc/loc01b.jpg HTTP/1.1" 200 59811 "https://ysfine.com/wdc/wasdc.html" "Mozilla/5.0 (Linux; Android 12; Pixel 4a (5G)) AppleWebKit/537.36 (KHTML, like Gecko) Chrome/108.0.0.0 Mobile Safari/537.36" "ysfine.com"
174.192.201.239 - - [21/Dec/2022:06:15:25 -0800] "GET /wdc/supreme02b.jpg HTTP/1.1" 200 37198 "https://ysfine.com/wdc/wasdc.html" "Mozilla/5.0 (Linux; Android 12; Pixel 4a (5G)) AppleWebKit/537.36 (KHTML, like Gecko) Chrome/108.0.0.0 Mobile Safari/537.36" "ysfine.com"
174.192.201.239 - - [21/Dec/2022:06:15:25 -0800] "GET /wdc/nga02b.jpg HTTP/1.1" 200 42789 "https://ysfine.com/wdc/wasdc.html" "Mozilla/5.0 (Linux; Android 12; Pixel 4a (5G)) AppleWebKit/537.36 (KHTML, like Gecko) Chrome/108.0.0.0 Mobile Safari/537.36" "ysfine.com"
174.192.201.239 - - [21/Dec/2022:06:15:25 -0800] "GET /wdc/lafpark02b.jpg HTTP/1.1" 200 40860 "https://ysfine.com/wdc/wasdc.html" "Mozilla/5.0 (Linux; Android 12; Pixel 4a (5G)) AppleWebKit/537.36 (KHTML, like Gecko) Chrome/108.0.0.0 Mobile Safari/537.36" "ysfine.com"
174.192.201.239 - - [21/Dec/2022:06:15:25 -0800] "GET /wdc/whouse02b.jpg HTTP/1.1" 200 30118 "https://ysfine.com/wdc/wasdc.html" "Mozilla/5.0 (Linux; Android 12; Pixel 4a (5G)) AppleWebKit/537.36 (KHTML, like Gecko) Chrome/108.0.0.0 Mobile Safari/537.36" "ysfine.com"
174.192.201.239 - - [21/Dec/2022:06:15:25 -0800] "GET /wdc/sherman11b.jpg HTTP/1.1" 200 27477 "https://ysfine.com/wdc/wasdc.html" "Mozilla/5.0 (Linux; Android 12; Pixel 4a (5G)) AppleWebKit/537.36 (KHTML, like Gecko) Chrome/108.0.0.0 Mobile Safari/537.36" "ysfine.com"
174.192.201.239 - - [21/Dec/2022:06:15:25 -0800] "GET /wdc/pulaski01b.jpg HTTP/1.1" 200 43884 "https://ysfine.com/wdc/wasdc.html" "Mozilla/5.0 (Linux; Android 12; Pixel 4a (5G)) AppleWebKit/537.36 (KHTML, like Gecko) Chrome/108.0.0.0 Mobile Safari/537.36" "ysfine.com"
174.192.201.239 - - [21/Dec/2022:06:15:25 -0800] "GET /wdc/nga05b.jpg HTTP/1.1" 200 40747 "https://ysfine.com/wdc/wasdc.html" "Mozilla/5.0 (Linux; Android 12; Pixel 4a (5G)) AppleWebKit/537.36 (KHTML, like Gecko) Chrome/108.0.0.0 Mobile Safari/537.36" "ysfine.com"
174.192.201.239 - - [21/Dec/2022:06:15:25 -0800] "GET /wdc/lafpark05b.jpg HTTP/1.1" 200 40496 "https://ysfine.com/wdc/wasdc.html" "Mozilla/5.0 (Linux; Android 12; Pixel 4a (5G)) AppleWebKit/537.36 (KHTML, like Gecko) Chrome/108.0.0.0 Mobile Safari/537.36" "ysfine.com"
174.192.201.239 - - [21/Dec/2022:06:15:25 -0800] "GET /wdc/dar11b.jpg HTTP/1.1" 200 37978 "https://ysfine.com/wdc/wasdc.html" "Mozilla/5.0 (Linux; Android 12; Pixel 4a (5G)) AppleWebKit/537.36 (KHTML, like Gecko) Chrome/108.0.0.0 Mobile Safari/537.36" "ysfine.com"
174.192.201.239 - - [21/Dec/2022:06:15:25 -0800] "GET /style/alexandrov44b.jpg HTTP/1.1" 200 38881 "https://ysfine.com/wdc/wasdc.html" "Mozilla/5.0 (Linux; Android 12; Pixel 4a (5G)) AppleWebKit/537.36 (KHTML, like Gecko) Chrome/108.0.0.0 Mobile Safari/537.36" "ysfine.com"
174.192.201.239 - - [21/Dec/2022:06:15:25 -0800] "GET /wdc/reagan55b.jpg HTTP/1.1" 200 32608 "https://ysfine.com/wdc/wasdc.html" "Mozilla/5.0 (Linux; Android 12; Pixel 4a (5G)) AppleWebKit/537.36 (KHTML, like Gecko) Chrome/108.0.0.0 Mobile Safari/537.36" "ysfine.com"
174.192.201.239 - - [21/Dec/2022:06:15:25 -0800] "GET /wdc/gtown21b.jpg HTTP/1.1" 200 46138 "https://ysfine.com/wdc/wasdc.html" "Mozilla/5.0 (Linux; Android 12; Pixel 4a (5G)) AppleWebKit/537.36 (KHTML, like Gecko) Chrome/108.0.0.0 Mobile Safari/537.36" "ysfine.com"
174.192.201.239 - - [21/Dec/2022:06:15:25 -0800] "GET /wdc/willard33b.jpg HTTP/1.1" 200 42340 "https://ysfine.com/wdc/wasdc.html" "Mozilla/5.0 (Linux; Android 12; Pixel 4a (5G)) AppleWebKit/537.36 (KHTML, like Gecko) Chrome/108.0.0.0 Mobile Safari/537.36" "ysfine.com"
174.192.201.239 - - [21/Dec/2022:06:15:25 -0800] "GET /wdc/ncath11c.jpg HTTP/1.1" 200 27058 "https://ysfine.com/wdc/wasdc.html" "Mozilla/5.0 (Linux; Android 12; Pixel 4a (5G)) AppleWebKit/537.36 (KHTML, like Gecko) Chrome/108.0.0.0 Mobile Safari/537.36" "ysfine.com"
174.192.201.239 - - [21/Dec/2022:06:15:25 -0800] "GET /wdc/kennedyc17b.jpg HTTP/1.1" 200 38708 "https://ysfine.com/wdc/wasdc.html" "Mozilla/5.0 (Linux; Android 12; Pixel 4a (5G)) AppleWebKit/537.36 (KHTML, like Gecko) Chrome/108.0.0.0 Mobile Safari/537.36" "ysfine.com"
174.192.201.239 - - [21/Dec/2022:06:15:25 -0800] "GET /wdc/gtown08b.jpg HTTP/1.1" 200 55792 "https://ysfine.com/wdc/wasdc.html" "Mozilla/5.0 (Linux; Android 12; Pixel 4a (5G)) AppleWebKit/537.36 (KHTML, like Gecko) Chrome/108.0.0.0 Mobile Safari/537.36" "ysfine.com"
174.192.201.239 - - [21/Dec/2022:06:15:25 -0800] "GET /wdc/gtown03b.jpg HTTP/1.1" 200 50421 "https://ysfine.com/wdc/wasdc.html" "Mozilla/5.0 (Linux; Android 12; Pixel 4a (5G)) AppleWebKit/537.36 (KHTML, like Gecko) Chrome/108.0.0.0 Mobile Safari/537.36" "ysfine.com"
174.192.201.239 - - [21/Dec/2022:06:15:25 -0800] "GET /wdc/koreaw33b.jpg HTTP/1.1" 200 39262 "https://ysfine.com/wdc/wasdc.html" "Mozilla/5.0 (Linux; Android 12; Pixel 4a (5G)) AppleWebKit/537.36 (KHTML, like Gecko) Chrome/108.0.0.0 Mobile Safari/537.36" "ysfine.com"
174.192.201.239 - - [21/Dec/2022:06:15:25 -0800] "GET /wdc/lincoln02b.jpg HTTP/1.1" 200 27630 "https://ysfine.com/wdc/wasdc.html" "Mozilla/5.0 (Linux; Android 12; Pixel 4a (5G)) AppleWebKit/537.36 (KHTML, like Gecko) Chrome/108.0.0.0 Mobile Safari/537.36" "ysfine.com"
174.192.201.239 - - [21/Dec/2022:06:15:25 -0800] "GET /wdc/washmo01b.jpg HTTP/1.1" 200 24586 "https://ysfine.com/wdc/wasdc.html" "Mozilla/5.0 (Linux; Android 12; Pixel 4a (5G)) AppleWebKit/537.36 (KHTML, like Gecko) Chrome/108.0.0.0 Mobile Safari/537.36" "ysfine.com"
174.192.201.239 - - [21/Dec/2022:06:15:25 -0800] "GET /wdc/kennedyc06b.jpg HTTP/1.1" 200 32476 "https://ysfine.com/wdc/wasdc.html" "Mozilla/5.0 (Linux; Android 12; Pixel 4a (5G)) AppleWebKit/537.36 (KHTML, like Gecko) Chrome/108.0.0.0 Mobile Safari/537.36" "ysfine.com"
174.192.201.239 - - [21/Dec/2022:06:15:25 -0800] "GET /wdc/reagan44b.jpg HTTP/1.1" 200 36340 "https://ysfine.com/wdc/wasdc.html" "Mozilla/5.0 (Linux; Android 12; Pixel 4a (5G)) AppleWebKit/537.36 (KHTML, like Gecko) Chrome/108.0.0.0 Mobile Safari/537.36" "ysfine.com"
174.192.201.239 - - [21/Dec/2022:06:15:25 -0800] "GET /style/kirovken22b.jpg HTTP/1.1" 200 36856 "https://ysfine.com/wdc/wasdc.html" "Mozilla/5.0 (Linux; Android 12; Pixel 4a (5G)) AppleWebKit/537.36 (KHTML, like Gecko) Chrome/108.0.0.0 Mobile Safari/537.36" "ysfine.com"
174.192.201.239 - - [21/Dec/2022:06:15:25 -0800] "GET /wdc/kennedyc05b.jpg HTTP/1.1" 200 26902 "https://ysfine.com/wdc/wasdc.html" "Mozilla/5.0 (Linux; Android 12; Pixel 4a (5G)) AppleWebKit/537.36 (KHTML, like Gecko) Chrome/108.0.0.0 Mobile Safari/537.36" "ysfine.com"
174.192.201.239 - - [21/Dec/2022:06:15:25 -0800] "GET /wdc/obelisk11b.jpg HTTP/1.1" 200 30019 "https://ysfine.com/wdc/wasdc.html" "Mozilla/5.0 (Linux; Android 12; Pixel 4a (5G)) AppleWebKit/537.36 (KHTML, like Gecko) Chrome/108.0.0.0 Mobile Safari/537.36" "ysfine.com"
174.192.201.239 - - [21/Dec/2022:06:15:25 -0800] "GET /wdc/sakura10b.jpg HTTP/1.1" 200 43136 "https://ysfine.com/wdc/wasdc.html" "Mozilla/5.0 (Linux; Android 12; Pixel 4a (5G)) AppleWebKit/537.36 (KHTML, like Gecko) Chrome/108.0.0.0 Mobile Safari/537.36" "ysfine.com"
174.192.201.239 - - [21/Dec/2022:06:15:25 -0800] "GET /wdc/washmo07b.jpg HTTP/1.1" 200 34166 "https://ysfine.com/wdc/wasdc.html" "Mozilla/5.0 (Linux; Android 12; Pixel 4a (5G)) AppleWebKit/537.36 (KHTML, like Gecko) Chrome/108.0.0.0 Mobile Safari/537.36" "ysfine.com"
174.192.201.239 - - [21/Dec/2022:06:15:25 -0800] "GET /wdc/ndu11b.jpg HTTP/1.1" 200 33978 "https://ysfine.com/wdc/wasdc.html" "Mozilla/5.0 (Linux; Android 12; Pixel 4a (5G)) AppleWebKit/537.36 (KHTML, like Gecko) Chrome/108.0.0.0 Mobile Safari/537.36" "ysfine.com"
174.192.201.239 - - [21/Dec/2022:06:15:25 -0800] "GET /wdc/eindc03b.jpg HTTP/1.1" 200 54447 "https://ysfine.com/wdc/wasdc.html" "Mozilla/5.0 (Linux; Android 12; Pixel 4a (5G)) AppleWebKit/537.36 (KHTML, like Gecko) Chrome/108.0.0.0 Mobile Safari/537.36" "ysfine.com"
174.192.201.239 - - [21/Dec/2022:06:15:25 -0800] "GET /wdc/corco33b.jpg HTTP/1.1" 200 31692 "https://ysfine.com/wdc/wasdc.html" "Mozilla/5.0 (Linux; Android 12; Pixel 4a (5G)) AppleWebKit/537.36 (KHTML, like Gecko) Chrome/108.0.0.0 Mobile Safari/537.36" "ysfine.com"
174.192.201.239 - - [21/Dec/2022:06:15:25 -0800] "GET /wdc/heyadams22b.jpg HTTP/1.1" 200 40428 "https://ysfine.com/wdc/wasdc.html" "Mozilla/5.0 (Linux; Android 12; Pixel 4a (5G)) AppleWebKit/537.36 (KHTML, like Gecko) Chrome/108.0.0.0 Mobile Safari/537.36" "ysfine.com"
174.192.201.239 - - [21/Dec/2022:06:15:25 -0800] "GET /wdc/jeffm02b.jpg HTTP/1.1" 200 32468 "https://ysfine.com/wdc/wasdc.html" "Mozilla/5.0 (Linux; Android 12; Pixel 4a (5G)) AppleWebKit/537.36 (KHTML, like Gecko) Chrome/108.0.0.0 Mobile Safari/537.36" "ysfine.com"
174.192.201.239 - - [21/Dec/2022:06:15:25 -0800] "GET /wdc/gtown23b.jpg HTTP/1.1" 200 37749 "https://ysfine.com/wdc/wasdc.html" "Mozilla/5.0 (Linux; Android 12; Pixel 4a (5G)) AppleWebKit/537.36 (KHTML, like Gecko) Chrome/108.0.0.0 Mobile Safari/537.36" "ysfine.com"
174.192.201.239 - - [21/Dec/2022:06:15:25 -0800] "GET /wdc/anna05b.jpg HTTP/1.1" 200 39615 "https://ysfine.com/wdc/wasdc.html" "Mozilla/5.0 (Linux; Android 12; Pixel 4a (5G)) AppleWebKit/537.36 (KHTML, like Gecko) Chrome/108.0.0.0 Mobile Safari/537.36" "ysfine.com"
174.192.201.239 - - [21/Dec/2022:06:15:25 -0800] "GET /wdc/gtown37c.jpg HTTP/1.1" 200 49301 "https://ysfine.com/wdc/wasdc.html" "Mozilla/5.0 (Linux; Android 12; Pixel 4a (5G)) AppleWebKit/537.36 (KHTML, like Gecko) Chrome/108.0.0.0 Mobile Safari/537.36" "ysfine.com"
174.192.201.239 - - [21/Dec/2022:06:15:25 -0800] "GET /wdc/gtown24b.jpg HTTP/1.1" 200 35392 "https://ysfine.com/wdc/wasdc.html" "Mozilla/5.0 (Linux; Android 12; Pixel 4a (5G)) AppleWebKit/537.36 (KHTML, like Gecko) Chrome/108.0.0.0 Mobile Safari/537.36" "ysfine.com"
174.192.201.239 - - [21/Dec/2022:06:15:25 -0800] "GET /wdc/gtown15b.jpg HTTP/1.1" 200 38625 "https://ysfine.com/wdc/wasdc.html" "Mozilla/5.0 (Linux; Android 12; Pixel 4a (5G)) AppleWebKit/537.36 (KHTML, like Gecko) Chrome/108.0.0.0 Mobile Safari/537.36" "ysfine.com"
174.192.201.239 - - [21/Dec/2022:06:15:25 -0800] "GET /maga/invent/marconi03b.jpg HTTP/1.1" 200 47650 "https://ysfine.com/wdc/wasdc.html" "Mozilla/5.0 (Linux; Android 12; Pixel 4a (5G)) AppleWebKit/537.36 (KHTML, like Gecko) Chrome/108.0.0.0 Mobile Safari/537.36" "ysfine.com"
174.192.201.239 - - [21/Dec/2022:06:15:25 -0800] "GET /wdc/gtown32c.jpg HTTP/1.1" 200 40837 "https://ysfine.com/wdc/wasdc.html" "Mozilla/5.0 (Linux; Android 12; Pixel 4a (5G)) AppleWebKit/537.36 (KHTML, like Gecko) Chrome/108.0.0.0 Mobile Safari/537.36" "ysfine.com"
174.192.201.239 - - [21/Dec/2022:06:15:25 -0800] "GET /wdc/ww2m66b.jpg HTTP/1.1" 200 32234 "https://ysfine.com/wdc/wasdc.html" "Mozilla/5.0 (Linux; Android 12; Pixel 4a (5G)) AppleWebKit/537.36 (KHTML, like Gecko) Chrome/108.0.0.0 Mobile Safari/537.36" "ysfine.com"
174.192.201.239 - - [21/Dec/2022:06:15:25 -0800] "GET /wdc/whxmas/whxmas01b.jpg HTTP/1.1" 200 22089 "https://ysfine.com/wdc/wasdc.html" "Mozilla/5.0 (Linux; Android 12; Pixel 4a (5G)) AppleWebKit/537.36 (KHTML, like Gecko) Chrome/108.0.0.0 Mobile Safari/537.36" "ysfine.com"
216.244.66.229 - - [21/Dec/2022:06:15:31 -0800] "GET /world/china/dalian31.jpg HTTP/1.1" 200 78744 "-" "Mozilla/5.0 (compatible; DotBot/1.2; +https://opensiteexplorer.org/dotbot; help@moz.com)" "ysfine.com"
84.46.245.21 - - [21/Dec/2022:06:15:40 -0800] "GET /robots.txt HTTP/1.1" 404 73 "-" "Mozilla/5.0 (compatible; MJ12bot/v1.4.8; http://mj12bot.com/)" "www.ysfine.com"
157.55.39.1 - - [21/Dec/2022:06:15:49 -0800] "GET /wigner/maxwig.html HTTP/1.1" 200 8080 "-" "Mozilla/5.0 AppleWebKit/537.36 (KHTML, like Gecko; compatible; bingbot/2.0; +http://www.bing.com/bingbot.htm) Chrome/103.0.5060.134 Safari/537.36" "ysfine.com"
84.46.245.21 - - [21/Dec/2022:06:15:51 -0800] "GET /confer/http%C3%84://medres.online/materialsscience/2020 HTTP/1.1" 404 88 "-" "Mozilla/5.0 (compatible; MJ12bot/v1.4.8; http://mj12bot.com/)" "www.ysfine.com"
216.244.66.229 - - [21/Dec/2022:06:15:54 -0800] "GET /world/china/shenyang58.jpg HTTP/1.1" 200 90101 "-" "Mozilla/5.0 (compatible; DotBot/1.2; +https://opensiteexplorer.org/dotbot; help@moz.com)" "ysfine.com"
84.46.245.21 - - [21/Dec/2022:06:16:02 -0800] "GET /kowar/kowar001.jpg HTTP/1.1" 200 240938 "-" "Mozilla/5.0 (compatible; MJ12bot/v1.4.8; http://mj12bot.com/)" "www.ysfine.com"
216.244.66.229 - - [21/Dec/2022:06:16:14 -0800] "GET /world/france/arles08.jpg HTTP/1.1" 200 95208 "-" "Mozilla/5.0 (compatible; DotBot/1.2; +https://opensiteexplorer.org/dotbot; help@moz.com)" "ysfine.com"
84.46.245.21 - - [21/Dec/2022:06:16:22 -0800] "GET /einstein/ulm.html HTTP/1.1" 200 6713 "-" "Mozilla/5.0 (compatible; MJ12bot/v1.4.8; http://mj12bot.com/)" "www.ysfine.com"
84.46.245.21 - - [21/Dec/2022:06:16:32 -0800] "GET /world/kor/sel803.jpg HTTP/1.1" 200 195155 "-" "Mozilla/5.0 (compatible; MJ12bot/v1.4.8; http://mj12bot.com/)" "www.ysfine.com"
216.244.66.229 - - [21/Dec/2022:06:16:33 -0800] "GET /world/germany/benz11.jpg HTTP/1.1" 200 72297 "-" "Mozilla/5.0 (compatible; DotBot/1.2; +https://opensiteexplorer.org/dotbot; help@moz.com)" "ysfine.com"
216.244.66.229 - - [21/Dec/2022:06:16:51 -0800] "GET /world/germany/muc065.jpg HTTP/1.1" 200 111862 "-" "Mozilla/5.0 (compatible; DotBot/1.2; +https://opensiteexplorer.org/dotbot; help@moz.com)" "ysfine.com"
207.46.13.144 - - [21/Dec/2022:06:17:06 -0800] "GET /maga/phys/heisen22.jpg HTTP/1.1" 200 82807 "-" "Mozilla/5.0 AppleWebKit/537.36 (KHTML, like Gecko; compatible; bingbot/2.0; +http://www.bing.com/bingbot.htm) Chrome/103.0.5060.134 Safari/537.36" "ysfine.com"
207.46.13.144 - - [21/Dec/2022:06:17:06 -0800] "GET /bio/feynman/fphoto.html HTTP/1.1" 404 88 "-" "Mozilla/5.0 (compatible; bingbot/2.0; +http://www.bing.com/bingbot.htm)" "ysfine.com"
207.46.13.144 - - [21/Dec/2022:06:17:06 -0800] "GET /world/feynrio.html HTTP/1.1" 200 8831 "-" "Mozilla/5.0 (compatible; bingbot/2.0; +http://www.bing.com/bingbot.htm)" "ysfine.com"
216.244.66.229 - - [21/Dec/2022:06:17:07 -0800] "GET /world/germany/perga11.jpg HTTP/1.1" 200 110500 "-" "Mozilla/5.0 (compatible; DotBot/1.2; +https://opensiteexplorer.org/dotbot; help@moz.com)" "ysfine.com"
5.255.231.206 - - [21/Dec/2022:06:17:23 -0800] "GET /usca/pitt/chungho1.pdf HTTP/1.1" 200 795445 "-" "Mozilla/5.0 (compatible; YandexBot/3.0; +http://yandex.com/bots)" "www.ysfine.com"
216.244.66.229 - - [21/Dec/2022:06:17:23 -0800] "GET /world/hungary/buda041.jpg HTTP/1.1" 200 112506 "-" "Mozilla/5.0 (compatible; DotBot/1.2; +https://opensiteexplorer.org/dotbot; help@moz.com)" "ysfine.com"
185.191.171.26 - - [21/Dec/2022:06:17:28 -0800] "GET /feynman/fagenda.html HTTP/1.1" 200 2089 "-" "Mozilla/5.0 (compatible; SemrushBot/7~bl; +http://www.semrush.com/bot.html)" "www.ysfine.com"
216.244.66.229 - - [21/Dec/2022:06:17:38 -0800] "GET /world/poland/gdn13.jpg HTTP/1.1" 200 108693 "-" "Mozilla/5.0 (compatible; DotBot/1.2; +https://opensiteexplorer.org/dotbot; help@moz.com)" "ysfine.com"
216.244.66.229 - - [21/Dec/2022:06:17:52 -0800] "GET /world/poland/polstu02.jpg HTTP/1.1" 200 106233 "-" "Mozilla/5.0 (compatible; DotBot/1.2; +https://opensiteexplorer.org/dotbot; help@moz.com)" "ysfine.com"
216.244.66.229 - - [21/Dec/2022:06:18:05 -0800] "GET /world/russ/redsq48.jpg HTTP/1.1" 200 92715 "-" "Mozilla/5.0 (compatible; DotBot/1.2; +https://opensiteexplorer.org/dotbot; help@moz.com)" "ysfine.com"
207.46.13.51 - - [21/Dec/2022:06:18:10 -0800] "GET /bio/optics.html HTTP/1.1" 404 88 "-" "Mozilla/5.0 AppleWebKit/537.36 (KHTML, like Gecko; compatible; bingbot/2.0; +http://www.bing.com/bingbot.htm) Chrome/103.0.5060.134 Safari/537.36" "ysfine.com"
216.244.66.229 - - [21/Dec/2022:06:18:16 -0800] "GET /world/scandi/copen079.jpg HTTP/1.1" 200 117486 "-" "Mozilla/5.0 (compatible; DotBot/1.2; +https://opensiteexplorer.org/dotbot; help@moz.com)" "ysfine.com"
2.92.125.8 - - [21/Dec/2022:06:19:16 -0800] "GET /princeton/nasshall01.jpg HTTP/1.1" 200 169242 "https://www.google.com/" "Mozilla/5.0 (Windows NT 10.0; Win64; x64) AppleWebKit/537.36 (KHTML, like Gecko) Chrome/108.0.0.0 Safari/537.36" "ysfine.com"
157.55.39.62 - - [21/Dec/2022:06:19:17 -0800] "GET /bio/genea.html HTTP/1.1" 404 88 "-" "Mozilla/5.0 (compatible; bingbot/2.0; +http://www.bing.com/bingbot.htm)" "ysfine.com"
207.46.13.51 - - [21/Dec/2022:06:19:54 -0800] "GET /bio/style/rieu.html HTTP/1.1" 404 88 "-" "Mozilla/5.0 (compatible; bingbot/2.0; +http://www.bing.com/bingbot.htm)" "ysfine.com"
207.46.13.144 - - [21/Dec/2022:06:20:06 -0800] "GET /world/russ/volga23.jpg HTTP/1.1" 200 139621 "-" "Mozilla/5.0 AppleWebKit/537.36 (KHTML, like Gecko; compatible; bingbot/2.0; +http://www.bing.com/bingbot.htm) Chrome/103.0.5060.134 Safari/537.36" "www.ysfine.com"
157.55.39.43 - - [21/Dec/2022:06:20:36 -0800] "GET /kobak/shortw.html HTTP/1.1" 200 3128 "-" "Mozilla/5.0 AppleWebKit/537.36 (KHTML, like Gecko; compatible; bingbot/2.0; +http://www.bing.com/bingbot.htm) Chrome/103.0.5060.134 Safari/537.36" "ysfine.com"
174.192.201.239 - - [21/Dec/2022:06:21:01 -0800] "GET /style/proschanie.html HTTP/1.1" 200 4801 "https://ysfine.com/wdc/wasdc.html" "Mozilla/5.0 (Linux; Android 12; Pixel 4a (5G)) AppleWebKit/537.36 (KHTML, like Gecko) Chrome/108.0.0.0 Mobile Safari/537.36" "ysfine.com"
174.192.201.239 - - [21/Dec/2022:06:21:01 -0800] "GET /kobak/taylor11b.jpg HTTP/1.1" 200 42467 "https://ysfine.com/style/proschanie.html" "Mozilla/5.0 (Linux; Android 12; Pixel 4a (5G)) AppleWebKit/537.36 (KHTML, like Gecko) Chrome/108.0.0.0 Mobile Safari/537.36" "ysfine.com"
174.192.201.239 - - [21/Dec/2022:06:21:01 -0800] "GET /style/yjk11b.jpg HTTP/1.1" 200 48043 "https://ysfine.com/style/proschanie.html" "Mozilla/5.0 (Linux; Android 12; Pixel 4a (5G)) AppleWebKit/537.36 (KHTML, like Gecko) Chrome/108.0.0.0 Mobile Safari/537.36" "ysfine.com"
174.192.201.239 - - [21/Dec/2022:06:21:01 -0800] "GET /style/cameras/fed3b.jpg HTTP/1.1" 200 42824 "https://ysfine.com/style/proschanie.html" "Mozilla/5.0 (Linux; Android 12; Pixel 4a (5G)) AppleWebKit/537.36 (KHTML, like Gecko) Chrome/108.0.0.0 Mobile Safari/537.36" "ysfine.com"
174.192.201.239 - - [21/Dec/2022:06:21:01 -0800] "GET /world/russ/roskei90b.jpg HTTP/1.1" 200 50111 "https://ysfine.com/style/proschanie.html" "Mozilla/5.0 (Linux; Android 12; Pixel 4a (5G)) AppleWebKit/537.36 (KHTML, like Gecko) Chrome/108.0.0.0 Mobile Safari/537.36" "ysfine.com"
174.192.201.239 - - [21/Dec/2022:06:21:01 -0800] "GET /world/russ/roskei01b.jpg HTTP/1.1" 200 20978 "https://ysfine.com/style/proschanie.html" "Mozilla/5.0 (Linux; Android 12; Pixel 4a (5G)) AppleWebKit/537.36 (KHTML, like Gecko) Chrome/108.0.0.0 Mobile Safari/537.36" "ysfine.com"
81.36.22.239 - - [21/Dec/2022:06:21:38 -0800] "GET /kowar/tanks/tank05.jpg HTTP/1.1" 200 222063 "https://www.google.com/" "Mozilla/5.0 (Windows NT 10.0; Win64; x64) AppleWebKit/537.36 (KHTML, like Gecko) Chrome/106.0.0.0 Safari/537.36 OPR/92.0.0.0" "ysfine.com"
207.46.13.144 - - [21/Dec/2022:06:22:33 -0800] "GET /bio/pquartet.html HTTP/1.1" 404 88 "-" "Mozilla/5.0 (compatible; bingbot/2.0; +http://www.bing.com/bingbot.htm)" "ysfine.com"
157.55.39.43 - - [21/Dec/2022:06:22:42 -0800] "GET /bio/sbk/1950.html HTTP/1.1" 404 88 "-" "Mozilla/5.0 AppleWebKit/537.36 (KHTML, like Gecko; compatible; bingbot/2.0; +http://www.bing.com/bingbot.htm) Chrome/103.0.5060.134 Safari/537.36" "ysfine.com"
76.195.205.90 - - [21/Dec/2022:06:22:58 -0800] "GET /wisdom/bigpower01.jpg HTTP/1.1" 200 77902 "https://www.google.com/" "Mozilla/5.0 (X11; CrOS x86_64 15117.87.0) AppleWebKit/537.36 (KHTML, like Gecko) Chrome/107.0.0.0 Safari/537.36" "ysfine.com"
207.46.13.8 - - [21/Dec/2022:06:23:03 -0800] "GET /style/cameras/contax.html HTTP/1.1" 200 3773 "-" "Mozilla/5.0 (compatible; bingbot/2.0; +http://www.bing.com/bingbot.htm)" "ysfine.com"
18.208.145.91 - - [21/Dec/2022:06:23:56 -0800] "GET /ads.txt HTTP/1.1" 404 88 "-" "AdsTxtCrawler/1.0.2" "ysfine.com"
207.46.13.144 - - [21/Dec/2022:06:24:49 -0800] "GET /newyork/columbia.html HTTP/1.1" 200 3175 "-" "Mozilla/5.0 (compatible; bingbot/2.0; +http://www.bing.com/bingbot.htm)" "ysfine.com"
207.46.13.144 - - [21/Dec/2022:06:24:50 -0800] "GET /einstein/einnobel.html HTTP/1.1" 200 8152 "-" "Mozilla/5.0 AppleWebKit/537.36 (KHTML, like Gecko; compatible; bingbot/2.0; +http://www.bing.com/bingbot.htm) Chrome/103.0.5060.134 Safari/537.36" "ysfine.com"
207.46.13.144 - - [21/Dec/2022:06:25:18 -0800] "GET /einstein/einabel.html HTTP/1.1" 200 5982 "-" "Mozilla/5.0 (compatible; bingbot/2.0; +http://www.bing.com/bingbot.htm)" "ysfine.com"
81.36.22.239 - - [21/Dec/2022:06:25:21 -0800] "GET /kowar/tanks.html HTTP/1.1" 200 8699 "https://www.google.com/" "Mozilla/5.0 (Windows NT 10.0; Win64; x64) AppleWebKit/537.36 (KHTML, like Gecko) Chrome/106.0.0.0 Safari/537.36 OPR/92.0.0.0" "ysfine.com"
81.36.22.239 - - [21/Dec/2022:06:25:22 -0800] "GET /kowar/tanks/tank01b.jpg HTTP/1.1" 200 43748 "https://ysfine.com/kowar/tanks.html" "Mozilla/5.0 (Windows NT 10.0; Win64; x64) AppleWebKit/537.36 (KHTML, like Gecko) Chrome/106.0.0.0 Safari/537.36 OPR/92.0.0.0" "ysfine.com"
81.36.22.239 - - [21/Dec/2022:06:25:22 -0800] "GET /kowar/tanks/tank05b.jpg HTTP/1.1" 200 48742 "https://ysfine.com/kowar/tanks.html" "Mozilla/5.0 (Windows NT 10.0; Win64; x64) AppleWebKit/537.36 (KHTML, like Gecko) Chrome/106.0.0.0 Safari/537.36 OPR/92.0.0.0" "ysfine.com"
81.36.22.239 - - [21/Dec/2022:06:25:22 -0800] "GET /kowar/tanks/tank07b.jpg HTTP/1.1" 200 40314 "https://ysfine.com/kowar/tanks.html" "Mozilla/5.0 (Windows NT 10.0; Win64; x64) AppleWebKit/537.36 (KHTML, like Gecko) Chrome/106.0.0.0 Safari/537.36 OPR/92.0.0.0" "ysfine.com"
81.36.22.239 - - [21/Dec/2022:06:25:22 -0800] "GET /kowar/tanks/tank04b.jpg HTTP/1.1" 200 48757 "https://ysfine.com/kowar/tanks.html" "Mozilla/5.0 (Windows NT 10.0; Win64; x64) AppleWebKit/537.36 (KHTML, like Gecko) Chrome/106.0.0.0 Safari/537.36 OPR/92.0.0.0" "ysfine.com"
81.36.22.239 - - [21/Dec/2022:06:25:22 -0800] "GET /kowar/tanks/sherman43b.jpg HTTP/1.1" 200 28142 "https://ysfine.com/kowar/tanks.html" "Mozilla/5.0 (Windows NT 10.0; Win64; x64) AppleWebKit/537.36 (KHTML, like Gecko) Chrome/106.0.0.0 Safari/537.36 OPR/92.0.0.0" "ysfine.com"
81.36.22.239 - - [21/Dec/2022:06:25:22 -0800] "GET /kowar/tanks/sherman58b.jpg HTTP/1.1" 200 37300 "https://ysfine.com/kowar/tanks.html" "Mozilla/5.0 (Windows NT 10.0; Win64; x64) AppleWebKit/537.36 (KHTML, like Gecko) Chrome/106.0.0.0 Safari/537.36 OPR/92.0.0.0" "ysfine.com"
81.36.22.239 - - [21/Dec/2022:06:25:22 -0800] "GET /kowar/tanks/tank54b.jpg HTTP/1.1" 200 38354 "https://ysfine.com/kowar/tanks.html" "Mozilla/5.0 (Windows NT 10.0; Win64; x64) AppleWebKit/537.36 (KHTML, like Gecko) Chrome/106.0.0.0 Safari/537.36 OPR/92.0.0.0" "ysfine.com"
81.36.22.239 - - [21/Dec/2022:06:25:22 -0800] "GET /kowar/tanks/tank02b.jpg HTTP/1.1" 200 30002 "https://ysfine.com/kowar/tanks.html" "Mozilla/5.0 (Windows NT 10.0; Win64; x64) AppleWebKit/537.36 (KHTML, like Gecko) Chrome/106.0.0.0 Safari/537.36 OPR/92.0.0.0" "ysfine.com"
81.36.22.239 - - [21/Dec/2022:06:25:22 -0800] "GET /kowar/tanks/tank21b.jpg HTTP/1.1" 200 26768 "https://ysfine.com/kowar/tanks.html" "Mozilla/5.0 (Windows NT 10.0; Win64; x64) AppleWebKit/537.36 (KHTML, like Gecko) Chrome/106.0.0.0 Safari/537.36 OPR/92.0.0.0" "ysfine.com"
81.36.22.239 - - [21/Dec/2022:06:25:22 -0800] "GET /kowar/tanks/tank22b.jpg HTTP/1.1" 200 37945 "https://ysfine.com/kowar/tanks.html" "Mozilla/5.0 (Windows NT 10.0; Win64; x64) AppleWebKit/537.36 (KHTML, like Gecko) Chrome/106.0.0.0 Safari/537.36 OPR/92.0.0.0" "ysfine.com"
81.36.22.239 - - [21/Dec/2022:06:25:22 -0800] "GET /kowar/tanks/southhorse2.jpg HTTP/1.1" 200 51359 "https://ysfine.com/kowar/tanks.html" "Mozilla/5.0 (Windows NT 10.0; Win64; x64) AppleWebKit/537.36 (KHTML, like Gecko) Chrome/106.0.0.0 Safari/537.36 OPR/92.0.0.0" "ysfine.com"
81.36.22.239 - - [21/Dec/2022:06:25:22 -0800] "GET /kowar/tanks/sherman44b.jpg HTTP/1.1" 200 34454 "https://ysfine.com/kowar/tanks.html" "Mozilla/5.0 (Windows NT 10.0; Win64; x64) AppleWebKit/537.36 (KHTML, like Gecko) Chrome/106.0.0.0 Safari/537.36 OPR/92.0.0.0" "ysfine.com"
81.36.22.239 - - [21/Dec/2022:06:25:22 -0800] "GET /kowar/tanks/m60b.jpg HTTP/1.1" 200 31548 "https://ysfine.com/kowar/tanks.html" "Mozilla/5.0 (Windows NT 10.0; Win64; x64) AppleWebKit/537.36 (KHTML, like Gecko) Chrome/106.0.0.0 Safari/537.36 OPR/92.0.0.0" "ysfine.com"
81.36.22.239 - - [21/Dec/2022:06:25:22 -0800] "GET /kowar/tanks/stalinorg2.jpg HTTP/1.1" 200 50939 "https://ysfine.com/kowar/tanks.html" "Mozilla/5.0 (Windows NT 10.0; Win64; x64) AppleWebKit/537.36 (KHTML, like Gecko) Chrome/106.0.0.0 Safari/537.36 OPR/92.0.0.0" "ysfine.com"
81.36.22.239 - - [21/Dec/2022:06:25:22 -0800] "GET /kowar/tanks/m01b.jpg HTTP/1.1" 200 28921 "https://ysfine.com/kowar/tanks.html" "Mozilla/5.0 (Windows NT 10.0; Win64; x64) AppleWebKit/537.36 (KHTML, like Gecko) Chrome/106.0.0.0 Safari/537.36 OPR/92.0.0.0" "ysfine.com"
81.36.22.239 - - [21/Dec/2022:06:25:22 -0800] "GET /kowar/tanks/tank03b.jpg HTTP/1.1" 200 42892 "https://ysfine.com/kowar/tanks.html" "Mozilla/5.0 (Windows NT 10.0; Win64; x64) AppleWebKit/537.36 (KHTML, like Gecko) Chrome/106.0.0.0 Safari/537.36 OPR/92.0.0.0" "ysfine.com"
81.36.22.239 - - [21/Dec/2022:06:25:22 -0800] "GET /kowar/tanks/m46cb.jpg HTTP/1.1" 200 35273 "https://ysfine.com/kowar/tanks.html" "Mozilla/5.0 (Windows NT 10.0; Win64; x64) AppleWebKit/537.36 (KHTML, like Gecko) Chrome/106.0.0.0 Safari/537.36 OPR/92.0.0.0" "ysfine.com"
81.36.22.239 - - [21/Dec/2022:06:25:22 -0800] "GET /kowar/tanks/m24b.jpg HTTP/1.1" 200 37948 "https://ysfine.com/kowar/tanks.html" "Mozilla/5.0 (Windows NT 10.0; Win64; x64) AppleWebKit/537.36 (KHTML, like Gecko) Chrome/106.0.0.0 Safari/537.36 OPR/92.0.0.0" "ysfine.com"
183.79.251.212 - - [21/Dec/2022:06:26:42 -0800] "GET /kowar/panmun04.jpg HTTP/1.1" 200 126386 "-" "Mozilla/5.0 (iPhone; CPU iPhone OS 16_1_1 like Mac OS X) AppleWebKit/605.1.15 (KHTML, like Gecko) Version/16.1 Mobile/15E148 Safari/604.1" "ysfine.com"
207.46.13.51 - - [21/Dec/2022:06:26:52 -0800] "GET /bio/kobak/soraech.html HTTP/1.1" 404 88 "-" "Mozilla/5.0 AppleWebKit/537.36 (KHTML, like Gecko; compatible; bingbot/2.0; +http://www.bing.com/bingbot.htm) Chrome/103.0.5060.134 Safari/537.36" "ysfine.com"
157.55.39.62 - - [21/Dec/2022:06:27:07 -0800] "GET /world/kiev.html HTTP/1.1" 200 4582 "-" "Mozilla/5.0 AppleWebKit/537.36 (KHTML, like Gecko; compatible; bingbot/2.0; +http://www.bing.com/bingbot.htm) Chrome/103.0.5060.134 Safari/537.36" "ysfine.com"
207.46.13.8 - - [21/Dec/2022:06:27:12 -0800] "GET /einstein/further.html HTTP/1.1" 200 4338 "-" "Mozilla/5.0 (compatible; bingbot/2.0; +http://www.bing.com/bingbot.htm)" "ysfine.com"
111.242.70.166 - - [21/Dec/2022:06:27:22 -0800] "GET /kobak/rheetr11b.jpg HTTP/1.1" 200 43503 "https://www.google.com/" "Mozilla/5.0 (Windows NT 10.0; Win64; x64) AppleWebKit/537.36 (KHTML, like Gecko) Chrome/108.0.0.0 Safari/537.36" "ysfine.com"
111.242.70.166 - - [21/Dec/2022:06:27:22 -0800] "GET /wdc/kopol.html HTTP/1.1" 200 6514 "https://www.google.com/" "Mozilla/5.0 (Windows NT 10.0; Win64; x64) AppleWebKit/537.36 (KHTML, like Gecko) Chrome/108.0.0.0 Safari/537.36" "ysfine.com"
111.242.70.166 - - [21/Dec/2022:06:27:23 -0800] "GET /kobak/rheeh2.jpg HTTP/1.1" 200 31399 "https://ysfine.com/wdc/kopol.html" "Mozilla/5.0 (Windows NT 10.0; Win64; x64) AppleWebKit/537.36 (KHTML, like Gecko) Chrome/108.0.0.0 Safari/537.36" "ysfine.com"
111.242.70.166 - - [21/Dec/2022:06:27:23 -0800] "GET /kobak/rheetr11b.jpg HTTP/1.1" 200 43503 "https://ysfine.com/wdc/kopol.html" "Mozilla/5.0 (Windows NT 10.0; Win64; x64) AppleWebKit/537.36 (KHTML, like Gecko) Chrome/108.0.0.0 Safari/537.36" "ysfine.com"
111.242.70.166 - - [21/Dec/2022:06:27:23 -0800] "GET /kobak/eisenhower11b.jpg HTTP/1.1" 200 35563 "https://ysfine.com/wdc/kopol.html" "Mozilla/5.0 (Windows NT 10.0; Win64; x64) AppleWebKit/537.36 (KHTML, like Gecko) Chrome/108.0.0.0 Safari/537.36" "ysfine.com"
111.242.70.166 - - [21/Dec/2022:06:27:23 -0800] "GET /kobak/eisenhower22b.jpg HTTP/1.1" 200 43010 "https://ysfine.com/wdc/kopol.html" "Mozilla/5.0 (Windows NT 10.0; Win64; x64) AppleWebKit/537.36 (KHTML, like Gecko) Chrome/108.0.0.0 Safari/537.36" "ysfine.com"
111.242.70.166 - - [21/Dec/2022:06:27:24 -0800] "GET /kobak/eisenhower33b.jpg HTTP/1.1" 200 49308 "https://ysfine.com/wdc/kopol.html" "Mozilla/5.0 (Windows NT 10.0; Win64; x64) AppleWebKit/537.36 (KHTML, like Gecko) Chrome/108.0.0.0 Safari/537.36" "ysfine.com"
111.242.70.166 - - [21/Dec/2022:06:27:25 -0800] "GET /wigner/lunch270.jpg HTTP/1.1" 200 40293 "https://ysfine.com/wdc/kopol.html" "Mozilla/5.0 (Windows NT 10.0; Win64; x64) AppleWebKit/537.36 (KHTML, like Gecko) Chrome/108.0.0.0 Safari/537.36" "ysfine.com"
111.242.70.166 - - [21/Dec/2022:06:27:25 -0800] "GET /wigner/supper270.jpg HTTP/1.1" 200 30359 "https://ysfine.com/wdc/kopol.html" "Mozilla/5.0 (Windows NT 10.0; Win64; x64) AppleWebKit/537.36 (KHTML, like Gecko) Chrome/108.0.0.0 Safari/537.36" "ysfine.com"
157.55.39.1 - - [21/Dec/2022:06:27:25 -0800] "GET /bio/kobak/namdae.html HTTP/1.1" 404 88 "-" "Mozilla/5.0 (compatible; bingbot/2.0; +http://www.bing.com/bingbot.htm)" "ysfine.com"
111.242.70.166 - - [21/Dec/2022:06:27:25 -0800] "GET /einstein/eink24b.jpg HTTP/1.1" 200 42003 "https://ysfine.com/wdc/kopol.html" "Mozilla/5.0 (Windows NT 10.0; Win64; x64) AppleWebKit/537.36 (KHTML, like Gecko) Chrome/108.0.0.0 Safari/537.36" "ysfine.com"
111.242.70.166 - - [21/Dec/2022:06:27:26 -0800] "GET /wdc/kopol01b.jpg HTTP/1.1" 200 34148 "https://ysfine.com/wdc/kopol.html" "Mozilla/5.0 (Windows NT 10.0; Win64; x64) AppleWebKit/537.36 (KHTML, like Gecko) Chrome/108.0.0.0 Safari/537.36" "ysfine.com"
111.242.70.166 - - [21/Dec/2022:06:27:26 -0800] "GET /wdc/kopol03b.jpg HTTP/1.1" 200 35109 "https://ysfine.com/wdc/kopol.html" "Mozilla/5.0 (Windows NT 10.0; Win64; x64) AppleWebKit/537.36 (KHTML, like Gecko) Chrome/108.0.0.0 Safari/537.36" "ysfine.com"
111.242.70.166 - - [21/Dec/2022:06:27:27 -0800] "GET /wdc/kopol02b.jpg HTTP/1.1" 200 34049 "https://ysfine.com/wdc/kopol.html" "Mozilla/5.0 (Windows NT 10.0; Win64; x64) AppleWebKit/537.36 (KHTML, like Gecko) Chrome/108.0.0.0 Safari/537.36" "ysfine.com"
111.242.70.166 - - [21/Dec/2022:06:27:27 -0800] "GET /wdc/kopol05b.jpg HTTP/1.1" 200 33796 "https://ysfine.com/wdc/kopol.html" "Mozilla/5.0 (Windows NT 10.0; Win64; x64) AppleWebKit/537.36 (KHTML, like Gecko) Chrome/108.0.0.0 Safari/537.36" "ysfine.com"
111.242.70.166 - - [21/Dec/2022:06:27:27 -0800] "GET /wdc/kopol06b.jpg HTTP/1.1" 200 40915 "https://ysfine.com/wdc/kopol.html" "Mozilla/5.0 (Windows NT 10.0; Win64; x64) AppleWebKit/537.36 (KHTML, like Gecko) Chrome/108.0.0.0 Safari/537.36" "ysfine.com"
111.242.70.166 - - [21/Dec/2022:06:27:28 -0800] "GET /wdc/shoreham11b.jpg HTTP/1.1" 200 43626 "https://ysfine.com/wdc/kopol.html" "Mozilla/5.0 (Windows NT 10.0; Win64; x64) AppleWebKit/537.36 (KHTML, like Gecko) Chrome/108.0.0.0 Safari/537.36" "ysfine.com"
