51.222.253.6 - - [21/Dec/2022:12:49:43 -0800] "GET /usca/pitt/tririver01b.jpg HTTP/1.1" 200 33477 "-" "Mozilla/5.0 (compatible; AhrefsBot/7.0; +http://ahrefs.com/robot/)" "www.ysfine.com"
51.222.253.2 - - [21/Dec/2022:12:49:44 -0800] "GET /usca/pitt/oldterm33b.jpg HTTP/1.1" 200 32151 "-" "Mozilla/5.0 (compatible; AhrefsBot/7.0; +http://ahrefs.com/robot/)" "www.ysfine.com"
51.222.253.7 - - [21/Dec/2022:12:49:44 -0800] "GET /usca/pitt/sbk57b.jpg HTTP/1.1" 200 29223 "-" "Mozilla/5.0 (compatible; AhrefsBot/7.0; +http://ahrefs.com/robot/)" "www.ysfine.com"
51.222.253.16 - - [21/Dec/2022:12:49:45 -0800] "GET /usca/pitt/pitcn01b.jpg HTTP/1.1" 200 45484 "-" "Mozilla/5.0 (compatible; AhrefsBot/7.0; +http://ahrefs.com/robot/)" "www.ysfine.com"
51.222.253.2 - - [21/Dec/2022:12:49:45 -0800] "GET /usca/pitt/sliderule2.jpg HTTP/1.1" 200 26399 "-" "Mozilla/5.0 (compatible; AhrefsBot/7.0; +http://ahrefs.com/robot/)" "www.ysfine.com"
51.222.253.10 - - [21/Dec/2022:12:49:45 -0800] "GET /usca/pitt/pittcath01b.jpg HTTP/1.1" 200 44385 "-" "Mozilla/5.0 (compatible; AhrefsBot/7.0; +http://ahrefs.com/robot/)" "www.ysfine.com"
51.222.253.12 - - [21/Dec/2022:12:49:46 -0800] "GET /usca/pitt/pghrail11b.jpg HTTP/1.1" 200 30494 "-" "Mozilla/5.0 (compatible; AhrefsBot/7.0; +http://ahrefs.com/robot/)" "www.ysfine.com"
51.222.253.16 - - [21/Dec/2022:12:49:46 -0800] "GET /usca/pitt/mtwash02b.jpg HTTP/1.1" 200 24526 "-" "Mozilla/5.0 (compatible; AhrefsBot/7.0; +http://ahrefs.com/robot/)" "www.ysfine.com"
51.222.253.8 - - [21/Dec/2022:12:49:47 -0800] "GET /usca/pitt/pitmap03b.jpg HTTP/1.1" 200 56177 "-" "Mozilla/5.0 (compatible; AhrefsBot/7.0; +http://ahrefs.com/robot/)" "www.ysfine.com"
51.222.253.20 - - [21/Dec/2022:12:49:47 -0800] "GET /usca/pitt/scotam2.jpg HTTP/1.1" 200 46187 "-" "Mozilla/5.0 (compatible; AhrefsBot/7.0; +http://ahrefs.com/robot/)" "www.ysfine.com"
51.222.253.11 - - [21/Dec/2022:12:49:47 -0800] "GET /kobak/samsung11b.jpg HTTP/1.1" 200 29084 "-" "Mozilla/5.0 (compatible; AhrefsBot/7.0; +http://ahrefs.com/robot/)" "www.ysfine.com"
51.222.253.11 - - [21/Dec/2022:12:49:48 -0800] "GET /usca/pitt/syriamos55b.jpg HTTP/1.1" 200 30284 "-" "Mozilla/5.0 (compatible; AhrefsBot/7.0; +http://ahrefs.com/robot/)" "www.ysfine.com"
51.222.253.17 - - [21/Dec/2022:12:49:48 -0800] "GET /usca/pitt/heinzfld03b.jpg HTTP/1.1" 200 604034 "-" "Mozilla/5.0 (compatible; AhrefsBot/7.0; +http://ahrefs.com/robot/)" "www.ysfine.com"
51.222.253.2 - - [21/Dec/2022:12:49:49 -0800] "GET /usca/pitt/knee22b.jpg HTTP/1.1" 200 43403 "-" "Mozilla/5.0 (compatible; AhrefsBot/7.0; +http://ahrefs.com/robot/)" "www.ysfine.com"
51.222.253.8 - - [21/Dec/2022:12:49:50 -0800] "GET /usca/pitt/oldterm22b.jpg HTTP/1.1" 200 24276 "-" "Mozilla/5.0 (compatible; AhrefsBot/7.0; +http://ahrefs.com/robot/)" "www.ysfine.com"
51.222.253.14 - - [21/Dec/2022:12:49:50 -0800] "GET /usca/pitt/cmall57b.jpg HTTP/1.1" 200 34082 "-" "Mozilla/5.0 (compatible; AhrefsBot/7.0; +http://ahrefs.com/robot/)" "www.ysfine.com"
51.222.253.4 - - [21/Dec/2022:12:49:51 -0800] "GET /people/bhagat2.jpg HTTP/1.1" 200 33854 "-" "Mozilla/5.0 (compatible; AhrefsBot/7.0; +http://ahrefs.com/robot/)" "www.ysfine.com"
51.222.253.10 - - [21/Dec/2022:12:49:51 -0800] "GET /usca/pitt/strcar2.jpg HTTP/1.1" 200 37764 "-" "Mozilla/5.0 (compatible; AhrefsBot/7.0; +http://ahrefs.com/robot/)" "www.ysfine.com"
51.222.253.9 - - [21/Dec/2022:12:49:51 -0800] "GET /usca/pitt/carnlab11b.jpg HTTP/1.1" 200 32622 "-" "Mozilla/5.0 (compatible; AhrefsBot/7.0; +http://ahrefs.com/robot/)" "www.ysfine.com"
51.222.253.7 - - [21/Dec/2022:12:49:52 -0800] "GET /usca/pitt/cartech2.jpg HTTP/1.1" 200 25336 "-" "Mozilla/5.0 (compatible; AhrefsBot/7.0; +http://ahrefs.com/robot/)" "www.ysfine.com"
51.222.253.17 - - [21/Dec/2022:12:49:52 -0800] "GET /usca/pitt/yspgh58b.jpg HTTP/1.1" 200 37403 "-" "Mozilla/5.0 (compatible; AhrefsBot/7.0; +http://ahrefs.com/robot/)" "www.ysfine.com"
157.55.39.43 - - [21/Dec/2022:12:50:05 -0800] "GET /bio/bio03.html HTTP/1.1" 404 88 "-" "Mozilla/5.0 (compatible; bingbot/2.0; +http://www.bing.com/bingbot.htm)" "ysfine.com"
20.232.203.86 - - [21/Dec/2022:12:50:29 -0800] "GET /home/washmo23.jpg HTTP/1.1" 200 61356 "-" "Mozilla/5.0 (Windows NT 10.0; Win64; x64) AppleWebKit/537.36 (KHTML, like Gecko) Chrome/86.0.4240.75 Safari/537.36" "ysfine.com"
5.255.231.206 - - [21/Dec/2022:12:50:36 -0800] "GET /people/peo.html HTTP/1.1" 200 13502 "-" "Mozilla/5.0 (compatible; YandexBot/3.0; +http://yandex.com/bots)" "www.ysfine.com"
207.46.13.144 - - [21/Dec/2022:12:50:43 -0800] "GET /bio/world/trier.html HTTP/1.1" 404 88 "-" "Mozilla/5.0 (compatible; bingbot/2.0; +http://www.bing.com/bingbot.htm)" "ysfine.com"
157.55.39.79 - - [21/Dec/2022:12:51:01 -0800] "GET /bio/world/season.html HTTP/1.1" 404 88 "-" "Mozilla/5.0 AppleWebKit/537.36 (KHTML, like Gecko; compatible; bingbot/2.0; +http://www.bing.com/bingbot.htm) Chrome/103.0.5060.134 Safari/537.36" "ysfine.com"
5.255.253.158 - - [21/Dec/2022:12:51:30 -0800] "GET /wigner/neumann.html HTTP/1.1" 200 1332 "-" "Mozilla/5.0 (compatible; YandexBot/3.0; +http://yandex.com/bots)" "www.ysfine.com"
5.255.253.111 - - [21/Dec/2022:12:51:34 -0800] "GET /wigner/inokim.jpg HTTP/1.1" 304 - "-" "Mozilla/5.0 (compatible; YandexImages/3.0; +http://yandex.com/bots)" "www.ysfine.com"
87.250.224.33 - - [21/Dec/2022:12:51:36 -0800] "GET /wigner/stevew.jpg HTTP/1.1" 200 49437 "-" "Mozilla/5.0 (compatible; YandexImages/3.0; +http://yandex.com/bots)" "www.ysfine.com"
87.250.224.28 - - [21/Dec/2022:12:51:39 -0800] "GET /people/princeton68.jpg HTTP/1.1" 200 192633 "-" "Mozilla/5.0 (compatible; YandexImages/3.0; +http://yandex.com/bots)" "www.ysfine.com"
87.250.224.28 - - [21/Dec/2022:12:51:41 -0800] "GET /style/leica.html HTTP/1.1" 200 17158 "-" "Mozilla/5.0 (compatible; YandexBot/3.0; +http://yandex.com/bots)" "www.ysfine.com"
87.250.224.28 - - [21/Dec/2022:12:51:44 -0800] "GET /feynman/fphoto.html HTTP/1.1" 200 3714 "-" "Mozilla/5.0 (compatible; YandexBot/3.0; +http://yandex.com/bots)" "www.ysfine.com"
5.255.253.111 - - [21/Dec/2022:12:51:46 -0800] "GET /kobak/index.html HTTP/1.1" 200 130 "-" "Mozilla/5.0 (compatible; YandexBot/3.0; +http://yandex.com/bots)" "www.ysfine.com"
5.255.253.111 - - [21/Dec/2022:12:51:49 -0800] "GET /princeton/prince.html HTTP/1.1" 200 2567 "-" "Mozilla/5.0 (compatible; YandexBot/3.0; +http://yandex.com/bots)" "www.ysfine.com"
5.255.253.111 - - [21/Dec/2022:12:51:52 -0800] "GET /people/goldha.html HTTP/1.1" 200 1796 "-" "Mozilla/5.0 (compatible; YandexBot/3.0; +http://yandex.com/bots)" "www.ysfine.com"
5.255.253.111 - - [21/Dec/2022:12:51:54 -0800] "GET /world/musplace.html HTTP/1.1" 200 22077 "-" "Mozilla/5.0 (compatible; YandexBot/3.0; +http://yandex.com/bots)" "www.ysfine.com"
5.255.253.111 - - [21/Dec/2022:12:51:57 -0800] "GET /style/artlove.html HTTP/1.1" 200 16005 "-" "Mozilla/5.0 (compatible; YandexBot/3.0; +http://yandex.com/bots)" "www.ysfine.com"
207.46.13.8 - - [21/Dec/2022:12:52:07 -0800] "GET /world/ital/venice04.jpg HTTP/1.1" 200 342502 "-" "Mozilla/5.0 (compatible; bingbot/2.0; +http://www.bing.com/bingbot.htm)" "ysfine.com"
207.46.13.8 - - [21/Dec/2022:12:52:16 -0800] "GET /newyork/metny33.jpg HTTP/1.1" 200 183729 "-" "Mozilla/5.0 (compatible; bingbot/2.0; +http://www.bing.com/bingbot.htm)" "www.ysfine.com"
51.222.253.8 - - [21/Dec/2022:12:53:47 -0800] "GET /world/cambr.html HTTP/1.1" 200 6189 "-" "Mozilla/5.0 (compatible; AhrefsBot/7.0; +http://ahrefs.com/robot/)" "ysfine.com"
51.222.253.20 - - [21/Dec/2022:12:53:50 -0800] "GET /world/brit/cam07b.jpg HTTP/1.1" 200 48106 "-" "Mozilla/5.0 (compatible; AhrefsBot/7.0; +http://ahrefs.com/robot/)" "ysfine.com"
51.222.253.12 - - [21/Dec/2022:12:53:51 -0800] "GET /world/brit/cam30b.jpg HTTP/1.1" 200 47668 "-" "Mozilla/5.0 (compatible; AhrefsBot/7.0; +http://ahrefs.com/robot/)" "ysfine.com"
51.222.253.19 - - [21/Dec/2022:12:53:51 -0800] "GET /world/brit/cam03b.jpg HTTP/1.1" 200 48538 "-" "Mozilla/5.0 (compatible; AhrefsBot/7.0; +http://ahrefs.com/robot/)" "ysfine.com"
51.222.253.11 - - [21/Dec/2022:12:53:52 -0800] "GET /princeton/withers01b.jpg HTTP/1.1" 200 53277 "-" "Mozilla/5.0 (compatible; AhrefsBot/7.0; +http://ahrefs.com/robot/)" "ysfine.com"
51.222.253.2 - - [21/Dec/2022:12:53:52 -0800] "GET /world/brit/cam22b.jpg HTTP/1.1" 200 57993 "-" "Mozilla/5.0 (compatible; AhrefsBot/7.0; +http://ahrefs.com/robot/)" "ysfine.com"
51.222.253.10 - - [21/Dec/2022:12:53:53 -0800] "GET /world/brit/cam15b.jpg HTTP/1.1" 200 41066 "-" "Mozilla/5.0 (compatible; AhrefsBot/7.0; +http://ahrefs.com/robot/)" "ysfine.com"
51.222.253.16 - - [21/Dec/2022:12:53:53 -0800] "GET /world/brit/cam12b.jpg HTTP/1.1" 200 47943 "-" "Mozilla/5.0 (compatible; AhrefsBot/7.0; +http://ahrefs.com/robot/)" "ysfine.com"
51.222.253.5 - - [21/Dec/2022:12:53:54 -0800] "GET /world/brit/cam39b.jpg HTTP/1.1" 200 41184 "-" "Mozilla/5.0 (compatible; AhrefsBot/7.0; +http://ahrefs.com/robot/)" "ysfine.com"
51.222.253.16 - - [21/Dec/2022:12:53:54 -0800] "GET /world/brit/cam25b.jpg HTTP/1.1" 200 39657 "-" "Mozilla/5.0 (compatible; AhrefsBot/7.0; +http://ahrefs.com/robot/)" "ysfine.com"
51.222.253.15 - - [21/Dec/2022:12:53:55 -0800] "GET /world/brit/cam28b.jpg HTTP/1.1" 200 36784 "-" "Mozilla/5.0 (compatible; AhrefsBot/7.0; +http://ahrefs.com/robot/)" "ysfine.com"
51.222.253.19 - - [21/Dec/2022:12:53:55 -0800] "GET /world/brit/cam31b.jpg HTTP/1.1" 200 39892 "-" "Mozilla/5.0 (compatible; AhrefsBot/7.0; +http://ahrefs.com/robot/)" "ysfine.com"
51.222.253.14 - - [21/Dec/2022:12:53:56 -0800] "GET /world/brit/westmin12b.jpg HTTP/1.1" 200 46419 "-" "Mozilla/5.0 (compatible; AhrefsBot/7.0; +http://ahrefs.com/robot/)" "ysfine.com"
147.12.210.113 - - [21/Dec/2022:12:54:02 -0800] "GET /world/brit/oxlon22.jpg HTTP/1.1" 200 112012 "https://www.bing.com/" "Mozilla/5.0 (Windows NT 10.0; Win64; x64) AppleWebKit/537.36 (KHTML, like Gecko) Chrome/108.0.0.0 Safari/537.36" "www.ysfine.com"
95.163.255.100 - - [21/Dec/2022:12:54:19 -0800] "GET /einstein/minkowski.jpg HTTP/1.1" 200 35156 "http://go.mail.ru/search_images" "Mozilla/5.0 (compatible; Linux x86_64; Mail.RU_Bot/Img/2.0; +https://help.mail.ru/webmaster/indexing/robots)" "ysfine.com"
157.55.39.1 - - [21/Dec/2022:12:54:27 -0800] "GET /bio/awards/iao.html HTTP/1.1" 404 88 "-" "Mozilla/5.0 AppleWebKit/537.36 (KHTML, like Gecko; compatible; bingbot/2.0; +http://www.bing.com/bingbot.htm) Chrome/103.0.5060.134 Safari/537.36" "ysfine.com"
207.46.13.51 - - [21/Dec/2022:12:55:11 -0800] "GET /world/baltic/kalin22.jpg HTTP/1.1" 200 152819 "-" "Mozilla/5.0 (compatible; bingbot/2.0; +http://www.bing.com/bingbot.htm)" "www.ysfine.com"
207.46.13.51 - - [21/Dec/2022:12:55:13 -0800] "GET /bio/world/kalinin22.html HTTP/1.1" 404 88 "-" "Mozilla/5.0 AppleWebKit/537.36 (KHTML, like Gecko; compatible; bingbot/2.0; +http://www.bing.com/bingbot.htm) Chrome/103.0.5060.134 Safari/537.36" "ysfine.com"
5.255.253.111 - - [21/Dec/2022:12:55:22 -0800] "GET /robots.txt HTTP/1.1" 404 73 "-" "Mozilla/5.0 (compatible; YandexBot/3.0; +http://yandex.com/bots)" "www.ysfine.com"
5.255.253.111 - - [21/Dec/2022:12:55:26 -0800] "GET /world/moscow.html HTTP/1.1" 200 21385 "-" "Mozilla/5.0 (compatible; YandexBot/3.0; +http://yandex.com/bots)" "www.ysfine.com"
5.255.253.111 - - [21/Dec/2022:12:56:37 -0800] "GET /robots.txt HTTP/1.1" 404 73 "-" "Mozilla/5.0 (compatible; YandexBot/3.0; +http://yandex.com/bots)" "ysfine.com"
5.255.253.111 - - [21/Dec/2022:12:56:41 -0800] "GET /robots.txt HTTP/1.1" 404 73 "-" "Mozilla/5.0 (compatible; YandexBot/3.0; +http://yandex.com/bots)" "ysfine.com"
185.191.171.38 - - [21/Dec/2022:12:56:42 -0800] "GET /robots.txt HTTP/1.1" 404 88 "-" "Mozilla/5.0 (compatible; SemrushBot/7~bl; +http://www.semrush.com/bot.html)" "www.ysfine.com"
185.191.171.5 - - [21/Dec/2022:12:56:43 -0800] "GET /ffriends/fdw.html HTTP/1.1" 200 45463 "-" "Mozilla/5.0 (compatible; SemrushBot/7~bl; +http://www.semrush.com/bot.html)" "www.ysfine.com"
5.255.253.111 - - [21/Dec/2022:12:56:44 -0800] "GET /dirac/dirac33.jpg HTTP/1.1" 200 32549 "-" "Mozilla/5.0 (compatible; YandexImages/3.0; +http://yandex.com/bots)" "ysfine.com"
87.250.224.28 - - [21/Dec/2022:12:57:03 -0800] "GET /feynman/jf1.jpg HTTP/1.1" 200 13411 "-" "Mozilla/5.0 (compatible; YandexImages/3.0; +http://yandex.com/bots)" "ysfine.com"
51.222.253.13 - - [21/Dec/2022:12:57:54 -0800] "GET /feynman/feyprince.html HTTP/1.1" 200 440 "-" "Mozilla/5.0 (compatible; AhrefsBot/7.0; +http://ahrefs.com/robot/)" "www.ysfine.com"
174.135.115.239 - - [21/Dec/2022:12:57:57 -0800] "GET /kowar/tanks/sherman51.jpg HTTP/1.1" 200 110942 "https://www.google.com/" "Mozilla/5.0 (Linux; Android 12; SM-G973U Build/SP1A.210812.016; wv) AppleWebKit/537.36 (KHTML, like Gecko) Version/4.0 Chrome/108.0.5359.128 Mobile Safari/537.36 GoogleApp/13.48.11.26.arm64" "ysfine.com"
51.222.253.4 - - [21/Dec/2022:12:58:01 -0800] "GET /feynman/feyprince.jpg HTTP/1.1" 200 62002 "-" "Mozilla/5.0 (compatible; AhrefsBot/7.0; +http://ahrefs.com/robot/)" "www.ysfine.com"
157.55.39.79 - - [21/Dec/2022:12:58:02 -0800] "GET /ysbio/folks/uscan.html HTTP/1.1" 404 88 "-" "Mozilla/5.0 AppleWebKit/537.36 (KHTML, like Gecko; compatible; bingbot/2.0; +http://www.bing.com/bingbot.htm) Chrome/103.0.5060.134 Safari/537.36" "ysfine.com"
193.186.4.42 - - [21/Dec/2022:12:58:50 -0800] "GET /maga/hegel.html HTTP/1.1" 200 4700 "-" "Mozilla/5.0 (Linux; Android 10; K) AppleWebKit/537.36 (KHTML, like Gecko) Chrome/106.0.0.0 Mobile Safari/537.36" "ysfine.com"
157.55.39.43 - - [21/Dec/2022:12:59:16 -0800] "GET /bio/kobak/yskor.html HTTP/1.1" 404 88 "-" "Mozilla/5.0 (compatible; bingbot/2.0; +http://www.bing.com/bingbot.htm)" "ysfine.com"
157.55.39.43 - - [21/Dec/2022:12:59:56 -0800] "GET /world/germany/oktf10b.jpg HTTP/1.1" 200 46446 "-" "Mozilla/5.0 (compatible; bingbot/2.0; +http://www.bing.com/bingbot.htm)" "ysfine.com"
157.55.39.1 - - [21/Dec/2022:13:01:19 -0800] "GET /bio/world/leipzig.html HTTP/1.1" 404 88 "-" "Mozilla/5.0 (compatible; bingbot/2.0; +http://www.bing.com/bingbot.htm)" "ysfine.com"
185.191.171.8 - - [21/Dec/2022:13:01:29 -0800] "GET /world/ysworld HTTP/1.1" 200 3224 "-" "Mozilla/5.0 (compatible; SemrushBot/7~bl; +http://www.semrush.com/bot.html)" "ysfine.com"
51.222.253.8 - - [21/Dec/2022:13:01:47 -0800] "GET /princeton/morecars.html HTTP/1.1" 200 245 "-" "Mozilla/5.0 (compatible; AhrefsBot/7.0; +http://ahrefs.com/robot/)" "www.ysfine.com"
51.222.253.18 - - [21/Dec/2022:13:01:49 -0800] "GET /princeton/car11.jpg HTTP/1.1" 404 88 "-" "Mozilla/5.0 (compatible; AhrefsBot/7.0; +http://ahrefs.com/robot/)" "www.ysfine.com"
51.222.253.6 - - [21/Dec/2022:13:01:50 -0800] "GET /princeton/car03.jpg HTTP/1.1" 200 57619 "-" "Mozilla/5.0 (compatible; AhrefsBot/7.0; +http://ahrefs.com/robot/)" "www.ysfine.com"
51.222.253.15 - - [21/Dec/2022:13:01:50 -0800] "GET /princeton/car06.jpg HTTP/1.1" 200 72390 "-" "Mozilla/5.0 (compatible; AhrefsBot/7.0; +http://ahrefs.com/robot/)" "www.ysfine.com"
51.222.253.4 - - [21/Dec/2022:13:01:51 -0800] "GET /princeton/car08.jpg HTTP/1.1" 200 66542 "-" "Mozilla/5.0 (compatible; AhrefsBot/7.0; +http://ahrefs.com/robot/)" "www.ysfine.com"
51.222.253.10 - - [21/Dec/2022:13:01:51 -0800] "GET /princeton/car10.jpg HTTP/1.1" 404 88 "-" "Mozilla/5.0 (compatible; AhrefsBot/7.0; +http://ahrefs.com/robot/)" "www.ysfine.com"
51.222.253.14 - - [21/Dec/2022:13:01:52 -0800] "GET /princeton/car05.jpg HTTP/1.1" 200 66048 "-" "Mozilla/5.0 (compatible; AhrefsBot/7.0; +http://ahrefs.com/robot/)" "www.ysfine.com"
51.222.253.7 - - [21/Dec/2022:13:01:52 -0800] "GET /princeton/car12.jpg HTTP/1.1" 404 88 "-" "Mozilla/5.0 (compatible; AhrefsBot/7.0; +http://ahrefs.com/robot/)" "www.ysfine.com"
51.222.253.15 - - [21/Dec/2022:13:01:52 -0800] "GET /princeton/car02.jpg HTTP/1.1" 200 67302 "-" "Mozilla/5.0 (compatible; AhrefsBot/7.0; +http://ahrefs.com/robot/)" "www.ysfine.com"
51.222.253.11 - - [21/Dec/2022:13:01:53 -0800] "GET /princeton/car07.jpg HTTP/1.1" 200 76167 "-" "Mozilla/5.0 (compatible; AhrefsBot/7.0; +http://ahrefs.com/robot/)" "www.ysfine.com"
51.222.253.15 - - [21/Dec/2022:13:01:53 -0800] "GET /princeton/car01.jpg HTTP/1.1" 200 78000 "-" "Mozilla/5.0 (compatible; AhrefsBot/7.0; +http://ahrefs.com/robot/)" "www.ysfine.com"
51.222.253.17 - - [21/Dec/2022:13:01:54 -0800] "GET /princeton/car04.jpg HTTP/1.1" 200 71001 "-" "Mozilla/5.0 (compatible; AhrefsBot/7.0; +http://ahrefs.com/robot/)" "www.ysfine.com"
174.212.102.70 - - [21/Dec/2022:13:01:59 -0800] "GET /kobak/taylor11.jpg HTTP/1.1" 200 252685 "https://www.google.com/" "Mozilla/5.0 (iPhone; CPU iPhone OS 16_1_2 like Mac OS X) AppleWebKit/605.1.15 (KHTML, like Gecko) Version/16.1 Mobile/15E148 Safari/604.1" "ysfine.com"
207.46.13.51 - - [21/Dec/2022:13:02:23 -0800] "GET /bio/eink/buythisbook.html HTTP/1.1" 404 88 "-" "Mozilla/5.0 (compatible; bingbot/2.0; +http://www.bing.com/bingbot.htm)" "ysfine.com"
157.55.39.79 - - [21/Dec/2022:13:02:32 -0800] "GET /bio/internal.html HTTP/1.1" 404 88 "-" "Mozilla/5.0 AppleWebKit/537.36 (KHTML, like Gecko; compatible; bingbot/2.0; +http://www.bing.com/bingbot.htm) Chrome/103.0.5060.134 Safari/537.36" "ysfine.com"
157.55.39.79 - - [21/Dec/2022:13:02:52 -0800] "GET /world/china/dalian37.jpg HTTP/1.1" 200 59087 "-" "Mozilla/5.0 AppleWebKit/537.36 (KHTML, like Gecko; compatible; bingbot/2.0; +http://www.bing.com/bingbot.htm) Chrome/103.0.5060.134 Safari/537.36" "ysfine.com"
185.191.171.42 - - [21/Dec/2022:13:02:55 -0800] "GET /bio07.html HTTP/1.1" 200 6862 "-" "Mozilla/5.0 (compatible; SemrushBot/7~bl; +http://www.semrush.com/bot.html)" "www.ysfine.com"
66.249.66.10 - - [21/Dec/2022:13:02:58 -0800] "GET /robots.txt HTTP/1.1" 404 88 "-" "Mozilla/5.0 (compatible; Googlebot/2.1; +http://www.google.com/bot.html)" "www.ysfine.com"
5.173.27.32 - - [21/Dec/2022:13:03:04 -0800] "GET /world/russ/spbpi01.jpg HTTP/1.1" 200 77203 "https://www.google.com/blank.html" "Mozilla/5.0 (Linux; Android 11; Lenovo TB-X306X Build/RP1A.200720.011; wv) AppleWebKit/537.36 (KHTML, like Gecko) Version/4.0 Chrome/87.0.4280.141 Safari/537.36 GoogleApp/12.48.23.23.arm64" "ysfine.com"
207.46.13.8 - - [21/Dec/2022:13:04:10 -0800] "GET /bio/style/proschanie.html HTTP/1.1" 404 88 "-" "Mozilla/5.0 (compatible; bingbot/2.0; +http://www.bing.com/bingbot.htm)" "ysfine.com"
66.249.66.4 - - [21/Dec/2022:13:05:46 -0800] "GET /wdc/jeffm02c.jpg HTTP/1.1" 200 27659 "-" "Googlebot-Image/1.0" "ysfine.com"
51.222.253.17 - - [21/Dec/2022:13:05:51 -0800] "GET /sbk/photo21.html HTTP/1.1" 200 7762 "-" "Mozilla/5.0 (compatible; AhrefsBot/7.0; +http://ahrefs.com/robot/)" "www.ysfine.com"
51.222.253.8 - - [21/Dec/2022:13:05:54 -0800] "GET /sbk/2010athens66b.jpg HTTP/1.1" 404 88 "-" "Mozilla/5.0 (compatible; AhrefsBot/7.0; +http://ahrefs.com/robot/)" "www.ysfine.com"
51.222.253.3 - - [21/Dec/2022:13:05:54 -0800] "GET /sbk/2004aa11b.jpg HTTP/1.1" 404 88 "-" "Mozilla/5.0 (compatible; AhrefsBot/7.0; +http://ahrefs.com/robot/)" "www.ysfine.com"
51.222.253.13 - - [21/Dec/2022:13:05:54 -0800] "GET /sbk/2007swan11b.jpg HTTP/1.1" 404 88 "-" "Mozilla/5.0 (compatible; AhrefsBot/7.0; +http://ahrefs.com/robot/)" "www.ysfine.com"
51.222.253.2 - - [21/Dec/2022:13:05:54 -0800] "GET /sbk/2004muc11b.jpg HTTP/1.1" 404 88 "-" "Mozilla/5.0 (compatible; AhrefsBot/7.0; +http://ahrefs.com/robot/)" "www.ysfine.com"
51.222.253.20 - - [21/Dec/2022:13:05:55 -0800] "GET /sbk/2006stpaul11b.jpg HTTP/1.1" 200 52339 "-" "Mozilla/5.0 (compatible; AhrefsBot/7.0; +http://ahrefs.com/robot/)" "www.ysfine.com"
51.222.253.16 - - [21/Dec/2022:13:05:55 -0800] "GET /sbk/2013vienna01b.jpg HTTP/1.1" 404 88 "-" "Mozilla/5.0 (compatible; AhrefsBot/7.0; +http://ahrefs.com/robot/)" "www.ysfine.com"
51.222.253.1 - - [21/Dec/2022:13:05:55 -0800] "GET /sbk/2013kids02b.jpg HTTP/1.1" 404 88 "-" "Mozilla/5.0 (compatible; AhrefsBot/7.0; +http://ahrefs.com/robot/)" "www.ysfine.com"
51.222.253.4 - - [21/Dec/2022:13:05:56 -0800] "GET /sbk/2010bonn33b.jpg HTTP/1.1" 404 88 "-" "Mozilla/5.0 (compatible; AhrefsBot/7.0; +http://ahrefs.com/robot/)" "www.ysfine.com"
51.222.253.14 - - [21/Dec/2022:13:05:56 -0800] "GET /sbk/2013salz01b.jpg HTTP/1.1" 404 88 "-" "Mozilla/5.0 (compatible; AhrefsBot/7.0; +http://ahrefs.com/robot/)" "www.ysfine.com"
51.222.253.19 - - [21/Dec/2022:13:05:56 -0800] "GET /sbk/2009lon33b.jpg HTTP/1.1" 404 88 "-" "Mozilla/5.0 (compatible; AhrefsBot/7.0; +http://ahrefs.com/robot/)" "www.ysfine.com"
51.222.253.4 - - [21/Dec/2022:13:05:57 -0800] "GET /sbk/2002maine22b.jpg HTTP/1.1" 404 88 "-" "Mozilla/5.0 (compatible; AhrefsBot/7.0; +http://ahrefs.com/robot/)" "www.ysfine.com"
51.222.253.18 - - [21/Dec/2022:13:05:58 -0800] "GET /sbk/2001sorak11b.jpg HTTP/1.1" 404 88 "-" "Mozilla/5.0 (compatible; AhrefsBot/7.0; +http://ahrefs.com/robot/)" "www.ysfine.com"
51.222.253.12 - - [21/Dec/2022:13:05:58 -0800] "GET /sbk/2012wdc11b.jpg HTTP/1.1" 404 88 "-" "Mozilla/5.0 (compatible; AhrefsBot/7.0; +http://ahrefs.com/robot/)" "www.ysfine.com"
51.222.253.3 - - [21/Dec/2022:13:05:59 -0800] "GET /sbk/2013lon01b.jpg HTTP/1.1" 404 88 "-" "Mozilla/5.0 (compatible; AhrefsBot/7.0; +http://ahrefs.com/robot/)" "www.ysfine.com"
51.222.253.13 - - [21/Dec/2022:13:05:59 -0800] "GET /sbk/2009lon44b.jpg HTTP/1.1" 404 88 "-" "Mozilla/5.0 (compatible; AhrefsBot/7.0; +http://ahrefs.com/robot/)" "www.ysfine.com"
51.222.253.17 - - [21/Dec/2022:13:06:00 -0800] "GET /sbk/2010spb22b.jpg HTTP/1.1" 404 88 "-" "Mozilla/5.0 (compatible; AhrefsBot/7.0; +http://ahrefs.com/robot/)" "www.ysfine.com"
51.222.253.7 - - [21/Dec/2022:13:06:01 -0800] "GET /sbk/2012paris55b.jpg HTTP/1.1" 404 88 "-" "Mozilla/5.0 (compatible; AhrefsBot/7.0; +http://ahrefs.com/robot/)" "www.ysfine.com"
51.222.253.3 - - [21/Dec/2022:13:06:02 -0800] "GET /sbk/2008chelsea11b.jpg HTTP/1.1" 404 88 "-" "Mozilla/5.0 (compatible; AhrefsBot/7.0; +http://ahrefs.com/robot/)" "www.ysfine.com"
51.222.253.3 - - [21/Dec/2022:13:06:02 -0800] "GET /sbk/2005cap11b.jpg HTTP/1.1" 404 88 "-" "Mozilla/5.0 (compatible; AhrefsBot/7.0; +http://ahrefs.com/robot/)" "www.ysfine.com"
51.222.253.2 - - [21/Dec/2022:13:06:03 -0800] "GET /sbk/2011rio44b.jpg HTTP/1.1" 404 88 "-" "Mozilla/5.0 (compatible; AhrefsBot/7.0; +http://ahrefs.com/robot/)" "www.ysfine.com"
51.222.253.14 - - [21/Dec/2022:13:06:03 -0800] "GET /sbk/2011muc66b.jpg HTTP/1.1" 404 88 "-" "Mozilla/5.0 (compatible; AhrefsBot/7.0; +http://ahrefs.com/robot/)" "www.ysfine.com"
51.222.253.20 - - [21/Dec/2022:13:06:03 -0800] "GET /sbk/2013waw01b.jpg HTTP/1.1" 404 88 "-" "Mozilla/5.0 (compatible; AhrefsBot/7.0; +http://ahrefs.com/robot/)" "www.ysfine.com"
51.222.253.3 - - [21/Dec/2022:13:06:03 -0800] "GET /sbk/2011aa11b.jpg HTTP/1.1" 404 88 "-" "Mozilla/5.0 (compatible; AhrefsBot/7.0; +http://ahrefs.com/robot/)" "www.ysfine.com"
51.222.253.11 - - [21/Dec/2022:13:06:04 -0800] "GET /sbk/2008topkapi22b.jpg HTTP/1.1" 404 88 "-" "Mozilla/5.0 (compatible; AhrefsBot/7.0; +http://ahrefs.com/robot/)" "www.ysfine.com"
68.193.136.12 - - [21/Dec/2022:13:06:09 -0800] "GET /feynman/feychin.jpg HTTP/1.1" 200 33472 "https://www.google.com/" "Mozilla/5.0 (Windows NT 10.0; Win64; x64) AppleWebKit/537.36 (KHTML, like Gecko) Chrome/108.0.0.0 Safari/537.36" "ysfine.com"
165.242.97.182 - - [21/Dec/2022:13:06:58 -0800] "GET / HTTP/1.1" 200 5295 "-" "Mozilla/5.0 (Macintosh; Intel Mac OS X 10_15_7) AppleWebKit/605.1.15 (KHTML, like Gecko)" "ysfine.com"
165.242.97.182 - - [21/Dec/2022:13:06:58 -0800] "GET /apple-touch-icon-precomposed.png HTTP/1.1" 404 88 "-" "Safari/15610.1.28.1.9 CFNetwork/1128.0.1 Darwin/19.6.0 (x86_64)" "ysfine.com"
165.242.97.182 - - [21/Dec/2022:13:06:59 -0800] "GET /apple-touch-icon.png HTTP/1.1" 404 88 "-" "Safari/15610.1.28.1.9 CFNetwork/1128.0.1 Darwin/19.6.0 (x86_64)" "ysfine.com"
165.242.97.182 - - [21/Dec/2022:13:06:59 -0800] "GET /favicon.ico HTTP/1.1" 404 88 "-" "Safari/15610.1.28.1.9 CFNetwork/1128.0.1 Darwin/19.6.0 (x86_64)" "ysfine.com"
165.242.97.182 - - [21/Dec/2022:13:06:59 -0800] "GET /apple-touch-icon-precomposed.png HTTP/1.1" 404 88 "-" "Safari/15610.1.28.1.9 CFNetwork/1128.0.1 Darwin/19.6.0 (x86_64)" "ysfine.com"
165.242.97.182 - - [21/Dec/2022:13:06:59 -0800] "GET /apple-touch-icon.png HTTP/1.1" 404 88 "-" "Safari/15610.1.28.1.9 CFNetwork/1128.0.1 Darwin/19.6.0 (x86_64)" "ysfine.com"
165.242.97.182 - - [21/Dec/2022:13:06:59 -0800] "GET /favicon.ico HTTP/1.1" 404 88 "-" "Safari/15610.1.28.1.9 CFNetwork/1128.0.1 Darwin/19.6.0 (x86_64)" "ysfine.com"
165.242.97.182 - - [21/Dec/2022:13:07:00 -0800] "GET / HTTP/1.1" 200 5295 "-" "Mozilla/5.0 (iPhone; CPU iPhone OS 13_1_3 like Mac OS X) AppleWebKit/605.1.15 (KHTML, like Gecko) Version/13.0.1 Mobile/15E148 Safari/604.1" "ysfine.com"
165.242.97.182 - - [21/Dec/2022:13:07:00 -0800] "GET /apple-touch-icon-precomposed.png HTTP/1.1" 404 88 "-" "Safari/15610.1.28.1.9 CFNetwork/1128.0.1 Darwin/19.6.0 (x86_64)" "ysfine.com"
165.242.97.182 - - [21/Dec/2022:13:07:00 -0800] "GET /apple-touch-icon.png HTTP/1.1" 404 88 "-" "Safari/15610.1.28.1.9 CFNetwork/1128.0.1 Darwin/19.6.0 (x86_64)" "ysfine.com"
165.242.97.182 - - [21/Dec/2022:13:07:00 -0800] "GET /favicon.ico HTTP/1.1" 404 88 "-" "Safari/15610.1.28.1.9 CFNetwork/1128.0.1 Darwin/19.6.0 (x86_64)" "ysfine.com"
165.242.97.182 - - [21/Dec/2022:13:07:01 -0800] "GET /apple-touch-icon-precomposed.png HTTP/1.1" 404 88 "-" "Safari/15610.1.28.1.9 CFNetwork/1128.0.1 Darwin/19.6.0 (x86_64)" "ysfine.com"
165.242.97.182 - - [21/Dec/2022:13:07:01 -0800] "GET /apple-touch-icon.png HTTP/1.1" 404 88 "-" "Safari/15610.1.28.1.9 CFNetwork/1128.0.1 Darwin/19.6.0 (x86_64)" "ysfine.com"
165.242.97.182 - - [21/Dec/2022:13:07:01 -0800] "GET /favicon.ico HTTP/1.1" 404 88 "-" "Safari/15610.1.28.1.9 CFNetwork/1128.0.1 Darwin/19.6.0 (x86_64)" "ysfine.com"
68.193.136.12 - - [21/Dec/2022:13:07:09 -0800] "GET /feynman/feybongo.jpg HTTP/1.1" 200 47448 "https://www.google.com/" "Mozilla/5.0 (Windows NT 10.0; Win64; x64) AppleWebKit/537.36 (KHTML, like Gecko) Chrome/108.0.0.0 Safari/537.36" "ysfine.com"
5.173.27.32 - - [21/Dec/2022:13:07:43 -0800] "GET /style/spbpiano.html HTTP/1.1" 200 1801 "https://www.google.com/" "Mozilla/5.0 (Linux; Android 11; Lenovo TB-X306X) AppleWebKit/537.36 (KHTML, like Gecko) Chrome/87.0.4280.141 Safari/537.36" "ysfine.com"
5.173.27.32 - - [21/Dec/2022:13:07:43 -0800] "GET /world/russ/spbpi01a.jpg HTTP/1.1" 200 47890 "https://ysfine.com/style/spbpiano.html" "Mozilla/5.0 (Linux; Android 11; Lenovo TB-X306X) AppleWebKit/537.36 (KHTML, like Gecko) Chrome/87.0.4280.141 Safari/537.36" "ysfine.com"
5.173.27.32 - - [21/Dec/2022:13:07:43 -0800] "GET /world/russ/spbpi11b.jpg HTTP/1.1" 200 44991 "https://ysfine.com/style/spbpiano.html" "Mozilla/5.0 (Linux; Android 11; Lenovo TB-X306X) AppleWebKit/537.36 (KHTML, like Gecko) Chrome/87.0.4280.141 Safari/537.36" "ysfine.com"
5.173.27.32 - - [21/Dec/2022:13:07:43 -0800] "GET /world/russ/spbpi02b.jpg HTTP/1.1" 200 34109 "https://ysfine.com/style/spbpiano.html" "Mozilla/5.0 (Linux; Android 11; Lenovo TB-X306X) AppleWebKit/537.36 (KHTML, like Gecko) Chrome/87.0.4280.141 Safari/537.36" "ysfine.com"
5.173.27.32 - - [21/Dec/2022:13:07:43 -0800] "GET /world/russ/spbpi03b.jpg HTTP/1.1" 200 39436 "https://ysfine.com/style/spbpiano.html" "Mozilla/5.0 (Linux; Android 11; Lenovo TB-X306X) AppleWebKit/537.36 (KHTML, like Gecko) Chrome/87.0.4280.141 Safari/537.36" "ysfine.com"
5.173.27.32 - - [21/Dec/2022:13:07:43 -0800] "GET /world/russ/spbpi06b.jpg HTTP/1.1" 200 36435 "https://ysfine.com/style/spbpiano.html" "Mozilla/5.0 (Linux; Android 11; Lenovo TB-X306X) AppleWebKit/537.36 (KHTML, like Gecko) Chrome/87.0.4280.141 Safari/537.36" "ysfine.com"
5.173.27.32 - - [21/Dec/2022:13:07:43 -0800] "GET /world/russ/spbpi04b.jpg HTTP/1.1" 200 40390 "https://ysfine.com/style/spbpiano.html" "Mozilla/5.0 (Linux; Android 11; Lenovo TB-X306X) AppleWebKit/537.36 (KHTML, like Gecko) Chrome/87.0.4280.141 Safari/537.36" "ysfine.com"
5.173.27.32 - - [21/Dec/2022:13:07:43 -0800] "GET /world/russ/spbpi08b.jpg HTTP/1.1" 200 34889 "https://ysfine.com/style/spbpiano.html" "Mozilla/5.0 (Linux; Android 11; Lenovo TB-X306X) AppleWebKit/537.36 (KHTML, like Gecko) Chrome/87.0.4280.141 Safari/537.36" "ysfine.com"
5.173.27.32 - - [21/Dec/2022:13:07:43 -0800] "GET /world/russ/spbpi05b.jpg HTTP/1.1" 200 31815 "https://ysfine.com/style/spbpiano.html" "Mozilla/5.0 (Linux; Android 11; Lenovo TB-X306X) AppleWebKit/537.36 (KHTML, like Gecko) Chrome/87.0.4280.141 Safari/537.36" "ysfine.com"
5.173.27.32 - - [21/Dec/2022:13:07:43 -0800] "GET /world/russ/spbpi07b.jpg HTTP/1.1" 200 44525 "https://ysfine.com/style/spbpiano.html" "Mozilla/5.0 (Linux; Android 11; Lenovo TB-X306X) AppleWebKit/537.36 (KHTML, like Gecko) Chrome/87.0.4280.141 Safari/537.36" "ysfine.com"
5.173.27.32 - - [21/Dec/2022:13:07:44 -0800] "GET /favicon.ico HTTP/1.1" 404 88 "https://ysfine.com/style/spbpiano.html" "Mozilla/5.0 (Linux; Android 11; Lenovo TB-X306X) AppleWebKit/537.36 (KHTML, like Gecko) Chrome/87.0.4280.141 Safari/537.36" "ysfine.com"
157.55.39.43 - - [21/Dec/2022:13:08:06 -0800] "GET /bio/style/artlove.html HTTP/1.1" 404 88 "-" "Mozilla/5.0 (compatible; bingbot/2.0; +http://www.bing.com/bingbot.htm)" "ysfine.com"
51.222.253.15 - - [21/Dec/2022:13:10:00 -0800] "GET /class54/class5470/total_data/sub_863.htm HTTP/1.1" 200 3526 "-" "Mozilla/5.0 (compatible; AhrefsBot/7.0; +http://ahrefs.com/robot/)" "ysfine.com"
87.250.224.28 - - [21/Dec/2022:13:10:17 -0800] "GET /world/musplace.html HTTP/1.1" 200 22077 "-" "Mozilla/5.0 (compatible; YandexBot/3.0; +http://yandex.com/bots)" "www.ysfine.com"
185.191.171.19 - - [21/Dec/2022:13:10:25 -0800] "GET /einstein/hidden.html HTTP/1.1" 200 4821 "-" "Mozilla/5.0 (compatible; SemrushBot/7~bl; +http://www.semrush.com/bot.html)" "ysfine.com"
87.250.224.6 - - [21/Dec/2022:13:11:00 -0800] "GET /bio.html HTTP/1.1" 200 18074 "-" "Mozilla/5.0 (compatible; YandexBot/3.0; +http://yandex.com/bots)" "www.ysfine.com"
157.55.39.1 - - [21/Dec/2022:13:11:28 -0800] "GET /world/ital/flor006.jpg HTTP/1.1" 200 128394 "-" "Mozilla/5.0 AppleWebKit/537.36 (KHTML, like Gecko; compatible; bingbot/2.0; +http://www.bing.com/bingbot.htm) Chrome/103.0.5060.134 Safari/537.36" "www.ysfine.com"
157.55.39.43 - - [21/Dec/2022:13:12:33 -0800] "GET /wdc/wasmap11.jpg HTTP/1.1" 200 90827 "-" "Mozilla/5.0 (compatible; bingbot/2.0; +http://www.bing.com/bingbot.htm)" "ysfine.com"
157.55.39.79 - - [21/Dec/2022:13:13:56 -0800] "GET /bio/genea.html HTTP/1.1" 404 88 "-" "Mozilla/5.0 (compatible; bingbot/2.0; +http://www.bing.com/bingbot.htm)" "ysfine.com"
51.222.253.10 - - [21/Dec/2022:13:14:14 -0800] "GET /princeton/bagpipes.html HTTP/1.1" 200 245 "-" "Mozilla/5.0 (compatible; AhrefsBot/7.0; +http://ahrefs.com/robot/)" "www.ysfine.com"
51.222.253.9 - - [21/Dec/2022:13:14:15 -0800] "GET /princeton/bagpipe03.jpg HTTP/1.1" 200 77597 "-" "Mozilla/5.0 (compatible; AhrefsBot/7.0; +http://ahrefs.com/robot/)" "www.ysfine.com"
51.222.253.16 - - [21/Dec/2022:13:14:16 -0800] "GET /princeton/bagpipe04.jpg HTTP/1.1" 404 88 "-" "Mozilla/5.0 (compatible; AhrefsBot/7.0; +http://ahrefs.com/robot/)" "www.ysfine.com"
51.222.253.2 - - [21/Dec/2022:13:14:16 -0800] "GET /princeton/bagpipe05.jpg HTTP/1.1" 404 88 "-" "Mozilla/5.0 (compatible; AhrefsBot/7.0; +http://ahrefs.com/robot/)" "www.ysfine.com"
51.222.253.12 - - [21/Dec/2022:13:14:16 -0800] "GET /princeton/bagpipe01.jpg HTTP/1.1" 200 80287 "-" "Mozilla/5.0 (compatible; AhrefsBot/7.0; +http://ahrefs.com/robot/)" "www.ysfine.com"
51.222.253.10 - - [21/Dec/2022:13:14:17 -0800] "GET /princeton/bagpipe08.jpg HTTP/1.1" 404 88 "-" "Mozilla/5.0 (compatible; AhrefsBot/7.0; +http://ahrefs.com/robot/)" "www.ysfine.com"
51.222.253.2 - - [21/Dec/2022:13:14:17 -0800] "GET /princeton/bagpipe09.jpg HTTP/1.1" 404 88 "-" "Mozilla/5.0 (compatible; AhrefsBot/7.0; +http://ahrefs.com/robot/)" "www.ysfine.com"
51.222.253.6 - - [21/Dec/2022:13:14:18 -0800] "GET /princeton/bagpipe07.jpg HTTP/1.1" 404 88 "-" "Mozilla/5.0 (compatible; AhrefsBot/7.0; +http://ahrefs.com/robot/)" "www.ysfine.com"
51.222.253.11 - - [21/Dec/2022:13:14:18 -0800] "GET /princeton/bagpipe06.jpg HTTP/1.1" 404 88 "-" "Mozilla/5.0 (compatible; AhrefsBot/7.0; +http://ahrefs.com/robot/)" "www.ysfine.com"
51.222.253.4 - - [21/Dec/2022:13:14:18 -0800] "GET /princeton/bagpipe02.jpg HTTP/1.1" 200 92127 "-" "Mozilla/5.0 (compatible; AhrefsBot/7.0; +http://ahrefs.com/robot/)" "www.ysfine.com"
207.46.13.51 - - [21/Dec/2022:13:15:29 -0800] "GET /bio/optics.html HTTP/1.1" 404 88 "-" "Mozilla/5.0 (compatible; bingbot/2.0; +http://www.bing.com/bingbot.htm)" "ysfine.com"
87.250.224.28 - - [21/Dec/2022:13:15:31 -0800] "GET /bio13.html HTTP/1.1" 200 3563 "-" "Mozilla/5.0 (compatible; YandexBot/3.0; +http://yandex.com/bots)" "www.ysfine.com"
87.250.224.28 - - [21/Dec/2022:13:15:34 -0800] "GET /home/yskim10.jpg HTTP/1.1" 200 752465 "-" "Mozilla/5.0 (compatible; YandexImages/3.0; +http://yandex.com/bots)" "www.ysfine.com"
5.255.253.111 - - [21/Dec/2022:13:15:43 -0800] "GET /world/ysworld.html HTTP/1.1" 200 3224 "-" "Mozilla/5.0 (compatible; YandexBot/3.0; +http://yandex.com/bots)" "www.ysfine.com"
5.255.253.111 - - [21/Dec/2022:13:15:45 -0800] "GET /home/yskim10c.jpg HTTP/1.1" 200 88826 "-" "Mozilla/5.0 (compatible; YandexImages/3.0; +http://yandex.com/bots)" "www.ysfine.com"
87.250.224.33 - - [21/Dec/2022:13:15:48 -0800] "GET /style/leica.html HTTP/1.1" 200 17158 "-" "Mozilla/5.0 (compatible; YandexBot/3.0; +http://yandex.com/bots)" "www.ysfine.com"
87.250.224.28 - - [21/Dec/2022:13:15:51 -0800] "GET /bio13.html HTTP/1.1" 200 3563 "-" "Mozilla/5.0 (compatible; YandexBot/3.0; +http://yandex.com/bots)" "www.ysfine.com"
87.250.224.33 - - [21/Dec/2022:13:15:53 -0800] "GET /einnstein/bern.html HTTP/1.1" 404 88 "-" "Mozilla/5.0 (compatible; YandexBot/3.0; +http://yandex.com/bots)" "www.ysfine.com"
87.250.224.28 - - [21/Dec/2022:13:15:54 -0800] "GET /wigner/wigner39.html HTTP/1.1" 200 330 "-" "Mozilla/5.0 (compatible; YandexBot/3.0; +http://yandex.com/bots)" "www.ysfine.com"
87.250.224.28 - - [21/Dec/2022:13:15:56 -0800] "GET /bio09.html HTTP/1.1" 200 10643 "-" "Mozilla/5.0 (compatible; YandexBot/3.0; +http://yandex.com/bots)" "www.ysfine.com"
87.250.224.33 - - [21/Dec/2022:13:15:58 -0800] "GET /newyork/nyc.html HTTP/1.1" 200 31389 "-" "Mozilla/5.0 (compatible; YandexBot/3.0; +http://yandex.com/bots)" "www.ysfine.com"
87.250.224.6 - - [21/Dec/2022:13:16:01 -0800] "GET /bio10.html HTTP/1.1" 200 4664 "-" "Mozilla/5.0 (compatible; YandexBot/3.0; +http://yandex.com/bots)" "www.ysfine.com"
87.250.224.6 - - [21/Dec/2022:13:16:02 -0800] "GET /bio16.html HTTP/1.1" 200 10537 "-" "Mozilla/5.0 (compatible; YandexBot/3.0; +http://yandex.com/bots)" "www.ysfine.com"
87.250.224.28 - - [21/Dec/2022:13:16:04 -0800] "GET /wigner/wigrigh.html HTTP/1.1" 200 2476 "-" "Mozilla/5.0 (compatible; YandexBot/3.0; +http://yandex.com/bots)" "www.ysfine.com"
87.250.224.33 - - [21/Dec/2022:13:16:05 -0800] "GET /bio14.html HTTP/1.1" 200 22082 "-" "Mozilla/5.0 (compatible; YandexBot/3.0; +http://yandex.com/bots)" "www.ysfine.com"
87.250.224.28 - - [21/Dec/2022:13:16:07 -0800] "GET /philo/keigel21.html HTTP/1.1" 200 13414 "-" "Mozilla/5.0 (compatible; YandexBot/3.0; +http://yandex.com/bots)" "www.ysfine.com"
87.250.224.33 - - [21/Dec/2022:13:16:08 -0800] "GET /wdc/wasdc.html HTTP/1.1" 200 13715 "-" "Mozilla/5.0 (compatible; YandexBot/3.0; +http://yandex.com/bots)" "www.ysfine.com"
5.255.253.111 - - [21/Dec/2022:13:16:10 -0800] "GET /home/yshome.html HTTP/1.1" 200 5632 "-" "Mozilla/5.0 (compatible; YandexBot/3.0; +http://yandex.com/bots)" "www.ysfine.com"
87.250.224.28 - - [21/Dec/2022:13:16:12 -0800] "GET /world/china22.html HTTP/1.1" 200 12827 "-" "Mozilla/5.0 (compatible; YandexBot/3.0; +http://yandex.com/bots)" "www.ysfine.com"
87.250.224.28 - - [21/Dec/2022:13:16:13 -0800] "GET /bio15.html HTTP/1.1" 200 15983 "-" "Mozilla/5.0 (compatible; YandexBot/3.0; +http://yandex.com/bots)" "www.ysfine.com"
87.250.224.28 - - [21/Dec/2022:13:16:15 -0800] "GET /yspapers/index.html HTTP/1.1" 200 21304 "-" "Mozilla/5.0 (compatible; YandexBot/3.0; +http://yandex.com/bots)" "www.ysfine.com"
5.255.253.111 - - [21/Dec/2022:13:16:16 -0800] "GET /einstein/further.html HTTP/1.1" 200 4338 "-" "Mozilla/5.0 (compatible; YandexBot/3.0; +http://yandex.com/bots)" "www.ysfine.com"
87.250.224.33 - - [21/Dec/2022:13:16:18 -0800] "GET /dwf.html HTTP/1.1" 404 88 "-" "Mozilla/5.0 (compatible; YandexBot/3.0; +http://yandex.com/bots)" "www.ysfine.com"
87.250.224.6 - - [21/Dec/2022:13:16:20 -0800] "GET /bio17.html HTTP/1.1" 200 10819 "-" "Mozilla/5.0 (compatible; YandexBot/3.0; +http://yandex.com/bots)" "www.ysfine.com"
87.250.224.33 - - [21/Dec/2022:13:16:21 -0800] "GET /bio15.html HTTP/1.1" 200 15983 "-" "Mozilla/5.0 (compatible; YandexBot/3.0; +http://yandex.com/bots)" "www.ysfine.com"
87.250.224.33 - - [21/Dec/2022:13:16:23 -0800] "GET /bio17.html HTTP/1.1" 200 10819 "-" "Mozilla/5.0 (compatible; YandexBot/3.0; +http://yandex.com/bots)" "www.ysfine.com"
5.255.253.111 - - [21/Dec/2022:13:16:24 -0800] "GET /style/songs.html HTTP/1.1" 200 31567 "-" "Mozilla/5.0 (compatible; YandexBot/3.0; +http://yandex.com/bots)" "www.ysfine.com"
87.250.224.33 - - [21/Dec/2022:13:16:26 -0800] "GET /einstein/einstorie.html HTTP/1.1" 200 2529 "-" "Mozilla/5.0 (compatible; YandexBot/3.0; +http://yandex.com/bots)" "www.ysfine.com"
87.250.224.33 - - [21/Dec/2022:13:16:27 -0800] "GET /usca/neworl.html HTTP/1.1" 200 14308 "-" "Mozilla/5.0 (compatible; YandexBot/3.0; +http://yandex.com/bots)" "www.ysfine.com"
185.191.171.4 - - [21/Dec/2022:13:16:29 -0800] "GET /feynman/feygell.html HTTP/1.1" 200 4714 "-" "Mozilla/5.0 (compatible; SemrushBot/7~bl; +http://www.semrush.com/bot.html)" "ysfine.com"
207.46.13.144 - - [21/Dec/2022:13:16:38 -0800] "GET /bio/pquartet.html HTTP/1.1" 404 88 "-" "Mozilla/5.0 (compatible; bingbot/2.0; +http://www.bing.com/bingbot.htm)" "ysfine.com"
5.255.253.111 - - [21/Dec/2022:13:16:46 -0800] "GET /bio16.html HTTP/1.1" 200 10537 "-" "Mozilla/5.0 (compatible; YandexBot/3.0; +http://yandex.com/bots)" "www.ysfine.com"
73.33.23.146 - - [21/Dec/2022:13:17:18 -0800] "GET /princeton/alexan22.jpg HTTP/1.1" 200 175436 "https://www.google.com/" "Mozilla/5.0 (iPhone; CPU iPhone OS 15_6_1 like Mac OS X) AppleWebKit/605.1.15 (KHTML, like Gecko) Version/15.6.1 Mobile/15E148 Safari/604.1" "ysfine.com"
64.43.14.66 - - [21/Dec/2022:13:17:57 -0800] "GET /world/germany/berlin051.jpg HTTP/1.1" 200 104542 "https://www.bing.com/" "Mozilla/5.0 (Windows NT 10.0; Win64; x64) AppleWebKit/537.36 (KHTML, like Gecko) Chrome/108.0.0.0 Safari/537.36 Edg/108.0.1462.54" "www.ysfine.com"
64.43.14.66 - - [21/Dec/2022:13:18:08 -0800] "GET /world/germany/berlin051.jpg HTTP/1.1" 200 104542 "-" "Mozilla/4.0 (compatible; ms-office; MSOffice 16)" "www.ysfine.com"
51.222.253.3 - - [21/Dec/2022:13:19:12 -0800] "GET /princeton/prosprade.html HTTP/1.1" 200 242 "-" "Mozilla/5.0 (compatible; AhrefsBot/7.0; +http://ahrefs.com/robot/)" "www.ysfine.com"
86.161.81.60 - - [21/Dec/2022:13:19:13 -0800] "GET /world/brit/harrow12.jpg HTTP/1.1" 200 99510 "-" "Mozilla/5.0 (iPhone; CPU iPhone OS 16_1 like Mac OS X) AppleWebKit/605.1.15 (KHTML, like Gecko) CriOS/108.0.5359.112 Mobile/15E148 Safari/604.1" "ysfine.com"
51.222.253.19 - - [21/Dec/2022:13:19:13 -0800] "GET /princeton/pros03.jpg HTTP/1.1" 200 71076 "-" "Mozilla/5.0 (compatible; AhrefsBot/7.0; +http://ahrefs.com/robot/)" "www.ysfine.com"
51.222.253.9 - - [21/Dec/2022:13:19:14 -0800] "GET /princeton/pros08.jpg HTTP/1.1" 200 82950 "-" "Mozilla/5.0 (compatible; AhrefsBot/7.0; +http://ahrefs.com/robot/)" "www.ysfine.com"
51.222.253.11 - - [21/Dec/2022:13:19:14 -0800] "GET /princeton/pros04.jpg HTTP/1.1" 200 88519 "-" "Mozilla/5.0 (compatible; AhrefsBot/7.0; +http://ahrefs.com/robot/)" "www.ysfine.com"
51.222.253.17 - - [21/Dec/2022:13:19:15 -0800] "GET /princeton/pros01.jpg HTTP/1.1" 200 82076 "-" "Mozilla/5.0 (compatible; AhrefsBot/7.0; +http://ahrefs.com/robot/)" "www.ysfine.com"
51.222.253.11 - - [21/Dec/2022:13:19:15 -0800] "GET /princeton/pros05.jpg HTTP/1.1" 200 83329 "-" "Mozilla/5.0 (compatible; AhrefsBot/7.0; +http://ahrefs.com/robot/)" "www.ysfine.com"
51.222.253.7 - - [21/Dec/2022:13:19:16 -0800] "GET /princeton/pros07.jpg HTTP/1.1" 200 84749 "-" "Mozilla/5.0 (compatible; AhrefsBot/7.0; +http://ahrefs.com/robot/)" "www.ysfine.com"
51.222.253.16 - - [21/Dec/2022:13:19:17 -0800] "GET /princeton/pros02.jpg HTTP/1.1" 200 72340 "-" "Mozilla/5.0 (compatible; AhrefsBot/7.0; +http://ahrefs.com/robot/)" "www.ysfine.com"
51.222.253.8 - - [21/Dec/2022:13:19:17 -0800] "GET /princeton/pros09.jpg HTTP/1.1" 200 59864 "-" "Mozilla/5.0 (compatible; AhrefsBot/7.0; +http://ahrefs.com/robot/)" "www.ysfine.com"
51.222.253.19 - - [21/Dec/2022:13:19:18 -0800] "GET /princeton/pros10.jpg HTTP/1.1" 200 111737 "-" "Mozilla/5.0 (compatible; AhrefsBot/7.0; +http://ahrefs.com/robot/)" "www.ysfine.com"
5.255.253.111 - - [21/Dec/2022:13:19:20 -0800] "GET /bio03.html HTTP/1.1" 200 10044 "-" "Mozilla/5.0 (compatible; YandexBot/3.0; +http://yandex.com/bots)" "www.ysfine.com"
207.46.13.144 - - [21/Dec/2022:13:19:45 -0800] "GET /beau/britvegas01.jpg HTTP/1.1" 404 88 "-" "Mozilla/5.0 AppleWebKit/537.36 (KHTML, like Gecko; compatible; bingbot/2.0; +http://www.bing.com/bingbot.htm) Chrome/103.0.5060.134 Safari/537.36" "ysfine.com"
207.46.13.144 - - [21/Dec/2022:13:20:07 -0800] "GET /bio/wigner/e(2).html HTTP/1.1" 404 88 "-" "Mozilla/5.0 AppleWebKit/537.36 (KHTML, like Gecko; compatible; bingbot/2.0; +http://www.bing.com/bingbot.htm) Chrome/103.0.5060.134 Safari/537.36" "ysfine.com"
207.46.13.51 - - [21/Dec/2022:13:20:11 -0800] "GET /bio/style/rieu.html HTTP/1.1" 404 88 "-" "Mozilla/5.0 AppleWebKit/537.36 (KHTML, like Gecko; compatible; bingbot/2.0; +http://www.bing.com/bingbot.htm) Chrome/103.0.5060.134 Safari/537.36" "ysfine.com"
5.255.253.111 - - [21/Dec/2022:13:20:19 -0800] "GET /home/bio03.html HTTP/1.1" 404 88 "-" "Mozilla/5.0 (compatible; YandexBot/3.0; +http://yandex.com/bots)" "www.ysfine.com"
80.163.24.113 - - [21/Dec/2022:13:20:35 -0800] "GET /maga/phil/yy10.jpg HTTP/1.1" 200 44890 "https://www.google.com/" "Mozilla/5.0 (Windows NT 10.0; Win64; x64) AppleWebKit/537.36 (KHTML, like Gecko) Chrome/108.0.0.0 Safari/537.36" "ysfine.com"
5.255.253.111 - - [21/Dec/2022:13:20:41 -0800] "GET /kobak/severance2.jpg HTTP/1.1" 200 131123 "-" "Mozilla/5.0 (compatible; YandexImages/3.0; +http://yandex.com/bots)" "www.ysfine.com"
5.255.253.111 - - [21/Dec/2022:13:20:42 -0800] "GET /kobak/yoonhm.jpg HTTP/1.1" 200 150232 "-" "Mozilla/5.0 (compatible; YandexImages/3.0; +http://yandex.com/bots)" "www.ysfine.com"
5.255.253.111 - - [21/Dec/2022:13:20:43 -0800] "GET /kobak/hyundai86.jpg HTTP/1.1" 200 117727 "-" "Mozilla/5.0 (compatible; YandexImages/3.0; +http://yandex.com/bots)" "www.ysfine.com"
5.255.253.111 - - [21/Dec/2022:13:20:44 -0800] "GET /kobak/monroe.jpg HTTP/1.1" 200 120693 "-" "Mozilla/5.0 (compatible; YandexImages/3.0; +http://yandex.com/bots)" "www.ysfine.com"
87.250.224.33 - - [21/Dec/2022:13:20:47 -0800] "GET /kobak/yoonhm2.jpg HTTP/1.1" 200 40988 "-" "Mozilla/5.0 (compatible; YandexImages/3.0; +http://yandex.com/bots)" "www.ysfine.com"
87.250.224.28 - - [21/Dec/2022:13:20:48 -0800] "GET /kobak/kumipo01b.jpg HTTP/1.1" 200 32923 "-" "Mozilla/5.0 (compatible; YandexImages/3.0; +http://yandex.com/bots)" "www.ysfine.com"
5.255.253.111 - - [21/Dec/2022:13:20:49 -0800] "GET /folks/korcasia.html HTTP/1.1" 200 2498 "-" "Mozilla/5.0 (compatible; YandexBot/3.0; +http://yandex.com/bots)" "www.ysfine.com"
87.250.224.33 - - [21/Dec/2022:13:20:51 -0800] "GET /sing.html HTTP/1.1" 404 88 "-" "Mozilla/5.0 (compatible; YandexBot/3.0; +http://yandex.com/bots)" "www.ysfine.com"
87.250.224.28 - - [21/Dec/2022:13:20:52 -0800] "GET /world/brit/etonharrow.html HTTP/1.1" 200 4546 "-" "Mozilla/5.0 (compatible; YandexBot/3.0; +http://yandex.com/bots)" "www.ysfine.com"
87.250.224.28 - - [21/Dec/2022:13:20:53 -0800] "GET /maga/kant.html HTTP/1.1" 200 8714 "-" "Mozilla/5.0 (compatible; YandexBot/3.0; +http://yandex.com/bots)" "www.ysfine.com"
5.255.253.111 - - [21/Dec/2022:13:20:54 -0800] "GET /folks/garden.html HTTP/1.1" 200 35721 "-" "Mozilla/5.0 (compatible; YandexBot/3.0; +http://yandex.com/bots)" "www.ysfine.com"
87.250.224.28 - - [21/Dec/2022:13:20:55 -0800] "GET /princeton/cleve.html HTTP/1.1" 200 570 "-" "Mozilla/5.0 (compatible; YandexBot/3.0; +http://yandex.com/bots)" "www.ysfine.com"
87.250.224.6 - - [21/Dec/2022:13:21:04 -0800] "GET /awards/index.html HTTP/1.1" 200 9995 "-" "Mozilla/5.0 (compatible; YandexBot/3.0; +http://yandex.com/bots)" "www.ysfine.com"
20.232.203.86 - - [21/Dec/2022:13:21:07 -0800] "GET /style/stbot.html HTTP/1.1" 200 122 "-" "Mozilla/5.0 (Windows NT 10.0; Win64; x64) AppleWebKit/537.36 (KHTML, like Gecko) Chrome/86.0.4240.75 Safari/537.36" "ysfine.com"
185.191.171.19 - - [21/Dec/2022:13:21:11 -0800] "GET /einstein/einnobel.html HTTP/1.1" 200 8152 "-" "Mozilla/5.0 (compatible; SemrushBot/7~bl; +http://www.semrush.com/bot.html)" "www.ysfine.com"
71.178.208.102 - - [21/Dec/2022:13:21:15 -0800] "GET /ys11/index.html HTTP/1.1" 304 - "-" "Mozilla/5.0 (Linux; Android 5.1.1; KFSUWI) AppleWebKit/537.36 (KHTML, like Gecko) Silk/106.5.7 like Chrome/106.0.5249.208 Safari/537.36" "www.ysfine.com"
71.178.208.102 - - [21/Dec/2022:13:21:20 -0800] "GET /ys11/index.html HTTP/1.1" 304 - "-" "Mozilla/5.0 (Linux; Android 5.1.1; KFSUWI) AppleWebKit/537.36 (KHTML, like Gecko) Silk/106.5.7 like Chrome/106.0.5249.208 Safari/537.36" "www.ysfine.com"
71.178.208.102 - - [21/Dec/2022:13:21:30 -0800] "GET /ys22/dondon.html HTTP/1.1" 401 90 "https://www.ysfine.com/ys11/index.html" "Mozilla/5.0 (Linux; Android 5.1.1; KFSUWI) AppleWebKit/537.36 (KHTML, like Gecko) Silk/106.5.7 like Chrome/106.0.5249.208 Safari/537.36" "www.ysfine.com"
71.178.208.102 - jake [21/Dec/2022:13:21:33 -0800] "GET /ys22/dondon.html HTTP/1.1" 304 - "https://www.ysfine.com/ys11/index.html" "Mozilla/5.0 (Linux; Android 5.1.1; KFSUWI) AppleWebKit/537.36 (KHTML, like Gecko) Silk/106.5.7 like Chrome/106.0.5249.208 Safari/537.36" "www.ysfine.com"
5.255.253.111 - - [21/Dec/2022:13:21:44 -0800] "GET /style/artlove.html HTTP/1.1" 200 16005 "-" "Mozilla/5.0 (compatible; YandexBot/3.0; +http://yandex.com/bots)" "www.ysfine.com"
87.250.224.28 - - [21/Dec/2022:13:22:01 -0800] "GET /maga/sartre.html HTTP/1.1" 200 7719 "-" "Mozilla/5.0 (compatible; YandexBot/3.0; +http://yandex.com/bots)" "www.ysfine.com"
87.250.224.28 - - [21/Dec/2022:13:22:03 -0800] "GET /kobak/democr.html HTTP/1.1" 200 2199 "-" "Mozilla/5.0 (compatible; YandexBot/3.0; +http://yandex.com/bots)" "www.ysfine.com"
20.232.203.86 - - [21/Dec/2022:13:22:21 -0800] "GET /people/peo.html HTTP/1.1" 200 13502 "-" "Mozilla/5.0 (Windows NT 10.0; Win64; x64) AppleWebKit/537.36 (KHTML, like Gecko) Chrome/86.0.4240.75 Safari/537.36" "ysfine.com"
207.46.13.109 - - [21/Dec/2022:13:23:42 -0800] "GET /bio/harmoarchi.html HTTP/1.1" 404 88 "-" "Mozilla/5.0 (compatible; bingbot/2.0; +http://www.bing.com/bingbot.htm)" "ysfine.com"
5.255.253.111 - - [21/Dec/2022:13:23:42 -0800] "GET /kobak/shortw.html HTTP/1.1" 200 3128 "-" "Mozilla/5.0 (compatible; YandexBot/3.0; +http://yandex.com/bots)" "www.ysfine.com"
207.46.13.109 - - [21/Dec/2022:13:23:42 -0800] "GET /bio/sbk/1950.html HTTP/1.1" 404 88 "-" "Mozilla/5.0 (compatible; bingbot/2.0; +http://www.bing.com/bingbot.htm)" "ysfine.com"
51.222.253.12 - - [21/Dec/2022:13:23:58 -0800] "GET / HTTP/1.1" 200 5295 "-" "Mozilla/5.0 (compatible; AhrefsBot/7.0; +http://ahrefs.com/robot/)" "www.ysfine.com"
51.222.253.1 - - [21/Dec/2022:13:24:03 -0800] "GET /robots.txt HTTP/1.1" 404 88 "-" "Mozilla/5.0 (compatible; AhrefsBot/7.0; +http://ahrefs.com/robot/)" "ysfine.com"
87.250.224.28 - - [21/Dec/2022:13:24:26 -0800] "GET /world/polandk.html HTTP/1.1" 200 5994 "-" "Mozilla/5.0 (compatible; YandexBot/3.0; +http://yandex.com/bots)" "www.ysfine.com"
207.46.13.51 - - [21/Dec/2022:13:24:43 -0800] "GET /bio/kobak/soraech.html HTTP/1.1" 404 88 "-" "Mozilla/5.0 AppleWebKit/537.36 (KHTML, like Gecko; compatible; bingbot/2.0; +http://www.bing.com/bingbot.htm) Chrome/103.0.5060.134 Safari/537.36" "ysfine.com"
5.255.253.111 - - [21/Dec/2022:13:25:33 -0800] "GET /dirac/dirackim62.html HTTP/1.1" 200 2970 "-" "Mozilla/5.0 (compatible; YandexBot/3.0; +http://yandex.com/bots)" "www.ysfine.com"
207.46.13.144 - - [21/Dec/2022:13:25:46 -0800] "GET /bio/princeton/campus.html HTTP/1.1" 404 88 "-" "Mozilla/5.0 AppleWebKit/537.36 (KHTML, like Gecko; compatible; bingbot/2.0; +http://www.bing.com/bingbot.htm) Chrome/103.0.5060.134 Safari/537.36" "ysfine.com"
5.255.253.111 - - [21/Dec/2022:13:25:57 -0800] "GET /world/musplace.html HTTP/1.1" 200 22077 "-" "Mozilla/5.0 (compatible; YandexBot/3.0; +http://yandex.com/bots)" "www.ysfine.com"
185.191.171.22 - - [21/Dec/2022:13:26:07 -0800] "GET /einstein/einkant.html HTTP/1.1" 200 1812 "-" "Mozilla/5.0 (compatible; SemrushBot/7~bl; +http://www.semrush.com/bot.html)" "ysfine.com"
207.46.13.144 - - [21/Dec/2022:13:26:17 -0800] "GET /bio/style/ystyle.html HTTP/1.1" 404 88 "-" "Mozilla/5.0 AppleWebKit/537.36 (KHTML, like Gecko; compatible; bingbot/2.0; +http://www.bing.com/bingbot.htm) Chrome/103.0.5060.134 Safari/537.36" "ysfine.com"
207.46.13.144 - - [21/Dec/2022:13:26:25 -0800] "GET /bio/ewk86.jpg HTTP/1.1" 404 88 "-" "Mozilla/5.0 AppleWebKit/537.36 (KHTML, like Gecko; compatible; bingbot/2.0; +http://www.bing.com/bingbot.htm) Chrome/103.0.5060.134 Safari/537.36" "www.ysfine.com"
5.255.253.111 - - [21/Dec/2022:13:26:38 -0800] "GET /bio15.html HTTP/1.1" 200 15983 "-" "Mozilla/5.0 (compatible; YandexBot/3.0; +http://yandex.com/bots)" "www.ysfine.com"
51.222.253.11 - - [21/Dec/2022:13:26:39 -0800] "GET / HTTP/1.1" 200 5295 "-" "Mozilla/5.0 (compatible; AhrefsBot/7.0; +http://ahrefs.com/robot/)" "ysfine.com"
157.55.39.79 - - [21/Dec/2022:13:27:00 -0800] "GET /bio/feynman/partons.html HTTP/1.1" 404 88 "-" "Mozilla/5.0 (compatible; bingbot/2.0; +http://www.bing.com/bingbot.htm)" "ysfine.com"
5.188.210.80 - - [21/Dec/2022:13:27:03 -0800] "GET / HTTP/1.1" 200 15920 "https://www.ysfine.com/" "Mozilla/5.0 (Windows NT 10.0; WOW64) AppleWebKit/537.36 (KHTML, like Gecko) Chrome/90.0.4430.72 Safari/537.36" "www.ysfine.com"
