51.222.253.18 - - [09/Dec/2022:05:46:16 -0800] "GET /style/musee/pradom03c.jpg HTTP/1.1" 200 37152 "-" "Mozilla/5.0 (compatible; AhrefsBot/7.0; +http://ahrefs.com/robot/)" "www.ysfine.com"
207.46.13.48 - - [09/Dec/2022:05:46:18 -0800] "GET /friends/hillary.html HTTP/1.1" 404 88 "-" "Mozilla/5.0 (compatible; bingbot/2.0; +http://www.bing.com/bingbot.htm)" "ysfine.com"
207.46.13.48 - - [09/Dec/2022:05:46:19 -0800] "GET /bio/style/rieu.html HTTP/1.1" 404 88 "-" "Mozilla/5.0 AppleWebKit/537.36 (KHTML, like Gecko; compatible; bingbot/2.0; +http://www.bing.com/bingbot.htm) Chrome/103.0.5060.134 Safari/537.36" "ysfine.com"
207.46.13.48 - - [09/Dec/2022:05:46:20 -0800] "GET /bio.html HTTP/1.1" 200 18114 "-" "Mozilla/5.0 AppleWebKit/537.36 (KHTML, like Gecko; compatible; bingbot/2.0; +http://www.bing.com/bingbot.htm) Chrome/103.0.5060.134 Safari/537.36" "ysfine.com"
51.222.253.8 - - [09/Dec/2022:05:46:22 -0800] "GET /style/musee/matisse11c.jpg HTTP/1.1" 200 31112 "-" "Mozilla/5.0 (compatible; AhrefsBot/7.0; +http://ahrefs.com/robot/)" "www.ysfine.com"
51.222.253.15 - - [09/Dec/2022:05:46:25 -0800] "GET /einstein/einqm.html HTTP/1.1" 200 4504 "-" "Mozilla/5.0 (compatible; AhrefsBot/7.0; +http://ahrefs.com/robot/)" "www.ysfine.com"
51.222.253.20 - - [09/Dec/2022:05:46:28 -0800] "GET /style/musee/uffizi22b.jpg HTTP/1.1" 200 42665 "-" "Mozilla/5.0 (compatible; AhrefsBot/7.0; +http://ahrefs.com/robot/)" "www.ysfine.com"
51.222.253.3 - - [09/Dec/2022:05:46:33 -0800] "GET /style/musee/picassomp02c.jpg HTTP/1.1" 200 31690 "-" "Mozilla/5.0 (compatible; AhrefsBot/7.0; +http://ahrefs.com/robot/)" "www.ysfine.com"
51.222.253.6 - - [09/Dec/2022:05:46:39 -0800] "GET /style/musee/beijing061c.jpg HTTP/1.1" 200 29885 "-" "Mozilla/5.0 (compatible; AhrefsBot/7.0; +http://ahrefs.com/robot/)" "www.ysfine.com"
51.222.253.17 - - [09/Dec/2022:05:46:45 -0800] "GET /style/musee/louvre11c.jpg HTTP/1.1" 200 44335 "-" "Mozilla/5.0 (compatible; AhrefsBot/7.0; +http://ahrefs.com/robot/)" "www.ysfine.com"
51.222.253.13 - - [09/Dec/2022:05:46:51 -0800] "GET /style/musee/picassomp10c.jpg HTTP/1.1" 200 36243 "-" "Mozilla/5.0 (compatible; AhrefsBot/7.0; +http://ahrefs.com/robot/)" "www.ysfine.com"
51.222.253.13 - - [09/Dec/2022:05:47:01 -0800] "GET /style/musee/orsaym01c.jpg HTTP/1.1" 200 43934 "-" "Mozilla/5.0 (compatible; AhrefsBot/7.0; +http://ahrefs.com/robot/)" "www.ysfine.com"
51.222.253.15 - - [09/Dec/2022:05:47:08 -0800] "GET /style/musee/perga06b.jpg HTTP/1.1" 200 40224 "-" "Mozilla/5.0 (compatible; AhrefsBot/7.0; +http://ahrefs.com/robot/)" "www.ysfine.com"
51.222.253.1 - - [09/Dec/2022:05:47:14 -0800] "GET /style/musee/vatican33b.jpg HTTP/1.1" 200 38167 "-" "Mozilla/5.0 (compatible; AhrefsBot/7.0; +http://ahrefs.com/robot/)" "www.ysfine.com"
64.124.8.25 - - [09/Dec/2022:05:47:19 -0800] "GET /friends/garden.html HTTP/1.1" 404 88 "-" "Mozilla/5.0 (X11; Linux x86_64) AppleWebKit/537.36 (KHTML, like Gecko) Chrome/61.0.3163.79 Safari/537.36" "ysfine.com"
51.222.253.3 - - [09/Dec/2022:05:47:20 -0800] "GET /style/musee/ath000b.jpg HTTP/1.1" 200 46554 "-" "Mozilla/5.0 (compatible; AhrefsBot/7.0; +http://ahrefs.com/robot/)" "www.ysfine.com"
62.20.62.208 - - [09/Dec/2022:05:47:25 -0800] "GET /dirac/dirwig33b.jpg HTTP/1.1" 200 11663 "https://ysfine.com/dirac/wigsis.html" "Mozilla/5.0 (Windows NT 10.0; Win64; x64) AppleWebKit/537.36 (KHTML, like Gecko) Chrome/108.0.0.0 Safari/537.36" "ysfine.com"
62.20.62.208 - - [09/Dec/2022:05:47:25 -0800] "GET /dirac/michaels22.jpg HTTP/1.1" 200 47473 "https://ysfine.com/dirac/wigsis.html" "Mozilla/5.0 (Windows NT 10.0; Win64; x64) AppleWebKit/537.36 (KHTML, like Gecko) Chrome/108.0.0.0 Safari/537.36" "ysfine.com"
62.20.62.208 - - [09/Dec/2022:05:47:25 -0800] "GET /dirac/hazi22.jpg HTTP/1.1" 200 37344 "https://ysfine.com/dirac/wigsis.html" "Mozilla/5.0 (Windows NT 10.0; Win64; x64) AppleWebKit/537.36 (KHTML, like Gecko) Chrome/108.0.0.0 Safari/537.36" "ysfine.com"
62.20.62.208 - - [09/Dec/2022:05:47:25 -0800] "GET /dirac/dirac84b.jpg HTTP/1.1" 200 42763 "https://ysfine.com/dirac/wigsis.html" "Mozilla/5.0 (Windows NT 10.0; Win64; x64) AppleWebKit/537.36 (KHTML, like Gecko) Chrome/108.0.0.0 Safari/537.36" "ysfine.com"
51.222.253.9 - - [09/Dec/2022:05:47:26 -0800] "GET /style/musee/louvre16c.jpg HTTP/1.1" 200 32786 "-" "Mozilla/5.0 (compatible; AhrefsBot/7.0; +http://ahrefs.com/robot/)" "www.ysfine.com"
62.20.62.208 - - [09/Dec/2022:05:47:26 -0800] "GET /feynman/feydirac270.jpg HTTP/1.1" 200 59000 "https://ysfine.com/dirac/wigsis.html" "Mozilla/5.0 (Windows NT 10.0; Win64; x64) AppleWebKit/537.36 (KHTML, like Gecko) Chrome/108.0.0.0 Safari/537.36" "ysfine.com"
62.20.62.208 - - [09/Dec/2022:05:47:26 -0800] "GET /world/poland/jablo01b.jpg HTTP/1.1" 200 39801 "https://ysfine.com/dirac/wigsis.html" "Mozilla/5.0 (Windows NT 10.0; Win64; x64) AppleWebKit/537.36 (KHTML, like Gecko) Chrome/108.0.0.0 Safari/537.36" "ysfine.com"
62.20.62.208 - - [09/Dec/2022:05:47:26 -0800] "GET /world/poland/jablo08b.jpg HTTP/1.1" 200 42070 "https://ysfine.com/dirac/wigsis.html" "Mozilla/5.0 (Windows NT 10.0; Win64; x64) AppleWebKit/537.36 (KHTML, like Gecko) Chrome/108.0.0.0 Safari/537.36" "ysfine.com"
62.20.62.208 - - [09/Dec/2022:05:47:26 -0800] "GET /world/poland/jablo19b.jpg HTTP/1.1" 200 49913 "https://ysfine.com/dirac/wigsis.html" "Mozilla/5.0 (Windows NT 10.0; Win64; x64) AppleWebKit/537.36 (KHTML, like Gecko) Chrome/108.0.0.0 Safari/537.36" "ysfine.com"
62.20.62.208 - - [09/Dec/2022:05:47:27 -0800] "GET /world/poland/jablo20b.jpg HTTP/1.1" 200 41339 "https://ysfine.com/dirac/wigsis.html" "Mozilla/5.0 (Windows NT 10.0; Win64; x64) AppleWebKit/537.36 (KHTML, like Gecko) Chrome/108.0.0.0 Safari/537.36" "ysfine.com"
62.20.62.208 - - [09/Dec/2022:05:47:27 -0800] "GET /dirac/jablo62b.jpg HTTP/1.1" 200 42817 "https://ysfine.com/dirac/wigsis.html" "Mozilla/5.0 (Windows NT 10.0; Win64; x64) AppleWebKit/537.36 (KHTML, like Gecko) Chrome/108.0.0.0 Safari/537.36" "ysfine.com"
62.20.62.208 - - [09/Dec/2022:05:47:27 -0800] "GET /kobak/nicodem11b.jpg HTTP/1.1" 200 79065 "https://ysfine.com/dirac/wigsis.html" "Mozilla/5.0 (Windows NT 10.0; Win64; x64) AppleWebKit/537.36 (KHTML, like Gecko) Chrome/108.0.0.0 Safari/537.36" "ysfine.com"
62.20.62.208 - - [09/Dec/2022:05:47:27 -0800] "GET /dirac/dirackim6201.jpg HTTP/1.1" 200 51283 "https://ysfine.com/dirac/wigsis.html" "Mozilla/5.0 (Windows NT 10.0; Win64; x64) AppleWebKit/537.36 (KHTML, like Gecko) Chrome/108.0.0.0 Safari/537.36" "ysfine.com"
62.20.62.208 - - [09/Dec/2022:05:47:27 -0800] "GET /dirac/dirackim6202.jpg HTTP/1.1" 200 51465 "https://ysfine.com/dirac/wigsis.html" "Mozilla/5.0 (Windows NT 10.0; Win64; x64) AppleWebKit/537.36 (KHTML, like Gecko) Chrome/108.0.0.0 Safari/537.36" "ysfine.com"
62.20.62.208 - - [09/Dec/2022:05:47:28 -0800] "GET /dirac/hyperell2.jpg HTTP/1.1" 200 29858 "https://ysfine.com/dirac/wigsis.html" "Mozilla/5.0 (Windows NT 10.0; Win64; x64) AppleWebKit/537.36 (KHTML, like Gecko) Chrome/108.0.0.0 Safari/537.36" "ysfine.com"
62.20.62.208 - - [09/Dec/2022:05:47:28 -0800] "GET /dirac/dirackn33b.jpg HTTP/1.1" 200 48200 "https://ysfine.com/dirac/wigsis.html" "Mozilla/5.0 (Windows NT 10.0; Win64; x64) AppleWebKit/537.36 (KHTML, like Gecko) Chrome/108.0.0.0 Safari/537.36" "ysfine.com"
62.20.62.208 - - [09/Dec/2022:05:47:28 -0800] "GET /eink/eink61c.jpg HTTP/1.1" 200 34119 "https://ysfine.com/dirac/wigsis.html" "Mozilla/5.0 (Windows NT 10.0; Win64; x64) AppleWebKit/537.36 (KHTML, like Gecko) Chrome/108.0.0.0 Safari/537.36" "ysfine.com"
62.20.62.208 - - [09/Dec/2022:05:47:28 -0800] "GET /favicon.ico HTTP/1.1" 404 88 "https://ysfine.com/dirac/wigsis.html" "Mozilla/5.0 (Windows NT 10.0; Win64; x64) AppleWebKit/537.36 (KHTML, like Gecko) Chrome/108.0.0.0 Safari/537.36" "ysfine.com"
51.222.253.16 - - [09/Dec/2022:05:47:31 -0800] "GET /style/musee/uffizi12b.jpg HTTP/1.1" 200 49310 "-" "Mozilla/5.0 (compatible; AhrefsBot/7.0; +http://ahrefs.com/robot/)" "www.ysfine.com"
51.222.253.13 - - [09/Dec/2022:05:47:37 -0800] "GET /style/elena03c.jpg HTTP/1.1" 200 24695 "-" "Mozilla/5.0 (compatible; AhrefsBot/7.0; +http://ahrefs.com/robot/)" "www.ysfine.com"
51.222.253.10 - - [09/Dec/2022:05:47:43 -0800] "GET /style/musee/egypmu02b.jpg HTTP/1.1" 200 31047 "-" "Mozilla/5.0 (compatible; AhrefsBot/7.0; +http://ahrefs.com/robot/)" "www.ysfine.com"
64.124.8.25 - - [09/Dec/2022:05:47:43 -0800] "GET /maga/phil/marxphil.html HTTP/1.1" 404 88 "-" "Mozilla/5.0 (X11; Linux x86_64) AppleWebKit/537.36 (KHTML, like Gecko) Chrome/61.0.3163.79 Safari/537.36" "ysfine.com"
51.222.253.1 - - [09/Dec/2022:05:47:49 -0800] "GET /style/musee/picassomp14c.jpg HTTP/1.1" 200 42414 "-" "Mozilla/5.0 (compatible; AhrefsBot/7.0; +http://ahrefs.com/robot/)" "www.ysfine.com"
51.222.253.17 - - [09/Dec/2022:05:47:55 -0800] "GET /style/musee/minsk040b.jpg HTTP/1.1" 200 41302 "-" "Mozilla/5.0 (compatible; AhrefsBot/7.0; +http://ahrefs.com/robot/)" "www.ysfine.com"
64.124.8.25 - - [09/Dec/2022:05:48:06 -0800] "GET /mose/index.html HTTP/1.1" 404 88 "-" "Mozilla/5.0 (X11; Linux x86_64) AppleWebKit/537.36 (KHTML, like Gecko) Chrome/61.0.3163.79 Safari/537.36" "ysfine.com"
64.124.8.52 - - [09/Dec/2022:05:48:29 -0800] "GET /robots.txt HTTP/1.1" 404 88 "-" "Mozilla/5.0 (X11; Linux x86_64) AppleWebKit/537.36 (KHTML, like Gecko) Chrome/61.0.3163.79 Safari/537.36" "www.ysfine.com"
64.124.8.52 - - [09/Dec/2022:05:48:29 -0800] "GET /feynman/feynart.html HTTP/1.1" 304 - "-" "Mozilla/5.0 (X11; Linux x86_64) AppleWebKit/537.36 (KHTML, like Gecko) Chrome/61.0.3163.79 Safari/537.36" "www.ysfine.com"
207.46.13.48 - - [09/Dec/2022:05:49:09 -0800] "GET /bio/eink/buythisbook.html HTTP/1.1" 404 88 "-" "Mozilla/5.0 AppleWebKit/537.36 (KHTML, like Gecko; compatible; bingbot/2.0; +http://www.bing.com/bingbot.htm) Chrome/103.0.5060.134 Safari/537.36" "ysfine.com"
157.55.39.76 - - [09/Dec/2022:05:49:22 -0800] "GET /style/venus.jpg HTTP/1.1" 200 96403 "-" "Mozilla/5.0 AppleWebKit/537.36 (KHTML, like Gecko; compatible; bingbot/2.0; +http://www.bing.com/bingbot.htm) Chrome/103.0.5060.134 Safari/537.36" "ysfine.com"
204.38.48.96 - - [09/Dec/2022:05:49:26 -0800] "GET /world/china/china006.gif HTTP/1.1" 200 105398 "https://www.google.com/" "Mozilla/5.0 (X11; CrOS x86_64 15117.111.0) AppleWebKit/537.36 (KHTML, like Gecko) Chrome/107.0.0.0 Safari/537.36" "ysfine.com"
17.121.114.207 - - [09/Dec/2022:05:49:30 -0800] "GET /home/ewk86k.jpg HTTP/1.1" 200 103566 "-" "Mozilla/5.0 (Macintosh; Intel Mac OS X 10_15_5) AppleWebKit/605.1.15 (KHTML, like Gecko) Version/13.1.1 Safari/605.1.15 (Applebot/0.1; +http://www.apple.com/go/applebot)" "ysfine.com"
51.222.253.12 - - [09/Dec/2022:05:49:51 -0800] "GET /wdc/index.html HTTP/1.1" 200 141 "-" "Mozilla/5.0 (compatible; AhrefsBot/7.0; +http://ahrefs.com/robot/)" "www.ysfine.com"
64.124.8.25 - - [09/Dec/2022:05:49:52 -0800] "GET /maga/phil/sisfa12/frame50.html HTTP/1.1" 200 320 "-" "Mozilla/5.0 (X11; Linux x86_64) AppleWebKit/537.36 (KHTML, like Gecko) Chrome/61.0.3163.79 Safari/537.36" "ysfine.com"
103.160.128.34 - - [09/Dec/2022:05:49:54 -0800] "GET /yspapers/iopbook15.pdf HTTP/1.1" 304 - "https://www.google.com/" "Mozilla/5.0 (Windows NT 10.0; Win64; x64) AppleWebKit/537.36 (KHTML, like Gecko) Chrome/108.0.0.0 Safari/537.36" "ysfine.com"
103.160.128.34 - - [09/Dec/2022:05:50:05 -0800] "GET /yspapers/iopbook15.pdf HTTP/1.1" 304 - "https://www.google.com/" "Mozilla/5.0 (Windows NT 10.0; Win64; x64) AppleWebKit/537.36 (KHTML, like Gecko) Chrome/108.0.0.0 Safari/537.36" "ysfine.com"
103.160.128.34 - - [09/Dec/2022:05:50:06 -0800] "GET /yspapers/iopbook15.pdf HTTP/1.1" 206 1 "https://www.google.com/" "Mozilla/5.0 (Windows NT 10.0; Win64; x64) AppleWebKit/537.36 (KHTML, like Gecko) Chrome/108.0.0.0 Safari/537.36" "ysfine.com"
103.160.128.34 - - [09/Dec/2022:05:50:06 -0800] "GET /yspapers/iopbook15.pdf HTTP/1.1" 206 556444 "https://www.google.com/" "Mozilla/5.0 (Windows NT 10.0; Win64; x64) AppleWebKit/537.36 (KHTML, like Gecko) Chrome/108.0.0.0 Safari/537.36" "ysfine.com"
40.90.217.144 - - [09/Dec/2022:05:50:41 -0800] "GET /feynman/feyfirm.jpg HTTP/1.1" 200 72077 "-" "Mozilla/5.0 (X11; Linux x86_64) AppleWebKit/537.36 (KHTML, like Gecko) Chrome/108.0.0.0 Safari/537.36" "www.ysfine.com"
64.124.8.25 - - [09/Dec/2022:05:52:23 -0800] "GET /archives/proceedings/ff1/fp1abs.html HTTP/1.1" 200 21918 "-" "Mozilla/5.0 (X11; Linux x86_64) AppleWebKit/537.36 (KHTML, like Gecko) Chrome/61.0.3163.79 Safari/537.36" "ysfine.com"
17.121.112.214 - - [09/Dec/2022:05:52:24 -0800] "GET /world/hungary/hunband01b.jpg HTTP/1.1" 200 46280 "-" "Mozilla/5.0 (Macintosh; Intel Mac OS X 10_15_5) AppleWebKit/605.1.15 (KHTML, like Gecko) Version/13.1.1 Safari/605.1.15 (Applebot/0.1; +http://www.apple.com/go/applebot)" "ysfine.com"
157.55.39.6 - - [09/Dec/2022:05:52:31 -0800] "GET /world/russ/kazan071.jpg HTTP/1.1" 200 103091 "-" "Mozilla/5.0 AppleWebKit/537.36 (KHTML, like Gecko; compatible; bingbot/2.0; +http://www.bing.com/bingbot.htm) Chrome/103.0.5060.134 Safari/537.36" "ysfine.com"
40.90.217.19 - - [09/Dec/2022:05:53:10 -0800] "GET /world/baltic/russdull.jpg HTTP/1.1" 200 94002 "-" "Mozilla/5.0 (Macintosh; Intel Mac OS X 13.0; rv:102.0) Gecko/20100101 Firefox/102.0" "ysfine.com"
51.222.253.8 - - [09/Dec/2022:05:53:11 -0800] "GET /class54/class5470/total_data/sub_765.htm HTTP/1.1" 200 3289 "-" "Mozilla/5.0 (compatible; AhrefsBot/7.0; +http://ahrefs.com/robot/)" "ysfine.com"
114.119.130.91 - - [09/Dec/2022:05:53:14 -0800] "GET /world/israel/jeru43c.jpg HTTP/1.1" 200 40941 "http://ysfine.com/world/jeru.html" "Mozilla/5.0 (Linux; Android 7.0;) AppleWebKit/537.36 (KHTML, like Gecko) Mobile Safari/537.36 (compatible; PetalBot;+https://webmaster.petalsearch.com/site/petalbot)" "ysfine.com"
51.222.253.11 - - [09/Dec/2022:05:53:15 -0800] "GET /class54/class5470/total_data/photo_img/7-65.jpg HTTP/1.1" 200 250705 "-" "Mozilla/5.0 (compatible; AhrefsBot/7.0; +http://ahrefs.com/robot/)" "ysfine.com"
157.55.39.76 - - [09/Dec/2022:05:53:23 -0800] "GET /bio/harmoarchi.html HTTP/1.1" 404 88 "-" "Mozilla/5.0 (compatible; bingbot/2.0; +http://www.bing.com/bingbot.htm)" "ysfine.com"
157.55.39.76 - - [09/Dec/2022:05:53:24 -0800] "GET /bio/bio03.html HTTP/1.1" 404 88 "-" "Mozilla/5.0 AppleWebKit/537.36 (KHTML, like Gecko; compatible; bingbot/2.0; +http://www.bing.com/bingbot.htm) Chrome/103.0.5060.134 Safari/537.36" "ysfine.com"
145.116.191.184 - - [09/Dec/2022:05:53:52 -0800] "GET /dirac/dart/dirac45a.pdf HTTP/1.1" 200 2115116 "https://www.google.com/" "Mozilla/5.0 (Windows NT 10.0; Win64; x64) AppleWebKit/537.36 (KHTML, like Gecko) Chrome/107.0.0.0 Safari/537.36" "ysfine.com"
40.90.217.19 - - [09/Dec/2022:05:54:26 -0800] "GET /world/france/stras16b.jpg HTTP/1.1" 200 53190 "-" "Mozilla/5.0 (X11; Ubuntu; Linux i686; rv:107.0) Gecko/20100101 Firefox/107.0" "ysfine.com"
114.119.159.122 - - [09/Dec/2022:05:54:38 -0800] "GET /world/feynrio.html HTTP/1.1" 200 8831 "https://ysfine.com/confer/inbot.html" "Mozilla/5.0 (Linux; Android 7.0;) AppleWebKit/537.36 (KHTML, like Gecko) Mobile Safari/537.36 (compatible; PetalBot;+https://webmaster.petalsearch.com/site/petalbot)" "ysfine.com"
40.90.217.166 - - [09/Dec/2022:05:55:14 -0800] "GET /world/latina/buenos04.jpg HTTP/1.1" 200 130248 "-" "Mozilla/5.0 (X11; Ubuntu; Linux x86_64; rv:102.0) Gecko/20100101 Firefox/102.0" "www.ysfine.com"
64.124.8.25 - - [09/Dec/2022:05:56:15 -0800] "GET /maga/phil/sisfa12/index.html HTTP/1.1" 304 - "-" "Mozilla/5.0 (X11; Linux x86_64) AppleWebKit/537.36 (KHTML, like Gecko) Chrome/61.0.3163.79 Safari/537.36" "ysfine.com"
20.99.161.120 - - [09/Dec/2022:05:56:17 -0800] "GET /world/russ/saratov02.jpg HTTP/1.1" 200 198202 "-" "Mozilla/5.0 (Windows NT 10.0; Win64; x64; rv:102.0) Gecko/20100101 Firefox/102.0" "ysfine.com"
40.90.217.63 - - [09/Dec/2022:05:56:19 -0800] "GET /maga/invent/marconi02b.jpg HTTP/1.1" 200 39480 "-" "Mozilla/5.0 (Windows NT 10.0; WOW64) AppleWebKit/537.36 (KHTML, like Gecko) Chrome/108.0.0.0 Safari/537.36" "ysfine.com"
185.191.171.7 - - [09/Dec/2022:05:56:30 -0800] "GET /maga/desiree.html HTTP/1.1" 200 2747 "-" "Mozilla/5.0 (compatible; SemrushBot/7~bl; +http://www.semrush.com/bot.html)" "ysfine.com"
114.119.146.107 - - [09/Dec/2022:05:56:45 -0800] "GET /maga/landau.html HTTP/1.1" 200 6658 "https://www.ysfine.com/world/kiev.html" "Mozilla/5.0 (Linux; Android 7.0;) AppleWebKit/537.36 (KHTML, like Gecko) Mobile Safari/537.36 (compatible; PetalBot;+https://webmaster.petalsearch.com/site/petalbot)" "www.ysfine.com"
51.222.253.5 - - [09/Dec/2022:05:56:48 -0800] "GET /einstein/ulm.html HTTP/1.1" 200 6713 "-" "Mozilla/5.0 (compatible; AhrefsBot/7.0; +http://ahrefs.com/robot/)" "ysfine.com"
40.90.217.63 - - [09/Dec/2022:05:57:03 -0800] "GET /world/baltic/lithuf07.jpg HTTP/1.1" 200 143903 "-" "Mozilla/5.0 (Windows NT 10.0; WOW64) AppleWebKit/537.36 (KHTML, like Gecko) Chrome/108.0.0.0 Safari/537.36" "ysfine.com"
51.222.253.12 - - [09/Dec/2022:05:57:09 -0800] "GET /einstein/places/ulm07c.jpg HTTP/1.1" 200 50779 "-" "Mozilla/5.0 (compatible; AhrefsBot/7.0; +http://ahrefs.com/robot/)" "ysfine.com"
95.183.196.31 - - [09/Dec/2022:05:57:12 -0800] "GET /dirac/yukadirac53.jpg HTTP/1.1" 200 72355 "https://www.google.com/" "Mozilla/5.0 (Windows NT 10.0; Win64; x64) AppleWebKit/537.36 (KHTML, like Gecko) Chrome/108.0.0.0 Safari/537.36" "ysfine.com"
51.222.253.8 - - [09/Dec/2022:05:57:15 -0800] "GET /einstein/places/ulm03c.jpg HTTP/1.1" 200 44718 "-" "Mozilla/5.0 (compatible; AhrefsBot/7.0; +http://ahrefs.com/robot/)" "ysfine.com"
62.138.6.15 - - [09/Dec/2022:05:57:21 -0800] "GET /princeton/gcollege22.jpg HTTP/1.1" 200 75914 "-" "Mozilla/5.0 (Macintosh; Intel Mac OS X 10.15; rv:103.0) Gecko/20100101 Firefox/103.0" "ysfine.com"
51.222.253.17 - - [09/Dec/2022:05:57:21 -0800] "GET /einstein/places/ulm11c.jpg HTTP/1.1" 200 47305 "-" "Mozilla/5.0 (compatible; AhrefsBot/7.0; +http://ahrefs.com/robot/)" "ysfine.com"
51.222.253.8 - - [09/Dec/2022:05:57:27 -0800] "GET /einstein/places/ulm05c.jpg HTTP/1.1" 200 36499 "-" "Mozilla/5.0 (compatible; AhrefsBot/7.0; +http://ahrefs.com/robot/)" "ysfine.com"
51.222.253.7 - - [09/Dec/2022:05:57:33 -0800] "GET /einstein/places/ulm02c.jpg HTTP/1.1" 200 39645 "-" "Mozilla/5.0 (compatible; AhrefsBot/7.0; +http://ahrefs.com/robot/)" "ysfine.com"
51.222.253.2 - - [09/Dec/2022:05:57:38 -0800] "GET /einstein/places/ulm06c.jpg HTTP/1.1" 200 24642 "-" "Mozilla/5.0 (compatible; AhrefsBot/7.0; +http://ahrefs.com/robot/)" "ysfine.com"
114.119.133.85 - - [09/Dec/2022:05:57:42 -0800] "GET /ffriends/amkor/amnorl02c.jpg HTTP/1.1" 200 37588 "https://www.ysfine.com/ffriends/uscan.html" "Mozilla/5.0 (Linux; Android 7.0;) AppleWebKit/537.36 (KHTML, like Gecko) Mobile Safari/537.36 (compatible; PetalBot;+https://webmaster.petalsearch.com/site/petalbot)" "www.ysfine.com"
51.222.253.7 - - [09/Dec/2022:05:57:47 -0800] "GET /einstein/places/ulm04c.jpg HTTP/1.1" 200 41981 "-" "Mozilla/5.0 (compatible; AhrefsBot/7.0; +http://ahrefs.com/robot/)" "ysfine.com"
51.222.253.11 - - [09/Dec/2022:05:57:54 -0800] "GET /einstein/places/ulm01c.jpg HTTP/1.1" 200 26617 "-" "Mozilla/5.0 (compatible; AhrefsBot/7.0; +http://ahrefs.com/robot/)" "ysfine.com"
40.90.217.19 - - [09/Dec/2022:05:58:57 -0800] "GET /wigner/michel.jpg HTTP/1.1" 200 80621 "-" "Mozilla/5.0 (X11; Fedora; Linux x86_64; rv:107.0) Gecko/20100101 Firefox/107.0" "www.ysfine.com"
20.115.201.68 - - [09/Dec/2022:05:59:17 -0800] "GET /feynman/ppic/parton66a.jpg HTTP/1.1" 200 63902 "-" "Mozilla/5.0 (X11; Linux i686; rv:102.0) Gecko/20100101 Firefox/102.0" "ysfine.com"
51.222.253.20 - - [09/Dec/2022:06:00:15 -0800] "GET /class54/class5470/total_data/sub_201.htm HTTP/1.1" 200 3398 "-" "Mozilla/5.0 (compatible; AhrefsBot/7.0; +http://ahrefs.com/robot/)" "ysfine.com"
40.90.217.131 - - [09/Dec/2022:06:00:21 -0800] "GET /maga/histo/desiree25b.jpg HTTP/1.1" 200 38423 "-" "Mozilla/5.0 (X11; Ubuntu; Linux i686; rv:107.0) Gecko/20100101 Firefox/107.0" "ysfine.com"
40.90.217.214 - - [09/Dec/2022:06:01:29 -0800] "GET /world/russ/volga19.jpg HTTP/1.1" 200 122101 "-" "Mozilla/5.0 (Linux x86_64; rv:102.0) Gecko/20100101 Firefox/102.0" "ysfine.com"
64.124.8.25 - - [09/Dec/2022:06:02:10 -0800] "GET /robots.txt HTTP/1.1" 404 88 "-" "Mozilla/5.0 (X11; Linux x86_64) AppleWebKit/537.36 (KHTML, like Gecko) Chrome/61.0.3163.79 Safari/537.36" "ysfine.com"
64.124.8.25 - - [09/Dec/2022:06:02:10 -0800] "GET /ysbio/wdc/wasdc.html HTTP/1.1" 404 88 "-" "Mozilla/5.0 (X11; Linux x86_64) AppleWebKit/537.36 (KHTML, like Gecko) Chrome/61.0.3163.79 Safari/537.36" "ysfine.com"
64.124.8.25 - - [09/Dec/2022:06:02:13 -0800] "GET /maga/phil/sisfa12/frame52.html HTTP/1.1" 200 319 "-" "Mozilla/5.0 (X11; Linux x86_64) AppleWebKit/537.36 (KHTML, like Gecko) Chrome/61.0.3163.79 Safari/537.36" "ysfine.com"
64.124.8.25 - - [09/Dec/2022:06:03:09 -0800] "GET /wdc/wasdc.html HTTP/1.1" 304 - "-" "Mozilla/5.0 (X11; Linux x86_64) AppleWebKit/537.36 (KHTML, like Gecko) Chrome/61.0.3163.79 Safari/537.36" "ysfine.com"
40.90.217.192 - - [09/Dec/2022:06:03:23 -0800] "GET /world/china/hongkong08.jpg HTTP/1.1" 200 122117 "-" "Mozilla/5.0 (X11; Fedora; Linux x86_64; rv:107.0) Gecko/20100101 Firefox/107.0" "ysfine.com"
51.222.253.10 - - [09/Dec/2022:06:03:34 -0800] "GET /eink/buybook.html HTTP/1.1" 200 1781 "-" "Mozilla/5.0 (compatible; AhrefsBot/7.0; +http://ahrefs.com/robot/)" "ysfine.com"
157.55.39.76 - - [09/Dec/2022:06:04:03 -0800] "GET /bio/kobak/yskor.html HTTP/1.1" 404 88 "-" "Mozilla/5.0 (compatible; bingbot/2.0; +http://www.bing.com/bingbot.htm)" "ysfine.com"
136.226.2.123 - - [09/Dec/2022:06:04:29 -0800] "GET /world/places/ulm02.jpg HTTP/1.1" 200 135530 "https://www.google.com/" "Mozilla/5.0 (Windows NT 10.0; Win64; x64) AppleWebKit/537.36 (KHTML, like Gecko) Chrome/108.0.0.0 Safari/537.36" "ysfine.com"
64.124.8.25 - - [09/Dec/2022:06:05:15 -0800] "GET /ysbio/mathphys.html HTTP/1.1" 404 88 "-" "Mozilla/5.0 (X11; Linux x86_64) AppleWebKit/537.36 (KHTML, like Gecko) Chrome/61.0.3163.79 Safari/537.36" "ysfine.com"
77.75.79.119 - - [09/Dec/2022:06:05:37 -0800] "GET /home/dashen.html HTTP/1.1" 304 - "-" "Mozilla/5.0 (compatible; SeznamBot/4.0-RC1; +http://napoveda.seznam.cz/seznambot-intro/)" "ysfine.com"
40.90.217.235 - - [09/Dec/2022:06:05:41 -0800] "GET /people/papa99.jpg HTTP/1.1" 200 94023 "-" "Mozilla/5.0 (X11; Ubuntu; Linux x86_64; rv:107.0) Gecko/20100101 Firefox/107.0" "ysfine.com"
114.119.142.204 - - [09/Dec/2022:06:05:56 -0800] "GET /class54/class5470/total_data/photo_img/8-56.jpg HTTP/1.1" 200 211416 "https://ysfine.com/class54/class5470/total_data/sub_856.htm" "Mozilla/5.0 (Linux; Android 7.0;) AppleWebKit/537.36 (KHTML, like Gecko) Mobile Safari/537.36 (compatible; PetalBot;+https://webmaster.petalsearch.com/site/petalbot)" "ysfine.com"
157.55.39.6 - - [09/Dec/2022:06:06:12 -0800] "GET /bio/world/leipzig.html HTTP/1.1" 404 88 "-" "Mozilla/5.0 (compatible; bingbot/2.0; +http://www.bing.com/bingbot.htm)" "ysfine.com"
157.55.39.6 - - [09/Dec/2022:06:06:13 -0800] "GET /bio/einstein/bern.html HTTP/1.1" 404 88 "-" "Mozilla/5.0 AppleWebKit/537.36 (KHTML, like Gecko; compatible; bingbot/2.0; +http://www.bing.com/bingbot.htm) Chrome/103.0.5060.134 Safari/537.36" "ysfine.com"
185.191.171.41 - - [09/Dec/2022:06:06:53 -0800] "GET /style/songs22.html HTTP/1.1" 200 39419 "-" "Mozilla/5.0 (compatible; SemrushBot/7~bl; +http://www.semrush.com/bot.html)" "ysfine.com"
51.222.253.18 - - [09/Dec/2022:06:06:59 -0800] "GET /maga/tesla.html HTTP/1.1" 200 4852 "-" "Mozilla/5.0 (compatible; AhrefsBot/7.0; +http://ahrefs.com/robot/)" "ysfine.com"
95.163.255.68 - - [09/Dec/2022:06:07:49 -0800] "GET /robots.txt HTTP/1.1" 404 73 "-" "Mozilla/5.0 (compatible; Linux x86_64; Mail.RU_Bot/2.0; +https://help.mail.ru/webmaster/indexing/robots)" "www.ysfine.com"
95.163.255.64 - - [09/Dec/2022:06:07:50 -0800] "GET /einstein/bern.html HTTP/1.1" 200 8314 "-" "Mozilla/5.0 (compatible; Linux x86_64; Mail.RU_Bot/2.0; +https://help.mail.ru/webmaster/indexing/robots)" "www.ysfine.com"
20.115.201.68 - - [09/Dec/2022:06:08:20 -0800] "GET /feynman/ptoday89.jpg HTTP/1.1" 200 101842 "-" "Mozilla/5.0 (Windows NT 10.0; Win64; x64; rv:107.0) Gecko/20100101 Firefox/107.0" "www.ysfine.com"
157.55.39.76 - - [09/Dec/2022:06:09:43 -0800] "GET /world/germany/salzmo05.jpg HTTP/1.1" 200 115254 "-" "Mozilla/5.0 AppleWebKit/537.36 (KHTML, like Gecko; compatible; bingbot/2.0; +http://www.bing.com/bingbot.htm) Chrome/103.0.5060.134 Safari/537.36" "ysfine.com"
14.137.135.24 - - [09/Dec/2022:06:09:48 -0800] "GET /world/russ/redsq49b.jpg HTTP/1.1" 200 50760 "-" "Mozilla/5.0 (Windows NT 10.0; Win64; x64) AppleWebKit/537.36 (KHTML, like Gecko) Chrome/90.0.4430.212 Safari/537.36" "ysfine.com"
157.55.39.76 - - [09/Dec/2022:06:10:12 -0800] "GET /bio/world/baltic/lithu04.jpg HTTP/1.1" 404 88 "-" "Mozilla/5.0 AppleWebKit/537.36 (KHTML, like Gecko; compatible; bingbot/2.0; +http://www.bing.com/bingbot.htm) Chrome/103.0.5060.134 Safari/537.36" "ysfine.com"
40.90.217.131 - - [09/Dec/2022:06:10:19 -0800] "GET /usca/pitt/ysk54.jpg HTTP/1.1" 200 289178 "-" "Mozilla/5.0 (Macintosh; Intel Mac OS X 13_0_1) AppleWebKit/537.36 (KHTML, like Gecko) Chrome/108.0.0.0 Safari/537.36 Edg/108.0.1462.46" "ysfine.com"
40.90.217.131 - - [09/Dec/2022:06:10:19 -0800] "GET /einstein/avogadro.jpg HTTP/1.1" 200 70806 "-" "Mozilla/5.0 (Windows NT 10.0; Win64; x64; rv:102.0) Gecko/20100101 Firefox/102.0" "ysfine.com"
157.55.39.6 - - [09/Dec/2022:06:10:23 -0800] "GET /bio/kobak/namdae.html HTTP/1.1" 404 88 "-" "Mozilla/5.0 (compatible; bingbot/2.0; +http://www.bing.com/bingbot.htm)" "ysfine.com"
157.55.39.6 - - [09/Dec/2022:06:10:23 -0800] "GET /einstein/eincopen.html HTTP/1.1" 200 6900 "-" "Mozilla/5.0 (compatible; bingbot/2.0; +http://www.bing.com/bingbot.htm)" "ysfine.com"
51.222.253.12 - - [09/Dec/2022:06:10:34 -0800] "GET /dirac/bankers.html HTTP/1.1" 200 4453 "-" "Mozilla/5.0 (compatible; AhrefsBot/7.0; +http://ahrefs.com/robot/)" "www.ysfine.com"
51.222.253.12 - - [09/Dec/2022:06:10:39 -0800] "GET /wdc/fedreserv22b.jpg HTTP/1.1" 200 42221 "-" "Mozilla/5.0 (compatible; AhrefsBot/7.0; +http://ahrefs.com/robot/)" "www.ysfine.com"
64.124.8.52 - - [09/Dec/2022:06:10:45 -0800] "GET /ysbio/princeton/sambapr.html HTTP/1.1" 404 88 "-" "Mozilla/5.0 (X11; Linux x86_64) AppleWebKit/537.36 (KHTML, like Gecko) Chrome/61.0.3163.79 Safari/537.36" "www.ysfine.com"
51.222.253.1 - - [09/Dec/2022:06:10:45 -0800] "GET /world/ital/verona25b.jpg HTTP/1.1" 200 45414 "-" "Mozilla/5.0 (compatible; AhrefsBot/7.0; +http://ahrefs.com/robot/)" "www.ysfine.com"
207.46.13.48 - - [09/Dec/2022:06:10:50 -0800] "GET /bio/world/kalinin22.html HTTP/1.1" 404 88 "-" "Mozilla/5.0 AppleWebKit/537.36 (KHTML, like Gecko; compatible; bingbot/2.0; +http://www.bing.com/bingbot.htm) Chrome/103.0.5060.134 Safari/537.36" "ysfine.com"
51.222.253.12 - - [09/Dec/2022:06:10:51 -0800] "GET /world/ital/venicej02b.jpg HTTP/1.1" 200 42128 "-" "Mozilla/5.0 (compatible; AhrefsBot/7.0; +http://ahrefs.com/robot/)" "www.ysfine.com"
207.46.13.48 - - [09/Dec/2022:06:10:51 -0800] "GET /kowar/tanks/sherman58b.jpg HTTP/1.1" 200 37300 "-" "Mozilla/5.0 (compatible; bingbot/2.0; +http://www.bing.com/bingbot.htm)" "ysfine.com"
51.222.253.17 - - [09/Dec/2022:06:10:57 -0800] "GET /world/ital/museo01b.jpg HTTP/1.1" 200 41524 "-" "Mozilla/5.0 (compatible; AhrefsBot/7.0; +http://ahrefs.com/robot/)" "www.ysfine.com"
51.222.253.4 - - [09/Dec/2022:06:11:02 -0800] "GET /dirac/bankers11b.jpg HTTP/1.1" 200 22341 "-" "Mozilla/5.0 (compatible; AhrefsBot/7.0; +http://ahrefs.com/robot/)" "www.ysfine.com"
51.222.253.20 - - [09/Dec/2022:06:11:08 -0800] "GET /maga/phys/inclined11b.jpg HTTP/1.1" 200 35417 "-" "Mozilla/5.0 (compatible; AhrefsBot/7.0; +http://ahrefs.com/robot/)" "www.ysfine.com"
51.222.253.14 - - [09/Dec/2022:06:11:14 -0800] "GET /einstein/jsbell02b.jpg HTTP/1.1" 200 27021 "-" "Mozilla/5.0 (compatible; AhrefsBot/7.0; +http://ahrefs.com/robot/)" "www.ysfine.com"
51.222.253.8 - - [09/Dec/2022:06:11:19 -0800] "GET /wdc/eindc02b.jpg HTTP/1.1" 200 51154 "-" "Mozilla/5.0 (compatible; AhrefsBot/7.0; +http://ahrefs.com/robot/)" "www.ysfine.com"
51.222.253.10 - - [09/Dec/2022:06:11:25 -0800] "GET /einstein/einbohr33b.jpg HTTP/1.1" 200 42636 "-" "Mozilla/5.0 (compatible; AhrefsBot/7.0; +http://ahrefs.com/robot/)" "www.ysfine.com"
40.90.217.131 - - [09/Dec/2022:06:11:43 -0800] "GET /dirac/hazi.jpg HTTP/1.1" 200 68959 "-" "Mozilla/5.0 (Windows NT 10.0) AppleWebKit/537.36 (KHTML, like Gecko) Chrome/108.0.0.0 Safari/537.36" "ysfine.com"
64.124.8.25 - - [09/Dec/2022:06:11:57 -0800] "GET /archives/proceedings/ff2/fp2abs.html HTTP/1.1" 200 29930 "-" "Mozilla/5.0 (X11; Linux x86_64) AppleWebKit/537.36 (KHTML, like Gecko) Chrome/61.0.3163.79 Safari/537.36" "ysfine.com"
64.124.8.52 - - [09/Dec/2022:06:12:30 -0800] "GET /yspapers/index.html HTTP/1.1" 200 21304 "-" "Mozilla/5.0 (X11; Linux x86_64) AppleWebKit/537.36 (KHTML, like Gecko) Chrome/61.0.3163.79 Safari/537.36" "www.ysfine.com"
64.124.8.25 - - [09/Dec/2022:06:12:58 -0800] "GET /world/latina/feynplate.html HTTP/1.1" 304 - "-" "Mozilla/5.0 (X11; Linux x86_64) AppleWebKit/537.36 (KHTML, like Gecko) Chrome/61.0.3163.79 Safari/537.36" "ysfine.com"
40.77.167.39 - - [09/Dec/2022:06:13:09 -0800] "GET /yspapers/madrid19.pdf HTTP/1.1" 200 3467657 "-" "Mozilla/5.0 AppleWebKit/537.36 (KHTML, like Gecko; compatible; bingbot/2.0; +http://www.bing.com/bingbot.htm) Chrome/103.0.5060.134 Safari/537.36" "www.ysfine.com"
207.46.13.48 - - [09/Dec/2022:06:14:21 -0800] "GET /bio08.html HTTP/1.1" 200 5117 "-" "Mozilla/5.0 (compatible; bingbot/2.0; +http://www.bing.com/bingbot.htm)" "ysfine.com"
51.222.253.2 - - [09/Dec/2022:06:14:36 -0800] "GET /style/artlove.html HTTP/1.1" 200 16005 "-" "Mozilla/5.0 (compatible; AhrefsBot/7.0; +http://ahrefs.com/robot/)" "ysfine.com"
64.124.8.25 - - [09/Dec/2022:06:16:19 -0800] "GET /confer/multi.html HTTP/1.1" 304 - "-" "Mozilla/5.0 (X11; Linux x86_64) AppleWebKit/537.36 (KHTML, like Gecko) Chrome/61.0.3163.79 Safari/537.36" "ysfine.com"
40.90.217.21 - - [09/Dec/2022:06:16:38 -0800] "GET /maga/phys/yukawa00b.jpg HTTP/1.1" 200 36980 "-" "Mozilla/5.0 (Windows NT 10.0; Win64; x64) AppleWebKit/537.36 (KHTML, like Gecko) Chrome/108.0.0.0 Safari/537.36" "www.ysfine.com"
64.124.8.52 - - [09/Dec/2022:06:16:39 -0800] "GET /ysbio/maga/hegel.html HTTP/1.1" 404 88 "-" "Mozilla/5.0 (X11; Linux x86_64) AppleWebKit/537.36 (KHTML, like Gecko) Chrome/61.0.3163.79 Safari/537.36" "www.ysfine.com"
93.158.161.3 - - [09/Dec/2022:06:17:01 -0800] "GET /world/china22.html HTTP/1.1" 200 12827 "-" "Mozilla/5.0 (compatible; YandexBot/3.0; +http://yandex.com/bots)" "www.ysfine.com"
192.99.37.124 - - [09/Dec/2022:06:17:14 -0800] "GET /world/kor/sel803.jpg HTTP/1.1" 200 195155 "-" "Mozilla/5.0 (compatible; MJ12bot/v1.4.8; http://mj12bot.com/)" "ysfine.com"
192.99.37.124 - - [09/Dec/2022:06:17:16 -0800] "GET /einstein/ulm.html HTTP/1.1" 200 6713 "-" "Mozilla/5.0 (compatible; MJ12bot/v1.4.8; http://mj12bot.com/)" "ysfine.com"
192.99.37.124 - - [09/Dec/2022:06:17:18 -0800] "GET /class54/class5480/Videos/1.%C3%AC%C2%9A%C2%B0%C3%AB%C2%A6%C2%AC%C3%AC%C2%9D%C2%98%20%C3%AC%C2%9E%C2%AC%C3%AD%C2%95%C2%99%C3%AC%C2%8B%C2%9C%C3%AC%C2%A0%C2%88(1948-1954).wmv HTTP/1.1" 200 84851613 "-" "Mozilla/5.0 (compatible; MJ12bot/v1.4.8; http://mj12bot.com/)" "ysfine.com"
192.99.37.124 - - [09/Dec/2022:06:17:19 -0800] "GET /class54/class5480/Videos/2.%C3%AC%C2%A1%C2%B8%C3%AC%C2%97%C2%8560%C3%AC%C2%A3%C2%BC%C3%AB%C2%85%C2%84%C3%AB%C2%AC%C2%B8%C3%AC%C2%A7%C2%91%201%C3%AB%C2%B6%C2%80.wmv HTTP/1.1" 200 27160054 "-" "Mozilla/5.0 (compatible; MJ12bot/v1.4.8; http://mj12bot.com/)" "ysfine.com"
192.99.37.124 - - [09/Dec/2022:06:17:21 -0800] "GET /class54/class5480/Videos/3.%C3%AC%C2%A1%C2%B8%C3%AC%C2%97%C2%8560%C3%AC%C2%A3%C2%BC%C3%AB%C2%85%C2%84%C3%AB%C2%AC%C2%B8%C3%AC%C2%A7%C2%91%202%C3%AB%C2%B6%C2%80.wmv HTTP/1.1" 200 37680666 "-" "Mozilla/5.0 (compatible; MJ12bot/v1.4.8; http://mj12bot.com/)" "ysfine.com"
192.99.37.124 - - [09/Dec/2022:06:17:23 -0800] "GET /dirac/dirosc.pdf HTTP/1.1" 200 41985 "-" "Mozilla/5.0 (compatible; MJ12bot/v1.4.8; http://mj12bot.com/)" "ysfine.com"
192.99.37.124 - - [09/Dec/2022:06:17:25 -0800] "GET /world/kor/sel803.jpg HTTP/1.1" 200 195155 "-" "Mozilla/5.0 (compatible; MJ12bot/v1.4.8; http://mj12bot.com/)" "ysfine.com"
192.99.37.124 - - [09/Dec/2022:06:17:27 -0800] "GET /style/cameras/contax11.jpg HTTP/1.1" 200 101409 "-" "Mozilla/5.0 (compatible; MJ12bot/v1.4.8; http://mj12bot.com/)" "ysfine.com"
192.99.37.124 - - [09/Dec/2022:06:17:29 -0800] "GET /style/cameras/contax22.jpg HTTP/1.1" 200 74162 "-" "Mozilla/5.0 (compatible; MJ12bot/v1.4.8; http://mj12bot.com/)" "ysfine.com"
192.99.37.124 - - [09/Dec/2022:06:17:31 -0800] "GET /style/cameras/minolra11.jpg HTTP/1.1" 404 88 "-" "Mozilla/5.0 (compatible; MJ12bot/v1.4.8; http://mj12bot.com/)" "ysfine.com"
192.99.37.124 - - [09/Dec/2022:06:17:33 -0800] "GET /style/cameras/minolta11.jpg HTTP/1.1" 200 48891 "-" "Mozilla/5.0 (compatible; MJ12bot/v1.4.8; http://mj12bot.com/)" "ysfine.com"
192.99.37.124 - - [09/Dec/2022:06:17:38 -0800] "GET /style/cameras/sony7.jpg HTTP/1.1" 200 91648 "-" "Mozilla/5.0 (compatible; MJ12bot/v1.4.8; http://mj12bot.com/)" "ysfine.com"
192.99.37.124 - - [09/Dec/2022:06:17:41 -0800] "GET /style/cameras/sonywx9.jpg HTTP/1.1" 200 65875 "-" "Mozilla/5.0 (compatible; MJ12bot/v1.4.8; http://mj12bot.com/)" "ysfine.com"
192.99.37.124 - - [09/Dec/2022:06:17:42 -0800] "GET /style/cameras/yashica11.jpg HTTP/1.1" 200 94713 "-" "Mozilla/5.0 (compatible; MJ12bot/v1.4.8; http://mj12bot.com/)" "ysfine.com"
64.124.8.52 - - [09/Dec/2022:06:17:44 -0800] "GET /ysbio/world/polandw.html HTTP/1.1" 404 88 "-" "Mozilla/5.0 (X11; Linux x86_64) AppleWebKit/537.36 (KHTML, like Gecko) Chrome/61.0.3163.79 Safari/537.36" "www.ysfine.com"
192.99.37.124 - - [09/Dec/2022:06:17:47 -0800] "GET /style/cameras/zenit33.jpg HTTP/1.1" 200 87197 "-" "Mozilla/5.0 (compatible; MJ12bot/v1.4.8; http://mj12bot.com/)" "ysfine.com"
192.99.37.124 - - [09/Dec/2022:06:17:50 -0800] "GET /style/home/index.html HTTP/1.1" 404 88 "-" "Mozilla/5.0 (compatible; MJ12bot/v1.4.8; http://mj12bot.com/)" "ysfine.com"
192.99.37.124 - - [09/Dec/2022:06:17:51 -0800] "GET /style/style/index.html HTTP/1.1" 404 88 "-" "Mozilla/5.0 (compatible; MJ12bot/v1.4.8; http://mj12bot.com/)" "ysfine.com"
192.99.37.124 - - [09/Dec/2022:06:17:53 -0800] "GET /style/world/kalinin.html HTTP/1.1" 404 88 "-" "Mozilla/5.0 (compatible; MJ12bot/v1.4.8; http://mj12bot.com/)" "ysfine.com"
192.99.37.124 - - [09/Dec/2022:06:17:55 -0800] "GET /ysbio/class54/class5480/Pictures/1.%C3%AC%C2%A0%C2%91%C3%AC%C2%88%C2%98%C3%AB%C2%B0%C2%8F%C3%AD%C2%99%C2%98%C3%AB%C2%8B%C2%B4/ HTTP/1.1" 404 88 "-" "Mozilla/5.0 (compatible; MJ12bot/v1.4.8; http://mj12bot.com/)" "ysfine.com"
192.99.37.124 - - [09/Dec/2022:06:17:57 -0800] "GET /ysbio/class54/class5480/Pictures/2.%C3%AA%C2%B8%C2%B0%C3%AB%C2%85%C2%90%C3%AD%C2%96%C2%89%C3%AC%C2%82%C2%AC/ HTTP/1.1" 404 88 "-" "Mozilla/5.0 (compatible; MJ12bot/v1.4.8; http://mj12bot.com/)" "ysfine.com"
192.99.37.124 - - [09/Dec/2022:06:17:59 -0800] "GET /ysbio/class54/class5480/Pictures/3.%C3%AD%C2%88%C2%AC%C3%AC%C2%96%C2%B4%C3%AB%C2%B0%C2%8F%C3%AB%C2%AA%C2%A8%C3%AA%C2%B5%C2%90%C3%AB%C2%B0%C2%A9%C3%AB%C2%AC%C2%B8/ HTTP/1.1" 404 88 "-" "Mozilla/5.0 (compatible; MJ12bot/v1.4.8; http://mj12bot.com/)" "ysfine.com"
192.99.37.124 - - [09/Dec/2022:06:18:01 -0800] "GET /ysbio/class54/class5480/Pictures/4.%C3%AA%C2%B8%C2%B0%C3%AB%C2%85%C2%90%C3%AC%C2%B4%C2%AC%C3%AC%C2%98%C2%81/ HTTP/1.1" 404 88 "-" "Mozilla/5.0 (compatible; MJ12bot/v1.4.8; http://mj12bot.com/)" "ysfine.com"
192.99.37.124 - - [09/Dec/2022:06:18:02 -0800] "GET /robots.txt HTTP/1.1" 404 73 "-" "Mozilla/5.0 (compatible; MJ12bot/v1.4.8; http://mj12bot.com/)" "www.ysfine.com"
192.99.37.124 - - [09/Dec/2022:06:18:04 -0800] "GET /confer/http%C3%84://medres.online/materialsscience/2020 HTTP/1.1" 404 88 "-" "Mozilla/5.0 (compatible; MJ12bot/v1.4.8; http://mj12bot.com/)" "www.ysfine.com"
192.99.37.124 - - [09/Dec/2022:06:18:05 -0800] "GET /kowar/kowar001.jpg HTTP/1.1" 200 240938 "-" "Mozilla/5.0 (compatible; MJ12bot/v1.4.8; http://mj12bot.com/)" "www.ysfine.com"
192.99.37.124 - - [09/Dec/2022:06:18:07 -0800] "GET /einstein/ulm.html HTTP/1.1" 200 6713 "-" "Mozilla/5.0 (compatible; MJ12bot/v1.4.8; http://mj12bot.com/)" "www.ysfine.com"
192.99.37.124 - - [09/Dec/2022:06:18:09 -0800] "GET /world/kor/sel803.jpg HTTP/1.1" 200 195155 "-" "Mozilla/5.0 (compatible; MJ12bot/v1.4.8; http://mj12bot.com/)" "www.ysfine.com"
192.99.37.124 - - [09/Dec/2022:06:18:11 -0800] "GET /maga/invent/pupin22.jpg HTTP/1.1" 200 38369 "-" "Mozilla/5.0 (compatible; MJ12bot/v1.4.8; http://mj12bot.com/)" "www.ysfine.com"
192.99.37.124 - - [09/Dec/2022:06:18:13 -0800] "GET /maga/pupin22.jpg HTTP/1.1" 404 88 "-" "Mozilla/5.0 (compatible; MJ12bot/v1.4.8; http://mj12bot.com/)" "www.ysfine.com"
192.99.37.124 - - [09/Dec/2022:06:18:14 -0800] "GET /newyork/colum03.jpg HTTP/1.1" 200 80618 "-" "Mozilla/5.0 (compatible; MJ12bot/v1.4.8; http://mj12bot.com/)" "www.ysfine.com"
192.99.37.124 - - [09/Dec/2022:06:18:17 -0800] "GET /newyork/colum04.jpg HTTP/1.1" 200 110569 "-" "Mozilla/5.0 (compatible; MJ12bot/v1.4.8; http://mj12bot.com/)" "www.ysfine.com"
192.99.37.124 - - [09/Dec/2022:06:18:18 -0800] "GET /newyork/colum06.jpg HTTP/1.1" 200 109170 "-" "Mozilla/5.0 (compatible; MJ12bot/v1.4.8; http://mj12bot.com/)" "www.ysfine.com"
192.99.37.124 - - [09/Dec/2022:06:18:20 -0800] "GET /newyork/colum07.jpg HTTP/1.1" 200 117356 "-" "Mozilla/5.0 (compatible; MJ12bot/v1.4.8; http://mj12bot.com/)" "www.ysfine.com"
192.99.37.124 - - [09/Dec/2022:06:18:22 -0800] "GET /newyork/colum08.jpg HTTP/1.1" 200 135570 "-" "Mozilla/5.0 (compatible; MJ12bot/v1.4.8; http://mj12bot.com/)" "www.ysfine.com"
192.99.37.124 - - [09/Dec/2022:06:18:24 -0800] "GET /newyork/colum11.jpg HTTP/1.1" 200 70965 "-" "Mozilla/5.0 (compatible; MJ12bot/v1.4.8; http://mj12bot.com/)" "www.ysfine.com"
64.124.8.25 - - [09/Dec/2022:06:18:26 -0800] "GET /wdc/whouse.html HTTP/1.1" 304 - "-" "Mozilla/5.0 (X11; Linux x86_64) AppleWebKit/537.36 (KHTML, like Gecko) Chrome/61.0.3163.79 Safari/537.36" "ysfine.com"
192.99.37.124 - - [09/Dec/2022:06:18:27 -0800] "GET /newyork/colum12.jpg HTTP/1.1" 200 105871 "-" "Mozilla/5.0 (compatible; MJ12bot/v1.4.8; http://mj12bot.com/)" "www.ysfine.com"
64.124.8.25 - - [09/Dec/2022:06:18:27 -0800] "GET /ysbio/wisdom/quovadis.html HTTP/1.1" 404 88 "-" "Mozilla/5.0 (X11; Linux x86_64) AppleWebKit/537.36 (KHTML, like Gecko) Chrome/61.0.3163.79 Safari/537.36" "ysfine.com"
77.75.79.31 - - [09/Dec/2022:06:18:28 -0800] "GET /world/feynrio.html HTTP/1.1" 304 - "-" "Mozilla/5.0 (compatible; SeznamBot/4.0-RC1; +http://napoveda.seznam.cz/seznambot-intro/)" "ysfine.com"
192.99.37.124 - - [09/Dec/2022:06:18:29 -0800] "GET /newyork/colum13.jpg HTTP/1.1" 200 75548 "-" "Mozilla/5.0 (compatible; MJ12bot/v1.4.8; http://mj12bot.com/)" "www.ysfine.com"
192.99.37.124 - - [09/Dec/2022:06:18:31 -0800] "GET /newyork/colum14.jpg HTTP/1.1" 200 96034 "-" "Mozilla/5.0 (compatible; MJ12bot/v1.4.8; http://mj12bot.com/)" "www.ysfine.com"
192.99.37.124 - - [09/Dec/2022:06:18:33 -0800] "GET /newyork/colum15.jpg HTTP/1.1" 200 178519 "-" "Mozilla/5.0 (compatible; MJ12bot/v1.4.8; http://mj12bot.com/)" "www.ysfine.com"
192.99.37.124 - - [09/Dec/2022:06:18:35 -0800] "GET /newyork/colum16.jpg HTTP/1.1" 200 103369 "-" "Mozilla/5.0 (compatible; MJ12bot/v1.4.8; http://mj12bot.com/)" "www.ysfine.com"
192.99.37.124 - - [09/Dec/2022:06:18:36 -0800] "GET /newyork/colum20.jpg HTTP/1.1" 200 80725 "-" "Mozilla/5.0 (compatible; MJ12bot/v1.4.8; http://mj12bot.com/)" "www.ysfine.com"
192.99.37.124 - - [09/Dec/2022:06:18:38 -0800] "GET /newyork/colum24.jpg HTTP/1.1" 200 42731 "-" "Mozilla/5.0 (compatible; MJ12bot/v1.4.8; http://mj12bot.com/)" "www.ysfine.com"
51.222.253.18 - - [09/Dec/2022:06:18:38 -0800] "GET /eink/buythisbook.html HTTP/1.1" 200 1792 "-" "Mozilla/5.0 (compatible; AhrefsBot/7.0; +http://ahrefs.com/robot/)" "ysfine.com"
192.99.37.124 - - [09/Dec/2022:06:18:41 -0800] "GET /newyork/colum25.jpg HTTP/1.1" 200 168650 "-" "Mozilla/5.0 (compatible; MJ12bot/v1.4.8; http://mj12bot.com/)" "www.ysfine.com"
192.99.37.124 - - [09/Dec/2022:06:18:43 -0800] "GET /newyork/kimilp.jpg HTTP/1.1" 200 115685 "-" "Mozilla/5.0 (compatible; MJ12bot/v1.4.8; http://mj12bot.com/)" "www.ysfine.com"
64.124.8.25 - - [09/Dec/2022:06:18:51 -0800] "GET /wdc/umdbarn.html HTTP/1.1" 200 320 "-" "Mozilla/5.0 (X11; Linux x86_64) AppleWebKit/537.36 (KHTML, like Gecko) Chrome/61.0.3163.79 Safari/537.36" "ysfine.com"
64.124.8.25 - - [09/Dec/2022:06:18:54 -0800] "GET /maga/bohrdc.html HTTP/1.1" 304 - "-" "Mozilla/5.0 (X11; Linux x86_64) AppleWebKit/537.36 (KHTML, like Gecko) Chrome/61.0.3163.79 Safari/537.36" "ysfine.com"
157.55.39.76 - - [09/Dec/2022:06:18:55 -0800] "GET /bio/awards/marq.html HTTP/1.1" 404 88 "-" "Mozilla/5.0 (compatible; bingbot/2.0; +http://www.bing.com/bingbot.htm)" "ysfine.com"
157.55.39.76 - - [09/Dec/2022:06:18:55 -0800] "GET /bio/sbk/1950.html HTTP/1.1" 404 88 "-" "Mozilla/5.0 (compatible; bingbot/2.0; +http://www.bing.com/bingbot.htm)" "ysfine.com"
157.55.39.76 - - [09/Dec/2022:06:18:56 -0800] "GET /bio/bio07.html HTTP/1.1" 404 88 "-" "Mozilla/5.0 (compatible; bingbot/2.0; +http://www.bing.com/bingbot.htm)" "ysfine.com"
66.249.66.218 - - [09/Dec/2022:06:19:25 -0800] "GET /robots.txt HTTP/1.1" 404 88 "-" "Mozilla/5.0 (compatible; Googlebot/2.1; +http://www.google.com/bot.html)" "www.ysfine.com"
116.95.116.48 - - [09/Dec/2022:06:19:27 -0800] "GET /einstein/heisen33b.jpg HTTP/1.1" 200 78035 "https://www.icourse163.org/course/richText.htm?contentId=1232662586" "Mozilla/5.0 (Linux; Android 11; RTE-AL00 Build/HUAWEIRNA-AL00; wv) AppleWebKit/537.36 (KHTML, like Gecko) Version/4.0 Chrome/88.0.4324.93 Mobile Safari/537.36" "ysfine.com"
77.88.5.216 - - [09/Dec/2022:06:20:07 -0800] "GET /world/russ/engels10.jpg HTTP/1.1" 200 123301 "-" "Mozilla/5.0 (compatible; YandexImages/3.0; +http://yandex.com/bots)" "ysfine.com"
64.124.8.25 - - [09/Dec/2022:06:20:38 -0800] "GET /princeton/pleft.html HTTP/1.1" 304 - "-" "Mozilla/5.0 (X11; Linux x86_64) AppleWebKit/537.36 (KHTML, like Gecko) Chrome/61.0.3163.79 Safari/537.36" "ysfine.com"
51.222.253.17 - - [09/Dec/2022:06:22:36 -0800] "GET /home/wcartoon.html HTTP/1.1" 200 6127 "-" "Mozilla/5.0 (compatible; AhrefsBot/7.0; +http://ahrefs.com/robot/)" "ysfine.com"
64.124.8.25 - - [09/Dec/2022:06:23:22 -0800] "GET /philo/helena.html HTTP/1.1" 304 - "-" "Mozilla/5.0 (X11; Linux x86_64) AppleWebKit/537.36 (KHTML, like Gecko) Chrome/61.0.3163.79 Safari/537.36" "ysfine.com"
64.124.8.25 - - [09/Dec/2022:06:23:34 -0800] "GET /einstein/einabel.html HTTP/1.1" 200 5982 "-" "Mozilla/5.0 (X11; Linux x86_64) AppleWebKit/537.36 (KHTML, like Gecko) Chrome/61.0.3163.79 Safari/537.36" "ysfine.com"
5.188.210.30 - - [09/Dec/2022:06:24:17 -0800] "GET / HTTP/1.1" 200 15920 "https://www.ysfine.com/" "Mozilla/5.0 (Windows NT 10.0) AppleWebKit/537.36 (KHTML, like Gecko) Chrome/90.0.4430.85 Safari/537.36" "www.ysfine.com"
40.90.217.166 - - [09/Dec/2022:06:24:24 -0800] "GET /world/russ/kiev053.jpg HTTP/1.1" 200 87954 "-" "Mozilla/5.0 (Linux x86_64; rv:102.0) Gecko/20100101 Firefox/102.0" "ysfine.com"
40.90.217.199 - - [09/Dec/2022:06:24:48 -0800] "GET /people/kilin11.jpg HTTP/1.1" 200 103596 "-" "Mozilla/5.0 (X11; Fedora; Linux x86_64; rv:102.0) Gecko/20100101 Firefox/102.0" "ysfine.com"
40.90.217.235 - - [09/Dec/2022:06:25:30 -0800] "GET /world/russ/kazan056.jpg HTTP/1.1" 200 149705 "-" "Mozilla/5.0 (Macintosh; Intel Mac OS X 13_0_1) AppleWebKit/537.36 (KHTML, like Gecko) Chrome/108.0.0.0 Safari/537.36 Edg/108.0.1462.46" "ysfine.com"
51.222.253.7 - - [09/Dec/2022:06:26:29 -0800] "GET /world/stuttgart.html HTTP/1.1" 200 4926 "-" "Mozilla/5.0 (compatible; AhrefsBot/7.0; +http://ahrefs.com/robot/)" "ysfine.com"
64.124.8.25 - - [09/Dec/2022:06:29:06 -0800] "GET /maga/sarnoff.html HTTP/1.1" 304 - "-" "Mozilla/5.0 (X11; Linux x86_64) AppleWebKit/537.36 (KHTML, like Gecko) Chrome/61.0.3163.79 Safari/537.36" "ysfine.com"
51.222.253.14 - - [09/Dec/2022:06:30:34 -0800] "GET /wigner/neumann.html HTTP/1.1" 200 1332 "-" "Mozilla/5.0 (compatible; AhrefsBot/7.0; +http://ahrefs.com/robot/)" "ysfine.com"
51.222.253.19 - - [09/Dec/2022:06:30:38 -0800] "GET /wigner/neum/pvn05b.jpg HTTP/1.1" 200 45464 "-" "Mozilla/5.0 (compatible; AhrefsBot/7.0; +http://ahrefs.com/robot/)" "ysfine.com"
40.90.217.7 - - [09/Dec/2022:06:31:10 -0800] "GET /world/france/mai11.jpg HTTP/1.1" 200 77298 "-" "Mozilla/5.0 (X11; Linux i686; rv:102.0) Gecko/20100101 Firefox/102.0" "ysfine.com"
40.90.217.166 - - [09/Dec/2022:06:31:17 -0800] "GET /world/ital/florf06b.jpg HTTP/1.1" 200 44728 "-" "Mozilla/5.0 (Macintosh; Intel Mac OS X 13_0_1) AppleWebKit/537.36 (KHTML, like Gecko) Chrome/108.0.0.0 Safari/537.36" "ysfine.com"
172.103.164.43 - - [09/Dec/2022:06:31:27 -0800] "GET /world/japan/nara005.jpg HTTP/1.1" 200 144132 "https://www.gay-fetish-xxx.com/" "Mozilla/5.0 (iPhone; CPU iPhone OS 16_1_1 like Mac OS X) AppleWebKit/605.1.15 (KHTML, like Gecko) Version/16.1 Mobile/15E148 Safari/604.1" "ysfine.com"
40.90.217.199 - - [09/Dec/2022:06:31:56 -0800] "GET /world/balkan/metuguest01b.jpg HTTP/1.1" 200 43667 "-" "Mozilla/5.0 (X11; Fedora; Linux x86_64; rv:107.0) Gecko/20100101 Firefox/107.0" "ysfine.com"
148.251.121.91 - - [09/Dec/2022:06:32:52 -0800] "HEAD / HTTP/1.1" 200 - "-" "DomainStatsBot/1.0 (https://domainstats.com/pages/our-bot)" "ysfine.com"
148.251.121.91 - - [09/Dec/2022:06:32:52 -0800] "GET /robots.txt HTTP/1.1" 404 73 "-" "DomainStatsBot/1.0 (https://domainstats.com/pages/our-bot)" "ysfine.com"
148.251.121.91 - - [09/Dec/2022:06:32:52 -0800] "GET / HTTP/1.1" 200 15920 "-" "DomainStatsBot/1.0 (https://domainstats.com/pages/our-bot)" "ysfine.com"
64.124.8.25 - - [09/Dec/2022:06:33:01 -0800] "GET /ysbio/easy.html HTTP/1.1" 404 88 "-" "Mozilla/5.0 (X11; Linux x86_64) AppleWebKit/537.36 (KHTML, like Gecko) Chrome/61.0.3163.79 Safari/537.36" "ysfine.com"
107.22.93.227 - - [09/Dec/2022:06:33:11 -0800] "HEAD /world/ital/pantheon.html HTTP/1.1" 200 - "-" "Mozilla/5.0 (Macintosh; Intel Mac OS X 10_15_7) AppleWebKit/605.1.15 (KHTML, like Gecko) Version/15.6.1 Safari/605.1.15" "ysfine.com"
3.83.128.231 - - [09/Dec/2022:06:33:11 -0800] "HEAD /world/ital/panth03.jpg HTTP/1.1" 200 - "-" "Mozilla/5.0 (Windows NT 10.0; Win64; x64) AppleWebKit/537.36 (KHTML, like Gecko) Chrome/107.0.0.0 Safari/537.36 OPR/93.0.0.0" "ysfine.com"
185.245.87.29 - - [09/Dec/2022:06:33:12 -0800] "HEAD /world/ital/pantheon.html HTTP/1.1" 200 - "-" "Mozilla/5.0 (Macintosh; Intel Mac OS X 10_15_7) AppleWebKit/605.1.15 (KHTML, like Gecko) Version/15.6.1 Safari/605.1.15" "ysfine.com"
139.28.216.237 - - [09/Dec/2022:06:33:12 -0800] "HEAD /world/ital/panth03.jpg HTTP/1.1" 200 - "-" "Mozilla/5.0 (Windows NT 10.0; Win64; x64) AppleWebKit/537.36 (KHTML, like Gecko) Chrome/107.0.0.0 Safari/537.36 OPR/93.0.0.0" "ysfine.com"
107.22.93.227 - - [09/Dec/2022:06:33:14 -0800] "HEAD /world/ital/panth03.jpg HTTP/1.1" 200 - "-" "Mozilla/5.0 (Macintosh; Intel Mac OS X 10_15_7) AppleWebKit/537.36 (KHTML, like Gecko) Chrome/107.0.0.0 Safari/537.36" "ysfine.com"
18.205.243.65 - - [09/Dec/2022:06:33:14 -0800] "HEAD /world/brit/britmu.html HTTP/1.1" 200 - "-" "Mozilla/5.0 (X11; Linux x86_64) AppleWebKit/537.36 (KHTML, like Gecko) Chrome/108.0.0.0 Safari/537.36" "ysfine.com"
185.245.87.29 - - [09/Dec/2022:06:33:14 -0800] "HEAD /world/ital/panth03.jpg HTTP/1.1" 200 - "-" "Mozilla/5.0 (Macintosh; Intel Mac OS X 10_15_7) AppleWebKit/537.36 (KHTML, like Gecko) Chrome/107.0.0.0 Safari/537.36" "ysfine.com"
139.28.216.238 - - [09/Dec/2022:06:33:15 -0800] "HEAD /world/brit/britmu.html HTTP/1.1" 200 - "-" "Mozilla/5.0 (X11; Linux x86_64) AppleWebKit/537.36 (KHTML, like Gecko) Chrome/108.0.0.0 Safari/537.36" "ysfine.com"
40.90.217.19 - - [09/Dec/2022:06:33:39 -0800] "GET /maga/phil/childrenof11b.jpg HTTP/1.1" 200 73491 "-" "Mozilla/5.0 (Macintosh; Intel Mac OS X 13.0; rv:107.0) Gecko/20100101 Firefox/107.0" "ysfine.com"
51.222.253.13 - - [09/Dec/2022:06:34:33 -0800] "GET /awards/marq.html HTTP/1.1" 200 3212 "-" "Mozilla/5.0 (compatible; AhrefsBot/7.0; +http://ahrefs.com/robot/)" "ysfine.com"
185.191.171.14 - - [09/Dec/2022:06:34:34 -0800] "GET /robots.txt HTTP/1.1" 404 88 "-" "Mozilla/5.0 (compatible; SemrushBot/7~bl; +http://www.semrush.com/bot.html)" "www.ysfine.com"
51.222.253.14 - - [09/Dec/2022:06:34:37 -0800] "GET /home/fotos/einhaus450.jpg HTTP/1.1" 200 65369 "-" "Mozilla/5.0 (compatible; AhrefsBot/7.0; +http://ahrefs.com/robot/)" "ysfine.com"
185.191.171.14 - - [09/Dec/2022:06:34:37 -0800] "GET /fbook/fortune22.html HTTP/1.1" 200 2433 "-" "Mozilla/5.0 (compatible; SemrushBot/7~bl; +http://www.semrush.com/bot.html)" "www.ysfine.com"
51.222.253.15 - - [09/Dec/2022:06:34:43 -0800] "GET /home/family18d.jpg HTTP/1.1" 200 69135 "-" "Mozilla/5.0 (compatible; AhrefsBot/7.0; +http://ahrefs.com/robot/)" "ysfine.com"
51.222.253.9 - - [09/Dec/2022:06:34:49 -0800] "GET /home/fotos/bridge11d.jpg HTTP/1.1" 200 55851 "-" "Mozilla/5.0 (compatible; AhrefsBot/7.0; +http://ahrefs.com/robot/)" "ysfine.com"
51.222.253.16 - - [09/Dec/2022:06:34:55 -0800] "GET /kobak/swr51c.jpg HTTP/1.1" 200 35677 "-" "Mozilla/5.0 (compatible; AhrefsBot/7.0; +http://ahrefs.com/robot/)" "ysfine.com"
51.222.253.20 - - [09/Dec/2022:06:35:03 -0800] "GET /home/fotos/eins05d.jpg HTTP/1.1" 200 41012 "-" "Mozilla/5.0 (compatible; AhrefsBot/7.0; +http://ahrefs.com/robot/)" "ysfine.com"
51.222.253.19 - - [09/Dec/2022:06:35:09 -0800] "GET /home/fotos/bohr11d.jpg HTTP/1.1" 200 28973 "-" "Mozilla/5.0 (compatible; AhrefsBot/7.0; +http://ahrefs.com/robot/)" "ysfine.com"
64.124.8.52 - - [09/Dec/2022:06:35:25 -0800] "GET /robots.txt HTTP/1.1" 404 88 "-" "Mozilla/5.0 (X11; Linux x86_64) AppleWebKit/537.36 (KHTML, like Gecko) Chrome/61.0.3163.79 Safari/537.36" "www.ysfine.com"
64.124.8.52 - - [09/Dec/2022:06:35:25 -0800] "GET /confer/stat.html HTTP/1.1" 200 2350 "-" "Mozilla/5.0 (X11; Linux x86_64) AppleWebKit/537.36 (KHTML, like Gecko) Chrome/61.0.3163.79 Safari/537.36" "www.ysfine.com"
