183.166.148.28 - - [09/Dec/2022:11:49:24 -0800] "GET /dirac/index.html HTTP/1.1" 200 124 "-" "Mozilla/5.0 (Windows NT 6.1; WOW64) AppleWebKit/537.36 (KHTML, like Gecko) Chrome/66.0.3359.181 Safari/537.36" "ysfine.com"
183.166.148.28 - - [09/Dec/2022:11:49:24 -0800] "GET /einstein/index.html HTTP/1.1" 200 135 "-" "Mozilla/5.0 (Windows NT 6.1; WOW64) AppleWebKit/537.36 (KHTML, like Gecko) Chrome/66.0.3359.181 Safari/537.36" "ysfine.com"
183.166.148.28 - - [09/Dec/2022:11:49:24 -0800] "GET /wigner/index.html HTTP/1.1" 200 124 "-" "Mozilla/5.0 (Windows NT 6.1; WOW64) AppleWebKit/537.36 (KHTML, like Gecko) Chrome/66.0.3359.181 Safari/537.36" "ysfine.com"
183.166.148.28 - - [09/Dec/2022:11:49:25 -0800] "GET /feynman/index.html HTTP/1.1" 200 124 "-" "Mozilla/5.0 (Windows NT 6.1; WOW64) AppleWebKit/537.36 (KHTML, like Gecko) Chrome/66.0.3359.181 Safari/537.36" "ysfine.com"
183.166.148.28 - - [09/Dec/2022:11:49:25 -0800] "GET /kobak/index.html HTTP/1.1" 200 130 "-" "Mozilla/5.0 (Windows NT 6.1; WOW64) AppleWebKit/537.36 (KHTML, like Gecko) Chrome/66.0.3359.181 Safari/537.36" "ysfine.com"
183.166.148.28 - - [09/Dec/2022:11:49:26 -0800] "GET /people/peo.html HTTP/1.1" 200 13502 "-" "Mozilla/5.0 (Windows NT 6.1; WOW64) AppleWebKit/537.36 (KHTML, like Gecko) Chrome/66.0.3359.181 Safari/537.36" "ysfine.com"
17.121.115.107 - - [09/Dec/2022:11:49:26 -0800] "GET /usca/pitt/zunggul.pdf HTTP/1.1" 404 88 "-" "Mozilla/5.0 (Macintosh; Intel Mac OS X 10_15_5) AppleWebKit/605.1.15 (KHTML, like Gecko) Version/13.1.1 Safari/605.1.15 (Applebot/0.1; +http://www.apple.com/go/applebot)" "ysfine.com"
64.124.8.31 - - [09/Dec/2022:11:50:56 -0800] "GET /feynman/yuval.html HTTP/1.1" 200 9248 "-" "Mozilla/5.0 (X11; Linux x86_64) AppleWebKit/537.36 (KHTML, like Gecko) Chrome/61.0.3163.79 Safari/537.36" "www.ysfine.com"
40.90.217.7 - - [09/Dec/2022:11:51:39 -0800] "GET /people/ys63.jpg HTTP/1.1" 200 96239 "-" "Mozilla/5.0 (X11; Ubuntu; Linux x86_64; rv:102.0) Gecko/20100101 Firefox/102.0" "www.ysfine.com"
185.191.171.36 - - [09/Dec/2022:11:51:43 -0800] "GET /robots.txt HTTP/1.1" 404 88 "-" "Mozilla/5.0 (compatible; SemrushBot/7~bl; +http://www.semrush.com/bot.html)" "www.ysfine.com"
185.191.171.9 - - [09/Dec/2022:11:51:45 -0800] "GET /wigner/gcontrac.html HTTP/1.1" 200 2279 "-" "Mozilla/5.0 (compatible; SemrushBot/7~bl; +http://www.semrush.com/bot.html)" "www.ysfine.com"
64.124.8.31 - - [09/Dec/2022:11:52:27 -0800] "GET /ysbio/beau/garden.html HTTP/1.1" 404 88 "-" "Mozilla/5.0 (X11; Linux x86_64) AppleWebKit/537.36 (KHTML, like Gecko) Chrome/61.0.3163.79 Safari/537.36" "www.ysfine.com"
40.90.217.19 - - [09/Dec/2022:11:53:17 -0800] "GET /kowar/leechuls01b.jpg HTTP/1.1" 200 43514 "-" "Mozilla/5.0 (X11; Linux i686; rv:107.0) Gecko/20100101 Firefox/107.0" "ysfine.com"
157.55.39.76 - - [09/Dec/2022:11:53:25 -0800] "GET /world/russ/mosmetro01.jpg HTTP/1.1" 200 109458 "-" "Mozilla/5.0 (compatible; bingbot/2.0; +http://www.bing.com/bingbot.htm)" "ysfine.com"
93.159.230.89 - - [09/Dec/2022:11:53:29 -0800] "GET / HTTP/1.1" 200 5295 "-" "Mozilla/5.0 (Windows NT 10.0; Win64; x64) AppleWebKit/537.36 (KHTML, like Gecko) Chrome/71.0.3578.98 Safari/537.36" "ysfine.com"
40.90.217.131 - - [09/Dec/2022:11:53:47 -0800] "GET /wigner/neum/vnc06.jpg HTTP/1.1" 200 112606 "-" "Mozilla/5.0 (X11; Fedora; Linux x86_64; rv:102.0) Gecko/20100101 Firefox/102.0" "ysfine.com"
64.124.8.31 - - [09/Dec/2022:11:53:47 -0800] "GET /confer/popular.html HTTP/1.1" 304 - "-" "Mozilla/5.0 (X11; Linux x86_64) AppleWebKit/537.36 (KHTML, like Gecko) Chrome/61.0.3163.79 Safari/537.36" "www.ysfine.com"
84.52.94.132 - - [09/Dec/2022:11:54:12 -0800] "GET /wisdom/wk01.html HTTP/1.1" 200 88106 "-" "Mozilla/5.0 (Windows NT 10.0; Win64; x64) AppleWebKit/537.36 (KHTML, like Gecko) Chrome/79.0.3945.130 Safari/537.36" "ysfine.com"
157.55.39.6 - - [09/Dec/2022:11:54:16 -0800] "GET /bio/world/leipzig.html HTTP/1.1" 404 88 "-" "Mozilla/5.0 (compatible; bingbot/2.0; +http://www.bing.com/bingbot.htm)" "ysfine.com"
157.55.39.6 - - [09/Dec/2022:11:54:16 -0800] "GET /bio/einstein/bern.html HTTP/1.1" 404 88 "-" "Mozilla/5.0 (compatible; bingbot/2.0; +http://www.bing.com/bingbot.htm)" "ysfine.com"
77.75.79.31 - - [09/Dec/2022:11:54:39 -0800] "GET /robots.txt HTTP/1.1" 404 88 "-" "Mozilla/5.0 (compatible; SeznamBot/4.0-RC1; +http://napoveda.seznam.cz/seznambot-intro/)" "ysfine.com"
77.75.79.119 - - [09/Dec/2022:11:54:40 -0800] "GET /dirac/index.html HTTP/1.1" 200 124 "-" "Mozilla/5.0 (compatible; SeznamBot/4.0-RC1; +http://napoveda.seznam.cz/seznambot-intro/)" "ysfine.com"
51.222.253.17 - - [09/Dec/2022:11:54:45 -0800] "GET /feynman/yuval.html HTTP/1.1" 200 9248 "-" "Mozilla/5.0 (compatible; AhrefsBot/7.0; +http://ahrefs.com/robot/)" "www.ysfine.com"
20.99.161.120 - - [09/Dec/2022:11:54:46 -0800] "GET /world/russ/ballerina11.jpg HTTP/1.1" 200 94331 "-" "Mozilla/5.0 (X11; Linux x86_64; rv:107.0) Gecko/20100101 Firefox/107.0" "ysfine.com"
40.90.217.166 - - [09/Dec/2022:11:55:37 -0800] "GET /world/brit/victoria07.jpg HTTP/1.1" 200 122008 "-" "Mozilla/5.0 (Macintosh; Intel Mac OS X 13_0_1) AppleWebKit/537.36 (KHTML, like Gecko) Chrome/108.0.0.0 Safari/537.36 Edg/108.0.1462.46" "ysfine.com"
216.244.66.229 - - [09/Dec/2022:11:56:10 -0800] "GET /class54/class5470/total_data/sub_337.htm HTTP/1.1" 200 13678 "-" "Mozilla/5.0 (compatible; DotBot/1.2; +https://opensiteexplorer.org/dotbot; help@moz.com)" "www.ysfine.com"
207.46.13.134 - - [09/Dec/2022:11:56:10 -0800] "GET /maga/phil/marxber700.jpg HTTP/1.1" 200 94581 "-" "Mozilla/5.0 AppleWebKit/537.36 (KHTML, like Gecko; compatible; bingbot/2.0; +http://www.bing.com/bingbot.htm) Chrome/103.0.5060.134 Safari/537.36" "ysfine.com"
171.239.28.84 - - [09/Dec/2022:11:56:23 -0800] "GET /kobak/sl628.jpg HTTP/1.1" 200 225100 "http://namrom64.blogspot.com/" "Mozilla/5.0 (Linux; Android 6.0.1; vivo Y55) AppleWebKit/537.36 (KHTML, like Gecko) Chrome/106.0.0.0 Mobile Safari/537.36" "ysfine.com"
216.244.66.229 - - [09/Dec/2022:11:56:27 -0800] "GET /class54/class5470/total_data/sub_339.htm HTTP/1.1" 200 13289 "-" "Mozilla/5.0 (compatible; DotBot/1.2; +https://opensiteexplorer.org/dotbot; help@moz.com)" "www.ysfine.com"
95.217.109.26 - - [09/Dec/2022:11:56:32 -0800] "GET /robots.txt HTTP/1.1" 404 73 "-" "Mozilla/5.0 (compatible; MJ12bot/v1.4.8; http://mj12bot.com/)" "ysfine.com"
95.217.109.26 - - [09/Dec/2022:11:56:35 -0800] "GET /britmu.html HTTP/1.1" 404 88 "-" "Mozilla/5.0 (compatible; MJ12bot/v1.4.8; http://mj12bot.com/)" "ysfine.com"
14.137.135.24 - - [09/Dec/2022:11:56:39 -0800] "GET /princeton/prospect22b.jpg HTTP/1.1" 200 46073 "-" "Mozilla/5.0 (Windows NT 10.0; Win64; x64) AppleWebKit/537.36 (KHTML, like Gecko) Chrome/90.0.4430.212 Safari/537.36" "ysfine.com"
40.90.217.21 - - [09/Dec/2022:11:56:40 -0800] "GET /maga/phil/kingjames01b.jpg HTTP/1.1" 200 58456 "-" "Mozilla/5.0 (Macintosh; Intel Mac OS X 13_0_1) AppleWebKit/537.36 (KHTML, like Gecko) Chrome/108.0.0.0 Safari/537.36 Edg/108.0.1462.46" "ysfine.com"
216.244.66.229 - - [09/Dec/2022:11:56:41 -0800] "GET /class54/class5470/total_data/sub_753.htm HTTP/1.1" 200 13449 "-" "Mozilla/5.0 (compatible; DotBot/1.2; +https://opensiteexplorer.org/dotbot; help@moz.com)" "www.ysfine.com"
95.217.109.26 - - [09/Dec/2022:11:56:43 -0800] "GET /flamen3.jpg HTTP/1.1" 404 88 "-" "Mozilla/5.0 (compatible; MJ12bot/v1.4.8; http://mj12bot.com/)" "ysfine.com"
95.217.109.26 - - [09/Dec/2022:11:56:45 -0800] "GET /home/ewk86.jpg HTTP/1.1" 200 188473 "-" "Mozilla/5.0 (compatible; MJ12bot/v1.4.8; http://mj12bot.com/)" "ysfine.com"
95.217.109.26 - - [09/Dec/2022:11:56:47 -0800] "GET /kazan.html HTTP/1.1" 404 88 "-" "Mozilla/5.0 (compatible; MJ12bot/v1.4.8; http://mj12bot.com/)" "ysfine.com"
40.90.217.21 - - [09/Dec/2022:11:56:49 -0800] "GET /wisdom/kwk11b.jpg HTTP/1.1" 200 46888 "-" "Mozilla/5.0 (X11; Ubuntu; Linux x86_64; rv:107.0) Gecko/20100101 Firefox/107.0" "ysfine.com"
95.217.109.26 - - [09/Dec/2022:11:56:49 -0800] "GET /nga55.jpg HTTP/1.1" 404 88 "-" "Mozilla/5.0 (compatible; MJ12bot/v1.4.8; http://mj12bot.com/)" "ysfine.com"
95.217.109.26 - - [09/Dec/2022:11:56:51 -0800] "GET /nga77.jpg HTTP/1.1" 404 88 "-" "Mozilla/5.0 (compatible; MJ12bot/v1.4.8; http://mj12bot.com/)" "ysfine.com"
95.217.109.26 - - [09/Dec/2022:11:56:53 -0800] "GET /style/accodion.jpg HTTP/1.1" 200 106811 "-" "Mozilla/5.0 (compatible; MJ12bot/v1.4.8; http://mj12bot.com/)" "ysfine.com"
216.244.66.229 - - [09/Dec/2022:11:56:54 -0800] "GET /kowar/tanks/stalinorg.jpg HTTP/1.1" 200 135642 "-" "Mozilla/5.0 (compatible; DotBot/1.2; +https://opensiteexplorer.org/dotbot; help@moz.com)" "www.ysfine.com"
95.217.109.26 - - [09/Dec/2022:11:56:55 -0800] "GET /style/agnes11.jpg HTTP/1.1" 200 69539 "-" "Mozilla/5.0 (compatible; MJ12bot/v1.4.8; http://mj12bot.com/)" "ysfine.com"
95.217.109.26 - - [09/Dec/2022:11:56:58 -0800] "GET /style/agnes22.jpg HTTP/1.1" 200 85567 "-" "Mozilla/5.0 (compatible; MJ12bot/v1.4.8; http://mj12bot.com/)" "ysfine.com"
95.217.109.26 - - [09/Dec/2022:11:57:00 -0800] "GET /style/alexandrov11.jpg HTTP/1.1" 200 186993 "-" "Mozilla/5.0 (compatible; MJ12bot/v1.4.8; http://mj12bot.com/)" "ysfine.com"
95.217.109.26 - - [09/Dec/2022:11:57:02 -0800] "GET /style/alexandrov33.jpg HTTP/1.1" 200 79590 "-" "Mozilla/5.0 (compatible; MJ12bot/v1.4.8; http://mj12bot.com/)" "ysfine.com"
95.217.109.26 - - [09/Dec/2022:11:57:04 -0800] "GET /style/alexandrov44.jpg HTTP/1.1" 200 92546 "-" "Mozilla/5.0 (compatible; MJ12bot/v1.4.8; http://mj12bot.com/)" "ysfine.com"
207.46.13.48 - - [09/Dec/2022:11:57:05 -0800] "GET /bio/world/kalinin22.html HTTP/1.1" 404 88 "-" "Mozilla/5.0 AppleWebKit/537.36 (KHTML, like Gecko; compatible; bingbot/2.0; +http://www.bing.com/bingbot.htm) Chrome/103.0.5060.134 Safari/537.36" "ysfine.com"
95.217.109.26 - - [09/Dec/2022:11:57:06 -0800] "GET /style/alexandrov55.jpg HTTP/1.1" 200 99866 "-" "Mozilla/5.0 (compatible; MJ12bot/v1.4.8; http://mj12bot.com/)" "ysfine.com"
95.217.109.26 - - [09/Dec/2022:11:57:08 -0800] "GET /style/athens05.jpg HTTP/1.1" 200 128877 "-" "Mozilla/5.0 (compatible; MJ12bot/v1.4.8; http://mj12bot.com/)" "ysfine.com"
95.217.109.26 - - [09/Dec/2022:11:57:13 -0800] "GET /style/augustiner22.jpg HTTP/1.1" 200 133962 "-" "Mozilla/5.0 (compatible; MJ12bot/v1.4.8; http://mj12bot.com/)" "ysfine.com"
95.217.109.26 - - [09/Dec/2022:11:57:15 -0800] "GET /style/beetho11.jpg HTTP/1.1" 200 141470 "-" "Mozilla/5.0 (compatible; MJ12bot/v1.4.8; http://mj12bot.com/)" "ysfine.com"
95.217.109.26 - - [09/Dec/2022:11:57:17 -0800] "GET /style/beetho33.jpg HTTP/1.1" 200 185858 "-" "Mozilla/5.0 (compatible; MJ12bot/v1.4.8; http://mj12bot.com/)" "ysfine.com"
95.217.109.26 - - [09/Dec/2022:11:57:19 -0800] "GET /style/beetho55.jpg HTTP/1.1" 200 111702 "-" "Mozilla/5.0 (compatible; MJ12bot/v1.4.8; http://mj12bot.com/)" "ysfine.com"
95.217.109.26 - - [09/Dec/2022:11:57:21 -0800] "GET /style/beetho66.jpg HTTP/1.1" 200 83283 "-" "Mozilla/5.0 (compatible; MJ12bot/v1.4.8; http://mj12bot.com/)" "ysfine.com"
95.217.109.26 - - [09/Dec/2022:11:57:23 -0800] "GET /style/beetho77.jpg HTTP/1.1" 200 96297 "-" "Mozilla/5.0 (compatible; MJ12bot/v1.4.8; http://mj12bot.com/)" "ysfine.com"
95.217.109.26 - - [09/Dec/2022:11:57:26 -0800] "GET /style/charlesbr00.jpg HTTP/1.1" 200 76050 "-" "Mozilla/5.0 (compatible; MJ12bot/v1.4.8; http://mj12bot.com/)" "ysfine.com"
95.217.109.26 - - [09/Dec/2022:11:57:28 -0800] "GET /style/charlesbr22.jpg HTTP/1.1" 200 114308 "-" "Mozilla/5.0 (compatible; MJ12bot/v1.4.8; http://mj12bot.com/)" "ysfine.com"
95.217.109.26 - - [09/Dec/2022:11:57:30 -0800] "GET /style/cocoyoc.jpg HTTP/1.1" 200 67368 "-" "Mozilla/5.0 (compatible; MJ12bot/v1.4.8; http://mj12bot.com/)" "ysfine.com"
95.217.109.26 - - [09/Dec/2022:11:57:32 -0800] "GET /style/conway.jpg HTTP/1.1" 200 76889 "-" "Mozilla/5.0 (compatible; MJ12bot/v1.4.8; http://mj12bot.com/)" "ysfine.com"
95.217.109.26 - - [09/Dec/2022:11:57:34 -0800] "GET /style/fedele.jpg HTTP/1.1" 200 111188 "-" "Mozilla/5.0 (compatible; MJ12bot/v1.4.8; http://mj12bot.com/)" "ysfine.com"
95.217.109.26 - - [09/Dec/2022:11:57:37 -0800] "GET /style/flamen.jpg HTTP/1.1" 200 64808 "-" "Mozilla/5.0 (compatible; MJ12bot/v1.4.8; http://mj12bot.com/)" "ysfine.com"
95.217.109.26 - - [09/Dec/2022:11:57:39 -0800] "GET /style/gaya01.jpg HTTP/1.1" 200 104909 "-" "Mozilla/5.0 (compatible; MJ12bot/v1.4.8; http://mj12bot.com/)" "ysfine.com"
216.244.66.229 - - [09/Dec/2022:11:57:40 -0800] "GET /sbk/1976wdc11.jpg HTTP/1.1" 200 174125 "-" "Mozilla/5.0 (compatible; DotBot/1.2; +https://opensiteexplorer.org/dotbot; help@moz.com)" "www.ysfine.com"
95.217.109.26 - - [09/Dec/2022:11:57:41 -0800] "GET /style/gaya02.jpg HTTP/1.1" 200 76927 "-" "Mozilla/5.0 (compatible; MJ12bot/v1.4.8; http://mj12bot.com/)" "ysfine.com"
95.217.109.26 - - [09/Dec/2022:11:57:44 -0800] "GET /style/gaya03.jpg HTTP/1.1" 200 115376 "-" "Mozilla/5.0 (compatible; MJ12bot/v1.4.8; http://mj12bot.com/)" "ysfine.com"
95.217.109.26 - - [09/Dec/2022:11:57:46 -0800] "GET /style/hunopera.jpg HTTP/1.1" 200 111008 "-" "Mozilla/5.0 (compatible; MJ12bot/v1.4.8; http://mj12bot.com/)" "ysfine.com"
95.217.109.26 - - [09/Dec/2022:11:57:48 -0800] "GET /style/kievopera11.jpg HTTP/1.1" 200 46435 "-" "Mozilla/5.0 (compatible; MJ12bot/v1.4.8; http://mj12bot.com/)" "ysfine.com"
95.217.109.26 - - [09/Dec/2022:11:57:51 -0800] "GET /style/kievopera22.jpg HTTP/1.1" 200 50036 "-" "Mozilla/5.0 (compatible; MJ12bot/v1.4.8; http://mj12bot.com/)" "ysfine.com"
95.217.109.26 - - [09/Dec/2022:11:57:53 -0800] "GET /style/kievopera33.jpg HTTP/1.1" 200 73484 "-" "Mozilla/5.0 (compatible; MJ12bot/v1.4.8; http://mj12bot.com/)" "ysfine.com"
95.217.109.26 - - [09/Dec/2022:11:57:55 -0800] "GET /style/kievopera44.jpg HTTP/1.1" 200 108286 "-" "Mozilla/5.0 (compatible; MJ12bot/v1.4.8; http://mj12bot.com/)" "ysfine.com"
95.217.109.26 - - [09/Dec/2022:11:57:57 -0800] "GET /style/kievopera55.jpg HTTP/1.1" 200 93047 "-" "Mozilla/5.0 (compatible; MJ12bot/v1.4.8; http://mj12bot.com/)" "ysfine.com"
95.217.109.26 - - [09/Dec/2022:11:57:59 -0800] "GET /style/kievopera66.jpg HTTP/1.1" 200 96773 "-" "Mozilla/5.0 (compatible; MJ12bot/v1.4.8; http://mj12bot.com/)" "ysfine.com"
95.217.109.26 - - [09/Dec/2022:11:58:01 -0800] "GET /style/kievopera77.jpg HTTP/1.1" 200 78160 "-" "Mozilla/5.0 (compatible; MJ12bot/v1.4.8; http://mj12bot.com/)" "ysfine.com"
95.217.109.26 - - [09/Dec/2022:11:58:03 -0800] "GET /style/kirovken11.jpg HTTP/1.1" 200 80516 "-" "Mozilla/5.0 (compatible; MJ12bot/v1.4.8; http://mj12bot.com/)" "ysfine.com"
95.217.109.26 - - [09/Dec/2022:11:58:05 -0800] "GET /style/kirovken22.jpg HTTP/1.1" 200 102858 "-" "Mozilla/5.0 (compatible; MJ12bot/v1.4.8; http://mj12bot.com/)" "ysfine.com"
95.217.109.26 - - [09/Dec/2022:11:58:07 -0800] "GET /style/kirovken33.jpg HTTP/1.1" 200 92423 "-" "Mozilla/5.0 (compatible; MJ12bot/v1.4.8; http://mj12bot.com/)" "ysfine.com"
95.217.109.26 - - [09/Dec/2022:11:58:09 -0800] "GET /style/kirovken44.jpg HTTP/1.1" 200 99499 "-" "Mozilla/5.0 (compatible; MJ12bot/v1.4.8; http://mj12bot.com/)" "ysfine.com"
95.217.109.26 - - [09/Dec/2022:11:58:11 -0800] "GET /style/klauder22.jpg HTTP/1.1" 200 72593 "-" "Mozilla/5.0 (compatible; MJ12bot/v1.4.8; http://mj12bot.com/)" "ysfine.com"
95.217.109.26 - - [09/Dec/2022:11:58:13 -0800] "GET /style/klauder33.jpg HTTP/1.1" 200 95986 "-" "Mozilla/5.0 (compatible; MJ12bot/v1.4.8; http://mj12bot.com/)" "ysfine.com"
95.217.109.26 - - [09/Dec/2022:11:58:15 -0800] "GET /style/lincolnc11.jpg HTTP/1.1" 404 88 "-" "Mozilla/5.0 (compatible; MJ12bot/v1.4.8; http://mj12bot.com/)" "ysfine.com"
95.217.109.26 - - [09/Dec/2022:11:58:17 -0800] "GET /style/lincolnc22.jpg HTTP/1.1" 200 120411 "-" "Mozilla/5.0 (compatible; MJ12bot/v1.4.8; http://mj12bot.com/)" "ysfine.com"
95.217.109.26 - - [09/Dec/2022:11:58:19 -0800] "GET /style/lincolnc33.jpg HTTP/1.1" 200 140198 "-" "Mozilla/5.0 (compatible; MJ12bot/v1.4.8; http://mj12bot.com/)" "ysfine.com"
95.217.109.26 - - [09/Dec/2022:11:58:21 -0800] "GET /style/lincolnc44.jpg HTTP/1.1" 200 75653 "-" "Mozilla/5.0 (compatible; MJ12bot/v1.4.8; http://mj12bot.com/)" "ysfine.com"
95.217.109.26 - - [09/Dec/2022:11:58:23 -0800] "GET /style/lincolnc55.jpg HTTP/1.1" 200 99999 "-" "Mozilla/5.0 (compatible; MJ12bot/v1.4.8; http://mj12bot.com/)" "ysfine.com"
95.217.109.26 - - [09/Dec/2022:11:58:25 -0800] "GET /style/lincolnc66.jpg HTTP/1.1" 200 69884 "-" "Mozilla/5.0 (compatible; MJ12bot/v1.4.8; http://mj12bot.com/)" "ysfine.com"
95.217.109.26 - - [09/Dec/2022:11:58:27 -0800] "GET /style/londonsym.jpg HTTP/1.1" 200 78015 "-" "Mozilla/5.0 (compatible; MJ12bot/v1.4.8; http://mj12bot.com/)" "ysfine.com"
95.217.109.26 - - [09/Dec/2022:11:58:29 -0800] "GET /style/mcau.jpg HTTP/1.1" 200 65477 "-" "Mozilla/5.0 (compatible; MJ12bot/v1.4.8; http://mj12bot.com/)" "ysfine.com"
216.244.66.229 - - [09/Dec/2022:11:58:31 -0800] "GET /wigner/wiglittle11.pdf HTTP/1.1" 200 156828 "-" "Mozilla/5.0 (compatible; DotBot/1.2; +https://opensiteexplorer.org/dotbot; help@moz.com)" "www.ysfine.com"
95.217.109.26 - - [09/Dec/2022:11:58:31 -0800] "GET /style/nypops11.jpg HTTP/1.1" 200 310554 "-" "Mozilla/5.0 (compatible; MJ12bot/v1.4.8; http://mj12bot.com/)" "ysfine.com"
95.217.109.26 - - [09/Dec/2022:11:58:33 -0800] "GET /style/nypops22.jpg HTTP/1.1" 200 156338 "-" "Mozilla/5.0 (compatible; MJ12bot/v1.4.8; http://mj12bot.com/)" "ysfine.com"
95.217.109.26 - - [09/Dec/2022:11:58:35 -0800] "GET /style/palmusic11.jpg HTTP/1.1" 200 102360 "-" "Mozilla/5.0 (compatible; MJ12bot/v1.4.8; http://mj12bot.com/)" "ysfine.com"
95.217.109.26 - - [09/Dec/2022:11:58:37 -0800] "GET /style/palmusic22.jpg HTTP/1.1" 200 94171 "-" "Mozilla/5.0 (compatible; MJ12bot/v1.4.8; http://mj12bot.com/)" "ysfine.com"
95.217.109.26 - - [09/Dec/2022:11:58:39 -0800] "GET /style/palmusic33.jpg HTTP/1.1" 200 79064 "-" "Mozilla/5.0 (compatible; MJ12bot/v1.4.8; http://mj12bot.com/)" "ysfine.com"
95.217.109.26 - - [09/Dec/2022:11:58:41 -0800] "GET /style/palmusic44.jpg HTTP/1.1" 200 103451 "-" "Mozilla/5.0 (compatible; MJ12bot/v1.4.8; http://mj12bot.com/)" "ysfine.com"
95.217.109.26 - - [09/Dec/2022:11:58:43 -0800] "GET /style/prahaquar11.jpg HTTP/1.1" 200 63663 "-" "Mozilla/5.0 (compatible; MJ12bot/v1.4.8; http://mj12bot.com/)" "ysfine.com"
95.217.109.26 - - [09/Dec/2022:11:58:45 -0800] "GET /style/rieu02.jpg HTTP/1.1" 200 167047 "-" "Mozilla/5.0 (compatible; MJ12bot/v1.4.8; http://mj12bot.com/)" "ysfine.com"
95.217.109.26 - - [09/Dec/2022:11:58:47 -0800] "GET /style/rigaopera11.jpg HTTP/1.1" 200 125628 "-" "Mozilla/5.0 (compatible; MJ12bot/v1.4.8; http://mj12bot.com/)" "ysfine.com"
95.217.109.26 - - [09/Dec/2022:11:58:49 -0800] "GET /style/rigaopera22.jpg HTTP/1.1" 200 112955 "-" "Mozilla/5.0 (compatible; MJ12bot/v1.4.8; http://mj12bot.com/)" "ysfine.com"
95.217.109.26 - - [09/Dec/2022:11:58:51 -0800] "GET /style/rigaopera33.jpg HTTP/1.1" 200 141565 "-" "Mozilla/5.0 (compatible; MJ12bot/v1.4.8; http://mj12bot.com/)" "ysfine.com"
95.217.109.26 - - [09/Dec/2022:11:58:53 -0800] "GET /style/sicily11.jpg HTTP/1.1" 200 93215 "-" "Mozilla/5.0 (compatible; MJ12bot/v1.4.8; http://mj12bot.com/)" "ysfine.com"
95.217.109.26 - - [09/Dec/2022:11:58:55 -0800] "GET /style/sicily22.jpg HTTP/1.1" 200 80014 "-" "Mozilla/5.0 (compatible; MJ12bot/v1.4.8; http://mj12bot.com/)" "ysfine.com"
95.217.109.26 - - [09/Dec/2022:11:58:58 -0800] "GET /style/sicily33.jpg HTTP/1.1" 200 67256 "-" "Mozilla/5.0 (compatible; MJ12bot/v1.4.8; http://mj12bot.com/)" "ysfine.com"
95.217.109.26 - - [09/Dec/2022:11:59:00 -0800] "GET /style/smetana.jpg HTTP/1.1" 200 70089 "-" "Mozilla/5.0 (compatible; MJ12bot/v1.4.8; http://mj12bot.com/)" "ysfine.com"
95.217.109.26 - - [09/Dec/2022:11:59:02 -0800] "GET /style/ukfolk.jpg HTTP/1.1" 200 77206 "-" "Mozilla/5.0 (compatible; MJ12bot/v1.4.8; http://mj12bot.com/)" "ysfine.com"
64.124.8.31 - - [09/Dec/2022:11:59:03 -0800] "GET /robots.txt HTTP/1.1" 404 88 "-" "Mozilla/5.0 (X11; Linux x86_64) AppleWebKit/537.36 (KHTML, like Gecko) Chrome/61.0.3163.79 Safari/537.36" "www.ysfine.com"
95.217.109.26 - - [09/Dec/2022:11:59:04 -0800] "GET /style/ukinstru.jpg HTTP/1.1" 200 104460 "-" "Mozilla/5.0 (compatible; MJ12bot/v1.4.8; http://mj12bot.com/)" "ysfine.com"
95.217.109.26 - - [09/Dec/2022:11:59:06 -0800] "GET /style/yerevano11.jpg HTTP/1.1" 200 111096 "-" "Mozilla/5.0 (compatible; MJ12bot/v1.4.8; http://mj12bot.com/)" "ysfine.com"
95.217.109.26 - - [09/Dec/2022:11:59:08 -0800] "GET /style/yerevano22.jpg HTTP/1.1" 200 86088 "-" "Mozilla/5.0 (compatible; MJ12bot/v1.4.8; http://mj12bot.com/)" "ysfine.com"
95.217.109.26 - - [09/Dec/2022:11:59:11 -0800] "GET /style/yerevano33.jpg HTTP/1.1" 200 121959 "-" "Mozilla/5.0 (compatible; MJ12bot/v1.4.8; http://mj12bot.com/)" "ysfine.com"
95.217.109.26 - - [09/Dec/2022:11:59:13 -0800] "GET /usca/pitt/syriamos11.jpg HTTP/1.1" 200 229158 "-" "Mozilla/5.0 (compatible; MJ12bot/v1.4.8; http://mj12bot.com/)" "ysfine.com"
95.217.109.26 - - [09/Dec/2022:11:59:15 -0800] "GET /venuspics.html HTTP/1.1" 404 88 "-" "Mozilla/5.0 (compatible; MJ12bot/v1.4.8; http://mj12bot.com/)" "ysfine.com"
95.217.109.26 - - [09/Dec/2022:11:59:17 -0800] "GET /wdc/kennedyc01.jpg HTTP/1.1" 200 90739 "-" "Mozilla/5.0 (compatible; MJ12bot/v1.4.8; http://mj12bot.com/)" "ysfine.com"
95.217.109.26 - - [09/Dec/2022:11:59:19 -0800] "GET /wdc/kennedyc03.jpg HTTP/1.1" 200 51691 "-" "Mozilla/5.0 (compatible; MJ12bot/v1.4.8; http://mj12bot.com/)" "ysfine.com"
95.217.109.26 - - [09/Dec/2022:11:59:21 -0800] "GET /wdc/kennedyc04.jpg HTTP/1.1" 200 76587 "-" "Mozilla/5.0 (compatible; MJ12bot/v1.4.8; http://mj12bot.com/)" "ysfine.com"
216.244.66.229 - - [09/Dec/2022:11:59:22 -0800] "GET /world/baltic/kalin45.jpg HTTP/1.1" 200 604281 "-" "Mozilla/5.0 (compatible; DotBot/1.2; +https://opensiteexplorer.org/dotbot; help@moz.com)" "www.ysfine.com"
95.217.109.26 - - [09/Dec/2022:11:59:23 -0800] "GET /wdc/kennedyc05.jpg HTTP/1.1" 200 58889 "-" "Mozilla/5.0 (compatible; MJ12bot/v1.4.8; http://mj12bot.com/)" "ysfine.com"
95.217.109.26 - - [09/Dec/2022:11:59:25 -0800] "GET /wdc/kennedyc08.jpg HTTP/1.1" 200 114933 "-" "Mozilla/5.0 (compatible; MJ12bot/v1.4.8; http://mj12bot.com/)" "ysfine.com"
95.217.109.26 - - [09/Dec/2022:11:59:27 -0800] "GET /wdc/kennedyc09.jpg HTTP/1.1" 200 87918 "-" "Mozilla/5.0 (compatible; MJ12bot/v1.4.8; http://mj12bot.com/)" "ysfine.com"
95.217.109.26 - - [09/Dec/2022:11:59:29 -0800] "GET /wdc/wasopera11.jpg HTTP/1.1" 200 70236 "-" "Mozilla/5.0 (compatible; MJ12bot/v1.4.8; http://mj12bot.com/)" "ysfine.com"
95.217.109.26 - - [09/Dec/2022:11:59:31 -0800] "GET /wdc/wasopera22.jpg HTTP/1.1" 200 74426 "-" "Mozilla/5.0 (compatible; MJ12bot/v1.4.8; http://mj12bot.com/)" "ysfine.com"
95.217.109.26 - - [09/Dec/2022:11:59:33 -0800] "GET /wigner/weiss22.jpg HTTP/1.1" 200 65125 "-" "Mozilla/5.0 (compatible; MJ12bot/v1.4.8; http://mj12bot.com/)" "ysfine.com"
95.217.109.26 - - [09/Dec/2022:11:59:35 -0800] "GET /world/balkan/ath008.jpg HTTP/1.1" 200 98824 "-" "Mozilla/5.0 (compatible; MJ12bot/v1.4.8; http://mj12bot.com/)" "ysfine.com"
95.217.109.26 - - [09/Dec/2022:11:59:37 -0800] "GET /world/germany/berlino03.jpg HTTP/1.1" 200 99139 "-" "Mozilla/5.0 (compatible; MJ12bot/v1.4.8; http://mj12bot.com/)" "ysfine.com"
95.217.109.26 - - [09/Dec/2022:11:59:39 -0800] "GET /world/germany/hofbrau44.jpg HTTP/1.1" 200 97311 "-" "Mozilla/5.0 (compatible; MJ12bot/v1.4.8; http://mj12bot.com/)" "ysfine.com"
95.217.109.26 - - [09/Dec/2022:11:59:41 -0800] "GET /world/germany/hofbrau66.jpg HTTP/1.1" 200 115336 "-" "Mozilla/5.0 (compatible; MJ12bot/v1.4.8; http://mj12bot.com/)" "ysfine.com"
40.90.217.144 - - [09/Dec/2022:11:59:42 -0800] "GET /feynman/ppic/einbohr56a.jpg HTTP/1.1" 200 53376 "-" "Mozilla/5.0 (X11; Linux i686; rv:102.0) Gecko/20100101 Firefox/102.0" "www.ysfine.com"
95.217.109.26 - - [09/Dec/2022:11:59:43 -0800] "GET /world/germany/johannstra22.jpg HTTP/1.1" 200 173687 "-" "Mozilla/5.0 (compatible; MJ12bot/v1.4.8; http://mj12bot.com/)" "ysfine.com"
95.217.109.26 - - [09/Dec/2022:11:59:45 -0800] "GET /world/germany/johannstra33.jpg HTTP/1.1" 200 137743 "-" "Mozilla/5.0 (compatible; MJ12bot/v1.4.8; http://mj12bot.com/)" "ysfine.com"
95.217.109.26 - - [09/Dec/2022:11:59:47 -0800] "GET /world/germany/johannstra44.jpg HTTP/1.1" 200 116375 "-" "Mozilla/5.0 (compatible; MJ12bot/v1.4.8; http://mj12bot.com/)" "ysfine.com"
95.217.109.26 - - [09/Dec/2022:11:59:49 -0800] "GET /world/germany/johannstra55.jpg HTTP/1.1" 200 108849 "-" "Mozilla/5.0 (compatible; MJ12bot/v1.4.8; http://mj12bot.com/)" "ysfine.com"
95.217.109.26 - - [09/Dec/2022:11:59:51 -0800] "GET /world/germany/johannstra66.jpg HTTP/1.1" 200 152314 "-" "Mozilla/5.0 (compatible; MJ12bot/v1.4.8; http://mj12bot.com/)" "ysfine.com"
95.217.109.26 - - [09/Dec/2022:11:59:54 -0800] "GET /world/germany/johannstra88.jpg HTTP/1.1" 200 65992 "-" "Mozilla/5.0 (compatible; MJ12bot/v1.4.8; http://mj12bot.com/)" "ysfine.com"
95.217.109.26 - - [09/Dec/2022:11:59:56 -0800] "GET /world/germany/oktf01.jpg HTTP/1.1" 200 149607 "-" "Mozilla/5.0 (compatible; MJ12bot/v1.4.8; http://mj12bot.com/)" "ysfine.com"
95.217.109.26 - - [09/Dec/2022:11:59:58 -0800] "GET /world/germany/oktf02.jpg HTTP/1.1" 200 119086 "-" "Mozilla/5.0 (compatible; MJ12bot/v1.4.8; http://mj12bot.com/)" "ysfine.com"
95.217.109.26 - - [09/Dec/2022:12:00:00 -0800] "GET /world/germany/salzm01.jpg HTTP/1.1" 200 100752 "-" "Mozilla/5.0 (compatible; MJ12bot/v1.4.8; http://mj12bot.com/)" "ysfine.com"
95.217.109.26 - - [09/Dec/2022:12:00:02 -0800] "GET /world/germany/schonbr01.jpg HTTP/1.1" 200 89359 "-" "Mozilla/5.0 (compatible; MJ12bot/v1.4.8; http://mj12bot.com/)" "ysfine.com"
95.217.109.26 - - [09/Dec/2022:12:00:04 -0800] "GET /world/germany/schonbr02.jpg HTTP/1.1" 200 115150 "-" "Mozilla/5.0 (compatible; MJ12bot/v1.4.8; http://mj12bot.com/)" "ysfine.com"
95.217.109.26 - - [09/Dec/2022:12:00:06 -0800] "GET /world/germany/schonbr03.jpg HTTP/1.1" 200 83661 "-" "Mozilla/5.0 (compatible; MJ12bot/v1.4.8; http://mj12bot.com/)" "ysfine.com"
95.217.109.26 - - [09/Dec/2022:12:00:08 -0800] "GET /world/germany/verein11.jpg HTTP/1.1" 200 83100 "-" "Mozilla/5.0 (compatible; MJ12bot/v1.4.8; http://mj12bot.com/)" "ysfine.com"
95.217.109.26 - - [09/Dec/2022:12:00:10 -0800] "GET /world/germany/verein22.jpg HTTP/1.1" 200 128133 "-" "Mozilla/5.0 (compatible; MJ12bot/v1.4.8; http://mj12bot.com/)" "ysfine.com"
95.217.109.26 - - [09/Dec/2022:12:00:12 -0800] "GET /world/germany/vienopera11.jpg HTTP/1.1" 200 105702 "-" "Mozilla/5.0 (compatible; MJ12bot/v1.4.8; http://mj12bot.com/)" "ysfine.com"
95.217.109.26 - - [09/Dec/2022:12:00:14 -0800] "GET /world/germany/vienopera22.jpg HTTP/1.1" 200 125468 "-" "Mozilla/5.0 (compatible; MJ12bot/v1.4.8; http://mj12bot.com/)" "ysfine.com"
95.217.109.26 - - [09/Dec/2022:12:00:16 -0800] "GET /world/germany/vienopera33.jpg HTTP/1.1" 200 110637 "-" "Mozilla/5.0 (compatible; MJ12bot/v1.4.8; http://mj12bot.com/)" "ysfine.com"
95.217.109.26 - - [09/Dec/2022:12:00:18 -0800] "GET /world/germany/vienopera44.jpg HTTP/1.1" 200 101849 "-" "Mozilla/5.0 (compatible; MJ12bot/v1.4.8; http://mj12bot.com/)" "ysfine.com"
95.217.109.26 - - [09/Dec/2022:12:00:20 -0800] "GET /world/germany/vienstdpark01.jpg HTTP/1.1" 200 136850 "-" "Mozilla/5.0 (compatible; MJ12bot/v1.4.8; http://mj12bot.com/)" "ysfine.com"
95.217.109.26 - - [09/Dec/2022:12:00:23 -0800] "GET /world/germany/vienstdpark04.jpg HTTP/1.1" 200 161578 "-" "Mozilla/5.0 (compatible; MJ12bot/v1.4.8; http://mj12bot.com/)" "ysfine.com"
95.217.109.26 - - [09/Dec/2022:12:00:25 -0800] "GET /world/germany/vienstdpark05.jpg HTTP/1.1" 200 129466 "-" "Mozilla/5.0 (compatible; MJ12bot/v1.4.8; http://mj12bot.com/)" "ysfine.com"
95.217.109.26 - - [09/Dec/2022:12:00:27 -0800] "GET /world/germany/vienstdpark06.jpg HTTP/1.1" 200 162151 "-" "Mozilla/5.0 (compatible; MJ12bot/v1.4.8; http://mj12bot.com/)" "ysfine.com"
95.217.109.26 - - [09/Dec/2022:12:00:29 -0800] "GET /world/germany/vienvolkart11.jpg HTTP/1.1" 200 103450 "-" "Mozilla/5.0 (compatible; MJ12bot/v1.4.8; http://mj12bot.com/)" "ysfine.com"
95.217.109.26 - - [09/Dec/2022:12:00:31 -0800] "GET /world/poland/chopin01.jpg HTTP/1.1" 200 182498 "-" "Mozilla/5.0 (compatible; MJ12bot/v1.4.8; http://mj12bot.com/)" "ysfine.com"
95.217.109.26 - - [09/Dec/2022:12:00:33 -0800] "GET /world/poland/chopin05.jpg HTTP/1.1" 200 77552 "-" "Mozilla/5.0 (compatible; MJ12bot/v1.4.8; http://mj12bot.com/)" "ysfine.com"
95.217.109.26 - - [09/Dec/2022:12:00:35 -0800] "GET /world/russ/kazan010.jpg HTTP/1.1" 200 73800 "-" "Mozilla/5.0 (compatible; MJ12bot/v1.4.8; http://mj12bot.com/)" "ysfine.com"
95.217.109.26 - - [09/Dec/2022:12:00:37 -0800] "GET /world/russ/kazan011.jpg HTTP/1.1" 200 64940 "-" "Mozilla/5.0 (compatible; MJ12bot/v1.4.8; http://mj12bot.com/)" "ysfine.com"
95.217.109.26 - - [09/Dec/2022:12:00:39 -0800] "GET /world/russ/minsko11.jpg HTTP/1.1" 200 120607 "-" "Mozilla/5.0 (compatible; MJ12bot/v1.4.8; http://mj12bot.com/)" "ysfine.com"
95.217.109.26 - - [09/Dec/2022:12:00:41 -0800] "GET /world/russ/mosmusic17.jpg HTTP/1.1" 200 119724 "-" "Mozilla/5.0 (compatible; MJ12bot/v1.4.8; http://mj12bot.com/)" "ysfine.com"
95.217.109.26 - - [09/Dec/2022:12:00:43 -0800] "GET /world/russ/mosmusic31.jpg HTTP/1.1" 200 115711 "-" "Mozilla/5.0 (compatible; MJ12bot/v1.4.8; http://mj12bot.com/)" "ysfine.com"
95.217.109.26 - - [09/Dec/2022:12:00:45 -0800] "GET /world/russ/mosmusic32.jpg HTTP/1.1" 200 101584 "-" "Mozilla/5.0 (compatible; MJ12bot/v1.4.8; http://mj12bot.com/)" "ysfine.com"
95.217.109.26 - - [09/Dec/2022:12:00:47 -0800] "GET /world/russ/mosmusic33.jpg HTTP/1.1" 200 95542 "-" "Mozilla/5.0 (compatible; MJ12bot/v1.4.8; http://mj12bot.com/)" "ysfine.com"
95.217.109.26 - - [09/Dec/2022:12:00:49 -0800] "GET /world/russ/swanlake.jpg HTTP/1.1" 404 88 "-" "Mozilla/5.0 (compatible; MJ12bot/v1.4.8; http://mj12bot.com/)" "ysfine.com"
216.244.66.229 - - [09/Dec/2022:12:01:02 -0800] "GET /world/russ/kazan035.jpg HTTP/1.1" 200 114926 "-" "Mozilla/5.0 (compatible; DotBot/1.2; +https://opensiteexplorer.org/dotbot; help@moz.com)" "www.ysfine.com"
64.124.8.31 - - [09/Dec/2022:12:01:25 -0800] "GET /home/wcartoon.html HTTP/1.1" 200 6127 "-" "Mozilla/5.0 (X11; Linux x86_64) AppleWebKit/537.36 (KHTML, like Gecko) Chrome/61.0.3163.79 Safari/537.36" "www.ysfine.com"
64.124.8.31 - - [09/Dec/2022:12:01:27 -0800] "GET /ysbio/folks/index.html HTTP/1.1" 404 88 "-" "Mozilla/5.0 (X11; Linux x86_64) AppleWebKit/537.36 (KHTML, like Gecko) Chrome/61.0.3163.79 Safari/537.36" "www.ysfine.com"
40.90.217.199 - - [09/Dec/2022:12:01:43 -0800] "GET /kowar/rhee48.jpg HTTP/1.1" 200 340529 "-" "Mozilla/5.0 (Windows NT 10.0; Win64; x64) AppleWebKit/537.36 (KHTML, like Gecko) Chrome/108.0.0.0 Safari/537.36 Edg/108.0.1462.46" "www.ysfine.com"
216.244.66.229 - - [09/Dec/2022:12:01:52 -0800] "GET /world/russ/spb09.jpg HTTP/1.1" 200 89757 "-" "Mozilla/5.0 (compatible; DotBot/1.2; +https://opensiteexplorer.org/dotbot; help@moz.com)" "www.ysfine.com"
157.55.39.76 - - [09/Dec/2022:12:02:17 -0800] "GET /bio/awards/marq.html HTTP/1.1" 404 88 "-" "Mozilla/5.0 AppleWebKit/537.36 (KHTML, like Gecko; compatible; bingbot/2.0; +http://www.bing.com/bingbot.htm) Chrome/103.0.5060.134 Safari/537.36" "ysfine.com"
157.55.39.76 - - [09/Dec/2022:12:02:17 -0800] "GET /bio/sbk/1950.html HTTP/1.1" 404 88 "-" "Mozilla/5.0 (compatible; bingbot/2.0; +http://www.bing.com/bingbot.htm)" "ysfine.com"
40.90.217.144 - - [09/Dec/2022:12:02:18 -0800] "GET /dirac/yukadirac53.jpg HTTP/1.1" 200 72355 "-" "Mozilla/5.0 (X11; Ubuntu; Linux i686; rv:102.0) Gecko/20100101 Firefox/102.0" "www.ysfine.com"
216.244.66.229 - - [09/Dec/2022:12:02:43 -0800] "GET /world/russ/spbnv01.jpg HTTP/1.1" 200 170727 "-" "Mozilla/5.0 (compatible; DotBot/1.2; +https://opensiteexplorer.org/dotbot; help@moz.com)" "www.ysfine.com"
40.90.217.192 - - [09/Dec/2022:12:02:58 -0800] "GET /style/ysnr11c.jpg HTTP/1.1" 200 34793 "-" "Mozilla/5.0 (Windows NT 10.0; Win64; x64; rv:107.0) Gecko/20100101 Firefox/107.0" "www.ysfine.com"
14.137.135.24 - - [09/Dec/2022:12:03:03 -0800] "GET /style/prahaquar11.jpg HTTP/1.1" 200 63663 "-" "Mozilla/5.0 (Windows NT 10.0; Win64; x64) AppleWebKit/537.36 (KHTML, like Gecko) Chrome/90.0.4430.212 Safari/537.36" "www.ysfine.com"
216.244.66.229 - - [09/Dec/2022:12:03:31 -0800] "GET /world/russ/volga01.jpg HTTP/1.1" 200 102852 "-" "Mozilla/5.0 (compatible; DotBot/1.2; +https://opensiteexplorer.org/dotbot; help@moz.com)" "www.ysfine.com"
40.90.217.199 - - [09/Dec/2022:12:03:36 -0800] "GET /kowar/yicheols03b.jpg HTTP/1.1" 200 26405 "-" "Mozilla/5.0 (Windows NT 10.0) AppleWebKit/537.36 (KHTML, like Gecko) Chrome/108.0.0.0 Safari/537.36" "ysfine.com"
170.185.101.209 - - [09/Dec/2022:12:03:53 -0800] "GET /kowar/changdoy01.jpg HTTP/1.1" 200 89483 "https://www.google.com/" "Mozilla/5.0 (X11; CrOS x86_64 14695.155.0) AppleWebKit/537.36 (KHTML, like Gecko) Chrome/102.0.0.0 Safari/537.36" "ysfine.com"
216.244.66.229 - - [09/Dec/2022:12:04:07 -0800] "GET /class54/class5470/total_data/sub_306.htm HTTP/1.1" 200 13798 "-" "Mozilla/5.0 (compatible; DotBot/1.2; +https://opensiteexplorer.org/dotbot; help@moz.com)" "ysfine.com"
35.85.31.5 - - [09/Dec/2022:12:04:09 -0800] "GET /wigner/supper650.jpg HTTP/1.1" 200 60839 "http://ysfine.com/wigner/supper650.jpg" "Mozilla/5.0 (Windows NT 10.0; Win64; x64) AppleWebKit/537.36 (KHTML, like Gecko) Chrome/89.0.4389.114 Safari/537.36" "ysfine.com"
27.115.124.45 - - [09/Dec/2022:12:04:17 -0800] "GET / HTTP/1.1" 200 5295 "http://baidu.com/" "Mozilla/5.0 (Linux; Android 8.0.0; MHA-AL00 Build/HUAWEIMHA-AL00; wv) AppleWebKit/537.36 (KHTML, like Gecko) Version/4.0 Chrome/68.0.3440.91 Mobile Safari/537.36 BingWeb/6.9.6" "ysfine.com"
40.90.217.21 - - [09/Dec/2022:12:04:18 -0800] "GET /world/germany/berlinf09.jpg HTTP/1.1" 200 97062 "-" "Mozilla/5.0 (X11; Linux x86_64; rv:107.0) Gecko/20100101 Firefox/107.0" "ysfine.com"
27.115.124.45 - - [09/Dec/2022:12:04:18 -0800] "GET /home/facu450.jpg HTTP/1.1" 200 74535 "-" "Mozilla/5.0 (Linux; Android 8.0.0; MHA-AL00 Build/HUAWEIMHA-AL00; wv) AppleWebKit/537.36 (KHTML, like Gecko) Version/4.0 Chrome/68.0.3440.91 Mobile Safari/537.36 BingWeb/6.9.6" "ysfine.com"
27.115.124.45 - - [09/Dec/2022:12:04:18 -0800] "GET /home/eink450.jpg HTTP/1.1" 200 66794 "-" "Mozilla/5.0 (Linux; Android 8.0.0; MHA-AL00 Build/HUAWEIMHA-AL00; wv) AppleWebKit/537.36 (KHTML, like Gecko) Version/4.0 Chrome/68.0.3440.91 Mobile Safari/537.36 BingWeb/6.9.6" "ysfine.com"
27.115.124.45 - - [09/Dec/2022:12:04:18 -0800] "GET /home/top21d.jpg HTTP/1.1" 200 74409 "-" "Mozilla/5.0 (Linux; Android 8.0.0; MHA-AL00 Build/HUAWEIMHA-AL00; wv) AppleWebKit/537.36 (KHTML, like Gecko) Version/4.0 Chrome/68.0.3440.91 Mobile Safari/537.36 BingWeb/6.9.6" "ysfine.com"
27.115.124.45 - - [09/Dec/2022:12:04:18 -0800] "GET /eink/ewk86f.jpg HTTP/1.1" 200 122173 "-" "Mozilla/5.0 (Linux; Android 8.0.0; MHA-AL00 Build/HUAWEIMHA-AL00; wv) AppleWebKit/537.36 (KHTML, like Gecko) Version/4.0 Chrome/68.0.3440.91 Mobile Safari/537.36 BingWeb/6.9.6" "ysfine.com"
27.115.124.45 - - [09/Dec/2022:12:04:18 -0800] "GET /home/truck450.jpg HTTP/1.1" 200 42871 "-" "Mozilla/5.0 (Linux; Android 8.0.0; MHA-AL00 Build/HUAWEIMHA-AL00; wv) AppleWebKit/537.36 (KHTML, like Gecko) Version/4.0 Chrome/68.0.3440.91 Mobile Safari/537.36 BingWeb/6.9.6" "ysfine.com"
27.115.124.45 - - [09/Dec/2022:12:04:18 -0800] "GET /home/goodbad450.jpg HTTP/1.1" 200 32258 "-" "Mozilla/5.0 (Linux; Android 8.0.0; MHA-AL00 Build/HUAWEIMHA-AL00; wv) AppleWebKit/537.36 (KHTML, like Gecko) Version/4.0 Chrome/68.0.3440.91 Mobile Safari/537.36 BingWeb/6.9.6" "ysfine.com"
27.115.124.45 - - [09/Dec/2022:12:04:19 -0800] "GET /home/washmo23d.jpg HTTP/1.1" 200 32142 "-" "Mozilla/5.0 (Linux; Android 8.0.0; MHA-AL00 Build/HUAWEIMHA-AL00; wv) AppleWebKit/537.36 (KHTML, like Gecko) Version/4.0 Chrome/68.0.3440.91 Mobile Safari/537.36 BingWeb/6.9.6" "ysfine.com"
27.115.124.45 - - [09/Dec/2022:12:04:20 -0800] "GET /home/eindc03d.jpg HTTP/1.1" 200 95860 "-" "Mozilla/5.0 (Linux; Android 8.0.0; MHA-AL00 Build/HUAWEIMHA-AL00; wv) AppleWebKit/537.36 (KHTML, like Gecko) Version/4.0 Chrome/68.0.3440.91 Mobile Safari/537.36 BingWeb/6.9.6" "ysfine.com"
27.115.124.45 - - [09/Dec/2022:12:04:21 -0800] "GET /home/1987pr22d.jpg HTTP/1.1" 200 66428 "-" "Mozilla/5.0 (Linux; Android 8.0.0; MHA-AL00 Build/HUAWEIMHA-AL00; wv) AppleWebKit/537.36 (KHTML, like Gecko) Version/4.0 Chrome/68.0.3440.91 Mobile Safari/537.36 BingWeb/6.9.6" "ysfine.com"
47.15.14.247 - - [09/Dec/2022:12:04:22 -0800] "GET /world/scandi/nbi26.jpg HTTP/1.1" 200 75196 "https://www.google.com/" "Mozilla/5.0 (Linux; Android 12; SM-T225 Build/SP1A.210812.016; wv) AppleWebKit/537.36 (KHTML, like Gecko) Version/4.0 Chrome/107.0.5304.141 Safari/537.36 GoogleApp/13.11.10.23.arm64" "ysfine.com"
27.115.124.45 - - [09/Dec/2022:12:04:23 -0800] "GET /eink/einhaus11c.jpg HTTP/1.1" 200 42522 "-" "Mozilla/5.0 (Linux; Android 8.0.0; MHA-AL00 Build/HUAWEIMHA-AL00; wv) AppleWebKit/537.36 (KHTML, like Gecko) Version/4.0 Chrome/68.0.3440.91 Mobile Safari/537.36 BingWeb/6.9.6" "ysfine.com"
27.115.124.45 - - [09/Dec/2022:12:04:23 -0800] "GET /eink/einhaus33c.jpg HTTP/1.1" 200 23792 "-" "Mozilla/5.0 (Linux; Android 8.0.0; MHA-AL00 Build/HUAWEIMHA-AL00; wv) AppleWebKit/537.36 (KHTML, like Gecko) Version/4.0 Chrome/68.0.3440.91 Mobile Safari/537.36 BingWeb/6.9.6" "ysfine.com"
27.115.124.45 - - [09/Dec/2022:12:04:23 -0800] "GET /home/taylor500.jpg HTTP/1.1" 200 79197 "-" "Mozilla/5.0 (Linux; Android 8.0.0; MHA-AL00 Build/HUAWEIMHA-AL00; wv) AppleWebKit/537.36 (KHTML, like Gecko) Version/4.0 Chrome/68.0.3440.91 Mobile Safari/537.36 BingWeb/6.9.6" "ysfine.com"
27.115.124.45 - - [09/Dec/2022:12:04:24 -0800] "GET /home/eink54f.jpg HTTP/1.1" 200 96332 "-" "Mozilla/5.0 (Linux; Android 8.0.0; MHA-AL00 Build/HUAWEIMHA-AL00; wv) AppleWebKit/537.36 (KHTML, like Gecko) Version/4.0 Chrome/68.0.3440.91 Mobile Safari/537.36 BingWeb/6.9.6" "ysfine.com"
27.115.124.45 - - [09/Dec/2022:12:04:24 -0800] "GET /home/eward55f.jpg HTTP/1.1" 200 122802 "-" "Mozilla/5.0 (Linux; Android 8.0.0; MHA-AL00 Build/HUAWEIMHA-AL00; wv) AppleWebKit/537.36 (KHTML, like Gecko) Version/4.0 Chrome/68.0.3440.91 Mobile Safari/537.36 BingWeb/6.9.6" "ysfine.com"
207.46.13.48 - - [09/Dec/2022:12:04:25 -0800] "GET /kobak/feb8.jpg HTTP/1.1" 200 117260 "-" "Mozilla/5.0 AppleWebKit/537.36 (KHTML, like Gecko; compatible; bingbot/2.0; +http://www.bing.com/bingbot.htm) Chrome/103.0.5060.134 Safari/537.36" "ysfine.com"
207.46.13.48 - - [09/Dec/2022:12:04:26 -0800] "GET /bio/optics.html HTTP/1.1" 404 88 "-" "Mozilla/5.0 AppleWebKit/537.36 (KHTML, like Gecko; compatible; bingbot/2.0; +http://www.bing.com/bingbot.htm) Chrome/103.0.5060.134 Safari/537.36" "ysfine.com"
216.244.66.229 - - [09/Dec/2022:12:04:36 -0800] "GET /class54/class5470/total_data/sub_709.htm HTTP/1.1" 200 13426 "-" "Mozilla/5.0 (compatible; DotBot/1.2; +https://opensiteexplorer.org/dotbot; help@moz.com)" "ysfine.com"
216.100.95.85 - - [09/Dec/2022:12:04:40 -0800] "GET /usca/pitt/infinite.jpg HTTP/1.1" 200 73922 "https://www.google.com/" "Mozilla/5.0 (X11; CrOS x86_64 14695.155.0) AppleWebKit/537.36 (KHTML, like Gecko) Chrome/102.0.0.0 Safari/537.36" "ysfine.com"
216.244.66.229 - - [09/Dec/2022:12:05:04 -0800] "GET /class54/class5470/total_data/sub_740.htm HTTP/1.1" 200 13429 "-" "Mozilla/5.0 (compatible; DotBot/1.2; +https://opensiteexplorer.org/dotbot; help@moz.com)" "ysfine.com"
93.158.161.46 - - [09/Dec/2022:12:05:21 -0800] "GET /robots.txt HTTP/1.1" 404 73 "-" "Mozilla/5.0 (compatible; YandexBot/3.0; +http://yandex.com/bots)" "www.ysfine.com"
184.15.31.120 - - [09/Dec/2022:12:05:24 -0800] "GET /maga/marx.html HTTP/1.1" 200 5871 "https://www.google.com/" "Mozilla/5.0 (Windows NT 10.0; Win64; x64) AppleWebKit/537.36 (KHTML, like Gecko) Chrome/107.0.0.0 Safari/537.36 OPR/93.0.0.0" "ysfine.com"
184.15.31.120 - - [09/Dec/2022:12:05:24 -0800] "GET /maga/phil/marxber22b.jpg HTTP/1.1" 200 48373 "https://ysfine.com/maga/marx.html" "Mozilla/5.0 (Windows NT 10.0; Win64; x64) AppleWebKit/537.36 (KHTML, like Gecko) Chrome/107.0.0.0 Safari/537.36 OPR/93.0.0.0" "ysfine.com"
184.15.31.120 - - [09/Dec/2022:12:05:24 -0800] "GET /maga/phil/hume02b.jpg HTTP/1.1" 200 52835 "https://ysfine.com/maga/marx.html" "Mozilla/5.0 (Windows NT 10.0; Win64; x64) AppleWebKit/537.36 (KHTML, like Gecko) Chrome/107.0.0.0 Safari/537.36 OPR/93.0.0.0" "ysfine.com"
184.15.31.120 - - [09/Dec/2022:12:05:24 -0800] "GET /einstein/evol22b.jpg HTTP/1.1" 200 29614 "https://ysfine.com/maga/marx.html" "Mozilla/5.0 (Windows NT 10.0; Win64; x64) AppleWebKit/537.36 (KHTML, like Gecko) Chrome/107.0.0.0 Safari/537.36 OPR/93.0.0.0" "ysfine.com"
184.15.31.120 - - [09/Dec/2022:12:05:24 -0800] "GET /einstein/einbohr11b.jpg HTTP/1.1" 200 37538 "https://ysfine.com/maga/marx.html" "Mozilla/5.0 (Windows NT 10.0; Win64; x64) AppleWebKit/537.36 (KHTML, like Gecko) Chrome/107.0.0.0 Safari/537.36 OPR/93.0.0.0" "ysfine.com"
184.15.31.120 - - [09/Dec/2022:12:05:24 -0800] "GET /maga/phil/marxlon600.jpg HTTP/1.1" 200 90900 "https://ysfine.com/maga/marx.html" "Mozilla/5.0 (Windows NT 10.0; Win64; x64) AppleWebKit/537.36 (KHTML, like Gecko) Chrome/107.0.0.0 Safari/537.36 OPR/93.0.0.0" "ysfine.com"
184.15.31.120 - - [09/Dec/2022:12:05:24 -0800] "GET /eink/eink61c.jpg HTTP/1.1" 200 34119 "https://ysfine.com/maga/marx.html" "Mozilla/5.0 (Windows NT 10.0; Win64; x64) AppleWebKit/537.36 (KHTML, like Gecko) Chrome/107.0.0.0 Safari/537.36 OPR/93.0.0.0" "ysfine.com"
184.15.31.120 - - [09/Dec/2022:12:05:24 -0800] "GET /wisdom/mil/tank05b.jpg HTTP/1.1" 200 48742 "https://ysfine.com/maga/marx.html" "Mozilla/5.0 (Windows NT 10.0; Win64; x64) AppleWebKit/537.36 (KHTML, like Gecko) Chrome/107.0.0.0 Safari/537.36 OPR/93.0.0.0" "ysfine.com"
184.15.31.120 - - [09/Dec/2022:12:05:24 -0800] "GET /maga/phil/marxlon01b.jpg HTTP/1.1" 200 55777 "https://ysfine.com/maga/marx.html" "Mozilla/5.0 (Windows NT 10.0; Win64; x64) AppleWebKit/537.36 (KHTML, like Gecko) Chrome/107.0.0.0 Safari/537.36 OPR/93.0.0.0" "ysfine.com"
184.15.31.120 - - [09/Dec/2022:12:05:24 -0800] "GET /maga/phil/chou01b.jpg HTTP/1.1" 200 45775 "https://ysfine.com/maga/marx.html" "Mozilla/5.0 (Windows NT 10.0; Win64; x64) AppleWebKit/537.36 (KHTML, like Gecko) Chrome/107.0.0.0 Safari/537.36 OPR/93.0.0.0" "ysfine.com"
184.15.31.120 - - [09/Dec/2022:12:05:24 -0800] "GET /maga/phil/mao100b.jpg HTTP/1.1" 200 55761 "https://ysfine.com/maga/marx.html" "Mozilla/5.0 (Windows NT 10.0; Win64; x64) AppleWebKit/537.36 (KHTML, like Gecko) Chrome/107.0.0.0 Safari/537.36 OPR/93.0.0.0" "ysfine.com"
184.15.31.120 - - [09/Dec/2022:12:05:24 -0800] "GET /maga/phil/marxber600.jpg HTTP/1.1" 200 54098 "https://ysfine.com/maga/marx.html" "Mozilla/5.0 (Windows NT 10.0; Win64; x64) AppleWebKit/537.36 (KHTML, like Gecko) Chrome/107.0.0.0 Safari/537.36 OPR/93.0.0.0" "ysfine.com"
184.15.31.120 - - [09/Dec/2022:12:05:24 -0800] "GET /feynman/feygell66b.jpg HTTP/1.1" 200 28843 "https://ysfine.com/maga/marx.html" "Mozilla/5.0 (Windows NT 10.0; Win64; x64) AppleWebKit/537.36 (KHTML, like Gecko) Chrome/107.0.0.0 Safari/537.36 OPR/93.0.0.0" "ysfine.com"
184.15.31.120 - - [09/Dec/2022:12:05:24 -0800] "GET /maga/phil/marxmos01b.jpg HTTP/1.1" 200 26995 "https://ysfine.com/maga/marx.html" "Mozilla/5.0 (Windows NT 10.0; Win64; x64) AppleWebKit/537.36 (KHTML, like Gecko) Chrome/107.0.0.0 Safari/537.36 OPR/93.0.0.0" "ysfine.com"
184.15.31.120 - - [09/Dec/2022:12:05:24 -0800] "GET /wisdom/mil/sherman44b.jpg HTTP/1.1" 200 34454 "https://ysfine.com/maga/marx.html" "Mozilla/5.0 (Windows NT 10.0; Win64; x64) AppleWebKit/537.36 (KHTML, like Gecko) Chrome/107.0.0.0 Safari/537.36 OPR/93.0.0.0" "ysfine.com"
93.158.161.46 - - [09/Dec/2022:12:05:24 -0800] "GET /world/polandk.html HTTP/1.1" 200 5994 "-" "Mozilla/5.0 (compatible; YandexBot/3.0; +http://yandex.com/bots)" "www.ysfine.com"
184.15.31.120 - - [09/Dec/2022:12:05:26 -0800] "GET /favicon.ico HTTP/1.1" 404 88 "https://ysfine.com/maga/marx.html" "Mozilla/5.0 (Windows NT 10.0; Win64; x64) AppleWebKit/537.36 (KHTML, like Gecko) Chrome/107.0.0.0 Safari/537.36 OPR/93.0.0.0" "ysfine.com"
157.55.39.6 - - [09/Dec/2022:12:05:26 -0800] "GET /bio/kobak/namdae.html HTTP/1.1" 404 88 "-" "Mozilla/5.0 AppleWebKit/537.36 (KHTML, like Gecko; compatible; bingbot/2.0; +http://www.bing.com/bingbot.htm) Chrome/103.0.5060.134 Safari/537.36" "ysfine.com"
216.244.66.229 - - [09/Dec/2022:12:05:30 -0800] "GET /class54/tallm25.jpg HTTP/1.1" 200 94246 "-" "Mozilla/5.0 (compatible; DotBot/1.2; +https://opensiteexplorer.org/dotbot; help@moz.com)" "ysfine.com"
216.244.66.229 - - [09/Dec/2022:12:06:01 -0800] "GET /fbook/water33.jpg HTTP/1.1" 200 144549 "-" "Mozilla/5.0 (compatible; DotBot/1.2; +https://opensiteexplorer.org/dotbot; help@moz.com)" "ysfine.com"
47.15.14.247 - - [09/Dec/2022:12:06:04 -0800] "GET /dirac/dirheisen.jpg HTTP/1.1" 200 75452 "https://www.google.com/" "Mozilla/5.0 (Linux; Android 12; SM-T225 Build/SP1A.210812.016; wv) AppleWebKit/537.36 (KHTML, like Gecko) Version/4.0 Chrome/107.0.5304.141 Safari/537.36 GoogleApp/13.11.10.23.arm64" "ysfine.com"
157.55.39.6 - - [09/Dec/2022:12:06:07 -0800] "GET /usca/pitt/forbesfld02.jpg HTTP/1.1" 200 121327 "-" "Mozilla/5.0 AppleWebKit/537.36 (KHTML, like Gecko; compatible; bingbot/2.0; +http://www.bing.com/bingbot.htm) Chrome/103.0.5060.134 Safari/537.36" "www.ysfine.com"
216.244.66.229 - - [09/Dec/2022:12:06:40 -0800] "GET /houses/house77.jpg HTTP/1.1" 200 143627 "-" "Mozilla/5.0 (compatible; DotBot/1.2; +https://opensiteexplorer.org/dotbot; help@moz.com)" "ysfine.com"
158.222.207.31 - - [09/Dec/2022:12:06:52 -0800] "GET /newyork/colum08.jpg HTTP/1.1" 200 135570 "https://www.google.com/" "Mozilla/5.0 (Macintosh; Intel Mac OS X 10_15_7) AppleWebKit/537.36 (KHTML, like Gecko) Chrome/108.0.0.0 Safari/537.36" "ysfine.com"
158.222.207.31 - - [09/Dec/2022:12:06:55 -0800] "GET /newyork/columbia.html HTTP/1.1" 200 3175 "https://www.google.com/" "Mozilla/5.0 (Macintosh; Intel Mac OS X 10_15_7) AppleWebKit/537.36 (KHTML, like Gecko) Chrome/108.0.0.0 Safari/537.36" "ysfine.com"
158.222.207.31 - - [09/Dec/2022:12:06:56 -0800] "GET /newyork/colum10b.jpg HTTP/1.1" 200 34392 "https://ysfine.com/newyork/columbia.html" "Mozilla/5.0 (Macintosh; Intel Mac OS X 10_15_7) AppleWebKit/537.36 (KHTML, like Gecko) Chrome/108.0.0.0 Safari/537.36" "ysfine.com"
158.222.207.31 - - [09/Dec/2022:12:06:56 -0800] "GET /newyork/colum01b.jpg HTTP/1.1" 200 44600 "https://ysfine.com/newyork/columbia.html" "Mozilla/5.0 (Macintosh; Intel Mac OS X 10_15_7) AppleWebKit/537.36 (KHTML, like Gecko) Chrome/108.0.0.0 Safari/537.36" "ysfine.com"
158.222.207.31 - - [09/Dec/2022:12:06:56 -0800] "GET /newyork/colum04b.jpg HTTP/1.1" 200 58917 "https://ysfine.com/newyork/columbia.html" "Mozilla/5.0 (Macintosh; Intel Mac OS X 10_15_7) AppleWebKit/537.36 (KHTML, like Gecko) Chrome/108.0.0.0 Safari/537.36" "ysfine.com"
158.222.207.31 - - [09/Dec/2022:12:06:56 -0800] "GET /newyork/colum15b.jpg HTTP/1.1" 200 44537 "https://ysfine.com/newyork/columbia.html" "Mozilla/5.0 (Macintosh; Intel Mac OS X 10_15_7) AppleWebKit/537.36 (KHTML, like Gecko) Chrome/108.0.0.0 Safari/537.36" "ysfine.com"
158.222.207.31 - - [09/Dec/2022:12:06:56 -0800] "GET /newyork/colum23b.jpg HTTP/1.1" 200 43146 "https://ysfine.com/newyork/columbia.html" "Mozilla/5.0 (Macintosh; Intel Mac OS X 10_15_7) AppleWebKit/537.36 (KHTML, like Gecko) Chrome/108.0.0.0 Safari/537.36" "ysfine.com"
158.222.207.31 - - [09/Dec/2022:12:06:56 -0800] "GET /maga/invent/pupin22b.jpg HTTP/1.1" 200 26769 "https://ysfine.com/newyork/columbia.html" "Mozilla/5.0 (Macintosh; Intel Mac OS X 10_15_7) AppleWebKit/537.36 (KHTML, like Gecko) Chrome/108.0.0.0 Safari/537.36" "ysfine.com"
158.222.207.31 - - [09/Dec/2022:12:06:56 -0800] "GET /newyork/colum08b.jpg HTTP/1.1" 200 61367 "https://ysfine.com/newyork/columbia.html" "Mozilla/5.0 (Macintosh; Intel Mac OS X 10_15_7) AppleWebKit/537.36 (KHTML, like Gecko) Chrome/108.0.0.0 Safari/537.36" "ysfine.com"
158.222.207.31 - - [09/Dec/2022:12:06:56 -0800] "GET /world/ital/panth01b.jpg HTTP/1.1" 200 46623 "https://ysfine.com/newyork/columbia.html" "Mozilla/5.0 (Macintosh; Intel Mac OS X 10_15_7) AppleWebKit/537.36 (KHTML, like Gecko) Chrome/108.0.0.0 Safari/537.36" "ysfine.com"
158.222.207.31 - - [09/Dec/2022:12:06:56 -0800] "GET /favicon.ico HTTP/1.1" 404 88 "https://ysfine.com/newyork/columbia.html" "Mozilla/5.0 (Macintosh; Intel Mac OS X 10_15_7) AppleWebKit/537.36 (KHTML, like Gecko) Chrome/108.0.0.0 Safari/537.36" "ysfine.com"
216.244.66.229 - - [09/Dec/2022:12:07:16 -0800] "GET /philo/marxlon07.jpg HTTP/1.1" 200 130821 "-" "Mozilla/5.0 (compatible; DotBot/1.2; +https://opensiteexplorer.org/dotbot; help@moz.com)" "ysfine.com"
207.46.13.20 - - [09/Dec/2022:12:07:30 -0800] "GET /wigner/rmp62.jpg HTTP/1.1" 200 220424 "-" "Mozilla/5.0 (compatible; bingbot/2.0; +http://www.bing.com/bingbot.htm)" "www.ysfine.com"
51.222.253.10 - - [09/Dec/2022:12:07:49 -0800] "GET /class54/roskeim.html HTTP/1.1" 200 824 "-" "Mozilla/5.0 (compatible; AhrefsBot/7.0; +http://ahrefs.com/robot/)" "www.ysfine.com"
216.244.66.229 - - [09/Dec/2022:12:08:05 -0800] "GET /sbk/1974ferry.jpg HTTP/1.1" 200 104773 "-" "Mozilla/5.0 (compatible; DotBot/1.2; +https://opensiteexplorer.org/dotbot; help@moz.com)" "ysfine.com"
40.90.217.214 - - [09/Dec/2022:12:08:11 -0800] "GET /manko/harv01.jpg HTTP/1.1" 200 77674 "-" "Mozilla/5.0 (X11; Ubuntu; Linux i686; rv:107.0) Gecko/20100101 Firefox/107.0" "ysfine.com"
54.36.149.60 - - [09/Dec/2022:12:08:24 -0800] "GET /robots.txt HTTP/1.1" 404 88 "-" "Mozilla/5.0 (compatible; AhrefsBot/7.0; +http://ahrefs.com/robot/)" "ysfine.com"
162.17.6.13 - - [09/Dec/2022:12:08:28 -0800] "GET /wigner/neum/vnc02.jpg HTTP/1.1" 200 122957 "https://www.google.com/" "Mozilla/5.0 (Windows NT 10.0; Win64; x64) AppleWebKit/537.36 (KHTML, like Gecko) Chrome/106.0.0.0 Safari/537.36" "ysfine.com"
216.244.66.229 - - [09/Dec/2022:12:08:41 -0800] "GET /sbk/2004flor33.jpg HTTP/1.1" 200 339068 "-" "Mozilla/5.0 (compatible; DotBot/1.2; +https://opensiteexplorer.org/dotbot; help@moz.com)" "ysfine.com"
