51.222.253.10 - - [09/Dec/2022:19:07:54 -0800] "GET /remote/wigner111/kim-23.jpg HTTP/1.1" 200 57578 "-" "Mozilla/5.0 (compatible; AhrefsBot/7.0; +http://ahrefs.com/robot/)" "ysfine.com"
207.46.13.20 - - [09/Dec/2022:19:08:13 -0800] "GET /ysbio/yspapers/aipproc2011.pdf HTTP/1.1" 404 88 "-" "Mozilla/5.0 (compatible; bingbot/2.0; +http://www.bing.com/bingbot.htm)" "ysfine.com"
40.77.167.39 - - [09/Dec/2022:19:08:18 -0800] "GET /world/hungary/buda120.jpg HTTP/1.1" 200 118025 "-" "Mozilla/5.0 AppleWebKit/537.36 (KHTML, like Gecko; compatible; bingbot/2.0; +http://www.bing.com/bingbot.htm) Chrome/103.0.5060.134 Safari/537.36" "ysfine.com"
40.77.167.39 - - [09/Dec/2022:19:08:18 -0800] "GET /bio/genea.html HTTP/1.1" 404 88 "-" "Mozilla/5.0 (compatible; bingbot/2.0; +http://www.bing.com/bingbot.htm)" "ysfine.com"
77.75.79.31 - - [09/Dec/2022:19:08:19 -0800] "GET /robots.txt HTTP/1.1" 404 88 "-" "Mozilla/5.0 (compatible; SeznamBot/4.0-RC1; +http://napoveda.seznam.cz/seznambot-intro/)" "www.ysfine.com"
64.124.8.31 - - [09/Dec/2022:19:08:27 -0800] "GET /robots.txt HTTP/1.1" 404 88 "-" "Mozilla/5.0 (X11; Linux x86_64) AppleWebKit/537.36 (KHTML, like Gecko) Chrome/61.0.3163.79 Safari/537.36" "www.ysfine.com"
64.124.8.31 - - [09/Dec/2022:19:08:27 -0800] "GET /ys11/index.html HTTP/1.1" 200 3469 "-" "Mozilla/5.0 (X11; Linux x86_64) AppleWebKit/537.36 (KHTML, like Gecko) Chrome/61.0.3163.79 Safari/537.36" "www.ysfine.com"
186.168.108.108 - - [09/Dec/2022:19:08:27 -0800] "GET /jobs/index.html HTTP/1.1" 200 123 "-" "Mozilla/5.0 (Windows NT 10.0; Win64; x64) AppleWebKit/537.36 (KHTML, like Gecko) Chrome/107.0.0.0 Safari/537.36 Edg/107.0.1418.42" "ysfine.com"
186.168.108.108 - - [09/Dec/2022:19:08:28 -0800] "GET /jobs/jorigh.html HTTP/1.1" 200 1583 "https://ysfine.com/jobs/index.html" "Mozilla/5.0 (Windows NT 10.0; Win64; x64) AppleWebKit/537.36 (KHTML, like Gecko) Chrome/107.0.0.0 Safari/537.36 Edg/107.0.1418.42" "ysfine.com"
186.168.108.108 - - [09/Dec/2022:19:08:28 -0800] "GET /jobs/joleft.html HTTP/1.1" 200 335 "https://ysfine.com/jobs/index.html" "Mozilla/5.0 (Windows NT 10.0; Win64; x64) AppleWebKit/537.36 (KHTML, like Gecko) Chrome/107.0.0.0 Safari/537.36 Edg/107.0.1418.42" "ysfine.com"
186.168.108.108 - - [09/Dec/2022:19:08:28 -0800] "GET /einstein/einfine21b.jpg HTTP/1.1" 200 53710 "https://ysfine.com/jobs/jorigh.html" "Mozilla/5.0 (Windows NT 10.0; Win64; x64) AppleWebKit/537.36 (KHTML, like Gecko) Chrome/107.0.0.0 Safari/537.36 Edg/107.0.1418.42" "ysfine.com"
186.168.108.108 - - [09/Dec/2022:19:08:28 -0800] "GET /princeton/class2007b.jpg HTTP/1.1" 200 40797 "https://ysfine.com/jobs/jorigh.html" "Mozilla/5.0 (Windows NT 10.0; Win64; x64) AppleWebKit/537.36 (KHTML, like Gecko) Chrome/107.0.0.0 Safari/537.36 Edg/107.0.1418.42" "ysfine.com"
186.168.108.108 - - [09/Dec/2022:19:08:28 -0800] "GET /beau/vilnius08b.jpg HTTP/1.1" 404 88 "https://ysfine.com/jobs/jorigh.html" "Mozilla/5.0 (Windows NT 10.0; Win64; x64) AppleWebKit/537.36 (KHTML, like Gecko) Chrome/107.0.0.0 Safari/537.36 Edg/107.0.1418.42" "ysfine.com"
186.168.108.108 - - [09/Dec/2022:19:08:28 -0800] "GET /world/poland/polstu09b.jpg HTTP/1.1" 200 51803 "https://ysfine.com/jobs/jorigh.html" "Mozilla/5.0 (Windows NT 10.0; Win64; x64) AppleWebKit/537.36 (KHTML, like Gecko) Chrome/107.0.0.0 Safari/537.36 Edg/107.0.1418.42" "ysfine.com"
64.124.8.41 - - [09/Dec/2022:19:08:29 -0800] "GET /houses/myhouse.html HTTP/1.1" 304 - "-" "Mozilla/5.0 (X11; Linux x86_64) AppleWebKit/537.36 (KHTML, like Gecko) Chrome/61.0.3163.79 Safari/537.36" "ysfine.com"
40.90.217.214 - - [09/Dec/2022:19:08:47 -0800] "GET /maga/phil/galileo01b.jpg HTTP/1.1" 200 42897 "-" "Mozilla/5.0 (Macintosh; Intel Mac OS X 13_0_1) AppleWebKit/605.1.15 (KHTML, like Gecko) Version/16.1 Safari/605.1.15" "ysfine.com"
64.124.8.41 - - [09/Dec/2022:19:08:50 -0800] "GET /archives/proceedings/ff3/ff3abs.html HTTP/1.1" 200 47753 "-" "Mozilla/5.0 (X11; Linux x86_64) AppleWebKit/537.36 (KHTML, like Gecko) Chrome/61.0.3163.79 Safari/537.36" "ysfine.com"
186.168.108.108 - - [09/Dec/2022:19:09:22 -0800] "GET /beau/vilnius08b.jpg HTTP/1.1" 404 88 "https://ysfine.com/jobs/jorigh.html" "Mozilla/5.0 (Windows NT 10.0; Win64; x64) AppleWebKit/537.36 (KHTML, like Gecko) Chrome/107.0.0.0 Safari/537.36 Edg/107.0.1418.42" "ysfine.com"
186.168.108.108 - - [09/Dec/2022:19:09:27 -0800] "GET /beau/vilnius08b.jpg HTTP/1.1" 404 88 "https://ysfine.com/jobs/jorigh.html" "Mozilla/5.0 (Windows NT 10.0; Win64; x64) AppleWebKit/537.36 (KHTML, like Gecko) Chrome/107.0.0.0 Safari/537.36 Edg/107.0.1418.42" "ysfine.com"
186.168.108.108 - - [09/Dec/2022:19:09:30 -0800] "GET /jobs/usaj.html HTTP/1.1" 200 649 "https://ysfine.com/jobs/joleft.html" "Mozilla/5.0 (Windows NT 10.0; Win64; x64) AppleWebKit/537.36 (KHTML, like Gecko) Chrome/107.0.0.0 Safari/537.36 Edg/107.0.1418.42" "ysfine.com"
186.168.108.108 - - [09/Dec/2022:19:09:30 -0800] "GET /einstein/einhouse11b.jpg HTTP/1.1" 200 42717 "https://ysfine.com/jobs/usaj.html" "Mozilla/5.0 (Windows NT 10.0; Win64; x64) AppleWebKit/537.36 (KHTML, like Gecko) Chrome/107.0.0.0 Safari/537.36 Edg/107.0.1418.42" "ysfine.com"
157.55.39.76 - - [09/Dec/2022:19:09:37 -0800] "GET /bio/world/baltic/lithu08.jpg HTTP/1.1" 404 88 "-" "Mozilla/5.0 (compatible; bingbot/2.0; +http://www.bing.com/bingbot.htm)" "ysfine.com"
186.168.108.108 - - [09/Dec/2022:19:09:59 -0800] "GET /jobs/koreaj.html HTTP/1.1" 200 5358 "https://ysfine.com/jobs/joleft.html" "Mozilla/5.0 (Windows NT 10.0; Win64; x64) AppleWebKit/537.36 (KHTML, like Gecko) Chrome/107.0.0.0 Safari/537.36 Edg/107.0.1418.42" "ysfine.com"
186.168.108.108 - - [09/Dec/2022:19:10:00 -0800] "GET /jobs/koreaj11b.jpg HTTP/1.1" 200 67543 "https://ysfine.com/jobs/koreaj.html" "Mozilla/5.0 (Windows NT 10.0; Win64; x64) AppleWebKit/537.36 (KHTML, like Gecko) Chrome/107.0.0.0 Safari/537.36 Edg/107.0.1418.42" "ysfine.com"
186.168.108.108 - - [09/Dec/2022:19:10:05 -0800] "GET /jobs/britj.html HTTP/1.1" 200 801 "https://ysfine.com/jobs/joleft.html" "Mozilla/5.0 (Windows NT 10.0; Win64; x64) AppleWebKit/537.36 (KHTML, like Gecko) Chrome/107.0.0.0 Safari/537.36 Edg/107.0.1418.42" "ysfine.com"
186.168.108.108 - - [09/Dec/2022:19:10:05 -0800] "GET /jobs/newton22b.jpg HTTP/1.1" 200 60508 "https://ysfine.com/jobs/britj.html" "Mozilla/5.0 (Windows NT 10.0; Win64; x64) AppleWebKit/537.36 (KHTML, like Gecko) Chrome/107.0.0.0 Safari/537.36 Edg/107.0.1418.42" "ysfine.com"
186.168.108.108 - - [09/Dec/2022:19:10:06 -0800] "GET /beau/vilnius08b.jpg HTTP/1.1" 404 88 "https://ysfine.com/jobs/jorigh.html" "Mozilla/5.0 (Windows NT 10.0; Win64; x64) AppleWebKit/537.36 (KHTML, like Gecko) Chrome/107.0.0.0 Safari/537.36 Edg/107.0.1418.42" "ysfine.com"
186.168.108.108 - - [09/Dec/2022:19:10:20 -0800] "GET /style/leica.html HTTP/1.1" 200 17158 "https://ysfine.com/jobs/jorigh.html" "Mozilla/5.0 (Windows NT 10.0; Win64; x64) AppleWebKit/537.36 (KHTML, like Gecko) Chrome/107.0.0.0 Safari/537.36 Edg/107.0.1418.42" "ysfine.com"
186.168.108.108 - - [09/Dec/2022:19:10:21 -0800] "GET /kobak/taylor11c.jpg HTTP/1.1" 200 37695 "https://ysfine.com/style/leica.html" "Mozilla/5.0 (Windows NT 10.0; Win64; x64) AppleWebKit/537.36 (KHTML, like Gecko) Chrome/107.0.0.0 Safari/537.36 Edg/107.0.1418.42" "ysfine.com"
186.168.108.108 - - [09/Dec/2022:19:10:21 -0800] "GET /style/cameras/fed39c.jpg HTTP/1.1" 200 44295 "https://ysfine.com/style/leica.html" "Mozilla/5.0 (Windows NT 10.0; Win64; x64) AppleWebKit/537.36 (KHTML, like Gecko) Chrome/107.0.0.0 Safari/537.36 Edg/107.0.1418.42" "ysfine.com"
186.168.108.108 - - [09/Dec/2022:19:10:21 -0800] "GET /kobak/eisenhower33c.jpg HTTP/1.1" 200 40991 "https://ysfine.com/style/leica.html" "Mozilla/5.0 (Windows NT 10.0; Win64; x64) AppleWebKit/537.36 (KHTML, like Gecko) Chrome/107.0.0.0 Safari/537.36 Edg/107.0.1418.42" "ysfine.com"
186.168.108.108 - - [09/Dec/2022:19:10:21 -0800] "GET /einstein/eins47c.jpg HTTP/1.1" 200 43054 "https://ysfine.com/style/leica.html" "Mozilla/5.0 (Windows NT 10.0; Win64; x64) AppleWebKit/537.36 (KHTML, like Gecko) Chrome/107.0.0.0 Safari/537.36 Edg/107.0.1418.42" "ysfine.com"
186.168.108.108 - - [09/Dec/2022:19:10:21 -0800] "GET /style/cameras/canonp11c.jpg HTTP/1.1" 200 36059 "https://ysfine.com/style/leica.html" "Mozilla/5.0 (Windows NT 10.0; Win64; x64) AppleWebKit/537.36 (KHTML, like Gecko) Chrome/107.0.0.0 Safari/537.36 Edg/107.0.1418.42" "ysfine.com"
186.168.108.108 - - [09/Dec/2022:19:10:21 -0800] "GET /style/cameras/bolex33f.jpg HTTP/1.1" 200 83211 "https://ysfine.com/style/leica.html" "Mozilla/5.0 (Windows NT 10.0; Win64; x64) AppleWebKit/537.36 (KHTML, like Gecko) Chrome/107.0.0.0 Safari/537.36 Edg/107.0.1418.42" "ysfine.com"
186.168.108.108 - - [09/Dec/2022:19:10:21 -0800] "GET /style/cameras/canonp66c.jpg HTTP/1.1" 200 23047 "https://ysfine.com/style/leica.html" "Mozilla/5.0 (Windows NT 10.0; Win64; x64) AppleWebKit/537.36 (KHTML, like Gecko) Chrome/107.0.0.0 Safari/537.36 Edg/107.0.1418.42" "ysfine.com"
186.168.108.108 - - [09/Dec/2022:19:10:21 -0800] "GET /style/cameras/nikonf01c.jpg HTTP/1.1" 200 30199 "https://ysfine.com/style/leica.html" "Mozilla/5.0 (Windows NT 10.0; Win64; x64) AppleWebKit/537.36 (KHTML, like Gecko) Chrome/107.0.0.0 Safari/537.36 Edg/107.0.1418.42" "ysfine.com"
186.168.108.108 - - [09/Dec/2022:19:10:21 -0800] "GET /princeton/gcollege61c.jpg HTTP/1.1" 200 25688 "https://ysfine.com/style/leica.html" "Mozilla/5.0 (Windows NT 10.0; Win64; x64) AppleWebKit/537.36 (KHTML, like Gecko) Chrome/107.0.0.0 Safari/537.36 Edg/107.0.1418.42" "ysfine.com"
186.168.108.108 - - [09/Dec/2022:19:10:21 -0800] "GET /style/cameras/nikonf17c.jpg HTTP/1.1" 200 24405 "https://ysfine.com/style/leica.html" "Mozilla/5.0 (Windows NT 10.0; Win64; x64) AppleWebKit/537.36 (KHTML, like Gecko) Chrome/107.0.0.0 Safari/537.36 Edg/107.0.1418.42" "ysfine.com"
186.168.108.108 - - [09/Dec/2022:19:10:21 -0800] "GET /style/cameras/canonp77c.jpg HTTP/1.1" 200 24329 "https://ysfine.com/style/leica.html" "Mozilla/5.0 (Windows NT 10.0; Win64; x64) AppleWebKit/537.36 (KHTML, like Gecko) Chrome/107.0.0.0 Safari/537.36 Edg/107.0.1418.42" "ysfine.com"
186.168.108.108 - - [09/Dec/2022:19:10:21 -0800] "GET /style/cameras/leicafx11c.jpg HTTP/1.1" 200 21994 "https://ysfine.com/style/leica.html" "Mozilla/5.0 (Windows NT 10.0; Win64; x64) AppleWebKit/537.36 (KHTML, like Gecko) Chrome/107.0.0.0 Safari/537.36 Edg/107.0.1418.42" "ysfine.com"
186.168.108.108 - - [09/Dec/2022:19:10:21 -0800] "GET /wdc/washmo02c.jpg HTTP/1.1" 200 33146 "https://ysfine.com/style/leica.html" "Mozilla/5.0 (Windows NT 10.0; Win64; x64) AppleWebKit/537.36 (KHTML, like Gecko) Chrome/107.0.0.0 Safari/537.36 Edg/107.0.1418.42" "ysfine.com"
186.168.108.108 - - [09/Dec/2022:19:10:21 -0800] "GET /princeton/brooke56c.jpg HTTP/1.1" 200 35600 "https://ysfine.com/style/leica.html" "Mozilla/5.0 (Windows NT 10.0; Win64; x64) AppleWebKit/537.36 (KHTML, like Gecko) Chrome/107.0.0.0 Safari/537.36 Edg/107.0.1418.42" "ysfine.com"
186.168.108.108 - - [09/Dec/2022:19:10:21 -0800] "GET /style/cameras/deer11c.jpg HTTP/1.1" 200 23535 "https://ysfine.com/style/leica.html" "Mozilla/5.0 (Windows NT 10.0; Win64; x64) AppleWebKit/537.36 (KHTML, like Gecko) Chrome/107.0.0.0 Safari/537.36 Edg/107.0.1418.42" "ysfine.com"
186.168.108.108 - - [09/Dec/2022:19:10:21 -0800] "GET /style/cameras/phenix11c.jpg HTTP/1.1" 200 35944 "https://ysfine.com/style/leica.html" "Mozilla/5.0 (Windows NT 10.0; Win64; x64) AppleWebKit/537.36 (KHTML, like Gecko) Chrome/107.0.0.0 Safari/537.36 Edg/107.0.1418.42" "ysfine.com"
186.168.108.108 - - [09/Dec/2022:19:10:21 -0800] "GET /wdc/whouse03c.jpg HTTP/1.1" 200 27282 "https://ysfine.com/style/leica.html" "Mozilla/5.0 (Windows NT 10.0; Win64; x64) AppleWebKit/537.36 (KHTML, like Gecko) Chrome/107.0.0.0 Safari/537.36 Edg/107.0.1418.42" "ysfine.com"
186.168.108.108 - - [09/Dec/2022:19:10:21 -0800] "GET /wdc/waterg33c.jpg HTTP/1.1" 200 25711 "https://ysfine.com/style/leica.html" "Mozilla/5.0 (Windows NT 10.0; Win64; x64) AppleWebKit/537.36 (KHTML, like Gecko) Chrome/107.0.0.0 Safari/537.36 Edg/107.0.1418.42" "ysfine.com"
186.168.108.108 - - [09/Dec/2022:19:10:21 -0800] "GET /style/cameras/zenit22c.jpg HTTP/1.1" 200 32927 "https://ysfine.com/style/leica.html" "Mozilla/5.0 (Windows NT 10.0; Win64; x64) AppleWebKit/537.36 (KHTML, like Gecko) Chrome/107.0.0.0 Safari/537.36 Edg/107.0.1418.42" "ysfine.com"
186.168.108.108 - - [09/Dec/2022:19:10:21 -0800] "GET /style/cameras/vernon04c.jpg HTTP/1.1" 200 44603 "https://ysfine.com/style/leica.html" "Mozilla/5.0 (Windows NT 10.0; Win64; x64) AppleWebKit/537.36 (KHTML, like Gecko) Chrome/107.0.0.0 Safari/537.36 Edg/107.0.1418.42" "ysfine.com"
186.168.108.108 - - [09/Dec/2022:19:10:21 -0800] "GET /style/cameras/blackwhite01c.jpg HTTP/1.1" 200 40386 "https://ysfine.com/style/leica.html" "Mozilla/5.0 (Windows NT 10.0; Win64; x64) AppleWebKit/537.36 (KHTML, like Gecko) Chrome/107.0.0.0 Safari/537.36 Edg/107.0.1418.42" "ysfine.com"
186.168.108.108 - - [09/Dec/2022:19:10:21 -0800] "GET /style/cameras/canonae11c.jpg HTTP/1.1" 200 38304 "https://ysfine.com/style/leica.html" "Mozilla/5.0 (Windows NT 10.0; Win64; x64) AppleWebKit/537.36 (KHTML, like Gecko) Chrome/107.0.0.0 Safari/537.36 Edg/107.0.1418.42" "ysfine.com"
186.168.108.108 - - [09/Dec/2022:19:10:21 -0800] "GET /style/cameras/ducks11c.jpg HTTP/1.1" 200 30397 "https://ysfine.com/style/leica.html" "Mozilla/5.0 (Windows NT 10.0; Win64; x64) AppleWebKit/537.36 (KHTML, like Gecko) Chrome/107.0.0.0 Safari/537.36 Edg/107.0.1418.42" "ysfine.com"
186.168.108.108 - - [09/Dec/2022:19:10:21 -0800] "GET /style/cameras/towncenter11c.jpg HTTP/1.1" 200 32674 "https://ysfine.com/style/leica.html" "Mozilla/5.0 (Windows NT 10.0; Win64; x64) AppleWebKit/537.36 (KHTML, like Gecko) Chrome/107.0.0.0 Safari/537.36 Edg/107.0.1418.42" "ysfine.com"
186.168.108.108 - - [09/Dec/2022:19:10:21 -0800] "GET /style/cameras/temple11c.jpg HTTP/1.1" 200 34231 "https://ysfine.com/style/leica.html" "Mozilla/5.0 (Windows NT 10.0; Win64; x64) AppleWebKit/537.36 (KHTML, like Gecko) Chrome/107.0.0.0 Safari/537.36 Edg/107.0.1418.42" "ysfine.com"
186.168.108.108 - - [09/Dec/2022:19:10:21 -0800] "GET /style/cameras/fedpho01c.jpg HTTP/1.1" 200 33623 "https://ysfine.com/style/leica.html" "Mozilla/5.0 (Windows NT 10.0; Win64; x64) AppleWebKit/537.36 (KHTML, like Gecko) Chrome/107.0.0.0 Safari/537.36 Edg/107.0.1418.42" "ysfine.com"
186.168.108.108 - - [09/Dec/2022:19:10:21 -0800] "GET /style/cameras/beielemen11c.jpg HTTP/1.1" 200 30003 "https://ysfine.com/style/leica.html" "Mozilla/5.0 (Windows NT 10.0; Win64; x64) AppleWebKit/537.36 (KHTML, like Gecko) Chrome/107.0.0.0 Safari/537.36 Edg/107.0.1418.42" "ysfine.com"
186.168.108.108 - - [09/Dec/2022:19:10:21 -0800] "GET /style/cameras/newhouse11c.jpg HTTP/1.1" 200 37696 "https://ysfine.com/style/leica.html" "Mozilla/5.0 (Windows NT 10.0; Win64; x64) AppleWebKit/537.36 (KHTML, like Gecko) Chrome/107.0.0.0 Safari/537.36 Edg/107.0.1418.42" "ysfine.com"
186.168.108.108 - - [09/Dec/2022:19:10:21 -0800] "GET /style/cameras/lumixlc40c.jpg HTTP/1.1" 200 26031 "https://ysfine.com/style/leica.html" "Mozilla/5.0 (Windows NT 10.0; Win64; x64) AppleWebKit/537.36 (KHTML, like Gecko) Chrome/107.0.0.0 Safari/537.36 Edg/107.0.1418.42" "ysfine.com"
186.168.108.108 - - [09/Dec/2022:19:10:21 -0800] "GET /style/cameras/fed5c.jpg HTTP/1.1" 200 35428 "https://ysfine.com/style/leica.html" "Mozilla/5.0 (Windows NT 10.0; Win64; x64) AppleWebKit/537.36 (KHTML, like Gecko) Chrome/107.0.0.0 Safari/537.36 Edg/107.0.1418.42" "ysfine.com"
186.168.108.108 - - [09/Dec/2022:19:10:21 -0800] "GET /style/cameras/leicavlux22c.jpg HTTP/1.1" 200 32706 "https://ysfine.com/style/leica.html" "Mozilla/5.0 (Windows NT 10.0; Win64; x64) AppleWebKit/537.36 (KHTML, like Gecko) Chrome/107.0.0.0 Safari/537.36 Edg/107.0.1418.42" "ysfine.com"
186.168.108.108 - - [09/Dec/2022:19:10:21 -0800] "GET /kowar/tanks/tank05c.jpg HTTP/1.1" 200 33583 "https://ysfine.com/style/leica.html" "Mozilla/5.0 (Windows NT 10.0; Win64; x64) AppleWebKit/537.36 (KHTML, like Gecko) Chrome/107.0.0.0 Safari/537.36 Edg/107.0.1418.42" "ysfine.com"
186.168.108.108 - - [09/Dec/2022:19:10:21 -0800] "GET /style/cameras/fedindoor11c.jpg HTTP/1.1" 200 34881 "https://ysfine.com/style/leica.html" "Mozilla/5.0 (Windows NT 10.0; Win64; x64) AppleWebKit/537.36 (KHTML, like Gecko) Chrome/107.0.0.0 Safari/537.36 Edg/107.0.1418.42" "ysfine.com"
186.168.108.108 - - [09/Dec/2022:19:10:21 -0800] "GET /style/cameras/leicavlux11c.jpg HTTP/1.1" 200 39687 "https://ysfine.com/style/leica.html" "Mozilla/5.0 (Windows NT 10.0; Win64; x64) AppleWebKit/537.36 (KHTML, like Gecko) Chrome/107.0.0.0 Safari/537.36 Edg/107.0.1418.42" "ysfine.com"
186.168.108.108 - - [09/Dec/2022:19:10:21 -0800] "GET /style/cameras/skagen11c.jpg HTTP/1.1" 200 45803 "https://ysfine.com/style/leica.html" "Mozilla/5.0 (Windows NT 10.0; Win64; x64) AppleWebKit/537.36 (KHTML, like Gecko) Chrome/107.0.0.0 Safari/537.36 Edg/107.0.1418.42" "ysfine.com"
186.168.108.108 - - [09/Dec/2022:19:10:21 -0800] "GET /style/cameras/fedt34c.jpg HTTP/1.1" 200 26884 "https://ysfine.com/style/leica.html" "Mozilla/5.0 (Windows NT 10.0; Win64; x64) AppleWebKit/537.36 (KHTML, like Gecko) Chrome/107.0.0.0 Safari/537.36 Edg/107.0.1418.42" "ysfine.com"
186.168.108.108 - - [09/Dec/2022:19:10:21 -0800] "GET /style/cameras/lumixfan11c.jpg HTTP/1.1" 200 35685 "https://ysfine.com/style/leica.html" "Mozilla/5.0 (Windows NT 10.0; Win64; x64) AppleWebKit/537.36 (KHTML, like Gecko) Chrome/107.0.0.0 Safari/537.36 Edg/107.0.1418.42" "ysfine.com"
186.168.108.108 - - [09/Dec/2022:19:10:21 -0800] "GET /style/cameras/lumixfx6c.jpg HTTP/1.1" 200 31011 "https://ysfine.com/style/leica.html" "Mozilla/5.0 (Windows NT 10.0; Win64; x64) AppleWebKit/537.36 (KHTML, like Gecko) Chrome/107.0.0.0 Safari/537.36 Edg/107.0.1418.42" "ysfine.com"
186.168.108.108 - - [09/Dec/2022:19:10:21 -0800] "GET /style/cameras/japam11c.jpg HTTP/1.1" 200 35794 "https://ysfine.com/style/leica.html" "Mozilla/5.0 (Windows NT 10.0; Win64; x64) AppleWebKit/537.36 (KHTML, like Gecko) Chrome/107.0.0.0 Safari/537.36 Edg/107.0.1418.42" "ysfine.com"
186.168.108.108 - - [09/Dec/2022:19:10:21 -0800] "GET /style/cameras/rolex11c.jpg HTTP/1.1" 200 44213 "https://ysfine.com/style/leica.html" "Mozilla/5.0 (Windows NT 10.0; Win64; x64) AppleWebKit/537.36 (KHTML, like Gecko) Chrome/107.0.0.0 Safari/537.36 Edg/107.0.1418.42" "ysfine.com"
186.168.108.108 - - [09/Dec/2022:19:10:21 -0800] "GET /style/cameras/hwanghae11c.jpg HTTP/1.1" 200 33279 "https://ysfine.com/style/leica.html" "Mozilla/5.0 (Windows NT 10.0; Win64; x64) AppleWebKit/537.36 (KHTML, like Gecko) Chrome/107.0.0.0 Safari/537.36 Edg/107.0.1418.42" "ysfine.com"
186.168.108.108 - - [09/Dec/2022:19:10:21 -0800] "GET /kowar/tanks/garand03c.jpg HTTP/1.1" 200 15423 "https://ysfine.com/style/leica.html" "Mozilla/5.0 (Windows NT 10.0; Win64; x64) AppleWebKit/537.36 (KHTML, like Gecko) Chrome/107.0.0.0 Safari/537.36 Edg/107.0.1418.42" "ysfine.com"
186.168.108.108 - - [09/Dec/2022:19:10:21 -0800] "GET /style/cameras/fed3c.jpg HTTP/1.1" 200 39359 "https://ysfine.com/style/leica.html" "Mozilla/5.0 (Windows NT 10.0; Win64; x64) AppleWebKit/537.36 (KHTML, like Gecko) Chrome/107.0.0.0 Safari/537.36 Edg/107.0.1418.42" "ysfine.com"
186.168.108.108 - - [09/Dec/2022:19:10:21 -0800] "GET /style/cameras/lumixfs15c.jpg HTTP/1.1" 200 29994 "https://ysfine.com/style/leica.html" "Mozilla/5.0 (Windows NT 10.0; Win64; x64) AppleWebKit/537.36 (KHTML, like Gecko) Chrome/107.0.0.0 Safari/537.36 Edg/107.0.1418.42" "ysfine.com"
186.168.108.108 - - [09/Dec/2022:19:10:21 -0800] "GET /style/cameras/lumixfan22c.jpg HTTP/1.1" 200 38361 "https://ysfine.com/style/leica.html" "Mozilla/5.0 (Windows NT 10.0; Win64; x64) AppleWebKit/537.36 (KHTML, like Gecko) Chrome/107.0.0.0 Safari/537.36 Edg/107.0.1418.42" "ysfine.com"
186.168.108.108 - - [09/Dec/2022:19:10:21 -0800] "GET /kowar/tanks/carbine55c.jpg HTTP/1.1" 200 17216 "https://ysfine.com/style/leica.html" "Mozilla/5.0 (Windows NT 10.0; Win64; x64) AppleWebKit/537.36 (KHTML, like Gecko) Chrome/107.0.0.0 Safari/537.36 Edg/107.0.1418.42" "ysfine.com"
186.168.108.108 - - [09/Dec/2022:19:10:21 -0800] "GET /style/cameras/lumixsys33c.jpg HTTP/1.1" 200 32860 "https://ysfine.com/style/leica.html" "Mozilla/5.0 (Windows NT 10.0; Win64; x64) AppleWebKit/537.36 (KHTML, like Gecko) Chrome/107.0.0.0 Safari/537.36 Edg/107.0.1418.42" "ysfine.com"
186.168.108.108 - - [09/Dec/2022:19:10:21 -0800] "GET /style/cameras/lumixlf133c.jpg HTTP/1.1" 200 27776 "https://ysfine.com/style/leica.html" "Mozilla/5.0 (Windows NT 10.0; Win64; x64) AppleWebKit/537.36 (KHTML, like Gecko) Chrome/107.0.0.0 Safari/537.36 Edg/107.0.1418.42" "ysfine.com"
186.168.108.108 - - [09/Dec/2022:19:10:21 -0800] "GET /style/cameras/lumixlf144c.jpg HTTP/1.1" 200 43024 "https://ysfine.com/style/leica.html" "Mozilla/5.0 (Windows NT 10.0; Win64; x64) AppleWebKit/537.36 (KHTML, like Gecko) Chrome/107.0.0.0 Safari/537.36 Edg/107.0.1418.42" "ysfine.com"
186.168.108.108 - - [09/Dec/2022:19:10:21 -0800] "GET /style/cameras/lumixsys11c.jpg HTTP/1.1" 200 32520 "https://ysfine.com/style/leica.html" "Mozilla/5.0 (Windows NT 10.0; Win64; x64) AppleWebKit/537.36 (KHTML, like Gecko) Chrome/107.0.0.0 Safari/537.36 Edg/107.0.1418.42" "ysfine.com"
186.168.108.108 - - [09/Dec/2022:19:10:21 -0800] "GET /style/cameras/lumixsys22c.jpg HTTP/1.1" 200 27694 "https://ysfine.com/style/leica.html" "Mozilla/5.0 (Windows NT 10.0; Win64; x64) AppleWebKit/537.36 (KHTML, like Gecko) Chrome/107.0.0.0 Safari/537.36 Edg/107.0.1418.42" "ysfine.com"
186.168.108.108 - - [09/Dec/2022:19:10:21 -0800] "GET /style/cameras/nanjinglx03c.jpg HTTP/1.1" 200 37071 "https://ysfine.com/style/leica.html" "Mozilla/5.0 (Windows NT 10.0; Win64; x64) AppleWebKit/537.36 (KHTML, like Gecko) Chrome/107.0.0.0 Safari/537.36 Edg/107.0.1418.42" "ysfine.com"
186.168.108.108 - - [09/Dec/2022:19:10:21 -0800] "GET /style/cameras/lumixlf166c.jpg HTTP/1.1" 200 25301 "https://ysfine.com/style/leica.html" "Mozilla/5.0 (Windows NT 10.0; Win64; x64) AppleWebKit/537.36 (KHTML, like Gecko) Chrome/107.0.0.0 Safari/537.36 Edg/107.0.1418.42" "ysfine.com"
186.168.108.108 - - [09/Dec/2022:19:10:21 -0800] "GET /eink/eink61c.jpg HTTP/1.1" 200 34119 "https://ysfine.com/style/leica.html" "Mozilla/5.0 (Windows NT 10.0; Win64; x64) AppleWebKit/537.36 (KHTML, like Gecko) Chrome/107.0.0.0 Safari/537.36 Edg/107.0.1418.42" "ysfine.com"
186.168.108.108 - - [09/Dec/2022:19:10:21 -0800] "GET /world/balkan/ath002c.jpg HTTP/1.1" 200 44714 "https://ysfine.com/style/leica.html" "Mozilla/5.0 (Windows NT 10.0; Win64; x64) AppleWebKit/537.36 (KHTML, like Gecko) Chrome/107.0.0.0 Safari/537.36 Edg/107.0.1418.42" "ysfine.com"
186.168.108.108 - - [09/Dec/2022:19:10:21 -0800] "GET /world/brit/towerbr11c.jpg HTTP/1.1" 200 31376 "https://ysfine.com/style/leica.html" "Mozilla/5.0 (Windows NT 10.0; Win64; x64) AppleWebKit/537.36 (KHTML, like Gecko) Chrome/107.0.0.0 Safari/537.36 Edg/107.0.1418.42" "ysfine.com"
186.168.108.108 - - [09/Dec/2022:19:10:21 -0800] "GET /style/cameras/lumixsys55c.jpg HTTP/1.1" 200 26958 "https://ysfine.com/style/leica.html" "Mozilla/5.0 (Windows NT 10.0; Win64; x64) AppleWebKit/537.36 (KHTML, like Gecko) Chrome/107.0.0.0 Safari/537.36 Edg/107.0.1418.42" "ysfine.com"
186.168.108.108 - - [09/Dec/2022:19:10:21 -0800] "GET /world/balkan/ath001c.jpg HTTP/1.1" 200 34419 "https://ysfine.com/style/leica.html" "Mozilla/5.0 (Windows NT 10.0; Win64; x64) AppleWebKit/537.36 (KHTML, like Gecko) Chrome/107.0.0.0 Safari/537.36 Edg/107.0.1418.42" "ysfine.com"
186.168.108.108 - - [09/Dec/2022:19:10:21 -0800] "GET /kobak/swr51c.jpg HTTP/1.1" 200 35677 "https://ysfine.com/style/leica.html" "Mozilla/5.0 (Windows NT 10.0; Win64; x64) AppleWebKit/537.36 (KHTML, like Gecko) Chrome/107.0.0.0 Safari/537.36 Edg/107.0.1418.42" "ysfine.com"
186.168.108.108 - - [09/Dec/2022:19:10:21 -0800] "GET /style/cameras/lumixzs50c.jpg HTTP/1.1" 200 30616 "https://ysfine.com/style/leica.html" "Mozilla/5.0 (Windows NT 10.0; Win64; x64) AppleWebKit/537.36 (KHTML, like Gecko) Chrome/107.0.0.0 Safari/537.36 Edg/107.0.1418.42" "ysfine.com"
186.168.108.108 - - [09/Dec/2022:19:10:21 -0800] "GET /world/balkan/istan001c.jpg HTTP/1.1" 200 34566 "https://ysfine.com/style/leica.html" "Mozilla/5.0 (Windows NT 10.0; Win64; x64) AppleWebKit/537.36 (KHTML, like Gecko) Chrome/107.0.0.0 Safari/537.36 Edg/107.0.1418.42" "ysfine.com"
40.90.217.144 - - [09/Dec/2022:19:11:07 -0800] "GET /world/ital/milanf08.jpg HTTP/1.1" 200 153986 "-" "Mozilla/5.0 (Linux x86_64; rv:102.0) Gecko/20100101 Firefox/102.0" "www.ysfine.com"
157.55.39.76 - - [09/Dec/2022:19:11:17 -0800] "GET /maga/phys/bohr22b.jpg HTTP/1.1" 200 31482 "-" "Mozilla/5.0 AppleWebKit/537.36 (KHTML, like Gecko; compatible; bingbot/2.0; +http://www.bing.com/bingbot.htm) Chrome/103.0.5060.134 Safari/537.36" "ysfine.com"
64.124.8.41 - - [09/Dec/2022:19:11:34 -0800] "GET /ysbio/kowar/war45.html HTTP/1.1" 404 88 "-" "Mozilla/5.0 (X11; Linux x86_64) AppleWebKit/537.36 (KHTML, like Gecko) Chrome/61.0.3163.79 Safari/537.36" "ysfine.com"
14.137.135.24 - - [09/Dec/2022:19:12:03 -0800] "GET /world/china/beijing012.jpg HTTP/1.1" 200 80696 "-" "Mozilla/5.0 (Windows NT 10.0; Win64; x64) AppleWebKit/537.36 (KHTML, like Gecko) Chrome/90.0.4430.212 Safari/537.36" "ysfine.com"
207.46.13.48 - - [09/Dec/2022:19:12:29 -0800] "GET /bio.html HTTP/1.1" 200 18114 "-" "Mozilla/5.0 AppleWebKit/537.36 (KHTML, like Gecko; compatible; bingbot/2.0; +http://www.bing.com/bingbot.htm) Chrome/103.0.5060.134 Safari/537.36" "ysfine.com"
40.90.217.166 - - [09/Dec/2022:19:12:50 -0800] "GET /world/china/china003b.jpg HTTP/1.1" 200 37220 "-" "Mozilla/5.0 (Linux x86_64; rv:102.0) Gecko/20100101 Firefox/102.0" "www.ysfine.com"
64.124.8.31 - - [09/Dec/2022:19:13:00 -0800] "GET /ysbio/einstein/brownian.html HTTP/1.1" 404 88 "-" "Mozilla/5.0 (X11; Linux x86_64) AppleWebKit/537.36 (KHTML, like Gecko) Chrome/61.0.3163.79 Safari/537.36" "www.ysfine.com"
157.55.39.76 - - [09/Dec/2022:19:13:27 -0800] "GET /ffriends/amkor/jpmos16.jpg HTTP/1.1" 200 119515 "-" "Mozilla/5.0 (compatible; bingbot/2.0; +http://www.bing.com/bingbot.htm)" "ysfine.com"
207.46.13.48 - - [09/Dec/2022:19:13:37 -0800] "GET /kobak/underw03.jpg HTTP/1.1" 200 173917 "-" "Mozilla/5.0 AppleWebKit/537.36 (KHTML, like Gecko; compatible; bingbot/2.0; +http://www.bing.com/bingbot.htm) Chrome/103.0.5060.134 Safari/537.36" "www.ysfine.com"
207.46.13.48 - - [09/Dec/2022:19:13:47 -0800] "GET /bio/world/kalinin22.html HTTP/1.1" 404 88 "-" "Mozilla/5.0 AppleWebKit/537.36 (KHTML, like Gecko; compatible; bingbot/2.0; +http://www.bing.com/bingbot.htm) Chrome/103.0.5060.134 Safari/537.36" "ysfine.com"
103.5.140.146 - - [09/Dec/2022:19:13:56 -0800] "GET /dirac/dirheisen31b.jpg HTTP/1.1" 200 39248 "https://www.google.com/" "Mozilla/5.0 (Macintosh; Intel Mac OS X 10_15_7) AppleWebKit/537.36 (KHTML, like Gecko) Chrome/108.0.0.0 Safari/537.36" "ysfine.com"
216.244.66.229 - - [09/Dec/2022:19:13:59 -0800] "GET /robots.txt HTTP/1.1" 404 73 "-" "Mozilla/5.0 (compatible; DotBot/1.2; +https://opensiteexplorer.org/dotbot; help@moz.com)" "www.ysfine.com"
77.88.5.237 - - [09/Dec/2022:19:14:13 -0800] "GET /robots.txt HTTP/1.1" 404 73 "-" "Mozilla/5.0 (compatible; YandexBot/3.0; +http://yandex.com/bots)" "www.ysfine.com"
93.158.161.46 - - [09/Dec/2022:19:14:16 -0800] "GET /feynman/quark50.html HTTP/1.1" 200 4079 "-" "Mozilla/5.0 (compatible; YandexBot/3.0; +http://yandex.com/bots)" "www.ysfine.com"
20.99.161.120 - - [09/Dec/2022:19:14:21 -0800] "GET /maga/phys/maclaurin01b.jpg HTTP/1.1" 200 49228 "-" "Mozilla/5.0 (X11; Ubuntu; Linux x86_64; rv:102.0) Gecko/20100101 Firefox/102.0" "ysfine.com"
40.90.217.131 - - [09/Dec/2022:19:14:47 -0800] "GET /world/ital/milanf05.jpg HTTP/1.1" 200 277069 "-" "Mozilla/5.0 (X11; Linux x86_64; rv:107.0) Gecko/20100101 Firefox/107.0" "ysfine.com"
40.90.217.192 - - [09/Dec/2022:19:15:32 -0800] "GET /world/ital/padova03.jpg HTTP/1.1" 200 114490 "-" "Mozilla/5.0 (X11; Ubuntu; Linux i686; rv:102.0) Gecko/20100101 Firefox/102.0" "www.ysfine.com"
17.121.114.112 - - [09/Dec/2022:19:15:41 -0800] "GET /friends/russif.html HTTP/1.1" 404 88 "-" "Mozilla/5.0 (Macintosh; Intel Mac OS X 10_15_5) AppleWebKit/605.1.15 (KHTML, like Gecko) Version/13.1.1 Safari/605.1.15 (Applebot/0.1; +http://www.apple.com/go/applebot)" "ysfine.com"
40.77.167.39 - - [09/Dec/2022:19:15:52 -0800] "GET /maga/phys/heisen33b.jpg HTTP/1.1" 200 78035 "-" "Mozilla/5.0 (compatible; bingbot/2.0; +http://www.bing.com/bingbot.htm)" "ysfine.com"
64.124.8.31 - - [09/Dec/2022:19:15:54 -0800] "GET /kobak/kwk.html HTTP/1.1" 200 5479 "-" "Mozilla/5.0 (X11; Linux x86_64) AppleWebKit/537.36 (KHTML, like Gecko) Chrome/61.0.3163.79 Safari/537.36" "www.ysfine.com"
40.90.217.166 - - [09/Dec/2022:19:15:54 -0800] "GET /kobak/underw03.jpg HTTP/1.1" 200 173917 "-" "Mozilla/5.0 (X11; Linux x86_64) AppleWebKit/537.36 (KHTML, like Gecko) Chrome/108.0.0.0 Safari/537.36" "ysfine.com"
157.55.39.76 - - [09/Dec/2022:19:17:18 -0800] "GET /bio/kobak/yskor.html HTTP/1.1" 404 88 "-" "Mozilla/5.0 AppleWebKit/537.36 (KHTML, like Gecko; compatible; bingbot/2.0; +http://www.bing.com/bingbot.htm) Chrome/103.0.5060.134 Safari/537.36" "ysfine.com"
64.124.8.31 - - [09/Dec/2022:19:17:26 -0800] "GET /ysbio/einstein/heisenberg.html HTTP/1.1" 404 88 "-" "Mozilla/5.0 (X11; Linux x86_64) AppleWebKit/537.36 (KHTML, like Gecko) Chrome/61.0.3163.79 Safari/537.36" "www.ysfine.com"
216.244.66.229 - - [09/Dec/2022:19:17:28 -0800] "GET /folks/aline/jal21.jpg HTTP/1.1" 200 166089 "-" "Mozilla/5.0 (compatible; DotBot/1.2; +https://opensiteexplorer.org/dotbot; help@moz.com)" "www.ysfine.com"
157.55.39.76 - - [09/Dec/2022:19:18:08 -0800] "GET /bio/harmoarchi.html HTTP/1.1" 404 88 "-" "Mozilla/5.0 (compatible; bingbot/2.0; +http://www.bing.com/bingbot.htm)" "ysfine.com"
40.77.167.39 - - [09/Dec/2022:19:18:13 -0800] "GET /ffriends/aline/virgin03.jpg HTTP/1.1" 200 108967 "-" "Mozilla/5.0 (compatible; bingbot/2.0; +http://www.bing.com/bingbot.htm)" "ysfine.com"
40.90.217.22 - - [09/Dec/2022:19:19:20 -0800] "GET /people/hartle.jpg HTTP/1.1" 200 67528 "-" "Mozilla/5.0 (Windows NT 10.0) AppleWebKit/537.36 (KHTML, like Gecko) Chrome/108.0.0.0 Safari/537.36" "ysfine.com"
40.90.217.63 - - [09/Dec/2022:19:19:48 -0800] "GET /kobak/grandpa.jpg HTTP/1.1" 200 70401 "-" "Mozilla/5.0 (X11; Fedora; Linux x86_64; rv:107.0) Gecko/20100101 Firefox/107.0" "www.ysfine.com"
5.188.210.20 - - [09/Dec/2022:19:21:09 -0800] "GET /world/travel.html HTTP/1.1" 200 5186 "https://www.ysfine.com/world/travel.html" "Mozilla/5.0 (Windows NT 6.1; WOW64) AppleWebKit/537.36 (KHTML, like Gecko) Chrome/90.0.4430.85 Safari/537.36" "www.ysfine.com"
5.188.210.20 - - [09/Dec/2022:19:21:10 -0800] "GET / HTTP/1.1" 200 15920 "https://www.ysfine.com/" "Mozilla/5.0 (Windows NT 6.1; WOW64) AppleWebKit/537.36 (KHTML, like Gecko) Chrome/90.0.4430.85 Safari/537.36" "www.ysfine.com"
54.174.90.153 - - [09/Dec/2022:19:22:21 -0800] "GET /robots.txt HTTP/1.1" 404 73 "-" "Mozilla/5.0 (X11; Linux x86_64) AppleWebKit/537.36 (KHTML, like Gecko) Chrome/94.0.4606.81 Safari/537.36" "ysfine.com"
54.174.90.153 - - [09/Dec/2022:19:22:21 -0800] "GET / HTTP/1.1" 200 15920 "-" "Mozilla/5.0 (X11; Linux x86_64) AppleWebKit/537.36 (KHTML, like Gecko) Chrome/94.0.4606.81 Safari/537.36" "ysfine.com"
51.222.253.14 - - [09/Dec/2022:19:23:27 -0800] "GET /remote/wigner111/frame21.html HTTP/1.1" 200 772 "-" "Mozilla/5.0 (compatible; AhrefsBot/7.0; +http://ahrefs.com/robot/)" "ysfine.com"
85.229.144.241 - - [09/Dec/2022:19:24:14 -0800] "GET /einstein/places/einmu02.jpg HTTP/1.1" 200 84066 "https://www.google.com/" "Mozilla/5.0 (Windows NT 10.0; Win64; x64; rv:107.0) Gecko/20100101 Firefox/107.0" "ysfine.com"
157.55.39.6 - - [09/Dec/2022:19:24:18 -0800] "GET /bio/world/leipzig.html HTTP/1.1" 404 88 "-" "Mozilla/5.0 (compatible; bingbot/2.0; +http://www.bing.com/bingbot.htm)" "ysfine.com"
157.55.39.6 - - [09/Dec/2022:19:24:28 -0800] "GET /bio/einstein/bern.html HTTP/1.1" 404 88 "-" "Mozilla/5.0 (compatible; bingbot/2.0; +http://www.bing.com/bingbot.htm)" "ysfine.com"
149.56.16.76 - - [09/Dec/2022:19:25:24 -0800] "GET /dirac/wigsis.html HTTP/1.1" 200 10275 "https://www.physicsforums.com/insights/fun-self-avoiding-walks/" "Mozilla/5.0 (Windows NT 10.0; Win64; x64) AppleWebKit/537.36 (KHTML, like Gecko) Chrome/87.0.4280.66 Safari/537.36" "ysfine.com"
64.124.8.31 - - [09/Dec/2022:19:25:42 -0800] "GET /archives/proceedings/ff3/index.html HTTP/1.1" 200 133 "-" "Mozilla/5.0 (X11; Linux x86_64) AppleWebKit/537.36 (KHTML, like Gecko) Chrome/61.0.3163.79 Safari/537.36" "www.ysfine.com"
157.55.39.6 - - [09/Dec/2022:19:25:58 -0800] "GET /ffriends/aline/jal22.jpg HTTP/1.1" 200 122778 "-" "Mozilla/5.0 AppleWebKit/537.36 (KHTML, like Gecko; compatible; bingbot/2.0; +http://www.bing.com/bingbot.htm) Chrome/103.0.5060.134 Safari/537.36" "ysfine.com"
40.90.217.22 - - [09/Dec/2022:19:26:10 -0800] "GET /world/russ/kazan001.jpg HTTP/1.1" 200 91689 "-" "Mozilla/5.0 (X11; Ubuntu; Linux x86_64; rv:107.0) Gecko/20100101 Firefox/107.0" "www.ysfine.com"
137.146.126.64 - - [09/Dec/2022:19:26:12 -0800] "GET /kobak/1014c.jpg HTTP/1.1" 200 164928 "https://www.google.com/" "Mozilla/5.0 (Macintosh; Intel Mac OS X 10_15_7) AppleWebKit/537.36 (KHTML, like Gecko) Chrome/106.0.0.0 Safari/537.36" "ysfine.com"
207.46.13.134 - - [09/Dec/2022:19:26:14 -0800] "GET /bio/feynman/fphoto.html HTTP/1.1" 404 88 "-" "Mozilla/5.0 (compatible; bingbot/2.0; +http://www.bing.com/bingbot.htm)" "ysfine.com"
207.46.13.134 - - [09/Dec/2022:19:27:33 -0800] "GET /sbk/2017berlin02.jpg HTTP/1.1" 200 162870 "-" "Mozilla/5.0 AppleWebKit/537.36 (KHTML, like Gecko; compatible; bingbot/2.0; +http://www.bing.com/bingbot.htm) Chrome/103.0.5060.134 Safari/537.36" "www.ysfine.com"
40.90.217.21 - - [09/Dec/2022:19:28:19 -0800] "GET /world/russ/minsk114.jpg HTTP/1.1" 200 75273 "-" "Mozilla/5.0 (X11; Ubuntu; Linux i686; rv:102.0) Gecko/20100101 Firefox/102.0" "ysfine.com"
157.55.39.6 - - [09/Dec/2022:19:28:48 -0800] "GET /kowar/landreform01b.jpg HTTP/1.1" 200 63201 "-" "Mozilla/5.0 AppleWebKit/537.36 (KHTML, like Gecko; compatible; bingbot/2.0; +http://www.bing.com/bingbot.htm) Chrome/103.0.5060.134 Safari/537.36" "www.ysfine.com"
40.90.217.131 - - [09/Dec/2022:19:29:38 -0800] "GET /world/scandi/copen002.jpg HTTP/1.1" 200 101709 "-" "Mozilla/5.0 (X11; Linux x86_64) AppleWebKit/537.36 (KHTML, like Gecko) Chrome/108.0.0.0 Safari/537.36" "www.ysfine.com"
40.90.217.131 - - [09/Dec/2022:19:29:40 -0800] "GET /maga/phil/kanthegel55.jpg HTTP/1.1" 200 163134 "-" "Mozilla/5.0 (X11; Linux x86_64; rv:107.0) Gecko/20100101 Firefox/107.0" "ysfine.com"
64.124.8.31 - - [09/Dec/2022:19:31:10 -0800] "GET /robots.txt HTTP/1.1" 404 88 "-" "Mozilla/5.0 (X11; Linux x86_64) AppleWebKit/537.36 (KHTML, like Gecko) Chrome/61.0.3163.79 Safari/537.36" "ysfine.com"
64.124.8.31 - - [09/Dec/2022:19:31:10 -0800] "GET /ysbio/dirac/diracsq22.html HTTP/1.1" 404 88 "-" "Mozilla/5.0 (X11; Linux x86_64) AppleWebKit/537.36 (KHTML, like Gecko) Chrome/61.0.3163.79 Safari/537.36" "ysfine.com"
207.46.13.20 - - [09/Dec/2022:19:31:23 -0800] "GET /bio/world/travel.html HTTP/1.1" 404 88 "-" "Mozilla/5.0 AppleWebKit/537.36 (KHTML, like Gecko; compatible; bingbot/2.0; +http://www.bing.com/bingbot.htm) Chrome/103.0.5060.134 Safari/537.36" "ysfine.com"
207.46.13.20 - - [09/Dec/2022:19:31:23 -0800] "GET /wdc/gtown23.jpg HTTP/1.1" 200 105960 "-" "Mozilla/5.0 AppleWebKit/537.36 (KHTML, like Gecko; compatible; bingbot/2.0; +http://www.bing.com/bingbot.htm) Chrome/103.0.5060.134 Safari/537.36" "ysfine.com"
207.46.13.20 - - [09/Dec/2022:19:31:24 -0800] "GET /bio/friends/vilnius03.jpg HTTP/1.1" 404 88 "-" "Mozilla/5.0 (compatible; bingbot/2.0; +http://www.bing.com/bingbot.htm)" "ysfine.com"
64.124.8.31 - - [09/Dec/2022:19:31:38 -0800] "GET /style/chopingr.html HTTP/1.1" 304 - "-" "Mozilla/5.0 (X11; Linux x86_64) AppleWebKit/537.36 (KHTML, like Gecko) Chrome/61.0.3163.79 Safari/537.36" "www.ysfine.com"
207.46.13.20 - - [09/Dec/2022:19:32:05 -0800] "GET /bio/style/proschanie.html HTTP/1.1" 404 88 "-" "Mozilla/5.0 (compatible; bingbot/2.0; +http://www.bing.com/bingbot.htm)" "ysfine.com"
40.77.167.39 - - [09/Dec/2022:19:32:13 -0800] "GET /ysbio/folks/uscan.html HTTP/1.1" 404 88 "-" "Mozilla/5.0 (compatible; bingbot/2.0; +http://www.bing.com/bingbot.htm)" "ysfine.com"
64.124.8.31 - - [09/Dec/2022:19:32:24 -0800] "GET /philo/sisfa12/frame13.html HTTP/1.1" 200 320 "-" "Mozilla/5.0 (X11; Linux x86_64) AppleWebKit/537.36 (KHTML, like Gecko) Chrome/61.0.3163.79 Safari/537.36" "ysfine.com"
172.119.7.160 - - [09/Dec/2022:19:32:36 -0800] "GET /kowar/panmun04.jpg HTTP/1.1" 200 126386 "https://www.google.com/" "Mozilla/5.0 (Linux; Android 13; SM-S901U) AppleWebKit/537.36 (KHTML, like Gecko) Chrome/107.0.0.0 Mobile Safari/537.36" "ysfine.com"
116.179.32.46 - - [09/Dec/2022:19:32:50 -0800] "GET /maga/minkowski.html HTTP/1.1" 200 4752 "-" "Mozilla/5.0 (compatible; Baiduspider/2.0; +http://www.baidu.com/search/spider.html)" "ysfine.com"
116.179.37.98 - - [09/Dec/2022:19:32:53 -0800] "GET /people/sbt2.jpg HTTP/1.1" 200 29397 "https://ysfine.com/maga/minkowski.html" "Mozilla/5.0 (compatible; Baiduspider-render/2.0; +http://www.baidu.com/search/spider.html)" "ysfine.com"
116.179.37.78 - - [09/Dec/2022:19:32:53 -0800] "GET /dirac/dirac2.jpg HTTP/1.1" 200 31039 "https://ysfine.com/maga/minkowski.html" "Mozilla/5.0 (compatible; Baiduspider-render/2.0; +http://www.baidu.com/search/spider.html)" "ysfine.com"
116.179.37.50 - - [09/Dec/2022:19:32:53 -0800] "GET /world/baltic/lithu10b.jpg HTTP/1.1" 200 38527 "https://ysfine.com/maga/minkowski.html" "Mozilla/5.0 (compatible; Baiduspider-render/2.0; +http://www.baidu.com/search/spider.html)" "ysfine.com"
116.179.37.157 - - [09/Dec/2022:19:32:53 -0800] "GET /maga/phys/rectan.jpg HTTP/1.1" 200 21089 "https://ysfine.com/maga/minkowski.html" "Mozilla/5.0 (compatible; Baiduspider-render/2.0; +http://www.baidu.com/search/spider.html)" "ysfine.com"
116.179.37.110 - - [09/Dec/2022:19:32:53 -0800] "GET /maga/phys/minkowski2.jpg HTTP/1.1" 200 26964 "https://ysfine.com/maga/minkowski.html" "Mozilla/5.0 (compatible; Baiduspider-render/2.0; +http://www.baidu.com/search/spider.html)" "ysfine.com"
116.179.37.73 - - [09/Dec/2022:19:32:53 -0800] "GET /world/baltic/lithu04b.jpg HTTP/1.1" 200 36043 "https://ysfine.com/maga/minkowski.html" "Mozilla/5.0 (compatible; Baiduspider-render/2.0; +http://www.baidu.com/search/spider.html)" "ysfine.com"
116.179.37.71 - - [09/Dec/2022:19:32:53 -0800] "GET /world/baltic/lithu03b.jpg HTTP/1.1" 200 49235 "https://ysfine.com/maga/minkowski.html" "Mozilla/5.0 (compatible; Baiduspider-render/2.0; +http://www.baidu.com/search/spider.html)" "ysfine.com"
116.179.37.39 - - [09/Dec/2022:19:32:53 -0800] "GET /world/baltic/lithu07b.jpg HTTP/1.1" 200 44778 "https://ysfine.com/maga/minkowski.html" "Mozilla/5.0 (compatible; Baiduspider-render/2.0; +http://www.baidu.com/search/spider.html)" "ysfine.com"
64.124.8.31 - - [09/Dec/2022:19:32:54 -0800] "GET /confer/intop.html HTTP/1.1" 304 - "-" "Mozilla/5.0 (X11; Linux x86_64) AppleWebKit/537.36 (KHTML, like Gecko) Chrome/61.0.3163.79 Safari/537.36" "ysfine.com"
157.55.39.76 - - [09/Dec/2022:19:33:10 -0800] "GET /bio/sbk/1950.html HTTP/1.1" 404 88 "-" "Mozilla/5.0 AppleWebKit/537.36 (KHTML, like Gecko; compatible; bingbot/2.0; +http://www.bing.com/bingbot.htm) Chrome/103.0.5060.134 Safari/537.36" "ysfine.com"
70.180.240.30 - - [09/Dec/2022:19:33:12 -0800] "GET /kowar/sampal01.jpg HTTP/1.1" 200 141262 "https://www.google.com/" "Mozilla/5.0 (Windows NT 10.0; Win64; x64) AppleWebKit/537.36 (KHTML, like Gecko) Chrome/108.0.0.0 Safari/537.36" "ysfine.com"
64.124.8.31 - - [09/Dec/2022:19:33:14 -0800] "GET /robots.txt HTTP/1.1" 404 88 "-" "Mozilla/5.0 (X11; Linux x86_64) AppleWebKit/537.36 (KHTML, like Gecko) Chrome/61.0.3163.79 Safari/537.36" "ysfine.com"
64.124.8.31 - - [09/Dec/2022:19:33:14 -0800] "GET /ysbio/index.html HTTP/1.1" 404 88 "-" "Mozilla/5.0 (X11; Linux x86_64) AppleWebKit/537.36 (KHTML, like Gecko) Chrome/61.0.3163.79 Safari/537.36" "ysfine.com"
70.180.240.30 - - [09/Dec/2022:19:33:43 -0800] "GET /kobak/sl628.jpg HTTP/1.1" 200 225100 "https://www.google.com/" "Mozilla/5.0 (Windows NT 10.0; Win64; x64) AppleWebKit/537.36 (KHTML, like Gecko) Chrome/108.0.0.0 Safari/537.36" "ysfine.com"
157.55.39.76 - - [09/Dec/2022:19:34:19 -0800] "GET /world/russ/spbm10.jpg HTTP/1.1" 200 69313 "-" "Mozilla/5.0 (compatible; bingbot/2.0; +http://www.bing.com/bingbot.htm)" "www.ysfine.com"
20.115.201.68 - - [09/Dec/2022:19:34:20 -0800] "GET /wdc/sandharv.jpg HTTP/1.1" 200 72639 "-" "Mozilla/5.0 (X11; Ubuntu; Linux x86_64; rv:107.0) Gecko/20100101 Firefox/107.0" "www.ysfine.com"
64.124.8.31 - - [09/Dec/2022:19:35:10 -0800] "GET /ysbio/einstein/evol.html HTTP/1.1" 404 88 "-" "Mozilla/5.0 (X11; Linux x86_64) AppleWebKit/537.36 (KHTML, like Gecko) Chrome/61.0.3163.79 Safari/537.36" "www.ysfine.com"
31.4.182.91 - - [09/Dec/2022:19:35:20 -0800] "GET /princeton/brooke56.jpg HTTP/1.1" 200 105139 "https://www.mjhideout.com/" "Mozilla/5.0 (Linux; Android 11; RMX3231) AppleWebKit/537.36 (KHTML, like Gecko) Chrome/107.0.0.0 Mobile Safari/537.36" "ysfine.com"
207.46.13.48 - - [09/Dec/2022:19:35:58 -0800] "GET /bio/optics.html HTTP/1.1" 404 88 "-" "Mozilla/5.0 (compatible; bingbot/2.0; +http://www.bing.com/bingbot.htm)" "ysfine.com"
207.46.13.48 - - [09/Dec/2022:19:35:59 -0800] "GET /philo/sisfa12/frame03.html HTTP/1.1" 200 320 "-" "Mozilla/5.0 AppleWebKit/537.36 (KHTML, like Gecko; compatible; bingbot/2.0; +http://www.bing.com/bingbot.htm) Chrome/103.0.5060.134 Safari/537.36" "ysfine.com"
94.23.203.107 - - [09/Dec/2022:19:36:52 -0800] "GET /robots.txt HTTP/1.1" 404 73 "-" "Mozilla/5.0 (compatible; MJ12bot/v1.4.8; http://mj12bot.com/)" "ysfine.com"
93.159.230.87 - - [09/Dec/2022:19:36:56 -0800] "GET / HTTP/1.1" 200 5295 "-" "Mozilla/5.0 (Windows NT 10.0; Win64; x64) AppleWebKit/537.36 (KHTML, like Gecko) Chrome/71.0.3578.98 Safari/537.36" "ysfine.com"
94.23.203.107 - - [09/Dec/2022:19:37:04 -0800] "GET /friends/fdleft.html HTTP/1.1" 404 88 "-" "Mozilla/5.0 (compatible; MJ12bot/v1.4.8; http://mj12bot.com/)" "ysfine.com"
94.23.203.107 - - [09/Dec/2022:19:37:07 -0800] "GET /remote/sisfa12aa/frame02.html HTTP/1.1" 200 320 "-" "Mozilla/5.0 (compatible; MJ12bot/v1.4.8; http://mj12bot.com/)" "ysfine.com"
157.55.39.6 - - [09/Dec/2022:19:37:10 -0800] "GET /bio/kobak/namdae.html HTTP/1.1" 404 88 "-" "Mozilla/5.0 AppleWebKit/537.36 (KHTML, like Gecko; compatible; bingbot/2.0; +http://www.bing.com/bingbot.htm) Chrome/103.0.5060.134 Safari/537.36" "ysfine.com"
94.23.203.107 - - [09/Dec/2022:19:37:15 -0800] "GET /remote/sisfa12aa/frame03.html HTTP/1.1" 200 320 "-" "Mozilla/5.0 (compatible; MJ12bot/v1.4.8; http://mj12bot.com/)" "ysfine.com"
94.23.203.107 - - [09/Dec/2022:19:37:23 -0800] "GET /remote/sisfa12aa/frame04.html HTTP/1.1" 200 320 "-" "Mozilla/5.0 (compatible; MJ12bot/v1.4.8; http://mj12bot.com/)" "ysfine.com"
94.23.203.107 - - [09/Dec/2022:19:37:31 -0800] "GET /remote/sisfa12aa/frame57.html HTTP/1.1" 200 319 "-" "Mozilla/5.0 (compatible; MJ12bot/v1.4.8; http://mj12bot.com/)" "ysfine.com"
94.23.203.107 - - [09/Dec/2022:19:37:34 -0800] "GET /remote/sisfa12aa/frame58.html HTTP/1.1" 200 319 "-" "Mozilla/5.0 (compatible; MJ12bot/v1.4.8; http://mj12bot.com/)" "ysfine.com"
94.23.203.107 - - [09/Dec/2022:19:37:39 -0800] "GET /remote/sisfa12aa/frame59.html HTTP/1.1" 200 320 "-" "Mozilla/5.0 (compatible; MJ12bot/v1.4.8; http://mj12bot.com/)" "ysfine.com"
94.23.203.107 - - [09/Dec/2022:19:37:44 -0800] "GET /remote/sisfa12aa/frame60.html HTTP/1.1" 200 326 "-" "Mozilla/5.0 (compatible; MJ12bot/v1.4.8; http://mj12bot.com/)" "ysfine.com"
94.23.203.107 - - [09/Dec/2022:19:37:49 -0800] "GET /remote/sisfa12aa/keirigh.html HTTP/1.1" 200 2033 "-" "Mozilla/5.0 (compatible; MJ12bot/v1.4.8; http://mj12bot.com/)" "ysfine.com"
94.23.203.107 - - [09/Dec/2022:19:37:56 -0800] "GET /saram/index.html HTTP/1.1" 200 132 "-" "Mozilla/5.0 (compatible; MJ12bot/v1.4.8; http://mj12bot.com/)" "ysfine.com"
157.55.39.6 - - [09/Dec/2022:19:37:59 -0800] "GET /archives/class5470/total_data/refer_img/2-60_f.jpg HTTP/1.1" 404 88 "-" "Mozilla/5.0 AppleWebKit/537.36 (KHTML, like Gecko; compatible; bingbot/2.0; +http://www.bing.com/bingbot.htm) Chrome/103.0.5060.134 Safari/537.36" "www.ysfine.com"
94.23.203.107 - - [09/Dec/2022:19:37:59 -0800] "GET /wdc/umdbarn.html HTTP/1.1" 200 320 "-" "Mozilla/5.0 (compatible; MJ12bot/v1.4.8; http://mj12bot.com/)" "ysfine.com"
51.222.253.1 - - [09/Dec/2022:19:38:03 -0800] "GET /world/scandi/copenhi.html HTTP/1.1" 200 377 "-" "Mozilla/5.0 (compatible; AhrefsBot/7.0; +http://ahrefs.com/robot/)" "www.ysfine.com"
94.23.203.107 - - [09/Dec/2022:19:38:05 -0800] "GET /wigner/maxwig22.html HTTP/1.1" 200 1591 "-" "Mozilla/5.0 (compatible; MJ12bot/v1.4.8; http://mj12bot.com/)" "ysfine.com"
94.23.203.107 - - [09/Dec/2022:19:38:11 -0800] "GET /world/brit/tower.html HTTP/1.1" 200 323 "-" "Mozilla/5.0 (compatible; MJ12bot/v1.4.8; http://mj12bot.com/)" "ysfine.com"
51.222.253.12 - - [09/Dec/2022:19:38:13 -0800] "GET /world/scandi/copenf08.jpg HTTP/1.1" 200 72786 "-" "Mozilla/5.0 (compatible; AhrefsBot/7.0; +http://ahrefs.com/robot/)" "www.ysfine.com"
207.46.13.134 - - [09/Dec/2022:19:38:16 -0800] "GET /bio/houses/myhouse.html HTTP/1.1" 404 88 "-" "Mozilla/5.0 (compatible; bingbot/2.0; +http://www.bing.com/bingbot.htm)" "ysfine.com"
207.46.13.134 - - [09/Dec/2022:19:38:17 -0800] "GET /bio/houses/christmas.html HTTP/1.1" 404 88 "-" "Mozilla/5.0 AppleWebKit/537.36 (KHTML, like Gecko; compatible; bingbot/2.0; +http://www.bing.com/bingbot.htm) Chrome/103.0.5060.134 Safari/537.36" "ysfine.com"
207.46.13.134 - - [09/Dec/2022:19:38:18 -0800] "GET /bio04.html HTTP/1.1" 200 8982 "-" "Mozilla/5.0 AppleWebKit/537.36 (KHTML, like Gecko; compatible; bingbot/2.0; +http://www.bing.com/bingbot.htm) Chrome/103.0.5060.134 Safari/537.36" "ysfine.com"
51.222.253.4 - - [09/Dec/2022:19:38:20 -0800] "GET /world/scandi/copenf09.jpg HTTP/1.1" 200 84576 "-" "Mozilla/5.0 (compatible; AhrefsBot/7.0; +http://ahrefs.com/robot/)" "www.ysfine.com"
40.90.217.63 - - [09/Dec/2022:19:38:23 -0800] "GET /world/poland/curiewa01.jpg HTTP/1.1" 200 59184 "-" "Mozilla/5.0 (X11; Fedora; Linux x86_64; rv:102.0) Gecko/20100101 Firefox/102.0" "ysfine.com"
94.23.203.107 - - [09/Dec/2022:19:38:24 -0800] "GET /robots.txt HTTP/1.1" 404 73 "-" "Mozilla/5.0 (compatible; MJ12bot/v1.4.8; http://mj12bot.com/)" "www.ysfine.com"
51.222.253.10 - - [09/Dec/2022:19:38:27 -0800] "GET /world/scandi/copenf11.jpg HTTP/1.1" 200 84251 "-" "Mozilla/5.0 (compatible; AhrefsBot/7.0; +http://ahrefs.com/robot/)" "www.ysfine.com"
94.23.203.107 - - [09/Dec/2022:19:38:33 -0800] "GET /einstein/eintop.html HTTP/1.1" 200 431 "-" "Mozilla/5.0 (compatible; MJ12bot/v1.4.8; http://mj12bot.com/)" "www.ysfine.com"
51.222.253.9 - - [09/Dec/2022:19:38:34 -0800] "GET /world/scandi/copenf10.jpg HTTP/1.1" 200 104675 "-" "Mozilla/5.0 (compatible; AhrefsBot/7.0; +http://ahrefs.com/robot/)" "www.ysfine.com"
5.161.130.88 - - [09/Dec/2022:19:38:37 -0800] "GET /world/moscow.html HTTP/1.1" 200 21385 "-" "Mozilla/5.0 (Windows NT 10.0; Win64; x64) AppleWebKit/537.36 (KHTML, like Gecko) Chrome/84.0.4147.105 Safari/537.36" "ysfine.com"
94.23.203.107 - - [09/Dec/2022:19:38:38 -0800] "GET /einstein/eintop.html HTTP/1.1" 200 431 "-" "Mozilla/5.0 (compatible; MJ12bot/v1.4.8; http://mj12bot.com/)" "www.ysfine.com"
94.23.203.107 - - [09/Dec/2022:19:38:43 -0800] "GET /world/arusas.html HTTP/1.1" 200 7838 "-" "Mozilla/5.0 (compatible; MJ12bot/v1.4.8; http://mj12bot.com/)" "www.ysfine.com"
64.124.8.31 - - [09/Dec/2022:19:38:45 -0800] "GET /ysbio/wdc/vernon.html HTTP/1.1" 404 88 "-" "Mozilla/5.0 (X11; Linux x86_64) AppleWebKit/537.36 (KHTML, like Gecko) Chrome/61.0.3163.79 Safari/537.36" "www.ysfine.com"
157.55.39.6 - - [09/Dec/2022:19:38:59 -0800] "GET /dirac/dirfoc11.jpg HTTP/1.1" 200 149712 "-" "Mozilla/5.0 (compatible; bingbot/2.0; +http://www.bing.com/bingbot.htm)" "ysfine.com"
64.124.8.31 - - [09/Dec/2022:19:39:18 -0800] "GET /style/nga.html HTTP/1.1" 304 - "-" "Mozilla/5.0 (X11; Linux x86_64) AppleWebKit/537.36 (KHTML, like Gecko) Chrome/61.0.3163.79 Safari/537.36" "ysfine.com"
95.163.255.64 - - [09/Dec/2022:19:39:38 -0800] "GET /robots.txt HTTP/1.1" 404 73 "-" "Mozilla/5.0 (compatible; Linux x86_64; Mail.RU_Bot/2.0; +https://help.mail.ru/webmaster/indexing/robots)" "www.ysfine.com"
64.124.8.31 - - [09/Dec/2022:19:39:39 -0800] "GET /einstein/ulm.html HTTP/1.1" 304 - "-" "Mozilla/5.0 (X11; Linux x86_64) AppleWebKit/537.36 (KHTML, like Gecko) Chrome/61.0.3163.79 Safari/537.36" "ysfine.com"
95.163.255.62 - - [09/Dec/2022:19:39:39 -0800] "GET /people/sbt.html HTTP/1.1" 200 529 "-" "Mozilla/5.0 (compatible; Linux x86_64; Mail.RU_Bot/2.0; +https://help.mail.ru/webmaster/indexing/robots)" "www.ysfine.com"
64.124.8.31 - - [09/Dec/2022:19:39:51 -0800] "GET /ysbio/dirac/dirfeyn.html HTTP/1.1" 404 88 "-" "Mozilla/5.0 (X11; Linux x86_64) AppleWebKit/537.36 (KHTML, like Gecko) Chrome/61.0.3163.79 Safari/537.36" "ysfine.com"
64.124.8.31 - - [09/Dec/2022:19:39:51 -0800] "GET /people/wheeler.html HTTP/1.1" 200 3348 "-" "Mozilla/5.0 (X11; Linux x86_64) AppleWebKit/537.36 (KHTML, like Gecko) Chrome/61.0.3163.79 Safari/537.36" "www.ysfine.com"
40.90.217.144 - - [09/Dec/2022:19:40:41 -0800] "GET /world/france/lipp03.jpg HTTP/1.1" 200 87932 "-" "Mozilla/5.0 (Macintosh; Intel Mac OS X 13_0_1) AppleWebKit/605.1.15 (KHTML, like Gecko) Version/16.1 Safari/605.1.15" "ysfine.com"
64.124.8.31 - - [09/Dec/2022:19:40:42 -0800] "GET /ysbio/princeton/gcollege.html HTTP/1.1" 404 88 "-" "Mozilla/5.0 (X11; Linux x86_64) AppleWebKit/537.36 (KHTML, like Gecko) Chrome/61.0.3163.79 Safari/537.36" "ysfine.com"
40.90.217.144 - - [09/Dec/2022:19:40:59 -0800] "GET /kobak/kimkoo01.jpg HTTP/1.1" 200 92628 "-" "Mozilla/5.0 (X11; Linux i686; rv:107.0) Gecko/20100101 Firefox/107.0" "ysfine.com"
