207.46.13.48 - - [09/Dec/2022:03:18:54 -0800] "GET /bio/dirac/home/genea.html HTTP/1.1" 404 88 "-" "Mozilla/5.0 AppleWebKit/537.36 (KHTML, like Gecko; compatible; bingbot/2.0; +http://www.bing.com/bingbot.htm) Chrome/103.0.5060.134 Safari/537.36" "ysfine.com"
207.46.13.48 - - [09/Dec/2022:03:18:54 -0800] "GET /bio/awards/index.html HTTP/1.1" 404 88 "-" "Mozilla/5.0 AppleWebKit/537.36 (KHTML, like Gecko; compatible; bingbot/2.0; +http://www.bing.com/bingbot.htm) Chrome/103.0.5060.134 Safari/537.36" "ysfine.com"
157.55.39.76 - - [09/Dec/2022:03:19:07 -0800] "GET /bio/style/artlove.html HTTP/1.1" 404 88 "-" "Mozilla/5.0 (compatible; bingbot/2.0; +http://www.bing.com/bingbot.htm)" "ysfine.com"
216.244.66.229 - - [09/Dec/2022:03:19:08 -0800] "GET /world/ital/milanf10.jpg HTTP/1.1" 200 294529 "-" "Mozilla/5.0 (compatible; DotBot/1.2; +https://opensiteexplorer.org/dotbot; help@moz.com)" "ysfine.com"
64.124.8.59 - - [09/Dec/2022:03:19:20 -0800] "GET /confer/inbot.html HTTP/1.1" 304 - "-" "Mozilla/5.0 (X11; Linux x86_64) AppleWebKit/537.36 (KHTML, like Gecko) Chrome/61.0.3163.79 Safari/537.36" "ysfine.com"
173.252.107.15 - - [09/Dec/2022:03:19:57 -0800] "GET /wigner/teller.jpg HTTP/1.1" 200 98739 "-" "facebookexternalhit/1.1 (+http://www.facebook.com/externalhit_uatext.php)" "ysfine.com"
216.244.66.229 - - [09/Dec/2022:03:19:59 -0800] "GET /world/ital/pitti.jpg HTTP/1.1" 200 101990 "-" "Mozilla/5.0 (compatible; DotBot/1.2; +https://opensiteexplorer.org/dotbot; help@moz.com)" "ysfine.com"
69.197.140.196 - - [09/Dec/2022:03:20:00 -0800] "GET /robots.txt HTTP/1.1" 404 73 "-" "Mozilla/5.0 (compatible; MJ12bot/v1.4.8; http://mj12bot.com/)" "ysfine.com"
69.197.140.196 - - [09/Dec/2022:03:20:02 -0800] "GET /ysbio/class54/class5480/Pictures/1.%C3%AC%C2%A0%C2%91%C3%AC%C2%88%C2%98%C3%AB%C2%B0%C2%8F%C3%AD%C2%99%C2%98%C3%AB%C2%8B%C2%B4/%C3%AC%C2%A0%C2%91%C3%AC%C2%88%C2%98%C3%AB%C2%B0%C2%8F%C3%AD%C2%99%C2%98%C3%AB%C2%8B%C2%B4%20(1).jpg HTTP/1.1" 404 88 "-" "Mozilla/5.0 (compatible; MJ12bot/v1.4.8; http://mj12bot.com/)" "ysfine.com"
129.107.80.60 - - [09/Dec/2022:03:20:30 -0800] "GET /wigner/wiglittle.pdf HTTP/1.1" 200 2659296 "https://www.google.com/" "Mozilla/5.0 (iPhone; CPU iPhone OS 16_1 like Mac OS X) AppleWebKit/605.1.15 (KHTML, like Gecko) CriOS/108.0.5359.52 Mobile/15E148 Safari/604.1" "ysfine.com"
51.222.253.12 - - [09/Dec/2022:03:21:32 -0800] "GET /class54/class5470/total_data/sub_745.htm HTTP/1.1" 200 3297 "-" "Mozilla/5.0 (compatible; AhrefsBot/7.0; +http://ahrefs.com/robot/)" "www.ysfine.com"
157.55.39.6 - - [09/Dec/2022:03:21:57 -0800] "GET /bio/dirac/diracpol.html HTTP/1.1" 404 88 "-" "Mozilla/5.0 AppleWebKit/537.36 (KHTML, like Gecko; compatible; bingbot/2.0; +http://www.bing.com/bingbot.htm) Chrome/103.0.5060.134 Safari/537.36" "ysfine.com"
40.77.167.39 - - [09/Dec/2022:03:22:23 -0800] "GET /ysbio/philo/sisfa12/frame19.html HTTP/1.1" 404 88 "-" "Mozilla/5.0 AppleWebKit/537.36 (KHTML, like Gecko; compatible; bingbot/2.0; +http://www.bing.com/bingbot.htm) Chrome/103.0.5060.134 Safari/537.36" "ysfine.com"
40.77.167.39 - - [09/Dec/2022:03:22:24 -0800] "GET /style/lincolnc33.jpg HTTP/1.1" 200 140198 "-" "Mozilla/5.0 AppleWebKit/537.36 (KHTML, like Gecko; compatible; bingbot/2.0; +http://www.bing.com/bingbot.htm) Chrome/103.0.5060.134 Safari/537.36" "ysfine.com"
17.121.114.215 - - [09/Dec/2022:03:23:01 -0800] "GET /dirac/wigsis.html HTTP/1.1" 200 10275 "-" "Mozilla/5.0 (Macintosh; Intel Mac OS X 10_15_5) AppleWebKit/605.1.15 (KHTML, like Gecko) Version/13.1.1 Safari/605.1.15 (Applebot/0.1; +http://www.apple.com/go/applebot)" "ysfine.com"
173.243.183.203 - - [09/Dec/2022:03:23:39 -0800] "GET /world/china/shanghai001b.jpg HTTP/1.1" 200 38685 "https://www.google.com/" "Mozilla/5.0 (iPhone; CPU iPhone OS 16_1_1 like Mac OS X) AppleWebKit/605.1.15 (KHTML, like Gecko) Version/16.1 Mobile/15E148 Safari/604.1" "ysfine.com"
17.121.112.115 - - [09/Dec/2022:03:23:45 -0800] "GET /wisdom/wk01.html HTTP/1.1" 200 88106 "-" "Mozilla/5.0 (Macintosh; Intel Mac OS X 10_15_5) AppleWebKit/605.1.15 (KHTML, like Gecko) Version/13.1.1 Safari/605.1.15 (Applebot/0.1; +http://www.apple.com/go/applebot)" "ysfine.com"
66.249.84.47 - - [09/Dec/2022:03:23:47 -0800] "GET /world/scandi/wignob02b.jpg HTTP/1.1" 200 31825 "-" "Mozilla/5.0 (Windows NT 5.1; rv:11.0) Gecko Firefox/11.0 (via ggpht.com GoogleImageProxy)" "ysfine.com"
185.191.171.16 - - [09/Dec/2022:03:24:40 -0800] "GET /robots.txt HTTP/1.1" 404 88 "-" "Mozilla/5.0 (compatible; SemrushBot/7~bl; +http://www.semrush.com/bot.html)" "www.ysfine.com"
185.191.171.39 - - [09/Dec/2022:03:24:40 -0800] "GET /sbk/photo21.html HTTP/1.1" 200 7762 "-" "Mozilla/5.0 (compatible; SemrushBot/7~bl; +http://www.semrush.com/bot.html)" "www.ysfine.com"
51.222.253.4 - - [09/Dec/2022:03:24:55 -0800] "GET /class54/class5470/total_data/sub_108.htm HTTP/1.1" 200 3253 "-" "Mozilla/5.0 (compatible; AhrefsBot/7.0; +http://ahrefs.com/robot/)" "ysfine.com"
157.55.39.76 - - [09/Dec/2022:03:25:47 -0800] "GET /bio/kobak/yskor.html HTTP/1.1" 404 88 "-" "Mozilla/5.0 (compatible; bingbot/2.0; +http://www.bing.com/bingbot.htm)" "ysfine.com"
157.55.39.76 - - [09/Dec/2022:03:25:48 -0800] "GET /bio/world/nice.html HTTP/1.1" 404 88 "-" "Mozilla/5.0 AppleWebKit/537.36 (KHTML, like Gecko; compatible; bingbot/2.0; +http://www.bing.com/bingbot.htm) Chrome/103.0.5060.134 Safari/537.36" "ysfine.com"
5.193.127.33 - - [09/Dec/2022:03:26:13 -0800] "GET /world/baltic/kantstatue.jpg HTTP/1.1" 200 108698 "https://www.google.com/" "Mozilla/5.0 (X11; Linux x86_64; rv:107.0) Gecko/20100101 Firefox/107.0" "ysfine.com"
157.55.39.76 - - [09/Dec/2022:03:26:56 -0800] "GET /style/cameras/ducks11.jpg HTTP/1.1" 200 93107 "-" "Mozilla/5.0 (compatible; bingbot/2.0; +http://www.bing.com/bingbot.htm)" "www.ysfine.com"
157.55.39.6 - - [09/Dec/2022:03:26:57 -0800] "GET /bio/kobak/namdae.html HTTP/1.1" 404 88 "-" "Mozilla/5.0 (compatible; bingbot/2.0; +http://www.bing.com/bingbot.htm)" "ysfine.com"
220.181.108.169 - - [09/Dec/2022:03:27:07 -0800] "GET /maga/editesl.html HTTP/1.1" 200 7578 "-" "Mozilla/5.0 (compatible; Baiduspider/2.0; +http://www.baidu.com/search/spider.html)" "ysfine.com"
116.179.37.76 - - [09/Dec/2022:03:27:08 -0800] "GET /friends/moso270.jpg HTTP/1.1" 404 88 "https://ysfine.com/maga/editesl.html" "Mozilla/5.0 (compatible; Baiduspider-render/2.0; +http://www.baidu.com/search/spider.html)" "ysfine.com"
116.179.37.26 - - [09/Dec/2022:03:27:08 -0800] "GET /friends/moso08b.jpg HTTP/1.1" 404 88 "https://ysfine.com/maga/editesl.html" "Mozilla/5.0 (compatible; Baiduspider-render/2.0; +http://www.baidu.com/search/spider.html)" "ysfine.com"
51.222.253.3 - - [09/Dec/2022:03:28:11 -0800] "GET /world/feynrio.html HTTP/1.1" 200 8831 "-" "Mozilla/5.0 (compatible; AhrefsBot/7.0; +http://ahrefs.com/robot/)" "www.ysfine.com"
207.46.13.48 - - [09/Dec/2022:03:28:35 -0800] "GET /sbk/2019sevi01.jpg HTTP/1.1" 200 218897 "-" "Mozilla/5.0 AppleWebKit/537.36 (KHTML, like Gecko; compatible; bingbot/2.0; +http://www.bing.com/bingbot.htm) Chrome/103.0.5060.134 Safari/537.36" "www.ysfine.com"
14.137.135.24 - - [09/Dec/2022:03:29:04 -0800] "GET /style/sarahchang01b.jpg HTTP/1.1" 200 50797 "-" "Mozilla/5.0 (Windows NT 10.0; Win64; x64) AppleWebKit/537.36 (KHTML, like Gecko) Chrome/90.0.4430.212 Safari/537.36" "ysfine.com"
40.90.217.214 - - [09/Dec/2022:03:29:23 -0800] "GET /maga/phys/landau35b.jpg HTTP/1.1" 200 26143 "-" "Mozilla/5.0 (X11; Ubuntu; Linux x86_64; rv:107.0) Gecko/20100101 Firefox/107.0" "ysfine.com"
40.90.217.7 - - [09/Dec/2022:03:29:38 -0800] "GET /people/thooft.jpg HTTP/1.1" 200 55965 "-" "Mozilla/5.0 (Macintosh; Intel Mac OS X 13_0_1) AppleWebKit/537.36 (KHTML, like Gecko) Chrome/108.0.0.0 Safari/537.36 Edg/108.0.1462.46" "www.ysfine.com"
14.137.135.27 - - [09/Dec/2022:03:29:47 -0800] "GET /wigner/fitch2.jpg HTTP/1.1" 200 36807 "-" "Mozilla/5.0 (Windows NT 10.0; Win64; x64) AppleWebKit/537.36 (KHTML, like Gecko) Chrome/90.0.4430.212 Safari/537.36" "ysfine.com"
157.55.39.6 - - [09/Dec/2022:03:30:08 -0800] "GET /style/cameras/newhouse11b.jpg HTTP/1.1" 200 48963 "-" "Mozilla/5.0 (compatible; bingbot/2.0; +http://www.bing.com/bingbot.htm)" "www.ysfine.com"
51.222.253.3 - - [09/Dec/2022:03:31:34 -0800] "GET /class54/class5470/total_data/sub_746.htm HTTP/1.1" 200 3297 "-" "Mozilla/5.0 (compatible; AhrefsBot/7.0; +http://ahrefs.com/robot/)" "www.ysfine.com"
157.55.39.6 - - [09/Dec/2022:03:32:18 -0800] "GET /world/germany/humboldt06.jpg HTTP/1.1" 200 80094 "-" "Mozilla/5.0 AppleWebKit/537.36 (KHTML, like Gecko; compatible; bingbot/2.0; +http://www.bing.com/bingbot.htm) Chrome/103.0.5060.134 Safari/537.36" "ysfine.com"
64.124.8.59 - - [09/Dec/2022:03:33:50 -0800] "GET /world/kalinin.html HTTP/1.1" 304 - "-" "Mozilla/5.0 (X11; Linux x86_64) AppleWebKit/537.36 (KHTML, like Gecko) Chrome/61.0.3163.79 Safari/537.36" "ysfine.com"
64.124.8.59 - - [09/Dec/2022:03:35:02 -0800] "GET /wigner/wigphoto.html HTTP/1.1" 304 - "-" "Mozilla/5.0 (X11; Linux x86_64) AppleWebKit/537.36 (KHTML, like Gecko) Chrome/61.0.3163.79 Safari/537.36" "ysfine.com"
51.222.253.9 - - [09/Dec/2022:03:35:10 -0800] "GET /class54/class5470/total_data/sub_113.htm HTTP/1.1" 200 3297 "-" "Mozilla/5.0 (compatible; AhrefsBot/7.0; +http://ahrefs.com/robot/)" "ysfine.com"
51.222.253.5 - - [09/Dec/2022:03:35:17 -0800] "GET /class54/class5470/total_data/photo_img/1-13.jpg HTTP/1.1" 200 58122 "-" "Mozilla/5.0 (compatible; AhrefsBot/7.0; +http://ahrefs.com/robot/)" "ysfine.com"
51.222.253.19 - - [09/Dec/2022:03:35:24 -0800] "GET /class54/class5470/total_data/img/01_smtitle13.gif HTTP/1.1" 200 930 "-" "Mozilla/5.0 (compatible; AhrefsBot/7.0; +http://ahrefs.com/robot/)" "ysfine.com"
157.55.39.76 - - [09/Dec/2022:03:35:59 -0800] "GET /princeton/wilson02b.jpg HTTP/1.1" 200 38092 "-" "Mozilla/5.0 AppleWebKit/537.36 (KHTML, like Gecko; compatible; bingbot/2.0; +http://www.bing.com/bingbot.htm) Chrome/103.0.5060.134 Safari/537.36" "ysfine.com"
157.55.39.76 - - [09/Dec/2022:03:36:58 -0800] "GET /bio/bio07.html HTTP/1.1" 404 88 "-" "Mozilla/5.0 AppleWebKit/537.36 (KHTML, like Gecko; compatible; bingbot/2.0; +http://www.bing.com/bingbot.htm) Chrome/103.0.5060.134 Safari/537.36" "ysfine.com"
157.55.39.6 - - [09/Dec/2022:03:37:28 -0800] "GET /bio/einstein/bern.html HTTP/1.1" 404 88 "-" "Mozilla/5.0 AppleWebKit/537.36 (KHTML, like Gecko; compatible; bingbot/2.0; +http://www.bing.com/bingbot.htm) Chrome/103.0.5060.134 Safari/537.36" "ysfine.com"
216.244.66.229 - - [09/Dec/2022:03:37:36 -0800] "GET /class54/class5470/total_data/sub_136.htm HTTP/1.1" 200 12872 "-" "Mozilla/5.0 (compatible; DotBot/1.2; +https://opensiteexplorer.org/dotbot; help@moz.com)" "www.ysfine.com"
216.244.66.229 - - [09/Dec/2022:03:37:39 -0800] "GET /class54/class5470/total_data/sub_427.htm HTTP/1.1" 200 12924 "-" "Mozilla/5.0 (compatible; DotBot/1.2; +https://opensiteexplorer.org/dotbot; help@moz.com)" "www.ysfine.com"
216.244.66.229 - - [09/Dec/2022:03:37:43 -0800] "GET /maga/boltz/entro33.jpg HTTP/1.1" 200 42540 "-" "Mozilla/5.0 (compatible; DotBot/1.2; +https://opensiteexplorer.org/dotbot; help@moz.com)" "www.ysfine.com"
51.222.253.4 - - [09/Dec/2022:03:38:00 -0800] "GET /class54/class5470/total_data/sub_747.htm HTTP/1.1" 200 3297 "-" "Mozilla/5.0 (compatible; AhrefsBot/7.0; +http://ahrefs.com/robot/)" "www.ysfine.com"
216.244.66.229 - - [09/Dec/2022:03:38:01 -0800] "GET /maga/phys/huy03.jpg HTTP/1.1" 200 236988 "-" "Mozilla/5.0 (compatible; DotBot/1.2; +https://opensiteexplorer.org/dotbot; help@moz.com)" "www.ysfine.com"
185.191.171.1 - - [09/Dec/2022:03:38:11 -0800] "GET /home/internal.html HTTP/1.1" 200 2294 "-" "Mozilla/5.0 (compatible; SemrushBot/7~bl; +http://www.semrush.com/bot.html)" "www.ysfine.com"
216.244.66.229 - - [09/Dec/2022:03:38:47 -0800] "GET /maga/phys/schrod33.jpg HTTP/1.1" 200 107072 "-" "Mozilla/5.0 (compatible; DotBot/1.2; +https://opensiteexplorer.org/dotbot; help@moz.com)" "www.ysfine.com"
216.244.66.229 - - [09/Dec/2022:03:39:37 -0800] "GET /style/cameras/fedpho01.jpg HTTP/1.1" 200 117216 "-" "Mozilla/5.0 (compatible; DotBot/1.2; +https://opensiteexplorer.org/dotbot; help@moz.com)" "www.ysfine.com"
216.244.66.229 - - [09/Dec/2022:03:40:27 -0800] "GET /style/cameras/lumixfan11.jpg HTTP/1.1" 200 81585 "-" "Mozilla/5.0 (compatible; DotBot/1.2; +https://opensiteexplorer.org/dotbot; help@moz.com)" "www.ysfine.com"
207.46.13.48 - - [09/Dec/2022:03:40:28 -0800] "GET /bio/eink/index.html HTTP/1.1" 404 88 "-" "Mozilla/5.0 (compatible; bingbot/2.0; +http://www.bing.com/bingbot.htm)" "ysfine.com"
207.46.13.48 - - [09/Dec/2022:03:40:28 -0800] "GET /bio/style/rieu.html HTTP/1.1" 404 88 "-" "Mozilla/5.0 AppleWebKit/537.36 (KHTML, like Gecko; compatible; bingbot/2.0; +http://www.bing.com/bingbot.htm) Chrome/103.0.5060.134 Safari/537.36" "ysfine.com"
51.222.253.13 - - [09/Dec/2022:03:40:48 -0800] "GET /class54/class5470/total_data/sub_760.htm HTTP/1.1" 200 3322 "-" "Mozilla/5.0 (compatible; AhrefsBot/7.0; +http://ahrefs.com/robot/)" "www.ysfine.com"
207.46.13.48 - - [09/Dec/2022:03:41:06 -0800] "GET /sitemap.xml HTTP/1.1" 200 166 "-" "Mozilla/5.0 (compatible; bingbot/2.0; +http://www.bing.com/bingbot.htm)" "www.ysfine.com"
216.244.66.229 - - [09/Dec/2022:03:41:15 -0800] "GET /world/balkan/istan102.jpg HTTP/1.1" 200 100634 "-" "Mozilla/5.0 (compatible; DotBot/1.2; +https://opensiteexplorer.org/dotbot; help@moz.com)" "www.ysfine.com"
185.191.171.3 - - [09/Dec/2022:03:41:37 -0800] "GET /remote/wigner111/frame27.html HTTP/1.1" 200 534 "-" "Mozilla/5.0 (compatible; SemrushBot/7~bl; +http://www.semrush.com/bot.html)" "ysfine.com"
216.244.66.229 - - [09/Dec/2022:03:41:45 -0800] "GET /world/brit/bucking07.jpg HTTP/1.1" 200 67176 "-" "Mozilla/5.0 (compatible; DotBot/1.2; +https://opensiteexplorer.org/dotbot; help@moz.com)" "www.ysfine.com"
207.46.13.20 - - [09/Dec/2022:03:42:01 -0800] "GET /newyork/colum15.jpg HTTP/1.1" 200 178519 "-" "Mozilla/5.0 AppleWebKit/537.36 (KHTML, like Gecko; compatible; bingbot/2.0; +http://www.bing.com/bingbot.htm) Chrome/103.0.5060.134 Safari/537.36" "www.ysfine.com"
216.244.66.229 - - [09/Dec/2022:03:42:16 -0800] "GET /world/brit/eton04.jpg HTTP/1.1" 200 86842 "-" "Mozilla/5.0 (compatible; DotBot/1.2; +https://opensiteexplorer.org/dotbot; help@moz.com)" "www.ysfine.com"
64.124.8.59 - - [09/Dec/2022:03:42:16 -0800] "GET /ysbio/kobak/namdae.html HTTP/1.1" 404 88 "-" "Mozilla/5.0 (X11; Linux x86_64) AppleWebKit/537.36 (KHTML, like Gecko) Chrome/61.0.3163.79 Safari/537.36" "ysfine.com"
40.90.217.214 - - [09/Dec/2022:03:43:23 -0800] "GET /people/bial06.jpg HTTP/1.1" 200 94125 "-" "Mozilla/5.0 (Macintosh; Intel Mac OS X 13.0; rv:102.0) Gecko/20100101 Firefox/102.0" "ysfine.com"
40.90.217.199 - - [09/Dec/2022:03:44:03 -0800] "GET /world/russ/protvi03.jpg HTTP/1.1" 200 67866 "-" "Mozilla/5.0 (X11; Ubuntu; Linux i686; rv:102.0) Gecko/20100101 Firefox/102.0" "ysfine.com"
51.222.253.6 - - [09/Dec/2022:03:44:04 -0800] "GET /class54/class5470/total_data/sub_102.htm HTTP/1.1" 200 3289 "-" "Mozilla/5.0 (compatible; AhrefsBot/7.0; +http://ahrefs.com/robot/)" "ysfine.com"
40.77.167.39 - - [09/Dec/2022:03:44:06 -0800] "GET /archives/proceedings/ff3/gtpark.jpg HTTP/1.1" 200 78335 "-" "Mozilla/5.0 (compatible; bingbot/2.0; +http://www.bing.com/bingbot.htm)" "ysfine.com"
51.222.253.15 - - [09/Dec/2022:03:44:10 -0800] "GET /class54/class5470/total_data/img/01_st_brooch.gif HTTP/1.1" 200 545 "-" "Mozilla/5.0 (compatible; AhrefsBot/7.0; +http://ahrefs.com/robot/)" "ysfine.com"
51.222.253.5 - - [09/Dec/2022:03:44:10 -0800] "GET /class54/class5470/total_data/img/01_smtitle04.gif HTTP/1.1" 200 549 "-" "Mozilla/5.0 (compatible; AhrefsBot/7.0; +http://ahrefs.com/robot/)" "ysfine.com"
207.46.13.48 - - [09/Dec/2022:03:44:10 -0800] "GET /bio.html HTTP/1.1" 200 18114 "-" "Mozilla/5.0 (compatible; bingbot/2.0; +http://www.bing.com/bingbot.htm)" "ysfine.com"
51.222.253.17 - - [09/Dec/2022:03:44:10 -0800] "GET /class54/class5470/total_data/photo_img/1-2.jpg HTTP/1.1" 200 116947 "-" "Mozilla/5.0 (compatible; AhrefsBot/7.0; +http://ahrefs.com/robot/)" "ysfine.com"
129.45.9.208 - - [09/Dec/2022:03:44:22 -0800] "GET /einstein/einbohr.html HTTP/1.1" 200 6142 "https://www.google.com/" "Mozilla/5.0 (Linux; Android 7.0; JMM-L22) AppleWebKit/537.36 (KHTML, like Gecko) Chrome/103.0.0.0 Mobile Safari/537.36" "ysfine.com"
129.45.9.208 - - [09/Dec/2022:03:44:23 -0800] "GET /world/scandi/nbi02b.jpg HTTP/1.1" 200 39350 "https://ysfine.com/einstein/einbohr.html" "Mozilla/5.0 (Linux; Android 7.0; JMM-L22) AppleWebKit/537.36 (KHTML, like Gecko) Chrome/103.0.0.0 Mobile Safari/537.36" "ysfine.com"
129.45.9.208 - - [09/Dec/2022:03:44:23 -0800] "GET /einstein/einbohr33b.jpg HTTP/1.1" 200 42636 "https://ysfine.com/einstein/einbohr.html" "Mozilla/5.0 (Linux; Android 7.0; JMM-L22) AppleWebKit/537.36 (KHTML, like Gecko) Chrome/103.0.0.0 Mobile Safari/537.36" "ysfine.com"
129.45.9.208 - - [09/Dec/2022:03:44:23 -0800] "GET /world/scandi/nbi06b.jpg HTTP/1.1" 200 45656 "https://ysfine.com/einstein/einbohr.html" "Mozilla/5.0 (Linux; Android 7.0; JMM-L22) AppleWebKit/537.36 (KHTML, like Gecko) Chrome/103.0.0.0 Mobile Safari/537.36" "ysfine.com"
129.45.9.208 - - [09/Dec/2022:03:44:23 -0800] "GET /einstein/bohradius11b.jpg HTTP/1.1" 200 39999 "https://ysfine.com/einstein/einbohr.html" "Mozilla/5.0 (Linux; Android 7.0; JMM-L22) AppleWebKit/537.36 (KHTML, like Gecko) Chrome/103.0.0.0 Mobile Safari/537.36" "ysfine.com"
129.45.9.208 - - [09/Dec/2022:03:44:23 -0800] "GET /einstein/jsbell01b.jpg HTTP/1.1" 200 33090 "https://ysfine.com/einstein/einbohr.html" "Mozilla/5.0 (Linux; Android 7.0; JMM-L22) AppleWebKit/537.36 (KHTML, like Gecko) Chrome/103.0.0.0 Mobile Safari/537.36" "ysfine.com"
129.45.9.208 - - [09/Dec/2022:03:44:23 -0800] "GET /einstein/evol22b.jpg HTTP/1.1" 200 29614 "https://ysfine.com/einstein/einbohr.html" "Mozilla/5.0 (Linux; Android 7.0; JMM-L22) AppleWebKit/537.36 (KHTML, like Gecko) Chrome/103.0.0.0 Mobile Safari/537.36" "ysfine.com"
129.45.9.208 - - [09/Dec/2022:03:44:23 -0800] "GET /eink/eink61c.jpg HTTP/1.1" 200 34119 "https://ysfine.com/einstein/einbohr.html" "Mozilla/5.0 (Linux; Android 7.0; JMM-L22) AppleWebKit/537.36 (KHTML, like Gecko) Chrome/103.0.0.0 Mobile Safari/537.36" "ysfine.com"
129.45.9.208 - - [09/Dec/2022:03:44:23 -0800] "GET /dirac/sq66b.jpg HTTP/1.1" 200 22242 "https://ysfine.com/einstein/einbohr.html" "Mozilla/5.0 (Linux; Android 7.0; JMM-L22) AppleWebKit/537.36 (KHTML, like Gecko) Chrome/103.0.0.0 Mobile Safari/537.36" "ysfine.com"
129.45.9.208 - - [09/Dec/2022:03:44:23 -0800] "GET /world/scandi/copenf03b.jpg HTTP/1.1" 200 48862 "https://ysfine.com/einstein/einbohr.html" "Mozilla/5.0 (Linux; Android 7.0; JMM-L22) AppleWebKit/537.36 (KHTML, like Gecko) Chrome/103.0.0.0 Mobile Safari/537.36" "ysfine.com"
129.45.9.208 - - [09/Dec/2022:03:44:25 -0800] "GET /favicon.ico HTTP/1.1" 404 88 "https://ysfine.com/einstein/einbohr.html" "Mozilla/5.0 (Linux; Android 7.0; JMM-L22) AppleWebKit/537.36 (KHTML, like Gecko) Chrome/103.0.0.0 Mobile Safari/537.36" "ysfine.com"
64.124.8.59 - - [09/Dec/2022:03:44:49 -0800] "GET /newyork/index.html HTTP/1.1" 304 - "-" "Mozilla/5.0 (X11; Linux x86_64) AppleWebKit/537.36 (KHTML, like Gecko) Chrome/61.0.3163.79 Safari/537.36" "ysfine.com"
64.124.8.59 - - [09/Dec/2022:03:45:15 -0800] "GET /princeton/prbot.html HTTP/1.1" 304 - "-" "Mozilla/5.0 (X11; Linux x86_64) AppleWebKit/537.36 (KHTML, like Gecko) Chrome/61.0.3163.79 Safari/537.36" "ysfine.com"
64.124.8.59 - - [09/Dec/2022:03:45:46 -0800] "GET /einstein/quantu11.html HTTP/1.1" 304 - "-" "Mozilla/5.0 (X11; Linux x86_64) AppleWebKit/537.36 (KHTML, like Gecko) Chrome/61.0.3163.79 Safari/537.36" "ysfine.com"
44.204.250.114 - - [09/Dec/2022:03:46:36 -0800] "GET / HTTP/1.1" 200 5295 "-" "Mozilla/5.0 (compatible; Newslitbot/0.1; +https://www.newslit.co)" "ysfine.com"
34.205.85.214 - - [09/Dec/2022:03:46:36 -0800] "GET /robots.txt HTTP/1.1" 404 88 "-" "Apache-HttpClient/4.5.3 (Java/1.8.0_292)" "ysfine.com"
64.124.8.24 - - [09/Dec/2022:03:46:59 -0800] "GET /robots.txt HTTP/1.1" 404 88 "-" "Mozilla/5.0 (X11; Linux x86_64) AppleWebKit/537.36 (KHTML, like Gecko) Chrome/61.0.3163.79 Safari/537.36" "www.ysfine.com"
64.124.8.24 - - [09/Dec/2022:03:46:59 -0800] "GET /robots.txt HTTP/1.1" 404 88 "-" "Mozilla/5.0 (X11; Linux x86_64) AppleWebKit/537.36 (KHTML, like Gecko) Chrome/61.0.3163.79 Safari/537.36" "www.ysfine.com"
64.124.8.24 - - [09/Dec/2022:03:46:59 -0800] "GET /feynman/feynbot.html HTTP/1.1" 200 138 "-" "Mozilla/5.0 (X11; Linux x86_64) AppleWebKit/537.36 (KHTML, like Gecko) Chrome/61.0.3163.79 Safari/537.36" "www.ysfine.com"
157.55.39.6 - - [09/Dec/2022:03:47:29 -0800] "GET /wigner/wight2002.jpg HTTP/1.1" 200 113014 "-" "Mozilla/5.0 AppleWebKit/537.36 (KHTML, like Gecko; compatible; bingbot/2.0; +http://www.bing.com/bingbot.htm) Chrome/103.0.5060.134 Safari/537.36" "www.ysfine.com"
51.222.253.13 - - [09/Dec/2022:03:47:29 -0800] "GET /class54/class5470/total_data/sub_742.htm HTTP/1.1" 200 3297 "-" "Mozilla/5.0 (compatible; AhrefsBot/7.0; +http://ahrefs.com/robot/)" "www.ysfine.com"
207.46.13.48 - - [09/Dec/2022:03:48:36 -0800] "GET /beau/mil/selfa02.jpg HTTP/1.1" 404 88 "-" "Mozilla/5.0 (compatible; bingbot/2.0; +http://www.bing.com/bingbot.htm)" "ysfine.com"
207.46.13.48 - - [09/Dec/2022:03:48:37 -0800] "GET /bio/optics.html HTTP/1.1" 404 88 "-" "Mozilla/5.0 (compatible; bingbot/2.0; +http://www.bing.com/bingbot.htm)" "ysfine.com"
157.55.39.76 - - [09/Dec/2022:03:49:41 -0800] "GET /bio/bio07.html HTTP/1.1" 404 88 "-" "Mozilla/5.0 (compatible; bingbot/2.0; +http://www.bing.com/bingbot.htm)" "ysfine.com"
77.75.79.31 - - [09/Dec/2022:03:49:49 -0800] "GET /maga/keigel.html HTTP/1.1" 304 - "-" "Mozilla/5.0 (compatible; SeznamBot/4.0-RC1; +http://napoveda.seznam.cz/seznambot-intro/)" "ysfine.com"
64.124.8.59 - - [09/Dec/2022:03:49:58 -0800] "GET /world/china/shenyang.html HTTP/1.1" 304 - "-" "Mozilla/5.0 (X11; Linux x86_64) AppleWebKit/537.36 (KHTML, like Gecko) Chrome/61.0.3163.79 Safari/537.36" "ysfine.com"
65.108.125.120 - - [09/Dec/2022:03:50:04 -0800] "GET /robots.txt HTTP/1.1" 404 73 "-" "Mozilla/5.0 (compatible; MJ12bot/v1.4.8; http://mj12bot.com/)" "ysfine.com"
65.108.125.120 - - [09/Dec/2022:03:50:08 -0800] "GET /bio.html HTTP/1.1" 200 18114 "-" "Mozilla/5.0 (compatible; MJ12bot/v1.4.8; http://mj12bot.com/)" "ysfine.com"
51.222.253.6 - - [09/Dec/2022:03:50:51 -0800] "GET /dirac/dirheisen.html HTTP/1.1" 200 4650 "-" "Mozilla/5.0 (compatible; AhrefsBot/7.0; +http://ahrefs.com/robot/)" "ysfine.com"
185.191.171.6 - - [09/Dec/2022:03:50:53 -0800] "GET /philo/herod.html HTTP/1.1" 200 2403 "-" "Mozilla/5.0 (compatible; SemrushBot/7~bl; +http://www.semrush.com/bot.html)" "www.ysfine.com"
51.222.253.20 - - [09/Dec/2022:03:50:56 -0800] "GET /dirac/dirfoc62b.jpg HTTP/1.1" 200 29874 "-" "Mozilla/5.0 (compatible; AhrefsBot/7.0; +http://ahrefs.com/robot/)" "ysfine.com"
51.222.253.13 - - [09/Dec/2022:03:51:09 -0800] "GET /dirac/2osc22a.jpg HTTP/1.1" 200 69742 "-" "Mozilla/5.0 (compatible; AhrefsBot/7.0; +http://ahrefs.com/robot/)" "ysfine.com"
51.222.253.14 - - [09/Dec/2022:03:51:16 -0800] "GET /people/yuen01b.jpg HTTP/1.1" 200 24922 "-" "Mozilla/5.0 (compatible; AhrefsBot/7.0; +http://ahrefs.com/robot/)" "ysfine.com"
51.222.253.1 - - [09/Dec/2022:03:51:21 -0800] "GET /wigner/wigheis11b.jpg HTTP/1.1" 200 38703 "-" "Mozilla/5.0 (compatible; AhrefsBot/7.0; +http://ahrefs.com/robot/)" "ysfine.com"
51.222.253.5 - - [09/Dec/2022:03:51:27 -0800] "GET /dirac/dirac63b.jpg HTTP/1.1" 200 41617 "-" "Mozilla/5.0 (compatible; AhrefsBot/7.0; +http://ahrefs.com/robot/)" "ysfine.com"
51.222.253.8 - - [09/Dec/2022:03:51:33 -0800] "GET /wdc/sakura04b.jpg HTTP/1.1" 200 32713 "-" "Mozilla/5.0 (compatible; AhrefsBot/7.0; +http://ahrefs.com/robot/)" "ysfine.com"
64.124.8.59 - - [09/Dec/2022:03:51:33 -0800] "GET /style/britmu.html HTTP/1.1" 304 - "-" "Mozilla/5.0 (X11; Linux x86_64) AppleWebKit/537.36 (KHTML, like Gecko) Chrome/61.0.3163.79 Safari/537.36" "ysfine.com"
51.222.253.4 - - [09/Dec/2022:03:51:39 -0800] "GET /eink/eink61c.jpg HTTP/1.1" 200 34119 "-" "Mozilla/5.0 (compatible; AhrefsBot/7.0; +http://ahrefs.com/robot/)" "ysfine.com"
51.222.253.14 - - [09/Dec/2022:03:51:45 -0800] "GET /wigner/tollwig11b.jpg HTTP/1.1" 200 31891 "-" "Mozilla/5.0 (compatible; AhrefsBot/7.0; +http://ahrefs.com/robot/)" "ysfine.com"
64.124.8.59 - - [09/Dec/2022:03:51:45 -0800] "GET /eink/eink61 HTTP/1.1" 304 - "-" "Mozilla/5.0 (X11; Linux x86_64) AppleWebKit/537.36 (KHTML, like Gecko) Chrome/61.0.3163.79 Safari/537.36" "ysfine.com"
51.222.253.8 - - [09/Dec/2022:03:51:51 -0800] "GET /dirac/michelan01b.jpg HTTP/1.1" 200 50306 "-" "Mozilla/5.0 (compatible; AhrefsBot/7.0; +http://ahrefs.com/robot/)" "ysfine.com"
51.222.253.1 - - [09/Dec/2022:03:51:57 -0800] "GET /people/facu63b.jpg HTTP/1.1" 200 47712 "-" "Mozilla/5.0 (compatible; AhrefsBot/7.0; +http://ahrefs.com/robot/)" "ysfine.com"
51.222.253.20 - - [09/Dec/2022:03:52:03 -0800] "GET /people/towhee11b.jpg HTTP/1.1" 200 32584 "-" "Mozilla/5.0 (compatible; AhrefsBot/7.0; +http://ahrefs.com/robot/)" "ysfine.com"
157.55.39.76 - - [09/Dec/2022:03:52:10 -0800] "GET /world/russ/kazan029b.jpg HTTP/1.1" 200 36166 "-" "Mozilla/5.0 AppleWebKit/537.36 (KHTML, like Gecko; compatible; bingbot/2.0; +http://www.bing.com/bingbot.htm) Chrome/103.0.5060.134 Safari/537.36" "www.ysfine.com"
51.222.253.15 - - [09/Dec/2022:03:52:14 -0800] "GET /people/glauber01b.jpg HTTP/1.1" 200 26433 "-" "Mozilla/5.0 (compatible; AhrefsBot/7.0; +http://ahrefs.com/robot/)" "ysfine.com"
5.188.210.87 - - [09/Dec/2022:03:52:20 -0800] "GET /world/travel.html HTTP/1.1" 200 5186 "https://www.ysfine.com/world/travel.html" "Mozilla/5.0 (Windows NT 10.0; Win64; x64) AppleWebKit/537.36 (KHTML, like Gecko) Chrome/90.0.4430.85 Safari/537.36 Edg/90.0.818.46" "www.ysfine.com"
5.188.210.87 - - [09/Dec/2022:03:52:21 -0800] "GET / HTTP/1.1" 200 15920 "https://www.ysfine.com/" "Mozilla/5.0 (Windows NT 10.0; Win64; x64) AppleWebKit/537.36 (KHTML, like Gecko) Chrome/90.0.4430.85 Safari/537.36 Edg/90.0.818.46" "www.ysfine.com"
40.90.217.235 - - [09/Dec/2022:03:52:42 -0800] "GET /usca/pitt/kwkpgh01.jpg HTTP/1.1" 200 216776 "-" "Mozilla/5.0 (X11; Ubuntu; Linux x86_64; rv:107.0) Gecko/20100101 Firefox/107.0" "www.ysfine.com"
14.137.135.24 - - [09/Dec/2022:03:52:50 -0800] "GET /kobak/kimjap22b.jpg HTTP/1.1" 200 48280 "-" "Mozilla/5.0 (Windows NT 10.0; Win64; x64) AppleWebKit/537.36 (KHTML, like Gecko) Chrome/90.0.4430.212 Safari/537.36" "ysfine.com"
64.124.8.59 - - [09/Dec/2022:03:53:57 -0800] "GET /philo/sisfa12/frame46.html HTTP/1.1" 200 319 "-" "Mozilla/5.0 (X11; Linux x86_64) AppleWebKit/537.36 (KHTML, like Gecko) Chrome/61.0.3163.79 Safari/537.36" "ysfine.com"
51.222.253.11 - - [09/Dec/2022:03:54:05 -0800] "GET /class54/class5470/total_data/sub_105.htm HTTP/1.1" 200 3250 "-" "Mozilla/5.0 (compatible; AhrefsBot/7.0; +http://ahrefs.com/robot/)" "ysfine.com"
123.141.2.66 - - [09/Dec/2022:03:54:08 -0800] "GET /maga/invent/amellon11b.jpg HTTP/1.1" 200 38142 "-" "python-requests/2.27.1" "ysfine.com"
40.90.217.235 - - [09/Dec/2022:03:54:33 -0800] "GET /world/france/montmar17b.jpg HTTP/1.1" 200 49774 "-" "Mozilla/5.0 (X11; Ubuntu; Linux i686; rv:102.0) Gecko/20100101 Firefox/102.0" "ysfine.com"
64.124.8.59 - - [09/Dec/2022:03:54:39 -0800] "GET /archives/proceedings/ff1/fp1abs.html HTTP/1.1" 200 21918 "-" "Mozilla/5.0 (X11; Linux x86_64) AppleWebKit/537.36 (KHTML, like Gecko) Chrome/61.0.3163.79 Safari/537.36" "ysfine.com"
64.124.8.59 - - [09/Dec/2022:03:54:48 -0800] "GET /class54/index.html HTTP/1.1" 304 - "-" "Mozilla/5.0 (X11; Linux x86_64) AppleWebKit/537.36 (KHTML, like Gecko) Chrome/61.0.3163.79 Safari/537.36" "ysfine.com"
64.124.8.59 - - [09/Dec/2022:03:55:43 -0800] "GET /friends/polandf.html HTTP/1.1" 404 88 "-" "Mozilla/5.0 (X11; Linux x86_64) AppleWebKit/537.36 (KHTML, like Gecko) Chrome/61.0.3163.79 Safari/537.36" "ysfine.com"
40.90.217.235 - - [09/Dec/2022:03:55:46 -0800] "GET /world/china/shenyang05b.jpg HTTP/1.1" 200 38780 "-" "Mozilla/5.0 (X11; Linux x86_64; rv:107.0) Gecko/20100101 Firefox/107.0" "ysfine.com"
157.55.39.6 - - [09/Dec/2022:03:56:00 -0800] "GET /bio/style/leica.html HTTP/1.1" 404 88 "-" "Mozilla/5.0 (compatible; bingbot/2.0; +http://www.bing.com/bingbot.htm)" "ysfine.com"
93.158.161.46 - - [09/Dec/2022:03:56:03 -0800] "GET /robots.txt HTTP/1.1" 404 73 "-" "Mozilla/5.0 (compatible; YandexBot/3.0; +http://yandex.com/bots)" "ysfine.com"
77.88.5.237 - - [09/Dec/2022:03:56:07 -0800] "GET /world/russ/mosf60.jpg HTTP/1.1" 200 183787 "-" "Mozilla/5.0 (compatible; YandexImages/3.0; +http://yandex.com/bots)" "ysfine.com"
157.55.39.6 - - [09/Dec/2022:03:56:30 -0800] "GET /world/brit/etonharrow.html HTTP/1.1" 200 4546 "-" "Mozilla/5.0 (compatible; bingbot/2.0; +http://www.bing.com/bingbot.htm)" "www.ysfine.com"
90.129.205.250 - - [09/Dec/2022:03:57:17 -0800] "GET /einstein/eins05.jpg HTTP/1.1" 200 45707 "https://www.google.com/" "Mozilla/5.0 (Linux; Android 12; IN2023 Build/RKQ1.211119.001; wv) AppleWebKit/537.36 (KHTML, like Gecko) Version/4.0 Chrome/107.0.5304.141 Mobile Safari/537.36 GoogleApp/13.46.13.26.arm64" "ysfine.com"
185.191.171.23 - - [09/Dec/2022:03:57:35 -0800] "GET /feynman/quark50.html HTTP/1.1" 200 4079 "-" "Mozilla/5.0 (compatible; SemrushBot/7~bl; +http://www.semrush.com/bot.html)" "www.ysfine.com"
51.222.253.11 - - [09/Dec/2022:03:57:40 -0800] "GET /wigner/neupol.html HTTP/1.1" 200 1742 "-" "Mozilla/5.0 (compatible; AhrefsBot/7.0; +http://ahrefs.com/robot/)" "ysfine.com"
157.55.39.6 - - [09/Dec/2022:03:58:20 -0800] "GET /bio/awards/iao.html HTTP/1.1" 404 88 "-" "Mozilla/5.0 (compatible; bingbot/2.0; +http://www.bing.com/bingbot.htm)" "ysfine.com"
185.191.171.15 - - [09/Dec/2022:03:58:51 -0800] "GET /robots.txt HTTP/1.1" 404 88 "-" "Mozilla/5.0 (compatible; SemrushBot/7~bl; +http://www.semrush.com/bot.html)" "ysfine.com"
185.191.171.15 - - [09/Dec/2022:03:58:53 -0800] "GET /class54/emailed02.html HTTP/1.1" 200 29084 "-" "Mozilla/5.0 (compatible; SemrushBot/7~bl; +http://www.semrush.com/bot.html)" "ysfine.com"
85.115.52.203 - - [09/Dec/2022:03:59:19 -0800] "GET /einstein/eins05b.jpg HTTP/1.1" 200 47795 "https://www.google.com/" "Mozilla/5.0 (Windows NT 10.0; Win64; x64) AppleWebKit/537.36 (KHTML, like Gecko) Chrome/108.0.0.0 Safari/537.36" "ysfine.com"
71.62.142.128 - - [09/Dec/2022:03:59:47 -0800] "GET /feynman/feygell.html HTTP/1.1" 200 4714 "https://www.google.com/" "Mozilla/5.0 (X11; CrOS x86_64 14092.77.0) AppleWebKit/537.36 (KHTML, like Gecko) Chrome/93.0.4577.107 Safari/537.36" "ysfine.com"
71.62.142.128 - - [09/Dec/2022:03:59:47 -0800] "GET /feynman/feydirak11c.jpg HTTP/1.1" 200 34952 "https://ysfine.com/feynman/feygell.html" "Mozilla/5.0 (X11; CrOS x86_64 14092.77.0) AppleWebKit/537.36 (KHTML, like Gecko) Chrome/93.0.4577.107 Safari/537.36" "ysfine.com"
71.62.142.128 - - [09/Dec/2022:03:59:47 -0800] "GET /feynman/feygell66c.jpg HTTP/1.1" 200 32056 "https://ysfine.com/feynman/feygell.html" "Mozilla/5.0 (X11; CrOS x86_64 14092.77.0) AppleWebKit/537.36 (KHTML, like Gecko) Chrome/93.0.4577.107 Safari/537.36" "ysfine.com"
71.62.142.128 - - [09/Dec/2022:03:59:47 -0800] "GET /eink/eink61c.jpg HTTP/1.1" 200 34119 "https://ysfine.com/feynman/feygell.html" "Mozilla/5.0 (X11; CrOS x86_64 14092.77.0) AppleWebKit/537.36 (KHTML, like Gecko) Chrome/93.0.4577.107 Safari/537.36" "ysfine.com"
71.62.142.128 - - [09/Dec/2022:03:59:47 -0800] "GET /feynman/feydirac300.jpg HTTP/1.1" 200 38223 "https://ysfine.com/feynman/feygell.html" "Mozilla/5.0 (X11; CrOS x86_64 14092.77.0) AppleWebKit/537.36 (KHTML, like Gecko) Chrome/93.0.4577.107 Safari/537.36" "ysfine.com"
71.62.142.128 - - [09/Dec/2022:03:59:47 -0800] "GET /home/comet01c.jpg HTTP/1.1" 200 54311 "https://ysfine.com/feynman/feygell.html" "Mozilla/5.0 (X11; CrOS x86_64 14092.77.0) AppleWebKit/537.36 (KHTML, like Gecko) Chrome/93.0.4577.107 Safari/537.36" "ysfine.com"
71.62.142.128 - - [09/Dec/2022:03:59:47 -0800] "GET /feynman/feygell22c.jpg HTTP/1.1" 200 28834 "https://ysfine.com/feynman/feygell.html" "Mozilla/5.0 (X11; CrOS x86_64 14092.77.0) AppleWebKit/537.36 (KHTML, like Gecko) Chrome/93.0.4577.107 Safari/537.36" "ysfine.com"
71.62.142.128 - - [09/Dec/2022:03:59:48 -0800] "GET /favicon.ico HTTP/1.1" 404 88 "https://ysfine.com/feynman/feygell.html" "Mozilla/5.0 (X11; CrOS x86_64 14092.77.0) AppleWebKit/537.36 (KHTML, like Gecko) Chrome/93.0.4577.107 Safari/537.36" "ysfine.com"
207.46.13.48 - - [09/Dec/2022:03:59:58 -0800] "GET /bio/kobak/soraech.html HTTP/1.1" 404 88 "-" "Mozilla/5.0 (compatible; bingbot/2.0; +http://www.bing.com/bingbot.htm)" "ysfine.com"
40.90.217.235 - - [09/Dec/2022:03:59:59 -0800] "GET /dirac/jablo62b.jpg HTTP/1.1" 200 42817 "-" "Mozilla/5.0 (X11; Linux i686; rv:102.0) Gecko/20100101 Firefox/102.0" "www.ysfine.com"
64.124.8.59 - - [09/Dec/2022:04:00:05 -0800] "GET /einstein/einst06.html HTTP/1.1" 304 - "-" "Mozilla/5.0 (X11; Linux x86_64) AppleWebKit/537.36 (KHTML, like Gecko) Chrome/61.0.3163.79 Safari/537.36" "ysfine.com"
64.124.8.59 - - [09/Dec/2022:04:00:47 -0800] "GET /kobak/kobtop.html HTTP/1.1" 304 - "-" "Mozilla/5.0 (X11; Linux x86_64) AppleWebKit/537.36 (KHTML, like Gecko) Chrome/61.0.3163.79 Safari/537.36" "ysfine.com"
51.222.253.8 - - [09/Dec/2022:04:01:04 -0800] "GET /class54/class5470/total_data/sub_748.htm HTTP/1.1" 200 3297 "-" "Mozilla/5.0 (compatible; AhrefsBot/7.0; +http://ahrefs.com/robot/)" "www.ysfine.com"
157.55.39.76 - - [09/Dec/2022:04:01:31 -0800] "GET /bio/feynman/fthtop.html HTTP/1.1" 404 88 "-" "Mozilla/5.0 AppleWebKit/537.36 (KHTML, like Gecko; compatible; bingbot/2.0; +http://www.bing.com/bingbot.htm) Chrome/103.0.5060.134 Safari/537.36" "ysfine.com"
157.55.39.76 - - [09/Dec/2022:04:01:32 -0800] "GET /bio/style/artlove.html HTTP/1.1" 404 88 "-" "Mozilla/5.0 (compatible; bingbot/2.0; +http://www.bing.com/bingbot.htm)" "ysfine.com"
40.77.167.39 - - [09/Dec/2022:04:02:27 -0800] "GET /world/scandi/sto012.jpg HTTP/1.1" 200 90173 "-" "Mozilla/5.0 (compatible; bingbot/2.0; +http://www.bing.com/bingbot.htm)" "ysfine.com"
40.77.167.39 - - [09/Dec/2022:04:02:28 -0800] "GET /ysbio/folks/uscan.html HTTP/1.1" 404 88 "-" "Mozilla/5.0 AppleWebKit/537.36 (KHTML, like Gecko; compatible; bingbot/2.0; +http://www.bing.com/bingbot.htm) Chrome/103.0.5060.134 Safari/537.36" "ysfine.com"
40.77.167.39 - - [09/Dec/2022:04:02:28 -0800] "GET /bio/internal.html HTTP/1.1" 404 88 "-" "Mozilla/5.0 (compatible; bingbot/2.0; +http://www.bing.com/bingbot.htm)" "ysfine.com"
40.90.217.235 - - [09/Dec/2022:04:02:44 -0800] "GET /wigner/wigpos2.jpg HTTP/1.1" 200 27496 "-" "Mozilla/5.0 (Macintosh; Intel Mac OS X 13_0_1) AppleWebKit/537.36 (KHTML, like Gecko) Chrome/108.0.0.0 Safari/537.36 Edg/108.0.1462.46" "ysfine.com"
188.247.78.172 - - [09/Dec/2022:04:03:08 -0800] "GET /kowar/tanks/tank05.jpg HTTP/1.1" 200 222063 "https://www.google.com/" "Mozilla/5.0 (Linux; Android 12; SM-N770F Build/SP1A.210812.016; wv) AppleWebKit/537.36 (KHTML, like Gecko) Version/4.0 Chrome/107.0.5304.141 Mobile Safari/537.36 GoogleApp/13.46.13.26.arm64" "ysfine.com"
64.124.8.59 - - [09/Dec/2022:04:03:22 -0800] "GET /archives/proceedings/wpro01/fernan.html HTTP/1.1" 200 637 "-" "Mozilla/5.0 (X11; Linux x86_64) AppleWebKit/537.36 (KHTML, like Gecko) Chrome/61.0.3163.79 Safari/537.36" "ysfine.com"
64.124.8.59 - - [09/Dec/2022:04:03:44 -0800] "GET /archives/proceedings/ff2/fp2top.html HTTP/1.1" 304 - "-" "Mozilla/5.0 (X11; Linux x86_64) AppleWebKit/537.36 (KHTML, like Gecko) Chrome/61.0.3163.79 Safari/537.36" "ysfine.com"
51.222.253.11 - - [09/Dec/2022:04:04:02 -0800] "GET /class54/class5470/total_data/sub_601.htm HTTP/1.1" 200 3192 "-" "Mozilla/5.0 (compatible; AhrefsBot/7.0; +http://ahrefs.com/robot/)" "www.ysfine.com"
51.222.253.12 - - [09/Dec/2022:04:04:18 -0800] "GET /class54/class5470/total_data/img/06_sportsclub.gif HTTP/1.1" 200 1017 "-" "Mozilla/5.0 (compatible; AhrefsBot/7.0; +http://ahrefs.com/robot/)" "www.ysfine.com"
157.55.39.76 - - [09/Dec/2022:04:04:20 -0800] "GET /sbk/2016keyw11.jpg HTTP/1.1" 200 122714 "-" "Mozilla/5.0 (compatible; bingbot/2.0; +http://www.bing.com/bingbot.htm)" "www.ysfine.com"
51.222.253.11 - - [09/Dec/2022:04:04:23 -0800] "GET /class54/class5470/total_data/refer_img/6-1_f.jpg HTTP/1.1" 200 33198 "-" "Mozilla/5.0 (compatible; AhrefsBot/7.0; +http://ahrefs.com/robot/)" "www.ysfine.com"
51.222.253.4 - - [09/Dec/2022:04:04:29 -0800] "GET /class54/class5470/total_data/refer_img/6-5_f.jpg HTTP/1.1" 200 34550 "-" "Mozilla/5.0 (compatible; AhrefsBot/7.0; +http://ahrefs.com/robot/)" "www.ysfine.com"
157.55.39.76 - - [09/Dec/2022:04:04:30 -0800] "GET /wdc/eindc03c.jpg HTTP/1.1" 200 48446 "-" "Mozilla/5.0 (compatible; bingbot/2.0; +http://www.bing.com/bingbot.htm)" "www.ysfine.com"
51.222.253.15 - - [09/Dec/2022:04:04:34 -0800] "GET /class54/class5470/total_data/refer_img/6-11_f.jpg HTTP/1.1" 200 47833 "-" "Mozilla/5.0 (compatible; AhrefsBot/7.0; +http://ahrefs.com/robot/)" "www.ysfine.com"
51.222.253.9 - - [09/Dec/2022:04:04:40 -0800] "GET /class54/class5470/total_data/refer_img/6-15_f.jpg HTTP/1.1" 200 32314 "-" "Mozilla/5.0 (compatible; AhrefsBot/7.0; +http://ahrefs.com/robot/)" "www.ysfine.com"
51.222.253.9 - - [09/Dec/2022:04:04:46 -0800] "GET /class54/class5470/total_data/refer_img/6-12_f.jpg HTTP/1.1" 200 35108 "-" "Mozilla/5.0 (compatible; AhrefsBot/7.0; +http://ahrefs.com/robot/)" "www.ysfine.com"
64.124.8.59 - - [09/Dec/2022:04:04:49 -0800] "GET /wigner/wbrill.html HTTP/1.1" 304 - "-" "Mozilla/5.0 (X11; Linux x86_64) AppleWebKit/537.36 (KHTML, like Gecko) Chrome/61.0.3163.79 Safari/537.36" "ysfine.com"
51.222.253.20 - - [09/Dec/2022:04:04:52 -0800] "GET /class54/class5470/total_data/photo_img/6-1.jpg HTTP/1.1" 200 220649 "-" "Mozilla/5.0 (compatible; AhrefsBot/7.0; +http://ahrefs.com/robot/)" "www.ysfine.com"
51.222.253.11 - - [09/Dec/2022:04:04:59 -0800] "GET /class54/class5470/total_data/refer_img/6-14_f.jpg HTTP/1.1" 200 32624 "-" "Mozilla/5.0 (compatible; AhrefsBot/7.0; +http://ahrefs.com/robot/)" "www.ysfine.com"
51.222.253.18 - - [09/Dec/2022:04:05:05 -0800] "GET /class54/class5470/total_data/refer_img/6-9_f.jpg HTTP/1.1" 200 30442 "-" "Mozilla/5.0 (compatible; AhrefsBot/7.0; +http://ahrefs.com/robot/)" "www.ysfine.com"
51.222.253.4 - - [09/Dec/2022:04:05:11 -0800] "GET /class54/class5470/total_data/img/06_title.gif HTTP/1.1" 200 6636 "-" "Mozilla/5.0 (compatible; AhrefsBot/7.0; +http://ahrefs.com/robot/)" "www.ysfine.com"
157.55.39.6 - - [09/Dec/2022:04:05:11 -0800] "GET /kobak/rok48b.jpg HTTP/1.1" 200 66570 "-" "Mozilla/5.0 (compatible; bingbot/2.0; +http://www.bing.com/bingbot.htm)" "ysfine.com"
51.222.253.11 - - [09/Dec/2022:04:05:22 -0800] "GET /class54/class5470/total_data/refer_img/6-16_f.jpg HTTP/1.1" 200 31093 "-" "Mozilla/5.0 (compatible; AhrefsBot/7.0; +http://ahrefs.com/robot/)" "www.ysfine.com"
82.219.7.181 - - [09/Dec/2022:04:05:25 -0800] "GET /world/poland/coperni11b.jpg HTTP/1.1" 200 28750 "https://www.google.co.uk/" "Mozilla/5.0 (Macintosh; Intel Mac OS X 10_15_6) AppleWebKit/605.1.15 (KHTML, like Gecko) Version/15.6.1 Safari/605.1.15" "ysfine.com"
51.222.253.4 - - [09/Dec/2022:04:05:27 -0800] "GET /class54/class5470/total_data/refer_img/6-4_f.jpg HTTP/1.1" 200 53982 "-" "Mozilla/5.0 (compatible; AhrefsBot/7.0; +http://ahrefs.com/robot/)" "www.ysfine.com"
51.222.253.14 - - [09/Dec/2022:04:05:33 -0800] "GET /class54/class5470/total_data/refer_img/6-3_f.jpg HTTP/1.1" 200 52308 "-" "Mozilla/5.0 (compatible; AhrefsBot/7.0; +http://ahrefs.com/robot/)" "www.ysfine.com"
51.222.253.2 - - [09/Dec/2022:04:05:40 -0800] "GET /class54/class5470/total_data/refer_img/6-7_f.jpg HTTP/1.1" 200 36203 "-" "Mozilla/5.0 (compatible; AhrefsBot/7.0; +http://ahrefs.com/robot/)" "www.ysfine.com"
51.222.253.14 - - [09/Dec/2022:04:05:45 -0800] "GET /class54/class5470/total_data/refer_img/6-6_f.jpg HTTP/1.1" 200 36256 "-" "Mozilla/5.0 (compatible; AhrefsBot/7.0; +http://ahrefs.com/robot/)" "www.ysfine.com"
51.222.253.7 - - [09/Dec/2022:04:05:52 -0800] "GET /class54/class5470/total_data/refer_img/6-8_f.jpg HTTP/1.1" 200 32586 "-" "Mozilla/5.0 (compatible; AhrefsBot/7.0; +http://ahrefs.com/robot/)" "www.ysfine.com"
51.222.253.16 - - [09/Dec/2022:04:05:58 -0800] "GET /class54/class5470/total_data/refer_img/6-13_f.jpg HTTP/1.1" 200 35391 "-" "Mozilla/5.0 (compatible; AhrefsBot/7.0; +http://ahrefs.com/robot/)" "www.ysfine.com"
51.222.253.18 - - [09/Dec/2022:04:06:04 -0800] "GET /class54/class5470/total_data/refer_img/6-10_f.jpg HTTP/1.1" 200 44616 "-" "Mozilla/5.0 (compatible; AhrefsBot/7.0; +http://ahrefs.com/robot/)" "www.ysfine.com"
51.222.253.13 - - [09/Dec/2022:04:06:11 -0800] "GET /class54/class5470/total_data/refer_img/6-2_f.jpg HTTP/1.1" 200 30828 "-" "Mozilla/5.0 (compatible; AhrefsBot/7.0; +http://ahrefs.com/robot/)" "www.ysfine.com"
64.124.8.59 - - [09/Dec/2022:04:06:15 -0800] "GET /wisdom/wk10.html HTTP/1.1" 304 - "-" "Mozilla/5.0 (X11; Linux x86_64) AppleWebKit/537.36 (KHTML, like Gecko) Chrome/61.0.3163.79 Safari/537.36" "ysfine.com"
5.140.164.13 - - [09/Dec/2022:04:06:33 -0800] "GET /maga/phys/mainichi.jpg HTTP/1.1" 200 140249 "https://yandex.ru/images/search?text=%D1%8F%D0%BF%D0%BE%D0%BD%D1%81%D0%BA%D0%B8%D0%B5%20%D0%B3%D0%B0%D0%B7%D0%B5%D1%82%D1%8B%20%D0%B6%D1%83%D1%80%D0%BD%D0%B0%D0%BB%D1%8B%201896&from=tabbar&pos=0&img_url=http%3A%2F%2Fysfine.com%2Fmaga%2Fphys%2Fmainichi.jpg&rpt=simage&lr=100819" "Mozilla/5.0 (Windows NT 10.0; WOW64) AppleWebKit/537.36 (KHTML, like Gecko) Chrome/79.0.3945.117 YaBrowser/20.2.0.1043 Yowser/2.5 Safari/537.36" "www.ysfine.com"
5.140.164.13 - - [09/Dec/2022:04:06:35 -0800] "GET /favicon.ico HTTP/1.1" 404 88 "https://www.ysfine.com/maga/phys/mainichi.jpg" "Mozilla/5.0 (Windows NT 10.0; WOW64) AppleWebKit/537.36 (KHTML, like Gecko) Chrome/79.0.3945.117 YaBrowser/20.2.0.1043 Yowser/2.5 Safari/537.36" "www.ysfine.com"
95.163.255.63 - - [09/Dec/2022:04:06:47 -0800] "GET /robots.txt HTTP/1.1" 404 73 "-" "Mozilla/5.0 (compatible; Linux x86_64; Mail.RU_Bot/2.0; +https://help.mail.ru/webmaster/indexing/robots)" "ysfine.com"
207.46.13.48 - - [09/Dec/2022:04:06:49 -0800] "GET /bio/style/rieu.html HTTP/1.1" 404 88 "-" "Mozilla/5.0 AppleWebKit/537.36 (KHTML, like Gecko; compatible; bingbot/2.0; +http://www.bing.com/bingbot.htm) Chrome/103.0.5060.134 Safari/537.36" "ysfine.com"
95.163.255.64 - - [09/Dec/2022:04:06:49 -0800] "GET /yspapers/keigel.pdf HTTP/1.1" 200 2048226 "-" "Mozilla/5.0 (compatible; Linux x86_64; Mail.RU_Bot/2.0; +https://help.mail.ru/webmaster/indexing/robots)" "ysfine.com"
207.46.13.48 - - [09/Dec/2022:04:06:50 -0800] "GET /bio.html HTTP/1.1" 200 18114 "-" "Mozilla/5.0 AppleWebKit/537.36 (KHTML, like Gecko; compatible; bingbot/2.0; +http://www.bing.com/bingbot.htm) Chrome/103.0.5060.134 Safari/537.36" "ysfine.com"
51.222.253.15 - - [09/Dec/2022:04:07:00 -0800] "GET /class54/class5470/total_data/sub_270.htm HTTP/1.1" 200 3358 "-" "Mozilla/5.0 (compatible; AhrefsBot/7.0; +http://ahrefs.com/robot/)" "www.ysfine.com"
69.194.143.140 - - [09/Dec/2022:04:07:56 -0800] "GET /ads.txt HTTP/1.1" 404 88 "-" "Mozilla/5.0 (Macintosh; Intel Mac OS X 10_15_7) AppleWebKit/537.36 (KHTML, like Gecko) Chrome/107.0.0.0 Safari/537.36" "ysfine.com"
69.194.143.140 - - [09/Dec/2022:04:07:56 -0800] "GET /ads.txt HTTP/1.1" 404 88 "-" "Mozilla/5.0 (Macintosh; Intel Mac OS X 10_15_7) AppleWebKit/537.36 (KHTML, like Gecko) Chrome/107.0.0.0 Safari/537.36" "ysfine.com"
157.55.39.76 - - [09/Dec/2022:04:08:12 -0800] "GET /bio/home/sing.html HTTP/1.1" 404 88 "-" "Mozilla/5.0 (compatible; bingbot/2.0; +http://www.bing.com/bingbot.htm)" "ysfine.com"
64.124.8.59 - - [09/Dec/2022:04:09:18 -0800] "GET /archives/proceedings/boston/chirki.html HTTP/1.1" 200 604 "-" "Mozilla/5.0 (X11; Linux x86_64) AppleWebKit/537.36 (KHTML, like Gecko) Chrome/61.0.3163.79 Safari/537.36" "ysfine.com"
157.55.39.6 - - [09/Dec/2022:04:09:40 -0800] "GET /philo/tao07b.jpg HTTP/1.1" 200 52158 "-" "Mozilla/5.0 AppleWebKit/537.36 (KHTML, like Gecko; compatible; bingbot/2.0; +http://www.bing.com/bingbot.htm) Chrome/103.0.5060.134 Safari/537.36" "ysfine.com"
64.124.8.59 - - [09/Dec/2022:04:10:29 -0800] "GET /archives/proceedings/wpro01/sanche.html HTTP/1.1" 200 710 "-" "Mozilla/5.0 (X11; Linux x86_64) AppleWebKit/537.36 (KHTML, like Gecko) Chrome/61.0.3163.79 Safari/537.36" "ysfine.com"
51.222.253.16 - - [09/Dec/2022:04:10:44 -0800] "GET /feynman/chapline.html HTTP/1.1" 200 974 "-" "Mozilla/5.0 (compatible; AhrefsBot/7.0; +http://ahrefs.com/robot/)" "ysfine.com"
207.46.13.48 - - [09/Dec/2022:04:10:48 -0800] "GET /bio/eink/buythisbook.html HTTP/1.1" 404 88 "-" "Mozilla/5.0 (compatible; bingbot/2.0; +http://www.bing.com/bingbot.htm)" "ysfine.com"
64.124.8.59 - - [09/Dec/2022:04:11:02 -0800] "GET /ysbio/princeton/prospect.html HTTP/1.1" 404 88 "-" "Mozilla/5.0 (X11; Linux x86_64) AppleWebKit/537.36 (KHTML, like Gecko) Chrome/61.0.3163.79 Safari/537.36" "ysfine.com"
64.124.8.59 - - [09/Dec/2022:04:11:15 -0800] "GET /archives/proceedings/boston/ho.html HTTP/1.1" 200 572 "-" "Mozilla/5.0 (X11; Linux x86_64) AppleWebKit/537.36 (KHTML, like Gecko) Chrome/61.0.3163.79 Safari/537.36" "ysfine.com"
64.124.8.59 - - [09/Dec/2022:04:11:20 -0800] "GET /ysbio/usca/norl/napo13 HTTP/1.1" 404 88 "-" "Mozilla/5.0 (X11; Linux x86_64) AppleWebKit/537.36 (KHTML, like Gecko) Chrome/61.0.3163.79 Safari/537.36" "ysfine.com"
157.55.39.76 - - [09/Dec/2022:04:11:32 -0800] "GET /bio/harmoarchi.html HTTP/1.1" 404 88 "-" "Mozilla/5.0 AppleWebKit/537.36 (KHTML, like Gecko; compatible; bingbot/2.0; +http://www.bing.com/bingbot.htm) Chrome/103.0.5060.134 Safari/537.36" "ysfine.com"
40.90.217.199 - - [09/Dec/2022:04:11:34 -0800] "GET /world/russ/kazan069.jpg HTTP/1.1" 200 75261 "-" "Mozilla/5.0 (X11; Ubuntu; Linux x86_64; rv:102.0) Gecko/20100101 Firefox/102.0" "ysfine.com"
157.55.39.6 - - [09/Dec/2022:04:13:51 -0800] "GET /people/lipkin02.jpg HTTP/1.1" 200 77424 "-" "Mozilla/5.0 (compatible; bingbot/2.0; +http://www.bing.com/bingbot.htm)" "ysfine.com"
51.222.253.4 - - [09/Dec/2022:04:14:04 -0800] "GET /class54/class5470/total_data/sub_101.htm HTTP/1.1" 200 3251 "-" "Mozilla/5.0 (compatible; AhrefsBot/7.0; +http://ahrefs.com/robot/)" "www.ysfine.com"
40.77.167.39 - - [09/Dec/2022:04:14:50 -0800] "GET /sbk/index.html HTTP/1.1" 304 - "-" "Mozilla/5.0 AppleWebKit/537.36 (KHTML, like Gecko; compatible; bingbot/2.0; +http://www.bing.com/bingbot.htm) Chrome/103.0.5060.134 Safari/537.36" "www.ysfine.com"
114.41.4.145 - - [09/Dec/2022:04:15:00 -0800] "GET /confer/conbot.html HTTP/1.1" 200 124 "http://ysfine.com/confer/conbot.html" "Mozilla/5.0 (Windows NT 6.1; WOW64) AppleWebKit/537.36 (KHTML, like Gecko) Chrome/38.0.5223.571 Safari/537.36" "ysfine.com"
51.222.253.10 - - [09/Dec/2022:04:17:06 -0800] "GET /class54/class5470/total_data/sub_801.htm HTTP/1.1" 200 3577 "-" "Mozilla/5.0 (compatible; AhrefsBot/7.0; +http://ahrefs.com/robot/)" "ysfine.com"
51.222.253.19 - - [09/Dec/2022:04:17:15 -0800] "GET /class54/class5470/total_data/refer_img/8-11_f.jpg HTTP/1.1" 200 31329 "-" "Mozilla/5.0 (compatible; AhrefsBot/7.0; +http://ahrefs.com/robot/)" "ysfine.com"
51.222.253.10 - - [09/Dec/2022:04:17:22 -0800] "GET /class54/class5470/total_data/refer_img/8-23_f.jpg HTTP/1.1" 200 35555 "-" "Mozilla/5.0 (compatible; AhrefsBot/7.0; +http://ahrefs.com/robot/)" "ysfine.com"
51.222.253.3 - - [09/Dec/2022:04:17:31 -0800] "GET /class54/class5470/total_data/refer_img/8-14_f.jpg HTTP/1.1" 200 36048 "-" "Mozilla/5.0 (compatible; AhrefsBot/7.0; +http://ahrefs.com/robot/)" "ysfine.com"
51.222.253.1 - - [09/Dec/2022:04:17:32 -0800] "GET /class54/class5470/total_data/refer_img/8-4_f.jpg HTTP/1.1" 200 27058 "-" "Mozilla/5.0 (compatible; AhrefsBot/7.0; +http://ahrefs.com/robot/)" "ysfine.com"
51.222.253.8 - - [09/Dec/2022:04:17:38 -0800] "GET /class54/class5470/total_data/refer_img/8-7_f.jpg HTTP/1.1" 200 33376 "-" "Mozilla/5.0 (compatible; AhrefsBot/7.0; +http://ahrefs.com/robot/)" "ysfine.com"
51.222.253.14 - - [09/Dec/2022:04:17:44 -0800] "GET /class54/class5470/total_data/refer_img/8-13_f.jpg HTTP/1.1" 200 33134 "-" "Mozilla/5.0 (compatible; AhrefsBot/7.0; +http://ahrefs.com/robot/)" "ysfine.com"
51.222.253.12 - - [09/Dec/2022:04:17:50 -0800] "GET /class54/class5470/total_data/refer_img/8-20_f.jpg HTTP/1.1" 200 35210 "-" "Mozilla/5.0 (compatible; AhrefsBot/7.0; +http://ahrefs.com/robot/)" "ysfine.com"
207.46.13.48 - - [09/Dec/2022:04:17:50 -0800] "GET /style/officepic.jpg HTTP/1.1" 200 65429 "-" "Mozilla/5.0 (compatible; bingbot/2.0; +http://www.bing.com/bingbot.htm)" "ysfine.com"
51.222.253.3 - - [09/Dec/2022:04:17:55 -0800] "GET /class54/class5470/total_data/refer_img/8-29_f.jpg HTTP/1.1" 200 39299 "-" "Mozilla/5.0 (compatible; AhrefsBot/7.0; +http://ahrefs.com/robot/)" "ysfine.com"
51.222.253.1 - - [09/Dec/2022:04:18:01 -0800] "GET /class54/class5470/total_data/refer_img/8-22_f.jpg HTTP/1.1" 200 32545 "-" "Mozilla/5.0 (compatible; AhrefsBot/7.0; +http://ahrefs.com/robot/)" "ysfine.com"
51.222.253.2 - - [09/Dec/2022:04:18:02 -0800] "GET /class54/class5470/total_data/refer_img/8-27_f.jpg HTTP/1.1" 200 35823 "-" "Mozilla/5.0 (compatible; AhrefsBot/7.0; +http://ahrefs.com/robot/)" "ysfine.com"
51.222.253.2 - - [09/Dec/2022:04:18:09 -0800] "GET /class54/class5470/total_data/refer_img/8-12_f.jpg HTTP/1.1" 200 28082 "-" "Mozilla/5.0 (compatible; AhrefsBot/7.0; +http://ahrefs.com/robot/)" "ysfine.com"
51.222.253.2 - - [09/Dec/2022:04:18:11 -0800] "GET /class54/class5470/total_data/refer_img/8-24_f.jpg HTTP/1.1" 200 32961 "-" "Mozilla/5.0 (compatible; AhrefsBot/7.0; +http://ahrefs.com/robot/)" "ysfine.com"
51.222.253.17 - - [09/Dec/2022:04:18:16 -0800] "GET /class54/class5470/total_data/refer_img/8-16_f.jpg HTTP/1.1" 200 30100 "-" "Mozilla/5.0 (compatible; AhrefsBot/7.0; +http://ahrefs.com/robot/)" "ysfine.com"
51.222.253.5 - - [09/Dec/2022:04:18:22 -0800] "GET /class54/class5470/total_data/refer_img/8-6_f.jpg HTTP/1.1" 200 36445 "-" "Mozilla/5.0 (compatible; AhrefsBot/7.0; +http://ahrefs.com/robot/)" "ysfine.com"
