66.249.66.40 - - [08/Dec/2022:21:58:51 -0800] "GET /home/top21c.jpg HTTP/1.1" 304 - "-" "Googlebot-Image/1.0" "ysfine.com"
66.249.66.40 - - [08/Dec/2022:21:58:55 -0800] "GET /princeton/brooke04.jpg HTTP/1.1" 200 117666 "-" "Googlebot-Image/1.0" "ysfine.com"
51.222.253.3 - - [08/Dec/2022:21:58:58 -0800] "GET /class54/class5470/total_data/refer_img/7-62_f.jpg HTTP/1.1" 200 36726 "-" "Mozilla/5.0 (compatible; AhrefsBot/7.0; +http://ahrefs.com/robot/)" "www.ysfine.com"
51.222.253.6 - - [08/Dec/2022:21:59:04 -0800] "GET /class54/class5470/total_data/photo_img/7-62.jpg HTTP/1.1" 200 234511 "-" "Mozilla/5.0 (compatible; AhrefsBot/7.0; +http://ahrefs.com/robot/)" "www.ysfine.com"
157.55.39.76 - - [08/Dec/2022:21:59:06 -0800] "GET /style/beetho44.jpg HTTP/1.1" 200 96297 "-" "Mozilla/5.0 AppleWebKit/537.36 (KHTML, like Gecko; compatible; bingbot/2.0; +http://www.bing.com/bingbot.htm) Chrome/103.0.5060.134 Safari/537.36" "www.ysfine.com"
51.222.253.13 - - [08/Dec/2022:21:59:11 -0800] "GET /class54/class5470/total_data/refer_img/7-61_f.jpg HTTP/1.1" 200 40859 "-" "Mozilla/5.0 (compatible; AhrefsBot/7.0; +http://ahrefs.com/robot/)" "www.ysfine.com"
71.84.10.96 - - [08/Dec/2022:21:59:15 -0800] "GET /world/china/china006.gif HTTP/1.1" 200 105398 "https://www.google.com/" "Mozilla/5.0 (iPhone; CPU iPhone OS 16_0 like Mac OS X) AppleWebKit/605.1.15 (KHTML, like Gecko) CriOS/108.0.5359.52 Mobile/15E148 Safari/604.1" "ysfine.com"
51.222.253.1 - - [08/Dec/2022:21:59:17 -0800] "GET /class54/class5470/total_data/refer_img/7-63_f.jpg HTTP/1.1" 200 37419 "-" "Mozilla/5.0 (compatible; AhrefsBot/7.0; +http://ahrefs.com/robot/)" "www.ysfine.com"
114.119.152.195 - - [08/Dec/2022:21:59:21 -0800] "GET /home/wcartoon.html HTTP/1.1" 200 6127 "https://www.ysfine.com/feynman/fthbot.html" "Mozilla/5.0 (Linux; Android 7.0;) AppleWebKit/537.36 (KHTML, like Gecko) Mobile Safari/537.36 (compatible; PetalBot;+https://webmaster.petalsearch.com/site/petalbot)" "www.ysfine.com"
51.222.253.5 - - [08/Dec/2022:21:59:23 -0800] "GET /class54/class5470/total_data/refer_img/7-74_f.jpg HTTP/1.1" 200 40497 "-" "Mozilla/5.0 (compatible; AhrefsBot/7.0; +http://ahrefs.com/robot/)" "www.ysfine.com"
157.55.39.6 - - [08/Dec/2022:21:59:25 -0800] "GET /yspapers/hosc2by2.jpg HTTP/1.1" 200 168970 "-" "Mozilla/5.0 AppleWebKit/537.36 (KHTML, like Gecko; compatible; bingbot/2.0; +http://www.bing.com/bingbot.htm) Chrome/103.0.5060.134 Safari/537.36" "ysfine.com"
51.222.253.4 - - [08/Dec/2022:21:59:27 -0800] "GET /class54/class5470/total_data/sub_8134.htm HTTP/1.1" 200 3511 "-" "Mozilla/5.0 (compatible; AhrefsBot/7.0; +http://ahrefs.com/robot/)" "ysfine.com"
51.222.253.5 - - [08/Dec/2022:21:59:29 -0800] "GET /class54/class5470/total_data/refer_img/7-73_f.jpg HTTP/1.1" 200 41112 "-" "Mozilla/5.0 (compatible; AhrefsBot/7.0; +http://ahrefs.com/robot/)" "www.ysfine.com"
51.222.253.4 - - [08/Dec/2022:21:59:35 -0800] "GET /class54/class5470/total_data/refer_img/7-69_f.jpg HTTP/1.1" 200 37045 "-" "Mozilla/5.0 (compatible; AhrefsBot/7.0; +http://ahrefs.com/robot/)" "www.ysfine.com"
51.222.253.1 - - [08/Dec/2022:21:59:41 -0800] "GET /class54/class5470/total_data/refer_img/7-78_f.jpg HTTP/1.1" 200 38175 "-" "Mozilla/5.0 (compatible; AhrefsBot/7.0; +http://ahrefs.com/robot/)" "www.ysfine.com"
51.222.253.9 - - [08/Dec/2022:21:59:47 -0800] "GET /class54/class5470/total_data/refer_img/7-80_f.jpg HTTP/1.1" 200 40487 "-" "Mozilla/5.0 (compatible; AhrefsBot/7.0; +http://ahrefs.com/robot/)" "www.ysfine.com"
51.222.253.8 - - [08/Dec/2022:21:59:53 -0800] "GET /class54/class5470/total_data/refer_img/7-66_f.jpg HTTP/1.1" 200 38179 "-" "Mozilla/5.0 (compatible; AhrefsBot/7.0; +http://ahrefs.com/robot/)" "www.ysfine.com"
51.222.253.19 - - [08/Dec/2022:22:00:02 -0800] "GET /class54/class5470/total_data/refer_img/7-68_f.jpg HTTP/1.1" 200 42423 "-" "Mozilla/5.0 (compatible; AhrefsBot/7.0; +http://ahrefs.com/robot/)" "www.ysfine.com"
51.222.253.19 - - [08/Dec/2022:22:00:08 -0800] "GET /class54/class5470/total_data/refer_img/7-67_f.jpg HTTP/1.1" 200 34258 "-" "Mozilla/5.0 (compatible; AhrefsBot/7.0; +http://ahrefs.com/robot/)" "www.ysfine.com"
207.46.13.134 - - [08/Dec/2022:22:00:08 -0800] "GET /usca/vegas/exca01.jpg HTTP/1.1" 200 105219 "-" "Mozilla/5.0 AppleWebKit/537.36 (KHTML, like Gecko; compatible; bingbot/2.0; +http://www.bing.com/bingbot.htm) Chrome/103.0.5060.134 Safari/537.36" "www.ysfine.com"
2.79.156.180 - - [08/Dec/2022:22:00:23 -0800] "GET /home/ellipse53.jpg HTTP/1.1" 200 124704 "https://www.google.com/" "Mozilla/5.0 (Windows NT 10.0; Win64; x64) AppleWebKit/537.36 (KHTML, like Gecko) Chrome/108.0.0.0 Safari/537.36" "ysfine.com"
157.55.39.76 - - [08/Dec/2022:22:00:37 -0800] "GET /bio/kobak/yskor.html HTTP/1.1" 404 88 "-" "Mozilla/5.0 (compatible; bingbot/2.0; +http://www.bing.com/bingbot.htm)" "ysfine.com"
51.222.253.5 - - [08/Dec/2022:22:01:00 -0800] "GET /world/feynrio.html HTTP/1.1" 200 8831 "-" "Mozilla/5.0 (compatible; AhrefsBot/7.0; +http://ahrefs.com/robot/)" "ysfine.com"
51.222.253.4 - - [08/Dec/2022:22:01:11 -0800] "GET /style/venus6.jpg HTTP/1.1" 200 36692 "-" "Mozilla/5.0 (compatible; AhrefsBot/7.0; +http://ahrefs.com/robot/)" "ysfine.com"
51.222.253.12 - - [08/Dec/2022:22:01:17 -0800] "GET /world/latina/rio004b.jpg HTTP/1.1" 200 40739 "-" "Mozilla/5.0 (compatible; AhrefsBot/7.0; +http://ahrefs.com/robot/)" "ysfine.com"
51.222.253.13 - - [08/Dec/2022:22:01:23 -0800] "GET /world/latina/sambario11b.jpg HTTP/1.1" 200 31272 "-" "Mozilla/5.0 (compatible; AhrefsBot/7.0; +http://ahrefs.com/robot/)" "ysfine.com"
51.222.253.5 - - [08/Dec/2022:22:01:29 -0800] "GET /world/latina/sambario05b.jpg HTTP/1.1" 200 30071 "-" "Mozilla/5.0 (compatible; AhrefsBot/7.0; +http://ahrefs.com/robot/)" "ysfine.com"
51.222.253.11 - - [08/Dec/2022:22:01:35 -0800] "GET /princeton/prospect22b.jpg HTTP/1.1" 200 46073 "-" "Mozilla/5.0 (compatible; AhrefsBot/7.0; +http://ahrefs.com/robot/)" "ysfine.com"
51.222.253.4 - - [08/Dec/2022:22:01:40 -0800] "GET /world/latina/rio081b.jpg HTTP/1.1" 200 33294 "-" "Mozilla/5.0 (compatible; AhrefsBot/7.0; +http://ahrefs.com/robot/)" "ysfine.com"
51.222.253.18 - - [08/Dec/2022:22:01:43 -0800] "GET /world/latina/rio097b.jpg HTTP/1.1" 200 43071 "-" "Mozilla/5.0 (compatible; AhrefsBot/7.0; +http://ahrefs.com/robot/)" "ysfine.com"
51.222.253.16 - - [08/Dec/2022:22:01:49 -0800] "GET /world/latina/sambario10b.jpg HTTP/1.1" 200 33490 "-" "Mozilla/5.0 (compatible; AhrefsBot/7.0; +http://ahrefs.com/robot/)" "ysfine.com"
51.222.253.12 - - [08/Dec/2022:22:01:55 -0800] "GET /princeton/sambapr01b.jpg HTTP/1.1" 200 53107 "-" "Mozilla/5.0 (compatible; AhrefsBot/7.0; +http://ahrefs.com/robot/)" "ysfine.com"
51.222.253.4 - - [08/Dec/2022:22:02:01 -0800] "GET /world/latina/rio056b.jpg HTTP/1.1" 200 30911 "-" "Mozilla/5.0 (compatible; AhrefsBot/7.0; +http://ahrefs.com/robot/)" "ysfine.com"
51.222.253.13 - - [08/Dec/2022:22:02:11 -0800] "GET /world/latina/rio073b.jpg HTTP/1.1" 200 38788 "-" "Mozilla/5.0 (compatible; AhrefsBot/7.0; +http://ahrefs.com/robot/)" "ysfine.com"
51.222.253.17 - - [08/Dec/2022:22:02:17 -0800] "GET /world/latina/rio025b.jpg HTTP/1.1" 200 39082 "-" "Mozilla/5.0 (compatible; AhrefsBot/7.0; +http://ahrefs.com/robot/)" "ysfine.com"
66.249.66.43 - - [08/Dec/2022:22:02:22 -0800] "GET /world/scandi/sto020.jpg HTTP/1.1" 304 - "-" "Googlebot-Image/1.0" "ysfine.com"
51.222.253.1 - - [08/Dec/2022:22:02:23 -0800] "GET /kobak/taylor450.jpg HTTP/1.1" 200 70219 "-" "Mozilla/5.0 (compatible; AhrefsBot/7.0; +http://ahrefs.com/robot/)" "ysfine.com"
207.46.13.20 - - [08/Dec/2022:22:02:28 -0800] "GET /people/yodh03b.jpg HTTP/1.1" 200 30154 "-" "Mozilla/5.0 (compatible; bingbot/2.0; +http://www.bing.com/bingbot.htm)" "ysfine.com"
51.222.253.5 - - [08/Dec/2022:22:02:29 -0800] "GET /class54/class5470/total_data/sub_209.htm HTTP/1.1" 200 3396 "-" "Mozilla/5.0 (compatible; AhrefsBot/7.0; +http://ahrefs.com/robot/)" "ysfine.com"
51.222.253.3 - - [08/Dec/2022:22:02:30 -0800] "GET /ffriends/telefon2.jpg HTTP/1.1" 200 50541 "-" "Mozilla/5.0 (compatible; AhrefsBot/7.0; +http://ahrefs.com/robot/)" "ysfine.com"
51.222.253.7 - - [08/Dec/2022:22:02:36 -0800] "GET /world/latina/rio021b.jpg HTTP/1.1" 200 48636 "-" "Mozilla/5.0 (compatible; AhrefsBot/7.0; +http://ahrefs.com/robot/)" "ysfine.com"
51.222.253.3 - - [08/Dec/2022:22:02:42 -0800] "GET /ffriends/russrio22b.jpg HTTP/1.1" 200 28891 "-" "Mozilla/5.0 (compatible; AhrefsBot/7.0; +http://ahrefs.com/robot/)" "ysfine.com"
157.55.39.6 - - [08/Dec/2022:22:02:46 -0800] "GET /bio/dirac/diracpol.html HTTP/1.1" 404 88 "-" "Mozilla/5.0 AppleWebKit/537.36 (KHTML, like Gecko; compatible; bingbot/2.0; +http://www.bing.com/bingbot.htm) Chrome/103.0.5060.134 Safari/537.36" "ysfine.com"
66.249.66.40 - - [08/Dec/2022:22:02:46 -0800] "GET /kowar/tanks/tank04.jpg HTTP/1.1" 304 - "-" "Googlebot-Image/1.0" "ysfine.com"
157.55.39.6 - - [08/Dec/2022:22:02:46 -0800] "GET /bio/kobak/namdae.html HTTP/1.1" 404 88 "-" "Mozilla/5.0 AppleWebKit/537.36 (KHTML, like Gecko; compatible; bingbot/2.0; +http://www.bing.com/bingbot.htm) Chrome/103.0.5060.134 Safari/537.36" "ysfine.com"
51.222.253.10 - - [08/Dec/2022:22:02:48 -0800] "GET /world/latina/rio103b.jpg HTTP/1.1" 200 37857 "-" "Mozilla/5.0 (compatible; AhrefsBot/7.0; +http://ahrefs.com/robot/)" "ysfine.com"
51.222.253.7 - - [08/Dec/2022:22:02:53 -0800] "GET /world/scandi/vaxdoll33b.jpg HTTP/1.1" 200 56336 "-" "Mozilla/5.0 (compatible; AhrefsBot/7.0; +http://ahrefs.com/robot/)" "ysfine.com"
40.90.216.88 - - [08/Dec/2022:22:02:57 -0800] "GET /kobak/1014b.jpg HTTP/1.1" 200 42115 "-" "Mozilla/5.0 (Macintosh; Intel Mac OS X 13_0_1) AppleWebKit/537.36 (KHTML, like Gecko) Chrome/108.0.0.0 Safari/537.36 Edg/108.0.1462.46" "ysfine.com"
51.222.253.16 - - [08/Dec/2022:22:03:00 -0800] "GET /world/latina/rio051b.jpg HTTP/1.1" 200 21302 "-" "Mozilla/5.0 (compatible; AhrefsBot/7.0; +http://ahrefs.com/robot/)" "ysfine.com"
51.222.253.20 - - [08/Dec/2022:22:03:05 -0800] "GET /world/latina/sambario18b.jpg HTTP/1.1" 200 53856 "-" "Mozilla/5.0 (compatible; AhrefsBot/7.0; +http://ahrefs.com/robot/)" "ysfine.com"
157.55.39.6 - - [08/Dec/2022:22:03:06 -0800] "GET /bio/style/leica.html HTTP/1.1" 404 88 "-" "Mozilla/5.0 AppleWebKit/537.36 (KHTML, like Gecko; compatible; bingbot/2.0; +http://www.bing.com/bingbot.htm) Chrome/103.0.5060.134 Safari/537.36" "ysfine.com"
51.222.253.2 - - [08/Dec/2022:22:03:17 -0800] "GET /world/latina/rio024b.jpg HTTP/1.1" 200 31606 "-" "Mozilla/5.0 (compatible; AhrefsBot/7.0; +http://ahrefs.com/robot/)" "ysfine.com"
51.222.253.13 - - [08/Dec/2022:22:03:22 -0800] "GET /world/latina/rio003b.jpg HTTP/1.1" 200 28468 "-" "Mozilla/5.0 (compatible; AhrefsBot/7.0; +http://ahrefs.com/robot/)" "ysfine.com"
157.55.39.6 - - [08/Dec/2022:22:03:26 -0800] "GET /sbk/2019sevi15.jpg HTTP/1.1" 200 186648 "-" "Mozilla/5.0 AppleWebKit/537.36 (KHTML, like Gecko; compatible; bingbot/2.0; +http://www.bing.com/bingbot.htm) Chrome/103.0.5060.134 Safari/537.36" "www.ysfine.com"
66.249.66.44 - - [08/Dec/2022:22:03:47 -0800] "GET /world/france/champbenz08.jpg HTTP/1.1" 304 - "-" "Googlebot-Image/1.0" "ysfine.com"
51.222.253.10 - - [08/Dec/2022:22:04:06 -0800] "GET /class54/class5470/total_data/sub_256.htm HTTP/1.1" 200 3375 "-" "Mozilla/5.0 (compatible; AhrefsBot/7.0; +http://ahrefs.com/robot/)" "ysfine.com"
40.77.167.39 - - [08/Dec/2022:22:04:17 -0800] "GET /world/ital/venice03b.jpg HTTP/1.1" 200 43903 "-" "Mozilla/5.0 (compatible; bingbot/2.0; +http://www.bing.com/bingbot.htm)" "ysfine.com"
40.77.167.39 - - [08/Dec/2022:22:04:19 -0800] "GET /world/russ/mosmusic31.jpg HTTP/1.1" 200 115711 "-" "Mozilla/5.0 AppleWebKit/537.36 (KHTML, like Gecko; compatible; bingbot/2.0; +http://www.bing.com/bingbot.htm) Chrome/103.0.5060.134 Safari/537.36" "ysfine.com"
66.249.66.44 - - [08/Dec/2022:22:04:36 -0800] "GET /usca/calif/sdiego02c.jpg HTTP/1.1" 304 - "-" "Googlebot-Image/1.0" "ysfine.com"
216.30.158.120 - - [08/Dec/2022:22:05:02 -0800] "GET /home/wcartoon.html HTTP/1.1" 200 6127 "https://www.google.com/" "Mozilla/5.0 (Linux; Android 13; Pixel 6 Pro) AppleWebKit/537.36 (KHTML, like Gecko) Chrome/108.0.0.0 Mobile Safari/537.36" "ysfine.com"
216.30.158.120 - - [08/Dec/2022:22:05:02 -0800] "GET /feynman/feyn86b.jpg HTTP/1.1" 200 26190 "https://ysfine.com/home/wcartoon.html" "Mozilla/5.0 (Linux; Android 13; Pixel 6 Pro) AppleWebKit/537.36 (KHTML, like Gecko) Chrome/108.0.0.0 Mobile Safari/537.36" "ysfine.com"
216.30.158.120 - - [08/Dec/2022:22:05:02 -0800] "GET /people/wheemos2.jpg HTTP/1.1" 200 46241 "https://ysfine.com/home/wcartoon.html" "Mozilla/5.0 (Linux; Android 13; Pixel 6 Pro) AppleWebKit/537.36 (KHTML, like Gecko) Chrome/108.0.0.0 Mobile Safari/537.36" "ysfine.com"
216.30.158.120 - - [08/Dec/2022:22:05:02 -0800] "GET /dirac/dirac88b.jpg HTTP/1.1" 200 23985 "https://ysfine.com/home/wcartoon.html" "Mozilla/5.0 (Linux; Android 13; Pixel 6 Pro) AppleWebKit/537.36 (KHTML, like Gecko) Chrome/108.0.0.0 Mobile Safari/537.36" "ysfine.com"
216.30.158.120 - - [08/Dec/2022:22:05:02 -0800] "GET /dirac/diracqm33b.jpg HTTP/1.1" 200 44237 "https://ysfine.com/home/wcartoon.html" "Mozilla/5.0 (Linux; Android 13; Pixel 6 Pro) AppleWebKit/537.36 (KHTML, like Gecko) Chrome/108.0.0.0 Mobile Safari/537.36" "ysfine.com"
216.30.158.120 - - [08/Dec/2022:22:05:02 -0800] "GET /home/comet01b.jpg HTTP/1.1" 200 53465 "https://ysfine.com/home/wcartoon.html" "Mozilla/5.0 (Linux; Android 13; Pixel 6 Pro) AppleWebKit/537.36 (KHTML, like Gecko) Chrome/108.0.0.0 Mobile Safari/537.36" "ysfine.com"
216.30.158.120 - - [08/Dec/2022:22:05:02 -0800] "GET /home/wheestat11b.jpg HTTP/1.1" 200 37827 "https://ysfine.com/home/wcartoon.html" "Mozilla/5.0 (Linux; Android 13; Pixel 6 Pro) AppleWebKit/537.36 (KHTML, like Gecko) Chrome/108.0.0.0 Mobile Safari/537.36" "ysfine.com"
216.30.158.120 - - [08/Dec/2022:22:05:02 -0800] "GET /home/goodbad2.jpg HTTP/1.1" 200 17488 "https://ysfine.com/home/wcartoon.html" "Mozilla/5.0 (Linux; Android 13; Pixel 6 Pro) AppleWebKit/537.36 (KHTML, like Gecko) Chrome/108.0.0.0 Mobile Safari/537.36" "ysfine.com"
216.30.158.120 - - [08/Dec/2022:22:05:02 -0800] "GET /dirac/sq66b.jpg HTTP/1.1" 200 22242 "https://ysfine.com/home/wcartoon.html" "Mozilla/5.0 (Linux; Android 13; Pixel 6 Pro) AppleWebKit/537.36 (KHTML, like Gecko) Chrome/108.0.0.0 Mobile Safari/537.36" "ysfine.com"
216.30.158.120 - - [08/Dec/2022:22:05:02 -0800] "GET /eink/eink24b.jpg HTTP/1.1" 200 42003 "https://ysfine.com/home/wcartoon.html" "Mozilla/5.0 (Linux; Android 13; Pixel 6 Pro) AppleWebKit/537.36 (KHTML, like Gecko) Chrome/108.0.0.0 Mobile Safari/537.36" "ysfine.com"
216.30.158.120 - - [08/Dec/2022:22:05:03 -0800] "GET /favicon.ico HTTP/1.1" 404 88 "https://ysfine.com/home/wcartoon.html" "Mozilla/5.0 (Linux; Android 13; Pixel 6 Pro) AppleWebKit/537.36 (KHTML, like Gecko) Chrome/108.0.0.0 Mobile Safari/537.36" "ysfine.com"
185.191.171.24 - - [08/Dec/2022:22:05:04 -0800] "GET /style/artlove.html HTTP/1.1" 200 16005 "-" "Mozilla/5.0 (compatible; SemrushBot/7~bl; +http://www.semrush.com/bot.html)" "ysfine.com"
112.199.196.24 - - [08/Dec/2022:22:05:38 -0800] "GET /world/china/china015.jpg HTTP/1.1" 200 208572 "https://www.bing.com/" "Mozilla/5.0 (Windows NT 10.0; Win64; x64) AppleWebKit/537.36 (KHTML, like Gecko) Chrome/108.0.0.0 Safari/537.36 Edg/108.0.1462.42" "www.ysfine.com"
51.222.253.2 - - [08/Dec/2022:22:05:50 -0800] "GET /class54/class5470/total_data/sub_2123.htm HTTP/1.1" 200 3367 "-" "Mozilla/5.0 (compatible; AhrefsBot/7.0; +http://ahrefs.com/robot/)" "ysfine.com"
51.222.253.18 - - [08/Dec/2022:22:05:54 -0800] "GET /class54/class5470/total_data/photo_img/2-123.jpg HTTP/1.1" 200 253172 "-" "Mozilla/5.0 (compatible; AhrefsBot/7.0; +http://ahrefs.com/robot/)" "ysfine.com"
66.249.66.43 - - [08/Dec/2022:22:06:08 -0800] "GET /world/scandi/wignob03.jpg HTTP/1.1" 200 124713 "-" "Googlebot-Image/1.0" "ysfine.com"
99.16.89.129 - - [08/Dec/2022:22:06:41 -0800] "GET /apple-touch-icon.png HTTP/1.1" 404 88 "-" "Mozilla/5.0 (Macintosh; Intel Mac OS X 10_11_1) AppleWebKit/601.2.4 (KHTML, like Gecko) Version/9.0.1 Safari/601.2.4 facebookexternalhit/1.1 Facebot Twitterbot/1.0" "ysfine.com"
99.16.89.129 - - [08/Dec/2022:22:06:41 -0800] "GET /apple-touch-icon-precomposed.png HTTP/1.1" 404 88 "-" "Mozilla/5.0 (Macintosh; Intel Mac OS X 10_11_1) AppleWebKit/601.2.4 (KHTML, like Gecko) Version/9.0.1 Safari/601.2.4 facebookexternalhit/1.1 Facebot Twitterbot/1.0" "ysfine.com"
99.16.89.129 - - [08/Dec/2022:22:06:41 -0800] "GET /maga/tesla.html HTTP/1.1" 200 4852 "-" "Mozilla/5.0 (Macintosh; Intel Mac OS X 10_11_1) AppleWebKit/601.2.4 (KHTML, like Gecko) Version/9.0.1 Safari/601.2.4 facebookexternalhit/1.1 Facebot Twitterbot/1.0" "ysfine.com"
99.16.89.129 - - [08/Dec/2022:22:06:41 -0800] "GET /favicon.ico HTTP/1.1" 404 88 "-" "Mozilla/5.0 (Macintosh; Intel Mac OS X 10_11_1) AppleWebKit/601.2.4 (KHTML, like Gecko) Version/9.0.1 Safari/601.2.4 facebookexternalhit/1.1 Facebot Twitterbot/1.0" "ysfine.com"
99.16.89.129 - - [08/Dec/2022:22:06:41 -0800] "GET /apple-touch-icon.png HTTP/1.1" 404 88 "-" "Mozilla/5.0 (Macintosh; Intel Mac OS X 10_11_1) AppleWebKit/601.2.4 (KHTML, like Gecko) Version/9.0.1 Safari/601.2.4 facebookexternalhit/1.1 Facebot Twitterbot/1.0" "ysfine.com"
99.16.89.129 - - [08/Dec/2022:22:06:41 -0800] "GET /apple-touch-icon-precomposed.png HTTP/1.1" 404 88 "-" "Mozilla/5.0 (Macintosh; Intel Mac OS X 10_11_1) AppleWebKit/601.2.4 (KHTML, like Gecko) Version/9.0.1 Safari/601.2.4 facebookexternalhit/1.1 Facebot Twitterbot/1.0" "ysfine.com"
99.16.89.129 - - [08/Dec/2022:22:06:41 -0800] "GET /usca/pgh22.html HTTP/1.1" 200 11391 "-" "Mozilla/5.0 (Macintosh; Intel Mac OS X 10_11_1) AppleWebKit/601.2.4 (KHTML, like Gecko) Version/9.0.1 Safari/601.2.4 facebookexternalhit/1.1 Facebot Twitterbot/1.0" "ysfine.com"
192.0.112.82 - - [08/Dec/2022:22:06:42 -0800] "GET /feynman/ppic/hyperell01b.jpg HTTP/1.1" 200 29858 "-" "Photon/1.0" "ysfine.com"
51.222.253.15 - - [08/Dec/2022:22:07:34 -0800] "GET /class54/class5470/total_data/sub_763.htm HTTP/1.1" 200 3289 "-" "Mozilla/5.0 (compatible; AhrefsBot/7.0; +http://ahrefs.com/robot/)" "www.ysfine.com"
66.249.66.44 - - [08/Dec/2022:22:08:29 -0800] "GET /princeton/pumu16.jpg HTTP/1.1" 200 90926 "-" "Googlebot-Image/1.0" "ysfine.com"
66.249.66.44 - - [08/Dec/2022:22:09:07 -0800] "GET /people/dnepro.jpg HTTP/1.1" 200 43071 "-" "Googlebot-Image/1.0" "ysfine.com"
51.222.253.15 - - [08/Dec/2022:22:09:15 -0800] "GET /class54/class5470/total_data/sub_264.htm HTTP/1.1" 200 3359 "-" "Mozilla/5.0 (compatible; AhrefsBot/7.0; +http://ahrefs.com/robot/)" "www.ysfine.com"
185.191.171.2 - - [08/Dec/2022:22:09:27 -0800] "GET /robots.txt HTTP/1.1" 404 88 "-" "Mozilla/5.0 (compatible; SemrushBot/7~bl; +http://www.semrush.com/bot.html)" "www.ysfine.com"
185.191.171.34 - - [08/Dec/2022:22:09:28 -0800] "GET /awards/iao.html HTTP/1.1" 200 2748 "-" "Mozilla/5.0 (compatible; SemrushBot/7~bl; +http://www.semrush.com/bot.html)" "www.ysfine.com"
40.77.167.39 - - [08/Dec/2022:22:09:58 -0800] "GET /maga/phys/farad06.jpg HTTP/1.1" 200 108532 "-" "Mozilla/5.0 AppleWebKit/537.36 (KHTML, like Gecko; compatible; bingbot/2.0; +http://www.bing.com/bingbot.htm) Chrome/103.0.5060.134 Safari/537.36" "www.ysfine.com"
40.90.217.103 - - [08/Dec/2022:22:10:00 -0800] "GET /world/russ/masha55.jpg HTTP/1.1" 200 161932 "-" "Mozilla/5.0 (X11; Ubuntu; Linux x86_64; rv:107.0) Gecko/20100101 Firefox/107.0" "ysfine.com"
114.119.128.20 - - [08/Dec/2022:22:10:11 -0800] "GET /remote/wigner111/frame02.html HTTP/1.1" 200 772 "https://ysfine.com/remote/wigner111/index.html" "Mozilla/5.0 (Linux; Android 7.0;) AppleWebKit/537.36 (KHTML, like Gecko) Mobile Safari/537.36 (compatible; PetalBot;+https://webmaster.petalsearch.com/site/petalbot)" "ysfine.com"
51.222.253.5 - - [08/Dec/2022:22:11:01 -0800] "GET /class54/class5470/total_data/sub_269.htm HTTP/1.1" 200 3374 "-" "Mozilla/5.0 (compatible; AhrefsBot/7.0; +http://ahrefs.com/robot/)" "ysfine.com"
40.90.217.7 - - [08/Dec/2022:22:11:13 -0800] "GET /world/brit/harrow12b.jpg HTTP/1.1" 200 45104 "-" "Mozilla/5.0 (X11; Linux x86_64) AppleWebKit/537.36 (KHTML, like Gecko) Chrome/108.0.0.0 Safari/537.36" "ysfine.com"
66.249.66.44 - - [08/Dec/2022:22:11:15 -0800] "GET /world/germany/stutt11.jpg HTTP/1.1" 200 130590 "-" "Googlebot-Image/1.0" "ysfine.com"
173.54.42.46 - - [08/Dec/2022:22:11:32 -0800] "GET /maga/invent/sarnoffco11c.jpg HTTP/1.1" 200 23780 "https://www.google.com/" "Mozilla/5.0 (Windows NT 10.0; Win64; x64) AppleWebKit/537.36 (KHTML, like Gecko) Chrome/108.0.0.0 Safari/537.36" "ysfine.com"
207.46.13.48 - - [08/Dec/2022:22:11:34 -0800] "GET /bio/eink/buythisbook.html HTTP/1.1" 404 88 "-" "Mozilla/5.0 (compatible; bingbot/2.0; +http://www.bing.com/bingbot.htm)" "ysfine.com"
207.46.13.48 - - [08/Dec/2022:22:11:34 -0800] "GET /sbk/2012lon22.jpg HTTP/1.1" 200 229089 "-" "Mozilla/5.0 AppleWebKit/537.36 (KHTML, like Gecko; compatible; bingbot/2.0; +http://www.bing.com/bingbot.htm) Chrome/103.0.5060.134 Safari/537.36" "ysfine.com"
207.46.13.48 - - [08/Dec/2022:22:11:34 -0800] "GET /usca/pitt/pgh58a.jpg HTTP/1.1" 200 124020 "-" "Mozilla/5.0 AppleWebKit/537.36 (KHTML, like Gecko; compatible; bingbot/2.0; +http://www.bing.com/bingbot.htm) Chrome/103.0.5060.134 Safari/537.36" "ysfine.com"
207.46.13.48 - - [08/Dec/2022:22:11:35 -0800] "GET /maga/invent/amellon11.jpg HTTP/1.1" 200 21348 "-" "Mozilla/5.0 AppleWebKit/537.36 (KHTML, like Gecko; compatible; bingbot/2.0; +http://www.bing.com/bingbot.htm) Chrome/103.0.5060.134 Safari/537.36" "ysfine.com"
173.54.42.46 - - [08/Dec/2022:22:11:35 -0800] "GET /maga/invent/sarnoffco11c.jpg HTTP/1.1" 200 23780 "https://www.google.com/" "Mozilla/5.0 (Windows NT 10.0; Win64; x64) AppleWebKit/537.36 (KHTML, like Gecko) Chrome/108.0.0.0 Safari/537.36" "ysfine.com"
173.54.42.46 - - [08/Dec/2022:22:11:35 -0800] "GET /favicon.ico HTTP/1.1" 404 88 "https://ysfine.com/maga/invent/sarnoffco11c.jpg" "Mozilla/5.0 (Windows NT 10.0; Win64; x64) AppleWebKit/537.36 (KHTML, like Gecko) Chrome/108.0.0.0 Safari/537.36" "ysfine.com"
173.54.42.46 - - [08/Dec/2022:22:11:45 -0800] "GET /maga/invent/sarnoffco33.jpg HTTP/1.1" 200 57157 "https://www.google.com/" "Mozilla/5.0 (Windows NT 10.0; Win64; x64) AppleWebKit/537.36 (KHTML, like Gecko) Chrome/108.0.0.0 Safari/537.36" "ysfine.com"
114.119.134.156 - - [08/Dec/2022:22:11:55 -0800] "GET /class54/class5470/total_data/sub_219.htm HTTP/1.1" 200 3396 "https://ysfine.com/class54/class5470/total_data/sub_213.htm" "Mozilla/5.0 (Linux; Android 7.0;) AppleWebKit/537.36 (KHTML, like Gecko) Mobile Safari/537.36 (compatible; PetalBot;+https://webmaster.petalsearch.com/site/petalbot)" "ysfine.com"
66.249.66.43 - - [08/Dec/2022:22:12:25 -0800] "GET /world/brit/harrow14.jpg HTTP/1.1" 304 - "-" "Googlebot-Image/1.0" "ysfine.com"
51.222.253.1 - - [08/Dec/2022:22:12:38 -0800] "GET /class54/class5470/total_data/sub_244.htm HTTP/1.1" 200 3403 "-" "Mozilla/5.0 (compatible; AhrefsBot/7.0; +http://ahrefs.com/robot/)" "ysfine.com"
157.55.39.6 - - [08/Dec/2022:22:12:47 -0800] "GET /newyork/chinat05.jpg HTTP/1.1" 200 88096 "-" "Mozilla/5.0 (compatible; bingbot/2.0; +http://www.bing.com/bingbot.htm)" "www.ysfine.com"
114.119.153.172 - - [08/Dec/2022:22:12:52 -0800] "GET /world/ital/lascala12.jpg HTTP/1.1" 200 116101 "http://www.ysfine.com/world/musplace.html" "Mozilla/5.0 (Linux; Android 7.0;) AppleWebKit/537.36 (KHTML, like Gecko) Mobile Safari/537.36 (compatible; PetalBot;+https://webmaster.petalsearch.com/site/petalbot)" "www.ysfine.com"
66.249.66.40 - - [08/Dec/2022:22:12:55 -0800] "GET /philo/e=mc11.jpg HTTP/1.1" 200 101467 "-" "Googlebot-Image/1.0" "ysfine.com"
40.90.217.21 - - [08/Dec/2022:22:12:56 -0800] "GET /world/china/china003b.jpg HTTP/1.1" 200 37220 "-" "Mozilla/5.0 (Windows NT 10.0) AppleWebKit/537.36 (KHTML, like Gecko) Chrome/108.0.0.0 Safari/537.36" "ysfine.com"
157.55.39.6 - - [08/Dec/2022:22:13:18 -0800] "GET /bio/einstein/bern.html HTTP/1.1" 404 88 "-" "Mozilla/5.0 AppleWebKit/537.36 (KHTML, like Gecko; compatible; bingbot/2.0; +http://www.bing.com/bingbot.htm) Chrome/103.0.5060.134 Safari/537.36" "ysfine.com"
185.191.171.42 - - [08/Dec/2022:22:13:24 -0800] "GET /robots.txt HTTP/1.1" 404 88 "-" "Mozilla/5.0 (compatible; SemrushBot/7~bl; +http://www.semrush.com/bot.html)" "ysfine.com"
185.191.171.25 - - [08/Dec/2022:22:13:26 -0800] "GET /maga/keigel22.html HTTP/1.1" 200 4929 "-" "Mozilla/5.0 (compatible; SemrushBot/7~bl; +http://www.semrush.com/bot.html)" "ysfine.com"
185.191.171.16 - - [08/Dec/2022:22:13:29 -0800] "GET /sitemap.xml HTTP/1.1" 200 166 "-" "Mozilla/5.0 (compatible; SemrushBot/7~bl; +http://www.semrush.com/bot.html)" "ysfine.com"
51.222.253.11 - - [08/Dec/2022:22:14:16 -0800] "GET /class54/class5470/total_data/sub_739.htm HTTP/1.1" 200 3294 "-" "Mozilla/5.0 (compatible; AhrefsBot/7.0; +http://ahrefs.com/robot/)" "ysfine.com"
207.46.13.20 - - [08/Dec/2022:22:14:29 -0800] "GET /bio/style/proschanie.html HTTP/1.1" 404 88 "-" "Mozilla/5.0 AppleWebKit/537.36 (KHTML, like Gecko; compatible; bingbot/2.0; +http://www.bing.com/bingbot.htm) Chrome/103.0.5060.134 Safari/537.36" "ysfine.com"
66.249.66.43 - - [08/Dec/2022:22:14:33 -0800] "GET /world/brit/harrow09.jpg HTTP/1.1" 304 - "-" "Googlebot-Image/1.0" "ysfine.com"
5.188.210.21 - - [08/Dec/2022:22:14:57 -0800] "GET / HTTP/1.1" 200 15920 "https://www.ysfine.com/" "Mozilla/5.0 (Windows NT 6.1; Win64; x64) AppleWebKit/537.36 (KHTML, like Gecko) Chrome/90.0.4430.85 Safari/537.36 Edg/90.0.818.49" "www.ysfine.com"
157.55.39.76 - - [08/Dec/2022:22:15:08 -0800] "GET /bio/bio07.html HTTP/1.1" 404 88 "-" "Mozilla/5.0 (compatible; bingbot/2.0; +http://www.bing.com/bingbot.htm)" "ysfine.com"
66.249.66.40 - - [08/Dec/2022:22:15:19 -0800] "GET /princeton/prospectg33b.jpg HTTP/1.1" 304 - "-" "Googlebot-Image/1.0" "ysfine.com"
185.191.171.18 - - [08/Dec/2022:22:15:39 -0800] "GET /kobak/rifles.html HTTP/1.1" 200 1360 "-" "Mozilla/5.0 (compatible; SemrushBot/7~bl; +http://www.semrush.com/bot.html)" "ysfine.com"
51.222.253.10 - - [08/Dec/2022:22:15:48 -0800] "GET /class54/class5470/total_data/sub_8136.htm HTTP/1.1" 200 3498 "-" "Mozilla/5.0 (compatible; AhrefsBot/7.0; +http://ahrefs.com/robot/)" "ysfine.com"
185.191.171.5 - - [08/Dec/2022:22:16:03 -0800] "GET /maga/yukawa.html HTTP/1.1" 200 5658 "-" "Mozilla/5.0 (compatible; SemrushBot/7~bl; +http://www.semrush.com/bot.html)" "www.ysfine.com"
207.46.13.48 - - [08/Dec/2022:22:16:15 -0800] "GET /einstein/places/einmu51.jpg HTTP/1.1" 200 206897 "-" "Mozilla/5.0 (compatible; bingbot/2.0; +http://www.bing.com/bingbot.htm)" "ysfine.com"
207.46.13.48 - - [08/Dec/2022:22:16:16 -0800] "GET /bio/style/rieu.html HTTP/1.1" 404 88 "-" "Mozilla/5.0 AppleWebKit/537.36 (KHTML, like Gecko; compatible; bingbot/2.0; +http://www.bing.com/bingbot.htm) Chrome/103.0.5060.134 Safari/537.36" "ysfine.com"
66.249.66.43 - - [08/Dec/2022:22:16:46 -0800] "GET /world/china/hangz01.jpg HTTP/1.1" 200 86077 "-" "Googlebot-Image/1.0" "ysfine.com"
66.249.66.44 - - [08/Dec/2022:22:17:09 -0800] "GET /world/china/nanjing61.jpg HTTP/1.1" 200 103272 "-" "Googlebot-Image/1.0" "ysfine.com"
51.222.253.5 - - [08/Dec/2022:22:17:37 -0800] "GET /class54/class5470/total_data/sub_780.htm HTTP/1.1" 200 3289 "-" "Mozilla/5.0 (compatible; AhrefsBot/7.0; +http://ahrefs.com/robot/)" "www.ysfine.com"
66.249.66.43 - - [08/Dec/2022:22:18:12 -0800] "GET /feynman/feydirac0.jpg HTTP/1.1" 304 - "-" "Googlebot-Image/1.0" "ysfine.com"
40.90.217.103 - - [08/Dec/2022:22:18:51 -0800] "GET /manko/salama92.jpg HTTP/1.1" 200 67360 "-" "Mozilla/5.0 (Windows NT 10.0; Win64; x64; rv:107.0) Gecko/20100101 Firefox/107.0" "ysfine.com"
51.222.253.17 - - [08/Dec/2022:22:19:17 -0800] "GET /class54/class5470/total_data/sub_141.htm HTTP/1.1" 200 3289 "-" "Mozilla/5.0 (compatible; AhrefsBot/7.0; +http://ahrefs.com/robot/)" "www.ysfine.com"
40.90.217.103 - - [08/Dec/2022:22:19:20 -0800] "GET /world/baltic/riga28.jpg HTTP/1.1" 200 82132 "-" "Mozilla/5.0 (X11; Ubuntu; Linux i686; rv:107.0) Gecko/20100101 Firefox/107.0" "ysfine.com"
66.249.66.40 - - [08/Dec/2022:22:20:19 -0800] "GET /world/china/china019b.jpg HTTP/1.1" 304 - "-" "Googlebot-Image/1.0" "ysfine.com"
173.54.42.46 - - [08/Dec/2022:22:20:23 -0800] "GET /maga/sarnoff.html HTTP/1.1" 200 7540 "https://www.google.com/" "Mozilla/5.0 (Windows NT 10.0; Win64; x64) AppleWebKit/537.36 (KHTML, like Gecko) Chrome/108.0.0.0 Safari/537.36" "ysfine.com"
173.54.42.46 - - [08/Dec/2022:22:20:23 -0800] "GET /kobak/taylor400.jpg HTTP/1.1" 200 56181 "https://ysfine.com/maga/sarnoff.html" "Mozilla/5.0 (Windows NT 10.0; Win64; x64) AppleWebKit/537.36 (KHTML, like Gecko) Chrome/108.0.0.0 Safari/537.36" "ysfine.com"
173.54.42.46 - - [08/Dec/2022:22:20:23 -0800] "GET /eink/pwk450.jpg HTTP/1.1" 200 84974 "https://ysfine.com/maga/sarnoff.html" "Mozilla/5.0 (Windows NT 10.0; Win64; x64) AppleWebKit/537.36 (KHTML, like Gecko) Chrome/108.0.0.0 Safari/537.36" "ysfine.com"
173.54.42.46 - - [08/Dec/2022:22:20:23 -0800] "GET /maga/invent/armstrong11c.jpg HTTP/1.1" 200 68607 "https://ysfine.com/maga/sarnoff.html" "Mozilla/5.0 (Windows NT 10.0; Win64; x64) AppleWebKit/537.36 (KHTML, like Gecko) Chrome/108.0.0.0 Safari/537.36" "ysfine.com"
173.54.42.46 - - [08/Dec/2022:22:20:23 -0800] "GET /maga/invent/marconi02c.jpg HTTP/1.1" 200 27154 "https://ysfine.com/maga/sarnoff.html" "Mozilla/5.0 (Windows NT 10.0; Win64; x64) AppleWebKit/537.36 (KHTML, like Gecko) Chrome/108.0.0.0 Safari/537.36" "ysfine.com"
173.54.42.46 - - [08/Dec/2022:22:20:23 -0800] "GET /maga/invent/kdka11c.jpg HTTP/1.1" 200 28450 "https://ysfine.com/maga/sarnoff.html" "Mozilla/5.0 (Windows NT 10.0; Win64; x64) AppleWebKit/537.36 (KHTML, like Gecko) Chrome/108.0.0.0 Safari/537.36" "ysfine.com"
173.54.42.46 - - [08/Dec/2022:22:20:23 -0800] "GET /maga/invent/joak11c.jpg HTTP/1.1" 200 39212 "https://ysfine.com/maga/sarnoff.html" "Mozilla/5.0 (Windows NT 10.0; Win64; x64) AppleWebKit/537.36 (KHTML, like Gecko) Chrome/108.0.0.0 Safari/537.36" "ysfine.com"
173.54.42.46 - - [08/Dec/2022:22:20:23 -0800] "GET /maga/invent/deforest33c.jpg HTTP/1.1" 200 47300 "https://ysfine.com/maga/sarnoff.html" "Mozilla/5.0 (Windows NT 10.0; Win64; x64) AppleWebKit/537.36 (KHTML, like Gecko) Chrome/108.0.0.0 Safari/537.36" "ysfine.com"
173.54.42.46 - - [08/Dec/2022:22:20:23 -0800] "GET /home/ewk86f.jpg HTTP/1.1" 200 123121 "https://ysfine.com/maga/sarnoff.html" "Mozilla/5.0 (Windows NT 10.0; Win64; x64) AppleWebKit/537.36 (KHTML, like Gecko) Chrome/108.0.0.0 Safari/537.36" "ysfine.com"
173.54.42.46 - - [08/Dec/2022:22:20:23 -0800] "GET /kobak/swr51c.jpg HTTP/1.1" 200 35677 "https://ysfine.com/maga/sarnoff.html" "Mozilla/5.0 (Windows NT 10.0; Win64; x64) AppleWebKit/537.36 (KHTML, like Gecko) Chrome/108.0.0.0 Safari/537.36" "ysfine.com"
173.54.42.46 - - [08/Dec/2022:22:20:23 -0800] "GET /style/suwa66f.jpg HTTP/1.1" 200 86057 "https://ysfine.com/maga/sarnoff.html" "Mozilla/5.0 (Windows NT 10.0; Win64; x64) AppleWebKit/537.36 (KHTML, like Gecko) Chrome/108.0.0.0 Safari/537.36" "ysfine.com"
173.54.42.46 - - [08/Dec/2022:22:20:23 -0800] "GET /maga/invent/mcintosh11c.jpg HTTP/1.1" 200 29642 "https://ysfine.com/maga/sarnoff.html" "Mozilla/5.0 (Windows NT 10.0; Win64; x64) AppleWebKit/537.36 (KHTML, like Gecko) Chrome/108.0.0.0 Safari/537.36" "ysfine.com"
173.54.42.46 - - [08/Dec/2022:22:20:23 -0800] "GET /maga/invent/marconi01c.jpg HTTP/1.1" 200 28072 "https://ysfine.com/maga/sarnoff.html" "Mozilla/5.0 (Windows NT 10.0; Win64; x64) AppleWebKit/537.36 (KHTML, like Gecko) Chrome/108.0.0.0 Safari/537.36" "ysfine.com"
173.54.42.46 - - [08/Dec/2022:22:20:23 -0800] "GET /maga/invent/sarnoff1922c.jpg HTTP/1.1" 200 40375 "https://ysfine.com/maga/sarnoff.html" "Mozilla/5.0 (Windows NT 10.0; Win64; x64) AppleWebKit/537.36 (KHTML, like Gecko) Chrome/108.0.0.0 Safari/537.36" "ysfine.com"
173.54.42.46 - - [08/Dec/2022:22:20:23 -0800] "GET /maga/invent/marconi03c.jpg HTTP/1.1" 200 55919 "https://ysfine.com/maga/sarnoff.html" "Mozilla/5.0 (Windows NT 10.0; Win64; x64) AppleWebKit/537.36 (KHTML, like Gecko) Chrome/108.0.0.0 Safari/537.36" "ysfine.com"
211.253.60.49 - - [08/Dec/2022:22:20:32 -0800] "GET /kobak/rhee12b.jpg HTTP/1.1" 200 49113 "https://www.bing.com/" "Mozilla/5.0 (Windows NT 10.0; Win64; x64) AppleWebKit/537.36 (KHTML, like Gecko) Chrome/108.0.0.0 Safari/537.36 Edg/108.0.1462.42" "www.ysfine.com"
173.54.42.46 - - [08/Dec/2022:22:20:45 -0800] "GET /maga/invent/sarnoffco33.jpg HTTP/1.1" 200 57157 "https://ysfine.com/maga/sarnoff.html" "Mozilla/5.0 (Windows NT 10.0; Win64; x64) AppleWebKit/537.36 (KHTML, like Gecko) Chrome/108.0.0.0 Safari/537.36" "ysfine.com"
51.222.253.13 - - [08/Dec/2022:22:20:59 -0800] "GET /class54/class5470/total_data/sub_756.htm HTTP/1.1" 200 3297 "-" "Mozilla/5.0 (compatible; AhrefsBot/7.0; +http://ahrefs.com/robot/)" "ysfine.com"
66.249.88.8 - - [08/Dec/2022:22:21:13 -0800] "GET /maga/invent/sarnoffco11c.jpg HTTP/1.1" 200 23780 "-" "Google-Lens" "ysfine.com"
207.46.13.48 - - [08/Dec/2022:22:22:45 -0800] "GET /world/baltic/kalin33.jpg HTTP/1.1" 200 95990 "-" "Mozilla/5.0 (compatible; bingbot/2.0; +http://www.bing.com/bingbot.htm)" "www.ysfine.com"
51.222.253.10 - - [08/Dec/2022:22:22:54 -0800] "GET /dirac/dircanal.html HTTP/1.1" 200 3795 "-" "Mozilla/5.0 (compatible; AhrefsBot/7.0; +http://ahrefs.com/robot/)" "ysfine.com"
40.90.217.63 - - [08/Dec/2022:22:22:56 -0800] "GET /einstein/places/einha36.jpg HTTP/1.1" 200 86437 "-" "Mozilla/5.0 (Macintosh; Intel Mac OS X 13.0; rv:102.0) Gecko/20100101 Firefox/102.0" "www.ysfine.com"
185.191.171.8 - - [08/Dec/2022:22:22:56 -0800] "GET /jobs/jform.html HTTP/1.1" 200 829 "-" "Mozilla/5.0 (compatible; SemrushBot/7~bl; +http://www.semrush.com/bot.html)" "www.ysfine.com"
157.55.39.6 - - [08/Dec/2022:22:22:58 -0800] "GET /world/china/dalian61.jpg HTTP/1.1" 200 114723 "-" "Mozilla/5.0 (compatible; bingbot/2.0; +http://www.bing.com/bingbot.htm)" "ysfine.com"
40.77.167.39 - - [08/Dec/2022:22:23:10 -0800] "GET /wigner/neum/pvn07.jpg HTTP/1.1" 200 101823 "-" "Mozilla/5.0 (compatible; bingbot/2.0; +http://www.bing.com/bingbot.htm)" "ysfine.com"
40.77.167.39 - - [08/Dec/2022:22:23:10 -0800] "GET /world/russ/roskei99.jpg HTTP/1.1" 200 117687 "-" "Mozilla/5.0 (compatible; bingbot/2.0; +http://www.bing.com/bingbot.htm)" "ysfine.com"
207.46.13.48 - - [08/Dec/2022:22:23:36 -0800] "GET /bio.html HTTP/1.1" 200 18114 "-" "Mozilla/5.0 (compatible; bingbot/2.0; +http://www.bing.com/bingbot.htm)" "ysfine.com"
207.46.13.48 - - [08/Dec/2022:22:24:26 -0800] "GET /world/ital/lascala02.jpg HTTP/1.1" 200 110078 "-" "Mozilla/5.0 AppleWebKit/537.36 (KHTML, like Gecko; compatible; bingbot/2.0; +http://www.bing.com/bingbot.htm) Chrome/103.0.5060.134 Safari/537.36" "www.ysfine.com"
40.90.217.166 - - [08/Dec/2022:22:24:28 -0800] "GET /style/musee/ams002.jpg HTTP/1.1" 200 92932 "-" "Mozilla/5.0 (Windows NT 10.0; Win64; x64) AppleWebKit/537.36 (KHTML, like Gecko) Chrome/108.0.0.0 Safari/537.36 Edg/108.0.1462.46" "www.ysfine.com"
51.222.253.1 - - [08/Dec/2022:22:24:35 -0800] "GET /class54/class5470/total_data/sub_705.htm HTTP/1.1" 200 3295 "-" "Mozilla/5.0 (compatible; AhrefsBot/7.0; +http://ahrefs.com/robot/)" "ysfine.com"
216.244.66.229 - - [08/Dec/2022:22:25:57 -0800] "GET /robots.txt HTTP/1.1" 404 73 "-" "Mozilla/5.0 (compatible; DotBot/1.2; +https://opensiteexplorer.org/dotbot; help@moz.com)" "ysfine.com"
216.244.66.229 - - [08/Dec/2022:22:25:57 -0800] "GET /robots.txt HTTP/1.1" 404 73 "-" "Mozilla/5.0 (compatible; DotBot/1.2; +https://opensiteexplorer.org/dotbot; help@moz.com)" "www.ysfine.com"
51.222.253.17 - - [08/Dec/2022:22:26:19 -0800] "GET /class54/class5470/total_data/sub_257.htm HTTP/1.1" 200 3375 "-" "Mozilla/5.0 (compatible; AhrefsBot/7.0; +http://ahrefs.com/robot/)" "ysfine.com"
40.90.217.131 - - [08/Dec/2022:22:26:19 -0800] "GET /style/nofrete33.jpg HTTP/1.1" 200 55386 "-" "Mozilla/5.0 (X11; Linux x86_64) AppleWebKit/537.36 (KHTML, like Gecko) Chrome/108.0.0.0 Safari/537.36" "ysfine.com"
40.90.217.103 - - [08/Dec/2022:22:27:42 -0800] "GET /world/russ/kazan056.jpg HTTP/1.1" 200 149705 "-" "Mozilla/5.0 (X11; Linux x86_64) AppleWebKit/537.36 (KHTML, like Gecko) Chrome/108.0.0.0 Safari/537.36" "ysfine.com"
51.222.253.20 - - [08/Dec/2022:22:27:51 -0800] "GET /class54/class5470/total_data/sub_765.htm HTTP/1.1" 200 3289 "-" "Mozilla/5.0 (compatible; AhrefsBot/7.0; +http://ahrefs.com/robot/)" "www.ysfine.com"
51.222.253.7 - - [08/Dec/2022:22:27:58 -0800] "GET /class54/class5470/total_data/photo_img/7-65.jpg HTTP/1.1" 200 250705 "-" "Mozilla/5.0 (compatible; AhrefsBot/7.0; +http://ahrefs.com/robot/)" "www.ysfine.com"
20.115.201.68 - - [08/Dec/2022:22:28:03 -0800] "GET /maga/phil/kant00b.jpg HTTP/1.1" 200 51853 "-" "Mozilla/5.0 (Windows NT 10.0; Win64; x64; rv:107.0) Gecko/20100101 Firefox/107.0" "www.ysfine.com"
40.90.217.22 - - [08/Dec/2022:22:28:19 -0800] "GET /world/russ/minskf42.jpg HTTP/1.1" 200 100299 "-" "Mozilla/5.0 (Windows NT 10.0; Win64; x64) AppleWebKit/537.36 (KHTML, like Gecko) Chrome/108.0.0.0 Safari/537.36 Edg/108.0.1462.46" "www.ysfine.com"
40.90.217.144 - - [08/Dec/2022:22:29:01 -0800] "GET /world/balkan/istan103b.jpg HTTP/1.1" 200 38081 "-" "Mozilla/5.0 (Windows NT 10.0; WOW64) AppleWebKit/537.36 (KHTML, like Gecko) Chrome/108.0.0.0 Safari/537.36" "ysfine.com"
40.90.217.21 - - [08/Dec/2022:22:29:17 -0800] "GET /einstein/places/ulm04c.jpg HTTP/1.1" 200 41981 "-" "Mozilla/5.0 (X11; Ubuntu; Linux i686; rv:107.0) Gecko/20100101 Firefox/107.0" "www.ysfine.com"
40.90.217.63 - - [08/Dec/2022:22:29:29 -0800] "GET /world/ital/capri01.jpg HTTP/1.1" 200 84776 "-" "Mozilla/5.0 (Windows NT 10.0; Win64; x64) AppleWebKit/537.36 (KHTML, like Gecko) Chrome/108.0.0.0 Safari/537.36 Edg/108.0.1462.46" "www.ysfine.com"
51.222.253.4 - - [08/Dec/2022:22:29:36 -0800] "GET /class54/class5470/total_data/sub_527.htm HTTP/1.1" 200 3212 "-" "Mozilla/5.0 (compatible; AhrefsBot/7.0; +http://ahrefs.com/robot/)" "www.ysfine.com"
40.90.217.19 - - [08/Dec/2022:22:29:41 -0800] "GET /world/latina/igu02.jpg HTTP/1.1" 200 91326 "-" "Mozilla/5.0 (Macintosh; Intel Mac OS X 13_0_1) AppleWebKit/537.36 (KHTML, like Gecko) Chrome/108.0.0.0 Safari/537.36" "www.ysfine.com"
40.90.217.19 - - [08/Dec/2022:22:29:43 -0800] "GET /princeton/rheepr02.jpg HTTP/1.1" 200 69808 "-" "Mozilla/5.0 (X11; Ubuntu; Linux x86_64; rv:107.0) Gecko/20100101 Firefox/107.0" "ysfine.com"
51.222.253.12 - - [08/Dec/2022:22:29:45 -0800] "GET /class54/class5470/total_data/photo_img/5-27.jpg HTTP/1.1" 200 243153 "-" "Mozilla/5.0 (compatible; AhrefsBot/7.0; +http://ahrefs.com/robot/)" "www.ysfine.com"
40.90.216.88 - - [08/Dec/2022:22:29:59 -0800] "GET /world/russ/volga21.jpg HTTP/1.1" 200 71868 "-" "Mozilla/5.0 (X11; Fedora; Linux x86_64; rv:107.0) Gecko/20100101 Firefox/107.0" "ysfine.com"
197.204.89.19 - - [08/Dec/2022:22:31:05 -0800] "GET /maga/phys/yukawa00.jpg HTTP/1.1" 200 84885 "https://www.google.com/" "Mozilla/5.0 (Linux; Android 11; RMX3263 Build/RP1A.201005.001; wv) AppleWebKit/537.36 (KHTML, like Gecko) Version/4.0 Chrome/107.0.5304.141 Mobile Safari/537.36 GoogleApp/13.46.13.26.arm64" "ysfine.com"
51.222.253.19 - - [08/Dec/2022:22:31:10 -0800] "GET /class54/class5470/total_data/sub_213.htm HTTP/1.1" 200 3396 "-" "Mozilla/5.0 (compatible; AhrefsBot/7.0; +http://ahrefs.com/robot/)" "ysfine.com"
51.222.253.7 - - [08/Dec/2022:22:31:23 -0800] "GET /class54/class5470/total_data/photo_img/2-13.jpg HTTP/1.1" 200 113558 "-" "Mozilla/5.0 (compatible; AhrefsBot/7.0; +http://ahrefs.com/robot/)" "ysfine.com"
66.249.66.43 - - [08/Dec/2022:22:31:40 -0800] "GET /wdc/sakura04b.jpg HTTP/1.1" 200 32713 "-" "Googlebot-Image/1.0" "ysfine.com"
20.115.201.68 - - [08/Dec/2022:22:32:25 -0800] "GET /maga/phys/sakata01b.jpg HTTP/1.1" 200 37754 "-" "Mozilla/5.0 (Macintosh; Intel Mac OS X 13_0_1) AppleWebKit/537.36 (KHTML, like Gecko) Chrome/108.0.0.0 Safari/537.36 Edg/108.0.1462.46" "ysfine.com"
51.222.253.16 - - [08/Dec/2022:22:32:49 -0800] "GET /class54/class5470/total_data/sub_2108.htm HTTP/1.1" 200 3382 "-" "Mozilla/5.0 (compatible; AhrefsBot/7.0; +http://ahrefs.com/robot/)" "ysfine.com"
71.178.208.102 - - [08/Dec/2022:22:33:10 -0800] "GET /ys11/ HTTP/1.1" 304 - "-" "Mozilla/5.0 (Windows NT 10.0; Win64; x64) AppleWebKit/537.36 (KHTML, like Gecko) Chrome/108.0.0.0 Safari/537.36" "ysfine.com"
71.178.208.102 - - [08/Dec/2022:22:33:22 -0800] "GET /bio04.html HTTP/1.1" 200 8982 "https://ysfine.com/ys11/" "Mozilla/5.0 (Windows NT 10.0; Win64; x64) AppleWebKit/537.36 (KHTML, like Gecko) Chrome/108.0.0.0 Safari/537.36" "ysfine.com"
71.178.208.102 - - [08/Dec/2022:22:33:22 -0800] "GET /home/passport11c.jpg HTTP/1.1" 200 81785 "https://ysfine.com/bio04.html" "Mozilla/5.0 (Windows NT 10.0; Win64; x64) AppleWebKit/537.36 (KHTML, like Gecko) Chrome/108.0.0.0 Safari/537.36" "ysfine.com"
71.178.208.102 - - [08/Dec/2022:22:33:22 -0800] "GET /home/kbrain11a.jpg HTTP/1.1" 200 46007 "https://ysfine.com/bio04.html" "Mozilla/5.0 (Windows NT 10.0; Win64; x64) AppleWebKit/537.36 (KHTML, like Gecko) Chrome/108.0.0.0 Safari/537.36" "ysfine.com"
71.178.208.102 - - [08/Dec/2022:22:33:22 -0800] "GET /home/fotos/stephens11d.jpg HTTP/1.1" 200 55455 "https://ysfine.com/bio04.html" "Mozilla/5.0 (Windows NT 10.0; Win64; x64) AppleWebKit/537.36 (KHTML, like Gecko) Chrome/108.0.0.0 Safari/537.36" "ysfine.com"
71.178.208.102 - - [08/Dec/2022:22:33:22 -0800] "GET /kobak/kdance11d.jpg HTTP/1.1" 200 50870 "https://ysfine.com/bio04.html" "Mozilla/5.0 (Windows NT 10.0; Win64; x64) AppleWebKit/537.36 (KHTML, like Gecko) Chrome/108.0.0.0 Safari/537.36" "ysfine.com"
71.178.208.102 - - [08/Dec/2022:22:33:22 -0800] "GET /wisdom/korart03d.jpg HTTP/1.1" 200 112088 "https://ysfine.com/bio04.html" "Mozilla/5.0 (Windows NT 10.0; Win64; x64) AppleWebKit/537.36 (KHTML, like Gecko) Chrome/108.0.0.0 Safari/537.36" "ysfine.com"
71.178.208.102 - - [08/Dec/2022:22:33:22 -0800] "GET /home/fotos/kennedy60d.jpg HTTP/1.1" 200 57844 "https://ysfine.com/bio04.html" "Mozilla/5.0 (Windows NT 10.0; Win64; x64) AppleWebKit/537.36 (KHTML, like Gecko) Chrome/108.0.0.0 Safari/537.36" "ysfine.com"
71.178.208.102 - - [08/Dec/2022:22:33:22 -0800] "GET /kobak/ksong22d.jpg HTTP/1.1" 200 57819 "https://ysfine.com/bio04.html" "Mozilla/5.0 (Windows NT 10.0; Win64; x64) AppleWebKit/537.36 (KHTML, like Gecko) Chrome/108.0.0.0 Safari/537.36" "ysfine.com"
71.178.208.102 - - [08/Dec/2022:22:33:22 -0800] "GET /home/fotos/chuseok11d.jpg HTTP/1.1" 200 70205 "https://ysfine.com/bio04.html" "Mozilla/5.0 (Windows NT 10.0; Win64; x64) AppleWebKit/537.36 (KHTML, like Gecko) Chrome/108.0.0.0 Safari/537.36" "ysfine.com"
71.178.208.102 - - [08/Dec/2022:22:33:22 -0800] "GET /home/fotos/photo00d.jpg HTTP/1.1" 200 72203 "https://ysfine.com/bio04.html" "Mozilla/5.0 (Windows NT 10.0; Win64; x64) AppleWebKit/537.36 (KHTML, like Gecko) Chrome/108.0.0.0 Safari/537.36" "ysfine.com"
71.178.208.102 - - [08/Dec/2022:22:33:22 -0800] "GET /home/fotos/beetho33d.jpg HTTP/1.1" 200 60567 "https://ysfine.com/bio04.html" "Mozilla/5.0 (Windows NT 10.0; Win64; x64) AppleWebKit/537.36 (KHTML, like Gecko) Chrome/108.0.0.0 Safari/537.36" "ysfine.com"
71.178.208.102 - - [08/Dec/2022:22:33:22 -0800] "GET /home/facu450.jpg HTTP/1.1" 304 - "https://ysfine.com/bio04.html" "Mozilla/5.0 (Windows NT 10.0; Win64; x64) AppleWebKit/537.36 (KHTML, like Gecko) Chrome/108.0.0.0 Safari/537.36" "ysfine.com"
71.178.208.102 - - [08/Dec/2022:22:33:22 -0800] "GET /home/fotos/seoul50f.jpg HTTP/1.1" 200 127542 "https://ysfine.com/bio04.html" "Mozilla/5.0 (Windows NT 10.0; Win64; x64) AppleWebKit/537.36 (KHTML, like Gecko) Chrome/108.0.0.0 Safari/537.36" "ysfine.com"
71.178.208.102 - - [08/Dec/2022:22:33:22 -0800] "GET /home/fotos/einhaus450.jpg HTTP/1.1" 304 - "https://ysfine.com/bio04.html" "Mozilla/5.0 (Windows NT 10.0; Win64; x64) AppleWebKit/537.36 (KHTML, like Gecko) Chrome/108.0.0.0 Safari/537.36" "ysfine.com"
71.178.208.102 - - [08/Dec/2022:22:33:22 -0800] "GET /home/family18d.jpg HTTP/1.1" 200 69135 "https://ysfine.com/bio04.html" "Mozilla/5.0 (Windows NT 10.0; Win64; x64) AppleWebKit/537.36 (KHTML, like Gecko) Chrome/108.0.0.0 Safari/537.36" "ysfine.com"
71.178.208.102 - - [08/Dec/2022:22:33:22 -0800] "GET /home/ys54d.jpg HTTP/1.1" 200 39561 "https://ysfine.com/bio04.html" "Mozilla/5.0 (Windows NT 10.0; Win64; x64) AppleWebKit/537.36 (KHTML, like Gecko) Chrome/108.0.0.0 Safari/537.36" "ysfine.com"
66.249.66.44 - - [08/Dec/2022:22:34:28 -0800] "GET /world/china/shanghai025.jpg HTTP/1.1" 304 - "-" "Googlebot-Image/1.0" "ysfine.com"
114.119.129.4 - - [08/Dec/2022:22:35:17 -0800] "GET /maga/phys/poinsf/frame30.html HTTP/1.1" 200 325 "https://www.ysfine.com/maga/phys/poinsf/frame29.html" "Mozilla/5.0 (Linux; Android 7.0;) AppleWebKit/537.36 (KHTML, like Gecko) Mobile Safari/537.36 (compatible; PetalBot;+https://webmaster.petalsearch.com/site/petalbot)" "www.ysfine.com"
40.90.217.166 - - [08/Dec/2022:22:35:27 -0800] "GET /world/russ/kazan001b.jpg HTTP/1.1" 200 41163 "-" "Mozilla/5.0 (X11; Linux x86_64; rv:107.0) Gecko/20100101 Firefox/107.0" "ysfine.com"
40.90.217.144 - - [08/Dec/2022:22:36:23 -0800] "GET /wigner/second.jpg HTTP/1.1" 200 104478 "-" "Mozilla/5.0 (Linux x86_64; rv:102.0) Gecko/20100101 Firefox/102.0" "www.ysfine.com"
71.178.208.102 - - [08/Dec/2022:22:36:29 -0800] "GET /ys11/index.html HTTP/1.1" 304 - "-" "Mozilla/5.0 (Windows NT 10.0; Win64; x64) AppleWebKit/537.36 (KHTML, like Gecko) Chrome/108.0.0.0 Safari/537.36 Edg/108.0.1462.42" "www.ysfine.com"
51.222.253.3 - - [08/Dec/2022:22:36:33 -0800] "GET /class54/class5470/total_data/sub_774.htm HTTP/1.1" 200 3289 "-" "Mozilla/5.0 (compatible; AhrefsBot/7.0; +http://ahrefs.com/robot/)" "www.ysfine.com"
66.249.66.43 - - [08/Dec/2022:22:37:31 -0800] "GET /world/germany/stutt02.jpg HTTP/1.1" 200 98820 "-" "Googlebot-Image/1.0" "ysfine.com"
116.179.32.134 - - [08/Dec/2022:22:38:17 -0800] "GET /einstein/einphil.html HTTP/1.1" 200 2312 "-" "Mozilla/5.0 (compatible; Baiduspider/2.0; +http://www.baidu.com/search/spider.html)" "ysfine.com"
51.222.253.4 - - [08/Dec/2022:22:38:24 -0800] "GET /class54/class5470/total_data/sub_240.htm HTTP/1.1" 200 3403 "-" "Mozilla/5.0 (compatible; AhrefsBot/7.0; +http://ahrefs.com/robot/)" "ysfine.com"
66.249.66.40 - - [08/Dec/2022:22:39:33 -0800] "GET /wigner/lunch91c.jpg HTTP/1.1" 200 59935 "-" "Googlebot-Image/1.0" "ysfine.com"
71.178.208.102 - - [08/Dec/2022:22:39:55 -0800] "GET /ys11/index.html HTTP/1.1" 304 - "-" "Mozilla/5.0 (Windows NT 10.0; Win64; x64) AppleWebKit/537.36 (KHTML, like Gecko) Chrome/108.0.0.0 Safari/537.36 Edg/108.0.1462.42" "www.ysfine.com"
51.222.253.9 - - [08/Dec/2022:22:40:07 -0800] "GET /class54/class5470/total_data/sub_734.htm HTTP/1.1" 200 3294 "-" "Mozilla/5.0 (compatible; AhrefsBot/7.0; +http://ahrefs.com/robot/)" "ysfine.com"
66.249.66.43 - - [08/Dec/2022:22:40:26 -0800] "GET /dirac/dirac84b.jpg HTTP/1.1" 304 - "-" "Googlebot-Image/1.0" "ysfine.com"
185.69.144.238 - - [08/Dec/2022:22:40:29 -0800] "GET /world/brit/etonharrow.html HTTP/1.1" 200 4546 "https://www.google.co.uk/" "Mozilla/5.0 (iPhone; CPU iPhone OS 16_1 like Mac OS X) AppleWebKit/605.1.15 (KHTML, like Gecko) Version/16.1 Mobile/15E148 Safari/604.1" "ysfine.com"
185.69.144.238 - - [08/Dec/2022:22:40:29 -0800] "GET /world/brit/winston01b.jpg HTTP/1.1" 200 38436 "https://ysfine.com/world/brit/etonharrow.html" "Mozilla/5.0 (iPhone; CPU iPhone OS 16_1 like Mac OS X) AppleWebKit/605.1.15 (KHTML, like Gecko) Version/16.1 Mobile/15E148 Safari/604.1" "ysfine.com"
185.69.144.238 - - [08/Dec/2022:22:40:29 -0800] "GET /world/brit/nehru11b.jpg HTTP/1.1" 200 43052 "https://ysfine.com/world/brit/etonharrow.html" "Mozilla/5.0 (iPhone; CPU iPhone OS 16_1 like Mac OS X) AppleWebKit/605.1.15 (KHTML, like Gecko) Version/16.1 Mobile/15E148 Safari/604.1" "ysfine.com"
185.69.144.238 - - [08/Dec/2022:22:40:29 -0800] "GET /kobak/kwk11b.jpg HTTP/1.1" 200 46888 "https://ysfine.com/world/brit/etonharrow.html" "Mozilla/5.0 (iPhone; CPU iPhone OS 16_1 like Mac OS X) AppleWebKit/605.1.15 (KHTML, like Gecko) Version/16.1 Mobile/15E148 Safari/604.1" "ysfine.com"
185.69.144.238 - - [08/Dec/2022:22:40:29 -0800] "GET /world/brit/nehru11b.jpg HTTP/1.1" 200 43052 "-" "Mozilla/5.0 (iPhone; CPU iPhone OS 16_1 like Mac OS X) AppleWebKit/605.1.15 (KHTML, like Gecko) Version/16.1 Mobile/15E148 Safari/604.1" "ysfine.com"
185.69.144.238 - - [08/Dec/2022:22:40:29 -0800] "GET /world/brit/winston01b.jpg HTTP/1.1" 200 38436 "-" "Mozilla/5.0 (iPhone; CPU iPhone OS 16_1 like Mac OS X) AppleWebKit/605.1.15 (KHTML, like Gecko) Version/16.1 Mobile/15E148 Safari/604.1" "ysfine.com"
185.69.144.238 - - [08/Dec/2022:22:40:29 -0800] "GET /eink/pwk19c.jpg HTTP/1.1" 200 57759 "-" "Mozilla/5.0 (iPhone; CPU iPhone OS 16_1 like Mac OS X) AppleWebKit/605.1.15 (KHTML, like Gecko) Version/16.1 Mobile/15E148 Safari/604.1" "ysfine.com"
185.69.144.238 - - [08/Dec/2022:22:40:30 -0800] "GET /world/brit/eton01b.jpg HTTP/1.1" 200 47771 "https://ysfine.com/world/brit/etonharrow.html" "Mozilla/5.0 (iPhone; CPU iPhone OS 16_1 like Mac OS X) AppleWebKit/605.1.15 (KHTML, like Gecko) Version/16.1 Mobile/15E148 Safari/604.1" "ysfine.com"
185.69.144.238 - - [08/Dec/2022:22:40:30 -0800] "GET /world/brit/eton02b.jpg HTTP/1.1" 200 39432 "https://ysfine.com/world/brit/etonharrow.html" "Mozilla/5.0 (iPhone; CPU iPhone OS 16_1 like Mac OS X) AppleWebKit/605.1.15 (KHTML, like Gecko) Version/16.1 Mobile/15E148 Safari/604.1" "ysfine.com"
185.69.144.238 - - [08/Dec/2022:22:40:30 -0800] "GET /kobak/taylor33c.jpg HTTP/1.1" 200 39951 "-" "Mozilla/5.0 (iPhone; CPU iPhone OS 16_1 like Mac OS X) AppleWebKit/605.1.15 (KHTML, like Gecko) Version/16.1 Mobile/15E148 Safari/604.1" "ysfine.com"
185.69.144.238 - - [08/Dec/2022:22:40:30 -0800] "GET /world/brit/eton07b.jpg HTTP/1.1" 200 36566 "https://ysfine.com/world/brit/etonharrow.html" "Mozilla/5.0 (iPhone; CPU iPhone OS 16_1 like Mac OS X) AppleWebKit/605.1.15 (KHTML, like Gecko) Version/16.1 Mobile/15E148 Safari/604.1" "ysfine.com"
