17.121.112.252 - - [09/Dec/2022:18:15:43 -0800] "GET /robots.txt HTTP/1.1" 404 88 "-" "Mozilla/5.0 (Macintosh; Intel Mac OS X 10_15_5) AppleWebKit/605.1.15 (KHTML, like Gecko) Version/13.1.1 Safari/605.1.15 (Applebot/0.1; +http://www.apple.com/go/applebot)" "www.ysfine.com"
17.121.112.252 - - [09/Dec/2022:18:15:43 -0800] "GET /dirac/jablo62b.jpg HTTP/1.1" 200 42817 "-" "Mozilla/5.0 (Macintosh; Intel Mac OS X 10_15_5) AppleWebKit/605.1.15 (KHTML, like Gecko) Version/13.1.1 Safari/605.1.15 (Applebot/0.1; +http://www.apple.com/go/applebot)" "www.ysfine.com"
216.244.66.229 - - [09/Dec/2022:18:15:56 -0800] "GET /world/france/metz24.jpg HTTP/1.1" 200 115129 "-" "Mozilla/5.0 (compatible; DotBot/1.2; +https://opensiteexplorer.org/dotbot; help@moz.com)" "ysfine.com"
216.244.66.229 - - [09/Dec/2022:18:16:24 -0800] "GET /world/germany/berlino28.jpg HTTP/1.1" 200 88649 "-" "Mozilla/5.0 (compatible; DotBot/1.2; +https://opensiteexplorer.org/dotbot; help@moz.com)" "ysfine.com"
64.124.8.41 - - [09/Dec/2022:18:16:36 -0800] "GET /robots.txt HTTP/1.1" 404 88 "-" "Mozilla/5.0 (X11; Linux x86_64) AppleWebKit/537.36 (KHTML, like Gecko) Chrome/61.0.3163.79 Safari/537.36" "ysfine.com"
64.124.8.41 - - [09/Dec/2022:18:16:37 -0800] "GET /archives/proceedings/ff2/fp2abs.html HTTP/1.1" 200 29930 "-" "Mozilla/5.0 (X11; Linux x86_64) AppleWebKit/537.36 (KHTML, like Gecko) Chrome/61.0.3163.79 Safari/537.36" "ysfine.com"
216.244.66.229 - - [09/Dec/2022:18:16:51 -0800] "GET /world/germany/leipzig43.jpg HTTP/1.1" 200 368760 "-" "Mozilla/5.0 (compatible; DotBot/1.2; +https://opensiteexplorer.org/dotbot; help@moz.com)" "ysfine.com"
31.94.30.85 - - [09/Dec/2022:18:16:58 -0800] "GET /world/brit/harrow04.jpg HTTP/1.1" 200 118660 "https://www.google.co.uk/" "Mozilla/5.0 (iPhone; CPU iPhone OS 15_6_1 like Mac OS X) AppleWebKit/605.1.15 (KHTML, like Gecko) Version/15.6.1 Mobile/15E148 Safari/604.1" "ysfine.com"
216.244.66.229 - - [09/Dec/2022:18:17:19 -0800] "GET /world/russ/kiev012.jpg HTTP/1.1" 200 130632 "-" "Mozilla/5.0 (compatible; DotBot/1.2; +https://opensiteexplorer.org/dotbot; help@moz.com)" "ysfine.com"
96.55.157.14 - - [09/Dec/2022:18:17:20 -0800] "GET /maga/histo/desiree22.jpg HTTP/1.1" 200 113561 "https://www.google.com/" "Mozilla/5.0 (iPhone; CPU iPhone OS 14_8_1 like Mac OS X) AppleWebKit/605.1.15 (KHTML, like Gecko) GSA/241.0.491530414 Mobile/18H107 Safari/604.1" "ysfine.com"
40.90.217.192 - - [09/Dec/2022:18:17:37 -0800] "GET /wdc/kopol01.jpg HTTP/1.1" 200 70290 "-" "Mozilla/5.0 (X11; Fedora; Linux x86_64; rv:107.0) Gecko/20100101 Firefox/107.0" "www.ysfine.com"
20.99.161.120 - - [09/Dec/2022:18:18:32 -0800] "GET /people/shrock.jpg HTTP/1.1" 200 66568 "-" "Mozilla/5.0 (X11; Fedora; Linux x86_64; rv:102.0) Gecko/20100101 Firefox/102.0" "ysfine.com"
40.90.217.131 - - [09/Dec/2022:18:18:34 -0800] "GET /kobak/underw06.jpg HTTP/1.1" 200 250879 "-" "Mozilla/5.0 (Windows NT 10.0; Win64; x64; rv:107.0) Gecko/20100101 Firefox/107.0" "ysfine.com"
40.90.217.214 - - [09/Dec/2022:18:18:37 -0800] "GET /world/china/shenyang05.jpg HTTP/1.1" 200 84468 "-" "Mozilla/5.0 (Linux x86_64; rv:102.0) Gecko/20100101 Firefox/102.0" "www.ysfine.com"
64.124.8.41 - - [09/Dec/2022:18:18:44 -0800] "GET /archives/proceedings/wpro01/legare.html HTTP/1.1" 200 529 "-" "Mozilla/5.0 (X11; Linux x86_64) AppleWebKit/537.36 (KHTML, like Gecko) Chrome/61.0.3163.79 Safari/537.36" "ysfine.com"
157.55.39.6 - - [09/Dec/2022:18:19:11 -0800] "GET /ysbio/folks/service.html HTTP/1.1" 404 88 "-" "Mozilla/5.0 AppleWebKit/537.36 (KHTML, like Gecko; compatible; bingbot/2.0; +http://www.bing.com/bingbot.htm) Chrome/103.0.5060.134 Safari/537.36" "ysfine.com"
64.124.8.41 - - [09/Dec/2022:18:19:17 -0800] "GET /ysbio/princeston/prade.html HTTP/1.1" 404 88 "-" "Mozilla/5.0 (X11; Linux x86_64) AppleWebKit/537.36 (KHTML, like Gecko) Chrome/61.0.3163.79 Safari/537.36" "ysfine.com"
40.90.217.166 - - [09/Dec/2022:18:19:30 -0800] "GET /world/balkan/inokim11.jpg HTTP/1.1" 200 78013 "-" "Mozilla/5.0 (Macintosh; Intel Mac OS X 13_0_1) AppleWebKit/537.36 (KHTML, like Gecko) Chrome/108.0.0.0 Safari/537.36 Edg/108.0.1462.46" "ysfine.com"
40.90.217.103 - - [09/Dec/2022:18:20:09 -0800] "GET /world/france/mai22.jpg HTTP/1.1" 200 97075 "-" "Mozilla/5.0 (X11; Ubuntu; Linux i686; rv:107.0) Gecko/20100101 Firefox/107.0" "ysfine.com"
64.124.8.41 - - [09/Dec/2022:18:20:24 -0800] "GET /friends/italian.html HTTP/1.1" 404 88 "-" "Mozilla/5.0 (X11; Linux x86_64) AppleWebKit/537.36 (KHTML, like Gecko) Chrome/61.0.3163.79 Safari/537.36" "ysfine.com"
64.124.8.41 - - [09/Dec/2022:18:20:30 -0800] "GET /ysbio/dirac/dirbot.html HTTP/1.1" 404 88 "-" "Mozilla/5.0 (X11; Linux x86_64) AppleWebKit/537.36 (KHTML, like Gecko) Chrome/61.0.3163.79 Safari/537.36" "ysfine.com"
40.90.217.192 - - [09/Dec/2022:18:20:43 -0800] "GET /wigner/neum/pvn01.jpg HTTP/1.1" 200 74196 "-" "Mozilla/5.0 (Windows NT 10.0; Win64; x64) AppleWebKit/537.36 (KHTML, like Gecko) Chrome/108.0.0.0 Safari/537.36 Edg/108.0.1462.46" "www.ysfine.com"
64.124.8.41 - - [09/Dec/2022:18:20:49 -0800] "GET /dirac/dirheisen.html HTTP/1.1" 304 - "-" "Mozilla/5.0 (X11; Linux x86_64) AppleWebKit/537.36 (KHTML, like Gecko) Chrome/61.0.3163.79 Safari/537.36" "ysfine.com"
91.11.46.112 - - [09/Dec/2022:18:21:07 -0800] "GET /wigner/neum/ymath.jpg HTTP/1.1" 200 64930 "https://www.google.com/" "Mozilla/5.0 (Windows NT 10.0; Win64; x64) AppleWebKit/537.36 (KHTML, like Gecko) Chrome/108.0.0.0 Safari/537.36" "ysfine.com"
155.33.132.59 - - [09/Dec/2022:18:21:41 -0800] "GET /feynman/cooper.jpg HTTP/1.1" 200 70013 "https://www.google.com/" "Mozilla/5.0 (Macintosh; Intel Mac OS X 10_15_7) AppleWebKit/605.1.15 (KHTML, like Gecko) Version/14.1.2 Safari/605.1.15" "ysfine.com"
64.124.8.41 - - [09/Dec/2022:18:21:51 -0800] "GET /ysbio/world/spain/sevi107.jpg%22 HTTP/1.1" 404 88 "-" "Mozilla/5.0 (X11; Linux x86_64) AppleWebKit/537.36 (KHTML, like Gecko) Chrome/61.0.3163.79 Safari/537.36" "ysfine.com"
40.90.217.21 - - [09/Dec/2022:18:22:08 -0800] "GET /einstein/fantova/fanto11c.jpg HTTP/1.1" 200 48308 "-" "Mozilla/5.0 (Macintosh; Intel Mac OS X 13_0_1) AppleWebKit/537.36 (KHTML, like Gecko) Chrome/108.0.0.0 Safari/537.36 Edg/108.0.1462.46" "www.ysfine.com"
95.163.255.62 - - [09/Dec/2022:18:22:09 -0800] "GET /robots.txt HTTP/1.1" 404 73 "-" "Mozilla/5.0 (compatible; Linux x86_64; Mail.RU_Bot/2.0; +https://help.mail.ru/webmaster/indexing/robots)" "www.ysfine.com"
95.163.255.67 - - [09/Dec/2022:18:22:10 -0800] "GET /einstein/hidden.html HTTP/1.1" 200 4821 "-" "Mozilla/5.0 (compatible; Linux x86_64; Mail.RU_Bot/2.0; +https://help.mail.ru/webmaster/indexing/robots)" "www.ysfine.com"
40.90.217.166 - - [09/Dec/2022:18:22:31 -0800] "GET /wigner/lunch91.jpg HTTP/1.1" 200 255571 "-" "Mozilla/5.0 (Windows NT 10.0; WOW64) AppleWebKit/537.36 (KHTML, like Gecko) Chrome/108.0.0.0 Safari/537.36" "www.ysfine.com"
64.124.8.41 - - [09/Dec/2022:18:22:51 -0800] "GET /maga/phil/sisfa12/frame10.html HTTP/1.1" 200 320 "-" "Mozilla/5.0 (X11; Linux x86_64) AppleWebKit/537.36 (KHTML, like Gecko) Chrome/61.0.3163.79 Safari/537.36" "ysfine.com"
64.124.8.41 - - [09/Dec/2022:18:22:58 -0800] "GET /archives/proceedings/ff1/fp1abs.html HTTP/1.1" 200 21918 "-" "Mozilla/5.0 (X11; Linux x86_64) AppleWebKit/537.36 (KHTML, like Gecko) Chrome/61.0.3163.79 Safari/537.36" "ysfine.com"
40.90.217.63 - - [09/Dec/2022:18:23:10 -0800] "GET /world/baltic/russdull.jpg HTTP/1.1" 200 94002 "-" "Mozilla/5.0 (Macintosh; Intel Mac OS X 13_0_1) AppleWebKit/605.1.15 (KHTML, like Gecko) Version/16.1 Safari/605.1.15" "www.ysfine.com"
207.46.13.48 - - [09/Dec/2022:18:23:12 -0800] "GET /bio/world/kalinin22.html HTTP/1.1" 404 88 "-" "Mozilla/5.0 AppleWebKit/537.36 (KHTML, like Gecko; compatible; bingbot/2.0; +http://www.bing.com/bingbot.htm) Chrome/103.0.5060.134 Safari/537.36" "ysfine.com"
207.46.13.48 - - [09/Dec/2022:18:23:13 -0800] "GET /bio.html HTTP/1.1" 200 18114 "-" "Mozilla/5.0 AppleWebKit/537.36 (KHTML, like Gecko; compatible; bingbot/2.0; +http://www.bing.com/bingbot.htm) Chrome/103.0.5060.134 Safari/537.36" "ysfine.com"
207.46.13.48 - - [09/Dec/2022:18:23:13 -0800] "GET /ysbio/folks/towhee HTTP/1.1" 404 88 "-" "Mozilla/5.0 AppleWebKit/537.36 (KHTML, like Gecko; compatible; bingbot/2.0; +http://www.bing.com/bingbot.htm) Chrome/103.0.5060.134 Safari/537.36" "ysfine.com"
40.90.217.21 - - [09/Dec/2022:18:24:11 -0800] "GET /sbk/1991ogun11.jpg HTTP/1.1" 200 86806 "-" "Mozilla/5.0 (X11; Linux i686; rv:102.0) Gecko/20100101 Firefox/102.0" "www.ysfine.com"
64.124.8.41 - - [09/Dec/2022:18:24:36 -0800] "GET /awards/rpress.docx HTTP/1.1" 304 - "-" "Mozilla/5.0 (X11; Linux x86_64) AppleWebKit/537.36 (KHTML, like Gecko) Chrome/61.0.3163.79 Safari/537.36" "ysfine.com"
68.207.243.54 - - [09/Dec/2022:18:24:43 -0800] "GET /princeton/alexan22.jpg HTTP/1.1" 200 175436 "https://www.google.com/" "Mozilla/5.0 (iPhone; CPU iPhone OS 16_1_1 like Mac OS X) AppleWebKit/605.1.15 (KHTML, like Gecko) Version/16.1 Mobile/15E148 Safari/604.1" "ysfine.com"
64.124.8.41 - - [09/Dec/2022:18:25:20 -0800] "GET /home/wigstu.html HTTP/1.1" 304 - "-" "Mozilla/5.0 (X11; Linux x86_64) AppleWebKit/537.36 (KHTML, like Gecko) Chrome/61.0.3163.79 Safari/537.36" "ysfine.com"
40.90.217.7 - - [09/Dec/2022:18:26:05 -0800] "GET /world/brit/covent04.jpg HTTP/1.1" 200 78668 "-" "Mozilla/5.0 (Macintosh; Intel Mac OS X 13_0_1) AppleWebKit/537.36 (KHTML, like Gecko) Chrome/108.0.0.0 Safari/537.36" "www.ysfine.com"
64.124.8.41 - - [09/Dec/2022:18:26:07 -0800] "GET /archives/proceedings/ff3/ff3abs.html HTTP/1.1" 200 47753 "-" "Mozilla/5.0 (X11; Linux x86_64) AppleWebKit/537.36 (KHTML, like Gecko) Chrome/61.0.3163.79 Safari/537.36" "ysfine.com"
51.222.253.5 - - [09/Dec/2022:18:26:10 -0800] "GET /dirac/wigsis.html HTTP/1.1" 200 10275 "-" "Mozilla/5.0 (compatible; AhrefsBot/7.0; +http://ahrefs.com/robot/)" "ysfine.com"
124.220.161.119 - - [09/Dec/2022:18:26:58 -0800] "GET /eink/ewk86f.jpg HTTP/1.1" 200 122173 "http://ysfine.com/eink/ewk86f.jpg" "Mozilla/5.0 (Linux; Android 6.0; Nexus 5 Build/MRA58N) AppleWebKit/537.36 (KHTML, like Gecko) Chrome/81.0.4044.138 Mobile Safari/537.36" "ysfine.com"
124.220.161.119 - - [09/Dec/2022:18:27:17 -0800] "GET /eink/ewk86f.jpg HTTP/1.1" 200 122173 "http://ysfine.com/eink/ewk86f.jpg" "Mozilla/5.0 (Linux; Android 6.0; Nexus 5 Build/MRA58N) AppleWebKit/537.36 (KHTML, like Gecko) Chrome/81.0.4044.138 Mobile Safari/537.36" "ysfine.com"
20.53.92.211 - - [09/Dec/2022:18:27:23 -0800] "GET /sbk/1987brooke11.jpg HTTP/1.1" 200 257411 "http://ysfine.com/sbk/1987brooke11.jpg" "DuckDuckBot/1.1; (+http://duckduckgo.com/duckduckbot.html)" "ysfine.com"
124.220.161.119 - - [09/Dec/2022:18:27:32 -0800] "GET /eink/ewk86f.jpg HTTP/1.1" 200 122173 "http://ysfine.com/eink/ewk86f.jpg" "Mozilla/5.0 (Linux; Android 6.0; Nexus 5 Build/MRA58N) AppleWebKit/537.36 (KHTML, like Gecko) Chrome/81.0.4044.138 Mobile Safari/537.36" "ysfine.com"
143.229.192.63 - - [09/Dec/2022:18:27:38 -0800] "GET /princeton/alexan22.jpg HTTP/1.1" 200 175436 "https://www.google.com/" "Mozilla/5.0 (Macintosh; Intel Mac OS X 10_15_7) AppleWebKit/537.36 (KHTML, like Gecko) Chrome/107.0.0.0 Safari/537.36" "ysfine.com"
157.55.39.76 - - [09/Dec/2022:18:27:54 -0800] "GET /bio/kobak/yskor.html HTTP/1.1" 404 88 "-" "Mozilla/5.0 (compatible; bingbot/2.0; +http://www.bing.com/bingbot.htm)" "ysfine.com"
124.220.161.119 - - [09/Dec/2022:18:27:57 -0800] "GET /eink/ewk86f.jpg HTTP/1.1" 200 122173 "http://ysfine.com/eink/ewk86f.jpg" "Mozilla/5.0 (Linux; Android 6.0; Nexus 5 Build/MRA58N) AppleWebKit/537.36 (KHTML, like Gecko) Chrome/81.0.4044.138 Mobile Safari/537.36" "ysfine.com"
207.46.13.48 - - [09/Dec/2022:18:28:01 -0800] "GET /world/poland/polnobel01.jpg HTTP/1.1" 200 123761 "-" "Mozilla/5.0 (compatible; bingbot/2.0; +http://www.bing.com/bingbot.htm)" "ysfine.com"
157.55.39.76 - - [09/Dec/2022:18:28:15 -0800] "GET /bio/harmoarchi.html HTTP/1.1" 404 88 "-" "Mozilla/5.0 (compatible; bingbot/2.0; +http://www.bing.com/bingbot.htm)" "ysfine.com"
124.220.161.119 - - [09/Dec/2022:18:28:22 -0800] "GET /eink/ewk86f.jpg HTTP/1.1" 200 122173 "http://ysfine.com/eink/ewk86f.jpg" "Mozilla/5.0 (Linux; Android 6.0; Nexus 5 Build/MRA58N) AppleWebKit/537.36 (KHTML, like Gecko) Chrome/81.0.4044.138 Mobile Safari/537.36" "ysfine.com"
64.124.8.41 - - [09/Dec/2022:18:28:29 -0800] "GET /ysbio/class54/nam/index.html HTTP/1.1" 404 88 "-" "Mozilla/5.0 (X11; Linux x86_64) AppleWebKit/537.36 (KHTML, like Gecko) Chrome/61.0.3163.79 Safari/537.36" "ysfine.com"
124.220.161.119 - - [09/Dec/2022:18:28:37 -0800] "GET /eink/ewk86f.jpg HTTP/1.1" 200 122173 "http://ysfine.com/eink/ewk86f.jpg" "Mozilla/5.0 (Linux; Android 6.0; Nexus 5 Build/MRA58N) AppleWebKit/537.36 (KHTML, like Gecko) Chrome/81.0.4044.138 Mobile Safari/537.36" "ysfine.com"
64.124.8.41 - - [09/Dec/2022:18:28:44 -0800] "GET /maga/phil/sisfa12/frame43.html HTTP/1.1" 200 319 "-" "Mozilla/5.0 (X11; Linux x86_64) AppleWebKit/537.36 (KHTML, like Gecko) Chrome/61.0.3163.79 Safari/537.36" "ysfine.com"
40.90.217.103 - - [09/Dec/2022:18:28:46 -0800] "GET /maga/phys/volkova00b.jpg HTTP/1.1" 200 48898 "-" "Mozilla/5.0 (Macintosh; Intel Mac OS X 13_0_1) AppleWebKit/537.36 (KHTML, like Gecko) Chrome/108.0.0.0 Safari/537.36 Edg/108.0.1462.46" "ysfine.com"
64.124.8.41 - - [09/Dec/2022:18:28:48 -0800] "GET /maga/mellon.html HTTP/1.1" 304 - "-" "Mozilla/5.0 (X11; Linux x86_64) AppleWebKit/537.36 (KHTML, like Gecko) Chrome/61.0.3163.79 Safari/537.36" "ysfine.com"
207.46.13.48 - - [09/Dec/2022:18:29:02 -0800] "GET /archives/class5470/total_data/refer_img/8-155_f.jpg HTTP/1.1" 404 88 "-" "Mozilla/5.0 AppleWebKit/537.36 (KHTML, like Gecko; compatible; bingbot/2.0; +http://www.bing.com/bingbot.htm) Chrome/103.0.5060.134 Safari/537.36" "www.ysfine.com"
64.124.8.41 - - [09/Dec/2022:18:29:54 -0800] "GET /ysbio/einstein/dual.html HTTP/1.1" 404 88 "-" "Mozilla/5.0 (X11; Linux x86_64) AppleWebKit/537.36 (KHTML, like Gecko) Chrome/61.0.3163.79 Safari/537.36" "ysfine.com"
40.90.217.131 - - [09/Dec/2022:18:29:58 -0800] "GET /einstein/places/einmu52b.jpg HTTP/1.1" 200 38352 "-" "Mozilla/5.0 (Macintosh; Intel Mac OS X 13_0_1) AppleWebKit/605.1.15 (KHTML, like Gecko) Version/16.1 Safari/605.1.15" "ysfine.com"
40.90.217.235 - - [09/Dec/2022:18:30:09 -0800] "GET /people/glauber05.jpg HTTP/1.1" 200 220705 "-" "Mozilla/5.0 (Windows NT 10.0; WOW64) AppleWebKit/537.36 (KHTML, like Gecko) Chrome/108.0.0.0 Safari/537.36" "www.ysfine.com"
207.46.13.48 - - [09/Dec/2022:18:30:22 -0800] "GET /bio/einstein/ulm.html HTTP/1.1" 404 88 "-" "Mozilla/5.0 (compatible; bingbot/2.0; +http://www.bing.com/bingbot.htm)" "ysfine.com"
207.46.13.134 - - [09/Dec/2022:18:30:48 -0800] "GET /world/france/notre19.jpg HTTP/1.1" 200 113379 "-" "Mozilla/5.0 AppleWebKit/537.36 (KHTML, like Gecko; compatible; bingbot/2.0; +http://www.bing.com/bingbot.htm) Chrome/103.0.5060.134 Safari/537.36" "www.ysfine.com"
64.124.8.41 - - [09/Dec/2022:18:31:13 -0800] "GET /wisdom/wkbot.html HTTP/1.1" 304 - "-" "Mozilla/5.0 (X11; Linux x86_64) AppleWebKit/537.36 (KHTML, like Gecko) Chrome/61.0.3163.79 Safari/537.36" "ysfine.com"
64.124.8.41 - - [09/Dec/2022:18:31:40 -0800] "GET /philo/sisfa12/frame21.html HTTP/1.1" 200 319 "-" "Mozilla/5.0 (X11; Linux x86_64) AppleWebKit/537.36 (KHTML, like Gecko) Chrome/61.0.3163.79 Safari/537.36" "ysfine.com"
40.90.217.7 - - [09/Dec/2022:18:31:42 -0800] "GET /usca/canada/montrf04.jpg HTTP/1.1" 200 212909 "-" "Mozilla/5.0 (Windows NT 10.0; Win64; x64) AppleWebKit/537.36 (KHTML, like Gecko) Chrome/108.0.0.0 Safari/537.36 Edg/108.0.1462.46" "ysfine.com"
64.124.8.41 - - [09/Dec/2022:18:32:03 -0800] "GET /world/poland/copernisq.html HTTP/1.1" 304 - "-" "Mozilla/5.0 (X11; Linux x86_64) AppleWebKit/537.36 (KHTML, like Gecko) Chrome/61.0.3163.79 Safari/537.36" "ysfine.com"
64.124.8.41 - - [09/Dec/2022:18:33:39 -0800] "GET /world/polandw.html HTTP/1.1" 200 17893 "-" "Mozilla/5.0 (X11; Linux x86_64) AppleWebKit/537.36 (KHTML, like Gecko) Chrome/61.0.3163.79 Safari/537.36" "ysfine.com"
207.46.13.134 - - [09/Dec/2022:18:33:49 -0800] "GET /bio/wigner/e(2).html HTTP/1.1" 404 88 "-" "Mozilla/5.0 (compatible; bingbot/2.0; +http://www.bing.com/bingbot.htm)" "ysfine.com"
157.55.39.6 - - [09/Dec/2022:18:33:54 -0800] "GET /bio/world/leipzig.html HTTP/1.1" 404 88 "-" "Mozilla/5.0 AppleWebKit/537.36 (KHTML, like Gecko; compatible; bingbot/2.0; +http://www.bing.com/bingbot.htm) Chrome/103.0.5060.134 Safari/537.36" "ysfine.com"
157.55.39.6 - - [09/Dec/2022:18:34:34 -0800] "GET /bio/einstein/bern.html HTTP/1.1" 404 88 "-" "Mozilla/5.0 AppleWebKit/537.36 (KHTML, like Gecko; compatible; bingbot/2.0; +http://www.bing.com/bingbot.htm) Chrome/103.0.5060.134 Safari/537.36" "ysfine.com"
40.90.217.235 - - [09/Dec/2022:18:34:46 -0800] "GET /wigner/michwight.jpg HTTP/1.1" 200 73424 "-" "Mozilla/5.0 (X11; Ubuntu; Linux i686; rv:102.0) Gecko/20100101 Firefox/102.0" "ysfine.com"
66.160.140.184 - - [09/Dec/2022:18:34:54 -0800] "GET /robots.txt HTTP/1.1" 404 88 "-" "The Knowledge AI" "ysfine.com"
64.124.8.41 - - [09/Dec/2022:18:35:05 -0800] "GET /einstein/einstring.html HTTP/1.1" 304 - "-" "Mozilla/5.0 (X11; Linux x86_64) AppleWebKit/537.36 (KHTML, like Gecko) Chrome/61.0.3163.79 Safari/537.36" "ysfine.com"
64.124.8.41 - - [09/Dec/2022:18:35:22 -0800] "GET /dirac/dirpoems.html HTTP/1.1" 304 - "-" "Mozilla/5.0 (X11; Linux x86_64) AppleWebKit/537.36 (KHTML, like Gecko) Chrome/61.0.3163.79 Safari/537.36" "ysfine.com"
5.188.210.38 - - [09/Dec/2022:18:36:58 -0800] "GET /world/travel.html HTTP/1.1" 200 5186 "https://www.ysfine.com/world/travel.html" "Mozilla/5.0 (Windows NT 10.0) AppleWebKit/537.36 (KHTML, like Gecko) Chrome/90.0.4430.85 Safari/537.36" "www.ysfine.com"
5.188.210.38 - - [09/Dec/2022:18:36:58 -0800] "GET / HTTP/1.1" 200 15920 "https://www.ysfine.com/" "Mozilla/5.0 (Windows NT 10.0) AppleWebKit/537.36 (KHTML, like Gecko) Chrome/90.0.4430.85 Safari/537.36" "www.ysfine.com"
93.159.230.89 - - [09/Dec/2022:18:36:59 -0800] "GET / HTTP/1.1" 200 5295 "-" "Mozilla/5.0 (Windows NT 10.0; Win64; x64) AppleWebKit/537.36 (KHTML, like Gecko) Chrome/71.0.3578.98 Safari/537.36" "ysfine.com"
207.46.13.134 - - [09/Dec/2022:18:38:31 -0800] "GET /bio/pquartet.html HTTP/1.1" 404 88 "-" "Mozilla/5.0 AppleWebKit/537.36 (KHTML, like Gecko; compatible; bingbot/2.0; +http://www.bing.com/bingbot.htm) Chrome/103.0.5060.134 Safari/537.36" "ysfine.com"
17.121.114.65 - - [09/Dec/2022:18:38:59 -0800] "GET /confer/conbot.html HTTP/1.1" 200 124 "-" "Mozilla/5.0 (Macintosh; Intel Mac OS X 10_15_5) AppleWebKit/605.1.15 (KHTML, like Gecko) Version/13.1.1 Safari/605.1.15 (Applebot/0.1; +http://www.apple.com/go/applebot)" "www.ysfine.com"
207.46.13.20 - - [09/Dec/2022:18:39:38 -0800] "GET /ffriends/aline/jal24b.jpg HTTP/1.1" 200 36191 "-" "Mozilla/5.0 AppleWebKit/537.36 (KHTML, like Gecko; compatible; bingbot/2.0; +http://www.bing.com/bingbot.htm) Chrome/103.0.5060.134 Safari/537.36" "ysfine.com"
207.46.13.20 - - [09/Dec/2022:18:39:39 -0800] "GET /home/bio01a.html HTTP/1.1" 404 88 "-" "Mozilla/5.0 AppleWebKit/537.36 (KHTML, like Gecko; compatible; bingbot/2.0; +http://www.bing.com/bingbot.htm) Chrome/103.0.5060.134 Safari/537.36" "ysfine.com"
51.222.253.13 - - [09/Dec/2022:18:40:40 -0800] "GET /home/eink/mose.html HTTP/1.1" 404 88 "-" "Mozilla/5.0 (compatible; AhrefsBot/7.0; +http://ahrefs.com/robot/)" "ysfine.com"
64.124.8.41 - - [09/Dec/2022:18:40:55 -0800] "GET /wisdom/kwk.html HTTP/1.1" 304 - "-" "Mozilla/5.0 (X11; Linux x86_64) AppleWebKit/537.36 (KHTML, like Gecko) Chrome/61.0.3163.79 Safari/537.36" "ysfine.com"
40.90.217.192 - - [09/Dec/2022:18:41:16 -0800] "GET /sbk/2003geneva55.jpg HTTP/1.1" 200 218891 "-" "Mozilla/5.0 (Linux x86_64; rv:102.0) Gecko/20100101 Firefox/102.0" "www.ysfine.com"
207.46.13.48 - - [09/Dec/2022:18:41:53 -0800] "GET /bio/people/yodh03b.jpg HTTP/1.1" 404 88 "-" "Mozilla/5.0 AppleWebKit/537.36 (KHTML, like Gecko; compatible; bingbot/2.0; +http://www.bing.com/bingbot.htm) Chrome/103.0.5060.134 Safari/537.36" "ysfine.com"
157.55.39.76 - - [09/Dec/2022:18:41:58 -0800] "GET /bio/feynman/fthtop.html HTTP/1.1" 404 88 "-" "Mozilla/5.0 (compatible; bingbot/2.0; +http://www.bing.com/bingbot.htm)" "ysfine.com"
116.95.116.48 - - [09/Dec/2022:18:42:20 -0800] "GET /einstein/heisen33b.jpg HTTP/1.1" 200 78035 "https://www.icourse163.org/" "Mozilla/5.0 (Windows NT 10.0; Win64; x64) AppleWebKit/537.36 (KHTML, like Gecko) Chrome/99.0.4844.84 Safari/537.36 HBPC/12.1.1.300" "ysfine.com"
207.46.13.20 - - [09/Dec/2022:18:44:09 -0800] "GET /bio/style/proschanie.html HTTP/1.1" 404 88 "-" "Mozilla/5.0 (compatible; bingbot/2.0; +http://www.bing.com/bingbot.htm)" "ysfine.com"
64.124.8.41 - - [09/Dec/2022:18:44:43 -0800] "GET /ysbio/wigner/wigtop.html HTTP/1.1" 404 88 "-" "Mozilla/5.0 (X11; Linux x86_64) AppleWebKit/537.36 (KHTML, like Gecko) Chrome/61.0.3163.79 Safari/537.36" "ysfine.com"
46.154.72.29 - - [09/Dec/2022:18:45:47 -0800] "GET /style/musee/louvre11.jpg HTTP/1.1" 200 90911 "https://yandex.com.tr/gorsel/touch/search?text=louvre%20muzesinden%20atilan%20porno%20yildizi&source=tabbar&pos=13&img_url=http%3A%2F%2Fscontent-hel3-1.cdninstagram.com%2Fv%2Ft51.2885-15%2Fe35%2F12328143_927385270670936_1920221137_n.jpg%3F_nc_ht%3Dscontent-hel3-1.cdninstagram.com%26_nc_cat%3D108%26_nc_ohc%3DqRWsUXd0vrwAX_Jh0DT%26edm%3DABfd0MgBAAAA%26ccb%3D7-4%26oh%3D82aafebfb18839f4a24fd466100089e2%26oe%3D6131758A%26_nc_sid%3D7bff83&rpt=simage&lr=11511&ogl_url=http%3A%2F%2Fscontent-hel3-1.cdninstagram.com%2Fv%2Ft51.2885-15%2Fe35%2F12328143_927385270670936_1920221137_n.jpg%3F_nc_ht%3Dscontent-hel3-1.cdninstagram.com%26_nc_cat%3D108%26_nc_ohc%3DqRWsUXd0vrwAX_Jh0DT%26edm%3DABfd0MgBAAAA%26ccb%3D7-4%26oh%3D82aafebfb18839f4a24fd466100089e2%26oe%3D6131758A%26_nc_sid%3D7bff83&rlt_url=https%3A%2F%2Fimg.tourister.ru%2Ffiles%2F7%2F8%2F7%2F7%2F7%2F0%2F7%2Foriginal.jpg" "Mozilla/5.0 (Linux; Android 11; CPH1941) AppleWebKit/537.36 (KHTML, like Gecko) Chrome/108.0.0.0 Mobile Safari/537.36" "www.ysfine.com"
64.124.8.41 - - [09/Dec/2022:18:45:50 -0800] "GET /wisdom/wk00.html HTTP/1.1" 304 - "-" "Mozilla/5.0 (X11; Linux x86_64) AppleWebKit/537.36 (KHTML, like Gecko) Chrome/61.0.3163.79 Safari/537.36" "ysfine.com"
20.115.201.68 - - [09/Dec/2022:18:46:45 -0800] "GET /people/accardi02.jpg HTTP/1.1" 200 83010 "-" "Mozilla/5.0 (X11; Ubuntu; Linux i686; rv:107.0) Gecko/20100101 Firefox/107.0" "www.ysfine.com"
157.55.39.6 - - [09/Dec/2022:18:47:15 -0800] "GET /bio/kobak/namdae.html HTTP/1.1" 404 88 "-" "Mozilla/5.0 (compatible; bingbot/2.0; +http://www.bing.com/bingbot.htm)" "ysfine.com"
207.46.13.48 - - [09/Dec/2022:18:47:45 -0800] "GET /bio/optics.html HTTP/1.1" 404 88 "-" "Mozilla/5.0 AppleWebKit/537.36 (KHTML, like Gecko; compatible; bingbot/2.0; +http://www.bing.com/bingbot.htm) Chrome/103.0.5060.134 Safari/537.36" "ysfine.com"
64.124.8.41 - - [09/Dec/2022:18:49:10 -0800] "GET /feynman/partons.html HTTP/1.1" 304 - "-" "Mozilla/5.0 (X11; Linux x86_64) AppleWebKit/537.36 (KHTML, like Gecko) Chrome/61.0.3163.79 Safari/537.36" "ysfine.com"
64.124.8.41 - - [09/Dec/2022:18:49:20 -0800] "GET /dirac/dirosc.html HTTP/1.1" 304 - "-" "Mozilla/5.0 (X11; Linux x86_64) AppleWebKit/537.36 (KHTML, like Gecko) Chrome/61.0.3163.79 Safari/537.36" "ysfine.com"
40.90.217.214 - - [09/Dec/2022:18:50:18 -0800] "GET /kobak/church103.jpg HTTP/1.1" 200 131803 "-" "Mozilla/5.0 (X11; Linux x86_64) AppleWebKit/537.36 (KHTML, like Gecko) Chrome/108.0.0.0 Safari/537.36" "ysfine.com"
64.124.8.41 - - [09/Dec/2022:18:50:26 -0800] "GET /archives/proceedings/ff1/fp1abs.html HTTP/1.1" 200 21918 "-" "Mozilla/5.0 (X11; Linux x86_64) AppleWebKit/537.36 (KHTML, like Gecko) Chrome/61.0.3163.79 Safari/537.36" "ysfine.com"
103.160.128.45 - - [09/Dec/2022:18:50:36 -0800] "GET /dirac/dirmatrix.pdf HTTP/1.1" 200 12724 "https://www.google.co.in/" "Mozilla/5.0 (Windows NT 10.0; Win64; x64) AppleWebKit/537.36 (KHTML, like Gecko) Chrome/108.0.0.0 Safari/537.36" "ysfine.com"
34.68.241.243 - - [09/Dec/2022:18:50:37 -0800] "HEAD /dirac/dirmatrix.pdf HTTP/1.1" 200 - "-" "PostmanRuntime/7.26.5" "ysfine.com"
34.68.241.243 - - [09/Dec/2022:18:50:39 -0800] "HEAD /dirac/dirmatrix.pdf HTTP/1.1" 200 - "-" "PostmanRuntime/7.26.5" "ysfine.com"
34.68.241.243 - - [09/Dec/2022:18:50:39 -0800] "GET /dirac/dirmatrix.pdf HTTP/1.1" 200 12724 "-" "PostmanRuntime/7.26.5" "ysfine.com"
40.90.217.19 - - [09/Dec/2022:18:50:48 -0800] "GET /kowar/ridgway01.jpg HTTP/1.1" 200 117900 "-" "Mozilla/5.0 (Windows NT 10.0; Win64; x64; rv:107.0) Gecko/20100101 Firefox/107.0" "ysfine.com"
40.90.217.19 - - [09/Dec/2022:18:50:51 -0800] "GET /einstein/einvio11.jpg HTTP/1.1" 200 62065 "-" "Mozilla/5.0 (Macintosh; Intel Mac OS X 13_0_1) AppleWebKit/537.36 (KHTML, like Gecko) Chrome/108.0.0.0 Safari/537.36" "www.ysfine.com"
207.46.13.134 - - [09/Dec/2022:18:51:01 -0800] "GET /bio04.html HTTP/1.1" 200 8982 "-" "Mozilla/5.0 (compatible; bingbot/2.0; +http://www.bing.com/bingbot.htm)" "ysfine.com"
35.239.249.226 - - [09/Dec/2022:18:51:09 -0800] "HEAD /dirac/dirmatrix.pdf HTTP/1.1" 200 - "-" "PostmanRuntime/7.26.5" "ysfine.com"
35.239.249.226 - - [09/Dec/2022:18:51:09 -0800] "GET /dirac/dirmatrix.pdf HTTP/1.1" 200 12724 "-" "PostmanRuntime/7.26.5" "ysfine.com"
34.68.241.243 - - [09/Dec/2022:18:51:10 -0800] "HEAD /dirac/dirmatrix.pdf HTTP/1.1" 200 - "-" "PostmanRuntime/7.26.5" "ysfine.com"
207.46.13.48 - - [09/Dec/2022:18:51:15 -0800] "GET /bio/princeton/yspr.html HTTP/1.1" 404 88 "-" "Mozilla/5.0 (compatible; bingbot/2.0; +http://www.bing.com/bingbot.htm)" "ysfine.com"
207.46.13.48 - - [09/Dec/2022:18:51:15 -0800] "GET /bio/style/rieu.html HTTP/1.1" 404 88 "-" "Mozilla/5.0 (compatible; bingbot/2.0; +http://www.bing.com/bingbot.htm)" "ysfine.com"
207.46.13.48 - - [09/Dec/2022:18:51:16 -0800] "GET /bio08.html HTTP/1.1" 200 5117 "-" "Mozilla/5.0 (compatible; bingbot/2.0; +http://www.bing.com/bingbot.htm)" "ysfine.com"
64.124.8.41 - - [09/Dec/2022:18:51:21 -0800] "GET /einstein/einleft.html HTTP/1.1" 304 - "-" "Mozilla/5.0 (X11; Linux x86_64) AppleWebKit/537.36 (KHTML, like Gecko) Chrome/61.0.3163.79 Safari/537.36" "ysfine.com"
64.124.8.41 - - [09/Dec/2022:18:51:31 -0800] "GET /kobak/yskor.html HTTP/1.1" 304 - "-" "Mozilla/5.0 (X11; Linux x86_64) AppleWebKit/537.36 (KHTML, like Gecko) Chrome/61.0.3163.79 Safari/537.36" "ysfine.com"
64.124.8.41 - - [09/Dec/2022:18:52:25 -0800] "GET /ysbio/einstein/fantova/fantova.html HTTP/1.1" 404 88 "-" "Mozilla/5.0 (X11; Linux x86_64) AppleWebKit/537.36 (KHTML, like Gecko) Chrome/61.0.3163.79 Safari/537.36" "ysfine.com"
64.124.8.41 - - [09/Dec/2022:18:52:46 -0800] "GET /ysbio/einstein/einwo.html HTTP/1.1" 404 88 "-" "Mozilla/5.0 (X11; Linux x86_64) AppleWebKit/537.36 (KHTML, like Gecko) Chrome/61.0.3163.79 Safari/537.36" "ysfine.com"
108.2.106.41 - - [09/Dec/2022:18:52:46 -0800] "GET /princeton/alexan22.jpg HTTP/1.1" 200 175436 "https://www.google.com/" "Mozilla/5.0 (Macintosh; Intel Mac OS X 10_15_7) AppleWebKit/537.36 (KHTML, like Gecko) Chrome/108.0.0.0 Safari/537.36" "ysfine.com"
40.90.216.88 - - [09/Dec/2022:18:52:59 -0800] "GET /yspapers/coupo02c.jpg HTTP/1.1" 200 42609 "-" "Mozilla/5.0 (X11; Fedora; Linux x86_64; rv:102.0) Gecko/20100101 Firefox/102.0" "ysfine.com"
198.91.168.36 - - [09/Dec/2022:18:53:10 -0800] "GET /kobak/sl628.jpg HTTP/1.1" 200 225100 "https://www.google.ca/" "Mozilla/5.0 (iPhone; CPU iPhone OS 15_7 like Mac OS X) AppleWebKit/605.1.15 (KHTML, like Gecko) Version/15.6,2 Mobile/15E148 Safari/604.1" "ysfine.com"
64.124.8.41 - - [09/Dec/2022:18:53:16 -0800] "GET /archives/proceedings/ff3/ff3abs.html HTTP/1.1" 200 47753 "-" "Mozilla/5.0 (X11; Linux x86_64) AppleWebKit/537.36 (KHTML, like Gecko) Chrome/61.0.3163.79 Safari/537.36" "ysfine.com"
64.124.8.41 - - [09/Dec/2022:18:53:21 -0800] "GET /ysbio/wigner/neupol.html HTTP/1.1" 404 88 "-" "Mozilla/5.0 (X11; Linux x86_64) AppleWebKit/537.36 (KHTML, like Gecko) Chrome/61.0.3163.79 Safari/537.36" "ysfine.com"
64.124.8.41 - - [09/Dec/2022:18:53:43 -0800] "GET /world/cambr.html HTTP/1.1" 304 - "-" "Mozilla/5.0 (X11; Linux x86_64) AppleWebKit/537.36 (KHTML, like Gecko) Chrome/61.0.3163.79 Safari/537.36" "ysfine.com"
40.90.217.144 - - [09/Dec/2022:18:53:58 -0800] "GET /kowar/tanks/sherman58b.jpg HTTP/1.1" 200 37300 "-" "Mozilla/5.0 (X11; Linux x86_64) AppleWebKit/537.36 (KHTML, like Gecko) Chrome/108.0.0.0 Safari/537.36" "www.ysfine.com"
40.90.217.144 - - [09/Dec/2022:18:53:58 -0800] "GET /kowar/paiksy01.jpg HTTP/1.1" 200 83801 "-" "Mozilla/5.0 (X11; Ubuntu; Linux i686; rv:102.0) Gecko/20100101 Firefox/102.0" "ysfine.com"
64.124.8.41 - - [09/Dec/2022:18:54:14 -0800] "GET /ysbio/einstein/einphoto.html HTTP/1.1" 404 88 "-" "Mozilla/5.0 (X11; Linux x86_64) AppleWebKit/537.36 (KHTML, like Gecko) Chrome/61.0.3163.79 Safari/537.36" "ysfine.com"
157.55.39.76 - - [09/Dec/2022:18:54:16 -0800] "GET /bio/style/artlove.html HTTP/1.1" 404 88 "-" "Mozilla/5.0 (compatible; bingbot/2.0; +http://www.bing.com/bingbot.htm)" "ysfine.com"
66.249.66.40 - - [09/Dec/2022:18:54:19 -0800] "GET /articles/restof.pdf HTTP/1.1" 401 90 "-" "Googlebot/2.1 (+http://www.google.com/bot.html)" "ysfine.com"
207.46.13.48 - - [09/Dec/2022:18:54:19 -0800] "GET /bio/eink/buythisbook.html HTTP/1.1" 404 88 "-" "Mozilla/5.0 AppleWebKit/537.36 (KHTML, like Gecko; compatible; bingbot/2.0; +http://www.bing.com/bingbot.htm) Chrome/103.0.5060.134 Safari/537.36" "ysfine.com"
187.189.155.147 - - [09/Dec/2022:18:54:35 -0800] "GET /dirac/dirheisen31b.jpg HTTP/1.1" 200 39248 "https://www.google.com/" "Mozilla/5.0 (Windows NT 10.0; Win64; x64) AppleWebKit/537.36 (KHTML, like Gecko) Chrome/108.0.0.0 Safari/537.36" "ysfine.com"
157.55.39.76 - - [09/Dec/2022:18:54:35 -0800] "GET /bio/yspapers/symmetry11.pdf HTTP/1.1" 404 88 "-" "Mozilla/5.0 AppleWebKit/537.36 (KHTML, like Gecko; compatible; bingbot/2.0; +http://www.bing.com/bingbot.htm) Chrome/103.0.5060.134 Safari/537.36" "www.ysfine.com"
157.55.39.76 - - [09/Dec/2022:18:54:59 -0800] "GET /bio/bio07.html HTTP/1.1" 404 88 "-" "Mozilla/5.0 AppleWebKit/537.36 (KHTML, like Gecko; compatible; bingbot/2.0; +http://www.bing.com/bingbot.htm) Chrome/103.0.5060.134 Safari/537.36" "ysfine.com"
64.124.8.41 - - [09/Dec/2022:18:55:00 -0800] "GET /archives/proceedings/ff3/ff3abs.html HTTP/1.1" 200 47753 "-" "Mozilla/5.0 (X11; Linux x86_64) AppleWebKit/537.36 (KHTML, like Gecko) Chrome/61.0.3163.79 Safari/537.36" "ysfine.com"
64.124.8.41 - - [09/Dec/2022:18:55:05 -0800] "GET /princeton/sambapr.html HTTP/1.1" 304 - "-" "Mozilla/5.0 (X11; Linux x86_64) AppleWebKit/537.36 (KHTML, like Gecko) Chrome/61.0.3163.79 Safari/537.36" "ysfine.com"
64.124.8.41 - - [09/Dec/2022:18:55:21 -0800] "GET /archives/proceedings/boston/perina.html HTTP/1.1" 200 620 "-" "Mozilla/5.0 (X11; Linux x86_64) AppleWebKit/537.36 (KHTML, like Gecko) Chrome/61.0.3163.79 Safari/537.36" "ysfine.com"
51.222.253.20 - - [09/Dec/2022:18:55:31 -0800] "GET /world/spain/index.html HTTP/1.1" 200 15181 "-" "Mozilla/5.0 (compatible; AhrefsBot/7.0; +http://ahrefs.com/robot/)" "www.ysfine.com"
51.222.253.8 - - [09/Dec/2022:18:55:39 -0800] "GET /world/spain/sala04c.jpg HTTP/1.1" 200 32096 "-" "Mozilla/5.0 (compatible; AhrefsBot/7.0; +http://ahrefs.com/robot/)" "www.ysfine.com"
64.124.8.41 - - [09/Dec/2022:18:55:40 -0800] "GET /ysbio/sing.html HTTP/1.1" 404 88 "-" "Mozilla/5.0 (X11; Linux x86_64) AppleWebKit/537.36 (KHTML, like Gecko) Chrome/61.0.3163.79 Safari/537.36" "ysfine.com"
179.6.166.18 - - [09/Dec/2022:18:55:44 -0800] "GET /maga/phys/pauli01.jpg HTTP/1.1" 200 97701 "https://www.google.com/" "Mozilla/5.0 (Windows NT 10.0; Win64; x64) AppleWebKit/537.36 (KHTML, like Gecko) Chrome/108.0.0.0 Safari/537.36" "ysfine.com"
51.222.253.11 - - [09/Dec/2022:18:55:45 -0800] "GET /world/spain/cordoj01c.jpg HTTP/1.1" 200 57302 "-" "Mozilla/5.0 (compatible; AhrefsBot/7.0; +http://ahrefs.com/robot/)" "www.ysfine.com"
207.46.13.48 - - [09/Dec/2022:18:55:45 -0800] "GET /ysbio/folks/latinam.html HTTP/1.1" 404 88 "-" "Mozilla/5.0 AppleWebKit/537.36 (KHTML, like Gecko; compatible; bingbot/2.0; +http://www.bing.com/bingbot.htm) Chrome/103.0.5060.134 Safari/537.36" "ysfine.com"
51.222.253.13 - - [09/Dec/2022:18:55:50 -0800] "GET /world/spain/bcn32c.jpg HTTP/1.1" 200 40942 "-" "Mozilla/5.0 (compatible; AhrefsBot/7.0; +http://ahrefs.com/robot/)" "www.ysfine.com"
51.222.253.14 - - [09/Dec/2022:18:55:56 -0800] "GET /world/spain/bcn01c.jpg HTTP/1.1" 200 32691 "-" "Mozilla/5.0 (compatible; AhrefsBot/7.0; +http://ahrefs.com/robot/)" "www.ysfine.com"
51.222.253.2 - - [09/Dec/2022:18:56:02 -0800] "GET /ffriends/turklawyer02c.jpg HTTP/1.1" 200 46730 "-" "Mozilla/5.0 (compatible; AhrefsBot/7.0; +http://ahrefs.com/robot/)" "www.ysfine.com"
51.222.253.8 - - [09/Dec/2022:18:56:08 -0800] "GET /world/spain/madrid22c.jpg HTTP/1.1" 200 35510 "-" "Mozilla/5.0 (compatible; AhrefsBot/7.0; +http://ahrefs.com/robot/)" "www.ysfine.com"
20.99.161.120 - - [09/Dec/2022:18:56:10 -0800] "GET /style/tatyana11.jpg HTTP/1.1" 200 146910 "-" "Mozilla/5.0 (X11; Fedora; Linux x86_64; rv:102.0) Gecko/20100101 Firefox/102.0" "www.ysfine.com"
64.124.8.41 - - [09/Dec/2022:18:56:13 -0800] "GET /ysbio/friends/russiasol.html HTTP/1.1" 404 88 "-" "Mozilla/5.0 (X11; Linux x86_64) AppleWebKit/537.36 (KHTML, like Gecko) Chrome/61.0.3163.79 Safari/537.36" "ysfine.com"
51.222.253.15 - - [09/Dec/2022:18:56:14 -0800] "GET /world/spain/cordof05c.jpg HTTP/1.1" 200 63713 "-" "Mozilla/5.0 (compatible; AhrefsBot/7.0; +http://ahrefs.com/robot/)" "www.ysfine.com"
51.222.253.17 - - [09/Dec/2022:18:56:20 -0800] "GET /world/spain/madrid03c.jpg HTTP/1.1" 200 31265 "-" "Mozilla/5.0 (compatible; AhrefsBot/7.0; +http://ahrefs.com/robot/)" "www.ysfine.com"
51.222.253.2 - - [09/Dec/2022:18:56:30 -0800] "GET /world/spain/sevi061c.jpg HTTP/1.1" 200 37747 "-" "Mozilla/5.0 (compatible; AhrefsBot/7.0; +http://ahrefs.com/robot/)" "www.ysfine.com"
51.222.253.3 - - [09/Dec/2022:18:56:36 -0800] "GET /world/spain/gran03c.jpg HTTP/1.1" 200 34316 "-" "Mozilla/5.0 (compatible; AhrefsBot/7.0; +http://ahrefs.com/robot/)" "www.ysfine.com"
64.124.8.41 - - [09/Dec/2022:18:56:41 -0800] "GET /ysbio/style/chopingr.html HTTP/1.1" 404 88 "-" "Mozilla/5.0 (X11; Linux x86_64) AppleWebKit/537.36 (KHTML, like Gecko) Chrome/61.0.3163.79 Safari/537.36" "ysfine.com"
51.222.253.5 - - [09/Dec/2022:18:56:42 -0800] "GET /eink/pwk19c.jpg HTTP/1.1" 200 57759 "-" "Mozilla/5.0 (compatible; AhrefsBot/7.0; +http://ahrefs.com/robot/)" "www.ysfine.com"
157.55.39.6 - - [09/Dec/2022:18:56:45 -0800] "GET /usca/pitt/mellon21b.jpg HTTP/1.1" 200 41063 "-" "Mozilla/5.0 (compatible; bingbot/2.0; +http://www.bing.com/bingbot.htm)" "www.ysfine.com"
51.222.253.10 - - [09/Dec/2022:18:56:48 -0800] "GET /world/spain/sevi026c.jpg HTTP/1.1" 200 33190 "-" "Mozilla/5.0 (compatible; AhrefsBot/7.0; +http://ahrefs.com/robot/)" "www.ysfine.com"
51.222.253.8 - - [09/Dec/2022:18:56:48 -0800] "GET /world/spain/lisbon10c.jpg HTTP/1.1" 200 31905 "-" "Mozilla/5.0 (compatible; AhrefsBot/7.0; +http://ahrefs.com/robot/)" "www.ysfine.com"
51.222.253.18 - - [09/Dec/2022:18:56:54 -0800] "GET /world/spain/sevi107c.jpg HTTP/1.1" 200 34267 "-" "Mozilla/5.0 (compatible; AhrefsBot/7.0; +http://ahrefs.com/robot/)" "www.ysfine.com"
51.222.253.14 - - [09/Dec/2022:18:57:00 -0800] "GET /world/spain/cordof02c.jpg HTTP/1.1" 200 37577 "-" "Mozilla/5.0 (compatible; AhrefsBot/7.0; +http://ahrefs.com/robot/)" "www.ysfine.com"
51.222.253.10 - - [09/Dec/2022:18:57:05 -0800] "GET /world/spain/cordo03c.jpg HTTP/1.1" 200 46064 "-" "Mozilla/5.0 (compatible; AhrefsBot/7.0; +http://ahrefs.com/robot/)" "www.ysfine.com"
51.222.253.10 - - [09/Dec/2022:18:57:11 -0800] "GET /world/spain/cordoj02c.jpg HTTP/1.1" 200 38755 "-" "Mozilla/5.0 (compatible; AhrefsBot/7.0; +http://ahrefs.com/robot/)" "www.ysfine.com"
51.222.253.17 - - [09/Dec/2022:18:57:13 -0800] "GET /world/spain/sevi011c.jpg HTTP/1.1" 200 31753 "-" "Mozilla/5.0 (compatible; AhrefsBot/7.0; +http://ahrefs.com/robot/)" "www.ysfine.com"
51.222.253.20 - - [09/Dec/2022:18:57:18 -0800] "GET /ffriends/kuwait02c.jpg HTTP/1.1" 200 43808 "-" "Mozilla/5.0 (compatible; AhrefsBot/7.0; +http://ahrefs.com/robot/)" "www.ysfine.com"
51.222.253.3 - - [09/Dec/2022:18:57:24 -0800] "GET /world/spain/sevi207c.jpg HTTP/1.1" 200 36620 "-" "Mozilla/5.0 (compatible; AhrefsBot/7.0; +http://ahrefs.com/robot/)" "www.ysfine.com"
207.46.13.134 - - [09/Dec/2022:18:57:32 -0800] "GET /bio/world/trier.html HTTP/1.1" 404 88 "-" "Mozilla/5.0 AppleWebKit/537.36 (KHTML, like Gecko; compatible; bingbot/2.0; +http://www.bing.com/bingbot.htm) Chrome/103.0.5060.134 Safari/537.36" "ysfine.com"
207.46.13.134 - - [09/Dec/2022:18:57:32 -0800] "GET /bio/dirac/dirpoems.html HTTP/1.1" 404 88 "-" "Mozilla/5.0 AppleWebKit/537.36 (KHTML, like Gecko; compatible; bingbot/2.0; +http://www.bing.com/bingbot.htm) Chrome/103.0.5060.134 Safari/537.36" "ysfine.com"
157.55.39.6 - - [09/Dec/2022:18:57:36 -0800] "GET /bio/awards/iao.html HTTP/1.1" 404 88 "-" "Mozilla/5.0 AppleWebKit/537.36 (KHTML, like Gecko; compatible; bingbot/2.0; +http://www.bing.com/bingbot.htm) Chrome/103.0.5060.134 Safari/537.36" "ysfine.com"
51.222.253.3 - - [09/Dec/2022:18:57:38 -0800] "GET /world/spain/pradom03c.jpg HTTP/1.1" 200 37152 "-" "Mozilla/5.0 (compatible; AhrefsBot/7.0; +http://ahrefs.com/robot/)" "www.ysfine.com"
51.222.253.17 - - [09/Dec/2022:18:57:43 -0800] "GET /world/spain/madrid11c.jpg HTTP/1.1" 200 55526 "-" "Mozilla/5.0 (compatible; AhrefsBot/7.0; +http://ahrefs.com/robot/)" "www.ysfine.com"
207.46.13.48 - - [09/Dec/2022:18:57:46 -0800] "GET /bio/kobak/soraech.html HTTP/1.1" 404 88 "-" "Mozilla/5.0 (compatible; bingbot/2.0; +http://www.bing.com/bingbot.htm)" "ysfine.com"
51.222.253.12 - - [09/Dec/2022:18:57:49 -0800] "GET /world/spain/sevi051c.jpg HTTP/1.1" 200 62623 "-" "Mozilla/5.0 (compatible; AhrefsBot/7.0; +http://ahrefs.com/robot/)" "www.ysfine.com"
51.222.253.15 - - [09/Dec/2022:18:57:56 -0800] "GET /kobak/taylor400.jpg HTTP/1.1" 200 56181 "-" "Mozilla/5.0 (compatible; AhrefsBot/7.0; +http://ahrefs.com/robot/)" "www.ysfine.com"
51.222.253.18 - - [09/Dec/2022:18:58:02 -0800] "GET /world/spain/sevi021c.jpg HTTP/1.1" 200 39993 "-" "Mozilla/5.0 (compatible; AhrefsBot/7.0; +http://ahrefs.com/robot/)" "www.ysfine.com"
51.222.253.2 - - [09/Dec/2022:18:58:08 -0800] "GET /world/spain/cairo01b.jpg HTTP/1.1" 200 40897 "-" "Mozilla/5.0 (compatible; AhrefsBot/7.0; +http://ahrefs.com/robot/)" "www.ysfine.com"
51.222.253.3 - - [09/Dec/2022:18:58:15 -0800] "GET /world/spain/sevi202c.jpg HTTP/1.1" 200 33405 "-" "Mozilla/5.0 (compatible; AhrefsBot/7.0; +http://ahrefs.com/robot/)" "www.ysfine.com"
51.222.253.7 - - [09/Dec/2022:18:58:21 -0800] "GET /world/spain/sevif05c.jpg HTTP/1.1" 200 42149 "-" "Mozilla/5.0 (compatible; AhrefsBot/7.0; +http://ahrefs.com/robot/)" "www.ysfine.com"
64.124.8.41 - - [09/Dec/2022:18:58:21 -0800] "GET /maga/fermi.html HTTP/1.1" 304 - "-" "Mozilla/5.0 (X11; Linux x86_64) AppleWebKit/537.36 (KHTML, like Gecko) Chrome/61.0.3163.79 Safari/537.36" "ysfine.com"
51.222.253.15 - - [09/Dec/2022:18:58:27 -0800] "GET /world/spain/cordoc06c.jpg HTTP/1.1" 200 33420 "-" "Mozilla/5.0 (compatible; AhrefsBot/7.0; +http://ahrefs.com/robot/)" "www.ysfine.com"
51.222.253.14 - - [09/Dec/2022:18:58:32 -0800] "GET /world/spain/bcn22c.jpg HTTP/1.1" 200 34223 "-" "Mozilla/5.0 (compatible; AhrefsBot/7.0; +http://ahrefs.com/robot/)" "www.ysfine.com"
51.222.253.10 - - [09/Dec/2022:18:58:41 -0800] "GET /world/spain/bcn19c.jpg HTTP/1.1" 200 36319 "-" "Mozilla/5.0 (compatible; AhrefsBot/7.0; +http://ahrefs.com/robot/)" "www.ysfine.com"
51.222.253.16 - - [09/Dec/2022:18:58:46 -0800] "GET /world/spain/madrid15c.jpg HTTP/1.1" 200 27252 "-" "Mozilla/5.0 (compatible; AhrefsBot/7.0; +http://ahrefs.com/robot/)" "www.ysfine.com"
40.90.217.131 - - [09/Dec/2022:18:58:47 -0800] "GET /world/brit/cam07b.jpg HTTP/1.1" 200 48106 "-" "Mozilla/5.0 (Macintosh; Intel Mac OS X 13.0; rv:102.0) Gecko/20100101 Firefox/102.0" "ysfine.com"
51.222.253.5 - - [09/Dec/2022:18:58:52 -0800] "GET /world/spain/cordo28c.jpg HTTP/1.1" 200 46687 "-" "Mozilla/5.0 (compatible; AhrefsBot/7.0; +http://ahrefs.com/robot/)" "www.ysfine.com"
64.124.8.41 - - [09/Dec/2022:18:58:54 -0800] "GET /ysbio/world/visas.html HTTP/1.1" 404 88 "-" "Mozilla/5.0 (X11; Linux x86_64) AppleWebKit/537.36 (KHTML, like Gecko) Chrome/61.0.3163.79 Safari/537.36" "ysfine.com"
51.222.253.6 - - [09/Dec/2022:18:58:58 -0800] "GET /world/spain/lisbon01c.jpg HTTP/1.1" 200 41980 "-" "Mozilla/5.0 (compatible; AhrefsBot/7.0; +http://ahrefs.com/robot/)" "www.ysfine.com"
64.124.8.41 - - [09/Dec/2022:18:59:01 -0800] "GET /kobak/jeep.html HTTP/1.1" 304 - "-" "Mozilla/5.0 (X11; Linux x86_64) AppleWebKit/537.36 (KHTML, like Gecko) Chrome/61.0.3163.79 Safari/537.36" "ysfine.com"
51.222.253.4 - - [09/Dec/2022:18:59:04 -0800] "GET /world/spain/lisbon27c.jpg HTTP/1.1" 200 41196 "-" "Mozilla/5.0 (compatible; AhrefsBot/7.0; +http://ahrefs.com/robot/)" "www.ysfine.com"
51.222.253.9 - - [09/Dec/2022:18:59:10 -0800] "GET /world/spain/madrid01c.jpg HTTP/1.1" 200 42813 "-" "Mozilla/5.0 (compatible; AhrefsBot/7.0; +http://ahrefs.com/robot/)" "www.ysfine.com"
51.222.253.16 - - [09/Dec/2022:18:59:17 -0800] "GET /world/spain/gran52c.jpg HTTP/1.1" 200 35055 "-" "Mozilla/5.0 (compatible; AhrefsBot/7.0; +http://ahrefs.com/robot/)" "www.ysfine.com"
51.222.253.10 - - [09/Dec/2022:18:59:24 -0800] "GET /world/spain/bcn27c.jpg HTTP/1.1" 200 38139 "-" "Mozilla/5.0 (compatible; AhrefsBot/7.0; +http://ahrefs.com/robot/)" "www.ysfine.com"
51.222.253.19 - - [09/Dec/2022:18:59:30 -0800] "GET /world/spain/sala07c.jpg HTTP/1.1" 200 30812 "-" "Mozilla/5.0 (compatible; AhrefsBot/7.0; +http://ahrefs.com/robot/)" "www.ysfine.com"
51.222.253.9 - - [09/Dec/2022:18:59:35 -0800] "GET /world/spain/lisbon15c.jpg HTTP/1.1" 200 44754 "-" "Mozilla/5.0 (compatible; AhrefsBot/7.0; +http://ahrefs.com/robot/)" "www.ysfine.com"
51.222.253.18 - - [09/Dec/2022:18:59:49 -0800] "GET /world/spain/lisbon30c.jpg HTTP/1.1" 200 32744 "-" "Mozilla/5.0 (compatible; AhrefsBot/7.0; +http://ahrefs.com/robot/)" "www.ysfine.com"
51.222.253.14 - - [09/Dec/2022:18:59:55 -0800] "GET /world/spain/pradom02c.jpg HTTP/1.1" 200 63809 "-" "Mozilla/5.0 (compatible; AhrefsBot/7.0; +http://ahrefs.com/robot/)" "www.ysfine.com"
64.124.8.41 - - [09/Dec/2022:18:59:56 -0800] "GET /philo/sisfa12/frame18.html HTTP/1.1" 200 320 "-" "Mozilla/5.0 (X11; Linux x86_64) AppleWebKit/537.36 (KHTML, like Gecko) Chrome/61.0.3163.79 Safari/537.36" "ysfine.com"
64.124.8.41 - - [09/Dec/2022:18:59:59 -0800] "GET /style/admire.html HTTP/1.1" 304 - "-" "Mozilla/5.0 (X11; Linux x86_64) AppleWebKit/537.36 (KHTML, like Gecko) Chrome/61.0.3163.79 Safari/537.36" "ysfine.com"
51.222.253.1 - - [09/Dec/2022:19:00:01 -0800] "GET /world/spain/bcn07c.jpg HTTP/1.1" 200 21877 "-" "Mozilla/5.0 (compatible; AhrefsBot/7.0; +http://ahrefs.com/robot/)" "www.ysfine.com"
51.222.253.16 - - [09/Dec/2022:19:00:07 -0800] "GET /world/spain/iberia11b.jpg HTTP/1.1" 200 26644 "-" "Mozilla/5.0 (compatible; AhrefsBot/7.0; +http://ahrefs.com/robot/)" "www.ysfine.com"
64.124.8.41 - - [09/Dec/2022:19:00:11 -0800] "GET /home/100yrs.html HTTP/1.1" 304 - "-" "Mozilla/5.0 (X11; Linux x86_64) AppleWebKit/537.36 (KHTML, like Gecko) Chrome/61.0.3163.79 Safari/537.36" "ysfine.com"
51.222.253.2 - - [09/Dec/2022:19:00:13 -0800] "GET /world/spain/bcn28c.jpg HTTP/1.1" 200 34762 "-" "Mozilla/5.0 (compatible; AhrefsBot/7.0; +http://ahrefs.com/robot/)" "www.ysfine.com"
51.222.253.7 - - [09/Dec/2022:19:00:13 -0800] "GET /world/spain/praha120c.jpg HTTP/1.1" 200 61402 "-" "Mozilla/5.0 (compatible; AhrefsBot/7.0; +http://ahrefs.com/robot/)" "www.ysfine.com"
51.222.253.20 - - [09/Dec/2022:19:00:19 -0800] "GET /world/spain/lisbon11c.jpg HTTP/1.1" 200 33315 "-" "Mozilla/5.0 (compatible; AhrefsBot/7.0; +http://ahrefs.com/robot/)" "www.ysfine.com"
51.222.253.11 - - [09/Dec/2022:19:00:25 -0800] "GET /world/spain/granf12c.jpg HTTP/1.1" 200 42601 "-" "Mozilla/5.0 (compatible; AhrefsBot/7.0; +http://ahrefs.com/robot/)" "www.ysfine.com"
20.115.201.68 - - [09/Dec/2022:19:00:28 -0800] "GET /manko/kim10c.jpg HTTP/1.1" 200 95796 "-" "Mozilla/5.0 (X11; Linux x86_64) AppleWebKit/537.36 (KHTML, like Gecko) Chrome/108.0.0.0 Safari/537.36" "ysfine.com"
51.222.253.10 - - [09/Dec/2022:19:00:31 -0800] "GET /world/spain/cordoc03c.jpg HTTP/1.1" 200 39225 "-" "Mozilla/5.0 (compatible; AhrefsBot/7.0; +http://ahrefs.com/robot/)" "www.ysfine.com"
64.124.8.41 - - [09/Dec/2022:19:00:35 -0800] "GET /world/greece.html HTTP/1.1" 304 - "-" "Mozilla/5.0 (X11; Linux x86_64) AppleWebKit/537.36 (KHTML, like Gecko) Chrome/61.0.3163.79 Safari/537.36" "ysfine.com"
64.124.8.41 - - [09/Dec/2022:19:00:55 -0800] "GET /archives/proceedings/ff3/ff3abs.html HTTP/1.1" 200 47753 "-" "Mozilla/5.0 (X11; Linux x86_64) AppleWebKit/537.36 (KHTML, like Gecko) Chrome/61.0.3163.79 Safari/537.36" "ysfine.com"
64.124.8.41 - - [09/Dec/2022:19:01:14 -0800] "GET /philo/sisfa12/frame48.html HTTP/1.1" 200 319 "-" "Mozilla/5.0 (X11; Linux x86_64) AppleWebKit/537.36 (KHTML, like Gecko) Chrome/61.0.3163.79 Safari/537.36" "ysfine.com"
64.124.8.41 - - [09/Dec/2022:19:01:37 -0800] "GET /ysbio/world/tdrome.html HTTP/1.1" 404 88 "-" "Mozilla/5.0 (X11; Linux x86_64) AppleWebKit/537.36 (KHTML, like Gecko) Chrome/61.0.3163.79 Safari/537.36" "ysfine.com"
64.124.8.41 - - [09/Dec/2022:19:01:38 -0800] "GET /fbook/physapx.html HTTP/1.1" 304 - "-" "Mozilla/5.0 (X11; Linux x86_64) AppleWebKit/537.36 (KHTML, like Gecko) Chrome/61.0.3163.79 Safari/537.36" "ysfine.com"
64.124.8.41 - - [09/Dec/2022:19:01:54 -0800] "GET /wdc/kopol.html HTTP/1.1" 304 - "-" "Mozilla/5.0 (X11; Linux x86_64) AppleWebKit/537.36 (KHTML, like Gecko) Chrome/61.0.3163.79 Safari/537.36" "ysfine.com"
64.124.8.41 - - [09/Dec/2022:19:02:02 -0800] "GET /einstein/index.html%22 HTTP/1.1" 404 88 "-" "Mozilla/5.0 (X11; Linux x86_64) AppleWebKit/537.36 (KHTML, like Gecko) Chrome/61.0.3163.79 Safari/537.36" "ysfine.com"
64.124.8.41 - - [09/Dec/2022:19:02:13 -0800] "GET /wisdom/wk02.html HTTP/1.1" 304 - "-" "Mozilla/5.0 (X11; Linux x86_64) AppleWebKit/537.36 (KHTML, like Gecko) Chrome/61.0.3163.79 Safari/537.36" "ysfine.com"
64.124.8.41 - - [09/Dec/2022:19:02:27 -0800] "GET /ysbio/world/tdrome.html HTTP/1.1" 404 88 "-" "Mozilla/5.0 (X11; Linux x86_64) AppleWebKit/537.36 (KHTML, like Gecko) Chrome/61.0.3163.79 Safari/537.36" "ysfine.com"
207.46.13.20 - - [09/Dec/2022:19:02:31 -0800] "GET /ffriends/chinparis02.jpg HTTP/1.1" 200 56558 "-" "Mozilla/5.0 AppleWebKit/537.36 (KHTML, like Gecko; compatible; bingbot/2.0; +http://www.bing.com/bingbot.htm) Chrome/103.0.5060.134 Safari/537.36" "ysfine.com"
64.124.8.41 - - [09/Dec/2022:19:02:31 -0800] "GET /philo/sisfa12/frame22.html HTTP/1.1" 200 320 "-" "Mozilla/5.0 (X11; Linux x86_64) AppleWebKit/537.36 (KHTML, like Gecko) Chrome/61.0.3163.79 Safari/537.36" "ysfine.com"
207.46.13.48 - - [09/Dec/2022:19:02:35 -0800] "GET /sbk/2018trier11.jpg HTTP/1.1" 200 200687 "-" "Mozilla/5.0 AppleWebKit/537.36 (KHTML, like Gecko; compatible; bingbot/2.0; +http://www.bing.com/bingbot.htm) Chrome/103.0.5060.134 Safari/537.36" "www.ysfine.com"
157.55.39.6 - - [09/Dec/2022:19:03:17 -0800] "GET /bio/style/leica.html HTTP/1.1" 404 88 "-" "Mozilla/5.0 (compatible; bingbot/2.0; +http://www.bing.com/bingbot.htm)" "ysfine.com"
157.55.39.6 - - [09/Dec/2022:19:03:37 -0800] "GET /ysbio/folks/service.html HTTP/1.1" 404 88 "-" "Mozilla/5.0 (compatible; bingbot/2.0; +http://www.bing.com/bingbot.htm)" "ysfine.com"
207.46.13.134 - - [09/Dec/2022:19:03:53 -0800] "GET /bio/princeton/campus.html HTTP/1.1" 404 88 "-" "Mozilla/5.0 AppleWebKit/537.36 (KHTML, like Gecko; compatible; bingbot/2.0; +http://www.bing.com/bingbot.htm) Chrome/103.0.5060.134 Safari/537.36" "ysfine.com"
207.46.13.134 - - [09/Dec/2022:19:03:53 -0800] "GET /bio/style/ystyle.html HTTP/1.1" 404 88 "-" "Mozilla/5.0 AppleWebKit/537.36 (KHTML, like Gecko; compatible; bingbot/2.0; +http://www.bing.com/bingbot.htm) Chrome/103.0.5060.134 Safari/537.36" "ysfine.com"
40.90.217.21 - - [09/Dec/2022:19:04:16 -0800] "GET /einstein/avogadro.jpg HTTP/1.1" 200 70806 "-" "Mozilla/5.0 (X11; Linux i686; rv:107.0) Gecko/20100101 Firefox/107.0" "ysfine.com"
40.90.217.21 - - [09/Dec/2022:19:04:34 -0800] "GET /world/germany/mucf22.jpg HTTP/1.1" 200 113670 "-" "Mozilla/5.0 (Macintosh; Intel Mac OS X 13_0_1) AppleWebKit/537.36 (KHTML, like Gecko) Chrome/108.0.0.0 Safari/537.36 Edg/108.0.1462.46" "ysfine.com"
128.201.114.18 - - [09/Dec/2022:19:05:43 -0800] "GET /world/germany/berlin051.jpg HTTP/1.1" 200 104542 "https://www.bing.com/" "Mozilla/5.0 (iPhone; CPU iPhone OS 15_7 like Mac OS X) AppleWebKit/605.1.15 (KHTML, like Gecko) Version/15.6,2 Mobile/15E148 Safari/604.1" "www.ysfine.com"
40.90.217.19 - - [09/Dec/2022:19:06:11 -0800] "GET /wigner/maxmink11.jpg HTTP/1.1" 200 64411 "-" "Mozilla/5.0 (Windows NT 10.0; Win64; x64) AppleWebKit/537.36 (KHTML, like Gecko) Chrome/108.0.0.0 Safari/537.36" "ysfine.com"
40.90.217.166 - - [09/Dec/2022:19:06:25 -0800] "GET /maga/phil/mao100.jpg HTTP/1.1" 200 173504 "-" "Mozilla/5.0 (Windows NT 10.0; Win64; x64; rv:107.0) Gecko/20100101 Firefox/107.0" "www.ysfine.com"
64.124.8.41 - - [09/Dec/2022:19:06:31 -0800] "GET /wigner/wigner39.html HTTP/1.1" 304 - "-" "Mozilla/5.0 (X11; Linux x86_64) AppleWebKit/537.36 (KHTML, like Gecko) Chrome/61.0.3163.79 Safari/537.36" "ysfine.com"
64.124.8.41 - - [09/Dec/2022:19:06:48 -0800] "GET /philo/sartre.html HTTP/1.1" 304 - "-" "Mozilla/5.0 (X11; Linux x86_64) AppleWebKit/537.36 (KHTML, like Gecko) Chrome/61.0.3163.79 Safari/537.36" "ysfine.com"
64.124.8.41 - - [09/Dec/2022:19:07:18 -0800] "GET /wdc/mydc.html HTTP/1.1" 304 - "-" "Mozilla/5.0 (X11; Linux x86_64) AppleWebKit/537.36 (KHTML, like Gecko) Chrome/61.0.3163.79 Safari/537.36" "ysfine.com"
51.222.253.18 - - [09/Dec/2022:19:07:47 -0800] "GET /remote/wigner111/frame23.html HTTP/1.1" 200 460 "-" "Mozilla/5.0 (compatible; AhrefsBot/7.0; +http://ahrefs.com/robot/)" "ysfine.com"
40.90.217.21 - - [09/Dec/2022:19:07:50 -0800] "GET /wigner/wigques.jpg HTTP/1.1" 200 14216 "-" "Mozilla/5.0 (Macintosh; Intel Mac OS X 13.0; rv:107.0) Gecko/20100101 Firefox/107.0" "www.ysfine.com"
