114.119.138.111 - - [09/Dec/2022:15:46:49 -0800] "GET /class54/class5470/total_data/sub_237.htm HTTP/1.1" 200 3403 "https://ysfine.com/class54/class5470/total_data/sub_249.htm" "Mozilla/5.0 (Linux; Android 7.0;) AppleWebKit/537.36 (KHTML, like Gecko) Mobile Safari/537.36 (compatible; PetalBot;+https://webmaster.petalsearch.com/site/petalbot)" "ysfine.com"
64.124.8.28 - - [09/Dec/2022:15:47:02 -0800] "GET /philo/sisfa12/frame32.html HTTP/1.1" 200 319 "-" "Mozilla/5.0 (X11; Linux x86_64) AppleWebKit/537.36 (KHTML, like Gecko) Chrome/61.0.3163.79 Safari/537.36" "ysfine.com"
216.244.66.229 - - [09/Dec/2022:15:47:20 -0800] "GET /style/musee/arles08.jpg HTTP/1.1" 200 95208 "-" "Mozilla/5.0 (compatible; DotBot/1.2; +https://opensiteexplorer.org/dotbot; help@moz.com)" "ysfine.com"
64.124.8.28 - - [09/Dec/2022:15:47:36 -0800] "GET /home/onephys.html HTTP/1.1" 304 - "-" "Mozilla/5.0 (X11; Linux x86_64) AppleWebKit/537.36 (KHTML, like Gecko) Chrome/61.0.3163.79 Safari/537.36" "ysfine.com"
64.124.8.47 - - [09/Dec/2022:15:47:48 -0800] "GET /ysbio/bio05.html HTTP/1.1" 404 88 "-" "Mozilla/5.0 (X11; Linux x86_64) AppleWebKit/537.36 (KHTML, like Gecko) Chrome/61.0.3163.79 Safari/537.36" "www.ysfine.com"
64.124.8.28 - - [09/Dec/2022:15:47:55 -0800] "GET /philo/kant.html HTTP/1.1" 304 - "-" "Mozilla/5.0 (X11; Linux x86_64) AppleWebKit/537.36 (KHTML, like Gecko) Chrome/61.0.3163.79 Safari/537.36" "ysfine.com"
216.244.66.229 - - [09/Dec/2022:15:47:55 -0800] "GET /style/musee/ath010.jpg HTTP/1.1" 200 135911 "-" "Mozilla/5.0 (compatible; DotBot/1.2; +https://opensiteexplorer.org/dotbot; help@moz.com)" "ysfine.com"
216.244.66.229 - - [09/Dec/2022:15:48:46 -0800] "GET /style/musee/orsaym02.jpg HTTP/1.1" 200 100718 "-" "Mozilla/5.0 (compatible; DotBot/1.2; +https://opensiteexplorer.org/dotbot; help@moz.com)" "ysfine.com"
207.46.13.20 - - [09/Dec/2022:15:49:02 -0800] "GET /ysbio/folks/korean.html HTTP/1.1" 404 88 "-" "Mozilla/5.0 (compatible; bingbot/2.0; +http://www.bing.com/bingbot.htm)" "ysfine.com"
207.46.13.20 - - [09/Dec/2022:15:49:03 -0800] "GET /bio/world/berlin.html HTTP/1.1" 404 88 "-" "Mozilla/5.0 (compatible; bingbot/2.0; +http://www.bing.com/bingbot.htm)" "ysfine.com"
114.119.141.34 - - [09/Dec/2022:15:49:04 -0800] "GET /class54/class5470/total_data/sub_292.htm HTTP/1.1" 200 3386 "https://ysfine.com/class54/class5470/total_data/sub_299.htm" "Mozilla/5.0 (Linux; Android 7.0;) AppleWebKit/537.36 (KHTML, like Gecko) Mobile Safari/537.36 (compatible; PetalBot;+https://webmaster.petalsearch.com/site/petalbot)" "ysfine.com"
157.55.39.6 - - [09/Dec/2022:15:49:18 -0800] "GET /bio/awards/iao.html HTTP/1.1" 404 88 "-" "Mozilla/5.0 AppleWebKit/537.36 (KHTML, like Gecko; compatible; bingbot/2.0; +http://www.bing.com/bingbot.htm) Chrome/103.0.5060.134 Safari/537.36" "ysfine.com"
123.141.2.66 - - [09/Dec/2022:15:49:20 -0800] "GET /wigner/neum/vnc01.jpg HTTP/1.1" 200 133641 "-" "python-requests/2.27.1" "ysfine.com"
123.141.2.66 - - [09/Dec/2022:15:49:20 -0800] "GET /wigner/neum/vnc19.jpg HTTP/1.1" 200 105124 "-" "python-requests/2.27.1" "ysfine.com"
123.141.2.66 - - [09/Dec/2022:15:49:21 -0800] "GET /wigner/neum/pvn02.jpg HTTP/1.1" 200 76348 "-" "python-requests/2.27.1" "www.ysfine.com"
123.141.2.66 - - [09/Dec/2022:15:49:21 -0800] "GET /wigner/neum/vnc07.jpg HTTP/1.1" 200 95908 "-" "python-requests/2.27.1" "www.ysfine.com"
123.141.2.66 - - [09/Dec/2022:15:49:21 -0800] "GET /wigner/neum/vnc09.jpg HTTP/1.1" 200 112484 "-" "python-requests/2.27.1" "www.ysfine.com"
123.141.2.66 - - [09/Dec/2022:15:49:23 -0800] "GET /wigner/neum/vnc06.jpg HTTP/1.1" 200 112606 "-" "python-requests/2.27.1" "www.ysfine.com"
123.141.2.66 - - [09/Dec/2022:15:49:23 -0800] "GET /wigner/neum/pvn03.jpg HTTP/1.1" 200 83757 "-" "python-requests/2.27.1" "www.ysfine.com"
123.141.2.66 - - [09/Dec/2022:15:49:23 -0800] "GET /wigner/neum/pvn01.jpg HTTP/1.1" 200 74196 "-" "python-requests/2.27.1" "ysfine.com"
123.141.2.66 - - [09/Dec/2022:15:49:23 -0800] "GET /wigner/neum/vnc02.jpg HTTP/1.1" 200 122957 "-" "python-requests/2.27.1" "ysfine.com"
123.141.2.66 - - [09/Dec/2022:15:49:23 -0800] "GET /wigner/neum/vnc18.jpg HTTP/1.1" 200 89614 "-" "python-requests/2.27.1" "www.ysfine.com"
216.244.66.229 - - [09/Dec/2022:15:49:24 -0800] "GET /style/musee/picassomp03.jpg HTTP/1.1" 200 124793 "-" "Mozilla/5.0 (compatible; DotBot/1.2; +https://opensiteexplorer.org/dotbot; help@moz.com)" "ysfine.com"
216.244.66.229 - - [09/Dec/2022:15:49:56 -0800] "GET /usca/norl/bour02.jpg HTTP/1.1" 200 95395 "-" "Mozilla/5.0 (compatible; DotBot/1.2; +https://opensiteexplorer.org/dotbot; help@moz.com)" "ysfine.com"
51.222.253.6 - - [09/Dec/2022:15:50:05 -0800] "GET /maga/herod.html HTTP/1.1" 200 4341 "-" "Mozilla/5.0 (compatible; AhrefsBot/7.0; +http://ahrefs.com/robot/)" "ysfine.com"
114.119.158.253 - - [09/Dec/2022:15:50:20 -0800] "GET /world/poland/copernijagel.html HTTP/1.1" 200 309 "https://www.ysfine.com/maga/copergali.html" "Mozilla/5.0 (Linux; Android 7.0;) AppleWebKit/537.36 (KHTML, like Gecko) Mobile Safari/537.36 (compatible; PetalBot;+https://webmaster.petalsearch.com/site/petalbot)" "www.ysfine.com"
216.244.66.229 - - [09/Dec/2022:15:50:30 -0800] "GET /usca/norl/napo10.jpg HTTP/1.1" 200 150271 "-" "Mozilla/5.0 (compatible; DotBot/1.2; +https://opensiteexplorer.org/dotbot; help@moz.com)" "ysfine.com"
40.90.217.19 - - [09/Dec/2022:15:50:41 -0800] "GET /world/balkan/inokim33.jpg HTTP/1.1" 200 81456 "-" "Mozilla/5.0 (X11; Ubuntu; Linux i686; rv:107.0) Gecko/20100101 Firefox/107.0" "ysfine.com"
40.90.217.63 - - [09/Dec/2022:15:50:54 -0800] "GET /world/russ/orlov11b.jpg HTTP/1.1" 200 37260 "-" "Mozilla/5.0 (Macintosh; Intel Mac OS X 13.0; rv:107.0) Gecko/20100101 Firefox/107.0" "www.ysfine.com"
114.119.147.209 - - [09/Dec/2022:15:51:00 -0800] "GET /archives/proceedings/boston/porzio1.pdf HTTP/1.1" 200 145256 "https://ysfine.com/archives/proceedings/boston/porz11.html" "Mozilla/5.0 (Linux; Android 7.0;) AppleWebKit/537.36 (KHTML, like Gecko) Mobile Safari/537.36 (compatible; PetalBot;+https://webmaster.petalsearch.com/site/petalbot)" "ysfine.com"
64.124.8.28 - - [09/Dec/2022:15:51:04 -0800] "GET /wisdom/wk09.html HTTP/1.1" 304 - "-" "Mozilla/5.0 (X11; Linux x86_64) AppleWebKit/537.36 (KHTML, like Gecko) Chrome/61.0.3163.79 Safari/537.36" "ysfine.com"
216.244.66.229 - - [09/Dec/2022:15:51:14 -0800] "GET /wdc/whxmas/whxmas35.jpg HTTP/1.1" 200 160821 "-" "Mozilla/5.0 (compatible; DotBot/1.2; +https://opensiteexplorer.org/dotbot; help@moz.com)" "ysfine.com"
40.90.217.166 - - [09/Dec/2022:15:51:17 -0800] "GET /usca/pitt/alumin01.jpg HTTP/1.1" 200 175734 "-" "Mozilla/5.0 (Macintosh; Intel Mac OS X 13_0_1) AppleWebKit/537.36 (KHTML, like Gecko) Chrome/108.0.0.0 Safari/537.36 Edg/108.0.1462.46" "ysfine.com"
157.55.39.6 - - [09/Dec/2022:15:51:18 -0800] "GET /style/kirovken33.jpg HTTP/1.1" 200 92423 "-" "Mozilla/5.0 AppleWebKit/537.36 (KHTML, like Gecko; compatible; bingbot/2.0; +http://www.bing.com/bingbot.htm) Chrome/103.0.5060.134 Safari/537.36" "www.ysfine.com"
64.124.8.28 - - [09/Dec/2022:15:51:22 -0800] "GET /style/socrates.html HTTP/1.1" 304 - "-" "Mozilla/5.0 (X11; Linux x86_64) AppleWebKit/537.36 (KHTML, like Gecko) Chrome/61.0.3163.79 Safari/537.36" "ysfine.com"
216.244.66.229 - - [09/Dec/2022:15:52:02 -0800] "GET /world/brit/harrod11.jpg HTTP/1.1" 200 86191 "-" "Mozilla/5.0 (compatible; DotBot/1.2; +https://opensiteexplorer.org/dotbot; help@moz.com)" "ysfine.com"
207.46.13.48 - - [09/Dec/2022:15:52:08 -0800] "GET /bio/kobak/soraech.html HTTP/1.1" 404 88 "-" "Mozilla/5.0 (compatible; bingbot/2.0; +http://www.bing.com/bingbot.htm)" "ysfine.com"
157.55.39.76 - - [09/Dec/2022:15:52:19 -0800] "GET /bio/feynman/fthtop.html HTTP/1.1" 404 88 "-" "Mozilla/5.0 AppleWebKit/537.36 (KHTML, like Gecko; compatible; bingbot/2.0; +http://www.bing.com/bingbot.htm) Chrome/103.0.5060.134 Safari/537.36" "ysfine.com"
157.55.39.76 - - [09/Dec/2022:15:52:19 -0800] "GET /bio/bio04.html HTTP/1.1" 404 88 "-" "Mozilla/5.0 AppleWebKit/537.36 (KHTML, like Gecko; compatible; bingbot/2.0; +http://www.bing.com/bingbot.htm) Chrome/103.0.5060.134 Safari/537.36" "ysfine.com"
216.244.66.229 - - [09/Dec/2022:15:52:39 -0800] "GET /world/brit/harrow11.jpg HTTP/1.1" 200 113487 "-" "Mozilla/5.0 (compatible; DotBot/1.2; +https://opensiteexplorer.org/dotbot; help@moz.com)" "ysfine.com"
64.124.8.47 - - [09/Dec/2022:15:52:50 -0800] "GET /ysbio/world/trier.html HTTP/1.1" 404 88 "-" "Mozilla/5.0 (X11; Linux x86_64) AppleWebKit/537.36 (KHTML, like Gecko) Chrome/61.0.3163.79 Safari/537.36" "www.ysfine.com"
64.124.8.47 - - [09/Dec/2022:15:52:51 -0800] "GET /world/kalinin.html HTTP/1.1" 304 - "-" "Mozilla/5.0 (X11; Linux x86_64) AppleWebKit/537.36 (KHTML, like Gecko) Chrome/61.0.3163.79 Safari/537.36" "www.ysfine.com"
216.244.66.229 - - [09/Dec/2022:15:53:14 -0800] "GET /world/brit/mayfair07.jpg HTTP/1.1" 200 108789 "-" "Mozilla/5.0 (compatible; DotBot/1.2; +https://opensiteexplorer.org/dotbot; help@moz.com)" "ysfine.com"
64.124.8.28 - - [09/Dec/2022:15:53:33 -0800] "GET /maga/phys/yukasumi.html HTTP/1.1" 304 - "-" "Mozilla/5.0 (X11; Linux x86_64) AppleWebKit/537.36 (KHTML, like Gecko) Chrome/61.0.3163.79 Safari/537.36" "ysfine.com"
64.124.8.28 - - [09/Dec/2022:15:53:37 -0800] "GET /style/music/holycoper.html HTTP/1.1" 304 - "-" "Mozilla/5.0 (X11; Linux x86_64) AppleWebKit/537.36 (KHTML, like Gecko) Chrome/61.0.3163.79 Safari/537.36" "ysfine.com"
64.124.8.28 - - [09/Dec/2022:15:53:49 -0800] "GET /style/digilit.html HTTP/1.1" 304 - "-" "Mozilla/5.0 (X11; Linux x86_64) AppleWebKit/537.36 (KHTML, like Gecko) Chrome/61.0.3163.79 Safari/537.36" "ysfine.com"
216.244.66.229 - - [09/Dec/2022:15:53:53 -0800] "GET /world/brit/oxlon04.jpg HTTP/1.1" 200 107707 "-" "Mozilla/5.0 (compatible; DotBot/1.2; +https://opensiteexplorer.org/dotbot; help@moz.com)" "ysfine.com"
40.90.217.7 - - [09/Dec/2022:15:54:01 -0800] "GET /maga/phys/solvayc27c.jpg HTTP/1.1" 200 53464 "-" "Mozilla/5.0 (X11; Ubuntu; Linux i686; rv:102.0) Gecko/20100101 Firefox/102.0" "ysfine.com"
114.119.157.57 - - [09/Dec/2022:15:54:05 -0800] "GET /wigner/gim/map05.html HTTP/1.1" 200 616 "https://www.ysfine.com/wigner/evangel.html" "Mozilla/5.0 (Linux; Android 7.0;) AppleWebKit/537.36 (KHTML, like Gecko) Mobile Safari/537.36 (compatible; PetalBot;+https://webmaster.petalsearch.com/site/petalbot)" "www.ysfine.com"
158.174.52.148 - - [09/Dec/2022:15:54:08 -0800] "GET /maga/histo/desiree23.jpg HTTP/1.1" 200 85900 "https://www.google.se/" "Mozilla/5.0 (iPhone; CPU iPhone OS 16_1_1 like Mac OS X) AppleWebKit/605.1.15 (KHTML, like Gecko) Version/16.1 Mobile/15E148 Safari/604.1" "ysfine.com"
64.124.8.28 - - [09/Dec/2022:15:54:26 -0800] "GET /philo/keigel21.html HTTP/1.1" 304 - "-" "Mozilla/5.0 (X11; Linux x86_64) AppleWebKit/537.36 (KHTML, like Gecko) Chrome/61.0.3163.79 Safari/537.36" "ysfine.com"
216.244.66.229 - - [09/Dec/2022:15:54:28 -0800] "GET /world/brit/picca51.jpg HTTP/1.1" 200 115505 "-" "Mozilla/5.0 (compatible; DotBot/1.2; +https://opensiteexplorer.org/dotbot; help@moz.com)" "ysfine.com"
216.244.66.229 - - [09/Dec/2022:15:55:13 -0800] "GET /world/brit/tower04.jpg HTTP/1.1" 200 117579 "-" "Mozilla/5.0 (compatible; DotBot/1.2; +https://opensiteexplorer.org/dotbot; help@moz.com)" "ysfine.com"
64.124.8.28 - - [09/Dec/2022:15:55:18 -0800] "GET /class54/roskeim.html HTTP/1.1" 304 - "-" "Mozilla/5.0 (X11; Linux x86_64) AppleWebKit/537.36 (KHTML, like Gecko) Chrome/61.0.3163.79 Safari/537.36" "ysfine.com"
114.119.158.128 - - [09/Dec/2022:15:55:27 -0800] "GET /princeton/sbt.html HTTP/1.1" 200 529 "https://www.ysfine.com/ffriends/uscan.html" "Mozilla/5.0 (Linux; Android 7.0;) AppleWebKit/537.36 (KHTML, like Gecko) Mobile Safari/537.36 (compatible; PetalBot;+https://webmaster.petalsearch.com/site/petalbot)" "www.ysfine.com"
40.90.217.63 - - [09/Dec/2022:15:55:31 -0800] "GET /world/scandi/wignob01b.jpg HTTP/1.1" 200 40093 "-" "Mozilla/5.0 (X11; Linux x86_64; rv:107.0) Gecko/20100101 Firefox/107.0" "www.ysfine.com"
64.124.8.47 - - [09/Dec/2022:15:55:32 -0800] "GET /maga/hegel.html HTTP/1.1" 200 4700 "-" "Mozilla/5.0 (X11; Linux x86_64) AppleWebKit/537.36 (KHTML, like Gecko) Chrome/61.0.3163.79 Safari/537.36" "www.ysfine.com"
207.46.13.48 - - [09/Dec/2022:15:55:38 -0800] "GET /bio/princeton/yspr.html HTTP/1.1" 404 88 "-" "Mozilla/5.0 AppleWebKit/537.36 (KHTML, like Gecko; compatible; bingbot/2.0; +http://www.bing.com/bingbot.htm) Chrome/103.0.5060.134 Safari/537.36" "ysfine.com"
207.46.13.48 - - [09/Dec/2022:15:55:39 -0800] "GET /bio.html HTTP/1.1" 200 18114 "-" "Mozilla/5.0 (compatible; bingbot/2.0; +http://www.bing.com/bingbot.htm)" "ysfine.com"
216.244.66.229 - - [09/Dec/2022:15:55:43 -0800] "GET /world/china/beijing105.jpg HTTP/1.1" 200 87371 "-" "Mozilla/5.0 (compatible; DotBot/1.2; +https://opensiteexplorer.org/dotbot; help@moz.com)" "ysfine.com"
200.215.249.44 - - [09/Dec/2022:15:56:01 -0800] "GET /feynman/feybongo.jpg HTTP/1.1" 200 47448 "https://www.google.com/" "Mozilla/5.0 (Windows NT 10.0; Win64; x64) AppleWebKit/537.36 (KHTML, like Gecko) Chrome/108.0.0.0 Safari/537.36" "ysfine.com"
216.244.66.229 - - [09/Dec/2022:15:56:12 -0800] "GET /world/france/metz08.jpg HTTP/1.1" 200 90160 "-" "Mozilla/5.0 (compatible; DotBot/1.2; +https://opensiteexplorer.org/dotbot; help@moz.com)" "ysfine.com"
64.124.8.47 - - [09/Dec/2022:15:56:15 -0800] "GET /remote/wigner111/frame47.html HTTP/1.1" 200 371 "-" "Mozilla/5.0 (X11; Linux x86_64) AppleWebKit/537.36 (KHTML, like Gecko) Chrome/61.0.3163.79 Safari/537.36" "www.ysfine.com"
40.77.167.39 - - [09/Dec/2022:15:56:19 -0800] "GET /bio/genea.html HTTP/1.1" 404 88 "-" "Mozilla/5.0 AppleWebKit/537.36 (KHTML, like Gecko; compatible; bingbot/2.0; +http://www.bing.com/bingbot.htm) Chrome/103.0.5060.134 Safari/537.36" "ysfine.com"
51.222.253.8 - - [09/Dec/2022:15:56:44 -0800] "GET /yspapers/index.html HTTP/1.1" 200 21304 "-" "Mozilla/5.0 (compatible; AhrefsBot/7.0; +http://ahrefs.com/robot/)" "ysfine.com"
216.244.66.229 - - [09/Dec/2022:15:56:45 -0800] "GET /world/germany/aachen02.jpg HTTP/1.1" 200 106116 "-" "Mozilla/5.0 (compatible; DotBot/1.2; +https://opensiteexplorer.org/dotbot; help@moz.com)" "ysfine.com"
51.222.253.4 - - [09/Dec/2022:15:56:54 -0800] "GET /kobak/taylor33c.jpg HTTP/1.1" 200 39951 "-" "Mozilla/5.0 (compatible; AhrefsBot/7.0; +http://ahrefs.com/robot/)" "ysfine.com"
51.222.253.15 - - [09/Dec/2022:15:57:00 -0800] "GET /yspapers/eucylin55c.jpg HTTP/1.1" 200 41051 "-" "Mozilla/5.0 (compatible; AhrefsBot/7.0; +http://ahrefs.com/robot/)" "ysfine.com"
51.222.253.7 - - [09/Dec/2022:15:57:05 -0800] "GET /yspapers/restof05c.jpg HTTP/1.1" 200 21825 "-" "Mozilla/5.0 (compatible; AhrefsBot/7.0; +http://ahrefs.com/robot/)" "ysfine.com"
51.222.253.1 - - [09/Dec/2022:15:57:11 -0800] "GET /home/facu63c.jpg HTTP/1.1" 200 41710 "-" "Mozilla/5.0 (compatible; AhrefsBot/7.0; +http://ahrefs.com/robot/)" "ysfine.com"
51.222.253.6 - - [09/Dec/2022:15:57:17 -0800] "GET /yspapers/shear11c.jpg HTTP/1.1" 200 27291 "-" "Mozilla/5.0 (compatible; AhrefsBot/7.0; +http://ahrefs.com/robot/)" "ysfine.com"
51.222.253.16 - - [09/Dec/2022:15:57:23 -0800] "GET /yspapers/synthes11c.jpg HTTP/1.1" 200 36202 "-" "Mozilla/5.0 (compatible; AhrefsBot/7.0; +http://ahrefs.com/robot/)" "ysfine.com"
216.244.66.229 - - [09/Dec/2022:15:57:23 -0800] "GET /world/germany/leipzig13.jpg HTTP/1.1" 200 214446 "-" "Mozilla/5.0 (compatible; DotBot/1.2; +https://opensiteexplorer.org/dotbot; help@moz.com)" "ysfine.com"
51.222.253.7 - - [09/Dec/2022:15:57:28 -0800] "GET /yspapers/ortho66c.jpg HTTP/1.1" 200 27511 "-" "Mozilla/5.0 (compatible; AhrefsBot/7.0; +http://ahrefs.com/robot/)" "ysfine.com"
51.222.253.4 - - [09/Dec/2022:15:57:34 -0800] "GET /awards/beward11f.jpg HTTP/1.1" 200 123557 "-" "Mozilla/5.0 (compatible; AhrefsBot/7.0; +http://ahrefs.com/robot/)" "ysfine.com"
51.222.253.5 - - [09/Dec/2022:15:57:40 -0800] "GET /yspapers/isomor88f.jpg HTTP/1.1" 200 87213 "-" "Mozilla/5.0 (compatible; AhrefsBot/7.0; +http://ahrefs.com/robot/)" "ysfine.com"
51.222.253.17 - - [09/Dec/2022:15:57:48 -0800] "GET /yspapers/comet30f.jpg HTTP/1.1" 200 93087 "-" "Mozilla/5.0 (compatible; AhrefsBot/7.0; +http://ahrefs.com/robot/)" "ysfine.com"
216.244.66.229 - - [09/Dec/2022:15:57:54 -0800] "GET /world/germany/leipzig71.jpg HTTP/1.1" 200 176615 "-" "Mozilla/5.0 (compatible; DotBot/1.2; +https://opensiteexplorer.org/dotbot; help@moz.com)" "ysfine.com"
51.222.253.5 - - [09/Dec/2022:15:57:57 -0800] "GET /yspapers/sincos88f.jpg HTTP/1.1" 200 43677 "-" "Mozilla/5.0 (compatible; AhrefsBot/7.0; +http://ahrefs.com/robot/)" "ysfine.com"
40.77.167.39 - - [09/Dec/2022:15:57:59 -0800] "GET /bio/feynman/partons.html HTTP/1.1" 404 88 "-" "Mozilla/5.0 AppleWebKit/537.36 (KHTML, like Gecko; compatible; bingbot/2.0; +http://www.bing.com/bingbot.htm) Chrome/103.0.5060.134 Safari/537.36" "ysfine.com"
51.222.253.10 - - [09/Dec/2022:15:58:02 -0800] "GET /yspapers/sq33f.jpg HTTP/1.1" 200 78266 "-" "Mozilla/5.0 (compatible; AhrefsBot/7.0; +http://ahrefs.com/robot/)" "ysfine.com"
51.222.253.14 - - [09/Dec/2022:15:58:09 -0800] "GET /yspapers/fortune21f.jpg HTTP/1.1" 200 131858 "-" "Mozilla/5.0 (compatible; AhrefsBot/7.0; +http://ahrefs.com/robot/)" "ysfine.com"
51.222.253.2 - - [09/Dec/2022:15:58:15 -0800] "GET /dirac/dirac63c.jpg HTTP/1.1" 200 29237 "-" "Mozilla/5.0 (compatible; AhrefsBot/7.0; +http://ahrefs.com/robot/)" "ysfine.com"
114.119.146.220 - - [09/Dec/2022:15:58:19 -0800] "GET /kobak/sohnjd.pdf HTTP/1.1" 200 3257358 "https://www.ysfine.com/wisdom/yitol.html" "Mozilla/5.0 (Linux; Android 7.0;) AppleWebKit/537.36 (KHTML, like Gecko) Mobile Safari/537.36 (compatible; PetalBot;+https://webmaster.petalsearch.com/site/petalbot)" "www.ysfine.com"
51.222.253.18 - - [09/Dec/2022:15:58:21 -0800] "GET /feynman/feybongo77c.jpg HTTP/1.1" 200 25947 "-" "Mozilla/5.0 (compatible; AhrefsBot/7.0; +http://ahrefs.com/robot/)" "ysfine.com"
216.244.66.229 - - [09/Dec/2022:15:58:27 -0800] "GET /world/ital/rome079.jpg HTTP/1.1" 200 192456 "-" "Mozilla/5.0 (compatible; DotBot/1.2; +https://opensiteexplorer.org/dotbot; help@moz.com)" "ysfine.com"
51.222.253.1 - - [09/Dec/2022:15:58:28 -0800] "GET /dirac/2osc22c.jpg HTTP/1.1" 200 28929 "-" "Mozilla/5.0 (compatible; AhrefsBot/7.0; +http://ahrefs.com/robot/)" "ysfine.com"
207.46.13.48 - - [09/Dec/2022:15:58:28 -0800] "GET /ffriends/spany01.jpg HTTP/1.1" 200 112569 "-" "Mozilla/5.0 (compatible; bingbot/2.0; +http://www.bing.com/bingbot.htm)" "ysfine.com"
207.46.13.48 - - [09/Dec/2022:15:58:29 -0800] "GET /bio/world/kalinin22.html HTTP/1.1" 404 88 "-" "Mozilla/5.0 AppleWebKit/537.36 (KHTML, like Gecko; compatible; bingbot/2.0; +http://www.bing.com/bingbot.htm) Chrome/103.0.5060.134 Safari/537.36" "ysfine.com"
51.222.253.5 - - [09/Dec/2022:15:58:33 -0800] "GET /awards/timessq33f.jpg HTTP/1.1" 200 171855 "-" "Mozilla/5.0 (compatible; AhrefsBot/7.0; +http://ahrefs.com/robot/)" "ysfine.com"
51.222.253.14 - - [09/Dec/2022:15:58:41 -0800] "GET /yspapers/neupol01c.jpg HTTP/1.1" 200 27087 "-" "Mozilla/5.0 (compatible; AhrefsBot/7.0; +http://ahrefs.com/robot/)" "ysfine.com"
77.88.5.222 - - [09/Dec/2022:15:58:41 -0800] "GET /world/brit/cam22.jpg HTTP/1.1" 200 172995 "-" "Mozilla/5.0 (compatible; YandexImages/3.0; +http://yandex.com/bots)" "www.ysfine.com"
207.46.13.20 - - [09/Dec/2022:15:58:42 -0800] "GET /bio/yspapers/europhys.pdf HTTP/1.1" 404 88 "-" "Mozilla/5.0 (compatible; bingbot/2.0; +http://www.bing.com/bingbot.htm)" "www.ysfine.com"
51.222.253.10 - - [09/Dec/2022:15:58:46 -0800] "GET /awards/iaotp/top21c.jpg HTTP/1.1" 200 49015 "-" "Mozilla/5.0 (compatible; AhrefsBot/7.0; +http://ahrefs.com/robot/)" "ysfine.com"
114.119.152.195 - - [09/Dec/2022:15:58:48 -0800] "GET /maga/popov.html HTTP/1.1" 200 8651 "https://www.ysfine.com/maga/sarnoff.html" "Mozilla/5.0 (Linux; Android 7.0;) AppleWebKit/537.36 (KHTML, like Gecko) Mobile Safari/537.36 (compatible; PetalBot;+https://webmaster.petalsearch.com/site/petalbot)" "www.ysfine.com"
51.222.253.18 - - [09/Dec/2022:15:58:52 -0800] "GET /yspapers/sp2c.jpg HTTP/1.1" 200 29079 "-" "Mozilla/5.0 (compatible; AhrefsBot/7.0; +http://ahrefs.com/robot/)" "ysfine.com"
216.244.66.229 - - [09/Dec/2022:15:58:55 -0800] "GET /world/latina/rio020.jpg HTTP/1.1" 200 60738 "-" "Mozilla/5.0 (compatible; DotBot/1.2; +https://opensiteexplorer.org/dotbot; help@moz.com)" "ysfine.com"
157.55.39.76 - - [09/Dec/2022:15:59:00 -0800] "GET /bio/harmoarchi.html HTTP/1.1" 404 88 "-" "Mozilla/5.0 (compatible; bingbot/2.0; +http://www.bing.com/bingbot.htm)" "ysfine.com"
77.88.5.237 - - [09/Dec/2022:15:59:02 -0800] "GET /remote/sisfa12aa/frame05.html HTTP/1.1" 200 320 "-" "Mozilla/5.0 (compatible; YandexBot/3.0; +http://yandex.com/bots)" "www.ysfine.com"
51.222.253.5 - - [09/Dec/2022:15:59:05 -0800] "GET /yspapers/ewk11c.jpg HTTP/1.1" 200 47514 "-" "Mozilla/5.0 (compatible; AhrefsBot/7.0; +http://ahrefs.com/robot/)" "ysfine.com"
51.222.253.10 - - [09/Dec/2022:15:59:11 -0800] "GET /yspapers/qboil17f.jpg HTTP/1.1" 200 39480 "-" "Mozilla/5.0 (compatible; AhrefsBot/7.0; +http://ahrefs.com/robot/)" "ysfine.com"
51.222.253.5 - - [09/Dec/2022:15:59:16 -0800] "GET /yspapers/eintao22c.jpg HTTP/1.1" 200 34310 "-" "Mozilla/5.0 (compatible; AhrefsBot/7.0; +http://ahrefs.com/robot/)" "ysfine.com"
51.222.253.3 - - [09/Dec/2022:15:59:22 -0800] "GET /yspapers/goodbad11c.jpg HTTP/1.1" 200 18689 "-" "Mozilla/5.0 (compatible; AhrefsBot/7.0; +http://ahrefs.com/robot/)" "ysfine.com"
216.244.66.229 - - [09/Dec/2022:15:59:23 -0800] "GET /world/latina/rio060.jpg HTTP/1.1" 200 71628 "-" "Mozilla/5.0 (compatible; DotBot/1.2; +https://opensiteexplorer.org/dotbot; help@moz.com)" "ysfine.com"
64.124.8.28 - - [09/Dec/2022:15:59:28 -0800] "GET /archives/proceedings/boston/siena.html HTTP/1.1" 200 590 "-" "Mozilla/5.0 (X11; Linux x86_64) AppleWebKit/537.36 (KHTML, like Gecko) Chrome/61.0.3163.79 Safari/537.36" "ysfine.com"
51.222.253.13 - - [09/Dec/2022:15:59:28 -0800] "GET /yspapers/eintao77c.jpg HTTP/1.1" 200 45084 "-" "Mozilla/5.0 (compatible; AhrefsBot/7.0; +http://ahrefs.com/robot/)" "ysfine.com"
51.222.253.5 - - [09/Dec/2022:15:59:34 -0800] "GET /yspapers/evol77c.jpg HTTP/1.1" 200 52015 "-" "Mozilla/5.0 (compatible; AhrefsBot/7.0; +http://ahrefs.com/robot/)" "ysfine.com"
51.222.253.13 - - [09/Dec/2022:15:59:40 -0800] "GET /yspapers/hosc2by2c.jpg HTTP/1.1" 200 34523 "-" "Mozilla/5.0 (compatible; AhrefsBot/7.0; +http://ahrefs.com/robot/)" "ysfine.com"
64.124.8.28 - - [09/Dec/2022:15:59:42 -0800] "GET /einstein/ulm.html HTTP/1.1" 304 - "-" "Mozilla/5.0 (X11; Linux x86_64) AppleWebKit/537.36 (KHTML, like Gecko) Chrome/61.0.3163.79 Safari/537.36" "ysfine.com"
51.222.253.7 - - [09/Dec/2022:15:59:46 -0800] "GET /yspapers/sq73c.jpg HTTP/1.1" 200 38604 "-" "Mozilla/5.0 (compatible; AhrefsBot/7.0; +http://ahrefs.com/robot/)" "ysfine.com"
51.222.253.8 - - [09/Dec/2022:15:59:51 -0800] "GET /yspapers/gauge33c.jpg HTTP/1.1" 200 22977 "-" "Mozilla/5.0 (compatible; AhrefsBot/7.0; +http://ahrefs.com/robot/)" "ysfine.com"
216.244.66.229 - - [09/Dec/2022:15:59:54 -0800] "GET /world/poland/gdn12.jpg HTTP/1.1" 200 154151 "-" "Mozilla/5.0 (compatible; DotBot/1.2; +https://opensiteexplorer.org/dotbot; help@moz.com)" "ysfine.com"
114.119.142.63 - - [09/Dec/2022:15:59:56 -0800] "GET /jobs/index.html HTTP/1.1" 200 123 "https://www.ysfine.com/confer/inbot.html" "Mozilla/5.0 (Linux; Android 7.0;) AppleWebKit/537.36 (KHTML, like Gecko) Mobile Safari/537.36 (compatible; PetalBot;+https://webmaster.petalsearch.com/site/petalbot)" "www.ysfine.com"
51.222.253.14 - - [09/Dec/2022:15:59:57 -0800] "GET /yspapers/iop21c.jpg HTTP/1.1" 200 30227 "-" "Mozilla/5.0 (compatible; AhrefsBot/7.0; +http://ahrefs.com/robot/)" "ysfine.com"
51.222.253.1 - - [09/Dec/2022:16:00:06 -0800] "GET /yspapers/inokim97c.jpg HTTP/1.1" 200 31832 "-" "Mozilla/5.0 (compatible; AhrefsBot/7.0; +http://ahrefs.com/robot/)" "ysfine.com"
51.222.253.4 - - [09/Dec/2022:16:00:17 -0800] "GET /yspapers/tollwig11c.jpg HTTP/1.1" 200 28195 "-" "Mozilla/5.0 (compatible; AhrefsBot/7.0; +http://ahrefs.com/robot/)" "ysfine.com"
51.222.253.16 - - [09/Dec/2022:16:00:41 -0800] "GET /yspapers/feynrio55c.jpg HTTP/1.1" 200 55222 "-" "Mozilla/5.0 (compatible; AhrefsBot/7.0; +http://ahrefs.com/robot/)" "ysfine.com"
216.244.66.229 - - [09/Dec/2022:16:00:43 -0800] "GET /world/russ/kiev031.jpg HTTP/1.1" 200 81634 "-" "Mozilla/5.0 (compatible; DotBot/1.2; +https://opensiteexplorer.org/dotbot; help@moz.com)" "ysfine.com"
64.124.8.47 - - [09/Dec/2022:16:01:15 -0800] "GET /princeton/yspr.html HTTP/1.1" 200 5470 "-" "Mozilla/5.0 (X11; Linux x86_64) AppleWebKit/537.36 (KHTML, like Gecko) Chrome/61.0.3163.79 Safari/537.36" "www.ysfine.com"
64.124.8.28 - - [09/Dec/2022:16:01:34 -0800] "GET /home/wcartoon.html HTTP/1.1" 304 - "-" "Mozilla/5.0 (X11; Linux x86_64) AppleWebKit/537.36 (KHTML, like Gecko) Chrome/61.0.3163.79 Safari/537.36" "ysfine.com"
51.222.253.5 - - [09/Dec/2022:16:01:37 -0800] "GET /yspapers/emcbirth77c.jpg HTTP/1.1" 200 27922 "-" "Mozilla/5.0 (compatible; AhrefsBot/7.0; +http://ahrefs.com/robot/)" "ysfine.com"
64.124.8.47 - - [09/Dec/2022:16:03:16 -0800] "GET /ysbio/home/dwf.html HTTP/1.1" 404 88 "-" "Mozilla/5.0 (X11; Linux x86_64) AppleWebKit/537.36 (KHTML, like Gecko) Chrome/61.0.3163.79 Safari/537.36" "www.ysfine.com"
114.119.157.112 - - [09/Dec/2022:16:03:38 -0800] "GET /kobak/jeep.html HTTP/1.1" 200 650 "http://www.ysfine.com/kobak/kohist.html" "Mozilla/5.0 (Linux; Android 7.0;) AppleWebKit/537.36 (KHTML, like Gecko) Mobile Safari/537.36 (compatible; PetalBot;+https://webmaster.petalsearch.com/site/petalbot)" "www.ysfine.com"
51.222.253.9 - - [09/Dec/2022:16:03:44 -0800] "GET /princeton/yspr.html HTTP/1.1" 200 5470 "-" "Mozilla/5.0 (compatible; AhrefsBot/7.0; +http://ahrefs.com/robot/)" "ysfine.com"
51.222.253.7 - - [09/Dec/2022:16:03:57 -0800] "GET /eink/further22k.jpg HTTP/1.1" 200 117137 "-" "Mozilla/5.0 (compatible; AhrefsBot/7.0; +http://ahrefs.com/robot/)" "ysfine.com"
51.222.253.18 - - [09/Dec/2022:16:04:15 -0800] "GET /princeton/pawkim19c.jpg HTTP/1.1" 200 58199 "-" "Mozilla/5.0 (compatible; AhrefsBot/7.0; +http://ahrefs.com/robot/)" "ysfine.com"
77.88.5.130 - - [09/Dec/2022:16:04:15 -0800] "GET /feynman/feyjad11.jpg HTTP/1.1" 200 459525 "-" "Mozilla/5.0 (compatible; YandexImages/3.0; +http://yandex.com/bots)" "www.ysfine.com"
116.179.32.141 - - [09/Dec/2022:16:04:34 -0800] "GET /maga/index.html HTTP/1.1" 200 6127 "-" "Mozilla/5.0 (Linux;u;Android 4.2.2;zh-cn;) AppleWebKit/534.46 (KHTML,like Gecko) Version/5.1 Mobile Safari/10600.6.3 (compatible; Baiduspider/2.0; +http://www.baidu.com/search/spider.html)" "www.ysfine.com"
116.179.32.89 - - [09/Dec/2022:16:04:35 -0800] "GET /maga/ HTTP/1.1" 200 18467 "-" "Mozilla/5.0 (Linux;u;Android 4.2.2;zh-cn;) AppleWebKit/534.46 (KHTML,like Gecko) Version/5.1 Mobile Safari/10600.6.3 (compatible; Baiduspider/2.0; +http://www.baidu.com/search/spider.html)" "www.ysfine.com"
116.179.37.173 - - [09/Dec/2022:16:04:35 -0800] "GET /feynman/jacdrum11b.jpg HTTP/1.1" 200 49846 "https://www.ysfine.com/feynman/feynrigh.html" "Mozilla/5.0 (compatible; Baiduspider-render/2.0; +http://www.baidu.com/search/spider.html)" "www.ysfine.com"
51.222.253.2 - - [09/Dec/2022:16:04:35 -0800] "GET /wigner/wigheis11c.jpg HTTP/1.1" 200 41279 "-" "Mozilla/5.0 (compatible; AhrefsBot/7.0; +http://ahrefs.com/robot/)" "ysfine.com"
64.124.8.28 - - [09/Dec/2022:16:04:36 -0800] "GET /dirac/diracpol.html HTTP/1.1" 304 - "-" "Mozilla/5.0 (X11; Linux x86_64) AppleWebKit/537.36 (KHTML, like Gecko) Chrome/61.0.3163.79 Safari/537.36" "ysfine.com"
116.179.37.55 - - [09/Dec/2022:16:04:37 -0800] "GET /home/ewk86a.jpg HTTP/1.1" 200 86008 "https://www.ysfine.com/maga/index.html" "Mozilla/5.0 (iPhone; CPU iPhone OS 9_1 like Mac OS X) AppleWebKit/601.1.46 (KHTML, like Gecko) Version/9.0 Mobile/13B143 Safari/601.1 (compatible; Baiduspider-render/2.0; +http://www.baidu.com/search/spider.html)" "www.ysfine.com"
207.46.13.134 - - [09/Dec/2022:16:04:56 -0800] "GET /bio/dirac/dirpoems.html HTTP/1.1" 404 88 "-" "Mozilla/5.0 (compatible; bingbot/2.0; +http://www.bing.com/bingbot.htm)" "ysfine.com"
64.124.8.47 - - [09/Dec/2022:16:05:26 -0800] "GET /ysbio/class54/weheard628.html HTTP/1.1" 404 88 "-" "Mozilla/5.0 (X11; Linux x86_64) AppleWebKit/537.36 (KHTML, like Gecko) Chrome/61.0.3163.79 Safari/537.36" "www.ysfine.com"
157.55.39.76 - - [09/Dec/2022:16:06:11 -0800] "GET /bio/sbk/1950.html HTTP/1.1" 404 88 "-" "Mozilla/5.0 (compatible; bingbot/2.0; +http://www.bing.com/bingbot.htm)" "ysfine.com"
40.77.167.39 - - [09/Dec/2022:16:06:50 -0800] "GET /bio/wigner/wigpoinc.html HTTP/1.1" 404 88 "-" "Mozilla/5.0 (compatible; bingbot/2.0; +http://www.bing.com/bingbot.htm)" "ysfine.com"
40.77.167.39 - - [09/Dec/2022:16:06:50 -0800] "GET /ysbio/yspapers/aipproc2006.pdf HTTP/1.1" 404 88 "-" "Mozilla/5.0 (compatible; bingbot/2.0; +http://www.bing.com/bingbot.htm)" "ysfine.com"
64.124.8.47 - - [09/Dec/2022:16:07:30 -0800] "GET /maga/desiree.html HTTP/1.1" 200 2747 "-" "Mozilla/5.0 (X11; Linux x86_64) AppleWebKit/537.36 (KHTML, like Gecko) Chrome/61.0.3163.79 Safari/537.36" "www.ysfine.com"
5.188.210.84 - - [09/Dec/2022:16:07:54 -0800] "GET /world/travel.html HTTP/1.1" 200 5186 "https://www.ysfine.com/world/travel.html" "Mozilla/5.0 (Windows NT 6.1; WOW64) AppleWebKit/537.36 (KHTML, like Gecko) Chrome/90.0.4430.93 Safari/537.36" "www.ysfine.com"
5.188.210.84 - - [09/Dec/2022:16:07:55 -0800] "GET / HTTP/1.1" 200 15920 "https://www.ysfine.com/" "Mozilla/5.0 (Windows NT 6.1; WOW64) AppleWebKit/537.36 (KHTML, like Gecko) Chrome/90.0.4430.93 Safari/537.36" "www.ysfine.com"
64.124.8.28 - - [09/Dec/2022:16:08:15 -0800] "GET /remote/sisfa12aa/index.html HTTP/1.1" 304 - "-" "Mozilla/5.0 (X11; Linux x86_64) AppleWebKit/537.36 (KHTML, like Gecko) Chrome/61.0.3163.79 Safari/537.36" "ysfine.com"
20.99.161.120 - - [09/Dec/2022:16:08:27 -0800] "GET /einstein/places/einha36.jpg HTTP/1.1" 200 86437 "-" "Mozilla/5.0 (X11; Ubuntu; Linux x86_64; rv:107.0) Gecko/20100101 Firefox/107.0" "ysfine.com"
207.46.13.48 - - [09/Dec/2022:16:08:29 -0800] "GET /bio/optics.html HTTP/1.1" 404 88 "-" "Mozilla/5.0 AppleWebKit/537.36 (KHTML, like Gecko; compatible; bingbot/2.0; +http://www.bing.com/bingbot.htm) Chrome/103.0.5060.134 Safari/537.36" "ysfine.com"
123.141.2.66 - - [09/Dec/2022:16:08:40 -0800] "GET /world/russ/mosf55b.jpg HTTP/1.1" 200 39747 "-" "python-requests/2.27.1" "ysfine.com"
64.124.8.28 - - [09/Dec/2022:16:08:46 -0800] "GET /archives/proceedings/ff3/ff3abs.html HTTP/1.1" 200 47753 "-" "Mozilla/5.0 (X11; Linux x86_64) AppleWebKit/537.36 (KHTML, like Gecko) Chrome/61.0.3163.79 Safari/537.36" "ysfine.com"
216.244.66.229 - - [09/Dec/2022:16:10:17 -0800] "GET /robots.txt HTTP/1.1" 404 73 "-" "Mozilla/5.0 (compatible; DotBot/1.2; +https://opensiteexplorer.org/dotbot; help@moz.com)" "ysfine.com"
216.244.66.229 - - [09/Dec/2022:16:10:17 -0800] "GET /robots.txt HTTP/1.1" 404 73 "-" "Mozilla/5.0 (compatible; DotBot/1.2; +https://opensiteexplorer.org/dotbot; help@moz.com)" "www.ysfine.com"
77.75.79.31 - - [09/Dec/2022:16:10:44 -0800] "GET /manko/index.html HTTP/1.1" 304 - "-" "Mozilla/5.0 (compatible; SeznamBot/4.0-RC1; +http://napoveda.seznam.cz/seznambot-intro/)" "ysfine.com"
51.222.253.16 - - [09/Dec/2022:16:10:48 -0800] "GET /awards/index.html HTTP/1.1" 200 9858 "-" "Mozilla/5.0 (compatible; AhrefsBot/7.0; +http://ahrefs.com/robot/)" "ysfine.com"
51.222.253.9 - - [09/Dec/2022:16:10:56 -0800] "GET /home/yspr61d.jpg HTTP/1.1" 200 64126 "-" "Mozilla/5.0 (compatible; AhrefsBot/7.0; +http://ahrefs.com/robot/)" "ysfine.com"
51.222.253.6 - - [09/Dec/2022:16:11:05 -0800] "GET /awards/whoswho11f.jpg HTTP/1.1" 200 86318 "-" "Mozilla/5.0 (compatible; AhrefsBot/7.0; +http://ahrefs.com/robot/)" "ysfine.com"
51.222.253.2 - - [09/Dec/2022:16:11:11 -0800] "GET /awards/einbohr25d.jpg HTTP/1.1" 200 49476 "-" "Mozilla/5.0 (compatible; AhrefsBot/7.0; +http://ahrefs.com/robot/)" "ysfine.com"
51.222.253.16 - - [09/Dec/2022:16:11:17 -0800] "GET /awards/ysnr11d.jpg HTTP/1.1" 200 61140 "-" "Mozilla/5.0 (compatible; AhrefsBot/7.0; +http://ahrefs.com/robot/)" "ysfine.com"
51.222.253.3 - - [09/Dec/2022:16:11:25 -0800] "GET /awards/marq/hemis21f.jpg HTTP/1.1" 200 180095 "-" "Mozilla/5.0 (compatible; AhrefsBot/7.0; +http://ahrefs.com/robot/)" "ysfine.com"
51.222.253.12 - - [09/Dec/2022:16:11:33 -0800] "GET /awards/truck20d.jpg HTTP/1.1" 200 43868 "-" "Mozilla/5.0 (compatible; AhrefsBot/7.0; +http://ahrefs.com/robot/)" "ysfine.com"
114.119.156.55 - - [09/Dec/2022:16:11:35 -0800] "GET /confer/quantum.html HTTP/1.1" 200 2560 "https://ysfine.com/confer/conleft.html" "Mozilla/5.0 (Linux; Android 7.0;) AppleWebKit/537.36 (KHTML, like Gecko) Mobile Safari/537.36 (compatible; PetalBot;+https://webmaster.petalsearch.com/site/petalbot)" "ysfine.com"
51.222.253.13 - - [09/Dec/2022:16:11:45 -0800] "GET /awards/acs20f.jpg HTTP/1.1" 200 145842 "-" "Mozilla/5.0 (compatible; AhrefsBot/7.0; +http://ahrefs.com/robot/)" "ysfine.com"
51.222.253.9 - - [09/Dec/2022:16:11:52 -0800] "GET /awards/feygell01d.jpg HTTP/1.1" 200 31895 "-" "Mozilla/5.0 (compatible; AhrefsBot/7.0; +http://ahrefs.com/robot/)" "ysfine.com"
51.222.253.15 - - [09/Dec/2022:16:11:57 -0800] "GET /awards/ewk88d.jpg HTTP/1.1" 200 96031 "-" "Mozilla/5.0 (compatible; AhrefsBot/7.0; +http://ahrefs.com/robot/)" "ysfine.com"
157.55.39.6 - - [09/Dec/2022:16:12:00 -0800] "GET /ysbio/folks/service.html HTTP/1.1" 404 88 "-" "Mozilla/5.0 AppleWebKit/537.36 (KHTML, like Gecko; compatible; bingbot/2.0; +http://www.bing.com/bingbot.htm) Chrome/103.0.5060.134 Safari/537.36" "ysfine.com"
157.55.39.6 - - [09/Dec/2022:16:12:00 -0800] "GET /bio/world/leipzig.html HTTP/1.1" 404 88 "-" "Mozilla/5.0 AppleWebKit/537.36 (KHTML, like Gecko; compatible; bingbot/2.0; +http://www.bing.com/bingbot.htm) Chrome/103.0.5060.134 Safari/537.36" "ysfine.com"
51.222.253.1 - - [09/Dec/2022:16:12:08 -0800] "GET /awards/marq/marq16d.jpg HTTP/1.1" 200 107457 "-" "Mozilla/5.0 (compatible; AhrefsBot/7.0; +http://ahrefs.com/robot/)" "ysfine.com"
51.222.253.11 - - [09/Dec/2022:16:12:14 -0800] "GET /awards/fortune23f.jpg HTTP/1.1" 200 270365 "-" "Mozilla/5.0 (compatible; AhrefsBot/7.0; +http://ahrefs.com/robot/)" "ysfine.com"
51.222.253.9 - - [09/Dec/2022:16:12:22 -0800] "GET /awards/marq/marq22f.jpg HTTP/1.1" 200 142401 "-" "Mozilla/5.0 (compatible; AhrefsBot/7.0; +http://ahrefs.com/robot/)" "ysfine.com"
64.124.8.47 - - [09/Dec/2022:16:12:24 -0800] "GET /home/mathrev.html HTTP/1.1" 200 1802 "-" "Mozilla/5.0 (X11; Linux x86_64) AppleWebKit/537.36 (KHTML, like Gecko) Chrome/61.0.3163.79 Safari/537.36" "www.ysfine.com"
51.222.253.3 - - [09/Dec/2022:16:12:28 -0800] "GET /awards/acs96f.jpg HTTP/1.1" 200 118636 "-" "Mozilla/5.0 (compatible; AhrefsBot/7.0; +http://ahrefs.com/robot/)" "ysfine.com"
40.90.217.7 - - [09/Dec/2022:16:12:30 -0800] "GET /world/russ/spbf32.jpg HTTP/1.1" 200 109595 "-" "Mozilla/5.0 (Linux x86_64; rv:102.0) Gecko/20100101 Firefox/102.0" "ysfine.com"
40.90.217.166 - - [09/Dec/2022:16:12:30 -0800] "GET /sbk/2006vien11.jpg HTTP/1.1" 200 207352 "-" "Mozilla/5.0 (X11; Ubuntu; Linux i686; rv:102.0) Gecko/20100101 Firefox/102.0" "www.ysfine.com"
64.124.8.28 - - [09/Dec/2022:16:12:35 -0800] "GET /eink/mose.html HTTP/1.1" 304 - "-" "Mozilla/5.0 (X11; Linux x86_64) AppleWebKit/537.36 (KHTML, like Gecko) Chrome/61.0.3163.79 Safari/537.36" "ysfine.com"
17.121.115.231 - - [09/Dec/2022:16:12:35 -0800] "GET /maga/index.html HTTP/1.1" 200 6127 "-" "Mozilla/5.0 (Macintosh; Intel Mac OS X 10_15_5) AppleWebKit/605.1.15 (KHTML, like Gecko) Version/13.1.1 Safari/605.1.15 (Applebot/0.1; +http://www.apple.com/go/applebot)" "ysfine.com"
51.222.253.5 - - [09/Dec/2022:16:12:35 -0800] "GET /kobak/taylor400.jpg HTTP/1.1" 200 56181 "-" "Mozilla/5.0 (compatible; AhrefsBot/7.0; +http://ahrefs.com/robot/)" "ysfine.com"
51.222.253.5 - - [09/Dec/2022:16:12:41 -0800] "GET /awards/acs55f.jpg HTTP/1.1" 200 83340 "-" "Mozilla/5.0 (compatible; AhrefsBot/7.0; +http://ahrefs.com/robot/)" "ysfine.com"
51.222.253.11 - - [09/Dec/2022:16:12:48 -0800] "GET /awards/fortune21f.jpg HTTP/1.1" 200 234815 "-" "Mozilla/5.0 (compatible; AhrefsBot/7.0; +http://ahrefs.com/robot/)" "ysfine.com"
51.222.253.19 - - [09/Dec/2022:16:12:55 -0800] "GET /awards/bridge22f.jpg HTTP/1.1" 200 98225 "-" "Mozilla/5.0 (compatible; AhrefsBot/7.0; +http://ahrefs.com/robot/)" "ysfine.com"
51.222.253.19 - - [09/Dec/2022:16:13:01 -0800] "GET /awards/timeline11f.jpg HTTP/1.1" 200 169039 "-" "Mozilla/5.0 (compatible; AhrefsBot/7.0; +http://ahrefs.com/robot/)" "ysfine.com"
40.90.217.19 - - [09/Dec/2022:16:13:06 -0800] "GET /kowar/yicheols03.jpg HTTP/1.1" 200 214596 "-" "Mozilla/5.0 (Macintosh; Intel Mac OS X 13_0_1) AppleWebKit/537.36 (KHTML, like Gecko) Chrome/108.0.0.0 Safari/537.36" "ysfine.com"
51.222.253.5 - - [09/Dec/2022:16:13:13 -0800] "GET /awards/wsj21f.jpg HTTP/1.1" 200 172238 "-" "Mozilla/5.0 (compatible; AhrefsBot/7.0; +http://ahrefs.com/robot/)" "ysfine.com"
64.124.8.47 - - [09/Dec/2022:16:13:14 -0800] "GET /people/pimage.html HTTP/1.1" 200 7965 "-" "Mozilla/5.0 (X11; Linux x86_64) AppleWebKit/537.36 (KHTML, like Gecko) Chrome/61.0.3163.79 Safari/537.36" "www.ysfine.com"
64.124.8.28 - - [09/Dec/2022:16:13:16 -0800] "GET /princeton/prade.html HTTP/1.1" 200 9863 "-" "Mozilla/5.0 (X11; Linux x86_64) AppleWebKit/537.36 (KHTML, like Gecko) Chrome/61.0.3163.79 Safari/537.36" "ysfine.com"
216.244.66.229 - - [09/Dec/2022:16:13:19 -0800] "GET /folks/chinparis01.jpg HTTP/1.1" 200 94083 "-" "Mozilla/5.0 (compatible; DotBot/1.2; +https://opensiteexplorer.org/dotbot; help@moz.com)" "www.ysfine.com"
51.222.253.15 - - [09/Dec/2022:16:13:21 -0800] "GET /awards/top100d.jpg HTTP/1.1" 200 74998 "-" "Mozilla/5.0 (compatible; AhrefsBot/7.0; +http://ahrefs.com/robot/)" "ysfine.com"
216.244.66.229 - - [09/Dec/2022:16:13:24 -0800] "GET /folks/aline/jal22.jpg HTTP/1.1" 200 122778 "-" "Mozilla/5.0 (compatible; DotBot/1.2; +https://opensiteexplorer.org/dotbot; help@moz.com)" "www.ysfine.com"
20.115.201.68 - - [09/Dec/2022:16:14:23 -0800] "GET /kobak/1014b.jpg HTTP/1.1" 200 42115 "-" "Mozilla/5.0 (X11; Linux x86_64; rv:107.0) Gecko/20100101 Firefox/107.0" "www.ysfine.com"
64.124.8.28 - - [09/Dec/2022:16:14:56 -0800] "GET /philo/sisfa12/frame29.html HTTP/1.1" 200 320 "-" "Mozilla/5.0 (X11; Linux x86_64) AppleWebKit/537.36 (KHTML, like Gecko) Chrome/61.0.3163.79 Safari/537.36" "ysfine.com"
172.58.27.30 - - [09/Dec/2022:16:15:10 -0800] "GET /feynman/feydirac.jpg HTTP/1.1" 200 98378 "https://www.google.com/" "Mozilla/5.0 (iPhone; CPU iPhone OS 16_1_2 like Mac OS X) AppleWebKit/605.1.15 (KHTML, like Gecko) GSA/241.0.491530414 Mobile/20B110 Safari/604.1" "ysfine.com"
77.75.79.31 - - [09/Dec/2022:16:15:13 -0800] "GET /princeton/campus.html HTTP/1.1" 304 - "-" "Mozilla/5.0 (compatible; SeznamBot/4.0-RC1; +http://napoveda.seznam.cz/seznambot-intro/)" "ysfine.com"
181.43.122.55 - - [09/Dec/2022:16:15:23 -0800] "GET /yspapers/iopbook15.pdf HTTP/1.1" 200 2962673 "https://www.google.com/" "Mozilla/5.0 (Macintosh; Intel Mac OS X 10_15_7) AppleWebKit/537.36 (KHTML, like Gecko) Chrome/108.0.0.0 Safari/537.36" "ysfine.com"
181.43.122.55 - - [09/Dec/2022:16:15:23 -0800] "GET /favicon.ico HTTP/1.1" 404 88 "https://ysfine.com/yspapers/iopbook15.pdf" "Mozilla/5.0 (Macintosh; Intel Mac OS X 10_15_7) AppleWebKit/537.36 (KHTML, like Gecko) Chrome/108.0.0.0 Safari/537.36" "ysfine.com"
20.99.161.120 - - [09/Dec/2022:16:15:48 -0800] "GET /wigner/second2.jpg HTTP/1.1" 200 64603 "-" "Mozilla/5.0 (X11; Ubuntu; Linux x86_64; rv:107.0) Gecko/20100101 Firefox/107.0" "www.ysfine.com"
20.99.161.120 - - [09/Dec/2022:16:16:23 -0800] "GET /world/russ/kazan076.jpg HTTP/1.1" 200 104740 "-" "Mozilla/5.0 (X11; Linux i686; rv:107.0) Gecko/20100101 Firefox/107.0" "ysfine.com"
118.184.177.99 - - [09/Dec/2022:16:16:40 -0800] "GET / HTTP/1.1" 200 5295 "-" "Sogou web spider/4.0(+http://www.sogou.com/docs/help/webmasters.htm#07)" "www.ysfine.com"
157.55.39.6 - - [09/Dec/2022:16:17:01 -0800] "GET /bio/kobak/namdae.html HTTP/1.1" 404 88 "-" "Mozilla/5.0 AppleWebKit/537.36 (KHTML, like Gecko; compatible; bingbot/2.0; +http://www.bing.com/bingbot.htm) Chrome/103.0.5060.134 Safari/537.36" "ysfine.com"
64.124.8.47 - - [09/Dec/2022:16:17:03 -0800] "GET /einstein/einusa.html HTTP/1.1" 304 - "-" "Mozilla/5.0 (X11; Linux x86_64) AppleWebKit/537.36 (KHTML, like Gecko) Chrome/61.0.3163.79 Safari/537.36" "www.ysfine.com"
98.110.24.216 - - [09/Dec/2022:16:17:20 -0800] "GET /world/ital/padova01.jpg HTTP/1.1" 200 102668 "https://www.google.com/" "Mozilla/5.0 (iPhone; CPU iPhone OS 16_1_1 like Mac OS X) AppleWebKit/605.1.15 (KHTML, like Gecko) GSA/241.0.491530414 Mobile/20B101 Safari/604.1" "ysfine.com"
64.124.8.28 - - [09/Dec/2022:16:17:31 -0800] "GET /archives/proceedings/ff2/fp2abs.html HTTP/1.1" 200 29930 "-" "Mozilla/5.0 (X11; Linux x86_64) AppleWebKit/537.36 (KHTML, like Gecko) Chrome/61.0.3163.79 Safari/537.36" "ysfine.com"
51.222.253.15 - - [09/Dec/2022:16:18:04 -0800] "GET /home/index.html HTTP/1.1" 200 142 "-" "Mozilla/5.0 (compatible; AhrefsBot/7.0; +http://ahrefs.com/robot/)" "ysfine.com"
64.124.8.28 - - [09/Dec/2022:16:18:22 -0800] "GET /wigner/gcontrac.html HTTP/1.1" 304 - "-" "Mozilla/5.0 (X11; Linux x86_64) AppleWebKit/537.36 (KHTML, like Gecko) Chrome/61.0.3163.79 Safari/537.36" "ysfine.com"
40.90.217.166 - - [09/Dec/2022:16:18:24 -0800] "GET /wigner/neum/feyncom2.jpg HTTP/1.1" 200 53182 "-" "Mozilla/5.0 (Windows NT 10.0; Win64; x64) AppleWebKit/537.36 (KHTML, like Gecko) Chrome/108.0.0.0 Safari/537.36" "www.ysfine.com"
64.124.8.47 - - [09/Dec/2022:16:18:49 -0800] "GET /confer/conbot.html HTTP/1.1" 304 - "-" "Mozilla/5.0 (X11; Linux x86_64) AppleWebKit/537.36 (KHTML, like Gecko) Chrome/61.0.3163.79 Safari/537.36" "www.ysfine.com"
64.124.8.28 - - [09/Dec/2022:16:18:58 -0800] "GET /princeton/yspage.html HTTP/1.1" 404 88 "-" "Mozilla/5.0 (X11; Linux x86_64) AppleWebKit/537.36 (KHTML, like Gecko) Chrome/61.0.3163.79 Safari/537.36" "ysfine.com"
64.124.8.28 - - [09/Dec/2022:16:19:02 -0800] "GET /archives/proceedings/ff3/ff3abs.html HTTP/1.1" 200 47753 "-" "Mozilla/5.0 (X11; Linux x86_64) AppleWebKit/537.36 (KHTML, like Gecko) Chrome/61.0.3163.79 Safari/537.36" "ysfine.com"
64.124.8.28 - - [09/Dec/2022:16:19:18 -0800] "GET /sbk/sbkrome.html HTTP/1.1" 304 - "-" "Mozilla/5.0 (X11; Linux x86_64) AppleWebKit/537.36 (KHTML, like Gecko) Chrome/61.0.3163.79 Safari/537.36" "ysfine.com"
157.55.39.76 - - [09/Dec/2022:16:19:32 -0800] "GET /bio/style/artlove.html HTTP/1.1" 404 88 "-" "Mozilla/5.0 AppleWebKit/537.36 (KHTML, like Gecko; compatible; bingbot/2.0; +http://www.bing.com/bingbot.htm) Chrome/103.0.5060.134 Safari/537.36" "ysfine.com"
64.124.8.47 - - [09/Dec/2022:16:20:08 -0800] "GET /feynman/feybot.html HTTP/1.1" 404 88 "-" "Mozilla/5.0 (X11; Linux x86_64) AppleWebKit/537.36 (KHTML, like Gecko) Chrome/61.0.3163.79 Safari/537.36" "www.ysfine.com"
64.124.8.47 - - [09/Dec/2022:16:20:19 -0800] "GET /world/leipzig.html HTTP/1.1" 200 5731 "-" "Mozilla/5.0 (X11; Linux x86_64) AppleWebKit/537.36 (KHTML, like Gecko) Chrome/61.0.3163.79 Safari/537.36" "www.ysfine.com"
64.124.8.28 - - [09/Dec/2022:16:20:31 -0800] "GET /ysbio/kowar/warbot.html HTTP/1.1" 404 88 "-" "Mozilla/5.0 (X11; Linux x86_64) AppleWebKit/537.36 (KHTML, like Gecko) Chrome/61.0.3163.79 Safari/537.36" "ysfine.com"
98.116.248.65 - - [09/Dec/2022:16:20:46 -0800] "GET /princeton/brooke88.jpg HTTP/1.1" 200 82208 "https://www.google.com/" "Mozilla/5.0 (Linux; Android 13; SM-G996U) AppleWebKit/537.36 (KHTML, like Gecko) Chrome/104.0.0.0 Mobile Safari/537.36" "ysfine.com"
64.124.8.28 - - [09/Dec/2022:16:20:51 -0800] "GET /world/paris.html HTTP/1.1" 304 - "-" "Mozilla/5.0 (X11; Linux x86_64) AppleWebKit/537.36 (KHTML, like Gecko) Chrome/61.0.3163.79 Safari/537.36" "ysfine.com"
64.124.8.28 - - [09/Dec/2022:16:21:16 -0800] "GET /ysbio/style/socrates.html HTTP/1.1" 404 88 "-" "Mozilla/5.0 (X11; Linux x86_64) AppleWebKit/537.36 (KHTML, like Gecko) Chrome/61.0.3163.79 Safari/537.36" "ysfine.com"
98.116.248.65 - - [09/Dec/2022:16:21:20 -0800] "GET /princeton/sbk87.jpg HTTP/1.1" 200 174738 "https://www.google.com/" "Mozilla/5.0 (Linux; Android 13; SM-G996U) AppleWebKit/537.36 (KHTML, like Gecko) Chrome/104.0.0.0 Mobile Safari/537.36" "ysfine.com"
64.124.8.47 - - [09/Dec/2022:16:21:43 -0800] "GET /dirac/diracsq.html HTTP/1.1" 304 - "-" "Mozilla/5.0 (X11; Linux x86_64) AppleWebKit/537.36 (KHTML, like Gecko) Chrome/61.0.3163.79 Safari/537.36" "www.ysfine.com"
64.124.8.28 - - [09/Dec/2022:16:21:49 -0800] "GET /world/brit/tower.html HTTP/1.1" 304 - "-" "Mozilla/5.0 (X11; Linux x86_64) AppleWebKit/537.36 (KHTML, like Gecko) Chrome/61.0.3163.79 Safari/537.36" "ysfine.com"
54.36.149.30 - - [09/Dec/2022:16:22:47 -0800] "GET /robots.txt HTTP/1.1" 404 88 "-" "Mozilla/5.0 (compatible; AhrefsBot/7.0; +http://ahrefs.com/robot/)" "ysfine.com"
51.222.253.5 - - [09/Dec/2022:16:22:49 -0800] "GET / HTTP/1.1" 200 5295 "-" "Mozilla/5.0 (compatible; AhrefsBot/7.0; +http://ahrefs.com/robot/)" "ysfine.com"
64.124.8.28 - - [09/Dec/2022:16:23:20 -0800] "GET /ysbio/maga/desiree.html HTTP/1.1" 404 88 "-" "Mozilla/5.0 (X11; Linux x86_64) AppleWebKit/537.36 (KHTML, like Gecko) Chrome/61.0.3163.79 Safari/537.36" "ysfine.com"
66.249.66.44 - - [09/Dec/2022:16:23:35 -0800] "GET /world/latina/sambario17.jpg HTTP/1.1" 200 95483 "-" "Googlebot-Image/1.0" "ysfine.com"
64.124.8.47 - - [09/Dec/2022:16:24:22 -0800] "GET /princeton/index.html HTTP/1.1" 304 - "-" "Mozilla/5.0 (X11; Linux x86_64) AppleWebKit/537.36 (KHTML, like Gecko) Chrome/61.0.3163.79 Safari/537.36" "www.ysfine.com"
64.124.8.28 - - [09/Dec/2022:16:25:32 -0800] "GET /ysbio/maga/phys/yukawa.html HTTP/1.1" 404 88 "-" "Mozilla/5.0 (X11; Linux x86_64) AppleWebKit/537.36 (KHTML, like Gecko) Chrome/61.0.3163.79 Safari/537.36" "ysfine.com"
40.90.217.22 - - [09/Dec/2022:16:26:13 -0800] "GET /wigner/wigspeak11.jpg HTTP/1.1" 200 62770 "-" "Mozilla/5.0 (Macintosh; Intel Mac OS X 13_0_1) AppleWebKit/605.1.15 (KHTML, like Gecko) Version/16.1 Safari/605.1.15" "www.ysfine.com"
207.46.13.20 - - [09/Dec/2022:16:26:15 -0800] "GET /ffriends/britstu01.jpg HTTP/1.1" 200 69046 "-" "Mozilla/5.0 (compatible; bingbot/2.0; +http://www.bing.com/bingbot.htm)" "ysfine.com"
207.46.13.48 - - [09/Dec/2022:16:26:40 -0800] "GET /ffriends/amkor/lewitt11.jpg HTTP/1.1" 200 156167 "-" "Mozilla/5.0 (compatible; bingbot/2.0; +http://www.bing.com/bingbot.htm)" "ysfine.com"
207.46.13.48 - - [09/Dec/2022:16:26:41 -0800] "GET /bio/eink/buythisbook.html HTTP/1.1" 404 88 "-" "Mozilla/5.0 AppleWebKit/537.36 (KHTML, like Gecko; compatible; bingbot/2.0; +http://www.bing.com/bingbot.htm) Chrome/103.0.5060.134 Safari/537.36" "ysfine.com"
207.46.13.48 - - [09/Dec/2022:16:26:41 -0800] "GET /bio/style/rieu.html HTTP/1.1" 404 88 "-" "Mozilla/5.0 (compatible; bingbot/2.0; +http://www.bing.com/bingbot.htm)" "ysfine.com"
64.124.8.47 - - [09/Dec/2022:16:26:44 -0800] "GET /confer/newsgr.html HTTP/1.1" 304 - "-" "Mozilla/5.0 (X11; Linux x86_64) AppleWebKit/537.36 (KHTML, like Gecko) Chrome/61.0.3163.79 Safari/537.36" "www.ysfine.com"
64.124.8.28 - - [09/Dec/2022:16:27:05 -0800] "GET /archives/proceedings/boston/krackl.html HTTP/1.1" 200 752 "-" "Mozilla/5.0 (X11; Linux x86_64) AppleWebKit/537.36 (KHTML, like Gecko) Chrome/61.0.3163.79 Safari/537.36" "ysfine.com"
114.119.133.253 - - [09/Dec/2022:16:27:06 -0800] "GET /class54/class5470/total_data/sub_8132.htm HTTP/1.1" 200 3511 "https://ysfine.com/class54/class5470/total_data/sub_8129.htm" "Mozilla/5.0 (Linux; Android 7.0;) AppleWebKit/537.36 (KHTML, like Gecko) Mobile Safari/537.36 (compatible; PetalBot;+https://webmaster.petalsearch.com/site/petalbot)" "ysfine.com"
157.55.39.6 - - [09/Dec/2022:16:27:20 -0800] "GET /ffriends/aline/jal11b.jpg HTTP/1.1" 200 46339 "-" "Mozilla/5.0 (compatible; bingbot/2.0; +http://www.bing.com/bingbot.htm)" "ysfine.com"
17.121.114.41 - - [09/Dec/2022:16:27:31 -0800] "GET /einstein/einbohr.html HTTP/1.1" 200 6142 "-" "Mozilla/5.0 (Macintosh; Intel Mac OS X 10_15_5) AppleWebKit/605.1.15 (KHTML, like Gecko) Version/13.1.1 Safari/605.1.15 (Applebot/0.1; +http://www.apple.com/go/applebot)" "ysfine.com"
64.124.8.28 - - [09/Dec/2022:16:28:16 -0800] "GET /ysbio/remote/wigner111/index.html HTTP/1.1" 404 88 "-" "Mozilla/5.0 (X11; Linux x86_64) AppleWebKit/537.36 (KHTML, like Gecko) Chrome/61.0.3163.79 Safari/537.36" "ysfine.com"
40.90.217.19 - - [09/Dec/2022:16:28:55 -0800] "GET /world/poland/polstu07.jpg HTTP/1.1" 200 43155 "-" "Mozilla/5.0 (Windows NT 10.0; Win64; x64; rv:102.0) Gecko/20100101 Firefox/102.0" "ysfine.com"
64.124.8.28 - - [09/Dec/2022:16:29:25 -0800] "GET /home/wcartoon.html HTTP/1.1" 304 - "-" "Mozilla/5.0 (X11; Linux x86_64) AppleWebKit/537.36 (KHTML, like Gecko) Chrome/61.0.3163.79 Safari/537.36" "ysfine.com"
64.124.8.28 - - [09/Dec/2022:16:29:59 -0800] "GET /maga/aquinas.html HTTP/1.1" 304 - "-" "Mozilla/5.0 (X11; Linux x86_64) AppleWebKit/537.36 (KHTML, like Gecko) Chrome/61.0.3163.79 Safari/537.36" "ysfine.com"
93.158.161.46 - - [09/Dec/2022:16:30:01 -0800] "GET /trips/index.html HTTP/1.1" 401 90 "-" "Mozilla/5.0 (compatible; YandexBot/3.0; +http://yandex.com/bots)" "www.ysfine.com"
64.124.8.28 - - [09/Dec/2022:16:30:34 -0800] "GET /ysbio/world/venice.html HTTP/1.1" 404 88 "-" "Mozilla/5.0 (X11; Linux x86_64) AppleWebKit/537.36 (KHTML, like Gecko) Chrome/61.0.3163.79 Safari/537.36" "ysfine.com"
64.124.8.28 - - [09/Dec/2022:16:30:43 -0800] "GET /archives/proceedings/ff2/fp2abs.html HTTP/1.1" 200 29930 "-" "Mozilla/5.0 (X11; Linux x86_64) AppleWebKit/537.36 (KHTML, like Gecko) Chrome/61.0.3163.79 Safari/537.36" "ysfine.com"
207.46.13.48 - - [09/Dec/2022:16:30:51 -0800] "GET /bio/world/germany/salzmo04.jpg HTTP/1.1" 404 88 "-" "Mozilla/5.0 (compatible; bingbot/2.0; +http://www.bing.com/bingbot.htm)" "www.ysfine.com"
157.55.39.6 - - [09/Dec/2022:16:30:52 -0800] "GET /bio/awards/iao.html HTTP/1.1" 404 88 "-" "Mozilla/5.0 AppleWebKit/537.36 (KHTML, like Gecko; compatible; bingbot/2.0; +http://www.bing.com/bingbot.htm) Chrome/103.0.5060.134 Safari/537.36" "ysfine.com"
