40.90.217.7 - - [09/Dec/2022:06:35:38 -0800] "GET /world/baltic/rigaf30.jpg HTTP/1.1" 200 92148 "-" "Mozilla/5.0 (Macintosh; Intel Mac OS X 13_0_1) AppleWebKit/537.36 (KHTML, like Gecko) Chrome/108.0.0.0 Safari/537.36 Edg/108.0.1462.46" "www.ysfine.com"
64.124.8.25 - - [09/Dec/2022:06:35:45 -0800] "GET /ysbio/kobak/sorae/soraech.html HTTP/1.1" 404 88 "-" "Mozilla/5.0 (X11; Linux x86_64) AppleWebKit/537.36 (KHTML, like Gecko) Chrome/61.0.3163.79 Safari/537.36" "ysfine.com"
195.113.158.226 - - [09/Dec/2022:06:35:53 -0800] "GET /feynman/yuval.html HTTP/1.1" 200 9248 "-" "Mozilla/5.0 (Windows NT 10.0; Win64; x64; rv:106.0) Gecko/20100101 Firefox/106.0" "ysfine.com"
195.113.158.226 - - [09/Dec/2022:06:35:53 -0800] "GET /wigner/neeman2.jpg HTTP/1.1" 200 36323 "https://ysfine.com/feynman/yuval.html" "Mozilla/5.0 (Windows NT 10.0; Win64; x64; rv:106.0) Gecko/20100101 Firefox/106.0" "ysfine.com"
195.113.158.226 - - [09/Dec/2022:06:35:53 -0800] "GET /favicon.ico HTTP/1.1" 404 88 "https://ysfine.com/feynman/yuval.html" "Mozilla/5.0 (Windows NT 10.0; Win64; x64; rv:106.0) Gecko/20100101 Firefox/106.0" "ysfine.com"
51.222.253.5 - - [09/Dec/2022:06:38:35 -0800] "GET /style/index.html HTTP/1.1" 200 129 "-" "Mozilla/5.0 (compatible; AhrefsBot/7.0; +http://ahrefs.com/robot/)" "ysfine.com"
12.184.115.60 - - [09/Dec/2022:06:39:02 -0800] "GET /yspapers/cylin.pdf HTTP/1.1" 200 358984 "-" "Mozilla/5.0 (iPhone; CPU iPhone OS 16_1 like Mac OS X) AppleWebKit/605.1.15 (KHTML, like Gecko) Version/16.1 Mobile/15E148 Safari/604.1" "ysfine.com"
14.137.135.24 - - [09/Dec/2022:06:39:03 -0800] "GET /wigner/wigkim11b.jpg HTTP/1.1" 200 38616 "-" "Mozilla/5.0 (Windows NT 10.0; Win64; x64) AppleWebKit/537.36 (KHTML, like Gecko) Chrome/90.0.4430.212 Safari/537.36" "ysfine.com"
64.124.8.25 - - [09/Dec/2022:06:39:19 -0800] "GET /kowar/tanks.html HTTP/1.1" 200 8699 "-" "Mozilla/5.0 (X11; Linux x86_64) AppleWebKit/537.36 (KHTML, like Gecko) Chrome/61.0.3163.79 Safari/537.36" "ysfine.com"
79.246.217.119 - - [09/Dec/2022:06:40:24 -0800] "GET /world/baltic/kantname11.jpg HTTP/1.1" 200 140735 "https://www.google.com/" "Mozilla/5.0 (iPhone; CPU iPhone OS 16_1_2 like Mac OS X) AppleWebKit/605.1.15 (KHTML, like Gecko) GSA/241.0.491530414 Mobile/20B110 Safari/604.1" "ysfine.com"
151.115.48.191 - - [09/Dec/2022:06:40:46 -0800] "GET /maga/phys/naimar/pewk09.jpg HTTP/1.1" 200 54557 "https://www.google.com/" "Mozilla/5.0 (Linux; Android 9; SAMSUNG SM-N950F) AppleWebKit/537.36 (KHTML, like Gecko) SamsungBrowser/19.0 Chrome/102.0.5005.125 Mobile Safari/537.36" "ysfine.com"
40.90.217.131 - - [09/Dec/2022:06:41:39 -0800] "GET /world/baltic/tallin15.jpg HTTP/1.1" 200 186344 "-" "Mozilla/5.0 (Linux x86_64; rv:102.0) Gecko/20100101 Firefox/102.0" "www.ysfine.com"
185.191.171.16 - - [09/Dec/2022:06:41:40 -0800] "GET /robots.txt HTTP/1.1" 404 88 "-" "Mozilla/5.0 (compatible; SemrushBot/7~bl; +http://www.semrush.com/bot.html)" "ysfine.com"
185.191.171.6 - - [09/Dec/2022:06:41:42 -0800] "GET /world/bologna.html HTTP/1.1" 200 6357 "-" "Mozilla/5.0 (compatible; SemrushBot/7~bl; +http://www.semrush.com/bot.html)" "ysfine.com"
64.124.8.45 - - [09/Dec/2022:06:42:23 -0800] "GET /robots.txt HTTP/1.1" 404 88 "-" "Mozilla/5.0 (X11; Linux x86_64) AppleWebKit/537.36 (KHTML, like Gecko) Chrome/61.0.3163.79 Safari/537.36" "ysfine.com"
64.124.8.45 - - [09/Dec/2022:06:42:23 -0800] "GET /maga/boltzmann.html HTTP/1.1" 304 - "-" "Mozilla/5.0 (X11; Linux x86_64) AppleWebKit/537.36 (KHTML, like Gecko) Chrome/61.0.3163.79 Safari/537.36" "ysfine.com"
185.191.171.4 - - [09/Dec/2022:06:42:24 -0800] "GET /home/wcartoon HTTP/1.1" 200 6127 "-" "Mozilla/5.0 (compatible; SemrushBot/7~bl; +http://www.semrush.com/bot.html)" "ysfine.com"
51.222.253.14 - - [09/Dec/2022:06:42:36 -0800] "GET /feynman/feynart.html HTTP/1.1" 200 10277 "-" "Mozilla/5.0 (compatible; AhrefsBot/7.0; +http://ahrefs.com/robot/)" "ysfine.com"
51.222.253.11 - - [09/Dec/2022:06:42:41 -0800] "GET /feynman/ptoday89b.jpg HTTP/1.1" 200 46537 "-" "Mozilla/5.0 (compatible; AhrefsBot/7.0; +http://ahrefs.com/robot/)" "ysfine.com"
51.222.253.4 - - [09/Dec/2022:06:42:47 -0800] "GET /feynman/restof05b.jpg HTTP/1.1" 200 20819 "-" "Mozilla/5.0 (compatible; AhrefsBot/7.0; +http://ahrefs.com/robot/)" "ysfine.com"
51.222.253.7 - - [09/Dec/2022:06:42:52 -0800] "GET /beau/parthen03b.jpg HTTP/1.1" 404 88 "-" "Mozilla/5.0 (compatible; AhrefsBot/7.0; +http://ahrefs.com/robot/)" "ysfine.com"
51.222.253.2 - - [09/Dec/2022:06:42:53 -0800] "GET /world/russ/twosis22b.jpg HTTP/1.1" 200 23679 "-" "Mozilla/5.0 (compatible; AhrefsBot/7.0; +http://ahrefs.com/robot/)" "ysfine.com"
51.222.253.5 - - [09/Dec/2022:06:42:58 -0800] "GET /style/telefon11b.jpg HTTP/1.1" 200 42587 "-" "Mozilla/5.0 (compatible; AhrefsBot/7.0; +http://ahrefs.com/robot/)" "ysfine.com"
40.90.216.88 - - [09/Dec/2022:06:43:13 -0800] "GET /wigner/inonu.jpg HTTP/1.1" 200 68717 "-" "Mozilla/5.0 (X11; Fedora; Linux x86_64; rv:107.0) Gecko/20100101 Firefox/107.0" "ysfine.com"
130.82.248.31 - - [09/Dec/2022:06:43:44 -0800] "GET /world/france/magots11.jpg HTTP/1.1" 200 124224 "https://www.google.de/" "Mozilla/5.0 (Macintosh; Intel Mac OS X 10_15_6) AppleWebKit/605.1.15 (KHTML, like Gecko) Version/15.6 Safari/605.1.15" "ysfine.com"
94.158.60.44 - - [09/Dec/2022:06:44:00 -0800] "GET /einstein/avogadro.jpg HTTP/1.1" 200 70806 "https://www.google.com/" "Mozilla/5.0 (Linux; Android 11; M2004J19C Build/RP1A.200720.011; wv) AppleWebKit/537.36 (KHTML, like Gecko) Version/4.0 Chrome/108.0.5359.79 Mobile Safari/537.36 GoogleApp/13.46.13.26.arm64" "ysfine.com"
207.46.13.48 - - [09/Dec/2022:06:44:13 -0800] "GET /ffriends/aline/tam06.jpg HTTP/1.1" 200 74835 "-" "Mozilla/5.0 (compatible; bingbot/2.0; +http://www.bing.com/bingbot.htm)" "ysfine.com"
207.46.13.48 - - [09/Dec/2022:06:44:14 -0800] "GET /ysbio/folks/israel.html HTTP/1.1" 404 88 "-" "Mozilla/5.0 (compatible; bingbot/2.0; +http://www.bing.com/bingbot.htm)" "ysfine.com"
207.46.13.48 - - [09/Dec/2022:06:44:14 -0800] "GET /home/figs/parton33.jpg HTTP/1.1" 200 155572 "-" "Mozilla/5.0 AppleWebKit/537.36 (KHTML, like Gecko; compatible; bingbot/2.0; +http://www.bing.com/bingbot.htm) Chrome/103.0.5060.134 Safari/537.36" "www.ysfine.com"
195.234.109.182 - - [09/Dec/2022:06:45:42 -0800] "GET /world/france/sartsq11.jpg HTTP/1.1" 200 160608 "-" "Photon/1.0" "ysfine.com"
51.222.253.4 - - [09/Dec/2022:06:46:35 -0800] "GET /einstein/einst06.html HTTP/1.1" 200 1773 "-" "Mozilla/5.0 (compatible; AhrefsBot/7.0; +http://ahrefs.com/robot/)" "ysfine.com"
64.124.8.28 - - [09/Dec/2022:06:46:43 -0800] "GET /robots.txt HTTP/1.1" 404 88 "-" "Mozilla/5.0 (X11; Linux x86_64) AppleWebKit/537.36 (KHTML, like Gecko) Chrome/61.0.3163.79 Safari/537.36" "ysfine.com"
64.124.8.28 - - [09/Dec/2022:06:46:43 -0800] "GET /maga/boltzmann.html HTTP/1.1" 304 - "-" "Mozilla/5.0 (X11; Linux x86_64) AppleWebKit/537.36 (KHTML, like Gecko) Chrome/61.0.3163.79 Safari/537.36" "ysfine.com"
40.90.217.103 - - [09/Dec/2022:06:46:45 -0800] "GET /style/mozdress.jpg HTTP/1.1" 200 83661 "-" "Mozilla/5.0 (Macintosh; Intel Mac OS X 13_0_1) AppleWebKit/605.1.15 (KHTML, like Gecko) Version/16.1 Safari/605.1.15" "www.ysfine.com"
207.46.13.48 - - [09/Dec/2022:06:47:44 -0800] "GET /wdc/washmobird.html HTTP/1.1" 200 367 "-" "Mozilla/5.0 (compatible; bingbot/2.0; +http://www.bing.com/bingbot.htm)" "ysfine.com"
207.46.13.20 - - [09/Dec/2022:06:48:41 -0800] "GET /style/proschanie.html HTTP/1.1" 200 4801 "-" "Mozilla/5.0 AppleWebKit/537.36 (KHTML, like Gecko; compatible; bingbot/2.0; +http://www.bing.com/bingbot.htm) Chrome/103.0.5060.134 Safari/537.36" "www.ysfine.com"
51.222.253.9 - - [09/Dec/2022:06:50:29 -0800] "GET /einstein/fantova/fantova.html HTTP/1.1" 200 6506 "-" "Mozilla/5.0 (compatible; AhrefsBot/7.0; +http://ahrefs.com/robot/)" "ysfine.com"
40.90.217.22 - - [09/Dec/2022:06:50:36 -0800] "GET /dirac/diracbul.jpg HTTP/1.1" 200 130193 "-" "Mozilla/5.0 (Windows NT 10.0) AppleWebKit/537.36 (KHTML, like Gecko) Chrome/108.0.0.0 Safari/537.36" "www.ysfine.com"
36.226.95.20 - - [09/Dec/2022:06:51:05 -0800] "GET /world/china/dalian29.jpg HTTP/1.1" 200 81423 "-" "Mozilla/5.0 (Windows NT 10.0; Win64; x64) AppleWebKit/537.36 (KHTML, like Gecko) Chrome/80.0.3987.163 Safari/537.36" "ysfine.com"
207.46.13.48 - - [09/Dec/2022:06:51:05 -0800] "GET /maga/huygens.html HTTP/1.1" 200 5039 "-" "Mozilla/5.0 AppleWebKit/537.36 (KHTML, like Gecko; compatible; bingbot/2.0; +http://www.bing.com/bingbot.htm) Chrome/103.0.5060.134 Safari/537.36" "www.ysfine.com"
207.46.13.48 - - [09/Dec/2022:06:51:25 -0800] "GET /ysbio/kobak/sorae/kumipo.html HTTP/1.1" 404 88 "-" "Mozilla/5.0 (compatible; bingbot/2.0; +http://www.bing.com/bingbot.htm)" "ysfine.com"
157.55.39.6 - - [09/Dec/2022:06:51:29 -0800] "GET /wigner/gcontrac.html HTTP/1.1" 200 2279 "-" "Mozilla/5.0 (compatible; bingbot/2.0; +http://www.bing.com/bingbot.htm)" "ysfine.com"
40.90.217.235 - - [09/Dec/2022:06:51:33 -0800] "GET /newyork/seaport06.jpg HTTP/1.1" 200 205383 "-" "Mozilla/5.0 (X11; Ubuntu; Linux i686; rv:102.0) Gecko/20100101 Firefox/102.0" "www.ysfine.com"
114.119.147.129 - - [09/Dec/2022:06:52:20 -0800] "GET /robots.txt HTTP/1.1" 404 88 "-" "Mozilla/5.0 (compatible;PetalBot;+https://webmaster.petalsearch.com/site/petalbot)" "www.ysfine.com"
40.77.167.39 - - [09/Dec/2022:06:52:22 -0800] "GET /maga/phys/huy37.jpg HTTP/1.1" 200 140774 "-" "Mozilla/5.0 (compatible; bingbot/2.0; +http://www.bing.com/bingbot.htm)" "www.ysfine.com"
40.90.217.22 - - [09/Dec/2022:06:52:40 -0800] "GET /dirac/dirbust22c.jpg HTTP/1.1" 200 36029 "-" "Mozilla/5.0 (X11; Fedora; Linux x86_64; rv:102.0) Gecko/20100101 Firefox/102.0" "ysfine.com"
77.75.77.119 - - [09/Dec/2022:06:52:44 -0800] "GET /kobak/namdae.html HTTP/1.1" 304 - "-" "Mozilla/5.0 (compatible; SeznamBot/4.0-RC1; +http://napoveda.seznam.cz/seznambot-intro/)" "ysfine.com"
157.55.39.76 - - [09/Dec/2022:06:52:49 -0800] "GET /home/onephys.html HTTP/1.1" 200 2527 "-" "Mozilla/5.0 (compatible; bingbot/2.0; +http://www.bing.com/bingbot.htm)" "ysfine.com"
157.55.39.76 - - [09/Dec/2022:06:52:50 -0800] "GET /bio/kobak/yskor.html HTTP/1.1" 404 88 "-" "Mozilla/5.0 (compatible; bingbot/2.0; +http://www.bing.com/bingbot.htm)" "ysfine.com"
3.18.102.215 - - [09/Dec/2022:06:53:23 -0800] "GET /feynman/feybongo.jpg HTTP/1.1" 200 47448 "-" "Mozilla/5.0 (X11; Ubuntu; Linux x86_64; rv:72.0) Gecko/20100101 Firefox/72.0" "ysfine.com"
157.55.39.6 - - [09/Dec/2022:06:53:58 -0800] "GET /bio/world/leipzig.html HTTP/1.1" 404 88 "-" "Mozilla/5.0 AppleWebKit/537.36 (KHTML, like Gecko; compatible; bingbot/2.0; +http://www.bing.com/bingbot.htm) Chrome/103.0.5060.134 Safari/537.36" "ysfine.com"
157.55.39.6 - - [09/Dec/2022:06:53:58 -0800] "GET /bio/einstein/bern.html HTTP/1.1" 404 88 "-" "Mozilla/5.0 AppleWebKit/537.36 (KHTML, like Gecko; compatible; bingbot/2.0; +http://www.bing.com/bingbot.htm) Chrome/103.0.5060.134 Safari/537.36" "ysfine.com"
205.152.72.178 - - [09/Dec/2022:06:54:05 -0800] "GET /world/ital/padova01.jpg HTTP/1.1" 200 102668 "https://www.google.com/" "Mozilla/5.0 (X11; CrOS x86_64 14909.132.0) AppleWebKit/537.36 (KHTML, like Gecko) Chrome/104.0.0.0 Safari/537.36" "ysfine.com"
64.124.8.28 - - [09/Dec/2022:06:54:36 -0800] "GET /archives/proceedings/boston/usenko.html HTTP/1.1" 200 466 "-" "Mozilla/5.0 (X11; Linux x86_64) AppleWebKit/537.36 (KHTML, like Gecko) Chrome/61.0.3163.79 Safari/537.36" "ysfine.com"
51.222.253.3 - - [09/Dec/2022:06:54:38 -0800] "GET /world/spb.html HTTP/1.1" 200 16118 "-" "Mozilla/5.0 (compatible; AhrefsBot/7.0; +http://ahrefs.com/robot/)" "ysfine.com"
51.222.253.16 - - [09/Dec/2022:06:54:44 -0800] "GET /world/russ/spbnv06b.jpg HTTP/1.1" 200 41431 "-" "Mozilla/5.0 (compatible; AhrefsBot/7.0; +http://ahrefs.com/robot/)" "ysfine.com"
51.222.253.15 - - [09/Dec/2022:06:54:50 -0800] "GET /world/russ/spbm15b.jpg HTTP/1.1" 200 46762 "-" "Mozilla/5.0 (compatible; AhrefsBot/7.0; +http://ahrefs.com/robot/)" "ysfine.com"
51.222.253.7 - - [09/Dec/2022:06:54:56 -0800] "GET /world/russ/spbf27b.jpg HTTP/1.1" 200 45971 "-" "Mozilla/5.0 (compatible; AhrefsBot/7.0; +http://ahrefs.com/robot/)" "ysfine.com"
51.222.253.20 - - [09/Dec/2022:06:55:01 -0800] "GET /world/russ/spb06b.jpg HTTP/1.1" 200 29124 "-" "Mozilla/5.0 (compatible; AhrefsBot/7.0; +http://ahrefs.com/robot/)" "ysfine.com"
51.222.253.18 - - [09/Dec/2022:06:55:07 -0800] "GET /world/russ/spb01b.jpg HTTP/1.1" 200 40392 "-" "Mozilla/5.0 (compatible; AhrefsBot/7.0; +http://ahrefs.com/robot/)" "ysfine.com"
51.222.253.15 - - [09/Dec/2022:06:55:13 -0800] "GET /world/russ/spbnv01b.jpg HTTP/1.1" 200 47987 "-" "Mozilla/5.0 (compatible; AhrefsBot/7.0; +http://ahrefs.com/robot/)" "ysfine.com"
40.90.216.88 - - [09/Dec/2022:06:55:14 -0800] "GET /world/poland/gdnf05.jpg HTTP/1.1" 200 70463 "-" "Mozilla/5.0 (Windows NT 10.0; Win64; x64; rv:107.0) Gecko/20100101 Firefox/107.0" "www.ysfine.com"
51.222.253.3 - - [09/Dec/2022:06:55:21 -0800] "GET /world/russ/spbf62b.jpg HTTP/1.1" 200 46696 "-" "Mozilla/5.0 (compatible; AhrefsBot/7.0; +http://ahrefs.com/robot/)" "ysfine.com"
51.222.253.10 - - [09/Dec/2022:06:55:26 -0800] "GET /world/russ/czar06b.jpg HTTP/1.1" 200 50090 "-" "Mozilla/5.0 (compatible; AhrefsBot/7.0; +http://ahrefs.com/robot/)" "ysfine.com"
51.222.253.10 - - [09/Dec/2022:06:55:32 -0800] "GET /world/russ/spbf35b.jpg HTTP/1.1" 200 47988 "-" "Mozilla/5.0 (compatible; AhrefsBot/7.0; +http://ahrefs.com/robot/)" "ysfine.com"
51.222.253.7 - - [09/Dec/2022:06:55:38 -0800] "GET /world/russ/stalinorg11b.jpg HTTP/1.1" 200 47741 "-" "Mozilla/5.0 (compatible; AhrefsBot/7.0; +http://ahrefs.com/robot/)" "ysfine.com"
51.222.253.2 - - [09/Dec/2022:06:55:44 -0800] "GET /world/russ/spbf11b.jpg HTTP/1.1" 200 49354 "-" "Mozilla/5.0 (compatible; AhrefsBot/7.0; +http://ahrefs.com/robot/)" "ysfine.com"
51.222.253.12 - - [09/Dec/2022:06:55:50 -0800] "GET /world/russ/czar04b.jpg HTTP/1.1" 200 56007 "-" "Mozilla/5.0 (compatible; AhrefsBot/7.0; +http://ahrefs.com/robot/)" "ysfine.com"
40.90.217.63 - - [09/Dec/2022:06:55:51 -0800] "GET /maga/phil/herod11c.jpg HTTP/1.1" 200 76011 "-" "Mozilla/5.0 (Windows NT 10.0; Win64; x64) AppleWebKit/537.36 (KHTML, like Gecko) Chrome/108.0.0.0 Safari/537.36 Edg/108.0.1462.46" "www.ysfine.com"
35.175.176.42 - - [09/Dec/2022:06:55:53 -0800] "HEAD /newyork/nyc.html HTTP/1.1" 200 - "-" "Mozilla/5.0 (Macintosh; Intel Mac OS X 10_15_7) AppleWebKit/537.36 (KHTML, like Gecko) Chrome/107.0.0.0 Safari/537.36" "ysfine.com"
3.91.61.160 - - [09/Dec/2022:06:55:54 -0800] "HEAD /newyork/centralp05.jpg HTTP/1.1" 200 - "-" "Mozilla/5.0 (Windows NT 10.0; Win64; x64) AppleWebKit/537.36 (KHTML, like Gecko) Chrome/108.0.0.0 Safari/537.36" "ysfine.com"
64.44.84.213 - - [09/Dec/2022:06:55:54 -0800] "HEAD /newyork/centralp05.jpg HTTP/1.1" 200 - "-" "Mozilla/5.0 (Windows NT 10.0; Win64; x64) AppleWebKit/537.36 (KHTML, like Gecko) Chrome/108.0.0.0 Safari/537.36" "ysfine.com"
185.245.87.30 - - [09/Dec/2022:06:55:54 -0800] "HEAD /newyork/nyc.html HTTP/1.1" 200 - "-" "Mozilla/5.0 (Macintosh; Intel Mac OS X 10_15_7) AppleWebKit/537.36 (KHTML, like Gecko) Chrome/107.0.0.0 Safari/537.36" "ysfine.com"
51.222.253.20 - - [09/Dec/2022:06:55:56 -0800] "GET /maga/invent/popov01b.jpg HTTP/1.1" 200 40727 "-" "Mozilla/5.0 (compatible; AhrefsBot/7.0; +http://ahrefs.com/robot/)" "ysfine.com"
51.222.253.15 - - [09/Dec/2022:06:56:02 -0800] "GET /world/russ/spb02b.jpg HTTP/1.1" 200 31691 "-" "Mozilla/5.0 (compatible; AhrefsBot/7.0; +http://ahrefs.com/robot/)" "ysfine.com"
51.222.253.6 - - [09/Dec/2022:06:56:07 -0800] "GET /world/russ/spbn17b.jpg HTTP/1.1" 200 37706 "-" "Mozilla/5.0 (compatible; AhrefsBot/7.0; +http://ahrefs.com/robot/)" "ysfine.com"
51.222.253.18 - - [09/Dec/2022:06:56:13 -0800] "GET /world/russ/khabarovsk11b.jpg HTTP/1.1" 200 31203 "-" "Mozilla/5.0 (compatible; AhrefsBot/7.0; +http://ahrefs.com/robot/)" "ysfine.com"
51.222.253.19 - - [09/Dec/2022:06:56:18 -0800] "GET /world/russ/spbnv02b.jpg HTTP/1.1" 200 45724 "-" "Mozilla/5.0 (compatible; AhrefsBot/7.0; +http://ahrefs.com/robot/)" "ysfine.com"
51.222.253.6 - - [09/Dec/2022:06:56:19 -0800] "GET /world/russ/spbb20b.jpg HTTP/1.1" 200 61916 "-" "Mozilla/5.0 (compatible; AhrefsBot/7.0; +http://ahrefs.com/robot/)" "ysfine.com"
51.222.253.1 - - [09/Dec/2022:06:56:25 -0800] "GET /world/russ/spb13b.jpg HTTP/1.1" 200 29637 "-" "Mozilla/5.0 (compatible; AhrefsBot/7.0; +http://ahrefs.com/robot/)" "ysfine.com"
51.222.253.8 - - [09/Dec/2022:06:56:31 -0800] "GET /world/russ/czar08b.jpg HTTP/1.1" 200 51147 "-" "Mozilla/5.0 (compatible; AhrefsBot/7.0; +http://ahrefs.com/robot/)" "ysfine.com"
40.90.217.166 - - [09/Dec/2022:06:56:36 -0800] "GET /people/markov84.jpg HTTP/1.1" 200 101065 "-" "Mozilla/5.0 (X11; Ubuntu; Linux x86_64; rv:107.0) Gecko/20100101 Firefox/107.0" "www.ysfine.com"
51.222.253.7 - - [09/Dec/2022:06:56:37 -0800] "GET /kobak/alexvic11b.jpg HTTP/1.1" 200 47312 "-" "Mozilla/5.0 (compatible; AhrefsBot/7.0; +http://ahrefs.com/robot/)" "ysfine.com"
157.55.39.76 - - [09/Dec/2022:06:56:39 -0800] "GET /bio/feynman/fthtop.html HTTP/1.1" 404 88 "-" "Mozilla/5.0 (compatible; bingbot/2.0; +http://www.bing.com/bingbot.htm)" "ysfine.com"
51.222.253.1 - - [09/Dec/2022:06:56:43 -0800] "GET /world/russ/gatf10b.jpg HTTP/1.1" 200 37813 "-" "Mozilla/5.0 (compatible; AhrefsBot/7.0; +http://ahrefs.com/robot/)" "ysfine.com"
51.222.253.4 - - [09/Dec/2022:06:56:49 -0800] "GET /world/russ/czar10b.jpg HTTP/1.1" 200 39178 "-" "Mozilla/5.0 (compatible; AhrefsBot/7.0; +http://ahrefs.com/robot/)" "ysfine.com"
51.222.253.11 - - [09/Dec/2022:06:56:55 -0800] "GET /world/russ/crimwar01b.jpg HTTP/1.1" 200 27703 "-" "Mozilla/5.0 (compatible; AhrefsBot/7.0; +http://ahrefs.com/robot/)" "ysfine.com"
51.222.253.9 - - [09/Dec/2022:06:57:00 -0800] "GET /world/russ/czar02b.jpg HTTP/1.1" 200 27636 "-" "Mozilla/5.0 (compatible; AhrefsBot/7.0; +http://ahrefs.com/robot/)" "ysfine.com"
51.222.253.16 - - [09/Dec/2022:06:57:06 -0800] "GET /world/russ/spbf01b.jpg HTTP/1.1" 200 45937 "-" "Mozilla/5.0 (compatible; AhrefsBot/7.0; +http://ahrefs.com/robot/)" "ysfine.com"
51.222.253.2 - - [09/Dec/2022:06:57:11 -0800] "GET /world/russ/spbb11b.jpg HTTP/1.1" 200 41243 "-" "Mozilla/5.0 (compatible; AhrefsBot/7.0; +http://ahrefs.com/robot/)" "ysfine.com"
51.222.253.12 - - [09/Dec/2022:06:57:17 -0800] "GET /world/russ/spbn22b.jpg HTTP/1.1" 200 28620 "-" "Mozilla/5.0 (compatible; AhrefsBot/7.0; +http://ahrefs.com/robot/)" "ysfine.com"
51.222.253.14 - - [09/Dec/2022:06:57:23 -0800] "GET /world/russ/mosko11b.jpg HTTP/1.1" 200 58877 "-" "Mozilla/5.0 (compatible; AhrefsBot/7.0; +http://ahrefs.com/robot/)" "ysfine.com"
51.222.253.16 - - [09/Dec/2022:06:57:29 -0800] "GET /world/russ/spbb15b.jpg HTTP/1.1" 200 39266 "-" "Mozilla/5.0 (compatible; AhrefsBot/7.0; +http://ahrefs.com/robot/)" "ysfine.com"
51.222.253.5 - - [09/Dec/2022:06:57:35 -0800] "GET /world/russ/czar15b.jpg HTTP/1.1" 200 49426 "-" "Mozilla/5.0 (compatible; AhrefsBot/7.0; +http://ahrefs.com/robot/)" "ysfine.com"
51.222.253.19 - - [09/Dec/2022:06:57:41 -0800] "GET /world/russ/vic23b.jpg HTTP/1.1" 200 36030 "-" "Mozilla/5.0 (compatible; AhrefsBot/7.0; +http://ahrefs.com/robot/)" "ysfine.com"
51.222.253.17 - - [09/Dec/2022:06:57:47 -0800] "GET /world/russ/liadong01b.jpg HTTP/1.1" 200 33779 "-" "Mozilla/5.0 (compatible; AhrefsBot/7.0; +http://ahrefs.com/robot/)" "ysfine.com"
51.222.253.4 - - [09/Dec/2022:06:57:53 -0800] "GET /world/russ/potemkin11b.jpg HTTP/1.1" 200 45006 "-" "Mozilla/5.0 (compatible; AhrefsBot/7.0; +http://ahrefs.com/robot/)" "ysfine.com"
51.222.253.12 - - [09/Dec/2022:06:57:59 -0800] "GET /world/russ/spb28b.jpg HTTP/1.1" 200 34702 "-" "Mozilla/5.0 (compatible; AhrefsBot/7.0; +http://ahrefs.com/robot/)" "ysfine.com"
51.222.253.19 - - [09/Dec/2022:06:58:04 -0800] "GET /world/russ/spbf34b.jpg HTTP/1.1" 200 26357 "-" "Mozilla/5.0 (compatible; AhrefsBot/7.0; +http://ahrefs.com/robot/)" "ysfine.com"
157.55.39.6 - - [09/Dec/2022:06:58:09 -0800] "GET /bio/kobak/namdae.html HTTP/1.1" 404 88 "-" "Mozilla/5.0 AppleWebKit/537.36 (KHTML, like Gecko; compatible; bingbot/2.0; +http://www.bing.com/bingbot.htm) Chrome/103.0.5060.134 Safari/537.36" "ysfine.com"
51.222.253.4 - - [09/Dec/2022:06:58:10 -0800] "GET /world/russ/gatf03b.jpg HTTP/1.1" 200 38588 "-" "Mozilla/5.0 (compatible; AhrefsBot/7.0; +http://ahrefs.com/robot/)" "ysfine.com"
185.191.171.20 - - [09/Dec/2022:06:58:14 -0800] "GET /world/berlin.html HTTP/1.1" 200 16173 "-" "Mozilla/5.0 (compatible; SemrushBot/7~bl; +http://www.semrush.com/bot.html)" "www.ysfine.com"
51.222.253.13 - - [09/Dec/2022:06:58:16 -0800] "GET /world/russ/spbf28b.jpg HTTP/1.1" 200 38252 "-" "Mozilla/5.0 (compatible; AhrefsBot/7.0; +http://ahrefs.com/robot/)" "ysfine.com"
51.222.253.2 - - [09/Dec/2022:06:58:21 -0800] "GET /world/russ/spbb18b.jpg HTTP/1.1" 200 44126 "-" "Mozilla/5.0 (compatible; AhrefsBot/7.0; +http://ahrefs.com/robot/)" "ysfine.com"
51.222.253.10 - - [09/Dec/2022:06:58:22 -0800] "GET /world/russ/spbpi07b.jpg HTTP/1.1" 200 44525 "-" "Mozilla/5.0 (compatible; AhrefsBot/7.0; +http://ahrefs.com/robot/)" "ysfine.com"
51.222.253.3 - - [09/Dec/2022:06:58:28 -0800] "GET /world/russ/togo11b.jpg HTTP/1.1" 200 47383 "-" "Mozilla/5.0 (compatible; AhrefsBot/7.0; +http://ahrefs.com/robot/)" "ysfine.com"
40.90.217.7 - - [09/Dec/2022:06:58:32 -0800] "GET /style/bachkova11.jpg HTTP/1.1" 200 66613 "-" "Mozilla/5.0 (Windows NT 10.0; WOW64) AppleWebKit/537.36 (KHTML, like Gecko) Chrome/108.0.0.0 Safari/537.36" "ysfine.com"
51.222.253.8 - - [09/Dec/2022:06:58:33 -0800] "GET /world/russ/spb20b.jpg HTTP/1.1" 200 41993 "-" "Mozilla/5.0 (compatible; AhrefsBot/7.0; +http://ahrefs.com/robot/)" "ysfine.com"
51.222.253.2 - - [09/Dec/2022:06:58:38 -0800] "GET /world/russ/spbnv07b.jpg HTTP/1.1" 200 48053 "-" "Mozilla/5.0 (compatible; AhrefsBot/7.0; +http://ahrefs.com/robot/)" "ysfine.com"
51.222.253.8 - - [09/Dec/2022:06:58:45 -0800] "GET /world/russ/kremtheater22b.jpg HTTP/1.1" 200 43929 "-" "Mozilla/5.0 (compatible; AhrefsBot/7.0; +http://ahrefs.com/robot/)" "ysfine.com"
79.156.229.234 - - [09/Dec/2022:06:58:49 -0800] "GET /maga/phil/hegkim01.jpg HTTP/1.1" 200 329887 "https://www.google.com/" "Mozilla/5.0 (Windows NT 10.0; Win64; x64) AppleWebKit/537.36 (KHTML, like Gecko) Chrome/107.0.0.0 Safari/537.36" "ysfine.com"
51.222.253.14 - - [09/Dec/2022:06:58:50 -0800] "GET /world/russ/spb23b.jpg HTTP/1.1" 200 49590 "-" "Mozilla/5.0 (compatible; AhrefsBot/7.0; +http://ahrefs.com/robot/)" "ysfine.com"
51.222.253.16 - - [09/Dec/2022:06:58:52 -0800] "GET /einstein/further.html HTTP/1.1" 200 4338 "-" "Mozilla/5.0 (compatible; AhrefsBot/7.0; +http://ahrefs.com/robot/)" "www.ysfine.com"
51.222.253.5 - - [09/Dec/2022:06:58:56 -0800] "GET /world/baltic/kalin05b.jpg HTTP/1.1" 200 48785 "-" "Mozilla/5.0 (compatible; AhrefsBot/7.0; +http://ahrefs.com/robot/)" "ysfine.com"
51.222.253.6 - - [09/Dec/2022:06:58:59 -0800] "GET /world/russ/orlov11b.jpg HTTP/1.1" 200 37260 "-" "Mozilla/5.0 (compatible; AhrefsBot/7.0; +http://ahrefs.com/robot/)" "ysfine.com"
51.222.253.14 - - [09/Dec/2022:06:59:05 -0800] "GET /world/russ/czar01b.jpg HTTP/1.1" 200 41980 "-" "Mozilla/5.0 (compatible; AhrefsBot/7.0; +http://ahrefs.com/robot/)" "ysfine.com"
51.222.253.18 - - [09/Dec/2022:06:59:11 -0800] "GET /world/russ/spb08b.jpg HTTP/1.1" 200 32881 "-" "Mozilla/5.0 (compatible; AhrefsBot/7.0; +http://ahrefs.com/robot/)" "ysfine.com"
216.244.66.229 - - [09/Dec/2022:06:59:14 -0800] "GET /robots.txt HTTP/1.1" 404 73 "-" "Mozilla/5.0 (compatible; DotBot/1.2; +https://opensiteexplorer.org/dotbot; help@moz.com)" "www.ysfine.com"
51.222.253.10 - - [09/Dec/2022:06:59:16 -0800] "GET /world/russ/spbf15b.jpg HTTP/1.1" 200 59687 "-" "Mozilla/5.0 (compatible; AhrefsBot/7.0; +http://ahrefs.com/robot/)" "ysfine.com"
207.46.13.134 - - [09/Dec/2022:06:59:21 -0800] "GET /bio/heisen/heisen54.html HTTP/1.1" 404 88 "-" "Mozilla/5.0 (compatible; bingbot/2.0; +http://www.bing.com/bingbot.htm)" "ysfine.com"
207.46.13.134 - - [09/Dec/2022:06:59:22 -0800] "GET /bio/easy.html HTTP/1.1" 404 88 "-" "Mozilla/5.0 AppleWebKit/537.36 (KHTML, like Gecko; compatible; bingbot/2.0; +http://www.bing.com/bingbot.htm) Chrome/103.0.5060.134 Safari/537.36" "ysfine.com"
207.46.13.134 - - [09/Dec/2022:06:59:22 -0800] "GET /bio/kobak/shortw.html HTTP/1.1" 404 88 "-" "Mozilla/5.0 AppleWebKit/537.36 (KHTML, like Gecko; compatible; bingbot/2.0; +http://www.bing.com/bingbot.htm) Chrome/103.0.5060.134 Safari/537.36" "ysfine.com"
207.46.13.134 - - [09/Dec/2022:06:59:22 -0800] "GET /world/wd22.html HTTP/1.1" 200 120 "-" "Mozilla/5.0 AppleWebKit/537.36 (KHTML, like Gecko; compatible; bingbot/2.0; +http://www.bing.com/bingbot.htm) Chrome/103.0.5060.134 Safari/537.36" "ysfine.com"
207.46.13.134 - - [09/Dec/2022:06:59:22 -0800] "GET /ffriends/aline/chinaeast01.jpg HTTP/1.1" 200 104079 "-" "Mozilla/5.0 AppleWebKit/537.36 (KHTML, like Gecko; compatible; bingbot/2.0; +http://www.bing.com/bingbot.htm) Chrome/103.0.5060.134 Safari/537.36" "ysfine.com"
51.222.253.2 - - [09/Dec/2022:06:59:22 -0800] "GET /world/russ/spbf29b.jpg HTTP/1.1" 200 46978 "-" "Mozilla/5.0 (compatible; AhrefsBot/7.0; +http://ahrefs.com/robot/)" "ysfine.com"
207.46.13.134 - - [09/Dec/2022:06:59:23 -0800] "GET /world/season.html HTTP/1.1" 200 23901 "-" "Mozilla/5.0 (compatible; bingbot/2.0; +http://www.bing.com/bingbot.htm)" "ysfine.com"
31.170.22.25 - - [09/Dec/2022:06:59:24 -0800] "GET /favicon.ico HTTP/1.1" 404 88 "-" "Mozilla/5.0 (iPhone; CPU iPhone OS 16_1 like Mac OS X) AppleWebKit/605.1.15 (KHTML, like Gecko) Version/16.1 Mobile/15E148 Safari/604.1" "ysfine.com"
207.46.13.134 - - [09/Dec/2022:06:59:32 -0800] "GET /maga/marxphil.html HTTP/1.1" 404 88 "-" "Mozilla/5.0 AppleWebKit/537.36 (KHTML, like Gecko; compatible; bingbot/2.0; +http://www.bing.com/bingbot.htm) Chrome/103.0.5060.134 Safari/537.36" "ysfine.com"
207.46.13.134 - - [09/Dec/2022:06:59:32 -0800] "GET /kobak/sobeach.html HTTP/1.1" 200 1149 "-" "Mozilla/5.0 AppleWebKit/537.36 (KHTML, like Gecko; compatible; bingbot/2.0; +http://www.bing.com/bingbot.htm) Chrome/103.0.5060.134 Safari/537.36" "ysfine.com"
207.46.13.134 - - [09/Dec/2022:06:59:33 -0800] "GET /confer/newsgr.html HTTP/1.1" 200 944 "-" "Mozilla/5.0 AppleWebKit/537.36 (KHTML, like Gecko; compatible; bingbot/2.0; +http://www.bing.com/bingbot.htm) Chrome/103.0.5060.134 Safari/537.36" "ysfine.com"
207.46.13.48 - - [09/Dec/2022:06:59:45 -0800] "GET /bio/world/kalinin22.html HTTP/1.1" 404 88 "-" "Mozilla/5.0 AppleWebKit/537.36 (KHTML, like Gecko; compatible; bingbot/2.0; +http://www.bing.com/bingbot.htm) Chrome/103.0.5060.134 Safari/537.36" "ysfine.com"
207.46.13.48 - - [09/Dec/2022:06:59:45 -0800] "GET /world/wdbot.html HTTP/1.1" 200 131 "-" "Mozilla/5.0 (compatible; bingbot/2.0; +http://www.bing.com/bingbot.htm)" "ysfine.com"
207.46.13.48 - - [09/Dec/2022:06:59:45 -0800] "GET /world/wdbot.html HTTP/1.1" 200 131 "-" "Mozilla/5.0 (compatible; bingbot/2.0; +http://www.bing.com/bingbot.htm)" "ysfine.com"
157.55.39.6 - - [09/Dec/2022:06:59:46 -0800] "GET /world/wdtop.html HTTP/1.1" 200 388 "-" "Mozilla/5.0 AppleWebKit/537.36 (KHTML, like Gecko; compatible; bingbot/2.0; +http://www.bing.com/bingbot.htm) Chrome/103.0.5060.134 Safari/537.36" "ysfine.com"
157.55.39.6 - - [09/Dec/2022:06:59:57 -0800] "GET /world/wdtop.html HTTP/1.1" 200 388 "-" "Mozilla/5.0 AppleWebKit/537.36 (KHTML, like Gecko; compatible; bingbot/2.0; +http://www.bing.com/bingbot.htm) Chrome/103.0.5060.134 Safari/537.36" "ysfine.com"
185.191.171.17 - - [09/Dec/2022:07:01:32 -0800] "GET /style/britmu.html HTTP/1.1" 200 5093 "-" "Mozilla/5.0 (compatible; SemrushBot/7~bl; +http://www.semrush.com/bot.html)" "ysfine.com"
20.115.201.68 - - [09/Dec/2022:07:01:36 -0800] "GET /world/hungary/buda216.jpg HTTP/1.1" 200 139439 "-" "Mozilla/5.0 (Windows NT 10.0; WOW64) AppleWebKit/537.36 (KHTML, like Gecko) Chrome/108.0.0.0 Safari/537.36" "www.ysfine.com"
40.90.217.235 - - [09/Dec/2022:07:01:57 -0800] "GET /wigner/wigwein2.jpg HTTP/1.1" 200 42269 "-" "Mozilla/5.0 (Windows NT 10.0; WOW64) AppleWebKit/537.36 (KHTML, like Gecko) Chrome/108.0.0.0 Safari/537.36" "www.ysfine.com"
114.119.151.170 - - [09/Dec/2022:07:02:24 -0800] "GET /class54/class5470/total_data/photo_img/7-14.jpg HTTP/1.1" 200 401115 "https://www.ysfine.com/class54/class5470/total_data/sub_714.htm" "Mozilla/5.0 (Linux; Android 7.0;) AppleWebKit/537.36 (KHTML, like Gecko) Mobile Safari/537.36 (compatible; PetalBot;+https://webmaster.petalsearch.com/site/petalbot)" "www.ysfine.com"
207.46.13.134 - - [09/Dec/2022:07:02:44 -0800] "GET /bio04.html HTTP/1.1" 200 8982 "-" "Mozilla/5.0 AppleWebKit/537.36 (KHTML, like Gecko; compatible; bingbot/2.0; +http://www.bing.com/bingbot.htm) Chrome/103.0.5060.134 Safari/537.36" "ysfine.com"
40.90.217.144 - - [09/Dec/2022:07:03:07 -0800] "GET /kobak/kimkoo01.jpg HTTP/1.1" 200 92628 "-" "Mozilla/5.0 (X11; Ubuntu; Linux x86_64; rv:102.0) Gecko/20100101 Firefox/102.0" "www.ysfine.com"
51.222.253.12 - - [09/Dec/2022:07:03:13 -0800] "GET /home/dwf33.html HTTP/1.1" 200 7188 "-" "Mozilla/5.0 (compatible; AhrefsBot/7.0; +http://ahrefs.com/robot/)" "ysfine.com"
40.90.217.131 - - [09/Dec/2022:07:03:41 -0800] "GET /wdc/waskor022.jpg HTTP/1.1" 200 89150 "-" "Mozilla/5.0 (Macintosh; Intel Mac OS X 13.0; rv:102.0) Gecko/20100101 Firefox/102.0" "www.ysfine.com"
114.119.149.157 - - [09/Dec/2022:07:04:14 -0800] "GET /awards/marq22.pdf HTTP/1.1" 200 162508 "https://www.ysfine.com/awards/index.html" "Mozilla/5.0 (Linux; Android 7.0;) AppleWebKit/537.36 (KHTML, like Gecko) Mobile Safari/537.36 (compatible; PetalBot;+https://webmaster.petalsearch.com/site/petalbot)" "www.ysfine.com"
40.90.217.131 - - [09/Dec/2022:07:04:52 -0800] "GET /world/poland/polstu08b.jpg HTTP/1.1" 200 40255 "-" "Mozilla/5.0 (X11; Ubuntu; Linux x86_64; rv:107.0) Gecko/20100101 Firefox/107.0" "www.ysfine.com"
40.90.217.22 - - [09/Dec/2022:07:04:55 -0800] "GET /world/russ/spbf64.jpg HTTP/1.1" 200 95598 "-" "Mozilla/5.0 (Macintosh; Intel Mac OS X 13.0; rv:107.0) Gecko/20100101 Firefox/107.0" "ysfine.com"
39.154.230.154 - - [09/Dec/2022:07:05:01 -0800] "GET /einstein/heisen33b.jpg HTTP/1.1" 200 78035 "https://www.icourse163.org/" "Mozilla/5.0 (iPhone; CPU iPhone OS 16_1_1 like Mac OS X) AppleWebKit/605.1.15 (KHTML, like Gecko) Mobile/15E148 EDUMOOC/4.24.8/4.25.1 youdaoCourse/4.24.8 (jsbridge/1.0; YoudaoCourse/4.24.8) NetEaseEdu (iphone:study:4.24.8;channel=appstore;imei=9527CC76-6CB9-4B37-B13A-9BD8E37F49BD)" "ysfine.com"
71.183.74.74 - - [09/Dec/2022:07:05:54 -0800] "GET /feynman/jf2.jpg HTTP/1.1" 200 10558 "https://www.google.com/" "Mozilla/5.0 (iPhone; CPU iPhone OS 15_6_1 like Mac OS X) AppleWebKit/605.1.15 (KHTML, like Gecko) Version/15.6.1 Mobile/15E148 Safari/604.1" "ysfine.com"
71.183.74.74 - - [09/Dec/2022:07:05:55 -0800] "GET /feynman/fphoto.html HTTP/1.1" 200 3714 "https://www.google.com/" "Mozilla/5.0 (iPhone; CPU iPhone OS 15_6_1 like Mac OS X) AppleWebKit/605.1.15 (KHTML, like Gecko) Version/15.6.1 Mobile/15E148 Safari/604.1" "ysfine.com"
71.183.74.74 - - [09/Dec/2022:07:05:55 -0800] "GET /feynman/feynma2.jpg HTTP/1.1" 200 41543 "https://ysfine.com/" "Mozilla/5.0 (iPhone; CPU iPhone OS 15_6_1 like Mac OS X) AppleWebKit/605.1.15 (KHTML, like Gecko) Version/15.6.1 Mobile/15E148 Safari/604.1" "ysfine.com"
71.183.74.74 - - [09/Dec/2022:07:05:55 -0800] "GET /feynman/feyn86b.jpg HTTP/1.1" 200 26190 "https://ysfine.com/" "Mozilla/5.0 (iPhone; CPU iPhone OS 15_6_1 like Mac OS X) AppleWebKit/605.1.15 (KHTML, like Gecko) Version/15.6.1 Mobile/15E148 Safari/604.1" "ysfine.com"
71.183.74.74 - - [09/Dec/2022:07:05:55 -0800] "GET /feynman/chapline2.jpg HTTP/1.1" 200 36026 "https://ysfine.com/" "Mozilla/5.0 (iPhone; CPU iPhone OS 15_6_1 like Mac OS X) AppleWebKit/605.1.15 (KHTML, like Gecko) Version/15.6.1 Mobile/15E148 Safari/604.1" "ysfine.com"
71.183.74.74 - - [09/Dec/2022:07:05:55 -0800] "GET /feynman/feyprince2.jpg HTTP/1.1" 200 49143 "https://ysfine.com/" "Mozilla/5.0 (iPhone; CPU iPhone OS 15_6_1 like Mac OS X) AppleWebKit/605.1.15 (KHTML, like Gecko) Version/15.6.1 Mobile/15E148 Safari/604.1" "ysfine.com"
71.183.74.74 - - [09/Dec/2022:07:05:55 -0800] "GET /world/latina/rio025b.jpg HTTP/1.1" 200 39082 "https://ysfine.com/" "Mozilla/5.0 (iPhone; CPU iPhone OS 15_6_1 like Mac OS X) AppleWebKit/605.1.15 (KHTML, like Gecko) Version/15.6.1 Mobile/15E148 Safari/604.1" "ysfine.com"
71.183.74.74 - - [09/Dec/2022:07:05:55 -0800] "GET /feynman/feybongo55b.jpg HTTP/1.1" 200 41455 "https://ysfine.com/" "Mozilla/5.0 (iPhone; CPU iPhone OS 15_6_1 like Mac OS X) AppleWebKit/605.1.15 (KHTML, like Gecko) Version/15.6.1 Mobile/15E148 Safari/604.1" "ysfine.com"
71.183.74.74 - - [09/Dec/2022:07:05:55 -0800] "GET /favicon.ico HTTP/1.1" 404 88 "https://ysfine.com/" "Mozilla/5.0 (iPhone; CPU iPhone OS 15_6_1 like Mac OS X) AppleWebKit/605.1.15 (KHTML, like Gecko) Version/15.6.1 Mobile/15E148 Safari/604.1" "ysfine.com"
64.124.8.41 - - [09/Dec/2022:07:06:17 -0800] "GET /robots.txt HTTP/1.1" 404 88 "-" "Mozilla/5.0 (X11; Linux x86_64) AppleWebKit/537.36 (KHTML, like Gecko) Chrome/61.0.3163.79 Safari/537.36" "www.ysfine.com"
64.124.8.41 - - [09/Dec/2022:07:06:17 -0800] "GET /ysbio/class54/class5470/total_data/sub_201.htm HTTP/1.1" 404 88 "-" "Mozilla/5.0 (X11; Linux x86_64) AppleWebKit/537.36 (KHTML, like Gecko) Chrome/61.0.3163.79 Safari/537.36" "www.ysfine.com"
27.7.77.254 - - [09/Dec/2022:07:06:50 -0800] "GET /einstein/heisenberg.html HTTP/1.1" 200 10552 "https://www.google.com/" "Mozilla/5.0 (iPad; CPU OS 12_5_5 like Mac OS X) AppleWebKit/605.1.15 (KHTML, like Gecko) Version/12.1.2 Mobile/15E148 Safari/604.1" "ysfine.com"
27.7.77.254 - - [09/Dec/2022:07:06:51 -0800] "GET /heisen/bohrheisen11c.jpg HTTP/1.1" 200 41289 "https://ysfine.com/einstein/heisenberg.html" "Mozilla/5.0 (iPad; CPU OS 12_5_5 like Mac OS X) AppleWebKit/605.1.15 (KHTML, like Gecko) Version/12.1.2 Mobile/15E148 Safari/604.1" "ysfine.com"
27.7.77.254 - - [09/Dec/2022:07:06:51 -0800] "GET /wigner/wigheis11c.jpg HTTP/1.1" 200 41279 "https://ysfine.com/einstein/heisenberg.html" "Mozilla/5.0 (iPad; CPU OS 12_5_5 like Mac OS X) AppleWebKit/605.1.15 (KHTML, like Gecko) Version/12.1.2 Mobile/15E148 Safari/604.1" "ysfine.com"
27.7.77.254 - - [09/Dec/2022:07:06:51 -0800] "GET /heisen/heisen66c.jpg HTTP/1.1" 200 43543 "https://ysfine.com/einstein/heisenberg.html" "Mozilla/5.0 (iPad; CPU OS 12_5_5 like Mac OS X) AppleWebKit/605.1.15 (KHTML, like Gecko) Version/12.1.2 Mobile/15E148 Safari/604.1" "ysfine.com"
27.7.77.254 - - [09/Dec/2022:07:06:51 -0800] "GET /heisen/schroheisen33c.jpg HTTP/1.1" 200 47347 "https://ysfine.com/einstein/heisenberg.html" "Mozilla/5.0 (iPad; CPU OS 12_5_5 like Mac OS X) AppleWebKit/605.1.15 (KHTML, like Gecko) Version/12.1.2 Mobile/15E148 Safari/604.1" "ysfine.com"
27.7.77.254 - - [09/Dec/2022:07:06:51 -0800] "GET /dirac/o32c.jpg HTTP/1.1" 200 30707 "https://ysfine.com/einstein/heisenberg.html" "Mozilla/5.0 (iPad; CPU OS 12_5_5 like Mac OS X) AppleWebKit/605.1.15 (KHTML, like Gecko) Version/12.1.2 Mobile/15E148 Safari/604.1" "ysfine.com"
27.7.77.254 - - [09/Dec/2022:07:06:51 -0800] "GET /einstein/tsepa11c.jpg HTTP/1.1" 200 28691 "https://ysfine.com/einstein/heisenberg.html" "Mozilla/5.0 (iPad; CPU OS 12_5_5 like Mac OS X) AppleWebKit/605.1.15 (KHTML, like Gecko) Version/12.1.2 Mobile/15E148 Safari/604.1" "ysfine.com"
27.7.77.254 - - [09/Dec/2022:07:06:51 -0800] "GET /einstein/fantova/fanto11c.jpg HTTP/1.1" 200 48308 "https://ysfine.com/einstein/heisenberg.html" "Mozilla/5.0 (iPad; CPU OS 12_5_5 like Mac OS X) AppleWebKit/605.1.15 (KHTML, like Gecko) Version/12.1.2 Mobile/15E148 Safari/604.1" "ysfine.com"
27.7.77.254 - - [09/Dec/2022:07:06:51 -0800] "GET /eink/pwk19c.jpg HTTP/1.1" 200 57759 "https://ysfine.com/einstein/heisenberg.html" "Mozilla/5.0 (iPad; CPU OS 12_5_5 like Mac OS X) AppleWebKit/605.1.15 (KHTML, like Gecko) Version/12.1.2 Mobile/15E148 Safari/604.1" "ysfine.com"
27.7.77.254 - - [09/Dec/2022:07:06:51 -0800] "GET /wigner/wigkim11c.jpg HTTP/1.1" 200 30443 "https://ysfine.com/einstein/heisenberg.html" "Mozilla/5.0 (iPad; CPU OS 12_5_5 like Mac OS X) AppleWebKit/605.1.15 (KHTML, like Gecko) Version/12.1.2 Mobile/15E148 Safari/604.1" "ysfine.com"
27.7.77.254 - - [09/Dec/2022:07:06:51 -0800] "GET /einstein/texfiles/einheis02.jpg HTTP/1.1" 200 27605 "https://ysfine.com/einstein/heisenberg.html" "Mozilla/5.0 (iPad; CPU OS 12_5_5 like Mac OS X) AppleWebKit/605.1.15 (KHTML, like Gecko) Version/12.1.2 Mobile/15E148 Safari/604.1" "ysfine.com"
27.7.77.254 - - [09/Dec/2022:07:06:51 -0800] "GET /einstein/texfiles/einheis03.jpg HTTP/1.1" 200 46000 "https://ysfine.com/einstein/heisenberg.html" "Mozilla/5.0 (iPad; CPU OS 12_5_5 like Mac OS X) AppleWebKit/605.1.15 (KHTML, like Gecko) Version/12.1.2 Mobile/15E148 Safari/604.1" "ysfine.com"
27.7.77.254 - - [09/Dec/2022:07:06:51 -0800] "GET /einstein/texfiles/einheis01.jpg HTTP/1.1" 200 32456 "https://ysfine.com/einstein/heisenberg.html" "Mozilla/5.0 (iPad; CPU OS 12_5_5 like Mac OS X) AppleWebKit/605.1.15 (KHTML, like Gecko) Version/12.1.2 Mobile/15E148 Safari/604.1" "ysfine.com"
27.7.77.254 - - [09/Dec/2022:07:06:51 -0800] "GET /feynman/ppic/parton88a.jpg HTTP/1.1" 200 55506 "https://ysfine.com/einstein/heisenberg.html" "Mozilla/5.0 (iPad; CPU OS 12_5_5 like Mac OS X) AppleWebKit/605.1.15 (KHTML, like Gecko) Version/12.1.2 Mobile/15E148 Safari/604.1" "ysfine.com"
27.7.77.254 - - [09/Dec/2022:07:06:51 -0800] "GET /einstein/math/sp2c.jpg HTTP/1.1" 200 29719 "https://ysfine.com/einstein/heisenberg.html" "Mozilla/5.0 (iPad; CPU OS 12_5_5 like Mac OS X) AppleWebKit/605.1.15 (KHTML, like Gecko) Version/12.1.2 Mobile/15E148 Safari/604.1" "ysfine.com"
27.7.77.254 - - [09/Dec/2022:07:06:51 -0800] "GET /home/figs/sq55c.jpg HTTP/1.1" 200 29581 "https://ysfine.com/einstein/heisenberg.html" "Mozilla/5.0 (iPad; CPU OS 12_5_5 like Mac OS X) AppleWebKit/605.1.15 (KHTML, like Gecko) Version/12.1.2 Mobile/15E148 Safari/604.1" "ysfine.com"
27.7.77.254 - - [09/Dec/2022:07:06:51 -0800] "GET /einstein/einbohr33c.jpg HTTP/1.1" 200 36410 "https://ysfine.com/einstein/heisenberg.html" "Mozilla/5.0 (iPad; CPU OS 12_5_5 like Mac OS X) AppleWebKit/605.1.15 (KHTML, like Gecko) Version/12.1.2 Mobile/15E148 Safari/604.1" "ysfine.com"
27.7.77.254 - - [09/Dec/2022:07:06:51 -0800] "GET /dirac/o32inho22c.jpg HTTP/1.1" 200 33038 "https://ysfine.com/einstein/heisenberg.html" "Mozilla/5.0 (iPad; CPU OS 12_5_5 like Mac OS X) AppleWebKit/605.1.15 (KHTML, like Gecko) Version/12.1.2 Mobile/15E148 Safari/604.1" "ysfine.com"
27.7.77.254 - - [09/Dec/2022:07:06:51 -0800] "GET /einstein/texfiles/einheis05.jpg HTTP/1.1" 200 31679 "https://ysfine.com/einstein/heisenberg.html" "Mozilla/5.0 (iPad; CPU OS 12_5_5 like Mac OS X) AppleWebKit/605.1.15 (KHTML, like Gecko) Version/12.1.2 Mobile/15E148 Safari/604.1" "ysfine.com"
27.7.77.254 - - [09/Dec/2022:07:06:51 -0800] "GET /dirac/dirheisen31c.jpg HTTP/1.1" 200 43569 "https://ysfine.com/einstein/heisenberg.html" "Mozilla/5.0 (iPad; CPU OS 12_5_5 like Mac OS X) AppleWebKit/605.1.15 (KHTML, like Gecko) Version/12.1.2 Mobile/15E148 Safari/604.1" "ysfine.com"
27.7.77.254 - - [09/Dec/2022:07:06:51 -0800] "GET /einstein/einhouse11c.jpg HTTP/1.1" 200 32610 "https://ysfine.com/einstein/heisenberg.html" "Mozilla/5.0 (iPad; CPU OS 12_5_5 like Mac OS X) AppleWebKit/605.1.15 (KHTML, like Gecko) Version/12.1.2 Mobile/15E148 Safari/604.1" "ysfine.com"
27.7.77.254 - - [09/Dec/2022:07:06:51 -0800] "GET /wigner/wighome11c.jpg HTTP/1.1" 200 45648 "https://ysfine.com/einstein/heisenberg.html" "Mozilla/5.0 (iPad; CPU OS 12_5_5 like Mac OS X) AppleWebKit/605.1.15 (KHTML, like Gecko) Version/12.1.2 Mobile/15E148 Safari/604.1" "ysfine.com"
27.7.77.254 - - [09/Dec/2022:07:06:51 -0800] "GET /dirac/2osc22c.jpg HTTP/1.1" 200 28929 "https://ysfine.com/einstein/heisenberg.html" "Mozilla/5.0 (iPad; CPU OS 12_5_5 like Mac OS X) AppleWebKit/605.1.15 (KHTML, like Gecko) Version/12.1.2 Mobile/15E148 Safari/604.1" "ysfine.com"
27.7.77.254 - - [09/Dec/2022:07:06:51 -0800] "GET /heisen/heisen22c.jpg HTTP/1.1" 200 33300 "https://ysfine.com/einstein/heisenberg.html" "Mozilla/5.0 (iPad; CPU OS 12_5_5 like Mac OS X) AppleWebKit/605.1.15 (KHTML, like Gecko) Version/12.1.2 Mobile/15E148 Safari/604.1" "ysfine.com"
27.7.77.254 - - [09/Dec/2022:07:06:51 -0800] "GET /maga/phys/yukadirac53c.jpg HTTP/1.1" 200 40447 "https://ysfine.com/einstein/heisenberg.html" "Mozilla/5.0 (iPad; CPU OS 12_5_5 like Mac OS X) AppleWebKit/605.1.15 (KHTML, like Gecko) Version/12.1.2 Mobile/15E148 Safari/604.1" "ysfine.com"
27.7.77.254 - - [09/Dec/2022:07:07:14 -0800] "GET /favicon.ico HTTP/1.1" 404 88 "https://ysfine.com/einstein/heisenberg.html" "Mozilla/5.0 (iPad; CPU OS 12_5_5 like Mac OS X) AppleWebKit/605.1.15 (KHTML, like Gecko) Version/12.1.2 Mobile/15E148 Safari/604.1" "ysfine.com"
157.55.39.76 - - [09/Dec/2022:07:07:20 -0800] "GET /bio/sbk/1950.html HTTP/1.1" 404 88 "-" "Mozilla/5.0 AppleWebKit/537.36 (KHTML, like Gecko; compatible; bingbot/2.0; +http://www.bing.com/bingbot.htm) Chrome/103.0.5060.134 Safari/537.36" "ysfine.com"
187.34.12.229 - - [09/Dec/2022:07:07:20 -0800] "GET /princeton/wightman02.jpg HTTP/1.1" 200 101151 "https://www.google.com/" "Mozilla/5.0 (X11; Linux x86_64; rv:91.0) Gecko/20100101 Firefox/91.0" "ysfine.com"
51.222.253.5 - - [09/Dec/2022:07:07:23 -0800] "GET /usca/pgh22.html HTTP/1.1" 200 11391 "-" "Mozilla/5.0 (compatible; AhrefsBot/7.0; +http://ahrefs.com/robot/)" "www.ysfine.com"
40.77.167.39 - - [09/Dec/2022:07:07:24 -0800] "GET /bio/feynman/fagenda.html HTTP/1.1" 404 88 "-" "Mozilla/5.0 AppleWebKit/537.36 (KHTML, like Gecko; compatible; bingbot/2.0; +http://www.bing.com/bingbot.htm) Chrome/103.0.5060.134 Safari/537.36" "ysfine.com"
40.77.167.39 - - [09/Dec/2022:07:07:25 -0800] "GET /bio/einstein/further.html HTTP/1.1" 404 88 "-" "Mozilla/5.0 AppleWebKit/537.36 (KHTML, like Gecko; compatible; bingbot/2.0; +http://www.bing.com/bingbot.htm) Chrome/103.0.5060.134 Safari/537.36" "ysfine.com"
40.77.167.39 - - [09/Dec/2022:07:07:25 -0800] "GET /ysbio/folks/british.html HTTP/1.1" 404 88 "-" "Mozilla/5.0 AppleWebKit/537.36 (KHTML, like Gecko; compatible; bingbot/2.0; +http://www.bing.com/bingbot.htm) Chrome/103.0.5060.134 Safari/537.36" "ysfine.com"
40.77.167.39 - - [09/Dec/2022:07:07:25 -0800] "GET /bio/wigner/evangel.html HTTP/1.1" 404 88 "-" "Mozilla/5.0 AppleWebKit/537.36 (KHTML, like Gecko; compatible; bingbot/2.0; +http://www.bing.com/bingbot.htm) Chrome/103.0.5060.134 Safari/537.36" "ysfine.com"
40.77.167.39 - - [09/Dec/2022:07:07:25 -0800] "GET /bio/internal.html HTTP/1.1" 404 88 "-" "Mozilla/5.0 (compatible; bingbot/2.0; +http://www.bing.com/bingbot.htm)" "ysfine.com"
64.124.8.41 - - [09/Dec/2022:07:07:30 -0800] "GET /maga/keigel.html HTTP/1.1" 304 - "-" "Mozilla/5.0 (X11; Linux x86_64) AppleWebKit/537.36 (KHTML, like Gecko) Chrome/61.0.3163.79 Safari/537.36" "www.ysfine.com"
51.222.253.11 - - [09/Dec/2022:07:07:32 -0800] "GET /usca/pitt/mellon35b.jpg HTTP/1.1" 200 39498 "-" "Mozilla/5.0 (compatible; AhrefsBot/7.0; +http://ahrefs.com/robot/)" "www.ysfine.com"
40.77.167.39 - - [09/Dec/2022:07:07:34 -0800] "GET /world/baltic/kalinmap33.jpg HTTP/1.1" 200 99379 "-" "Mozilla/5.0 AppleWebKit/537.36 (KHTML, like Gecko; compatible; bingbot/2.0; +http://www.bing.com/bingbot.htm) Chrome/103.0.5060.134 Safari/537.36" "ysfine.com"
40.77.167.39 - - [09/Dec/2022:07:07:35 -0800] "GET /world/france/champbenz05b.jpg HTTP/1.1" 200 49074 "-" "Mozilla/5.0 AppleWebKit/537.36 (KHTML, like Gecko; compatible; bingbot/2.0; +http://www.bing.com/bingbot.htm) Chrome/103.0.5060.134 Safari/537.36" "ysfine.com"
40.77.167.39 - - [09/Dec/2022:07:07:35 -0800] "GET /bio/people/yodh03.jpg HTTP/1.1" 404 88 "-" "Mozilla/5.0 (compatible; bingbot/2.0; +http://www.bing.com/bingbot.htm)" "ysfine.com"
40.77.167.39 - - [09/Dec/2022:07:07:35 -0800] "GET /ffriends/airchina22.jpg HTTP/1.1" 404 88 "-" "Mozilla/5.0 AppleWebKit/537.36 (KHTML, like Gecko; compatible; bingbot/2.0; +http://www.bing.com/bingbot.htm) Chrome/103.0.5060.134 Safari/537.36" "ysfine.com"
51.222.253.3 - - [09/Dec/2022:07:07:37 -0800] "GET /usca/pitt/mellon21b.jpg HTTP/1.1" 200 41063 "-" "Mozilla/5.0 (compatible; AhrefsBot/7.0; +http://ahrefs.com/robot/)" "www.ysfine.com"
40.77.167.39 - - [09/Dec/2022:07:07:39 -0800] "GET /princeton/sambapr.html HTTP/1.1" 200 311 "-" "Mozilla/5.0 (compatible; bingbot/2.0; +http://www.bing.com/bingbot.htm)" "ysfine.com"
40.77.167.39 - - [09/Dec/2022:07:07:39 -0800] "GET /friends/japanf.html HTTP/1.1" 404 88 "-" "Mozilla/5.0 AppleWebKit/537.36 (KHTML, like Gecko; compatible; bingbot/2.0; +http://www.bing.com/bingbot.htm) Chrome/103.0.5060.134 Safari/537.36" "ysfine.com"
40.77.167.39 - - [09/Dec/2022:07:07:39 -0800] "GET /wigner/wigkim650.html HTTP/1.1" 200 411 "-" "Mozilla/5.0 AppleWebKit/537.36 (KHTML, like Gecko; compatible; bingbot/2.0; +http://www.bing.com/bingbot.htm) Chrome/103.0.5060.134 Safari/537.36" "ysfine.com"
51.222.253.1 - - [09/Dec/2022:07:07:43 -0800] "GET /usca/pitt/westim02b.jpg HTTP/1.1" 200 37091 "-" "Mozilla/5.0 (compatible; AhrefsBot/7.0; +http://ahrefs.com/robot/)" "www.ysfine.com"
51.222.253.11 - - [09/Dec/2022:07:07:49 -0800] "GET /usca/pitt/fortpitt03b.jpg HTTP/1.1" 200 34700 "-" "Mozilla/5.0 (compatible; AhrefsBot/7.0; +http://ahrefs.com/robot/)" "www.ysfine.com"
207.46.13.134 - - [09/Dec/2022:07:07:53 -0800] "GET /bio/world/trier.html HTTP/1.1" 404 88 "-" "Mozilla/5.0 (compatible; bingbot/2.0; +http://www.bing.com/bingbot.htm)" "ysfine.com"
51.222.253.14 - - [09/Dec/2022:07:07:54 -0800] "GET /usca/pitt/machinery22b.jpg HTTP/1.1" 200 23022 "-" "Mozilla/5.0 (compatible; AhrefsBot/7.0; +http://ahrefs.com/robot/)" "www.ysfine.com"
51.222.253.15 - - [09/Dec/2022:07:08:00 -0800] "GET /usca/pitt/alumin02b.jpg HTTP/1.1" 200 50569 "-" "Mozilla/5.0 (compatible; AhrefsBot/7.0; +http://ahrefs.com/robot/)" "www.ysfine.com"
207.46.13.134 - - [09/Dec/2022:07:08:01 -0800] "GET /bio/friends/vilnius02.jpg HTTP/1.1" 404 88 "-" "Mozilla/5.0 AppleWebKit/537.36 (KHTML, like Gecko; compatible; bingbot/2.0; +http://www.bing.com/bingbot.htm) Chrome/103.0.5060.134 Safari/537.36" "ysfine.com"
51.222.253.16 - - [09/Dec/2022:07:08:09 -0800] "GET /usca/pitt/fortpitt09b.jpg HTTP/1.1" 200 35987 "-" "Mozilla/5.0 (compatible; AhrefsBot/7.0; +http://ahrefs.com/robot/)" "www.ysfine.com"
51.222.253.16 - - [09/Dec/2022:07:08:10 -0800] "GET /wdc/vernon01b.jpg HTTP/1.1" 200 35297 "-" "Mozilla/5.0 (compatible; AhrefsBot/7.0; +http://ahrefs.com/robot/)" "www.ysfine.com"
157.55.39.76 - - [09/Dec/2022:07:08:10 -0800] "GET /bio/bio07.html HTTP/1.1" 404 88 "-" "Mozilla/5.0 (compatible; bingbot/2.0; +http://www.bing.com/bingbot.htm)" "ysfine.com"
51.222.253.6 - - [09/Dec/2022:07:08:15 -0800] "GET /usca/pitt/westim03b.jpg HTTP/1.1" 200 45776 "-" "Mozilla/5.0 (compatible; AhrefsBot/7.0; +http://ahrefs.com/robot/)" "www.ysfine.com"
51.222.253.17 - - [09/Dec/2022:07:08:21 -0800] "GET /wdc/nga07b.jpg HTTP/1.1" 200 31781 "-" "Mozilla/5.0 (compatible; AhrefsBot/7.0; +http://ahrefs.com/robot/)" "www.ysfine.com"
51.222.253.18 - - [09/Dec/2022:07:08:27 -0800] "GET /wdc/nga12b.jpg HTTP/1.1" 200 37109 "-" "Mozilla/5.0 (compatible; AhrefsBot/7.0; +http://ahrefs.com/robot/)" "www.ysfine.com"
51.222.253.6 - - [09/Dec/2022:07:08:33 -0800] "GET /usca/pitt/westing01b.jpg HTTP/1.1" 200 22462 "-" "Mozilla/5.0 (compatible; AhrefsBot/7.0; +http://ahrefs.com/robot/)" "www.ysfine.com"
51.222.253.15 - - [09/Dec/2022:07:08:39 -0800] "GET /usca/pitt/fortpitt08b.jpg HTTP/1.1" 200 55961 "-" "Mozilla/5.0 (compatible; AhrefsBot/7.0; +http://ahrefs.com/robot/)" "www.ysfine.com"
51.222.253.5 - - [09/Dec/2022:07:08:45 -0800] "GET /usca/pitt/westim11b.jpg HTTP/1.1" 200 39786 "-" "Mozilla/5.0 (compatible; AhrefsBot/7.0; +http://ahrefs.com/robot/)" "www.ysfine.com"
51.222.253.7 - - [09/Dec/2022:07:08:51 -0800] "GET /usca/pitt/carnegie01b.jpg HTTP/1.1" 200 29768 "-" "Mozilla/5.0 (compatible; AhrefsBot/7.0; +http://ahrefs.com/robot/)" "www.ysfine.com"
51.222.253.6 - - [09/Dec/2022:07:08:56 -0800] "GET /usca/pitt/fortpitt06b.jpg HTTP/1.1" 200 52725 "-" "Mozilla/5.0 (compatible; AhrefsBot/7.0; +http://ahrefs.com/robot/)" "www.ysfine.com"
51.222.253.3 - - [09/Dec/2022:07:09:02 -0800] "GET /usca/pitt/mellon32b.jpg HTTP/1.1" 200 34672 "-" "Mozilla/5.0 (compatible; AhrefsBot/7.0; +http://ahrefs.com/robot/)" "www.ysfine.com"
51.222.253.18 - - [09/Dec/2022:07:09:03 -0800] "GET /usca/pitt/westim09b.jpg HTTP/1.1" 200 51881 "-" "Mozilla/5.0 (compatible; AhrefsBot/7.0; +http://ahrefs.com/robot/)" "www.ysfine.com"
51.222.253.16 - - [09/Dec/2022:07:09:13 -0800] "GET /usca/pitt/mellon11b.jpg HTTP/1.1" 200 27862 "-" "Mozilla/5.0 (compatible; AhrefsBot/7.0; +http://ahrefs.com/robot/)" "www.ysfine.com"
79.156.229.234 - - [09/Dec/2022:07:09:15 -0800] "GET /world/baltic/kantname11.jpg HTTP/1.1" 200 140735 "https://www.google.com/" "Mozilla/5.0 (Windows NT 10.0; Win64; x64) AppleWebKit/537.36 (KHTML, like Gecko) Chrome/107.0.0.0 Safari/537.36" "ysfine.com"
51.222.253.6 - - [09/Dec/2022:07:09:19 -0800] "GET /wdc/jfk01b.jpg HTTP/1.1" 200 32933 "-" "Mozilla/5.0 (compatible; AhrefsBot/7.0; +http://ahrefs.com/robot/)" "www.ysfine.com"
51.222.253.15 - - [09/Dec/2022:07:09:25 -0800] "GET /world/europe/peacepal02b.jpg HTTP/1.1" 200 36456 "-" "Mozilla/5.0 (compatible; AhrefsBot/7.0; +http://ahrefs.com/robot/)" "www.ysfine.com"
51.222.253.7 - - [09/Dec/2022:07:09:31 -0800] "GET /wdc/capitol01b.jpg HTTP/1.1" 200 24723 "-" "Mozilla/5.0 (compatible; AhrefsBot/7.0; +http://ahrefs.com/robot/)" "www.ysfine.com"
51.222.253.1 - - [09/Dec/2022:07:09:34 -0800] "GET /usca/pitt/giants55d.jpg HTTP/1.1" 200 63685 "-" "Mozilla/5.0 (compatible; AhrefsBot/7.0; +http://ahrefs.com/robot/)" "www.ysfine.com"
51.222.253.15 - - [09/Dec/2022:07:09:40 -0800] "GET /usca/pitt/gw01b.jpg HTTP/1.1" 200 21992 "-" "Mozilla/5.0 (compatible; AhrefsBot/7.0; +http://ahrefs.com/robot/)" "www.ysfine.com"
207.46.13.20 - - [09/Dec/2022:07:09:42 -0800] "GET /world/poland/gdnf05.jpg HTTP/1.1" 200 70463 "-" "Mozilla/5.0 AppleWebKit/537.36 (KHTML, like Gecko; compatible; bingbot/2.0; +http://www.bing.com/bingbot.htm) Chrome/103.0.5060.134 Safari/537.36" "www.ysfine.com"
