157.55.39.76 - - [05/Dec/2022:16:13:05 -0800] "GET /bio/style/artlove.html HTTP/1.1" 404 88 "-" "Mozilla/5.0 AppleWebKit/537.36 (KHTML, like Gecko; compatible; bingbot/2.0; +http://www.bing.com/bingbot.htm) Chrome/103.0.5060.134 Safari/537.36" "ysfine.com"
157.55.39.76 - - [05/Dec/2022:16:13:05 -0800] "GET /bio/world/nice.html HTTP/1.1" 404 88 "-" "Mozilla/5.0 AppleWebKit/537.36 (KHTML, like Gecko; compatible; bingbot/2.0; +http://www.bing.com/bingbot.htm) Chrome/103.0.5060.134 Safari/537.36" "ysfine.com"
73.129.68.188 - - [05/Dec/2022:16:13:07 -0800] "GET /maga/histo/oscar22.jpg HTTP/1.1" 200 101665 "https://www.google.com/" "Mozilla/5.0 (iPad; CPU OS 11_3 like Mac OS X) AppleWebKit/605.1.15 (KHTML, like Gecko) Version/11.0 Mobile/15E148 Safari/604.1" "ysfine.com"
157.55.39.6 - - [05/Dec/2022:16:13:24 -0800] "GET /ysbio/folks/service.html HTTP/1.1" 404 88 "-" "Mozilla/5.0 (compatible; bingbot/2.0; +http://www.bing.com/bingbot.htm)" "ysfine.com"
118.184.177.126 - - [05/Dec/2022:16:14:27 -0800] "GET / HTTP/1.1" 200 5295 "-" "Sogou web spider/4.0(+http://www.sogou.com/docs/help/webmasters.htm#07)" "www.ysfine.com"
51.222.253.7 - - [05/Dec/2022:16:15:02 -0800] "GET /class54/class5470/total_data/sub_705.htm HTTP/1.1" 200 3295 "-" "Mozilla/5.0 (compatible; AhrefsBot/7.0; +http://ahrefs.com/robot/)" "www.ysfine.com"
207.46.13.134 - - [05/Dec/2022:16:15:12 -0800] "GET /bio04.html HTTP/1.1" 200 9059 "-" "Mozilla/5.0 (compatible; bingbot/2.0; +http://www.bing.com/bingbot.htm)" "ysfine.com"
93.158.161.70 - - [05/Dec/2022:16:15:16 -0800] "GET /robots.txt HTTP/1.1" 404 73 "-" "Mozilla/5.0 (compatible; YandexBot/3.0; +http://yandex.com/bots)" "www.ysfine.com"
93.158.161.49 - - [05/Dec/2022:16:15:20 -0800] "GET /world/brit/bond05.jpg HTTP/1.1" 200 106243 "-" "Mozilla/5.0 (compatible; YandexImages/3.0; +http://yandex.com/bots)" "www.ysfine.com"
51.222.253.8 - - [05/Dec/2022:16:17:33 -0800] "GET /class54/roofless.html HTTP/1.1" 200 13341 "-" "Mozilla/5.0 (compatible; AhrefsBot/7.0; +http://ahrefs.com/robot/)" "ysfine.com"
40.77.167.105 - - [05/Dec/2022:16:17:56 -0800] "GET /robots.txt HTTP/1.1" 404 88 "-" "Mozilla/5.0 (compatible; bingbot/2.0; +http://www.bing.com/bingbot.htm)" "ysfine.com"
157.55.39.76 - - [05/Dec/2022:16:18:03 -0800] "GET /bio/harmoarchi.html HTTP/1.1" 404 88 "-" "Mozilla/5.0 (compatible; bingbot/2.0; +http://www.bing.com/bingbot.htm)" "ysfine.com"
157.55.39.6 - - [05/Dec/2022:16:18:25 -0800] "GET /bio/awards/iao.html HTTP/1.1" 404 88 "-" "Mozilla/5.0 AppleWebKit/537.36 (KHTML, like Gecko; compatible; bingbot/2.0; +http://www.bing.com/bingbot.htm) Chrome/103.0.5060.134 Safari/537.36" "ysfine.com"
54.167.221.224 - - [05/Dec/2022:16:18:54 -0800] "GET /robots.txt HTTP/1.1" 404 88 "-" "Mozilla/5.0 AppleWebKit (KHTML, like Gecko) Chrome Safari" "www.ysfine.com"
54.167.221.224 - - [05/Dec/2022:16:18:54 -0800] "GET /robots.txt HTTP/1.1" 404 88 "-" "Mozilla/5.0 AppleWebKit (KHTML, like Gecko) Chrome Safari" "www.ysfine.com"
207.46.13.20 - - [05/Dec/2022:16:19:01 -0800] "GET /bio/style/proschanie.html HTTP/1.1" 404 88 "-" "Mozilla/5.0 AppleWebKit/537.36 (KHTML, like Gecko; compatible; bingbot/2.0; +http://www.bing.com/bingbot.htm) Chrome/103.0.5060.134 Safari/537.36" "ysfine.com"
93.158.161.70 - - [05/Dec/2022:16:19:31 -0800] "GET /wisdom/bible01.jpg HTTP/1.1" 200 271888 "-" "Mozilla/5.0 (compatible; YandexImages/3.0; +http://yandex.com/bots)" "ysfine.com"
51.222.253.16 - - [05/Dec/2022:16:20:09 -0800] "GET /class54/class5470/total_data/sub_882.htm HTTP/1.1" 200 3510 "-" "Mozilla/5.0 (compatible; AhrefsBot/7.0; +http://ahrefs.com/robot/)" "www.ysfine.com"
153.246.154.127 - - [05/Dec/2022:16:20:53 -0800] "GET / HTTP/1.1" 200 5295 "-" "Mozilla/5.0 (iPhone; CPU iPhone OS 15_5 like Mac OS X) AppleWebKit/605.1.15 (KHTML, like Gecko) Version/15.5 Mobile/15E148 Safari/604.1" "ysfine.com"
157.55.39.6 - - [05/Dec/2022:16:20:55 -0800] "GET /bio/style/leica.html HTTP/1.1" 404 88 "-" "Mozilla/5.0 (compatible; bingbot/2.0; +http://www.bing.com/bingbot.htm)" "ysfine.com"
157.55.39.76 - - [05/Dec/2022:16:22:44 -0800] "GET /bio/sbk/1950.html HTTP/1.1" 404 88 "-" "Mozilla/5.0 AppleWebKit/537.36 (KHTML, like Gecko; compatible; bingbot/2.0; +http://www.bing.com/bingbot.htm) Chrome/103.0.5060.134 Safari/537.36" "ysfine.com"
51.222.253.10 - - [05/Dec/2022:16:22:52 -0800] "GET /class54/class5470/total_data/sub_707.htm HTTP/1.1" 200 3301 "-" "Mozilla/5.0 (compatible; AhrefsBot/7.0; +http://ahrefs.com/robot/)" "www.ysfine.com"
157.55.39.6 - - [05/Dec/2022:16:23:15 -0800] "GET /bio/kobak/namdae.html HTTP/1.1" 404 88 "-" "Mozilla/5.0 (compatible; bingbot/2.0; +http://www.bing.com/bingbot.htm)" "ysfine.com"
136.32.89.117 - - [05/Dec/2022:16:23:37 -0800] "GET /world/russ/kazan048.jpg HTTP/1.1" 200 70594 "https://www.google.com/" "Mozilla/5.0 (Windows NT 10.0; Win64; x64) AppleWebKit/537.36 (KHTML, like Gecko) Chrome/108.0.0.0 Safari/537.36" "ysfine.com"
54.167.249.11 - - [05/Dec/2022:16:24:04 -0800] "GET / HTTP/1.1" 200 5295 "-" "Mozilla/5.0 (compatible; proximic; +https://www.comscore.com/Web-Crawler)" "www.ysfine.com"
157.55.39.76 - - [05/Dec/2022:16:25:14 -0800] "GET /bio/awards/marq.html HTTP/1.1" 404 88 "-" "Mozilla/5.0 (compatible; bingbot/2.0; +http://www.bing.com/bingbot.htm)" "ysfine.com"
51.222.253.5 - - [05/Dec/2022:16:25:32 -0800] "GET /folks/tolstoy.html HTTP/1.1" 200 1447 "-" "Mozilla/5.0 (compatible; AhrefsBot/7.0; +http://ahrefs.com/robot/)" "ysfine.com"
157.55.39.6 - - [05/Dec/2022:16:25:35 -0800] "GET /bio/einstein/bern.html HTTP/1.1" 404 88 "-" "Mozilla/5.0 AppleWebKit/537.36 (KHTML, like Gecko; compatible; bingbot/2.0; +http://www.bing.com/bingbot.htm) Chrome/103.0.5060.134 Safari/537.36" "ysfine.com"
51.222.253.13 - - [05/Dec/2022:16:25:40 -0800] "GET /wisdom/yks11b.jpg HTTP/1.1" 200 41064 "-" "Mozilla/5.0 (compatible; AhrefsBot/7.0; +http://ahrefs.com/robot/)" "ysfine.com"
51.222.253.2 - - [05/Dec/2022:16:25:46 -0800] "GET /world/russ/volga15b.jpg HTTP/1.1" 200 23055 "-" "Mozilla/5.0 (compatible; AhrefsBot/7.0; +http://ahrefs.com/robot/)" "ysfine.com"
207.46.13.48 - - [05/Dec/2022:16:26:10 -0800] "GET /bio/kobak/soraech.html HTTP/1.1" 404 88 "-" "Mozilla/5.0 (compatible; bingbot/2.0; +http://www.bing.com/bingbot.htm)" "ysfine.com"
207.46.13.48 - - [05/Dec/2022:16:26:10 -0800] "GET /bio/home.html HTTP/1.1" 404 88 "-" "Mozilla/5.0 (compatible; bingbot/2.0; +http://www.bing.com/bingbot.htm)" "ysfine.com"
157.55.39.76 - - [05/Dec/2022:16:27:25 -0800] "GET /bio/home/sing.html HTTP/1.1" 404 88 "-" "Mozilla/5.0 AppleWebKit/537.36 (KHTML, like Gecko; compatible; bingbot/2.0; +http://www.bing.com/bingbot.htm) Chrome/103.0.5060.134 Safari/537.36" "ysfine.com"
157.55.39.76 - - [05/Dec/2022:16:27:25 -0800] "GET /bio/bio04.html HTTP/1.1" 404 88 "-" "Mozilla/5.0 AppleWebKit/537.36 (KHTML, like Gecko; compatible; bingbot/2.0; +http://www.bing.com/bingbot.htm) Chrome/103.0.5060.134 Safari/537.36" "ysfine.com"
51.222.253.17 - - [05/Dec/2022:16:27:53 -0800] "GET /class54/class5470/total_data/sub_875.htm HTTP/1.1" 200 3510 "-" "Mozilla/5.0 (compatible; AhrefsBot/7.0; +http://ahrefs.com/robot/)" "www.ysfine.com"
207.46.13.134 - - [05/Dec/2022:16:28:32 -0800] "GET /bio/princeton/campus.html HTTP/1.1" 404 88 "-" "Mozilla/5.0 AppleWebKit/537.36 (KHTML, like Gecko; compatible; bingbot/2.0; +http://www.bing.com/bingbot.htm) Chrome/103.0.5060.134 Safari/537.36" "ysfine.com"
207.46.13.134 - - [05/Dec/2022:16:28:32 -0800] "GET /bio/world/trier.html HTTP/1.1" 404 88 "-" "Mozilla/5.0 (compatible; bingbot/2.0; +http://www.bing.com/bingbot.htm)" "ysfine.com"
207.46.13.134 - - [05/Dec/2022:16:28:33 -0800] "GET /bio/wigner/e(2).html HTTP/1.1" 404 88 "-" "Mozilla/5.0 (compatible; bingbot/2.0; +http://www.bing.com/bingbot.htm)" "ysfine.com"
207.46.13.134 - - [05/Dec/2022:16:28:33 -0800] "GET /bio/style/ystyle.html HTTP/1.1" 404 88 "-" "Mozilla/5.0 (compatible; bingbot/2.0; +http://www.bing.com/bingbot.htm)" "ysfine.com"
51.222.253.12 - - [05/Dec/2022:16:30:30 -0800] "GET /class54/class5470/total_data/sub_719.htm HTTP/1.1" 200 3294 "-" "Mozilla/5.0 (compatible; AhrefsBot/7.0; +http://ahrefs.com/robot/)" "www.ysfine.com"
51.222.253.15 - - [05/Dec/2022:16:33:02 -0800] "GET /class54/class5470/total_data/sub_706.htm HTTP/1.1" 200 3299 "-" "Mozilla/5.0 (compatible; AhrefsBot/7.0; +http://ahrefs.com/robot/)" "www.ysfine.com"
216.244.66.229 - - [05/Dec/2022:16:34:01 -0800] "GET /robots.txt HTTP/1.1" 404 73 "-" "Mozilla/5.0 (compatible; DotBot/1.2; +https://opensiteexplorer.org/dotbot; help@moz.com)" "ysfine.com"
216.244.66.229 - - [05/Dec/2022:16:34:01 -0800] "GET /robots.txt HTTP/1.1" 404 73 "-" "Mozilla/5.0 (compatible; DotBot/1.2; +https://opensiteexplorer.org/dotbot; help@moz.com)" "www.ysfine.com"
207.46.13.48 - - [05/Dec/2022:16:34:51 -0800] "GET /bio.html HTTP/1.1" 200 18114 "-" "Mozilla/5.0 (compatible; bingbot/2.0; +http://www.bing.com/bingbot.htm)" "ysfine.com"
51.222.253.13 - - [05/Dec/2022:16:35:41 -0800] "GET /class54/class5470/total_data/sub_715.htm HTTP/1.1" 200 3294 "-" "Mozilla/5.0 (compatible; AhrefsBot/7.0; +http://ahrefs.com/robot/)" "www.ysfine.com"
70.134.214.37 - - [05/Dec/2022:16:36:02 -0800] "GET /princeton/alexan22.jpg HTTP/1.1" 200 175436 "https://www.google.com/" "Mozilla/5.0 (iPhone; CPU iPhone OS 16_0 like Mac OS X) AppleWebKit/605.1.15 (KHTML, like Gecko) GSA/239.1.489294057 Mobile/20A362 Safari/604.1" "ysfine.com"
216.244.66.229 - - [05/Dec/2022:16:37:09 -0800] "GET /folks/hungreece01.jpg HTTP/1.1" 200 90054 "-" "Mozilla/5.0 (compatible; DotBot/1.2; +https://opensiteexplorer.org/dotbot; help@moz.com)" "www.ysfine.com"
157.55.39.76 - - [05/Dec/2022:16:38:06 -0800] "GET /bio/bio07.html HTTP/1.1" 404 88 "-" "Mozilla/5.0 (compatible; bingbot/2.0; +http://www.bing.com/bingbot.htm)" "ysfine.com"
51.222.253.12 - - [05/Dec/2022:16:38:20 -0800] "GET /class54/class5470/total_data/sub_718.htm HTTP/1.1" 200 3294 "-" "Mozilla/5.0 (compatible; AhrefsBot/7.0; +http://ahrefs.com/robot/)" "www.ysfine.com"
40.77.167.39 - - [05/Dec/2022:16:40:35 -0800] "GET /bio/genea.html HTTP/1.1" 404 88 "-" "Mozilla/5.0 (compatible; bingbot/2.0; +http://www.bing.com/bingbot.htm)" "ysfine.com"
51.222.253.7 - - [05/Dec/2022:16:41:02 -0800] "GET /class54/class5470/total_data/sub_717.htm HTTP/1.1" 200 3294 "-" "Mozilla/5.0 (compatible; AhrefsBot/7.0; +http://ahrefs.com/robot/)" "www.ysfine.com"
51.222.253.1 - - [05/Dec/2022:16:41:09 -0800] "GET /class54/class5470/total_data/photo_img/7-17.jpg HTTP/1.1" 200 216882 "-" "Mozilla/5.0 (compatible; AhrefsBot/7.0; +http://ahrefs.com/robot/)" "www.ysfine.com"
99.46.219.49 - - [05/Dec/2022:16:42:30 -0800] "GET /einstein/einbohr33.jpg HTTP/1.1" 200 87797 "https://www.google.com/" "Mozilla/5.0 (X11; CrOS x86_64 14695.148.0) AppleWebKit/537.36 (KHTML, like Gecko) Chrome/102.0.0.0 Safari/537.36" "ysfine.com"
207.46.13.48 - - [05/Dec/2022:16:42:41 -0800] "GET /bio/style/rieu.html HTTP/1.1" 404 88 "-" "Mozilla/5.0 (compatible; bingbot/2.0; +http://www.bing.com/bingbot.htm)" "ysfine.com"
77.75.76.170 - - [05/Dec/2022:16:42:52 -0800] "GET /robots.txt HTTP/1.1" 404 88 "-" "Mozilla/5.0 (compatible; SeznamBot/3.2; +http://napoveda.seznam.cz/en/seznambot-intro/)" "ysfine.com"
77.75.76.170 - - [05/Dec/2022:16:42:54 -0800] "GET /world/france/champ1204.jpg HTTP/1.1" 200 107479 "-" "Mozilla/5.0 (compatible; SeznamBot/3.2; +http://napoveda.seznam.cz/en/seznambot-intro/)" "ysfine.com"
77.75.76.170 - - [05/Dec/2022:16:42:58 -0800] "GET /sbk/1970conn66.jpg HTTP/1.1" 200 117496 "-" "Mozilla/5.0 (compatible; SeznamBot/3.2; +http://napoveda.seznam.cz/en/seznambot-intro/)" "ysfine.com"
77.75.76.170 - - [05/Dec/2022:16:43:00 -0800] "GET /sbk/1967cars11.jpg HTTP/1.1" 200 155643 "-" "Mozilla/5.0 (compatible; SeznamBot/3.2; +http://napoveda.seznam.cz/en/seznambot-intro/)" "ysfine.com"
77.75.76.170 - - [05/Dec/2022:16:43:03 -0800] "GET /eink/parton33a.jpg HTTP/1.1" 200 66275 "-" "Mozilla/5.0 (compatible; SeznamBot/3.2; +http://napoveda.seznam.cz/en/seznambot-intro/)" "ysfine.com"
77.75.76.170 - - [05/Dec/2022:16:43:05 -0800] "GET /sbk/1972nyc11.jpg HTTP/1.1" 200 121665 "-" "Mozilla/5.0 (compatible; SeznamBot/3.2; +http://napoveda.seznam.cz/en/seznambot-intro/)" "ysfine.com"
77.75.76.170 - - [05/Dec/2022:16:43:07 -0800] "GET /sbk/1963aa33.jpg HTTP/1.1" 200 119070 "-" "Mozilla/5.0 (compatible; SeznamBot/3.2; +http://napoveda.seznam.cz/en/seznambot-intro/)" "ysfine.com"
77.75.76.170 - - [05/Dec/2022:16:43:11 -0800] "GET /sbk/1986bb.jpg HTTP/1.1" 200 183270 "-" "Mozilla/5.0 (compatible; SeznamBot/3.2; +http://napoveda.seznam.cz/en/seznambot-intro/)" "ysfine.com"
77.75.76.170 - - [05/Dec/2022:16:43:13 -0800] "GET /sbk/1977bb.jpg HTTP/1.1" 200 198560 "-" "Mozilla/5.0 (compatible; SeznamBot/3.2; +http://napoveda.seznam.cz/en/seznambot-intro/)" "ysfine.com"
51.222.253.16 - - [05/Dec/2022:16:43:31 -0800] "GET /class54/class5470/total_data/sub_883.htm HTTP/1.1" 200 3510 "-" "Mozilla/5.0 (compatible; AhrefsBot/7.0; +http://ahrefs.com/robot/)" "www.ysfine.com"
157.55.39.76 - - [05/Dec/2022:16:43:46 -0800] "GET /bio/style/artlove.html HTTP/1.1" 404 88 "-" "Mozilla/5.0 (compatible; bingbot/2.0; +http://www.bing.com/bingbot.htm)" "ysfine.com"
143.244.56.231 - - [05/Dec/2022:16:44:16 -0800] "GET /jobs/koreaj.html HTTP/1.1" 200 5358 "-" "Mozilla/5.0 (Macintosh; Intel Mac OS X 10_15_7) AppleWebKit/537.36 (KHTML, like Gecko) Chrome/107.0.0.0 Safari/537.36" "ysfine.com"
143.244.56.231 - - [05/Dec/2022:16:44:17 -0800] "GET /jobs/koreaj11b.jpg HTTP/1.1" 200 67543 "https://ysfine.com/jobs/koreaj.html" "Mozilla/5.0 (Macintosh; Intel Mac OS X 10_15_7) AppleWebKit/537.36 (KHTML, like Gecko) Chrome/107.0.0.0 Safari/537.36" "ysfine.com"
143.244.56.231 - - [05/Dec/2022:16:44:17 -0800] "GET /favicon.ico HTTP/1.1" 404 88 "https://ysfine.com/jobs/koreaj.html" "Mozilla/5.0 (Macintosh; Intel Mac OS X 10_15_7) AppleWebKit/537.36 (KHTML, like Gecko) Chrome/107.0.0.0 Safari/537.36" "ysfine.com"
207.46.13.48 - - [05/Dec/2022:16:44:21 -0800] "GET /home/bio10.html HTTP/1.1" 404 88 "-" "Mozilla/5.0 (compatible; bingbot/2.0; +http://www.bing.com/bingbot.htm)" "www.ysfine.com"
86.159.26.70 - - [05/Dec/2022:16:44:50 -0800] "GET /kowar/tanks/m47.jpg HTTP/1.1" 200 78683 "https://www.google.com/" "Mozilla/5.0 (Windows NT 10.0; Win64; x64) AppleWebKit/537.36 (KHTML, like Gecko) Chrome/108.0.0.0 Safari/537.36" "ysfine.com"
207.46.13.134 - - [05/Dec/2022:16:45:25 -0800] "GET /bio04.html HTTP/1.1" 200 9059 "-" "Mozilla/5.0 (compatible; bingbot/2.0; +http://www.bing.com/bingbot.htm)" "ysfine.com"
51.222.253.14 - - [05/Dec/2022:16:46:03 -0800] "GET /class54/class5470/total_data/sub_876.htm HTTP/1.1" 200 3510 "-" "Mozilla/5.0 (compatible; AhrefsBot/7.0; +http://ahrefs.com/robot/)" "www.ysfine.com"
185.54.228.136 - - [05/Dec/2022:16:47:26 -0800] "GET /apple-touch-icon.png HTTP/1.1" 404 88 "-" "DuckDuckGo/5 (com.duckduckgo.mobile.android; Android API 30)" "www.ysfine.com"
185.54.228.136 - - [05/Dec/2022:16:47:27 -0800] "GET /favicon.ico HTTP/1.1" 404 88 "-" "DuckDuckGo/5 (com.duckduckgo.mobile.android; Android API 30)" "www.ysfine.com"
51.222.253.11 - - [05/Dec/2022:16:48:40 -0800] "GET /class54/class5470/total_data/sub_877.htm HTTP/1.1" 200 3510 "-" "Mozilla/5.0 (compatible; AhrefsBot/7.0; +http://ahrefs.com/robot/)" "www.ysfine.com"
157.55.39.6 - - [05/Dec/2022:16:50:08 -0800] "GET /bio/awards/iao.html HTTP/1.1" 404 88 "-" "Mozilla/5.0 (compatible; bingbot/2.0; +http://www.bing.com/bingbot.htm)" "ysfine.com"
185.191.171.1 - - [05/Dec/2022:16:50:14 -0800] "GET /robots.txt HTTP/1.1" 404 88 "-" "Mozilla/5.0 (compatible; SemrushBot/7~bl; +http://www.semrush.com/bot.html)" "www.ysfine.com"
185.191.171.45 - - [05/Dec/2022:16:50:14 -0800] "GET /ffriends/asian.html HTTP/1.1" 200 6987 "-" "Mozilla/5.0 (compatible; SemrushBot/7~bl; +http://www.semrush.com/bot.html)" "www.ysfine.com"
157.55.39.76 - - [05/Dec/2022:16:50:46 -0800] "GET /bio/harmoarchi.html HTTP/1.1" 404 88 "-" "Mozilla/5.0 (compatible; bingbot/2.0; +http://www.bing.com/bingbot.htm)" "ysfine.com"
207.46.13.20 - - [05/Dec/2022:16:50:52 -0800] "GET /bio/style/proschanie.html HTTP/1.1" 404 88 "-" "Mozilla/5.0 (compatible; bingbot/2.0; +http://www.bing.com/bingbot.htm)" "ysfine.com"
51.222.253.17 - - [05/Dec/2022:16:51:18 -0800] "GET /class54/class5470/total_data/sub_873.htm HTTP/1.1" 200 3510 "-" "Mozilla/5.0 (compatible; AhrefsBot/7.0; +http://ahrefs.com/robot/)" "www.ysfine.com"
157.55.39.6 - - [05/Dec/2022:16:52:49 -0800] "GET /bio/style/leica.html HTTP/1.1" 404 88 "-" "Mozilla/5.0 AppleWebKit/537.36 (KHTML, like Gecko; compatible; bingbot/2.0; +http://www.bing.com/bingbot.htm) Chrome/103.0.5060.134 Safari/537.36" "ysfine.com"
66.249.70.12 - - [05/Dec/2022:16:53:21 -0800] "GET /feynman/yspapers/kno79.pdf HTTP/1.1" 404 88 "-" "Mozilla/5.0 (Windows NT 10.0; Win64; x64)AppleWebKit/537.36 (KHTML, like Gecko) Chrome/91.0.4472.101 Safari/537.36 (compatible; GoogleOther)" "www.ysfine.com"
157.55.39.76 - - [05/Dec/2022:16:53:37 -0800] "GET /bio/sbk/1950.html HTTP/1.1" 404 88 "-" "Mozilla/5.0 (compatible; bingbot/2.0; +http://www.bing.com/bingbot.htm)" "ysfine.com"
51.222.253.18 - - [05/Dec/2022:16:53:47 -0800] "GET /class54/class5470/total_data/sub_874.htm HTTP/1.1" 200 3510 "-" "Mozilla/5.0 (compatible; AhrefsBot/7.0; +http://ahrefs.com/robot/)" "www.ysfine.com"
93.158.161.47 - - [05/Dec/2022:16:54:00 -0800] "GET /world/china/shenyang.html HTTP/1.1" 200 5154 "-" "Mozilla/5.0 (compatible; YandexBot/3.0; +http://yandex.com/bots)" "www.ysfine.com"
157.55.39.6 - - [05/Dec/2022:16:55:09 -0800] "GET /bio/kobak/namdae.html HTTP/1.1" 404 88 "-" "Mozilla/5.0 AppleWebKit/537.36 (KHTML, like Gecko; compatible; bingbot/2.0; +http://www.bing.com/bingbot.htm) Chrome/103.0.5060.134 Safari/537.36" "ysfine.com"
51.222.253.6 - - [05/Dec/2022:16:56:23 -0800] "GET /class54/class5470/total_data/sub_878.htm HTTP/1.1" 200 3510 "-" "Mozilla/5.0 (compatible; AhrefsBot/7.0; +http://ahrefs.com/robot/)" "www.ysfine.com"
185.191.171.43 - - [05/Dec/2022:16:58:41 -0800] "GET /robots.txt HTTP/1.1" 404 88 "-" "Mozilla/5.0 (compatible; SemrushBot/7~bl; +http://www.semrush.com/bot.html)" "ysfine.com"
185.191.171.20 - - [05/Dec/2022:16:58:41 -0800] "GET /world/russ/msukor.html HTTP/1.1" 200 1055 "-" "Mozilla/5.0 (compatible; SemrushBot/7~bl; +http://www.semrush.com/bot.html)" "ysfine.com"
51.222.253.6 - - [05/Dec/2022:16:58:56 -0800] "GET /class54/class5470/total_data/sub_879.htm HTTP/1.1" 200 3510 "-" "Mozilla/5.0 (compatible; AhrefsBot/7.0; +http://ahrefs.com/robot/)" "www.ysfine.com"
216.244.66.229 - - [05/Dec/2022:16:58:59 -0800] "GET /folks/austra06.jpg HTTP/1.1" 200 60209 "-" "Mozilla/5.0 (compatible; DotBot/1.2; +https://opensiteexplorer.org/dotbot; help@moz.com)" "www.ysfine.com"
51.222.253.4 - - [05/Dec/2022:16:59:00 -0800] "GET /class54/class5470/total_data/photo_img/8-79.jpg HTTP/1.1" 200 156431 "-" "Mozilla/5.0 (compatible; AhrefsBot/7.0; +http://ahrefs.com/robot/)" "www.ysfine.com"
185.184.157.94 - - [05/Dec/2022:16:59:26 -0800] "GET /robots.txt HTTP/1.1" 404 88 "-" "Mozilla/5.0 (compatible; linkdexbot/2.0; +http://www.linkdex.com/bots/)" "ysfine.com"
185.184.157.94 - - [05/Dec/2022:16:59:26 -0800] "GET /robots.txt HTTP/1.1" 404 88 "-" "Mozilla/5.0 (compatible; linkdexbot/2.0; +http://www.linkdex.com/bots/)" "www.ysfine.com"
40.77.167.39 - - [05/Dec/2022:17:00:36 -0800] "GET /bio/wigner/evangel.html HTTP/1.1" 404 88 "-" "Mozilla/5.0 (compatible; bingbot/2.0; +http://www.bing.com/bingbot.htm)" "ysfine.com"
40.77.167.39 - - [05/Dec/2022:17:00:46 -0800] "GET /bio/world/season.html HTTP/1.1" 404 88 "-" "Mozilla/5.0 (compatible; bingbot/2.0; +http://www.bing.com/bingbot.htm)" "ysfine.com"
185.191.171.2 - - [05/Dec/2022:17:01:59 -0800] "GET /class54/emailed04.html HTTP/1.1" 200 16139 "-" "Mozilla/5.0 (compatible; SemrushBot/7~bl; +http://www.semrush.com/bot.html)" "www.ysfine.com"
90.231.103.36 - - [05/Dec/2022:17:02:16 -0800] "GET /world/baltic/kalin30.jpg HTTP/1.1" 200 94863 "https://www.google.se/" "Mozilla/5.0 (Macintosh; Intel Mac OS X 10_15_7) AppleWebKit/605.1.15 (KHTML, like Gecko) Version/15.4 Safari/605.1.15" "ysfine.com"
103.140.16.27 - - [05/Dec/2022:17:02:49 -0800] "GET /world/places/ulm02.jpg HTTP/1.1" 200 135530 "https://www.google.com/" "Mozilla/5.0 (Windows NT 10.0; Win64; x64) AppleWebKit/537.36 (KHTML, like Gecko) Chrome/108.0.0.0 Safari/537.36" "ysfine.com"
51.222.253.15 - - [05/Dec/2022:17:02:56 -0800] "GET /class54/class5470/total_data/sub_880.htm HTTP/1.1" 200 3510 "-" "Mozilla/5.0 (compatible; AhrefsBot/7.0; +http://ahrefs.com/robot/)" "www.ysfine.com"
51.222.253.3 - - [05/Dec/2022:17:03:00 -0800] "GET /class54/class5470/total_data/photo_img/8-80.jpg HTTP/1.1" 200 174146 "-" "Mozilla/5.0 (compatible; AhrefsBot/7.0; +http://ahrefs.com/robot/)" "www.ysfine.com"
207.46.13.134 - - [05/Dec/2022:17:03:05 -0800] "GET /bio/princeton/campus.html HTTP/1.1" 404 88 "-" "Mozilla/5.0 (compatible; bingbot/2.0; +http://www.bing.com/bingbot.htm)" "ysfine.com"
207.46.13.134 - - [05/Dec/2022:17:03:05 -0800] "GET /bio/wigner/e(2).html HTTP/1.1" 404 88 "-" "Mozilla/5.0 AppleWebKit/537.36 (KHTML, like Gecko; compatible; bingbot/2.0; +http://www.bing.com/bingbot.htm) Chrome/103.0.5060.134 Safari/537.36" "ysfine.com"
157.55.39.6 - - [05/Dec/2022:17:03:50 -0800] "GET /bio/einstein/bern.html HTTP/1.1" 404 88 "-" "Mozilla/5.0 (compatible; bingbot/2.0; +http://www.bing.com/bingbot.htm)" "ysfine.com"
114.119.156.72 - - [05/Dec/2022:17:04:25 -0800] "GET /jobs/yst.docx HTTP/1.1" 200 23342 "http://ysfine.com/jobs/koreaj.html" "Mozilla/5.0 (Linux; Android 7.0;) AppleWebKit/537.36 (KHTML, like Gecko) Mobile Safari/537.36 (compatible; PetalBot;+https://webmaster.petalsearch.com/site/petalbot)" "ysfine.com"
216.244.66.229 - - [05/Dec/2022:17:04:37 -0800] "GET /folks/amkor/prgr02.jpg HTTP/1.1" 200 119575 "-" "Mozilla/5.0 (compatible; DotBot/1.2; +https://opensiteexplorer.org/dotbot; help@moz.com)" "www.ysfine.com"
77.75.77.119 - - [05/Dec/2022:17:05:12 -0800] "GET /kobak/index.html HTTP/1.1" 304 - "-" "Mozilla/5.0 (compatible; SeznamBot/4.0-RC1; +http://napoveda.seznam.cz/seznambot-intro/)" "ysfine.com"
207.46.13.48 - - [05/Dec/2022:17:05:44 -0800] "GET /bio/princeton/yspr.html HTTP/1.1" 404 88 "-" "Mozilla/5.0 (compatible; bingbot/2.0; +http://www.bing.com/bingbot.htm)" "ysfine.com"
207.46.13.48 - - [05/Dec/2022:17:05:44 -0800] "GET /bio/style/index.html HTTP/1.1" 404 88 "-" "Mozilla/5.0 (compatible; bingbot/2.0; +http://www.bing.com/bingbot.htm)" "ysfine.com"
51.222.253.1 - - [05/Dec/2022:17:05:55 -0800] "GET /class54/class5470/total_data/sub_884.htm HTTP/1.1" 200 3510 "-" "Mozilla/5.0 (compatible; AhrefsBot/7.0; +http://ahrefs.com/robot/)" "www.ysfine.com"
51.222.253.10 - - [05/Dec/2022:17:08:56 -0800] "GET /class54/class5470/total_data/sub_885.htm HTTP/1.1" 200 3510 "-" "Mozilla/5.0 (compatible; AhrefsBot/7.0; +http://ahrefs.com/robot/)" "www.ysfine.com"
70.39.10.226 - - [05/Dec/2022:17:09:28 -0800] "GET /world/scandi/sto001.jpg HTTP/1.1" 200 111684 "https://www.google.com/" "Mozilla/5.0 (Macintosh; Intel Mac OS X 10_15_7) AppleWebKit/537.36 (KHTML, like Gecko) Chrome/108.0.0.0 Safari/537.36" "ysfine.com"
157.55.39.76 - - [05/Dec/2022:17:10:08 -0800] "GET /bio/bio03.html HTTP/1.1" 404 88 "-" "Mozilla/5.0 AppleWebKit/537.36 (KHTML, like Gecko; compatible; bingbot/2.0; +http://www.bing.com/bingbot.htm) Chrome/103.0.5060.134 Safari/537.36" "ysfine.com"
157.55.39.76 - - [05/Dec/2022:17:10:09 -0800] "GET /bio/bio07.html HTTP/1.1" 404 88 "-" "Mozilla/5.0 AppleWebKit/537.36 (KHTML, like Gecko; compatible; bingbot/2.0; +http://www.bing.com/bingbot.htm) Chrome/103.0.5060.134 Safari/537.36" "ysfine.com"
40.77.167.39 - - [05/Dec/2022:17:10:37 -0800] "GET /bio/internal.html HTTP/1.1" 404 88 "-" "Mozilla/5.0 (compatible; bingbot/2.0; +http://www.bing.com/bingbot.htm)" "ysfine.com"
40.77.167.39 - - [05/Dec/2022:17:10:37 -0800] "GET /bio/bio10.html HTTP/1.1" 404 88 "-" "Mozilla/5.0 AppleWebKit/537.36 (KHTML, like Gecko; compatible; bingbot/2.0; +http://www.bing.com/bingbot.htm) Chrome/103.0.5060.134 Safari/537.36" "ysfine.com"
51.222.253.11 - - [05/Dec/2022:17:11:44 -0800] "GET /class54/class5470/total_data/sub_886.htm HTTP/1.1" 200 3510 "-" "Mozilla/5.0 (compatible; AhrefsBot/7.0; +http://ahrefs.com/robot/)" "www.ysfine.com"
116.179.33.16 - - [05/Dec/2022:17:12:34 -0800] "GET /dirac/2osc22a.jpg HTTP/1.1" 200 69742 "-" "Mozilla/5.0 (Windows NT 10.0; WOW64) AppleWebKit/537.36 (KHTML, like Gecko) Chrome/48.0.2564.116 Safari/537.36" "ysfine.com"
68.59.35.42 - - [05/Dec/2022:17:13:02 -0800] "GET /kowar/tanks/m46c.jpg HTTP/1.1" 200 74862 "https://www.google.com/" "Mozilla/5.0 (Windows NT 10.0; Win64; x64) AppleWebKit/537.36 (KHTML, like Gecko) Chrome/108.0.0.0 Safari/537.36" "ysfine.com"
68.59.35.42 - - [05/Dec/2022:17:14:03 -0800] "GET /kowar/tanks/tank03.jpg HTTP/1.1" 200 106726 "https://www.google.com/" "Mozilla/5.0 (Windows NT 10.0; Win64; x64) AppleWebKit/537.36 (KHTML, like Gecko) Chrome/108.0.0.0 Safari/537.36" "ysfine.com"
51.222.253.8 - - [05/Dec/2022:17:14:26 -0800] "GET /class54/class5470/total_data/sub_887.htm HTTP/1.1" 200 3510 "-" "Mozilla/5.0 (compatible; AhrefsBot/7.0; +http://ahrefs.com/robot/)" "www.ysfine.com"
40.77.167.39 - - [05/Dec/2022:17:14:47 -0800] "GET /bio/genea.html HTTP/1.1" 404 88 "-" "Mozilla/5.0 AppleWebKit/537.36 (KHTML, like Gecko; compatible; bingbot/2.0; +http://www.bing.com/bingbot.htm) Chrome/103.0.5060.134 Safari/537.36" "ysfine.com"
207.46.13.48 - - [05/Dec/2022:17:15:35 -0800] "GET /bio/style/rieu.html HTTP/1.1" 404 88 "-" "Mozilla/5.0 AppleWebKit/537.36 (KHTML, like Gecko; compatible; bingbot/2.0; +http://www.bing.com/bingbot.htm) Chrome/103.0.5060.134 Safari/537.36" "ysfine.com"
157.55.39.76 - - [05/Dec/2022:17:17:00 -0800] "GET /bio/style/artlove.html HTTP/1.1" 404 88 "-" "Mozilla/5.0 (compatible; bingbot/2.0; +http://www.bing.com/bingbot.htm)" "ysfine.com"
51.222.253.19 - - [05/Dec/2022:17:17:08 -0800] "GET /class54/class5470/total_data/sub_869.htm HTTP/1.1" 200 3510 "-" "Mozilla/5.0 (compatible; AhrefsBot/7.0; +http://ahrefs.com/robot/)" "www.ysfine.com"
207.46.13.20 - - [05/Dec/2022:17:17:57 -0800] "GET /bio12.html HTTP/1.1" 200 13708 "-" "Mozilla/5.0 AppleWebKit/537.36 (KHTML, like Gecko; compatible; bingbot/2.0; +http://www.bing.com/bingbot.htm) Chrome/103.0.5060.134 Safari/537.36" "ysfine.com"
51.222.253.12 - - [05/Dec/2022:17:19:43 -0800] "GET /world/copen.html HTTP/1.1" 200 6582 "-" "Mozilla/5.0 (compatible; AhrefsBot/7.0; +http://ahrefs.com/robot/)" "ysfine.com"
51.222.253.7 - - [05/Dec/2022:17:19:50 -0800] "GET /world/scandi/copenf18b.jpg HTTP/1.1" 200 45922 "-" "Mozilla/5.0 (compatible; AhrefsBot/7.0; +http://ahrefs.com/robot/)" "ysfine.com"
51.222.253.2 - - [05/Dec/2022:17:19:58 -0800] "GET /world/scandi/copenf02b.jpg HTTP/1.1" 200 42550 "-" "Mozilla/5.0 (compatible; AhrefsBot/7.0; +http://ahrefs.com/robot/)" "ysfine.com"
207.46.13.134 - - [05/Dec/2022:17:19:58 -0800] "GET /bio04.html HTTP/1.1" 200 9059 "-" "Mozilla/5.0 AppleWebKit/537.36 (KHTML, like Gecko; compatible; bingbot/2.0; +http://www.bing.com/bingbot.htm) Chrome/103.0.5060.134 Safari/537.36" "ysfine.com"
51.222.253.14 - - [05/Dec/2022:17:20:04 -0800] "GET /world/scandi/copen062b.jpg HTTP/1.1" 200 34736 "-" "Mozilla/5.0 (compatible; AhrefsBot/7.0; +http://ahrefs.com/robot/)" "ysfine.com"
51.222.253.7 - - [05/Dec/2022:17:20:09 -0800] "GET /world/scandi/copen024b.jpg HTTP/1.1" 200 28962 "-" "Mozilla/5.0 (compatible; AhrefsBot/7.0; +http://ahrefs.com/robot/)" "ysfine.com"
51.222.253.2 - - [05/Dec/2022:17:20:15 -0800] "GET /world/scandi/copen001b.jpg HTTP/1.1" 200 42889 "-" "Mozilla/5.0 (compatible; AhrefsBot/7.0; +http://ahrefs.com/robot/)" "ysfine.com"
51.222.253.6 - - [05/Dec/2022:17:20:21 -0800] "GET /world/scandi/copen073b.jpg HTTP/1.1" 200 42196 "-" "Mozilla/5.0 (compatible; AhrefsBot/7.0; +http://ahrefs.com/robot/)" "ysfine.com"
51.222.253.9 - - [05/Dec/2022:17:20:26 -0800] "GET /world/scandi/copen014b.jpg HTTP/1.1" 200 39784 "-" "Mozilla/5.0 (compatible; AhrefsBot/7.0; +http://ahrefs.com/robot/)" "ysfine.com"
51.222.253.1 - - [05/Dec/2022:17:20:32 -0800] "GET /world/scandi/copen047b.jpg HTTP/1.1" 200 32220 "-" "Mozilla/5.0 (compatible; AhrefsBot/7.0; +http://ahrefs.com/robot/)" "ysfine.com"
66.249.70.12 - - [05/Dec/2022:17:20:35 -0800] "GET /maga/yspapers/kim89.pdf HTTP/1.1" 404 88 "-" "Mozilla/5.0 (Windows NT 10.0; Win64; x64)AppleWebKit/537.36 (KHTML, like Gecko) Chrome/91.0.4472.101 Safari/537.36 (compatible; GoogleOther)" "www.ysfine.com"
51.222.253.9 - - [05/Dec/2022:17:20:38 -0800] "GET /world/scandi/copenf78b.jpg HTTP/1.1" 200 35234 "-" "Mozilla/5.0 (compatible; AhrefsBot/7.0; +http://ahrefs.com/robot/)" "ysfine.com"
51.222.253.15 - - [05/Dec/2022:17:20:44 -0800] "GET /world/scandi/copen006b.jpg HTTP/1.1" 200 38830 "-" "Mozilla/5.0 (compatible; AhrefsBot/7.0; +http://ahrefs.com/robot/)" "ysfine.com"
51.222.253.16 - - [05/Dec/2022:17:20:49 -0800] "GET /world/scandi/copen066b.jpg HTTP/1.1" 200 33393 "-" "Mozilla/5.0 (compatible; AhrefsBot/7.0; +http://ahrefs.com/robot/)" "ysfine.com"
77.88.5.50 - - [05/Dec/2022:17:20:54 -0800] "GET /world/trier.html HTTP/1.1" 200 6488 "-" "Mozilla/5.0 (compatible; YandexBot/3.0; +http://yandex.com/bots)" "www.ysfine.com"
51.222.253.10 - - [05/Dec/2022:17:20:55 -0800] "GET /world/scandi/copen030b.jpg HTTP/1.1" 200 33206 "-" "Mozilla/5.0 (compatible; AhrefsBot/7.0; +http://ahrefs.com/robot/)" "ysfine.com"
51.222.253.6 - - [05/Dec/2022:17:21:01 -0800] "GET /world/scandi/copen021b.jpg HTTP/1.1" 200 33385 "-" "Mozilla/5.0 (compatible; AhrefsBot/7.0; +http://ahrefs.com/robot/)" "ysfine.com"
51.222.253.14 - - [05/Dec/2022:17:21:06 -0800] "GET /world/scandi/copenf74b.jpg HTTP/1.1" 200 41265 "-" "Mozilla/5.0 (compatible; AhrefsBot/7.0; +http://ahrefs.com/robot/)" "ysfine.com"
51.222.253.7 - - [05/Dec/2022:17:21:12 -0800] "GET /beau/aline/klm01b.jpg HTTP/1.1" 404 88 "-" "Mozilla/5.0 (compatible; AhrefsBot/7.0; +http://ahrefs.com/robot/)" "ysfine.com"
51.222.253.11 - - [05/Dec/2022:17:21:12 -0800] "GET /world/scandi/copen057b.jpg HTTP/1.1" 200 42917 "-" "Mozilla/5.0 (compatible; AhrefsBot/7.0; +http://ahrefs.com/robot/)" "ysfine.com"
51.222.253.5 - - [05/Dec/2022:17:21:18 -0800] "GET /world/scandi/copen080b.jpg HTTP/1.1" 200 33956 "-" "Mozilla/5.0 (compatible; AhrefsBot/7.0; +http://ahrefs.com/robot/)" "ysfine.com"
51.222.253.16 - - [05/Dec/2022:17:21:24 -0800] "GET /world/scandi/copen017b.jpg HTTP/1.1" 200 35164 "-" "Mozilla/5.0 (compatible; AhrefsBot/7.0; +http://ahrefs.com/robot/)" "ysfine.com"
51.222.253.16 - - [05/Dec/2022:17:21:29 -0800] "GET /houses/house45b.jpg HTTP/1.1" 200 35359 "-" "Mozilla/5.0 (compatible; AhrefsBot/7.0; +http://ahrefs.com/robot/)" "ysfine.com"
207.46.13.20 - - [05/Dec/2022:17:21:37 -0800] "GET /bio/style/proschanie.html HTTP/1.1" 404 88 "-" "Mozilla/5.0 (compatible; bingbot/2.0; +http://www.bing.com/bingbot.htm)" "ysfine.com"
157.55.39.76 - - [05/Dec/2022:17:21:49 -0800] "GET /world/adam.html HTTP/1.1" 404 88 "-" "Mozilla/5.0 (compatible; bingbot/2.0; +http://www.bing.com/bingbot.htm)" "ysfine.com"
51.222.253.11 - - [05/Dec/2022:17:22:22 -0800] "GET /class54/class5470/total_data/sub_867.htm HTTP/1.1" 200 3510 "-" "Mozilla/5.0 (compatible; AhrefsBot/7.0; +http://ahrefs.com/robot/)" "www.ysfine.com"
216.244.66.229 - - [05/Dec/2022:17:22:27 -0800] "GET /robots.txt HTTP/1.1" 404 73 "-" "Mozilla/5.0 (compatible; DotBot/1.2; +https://opensiteexplorer.org/dotbot; help@moz.com)" "www.ysfine.com"
216.244.66.229 - - [05/Dec/2022:17:22:27 -0800] "GET /robots.txt HTTP/1.1" 404 73 "-" "Mozilla/5.0 (compatible; DotBot/1.2; +https://opensiteexplorer.org/dotbot; help@moz.com)" "ysfine.com"
157.55.39.6 - - [05/Dec/2022:17:22:31 -0800] "GET /bio/awards/iao.html HTTP/1.1" 404 88 "-" "Mozilla/5.0 AppleWebKit/537.36 (KHTML, like Gecko; compatible; bingbot/2.0; +http://www.bing.com/bingbot.htm) Chrome/103.0.5060.134 Safari/537.36" "ysfine.com"
52.146.59.154 - - [05/Dec/2022:17:22:37 -0800] "GET /wigner/shimo.jpg HTTP/1.1" 200 71558 "http://ysfine.com/wigner/shimo.jpg" "DuckDuckBot/1.1; (+http://duckduckgo.com/duckduckbot.html)" "ysfine.com"
24.148.7.102 - - [05/Dec/2022:17:22:41 -0800] "GET /wigner/shimo.jpg HTTP/1.1" 200 71558 "https://duckduckgo.com/" "Mozilla/5.0 (Macintosh; Intel Mac OS X 10_15_6) AppleWebKit/605.1.15 (KHTML, like Gecko) Version/15.6.3 Safari/605.1.15" "ysfine.com"
24.148.7.102 - - [05/Dec/2022:17:22:41 -0800] "GET /favicon.ico HTTP/1.1" 404 88 "https://ysfine.com/wigner/shimo.jpg" "Mozilla/5.0 (Macintosh; Intel Mac OS X 10_15_6) AppleWebKit/605.1.15 (KHTML, like Gecko) Version/15.6.3 Safari/605.1.15" "ysfine.com"
157.55.39.76 - - [05/Dec/2022:17:22:50 -0800] "GET /bio/harmoarchi.html HTTP/1.1" 404 88 "-" "Mozilla/5.0 AppleWebKit/537.36 (KHTML, like Gecko; compatible; bingbot/2.0; +http://www.bing.com/bingbot.htm) Chrome/103.0.5060.134 Safari/537.36" "ysfine.com"
185.191.171.9 - - [05/Dec/2022:17:23:41 -0800] "GET /class54/emailed03.html HTTP/1.1" 200 29110 "-" "Mozilla/5.0 (compatible; SemrushBot/7~bl; +http://www.semrush.com/bot.html)" "www.ysfine.com"
209.206.82.153 - - [05/Dec/2022:17:24:10 -0800] "GET /robots.txt HTTP/1.1" 404 88 "-" "Mozilla/5.0 (compatible; Timpibot/0.8; +http://www.timpi.io)" "ysfine.com"
209.206.82.153 - - [05/Dec/2022:17:24:11 -0800] "GET / HTTP/1.1" 200 15920 "-" "Timpibot/0.8 (+http://www.timpi.io)" "ysfine.com"
209.206.82.153 - - [05/Dec/2022:17:24:11 -0800] "GET /home/top21d.jpg HTTP/1.1" 200 74409 "-" "-" "ysfine.com"
209.206.82.153 - - [05/Dec/2022:17:24:12 -0800] "GET /home/eink450.jpg HTTP/1.1" 200 66794 "-" "-" "ysfine.com"
209.206.82.153 - - [05/Dec/2022:17:24:12 -0800] "GET /home/facu450.jpg HTTP/1.1" 200 74535 "-" "-" "ysfine.com"
209.206.82.153 - - [05/Dec/2022:17:24:12 -0800] "GET /home/goodbad450.jpg HTTP/1.1" 200 32258 "-" "-" "ysfine.com"
209.206.82.153 - - [05/Dec/2022:17:24:12 -0800] "GET /home/truck450.jpg HTTP/1.1" 200 42871 "-" "-" "ysfine.com"
209.206.82.153 - - [05/Dec/2022:17:24:13 -0800] "GET /eink/ewk86f.jpg HTTP/1.1" 200 122173 "-" "-" "ysfine.com"
209.206.82.153 - - [05/Dec/2022:17:24:13 -0800] "GET /home/washmo23d.jpg HTTP/1.1" 200 32142 "-" "-" "ysfine.com"
209.206.82.153 - - [05/Dec/2022:17:24:14 -0800] "GET /home/eindc03d.jpg HTTP/1.1" 200 95860 "-" "-" "ysfine.com"
209.206.82.153 - - [05/Dec/2022:17:24:14 -0800] "GET /home/1987pr22d.jpg HTTP/1.1" 200 66428 "-" "-" "ysfine.com"
209.206.82.153 - - [05/Dec/2022:17:24:14 -0800] "GET /eink/einhaus11c.jpg HTTP/1.1" 200 42522 "-" "-" "ysfine.com"
209.206.82.153 - - [05/Dec/2022:17:24:14 -0800] "GET /eink/einhaus33c.jpg HTTP/1.1" 200 23792 "-" "-" "ysfine.com"
209.206.82.153 - - [05/Dec/2022:17:24:15 -0800] "GET /home/taylor500.jpg HTTP/1.1" 200 79197 "-" "-" "ysfine.com"
209.206.82.153 - - [05/Dec/2022:17:24:15 -0800] "GET /home/eink54f.jpg HTTP/1.1" 200 96332 "-" "-" "ysfine.com"
209.206.82.153 - - [05/Dec/2022:17:24:16 -0800] "GET /home/eward55f.jpg HTTP/1.1" 200 122802 "-" "-" "ysfine.com"
209.206.82.153 - - [05/Dec/2022:17:24:16 -0800] "GET /jobs/index.html HTTP/1.1" 200 174 "-" "Timpibot/0.8 (+http://www.timpi.io)" "ysfine.com"
209.206.82.153 - - [05/Dec/2022:17:24:16 -0800] "GET /eink/index.html HTTP/1.1" 200 56383 "-" "Timpibot/0.8 (+http://www.timpi.io)" "ysfine.com"
209.206.82.153 - - [05/Dec/2022:17:24:17 -0800] "GET /eink/mose.html HTTP/1.1" 200 47668 "-" "Timpibot/0.8 (+http://www.timpi.io)" "ysfine.com"
209.206.82.153 - - [05/Dec/2022:17:24:17 -0800] "GET /home/index.html HTTP/1.1" 200 220 "-" "Timpibot/0.8 (+http://www.timpi.io)" "ysfine.com"
209.206.82.153 - - [05/Dec/2022:17:24:17 -0800] "GET /bio.html HTTP/1.1" 200 56967 "-" "Timpibot/0.8 (+http://www.timpi.io)" "ysfine.com"
209.206.82.153 - - [05/Dec/2022:17:24:17 -0800] "GET /world/ysworld.html HTTP/1.1" 200 8970 "-" "Timpibot/0.8 (+http://www.timpi.io)" "ysfine.com"
209.206.82.153 - - [05/Dec/2022:17:24:17 -0800] "GET /home/bio77.html HTTP/1.1" 404 73 "-" "Timpibot/0.8 (+http://www.timpi.io)" "ysfine.com"
209.206.82.153 - - [05/Dec/2022:17:24:17 -0800] "GET /yspapers/index.html HTTP/1.1" 200 78328 "-" "Timpibot/0.8 (+http://www.timpi.io)" "ysfine.com"
209.206.82.153 - - [05/Dec/2022:17:24:17 -0800] "GET /einstein/index.html HTTP/1.1" 200 200 "-" "Timpibot/0.8 (+http://www.timpi.io)" "ysfine.com"
209.206.82.153 - - [05/Dec/2022:17:24:17 -0800] "GET /awards/index.html HTTP/1.1" 200 30140 "-" "Timpibot/0.8 (+http://www.timpi.io)" "ysfine.com"
209.206.82.153 - - [05/Dec/2022:17:24:18 -0800] "GET /dirac/index.html HTTP/1.1" 200 174 "-" "Timpibot/0.8 (+http://www.timpi.io)" "ysfine.com"
209.206.82.153 - - [05/Dec/2022:17:24:18 -0800] "GET /feynman/index.html HTTP/1.1" 200 200 "-" "Timpibot/0.8 (+http://www.timpi.io)" "ysfine.com"
209.206.82.153 - - [05/Dec/2022:17:24:18 -0800] "GET /kobak/index.html HTTP/1.1" 200 186 "-" "Timpibot/0.8 (+http://www.timpi.io)" "ysfine.com"
209.206.82.153 - - [05/Dec/2022:17:24:18 -0800] "GET /home/bio22.html HTTP/1.1" 404 73 "-" "Timpibot/0.8 (+http://www.timpi.io)" "ysfine.com"
209.206.82.153 - - [05/Dec/2022:17:24:18 -0800] "GET /usca/pgh.html HTTP/1.1" 200 41086 "-" "Timpibot/0.8 (+http://www.timpi.io)" "ysfine.com"
209.206.82.153 - - [05/Dec/2022:17:24:18 -0800] "GET /people/peo.html HTTP/1.1" 200 40140 "-" "Timpibot/0.8 (+http://www.timpi.io)" "ysfine.com"
209.206.82.153 - - [05/Dec/2022:17:24:18 -0800] "GET /princeton/index.html HTTP/1.1" 200 184 "-" "Timpibot/0.8 (+http://www.timpi.io)" "ysfine.com"
209.206.82.153 - - [05/Dec/2022:17:24:18 -0800] "GET /home/facu63.jpg HTTP/1.1" 200 296378 "-" "Timpibot/0.8 (+http://www.timpi.io)" "ysfine.com"
209.206.82.153 - - [05/Dec/2022:17:24:18 -0800] "GET /dirac/dirk62.html HTTP/1.1" 200 9691 "-" "Timpibot/0.8 (+http://www.timpi.io)" "ysfine.com"
209.206.82.153 - - [05/Dec/2022:17:24:18 -0800] "GET /wigner/index.html HTTP/1.1" 200 175 "-" "Timpibot/0.8 (+http://www.timpi.io)" "ysfine.com"
209.206.82.153 - - [05/Dec/2022:17:24:24 -0800] "GET /home/dwf.html HTTP/1.1" 200 13157 "-" "Timpibot/0.8 (+http://www.timpi.io)" "ysfine.com"
209.206.82.153 - - [05/Dec/2022:17:24:24 -0800] "GET /home/dashen.html HTTP/1.1" 200 9108 "-" "Timpibot/0.8 (+http://www.timpi.io)" "ysfine.com"
209.206.82.153 - - [05/Dec/2022:17:24:24 -0800] "GET /home/genea.html HTTP/1.1" 200 8798 "-" "Timpibot/0.8 (+http://www.timpi.io)" "ysfine.com"
209.206.82.153 - - [05/Dec/2022:17:24:24 -0800] "GET /maga/herod.html HTTP/1.1" 200 11293 "-" "Timpibot/0.8 (+http://www.timpi.io)" "ysfine.com"
209.206.82.153 - - [05/Dec/2022:17:24:24 -0800] "GET /home/easy.html HTTP/1.1" 200 22223 "-" "Timpibot/0.8 (+http://www.timpi.io)" "ysfine.com"
209.206.82.153 - - [05/Dec/2022:17:24:24 -0800] "GET /wigner/wigner39.html HTTP/1.1" 200 470 "-" "Timpibot/0.8 (+http://www.timpi.io)" "ysfine.com"
209.206.82.153 - - [05/Dec/2022:17:24:24 -0800] "GET /eink/ewk86.jpg HTTP/1.1" 200 188206 "-" "Timpibot/0.8 (+http://www.timpi.io)" "ysfine.com"
209.206.82.153 - - [05/Dec/2022:17:24:24 -0800] "GET /home/eindc03.jpg HTTP/1.1" 200 247500 "-" "Timpibot/0.8 (+http://www.timpi.io)" "ysfine.com"
209.206.82.153 - - [05/Dec/2022:17:24:24 -0800] "GET /home/washmo23.jpg HTTP/1.1" 200 61356 "-" "Timpibot/0.8 (+http://www.timpi.io)" "ysfine.com"
209.206.82.153 - - [05/Dec/2022:17:24:24 -0800] "GET /yspapers/jmp22.pdf HTTP/1.1" 200 3367329 "-" "Timpibot/0.8 (+http://www.timpi.io)" "ysfine.com"
209.206.82.153 - - [05/Dec/2022:17:24:34 -0800] "GET /home/eink54.jpg HTTP/1.1" 200 123527 "-" "Timpibot/0.8 (+http://www.timpi.io)" "ysfine.com"
209.206.82.153 - - [05/Dec/2022:17:24:34 -0800] "GET /home/taylor33.jpg HTTP/1.1" 200 206804 "-" "Timpibot/0.8 (+http://www.timpi.io)" "ysfine.com"
209.206.82.153 - - [05/Dec/2022:17:24:34 -0800] "GET /wdc/index.html HTTP/1.1" 200 198 "-" "Timpibot/0.8 (+http://www.timpi.io)" "ysfine.com"
209.206.82.153 - - [05/Dec/2022:17:24:34 -0800] "GET /houses/myhouse.html HTTP/1.1" 200 3843 "-" "Timpibot/0.8 (+http://www.timpi.io)" "ysfine.com"
209.206.82.153 - - [05/Dec/2022:17:24:34 -0800] "GET /eink/einhaus11.jpg HTTP/1.1" 200 166716 "-" "Timpibot/0.8 (+http://www.timpi.io)" "ysfine.com"
209.206.82.153 - - [05/Dec/2022:17:24:34 -0800] "GET /princeton/yspr.html HTTP/1.1" 200 16782 "-" "Timpibot/0.8 (+http://www.timpi.io)" "ysfine.com"
209.206.82.153 - - [05/Dec/2022:17:24:34 -0800] "GET /sbk/index.html HTTP/1.1" 200 293 "-" "Timpibot/0.8 (+http://www.timpi.io)" "ysfine.com"
209.206.82.153 - - [05/Dec/2022:17:24:34 -0800] "GET /eink/einhaus33.jpg HTTP/1.1" 200 77905 "-" "Timpibot/0.8 (+http://www.timpi.io)" "ysfine.com"
209.206.82.153 - - [05/Dec/2022:17:24:34 -0800] "GET /home/1987pr22.jpg HTTP/1.1" 200 273963 "-" "Timpibot/0.8 (+http://www.timpi.io)" "ysfine.com"
209.206.82.153 - - [05/Dec/2022:17:24:34 -0800] "GET /style/stbot.html HTTP/1.1" 200 170 "-" "Timpibot/0.8 (+http://www.timpi.io)" "ysfine.com"
209.206.82.153 - - [05/Dec/2022:17:24:35 -0800] "GET /awards/index.html HTTP/1.1" 200 30140 "-" "Timpibot/0.8 (+http://www.timpi.io)" "ysfine.com"
209.206.82.153 - - [05/Dec/2022:17:24:35 -0800] "GET /einstein/einstorie.html HTTP/1.1" 200 7910 "-" "Timpibot/0.8 (+http://www.timpi.io)" "ysfine.com"
209.206.82.153 - - [05/Dec/2022:17:24:35 -0800] "GET /home/different.html HTTP/1.1" 200 5536 "-" "Timpibot/0.8 (+http://www.timpi.io)" "ysfine.com"
209.206.82.153 - - [05/Dec/2022:17:24:35 -0800] "GET /home/yshome.html HTTP/1.1" 200 15871 "-" "Timpibot/0.8 (+http://www.timpi.io)" "ysfine.com"
209.206.82.153 - - [05/Dec/2022:17:24:35 -0800] "GET /einhouse11.jpg HTTP/1.1" 404 73 "-" "Timpibot/0.8 (+http://www.timpi.io)" "ysfine.com"
209.206.82.153 - - [05/Dec/2022:17:24:35 -0800] "GET /yspapers/index.html HTTP/1.1" 200 78328 "-" "Timpibot/0.8 (+http://www.timpi.io)" "ysfine.com"
209.206.82.153 - - [05/Dec/2022:17:24:35 -0800] "GET /home/easy.html HTTP/1.1" 200 22223 "-" "Timpibot/0.8 (+http://www.timpi.io)" "ysfine.com"
209.206.82.153 - - [05/Dec/2022:17:24:35 -0800] "GET /einstein/einglaub01.jpg HTTP/1.1" 200 121877 "-" "Timpibot/0.8 (+http://www.timpi.io)" "ysfine.com"
209.206.82.153 - - [05/Dec/2022:17:24:35 -0800] "GET /style/ysnr11.jpg HTTP/1.1" 200 141084 "-" "Timpibot/0.8 (+http://www.timpi.io)" "ysfine.com"
209.206.82.153 - - [05/Dec/2022:17:24:35 -0800] "GET /home/eward55.jpg HTTP/1.1" 200 177769 "-" "Timpibot/0.8 (+http://www.timpi.io)" "ysfine.com"
209.206.82.153 - - [05/Dec/2022:17:24:41 -0800] "GET /weber88.jpg HTTP/1.1" 404 73 "-" "Timpibot/0.8 (+http://www.timpi.io)" "ysfine.com"
209.206.82.153 - - [05/Dec/2022:17:24:41 -0800] "GET /einstein/ulm22.html HTTP/1.1" 200 15814 "-" "Timpibot/0.8 (+http://www.timpi.io)" "ysfine.com"
209.206.82.153 - - [05/Dec/2022:17:24:41 -0800] "GET /home/100yrs.html HTTP/1.1" 200 23988 "-" "Timpibot/0.8 (+http://www.timpi.io)" "ysfine.com"
209.206.82.153 - - [05/Dec/2022:17:24:41 -0800] "GET /einstein/einxmas.html HTTP/1.1" 200 6163 "-" "Timpibot/0.8 (+http://www.timpi.io)" "ysfine.com"
209.206.82.153 - - [05/Dec/2022:17:24:41 -0800] "GET /heisen/einheisen.html HTTP/1.1" 200 13886 "-" "Timpibot/0.8 (+http://www.timpi.io)" "ysfine.com"
209.206.82.153 - - [05/Dec/2022:17:24:41 -0800] "GET /princeton/yspr.html HTTP/1.1" 200 16782 "-" "Timpibot/0.8 (+http://www.timpi.io)" "ysfine.com"
209.206.82.153 - - [05/Dec/2022:17:24:41 -0800] "GET /einstein/einwo.html HTTP/1.1" 200 11421 "-" "Timpibot/0.8 (+http://www.timpi.io)" "ysfine.com"
209.206.82.153 - - [05/Dec/2022:17:24:41 -0800] "GET /einstein/index.html HTTP/1.1" 200 200 "-" "Timpibot/0.8 (+http://www.timpi.io)" "ysfine.com"
209.206.82.153 - - [05/Dec/2022:17:24:41 -0800] "GET /einstein/einbohr.html HTTP/1.1" 200 18073 "-" "Timpibot/0.8 (+http://www.timpi.io)" "ysfine.com"
209.206.82.153 - - [05/Dec/2022:17:24:41 -0800] "GET /einstein/bern.html HTTP/1.1" 200 25967 "-" "Timpibot/0.8 (+http://www.timpi.io)" "ysfine.com"
209.206.82.153 - - [05/Dec/2022:17:24:41 -0800] "GET /eink/einhaus11c.jpg HTTP/1.1" 200 42522 "-" "-" "ysfine.com"
209.206.82.153 - - [05/Dec/2022:17:24:42 -0800] "GET /eink/einhaus33c.jpg HTTP/1.1" 200 23792 "-" "-" "ysfine.com"
209.206.82.153 - - [05/Dec/2022:17:24:42 -0800] "GET /home/taylor500.jpg HTTP/1.1" 200 79197 "-" "-" "ysfine.com"
209.206.82.153 - - [05/Dec/2022:17:24:44 -0800] "GET /home/eink54f.jpg HTTP/1.1" 200 96332 "-" "-" "ysfine.com"
209.206.82.153 - - [05/Dec/2022:17:24:46 -0800] "GET /home/eward55f.jpg HTTP/1.1" 200 122802 "-" "-" "ysfine.com"
209.206.82.153 - - [05/Dec/2022:17:24:46 -0800] "GET /iop21.jpg HTTP/1.1" 404 73 "-" "Timpibot/0.8 (+http://www.timpi.io)" "ysfine.com"
209.206.82.153 - - [05/Dec/2022:17:24:46 -0800] "GET /ecitizen40.jpg HTTP/1.1" 404 73 "-" "Timpibot/0.8 (+http://www.timpi.io)" "ysfine.com"
209.206.82.153 - - [05/Dec/2022:17:24:46 -0800] "GET /abombs11.jpg HTTP/1.1" 404 73 "-" "Timpibot/0.8 (+http://www.timpi.io)" "ysfine.com"
209.206.82.153 - - [05/Dec/2022:17:24:46 -0800] "GET /einhaus11.jpg HTTP/1.1" 404 73 "-" "Timpibot/0.8 (+http://www.timpi.io)" "ysfine.com"
209.206.82.153 - - [05/Dec/2022:17:24:46 -0800] "GET /einstein/eindc33.jpg HTTP/1.1" 200 247500 "-" "Timpibot/0.8 (+http://www.timpi.io)" "ysfine.com"
209.206.82.153 - - [05/Dec/2022:17:24:46 -0800] "GET /einsaru22.jpg HTTP/1.1" 404 73 "-" "Timpibot/0.8 (+http://www.timpi.io)" "ysfine.com"
209.206.82.153 - - [05/Dec/2022:17:24:46 -0800] "GET /lorentz21.jpg HTTP/1.1" 404 73 "-" "Timpibot/0.8 (+http://www.timpi.io)" "ysfine.com"
209.206.82.153 - - [05/Dec/2022:17:24:46 -0800] "GET /wigner/wigheis11.jpg HTTP/1.1" 200 96481 "-" "Timpibot/0.8 (+http://www.timpi.io)" "ysfine.com"
209.206.82.153 - - [05/Dec/2022:17:24:46 -0800] "GET /abomb66.jpg HTTP/1.1" 404 73 "-" "Timpibot/0.8 (+http://www.timpi.io)" "ysfine.com"
209.206.82.153 - - [05/Dec/2022:17:24:46 -0800] "GET /mose.html HTTP/1.1" 404 73 "-" "Timpibot/0.8 (+http://www.timpi.io)" "ysfine.com"
209.206.82.153 - - [05/Dec/2022:17:24:47 -0800] "GET /pwk33.jpg HTTP/1.1" 404 73 "-" "Timpibot/0.8 (+http://www.timpi.io)" "ysfine.com"
209.206.82.153 - - [05/Dec/2022:17:24:47 -0800] "GET /timemag46.jpg HTTP/1.1" 404 73 "-" "Timpibot/0.8 (+http://www.timpi.io)" "ysfine.com"
209.206.82.153 - - [05/Dec/2022:17:24:47 -0800] "GET /wigner/evangel.html HTTP/1.1" 200 13578 "-" "Timpibot/0.8 (+http://www.timpi.io)" "ysfine.com"
209.206.82.153 - - [05/Dec/2022:17:24:47 -0800] "GET /einbern55.jpg HTTP/1.1" 404 73 "-" "Timpibot/0.8 (+http://www.timpi.io)" "ysfine.com"
209.206.82.153 - - [05/Dec/2022:17:24:47 -0800] "GET /enterprize61.jpg HTTP/1.1" 404 73 "-" "Timpibot/0.8 (+http://www.timpi.io)" "ysfine.com"
209.206.82.153 - - [05/Dec/2022:17:24:47 -0800] "GET /einbern66.jpg HTTP/1.1" 404 73 "-" "Timpibot/0.8 (+http://www.timpi.io)" "ysfine.com"
209.206.82.153 - - [05/Dec/2022:17:24:47 -0800] "GET /einstein/further.html HTTP/1.1" 200 11879 "-" "Timpibot/0.8 (+http://www.timpi.io)" "ysfine.com"
209.206.82.153 - - [05/Dec/2022:17:24:47 -0800] "GET /berlinmus05.jpg HTTP/1.1" 404 73 "-" "Timpibot/0.8 (+http://www.timpi.io)" "ysfine.com"
209.206.82.153 - - [05/Dec/2022:17:24:47 -0800] "GET /emc22.jpg HTTP/1.1" 404 73 "-" "Timpibot/0.8 (+http://www.timpi.io)" "ysfine.com"
209.206.82.153 - - [05/Dec/2022:17:24:47 -0800] "GET /kowar/tanks/tank05.jpg HTTP/1.1" 200 222063 "-" "Timpibot/0.8 (+http://www.timpi.io)" "ysfine.com"
209.206.82.153 - - [05/Dec/2022:17:24:53 -0800] "GET /feyfirm66.jpg HTTP/1.1" 404 73 "-" "Timpibot/0.8 (+http://www.timpi.io)" "ysfine.com"
209.206.82.153 - - [05/Dec/2022:17:24:53 -0800] "GET /home/feysavior.html HTTP/1.1" 200 6070 "-" "Timpibot/0.8 (+http://www.timpi.io)" "ysfine.com"
209.206.82.153 - - [05/Dec/2022:17:24:53 -0800] "GET /dirac/dirk62.html HTTP/1.1" 200 9691 "-" "Timpibot/0.8 (+http://www.timpi.io)" "ysfine.com"
209.206.82.153 - - [05/Dec/2022:17:24:53 -0800] "GET /yspapers/kno79.pdf HTTP/1.1" 200 176844 "-" "Timpibot/0.8 (+http://www.timpi.io)" "ysfine.com"
209.206.82.153 - - [05/Dec/2022:17:24:53 -0800] "GET /feynman43.jpg HTTP/1.1" 404 73 "-" "Timpibot/0.8 (+http://www.timpi.io)" "ysfine.com"
209.206.82.153 - - [05/Dec/2022:17:24:53 -0800] "GET /comet40.jpg HTTP/1.1" 404 73 "-" "Timpibot/0.8 (+http://www.timpi.io)" "ysfine.com"
209.206.82.153 - - [05/Dec/2022:17:24:53 -0800] "GET /newtein77.jpg HTTP/1.1" 404 73 "-" "Timpibot/0.8 (+http://www.timpi.io)" "ysfine.com"
209.206.82.153 - - [05/Dec/2022:17:24:53 -0800] "GET /feynman/feydirac.jpg HTTP/1.1" 200 98378 "-" "Timpibot/0.8 (+http://www.timpi.io)" "ysfine.com"
209.206.82.153 - - [05/Dec/2022:17:24:53 -0800] "GET /feynman/index.html HTTP/1.1" 200 200 "-" "Timpibot/0.8 (+http://www.timpi.io)" "ysfine.com"
209.206.82.153 - - [05/Dec/2022:17:24:53 -0800] "GET /feynman/feyn70.jpg HTTP/1.1" 200 41386 "-" "Timpibot/0.8 (+http://www.timpi.io)" "ysfine.com"
209.206.82.153 - - [05/Dec/2022:17:24:53 -0800] "GET /einbohr101.jpg HTTP/1.1" 404 73 "-" "Timpibot/0.8 (+http://www.timpi.io)" "ysfine.com"
209.206.82.153 - - [05/Dec/2022:17:24:53 -0800] "GET /einbohr77.jpg HTTP/1.1" 404 73 "-" "Timpibot/0.8 (+http://www.timpi.io)" "ysfine.com"
209.206.82.153 - - [05/Dec/2022:17:24:53 -0800] "GET /dirackn55.jpg HTTP/1.1" 404 73 "-" "Timpibot/0.8 (+http://www.timpi.io)" "ysfine.com"
209.206.82.153 - - [05/Dec/2022:17:24:53 -0800] "GET /feynman/partons.html HTTP/1.1" 200 17203 "-" "Timpibot/0.8 (+http://www.timpi.io)" "ysfine.com"
209.206.82.153 - - [05/Dec/2022:17:24:53 -0800] "GET /parton77.jpg HTTP/1.1" 404 73 "-" "Timpibot/0.8 (+http://www.timpi.io)" "ysfine.com"
209.206.82.153 - - [05/Dec/2022:17:24:53 -0800] "GET /home/wcartoon.html HTTP/1.1" 200 16820 "-" "Timpibot/0.8 (+http://www.timpi.io)" "ysfine.com"
209.206.82.153 - - [05/Dec/2022:17:24:53 -0800] "GET /dirac/dirac39.jpg HTTP/1.1" 200 244941 "-" "Timpibot/0.8 (+http://www.timpi.io)" "ysfine.com"
209.206.82.153 - - [05/Dec/2022:17:24:53 -0800] "GET /yspapers/jmp22.pdf HTTP/1.1" 200 3367329 "-" "Timpibot/0.8 (+http://www.timpi.io)" "ysfine.com"
209.206.82.153 - - [05/Dec/2022:17:24:53 -0800] "GET /dirac/dart/dirac45a.pdf HTTP/1.1" 200 2115116 "-" "Timpibot/0.8 (+http://www.timpi.io)" "ysfine.com"
209.206.82.153 - - [05/Dec/2022:17:24:53 -0800] "GET /dirac/dart/dirac27a.pdf HTTP/1.1" 200 3396153 "-" "Timpibot/0.8 (+http://www.timpi.io)" "ysfine.com"
