72.83.103.64 - - [05/Dec/2022:06:30:36 -0800] "GET /einstein/places/einha02b.jpg HTTP/1.1" 200 35565 "https://ysfine.com/einstein/bern.html" "Mozilla/5.0 (Linux; Android 13; SM-S908U) AppleWebKit/537.36 (KHTML, like Gecko) Chrome/108.0.0.0 Mobile Safari/537.36" "ysfine.com"
72.83.103.64 - - [05/Dec/2022:06:30:36 -0800] "GET /einstein/places/einha39b.jpg HTTP/1.1" 200 50120 "https://ysfine.com/einstein/bern.html" "Mozilla/5.0 (Linux; Android 13; SM-S908U) AppleWebKit/537.36 (KHTML, like Gecko) Chrome/108.0.0.0 Mobile Safari/537.36" "ysfine.com"
72.83.103.64 - - [05/Dec/2022:06:30:36 -0800] "GET /einstein/einhouse11b.jpg HTTP/1.1" 200 42717 "https://ysfine.com/einstein/bern.html" "Mozilla/5.0 (Linux; Android 13; SM-S908U) AppleWebKit/537.36 (KHTML, like Gecko) Chrome/108.0.0.0 Mobile Safari/537.36" "ysfine.com"
72.83.103.64 - - [05/Dec/2022:06:30:36 -0800] "GET /einstein/einglaub01b.jpg HTTP/1.1" 200 48405 "https://ysfine.com/einstein/bern.html" "Mozilla/5.0 (Linux; Android 13; SM-S908U) AppleWebKit/537.36 (KHTML, like Gecko) Chrome/108.0.0.0 Mobile Safari/537.36" "ysfine.com"
72.83.103.64 - - [05/Dec/2022:06:30:36 -0800] "GET /einstein/places/einha05b.jpg HTTP/1.1" 200 51007 "https://ysfine.com/einstein/bern.html" "Mozilla/5.0 (Linux; Android 13; SM-S908U) AppleWebKit/537.36 (KHTML, like Gecko) Chrome/108.0.0.0 Mobile Safari/537.36" "ysfine.com"
72.83.103.64 - - [05/Dec/2022:06:30:36 -0800] "GET /maga/phys/yukaein2.jpg HTTP/1.1" 200 42863 "https://ysfine.com/einstein/bern.html" "Mozilla/5.0 (Linux; Android 13; SM-S908U) AppleWebKit/537.36 (KHTML, like Gecko) Chrome/108.0.0.0 Mobile Safari/537.36" "ysfine.com"
72.83.103.64 - - [05/Dec/2022:06:30:36 -0800] "GET /einstein/places/einha23b.jpg HTTP/1.1" 200 30374 "https://ysfine.com/einstein/bern.html" "Mozilla/5.0 (Linux; Android 13; SM-S908U) AppleWebKit/537.36 (KHTML, like Gecko) Chrome/108.0.0.0 Mobile Safari/537.36" "ysfine.com"
72.83.103.64 - - [05/Dec/2022:06:30:36 -0800] "GET /einstein/places/einhaus450.jpg HTTP/1.1" 200 65369 "https://ysfine.com/einstein/bern.html" "Mozilla/5.0 (Linux; Android 13; SM-S908U) AppleWebKit/537.36 (KHTML, like Gecko) Chrome/108.0.0.0 Mobile Safari/537.36" "ysfine.com"
72.83.103.64 - - [05/Dec/2022:06:30:36 -0800] "GET /einstein/places/einmu64b.jpg HTTP/1.1" 200 42063 "https://ysfine.com/einstein/bern.html" "Mozilla/5.0 (Linux; Android 13; SM-S908U) AppleWebKit/537.36 (KHTML, like Gecko) Chrome/108.0.0.0 Mobile Safari/537.36" "ysfine.com"
72.83.103.64 - - [05/Dec/2022:06:30:36 -0800] "GET /einstein/places/einmu12b.jpg HTTP/1.1" 200 32736 "https://ysfine.com/einstein/bern.html" "Mozilla/5.0 (Linux; Android 13; SM-S908U) AppleWebKit/537.36 (KHTML, like Gecko) Chrome/108.0.0.0 Mobile Safari/537.36" "ysfine.com"
72.83.103.64 - - [05/Dec/2022:06:30:36 -0800] "GET /einstein/places/einmu10b.jpg HTTP/1.1" 200 63699 "https://ysfine.com/einstein/bern.html" "Mozilla/5.0 (Linux; Android 13; SM-S908U) AppleWebKit/537.36 (KHTML, like Gecko) Chrome/108.0.0.0 Mobile Safari/537.36" "ysfine.com"
72.83.103.64 - - [05/Dec/2022:06:30:36 -0800] "GET /maga/phil/kanthegel22b.jpg HTTP/1.1" 200 36974 "https://ysfine.com/einstein/bern.html" "Mozilla/5.0 (Linux; Android 13; SM-S908U) AppleWebKit/537.36 (KHTML, like Gecko) Chrome/108.0.0.0 Mobile Safari/537.36" "ysfine.com"
72.83.103.64 - - [05/Dec/2022:06:30:36 -0800] "GET /einstein/places/einha01b.jpg HTTP/1.1" 200 41574 "https://ysfine.com/einstein/bern.html" "Mozilla/5.0 (Linux; Android 13; SM-S908U) AppleWebKit/537.36 (KHTML, like Gecko) Chrome/108.0.0.0 Mobile Safari/537.36" "ysfine.com"
72.83.103.64 - - [05/Dec/2022:06:30:36 -0800] "GET /einstein/einbohr11b.jpg HTTP/1.1" 200 37538 "https://ysfine.com/einstein/bern.html" "Mozilla/5.0 (Linux; Android 13; SM-S908U) AppleWebKit/537.36 (KHTML, like Gecko) Chrome/108.0.0.0 Mobile Safari/537.36" "ysfine.com"
72.83.103.64 - - [05/Dec/2022:06:30:36 -0800] "GET /wigner/wigein270.jpg HTTP/1.1" 200 21005 "https://ysfine.com/einstein/bern.html" "Mozilla/5.0 (Linux; Android 13; SM-S908U) AppleWebKit/537.36 (KHTML, like Gecko) Chrome/108.0.0.0 Mobile Safari/537.36" "ysfine.com"
72.83.103.64 - - [05/Dec/2022:06:30:36 -0800] "GET /einstein/places/einmu22b.jpg HTTP/1.1" 200 41361 "https://ysfine.com/einstein/bern.html" "Mozilla/5.0 (Linux; Android 13; SM-S908U) AppleWebKit/537.36 (KHTML, like Gecko) Chrome/108.0.0.0 Mobile Safari/537.36" "ysfine.com"
72.83.103.64 - - [05/Dec/2022:06:30:36 -0800] "GET /einstein/evol66b.jpg HTTP/1.1" 200 38577 "https://ysfine.com/einstein/bern.html" "Mozilla/5.0 (Linux; Android 13; SM-S908U) AppleWebKit/537.36 (KHTML, like Gecko) Chrome/108.0.0.0 Mobile Safari/537.36" "ysfine.com"
72.83.103.64 - - [05/Dec/2022:06:30:36 -0800] "GET /einstein/places/einmu52b.jpg HTTP/1.1" 200 38352 "https://ysfine.com/einstein/bern.html" "Mozilla/5.0 (Linux; Android 13; SM-S908U) AppleWebKit/537.36 (KHTML, like Gecko) Chrome/108.0.0.0 Mobile Safari/537.36" "ysfine.com"
72.83.103.64 - - [05/Dec/2022:06:30:36 -0800] "GET /einstein/places/einmu62b.jpg HTTP/1.1" 200 31976 "https://ysfine.com/einstein/bern.html" "Mozilla/5.0 (Linux; Android 13; SM-S908U) AppleWebKit/537.36 (KHTML, like Gecko) Chrome/108.0.0.0 Mobile Safari/537.36" "ysfine.com"
72.83.103.64 - - [05/Dec/2022:06:30:36 -0800] "GET /einstein/places/einmu08b.jpg HTTP/1.1" 200 37748 "https://ysfine.com/einstein/bern.html" "Mozilla/5.0 (Linux; Android 13; SM-S908U) AppleWebKit/537.36 (KHTML, like Gecko) Chrome/108.0.0.0 Mobile Safari/537.36" "ysfine.com"
72.83.103.64 - - [05/Dec/2022:06:30:36 -0800] "GET /einstein/places/einha36b.jpg HTTP/1.1" 200 45524 "https://ysfine.com/einstein/bern.html" "Mozilla/5.0 (Linux; Android 13; SM-S908U) AppleWebKit/537.36 (KHTML, like Gecko) Chrome/108.0.0.0 Mobile Safari/537.36" "ysfine.com"
72.83.103.64 - - [05/Dec/2022:06:30:36 -0800] "GET /einstein/places/einmu17b.jpg HTTP/1.1" 200 33255 "https://ysfine.com/einstein/bern.html" "Mozilla/5.0 (Linux; Android 13; SM-S908U) AppleWebKit/537.36 (KHTML, like Gecko) Chrome/108.0.0.0 Mobile Safari/537.36" "ysfine.com"
72.83.103.64 - - [05/Dec/2022:06:30:36 -0800] "GET /einstein/places/einmu41b.jpg HTTP/1.1" 200 52501 "https://ysfine.com/einstein/bern.html" "Mozilla/5.0 (Linux; Android 13; SM-S908U) AppleWebKit/537.36 (KHTML, like Gecko) Chrome/108.0.0.0 Mobile Safari/537.36" "ysfine.com"
72.83.103.64 - - [05/Dec/2022:06:30:36 -0800] "GET /maga/phys/heisen33b.jpg HTTP/1.1" 200 78035 "https://ysfine.com/einstein/bern.html" "Mozilla/5.0 (Linux; Android 13; SM-S908U) AppleWebKit/537.36 (KHTML, like Gecko) Chrome/108.0.0.0 Mobile Safari/537.36" "ysfine.com"
72.83.103.64 - - [05/Dec/2022:06:30:36 -0800] "GET /einstein/places/einmu16b.jpg HTTP/1.1" 200 34497 "https://ysfine.com/einstein/bern.html" "Mozilla/5.0 (Linux; Android 13; SM-S908U) AppleWebKit/537.36 (KHTML, like Gecko) Chrome/108.0.0.0 Mobile Safari/537.36" "ysfine.com"
114.119.128.23 - - [05/Dec/2022:06:33:25 -0800] "GET /remote/wigner111/frame16.html HTTP/1.1" 200 862 "https://ysfine.com/remote/wigner111/frame15.html" "Mozilla/5.0 (Linux; Android 7.0;) AppleWebKit/537.36 (KHTML, like Gecko) Mobile Safari/537.36 (compatible; PetalBot;+https://webmaster.petalsearch.com/site/petalbot)" "ysfine.com"
54.36.148.19 - - [05/Dec/2022:06:34:28 -0800] "GET / HTTP/1.1" 200 5295 "-" "Mozilla/5.0 (compatible; AhrefsBot/7.0; +http://ahrefs.com/robot/)" "ysfine.com"
206.232.10.114 - - [05/Dec/2022:06:34:37 -0800] "GET /world/germany/leipzig29.jpg HTTP/1.1" 200 284047 "-" "Mozilla/5.0 (Windows NT 6.3; WOW64) AppleWebKit/537.36 (KHTML, like Gecko) Chrome/38.0.2125.111 Safari/537.36" "www.ysfine.com"
157.55.39.76 - - [05/Dec/2022:06:36:08 -0800] "GET /bio/sbk/1950.html HTTP/1.1" 404 88 "-" "Mozilla/5.0 (compatible; bingbot/2.0; +http://www.bing.com/bingbot.htm)" "ysfine.com"
157.55.39.76 - - [05/Dec/2022:06:36:38 -0800] "GET /bio/kobak/kohist.html HTTP/1.1" 404 88 "-" "Mozilla/5.0 AppleWebKit/537.36 (KHTML, like Gecko; compatible; bingbot/2.0; +http://www.bing.com/bingbot.htm) Chrome/103.0.5060.134 Safari/537.36" "ysfine.com"
207.46.13.48 - - [05/Dec/2022:06:37:53 -0800] "GET /bio/style/rieu.html HTTP/1.1" 404 88 "-" "Mozilla/5.0 AppleWebKit/537.36 (KHTML, like Gecko; compatible; bingbot/2.0; +http://www.bing.com/bingbot.htm) Chrome/103.0.5060.134 Safari/537.36" "ysfine.com"
40.77.167.39 - - [05/Dec/2022:06:37:57 -0800] "GET /einstein/einst06.html HTTP/1.1" 200 1773 "-" "Mozilla/5.0 (compatible; bingbot/2.0; +http://www.bing.com/bingbot.htm)" "www.ysfine.com"
54.36.148.63 - - [05/Dec/2022:06:38:07 -0800] "GET /robots.txt HTTP/1.1" 404 88 "-" "Mozilla/5.0 (compatible; AhrefsBot/7.0; +http://ahrefs.com/robot/)" "ysfine.com"
105.248.39.190 - - [05/Dec/2022:06:38:09 -0800] "GET /style/cameras/lumixlf144.jpg HTTP/1.1" 200 125934 "https://images.search.yahoo.com/search/images;_ylt=AwrFabv4_o1j8AoGEJNXNyoA;_ylu=Y29sbwNiZjEEcG9zAzEEdnRpZAMEc2VjA3Nj?p=line+drawings+of+leica+cameras&fr=mcafee" "Mozilla/5.0 (Windows NT 10.0; Win64; x64) AppleWebKit/537.36 (KHTML, like Gecko) Chrome/107.0.0.0 Safari/537.36" "www.ysfine.com"
40.77.167.39 - - [05/Dec/2022:06:38:17 -0800] "GET /ysbio/folks/british.html HTTP/1.1" 404 88 "-" "Mozilla/5.0 (compatible; bingbot/2.0; +http://www.bing.com/bingbot.htm)" "ysfine.com"
40.77.167.39 - - [05/Dec/2022:06:38:17 -0800] "GET /bio/feynman/partons.html HTTP/1.1" 404 88 "-" "Mozilla/5.0 (compatible; bingbot/2.0; +http://www.bing.com/bingbot.htm)" "ysfine.com"
157.55.39.76 - - [05/Dec/2022:06:39:18 -0800] "GET /bio/style/artlove.html HTTP/1.1" 404 88 "-" "Mozilla/5.0 (compatible; bingbot/2.0; +http://www.bing.com/bingbot.htm)" "ysfine.com"
39.154.7.223 - - [05/Dec/2022:06:40:42 -0800] "GET /einstein/heisen33b.jpg HTTP/1.1" 200 78035 "https://www.icourse163.org/" "Mozilla/5.0 (Windows NT 10.0; Win64; x64) AppleWebKit/537.36 (KHTML, like Gecko) Chrome/107.0.0.0 Safari/537.36" "ysfine.com"
192.0.112.82 - - [05/Dec/2022:06:40:47 -0800] "GET /feynman/ppic/hyperell01b.jpg HTTP/1.1" 200 29858 "-" "Photon/1.0" "ysfine.com"
172.56.121.150 - - [05/Dec/2022:06:41:30 -0800] "GET /feynman/ppic/parton33f.jpg HTTP/1.1" 200 81850 "https://www.google.com/" "Mozilla/5.0 (Linux; Android 11; moto g pure Build/RRHS31.Q3-46-110-13; wv) AppleWebKit/537.36 (KHTML, like Gecko) Version/4.0 Chrome/94.0.4606.85 Mobile Safari/537.36 GSA/12.34.17.23.arm" "ysfine.com"
222.186.42.209 - - [05/Dec/2022:06:41:58 -0800] "GET /data/admin/allowurl.txt HTTP/1.1" 404 88 "-" "Mozilla/5.0 (Windows NT 10.0; WOW64; rv:48.0) Gecko/20100101 Firefox/48.0" "www.ysfine.com"
51.222.253.16 - - [05/Dec/2022:06:42:17 -0800] "GET /class54/class5470/total_data/sub_311.htm HTTP/1.1" 200 3317 "-" "Mozilla/5.0 (compatible; AhrefsBot/7.0; +http://ahrefs.com/robot/)" "www.ysfine.com"
157.55.39.6 - - [05/Dec/2022:06:42:41 -0800] "GET /ysbio/folks/service.html HTTP/1.1" 404 88 "-" "Mozilla/5.0 AppleWebKit/537.36 (KHTML, like Gecko; compatible; bingbot/2.0; +http://www.bing.com/bingbot.htm) Chrome/103.0.5060.134 Safari/537.36" "ysfine.com"
123.179.103.94 - - [05/Dec/2022:06:44:04 -0800] "GET /einstein/heisen33b.jpg HTTP/1.1" 200 78035 "https://www.icourse163.org/" "Mozilla/5.0 (Windows NT 10.0; Win64; x64) AppleWebKit/537.36 (KHTML, like Gecko) Chrome/107.0.0.0 Safari/537.36" "ysfine.com"
77.75.79.31 - - [05/Dec/2022:06:44:14 -0800] "GET /home/mathrev.html HTTP/1.1" 304 - "-" "Mozilla/5.0 (compatible; SeznamBot/4.0-RC1; +http://napoveda.seznam.cz/seznambot-intro/)" "ysfine.com"
207.46.13.20 - - [05/Dec/2022:06:44:15 -0800] "GET /bio/style/proschanie.html HTTP/1.1" 404 88 "-" "Mozilla/5.0 (compatible; bingbot/2.0; +http://www.bing.com/bingbot.htm)" "ysfine.com"
207.46.13.134 - - [05/Dec/2022:06:44:24 -0800] "GET /bio/feynman/fphoto.html HTTP/1.1" 404 88 "-" "Mozilla/5.0 AppleWebKit/537.36 (KHTML, like Gecko; compatible; bingbot/2.0; +http://www.bing.com/bingbot.htm) Chrome/103.0.5060.134 Safari/537.36" "ysfine.com"
207.46.13.134 - - [05/Dec/2022:06:44:25 -0800] "GET /bio/einstein/maxein.html HTTP/1.1" 404 88 "-" "Mozilla/5.0 (compatible; bingbot/2.0; +http://www.bing.com/bingbot.htm)" "ysfine.com"
207.46.13.134 - - [05/Dec/2022:06:44:25 -0800] "GET /bio/kobak/shortw.html HTTP/1.1" 404 88 "-" "Mozilla/5.0 (compatible; bingbot/2.0; +http://www.bing.com/bingbot.htm)" "ysfine.com"
207.46.13.134 - - [05/Dec/2022:06:44:25 -0800] "GET /ysbio/folks/chinese.html HTTP/1.1" 404 88 "-" "Mozilla/5.0 AppleWebKit/537.36 (KHTML, like Gecko; compatible; bingbot/2.0; +http://www.bing.com/bingbot.htm) Chrome/103.0.5060.134 Safari/537.36" "ysfine.com"
207.46.13.134 - - [05/Dec/2022:06:44:26 -0800] "GET /bio/dirac/dirpoems.html HTTP/1.1" 404 88 "-" "Mozilla/5.0 (compatible; bingbot/2.0; +http://www.bing.com/bingbot.htm)" "ysfine.com"
207.46.13.134 - - [05/Dec/2022:06:44:28 -0800] "GET /bio/style/ystyle.html HTTP/1.1" 404 88 "-" "Mozilla/5.0 AppleWebKit/537.36 (KHTML, like Gecko; compatible; bingbot/2.0; +http://www.bing.com/bingbot.htm) Chrome/103.0.5060.134 Safari/537.36" "ysfine.com"
207.46.13.134 - - [05/Dec/2022:06:44:28 -0800] "GET /bio/style/yspapers/index.html HTTP/1.1" 404 88 "-" "Mozilla/5.0 (compatible; bingbot/2.0; +http://www.bing.com/bingbot.htm)" "ysfine.com"
207.46.13.134 - - [05/Dec/2022:06:44:29 -0800] "GET /world/polandp.html HTTP/1.1" 200 5411 "-" "Mozilla/5.0 AppleWebKit/537.36 (KHTML, like Gecko; compatible; bingbot/2.0; +http://www.bing.com/bingbot.htm) Chrome/103.0.5060.134 Safari/537.36" "ysfine.com"
77.88.5.36 - - [05/Dec/2022:06:45:39 -0800] "GET /robots.txt HTTP/1.1" 404 73 "-" "Mozilla/5.0 (compatible; YandexBot/3.0; +http://yandex.com/bots)" "www.ysfine.com"
93.158.161.55 - - [05/Dec/2022:06:45:43 -0800] "GET /world/turkw.html HTTP/1.1" 404 88 "-" "Mozilla/5.0 (compatible; YandexBot/3.0; +http://yandex.com/bots)" "www.ysfine.com"
157.55.39.6 - - [05/Dec/2022:06:45:50 -0800] "GET /bio/awards/iao.html HTTP/1.1" 404 88 "-" "Mozilla/5.0 AppleWebKit/537.36 (KHTML, like Gecko; compatible; bingbot/2.0; +http://www.bing.com/bingbot.htm) Chrome/103.0.5060.134 Safari/537.36" "ysfine.com"
51.222.253.17 - - [05/Dec/2022:06:46:05 -0800] "GET /class54/class5470/total_data/sub_309.htm HTTP/1.1" 200 3332 "-" "Mozilla/5.0 (compatible; AhrefsBot/7.0; +http://ahrefs.com/robot/)" "www.ysfine.com"
51.222.253.13 - - [05/Dec/2022:06:46:11 -0800] "GET /class54/class5470/total_data/photo_img/3-9.jpg HTTP/1.1" 200 193549 "-" "Mozilla/5.0 (compatible; AhrefsBot/7.0; +http://ahrefs.com/robot/)" "www.ysfine.com"
51.222.253.5 - - [05/Dec/2022:06:46:25 -0800] "GET /class54/class5470/total_data/img/03_smtitle09.gif HTTP/1.1" 200 691 "-" "Mozilla/5.0 (compatible; AhrefsBot/7.0; +http://ahrefs.com/robot/)" "www.ysfine.com"
207.46.13.134 - - [05/Dec/2022:06:47:06 -0800] "GET /wdc/whouse08.jpg HTTP/1.1" 200 56905 "-" "Mozilla/5.0 (compatible; bingbot/2.0; +http://www.bing.com/bingbot.htm)" "www.ysfine.com"
157.55.39.6 - - [05/Dec/2022:06:47:31 -0800] "GET /bio/style/leica.html HTTP/1.1" 404 88 "-" "Mozilla/5.0 (compatible; bingbot/2.0; +http://www.bing.com/bingbot.htm)" "ysfine.com"
207.46.13.134 - - [05/Dec/2022:06:49:16 -0800] "GET /maga/tesla.html HTTP/1.1" 200 4852 "-" "Mozilla/5.0 AppleWebKit/537.36 (KHTML, like Gecko; compatible; bingbot/2.0; +http://www.bing.com/bingbot.htm) Chrome/103.0.5060.134 Safari/537.36" "www.ysfine.com"
51.222.253.5 - - [05/Dec/2022:06:49:52 -0800] "GET /class54/class5470/total_data/sub_314.htm HTTP/1.1" 200 3310 "-" "Mozilla/5.0 (compatible; AhrefsBot/7.0; +http://ahrefs.com/robot/)" "www.ysfine.com"
157.55.39.6 - - [05/Dec/2022:06:50:42 -0800] "GET /bio/kobak/namdae.html HTTP/1.1" 404 88 "-" "Mozilla/5.0 (compatible; bingbot/2.0; +http://www.bing.com/bingbot.htm)" "ysfine.com"
20.104.64.248 - - [05/Dec/2022:06:50:45 -0800] "GET /wp-info.php HTTP/1.1" 404 73 "-" "Mozilla/5.0 (Windows NT 10.0; Win64; x64) AppleWebKit/537.36 (KHTML, like Gecko) Chrome/86.0.4240.75 Safari/537.36" "ysfine.com"
20.104.64.248 - - [05/Dec/2022:06:50:45 -0800] "GET /wso.php HTTP/1.1" 404 73 "-" "Mozilla/5.0 (Windows NT 10.0; Win64; x64) AppleWebKit/537.36 (KHTML, like Gecko) Chrome/92.0.4515.159 Safari/537.36" "ysfine.com"
20.104.64.248 - - [05/Dec/2022:06:50:45 -0800] "GET /wsa.php HTTP/1.1" 404 73 "-" "Mozilla/5.0 (Linux; Android 10; SM-A505FN) AppleWebKit/537.36 (KHTML, like Gecko) Chrome/86.0.4240.99 Mobile Safari/537.36" "ysfine.com"
20.104.64.248 - - [05/Dec/2022:06:50:45 -0800] "GET /shell.php HTTP/1.1" 404 73 "-" "Mozilla/5.0 (Windows NT 10.0; Win64; x64) AppleWebKit/537.36 (KHTML, like Gecko) Chrome/92.0.4515.131 Safari/537.36" "ysfine.com"
20.104.64.248 - - [05/Dec/2022:06:50:45 -0800] "GET /bala.php HTTP/1.1" 404 73 "-" "Mozilla/5.0 (Windows NT 10.0; Win64; x64) AppleWebKit/537.36 (KHTML, like Gecko) Chrome/86.0.4240.75 Safari/537.36" "ysfine.com"
20.104.64.248 - - [05/Dec/2022:06:50:45 -0800] "GET /local.php HTTP/1.1" 404 73 "-" "Mozilla/5.0 (Windows NT 10.0; Win64; x64) AppleWebKit/537.36 (KHTML, like Gecko) Chrome/92.0.4515.107 Safari/537.36" "ysfine.com"
20.104.64.248 - - [05/Dec/2022:06:50:45 -0800] "GET /logs.php HTTP/1.1" 404 73 "-" "Mozilla/5.0 (Windows NT 10.0; Win64; x64) AppleWebKit/537.36 (KHTML, like Gecko) Chrome/92.0.4515.107 Safari/537.36" "ysfine.com"
20.104.64.248 - - [05/Dec/2022:06:50:45 -0800] "GET /alwso.php HTTP/1.1" 404 73 "-" "Mozilla/5.0 (Windows NT 10.0; Win64; x64) AppleWebKit/537.36 (KHTML, like Gecko) Chrome/92.0.4515.107 Safari/537.36" "ysfine.com"
20.104.64.248 - - [05/Dec/2022:06:50:45 -0800] "GET /ffAA531.php HTTP/1.1" 404 73 "-" "Mozilla/5.0 (Windows NT 10.0; Win64; x64) AppleWebKit/537.36 (KHTML, like Gecko) Chrome/92.0.4515.107 Safari/537.36" "ysfine.com"
20.104.64.248 - - [05/Dec/2022:06:50:45 -0800] "GET /wp-2019.php HTTP/1.1" 404 73 "-" "Mozilla/5.0 (Windows NT 10.0; Win64; x64) AppleWebKit/537.36 (KHTML, like Gecko) Chrome/92.0.4515.107 Safari/537.36" "ysfine.com"
20.104.64.248 - - [05/Dec/2022:06:50:45 -0800] "GET /autoload_classmap.php HTTP/1.1" 404 73 "-" "Mozilla/5.0 (Windows NT 10.0; Win64; x64) AppleWebKit/537.36 (KHTML, like Gecko) Chrome/92.0.4515.107 Safari/537.36" "ysfine.com"
20.104.64.248 - - [05/Dec/2022:06:50:45 -0800] "GET /wp-fox.php HTTP/1.1" 404 73 "-" "Mozilla/5.0 (Windows NT 10.0; Win64; x64) AppleWebKit/537.36 (KHTML, like Gecko) Chrome/92.0.4515.107 Safari/537.36" "ysfine.com"
20.104.64.248 - - [05/Dec/2022:06:50:45 -0800] "GET /wso112233.php HTTP/1.1" 404 73 "-" "Mozilla/5.0 (Windows NT 10.0; Win64; x64) AppleWebKit/537.36 (KHTML, like Gecko) Chrome/92.0.4515.107 Safari/537.36" "ysfine.com"
20.104.64.248 - - [05/Dec/2022:06:50:45 -0800] "GET /by.php HTTP/1.1" 404 73 "-" "Mozilla/5.0 (Windows NT 10.0; Win64; x64) AppleWebKit/537.36 (KHTML, like Gecko) Chrome/92.0.4515.107 Safari/537.36" "ysfine.com"
20.104.64.248 - - [05/Dec/2022:06:50:45 -0800] "GET /wp-class.php HTTP/1.1" 404 73 "-" "Mozilla/5.0 (Windows NT 10.0; Win64; x64) AppleWebKit/537.36 (KHTML, like Gecko) Chrome/92.0.4515.107 Safari/537.36" "ysfine.com"
20.104.64.248 - - [05/Dec/2022:06:50:45 -0800] "GET /oldindex.php HTTP/1.1" 404 73 "-" "Mozilla/5.0 (Windows NT 10.0; Win64; x64) AppleWebKit/537.36 (KHTML, like Gecko) Chrome/92.0.4515.107 Safari/537.36" "ysfine.com"
20.104.64.248 - - [05/Dec/2022:06:50:45 -0800] "GET /lol.php HTTP/1.1" 404 73 "-" "Mozilla/5.0 (Windows NT 10.0; Win64; x64) AppleWebKit/537.36 (KHTML, like Gecko) Chrome/92.0.4515.107 Safari/537.36" "ysfine.com"
20.104.64.248 - - [05/Dec/2022:06:50:45 -0800] "GET /l.php HTTP/1.1" 404 73 "-" "Mozilla/5.0 (Windows NT 10.0; Win64; x64) AppleWebKit/537.36 (KHTML, like Gecko) Chrome/92.0.4515.107 Safari/537.36" "ysfine.com"
90.147.69.222 - - [05/Dec/2022:06:51:23 -0800] "GET /people/princeton68.jpg HTTP/1.1" 200 192633 "https://www.google.com/" "Mozilla/5.0 (Windows NT 6.1; Win64; x64) AppleWebKit/537.36 (KHTML, like Gecko) Chrome/107.0.0.0 Safari/537.36" "ysfine.com"
90.147.69.222 - - [05/Dec/2022:06:51:25 -0800] "GET /people/pimage.html HTTP/1.1" 200 7965 "https://www.google.com/" "Mozilla/5.0 (Windows NT 6.1; Win64; x64) AppleWebKit/537.36 (KHTML, like Gecko) Chrome/107.0.0.0 Safari/537.36" "ysfine.com"
90.147.69.222 - - [05/Dec/2022:06:51:25 -0800] "GET /people/sbt11b.jpg HTTP/1.1" 200 29397 "https://ysfine.com/people/pimage.html" "Mozilla/5.0 (Windows NT 6.1; Win64; x64) AppleWebKit/537.36 (KHTML, like Gecko) Chrome/107.0.0.0 Safari/537.36" "ysfine.com"
90.147.69.222 - - [05/Dec/2022:06:51:25 -0800] "GET /princeton/pcomm01b.jpg HTTP/1.1" 200 46796 "https://ysfine.com/people/pimage.html" "Mozilla/5.0 (Windows NT 6.1; Win64; x64) AppleWebKit/537.36 (KHTML, like Gecko) Chrome/107.0.0.0 Safari/537.36" "ysfine.com"
90.147.69.222 - - [05/Dec/2022:06:51:26 -0800] "GET /kobak/rhee10b.jpg HTTP/1.1" 200 29337 "https://ysfine.com/people/pimage.html" "Mozilla/5.0 (Windows NT 6.1; Win64; x64) AppleWebKit/537.36 (KHTML, like Gecko) Chrome/107.0.0.0 Safari/537.36" "ysfine.com"
90.147.69.222 - - [05/Dec/2022:06:51:26 -0800] "GET /princeton/nphd2.jpg HTTP/1.1" 200 42916 "https://ysfine.com/people/pimage.html" "Mozilla/5.0 (Windows NT 6.1; Win64; x64) AppleWebKit/537.36 (KHTML, like Gecko) Chrome/107.0.0.0 Safari/537.36" "ysfine.com"
90.147.69.222 - - [05/Dec/2022:06:51:26 -0800] "GET /princeton/rheepr01b.jpg HTTP/1.1" 200 35236 "https://ysfine.com/people/pimage.html" "Mozilla/5.0 (Windows NT 6.1; Win64; x64) AppleWebKit/537.36 (KHTML, like Gecko) Chrome/107.0.0.0 Safari/537.36" "ysfine.com"
90.147.69.222 - - [05/Dec/2022:06:51:26 -0800] "GET /people/tollwig2.jpg HTTP/1.1" 200 35067 "https://ysfine.com/people/pimage.html" "Mozilla/5.0 (Windows NT 6.1; Win64; x64) AppleWebKit/537.36 (KHTML, like Gecko) Chrome/107.0.0.0 Safari/537.36" "ysfine.com"
90.147.69.222 - - [05/Dec/2022:06:51:26 -0800] "GET /people/wboys2.jpg HTTP/1.1" 200 40344 "https://ysfine.com/people/pimage.html" "Mozilla/5.0 (Windows NT 6.1; Win64; x64) AppleWebKit/537.36 (KHTML, like Gecko) Chrome/107.0.0.0 Safari/537.36" "ysfine.com"
90.147.69.222 - - [05/Dec/2022:06:51:26 -0800] "GET /feynman/feyjad33b.jpg HTTP/1.1" 200 32306 "https://ysfine.com/people/pimage.html" "Mozilla/5.0 (Windows NT 6.1; Win64; x64) AppleWebKit/537.36 (KHTML, like Gecko) Chrome/107.0.0.0 Safari/537.36" "ysfine.com"
90.147.69.222 - - [05/Dec/2022:06:51:26 -0800] "GET /wigner/fitch02b.jpg HTTP/1.1" 200 33167 "https://ysfine.com/people/pimage.html" "Mozilla/5.0 (Windows NT 6.1; Win64; x64) AppleWebKit/537.36 (KHTML, like Gecko) Chrome/107.0.0.0 Safari/537.36" "ysfine.com"
90.147.69.222 - - [05/Dec/2022:06:51:26 -0800] "GET /wigner/neum/pvn05b.jpg HTTP/1.1" 200 45464 "https://ysfine.com/people/pimage.html" "Mozilla/5.0 (Windows NT 6.1; Win64; x64) AppleWebKit/537.36 (KHTML, like Gecko) Chrome/107.0.0.0 Safari/537.36" "ysfine.com"
90.147.69.222 - - [05/Dec/2022:06:51:26 -0800] "GET /people/carnation61b.jpg HTTP/1.1" 200 48369 "https://ysfine.com/people/pimage.html" "Mozilla/5.0 (Windows NT 6.1; Win64; x64) AppleWebKit/537.36 (KHTML, like Gecko) Chrome/107.0.0.0 Safari/537.36" "ysfine.com"
90.147.69.222 - - [05/Dec/2022:06:51:26 -0800] "GET /people/sbtwein2.jpg HTTP/1.1" 200 30398 "https://ysfine.com/people/pimage.html" "Mozilla/5.0 (Windows NT 6.1; Win64; x64) AppleWebKit/537.36 (KHTML, like Gecko) Chrome/107.0.0.0 Safari/537.36" "ysfine.com"
90.147.69.222 - - [05/Dec/2022:06:51:26 -0800] "GET /people/lipkin02b.jpg HTTP/1.1" 200 44829 "https://ysfine.com/people/pimage.html" "Mozilla/5.0 (Windows NT 6.1; Win64; x64) AppleWebKit/537.36 (KHTML, like Gecko) Chrome/107.0.0.0 Safari/537.36" "ysfine.com"
90.147.69.222 - - [05/Dec/2022:06:51:26 -0800] "GET /eink/pwk19c.jpg HTTP/1.1" 200 57759 "https://ysfine.com/people/pimage.html" "Mozilla/5.0 (Windows NT 6.1; Win64; x64) AppleWebKit/537.36 (KHTML, like Gecko) Chrome/107.0.0.0 Safari/537.36" "ysfine.com"
90.147.69.222 - - [05/Dec/2022:06:51:26 -0800] "GET /wigner/wighome2.jpg HTTP/1.1" 200 48701 "https://ysfine.com/people/pimage.html" "Mozilla/5.0 (Windows NT 6.1; Win64; x64) AppleWebKit/537.36 (KHTML, like Gecko) Chrome/107.0.0.0 Safari/537.36" "ysfine.com"
90.147.69.222 - - [05/Dec/2022:06:51:26 -0800] "GET /people/redgreen2.jpg HTTP/1.1" 200 54064 "https://ysfine.com/people/pimage.html" "Mozilla/5.0 (Windows NT 6.1; Win64; x64) AppleWebKit/537.36 (KHTML, like Gecko) Chrome/107.0.0.0 Safari/537.36" "ysfine.com"
90.147.69.222 - - [05/Dec/2022:06:51:26 -0800] "GET /people/wheemaine2.jpg HTTP/1.1" 200 34617 "https://ysfine.com/people/pimage.html" "Mozilla/5.0 (Windows NT 6.1; Win64; x64) AppleWebKit/537.36 (KHTML, like Gecko) Chrome/107.0.0.0 Safari/537.36" "ysfine.com"
90.147.69.222 - - [05/Dec/2022:06:51:26 -0800] "GET /people/princeton68b.jpg HTTP/1.1" 200 40218 "https://ysfine.com/people/pimage.html" "Mozilla/5.0 (Windows NT 6.1; Win64; x64) AppleWebKit/537.36 (KHTML, like Gecko) Chrome/107.0.0.0 Safari/537.36" "ysfine.com"
90.147.69.222 - - [05/Dec/2022:06:51:26 -0800] "GET /people/klauder06b.jpg HTTP/1.1" 200 52423 "https://ysfine.com/people/pimage.html" "Mozilla/5.0 (Windows NT 6.1; Win64; x64) AppleWebKit/537.36 (KHTML, like Gecko) Chrome/107.0.0.0 Safari/537.36" "ysfine.com"
90.147.69.222 - - [05/Dec/2022:06:51:26 -0800] "GET /einstein/eink24b.jpg HTTP/1.1" 200 42003 "https://ysfine.com/people/pimage.html" "Mozilla/5.0 (Windows NT 6.1; Win64; x64) AppleWebKit/537.36 (KHTML, like Gecko) Chrome/107.0.0.0 Safari/537.36" "ysfine.com"
90.147.69.222 - - [05/Dec/2022:06:51:26 -0800] "GET /beau/amkor/princelon01b.jpg HTTP/1.1" 404 88 "https://ysfine.com/people/pimage.html" "Mozilla/5.0 (Windows NT 6.1; Win64; x64) AppleWebKit/537.36 (KHTML, like Gecko) Chrome/107.0.0.0 Safari/537.36" "ysfine.com"
90.147.69.222 - - [05/Dec/2022:06:51:26 -0800] "GET /class54/taylor54d.jpg HTTP/1.1" 200 65653 "https://ysfine.com/people/pimage.html" "Mozilla/5.0 (Windows NT 6.1; Win64; x64) AppleWebKit/537.36 (KHTML, like Gecko) Chrome/107.0.0.0 Safari/537.36" "ysfine.com"
90.147.69.222 - - [05/Dec/2022:06:51:29 -0800] "GET /favicon.ico HTTP/1.1" 404 88 "https://ysfine.com/people/pimage.html" "Mozilla/5.0 (Windows NT 6.1; Win64; x64) AppleWebKit/537.36 (KHTML, like Gecko) Chrome/107.0.0.0 Safari/537.36" "ysfine.com"
66.249.70.3 - - [05/Dec/2022:06:51:34 -0800] "GET /feynman/feyjad33.jpg HTTP/1.1" 200 62305 "-" "Googlebot-Image/1.0" "ysfine.com"
157.55.39.76 - - [05/Dec/2022:06:52:01 -0800] "GET /bio/bio07.html HTTP/1.1" 404 88 "-" "Mozilla/5.0 AppleWebKit/537.36 (KHTML, like Gecko; compatible; bingbot/2.0; +http://www.bing.com/bingbot.htm) Chrome/103.0.5060.134 Safari/537.36" "ysfine.com"
207.46.13.48 - - [05/Dec/2022:06:52:05 -0800] "GET /bio/kobak/soraech.html HTTP/1.1" 404 88 "-" "Mozilla/5.0 AppleWebKit/537.36 (KHTML, like Gecko; compatible; bingbot/2.0; +http://www.bing.com/bingbot.htm) Chrome/103.0.5060.134 Safari/537.36" "ysfine.com"
90.147.69.222 - - [05/Dec/2022:06:52:11 -0800] "GET /people/princeton68.jpg HTTP/1.1" 200 192633 "https://ysfine.com/people/pimage.html" "Mozilla/5.0 (Windows NT 6.1; Win64; x64) AppleWebKit/537.36 (KHTML, like Gecko) Chrome/107.0.0.0 Safari/537.36" "ysfine.com"
20.62.224.44 - - [05/Dec/2022:06:52:42 -0800] "GET /world/russ/kazanmap22.jpg HTTP/1.1" 200 129761 "-" "DuckDuckBot/1.1; (+http://duckduckgo.com/duckduckbot.html)" "www.ysfine.com"
157.55.39.6 - - [05/Dec/2022:06:52:52 -0800] "GET /bio/einstein/bern.html HTTP/1.1" 404 88 "-" "Mozilla/5.0 (compatible; bingbot/2.0; +http://www.bing.com/bingbot.htm)" "ysfine.com"
77.88.5.83 - - [05/Dec/2022:06:52:52 -0800] "GET /style/socrates.html HTTP/1.1" 200 589 "-" "Mozilla/5.0 (compatible; YandexBot/3.0; +http://yandex.com/bots)" "www.ysfine.com"
157.55.39.76 - - [05/Dec/2022:06:52:59 -0800] "GET /class54/nam/namrigh.html HTTP/1.1" 200 922 "-" "Mozilla/5.0 (compatible; bingbot/2.0; +http://www.bing.com/bingbot.htm)" "www.ysfine.com"
157.55.39.76 - - [05/Dec/2022:06:53:49 -0800] "GET /bio/awards/marq.html HTTP/1.1" 404 88 "-" "Mozilla/5.0 AppleWebKit/537.36 (KHTML, like Gecko; compatible; bingbot/2.0; +http://www.bing.com/bingbot.htm) Chrome/103.0.5060.134 Safari/537.36" "ysfine.com"
51.222.253.16 - - [05/Dec/2022:06:54:01 -0800] "GET /class54/class5470/total_data/sub_320.htm HTTP/1.1" 200 3286 "-" "Mozilla/5.0 (compatible; AhrefsBot/7.0; +http://ahrefs.com/robot/)" "www.ysfine.com"
51.222.253.10 - - [05/Dec/2022:06:54:07 -0800] "GET /class54/class5470/total_data/photo_img/3-20.jpg HTTP/1.1" 200 138739 "-" "Mozilla/5.0 (compatible; AhrefsBot/7.0; +http://ahrefs.com/robot/)" "www.ysfine.com"
40.77.167.39 - - [05/Dec/2022:06:54:30 -0800] "GET /bio/genea.html HTTP/1.1" 404 88 "-" "Mozilla/5.0 (compatible; bingbot/2.0; +http://www.bing.com/bingbot.htm)" "ysfine.com"
216.244.66.229 - - [05/Dec/2022:06:55:35 -0800] "GET /robots.txt HTTP/1.1" 404 73 "-" "Mozilla/5.0 (compatible; DotBot/1.2; +https://opensiteexplorer.org/dotbot; help@moz.com)" "ysfine.com"
216.244.66.229 - - [05/Dec/2022:06:55:36 -0800] "GET /robots.txt HTTP/1.1" 404 73 "-" "Mozilla/5.0 (compatible; DotBot/1.2; +https://opensiteexplorer.org/dotbot; help@moz.com)" "www.ysfine.com"
207.46.13.134 - - [05/Dec/2022:06:55:56 -0800] "GET /bio/princeton/campus.html HTTP/1.1" 404 88 "-" "Mozilla/5.0 (compatible; bingbot/2.0; +http://www.bing.com/bingbot.htm)" "ysfine.com"
207.46.13.134 - - [05/Dec/2022:06:55:57 -0800] "GET /bio/wigner/e(2).html HTTP/1.1" 404 88 "-" "Mozilla/5.0 AppleWebKit/537.36 (KHTML, like Gecko; compatible; bingbot/2.0; +http://www.bing.com/bingbot.htm) Chrome/103.0.5060.134 Safari/537.36" "ysfine.com"
77.88.5.234 - - [05/Dec/2022:06:57:31 -0800] "GET /world/china22.html HTTP/1.1" 200 12827 "-" "Mozilla/5.0 (compatible; YandexBot/3.0; +http://yandex.com/bots)" "www.ysfine.com"
51.222.253.5 - - [05/Dec/2022:06:57:51 -0800] "GET /class54/class5470/total_data/sub_321.htm HTTP/1.1" 200 3323 "-" "Mozilla/5.0 (compatible; AhrefsBot/7.0; +http://ahrefs.com/robot/)" "www.ysfine.com"
207.46.13.20 - - [05/Dec/2022:06:58:06 -0800] "GET /confer/osc.html HTTP/1.1" 404 88 "-" "Mozilla/5.0 (compatible; bingbot/2.0; +http://www.bing.com/bingbot.htm)" "ysfine.com"
151.248.7.11 - - [05/Dec/2022:06:58:12 -0800] "GET /robots.txt HTTP/1.1" 404 88 "-" "Mozilla/5.0 (Windows NT 5.1; rv:6.0) Gecko/20100101 Firefox/10.0.2" "ysfine.com"
151.248.7.11 - - [05/Dec/2022:06:58:12 -0800] "GET /robots.txt HTTP/1.1" 404 88 "-" "Mozilla/5.0 (Windows NT 5.1; rv:6.0) Gecko/20100101 Firefox/10.0.2" "ysfine.com"
192.121.158.183 - - [05/Dec/2022:06:58:19 -0800] "GET /robots.txt HTTP/1.1" 404 88 "-" "Mozilla/5.0 (Windows NT 5.1; rv:6.0) Gecko/20100101 Firefox/10.0.2" "ysfine.com"
192.121.158.183 - - [05/Dec/2022:06:58:20 -0800] "GET /robots.txt HTTP/1.1" 404 88 "-" "Mozilla/5.0 (Windows NT 5.1; rv:6.0) Gecko/20100101 Firefox/10.0.2" "ysfine.com"
207.46.13.48 - - [05/Dec/2022:06:58:24 -0800] "GET /world/russ/spbf11b.jpg HTTP/1.1" 200 49354 "-" "Mozilla/5.0 AppleWebKit/537.36 (KHTML, like Gecko; compatible; bingbot/2.0; +http://www.bing.com/bingbot.htm) Chrome/103.0.5060.134 Safari/537.36" "ysfine.com"
207.46.13.48 - - [05/Dec/2022:06:58:34 -0800] "GET /sitemap.xml HTTP/1.1" 200 166 "-" "Mozilla/5.0 (compatible; bingbot/2.0; +http://www.bing.com/bingbot.htm)" "ysfine.com"
108.48.120.72 - - [05/Dec/2022:06:58:53 -0800] "GET /maga/phys/mainichi.jpg HTTP/1.1" 200 140249 "https://www.google.com/" "Mozilla/5.0 (Windows NT 10.0; Win64; x64) AppleWebKit/537.36 (KHTML, like Gecko) Chrome/108.0.0.0 Safari/537.36" "ysfine.com"
216.244.66.229 - - [05/Dec/2022:06:59:28 -0800] "GET /folks/morningstar.jpg HTTP/1.1" 200 82131 "-" "Mozilla/5.0 (compatible; DotBot/1.2; +https://opensiteexplorer.org/dotbot; help@moz.com)" "www.ysfine.com"
66.249.70.4 - - [05/Dec/2022:06:59:30 -0800] "GET /world/germany/hegel07b.jpg HTTP/1.1" 200 40724 "-" "Googlebot-Image/1.0" "ysfine.com"
216.244.66.229 - - [05/Dec/2022:06:59:36 -0800] "GET /folks/india05.jpg HTTP/1.1" 200 68888 "-" "Mozilla/5.0 (compatible; DotBot/1.2; +https://opensiteexplorer.org/dotbot; help@moz.com)" "www.ysfine.com"
216.244.66.229 - - [05/Dec/2022:07:00:04 -0800] "GET /folks/russmuc01.jpg HTTP/1.1" 200 153964 "-" "Mozilla/5.0 (compatible; DotBot/1.2; +https://opensiteexplorer.org/dotbot; help@moz.com)" "www.ysfine.com"
165.225.197.39 - - [05/Dec/2022:07:00:24 -0800] "GET /usca/pitt/pnc.html HTTP/1.1" 200 909 "https://www.google.com/" "Mozilla/5.0 (Windows NT 10.0; Win64; x64) AppleWebKit/537.36 (KHTML, like Gecko) Chrome/107.0.0.0 Safari/537.36" "ysfine.com"
165.225.197.39 - - [05/Dec/2022:07:00:24 -0800] "GET /usca/pitt/pnc01.jpg HTTP/1.1" 200 65328 "https://ysfine.com/usca/pitt/pnc.html" "Mozilla/5.0 (Windows NT 10.0; Win64; x64) AppleWebKit/537.36 (KHTML, like Gecko) Chrome/107.0.0.0 Safari/537.36" "ysfine.com"
165.225.197.39 - - [05/Dec/2022:07:00:24 -0800] "GET /usca/pitt/pnc02.jpg HTTP/1.1" 200 103935 "https://ysfine.com/usca/pitt/pnc.html" "Mozilla/5.0 (Windows NT 10.0; Win64; x64) AppleWebKit/537.36 (KHTML, like Gecko) Chrome/107.0.0.0 Safari/537.36" "ysfine.com"
165.225.197.39 - - [05/Dec/2022:07:00:24 -0800] "GET /usca/pitt/pnc03.jpg HTTP/1.1" 200 93469 "https://ysfine.com/usca/pitt/pnc.html" "Mozilla/5.0 (Windows NT 10.0; Win64; x64) AppleWebKit/537.36 (KHTML, like Gecko) Chrome/107.0.0.0 Safari/537.36" "ysfine.com"
165.225.197.39 - - [05/Dec/2022:07:00:25 -0800] "GET /favicon.ico HTTP/1.1" 404 88 "https://ysfine.com/usca/pitt/pnc.html" "Mozilla/5.0 (Windows NT 10.0; Win64; x64) AppleWebKit/537.36 (KHTML, like Gecko) Chrome/107.0.0.0 Safari/537.36" "ysfine.com"
165.225.197.39 - - [05/Dec/2022:07:00:45 -0800] "GET /usca/pitt HTTP/1.1" 301 1409 "-" "Mozilla/5.0 (Windows NT 10.0; Win64; x64) AppleWebKit/537.36 (KHTML, like Gecko) Chrome/107.0.0.0 Safari/537.36" "ysfine.com"
165.225.197.39 - - [05/Dec/2022:07:00:46 -0800] "GET /usca/pitt/ HTTP/1.1" 200 123 "-" "Mozilla/5.0 (Windows NT 10.0; Win64; x64) AppleWebKit/537.36 (KHTML, like Gecko) Chrome/107.0.0.0 Safari/537.36" "ysfine.com"
165.225.197.39 - - [05/Dec/2022:07:00:46 -0800] "GET /usca/pitt/prtop.html HTTP/1.1" 404 88 "https://ysfine.com/usca/pitt/" "Mozilla/5.0 (Windows NT 10.0; Win64; x64) AppleWebKit/537.36 (KHTML, like Gecko) Chrome/107.0.0.0 Safari/537.36" "ysfine.com"
165.225.197.39 - - [05/Dec/2022:07:00:46 -0800] "GET /usca/pitt/prbot.html HTTP/1.1" 404 88 "https://ysfine.com/usca/pitt/" "Mozilla/5.0 (Windows NT 10.0; Win64; x64) AppleWebKit/537.36 (KHTML, like Gecko) Chrome/107.0.0.0 Safari/537.36" "ysfine.com"
165.225.197.39 - - [05/Dec/2022:07:00:49 -0800] "GET /usca HTTP/1.1" 301 1406 "-" "Mozilla/5.0 (Windows NT 10.0; Win64; x64) AppleWebKit/537.36 (KHTML, like Gecko) Chrome/107.0.0.0 Safari/537.36" "ysfine.com"
165.225.197.39 - - [05/Dec/2022:07:00:49 -0800] "GET /usca/ HTTP/1.1" 200 792 "-" "Mozilla/5.0 (Windows NT 10.0; Win64; x64) AppleWebKit/537.36 (KHTML, like Gecko) Chrome/107.0.0.0 Safari/537.36" "ysfine.com"
216.244.66.229 - - [05/Dec/2022:07:00:53 -0800] "GET /usca/pitt/samsung11.jpg HTTP/1.1" 200 117367 "-" "Mozilla/5.0 (compatible; DotBot/1.2; +https://opensiteexplorer.org/dotbot; help@moz.com)" "www.ysfine.com"
165.225.197.39 - - [05/Dec/2022:07:00:54 -0800] "GET / HTTP/1.1" 200 5295 "-" "Mozilla/5.0 (Windows NT 10.0; Win64; x64) AppleWebKit/537.36 (KHTML, like Gecko) Chrome/107.0.0.0 Safari/537.36" "ysfine.com"
165.225.197.39 - - [05/Dec/2022:07:00:55 -0800] "GET /eink/ewk86f.jpg HTTP/1.1" 200 122173 "https://ysfine.com/" "Mozilla/5.0 (Windows NT 10.0; Win64; x64) AppleWebKit/537.36 (KHTML, like Gecko) Chrome/107.0.0.0 Safari/537.36" "ysfine.com"
165.225.197.39 - - [05/Dec/2022:07:00:55 -0800] "GET /home/truck450.jpg HTTP/1.1" 200 42871 "https://ysfine.com/" "Mozilla/5.0 (Windows NT 10.0; Win64; x64) AppleWebKit/537.36 (KHTML, like Gecko) Chrome/107.0.0.0 Safari/537.36" "ysfine.com"
165.225.197.39 - - [05/Dec/2022:07:00:55 -0800] "GET /home/goodbad450.jpg HTTP/1.1" 200 32258 "https://ysfine.com/" "Mozilla/5.0 (Windows NT 10.0; Win64; x64) AppleWebKit/537.36 (KHTML, like Gecko) Chrome/107.0.0.0 Safari/537.36" "ysfine.com"
165.225.197.39 - - [05/Dec/2022:07:00:55 -0800] "GET /home/top21d.jpg HTTP/1.1" 200 74409 "https://ysfine.com/" "Mozilla/5.0 (Windows NT 10.0; Win64; x64) AppleWebKit/537.36 (KHTML, like Gecko) Chrome/107.0.0.0 Safari/537.36" "ysfine.com"
165.225.197.39 - - [05/Dec/2022:07:00:55 -0800] "GET /home/facu450.jpg HTTP/1.1" 200 74535 "https://ysfine.com/" "Mozilla/5.0 (Windows NT 10.0; Win64; x64) AppleWebKit/537.36 (KHTML, like Gecko) Chrome/107.0.0.0 Safari/537.36" "ysfine.com"
165.225.197.39 - - [05/Dec/2022:07:00:55 -0800] "GET /home/eink450.jpg HTTP/1.1" 200 66794 "https://ysfine.com/" "Mozilla/5.0 (Windows NT 10.0; Win64; x64) AppleWebKit/537.36 (KHTML, like Gecko) Chrome/107.0.0.0 Safari/537.36" "ysfine.com"
165.225.197.39 - - [05/Dec/2022:07:00:55 -0800] "GET /home/washmo23d.jpg HTTP/1.1" 200 32142 "https://ysfine.com/" "Mozilla/5.0 (Windows NT 10.0; Win64; x64) AppleWebKit/537.36 (KHTML, like Gecko) Chrome/107.0.0.0 Safari/537.36" "ysfine.com"
165.225.197.39 - - [05/Dec/2022:07:00:55 -0800] "GET /home/eindc03d.jpg HTTP/1.1" 200 95860 "https://ysfine.com/" "Mozilla/5.0 (Windows NT 10.0; Win64; x64) AppleWebKit/537.36 (KHTML, like Gecko) Chrome/107.0.0.0 Safari/537.36" "ysfine.com"
165.225.197.39 - - [05/Dec/2022:07:00:55 -0800] "GET /home/1987pr22d.jpg HTTP/1.1" 200 66428 "https://ysfine.com/" "Mozilla/5.0 (Windows NT 10.0; Win64; x64) AppleWebKit/537.36 (KHTML, like Gecko) Chrome/107.0.0.0 Safari/537.36" "ysfine.com"
165.225.197.39 - - [05/Dec/2022:07:00:55 -0800] "GET /eink/einhaus11c.jpg HTTP/1.1" 200 42522 "https://ysfine.com/" "Mozilla/5.0 (Windows NT 10.0; Win64; x64) AppleWebKit/537.36 (KHTML, like Gecko) Chrome/107.0.0.0 Safari/537.36" "ysfine.com"
165.225.197.39 - - [05/Dec/2022:07:00:55 -0800] "GET /eink/einhaus33c.jpg HTTP/1.1" 200 23792 "https://ysfine.com/" "Mozilla/5.0 (Windows NT 10.0; Win64; x64) AppleWebKit/537.36 (KHTML, like Gecko) Chrome/107.0.0.0 Safari/537.36" "ysfine.com"
165.225.197.39 - - [05/Dec/2022:07:00:55 -0800] "GET /home/eink54f.jpg HTTP/1.1" 200 96332 "https://ysfine.com/" "Mozilla/5.0 (Windows NT 10.0; Win64; x64) AppleWebKit/537.36 (KHTML, like Gecko) Chrome/107.0.0.0 Safari/537.36" "ysfine.com"
165.225.197.39 - - [05/Dec/2022:07:00:55 -0800] "GET /home/taylor500.jpg HTTP/1.1" 200 79197 "https://ysfine.com/" "Mozilla/5.0 (Windows NT 10.0; Win64; x64) AppleWebKit/537.36 (KHTML, like Gecko) Chrome/107.0.0.0 Safari/537.36" "ysfine.com"
165.225.197.39 - - [05/Dec/2022:07:00:56 -0800] "GET /home/eward55f.jpg HTTP/1.1" 200 122802 "https://ysfine.com/" "Mozilla/5.0 (Windows NT 10.0; Win64; x64) AppleWebKit/537.36 (KHTML, like Gecko) Chrome/107.0.0.0 Safari/537.36" "ysfine.com"
51.222.253.5 - - [05/Dec/2022:07:02:01 -0800] "GET /class54/class5470/total_data/sub_318.htm HTTP/1.1" 200 3303 "-" "Mozilla/5.0 (compatible; AhrefsBot/7.0; +http://ahrefs.com/robot/)" "www.ysfine.com"
47.246.164.150 - - [05/Dec/2022:07:02:28 -0800] "GET /world/china/shenyang25.jpg HTTP/1.1" 200 153326 "-" "Mozilla/5.0 (X11; Ubuntu; Linux x86_64; rv:72.0) Gecko/20100101 Firefox/72.0" "ysfine.com"
216.244.66.229 - - [05/Dec/2022:07:02:49 -0800] "GET /folks/aline/airbaltic33.jpg HTTP/1.1" 200 70977 "-" "Mozilla/5.0 (compatible; DotBot/1.2; +https://opensiteexplorer.org/dotbot; help@moz.com)" "www.ysfine.com"
216.244.66.229 - - [05/Dec/2022:07:03:20 -0800] "GET /folks/mil/usna11.jpg HTTP/1.1" 200 78195 "-" "Mozilla/5.0 (compatible; DotBot/1.2; +https://opensiteexplorer.org/dotbot; help@moz.com)" "www.ysfine.com"
207.46.13.48 - - [05/Dec/2022:07:04:18 -0800] "GET /bio.html HTTP/1.1" 200 18114 "-" "Mozilla/5.0 AppleWebKit/537.36 (KHTML, like Gecko; compatible; bingbot/2.0; +http://www.bing.com/bingbot.htm) Chrome/103.0.5060.134 Safari/537.36" "ysfine.com"
157.55.39.76 - - [05/Dec/2022:07:04:31 -0800] "GET /bio/harmoarchi.html HTTP/1.1" 404 88 "-" "Mozilla/5.0 (compatible; bingbot/2.0; +http://www.bing.com/bingbot.htm)" "ysfine.com"
85.208.98.23 - - [05/Dec/2022:07:05:49 -0800] "GET /robots.txt HTTP/1.1" 404 88 "http://ysfine.com/robots.txt" "Mozilla/5.0 (compatible; SemrushBot-BA; +http://www.semrush.com/bot.html)" "ysfine.com"
85.208.98.23 - - [05/Dec/2022:07:05:50 -0800] "GET /robots.txt HTTP/1.1" 404 88 "http://www.ysfine.com/robots.txt" "Mozilla/5.0 (compatible; SemrushBot-BA; +http://www.semrush.com/bot.html)" "www.ysfine.com"
85.208.98.31 - - [05/Dec/2022:07:06:21 -0800] "GET /world/visas.html HTTP/1.1" 200 2626 "-" "Mozilla/5.0 (compatible; SemrushBot-BA; +http://www.semrush.com/bot.html)" "ysfine.com"
51.222.253.13 - - [05/Dec/2022:07:06:29 -0800] "GET /class54/class5470/total_data/sub_302.htm HTTP/1.1" 200 3324 "-" "Mozilla/5.0 (compatible; AhrefsBot/7.0; +http://ahrefs.com/robot/)" "www.ysfine.com"
85.208.98.16 - - [05/Dec/2022:07:06:44 -0800] "GET /world/visas.html HTTP/1.1" 200 2626 "-" "Mozilla/5.0 (compatible; SemrushBot-BA; +http://www.semrush.com/bot.html)" "www.ysfine.com"
81.56.7.166 - - [05/Dec/2022:07:07:31 -0800] "GET /maga/phil/marxlon02.jpg HTTP/1.1" 200 167564 "https://www.google.com/" "Mozilla/5.0 (Windows NT 10.0; Win64; x64) AppleWebKit/537.36 (KHTML, like Gecko) Chrome/108.0.0.0 Safari/537.36" "ysfine.com"
157.55.39.76 - - [05/Dec/2022:07:08:21 -0800] "GET /bio/sbk/1950.html HTTP/1.1" 404 88 "-" "Mozilla/5.0 AppleWebKit/537.36 (KHTML, like Gecko; compatible; bingbot/2.0; +http://www.bing.com/bingbot.htm) Chrome/103.0.5060.134 Safari/537.36" "ysfine.com"
207.46.13.48 - - [05/Dec/2022:07:09:06 -0800] "GET /bio/style/rieu.html HTTP/1.1" 404 88 "-" "Mozilla/5.0 (compatible; bingbot/2.0; +http://www.bing.com/bingbot.htm)" "ysfine.com"
40.77.167.39 - - [05/Dec/2022:07:10:00 -0800] "GET /bio/feynman/partons.html HTTP/1.1" 404 88 "-" "Mozilla/5.0 AppleWebKit/537.36 (KHTML, like Gecko; compatible; bingbot/2.0; +http://www.bing.com/bingbot.htm) Chrome/103.0.5060.134 Safari/537.36" "ysfine.com"
157.55.39.76 - - [05/Dec/2022:07:10:32 -0800] "GET /bio/style/artlove.html HTTP/1.1" 404 88 "-" "Mozilla/5.0 (compatible; bingbot/2.0; +http://www.bing.com/bingbot.htm)" "ysfine.com"
51.222.253.1 - - [05/Dec/2022:07:10:43 -0800] "GET /class54/class5470/total_data/sub_312.htm HTTP/1.1" 200 3289 "-" "Mozilla/5.0 (compatible; AhrefsBot/7.0; +http://ahrefs.com/robot/)" "www.ysfine.com"
114.119.156.111 - - [05/Dec/2022:07:12:48 -0800] "GET /class54/index.html HTTP/1.1" 200 2553 "https://ysfine.com/class54/emailed01.html" "Mozilla/5.0 (Linux; Android 7.0;) AppleWebKit/537.36 (KHTML, like Gecko) Mobile Safari/537.36 (compatible; PetalBot;+https://webmaster.petalsearch.com/site/petalbot)" "ysfine.com"
46.1.67.131 - - [05/Dec/2022:07:13:04 -0800] "GET /world/germany/benz13.jpg HTTP/1.1" 200 103872 "https://www.google.com/" "Mozilla/5.0 (Windows NT 10.0; Win64; x64) AppleWebKit/537.36 (KHTML, like Gecko) Chrome/89.0.4389.114 Safari/537.36" "ysfine.com"
207.46.13.48 - - [05/Dec/2022:07:13:17 -0800] "GET /bio/princeton/yspr.html HTTP/1.1" 404 88 "-" "Mozilla/5.0 AppleWebKit/537.36 (KHTML, like Gecko; compatible; bingbot/2.0; +http://www.bing.com/bingbot.htm) Chrome/103.0.5060.134 Safari/537.36" "ysfine.com"
207.46.13.134 - - [05/Dec/2022:07:13:19 -0800] "GET /bio/world/trier.html HTTP/1.1" 404 88 "-" "Mozilla/5.0 (compatible; bingbot/2.0; +http://www.bing.com/bingbot.htm)" "ysfine.com"
207.46.13.134 - - [05/Dec/2022:07:13:21 -0800] "GET /bio/style/ystyle.html HTTP/1.1" 404 88 "-" "Mozilla/5.0 AppleWebKit/537.36 (KHTML, like Gecko; compatible; bingbot/2.0; +http://www.bing.com/bingbot.htm) Chrome/103.0.5060.134 Safari/537.36" "ysfine.com"
207.46.13.134 - - [05/Dec/2022:07:13:22 -0800] "GET /bio04.html HTTP/1.1" 200 9059 "-" "Mozilla/5.0 (compatible; bingbot/2.0; +http://www.bing.com/bingbot.htm)" "ysfine.com"
207.46.13.48 - - [05/Dec/2022:07:13:46 -0800] "GET /einstein/einstorie HTTP/1.1" 200 2529 "-" "Mozilla/5.0 AppleWebKit/537.36 (KHTML, like Gecko; compatible; bingbot/2.0; +http://www.bing.com/bingbot.htm) Chrome/103.0.5060.134 Safari/537.36" "ysfine.com"
114.119.137.95 - - [05/Dec/2022:07:14:00 -0800] "GET /ffriends/aline/jal24c.jpg HTTP/1.1" 200 40451 "https://www.ysfine.com/ffriends/airlines.html" "Mozilla/5.0 (Linux; Android 7.0;) AppleWebKit/537.36 (KHTML, like Gecko) Mobile Safari/537.36 (compatible; PetalBot;+https://webmaster.petalsearch.com/site/petalbot)" "www.ysfine.com"
35.160.27.221 - - [05/Dec/2022:07:14:07 -0800] "GET /robots.txt HTTP/1.1" 404 88 "-" "Mozilla/5.0 (compatible) SemanticScholarBot (+https://www.semanticscholar.org/crawler)" "ysfine.com"
35.160.27.221 - - [05/Dec/2022:07:14:14 -0800] "GET /robots.txt HTTP/1.1" 404 88 "-" "Mozilla/5.0 (compatible) SemanticScholarBot (+https://www.semanticscholar.org/crawler)" "ysfine.com"
35.160.27.221 - - [05/Dec/2022:07:14:29 -0800] "GET /einstein/fantova/fantova.html HTTP/1.1" 200 6506 "-" "Mozilla/5.0 (compatible) SemanticScholarBot (+https://www.semanticscholar.org/crawler)" "ysfine.com"
92.184.102.22 - - [05/Dec/2022:07:14:29 -0800] "GET /world/germany/trier23.jpg HTTP/1.1" 200 181766 "https://www.bing.com/" "Mozilla/5.0 (Windows NT 10.0; Win64; x64) AppleWebKit/537.36 (KHTML, like Gecko) Chrome/107.0.0.0 Safari/537.36 Edg/107.0.1418.35" "ysfine.com"
51.222.253.5 - - [05/Dec/2022:07:14:55 -0800] "GET /class54/class5470/total_data/sub_317.htm HTTP/1.1" 200 3319 "-" "Mozilla/5.0 (compatible; AhrefsBot/7.0; +http://ahrefs.com/robot/)" "www.ysfine.com"
157.55.39.76 - - [05/Dec/2022:07:15:21 -0800] "GET /eink/ HTTP/1.1" 200 17716 "-" "Mozilla/5.0 (compatible; bingbot/2.0; +http://www.bing.com/bingbot.htm)" "ysfine.com"
90.46.20.143 - - [05/Dec/2022:07:16:26 -0800] "GET /world/france/montpar15.jpg HTTP/1.1" 200 174756 "https://www.bing.com/" "Mozilla/5.0 (Windows NT 10.0; Win64; x64) AppleWebKit/537.36 (KHTML, like Gecko) Chrome/107.0.0.0 Safari/537.36 Edg/107.0.1418.62" "ysfine.com"
207.46.13.20 - - [05/Dec/2022:07:17:48 -0800] "GET /bio/style/proschanie.html HTTP/1.1" 404 88 "-" "Mozilla/5.0 AppleWebKit/537.36 (KHTML, like Gecko; compatible; bingbot/2.0; +http://www.bing.com/bingbot.htm) Chrome/103.0.5060.134 Safari/537.36" "ysfine.com"
207.179.82.54 - - [05/Dec/2022:07:17:56 -0800] "GET /kobak/dulles.jpg HTTP/1.1" 200 106551 "https://www.google.com/" "Mozilla/5.0 (iPhone; CPU iPhone OS 16_1 like Mac OS X) AppleWebKit/605.1.15 (KHTML, like Gecko) CriOS/108.0.5359.52 Mobile/15E148 Safari/604.1" "ysfine.com"
71.11.14.34 - - [05/Dec/2022:07:18:16 -0800] "GET /wdc/obelisk22.jpg HTTP/1.1" 200 101572 "https://www.bing.com/" "Mozilla/5.0 (Windows NT 10.0; Win64; x64) AppleWebKit/537.36 (KHTML, like Gecko) Chrome/107.0.0.0 Safari/537.36 Edg/107.0.1418.52" "www.ysfine.com"
51.222.253.17 - - [05/Dec/2022:07:19:06 -0800] "GET /class54/class5470/total_data/sub_303.htm HTTP/1.1" 200 3324 "-" "Mozilla/5.0 (compatible; AhrefsBot/7.0; +http://ahrefs.com/robot/)" "www.ysfine.com"
51.222.253.4 - - [05/Dec/2022:07:19:10 -0800] "GET /class54/class5470/total_data/photo_img/3-3.jpg HTTP/1.1" 200 184791 "-" "Mozilla/5.0 (compatible; AhrefsBot/7.0; +http://ahrefs.com/robot/)" "www.ysfine.com"
207.46.13.134 - - [05/Dec/2022:07:19:18 -0800] "GET /world/andal.html HTTP/1.1" 200 10097 "-" "Mozilla/5.0 (compatible; bingbot/2.0; +http://www.bing.com/bingbot.htm)" "ysfine.com"
66.249.70.30 - - [05/Dec/2022:07:20:29 -0800] "GET /robots.txt HTTP/1.1" 404 88 "-" "Mozilla/5.0 (compatible; Googlebot/2.1; +http://www.google.com/bot.html)" "ysfine.com"
18.236.8.168 - - [05/Dec/2022:07:20:33 -0800] "GET / HTTP/1.1" 200 5295 "http://ysfine.com" "Mozilla/5.0 (Macintosh; Intel Mac OS X 10_12_2) AppleWebKit/537.36 (KHTML, like Gecko) Chrome/55.0.2883.95 Safari/537.36" "ysfine.com"
148.76.132.66 - - [05/Dec/2022:07:20:33 -0800] "GET /world/baltic/frombork.jpg HTTP/1.1" 200 147887 "https://www.google.com/" "Mozilla/5.0 (X11; CrOS x86_64 15117.111.0) AppleWebKit/537.36 (KHTML, like Gecko) Chrome/107.0.0.0 Safari/537.36" "ysfine.com"
66.249.70.4 - - [05/Dec/2022:07:21:00 -0800] "GET /eink/michwight.jpg HTTP/1.1" 200 128594 "-" "Googlebot-Image/1.0" "ysfine.com"
51.222.253.11 - - [05/Dec/2022:07:22:59 -0800] "GET /ffriends/roskei.html HTTP/1.1" 200 6121 "-" "Mozilla/5.0 (compatible; AhrefsBot/7.0; +http://ahrefs.com/robot/)" "www.ysfine.com"
40.88.21.235 - - [05/Dec/2022:07:24:54 -0800] "GET / HTTP/1.1" 200 5295 "https://www.ysfine.com/" "Mozilla/5.0 (compatible; DuckDuckGo-Favicons-Bot/1.0; +http://duckduckgo.com)" "www.ysfine.com"
40.88.21.235 - - [05/Dec/2022:07:24:54 -0800] "GET /favicon.ico HTTP/1.1" 404 88 "https://www.ysfine.com/favicon.ico" "Mozilla/5.0 (compatible; DuckDuckGo-Favicons-Bot/1.0; +http://duckduckgo.com)" "www.ysfine.com"
40.88.21.235 - - [05/Dec/2022:07:24:54 -0800] "GET /favicon.ico HTTP/1.1" 404 88 "https://www.ysfine.com/favicon.ico" "Mozilla/5.0 (compatible; DuckDuckGo-Favicons-Bot/1.0; +http://duckduckgo.com)" "www.ysfine.com"
85.208.98.23 - - [05/Dec/2022:07:25:05 -0800] "GET /robots.txt HTTP/1.1" 404 88 "http://ysfine.com/robots.txt" "Mozilla/5.0 (compatible; SemrushBot-BA; +http://www.semrush.com/bot.html)" "ysfine.com"
85.208.98.23 - - [05/Dec/2022:07:25:05 -0800] "GET /robots.txt HTTP/1.1" 404 88 "http://www.ysfine.com/robots.txt" "Mozilla/5.0 (compatible; SemrushBot-BA; +http://www.semrush.com/bot.html)" "www.ysfine.com"
85.208.98.19 - - [05/Dec/2022:07:25:27 -0800] "GET /world/visas.html HTTP/1.1" 200 2626 "-" "Mozilla/5.0 (compatible; SemrushBot-BA; +http://www.semrush.com/bot.html)" "www.ysfine.com"
85.208.98.16 - - [05/Dec/2022:07:25:27 -0800] "GET /world/visas.html HTTP/1.1" 200 2626 "-" "Mozilla/5.0 (compatible; SemrushBot-BA; +http://www.semrush.com/bot.html)" "ysfine.com"
77.75.78.162 - - [05/Dec/2022:07:26:22 -0800] "GET /robots.txt HTTP/1.1" 404 88 "-" "Mozilla/5.0 (compatible; SeznamBot/3.2; +http://napoveda.seznam.cz/en/seznambot-intro/)" "ysfine.com"
77.75.78.162 - - [05/Dec/2022:07:26:24 -0800] "GET /world/russ/mosgov16.jpg HTTP/1.1" 304 - "-" "Mozilla/5.0 (compatible; SeznamBot/3.2; +http://napoveda.seznam.cz/en/seznambot-intro/)" "ysfine.com"
157.55.39.76 - - [05/Dec/2022:07:26:44 -0800] "GET /bio/bio07.html HTTP/1.1" 404 88 "-" "Mozilla/5.0 (compatible; bingbot/2.0; +http://www.bing.com/bingbot.htm)" "ysfine.com"
51.222.253.6 - - [05/Dec/2022:07:26:44 -0800] "GET /ffriends/admire.html HTTP/1.1" 200 408 "-" "Mozilla/5.0 (compatible; AhrefsBot/7.0; +http://ahrefs.com/robot/)" "www.ysfine.com"
