71.178.208.102 - - [04/Dec/2022:20:01:33 -0800] "GET /figs/gtown47d.jpg HTTP/1.1" 200 46996 "https://www.ysfine.com/bio05.html" "Mozilla/5.0 (Linux; Android 5.1.1; KFSUWI) AppleWebKit/537.36 (KHTML, like Gecko) Silk/106.3.5 like Chrome/106.0.5249.170 Safari/537.36" "www.ysfine.com"
71.178.208.102 - - [04/Dec/2022:20:01:33 -0800] "GET /home/fotos/wigner62d.jpg HTTP/1.1" 200 82402 "https://www.ysfine.com/bio05.html" "Mozilla/5.0 (Linux; Android 5.1.1; KFSUWI) AppleWebKit/537.36 (KHTML, like Gecko) Silk/106.3.5 like Chrome/106.0.5249.170 Safari/537.36" "www.ysfine.com"
71.178.208.102 - - [04/Dec/2022:20:01:33 -0800] "GET /figs/waskor042d.jpg HTTP/1.1" 200 43502 "https://www.ysfine.com/bio05.html" "Mozilla/5.0 (Linux; Android 5.1.1; KFSUWI) AppleWebKit/537.36 (KHTML, like Gecko) Silk/106.3.5 like Chrome/106.0.5249.170 Safari/537.36" "www.ysfine.com"
71.178.208.102 - - [04/Dec/2022:20:01:33 -0800] "GET /home//tallm53f.jpg HTTP/1.1" 200 132310 "https://www.ysfine.com/bio05.html" "Mozilla/5.0 (Linux; Android 5.1.1; KFSUWI) AppleWebKit/537.36 (KHTML, like Gecko) Silk/106.3.5 like Chrome/106.0.5249.170 Safari/537.36" "www.ysfine.com"
71.178.208.102 - - [04/Dec/2022:20:01:33 -0800] "GET /home/fotos/tank05d.jpg HTTP/1.1" 200 52601 "https://www.ysfine.com/bio05.html" "Mozilla/5.0 (Linux; Android 5.1.1; KFSUWI) AppleWebKit/537.36 (KHTML, like Gecko) Silk/106.3.5 like Chrome/106.0.5249.170 Safari/537.36" "www.ysfine.com"
71.178.208.102 - - [04/Dec/2022:20:01:33 -0800] "GET /home/fotos/tank03d.jpg HTTP/1.1" 200 73123 "https://www.ysfine.com/bio05.html" "Mozilla/5.0 (Linux; Android 5.1.1; KFSUWI) AppleWebKit/537.36 (KHTML, like Gecko) Silk/106.3.5 like Chrome/106.0.5249.170 Safari/537.36" "www.ysfine.com"
71.178.208.102 - - [04/Dec/2022:20:01:33 -0800] "GET /home/fig22/busan22d.jpg HTTP/1.1" 200 35419 "https://www.ysfine.com/bio05.html" "Mozilla/5.0 (Linux; Android 5.1.1; KFSUWI) AppleWebKit/537.36 (KHTML, like Gecko) Silk/106.3.5 like Chrome/106.0.5249.170 Safari/537.36" "www.ysfine.com"
71.178.208.102 - - [04/Dec/2022:20:01:33 -0800] "GET /home/fotos/photo03d.jpg HTTP/1.1" 200 33647 "https://www.ysfine.com/bio05.html" "Mozilla/5.0 (Linux; Android 5.1.1; KFSUWI) AppleWebKit/537.36 (KHTML, like Gecko) Silk/106.3.5 like Chrome/106.0.5249.170 Safari/537.36" "www.ysfine.com"
71.178.208.102 - - [04/Dec/2022:20:01:33 -0800] "GET /home/fig22/acs73f.jpg HTTP/1.1" 200 284573 "https://www.ysfine.com/bio05.html" "Mozilla/5.0 (Linux; Android 5.1.1; KFSUWI) AppleWebKit/537.36 (KHTML, like Gecko) Silk/106.3.5 like Chrome/106.0.5249.170 Safari/537.36" "www.ysfine.com"
71.178.208.102 - - [04/Dec/2022:20:01:33 -0800] "GET /home/fig22/cafe33f.jpg HTTP/1.1" 200 147078 "https://www.ysfine.com/bio05.html" "Mozilla/5.0 (Linux; Android 5.1.1; KFSUWI) AppleWebKit/537.36 (KHTML, like Gecko) Silk/106.3.5 like Chrome/106.0.5249.170 Safari/537.36" "www.ysfine.com"
71.178.208.102 - - [04/Dec/2022:20:01:43 -0800] "GET /kiwi86f.jpg HTTP/1.1" 404 88 "https://www.ysfine.com/bio05.html" "Mozilla/5.0 (Linux; Android 5.1.1; KFSUWI) AppleWebKit/537.36 (KHTML, like Gecko) Silk/106.3.5 like Chrome/106.0.5249.170 Safari/537.36" "www.ysfine.com"
64.124.8.39 - - [04/Dec/2022:20:01:46 -0800] "GET /maga/phil/sisfa12/frame07.html HTTP/1.1" 200 320 "-" "Mozilla/5.0 (X11; Linux x86_64) AppleWebKit/537.36 (KHTML, like Gecko) Chrome/61.0.3163.79 Safari/537.36" "ysfine.com"
71.178.208.102 - - [04/Dec/2022:20:01:53 -0800] "GET /home/wdc/jeffm02c.jpg HTTP/1.1" 404 88 "https://www.ysfine.com/home/photobio.html" "Mozilla/5.0 (Linux; Android 5.1.1; KFSUWI) AppleWebKit/537.36 (KHTML, like Gecko) Silk/106.3.5 like Chrome/106.0.5249.170 Safari/537.36" "www.ysfine.com"
71.178.208.102 - - [04/Dec/2022:20:01:53 -0800] "GET /home/style/bstring33c.jpg HTTP/1.1" 404 88 "https://www.ysfine.com/home/photobio.html" "Mozilla/5.0 (Linux; Android 5.1.1; KFSUWI) AppleWebKit/537.36 (KHTML, like Gecko) Silk/106.3.5 like Chrome/106.0.5249.170 Safari/537.36" "www.ysfine.com"
71.178.208.102 - - [04/Dec/2022:20:01:53 -0800] "GET /home/kobak/swr51c.jpg HTTP/1.1" 404 88 "https://www.ysfine.com/home/photobio.html" "Mozilla/5.0 (Linux; Android 5.1.1; KFSUWI) AppleWebKit/537.36 (KHTML, like Gecko) Silk/106.3.5 like Chrome/106.0.5249.170 Safari/537.36" "www.ysfine.com"
64.124.8.39 - - [04/Dec/2022:20:02:33 -0800] "GET /home/kowis33.html HTTP/1.1" 200 2104 "-" "Mozilla/5.0 (X11; Linux x86_64) AppleWebKit/537.36 (KHTML, like Gecko) Chrome/61.0.3163.79 Safari/537.36" "www.ysfine.com"
71.178.208.102 - - [04/Dec/2022:20:02:33 -0800] "GET /home/style/bstring33c.jpg HTTP/1.1" 404 88 "https://www.ysfine.com/home/photobio.html" "Mozilla/5.0 (Linux; Android 5.1.1; KFSUWI) AppleWebKit/537.36 (KHTML, like Gecko) Silk/106.3.5 like Chrome/106.0.5249.170 Safari/537.36" "www.ysfine.com"
71.178.208.102 - - [04/Dec/2022:20:02:33 -0800] "GET /home/wdc/jeffm02c.jpg HTTP/1.1" 404 88 "https://www.ysfine.com/home/photobio.html" "Mozilla/5.0 (Linux; Android 5.1.1; KFSUWI) AppleWebKit/537.36 (KHTML, like Gecko) Silk/106.3.5 like Chrome/106.0.5249.170 Safari/537.36" "www.ysfine.com"
71.178.208.102 - - [04/Dec/2022:20:02:33 -0800] "GET /home/kobak/swr51c.jpg HTTP/1.1" 404 88 "https://www.ysfine.com/home/photobio.html" "Mozilla/5.0 (Linux; Android 5.1.1; KFSUWI) AppleWebKit/537.36 (KHTML, like Gecko) Silk/106.3.5 like Chrome/106.0.5249.170 Safari/537.36" "www.ysfine.com"
64.124.8.39 - - [04/Dec/2022:20:02:50 -0800] "GET /archives/proceedings/boston/kasai.html HTTP/1.1" 200 668 "-" "Mozilla/5.0 (X11; Linux x86_64) AppleWebKit/537.36 (KHTML, like Gecko) Chrome/61.0.3163.79 Safari/537.36" "ysfine.com"
207.46.13.48 - - [04/Dec/2022:20:03:00 -0800] "GET /ffriends/english44.jpg HTTP/1.1" 200 76054 "-" "Mozilla/5.0 (compatible; bingbot/2.0; +http://www.bing.com/bingbot.htm)" "ysfine.com"
64.124.8.39 - - [04/Dec/2022:20:03:05 -0800] "GET /usca/pgh22.html HTTP/1.1" 304 - "-" "Mozilla/5.0 (X11; Linux x86_64) AppleWebKit/537.36 (KHTML, like Gecko) Chrome/61.0.3163.79 Safari/537.36" "ysfine.com"
207.46.13.134 - - [04/Dec/2022:20:03:23 -0800] "GET /people/baran.jpg HTTP/1.1" 200 57735 "-" "Mozilla/5.0 AppleWebKit/537.36 (KHTML, like Gecko; compatible; bingbot/2.0; +http://www.bing.com/bingbot.htm) Chrome/103.0.5060.134 Safari/537.36" "www.ysfine.com"
71.178.208.102 - - [04/Dec/2022:20:03:32 -0800] "GET /bio08.html HTTP/1.1" 200 5117 "https://www.ysfine.com/home/photobio.html" "Mozilla/5.0 (Linux; Android 5.1.1; KFSUWI) AppleWebKit/537.36 (KHTML, like Gecko) Silk/106.3.5 like Chrome/106.0.5249.170 Safari/537.36" "www.ysfine.com"
71.178.208.102 - - [04/Dec/2022:20:03:32 -0800] "GET /home/foto22/facu63c.jpg HTTP/1.1" 200 41710 "https://www.ysfine.com/bio08.html" "Mozilla/5.0 (Linux; Android 5.1.1; KFSUWI) AppleWebKit/537.36 (KHTML, like Gecko) Silk/106.3.5 like Chrome/106.0.5249.170 Safari/537.36" "www.ysfine.com"
71.178.208.102 - - [04/Dec/2022:20:03:32 -0800] "GET /awards/eward11c.jpg HTTP/1.1" 200 48989 "https://www.ysfine.com/bio08.html" "Mozilla/5.0 (Linux; Android 5.1.1; KFSUWI) AppleWebKit/537.36 (KHTML, like Gecko) Silk/106.3.5 like Chrome/106.0.5249.170 Safari/537.36" "www.ysfine.com"
71.178.208.102 - - [04/Dec/2022:20:03:32 -0800] "GET /wdc/capitol02c.jpg HTTP/1.1" 200 28733 "https://www.ysfine.com/bio08.html" "Mozilla/5.0 (Linux; Android 5.1.1; KFSUWI) AppleWebKit/537.36 (KHTML, like Gecko) Silk/106.3.5 like Chrome/106.0.5249.170 Safari/537.36" "www.ysfine.com"
71.178.208.102 - - [04/Dec/2022:20:03:32 -0800] "GET /wdc/umdbarn01b.jpg HTTP/1.1" 200 42668 "https://www.ysfine.com/bio08.html" "Mozilla/5.0 (Linux; Android 5.1.1; KFSUWI) AppleWebKit/537.36 (KHTML, like Gecko) Silk/106.3.5 like Chrome/106.0.5249.170 Safari/537.36" "www.ysfine.com"
71.178.208.102 - - [04/Dec/2022:20:03:32 -0800] "GET /wdc/umd03b.jpg HTTP/1.1" 200 34740 "https://www.ysfine.com/bio08.html" "Mozilla/5.0 (Linux; Android 5.1.1; KFSUWI) AppleWebKit/537.36 (KHTML, like Gecko) Silk/106.3.5 like Chrome/106.0.5249.170 Safari/537.36" "www.ysfine.com"
71.178.208.102 - - [04/Dec/2022:20:03:32 -0800] "GET /fotos/comcast11b.jpg HTTP/1.1" 200 22571 "https://www.ysfine.com/bio08.html" "Mozilla/5.0 (Linux; Android 5.1.1; KFSUWI) AppleWebKit/537.36 (KHTML, like Gecko) Silk/106.3.5 like Chrome/106.0.5249.170 Safari/537.36" "www.ysfine.com"
71.178.208.102 - - [04/Dec/2022:20:03:32 -0800] "GET /home/ys90b.jpg HTTP/1.1" 200 29164 "https://www.ysfine.com/bio08.html" "Mozilla/5.0 (Linux; Android 5.1.1; KFSUWI) AppleWebKit/537.36 (KHTML, like Gecko) Silk/106.3.5 like Chrome/106.0.5249.170 Safari/537.36" "www.ysfine.com"
71.178.208.102 - - [04/Dec/2022:20:03:32 -0800] "GET /fotos/lincoln61b.jpg HTTP/1.1" 200 27455 "https://www.ysfine.com/bio08.html" "Mozilla/5.0 (Linux; Android 5.1.1; KFSUWI) AppleWebKit/537.36 (KHTML, like Gecko) Silk/106.3.5 like Chrome/106.0.5249.170 Safari/537.36" "www.ysfine.com"
71.178.208.102 - - [04/Dec/2022:20:03:32 -0800] "GET /people/tollwig2.jpg HTTP/1.1" 200 35067 "https://www.ysfine.com/bio08.html" "Mozilla/5.0 (Linux; Android 5.1.1; KFSUWI) AppleWebKit/537.36 (KHTML, like Gecko) Silk/106.3.5 like Chrome/106.0.5249.170 Safari/537.36" "www.ysfine.com"
71.178.208.102 - - [04/Dec/2022:20:03:32 -0800] "GET /fotos/cokes22b.jpg HTTP/1.1" 200 31764 "https://www.ysfine.com/bio08.html" "Mozilla/5.0 (Linux; Android 5.1.1; KFSUWI) AppleWebKit/537.36 (KHTML, like Gecko) Silk/106.3.5 like Chrome/106.0.5249.170 Safari/537.36" "www.ysfine.com"
71.178.208.102 - - [04/Dec/2022:20:03:32 -0800] "GET /wdc/umd06b.jpg HTTP/1.1" 200 34590 "https://www.ysfine.com/bio08.html" "Mozilla/5.0 (Linux; Android 5.1.1; KFSUWI) AppleWebKit/537.36 (KHTML, like Gecko) Silk/106.3.5 like Chrome/106.0.5249.170 Safari/537.36" "www.ysfine.com"
71.178.208.102 - - [04/Dec/2022:20:03:32 -0800] "GET /fotos/umd38b.jpg HTTP/1.1" 200 36528 "https://www.ysfine.com/bio08.html" "Mozilla/5.0 (Linux; Android 5.1.1; KFSUWI) AppleWebKit/537.36 (KHTML, like Gecko) Silk/106.3.5 like Chrome/106.0.5249.170 Safari/537.36" "www.ysfine.com"
71.178.208.102 - - [04/Dec/2022:20:03:32 -0800] "GET /wdc/umd02b.jpg HTTP/1.1" 200 40335 "https://www.ysfine.com/bio08.html" "Mozilla/5.0 (Linux; Android 5.1.1; KFSUWI) AppleWebKit/537.36 (KHTML, like Gecko) Silk/106.3.5 like Chrome/106.0.5249.170 Safari/537.36" "www.ysfine.com"
71.178.208.102 - - [04/Dec/2022:20:03:32 -0800] "GET /fotos/stud72b.jpg HTTP/1.1" 200 31123 "https://www.ysfine.com/bio08.html" "Mozilla/5.0 (Linux; Android 5.1.1; KFSUWI) AppleWebKit/537.36 (KHTML, like Gecko) Silk/106.3.5 like Chrome/106.0.5249.170 Safari/537.36" "www.ysfine.com"
71.178.208.102 - - [04/Dec/2022:20:03:32 -0800] "GET /people/towhee11b.jpg HTTP/1.1" 200 32584 "https://www.ysfine.com/bio08.html" "Mozilla/5.0 (Linux; Android 5.1.1; KFSUWI) AppleWebKit/537.36 (KHTML, like Gecko) Silk/106.3.5 like Chrome/106.0.5249.170 Safari/537.36" "www.ysfine.com"
71.178.208.102 - - [04/Dec/2022:20:03:49 -0800] "GET /bio10.html HTTP/1.1" 200 4475 "https://www.ysfine.com/home/photobio.html" "Mozilla/5.0 (Linux; Android 5.1.1; KFSUWI) AppleWebKit/537.36 (KHTML, like Gecko) Silk/106.3.5 like Chrome/106.0.5249.170 Safari/537.36" "www.ysfine.com"
71.178.208.102 - - [04/Dec/2022:20:03:49 -0800] "GET /home/foto22/hunmin22c.jpg HTTP/1.1" 200 55235 "https://www.ysfine.com/bio10.html" "Mozilla/5.0 (Linux; Android 5.1.1; KFSUWI) AppleWebKit/537.36 (KHTML, like Gecko) Silk/106.3.5 like Chrome/106.0.5249.170 Safari/537.36" "www.ysfine.com"
71.178.208.102 - - [04/Dec/2022:20:03:49 -0800] "GET /dirac/dirac39c.jpg HTTP/1.1" 200 54568 "https://www.ysfine.com/bio10.html" "Mozilla/5.0 (Linux; Android 5.1.1; KFSUWI) AppleWebKit/537.36 (KHTML, like Gecko) Silk/106.3.5 like Chrome/106.0.5249.170 Safari/537.36" "www.ysfine.com"
71.178.208.102 - - [04/Dec/2022:20:03:49 -0800] "GET /home/foto22/bek66aa.jpg HTTP/1.1" 200 66817 "https://www.ysfine.com/bio10.html" "Mozilla/5.0 (Linux; Android 5.1.1; KFSUWI) AppleWebKit/537.36 (KHTML, like Gecko) Silk/106.3.5 like Chrome/106.0.5249.170 Safari/537.36" "www.ysfine.com"
71.178.208.102 - - [04/Dec/2022:20:03:49 -0800] "GET /home/dirackn55a.jpg HTTP/1.1" 200 85505 "https://www.ysfine.com/bio10.html" "Mozilla/5.0 (Linux; Android 5.1.1; KFSUWI) AppleWebKit/537.36 (KHTML, like Gecko) Silk/106.3.5 like Chrome/106.0.5249.170 Safari/537.36" "www.ysfine.com"
71.178.208.102 - - [04/Dec/2022:20:03:49 -0800] "GET /home/foto22/comet01d.jpg HTTP/1.1" 200 66770 "https://www.ysfine.com/bio10.html" "Mozilla/5.0 (Linux; Android 5.1.1; KFSUWI) AppleWebKit/537.36 (KHTML, like Gecko) Silk/106.3.5 like Chrome/106.0.5249.170 Safari/537.36" "www.ysfine.com"
71.178.208.102 - - [04/Dec/2022:20:03:49 -0800] "GET /home/foto22/bek22a.jpg HTTP/1.1" 200 50408 "https://www.ysfine.com/bio10.html" "Mozilla/5.0 (Linux; Android 5.1.1; KFSUWI) AppleWebKit/537.36 (KHTML, like Gecko) Silk/106.3.5 like Chrome/106.0.5249.170 Safari/537.36" "www.ysfine.com"
71.178.208.102 - - [04/Dec/2022:20:03:49 -0800] "GET /eink/pwk19c.jpg HTTP/1.1" 200 57759 "https://www.ysfine.com/bio10.html" "Mozilla/5.0 (Linux; Android 5.1.1; KFSUWI) AppleWebKit/537.36 (KHTML, like Gecko) Silk/106.3.5 like Chrome/106.0.5249.170 Safari/537.36" "www.ysfine.com"
71.178.208.102 - - [04/Dec/2022:20:03:49 -0800] "GET /home/foto22/comet40d.jpg HTTP/1.1" 200 54378 "https://www.ysfine.com/bio10.html" "Mozilla/5.0 (Linux; Android 5.1.1; KFSUWI) AppleWebKit/537.36 (KHTML, like Gecko) Silk/106.3.5 like Chrome/106.0.5249.170 Safari/537.36" "www.ysfine.com"
71.178.208.102 - - [04/Dec/2022:20:03:49 -0800] "GET /kobak/taylor400.jpg HTTP/1.1" 200 56181 "https://www.ysfine.com/bio10.html" "Mozilla/5.0 (Linux; Android 5.1.1; KFSUWI) AppleWebKit/537.36 (KHTML, like Gecko) Silk/106.3.5 like Chrome/106.0.5249.170 Safari/537.36" "www.ysfine.com"
71.178.208.102 - - [04/Dec/2022:20:03:49 -0800] "GET /home/eink54f.jpg HTTP/1.1" 200 96332 "https://www.ysfine.com/bio10.html" "Mozilla/5.0 (Linux; Android 5.1.1; KFSUWI) AppleWebKit/537.36 (KHTML, like Gecko) Silk/106.3.5 like Chrome/106.0.5249.170 Safari/537.36" "www.ysfine.com"
51.222.253.17 - - [04/Dec/2022:20:03:52 -0800] "GET /dirac/dirkim.html HTTP/1.1" 200 3690 "-" "Mozilla/5.0 (compatible; AhrefsBot/7.0; +http://ahrefs.com/robot/)" "www.ysfine.com"
64.124.8.39 - - [04/Dec/2022:20:04:10 -0800] "GET /remote/wigner111/index.html HTTP/1.1" 304 - "-" "Mozilla/5.0 (X11; Linux x86_64) AppleWebKit/537.36 (KHTML, like Gecko) Chrome/61.0.3163.79 Safari/537.36" "ysfine.com"
40.77.167.39 - - [04/Dec/2022:20:04:17 -0800] "GET /world/brit/oxlon17.jpg HTTP/1.1" 200 92002 "-" "Mozilla/5.0 (compatible; bingbot/2.0; +http://www.bing.com/bingbot.htm)" "www.ysfine.com"
64.124.8.39 - - [04/Dec/2022:20:04:37 -0800] "GET /newyork/nyc.html HTTP/1.1" 304 - "-" "Mozilla/5.0 (X11; Linux x86_64) AppleWebKit/537.36 (KHTML, like Gecko) Chrome/61.0.3163.79 Safari/537.36" "ysfine.com"
207.46.13.134 - - [04/Dec/2022:20:05:12 -0800] "GET /world/germany/perga19.jpg HTTP/1.1" 200 90534 "-" "Mozilla/5.0 AppleWebKit/537.36 (KHTML, like Gecko; compatible; bingbot/2.0; +http://www.bing.com/bingbot.htm) Chrome/103.0.5060.134 Safari/537.36" "www.ysfine.com"
207.46.13.134 - - [04/Dec/2022:20:05:12 -0800] "GET /einstein/places/ulm07.jpg HTTP/1.1" 200 183075 "-" "Mozilla/5.0 AppleWebKit/537.36 (KHTML, like Gecko; compatible; bingbot/2.0; +http://www.bing.com/bingbot.htm) Chrome/103.0.5060.134 Safari/537.36" "www.ysfine.com"
157.55.39.76 - - [04/Dec/2022:20:05:27 -0800] "GET /people/klauder05.jpg HTTP/1.1" 200 107163 "-" "Mozilla/5.0 AppleWebKit/537.36 (KHTML, like Gecko; compatible; bingbot/2.0; +http://www.bing.com/bingbot.htm) Chrome/103.0.5060.134 Safari/537.36" "ysfine.com"
64.124.8.39 - - [04/Dec/2022:20:05:34 -0800] "GET /philo/keigel21.html HTTP/1.1" 304 - "-" "Mozilla/5.0 (X11; Linux x86_64) AppleWebKit/537.36 (KHTML, like Gecko) Chrome/61.0.3163.79 Safari/537.36" "ysfine.com"
64.124.8.39 - - [04/Dec/2022:20:05:40 -0800] "GET /wisdom/mongoinv.html HTTP/1.1" 200 1144 "-" "Mozilla/5.0 (X11; Linux x86_64) AppleWebKit/537.36 (KHTML, like Gecko) Chrome/61.0.3163.79 Safari/537.36" "ysfine.com"
207.46.13.20 - - [04/Dec/2022:20:05:42 -0800] "GET /world/germany/stutt08.jpg HTTP/1.1" 200 117766 "-" "Mozilla/5.0 (compatible; bingbot/2.0; +http://www.bing.com/bingbot.htm)" "ysfine.com"
157.55.39.76 - - [04/Dec/2022:20:06:27 -0800] "GET /usca/pitt/fortpitt02.jpg HTTP/1.1" 200 69515 "-" "Mozilla/5.0 (compatible; bingbot/2.0; +http://www.bing.com/bingbot.htm)" "www.ysfine.com"
35.93.77.196 - - [04/Dec/2022:20:07:31 -0800] "GET / HTTP/1.1" 200 5292 "-" "Mozilla/5.0 (X11; Linux x86_64) AppleWebKit/537.36 (KHTML, like Gecko) Chrome/83.0.4103.97 Safari/537.36" "ysfine.com"
64.124.8.39 - - [04/Dec/2022:20:07:48 -0800] "GET /ysbio/wigner/isomor.html HTTP/1.1" 404 88 "-" "Mozilla/5.0 (X11; Linux x86_64) AppleWebKit/537.36 (KHTML, like Gecko) Chrome/61.0.3163.79 Safari/537.36" "ysfine.com"
52.13.110.143 - - [04/Dec/2022:20:07:56 -0800] "GET /favicon.ico HTTP/1.1" 404 88 "http://ysfine.com/favicon.ico" "Mozilla/5.0 (X11; Linux x86_64) AppleWebKit/537.36 (KHTML, like Gecko) Chrome/83.0.4103.97 Safari/537.36" "ysfine.com"
52.13.110.143 - - [04/Dec/2022:20:08:01 -0800] "GET / HTTP/1.1" 200 5292 "http://ysfine.com" "Mozilla/5.0 (X11; Linux x86_64) AppleWebKit/537.36 (KHTML, like Gecko) Chrome/83.0.4103.97 Safari/537.36" "ysfine.com"
64.124.8.39 - - [04/Dec/2022:20:08:02 -0800] "GET /ysbio/style/webart.html HTTP/1.1" 404 88 "-" "Mozilla/5.0 (X11; Linux x86_64) AppleWebKit/537.36 (KHTML, like Gecko) Chrome/61.0.3163.79 Safari/537.36" "ysfine.com"
64.124.8.39 - - [04/Dec/2022:20:08:05 -0800] "GET /ysbio/class54/class5470/total_data/sub_701.htm HTTP/1.1" 404 88 "-" "Mozilla/5.0 (X11; Linux x86_64) AppleWebKit/537.36 (KHTML, like Gecko) Chrome/61.0.3163.79 Safari/537.36" "www.ysfine.com"
35.93.77.196 - - [04/Dec/2022:20:08:12 -0800] "GET / HTTP/1.1" 200 5292 "-" "Mozilla/5.0 (X11; Linux x86_64) AppleWebKit/537.36 (KHTML, like Gecko) Chrome/83.0.4103.97 Safari/537.36" "ysfine.com"
35.87.139.13 - - [04/Dec/2022:20:08:31 -0800] "GET /favicon.ico HTTP/1.1" 404 88 "http://ysfine.com/favicon.ico" "Mozilla/5.0 (X11; Linux x86_64) AppleWebKit/537.36 (KHTML, like Gecko) Chrome/83.0.4103.97 Safari/537.36" "ysfine.com"
35.87.139.13 - - [04/Dec/2022:20:08:34 -0800] "GET / HTTP/1.1" 200 5292 "http://ysfine.com" "Mozilla/5.0 (X11; Linux x86_64) AppleWebKit/537.36 (KHTML, like Gecko) Chrome/83.0.4103.97 Safari/537.36" "ysfine.com"
54.36.148.30 - - [04/Dec/2022:20:08:34 -0800] "GET /class54/class5470/total_data/sub_250.htm HTTP/1.1" 200 3359 "-" "Mozilla/5.0 (compatible; AhrefsBot/7.0; +http://ahrefs.com/robot/)" "ysfine.com"
54.36.149.87 - - [04/Dec/2022:20:08:40 -0800] "GET /class54/class5470/total_data/refer_img/2-50_f.jpg HTTP/1.1" 200 38386 "-" "Mozilla/5.0 (compatible; AhrefsBot/7.0; +http://ahrefs.com/robot/)" "ysfine.com"
54.36.148.211 - - [04/Dec/2022:20:08:44 -0800] "GET /class54/class5470/total_data/refer_img/2-63_f.jpg HTTP/1.1" 200 26895 "-" "Mozilla/5.0 (compatible; AhrefsBot/7.0; +http://ahrefs.com/robot/)" "ysfine.com"
54.36.149.25 - - [04/Dec/2022:20:08:51 -0800] "GET /class54/class5470/total_data/refer_img/2-65_f.jpg HTTP/1.1" 200 27967 "-" "Mozilla/5.0 (compatible; AhrefsBot/7.0; +http://ahrefs.com/robot/)" "ysfine.com"
64.124.8.39 - - [04/Dec/2022:20:08:58 -0800] "GET /robots.txt HTTP/1.1" 404 88 "-" "Mozilla/5.0 (X11; Linux x86_64) AppleWebKit/537.36 (KHTML, like Gecko) Chrome/61.0.3163.79 Safari/537.36" "www.ysfine.com"
64.124.8.39 - - [04/Dec/2022:20:08:58 -0800] "GET /style/artlove.html HTTP/1.1" 200 16005 "-" "Mozilla/5.0 (X11; Linux x86_64) AppleWebKit/537.36 (KHTML, like Gecko) Chrome/61.0.3163.79 Safari/537.36" "www.ysfine.com"
54.36.148.52 - - [04/Dec/2022:20:08:58 -0800] "GET /class54/class5470/total_data/refer_img/2-60_f.jpg HTTP/1.1" 200 25166 "-" "Mozilla/5.0 (compatible; AhrefsBot/7.0; +http://ahrefs.com/robot/)" "ysfine.com"
216.244.66.229 - - [04/Dec/2022:20:09:04 -0800] "GET /class54/class5470/total_data/sub_734.htm HTTP/1.1" 200 13429 "-" "Mozilla/5.0 (compatible; DotBot/1.2; +https://opensiteexplorer.org/dotbot; help@moz.com)" "www.ysfine.com"
54.36.148.138 - - [04/Dec/2022:20:09:05 -0800] "GET /class54/class5470/total_data/refer_img/2-54_f.jpg HTTP/1.1" 200 24238 "-" "Mozilla/5.0 (compatible; AhrefsBot/7.0; +http://ahrefs.com/robot/)" "ysfine.com"
54.36.148.220 - - [04/Dec/2022:20:09:06 -0800] "GET /class54/class5470/total_data/refer_img/2-67_f.jpg HTTP/1.1" 200 26729 "-" "Mozilla/5.0 (compatible; AhrefsBot/7.0; +http://ahrefs.com/robot/)" "ysfine.com"
54.36.148.210 - - [04/Dec/2022:20:09:10 -0800] "GET /class54/class5470/total_data/refer_img/2-59_f.jpg HTTP/1.1" 200 25209 "-" "Mozilla/5.0 (compatible; AhrefsBot/7.0; +http://ahrefs.com/robot/)" "ysfine.com"
216.244.66.229 - - [04/Dec/2022:20:09:12 -0800] "GET /dongio/austra06.jpg HTTP/1.1" 404 73 "-" "Mozilla/5.0 (compatible; DotBot/1.2; +https://opensiteexplorer.org/dotbot; help@moz.com)" "www.ysfine.com"
54.36.149.53 - - [04/Dec/2022:20:09:17 -0800] "GET /class54/class5470/total_data/refer_img/2-64_f.jpg HTTP/1.1" 200 39945 "-" "Mozilla/5.0 (compatible; AhrefsBot/7.0; +http://ahrefs.com/robot/)" "ysfine.com"
216.244.66.229 - - [04/Dec/2022:20:09:19 -0800] "GET /dongio/victork33.jpg HTTP/1.1" 404 73 "-" "Mozilla/5.0 (compatible; DotBot/1.2; +https://opensiteexplorer.org/dotbot; help@moz.com)" "www.ysfine.com"
216.244.66.229 - - [04/Dec/2022:20:09:24 -0800] "GET /houses/bush.jpg HTTP/1.1" 200 58921 "-" "Mozilla/5.0 (compatible; DotBot/1.2; +https://opensiteexplorer.org/dotbot; help@moz.com)" "www.ysfine.com"
54.36.148.105 - - [04/Dec/2022:20:09:24 -0800] "GET /class54/class5470/total_data/refer_img/2-70_f.jpg HTTP/1.1" 200 41292 "-" "Mozilla/5.0 (compatible; AhrefsBot/7.0; +http://ahrefs.com/robot/)" "ysfine.com"
54.36.148.124 - - [04/Dec/2022:20:09:32 -0800] "GET /class54/class5470/total_data/refer_img/2-72_f.jpg HTTP/1.1" 200 20895 "-" "Mozilla/5.0 (compatible; AhrefsBot/7.0; +http://ahrefs.com/robot/)" "ysfine.com"
54.36.148.175 - - [04/Dec/2022:20:09:35 -0800] "GET /class54/class5470/total_data/refer_img/2-73_f.jpg HTTP/1.1" 200 20785 "-" "Mozilla/5.0 (compatible; AhrefsBot/7.0; +http://ahrefs.com/robot/)" "ysfine.com"
64.124.8.39 - - [04/Dec/2022:20:09:40 -0800] "GET /confer/applied.html HTTP/1.1" 200 3735 "-" "Mozilla/5.0 (X11; Linux x86_64) AppleWebKit/537.36 (KHTML, like Gecko) Chrome/61.0.3163.79 Safari/537.36" "www.ysfine.com"
54.36.148.111 - - [04/Dec/2022:20:09:42 -0800] "GET /class54/class5470/total_data/refer_img/2-61_f.jpg HTTP/1.1" 200 23194 "-" "Mozilla/5.0 (compatible; AhrefsBot/7.0; +http://ahrefs.com/robot/)" "ysfine.com"
54.36.148.57 - - [04/Dec/2022:20:09:46 -0800] "GET /class54/class5470/total_data/refer_img/2-68_f.jpg HTTP/1.1" 200 26852 "-" "Mozilla/5.0 (compatible; AhrefsBot/7.0; +http://ahrefs.com/robot/)" "ysfine.com"
54.36.148.127 - - [04/Dec/2022:20:09:50 -0800] "GET /class54/class5470/total_data/refer_img/2-53_f.jpg HTTP/1.1" 200 24144 "-" "Mozilla/5.0 (compatible; AhrefsBot/7.0; +http://ahrefs.com/robot/)" "ysfine.com"
54.36.148.54 - - [04/Dec/2022:20:09:54 -0800] "GET /class54/class5470/total_data/refer_img/2-62_f.jpg HTTP/1.1" 200 29576 "-" "Mozilla/5.0 (compatible; AhrefsBot/7.0; +http://ahrefs.com/robot/)" "ysfine.com"
64.124.8.39 - - [04/Dec/2022:20:09:57 -0800] "GET /newyork/nyc.html HTTP/1.1" 304 - "-" "Mozilla/5.0 (X11; Linux x86_64) AppleWebKit/537.36 (KHTML, like Gecko) Chrome/61.0.3163.79 Safari/537.36" "ysfine.com"
54.36.148.107 - - [04/Dec/2022:20:10:02 -0800] "GET /class54/class5470/total_data/refer_img/2-58_f.jpg HTTP/1.1" 200 24259 "-" "Mozilla/5.0 (compatible; AhrefsBot/7.0; +http://ahrefs.com/robot/)" "ysfine.com"
216.244.66.229 - - [04/Dec/2022:20:10:05 -0800] "GET /houses/mitchell.jpg HTTP/1.1" 200 116887 "-" "Mozilla/5.0 (compatible; DotBot/1.2; +https://opensiteexplorer.org/dotbot; help@moz.com)" "www.ysfine.com"
54.36.148.77 - - [04/Dec/2022:20:10:09 -0800] "GET /class54/class5470/total_data/refer_img/2-52_f.jpg HTTP/1.1" 200 24359 "-" "Mozilla/5.0 (compatible; AhrefsBot/7.0; +http://ahrefs.com/robot/)" "ysfine.com"
77.87.228.72 - - [04/Dec/2022:20:10:10 -0800] "GET /einstein/einplanck3.jpg HTTP/1.1" 200 37784 "https://www.google.de/" "Mozilla/5.0 (Windows NT 10.0; Win64; x64) AppleWebKit/537.36 (KHTML, like Gecko) Chrome/107.0.0.0 Safari/537.36" "ysfine.com"
207.46.13.48 - - [04/Dec/2022:20:10:10 -0800] "GET /world/brit/britmu11.jpg HTTP/1.1" 200 90469 "-" "Mozilla/5.0 (compatible; bingbot/2.0; +http://www.bing.com/bingbot.htm)" "ysfine.com"
54.36.148.150 - - [04/Dec/2022:20:10:16 -0800] "GET /class54/class5470/total_data/refer_img/2-69_f.jpg HTTP/1.1" 200 29545 "-" "Mozilla/5.0 (compatible; AhrefsBot/7.0; +http://ahrefs.com/robot/)" "ysfine.com"
54.36.149.46 - - [04/Dec/2022:20:10:20 -0800] "GET /class54/class5470/total_data/refer_img/2-74_f.jpg HTTP/1.1" 200 27610 "-" "Mozilla/5.0 (compatible; AhrefsBot/7.0; +http://ahrefs.com/robot/)" "ysfine.com"
54.36.148.26 - - [04/Dec/2022:20:10:27 -0800] "GET /class54/class5470/total_data/photo_img/2-50.jpg HTTP/1.1" 200 225440 "-" "Mozilla/5.0 (compatible; AhrefsBot/7.0; +http://ahrefs.com/robot/)" "ysfine.com"
64.124.8.39 - - [04/Dec/2022:20:10:28 -0800] "GET /ysbio/newyork/nyc.html HTTP/1.1" 404 88 "-" "Mozilla/5.0 (X11; Linux x86_64) AppleWebKit/537.36 (KHTML, like Gecko) Chrome/61.0.3163.79 Safari/537.36" "ysfine.com"
52.40.50.18 - - [04/Dec/2022:20:10:28 -0800] "GET / HTTP/1.1" 200 5292 "-" "Mozilla/5.0 (X11; Linux x86_64) AppleWebKit/537.36 (KHTML, like Gecko) Chrome/83.0.4103.97 Safari/537.36" "ysfine.com"
54.36.148.229 - - [04/Dec/2022:20:10:35 -0800] "GET /class54/class5470/total_data/refer_img/2-71_f.jpg HTTP/1.1" 200 34711 "-" "Mozilla/5.0 (compatible; AhrefsBot/7.0; +http://ahrefs.com/robot/)" "ysfine.com"
54.36.149.35 - - [04/Dec/2022:20:10:42 -0800] "GET /class54/class5470/total_data/img/sm03_off.gif HTTP/1.1" 200 429 "-" "Mozilla/5.0 (compatible; AhrefsBot/7.0; +http://ahrefs.com/robot/)" "ysfine.com"
54.36.149.25 - - [04/Dec/2022:20:10:42 -0800] "GET /class54/class5470/total_data/refer_img/2-56_f.jpg HTTP/1.1" 200 22123 "-" "Mozilla/5.0 (compatible; AhrefsBot/7.0; +http://ahrefs.com/robot/)" "ysfine.com"
216.244.66.229 - - [04/Dec/2022:20:10:46 -0800] "GET /kobak/jutlandia.jpg HTTP/1.1" 200 163063 "-" "Mozilla/5.0 (compatible; DotBot/1.2; +https://opensiteexplorer.org/dotbot; help@moz.com)" "www.ysfine.com"
54.36.149.42 - - [04/Dec/2022:20:10:46 -0800] "GET /class54/class5470/total_data/refer_img/2-55_f.jpg HTTP/1.1" 200 34404 "-" "Mozilla/5.0 (compatible; AhrefsBot/7.0; +http://ahrefs.com/robot/)" "ysfine.com"
207.46.13.48 - - [04/Dec/2022:20:10:52 -0800] "GET /usca/pitt/tririver01b.jpg HTTP/1.1" 200 33477 "-" "Mozilla/5.0 AppleWebKit/537.36 (KHTML, like Gecko; compatible; bingbot/2.0; +http://www.bing.com/bingbot.htm) Chrome/103.0.5060.134 Safari/537.36" "www.ysfine.com"
54.36.149.81 - - [04/Dec/2022:20:10:53 -0800] "GET /class54/class5470/total_data/refer_img/2-51_f.jpg HTTP/1.1" 200 32169 "-" "Mozilla/5.0 (compatible; AhrefsBot/7.0; +http://ahrefs.com/robot/)" "ysfine.com"
69.176.153.76 - - [04/Dec/2022:20:10:54 -0800] "GET /kobak/sl629.jpg HTTP/1.1" 200 141503 "https://www.google.com/" "Mozilla/5.0 (Macintosh; Intel Mac OS X 10_14_6) AppleWebKit/537.36 (KHTML, like Gecko) Chrome/107.0.0.0 Safari/537.36" "ysfine.com"
54.36.148.59 - - [04/Dec/2022:20:10:57 -0800] "GET /class54/class5470/total_data/refer_img/2-57_f.jpg HTTP/1.1" 200 27550 "-" "Mozilla/5.0 (compatible; AhrefsBot/7.0; +http://ahrefs.com/robot/)" "ysfine.com"
54.36.148.30 - - [04/Dec/2022:20:11:06 -0800] "GET /class54/class5470/total_data/refer_img/2-66_f.jpg HTTP/1.1" 200 26031 "-" "Mozilla/5.0 (compatible; AhrefsBot/7.0; +http://ahrefs.com/robot/)" "ysfine.com"
54.200.117.246 - - [04/Dec/2022:20:11:14 -0800] "GET /favicon.ico HTTP/1.1" 404 88 "-" "Mozilla/5.0 (X11; Linux x86_64) AppleWebKit/537.36 (KHTML, like Gecko) Chrome/83.0.4103.97 Safari/537.36" "ysfine.com"
40.77.167.39 - - [04/Dec/2022:20:11:27 -0800] "GET /people/sbt11.jpg HTTP/1.1" 200 166706 "-" "Mozilla/5.0 (compatible; bingbot/2.0; +http://www.bing.com/bingbot.htm)" "www.ysfine.com"
40.77.167.39 - - [04/Dec/2022:20:11:29 -0800] "GET /usca/pitt/yspgh58b.jpg HTTP/1.1" 200 37403 "-" "Mozilla/5.0 AppleWebKit/537.36 (KHTML, like Gecko; compatible; bingbot/2.0; +http://www.bing.com/bingbot.htm) Chrome/103.0.5060.134 Safari/537.36" "www.ysfine.com"
216.244.66.229 - - [04/Dec/2022:20:11:36 -0800] "GET /kowar/tanks/sherman43.jpg HTTP/1.1" 200 78963 "-" "Mozilla/5.0 (compatible; DotBot/1.2; +https://opensiteexplorer.org/dotbot; help@moz.com)" "www.ysfine.com"
71.178.208.102 - - [04/Dec/2022:20:12:04 -0800] "GET /ys11/ HTTP/1.1" 304 - "-" "Mozilla/5.0 (Windows NT 10.0; Win64; x64) AppleWebKit/537.36 (KHTML, like Gecko) Chrome/107.0.0.0 Safari/537.36 Edg/107.0.1418.62" "ysfine.com"
71.178.208.102 - - [04/Dec/2022:20:12:04 -0800] "GET /favicon.ico HTTP/1.1" 404 88 "https://ysfine.com/ys11/" "Mozilla/5.0 (Windows NT 10.0; Win64; x64) AppleWebKit/537.36 (KHTML, like Gecko) Chrome/107.0.0.0 Safari/537.36 Edg/107.0.1418.62" "ysfine.com"
71.178.208.102 - - [04/Dec/2022:20:12:07 -0800] "GET /bio.html HTTP/1.1" 304 - "https://ysfine.com/ys11/" "Mozilla/5.0 (Windows NT 10.0; Win64; x64) AppleWebKit/537.36 (KHTML, like Gecko) Chrome/107.0.0.0 Safari/537.36 Edg/107.0.1418.62" "ysfine.com"
157.55.39.76 - - [04/Dec/2022:20:12:09 -0800] "GET /bio/style/artlove.html HTTP/1.1" 404 88 "-" "Mozilla/5.0 AppleWebKit/537.36 (KHTML, like Gecko; compatible; bingbot/2.0; +http://www.bing.com/bingbot.htm) Chrome/103.0.5060.134 Safari/537.36" "ysfine.com"
157.55.39.76 - - [04/Dec/2022:20:12:09 -0800] "GET /bio/sbk/1950.html HTTP/1.1" 404 88 "-" "Mozilla/5.0 (compatible; bingbot/2.0; +http://www.bing.com/bingbot.htm)" "ysfine.com"
216.244.66.229 - - [04/Dec/2022:20:12:09 -0800] "GET /philo/table33.jpg HTTP/1.1" 200 152909 "-" "Mozilla/5.0 (compatible; DotBot/1.2; +https://opensiteexplorer.org/dotbot; help@moz.com)" "www.ysfine.com"
157.55.39.6 - - [04/Dec/2022:20:12:13 -0800] "GET /bio/einstein/bern.html HTTP/1.1" 404 88 "-" "Mozilla/5.0 (compatible; bingbot/2.0; +http://www.bing.com/bingbot.htm)" "ysfine.com"
207.46.13.20 - - [04/Dec/2022:20:12:23 -0800] "GET /princeton/ustore22.jpg HTTP/1.1" 200 120650 "-" "Mozilla/5.0 (compatible; bingbot/2.0; +http://www.bing.com/bingbot.htm)" "ysfine.com"
71.178.208.102 - - [04/Dec/2022:20:12:24 -0800] "GET /home/index.html HTTP/1.1" 200 142 "https://ysfine.com/ys11/" "Mozilla/5.0 (Windows NT 10.0; Win64; x64) AppleWebKit/537.36 (KHTML, like Gecko) Chrome/107.0.0.0 Safari/537.36 Edg/107.0.1418.62" "ysfine.com"
71.178.208.102 - - [04/Dec/2022:20:12:24 -0800] "GET /home/hmtop.html HTTP/1.1" 200 447 "https://ysfine.com/home/index.html" "Mozilla/5.0 (Windows NT 10.0; Win64; x64) AppleWebKit/537.36 (KHTML, like Gecko) Chrome/107.0.0.0 Safari/537.36 Edg/107.0.1418.62" "ysfine.com"
71.178.208.102 - - [04/Dec/2022:20:12:24 -0800] "GET /home/hmbot.html HTTP/1.1" 200 132 "https://ysfine.com/home/index.html" "Mozilla/5.0 (Windows NT 10.0; Win64; x64) AppleWebKit/537.36 (KHTML, like Gecko) Chrome/107.0.0.0 Safari/537.36 Edg/107.0.1418.62" "ysfine.com"
71.178.208.102 - - [04/Dec/2022:20:12:24 -0800] "GET /home/hmleft.html HTTP/1.1" 200 856 "https://ysfine.com/home/hmbot.html" "Mozilla/5.0 (Windows NT 10.0; Win64; x64) AppleWebKit/537.36 (KHTML, like Gecko) Chrome/107.0.0.0 Safari/537.36 Edg/107.0.1418.62" "ysfine.com"
71.178.208.102 - - [04/Dec/2022:20:12:24 -0800] "GET /home/hmrigh.html HTTP/1.1" 200 4208 "https://ysfine.com/home/hmbot.html" "Mozilla/5.0 (Windows NT 10.0; Win64; x64) AppleWebKit/537.36 (KHTML, like Gecko) Chrome/107.0.0.0 Safari/537.36 Edg/107.0.1418.62" "ysfine.com"
71.178.208.102 - - [04/Dec/2022:20:12:25 -0800] "GET /awards/eward55a.jpg HTTP/1.1" 200 85213 "https://ysfine.com/home/hmrigh.html" "Mozilla/5.0 (Windows NT 10.0; Win64; x64) AppleWebKit/537.36 (KHTML, like Gecko) Chrome/107.0.0.0 Safari/537.36 Edg/107.0.1418.62" "ysfine.com"
71.178.208.102 - - [04/Dec/2022:20:12:25 -0800] "GET /home/think55c.jpg HTTP/1.1" 200 37438 "https://ysfine.com/home/hmrigh.html" "Mozilla/5.0 (Windows NT 10.0; Win64; x64) AppleWebKit/537.36 (KHTML, like Gecko) Chrome/107.0.0.0 Safari/537.36 Edg/107.0.1418.62" "ysfine.com"
71.178.208.102 - - [04/Dec/2022:20:12:25 -0800] "GET /home/socrates55c.jpg HTTP/1.1" 200 36471 "https://ysfine.com/home/hmrigh.html" "Mozilla/5.0 (Windows NT 10.0; Win64; x64) AppleWebKit/537.36 (KHTML, like Gecko) Chrome/107.0.0.0 Safari/537.36 Edg/107.0.1418.62" "ysfine.com"
71.178.208.102 - - [04/Dec/2022:20:12:25 -0800] "GET /home/coke300.jpg HTTP/1.1" 200 50941 "https://ysfine.com/home/hmrigh.html" "Mozilla/5.0 (Windows NT 10.0; Win64; x64) AppleWebKit/537.36 (KHTML, like Gecko) Chrome/107.0.0.0 Safari/537.36 Edg/107.0.1418.62" "ysfine.com"
71.178.208.102 - - [04/Dec/2022:20:12:25 -0800] "GET /home/eink/einhaus33c.jpg HTTP/1.1" 404 88 "https://ysfine.com/home/hmrigh.html" "Mozilla/5.0 (Windows NT 10.0; Win64; x64) AppleWebKit/537.36 (KHTML, like Gecko) Chrome/107.0.0.0 Safari/537.36 Edg/107.0.1418.62" "ysfine.com"
71.178.208.102 - - [04/Dec/2022:20:12:25 -0800] "GET /home/kobak/taylor33c.jpg HTTP/1.1" 404 88 "https://ysfine.com/home/hmrigh.html" "Mozilla/5.0 (Windows NT 10.0; Win64; x64) AppleWebKit/537.36 (KHTML, like Gecko) Chrome/107.0.0.0 Safari/537.36 Edg/107.0.1418.62" "ysfine.com"
71.178.208.102 - - [04/Dec/2022:20:12:25 -0800] "GET /home/eink/einhaus11c.jpg HTTP/1.1" 404 88 "https://ysfine.com/home/hmrigh.html" "Mozilla/5.0 (Windows NT 10.0; Win64; x64) AppleWebKit/537.36 (KHTML, like Gecko) Chrome/107.0.0.0 Safari/537.36 Edg/107.0.1418.62" "ysfine.com"
71.178.208.102 - - [04/Dec/2022:20:12:30 -0800] "GET /home/photobio.html HTTP/1.1" 200 17437 "https://ysfine.com/home/hmleft.html" "Mozilla/5.0 (Windows NT 10.0; Win64; x64) AppleWebKit/537.36 (KHTML, like Gecko) Chrome/107.0.0.0 Safari/537.36 Edg/107.0.1418.62" "ysfine.com"
71.178.208.102 - - [04/Dec/2022:20:12:30 -0800] "GET /home/kobak/swr51c.jpg HTTP/1.1" 404 88 "https://ysfine.com/home/photobio.html" "Mozilla/5.0 (Windows NT 10.0; Win64; x64) AppleWebKit/537.36 (KHTML, like Gecko) Chrome/107.0.0.0 Safari/537.36 Edg/107.0.1418.62" "ysfine.com"
71.178.208.102 - - [04/Dec/2022:20:12:30 -0800] "GET /home/style/bstring33c.jpg HTTP/1.1" 404 88 "https://ysfine.com/home/photobio.html" "Mozilla/5.0 (Windows NT 10.0; Win64; x64) AppleWebKit/537.36 (KHTML, like Gecko) Chrome/107.0.0.0 Safari/537.36 Edg/107.0.1418.62" "ysfine.com"
71.178.208.102 - - [04/Dec/2022:20:12:30 -0800] "GET /home/wdc/jeffm02c.jpg HTTP/1.1" 404 88 "https://ysfine.com/home/photobio.html" "Mozilla/5.0 (Windows NT 10.0; Win64; x64) AppleWebKit/537.36 (KHTML, like Gecko) Chrome/107.0.0.0 Safari/537.36 Edg/107.0.1418.62" "ysfine.com"
157.55.39.76 - - [04/Dec/2022:20:12:47 -0800] "GET /einstein/einbohr33.jpg HTTP/1.1" 200 87797 "-" "Mozilla/5.0 AppleWebKit/537.36 (KHTML, like Gecko; compatible; bingbot/2.0; +http://www.bing.com/bingbot.htm) Chrome/103.0.5060.134 Safari/537.36" "ysfine.com"
216.244.66.229 - - [04/Dec/2022:20:13:00 -0800] "GET /sbk/1981cornell05.jpg HTTP/1.1" 200 209334 "-" "Mozilla/5.0 (compatible; DotBot/1.2; +https://opensiteexplorer.org/dotbot; help@moz.com)" "www.ysfine.com"
71.178.208.102 - - [04/Dec/2022:20:13:31 -0800] "GET /bio01.html HTTP/1.1" 200 7644 "https://ysfine.com/home/photobio.html" "Mozilla/5.0 (Windows NT 10.0; Win64; x64) AppleWebKit/537.36 (KHTML, like Gecko) Chrome/107.0.0.0 Safari/537.36 Edg/107.0.1418.62" "ysfine.com"
54.36.149.85 - - [04/Dec/2022:20:13:36 -0800] "GET /kobak/rheetr.html HTTP/1.1" 200 838 "-" "Mozilla/5.0 (compatible; AhrefsBot/7.0; +http://ahrefs.com/robot/)" "ysfine.com"
71.178.208.102 - - [04/Dec/2022:20:13:38 -0800] "GET /bio02.html HTTP/1.1" 200 12221 "https://ysfine.com/home/photobio.html" "Mozilla/5.0 (Windows NT 10.0; Win64; x64) AppleWebKit/537.36 (KHTML, like Gecko) Chrome/107.0.0.0 Safari/537.36 Edg/107.0.1418.62" "ysfine.com"
71.178.208.102 - - [04/Dec/2022:20:13:38 -0800] "GET /eink54f.jpg HTTP/1.1" 404 88 "https://ysfine.com/bio02.html" "Mozilla/5.0 (Windows NT 10.0; Win64; x64) AppleWebKit/537.36 (KHTML, like Gecko) Chrome/107.0.0.0 Safari/537.36 Edg/107.0.1418.62" "ysfine.com"
54.36.149.74 - - [04/Dec/2022:20:13:42 -0800] "GET /kobak/rheetr11.jpg HTTP/1.1" 200 184635 "-" "Mozilla/5.0 (compatible; AhrefsBot/7.0; +http://ahrefs.com/robot/)" "ysfine.com"
216.244.66.229 - - [04/Dec/2022:20:13:50 -0800] "GET /sbk/1984pr22.jpg HTTP/1.1" 200 161524 "-" "Mozilla/5.0 (compatible; DotBot/1.2; +https://opensiteexplorer.org/dotbot; help@moz.com)" "www.ysfine.com"
207.46.13.48 - - [04/Dec/2022:20:13:52 -0800] "GET /world/russ/kazan096.jpg HTTP/1.1" 200 132910 "-" "Mozilla/5.0 (compatible; bingbot/2.0; +http://www.bing.com/bingbot.htm)" "www.ysfine.com"
216.244.66.229 - - [04/Dec/2022:20:14:41 -0800] "GET /usca/pitt/kdka01.jpg HTTP/1.1" 200 93273 "-" "Mozilla/5.0 (compatible; DotBot/1.2; +https://opensiteexplorer.org/dotbot; help@moz.com)" "www.ysfine.com"
157.55.39.6 - - [04/Dec/2022:20:15:01 -0800] "GET /wdc/eindc02.jpg HTTP/1.1" 200 147414 "-" "Mozilla/5.0 (compatible; bingbot/2.0; +http://www.bing.com/bingbot.htm)" "www.ysfine.com"
216.244.66.229 - - [04/Dec/2022:20:15:21 -0800] "GET /wigner/bloom.jpg HTTP/1.1" 200 92190 "-" "Mozilla/5.0 (compatible; DotBot/1.2; +https://opensiteexplorer.org/dotbot; help@moz.com)" "www.ysfine.com"
66.249.70.3 - - [04/Dec/2022:20:15:24 -0800] "GET /articles/euler.pdf HTTP/1.1" 401 90 "-" "Mozilla/5.0 (Windows NT 10.0; Win64; x64)AppleWebKit/537.36 (KHTML, like Gecko) Chrome/91.0.4472.101 Safari/537.36 (compatible; GoogleOther)" "ysfine.com"
207.46.13.134 - - [04/Dec/2022:20:15:25 -0800] "GET /world/russ/kazan101b.jpg HTTP/1.1" 200 26380 "-" "Mozilla/5.0 AppleWebKit/537.36 (KHTML, like Gecko; compatible; bingbot/2.0; +http://www.bing.com/bingbot.htm) Chrome/103.0.5060.134 Safari/537.36" "www.ysfine.com"
207.46.13.20 - - [04/Dec/2022:20:15:43 -0800] "GET /world/germany/cologf01.jpg HTTP/1.1" 200 111037 "-" "Mozilla/5.0 AppleWebKit/537.36 (KHTML, like Gecko; compatible; bingbot/2.0; +http://www.bing.com/bingbot.htm) Chrome/103.0.5060.134 Safari/537.36" "www.ysfine.com"
216.244.66.229 - - [04/Dec/2022:20:15:57 -0800] "GET /world/china/nanjing63.jpg HTTP/1.1" 200 153249 "-" "Mozilla/5.0 (compatible; DotBot/1.2; +https://opensiteexplorer.org/dotbot; help@moz.com)" "www.ysfine.com"
39.155.41.119 - - [04/Dec/2022:20:16:09 -0800] "GET /einstein/heisen33b.jpg HTTP/1.1" 200 78035 "https://www.icourse163.org/" "Mozilla/5.0 (Windows NT 10.0; Win64; x64) AppleWebKit/537.36 (KHTML, like Gecko) Chrome/107.0.0.0 Safari/537.36" "ysfine.com"
157.55.39.6 - - [04/Dec/2022:20:16:11 -0800] "GET /ysbio/folks/service.html HTTP/1.1" 404 88 "-" "Mozilla/5.0 AppleWebKit/537.36 (KHTML, like Gecko; compatible; bingbot/2.0; +http://www.bing.com/bingbot.htm) Chrome/103.0.5060.134 Safari/537.36" "ysfine.com"
216.244.66.229 - - [04/Dec/2022:20:16:48 -0800] "GET /world/ital/flor031b.jpg HTTP/1.1" 200 40386 "-" "Mozilla/5.0 (compatible; DotBot/1.2; +https://opensiteexplorer.org/dotbot; help@moz.com)" "www.ysfine.com"
216.244.66.229 - - [04/Dec/2022:20:17:20 -0800] "GET /world/ital/flor12.jpg HTTP/1.1" 200 107475 "-" "Mozilla/5.0 (compatible; DotBot/1.2; +https://opensiteexplorer.org/dotbot; help@moz.com)" "www.ysfine.com"
40.77.167.39 - - [04/Dec/2022:20:17:27 -0800] "GET /sbk/2004eton11.jpg HTTP/1.1" 200 232400 "-" "Mozilla/5.0 AppleWebKit/537.36 (KHTML, like Gecko; compatible; bingbot/2.0; +http://www.bing.com/bingbot.htm) Chrome/103.0.5060.134 Safari/537.36" "www.ysfine.com"
216.244.66.229 - - [04/Dec/2022:20:18:10 -0800] "GET /world/ital/itstu03b.jpg HTTP/1.1" 200 38091 "-" "Mozilla/5.0 (compatible; DotBot/1.2; +https://opensiteexplorer.org/dotbot; help@moz.com)" "www.ysfine.com"
51.222.253.15 - - [04/Dec/2022:20:18:16 -0800] "GET /class54/class5470/total_data/sub_322.htm HTTP/1.1" 200 3295 "-" "Mozilla/5.0 (compatible; AhrefsBot/7.0; +http://ahrefs.com/robot/)" "www.ysfine.com"
1.145.34.210 - - [04/Dec/2022:20:18:38 -0800] "GET /apple-touch-icon.png HTTP/1.1" 404 88 "-" "DuckDuckGo/5 (com.duckduckgo.mobile.android; Android API 30)" "www.ysfine.com"
106.245.79.13 - - [04/Dec/2022:20:18:56 -0800] "GET /wigner/neum/pvn03.jpg HTTP/1.1" 200 83757 "https://www.google.com/" "Mozilla/5.0 (Windows NT 6.1; Win64; x64) AppleWebKit/537.36 (KHTML, like Gecko) Chrome/107.0.0.0 Safari/537.36" "ysfine.com"
71.178.208.102 - - [04/Dec/2022:20:18:56 -0800] "GET /home/kobak/swr51c.jpg HTTP/1.1" 404 88 "https://ysfine.com/home/photobio.html" "Mozilla/5.0 (Windows NT 10.0; Win64; x64) AppleWebKit/537.36 (KHTML, like Gecko) Chrome/107.0.0.0 Safari/537.36 Edg/107.0.1418.62" "ysfine.com"
71.178.208.102 - - [04/Dec/2022:20:18:56 -0800] "GET /home/style/bstring33c.jpg HTTP/1.1" 404 88 "https://ysfine.com/home/photobio.html" "Mozilla/5.0 (Windows NT 10.0; Win64; x64) AppleWebKit/537.36 (KHTML, like Gecko) Chrome/107.0.0.0 Safari/537.36 Edg/107.0.1418.62" "ysfine.com"
71.178.208.102 - - [04/Dec/2022:20:18:56 -0800] "GET /home/wdc/jeffm02c.jpg HTTP/1.1" 404 88 "https://ysfine.com/home/photobio.html" "Mozilla/5.0 (Windows NT 10.0; Win64; x64) AppleWebKit/537.36 (KHTML, like Gecko) Chrome/107.0.0.0 Safari/537.36 Edg/107.0.1418.62" "ysfine.com"
106.245.79.13 - - [04/Dec/2022:20:18:57 -0800] "GET /wigner/neum/pvn07.jpg HTTP/1.1" 200 101823 "https://www.google.com/" "Mozilla/5.0 (Windows NT 6.1; Win64; x64) AppleWebKit/537.36 (KHTML, like Gecko) Chrome/107.0.0.0 Safari/537.36" "ysfine.com"
150.86.240.108 - - [04/Dec/2022:20:19:34 -0800] "GET /world/brit/etonharrow.html HTTP/1.1" 200 4546 "https://www.google.co.jp/" "Mozilla/5.0 (Macintosh; Intel Mac OS X 10_15_7) AppleWebKit/605.1.15 (KHTML, like Gecko) Version/16.1 Safari/605.1.15" "ysfine.com"
150.86.240.108 - - [04/Dec/2022:20:19:34 -0800] "GET /world/brit/winston01b.jpg HTTP/1.1" 200 38436 "https://ysfine.com/world/brit/etonharrow.html" "Mozilla/5.0 (Macintosh; Intel Mac OS X 10_15_7) AppleWebKit/605.1.15 (KHTML, like Gecko) Version/16.1 Safari/605.1.15" "ysfine.com"
150.86.240.108 - - [04/Dec/2022:20:19:34 -0800] "GET /world/brit/nehru11b.jpg HTTP/1.1" 200 43052 "https://ysfine.com/world/brit/etonharrow.html" "Mozilla/5.0 (Macintosh; Intel Mac OS X 10_15_7) AppleWebKit/605.1.15 (KHTML, like Gecko) Version/16.1 Safari/605.1.15" "ysfine.com"
150.86.240.108 - - [04/Dec/2022:20:19:35 -0800] "GET /kobak/kwk11b.jpg HTTP/1.1" 200 46888 "https://ysfine.com/world/brit/etonharrow.html" "Mozilla/5.0 (Macintosh; Intel Mac OS X 10_15_7) AppleWebKit/605.1.15 (KHTML, like Gecko) Version/16.1 Safari/605.1.15" "ysfine.com"
150.86.240.108 - - [04/Dec/2022:20:19:36 -0800] "GET /world/brit/eton01b.jpg HTTP/1.1" 200 47771 "https://ysfine.com/world/brit/etonharrow.html" "Mozilla/5.0 (Macintosh; Intel Mac OS X 10_15_7) AppleWebKit/605.1.15 (KHTML, like Gecko) Version/16.1 Safari/605.1.15" "ysfine.com"
150.86.240.108 - - [04/Dec/2022:20:19:37 -0800] "GET /world/brit/eton02b.jpg HTTP/1.1" 200 39432 "https://ysfine.com/world/brit/etonharrow.html" "Mozilla/5.0 (Macintosh; Intel Mac OS X 10_15_7) AppleWebKit/605.1.15 (KHTML, like Gecko) Version/16.1 Safari/605.1.15" "ysfine.com"
150.86.240.108 - - [04/Dec/2022:20:19:37 -0800] "GET /kobak/taylor33c.jpg HTTP/1.1" 200 39951 "https://ysfine.com/world/brit/etonharrow.html" "Mozilla/5.0 (Macintosh; Intel Mac OS X 10_15_7) AppleWebKit/605.1.15 (KHTML, like Gecko) Version/16.1 Safari/605.1.15" "ysfine.com"
150.86.240.108 - - [04/Dec/2022:20:19:37 -0800] "GET /world/brit/eton07b.jpg HTTP/1.1" 200 36566 "https://ysfine.com/world/brit/etonharrow.html" "Mozilla/5.0 (Macintosh; Intel Mac OS X 10_15_7) AppleWebKit/605.1.15 (KHTML, like Gecko) Version/16.1 Safari/605.1.15" "ysfine.com"
150.86.240.108 - - [04/Dec/2022:20:19:37 -0800] "GET /world/brit/harrow01b.jpg HTTP/1.1" 200 54632 "https://ysfine.com/world/brit/etonharrow.html" "Mozilla/5.0 (Macintosh; Intel Mac OS X 10_15_7) AppleWebKit/605.1.15 (KHTML, like Gecko) Version/16.1 Safari/605.1.15" "ysfine.com"
150.86.240.108 - - [04/Dec/2022:20:19:37 -0800] "GET /world/brit/harrow11b.jpg HTTP/1.1" 200 42533 "https://ysfine.com/world/brit/etonharrow.html" "Mozilla/5.0 (Macintosh; Intel Mac OS X 10_15_7) AppleWebKit/605.1.15 (KHTML, like Gecko) Version/16.1 Safari/605.1.15" "ysfine.com"
150.86.240.108 - - [04/Dec/2022:20:19:37 -0800] "GET /world/brit/harrow09b.jpg HTTP/1.1" 200 48797 "https://ysfine.com/world/brit/etonharrow.html" "Mozilla/5.0 (Macintosh; Intel Mac OS X 10_15_7) AppleWebKit/605.1.15 (KHTML, like Gecko) Version/16.1 Safari/605.1.15" "ysfine.com"
150.86.240.108 - - [04/Dec/2022:20:19:37 -0800] "GET /eink/pwk19c.jpg HTTP/1.1" 200 57759 "https://ysfine.com/world/brit/etonharrow.html" "Mozilla/5.0 (Macintosh; Intel Mac OS X 10_15_7) AppleWebKit/605.1.15 (KHTML, like Gecko) Version/16.1 Safari/605.1.15" "ysfine.com"
150.86.240.108 - - [04/Dec/2022:20:19:37 -0800] "GET /world/brit/eton03b.jpg HTTP/1.1" 200 45141 "https://ysfine.com/world/brit/etonharrow.html" "Mozilla/5.0 (Macintosh; Intel Mac OS X 10_15_7) AppleWebKit/605.1.15 (KHTML, like Gecko) Version/16.1 Safari/605.1.15" "ysfine.com"
150.86.240.108 - - [04/Dec/2022:20:19:37 -0800] "GET /world/brit/harrow12b.jpg HTTP/1.1" 200 45104 "https://ysfine.com/world/brit/etonharrow.html" "Mozilla/5.0 (Macintosh; Intel Mac OS X 10_15_7) AppleWebKit/605.1.15 (KHTML, like Gecko) Version/16.1 Safari/605.1.15" "ysfine.com"
150.86.240.108 - - [04/Dec/2022:20:19:37 -0800] "GET /world/brit/windsor02b.jpg HTTP/1.1" 200 40724 "https://ysfine.com/world/brit/etonharrow.html" "Mozilla/5.0 (Macintosh; Intel Mac OS X 10_15_7) AppleWebKit/605.1.15 (KHTML, like Gecko) Version/16.1 Safari/605.1.15" "ysfine.com"
150.86.240.108 - - [04/Dec/2022:20:19:37 -0800] "GET /world/brit/harrow04b.jpg HTTP/1.1" 200 48004 "https://ysfine.com/world/brit/etonharrow.html" "Mozilla/5.0 (Macintosh; Intel Mac OS X 10_15_7) AppleWebKit/605.1.15 (KHTML, like Gecko) Version/16.1 Safari/605.1.15" "ysfine.com"
150.86.240.108 - - [04/Dec/2022:20:19:41 -0800] "GET /favicon.ico HTTP/1.1" 404 88 "https://ysfine.com/world/brit/etonharrow.html" "Mozilla/5.0 (Macintosh; Intel Mac OS X 10_15_7) AppleWebKit/605.1.15 (KHTML, like Gecko) Version/16.1 Safari/605.1.15" "ysfine.com"
121.56.251.237 - - [04/Dec/2022:20:19:59 -0800] "GET /einstein/heisen33b.jpg HTTP/1.1" 200 78035 "https://www.icourse163.org/spoc/learn/GDY198-1465180171?tid=1468324446" "Mozilla/5.0 (Windows NT 6.1; WOW64) AppleWebKit/537.36 (KHTML, like Gecko) Chrome/81.0.4044.138 Safari/537.36 NetType/WIFI MicroMessenger/7.0.20.1781(0x6700143B) WindowsWechat(0x63080021)" "ysfine.com"
207.46.13.20 - - [04/Dec/2022:20:20:23 -0800] "GET /world/russ/kazan027.jpg HTTP/1.1" 200 76345 "-" "Mozilla/5.0 AppleWebKit/537.36 (KHTML, like Gecko; compatible; bingbot/2.0; +http://www.bing.com/bingbot.htm) Chrome/103.0.5060.134 Safari/537.36" "www.ysfine.com"
116.179.32.35 - - [04/Dec/2022:20:20:45 -0800] "GET /confer/gift.html HTTP/1.1" 200 748 "-" "Mozilla/5.0 (compatible; Baiduspider/2.0; +http://www.baidu.com/search/spider.html)" "ysfine.com"
157.55.39.76 - - [04/Dec/2022:20:20:59 -0800] "GET /bio/kobak/yskor.html HTTP/1.1" 404 88 "-" "Mozilla/5.0 (compatible; bingbot/2.0; +http://www.bing.com/bingbot.htm)" "ysfine.com"
157.55.39.76 - - [04/Dec/2022:20:20:59 -0800] "GET /bio/harmoarchi.html HTTP/1.1" 404 88 "-" "Mozilla/5.0 AppleWebKit/537.36 (KHTML, like Gecko; compatible; bingbot/2.0; +http://www.bing.com/bingbot.htm) Chrome/103.0.5060.134 Safari/537.36" "ysfine.com"
157.55.39.6 - - [04/Dec/2022:20:21:03 -0800] "GET /princeton/shapiro11.jpg HTTP/1.1" 200 53951 "-" "Mozilla/5.0 AppleWebKit/537.36 (KHTML, like Gecko; compatible; bingbot/2.0; +http://www.bing.com/bingbot.htm) Chrome/103.0.5060.134 Safari/537.36" "ysfine.com"
157.55.39.76 - - [04/Dec/2022:20:21:29 -0800] "GET /bio/awards/marq.html HTTP/1.1" 404 88 "-" "Mozilla/5.0 AppleWebKit/537.36 (KHTML, like Gecko; compatible; bingbot/2.0; +http://www.bing.com/bingbot.htm) Chrome/103.0.5060.134 Safari/537.36" "ysfine.com"
71.178.208.102 - - [04/Dec/2022:20:21:42 -0800] "GET /home/photobio.html HTTP/1.1" 304 - "-" "Mozilla/5.0 (Windows NT 10.0; Win64; x64) AppleWebKit/537.36 (KHTML, like Gecko) Chrome/107.0.0.0 Safari/537.36 Edg/107.0.1418.62" "ysfine.com"
71.178.208.102 - - [04/Dec/2022:20:21:42 -0800] "GET /home/style/bstring33c.jpg HTTP/1.1" 404 88 "https://ysfine.com/home/photobio.html" "Mozilla/5.0 (Windows NT 10.0; Win64; x64) AppleWebKit/537.36 (KHTML, like Gecko) Chrome/107.0.0.0 Safari/537.36 Edg/107.0.1418.62" "ysfine.com"
71.178.208.102 - - [04/Dec/2022:20:21:42 -0800] "GET /home/wdc/jeffm02c.jpg HTTP/1.1" 404 88 "https://ysfine.com/home/photobio.html" "Mozilla/5.0 (Windows NT 10.0; Win64; x64) AppleWebKit/537.36 (KHTML, like Gecko) Chrome/107.0.0.0 Safari/537.36 Edg/107.0.1418.62" "ysfine.com"
71.178.208.102 - - [04/Dec/2022:20:21:42 -0800] "GET /home/kobak/swr51c.jpg HTTP/1.1" 404 88 "https://ysfine.com/home/photobio.html" "Mozilla/5.0 (Windows NT 10.0; Win64; x64) AppleWebKit/537.36 (KHTML, like Gecko) Chrome/107.0.0.0 Safari/537.36 Edg/107.0.1418.62" "ysfine.com"
71.178.208.102 - - [04/Dec/2022:20:21:51 -0800] "GET /home/photobio.html HTTP/1.1" 304 - "-" "Mozilla/5.0 (Windows NT 10.0; Win64; x64) AppleWebKit/537.36 (KHTML, like Gecko) Chrome/107.0.0.0 Safari/537.36 Edg/107.0.1418.62" "ysfine.com"
71.178.208.102 - - [04/Dec/2022:20:21:51 -0800] "GET /home/wdc/jeffm02c.jpg HTTP/1.1" 404 88 "https://ysfine.com/home/photobio.html" "Mozilla/5.0 (Windows NT 10.0; Win64; x64) AppleWebKit/537.36 (KHTML, like Gecko) Chrome/107.0.0.0 Safari/537.36 Edg/107.0.1418.62" "ysfine.com"
71.178.208.102 - - [04/Dec/2022:20:21:51 -0800] "GET /home/style/bstring33c.jpg HTTP/1.1" 404 88 "https://ysfine.com/home/photobio.html" "Mozilla/5.0 (Windows NT 10.0; Win64; x64) AppleWebKit/537.36 (KHTML, like Gecko) Chrome/107.0.0.0 Safari/537.36 Edg/107.0.1418.62" "ysfine.com"
71.178.208.102 - - [04/Dec/2022:20:21:51 -0800] "GET /home/kobak/swr51c.jpg HTTP/1.1" 404 88 "https://ysfine.com/home/photobio.html" "Mozilla/5.0 (Windows NT 10.0; Win64; x64) AppleWebKit/537.36 (KHTML, like Gecko) Chrome/107.0.0.0 Safari/537.36 Edg/107.0.1418.62" "ysfine.com"
