71.178.208.102 - - [05/Dec/2022:14:38:23 -0800] "GET /ys11/ HTTP/1.1" 200 3462 "-" "Mozilla/5.0 (Linux; Android 5.1.1; KFSUWI) AppleWebKit/537.36 (KHTML, like Gecko) Silk/106.3.5 like Chrome/106.0.5249.170 Safari/537.36" "ysfine.com"
71.178.208.102 - - [05/Dec/2022:14:38:24 -0800] "GET /favicon.ico HTTP/1.1" 404 88 "https://ysfine.com/ys11/" "Mozilla/5.0 (Linux; Android 5.1.1; KFSUWI) AppleWebKit/537.36 (KHTML, like Gecko) Silk/106.3.5 like Chrome/106.0.5249.170 Safari/537.36" "ysfine.com"
71.178.208.102 - - [05/Dec/2022:14:38:30 -0800] "GET /ys22/dondon.html HTTP/1.1" 401 90 "https://ysfine.com/ys11/" "Mozilla/5.0 (Linux; Android 5.1.1; KFSUWI) AppleWebKit/537.36 (KHTML, like Gecko) Silk/106.3.5 like Chrome/106.0.5249.170 Safari/537.36" "ysfine.com"
69.194.143.140 - - [05/Dec/2022:14:38:52 -0800] "GET /ads.txt HTTP/1.1" 404 88 "-" "Mozilla/5.0 (Macintosh; Intel Mac OS X 10_15_7) AppleWebKit/537.36 (KHTML, like Gecko) Chrome/107.0.0.0 Safari/537.36" "ysfine.com"
69.194.143.140 - - [05/Dec/2022:14:38:53 -0800] "GET /ads.txt HTTP/1.1" 404 88 "-" "Mozilla/5.0 (Macintosh; Intel Mac OS X 10_15_7) AppleWebKit/537.36 (KHTML, like Gecko) Chrome/107.0.0.0 Safari/537.36" "ysfine.com"
216.244.66.229 - - [05/Dec/2022:14:39:10 -0800] "GET /world/ital/stcroce01b.jpg HTTP/1.1" 200 42968 "-" "Mozilla/5.0 (compatible; DotBot/1.2; +https://opensiteexplorer.org/dotbot; help@moz.com)" "ysfine.com"
71.178.208.102 - yskim35 [05/Dec/2022:14:39:11 -0800] "GET /ys22/dondon.html HTTP/1.1" 401 90 "https://ysfine.com/ys11/" "Mozilla/5.0 (Linux; Android 5.1.1; KFSUWI) AppleWebKit/537.36 (KHTML, like Gecko) Silk/106.3.5 like Chrome/106.0.5249.170 Safari/537.36" "ysfine.com"
71.178.208.102 - "" [05/Dec/2022:14:39:15 -0800] "GET /ys22/dondon.html HTTP/1.1" 401 90 "https://ysfine.com/ys11/" "Mozilla/5.0 (Linux; Android 5.1.1; KFSUWI) AppleWebKit/537.36 (KHTML, like Gecko) Silk/106.3.5 like Chrome/106.0.5249.170 Safari/537.36" "ysfine.com"
216.244.66.229 - - [05/Dec/2022:14:39:51 -0800] "GET /world/ital/vatican23.jpg HTTP/1.1" 200 72747 "-" "Mozilla/5.0 (compatible; DotBot/1.2; +https://opensiteexplorer.org/dotbot; help@moz.com)" "ysfine.com"
207.46.13.134 - - [05/Dec/2022:14:39:51 -0800] "GET /bio04.html HTTP/1.1" 200 9059 "-" "Mozilla/5.0 (compatible; bingbot/2.0; +http://www.bing.com/bingbot.htm)" "ysfine.com"
71.178.208.102 - yskim35 [05/Dec/2022:14:39:58 -0800] "GET /ys22/dondon.html HTTP/1.1" 401 90 "https://ysfine.com/ys11/" "Mozilla/5.0 (Linux; Android 5.1.1; KFSUWI) AppleWebKit/537.36 (KHTML, like Gecko) Silk/106.3.5 like Chrome/106.0.5249.170 Safari/537.36" "ysfine.com"
216.244.66.229 - - [05/Dec/2022:14:40:42 -0800] "GET /world/ital/venice61b.jpg HTTP/1.1" 200 29108 "-" "Mozilla/5.0 (compatible; DotBot/1.2; +https://opensiteexplorer.org/dotbot; help@moz.com)" "ysfine.com"
71.178.208.102 - yskim35 [05/Dec/2022:14:40:50 -0800] "GET /ys22/dondon.html HTTP/1.1" 401 90 "https://ysfine.com/ys11/" "Mozilla/5.0 (Linux; Android 5.1.1; KFSUWI) AppleWebKit/537.36 (KHTML, like Gecko) Silk/106.3.5 like Chrome/106.0.5249.170 Safari/537.36" "ysfine.com"
71.178.208.102 - - [05/Dec/2022:14:41:04 -0800] "GET /ys22/dondon.html HTTP/1.1" 401 90 "https://ysfine.com/ys11/" "Mozilla/5.0 (Linux; Android 5.1.1; KFSUWI) AppleWebKit/537.36 (KHTML, like Gecko) Silk/106.3.5 like Chrome/106.0.5249.170 Safari/537.36" "ysfine.com"
216.244.66.229 - - [05/Dec/2022:14:41:13 -0800] "GET /world/places/ulm05.jpg HTTP/1.1" 200 123607 "-" "Mozilla/5.0 (compatible; DotBot/1.2; +https://opensiteexplorer.org/dotbot; help@moz.com)" "ysfine.com"
216.244.66.229 - - [05/Dec/2022:14:42:03 -0800] "GET /world/poland/kawairnia.jpg HTTP/1.1" 200 84948 "-" "Mozilla/5.0 (compatible; DotBot/1.2; +https://opensiteexplorer.org/dotbot; help@moz.com)" "ysfine.com"
71.178.208.102 - - [05/Dec/2022:14:42:52 -0800] "GET /ys22/dondon.html HTTP/1.1" 401 90 "https://ysfine.com/ys11/" "Mozilla/5.0 (Linux; Android 5.1.1; KFSUWI) AppleWebKit/537.36 (KHTML, like Gecko) Silk/106.3.5 like Chrome/106.0.5249.170 Safari/537.36" "ysfine.com"
207.46.13.20 - - [05/Dec/2022:14:43:10 -0800] "GET /bio/style/proschanie.html HTTP/1.1" 404 88 "-" "Mozilla/5.0 (compatible; bingbot/2.0; +http://www.bing.com/bingbot.htm)" "ysfine.com"
71.178.208.102 - yskim35 [05/Dec/2022:14:43:52 -0800] "GET /ys22/dondon.html HTTP/1.1" 401 90 "https://ysfine.com/ys11/" "Mozilla/5.0 (Linux; Android 5.1.1; KFSUWI) AppleWebKit/537.36 (KHTML, like Gecko) Silk/106.3.5 like Chrome/106.0.5249.170 Safari/537.36" "ysfine.com"
71.57.230.167 - - [05/Dec/2022:14:43:55 -0800] "GET /wigner/evangel.html HTTP/1.1" 200 4831 "https://www.google.com/" "Mozilla/5.0 (iPhone; CPU iPhone OS 16_0 like Mac OS X) AppleWebKit/605.1.15 (KHTML, like Gecko) CriOS/108.0.5359.52 Mobile/15E148 Safari/604.1" "ysfine.com"
71.57.230.167 - - [05/Dec/2022:14:43:56 -0800] "GET /wigner/gim/map02a.jpg HTTP/1.1" 200 58713 "https://ysfine.com/wigner/evangel.html" "Mozilla/5.0 (iPhone; CPU iPhone OS 16_0 like Mac OS X) AppleWebKit/605.1.15 (KHTML, like Gecko) CriOS/108.0.5359.52 Mobile/15E148 Safari/604.1" "ysfine.com"
71.57.230.167 - - [05/Dec/2022:14:43:56 -0800] "GET /wigner/gim/gimn15b.jpg HTTP/1.1" 200 45232 "https://ysfine.com/wigner/evangel.html" "Mozilla/5.0 (iPhone; CPU iPhone OS 16_0 like Mac OS X) AppleWebKit/605.1.15 (KHTML, like Gecko) CriOS/108.0.5359.52 Mobile/15E148 Safari/604.1" "ysfine.com"
71.57.230.167 - - [05/Dec/2022:14:43:56 -0800] "GET /favicon.ico HTTP/1.1" 404 88 "-" "Mozilla/5.0 (iPhone; CPU iPhone OS 16_0 like Mac OS X) AppleWebKit/605.1.15 (KHTML, like Gecko) CriOS/108.0.5359.52 Mobile/15E148 Safari/604.1" "ysfine.com"
71.57.230.167 - - [05/Dec/2022:14:43:56 -0800] "GET /wigner/gim/gimn00b.jpg HTTP/1.1" 200 47023 "https://ysfine.com/wigner/evangel.html" "Mozilla/5.0 (iPhone; CPU iPhone OS 16_0 like Mac OS X) AppleWebKit/605.1.15 (KHTML, like Gecko) CriOS/108.0.5359.52 Mobile/15E148 Safari/604.1" "ysfine.com"
71.57.230.167 - - [05/Dec/2022:14:43:56 -0800] "GET /wigner/gim/gimn20b.jpg HTTP/1.1" 200 47618 "https://ysfine.com/wigner/evangel.html" "Mozilla/5.0 (iPhone; CPU iPhone OS 16_0 like Mac OS X) AppleWebKit/605.1.15 (KHTML, like Gecko) CriOS/108.0.5359.52 Mobile/15E148 Safari/604.1" "ysfine.com"
71.57.230.167 - - [05/Dec/2022:14:43:57 -0800] "GET /wigner/gim/gimn11b.jpg HTTP/1.1" 200 36652 "https://ysfine.com/wigner/evangel.html" "Mozilla/5.0 (iPhone; CPU iPhone OS 16_0 like Mac OS X) AppleWebKit/605.1.15 (KHTML, like Gecko) CriOS/108.0.5359.52 Mobile/15E148 Safari/604.1" "ysfine.com"
71.57.230.167 - - [05/Dec/2022:14:43:57 -0800] "GET /wigner/wigkim33b.jpg HTTP/1.1" 200 37740 "https://ysfine.com/wigner/evangel.html" "Mozilla/5.0 (iPhone; CPU iPhone OS 16_0 like Mac OS X) AppleWebKit/605.1.15 (KHTML, like Gecko) CriOS/108.0.5359.52 Mobile/15E148 Safari/604.1" "ysfine.com"
71.57.230.167 - - [05/Dec/2022:14:43:57 -0800] "GET /kobak/taylor11b.jpg HTTP/1.1" 200 42467 "https://ysfine.com/wigner/evangel.html" "Mozilla/5.0 (iPhone; CPU iPhone OS 16_0 like Mac OS X) AppleWebKit/605.1.15 (KHTML, like Gecko) CriOS/108.0.5359.52 Mobile/15E148 Safari/604.1" "ysfine.com"
71.57.230.167 - - [05/Dec/2022:14:43:57 -0800] "GET /world/scandi/sto024b.jpg HTTP/1.1" 200 34817 "https://ysfine.com/wigner/evangel.html" "Mozilla/5.0 (iPhone; CPU iPhone OS 16_0 like Mac OS X) AppleWebKit/605.1.15 (KHTML, like Gecko) CriOS/108.0.5359.52 Mobile/15E148 Safari/604.1" "ysfine.com"
71.57.230.167 - - [05/Dec/2022:14:43:57 -0800] "GET /world/scandi/wignob06b.jpg HTTP/1.1" 200 38894 "https://ysfine.com/wigner/evangel.html" "Mozilla/5.0 (iPhone; CPU iPhone OS 16_0 like Mac OS X) AppleWebKit/605.1.15 (KHTML, like Gecko) CriOS/108.0.5359.52 Mobile/15E148 Safari/604.1" "ysfine.com"
71.57.230.167 - - [05/Dec/2022:14:43:57 -0800] "GET /world/brit/harrow01b.jpg HTTP/1.1" 200 54632 "https://ysfine.com/wigner/evangel.html" "Mozilla/5.0 (iPhone; CPU iPhone OS 16_0 like Mac OS X) AppleWebKit/605.1.15 (KHTML, like Gecko) CriOS/108.0.5359.52 Mobile/15E148 Safari/604.1" "ysfine.com"
71.57.230.167 - - [05/Dec/2022:14:43:57 -0800] "GET /wigner/neum/pvn05b.jpg HTTP/1.1" 200 45464 "https://ysfine.com/wigner/evangel.html" "Mozilla/5.0 (iPhone; CPU iPhone OS 16_0 like Mac OS X) AppleWebKit/605.1.15 (KHTML, like Gecko) CriOS/108.0.5359.52 Mobile/15E148 Safari/604.1" "ysfine.com"
71.57.230.167 - - [05/Dec/2022:14:43:57 -0800] "GET /wigner/gim/gimn26b.jpg HTTP/1.1" 200 41588 "https://ysfine.com/wigner/evangel.html" "Mozilla/5.0 (iPhone; CPU iPhone OS 16_0 like Mac OS X) AppleWebKit/605.1.15 (KHTML, like Gecko) CriOS/108.0.5359.52 Mobile/15E148 Safari/604.1" "ysfine.com"
71.57.230.167 - - [05/Dec/2022:14:43:57 -0800] "GET /wigner/gim/gimn63b.jpg HTTP/1.1" 200 31560 "https://ysfine.com/wigner/evangel.html" "Mozilla/5.0 (iPhone; CPU iPhone OS 16_0 like Mac OS X) AppleWebKit/605.1.15 (KHTML, like Gecko) CriOS/108.0.5359.52 Mobile/15E148 Safari/604.1" "ysfine.com"
71.57.230.167 - - [05/Dec/2022:14:43:57 -0800] "GET /wigner/gim/gimn09b.jpg HTTP/1.1" 200 34999 "https://ysfine.com/wigner/evangel.html" "Mozilla/5.0 (iPhone; CPU iPhone OS 16_0 like Mac OS X) AppleWebKit/605.1.15 (KHTML, like Gecko) CriOS/108.0.5359.52 Mobile/15E148 Safari/604.1" "ysfine.com"
71.178.208.102 - - [05/Dec/2022:14:44:08 -0800] "GET /ys22/dondon.html HTTP/1.1" 401 90 "https://ysfine.com/ys11/" "Mozilla/5.0 (Linux; Android 5.1.1; KFSUWI) AppleWebKit/537.36 (KHTML, like Gecko) Silk/106.3.5 like Chrome/106.0.5249.170 Safari/537.36" "ysfine.com"
71.178.208.102 - - [05/Dec/2022:14:44:08 -0800] "GET /favicon.ico HTTP/1.1" 404 88 "https://ysfine.com/ys22/dondon.html" "Mozilla/5.0 (Linux; Android 5.1.1; KFSUWI) AppleWebKit/537.36 (KHTML, like Gecko) Silk/106.3.5 like Chrome/106.0.5249.170 Safari/537.36" "ysfine.com"
71.178.208.102 - - [05/Dec/2022:14:44:26 -0800] "GET /ys11/index.html HTTP/1.1" 304 - "-" "Mozilla/5.0 (Linux; Android 5.1.1; KFSUWI) AppleWebKit/537.36 (KHTML, like Gecko) Silk/106.3.5 like Chrome/106.0.5249.170 Safari/537.36" "www.ysfine.com"
71.178.208.102 - - [05/Dec/2022:14:44:26 -0800] "GET /favicon.ico HTTP/1.1" 404 88 "https://www.ysfine.com/ys11/index.html" "Mozilla/5.0 (Linux; Android 5.1.1; KFSUWI) AppleWebKit/537.36 (KHTML, like Gecko) Silk/106.3.5 like Chrome/106.0.5249.170 Safari/537.36" "www.ysfine.com"
71.178.208.102 - - [05/Dec/2022:14:44:30 -0800] "GET /ys22/dondon.html HTTP/1.1" 401 90 "https://www.ysfine.com/ys11/index.html" "Mozilla/5.0 (Linux; Android 5.1.1; KFSUWI) AppleWebKit/537.36 (KHTML, like Gecko) Silk/106.3.5 like Chrome/106.0.5249.170 Safari/537.36" "www.ysfine.com"
157.55.39.6 - - [05/Dec/2022:14:44:36 -0800] "GET /bio/awards/iao.html HTTP/1.1" 404 88 "-" "Mozilla/5.0 (compatible; bingbot/2.0; +http://www.bing.com/bingbot.htm)" "ysfine.com"
71.178.208.102 - jake [05/Dec/2022:14:44:39 -0800] "GET /ys22/dondon.html HTTP/1.1" 200 2037 "https://www.ysfine.com/ys11/index.html" "Mozilla/5.0 (Linux; Android 5.1.1; KFSUWI) AppleWebKit/537.36 (KHTML, like Gecko) Silk/106.3.5 like Chrome/106.0.5249.170 Safari/537.36" "www.ysfine.com"
157.55.39.76 - - [05/Dec/2022:14:44:55 -0800] "GET /bio/sbk/1950.html HTTP/1.1" 404 88 "-" "Mozilla/5.0 AppleWebKit/537.36 (KHTML, like Gecko; compatible; bingbot/2.0; +http://www.bing.com/bingbot.htm) Chrome/103.0.5060.134 Safari/537.36" "ysfine.com"
51.222.253.12 - - [05/Dec/2022:14:45:03 -0800] "GET /class54/class5470/total_data/sub_407.htm HTTP/1.1" 200 3214 "-" "Mozilla/5.0 (compatible; AhrefsBot/7.0; +http://ahrefs.com/robot/)" "www.ysfine.com"
157.55.39.76 - - [05/Dec/2022:14:46:55 -0800] "GET /bio/bio03.html HTTP/1.1" 404 88 "-" "Mozilla/5.0 (compatible; bingbot/2.0; +http://www.bing.com/bingbot.htm)" "ysfine.com"
157.55.39.6 - - [05/Dec/2022:14:46:59 -0800] "GET /bio/style/leica.html HTTP/1.1" 404 88 "-" "Mozilla/5.0 (compatible; bingbot/2.0; +http://www.bing.com/bingbot.htm)" "ysfine.com"
40.77.167.39 - - [05/Dec/2022:14:47:43 -0800] "GET /bio/feynman/partons.html HTTP/1.1" 404 88 "-" "Mozilla/5.0 AppleWebKit/537.36 (KHTML, like Gecko; compatible; bingbot/2.0; +http://www.bing.com/bingbot.htm) Chrome/103.0.5060.134 Safari/537.36" "ysfine.com"
40.77.167.39 - - [05/Dec/2022:14:47:44 -0800] "GET /bio/internal.html HTTP/1.1" 404 88 "-" "Mozilla/5.0 AppleWebKit/537.36 (KHTML, like Gecko; compatible; bingbot/2.0; +http://www.bing.com/bingbot.htm) Chrome/103.0.5060.134 Safari/537.36" "ysfine.com"
66.102.8.45 - - [05/Dec/2022:14:48:02 -0800] "GET /dirac/diracbul2.jpg HTTP/1.1" 200 31194 "-" "Mozilla/5.0 (Windows NT 5.1; rv:11.0) Gecko Firefox/11.0 (via ggpht.com GoogleImageProxy)" "ysfine.com"
157.55.39.6 - - [05/Dec/2022:14:48:27 -0800] "GET /bio/kobak/namdae.html HTTP/1.1" 404 88 "-" "Mozilla/5.0 (compatible; bingbot/2.0; +http://www.bing.com/bingbot.htm)" "ysfine.com"
75.158.200.106 - - [05/Dec/2022:14:49:25 -0800] "GET /world/poland/coperni11b.jpg HTTP/1.1" 200 28750 "https://www.google.com/" "Mozilla/5.0 (Windows NT 10.0; Win64; x64) AppleWebKit/537.36 (KHTML, like Gecko) Chrome/107.0.0.0 Safari/537.36" "ysfine.com"
45.4.201.44 - - [05/Dec/2022:14:49:28 -0800] "GET /dirac/dirheisen30.jpg HTTP/1.1" 200 141929 "https://www.google.com/" "Mozilla/5.0 (Windows NT 10.0; Win64; x64) AppleWebKit/537.36 (KHTML, like Gecko) Chrome/108.0.0.0 Safari/537.36" "ysfine.com"
207.46.13.48 - - [05/Dec/2022:14:50:41 -0800] "GET /bio/kobak/soraech.html HTTP/1.1" 404 88 "-" "Mozilla/5.0 AppleWebKit/537.36 (KHTML, like Gecko; compatible; bingbot/2.0; +http://www.bing.com/bingbot.htm) Chrome/103.0.5060.134 Safari/537.36" "ysfine.com"
157.55.39.6 - - [05/Dec/2022:14:50:47 -0800] "GET /bio/einstein/bern.html HTTP/1.1" 404 88 "-" "Mozilla/5.0 AppleWebKit/537.36 (KHTML, like Gecko; compatible; bingbot/2.0; +http://www.bing.com/bingbot.htm) Chrome/103.0.5060.134 Safari/537.36" "ysfine.com"
207.46.13.134 - - [05/Dec/2022:14:51:22 -0800] "GET /bio/world/trier.html HTTP/1.1" 404 88 "-" "Mozilla/5.0 AppleWebKit/537.36 (KHTML, like Gecko; compatible; bingbot/2.0; +http://www.bing.com/bingbot.htm) Chrome/103.0.5060.134 Safari/537.36" "ysfine.com"
207.46.13.134 - - [05/Dec/2022:14:51:22 -0800] "GET /bio/style/ystyle.html HTTP/1.1" 404 88 "-" "Mozilla/5.0 AppleWebKit/537.36 (KHTML, like Gecko; compatible; bingbot/2.0; +http://www.bing.com/bingbot.htm) Chrome/103.0.5060.134 Safari/537.36" "ysfine.com"
93.158.161.49 - - [05/Dec/2022:14:52:12 -0800] "GET /robots.txt HTTP/1.1" 404 73 "-" "Mozilla/5.0 (compatible; YandexBot/3.0; +http://yandex.com/bots)" "ysfine.com"
93.158.161.70 - - [05/Dec/2022:14:52:16 -0800] "GET /world/russ/spbm21.jpg HTTP/1.1" 200 88822 "-" "Mozilla/5.0 (compatible; YandexImages/3.0; +http://yandex.com/bots)" "ysfine.com"
51.222.253.2 - - [05/Dec/2022:14:54:02 -0800] "GET /class54/class5470/total_data/sub_408.htm HTTP/1.1" 200 3214 "-" "Mozilla/5.0 (compatible; AhrefsBot/7.0; +http://ahrefs.com/robot/)" "www.ysfine.com"
207.46.13.134 - - [05/Dec/2022:14:54:42 -0800] "GET /bio/princeton/campus.html HTTP/1.1" 404 88 "-" "Mozilla/5.0 (compatible; bingbot/2.0; +http://www.bing.com/bingbot.htm)" "ysfine.com"
207.46.13.134 - - [05/Dec/2022:14:54:43 -0800] "GET /bio/wigner/e(2).html HTTP/1.1" 404 88 "-" "Mozilla/5.0 (compatible; bingbot/2.0; +http://www.bing.com/bingbot.htm)" "ysfine.com"
93.158.161.70 - - [05/Dec/2022:14:54:56 -0800] "GET /robots.txt HTTP/1.1" 404 73 "-" "Mozilla/5.0 (compatible; YandexBot/3.0; +http://yandex.com/bots)" "www.ysfine.com"
93.158.161.47 - - [05/Dec/2022:14:55:00 -0800] "GET /maga/histo/desiree21.jpg HTTP/1.1" 304 - "-" "Mozilla/5.0 (compatible; YandexImages/3.0; +http://yandex.com/bots)" "www.ysfine.com"
93.158.161.47 - - [05/Dec/2022:14:55:01 -0800] "GET /maga/histo/desiree23.jpg HTTP/1.1" 200 85900 "-" "Mozilla/5.0 (compatible; YandexImages/3.0; +http://yandex.com/bots)" "ysfine.com"
207.46.13.20 - - [05/Dec/2022:14:55:32 -0800] "GET /bio12.html HTTP/1.1" 200 13708 "-" "Mozilla/5.0 AppleWebKit/537.36 (KHTML, like Gecko; compatible; bingbot/2.0; +http://www.bing.com/bingbot.htm) Chrome/103.0.5060.134 Safari/537.36" "ysfine.com"
216.244.66.229 - - [05/Dec/2022:14:57:07 -0800] "GET /robots.txt HTTP/1.1" 404 73 "-" "Mozilla/5.0 (compatible; DotBot/1.2; +https://opensiteexplorer.org/dotbot; help@moz.com)" "www.ysfine.com"
216.244.66.229 - - [05/Dec/2022:14:57:07 -0800] "GET /robots.txt HTTP/1.1" 404 73 "-" "Mozilla/5.0 (compatible; DotBot/1.2; +https://opensiteexplorer.org/dotbot; help@moz.com)" "ysfine.com"
31.61.160.192 - - [05/Dec/2022:14:58:17 -0800] "HEAD /ysbio/maga/weyl.html HTTP/1.1" 404 - "-" "Mozilla/5.0 (Windows NT 10.0; WOW64; rv:70.0) Gecko/20100101 Firefox/70.0" "ysfine.com"
40.77.167.39 - - [05/Dec/2022:15:00:06 -0800] "GET /bio/genea.html HTTP/1.1" 404 88 "-" "Mozilla/5.0 (compatible; bingbot/2.0; +http://www.bing.com/bingbot.htm)" "ysfine.com"
157.55.39.76 - - [05/Dec/2022:15:00:37 -0800] "GET /bio/bio07.html HTTP/1.1" 404 88 "-" "Mozilla/5.0 AppleWebKit/537.36 (KHTML, like Gecko; compatible; bingbot/2.0; +http://www.bing.com/bingbot.htm) Chrome/103.0.5060.134 Safari/537.36" "ysfine.com"
73.157.168.8 - - [05/Dec/2022:15:00:41 -0800] "GET /kobak/1014c.jpg HTTP/1.1" 200 164928 "https://www.google.com/" "Mozilla/5.0 (Windows NT 10.0; Win64; x64) AppleWebKit/537.36 (KHTML, like Gecko) Chrome/106.0.0.0 Safari/537.36" "ysfine.com"
51.190.224.58 - - [05/Dec/2022:15:01:19 -0800] "GET /wigner/quartet.jpg HTTP/1.1" 200 83670 "https://www.google.com/" "Mozilla/5.0 (Windows NT 10.0; Win64; x64) AppleWebKit/537.36 (KHTML, like Gecko) Chrome/107.0.0.0 Safari/537.36" "ysfine.com"
51.222.253.14 - - [05/Dec/2022:15:01:35 -0800] "GET / HTTP/1.1" 200 5295 "-" "Mozilla/5.0 (compatible; AhrefsBot/7.0; +http://ahrefs.com/robot/)" "www.ysfine.com"
216.244.66.229 - - [05/Dec/2022:15:01:54 -0800] "GET /folks/lipkin02.jpg HTTP/1.1" 200 77424 "-" "Mozilla/5.0 (compatible; DotBot/1.2; +https://opensiteexplorer.org/dotbot; help@moz.com)" "www.ysfine.com"
51.222.253.2 - - [05/Dec/2022:15:03:37 -0800] "GET /bio.html HTTP/1.1" 200 18114 "-" "Mozilla/5.0 (compatible; AhrefsBot/7.0; +http://ahrefs.com/robot/)" "ysfine.com"
161.35.56.127 - - [05/Dec/2022:15:05:42 -0800] "GET /awards/feature22.pdf HTTP/1.1" 200 984473 "-" "curl/7.74.0" "ysfine.com"
51.222.253.6 - - [05/Dec/2022:15:05:47 -0800] "GET /class54/class5470/total_data/sub_702.htm HTTP/1.1" 200 3294 "-" "Mozilla/5.0 (compatible; AhrefsBot/7.0; +http://ahrefs.com/robot/)" "www.ysfine.com"
220.181.108.93 - - [05/Dec/2022:15:06:45 -0800] "GET /feynman/page55.jpg HTTP/1.1" 200 98479 "-" "Mozilla/5.0 (compatible; Baiduspider/2.0; +http://www.baidu.com/search/spider.html)" "www.ysfine.com"
219.78.57.252 - - [05/Dec/2022:15:06:57 -0800] "GET /world/china/hongkong05.jpg HTTP/1.1" 200 114406 "https://www.google.com/" "Mozilla/5.0 (Linux; Android 12; SM-A5360 Build/SP1A.210812.016; wv) AppleWebKit/537.36 (KHTML, like Gecko) Version/4.0 Chrome/102.0.5005.125 Mobile Safari/537.36 GoogleApp/13.29.14.26.arm64" "ysfine.com"
157.55.39.6 - - [05/Dec/2022:15:07:49 -0800] "GET /bio/bio06.html HTTP/1.1" 404 88 "-" "Mozilla/5.0 (compatible; bingbot/2.0; +http://www.bing.com/bingbot.htm)" "ysfine.com"
51.222.253.2 - - [05/Dec/2022:15:07:54 -0800] "GET /class54/class5470/total_data/sub_709.htm HTTP/1.1" 200 3294 "-" "Mozilla/5.0 (compatible; AhrefsBot/7.0; +http://ahrefs.com/robot/)" "www.ysfine.com"
40.77.167.39 - - [05/Dec/2022:15:08:15 -0800] "GET /ysbio/folks/uscan.html HTTP/1.1" 404 88 "-" "Mozilla/5.0 (compatible; bingbot/2.0; +http://www.bing.com/bingbot.htm)" "ysfine.com"
207.46.13.48 - - [05/Dec/2022:15:08:23 -0800] "GET /bio/style/rieu.html HTTP/1.1" 404 88 "-" "Mozilla/5.0 AppleWebKit/537.36 (KHTML, like Gecko; compatible; bingbot/2.0; +http://www.bing.com/bingbot.htm) Chrome/103.0.5060.134 Safari/537.36" "ysfine.com"
93.158.161.49 - - [05/Dec/2022:15:09:26 -0800] "GET /world/russ/?C=S;O=D HTTP/1.1" 200 18005 "-" "Mozilla/5.0 (compatible; YandexBot/3.0; +http://yandex.com/bots)" "www.ysfine.com"
157.55.39.76 - - [05/Dec/2022:15:10:07 -0800] "GET /bio/harmoarchi.html HTTP/1.1" 404 88 "-" "Mozilla/5.0 (compatible; bingbot/2.0; +http://www.bing.com/bingbot.htm)" "ysfine.com"
77.75.78.172 - - [05/Dec/2022:15:10:11 -0800] "GET /robots.txt HTTP/1.1" 404 88 "-" "Mozilla/5.0 (compatible; SeznamBot/3.2; +http://napoveda.seznam.cz/en/seznambot-intro/)" "ysfine.com"
77.75.78.172 - - [05/Dec/2022:15:10:12 -0800] "GET /sbk/1972pitt33.jpg HTTP/1.1" 200 211798 "-" "Mozilla/5.0 (compatible; SeznamBot/3.2; +http://napoveda.seznam.cz/en/seznambot-intro/)" "ysfine.com"
157.55.39.76 - - [05/Dec/2022:15:10:16 -0800] "GET /bio/style/artlove.html HTTP/1.1" 404 88 "-" "Mozilla/5.0 AppleWebKit/537.36 (KHTML, like Gecko; compatible; bingbot/2.0; +http://www.bing.com/bingbot.htm) Chrome/103.0.5060.134 Safari/537.36" "ysfine.com"
77.75.78.172 - - [05/Dec/2022:15:10:18 -0800] "GET /sbk/1970conn55.jpg HTTP/1.1" 200 182949 "-" "Mozilla/5.0 (compatible; SeznamBot/3.2; +http://napoveda.seznam.cz/en/seznambot-intro/)" "ysfine.com"
51.222.253.5 - - [05/Dec/2022:15:10:18 -0800] "GET /class54/class5470/total_data/sub_710.htm HTTP/1.1" 200 3294 "-" "Mozilla/5.0 (compatible; AhrefsBot/7.0; +http://ahrefs.com/robot/)" "www.ysfine.com"
77.75.78.172 - - [05/Dec/2022:15:10:21 -0800] "GET /sbk/1973emba22.jpg HTTP/1.1" 200 168932 "-" "Mozilla/5.0 (compatible; SeznamBot/3.2; +http://napoveda.seznam.cz/en/seznambot-intro/)" "ysfine.com"
51.222.253.12 - - [05/Dec/2022:15:10:23 -0800] "GET /class54/class5470/total_data/refer_img/7-14_f.jpg HTTP/1.1" 200 50299 "-" "Mozilla/5.0 (compatible; AhrefsBot/7.0; +http://ahrefs.com/robot/)" "www.ysfine.com"
77.75.78.172 - - [05/Dec/2022:15:10:24 -0800] "GET /sbk/1989ogun11.jpg HTTP/1.1" 304 - "-" "Mozilla/5.0 (compatible; SeznamBot/3.2; +http://napoveda.seznam.cz/en/seznambot-intro/)" "ysfine.com"
77.75.78.172 - - [05/Dec/2022:15:10:24 -0800] "GET /manko/markov84.jpg HTTP/1.1" 304 - "-" "Mozilla/5.0 (compatible; SeznamBot/3.2; +http://napoveda.seznam.cz/en/seznambot-intro/)" "ysfine.com"
77.75.78.172 - - [05/Dec/2022:15:10:24 -0800] "GET /sbk/1968fam11.jpg HTTP/1.1" 200 202645 "-" "Mozilla/5.0 (compatible; SeznamBot/3.2; +http://napoveda.seznam.cz/en/seznambot-intro/)" "ysfine.com"
77.75.78.172 - - [05/Dec/2022:15:10:27 -0800] "GET /sbk/1970fam11.jpg HTTP/1.1" 200 130577 "-" "Mozilla/5.0 (compatible; SeznamBot/3.2; +http://napoveda.seznam.cz/en/seznambot-intro/)" "ysfine.com"
77.75.78.172 - - [05/Dec/2022:15:10:29 -0800] "GET /sbk/1976wdc11.jpg HTTP/1.1" 200 174125 "-" "Mozilla/5.0 (compatible; SeznamBot/3.2; +http://napoveda.seznam.cz/en/seznambot-intro/)" "ysfine.com"
51.222.253.17 - - [05/Dec/2022:15:10:29 -0800] "GET /class54/class5470/total_data/refer_img/7-6_f.jpg HTTP/1.1" 200 53242 "-" "Mozilla/5.0 (compatible; AhrefsBot/7.0; +http://ahrefs.com/robot/)" "www.ysfine.com"
51.222.253.1 - - [05/Dec/2022:15:10:35 -0800] "GET /class54/class5470/total_data/refer_img/7-1_f.jpg HTTP/1.1" 200 38228 "-" "Mozilla/5.0 (compatible; AhrefsBot/7.0; +http://ahrefs.com/robot/)" "www.ysfine.com"
116.179.32.94 - - [05/Dec/2022:15:10:39 -0800] "GET /maga/boltzmann.html HTTP/1.1" 200 6052 "-" "Mozilla/5.0 (compatible; Baiduspider/2.0; +http://www.baidu.com/search/spider.html)" "ysfine.com"
116.179.37.120 - - [05/Dec/2022:15:10:40 -0800] "GET /wigner/lunch91b.jpg HTTP/1.1" 200 52318 "https://ysfine.com/maga/boltzmann.html" "Mozilla/5.0 (compatible; Baiduspider-render/2.0; +http://www.baidu.com/search/spider.html)" "ysfine.com"
116.179.37.22 - - [05/Dec/2022:15:10:40 -0800] "GET /world/germany/vienna71b.jpg HTTP/1.1" 200 46089 "https://ysfine.com/maga/boltzmann.html" "Mozilla/5.0 (compatible; Baiduspider-render/2.0; +http://www.baidu.com/search/spider.html)" "ysfine.com"
116.179.37.232 - - [05/Dec/2022:15:10:40 -0800] "GET /einstein/einbohr11b.jpg HTTP/1.1" 200 37538 "https://ysfine.com/maga/boltzmann.html" "Mozilla/5.0 (compatible; Baiduspider-render/2.0; +http://www.baidu.com/search/spider.html)" "ysfine.com"
116.179.37.218 - - [05/Dec/2022:15:10:40 -0800] "GET /einstein/bohradius11b.jpg HTTP/1.1" 200 39999 "https://ysfine.com/maga/boltzmann.html" "Mozilla/5.0 (compatible; Baiduspider-render/2.0; +http://www.baidu.com/search/spider.html)" "ysfine.com"
116.179.37.204 - - [05/Dec/2022:15:10:40 -0800] "GET /world/germany/johannstra00b.jpg HTTP/1.1" 200 49436 "https://ysfine.com/maga/boltzmann.html" "Mozilla/5.0 (compatible; Baiduspider-render/2.0; +http://www.baidu.com/search/spider.html)" "ysfine.com"
116.179.37.117 - - [05/Dec/2022:15:10:40 -0800] "GET /home/yscoup11b.jpg HTTP/1.1" 200 34138 "https://ysfine.com/maga/boltzmann.html" "Mozilla/5.0 (compatible; Baiduspider-render/2.0; +http://www.baidu.com/search/spider.html)" "ysfine.com"
116.179.37.107 - - [05/Dec/2022:15:10:40 -0800] "GET /maga/boltz/boltz22b.jpg HTTP/1.1" 200 30861 "https://ysfine.com/maga/boltzmann.html" "Mozilla/5.0 (compatible; Baiduspider-render/2.0; +http://www.baidu.com/search/spider.html)" "ysfine.com"
116.179.37.97 - - [05/Dec/2022:15:10:40 -0800] "GET /maga/boltz/gauss11a.jpg HTTP/1.1" 200 22192 "https://ysfine.com/maga/boltzmann.html" "Mozilla/5.0 (compatible; Baiduspider-render/2.0; +http://www.baidu.com/search/spider.html)" "ysfine.com"
116.179.37.56 - - [05/Dec/2022:15:10:40 -0800] "GET /wigner/isomor66b.jpg HTTP/1.1" 200 60963 "https://ysfine.com/maga/boltzmann.html" "Mozilla/5.0 (compatible; Baiduspider-render/2.0; +http://www.baidu.com/search/spider.html)" "ysfine.com"
116.179.37.3 - - [05/Dec/2022:15:10:40 -0800] "GET /maga/boltz/maxrel11b.jpg HTTP/1.1" 200 28313 "https://ysfine.com/maga/boltzmann.html" "Mozilla/5.0 (compatible; Baiduspider-render/2.0; +http://www.baidu.com/search/spider.html)" "ysfine.com"
116.179.37.153 - - [05/Dec/2022:15:10:40 -0800] "GET /feynman/feybongo77b.jpg HTTP/1.1" 200 29724 "https://ysfine.com/maga/boltzmann.html" "Mozilla/5.0 (compatible; Baiduspider-render/2.0; +http://www.baidu.com/search/spider.html)" "ysfine.com"
116.179.37.207 - - [05/Dec/2022:15:10:40 -0800] "GET /maga/phys/vnm01b.jpg HTTP/1.1" 200 35878 "https://ysfine.com/maga/boltzmann.html" "Mozilla/5.0 (compatible; Baiduspider-render/2.0; +http://www.baidu.com/search/spider.html)" "ysfine.com"
116.179.37.83 - - [05/Dec/2022:15:10:40 -0800] "GET /maga/boltz/boost11.jpg HTTP/1.1" 200 34116 "https://ysfine.com/maga/boltzmann.html" "Mozilla/5.0 (compatible; Baiduspider-render/2.0; +http://www.baidu.com/search/spider.html)" "ysfine.com"
51.222.253.20 - - [05/Dec/2022:15:10:41 -0800] "GET /class54/class5470/total_data/refer_img/7-3_f.jpg HTTP/1.1" 200 38715 "-" "Mozilla/5.0 (compatible; AhrefsBot/7.0; +http://ahrefs.com/robot/)" "www.ysfine.com"
116.179.37.227 - - [05/Dec/2022:15:10:41 -0800] "GET /maga/boltz/restof22a.jpg HTTP/1.1" 200 41645 "https://ysfine.com/maga/boltzmann.html" "Mozilla/5.0 (compatible; Baiduspider-render/2.0; +http://www.baidu.com/search/spider.html)" "ysfine.com"
116.179.37.236 - - [05/Dec/2022:15:10:41 -0800] "GET /maga/boltz/qboil66a.jpg HTTP/1.1" 200 64414 "https://ysfine.com/maga/boltzmann.html" "Mozilla/5.0 (compatible; Baiduspider-render/2.0; +http://www.baidu.com/search/spider.html)" "ysfine.com"
116.179.37.108 - - [05/Dec/2022:15:10:41 -0800] "GET /maga/boltz/gauss22a.jpg HTTP/1.1" 200 33642 "https://ysfine.com/maga/boltzmann.html" "Mozilla/5.0 (compatible; Baiduspider-render/2.0; +http://www.baidu.com/search/spider.html)" "ysfine.com"
116.179.37.6 - - [05/Dec/2022:15:10:41 -0800] "GET /maga/boltz/entro22b.jpg HTTP/1.1" 200 581794 "https://ysfine.com/maga/boltzmann.html" "Mozilla/5.0 (compatible; Baiduspider-render/2.0; +http://www.baidu.com/search/spider.html)" "ysfine.com"
116.179.37.239 - - [05/Dec/2022:15:10:44 -0800] "GET /wigner/wigsharp2.jpg HTTP/1.1" 200 34860 "https://ysfine.com/maga/boltzmann.html" "Mozilla/5.0 (compatible; Baiduspider-render/2.0; +http://www.baidu.com/search/spider.html)" "ysfine.com"
116.179.37.99 - - [05/Dec/2022:15:10:44 -0800] "GET /maga/boltz/restof11.jpg HTTP/1.1" 200 39679 "https://ysfine.com/maga/boltzmann.html" "Mozilla/5.0 (compatible; Baiduspider-render/2.0; +http://www.baidu.com/search/spider.html)" "ysfine.com"
51.222.253.2 - - [05/Dec/2022:15:10:46 -0800] "GET /class54/class5470/total_data/refer_img/7-13_f.jpg HTTP/1.1" 200 36053 "-" "Mozilla/5.0 (compatible; AhrefsBot/7.0; +http://ahrefs.com/robot/)" "www.ysfine.com"
51.222.253.20 - - [05/Dec/2022:15:10:52 -0800] "GET /class54/class5470/total_data/refer_img/7-20_f.jpg HTTP/1.1" 200 40256 "-" "Mozilla/5.0 (compatible; AhrefsBot/7.0; +http://ahrefs.com/robot/)" "www.ysfine.com"
51.222.253.1 - - [05/Dec/2022:15:10:58 -0800] "GET /class54/class5470/total_data/refer_img/7-8_f.jpg HTTP/1.1" 200 26901 "-" "Mozilla/5.0 (compatible; AhrefsBot/7.0; +http://ahrefs.com/robot/)" "www.ysfine.com"
51.222.253.20 - - [05/Dec/2022:15:11:03 -0800] "GET /class54/class5470/total_data/refer_img/7-19_f.jpg HTTP/1.1" 200 39790 "-" "Mozilla/5.0 (compatible; AhrefsBot/7.0; +http://ahrefs.com/robot/)" "www.ysfine.com"
51.222.253.2 - - [05/Dec/2022:15:11:09 -0800] "GET /class54/class5470/total_data/refer_img/7-16_f.jpg HTTP/1.1" 200 32695 "-" "Mozilla/5.0 (compatible; AhrefsBot/7.0; +http://ahrefs.com/robot/)" "www.ysfine.com"
51.222.253.13 - - [05/Dec/2022:15:11:15 -0800] "GET /class54/class5470/total_data/refer_img/7-17_f.jpg HTTP/1.1" 200 34347 "-" "Mozilla/5.0 (compatible; AhrefsBot/7.0; +http://ahrefs.com/robot/)" "www.ysfine.com"
207.46.13.134 - - [05/Dec/2022:15:11:16 -0800] "GET /bio04.html HTTP/1.1" 200 9059 "-" "Mozilla/5.0 AppleWebKit/537.36 (KHTML, like Gecko; compatible; bingbot/2.0; +http://www.bing.com/bingbot.htm) Chrome/103.0.5060.134 Safari/537.36" "ysfine.com"
51.222.253.12 - - [05/Dec/2022:15:11:20 -0800] "GET /class54/class5470/total_data/refer_img/7-2_f.jpg HTTP/1.1" 200 38080 "-" "Mozilla/5.0 (compatible; AhrefsBot/7.0; +http://ahrefs.com/robot/)" "www.ysfine.com"
51.222.253.10 - - [05/Dec/2022:15:11:26 -0800] "GET /class54/class5470/total_data/refer_img/7-9_f.jpg HTTP/1.1" 200 37291 "-" "Mozilla/5.0 (compatible; AhrefsBot/7.0; +http://ahrefs.com/robot/)" "www.ysfine.com"
69.194.143.140 - - [05/Dec/2022:15:11:28 -0800] "GET /ads.txt HTTP/1.1" 404 88 "-" "Mozilla/5.0 (Macintosh; Intel Mac OS X 10_15_7) AppleWebKit/537.36 (KHTML, like Gecko) Chrome/107.0.0.0 Safari/537.36" "ysfine.com"
69.194.143.140 - - [05/Dec/2022:15:11:28 -0800] "GET /ads.txt HTTP/1.1" 404 88 "-" "Mozilla/5.0 (Macintosh; Intel Mac OS X 10_15_7) AppleWebKit/537.36 (KHTML, like Gecko) Chrome/107.0.0.0 Safari/537.36" "ysfine.com"
114.119.142.72 - - [05/Dec/2022:15:11:29 -0800] "GET /princeton/wightman60.pdf HTTP/1.1" 200 157258 "https://www.ysfine.com/maga/naimark.html" "Mozilla/5.0 (Linux; Android 7.0;) AppleWebKit/537.36 (KHTML, like Gecko) Mobile Safari/537.36 (compatible; PetalBot;+https://webmaster.petalsearch.com/site/petalbot)" "www.ysfine.com"
51.222.253.2 - - [05/Dec/2022:15:11:32 -0800] "GET /class54/class5470/total_data/img/sm04_on.gif HTTP/1.1" 200 392 "-" "Mozilla/5.0 (compatible; AhrefsBot/7.0; +http://ahrefs.com/robot/)" "www.ysfine.com"
51.222.253.9 - - [05/Dec/2022:15:11:32 -0800] "GET /class54/class5470/total_data/refer_img/7-4_f.jpg HTTP/1.1" 200 32758 "-" "Mozilla/5.0 (compatible; AhrefsBot/7.0; +http://ahrefs.com/robot/)" "www.ysfine.com"
51.222.253.14 - - [05/Dec/2022:15:11:38 -0800] "GET /class54/class5470/total_data/refer_img/7-5_f.jpg HTTP/1.1" 200 31461 "-" "Mozilla/5.0 (compatible; AhrefsBot/7.0; +http://ahrefs.com/robot/)" "www.ysfine.com"
51.222.253.19 - - [05/Dec/2022:15:11:44 -0800] "GET /class54/class5470/total_data/refer_img/7-12_f.jpg HTTP/1.1" 200 38801 "-" "Mozilla/5.0 (compatible; AhrefsBot/7.0; +http://ahrefs.com/robot/)" "www.ysfine.com"
194.223.35.130 - - [05/Dec/2022:15:11:47 -0800] "GET /kowar/tanks/tank01.jpg HTTP/1.1" 200 81859 "https://www.google.com/" "Mozilla/5.0 (Windows NT 10.0; Win64; x64) AppleWebKit/537.36 (KHTML, like Gecko) Chrome/107.0.0.0 Safari/537.36" "ysfine.com"
51.222.253.16 - - [05/Dec/2022:15:11:49 -0800] "GET /class54/class5470/total_data/refer_img/7-11_f.jpg HTTP/1.1" 200 28941 "-" "Mozilla/5.0 (compatible; AhrefsBot/7.0; +http://ahrefs.com/robot/)" "www.ysfine.com"
51.222.253.13 - - [05/Dec/2022:15:11:55 -0800] "GET /class54/class5470/total_data/refer_img/7-18_f.jpg HTTP/1.1" 200 32493 "-" "Mozilla/5.0 (compatible; AhrefsBot/7.0; +http://ahrefs.com/robot/)" "www.ysfine.com"
71.178.208.102 - - [05/Dec/2022:15:11:58 -0800] "GET /favicon.ico HTTP/1.1" 404 88 "https://www.ysfine.com/ys22/dondon.html" "Mozilla/5.0 (Linux; Android 5.1.1; KFSUWI) AppleWebKit/537.36 (KHTML, like Gecko) Silk/106.3.5 like Chrome/106.0.5249.170 Safari/537.36" "www.ysfine.com"
51.222.253.18 - - [05/Dec/2022:15:12:01 -0800] "GET /class54/class5470/total_data/photo_img/7-10.jpg HTTP/1.1" 200 252361 "-" "Mozilla/5.0 (compatible; AhrefsBot/7.0; +http://ahrefs.com/robot/)" "www.ysfine.com"
51.222.253.15 - - [05/Dec/2022:15:12:08 -0800] "GET /class54/class5470/total_data/refer_img/7-15_f.jpg HTTP/1.1" 200 39568 "-" "Mozilla/5.0 (compatible; AhrefsBot/7.0; +http://ahrefs.com/robot/)" "www.ysfine.com"
51.222.253.13 - - [05/Dec/2022:15:12:14 -0800] "GET /class54/class5470/total_data/refer_img/7-7_f.jpg HTTP/1.1" 200 46934 "-" "Mozilla/5.0 (compatible; AhrefsBot/7.0; +http://ahrefs.com/robot/)" "www.ysfine.com"
51.222.253.11 - - [05/Dec/2022:15:12:21 -0800] "GET /class54/class5470/total_data/refer_img/7-10_f.jpg HTTP/1.1" 200 35634 "-" "Mozilla/5.0 (compatible; AhrefsBot/7.0; +http://ahrefs.com/robot/)" "www.ysfine.com"
51.222.253.14 - - [05/Dec/2022:15:12:31 -0800] "GET /class54/class5470/total_data/sub_713.htm HTTP/1.1" 200 3294 "-" "Mozilla/5.0 (compatible; AhrefsBot/7.0; +http://ahrefs.com/robot/)" "www.ysfine.com"
51.222.253.3 - - [05/Dec/2022:15:12:35 -0800] "GET /class54/class5470/total_data/photo_img/7-13.jpg HTTP/1.1" 200 258237 "-" "Mozilla/5.0 (compatible; AhrefsBot/7.0; +http://ahrefs.com/robot/)" "www.ysfine.com"
172.58.38.149 - - [05/Dec/2022:15:12:57 -0800] "GET /dirac/wigsis11.jpg HTTP/1.1" 200 71741 "https://www.google.com/" "Mozilla/5.0 (Linux; Android 10; moto g power (2021)) AppleWebKit/537.36 (KHTML, like Gecko) Chrome/106.0.0.0 Mobile Safari/537.36" "ysfine.com"
174.0.42.125 - - [05/Dec/2022:15:13:11 -0800] "GET /kowar/tanks/sherman51.jpg HTTP/1.1" 200 110942 "https://www.bing.com/" "Mozilla/5.0 (Macintosh; Intel Mac OS X 10_11_6) AppleWebKit/605.1.15 (KHTML, like Gecko) Version/11.1.2 Safari/605.1.15" "www.ysfine.com"
51.190.224.58 - - [05/Dec/2022:15:14:04 -0800] "GET /wigner/neum/vnc07.jpg HTTP/1.1" 200 95908 "https://www.google.com/" "Mozilla/5.0 (Windows NT 10.0; Win64; x64) AppleWebKit/537.36 (KHTML, like Gecko) Chrome/107.0.0.0 Safari/537.36" "ysfine.com"
3.238.42.167 - - [05/Dec/2022:15:14:31 -0800] "GET /wigner/gim/map02a.jpg HTTP/1.1" 200 58713 "-" "python-requests/2.22.0" "ysfine.com"
51.222.253.2 - - [05/Dec/2022:15:14:54 -0800] "GET /class54/class5470/total_data/sub_712.htm HTTP/1.1" 200 3294 "-" "Mozilla/5.0 (compatible; AhrefsBot/7.0; +http://ahrefs.com/robot/)" "www.ysfine.com"
79.158.199.124 - - [05/Dec/2022:15:16:11 -0800] "GET /world/france/stras10.jpg HTTP/1.1" 200 105338 "https://www.google.com/" "Mozilla/5.0 (Windows NT 10.0; Win64; x64) AppleWebKit/537.36 (KHTML, like Gecko) Chrome/108.0.0.0 Safari/537.36" "ysfine.com"
157.55.39.6 - - [05/Dec/2022:15:16:49 -0800] "GET /bio/awards/iao.html HTTP/1.1" 404 88 "-" "Mozilla/5.0 AppleWebKit/537.36 (KHTML, like Gecko; compatible; bingbot/2.0; +http://www.bing.com/bingbot.htm) Chrome/103.0.5060.134 Safari/537.36" "ysfine.com"
65.112.8.56 - - [05/Dec/2022:15:17:43 -0800] "GET /princeton/alexan22.jpg HTTP/1.1" 200 175436 "https://www.google.com/" "Mozilla/5.0 (iPhone; CPU iPhone OS 16_1_1 like Mac OS X) AppleWebKit/605.1.15 (KHTML, like Gecko) Version/16.1 Mobile/15E148 Safari/604.1" "ysfine.com"
51.222.253.2 - - [05/Dec/2022:15:17:44 -0800] "GET /class54/class5470/total_data/sub_868.htm HTTP/1.1" 200 3510 "-" "Mozilla/5.0 (compatible; AhrefsBot/7.0; +http://ahrefs.com/robot/)" "www.ysfine.com"
157.55.39.76 - - [05/Dec/2022:15:17:48 -0800] "GET /bio/sbk/1950.html HTTP/1.1" 404 88 "-" "Mozilla/5.0 (compatible; bingbot/2.0; +http://www.bing.com/bingbot.htm)" "ysfine.com"
51.222.253.13 - - [05/Dec/2022:15:17:49 -0800] "GET /class54/class5470/total_data/refer_img/8-80_f.jpg HTTP/1.1" 200 27793 "-" "Mozilla/5.0 (compatible; AhrefsBot/7.0; +http://ahrefs.com/robot/)" "www.ysfine.com"
51.222.253.12 - - [05/Dec/2022:15:17:55 -0800] "GET /class54/class5470/total_data/refer_img/8-93_f.jpg HTTP/1.1" 200 36795 "-" "Mozilla/5.0 (compatible; AhrefsBot/7.0; +http://ahrefs.com/robot/)" "www.ysfine.com"
51.222.253.1 - - [05/Dec/2022:15:17:57 -0800] "GET /class54/class5470/total_data/refer_img/8-84_f.jpg HTTP/1.1" 200 33390 "-" "Mozilla/5.0 (compatible; AhrefsBot/7.0; +http://ahrefs.com/robot/)" "www.ysfine.com"
51.222.253.18 - - [05/Dec/2022:15:18:03 -0800] "GET /class54/class5470/total_data/refer_img/8-88_f.jpg HTTP/1.1" 200 24568 "-" "Mozilla/5.0 (compatible; AhrefsBot/7.0; +http://ahrefs.com/robot/)" "www.ysfine.com"
51.222.253.15 - - [05/Dec/2022:15:18:08 -0800] "GET /class54/class5470/total_data/photo_img/8-68.jpg HTTP/1.1" 200 222412 "-" "Mozilla/5.0 (compatible; AhrefsBot/7.0; +http://ahrefs.com/robot/)" "www.ysfine.com"
51.222.253.5 - - [05/Dec/2022:15:18:16 -0800] "GET /class54/class5470/total_data/refer_img/8-77_f.jpg HTTP/1.1" 200 34708 "-" "Mozilla/5.0 (compatible; AhrefsBot/7.0; +http://ahrefs.com/robot/)" "www.ysfine.com"
71.178.208.102 - - [05/Dec/2022:15:18:18 -0800] "GET /bio13.html HTTP/1.1" 304 - "https://www.ysfine.com/ys11/index.html" "Mozilla/5.0 (Linux; Android 5.1.1; KFSUWI) AppleWebKit/537.36 (KHTML, like Gecko) Silk/106.3.5 like Chrome/106.0.5249.170 Safari/537.36" "www.ysfine.com"
51.222.253.2 - - [05/Dec/2022:15:18:22 -0800] "GET /class54/class5470/total_data/refer_img/8-95_f.jpg HTTP/1.1" 200 34895 "-" "Mozilla/5.0 (compatible; AhrefsBot/7.0; +http://ahrefs.com/robot/)" "www.ysfine.com"
51.222.253.7 - - [05/Dec/2022:15:18:27 -0800] "GET /class54/class5470/total_data/refer_img/8-78_f.jpg HTTP/1.1" 200 33421 "-" "Mozilla/5.0 (compatible; AhrefsBot/7.0; +http://ahrefs.com/robot/)" "www.ysfine.com"
71.178.208.102 - - [05/Dec/2022:15:18:28 -0800] "GET /bio15.html HTTP/1.1" 200 15983 "https://www.ysfine.com/ys11/index.html" "Mozilla/5.0 (Linux; Android 5.1.1; KFSUWI) AppleWebKit/537.36 (KHTML, like Gecko) Silk/106.3.5 like Chrome/106.0.5249.170 Safari/537.36" "www.ysfine.com"
71.178.208.102 - - [05/Dec/2022:15:18:28 -0800] "GET /style/musee/orsaym04c.jpg HTTP/1.1" 200 56701 "https://www.ysfine.com/bio15.html" "Mozilla/5.0 (Linux; Android 5.1.1; KFSUWI) AppleWebKit/537.36 (KHTML, like Gecko) Silk/106.3.5 like Chrome/106.0.5249.170 Safari/537.36" "www.ysfine.com"
71.178.208.102 - - [05/Dec/2022:15:18:28 -0800] "GET /style/musee/orsaym01c.jpg HTTP/1.1" 200 43934 "https://www.ysfine.com/bio15.html" "Mozilla/5.0 (Linux; Android 5.1.1; KFSUWI) AppleWebKit/537.36 (KHTML, like Gecko) Silk/106.3.5 like Chrome/106.0.5249.170 Safari/537.36" "www.ysfine.com"
71.178.208.102 - - [05/Dec/2022:15:18:28 -0800] "GET /style/musee/louvre11c.jpg HTTP/1.1" 200 44335 "https://www.ysfine.com/bio15.html" "Mozilla/5.0 (Linux; Android 5.1.1; KFSUWI) AppleWebKit/537.36 (KHTML, like Gecko) Silk/106.3.5 like Chrome/106.0.5249.170 Safari/537.36" "www.ysfine.com"
71.178.208.102 - - [05/Dec/2022:15:18:28 -0800] "GET /style/musee/louvre16c.jpg HTTP/1.1" 200 32786 "https://www.ysfine.com/bio15.html" "Mozilla/5.0 (Linux; Android 5.1.1; KFSUWI) AppleWebKit/537.36 (KHTML, like Gecko) Silk/106.3.5 like Chrome/106.0.5249.170 Safari/537.36" "www.ysfine.com"
71.178.208.102 - - [05/Dec/2022:15:18:28 -0800] "GET /style/musee/pradom02c.jpg HTTP/1.1" 200 63809 "https://www.ysfine.com/bio15.html" "Mozilla/5.0 (Linux; Android 5.1.1; KFSUWI) AppleWebKit/537.36 (KHTML, like Gecko) Silk/106.3.5 like Chrome/106.0.5249.170 Safari/537.36" "www.ysfine.com"
71.178.208.102 - - [05/Dec/2022:15:18:28 -0800] "GET /style/socrates55c.jpg HTTP/1.1" 200 38192 "https://www.ysfine.com/bio15.html" "Mozilla/5.0 (Linux; Android 5.1.1; KFSUWI) AppleWebKit/537.36 (KHTML, like Gecko) Silk/106.3.5 like Chrome/106.0.5249.170 Safari/537.36" "www.ysfine.com"
71.178.208.102 - - [05/Dec/2022:15:18:28 -0800] "GET /style/nga66c.jpg HTTP/1.1" 200 35103 "https://www.ysfine.com/bio15.html" "Mozilla/5.0 (Linux; Android 5.1.1; KFSUWI) AppleWebKit/537.36 (KHTML, like Gecko) Silk/106.3.5 like Chrome/106.0.5249.170 Safari/537.36" "www.ysfine.com"
71.178.208.102 - - [05/Dec/2022:15:18:28 -0800] "GET /style/nga33c.jpg HTTP/1.1" 200 44503 "https://www.ysfine.com/bio15.html" "Mozilla/5.0 (Linux; Android 5.1.1; KFSUWI) AppleWebKit/537.36 (KHTML, like Gecko) Silk/106.3.5 like Chrome/106.0.5249.170 Safari/537.36" "www.ysfine.com"
71.178.208.102 - - [05/Dec/2022:15:18:28 -0800] "GET /style/guggen33c.jpg HTTP/1.1" 200 37941 "https://www.ysfine.com/bio15.html" "Mozilla/5.0 (Linux; Android 5.1.1; KFSUWI) AppleWebKit/537.36 (KHTML, like Gecko) Silk/106.3.5 like Chrome/106.0.5249.170 Safari/537.36" "www.ysfine.com"
71.178.208.102 - - [05/Dec/2022:15:18:28 -0800] "GET /style/musee/pradom03c.jpg HTTP/1.1" 200 37152 "https://www.ysfine.com/bio15.html" "Mozilla/5.0 (Linux; Android 5.1.1; KFSUWI) AppleWebKit/537.36 (KHTML, like Gecko) Silk/106.3.5 like Chrome/106.0.5249.170 Safari/537.36" "www.ysfine.com"
71.178.208.102 - - [05/Dec/2022:15:18:28 -0800] "GET /style/musee/britmu03c.jpg HTTP/1.1" 200 33045 "https://www.ysfine.com/bio15.html" "Mozilla/5.0 (Linux; Android 5.1.1; KFSUWI) AppleWebKit/537.36 (KHTML, like Gecko) Silk/106.3.5 like Chrome/106.0.5249.170 Safari/537.36" "www.ysfine.com"
71.178.208.102 - - [05/Dec/2022:15:18:28 -0800] "GET /style/musee/ath000b.jpg HTTP/1.1" 200 46554 "https://www.ysfine.com/bio15.html" "Mozilla/5.0 (Linux; Android 5.1.1; KFSUWI) AppleWebKit/537.36 (KHTML, like Gecko) Silk/106.3.5 like Chrome/106.0.5249.170 Safari/537.36" "www.ysfine.com"
71.178.208.102 - - [05/Dec/2022:15:18:28 -0800] "GET /style/musee/britmu09c.jpg HTTP/1.1" 200 36146 "https://www.ysfine.com/bio15.html" "Mozilla/5.0 (Linux; Android 5.1.1; KFSUWI) AppleWebKit/537.36 (KHTML, like Gecko) Silk/106.3.5 like Chrome/106.0.5249.170 Safari/537.36" "www.ysfine.com"
71.178.208.102 - - [05/Dec/2022:15:18:28 -0800] "GET /style/musee/ath003b.jpg HTTP/1.1" 200 32318 "https://www.ysfine.com/bio15.html" "Mozilla/5.0 (Linux; Android 5.1.1; KFSUWI) AppleWebKit/537.36 (KHTML, like Gecko) Silk/106.3.5 like Chrome/106.0.5249.170 Safari/537.36" "www.ysfine.com"
71.178.208.102 - - [05/Dec/2022:15:18:28 -0800] "GET /style/musee/perga26b.jpg HTTP/1.1" 200 35624 "https://www.ysfine.com/bio15.html" "Mozilla/5.0 (Linux; Android 5.1.1; KFSUWI) AppleWebKit/537.36 (KHTML, like Gecko) Silk/106.3.5 like Chrome/106.0.5249.170 Safari/537.36" "www.ysfine.com"
71.178.208.102 - - [05/Dec/2022:15:18:28 -0800] "GET /style/musee/perga15b.jpg HTTP/1.1" 200 35319 "https://www.ysfine.com/bio15.html" "Mozilla/5.0 (Linux; Android 5.1.1; KFSUWI) AppleWebKit/537.36 (KHTML, like Gecko) Silk/106.3.5 like Chrome/106.0.5249.170 Safari/537.36" "www.ysfine.com"
71.178.208.102 - - [05/Dec/2022:15:18:28 -0800] "GET /style/musee/berlinmus21b.jpg HTTP/1.1" 200 35257 "https://www.ysfine.com/bio15.html" "Mozilla/5.0 (Linux; Android 5.1.1; KFSUWI) AppleWebKit/537.36 (KHTML, like Gecko) Silk/106.3.5 like Chrome/106.0.5249.170 Safari/537.36" "www.ysfine.com"
71.178.208.102 - - [05/Dec/2022:15:18:28 -0800] "GET /style/musee/berlinmus36b.jpg HTTP/1.1" 200 36317 "https://www.ysfine.com/bio15.html" "Mozilla/5.0 (Linux; Android 5.1.1; KFSUWI) AppleWebKit/537.36 (KHTML, like Gecko) Silk/106.3.5 like Chrome/106.0.5249.170 Safari/537.36" "www.ysfine.com"
71.178.208.102 - - [05/Dec/2022:15:18:28 -0800] "GET /style/musee/ath007b.jpg HTTP/1.1" 200 33406 "https://www.ysfine.com/bio15.html" "Mozilla/5.0 (Linux; Android 5.1.1; KFSUWI) AppleWebKit/537.36 (KHTML, like Gecko) Silk/106.3.5 like Chrome/106.0.5249.170 Safari/537.36" "www.ysfine.com"
71.178.208.102 - - [05/Dec/2022:15:18:28 -0800] "GET /style/musee/ath030b.jpg HTTP/1.1" 200 48681 "https://www.ysfine.com/bio15.html" "Mozilla/5.0 (Linux; Android 5.1.1; KFSUWI) AppleWebKit/537.36 (KHTML, like Gecko) Silk/106.3.5 like Chrome/106.0.5249.170 Safari/537.36" "www.ysfine.com"
71.178.208.102 - - [05/Dec/2022:15:18:28 -0800] "GET /style/musee/perga06b.jpg HTTP/1.1" 200 40224 "https://www.ysfine.com/bio15.html" "Mozilla/5.0 (Linux; Android 5.1.1; KFSUWI) AppleWebKit/537.36 (KHTML, like Gecko) Silk/106.3.5 like Chrome/106.0.5249.170 Safari/537.36" "www.ysfine.com"
71.178.208.102 - - [05/Dec/2022:15:18:28 -0800] "GET /style/monet01b.jpg HTTP/1.1" 200 42056 "https://www.ysfine.com/bio15.html" "Mozilla/5.0 (Linux; Android 5.1.1; KFSUWI) AppleWebKit/537.36 (KHTML, like Gecko) Silk/106.3.5 like Chrome/106.0.5249.170 Safari/537.36" "www.ysfine.com"
71.178.208.102 - - [05/Dec/2022:15:18:28 -0800] "GET /kobak/taylor33c.jpg HTTP/1.1" 200 39951 "https://www.ysfine.com/bio15.html" "Mozilla/5.0 (Linux; Android 5.1.1; KFSUWI) AppleWebKit/537.36 (KHTML, like Gecko) Silk/106.3.5 like Chrome/106.0.5249.170 Safari/537.36" "www.ysfine.com"
71.178.208.102 - - [05/Dec/2022:15:18:28 -0800] "GET /style/musee/vatim10b.jpg HTTP/1.1" 200 35185 "https://www.ysfine.com/bio15.html" "Mozilla/5.0 (Linux; Android 5.1.1; KFSUWI) AppleWebKit/537.36 (KHTML, like Gecko) Silk/106.3.5 like Chrome/106.0.5249.170 Safari/537.36" "www.ysfine.com"
71.178.208.102 - - [05/Dec/2022:15:18:28 -0800] "GET /style/musee/picassomp02c.jpg HTTP/1.1" 200 31690 "https://www.ysfine.com/bio15.html" "Mozilla/5.0 (Linux; Android 5.1.1; KFSUWI) AppleWebKit/537.36 (KHTML, like Gecko) Silk/106.3.5 like Chrome/106.0.5249.170 Safari/537.36" "www.ysfine.com"
71.178.208.102 - - [05/Dec/2022:15:18:28 -0800] "GET /style/musee/egypmu02b.jpg HTTP/1.1" 200 31047 "https://www.ysfine.com/bio15.html" "Mozilla/5.0 (Linux; Android 5.1.1; KFSUWI) AppleWebKit/537.36 (KHTML, like Gecko) Silk/106.3.5 like Chrome/106.0.5249.170 Safari/537.36" "www.ysfine.com"
71.178.208.102 - - [05/Dec/2022:15:18:28 -0800] "GET /style/musee/picassomp10c.jpg HTTP/1.1" 200 36243 "https://www.ysfine.com/bio15.html" "Mozilla/5.0 (Linux; Android 5.1.1; KFSUWI) AppleWebKit/537.36 (KHTML, like Gecko) Silk/106.3.5 like Chrome/106.0.5249.170 Safari/537.36" "www.ysfine.com"
71.178.208.102 - - [05/Dec/2022:15:18:28 -0800] "GET /style/musee/vatican33b.jpg HTTP/1.1" 200 38167 "https://www.ysfine.com/bio15.html" "Mozilla/5.0 (Linux; Android 5.1.1; KFSUWI) AppleWebKit/537.36 (KHTML, like Gecko) Silk/106.3.5 like Chrome/106.0.5249.170 Safari/537.36" "www.ysfine.com"
71.178.208.102 - - [05/Dec/2022:15:18:28 -0800] "GET /style/musee/uffizi22b.jpg HTTP/1.1" 200 42665 "https://www.ysfine.com/bio15.html" "Mozilla/5.0 (Linux; Android 5.1.1; KFSUWI) AppleWebKit/537.36 (KHTML, like Gecko) Silk/106.3.5 like Chrome/106.0.5249.170 Safari/537.36" "www.ysfine.com"
71.178.208.102 - - [05/Dec/2022:15:18:28 -0800] "GET /style/monet07b.jpg HTTP/1.1" 200 49425 "https://www.ysfine.com/bio15.html" "Mozilla/5.0 (Linux; Android 5.1.1; KFSUWI) AppleWebKit/537.36 (KHTML, like Gecko) Silk/106.3.5 like Chrome/106.0.5249.170 Safari/537.36" "www.ysfine.com"
71.178.208.102 - - [05/Dec/2022:15:18:28 -0800] "GET /style/musee/minsk072b.jpg HTTP/1.1" 200 32308 "https://www.ysfine.com/bio15.html" "Mozilla/5.0 (Linux; Android 5.1.1; KFSUWI) AppleWebKit/537.36 (KHTML, like Gecko) Silk/106.3.5 like Chrome/106.0.5249.170 Safari/537.36" "www.ysfine.com"
71.178.208.102 - - [05/Dec/2022:15:18:28 -0800] "GET /style/musee/vatim20b.jpg HTTP/1.1" 200 40016 "https://www.ysfine.com/bio15.html" "Mozilla/5.0 (Linux; Android 5.1.1; KFSUWI) AppleWebKit/537.36 (KHTML, like Gecko) Silk/106.3.5 like Chrome/106.0.5249.170 Safari/537.36" "www.ysfine.com"
71.178.208.102 - - [05/Dec/2022:15:18:28 -0800] "GET /style/musee/picassomp04c.jpg HTTP/1.1" 200 36261 "https://www.ysfine.com/bio15.html" "Mozilla/5.0 (Linux; Android 5.1.1; KFSUWI) AppleWebKit/537.36 (KHTML, like Gecko) Silk/106.3.5 like Chrome/106.0.5249.170 Safari/537.36" "www.ysfine.com"
71.178.208.102 - - [05/Dec/2022:15:18:28 -0800] "GET /style/musee/uffizi12b.jpg HTTP/1.1" 200 49310 "https://www.ysfine.com/bio15.html" "Mozilla/5.0 (Linux; Android 5.1.1; KFSUWI) AppleWebKit/537.36 (KHTML, like Gecko) Silk/106.3.5 like Chrome/106.0.5249.170 Safari/537.36" "www.ysfine.com"
71.178.208.102 - - [05/Dec/2022:15:18:28 -0800] "GET /style/musee/uffizi02b.jpg HTTP/1.1" 200 53042 "https://www.ysfine.com/bio15.html" "Mozilla/5.0 (Linux; Android 5.1.1; KFSUWI) AppleWebKit/537.36 (KHTML, like Gecko) Silk/106.3.5 like Chrome/106.0.5249.170 Safari/537.36" "www.ysfine.com"
71.178.208.102 - - [05/Dec/2022:15:18:28 -0800] "GET /style/musee/aix02b.jpg HTTP/1.1" 200 50746 "https://www.ysfine.com/bio15.html" "Mozilla/5.0 (Linux; Android 5.1.1; KFSUWI) AppleWebKit/537.36 (KHTML, like Gecko) Silk/106.3.5 like Chrome/106.0.5249.170 Safari/537.36" "www.ysfine.com"
71.178.208.102 - - [05/Dec/2022:15:18:28 -0800] "GET /style/musee/ams002c.jpg HTTP/1.1" 200 39979 "https://www.ysfine.com/bio15.html" "Mozilla/5.0 (Linux; Android 5.1.1; KFSUWI) AppleWebKit/537.36 (KHTML, like Gecko) Silk/106.3.5 like Chrome/106.0.5249.170 Safari/537.36" "www.ysfine.com"
71.178.208.102 - - [05/Dec/2022:15:18:28 -0800] "GET /style/musee/ath033b.jpg HTTP/1.1" 200 43338 "https://www.ysfine.com/bio15.html" "Mozilla/5.0 (Linux; Android 5.1.1; KFSUWI) AppleWebKit/537.36 (KHTML, like Gecko) Silk/106.3.5 like Chrome/106.0.5249.170 Safari/537.36" "www.ysfine.com"
71.178.208.102 - - [05/Dec/2022:15:18:28 -0800] "GET /style/musee/athf07b.jpg HTTP/1.1" 200 54094 "https://www.ysfine.com/bio15.html" "Mozilla/5.0 (Linux; Android 5.1.1; KFSUWI) AppleWebKit/537.36 (KHTML, like Gecko) Silk/106.3.5 like Chrome/106.0.5249.170 Safari/537.36" "www.ysfine.com"
71.178.208.102 - - [05/Dec/2022:15:18:28 -0800] "GET /style/elena03c.jpg HTTP/1.1" 200 24695 "https://www.ysfine.com/bio15.html" "Mozilla/5.0 (Linux; Android 5.1.1; KFSUWI) AppleWebKit/537.36 (KHTML, like Gecko) Silk/106.3.5 like Chrome/106.0.5249.170 Safari/537.36" "www.ysfine.com"
71.178.208.102 - - [05/Dec/2022:15:18:28 -0800] "GET /style/vangogh01c.jpg HTTP/1.1" 200 37311 "https://www.ysfine.com/bio15.html" "Mozilla/5.0 (Linux; Android 5.1.1; KFSUWI) AppleWebKit/537.36 (KHTML, like Gecko) Silk/106.3.5 like Chrome/106.0.5249.170 Safari/537.36" "www.ysfine.com"
