216.244.66.229 - - [05/Dec/2022:10:36:49 -0800] "GET /newyork/queensboro22.jpg HTTP/1.1" 200 273743 "-" "Mozilla/5.0 (compatible; DotBot/1.2; +https://opensiteexplorer.org/dotbot; help@moz.com)" "ysfine.com"
87.247.181.182 - - [05/Dec/2022:10:36:56 -0800] "GET /yspapers/iopbook15.pdf HTTP/1.1" 200 2962673 "https://www.google.com/" "Mozilla/5.0 (Windows NT 6.1; Win64; x64; rv:107.0) Gecko/20100101 Firefox/107.0" "ysfine.com"
17.121.114.102 - - [05/Dec/2022:10:37:37 -0800] "GET /feynman/ff5.pdf HTTP/1.1" 200 3832805 "-" "Mozilla/5.0 (Macintosh; Intel Mac OS X 10_15_5) AppleWebKit/605.1.15 (KHTML, like Gecko) Version/13.1.1 Safari/605.1.15 (Applebot/0.1; +http://www.apple.com/go/applebot)" "ysfine.com"
216.244.66.229 - - [05/Dec/2022:10:37:39 -0800] "GET /people/wheemos.jpg HTTP/1.1" 200 98122 "-" "Mozilla/5.0 (compatible; DotBot/1.2; +https://opensiteexplorer.org/dotbot; help@moz.com)" "ysfine.com"
185.191.171.4 - - [05/Dec/2022:10:38:03 -0800] "GET /robots.txt HTTP/1.1" 404 88 "-" "Mozilla/5.0 (compatible; SemrushBot/7~bl; +http://www.semrush.com/bot.html)" "ysfine.com"
185.191.171.7 - - [05/Dec/2022:10:38:03 -0800] "GET /folks/chinese.html HTTP/1.1" 200 12014 "-" "Mozilla/5.0 (compatible; SemrushBot/7~bl; +http://www.semrush.com/bot.html)" "ysfine.com"
216.244.66.229 - - [05/Dec/2022:10:38:29 -0800] "GET /sbk/2014loc22.jpg HTTP/1.1" 200 142001 "-" "Mozilla/5.0 (compatible; DotBot/1.2; +https://opensiteexplorer.org/dotbot; help@moz.com)" "ysfine.com"
157.55.39.6 - - [05/Dec/2022:10:38:33 -0800] "GET /bio/einstein/bern.html HTTP/1.1" 404 88 "-" "Mozilla/5.0 AppleWebKit/537.36 (KHTML, like Gecko; compatible; bingbot/2.0; +http://www.bing.com/bingbot.htm) Chrome/103.0.5060.134 Safari/537.36" "ysfine.com"
216.244.66.229 - - [05/Dec/2022:10:39:14 -0800] "GET /sbk/2016spb33.jpg HTTP/1.1" 200 171326 "-" "Mozilla/5.0 (compatible; DotBot/1.2; +https://opensiteexplorer.org/dotbot; help@moz.com)" "ysfine.com"
207.46.13.48 - - [05/Dec/2022:10:39:17 -0800] "GET /bio/kobak/soraech.html HTTP/1.1" 404 88 "-" "Mozilla/5.0 AppleWebKit/537.36 (KHTML, like Gecko; compatible; bingbot/2.0; +http://www.bing.com/bingbot.htm) Chrome/103.0.5060.134 Safari/537.36" "ysfine.com"
51.222.253.16 - - [05/Dec/2022:10:39:19 -0800] "GET /class54/class5470/total_data/sub_8125.htm HTTP/1.1" 200 3499 "-" "Mozilla/5.0 (compatible; AhrefsBot/7.0; +http://ahrefs.com/robot/)" "www.ysfine.com"
157.55.39.76 - - [05/Dec/2022:10:39:41 -0800] "GET /bio/bio07.html HTTP/1.1" 404 88 "-" "Mozilla/5.0 AppleWebKit/537.36 (KHTML, like Gecko; compatible; bingbot/2.0; +http://www.bing.com/bingbot.htm) Chrome/103.0.5060.134 Safari/537.36" "ysfine.com"
216.244.66.229 - - [05/Dec/2022:10:40:06 -0800] "GET /sbk/2018wdc22.jpg HTTP/1.1" 200 171494 "-" "Mozilla/5.0 (compatible; DotBot/1.2; +https://opensiteexplorer.org/dotbot; help@moz.com)" "ysfine.com"
216.244.66.229 - - [05/Dec/2022:10:40:56 -0800] "GET /sbk/2019cordo77.jpg HTTP/1.1" 200 255743 "-" "Mozilla/5.0 (compatible; DotBot/1.2; +https://opensiteexplorer.org/dotbot; help@moz.com)" "ysfine.com"
66.249.70.3 - - [05/Dec/2022:10:41:30 -0800] "GET /robots.txt HTTP/1.1" 404 88 "-" "Mozilla/5.0 (compatible; Googlebot/2.1; +http://www.google.com/bot.html)" "ysfine.com"
66.249.70.4 - - [05/Dec/2022:10:41:31 -0800] "GET /wigner/neum/vnc01.jpg HTTP/1.1" 200 133641 "-" "Googlebot-Image/1.0" "ysfine.com"
216.244.66.229 - - [05/Dec/2022:10:41:47 -0800] "GET /style/schonbr22.jpg HTTP/1.1" 200 115150 "-" "Mozilla/5.0 (compatible; DotBot/1.2; +https://opensiteexplorer.org/dotbot; help@moz.com)" "ysfine.com"
216.244.66.229 - - [05/Dec/2022:10:42:37 -0800] "GET /yspapers/evol77.jpg HTTP/1.1" 200 145608 "-" "Mozilla/5.0 (compatible; DotBot/1.2; +https://opensiteexplorer.org/dotbot; help@moz.com)" "ysfine.com"
77.94.1.59 - - [05/Dec/2022:10:43:04 -0800] "GET / HTTP/1.1" 200 5295 "-" "Mozilla/5.0 (Windows NT 10.0; Win64; x64) AppleWebKit/537.36 (KHTML, like Gecko) Chrome/85.0.4183.102 YaBrowser/20.9.3.126 Yowser/2.5 Safari/537.36" "ysfine.com"
77.94.1.59 - - [05/Dec/2022:10:43:05 -0800] "GET /favicon.ico HTTP/1.1" 404 88 "https://ysfine.com/" "Mozilla/5.0 (Windows NT 10.0; Win64; x64) AppleWebKit/537.36 (KHTML, like Gecko) Chrome/85.0.4183.102 YaBrowser/20.9.3.126 Yowser/2.5 Safari/537.36" "ysfine.com"
51.222.253.9 - - [05/Dec/2022:10:43:11 -0800] "GET /class54/class5470/total_data/sub_8126.htm HTTP/1.1" 200 3489 "-" "Mozilla/5.0 (compatible; AhrefsBot/7.0; +http://ahrefs.com/robot/)" "www.ysfine.com"
17.121.115.11 - - [05/Dec/2022:10:43:44 -0800] "GET /yspapers/kno79.pdf HTTP/1.1" 200 176844 "-" "Mozilla/5.0 (Macintosh; Intel Mac OS X 10_15_5) AppleWebKit/605.1.15 (KHTML, like Gecko) Version/13.1.1 Safari/605.1.15 (Applebot/0.1; +http://www.apple.com/go/applebot)" "ysfine.com"
14.137.135.27 - - [05/Dec/2022:10:45:46 -0800] "GET /newyork/colum15.jpg HTTP/1.1" 200 178519 "-" "Mozilla/5.0 (Windows NT 10.0; Win64; x64) AppleWebKit/537.36 (KHTML, like Gecko) Chrome/90.0.4430.212 Safari/537.36" "www.ysfine.com"
51.222.253.3 - - [05/Dec/2022:10:47:54 -0800] "GET /class54/class5470/total_data/sub_8116.htm HTTP/1.1" 200 3499 "-" "Mozilla/5.0 (compatible; AhrefsBot/7.0; +http://ahrefs.com/robot/)" "www.ysfine.com"
185.191.171.15 - - [05/Dec/2022:10:49:31 -0800] "GET /robots.txt HTTP/1.1" 404 88 "-" "Mozilla/5.0 (compatible; SemrushBot/7~bl; +http://www.semrush.com/bot.html)" "www.ysfine.com"
185.191.171.40 - - [05/Dec/2022:10:49:31 -0800] "GET /maga/phys/poinsf/frame44.html HTTP/1.1" 200 324 "-" "Mozilla/5.0 (compatible; SemrushBot/7~bl; +http://www.semrush.com/bot.html)" "www.ysfine.com"
51.222.253.2 - - [05/Dec/2022:10:51:10 -0800] "GET /class54/class5470/total_data/sub_8112.htm HTTP/1.1" 200 3499 "-" "Mozilla/5.0 (compatible; AhrefsBot/7.0; +http://ahrefs.com/robot/)" "www.ysfine.com"
51.222.253.2 - - [05/Dec/2022:10:51:15 -0800] "GET /class54/class5470/total_data/photo_img/8-112.jpg HTTP/1.1" 200 216538 "-" "Mozilla/5.0 (compatible; AhrefsBot/7.0; +http://ahrefs.com/robot/)" "www.ysfine.com"
76.151.69.204 - - [05/Dec/2022:10:51:26 -0800] "GET /archives/proceedings/ff3/gtpark.jpg HTTP/1.1" 200 78335 "https://www.google.com/" "Mozilla/5.0 (Macintosh; Intel Mac OS X 10_15_7) AppleWebKit/605.1.15 (KHTML, like Gecko) Version/15.2 Safari/605.1.15" "ysfine.com"
65.108.148.152 - - [05/Dec/2022:10:52:59 -0800] "GET /world/poland/krk03.jpg HTTP/1.1" 200 105514 "-" "Mozilla/5.0 (X11; Fedora; Linux x86_64) AppleWebKit/537.36 (KHTML, like Gecko) Chrome/79.0.3945.117 Safari/537.36" "ysfine.com"
165.155.131.172 - - [05/Dec/2022:10:54:16 -0800] "GET /kowar/tanks/tank03.jpg HTTP/1.1" 200 106726 "https://www.google.com/" "Mozilla/5.0 (Linux; Android 12; SM-A326U Build/SP1A.210812.016; wv) AppleWebKit/537.36 (KHTML, like Gecko) Version/4.0 Chrome/107.0.5304.141 Mobile Safari/537.36 GoogleApp/13.46.13.26.arm64" "ysfine.com"
51.222.253.8 - - [05/Dec/2022:10:54:53 -0800] "GET /class54/class5470/total_data/sub_897.htm HTTP/1.1" 200 3484 "-" "Mozilla/5.0 (compatible; AhrefsBot/7.0; +http://ahrefs.com/robot/)" "www.ysfine.com"
5.188.210.43 - - [05/Dec/2022:10:55:58 -0800] "GET /world/travel.html HTTP/1.1" 200 5186 "https://www.ysfine.com/world/travel.html" "Mozilla/5.0 (Windows NT 10.0) AppleWebKit/537.36 (KHTML, like Gecko) Chrome/90.0.4430.85 Safari/537.36" "www.ysfine.com"
5.188.210.43 - - [05/Dec/2022:10:55:59 -0800] "GET / HTTP/1.1" 200 15920 "https://www.ysfine.com/" "Mozilla/5.0 (Windows NT 10.0) AppleWebKit/537.36 (KHTML, like Gecko) Chrome/90.0.4430.85 Safari/537.36" "www.ysfine.com"
95.216.152.125 - - [05/Dec/2022:10:56:47 -0800] "GET /world/russ/roskei10.jpg HTTP/1.1" 200 75892 "-" "Mozilla/5.0 (X11; Fedora; Linux x86_64) AppleWebKit/537.36 (KHTML, like Gecko) Chrome/79.0.3945.117 Safari/537.36" "www.ysfine.com"
77.88.5.244 - - [05/Dec/2022:10:57:20 -0800] "GET /usca/pgh22.html HTTP/1.1" 200 11391 "-" "Mozilla/5.0 (compatible; YandexBot/3.0; +http://yandex.com/bots)" "www.ysfine.com"
216.244.66.229 - - [05/Dec/2022:10:57:35 -0800] "GET /robots.txt HTTP/1.1" 404 73 "-" "Mozilla/5.0 (compatible; DotBot/1.2; +https://opensiteexplorer.org/dotbot; help@moz.com)" "www.ysfine.com"
157.55.39.76 - - [05/Dec/2022:10:58:13 -0800] "GET /bio/style/artlove.html HTTP/1.1" 404 88 "-" "Mozilla/5.0 AppleWebKit/537.36 (KHTML, like Gecko; compatible; bingbot/2.0; +http://www.bing.com/bingbot.htm) Chrome/103.0.5060.134 Safari/537.36" "ysfine.com"
157.55.39.76 - - [05/Dec/2022:10:58:14 -0800] "GET /bio/sbk/1950.html HTTP/1.1" 404 88 "-" "Mozilla/5.0 (compatible; bingbot/2.0; +http://www.bing.com/bingbot.htm)" "ysfine.com"
207.46.13.48 - - [05/Dec/2022:10:58:18 -0800] "GET /bio/style/rieu.html HTTP/1.1" 404 88 "-" "Mozilla/5.0 AppleWebKit/537.36 (KHTML, like Gecko; compatible; bingbot/2.0; +http://www.bing.com/bingbot.htm) Chrome/103.0.5060.134 Safari/537.36" "ysfine.com"
17.121.115.112 - - [05/Dec/2022:10:59:13 -0800] "GET /yspapers/entro90.pdf HTTP/1.1" 200 1311318 "-" "Mozilla/5.0 (Macintosh; Intel Mac OS X 10_15_5) AppleWebKit/605.1.15 (KHTML, like Gecko) Version/13.1.1 Safari/605.1.15 (Applebot/0.1; +http://www.apple.com/go/applebot)" "ysfine.com"
51.222.253.2 - - [05/Dec/2022:10:59:14 -0800] "GET /class54/class5470/total_data/sub_8101.htm HTTP/1.1" 200 3485 "-" "Mozilla/5.0 (compatible; AhrefsBot/7.0; +http://ahrefs.com/robot/)" "www.ysfine.com"
40.77.167.39 - - [05/Dec/2022:11:00:43 -0800] "GET /bio/feynman/partons.html HTTP/1.1" 404 88 "-" "Mozilla/5.0 (compatible; bingbot/2.0; +http://www.bing.com/bingbot.htm)" "ysfine.com"
66.249.70.4 - - [05/Dec/2022:11:00:46 -0800] "GET /feynman/feydirak11c.jpg HTTP/1.1" 200 34952 "-" "Googlebot-Image/1.0" "ysfine.com"
216.244.66.229 - - [05/Dec/2022:11:00:49 -0800] "GET /folks/danstu22.jpg HTTP/1.1" 200 131716 "-" "Mozilla/5.0 (compatible; DotBot/1.2; +https://opensiteexplorer.org/dotbot; help@moz.com)" "www.ysfine.com"
216.244.66.229 - - [05/Dec/2022:11:01:03 -0800] "GET /folks/russny03.jpg HTTP/1.1" 200 115535 "-" "Mozilla/5.0 (compatible; DotBot/1.2; +https://opensiteexplorer.org/dotbot; help@moz.com)" "www.ysfine.com"
216.244.66.229 - - [05/Dec/2022:11:01:31 -0800] "GET /folks/amkor/amseville01.jpg HTTP/1.1" 200 484848 "-" "Mozilla/5.0 (compatible; DotBot/1.2; +https://opensiteexplorer.org/dotbot; help@moz.com)" "www.ysfine.com"
139.47.113.73 - - [05/Dec/2022:11:01:38 -0800] "GET /yspapers/illusf.pdf HTTP/1.1" 200 89766 "https://www.google.com/" "Mozilla/5.0 (Windows NT 10.0; Win64; x64) AppleWebKit/537.36 (KHTML, like Gecko) Chrome/107.0.0.0 Safari/537.36" "ysfine.com"
139.47.113.73 - - [05/Dec/2022:11:01:39 -0800] "GET /favicon.ico HTTP/1.1" 404 88 "https://ysfine.com/yspapers/illusf.pdf" "Mozilla/5.0 (Windows NT 10.0; Win64; x64) AppleWebKit/537.36 (KHTML, like Gecko) Chrome/107.0.0.0 Safari/537.36" "ysfine.com"
212.98.122.70 - - [05/Dec/2022:11:01:54 -0800] "GET /dirac/jablo62.jpg HTTP/1.1" 200 206686 "https://www.google.com/" "Mozilla/5.0 (Windows NT 10.0; Win64; x64) AppleWebKit/537.36 (KHTML, like Gecko) Chrome/108.0.0.0 Safari/537.36" "ysfine.com"
5.188.210.25 - - [05/Dec/2022:11:01:57 -0800] "GET / HTTP/1.1" 200 15920 "https://www.ysfine.com/" "Mozilla/5.0 (Windows NT 6.1; Win64; x64) AppleWebKit/537.36 (KHTML, like Gecko) Chrome/90.0.4427.0 Safari/537.36" "www.ysfine.com"
104.28.89.58 - - [05/Dec/2022:11:02:02 -0800] "GET /maga/bohrkierk.html HTTP/1.1" 200 2947 "https://www.google.de/" "Mozilla/5.0 (iPhone; CPU iPhone OS 16_0_2 like Mac OS X) AppleWebKit/605.1.15 (KHTML, like Gecko) Version/16.0 Mobile/15E148 Safari/604.1" "ysfine.com"
104.28.89.58 - - [05/Dec/2022:11:02:02 -0800] "GET /maga/phys/bohr22b.jpg HTTP/1.1" 200 31482 "https://ysfine.com/maga/bohrkierk.html" "Mozilla/5.0 (iPhone; CPU iPhone OS 16_0_2 like Mac OS X) AppleWebKit/605.1.15 (KHTML, like Gecko) Version/16.0 Mobile/15E148 Safari/604.1" "ysfine.com"
104.28.89.58 - - [05/Dec/2022:11:02:02 -0800] "GET /maga/phys/bohr11b.jpg HTTP/1.1" 200 30607 "https://ysfine.com/maga/bohrkierk.html" "Mozilla/5.0 (iPhone; CPU iPhone OS 16_0_2 like Mac OS X) AppleWebKit/605.1.15 (KHTML, like Gecko) Version/16.0 Mobile/15E148 Safari/604.1" "ysfine.com"
104.28.89.58 - - [05/Dec/2022:11:02:03 -0800] "GET /world/france/magots03b.jpg HTTP/1.1" 200 48195 "https://ysfine.com/maga/bohrkierk.html" "Mozilla/5.0 (iPhone; CPU iPhone OS 16_0_2 like Mac OS X) AppleWebKit/605.1.15 (KHTML, like Gecko) Version/16.0 Mobile/15E148 Safari/604.1" "ysfine.com"
104.28.89.58 - - [05/Dec/2022:11:02:03 -0800] "GET /einstein/evol22b.jpg HTTP/1.1" 200 29614 "https://ysfine.com/maga/bohrkierk.html" "Mozilla/5.0 (iPhone; CPU iPhone OS 16_0_2 like Mac OS X) AppleWebKit/605.1.15 (KHTML, like Gecko) Version/16.0 Mobile/15E148 Safari/604.1" "ysfine.com"
104.28.89.58 - - [05/Dec/2022:11:02:03 -0800] "GET /maga/phil/kierke11b.jpg HTTP/1.1" 200 32163 "https://ysfine.com/maga/bohrkierk.html" "Mozilla/5.0 (iPhone; CPU iPhone OS 16_0_2 like Mac OS X) AppleWebKit/605.1.15 (KHTML, like Gecko) Version/16.0 Mobile/15E148 Safari/604.1" "ysfine.com"
104.28.89.58 - - [05/Dec/2022:11:02:03 -0800] "GET /feynman/chewfra2.jpg HTTP/1.1" 200 40458 "https://ysfine.com/maga/bohrkierk.html" "Mozilla/5.0 (iPhone; CPU iPhone OS 16_0_2 like Mac OS X) AppleWebKit/605.1.15 (KHTML, like Gecko) Version/16.0 Mobile/15E148 Safari/604.1" "ysfine.com"
104.28.89.58 - - [05/Dec/2022:11:02:03 -0800] "GET /eink/eink61c.jpg HTTP/1.1" 200 34119 "https://ysfine.com/maga/bohrkierk.html" "Mozilla/5.0 (iPhone; CPU iPhone OS 16_0_2 like Mac OS X) AppleWebKit/605.1.15 (KHTML, like Gecko) Version/16.0 Mobile/15E148 Safari/604.1" "ysfine.com"
104.28.89.58 - - [05/Dec/2022:11:02:03 -0800] "GET /favicon.ico HTTP/1.1" 404 88 "https://ysfine.com/maga/bohrkierk.html" "Mozilla/5.0 (iPhone; CPU iPhone OS 16_0_2 like Mac OS X) AppleWebKit/605.1.15 (KHTML, like Gecko) Version/16.0 Mobile/15E148 Safari/604.1" "ysfine.com"
212.98.122.70 - - [05/Dec/2022:11:02:18 -0800] "GET /dirac/wigsis.html HTTP/1.1" 200 10275 "https://www.google.com/" "Mozilla/5.0 (Windows NT 10.0; Win64; x64) AppleWebKit/537.36 (KHTML, like Gecko) Chrome/108.0.0.0 Safari/537.36" "ysfine.com"
212.98.122.70 - - [05/Dec/2022:11:02:18 -0800] "GET /dirac/dirac63b.jpg HTTP/1.1" 200 41617 "https://ysfine.com/dirac/wigsis.html" "Mozilla/5.0 (Windows NT 10.0; Win64; x64) AppleWebKit/537.36 (KHTML, like Gecko) Chrome/108.0.0.0 Safari/537.36" "ysfine.com"
212.98.122.70 - - [05/Dec/2022:11:02:18 -0800] "GET /dirac/dirwig33b.jpg HTTP/1.1" 200 11663 "https://ysfine.com/dirac/wigsis.html" "Mozilla/5.0 (Windows NT 10.0; Win64; x64) AppleWebKit/537.36 (KHTML, like Gecko) Chrome/108.0.0.0 Safari/537.36" "ysfine.com"
212.98.122.70 - - [05/Dec/2022:11:02:18 -0800] "GET /dirac/michaels22.jpg HTTP/1.1" 200 47473 "https://ysfine.com/dirac/wigsis.html" "Mozilla/5.0 (Windows NT 10.0; Win64; x64) AppleWebKit/537.36 (KHTML, like Gecko) Chrome/108.0.0.0 Safari/537.36" "ysfine.com"
212.98.122.70 - - [05/Dec/2022:11:02:19 -0800] "GET /dirac/dirac84b.jpg HTTP/1.1" 200 42763 "https://ysfine.com/dirac/wigsis.html" "Mozilla/5.0 (Windows NT 10.0; Win64; x64) AppleWebKit/537.36 (KHTML, like Gecko) Chrome/108.0.0.0 Safari/537.36" "ysfine.com"
212.98.122.70 - - [05/Dec/2022:11:02:19 -0800] "GET /dirac/hyperell2.jpg HTTP/1.1" 200 29858 "https://ysfine.com/dirac/wigsis.html" "Mozilla/5.0 (Windows NT 10.0; Win64; x64) AppleWebKit/537.36 (KHTML, like Gecko) Chrome/108.0.0.0 Safari/537.36" "ysfine.com"
212.98.122.70 - - [05/Dec/2022:11:02:19 -0800] "GET /kobak/nicodem11b.jpg HTTP/1.1" 200 79065 "https://ysfine.com/dirac/wigsis.html" "Mozilla/5.0 (Windows NT 10.0; Win64; x64) AppleWebKit/537.36 (KHTML, like Gecko) Chrome/108.0.0.0 Safari/537.36" "ysfine.com"
212.98.122.70 - - [05/Dec/2022:11:02:19 -0800] "GET /world/poland/jablo01b.jpg HTTP/1.1" 200 39801 "https://ysfine.com/dirac/wigsis.html" "Mozilla/5.0 (Windows NT 10.0; Win64; x64) AppleWebKit/537.36 (KHTML, like Gecko) Chrome/108.0.0.0 Safari/537.36" "ysfine.com"
212.98.122.70 - - [05/Dec/2022:11:02:19 -0800] "GET /dirac/dirackim6202.jpg HTTP/1.1" 200 51465 "https://ysfine.com/dirac/wigsis.html" "Mozilla/5.0 (Windows NT 10.0; Win64; x64) AppleWebKit/537.36 (KHTML, like Gecko) Chrome/108.0.0.0 Safari/537.36" "ysfine.com"
212.98.122.70 - - [05/Dec/2022:11:02:19 -0800] "GET /world/poland/jablo20b.jpg HTTP/1.1" 200 41339 "https://ysfine.com/dirac/wigsis.html" "Mozilla/5.0 (Windows NT 10.0; Win64; x64) AppleWebKit/537.36 (KHTML, like Gecko) Chrome/108.0.0.0 Safari/537.36" "ysfine.com"
212.98.122.70 - - [05/Dec/2022:11:02:18 -0800] "GET /dirac/wigsis22.jpg HTTP/1.1" 200 39975 "https://ysfine.com/dirac/wigsis.html" "Mozilla/5.0 (Windows NT 10.0; Win64; x64) AppleWebKit/537.36 (KHTML, like Gecko) Chrome/108.0.0.0 Safari/537.36" "ysfine.com"
212.98.122.70 - - [05/Dec/2022:11:02:19 -0800] "GET /dirac/dirackn33b.jpg HTTP/1.1" 200 48200 "https://ysfine.com/dirac/wigsis.html" "Mozilla/5.0 (Windows NT 10.0; Win64; x64) AppleWebKit/537.36 (KHTML, like Gecko) Chrome/108.0.0.0 Safari/537.36" "ysfine.com"
212.98.122.70 - - [05/Dec/2022:11:02:18 -0800] "GET /princeton/annex11b.jpg HTTP/1.1" 200 39639 "https://ysfine.com/dirac/wigsis.html" "Mozilla/5.0 (Windows NT 10.0; Win64; x64) AppleWebKit/537.36 (KHTML, like Gecko) Chrome/108.0.0.0 Safari/537.36" "ysfine.com"
212.98.122.70 - - [05/Dec/2022:11:02:19 -0800] "GET /dirac/dirackim6201.jpg HTTP/1.1" 200 51283 "https://ysfine.com/dirac/wigsis.html" "Mozilla/5.0 (Windows NT 10.0; Win64; x64) AppleWebKit/537.36 (KHTML, like Gecko) Chrome/108.0.0.0 Safari/537.36" "ysfine.com"
212.98.122.70 - - [05/Dec/2022:11:02:18 -0800] "GET /feynman/feydirac270.jpg HTTP/1.1" 200 59000 "https://ysfine.com/dirac/wigsis.html" "Mozilla/5.0 (Windows NT 10.0; Win64; x64) AppleWebKit/537.36 (KHTML, like Gecko) Chrome/108.0.0.0 Safari/537.36" "ysfine.com"
212.98.122.70 - - [05/Dec/2022:11:02:19 -0800] "GET /eink/eink61c.jpg HTTP/1.1" 200 34119 "https://ysfine.com/dirac/wigsis.html" "Mozilla/5.0 (Windows NT 10.0; Win64; x64) AppleWebKit/537.36 (KHTML, like Gecko) Chrome/108.0.0.0 Safari/537.36" "ysfine.com"
212.98.122.70 - - [05/Dec/2022:11:02:19 -0800] "GET /world/poland/jablo19b.jpg HTTP/1.1" 200 49913 "https://ysfine.com/dirac/wigsis.html" "Mozilla/5.0 (Windows NT 10.0; Win64; x64) AppleWebKit/537.36 (KHTML, like Gecko) Chrome/108.0.0.0 Safari/537.36" "ysfine.com"
212.98.122.70 - - [05/Dec/2022:11:02:19 -0800] "GET /dirac/jablo62b.jpg HTTP/1.1" 200 42817 "https://ysfine.com/dirac/wigsis.html" "Mozilla/5.0 (Windows NT 10.0; Win64; x64) AppleWebKit/537.36 (KHTML, like Gecko) Chrome/108.0.0.0 Safari/537.36" "ysfine.com"
212.98.122.70 - - [05/Dec/2022:11:02:18 -0800] "GET /dirac/hazi22.jpg HTTP/1.1" 200 37344 "https://ysfine.com/dirac/wigsis.html" "Mozilla/5.0 (Windows NT 10.0; Win64; x64) AppleWebKit/537.36 (KHTML, like Gecko) Chrome/108.0.0.0 Safari/537.36" "ysfine.com"
212.98.122.70 - - [05/Dec/2022:11:02:19 -0800] "GET /world/poland/jablo08b.jpg HTTP/1.1" 200 42070 "https://ysfine.com/dirac/wigsis.html" "Mozilla/5.0 (Windows NT 10.0; Win64; x64) AppleWebKit/537.36 (KHTML, like Gecko) Chrome/108.0.0.0 Safari/537.36" "ysfine.com"
216.244.66.229 - - [05/Dec/2022:11:02:21 -0800] "GET /folks/mil/usmc11.jpg HTTP/1.1" 200 158349 "-" "Mozilla/5.0 (compatible; DotBot/1.2; +https://opensiteexplorer.org/dotbot; help@moz.com)" "www.ysfine.com"
212.98.122.70 - - [05/Dec/2022:11:02:22 -0800] "GET /favicon.ico HTTP/1.1" 404 88 "https://ysfine.com/dirac/wigsis.html" "Mozilla/5.0 (Windows NT 10.0; Win64; x64) AppleWebKit/537.36 (KHTML, like Gecko) Chrome/108.0.0.0 Safari/537.36" "ysfine.com"
51.222.253.15 - - [05/Dec/2022:11:03:12 -0800] "GET /class54/class5470/total_data/sub_8102.htm HTTP/1.1" 200 3488 "-" "Mozilla/5.0 (compatible; AhrefsBot/7.0; +http://ahrefs.com/robot/)" "www.ysfine.com"
157.55.39.6 - - [05/Dec/2022:11:03:26 -0800] "GET /bio/awards/iao.html HTTP/1.1" 404 88 "-" "Mozilla/5.0 AppleWebKit/537.36 (KHTML, like Gecko; compatible; bingbot/2.0; +http://www.bing.com/bingbot.htm) Chrome/103.0.5060.134 Safari/537.36" "ysfine.com"
207.46.13.20 - - [05/Dec/2022:11:05:20 -0800] "GET /bio/dirac/bankers.html HTTP/1.1" 404 88 "-" "Mozilla/5.0 (compatible; bingbot/2.0; +http://www.bing.com/bingbot.htm)" "ysfine.com"
207.46.13.20 - - [05/Dec/2022:11:05:21 -0800] "GET /bio/style/proschanie.html HTTP/1.1" 404 88 "-" "Mozilla/5.0 AppleWebKit/537.36 (KHTML, like Gecko; compatible; bingbot/2.0; +http://www.bing.com/bingbot.htm) Chrome/103.0.5060.134 Safari/537.36" "ysfine.com"
207.46.13.20 - - [05/Dec/2022:11:05:21 -0800] "GET /ysbio/wdc/kopol.html HTTP/1.1" 404 88 "-" "Mozilla/5.0 AppleWebKit/537.36 (KHTML, like Gecko; compatible; bingbot/2.0; +http://www.bing.com/bingbot.htm) Chrome/103.0.5060.134 Safari/537.36" "ysfine.com"
207.46.13.48 - - [05/Dec/2022:11:05:38 -0800] "GET /ys11/index.html HTTP/1.1" 200 3462 "-" "Mozilla/5.0 (compatible; bingbot/2.0; +http://www.bing.com/bingbot.htm)" "www.ysfine.com"
40.77.167.39 - - [05/Dec/2022:11:05:43 -0800] "GET / HTTP/1.1" 200 5295 "-" "Mozilla/5.0 AppleWebKit/537.36 (KHTML, like Gecko; compatible; bingbot/2.0; +http://www.bing.com/bingbot.htm) Chrome/103.0.5060.134 Safari/537.36" "www.ysfine.com"
207.46.13.134 - - [05/Dec/2022:11:06:21 -0800] "GET /bio/houses/myhouse.html HTTP/1.1" 404 88 "-" "Mozilla/5.0 (compatible; bingbot/2.0; +http://www.bing.com/bingbot.htm)" "ysfine.com"
207.46.13.134 - - [05/Dec/2022:11:06:22 -0800] "GET /bio/dirac/dirpoems.html HTTP/1.1" 404 88 "-" "Mozilla/5.0 AppleWebKit/537.36 (KHTML, like Gecko; compatible; bingbot/2.0; +http://www.bing.com/bingbot.htm) Chrome/103.0.5060.134 Safari/537.36" "ysfine.com"
207.46.13.134 - - [05/Dec/2022:11:06:22 -0800] "GET /bio/heisen/heisen54.html HTTP/1.1" 404 88 "-" "Mozilla/5.0 (compatible; bingbot/2.0; +http://www.bing.com/bingbot.htm)" "ysfine.com"
207.46.13.134 - - [05/Dec/2022:11:06:22 -0800] "GET /philo/keigel.html HTTP/1.1" 200 7368 "-" "Mozilla/5.0 AppleWebKit/537.36 (KHTML, like Gecko; compatible; bingbot/2.0; +http://www.bing.com/bingbot.htm) Chrome/103.0.5060.134 Safari/537.36" "ysfine.com"
157.55.39.6 - - [05/Dec/2022:11:06:56 -0800] "GET /bio/style/leica.html HTTP/1.1" 404 88 "-" "Mozilla/5.0 (compatible; bingbot/2.0; +http://www.bing.com/bingbot.htm)" "ysfine.com"
212.8.248.163 - - [05/Dec/2022:11:07:38 -0800] "HEAD /dirac/diracpqm58.jpg HTTP/1.1" 200 - "-" "Mozilla/5.0 (Windows NT 6.1; Win64; x64) AppleWebKit/537.36 (KHTML, like Gecko) Chrome/67.0.3396.87 Safari/537.36 OPR/54.0.2952.54" "www.ysfine.com"
51.222.253.8 - - [05/Dec/2022:11:07:39 -0800] "GET /class54/class5470/total_data/sub_8109.htm HTTP/1.1" 200 3499 "-" "Mozilla/5.0 (compatible; AhrefsBot/7.0; +http://ahrefs.com/robot/)" "www.ysfine.com"
5.188.210.42 - - [05/Dec/2022:11:08:46 -0800] "GET / HTTP/1.1" 200 15920 "https://www.ysfine.com/" "Mozilla/5.0 (Windows NT 10.0; Win64; x64) AppleWebKit/537.36 (KHTML, like Gecko) Chrome/90.0.4430.72 Safari/537.36 Edg/90.0.818.39" "www.ysfine.com"
207.46.13.48 - - [05/Dec/2022:11:09:09 -0800] "GET /ysbio/folks/israel.html HTTP/1.1" 404 88 "-" "Mozilla/5.0 (compatible; bingbot/2.0; +http://www.bing.com/bingbot.htm)" "ysfine.com"
157.55.39.6 - - [05/Dec/2022:11:09:26 -0800] "GET /bio/kobak/namdae.html HTTP/1.1" 404 88 "-" "Mozilla/5.0 AppleWebKit/537.36 (KHTML, like Gecko; compatible; bingbot/2.0; +http://www.bing.com/bingbot.htm) Chrome/103.0.5060.134 Safari/537.36" "ysfine.com"
40.77.167.105 - - [05/Dec/2022:11:09:36 -0800] "GET /robots.txt HTTP/1.1" 404 88 "-" "Mozilla/5.0 (compatible; bingbot/2.0; +http://www.bing.com/bingbot.htm)" "ysfine.com"
40.77.167.39 - - [05/Dec/2022:11:09:53 -0800] "GET /bio/wigner/wigpoinc.html HTTP/1.1" 404 88 "-" "Mozilla/5.0 (compatible; bingbot/2.0; +http://www.bing.com/bingbot.htm)" "ysfine.com"
207.46.13.48 - - [05/Dec/2022:11:10:40 -0800] "GET /bio/kobak/soraech.html HTTP/1.1" 404 88 "-" "Mozilla/5.0 (compatible; bingbot/2.0; +http://www.bing.com/bingbot.htm)" "ysfine.com"
157.55.39.76 - - [05/Dec/2022:11:10:54 -0800] "GET /bio/bio07.html HTTP/1.1" 404 88 "-" "Mozilla/5.0 AppleWebKit/537.36 (KHTML, like Gecko; compatible; bingbot/2.0; +http://www.bing.com/bingbot.htm) Chrome/103.0.5060.134 Safari/537.36" "ysfine.com"
35.208.248.205 - - [05/Dec/2022:11:11:09 -0800] "GET /einstein/places/einha01.jpg HTTP/1.1" 200 75624 "-" "Mozilla/5.0 (X11; Ubuntu; Linux x86_64; rv:72.0) Gecko/20100101 Firefox/72.0" "ysfine.com"
157.55.39.6 - - [05/Dec/2022:11:11:26 -0800] "GET /bio/einstein/bern.html HTTP/1.1" 404 88 "-" "Mozilla/5.0 (compatible; bingbot/2.0; +http://www.bing.com/bingbot.htm)" "ysfine.com"
51.222.253.2 - - [05/Dec/2022:11:11:29 -0800] "GET /class54/class5470/total_data/sub_8120.htm HTTP/1.1" 200 3499 "-" "Mozilla/5.0 (compatible; AhrefsBot/7.0; +http://ahrefs.com/robot/)" "www.ysfine.com"
207.46.13.134 - - [05/Dec/2022:11:11:51 -0800] "GET /bio/feynman/fphoto.html HTTP/1.1" 404 88 "-" "Mozilla/5.0 (compatible; bingbot/2.0; +http://www.bing.com/bingbot.htm)" "ysfine.com"
40.77.167.39 - - [05/Dec/2022:11:13:23 -0800] "GET /bio/genea.html HTTP/1.1" 404 88 "-" "Mozilla/5.0 AppleWebKit/537.36 (KHTML, like Gecko; compatible; bingbot/2.0; +http://www.bing.com/bingbot.htm) Chrome/103.0.5060.134 Safari/537.36" "ysfine.com"
66.102.6.113 - - [05/Dec/2022:11:13:51 -0800] "GET /kobak/somap38.jpg HTTP/1.1" 200 109622 "-" "Mozilla/5.0 (Windows NT 5.1; rv:11.0) Gecko Firefox/11.0 (via ggpht.com GoogleImageProxy)" "ysfine.com"
207.46.13.134 - - [05/Dec/2022:11:14:51 -0800] "GET /bio/princeton/campus.html HTTP/1.1" 404 88 "-" "Mozilla/5.0 AppleWebKit/537.36 (KHTML, like Gecko; compatible; bingbot/2.0; +http://www.bing.com/bingbot.htm) Chrome/103.0.5060.134 Safari/537.36" "ysfine.com"
207.46.13.134 - - [05/Dec/2022:11:14:52 -0800] "GET /bio/wigner/e(2).html HTTP/1.1" 404 88 "-" "Mozilla/5.0 AppleWebKit/537.36 (KHTML, like Gecko; compatible; bingbot/2.0; +http://www.bing.com/bingbot.htm) Chrome/103.0.5060.134 Safari/537.36" "ysfine.com"
99.239.169.197 - - [05/Dec/2022:11:14:52 -0800] "GET /kobak/1014b.jpg HTTP/1.1" 200 42115 "https://www.google.com/" "Mozilla/5.0 (Windows NT 10.0; Win64; x64) AppleWebKit/537.36 (KHTML, like Gecko) Chrome/107.0.0.0 Safari/537.36" "ysfine.com"
157.55.39.76 - - [05/Dec/2022:11:14:56 -0800] "GET /bio/feynman/fthtop.html HTTP/1.1" 404 88 "-" "Mozilla/5.0 AppleWebKit/537.36 (KHTML, like Gecko; compatible; bingbot/2.0; +http://www.bing.com/bingbot.htm) Chrome/103.0.5060.134 Safari/537.36" "ysfine.com"
24.202.154.96 - - [05/Dec/2022:11:14:59 -0800] "GET /dirac/dart/dirac27a.pdf HTTP/1.1" 200 3396153 "https://www.google.ca/" "Mozilla/5.0 (X11; Linux x86_64) AppleWebKit/537.36 (KHTML, like Gecko) Chrome/108.0.0.0 Safari/537.36" "ysfine.com"
24.202.154.96 - - [05/Dec/2022:11:14:59 -0800] "GET /favicon.ico HTTP/1.1" 404 88 "https://ysfine.com/dirac/dart/dirac27a.pdf" "Mozilla/5.0 (X11; Linux x86_64) AppleWebKit/537.36 (KHTML, like Gecko) Chrome/108.0.0.0 Safari/537.36" "ysfine.com"
51.222.253.19 - - [05/Dec/2022:11:15:00 -0800] "GET /remote/wigner111/frame24.html HTTP/1.1" 200 662 "-" "Mozilla/5.0 (compatible; AhrefsBot/7.0; +http://ahrefs.com/robot/)" "www.ysfine.com"
66.249.70.30 - - [05/Dec/2022:11:17:26 -0800] "GET /ads.txt HTTP/1.1" 404 88 "-" "Google-adstxt" "ysfine.com"
51.222.253.11 - - [05/Dec/2022:11:18:21 -0800] "GET /remote/wigner111/frame03.html HTTP/1.1" 200 1087 "-" "Mozilla/5.0 (compatible; AhrefsBot/7.0; +http://ahrefs.com/robot/)" "www.ysfine.com"
51.222.253.1 - - [05/Dec/2022:11:18:26 -0800] "GET /remote/wigner111/kim-03b.jpg HTTP/1.1" 200 41496 "-" "Mozilla/5.0 (compatible; AhrefsBot/7.0; +http://ahrefs.com/robot/)" "www.ysfine.com"
47.246.164.136 - - [05/Dec/2022:11:18:26 -0800] "GET /kowar/tanks/tank03.jpg HTTP/1.1" 200 106726 "-" "Mozilla/5.0 (X11; Ubuntu; Linux x86_64; rv:72.0) Gecko/20100101 Firefox/72.0" "ysfine.com"
77.88.5.207 - - [05/Dec/2022:11:18:53 -0800] "GET /robots.txt HTTP/1.1" 404 73 "-" "Mozilla/5.0 (compatible; YandexBot/3.0; +http://yandex.com/bots)" "ysfine.com"
93.158.161.70 - - [05/Dec/2022:11:18:57 -0800] "GET /robots.txt HTTP/1.1" 404 73 "-" "Mozilla/5.0 (compatible; YandexBot/3.0; +http://yandex.com/bots)" "ysfine.com"
77.88.5.45 - - [05/Dec/2022:11:19:01 -0800] "GET /kowar/tanks/tank54.jpg HTTP/1.1" 200 76330 "-" "Mozilla/5.0 (compatible; YandexImages/3.0; +http://yandex.com/bots)" "ysfine.com"
114.119.151.59 - - [05/Dec/2022:11:20:14 -0800] "GET /houses/myhouse.html HTTP/1.1" 200 1473 "http://www.ysfine.com/" "Mozilla/5.0 (Linux; Android 7.0;) AppleWebKit/537.36 (KHTML, like Gecko) Mobile Safari/537.36 (compatible; PetalBot;+https://webmaster.petalsearch.com/site/petalbot)" "ysfine.com"
51.222.253.19 - - [05/Dec/2022:11:21:42 -0800] "GET /heisen/heisen05.html HTTP/1.1" 200 5136 "-" "Mozilla/5.0 (compatible; AhrefsBot/7.0; +http://ahrefs.com/robot/)" "www.ysfine.com"
51.222.253.1 - - [05/Dec/2022:11:21:47 -0800] "GET /heisen/heisen66b.jpg HTTP/1.1" 200 37238 "-" "Mozilla/5.0 (compatible; AhrefsBot/7.0; +http://ahrefs.com/robot/)" "www.ysfine.com"
51.222.253.16 - - [05/Dec/2022:11:21:53 -0800] "GET /maga/phys/schroheisen33b.jpg HTTP/1.1" 200 41615 "-" "Mozilla/5.0 (compatible; AhrefsBot/7.0; +http://ahrefs.com/robot/)" "www.ysfine.com"
51.222.253.11 - - [05/Dec/2022:11:22:00 -0800] "GET /eink/eink61c.jpg HTTP/1.1" 200 34119 "-" "Mozilla/5.0 (compatible; AhrefsBot/7.0; +http://ahrefs.com/robot/)" "www.ysfine.com"
51.222.253.9 - - [05/Dec/2022:11:22:08 -0800] "GET /maga/phys/bohrheisen11b.jpg HTTP/1.1" 200 47511 "-" "Mozilla/5.0 (compatible; AhrefsBot/7.0; +http://ahrefs.com/robot/)" "www.ysfine.com"
51.222.253.12 - - [05/Dec/2022:11:22:14 -0800] "GET /wigner/wigheis11b.jpg HTTP/1.1" 200 38703 "-" "Mozilla/5.0 (compatible; AhrefsBot/7.0; +http://ahrefs.com/robot/)" "www.ysfine.com"
51.222.253.4 - - [05/Dec/2022:11:22:20 -0800] "GET /heisen/fantova/fanto11b.jpg HTTP/1.1" 404 88 "-" "Mozilla/5.0 (compatible; AhrefsBot/7.0; +http://ahrefs.com/robot/)" "www.ysfine.com"
51.222.253.5 - - [05/Dec/2022:11:22:20 -0800] "GET /heisen/einhouse11b.jpg HTTP/1.1" 404 88 "-" "Mozilla/5.0 (compatible; AhrefsBot/7.0; +http://ahrefs.com/robot/)" "www.ysfine.com"
77.75.78.167 - - [05/Dec/2022:11:23:28 -0800] "GET /robots.txt HTTP/1.1" 404 88 "-" "Mozilla/5.0 (compatible; SeznamBot/3.2; +http://napoveda.seznam.cz/en/seznambot-intro/)" "ysfine.com"
77.75.78.167 - - [05/Dec/2022:11:23:29 -0800] "GET /world/brit/thames28.jpg HTTP/1.1" 304 - "-" "Mozilla/5.0 (compatible; SeznamBot/3.2; +http://napoveda.seznam.cz/en/seznambot-intro/)" "ysfine.com"
77.75.78.167 - - [05/Dec/2022:11:23:31 -0800] "GET /world/france/vers01.jpg HTTP/1.1" 200 254409 "-" "Mozilla/5.0 (compatible; SeznamBot/3.2; +http://napoveda.seznam.cz/en/seznambot-intro/)" "ysfine.com"
77.75.78.167 - - [05/Dec/2022:11:23:37 -0800] "GET /world/russ/volga17.jpg HTTP/1.1" 200 184892 "-" "Mozilla/5.0 (compatible; SeznamBot/3.2; +http://napoveda.seznam.cz/en/seznambot-intro/)" "ysfine.com"
77.75.78.167 - - [05/Dec/2022:11:23:40 -0800] "GET /maga/phys/darwin05.jpg HTTP/1.1" 200 236119 "-" "Mozilla/5.0 (compatible; SeznamBot/3.2; +http://napoveda.seznam.cz/en/seznambot-intro/)" "ysfine.com"
77.75.78.167 - - [05/Dec/2022:11:23:43 -0800] "GET /kobak/namdae01.jpg HTTP/1.1" 304 - "-" "Mozilla/5.0 (compatible; SeznamBot/3.2; +http://napoveda.seznam.cz/en/seznambot-intro/)" "ysfine.com"
77.75.78.167 - - [05/Dec/2022:11:23:44 -0800] "GET /people/elena01.jpg HTTP/1.1" 200 76084 "-" "Mozilla/5.0 (compatible; SeznamBot/3.2; +http://napoveda.seznam.cz/en/seznambot-intro/)" "ysfine.com"
77.75.78.167 - - [05/Dec/2022:11:23:45 -0800] "GET /style/monalisa.jpg HTTP/1.1" 200 73082 "-" "Mozilla/5.0 (compatible; SeznamBot/3.2; +http://napoveda.seznam.cz/en/seznambot-intro/)" "ysfine.com"
77.75.78.167 - - [05/Dec/2022:11:23:46 -0800] "GET /wdc/lafpark04.jpg HTTP/1.1" 304 - "-" "Mozilla/5.0 (compatible; SeznamBot/3.2; +http://napoveda.seznam.cz/en/seznambot-intro/)" "ysfine.com"
58.250.125.109 - - [05/Dec/2022:11:24:04 -0800] "GET / HTTP/1.1" 200 5295 "-" "Sogou web spider/4.0(+http://www.sogou.com/docs/help/webmasters.htm#07)" "ysfine.com"
157.55.39.76 - - [05/Dec/2022:11:24:05 -0800] "GET /bio/harmoarchi.html HTTP/1.1" 404 88 "-" "Mozilla/5.0 (compatible; bingbot/2.0; +http://www.bing.com/bingbot.htm)" "ysfine.com"
157.55.39.6 - - [05/Dec/2022:11:25:08 -0800] "GET /bio/dirac/diracpol.html HTTP/1.1" 404 88 "-" "Mozilla/5.0 (compatible; bingbot/2.0; +http://www.bing.com/bingbot.htm)" "ysfine.com"
207.46.13.48 - - [05/Dec/2022:11:25:51 -0800] "GET /bio/style/rieu.html HTTP/1.1" 404 88 "-" "Mozilla/5.0 AppleWebKit/537.36 (KHTML, like Gecko; compatible; bingbot/2.0; +http://www.bing.com/bingbot.htm) Chrome/103.0.5060.134 Safari/537.36" "ysfine.com"
51.222.253.3 - - [05/Dec/2022:11:25:53 -0800] "GET /einstein/index.html HTTP/1.1" 200 135 "-" "Mozilla/5.0 (compatible; AhrefsBot/7.0; +http://ahrefs.com/robot/)" "www.ysfine.com"
185.191.171.13 - - [05/Dec/2022:11:26:24 -0800] "GET /heisen/einheisen22.html HTTP/1.1" 200 4707 "-" "Mozilla/5.0 (compatible; SemrushBot/7~bl; +http://www.semrush.com/bot.html)" "www.ysfine.com"
94.255.186.31 - - [05/Dec/2022:11:26:52 -0800] "GET /wigner/neum/vnc02.jpg HTTP/1.1" 200 122957 "https://www.google.com/" "Mozilla/5.0 (Windows NT 10.0; Win64; x64) AppleWebKit/537.36 (KHTML, like Gecko) Chrome/107.0.0.0 Safari/537.36" "ysfine.com"
66.249.70.4 - - [05/Dec/2022:11:27:27 -0800] "GET /einstein/eindcmap11.jpg HTTP/1.1" 404 88 "-" "Googlebot-Image/1.0" "ysfine.com"
157.55.39.76 - - [05/Dec/2022:11:27:46 -0800] "GET /bio/style/artlove.html HTTP/1.1" 404 88 "-" "Mozilla/5.0 AppleWebKit/537.36 (KHTML, like Gecko; compatible; bingbot/2.0; +http://www.bing.com/bingbot.htm) Chrome/103.0.5060.134 Safari/537.36" "ysfine.com"
157.55.39.6 - - [05/Dec/2022:11:27:50 -0800] "GET /ysbio/folks/service.html HTTP/1.1" 404 88 "-" "Mozilla/5.0 (compatible; bingbot/2.0; +http://www.bing.com/bingbot.htm)" "ysfine.com"
66.129.135.238 - - [05/Dec/2022:11:28:18 -0800] "GET /einstein/einbohr33.jpg HTTP/1.1" 200 87797 "https://www.google.com/" "Mozilla/5.0 (Windows NT 10.0; Win64; x64) AppleWebKit/537.36 (KHTML, like Gecko) Chrome/107.0.0.0 Safari/537.36" "ysfine.com"
157.55.39.76 - - [05/Dec/2022:11:28:26 -0800] "GET /bio/sbk/1950.html HTTP/1.1" 404 88 "-" "Mozilla/5.0 (compatible; bingbot/2.0; +http://www.bing.com/bingbot.htm)" "ysfine.com"
66.129.135.238 - - [05/Dec/2022:11:28:32 -0800] "GET /einstein/einbohr.html HTTP/1.1" 200 6142 "https://www.google.com/" "Mozilla/5.0 (Windows NT 10.0; Win64; x64) AppleWebKit/537.36 (KHTML, like Gecko) Chrome/107.0.0.0 Safari/537.36" "ysfine.com"
66.129.135.238 - - [05/Dec/2022:11:28:32 -0800] "GET /einstein/einbohr33b.jpg HTTP/1.1" 200 42636 "https://ysfine.com/einstein/einbohr.html" "Mozilla/5.0 (Windows NT 10.0; Win64; x64) AppleWebKit/537.36 (KHTML, like Gecko) Chrome/107.0.0.0 Safari/537.36" "ysfine.com"
66.129.135.238 - - [05/Dec/2022:11:28:32 -0800] "GET /world/scandi/nbi02b.jpg HTTP/1.1" 200 39350 "https://ysfine.com/einstein/einbohr.html" "Mozilla/5.0 (Windows NT 10.0; Win64; x64) AppleWebKit/537.36 (KHTML, like Gecko) Chrome/107.0.0.0 Safari/537.36" "ysfine.com"
66.129.135.238 - - [05/Dec/2022:11:28:32 -0800] "GET /einstein/bohradius11b.jpg HTTP/1.1" 200 39999 "https://ysfine.com/einstein/einbohr.html" "Mozilla/5.0 (Windows NT 10.0; Win64; x64) AppleWebKit/537.36 (KHTML, like Gecko) Chrome/107.0.0.0 Safari/537.36" "ysfine.com"
66.129.135.238 - - [05/Dec/2022:11:28:32 -0800] "GET /dirac/diracqm33b.jpg HTTP/1.1" 200 44237 "https://ysfine.com/einstein/einbohr.html" "Mozilla/5.0 (Windows NT 10.0; Win64; x64) AppleWebKit/537.36 (KHTML, like Gecko) Chrome/107.0.0.0 Safari/537.36" "ysfine.com"
66.129.135.238 - - [05/Dec/2022:11:28:32 -0800] "GET /ffriends/danstu22b.jpg HTTP/1.1" 200 51863 "https://ysfine.com/einstein/einbohr.html" "Mozilla/5.0 (Windows NT 10.0; Win64; x64) AppleWebKit/537.36 (KHTML, like Gecko) Chrome/107.0.0.0 Safari/537.36" "ysfine.com"
66.129.135.238 - - [05/Dec/2022:11:28:32 -0800] "GET /feynman/feygell66b.jpg HTTP/1.1" 200 28843 "https://ysfine.com/einstein/einbohr.html" "Mozilla/5.0 (Windows NT 10.0; Win64; x64) AppleWebKit/537.36 (KHTML, like Gecko) Chrome/107.0.0.0 Safari/537.36" "ysfine.com"
66.129.135.238 - - [05/Dec/2022:11:28:32 -0800] "GET /maga/phys/bohr05b.jpg HTTP/1.1" 200 33923 "https://ysfine.com/einstein/einbohr.html" "Mozilla/5.0 (Windows NT 10.0; Win64; x64) AppleWebKit/537.36 (KHTML, like Gecko) Chrome/107.0.0.0 Safari/537.36" "ysfine.com"
66.129.135.238 - - [05/Dec/2022:11:28:32 -0800] "GET /world/scandi/nbi33b.jpg HTTP/1.1" 200 39400 "https://ysfine.com/einstein/einbohr.html" "Mozilla/5.0 (Windows NT 10.0; Win64; x64) AppleWebKit/537.36 (KHTML, like Gecko) Chrome/107.0.0.0 Safari/537.36" "ysfine.com"
66.129.135.238 - - [05/Dec/2022:11:28:32 -0800] "GET /dirac/sq66b.jpg HTTP/1.1" 200 22242 "https://ysfine.com/einstein/einbohr.html" "Mozilla/5.0 (Windows NT 10.0; Win64; x64) AppleWebKit/537.36 (KHTML, like Gecko) Chrome/107.0.0.0 Safari/537.36" "ysfine.com"
66.129.135.238 - - [05/Dec/2022:11:28:32 -0800] "GET /einstein/jsbell01b.jpg HTTP/1.1" 200 33090 "https://ysfine.com/einstein/einbohr.html" "Mozilla/5.0 (Windows NT 10.0; Win64; x64) AppleWebKit/537.36 (KHTML, like Gecko) Chrome/107.0.0.0 Safari/537.36" "ysfine.com"
66.129.135.238 - - [05/Dec/2022:11:28:32 -0800] "GET /world/scandi/nbi06b.jpg HTTP/1.1" 200 45656 "https://ysfine.com/einstein/einbohr.html" "Mozilla/5.0 (Windows NT 10.0; Win64; x64) AppleWebKit/537.36 (KHTML, like Gecko) Chrome/107.0.0.0 Safari/537.36" "ysfine.com"
66.129.135.238 - - [05/Dec/2022:11:28:32 -0800] "GET /world/scandi/nbi09b.jpg HTTP/1.1" 200 57684 "https://ysfine.com/einstein/einbohr.html" "Mozilla/5.0 (Windows NT 10.0; Win64; x64) AppleWebKit/537.36 (KHTML, like Gecko) Chrome/107.0.0.0 Safari/537.36" "ysfine.com"
66.129.135.238 - - [05/Dec/2022:11:28:32 -0800] "GET /dirac/sq73b.jpg HTTP/1.1" 200 49918 "https://ysfine.com/einstein/einbohr.html" "Mozilla/5.0 (Windows NT 10.0; Win64; x64) AppleWebKit/537.36 (KHTML, like Gecko) Chrome/107.0.0.0 Safari/537.36" "ysfine.com"
66.129.135.238 - - [05/Dec/2022:11:28:32 -0800] "GET /feynman/feydirac270.jpg HTTP/1.1" 200 59000 "https://ysfine.com/einstein/einbohr.html" "Mozilla/5.0 (Windows NT 10.0; Win64; x64) AppleWebKit/537.36 (KHTML, like Gecko) Chrome/107.0.0.0 Safari/537.36" "ysfine.com"
66.129.135.238 - - [05/Dec/2022:11:28:32 -0800] "GET /einstein/evol22b.jpg HTTP/1.1" 200 29614 "https://ysfine.com/einstein/einbohr.html" "Mozilla/5.0 (Windows NT 10.0; Win64; x64) AppleWebKit/537.36 (KHTML, like Gecko) Chrome/107.0.0.0 Safari/537.36" "ysfine.com"
66.129.135.238 - - [05/Dec/2022:11:28:32 -0800] "GET /eink/eink61c.jpg HTTP/1.1" 200 34119 "https://ysfine.com/einstein/einbohr.html" "Mozilla/5.0 (Windows NT 10.0; Win64; x64) AppleWebKit/537.36 (KHTML, like Gecko) Chrome/107.0.0.0 Safari/537.36" "ysfine.com"
66.129.135.238 - - [05/Dec/2022:11:28:32 -0800] "GET /world/scandi/copenf03b.jpg HTTP/1.1" 200 48862 "https://ysfine.com/einstein/einbohr.html" "Mozilla/5.0 (Windows NT 10.0; Win64; x64) AppleWebKit/537.36 (KHTML, like Gecko) Chrome/107.0.0.0 Safari/537.36" "ysfine.com"
59.52.101.156 - - [05/Dec/2022:11:28:34 -0800] "GET / HTTP/1.1" 200 5295 "-" "Mozilla/4.0 (compatible; MSIE 8.0; Windows NT 6.2; WOW64; Trident/7.0; .NET4.0C; .NET4.0E; .NET CLR 2.0.50727; .NET CLR 3.0.30729; .NET CLR 3.5.30729; LSIE 1.2.1.86)" "ysfine.com"
59.52.101.156 - - [05/Dec/2022:11:28:35 -0800] "GET / HTTP/1.1" 200 5295 "-" "Mozilla/4.0 (compatible; MSIE 8.0; Windows NT 6.2; WOW64; Trident/7.0; .NET4.0C; .NET4.0E; .NET CLR 2.0.50727; .NET CLR 3.0.30729; .NET CLR 3.5.30729; LSIE 1.2.1.86)" "ysfine.com"
59.52.101.156 - - [05/Dec/2022:11:28:36 -0800] "GET /home/index.html HTTP/1.1" 200 142 "-" "Mozilla/5.0 (Windows NT 6.1; WOW64) AppleWebKit/537.36 (KHTML, like Gecko) Chrome/66.0.3359.181 Safari/537.36" "ysfine.com"
59.52.101.156 - - [05/Dec/2022:11:28:37 -0800] "GET /jobs/index.html HTTP/1.1" 200 123 "-" "Mozilla/5.0 (Windows NT 6.1; WOW64) AppleWebKit/537.36 (KHTML, like Gecko) Chrome/66.0.3359.181 Safari/537.36" "ysfine.com"
59.52.101.156 - - [05/Dec/2022:11:28:37 -0800] "GET /eink/index.html HTTP/1.1" 200 17716 "-" "Mozilla/5.0 (Windows NT 6.1; WOW64) AppleWebKit/537.36 (KHTML, like Gecko) Chrome/66.0.3359.181 Safari/537.36" "ysfine.com"
59.52.101.156 - - [05/Dec/2022:11:28:37 -0800] "GET /eink/mose.html HTTP/1.1" 200 14315 "-" "Mozilla/5.0 (Windows NT 6.1; WOW64) AppleWebKit/537.36 (KHTML, like Gecko) Chrome/66.0.3359.181 Safari/537.36" "ysfine.com"
59.52.101.156 - - [05/Dec/2022:11:28:37 -0800] "GET /eink/index.html HTTP/1.1" 200 17716 "-" "Mozilla/5.0 (Windows NT 6.1; WOW64) AppleWebKit/537.36 (KHTML, like Gecko) Chrome/66.0.3359.181 Safari/537.36" "ysfine.com"
59.52.101.156 - - [05/Dec/2022:11:28:37 -0800] "GET /bio.html HTTP/1.1" 200 18114 "-" "Mozilla/5.0 (Windows NT 6.1; WOW64) AppleWebKit/537.36 (KHTML, like Gecko) Chrome/66.0.3359.181 Safari/537.36" "ysfine.com"
59.52.101.156 - - [05/Dec/2022:11:28:37 -0800] "GET /world/ysworld.html HTTP/1.1" 200 3224 "-" "Mozilla/5.0 (Windows NT 6.1; WOW64) AppleWebKit/537.36 (KHTML, like Gecko) Chrome/66.0.3359.181 Safari/537.36" "ysfine.com"
59.52.101.156 - - [05/Dec/2022:11:28:37 -0800] "GET /home/bio77.html HTTP/1.1" 404 88 "-" "Mozilla/5.0 (Windows NT 6.1; WOW64) AppleWebKit/537.36 (KHTML, like Gecko) Chrome/66.0.3359.181 Safari/537.36" "ysfine.com"
59.52.101.156 - - [05/Dec/2022:11:28:37 -0800] "GET /yspapers/index.html HTTP/1.1" 200 21304 "-" "Mozilla/5.0 (Windows NT 6.1; WOW64) AppleWebKit/537.36 (KHTML, like Gecko) Chrome/66.0.3359.181 Safari/537.36" "ysfine.com"
59.52.101.156 - - [05/Dec/2022:11:28:37 -0800] "GET /awards/index.html HTTP/1.1" 200 10095 "-" "Mozilla/5.0 (Windows NT 6.1; WOW64) AppleWebKit/537.36 (KHTML, like Gecko) Chrome/66.0.3359.181 Safari/537.36" "ysfine.com"
59.52.101.156 - - [05/Dec/2022:11:28:38 -0800] "GET /einstein/index.html HTTP/1.1" 200 135 "-" "Mozilla/5.0 (Windows NT 6.1; WOW64) AppleWebKit/537.36 (KHTML, like Gecko) Chrome/66.0.3359.181 Safari/537.36" "ysfine.com"
59.52.101.156 - - [05/Dec/2022:11:28:38 -0800] "GET /dirac/index.html HTTP/1.1" 200 124 "-" "Mozilla/5.0 (Windows NT 6.1; WOW64) AppleWebKit/537.36 (KHTML, like Gecko) Chrome/66.0.3359.181 Safari/537.36" "ysfine.com"
43.249.11.168 - - [05/Dec/2022:11:28:39 -0800] "GET / HTTP/1.1" 200 5295 "-" "Mozilla/4.0 (compatible; MSIE 8.0; Windows NT 5.1; Trident/4.0; .NET CLR 2.0.50727; .NET CLR 1.1.4322; .NET CLR 3.0.04506.648; .NET CLR 3.5.21022)" "ysfine.com"
66.129.135.238 - - [05/Dec/2022:11:29:00 -0800] "GET /einstein/einbohr33.jpg HTTP/1.1" 200 87797 "-" "Mozilla/4.0 (compatible; ms-office; MSOffice 16)" "ysfine.com"
95.153.162.68 - - [05/Dec/2022:11:29:08 -0800] "GET /princeton/campus.html HTTP/1.1" 200 15142 "https://yandex.ru/" "Mozilla/5.0 (iPhone; CPU iPhone OS 15_6 like Mac OS X) AppleWebKit/605.1.15 (KHTML, like Gecko) Version/15.0 YaBrowser/22.11.3.504.10 SA/3 Mobile/15E148 Safari/604.1" "www.ysfine.com"
95.153.162.68 - - [05/Dec/2022:11:29:08 -0800] "GET /princeton/withers01b.jpg HTTP/1.1" 200 53277 "https://www.ysfine.com/princeton/campus.html" "Mozilla/5.0 (iPhone; CPU iPhone OS 15_6 like Mac OS X) AppleWebKit/605.1.15 (KHTML, like Gecko) Version/15.0 YaBrowser/22.11.3.504.10 SA/3 Mobile/15E148 Safari/604.1" "www.ysfine.com"
95.153.162.68 - - [05/Dec/2022:11:29:08 -0800] "GET /princeton/nasshall01b.jpg HTTP/1.1" 200 60879 "https://www.ysfine.com/princeton/campus.html" "Mozilla/5.0 (iPhone; CPU iPhone OS 15_6 like Mac OS X) AppleWebKit/605.1.15 (KHTML, like Gecko) Version/15.0 YaBrowser/22.11.3.504.10 SA/3 Mobile/15E148 Safari/604.1" "www.ysfine.com"
95.153.162.68 - - [05/Dec/2022:11:29:08 -0800] "GET /princeton/pcomm01b.jpg HTTP/1.1" 200 46796 "https://www.ysfine.com/princeton/campus.html" "Mozilla/5.0 (iPhone; CPU iPhone OS 15_6 like Mac OS X) AppleWebKit/605.1.15 (KHTML, like Gecko) Version/15.0 YaBrowser/22.11.3.504.10 SA/3 Mobile/15E148 Safari/604.1" "www.ysfine.com"
95.153.162.68 - - [05/Dec/2022:11:29:08 -0800] "GET /princeton/alexan22b.jpg HTTP/1.1" 200 55817 "https://www.ysfine.com/princeton/campus.html" "Mozilla/5.0 (iPhone; CPU iPhone OS 15_6 like Mac OS X) AppleWebKit/605.1.15 (KHTML, like Gecko) Version/15.0 YaBrowser/22.11.3.504.10 SA/3 Mobile/15E148 Safari/604.1" "www.ysfine.com"
95.153.162.68 - - [05/Dec/2022:11:29:09 -0800] "GET /favicon.ico HTTP/1.1" 404 88 "-" "Mozilla/5.0 (iPhone; CPU iPhone OS 15_6 like Mac OS X) AppleWebKit/605.1.15 (KHTML, like Gecko) Version/15.0 CriOS/106.0.5249.168 YaBrowser/22.11.3.504.10 SA/3 Mobile/15E148 Safari/604.1" "www.ysfine.com"
95.153.162.68 - - [05/Dec/2022:11:29:09 -0800] "GET /princeton/firestone11b.jpg HTTP/1.1" 200 54060 "https://www.ysfine.com/princeton/campus.html" "Mozilla/5.0 (iPhone; CPU iPhone OS 15_6 like Mac OS X) AppleWebKit/605.1.15 (KHTML, like Gecko) Version/15.0 YaBrowser/22.11.3.504.10 SA/3 Mobile/15E148 Safari/604.1" "www.ysfine.com"
95.153.162.68 - - [05/Dec/2022:11:29:10 -0800] "GET /princeton/prospectg33b.jpg HTTP/1.1" 200 39510 "https://www.ysfine.com/princeton/campus.html" "Mozilla/5.0 (iPhone; CPU iPhone OS 15_6 like Mac OS X) AppleWebKit/605.1.15 (KHTML, like Gecko) Version/15.0 YaBrowser/22.11.3.504.10 SA/3 Mobile/15E148 Safari/604.1" "www.ysfine.com"
95.153.162.68 - - [05/Dec/2022:11:29:10 -0800] "GET /princeton/cleve11b.jpg HTTP/1.1" 200 42431 "https://www.ysfine.com/princeton/campus.html" "Mozilla/5.0 (iPhone; CPU iPhone OS 15_6 like Mac OS X) AppleWebKit/605.1.15 (KHTML, like Gecko) Version/15.0 YaBrowser/22.11.3.504.10 SA/3 Mobile/15E148 Safari/604.1" "www.ysfine.com"
95.153.162.68 - - [05/Dec/2022:11:29:10 -0800] "GET /style/picasspr22b.jpg HTTP/1.1" 200 67766 "https://www.ysfine.com/princeton/campus.html" "Mozilla/5.0 (iPhone; CPU iPhone OS 15_6 like Mac OS X) AppleWebKit/605.1.15 (KHTML, like Gecko) Version/15.0 YaBrowser/22.11.3.504.10 SA/3 Mobile/15E148 Safari/604.1" "www.ysfine.com"
95.153.162.68 - - [05/Dec/2022:11:29:10 -0800] "GET /princeton/gcollege21b.jpg HTTP/1.1" 200 50053 "https://www.ysfine.com/princeton/campus.html" "Mozilla/5.0 (iPhone; CPU iPhone OS 15_6 like Mac OS X) AppleWebKit/605.1.15 (KHTML, like Gecko) Version/15.0 YaBrowser/22.11.3.504.10 SA/3 Mobile/15E148 Safari/604.1" "www.ysfine.com"
95.153.162.68 - - [05/Dec/2022:11:29:10 -0800] "GET /princeton/pstadium22b.jpg HTTP/1.1" 200 40166 "https://www.ysfine.com/princeton/campus.html" "Mozilla/5.0 (iPhone; CPU iPhone OS 15_6 like Mac OS X) AppleWebKit/605.1.15 (KHTML, like Gecko) Version/15.0 YaBrowser/22.11.3.504.10 SA/3 Mobile/15E148 Safari/604.1" "www.ysfine.com"
95.153.162.68 - - [05/Dec/2022:11:29:10 -0800] "GET /princeton/pumu11b.jpg HTTP/1.1" 200 46659 "https://www.ysfine.com/princeton/campus.html" "Mozilla/5.0 (iPhone; CPU iPhone OS 15_6 like Mac OS X) AppleWebKit/605.1.15 (KHTML, like Gecko) Version/15.0 YaBrowser/22.11.3.504.10 SA/3 Mobile/15E148 Safari/604.1" "www.ysfine.com"
95.153.162.68 - - [05/Dec/2022:11:29:10 -0800] "GET /princeton/sabat11b.jpg HTTP/1.1" 200 56760 "https://www.ysfine.com/princeton/campus.html" "Mozilla/5.0 (iPhone; CPU iPhone OS 15_6 like Mac OS X) AppleWebKit/605.1.15 (KHTML, like Gecko) Version/15.0 YaBrowser/22.11.3.504.10 SA/3 Mobile/15E148 Safari/604.1" "www.ysfine.com"
95.153.162.68 - - [05/Dec/2022:11:29:10 -0800] "GET /princeton/gcollege05b.jpg HTTP/1.1" 200 49944 "https://www.ysfine.com/princeton/campus.html" "Mozilla/5.0 (iPhone; CPU iPhone OS 15_6 like Mac OS X) AppleWebKit/605.1.15 (KHTML, like Gecko) Version/15.0 YaBrowser/22.11.3.504.10 SA/3 Mobile/15E148 Safari/604.1" "www.ysfine.com"
95.153.162.68 - - [05/Dec/2022:11:29:10 -0800] "GET /princeton/blair11b.jpg HTTP/1.1" 200 46260 "https://www.ysfine.com/princeton/campus.html" "Mozilla/5.0 (iPhone; CPU iPhone OS 15_6 like Mac OS X) AppleWebKit/605.1.15 (KHTML, like Gecko) Version/15.0 YaBrowser/22.11.3.504.10 SA/3 Mobile/15E148 Safari/604.1" "www.ysfine.com"
95.153.162.68 - - [05/Dec/2022:11:29:10 -0800] "GET /princeton/forrestalmap2.jpg HTTP/1.1" 200 54761 "https://www.ysfine.com/princeton/campus.html" "Mozilla/5.0 (iPhone; CPU iPhone OS 15_6 like Mac OS X) AppleWebKit/605.1.15 (KHTML, like Gecko) Version/15.0 YaBrowser/22.11.3.504.10 SA/3 Mobile/15E148 Safari/604.1" "www.ysfine.com"
95.153.162.68 - - [05/Dec/2022:11:29:10 -0800] "GET /princeton/econ11b.jpg HTTP/1.1" 200 37872 "https://www.ysfine.com/princeton/campus.html" "Mozilla/5.0 (iPhone; CPU iPhone OS 15_6 like Mac OS X) AppleWebKit/605.1.15 (KHTML, like Gecko) Version/15.0 YaBrowser/22.11.3.504.10 SA/3 Mobile/15E148 Safari/604.1" "www.ysfine.com"
95.153.162.68 - - [05/Dec/2022:11:29:10 -0800] "GET /princeton/palmerlab11b.jpg HTTP/1.1" 200 40956 "https://www.ysfine.com/princeton/campus.html" "Mozilla/5.0 (iPhone; CPU iPhone OS 15_6 like Mac OS X) AppleWebKit/605.1.15 (KHTML, like Gecko) Version/15.0 YaBrowser/22.11.3.504.10 SA/3 Mobile/15E148 Safari/604.1" "www.ysfine.com"
95.153.162.68 - - [05/Dec/2022:11:29:10 -0800] "GET /princeton/rheepr01b.jpg HTTP/1.1" 200 35236 "https://www.ysfine.com/princeton/campus.html" "Mozilla/5.0 (iPhone; CPU iPhone OS 15_6 like Mac OS X) AppleWebKit/605.1.15 (KHTML, like Gecko) Version/15.0 YaBrowser/22.11.3.504.10 SA/3 Mobile/15E148 Safari/604.1" "www.ysfine.com"
95.153.162.68 - - [05/Dec/2022:11:29:10 -0800] "GET /princeton/jj03b.jpg HTTP/1.1" 200 46731 "https://www.ysfine.com/princeton/campus.html" "Mozilla/5.0 (iPhone; CPU iPhone OS 15_6 like Mac OS X) AppleWebKit/605.1.15 (KHTML, like Gecko) Version/15.0 YaBrowser/22.11.3.504.10 SA/3 Mobile/15E148 Safari/604.1" "www.ysfine.com"
95.153.162.68 - - [05/Dec/2022:11:29:10 -0800] "GET /princeton/nassinf03b.jpg HTTP/1.1" 200 33593 "https://www.ysfine.com/princeton/campus.html" "Mozilla/5.0 (iPhone; CPU iPhone OS 15_6 like Mac OS X) AppleWebKit/605.1.15 (KHTML, like Gecko) Version/15.0 YaBrowser/22.11.3.504.10 SA/3 Mobile/15E148 Safari/604.1" "www.ysfine.com"
95.153.162.68 - - [05/Dec/2022:11:29:10 -0800] "GET /princeton/lahiere11b.jpg HTTP/1.1" 200 53024 "https://www.ysfine.com/princeton/campus.html" "Mozilla/5.0 (iPhone; CPU iPhone OS 15_6 like Mac OS X) AppleWebKit/605.1.15 (KHTML, like Gecko) Version/15.0 YaBrowser/22.11.3.504.10 SA/3 Mobile/15E148 Safari/604.1" "www.ysfine.com"
