157.55.39.76 - - [04/Dec/2022:21:14:26 -0800] "GET /bio/dirac/home/sing.html HTTP/1.1" 404 88 "-" "Mozilla/5.0 AppleWebKit/537.36 (KHTML, like Gecko; compatible; bingbot/2.0; +http://www.bing.com/bingbot.htm) Chrome/103.0.5060.134 Safari/537.36" "ysfine.com"
207.46.13.48 - - [04/Dec/2022:21:15:38 -0800] "GET /bio/eink/buythisbook.html HTTP/1.1" 404 88 "-" "Mozilla/5.0 AppleWebKit/537.36 (KHTML, like Gecko; compatible; bingbot/2.0; +http://www.bing.com/bingbot.htm) Chrome/103.0.5060.134 Safari/537.36" "ysfine.com"
207.46.13.20 - - [04/Dec/2022:21:15:42 -0800] "GET /feynman/fb8.jpg HTTP/1.1" 200 57136 "-" "Mozilla/5.0 AppleWebKit/537.36 (KHTML, like Gecko; compatible; bingbot/2.0; +http://www.bing.com/bingbot.htm) Chrome/103.0.5060.134 Safari/537.36" "ysfine.com"
207.46.13.134 - - [04/Dec/2022:21:16:09 -0800] "GET /style/monet07.jpg HTTP/1.1" 200 162601 "-" "Mozilla/5.0 AppleWebKit/537.36 (KHTML, like Gecko; compatible; bingbot/2.0; +http://www.bing.com/bingbot.htm) Chrome/103.0.5060.134 Safari/537.36" "ysfine.com"
207.46.13.134 - - [04/Dec/2022:21:16:09 -0800] "GET /wigner/wigkim11b.jpg HTTP/1.1" 200 38616 "-" "Mozilla/5.0 (compatible; bingbot/2.0; +http://www.bing.com/bingbot.htm)" "ysfine.com"
207.46.13.134 - - [04/Dec/2022:21:16:19 -0800] "GET /world/ital/venice08cc.jpg HTTP/1.1" 200 259222 "-" "Mozilla/5.0 (compatible; bingbot/2.0; +http://www.bing.com/bingbot.htm)" "ysfine.com"
216.244.66.229 - - [04/Dec/2022:21:16:37 -0800] "GET /robots.txt HTTP/1.1" 404 73 "-" "Mozilla/5.0 (compatible; DotBot/1.2; +https://opensiteexplorer.org/dotbot; help@moz.com)" "ysfine.com"
216.244.66.229 - - [04/Dec/2022:21:16:37 -0800] "GET /robots.txt HTTP/1.1" 404 73 "-" "Mozilla/5.0 (compatible; DotBot/1.2; +https://opensiteexplorer.org/dotbot; help@moz.com)" "www.ysfine.com"
157.55.39.6 - - [04/Dec/2022:21:16:46 -0800] "GET /bio/bio44.html HTTP/1.1" 404 88 "-" "Mozilla/5.0 AppleWebKit/537.36 (KHTML, like Gecko; compatible; bingbot/2.0; +http://www.bing.com/bingbot.htm) Chrome/103.0.5060.134 Safari/537.36" "www.ysfine.com"
207.46.13.134 - - [04/Dec/2022:21:17:00 -0800] "GET /world/germany/leipzig02.jpg HTTP/1.1" 200 122245 "-" "Mozilla/5.0 AppleWebKit/537.36 (KHTML, like Gecko; compatible; bingbot/2.0; +http://www.bing.com/bingbot.htm) Chrome/103.0.5060.134 Safari/537.36" "www.ysfine.com"
207.46.13.48 - - [04/Dec/2022:21:17:58 -0800] "GET /bio/world/kalinin22.html HTTP/1.1" 404 88 "-" "Mozilla/5.0 AppleWebKit/537.36 (KHTML, like Gecko; compatible; bingbot/2.0; +http://www.bing.com/bingbot.htm) Chrome/103.0.5060.134 Safari/537.36" "ysfine.com"
216.244.66.229 - - [04/Dec/2022:21:20:04 -0800] "GET /fotos/tallm11.jpg HTTP/1.1" 200 80096 "-" "Mozilla/5.0 (compatible; DotBot/1.2; +https://opensiteexplorer.org/dotbot; help@moz.com)" "www.ysfine.com"
216.244.66.229 - - [04/Dec/2022:21:20:16 -0800] "GET /folks/jgriffin.jpg HTTP/1.1" 200 110098 "-" "Mozilla/5.0 (compatible; DotBot/1.2; +https://opensiteexplorer.org/dotbot; help@moz.com)" "www.ysfine.com"
216.244.66.229 - - [04/Dec/2022:21:20:27 -0800] "GET /folks/aline/pakis66.jpg HTTP/1.1" 200 179994 "-" "Mozilla/5.0 (compatible; DotBot/1.2; +https://opensiteexplorer.org/dotbot; help@moz.com)" "www.ysfine.com"
157.55.39.76 - - [04/Dec/2022:21:20:55 -0800] "GET /maga/histo/desiree23.jpg HTTP/1.1" 200 85900 "-" "Mozilla/5.0 (compatible; bingbot/2.0; +http://www.bing.com/bingbot.htm)" "ysfine.com"
157.55.39.6 - - [04/Dec/2022:21:20:59 -0800] "GET /wdc/kennedyc04.jpg HTTP/1.1" 200 76587 "-" "Mozilla/5.0 AppleWebKit/537.36 (KHTML, like Gecko; compatible; bingbot/2.0; +http://www.bing.com/bingbot.htm) Chrome/103.0.5060.134 Safari/537.36" "ysfine.com"
216.244.66.229 - - [04/Dec/2022:21:21:06 -0800] "GET /folks/aline/quantas22.jpg HTTP/1.1" 200 69675 "-" "Mozilla/5.0 (compatible; DotBot/1.2; +https://opensiteexplorer.org/dotbot; help@moz.com)" "www.ysfine.com"
207.46.13.20 - - [04/Dec/2022:21:21:10 -0800] "GET /world/russ/spbf34.jpg HTTP/1.1" 200 112353 "-" "Mozilla/5.0 AppleWebKit/537.36 (KHTML, like Gecko; compatible; bingbot/2.0; +http://www.bing.com/bingbot.htm) Chrome/103.0.5060.134 Safari/537.36" "www.ysfine.com"
216.244.66.229 - - [04/Dec/2022:21:21:40 -0800] "GET /folks/amkor/princelon01.jpg HTTP/1.1" 200 115199 "-" "Mozilla/5.0 (compatible; DotBot/1.2; +https://opensiteexplorer.org/dotbot; help@moz.com)" "www.ysfine.com"
207.46.13.48 - - [04/Dec/2022:21:21:48 -0800] "GET /kowar/tanks/tank04.jpg HTTP/1.1" 200 109094 "-" "Mozilla/5.0 (compatible; bingbot/2.0; +http://www.bing.com/bingbot.htm)" "www.ysfine.com"
157.55.39.76 - - [04/Dec/2022:21:22:06 -0800] "GET /world/scandi/copen069.jpg HTTP/1.1" 200 72391 "-" "Mozilla/5.0 (compatible; bingbot/2.0; +http://www.bing.com/bingbot.htm)" "www.ysfine.com"
207.46.13.48 - - [04/Dec/2022:21:22:27 -0800] "GET /style/cameras/deer11.jpg HTTP/1.1" 200 75896 "-" "Mozilla/5.0 AppleWebKit/537.36 (KHTML, like Gecko; compatible; bingbot/2.0; +http://www.bing.com/bingbot.htm) Chrome/103.0.5060.134 Safari/537.36" "ysfine.com"
71.178.208.102 - - [04/Dec/2022:21:24:16 -0800] "GET /home HTTP/1.1" 301 1405 "-" "Mozilla/5.0 (Linux; Android 5.1.1; KFSUWI) AppleWebKit/537.36 (KHTML, like Gecko) Silk/106.3.5 like Chrome/106.0.5249.170 Safari/537.36" "www.ysfine.com"
71.178.208.102 - - [04/Dec/2022:21:24:16 -0800] "GET /home/ HTTP/1.1" 200 142 "-" "Mozilla/5.0 (Linux; Android 5.1.1; KFSUWI) AppleWebKit/537.36 (KHTML, like Gecko) Silk/106.3.5 like Chrome/106.0.5249.170 Safari/537.36" "www.ysfine.com"
71.178.208.102 - - [04/Dec/2022:21:24:18 -0800] "GET /home/eink/einhaus33c.jpg HTTP/1.1" 404 88 "https://www.ysfine.com/home/hmrigh.html" "Mozilla/5.0 (Linux; Android 5.1.1; KFSUWI) AppleWebKit/537.36 (KHTML, like Gecko) Silk/106.3.5 like Chrome/106.0.5249.170 Safari/537.36" "www.ysfine.com"
71.178.208.102 - - [04/Dec/2022:21:24:18 -0800] "GET /home/eink/einhaus11c.jpg HTTP/1.1" 404 88 "https://www.ysfine.com/home/hmrigh.html" "Mozilla/5.0 (Linux; Android 5.1.1; KFSUWI) AppleWebKit/537.36 (KHTML, like Gecko) Silk/106.3.5 like Chrome/106.0.5249.170 Safari/537.36" "www.ysfine.com"
71.178.208.102 - - [04/Dec/2022:21:24:18 -0800] "GET /home/kobak/taylor33c.jpg HTTP/1.1" 404 88 "https://www.ysfine.com/home/hmrigh.html" "Mozilla/5.0 (Linux; Android 5.1.1; KFSUWI) AppleWebKit/537.36 (KHTML, like Gecko) Silk/106.3.5 like Chrome/106.0.5249.170 Safari/537.36" "www.ysfine.com"
71.178.208.102 - - [04/Dec/2022:21:24:19 -0800] "GET /favicon.ico HTTP/1.1" 404 88 "https://www.ysfine.com/home/" "Mozilla/5.0 (Linux; Android 5.1.1; KFSUWI) AppleWebKit/537.36 (KHTML, like Gecko) Silk/106.3.5 like Chrome/106.0.5249.170 Safari/537.36" "www.ysfine.com"
71.178.208.102 - - [04/Dec/2022:21:24:25 -0800] "GET /home/wdc/jeffm02c.jpg HTTP/1.1" 404 88 "https://www.ysfine.com/home/photobio.html" "Mozilla/5.0 (Linux; Android 5.1.1; KFSUWI) AppleWebKit/537.36 (KHTML, like Gecko) Silk/106.3.5 like Chrome/106.0.5249.170 Safari/537.36" "www.ysfine.com"
71.178.208.102 - - [04/Dec/2022:21:24:25 -0800] "GET /home/style/bstring33c.jpg HTTP/1.1" 404 88 "https://www.ysfine.com/home/photobio.html" "Mozilla/5.0 (Linux; Android 5.1.1; KFSUWI) AppleWebKit/537.36 (KHTML, like Gecko) Silk/106.3.5 like Chrome/106.0.5249.170 Safari/537.36" "www.ysfine.com"
71.178.208.102 - - [04/Dec/2022:21:24:25 -0800] "GET /home/kobak/swr51c.jpg HTTP/1.1" 404 88 "https://www.ysfine.com/home/photobio.html" "Mozilla/5.0 (Linux; Android 5.1.1; KFSUWI) AppleWebKit/537.36 (KHTML, like Gecko) Silk/106.3.5 like Chrome/106.0.5249.170 Safari/537.36" "www.ysfine.com"
71.178.208.102 - - [04/Dec/2022:21:24:42 -0800] "GET /home/ HTTP/1.1" 304 - "-" "Mozilla/5.0 (Linux; Android 5.1.1; KFSUWI) AppleWebKit/537.36 (KHTML, like Gecko) Silk/106.3.5 like Chrome/106.0.5249.170 Safari/537.36" "www.ysfine.com"
71.178.208.102 - - [04/Dec/2022:21:24:42 -0800] "GET /home/eink/einhaus33c.jpg HTTP/1.1" 404 88 "https://www.ysfine.com/home/hmrigh.html" "Mozilla/5.0 (Linux; Android 5.1.1; KFSUWI) AppleWebKit/537.36 (KHTML, like Gecko) Silk/106.3.5 like Chrome/106.0.5249.170 Safari/537.36" "www.ysfine.com"
71.178.208.102 - - [04/Dec/2022:21:24:42 -0800] "GET /home/eink/einhaus11c.jpg HTTP/1.1" 404 88 "https://www.ysfine.com/home/hmrigh.html" "Mozilla/5.0 (Linux; Android 5.1.1; KFSUWI) AppleWebKit/537.36 (KHTML, like Gecko) Silk/106.3.5 like Chrome/106.0.5249.170 Safari/537.36" "www.ysfine.com"
71.178.208.102 - - [04/Dec/2022:21:24:42 -0800] "GET /home/kobak/taylor33c.jpg HTTP/1.1" 404 88 "https://www.ysfine.com/home/hmrigh.html" "Mozilla/5.0 (Linux; Android 5.1.1; KFSUWI) AppleWebKit/537.36 (KHTML, like Gecko) Silk/106.3.5 like Chrome/106.0.5249.170 Safari/537.36" "www.ysfine.com"
71.178.208.102 - - [04/Dec/2022:21:24:47 -0800] "GET /home/ HTTP/1.1" 304 - "-" "Mozilla/5.0 (Linux; Android 5.1.1; KFSUWI) AppleWebKit/537.36 (KHTML, like Gecko) Silk/106.3.5 like Chrome/106.0.5249.170 Safari/537.36" "www.ysfine.com"
71.178.208.102 - - [04/Dec/2022:21:24:47 -0800] "GET /home/eink/einhaus33c.jpg HTTP/1.1" 404 88 "https://www.ysfine.com/home/hmrigh.html" "Mozilla/5.0 (Linux; Android 5.1.1; KFSUWI) AppleWebKit/537.36 (KHTML, like Gecko) Silk/106.3.5 like Chrome/106.0.5249.170 Safari/537.36" "www.ysfine.com"
71.178.208.102 - - [04/Dec/2022:21:24:47 -0800] "GET /home/eink/einhaus11c.jpg HTTP/1.1" 404 88 "https://www.ysfine.com/home/hmrigh.html" "Mozilla/5.0 (Linux; Android 5.1.1; KFSUWI) AppleWebKit/537.36 (KHTML, like Gecko) Silk/106.3.5 like Chrome/106.0.5249.170 Safari/537.36" "www.ysfine.com"
71.178.208.102 - - [04/Dec/2022:21:24:47 -0800] "GET /home/kobak/taylor33c.jpg HTTP/1.1" 404 88 "https://www.ysfine.com/home/hmrigh.html" "Mozilla/5.0 (Linux; Android 5.1.1; KFSUWI) AppleWebKit/537.36 (KHTML, like Gecko) Silk/106.3.5 like Chrome/106.0.5249.170 Safari/537.36" "www.ysfine.com"
207.46.13.48 - - [04/Dec/2022:21:24:47 -0800] "GET /world/china/beijing013.jpg HTTP/1.1" 200 109548 "-" "Mozilla/5.0 (compatible; bingbot/2.0; +http://www.bing.com/bingbot.htm)" "www.ysfine.com"
157.55.39.6 - - [04/Dec/2022:21:24:48 -0800] "GET /bio/world/leipzig.html HTTP/1.1" 404 88 "-" "Mozilla/5.0 (compatible; bingbot/2.0; +http://www.bing.com/bingbot.htm)" "ysfine.com"
71.178.208.102 - - [04/Dec/2022:21:24:51 -0800] "GET /home/style/bstring33c.jpg HTTP/1.1" 404 88 "https://www.ysfine.com/home/photobio.html" "Mozilla/5.0 (Linux; Android 5.1.1; KFSUWI) AppleWebKit/537.36 (KHTML, like Gecko) Silk/106.3.5 like Chrome/106.0.5249.170 Safari/537.36" "www.ysfine.com"
71.178.208.102 - - [04/Dec/2022:21:24:51 -0800] "GET /home/wdc/jeffm02c.jpg HTTP/1.1" 404 88 "https://www.ysfine.com/home/photobio.html" "Mozilla/5.0 (Linux; Android 5.1.1; KFSUWI) AppleWebKit/537.36 (KHTML, like Gecko) Silk/106.3.5 like Chrome/106.0.5249.170 Safari/537.36" "www.ysfine.com"
71.178.208.102 - - [04/Dec/2022:21:24:51 -0800] "GET /home/kobak/swr51c.jpg HTTP/1.1" 404 88 "https://www.ysfine.com/home/photobio.html" "Mozilla/5.0 (Linux; Android 5.1.1; KFSUWI) AppleWebKit/537.36 (KHTML, like Gecko) Silk/106.3.5 like Chrome/106.0.5249.170 Safari/537.36" "www.ysfine.com"
77.88.5.165 - - [04/Dec/2022:21:24:55 -0800] "GET /robots.txt HTTP/1.1" 404 73 "-" "Mozilla/5.0 (compatible; YandexBot/3.0; +http://yandex.com/bots)" "www.ysfine.com"
77.88.5.38 - - [04/Dec/2022:21:24:59 -0800] "GET /world/china22.html HTTP/1.1" 200 12827 "-" "Mozilla/5.0 (compatible; YandexBot/3.0; +http://yandex.com/bots)" "www.ysfine.com"
71.178.208.102 - - [04/Dec/2022:21:25:16 -0800] "GET /bio10.html HTTP/1.1" 304 - "https://www.ysfine.com/home/photobio.html" "Mozilla/5.0 (Linux; Android 5.1.1; KFSUWI) AppleWebKit/537.36 (KHTML, like Gecko) Silk/106.3.5 like Chrome/106.0.5249.170 Safari/537.36" "www.ysfine.com"
40.77.167.39 - - [04/Dec/2022:21:25:34 -0800] "GET /world/germany/hofbrau33.jpg HTTP/1.1" 200 97307 "-" "Mozilla/5.0 AppleWebKit/537.36 (KHTML, like Gecko; compatible; bingbot/2.0; +http://www.bing.com/bingbot.htm) Chrome/103.0.5060.134 Safari/537.36" "ysfine.com"
40.77.167.39 - - [04/Dec/2022:21:25:35 -0800] "GET /wdc/gtown37b.jpg HTTP/1.1" 200 53384 "-" "Mozilla/5.0 AppleWebKit/537.36 (KHTML, like Gecko; compatible; bingbot/2.0; +http://www.bing.com/bingbot.htm) Chrome/103.0.5060.134 Safari/537.36" "ysfine.com"
40.77.167.39 - - [04/Dec/2022:21:25:35 -0800] "GET /wdc/sakura15.jpg HTTP/1.1" 200 125836 "-" "Mozilla/5.0 AppleWebKit/537.36 (KHTML, like Gecko; compatible; bingbot/2.0; +http://www.bing.com/bingbot.htm) Chrome/103.0.5060.134 Safari/537.36" "ysfine.com"
71.178.208.102 - - [04/Dec/2022:21:25:57 -0800] "GET /home/yshome HTTP/1.1" 200 13618 "-" "Mozilla/5.0 (Linux; Android 5.1.1; KFSUWI) AppleWebKit/537.36 (KHTML, like Gecko) Silk/106.3.5 like Chrome/106.0.5249.170 Safari/537.36" "www.ysfine.com"
116.179.32.235 - - [04/Dec/2022:21:26:01 -0800] "GET /feynman/feyntop.html HTTP/1.1" 200 435 "-" "Mozilla/5.0 (compatible; Baiduspider/2.0; +http://www.baidu.com/search/spider.html)" "www.ysfine.com"
220.181.108.111 - - [04/Dec/2022:21:26:01 -0800] "GET /maga/tesla.html HTTP/1.1" 200 4852 "-" "Mozilla/5.0 (Linux;u;Android 4.2.2;zh-cn;) AppleWebKit/534.46 (KHTML,like Gecko) Version/5.1 Mobile Safari/10600.6.3 (compatible; Baiduspider/2.0; +http://www.baidu.com/search/spider.html)" "www.ysfine.com"
116.179.37.140 - - [04/Dec/2022:21:26:06 -0800] "GET /maga/invent/tesla11b.jpg HTTP/1.1" 200 47570 "https://www.ysfine.com/maga/tesla.html" "Mozilla/5.0 (iPhone; CPU iPhone OS 9_1 like Mac OS X) AppleWebKit/601.1.46 (KHTML, like Gecko) Version/9.0 Mobile/13B143 Safari/601.1 (compatible; Baiduspider-render/2.0; +http://www.baidu.com/search/spider.html)" "www.ysfine.com"
54.175.42.139 - - [04/Dec/2022:21:26:11 -0800] "GET /sitemap.xml HTTP/1.1" 304 - "https://www.google.com/" "Mozilla/5.0 (Windows NT 10.0; Win64; x64) AppleWebKit/537.36 (KHTML, like Gecko) Chrome/79.0.3945.130 Safari/537.36 OPR/66.0.3515.103" "ysfine.com"
40.77.167.39 - - [04/Dec/2022:21:26:15 -0800] "GET /wdc/gtown08b.jpg HTTP/1.1" 200 55792 "-" "Mozilla/5.0 AppleWebKit/537.36 (KHTML, like Gecko; compatible; bingbot/2.0; +http://www.bing.com/bingbot.htm) Chrome/103.0.5060.134 Safari/537.36" "www.ysfine.com"
207.46.13.48 - - [04/Dec/2022:21:26:19 -0800] "GET /wdc/eindc07.jpg HTTP/1.1" 200 161532 "-" "Mozilla/5.0 (compatible; bingbot/2.0; +http://www.bing.com/bingbot.htm)" "www.ysfine.com"
207.46.13.20 - - [04/Dec/2022:21:26:29 -0800] "GET /wdc/whouse11.jpg HTTP/1.1" 200 110059 "-" "Mozilla/5.0 AppleWebKit/537.36 (KHTML, like Gecko; compatible; bingbot/2.0; +http://www.bing.com/bingbot.htm) Chrome/103.0.5060.134 Safari/537.36" "ysfine.com"
207.46.13.20 - - [04/Dec/2022:21:26:30 -0800] "GET /style/charlesbr22.jpg HTTP/1.1" 200 114308 "-" "Mozilla/5.0 (compatible; bingbot/2.0; +http://www.bing.com/bingbot.htm)" "www.ysfine.com"
207.46.13.134 - - [04/Dec/2022:21:27:00 -0800] "GET /bio/wigner/e(2).html HTTP/1.1" 404 88 "-" "Mozilla/5.0 (compatible; bingbot/2.0; +http://www.bing.com/bingbot.htm)" "ysfine.com"
207.46.13.134 - - [04/Dec/2022:21:27:01 -0800] "GET /maga/phys/heisen22.jpg HTTP/1.1" 200 82807 "-" "Mozilla/5.0 AppleWebKit/537.36 (KHTML, like Gecko; compatible; bingbot/2.0; +http://www.bing.com/bingbot.htm) Chrome/103.0.5060.134 Safari/537.36" "ysfine.com"
207.46.13.48 - - [04/Dec/2022:21:27:09 -0800] "GET /bio/kobak/soraech.html HTTP/1.1" 404 88 "-" "Mozilla/5.0 AppleWebKit/537.36 (KHTML, like Gecko; compatible; bingbot/2.0; +http://www.bing.com/bingbot.htm) Chrome/103.0.5060.134 Safari/537.36" "ysfine.com"
111.8.94.120 - - [04/Dec/2022:21:27:09 -0800] "GET /einstein/heisen33b.jpg HTTP/1.1" 200 78035 "https://www.icourse163.org/" "Mozilla/5.0 (Windows NT 10.0; Win64; x64) AppleWebKit/537.36 (KHTML, like Gecko) Chrome/107.0.0.0 Safari/537.36" "ysfine.com"
207.46.13.48 - - [04/Dec/2022:21:27:10 -0800] "GET /kobak/rhee12.jpg HTTP/1.1" 200 235392 "-" "Mozilla/5.0 AppleWebKit/537.36 (KHTML, like Gecko; compatible; bingbot/2.0; +http://www.bing.com/bingbot.htm) Chrome/103.0.5060.134 Safari/537.36" "ysfine.com"
207.46.13.20 - - [04/Dec/2022:21:27:14 -0800] "GET /bio/dirac/bankers.html HTTP/1.1" 404 88 "-" "Mozilla/5.0 (compatible; bingbot/2.0; +http://www.bing.com/bingbot.htm)" "ysfine.com"
71.178.208.102 - - [04/Dec/2022:21:27:21 -0800] "GET /home/yshome.html HTTP/1.1" 200 5632 "-" "Mozilla/5.0 (Linux; Android 5.1.1; KFSUWI) AppleWebKit/537.36 (KHTML, like Gecko) Silk/106.3.5 like Chrome/106.0.5249.170 Safari/537.36" "www.ysfine.com"
71.178.208.102 - - [04/Dec/2022:21:27:21 -0800] "GET /home/top21d.jpg HTTP/1.1" 200 74409 "https://www.ysfine.com/home/yshome.html" "Mozilla/5.0 (Linux; Android 5.1.1; KFSUWI) AppleWebKit/537.36 (KHTML, like Gecko) Silk/106.3.5 like Chrome/106.0.5249.170 Safari/537.36" "www.ysfine.com"
71.178.208.102 - - [04/Dec/2022:21:27:21 -0800] "GET /home/eink450.jpg HTTP/1.1" 200 66794 "https://www.ysfine.com/home/yshome.html" "Mozilla/5.0 (Linux; Android 5.1.1; KFSUWI) AppleWebKit/537.36 (KHTML, like Gecko) Silk/106.3.5 like Chrome/106.0.5249.170 Safari/537.36" "www.ysfine.com"
71.178.208.102 - - [04/Dec/2022:21:27:21 -0800] "GET /home/goodbad450.jpg HTTP/1.1" 200 32258 "https://www.ysfine.com/home/yshome.html" "Mozilla/5.0 (Linux; Android 5.1.1; KFSUWI) AppleWebKit/537.36 (KHTML, like Gecko) Silk/106.3.5 like Chrome/106.0.5249.170 Safari/537.36" "www.ysfine.com"
71.178.208.102 - - [04/Dec/2022:21:27:21 -0800] "GET /home/truck450.jpg HTTP/1.1" 200 42871 "https://www.ysfine.com/home/yshome.html" "Mozilla/5.0 (Linux; Android 5.1.1; KFSUWI) AppleWebKit/537.36 (KHTML, like Gecko) Silk/106.3.5 like Chrome/106.0.5249.170 Safari/537.36" "www.ysfine.com"
71.178.208.102 - - [04/Dec/2022:21:27:21 -0800] "GET /home/facu450.jpg HTTP/1.1" 200 74535 "https://www.ysfine.com/home/yshome.html" "Mozilla/5.0 (Linux; Android 5.1.1; KFSUWI) AppleWebKit/537.36 (KHTML, like Gecko) Silk/106.3.5 like Chrome/106.0.5249.170 Safari/537.36" "www.ysfine.com"
71.178.208.102 - - [04/Dec/2022:21:27:21 -0800] "GET /home/washmo23d.jpg HTTP/1.1" 200 32142 "https://www.ysfine.com/home/yshome.html" "Mozilla/5.0 (Linux; Android 5.1.1; KFSUWI) AppleWebKit/537.36 (KHTML, like Gecko) Silk/106.3.5 like Chrome/106.0.5249.170 Safari/537.36" "www.ysfine.com"
71.178.208.102 - - [04/Dec/2022:21:27:21 -0800] "GET /home/eward55f.jpg HTTP/1.1" 200 122802 "https://www.ysfine.com/home/yshome.html" "Mozilla/5.0 (Linux; Android 5.1.1; KFSUWI) AppleWebKit/537.36 (KHTML, like Gecko) Silk/106.3.5 like Chrome/106.0.5249.170 Safari/537.36" "www.ysfine.com"
71.178.208.102 - - [04/Dec/2022:21:27:21 -0800] "GET /home/eindc03d.jpg HTTP/1.1" 200 95860 "https://www.ysfine.com/home/yshome.html" "Mozilla/5.0 (Linux; Android 5.1.1; KFSUWI) AppleWebKit/537.36 (KHTML, like Gecko) Silk/106.3.5 like Chrome/106.0.5249.170 Safari/537.36" "www.ysfine.com"
71.178.208.102 - - [04/Dec/2022:21:27:21 -0800] "GET /home/1987pr22d.jpg HTTP/1.1" 200 66428 "https://www.ysfine.com/home/yshome.html" "Mozilla/5.0 (Linux; Android 5.1.1; KFSUWI) AppleWebKit/537.36 (KHTML, like Gecko) Silk/106.3.5 like Chrome/106.0.5249.170 Safari/537.36" "www.ysfine.com"
71.178.208.102 - - [04/Dec/2022:21:27:21 -0800] "GET /home/taylor500.jpg HTTP/1.1" 200 79197 "https://www.ysfine.com/home/yshome.html" "Mozilla/5.0 (Linux; Android 5.1.1; KFSUWI) AppleWebKit/537.36 (KHTML, like Gecko) Silk/106.3.5 like Chrome/106.0.5249.170 Safari/537.36" "www.ysfine.com"
71.178.208.102 - - [04/Dec/2022:21:27:21 -0800] "GET /eink/einhaus11c.jpg HTTP/1.1" 200 42522 "https://www.ysfine.com/home/yshome.html" "Mozilla/5.0 (Linux; Android 5.1.1; KFSUWI) AppleWebKit/537.36 (KHTML, like Gecko) Silk/106.3.5 like Chrome/106.0.5249.170 Safari/537.36" "www.ysfine.com"
71.178.208.102 - - [04/Dec/2022:21:27:21 -0800] "GET /eink/ewk86f.jpg HTTP/1.1" 200 122173 "https://www.ysfine.com/home/yshome.html" "Mozilla/5.0 (Linux; Android 5.1.1; KFSUWI) AppleWebKit/537.36 (KHTML, like Gecko) Silk/106.3.5 like Chrome/106.0.5249.170 Safari/537.36" "www.ysfine.com"
71.178.208.102 - - [04/Dec/2022:21:27:36 -0800] "GET /bio.html HTTP/1.1" 304 - "https://www.ysfine.com/home/yshome.html" "Mozilla/5.0 (Linux; Android 5.1.1; KFSUWI) AppleWebKit/537.36 (KHTML, like Gecko) Silk/106.3.5 like Chrome/106.0.5249.170 Safari/537.36" "www.ysfine.com"
157.55.39.76 - - [04/Dec/2022:21:27:55 -0800] "GET /usca/norl/canal07.jpg HTTP/1.1" 200 119169 "-" "Mozilla/5.0 (compatible; bingbot/2.0; +http://www.bing.com/bingbot.htm)" "ysfine.com"
157.55.39.76 - - [04/Dec/2022:21:27:56 -0800] "GET /bio/bio04.html HTTP/1.1" 404 88 "-" "Mozilla/5.0 AppleWebKit/537.36 (KHTML, like Gecko; compatible; bingbot/2.0; +http://www.bing.com/bingbot.htm) Chrome/103.0.5060.134 Safari/537.36" "ysfine.com"
207.46.13.134 - - [04/Dec/2022:21:28:01 -0800] "GET /world/russ/volga23.jpg HTTP/1.1" 200 139621 "-" "Mozilla/5.0 AppleWebKit/537.36 (KHTML, like Gecko; compatible; bingbot/2.0; +http://www.bing.com/bingbot.htm) Chrome/103.0.5060.134 Safari/537.36" "www.ysfine.com"
73.9.20.72 - - [04/Dec/2022:21:28:07 -0800] "GET /kowar/tanks/m47.jpg HTTP/1.1" 200 78683 "https://www.google.com/" "Mozilla/5.0 (Linux; Android 12; SM-G970F Build/SP1A.210812.016; wv) AppleWebKit/537.36 (KHTML, like Gecko) Version/4.0 Chrome/107.0.5304.141 Mobile Safari/537.36 GoogleApp/13.46.13.26.arm64" "ysfine.com"
207.46.13.48 - - [04/Dec/2022:21:29:10 -0800] "GET /bio/style/rieu.html HTTP/1.1" 404 88 "-" "Mozilla/5.0 AppleWebKit/537.36 (KHTML, like Gecko; compatible; bingbot/2.0; +http://www.bing.com/bingbot.htm) Chrome/103.0.5060.134 Safari/537.36" "ysfine.com"
207.46.13.48 - - [04/Dec/2022:21:29:10 -0800] "GET /wigner/neum/vnc09.jpg HTTP/1.1" 200 112484 "-" "Mozilla/5.0 AppleWebKit/537.36 (KHTML, like Gecko; compatible; bingbot/2.0; +http://www.bing.com/bingbot.htm) Chrome/103.0.5060.134 Safari/537.36" "ysfine.com"
71.178.208.102 - - [04/Dec/2022:21:29:23 -0800] "GET /home/hmleft HTTP/1.1" 200 853 "-" "Mozilla/5.0 (Linux; Android 5.1.1; KFSUWI) AppleWebKit/537.36 (KHTML, like Gecko) Silk/106.3.5 like Chrome/106.0.5249.170 Safari/537.36" "www.ysfine.com"
71.178.208.102 - - [04/Dec/2022:21:29:26 -0800] "GET /home/hmleft HTTP/1.1" 304 - "-" "Mozilla/5.0 (Linux; Android 5.1.1; KFSUWI) AppleWebKit/537.36 (KHTML, like Gecko) Silk/106.3.5 like Chrome/106.0.5249.170 Safari/537.36" "www.ysfine.com"
71.178.208.102 - - [04/Dec/2022:21:29:50 -0800] "GET /home/cv/kimcv.pdf HTTP/1.1" 200 26932 "https://www.ysfine.com/home/hmleft" "Mozilla/5.0 (Linux; Android 5.1.1; KFSUWI) AppleWebKit/537.36 (KHTML, like Gecko) Silk/106.3.5 like Chrome/106.0.5249.170 Safari/537.36" "www.ysfine.com"
207.46.13.20 - - [04/Dec/2022:21:29:50 -0800] "GET /world/baltic/kalin02.jpg HTTP/1.1" 200 89989 "-" "Mozilla/5.0 (compatible; bingbot/2.0; +http://www.bing.com/bingbot.htm)" "www.ysfine.com"
157.55.39.6 - - [04/Dec/2022:21:29:57 -0800] "GET /bio/style/leica.html HTTP/1.1" 404 88 "-" "Mozilla/5.0 (compatible; bingbot/2.0; +http://www.bing.com/bingbot.htm)" "ysfine.com"
71.178.208.102 - - [04/Dec/2022:21:30:01 -0800] "GET /home/dashen.html HTTP/1.1" 200 4015 "https://www.ysfine.com/home/hmleft" "Mozilla/5.0 (Linux; Android 5.1.1; KFSUWI) AppleWebKit/537.36 (KHTML, like Gecko) Silk/106.3.5 like Chrome/106.0.5249.170 Safari/537.36" "www.ysfine.com"
71.178.208.102 - - [04/Dec/2022:21:30:01 -0800] "GET /home/baranger97c.jpg HTTP/1.1" 200 25248 "https://www.ysfine.com/home/dashen.html" "Mozilla/5.0 (Linux; Android 5.1.1; KFSUWI) AppleWebKit/537.36 (KHTML, like Gecko) Silk/106.3.5 like Chrome/106.0.5249.170 Safari/537.36" "www.ysfine.com"
71.178.208.102 - - [04/Dec/2022:21:30:01 -0800] "GET /home/dyson63c.jpg HTTP/1.1" 200 32101 "https://www.ysfine.com/home/dashen.html" "Mozilla/5.0 (Linux; Android 5.1.1; KFSUWI) AppleWebKit/537.36 (KHTML, like Gecko) Silk/106.3.5 like Chrome/106.0.5249.170 Safari/537.36" "www.ysfine.com"
71.178.208.102 - - [04/Dec/2022:21:30:01 -0800] "GET /home/goodbad11c.jpg HTTP/1.1" 200 18799 "https://www.ysfine.com/home/dashen.html" "Mozilla/5.0 (Linux; Android 5.1.1; KFSUWI) AppleWebKit/537.36 (KHTML, like Gecko) Silk/106.3.5 like Chrome/106.0.5249.170 Safari/537.36" "www.ysfine.com"
71.178.208.102 - - [04/Dec/2022:21:30:01 -0800] "GET /feynman/feyfirm66c.jpg HTTP/1.1" 200 36701 "https://www.ysfine.com/home/dashen.html" "Mozilla/5.0 (Linux; Android 5.1.1; KFSUWI) AppleWebKit/537.36 (KHTML, like Gecko) Silk/106.3.5 like Chrome/106.0.5249.170 Safari/537.36" "www.ysfine.com"
207.46.13.48 - - [04/Dec/2022:21:30:08 -0800] "GET /eink/church06.jpg HTTP/1.1" 200 175170 "-" "Mozilla/5.0 AppleWebKit/537.36 (KHTML, like Gecko; compatible; bingbot/2.0; +http://www.bing.com/bingbot.htm) Chrome/103.0.5060.134 Safari/537.36" "ysfine.com"
157.55.39.76 - - [04/Dec/2022:21:30:16 -0800] "GET /einstein/places/ulm07b.jpg HTTP/1.1" 200 47767 "-" "Mozilla/5.0 (compatible; bingbot/2.0; +http://www.bing.com/bingbot.htm)" "ysfine.com"
71.178.208.102 - - [04/Dec/2022:21:30:17 -0800] "GET /heisen/einheisen11.html HTTP/1.1" 200 3870 "https://www.ysfine.com/home/hmleft" "Mozilla/5.0 (Linux; Android 5.1.1; KFSUWI) AppleWebKit/537.36 (KHTML, like Gecko) Silk/106.3.5 like Chrome/106.0.5249.170 Safari/537.36" "www.ysfine.com"
71.178.208.102 - - [04/Dec/2022:21:30:17 -0800] "GET /heisen/heisen22c.jpg HTTP/1.1" 200 33300 "https://www.ysfine.com/heisen/einheisen11.html" "Mozilla/5.0 (Linux; Android 5.1.1; KFSUWI) AppleWebKit/537.36 (KHTML, like Gecko) Silk/106.3.5 like Chrome/106.0.5249.170 Safari/537.36" "www.ysfine.com"
71.178.208.102 - - [04/Dec/2022:21:30:17 -0800] "GET /einstein/einbohr33c.jpg HTTP/1.1" 200 36410 "https://www.ysfine.com/heisen/einheisen11.html" "Mozilla/5.0 (Linux; Android 5.1.1; KFSUWI) AppleWebKit/537.36 (KHTML, like Gecko) Silk/106.3.5 like Chrome/106.0.5249.170 Safari/537.36" "www.ysfine.com"
71.178.208.102 - - [04/Dec/2022:21:30:17 -0800] "GET /einstein/tsepa11c.jpg HTTP/1.1" 200 28691 "https://www.ysfine.com/heisen/einheisen11.html" "Mozilla/5.0 (Linux; Android 5.1.1; KFSUWI) AppleWebKit/537.36 (KHTML, like Gecko) Silk/106.3.5 like Chrome/106.0.5249.170 Safari/537.36" "www.ysfine.com"
71.178.208.102 - - [04/Dec/2022:21:30:17 -0800] "GET /wigner/wighome11c.jpg HTTP/1.1" 200 45648 "https://www.ysfine.com/heisen/einheisen11.html" "Mozilla/5.0 (Linux; Android 5.1.1; KFSUWI) AppleWebKit/537.36 (KHTML, like Gecko) Silk/106.3.5 like Chrome/106.0.5249.170 Safari/537.36" "www.ysfine.com"
71.178.208.102 - - [04/Dec/2022:21:30:17 -0800] "GET /heisen/texfiles/einheis01.jpg HTTP/1.1" 200 32462 "https://www.ysfine.com/heisen/einheisen11.html" "Mozilla/5.0 (Linux; Android 5.1.1; KFSUWI) AppleWebKit/537.36 (KHTML, like Gecko) Silk/106.3.5 like Chrome/106.0.5249.170 Safari/537.36" "www.ysfine.com"
71.178.208.102 - - [04/Dec/2022:21:30:17 -0800] "GET /heisen/texfiles/einheis03.jpg HTTP/1.1" 200 46000 "https://www.ysfine.com/heisen/einheisen11.html" "Mozilla/5.0 (Linux; Android 5.1.1; KFSUWI) AppleWebKit/537.36 (KHTML, like Gecko) Silk/106.3.5 like Chrome/106.0.5249.170 Safari/537.36" "www.ysfine.com"
71.178.208.102 - - [04/Dec/2022:21:30:17 -0800] "GET /maga/phys/yukadirac53c.jpg HTTP/1.1" 200 40447 "https://www.ysfine.com/heisen/einheisen11.html" "Mozilla/5.0 (Linux; Android 5.1.1; KFSUWI) AppleWebKit/537.36 (KHTML, like Gecko) Silk/106.3.5 like Chrome/106.0.5249.170 Safari/537.36" "www.ysfine.com"
71.178.208.102 - - [04/Dec/2022:21:30:17 -0800] "GET /feynman/ppic/parton66a.jpg HTTP/1.1" 200 63902 "https://www.ysfine.com/heisen/einheisen11.html" "Mozilla/5.0 (Linux; Android 5.1.1; KFSUWI) AppleWebKit/537.36 (KHTML, like Gecko) Silk/106.3.5 like Chrome/106.0.5249.170 Safari/537.36" "www.ysfine.com"
71.178.208.102 - - [04/Dec/2022:21:30:17 -0800] "GET /eink/eink61c.jpg HTTP/1.1" 200 34119 "https://www.ysfine.com/heisen/einheisen11.html" "Mozilla/5.0 (Linux; Android 5.1.1; KFSUWI) AppleWebKit/537.36 (KHTML, like Gecko) Silk/106.3.5 like Chrome/106.0.5249.170 Safari/537.36" "www.ysfine.com"
71.178.208.102 - - [04/Dec/2022:21:30:17 -0800] "GET /heisen/texfiles/einheis02.jpg HTTP/1.1" 200 27711 "https://www.ysfine.com/heisen/einheisen11.html" "Mozilla/5.0 (Linux; Android 5.1.1; KFSUWI) AppleWebKit/537.36 (KHTML, like Gecko) Silk/106.3.5 like Chrome/106.0.5249.170 Safari/537.36" "www.ysfine.com"
71.178.208.102 - - [04/Dec/2022:21:30:17 -0800] "GET /heisen/texfiles/einheis05.jpg HTTP/1.1" 200 31787 "https://www.ysfine.com/heisen/einheisen11.html" "Mozilla/5.0 (Linux; Android 5.1.1; KFSUWI) AppleWebKit/537.36 (KHTML, like Gecko) Silk/106.3.5 like Chrome/106.0.5249.170 Safari/537.36" "www.ysfine.com"
71.178.208.102 - - [04/Dec/2022:21:30:24 -0800] "GET /home/100yrs.html HTTP/1.1" 200 7936 "https://www.ysfine.com/home/hmleft" "Mozilla/5.0 (Linux; Android 5.1.1; KFSUWI) AppleWebKit/537.36 (KHTML, like Gecko) Silk/106.3.5 like Chrome/106.0.5249.170 Safari/537.36" "www.ysfine.com"
71.178.208.102 - - [04/Dec/2022:21:30:24 -0800] "GET /home/eward33a.jpg HTTP/1.1" 200 63372 "https://www.ysfine.com/home/100yrs.html" "Mozilla/5.0 (Linux; Android 5.1.1; KFSUWI) AppleWebKit/537.36 (KHTML, like Gecko) Silk/106.3.5 like Chrome/106.0.5249.170 Safari/537.36" "www.ysfine.com"
71.178.208.102 - - [04/Dec/2022:21:30:24 -0800] "GET /home/figs/einbohr77a.jpg HTTP/1.1" 200 89596 "https://www.ysfine.com/home/100yrs.html" "Mozilla/5.0 (Linux; Android 5.1.1; KFSUWI) AppleWebKit/537.36 (KHTML, like Gecko) Silk/106.3.5 like Chrome/106.0.5249.170 Safari/537.36" "www.ysfine.com"
71.178.208.102 - - [04/Dec/2022:21:30:24 -0800] "GET /home/figs/dirackn55c.jpg HTTP/1.1" 200 40998 "https://www.ysfine.com/home/100yrs.html" "Mozilla/5.0 (Linux; Android 5.1.1; KFSUWI) AppleWebKit/537.36 (KHTML, like Gecko) Silk/106.3.5 like Chrome/106.0.5249.170 Safari/537.36" "www.ysfine.com"
71.178.208.102 - - [04/Dec/2022:21:30:24 -0800] "GET /home/figs/hegel33c.jpg HTTP/1.1" 200 32412 "https://www.ysfine.com/home/100yrs.html" "Mozilla/5.0 (Linux; Android 5.1.1; KFSUWI) AppleWebKit/537.36 (KHTML, like Gecko) Silk/106.3.5 like Chrome/106.0.5249.170 Safari/537.36" "www.ysfine.com"
71.178.208.102 - - [04/Dec/2022:21:30:24 -0800] "GET /home/figs/parton33a.jpg HTTP/1.1" 200 79369 "https://www.ysfine.com/home/100yrs.html" "Mozilla/5.0 (Linux; Android 5.1.1; KFSUWI) AppleWebKit/537.36 (KHTML, like Gecko) Silk/106.3.5 like Chrome/106.0.5249.170 Safari/537.36" "www.ysfine.com"
71.178.208.102 - - [04/Dec/2022:21:30:24 -0800] "GET /home/figs/evol77c.jpg HTTP/1.1" 200 51561 "https://www.ysfine.com/home/100yrs.html" "Mozilla/5.0 (Linux; Android 5.1.1; KFSUWI) AppleWebKit/537.36 (KHTML, like Gecko) Silk/106.3.5 like Chrome/106.0.5249.170 Safari/537.36" "www.ysfine.com"
71.178.208.102 - - [04/Dec/2022:21:30:24 -0800] "GET /home/fotos/dirac1939c.jpg HTTP/1.1" 200 55599 "https://www.ysfine.com/home/100yrs.html" "Mozilla/5.0 (Linux; Android 5.1.1; KFSUWI) AppleWebKit/537.36 (KHTML, like Gecko) Silk/106.3.5 like Chrome/106.0.5249.170 Safari/537.36" "www.ysfine.com"
71.178.208.102 - - [04/Dec/2022:21:30:24 -0800] "GET /home/figs/sp2c.jpg HTTP/1.1" 200 29532 "https://www.ysfine.com/home/100yrs.html" "Mozilla/5.0 (Linux; Android 5.1.1; KFSUWI) AppleWebKit/537.36 (KHTML, like Gecko) Silk/106.3.5 like Chrome/106.0.5249.170 Safari/537.36" "www.ysfine.com"
71.178.208.102 - - [04/Dec/2022:21:30:24 -0800] "GET /dirac/dirac63c.jpg HTTP/1.1" 200 29237 "https://www.ysfine.com/home/100yrs.html" "Mozilla/5.0 (Linux; Android 5.1.1; KFSUWI) AppleWebKit/537.36 (KHTML, like Gecko) Silk/106.3.5 like Chrome/106.0.5249.170 Safari/537.36" "www.ysfine.com"
71.178.208.102 - - [04/Dec/2022:21:30:24 -0800] "GET /home/figs/o32c.jpg HTTP/1.1" 200 30707 "https://www.ysfine.com/home/100yrs.html" "Mozilla/5.0 (Linux; Android 5.1.1; KFSUWI) AppleWebKit/537.36 (KHTML, like Gecko) Silk/106.3.5 like Chrome/106.0.5249.170 Safari/537.36" "www.ysfine.com"
71.178.208.102 - - [04/Dec/2022:21:30:24 -0800] "GET /home/figs/feybongo77c.jpg HTTP/1.1" 200 31653 "https://www.ysfine.com/home/100yrs.html" "Mozilla/5.0 (Linux; Android 5.1.1; KFSUWI) AppleWebKit/537.36 (KHTML, like Gecko) Silk/106.3.5 like Chrome/106.0.5249.170 Safari/537.36" "www.ysfine.com"
71.178.208.102 - - [04/Dec/2022:21:30:24 -0800] "GET /home/figs/sq33a.jpg HTTP/1.1" 200 61922 "https://www.ysfine.com/home/100yrs.html" "Mozilla/5.0 (Linux; Android 5.1.1; KFSUWI) AppleWebKit/537.36 (KHTML, like Gecko) Silk/106.3.5 like Chrome/106.0.5249.170 Safari/537.36" "www.ysfine.com"
71.178.208.102 - - [04/Dec/2022:21:30:24 -0800] "GET /home/figs/o32inho22c.jpg HTTP/1.1" 200 33038 "https://www.ysfine.com/home/100yrs.html" "Mozilla/5.0 (Linux; Android 5.1.1; KFSUWI) AppleWebKit/537.36 (KHTML, like Gecko) Silk/106.3.5 like Chrome/106.0.5249.170 Safari/537.36" "www.ysfine.com"
71.178.208.102 - - [04/Dec/2022:21:30:24 -0800] "GET /dirac/2osc22c.jpg HTTP/1.1" 200 28929 "https://www.ysfine.com/home/100yrs.html" "Mozilla/5.0 (Linux; Android 5.1.1; KFSUWI) AppleWebKit/537.36 (KHTML, like Gecko) Silk/106.3.5 like Chrome/106.0.5249.170 Safari/537.36" "www.ysfine.com"
71.178.208.102 - - [04/Dec/2022:21:30:24 -0800] "GET /wigner/lunch91c.jpg HTTP/1.1" 200 59935 "https://www.ysfine.com/home/100yrs.html" "Mozilla/5.0 (Linux; Android 5.1.1; KFSUWI) AppleWebKit/537.36 (KHTML, like Gecko) Silk/106.3.5 like Chrome/106.0.5249.170 Safari/537.36" "www.ysfine.com"
71.178.208.102 - - [04/Dec/2022:21:30:24 -0800] "GET /wigner/bieden01c.jpg HTTP/1.1" 200 29466 "https://www.ysfine.com/home/100yrs.html" "Mozilla/5.0 (Linux; Android 5.1.1; KFSUWI) AppleWebKit/537.36 (KHTML, like Gecko) Silk/106.3.5 like Chrome/106.0.5249.170 Safari/537.36" "www.ysfine.com"
71.178.208.102 - - [04/Dec/2022:21:30:24 -0800] "GET /eink/eink24c.jpg HTTP/1.1" 200 45060 "https://www.ysfine.com/home/100yrs.html" "Mozilla/5.0 (Linux; Android 5.1.1; KFSUWI) AppleWebKit/537.36 (KHTML, like Gecko) Silk/106.3.5 like Chrome/106.0.5249.170 Safari/537.36" "www.ysfine.com"
71.178.208.102 - - [04/Dec/2022:21:30:24 -0800] "GET /home/figs/restof05c.jpg HTTP/1.1" 200 21825 "https://www.ysfine.com/home/100yrs.html" "Mozilla/5.0 (Linux; Android 5.1.1; KFSUWI) AppleWebKit/537.36 (KHTML, like Gecko) Silk/106.3.5 like Chrome/106.0.5249.170 Safari/537.36" "www.ysfine.com"
71.178.208.102 - - [04/Dec/2022:21:30:24 -0800] "GET /home/figs/restof33a.jpg HTTP/1.1" 200 48893 "https://www.ysfine.com/home/100yrs.html" "Mozilla/5.0 (Linux; Android 5.1.1; KFSUWI) AppleWebKit/537.36 (KHTML, like Gecko) Silk/106.3.5 like Chrome/106.0.5249.170 Safari/537.36" "www.ysfine.com"
71.178.208.102 - - [04/Dec/2022:21:30:38 -0800] "GET /home/hmrigh.html HTTP/1.1" 200 4208 "https://www.ysfine.com/home/hmleft" "Mozilla/5.0 (Linux; Android 5.1.1; KFSUWI) AppleWebKit/537.36 (KHTML, like Gecko) Silk/106.3.5 like Chrome/106.0.5249.170 Safari/537.36" "www.ysfine.com"
71.178.208.102 - - [04/Dec/2022:21:30:38 -0800] "GET /home/kobak/taylor33c.jpg HTTP/1.1" 404 88 "https://www.ysfine.com/home/hmrigh.html" "Mozilla/5.0 (Linux; Android 5.1.1; KFSUWI) AppleWebKit/537.36 (KHTML, like Gecko) Silk/106.3.5 like Chrome/106.0.5249.170 Safari/537.36" "www.ysfine.com"
71.178.208.102 - - [04/Dec/2022:21:30:38 -0800] "GET /home/eink/einhaus11c.jpg HTTP/1.1" 404 88 "https://www.ysfine.com/home/hmrigh.html" "Mozilla/5.0 (Linux; Android 5.1.1; KFSUWI) AppleWebKit/537.36 (KHTML, like Gecko) Silk/106.3.5 like Chrome/106.0.5249.170 Safari/537.36" "www.ysfine.com"
71.178.208.102 - - [04/Dec/2022:21:30:38 -0800] "GET /home/eink/einhaus33c.jpg HTTP/1.1" 404 88 "https://www.ysfine.com/home/hmrigh.html" "Mozilla/5.0 (Linux; Android 5.1.1; KFSUWI) AppleWebKit/537.36 (KHTML, like Gecko) Silk/106.3.5 like Chrome/106.0.5249.170 Safari/537.36" "www.ysfine.com"
93.158.161.58 - - [04/Dec/2022:21:30:38 -0800] "GET /kobak/warstorie.html HTTP/1.1" 200 6645 "-" "Mozilla/5.0 (compatible; YandexBot/3.0; +http://yandex.com/bots)" "www.ysfine.com"
157.55.39.6 - - [04/Dec/2022:21:31:07 -0800] "GET /bio/kobak/namdae.html HTTP/1.1" 404 88 "-" "Mozilla/5.0 (compatible; bingbot/2.0; +http://www.bing.com/bingbot.htm)" "ysfine.com"
77.88.5.36 - - [04/Dec/2022:21:31:35 -0800] "GET /kobak/sl628.jpg HTTP/1.1" 304 - "-" "Mozilla/5.0 (compatible; YandexImages/3.0; +http://yandex.com/bots)" "www.ysfine.com"
157.55.39.76 - - [04/Dec/2022:21:31:35 -0800] "GET /dirac/truck/truck16d.jpg HTTP/1.1" 200 31562 "-" "Mozilla/5.0 (compatible; bingbot/2.0; +http://www.bing.com/bingbot.htm)" "ysfine.com"
77.88.5.244 - - [04/Dec/2022:21:31:41 -0800] "GET /kobak/sormount.jpg HTTP/1.1" 200 66453 "-" "Mozilla/5.0 (compatible; YandexImages/3.0; +http://yandex.com/bots)" "www.ysfine.com"
77.88.5.244 - - [04/Dec/2022:21:31:44 -0800] "GET /kobak/sl629.jpg HTTP/1.1" 304 - "-" "Mozilla/5.0 (compatible; YandexImages/3.0; +http://yandex.com/bots)" "www.ysfine.com"
157.55.39.76 - - [04/Dec/2022:21:32:36 -0800] "GET /bio/feynman/fthtop.html HTTP/1.1" 404 88 "-" "Mozilla/5.0 (compatible; bingbot/2.0; +http://www.bing.com/bingbot.htm)" "ysfine.com"
157.55.39.76 - - [04/Dec/2022:21:33:16 -0800] "GET /world/baltic/kalin36b.jpg HTTP/1.1" 200 29962 "-" "Mozilla/5.0 AppleWebKit/537.36 (KHTML, like Gecko; compatible; bingbot/2.0; +http://www.bing.com/bingbot.htm) Chrome/103.0.5060.134 Safari/537.36" "www.ysfine.com"
77.75.77.101 - - [04/Dec/2022:21:33:36 -0800] "GET /robots.txt HTTP/1.1" 404 88 "-" "Mozilla/5.0 (compatible; SeznamBot/3.2; +http://napoveda.seznam.cz/en/seznambot-intro/)" "ysfine.com"
77.75.77.101 - - [04/Dec/2022:21:33:37 -0800] "GET /style/hungary/hunstu01.jpg HTTP/1.1" 404 88 "-" "Mozilla/5.0 (compatible; SeznamBot/3.2; +http://napoveda.seznam.cz/en/seznambot-intro/)" "ysfine.com"
77.75.77.101 - - [04/Dec/2022:21:33:39 -0800] "GET /maga/phys/landau35b.jpg HTTP/1.1" 200 26143 "-" "Mozilla/5.0 (compatible; SeznamBot/3.2; +http://napoveda.seznam.cz/en/seznambot-intro/)" "ysfine.com"
77.75.77.101 - - [04/Dec/2022:21:33:40 -0800] "GET /world/poland/gdn39.jpg HTTP/1.1" 404 88 "-" "Mozilla/5.0 (compatible; SeznamBot/3.2; +http://napoveda.seznam.cz/en/seznambot-intro/)" "ysfine.com"
77.75.77.101 - - [04/Dec/2022:21:33:40 -0800] "GET /maga/phys/landau44.jpg HTTP/1.1" 200 38430 "-" "Mozilla/5.0 (compatible; SeznamBot/3.2; +http://napoveda.seznam.cz/en/seznambot-intro/)" "ysfine.com"
77.75.77.101 - - [04/Dec/2022:21:33:42 -0800] "GET /friends/vilnius08.jpg HTTP/1.1" 404 88 "-" "Mozilla/5.0 (compatible; SeznamBot/3.2; +http://napoveda.seznam.cz/en/seznambot-intro/)" "ysfine.com"
77.75.77.101 - - [04/Dec/2022:21:33:42 -0800] "GET /einstein/evol.jpg HTTP/1.1" 404 88 "-" "Mozilla/5.0 (compatible; SeznamBot/3.2; +http://napoveda.seznam.cz/en/seznambot-intro/)" "ysfine.com"
207.46.13.20 - - [04/Dec/2022:21:34:11 -0800] "GET /bio/style/proschanie.html HTTP/1.1" 404 88 "-" "Mozilla/5.0 AppleWebKit/537.36 (KHTML, like Gecko; compatible; bingbot/2.0; +http://www.bing.com/bingbot.htm) Chrome/103.0.5060.134 Safari/537.36" "ysfine.com"
207.46.13.48 - - [04/Dec/2022:21:34:28 -0800] "GET /princeton/wilson11b.jpg HTTP/1.1" 200 34463 "-" "Mozilla/5.0 AppleWebKit/537.36 (KHTML, like Gecko; compatible; bingbot/2.0; +http://www.bing.com/bingbot.htm) Chrome/103.0.5060.134 Safari/537.36" "ysfine.com"
35.2.178.250 - - [04/Dec/2022:21:35:05 -0800] "GET /kobak/dprk.jpg HTTP/1.1" 200 88014 "https://www.google.com/" "Mozilla/5.0 (Macintosh; Intel Mac OS X 10_15_7) AppleWebKit/605.1.15 (KHTML, like Gecko) Version/15.4 Safari/605.1.15" "ysfine.com"
207.46.13.134 - - [04/Dec/2022:21:35:10 -0800] "GET /world/brit/oxlon21.jpg HTTP/1.1" 200 152407 "-" "Mozilla/5.0 (compatible; bingbot/2.0; +http://www.bing.com/bingbot.htm)" "ysfine.com"
66.249.70.4 - - [04/Dec/2022:21:35:21 -0800] "GET /robots.txt HTTP/1.1" 404 88 "-" "Mozilla/5.0 (compatible; Googlebot/2.1; +http://www.google.com/bot.html)" "ysfine.com"
207.46.13.20 - - [04/Dec/2022:21:36:00 -0800] "GET /maga/phys/schrod11b.jpg HTTP/1.1" 200 36796 "-" "Mozilla/5.0 (compatible; bingbot/2.0; +http://www.bing.com/bingbot.htm)" "ysfine.com"
40.77.167.39 - - [04/Dec/2022:21:36:05 -0800] "GET /kobak/underw09.jpg HTTP/1.1" 200 103708 "-" "Mozilla/5.0 AppleWebKit/537.36 (KHTML, like Gecko; compatible; bingbot/2.0; +http://www.bing.com/bingbot.htm) Chrome/103.0.5060.134 Safari/537.36" "ysfine.com"
40.77.167.39 - - [04/Dec/2022:21:36:07 -0800] "GET /world/ital/termini04.jpg HTTP/1.1" 200 109733 "-" "Mozilla/5.0 AppleWebKit/537.36 (KHTML, like Gecko; compatible; bingbot/2.0; +http://www.bing.com/bingbot.htm) Chrome/103.0.5060.134 Safari/537.36" "ysfine.com"
207.46.13.20 - - [04/Dec/2022:21:36:41 -0800] "GET /world/russ/minsk025.jpg HTTP/1.1" 200 92361 "-" "Mozilla/5.0 AppleWebKit/537.36 (KHTML, like Gecko; compatible; bingbot/2.0; +http://www.bing.com/bingbot.htm) Chrome/103.0.5060.134 Safari/537.36" "www.ysfine.com"
207.46.13.134 - - [04/Dec/2022:21:38:12 -0800] "GET /world/france/montpar09.jpg HTTP/1.1" 200 138558 "-" "Mozilla/5.0 (compatible; bingbot/2.0; +http://www.bing.com/bingbot.htm)" "www.ysfine.com"
40.77.167.39 - - [04/Dec/2022:21:39:17 -0800] "GET /bio/internal.html HTTP/1.1" 404 88 "-" "Mozilla/5.0 (compatible; bingbot/2.0; +http://www.bing.com/bingbot.htm)" "ysfine.com"
40.77.167.39 - - [04/Dec/2022:21:39:17 -0800] "GET /bio/genea.html HTTP/1.1" 404 88 "-" "Mozilla/5.0 (compatible; bingbot/2.0; +http://www.bing.com/bingbot.htm)" "ysfine.com"
54.198.239.68 - - [04/Dec/2022:21:39:40 -0800] "GET /world/ysworld.html HTTP/1.1" 200 3224 "https://www.google.com/" "Mozilla/5.0 (Windows NT 10.0; Win64; x64) AppleWebKit/537.36 (KHTML, like Gecko) Chrome/96.0.4664.110 Safari/537.36" "ysfine.com"
157.55.39.76 - - [04/Dec/2022:21:39:56 -0800] "GET /world/balkan/inonu33.jpg HTTP/1.1" 200 86800 "-" "Mozilla/5.0 AppleWebKit/537.36 (KHTML, like Gecko; compatible; bingbot/2.0; +http://www.bing.com/bingbot.htm) Chrome/103.0.5060.134 Safari/537.36" "www.ysfine.com"
64.124.8.49 - - [04/Dec/2022:21:40:43 -0800] "GET /robots.txt HTTP/1.1" 404 88 "-" "Mozilla/5.0 (X11; Linux x86_64) AppleWebKit/537.36 (KHTML, like Gecko) Chrome/61.0.3163.79 Safari/537.36" "ysfine.com"
64.124.8.49 - - [04/Dec/2022:21:40:43 -0800] "GET /archives/proceedings/ff2/fp2abs.html HTTP/1.1" 200 29930 "-" "Mozilla/5.0 (X11; Linux x86_64) AppleWebKit/537.36 (KHTML, like Gecko) Chrome/61.0.3163.79 Safari/537.36" "ysfine.com"
207.46.13.20 - - [04/Dec/2022:21:40:52 -0800] "GET /world/latina/cancun08.jpg HTTP/1.1" 200 99670 "-" "Mozilla/5.0 AppleWebKit/537.36 (KHTML, like Gecko; compatible; bingbot/2.0; +http://www.bing.com/bingbot.htm) Chrome/103.0.5060.134 Safari/537.36" "ysfine.com"
157.55.39.6 - - [04/Dec/2022:21:41:08 -0800] "GET /eink/tao55.jpg HTTP/1.1" 200 170385 "-" "Mozilla/5.0 AppleWebKit/537.36 (KHTML, like Gecko; compatible; bingbot/2.0; +http://www.bing.com/bingbot.htm) Chrome/103.0.5060.134 Safari/537.36" "ysfine.com"
157.55.39.6 - - [04/Dec/2022:21:41:08 -0800] "GET /einstein/newtwig11.jpg HTTP/1.1" 200 99366 "-" "Mozilla/5.0 AppleWebKit/537.36 (KHTML, like Gecko; compatible; bingbot/2.0; +http://www.bing.com/bingbot.htm) Chrome/103.0.5060.134 Safari/537.36" "ysfine.com"
199.231.191.214 - - [04/Dec/2022:21:41:17 -0800] "GET /kowar/tanks/tank06.jpg HTTP/1.1" 200 64907 "-" "python-requests/2.25.1" "www.ysfine.com"
207.46.13.134 - - [04/Dec/2022:21:41:21 -0800] "GET /wigner/neum/pvn03.jpg HTTP/1.1" 200 83757 "-" "Mozilla/5.0 AppleWebKit/537.36 (KHTML, like Gecko; compatible; bingbot/2.0; +http://www.bing.com/bingbot.htm) Chrome/103.0.5060.134 Safari/537.36" "ysfine.com"
64.124.8.49 - - [04/Dec/2022:21:42:01 -0800] "GET /robots.txt HTTP/1.1" 404 88 "-" "Mozilla/5.0 (X11; Linux x86_64) AppleWebKit/537.36 (KHTML, like Gecko) Chrome/61.0.3163.79 Safari/537.36" "ysfine.com"
64.124.8.49 - - [04/Dec/2022:21:42:01 -0800] "GET /maga/,,/einstein/evol.html HTTP/1.1" 404 88 "-" "Mozilla/5.0 (X11; Linux x86_64) AppleWebKit/537.36 (KHTML, like Gecko) Chrome/61.0.3163.79 Safari/537.36" "ysfine.com"
118.184.177.49 - - [04/Dec/2022:21:42:09 -0800] "GET / HTTP/1.1" 200 5292 "-" "Sogou web spider/4.0(+http://www.sogou.com/docs/help/webmasters.htm#07)" "ysfine.com"
202.138.252.56 - - [04/Dec/2022:21:42:20 -0800] "GET /world/china/opium01.jpg HTTP/1.1" 200 166936 "https://www.google.co.id/" "Mozilla/5.0 (Macintosh; Intel Mac OS X 10_15_6) AppleWebKit/605.1.15 (KHTML, like Gecko) Version/15.6.3 Safari/605.1.15" "ysfine.com"
157.55.39.76 - - [04/Dec/2022:21:42:36 -0800] "GET /world/china/beijing014.jpg HTTP/1.1" 200 104683 "-" "Mozilla/5.0 (compatible; bingbot/2.0; +http://www.bing.com/bingbot.htm)" "www.ysfine.com"
207.46.13.134 - - [04/Dec/2022:21:43:51 -0800] "GET /world/france/triomf08b.jpg HTTP/1.1" 200 48006 "-" "Mozilla/5.0 AppleWebKit/537.36 (KHTML, like Gecko; compatible; bingbot/2.0; +http://www.bing.com/bingbot.htm) Chrome/103.0.5060.134 Safari/537.36" "www.ysfine.com"
64.124.8.49 - - [04/Dec/2022:21:44:27 -0800] "GET /robots.txt HTTP/1.1" 404 88 "-" "Mozilla/5.0 (X11; Linux x86_64) AppleWebKit/537.36 (KHTML, like Gecko) Chrome/61.0.3163.79 Safari/537.36" "www.ysfine.com"
64.124.8.49 - - [04/Dec/2022:21:44:27 -0800] "GET /wdc/kopol.html HTTP/1.1" 200 6514 "-" "Mozilla/5.0 (X11; Linux x86_64) AppleWebKit/537.36 (KHTML, like Gecko) Chrome/61.0.3163.79 Safari/537.36" "www.ysfine.com"
157.55.39.76 - - [04/Dec/2022:21:44:47 -0800] "GET /bio/style/artlove.html HTTP/1.1" 404 88 "-" "Mozilla/5.0 AppleWebKit/537.36 (KHTML, like Gecko; compatible; bingbot/2.0; +http://www.bing.com/bingbot.htm) Chrome/103.0.5060.134 Safari/537.36" "ysfine.com"
157.55.39.76 - - [04/Dec/2022:21:44:49 -0800] "GET /world/ital/padova12.jpg HTTP/1.1" 200 93113 "-" "Mozilla/5.0 (compatible; bingbot/2.0; +http://www.bing.com/bingbot.htm)" "ysfine.com"
157.55.39.6 - - [04/Dec/2022:21:44:52 -0800] "GET /kowar/tanks/sherman51.jpg HTTP/1.1" 200 110942 "-" "Mozilla/5.0 AppleWebKit/537.36 (KHTML, like Gecko; compatible; bingbot/2.0; +http://www.bing.com/bingbot.htm) Chrome/103.0.5060.134 Safari/537.36" "ysfine.com"
157.55.39.6 - - [04/Dec/2022:21:45:08 -0800] "GET /ysbio/more.html HTTP/1.1" 404 88 "-" "Mozilla/5.0 AppleWebKit/537.36 (KHTML, like Gecko; compatible; bingbot/2.0; +http://www.bing.com/bingbot.htm) Chrome/103.0.5060.134 Safari/537.36" "www.ysfine.com"
157.55.39.76 - - [04/Dec/2022:21:45:37 -0800] "GET /bio/sbk/1950.html HTTP/1.1" 404 88 "-" "Mozilla/5.0 (compatible; bingbot/2.0; +http://www.bing.com/bingbot.htm)" "ysfine.com"
64.124.8.49 - - [04/Dec/2022:21:45:40 -0800] "GET /ysbio/houses/monticello.html HTTP/1.1" 404 88 "-" "Mozilla/5.0 (X11; Linux x86_64) AppleWebKit/537.36 (KHTML, like Gecko) Chrome/61.0.3163.79 Safari/537.36" "www.ysfine.com"
157.55.39.76 - - [04/Dec/2022:21:45:46 -0800] "GET /world/ital/verona19b.jpg HTTP/1.1" 200 47863 "-" "Mozilla/5.0 AppleWebKit/537.36 (KHTML, like Gecko; compatible; bingbot/2.0; +http://www.bing.com/bingbot.htm) Chrome/103.0.5060.134 Safari/537.36" "ysfine.com"
64.124.8.49 - - [04/Dec/2022:21:45:56 -0800] "GET /philo/sisfa12/frame47.html HTTP/1.1" 200 319 "-" "Mozilla/5.0 (X11; Linux x86_64) AppleWebKit/537.36 (KHTML, like Gecko) Chrome/61.0.3163.79 Safari/537.36" "ysfine.com"
51.222.253.15 - - [04/Dec/2022:21:46:54 -0800] "GET / HTTP/1.1" 200 5292 "-" "Mozilla/5.0 (compatible; AhrefsBot/7.0; +http://ahrefs.com/robot/)" "www.ysfine.com"
64.124.8.49 - - [04/Dec/2022:21:46:58 -0800] "GET /wigner/maxwig22.html HTTP/1.1" 200 1591 "-" "Mozilla/5.0 (X11; Linux x86_64) AppleWebKit/537.36 (KHTML, like Gecko) Chrome/61.0.3163.79 Safari/537.36" "ysfine.com"
64.124.8.49 - - [04/Dec/2022:21:47:05 -0800] "GET /ysbio/philo/keigel22.html HTTP/1.1" 404 88 "-" "Mozilla/5.0 (X11; Linux x86_64) AppleWebKit/537.36 (KHTML, like Gecko) Chrome/61.0.3163.79 Safari/537.36" "www.ysfine.com"
157.55.39.6 - - [04/Dec/2022:21:47:08 -0800] "GET /world/china/hongkong08.jpg HTTP/1.1" 200 122117 "-" "Mozilla/5.0 (compatible; bingbot/2.0; +http://www.bing.com/bingbot.htm)" "www.ysfine.com"
64.124.8.49 - - [04/Dec/2022:21:47:19 -0800] "GET /ysbio/feynman/feyntop.html HTTP/1.1" 404 88 "-" "Mozilla/5.0 (X11; Linux x86_64) AppleWebKit/537.36 (KHTML, like Gecko) Chrome/61.0.3163.79 Safari/537.36" "ysfine.com"
64.124.8.49 - - [04/Dec/2022:21:47:35 -0800] "GET /feynman/feyprince.html HTTP/1.1" 200 440 "-" "Mozilla/5.0 (X11; Linux x86_64) AppleWebKit/537.36 (KHTML, like Gecko) Chrome/61.0.3163.79 Safari/537.36" "ysfine.com"
64.124.8.49 - - [04/Dec/2022:21:48:15 -0800] "GET /jobs/joleft.html HTTP/1.1" 200 335 "-" "Mozilla/5.0 (X11; Linux x86_64) AppleWebKit/537.36 (KHTML, like Gecko) Chrome/61.0.3163.79 Safari/537.36" "ysfine.com"
64.124.8.21 - - [04/Dec/2022:21:48:32 -0800] "GET /robots.txt HTTP/1.1" 404 88 "-" "Mozilla/5.0 (X11; Linux x86_64) AppleWebKit/537.36 (KHTML, like Gecko) Chrome/61.0.3163.79 Safari/537.36" "ysfine.com"
64.124.8.21 - - [04/Dec/2022:21:48:33 -0800] "GET /robots.txt HTTP/1.1" 404 88 "-" "Mozilla/5.0 (X11; Linux x86_64) AppleWebKit/537.36 (KHTML, like Gecko) Chrome/61.0.3163.79 Safari/537.36" "ysfine.com"
64.124.8.21 - - [04/Dec/2022:21:48:33 -0800] "GET /princeton/pgh.html HTTP/1.1" 404 88 "-" "Mozilla/5.0 (X11; Linux x86_64) AppleWebKit/537.36 (KHTML, like Gecko) Chrome/61.0.3163.79 Safari/537.36" "ysfine.com"
157.55.39.6 - - [04/Dec/2022:21:48:49 -0800] "GET /einstein/places/ulm26.jpg HTTP/1.1" 200 104983 "-" "Mozilla/5.0 AppleWebKit/537.36 (KHTML, like Gecko; compatible; bingbot/2.0; +http://www.bing.com/bingbot.htm) Chrome/103.0.5060.134 Safari/537.36" "www.ysfine.com"
64.124.8.21 - - [04/Dec/2022:21:49:00 -0800] "GET /robots.txt HTTP/1.1" 404 88 "-" "Mozilla/5.0 (X11; Linux x86_64) AppleWebKit/537.36 (KHTML, like Gecko) Chrome/61.0.3163.79 Safari/537.36" "www.ysfine.com"
64.124.8.21 - - [04/Dec/2022:21:49:00 -0800] "GET /people/pimage22.html HTTP/1.1" 200 172 "-" "Mozilla/5.0 (X11; Linux x86_64) AppleWebKit/537.36 (KHTML, like Gecko) Chrome/61.0.3163.79 Safari/537.36" "www.ysfine.com"
64.124.8.21 - - [04/Dec/2022:21:49:16 -0800] "GET /philo/sisfa12/frame43.html HTTP/1.1" 200 319 "-" "Mozilla/5.0 (X11; Linux x86_64) AppleWebKit/537.36 (KHTML, like Gecko) Chrome/61.0.3163.79 Safari/537.36" "ysfine.com"
64.124.8.49 - - [04/Dec/2022:21:49:19 -0800] "GET /einstein/emc/fparton.html HTTP/1.1" 404 88 "-" "Mozilla/5.0 (X11; Linux x86_64) AppleWebKit/537.36 (KHTML, like Gecko) Chrome/61.0.3163.79 Safari/537.36" "ysfine.com"
157.55.39.6 - - [04/Dec/2022:21:49:19 -0800] "GET /bio/einstein/bern.html HTTP/1.1" 404 88 "-" "Mozilla/5.0 (compatible; bingbot/2.0; +http://www.bing.com/bingbot.htm)" "ysfine.com"
