51.222.253.10 - - [05/Dec/2022:15:20:31 -0800] "GET /class54/class5470/total_data/refer_img/8-65_f.jpg HTTP/1.1" 200 35108 "-" "Mozilla/5.0 (compatible; AhrefsBot/7.0; +http://ahrefs.com/robot/)" "www.ysfine.com"
207.46.13.20 - - [05/Dec/2022:15:20:35 -0800] "GET /dirac/posters/ HTTP/1.1" 200 676 "-" "Mozilla/5.0 (compatible; bingbot/2.0; +http://www.bing.com/bingbot.htm)" "ysfine.com"
51.222.253.1 - - [05/Dec/2022:15:20:37 -0800] "GET /class54/class5470/total_data/refer_img/8-87_f.jpg HTTP/1.1" 200 32746 "-" "Mozilla/5.0 (compatible; AhrefsBot/7.0; +http://ahrefs.com/robot/)" "www.ysfine.com"
51.222.253.19 - - [05/Dec/2022:15:20:43 -0800] "GET /class54/class5470/total_data/img/sm03_off.gif HTTP/1.1" 200 429 "-" "Mozilla/5.0 (compatible; AhrefsBot/7.0; +http://ahrefs.com/robot/)" "www.ysfine.com"
51.222.253.15 - - [05/Dec/2022:15:21:00 -0800] "GET /kowar/war45.html HTTP/1.1" 200 12086 "-" "Mozilla/5.0 (compatible; AhrefsBot/7.0; +http://ahrefs.com/robot/)" "www.ysfine.com"
139.47.89.232 - - [05/Dec/2022:15:21:40 -0800] "GET /yspapers/iopbook15.pdf HTTP/1.1" 200 2962673 "https://www.google.com/" "Mozilla/5.0 (Macintosh; Intel Mac OS X 10_15_7) AppleWebKit/537.36 (KHTML, like Gecko) Chrome/108.0.0.0 Safari/537.36" "ysfine.com"
139.47.89.232 - - [05/Dec/2022:15:21:41 -0800] "GET /favicon.ico HTTP/1.1" 404 88 "https://ysfine.com/yspapers/iopbook15.pdf" "Mozilla/5.0 (Macintosh; Intel Mac OS X 10_15_7) AppleWebKit/537.36 (KHTML, like Gecko) Chrome/108.0.0.0 Safari/537.36" "ysfine.com"
40.77.167.39 - - [05/Dec/2022:15:21:47 -0800] "GET /bio/feynman/partons.html HTTP/1.1" 404 88 "-" "Mozilla/5.0 (compatible; bingbot/2.0; +http://www.bing.com/bingbot.htm)" "ysfine.com"
157.55.39.6 - - [05/Dec/2022:15:22:40 -0800] "GET /bio/kobak/namdae.html HTTP/1.1" 404 88 "-" "Mozilla/5.0 AppleWebKit/537.36 (KHTML, like Gecko; compatible; bingbot/2.0; +http://www.bing.com/bingbot.htm) Chrome/103.0.5060.134 Safari/537.36" "ysfine.com"
207.46.13.48 - - [05/Dec/2022:15:23:34 -0800] "GET /bio/kobak/soraech.html HTTP/1.1" 404 88 "-" "Mozilla/5.0 AppleWebKit/537.36 (KHTML, like Gecko; compatible; bingbot/2.0; +http://www.bing.com/bingbot.htm) Chrome/103.0.5060.134 Safari/537.36" "ysfine.com"
207.46.13.134 - - [05/Dec/2022:15:23:38 -0800] "GET /bio/world/trier.html HTTP/1.1" 404 88 "-" "Mozilla/5.0 (compatible; bingbot/2.0; +http://www.bing.com/bingbot.htm)" "ysfine.com"
207.46.13.134 - - [05/Dec/2022:15:23:39 -0800] "GET /bio/style/ystyle.html HTTP/1.1" 404 88 "-" "Mozilla/5.0 AppleWebKit/537.36 (KHTML, like Gecko; compatible; bingbot/2.0; +http://www.bing.com/bingbot.htm) Chrome/103.0.5060.134 Safari/537.36" "ysfine.com"
157.55.39.6 - - [05/Dec/2022:15:23:50 -0800] "GET /bio/einstein/bern.html HTTP/1.1" 404 88 "-" "Mozilla/5.0 (compatible; bingbot/2.0; +http://www.bing.com/bingbot.htm)" "ysfine.com"
51.222.253.7 - - [05/Dec/2022:15:23:58 -0800] "GET /class54/class5470/total_data/sub_871.htm HTTP/1.1" 200 3504 "-" "Mozilla/5.0 (compatible; AhrefsBot/7.0; +http://ahrefs.com/robot/)" "www.ysfine.com"
114.119.139.181 - - [05/Dec/2022:15:24:28 -0800] "GET /maga/phys/poinsf/frame42.html HTTP/1.1" 200 324 "https://www.ysfine.com/maga/phys/poinsf/frame41.html" "Mozilla/5.0 (Linux; Android 7.0;) AppleWebKit/537.36 (KHTML, like Gecko) Mobile Safari/537.36 (compatible; PetalBot;+https://webmaster.petalsearch.com/site/petalbot)" "www.ysfine.com"
35.86.190.149 - - [05/Dec/2022:15:24:44 -0800] "GET /world/places/ulm07.jpg HTTP/1.1" 200 114786 "-" "Mozilla/5.0 (X11; Ubuntu; Linux x86_64; rv:72.0) Gecko/20100101 Firefox/72.0" "ysfine.com"
157.55.39.76 - - [05/Dec/2022:15:26:08 -0800] "GET /wigner/wigsharp2.jpg HTTP/1.1" 200 34860 "-" "Mozilla/5.0 (compatible; adidxbot/2.0; +http://www.bing.com/bingbot.htm)" "www.ysfine.com"
51.222.253.1 - - [05/Dec/2022:15:26:45 -0800] "GET /class54/class5470/total_data/sub_872.htm HTTP/1.1" 200 3510 "-" "Mozilla/5.0 (compatible; AhrefsBot/7.0; +http://ahrefs.com/robot/)" "www.ysfine.com"
207.46.13.134 - - [05/Dec/2022:15:27:25 -0800] "GET /bio/princeton/campus.html HTTP/1.1" 404 88 "-" "Mozilla/5.0 AppleWebKit/537.36 (KHTML, like Gecko; compatible; bingbot/2.0; +http://www.bing.com/bingbot.htm) Chrome/103.0.5060.134 Safari/537.36" "ysfine.com"
207.46.13.134 - - [05/Dec/2022:15:27:26 -0800] "GET /bio/wigner/e(2).html HTTP/1.1" 404 88 "-" "Mozilla/5.0 AppleWebKit/537.36 (KHTML, like Gecko; compatible; bingbot/2.0; +http://www.bing.com/bingbot.htm) Chrome/103.0.5060.134 Safari/537.36" "ysfine.com"
207.46.13.134 - - [05/Dec/2022:15:27:26 -0800] "GET /bio/dirac/dirpoems.html HTTP/1.1" 404 88 "-" "Mozilla/5.0 (compatible; bingbot/2.0; +http://www.bing.com/bingbot.htm)" "ysfine.com"
51.222.253.13 - - [05/Dec/2022:15:29:24 -0800] "GET /class54/class5470/total_data/sub_888.htm HTTP/1.1" 200 3510 "-" "Mozilla/5.0 (compatible; AhrefsBot/7.0; +http://ahrefs.com/robot/)" "www.ysfine.com"
51.222.253.14 - - [05/Dec/2022:15:29:29 -0800] "GET /class54/class5470/total_data/photo_img/8-88.jpg HTTP/1.1" 200 169017 "-" "Mozilla/5.0 (compatible; AhrefsBot/7.0; +http://ahrefs.com/robot/)" "www.ysfine.com"
51.222.253.10 - - [05/Dec/2022:15:31:58 -0800] "GET /dirac/dirackim62.html HTTP/1.1" 200 2970 "-" "Mozilla/5.0 (compatible; AhrefsBot/7.0; +http://ahrefs.com/robot/)" "ysfine.com"
51.222.253.3 - - [05/Dec/2022:15:32:02 -0800] "GET /kobak/nicodem11b.jpg HTTP/1.1" 200 79065 "-" "Mozilla/5.0 (compatible; AhrefsBot/7.0; +http://ahrefs.com/robot/)" "ysfine.com"
51.222.253.13 - - [05/Dec/2022:15:32:08 -0800] "GET /dirac/dirackn33b.jpg HTTP/1.1" 200 48200 "-" "Mozilla/5.0 (compatible; AhrefsBot/7.0; +http://ahrefs.com/robot/)" "ysfine.com"
51.222.253.2 - - [05/Dec/2022:15:32:14 -0800] "GET /feynman/feydirak11b.jpg HTTP/1.1" 200 38821 "-" "Mozilla/5.0 (compatible; AhrefsBot/7.0; +http://ahrefs.com/robot/)" "ysfine.com"
51.222.253.4 - - [05/Dec/2022:15:32:20 -0800] "GET /dirac/dirk6201.jpg HTTP/1.1" 200 51283 "-" "Mozilla/5.0 (compatible; AhrefsBot/7.0; +http://ahrefs.com/robot/)" "ysfine.com"
51.222.253.16 - - [05/Dec/2022:15:32:25 -0800] "GET /dirac/dirk6202.jpg HTTP/1.1" 200 62459 "-" "Mozilla/5.0 (compatible; AhrefsBot/7.0; +http://ahrefs.com/robot/)" "ysfine.com"
51.222.253.7 - - [05/Dec/2022:15:32:31 -0800] "GET /dirac/hyperell2.jpg HTTP/1.1" 200 29858 "-" "Mozilla/5.0 (compatible; AhrefsBot/7.0; +http://ahrefs.com/robot/)" "ysfine.com"
51.222.253.10 - - [05/Dec/2022:15:32:37 -0800] "GET /eink/eink61c.jpg HTTP/1.1" 200 34119 "-" "Mozilla/5.0 (compatible; AhrefsBot/7.0; +http://ahrefs.com/robot/)" "ysfine.com"
1.29.88.109 - - [05/Dec/2022:15:32:37 -0800] "GET /einstein/heisen33b.jpg HTTP/1.1" 200 78035 "https://www.icourse163.org/" "Mozilla/5.0 (Linux; Android 12; V2171A Build/SP1A.210812.003; wv) AppleWebKit/537.36 (KHTML, like Gecko) Version/4.0 Chrome/95.0.4638.74 Mobile Safari/537.36" "ysfine.com"
157.55.39.76 - - [05/Dec/2022:15:32:59 -0800] "GET /bio/bio07.html HTTP/1.1" 404 88 "-" "Mozilla/5.0 (compatible; bingbot/2.0; +http://www.bing.com/bingbot.htm)" "ysfine.com"
40.77.167.39 - - [05/Dec/2022:15:33:28 -0800] "GET /bio/genea.html HTTP/1.1" 404 88 "-" "Mozilla/5.0 AppleWebKit/537.36 (KHTML, like Gecko; compatible; bingbot/2.0; +http://www.bing.com/bingbot.htm) Chrome/103.0.5060.134 Safari/537.36" "ysfine.com"
207.46.13.20 - - [05/Dec/2022:15:33:45 -0800] "GET /bio/world/berlin.html HTTP/1.1" 404 88 "-" "Mozilla/5.0 (compatible; bingbot/2.0; +http://www.bing.com/bingbot.htm)" "ysfine.com"
73.182.45.18 - - [05/Dec/2022:15:34:36 -0800] "GET /kowar/tanks/m47.jpg HTTP/1.1" 200 78683 "https://www.bing.com/" "Mozilla/5.0 (Macintosh; Intel Mac OS X 10_15_6) AppleWebKit/605.1.15 (KHTML, like Gecko) Version/15.5 Safari/605.1.15" "www.ysfine.com"
51.222.253.10 - - [05/Dec/2022:15:34:45 -0800] "GET /class54/class5470/total_data/sub_889.htm HTTP/1.1" 200 3510 "-" "Mozilla/5.0 (compatible; AhrefsBot/7.0; +http://ahrefs.com/robot/)" "www.ysfine.com"
14.137.135.24 - - [05/Dec/2022:15:34:47 -0800] "GET /sbk/2002maine11.jpg HTTP/1.1" 200 180839 "-" "Mozilla/5.0 (Windows NT 10.0; Win64; x64) AppleWebKit/537.36 (KHTML, like Gecko) Chrome/90.0.4430.212 Safari/537.36" "www.ysfine.com"
51.222.253.15 - - [05/Dec/2022:15:37:19 -0800] "GET /class54/class5470/total_data/sub_890.htm HTTP/1.1" 200 3510 "-" "Mozilla/5.0 (compatible; AhrefsBot/7.0; +http://ahrefs.com/robot/)" "www.ysfine.com"
51.222.253.10 - - [05/Dec/2022:15:39:50 -0800] "GET /class54/class5470/total_data/sub_891.htm HTTP/1.1" 200 3497 "-" "Mozilla/5.0 (compatible; AhrefsBot/7.0; +http://ahrefs.com/robot/)" "www.ysfine.com"
185.191.171.12 - - [05/Dec/2022:15:40:06 -0800] "GET /robots.txt HTTP/1.1" 404 88 "-" "Mozilla/5.0 (compatible; SemrushBot/7~bl; +http://www.semrush.com/bot.html)" "www.ysfine.com"
185.191.171.39 - - [05/Dec/2022:15:40:06 -0800] "GET /world/brit/etonharrow.html HTTP/1.1" 200 4546 "-" "Mozilla/5.0 (compatible; SemrushBot/7~bl; +http://www.semrush.com/bot.html)" "www.ysfine.com"
207.46.13.48 - - [05/Dec/2022:15:40:36 -0800] "GET /bio/style/rieu.html HTTP/1.1" 404 88 "-" "Mozilla/5.0 AppleWebKit/537.36 (KHTML, like Gecko; compatible; bingbot/2.0; +http://www.bing.com/bingbot.htm) Chrome/103.0.5060.134 Safari/537.36" "ysfine.com"
192.0.112.212 - - [05/Dec/2022:15:40:44 -0800] "GET /einstein/eins47.jpg HTTP/1.1" 200 108796 "-" "Photon/1.0" "ysfine.com"
176.199.208.11 - - [05/Dec/2022:15:41:46 -0800] "GET /yspapers/iopbook15.pdf HTTP/1.1" 200 2962673 "https://www.google.com/" "Mozilla/5.0 (Windows NT 10.0; Win64; x64) AppleWebKit/537.36 (KHTML, like Gecko) Chrome/108.0.0.0 Safari/537.36" "ysfine.com"
176.199.208.11 - - [05/Dec/2022:15:41:47 -0800] "GET /favicon.ico HTTP/1.1" 404 88 "https://ysfine.com/yspapers/iopbook15.pdf" "Mozilla/5.0 (Windows NT 10.0; Win64; x64) AppleWebKit/537.36 (KHTML, like Gecko) Chrome/108.0.0.0 Safari/537.36" "ysfine.com"
71.178.208.102 - - [05/Dec/2022:15:42:05 -0800] "GET /favicon.ico HTTP/1.1" 404 88 "https://www.ysfine.com/ys11/index.html" "Mozilla/5.0 (Linux; Android 5.1.1; KFSUWI) AppleWebKit/537.36 (KHTML, like Gecko) Silk/106.3.5 like Chrome/106.0.5249.170 Safari/537.36" "www.ysfine.com"
157.55.39.76 - - [05/Dec/2022:15:42:10 -0800] "GET /bio/style/artlove.html HTTP/1.1" 404 88 "-" "Mozilla/5.0 (compatible; bingbot/2.0; +http://www.bing.com/bingbot.htm)" "ysfine.com"
157.55.39.76 - - [05/Dec/2022:15:42:10 -0800] "GET /bio/harmoarchi.html HTTP/1.1" 404 88 "-" "Mozilla/5.0 (compatible; bingbot/2.0; +http://www.bing.com/bingbot.htm)" "ysfine.com"
51.222.253.4 - - [05/Dec/2022:15:42:13 -0800] "GET /class54/class5470/total_data/sub_892.htm HTTP/1.1" 200 3496 "-" "Mozilla/5.0 (compatible; AhrefsBot/7.0; +http://ahrefs.com/robot/)" "www.ysfine.com"
71.178.208.102 - - [05/Dec/2022:15:42:21 -0800] "GET /bio10.html HTTP/1.1" 200 4475 "https://www.ysfine.com/ys11/index.html" "Mozilla/5.0 (Linux; Android 5.1.1; KFSUWI) AppleWebKit/537.36 (KHTML, like Gecko) Silk/106.3.5 like Chrome/106.0.5249.170 Safari/537.36" "www.ysfine.com"
71.178.208.102 - - [05/Dec/2022:15:42:21 -0800] "GET /home/eink54f.jpg HTTP/1.1" 200 96332 "https://www.ysfine.com/bio10.html" "Mozilla/5.0 (Linux; Android 5.1.1; KFSUWI) AppleWebKit/537.36 (KHTML, like Gecko) Silk/106.3.5 like Chrome/106.0.5249.170 Safari/537.36" "www.ysfine.com"
71.178.208.102 - - [05/Dec/2022:15:42:21 -0800] "GET /home/dirackn55a.jpg HTTP/1.1" 200 85505 "https://www.ysfine.com/bio10.html" "Mozilla/5.0 (Linux; Android 5.1.1; KFSUWI) AppleWebKit/537.36 (KHTML, like Gecko) Silk/106.3.5 like Chrome/106.0.5249.170 Safari/537.36" "www.ysfine.com"
71.178.208.102 - - [05/Dec/2022:15:43:33 -0800] "GET /home/foto22/bek22.jpg HTTP/1.1" 200 91500 "https://www.ysfine.com/bio10.html" "Mozilla/5.0 (Linux; Android 5.1.1; KFSUWI) AppleWebKit/537.36 (KHTML, like Gecko) Silk/106.3.5 like Chrome/106.0.5249.170 Safari/537.36" "www.ysfine.com"
216.244.66.229 - - [05/Dec/2022:15:44:24 -0800] "GET /robots.txt HTTP/1.1" 404 73 "-" "Mozilla/5.0 (compatible; DotBot/1.2; +https://opensiteexplorer.org/dotbot; help@moz.com)" "www.ysfine.com"
216.244.66.229 - - [05/Dec/2022:15:44:24 -0800] "GET /robots.txt HTTP/1.1" 404 73 "-" "Mozilla/5.0 (compatible; DotBot/1.2; +https://opensiteexplorer.org/dotbot; help@moz.com)" "ysfine.com"
138.129.229.27 - - [05/Dec/2022:15:44:25 -0800] "GET /kowar/panmun04.jpg HTTP/1.1" 200 126386 "https://www.google.com/" "Mozilla/5.0 (Windows NT 10.0; Win64; x64) AppleWebKit/537.36 (KHTML, like Gecko) Chrome/107.0.0.0 Safari/537.36 Edg/107.0.1418.62" "ysfine.com"
51.222.253.12 - - [05/Dec/2022:15:44:35 -0800] "GET /class54/class5470/total_data/sub_893.htm HTTP/1.1" 200 3510 "-" "Mozilla/5.0 (compatible; AhrefsBot/7.0; +http://ahrefs.com/robot/)" "www.ysfine.com"
138.129.229.27 - - [05/Dec/2022:15:45:31 -0800] "GET /kowar/tanks/tank03.jpg HTTP/1.1" 200 106726 "https://www.google.com/" "Mozilla/5.0 (Windows NT 10.0; Win64; x64) AppleWebKit/537.36 (KHTML, like Gecko) Chrome/107.0.0.0 Safari/537.36 Edg/107.0.1418.62" "ysfine.com"
64.119.200.129 - - [05/Dec/2022:15:45:36 -0800] "GET /world/latina/rio005.jpg HTTP/1.1" 200 146009 "https://www.google.co.uk/" "Mozilla/5.0 (iPhone; CPU iPhone OS 15_4_1 like Mac OS X) AppleWebKit/605.1.15 (KHTML, like Gecko) Version/15.4 Mobile/15E148 Safari/604.1" "ysfine.com"
207.46.13.134 - - [05/Dec/2022:15:45:59 -0800] "GET /bio04.html HTTP/1.1" 200 9059 "-" "Mozilla/5.0 AppleWebKit/537.36 (KHTML, like Gecko; compatible; bingbot/2.0; +http://www.bing.com/bingbot.htm) Chrome/103.0.5060.134 Safari/537.36" "ysfine.com"
194.127.167.100 - - [05/Dec/2022:15:47:13 -0800] "GET /favicon.ico HTTP/1.1" 404 88 "-" "Mozilla/5.0 (iPhone; CPU iPhone OS 16_1 like Mac OS X) AppleWebKit/605.1.15 (KHTML, like Gecko) Version/16.1 Mobile/15E148 Safari/604.1" "ysfine.com"
51.222.253.2 - - [05/Dec/2022:15:47:15 -0800] "GET /class54/class5470/total_data/sub_714.htm HTTP/1.1" 200 3301 "-" "Mozilla/5.0 (compatible; AhrefsBot/7.0; +http://ahrefs.com/robot/)" "www.ysfine.com"
157.55.39.6 - - [05/Dec/2022:15:48:03 -0800] "GET /bio/awards/iao.html HTTP/1.1" 404 88 "-" "Mozilla/5.0 AppleWebKit/537.36 (KHTML, like Gecko; compatible; bingbot/2.0; +http://www.bing.com/bingbot.htm) Chrome/103.0.5060.134 Safari/537.36" "ysfine.com"
131.255.35.190 - - [05/Dec/2022:15:49:45 -0800] "GET /wigner/neum/vnc01.jpg HTTP/1.1" 200 133641 "https://www.google.com.br/" "Mozilla/5.0 (iPhone; CPU iPhone OS 15_7 like Mac OS X) AppleWebKit/605.1.15 (KHTML, like Gecko) Version/15.6,2 Mobile/15E148 Safari/604.1" "ysfine.com"
131.255.35.190 - - [05/Dec/2022:15:49:45 -0800] "GET /wigner/neum/vnc01.jpg HTTP/1.1" 200 133641 "https://www.google.com.br/" "Mozilla/5.0 (iPhone; CPU iPhone OS 15_7 like Mac OS X) AppleWebKit/605.1.15 (KHTML, like Gecko) Version/15.6,2 Mobile/15E148 Safari/604.1" "ysfine.com"
51.222.253.3 - - [05/Dec/2022:15:49:52 -0800] "GET /class54/class5470/total_data/sub_894.htm HTTP/1.1" 200 3510 "-" "Mozilla/5.0 (compatible; AhrefsBot/7.0; +http://ahrefs.com/robot/)" "www.ysfine.com"
200.173.185.27 - - [05/Dec/2022:15:49:54 -0800] "GET /wigner/neum/vnc01.jpg HTTP/1.1" 200 133641 "https://sites.google.com/" "Mozilla/5.0 (Linux; Android 12; SM-A037M) AppleWebKit/537.36 (KHTML, like Gecko) Chrome/107.0.0.0 Mobile Safari/537.36" "ysfine.com"
51.222.253.3 - - [05/Dec/2022:15:49:58 -0800] "GET /class54/class5470/total_data/photo_img/8-94.jpg HTTP/1.1" 200 235706 "-" "Mozilla/5.0 (compatible; AhrefsBot/7.0; +http://ahrefs.com/robot/)" "www.ysfine.com"
207.46.13.20 - - [05/Dec/2022:15:50:47 -0800] "GET /bio/dirac/bankers.html HTTP/1.1" 404 88 "-" "Mozilla/5.0 (compatible; bingbot/2.0; +http://www.bing.com/bingbot.htm)" "ysfine.com"
207.46.13.20 - - [05/Dec/2022:15:50:47 -0800] "GET /bio/style/proschanie.html HTTP/1.1" 404 88 "-" "Mozilla/5.0 AppleWebKit/537.36 (KHTML, like Gecko; compatible; bingbot/2.0; +http://www.bing.com/bingbot.htm) Chrome/103.0.5060.134 Safari/537.36" "ysfine.com"
207.46.13.20 - - [05/Dec/2022:15:50:47 -0800] "GET /ysbio/wdc/kopol.html HTTP/1.1" 404 88 "-" "Mozilla/5.0 (compatible; bingbot/2.0; +http://www.bing.com/bingbot.htm)" "ysfine.com"
105.168.39.254 - - [05/Dec/2022:15:50:55 -0800] "GET /wigner/neum/vnc01.jpg HTTP/1.1" 200 133641 "https://www.google.com/" "Mozilla/5.0 (Linux; Android 12; SAMSUNG SM-A515F) AppleWebKit/537.36 (KHTML, like Gecko) SamsungBrowser/19.0 Chrome/102.0.5005.125 Mobile Safari/537.36" "ysfine.com"
175.176.16.87 - - [05/Dec/2022:15:51:01 -0800] "GET /kowar/tanks/tank03.jpg HTTP/1.1" 200 106726 "https://www.google.com/blank.html" "Mozilla/5.0 (Linux; Android 10; SM-T295 Build/QP1A.190711.020; wv) AppleWebKit/537.36 (KHTML, like Gecko) Version/4.0 Chrome/80.0.3987.99 Safari/537.36 GSA/10.97.8.21.arm64" "ysfine.com"
157.55.39.76 - - [05/Dec/2022:15:52:01 -0800] "GET /bio/sbk/1950.html HTTP/1.1" 404 88 "-" "Mozilla/5.0 AppleWebKit/537.36 (KHTML, like Gecko; compatible; bingbot/2.0; +http://www.bing.com/bingbot.htm) Chrome/103.0.5060.134 Safari/537.36" "ysfine.com"
93.158.161.70 - - [05/Dec/2022:15:52:14 -0800] "GET /robots.txt HTTP/1.1" 404 73 "-" "Mozilla/5.0 (compatible; YandexBot/3.0; +http://yandex.com/bots)" "ysfine.com"
77.88.5.84 - - [05/Dec/2022:15:52:18 -0800] "GET /world/ital/sapienza13.jpg HTTP/1.1" 200 87160 "-" "Mozilla/5.0 (compatible; YandexImages/3.0; +http://yandex.com/bots)" "ysfine.com"
51.222.253.3 - - [05/Dec/2022:15:52:22 -0800] "GET /class54/class5470/total_data/sub_704.htm HTTP/1.1" 200 3295 "-" "Mozilla/5.0 (compatible; AhrefsBot/7.0; +http://ahrefs.com/robot/)" "www.ysfine.com"
187.108.208.146 - - [05/Dec/2022:15:52:50 -0800] "GET /wigner/neum/vnc01.jpg HTTP/1.1" 200 133641 "https://sites.google.com/" "Mozilla/5.0 (Windows NT 10.0; Win64; x64) AppleWebKit/537.36 (KHTML, like Gecko) Chrome/108.0.0.0 Safari/537.36" "ysfine.com"
157.55.39.6 - - [05/Dec/2022:15:53:23 -0800] "GET /bio/style/leica.html HTTP/1.1" 404 88 "-" "Mozilla/5.0 AppleWebKit/537.36 (KHTML, like Gecko; compatible; bingbot/2.0; +http://www.bing.com/bingbot.htm) Chrome/103.0.5060.134 Safari/537.36" "ysfine.com"
71.178.208.102 - - [05/Dec/2022:15:54:12 -0800] "GET /home/comet01.jpg HTTP/1.1" 200 89790 "https://www.ysfine.com/bio10.html" "Mozilla/5.0 (Linux; Android 5.1.1; KFSUWI) AppleWebKit/537.36 (KHTML, like Gecko) Silk/106.3.5 like Chrome/106.0.5249.170 Safari/537.36" "www.ysfine.com"
51.222.253.3 - - [05/Dec/2022:15:54:47 -0800] "GET /class54/class5470/total_data/sub_708.htm HTTP/1.1" 200 3295 "-" "Mozilla/5.0 (compatible; AhrefsBot/7.0; +http://ahrefs.com/robot/)" "www.ysfine.com"
157.55.39.6 - - [05/Dec/2022:15:55:43 -0800] "GET /bio/einstein/bern.html HTTP/1.1" 404 88 "-" "Mozilla/5.0 (compatible; bingbot/2.0; +http://www.bing.com/bingbot.htm)" "ysfine.com"
157.55.39.6 - - [05/Dec/2022:15:55:44 -0800] "GET /bio/kobak/namdae.html HTTP/1.1" 404 88 "-" "Mozilla/5.0 (compatible; bingbot/2.0; +http://www.bing.com/bingbot.htm)" "ysfine.com"
72.33.2.241 - - [05/Dec/2022:15:56:28 -0800] "GET /eink/eink54.jpg HTTP/1.1" 200 123527 "https://www.google.com/" "Mozilla/5.0 (iPhone; CPU iPhone OS 16_1_2 like Mac OS X) AppleWebKit/605.1.15 (KHTML, like Gecko) GSA/239.2.491423901 Mobile/20B110 Safari/604.1" "ysfine.com"
72.33.2.241 - - [05/Dec/2022:15:56:46 -0800] "GET /einstein/einbot.html HTTP/1.1" 200 126 "https://www.google.com/" "Mozilla/5.0 (iPhone; CPU iPhone OS 16_1 like Mac OS X) AppleWebKit/605.1.15 (KHTML, like Gecko) GSA/239.2.491423901 Mobile/15E148 Safari/604.1" "ysfine.com"
72.33.2.241 - - [05/Dec/2022:15:56:46 -0800] "GET /einstein/einkim.html HTTP/1.1" 200 3731 "https://ysfine.com/einstein/einbot.html" "Mozilla/5.0 (iPhone; CPU iPhone OS 16_1 like Mac OS X) AppleWebKit/605.1.15 (KHTML, like Gecko) GSA/239.2.491423901 Mobile/15E148 Safari/604.1" "ysfine.com"
72.33.2.241 - - [05/Dec/2022:15:56:46 -0800] "GET /einstein/einleft.html HTTP/1.1" 200 735 "https://ysfine.com/einstein/einbot.html" "Mozilla/5.0 (iPhone; CPU iPhone OS 16_1 like Mac OS X) AppleWebKit/605.1.15 (KHTML, like Gecko) GSA/239.2.491423901 Mobile/15E148 Safari/604.1" "ysfine.com"
72.33.2.241 - - [05/Dec/2022:15:56:46 -0800] "GET /einstein/eins47c.jpg HTTP/1.1" 200 43054 "https://ysfine.com/einstein/einkim.html" "Mozilla/5.0 (iPhone; CPU iPhone OS 16_1 like Mac OS X) AppleWebKit/605.1.15 (KHTML, like Gecko) GSA/239.2.491423901 Mobile/15E148 Safari/604.1" "ysfine.com"
72.33.2.241 - - [05/Dec/2022:15:56:46 -0800] "GET /einstein/orren11c.jpg HTTP/1.1" 200 21314 "https://ysfine.com/einstein/einkim.html" "Mozilla/5.0 (iPhone; CPU iPhone OS 16_1 like Mac OS X) AppleWebKit/605.1.15 (KHTML, like Gecko) GSA/239.2.491423901 Mobile/15E148 Safari/604.1" "ysfine.com"
72.33.2.241 - - [05/Dec/2022:15:56:46 -0800] "GET /einstein/ysturner11c.jpg HTTP/1.1" 200 39604 "https://ysfine.com/einstein/einkim.html" "Mozilla/5.0 (iPhone; CPU iPhone OS 16_1 like Mac OS X) AppleWebKit/605.1.15 (KHTML, like Gecko) GSA/239.2.491423901 Mobile/15E148 Safari/604.1" "ysfine.com"
72.33.2.241 - - [05/Dec/2022:15:56:46 -0800] "GET /einstein/einbohr33c.jpg HTTP/1.1" 200 36410 "https://ysfine.com/einstein/einkim.html" "Mozilla/5.0 (iPhone; CPU iPhone OS 16_1 like Mac OS X) AppleWebKit/605.1.15 (KHTML, like Gecko) GSA/239.2.491423901 Mobile/15E148 Safari/604.1" "ysfine.com"
72.33.2.241 - - [05/Dec/2022:15:56:46 -0800] "GET /einstein/pdugard17a.jpg HTTP/1.1" 200 92931 "https://ysfine.com/einstein/einkim.html" "Mozilla/5.0 (iPhone; CPU iPhone OS 16_1 like Mac OS X) AppleWebKit/605.1.15 (KHTML, like Gecko) GSA/239.2.491423901 Mobile/15E148 Safari/604.1" "ysfine.com"
72.33.2.241 - - [05/Dec/2022:15:56:47 -0800] "GET /home/dwf55a.jpg HTTP/1.1" 200 54743 "https://ysfine.com/einstein/einkim.html" "Mozilla/5.0 (iPhone; CPU iPhone OS 16_1 like Mac OS X) AppleWebKit/605.1.15 (KHTML, like Gecko) GSA/239.2.491423901 Mobile/15E148 Safari/604.1" "ysfine.com"
72.33.2.241 - - [05/Dec/2022:15:56:47 -0800] "GET /eink/eink54a.jpg HTTP/1.1" 200 79717 "https://ysfine.com/einstein/einkim.html" "Mozilla/5.0 (iPhone; CPU iPhone OS 16_1 like Mac OS X) AppleWebKit/605.1.15 (KHTML, like Gecko) GSA/239.2.491423901 Mobile/15E148 Safari/604.1" "ysfine.com"
72.33.2.241 - - [05/Dec/2022:15:56:47 -0800] "GET /einstein/keigel77a.jpg HTTP/1.1" 200 59466 "https://ysfine.com/einstein/einkim.html" "Mozilla/5.0 (iPhone; CPU iPhone OS 16_1 like Mac OS X) AppleWebKit/605.1.15 (KHTML, like Gecko) GSA/239.2.491423901 Mobile/15E148 Safari/604.1" "ysfine.com"
72.33.2.241 - - [05/Dec/2022:15:56:47 -0800] "GET /home/resonance33c.jpg HTTP/1.1" 200 36247 "https://ysfine.com/einstein/einkim.html" "Mozilla/5.0 (iPhone; CPU iPhone OS 16_1 like Mac OS X) AppleWebKit/605.1.15 (KHTML, like Gecko) GSA/239.2.491423901 Mobile/15E148 Safari/604.1" "ysfine.com"
72.33.2.241 - - [05/Dec/2022:15:56:47 -0800] "GET /einstein/eward33d.jpg HTTP/1.1" 200 61786 "https://ysfine.com/einstein/einkim.html" "Mozilla/5.0 (iPhone; CPU iPhone OS 16_1 like Mac OS X) AppleWebKit/605.1.15 (KHTML, like Gecko) GSA/239.2.491423901 Mobile/15E148 Safari/604.1" "ysfine.com"
40.77.167.39 - - [05/Dec/2022:15:57:11 -0800] "GET /bio/wigner/wigpoinc.html HTTP/1.1" 404 88 "-" "Mozilla/5.0 (compatible; bingbot/2.0; +http://www.bing.com/bingbot.htm)" "ysfine.com"
51.222.253.1 - - [05/Dec/2022:15:57:11 -0800] "GET /class54/class5480/Pictures/2.%C3%AA%C2%B8%C2%B0%C3%AB%C2%85%C2%90%C3%AD%C2%96%C2%89%C3%AC%C2%82%C2%AC/ HTTP/1.1" 200 1718 "-" "Mozilla/5.0 (compatible; AhrefsBot/7.0; +http://ahrefs.com/robot/)" "ysfine.com"
185.191.171.21 - - [05/Dec/2022:15:57:36 -0800] "GET /robots.txt HTTP/1.1" 404 88 "-" "Mozilla/5.0 (compatible; SemrushBot/7~bl; +http://www.semrush.com/bot.html)" "ysfine.com"
185.191.171.1 - - [05/Dec/2022:15:57:36 -0800] "GET /wisdom/wk08.html HTTP/1.1" 200 32569 "-" "Mozilla/5.0 (compatible; SemrushBot/7~bl; +http://www.semrush.com/bot.html)" "ysfine.com"
72.33.2.241 - - [05/Dec/2022:15:59:21 -0800] "GET /eink/eink54.jpg HTTP/1.1" 200 123527 "https://ysfine.com/einstein/einkim.html" "Mozilla/5.0 (iPhone; CPU iPhone OS 16_1 like Mac OS X) AppleWebKit/605.1.15 (KHTML, like Gecko) GSA/239.2.491423901 Mobile/15E148 Safari/604.1" "ysfine.com"
51.222.253.11 - - [05/Dec/2022:15:59:53 -0800] "GET /class54/class5470/total_data/sub_703.htm HTTP/1.1" 200 3295 "-" "Mozilla/5.0 (compatible; AhrefsBot/7.0; +http://ahrefs.com/robot/)" "www.ysfine.com"
137.125.142.196 - - [05/Dec/2022:16:00:14 -0800] "GET /princeton/firestone11.jpg HTTP/1.1" 200 219648 "https://www.google.com/" "Mozilla/5.0 (Windows NT 10.0; Win64; x64; rv:107.0) Gecko/20100101 Firefox/107.0" "ysfine.com"
157.55.39.6 - - [05/Dec/2022:16:01:36 -0800] "GET /bio/dirac/diracpol.html HTTP/1.1" 404 88 "-" "Mozilla/5.0 AppleWebKit/537.36 (KHTML, like Gecko; compatible; bingbot/2.0; +http://www.bing.com/bingbot.htm) Chrome/103.0.5060.134 Safari/537.36" "ysfine.com"
77.88.5.168 - - [05/Dec/2022:16:02:11 -0800] "GET /robots.txt HTTP/1.1" 404 73 "-" "Mozilla/5.0 (compatible; YandexBot/3.0; +http://yandex.com/bots)" "www.ysfine.com"
77.88.5.250 - - [05/Dec/2022:16:02:15 -0800] "GET /wigner/neum/vnc09.jpg HTTP/1.1" 200 112484 "-" "Mozilla/5.0 (compatible; YandexImages/3.0; +http://yandex.com/bots)" "www.ysfine.com"
207.46.13.134 - - [05/Dec/2022:16:02:29 -0800] "GET /bio/feynman/fphoto.html HTTP/1.1" 404 88 "-" "Mozilla/5.0 (compatible; bingbot/2.0; +http://www.bing.com/bingbot.htm)" "ysfine.com"
93.158.161.47 - - [05/Dec/2022:16:03:19 -0800] "GET / HTTP/1.1" 200 5295 "-" "Mozilla/5.0 (compatible; YandexBot/3.0; +http://yandex.com/bots) AppleWebKit/537.36 (KHTML, like Gecko) Chrome/81.0.4044.268" "www.ysfine.com"
207.46.13.48 - - [05/Dec/2022:16:03:38 -0800] "GET /ysbio/folks/israel.html HTTP/1.1" 404 88 "-" "Mozilla/5.0 (compatible; bingbot/2.0; +http://www.bing.com/bingbot.htm)" "ysfine.com"
93.158.161.47 - - [05/Dec/2022:16:03:55 -0800] "GET /kobak/kohist.html HTTP/1.1" 200 6039 "-" "Mozilla/5.0 (compatible; YandexBot/3.0; +http://yandex.com/bots)" "www.ysfine.com"
71.178.208.102 - - [05/Dec/2022:16:04:22 -0800] "GET /eink/eink400.jpg HTTP/1.1" 200 49740 "https://www.ysfine.com/bio07.html" "Mozilla/5.0 (Linux; Android 5.1.1; KFSUWI) AppleWebKit/537.36 (KHTML, like Gecko) Silk/106.3.5 like Chrome/106.0.5249.170 Safari/537.36" "www.ysfine.com"
71.178.208.102 - - [05/Dec/2022:16:04:22 -0800] "GET /sbk/1987pr22c.jpg HTTP/1.1" 200 40964 "https://www.ysfine.com/bio07.html" "Mozilla/5.0 (Linux; Android 5.1.1; KFSUWI) AppleWebKit/537.36 (KHTML, like Gecko) Silk/106.3.5 like Chrome/106.0.5249.170 Safari/537.36" "www.ysfine.com"
71.178.208.102 - - [05/Dec/2022:16:04:22 -0800] "GET /home/wigein11d.jpg HTTP/1.1" 200 38446 "https://www.ysfine.com/bio07.html" "Mozilla/5.0 (Linux; Android 5.1.1; KFSUWI) AppleWebKit/537.36 (KHTML, like Gecko) Silk/106.3.5 like Chrome/106.0.5249.170 Safari/537.36" "www.ysfine.com"
71.178.208.102 - - [05/Dec/2022:16:04:22 -0800] "GET /home/sbt11d.jpg HTTP/1.1" 200 41029 "https://www.ysfine.com/bio07.html" "Mozilla/5.0 (Linux; Android 5.1.1; KFSUWI) AppleWebKit/537.36 (KHTML, like Gecko) Silk/106.3.5 like Chrome/106.0.5249.170 Safari/537.36" "www.ysfine.com"
71.178.208.102 - - [05/Dec/2022:16:04:22 -0800] "GET /fotos/sbtwein11d.jpg HTTP/1.1" 200 61469 "https://www.ysfine.com/bio07.html" "Mozilla/5.0 (Linux; Android 5.1.1; KFSUWI) AppleWebKit/537.36 (KHTML, like Gecko) Silk/106.3.5 like Chrome/106.0.5249.170 Safari/537.36" "www.ysfine.com"
71.178.208.102 - - [05/Dec/2022:16:04:22 -0800] "GET /home/foto22/bek22k.jpg HTTP/1.1" 200 67638 "https://www.ysfine.com/bio07.html" "Mozilla/5.0 (Linux; Android 5.1.1; KFSUWI) AppleWebKit/537.36 (KHTML, like Gecko) Silk/106.3.5 like Chrome/106.0.5249.170 Safari/537.36" "www.ysfine.com"
51.222.253.11 - - [05/Dec/2022:16:04:53 -0800] "GET /class54/class5470/total_data/sub_711.htm HTTP/1.1" 200 3294 "-" "Mozilla/5.0 (compatible; AhrefsBot/7.0; +http://ahrefs.com/robot/)" "www.ysfine.com"
71.178.208.102 - - [05/Dec/2022:16:05:12 -0800] "GET /bio11.html HTTP/1.1" 200 3308 "https://www.ysfine.com/ys11/index.html" "Mozilla/5.0 (Linux; Android 5.1.1; KFSUWI) AppleWebKit/537.36 (KHTML, like Gecko) Silk/106.3.5 like Chrome/106.0.5249.170 Safari/537.36" "www.ysfine.com"
71.178.208.102 - - [05/Dec/2022:16:05:13 -0800] "GET /world/coke800.jpg HTTP/1.1" 200 60600 "https://www.ysfine.com/bio11.html" "Mozilla/5.0 (Linux; Android 5.1.1; KFSUWI) AppleWebKit/537.36 (KHTML, like Gecko) Silk/106.3.5 like Chrome/106.0.5249.170 Safari/537.36" "www.ysfine.com"
71.178.208.102 - - [05/Dec/2022:16:05:13 -0800] "GET /world/china/beijing101c.jpg HTTP/1.1" 200 41830 "https://www.ysfine.com/bio11.html" "Mozilla/5.0 (Linux; Android 5.1.1; KFSUWI) AppleWebKit/537.36 (KHTML, like Gecko) Silk/106.3.5 like Chrome/106.0.5249.170 Safari/537.36" "www.ysfine.com"
71.178.208.102 - - [05/Dec/2022:16:05:13 -0800] "GET /world/france/eiffel15c.jpg HTTP/1.1" 200 36995 "https://www.ysfine.com/bio11.html" "Mozilla/5.0 (Linux; Android 5.1.1; KFSUWI) AppleWebKit/537.36 (KHTML, like Gecko) Silk/106.3.5 like Chrome/106.0.5249.170 Safari/537.36" "www.ysfine.com"
71.178.208.102 - - [05/Dec/2022:16:05:13 -0800] "GET /style/cameras/canonp66c.jpg HTTP/1.1" 200 23047 "https://www.ysfine.com/bio11.html" "Mozilla/5.0 (Linux; Android 5.1.1; KFSUWI) AppleWebKit/537.36 (KHTML, like Gecko) Silk/106.3.5 like Chrome/106.0.5249.170 Safari/537.36" "www.ysfine.com"
71.178.208.102 - - [05/Dec/2022:16:05:13 -0800] "GET /eink/pawkim19c.jpg HTTP/1.1" 200 53195 "https://www.ysfine.com/bio11.html" "Mozilla/5.0 (Linux; Android 5.1.1; KFSUWI) AppleWebKit/537.36 (KHTML, like Gecko) Silk/106.3.5 like Chrome/106.0.5249.170 Safari/537.36" "www.ysfine.com"
157.55.39.76 - - [05/Dec/2022:16:06:02 -0800] "GET /bio/bio07.html HTTP/1.1" 404 88 "-" "Mozilla/5.0 (compatible; bingbot/2.0; +http://www.bing.com/bingbot.htm)" "ysfine.com"
207.46.13.20 - - [05/Dec/2022:16:06:39 -0800] "GET /ysbio/folks/korean.html HTTP/1.1" 404 88 "-" "Mozilla/5.0 (compatible; bingbot/2.0; +http://www.bing.com/bingbot.htm)" "ysfine.com"
79.173.83.16 - - [05/Dec/2022:16:06:51 -0800] "GET /kowar/war53.html HTTP/1.1" 200 6652 "https://yandex.ru/" "Mozilla/5.0 (Windows NT 10.0; Win64; x64) AppleWebKit/537.36 (KHTML, like Gecko) Chrome/106.0.0.0 YaBrowser/22.11.0.2500 Yowser/2.5 Safari/537.36" "www.ysfine.com"
79.173.83.16 - - [05/Dec/2022:16:06:51 -0800] "GET /kobak/sohnwi01b.jpg HTTP/1.1" 200 35047 "https://www.ysfine.com/kowar/war53.html" "Mozilla/5.0 (Windows NT 10.0; Win64; x64) AppleWebKit/537.36 (KHTML, like Gecko) Chrome/106.0.0.0 YaBrowser/22.11.0.2500 Yowser/2.5 Safari/537.36" "www.ysfine.com"
79.173.83.16 - - [05/Dec/2022:16:06:51 -0800] "GET /kowar/panmun02b.jpg HTTP/1.1" 200 51595 "https://www.ysfine.com/kowar/war53.html" "Mozilla/5.0 (Windows NT 10.0; Win64; x64) AppleWebKit/537.36 (KHTML, like Gecko) Chrome/106.0.0.0 YaBrowser/22.11.0.2500 Yowser/2.5 Safari/537.36" "www.ysfine.com"
79.173.83.16 - - [05/Dec/2022:16:06:51 -0800] "GET /kowar/photos/eisenhower22b.jpg HTTP/1.1" 200 43010 "https://www.ysfine.com/kowar/war53.html" "Mozilla/5.0 (Windows NT 10.0; Win64; x64) AppleWebKit/537.36 (KHTML, like Gecko) Chrome/106.0.0.0 YaBrowser/22.11.0.2500 Yowser/2.5 Safari/537.36" "www.ysfine.com"
79.173.83.16 - - [05/Dec/2022:16:06:51 -0800] "GET /kowar/kimis53b.jpg HTTP/1.1" 200 44376 "https://www.ysfine.com/kowar/war53.html" "Mozilla/5.0 (Windows NT 10.0; Win64; x64) AppleWebKit/537.36 (KHTML, like Gecko) Chrome/106.0.0.0 YaBrowser/22.11.0.2500 Yowser/2.5 Safari/537.36" "www.ysfine.com"
79.173.83.16 - - [05/Dec/2022:16:06:51 -0800] "GET /kobak/underw12b.jpg HTTP/1.1" 200 42070 "https://www.ysfine.com/kowar/war53.html" "Mozilla/5.0 (Windows NT 10.0; Win64; x64) AppleWebKit/537.36 (KHTML, like Gecko) Chrome/106.0.0.0 YaBrowser/22.11.0.2500 Yowser/2.5 Safari/537.36" "www.ysfine.com"
79.173.83.16 - - [05/Dec/2022:16:06:51 -0800] "GET /kobak/nll01b.jpg HTTP/1.1" 200 30471 "https://www.ysfine.com/kowar/war53.html" "Mozilla/5.0 (Windows NT 10.0; Win64; x64) AppleWebKit/537.36 (KHTML, like Gecko) Chrome/106.0.0.0 YaBrowser/22.11.0.2500 Yowser/2.5 Safari/537.36" "www.ysfine.com"
79.173.83.16 - - [05/Dec/2022:16:06:51 -0800] "GET /kowar/tanks/b36bomber11b.jpg HTTP/1.1" 200 25249 "https://www.ysfine.com/kowar/war53.html" "Mozilla/5.0 (Windows NT 10.0; Win64; x64) AppleWebKit/537.36 (KHTML, like Gecko) Chrome/106.0.0.0 YaBrowser/22.11.0.2500 Yowser/2.5 Safari/537.36" "www.ysfine.com"
79.173.83.16 - - [05/Dec/2022:16:06:51 -0800] "GET /kobak/rhee12b.jpg HTTP/1.1" 200 49113 "https://www.ysfine.com/kowar/war53.html" "Mozilla/5.0 (Windows NT 10.0; Win64; x64) AppleWebKit/537.36 (KHTML, like Gecko) Chrome/106.0.0.0 YaBrowser/22.11.0.2500 Yowser/2.5 Safari/537.36" "www.ysfine.com"
79.173.83.16 - - [05/Dec/2022:16:06:51 -0800] "GET /kowar/paiksy01b.jpg HTTP/1.1" 200 54700 "https://www.ysfine.com/kowar/war53.html" "Mozilla/5.0 (Windows NT 10.0; Win64; x64) AppleWebKit/537.36 (KHTML, like Gecko) Chrome/106.0.0.0 YaBrowser/22.11.0.2500 Yowser/2.5 Safari/537.36" "www.ysfine.com"
79.173.83.16 - - [05/Dec/2022:16:06:51 -0800] "GET /kobak/kumipo01b.jpg HTTP/1.1" 200 32923 "https://www.ysfine.com/kowar/war53.html" "Mozilla/5.0 (Windows NT 10.0; Win64; x64) AppleWebKit/537.36 (KHTML, like Gecko) Chrome/106.0.0.0 YaBrowser/22.11.0.2500 Yowser/2.5 Safari/537.36" "www.ysfine.com"
79.173.83.16 - - [05/Dec/2022:16:06:51 -0800] "GET /kobak/draftreg33b.jpg HTTP/1.1" 200 39377 "https://www.ysfine.com/kowar/war53.html" "Mozilla/5.0 (Windows NT 10.0; Win64; x64) AppleWebKit/537.36 (KHTML, like Gecko) Chrome/106.0.0.0 YaBrowser/22.11.0.2500 Yowser/2.5 Safari/537.36" "www.ysfine.com"
79.173.83.16 - - [05/Dec/2022:16:06:51 -0800] "GET /kowar/panmun01b.jpg HTTP/1.1" 200 35620 "https://www.ysfine.com/kowar/war53.html" "Mozilla/5.0 (Windows NT 10.0; Win64; x64) AppleWebKit/537.36 (KHTML, like Gecko) Chrome/106.0.0.0 YaBrowser/22.11.0.2500 Yowser/2.5 Safari/537.36" "www.ysfine.com"
79.173.83.16 - - [05/Dec/2022:16:06:51 -0800] "GET /kobak/underw06b.jpg HTTP/1.1" 200 51332 "https://www.ysfine.com/kowar/war53.html" "Mozilla/5.0 (Windows NT 10.0; Win64; x64) AppleWebKit/537.36 (KHTML, like Gecko) Chrome/106.0.0.0 YaBrowser/22.11.0.2500 Yowser/2.5 Safari/537.36" "www.ysfine.com"
79.173.83.16 - - [05/Dec/2022:16:06:51 -0800] "GET /kobak/somap38b.jpg HTTP/1.1" 200 54149 "https://www.ysfine.com/kowar/war53.html" "Mozilla/5.0 (Windows NT 10.0; Win64; x64) AppleWebKit/537.36 (KHTML, like Gecko) Chrome/106.0.0.0 YaBrowser/22.11.0.2500 Yowser/2.5 Safari/537.36" "www.ysfine.com"
66.249.70.3 - - [05/Dec/2022:16:07:37 -0800] "GET /world/ital/bologsw24b.jpg HTTP/1.1" 200 37942 "-" "Googlebot-Image/1.0" "ysfine.com"
40.77.167.39 - - [05/Dec/2022:16:08:02 -0800] "GET /bio/genea.html HTTP/1.1" 404 88 "-" "Mozilla/5.0 (compatible; bingbot/2.0; +http://www.bing.com/bingbot.htm)" "ysfine.com"
71.178.208.102 - - [05/Dec/2022:16:08:08 -0800] "GET /bio09.html HTTP/1.1" 304 - "https://www.ysfine.com/ys11/index.html" "Mozilla/5.0 (Linux; Android 5.1.1; KFSUWI) AppleWebKit/537.36 (KHTML, like Gecko) Silk/106.3.5 like Chrome/106.0.5249.170 Safari/537.36" "www.ysfine.com"
71.178.208.102 - - [05/Dec/2022:16:08:08 -0800] "GET /home/wigkim450.jpg HTTP/1.1" 200 46980 "https://www.ysfine.com/bio09.html" "Mozilla/5.0 (Linux; Android 5.1.1; KFSUWI) AppleWebKit/537.36 (KHTML, like Gecko) Silk/106.3.5 like Chrome/106.0.5249.170 Safari/537.36" "www.ysfine.com"
71.178.208.102 - - [05/Dec/2022:16:08:08 -0800] "GET /home/o32inho22g.jpg HTTP/1.1" 200 90429 "https://www.ysfine.com/bio09.html" "Mozilla/5.0 (Linux; Android 5.1.1; KFSUWI) AppleWebKit/537.36 (KHTML, like Gecko) Silk/106.3.5 like Chrome/106.0.5249.170 Safari/537.36" "www.ysfine.com"
71.178.208.102 - - [05/Dec/2022:16:08:08 -0800] "GET /home/comet40f.jpg HTTP/1.1" 200 101816 "https://www.ysfine.com/bio09.html" "Mozilla/5.0 (Linux; Android 5.1.1; KFSUWI) AppleWebKit/537.36 (KHTML, like Gecko) Silk/106.3.5 like Chrome/106.0.5249.170 Safari/537.36" "www.ysfine.com"
71.178.208.102 - - [05/Dec/2022:16:08:08 -0800] "GET /fotos/einhaus450.jpg HTTP/1.1" 200 65369 "https://www.ysfine.com/bio09.html" "Mozilla/5.0 (Linux; Android 5.1.1; KFSUWI) AppleWebKit/537.36 (KHTML, like Gecko) Silk/106.3.5 like Chrome/106.0.5249.170 Safari/537.36" "www.ysfine.com"
71.178.208.102 - - [05/Dec/2022:16:08:08 -0800] "GET /home/tollwig11d.jpg HTTP/1.1" 200 39722 "https://www.ysfine.com/bio09.html" "Mozilla/5.0 (Linux; Android 5.1.1; KFSUWI) AppleWebKit/537.36 (KHTML, like Gecko) Silk/106.3.5 like Chrome/106.0.5249.170 Safari/537.36" "www.ysfine.com"
71.178.208.102 - - [05/Dec/2022:16:08:08 -0800] "GET /home/fig33/parton77g.jpg HTTP/1.1" 200 111292 "https://www.ysfine.com/bio09.html" "Mozilla/5.0 (Linux; Android 5.1.1; KFSUWI) AppleWebKit/537.36 (KHTML, like Gecko) Silk/106.3.5 like Chrome/106.0.5249.170 Safari/537.36" "www.ysfine.com"
71.178.208.102 - - [05/Dec/2022:16:08:08 -0800] "GET /home/fig33/sbtwein450.jpg HTTP/1.1" 200 73194 "https://www.ysfine.com/bio09.html" "Mozilla/5.0 (Linux; Android 5.1.1; KFSUWI) AppleWebKit/537.36 (KHTML, like Gecko) Silk/106.3.5 like Chrome/106.0.5249.170 Safari/537.36" "www.ysfine.com"
71.178.208.102 - - [05/Dec/2022:16:08:08 -0800] "GET /home/wigner22d.jpg HTTP/1.1" 200 70992 "https://www.ysfine.com/bio09.html" "Mozilla/5.0 (Linux; Android 5.1.1; KFSUWI) AppleWebKit/537.36 (KHTML, like Gecko) Silk/106.3.5 like Chrome/106.0.5249.170 Safari/537.36" "www.ysfine.com"
71.178.208.102 - - [05/Dec/2022:16:08:08 -0800] "GET /home/further22f.jpg HTTP/1.1" 200 99099 "https://www.ysfine.com/bio09.html" "Mozilla/5.0 (Linux; Android 5.1.1; KFSUWI) AppleWebKit/537.36 (KHTML, like Gecko) Silk/106.3.5 like Chrome/106.0.5249.170 Safari/537.36" "www.ysfine.com"
71.178.208.102 - - [05/Dec/2022:16:08:08 -0800] "GET /fotos/einmu41d.jpg HTTP/1.1" 200 62005 "https://www.ysfine.com/bio09.html" "Mozilla/5.0 (Linux; Android 5.1.1; KFSUWI) AppleWebKit/537.36 (KHTML, like Gecko) Silk/106.3.5 like Chrome/106.0.5249.170 Safari/537.36" "www.ysfine.com"
71.178.208.102 - - [05/Dec/2022:16:08:08 -0800] "GET /wigner/michwight.jpg HTTP/1.1" 200 73424 "https://www.ysfine.com/bio09.html" "Mozilla/5.0 (Linux; Android 5.1.1; KFSUWI) AppleWebKit/537.36 (KHTML, like Gecko) Silk/106.3.5 like Chrome/106.0.5249.170 Safari/537.36" "www.ysfine.com"
71.178.208.102 - - [05/Dec/2022:16:08:08 -0800] "GET /einstein/einbohr55f.jpg HTTP/1.1" 200 155618 "https://www.ysfine.com/bio09.html" "Mozilla/5.0 (Linux; Android 5.1.1; KFSUWI) AppleWebKit/537.36 (KHTML, like Gecko) Silk/106.3.5 like Chrome/106.0.5249.170 Safari/537.36" "www.ysfine.com"
71.178.208.102 - - [05/Dec/2022:16:08:08 -0800] "GET /dirac/truck/truck18a.jpg HTTP/1.1" 200 78184 "https://www.ysfine.com/bio09.html" "Mozilla/5.0 (Linux; Android 5.1.1; KFSUWI) AppleWebKit/537.36 (KHTML, like Gecko) Silk/106.3.5 like Chrome/106.0.5249.170 Safari/537.36" "www.ysfine.com"
47.246.164.151 - - [05/Dec/2022:16:08:26 -0800] "GET /dirac/diracpqm58.jpg HTTP/1.1" 200 69325 "-" "Mozilla/5.0 (X11; Ubuntu; Linux x86_64; rv:72.0) Gecko/20100101 Firefox/72.0" "ysfine.com"
14.116.207.31 - - [05/Dec/2022:16:09:12 -0800] "GET /wp-login.php HTTP/1.1" 404 88 "-" "Apache-HttpClient/4.5.2 (Java/1.8.0_151)" "www.ysfine.com"
14.116.207.31 - - [05/Dec/2022:16:09:15 -0800] "GET /?author=1 HTTP/1.1" 200 5295 "-" "Apache-HttpClient/4.5.2 (Java/1.8.0_151)" "www.ysfine.com"
14.116.207.31 - - [05/Dec/2022:16:09:15 -0800] "GET /?author=2 HTTP/1.1" 200 5295 "-" "Apache-HttpClient/4.5.2 (Java/1.8.0_151)" "www.ysfine.com"
14.116.207.31 - - [05/Dec/2022:16:09:16 -0800] "GET /?author=3 HTTP/1.1" 200 5295 "-" "Apache-HttpClient/4.5.2 (Java/1.8.0_151)" "www.ysfine.com"
14.116.207.31 - - [05/Dec/2022:16:09:16 -0800] "GET /?author=4 HTTP/1.1" 200 5295 "-" "Apache-HttpClient/4.5.2 (Java/1.8.0_151)" "www.ysfine.com"
14.116.207.31 - - [05/Dec/2022:16:09:16 -0800] "GET /?author=5 HTTP/1.1" 200 5295 "-" "Apache-HttpClient/4.5.2 (Java/1.8.0_151)" "www.ysfine.com"
14.116.207.31 - - [05/Dec/2022:16:09:17 -0800] "GET /?author=6 HTTP/1.1" 200 5295 "-" "Apache-HttpClient/4.5.2 (Java/1.8.0_151)" "www.ysfine.com"
14.116.207.31 - - [05/Dec/2022:16:09:17 -0800] "GET /?author=7 HTTP/1.1" 200 5295 "-" "Apache-HttpClient/4.5.2 (Java/1.8.0_151)" "www.ysfine.com"
14.116.207.31 - - [05/Dec/2022:16:09:17 -0800] "GET /?author=8 HTTP/1.1" 200 5295 "-" "Apache-HttpClient/4.5.2 (Java/1.8.0_151)" "www.ysfine.com"
14.116.207.31 - - [05/Dec/2022:16:09:18 -0800] "GET /?author=9 HTTP/1.1" 200 5295 "-" "Apache-HttpClient/4.5.2 (Java/1.8.0_151)" "www.ysfine.com"
14.116.207.31 - - [05/Dec/2022:16:09:18 -0800] "GET /?author=10 HTTP/1.1" 200 5295 "-" "Apache-HttpClient/4.5.2 (Java/1.8.0_151)" "www.ysfine.com"
14.116.207.31 - - [05/Dec/2022:16:09:18 -0800] "GET /?author=11 HTTP/1.1" 200 5295 "-" "Apache-HttpClient/4.5.2 (Java/1.8.0_151)" "www.ysfine.com"
14.116.207.31 - - [05/Dec/2022:16:09:19 -0800] "GET /?author=12 HTTP/1.1" 200 5295 "-" "Apache-HttpClient/4.5.2 (Java/1.8.0_151)" "www.ysfine.com"
14.116.207.31 - - [05/Dec/2022:16:09:19 -0800] "GET /?author=13 HTTP/1.1" 200 5295 "-" "Apache-HttpClient/4.5.2 (Java/1.8.0_151)" "www.ysfine.com"
14.116.207.31 - - [05/Dec/2022:16:09:20 -0800] "GET /?author=14 HTTP/1.1" 200 5295 "-" "Apache-HttpClient/4.5.2 (Java/1.8.0_151)" "www.ysfine.com"
14.116.207.31 - - [05/Dec/2022:16:09:20 -0800] "GET /?author=15 HTTP/1.1" 200 5295 "-" "Apache-HttpClient/4.5.2 (Java/1.8.0_151)" "www.ysfine.com"
14.116.207.31 - - [05/Dec/2022:16:09:20 -0800] "GET /?author=16 HTTP/1.1" 200 5295 "-" "Apache-HttpClient/4.5.2 (Java/1.8.0_151)" "www.ysfine.com"
14.116.207.31 - - [05/Dec/2022:16:09:20 -0800] "GET /?author=17 HTTP/1.1" 200 5295 "-" "Apache-HttpClient/4.5.2 (Java/1.8.0_151)" "www.ysfine.com"
14.116.207.31 - - [05/Dec/2022:16:09:21 -0800] "GET /?author=18 HTTP/1.1" 200 5295 "-" "Apache-HttpClient/4.5.2 (Java/1.8.0_151)" "www.ysfine.com"
14.116.207.31 - - [05/Dec/2022:16:09:21 -0800] "GET /?author=19 HTTP/1.1" 200 5295 "-" "Apache-HttpClient/4.5.2 (Java/1.8.0_151)" "www.ysfine.com"
14.116.207.31 - - [05/Dec/2022:16:09:21 -0800] "GET /?author=20 HTTP/1.1" 200 5295 "-" "Apache-HttpClient/4.5.2 (Java/1.8.0_151)" "www.ysfine.com"
51.222.253.19 - - [05/Dec/2022:16:09:49 -0800] "GET /class54/class5470/total_data/sub_716.htm HTTP/1.1" 200 3294 "-" "Mozilla/5.0 (compatible; AhrefsBot/7.0; +http://ahrefs.com/robot/)" "www.ysfine.com"
197.57.211.92 - - [05/Dec/2022:16:09:54 -0800] "GET /world/ital/vicenza04.jpg HTTP/1.1" 200 177718 "https://www.google.com/" "Mozilla/5.0 (Windows NT 10.0; Win64; x64) AppleWebKit/537.36 (KHTML, like Gecko) Chrome/108.0.0.0 Safari/537.36" "ysfine.com"
216.244.66.229 - - [05/Dec/2022:16:10:14 -0800] "GET /folks/mongo03.jpg HTTP/1.1" 200 40027 "-" "Mozilla/5.0 (compatible; DotBot/1.2; +https://opensiteexplorer.org/dotbot; help@moz.com)" "www.ysfine.com"
216.244.66.229 - - [05/Dec/2022:16:10:21 -0800] "GET /folks/victork22.jpg HTTP/1.1" 200 52095 "-" "Mozilla/5.0 (compatible; DotBot/1.2; +https://opensiteexplorer.org/dotbot; help@moz.com)" "www.ysfine.com"
207.46.13.134 - - [05/Dec/2022:16:11:30 -0800] "GET /bio/easy.html HTTP/1.1" 404 88 "-" "Mozilla/5.0 AppleWebKit/537.36 (KHTML, like Gecko; compatible; bingbot/2.0; +http://www.bing.com/bingbot.htm) Chrome/103.0.5060.134 Safari/537.36" "ysfine.com"
73.129.68.188 - - [05/Dec/2022:16:11:36 -0800] "GET /maga/histo/desiree22.jpg HTTP/1.1" 200 113561 "https://www.google.com/" "Mozilla/5.0 (iPad; CPU OS 11_3 like Mac OS X) AppleWebKit/605.1.15 (KHTML, like Gecko) Version/11.0 Mobile/15E148 Safari/604.1" "ysfine.com"
51.222.253.13 - - [05/Dec/2022:16:12:22 -0800] "GET /class54/class5470/total_data/sub_881.htm HTTP/1.1" 200 3504 "-" "Mozilla/5.0 (compatible; AhrefsBot/7.0; +http://ahrefs.com/robot/)" "www.ysfine.com"
51.222.253.10 - - [05/Dec/2022:16:12:33 -0800] "GET /class54/class5470/total_data/photo_img/8-81.jpg HTTP/1.1" 200 194585 "-" "Mozilla/5.0 (compatible; AhrefsBot/7.0; +http://ahrefs.com/robot/)" "www.ysfine.com"
71.178.208.102 - - [05/Dec/2022:16:12:43 -0800] "GET /awards/index.html HTTP/1.1" 200 10117 "https://www.ysfine.com/ys11/index.html" "Mozilla/5.0 (Linux; Android 5.1.1; KFSUWI) AppleWebKit/537.36 (KHTML, like Gecko) Silk/106.3.5 like Chrome/106.0.5249.170 Safari/537.36" "www.ysfine.com"
71.178.208.102 - - [05/Dec/2022:16:12:43 -0800] "GET /awards/ysnr11d.jpg HTTP/1.1" 200 61140 "https://www.ysfine.com/awards/index.html" "Mozilla/5.0 (Linux; Android 5.1.1; KFSUWI) AppleWebKit/537.36 (KHTML, like Gecko) Silk/106.3.5 like Chrome/106.0.5249.170 Safari/537.36" "www.ysfine.com"
71.178.208.102 - - [05/Dec/2022:16:12:43 -0800] "GET /awards/fortune23f.jpg HTTP/1.1" 200 270365 "https://www.ysfine.com/awards/index.html" "Mozilla/5.0 (Linux; Android 5.1.1; KFSUWI) AppleWebKit/537.36 (KHTML, like Gecko) Silk/106.3.5 like Chrome/106.0.5249.170 Safari/537.36" "www.ysfine.com"
71.178.208.102 - - [05/Dec/2022:16:12:43 -0800] "GET /awards/marq/hemis21f.jpg HTTP/1.1" 200 180095 "https://www.ysfine.com/awards/index.html" "Mozilla/5.0 (Linux; Android 5.1.1; KFSUWI) AppleWebKit/537.36 (KHTML, like Gecko) Silk/106.3.5 like Chrome/106.0.5249.170 Safari/537.36" "www.ysfine.com"
71.178.208.102 - - [05/Dec/2022:16:12:43 -0800] "GET /awards/marq/marq16d.jpg HTTP/1.1" 200 107457 "https://www.ysfine.com/awards/index.html" "Mozilla/5.0 (Linux; Android 5.1.1; KFSUWI) AppleWebKit/537.36 (KHTML, like Gecko) Silk/106.3.5 like Chrome/106.0.5249.170 Safari/537.36" "www.ysfine.com"
71.178.208.102 - - [05/Dec/2022:16:12:43 -0800] "GET /awards/ewk88d.jpg HTTP/1.1" 200 96031 "https://www.ysfine.com/awards/index.html" "Mozilla/5.0 (Linux; Android 5.1.1; KFSUWI) AppleWebKit/537.36 (KHTML, like Gecko) Silk/106.3.5 like Chrome/106.0.5249.170 Safari/537.36" "www.ysfine.com"
71.178.208.102 - - [05/Dec/2022:16:12:43 -0800] "GET /awards/timeline11f.jpg HTTP/1.1" 200 169039 "https://www.ysfine.com/awards/index.html" "Mozilla/5.0 (Linux; Android 5.1.1; KFSUWI) AppleWebKit/537.36 (KHTML, like Gecko) Silk/106.3.5 like Chrome/106.0.5249.170 Safari/537.36" "www.ysfine.com"
71.178.208.102 - - [05/Dec/2022:16:12:43 -0800] "GET /awards/fortune21f.jpg HTTP/1.1" 200 234815 "https://www.ysfine.com/awards/index.html" "Mozilla/5.0 (Linux; Android 5.1.1; KFSUWI) AppleWebKit/537.36 (KHTML, like Gecko) Silk/106.3.5 like Chrome/106.0.5249.170 Safari/537.36" "www.ysfine.com"
71.178.208.102 - - [05/Dec/2022:16:12:43 -0800] "GET /awards/marq/marq22f.jpg HTTP/1.1" 200 142401 "https://www.ysfine.com/awards/index.html" "Mozilla/5.0 (Linux; Android 5.1.1; KFSUWI) AppleWebKit/537.36 (KHTML, like Gecko) Silk/106.3.5 like Chrome/106.0.5249.170 Safari/537.36" "www.ysfine.com"
71.178.208.102 - - [05/Dec/2022:16:12:44 -0800] "GET /awards/wsj21f.jpg HTTP/1.1" 200 172238 "https://www.ysfine.com/awards/index.html" "Mozilla/5.0 (Linux; Android 5.1.1; KFSUWI) AppleWebKit/537.36 (KHTML, like Gecko) Silk/106.3.5 like Chrome/106.0.5249.170 Safari/537.36" "www.ysfine.com"
71.178.208.102 - - [05/Dec/2022:16:12:44 -0800] "GET /awards/timessq11d.jpg HTTP/1.1" 200 105546 "https://www.ysfine.com/awards/index.html" "Mozilla/5.0 (Linux; Android 5.1.1; KFSUWI) AppleWebKit/537.36 (KHTML, like Gecko) Silk/106.3.5 like Chrome/106.0.5249.170 Safari/537.36" "www.ysfine.com"
71.178.208.102 - - [05/Dec/2022:16:12:44 -0800] "GET /awards/beward11f.jpg HTTP/1.1" 200 123557 "https://www.ysfine.com/awards/index.html" "Mozilla/5.0 (Linux; Android 5.1.1; KFSUWI) AppleWebKit/537.36 (KHTML, like Gecko) Silk/106.3.5 like Chrome/106.0.5249.170 Safari/537.36" "www.ysfine.com"
71.178.208.102 - - [05/Dec/2022:16:12:44 -0800] "GET /awards/feygell01d.jpg HTTP/1.1" 200 31895 "https://www.ysfine.com/awards/index.html" "Mozilla/5.0 (Linux; Android 5.1.1; KFSUWI) AppleWebKit/537.36 (KHTML, like Gecko) Silk/106.3.5 like Chrome/106.0.5249.170 Safari/537.36" "www.ysfine.com"
71.178.208.102 - - [05/Dec/2022:16:12:44 -0800] "GET /awards/top100d.jpg HTTP/1.1" 200 74998 "https://www.ysfine.com/awards/index.html" "Mozilla/5.0 (Linux; Android 5.1.1; KFSUWI) AppleWebKit/537.36 (KHTML, like Gecko) Silk/106.3.5 like Chrome/106.0.5249.170 Safari/537.36" "www.ysfine.com"
71.178.208.102 - - [05/Dec/2022:16:12:44 -0800] "GET /awards/whoswho11f.jpg HTTP/1.1" 200 86318 "https://www.ysfine.com/awards/index.html" "Mozilla/5.0 (Linux; Android 5.1.1; KFSUWI) AppleWebKit/537.36 (KHTML, like Gecko) Silk/106.3.5 like Chrome/106.0.5249.170 Safari/537.36" "www.ysfine.com"
71.178.208.102 - - [05/Dec/2022:16:12:44 -0800] "GET /awards/truck20d.jpg HTTP/1.1" 200 43868 "https://www.ysfine.com/awards/index.html" "Mozilla/5.0 (Linux; Android 5.1.1; KFSUWI) AppleWebKit/537.36 (KHTML, like Gecko) Silk/106.3.5 like Chrome/106.0.5249.170 Safari/537.36" "www.ysfine.com"
71.178.208.102 - - [05/Dec/2022:16:12:44 -0800] "GET /awards/bridge22f.jpg HTTP/1.1" 200 98225 "https://www.ysfine.com/awards/index.html" "Mozilla/5.0 (Linux; Android 5.1.1; KFSUWI) AppleWebKit/537.36 (KHTML, like Gecko) Silk/106.3.5 like Chrome/106.0.5249.170 Safari/537.36" "www.ysfine.com"
71.178.208.102 - - [05/Dec/2022:16:12:44 -0800] "GET /awards/einbohr25d.jpg HTTP/1.1" 200 49476 "https://www.ysfine.com/awards/index.html" "Mozilla/5.0 (Linux; Android 5.1.1; KFSUWI) AppleWebKit/537.36 (KHTML, like Gecko) Silk/106.3.5 like Chrome/106.0.5249.170 Safari/537.36" "www.ysfine.com"
71.178.208.102 - - [05/Dec/2022:16:12:44 -0800] "GET /awards/acs55f.jpg HTTP/1.1" 200 83340 "https://www.ysfine.com/awards/index.html" "Mozilla/5.0 (Linux; Android 5.1.1; KFSUWI) AppleWebKit/537.36 (KHTML, like Gecko) Silk/106.3.5 like Chrome/106.0.5249.170 Safari/537.36" "www.ysfine.com"
71.178.208.102 - - [05/Dec/2022:16:12:44 -0800] "GET /awards/acs96f.jpg HTTP/1.1" 200 118636 "https://www.ysfine.com/awards/index.html" "Mozilla/5.0 (Linux; Android 5.1.1; KFSUWI) AppleWebKit/537.36 (KHTML, like Gecko) Silk/106.3.5 like Chrome/106.0.5249.170 Safari/537.36" "www.ysfine.com"
71.178.208.102 - - [05/Dec/2022:16:12:44 -0800] "GET /awards/acs20f.jpg HTTP/1.1" 200 145842 "https://www.ysfine.com/awards/index.html" "Mozilla/5.0 (Linux; Android 5.1.1; KFSUWI) AppleWebKit/537.36 (KHTML, like Gecko) Silk/106.3.5 like Chrome/106.0.5249.170 Safari/537.36" "www.ysfine.com"
71.178.208.102 - - [05/Dec/2022:16:12:44 -0800] "GET /eink/pwk450.jpg HTTP/1.1" 200 84974 "https://www.ysfine.com/awards/index.html" "Mozilla/5.0 (Linux; Android 5.1.1; KFSUWI) AppleWebKit/537.36 (KHTML, like Gecko) Silk/106.3.5 like Chrome/106.0.5249.170 Safari/537.36" "www.ysfine.com"
