144.121.121.99 - - [05/Dec/2022:12:01:14 -0800] "GET /favicon.ico HTTP/1.1" 404 88 "https://ysfine.com/dirac/dirfeyn22.html" "Mozilla/5.0 (Windows NT 10.0; Win64; x64) AppleWebKit/537.36 (KHTML, like Gecko) Chrome/108.0.0.0 Safari/537.36" "ysfine.com"
37.114.196.111 - - [05/Dec/2022:12:01:22 -0800] "GET /maga/histo/desiree21.jpg HTTP/1.1" 200 91829 "https://www.google.com/" "Mozilla/5.0 (Linux; Android 11; SM-A705FN Build/RP1A.200720.012; wv) AppleWebKit/537.36 (KHTML, like Gecko) Version/4.0 Chrome/107.0.5304.91 Mobile Safari/537.36 GoogleApp/13.44.10.26.arm64" "ysfine.com"
67.61.143.154 - - [05/Dec/2022:12:01:35 -0800] "GET /style/songs.html HTTP/1.1" 200 31567 "https://www.google.com/" "Mozilla/5.0 (Windows NT 10.0; Win64; x64; rv:107.0) Gecko/20100101 Firefox/107.0" "ysfine.com"
67.61.143.154 - - [05/Dec/2022:12:01:35 -0800] "GET /style/cotton11b.jpg HTTP/1.1" 200 41615 "https://ysfine.com/style/songs.html" "Mozilla/5.0 (Windows NT 10.0; Win64; x64; rv:107.0) Gecko/20100101 Firefox/107.0" "ysfine.com"
67.61.143.154 - - [05/Dec/2022:12:01:35 -0800] "GET /style/jpchildren2.jpg HTTP/1.1" 200 46718 "https://ysfine.com/style/songs.html" "Mozilla/5.0 (Windows NT 10.0; Win64; x64; rv:107.0) Gecko/20100101 Firefox/107.0" "ysfine.com"
67.61.143.154 - - [05/Dec/2022:12:01:35 -0800] "GET /kobak/korjap03b.jpg HTTP/1.1" 200 28107 "https://ysfine.com/style/songs.html" "Mozilla/5.0 (Windows NT 10.0; Win64; x64; rv:107.0) Gecko/20100101 Firefox/107.0" "ysfine.com"
67.61.143.154 - - [05/Dec/2022:12:01:35 -0800] "GET /style/hifi01b.jpg HTTP/1.1" 200 24818 "https://ysfine.com/style/songs.html" "Mozilla/5.0 (Windows NT 10.0; Win64; x64; rv:107.0) Gecko/20100101 Firefox/107.0" "ysfine.com"
67.61.143.154 - - [05/Dec/2022:12:01:35 -0800] "GET /style/yamato2.jpg HTTP/1.1" 200 33922 "https://ysfine.com/style/songs.html" "Mozilla/5.0 (Windows NT 10.0; Win64; x64; rv:107.0) Gecko/20100101 Firefox/107.0" "ysfine.com"
67.61.143.154 - - [05/Dec/2022:12:01:35 -0800] "GET /style/nijubasi22b.jpg HTTP/1.1" 200 44289 "https://ysfine.com/style/songs.html" "Mozilla/5.0 (Windows NT 10.0; Win64; x64; rv:107.0) Gecko/20100101 Firefox/107.0" "ysfine.com"
67.61.143.154 - - [05/Dec/2022:12:01:35 -0800] "GET /style/zero01b.jpg HTTP/1.1" 200 27421 "https://ysfine.com/style/songs.html" "Mozilla/5.0 (Windows NT 10.0; Win64; x64; rv:107.0) Gecko/20100101 Firefox/107.0" "ysfine.com"
67.61.143.154 - - [05/Dec/2022:12:01:35 -0800] "GET /kobak/taylor11b.jpg HTTP/1.1" 200 42467 "https://ysfine.com/style/songs.html" "Mozilla/5.0 (Windows NT 10.0; Win64; x64; rv:107.0) Gecko/20100101 Firefox/107.0" "ysfine.com"
67.61.143.154 - - [05/Dec/2022:12:01:35 -0800] "GET /style/yasukuni11b.jpg HTTP/1.1" 200 53460 "https://ysfine.com/style/songs.html" "Mozilla/5.0 (Windows NT 10.0; Win64; x64; rv:107.0) Gecko/20100101 Firefox/107.0" "ysfine.com"
67.61.143.154 - - [05/Dec/2022:12:01:35 -0800] "GET /style/mieko22b.jpg HTTP/1.1" 200 41674 "https://ysfine.com/style/songs.html" "Mozilla/5.0 (Windows NT 10.0; Win64; x64; rv:107.0) Gecko/20100101 Firefox/107.0" "ysfine.com"
67.61.143.154 - - [05/Dec/2022:12:01:35 -0800] "GET /style/owaves2.jpg HTTP/1.1" 200 55324 "https://ysfine.com/style/songs.html" "Mozilla/5.0 (Windows NT 10.0; Win64; x64; rv:107.0) Gecko/20100101 Firefox/107.0" "ysfine.com"
67.61.143.154 - - [05/Dec/2022:12:01:35 -0800] "GET /style/sousa2.jpg HTTP/1.1" 200 42173 "https://ysfine.com/style/songs.html" "Mozilla/5.0 (Windows NT 10.0; Win64; x64; rv:107.0) Gecko/20100101 Firefox/107.0" "ysfine.com"
67.61.143.154 - - [05/Dec/2022:12:01:35 -0800] "GET /kobak/kimkoo01b.jpg HTTP/1.1" 200 35261 "https://ysfine.com/style/songs.html" "Mozilla/5.0 (Windows NT 10.0; Win64; x64; rv:107.0) Gecko/20100101 Firefox/107.0" "ysfine.com"
67.61.143.154 - - [05/Dec/2022:12:01:35 -0800] "GET /style/jpsingap01b.jpg HTTP/1.1" 200 52443 "https://ysfine.com/style/songs.html" "Mozilla/5.0 (Windows NT 10.0; Win64; x64; rv:107.0) Gecko/20100101 Firefox/107.0" "ysfine.com"
67.61.143.154 - - [05/Dec/2022:12:01:35 -0800] "GET /style/hamako11b.jpg HTTP/1.1" 200 33344 "https://ysfine.com/style/songs.html" "Mozilla/5.0 (Windows NT 10.0; Win64; x64; rv:107.0) Gecko/20100101 Firefox/107.0" "ysfine.com"
67.61.143.154 - - [05/Dec/2022:12:01:35 -0800] "GET /style/xiangran33b.jpg HTTP/1.1" 200 26488 "https://ysfine.com/style/songs.html" "Mozilla/5.0 (Windows NT 10.0; Win64; x64; rv:107.0) Gecko/20100101 Firefox/107.0" "ysfine.com"
67.61.143.154 - - [05/Dec/2022:12:01:35 -0800] "GET /style/xiangran11b.jpg HTTP/1.1" 200 47472 "https://ysfine.com/style/songs.html" "Mozilla/5.0 (Windows NT 10.0; Win64; x64; rv:107.0) Gecko/20100101 Firefox/107.0" "ysfine.com"
67.61.143.154 - - [05/Dec/2022:12:01:35 -0800] "GET /style/hamako33b.jpg HTTP/1.1" 200 44854 "https://ysfine.com/style/songs.html" "Mozilla/5.0 (Windows NT 10.0; Win64; x64; rv:107.0) Gecko/20100101 Firefox/107.0" "ysfine.com"
67.61.143.154 - - [05/Dec/2022:12:01:35 -0800] "GET /kobak/arisaka99b.jpg HTTP/1.1" 200 48028 "https://ysfine.com/style/songs.html" "Mozilla/5.0 (Windows NT 10.0; Win64; x64; rv:107.0) Gecko/20100101 Firefox/107.0" "ysfine.com"
67.61.143.154 - - [05/Dec/2022:12:01:35 -0800] "GET /style/yasukuni22b.jpg HTTP/1.1" 200 35342 "https://ysfine.com/style/songs.html" "Mozilla/5.0 (Windows NT 10.0; Win64; x64; rv:107.0) Gecko/20100101 Firefox/107.0" "ysfine.com"
67.61.143.154 - - [05/Dec/2022:12:01:35 -0800] "GET /style/mieko11b.jpg HTTP/1.1" 200 53779 "https://ysfine.com/style/songs.html" "Mozilla/5.0 (Windows NT 10.0; Win64; x64; rv:107.0) Gecko/20100101 Firefox/107.0" "ysfine.com"
67.61.143.154 - - [05/Dec/2022:12:01:35 -0800] "GET /style/xiangran66b.jpg HTTP/1.1" 200 30098 "https://ysfine.com/style/songs.html" "Mozilla/5.0 (Windows NT 10.0; Win64; x64; rv:107.0) Gecko/20100101 Firefox/107.0" "ysfine.com"
67.61.143.154 - - [05/Dec/2022:12:01:35 -0800] "GET /style/akiko55.jpg HTTP/1.1" 200 48868 "https://ysfine.com/style/songs.html" "Mozilla/5.0 (Windows NT 10.0; Win64; x64; rv:107.0) Gecko/20100101 Firefox/107.0" "ysfine.com"
67.61.143.154 - - [05/Dec/2022:12:01:35 -0800] "GET /beau/aline/ana11b.jpg HTTP/1.1" 404 88 "https://ysfine.com/style/songs.html" "Mozilla/5.0 (Windows NT 10.0; Win64; x64; rv:107.0) Gecko/20100101 Firefox/107.0" "ysfine.com"
67.61.143.154 - - [05/Dec/2022:12:01:35 -0800] "GET /style/hibari22b.jpg HTTP/1.1" 200 39644 "https://ysfine.com/style/songs.html" "Mozilla/5.0 (Windows NT 10.0; Win64; x64; rv:107.0) Gecko/20100101 Firefox/107.0" "ysfine.com"
67.61.143.154 - - [05/Dec/2022:12:01:35 -0800] "GET /style/shcampus11b.jpg HTTP/1.1" 200 53039 "https://ysfine.com/style/songs.html" "Mozilla/5.0 (Windows NT 10.0; Win64; x64; rv:107.0) Gecko/20100101 Firefox/107.0" "ysfine.com"
67.61.143.154 - - [05/Dec/2022:12:01:35 -0800] "GET /world/germany/berlin005b.jpg HTTP/1.1" 200 31205 "https://ysfine.com/style/songs.html" "Mozilla/5.0 (Windows NT 10.0; Win64; x64; rv:107.0) Gecko/20100101 Firefox/107.0" "ysfine.com"
67.61.143.154 - - [05/Dec/2022:12:01:35 -0800] "GET /kobak/swr51b.jpg HTTP/1.1" 200 31277 "https://ysfine.com/style/songs.html" "Mozilla/5.0 (Windows NT 10.0; Win64; x64; rv:107.0) Gecko/20100101 Firefox/107.0" "ysfine.com"
67.61.143.154 - - [05/Dec/2022:12:01:35 -0800] "GET /world/germany/hofbrau33b.jpg HTTP/1.1" 200 51219 "https://ysfine.com/style/songs.html" "Mozilla/5.0 (Windows NT 10.0; Win64; x64; rv:107.0) Gecko/20100101 Firefox/107.0" "ysfine.com"
67.61.143.154 - - [05/Dec/2022:12:01:35 -0800] "GET /style/xiangran22b.jpg HTTP/1.1" 200 56332 "https://ysfine.com/style/songs.html" "Mozilla/5.0 (Windows NT 10.0; Win64; x64; rv:107.0) Gecko/20100101 Firefox/107.0" "ysfine.com"
67.61.143.154 - - [05/Dec/2022:12:01:35 -0800] "GET /style/xiangran55b.jpg HTTP/1.1" 200 39739 "https://ysfine.com/style/songs.html" "Mozilla/5.0 (Windows NT 10.0; Win64; x64; rv:107.0) Gecko/20100101 Firefox/107.0" "ysfine.com"
67.61.143.154 - - [05/Dec/2022:12:01:35 -0800] "GET /style/flamen2.jpg HTTP/1.1" 200 46908 "https://ysfine.com/style/songs.html" "Mozilla/5.0 (Windows NT 10.0; Win64; x64; rv:107.0) Gecko/20100101 Firefox/107.0" "ysfine.com"
67.61.143.154 - - [05/Dec/2022:12:01:35 -0800] "GET /world/hungary/hunband01b.jpg HTTP/1.1" 200 46280 "https://ysfine.com/style/songs.html" "Mozilla/5.0 (Windows NT 10.0; Win64; x64; rv:107.0) Gecko/20100101 Firefox/107.0" "ysfine.com"
67.61.143.154 - - [05/Dec/2022:12:01:35 -0800] "GET /style/fujiyama2.jpg HTTP/1.1" 200 47368 "https://ysfine.com/style/songs.html" "Mozilla/5.0 (Windows NT 10.0; Win64; x64; rv:107.0) Gecko/20100101 Firefox/107.0" "ysfine.com"
67.61.143.154 - - [05/Dec/2022:12:01:35 -0800] "GET /world/russ/spbm07b.jpg HTTP/1.1" 200 42946 "https://ysfine.com/style/songs.html" "Mozilla/5.0 (Windows NT 10.0; Win64; x64; rv:107.0) Gecko/20100101 Firefox/107.0" "ysfine.com"
67.61.143.154 - - [05/Dec/2022:12:01:35 -0800] "GET /style/akiko2.jpg HTTP/1.1" 200 50482 "https://ysfine.com/style/songs.html" "Mozilla/5.0 (Windows NT 10.0; Win64; x64; rv:107.0) Gecko/20100101 Firefox/107.0" "ysfine.com"
67.61.143.154 - - [05/Dec/2022:12:01:35 -0800] "GET /style/hibari11b.jpg HTTP/1.1" 200 35625 "https://ysfine.com/style/songs.html" "Mozilla/5.0 (Windows NT 10.0; Win64; x64; rv:107.0) Gecko/20100101 Firefox/107.0" "ysfine.com"
67.61.143.154 - - [05/Dec/2022:12:01:35 -0800] "GET /usca/calif/sanfr021b.jpg HTTP/1.1" 200 47196 "https://ysfine.com/style/songs.html" "Mozilla/5.0 (Windows NT 10.0; Win64; x64; rv:107.0) Gecko/20100101 Firefox/107.0" "ysfine.com"
67.61.143.154 - - [05/Dec/2022:12:01:35 -0800] "GET /style/brahms2.jpg HTTP/1.1" 200 43601 "https://ysfine.com/style/songs.html" "Mozilla/5.0 (Windows NT 10.0; Win64; x64; rv:107.0) Gecko/20100101 Firefox/107.0" "ysfine.com"
67.61.143.154 - - [05/Dec/2022:12:01:35 -0800] "GET /style/johannstra11b.jpg HTTP/1.1" 200 50080 "https://ysfine.com/style/songs.html" "Mozilla/5.0 (Windows NT 10.0; Win64; x64; rv:107.0) Gecko/20100101 Firefox/107.0" "ysfine.com"
67.61.143.154 - - [05/Dec/2022:12:01:35 -0800] "GET /world/france/eiffel05b.jpg HTTP/1.1" 200 26314 "https://ysfine.com/style/songs.html" "Mozilla/5.0 (Windows NT 10.0; Win64; x64; rv:107.0) Gecko/20100101 Firefox/107.0" "ysfine.com"
67.61.143.154 - - [05/Dec/2022:12:01:35 -0800] "GET /maga/invent/joak11b.jpg HTTP/1.1" 200 40558 "https://ysfine.com/style/songs.html" "Mozilla/5.0 (Windows NT 10.0; Win64; x64; rv:107.0) Gecko/20100101 Firefox/107.0" "ysfine.com"
67.61.143.154 - - [05/Dec/2022:12:01:35 -0800] "GET /style/vienopera22b.jpg HTTP/1.1" 200 52023 "https://ysfine.com/style/songs.html" "Mozilla/5.0 (Windows NT 10.0; Win64; x64; rv:107.0) Gecko/20100101 Firefox/107.0" "ysfine.com"
67.61.143.154 - - [05/Dec/2022:12:01:35 -0800] "GET /style/sarahchang01b.jpg HTTP/1.1" 200 50797 "https://ysfine.com/style/songs.html" "Mozilla/5.0 (Windows NT 10.0; Win64; x64; rv:107.0) Gecko/20100101 Firefox/107.0" "ysfine.com"
67.61.143.154 - - [05/Dec/2022:12:01:35 -0800] "GET /world/germany/schonbr03b.jpg HTTP/1.1" 200 46623 "https://ysfine.com/style/songs.html" "Mozilla/5.0 (Windows NT 10.0; Win64; x64; rv:107.0) Gecko/20100101 Firefox/107.0" "ysfine.com"
67.61.143.154 - - [05/Dec/2022:12:01:35 -0800] "GET /style/chulmo2.jpg HTTP/1.1" 200 49387 "https://ysfine.com/style/songs.html" "Mozilla/5.0 (Windows NT 10.0; Win64; x64; rv:107.0) Gecko/20100101 Firefox/107.0" "ysfine.com"
67.61.143.154 - - [05/Dec/2022:12:01:35 -0800] "GET /kobak/105mm2.jpg HTTP/1.1" 200 54167 "https://ysfine.com/style/songs.html" "Mozilla/5.0 (Windows NT 10.0; Win64; x64; rv:107.0) Gecko/20100101 Firefox/107.0" "ysfine.com"
67.61.143.154 - - [05/Dec/2022:12:01:35 -0800] "GET /kobak/jutlandia2.jpg HTTP/1.1" 200 34252 "https://ysfine.com/style/songs.html" "Mozilla/5.0 (Windows NT 10.0; Win64; x64; rv:107.0) Gecko/20100101 Firefox/107.0" "ysfine.com"
67.61.143.154 - - [05/Dec/2022:12:01:35 -0800] "GET /style/chopingr11b.jpg HTTP/1.1" 200 68030 "https://ysfine.com/style/songs.html" "Mozilla/5.0 (Windows NT 10.0; Win64; x64; rv:107.0) Gecko/20100101 Firefox/107.0" "ysfine.com"
67.61.143.154 - - [05/Dec/2022:12:01:35 -0800] "GET /style/durbin2.jpg HTTP/1.1" 200 34965 "https://ysfine.com/style/songs.html" "Mozilla/5.0 (Windows NT 10.0; Win64; x64; rv:107.0) Gecko/20100101 Firefox/107.0" "ysfine.com"
67.61.143.154 - - [05/Dec/2022:12:01:35 -0800] "GET /style/verdi11b.jpg HTTP/1.1" 200 40111 "https://ysfine.com/style/songs.html" "Mozilla/5.0 (Windows NT 10.0; Win64; x64; rv:107.0) Gecko/20100101 Firefox/107.0" "ysfine.com"
67.61.143.154 - - [05/Dec/2022:12:01:35 -0800] "GET /style/beetho11b.jpg HTTP/1.1" 200 51004 "https://ysfine.com/style/songs.html" "Mozilla/5.0 (Windows NT 10.0; Win64; x64; rv:107.0) Gecko/20100101 Firefox/107.0" "ysfine.com"
67.61.143.154 - - [05/Dec/2022:12:01:35 -0800] "GET /world/ital/lascala05b.jpg HTTP/1.1" 200 35719 "https://ysfine.com/style/songs.html" "Mozilla/5.0 (Windows NT 10.0; Win64; x64; rv:107.0) Gecko/20100101 Firefox/107.0" "ysfine.com"
67.61.143.154 - - [05/Dec/2022:12:01:35 -0800] "GET /world/russ/ihousem22b.jpg HTTP/1.1" 404 88 "https://ysfine.com/style/songs.html" "Mozilla/5.0 (Windows NT 10.0; Win64; x64; rv:107.0) Gecko/20100101 Firefox/107.0" "ysfine.com"
67.61.143.154 - - [05/Dec/2022:12:01:41 -0800] "GET /favicon.ico HTTP/1.1" 404 88 "https://ysfine.com/style/songs.html" "Mozilla/5.0 (Windows NT 10.0; Win64; x64; rv:107.0) Gecko/20100101 Firefox/107.0" "ysfine.com"
157.55.39.76 - - [05/Dec/2022:12:02:20 -0800] "GET /bio/sbk/1950.html HTTP/1.1" 404 88 "-" "Mozilla/5.0 AppleWebKit/537.36 (KHTML, like Gecko; compatible; bingbot/2.0; +http://www.bing.com/bingbot.htm) Chrome/103.0.5060.134 Safari/537.36" "ysfine.com"
89.164.17.254 - - [05/Dec/2022:12:03:03 -0800] "GET /feynman/fb19.jpg HTTP/1.1" 200 10915 "https://www.google.com/" "Mozilla/5.0 (Windows NT 10.0; Win64; x64; rv:107.0) Gecko/20100101 Firefox/107.0" "ysfine.com"
155.190.3.5 - - [05/Dec/2022:12:03:31 -0800] "GET /princeton/alexan22.jpg HTTP/1.1" 200 175436 "https://www.google.com/" "Mozilla/5.0 (Windows NT 10.0; Win64; x64) AppleWebKit/537.36 (KHTML, like Gecko) Chrome/108.0.0.0 Safari/537.36" "ysfine.com"
208.87.236.201 - - [05/Dec/2022:12:03:35 -0800] "GET /dirac/diracbul2.jpg HTTP/1.1" 200 31194 "https://mail.google.com/" "Mozilla/5.0 (Windows NT 10.0; Win64; x64) AppleWebKit/537.36 (KHTML, like Gecko) Chrome/108.0.0.0 Safari/537.36" "ysfine.com"
89.164.17.254 - - [05/Dec/2022:12:03:37 -0800] "GET /feynman/feygell22c.jpg HTTP/1.1" 200 28834 "https://www.google.com/" "Mozilla/5.0 (Windows NT 10.0; Win64; x64; rv:107.0) Gecko/20100101 Firefox/107.0" "ysfine.com"
66.102.8.45 - - [05/Dec/2022:12:03:37 -0800] "GET /dirac/diracbul2.jpg HTTP/1.1" 200 31194 "-" "Mozilla/5.0 (Windows NT 5.1; rv:11.0) Gecko Firefox/11.0 (via ggpht.com GoogleImageProxy)" "ysfine.com"
77.88.5.207 - - [05/Dec/2022:12:04:31 -0800] "GET /robots.txt HTTP/1.1" 404 73 "-" "Mozilla/5.0 (compatible; YandexBot/3.0; +http://yandex.com/bots)" "www.ysfine.com"
93.158.161.29 - - [05/Dec/2022:12:04:36 -0800] "GET /wigner/dirac.jpg HTTP/1.1" 304 - "-" "Mozilla/5.0 (compatible; YandexImages/3.0; +http://yandex.com/bots)" "www.ysfine.com"
106.53.124.110 - - [05/Dec/2022:12:05:13 -0800] "GET /feynman/feynman.jpg HTTP/1.1" 200 40536 "-" "Mozilla/5.0 (X11; Ubuntu; Linux x86_64; rv:72.0) Gecko/20100101 Firefox/72.0" "ysfine.com"
187.161.169.20 - - [05/Dec/2022:12:05:52 -0800] "GET /maga/hegel.html HTTP/1.1" 200 4700 "https://www.google.com/" "Mozilla/5.0 (Windows NT 10.0; Win64; x64) AppleWebKit/537.36 (KHTML, like Gecko) Chrome/108.0.0.0 Safari/537.36" "ysfine.com"
187.161.169.20 - - [05/Dec/2022:12:05:52 -0800] "GET /world/germany/hegel03b.jpg HTTP/1.1" 200 61436 "https://ysfine.com/maga/hegel.html" "Mozilla/5.0 (Windows NT 10.0; Win64; x64) AppleWebKit/537.36 (KHTML, like Gecko) Chrome/108.0.0.0 Safari/537.36" "ysfine.com"
187.161.169.20 - - [05/Dec/2022:12:05:52 -0800] "GET /world/germany/hegel21b.jpg HTTP/1.1" 200 52348 "https://ysfine.com/maga/hegel.html" "Mozilla/5.0 (Windows NT 10.0; Win64; x64) AppleWebKit/537.36 (KHTML, like Gecko) Chrome/108.0.0.0 Safari/537.36" "ysfine.com"
187.161.169.20 - - [05/Dec/2022:12:05:52 -0800] "GET /people/sbtwein2.jpg HTTP/1.1" 200 30398 "https://ysfine.com/maga/hegel.html" "Mozilla/5.0 (Windows NT 10.0; Win64; x64) AppleWebKit/537.36 (KHTML, like Gecko) Chrome/108.0.0.0 Safari/537.36" "ysfine.com"
187.161.169.20 - - [05/Dec/2022:12:05:52 -0800] "GET /home/comet01b.jpg HTTP/1.1" 200 53465 "https://ysfine.com/maga/hegel.html" "Mozilla/5.0 (Windows NT 10.0; Win64; x64) AppleWebKit/537.36 (KHTML, like Gecko) Chrome/108.0.0.0 Safari/537.36" "ysfine.com"
187.161.169.20 - - [05/Dec/2022:12:05:52 -0800] "GET /einstein/eins47b.jpg HTTP/1.1" 200 48772 "https://ysfine.com/maga/hegel.html" "Mozilla/5.0 (Windows NT 10.0; Win64; x64) AppleWebKit/537.36 (KHTML, like Gecko) Chrome/108.0.0.0 Safari/537.36" "ysfine.com"
187.161.169.20 - - [05/Dec/2022:12:05:52 -0800] "GET /world/germany/hegel01b.jpg HTTP/1.1" 200 31600 "https://ysfine.com/maga/hegel.html" "Mozilla/5.0 (Windows NT 10.0; Win64; x64) AppleWebKit/537.36 (KHTML, like Gecko) Chrome/108.0.0.0 Safari/537.36" "ysfine.com"
187.161.169.20 - - [05/Dec/2022:12:05:52 -0800] "GET /eink/eink61b.jpg HTTP/1.1" 200 28018 "https://ysfine.com/maga/hegel.html" "Mozilla/5.0 (Windows NT 10.0; Win64; x64) AppleWebKit/537.36 (KHTML, like Gecko) Chrome/108.0.0.0 Safari/537.36" "ysfine.com"
187.161.169.20 - - [05/Dec/2022:12:05:52 -0800] "GET /feynman/feyn86b.jpg HTTP/1.1" 200 26190 "https://ysfine.com/maga/hegel.html" "Mozilla/5.0 (Windows NT 10.0; Win64; x64) AppleWebKit/537.36 (KHTML, like Gecko) Chrome/108.0.0.0 Safari/537.36" "ysfine.com"
187.161.169.20 - - [05/Dec/2022:12:05:52 -0800] "GET /maga/phys/maxwell02b.jpg HTTP/1.1" 200 43279 "https://ysfine.com/maga/hegel.html" "Mozilla/5.0 (Windows NT 10.0; Win64; x64) AppleWebKit/537.36 (KHTML, like Gecko) Chrome/108.0.0.0 Safari/537.36" "ysfine.com"
187.161.169.20 - - [05/Dec/2022:12:05:52 -0800] "GET /world/germany/hegel09b.jpg HTTP/1.1" 200 46010 "https://ysfine.com/maga/hegel.html" "Mozilla/5.0 (Windows NT 10.0; Win64; x64) AppleWebKit/537.36 (KHTML, like Gecko) Chrome/108.0.0.0 Safari/537.36" "ysfine.com"
187.161.169.20 - - [05/Dec/2022:12:05:52 -0800] "GET /world/germany/hegel04b.jpg HTTP/1.1" 200 45635 "https://ysfine.com/maga/hegel.html" "Mozilla/5.0 (Windows NT 10.0; Win64; x64) AppleWebKit/537.36 (KHTML, like Gecko) Chrome/108.0.0.0 Safari/537.36" "ysfine.com"
187.161.169.20 - - [05/Dec/2022:12:05:54 -0800] "GET /favicon.ico HTTP/1.1" 404 88 "https://ysfine.com/maga/hegel.html" "Mozilla/5.0 (Windows NT 10.0; Win64; x64) AppleWebKit/537.36 (KHTML, like Gecko) Chrome/108.0.0.0 Safari/537.36" "ysfine.com"
157.55.39.6 - - [05/Dec/2022:12:07:22 -0800] "GET /bio/awards/iao.html HTTP/1.1" 404 88 "-" "Mozilla/5.0 (compatible; bingbot/2.0; +http://www.bing.com/bingbot.htm)" "ysfine.com"
207.46.13.20 - - [05/Dec/2022:12:07:55 -0800] "GET /bio/style/proschanie.html HTTP/1.1" 404 88 "-" "Mozilla/5.0 AppleWebKit/537.36 (KHTML, like Gecko; compatible; bingbot/2.0; +http://www.bing.com/bingbot.htm) Chrome/103.0.5060.134 Safari/537.36" "ysfine.com"
212.8.248.163 - - [05/Dec/2022:12:07:55 -0800] "HEAD /dirac/dirheisen.jpg HTTP/1.1" 200 - "-" "Mozilla/5.0 (Windows NT 6.1; Win64; x64) AppleWebKit/537.36 (KHTML, like Gecko) Chrome/104.0.5112.105 Safari/537.36" "ysfine.com"
89.164.17.254 - - [05/Dec/2022:12:08:34 -0800] "GET /dirac/dirwig33.jpg HTTP/1.1" 200 49208 "https://www.google.com/" "Mozilla/5.0 (Windows NT 10.0; Win64; x64; rv:107.0) Gecko/20100101 Firefox/107.0" "ysfine.com"
157.55.39.6 - - [05/Dec/2022:12:08:51 -0800] "GET /bio/style/leica.html HTTP/1.1" 404 88 "-" "Mozilla/5.0 (compatible; bingbot/2.0; +http://www.bing.com/bingbot.htm)" "ysfine.com"
54.36.148.46 - - [05/Dec/2022:12:09:23 -0800] "GET /class54/einmanga.html HTTP/1.1" 200 176 "-" "Mozilla/5.0 (compatible; AhrefsBot/7.0; +http://ahrefs.com/robot/)" "ysfine.com"
207.46.13.134 - - [05/Dec/2022:12:09:56 -0800] "GET /bio/world/trier.html HTTP/1.1" 404 88 "-" "Mozilla/5.0 AppleWebKit/537.36 (KHTML, like Gecko; compatible; bingbot/2.0; +http://www.bing.com/bingbot.htm) Chrome/103.0.5060.134 Safari/537.36" "ysfine.com"
207.46.13.134 - - [05/Dec/2022:12:09:57 -0800] "GET /bio/style/ystyle.html HTTP/1.1" 404 88 "-" "Mozilla/5.0 (compatible; bingbot/2.0; +http://www.bing.com/bingbot.htm)" "ysfine.com"
216.244.66.229 - - [05/Dec/2022:12:10:15 -0800] "GET /world/russ/czar01.jpg HTTP/1.1" 200 94894 "-" "Mozilla/5.0 (compatible; DotBot/1.2; +https://opensiteexplorer.org/dotbot; help@moz.com)" "ysfine.com"
163.116.135.92 - - [05/Dec/2022:12:10:28 -0800] "GET /world/brit/paddington06.jpg HTTP/1.1" 200 126897 "https://www.google.com/" "Mozilla/5.0 (Windows NT 10.0; Win64; x64) AppleWebKit/537.36 (KHTML, like Gecko) Chrome/108.0.0.0 Safari/537.36" "ysfine.com"
216.244.66.229 - - [05/Dec/2022:12:10:54 -0800] "GET /world/scandi/copen010.jpg HTTP/1.1" 200 71092 "-" "Mozilla/5.0 (compatible; DotBot/1.2; +https://opensiteexplorer.org/dotbot; help@moz.com)" "ysfine.com"
216.244.66.229 - - [05/Dec/2022:12:11:32 -0800] "GET /world/scandi/copen024.jpg HTTP/1.1" 200 58082 "-" "Mozilla/5.0 (compatible; DotBot/1.2; +https://opensiteexplorer.org/dotbot; help@moz.com)" "ysfine.com"
157.55.39.6 - - [05/Dec/2022:12:11:52 -0800] "GET /bio/kobak/namdae.html HTTP/1.1" 404 88 "-" "Mozilla/5.0 AppleWebKit/537.36 (KHTML, like Gecko; compatible; bingbot/2.0; +http://www.bing.com/bingbot.htm) Chrome/103.0.5060.134 Safari/537.36" "ysfine.com"
89.164.17.254 - - [05/Dec/2022:12:12:05 -0800] "GET /feynman/ppic/feygell66.jpg HTTP/1.1" 200 74557 "https://www.google.com/" "Mozilla/5.0 (Windows NT 10.0; Win64; x64; rv:107.0) Gecko/20100101 Firefox/107.0" "ysfine.com"
34.145.197.96 - - [05/Dec/2022:12:12:38 -0800] "GET /wigner/neum/slide2.jpg HTTP/1.1" 200 38569 "-" "Python-urllib/3.8" "ysfine.com"
157.55.39.6 - - [05/Dec/2022:12:13:02 -0800] "GET /bio/einstein/bern.html HTTP/1.1" 404 88 "-" "Mozilla/5.0 AppleWebKit/537.36 (KHTML, like Gecko; compatible; bingbot/2.0; +http://www.bing.com/bingbot.htm) Chrome/103.0.5060.134 Safari/537.36" "ysfine.com"
54.36.148.242 - - [05/Dec/2022:12:13:14 -0800] "GET /home/einwig.html HTTP/1.1" 200 1537 "-" "Mozilla/5.0 (compatible; AhrefsBot/7.0; +http://ahrefs.com/robot/)" "ysfine.com"
177.190.219.137 - - [05/Dec/2022:12:14:17 -0800] "GET /wigner/neum/vnc01.jpg HTTP/1.1" 200 133641 "-" "Mozilla/5.0 (iPhone; CPU iPhone OS 15_7 like Mac OS X) AppleWebKit/605.1.15 (KHTML, like Gecko) Version/15.6,2 Mobile/15E148 Safari/604.1" "ysfine.com"
17.121.115.223 - - [05/Dec/2022:12:14:24 -0800] "GET /yspapers/aipproc2005.pdf HTTP/1.1" 200 138062 "-" "Mozilla/5.0 (Macintosh; Intel Mac OS X 10_15_5) AppleWebKit/605.1.15 (KHTML, like Gecko) Version/13.1.1 Safari/605.1.15 (Applebot/0.1; +http://www.apple.com/go/applebot)" "ysfine.com"
54.87.168.166 - - [05/Dec/2022:12:14:26 -0800] "GET /sitemap.xml HTTP/1.1" 304 - "https://www.google.com/" "Mozilla/5.0 (Macintosh; Intel Mac OS X 10_15_2) AppleWebKit/605.1.15 (KHTML, like Gecko) Version/13.0.4 Safari/605.1.15" "ysfine.com"
177.190.219.137 - - [05/Dec/2022:12:14:34 -0800] "GET /wigner/neum/vnc01.jpg HTTP/1.1" 200 133641 "https://www.google.com.br/" "Mozilla/5.0 (iPhone; CPU iPhone OS 15_7 like Mac OS X) AppleWebKit/605.1.15 (KHTML, like Gecko) Version/15.6,2 Mobile/15E148 Safari/604.1" "ysfine.com"
177.190.219.137 - - [05/Dec/2022:12:14:34 -0800] "GET /wigner/neum/vnc01.jpg HTTP/1.1" 200 133641 "https://www.google.com.br/" "Mozilla/5.0 (iPhone; CPU iPhone OS 15_7 like Mac OS X) AppleWebKit/605.1.15 (KHTML, like Gecko) Version/15.6,2 Mobile/15E148 Safari/604.1" "ysfine.com"
177.190.219.137 - - [05/Dec/2022:12:14:36 -0800] "GET /wigner/neum/vnc01.jpg HTTP/1.1" 200 133641 "https://www.google.com.br/" "Mozilla/5.0 (iPhone; CPU iPhone OS 15_7 like Mac OS X) AppleWebKit/605.1.15 (KHTML, like Gecko) Version/15.6,2 Mobile/15E148 Safari/604.1" "ysfine.com"
207.46.13.48 - - [05/Dec/2022:12:14:46 -0800] "GET /bio/kobak/soraech.html HTTP/1.1" 404 88 "-" "Mozilla/5.0 (compatible; bingbot/2.0; +http://www.bing.com/bingbot.htm)" "ysfine.com"
61.135.159.171 - - [05/Dec/2022:12:15:19 -0800] "GET / HTTP/1.1" 200 5295 "-" "Sogou web spider/4.0(+http://www.sogou.com/docs/help/webmasters.htm#07)" "www.ysfine.com"
18.215.155.194 - - [05/Dec/2022:12:16:39 -0800] "GET /newyork/trumpmap11.jpg HTTP/1.1" 200 89520 "-" "Mozilla/5.0 (X11; Ubuntu; Linux x86_64; rv:72.0) Gecko/20100101 Firefox/72.0" "ysfine.com"
54.36.149.1 - - [05/Dec/2022:12:16:45 -0800] "GET /home/chris.html HTTP/1.1" 200 1777 "-" "Mozilla/5.0 (compatible; AhrefsBot/7.0; +http://ahrefs.com/robot/)" "ysfine.com"
54.36.148.113 - - [05/Dec/2022:12:16:48 -0800] "GET /home/figs/nico11c.jpg HTTP/1.1" 200 70064 "-" "Mozilla/5.0 (compatible; AhrefsBot/7.0; +http://ahrefs.com/robot/)" "ysfine.com"
157.55.39.76 - - [05/Dec/2022:12:17:19 -0800] "GET /bio/bio07.html HTTP/1.1" 404 88 "-" "Mozilla/5.0 (compatible; bingbot/2.0; +http://www.bing.com/bingbot.htm)" "ysfine.com"
157.55.39.76 - - [05/Dec/2022:12:17:20 -0800] "GET /ysbio/wdc/umdbarn.html HTTP/1.1" 404 88 "-" "Mozilla/5.0 AppleWebKit/537.36 (KHTML, like Gecko; compatible; bingbot/2.0; +http://www.bing.com/bingbot.htm) Chrome/103.0.5060.134 Safari/537.36" "ysfine.com"
40.77.167.39 - - [05/Dec/2022:12:17:59 -0800] "GET /bio/wigner/evangel.html HTTP/1.1" 404 88 "-" "Mozilla/5.0 AppleWebKit/537.36 (KHTML, like Gecko; compatible; bingbot/2.0; +http://www.bing.com/bingbot.htm) Chrome/103.0.5060.134 Safari/537.36" "ysfine.com"
40.77.167.39 - - [05/Dec/2022:12:18:00 -0800] "GET /bio/genea.html HTTP/1.1" 404 88 "-" "Mozilla/5.0 (compatible; bingbot/2.0; +http://www.bing.com/bingbot.htm)" "ysfine.com"
207.46.13.134 - - [05/Dec/2022:12:18:58 -0800] "GET /bio/princeton/campus.html HTTP/1.1" 404 88 "-" "Mozilla/5.0 AppleWebKit/537.36 (KHTML, like Gecko; compatible; bingbot/2.0; +http://www.bing.com/bingbot.htm) Chrome/103.0.5060.134 Safari/537.36" "ysfine.com"
207.46.13.134 - - [05/Dec/2022:12:18:58 -0800] "GET /bio/wigner/e(2).html HTTP/1.1" 404 88 "-" "Mozilla/5.0 AppleWebKit/537.36 (KHTML, like Gecko; compatible; bingbot/2.0; +http://www.bing.com/bingbot.htm) Chrome/103.0.5060.134 Safari/537.36" "ysfine.com"
66.249.70.4 - - [05/Dec/2022:12:19:19 -0800] "GET /einstein/lawrence22b.jpg HTTP/1.1" 304 - "-" "Googlebot-Image/1.0" "ysfine.com"
154.95.39.26 - - [05/Dec/2022:12:19:35 -0800] "GET /world/ital/aquinas06.jpg HTTP/1.1" 200 168524 "-" "Mozilla/5.0 (Windows NT 6.3; WOW64) AppleWebKit/537.36 (KHTML, like Gecko) Chrome/38.0.2125.111 Safari/537.36" "www.ysfine.com"
54.36.148.223 - - [05/Dec/2022:12:20:14 -0800] "GET /maga/deforest.html HTTP/1.1" 200 4660 "-" "Mozilla/5.0 (compatible; AhrefsBot/7.0; +http://ahrefs.com/robot/)" "ysfine.com"
54.36.148.73 - - [05/Dec/2022:12:20:21 -0800] "GET /maga/phil/marxber600.jpg HTTP/1.1" 200 54098 "-" "Mozilla/5.0 (compatible; AhrefsBot/7.0; +http://ahrefs.com/robot/)" "ysfine.com"
54.36.148.11 - - [05/Dec/2022:12:20:25 -0800] "GET /dirac/sq66.jpg HTTP/1.1" 200 33459 "-" "Mozilla/5.0 (compatible; AhrefsBot/7.0; +http://ahrefs.com/robot/)" "ysfine.com"
54.36.148.73 - - [05/Dec/2022:12:20:32 -0800] "GET /maga/invent/deforest22b.jpg HTTP/1.1" 200 34875 "-" "Mozilla/5.0 (compatible; AhrefsBot/7.0; +http://ahrefs.com/robot/)" "ysfine.com"
77.75.79.72 - - [05/Dec/2022:12:21:24 -0800] "GET /robots.txt HTTP/1.1" 404 88 "-" "Mozilla/5.0 (compatible; SeznamBot/3.2; +http://napoveda.seznam.cz/en/seznambot-intro/)" "ysfine.com"
77.75.79.72 - - [05/Dec/2022:12:21:25 -0800] "GET /world/ital/sapienza12.jpg HTTP/1.1" 304 - "-" "Mozilla/5.0 (compatible; SeznamBot/3.2; +http://napoveda.seznam.cz/en/seznambot-intro/)" "ysfine.com"
77.75.79.72 - - [05/Dec/2022:12:21:26 -0800] "GET /world/baltic/tallin04.jpg HTTP/1.1" 304 - "-" "Mozilla/5.0 (compatible; SeznamBot/3.2; +http://napoveda.seznam.cz/en/seznambot-intro/)" "ysfine.com"
77.75.79.72 - - [05/Dec/2022:12:21:27 -0800] "GET /kobak/sorae/church05.jpg HTTP/1.1" 304 - "-" "Mozilla/5.0 (compatible; SeznamBot/3.2; +http://napoveda.seznam.cz/en/seznambot-intro/)" "ysfine.com"
77.75.79.72 - - [05/Dec/2022:12:21:27 -0800] "GET /world/brit/harrod16.jpg HTTP/1.1" 304 - "-" "Mozilla/5.0 (compatible; SeznamBot/3.2; +http://napoveda.seznam.cz/en/seznambot-intro/)" "ysfine.com"
77.75.79.72 - - [05/Dec/2022:12:21:27 -0800] "GET /world/ital/coloss12.jpg HTTP/1.1" 304 - "-" "Mozilla/5.0 (compatible; SeznamBot/3.2; +http://napoveda.seznam.cz/en/seznambot-intro/)" "ysfine.com"
77.75.79.72 - - [05/Dec/2022:12:21:28 -0800] "GET /maga/phys/yukawa00.jpg HTTP/1.1" 200 84885 "-" "Mozilla/5.0 (compatible; SeznamBot/3.2; +http://napoveda.seznam.cz/en/seznambot-intro/)" "ysfine.com"
77.75.79.72 - - [05/Dec/2022:12:21:30 -0800] "GET /style/rigaopera22.jpg HTTP/1.1" 200 112955 "-" "Mozilla/5.0 (compatible; SeznamBot/3.2; +http://napoveda.seznam.cz/en/seznambot-intro/)" "ysfine.com"
77.75.79.72 - - [05/Dec/2022:12:21:33 -0800] "GET /wdc/nga07.jpg HTTP/1.1" 304 - "-" "Mozilla/5.0 (compatible; SeznamBot/3.2; +http://napoveda.seznam.cz/en/seznambot-intro/)" "ysfine.com"
51.222.253.11 - - [05/Dec/2022:12:24:09 -0800] "GET /class54/class5470/total_data/sub_406.htm HTTP/1.1" 200 3214 "-" "Mozilla/5.0 (compatible; AhrefsBot/7.0; +http://ahrefs.com/robot/)" "www.ysfine.com"
40.77.167.39 - - [05/Dec/2022:12:24:10 -0800] "GET /bio/world/season.html HTTP/1.1" 404 88 "-" "Mozilla/5.0 (compatible; bingbot/2.0; +http://www.bing.com/bingbot.htm)" "ysfine.com"
51.222.253.17 - - [05/Dec/2022:12:24:14 -0800] "GET /class54/class5470/total_data/refer_img/4-10_f.jpg HTTP/1.1" 200 36419 "-" "Mozilla/5.0 (compatible; AhrefsBot/7.0; +http://ahrefs.com/robot/)" "www.ysfine.com"
66.249.70.4 - - [05/Dec/2022:12:24:15 -0800] "GET /world/ital/bologsw24.jpg HTTP/1.1" 200 72403 "-" "Googlebot-Image/1.0" "ysfine.com"
51.222.253.19 - - [05/Dec/2022:12:24:20 -0800] "GET /class54/class5470/total_data/refer_img/4-8_f.jpg HTTP/1.1" 200 31593 "-" "Mozilla/5.0 (compatible; AhrefsBot/7.0; +http://ahrefs.com/robot/)" "www.ysfine.com"
51.222.253.13 - - [05/Dec/2022:12:24:27 -0800] "GET /class54/class5470/total_data/refer_img/4-16_f.jpg HTTP/1.1" 200 47358 "-" "Mozilla/5.0 (compatible; AhrefsBot/7.0; +http://ahrefs.com/robot/)" "www.ysfine.com"
51.222.253.19 - - [05/Dec/2022:12:24:33 -0800] "GET /class54/class5470/total_data/refer_img/4-1_f.jpg HTTP/1.1" 200 33160 "-" "Mozilla/5.0 (compatible; AhrefsBot/7.0; +http://ahrefs.com/robot/)" "www.ysfine.com"
51.222.253.15 - - [05/Dec/2022:12:24:39 -0800] "GET /class54/class5470/total_data/refer_img/4-15_f.jpg HTTP/1.1" 200 52769 "-" "Mozilla/5.0 (compatible; AhrefsBot/7.0; +http://ahrefs.com/robot/)" "www.ysfine.com"
51.222.253.18 - - [05/Dec/2022:12:24:45 -0800] "GET /class54/class5470/total_data/refer_img/4-9_f.jpg HTTP/1.1" 200 35499 "-" "Mozilla/5.0 (compatible; AhrefsBot/7.0; +http://ahrefs.com/robot/)" "www.ysfine.com"
51.222.253.16 - - [05/Dec/2022:12:24:50 -0800] "GET /class54/class5470/total_data/refer_img/4-13_f.jpg HTTP/1.1" 200 50807 "-" "Mozilla/5.0 (compatible; AhrefsBot/7.0; +http://ahrefs.com/robot/)" "www.ysfine.com"
157.55.39.76 - - [05/Dec/2022:12:24:51 -0800] "GET /bio/bio03.html HTTP/1.1" 404 88 "-" "Mozilla/5.0 AppleWebKit/537.36 (KHTML, like Gecko; compatible; bingbot/2.0; +http://www.bing.com/bingbot.htm) Chrome/103.0.5060.134 Safari/537.36" "ysfine.com"
51.222.253.9 - - [05/Dec/2022:12:24:56 -0800] "GET /class54/class5470/total_data/refer_img/4-14_f.jpg HTTP/1.1" 200 44175 "-" "Mozilla/5.0 (compatible; AhrefsBot/7.0; +http://ahrefs.com/robot/)" "www.ysfine.com"
51.222.253.20 - - [05/Dec/2022:12:25:02 -0800] "GET /class54/class5470/total_data/img/04_title.gif HTTP/1.1" 200 7489 "-" "Mozilla/5.0 (compatible; AhrefsBot/7.0; +http://ahrefs.com/robot/)" "www.ysfine.com"
51.222.253.13 - - [05/Dec/2022:12:25:07 -0800] "GET /class54/class5470/total_data/refer_img/4-17_f.jpg HTTP/1.1" 200 32658 "-" "Mozilla/5.0 (compatible; AhrefsBot/7.0; +http://ahrefs.com/robot/)" "www.ysfine.com"
51.222.253.3 - - [05/Dec/2022:12:25:13 -0800] "GET /class54/class5470/total_data/refer_img/4-18_f.jpg HTTP/1.1" 200 48937 "-" "Mozilla/5.0 (compatible; AhrefsBot/7.0; +http://ahrefs.com/robot/)" "www.ysfine.com"
51.222.253.18 - - [05/Dec/2022:12:25:19 -0800] "GET /class54/class5470/total_data/refer_img/4-2_f.jpg HTTP/1.1" 200 53142 "-" "Mozilla/5.0 (compatible; AhrefsBot/7.0; +http://ahrefs.com/robot/)" "www.ysfine.com"
51.222.253.3 - - [05/Dec/2022:12:25:19 -0800] "GET /class54/class5470/total_data/img/sm01_off.gif HTTP/1.1" 200 412 "-" "Mozilla/5.0 (compatible; AhrefsBot/7.0; +http://ahrefs.com/robot/)" "www.ysfine.com"
51.222.253.6 - - [05/Dec/2022:12:25:25 -0800] "GET /class54/class5470/total_data/refer_img/4-11_f.jpg HTTP/1.1" 200 33823 "-" "Mozilla/5.0 (compatible; AhrefsBot/7.0; +http://ahrefs.com/robot/)" "www.ysfine.com"
51.222.253.4 - - [05/Dec/2022:12:25:31 -0800] "GET /class54/class5470/total_data/refer_img/4-12_f.jpg HTTP/1.1" 200 36604 "-" "Mozilla/5.0 (compatible; AhrefsBot/7.0; +http://ahrefs.com/robot/)" "www.ysfine.com"
51.222.253.13 - - [05/Dec/2022:12:25:37 -0800] "GET /class54/class5470/total_data/img/04_work.gif HTTP/1.1" 200 803 "-" "Mozilla/5.0 (compatible; AhrefsBot/7.0; +http://ahrefs.com/robot/)" "www.ysfine.com"
51.222.253.18 - - [05/Dec/2022:12:25:42 -0800] "GET /class54/class5470/total_data/refer_img/4-3_f.jpg HTTP/1.1" 200 55483 "-" "Mozilla/5.0 (compatible; AhrefsBot/7.0; +http://ahrefs.com/robot/)" "www.ysfine.com"
51.222.253.1 - - [05/Dec/2022:12:25:48 -0800] "GET /class54/class5470/total_data/refer_img/4-7_f.jpg HTTP/1.1" 200 32961 "-" "Mozilla/5.0 (compatible; AhrefsBot/7.0; +http://ahrefs.com/robot/)" "www.ysfine.com"
3.73.86.153 - - [05/Dec/2022:12:25:52 -0800] "GET /einstein/heisenberg.html HTTP/1.1" 200 10552 "-" "Mozilla/5.0 (Macintosh; Intel Mac OS X 10_13_6) AppleWebKit/537.36 (KHTML, like Gecko) Chrome/67.0.3396.99 Safari/537.36" "ysfine.com"
51.222.253.19 - - [05/Dec/2022:12:25:54 -0800] "GET /class54/class5470/total_data/img/04_smline.gif HTTP/1.1" 200 3843 "-" "Mozilla/5.0 (compatible; AhrefsBot/7.0; +http://ahrefs.com/robot/)" "www.ysfine.com"
51.222.253.10 - - [05/Dec/2022:12:25:59 -0800] "GET /class54/class5470/total_data/refer_img/4-5_f.jpg HTTP/1.1" 200 32780 "-" "Mozilla/5.0 (compatible; AhrefsBot/7.0; +http://ahrefs.com/robot/)" "www.ysfine.com"
51.222.253.15 - - [05/Dec/2022:12:26:04 -0800] "GET /class54/class5470/total_data/refer_img/4-6_f.jpg HTTP/1.1" 200 37835 "-" "Mozilla/5.0 (compatible; AhrefsBot/7.0; +http://ahrefs.com/robot/)" "www.ysfine.com"
51.222.253.9 - - [05/Dec/2022:12:26:10 -0800] "GET /class54/class5470/total_data/refer_img/4-4_f.jpg HTTP/1.1" 200 35405 "-" "Mozilla/5.0 (compatible; AhrefsBot/7.0; +http://ahrefs.com/robot/)" "www.ysfine.com"
137.220.70.68 - - [05/Dec/2022:12:26:11 -0800] "GET /world/kor/sel803.jpg HTTP/1.1" 200 195155 "https://www.google.co.uk/" "Mozilla/5.0 (iPhone; CPU iPhone OS 16_1_1 like Mac OS X) AppleWebKit/605.1.15 (KHTML, like Gecko) Version/16.1 Mobile/15E148 Safari/604.1" "ysfine.com"
51.222.253.3 - - [05/Dec/2022:12:26:16 -0800] "GET /class54/class5470/total_data/photo_img/4-6.jpg HTTP/1.1" 200 252434 "-" "Mozilla/5.0 (compatible; AhrefsBot/7.0; +http://ahrefs.com/robot/)" "www.ysfine.com"
40.77.167.39 - - [05/Dec/2022:12:26:51 -0800] "GET /bio/internal.html HTTP/1.1" 404 88 "-" "Mozilla/5.0 (compatible; bingbot/2.0; +http://www.bing.com/bingbot.htm)" "ysfine.com"
67.244.114.99 - - [05/Dec/2022:12:27:30 -0800] "GET /world/france/stras10.jpg HTTP/1.1" 200 105338 "https://www.google.com/" "Mozilla/5.0 (iPhone; CPU iPhone OS 15_6_1 like Mac OS X) AppleWebKit/605.1.15 (KHTML, like Gecko) Version/15.6.1 Mobile/15E148 Safari/604.1" "ysfine.com"
157.55.39.76 - - [05/Dec/2022:12:28:01 -0800] "GET /bio/harmoarchi.html HTTP/1.1" 404 88 "-" "Mozilla/5.0 AppleWebKit/537.36 (KHTML, like Gecko; compatible; bingbot/2.0; +http://www.bing.com/bingbot.htm) Chrome/103.0.5060.134 Safari/537.36" "ysfine.com"
47.145.107.89 - - [05/Dec/2022:12:28:32 -0800] "GET /einstein/einchew.html HTTP/1.1" 200 4831 "https://m.baidu.com/" "Mozilla/5.0 (iPhone; CPU iPhone OS 16_1_1 like Mac OS X) AppleWebKit/605.1.15 (KHTML, like Gecko) Mobile/15E148 SP-engine/2.59.0 main%2F1.0 baiduboxapp/13.21.0.10 (Baidu; P2 16.1.1) NABar/1.0 themeUA=Theme/default" "www.ysfine.com"
51.222.253.14 - - [05/Dec/2022:12:28:45 -0800] "GET /class54/class5470/total_data/sub_720.htm HTTP/1.1" 200 3294 "-" "Mozilla/5.0 (compatible; AhrefsBot/7.0; +http://ahrefs.com/robot/)" "www.ysfine.com"
17.121.112.73 - - [05/Dec/2022:12:28:58 -0800] "GET /awards/iaotp/list21.pdf HTTP/1.1" 200 891261 "-" "Mozilla/5.0 (Macintosh; Intel Mac OS X 10_15_5) AppleWebKit/605.1.15 (KHTML, like Gecko) Version/13.1.1 Safari/605.1.15 (Applebot/0.1; +http://www.apple.com/go/applebot)" "ysfine.com"
47.145.107.89 - - [05/Dec/2022:12:29:15 -0800] "GET /home/comet01b.jpg HTTP/1.1" 200 53465 "https://www.ysfine.com/einstein/einchew.html" "Mozilla/5.0 (iPhone; CPU iPhone OS 16_1_1 like Mac OS X) AppleWebKit/605.1.15 (KHTML, like Gecko) Mobile/15E148 SP-engine/2.59.0 main%2F1.0 baiduboxapp/13.21.0.10 (Baidu; P2 16.1.1) NABar/1.0 themeUA=Theme/default" "www.ysfine.com"
47.145.107.89 - - [05/Dec/2022:12:29:15 -0800] "GET /home/goodbad2.jpg HTTP/1.1" 200 17488 "https://www.ysfine.com/einstein/einchew.html" "Mozilla/5.0 (iPhone; CPU iPhone OS 16_1_1 like Mac OS X) AppleWebKit/605.1.15 (KHTML, like Gecko) Mobile/15E148 SP-engine/2.59.0 main%2F1.0 baiduboxapp/13.21.0.10 (Baidu; P2 16.1.1) NABar/1.0 themeUA=Theme/default" "www.ysfine.com"
47.145.107.89 - - [05/Dec/2022:12:29:15 -0800] "GET /wigner/neeman2.jpg HTTP/1.1" 200 36323 "https://www.ysfine.com/einstein/einchew.html" "Mozilla/5.0 (iPhone; CPU iPhone OS 16_1_1 like Mac OS X) AppleWebKit/605.1.15 (KHTML, like Gecko) Mobile/15E148 SP-engine/2.59.0 main%2F1.0 baiduboxapp/13.21.0.10 (Baidu; P2 16.1.1) NABar/1.0 themeUA=Theme/default" "www.ysfine.com"
47.145.107.89 - - [05/Dec/2022:12:29:15 -0800] "GET /feynman/feygell66b.jpg HTTP/1.1" 200 28843 "https://www.ysfine.com/einstein/einchew.html" "Mozilla/5.0 (iPhone; CPU iPhone OS 16_1_1 like Mac OS X) AppleWebKit/605.1.15 (KHTML, like Gecko) Mobile/15E148 SP-engine/2.59.0 main%2F1.0 baiduboxapp/13.21.0.10 (Baidu; P2 16.1.1) NABar/1.0 themeUA=Theme/default" "www.ysfine.com"
47.145.107.89 - - [05/Dec/2022:12:29:15 -0800] "GET /eink/eink61c.jpg HTTP/1.1" 200 34119 "https://www.ysfine.com/einstein/einchew.html" "Mozilla/5.0 (iPhone; CPU iPhone OS 16_1_1 like Mac OS X) AppleWebKit/605.1.15 (KHTML, like Gecko) Mobile/15E148 SP-engine/2.59.0 main%2F1.0 baiduboxapp/13.21.0.10 (Baidu; P2 16.1.1) NABar/1.0 themeUA=Theme/default" "www.ysfine.com"
47.145.107.89 - - [05/Dec/2022:12:29:15 -0800] "GET /einstein/gfchew11b.jpg HTTP/1.1" 200 26096 "https://www.ysfine.com/einstein/einchew.html" "Mozilla/5.0 (iPhone; CPU iPhone OS 16_1_1 like Mac OS X) AppleWebKit/605.1.15 (KHTML, like Gecko) Mobile/15E148 SP-engine/2.59.0 main%2F1.0 baiduboxapp/13.21.0.10 (Baidu; P2 16.1.1) NABar/1.0 themeUA=Theme/default" "www.ysfine.com"
47.145.107.89 - - [05/Dec/2022:12:29:15 -0800] "GET /feynman/feyjad33b.jpg HTTP/1.1" 200 32306 "https://www.ysfine.com/einstein/einchew.html" "Mozilla/5.0 (iPhone; CPU iPhone OS 16_1_1 like Mac OS X) AppleWebKit/605.1.15 (KHTML, like Gecko) Mobile/15E148 SP-engine/2.59.0 main%2F1.0 baiduboxapp/13.21.0.10 (Baidu; P2 16.1.1) NABar/1.0 themeUA=Theme/default" "www.ysfine.com"
47.145.107.89 - - [05/Dec/2022:12:29:15 -0800] "GET /einstein/regge2.jpg HTTP/1.1" 200 42224 "https://www.ysfine.com/einstein/einchew.html" "Mozilla/5.0 (iPhone; CPU iPhone OS 16_1_1 like Mac OS X) AppleWebKit/605.1.15 (KHTML, like Gecko) Mobile/15E148 SP-engine/2.59.0 main%2F1.0 baiduboxapp/13.21.0.10 (Baidu; P2 16.1.1) NABar/1.0 themeUA=Theme/default" "www.ysfine.com"
27.115.124.6 - - [05/Dec/2022:12:29:17 -0800] "GET / HTTP/1.1" 200 5295 "http://baidu.com/" "Mozilla/5.0 (Linux; Android 8.0.0; MHA-AL00 Build/HUAWEIMHA-AL00; wv) AppleWebKit/537.36 (KHTML, like Gecko) Version/4.0 Chrome/68.0.3440.91 Mobile Safari/537.36 BingWeb/6.9.6" "ysfine.com"
27.115.124.6 - - [05/Dec/2022:12:29:17 -0800] "GET /home/top21d.jpg HTTP/1.1" 200 74409 "-" "Mozilla/5.0 (Linux; Android 8.0.0; MHA-AL00 Build/HUAWEIMHA-AL00; wv) AppleWebKit/537.36 (KHTML, like Gecko) Version/4.0 Chrome/68.0.3440.91 Mobile Safari/537.36 BingWeb/6.9.6" "ysfine.com"
27.115.124.6 - - [05/Dec/2022:12:29:17 -0800] "GET /home/eink450.jpg HTTP/1.1" 200 66794 "-" "Mozilla/5.0 (Linux; Android 8.0.0; MHA-AL00 Build/HUAWEIMHA-AL00; wv) AppleWebKit/537.36 (KHTML, like Gecko) Version/4.0 Chrome/68.0.3440.91 Mobile Safari/537.36 BingWeb/6.9.6" "ysfine.com"
207.46.13.48 - - [05/Dec/2022:12:29:17 -0800] "GET /bio/style/rieu.html HTTP/1.1" 404 88 "-" "Mozilla/5.0 AppleWebKit/537.36 (KHTML, like Gecko; compatible; bingbot/2.0; +http://www.bing.com/bingbot.htm) Chrome/103.0.5060.134 Safari/537.36" "ysfine.com"
27.115.124.6 - - [05/Dec/2022:12:29:18 -0800] "GET /home/facu450.jpg HTTP/1.1" 200 74535 "-" "Mozilla/5.0 (Linux; Android 8.0.0; MHA-AL00 Build/HUAWEIMHA-AL00; wv) AppleWebKit/537.36 (KHTML, like Gecko) Version/4.0 Chrome/68.0.3440.91 Mobile Safari/537.36 BingWeb/6.9.6" "ysfine.com"
27.115.124.6 - - [05/Dec/2022:12:29:18 -0800] "GET /home/goodbad450.jpg HTTP/1.1" 200 32258 "-" "Mozilla/5.0 (Linux; Android 8.0.0; MHA-AL00 Build/HUAWEIMHA-AL00; wv) AppleWebKit/537.36 (KHTML, like Gecko) Version/4.0 Chrome/68.0.3440.91 Mobile Safari/537.36 BingWeb/6.9.6" "ysfine.com"
27.115.124.6 - - [05/Dec/2022:12:29:18 -0800] "GET /eink/ewk86f.jpg HTTP/1.1" 200 122173 "-" "Mozilla/5.0 (Linux; Android 8.0.0; MHA-AL00 Build/HUAWEIMHA-AL00; wv) AppleWebKit/537.36 (KHTML, like Gecko) Version/4.0 Chrome/68.0.3440.91 Mobile Safari/537.36 BingWeb/6.9.6" "ysfine.com"
27.115.124.6 - - [05/Dec/2022:12:29:18 -0800] "GET /home/truck450.jpg HTTP/1.1" 200 42871 "-" "Mozilla/5.0 (Linux; Android 8.0.0; MHA-AL00 Build/HUAWEIMHA-AL00; wv) AppleWebKit/537.36 (KHTML, like Gecko) Version/4.0 Chrome/68.0.3440.91 Mobile Safari/537.36 BingWeb/6.9.6" "ysfine.com"
27.115.124.6 - - [05/Dec/2022:12:29:19 -0800] "GET /home/washmo23d.jpg HTTP/1.1" 200 32142 "-" "Mozilla/5.0 (Linux; Android 8.0.0; MHA-AL00 Build/HUAWEIMHA-AL00; wv) AppleWebKit/537.36 (KHTML, like Gecko) Version/4.0 Chrome/68.0.3440.91 Mobile Safari/537.36 BingWeb/6.9.6" "ysfine.com"
27.115.124.6 - - [05/Dec/2022:12:29:20 -0800] "GET /home/eindc03d.jpg HTTP/1.1" 200 95860 "-" "Mozilla/5.0 (Linux; Android 8.0.0; MHA-AL00 Build/HUAWEIMHA-AL00; wv) AppleWebKit/537.36 (KHTML, like Gecko) Version/4.0 Chrome/68.0.3440.91 Mobile Safari/537.36 BingWeb/6.9.6" "ysfine.com"
27.115.124.6 - - [05/Dec/2022:12:29:21 -0800] "GET /home/1987pr22d.jpg HTTP/1.1" 200 66428 "-" "Mozilla/5.0 (Linux; Android 8.0.0; MHA-AL00 Build/HUAWEIMHA-AL00; wv) AppleWebKit/537.36 (KHTML, like Gecko) Version/4.0 Chrome/68.0.3440.91 Mobile Safari/537.36 BingWeb/6.9.6" "ysfine.com"
27.115.124.6 - - [05/Dec/2022:12:29:21 -0800] "GET /eink/einhaus11c.jpg HTTP/1.1" 200 42522 "-" "Mozilla/5.0 (Linux; Android 8.0.0; MHA-AL00 Build/HUAWEIMHA-AL00; wv) AppleWebKit/537.36 (KHTML, like Gecko) Version/4.0 Chrome/68.0.3440.91 Mobile Safari/537.36 BingWeb/6.9.6" "ysfine.com"
27.115.124.6 - - [05/Dec/2022:12:29:22 -0800] "GET /eink/einhaus33c.jpg HTTP/1.1" 200 23792 "-" "Mozilla/5.0 (Linux; Android 8.0.0; MHA-AL00 Build/HUAWEIMHA-AL00; wv) AppleWebKit/537.36 (KHTML, like Gecko) Version/4.0 Chrome/68.0.3440.91 Mobile Safari/537.36 BingWeb/6.9.6" "ysfine.com"
27.115.124.6 - - [05/Dec/2022:12:29:23 -0800] "GET /home/taylor500.jpg HTTP/1.1" 200 79197 "-" "Mozilla/5.0 (Linux; Android 8.0.0; MHA-AL00 Build/HUAWEIMHA-AL00; wv) AppleWebKit/537.36 (KHTML, like Gecko) Version/4.0 Chrome/68.0.3440.91 Mobile Safari/537.36 BingWeb/6.9.6" "ysfine.com"
27.115.124.6 - - [05/Dec/2022:12:29:23 -0800] "GET /home/eink54f.jpg HTTP/1.1" 200 96332 "-" "Mozilla/5.0 (Linux; Android 8.0.0; MHA-AL00 Build/HUAWEIMHA-AL00; wv) AppleWebKit/537.36 (KHTML, like Gecko) Version/4.0 Chrome/68.0.3440.91 Mobile Safari/537.36 BingWeb/6.9.6" "ysfine.com"
27.115.124.6 - - [05/Dec/2022:12:29:24 -0800] "GET /home/eward55f.jpg HTTP/1.1" 200 122802 "-" "Mozilla/5.0 (Linux; Android 8.0.0; MHA-AL00 Build/HUAWEIMHA-AL00; wv) AppleWebKit/537.36 (KHTML, like Gecko) Version/4.0 Chrome/68.0.3440.91 Mobile Safari/537.36 BingWeb/6.9.6" "ysfine.com"
157.55.39.76 - - [05/Dec/2022:12:31:52 -0800] "GET /bio/style/artlove.html HTTP/1.1" 404 88 "-" "Mozilla/5.0 AppleWebKit/537.36 (KHTML, like Gecko; compatible; bingbot/2.0; +http://www.bing.com/bingbot.htm) Chrome/103.0.5060.134 Safari/537.36" "ysfine.com"
51.222.253.6 - - [05/Dec/2022:12:32:26 -0800] "GET /class54/class5470/total_data/sub_416.htm HTTP/1.1" 200 3204 "-" "Mozilla/5.0 (compatible; AhrefsBot/7.0; +http://ahrefs.com/robot/)" "www.ysfine.com"
207.46.13.20 - - [05/Dec/2022:12:33:39 -0800] "GET /bio12.html HTTP/1.1" 200 13708 "-" "Mozilla/5.0 AppleWebKit/537.36 (KHTML, like Gecko; compatible; bingbot/2.0; +http://www.bing.com/bingbot.htm) Chrome/103.0.5060.134 Safari/537.36" "ysfine.com"
216.244.66.229 - - [05/Dec/2022:12:33:58 -0800] "GET /robots.txt HTTP/1.1" 404 73 "-" "Mozilla/5.0 (compatible; DotBot/1.2; +https://opensiteexplorer.org/dotbot; help@moz.com)" "www.ysfine.com"
216.244.66.229 - - [05/Dec/2022:12:33:58 -0800] "GET /robots.txt HTTP/1.1" 404 73 "-" "Mozilla/5.0 (compatible; DotBot/1.2; +https://opensiteexplorer.org/dotbot; help@moz.com)" "ysfine.com"
207.46.13.134 - - [05/Dec/2022:12:34:10 -0800] "GET /bio04.html HTTP/1.1" 200 9059 "-" "Mozilla/5.0 AppleWebKit/537.36 (KHTML, like Gecko; compatible; bingbot/2.0; +http://www.bing.com/bingbot.htm) Chrome/103.0.5060.134 Safari/537.36" "ysfine.com"
71.178.208.102 - - [05/Dec/2022:12:34:44 -0800] "GET /ys11/index.html HTTP/1.1" 304 - "-" "Mozilla/5.0 (Windows NT 10.0; Win64; x64) AppleWebKit/537.36 (KHTML, like Gecko) Chrome/107.0.0.0 Safari/537.36 Edg/107.0.1418.62" "www.ysfine.com"
71.178.208.102 - - [05/Dec/2022:12:34:45 -0800] "GET /favicon.ico HTTP/1.1" 404 88 "https://www.ysfine.com/ys11/index.html" "Mozilla/5.0 (Windows NT 10.0; Win64; x64) AppleWebKit/537.36 (KHTML, like Gecko) Chrome/107.0.0.0 Safari/537.36 Edg/107.0.1418.62" "www.ysfine.com"
157.55.39.76 - - [05/Dec/2022:12:34:53 -0800] "GET /bio/sbk/1950.html HTTP/1.1" 404 88 "-" "Mozilla/5.0 (compatible; bingbot/2.0; +http://www.bing.com/bingbot.htm)" "ysfine.com"
51.222.253.13 - - [05/Dec/2022:12:35:48 -0800] "GET /class54/class5470/total_data/sub_410.htm HTTP/1.1" 200 3214 "-" "Mozilla/5.0 (compatible; AhrefsBot/7.0; +http://ahrefs.com/robot/)" "www.ysfine.com"
207.46.13.20 - - [05/Dec/2022:12:35:48 -0800] "GET /bio/style/proschanie.html HTTP/1.1" 404 88 "-" "Mozilla/5.0 (compatible; bingbot/2.0; +http://www.bing.com/bingbot.htm)" "ysfine.com"
51.222.253.13 - - [05/Dec/2022:12:35:55 -0800] "GET /class54/class5470/total_data/photo_img/4-10.jpg HTTP/1.1" 200 245803 "-" "Mozilla/5.0 (compatible; AhrefsBot/7.0; +http://ahrefs.com/robot/)" "www.ysfine.com"
40.77.167.39 - - [05/Dec/2022:12:36:01 -0800] "GET /bio/feynman/partons.html HTTP/1.1" 404 88 "-" "Mozilla/5.0 AppleWebKit/537.36 (KHTML, like Gecko; compatible; bingbot/2.0; +http://www.bing.com/bingbot.htm) Chrome/103.0.5060.134 Safari/537.36" "ysfine.com"
71.178.208.102 - - [05/Dec/2022:12:36:14 -0800] "GET /ys11/ HTTP/1.1" 304 - "-" "Mozilla/5.0 (Windows NT 10.0; Win64; x64) AppleWebKit/537.36 (KHTML, like Gecko) Chrome/107.0.5304.107 Safari/537.36" "ysfine.com"
71.178.208.102 - - [05/Dec/2022:12:36:14 -0800] "GET /favicon.ico HTTP/1.1" 404 88 "https://ysfine.com/ys11/" "Mozilla/5.0 (Windows NT 10.0; Win64; x64) AppleWebKit/537.36 (KHTML, like Gecko) Chrome/107.0.5304.107 Safari/537.36" "ysfine.com"
71.178.208.102 - - [05/Dec/2022:12:37:03 -0800] "GET /favicon.ico HTTP/1.1" 404 88 "https://www.ysfine.com/ys11/index.html" "Mozilla/5.0 (Windows NT 10.0; Win64; x64) AppleWebKit/537.36 (KHTML, like Gecko) Chrome/107.0.0.0 Safari/537.36 Edg/107.0.1418.62" "www.ysfine.com"
71.178.208.102 - - [05/Dec/2022:12:37:09 -0800] "GET /awards/index.html HTTP/1.1" 200 10095 "https://www.ysfine.com/ys11/index.html" "Mozilla/5.0 (Windows NT 10.0; Win64; x64) AppleWebKit/537.36 (KHTML, like Gecko) Chrome/107.0.0.0 Safari/537.36 Edg/107.0.1418.62" "www.ysfine.com"
71.178.208.102 - - [05/Dec/2022:12:37:09 -0800] "GET /awards/fortune23f.jpg HTTP/1.1" 200 270365 "https://www.ysfine.com/awards/index.html" "Mozilla/5.0 (Windows NT 10.0; Win64; x64) AppleWebKit/537.36 (KHTML, like Gecko) Chrome/107.0.0.0 Safari/537.36 Edg/107.0.1418.62" "www.ysfine.com"
71.178.208.102 - - [05/Dec/2022:12:37:09 -0800] "GET /awards/whoswho11f.jpg HTTP/1.1" 200 86318 "https://www.ysfine.com/awards/index.html" "Mozilla/5.0 (Windows NT 10.0; Win64; x64) AppleWebKit/537.36 (KHTML, like Gecko) Chrome/107.0.0.0 Safari/537.36 Edg/107.0.1418.62" "www.ysfine.com"
157.55.39.6 - - [05/Dec/2022:12:37:25 -0800] "GET /bio/awards/iao.html HTTP/1.1" 404 88 "-" "Mozilla/5.0 AppleWebKit/537.36 (KHTML, like Gecko; compatible; bingbot/2.0; +http://www.bing.com/bingbot.htm) Chrome/103.0.5060.134 Safari/537.36" "ysfine.com"
71.178.208.102 - - [05/Dec/2022:12:37:26 -0800] "GET /awards/top100f.jpg HTTP/1.1" 200 204255 "https://www.ysfine.com/awards/index.html" "Mozilla/5.0 (Windows NT 10.0; Win64; x64) AppleWebKit/537.36 (KHTML, like Gecko) Chrome/107.0.0.0 Safari/537.36 Edg/107.0.1418.62" "www.ysfine.com"
216.244.66.229 - - [05/Dec/2022:12:37:30 -0800] "GET /folks/lithuam02.jpg HTTP/1.1" 200 67868 "-" "Mozilla/5.0 (compatible; DotBot/1.2; +https://opensiteexplorer.org/dotbot; help@moz.com)" "www.ysfine.com"
216.244.66.229 - - [05/Dec/2022:12:37:35 -0800] "GET /folks/lithulon05.jpg HTTP/1.1" 200 101981 "-" "Mozilla/5.0 (compatible; DotBot/1.2; +https://opensiteexplorer.org/dotbot; help@moz.com)" "www.ysfine.com"
17.121.114.101 - - [05/Dec/2022:12:37:47 -0800] "GET /dirac/dart/kno79.pdf HTTP/1.1" 200 176844 "-" "Mozilla/5.0 (Macintosh; Intel Mac OS X 10_15_5) AppleWebKit/605.1.15 (KHTML, like Gecko) Version/13.1.1 Safari/605.1.15 (Applebot/0.1; +http://www.apple.com/go/applebot)" "ysfine.com"
