157.55.39.6 - - [05/Dec/2022:00:31:54 -0800] "GET /world/baltic/kalin22.jpg HTTP/1.1" 200 152819 "-" "Mozilla/5.0 (compatible; bingbot/2.0; +http://www.bing.com/bingbot.htm)" "www.ysfine.com"
157.55.39.6 - - [05/Dec/2022:00:32:04 -0800] "GET /maga/phys/hydrogen01b.jpg HTTP/1.1" 200 39399 "-" "Mozilla/5.0 (compatible; bingbot/2.0; +http://www.bing.com/bingbot.htm)" "ysfine.com"
45.227.254.5 - - [05/Dec/2022:00:32:02 -0800] "GET /wp-admin/alfacgiapi HTTP/1.1" 404 88 "www.bing.com" "wp_is_mobile" "ysfine.com"
45.227.254.5 - - [05/Dec/2022:00:32:24 -0800] "GET /wp-admin/cgialfa HTTP/1.1" 404 88 "www.bing.com" "wp_is_mobile" "ysfine.com"
216.244.66.229 - - [05/Dec/2022:00:32:31 -0800] "GET /folks/klauder06.jpg HTTP/1.1" 200 127431 "-" "Mozilla/5.0 (compatible; DotBot/1.2; +https://opensiteexplorer.org/dotbot; help@moz.com)" "www.ysfine.com"
45.227.254.5 - - [05/Dec/2022:00:32:32 -0800] "GET /wp-content/ALFA_DATA HTTP/1.1" 404 88 "www.bing.com" "wp_is_mobile" "ysfine.com"
45.227.254.5 - - [05/Dec/2022:00:32:34 -0800] "GET /wp-content/alfacgiapi HTTP/1.1" 404 88 "www.bing.com" "wp_is_mobile" "ysfine.com"
45.227.254.5 - - [05/Dec/2022:00:32:36 -0800] "GET /wp-content/cgialfa HTTP/1.1" 404 88 "www.bing.com" "wp_is_mobile" "ysfine.com"
216.244.66.229 - - [05/Dec/2022:00:32:39 -0800] "GET /folks/amkor/lawren11.jpg HTTP/1.1" 200 93964 "-" "Mozilla/5.0 (compatible; DotBot/1.2; +https://opensiteexplorer.org/dotbot; help@moz.com)" "www.ysfine.com"
45.227.254.5 - - [05/Dec/2022:00:32:44 -0800] "GET /templates/beez3/ALFA_DATA HTTP/1.1" 404 88 "www.bing.com" "wp_is_mobile" "ysfine.com"
45.227.254.5 - - [05/Dec/2022:00:32:46 -0800] "GET /templates/beez3/alfacgiapi HTTP/1.1" 404 88 "www.bing.com" "wp_is_mobile" "ysfine.com"
45.227.254.5 - - [05/Dec/2022:00:32:47 -0800] "GET /templates/beez3/cgialfa HTTP/1.1" 404 88 "www.bing.com" "wp_is_mobile" "ysfine.com"
45.227.254.5 - - [05/Dec/2022:00:32:49 -0800] "GET /sites/default/files/ALFA_DATA HTTP/1.1" 404 88 "www.bing.com" "wp_is_mobile" "ysfine.com"
45.227.254.5 - - [05/Dec/2022:00:32:57 -0800] "GET /sites/default/files/alfacgiapi HTTP/1.1" 404 88 "www.bing.com" "wp_is_mobile" "ysfine.com"
45.227.254.5 - - [05/Dec/2022:00:32:59 -0800] "GET /sites/default/files/cgialfa HTTP/1.1" 404 88 "www.bing.com" "wp_is_mobile" "ysfine.com"
45.227.254.5 - - [05/Dec/2022:00:33:01 -0800] "GET /admin/controller/extension/extension/ALFA_DATA HTTP/1.1" 404 88 "www.bing.com" "wp_is_mobile" "ysfine.com"
45.227.254.5 - - [05/Dec/2022:00:33:02 -0800] "GET /admin/controller/extension/extension/alfacgiapi HTTP/1.1" 404 88 "www.bing.com" "wp_is_mobile" "ysfine.com"
45.227.254.5 - - [05/Dec/2022:00:33:11 -0800] "GET /admin/controller/extension/extension/cgialfa HTTP/1.1" 404 88 "www.bing.com" "wp_is_mobile" "ysfine.com"
45.227.254.5 - - [05/Dec/2022:00:33:13 -0800] "GET /wp-content/plugins/ubh/up.php HTTP/1.1" 404 88 "www.bing.com" "wp_is_mobile" "ysfine.com"
45.227.254.5 - - [05/Dec/2022:00:33:13 -0800] "GET /index.php?3x=3x HTTP/1.1" 404 88 "www.bing.com" "wp_is_mobile" "ysfine.com"
45.227.254.5 - - [05/Dec/2022:00:33:14 -0800] "GET /about.php HTTP/1.1" 404 88 "www.bing.com" "wp_is_mobile" "ysfine.com"
45.227.254.5 - - [05/Dec/2022:00:33:22 -0800] "GET /shells.php HTTP/1.1" 404 88 "www.bing.com" "wp_is_mobile" "ysfine.com"
45.227.254.5 - - [05/Dec/2022:00:33:23 -0800] "GET /olux.php HTTP/1.1" 404 88 "www.bing.com" "wp_is_mobile" "ysfine.com"
45.227.254.5 - - [05/Dec/2022:00:33:23 -0800] "GET /xleet.php HTTP/1.1" 404 88 "www.bing.com" "wp_is_mobile" "ysfine.com"
45.227.254.5 - - [05/Dec/2022:00:33:24 -0800] "GET /wso.php HTTP/1.1" 404 88 "www.bing.com" "wp_is_mobile" "ysfine.com"
45.227.254.5 - - [05/Dec/2022:00:33:25 -0800] "GET /shell.php HTTP/1.1" 404 88 "www.bing.com" "wp_is_mobile" "ysfine.com"
45.227.254.5 - - [05/Dec/2022:00:33:25 -0800] "GET /up.php HTTP/1.1" 404 88 "www.bing.com" "wp_is_mobile" "ysfine.com"
45.227.254.5 - - [05/Dec/2022:00:33:26 -0800] "GET /upload.php HTTP/1.1" 404 88 "www.bing.com" "wp_is_mobile" "ysfine.com"
207.46.13.20 - - [05/Dec/2022:00:35:08 -0800] "GET /ysbio/folks/french.html HTTP/1.1" 404 88 "-" "Mozilla/5.0 AppleWebKit/537.36 (KHTML, like Gecko; compatible; bingbot/2.0; +http://www.bing.com/bingbot.htm) Chrome/103.0.5060.134 Safari/537.36" "ysfine.com"
157.55.39.6 - - [05/Dec/2022:00:35:35 -0800] "GET /bio/world/leipzig.html HTTP/1.1" 404 88 "-" "Mozilla/5.0 (compatible; bingbot/2.0; +http://www.bing.com/bingbot.htm)" "ysfine.com"
157.55.39.76 - - [05/Dec/2022:00:36:03 -0800] "GET /feynman/ppic/quantum01c.jpg HTTP/1.1" 200 24878 "-" "Mozilla/5.0 AppleWebKit/537.36 (KHTML, like Gecko; compatible; bingbot/2.0; +http://www.bing.com/bingbot.htm) Chrome/103.0.5060.134 Safari/537.36" "www.ysfine.com"
207.46.13.134 - - [05/Dec/2022:00:36:19 -0800] "GET /bio/wigner/e(2).html HTTP/1.1" 404 88 "-" "Mozilla/5.0 AppleWebKit/537.36 (KHTML, like Gecko; compatible; bingbot/2.0; +http://www.bing.com/bingbot.htm) Chrome/103.0.5060.134 Safari/537.36" "ysfine.com"
207.46.13.48 - - [05/Dec/2022:00:36:27 -0800] "GET /bio/kobak/soraech.html HTTP/1.1" 404 88 "-" "Mozilla/5.0 AppleWebKit/537.36 (KHTML, like Gecko; compatible; bingbot/2.0; +http://www.bing.com/bingbot.htm) Chrome/103.0.5060.134 Safari/537.36" "ysfine.com"
45.227.254.5 - - [05/Dec/2022:00:37:09 -0800] "GET /1.php HTTP/1.1" 404 88 "www.bing.com" "wp_is_mobile" "ysfine.com"
45.227.254.5 - - [05/Dec/2022:00:37:10 -0800] "GET /x.php HTTP/1.1" 404 88 "www.bing.com" "wp_is_mobile" "ysfine.com"
45.227.254.5 - - [05/Dec/2022:00:37:19 -0800] "GET /z.php HTTP/1.1" 404 88 "www.bing.com" "wp_is_mobile" "ysfine.com"
45.227.254.5 - - [05/Dec/2022:00:37:19 -0800] "GET /a.php HTTP/1.1" 404 88 "www.bing.com" "wp_is_mobile" "ysfine.com"
45.227.254.5 - - [05/Dec/2022:00:37:20 -0800] "GET /test.php HTTP/1.1" 404 88 "www.bing.com" "wp_is_mobile" "ysfine.com"
45.227.254.5 - - [05/Dec/2022:00:37:20 -0800] "GET /wp.php HTTP/1.1" 404 88 "www.bing.com" "wp_is_mobile" "ysfine.com"
45.227.254.5 - - [05/Dec/2022:00:37:21 -0800] "GET /alfa.php HTTP/1.1" 404 88 "www.bing.com" "wp_is_mobile" "ysfine.com"
45.227.254.5 - - [05/Dec/2022:00:37:27 -0800] "GET /config.php HTTP/1.1" 404 88 "www.bing.com" "wp_is_mobile" "ysfine.com"
207.46.13.20 - - [05/Dec/2022:00:38:08 -0800] "GET /world/hungary/kodaly01.jpg HTTP/1.1" 200 157349 "-" "Mozilla/5.0 AppleWebKit/537.36 (KHTML, like Gecko; compatible; bingbot/2.0; +http://www.bing.com/bingbot.htm) Chrome/103.0.5060.134 Safari/537.36" "ysfine.com"
95.129.252.153 - - [05/Dec/2022:00:38:21 -0800] "GET /maga/boltzmann.html HTTP/1.1" 200 6052 "https://www.google.com/" "Mozilla/5.0 (Macintosh; Intel Mac OS X 10_15_7) AppleWebKit/537.36 (KHTML, like Gecko) Chrome/106.0.0.0 Safari/537.36 OPR/92.0.0.0" "ysfine.com"
95.129.252.153 - - [05/Dec/2022:00:38:21 -0800] "GET /world/germany/vienna71b.jpg HTTP/1.1" 200 46089 "https://ysfine.com/maga/boltzmann.html" "Mozilla/5.0 (Macintosh; Intel Mac OS X 10_15_7) AppleWebKit/537.36 (KHTML, like Gecko) Chrome/106.0.0.0 Safari/537.36 OPR/92.0.0.0" "ysfine.com"
95.129.252.153 - - [05/Dec/2022:00:38:21 -0800] "GET /world/germany/johannstra00b.jpg HTTP/1.1" 200 49436 "https://ysfine.com/maga/boltzmann.html" "Mozilla/5.0 (Macintosh; Intel Mac OS X 10_15_7) AppleWebKit/537.36 (KHTML, like Gecko) Chrome/106.0.0.0 Safari/537.36 OPR/92.0.0.0" "ysfine.com"
95.129.252.153 - - [05/Dec/2022:00:38:21 -0800] "GET /feynman/feybongo77b.jpg HTTP/1.1" 200 29724 "https://ysfine.com/maga/boltzmann.html" "Mozilla/5.0 (Macintosh; Intel Mac OS X 10_15_7) AppleWebKit/537.36 (KHTML, like Gecko) Chrome/106.0.0.0 Safari/537.36 OPR/92.0.0.0" "ysfine.com"
95.129.252.153 - - [05/Dec/2022:00:38:21 -0800] "GET /wigner/lunch91b.jpg HTTP/1.1" 200 52318 "https://ysfine.com/maga/boltzmann.html" "Mozilla/5.0 (Macintosh; Intel Mac OS X 10_15_7) AppleWebKit/537.36 (KHTML, like Gecko) Chrome/106.0.0.0 Safari/537.36 OPR/92.0.0.0" "ysfine.com"
95.129.252.153 - - [05/Dec/2022:00:38:21 -0800] "GET /home/yscoup11b.jpg HTTP/1.1" 200 34138 "https://ysfine.com/maga/boltzmann.html" "Mozilla/5.0 (Macintosh; Intel Mac OS X 10_15_7) AppleWebKit/537.36 (KHTML, like Gecko) Chrome/106.0.0.0 Safari/537.36 OPR/92.0.0.0" "ysfine.com"
95.129.252.153 - - [05/Dec/2022:00:38:21 -0800] "GET /einstein/bohradius11b.jpg HTTP/1.1" 200 39999 "https://ysfine.com/maga/boltzmann.html" "Mozilla/5.0 (Macintosh; Intel Mac OS X 10_15_7) AppleWebKit/537.36 (KHTML, like Gecko) Chrome/106.0.0.0 Safari/537.36 OPR/92.0.0.0" "ysfine.com"
95.129.252.153 - - [05/Dec/2022:00:38:21 -0800] "GET /maga/boltz/boltz22b.jpg HTTP/1.1" 200 30861 "https://ysfine.com/maga/boltzmann.html" "Mozilla/5.0 (Macintosh; Intel Mac OS X 10_15_7) AppleWebKit/537.36 (KHTML, like Gecko) Chrome/106.0.0.0 Safari/537.36 OPR/92.0.0.0" "ysfine.com"
95.129.252.153 - - [05/Dec/2022:00:38:21 -0800] "GET /maga/boltz/gauss22a.jpg HTTP/1.1" 200 33642 "https://ysfine.com/maga/boltzmann.html" "Mozilla/5.0 (Macintosh; Intel Mac OS X 10_15_7) AppleWebKit/537.36 (KHTML, like Gecko) Chrome/106.0.0.0 Safari/537.36 OPR/92.0.0.0" "ysfine.com"
95.129.252.153 - - [05/Dec/2022:00:38:21 -0800] "GET /maga/boltz/gauss11a.jpg HTTP/1.1" 200 22192 "https://ysfine.com/maga/boltzmann.html" "Mozilla/5.0 (Macintosh; Intel Mac OS X 10_15_7) AppleWebKit/537.36 (KHTML, like Gecko) Chrome/106.0.0.0 Safari/537.36 OPR/92.0.0.0" "ysfine.com"
95.129.252.153 - - [05/Dec/2022:00:38:21 -0800] "GET /kobak/taylor33c.jpg HTTP/1.1" 200 39951 "https://ysfine.com/maga/boltzmann.html" "Mozilla/5.0 (Macintosh; Intel Mac OS X 10_15_7) AppleWebKit/537.36 (KHTML, like Gecko) Chrome/106.0.0.0 Safari/537.36 OPR/92.0.0.0" "ysfine.com"
95.129.252.153 - - [05/Dec/2022:00:38:21 -0800] "GET /maga/boltz/qboil66a.jpg HTTP/1.1" 200 64414 "https://ysfine.com/maga/boltzmann.html" "Mozilla/5.0 (Macintosh; Intel Mac OS X 10_15_7) AppleWebKit/537.36 (KHTML, like Gecko) Chrome/106.0.0.0 Safari/537.36 OPR/92.0.0.0" "ysfine.com"
95.129.252.153 - - [05/Dec/2022:00:38:21 -0800] "GET /maga/boltz/entro22b.jpg HTTP/1.1" 200 581794 "https://ysfine.com/maga/boltzmann.html" "Mozilla/5.0 (Macintosh; Intel Mac OS X 10_15_7) AppleWebKit/537.36 (KHTML, like Gecko) Chrome/106.0.0.0 Safari/537.36 OPR/92.0.0.0" "ysfine.com"
95.129.252.153 - - [05/Dec/2022:00:38:21 -0800] "GET /maga/boltz/maxrel11b.jpg HTTP/1.1" 200 28313 "https://ysfine.com/maga/boltzmann.html" "Mozilla/5.0 (Macintosh; Intel Mac OS X 10_15_7) AppleWebKit/537.36 (KHTML, like Gecko) Chrome/106.0.0.0 Safari/537.36 OPR/92.0.0.0" "ysfine.com"
95.129.252.153 - - [05/Dec/2022:00:38:21 -0800] "GET /wigner/wigsharp2.jpg HTTP/1.1" 200 34860 "https://ysfine.com/maga/boltzmann.html" "Mozilla/5.0 (Macintosh; Intel Mac OS X 10_15_7) AppleWebKit/537.36 (KHTML, like Gecko) Chrome/106.0.0.0 Safari/537.36 OPR/92.0.0.0" "ysfine.com"
95.129.252.153 - - [05/Dec/2022:00:38:21 -0800] "GET /einstein/einbohr11b.jpg HTTP/1.1" 200 37538 "https://ysfine.com/maga/boltzmann.html" "Mozilla/5.0 (Macintosh; Intel Mac OS X 10_15_7) AppleWebKit/537.36 (KHTML, like Gecko) Chrome/106.0.0.0 Safari/537.36 OPR/92.0.0.0" "ysfine.com"
95.129.252.153 - - [05/Dec/2022:00:38:21 -0800] "GET /wigner/isomor66b.jpg HTTP/1.1" 200 60963 "https://ysfine.com/maga/boltzmann.html" "Mozilla/5.0 (Macintosh; Intel Mac OS X 10_15_7) AppleWebKit/537.36 (KHTML, like Gecko) Chrome/106.0.0.0 Safari/537.36 OPR/92.0.0.0" "ysfine.com"
95.129.252.153 - - [05/Dec/2022:00:38:21 -0800] "GET /maga/phys/vnm01b.jpg HTTP/1.1" 200 35878 "https://ysfine.com/maga/boltzmann.html" "Mozilla/5.0 (Macintosh; Intel Mac OS X 10_15_7) AppleWebKit/537.36 (KHTML, like Gecko) Chrome/106.0.0.0 Safari/537.36 OPR/92.0.0.0" "ysfine.com"
95.129.252.153 - - [05/Dec/2022:00:38:21 -0800] "GET /eink/pwk19c.jpg HTTP/1.1" 200 57759 "https://ysfine.com/maga/boltzmann.html" "Mozilla/5.0 (Macintosh; Intel Mac OS X 10_15_7) AppleWebKit/537.36 (KHTML, like Gecko) Chrome/106.0.0.0 Safari/537.36 OPR/92.0.0.0" "ysfine.com"
95.129.252.153 - - [05/Dec/2022:00:38:21 -0800] "GET /maga/boltz/restof22a.jpg HTTP/1.1" 200 41645 "https://ysfine.com/maga/boltzmann.html" "Mozilla/5.0 (Macintosh; Intel Mac OS X 10_15_7) AppleWebKit/537.36 (KHTML, like Gecko) Chrome/106.0.0.0 Safari/537.36 OPR/92.0.0.0" "ysfine.com"
95.129.252.153 - - [05/Dec/2022:00:38:21 -0800] "GET /maga/boltz/boost11.jpg HTTP/1.1" 200 34116 "https://ysfine.com/maga/boltzmann.html" "Mozilla/5.0 (Macintosh; Intel Mac OS X 10_15_7) AppleWebKit/537.36 (KHTML, like Gecko) Chrome/106.0.0.0 Safari/537.36 OPR/92.0.0.0" "ysfine.com"
95.129.252.153 - - [05/Dec/2022:00:38:21 -0800] "GET /maga/boltz/restof11.jpg HTTP/1.1" 200 39679 "https://ysfine.com/maga/boltzmann.html" "Mozilla/5.0 (Macintosh; Intel Mac OS X 10_15_7) AppleWebKit/537.36 (KHTML, like Gecko) Chrome/106.0.0.0 Safari/537.36 OPR/92.0.0.0" "ysfine.com"
95.129.252.153 - - [05/Dec/2022:00:38:27 -0800] "GET /favicon.ico HTTP/1.1" 404 88 "https://ysfine.com/maga/boltzmann.html" "Mozilla/5.0 (Macintosh; Intel Mac OS X 10_15_7) AppleWebKit/537.36 (KHTML, like Gecko) Chrome/106.0.0.0 Safari/537.36 OPR/92.0.0.0" "ysfine.com"
157.55.39.76 - - [05/Dec/2022:00:39:04 -0800] "GET /kobak/kimilsong11.jpg HTTP/1.1" 200 185542 "-" "Mozilla/5.0 AppleWebKit/537.36 (KHTML, like Gecko; compatible; bingbot/2.0; +http://www.bing.com/bingbot.htm) Chrome/103.0.5060.134 Safari/537.36" "www.ysfine.com"
207.46.13.134 - - [05/Dec/2022:00:39:39 -0800] "GET /world/france/frpolice01.jpg HTTP/1.1" 200 105430 "-" "Mozilla/5.0 AppleWebKit/537.36 (KHTML, like Gecko; compatible; bingbot/2.0; +http://www.bing.com/bingbot.htm) Chrome/103.0.5060.134 Safari/537.36" "ysfine.com"
216.244.66.229 - - [05/Dec/2022:00:39:54 -0800] "GET /world/france/frmodo01.jpg HTTP/1.1" 200 100221 "-" "Mozilla/5.0 (compatible; DotBot/1.2; +https://opensiteexplorer.org/dotbot; help@moz.com)" "www.ysfine.com"
34.222.90.17 - - [05/Dec/2022:00:40:26 -0800] "HEAD /kowar/index.html HTTP/1.1" 200 - "-" "-" "ysfine.com"
27.91.67.149 - - [05/Dec/2022:00:40:28 -0800] "GET /kowar/index.html HTTP/1.1" 200 186 "-" "Mozilla/5.0 (Windows NT 6.1; WOW64; Trident/7.0; NP08; NP08; MAAU; rv:11.0) like Gecko" "ysfine.com"
216.244.66.229 - - [05/Dec/2022:00:40:32 -0800] "GET /world/russ/mosf57.jpg HTTP/1.1" 200 205497 "-" "Mozilla/5.0 (compatible; DotBot/1.2; +https://opensiteexplorer.org/dotbot; help@moz.com)" "www.ysfine.com"
14.137.135.24 - - [05/Dec/2022:00:40:46 -0800] "GET /einstein/regge.jpg HTTP/1.1" 200 102881 "-" "Mozilla/5.0 (Windows NT 10.0; Win64; x64) AppleWebKit/537.36 (KHTML, like Gecko) Chrome/90.0.4430.212 Safari/537.36" "www.ysfine.com"
157.55.39.6 - - [05/Dec/2022:00:40:56 -0800] "GET /bio/style/leica.html HTTP/1.1" 404 88 "-" "Mozilla/5.0 AppleWebKit/537.36 (KHTML, like Gecko; compatible; bingbot/2.0; +http://www.bing.com/bingbot.htm) Chrome/103.0.5060.134 Safari/537.36" "ysfine.com"
207.46.13.48 - - [05/Dec/2022:00:40:57 -0800] "GET /sbk/2014paris33.jpg HTTP/1.1" 200 171597 "-" "Mozilla/5.0 AppleWebKit/537.36 (KHTML, like Gecko; compatible; bingbot/2.0; +http://www.bing.com/bingbot.htm) Chrome/103.0.5060.134 Safari/537.36" "www.ysfine.com"
207.46.13.48 - - [05/Dec/2022:00:40:58 -0800] "GET /maga/phil/mao100.jpg HTTP/1.1" 200 173504 "-" "Mozilla/5.0 (compatible; bingbot/2.0; +http://www.bing.com/bingbot.htm)" "ysfine.com"
207.46.13.48 - - [05/Dec/2022:00:41:00 -0800] "GET /bio/style/rieu.html HTTP/1.1" 404 88 "-" "Mozilla/5.0 (compatible; bingbot/2.0; +http://www.bing.com/bingbot.htm)" "ysfine.com"
157.55.39.76 - - [05/Dec/2022:00:41:13 -0800] "GET /kowar/panmun02b.jpg HTTP/1.1" 200 51595 "-" "Mozilla/5.0 AppleWebKit/537.36 (KHTML, like Gecko; compatible; bingbot/2.0; +http://www.bing.com/bingbot.htm) Chrome/103.0.5060.134 Safari/537.36" "www.ysfine.com"
216.244.66.229 - - [05/Dec/2022:00:41:23 -0800] "GET /kobak/yalta.jpg HTTP/1.1" 200 179519 "-" "Mozilla/5.0 (compatible; DotBot/1.2; +https://opensiteexplorer.org/dotbot; help@moz.com)" "www.ysfine.com"
207.46.13.20 - - [05/Dec/2022:00:41:28 -0800] "GET /wdc/usna14.jpg HTTP/1.1" 200 98975 "-" "Mozilla/5.0 AppleWebKit/537.36 (KHTML, like Gecko; compatible; bingbot/2.0; +http://www.bing.com/bingbot.htm) Chrome/103.0.5060.134 Safari/537.36" "www.ysfine.com"
157.55.39.6 - - [05/Dec/2022:00:41:46 -0800] "GET /bio/kobak/namdae.html HTTP/1.1" 404 88 "-" "Mozilla/5.0 (compatible; bingbot/2.0; +http://www.bing.com/bingbot.htm)" "ysfine.com"
157.55.39.6 - - [05/Dec/2022:00:42:05 -0800] "GET /wigner/isomor66b.jpg HTTP/1.1" 200 60963 "-" "Mozilla/5.0 (compatible; bingbot/2.0; +http://www.bing.com/bingbot.htm)" "ysfine.com"
216.244.66.229 - - [05/Dec/2022:00:42:14 -0800] "GET /kobak/yalta22.jpg HTTP/1.1" 200 126794 "-" "Mozilla/5.0 (compatible; DotBot/1.2; +https://opensiteexplorer.org/dotbot; help@moz.com)" "www.ysfine.com"
45.227.254.5 - - [05/Dec/2022:00:42:29 -0800] "GET /templates/beez3/index.php HTTP/1.1" 404 88 "www.bing.com" "wp_is_mobile" "ysfine.com"
207.46.13.134 - - [05/Dec/2022:00:42:49 -0800] "GET /bio04.html HTTP/1.1" 200 9059 "-" "Mozilla/5.0 (compatible; bingbot/2.0; +http://www.bing.com/bingbot.htm)" "ysfine.com"
207.46.13.134 - - [05/Dec/2022:00:42:50 -0800] "GET /world/russ/minsk033.jpg HTTP/1.1" 200 70762 "-" "Mozilla/5.0 AppleWebKit/537.36 (KHTML, like Gecko; compatible; bingbot/2.0; +http://www.bing.com/bingbot.htm) Chrome/103.0.5060.134 Safari/537.36" "ysfine.com"
93.158.161.41 - - [05/Dec/2022:00:44:23 -0800] "GET /robots.txt HTTP/1.1" 404 73 "-" "Mozilla/5.0 (compatible; YandexBot/3.0; +http://yandex.com/bots)" "www.ysfine.com"
93.158.161.66 - - [05/Dec/2022:00:44:26 -0800] "GET /world/index.html HTTP/1.1" 200 123 "-" "Mozilla/5.0 (compatible; YandexBot/3.0; +http://yandex.com/bots) AppleWebKit/537.36 (KHTML, like Gecko) Chrome/81.0.4044.268" "www.ysfine.com"
3.134.100.70 - - [05/Dec/2022:00:46:40 -0800] "GET /kowar/tanks/tank03.jpg HTTP/1.1" 200 106726 "-" "Mozilla/5.0 (X11; Ubuntu; Linux x86_64; rv:72.0) Gecko/20100101 Firefox/72.0" "www.ysfine.com"
77.88.5.160 - - [05/Dec/2022:00:47:42 -0800] "GET /newyork/nyc.html HTTP/1.1" 200 31389 "-" "Mozilla/5.0 (compatible; YandexBot/3.0; +http://yandex.com/bots)" "www.ysfine.com"
93.158.161.49 - - [05/Dec/2022:00:47:46 -0800] "GET /kobak/shortw.html HTTP/1.1" 200 3128 "-" "Mozilla/5.0 (compatible; YandexBot/3.0; +http://yandex.com/bots)" "www.ysfine.com"
77.88.5.45 - - [05/Dec/2022:00:47:49 -0800] "GET /style/digilit.html HTTP/1.1" 200 8470 "-" "Mozilla/5.0 (compatible; YandexBot/3.0; +http://yandex.com/bots)" "www.ysfine.com"
93.158.161.72 - - [05/Dec/2022:00:47:52 -0800] "GET /world/paris.html HTTP/1.1" 200 18129 "-" "Mozilla/5.0 (compatible; YandexBot/3.0; +http://yandex.com/bots)" "www.ysfine.com"
77.88.5.36 - - [05/Dec/2022:00:47:55 -0800] "GET /world/andal.html HTTP/1.1" 200 10097 "-" "Mozilla/5.0 (compatible; YandexBot/3.0; +http://yandex.com/bots)" "www.ysfine.com"
93.158.161.75 - - [05/Dec/2022:00:47:58 -0800] "GET /style/leica.html HTTP/1.1" 200 17158 "-" "Mozilla/5.0 (compatible; YandexBot/3.0; +http://yandex.com/bots)" "www.ysfine.com"
77.88.5.161 - - [05/Dec/2022:00:48:00 -0800] "GET /world/musplace.html HTTP/1.1" 200 22077 "-" "Mozilla/5.0 (compatible; YandexBot/3.0; +http://yandex.com/bots)" "www.ysfine.com"
77.88.5.10 - - [05/Dec/2022:00:48:03 -0800] "GET /world/musplace.html HTTP/1.1" 200 22077 "-" "Mozilla/5.0 (compatible; YandexBot/3.0; +http://yandex.com/bots)" "www.ysfine.com"
77.88.5.217 - - [05/Dec/2022:00:48:06 -0800] "GET /world/ysworld.html HTTP/1.1" 200 3224 "-" "Mozilla/5.0 (compatible; YandexBot/3.0; +http://yandex.com/bots)" "www.ysfine.com"
93.158.161.66 - - [05/Dec/2022:00:48:09 -0800] "GET /home/photobio.html HTTP/1.1" 404 88 "-" "Mozilla/5.0 (compatible; YandexBot/3.0; +http://yandex.com/bots)" "www.ysfine.com"
77.88.5.45 - - [05/Dec/2022:00:49:40 -0800] "GET /saram/dobot.html HTTP/1.1" 404 88 "-" "Mozilla/5.0 (compatible; YandexBot/3.0; +http://yandex.com/bots)" "www.ysfine.com"
77.75.77.119 - - [05/Dec/2022:00:49:52 -0800] "GET /robots.txt HTTP/1.1" 404 88 "-" "Mozilla/5.0 (compatible; SeznamBot/4.0-RC1; +http://napoveda.seznam.cz/seznambot-intro/)" "ysfine.com"
77.75.79.31 - - [05/Dec/2022:00:49:52 -0800] "GET /princeton/prospect.html HTTP/1.1" 304 - "-" "Mozilla/5.0 (compatible; SeznamBot/4.0-RC1; +http://napoveda.seznam.cz/seznambot-intro/)" "ysfine.com"
172.249.170.236 - - [05/Dec/2022:00:50:26 -0800] "GET /kowar/panmun04.jpg HTTP/1.1" 200 126386 "https://www.google.com/" "Mozilla/5.0 (iPhone; CPU iPhone OS 15_5 like Mac OS X) AppleWebKit/605.1.15 (KHTML, like Gecko) Version/15.5 Mobile/15E148 Safari/604.1" "ysfine.com"
151.68.180.146 - - [05/Dec/2022:00:50:44 -0800] "GET /feynman/feydirac.jpg HTTP/1.1" 200 98378 "https://www.google.com/" "Mozilla/5.0 (Linux; Android 11; SM-G991B Build/RP1A.200720.012; wv) AppleWebKit/537.36 (KHTML, like Gecko) Version/4.0 Chrome/107.0.5304.141 Mobile Safari/537.36 GoogleApp/13.46.13.26.arm64" "ysfine.com"
151.68.180.146 - - [05/Dec/2022:00:51:07 -0800] "GET /dirac/dfkim11.jpg HTTP/1.1" 200 102093 "https://www.google.com/" "Mozilla/5.0 (Linux; Android 11; SM-G991B Build/RP1A.200720.012; wv) AppleWebKit/537.36 (KHTML, like Gecko) Version/4.0 Chrome/107.0.5304.141 Mobile Safari/537.36 GoogleApp/13.46.13.26.arm64" "ysfine.com"
77.88.5.241 - - [05/Dec/2022:00:51:50 -0800] "GET /robots.txt HTTP/1.1" 404 73 "-" "Mozilla/5.0 (compatible; YandexBot/3.0; +http://yandex.com/bots)" "ysfine.com"
93.158.161.49 - - [05/Dec/2022:00:51:54 -0800] "GET /einstein/bose2.gif HTTP/1.1" 200 43133 "-" "Mozilla/5.0 (compatible; YandexImages/3.0; +http://yandex.com/bots)" "ysfine.com"
216.244.66.229 - - [05/Dec/2022:00:51:56 -0800] "GET /class54/class5470/total_data/sub_8182.htm HTTP/1.1" 200 15749 "-" "Mozilla/5.0 (compatible; DotBot/1.2; +https://opensiteexplorer.org/dotbot; help@moz.com)" "www.ysfine.com"
216.244.66.229 - - [05/Dec/2022:00:52:06 -0800] "GET /class54/class5470/total_data/sub_871.htm HTTP/1.1" 200 15636 "-" "Mozilla/5.0 (compatible; DotBot/1.2; +https://opensiteexplorer.org/dotbot; help@moz.com)" "www.ysfine.com"
216.244.66.229 - - [05/Dec/2022:00:52:13 -0800] "GET /class54/class5470/total_data/sub_899.htm HTTP/1.1" 200 15733 "-" "Mozilla/5.0 (compatible; DotBot/1.2; +https://opensiteexplorer.org/dotbot; help@moz.com)" "www.ysfine.com"
216.244.66.229 - - [05/Dec/2022:00:52:19 -0800] "GET /maga/invent/joak22.jpg HTTP/1.1" 200 192609 "-" "Mozilla/5.0 (compatible; DotBot/1.2; +https://opensiteexplorer.org/dotbot; help@moz.com)" "www.ysfine.com"
216.244.66.229 - - [05/Dec/2022:00:52:49 -0800] "GET /people/rocek.jpg HTTP/1.1" 200 79154 "-" "Mozilla/5.0 (compatible; DotBot/1.2; +https://opensiteexplorer.org/dotbot; help@moz.com)" "www.ysfine.com"
216.244.66.229 - - [05/Dec/2022:00:53:07 -0800] "GET /wdc/washmo06.jpg HTTP/1.1" 200 78385 "-" "Mozilla/5.0 (compatible; DotBot/1.2; +https://opensiteexplorer.org/dotbot; help@moz.com)" "www.ysfine.com"
40.77.167.39 - - [05/Dec/2022:00:53:34 -0800] "GET /world/france/montpar10.jpg HTTP/1.1" 200 206294 "-" "Mozilla/5.0 AppleWebKit/537.36 (KHTML, like Gecko; compatible; bingbot/2.0; +http://www.bing.com/bingbot.htm) Chrome/103.0.5060.134 Safari/537.36" "www.ysfine.com"
216.244.66.229 - - [05/Dec/2022:00:53:44 -0800] "GET /wdc/willard22.jpg HTTP/1.1" 200 73087 "-" "Mozilla/5.0 (compatible; DotBot/1.2; +https://opensiteexplorer.org/dotbot; help@moz.com)" "www.ysfine.com"
216.244.66.229 - - [05/Dec/2022:00:54:24 -0800] "GET /world/brit/bond32.jpg HTTP/1.1" 200 112439 "-" "Mozilla/5.0 (compatible; DotBot/1.2; +https://opensiteexplorer.org/dotbot; help@moz.com)" "www.ysfine.com"
64.71.131.243 - - [05/Dec/2022:00:54:37 -0800] "GET /robots.txt HTTP/1.1" 404 73 "-" "Mozilla/5.0 (compatible; ev-crawler/1.0; +https://headline.com/legal/crawler)" "ysfine.com"
216.244.66.229 - - [05/Dec/2022:00:55:14 -0800] "GET /world/china/dalian22.jpg HTTP/1.1" 200 84783 "-" "Mozilla/5.0 (compatible; DotBot/1.2; +https://opensiteexplorer.org/dotbot; help@moz.com)" "www.ysfine.com"
64.124.8.22 - - [05/Dec/2022:00:55:20 -0800] "GET /robots.txt HTTP/1.1" 404 88 "-" "Mozilla/5.0 (X11; Linux x86_64) AppleWebKit/537.36 (KHTML, like Gecko) Chrome/61.0.3163.79 Safari/537.36" "ysfine.com"
64.124.8.22 - - [05/Dec/2022:00:55:20 -0800] "GET /kobak/soraech.html HTTP/1.1" 304 - "-" "Mozilla/5.0 (X11; Linux x86_64) AppleWebKit/537.36 (KHTML, like Gecko) Chrome/61.0.3163.79 Safari/537.36" "ysfine.com"
64.124.8.22 - - [05/Dec/2022:00:55:36 -0800] "GET /robots.txt HTTP/1.1" 404 88 "-" "Mozilla/5.0 (X11; Linux x86_64) AppleWebKit/537.36 (KHTML, like Gecko) Chrome/61.0.3163.79 Safari/537.36" "www.ysfine.com"
64.124.8.22 - - [05/Dec/2022:00:55:36 -0800] "GET /ysbio/style/webart.html HTTP/1.1" 404 88 "-" "Mozilla/5.0 (X11; Linux x86_64) AppleWebKit/537.36 (KHTML, like Gecko) Chrome/61.0.3163.79 Safari/537.36" "www.ysfine.com"
216.244.66.229 - - [05/Dec/2022:00:56:04 -0800] "GET /world/france/nicef09.jpg HTTP/1.1" 200 132399 "-" "Mozilla/5.0 (compatible; DotBot/1.2; +https://opensiteexplorer.org/dotbot; help@moz.com)" "www.ysfine.com"
157.55.39.76 - - [05/Dec/2022:00:56:05 -0800] "GET /bio/style/artlove.html HTTP/1.1" 404 88 "-" "Mozilla/5.0 (compatible; bingbot/2.0; +http://www.bing.com/bingbot.htm)" "ysfine.com"
207.46.13.20 - - [05/Dec/2022:00:56:10 -0800] "GET /world/france/flore06.jpg HTTP/1.1" 200 120704 "-" "Mozilla/5.0 (compatible; bingbot/2.0; +http://www.bing.com/bingbot.htm)" "www.ysfine.com"
40.77.167.39 - - [05/Dec/2022:00:56:36 -0800] "GET /world/hungary/hunband01b.jpg HTTP/1.1" 200 46280 "-" "Mozilla/5.0 AppleWebKit/537.36 (KHTML, like Gecko; compatible; bingbot/2.0; +http://www.bing.com/bingbot.htm) Chrome/103.0.5060.134 Safari/537.36" "www.ysfine.com"
157.55.39.76 - - [05/Dec/2022:00:56:37 -0800] "GET /bio/sbk/1950.html HTTP/1.1" 404 88 "-" "Mozilla/5.0 AppleWebKit/537.36 (KHTML, like Gecko; compatible; bingbot/2.0; +http://www.bing.com/bingbot.htm) Chrome/103.0.5060.134 Safari/537.36" "ysfine.com"
216.244.66.229 - - [05/Dec/2022:00:56:56 -0800] "GET /world/germany/salzmo04.jpg HTTP/1.1" 200 86117 "-" "Mozilla/5.0 (compatible; DotBot/1.2; +https://opensiteexplorer.org/dotbot; help@moz.com)" "www.ysfine.com"
118.184.177.51 - - [05/Dec/2022:00:57:24 -0800] "GET / HTTP/1.1" 200 5292 "-" "Sogou web spider/4.0(+http://www.sogou.com/docs/help/webmasters.htm#07)" "ysfine.com"
216.244.66.229 - - [05/Dec/2022:00:57:35 -0800] "GET /world/scandi/fin02.jpg HTTP/1.1" 200 86061 "-" "Mozilla/5.0 (compatible; DotBot/1.2; +https://opensiteexplorer.org/dotbot; help@moz.com)" "www.ysfine.com"
216.244.66.229 - - [05/Dec/2022:00:58:25 -0800] "GET /world/scandi/norw18.jpg HTTP/1.1" 200 79144 "-" "Mozilla/5.0 (compatible; DotBot/1.2; +https://opensiteexplorer.org/dotbot; help@moz.com)" "www.ysfine.com"
216.244.66.229 - - [05/Dec/2022:00:59:04 -0800] "GET /world/scandi/norw23.jpg HTTP/1.1" 200 106621 "-" "Mozilla/5.0 (compatible; DotBot/1.2; +https://opensiteexplorer.org/dotbot; help@moz.com)" "www.ysfine.com"
157.55.39.6 - - [05/Dec/2022:00:59:39 -0800] "GET /bio/einstein/bern.html HTTP/1.1" 404 88 "-" "Mozilla/5.0 (compatible; bingbot/2.0; +http://www.bing.com/bingbot.htm)" "ysfine.com"
216.244.66.229 - - [05/Dec/2022:00:59:55 -0800] "GET /class54/class5470/total_data/sub_855.htm HTTP/1.1" 200 15796 "-" "Mozilla/5.0 (compatible; DotBot/1.2; +https://opensiteexplorer.org/dotbot; help@moz.com)" "ysfine.com"
216.244.66.229 - - [05/Dec/2022:01:00:25 -0800] "GET /world/china/chongking23.jpg HTTP/1.1" 200 201372 "-" "Mozilla/5.0 (compatible; DotBot/1.2; +https://opensiteexplorer.org/dotbot; help@moz.com)" "ysfine.com"
157.55.39.6 - - [05/Dec/2022:01:00:37 -0800] "GET /bio/kobak/rifles.html HTTP/1.1" 404 88 "-" "Mozilla/5.0 (compatible; bingbot/2.0; +http://www.bing.com/bingbot.htm)" "ysfine.com"
157.55.39.6 - - [05/Dec/2022:01:00:56 -0800] "GET /bio/kobak/rifles.html HTTP/1.1" 404 88 "-" "Mozilla/5.0 (compatible; bingbot/2.0; +http://www.bing.com/bingbot.htm)" "ysfine.com"
64.124.8.22 - - [05/Dec/2022:01:01:03 -0800] "GET /confer/inbot.html HTTP/1.1" 304 - "-" "Mozilla/5.0 (X11; Linux x86_64) AppleWebKit/537.36 (KHTML, like Gecko) Chrome/61.0.3163.79 Safari/537.36" "www.ysfine.com"
216.244.66.229 - - [05/Dec/2022:01:01:15 -0800] "GET /world/russ/minskf51.jpg HTTP/1.1" 200 134662 "-" "Mozilla/5.0 (compatible; DotBot/1.2; +https://opensiteexplorer.org/dotbot; help@moz.com)" "ysfine.com"
216.244.66.229 - - [05/Dec/2022:01:02:06 -0800] "GET /yspapers/hadtemp.pdf HTTP/1.1" 200 2116308 "-" "Mozilla/5.0 (compatible; DotBot/1.2; +https://opensiteexplorer.org/dotbot; help@moz.com)" "ysfine.com"
77.88.5.36 - - [05/Dec/2022:01:02:25 -0800] "GET /world/paris.html HTTP/1.1" 200 18129 "-" "Mozilla/5.0 (compatible; YandexBot/3.0; +http://yandex.com/bots)" "www.ysfine.com"
216.153.52.28 - - [05/Dec/2022:01:03:23 -0800] "GET /feynman/feynman.jpg HTTP/1.1" 416 3267 "-" "Wget/1.20.3 (linux-gnu)" "ysfine.com"
185.191.171.8 - - [05/Dec/2022:01:03:26 -0800] "GET /robots.txt HTTP/1.1" 404 88 "-" "Mozilla/5.0 (compatible; SemrushBot/7~bl; +http://www.semrush.com/bot.html)" "www.ysfine.com"
185.191.171.45 - - [05/Dec/2022:01:03:26 -0800] "GET /home/photobio.html HTTP/1.1" 404 88 "-" "Mozilla/5.0 (compatible; SemrushBot/7~bl; +http://www.semrush.com/bot.html)" "www.ysfine.com"
220.181.108.104 - - [05/Dec/2022:01:03:39 -0800] "GET /world/minsk.html HTTP/1.1" 200 7116 "-" "Mozilla/5.0 (compatible; Baiduspider/2.0; +http://www.baidu.com/search/spider.html)" "ysfine.com"
116.179.37.238 - - [05/Dec/2022:01:03:41 -0800] "GET /world/russ/minskf45b.jpg HTTP/1.1" 200 41920 "https://ysfine.com/world/minsk.html" "Mozilla/5.0 (compatible; Baiduspider-render/2.0; +http://www.baidu.com/search/spider.html)" "ysfine.com"
116.179.37.223 - - [05/Dec/2022:01:03:41 -0800] "GET /world/russ/minsk034b.jpg HTTP/1.1" 200 40968 "https://ysfine.com/world/minsk.html" "Mozilla/5.0 (compatible; Baiduspider-render/2.0; +http://www.baidu.com/search/spider.html)" "ysfine.com"
116.179.37.36 - - [05/Dec/2022:01:03:41 -0800] "GET /wdc/vernon04b.jpg HTTP/1.1" 200 44297 "https://ysfine.com/world/minsk.html" "Mozilla/5.0 (compatible; Baiduspider-render/2.0; +http://www.baidu.com/search/spider.html)" "ysfine.com"
116.179.37.170 - - [05/Dec/2022:01:03:41 -0800] "GET /world/russ/minsk064b.jpg HTTP/1.1" 200 42913 "https://ysfine.com/world/minsk.html" "Mozilla/5.0 (compatible; Baiduspider-render/2.0; +http://www.baidu.com/search/spider.html)" "ysfine.com"
116.179.37.78 - - [05/Dec/2022:01:03:41 -0800] "GET /world/russ/kilin104b.jpg HTTP/1.1" 200 36895 "https://ysfine.com/world/minsk.html" "Mozilla/5.0 (compatible; Baiduspider-render/2.0; +http://www.baidu.com/search/spider.html)" "ysfine.com"
116.179.37.178 - - [05/Dec/2022:01:03:41 -0800] "GET /world/russ/roskei06b.jpg HTTP/1.1" 200 48694 "https://ysfine.com/world/minsk.html" "Mozilla/5.0 (compatible; Baiduspider-render/2.0; +http://www.baidu.com/search/spider.html)" "ysfine.com"
116.179.37.102 - - [05/Dec/2022:01:03:41 -0800] "GET /style/cameras/zenit11b.jpg HTTP/1.1" 200 38496 "https://ysfine.com/world/minsk.html" "Mozilla/5.0 (compatible; Baiduspider-render/2.0; +http://www.baidu.com/search/spider.html)" "ysfine.com"
116.179.37.4 - - [05/Dec/2022:01:03:41 -0800] "GET /world/russ/minskf23b.jpg HTTP/1.1" 200 48996 "https://ysfine.com/world/minsk.html" "Mozilla/5.0 (compatible; Baiduspider-render/2.0; +http://www.baidu.com/search/spider.html)" "ysfine.com"
116.179.37.244 - - [05/Dec/2022:01:03:41 -0800] "GET /world/russ/minsk026b.jpg HTTP/1.1" 200 45201 "https://ysfine.com/world/minsk.html" "Mozilla/5.0 (compatible; Baiduspider-render/2.0; +http://www.baidu.com/search/spider.html)" "ysfine.com"
116.179.37.60 - - [05/Dec/2022:01:03:41 -0800] "GET /world/russ/minsk066b.jpg HTTP/1.1" 200 28380 "https://ysfine.com/world/minsk.html" "Mozilla/5.0 (compatible; Baiduspider-render/2.0; +http://www.baidu.com/search/spider.html)" "ysfine.com"
116.179.37.72 - - [05/Dec/2022:01:03:41 -0800] "GET /world/russ/minsk040b.jpg HTTP/1.1" 200 41302 "https://ysfine.com/world/minsk.html" "Mozilla/5.0 (compatible; Baiduspider-render/2.0; +http://www.baidu.com/search/spider.html)" "ysfine.com"
116.179.37.142 - - [05/Dec/2022:01:03:41 -0800] "GET /world/russ/minsk004b.jpg HTTP/1.1" 200 35833 "https://ysfine.com/world/minsk.html" "Mozilla/5.0 (compatible; Baiduspider-render/2.0; +http://www.baidu.com/search/spider.html)" "ysfine.com"
116.179.37.89 - - [05/Dec/2022:01:03:41 -0800] "GET /world/russ/minsk067b.jpg HTTP/1.1" 200 40459 "https://ysfine.com/world/minsk.html" "Mozilla/5.0 (compatible; Baiduspider-render/2.0; +http://www.baidu.com/search/spider.html)" "ysfine.com"
116.179.37.33 - - [05/Dec/2022:01:03:42 -0800] "GET /world/russ/kilin101b.jpg HTTP/1.1" 200 37065 "https://ysfine.com/world/minsk.html" "Mozilla/5.0 (compatible; Baiduspider-render/2.0; +http://www.baidu.com/search/spider.html)" "ysfine.com"
116.179.37.178 - - [05/Dec/2022:01:03:42 -0800] "GET /feynman/feyfirm2.jpg HTTP/1.1" 200 36742 "https://ysfine.com/world/minsk.html" "Mozilla/5.0 (compatible; Baiduspider-render/2.0; +http://www.baidu.com/search/spider.html)" "ysfine.com"
116.179.37.189 - - [05/Dec/2022:01:03:44 -0800] "GET /world/russ/minsk002b.jpg HTTP/1.1" 200 28977 "https://ysfine.com/world/minsk.html" "Mozilla/5.0 (compatible; Baiduspider-render/2.0; +http://www.baidu.com/search/spider.html)" "ysfine.com"
116.179.37.42 - - [05/Dec/2022:01:03:44 -0800] "GET /maga/invent/sarnoff1922b.jpg HTTP/1.1" 200 35049 "https://ysfine.com/world/minsk.html" "Mozilla/5.0 (compatible; Baiduspider-render/2.0; +http://www.baidu.com/search/spider.html)" "ysfine.com"
116.179.37.185 - - [05/Dec/2022:01:03:45 -0800] "GET /world/russ/minskf08b.jpg HTTP/1.1" 200 50248 "https://ysfine.com/world/minsk.html" "Mozilla/5.0 (compatible; Baiduspider-render/2.0; +http://www.baidu.com/search/spider.html)" "ysfine.com"
116.179.37.19 - - [05/Dec/2022:01:03:51 -0800] "GET /world/russ/minskf14b.jpg HTTP/1.1" 200 34560 "https://ysfine.com/world/minsk.html" "Mozilla/5.0 (compatible; Baiduspider-render/2.0; +http://www.baidu.com/search/spider.html)" "ysfine.com"
207.46.13.134 - - [05/Dec/2022:01:04:02 -0800] "GET /bio/pquartet.html HTTP/1.1" 404 88 "-" "Mozilla/5.0 AppleWebKit/537.36 (KHTML, like Gecko; compatible; bingbot/2.0; +http://www.bing.com/bingbot.htm) Chrome/103.0.5060.134 Safari/537.36" "ysfine.com"
157.55.39.76 - - [05/Dec/2022:01:04:57 -0800] "GET /bio/harmoarchi.html HTTP/1.1" 404 88 "-" "Mozilla/5.0 (compatible; bingbot/2.0; +http://www.bing.com/bingbot.htm)" "ysfine.com"
207.46.13.48 - - [05/Dec/2022:01:05:22 -0800] "GET /bio/optics.html HTTP/1.1" 404 88 "-" "Mozilla/5.0 AppleWebKit/537.36 (KHTML, like Gecko; compatible; bingbot/2.0; +http://www.bing.com/bingbot.htm) Chrome/103.0.5060.134 Safari/537.36" "ysfine.com"
157.55.39.6 - - [05/Dec/2022:01:06:07 -0800] "GET /einstein/places/einmu62b.jpg HTTP/1.1" 200 31976 "-" "Mozilla/5.0 AppleWebKit/537.36 (KHTML, like Gecko; compatible; bingbot/2.0; +http://www.bing.com/bingbot.htm) Chrome/103.0.5060.134 Safari/537.36" "ysfine.com"
157.55.39.76 - - [05/Dec/2022:01:06:27 -0800] "GET /kobak/father2.jpg HTTP/1.1" 200 27723 "-" "Mozilla/5.0 (compatible; bingbot/2.0; +http://www.bing.com/bingbot.htm)" "ysfine.com"
157.55.39.76 - - [05/Dec/2022:01:06:27 -0800] "GET /bio/kobak/yskor.html HTTP/1.1" 404 88 "-" "Mozilla/5.0 AppleWebKit/537.36 (KHTML, like Gecko; compatible; bingbot/2.0; +http://www.bing.com/bingbot.htm) Chrome/103.0.5060.134 Safari/537.36" "ysfine.com"
45.47.226.204 - - [05/Dec/2022:01:06:44 -0800] "GET /kowar/shinsm11c.jpg HTTP/1.1" 200 43567 "https://www.google.com/" "Mozilla/5.0 (iPhone; CPU iPhone OS 15_6_1 like Mac OS X) AppleWebKit/605.1.15 (KHTML, like Gecko) Version/15.6.1 Mobile/15E148 Safari/604.1" "ysfine.com"
5.188.210.80 - - [05/Dec/2022:01:08:22 -0800] "GET /world/travel.html HTTP/1.1" 200 5186 "https://www.ysfine.com/world/travel.html" "Mozilla/5.0 (Windows NT 10.0; Win64; x64) AppleWebKit/537.36 (KHTML, like Gecko) Chrome/90.0.4430.86 Safari/537.36" "www.ysfine.com"
5.188.210.80 - - [05/Dec/2022:01:08:23 -0800] "GET / HTTP/1.1" 200 15925 "https://www.ysfine.com/" "Mozilla/5.0 (Windows NT 10.0; Win64; x64) AppleWebKit/537.36 (KHTML, like Gecko) Chrome/90.0.4430.86 Safari/537.36" "www.ysfine.com"
185.191.171.38 - - [05/Dec/2022:01:08:34 -0800] "GET /robots.txt HTTP/1.1" 404 88 "-" "Mozilla/5.0 (compatible; SemrushBot/7~bl; +http://www.semrush.com/bot.html)" "ysfine.com"
185.191.171.1 - - [05/Dec/2022:01:08:35 -0800] "GET /maga/phil/sisfa12/frame14.html HTTP/1.1" 404 88 "-" "Mozilla/5.0 (compatible; SemrushBot/7~bl; +http://www.semrush.com/bot.html)" "ysfine.com"
157.55.39.76 - - [05/Dec/2022:01:08:37 -0800] "GET /usca/pitt/pittcath02.jpg HTTP/1.1" 200 81215 "-" "Mozilla/5.0 (compatible; bingbot/2.0; +http://www.bing.com/bingbot.htm)" "www.ysfine.com"
157.55.39.6 - - [05/Dec/2022:01:08:38 -0800] "GET /bio/awards/iao.html HTTP/1.1" 404 88 "-" "Mozilla/5.0 AppleWebKit/537.36 (KHTML, like Gecko; compatible; bingbot/2.0; +http://www.bing.com/bingbot.htm) Chrome/103.0.5060.134 Safari/537.36" "ysfine.com"
77.75.79.31 - - [05/Dec/2022:01:08:41 -0800] "GET /world/index.html HTTP/1.1" 200 123 "-" "Mozilla/5.0 (compatible; SeznamBot/4.0-RC1; +http://napoveda.seznam.cz/seznambot-intro/)" "ysfine.com"
64.124.8.44 - - [05/Dec/2022:01:09:42 -0800] "GET /robots.txt HTTP/1.1" 404 88 "-" "Mozilla/5.0 (X11; Linux x86_64) AppleWebKit/537.36 (KHTML, like Gecko) Chrome/61.0.3163.79 Safari/537.36" "ysfine.com"
207.46.13.134 - - [05/Dec/2022:01:09:42 -0800] "GET /bio/world/trier.html HTTP/1.1" 404 88 "-" "Mozilla/5.0 (compatible; bingbot/2.0; +http://www.bing.com/bingbot.htm)" "ysfine.com"
64.124.8.44 - - [05/Dec/2022:01:09:42 -0800] "GET /archives/proceedings/ff2/fp2abs.html HTTP/1.1" 200 29930 "-" "Mozilla/5.0 (X11; Linux x86_64) AppleWebKit/537.36 (KHTML, like Gecko) Chrome/61.0.3163.79 Safari/537.36" "ysfine.com"
207.46.13.134 - - [05/Dec/2022:01:09:42 -0800] "GET /bio/style/ystyle.html HTTP/1.1" 404 88 "-" "Mozilla/5.0 AppleWebKit/537.36 (KHTML, like Gecko; compatible; bingbot/2.0; +http://www.bing.com/bingbot.htm) Chrome/103.0.5060.134 Safari/537.36" "ysfine.com"
207.46.13.134 - - [05/Dec/2022:01:09:52 -0800] "GET /bio/princeton/campus.html HTTP/1.1" 404 88 "-" "Mozilla/5.0 (compatible; bingbot/2.0; +http://www.bing.com/bingbot.htm)" "ysfine.com"
39.154.229.237 - - [05/Dec/2022:01:09:59 -0800] "GET /einstein/heisen33b.jpg HTTP/1.1" 200 78035 "https://www.icourse163.org/" "Mozilla/5.0 (Windows NT 10.0; Win64; x64) AppleWebKit/537.36 (KHTML, like Gecko) Chrome/106.0.0.0 Safari/537.36" "ysfine.com"
77.75.79.119 - - [05/Dec/2022:01:12:15 -0800] "GET /robots.txt HTTP/1.1" 404 88 "-" "Mozilla/5.0 (compatible; SeznamBot/4.0-RC1; +http://napoveda.seznam.cz/seznambot-intro/)" "ysfine.com"
157.55.39.76 - - [05/Dec/2022:01:12:29 -0800] "GET /bio/bio07.html HTTP/1.1" 404 88 "-" "Mozilla/5.0 (compatible; bingbot/2.0; +http://www.bing.com/bingbot.htm)" "ysfine.com"
71.178.208.102 - - [05/Dec/2022:01:14:29 -0800] "GET /ys11/ HTTP/1.1" 200 3462 "-" "Mozilla/5.0 (Windows NT 10.0; Win64; x64; rv:107.0) Gecko/20100101 Firefox/107.0" "www.ysfine.com"
71.178.208.102 - - [05/Dec/2022:01:14:33 -0800] "GET /awards/index.html HTTP/1.1" 200 10095 "https://www.ysfine.com/ys11/" "Mozilla/5.0 (Windows NT 10.0; Win64; x64; rv:107.0) Gecko/20100101 Firefox/107.0" "www.ysfine.com"
71.178.208.102 - - [05/Dec/2022:01:14:33 -0800] "GET /awards/fortune23f.jpg HTTP/1.1" 200 270365 "https://www.ysfine.com/awards/index.html" "Mozilla/5.0 (Windows NT 10.0; Win64; x64; rv:107.0) Gecko/20100101 Firefox/107.0" "www.ysfine.com"
71.178.208.102 - - [05/Dec/2022:01:14:33 -0800] "GET /awards/beward11f.jpg HTTP/1.1" 200 123557 "https://www.ysfine.com/awards/index.html" "Mozilla/5.0 (Windows NT 10.0; Win64; x64; rv:107.0) Gecko/20100101 Firefox/107.0" "www.ysfine.com"
71.178.208.102 - - [05/Dec/2022:01:14:33 -0800] "GET /awards/marq/marq16d.jpg HTTP/1.1" 200 107457 "https://www.ysfine.com/awards/index.html" "Mozilla/5.0 (Windows NT 10.0; Win64; x64; rv:107.0) Gecko/20100101 Firefox/107.0" "www.ysfine.com"
71.178.208.102 - - [05/Dec/2022:01:14:33 -0800] "GET /awards/feygell01d.jpg HTTP/1.1" 200 31895 "https://www.ysfine.com/awards/index.html" "Mozilla/5.0 (Windows NT 10.0; Win64; x64; rv:107.0) Gecko/20100101 Firefox/107.0" "www.ysfine.com"
71.178.208.102 - - [05/Dec/2022:01:14:33 -0800] "GET /awards/timessq11d.jpg HTTP/1.1" 200 105546 "https://www.ysfine.com/awards/index.html" "Mozilla/5.0 (Windows NT 10.0; Win64; x64; rv:107.0) Gecko/20100101 Firefox/107.0" "www.ysfine.com"
71.178.208.102 - - [05/Dec/2022:01:14:33 -0800] "GET /awards/acs96f.jpg HTTP/1.1" 200 118636 "https://www.ysfine.com/awards/index.html" "Mozilla/5.0 (Windows NT 10.0; Win64; x64; rv:107.0) Gecko/20100101 Firefox/107.0" "www.ysfine.com"
71.178.208.102 - - [05/Dec/2022:01:14:33 -0800] "GET /awards/ysnr11d.jpg HTTP/1.1" 200 61140 "https://www.ysfine.com/awards/index.html" "Mozilla/5.0 (Windows NT 10.0; Win64; x64; rv:107.0) Gecko/20100101 Firefox/107.0" "www.ysfine.com"
71.178.208.102 - - [05/Dec/2022:01:14:33 -0800] "GET /awards/acs20f.jpg HTTP/1.1" 200 145842 "https://www.ysfine.com/awards/index.html" "Mozilla/5.0 (Windows NT 10.0; Win64; x64; rv:107.0) Gecko/20100101 Firefox/107.0" "www.ysfine.com"
71.178.208.102 - - [05/Dec/2022:01:14:33 -0800] "GET /awards/wsj21f.jpg HTTP/1.1" 200 172238 "https://www.ysfine.com/awards/index.html" "Mozilla/5.0 (Windows NT 10.0; Win64; x64; rv:107.0) Gecko/20100101 Firefox/107.0" "www.ysfine.com"
71.178.208.102 - - [05/Dec/2022:01:14:33 -0800] "GET /awards/ewk88d.jpg HTTP/1.1" 200 96031 "https://www.ysfine.com/awards/index.html" "Mozilla/5.0 (Windows NT 10.0; Win64; x64; rv:107.0) Gecko/20100101 Firefox/107.0" "www.ysfine.com"
71.178.208.102 - - [05/Dec/2022:01:14:33 -0800] "GET /kobak/taylor400.jpg HTTP/1.1" 200 56181 "https://www.ysfine.com/awards/index.html" "Mozilla/5.0 (Windows NT 10.0; Win64; x64; rv:107.0) Gecko/20100101 Firefox/107.0" "www.ysfine.com"
71.178.208.102 - - [05/Dec/2022:01:14:33 -0800] "GET /awards/top100d.jpg HTTP/1.1" 200 74998 "https://www.ysfine.com/awards/index.html" "Mozilla/5.0 (Windows NT 10.0; Win64; x64; rv:107.0) Gecko/20100101 Firefox/107.0" "www.ysfine.com"
71.178.208.102 - - [05/Dec/2022:01:14:33 -0800] "GET /awards/whoswho11f.jpg HTTP/1.1" 200 86318 "https://www.ysfine.com/awards/index.html" "Mozilla/5.0 (Windows NT 10.0; Win64; x64; rv:107.0) Gecko/20100101 Firefox/107.0" "www.ysfine.com"
71.178.208.102 - - [05/Dec/2022:01:14:33 -0800] "GET /awards/truck20d.jpg HTTP/1.1" 200 43868 "https://www.ysfine.com/awards/index.html" "Mozilla/5.0 (Windows NT 10.0; Win64; x64; rv:107.0) Gecko/20100101 Firefox/107.0" "www.ysfine.com"
71.178.208.102 - - [05/Dec/2022:01:14:33 -0800] "GET /awards/bridge22f.jpg HTTP/1.1" 200 98225 "https://www.ysfine.com/awards/index.html" "Mozilla/5.0 (Windows NT 10.0; Win64; x64; rv:107.0) Gecko/20100101 Firefox/107.0" "www.ysfine.com"
71.178.208.102 - - [05/Dec/2022:01:14:33 -0800] "GET /eink/pwk450.jpg HTTP/1.1" 200 84974 "https://www.ysfine.com/awards/index.html" "Mozilla/5.0 (Windows NT 10.0; Win64; x64; rv:107.0) Gecko/20100101 Firefox/107.0" "www.ysfine.com"
71.178.208.102 - - [05/Dec/2022:01:14:33 -0800] "GET /awards/einbohr25d.jpg HTTP/1.1" 200 49476 "https://www.ysfine.com/awards/index.html" "Mozilla/5.0 (Windows NT 10.0; Win64; x64; rv:107.0) Gecko/20100101 Firefox/107.0" "www.ysfine.com"
71.178.208.102 - - [05/Dec/2022:01:14:33 -0800] "GET /eink/eink54f.jpg HTTP/1.1" 200 98068 "https://www.ysfine.com/awards/index.html" "Mozilla/5.0 (Windows NT 10.0; Win64; x64; rv:107.0) Gecko/20100101 Firefox/107.0" "www.ysfine.com"
71.178.208.102 - - [05/Dec/2022:01:14:33 -0800] "GET /awards/acs55f.jpg HTTP/1.1" 200 83340 "https://www.ysfine.com/awards/index.html" "Mozilla/5.0 (Windows NT 10.0; Win64; x64; rv:107.0) Gecko/20100101 Firefox/107.0" "www.ysfine.com"
71.178.208.102 - - [05/Dec/2022:01:14:33 -0800] "GET /home/ewk86f.jpg HTTP/1.1" 200 123121 "https://www.ysfine.com/awards/index.html" "Mozilla/5.0 (Windows NT 10.0; Win64; x64; rv:107.0) Gecko/20100101 Firefox/107.0" "www.ysfine.com"
71.178.208.102 - - [05/Dec/2022:01:14:33 -0800] "GET /home/yspr61d.jpg HTTP/1.1" 200 64126 "https://www.ysfine.com/awards/index.html" "Mozilla/5.0 (Windows NT 10.0; Win64; x64; rv:107.0) Gecko/20100101 Firefox/107.0" "www.ysfine.com"
64.124.8.44 - - [05/Dec/2022:01:14:35 -0800] "GET /philo/sisfa12/frame28.html HTTP/1.1" 200 319 "-" "Mozilla/5.0 (X11; Linux x86_64) AppleWebKit/537.36 (KHTML, like Gecko) Chrome/61.0.3163.79 Safari/537.36" "ysfine.com"
157.55.39.6 - - [05/Dec/2022:01:14:38 -0800] "GET /world/ital/flor064.jpg HTTP/1.1" 200 92740 "-" "Mozilla/5.0 AppleWebKit/537.36 (KHTML, like Gecko; compatible; bingbot/2.0; +http://www.bing.com/bingbot.htm) Chrome/103.0.5060.134 Safari/537.36" "ysfine.com"
207.46.13.48 - - [05/Dec/2022:01:15:31 -0800] "GET /bio/eink/buythisbook.html HTTP/1.1" 404 88 "-" "Mozilla/5.0 (compatible; bingbot/2.0; +http://www.bing.com/bingbot.htm)" "ysfine.com"
71.178.208.102 - - [05/Dec/2022:01:15:41 -0800] "GET /awards/top101.jpg HTTP/1.1" 200 874639 "https://www.google.com/" "Mozilla/5.0 (Windows NT 10.0; Win64; x64; rv:107.0) Gecko/20100101 Firefox/107.0" "ysfine.com"
64.124.8.44 - - [05/Dec/2022:01:15:57 -0800] "GET /robots.txt HTTP/1.1" 404 88 "-" "Mozilla/5.0 (X11; Linux x86_64) AppleWebKit/537.36 (KHTML, like Gecko) Chrome/61.0.3163.79 Safari/537.36" "www.ysfine.com"
64.124.8.44 - - [05/Dec/2022:01:15:57 -0800] "GET /robots.txt HTTP/1.1" 404 88 "-" "Mozilla/5.0 (X11; Linux x86_64) AppleWebKit/537.36 (KHTML, like Gecko) Chrome/61.0.3163.79 Safari/537.36" "www.ysfine.com"
64.124.8.44 - - [05/Dec/2022:01:15:58 -0800] "GET /people/index.html HTTP/1.1" 200 125 "-" "Mozilla/5.0 (X11; Linux x86_64) AppleWebKit/537.36 (KHTML, like Gecko) Chrome/61.0.3163.79 Safari/537.36" "www.ysfine.com"
207.46.13.48 - - [05/Dec/2022:01:16:02 -0800] "GET /bio/world/kalinin22.html HTTP/1.1" 404 88 "-" "Mozilla/5.0 AppleWebKit/537.36 (KHTML, like Gecko; compatible; bingbot/2.0; +http://www.bing.com/bingbot.htm) Chrome/103.0.5060.134 Safari/537.36" "ysfine.com"
40.77.167.39 - - [05/Dec/2022:01:16:46 -0800] "GET /ysbio/kobak/index.html HTTP/1.1" 404 88 "-" "Mozilla/5.0 (compatible; bingbot/2.0; +http://www.bing.com/bingbot.htm)" "ysfine.com"
40.77.167.39 - - [05/Dec/2022:01:16:46 -0800] "GET /bio/wigner/evangel.html HTTP/1.1" 404 88 "-" "Mozilla/5.0 (compatible; bingbot/2.0; +http://www.bing.com/bingbot.htm)" "ysfine.com"
40.77.167.39 - - [05/Dec/2022:01:16:47 -0800] "GET /bio/internal.html HTTP/1.1" 404 88 "-" "Mozilla/5.0 AppleWebKit/537.36 (KHTML, like Gecko; compatible; bingbot/2.0; +http://www.bing.com/bingbot.htm) Chrome/103.0.5060.134 Safari/537.36" "ysfine.com"
40.77.167.39 - - [05/Dec/2022:01:16:47 -0800] "GET /world/balkan/istan082.jpg HTTP/1.1" 200 64201 "-" "Mozilla/5.0 AppleWebKit/537.36 (KHTML, like Gecko; compatible; bingbot/2.0; +http://www.bing.com/bingbot.htm) Chrome/103.0.5060.134 Safari/537.36" "ysfine.com"
40.77.167.39 - - [05/Dec/2022:01:16:50 -0800] "GET /world/latina/cancun02.jpg HTTP/1.1" 200 196402 "-" "Mozilla/5.0 (compatible; bingbot/2.0; +http://www.bing.com/bingbot.htm)" "ysfine.com"
216.244.66.229 - - [05/Dec/2022:01:17:23 -0800] "GET /robots.txt HTTP/1.1" 404 73 "-" "Mozilla/5.0 (compatible; DotBot/1.2; +https://opensiteexplorer.org/dotbot; help@moz.com)" "www.ysfine.com"
216.244.66.229 - - [05/Dec/2022:01:17:23 -0800] "GET /robots.txt HTTP/1.1" 404 73 "-" "Mozilla/5.0 (compatible; DotBot/1.2; +https://opensiteexplorer.org/dotbot; help@moz.com)" "ysfine.com"
64.124.8.44 - - [05/Dec/2022:01:17:43 -0800] "GET /princeton/cleve.html HTTP/1.1" 304 - "-" "Mozilla/5.0 (X11; Linux x86_64) AppleWebKit/537.36 (KHTML, like Gecko) Chrome/61.0.3163.79 Safari/537.36" "www.ysfine.com"
64.124.8.44 - - [05/Dec/2022:01:18:16 -0800] "GET /robots.txt HTTP/1.1" 404 88 "-" "Mozilla/5.0 (X11; Linux x86_64) AppleWebKit/537.36 (KHTML, like Gecko) Chrome/61.0.3163.79 Safari/537.36" "ysfine.com"
64.124.8.44 - - [05/Dec/2022:01:18:16 -0800] "GET /dirac/dirheisen.html HTTP/1.1" 200 4650 "-" "Mozilla/5.0 (X11; Linux x86_64) AppleWebKit/537.36 (KHTML, like Gecko) Chrome/61.0.3163.79 Safari/537.36" "ysfine.com"
157.55.39.76 - - [05/Dec/2022:01:18:27 -0800] "GET /world/brit/picca41.jpg HTTP/1.1" 200 98654 "-" "Mozilla/5.0 AppleWebKit/537.36 (KHTML, like Gecko; compatible; bingbot/2.0; +http://www.bing.com/bingbot.htm) Chrome/103.0.5060.134 Safari/537.36" "ysfine.com"
207.46.13.48 - - [05/Dec/2022:01:19:11 -0800] "GET /bio/eink/index.html HTTP/1.1" 404 88 "-" "Mozilla/5.0 (compatible; bingbot/2.0; +http://www.bing.com/bingbot.htm)" "ysfine.com"
207.46.13.134 - - [05/Dec/2022:01:19:22 -0800] "GET /bio/world/trier.html HTTP/1.1" 404 88 "-" "Mozilla/5.0 AppleWebKit/537.36 (KHTML, like Gecko; compatible; bingbot/2.0; +http://www.bing.com/bingbot.htm) Chrome/103.0.5060.134 Safari/537.36" "ysfine.com"
207.46.13.48 - - [05/Dec/2022:01:19:31 -0800] "GET /bio/eink/index.html HTTP/1.1" 404 88 "-" "Mozilla/5.0 (compatible; bingbot/2.0; +http://www.bing.com/bingbot.htm)" "ysfine.com"
207.46.13.134 - - [05/Dec/2022:01:19:42 -0800] "GET /bio/world/trier.html HTTP/1.1" 404 88 "-" "Mozilla/5.0 AppleWebKit/537.36 (KHTML, like Gecko; compatible; bingbot/2.0; +http://www.bing.com/bingbot.htm) Chrome/103.0.5060.134 Safari/537.36" "ysfine.com"
93.193.200.169 - - [05/Dec/2022:01:20:23 -0800] "GET /maga/histo/oscar33.jpg HTTP/1.1" 200 140181 "https://www.google.com/" "Mozilla/5.0 (Windows NT 10.0; Win64; x64) AppleWebKit/537.36 (KHTML, like Gecko) Chrome/107.0.0.0 Safari/537.36" "ysfine.com"
64.124.8.44 - - [05/Dec/2022:01:20:27 -0800] "GET /ysbio/feynman/restof.html HTTP/1.1" 404 88 "-" "Mozilla/5.0 (X11; Linux x86_64) AppleWebKit/537.36 (KHTML, like Gecko) Chrome/61.0.3163.79 Safari/537.36" "ysfine.com"
216.244.66.229 - - [05/Dec/2022:01:20:56 -0800] "GET /fotos/ys53.jpg HTTP/1.1" 200 148271 "-" "Mozilla/5.0 (compatible; DotBot/1.2; +https://opensiteexplorer.org/dotbot; help@moz.com)" "www.ysfine.com"
54.36.148.5 - - [05/Dec/2022:01:20:59 -0800] "GET / HTTP/1.1" 200 5292 "-" "Mozilla/5.0 (compatible; AhrefsBot/7.0; +http://ahrefs.com/robot/)" "ysfine.com"
