216.244.66.229 - - [05/Dec/2022:01:21:33 -0800] "GET /folks/philipine12.jpg HTTP/1.1" 200 142090 "-" "Mozilla/5.0 (compatible; DotBot/1.2; +https://opensiteexplorer.org/dotbot; help@moz.com)" "www.ysfine.com"
216.244.66.229 - - [05/Dec/2022:01:22:21 -0800] "GET /folks/sibelbas55.jpg HTTP/1.1" 200 74325 "-" "Mozilla/5.0 (compatible; DotBot/1.2; +https://opensiteexplorer.org/dotbot; help@moz.com)" "www.ysfine.com"
157.55.39.76 - - [05/Dec/2022:01:22:37 -0800] "GET /world/china/opium09.jpg HTTP/1.1" 200 196769 "-" "Mozilla/5.0 (compatible; bingbot/2.0; +http://www.bing.com/bingbot.htm)" "ysfine.com"
51.222.253.13 - - [05/Dec/2022:01:22:40 -0800] "GET /einstein/maxein.html HTTP/1.1" 200 2651 "-" "Mozilla/5.0 (compatible; AhrefsBot/7.0; +http://ahrefs.com/robot/)" "www.ysfine.com"
157.55.39.6 - - [05/Dec/2022:01:22:41 -0800] "GET /ysbio/folks/service.html HTTP/1.1" 404 88 "-" "Mozilla/5.0 AppleWebKit/537.36 (KHTML, like Gecko; compatible; bingbot/2.0; +http://www.bing.com/bingbot.htm) Chrome/103.0.5060.134 Safari/537.36" "ysfine.com"
157.55.39.6 - - [05/Dec/2022:01:22:42 -0800] "GET /bio/world/leipzig.html HTTP/1.1" 404 88 "-" "Mozilla/5.0 AppleWebKit/537.36 (KHTML, like Gecko; compatible; bingbot/2.0; +http://www.bing.com/bingbot.htm) Chrome/103.0.5060.134 Safari/537.36" "ysfine.com"
51.222.253.18 - - [05/Dec/2022:01:22:44 -0800] "GET /eink/pwk19c.jpg HTTP/1.1" 200 57759 "-" "Mozilla/5.0 (compatible; AhrefsBot/7.0; +http://ahrefs.com/robot/)" "www.ysfine.com"
51.222.253.12 - - [05/Dec/2022:01:22:50 -0800] "GET /einstein/newtmax02b.jpg HTTP/1.1" 200 46066 "-" "Mozilla/5.0 (compatible; AhrefsBot/7.0; +http://ahrefs.com/robot/)" "www.ysfine.com"
216.244.66.229 - - [05/Dec/2022:01:22:54 -0800] "GET /folks/amkor/iraida11.jpg HTTP/1.1" 200 124687 "-" "Mozilla/5.0 (compatible; DotBot/1.2; +https://opensiteexplorer.org/dotbot; help@moz.com)" "www.ysfine.com"
51.222.253.6 - - [05/Dec/2022:01:22:55 -0800] "GET /einstein/further08b.jpg HTTP/1.1" 200 58023 "-" "Mozilla/5.0 (compatible; AhrefsBot/7.0; +http://ahrefs.com/robot/)" "www.ysfine.com"
51.222.253.8 - - [05/Dec/2022:01:23:01 -0800] "GET /maga/phys/maxwell06b.jpg HTTP/1.1" 200 51047 "-" "Mozilla/5.0 (compatible; AhrefsBot/7.0; +http://ahrefs.com/robot/)" "www.ysfine.com"
37.139.53.20 - - [05/Dec/2022:01:23:04 -0800] "GET /yspapers/iopbook22.pdf HTTP/1.1" 200 2950375 "https://www.ysfine.com/yspapers/iopbook22.pdf" "Mozilla/5.0 (Windows NT 6.3; Win64; x64) AppleWebKit/537.36 (KHTML, like Gecko) Chrome/90.0.4430.85 Safari/537.36" "www.ysfine.com"
37.139.53.20 - - [05/Dec/2022:01:23:04 -0800] "GET / HTTP/1.1" 200 15925 "https://www.ysfine.com/" "Mozilla/5.0 (Windows NT 6.3; Win64; x64) AppleWebKit/537.36 (KHTML, like Gecko) Chrome/90.0.4430.85 Safari/537.36" "www.ysfine.com"
51.222.253.18 - - [05/Dec/2022:01:23:07 -0800] "GET /maga/phys/minkowski2.jpg HTTP/1.1" 200 26964 "-" "Mozilla/5.0 (compatible; AhrefsBot/7.0; +http://ahrefs.com/robot/)" "www.ysfine.com"
51.222.253.19 - - [05/Dec/2022:01:23:13 -0800] "GET /home/resonance11b.jpg HTTP/1.1" 200 37228 "-" "Mozilla/5.0 (compatible; AhrefsBot/7.0; +http://ahrefs.com/robot/)" "www.ysfine.com"
40.64.106.11 - - [05/Dec/2022:01:24:12 -0800] "GET /usca/pitt/knee11.jpg HTTP/1.1" 200 151514 "http://ysfine.com/usca/pitt/knee11.jpg" "DuckDuckBot/1.1; (+http://duckduckgo.com/duckduckbot.html)" "ysfine.com"
54.36.148.143 - - [05/Dec/2022:01:24:33 -0800] "GET /class54/ HTTP/1.1" 200 2553 "-" "Mozilla/5.0 (compatible; AhrefsBot/7.0; +http://ahrefs.com/robot/)" "ysfine.com"
64.124.8.44 - - [05/Dec/2022:01:25:42 -0800] "GET /archives/proceedings/boston/janszk.html HTTP/1.1" 200 689 "-" "Mozilla/5.0 (X11; Linux x86_64) AppleWebKit/537.36 (KHTML, like Gecko) Chrome/61.0.3163.79 Safari/537.36" "ysfine.com"
51.222.253.6 - - [05/Dec/2022:01:26:23 -0800] "GET /class54/class5470/total_data/sub_281.htm HTTP/1.1" 200 3372 "-" "Mozilla/5.0 (compatible; AhrefsBot/7.0; +http://ahrefs.com/robot/)" "www.ysfine.com"
157.55.39.76 - - [05/Dec/2022:01:26:28 -0800] "GET /bio/awards/marq.html HTTP/1.1" 404 88 "-" "Mozilla/5.0 AppleWebKit/537.36 (KHTML, like Gecko; compatible; bingbot/2.0; +http://www.bing.com/bingbot.htm) Chrome/103.0.5060.134 Safari/537.36" "ysfine.com"
157.55.39.76 - - [05/Dec/2022:01:26:28 -0800] "GET /einstein/texfiles/einheis03.jpg HTTP/1.1" 200 46000 "-" "Mozilla/5.0 AppleWebKit/537.36 (KHTML, like Gecko; compatible; bingbot/2.0; +http://www.bing.com/bingbot.htm) Chrome/103.0.5060.134 Safari/537.36" "ysfine.com"
157.55.39.76 - - [05/Dec/2022:01:26:28 -0800] "GET /home/different.html HTTP/1.1" 200 2354 "-" "Mozilla/5.0 (compatible; bingbot/2.0; +http://www.bing.com/bingbot.htm)" "ysfine.com"
207.46.13.48 - - [05/Dec/2022:01:26:32 -0800] "GET /bio/kobak/soraech.html HTTP/1.1" 404 88 "-" "Mozilla/5.0 AppleWebKit/537.36 (KHTML, like Gecko; compatible; bingbot/2.0; +http://www.bing.com/bingbot.htm) Chrome/103.0.5060.134 Safari/537.36" "ysfine.com"
93.219.220.88 - - [05/Dec/2022:01:27:04 -0800] "GET /maga/histo/oscar33.jpg HTTP/1.1" 200 140181 "https://www.bing.com/" "Mozilla/5.0 (Windows NT 10.0; Win64; x64) AppleWebKit/537.36 (KHTML, like Gecko) Chrome/107.0.0.0 Safari/537.36 Edg/107.0.1418.62" "www.ysfine.com"
207.46.13.48 - - [05/Dec/2022:01:27:33 -0800] "GET /bio/style/rieu.html HTTP/1.1" 404 88 "-" "Mozilla/5.0 AppleWebKit/537.36 (KHTML, like Gecko; compatible; bingbot/2.0; +http://www.bing.com/bingbot.htm) Chrome/103.0.5060.134 Safari/537.36" "ysfine.com"
207.46.13.20 - - [05/Dec/2022:01:28:14 -0800] "GET /usca/pitt/knee22b.jpg HTTP/1.1" 200 43403 "-" "Mozilla/5.0 (compatible; bingbot/2.0; +http://www.bing.com/bingbot.htm)" "www.ysfine.com"
51.222.253.11 - - [05/Dec/2022:01:28:22 -0800] "GET /class54/class5470/total_data/sub_278.htm HTTP/1.1" 200 3371 "-" "Mozilla/5.0 (compatible; AhrefsBot/7.0; +http://ahrefs.com/robot/)" "www.ysfine.com"
64.124.8.44 - - [05/Dec/2022:01:28:50 -0800] "GET /home/easy.html HTTP/1.1" 304 - "-" "Mozilla/5.0 (X11; Linux x86_64) AppleWebKit/537.36 (KHTML, like Gecko) Chrome/61.0.3163.79 Safari/537.36" "ysfine.com"
64.124.8.44 - - [05/Dec/2022:01:29:09 -0800] "GET /archives/proceedings/boston/mancin.html HTTP/1.1" 200 529 "-" "Mozilla/5.0 (X11; Linux x86_64) AppleWebKit/537.36 (KHTML, like Gecko) Chrome/61.0.3163.79 Safari/537.36" "ysfine.com"
157.55.39.6 - - [05/Dec/2022:01:29:41 -0800] "GET /bio/style/leica.html HTTP/1.1" 404 88 "-" "Mozilla/5.0 AppleWebKit/537.36 (KHTML, like Gecko; compatible; bingbot/2.0; +http://www.bing.com/bingbot.htm) Chrome/103.0.5060.134 Safari/537.36" "ysfine.com"
157.55.39.6 - - [05/Dec/2022:01:29:42 -0800] "GET /bio/kobak/namdae.html HTTP/1.1" 404 88 "-" "Mozilla/5.0 (compatible; bingbot/2.0; +http://www.bing.com/bingbot.htm)" "ysfine.com"
64.124.8.44 - - [05/Dec/2022:01:30:00 -0800] "GET /archives/proceedings/ff2/fp2abs.html HTTP/1.1" 200 29930 "-" "Mozilla/5.0 (X11; Linux x86_64) AppleWebKit/537.36 (KHTML, like Gecko) Chrome/61.0.3163.79 Safari/537.36" "ysfine.com"
51.222.253.13 - - [05/Dec/2022:01:30:07 -0800] "GET /class54/class5470/total_data/sub_279.htm HTTP/1.1" 200 3371 "-" "Mozilla/5.0 (compatible; AhrefsBot/7.0; +http://ahrefs.com/robot/)" "www.ysfine.com"
51.222.253.14 - - [05/Dec/2022:01:31:50 -0800] "GET /class54/class5470/total_data/sub_280.htm HTTP/1.1" 200 3371 "-" "Mozilla/5.0 (compatible; AhrefsBot/7.0; +http://ahrefs.com/robot/)" "www.ysfine.com"
157.55.39.6 - - [05/Dec/2022:01:31:51 -0800] "GET /bio/dirac/diracpol.html HTTP/1.1" 404 88 "-" "Mozilla/5.0 (compatible; bingbot/2.0; +http://www.bing.com/bingbot.htm)" "ysfine.com"
51.222.253.15 - - [05/Dec/2022:01:31:56 -0800] "GET /class54/class5470/total_data/photo_img/2-80.jpg HTTP/1.1" 200 191447 "-" "Mozilla/5.0 (compatible; AhrefsBot/7.0; +http://ahrefs.com/robot/)" "www.ysfine.com"
64.124.8.44 - - [05/Dec/2022:01:32:05 -0800] "GET /feynman/feyntop.html HTTP/1.1" 200 435 "-" "Mozilla/5.0 (X11; Linux x86_64) AppleWebKit/537.36 (KHTML, like Gecko) Chrome/61.0.3163.79 Safari/537.36" "www.ysfine.com"
207.46.13.20 - - [05/Dec/2022:01:33:04 -0800] "GET /bio/style/proschanie.html HTTP/1.1" 404 88 "-" "Mozilla/5.0 AppleWebKit/537.36 (KHTML, like Gecko; compatible; bingbot/2.0; +http://www.bing.com/bingbot.htm) Chrome/103.0.5060.134 Safari/537.36" "ysfine.com"
51.222.253.7 - - [05/Dec/2022:01:33:37 -0800] "GET /class54/class5470/total_data/sub_8141.htm HTTP/1.1" 200 3511 "-" "Mozilla/5.0 (compatible; AhrefsBot/7.0; +http://ahrefs.com/robot/)" "www.ysfine.com"
51.222.253.11 - - [05/Dec/2022:01:33:42 -0800] "GET /class54/class5470/total_data/refer_img/8-142_f.jpg HTTP/1.1" 200 36997 "-" "Mozilla/5.0 (compatible; AhrefsBot/7.0; +http://ahrefs.com/robot/)" "www.ysfine.com"
51.222.253.10 - - [05/Dec/2022:01:33:44 -0800] "GET /class54/class5470/total_data/photo_img/8-141.jpg HTTP/1.1" 200 232754 "-" "Mozilla/5.0 (compatible; AhrefsBot/7.0; +http://ahrefs.com/robot/)" "www.ysfine.com"
51.222.253.17 - - [05/Dec/2022:01:33:52 -0800] "GET /class54/class5470/total_data/refer_img/8-151_f.jpg HTTP/1.1" 200 32051 "-" "Mozilla/5.0 (compatible; AhrefsBot/7.0; +http://ahrefs.com/robot/)" "www.ysfine.com"
51.222.253.14 - - [05/Dec/2022:01:33:57 -0800] "GET /class54/class5470/total_data/refer_img/8-131_f.jpg HTTP/1.1" 200 29575 "-" "Mozilla/5.0 (compatible; AhrefsBot/7.0; +http://ahrefs.com/robot/)" "www.ysfine.com"
51.222.253.12 - - [05/Dec/2022:01:34:03 -0800] "GET /class54/class5470/total_data/img/08_friendspicuture.gif HTTP/1.1" 200 1051 "-" "Mozilla/5.0 (compatible; AhrefsBot/7.0; +http://ahrefs.com/robot/)" "www.ysfine.com"
51.222.253.1 - - [05/Dec/2022:01:34:08 -0800] "GET /class54/class5470/total_data/refer_img/8-127_f.jpg HTTP/1.1" 200 31061 "-" "Mozilla/5.0 (compatible; AhrefsBot/7.0; +http://ahrefs.com/robot/)" "www.ysfine.com"
51.222.253.13 - - [05/Dec/2022:01:34:14 -0800] "GET /class54/class5470/total_data/refer_img/8-157_f.jpg HTTP/1.1" 200 34453 "-" "Mozilla/5.0 (compatible; AhrefsBot/7.0; +http://ahrefs.com/robot/)" "www.ysfine.com"
51.222.253.15 - - [05/Dec/2022:01:34:19 -0800] "GET /class54/class5470/total_data/refer_img/8-129_f.jpg HTTP/1.1" 200 31149 "-" "Mozilla/5.0 (compatible; AhrefsBot/7.0; +http://ahrefs.com/robot/)" "www.ysfine.com"
207.46.13.20 - - [05/Dec/2022:01:34:24 -0800] "GET /ysbio/folks/korean.html HTTP/1.1" 404 88 "-" "Mozilla/5.0 AppleWebKit/537.36 (KHTML, like Gecko; compatible; bingbot/2.0; +http://www.bing.com/bingbot.htm) Chrome/103.0.5060.134 Safari/537.36" "ysfine.com"
51.222.253.8 - - [05/Dec/2022:01:34:28 -0800] "GET /class54/class5470/total_data/refer_img/8-141_f.jpg HTTP/1.1" 200 36997 "-" "Mozilla/5.0 (compatible; AhrefsBot/7.0; +http://ahrefs.com/robot/)" "www.ysfine.com"
51.222.253.16 - - [05/Dec/2022:01:34:34 -0800] "GET /class54/class5470/total_data/refer_img/8-155_f.jpg HTTP/1.1" 200 24415 "-" "Mozilla/5.0 (compatible; AhrefsBot/7.0; +http://ahrefs.com/robot/)" "www.ysfine.com"
51.222.253.14 - - [05/Dec/2022:01:34:39 -0800] "GET /class54/class5470/total_data/refer_img/8-144_f.jpg HTTP/1.1" 200 24758 "-" "Mozilla/5.0 (compatible; AhrefsBot/7.0; +http://ahrefs.com/robot/)" "www.ysfine.com"
51.222.253.2 - - [05/Dec/2022:01:34:45 -0800] "GET /class54/class5470/total_data/refer_img/8-152_f.jpg HTTP/1.1" 200 36992 "-" "Mozilla/5.0 (compatible; AhrefsBot/7.0; +http://ahrefs.com/robot/)" "www.ysfine.com"
51.222.253.8 - - [05/Dec/2022:01:34:50 -0800] "GET /class54/class5470/total_data/refer_img/8-137_f.jpg HTTP/1.1" 200 30500 "-" "Mozilla/5.0 (compatible; AhrefsBot/7.0; +http://ahrefs.com/robot/)" "www.ysfine.com"
51.222.253.11 - - [05/Dec/2022:01:34:56 -0800] "GET /class54/class5470/total_data/img/sm06_on.gif HTTP/1.1" 200 414 "-" "Mozilla/5.0 (compatible; AhrefsBot/7.0; +http://ahrefs.com/robot/)" "www.ysfine.com"
51.222.253.16 - - [05/Dec/2022:01:34:57 -0800] "GET /class54/class5470/total_data/img/08_title.gif HTTP/1.1" 200 3895 "-" "Mozilla/5.0 (compatible; AhrefsBot/7.0; +http://ahrefs.com/robot/)" "www.ysfine.com"
51.222.253.2 - - [05/Dec/2022:01:35:02 -0800] "GET /class54/class5470/total_data/refer_img/8-134_f.jpg HTTP/1.1" 200 41464 "-" "Mozilla/5.0 (compatible; AhrefsBot/7.0; +http://ahrefs.com/robot/)" "www.ysfine.com"
51.222.253.11 - - [05/Dec/2022:01:35:08 -0800] "GET /class54/class5470/total_data/refer_img/8-135_f.jpg HTTP/1.1" 200 32090 "-" "Mozilla/5.0 (compatible; AhrefsBot/7.0; +http://ahrefs.com/robot/)" "www.ysfine.com"
51.222.253.15 - - [05/Dec/2022:01:35:13 -0800] "GET /class54/class5470/total_data/refer_img/8-140_f.jpg HTTP/1.1" 200 37825 "-" "Mozilla/5.0 (compatible; AhrefsBot/7.0; +http://ahrefs.com/robot/)" "www.ysfine.com"
51.222.253.16 - - [05/Dec/2022:01:35:19 -0800] "GET /class54/class5470/total_data/refer_img/8-150_f.jpg HTTP/1.1" 200 35955 "-" "Mozilla/5.0 (compatible; AhrefsBot/7.0; +http://ahrefs.com/robot/)" "www.ysfine.com"
51.222.253.20 - - [05/Dec/2022:01:35:21 -0800] "GET /class54/class5470/total_data/sub_8135.htm HTTP/1.1" 200 3511 "-" "Mozilla/5.0 (compatible; AhrefsBot/7.0; +http://ahrefs.com/robot/)" "www.ysfine.com"
51.222.253.2 - - [05/Dec/2022:01:35:25 -0800] "GET /class54/class5470/total_data/refer_img/8-148_f.jpg HTTP/1.1" 200 35503 "-" "Mozilla/5.0 (compatible; AhrefsBot/7.0; +http://ahrefs.com/robot/)" "www.ysfine.com"
51.222.253.18 - - [05/Dec/2022:01:35:31 -0800] "GET /class54/class5470/total_data/refer_img/8-146_f.jpg HTTP/1.1" 200 32159 "-" "Mozilla/5.0 (compatible; AhrefsBot/7.0; +http://ahrefs.com/robot/)" "www.ysfine.com"
51.222.253.15 - - [05/Dec/2022:01:35:36 -0800] "GET /class54/class5470/total_data/refer_img/8-130_f.jpg HTTP/1.1" 200 32738 "-" "Mozilla/5.0 (compatible; AhrefsBot/7.0; +http://ahrefs.com/robot/)" "www.ysfine.com"
51.222.253.10 - - [05/Dec/2022:01:35:42 -0800] "GET /class54/class5470/total_data/refer_img/8-149_f.jpg HTTP/1.1" 200 30189 "-" "Mozilla/5.0 (compatible; AhrefsBot/7.0; +http://ahrefs.com/robot/)" "www.ysfine.com"
51.222.253.1 - - [05/Dec/2022:01:35:48 -0800] "GET /class54/class5470/total_data/refer_img/8-133_f.jpg HTTP/1.1" 200 33723 "-" "Mozilla/5.0 (compatible; AhrefsBot/7.0; +http://ahrefs.com/robot/)" "www.ysfine.com"
51.222.253.19 - - [05/Dec/2022:01:35:53 -0800] "GET /class54/class5470/total_data/refer_img/8-145_f.jpg HTTP/1.1" 200 30304 "-" "Mozilla/5.0 (compatible; AhrefsBot/7.0; +http://ahrefs.com/robot/)" "www.ysfine.com"
51.222.253.10 - - [05/Dec/2022:01:35:59 -0800] "GET /class54/class5470/total_data/refer_img/8-154_f.jpg HTTP/1.1" 200 35430 "-" "Mozilla/5.0 (compatible; AhrefsBot/7.0; +http://ahrefs.com/robot/)" "www.ysfine.com"
51.222.253.3 - - [05/Dec/2022:01:36:05 -0800] "GET /class54/class5470/total_data/refer_img/8-139_f.jpg HTTP/1.1" 200 41142 "-" "Mozilla/5.0 (compatible; AhrefsBot/7.0; +http://ahrefs.com/robot/)" "www.ysfine.com"
51.222.253.18 - - [05/Dec/2022:01:36:11 -0800] "GET /class54/class5470/total_data/refer_img/8-117_f.jpg HTTP/1.1" 200 36747 "-" "Mozilla/5.0 (compatible; AhrefsBot/7.0; +http://ahrefs.com/robot/)" "www.ysfine.com"
51.222.253.13 - - [05/Dec/2022:01:36:16 -0800] "GET /class54/class5470/total_data/refer_img/8-153_f.jpg HTTP/1.1" 200 52466 "-" "Mozilla/5.0 (compatible; AhrefsBot/7.0; +http://ahrefs.com/robot/)" "www.ysfine.com"
51.222.253.14 - - [05/Dec/2022:01:36:18 -0800] "GET /class54/class5470/total_data/refer_img/8-128_f.jpg HTTP/1.1" 200 35208 "-" "Mozilla/5.0 (compatible; AhrefsBot/7.0; +http://ahrefs.com/robot/)" "www.ysfine.com"
51.222.253.1 - - [05/Dec/2022:01:36:24 -0800] "GET /class54/class5470/total_data/refer_img/8-143_f.jpg HTTP/1.1" 200 27601 "-" "Mozilla/5.0 (compatible; AhrefsBot/7.0; +http://ahrefs.com/robot/)" "www.ysfine.com"
51.222.253.17 - - [05/Dec/2022:01:36:29 -0800] "GET /class54/class5470/total_data/refer_img/8-138_f.jpg HTTP/1.1" 200 39068 "-" "Mozilla/5.0 (compatible; AhrefsBot/7.0; +http://ahrefs.com/robot/)" "www.ysfine.com"
51.222.253.17 - - [05/Dec/2022:01:36:35 -0800] "GET /class54/class5470/total_data/refer_img/8-136_f.jpg HTTP/1.1" 200 44668 "-" "Mozilla/5.0 (compatible; AhrefsBot/7.0; +http://ahrefs.com/robot/)" "www.ysfine.com"
51.222.253.2 - - [05/Dec/2022:01:36:41 -0800] "GET /class54/class5470/total_data/img/sm05_off.gif HTTP/1.1" 200 542 "-" "Mozilla/5.0 (compatible; AhrefsBot/7.0; +http://ahrefs.com/robot/)" "www.ysfine.com"
51.222.253.11 - - [05/Dec/2022:01:36:41 -0800] "GET /class54/class5470/total_data/refer_img/8-132_f.jpg HTTP/1.1" 200 32792 "-" "Mozilla/5.0 (compatible; AhrefsBot/7.0; +http://ahrefs.com/robot/)" "www.ysfine.com"
51.222.253.20 - - [05/Dec/2022:01:36:47 -0800] "GET /class54/class5470/total_data/refer_img/8-156_f.jpg HTTP/1.1" 200 27294 "-" "Mozilla/5.0 (compatible; AhrefsBot/7.0; +http://ahrefs.com/robot/)" "www.ysfine.com"
51.222.253.20 - - [05/Dec/2022:01:36:52 -0800] "GET /class54/class5470/total_data/img/08_smline.gif HTTP/1.1" 200 1455 "-" "Mozilla/5.0 (compatible; AhrefsBot/7.0; +http://ahrefs.com/robot/)" "www.ysfine.com"
54.36.148.147 - - [05/Dec/2022:01:37:13 -0800] "GET /robots.txt HTTP/1.1" 404 88 "-" "Mozilla/5.0 (compatible; AhrefsBot/7.0; +http://ahrefs.com/robot/)" "ysfine.com"
54.36.148.189 - - [05/Dec/2022:01:37:14 -0800] "GET /newyork/ HTTP/1.1" 200 132 "-" "Mozilla/5.0 (compatible; AhrefsBot/7.0; +http://ahrefs.com/robot/)" "ysfine.com"
14.137.135.24 - - [05/Dec/2022:01:37:18 -0800] "GET /people/adlerf.jpg HTTP/1.1" 200 77297 "-" "Mozilla/5.0 (Windows NT 10.0; Win64; x64) AppleWebKit/537.36 (KHTML, like Gecko) Chrome/90.0.4430.212 Safari/537.36" "www.ysfine.com"
51.222.253.14 - - [05/Dec/2022:01:39:12 -0800] "GET /class54/class5470/total_data/sub_8137.htm HTTP/1.1" 200 3511 "-" "Mozilla/5.0 (compatible; AhrefsBot/7.0; +http://ahrefs.com/robot/)" "www.ysfine.com"
51.222.253.8 - - [05/Dec/2022:01:41:23 -0800] "GET /class54/class5470/total_data/sub_8138.htm HTTP/1.1" 200 3511 "-" "Mozilla/5.0 (compatible; AhrefsBot/7.0; +http://ahrefs.com/robot/)" "www.ysfine.com"
216.244.66.229 - - [05/Dec/2022:01:41:57 -0800] "GET /usca/pitt/pittcath03.jpg HTTP/1.1" 200 159550 "-" "Mozilla/5.0 (compatible; DotBot/1.2; +https://opensiteexplorer.org/dotbot; help@moz.com)" "www.ysfine.com"
71.178.208.102 - - [05/Dec/2022:01:42:57 -0800] "GET /awards/index.html HTTP/1.1" 200 10095 "https://www.google.com/" "Mozilla/5.0 (Windows NT 10.0; Win64; x64; rv:107.0) Gecko/20100101 Firefox/107.0" "ysfine.com"
71.178.208.102 - - [05/Dec/2022:01:42:57 -0800] "GET /awards/timessq11d.jpg HTTP/1.1" 200 105546 "https://ysfine.com/awards/index.html" "Mozilla/5.0 (Windows NT 10.0; Win64; x64; rv:107.0) Gecko/20100101 Firefox/107.0" "ysfine.com"
71.178.208.102 - - [05/Dec/2022:01:42:57 -0800] "GET /awards/marq/marq22f.jpg HTTP/1.1" 200 142401 "https://ysfine.com/awards/index.html" "Mozilla/5.0 (Windows NT 10.0; Win64; x64; rv:107.0) Gecko/20100101 Firefox/107.0" "ysfine.com"
71.178.208.102 - - [05/Dec/2022:01:42:57 -0800] "GET /awards/fortune21f.jpg HTTP/1.1" 200 234815 "https://ysfine.com/awards/index.html" "Mozilla/5.0 (Windows NT 10.0; Win64; x64; rv:107.0) Gecko/20100101 Firefox/107.0" "ysfine.com"
71.178.208.102 - - [05/Dec/2022:01:42:57 -0800] "GET /awards/beward11f.jpg HTTP/1.1" 200 123557 "https://ysfine.com/awards/index.html" "Mozilla/5.0 (Windows NT 10.0; Win64; x64; rv:107.0) Gecko/20100101 Firefox/107.0" "ysfine.com"
71.178.208.102 - - [05/Dec/2022:01:42:57 -0800] "GET /awards/marq/marq16d.jpg HTTP/1.1" 200 107457 "https://ysfine.com/awards/index.html" "Mozilla/5.0 (Windows NT 10.0; Win64; x64; rv:107.0) Gecko/20100101 Firefox/107.0" "ysfine.com"
71.178.208.102 - - [05/Dec/2022:01:42:57 -0800] "GET /awards/feygell01d.jpg HTTP/1.1" 200 31895 "https://ysfine.com/awards/index.html" "Mozilla/5.0 (Windows NT 10.0; Win64; x64; rv:107.0) Gecko/20100101 Firefox/107.0" "ysfine.com"
71.178.208.102 - - [05/Dec/2022:01:42:57 -0800] "GET /awards/marq/hemis21f.jpg HTTP/1.1" 200 180095 "https://ysfine.com/awards/index.html" "Mozilla/5.0 (Windows NT 10.0; Win64; x64; rv:107.0) Gecko/20100101 Firefox/107.0" "ysfine.com"
71.178.208.102 - - [05/Dec/2022:01:42:57 -0800] "GET /awards/acs20f.jpg HTTP/1.1" 200 145842 "https://ysfine.com/awards/index.html" "Mozilla/5.0 (Windows NT 10.0; Win64; x64; rv:107.0) Gecko/20100101 Firefox/107.0" "ysfine.com"
71.178.208.102 - - [05/Dec/2022:01:42:57 -0800] "GET /awards/einbohr25d.jpg HTTP/1.1" 200 49476 "https://ysfine.com/awards/index.html" "Mozilla/5.0 (Windows NT 10.0; Win64; x64; rv:107.0) Gecko/20100101 Firefox/107.0" "ysfine.com"
71.178.208.102 - - [05/Dec/2022:01:42:57 -0800] "GET /kobak/taylor400.jpg HTTP/1.1" 200 56181 "https://ysfine.com/awards/index.html" "Mozilla/5.0 (Windows NT 10.0; Win64; x64; rv:107.0) Gecko/20100101 Firefox/107.0" "ysfine.com"
71.178.208.102 - - [05/Dec/2022:01:42:57 -0800] "GET /awards/ewk88d.jpg HTTP/1.1" 200 96031 "https://ysfine.com/awards/index.html" "Mozilla/5.0 (Windows NT 10.0; Win64; x64; rv:107.0) Gecko/20100101 Firefox/107.0" "ysfine.com"
71.178.208.102 - - [05/Dec/2022:01:42:57 -0800] "GET /awards/fortune23f.jpg HTTP/1.1" 200 270365 "https://ysfine.com/awards/index.html" "Mozilla/5.0 (Windows NT 10.0; Win64; x64; rv:107.0) Gecko/20100101 Firefox/107.0" "ysfine.com"
71.178.208.102 - - [05/Dec/2022:01:42:57 -0800] "GET /awards/acs55f.jpg HTTP/1.1" 200 83340 "https://ysfine.com/awards/index.html" "Mozilla/5.0 (Windows NT 10.0; Win64; x64; rv:107.0) Gecko/20100101 Firefox/107.0" "ysfine.com"
71.178.208.102 - - [05/Dec/2022:01:42:57 -0800] "GET /awards/ysnr11d.jpg HTTP/1.1" 200 61140 "https://ysfine.com/awards/index.html" "Mozilla/5.0 (Windows NT 10.0; Win64; x64; rv:107.0) Gecko/20100101 Firefox/107.0" "ysfine.com"
71.178.208.102 - - [05/Dec/2022:01:42:57 -0800] "GET /awards/wsj21f.jpg HTTP/1.1" 200 172238 "https://ysfine.com/awards/index.html" "Mozilla/5.0 (Windows NT 10.0; Win64; x64; rv:107.0) Gecko/20100101 Firefox/107.0" "ysfine.com"
71.178.208.102 - - [05/Dec/2022:01:42:57 -0800] "GET /awards/truck20d.jpg HTTP/1.1" 200 43868 "https://ysfine.com/awards/index.html" "Mozilla/5.0 (Windows NT 10.0; Win64; x64; rv:107.0) Gecko/20100101 Firefox/107.0" "ysfine.com"
71.178.208.102 - - [05/Dec/2022:01:42:57 -0800] "GET /awards/whoswho11f.jpg HTTP/1.1" 200 86318 "https://ysfine.com/awards/index.html" "Mozilla/5.0 (Windows NT 10.0; Win64; x64; rv:107.0) Gecko/20100101 Firefox/107.0" "ysfine.com"
71.178.208.102 - - [05/Dec/2022:01:42:57 -0800] "GET /awards/timeline11f.jpg HTTP/1.1" 200 169039 "https://ysfine.com/awards/index.html" "Mozilla/5.0 (Windows NT 10.0; Win64; x64; rv:107.0) Gecko/20100101 Firefox/107.0" "ysfine.com"
71.178.208.102 - - [05/Dec/2022:01:42:57 -0800] "GET /awards/top100d.jpg HTTP/1.1" 200 74998 "https://ysfine.com/awards/index.html" "Mozilla/5.0 (Windows NT 10.0; Win64; x64; rv:107.0) Gecko/20100101 Firefox/107.0" "ysfine.com"
71.178.208.102 - - [05/Dec/2022:01:42:57 -0800] "GET /awards/acs96f.jpg HTTP/1.1" 200 118636 "https://ysfine.com/awards/index.html" "Mozilla/5.0 (Windows NT 10.0; Win64; x64; rv:107.0) Gecko/20100101 Firefox/107.0" "ysfine.com"
71.178.208.102 - - [05/Dec/2022:01:42:57 -0800] "GET /eink/pwk450.jpg HTTP/1.1" 200 84974 "https://ysfine.com/awards/index.html" "Mozilla/5.0 (Windows NT 10.0; Win64; x64; rv:107.0) Gecko/20100101 Firefox/107.0" "ysfine.com"
71.178.208.102 - - [05/Dec/2022:01:42:57 -0800] "GET /awards/bridge22f.jpg HTTP/1.1" 200 98225 "https://ysfine.com/awards/index.html" "Mozilla/5.0 (Windows NT 10.0; Win64; x64; rv:107.0) Gecko/20100101 Firefox/107.0" "ysfine.com"
51.222.253.13 - - [05/Dec/2022:01:43:23 -0800] "GET /class54/class5470/total_data/sub_8144.htm HTTP/1.1" 200 3519 "-" "Mozilla/5.0 (compatible; AhrefsBot/7.0; +http://ahrefs.com/robot/)" "www.ysfine.com"
216.244.66.229 - - [05/Dec/2022:01:44:03 -0800] "GET /awards/marq/mille33.jpg HTTP/1.1" 200 251471 "-" "Mozilla/5.0 (compatible; DotBot/1.2; +https://opensiteexplorer.org/dotbot; help@moz.com)" "www.ysfine.com"
71.178.208.102 - - [05/Dec/2022:01:44:08 -0800] "GET /ys11/ HTTP/1.1" 304 - "-" "Mozilla/5.0 (Windows NT 10.0; Win64; x64) AppleWebKit/537.36 (KHTML, like Gecko) Chrome/107.0.0.0 Safari/537.36 Edg/107.0.1418.62" "ysfine.com"
71.178.208.102 - - [05/Dec/2022:01:44:08 -0800] "GET /favicon.ico HTTP/1.1" 404 88 "https://ysfine.com/ys11/" "Mozilla/5.0 (Windows NT 10.0; Win64; x64) AppleWebKit/537.36 (KHTML, like Gecko) Chrome/107.0.0.0 Safari/537.36 Edg/107.0.1418.62" "ysfine.com"
71.178.208.102 - - [05/Dec/2022:01:44:11 -0800] "GET /awards/index.html HTTP/1.1" 200 10095 "https://ysfine.com/ys11/" "Mozilla/5.0 (Windows NT 10.0; Win64; x64) AppleWebKit/537.36 (KHTML, like Gecko) Chrome/107.0.0.0 Safari/537.36 Edg/107.0.1418.62" "ysfine.com"
71.178.208.102 - - [05/Dec/2022:01:44:11 -0800] "GET /awards/fortune23f.jpg HTTP/1.1" 200 270365 "https://ysfine.com/awards/index.html" "Mozilla/5.0 (Windows NT 10.0; Win64; x64) AppleWebKit/537.36 (KHTML, like Gecko) Chrome/107.0.0.0 Safari/537.36 Edg/107.0.1418.62" "ysfine.com"
216.244.66.229 - - [05/Dec/2022:01:44:46 -0800] "GET /world/scandi/vaxjo08.jpg HTTP/1.1" 200 80482 "-" "Mozilla/5.0 (compatible; DotBot/1.2; +https://opensiteexplorer.org/dotbot; help@moz.com)" "www.ysfine.com"
147.86.239.240 - - [05/Dec/2022:01:44:55 -0800] "GET /heisen/bohrheisen11.jpg HTTP/1.1" 200 104546 "https://www.google.com/" "Mozilla/5.0 (Windows NT 10.0; Win64; x64; rv:107.0) Gecko/20100101 Firefox/107.0" "ysfine.com"
147.86.239.240 - - [05/Dec/2022:01:45:03 -0800] "GET /heisen/schroheisen33.jpg HTTP/1.1" 200 86213 "https://www.google.com/" "Mozilla/5.0 (Windows NT 10.0; Win64; x64; rv:107.0) Gecko/20100101 Firefox/107.0" "ysfine.com"
51.222.253.2 - - [05/Dec/2022:01:45:26 -0800] "GET /class54/class5470/total_data/sub_8155.htm HTTP/1.1" 200 3518 "-" "Mozilla/5.0 (compatible; AhrefsBot/7.0; +http://ahrefs.com/robot/)" "www.ysfine.com"
51.222.253.17 - - [05/Dec/2022:01:45:33 -0800] "GET /class54/class5470/total_data/photo_img/8-155.jpg HTTP/1.1" 200 170865 "-" "Mozilla/5.0 (compatible; AhrefsBot/7.0; +http://ahrefs.com/robot/)" "www.ysfine.com"
157.55.39.6 - - [05/Dec/2022:01:45:41 -0800] "GET /einstein/places/einmu17.jpg HTTP/1.1" 200 67347 "-" "Mozilla/5.0 AppleWebKit/537.36 (KHTML, like Gecko; compatible; bingbot/2.0; +http://www.bing.com/bingbot.htm) Chrome/103.0.5060.134 Safari/537.36" "www.ysfine.com"
89.176.102.164 - - [05/Dec/2022:01:45:45 -0800] "GET /world/germany/berlin051.jpg HTTP/1.1" 200 104542 "https://www.bing.com/" "Mozilla/5.0 (Windows NT 10.0; Win64; x64) AppleWebKit/537.36 (KHTML, like Gecko) Chrome/107.0.0.0 Safari/537.36 Edg/107.0.1418.62" "www.ysfine.com"
71.178.208.102 - - [05/Dec/2022:01:46:40 -0800] "GET /awards/top101.jpg HTTP/1.1" 200 874639 "https://ysfine.com/awards/index.html" "Mozilla/5.0 (Windows NT 10.0; Win64; x64) AppleWebKit/537.36 (KHTML, like Gecko) Chrome/107.0.0.0 Safari/537.36 Edg/107.0.1418.62" "ysfine.com"
51.222.253.2 - - [05/Dec/2022:01:47:16 -0800] "GET /class54/class5470/total_data/sub_8156.htm HTTP/1.1" 200 3519 "-" "Mozilla/5.0 (compatible; AhrefsBot/7.0; +http://ahrefs.com/robot/)" "www.ysfine.com"
196.89.3.187 - - [05/Dec/2022:01:47:18 -0800] "GET /maga/phys/schrod31.jpg HTTP/1.1" 200 117115 "https://yandex.com/images/touch/search?text=Erwin%20shr%C3%B6dinger" "Mozilla/5.0 (Linux; Android 11; Redmi Note 8) AppleWebKit/537.36 (KHTML, like Gecko) Chrome/108.0.0.0 Mobile Safari/537.36" "www.ysfine.com"
64.124.8.45 - - [05/Dec/2022:01:48:13 -0800] "GET /robots.txt HTTP/1.1" 404 88 "-" "Mozilla/5.0 (X11; Linux x86_64) AppleWebKit/537.36 (KHTML, like Gecko) Chrome/61.0.3163.79 Safari/537.36" "ysfine.com"
64.124.8.45 - - [05/Dec/2022:01:48:13 -0800] "GET /robots.txt HTTP/1.1" 404 88 "-" "Mozilla/5.0 (X11; Linux x86_64) AppleWebKit/537.36 (KHTML, like Gecko) Chrome/61.0.3163.79 Safari/537.36" "ysfine.com"
64.124.8.45 - - [05/Dec/2022:01:48:13 -0800] "GET /wigner/wigbot.html HTTP/1.1" 200 123 "-" "Mozilla/5.0 (X11; Linux x86_64) AppleWebKit/537.36 (KHTML, like Gecko) Chrome/61.0.3163.79 Safari/537.36" "ysfine.com"
64.124.8.45 - - [05/Dec/2022:01:48:29 -0800] "GET /robots.txt HTTP/1.1" 404 88 "-" "Mozilla/5.0 (X11; Linux x86_64) AppleWebKit/537.36 (KHTML, like Gecko) Chrome/61.0.3163.79 Safari/537.36" "www.ysfine.com"
64.124.8.45 - - [05/Dec/2022:01:48:29 -0800] "GET /ysbio/einstein/einfine.html HTTP/1.1" 404 88 "-" "Mozilla/5.0 (X11; Linux x86_64) AppleWebKit/537.36 (KHTML, like Gecko) Chrome/61.0.3163.79 Safari/537.36" "www.ysfine.com"
20.56.197.63 - - [05/Dec/2022:01:48:59 -0800] "GET /world/france/magots11.jpg HTTP/1.1" 200 124224 "-" "DuckDuckBot/1.1; (+http://duckduckgo.com/duckduckbot.html)" "ysfine.com"
54.36.148.149 - - [05/Dec/2022:01:49:19 -0800] "GET /philo/sartre.html HTTP/1.1" 200 7721 "-" "Mozilla/5.0 (compatible; AhrefsBot/7.0; +http://ahrefs.com/robot/)" "ysfine.com"
183.199.108.79 - - [05/Dec/2022:01:49:22 -0800] "GET /einstein/heisen33b.jpg HTTP/1.1" 200 78035 "https://www.icourse163.org/" "Mozilla/5.0 (Windows NT 10.0; Win64; x64) AppleWebKit/537.36 (KHTML, like Gecko) Chrome/107.0.0.0 Safari/537.36" "ysfine.com"
157.55.39.6 - - [05/Dec/2022:01:50:32 -0800] "GET /bio/einstein/bern.html HTTP/1.1" 404 88 "-" "Mozilla/5.0 (compatible; bingbot/2.0; +http://www.bing.com/bingbot.htm)" "ysfine.com"
64.124.8.45 - - [05/Dec/2022:01:50:33 -0800] "GET /maga/keigel.html HTTP/1.1" 200 6995 "-" "Mozilla/5.0 (X11; Linux x86_64) AppleWebKit/537.36 (KHTML, like Gecko) Chrome/61.0.3163.79 Safari/537.36" "ysfine.com"
207.46.13.20 - - [05/Dec/2022:01:51:26 -0800] "GET /ysbio/wdc/kopol.html HTTP/1.1" 404 88 "-" "Mozilla/5.0 (compatible; bingbot/2.0; +http://www.bing.com/bingbot.htm)" "ysfine.com"
207.46.13.20 - - [05/Dec/2022:01:51:26 -0800] "GET /bio/world/feynrio.html HTTP/1.1" 404 88 "-" "Mozilla/5.0 (compatible; bingbot/2.0; +http://www.bing.com/bingbot.htm)" "ysfine.com"
54.36.149.63 - - [05/Dec/2022:01:51:38 -0800] "GET /world/balkan/inophoto.html HTTP/1.1" 200 549 "-" "Mozilla/5.0 (compatible; AhrefsBot/7.0; +http://ahrefs.com/robot/)" "ysfine.com"
67.244.71.15 - - [05/Dec/2022:01:52:26 -0800] "GET /world/germany/leipzig65.jpg HTTP/1.1" 200 283640 "https://www.google.com/" "Mozilla/5.0 (Macintosh; Intel Mac OS X 10_15_7) AppleWebKit/537.36 (KHTML, like Gecko) Chrome/107.0.0.0 Safari/537.36" "ysfine.com"
20.56.197.63 - - [05/Dec/2022:01:52:48 -0800] "GET /world/france/flore11.jpg HTTP/1.1" 200 141461 "-" "DuckDuckBot/1.1; (+http://duckduckgo.com/duckduckbot.html)" "ysfine.com"
207.46.13.48 - - [05/Dec/2022:01:53:05 -0800] "GET /bio/princeton/yspr.html HTTP/1.1" 404 88 "-" "Mozilla/5.0 (compatible; bingbot/2.0; +http://www.bing.com/bingbot.htm)" "ysfine.com"
207.46.13.48 - - [05/Dec/2022:01:53:05 -0800] "GET /bio/optics.html HTTP/1.1" 404 88 "-" "Mozilla/5.0 (compatible; bingbot/2.0; +http://www.bing.com/bingbot.htm)" "ysfine.com"
64.124.8.45 - - [05/Dec/2022:01:53:10 -0800] "GET /archives/proceedings/boston/castel.html HTTP/1.1" 200 631 "-" "Mozilla/5.0 (X11; Linux x86_64) AppleWebKit/537.36 (KHTML, like Gecko) Chrome/61.0.3163.79 Safari/537.36" "ysfine.com"
51.222.253.8 - - [05/Dec/2022:01:53:40 -0800] "GET /class54/class5470/total_data/sub_298.htm HTTP/1.1" 200 3386 "-" "Mozilla/5.0 (compatible; AhrefsBot/7.0; +http://ahrefs.com/robot/)" "www.ysfine.com"
64.124.8.45 - - [05/Dec/2022:01:54:00 -0800] "GET /world/russ/dnepro.html HTTP/1.1" 304 - "-" "Mozilla/5.0 (X11; Linux x86_64) AppleWebKit/537.36 (KHTML, like Gecko) Chrome/61.0.3163.79 Safari/537.36" "ysfine.com"
207.46.13.48 - - [05/Dec/2022:01:55:25 -0800] "GET /ysbio/folks/israel.html HTTP/1.1" 404 88 "-" "Mozilla/5.0 (compatible; bingbot/2.0; +http://www.bing.com/bingbot.htm)" "ysfine.com"
64.124.8.45 - - [05/Dec/2022:01:55:29 -0800] "GET /maga/landau.html HTTP/1.1" 200 6658 "-" "Mozilla/5.0 (X11; Linux x86_64) AppleWebKit/537.36 (KHTML, like Gecko) Chrome/61.0.3163.79 Safari/537.36" "ysfine.com"
51.222.253.5 - - [05/Dec/2022:01:55:32 -0800] "GET /class54/class5470/total_data/sub_8151.htm HTTP/1.1" 200 3510 "-" "Mozilla/5.0 (compatible; AhrefsBot/7.0; +http://ahrefs.com/robot/)" "www.ysfine.com"
51.222.253.13 - - [05/Dec/2022:01:55:38 -0800] "GET /class54/class5470/total_data/photo_img/8-151.jpg HTTP/1.1" 200 196869 "-" "Mozilla/5.0 (compatible; AhrefsBot/7.0; +http://ahrefs.com/robot/)" "www.ysfine.com"
157.55.39.6 - - [05/Dec/2022:01:55:43 -0800] "GET /bio/awards/iao.html HTTP/1.1" 404 88 "-" "Mozilla/5.0 (compatible; bingbot/2.0; +http://www.bing.com/bingbot.htm)" "ysfine.com"
20.56.197.63 - - [05/Dec/2022:01:55:52 -0800] "GET /world/france/flore07.jpg HTTP/1.1" 200 110654 "-" "DuckDuckBot/1.1; (+http://duckduckgo.com/duckduckbot.html)" "ysfine.com"
20.56.197.63 - - [05/Dec/2022:01:56:21 -0800] "GET /world/france/flore06.jpg HTTP/1.1" 200 120704 "-" "DuckDuckBot/1.1; (+http://duckduckgo.com/duckduckbot.html)" "ysfine.com"
157.55.39.76 - - [05/Dec/2022:01:56:41 -0800] "GET /bio/kobak/yskor.html HTTP/1.1" 404 88 "-" "Mozilla/5.0 AppleWebKit/537.36 (KHTML, like Gecko; compatible; bingbot/2.0; +http://www.bing.com/bingbot.htm) Chrome/103.0.5060.134 Safari/537.36" "ysfine.com"
157.55.39.76 - - [05/Dec/2022:01:56:42 -0800] "GET /bio/harmoarchi.html HTTP/1.1" 404 88 "-" "Mozilla/5.0 (compatible; bingbot/2.0; +http://www.bing.com/bingbot.htm)" "ysfine.com"
207.46.13.20 - - [05/Dec/2022:01:56:47 -0800] "GET /world/germany/berlin181.jpg HTTP/1.1" 200 129562 "-" "Mozilla/5.0 AppleWebKit/537.36 (KHTML, like Gecko; compatible; bingbot/2.0; +http://www.bing.com/bingbot.htm) Chrome/103.0.5060.134 Safari/537.36" "ysfine.com"
51.222.253.7 - - [05/Dec/2022:01:57:24 -0800] "GET /ysbio/houses/christmas.html HTTP/1.1" 404 88 "-" "Mozilla/5.0 (compatible; AhrefsBot/7.0; +http://ahrefs.com/robot/)" "www.ysfine.com"
1.183.228.97 - - [05/Dec/2022:01:57:53 -0800] "GET /einstein/heisen33b.jpg HTTP/1.1" 200 78035 "https://www.icourse163.org/" "Mozilla/5.0 (Linux; Android 12; V2183A Build/SP1A.210812.003; wv) AppleWebKit/537.36 (KHTML, like Gecko) Version/4.0 Chrome/97.0.4692.98 Mobile Safari/537.36" "ysfine.com"
84.199.248.138 - - [05/Dec/2022:01:58:09 -0800] "GET /maga/phil/hegplanck01.jpg HTTP/1.1" 200 310114 "https://www.google.be/" "Mozilla/5.0 (Macintosh; Intel Mac OS X 10_15_7) AppleWebKit/605.1.15 (KHTML, like Gecko) Version/16.1 Safari/605.1.15" "ysfine.com"
64.124.8.45 - - [05/Dec/2022:01:58:43 -0800] "GET /maga/minkowski.html HTTP/1.1" 200 4752 "-" "Mozilla/5.0 (X11; Linux x86_64) AppleWebKit/537.36 (KHTML, like Gecko) Chrome/61.0.3163.79 Safari/537.36" "www.ysfine.com"
64.124.8.45 - - [05/Dec/2022:01:59:33 -0800] "GET /remote/wigner111/frame07.html HTTP/1.1" 200 459 "-" "Mozilla/5.0 (X11; Linux x86_64) AppleWebKit/537.36 (KHTML, like Gecko) Chrome/61.0.3163.79 Safari/537.36" "www.ysfine.com"
64.124.8.45 - - [05/Dec/2022:01:59:36 -0800] "GET /wigner/maxwig.html HTTP/1.1" 200 8080 "-" "Mozilla/5.0 (X11; Linux x86_64) AppleWebKit/537.36 (KHTML, like Gecko) Chrome/61.0.3163.79 Safari/537.36" "www.ysfine.com"
157.50.42.206 - - [05/Dec/2022:01:59:38 -0800] "GET /home/eward55f.jpg HTTP/1.1" 200 122802 "http://www2.physics.umd.edu/" "Mozilla/5.0 (Windows NT 10.0; Win64; x64) AppleWebKit/537.36 (KHTML, like Gecko) Chrome/108.0.0.0 Safari/537.36" "ysfine.com"
157.50.42.206 - - [05/Dec/2022:01:59:38 -0800] "GET /home/top21c.jpg HTTP/1.1" 200 53120 "http://www2.physics.umd.edu/" "Mozilla/5.0 (Windows NT 10.0; Win64; x64) AppleWebKit/537.36 (KHTML, like Gecko) Chrome/108.0.0.0 Safari/537.36" "ysfine.com"
157.50.42.206 - - [05/Dec/2022:01:59:38 -0800] "GET /home/goodbad55c.jpg HTTP/1.1" 200 24415 "http://www2.physics.umd.edu/" "Mozilla/5.0 (Windows NT 10.0; Win64; x64) AppleWebKit/537.36 (KHTML, like Gecko) Chrome/108.0.0.0 Safari/537.36" "ysfine.com"
157.50.42.206 - - [05/Dec/2022:01:59:38 -0800] "GET /home/eink77c.jpg HTTP/1.1" 200 47471 "http://www2.physics.umd.edu/" "Mozilla/5.0 (Windows NT 10.0; Win64; x64) AppleWebKit/537.36 (KHTML, like Gecko) Chrome/108.0.0.0 Safari/537.36" "ysfine.com"
157.50.42.206 - - [05/Dec/2022:01:59:38 -0800] "GET /home/facu63c.jpg HTTP/1.1" 200 41710 "http://www2.physics.umd.edu/" "Mozilla/5.0 (Windows NT 10.0; Win64; x64) AppleWebKit/537.36 (KHTML, like Gecko) Chrome/108.0.0.0 Safari/537.36" "ysfine.com"
157.50.42.206 - - [05/Dec/2022:01:59:38 -0800] "GET /home/truck/truck20c.jpg HTTP/1.1" 200 29999 "http://www2.physics.umd.edu/" "Mozilla/5.0 (Windows NT 10.0; Win64; x64) AppleWebKit/537.36 (KHTML, like Gecko) Chrome/108.0.0.0 Safari/537.36" "ysfine.com"
157.50.42.206 - - [05/Dec/2022:01:59:39 -0800] "GET /eink/ewk86a.jpg HTTP/1.1" 200 70895 "http://www2.physics.umd.edu/" "Mozilla/5.0 (Windows NT 10.0; Win64; x64) AppleWebKit/537.36 (KHTML, like Gecko) Chrome/108.0.0.0 Safari/537.36" "ysfine.com"
157.50.42.206 - - [05/Dec/2022:01:59:40 -0800] "GET /wdc/washmo23c.jpg HTTP/1.1" 200 21217 "http://www2.physics.umd.edu/" "Mozilla/5.0 (Windows NT 10.0; Win64; x64) AppleWebKit/537.36 (KHTML, like Gecko) Chrome/108.0.0.0 Safari/537.36" "ysfine.com"
157.50.42.206 - - [05/Dec/2022:01:59:40 -0800] "GET /wdc/eindc03c.jpg HTTP/1.1" 200 48446 "http://www2.physics.umd.edu/" "Mozilla/5.0 (Windows NT 10.0; Win64; x64) AppleWebKit/537.36 (KHTML, like Gecko) Chrome/108.0.0.0 Safari/537.36" "ysfine.com"
157.50.42.206 - - [05/Dec/2022:01:59:40 -0800] "GET /sbk/1987pr22c.jpg HTTP/1.1" 200 40964 "http://www2.physics.umd.edu/" "Mozilla/5.0 (Windows NT 10.0; Win64; x64) AppleWebKit/537.36 (KHTML, like Gecko) Chrome/108.0.0.0 Safari/537.36" "ysfine.com"
157.50.42.206 - - [05/Dec/2022:01:59:40 -0800] "GET /eink/einhaus33c.jpg HTTP/1.1" 200 23792 "http://www2.physics.umd.edu/" "Mozilla/5.0 (Windows NT 10.0; Win64; x64) AppleWebKit/537.36 (KHTML, like Gecko) Chrome/108.0.0.0 Safari/537.36" "ysfine.com"
157.50.42.206 - - [05/Dec/2022:01:59:40 -0800] "GET /eink/einhaus11c.jpg HTTP/1.1" 200 42522 "http://www2.physics.umd.edu/" "Mozilla/5.0 (Windows NT 10.0; Win64; x64) AppleWebKit/537.36 (KHTML, like Gecko) Chrome/108.0.0.0 Safari/537.36" "ysfine.com"
157.50.42.206 - - [05/Dec/2022:01:59:40 -0800] "GET /kobak/taylor33c.jpg HTTP/1.1" 200 39951 "http://www2.physics.umd.edu/" "Mozilla/5.0 (Windows NT 10.0; Win64; x64) AppleWebKit/537.36 (KHTML, like Gecko) Chrome/108.0.0.0 Safari/537.36" "ysfine.com"
157.50.42.206 - - [05/Dec/2022:01:59:41 -0800] "GET /eink/eink54a.jpg HTTP/1.1" 200 79717 "http://www2.physics.umd.edu/" "Mozilla/5.0 (Windows NT 10.0; Win64; x64) AppleWebKit/537.36 (KHTML, like Gecko) Chrome/108.0.0.0 Safari/537.36" "ysfine.com"
157.50.42.206 - - [05/Dec/2022:01:59:46 -0800] "GET /home/index.html HTTP/1.1" 200 142 "http://www2.physics.umd.edu/" "Mozilla/5.0 (Windows NT 10.0; Win64; x64) AppleWebKit/537.36 (KHTML, like Gecko) Chrome/108.0.0.0 Safari/537.36" "ysfine.com"
157.50.42.206 - - [05/Dec/2022:01:59:46 -0800] "GET /home/hmbot.html HTTP/1.1" 200 132 "https://ysfine.com/home/index.html" "Mozilla/5.0 (Windows NT 10.0; Win64; x64) AppleWebKit/537.36 (KHTML, like Gecko) Chrome/108.0.0.0 Safari/537.36" "ysfine.com"
157.50.42.206 - - [05/Dec/2022:01:59:46 -0800] "GET /home/hmtop.html HTTP/1.1" 200 447 "https://ysfine.com/home/index.html" "Mozilla/5.0 (Windows NT 10.0; Win64; x64) AppleWebKit/537.36 (KHTML, like Gecko) Chrome/108.0.0.0 Safari/537.36" "ysfine.com"
157.50.42.206 - - [05/Dec/2022:01:59:47 -0800] "GET /home/hmleft.html HTTP/1.1" 200 853 "https://ysfine.com/home/hmbot.html" "Mozilla/5.0 (Windows NT 10.0; Win64; x64) AppleWebKit/537.36 (KHTML, like Gecko) Chrome/108.0.0.0 Safari/537.36" "ysfine.com"
157.50.42.206 - - [05/Dec/2022:01:59:47 -0800] "GET /home/hmrigh.html HTTP/1.1" 200 4208 "https://ysfine.com/home/hmbot.html" "Mozilla/5.0 (Windows NT 10.0; Win64; x64) AppleWebKit/537.36 (KHTML, like Gecko) Chrome/108.0.0.0 Safari/537.36" "ysfine.com"
157.50.42.206 - - [05/Dec/2022:01:59:47 -0800] "GET /awards/eward55a.jpg HTTP/1.1" 200 85213 "https://ysfine.com/home/hmrigh.html" "Mozilla/5.0 (Windows NT 10.0; Win64; x64) AppleWebKit/537.36 (KHTML, like Gecko) Chrome/108.0.0.0 Safari/537.36" "ysfine.com"
157.50.42.206 - - [05/Dec/2022:01:59:47 -0800] "GET /home/top21c.jpg HTTP/1.1" 200 53120 "https://ysfine.com/home/hmrigh.html" "Mozilla/5.0 (Windows NT 10.0; Win64; x64) AppleWebKit/537.36 (KHTML, like Gecko) Chrome/108.0.0.0 Safari/537.36" "ysfine.com"
157.50.42.206 - - [05/Dec/2022:01:59:47 -0800] "GET /home/eink77c.jpg HTTP/1.1" 200 47471 "https://ysfine.com/home/hmrigh.html" "Mozilla/5.0 (Windows NT 10.0; Win64; x64) AppleWebKit/537.36 (KHTML, like Gecko) Chrome/108.0.0.0 Safari/537.36" "ysfine.com"
157.50.42.206 - - [05/Dec/2022:01:59:47 -0800] "GET /home/emc22a.jpg HTTP/1.1" 200 59239 "https://ysfine.com/home/hmrigh.html" "Mozilla/5.0 (Windows NT 10.0; Win64; x64) AppleWebKit/537.36 (KHTML, like Gecko) Chrome/108.0.0.0 Safari/537.36" "ysfine.com"
157.50.42.206 - - [05/Dec/2022:01:59:47 -0800] "GET /home/further22a.jpg HTTP/1.1" 200 75776 "https://ysfine.com/home/hmrigh.html" "Mozilla/5.0 (Windows NT 10.0; Win64; x64) AppleWebKit/537.36 (KHTML, like Gecko) Chrome/108.0.0.0 Safari/537.36" "ysfine.com"
157.50.42.206 - - [05/Dec/2022:01:59:47 -0800] "GET /home/facu63c.jpg HTTP/1.1" 200 41710 "https://ysfine.com/home/hmrigh.html" "Mozilla/5.0 (Windows NT 10.0; Win64; x64) AppleWebKit/537.36 (KHTML, like Gecko) Chrome/108.0.0.0 Safari/537.36" "ysfine.com"
157.50.42.206 - - [05/Dec/2022:01:59:47 -0800] "GET /home/socrates55c.jpg HTTP/1.1" 200 36471 "https://ysfine.com/home/hmrigh.html" "Mozilla/5.0 (Windows NT 10.0; Win64; x64) AppleWebKit/537.36 (KHTML, like Gecko) Chrome/108.0.0.0 Safari/537.36" "ysfine.com"
157.50.42.206 - - [05/Dec/2022:01:59:47 -0800] "GET /home/think55c.jpg HTTP/1.1" 200 37438 "https://ysfine.com/home/hmrigh.html" "Mozilla/5.0 (Windows NT 10.0; Win64; x64) AppleWebKit/537.36 (KHTML, like Gecko) Chrome/108.0.0.0 Safari/537.36" "ysfine.com"
157.50.42.206 - - [05/Dec/2022:01:59:47 -0800] "GET /home/comet50a.jpg HTTP/1.1" 200 52015 "https://ysfine.com/home/hmrigh.html" "Mozilla/5.0 (Windows NT 10.0; Win64; x64) AppleWebKit/537.36 (KHTML, like Gecko) Chrome/108.0.0.0 Safari/537.36" "ysfine.com"
157.50.42.206 - - [05/Dec/2022:01:59:47 -0800] "GET /eink/eink54a.jpg HTTP/1.1" 200 79717 "https://ysfine.com/home/hmrigh.html" "Mozilla/5.0 (Windows NT 10.0; Win64; x64) AppleWebKit/537.36 (KHTML, like Gecko) Chrome/108.0.0.0 Safari/537.36" "ysfine.com"
157.50.42.206 - - [05/Dec/2022:01:59:47 -0800] "GET /home/tollwig11c.jpg HTTP/1.1" 200 28199 "https://ysfine.com/home/hmrigh.html" "Mozilla/5.0 (Windows NT 10.0; Win64; x64) AppleWebKit/537.36 (KHTML, like Gecko) Chrome/108.0.0.0 Safari/537.36" "ysfine.com"
157.50.42.206 - - [05/Dec/2022:01:59:47 -0800] "GET /home/coke300.jpg HTTP/1.1" 200 50941 "https://ysfine.com/home/hmrigh.html" "Mozilla/5.0 (Windows NT 10.0; Win64; x64) AppleWebKit/537.36 (KHTML, like Gecko) Chrome/108.0.0.0 Safari/537.36" "ysfine.com"
157.50.42.206 - - [05/Dec/2022:01:59:47 -0800] "GET /home/figs/einbohr33c.jpg HTTP/1.1" 200 36413 "https://ysfine.com/home/hmrigh.html" "Mozilla/5.0 (Windows NT 10.0; Win64; x64) AppleWebKit/537.36 (KHTML, like Gecko) Chrome/108.0.0.0 Safari/537.36" "ysfine.com"
157.50.42.206 - - [05/Dec/2022:01:59:47 -0800] "GET /home/eink/einhaus33c.jpg HTTP/1.1" 404 88 "https://ysfine.com/home/hmrigh.html" "Mozilla/5.0 (Windows NT 10.0; Win64; x64) AppleWebKit/537.36 (KHTML, like Gecko) Chrome/108.0.0.0 Safari/537.36" "ysfine.com"
157.50.42.206 - - [05/Dec/2022:01:59:47 -0800] "GET /home/kobak/taylor33c.jpg HTTP/1.1" 404 88 "https://ysfine.com/home/hmrigh.html" "Mozilla/5.0 (Windows NT 10.0; Win64; x64) AppleWebKit/537.36 (KHTML, like Gecko) Chrome/108.0.0.0 Safari/537.36" "ysfine.com"
157.50.42.206 - - [05/Dec/2022:01:59:47 -0800] "GET /home/eink/einhaus11c.jpg HTTP/1.1" 404 88 "https://ysfine.com/home/hmrigh.html" "Mozilla/5.0 (Windows NT 10.0; Win64; x64) AppleWebKit/537.36 (KHTML, like Gecko) Chrome/108.0.0.0 Safari/537.36" "ysfine.com"
51.222.253.2 - - [05/Dec/2022:01:59:48 -0800] "GET /class54/class5470/total_data/sub_8157.htm HTTP/1.1" 200 3518 "-" "Mozilla/5.0 (compatible; AhrefsBot/7.0; +http://ahrefs.com/robot/)" "www.ysfine.com"
157.50.42.206 - - [05/Dec/2022:01:59:52 -0800] "GET /favicon.ico HTTP/1.1" 404 88 "https://ysfine.com/home/index.html" "Mozilla/5.0 (Windows NT 10.0; Win64; x64) AppleWebKit/537.36 (KHTML, like Gecko) Chrome/108.0.0.0 Safari/537.36" "ysfine.com"
64.124.8.45 - - [05/Dec/2022:01:59:53 -0800] "GET /dirac/locovar.html HTTP/1.1" 200 3545 "-" "Mozilla/5.0 (X11; Linux x86_64) AppleWebKit/537.36 (KHTML, like Gecko) Chrome/61.0.3163.79 Safari/537.36" "ysfine.com"
34.205.85.214 - - [05/Dec/2022:02:00:08 -0800] "GET / HTTP/1.1" 200 5292 "-" "Mozilla/5.0 (compatible; Newslitbot/0.1; +https://www.newslit.co)" "ysfine.com"
3.91.25.141 - - [05/Dec/2022:02:00:14 -0800] "GET /robots.txt HTTP/1.1" 404 88 "-" "Apache-HttpClient/4.5.3 (Java/1.8.0_292)" "ysfine.com"
157.50.42.206 - - [05/Dec/2022:02:00:23 -0800] "GET /dirac/dirfeyn.html HTTP/1.1" 200 6341 "https://ysfine.com/home/hmrigh.html" "Mozilla/5.0 (Windows NT 10.0; Win64; x64) AppleWebKit/537.36 (KHTML, like Gecko) Chrome/108.0.0.0 Safari/537.36" "ysfine.com"
157.50.42.206 - - [05/Dec/2022:02:00:23 -0800] "GET /feynman/jacdrum11c.jpg HTTP/1.1" 200 39178 "https://ysfine.com/dirac/dirfeyn.html" "Mozilla/5.0 (Windows NT 10.0; Win64; x64) AppleWebKit/537.36 (KHTML, like Gecko) Chrome/108.0.0.0 Safari/537.36" "ysfine.com"
157.50.42.206 - - [05/Dec/2022:02:00:23 -0800] "GET /dirac/dfkim11c.jpg HTTP/1.1" 200 34801 "https://ysfine.com/dirac/dirfeyn.html" "Mozilla/5.0 (Windows NT 10.0; Win64; x64) AppleWebKit/537.36 (KHTML, like Gecko) Chrome/108.0.0.0 Safari/537.36" "ysfine.com"
157.50.42.206 - - [05/Dec/2022:02:00:23 -0800] "GET /dirac/dirackn33c.jpg HTTP/1.1" 200 50420 "https://ysfine.com/dirac/dirfeyn.html" "Mozilla/5.0 (Windows NT 10.0; Win64; x64) AppleWebKit/537.36 (KHTML, like Gecko) Chrome/108.0.0.0 Safari/537.36" "ysfine.com"
157.50.42.206 - - [05/Dec/2022:02:00:23 -0800] "GET /wigner/wigkim11c.jpg HTTP/1.1" 200 30443 "https://ysfine.com/dirac/dirfeyn.html" "Mozilla/5.0 (Windows NT 10.0; Win64; x64) AppleWebKit/537.36 (KHTML, like Gecko) Chrome/108.0.0.0 Safari/537.36" "ysfine.com"
157.50.42.206 - - [05/Dec/2022:02:00:23 -0800] "GET /wigner/isomor66c.jpg HTTP/1.1" 200 47632 "https://ysfine.com/dirac/dirfeyn.html" "Mozilla/5.0 (Windows NT 10.0; Win64; x64) AppleWebKit/537.36 (KHTML, like Gecko) Chrome/108.0.0.0 Safari/537.36" "ysfine.com"
157.50.42.206 - - [05/Dec/2022:02:00:23 -0800] "GET /dirac/feydirac300.jpg HTTP/1.1" 200 38223 "https://ysfine.com/dirac/dirfeyn.html" "Mozilla/5.0 (Windows NT 10.0; Win64; x64) AppleWebKit/537.36 (KHTML, like Gecko) Chrome/108.0.0.0 Safari/537.36" "ysfine.com"
157.50.42.206 - - [05/Dec/2022:02:00:23 -0800] "GET /dirac/sq73c.jpg HTTP/1.1" 200 35501 "https://ysfine.com/dirac/dirfeyn.html" "Mozilla/5.0 (Windows NT 10.0; Win64; x64) AppleWebKit/537.36 (KHTML, like Gecko) Chrome/108.0.0.0 Safari/537.36" "ysfine.com"
157.50.42.206 - - [05/Dec/2022:02:00:23 -0800] "GET /eink/eink61c.jpg HTTP/1.1" 200 34119 "https://ysfine.com/dirac/dirfeyn.html" "Mozilla/5.0 (Windows NT 10.0; Win64; x64) AppleWebKit/537.36 (KHTML, like Gecko) Chrome/108.0.0.0 Safari/537.36" "ysfine.com"
157.50.42.206 - - [05/Dec/2022:02:00:23 -0800] "GET /dirac/2osc22c.jpg HTTP/1.1" 200 28929 "https://ysfine.com/dirac/dirfeyn.html" "Mozilla/5.0 (Windows NT 10.0; Win64; x64) AppleWebKit/537.36 (KHTML, like Gecko) Chrome/108.0.0.0 Safari/537.36" "ysfine.com"
157.50.42.206 - - [05/Dec/2022:02:00:23 -0800] "GET /dirac/nicodem11c.jpg HTTP/1.1" 200 72684 "https://ysfine.com/dirac/dirfeyn.html" "Mozilla/5.0 (Windows NT 10.0; Win64; x64) AppleWebKit/537.36 (KHTML, like Gecko) Chrome/108.0.0.0 Safari/537.36" "ysfine.com"
157.50.42.206 - - [05/Dec/2022:02:00:23 -0800] "GET /people/sbt11c.jpg HTTP/1.1" 200 31479 "https://ysfine.com/dirac/dirfeyn.html" "Mozilla/5.0 (Windows NT 10.0; Win64; x64) AppleWebKit/537.36 (KHTML, like Gecko) Chrome/108.0.0.0 Safari/537.36" "ysfine.com"
161.35.56.127 - - [05/Dec/2022:02:00:23 -0800] "GET /yspapers/iopbook15.pdf HTTP/1.1" 200 2962673 "-" "curl/7.74.0" "ysfine.com"
157.55.39.76 - - [05/Dec/2022:02:00:52 -0800] "GET /bio/bio07.html HTTP/1.1" 404 88 "-" "Mozilla/5.0 AppleWebKit/537.36 (KHTML, like Gecko; compatible; bingbot/2.0; +http://www.bing.com/bingbot.htm) Chrome/103.0.5060.134 Safari/537.36" "ysfine.com"
77.88.5.133 - - [05/Dec/2022:02:01:23 -0800] "GET /robots.txt HTTP/1.1" 404 73 "-" "Mozilla/5.0 (compatible; YandexBot/3.0; +http://yandex.com/bots)" "www.ysfine.com"
64.124.8.45 - - [05/Dec/2022:02:01:31 -0800] "GET /einstein/ulm.html HTTP/1.1" 200 6713 "-" "Mozilla/5.0 (X11; Linux x86_64) AppleWebKit/537.36 (KHTML, like Gecko) Chrome/61.0.3163.79 Safari/537.36" "www.ysfine.com"
51.222.253.18 - - [05/Dec/2022:02:01:40 -0800] "GET /class54/class5470/total_data/sub_8132.htm HTTP/1.1" 200 3511 "-" "Mozilla/5.0 (compatible; AhrefsBot/7.0; +http://ahrefs.com/robot/)" "www.ysfine.com"
223.104.178.119 - - [05/Dec/2022:02:02:08 -0800] "GET /einstein/heisen33b.jpg HTTP/1.1" 200 78035 "https://www.icourse163.org/" "Mozilla/5.0 (Linux; Android 12; FNE-AN00 Build/HONORFNE-AN00; wv) AppleWebKit/537.36 (KHTML, like Gecko) Version/4.0 Chrome/92.0.4515.105 Mobile Safari/537.36" "ysfine.com"
40.77.167.39 - - [05/Dec/2022:02:03:01 -0800] "GET /style/hamako33b.jpg HTTP/1.1" 200 44854 "-" "Mozilla/5.0 AppleWebKit/537.36 (KHTML, like Gecko; compatible; bingbot/2.0; +http://www.bing.com/bingbot.htm) Chrome/103.0.5060.134 Safari/537.36" "www.ysfine.com"
107.180.109.13 - - [05/Dec/2022:02:03:21 -0800] "GET / HTTP/1.1" 200 15925 "-" "-" "ysfine.com"
40.77.167.39 - - [05/Dec/2022:02:03:30 -0800] "GET /style/hibari22.jpg HTTP/1.1" 200 72859 "-" "Mozilla/5.0 AppleWebKit/537.36 (KHTML, like Gecko; compatible; bingbot/2.0; +http://www.bing.com/bingbot.htm) Chrome/103.0.5060.134 Safari/537.36" "www.ysfine.com"
51.222.253.19 - - [05/Dec/2022:02:03:39 -0800] "GET /class54/class5470/total_data/sub_284.htm HTTP/1.1" 200 3386 "-" "Mozilla/5.0 (compatible; AhrefsBot/7.0; +http://ahrefs.com/robot/)" "www.ysfine.com"
216.244.66.229 - - [05/Dec/2022:02:04:17 -0800] "GET /robots.txt HTTP/1.1" 404 73 "-" "Mozilla/5.0 (compatible; DotBot/1.2; +https://opensiteexplorer.org/dotbot; help@moz.com)" "ysfine.com"
216.244.66.229 - - [05/Dec/2022:02:04:17 -0800] "GET /robots.txt HTTP/1.1" 404 73 "-" "Mozilla/5.0 (compatible; DotBot/1.2; +https://opensiteexplorer.org/dotbot; help@moz.com)" "www.ysfine.com"
