162.214.78.196 - - [13/Nov/2022:10:34:09 -0800] "GET /wp-admin.tar HTTP/1.1" 404 88 "-" "Go-http-client/1.1" "ysfine.com"
162.214.78.196 - - [13/Nov/2022:10:34:09 -0800] "GET /wp-admin.tar.gz HTTP/1.1" 404 88 "-" "Go-http-client/1.1" "ysfine.com"
162.214.78.196 - - [13/Nov/2022:10:34:09 -0800] "GET /wp-admin.tgz HTTP/1.1" 404 88 "-" "Go-http-client/1.1" "ysfine.com"
162.214.78.196 - - [13/Nov/2022:10:34:10 -0800] "GET /wp-admin.gz HTTP/1.1" 404 88 "-" "Go-http-client/1.1" "ysfine.com"
162.214.78.196 - - [13/Nov/2022:10:34:10 -0800] "GET /wp-admin.bak HTTP/1.1" 404 88 "-" "Go-http-client/1.1" "ysfine.com"
162.214.78.196 - - [13/Nov/2022:10:34:11 -0800] "GET /wp-admin.7z HTTP/1.1" 404 88 "-" "Go-http-client/1.1" "ysfine.com"
162.214.78.196 - - [13/Nov/2022:10:34:11 -0800] "GET /wp-admin.bz HTTP/1.1" 404 88 "-" "Go-http-client/1.1" "ysfine.com"
162.214.78.196 - - [13/Nov/2022:10:34:12 -0800] "GET /ysfine.com.zip HTTP/1.1" 404 88 "-" "Go-http-client/1.1" "ysfine.com"
162.214.78.196 - - [13/Nov/2022:10:34:12 -0800] "GET /ysfine.com.rar HTTP/1.1" 404 88 "-" "Go-http-client/1.1" "ysfine.com"
162.214.78.196 - - [13/Nov/2022:10:34:13 -0800] "GET /ysfine.com.tar HTTP/1.1" 404 88 "-" "Go-http-client/1.1" "ysfine.com"
162.214.78.196 - - [13/Nov/2022:10:34:13 -0800] "GET /ysfine.com.tar.gz HTTP/1.1" 404 88 "-" "Go-http-client/1.1" "ysfine.com"
162.214.78.196 - - [13/Nov/2022:10:34:14 -0800] "GET /ysfine.com.tgz HTTP/1.1" 404 88 "-" "Go-http-client/1.1" "ysfine.com"
162.214.78.196 - - [13/Nov/2022:10:34:14 -0800] "GET /ysfine.com.gz HTTP/1.1" 404 88 "-" "Go-http-client/1.1" "ysfine.com"
162.214.78.196 - - [13/Nov/2022:10:34:14 -0800] "GET /ysfine.com.bak HTTP/1.1" 404 88 "-" "Go-http-client/1.1" "ysfine.com"
162.214.78.196 - - [13/Nov/2022:10:34:15 -0800] "GET /ysfine.com.7z HTTP/1.1" 404 88 "-" "Go-http-client/1.1" "ysfine.com"
162.214.78.196 - - [13/Nov/2022:10:34:15 -0800] "GET /ysfine.com.bz HTTP/1.1" 404 88 "-" "Go-http-client/1.1" "ysfine.com"
162.214.78.196 - - [13/Nov/2022:10:34:16 -0800] "GET /ysfine.zip HTTP/1.1" 404 88 "-" "Go-http-client/1.1" "ysfine.com"
216.244.66.229 - - [13/Nov/2022:10:34:16 -0800] "GET /ffriends/sadat22.jpg HTTP/1.1" 200 179001 "-" "Mozilla/5.0 (compatible; DotBot/1.2; +https://opensiteexplorer.org/dotbot; help@moz.com)" "ysfine.com"
162.214.78.196 - - [13/Nov/2022:10:34:17 -0800] "GET /ysfine.rar HTTP/1.1" 404 88 "-" "Go-http-client/1.1" "ysfine.com"
162.214.78.196 - - [13/Nov/2022:10:34:17 -0800] "GET /ysfine.tar HTTP/1.1" 404 88 "-" "Go-http-client/1.1" "ysfine.com"
162.214.78.196 - - [13/Nov/2022:10:34:18 -0800] "GET /ysfine.tar.gz HTTP/1.1" 404 88 "-" "Go-http-client/1.1" "ysfine.com"
162.214.78.196 - - [13/Nov/2022:10:34:18 -0800] "GET /ysfine.tgz HTTP/1.1" 404 88 "-" "Go-http-client/1.1" "ysfine.com"
162.214.78.196 - - [13/Nov/2022:10:34:18 -0800] "GET /ysfine.gz HTTP/1.1" 404 88 "-" "Go-http-client/1.1" "ysfine.com"
162.214.78.196 - - [13/Nov/2022:10:34:19 -0800] "GET /ysfine.bak HTTP/1.1" 404 88 "-" "Go-http-client/1.1" "ysfine.com"
162.214.78.196 - - [13/Nov/2022:10:34:19 -0800] "GET /ysfine.7z HTTP/1.1" 404 88 "-" "Go-http-client/1.1" "ysfine.com"
162.214.78.196 - - [13/Nov/2022:10:34:20 -0800] "GET /ysfine.bz HTTP/1.1" 404 88 "-" "Go-http-client/1.1" "ysfine.com"
162.214.78.196 - - [13/Nov/2022:10:34:20 -0800] "GET /ysfine_com.zip HTTP/1.1" 404 88 "-" "Go-http-client/1.1" "ysfine.com"
162.214.78.196 - - [13/Nov/2022:10:34:21 -0800] "GET /ysfine_com.rar HTTP/1.1" 404 88 "-" "Go-http-client/1.1" "ysfine.com"
162.214.78.196 - - [13/Nov/2022:10:34:21 -0800] "GET /ysfine_com.tar HTTP/1.1" 404 88 "-" "Go-http-client/1.1" "ysfine.com"
162.214.78.196 - - [13/Nov/2022:10:34:22 -0800] "GET /ysfine_com.tar.gz HTTP/1.1" 404 88 "-" "Go-http-client/1.1" "ysfine.com"
162.214.78.196 - - [13/Nov/2022:10:34:22 -0800] "GET /ysfine_com.tgz HTTP/1.1" 404 88 "-" "Go-http-client/1.1" "ysfine.com"
162.214.78.196 - - [13/Nov/2022:10:34:22 -0800] "GET /ysfine_com.gz HTTP/1.1" 404 88 "-" "Go-http-client/1.1" "ysfine.com"
162.214.78.196 - - [13/Nov/2022:10:34:23 -0800] "GET /ysfine_com.bak HTTP/1.1" 404 88 "-" "Go-http-client/1.1" "ysfine.com"
162.214.78.196 - - [13/Nov/2022:10:34:23 -0800] "GET /ysfine_com.7z HTTP/1.1" 404 88 "-" "Go-http-client/1.1" "ysfine.com"
162.214.78.196 - - [13/Nov/2022:10:34:24 -0800] "GET /ysfine.com1.zip HTTP/1.1" 404 88 "-" "Go-http-client/1.1" "ysfine.com"
162.214.78.196 - - [13/Nov/2022:10:34:24 -0800] "GET /phpmyadmin HTTP/1.1" 404 88 "-" "Go-http-client/1.1" "ysfine.com"
162.214.78.196 - - [13/Nov/2022:10:34:25 -0800] "GET /pma HTTP/1.1" 404 88 "-" "Go-http-client/1.1" "ysfine.com"
162.214.78.196 - - [13/Nov/2022:10:34:25 -0800] "GET /adminer.php HTTP/1.1" 404 88 "-" "Go-http-client/1.1" "ysfine.com"
162.214.78.196 - - [13/Nov/2022:10:34:25 -0800] "GET /:2031/pma/ HTTP/1.1" 404 88 "-" "Go-http-client/1.1" "ysfine.com"
162.214.78.196 - - [13/Nov/2022:10:34:26 -0800] "GET /:2083/phpmyadmin/ HTTP/1.1" 404 88 "-" "Go-http-client/1.1" "ysfine.com"
216.244.66.229 - - [13/Nov/2022:10:35:00 -0800] "GET /ffriends/ukralon02.jpg HTTP/1.1" 200 113245 "-" "Mozilla/5.0 (compatible; DotBot/1.2; +https://opensiteexplorer.org/dotbot; help@moz.com)" "ysfine.com"
157.55.39.129 - - [13/Nov/2022:10:35:02 -0800] "GET /bio/eink/buythisbook.html HTTP/1.1" 404 88 "-" "Mozilla/5.0 (compatible; bingbot/2.0; +http://www.bing.com/bingbot.htm)" "ysfine.com"
157.55.39.6 - - [13/Nov/2022:10:35:23 -0800] "GET /bio/dirac/diracpol.html HTTP/1.1" 404 88 "-" "Mozilla/5.0 (compatible; bingbot/2.0; +http://www.bing.com/bingbot.htm)" "ysfine.com"
51.222.253.4 - - [13/Nov/2022:10:35:53 -0800] "GET /feynman/restof.html HTTP/1.1" 200 4709 "-" "Mozilla/5.0 (compatible; AhrefsBot/7.0; +http://ahrefs.com/robot/)" "www.ysfine.com"
157.55.39.6 - - [13/Nov/2022:10:36:53 -0800] "GET /bio/einstein/bern.html HTTP/1.1" 404 88 "-" "Mozilla/5.0 AppleWebKit/537.36 (KHTML, like Gecko; compatible; bingbot/2.0; +http://www.bing.com/bingbot.htm) Chrome/103.0.5060.134 Safari/537.36" "ysfine.com"
157.55.39.76 - - [13/Nov/2022:10:37:08 -0800] "GET /bio/bio07.html HTTP/1.1" 404 88 "-" "Mozilla/5.0 AppleWebKit/537.36 (KHTML, like Gecko; compatible; bingbot/2.0; +http://www.bing.com/bingbot.htm) Chrome/103.0.5060.134 Safari/537.36" "ysfine.com"
216.244.66.229 - - [13/Nov/2022:10:37:41 -0800] "GET /ffriends/malay12.jpg HTTP/1.1" 200 114557 "-" "Mozilla/5.0 (compatible; DotBot/1.2; +https://opensiteexplorer.org/dotbot; help@moz.com)" "ysfine.com"
114.119.128.142 - - [13/Nov/2022:10:37:44 -0800] "GET /dongio/french.html HTTP/1.1" 404 88 "https://ysfine.com/dongio/fdw.html" "Mozilla/5.0 (Linux; Android 7.0;) AppleWebKit/537.36 (KHTML, like Gecko) Mobile Safari/537.36 (compatible; PetalBot;+https://webmaster.petalsearch.com/site/petalbot)" "ysfine.com"
38.126.157.40 - - [13/Nov/2022:10:37:56 -0800] "GET /einstein/eintao11.jpg HTTP/1.1" 200 99034 "-" "Mozilla/5.0 (compatible; FemtosearchBot/1.0; http://femtosearch.com)" "ysfine.com"
38.126.157.40 - - [13/Nov/2022:10:37:56 -0800] "GET /feynman/restof52a.jpg HTTP/1.1" 200 34318 "-" "Mozilla/5.0 (compatible; FemtosearchBot/1.0; http://femtosearch.com)" "ysfine.com"
38.126.157.40 - - [13/Nov/2022:10:37:56 -0800] "GET /style/palmusic44b.jpg HTTP/1.1" 200 37655 "-" "Mozilla/5.0 (compatible; FemtosearchBot/1.0; http://femtosearch.com)" "ysfine.com"
38.126.157.40 - - [13/Nov/2022:10:37:56 -0800] "GET /newyork/russtea22.jpg HTTP/1.1" 200 218700 "-" "Mozilla/5.0 (compatible; FemtosearchBot/1.0; http://femtosearch.com)" "ysfine.com"
38.126.157.40 - - [13/Nov/2022:10:37:56 -0800] "GET /ffriends/austra08.jpg HTTP/1.1" 200 102233 "-" "Mozilla/5.0 (compatible; FemtosearchBot/1.0; http://femtosearch.com)" "ysfine.com"
38.126.157.40 - - [13/Nov/2022:10:37:56 -0800] "GET /ffriends/israel11.jpg HTTP/1.1" 200 232962 "-" "Mozilla/5.0 (compatible; FemtosearchBot/1.0; http://femtosearch.com)" "ysfine.com"
38.126.157.40 - - [13/Nov/2022:10:37:56 -0800] "GET /feynman/restof33a.jpg HTTP/1.1" 200 48888 "-" "Mozilla/5.0 (compatible; FemtosearchBot/1.0; http://femtosearch.com)" "ysfine.com"
38.126.157.40 - - [13/Nov/2022:10:37:56 -0800] "GET /world/russ/mosf37.jpg HTTP/1.1" 200 128218 "-" "Mozilla/5.0 (compatible; FemtosearchBot/1.0; http://femtosearch.com)" "ysfine.com"
73.141.175.236 - - [13/Nov/2022:10:38:01 -0800] "GET /princeton/campus.html HTTP/1.1" 200 15142 "https://www.google.com/" "Mozilla/5.0 (iPhone; CPU iPhone OS 16_0_3 like Mac OS X) AppleWebKit/605.1.15 (KHTML, like Gecko) Version/16.0 Mobile/15E148 Safari/604.1" "ysfine.com"
73.141.175.236 - - [13/Nov/2022:10:38:01 -0800] "GET /princeton/withers01b.jpg HTTP/1.1" 200 53277 "https://ysfine.com/princeton/campus.html" "Mozilla/5.0 (iPhone; CPU iPhone OS 16_0_3 like Mac OS X) AppleWebKit/605.1.15 (KHTML, like Gecko) Version/16.0 Mobile/15E148 Safari/604.1" "ysfine.com"
73.141.175.236 - - [13/Nov/2022:10:38:01 -0800] "GET /princeton/nasshall01b.jpg HTTP/1.1" 200 60879 "https://ysfine.com/princeton/campus.html" "Mozilla/5.0 (iPhone; CPU iPhone OS 16_0_3 like Mac OS X) AppleWebKit/605.1.15 (KHTML, like Gecko) Version/16.0 Mobile/15E148 Safari/604.1" "ysfine.com"
73.141.175.236 - - [13/Nov/2022:10:38:01 -0800] "GET /princeton/pcomm01b.jpg HTTP/1.1" 200 46796 "https://ysfine.com/princeton/campus.html" "Mozilla/5.0 (iPhone; CPU iPhone OS 16_0_3 like Mac OS X) AppleWebKit/605.1.15 (KHTML, like Gecko) Version/16.0 Mobile/15E148 Safari/604.1" "ysfine.com"
73.141.175.236 - - [13/Nov/2022:10:38:01 -0800] "GET /princeton/alexan22b.jpg HTTP/1.1" 200 55817 "https://ysfine.com/princeton/campus.html" "Mozilla/5.0 (iPhone; CPU iPhone OS 16_0_3 like Mac OS X) AppleWebKit/605.1.15 (KHTML, like Gecko) Version/16.0 Mobile/15E148 Safari/604.1" "ysfine.com"
73.141.175.236 - - [13/Nov/2022:10:38:01 -0800] "GET /princeton/firestone11b.jpg HTTP/1.1" 200 54060 "https://ysfine.com/princeton/campus.html" "Mozilla/5.0 (iPhone; CPU iPhone OS 16_0_3 like Mac OS X) AppleWebKit/605.1.15 (KHTML, like Gecko) Version/16.0 Mobile/15E148 Safari/604.1" "ysfine.com"
73.141.175.236 - - [13/Nov/2022:10:38:01 -0800] "GET /princeton/prospectg33b.jpg HTTP/1.1" 200 39510 "https://ysfine.com/princeton/campus.html" "Mozilla/5.0 (iPhone; CPU iPhone OS 16_0_3 like Mac OS X) AppleWebKit/605.1.15 (KHTML, like Gecko) Version/16.0 Mobile/15E148 Safari/604.1" "ysfine.com"
73.141.175.236 - - [13/Nov/2022:10:38:01 -0800] "GET /style/picasspr22b.jpg HTTP/1.1" 200 67766 "https://ysfine.com/princeton/campus.html" "Mozilla/5.0 (iPhone; CPU iPhone OS 16_0_3 like Mac OS X) AppleWebKit/605.1.15 (KHTML, like Gecko) Version/16.0 Mobile/15E148 Safari/604.1" "ysfine.com"
73.141.175.236 - - [13/Nov/2022:10:38:01 -0800] "GET /princeton/nassinf01b.jpg HTTP/1.1" 200 45562 "https://ysfine.com/princeton/campus.html" "Mozilla/5.0 (iPhone; CPU iPhone OS 16_0_3 like Mac OS X) AppleWebKit/605.1.15 (KHTML, like Gecko) Version/16.0 Mobile/15E148 Safari/604.1" "ysfine.com"
73.141.175.236 - - [13/Nov/2022:10:38:01 -0800] "GET /princeton/pumu11b.jpg HTTP/1.1" 200 46659 "https://ysfine.com/princeton/campus.html" "Mozilla/5.0 (iPhone; CPU iPhone OS 16_0_3 like Mac OS X) AppleWebKit/605.1.15 (KHTML, like Gecko) Version/16.0 Mobile/15E148 Safari/604.1" "ysfine.com"
73.141.175.236 - - [13/Nov/2022:10:38:01 -0800] "GET /eink/pwk19c.jpg HTTP/1.1" 200 57759 "https://ysfine.com/princeton/campus.html" "Mozilla/5.0 (iPhone; CPU iPhone OS 16_0_3 like Mac OS X) AppleWebKit/605.1.15 (KHTML, like Gecko) Version/16.0 Mobile/15E148 Safari/604.1" "ysfine.com"
73.141.175.236 - - [13/Nov/2022:10:38:01 -0800] "GET /princeton/palmersq11b.jpg HTTP/1.1" 200 36231 "https://ysfine.com/princeton/campus.html" "Mozilla/5.0 (iPhone; CPU iPhone OS 16_0_3 like Mac OS X) AppleWebKit/605.1.15 (KHTML, like Gecko) Version/16.0 Mobile/15E148 Safari/604.1" "ysfine.com"
73.141.175.236 - - [13/Nov/2022:10:38:01 -0800] "GET /princeton/mediter22b.jpg HTTP/1.1" 200 34241 "https://ysfine.com/princeton/campus.html" "Mozilla/5.0 (iPhone; CPU iPhone OS 16_0_3 like Mac OS X) AppleWebKit/605.1.15 (KHTML, like Gecko) Version/16.0 Mobile/15E148 Safari/604.1" "ysfine.com"
73.141.175.236 - - [13/Nov/2022:10:38:01 -0800] "GET /princeton/nassin05b.jpg HTTP/1.1" 200 45166 "https://ysfine.com/princeton/campus.html" "Mozilla/5.0 (iPhone; CPU iPhone OS 16_0_3 like Mac OS X) AppleWebKit/605.1.15 (KHTML, like Gecko) Version/16.0 Mobile/15E148 Safari/604.1" "ysfine.com"
73.141.175.236 - - [13/Nov/2022:10:38:01 -0800] "GET /princeton/nassinf32b.jpg HTTP/1.1" 200 40214 "https://ysfine.com/princeton/campus.html" "Mozilla/5.0 (iPhone; CPU iPhone OS 16_0_3 like Mac OS X) AppleWebKit/605.1.15 (KHTML, like Gecko) Version/16.0 Mobile/15E148 Safari/604.1" "ysfine.com"
73.141.175.236 - - [13/Nov/2022:10:38:01 -0800] "GET /princeton/orren11b.jpg HTTP/1.1" 200 32972 "https://ysfine.com/princeton/campus.html" "Mozilla/5.0 (iPhone; CPU iPhone OS 16_0_3 like Mac OS X) AppleWebKit/605.1.15 (KHTML, like Gecko) Version/16.0 Mobile/15E148 Safari/604.1" "ysfine.com"
73.141.175.236 - - [13/Nov/2022:10:38:01 -0800] "GET /princeton/nordisk11b.jpg HTTP/1.1" 200 30945 "https://ysfine.com/princeton/campus.html" "Mozilla/5.0 (iPhone; CPU iPhone OS 16_0_3 like Mac OS X) AppleWebKit/605.1.15 (KHTML, like Gecko) Version/16.0 Mobile/15E148 Safari/604.1" "ysfine.com"
73.141.175.236 - - [13/Nov/2022:10:38:01 -0800] "GET /princeton/jj03b.jpg HTTP/1.1" 200 46731 "https://ysfine.com/princeton/campus.html" "Mozilla/5.0 (iPhone; CPU iPhone OS 16_0_3 like Mac OS X) AppleWebKit/605.1.15 (KHTML, like Gecko) Version/16.0 Mobile/15E148 Safari/604.1" "ysfine.com"
73.141.175.236 - - [13/Nov/2022:10:38:01 -0800] "GET /princeton/nassinf03b.jpg HTTP/1.1" 200 33593 "https://ysfine.com/princeton/campus.html" "Mozilla/5.0 (iPhone; CPU iPhone OS 16_0_3 like Mac OS X) AppleWebKit/605.1.15 (KHTML, like Gecko) Version/16.0 Mobile/15E148 Safari/604.1" "ysfine.com"
73.141.175.236 - - [13/Nov/2022:10:38:01 -0800] "GET /princeton/brooke66b.jpg HTTP/1.1" 200 44674 "https://ysfine.com/princeton/campus.html" "Mozilla/5.0 (iPhone; CPU iPhone OS 16_0_3 like Mac OS X) AppleWebKit/605.1.15 (KHTML, like Gecko) Version/16.0 Mobile/15E148 Safari/604.1" "ysfine.com"
73.141.175.236 - - [13/Nov/2022:10:38:01 -0800] "GET /princeton/hyatt66b.jpg HTTP/1.1" 200 45208 "https://ysfine.com/princeton/campus.html" "Mozilla/5.0 (iPhone; CPU iPhone OS 16_0_3 like Mac OS X) AppleWebKit/605.1.15 (KHTML, like Gecko) Version/16.0 Mobile/15E148 Safari/604.1" "ysfine.com"
73.141.175.236 - - [13/Nov/2022:10:38:01 -0800] "GET /princeton/nassin08b.jpg HTTP/1.1" 200 55747 "https://ysfine.com/princeton/campus.html" "Mozilla/5.0 (iPhone; CPU iPhone OS 16_0_3 like Mac OS X) AppleWebKit/605.1.15 (KHTML, like Gecko) Version/16.0 Mobile/15E148 Safari/604.1" "ysfine.com"
73.141.175.236 - - [13/Nov/2022:10:38:01 -0800] "GET /princeton/wilson01b.jpg HTTP/1.1" 200 39141 "https://ysfine.com/princeton/campus.html" "Mozilla/5.0 (iPhone; CPU iPhone OS 16_0_3 like Mac OS X) AppleWebKit/605.1.15 (KHTML, like Gecko) Version/16.0 Mobile/15E148 Safari/604.1" "ysfine.com"
73.141.175.236 - - [13/Nov/2022:10:38:01 -0800] "GET /princeton/brownh11b.jpg HTTP/1.1" 200 52347 "https://ysfine.com/princeton/campus.html" "Mozilla/5.0 (iPhone; CPU iPhone OS 16_0_3 like Mac OS X) AppleWebKit/605.1.15 (KHTML, like Gecko) Version/16.0 Mobile/15E148 Safari/604.1" "ysfine.com"
73.141.175.236 - - [13/Nov/2022:10:38:01 -0800] "GET /einstein/eins47b.jpg HTTP/1.1" 200 48772 "https://ysfine.com/princeton/campus.html" "Mozilla/5.0 (iPhone; CPU iPhone OS 16_0_3 like Mac OS X) AppleWebKit/605.1.15 (KHTML, like Gecko) Version/16.0 Mobile/15E148 Safari/604.1" "ysfine.com"
73.141.175.236 - - [13/Nov/2022:10:38:01 -0800] "GET /princeton/palmerlab11b.jpg HTTP/1.1" 200 40956 "https://ysfine.com/princeton/campus.html" "Mozilla/5.0 (iPhone; CPU iPhone OS 16_0_3 like Mac OS X) AppleWebKit/605.1.15 (KHTML, like Gecko) Version/16.0 Mobile/15E148 Safari/604.1" "ysfine.com"
73.141.175.236 - - [13/Nov/2022:10:38:01 -0800] "GET /princeton/gcollege21b.jpg HTTP/1.1" 200 50053 "https://ysfine.com/princeton/campus.html" "Mozilla/5.0 (iPhone; CPU iPhone OS 16_0_3 like Mac OS X) AppleWebKit/605.1.15 (KHTML, like Gecko) Version/16.0 Mobile/15E148 Safari/604.1" "ysfine.com"
73.141.175.236 - - [13/Nov/2022:10:38:01 -0800] "GET /princeton/pgarden11b.jpg HTTP/1.1" 200 46683 "https://ysfine.com/princeton/campus.html" "Mozilla/5.0 (iPhone; CPU iPhone OS 16_0_3 like Mac OS X) AppleWebKit/605.1.15 (KHTML, like Gecko) Version/16.0 Mobile/15E148 Safari/604.1" "ysfine.com"
73.141.175.236 - - [13/Nov/2022:10:38:01 -0800] "GET /princeton/eng01b.jpg HTTP/1.1" 200 35847 "https://ysfine.com/princeton/campus.html" "Mozilla/5.0 (iPhone; CPU iPhone OS 16_0_3 like Mac OS X) AppleWebKit/605.1.15 (KHTML, like Gecko) Version/16.0 Mobile/15E148 Safari/604.1" "ysfine.com"
73.141.175.236 - - [13/Nov/2022:10:38:01 -0800] "GET /princeton/annex11b.jpg HTTP/1.1" 200 39639 "https://ysfine.com/princeton/campus.html" "Mozilla/5.0 (iPhone; CPU iPhone OS 16_0_3 like Mac OS X) AppleWebKit/605.1.15 (KHTML, like Gecko) Version/16.0 Mobile/15E148 Safari/604.1" "ysfine.com"
73.141.175.236 - - [13/Nov/2022:10:38:01 -0800] "GET /kobak/taylor33c.jpg HTTP/1.1" 200 39951 "https://ysfine.com/princeton/campus.html" "Mozilla/5.0 (iPhone; CPU iPhone OS 16_0_3 like Mac OS X) AppleWebKit/605.1.15 (KHTML, like Gecko) Version/16.0 Mobile/15E148 Safari/604.1" "ysfine.com"
73.141.175.236 - - [13/Nov/2022:10:38:01 -0800] "GET /einstein/einhouse11b.jpg HTTP/1.1" 200 42717 "https://ysfine.com/princeton/campus.html" "Mozilla/5.0 (iPhone; CPU iPhone OS 16_0_3 like Mac OS X) AppleWebKit/605.1.15 (KHTML, like Gecko) Version/16.0 Mobile/15E148 Safari/604.1" "ysfine.com"
73.141.175.236 - - [13/Nov/2022:10:38:01 -0800] "GET /princeton/hamilton11b.jpg HTTP/1.1" 200 55404 "https://ysfine.com/princeton/campus.html" "Mozilla/5.0 (iPhone; CPU iPhone OS 16_0_3 like Mac OS X) AppleWebKit/605.1.15 (KHTML, like Gecko) Version/16.0 Mobile/15E148 Safari/604.1" "ysfine.com"
73.141.175.236 - - [13/Nov/2022:10:38:01 -0800] "GET /princeton/pstadium22b.jpg HTTP/1.1" 200 40166 "https://ysfine.com/princeton/campus.html" "Mozilla/5.0 (iPhone; CPU iPhone OS 16_0_3 like Mac OS X) AppleWebKit/605.1.15 (KHTML, like Gecko) Version/16.0 Mobile/15E148 Safari/604.1" "ysfine.com"
73.141.175.236 - - [13/Nov/2022:10:38:01 -0800] "GET /princeton/cleve11b.jpg HTTP/1.1" 200 42431 "https://ysfine.com/princeton/campus.html" "Mozilla/5.0 (iPhone; CPU iPhone OS 16_0_3 like Mac OS X) AppleWebKit/605.1.15 (KHTML, like Gecko) Version/16.0 Mobile/15E148 Safari/604.1" "ysfine.com"
73.141.175.236 - - [13/Nov/2022:10:38:01 -0800] "GET /maga/invent/sarnoffco11b.jpg HTTP/1.1" 200 31031 "https://ysfine.com/princeton/campus.html" "Mozilla/5.0 (iPhone; CPU iPhone OS 16_0_3 like Mac OS X) AppleWebKit/605.1.15 (KHTML, like Gecko) Version/16.0 Mobile/15E148 Safari/604.1" "ysfine.com"
73.141.175.236 - - [13/Nov/2022:10:38:01 -0800] "GET /princeton/forrestalmap2.jpg HTTP/1.1" 200 54761 "https://ysfine.com/princeton/campus.html" "Mozilla/5.0 (iPhone; CPU iPhone OS 16_0_3 like Mac OS X) AppleWebKit/605.1.15 (KHTML, like Gecko) Version/16.0 Mobile/15E148 Safari/604.1" "ysfine.com"
73.141.175.236 - - [13/Nov/2022:10:38:01 -0800] "GET /princeton/wilson02b.jpg HTTP/1.1" 200 38092 "https://ysfine.com/princeton/campus.html" "Mozilla/5.0 (iPhone; CPU iPhone OS 16_0_3 like Mac OS X) AppleWebKit/605.1.15 (KHTML, like Gecko) Version/16.0 Mobile/15E148 Safari/604.1" "ysfine.com"
73.141.175.236 - - [13/Nov/2022:10:38:01 -0800] "GET /princeton/sabat11b.jpg HTTP/1.1" 200 56760 "https://ysfine.com/princeton/campus.html" "Mozilla/5.0 (iPhone; CPU iPhone OS 16_0_3 like Mac OS X) AppleWebKit/605.1.15 (KHTML, like Gecko) Version/16.0 Mobile/15E148 Safari/604.1" "ysfine.com"
73.141.175.236 - - [13/Nov/2022:10:38:01 -0800] "GET /princeton/hyatt33b.jpg HTTP/1.1" 200 34135 "https://ysfine.com/princeton/campus.html" "Mozilla/5.0 (iPhone; CPU iPhone OS 16_0_3 like Mac OS X) AppleWebKit/605.1.15 (KHTML, like Gecko) Version/16.0 Mobile/15E148 Safari/604.1" "ysfine.com"
73.141.175.236 - - [13/Nov/2022:10:38:01 -0800] "GET /princeton/ustore33b.jpg HTTP/1.1" 200 54240 "https://ysfine.com/princeton/campus.html" "Mozilla/5.0 (iPhone; CPU iPhone OS 16_0_3 like Mac OS X) AppleWebKit/605.1.15 (KHTML, like Gecko) Version/16.0 Mobile/15E148 Safari/604.1" "ysfine.com"
73.141.175.236 - - [13/Nov/2022:10:38:01 -0800] "GET /world/russ/kazan035b.jpg HTTP/1.1" 200 41723 "https://ysfine.com/princeton/campus.html" "Mozilla/5.0 (iPhone; CPU iPhone OS 16_0_3 like Mac OS X) AppleWebKit/605.1.15 (KHTML, like Gecko) Version/16.0 Mobile/15E148 Safari/604.1" "ysfine.com"
73.141.175.236 - - [13/Nov/2022:10:38:01 -0800] "GET /princeton/rheepr01b.jpg HTTP/1.1" 200 35236 "https://ysfine.com/princeton/campus.html" "Mozilla/5.0 (iPhone; CPU iPhone OS 16_0_3 like Mac OS X) AppleWebKit/605.1.15 (KHTML, like Gecko) Version/16.0 Mobile/15E148 Safari/604.1" "ysfine.com"
73.141.175.236 - - [13/Nov/2022:10:38:01 -0800] "GET /princeton/lahiere11b.jpg HTTP/1.1" 200 53024 "https://ysfine.com/princeton/campus.html" "Mozilla/5.0 (iPhone; CPU iPhone OS 16_0_3 like Mac OS X) AppleWebKit/605.1.15 (KHTML, like Gecko) Version/16.0 Mobile/15E148 Safari/604.1" "ysfine.com"
73.141.175.236 - - [13/Nov/2022:10:38:01 -0800] "GET /princeton/econ11b.jpg HTTP/1.1" 200 37872 "https://ysfine.com/princeton/campus.html" "Mozilla/5.0 (iPhone; CPU iPhone OS 16_0_3 like Mac OS X) AppleWebKit/605.1.15 (KHTML, like Gecko) Version/16.0 Mobile/15E148 Safari/604.1" "ysfine.com"
73.141.175.236 - - [13/Nov/2022:10:38:01 -0800] "GET /princeton/nassinf35b.jpg HTTP/1.1" 200 45853 "https://ysfine.com/princeton/campus.html" "Mozilla/5.0 (iPhone; CPU iPhone OS 16_0_3 like Mac OS X) AppleWebKit/605.1.15 (KHTML, like Gecko) Version/16.0 Mobile/15E148 Safari/604.1" "ysfine.com"
73.141.175.236 - - [13/Nov/2022:10:38:01 -0800] "GET /princeton/blair11b.jpg HTTP/1.1" 200 46260 "https://ysfine.com/princeton/campus.html" "Mozilla/5.0 (iPhone; CPU iPhone OS 16_0_3 like Mac OS X) AppleWebKit/605.1.15 (KHTML, like Gecko) Version/16.0 Mobile/15E148 Safari/604.1" "ysfine.com"
73.141.175.236 - - [13/Nov/2022:10:38:01 -0800] "GET /einstein/eincurie11b.jpg HTTP/1.1" 200 42944 "https://ysfine.com/princeton/campus.html" "Mozilla/5.0 (iPhone; CPU iPhone OS 16_0_3 like Mac OS X) AppleWebKit/605.1.15 (KHTML, like Gecko) Version/16.0 Mobile/15E148 Safari/604.1" "ysfine.com"
73.141.175.236 - - [13/Nov/2022:10:38:01 -0800] "GET /princeton/gcollege05b.jpg HTTP/1.1" 200 49944 "https://ysfine.com/princeton/campus.html" "Mozilla/5.0 (iPhone; CPU iPhone OS 16_0_3 like Mac OS X) AppleWebKit/605.1.15 (KHTML, like Gecko) Version/16.0 Mobile/15E148 Safari/604.1" "ysfine.com"
73.141.175.236 - - [13/Nov/2022:10:38:01 -0800] "GET /princeton/pseminary11b.jpg HTTP/1.1" 200 53421 "https://ysfine.com/princeton/campus.html" "Mozilla/5.0 (iPhone; CPU iPhone OS 16_0_3 like Mac OS X) AppleWebKit/605.1.15 (KHTML, like Gecko) Version/16.0 Mobile/15E148 Safari/604.1" "ysfine.com"
157.55.39.129 - - [13/Nov/2022:10:38:03 -0800] "GET /bio/optics.html HTTP/1.1" 404 88 "-" "Mozilla/5.0 (compatible; bingbot/2.0; +http://www.bing.com/bingbot.htm)" "ysfine.com"
73.141.175.236 - - [13/Nov/2022:10:38:04 -0800] "GET /favicon.ico HTTP/1.1" 404 88 "https://ysfine.com/princeton/campus.html" "Mozilla/5.0 (iPhone; CPU iPhone OS 16_0_3 like Mac OS X) AppleWebKit/605.1.15 (KHTML, like Gecko) Version/16.0 Mobile/15E148 Safari/604.1" "ysfine.com"
73.141.175.236 - - [13/Nov/2022:10:38:17 -0800] "GET /princeton/alexan22.jpg HTTP/1.1" 200 175436 "https://ysfine.com/princeton/campus.html" "Mozilla/5.0 (iPhone; CPU iPhone OS 16_0_3 like Mac OS X) AppleWebKit/605.1.15 (KHTML, like Gecko) Version/16.0 Mobile/15E148 Safari/604.1" "ysfine.com"
185.99.135.187 - - [13/Nov/2022:10:39:22 -0800] "GET / HTTP/1.1" 200 15910 "-" "Mozilla/5.0 (Windows NT 10.0; Win64; x64; rv:105.0) Gecko/20100101 Firefox/105.0" "ysfine.com"
216.244.66.229 - - [13/Nov/2022:10:39:51 -0800] "GET /people/hartle.jpg HTTP/1.1" 200 67528 "-" "Mozilla/5.0 (compatible; DotBot/1.2; +https://opensiteexplorer.org/dotbot; help@moz.com)" "ysfine.com"
136.55.16.196 - - [13/Nov/2022:10:40:10 -0800] "GET /wisdom/bigpower01.jpg HTTP/1.1" 200 77902 "https://www.google.com/" "Mozilla/5.0 (Macintosh; Intel Mac OS X 10_15_6) AppleWebKit/605.1.15 (KHTML, like Gecko) Version/15.6.1 Safari/605.1.15" "ysfine.com"
40.77.167.27 - - [13/Nov/2022:10:40:12 -0800] "GET /ysbio/folks/airlines.html HTTP/1.1" 404 88 "-" "Mozilla/5.0 AppleWebKit/537.36 (KHTML, like Gecko; compatible; bingbot/2.0; +http://www.bing.com/bingbot.htm) Chrome/103.0.5060.134 Safari/537.36" "ysfine.com"
51.222.253.9 - - [13/Nov/2022:10:40:12 -0800] "GET /maga/wright.html HTTP/1.1" 200 1927 "-" "Mozilla/5.0 (compatible; AhrefsBot/7.0; +http://ahrefs.com/robot/)" "ysfine.com"
216.244.66.229 - - [13/Nov/2022:10:40:24 -0800] "GET /people/klauder.jpg HTTP/1.1" 200 89143 "-" "Mozilla/5.0 (compatible; DotBot/1.2; +https://opensiteexplorer.org/dotbot; help@moz.com)" "ysfine.com"
77.88.5.233 - - [13/Nov/2022:10:41:00 -0800] "GET /world/brit/firew08.jpg HTTP/1.1" 200 51753 "-" "Mozilla/5.0 (compatible; YandexImages/3.0; +http://yandex.com/bots)" "ysfine.com"
216.244.66.229 - - [13/Nov/2022:10:41:15 -0800] "GET /people/klauder2.jpg HTTP/1.1" 200 72593 "-" "Mozilla/5.0 (compatible; DotBot/1.2; +https://opensiteexplorer.org/dotbot; help@moz.com)" "ysfine.com"
114.119.128.162 - - [13/Nov/2022:10:41:33 -0800] "GET /wigner/isomor.html HTTP/1.1" 200 359 "https://www.ysfine.com/einstein/eingali.html" "Mozilla/5.0 (Linux; Android 7.0;) AppleWebKit/537.36 (KHTML, like Gecko) Mobile Safari/537.36 (compatible; PetalBot;+https://webmaster.petalsearch.com/site/petalbot)" "www.ysfine.com"
157.55.39.6 - - [13/Nov/2022:10:41:44 -0800] "GET /bio/style/leica.html HTTP/1.1" 404 88 "-" "Mozilla/5.0 (compatible; bingbot/2.0; +http://www.bing.com/bingbot.htm)" "ysfine.com"
216.244.66.229 - - [13/Nov/2022:10:41:50 -0800] "GET /princeton/stevenson33.jpg HTTP/1.1" 200 54494 "-" "Mozilla/5.0 (compatible; DotBot/1.2; +https://opensiteexplorer.org/dotbot; help@moz.com)" "ysfine.com"
207.46.13.134 - - [13/Nov/2022:10:41:51 -0800] "GET /bio/feynman/fphoto.html HTTP/1.1" 404 88 "-" "Mozilla/5.0 AppleWebKit/537.36 (KHTML, like Gecko; compatible; bingbot/2.0; +http://www.bing.com/bingbot.htm) Chrome/103.0.5060.134 Safari/537.36" "ysfine.com"
216.244.66.229 - - [13/Nov/2022:10:42:23 -0800] "GET /sbk/2004nyc22.jpg HTTP/1.1" 200 113449 "-" "Mozilla/5.0 (compatible; DotBot/1.2; +https://opensiteexplorer.org/dotbot; help@moz.com)" "ysfine.com"
38.126.157.40 - - [13/Nov/2022:10:42:28 -0800] "GET /world/russ/spbf64.jpg HTTP/1.1" 200 95598 "-" "Mozilla/5.0 (compatible; FemtosearchBot/1.0; http://femtosearch.com)" "ysfine.com"
38.126.157.40 - - [13/Nov/2022:10:42:29 -0800] "GET /world/russ/spbn09.jpg HTTP/1.1" 200 63599 "-" "Mozilla/5.0 (compatible; FemtosearchBot/1.0; http://femtosearch.com)" "ysfine.com"
38.126.157.40 - - [13/Nov/2022:10:42:29 -0800] "GET /ffriends/russit11.jpg HTTP/1.1" 200 72773 "-" "Mozilla/5.0 (compatible; FemtosearchBot/1.0; http://femtosearch.com)" "ysfine.com"
38.126.157.40 - - [13/Nov/2022:10:42:29 -0800] "GET /wigner/gim/gimn15.jpg HTTP/1.1" 200 79259 "-" "Mozilla/5.0 (compatible; FemtosearchBot/1.0; http://femtosearch.com)" "ysfine.com"
38.126.157.40 - - [13/Nov/2022:10:42:29 -0800] "GET /newyork/chinat01c.jpg HTTP/1.1" 200 30584 "-" "Mozilla/5.0 (compatible; FemtosearchBot/1.0; http://femtosearch.com)" "ysfine.com"
38.126.157.40 - - [13/Nov/2022:10:42:29 -0800] "GET /ffriends/armen01c.jpg HTTP/1.1" 200 59659 "-" "Mozilla/5.0 (compatible; FemtosearchBot/1.0; http://femtosearch.com)" "ysfine.com"
38.126.157.40 - - [13/Nov/2022:10:42:29 -0800] "GET /world/brit/bond05.jpg HTTP/1.1" 200 106243 "-" "Mozilla/5.0 (compatible; FemtosearchBot/1.0; http://femtosearch.com)" "ysfine.com"
38.126.157.40 - - [13/Nov/2022:10:42:29 -0800] "GET /feynman/feygell66.jpg HTTP/1.1" 200 115723 "-" "Mozilla/5.0 (compatible; FemtosearchBot/1.0; http://femtosearch.com)" "ysfine.com"
216.244.66.229 - - [13/Nov/2022:10:43:14 -0800] "GET /sbk/2006nice22.jpg HTTP/1.1" 200 202023 "-" "Mozilla/5.0 (compatible; DotBot/1.2; +https://opensiteexplorer.org/dotbot; help@moz.com)" "ysfine.com"
216.244.66.229 - - [13/Nov/2022:10:44:04 -0800] "GET /wdc/heyadams33.jpg HTTP/1.1" 200 61338 "-" "Mozilla/5.0 (compatible; DotBot/1.2; +https://opensiteexplorer.org/dotbot; help@moz.com)" "ysfine.com"
51.222.253.15 - - [13/Nov/2022:10:44:09 -0800] "GET /home/harmoarchi.html HTTP/1.1" 200 3686 "-" "Mozilla/5.0 (compatible; AhrefsBot/7.0; +http://ahrefs.com/robot/)" "www.ysfine.com"
54.36.148.16 - - [13/Nov/2022:10:44:14 -0800] "GET /robots.txt HTTP/1.1" 404 88 "-" "Mozilla/5.0 (compatible; AhrefsBot/7.0; +http://ahrefs.com/robot/)" "ysfine.com"
51.222.253.4 - - [13/Nov/2022:10:44:15 -0800] "GET /wdc/jeffm02b.jpg HTTP/1.1" 200 32468 "-" "Mozilla/5.0 (compatible; AhrefsBot/7.0; +http://ahrefs.com/robot/)" "www.ysfine.com"
51.222.253.7 - - [13/Nov/2022:10:44:20 -0800] "GET /style/venus11a.jpg HTTP/1.1" 200 76598 "-" "Mozilla/5.0 (compatible; AhrefsBot/7.0; +http://ahrefs.com/robot/)" "www.ysfine.com"
51.222.253.18 - - [13/Nov/2022:10:44:28 -0800] "GET /world/ital/vicenza04b.jpg HTTP/1.1" 200 45148 "-" "Mozilla/5.0 (compatible; AhrefsBot/7.0; +http://ahrefs.com/robot/)" "www.ysfine.com"
178.197.232.207 - - [13/Nov/2022:10:44:42 -0800] "GET /world/russ/mosko01.jpg HTTP/1.1" 200 74314 "https://www.google.ch/" "Mozilla/5.0 (iPhone; CPU iPhone OS 15_6_1 like Mac OS X) AppleWebKit/605.1.15 (KHTML, like Gecko) Version/15.6.1 Mobile/15E148 Safari/604.1" "ysfine.com"
216.244.66.229 - - [13/Nov/2022:10:44:55 -0800] "GET /wdc/lincoln05.jpg HTTP/1.1" 200 125799 "-" "Mozilla/5.0 (compatible; DotBot/1.2; +https://opensiteexplorer.org/dotbot; help@moz.com)" "ysfine.com"
157.55.39.129 - - [13/Nov/2022:10:45:33 -0800] "GET /bio/world/kalinin22.html HTTP/1.1" 404 88 "-" "Mozilla/5.0 (compatible; bingbot/2.0; +http://www.bing.com/bingbot.htm)" "ysfine.com"
216.244.66.229 - - [13/Nov/2022:10:45:45 -0800] "GET /wdc/obelisk33.jpg HTTP/1.1" 200 100205 "-" "Mozilla/5.0 (compatible; DotBot/1.2; +https://opensiteexplorer.org/dotbot; help@moz.com)" "ysfine.com"
40.77.167.71 - - [13/Nov/2022:10:46:09 -0800] "GET /bio/internal.html HTTP/1.1" 404 88 "-" "Mozilla/5.0 AppleWebKit/537.36 (KHTML, like Gecko; compatible; bingbot/2.0; +http://www.bing.com/bingbot.htm) Chrome/103.0.5060.134 Safari/537.36" "ysfine.com"
157.55.39.76 - - [13/Nov/2022:10:46:19 -0800] "GET /bio/sbk/1950.html HTTP/1.1" 404 88 "-" "Mozilla/5.0 (compatible; bingbot/2.0; +http://www.bing.com/bingbot.htm)" "ysfine.com"
50.236.177.202 - - [13/Nov/2022:10:46:56 -0800] "GET /feynman/ptoday89.jpg HTTP/1.1" 200 101842 "-" "Mozilla/5.0 (X11; Ubuntu; Linux x86_64; rv:72.0) Gecko/20100101 Firefox/72.0" "ysfine.com"
38.126.157.40 - - [13/Nov/2022:10:46:57 -0800] "GET /kowar/mil/tank03b.jpg HTTP/1.1" 404 88 "-" "Mozilla/5.0 (compatible; FemtosearchBot/1.0; http://femtosearch.com)" "ysfine.com"
38.126.157.40 - - [13/Nov/2022:10:46:57 -0800] "GET /einstein/newton55.jpg HTTP/1.1" 200 43959 "-" "Mozilla/5.0 (compatible; FemtosearchBot/1.0; http://femtosearch.com)" "ysfine.com"
38.126.157.40 - - [13/Nov/2022:10:46:58 -0800] "GET /ffriends/czech05b.jpg HTTP/1.1" 200 48429 "-" "Mozilla/5.0 (compatible; FemtosearchBot/1.0; http://femtosearch.com)" "ysfine.com"
38.126.157.40 - - [13/Nov/2022:10:46:58 -0800] "GET /newyork/battery08.jpg HTTP/1.1" 200 262376 "-" "Mozilla/5.0 (compatible; FemtosearchBot/1.0; http://femtosearch.com)" "ysfine.com"
38.126.157.40 - - [13/Nov/2022:10:46:58 -0800] "GET /world/russ/mosf24.jpg HTTP/1.1" 200 96565 "-" "Mozilla/5.0 (compatible; FemtosearchBot/1.0; http://femtosearch.com)" "ysfine.com"
38.126.157.40 - - [13/Nov/2022:10:46:58 -0800] "GET /ffriends/chinuk22.jpg HTTP/1.1" 200 96991 "-" "Mozilla/5.0 (compatible; FemtosearchBot/1.0; http://femtosearch.com)" "ysfine.com"
38.126.157.40 - - [13/Nov/2022:10:46:58 -0800] "GET /princeton/hyatt11.jpg HTTP/1.1" 200 108218 "-" "Mozilla/5.0 (compatible; FemtosearchBot/1.0; http://femtosearch.com)" "ysfine.com"
38.126.157.40 - - [13/Nov/2022:10:46:59 -0800] "GET /kowar/mil/tank22b.jpg HTTP/1.1" 404 88 "-" "Mozilla/5.0 (compatible; FemtosearchBot/1.0; http://femtosearch.com)" "ysfine.com"
207.46.13.134 - - [13/Nov/2022:10:47:01 -0800] "GET /bio/pquartet.html HTTP/1.1" 404 88 "-" "Mozilla/5.0 AppleWebKit/537.36 (KHTML, like Gecko; compatible; bingbot/2.0; +http://www.bing.com/bingbot.htm) Chrome/103.0.5060.134 Safari/537.36" "ysfine.com"
216.244.66.229 - - [13/Nov/2022:10:47:06 -0800] "GET /maga/phil/threewise01.jpg HTTP/1.1" 200 124019 "-" "Mozilla/5.0 (compatible; DotBot/1.2; +https://opensiteexplorer.org/dotbot; help@moz.com)" "ysfine.com"
3.212.1.223 - - [13/Nov/2022:10:47:28 -0800] "GET /style/lincolnc.jpg HTTP/1.1" 200 85474 "-" "python-requests/2.28.1" "ysfine.com"
216.244.66.229 - - [13/Nov/2022:10:47:57 -0800] "GET /maga/phys/maxwell02.jpg HTTP/1.1" 200 109879 "-" "Mozilla/5.0 (compatible; DotBot/1.2; +https://opensiteexplorer.org/dotbot; help@moz.com)" "ysfine.com"
51.222.253.2 - - [13/Nov/2022:10:48:01 -0800] "GET /style/songs.html HTTP/1.1" 200 31567 "-" "Mozilla/5.0 (compatible; AhrefsBot/7.0; +http://ahrefs.com/robot/)" "www.ysfine.com"
216.244.66.229 - - [13/Nov/2022:10:48:35 -0800] "GET /remote/wigner111/frame58.html HTTP/1.1" 200 1176 "-" "Mozilla/5.0 (compatible; DotBot/1.2; +https://opensiteexplorer.org/dotbot; help@moz.com)" "ysfine.com"
59.52.179.216 - - [13/Nov/2022:10:49:03 -0800] "GET / HTTP/1.1" 200 5283 "-" "Mozilla/4.0 (compatible; MSIE 7.0; Windows NT 6.1; Trident/7.0; SLCC2; .NET CLR 2.0.50727; .NET CLR 3.5.30729; .NET CLR 3.0.30729; MALN; .NET4.0C; Media Center PC 6.0)" "ysfine.com"
216.244.66.229 - - [13/Nov/2022:10:49:04 -0800] "GET /wisdom/wkstorie.html HTTP/1.1" 200 2007 "-" "Mozilla/5.0 (compatible; DotBot/1.2; +https://opensiteexplorer.org/dotbot; help@moz.com)" "ysfine.com"
59.52.179.216 - - [13/Nov/2022:10:49:05 -0800] "GET / HTTP/1.1" 200 5283 "-" "Mozilla/4.0 (compatible; MSIE 7.0; Windows NT 6.1; Trident/7.0; SLCC2; .NET CLR 2.0.50727; .NET CLR 3.5.30729; .NET CLR 3.0.30729; MALN; .NET4.0C; Media Center PC 6.0)" "ysfine.com"
59.52.179.216 - - [13/Nov/2022:10:49:06 -0800] "GET /awards/index.html HTTP/1.1" 200 10083 "-" "Mozilla/5.0 (Windows NT 6.1; WOW64) AppleWebKit/537.36 (KHTML, like Gecko) Chrome/66.0.3359.181 Safari/537.36" "ysfine.com"
59.52.179.216 - - [13/Nov/2022:10:49:06 -0800] "GET /jobs/index.html HTTP/1.1" 200 123 "-" "Mozilla/5.0 (Windows NT 6.1; WOW64) AppleWebKit/537.36 (KHTML, like Gecko) Chrome/66.0.3359.181 Safari/537.36" "ysfine.com"
59.52.179.216 - - [13/Nov/2022:10:49:06 -0800] "GET /eink/index.html HTTP/1.1" 200 17659 "-" "Mozilla/5.0 (Windows NT 6.1; WOW64) AppleWebKit/537.36 (KHTML, like Gecko) Chrome/66.0.3359.181 Safari/537.36" "ysfine.com"
59.52.179.216 - - [13/Nov/2022:10:49:07 -0800] "GET /home/index.html HTTP/1.1" 200 142 "-" "Mozilla/5.0 (Windows NT 6.1; WOW64) AppleWebKit/537.36 (KHTML, like Gecko) Chrome/66.0.3359.181 Safari/537.36" "ysfine.com"
59.52.179.216 - - [13/Nov/2022:10:49:07 -0800] "GET /eink/index.html HTTP/1.1" 200 17659 "-" "Mozilla/5.0 (Windows NT 6.1; WOW64) AppleWebKit/537.36 (KHTML, like Gecko) Chrome/66.0.3359.181 Safari/537.36" "ysfine.com"
59.52.179.216 - - [13/Nov/2022:10:49:07 -0800] "GET /eink/mose.html HTTP/1.1" 200 14315 "-" "Mozilla/5.0 (Windows NT 6.1; WOW64) AppleWebKit/537.36 (KHTML, like Gecko) Chrome/66.0.3359.181 Safari/537.36" "ysfine.com"
59.52.179.216 - - [13/Nov/2022:10:49:07 -0800] "GET /world/ysworld.html HTTP/1.1" 200 3195 "-" "Mozilla/5.0 (Windows NT 6.1; WOW64) AppleWebKit/537.36 (KHTML, like Gecko) Chrome/66.0.3359.181 Safari/537.36" "ysfine.com"
59.52.179.216 - - [13/Nov/2022:10:49:07 -0800] "GET /yspapers/index.html HTTP/1.1" 200 21306 "-" "Mozilla/5.0 (Windows NT 6.1; WOW64) AppleWebKit/537.36 (KHTML, like Gecko) Chrome/66.0.3359.181 Safari/537.36" "ysfine.com"
59.52.179.216 - - [13/Nov/2022:10:49:07 -0800] "GET /home/bio77.html HTTP/1.1" 404 88 "-" "Mozilla/5.0 (Windows NT 6.1; WOW64) AppleWebKit/537.36 (KHTML, like Gecko) Chrome/66.0.3359.181 Safari/537.36" "ysfine.com"
59.52.179.216 - - [13/Nov/2022:10:49:07 -0800] "GET /home/bio.html HTTP/1.1" 404 88 "-" "Mozilla/5.0 (Windows NT 6.1; WOW64) AppleWebKit/537.36 (KHTML, like Gecko) Chrome/66.0.3359.181 Safari/537.36" "ysfine.com"
59.52.179.216 - - [13/Nov/2022:10:49:07 -0800] "GET /einstein/index.html HTTP/1.1" 200 135 "-" "Mozilla/5.0 (Windows NT 6.1; WOW64) AppleWebKit/537.36 (KHTML, like Gecko) Chrome/66.0.3359.181 Safari/537.36" "ysfine.com"
59.52.179.216 - - [13/Nov/2022:10:49:07 -0800] "GET /wigner/index.html HTTP/1.1" 200 124 "-" "Mozilla/5.0 (Windows NT 6.1; WOW64) AppleWebKit/537.36 (KHTML, like Gecko) Chrome/66.0.3359.181 Safari/537.36" "ysfine.com"
59.52.179.216 - - [13/Nov/2022:10:49:07 -0800] "GET /feynman/index.html HTTP/1.1" 200 124 "-" "Mozilla/5.0 (Windows NT 6.1; WOW64) AppleWebKit/537.36 (KHTML, like Gecko) Chrome/66.0.3359.181 Safari/537.36" "ysfine.com"
59.52.179.216 - - [13/Nov/2022:10:49:08 -0800] "GET /dirac/index.html HTTP/1.1" 200 124 "-" "Mozilla/5.0 (Windows NT 6.1; WOW64) AppleWebKit/537.36 (KHTML, like Gecko) Chrome/66.0.3359.181 Safari/537.36" "ysfine.com"
59.52.179.216 - - [13/Nov/2022:10:49:08 -0800] "GET /people/peo.html HTTP/1.1" 200 13502 "-" "Mozilla/5.0 (Windows NT 6.1; WOW64) AppleWebKit/537.36 (KHTML, like Gecko) Chrome/66.0.3359.181 Safari/537.36" "ysfine.com"
121.54.190.186 - - [13/Nov/2022:10:49:08 -0800] "GET / HTTP/1.1" 200 5283 "-" "Mozilla/4.0 (compatible; MSIE 7.0; Windows NT 6.1; WOW64; Trident/7.0; SLCC2; .NET CLR 2.0.50727; .NET CLR 3.5.30729; .NET CLR 3.0.30729; Media Center PC 6.0; .NET4.0C; .NET4.0E; GWX:QUALIFIED; LBBROWSER)" "ysfine.com"
216.244.66.229 - - [13/Nov/2022:10:49:33 -0800] "GET /world/brit/oxlon07.jpg HTTP/1.1" 200 90178 "-" "Mozilla/5.0 (compatible; DotBot/1.2; +https://opensiteexplorer.org/dotbot; help@moz.com)" "ysfine.com"
114.119.128.142 - - [13/Nov/2022:10:49:57 -0800] "GET /wisdom/wk99.html HTTP/1.1" 200 77336 "-" "Mozilla/5.0 (Linux; Android 7.0;) AppleWebKit/537.36 (KHTML, like Gecko) Mobile Safari/537.36 (compatible; PetalBot;+https://webmaster.petalsearch.com/site/petalbot)" "ysfine.com"
216.244.66.229 - - [13/Nov/2022:10:50:02 -0800] "GET /world/china/dandongbr05.jpg HTTP/1.1" 200 194930 "-" "Mozilla/5.0 (compatible; DotBot/1.2; +https://opensiteexplorer.org/dotbot; help@moz.com)" "ysfine.com"
216.244.66.229 - - [13/Nov/2022:10:50:30 -0800] "GET /world/france/eiffel07.jpg HTTP/1.1" 200 101344 "-" "Mozilla/5.0 (compatible; DotBot/1.2; +https://opensiteexplorer.org/dotbot; help@moz.com)" "ysfine.com"
207.46.13.134 - - [13/Nov/2022:10:50:52 -0800] "GET /bio/wigner/e(2).html HTTP/1.1" 404 88 "-" "Mozilla/5.0 AppleWebKit/537.36 (KHTML, like Gecko; compatible; bingbot/2.0; +http://www.bing.com/bingbot.htm) Chrome/103.0.5060.134 Safari/537.36" "ysfine.com"
216.244.66.229 - - [13/Nov/2022:10:50:56 -0800] "GET /world/germany/tub35.jpg HTTP/1.1" 200 114393 "-" "Mozilla/5.0 (compatible; DotBot/1.2; +https://opensiteexplorer.org/dotbot; help@moz.com)" "ysfine.com"
38.126.157.40 - - [13/Nov/2022:10:51:30 -0800] "GET /ffriends/austra06.jpg HTTP/1.1" 200 60209 "-" "Mozilla/5.0 (compatible; FemtosearchBot/1.0; http://femtosearch.com)" "ysfine.com"
38.126.157.40 - - [13/Nov/2022:10:51:31 -0800] "GET /ffriends/mongo04b.jpg HTTP/1.1" 200 45678 "-" "Mozilla/5.0 (compatible; FemtosearchBot/1.0; http://femtosearch.com)" "ysfine.com"
38.126.157.40 - - [13/Nov/2022:10:51:31 -0800] "GET /world/russ/mosf11.jpg HTTP/1.1" 200 71542 "-" "Mozilla/5.0 (compatible; FemtosearchBot/1.0; http://femtosearch.com)" "ysfine.com"
38.126.157.40 - - [13/Nov/2022:10:51:31 -0800] "GET /style/xiangran11b.jpg HTTP/1.1" 200 47472 "-" "Mozilla/5.0 (compatible; FemtosearchBot/1.0; http://femtosearch.com)" "ysfine.com"
38.126.157.40 - - [13/Nov/2022:10:51:31 -0800] "GET /wigner/gim/map05.html HTTP/1.1" 200 616 "-" "Mozilla/5.0 (compatible; FemtosearchBot/1.0; http://femtosearch.com)" "ysfine.com"
38.126.157.40 - - [13/Nov/2022:10:51:32 -0800] "GET /home/resonance33b.jpg HTTP/1.1" 200 32648 "-" "Mozilla/5.0 (compatible; FemtosearchBot/1.0; http://femtosearch.com)" "ysfine.com"
38.126.157.40 - - [13/Nov/2022:10:51:32 -0800] "GET /world/russ/spbf23.jpg HTTP/1.1" 200 245630 "-" "Mozilla/5.0 (compatible; FemtosearchBot/1.0; http://femtosearch.com)" "ysfine.com"
38.126.157.40 - - [13/Nov/2022:10:51:32 -0800] "GET /feynman/gfchew11c.jpg HTTP/1.1" 200 27337 "-" "Mozilla/5.0 (compatible; FemtosearchBot/1.0; http://femtosearch.com)" "ysfine.com"
51.222.253.13 - - [13/Nov/2022:10:51:40 -0800] "GET /ysbio/maga/galileo.html HTTP/1.1" 404 88 "-" "Mozilla/5.0 (compatible; AhrefsBot/7.0; +http://ahrefs.com/robot/)" "www.ysfine.com"
77.75.79.31 - - [13/Nov/2022:10:51:41 -0800] "GET /einstein/einharmo.html HTTP/1.1" 304 - "-" "Mozilla/5.0 (compatible; SeznamBot/4.0-RC1; +http://napoveda.seznam.cz/seznambot-intro/)" "ysfine.com"
3.215.207.164 - - [13/Nov/2022:10:52:19 -0800] "GET /robots.txt HTTP/1.1" 404 73 "http://ysfine.com/robots.txt" "Mozilla/5.0 (Windows NT 10.0; Win64; x64) AppleWebKit/537.36 (KHTML, like Gecko) Chrome/78.0.3904.97 Safari/537.36 (+https://www.loc.gov/programs/web-archiving/for-site-owners/)" "ysfine.com"
40.77.167.71 - - [13/Nov/2022:10:52:40 -0800] "GET /bio/feynman/partons.html HTTP/1.1" 404 88 "-" "Mozilla/5.0 (compatible; bingbot/2.0; +http://www.bing.com/bingbot.htm)" "ysfine.com"
37.139.53.10 - - [13/Nov/2022:10:52:43 -0800] "GET /class54/index.html HTTP/1.1" 200 6428 "https://www.ysfine.com/class54/index.html" "Mozilla/5.0 (Windows NT 10.0; Win64; x64) AppleWebKit/537.36 (KHTML, like Gecko) Chrome/90.0.4430.93 Safari/537.36" "www.ysfine.com"
3.215.207.164 - - [13/Nov/2022:10:53:55 -0800] "GET /wigner/ias.jpg HTTP/1.1" 200 76978 "http://ysfine.com/wigner/ias.jpg" "Mozilla/5.0 (Windows NT 10.0; Win64; x64) AppleWebKit/537.36 (KHTML, like Gecko) Chrome/78.0.3904.97 Safari/537.36 (+https://www.loc.gov/programs/web-archiving/for-site-owners/)" "ysfine.com"
66.102.7.47 - - [13/Nov/2022:10:53:57 -0800] "GET /kobak/somap38.jpg HTTP/1.1" 200 109622 "-" "Mozilla/5.0 (Windows NT 5.1; rv:11.0) Gecko Firefox/11.0 (via ggpht.com GoogleImageProxy)" "ysfine.com"
3.215.207.164 - - [13/Nov/2022:10:53:57 -0800] "GET /favicon.ico HTTP/1.1" 404 73 "https://ysfine.com/wigner/ias.jpg" "Mozilla/5.0 (Windows NT 10.0; Win64; x64) AppleWebKit/537.36 (KHTML, like Gecko) Chrome/78.0.3904.97 Safari/537.36 (+https://www.loc.gov/programs/web-archiving/for-site-owners/)" "ysfine.com"
51.222.253.4 - - [13/Nov/2022:10:55:18 -0800] "GET /ysbio/world/berlin.html HTTP/1.1" 404 88 "-" "Mozilla/5.0 (compatible; AhrefsBot/7.0; +http://ahrefs.com/robot/)" "ysfine.com"
207.46.13.134 - - [13/Nov/2022:10:55:22 -0800] "GET /bio/style/ystyle.html HTTP/1.1" 404 88 "-" "Mozilla/5.0 AppleWebKit/537.36 (KHTML, like Gecko; compatible; bingbot/2.0; +http://www.bing.com/bingbot.htm) Chrome/103.0.5060.134 Safari/537.36" "ysfine.com"
114.119.128.158 - - [13/Nov/2022:10:55:36 -0800] "GET /sbk/2000.html HTTP/1.1" 200 10573 "https://ysfine.com/sbk/2010.html" "Mozilla/5.0 (Linux; Android 7.0;) AppleWebKit/537.36 (KHTML, like Gecko) Mobile Safari/537.36 (compatible; PetalBot;+https://webmaster.petalsearch.com/site/petalbot)" "ysfine.com"
157.55.39.129 - - [13/Nov/2022:10:55:55 -0800] "GET /bio/kobak/soraech.html HTTP/1.1" 404 88 "-" "Mozilla/5.0 (compatible; bingbot/2.0; +http://www.bing.com/bingbot.htm)" "ysfine.com"
38.126.157.40 - - [13/Nov/2022:10:55:55 -0800] "GET /world/russ/spbf27.jpg HTTP/1.1" 200 120932 "-" "Mozilla/5.0 (compatible; FemtosearchBot/1.0; http://femtosearch.com)" "ysfine.com"
38.126.157.40 - - [13/Nov/2022:10:55:55 -0800] "GET /newyork/battery07.jpg HTTP/1.1" 200 169404 "-" "Mozilla/5.0 (compatible; FemtosearchBot/1.0; http://femtosearch.com)" "ysfine.com"
38.126.157.40 - - [13/Nov/2022:10:55:55 -0800] "GET /world/russ/mosf36.jpg HTTP/1.1" 200 131282 "-" "Mozilla/5.0 (compatible; FemtosearchBot/1.0; http://femtosearch.com)" "ysfine.com"
38.126.157.40 - - [13/Nov/2022:10:55:55 -0800] "GET /world/brit/dunf08.jpg HTTP/1.1" 200 101008 "-" "Mozilla/5.0 (compatible; FemtosearchBot/1.0; http://femtosearch.com)" "ysfine.com"
38.126.157.40 - - [13/Nov/2022:10:55:55 -0800] "GET /world/russ/spbf34.jpg HTTP/1.1" 200 112353 "-" "Mozilla/5.0 (compatible; FemtosearchBot/1.0; http://femtosearch.com)" "ysfine.com"
38.126.157.40 - - [13/Nov/2022:10:55:56 -0800] "GET /ffriends/luxem01b.jpg HTTP/1.1" 200 42171 "-" "Mozilla/5.0 (compatible; FemtosearchBot/1.0; http://femtosearch.com)" "ysfine.com"
38.126.157.40 - - [13/Nov/2022:10:55:56 -0800] "GET /style/musee/ath06.jpg HTTP/1.1" 404 88 "-" "Mozilla/5.0 (compatible; FemtosearchBot/1.0; http://femtosearch.com)" "ysfine.com"
38.126.157.40 - - [13/Nov/2022:10:55:56 -0800] "GET /newyork/radioci07.jpg HTTP/1.1" 200 54036 "-" "Mozilla/5.0 (compatible; FemtosearchBot/1.0; http://femtosearch.com)" "ysfine.com"
77.75.79.31 - - [13/Nov/2022:10:56:53 -0800] "GET /princeton/sambapr.html HTTP/1.1" 304 - "-" "Mozilla/5.0 (compatible; SeznamBot/4.0-RC1; +http://napoveda.seznam.cz/seznambot-intro/)" "ysfine.com"
114.119.128.162 - - [13/Nov/2022:10:56:57 -0800] "GET /maga/phys/naimar/pewk13.pdf HTTP/1.1" 200 19994 "https://www.ysfine.com/maga/phys/naimar?C=S%3BO%3DA" "Mozilla/5.0 (Linux; Android 7.0;) AppleWebKit/537.36 (KHTML, like Gecko) Mobile Safari/537.36 (compatible; PetalBot;+https://webmaster.petalsearch.com/site/petalbot)" "www.ysfine.com"
40.77.167.27 - - [13/Nov/2022:10:57:44 -0800] "GET /bio/style/proschanie.html HTTP/1.1" 404 88 "-" "Mozilla/5.0 AppleWebKit/537.36 (KHTML, like Gecko; compatible; bingbot/2.0; +http://www.bing.com/bingbot.htm) Chrome/103.0.5060.134 Safari/537.36" "ysfine.com"
114.119.128.162 - - [13/Nov/2022:10:58:19 -0800] "GET /wigner/maxwig22.html HTTP/1.1" 200 1591 "https://ysfine.com/wigner/maxwig.html" "Mozilla/5.0 (Linux; Android 7.0;) AppleWebKit/537.36 (KHTML, like Gecko) Mobile Safari/537.36 (compatible; PetalBot;+https://webmaster.petalsearch.com/site/petalbot)" "ysfine.com"
62.217.190.73 - - [13/Nov/2022:10:59:59 -0800] "GET /world/france/champ1216.jpg HTTP/1.1" 200 196639 "https://yandex.ru/images/search?from=tabbar&text=lvmh%20%D0%BA%D0%BE%D0%BC%D0%BF%D0%B0%D0%BD%D0%B8%D1%8F%20%D0%A8%D0%A2%D0%90%D0%91%20%D0%9A%D0%92%D0%90%D0%A0%D0%A2%D0%98%D0%A0%D0%90&pos=0&img_url=http%3A%2F%2Fysfine.com%2Fworld%2Ffrance%2Fchamp1216.jpg&rpt=simage&lr=213" "Mozilla/5.0 (Windows NT 10.0; Win64; x64) AppleWebKit/537.36 (KHTML, like Gecko) Chrome/107.0.0.0 Safari/537.36" "ysfine.com"
157.55.39.76 - - [13/Nov/2022:10:59:59 -0800] "GET /dirac/dirackim62.html HTTP/1.1" 304 - "-" "Mozilla/5.0 (compatible; bingbot/2.0; +http://www.bing.com/bingbot.htm)" "www.ysfine.com"
62.217.190.73 - - [13/Nov/2022:10:59:59 -0800] "GET /world/france/champ1216.jpg HTTP/1.1" 200 196639 "https://yandex.ru/images/search?from=tabbar&text=lvmh%20%D0%BA%D0%BE%D0%BC%D0%BF%D0%B0%D0%BD%D0%B8%D1%8F%20%D0%A8%D0%A2%D0%90%D0%91%20%D0%9A%D0%92%D0%90%D0%A0%D0%A2%D0%98%D0%A0%D0%90&pos=0&img_url=http%3A%2F%2Fysfine.com%2Fworld%2Ffrance%2Fchamp1216.jpg&rpt=simage&lr=213" "Mozilla/5.0 (Windows NT 10.0; Win64; x64) AppleWebKit/537.36 (KHTML, like Gecko) Chrome/107.0.0.0 Safari/537.36" "ysfine.com"
38.126.157.40 - - [13/Nov/2022:11:00:30 -0800] "GET /world/russ/spbf56.jpg HTTP/1.1" 200 287758 "-" "Mozilla/5.0 (compatible; FemtosearchBot/1.0; http://femtosearch.com)" "ysfine.com"
38.126.157.40 - - [13/Nov/2022:11:00:30 -0800] "GET /world/russ/krem30.jpg HTTP/1.1" 200 82330 "-" "Mozilla/5.0 (compatible; FemtosearchBot/1.0; http://femtosearch.com)" "ysfine.com"
38.126.157.40 - - [13/Nov/2022:11:00:30 -0800] "GET /maga/phys/bohr05b.jpg HTTP/1.1" 200 33923 "-" "Mozilla/5.0 (compatible; FemtosearchBot/1.0; http://femtosearch.com)" "ysfine.com"
38.126.157.40 - - [13/Nov/2022:11:00:31 -0800] "GET /wigner/gim/gimn17.jpg HTTP/1.1" 200 148508 "-" "Mozilla/5.0 (compatible; FemtosearchBot/1.0; http://femtosearch.com)" "ysfine.com"
38.126.157.40 - - [13/Nov/2022:11:00:31 -0800] "GET /princeton/blair11.jpg HTTP/1.1" 200 121164 "-" "Mozilla/5.0 (compatible; FemtosearchBot/1.0; http://femtosearch.com)" "ysfine.com"
38.126.157.40 - - [13/Nov/2022:11:00:31 -0800] "GET /world/russ/spbm08.jpg HTTP/1.1" 200 96493 "-" "Mozilla/5.0 (compatible; FemtosearchBot/1.0; http://femtosearch.com)" "ysfine.com"
38.126.157.40 - - [13/Nov/2022:11:00:31 -0800] "GET /newyork/tiffany01.jpg HTTP/1.1" 200 204444 "-" "Mozilla/5.0 (compatible; FemtosearchBot/1.0; http://femtosearch.com)" "ysfine.com"
38.126.157.40 - - [13/Nov/2022:11:00:31 -0800] "GET /ffriends/russny08.jpg HTTP/1.1" 200 80150 "-" "Mozilla/5.0 (compatible; FemtosearchBot/1.0; http://femtosearch.com)" "ysfine.com"
207.46.13.134 - - [13/Nov/2022:11:01:14 -0800] "GET /bio/world/trier.html HTTP/1.1" 404 88 "-" "Mozilla/5.0 (compatible; bingbot/2.0; +http://www.bing.com/bingbot.htm)" "ysfine.com"
207.46.13.134 - - [13/Nov/2022:11:01:14 -0800] "GET /bio/kobak/shortw.html HTTP/1.1" 404 88 "-" "Mozilla/5.0 (compatible; bingbot/2.0; +http://www.bing.com/bingbot.htm)" "ysfine.com"
77.88.5.39 - - [13/Nov/2022:11:01:23 -0800] "GET /robots.txt HTTP/1.1" 404 73 "-" "Mozilla/5.0 (compatible; YandexBot/3.0; +http://yandex.com/bots)" "www.ysfine.com"
77.88.5.216 - - [13/Nov/2022:11:01:27 -0800] "GET /world/russ/roskei11.jpg HTTP/1.1" 200 131848 "-" "Mozilla/5.0 (compatible; YandexImages/3.0; +http://yandex.com/bots)" "www.ysfine.com"
77.88.5.216 - - [13/Nov/2022:11:01:47 -0800] "GET /class54/emailed01.html HTTP/1.1" 200 27721 "-" "Mozilla/5.0 (compatible; YandexBot/3.0; +http://yandex.com/bots)" "www.ysfine.com"
216.244.66.229 - - [13/Nov/2022:11:04:16 -0800] "GET /robots.txt HTTP/1.1" 404 73 "-" "Mozilla/5.0 (compatible; DotBot/1.2; +https://opensiteexplorer.org/dotbot; help@moz.com)" "www.ysfine.com"
216.244.66.229 - - [13/Nov/2022:11:04:16 -0800] "GET /robots.txt HTTP/1.1" 404 73 "-" "Mozilla/5.0 (compatible; DotBot/1.2; +https://opensiteexplorer.org/dotbot; help@moz.com)" "ysfine.com"
