38.126.157.40 - - [13/Nov/2022:07:41:12 -0800] "GET /ysbio/usca/pgh22.html HTTP/1.1" 404 88 "-" "Mozilla/5.0 (compatible; FemtosearchBot/1.0; http://femtosearch.com)" "ysfine.com"
38.126.157.40 - - [13/Nov/2022:07:41:12 -0800] "GET /style/vienopera22.jpg HTTP/1.1" 200 125468 "-" "Mozilla/5.0 (compatible; FemtosearchBot/1.0; http://femtosearch.com)" "ysfine.com"
38.126.157.40 - - [13/Nov/2022:07:41:12 -0800] "GET /usca/norl/canal06.jpg HTTP/1.1" 200 119497 "-" "Mozilla/5.0 (compatible; FemtosearchBot/1.0; http://femtosearch.com)" "ysfine.com"
38.126.157.40 - - [13/Nov/2022:07:41:12 -0800] "GET /ysbio/resonance33.jpg HTTP/1.1" 404 88 "-" "Mozilla/5.0 (compatible; FemtosearchBot/1.0; http://femtosearch.com)" "ysfine.com"
38.126.157.40 - - [13/Nov/2022:07:41:12 -0800] "GET /kowar/roosevelt01.jpg HTTP/1.1" 200 37344 "-" "Mozilla/5.0 (compatible; FemtosearchBot/1.0; http://femtosearch.com)" "ysfine.com"
38.126.157.40 - - [13/Nov/2022:07:41:12 -0800] "GET /ffriends/chinfarm.jpg HTTP/1.1" 200 51594 "-" "Mozilla/5.0 (compatible; FemtosearchBot/1.0; http://femtosearch.com)" "ysfine.com"
38.126.157.40 - - [13/Nov/2022:07:41:12 -0800] "GET /feynman/feygell22.jpg HTTP/1.1" 200 61564 "-" "Mozilla/5.0 (compatible; FemtosearchBot/1.0; http://femtosearch.com)" "ysfine.com"
154.51.131.142 - - [13/Nov/2022:07:41:32 -0800] "GET / HTTP/1.1" 200 5283 "-" "Mozilla/5.0 (Windows NT 10.0; Win64; x64) AppleWebKit/537.36 (KHTML, like Gecko) Chrome/79.0.3945.130 Safari/537.36" "ysfine.com"
207.46.13.134 - - [13/Nov/2022:07:41:44 -0800] "GET /bio/world/trier.html HTTP/1.1" 404 88 "-" "Mozilla/5.0 AppleWebKit/537.36 (KHTML, like Gecko; compatible; bingbot/2.0; +http://www.bing.com/bingbot.htm) Chrome/103.0.5060.134 Safari/537.36" "ysfine.com"
157.55.39.129 - - [13/Nov/2022:07:42:25 -0800] "GET /bio/eink/index.html HTTP/1.1" 404 88 "-" "Mozilla/5.0 AppleWebKit/537.36 (KHTML, like Gecko; compatible; bingbot/2.0; +http://www.bing.com/bingbot.htm) Chrome/103.0.5060.134 Safari/537.36" "ysfine.com"
51.222.253.18 - - [13/Nov/2022:07:42:37 -0800] "GET /ysbio/maga/phys/volkova.html HTTP/1.1" 404 88 "-" "Mozilla/5.0 (compatible; AhrefsBot/7.0; +http://ahrefs.com/robot/)" "ysfine.com"
40.77.167.71 - - [13/Nov/2022:07:42:52 -0800] "GET /bio/world/season.html HTTP/1.1" 404 88 "-" "Mozilla/5.0 AppleWebKit/537.36 (KHTML, like Gecko; compatible; bingbot/2.0; +http://www.bing.com/bingbot.htm) Chrome/103.0.5060.134 Safari/537.36" "ysfine.com"
157.55.39.129 - - [13/Nov/2022:07:42:57 -0800] "GET /bio/princeton/yspr.html HTTP/1.1" 404 88 "-" "Mozilla/5.0 (compatible; bingbot/2.0; +http://www.bing.com/bingbot.htm)" "ysfine.com"
51.222.253.20 - - [13/Nov/2022:07:44:35 -0800] "GET /class54/class5470/total_data/sub_122.htm HTTP/1.1" 200 3311 "-" "Mozilla/5.0 (compatible; AhrefsBot/7.0; +http://ahrefs.com/robot/)" "ysfine.com"
157.55.39.76 - - [13/Nov/2022:07:44:41 -0800] "GET /bio/awards/marq.html HTTP/1.1" 404 88 "-" "Mozilla/5.0 AppleWebKit/537.36 (KHTML, like Gecko; compatible; bingbot/2.0; +http://www.bing.com/bingbot.htm) Chrome/103.0.5060.134 Safari/537.36" "ysfine.com"
38.126.157.40 - - [13/Nov/2022:07:45:16 -0800] "GET /usca/pitt/hall01b.jpg HTTP/1.1" 200 36397 "-" "Mozilla/5.0 (compatible; FemtosearchBot/1.0; http://femtosearch.com)" "ysfine.com"
38.126.157.40 - - [13/Nov/2022:07:45:16 -0800] "GET /world/brit/cam15b.jpg HTTP/1.1" 200 41066 "-" "Mozilla/5.0 (compatible; FemtosearchBot/1.0; http://femtosearch.com)" "ysfine.com"
38.126.157.40 - - [13/Nov/2022:07:45:16 -0800] "GET /wigner/wignobel01.jpg HTTP/1.1" 200 90859 "-" "Mozilla/5.0 (compatible; FemtosearchBot/1.0; http://femtosearch.com)" "ysfine.com"
38.126.157.40 - - [13/Nov/2022:07:45:17 -0800] "GET /world/russ/krem03.jpg HTTP/1.1" 200 127335 "-" "Mozilla/5.0 (compatible; FemtosearchBot/1.0; http://femtosearch.com)" "ysfine.com"
38.126.157.40 - - [13/Nov/2022:07:45:17 -0800] "GET /wigner/tollwig11b.jpg HTTP/1.1" 200 31891 "-" "Mozilla/5.0 (compatible; FemtosearchBot/1.0; http://femtosearch.com)" "ysfine.com"
38.126.157.40 - - [13/Nov/2022:07:45:17 -0800] "GET /ffriends/armen16c.jpg HTTP/1.1" 200 48675 "-" "Mozilla/5.0 (compatible; FemtosearchBot/1.0; http://femtosearch.com)" "ysfine.com"
38.126.157.40 - - [13/Nov/2022:07:45:17 -0800] "GET /beau/amkor/prgr03.jpg HTTP/1.1" 404 88 "-" "Mozilla/5.0 (compatible; FemtosearchBot/1.0; http://femtosearch.com)" "ysfine.com"
157.55.39.76 - - [13/Nov/2022:07:45:50 -0800] "GET /bio/style/artlove.html HTTP/1.1" 404 88 "-" "Mozilla/5.0 (compatible; bingbot/2.0; +http://www.bing.com/bingbot.htm)" "ysfine.com"
51.222.253.7 - - [13/Nov/2022:07:46:31 -0800] "GET /wisdom/wkstorie.html HTTP/1.1" 200 954 "-" "Mozilla/5.0 (compatible; AhrefsBot/7.0; +http://ahrefs.com/robot/)" "www.ysfine.com"
62.10.145.151 - - [13/Nov/2022:07:47:14 -0800] "GET /world/scandi/nbi26.jpg HTTP/1.1" 200 75196 "https://www.google.com/" "Mozilla/5.0 (Windows NT 10.0; Win64; x64; rv:106.0) Gecko/20100101 Firefox/106.0" "ysfine.com"
157.55.39.6 - - [13/Nov/2022:07:48:07 -0800] "GET /ysbio/folks/service.html HTTP/1.1" 404 88 "-" "Mozilla/5.0 AppleWebKit/537.36 (KHTML, like Gecko; compatible; bingbot/2.0; +http://www.bing.com/bingbot.htm) Chrome/103.0.5060.134 Safari/537.36" "ysfine.com"
51.222.253.3 - - [13/Nov/2022:07:48:08 -0800] "GET /ysbio/wigner/maxwig.html HTTP/1.1" 404 88 "-" "Mozilla/5.0 (compatible; AhrefsBot/7.0; +http://ahrefs.com/robot/)" "ysfine.com"
77.88.5.86 - - [13/Nov/2022:07:48:28 -0800] "GET /robots.txt HTTP/1.1" 404 73 "-" "Mozilla/5.0 (compatible; YandexBot/3.0; +http://yandex.com/bots)" "www.ysfine.com"
77.88.5.45 - - [13/Nov/2022:07:48:32 -0800] "GET /maga/histo/oscar33.jpg HTTP/1.1" 304 - "-" "Mozilla/5.0 (compatible; YandexImages/3.0; +http://yandex.com/bots)" "www.ysfine.com"
216.244.66.229 - - [13/Nov/2022:07:48:35 -0800] "GET /wisdom/lamp11.jpg HTTP/1.1" 200 131767 "-" "Mozilla/5.0 (compatible; DotBot/1.2; +https://opensiteexplorer.org/dotbot; help@moz.com)" "ysfine.com"
31.13.103.11 - - [13/Nov/2022:07:48:55 -0800] "GET /ysbio/sing.html HTTP/1.1" 404 88 "-" "facebookexternalhit/1.1 (+http://www.facebook.com/externalhit_uatext.php)" "ysfine.com"
31.13.103.19 - - [13/Nov/2022:07:48:55 -0800] "GET /ysbio/awards/index.html HTTP/1.1" 404 88 "-" "facebookexternalhit/1.1 (+http://www.facebook.com/externalhit_uatext.php)" "ysfine.com"
31.13.103.118 - - [13/Nov/2022:07:48:55 -0800] "GET /ysbio/bio09.html HTTP/1.1" 404 88 "-" "facebookexternalhit/1.1 (+http://www.facebook.com/externalhit_uatext.php)" "ysfine.com"
31.13.103.16 - - [13/Nov/2022:07:48:56 -0800] "GET /heisen/heisen54.html HTTP/1.1" 206 4526 "-" "facebookexternalhit/1.1 (+http://www.facebook.com/externalhit_uatext.php)" "ysfine.com"
216.244.66.229 - - [13/Nov/2022:07:48:56 -0800] "GET /ysbio/dirac/dirk62.html HTTP/1.1" 404 73 "-" "Mozilla/5.0 (compatible; DotBot/1.2; +https://opensiteexplorer.org/dotbot; help@moz.com)" "ysfine.com"
31.13.103.10 - - [13/Nov/2022:07:48:58 -0800] "GET /einstein/further.html HTTP/1.1" 206 4338 "-" "facebookexternalhit/1.1 (+http://www.facebook.com/externalhit_uatext.php)" "ysfine.com"
216.244.66.229 - - [13/Nov/2022:07:48:58 -0800] "GET /ffriends/amkor/kwrhee19.jpg HTTP/1.1" 200 179371 "-" "Mozilla/5.0 (compatible; DotBot/1.2; +https://opensiteexplorer.org/dotbot; help@moz.com)" "ysfine.com"
31.13.103.118 - - [13/Nov/2022:07:48:58 -0800] "GET /einstein/bern.html HTTP/1.1" 206 8314 "-" "facebookexternalhit/1.1 (+http://www.facebook.com/externalhit_uatext.php)" "ysfine.com"
31.13.103.10 - - [13/Nov/2022:07:48:59 -0800] "GET /philo/keigel.html HTTP/1.1" 206 7368 "-" "facebookexternalhit/1.1 (+http://www.facebook.com/externalhit_uatext.php)" "ysfine.com"
31.13.103.118 - - [13/Nov/2022:07:48:59 -0800] "GET /yspapers/sisfa12.pdf HTTP/1.1" 206 359090 "-" "facebookexternalhit/1.1 (+http://www.facebook.com/externalhit_uatext.php)" "ysfine.com"
89.187.171.167 - - [13/Nov/2022:07:49:03 -0800] "GET /wp-login.php HTTP/1.1" 404 88 "-" "Mozilla/5.0 (Windows NT 10.0; Win64; x64) AppleWebKit/537.36 (KHTML, like Gecko) Chrome/91.0.4472.124 Safari/537.36" "ysfine.com"
31.13.103.16 - - [13/Nov/2022:07:49:07 -0800] "GET /ysbio/bio05.html HTTP/1.1" 404 88 "-" "facebookexternalhit/1.1 (+http://www.facebook.com/externalhit_uatext.php)" "ysfine.com"
31.13.103.20 - - [13/Nov/2022:07:49:08 -0800] "GET /awards/index.html HTTP/1.1" 206 10083 "-" "facebookexternalhit/1.1 (+http://www.facebook.com/externalhit_uatext.php)" "ysfine.com"
116.179.37.52 - - [13/Nov/2022:07:49:11 -0800] "GET /einstein/heisen33b.jpg HTTP/1.1" 200 78035 "https://www.zybuluo.com/" "Mozilla/5.0 (compatible; Baiduspider-render/2.0; +http://www.baidu.com/search/spider.html)" "ysfine.com"
116.179.37.224 - - [13/Nov/2022:07:49:12 -0800] "GET /einstein/fantova/fanto11.jpg HTTP/1.1" 200 16170 "https://www.zybuluo.com/" "Mozilla/5.0 (compatible; Baiduspider-render/2.0; +http://www.baidu.com/search/spider.html)" "ysfine.com"
157.55.39.76 - - [13/Nov/2022:07:49:21 -0800] "GET /bio/harmoarchi.html HTTP/1.1" 404 88 "-" "Mozilla/5.0 AppleWebKit/537.36 (KHTML, like Gecko; compatible; bingbot/2.0; +http://www.bing.com/bingbot.htm) Chrome/103.0.5060.134 Safari/537.36" "ysfine.com"
157.55.39.76 - - [13/Nov/2022:07:49:22 -0800] "GET /bio/kobak/yskor.html HTTP/1.1" 404 88 "-" "Mozilla/5.0 (compatible; bingbot/2.0; +http://www.bing.com/bingbot.htm)" "ysfine.com"
220.181.51.116 - - [13/Nov/2022:07:49:27 -0800] "GET /robots.txt HTTP/1.1" 404 88 "-" "Mozilla/5.0 (Windows NT 10.0; WOW64) AppleWebKit/537.36 (KHTML, like Gecko) Chrome/48.0.2564.116 Safari/537.36" "ysfine.com"
116.179.33.80 - - [13/Nov/2022:07:49:29 -0800] "GET /robots.txt HTTP/1.1" 404 88 "-" "Mozilla/5.0 (Windows NT 10.0; WOW64) AppleWebKit/537.36 (KHTML, like Gecko) Chrome/48.0.2564.116 Safari/537.36" "ysfine.com"
38.126.157.40 - - [13/Nov/2022:07:49:31 -0800] "GET /world/russ/spbm06.jpg HTTP/1.1" 200 114511 "-" "Mozilla/5.0 (compatible; FemtosearchBot/1.0; http://femtosearch.com)" "ysfine.com"
38.126.157.40 - - [13/Nov/2022:07:49:31 -0800] "GET /wigner/neum/vnc08.jpg HTTP/1.1" 200 107974 "-" "Mozilla/5.0 (compatible; FemtosearchBot/1.0; http://femtosearch.com)" "ysfine.com"
38.126.157.40 - - [13/Nov/2022:07:49:31 -0800] "GET /maga/phil/hugom11.jpg HTTP/1.1" 200 121778 "-" "Mozilla/5.0 (compatible; FemtosearchBot/1.0; http://femtosearch.com)" "ysfine.com"
38.126.157.40 - - [13/Nov/2022:07:49:31 -0800] "GET /world/brit/cam03b.jpg HTTP/1.1" 200 48538 "-" "Mozilla/5.0 (compatible; FemtosearchBot/1.0; http://femtosearch.com)" "ysfine.com"
38.126.157.40 - - [13/Nov/2022:07:49:31 -0800] "GET /people/zeilinger2.jpg HTTP/1.1" 200 30410 "-" "Mozilla/5.0 (compatible; FemtosearchBot/1.0; http://femtosearch.com)" "ysfine.com"
38.126.157.40 - - [13/Nov/2022:07:49:31 -0800] "GET /newyork/stpaul55c.jpg HTTP/1.1" 200 39190 "-" "Mozilla/5.0 (compatible; FemtosearchBot/1.0; http://femtosearch.com)" "ysfine.com"
38.126.157.40 - - [13/Nov/2022:07:49:31 -0800] "GET /wigner/gim/map02a.jpg HTTP/1.1" 200 58713 "-" "Mozilla/5.0 (compatible; FemtosearchBot/1.0; http://femtosearch.com)" "ysfine.com"
38.126.157.40 - - [13/Nov/2022:07:49:31 -0800] "GET /newyork/guggen77c.jpg HTTP/1.1" 200 34442 "-" "Mozilla/5.0 (compatible; FemtosearchBot/1.0; http://femtosearch.com)" "ysfine.com"
51.222.253.1 - - [13/Nov/2022:07:49:36 -0800] "GET /ysbio/folks/students.html HTTP/1.1" 404 88 "-" "Mozilla/5.0 (compatible; AhrefsBot/7.0; +http://ahrefs.com/robot/)" "www.ysfine.com"
216.244.66.229 - - [13/Nov/2022:07:49:37 -0800] "GET /home/newtgr33.jpg HTTP/1.1" 200 91706 "-" "Mozilla/5.0 (compatible; DotBot/1.2; +https://opensiteexplorer.org/dotbot; help@moz.com)" "ysfine.com"
216.244.66.229 - - [13/Nov/2022:07:50:20 -0800] "GET /ffriends/russstanf01.jpg HTTP/1.1" 200 158294 "-" "Mozilla/5.0 (compatible; DotBot/1.2; +https://opensiteexplorer.org/dotbot; help@moz.com)" "ysfine.com"
14.123.227.241 - - [13/Nov/2022:07:50:25 -0800] "GET / HTTP/1.1" 200 5283 "-" "python-requests/2.25.1" "www.ysfine.com"
51.222.253.14 - - [13/Nov/2022:07:51:00 -0800] "GET /class54/class5470/total_data/sub_123.htm HTTP/1.1" 200 3317 "-" "Mozilla/5.0 (compatible; AhrefsBot/7.0; +http://ahrefs.com/robot/)" "ysfine.com"
207.46.13.134 - - [13/Nov/2022:07:51:04 -0800] "GET /huowu/ HTTP/1.1" 404 88 "-" "Mozilla/5.0 AppleWebKit/537.36 (KHTML, like Gecko; compatible; bingbot/2.0; +http://www.bing.com/bingbot.htm) Chrome/103.0.5060.134 Safari/537.36" "ysfine.com"
157.55.39.6 - - [13/Nov/2022:07:51:09 -0800] "GET /bio/awards/iao.html HTTP/1.1" 404 88 "-" "Mozilla/5.0 (compatible; bingbot/2.0; +http://www.bing.com/bingbot.htm)" "ysfine.com"
157.55.39.6 - - [13/Nov/2022:07:51:09 -0800] "GET /riben/ HTTP/1.1" 404 88 "-" "Mozilla/5.0 (compatible; bingbot/2.0; +http://www.bing.com/bingbot.htm)" "ysfine.com"
157.55.39.6 - - [13/Nov/2022:07:51:09 -0800] "GET /boltzmann.html HTTP/1.1" 404 88 "-" "Mozilla/5.0 (compatible; bingbot/2.0; +http://www.bing.com/bingbot.htm)" "ysfine.com"
216.244.66.229 - - [13/Nov/2022:07:51:12 -0800] "GET /ffriends/ukravenice02.jpg HTTP/1.1" 200 82489 "-" "Mozilla/5.0 (compatible; DotBot/1.2; +https://opensiteexplorer.org/dotbot; help@moz.com)" "ysfine.com"
157.55.39.129 - - [13/Nov/2022:07:51:16 -0800] "GET /ysbio/sing.html HTTP/1.1" 404 88 "-" "Mozilla/5.0 (compatible; bingbot/2.0; +http://www.bing.com/bingbot.htm)" "ysfine.com"
157.55.39.129 - - [13/Nov/2022:07:51:36 -0800] "GET /bio/style/rieu.html HTTP/1.1" 404 88 "-" "Mozilla/5.0 (compatible; bingbot/2.0; +http://www.bing.com/bingbot.htm)" "ysfine.com"
40.77.167.27 - - [13/Nov/2022:07:51:45 -0800] "GET /robot). HTTP/1.1" 404 88 "-" "Mozilla/5.0 AppleWebKit/537.36 (KHTML, like Gecko; compatible; bingbot/2.0; +http://www.bing.com/bingbot.htm) Chrome/103.0.5060.134 Safari/537.36" "ysfine.com"
40.77.167.27 - - [13/Nov/2022:07:51:45 -0800] "GET /kalie/ HTTP/1.1" 404 88 "-" "Mozilla/5.0 (compatible; bingbot/2.0; +http://www.bing.com/bingbot.htm)" "ysfine.com"
157.55.39.129 - - [13/Nov/2022:07:51:57 -0800] "GET /bio/world/kazan.html HTTP/1.1" 404 88 "-" "Mozilla/5.0 AppleWebKit/537.36 (KHTML, like Gecko; compatible; bingbot/2.0; +http://www.bing.com/bingbot.htm) Chrome/103.0.5060.134 Safari/537.36" "ysfine.com"
51.222.253.7 - - [13/Nov/2022:07:52:29 -0800] "GET /ysbio/sbk/2000rome.html HTTP/1.1" 404 88 "-" "Mozilla/5.0 (compatible; AhrefsBot/7.0; +http://ahrefs.com/robot/)" "www.ysfine.com"
40.77.167.27 - - [13/Nov/2022:07:52:34 -0800] "GET /kobak/kobak.html HTTP/1.1" 404 88 "-" "Mozilla/5.0 (compatible; bingbot/2.0; +http://www.bing.com/bingbot.htm)" "ysfine.com"
157.55.39.76 - - [13/Nov/2022:07:53:01 -0800] "GET /selie/ HTTP/1.1" 404 88 "-" "Mozilla/5.0 AppleWebKit/537.36 (KHTML, like Gecko; compatible; bingbot/2.0; +http://www.bing.com/bingbot.htm) Chrome/103.0.5060.134 Safari/537.36" "ysfine.com"
207.46.13.134 - - [13/Nov/2022:07:53:35 -0800] "GET /bio/princeton/campus.html HTTP/1.1" 404 88 "-" "Mozilla/5.0 AppleWebKit/537.36 (KHTML, like Gecko; compatible; bingbot/2.0; +http://www.bing.com/bingbot.htm) Chrome/103.0.5060.134 Safari/537.36" "ysfine.com"
51.222.253.17 - - [13/Nov/2022:07:53:54 -0800] "GET /class54/nam/index.html HTTP/1.1" 200 130 "-" "Mozilla/5.0 (compatible; AhrefsBot/7.0; +http://ahrefs.com/robot/)" "www.ysfine.com"
38.126.157.40 - - [13/Nov/2022:07:53:54 -0800] "GET /world/russ/krem10.jpg HTTP/1.1" 200 56376 "-" "Mozilla/5.0 (compatible; FemtosearchBot/1.0; http://femtosearch.com)" "ysfine.com"
38.126.157.40 - - [13/Nov/2022:07:53:54 -0800] "GET /ffriends/belgi01b.jpg HTTP/1.1" 200 48787 "-" "Mozilla/5.0 (compatible; FemtosearchBot/1.0; http://femtosearch.com)" "ysfine.com"
38.126.157.40 - - [13/Nov/2022:07:53:54 -0800] "GET /ffriends/czech03c.jpg HTTP/1.1" 200 40243 "-" "Mozilla/5.0 (compatible; FemtosearchBot/1.0; http://femtosearch.com)" "ysfine.com"
38.126.157.40 - - [13/Nov/2022:07:53:54 -0800] "GET /world/russ/spbf35.jpg HTTP/1.1" 200 145404 "-" "Mozilla/5.0 (compatible; FemtosearchBot/1.0; http://femtosearch.com)" "ysfine.com"
38.126.157.40 - - [13/Nov/2022:07:53:54 -0800] "GET /princeston/prade.html HTTP/1.1" 404 88 "-" "Mozilla/5.0 (compatible; FemtosearchBot/1.0; http://femtosearch.com)" "ysfine.com"
38.126.157.40 - - [13/Nov/2022:07:53:54 -0800] "GET /ffriends/admire33.jpg HTTP/1.1" 200 131379 "-" "Mozilla/5.0 (compatible; FemtosearchBot/1.0; http://femtosearch.com)" "ysfine.com"
38.126.157.40 - - [13/Nov/2022:07:53:55 -0800] "GET /wigner/wighome11b.jpg HTTP/1.1" 200 48701 "-" "Mozilla/5.0 (compatible; FemtosearchBot/1.0; http://femtosearch.com)" "ysfine.com"
38.126.157.40 - - [13/Nov/2022:07:53:55 -0800] "GET /style/musee/aix03.jpg HTTP/1.1" 200 162361 "-" "Mozilla/5.0 (compatible; FemtosearchBot/1.0; http://femtosearch.com)" "ysfine.com"
40.77.167.71 - - [13/Nov/2022:07:54:03 -0800] "GET /bio/genea.html HTTP/1.1" 404 88 "-" "Mozilla/5.0 AppleWebKit/537.36 (KHTML, like Gecko; compatible; bingbot/2.0; +http://www.bing.com/bingbot.htm) Chrome/103.0.5060.134 Safari/537.36" "ysfine.com"
40.77.167.27 - - [13/Nov/2022:07:54:24 -0800] "GET /kobak/kobak.html HTTP/1.1" 404 88 "-" "Mozilla/5.0 AppleWebKit/537.36 (KHTML, like Gecko; compatible; bingbot/2.0; +http://www.bing.com/bingbot.htm) Chrome/103.0.5060.134 Safari/537.36" "ysfine.com"
51.222.253.5 - - [13/Nov/2022:07:55:19 -0800] "GET /maga/eisenstein.html HTTP/1.1" 200 8460 "-" "Mozilla/5.0 (compatible; AhrefsBot/7.0; +http://ahrefs.com/robot/)" "www.ysfine.com"
51.222.253.7 - - [13/Nov/2022:07:55:27 -0800] "GET /beau/admire11b.jpg HTTP/1.1" 404 88 "-" "Mozilla/5.0 (compatible; AhrefsBot/7.0; +http://ahrefs.com/robot/)" "www.ysfine.com"
51.222.253.10 - - [13/Nov/2022:07:55:27 -0800] "GET /eink/pwk19c.jpg HTTP/1.1" 200 57759 "-" "Mozilla/5.0 (compatible; AhrefsBot/7.0; +http://ahrefs.com/robot/)" "www.ysfine.com"
51.222.253.18 - - [13/Nov/2022:07:55:33 -0800] "GET /world/baltic/riga23b.jpg HTTP/1.1" 200 41389 "-" "Mozilla/5.0 (compatible; AhrefsBot/7.0; +http://ahrefs.com/robot/)" "www.ysfine.com"
51.222.253.2 - - [13/Nov/2022:07:55:39 -0800] "GET /maga/invent/eisenstein01b.jpg HTTP/1.1" 200 50445 "-" "Mozilla/5.0 (compatible; AhrefsBot/7.0; +http://ahrefs.com/robot/)" "www.ysfine.com"
51.222.253.15 - - [13/Nov/2022:07:55:45 -0800] "GET /maga/invent/eisenstein07.jpg HTTP/1.1" 200 15843 "-" "Mozilla/5.0 (compatible; AhrefsBot/7.0; +http://ahrefs.com/robot/)" "www.ysfine.com"
51.222.253.9 - - [13/Nov/2022:07:55:50 -0800] "GET /world/baltic/rigaeisen04b.jpg HTTP/1.1" 200 27149 "-" "Mozilla/5.0 (compatible; AhrefsBot/7.0; +http://ahrefs.com/robot/)" "www.ysfine.com"
51.222.253.13 - - [13/Nov/2022:07:55:56 -0800] "GET /home/comet01b.jpg HTTP/1.1" 200 53465 "-" "Mozilla/5.0 (compatible; AhrefsBot/7.0; +http://ahrefs.com/robot/)" "www.ysfine.com"
51.222.253.9 - - [13/Nov/2022:07:56:02 -0800] "GET /world/baltic/riga02b.jpg HTTP/1.1" 200 38255 "-" "Mozilla/5.0 (compatible; AhrefsBot/7.0; +http://ahrefs.com/robot/)" "www.ysfine.com"
51.222.253.14 - - [13/Nov/2022:07:56:07 -0800] "GET /world/baltic/riga57b.jpg HTTP/1.1" 200 34801 "-" "Mozilla/5.0 (compatible; AhrefsBot/7.0; +http://ahrefs.com/robot/)" "www.ysfine.com"
51.222.253.11 - - [13/Nov/2022:07:56:13 -0800] "GET /world/baltic/riga25b.jpg HTTP/1.1" 200 44647 "-" "Mozilla/5.0 (compatible; AhrefsBot/7.0; +http://ahrefs.com/robot/)" "www.ysfine.com"
157.55.39.129 - - [13/Nov/2022:07:56:17 -0800] "GET /bio/eink/buythisbook.html HTTP/1.1" 404 88 "-" "Mozilla/5.0 (compatible; bingbot/2.0; +http://www.bing.com/bingbot.htm)" "ysfine.com"
51.222.253.8 - - [13/Nov/2022:07:56:20 -0800] "GET /dirac/diracqm22b.jpg HTTP/1.1" 200 39961 "-" "Mozilla/5.0 (compatible; AhrefsBot/7.0; +http://ahrefs.com/robot/)" "www.ysfine.com"
51.222.253.17 - - [13/Nov/2022:07:56:26 -0800] "GET /maga/invent/bargmann11b.jpg HTTP/1.1" 200 36031 "-" "Mozilla/5.0 (compatible; AhrefsBot/7.0; +http://ahrefs.com/robot/)" "www.ysfine.com"
51.222.253.14 - - [13/Nov/2022:07:56:29 -0800] "GET /world/baltic/riga56b.jpg HTTP/1.1" 200 29485 "-" "Mozilla/5.0 (compatible; AhrefsBot/7.0; +http://ahrefs.com/robot/)" "www.ysfine.com"
51.222.253.17 - - [13/Nov/2022:07:56:34 -0800] "GET /beau/admire22b.jpg HTTP/1.1" 404 88 "-" "Mozilla/5.0 (compatible; AhrefsBot/7.0; +http://ahrefs.com/robot/)" "www.ysfine.com"
172.58.143.144 - - [13/Nov/2022:07:56:34 -0800] "GET /world/japan/nara005.jpg HTTP/1.1" 200 144132 "https://www.gay-fetish-xxx.com/" "Mozilla/5.0 (Linux; Android 12; SM-A037U) AppleWebKit/537.36 (KHTML, like Gecko) Chrome/107.0.0.0 Mobile Safari/537.36" "ysfine.com"
51.222.253.11 - - [13/Nov/2022:07:56:34 -0800] "GET /world/baltic/riga20b.jpg HTTP/1.1" 200 28147 "-" "Mozilla/5.0 (compatible; AhrefsBot/7.0; +http://ahrefs.com/robot/)" "www.ysfine.com"
51.222.253.5 - - [13/Nov/2022:07:56:40 -0800] "GET /maga/invent/eisenstein03.jpg HTTP/1.1" 200 73731 "-" "Mozilla/5.0 (compatible; AhrefsBot/7.0; +http://ahrefs.com/robot/)" "www.ysfine.com"
51.222.253.13 - - [13/Nov/2022:07:56:46 -0800] "GET /class54/class5470/total_data/sub_125.htm HTTP/1.1" 200 3314 "-" "Mozilla/5.0 (compatible; AhrefsBot/7.0; +http://ahrefs.com/robot/)" "ysfine.com"
51.222.253.18 - - [13/Nov/2022:07:56:46 -0800] "GET /world/baltic/riga26b.jpg HTTP/1.1" 200 27065 "-" "Mozilla/5.0 (compatible; AhrefsBot/7.0; +http://ahrefs.com/robot/)" "www.ysfine.com"
51.222.253.7 - - [13/Nov/2022:07:56:52 -0800] "GET /world/baltic/riga01b.jpg HTTP/1.1" 200 45466 "-" "Mozilla/5.0 (compatible; AhrefsBot/7.0; +http://ahrefs.com/robot/)" "www.ysfine.com"
51.222.253.15 - - [13/Nov/2022:07:56:58 -0800] "GET /maga/invent/eisenstein06.jpg HTTP/1.1" 200 16100 "-" "Mozilla/5.0 (compatible; AhrefsBot/7.0; +http://ahrefs.com/robot/)" "www.ysfine.com"
51.222.253.11 - - [13/Nov/2022:07:57:03 -0800] "GET /world/baltic/riga13b.jpg HTTP/1.1" 200 41983 "-" "Mozilla/5.0 (compatible; AhrefsBot/7.0; +http://ahrefs.com/robot/)" "www.ysfine.com"
157.55.39.6 - - [13/Nov/2022:07:57:17 -0800] "GET /bio/einstein/bern.html HTTP/1.1" 404 88 "-" "Mozilla/5.0 AppleWebKit/537.36 (KHTML, like Gecko; compatible; bingbot/2.0; +http://www.bing.com/bingbot.htm) Chrome/103.0.5060.134 Safari/537.36" "ysfine.com"
157.55.39.76 - - [13/Nov/2022:07:57:53 -0800] "GET /bio/bio07.html HTTP/1.1" 404 88 "-" "Mozilla/5.0 AppleWebKit/537.36 (KHTML, like Gecko; compatible; bingbot/2.0; +http://www.bing.com/bingbot.htm) Chrome/103.0.5060.134 Safari/537.36" "ysfine.com"
77.88.5.45 - - [13/Nov/2022:07:58:05 -0800] "GET /trips/index.html HTTP/1.1" 401 90 "-" "Mozilla/5.0 (compatible; YandexBot/3.0; +http://yandex.com/bots)" "www.ysfine.com"
38.126.157.40 - - [13/Nov/2022:07:58:06 -0800] "GET /wigner/wigspeak22.jpg HTTP/1.1" 200 62433 "-" "Mozilla/5.0 (compatible; FemtosearchBot/1.0; http://femtosearch.com)" "ysfine.com"
38.126.157.40 - - [13/Nov/2022:07:58:06 -0800] "GET /usca/norl/missi27.jpg HTTP/1.1" 200 118741 "-" "Mozilla/5.0 (compatible; FemtosearchBot/1.0; http://femtosearch.com)" "ysfine.com"
38.126.157.40 - - [13/Nov/2022:07:58:07 -0800] "GET /world/russ/spbf45.jpg HTTP/1.1" 200 267376 "-" "Mozilla/5.0 (compatible; FemtosearchBot/1.0; http://femtosearch.com)" "ysfine.com"
38.126.157.40 - - [13/Nov/2022:07:58:07 -0800] "GET /wigner/gim/gimn18.jpg HTTP/1.1" 200 130647 "-" "Mozilla/5.0 (compatible; FemtosearchBot/1.0; http://femtosearch.com)" "ysfine.com"
38.126.157.40 - - [13/Nov/2022:07:58:07 -0800] "GET /maga/phil/hugom33.jpg HTTP/1.1" 200 106917 "-" "Mozilla/5.0 (compatible; FemtosearchBot/1.0; http://femtosearch.com)" "ysfine.com"
38.126.157.40 - - [13/Nov/2022:07:58:07 -0800] "GET /newyork/battery12.jpg HTTP/1.1" 200 96618 "-" "Mozilla/5.0 (compatible; FemtosearchBot/1.0; http://femtosearch.com)" "ysfine.com"
38.126.157.40 - - [13/Nov/2022:07:58:07 -0800] "GET /philo/dirhegel11f.jpg HTTP/1.1" 200 97223 "-" "Mozilla/5.0 (compatible; FemtosearchBot/1.0; http://femtosearch.com)" "ysfine.com"
38.126.157.40 - - [13/Nov/2022:07:58:07 -0800] "GET /wigner/gim/gimn31.jpg HTTP/1.1" 200 76106 "-" "Mozilla/5.0 (compatible; FemtosearchBot/1.0; http://femtosearch.com)" "ysfine.com"
51.222.253.10 - - [13/Nov/2022:07:58:14 -0800] "GET /class54/class5470/total_data/sub_129.htm HTTP/1.1" 200 3312 "-" "Mozilla/5.0 (compatible; AhrefsBot/7.0; +http://ahrefs.com/robot/)" "ysfine.com"
51.222.253.3 - - [13/Nov/2022:07:58:20 -0800] "GET /class54/class5470/total_data/img/01_smline.gif HTTP/1.1" 200 3988 "-" "Mozilla/5.0 (compatible; AhrefsBot/7.0; +http://ahrefs.com/robot/)" "ysfine.com"
51.222.253.19 - - [13/Nov/2022:07:58:25 -0800] "GET /class54/class5470/total_data/refer_img/1-25_f.jpg HTTP/1.1" 200 10435 "-" "Mozilla/5.0 (compatible; AhrefsBot/7.0; +http://ahrefs.com/robot/)" "ysfine.com"
51.222.253.10 - - [13/Nov/2022:07:58:31 -0800] "GET /class54/class5470/total_data/img/01_smtitle29.gif HTTP/1.1" 200 797 "-" "Mozilla/5.0 (compatible; AhrefsBot/7.0; +http://ahrefs.com/robot/)" "ysfine.com"
51.222.253.7 - - [13/Nov/2022:07:58:36 -0800] "GET /class54/class5470/total_data/refer_img/1-19_f.jpg HTTP/1.1" 200 35753 "-" "Mozilla/5.0 (compatible; AhrefsBot/7.0; +http://ahrefs.com/robot/)" "ysfine.com"
51.222.253.13 - - [13/Nov/2022:07:58:42 -0800] "GET /class54/class5470/total_data/refer_img/1-31_f.jpg HTTP/1.1" 200 28905 "-" "Mozilla/5.0 (compatible; AhrefsBot/7.0; +http://ahrefs.com/robot/)" "ysfine.com"
157.55.39.129 - - [13/Nov/2022:07:58:47 -0800] "GET /bio/awards/index.html HTTP/1.1" 404 88 "-" "Mozilla/5.0 AppleWebKit/537.36 (KHTML, like Gecko; compatible; bingbot/2.0; +http://www.bing.com/bingbot.htm) Chrome/103.0.5060.134 Safari/537.36" "ysfine.com"
51.222.253.13 - - [13/Nov/2022:07:58:47 -0800] "GET /class54/class5470/total_data/refer_img/1-24_f.jpg HTTP/1.1" 200 16495 "-" "Mozilla/5.0 (compatible; AhrefsBot/7.0; +http://ahrefs.com/robot/)" "ysfine.com"
51.222.253.5 - - [13/Nov/2022:07:58:53 -0800] "GET /class54/class5470/total_data/refer_img/1-27_f.jpg HTTP/1.1" 200 16756 "-" "Mozilla/5.0 (compatible; AhrefsBot/7.0; +http://ahrefs.com/robot/)" "ysfine.com"
51.222.253.14 - - [13/Nov/2022:07:58:54 -0800] "GET /class54/class5470/total_data/img/01_st_graduatedmemory.gif HTTP/1.1" 200 1068 "-" "Mozilla/5.0 (compatible; AhrefsBot/7.0; +http://ahrefs.com/robot/)" "ysfine.com"
51.222.253.14 - - [13/Nov/2022:07:58:59 -0800] "GET /class54/class5470/total_data/refer_img/1-28_f.jpg HTTP/1.1" 200 17946 "-" "Mozilla/5.0 (compatible; AhrefsBot/7.0; +http://ahrefs.com/robot/)" "ysfine.com"
31.205.148.184 - - [13/Nov/2022:07:59:02 -0800] "GET /maga/phys/naimar/pewk09.jpg HTTP/1.1" 200 54557 "https://www.google.com/" "Mozilla/5.0 (Macintosh; Intel Mac OS X 10_15_7) AppleWebKit/537.36 (KHTML, like Gecko) Chrome/107.0.0.0 Safari/537.36" "ysfine.com"
51.222.253.17 - - [13/Nov/2022:07:59:04 -0800] "GET /class54/class5470/total_data/refer_img/1-22_f.jpg HTTP/1.1" 200 33310 "-" "Mozilla/5.0 (compatible; AhrefsBot/7.0; +http://ahrefs.com/robot/)" "ysfine.com"
51.222.253.8 - - [13/Nov/2022:07:59:10 -0800] "GET /class54/class5470/total_data/img/01_title.gif HTTP/1.1" 200 6925 "-" "Mozilla/5.0 (compatible; AhrefsBot/7.0; +http://ahrefs.com/robot/)" "ysfine.com"
51.222.253.17 - - [13/Nov/2022:07:59:16 -0800] "GET /class54/class5470/total_data/refer_img/1-29_f.jpg HTTP/1.1" 200 19029 "-" "Mozilla/5.0 (compatible; AhrefsBot/7.0; +http://ahrefs.com/robot/)" "ysfine.com"
51.222.253.9 - - [13/Nov/2022:07:59:21 -0800] "GET /class54/class5470/total_data/photo_img/1-29.jpg HTTP/1.1" 200 211418 "-" "Mozilla/5.0 (compatible; AhrefsBot/7.0; +http://ahrefs.com/robot/)" "ysfine.com"
207.46.13.134 - - [13/Nov/2022:07:59:25 -0800] "GET /bio/dirac/dirpoems.html HTTP/1.1" 404 88 "-" "Mozilla/5.0 AppleWebKit/537.36 (KHTML, like Gecko; compatible; bingbot/2.0; +http://www.bing.com/bingbot.htm) Chrome/103.0.5060.134 Safari/537.36" "ysfine.com"
51.222.253.8 - - [13/Nov/2022:07:59:29 -0800] "GET /class54/class5470/total_data/refer_img/1-30_f.jpg HTTP/1.1" 200 36339 "-" "Mozilla/5.0 (compatible; AhrefsBot/7.0; +http://ahrefs.com/robot/)" "ysfine.com"
157.55.39.129 - - [13/Nov/2022:07:59:30 -0800] "GET /bio/optics.html HTTP/1.1" 404 88 "-" "Mozilla/5.0 AppleWebKit/537.36 (KHTML, like Gecko; compatible; bingbot/2.0; +http://www.bing.com/bingbot.htm) Chrome/103.0.5060.134 Safari/537.36" "ysfine.com"
51.222.253.20 - - [13/Nov/2022:07:59:34 -0800] "GET /class54/class5470/total_data/refer_img/1-21_f.jpg HTTP/1.1" 200 29695 "-" "Mozilla/5.0 (compatible; AhrefsBot/7.0; +http://ahrefs.com/robot/)" "ysfine.com"
51.222.253.17 - - [13/Nov/2022:07:59:38 -0800] "GET /class54/class5470/total_data/sub_130.htm HTTP/1.1" 200 3313 "-" "Mozilla/5.0 (compatible; AhrefsBot/7.0; +http://ahrefs.com/robot/)" "ysfine.com"
51.222.253.6 - - [13/Nov/2022:07:59:40 -0800] "GET /class54/class5470/total_data/refer_img/1-20_f.jpg HTTP/1.1" 200 38649 "-" "Mozilla/5.0 (compatible; AhrefsBot/7.0; +http://ahrefs.com/robot/)" "ysfine.com"
51.222.253.14 - - [13/Nov/2022:07:59:42 -0800] "GET /class54/class5470/total_data/photo_img/1-30.jpg HTTP/1.1" 200 226090 "-" "Mozilla/5.0 (compatible; AhrefsBot/7.0; +http://ahrefs.com/robot/)" "ysfine.com"
51.222.253.6 - - [13/Nov/2022:07:59:46 -0800] "GET /class54/class5470/total_data/refer_img/1-26_f.jpg HTTP/1.1" 200 11795 "-" "Mozilla/5.0 (compatible; AhrefsBot/7.0; +http://ahrefs.com/robot/)" "ysfine.com"
95.163.255.110 - - [13/Nov/2022:07:59:49 -0800] "GET /robots.txt HTTP/1.1" 404 73 "-" "Mozilla/5.0 (compatible; Linux x86_64; Mail.RU_Bot/Img/2.0; +https://help.mail.ru/webmaster/indexing/robots)" "ysfine.com"
51.222.253.5 - - [13/Nov/2022:07:59:49 -0800] "GET /class54/class5470/total_data/img/01_smtitle30.gif HTTP/1.1" 200 786 "-" "Mozilla/5.0 (compatible; AhrefsBot/7.0; +http://ahrefs.com/robot/)" "ysfine.com"
51.222.253.1 - - [13/Nov/2022:07:59:52 -0800] "GET /class54/class5470/total_data/refer_img/1-23_f.jpg HTTP/1.1" 200 13938 "-" "Mozilla/5.0 (compatible; AhrefsBot/7.0; +http://ahrefs.com/robot/)" "ysfine.com"
51.222.253.8 - - [13/Nov/2022:07:59:57 -0800] "GET /class54/class5470/total_data/refer_img/1-32_f.jpg HTTP/1.1" 200 30349 "-" "Mozilla/5.0 (compatible; AhrefsBot/7.0; +http://ahrefs.com/robot/)" "ysfine.com"
51.222.253.4 - - [13/Nov/2022:08:00:03 -0800] "GET /class54/class5470/total_data/refer_img/1-18_f.jpg HTTP/1.1" 200 15806 "-" "Mozilla/5.0 (compatible; AhrefsBot/7.0; +http://ahrefs.com/robot/)" "ysfine.com"
51.222.253.8 - - [13/Nov/2022:08:01:07 -0800] "GET /ysbio/folks/uscan.html HTTP/1.1" 404 88 "-" "Mozilla/5.0 (compatible; AhrefsBot/7.0; +http://ahrefs.com/robot/)" "www.ysfine.com"
157.55.39.6 - - [13/Nov/2022:08:01:59 -0800] "GET /bio/style/leica.html HTTP/1.1" 404 88 "-" "Mozilla/5.0 AppleWebKit/537.36 (KHTML, like Gecko; compatible; bingbot/2.0; +http://www.bing.com/bingbot.htm) Chrome/103.0.5060.134 Safari/537.36" "ysfine.com"
216.244.66.229 - - [13/Nov/2022:08:02:11 -0800] "GET /ffriends/aline/virgin02.jpg HTTP/1.1" 200 156098 "-" "Mozilla/5.0 (compatible; DotBot/1.2; +https://opensiteexplorer.org/dotbot; help@moz.com)" "ysfine.com"
216.244.66.229 - - [13/Nov/2022:08:02:36 -0800] "GET /world/russ/kazakh02.jpg HTTP/1.1" 200 45348 "-" "Mozilla/5.0 (compatible; DotBot/1.2; +https://opensiteexplorer.org/dotbot; help@moz.com)" "ysfine.com"
38.126.157.40 - - [13/Nov/2022:08:02:37 -0800] "GET /world/russ/spbf36.jpg HTTP/1.1" 200 123024 "-" "Mozilla/5.0 (compatible; FemtosearchBot/1.0; http://femtosearch.com)" "ysfine.com"
38.126.157.40 - - [13/Nov/2022:08:02:38 -0800] "GET /einstein/eindc33b.jpg HTTP/1.1" 200 54447 "-" "Mozilla/5.0 (compatible; FemtosearchBot/1.0; http://femtosearch.com)" "ysfine.com"
38.126.157.40 - - [13/Nov/2022:08:02:38 -0800] "GET /ffriends/russsh01.jpg HTTP/1.1" 200 94545 "-" "Mozilla/5.0 (compatible; FemtosearchBot/1.0; http://femtosearch.com)" "ysfine.com"
38.126.157.40 - - [13/Nov/2022:08:02:38 -0800] "GET /ysbio/fotos/wsj21.jpg HTTP/1.1" 404 88 "-" "Mozilla/5.0 (compatible; FemtosearchBot/1.0; http://femtosearch.com)" "ysfine.com"
38.126.157.40 - - [13/Nov/2022:08:02:38 -0800] "GET /world/russ/spbf61.jpg HTTP/1.1" 200 110690 "-" "Mozilla/5.0 (compatible; FemtosearchBot/1.0; http://femtosearch.com)" "ysfine.com"
38.126.157.40 - - [13/Nov/2022:08:02:38 -0800] "GET /princeton/orren22.jpg HTTP/1.1" 200 109132 "-" "Mozilla/5.0 (compatible; FemtosearchBot/1.0; http://femtosearch.com)" "ysfine.com"
38.126.157.40 - - [13/Nov/2022:08:02:38 -0800] "GET /princeton/denuzio.jpg HTTP/1.1" 200 80948 "-" "Mozilla/5.0 (compatible; FemtosearchBot/1.0; http://femtosearch.com)" "ysfine.com"
38.126.157.40 - - [13/Nov/2022:08:02:38 -0800] "GET /world/russ/czar08.jpg HTTP/1.1" 200 144437 "-" "Mozilla/5.0 (compatible; FemtosearchBot/1.0; http://femtosearch.com)" "ysfine.com"
51.222.253.9 - - [13/Nov/2022:08:02:39 -0800] "GET /class54/class5470/total_data/sub_132.htm HTTP/1.1" 200 3307 "-" "Mozilla/5.0 (compatible; AhrefsBot/7.0; +http://ahrefs.com/robot/)" "ysfine.com"
207.46.13.134 - - [13/Nov/2022:08:03:06 -0800] "GET /bio/world/cambr.html HTTP/1.1" 404 88 "-" "Mozilla/5.0 (compatible; bingbot/2.0; +http://www.bing.com/bingbot.htm)" "ysfine.com"
157.55.39.6 - - [13/Nov/2022:08:03:49 -0800] "GET /bio/kobak/namdae.html HTTP/1.1" 404 88 "-" "Mozilla/5.0 (compatible; bingbot/2.0; +http://www.bing.com/bingbot.htm)" "ysfine.com"
51.222.253.18 - - [13/Nov/2022:08:04:09 -0800] "GET /class54/class5470/total_data/sub_121.htm HTTP/1.1" 200 3313 "-" "Mozilla/5.0 (compatible; AhrefsBot/7.0; +http://ahrefs.com/robot/)" "ysfine.com"
51.222.253.16 - - [13/Nov/2022:08:05:42 -0800] "GET /class54/class5470/total_data/sub_128.htm HTTP/1.1" 200 3312 "-" "Mozilla/5.0 (compatible; AhrefsBot/7.0; +http://ahrefs.com/robot/)" "ysfine.com"
157.55.39.129 - - [13/Nov/2022:08:05:47 -0800] "GET /bio/world/kalinin22.html HTTP/1.1" 404 88 "-" "Mozilla/5.0 (compatible; bingbot/2.0; +http://www.bing.com/bingbot.htm)" "ysfine.com"
157.55.39.76 - - [13/Nov/2022:08:06:04 -0800] "GET /bio/sbk/1950.html HTTP/1.1" 404 88 "-" "Mozilla/5.0 AppleWebKit/537.36 (KHTML, like Gecko; compatible; bingbot/2.0; +http://www.bing.com/bingbot.htm) Chrome/103.0.5060.134 Safari/537.36" "ysfine.com"
14.123.227.241 - - [13/Nov/2022:08:06:12 -0800] "GET /world/china/shenyang.html HTTP/1.1" 200 5154 "-" "Mozilla/5.0 (Windows NT 10.0; Win64; x64) AppleWebKit/537.36 (KHTML, like Gecko) Chrome/96.0.4664.110 Safari/537.36" "ysfine.com"
216.244.66.229 - - [13/Nov/2022:08:06:50 -0800] "GET /usca/pitt/fortpitt01.jpg HTTP/1.1" 200 165647 "-" "Mozilla/5.0 (compatible; DotBot/1.2; +https://opensiteexplorer.org/dotbot; help@moz.com)" "ysfine.com"
38.126.157.40 - - [13/Nov/2022:08:07:01 -0800] "GET /newyork/vuiton33c.jpg HTTP/1.1" 200 41872 "-" "Mozilla/5.0 (compatible; FemtosearchBot/1.0; http://femtosearch.com)" "ysfine.com"
38.126.157.40 - - [13/Nov/2022:08:07:01 -0800] "GET /ffriends/dongio33.jpg HTTP/1.1" 200 200923 "-" "Mozilla/5.0 (compatible; FemtosearchBot/1.0; http://femtosearch.com)" "ysfine.com"
38.126.157.40 - - [13/Nov/2022:08:07:01 -0800] "GET /world/russ/mosf23.jpg HTTP/1.1" 200 128932 "-" "Mozilla/5.0 (compatible; FemtosearchBot/1.0; http://femtosearch.com)" "ysfine.com"
38.126.157.40 - - [13/Nov/2022:08:07:01 -0800] "GET /beau/russparis03b.jpg HTTP/1.1" 404 88 "-" "Mozilla/5.0 (compatible; FemtosearchBot/1.0; http://femtosearch.com)" "ysfine.com"
38.126.157.40 - - [13/Nov/2022:08:07:01 -0800] "GET /world/russ/mosf04.jpg HTTP/1.1" 200 77947 "-" "Mozilla/5.0 (compatible; FemtosearchBot/1.0; http://femtosearch.com)" "ysfine.com"
38.126.157.40 - - [13/Nov/2022:08:07:01 -0800] "GET /dirac/dirackim62.html HTTP/1.1" 200 2970 "-" "Mozilla/5.0 (compatible; FemtosearchBot/1.0; http://femtosearch.com)" "ysfine.com"
38.126.157.40 - - [13/Nov/2022:08:07:02 -0800] "GET /ffriends/molda06c.jpg HTTP/1.1" 200 47299 "-" "Mozilla/5.0 (compatible; FemtosearchBot/1.0; http://femtosearch.com)" "ysfine.com"
38.126.157.40 - - [13/Nov/2022:08:07:02 -0800] "GET /einstein/jsbell01.jpg HTTP/1.1" 200 47911 "-" "Mozilla/5.0 (compatible; FemtosearchBot/1.0; http://femtosearch.com)" "ysfine.com"
51.222.253.20 - - [13/Nov/2022:08:07:11 -0800] "GET /ysbio/world/london.html HTTP/1.1" 404 88 "-" "Mozilla/5.0 (compatible; AhrefsBot/7.0; +http://ahrefs.com/robot/)" "ysfine.com"
216.244.66.229 - - [13/Nov/2022:08:07:12 -0800] "GET /world/germany/dresdenf16.jpg HTTP/1.1" 200 286901 "-" "Mozilla/5.0 (compatible; DotBot/1.2; +https://opensiteexplorer.org/dotbot; help@moz.com)" "ysfine.com"
216.244.66.229 - - [13/Nov/2022:08:07:35 -0800] "GET /world/germany/humboldt07.jpg HTTP/1.1" 200 155557 "-" "Mozilla/5.0 (compatible; DotBot/1.2; +https://opensiteexplorer.org/dotbot; help@moz.com)" "ysfine.com"
207.46.13.134 - - [13/Nov/2022:08:07:46 -0800] "GET /bio/pquartet.html HTTP/1.1" 404 88 "-" "Mozilla/5.0 AppleWebKit/537.36 (KHTML, like Gecko; compatible; bingbot/2.0; +http://www.bing.com/bingbot.htm) Chrome/103.0.5060.134 Safari/537.36" "ysfine.com"
216.244.66.229 - - [13/Nov/2022:08:08:12 -0800] "GET /world/germany/tubw21.jpg HTTP/1.1" 200 98236 "-" "Mozilla/5.0 (compatible; DotBot/1.2; +https://opensiteexplorer.org/dotbot; help@moz.com)" "ysfine.com"
51.222.253.11 - - [13/Nov/2022:08:08:42 -0800] "GET /class54/class5470/total_data/sub_124.htm HTTP/1.1" 200 3309 "-" "Mozilla/5.0 (compatible; AhrefsBot/7.0; +http://ahrefs.com/robot/)" "ysfine.com"
207.46.13.134 - - [13/Nov/2022:08:09:26 -0800] "GET /bio/heisen/heisen54.html HTTP/1.1" 404 88 "-" "Mozilla/5.0 AppleWebKit/537.36 (KHTML, like Gecko; compatible; bingbot/2.0; +http://www.bing.com/bingbot.htm) Chrome/103.0.5060.134 Safari/537.36" "ysfine.com"
119.29.2.94 - - [13/Nov/2022:08:09:48 -0800] "GET / HTTP/1.1" 200 5283 "http://www.ysfine.com" "Mozilla/5.0 (Windows NT 10.0; Win64; x64) AppleWebKit/537.36 (KHTML, like Gecko) Chrome/87.0.4280.67 Safari/537.36 Edg/87.0.664.52" "www.ysfine.com"
51.222.253.8 - - [13/Nov/2022:08:10:25 -0800] "GET /class54/class5470/total_data/sub_131.htm HTTP/1.1" 200 3309 "-" "Mozilla/5.0 (compatible; AhrefsBot/7.0; +http://ahrefs.com/robot/)" "ysfine.com"
207.46.13.134 - - [13/Nov/2022:08:11:07 -0800] "GET /bio/wigner/e(2).html HTTP/1.1" 404 88 "-" "Mozilla/5.0 AppleWebKit/537.36 (KHTML, like Gecko; compatible; bingbot/2.0; +http://www.bing.com/bingbot.htm) Chrome/103.0.5060.134 Safari/537.36" "ysfine.com"
38.126.157.40 - - [13/Nov/2022:08:11:21 -0800] "GET /wisdom/bigpower01.jpg HTTP/1.1" 200 77902 "-" "Mozilla/5.0 (compatible; FemtosearchBot/1.0; http://femtosearch.com)" "ysfine.com"
38.126.157.40 - - [13/Nov/2022:08:11:21 -0800] "GET /newyork/radioci10.jpg HTTP/1.1" 200 113050 "-" "Mozilla/5.0 (compatible; FemtosearchBot/1.0; http://femtosearch.com)" "ysfine.com"
38.126.157.40 - - [13/Nov/2022:08:11:22 -0800] "GET /world/russ/krem36.jpg HTTP/1.1" 200 91271 "-" "Mozilla/5.0 (compatible; FemtosearchBot/1.0; http://femtosearch.com)" "ysfine.com"
38.126.157.40 - - [13/Nov/2022:08:11:22 -0800] "GET /wigner/wight2002a.jpg HTTP/1.1" 200 57767 "-" "Mozilla/5.0 (compatible; FemtosearchBot/1.0; http://femtosearch.com)" "ysfine.com"
38.126.157.40 - - [13/Nov/2022:08:11:22 -0800] "GET /ffriends/taiwan03.jpg HTTP/1.1" 200 246012 "-" "Mozilla/5.0 (compatible; FemtosearchBot/1.0; http://femtosearch.com)" "ysfine.com"
38.126.157.40 - - [13/Nov/2022:08:11:22 -0800] "GET /feynman/feynrigh.html HTTP/1.1" 200 2183 "-" "Mozilla/5.0 (compatible; FemtosearchBot/1.0; http://femtosearch.com)" "ysfine.com"
38.126.157.40 - - [13/Nov/2022:08:11:22 -0800] "GET /newyork/stregis11.jpg HTTP/1.1" 200 101513 "-" "Mozilla/5.0 (compatible; FemtosearchBot/1.0; http://femtosearch.com)" "ysfine.com"
38.126.157.40 - - [13/Nov/2022:08:11:23 -0800] "GET /friends/turkstu07.jpg HTTP/1.1" 404 88 "-" "Mozilla/5.0 (compatible; FemtosearchBot/1.0; http://femtosearch.com)" "ysfine.com"
51.222.253.11 - - [13/Nov/2022:08:12:08 -0800] "GET /ysbio/dirac/dirackim62.html HTTP/1.1" 404 88 "-" "Mozilla/5.0 (compatible; AhrefsBot/7.0; +http://ahrefs.com/robot/)" "ysfine.com"
20.239.146.102 - - [13/Nov/2022:08:12:35 -0800] "GET /data/admin/allowurl.txt HTTP/1.1" 404 88 "-" "Mozilla/5.0 (Windows NT 10.0; WOW64; rv:48.0) Gecko/20100101 Firefox/48.0" "ysfine.com"
123.125.109.52 - - [13/Nov/2022:08:13:17 -0800] "GET / HTTP/1.1" 200 5283 "-" "Sogou web spider/4.0(+http://www.sogou.com/docs/help/webmasters.htm#07)" "ysfine.com"
40.77.167.71 - - [13/Nov/2022:08:13:34 -0800] "GET /bio/feynman/partons.html HTTP/1.1" 404 88 "-" "Mozilla/5.0 (compatible; bingbot/2.0; +http://www.bing.com/bingbot.htm)" "ysfine.com"
95.163.255.100 - - [13/Nov/2022:08:13:38 -0800] "GET /wisdom/happyend.html HTTP/1.1" 200 1088 "http://go.mail.ru/search_images" "Mozilla/5.0 (compatible; Linux x86_64; Mail.RU_Bot/Img/2.0; +https://help.mail.ru/webmaster/indexing/robots)" "ysfine.com"
51.222.253.13 - - [13/Nov/2022:08:13:43 -0800] "GET /einstein/ewk.html HTTP/1.1" 200 4230 "-" "Mozilla/5.0 (compatible; AhrefsBot/7.0; +http://ahrefs.com/robot/)" "www.ysfine.com"
51.222.253.11 - - [13/Nov/2022:08:13:50 -0800] "GET /eink/emc23b.jpg HTTP/1.1" 200 41966 "-" "Mozilla/5.0 (compatible; AhrefsBot/7.0; +http://ahrefs.com/robot/)" "www.ysfine.com"
51.222.253.14 - - [13/Nov/2022:08:13:56 -0800] "GET /einstein/newtein11a.jpg HTTP/1.1" 200 58594 "-" "Mozilla/5.0 (compatible; AhrefsBot/7.0; +http://ahrefs.com/robot/)" "www.ysfine.com"
51.222.253.12 - - [13/Nov/2022:08:14:02 -0800] "GET /einstein/eins05b.jpg HTTP/1.1" 200 47795 "-" "Mozilla/5.0 (compatible; AhrefsBot/7.0; +http://ahrefs.com/robot/)" "www.ysfine.com"
51.222.253.18 - - [13/Nov/2022:08:14:07 -0800] "GET /einstein/wigein600.jpg HTTP/1.1" 200 38831 "-" "Mozilla/5.0 (compatible; AhrefsBot/7.0; +http://ahrefs.com/robot/)" "www.ysfine.com"
51.222.253.4 - - [13/Nov/2022:08:14:13 -0800] "GET /einstein/places/einha02b.jpg HTTP/1.1" 200 35565 "-" "Mozilla/5.0 (compatible; AhrefsBot/7.0; +http://ahrefs.com/robot/)" "www.ysfine.com"
51.222.253.11 - - [13/Nov/2022:08:14:19 -0800] "GET /einstein/einbohr33b.jpg HTTP/1.1" 200 42636 "-" "Mozilla/5.0 (compatible; AhrefsBot/7.0; +http://ahrefs.com/robot/)" "www.ysfine.com"
51.222.253.13 - - [13/Nov/2022:08:14:25 -0800] "GET /einstein/dirfeyn55a.jpg HTTP/1.1" 200 75479 "-" "Mozilla/5.0 (compatible; AhrefsBot/7.0; +http://ahrefs.com/robot/)" "www.ysfine.com"
51.222.253.14 - - [13/Nov/2022:08:14:31 -0800] "GET /einstein/places/einha01b.jpg HTTP/1.1" 200 41574 "-" "Mozilla/5.0 (compatible; AhrefsBot/7.0; +http://ahrefs.com/robot/)" "www.ysfine.com"
157.55.39.6 - - [13/Nov/2022:08:15:09 -0800] "GET /bio/world/leipzig.html HTTP/1.1" 404 88 "-" "Mozilla/5.0 (compatible; bingbot/2.0; +http://www.bing.com/bingbot.htm)" "ysfine.com"
65.108.41.34 - - [13/Nov/2022:08:15:12 -0800] "GET /robots.txt HTTP/1.1" 404 73 "-" "Mozilla/5.0 (compatible; MJ12bot/v1.4.8; http://mj12bot.com/)" "ysfine.com"
51.222.253.18 - - [13/Nov/2022:08:15:16 -0800] "GET /class54/class5480/?C=S;O=A HTTP/1.1" 200 379 "-" "Mozilla/5.0 (compatible; AhrefsBot/7.0; +http://ahrefs.com/robot/)" "ysfine.com"
38.126.157.40 - - [13/Nov/2022:08:15:41 -0800] "GET /feynman/restof55b.jpg HTTP/1.1" 200 52052 "-" "Mozilla/5.0 (compatible; FemtosearchBot/1.0; http://femtosearch.com)" "ysfine.com"
38.126.157.40 - - [13/Nov/2022:08:15:41 -0800] "GET /world/russ/mosf16.jpg HTTP/1.1" 200 92402 "-" "Mozilla/5.0 (compatible; FemtosearchBot/1.0; http://femtosearch.com)" "ysfine.com"
38.126.157.40 - - [13/Nov/2022:08:15:41 -0800] "GET /ysbio/fotos/ys53d.jpg HTTP/1.1" 404 88 "-" "Mozilla/5.0 (compatible; FemtosearchBot/1.0; http://femtosearch.com)" "ysfine.com"
38.126.157.40 - - [13/Nov/2022:08:15:41 -0800] "GET /home/figs/evol77d.jpg HTTP/1.1" 200 66615 "-" "Mozilla/5.0 (compatible; FemtosearchBot/1.0; http://femtosearch.com)" "ysfine.com"
38.126.157.40 - - [13/Nov/2022:08:15:41 -0800] "GET /wigner/neum/vnc18.jpg HTTP/1.1" 200 89614 "-" "Mozilla/5.0 (compatible; FemtosearchBot/1.0; http://femtosearch.com)" "ysfine.com"
38.126.157.40 - - [13/Nov/2022:08:15:41 -0800] "GET /class54/taylor54d.jpg HTTP/1.1" 200 65653 "-" "Mozilla/5.0 (compatible; FemtosearchBot/1.0; http://femtosearch.com)" "ysfine.com"
38.126.157.40 - - [13/Nov/2022:08:15:42 -0800] "GET /einstein/einchew.html HTTP/1.1" 200 4831 "-" "Mozilla/5.0 (compatible; FemtosearchBot/1.0; http://femtosearch.com)" "ysfine.com"
38.126.157.40 - - [13/Nov/2022:08:15:45 -0800] "GET /einstein/eward33f.jpg HTTP/1.1" 200 77764 "-" "Mozilla/5.0 (compatible; FemtosearchBot/1.0; http://femtosearch.com)" "ysfine.com"
65.108.41.34 - - [13/Nov/2022:08:15:56 -0800] "GET /ysbio/class54/class5480/Pictures/2.%C3%AA%C2%B8%C2%B0%C3%AB%C2%85%C2%90%C3%AD%C2%96%C2%89%C3%AC%C2%82%C2%AC/%C3%AA%C2%B8%C2%B0%C3%AB%C2%85%C2%90%C3%AD%C2%96%C2%89%C3%AC%C2%82%C2%AC%20(75).jpg HTTP/1.1" 404 88 "-" "Mozilla/5.0 (compatible; MJ12bot/v1.4.8; http://mj12bot.com/)" "ysfine.com"
65.108.41.34 - - [13/Nov/2022:08:16:15 -0800] "GET /ysbio/class54/class5480/Pictures/2.%C3%AA%C2%B8%C2%B0%C3%AB%C2%85%C2%90%C3%AD%C2%96%C2%89%C3%AC%C2%82%C2%AC/%C3%AA%C2%B8%C2%B0%C3%AB%C2%85%C2%90%C3%AD%C2%96%C2%89%C3%AC%C2%82%C2%AC%20(76).jpg HTTP/1.1" 404 88 "-" "Mozilla/5.0 (compatible; MJ12bot/v1.4.8; http://mj12bot.com/)" "ysfine.com"
207.46.13.134 - - [13/Nov/2022:08:16:27 -0800] "GET /bio/style/ystyle.html HTTP/1.1" 404 88 "-" "Mozilla/5.0 (compatible; bingbot/2.0; +http://www.bing.com/bingbot.htm)" "ysfine.com"
207.46.13.134 - - [13/Nov/2022:08:16:27 -0800] "GET /ysbio/maga/hugo.html HTTP/1.1" 404 88 "-" "Mozilla/5.0 AppleWebKit/537.36 (KHTML, like Gecko; compatible; bingbot/2.0; +http://www.bing.com/bingbot.htm) Chrome/103.0.5060.134 Safari/537.36" "ysfine.com"
65.108.41.34 - - [13/Nov/2022:08:16:34 -0800] "GET /ysbio/class54/class5480/Pictures/2.%C3%AA%C2%B8%C2%B0%C3%AB%C2%85%C2%90%C3%AD%C2%96%C2%89%C3%AC%C2%82%C2%AC/%C3%AA%C2%B8%C2%B0%C3%AB%C2%85%C2%90%C3%AD%C2%96%C2%89%C3%AC%C2%82%C2%AC%20(77).jpg HTTP/1.1" 404 88 "-" "Mozilla/5.0 (compatible; MJ12bot/v1.4.8; http://mj12bot.com/)" "ysfine.com"
51.222.253.10 - - [13/Nov/2022:08:16:48 -0800] "GET /class54/class5470/total_data/sub_120.htm HTTP/1.1" 200 3310 "-" "Mozilla/5.0 (compatible; AhrefsBot/7.0; +http://ahrefs.com/robot/)" "ysfine.com"
65.108.41.34 - - [13/Nov/2022:08:16:58 -0800] "GET /ysbio/class54/class5480/Pictures/2.%C3%AA%C2%B8%C2%B0%C3%AB%C2%85%C2%90%C3%AD%C2%96%C2%89%C3%AC%C2%82%C2%AC/%C3%AA%C2%B8%C2%B0%C3%AB%C2%85%C2%90%C3%AD%C2%96%C2%89%C3%AC%C2%82%C2%AC%20(78).jpg HTTP/1.1" 404 88 "-" "Mozilla/5.0 (compatible; MJ12bot/v1.4.8; http://mj12bot.com/)" "ysfine.com"
14.123.227.241 - - [13/Nov/2022:08:17:13 -0800] "GET /world/china/shenyang.html HTTP/1.1" 200 5154 "-" "Mozilla/5.0 (Windows NT 10.0; Win64; x64) AppleWebKit/537.36 (KHTML, like Gecko) Chrome/96.0.4664.110 Safari/537.36" "ysfine.com"
65.108.41.34 - - [13/Nov/2022:08:17:24 -0800] "GET /ysbio/class54/class5480/Pictures/2.%C3%AA%C2%B8%C2%B0%C3%AB%C2%85%C2%90%C3%AD%C2%96%C2%89%C3%AC%C2%82%C2%AC/%C3%AA%C2%B8%C2%B0%C3%AB%C2%85%C2%90%C3%AD%C2%96%C2%89%C3%AC%C2%82%C2%AC%20(79).jpg HTTP/1.1" 404 88 "-" "Mozilla/5.0 (compatible; MJ12bot/v1.4.8; http://mj12bot.com/)" "ysfine.com"
65.108.41.34 - - [13/Nov/2022:08:17:47 -0800] "GET /ysbio/class54/class5480/Pictures/2.%C3%AA%C2%B8%C2%B0%C3%AB%C2%85%C2%90%C3%AD%C2%96%C2%89%C3%AC%C2%82%C2%AC/%C3%AA%C2%B8%C2%B0%C3%AB%C2%85%C2%90%C3%AD%C2%96%C2%89%C3%AC%C2%82%C2%AC%20(8).jpg HTTP/1.1" 404 88 "-" "Mozilla/5.0 (compatible; MJ12bot/v1.4.8; http://mj12bot.com/)" "ysfine.com"
157.55.39.129 - - [13/Nov/2022:08:17:49 -0800] "GET /bio/kobak/soraech.html HTTP/1.1" 404 88 "-" "Mozilla/5.0 AppleWebKit/537.36 (KHTML, like Gecko; compatible; bingbot/2.0; +http://www.bing.com/bingbot.htm) Chrome/103.0.5060.134 Safari/537.36" "ysfine.com"
65.108.41.34 - - [13/Nov/2022:08:18:01 -0800] "GET /ysbio/class54/class5480/Pictures/2.%C3%AA%C2%B8%C2%B0%C3%AB%C2%85%C2%90%C3%AD%C2%96%C2%89%C3%AC%C2%82%C2%AC/%C3%AA%C2%B8%C2%B0%C3%AB%C2%85%C2%90%C3%AD%C2%96%C2%89%C3%AC%C2%82%C2%AC%20(80).jpg HTTP/1.1" 404 88 "-" "Mozilla/5.0 (compatible; MJ12bot/v1.4.8; http://mj12bot.com/)" "ysfine.com"
65.108.41.34 - - [13/Nov/2022:08:18:21 -0800] "GET /ysbio/class54/class5480/Pictures/2.%C3%AA%C2%B8%C2%B0%C3%AB%C2%85%C2%90%C3%AD%C2%96%C2%89%C3%AC%C2%82%C2%AC/%C3%AA%C2%B8%C2%B0%C3%AB%C2%85%C2%90%C3%AD%C2%96%C2%89%C3%AC%C2%82%C2%AC%20(81).jpg HTTP/1.1" 404 88 "-" "Mozilla/5.0 (compatible; MJ12bot/v1.4.8; http://mj12bot.com/)" "ysfine.com"
73.16.172.251 - - [13/Nov/2022:08:18:24 -0800] "GET /princeton/dulles.jpg HTTP/1.1" 200 84176 "https://www.google.com/" "Mozilla/5.0 (iPhone; CPU iPhone OS 15_6_1 like Mac OS X) AppleWebKit/605.1.15 (KHTML, like Gecko) Version/15.6.1 Mobile/15E148 Safari/604.1" "ysfine.com"
65.108.41.34 - - [13/Nov/2022:08:18:30 -0800] "GET /ysbio/class54/class5480/Pictures/2.%C3%AA%C2%B8%C2%B0%C3%AB%C2%85%C2%90%C3%AD%C2%96%C2%89%C3%AC%C2%82%C2%AC/%C3%AA%C2%B8%C2%B0%C3%AB%C2%85%C2%90%C3%AD%C2%96%C2%89%C3%AC%C2%82%C2%AC%20(82).jpg HTTP/1.1" 404 88 "-" "Mozilla/5.0 (compatible; MJ12bot/v1.4.8; http://mj12bot.com/)" "ysfine.com"
51.222.253.8 - - [13/Nov/2022:08:18:31 -0800] "GET /class54/class5480/?C=D;O=A HTTP/1.1" 200 378 "-" "Mozilla/5.0 (compatible; AhrefsBot/7.0; +http://ahrefs.com/robot/)" "ysfine.com"
65.108.41.34 - - [13/Nov/2022:08:18:49 -0800] "GET /ysbio/class54/class5480/Pictures/2.%C3%AA%C2%B8%C2%B0%C3%AB%C2%85%C2%90%C3%AD%C2%96%C2%89%C3%AC%C2%82%C2%AC/%C3%AA%C2%B8%C2%B0%C3%AB%C2%85%C2%90%C3%AD%C2%96%C2%89%C3%AC%C2%82%C2%AC%20(83).jpg HTTP/1.1" 404 88 "-" "Mozilla/5.0 (compatible; MJ12bot/v1.4.8; http://mj12bot.com/)" "ysfine.com"
65.108.41.34 - - [13/Nov/2022:08:19:01 -0800] "GET /ysbio/class54/class5480/Pictures/2.%C3%AA%C2%B8%C2%B0%C3%AB%C2%85%C2%90%C3%AD%C2%96%C2%89%C3%AC%C2%82%C2%AC/%C3%AA%C2%B8%C2%B0%C3%AB%C2%85%C2%90%C3%AD%C2%96%C2%89%C3%AC%C2%82%C2%AC%20(84).jpg HTTP/1.1" 404 88 "-" "Mozilla/5.0 (compatible; MJ12bot/v1.4.8; http://mj12bot.com/)" "ysfine.com"
40.77.167.27 - - [13/Nov/2022:08:19:05 -0800] "GET /bio/style/proschanie.html HTTP/1.1" 404 88 "-" "Mozilla/5.0 (compatible; bingbot/2.0; +http://www.bing.com/bingbot.htm)" "ysfine.com"
65.108.41.34 - - [13/Nov/2022:08:19:14 -0800] "GET /ysbio/class54/class5480/Pictures/2.%C3%AA%C2%B8%C2%B0%C3%AB%C2%85%C2%90%C3%AD%C2%96%C2%89%C3%AC%C2%82%C2%AC/%C3%AA%C2%B8%C2%B0%C3%AB%C2%85%C2%90%C3%AD%C2%96%C2%89%C3%AC%C2%82%C2%AC%20(85).jpg HTTP/1.1" 404 88 "-" "Mozilla/5.0 (compatible; MJ12bot/v1.4.8; http://mj12bot.com/)" "ysfine.com"
