91.219.254.101 - - [13/Nov/2022:05:34:19 -0800] "GET /ysbio//world/marx.html HTTP/1.1" 404 88 "-" "Mozilla/5.0 (compatible; MJ12bot/v1.4.8; http://mj12bot.com/)" "www.ysfine.com"
91.219.254.101 - - [13/Nov/2022:05:34:20 -0800] "GET /ysbio//world/poland/bus175.jpg HTTP/1.1" 404 88 "-" "Mozilla/5.0 (compatible; MJ12bot/v1.4.8; http://mj12bot.com/)" "www.ysfine.com"
91.219.254.101 - - [13/Nov/2022:05:34:22 -0800] "GET /ysbio//world/poland/gdnf01.jpg HTTP/1.1" 404 88 "-" "Mozilla/5.0 (compatible; MJ12bot/v1.4.8; http://mj12bot.com/)" "www.ysfine.com"
91.219.254.101 - - [13/Nov/2022:05:34:24 -0800] "GET /ysbio//world/poland/gdnf04.jpg HTTP/1.1" 404 88 "-" "Mozilla/5.0 (compatible; MJ12bot/v1.4.8; http://mj12bot.com/)" "www.ysfine.com"
91.219.254.101 - - [13/Nov/2022:05:34:25 -0800] "GET /ysbio//world/poland/gdnf05.jpg HTTP/1.1" 404 88 "-" "Mozilla/5.0 (compatible; MJ12bot/v1.4.8; http://mj12bot.com/)" "www.ysfine.com"
91.219.254.101 - - [13/Nov/2022:05:34:27 -0800] "GET /ysbio//world/poland/jarema.html HTTP/1.1" 404 88 "-" "Mozilla/5.0 (compatible; MJ12bot/v1.4.8; http://mj12bot.com/)" "www.ysfine.com"
91.219.254.101 - - [13/Nov/2022:05:34:29 -0800] "GET /ysbio//world/poland/krkf33.jpg HTTP/1.1" 404 88 "-" "Mozilla/5.0 (compatible; MJ12bot/v1.4.8; http://mj12bot.com/)" "www.ysfine.com"
91.219.254.101 - - [13/Nov/2022:05:34:30 -0800] "GET /ysbio//world/poland/krkf50.jpg HTTP/1.1" 404 88 "-" "Mozilla/5.0 (compatible; MJ12bot/v1.4.8; http://mj12bot.com/)" "www.ysfine.com"
91.219.254.101 - - [13/Nov/2022:05:34:32 -0800] "GET /ysbio//world/poland/krkf51.jpg HTTP/1.1" 404 88 "-" "Mozilla/5.0 (compatible; MJ12bot/v1.4.8; http://mj12bot.com/)" "www.ysfine.com"
91.219.254.101 - - [13/Nov/2022:05:34:34 -0800] "GET /ysbio//world/poland/krkf52.jpg HTTP/1.1" 404 88 "-" "Mozilla/5.0 (compatible; MJ12bot/v1.4.8; http://mj12bot.com/)" "www.ysfine.com"
91.219.254.101 - - [13/Nov/2022:05:34:36 -0800] "GET /ysbio//world/poland/polstu11.jpg HTTP/1.1" 404 88 "-" "Mozilla/5.0 (compatible; MJ12bot/v1.4.8; http://mj12bot.com/)" "www.ysfine.com"
91.219.254.101 - - [13/Nov/2022:05:34:38 -0800] "GET /ysbio//world/poland/polstu20.jpg HTTP/1.1" 404 88 "-" "Mozilla/5.0 (compatible; MJ12bot/v1.4.8; http://mj12bot.com/)" "www.ysfine.com"
91.219.254.101 - - [13/Nov/2022:05:34:40 -0800] "GET /ysbio//world/poland/polstu21.jpg HTTP/1.1" 404 88 "-" "Mozilla/5.0 (compatible; MJ12bot/v1.4.8; http://mj12bot.com/)" "www.ysfine.com"
91.219.254.101 - - [13/Nov/2022:05:34:41 -0800] "GET /ysbio//world/poland/polstu26.jpg HTTP/1.1" 404 88 "-" "Mozilla/5.0 (compatible; MJ12bot/v1.4.8; http://mj12bot.com/)" "www.ysfine.com"
91.219.254.101 - - [13/Nov/2022:05:34:43 -0800] "GET /ysbio//world/poland/poznanf11.jpg HTTP/1.1" 404 88 "-" "Mozilla/5.0 (compatible; MJ12bot/v1.4.8; http://mj12bot.com/)" "www.ysfine.com"
157.55.39.6 - - [13/Nov/2022:05:34:45 -0800] "GET /bio/world/leipzig.html HTTP/1.1" 404 88 "-" "Mozilla/5.0 (compatible; bingbot/2.0; +http://www.bing.com/bingbot.htm)" "ysfine.com"
91.219.254.101 - - [13/Nov/2022:05:34:45 -0800] "GET /ysbio//world/poland/sopotf01.jpg HTTP/1.1" 404 88 "-" "Mozilla/5.0 (compatible; MJ12bot/v1.4.8; http://mj12bot.com/)" "www.ysfine.com"
38.126.157.40 - - [13/Nov/2022:05:34:46 -0800] "GET /wdc/waskor005c.jpg HTTP/1.1" 200 35550 "-" "Mozilla/5.0 (compatible; FemtosearchBot/1.0; http://femtosearch.com)" "ysfine.com"
38.126.157.40 - - [13/Nov/2022:05:34:46 -0800] "GET /style/tchaikov2.jpg HTTP/1.1" 200 38919 "-" "Mozilla/5.0 (compatible; FemtosearchBot/1.0; http://femtosearch.com)" "ysfine.com"
38.126.157.40 - - [13/Nov/2022:05:34:46 -0800] "GET /wigner/little11.pdf HTTP/1.1" 200 156821 "-" "Mozilla/5.0 (compatible; FemtosearchBot/1.0; http://femtosearch.com)" "ysfine.com"
38.126.157.40 - - [13/Nov/2022:05:34:46 -0800] "GET /newyork/colum15.jpg HTTP/1.1" 200 178519 "-" "Mozilla/5.0 (compatible; FemtosearchBot/1.0; http://femtosearch.com)" "ysfine.com"
38.126.157.40 - - [13/Nov/2022:05:34:46 -0800] "GET /ffriends/nypops.jpg HTTP/1.1" 404 88 "-" "Mozilla/5.0 (compatible; FemtosearchBot/1.0; http://femtosearch.com)" "ysfine.com"
38.126.157.40 - - [13/Nov/2022:05:34:46 -0800] "GET /ffriends/iran05.jpg HTTP/1.1" 200 54161 "-" "Mozilla/5.0 (compatible; FemtosearchBot/1.0; http://femtosearch.com)" "ysfine.com"
38.126.157.40 - - [13/Nov/2022:05:34:46 -0800] "GET /newyork/colum13.jpg HTTP/1.1" 200 75548 "-" "Mozilla/5.0 (compatible; FemtosearchBot/1.0; http://femtosearch.com)" "ysfine.com"
38.126.157.40 - - [13/Nov/2022:05:34:47 -0800] "GET /ffriends/prgr02.jpg HTTP/1.1" 404 88 "-" "Mozilla/5.0 (compatible; FemtosearchBot/1.0; http://femtosearch.com)" "ysfine.com"
91.219.254.101 - - [13/Nov/2022:05:34:47 -0800] "GET /ysbio//world/poland/wawf15.jpg HTTP/1.1" 404 88 "-" "Mozilla/5.0 (compatible; MJ12bot/v1.4.8; http://mj12bot.com/)" "www.ysfine.com"
91.219.254.101 - - [13/Nov/2022:05:34:49 -0800] "GET /ysbio//world/poland/wawf16.jpg HTTP/1.1" 404 88 "-" "Mozilla/5.0 (compatible; MJ12bot/v1.4.8; http://mj12bot.com/)" "www.ysfine.com"
95.163.255.90 - - [13/Nov/2022:05:34:50 -0800] "GET /remote/wigner111/frame06.html HTTP/1.1" 200 390 "http://go.mail.ru/search_images" "Mozilla/5.0 (compatible; Linux x86_64; Mail.RU_Bot/Img/2.0; +https://help.mail.ru/webmaster/indexing/robots)" "www.ysfine.com"
91.219.254.101 - - [13/Nov/2022:05:34:52 -0800] "GET /ysbio//world/russ/Kharkov14.jpg HTTP/1.1" 404 88 "-" "Mozilla/5.0 (compatible; MJ12bot/v1.4.8; http://mj12bot.com/)" "www.ysfine.com"
95.163.255.61 - - [13/Nov/2022:05:34:52 -0800] "GET /kobak/1919.html HTTP/1.1" 200 6884 "http://go.mail.ru/search_images" "Mozilla/5.0 (compatible; Linux x86_64; Mail.RU_Bot/Img/2.0; +https://help.mail.ru/webmaster/indexing/robots)" "www.ysfine.com"
91.219.254.101 - - [13/Nov/2022:05:34:54 -0800] "GET /ysbio//world/russ/dub21.jpg HTTP/1.1" 404 88 "-" "Mozilla/5.0 (compatible; MJ12bot/v1.4.8; http://mj12bot.com/)" "www.ysfine.com"
91.219.254.101 - - [13/Nov/2022:05:34:56 -0800] "GET /ysbio//world/russ/flower01.jpg HTTP/1.1" 404 88 "-" "Mozilla/5.0 (compatible; MJ12bot/v1.4.8; http://mj12bot.com/)" "www.ysfine.com"
91.219.254.101 - - [13/Nov/2022:05:34:58 -0800] "GET /ysbio//world/russ/flower02.jpg HTTP/1.1" 404 88 "-" "Mozilla/5.0 (compatible; MJ12bot/v1.4.8; http://mj12bot.com/)" "www.ysfine.com"
91.219.254.101 - - [13/Nov/2022:05:35:02 -0800] "GET /ysbio//world/russ/gatf08.jpg HTTP/1.1" 404 88 "-" "Mozilla/5.0 (compatible; MJ12bot/v1.4.8; http://mj12bot.com/)" "www.ysfine.com"
91.219.254.101 - - [13/Nov/2022:05:35:05 -0800] "GET /ysbio//world/russ/gatf09.jpg HTTP/1.1" 404 88 "-" "Mozilla/5.0 (compatible; MJ12bot/v1.4.8; http://mj12bot.com/)" "www.ysfine.com"
91.219.254.101 - - [13/Nov/2022:05:35:07 -0800] "GET /ysbio//world/russ/itep11.jpg HTTP/1.1" 404 88 "-" "Mozilla/5.0 (compatible; MJ12bot/v1.4.8; http://mj12bot.com/)" "www.ysfine.com"
91.219.254.101 - - [13/Nov/2022:05:35:09 -0800] "GET /ysbio//world/russ/itep22.jpg HTTP/1.1" 404 88 "-" "Mozilla/5.0 (compatible; MJ12bot/v1.4.8; http://mj12bot.com/)" "www.ysfine.com"
91.219.254.101 - - [13/Nov/2022:05:35:11 -0800] "GET /ysbio//world/russ/itep44.jpg HTTP/1.1" 404 88 "-" "Mozilla/5.0 (compatible; MJ12bot/v1.4.8; http://mj12bot.com/)" "www.ysfine.com"
40.77.167.71 - - [13/Nov/2022:05:35:20 -0800] "GET /bio/world/season.html HTTP/1.1" 404 88 "-" "Mozilla/5.0 AppleWebKit/537.36 (KHTML, like Gecko; compatible; bingbot/2.0; +http://www.bing.com/bingbot.htm) Chrome/103.0.5060.134 Safari/537.36" "ysfine.com"
104.28.97.21 - - [13/Nov/2022:05:35:41 -0800] "GET /dirac/dirheisen31b.jpg HTTP/1.1" 200 39248 "-" "Safari/17614.1.25.9.10 CFNetwork/1335.0.3 Darwin/21.6.0" "ysfine.com"
95.163.255.110 - - [13/Nov/2022:05:36:38 -0800] "GET /houses/christmas.html HTTP/1.1" 200 459 "http://go.mail.ru/search_images" "Mozilla/5.0 (compatible; Linux x86_64; Mail.RU_Bot/Img/2.0; +https://help.mail.ru/webmaster/indexing/robots)" "www.ysfine.com"
157.55.39.129 - - [13/Nov/2022:05:36:42 -0800] "GET /bio/kobak/soraech.html HTTP/1.1" 404 88 "-" "Mozilla/5.0 (compatible; bingbot/2.0; +http://www.bing.com/bingbot.htm)" "ysfine.com"
157.55.39.76 - - [13/Nov/2022:05:36:59 -0800] "GET /bio/awards/marq.html HTTP/1.1" 404 88 "-" "Mozilla/5.0 (compatible; bingbot/2.0; +http://www.bing.com/bingbot.htm)" "ysfine.com"
51.222.253.9 - - [13/Nov/2022:05:37:06 -0800] "GET / HTTP/1.1" 200 5283 "-" "Mozilla/5.0 (compatible; AhrefsBot/7.0; +http://ahrefs.com/robot/)" "www.ysfine.com"
5.188.210.38 - - [13/Nov/2022:05:37:49 -0800] "GET /world/travel.html HTTP/1.1" 200 5186 "https://www.ysfine.com/world/travel.html" "Mozilla/5.0 (Windows NT 6.2; Win64; x64) AppleWebKit/537.36 (KHTML, like Gecko) Chrome/90.0.4430.93 Safari/537.36" "www.ysfine.com"
5.188.210.38 - - [13/Nov/2022:05:37:50 -0800] "GET / HTTP/1.1" 200 15910 "https://www.ysfine.com/" "Mozilla/5.0 (Windows NT 6.2; Win64; x64) AppleWebKit/537.36 (KHTML, like Gecko) Chrome/90.0.4430.93 Safari/537.36" "www.ysfine.com"
40.77.167.27 - - [13/Nov/2022:05:38:18 -0800] "GET /bio/style/proschanie.html HTTP/1.1" 404 88 "-" "Mozilla/5.0 AppleWebKit/537.36 (KHTML, like Gecko; compatible; bingbot/2.0; +http://www.bing.com/bingbot.htm) Chrome/103.0.5060.134 Safari/537.36" "ysfine.com"
95.163.255.91 - - [13/Nov/2022:05:38:20 -0800] "GET /maga/maxedin.html HTTP/1.1" 200 6756 "http://go.mail.ru/search_images" "Mozilla/5.0 (compatible; Linux x86_64; Mail.RU_Bot/Img/2.0; +https://help.mail.ru/webmaster/indexing/robots)" "www.ysfine.com"
95.163.255.71 - - [13/Nov/2022:05:38:44 -0800] "GET /wigner/little.html HTTP/1.1" 200 3088 "http://go.mail.ru/search_images" "Mozilla/5.0 (compatible; Linux x86_64; Mail.RU_Bot/Img/2.0; +https://help.mail.ru/webmaster/indexing/robots)" "www.ysfine.com"
38.126.157.40 - - [13/Nov/2022:05:39:03 -0800] "GET /newyork/colum08.jpg HTTP/1.1" 200 135570 "-" "Mozilla/5.0 (compatible; FemtosearchBot/1.0; http://femtosearch.com)" "ysfine.com"
38.126.157.40 - - [13/Nov/2022:05:39:03 -0800] "GET /ffriends/oman01.jpg HTTP/1.1" 200 186139 "-" "Mozilla/5.0 (compatible; FemtosearchBot/1.0; http://femtosearch.com)" "ysfine.com"
38.126.157.40 - - [13/Nov/2022:05:39:03 -0800] "GET /ysbio/wdc/mydc.html HTTP/1.1" 404 88 "-" "Mozilla/5.0 (compatible; FemtosearchBot/1.0; http://femtosearch.com)" "ysfine.com"
38.126.157.40 - - [13/Nov/2022:05:39:04 -0800] "GET /kowar/ridgway01.jpg HTTP/1.1" 200 117900 "-" "Mozilla/5.0 (compatible; FemtosearchBot/1.0; http://femtosearch.com)" "ysfine.com"
38.126.157.40 - - [13/Nov/2022:05:39:04 -0800] "GET /ffriends/euro01.jpg HTTP/1.1" 200 107875 "-" "Mozilla/5.0 (compatible; FemtosearchBot/1.0; http://femtosearch.com)" "ysfine.com"
38.126.157.40 - - [13/Nov/2022:05:39:04 -0800] "GET /ffriends/marg99.jpg HTTP/1.1" 200 66194 "-" "Mozilla/5.0 (compatible; FemtosearchBot/1.0; http://femtosearch.com)" "ysfine.com"
38.126.157.40 - - [13/Nov/2022:05:39:04 -0800] "GET /ffriends/peru33.jpg HTTP/1.1" 200 100046 "-" "Mozilla/5.0 (compatible; FemtosearchBot/1.0; http://femtosearch.com)" "ysfine.com"
38.126.157.40 - - [13/Nov/2022:05:39:04 -0800] "GET /newyork/colum06.jpg HTTP/1.1" 200 109170 "-" "Mozilla/5.0 (compatible; FemtosearchBot/1.0; http://femtosearch.com)" "ysfine.com"
216.244.66.229 - - [13/Nov/2022:05:41:29 -0800] "GET /robots.txt HTTP/1.1" 404 73 "-" "Mozilla/5.0 (compatible; DotBot/1.2; +https://opensiteexplorer.org/dotbot; help@moz.com)" "ysfine.com"
216.244.66.229 - - [13/Nov/2022:05:41:29 -0800] "GET /robots.txt HTTP/1.1" 404 73 "-" "Mozilla/5.0 (compatible; DotBot/1.2; +https://opensiteexplorer.org/dotbot; help@moz.com)" "www.ysfine.com"
51.222.253.12 - - [13/Nov/2022:05:41:57 -0800] "GET / HTTP/1.1" 200 5283 "-" "Mozilla/5.0 (compatible; AhrefsBot/7.0; +http://ahrefs.com/robot/)" "ysfine.com"
207.46.13.134 - - [13/Nov/2022:05:42:12 -0800] "GET /bio/houses/christmas.html HTTP/1.1" 404 88 "-" "Mozilla/5.0 AppleWebKit/537.36 (KHTML, like Gecko; compatible; bingbot/2.0; +http://www.bing.com/bingbot.htm) Chrome/103.0.5060.134 Safari/537.36" "ysfine.com"
185.191.171.11 - - [13/Nov/2022:05:42:18 -0800] "GET /world/ital/uffizi02.html HTTP/1.1" 200 401 "-" "Mozilla/5.0 (compatible; SemrushBot/7~bl; +http://www.semrush.com/bot.html)" "www.ysfine.com"
207.46.13.134 - - [13/Nov/2022:05:42:22 -0800] "GET /bio/world/trier.html HTTP/1.1" 404 88 "-" "Mozilla/5.0 AppleWebKit/537.36 (KHTML, like Gecko; compatible; bingbot/2.0; +http://www.bing.com/bingbot.htm) Chrome/103.0.5060.134 Safari/537.36" "ysfine.com"
185.191.171.40 - - [13/Nov/2022:05:43:18 -0800] "GET /world/china/hongkong.html HTTP/1.1" 200 4914 "-" "Mozilla/5.0 (compatible; SemrushBot/7~bl; +http://www.semrush.com/bot.html)" "ysfine.com"
38.126.157.40 - - [13/Nov/2022:05:43:21 -0800] "GET /kobak/rheetr22b.jpg HTTP/1.1" 200 62493 "-" "Mozilla/5.0 (compatible; FemtosearchBot/1.0; http://femtosearch.com)" "ysfine.com"
38.126.157.40 - - [13/Nov/2022:05:43:21 -0800] "GET /ffriends/marg02.jpg HTTP/1.1" 200 69771 "-" "Mozilla/5.0 (compatible; FemtosearchBot/1.0; http://femtosearch.com)" "ysfine.com"
38.126.157.40 - - [13/Nov/2022:05:43:21 -0800] "GET /wigner/wigrigh.html HTTP/1.1" 200 2476 "-" "Mozilla/5.0 (compatible; FemtosearchBot/1.0; http://femtosearch.com)" "ysfine.com"
38.126.157.40 - - [13/Nov/2022:05:43:21 -0800] "GET /ffriends/asian.html HTTP/1.1" 200 6987 "-" "Mozilla/5.0 (compatible; FemtosearchBot/1.0; http://femtosearch.com)" "ysfine.com"
38.126.157.40 - - [13/Nov/2022:05:43:24 -0800] "GET /heisen/heisen33.jpg HTTP/1.1" 200 501915 "-" "Mozilla/5.0 (compatible; FemtosearchBot/1.0; http://femtosearch.com)" "ysfine.com"
38.126.157.40 - - [13/Nov/2022:05:43:24 -0800] "GET /world/canonp66c.jpg HTTP/1.1" 200 21845 "-" "Mozilla/5.0 (compatible; FemtosearchBot/1.0; http://femtosearch.com)" "ysfine.com"
38.126.157.40 - - [13/Nov/2022:05:43:24 -0800] "GET /wisdom/palman22.jpg HTTP/1.1" 200 133122 "-" "Mozilla/5.0 (compatible; FemtosearchBot/1.0; http://femtosearch.com)" "ysfine.com"
38.126.157.40 - - [13/Nov/2022:05:43:25 -0800] "GET /ffriends/modo01.jpg HTTP/1.1" 200 103112 "-" "Mozilla/5.0 (compatible; FemtosearchBot/1.0; http://femtosearch.com)" "ysfine.com"
157.55.39.76 - - [13/Nov/2022:05:44:59 -0800] "GET /eink/ HTTP/1.1" 200 17659 "-" "Mozilla/5.0 AppleWebKit/537.36 (KHTML, like Gecko; compatible; bingbot/2.0; +http://www.bing.com/bingbot.htm) Chrome/103.0.5060.134 Safari/537.36" "ysfine.com"
216.244.66.229 - - [13/Nov/2022:05:45:08 -0800] "GET /yspr61.jpg HTTP/1.1" 404 73 "-" "Mozilla/5.0 (compatible; DotBot/1.2; +https://opensiteexplorer.org/dotbot; help@moz.com)" "ysfine.com"
216.244.66.229 - - [13/Nov/2022:05:45:37 -0800] "GET /ffriends/amkor/lekeg04.jpg HTTP/1.1" 200 97257 "-" "Mozilla/5.0 (compatible; DotBot/1.2; +https://opensiteexplorer.org/dotbot; help@moz.com)" "ysfine.com"
51.222.253.14 - - [13/Nov/2022:05:46:55 -0800] "GET /world/france/champ96.html HTTP/1.1" 200 336 "-" "Mozilla/5.0 (compatible; AhrefsBot/7.0; +http://ahrefs.com/robot/)" "ysfine.com"
51.222.253.13 - - [13/Nov/2022:05:47:02 -0800] "GET /world/france/champ9606.jpg HTTP/1.1" 200 43990 "-" "Mozilla/5.0 (compatible; AhrefsBot/7.0; +http://ahrefs.com/robot/)" "ysfine.com"
157.55.39.76 - - [13/Nov/2022:05:47:10 -0800] "GET /bio/style/artlove.html HTTP/1.1" 404 88 "-" "Mozilla/5.0 AppleWebKit/537.36 (KHTML, like Gecko; compatible; bingbot/2.0; +http://www.bing.com/bingbot.htm) Chrome/103.0.5060.134 Safari/537.36" "ysfine.com"
51.222.253.15 - - [13/Nov/2022:05:47:15 -0800] "GET /world/france/champ9601.jpg HTTP/1.1" 200 120539 "-" "Mozilla/5.0 (compatible; AhrefsBot/7.0; +http://ahrefs.com/robot/)" "ysfine.com"
77.88.5.253 - - [13/Nov/2022:05:47:15 -0800] "GET /robots.txt HTTP/1.1" 404 73 "-" "Mozilla/5.0 (compatible; YandexBot/3.0; +http://yandex.com/bots)" "www.ysfine.com"
77.88.5.237 - - [13/Nov/2022:05:47:19 -0800] "GET /world/hungary/pecs02.jpg HTTP/1.1" 200 134441 "-" "Mozilla/5.0 (compatible; YandexImages/3.0; +http://yandex.com/bots)" "www.ysfine.com"
51.222.253.8 - - [13/Nov/2022:05:47:21 -0800] "GET /world/france/champ9608.jpg HTTP/1.1" 200 135448 "-" "Mozilla/5.0 (compatible; AhrefsBot/7.0; +http://ahrefs.com/robot/)" "ysfine.com"
51.222.253.6 - - [13/Nov/2022:05:47:28 -0800] "GET /world/france/champ9607.jpg HTTP/1.1" 200 122780 "-" "Mozilla/5.0 (compatible; AhrefsBot/7.0; +http://ahrefs.com/robot/)" "ysfine.com"
157.55.39.76 - - [13/Nov/2022:05:47:30 -0800] "GET /bio/harmoarchi.html HTTP/1.1" 404 88 "-" "Mozilla/5.0 (compatible; bingbot/2.0; +http://www.bing.com/bingbot.htm)" "ysfine.com"
38.126.157.40 - - [13/Nov/2022:05:47:34 -0800] "GET /newyork/colum24.jpg HTTP/1.1" 200 42731 "-" "Mozilla/5.0 (compatible; FemtosearchBot/1.0; http://femtosearch.com)" "ysfine.com"
38.126.157.40 - - [13/Nov/2022:05:47:34 -0800] "GET /wigner/lunch270.jpg HTTP/1.1" 200 40293 "-" "Mozilla/5.0 (compatible; FemtosearchBot/1.0; http://femtosearch.com)" "ysfine.com"
38.126.157.40 - - [13/Nov/2022:05:47:34 -0800] "GET /ffriends/iran01.jpg HTTP/1.1" 200 71647 "-" "Mozilla/5.0 (compatible; FemtosearchBot/1.0; http://femtosearch.com)" "ysfine.com"
38.126.157.40 - - [13/Nov/2022:05:47:34 -0800] "GET /newyork/love150.jpg HTTP/1.1" 200 24939 "-" "Mozilla/5.0 (compatible; FemtosearchBot/1.0; http://femtosearch.com)" "ysfine.com"
38.126.157.40 - - [13/Nov/2022:05:47:34 -0800] "GET /wisdom/abstrar2.jpg HTTP/1.1" 200 43834 "-" "Mozilla/5.0 (compatible; FemtosearchBot/1.0; http://femtosearch.com)" "ysfine.com"
38.126.157.40 - - [13/Nov/2022:05:47:34 -0800] "GET /ffriends/frsp07.jpg HTTP/1.1" 200 136970 "-" "Mozilla/5.0 (compatible; FemtosearchBot/1.0; http://femtosearch.com)" "ysfine.com"
38.126.157.40 - - [13/Nov/2022:05:47:34 -0800] "GET /style/trouba11c.jpg HTTP/1.1" 200 26775 "-" "Mozilla/5.0 (compatible; FemtosearchBot/1.0; http://femtosearch.com)" "ysfine.com"
51.222.253.20 - - [13/Nov/2022:05:47:34 -0800] "GET /world/france/champ9610.jpg HTTP/1.1" 200 109247 "-" "Mozilla/5.0 (compatible; AhrefsBot/7.0; +http://ahrefs.com/robot/)" "ysfine.com"
51.222.253.3 - - [13/Nov/2022:05:47:40 -0800] "GET /world/france/champ9603.jpg HTTP/1.1" 200 107203 "-" "Mozilla/5.0 (compatible; AhrefsBot/7.0; +http://ahrefs.com/robot/)" "ysfine.com"
51.222.253.16 - - [13/Nov/2022:05:47:47 -0800] "GET /world/france/champ9609.jpg HTTP/1.1" 200 110755 "-" "Mozilla/5.0 (compatible; AhrefsBot/7.0; +http://ahrefs.com/robot/)" "ysfine.com"
159.192.178.196 - - [13/Nov/2022:05:47:49 -0800] "GET /world/brit/eton11.jpg HTTP/1.1" 200 107084 "https://www.google.com/" "Mozilla/5.0 (Windows NT 10.0; Win64; x64) AppleWebKit/537.36 (KHTML, like Gecko) Chrome/107.0.0.0 Safari/537.36" "ysfine.com"
51.222.253.10 - - [13/Nov/2022:05:47:53 -0800] "GET /world/france/champ9611.jpg HTTP/1.1" 200 83996 "-" "Mozilla/5.0 (compatible; AhrefsBot/7.0; +http://ahrefs.com/robot/)" "ysfine.com"
51.222.253.15 - - [13/Nov/2022:05:47:59 -0800] "GET /world/france/champ9605.jpg HTTP/1.1" 200 104970 "-" "Mozilla/5.0 (compatible; AhrefsBot/7.0; +http://ahrefs.com/robot/)" "ysfine.com"
157.55.39.76 - - [13/Nov/2022:05:48:20 -0800] "GET /bio/kobak/yskor.html HTTP/1.1" 404 88 "-" "Mozilla/5.0 AppleWebKit/537.36 (KHTML, like Gecko; compatible; bingbot/2.0; +http://www.bing.com/bingbot.htm) Chrome/103.0.5060.134 Safari/537.36" "ysfine.com"
207.46.13.134 - - [13/Nov/2022:05:48:24 -0800] "GET /bio/style/ystyle.html HTTP/1.1" 404 88 "-" "Mozilla/5.0 AppleWebKit/537.36 (KHTML, like Gecko; compatible; bingbot/2.0; +http://www.bing.com/bingbot.htm) Chrome/103.0.5060.134 Safari/537.36" "ysfine.com"
154.54.249.173 - - [13/Nov/2022:05:48:25 -0800] "GET /robots.txt HTTP/1.1" 404 88 "-" "Mozilla/5.0 (compatible; Barkrowler/0.9; +https://babbar.tech/crawler)" "ysfine.com"
154.54.249.18 - - [13/Nov/2022:05:48:50 -0800] "GET /robots.txt HTTP/1.1" 404 88 "-" "Mozilla/5.0 (compatible; Barkrowler/0.9; +https://babbar.tech/crawler)" "ysfine.com"
185.191.171.20 - - [13/Nov/2022:05:49:08 -0800] "GET /kobak/sebiro.html HTTP/1.1" 200 8966 "-" "Mozilla/5.0 (compatible; SemrushBot/7~bl; +http://www.semrush.com/bot.html)" "ysfine.com"
85.2.105.255 - - [13/Nov/2022:05:49:11 -0800] "GET /princeton/gcollege05.jpg HTTP/1.1" 200 144445 "https://www.google.com/" "Mozilla/5.0 (Linux; Android 11; SM-A202F Build/RP1A.200720.012; wv) AppleWebKit/537.36 (KHTML, like Gecko) Version/4.0 Chrome/107.0.5304.91 Mobile Safari/537.36 GoogleApp/13.43.18.26.arm64" "ysfine.com"
154.54.249.174 - - [13/Nov/2022:05:49:16 -0800] "GET /robots.txt HTTP/1.1" 404 88 "-" "Mozilla/5.0 (compatible; Barkrowler/0.9; +https://babbar.tech/crawler)" "www.ysfine.com"
85.2.105.255 - - [13/Nov/2022:05:49:19 -0800] "GET /princeton/gcollege05b.jpg HTTP/1.1" 200 49944 "https://www.google.com/" "Mozilla/5.0 (Linux; Android 11; SM-A202F Build/RP1A.200720.012; wv) AppleWebKit/537.36 (KHTML, like Gecko) Version/4.0 Chrome/107.0.5304.91 Mobile Safari/537.36 GoogleApp/13.43.18.26.arm64" "ysfine.com"
154.54.249.174 - - [13/Nov/2022:05:50:07 -0800] "GET / HTTP/1.1" 200 5283 "-" "Mozilla/5.0 (compatible; Barkrowler/0.9; +https://babbar.tech/crawler)" "ysfine.com"
5.94.39.91 - - [13/Nov/2022:05:50:15 -0800] "GET /yspapers/iopbook15.pdf HTTP/1.1" 200 2962673 "-" "Dalvik/2.1.0 (Linux; U; Android 11; Redmi Note 9 Pro Build/RKQ1.200826.002)" "ysfine.com"
154.54.249.174 - - [13/Nov/2022:05:50:34 -0800] "GET / HTTP/1.1" 200 5283 "-" "Mozilla/5.0 (compatible; Barkrowler/0.9; +https://babbar.tech/crawler)" "www.ysfine.com"
17.121.115.119 - - [13/Nov/2022:05:50:54 -0800] "GET /kobak/taylor400.jpg HTTP/1.1" 200 56181 "-" "Mozilla/5.0 (Macintosh; Intel Mac OS X 10_15_5) AppleWebKit/605.1.15 (KHTML, like Gecko) Version/13.1.1 Safari/605.1.15 (Applebot/0.1; +http://www.apple.com/go/applebot)" "www.ysfine.com"
154.54.249.18 - - [13/Nov/2022:05:51:25 -0800] "GET /home/bio.html HTTP/1.1" 404 88 "-" "Mozilla/5.0 (compatible; Barkrowler/0.9; +https://babbar.tech/crawler)" "ysfine.com"
207.46.13.134 - - [13/Nov/2022:05:51:43 -0800] "GET /bio/dirac/dirpoems.html HTTP/1.1" 404 88 "-" "Mozilla/5.0 AppleWebKit/537.36 (KHTML, like Gecko; compatible; bingbot/2.0; +http://www.bing.com/bingbot.htm) Chrome/103.0.5060.134 Safari/537.36" "ysfine.com"
38.126.157.40 - - [13/Nov/2022:05:51:45 -0800] "GET /ffriends/prgr10.jpg HTTP/1.1" 404 88 "-" "Mozilla/5.0 (compatible; FemtosearchBot/1.0; http://femtosearch.com)" "ysfine.com"
38.126.157.40 - - [13/Nov/2022:05:51:45 -0800] "GET /newyork/colum07.jpg HTTP/1.1" 200 117356 "-" "Mozilla/5.0 (compatible; FemtosearchBot/1.0; http://femtosearch.com)" "ysfine.com"
38.126.157.40 - - [13/Nov/2022:05:51:45 -0800] "GET /kowar/panmun02b.jpg HTTP/1.1" 200 51595 "-" "Mozilla/5.0 (compatible; FemtosearchBot/1.0; http://femtosearch.com)" "ysfine.com"
38.126.157.40 - - [13/Nov/2022:05:51:45 -0800] "GET /kobak/kumipo01b.jpg HTTP/1.1" 200 32923 "-" "Mozilla/5.0 (compatible; FemtosearchBot/1.0; http://femtosearch.com)" "ysfine.com"
38.126.157.40 - - [13/Nov/2022:05:51:45 -0800] "GET /wdc/shoreham11b.jpg HTTP/1.1" 200 43626 "-" "Mozilla/5.0 (compatible; FemtosearchBot/1.0; http://femtosearch.com)" "ysfine.com"
38.126.157.40 - - [13/Nov/2022:05:51:45 -0800] "GET /einstein/dff11b.jpg HTTP/1.1" 200 20896 "-" "Mozilla/5.0 (compatible; FemtosearchBot/1.0; http://femtosearch.com)" "ysfine.com"
38.126.157.40 - - [13/Nov/2022:05:51:45 -0800] "GET /newyork/colum12.jpg HTTP/1.1" 200 105871 "-" "Mozilla/5.0 (compatible; FemtosearchBot/1.0; http://femtosearch.com)" "ysfine.com"
38.126.157.40 - - [13/Nov/2022:05:51:45 -0800] "GET /newyork/colum16.jpg HTTP/1.1" 200 103369 "-" "Mozilla/5.0 (compatible; FemtosearchBot/1.0; http://femtosearch.com)" "ysfine.com"
51.222.253.9 - - [13/Nov/2022:05:52:02 -0800] "GET /ysbio/folks/beau.html HTTP/1.1" 404 88 "-" "Mozilla/5.0 (compatible; AhrefsBot/7.0; +http://ahrefs.com/robot/)" "www.ysfine.com"
157.55.39.6 - - [13/Nov/2022:05:52:06 -0800] "GET /bio/awards/iao.html HTTP/1.1" 404 88 "-" "Mozilla/5.0 (compatible; bingbot/2.0; +http://www.bing.com/bingbot.htm)" "ysfine.com"
154.54.249.175 - - [13/Nov/2022:05:52:15 -0800] "GET /eink/index.html HTTP/1.1" 200 17659 "-" "Mozilla/5.0 (compatible; Barkrowler/0.9; +https://babbar.tech/crawler)" "ysfine.com"
157.55.39.6 - - [13/Nov/2022:05:52:26 -0800] "GET /philo/keigel22.html HTTP/1.1" 200 4990 "-" "Mozilla/5.0 AppleWebKit/537.36 (KHTML, like Gecko; compatible; bingbot/2.0; +http://www.bing.com/bingbot.htm) Chrome/103.0.5060.134 Safari/537.36" "ysfine.com"
157.55.39.129 - - [13/Nov/2022:05:52:44 -0800] "GET /bio/style/rieu.html HTTP/1.1" 404 88 "-" "Mozilla/5.0 AppleWebKit/537.36 (KHTML, like Gecko; compatible; bingbot/2.0; +http://www.bing.com/bingbot.htm) Chrome/103.0.5060.134 Safari/537.36" "ysfine.com"
207.46.13.134 - - [13/Nov/2022:05:52:53 -0800] "GET /bio/princeton/campus.html HTTP/1.1" 404 88 "-" "Mozilla/5.0 (compatible; bingbot/2.0; +http://www.bing.com/bingbot.htm)" "ysfine.com"
154.54.249.174 - - [13/Nov/2022:05:53:06 -0800] "GET /world/kazan.html HTTP/1.1" 200 13929 "-" "Mozilla/5.0 (compatible; Barkrowler/0.9; +https://babbar.tech/crawler)" "ysfine.com"
154.54.249.173 - - [13/Nov/2022:05:53:32 -0800] "GET /style/stbot.html HTTP/1.1" 304 - "-" "Mozilla/5.0 (compatible; Barkrowler/0.9; +https://babbar.tech/crawler)" "ysfine.com"
72.218.170.230 - - [13/Nov/2022:05:53:37 -0800] "GET /princeton/sbk87.jpg HTTP/1.1" 200 174738 "https://www.google.com/" "Mozilla/5.0 (Windows NT 10.0; Win64; x64; rv:106.0) Gecko/20100101 Firefox/106.0" "ysfine.com"
154.54.249.173 - - [13/Nov/2022:05:53:58 -0800] "GET /home/yshome.html HTTP/1.1" 200 5646 "-" "Mozilla/5.0 (compatible; Barkrowler/0.9; +https://babbar.tech/crawler)" "ysfine.com"
40.77.167.71 - - [13/Nov/2022:05:54:13 -0800] "GET /bio/genea.html HTTP/1.1" 404 88 "-" "Mozilla/5.0 AppleWebKit/537.36 (KHTML, like Gecko; compatible; bingbot/2.0; +http://www.bing.com/bingbot.htm) Chrome/103.0.5060.134 Safari/537.36" "ysfine.com"
216.244.66.229 - - [13/Nov/2022:05:54:21 -0800] "GET /eink/iop21.jpg HTTP/1.1" 200 139982 "-" "Mozilla/5.0 (compatible; DotBot/1.2; +https://opensiteexplorer.org/dotbot; help@moz.com)" "ysfine.com"
154.54.249.172 - - [13/Nov/2022:05:54:23 -0800] "GET /confer/listall.html HTTP/1.1" 304 - "-" "Mozilla/5.0 (compatible; Barkrowler/0.9; +https://babbar.tech/crawler)" "ysfine.com"
119.202.81.233 - - [13/Nov/2022:05:54:43 -0800] "GET /home/facu63c.jpg HTTP/1.1" 200 41710 "http://www2.physics.umd.edu/" "Mozilla/5.0 (Windows NT 10.0; Win64; x64) AppleWebKit/537.36 (KHTML, like Gecko) Chrome/107.0.0.0 Safari/537.36" "ysfine.com"
119.202.81.233 - - [13/Nov/2022:05:54:43 -0800] "GET /home/eward55f.jpg HTTP/1.1" 200 122802 "http://www2.physics.umd.edu/" "Mozilla/5.0 (Windows NT 10.0; Win64; x64) AppleWebKit/537.36 (KHTML, like Gecko) Chrome/107.0.0.0 Safari/537.36" "ysfine.com"
119.202.81.233 - - [13/Nov/2022:05:54:43 -0800] "GET /home/top21c.jpg HTTP/1.1" 200 53120 "http://www2.physics.umd.edu/" "Mozilla/5.0 (Windows NT 10.0; Win64; x64) AppleWebKit/537.36 (KHTML, like Gecko) Chrome/107.0.0.0 Safari/537.36" "ysfine.com"
119.202.81.233 - - [13/Nov/2022:05:54:43 -0800] "GET /home/truck/truck20c.jpg HTTP/1.1" 200 29999 "http://www2.physics.umd.edu/" "Mozilla/5.0 (Windows NT 10.0; Win64; x64) AppleWebKit/537.36 (KHTML, like Gecko) Chrome/107.0.0.0 Safari/537.36" "ysfine.com"
119.202.81.233 - - [13/Nov/2022:05:54:43 -0800] "GET /home/eink77c.jpg HTTP/1.1" 200 47471 "http://www2.physics.umd.edu/" "Mozilla/5.0 (Windows NT 10.0; Win64; x64) AppleWebKit/537.36 (KHTML, like Gecko) Chrome/107.0.0.0 Safari/537.36" "ysfine.com"
119.202.81.233 - - [13/Nov/2022:05:54:43 -0800] "GET /home/goodbad55c.jpg HTTP/1.1" 200 24415 "http://www2.physics.umd.edu/" "Mozilla/5.0 (Windows NT 10.0; Win64; x64) AppleWebKit/537.36 (KHTML, like Gecko) Chrome/107.0.0.0 Safari/537.36" "ysfine.com"
119.202.81.233 - - [13/Nov/2022:05:54:44 -0800] "GET /eink/ewk86a.jpg HTTP/1.1" 200 70895 "http://www2.physics.umd.edu/" "Mozilla/5.0 (Windows NT 10.0; Win64; x64) AppleWebKit/537.36 (KHTML, like Gecko) Chrome/107.0.0.0 Safari/537.36" "ysfine.com"
216.244.66.229 - - [13/Nov/2022:05:54:45 -0800] "GET /eink/chungilk05.jpg HTTP/1.1" 200 200486 "-" "Mozilla/5.0 (compatible; DotBot/1.2; +https://opensiteexplorer.org/dotbot; help@moz.com)" "ysfine.com"
119.202.81.233 - - [13/Nov/2022:05:54:45 -0800] "GET /wdc/washmo23c.jpg HTTP/1.1" 200 21217 "http://www2.physics.umd.edu/" "Mozilla/5.0 (Windows NT 10.0; Win64; x64) AppleWebKit/537.36 (KHTML, like Gecko) Chrome/107.0.0.0 Safari/537.36" "ysfine.com"
119.202.81.233 - - [13/Nov/2022:05:54:46 -0800] "GET /wdc/eindc03c.jpg HTTP/1.1" 200 48446 "http://www2.physics.umd.edu/" "Mozilla/5.0 (Windows NT 10.0; Win64; x64) AppleWebKit/537.36 (KHTML, like Gecko) Chrome/107.0.0.0 Safari/537.36" "ysfine.com"
119.202.81.233 - - [13/Nov/2022:05:54:46 -0800] "GET /sbk/1987pr22c.jpg HTTP/1.1" 200 40964 "http://www2.physics.umd.edu/" "Mozilla/5.0 (Windows NT 10.0; Win64; x64) AppleWebKit/537.36 (KHTML, like Gecko) Chrome/107.0.0.0 Safari/537.36" "ysfine.com"
119.202.81.233 - - [13/Nov/2022:05:54:46 -0800] "GET /eink/einhaus11c.jpg HTTP/1.1" 200 42522 "http://www2.physics.umd.edu/" "Mozilla/5.0 (Windows NT 10.0; Win64; x64) AppleWebKit/537.36 (KHTML, like Gecko) Chrome/107.0.0.0 Safari/537.36" "ysfine.com"
119.202.81.233 - - [13/Nov/2022:05:54:46 -0800] "GET /eink/einhaus33c.jpg HTTP/1.1" 200 23792 "http://www2.physics.umd.edu/" "Mozilla/5.0 (Windows NT 10.0; Win64; x64) AppleWebKit/537.36 (KHTML, like Gecko) Chrome/107.0.0.0 Safari/537.36" "ysfine.com"
119.202.81.233 - - [13/Nov/2022:05:54:47 -0800] "GET /kobak/taylor33c.jpg HTTP/1.1" 200 39951 "http://www2.physics.umd.edu/" "Mozilla/5.0 (Windows NT 10.0; Win64; x64) AppleWebKit/537.36 (KHTML, like Gecko) Chrome/107.0.0.0 Safari/537.36" "ysfine.com"
119.202.81.233 - - [13/Nov/2022:05:54:47 -0800] "GET /eink/eink54a.jpg HTTP/1.1" 200 79717 "http://www2.physics.umd.edu/" "Mozilla/5.0 (Windows NT 10.0; Win64; x64) AppleWebKit/537.36 (KHTML, like Gecko) Chrome/107.0.0.0 Safari/537.36" "ysfine.com"
154.54.249.174 - - [13/Nov/2022:05:54:49 -0800] "GET /einstein/index.html HTTP/1.1" 200 135 "-" "Mozilla/5.0 (compatible; Barkrowler/0.9; +https://babbar.tech/crawler)" "ysfine.com"
216.244.66.229 - - [13/Nov/2022:05:55:09 -0800] "GET /ffriends/finantib01.jpg HTTP/1.1" 200 65780 "-" "Mozilla/5.0 (compatible; DotBot/1.2; +https://opensiteexplorer.org/dotbot; help@moz.com)" "ysfine.com"
154.54.249.174 - - [13/Nov/2022:05:55:14 -0800] "GET /eink/mose.html HTTP/1.1" 304 - "-" "Mozilla/5.0 (compatible; Barkrowler/0.9; +https://babbar.tech/crawler)" "ysfine.com"
157.55.39.129 - - [13/Nov/2022:05:55:34 -0800] "GET /bio/eink/buythisbook.html HTTP/1.1" 404 88 "-" "Mozilla/5.0 (compatible; bingbot/2.0; +http://www.bing.com/bingbot.htm)" "ysfine.com"
154.54.249.175 - - [13/Nov/2022:05:55:40 -0800] "GET /home/100yrs.html HTTP/1.1" 200 7936 "-" "Mozilla/5.0 (compatible; Barkrowler/0.9; +https://babbar.tech/crawler)" "ysfine.com"
216.244.66.229 - - [13/Nov/2022:05:55:51 -0800] "GET /ffriends/israel12.jpg HTTP/1.1" 200 129207 "-" "Mozilla/5.0 (compatible; DotBot/1.2; +https://opensiteexplorer.org/dotbot; help@moz.com)" "ysfine.com"
38.126.157.40 - - [13/Nov/2022:05:55:57 -0800] "GET /newyork/colum03.jpg HTTP/1.1" 200 80618 "-" "Mozilla/5.0 (compatible; FemtosearchBot/1.0; http://femtosearch.com)" "ysfine.com"
38.126.157.40 - - [13/Nov/2022:05:55:58 -0800] "GET /newyork/colum14.jpg HTTP/1.1" 200 96034 "-" "Mozilla/5.0 (compatible; FemtosearchBot/1.0; http://femtosearch.com)" "ysfine.com"
38.126.157.40 - - [13/Nov/2022:05:55:58 -0800] "GET /ffriends/alps06.jpg HTTP/1.1" 200 183936 "-" "Mozilla/5.0 (compatible; FemtosearchBot/1.0; http://femtosearch.com)" "ysfine.com"
38.126.157.40 - - [13/Nov/2022:05:55:58 -0800] "GET /newyork/colum20.jpg HTTP/1.1" 200 80725 "-" "Mozilla/5.0 (compatible; FemtosearchBot/1.0; http://femtosearch.com)" "ysfine.com"
38.126.157.40 - - [13/Nov/2022:05:55:58 -0800] "GET /newyork/colum04.jpg HTTP/1.1" 200 110569 "-" "Mozilla/5.0 (compatible; FemtosearchBot/1.0; http://femtosearch.com)" "ysfine.com"
38.126.157.40 - - [13/Nov/2022:05:55:58 -0800] "GET /newyork/colum11.jpg HTTP/1.1" 200 70965 "-" "Mozilla/5.0 (compatible; FemtosearchBot/1.0; http://femtosearch.com)" "ysfine.com"
38.126.157.40 - - [13/Nov/2022:05:55:58 -0800] "GET /kowar/ridgway02.jpg HTTP/1.1" 200 137992 "-" "Mozilla/5.0 (compatible; FemtosearchBot/1.0; http://femtosearch.com)" "ysfine.com"
38.126.157.40 - - [13/Nov/2022:05:55:58 -0800] "GET /friends/armen01.jpg HTTP/1.1" 404 88 "-" "Mozilla/5.0 (compatible; FemtosearchBot/1.0; http://femtosearch.com)" "ysfine.com"
154.54.249.172 - - [13/Nov/2022:05:56:05 -0800] "GET /world/ysworld.html HTTP/1.1" 200 3195 "-" "Mozilla/5.0 (compatible; Barkrowler/0.9; +https://babbar.tech/crawler)" "ysfine.com"
154.54.249.175 - - [13/Nov/2022:05:56:31 -0800] "GET /einstein/newton.html HTTP/1.1" 200 650 "-" "Mozilla/5.0 (compatible; Barkrowler/0.9; +https://babbar.tech/crawler)" "ysfine.com"
216.244.66.229 - - [13/Nov/2022:05:56:41 -0800] "GET /ffriends/pollon06.jpg HTTP/1.1" 200 176686 "-" "Mozilla/5.0 (compatible; DotBot/1.2; +https://opensiteexplorer.org/dotbot; help@moz.com)" "ysfine.com"
154.54.249.175 - - [13/Nov/2022:05:56:56 -0800] "GET /einstein/further.html HTTP/1.1" 200 4338 "-" "Mozilla/5.0 (compatible; Barkrowler/0.9; +https://babbar.tech/crawler)" "ysfine.com"
51.222.253.11 - - [13/Nov/2022:05:57:06 -0800] "GET /ysbio/wigner/index.html HTTP/1.1" 404 88 "-" "Mozilla/5.0 (compatible; AhrefsBot/7.0; +http://ahrefs.com/robot/)" "ysfine.com"
185.191.171.39 - - [13/Nov/2022:05:57:19 -0800] "GET /maga/faraday.html HTTP/1.1" 200 6233 "-" "Mozilla/5.0 (compatible; SemrushBot/7~bl; +http://www.semrush.com/bot.html)" "ysfine.com"
31.22.162.52 - - [13/Nov/2022:05:57:22 -0800] "GET /world/scandi/nbi26.jpg HTTP/1.1" 200 75196 "https://www.google.co.uk/" "Mozilla/5.0 (iPhone; CPU iPhone OS 12_5_5 like Mac OS X) AppleWebKit/605.1.15 (KHTML, like Gecko) Version/12.1.2 Mobile/15E148 Safari/604.1" "ysfine.com"
154.54.249.174 - - [13/Nov/2022:05:57:23 -0800] "GET /wdc/wasdc.html HTTP/1.1" 200 13715 "-" "Mozilla/5.0 (compatible; Barkrowler/0.9; +https://babbar.tech/crawler)" "ysfine.com"
119.202.81.233 - - [13/Nov/2022:05:57:24 -0800] "GET /home/bio22.html HTTP/1.1" 404 88 "http://www2.physics.umd.edu/" "Mozilla/5.0 (Windows NT 10.0; Win64; x64) AppleWebKit/537.36 (KHTML, like Gecko) Chrome/107.0.0.0 Safari/537.36" "ysfine.com"
119.202.81.233 - - [13/Nov/2022:05:57:25 -0800] "GET /favicon.ico HTTP/1.1" 404 88 "https://ysfine.com/home/bio22.html" "Mozilla/5.0 (Windows NT 10.0; Win64; x64) AppleWebKit/537.36 (KHTML, like Gecko) Chrome/107.0.0.0 Safari/537.36" "ysfine.com"
119.202.81.233 - - [13/Nov/2022:05:57:31 -0800] "GET /kobak/index.html HTTP/1.1" 200 130 "http://www2.physics.umd.edu/" "Mozilla/5.0 (Windows NT 10.0; Win64; x64) AppleWebKit/537.36 (KHTML, like Gecko) Chrome/107.0.0.0 Safari/537.36" "ysfine.com"
216.244.66.229 - - [13/Nov/2022:05:57:32 -0800] "GET /kowar/sampal.html HTTP/1.1" 200 34587 "-" "Mozilla/5.0 (compatible; DotBot/1.2; +https://opensiteexplorer.org/dotbot; help@moz.com)" "ysfine.com"
119.202.81.233 - - [13/Nov/2022:05:57:32 -0800] "GET /kobak/kobtop.html HTTP/1.1" 200 467 "https://ysfine.com/kobak/index.html" "Mozilla/5.0 (Windows NT 10.0; Win64; x64) AppleWebKit/537.36 (KHTML, like Gecko) Chrome/107.0.0.0 Safari/537.36" "ysfine.com"
119.202.81.233 - - [13/Nov/2022:05:57:32 -0800] "GET /kobak/kobbot.html HTTP/1.1" 200 137 "https://ysfine.com/kobak/index.html" "Mozilla/5.0 (Windows NT 10.0; Win64; x64) AppleWebKit/537.36 (KHTML, like Gecko) Chrome/107.0.0.0 Safari/537.36" "ysfine.com"
119.202.81.233 - - [13/Nov/2022:05:57:32 -0800] "GET /kobak/kobleft.html HTTP/1.1" 200 641 "https://ysfine.com/kobak/kobbot.html" "Mozilla/5.0 (Windows NT 10.0; Win64; x64) AppleWebKit/537.36 (KHTML, like Gecko) Chrome/107.0.0.0 Safari/537.36" "ysfine.com"
119.202.81.233 - - [13/Nov/2022:05:57:32 -0800] "GET /kobak/yskor.html HTTP/1.1" 200 9943 "https://ysfine.com/kobak/kobbot.html" "Mozilla/5.0 (Windows NT 10.0; Win64; x64) AppleWebKit/537.36 (KHTML, like Gecko) Chrome/107.0.0.0 Safari/537.36" "ysfine.com"
119.202.81.233 - - [13/Nov/2022:05:57:32 -0800] "GET /kobak/kostu05c.jpg HTTP/1.1" 200 29563 "https://ysfine.com/kobak/yskor.html" "Mozilla/5.0 (Windows NT 10.0; Win64; x64) AppleWebKit/537.36 (KHTML, like Gecko) Chrome/107.0.0.0 Safari/537.36" "ysfine.com"
119.202.81.233 - - [13/Nov/2022:05:57:32 -0800] "GET /kobak/kcrown.jpg HTTP/1.1" 200 41579 "https://ysfine.com/kobak/yskor.html" "Mozilla/5.0 (Windows NT 10.0; Win64; x64) AppleWebKit/537.36 (KHTML, like Gecko) Chrome/107.0.0.0 Safari/537.36" "ysfine.com"
119.202.81.233 - - [13/Nov/2022:05:57:32 -0800] "GET /kobak/angelus11c.jpg HTTP/1.1" 200 33985 "https://ysfine.com/kobak/yskor.html" "Mozilla/5.0 (Windows NT 10.0; Win64; x64) AppleWebKit/537.36 (KHTML, like Gecko) Chrome/107.0.0.0 Safari/537.36" "ysfine.com"
119.202.81.233 - - [13/Nov/2022:05:57:32 -0800] "GET /kobak/underw03c.jpg HTTP/1.1" 200 26805 "https://ysfine.com/kobak/yskor.html" "Mozilla/5.0 (Windows NT 10.0; Win64; x64) AppleWebKit/537.36 (KHTML, like Gecko) Chrome/107.0.0.0 Safari/537.36" "ysfine.com"
119.202.81.233 - - [13/Nov/2022:05:57:32 -0800] "GET /kobak/sorae01c.jpg HTTP/1.1" 200 23295 "https://ysfine.com/kobak/yskor.html" "Mozilla/5.0 (Windows NT 10.0; Win64; x64) AppleWebKit/537.36 (KHTML, like Gecko) Chrome/107.0.0.0 Safari/537.36" "ysfine.com"
119.202.81.233 - - [13/Nov/2022:05:57:32 -0800] "GET /kobak/kostu16c.jpg HTTP/1.1" 200 40782 "https://ysfine.com/kobak/yskor.html" "Mozilla/5.0 (Windows NT 10.0; Win64; x64) AppleWebKit/537.36 (KHTML, like Gecko) Chrome/107.0.0.0 Safari/537.36" "ysfine.com"
119.202.81.233 - - [13/Nov/2022:05:57:32 -0800] "GET /kobak/nicodem22c.jpg HTTP/1.1" 200 38853 "https://ysfine.com/kobak/yskor.html" "Mozilla/5.0 (Windows NT 10.0; Win64; x64) AppleWebKit/537.36 (KHTML, like Gecko) Chrome/107.0.0.0 Safari/537.36" "ysfine.com"
119.202.81.233 - - [13/Nov/2022:05:57:32 -0800] "GET /kobak/taylor11c.jpg HTTP/1.1" 200 37695 "https://ysfine.com/kobak/yskor.html" "Mozilla/5.0 (Windows NT 10.0; Win64; x64) AppleWebKit/537.36 (KHTML, like Gecko) Chrome/107.0.0.0 Safari/537.36" "ysfine.com"
119.202.81.233 - - [13/Nov/2022:05:57:32 -0800] "GET /kobak/sonja11c.jpg HTTP/1.1" 200 33899 "https://ysfine.com/kobak/yskor.html" "Mozilla/5.0 (Windows NT 10.0; Win64; x64) AppleWebKit/537.36 (KHTML, like Gecko) Chrome/107.0.0.0 Safari/537.36" "ysfine.com"
119.202.81.233 - - [13/Nov/2022:05:57:32 -0800] "GET /kobak/swr51c.jpg HTTP/1.1" 200 35677 "https://ysfine.com/kobak/yskor.html" "Mozilla/5.0 (Windows NT 10.0; Win64; x64) AppleWebKit/537.36 (KHTML, like Gecko) Chrome/107.0.0.0 Safari/537.36" "ysfine.com"
119.202.81.233 - - [13/Nov/2022:05:57:32 -0800] "GET /kowar/tanks/tank05c.jpg HTTP/1.1" 200 33583 "https://ysfine.com/kobak/yskor.html" "Mozilla/5.0 (Windows NT 10.0; Win64; x64) AppleWebKit/537.36 (KHTML, like Gecko) Chrome/107.0.0.0 Safari/537.36" "ysfine.com"
119.202.81.233 - - [13/Nov/2022:05:57:32 -0800] "GET /kobak/kwk11c.jpg HTTP/1.1" 200 46641 "https://ysfine.com/kobak/yskor.html" "Mozilla/5.0 (Windows NT 10.0; Win64; x64) AppleWebKit/537.36 (KHTML, like Gecko) Chrome/107.0.0.0 Safari/537.36" "ysfine.com"
119.202.81.233 - - [13/Nov/2022:05:57:32 -0800] "GET /world/ital/milanf01c.jpg HTTP/1.1" 200 37826 "https://ysfine.com/kobak/yskor.html" "Mozilla/5.0 (Windows NT 10.0; Win64; x64) AppleWebKit/537.36 (KHTML, like Gecko) Chrome/107.0.0.0 Safari/537.36" "ysfine.com"
119.202.81.233 - - [13/Nov/2022:05:57:32 -0800] "GET /kobak/samsung11c.jpg HTTP/1.1" 200 34928 "https://ysfine.com/kobak/yskor.html" "Mozilla/5.0 (Windows NT 10.0; Win64; x64) AppleWebKit/537.36 (KHTML, like Gecko) Chrome/107.0.0.0 Safari/537.36" "ysfine.com"
119.202.81.233 - - [13/Nov/2022:05:57:32 -0800] "GET /eink/pwk19c.jpg HTTP/1.1" 200 57759 "https://ysfine.com/kobak/yskor.html" "Mozilla/5.0 (Windows NT 10.0; Win64; x64) AppleWebKit/537.36 (KHTML, like Gecko) Chrome/107.0.0.0 Safari/537.36" "ysfine.com"
119.202.81.233 - - [13/Nov/2022:05:57:32 -0800] "GET /kobak/sl5017c.jpg HTTP/1.1" 200 74057 "https://ysfine.com/kobak/yskor.html" "Mozilla/5.0 (Windows NT 10.0; Win64; x64) AppleWebKit/537.36 (KHTML, like Gecko) Chrome/107.0.0.0 Safari/537.36" "ysfine.com"
119.202.81.233 - - [13/Nov/2022:05:57:32 -0800] "GET /world/russ/roskei90c.jpg HTTP/1.1" 200 40535 "https://ysfine.com/kobak/yskor.html" "Mozilla/5.0 (Windows NT 10.0; Win64; x64) AppleWebKit/537.36 (KHTML, like Gecko) Chrome/107.0.0.0 Safari/537.36" "ysfine.com"
119.202.81.233 - - [13/Nov/2022:05:57:32 -0800] "GET /world/russ/roskei10c.jpg HTTP/1.1" 200 33216 "https://ysfine.com/kobak/yskor.html" "Mozilla/5.0 (Windows NT 10.0; Win64; x64) AppleWebKit/537.36 (KHTML, like Gecko) Chrome/107.0.0.0 Safari/537.36" "ysfine.com"
119.202.81.233 - - [13/Nov/2022:05:57:32 -0800] "GET /kobak/sorae/kumipo01c.jpg HTTP/1.1" 200 28588 "https://ysfine.com/kobak/yskor.html" "Mozilla/5.0 (Windows NT 10.0; Win64; x64) AppleWebKit/537.36 (KHTML, like Gecko) Chrome/107.0.0.0 Safari/537.36" "ysfine.com"
119.202.81.233 - - [13/Nov/2022:05:57:32 -0800] "GET /eink/eink61c.jpg HTTP/1.1" 200 34119 "https://ysfine.com/kobak/yskor.html" "Mozilla/5.0 (Windows NT 10.0; Win64; x64) AppleWebKit/537.36 (KHTML, like Gecko) Chrome/107.0.0.0 Safari/537.36" "ysfine.com"
119.202.81.233 - - [13/Nov/2022:05:57:32 -0800] "GET /world/ital/aquinas02c.jpg HTTP/1.1" 200 48806 "https://ysfine.com/kobak/yskor.html" "Mozilla/5.0 (Windows NT 10.0; Win64; x64) AppleWebKit/537.36 (KHTML, like Gecko) Chrome/107.0.0.0 Safari/537.36" "ysfine.com"
119.202.81.233 - - [13/Nov/2022:05:57:32 -0800] "GET /kobak/yoonhm11c.jpg HTTP/1.1" 200 34967 "https://ysfine.com/kobak/yskor.html" "Mozilla/5.0 (Windows NT 10.0; Win64; x64) AppleWebKit/537.36 (KHTML, like Gecko) Chrome/107.0.0.0 Safari/537.36" "ysfine.com"
119.202.81.233 - - [13/Nov/2022:05:57:32 -0800] "GET /kobak/abstrart11c.jpg HTTP/1.1" 200 47224 "https://ysfine.com/kobak/yskor.html" "Mozilla/5.0 (Windows NT 10.0; Win64; x64) AppleWebKit/537.36 (KHTML, like Gecko) Chrome/107.0.0.0 Safari/537.36" "ysfine.com"
119.202.81.233 - - [13/Nov/2022:05:57:32 -0800] "GET /kobak/taylor450.jpg HTTP/1.1" 200 70219 "https://ysfine.com/kobak/yskor.html" "Mozilla/5.0 (Windows NT 10.0; Win64; x64) AppleWebKit/537.36 (KHTML, like Gecko) Chrome/107.0.0.0 Safari/537.36" "ysfine.com"
119.202.81.233 - - [13/Nov/2022:05:57:32 -0800] "GET /kowar/tanks/tank03c.jpg HTTP/1.1" 200 48323 "https://ysfine.com/kobak/yskor.html" "Mozilla/5.0 (Windows NT 10.0; Win64; x64) AppleWebKit/537.36 (KHTML, like Gecko) Chrome/107.0.0.0 Safari/537.36" "ysfine.com"
154.54.249.174 - - [13/Nov/2022:05:57:49 -0800] "GET /princeton/yspr.html HTTP/1.1" 304 - "-" "Mozilla/5.0 (compatible; Barkrowler/0.9; +https://babbar.tech/crawler)" "ysfine.com"
216.244.66.229 - - [13/Nov/2022:05:58:05 -0800] "GET /class54/brewer11.jpg HTTP/1.1" 200 67433 "-" "Mozilla/5.0 (compatible; DotBot/1.2; +https://opensiteexplorer.org/dotbot; help@moz.com)" "ysfine.com"
157.55.39.76 - - [13/Nov/2022:05:58:12 -0800] "GET /bio/bio07.html HTTP/1.1" 404 88 "-" "Mozilla/5.0 AppleWebKit/537.36 (KHTML, like Gecko; compatible; bingbot/2.0; +http://www.bing.com/bingbot.htm) Chrome/103.0.5060.134 Safari/537.36" "ysfine.com"
154.54.249.172 - - [13/Nov/2022:05:58:14 -0800] "GET /maga/keigel22.html HTTP/1.1" 304 - "-" "Mozilla/5.0 (compatible; Barkrowler/0.9; +https://babbar.tech/crawler)" "ysfine.com"
119.202.81.233 - - [13/Nov/2022:05:58:28 -0800] "GET /kobak/underw03.jpg HTTP/1.1" 200 173917 "https://ysfine.com/kobak/yskor.html" "Mozilla/5.0 (Windows NT 10.0; Win64; x64) AppleWebKit/537.36 (KHTML, like Gecko) Chrome/107.0.0.0 Safari/537.36" "ysfine.com"
154.54.249.173 - - [13/Nov/2022:05:58:40 -0800] "GET /wigner/e(2).html HTTP/1.1" 200 4288 "-" "Mozilla/5.0 (compatible; Barkrowler/0.9; +https://babbar.tech/crawler)" "ysfine.com"
216.244.66.229 - - [13/Nov/2022:05:58:45 -0800] "GET /ffriendd/amkor/hillary10.jpg HTTP/1.1" 404 73 "-" "Mozilla/5.0 (compatible; DotBot/1.2; +https://opensiteexplorer.org/dotbot; help@moz.com)" "ysfine.com"
157.55.39.6 - - [13/Nov/2022:05:58:48 -0800] "GET /bio/einstein/bern.html HTTP/1.1" 404 88 "-" "Mozilla/5.0 AppleWebKit/537.36 (KHTML, like Gecko; compatible; bingbot/2.0; +http://www.bing.com/bingbot.htm) Chrome/103.0.5060.134 Safari/537.36" "ysfine.com"
154.54.249.175 - - [13/Nov/2022:05:59:05 -0800] "GET /einstein/einplanck.html HTTP/1.1" 200 3502 "-" "Mozilla/5.0 (compatible; Barkrowler/0.9; +https://babbar.tech/crawler)" "ysfine.com"
119.202.81.233 - - [13/Nov/2022:05:59:09 -0800] "GET /kobak/namdae.html HTTP/1.1" 200 5295 "https://ysfine.com/kobak/kobleft.html" "Mozilla/5.0 (Windows NT 10.0; Win64; x64) AppleWebKit/537.36 (KHTML, like Gecko) Chrome/107.0.0.0 Safari/537.36" "ysfine.com"
119.202.81.233 - - [13/Nov/2022:05:59:10 -0800] "GET /kobak/namdae01a.jpg HTTP/1.1" 200 74504 "https://ysfine.com/kobak/namdae.html" "Mozilla/5.0 (Windows NT 10.0; Win64; x64) AppleWebKit/537.36 (KHTML, like Gecko) Chrome/107.0.0.0 Safari/537.36" "ysfine.com"
119.202.81.233 - - [13/Nov/2022:05:59:10 -0800] "GET /ffriends/amkor/kgirls02a.jpg HTTP/1.1" 200 63093 "https://ysfine.com/kobak/namdae.html" "Mozilla/5.0 (Windows NT 10.0; Win64; x64) AppleWebKit/537.36 (KHTML, like Gecko) Chrome/107.0.0.0 Safari/537.36" "ysfine.com"
119.202.81.233 - - [13/Nov/2022:05:59:10 -0800] "GET /style/cameras/fed39b.jpg HTTP/1.1" 200 33493 "https://ysfine.com/kobak/namdae.html" "Mozilla/5.0 (Windows NT 10.0; Win64; x64) AppleWebKit/537.36 (KHTML, like Gecko) Chrome/107.0.0.0 Safari/537.36" "ysfine.com"
119.202.81.233 - - [13/Nov/2022:05:59:10 -0800] "GET /kobak/swr51b.jpg HTTP/1.1" 200 31277 "https://ysfine.com/kobak/namdae.html" "Mozilla/5.0 (Windows NT 10.0; Win64; x64) AppleWebKit/537.36 (KHTML, like Gecko) Chrome/107.0.0.0 Safari/537.36" "ysfine.com"
119.202.81.233 - - [13/Nov/2022:05:59:10 -0800] "GET /maga/phil/marxlon02b.jpg HTTP/1.1" 200 53086 "https://ysfine.com/kobak/namdae.html" "Mozilla/5.0 (Windows NT 10.0; Win64; x64) AppleWebKit/537.36 (KHTML, like Gecko) Chrome/107.0.0.0 Safari/537.36" "ysfine.com"
216.244.66.229 - - [13/Nov/2022:05:59:15 -0800] "GET /ffriends/amkor/amwash02.jpg HTTP/1.1" 200 97875 "-" "Mozilla/5.0 (compatible; DotBot/1.2; +https://opensiteexplorer.org/dotbot; help@moz.com)" "ysfine.com"
154.54.249.18 - - [13/Nov/2022:05:59:31 -0800] "GET /wdc/washmobird.html HTTP/1.1" 304 - "-" "Mozilla/5.0 (compatible; Barkrowler/0.9; +https://babbar.tech/crawler)" "ysfine.com"
157.55.39.129 - - [13/Nov/2022:05:59:36 -0800] "GET /bio/optics.html HTTP/1.1" 404 88 "-" "Mozilla/5.0 AppleWebKit/537.36 (KHTML, like Gecko; compatible; bingbot/2.0; +http://www.bing.com/bingbot.htm) Chrome/103.0.5060.134 Safari/537.36" "ysfine.com"
154.54.249.172 - - [13/Nov/2022:05:59:56 -0800] "GET /wdc/washmofrog.html HTTP/1.1" 304 - "-" "Mozilla/5.0 (compatible; Barkrowler/0.9; +https://babbar.tech/crawler)" "ysfine.com"
207.46.13.134 - - [13/Nov/2022:06:00:14 -0800] "GET /heisen/einheisen11.html HTTP/1.1" 200 3870 "-" "Mozilla/5.0 (compatible; bingbot/2.0; +http://www.bing.com/bingbot.htm)" "www.ysfine.com"
38.126.157.40 - - [13/Nov/2022:06:00:14 -0800] "GET /ffriends/uscan.html HTTP/1.1" 200 18155 "-" "Mozilla/5.0 (compatible; FemtosearchBot/1.0; http://femtosearch.com)" "ysfine.com"
38.126.157.40 - - [13/Nov/2022:06:00:20 -0800] "GET /ffriends/malay1.jpg HTTP/1.1" 404 88 "-" "Mozilla/5.0 (compatible; FemtosearchBot/1.0; http://femtosearch.com)" "ysfine.com"
38.126.157.40 - - [13/Nov/2022:06:00:20 -0800] "GET /kowar/paiksy01b.jpg HTTP/1.1" 200 54700 "-" "Mozilla/5.0 (compatible; FemtosearchBot/1.0; http://femtosearch.com)" "ysfine.com"
38.126.157.40 - - [13/Nov/2022:06:00:20 -0800] "GET /ffriends/molda02.jpg HTTP/1.1" 200 122016 "-" "Mozilla/5.0 (compatible; FemtosearchBot/1.0; http://femtosearch.com)" "ysfine.com"
38.126.157.40 - - [13/Nov/2022:06:00:20 -0800] "GET /ffriends/armen03.jpg HTTP/1.1" 200 108639 "-" "Mozilla/5.0 (compatible; FemtosearchBot/1.0; http://femtosearch.com)" "ysfine.com"
38.126.157.40 - - [13/Nov/2022:06:00:20 -0800] "GET /wisdom/palman22b.jpg HTTP/1.1" 200 57611 "-" "Mozilla/5.0 (compatible; FemtosearchBot/1.0; http://femtosearch.com)" "ysfine.com"
38.126.157.40 - - [13/Nov/2022:06:00:20 -0800] "GET /feynman/restof55.jgp HTTP/1.1" 404 88 "-" "Mozilla/5.0 (compatible; FemtosearchBot/1.0; http://femtosearch.com)" "ysfine.com"
38.126.157.40 - - [13/Nov/2022:06:00:20 -0800] "GET /ffriends/czech04.jpg HTTP/1.1" 200 125278 "-" "Mozilla/5.0 (compatible; FemtosearchBot/1.0; http://femtosearch.com)" "ysfine.com"
154.54.249.173 - - [13/Nov/2022:06:00:22 -0800] "GET /feynman/partons.html HTTP/1.1" 304 - "-" "Mozilla/5.0 (compatible; Barkrowler/0.9; +https://babbar.tech/crawler)" "ysfine.com"
216.244.66.229 - - [13/Nov/2022:06:00:34 -0800] "GET /ffriends/amkor/koharp06.jpg HTTP/1.1" 200 129016 "-" "Mozilla/5.0 (compatible; DotBot/1.2; +https://opensiteexplorer.org/dotbot; help@moz.com)" "ysfine.com"
164.68.119.249 - - [13/Nov/2022:06:00:46 -0800] "GET /robots.txt HTTP/1.1" 404 73 "-" "Mozilla/5.0 (compatible; MJ12bot/v1.4.8; http://mj12bot.com/)" "ysfine.com"
164.68.119.249 - - [13/Nov/2022:06:01:04 -0800] "GET /ysbio/class54/class5480/Pictures/2.%C3%AA%C2%B8%C2%B0%C3%AB%C2%85%C2%90%C3%AD%C2%96%C2%89%C3%AC%C2%82%C2%AC/%C3%AA%C2%B8%C2%B0%C3%AB%C2%85%C2%90%C3%AD%C2%96%C2%89%C3%AC%C2%82%C2%AC%20(166).jpg HTTP/1.1" 404 88 "-" "Mozilla/5.0 (compatible; MJ12bot/v1.4.8; http://mj12bot.com/)" "ysfine.com"
164.68.119.249 - - [13/Nov/2022:06:01:11 -0800] "GET /ysbio/class54/class5480/Pictures/2.%C3%AA%C2%B8%C2%B0%C3%AB%C2%85%C2%90%C3%AD%C2%96%C2%89%C3%AC%C2%82%C2%AC/%C3%AA%C2%B8%C2%B0%C3%AB%C2%85%C2%90%C3%AD%C2%96%C2%89%C3%AC%C2%82%C2%AC%20(167).jpg HTTP/1.1" 404 88 "-" "Mozilla/5.0 (compatible; MJ12bot/v1.4.8; http://mj12bot.com/)" "ysfine.com"
216.244.66.229 - - [13/Nov/2022:06:01:25 -0800] "GET /home/dirackn55.jpg HTTP/1.1" 200 127665 "-" "Mozilla/5.0 (compatible; DotBot/1.2; +https://opensiteexplorer.org/dotbot; help@moz.com)" "ysfine.com"
