51.222.253.11 - - [13/Nov/2022:00:36:02 -0800] "GET /einstein/minkowski.html HTTP/1.1" 404 88 "-" "Mozilla/5.0 (compatible; AhrefsBot/7.0; +http://ahrefs.com/robot/)" "ysfine.com"
86.17.210.212 - - [13/Nov/2022:00:37:07 -0800] "GET /world/russ/roskei90.jpg HTTP/1.1" 200 110306 "https://www.google.com/" "Mozilla/5.0 (Linux; Android 12; motorola edge 20 pro) AppleWebKit/537.36 (KHTML, like Gecko) Chrome/107.0.0.0 Mobile Safari/537.36" "ysfine.com"
157.55.39.129 - - [13/Nov/2022:00:37:23 -0800] "GET /bio/eink/buythisbook.html HTTP/1.1" 404 88 "-" "Mozilla/5.0 AppleWebKit/537.36 (KHTML, like Gecko; compatible; bingbot/2.0; +http://www.bing.com/bingbot.htm) Chrome/103.0.5060.134 Safari/537.36" "ysfine.com"
77.75.78.162 - - [13/Nov/2022:00:37:32 -0800] "GET /robots.txt HTTP/1.1" 404 88 "-" "Mozilla/5.0 (compatible; SeznamBot/3.2; +http://napoveda.seznam.cz/en/seznambot-intro/)" "ysfine.com"
77.75.78.162 - - [13/Nov/2022:00:37:33 -0800] "GET /world/latina/rio073.jpg HTTP/1.1" 304 - "-" "Mozilla/5.0 (compatible; SeznamBot/3.2; +http://napoveda.seznam.cz/en/seznambot-intro/)" "ysfine.com"
77.75.78.162 - - [13/Nov/2022:00:37:34 -0800] "GET /newyork/battery05.jpg HTTP/1.1" 304 - "-" "Mozilla/5.0 (compatible; SeznamBot/3.2; +http://napoveda.seznam.cz/en/seznambot-intro/)" "ysfine.com"
77.75.78.162 - - [13/Nov/2022:00:37:35 -0800] "GET /friends/crabtree.jpg HTTP/1.1" 404 88 "-" "Mozilla/5.0 (compatible; SeznamBot/3.2; +http://napoveda.seznam.cz/en/seznambot-intro/)" "ysfine.com"
77.75.78.162 - - [13/Nov/2022:00:37:35 -0800] "GET /friends/moso02.jpg HTTP/1.1" 404 88 "-" "Mozilla/5.0 (compatible; SeznamBot/3.2; +http://napoveda.seznam.cz/en/seznambot-intro/)" "ysfine.com"
77.75.78.162 - - [13/Nov/2022:00:37:35 -0800] "GET /kobak/yoonhm11.jpg HTTP/1.1" 404 88 "-" "Mozilla/5.0 (compatible; SeznamBot/3.2; +http://napoveda.seznam.cz/en/seznambot-intro/)" "ysfine.com"
77.75.78.162 - - [13/Nov/2022:00:37:36 -0800] "GET /feynman/feyjad.jpg HTTP/1.1" 404 88 "-" "Mozilla/5.0 (compatible; SeznamBot/3.2; +http://napoveda.seznam.cz/en/seznambot-intro/)" "ysfine.com"
77.75.78.162 - - [13/Nov/2022:00:37:36 -0800] "GET /style/nga22.jpg HTTP/1.1" 200 132866 "-" "Mozilla/5.0 (compatible; SeznamBot/3.2; +http://napoveda.seznam.cz/en/seznambot-intro/)" "ysfine.com"
51.222.253.2 - - [13/Nov/2022:00:38:01 -0800] "GET /veneto.html HTTP/1.1" 404 88 "-" "Mozilla/5.0 (compatible; AhrefsBot/7.0; +http://ahrefs.com/robot/)" "ysfine.com"
157.55.39.6 - - [13/Nov/2022:00:38:26 -0800] "GET /bio/einstein/bern.html HTTP/1.1" 404 88 "-" "Mozilla/5.0 (compatible; bingbot/2.0; +http://www.bing.com/bingbot.htm)" "ysfine.com"
157.55.39.76 - - [13/Nov/2022:00:39:01 -0800] "GET /bio/bio07.html HTTP/1.1" 404 88 "-" "Mozilla/5.0 (compatible; bingbot/2.0; +http://www.bing.com/bingbot.htm)" "ysfine.com"
114.119.128.14 - - [13/Nov/2022:00:39:45 -0800] "GET /einstein/ewk.html HTTP/1.1" 200 4230 "https://www.ysfine.com/einstein/galiein.html" "Mozilla/5.0 (Linux; Android 7.0;) AppleWebKit/537.36 (KHTML, like Gecko) Mobile Safari/537.36 (compatible; PetalBot;+https://webmaster.petalsearch.com/site/petalbot)" "www.ysfine.com"
51.222.253.16 - - [13/Nov/2022:00:40:16 -0800] "GET /philo/keigel.html HTTP/1.1" 200 7368 "-" "Mozilla/5.0 (compatible; AhrefsBot/7.0; +http://ahrefs.com/robot/)" "ysfine.com"
157.55.39.129 - - [13/Nov/2022:00:40:34 -0800] "GET /bio/optics.html HTTP/1.1" 404 88 "-" "Mozilla/5.0 AppleWebKit/537.36 (KHTML, like Gecko; compatible; bingbot/2.0; +http://www.bing.com/bingbot.htm) Chrome/103.0.5060.134 Safari/537.36" "ysfine.com"
216.244.66.229 - - [13/Nov/2022:00:40:37 -0800] "GET /ffriends/amkor/ewha36.jpg HTTP/1.1" 200 219216 "-" "Mozilla/5.0 (compatible; DotBot/1.2; +https://opensiteexplorer.org/dotbot; help@moz.com)" "ysfine.com"
114.119.128.162 - - [13/Nov/2022:00:41:08 -0800] "GET /class54/emailed06.html HTTP/1.1" 200 28628 "https://www.ysfine.com/class54/emailed.html" "Mozilla/5.0 (Linux; Android 7.0;) AppleWebKit/537.36 (KHTML, like Gecko) Mobile Safari/537.36 (compatible; PetalBot;+https://webmaster.petalsearch.com/site/petalbot)" "www.ysfine.com"
157.55.39.6 - - [13/Nov/2022:00:42:16 -0800] "GET /bio/style/leica.html HTTP/1.1" 404 88 "-" "Mozilla/5.0 AppleWebKit/537.36 (KHTML, like Gecko; compatible; bingbot/2.0; +http://www.bing.com/bingbot.htm) Chrome/103.0.5060.134 Safari/537.36" "ysfine.com"
51.222.253.6 - - [13/Nov/2022:00:42:46 -0800] "GET /world/kazan.html HTTP/1.1" 200 13929 "-" "Mozilla/5.0 (compatible; AhrefsBot/7.0; +http://ahrefs.com/robot/)" "ysfine.com"
93.158.161.41 - - [13/Nov/2022:00:43:21 -0800] "GET /robots.txt HTTP/1.1" 404 73 "-" "Mozilla/5.0 (compatible; YandexBot/3.0; +http://yandex.com/bots)" "www.ysfine.com"
77.88.5.168 - - [13/Nov/2022:00:43:25 -0800] "GET /maga/tesla.html HTTP/1.1" 200 4852 "-" "Mozilla/5.0 (compatible; YandexBot/3.0; +http://yandex.com/bots)" "www.ysfine.com"
103.141.102.44 - - [13/Nov/2022:00:43:30 -0800] "GET /world/france/frstu09.jpg HTTP/1.1" 200 167728 "https://www.google.com/" "Mozilla/5.0 (Linux; Android 12; SM-S906E) AppleWebKit/537.36 (KHTML, like Gecko) Chrome/107.0.0.0 Mobile Safari/537.36" "ysfine.com"
157.55.39.6 - - [13/Nov/2022:00:44:46 -0800] "GET /bio/kobak/namdae.html HTTP/1.1" 404 88 "-" "Mozilla/5.0 AppleWebKit/537.36 (KHTML, like Gecko; compatible; bingbot/2.0; +http://www.bing.com/bingbot.htm) Chrome/103.0.5060.134 Safari/537.36" "ysfine.com"
71.178.208.102 - - [13/Nov/2022:00:44:49 -0800] "GET /ys11/ HTTP/1.1" 304 - "-" "Mozilla/5.0 (Windows NT 10.0; Win64; x64) AppleWebKit/537.36 (KHTML, like Gecko) Chrome/107.0.0.0 Safari/537.36 Edg/107.0.1418.42" "ysfine.com"
71.178.208.102 - - [13/Nov/2022:00:44:49 -0800] "GET /favicon.ico HTTP/1.1" 404 88 "https://ysfine.com/ys11/" "Mozilla/5.0 (Windows NT 10.0; Win64; x64) AppleWebKit/537.36 (KHTML, like Gecko) Chrome/107.0.0.0 Safari/537.36 Edg/107.0.1418.42" "ysfine.com"
51.222.253.19 - - [13/Nov/2022:00:45:14 -0800] "GET /maga/lorenuni.html HTTP/1.1" 200 2365 "-" "Mozilla/5.0 (compatible; AhrefsBot/7.0; +http://ahrefs.com/robot/)" "www.ysfine.com"
80.208.68.229 - - [13/Nov/2022:00:45:38 -0800] "GET /einstein/einbohr33.jpg HTTP/1.1" 200 87797 "https://www.google.com/" "Mozilla/5.0 (Linux; Android 12; SM-G781B) AppleWebKit/537.36 (KHTML, like Gecko) Chrome/107.0.0.0 Mobile Safari/537.36" "ysfine.com"
71.178.208.102 - - [13/Nov/2022:00:45:47 -0800] "GET /favicon.ico HTTP/1.1" 404 88 "https://ysfine.com/ys11/" "Mozilla/5.0 (Windows NT 10.0; Win64; x64) AppleWebKit/537.36 (KHTML, like Gecko) Chrome/107.0.0.0 Safari/537.36 Edg/107.0.1418.42" "ysfine.com"
66.249.66.44 - - [13/Nov/2022:00:46:43 -0800] "GET /articles/restof.pdf HTTP/1.1" 401 90 "-" "Googlebot/2.1 (+http://www.google.com/bot.html)" "ysfine.com"
71.178.208.102 - - [13/Nov/2022:00:46:43 -0800] "GET /home/index.html HTTP/1.1" 304 - "-" "Mozilla/5.0 (Windows NT 10.0; Win64; x64; rv:106.0) Gecko/20100101 Firefox/106.0" "www.ysfine.com"
71.178.208.102 - - [13/Nov/2022:00:46:43 -0800] "GET /home/hmtop.html HTTP/1.1" 304 - "https://www.ysfine.com/home/index.html" "Mozilla/5.0 (Windows NT 10.0; Win64; x64; rv:106.0) Gecko/20100101 Firefox/106.0" "www.ysfine.com"
71.178.208.102 - - [13/Nov/2022:00:46:43 -0800] "GET /home/hmleft.html HTTP/1.1" 304 - "https://www.ysfine.com/home/hmbot.html" "Mozilla/5.0 (Windows NT 10.0; Win64; x64; rv:106.0) Gecko/20100101 Firefox/106.0" "www.ysfine.com"
71.178.208.102 - - [13/Nov/2022:00:46:43 -0800] "GET /home/hmrigh.html HTTP/1.1" 304 - "https://www.ysfine.com/home/hmbot.html" "Mozilla/5.0 (Windows NT 10.0; Win64; x64; rv:106.0) Gecko/20100101 Firefox/106.0" "www.ysfine.com"
71.178.208.102 - - [13/Nov/2022:00:46:43 -0800] "GET /home/eink/einhaus33c.jpg HTTP/1.1" 404 88 "https://www.ysfine.com/home/hmrigh.html" "Mozilla/5.0 (Windows NT 10.0; Win64; x64; rv:106.0) Gecko/20100101 Firefox/106.0" "www.ysfine.com"
71.178.208.102 - - [13/Nov/2022:00:46:43 -0800] "GET /home/socrates55c.jpg HTTP/1.1" 200 36471 "https://www.ysfine.com/home/hmrigh.html" "Mozilla/5.0 (Windows NT 10.0; Win64; x64; rv:106.0) Gecko/20100101 Firefox/106.0" "www.ysfine.com"
71.178.208.102 - - [13/Nov/2022:00:46:43 -0800] "GET /home/think55c.jpg HTTP/1.1" 200 37438 "https://www.ysfine.com/home/hmrigh.html" "Mozilla/5.0 (Windows NT 10.0; Win64; x64; rv:106.0) Gecko/20100101 Firefox/106.0" "www.ysfine.com"
71.178.208.102 - - [13/Nov/2022:00:46:43 -0800] "GET /home/tollwig11c.jpg HTTP/1.1" 200 28199 "https://www.ysfine.com/home/hmrigh.html" "Mozilla/5.0 (Windows NT 10.0; Win64; x64; rv:106.0) Gecko/20100101 Firefox/106.0" "www.ysfine.com"
71.178.208.102 - - [13/Nov/2022:00:46:43 -0800] "GET /home/coke300.jpg HTTP/1.1" 200 50941 "https://www.ysfine.com/home/hmrigh.html" "Mozilla/5.0 (Windows NT 10.0; Win64; x64; rv:106.0) Gecko/20100101 Firefox/106.0" "www.ysfine.com"
71.178.208.102 - - [13/Nov/2022:00:46:43 -0800] "GET /home/kobak/taylor33c.jpg HTTP/1.1" 404 88 "https://www.ysfine.com/home/hmrigh.html" "Mozilla/5.0 (Windows NT 10.0; Win64; x64; rv:106.0) Gecko/20100101 Firefox/106.0" "www.ysfine.com"
71.178.208.102 - - [13/Nov/2022:00:46:43 -0800] "GET /eink/eink54a.jpg HTTP/1.1" 200 79717 "https://www.ysfine.com/home/hmrigh.html" "Mozilla/5.0 (Windows NT 10.0; Win64; x64; rv:106.0) Gecko/20100101 Firefox/106.0" "www.ysfine.com"
71.178.208.102 - - [13/Nov/2022:00:46:43 -0800] "GET /home/eink/einhaus11c.jpg HTTP/1.1" 404 88 "https://www.ysfine.com/home/hmrigh.html" "Mozilla/5.0 (Windows NT 10.0; Win64; x64; rv:106.0) Gecko/20100101 Firefox/106.0" "www.ysfine.com"
185.191.171.39 - - [13/Nov/2022:00:47:06 -0800] "GET /ysbio/bio03.html HTTP/1.1" 404 88 "-" "Mozilla/5.0 (compatible; SemrushBot/7~bl; +http://www.semrush.com/bot.html)" "ysfine.com"
157.55.39.129 - - [13/Nov/2022:00:47:14 -0800] "GET /bio/world/kalinin22.html HTTP/1.1" 404 88 "-" "Mozilla/5.0 (compatible; bingbot/2.0; +http://www.bing.com/bingbot.htm)" "ysfine.com"
207.46.13.134 - - [13/Nov/2022:00:47:23 -0800] "GET /bio/heisen/heisen54.html HTTP/1.1" 404 88 "-" "Mozilla/5.0 AppleWebKit/537.36 (KHTML, like Gecko; compatible; bingbot/2.0; +http://www.bing.com/bingbot.htm) Chrome/103.0.5060.134 Safari/537.36" "ysfine.com"
207.46.13.134 - - [13/Nov/2022:00:47:24 -0800] "GET /bio/pquartet.html HTTP/1.1" 404 88 "-" "Mozilla/5.0 AppleWebKit/537.36 (KHTML, like Gecko; compatible; bingbot/2.0; +http://www.bing.com/bingbot.htm) Chrome/103.0.5060.134 Safari/537.36" "ysfine.com"
71.178.208.102 - - [13/Nov/2022:00:47:28 -0800] "GET /home/folks/peo.html HTTP/1.1" 404 88 "https://www.ysfine.com/home/hmrigh.html" "Mozilla/5.0 (Windows NT 10.0; Win64; x64; rv:106.0) Gecko/20100101 Firefox/106.0" "www.ysfine.com"
157.55.39.76 - - [13/Nov/2022:00:47:31 -0800] "GET /bio/sbk/1950.html HTTP/1.1" 404 88 "-" "Mozilla/5.0 (compatible; bingbot/2.0; +http://www.bing.com/bingbot.htm)" "ysfine.com"
157.55.39.76 - - [13/Nov/2022:00:47:32 -0800] "GET /bio/bio04.html HTTP/1.1" 404 88 "-" "Mozilla/5.0 (compatible; bingbot/2.0; +http://www.bing.com/bingbot.htm)" "ysfine.com"
71.178.208.102 - - [13/Nov/2022:00:47:35 -0800] "GET /home/folks/peo.html HTTP/1.1" 404 88 "https://www.ysfine.com/home/hmrigh.html" "Mozilla/5.0 (Windows NT 10.0; Win64; x64; rv:106.0) Gecko/20100101 Firefox/106.0" "www.ysfine.com"
185.191.171.10 - - [13/Nov/2022:00:47:35 -0800] "GET /world/polandw.html HTTP/1.1" 200 17892 "-" "Mozilla/5.0 (compatible; SemrushBot/7~bl; +http://www.semrush.com/bot.html)" "www.ysfine.com"
71.178.208.102 - - [13/Nov/2022:00:47:42 -0800] "GET /home/folks/peo.html HTTP/1.1" 404 88 "https://www.ysfine.com/home/hmrigh.html" "Mozilla/5.0 (Windows NT 10.0; Win64; x64; rv:106.0) Gecko/20100101 Firefox/106.0" "www.ysfine.com"
51.222.253.1 - - [13/Nov/2022:00:47:47 -0800] "GET /ysbio/bostein.html HTTP/1.1" 404 88 "-" "Mozilla/5.0 (compatible; AhrefsBot/7.0; +http://ahrefs.com/robot/)" "www.ysfine.com"
216.244.66.229 - - [13/Nov/2022:00:49:07 -0800] "GET /ffriends/amkor/jassd11.jpg HTTP/1.1" 200 110062 "-" "Mozilla/5.0 (compatible; DotBot/1.2; +https://opensiteexplorer.org/dotbot; help@moz.com)" "ysfine.com"
216.244.66.229 - - [13/Nov/2022:00:49:28 -0800] "GET /ffriends/amkor/jprio11.jpg HTTP/1.1" 200 184038 "-" "Mozilla/5.0 (compatible; DotBot/1.2; +https://opensiteexplorer.org/dotbot; help@moz.com)" "ysfine.com"
216.244.66.229 - - [13/Nov/2022:00:49:51 -0800] "GET /ffriends/aline/united04.jpg HTTP/1.1" 200 83396 "-" "Mozilla/5.0 (compatible; DotBot/1.2; +https://opensiteexplorer.org/dotbot; help@moz.com)" "ysfine.com"
51.222.253.10 - - [13/Nov/2022:00:50:00 -0800] "GET /ysbio/mathrev.html HTTP/1.1" 404 88 "-" "Mozilla/5.0 (compatible; AhrefsBot/7.0; +http://ahrefs.com/robot/)" "ysfine.com"
71.178.208.102 - - [13/Nov/2022:00:50:04 -0800] "GET /favicon.ico HTTP/1.1" 404 88 "https://www.ysfine.com/" "Mozilla/5.0 (Windows NT 10.0; Win64; x64) AppleWebKit/537.36 (KHTML, like Gecko) Chrome/107.0.0.0 Safari/537.36 Edg/107.0.1418.42" "www.ysfine.com"
71.178.208.102 - - [13/Nov/2022:00:50:11 -0800] "GET /people/peo.html HTTP/1.1" 200 13502 "-" "Mozilla/5.0 (Windows NT 10.0; Win64; x64) AppleWebKit/537.36 (KHTML, like Gecko) Chrome/107.0.0.0 Safari/537.36 Edg/107.0.1418.42" "ysfine.com"
71.178.208.102 - - [13/Nov/2022:00:50:11 -0800] "GET /people/wheemaine2.jpg HTTP/1.1" 200 34617 "https://ysfine.com/people/peo.html" "Mozilla/5.0 (Windows NT 10.0; Win64; x64) AppleWebKit/537.36 (KHTML, like Gecko) Chrome/107.0.0.0 Safari/537.36 Edg/107.0.1418.42" "ysfine.com"
71.178.208.102 - - [13/Nov/2022:00:50:11 -0800] "GET /wigner/fitch2.jpg HTTP/1.1" 200 36807 "https://ysfine.com/people/peo.html" "Mozilla/5.0 (Windows NT 10.0; Win64; x64) AppleWebKit/537.36 (KHTML, like Gecko) Chrome/107.0.0.0 Safari/537.36 Edg/107.0.1418.42" "ysfine.com"
71.178.208.102 - - [13/Nov/2022:00:50:11 -0800] "GET /people/carnation61b.jpg HTTP/1.1" 200 48369 "https://ysfine.com/people/peo.html" "Mozilla/5.0 (Windows NT 10.0; Win64; x64) AppleWebKit/537.36 (KHTML, like Gecko) Chrome/107.0.0.0 Safari/537.36 Edg/107.0.1418.42" "ysfine.com"
71.178.208.102 - - [13/Nov/2022:00:50:11 -0800] "GET /people/glauber01c.jpg HTTP/1.1" 200 31202 "https://ysfine.com/people/peo.html" "Mozilla/5.0 (Windows NT 10.0; Win64; x64) AppleWebKit/537.36 (KHTML, like Gecko) Chrome/107.0.0.0 Safari/537.36 Edg/107.0.1418.42" "ysfine.com"
71.178.208.102 - - [13/Nov/2022:00:50:11 -0800] "GET /people/sbt11b.jpg HTTP/1.1" 200 29397 "https://ysfine.com/people/peo.html" "Mozilla/5.0 (Windows NT 10.0; Win64; x64) AppleWebKit/537.36 (KHTML, like Gecko) Chrome/107.0.0.0 Safari/537.36 Edg/107.0.1418.42" "ysfine.com"
71.178.208.102 - - [13/Nov/2022:00:50:11 -0800] "GET /people/sbtwein2.jpg HTTP/1.1" 200 30398 "https://ysfine.com/people/peo.html" "Mozilla/5.0 (Windows NT 10.0; Win64; x64) AppleWebKit/537.36 (KHTML, like Gecko) Chrome/107.0.0.0 Safari/537.36 Edg/107.0.1418.42" "ysfine.com"
71.178.208.102 - - [13/Nov/2022:00:50:11 -0800] "GET /people/jweber300.jpg HTTP/1.1" 200 23956 "https://ysfine.com/people/peo.html" "Mozilla/5.0 (Windows NT 10.0; Win64; x64) AppleWebKit/537.36 (KHTML, like Gecko) Chrome/107.0.0.0 Safari/537.36 Edg/107.0.1418.42" "ysfine.com"
71.178.208.102 - - [13/Nov/2022:00:50:11 -0800] "GET /people/sakharov01c.jpg HTTP/1.1" 200 42636 "https://ysfine.com/people/peo.html" "Mozilla/5.0 (Windows NT 10.0; Win64; x64) AppleWebKit/537.36 (KHTML, like Gecko) Chrome/107.0.0.0 Safari/537.36 Edg/107.0.1418.42" "ysfine.com"
71.178.208.102 - - [13/Nov/2022:00:50:11 -0800] "GET /people/tollwig300.jpg HTTP/1.1" 200 27969 "https://ysfine.com/people/peo.html" "Mozilla/5.0 (Windows NT 10.0; Win64; x64) AppleWebKit/537.36 (KHTML, like Gecko) Chrome/107.0.0.0 Safari/537.36 Edg/107.0.1418.42" "ysfine.com"
71.178.208.102 - - [13/Nov/2022:00:50:11 -0800] "GET /ffriends/amkor/elena01c.jpg HTTP/1.1" 200 37341 "https://ysfine.com/people/peo.html" "Mozilla/5.0 (Windows NT 10.0; Win64; x64) AppleWebKit/537.36 (KHTML, like Gecko) Chrome/107.0.0.0 Safari/537.36 Edg/107.0.1418.42" "ysfine.com"
71.178.208.102 - - [13/Nov/2022:00:50:11 -0800] "GET /people/facu63c.jpg HTTP/1.1" 200 39839 "https://ysfine.com/people/peo.html" "Mozilla/5.0 (Windows NT 10.0; Win64; x64) AppleWebKit/537.36 (KHTML, like Gecko) Chrome/107.0.0.0 Safari/537.36 Edg/107.0.1418.42" "ysfine.com"
71.178.208.102 - - [13/Nov/2022:00:50:11 -0800] "GET /people/eastman01b.jpg HTTP/1.1" 200 42893 "https://ysfine.com/people/peo.html" "Mozilla/5.0 (Windows NT 10.0; Win64; x64) AppleWebKit/537.36 (KHTML, like Gecko) Chrome/107.0.0.0 Safari/537.36 Edg/107.0.1418.42" "ysfine.com"
71.178.208.102 - - [13/Nov/2022:00:50:11 -0800] "GET /people/catto02b.jpg HTTP/1.1" 200 52505 "https://ysfine.com/people/peo.html" "Mozilla/5.0 (Windows NT 10.0; Win64; x64) AppleWebKit/537.36 (KHTML, like Gecko) Chrome/107.0.0.0 Safari/537.36 Edg/107.0.1418.42" "ysfine.com"
71.178.208.102 - - [13/Nov/2022:00:50:11 -0800] "GET /people/solimeno11b.jpg HTTP/1.1" 200 39705 "https://ysfine.com/people/peo.html" "Mozilla/5.0 (Windows NT 10.0; Win64; x64) AppleWebKit/537.36 (KHTML, like Gecko) Chrome/107.0.0.0 Safari/537.36 Edg/107.0.1418.42" "ysfine.com"
71.178.208.102 - - [13/Nov/2022:00:50:11 -0800] "GET /people/towhee2.jpg HTTP/1.1" 200 32584 "https://ysfine.com/people/peo.html" "Mozilla/5.0 (Windows NT 10.0; Win64; x64) AppleWebKit/537.36 (KHTML, like Gecko) Chrome/107.0.0.0 Safari/537.36 Edg/107.0.1418.42" "ysfine.com"
71.178.208.102 - - [13/Nov/2022:00:50:11 -0800] "GET /people/baran300.jpg HTTP/1.1" 200 22100 "https://ysfine.com/people/peo.html" "Mozilla/5.0 (Windows NT 10.0; Win64; x64) AppleWebKit/537.36 (KHTML, like Gecko) Chrome/107.0.0.0 Safari/537.36 Edg/107.0.1418.42" "ysfine.com"
71.178.208.102 - - [13/Nov/2022:00:50:11 -0800] "GET /people/logunov11b.jpg HTTP/1.1" 200 26659 "https://ysfine.com/people/peo.html" "Mozilla/5.0 (Windows NT 10.0; Win64; x64) AppleWebKit/537.36 (KHTML, like Gecko) Chrome/107.0.0.0 Safari/537.36 Edg/107.0.1418.42" "ysfine.com"
71.178.208.102 - - [13/Nov/2022:00:50:11 -0800] "GET /people/giacobino03b.jpg HTTP/1.1" 200 35593 "https://ysfine.com/people/peo.html" "Mozilla/5.0 (Windows NT 10.0; Win64; x64) AppleWebKit/537.36 (KHTML, like Gecko) Chrome/107.0.0.0 Safari/537.36 Edg/107.0.1418.42" "ysfine.com"
71.178.208.102 - - [13/Nov/2022:00:50:11 -0800] "GET /people/wboys2.jpg HTTP/1.1" 200 40344 "https://ysfine.com/people/peo.html" "Mozilla/5.0 (Windows NT 10.0; Win64; x64) AppleWebKit/537.36 (KHTML, like Gecko) Chrome/107.0.0.0 Safari/537.36 Edg/107.0.1418.42" "ysfine.com"
71.178.208.102 - - [13/Nov/2022:00:50:11 -0800] "GET /people/janszky04b.jpg HTTP/1.1" 200 38233 "https://ysfine.com/people/peo.html" "Mozilla/5.0 (Windows NT 10.0; Win64; x64) AppleWebKit/537.36 (KHTML, like Gecko) Chrome/107.0.0.0 Safari/537.36 Edg/107.0.1418.42" "ysfine.com"
71.178.208.102 - - [13/Nov/2022:00:50:11 -0800] "GET /people/redgreen300.jpg HTTP/1.1" 200 40144 "https://ysfine.com/people/peo.html" "Mozilla/5.0 (Windows NT 10.0; Win64; x64) AppleWebKit/537.36 (KHTML, like Gecko) Chrome/107.0.0.0 Safari/537.36 Edg/107.0.1418.42" "ysfine.com"
71.178.208.102 - - [13/Nov/2022:00:50:11 -0800] "GET /world/russ/filippov01b.jpg HTTP/1.1" 200 45154 "https://ysfine.com/people/peo.html" "Mozilla/5.0 (Windows NT 10.0; Win64; x64) AppleWebKit/537.36 (KHTML, like Gecko) Chrome/107.0.0.0 Safari/537.36 Edg/107.0.1418.42" "ysfine.com"
71.178.208.102 - - [13/Nov/2022:00:50:11 -0800] "GET /people/zeilinger01b.jpg HTTP/1.1" 200 30410 "https://ysfine.com/people/peo.html" "Mozilla/5.0 (Windows NT 10.0; Win64; x64) AppleWebKit/537.36 (KHTML, like Gecko) Chrome/107.0.0.0 Safari/537.36 Edg/107.0.1418.42" "ysfine.com"
71.178.208.102 - - [13/Nov/2022:00:50:11 -0800] "GET /people/klauder06c.jpg HTTP/1.1" 200 42613 "https://ysfine.com/people/peo.html" "Mozilla/5.0 (Windows NT 10.0; Win64; x64) AppleWebKit/537.36 (KHTML, like Gecko) Chrome/107.0.0.0 Safari/537.36 Edg/107.0.1418.42" "ysfine.com"
71.178.208.102 - - [13/Nov/2022:00:50:11 -0800] "GET /people/princeton68b.jpg HTTP/1.1" 200 40218 "https://ysfine.com/people/peo.html" "Mozilla/5.0 (Windows NT 10.0; Win64; x64) AppleWebKit/537.36 (KHTML, like Gecko) Chrome/107.0.0.0 Safari/537.36 Edg/107.0.1418.42" "ysfine.com"
71.178.208.102 - - [13/Nov/2022:00:50:11 -0800] "GET /people/lipkin02b.jpg HTTP/1.1" 200 44829 "https://ysfine.com/people/peo.html" "Mozilla/5.0 (Windows NT 10.0; Win64; x64) AppleWebKit/537.36 (KHTML, like Gecko) Chrome/107.0.0.0 Safari/537.36 Edg/107.0.1418.42" "ysfine.com"
71.178.208.102 - - [13/Nov/2022:00:50:11 -0800] "GET /people/sibelbas11c.jpg HTTP/1.1" 200 31836 "https://ysfine.com/people/peo.html" "Mozilla/5.0 (Windows NT 10.0; Win64; x64) AppleWebKit/537.36 (KHTML, like Gecko) Chrome/107.0.0.0 Safari/537.36 Edg/107.0.1418.42" "ysfine.com"
71.178.208.102 - - [13/Nov/2022:00:50:11 -0800] "GET /people/bhagat2.jpg HTTP/1.1" 200 33854 "https://ysfine.com/people/peo.html" "Mozilla/5.0 (Windows NT 10.0; Win64; x64) AppleWebKit/537.36 (KHTML, like Gecko) Chrome/107.0.0.0 Safari/537.36 Edg/107.0.1418.42" "ysfine.com"
71.178.208.102 - - [13/Nov/2022:00:50:11 -0800] "GET /wdc/kopol01b.jpg HTTP/1.1" 200 34148 "https://ysfine.com/people/peo.html" "Mozilla/5.0 (Windows NT 10.0; Win64; x64) AppleWebKit/537.36 (KHTML, like Gecko) Chrome/107.0.0.0 Safari/537.36 Edg/107.0.1418.42" "ysfine.com"
71.178.208.102 - - [13/Nov/2022:00:50:11 -0800] "GET /world/russ/afanasiev01b.jpg HTTP/1.1" 200 40004 "https://ysfine.com/people/peo.html" "Mozilla/5.0 (Windows NT 10.0; Win64; x64) AppleWebKit/537.36 (KHTML, like Gecko) Chrome/107.0.0.0 Safari/537.36 Edg/107.0.1418.42" "ysfine.com"
71.178.208.102 - - [13/Nov/2022:00:50:11 -0800] "GET /favicon.ico HTTP/1.1" 404 88 "https://ysfine.com/people/peo.html" "Mozilla/5.0 (Windows NT 10.0; Win64; x64) AppleWebKit/537.36 (KHTML, like Gecko) Chrome/107.0.0.0 Safari/537.36 Edg/107.0.1418.42" "ysfine.com"
71.178.208.102 - - [13/Nov/2022:00:50:23 -0800] "GET /beau/amkor/prgr02b.jpg HTTP/1.1" 404 88 "https://ysfine.com/princeton/prade.html" "Mozilla/5.0 (Windows NT 10.0; Win64; x64) AppleWebKit/537.36 (KHTML, like Gecko) Chrome/107.0.0.0 Safari/537.36 Edg/107.0.1418.42" "ysfine.com"
71.178.208.102 - - [13/Nov/2022:00:50:23 -0800] "GET /beau/amkor/prgr06b.jpg HTTP/1.1" 404 88 "https://ysfine.com/princeton/prade.html" "Mozilla/5.0 (Windows NT 10.0; Win64; x64) AppleWebKit/537.36 (KHTML, like Gecko) Chrome/107.0.0.0 Safari/537.36 Edg/107.0.1418.42" "ysfine.com"
71.178.208.102 - - [13/Nov/2022:00:50:31 -0800] "GET /princeton/shapiro.jpg HTTP/1.1" 200 53951 "https://ysfine.com/people/peo.html" "Mozilla/5.0 (Windows NT 10.0; Win64; x64) AppleWebKit/537.36 (KHTML, like Gecko) Chrome/107.0.0.0 Safari/537.36 Edg/107.0.1418.42" "ysfine.com"
71.178.208.102 - - [13/Nov/2022:00:50:40 -0800] "GET /princeton/tilghman04.jpg HTTP/1.1" 200 123895 "https://ysfine.com/people/peo.html" "Mozilla/5.0 (Windows NT 10.0; Win64; x64) AppleWebKit/537.36 (KHTML, like Gecko) Chrome/107.0.0.0 Safari/537.36 Edg/107.0.1418.42" "ysfine.com"
216.244.66.229 - - [13/Nov/2022:00:50:44 -0800] "GET /sbk/2008chelsea11.jpg HTTP/1.1" 200 277201 "-" "Mozilla/5.0 (compatible; DotBot/1.2; +https://opensiteexplorer.org/dotbot; help@moz.com)" "ysfine.com"
71.178.208.102 - - [13/Nov/2022:00:51:05 -0800] "GET /wigner/stevew.jpg HTTP/1.1" 200 49437 "https://ysfine.com/people/peo.html" "Mozilla/5.0 (Windows NT 10.0; Win64; x64) AppleWebKit/537.36 (KHTML, like Gecko) Chrome/107.0.0.0 Safari/537.36 Edg/107.0.1418.42" "ysfine.com"
71.178.208.102 - - [13/Nov/2022:00:51:10 -0800] "GET /wigner/wigwein3.jpg HTTP/1.1" 200 86483 "https://ysfine.com/people/peo.html" "Mozilla/5.0 (Windows NT 10.0; Win64; x64) AppleWebKit/537.36 (KHTML, like Gecko) Chrome/107.0.0.0 Safari/537.36 Edg/107.0.1418.42" "ysfine.com"
71.178.208.102 - - [13/Nov/2022:00:51:18 -0800] "GET /people/wheemaine.jpg HTTP/1.1" 200 98240 "https://ysfine.com/people/peo.html" "Mozilla/5.0 (Windows NT 10.0; Win64; x64) AppleWebKit/537.36 (KHTML, like Gecko) Chrome/107.0.0.0 Safari/537.36 Edg/107.0.1418.42" "ysfine.com"
216.244.66.229 - - [13/Nov/2022:00:51:21 -0800] "GET /world/hungary/buda125.jpg HTTP/1.1" 200 170963 "-" "Mozilla/5.0 (compatible; DotBot/1.2; +https://opensiteexplorer.org/dotbot; help@moz.com)" "ysfine.com"
71.178.208.102 - - [13/Nov/2022:00:51:25 -0800] "GET /people/facu63.jpg HTTP/1.1" 200 255387 "https://ysfine.com/people/peo.html" "Mozilla/5.0 (Windows NT 10.0; Win64; x64) AppleWebKit/537.36 (KHTML, like Gecko) Chrome/107.0.0.0 Safari/537.36 Edg/107.0.1418.42" "ysfine.com"
71.178.208.102 - - [13/Nov/2022:00:51:33 -0800] "GET /people/woods.jpg HTTP/1.1" 200 59800 "https://ysfine.com/people/peo.html" "Mozilla/5.0 (Windows NT 10.0; Win64; x64) AppleWebKit/537.36 (KHTML, like Gecko) Chrome/107.0.0.0 Safari/537.36 Edg/107.0.1418.42" "ysfine.com"
71.178.208.102 - - [13/Nov/2022:00:51:40 -0800] "GET /people/tollwig.jpg HTTP/1.1" 200 111433 "https://ysfine.com/people/peo.html" "Mozilla/5.0 (Windows NT 10.0; Win64; x64) AppleWebKit/537.36 (KHTML, like Gecko) Chrome/107.0.0.0 Safari/537.36 Edg/107.0.1418.42" "ysfine.com"
71.178.208.102 - - [13/Nov/2022:00:51:49 -0800] "GET /people/princeton68.jpg HTTP/1.1" 200 192633 "https://ysfine.com/people/peo.html" "Mozilla/5.0 (Windows NT 10.0; Win64; x64) AppleWebKit/537.36 (KHTML, like Gecko) Chrome/107.0.0.0 Safari/537.36 Edg/107.0.1418.42" "ysfine.com"
207.46.13.134 - - [13/Nov/2022:00:51:55 -0800] "GET /bio/wigner/e(2).html HTTP/1.1" 404 88 "-" "Mozilla/5.0 AppleWebKit/537.36 (KHTML, like Gecko; compatible; bingbot/2.0; +http://www.bing.com/bingbot.htm) Chrome/103.0.5060.134 Safari/537.36" "ysfine.com"
42.236.10.122 - - [13/Nov/2022:00:51:56 -0800] "GET / HTTP/1.1" 200 5283 "https://www.ysfine.com/" "Mozilla/5.0 (Windows NT 6.1; WOW64) AppleWebKit/537.36 (KHTML, like Gecko) Chrome/50.0.2661.102 Safari/537.36; 360Spider" "www.ysfine.com"
71.178.208.102 - - [13/Nov/2022:00:52:09 -0800] "GET /people/noz75.jpg HTTP/1.1" 200 77158 "https://ysfine.com/people/peo.html" "Mozilla/5.0 (Windows NT 10.0; Win64; x64) AppleWebKit/537.36 (KHTML, like Gecko) Chrome/107.0.0.0 Safari/537.36 Edg/107.0.1418.42" "ysfine.com"
71.178.208.102 - - [13/Nov/2022:00:52:13 -0800] "GET /people/noz03.jpg HTTP/1.1" 200 45269 "https://ysfine.com/people/peo.html" "Mozilla/5.0 (Windows NT 10.0; Win64; x64) AppleWebKit/537.36 (KHTML, like Gecko) Chrome/107.0.0.0 Safari/537.36 Edg/107.0.1418.42" "ysfine.com"
71.178.208.102 - - [13/Nov/2022:00:52:17 -0800] "GET /people/bj.jpg HTTP/1.1" 200 95738 "https://ysfine.com/people/peo.html" "Mozilla/5.0 (Windows NT 10.0; Win64; x64) AppleWebKit/537.36 (KHTML, like Gecko) Chrome/107.0.0.0 Safari/537.36 Edg/107.0.1418.42" "ysfine.com"
51.222.253.5 - - [13/Nov/2022:00:52:18 -0800] "GET /maga/minkowski.html HTTP/1.1" 200 4752 "-" "Mozilla/5.0 (compatible; AhrefsBot/7.0; +http://ahrefs.com/robot/)" "www.ysfine.com"
40.77.167.71 - - [13/Nov/2022:00:52:23 -0800] "GET /bio/feynman/partons.html HTTP/1.1" 404 88 "-" "Mozilla/5.0 AppleWebKit/537.36 (KHTML, like Gecko; compatible; bingbot/2.0; +http://www.bing.com/bingbot.htm) Chrome/103.0.5060.134 Safari/537.36" "ysfine.com"
51.222.253.13 - - [13/Nov/2022:00:52:24 -0800] "GET /maga/phys/rectan.jpg HTTP/1.1" 200 21089 "-" "Mozilla/5.0 (compatible; AhrefsBot/7.0; +http://ahrefs.com/robot/)" "www.ysfine.com"
51.222.253.11 - - [13/Nov/2022:00:52:29 -0800] "GET /world/baltic/lithu04b.jpg HTTP/1.1" 200 36043 "-" "Mozilla/5.0 (compatible; AhrefsBot/7.0; +http://ahrefs.com/robot/)" "www.ysfine.com"
51.222.253.4 - - [13/Nov/2022:00:52:34 -0800] "GET /world/baltic/lithu10b.jpg HTTP/1.1" 200 38527 "-" "Mozilla/5.0 (compatible; AhrefsBot/7.0; +http://ahrefs.com/robot/)" "www.ysfine.com"
71.178.208.102 - - [13/Nov/2022:00:52:37 -0800] "GET /people/wolfen22.jpg HTTP/1.1" 200 62817 "https://ysfine.com/people/peo.html" "Mozilla/5.0 (Windows NT 10.0; Win64; x64) AppleWebKit/537.36 (KHTML, like Gecko) Chrome/107.0.0.0 Safari/537.36 Edg/107.0.1418.42" "ysfine.com"
51.222.253.2 - - [13/Nov/2022:00:52:40 -0800] "GET /world/baltic/lithu07b.jpg HTTP/1.1" 200 44778 "-" "Mozilla/5.0 (compatible; AhrefsBot/7.0; +http://ahrefs.com/robot/)" "www.ysfine.com"
51.222.253.11 - - [13/Nov/2022:00:52:41 -0800] "GET /world/baltic/lithu03b.jpg HTTP/1.1" 200 49235 "-" "Mozilla/5.0 (compatible; AhrefsBot/7.0; +http://ahrefs.com/robot/)" "www.ysfine.com"
51.222.253.12 - - [13/Nov/2022:00:52:47 -0800] "GET /people/sbt2.jpg HTTP/1.1" 200 29397 "-" "Mozilla/5.0 (compatible; AhrefsBot/7.0; +http://ahrefs.com/robot/)" "www.ysfine.com"
51.222.253.15 - - [13/Nov/2022:00:52:52 -0800] "GET /maga/phys/minkowski2.jpg HTTP/1.1" 200 26964 "-" "Mozilla/5.0 (compatible; AhrefsBot/7.0; +http://ahrefs.com/robot/)" "www.ysfine.com"
51.222.253.14 - - [13/Nov/2022:00:52:58 -0800] "GET /dirac/dirac2.jpg HTTP/1.1" 200 31039 "-" "Mozilla/5.0 (compatible; AhrefsBot/7.0; +http://ahrefs.com/robot/)" "www.ysfine.com"
71.178.208.102 - - [13/Nov/2022:00:52:59 -0800] "GET /people/manko84.jpg HTTP/1.1" 200 50952 "https://ysfine.com/people/peo.html" "Mozilla/5.0 (Windows NT 10.0; Win64; x64) AppleWebKit/537.36 (KHTML, like Gecko) Chrome/107.0.0.0 Safari/537.36 Edg/107.0.1418.42" "ysfine.com"
71.178.208.102 - - [13/Nov/2022:00:53:06 -0800] "GET /people/logunov11.jpg HTTP/1.1" 200 76493 "https://ysfine.com/people/peo.html" "Mozilla/5.0 (Windows NT 10.0; Win64; x64) AppleWebKit/537.36 (KHTML, like Gecko) Chrome/107.0.0.0 Safari/537.36 Edg/107.0.1418.42" "ysfine.com"
71.178.208.102 - - [13/Nov/2022:00:53:16 -0800] "GET /wdc/kopol01.jpg HTTP/1.1" 200 70290 "https://ysfine.com/people/peo.html" "Mozilla/5.0 (Windows NT 10.0; Win64; x64) AppleWebKit/537.36 (KHTML, like Gecko) Chrome/107.0.0.0 Safari/537.36 Edg/107.0.1418.42" "ysfine.com"
71.178.208.102 - - [13/Nov/2022:00:53:20 -0800] "GET /people/logunov22.jpg HTTP/1.1" 200 139785 "https://ysfine.com/people/peo.html" "Mozilla/5.0 (Windows NT 10.0; Win64; x64) AppleWebKit/537.36 (KHTML, like Gecko) Chrome/107.0.0.0 Safari/537.36 Edg/107.0.1418.42" "ysfine.com"
71.178.208.102 - - [13/Nov/2022:00:53:29 -0800] "GET /world/russ/protvi01.jpg HTTP/1.1" 200 102406 "https://ysfine.com/people/peo.html" "Mozilla/5.0 (Windows NT 10.0; Win64; x64) AppleWebKit/537.36 (KHTML, like Gecko) Chrome/107.0.0.0 Safari/537.36 Edg/107.0.1418.42" "ysfine.com"
71.178.208.102 - - [13/Nov/2022:00:53:39 -0800] "GET /people/sakharov01.jpg HTTP/1.1" 200 107028 "https://ysfine.com/people/peo.html" "Mozilla/5.0 (Windows NT 10.0; Win64; x64) AppleWebKit/537.36 (KHTML, like Gecko) Chrome/107.0.0.0 Safari/537.36 Edg/107.0.1418.42" "ysfine.com"
157.55.39.129 - - [13/Nov/2022:00:53:45 -0800] "GET /bio/princeton/yspr.html HTTP/1.1" 404 88 "-" "Mozilla/5.0 AppleWebKit/537.36 (KHTML, like Gecko; compatible; bingbot/2.0; +http://www.bing.com/bingbot.htm) Chrome/103.0.5060.134 Safari/537.36" "ysfine.com"
71.178.208.102 - - [13/Nov/2022:00:53:47 -0800] "GET /people/bacry92.jpg HTTP/1.1" 200 63598 "https://ysfine.com/people/peo.html" "Mozilla/5.0 (Windows NT 10.0; Win64; x64) AppleWebKit/537.36 (KHTML, like Gecko) Chrome/107.0.0.0 Safari/537.36 Edg/107.0.1418.42" "ysfine.com"
71.178.208.102 - - [13/Nov/2022:00:53:52 -0800] "GET /people/hussin.jpg HTTP/1.1" 200 45580 "https://ysfine.com/people/peo.html" "Mozilla/5.0 (Windows NT 10.0; Win64; x64) AppleWebKit/537.36 (KHTML, like Gecko) Chrome/107.0.0.0 Safari/537.36 Edg/107.0.1418.42" "ysfine.com"
71.178.208.102 - - [13/Nov/2022:00:53:57 -0800] "GET /people/glauber02.jpg HTTP/1.1" 200 83218 "https://ysfine.com/people/peo.html" "Mozilla/5.0 (Windows NT 10.0; Win64; x64) AppleWebKit/537.36 (KHTML, like Gecko) Chrome/107.0.0.0 Safari/537.36 Edg/107.0.1418.42" "ysfine.com"
71.178.208.102 - - [13/Nov/2022:00:54:04 -0800] "GET /people/kibler.jpg HTTP/1.1" 200 94528 "https://ysfine.com/people/peo.html" "Mozilla/5.0 (Windows NT 10.0; Win64; x64) AppleWebKit/537.36 (KHTML, like Gecko) Chrome/107.0.0.0 Safari/537.36 Edg/107.0.1418.42" "ysfine.com"
71.178.208.102 - - [13/Nov/2022:00:54:13 -0800] "GET /wigner/inokim.jpg HTTP/1.1" 200 68631 "https://ysfine.com/people/peo.html" "Mozilla/5.0 (Windows NT 10.0; Win64; x64) AppleWebKit/537.36 (KHTML, like Gecko) Chrome/107.0.0.0 Safari/537.36 Edg/107.0.1418.42" "ysfine.com"
216.244.66.229 - - [13/Nov/2022:00:54:14 -0800] "GET /wdc/dar22.jpg HTTP/1.1" 200 95374 "-" "Mozilla/5.0 (compatible; DotBot/1.2; +https://opensiteexplorer.org/dotbot; help@moz.com)" "ysfine.com"
113.31.105.130 - - [13/Nov/2022:00:54:15 -0800] "GET / HTTP/1.1" 200 5283 "-" "Mozilla/5.0 (Macintosh; Intel Mac OS X 10_11) AppleWebKit/601.1.27 (KHTML, like Gecko) Chrome/47.0.2526.106 Safari/601.1.27" "ysfine.com"
71.178.208.102 - - [13/Nov/2022:00:54:20 -0800] "GET /people/mshkim.jpg HTTP/1.1" 200 77915 "https://ysfine.com/people/peo.html" "Mozilla/5.0 (Windows NT 10.0; Win64; x64) AppleWebKit/537.36 (KHTML, like Gecko) Chrome/107.0.0.0 Safari/537.36 Edg/107.0.1418.42" "ysfine.com"
71.178.208.102 - - [13/Nov/2022:00:54:25 -0800] "GET /people/smirnov.jpg HTTP/1.1" 200 80968 "https://ysfine.com/people/peo.html" "Mozilla/5.0 (Windows NT 10.0; Win64; x64) AppleWebKit/537.36 (KHTML, like Gecko) Chrome/107.0.0.0 Safari/537.36 Edg/107.0.1418.42" "ysfine.com"
71.178.208.102 - - [13/Nov/2022:00:54:31 -0800] "GET /people/kocinski.jpg HTTP/1.1" 200 81177 "https://ysfine.com/people/peo.html" "Mozilla/5.0 (Windows NT 10.0; Win64; x64) AppleWebKit/537.36 (KHTML, like Gecko) Chrome/107.0.0.0 Safari/537.36 Edg/107.0.1418.42" "ysfine.com"
71.178.208.102 - - [13/Nov/2022:00:54:46 -0800] "GET /people/mukunda.jpg HTTP/1.1" 200 65786 "https://ysfine.com/people/peo.html" "Mozilla/5.0 (Windows NT 10.0; Win64; x64) AppleWebKit/537.36 (KHTML, like Gecko) Chrome/107.0.0.0 Safari/537.36 Edg/107.0.1418.42" "ysfine.com"
71.178.208.102 - - [13/Nov/2022:00:54:51 -0800] "GET /people/sibel.jpg HTTP/1.1" 200 76753 "https://ysfine.com/people/peo.html" "Mozilla/5.0 (Windows NT 10.0; Win64; x64) AppleWebKit/537.36 (KHTML, like Gecko) Chrome/107.0.0.0 Safari/537.36 Edg/107.0.1418.42" "ysfine.com"
51.222.253.17 - - [13/Nov/2022:00:54:52 -0800] "GET /wisdom/happyend.html HTTP/1.1" 200 1088 "-" "Mozilla/5.0 (compatible; AhrefsBot/7.0; +http://ahrefs.com/robot/)" "ysfine.com"
71.178.208.102 - - [13/Nov/2022:00:54:56 -0800] "GET /ffriends/amkor/elena01.jpg HTTP/1.1" 200 209033 "https://ysfine.com/people/peo.html" "Mozilla/5.0 (Windows NT 10.0; Win64; x64) AppleWebKit/537.36 (KHTML, like Gecko) Chrome/107.0.0.0 Safari/537.36 Edg/107.0.1418.42" "ysfine.com"
216.244.66.229 - - [13/Nov/2022:00:55:04 -0800] "GET /wdc/loc04.jpg HTTP/1.1" 200 160323 "-" "Mozilla/5.0 (compatible; DotBot/1.2; +https://opensiteexplorer.org/dotbot; help@moz.com)" "ysfine.com"
207.46.13.134 - - [13/Nov/2022:00:55:05 -0800] "GET /bio/dirac/locovar.html HTTP/1.1" 404 88 "-" "Mozilla/5.0 AppleWebKit/537.36 (KHTML, like Gecko; compatible; bingbot/2.0; +http://www.bing.com/bingbot.htm) Chrome/103.0.5060.134 Safari/537.36" "ysfine.com"
71.178.208.102 - - [13/Nov/2022:00:55:06 -0800] "GET /people/masalov11.jpg HTTP/1.1" 200 98828 "https://ysfine.com/people/peo.html" "Mozilla/5.0 (Windows NT 10.0; Win64; x64) AppleWebKit/537.36 (KHTML, like Gecko) Chrome/107.0.0.0 Safari/537.36 Edg/107.0.1418.42" "ysfine.com"
71.178.208.102 - - [13/Nov/2022:00:55:18 -0800] "GET /people/sorokin00.jpg HTTP/1.1" 200 72519 "https://ysfine.com/people/peo.html" "Mozilla/5.0 (Windows NT 10.0; Win64; x64) AppleWebKit/537.36 (KHTML, like Gecko) Chrome/107.0.0.0 Safari/537.36 Edg/107.0.1418.42" "ysfine.com"
71.178.208.102 - - [13/Nov/2022:00:55:34 -0800] "GET /people/siegel.jpg HTTP/1.1" 200 65710 "https://ysfine.com/people/peo.html" "Mozilla/5.0 (Windows NT 10.0; Win64; x64) AppleWebKit/537.36 (KHTML, like Gecko) Chrome/107.0.0.0 Safari/537.36 Edg/107.0.1418.42" "ysfine.com"
71.178.208.102 - - [13/Nov/2022:00:55:47 -0800] "GET /people/dnepro.jpg HTTP/1.1" 200 43071 "https://ysfine.com/people/peo.html" "Mozilla/5.0 (Windows NT 10.0; Win64; x64) AppleWebKit/537.36 (KHTML, like Gecko) Chrome/107.0.0.0 Safari/537.36 Edg/107.0.1418.42" "ysfine.com"
71.178.208.102 - - [13/Nov/2022:00:55:58 -0800] "GET /people/zeilinger.jpg HTTP/1.1" 200 59186 "https://ysfine.com/people/peo.html" "Mozilla/5.0 (Windows NT 10.0; Win64; x64) AppleWebKit/537.36 (KHTML, like Gecko) Chrome/107.0.0.0 Safari/537.36 Edg/107.0.1418.42" "ysfine.com"
71.178.208.102 - - [13/Nov/2022:00:56:04 -0800] "GET /people/thooft.jpg HTTP/1.1" 200 55965 "https://ysfine.com/people/peo.html" "Mozilla/5.0 (Windows NT 10.0; Win64; x64) AppleWebKit/537.36 (KHTML, like Gecko) Chrome/107.0.0.0 Safari/537.36 Edg/107.0.1418.42" "ysfine.com"
157.55.39.129 - - [13/Nov/2022:00:56:25 -0800] "GET /bio/bio05.html HTTP/1.1" 404 88 "-" "Mozilla/5.0 AppleWebKit/537.36 (KHTML, like Gecko; compatible; bingbot/2.0; +http://www.bing.com/bingbot.htm) Chrome/103.0.5060.134 Safari/537.36" "ysfine.com"
157.55.39.6 - - [13/Nov/2022:00:56:30 -0800] "GET /bio/world/leipzig.html HTTP/1.1" 404 88 "-" "Mozilla/5.0 (compatible; bingbot/2.0; +http://www.bing.com/bingbot.htm)" "ysfine.com"
71.178.208.102 - - [13/Nov/2022:00:56:31 -0800] "GET /people/birman.jpg HTTP/1.1" 200 69528 "https://ysfine.com/people/peo.html" "Mozilla/5.0 (Windows NT 10.0; Win64; x64) AppleWebKit/537.36 (KHTML, like Gecko) Chrome/107.0.0.0 Safari/537.36 Edg/107.0.1418.42" "ysfine.com"
71.178.208.102 - - [13/Nov/2022:00:56:38 -0800] "GET /people/gelman.jpg HTTP/1.1" 200 37899 "https://ysfine.com/people/peo.html" "Mozilla/5.0 (Windows NT 10.0; Win64; x64) AppleWebKit/537.36 (KHTML, like Gecko) Chrome/107.0.0.0 Safari/537.36 Edg/107.0.1418.42" "ysfine.com"
71.178.208.102 - - [13/Nov/2022:00:56:42 -0800] "GET /people/glauber01.jpg HTTP/1.1" 200 70165 "https://ysfine.com/people/peo.html" "Mozilla/5.0 (Windows NT 10.0; Win64; x64) AppleWebKit/537.36 (KHTML, like Gecko) Chrome/107.0.0.0 Safari/537.36 Edg/107.0.1418.42" "ysfine.com"
71.178.208.102 - - [13/Nov/2022:00:56:48 -0800] "GET /people/bianca.jpg HTTP/1.1" 200 92204 "https://ysfine.com/people/peo.html" "Mozilla/5.0 (Windows NT 10.0; Win64; x64) AppleWebKit/537.36 (KHTML, like Gecko) Chrome/107.0.0.0 Safari/537.36 Edg/107.0.1418.42" "ysfine.com"
40.77.167.71 - - [13/Nov/2022:00:56:53 -0800] "GET /bio/wigner/evangel.html HTTP/1.1" 404 88 "-" "Mozilla/5.0 (compatible; bingbot/2.0; +http://www.bing.com/bingbot.htm)" "ysfine.com"
51.222.253.9 - - [13/Nov/2022:00:57:03 -0800] "GET /ysbio/world/poland/copernijagel.html HTTP/1.1" 404 88 "-" "Mozilla/5.0 (compatible; AhrefsBot/7.0; +http://ahrefs.com/robot/)" "ysfine.com"
71.178.208.102 - - [13/Nov/2022:00:57:12 -0800] "GET /style/artlove.html HTTP/1.1" 200 16005 "https://ysfine.com/people/peo.html" "Mozilla/5.0 (Windows NT 10.0; Win64; x64) AppleWebKit/537.36 (KHTML, like Gecko) Chrome/107.0.0.0 Safari/537.36 Edg/107.0.1418.42" "ysfine.com"
71.178.208.102 - - [13/Nov/2022:00:57:12 -0800] "GET /style/musee/orsaym04c.jpg HTTP/1.1" 200 56701 "https://ysfine.com/style/artlove.html" "Mozilla/5.0 (Windows NT 10.0; Win64; x64) AppleWebKit/537.36 (KHTML, like Gecko) Chrome/107.0.0.0 Safari/537.36 Edg/107.0.1418.42" "ysfine.com"
71.178.208.102 - - [13/Nov/2022:00:57:12 -0800] "GET /style/nga66c.jpg HTTP/1.1" 200 35103 "https://ysfine.com/style/artlove.html" "Mozilla/5.0 (Windows NT 10.0; Win64; x64) AppleWebKit/537.36 (KHTML, like Gecko) Chrome/107.0.0.0 Safari/537.36 Edg/107.0.1418.42" "ysfine.com"
71.178.208.102 - - [13/Nov/2022:00:57:12 -0800] "GET /style/socrates55c.jpg HTTP/1.1" 200 38192 "https://ysfine.com/style/artlove.html" "Mozilla/5.0 (Windows NT 10.0; Win64; x64) AppleWebKit/537.36 (KHTML, like Gecko) Chrome/107.0.0.0 Safari/537.36 Edg/107.0.1418.42" "ysfine.com"
71.178.208.102 - - [13/Nov/2022:00:57:12 -0800] "GET /style/musee/louvre11c.jpg HTTP/1.1" 200 44335 "https://ysfine.com/style/artlove.html" "Mozilla/5.0 (Windows NT 10.0; Win64; x64) AppleWebKit/537.36 (KHTML, like Gecko) Chrome/107.0.0.0 Safari/537.36 Edg/107.0.1418.42" "ysfine.com"
71.178.208.102 - - [13/Nov/2022:00:57:12 -0800] "GET /style/guggen33c.jpg HTTP/1.1" 200 37941 "https://ysfine.com/style/artlove.html" "Mozilla/5.0 (Windows NT 10.0; Win64; x64) AppleWebKit/537.36 (KHTML, like Gecko) Chrome/107.0.0.0 Safari/537.36 Edg/107.0.1418.42" "ysfine.com"
71.178.208.102 - - [13/Nov/2022:00:57:12 -0800] "GET /style/musee/louvre16c.jpg HTTP/1.1" 200 32786 "https://ysfine.com/style/artlove.html" "Mozilla/5.0 (Windows NT 10.0; Win64; x64) AppleWebKit/537.36 (KHTML, like Gecko) Chrome/107.0.0.0 Safari/537.36 Edg/107.0.1418.42" "ysfine.com"
71.178.208.102 - - [13/Nov/2022:00:57:12 -0800] "GET /style/musee/beijing056c.jpg HTTP/1.1" 200 38578 "https://ysfine.com/style/artlove.html" "Mozilla/5.0 (Windows NT 10.0; Win64; x64) AppleWebKit/537.36 (KHTML, like Gecko) Chrome/107.0.0.0 Safari/537.36 Edg/107.0.1418.42" "ysfine.com"
71.178.208.102 - - [13/Nov/2022:00:57:12 -0800] "GET /style/musee/orsaym01c.jpg HTTP/1.1" 200 43934 "https://ysfine.com/style/artlove.html" "Mozilla/5.0 (Windows NT 10.0; Win64; x64) AppleWebKit/537.36 (KHTML, like Gecko) Chrome/107.0.0.0 Safari/537.36 Edg/107.0.1418.42" "ysfine.com"
71.178.208.102 - - [13/Nov/2022:00:57:12 -0800] "GET /style/nga33c.jpg HTTP/1.1" 200 44503 "https://ysfine.com/style/artlove.html" "Mozilla/5.0 (Windows NT 10.0; Win64; x64) AppleWebKit/537.36 (KHTML, like Gecko) Chrome/107.0.0.0 Safari/537.36 Edg/107.0.1418.42" "ysfine.com"
71.178.208.102 - - [13/Nov/2022:00:57:12 -0800] "GET /style/musee/pradom02c.jpg HTTP/1.1" 200 63809 "https://ysfine.com/style/artlove.html" "Mozilla/5.0 (Windows NT 10.0; Win64; x64) AppleWebKit/537.36 (KHTML, like Gecko) Chrome/107.0.0.0 Safari/537.36 Edg/107.0.1418.42" "ysfine.com"
71.178.208.102 - - [13/Nov/2022:00:57:12 -0800] "GET /style/musee/pradom03c.jpg HTTP/1.1" 200 37152 "https://ysfine.com/style/artlove.html" "Mozilla/5.0 (Windows NT 10.0; Win64; x64) AppleWebKit/537.36 (KHTML, like Gecko) Chrome/107.0.0.0 Safari/537.36 Edg/107.0.1418.42" "ysfine.com"
71.178.208.102 - - [13/Nov/2022:00:57:12 -0800] "GET /style/monet01b.jpg HTTP/1.1" 200 42056 "https://ysfine.com/style/artlove.html" "Mozilla/5.0 (Windows NT 10.0; Win64; x64) AppleWebKit/537.36 (KHTML, like Gecko) Chrome/107.0.0.0 Safari/537.36 Edg/107.0.1418.42" "ysfine.com"
71.178.208.102 - - [13/Nov/2022:00:57:12 -0800] "GET /style/musee/vatican13b.jpg HTTP/1.1" 200 55016 "https://ysfine.com/style/artlove.html" "Mozilla/5.0 (Windows NT 10.0; Win64; x64) AppleWebKit/537.36 (KHTML, like Gecko) Chrome/107.0.0.0 Safari/537.36 Edg/107.0.1418.42" "ysfine.com"
71.178.208.102 - - [13/Nov/2022:00:57:12 -0800] "GET /style/musee/minsk040b.jpg HTTP/1.1" 200 41302 "https://ysfine.com/style/artlove.html" "Mozilla/5.0 (Windows NT 10.0; Win64; x64) AppleWebKit/537.36 (KHTML, like Gecko) Chrome/107.0.0.0 Safari/537.36 Edg/107.0.1418.42" "ysfine.com"
71.178.208.102 - - [13/Nov/2022:00:57:12 -0800] "GET /style/elena03c.jpg HTTP/1.1" 200 24695 "https://ysfine.com/style/artlove.html" "Mozilla/5.0 (Windows NT 10.0; Win64; x64) AppleWebKit/537.36 (KHTML, like Gecko) Chrome/107.0.0.0 Safari/537.36 Edg/107.0.1418.42" "ysfine.com"
71.178.208.102 - - [13/Nov/2022:00:57:12 -0800] "GET /style/musee/berlinmus36b.jpg HTTP/1.1" 200 36317 "https://ysfine.com/style/artlove.html" "Mozilla/5.0 (Windows NT 10.0; Win64; x64) AppleWebKit/537.36 (KHTML, like Gecko) Chrome/107.0.0.0 Safari/537.36 Edg/107.0.1418.42" "ysfine.com"
71.178.208.102 - - [13/Nov/2022:00:57:12 -0800] "GET /style/cezanne01b.jpg HTTP/1.1" 200 45494 "https://ysfine.com/style/artlove.html" "Mozilla/5.0 (Windows NT 10.0; Win64; x64) AppleWebKit/537.36 (KHTML, like Gecko) Chrome/107.0.0.0 Safari/537.36 Edg/107.0.1418.42" "ysfine.com"
71.178.208.102 - - [13/Nov/2022:00:57:12 -0800] "GET /style/vangogh01c.jpg HTTP/1.1" 200 37311 "https://ysfine.com/style/artlove.html" "Mozilla/5.0 (Windows NT 10.0; Win64; x64) AppleWebKit/537.36 (KHTML, like Gecko) Chrome/107.0.0.0 Safari/537.36 Edg/107.0.1418.42" "ysfine.com"
71.178.208.102 - - [13/Nov/2022:00:57:12 -0800] "GET /style/musee/vatim08b.jpg HTTP/1.1" 200 39260 "https://ysfine.com/style/artlove.html" "Mozilla/5.0 (Windows NT 10.0; Win64; x64) AppleWebKit/537.36 (KHTML, like Gecko) Chrome/107.0.0.0 Safari/537.36 Edg/107.0.1418.42" "ysfine.com"
71.178.208.102 - - [13/Nov/2022:00:57:12 -0800] "GET /style/musee/ams002c.jpg HTTP/1.1" 200 39979 "https://ysfine.com/style/artlove.html" "Mozilla/5.0 (Windows NT 10.0; Win64; x64) AppleWebKit/537.36 (KHTML, like Gecko) Chrome/107.0.0.0 Safari/537.36 Edg/107.0.1418.42" "ysfine.com"
71.178.208.102 - - [13/Nov/2022:00:57:12 -0800] "GET /style/musee/picassomp10c.jpg HTTP/1.1" 200 36243 "https://ysfine.com/style/artlove.html" "Mozilla/5.0 (Windows NT 10.0; Win64; x64) AppleWebKit/537.36 (KHTML, like Gecko) Chrome/107.0.0.0 Safari/537.36 Edg/107.0.1418.42" "ysfine.com"
71.178.208.102 - - [13/Nov/2022:00:57:12 -0800] "GET /style/musee/vatim09b.jpg HTTP/1.1" 200 30206 "https://ysfine.com/style/artlove.html" "Mozilla/5.0 (Windows NT 10.0; Win64; x64) AppleWebKit/537.36 (KHTML, like Gecko) Chrome/107.0.0.0 Safari/537.36 Edg/107.0.1418.42" "ysfine.com"
71.178.208.102 - - [13/Nov/2022:00:57:12 -0800] "GET /style/musee/vatican33b.jpg HTTP/1.1" 200 38167 "https://ysfine.com/style/artlove.html" "Mozilla/5.0 (Windows NT 10.0; Win64; x64) AppleWebKit/537.36 (KHTML, like Gecko) Chrome/107.0.0.0 Safari/537.36 Edg/107.0.1418.42" "ysfine.com"
71.178.208.102 - - [13/Nov/2022:00:57:12 -0800] "GET /style/musee/vatim01b.jpg HTTP/1.1" 200 49800 "https://ysfine.com/style/artlove.html" "Mozilla/5.0 (Windows NT 10.0; Win64; x64) AppleWebKit/537.36 (KHTML, like Gecko) Chrome/107.0.0.0 Safari/537.36 Edg/107.0.1418.42" "ysfine.com"
71.178.208.102 - - [13/Nov/2022:00:57:12 -0800] "GET /style/musee/athf07b.jpg HTTP/1.1" 200 54094 "https://ysfine.com/style/artlove.html" "Mozilla/5.0 (Windows NT 10.0; Win64; x64) AppleWebKit/537.36 (KHTML, like Gecko) Chrome/107.0.0.0 Safari/537.36 Edg/107.0.1418.42" "ysfine.com"
71.178.208.102 - - [13/Nov/2022:00:57:12 -0800] "GET /style/musee/ath033b.jpg HTTP/1.1" 200 43338 "https://ysfine.com/style/artlove.html" "Mozilla/5.0 (Windows NT 10.0; Win64; x64) AppleWebKit/537.36 (KHTML, like Gecko) Chrome/107.0.0.0 Safari/537.36 Edg/107.0.1418.42" "ysfine.com"
71.178.208.102 - - [13/Nov/2022:00:57:12 -0800] "GET /style/musee/berlinmus21b.jpg HTTP/1.1" 200 35257 "https://ysfine.com/style/artlove.html" "Mozilla/5.0 (Windows NT 10.0; Win64; x64) AppleWebKit/537.36 (KHTML, like Gecko) Chrome/107.0.0.0 Safari/537.36 Edg/107.0.1418.42" "ysfine.com"
71.178.208.102 - - [13/Nov/2022:00:57:12 -0800] "GET /style/picassony2.jpg HTTP/1.1" 200 39639 "https://ysfine.com/style/artlove.html" "Mozilla/5.0 (Windows NT 10.0; Win64; x64) AppleWebKit/537.36 (KHTML, like Gecko) Chrome/107.0.0.0 Safari/537.36 Edg/107.0.1418.42" "ysfine.com"
71.178.208.102 - - [13/Nov/2022:00:57:12 -0800] "GET /style/musee/britmu03c.jpg HTTP/1.1" 200 33045 "https://ysfine.com/style/artlove.html" "Mozilla/5.0 (Windows NT 10.0; Win64; x64) AppleWebKit/537.36 (KHTML, like Gecko) Chrome/107.0.0.0 Safari/537.36 Edg/107.0.1418.42" "ysfine.com"
71.178.208.102 - - [13/Nov/2022:00:57:12 -0800] "GET /style/musee/uffizi12b.jpg HTTP/1.1" 200 49310 "https://ysfine.com/style/artlove.html" "Mozilla/5.0 (Windows NT 10.0; Win64; x64) AppleWebKit/537.36 (KHTML, like Gecko) Chrome/107.0.0.0 Safari/537.36 Edg/107.0.1418.42" "ysfine.com"
71.178.208.102 - - [13/Nov/2022:00:57:12 -0800] "GET /style/musee/perga06b.jpg HTTP/1.1" 200 40224 "https://ysfine.com/style/artlove.html" "Mozilla/5.0 (Windows NT 10.0; Win64; x64) AppleWebKit/537.36 (KHTML, like Gecko) Chrome/107.0.0.0 Safari/537.36 Edg/107.0.1418.42" "ysfine.com"
71.178.208.102 - - [13/Nov/2022:00:57:12 -0800] "GET /style/musee/uffizi02b.jpg HTTP/1.1" 200 53042 "https://ysfine.com/style/artlove.html" "Mozilla/5.0 (Windows NT 10.0; Win64; x64) AppleWebKit/537.36 (KHTML, like Gecko) Chrome/107.0.0.0 Safari/537.36 Edg/107.0.1418.42" "ysfine.com"
71.178.208.102 - - [13/Nov/2022:00:57:12 -0800] "GET /style/musee/perga26b.jpg HTTP/1.1" 200 35624 "https://ysfine.com/style/artlove.html" "Mozilla/5.0 (Windows NT 10.0; Win64; x64) AppleWebKit/537.36 (KHTML, like Gecko) Chrome/107.0.0.0 Safari/537.36 Edg/107.0.1418.42" "ysfine.com"
71.178.208.102 - - [13/Nov/2022:00:57:12 -0800] "GET /style/musee/aix02b.jpg HTTP/1.1" 200 50746 "https://ysfine.com/style/artlove.html" "Mozilla/5.0 (Windows NT 10.0; Win64; x64) AppleWebKit/537.36 (KHTML, like Gecko) Chrome/107.0.0.0 Safari/537.36 Edg/107.0.1418.42" "ysfine.com"
71.178.208.102 - - [13/Nov/2022:00:57:12 -0800] "GET /style/musee/matisse11c.jpg HTTP/1.1" 200 31112 "https://ysfine.com/style/artlove.html" "Mozilla/5.0 (Windows NT 10.0; Win64; x64) AppleWebKit/537.36 (KHTML, like Gecko) Chrome/107.0.0.0 Safari/537.36 Edg/107.0.1418.42" "ysfine.com"
71.178.208.102 - - [13/Nov/2022:00:57:12 -0800] "GET /style/musee/britmu09c.jpg HTTP/1.1" 200 36146 "https://ysfine.com/style/artlove.html" "Mozilla/5.0 (Windows NT 10.0; Win64; x64) AppleWebKit/537.36 (KHTML, like Gecko) Chrome/107.0.0.0 Safari/537.36 Edg/107.0.1418.42" "ysfine.com"
71.178.208.102 - - [13/Nov/2022:00:57:12 -0800] "GET /style/musee/beijing061c.jpg HTTP/1.1" 200 29885 "https://ysfine.com/style/artlove.html" "Mozilla/5.0 (Windows NT 10.0; Win64; x64) AppleWebKit/537.36 (KHTML, like Gecko) Chrome/107.0.0.0 Safari/537.36 Edg/107.0.1418.42" "ysfine.com"
71.178.208.102 - - [13/Nov/2022:00:57:12 -0800] "GET /style/musee/picassomp02c.jpg HTTP/1.1" 200 31690 "https://ysfine.com/style/artlove.html" "Mozilla/5.0 (Windows NT 10.0; Win64; x64) AppleWebKit/537.36 (KHTML, like Gecko) Chrome/107.0.0.0 Safari/537.36 Edg/107.0.1418.42" "ysfine.com"
71.178.208.102 - - [13/Nov/2022:00:57:12 -0800] "GET /style/musee/vatim10b.jpg HTTP/1.1" 200 35185 "https://ysfine.com/style/artlove.html" "Mozilla/5.0 (Windows NT 10.0; Win64; x64) AppleWebKit/537.36 (KHTML, like Gecko) Chrome/107.0.0.0 Safari/537.36 Edg/107.0.1418.42" "ysfine.com"
71.178.208.102 - - [13/Nov/2022:00:57:12 -0800] "GET /style/monet07b.jpg HTTP/1.1" 200 49425 "https://ysfine.com/style/artlove.html" "Mozilla/5.0 (Windows NT 10.0; Win64; x64) AppleWebKit/537.36 (KHTML, like Gecko) Chrome/107.0.0.0 Safari/537.36 Edg/107.0.1418.42" "ysfine.com"
