216.244.66.229 - - [13/Nov/2022:13:19:01 -0800] "GET /class54/pics/g121.jpg HTTP/1.1" 200 345507 "-" "Mozilla/5.0 (compatible; DotBot/1.2; +https://opensiteexplorer.org/dotbot; help@moz.com)" "ysfine.com"
75.115.127.25 - - [13/Nov/2022:13:19:28 -0800] "GET /world/france/montpar01.jpg HTTP/1.1" 200 81237 "https://www.google.com/" "Mozilla/5.0 (iPhone; CPU iPhone OS 15_6_1 like Mac OS X) AppleWebKit/605.1.15 (KHTML, like Gecko) Version/15.6.1 Mobile/15E148 Safari/604.1" "ysfine.com"
216.244.66.229 - - [13/Nov/2022:13:19:52 -0800] "GET /maga/pomeranchuk.jpg HTTP/1.1" 404 73 "-" "Mozilla/5.0 (compatible; DotBot/1.2; +https://opensiteexplorer.org/dotbot; help@moz.com)" "ysfine.com"
87.170.26.221 - - [13/Nov/2022:13:20:07 -0800] "GET /kowar/tanks/tank03.jpg HTTP/1.1" 200 106726 "https://www.google.com/" "Mozilla/5.0 (Windows NT 10.0; Win64; x64) AppleWebKit/537.36 (KHTML, like Gecko) Chrome/106.0.0.0 Safari/537.36 OPR/92.0.0.0" "ysfine.com"
51.222.253.1 - - [13/Nov/2022:13:20:14 -0800] "GET /ysbio/folks/british.html HTTP/1.1" 404 88 "-" "Mozilla/5.0 (compatible; AhrefsBot/7.0; +http://ahrefs.com/robot/)" "www.ysfine.com"
40.77.167.27 - - [13/Nov/2022:13:20:18 -0800] "GET /ysbio/roostalin.html HTTP/1.1" 404 88 "-" "Mozilla/5.0 (compatible; bingbot/2.0; +http://www.bing.com/bingbot.htm)" "ysfine.com"
216.244.66.229 - - [13/Nov/2022:13:20:22 -0800] "GET /style/cameras/blackwhite02.jpg HTTP/1.1" 200 103815 "-" "Mozilla/5.0 (compatible; DotBot/1.2; +https://opensiteexplorer.org/dotbot; help@moz.com)" "ysfine.com"
216.244.66.229 - - [13/Nov/2022:13:21:03 -0800] "GET /style/musee/ath017.jpg HTTP/1.1" 200 164305 "-" "Mozilla/5.0 (compatible; DotBot/1.2; +https://opensiteexplorer.org/dotbot; help@moz.com)" "ysfine.com"
157.55.39.6 - - [13/Nov/2022:13:21:38 -0800] "GET /bio/style/leica.html HTTP/1.1" 404 88 "-" "Mozilla/5.0 AppleWebKit/537.36 (KHTML, like Gecko; compatible; bingbot/2.0; +http://www.bing.com/bingbot.htm) Chrome/103.0.5060.134 Safari/537.36" "ysfine.com"
38.126.157.40 - - [13/Nov/2022:13:21:46 -0800] "GET /maga/phil/hugom11b.jpg HTTP/1.1" 200 47204 "-" "Mozilla/5.0 (compatible; FemtosearchBot/1.0; http://femtosearch.com)" "ysfine.com"
38.126.157.40 - - [13/Nov/2022:13:21:46 -0800] "GET /world/russ/mosf04b.jpg HTTP/1.1" 200 37076 "-" "Mozilla/5.0 (compatible; FemtosearchBot/1.0; http://femtosearch.com)" "ysfine.com"
38.126.157.40 - - [13/Nov/2022:13:21:46 -0800] "GET /world/ital/rome005.jpg HTTP/1.1" 200 145870 "-" "Mozilla/5.0 (compatible; FemtosearchBot/1.0; http://femtosearch.com)" "ysfine.com"
38.126.157.40 - - [13/Nov/2022:13:21:46 -0800] "GET /einstein/einharmo.html HTTP/1.1" 200 1137 "-" "Mozilla/5.0 (compatible; FemtosearchBot/1.0; http://femtosearch.com)" "ysfine.com"
38.126.157.40 - - [13/Nov/2022:13:21:46 -0800] "GET /world/brit/firew06.jpg HTTP/1.1" 200 82808 "-" "Mozilla/5.0 (compatible; FemtosearchBot/1.0; http://femtosearch.com)" "ysfine.com"
38.126.157.40 - - [13/Nov/2022:13:21:46 -0800] "GET /world/brit/oxlon50.jpg HTTP/1.1" 200 129717 "-" "Mozilla/5.0 (compatible; FemtosearchBot/1.0; http://femtosearch.com)" "ysfine.com"
38.126.157.40 - - [13/Nov/2022:13:21:46 -0800] "GET /ffriends/austra07b.jpg HTTP/1.1" 200 53084 "-" "Mozilla/5.0 (compatible; FemtosearchBot/1.0; http://femtosearch.com)" "ysfine.com"
38.126.157.40 - - [13/Nov/2022:13:21:46 -0800] "GET /einstein/locoher88.jpg HTTP/1.1" 200 125299 "-" "Mozilla/5.0 (compatible; FemtosearchBot/1.0; http://femtosearch.com)" "ysfine.com"
216.244.66.229 - - [13/Nov/2022:13:21:54 -0800] "GET /usca/pitt/machinery22.jpg HTTP/1.1" 200 140879 "-" "Mozilla/5.0 (compatible; DotBot/1.2; +https://opensiteexplorer.org/dotbot; help@moz.com)" "ysfine.com"
77.75.76.168 - - [13/Nov/2022:13:22:29 -0800] "GET /robots.txt HTTP/1.1" 404 88 "-" "Mozilla/5.0 (compatible; SeznamBot/3.2; +http://napoveda.seznam.cz/en/seznambot-intro/)" "ysfine.com"
77.75.76.168 - - [13/Nov/2022:13:22:31 -0800] "GET /world/china/chongking32.jpg HTTP/1.1" 304 - "-" "Mozilla/5.0 (compatible; SeznamBot/3.2; +http://napoveda.seznam.cz/en/seznambot-intro/)" "ysfine.com"
77.75.76.168 - - [13/Nov/2022:13:22:32 -0800] "GET /world/germany/berlin155.jpg HTTP/1.1" 304 - "-" "Mozilla/5.0 (compatible; SeznamBot/3.2; +http://napoveda.seznam.cz/en/seznambot-intro/)" "ysfine.com"
77.75.76.168 - - [13/Nov/2022:13:22:32 -0800] "GET /usca/norl/canal03.jpg HTTP/1.1" 304 - "-" "Mozilla/5.0 (compatible; SeznamBot/3.2; +http://napoveda.seznam.cz/en/seznambot-intro/)" "ysfine.com"
77.75.76.168 - - [13/Nov/2022:13:22:33 -0800] "GET /usca/norl/missi21.jpg HTTP/1.1" 304 - "-" "Mozilla/5.0 (compatible; SeznamBot/3.2; +http://napoveda.seznam.cz/en/seznambot-intro/)" "ysfine.com"
77.75.76.168 - - [13/Nov/2022:13:22:33 -0800] "GET /sbk/1987brooke11.jpg HTTP/1.1" 200 257411 "-" "Mozilla/5.0 (compatible; SeznamBot/3.2; +http://napoveda.seznam.cz/en/seznambot-intro/)" "ysfine.com"
216.244.66.229 - - [13/Nov/2022:13:22:40 -0800] "GET /usca/va/uva02.jpg HTTP/1.1" 200 125782 "-" "Mozilla/5.0 (compatible; DotBot/1.2; +https://opensiteexplorer.org/dotbot; help@moz.com)" "ysfine.com"
77.75.76.168 - - [13/Nov/2022:13:22:40 -0800] "GET /princeton/pros53.jpg HTTP/1.1" 200 103506 "-" "Mozilla/5.0 (compatible; SeznamBot/3.2; +http://napoveda.seznam.cz/en/seznambot-intro/)" "ysfine.com"
45.91.22.208 - - [13/Nov/2022:13:22:46 -0800] "GET /einstein/einphil.html HTTP/1.1" 200 6011 "-" "Mozilla/5.0 (Android; Mobile; rv:13.0) Gecko/13.0 Firefox/13.0" "ysfine.com"
95.163.255.101 - - [13/Nov/2022:13:23:02 -0800] "GET /robots.txt HTTP/1.1" 404 73 "-" "Mozilla/5.0 (compatible; Linux x86_64; Mail.RU_Bot/Img/2.0; +https://help.mail.ru/webmaster/indexing/robots)" "www.ysfine.com"
216.244.66.229 - - [13/Nov/2022:13:23:22 -0800] "GET /wigner/gim/gimn19.jpg HTTP/1.1" 200 151049 "-" "Mozilla/5.0 (compatible; DotBot/1.2; +https://opensiteexplorer.org/dotbot; help@moz.com)" "ysfine.com"
157.55.39.76 - - [13/Nov/2022:13:23:43 -0800] "GET /bio/feynman/fthtop.html HTTP/1.1" 404 88 "-" "Mozilla/5.0 AppleWebKit/537.36 (KHTML, like Gecko; compatible; bingbot/2.0; +http://www.bing.com/bingbot.htm) Chrome/103.0.5060.134 Safari/537.36" "ysfine.com"
40.77.167.27 - - [13/Nov/2022:13:24:49 -0800] "GET /ysbio/wdc/kopol.html HTTP/1.1" 404 88 "-" "Mozilla/5.0 (compatible; bingbot/2.0; +http://www.bing.com/bingbot.htm)" "ysfine.com"
157.55.39.6 - - [13/Nov/2022:13:24:52 -0800] "GET /bio/kobak/namdae.html HTTP/1.1" 404 88 "-" "Mozilla/5.0 AppleWebKit/537.36 (KHTML, like Gecko; compatible; bingbot/2.0; +http://www.bing.com/bingbot.htm) Chrome/103.0.5060.134 Safari/537.36" "ysfine.com"
40.77.167.71 - - [13/Nov/2022:13:25:25 -0800] "GET /bio/wigner/wigpoinc.html HTTP/1.1" 404 88 "-" "Mozilla/5.0 AppleWebKit/537.36 (KHTML, like Gecko; compatible; bingbot/2.0; +http://www.bing.com/bingbot.htm) Chrome/103.0.5060.134 Safari/537.36" "ysfine.com"
38.126.157.40 - - [13/Nov/2022:13:26:19 -0800] "GET /world/brit/edin15b.jpg HTTP/1.1" 200 38357 "-" "Mozilla/5.0 (compatible; FemtosearchBot/1.0; http://femtosearch.com)" "ysfine.com"
38.126.157.40 - - [13/Nov/2022:13:26:19 -0800] "GET /wigner/wiglittle11.pdf HTTP/1.1" 200 156828 "-" "Mozilla/5.0 (compatible; FemtosearchBot/1.0; http://femtosearch.com)" "ysfine.com"
38.126.157.40 - - [13/Nov/2022:13:26:20 -0800] "GET /world/brit/picca42.jpg HTTP/1.1" 200 100175 "-" "Mozilla/5.0 (compatible; FemtosearchBot/1.0; http://femtosearch.com)" "ysfine.com"
38.126.157.40 - - [13/Nov/2022:13:26:20 -0800] "GET /world/russ/basil21.jpg HTTP/1.1" 200 112311 "-" "Mozilla/5.0 (compatible; FemtosearchBot/1.0; http://femtosearch.com)" "ysfine.com"
38.126.157.40 - - [13/Nov/2022:13:26:20 -0800] "GET /world/russ/spbpi06.jpg HTTP/1.1" 200 85923 "-" "Mozilla/5.0 (compatible; FemtosearchBot/1.0; http://femtosearch.com)" "ysfine.com"
38.126.157.40 - - [13/Nov/2022:13:26:20 -0800] "GET /world/ital/flor036.jpg HTTP/1.1" 200 94688 "-" "Mozilla/5.0 (compatible; FemtosearchBot/1.0; http://femtosearch.com)" "ysfine.com"
38.126.157.40 - - [13/Nov/2022:13:26:21 -0800] "GET /world/ital/rome044.jpg HTTP/1.1" 200 74185 "-" "Mozilla/5.0 (compatible; FemtosearchBot/1.0; http://femtosearch.com)" "ysfine.com"
157.55.39.129 - - [13/Nov/2022:13:26:49 -0800] "GET /bio/world/kalinin22.html HTTP/1.1" 404 88 "-" "Mozilla/5.0 AppleWebKit/537.36 (KHTML, like Gecko; compatible; bingbot/2.0; +http://www.bing.com/bingbot.htm) Chrome/103.0.5060.134 Safari/537.36" "ysfine.com"
207.46.13.134 - - [13/Nov/2022:13:27:07 -0800] "GET /bio/pquartet.html HTTP/1.1" 404 88 "-" "Mozilla/5.0 AppleWebKit/537.36 (KHTML, like Gecko; compatible; bingbot/2.0; +http://www.bing.com/bingbot.htm) Chrome/103.0.5060.134 Safari/537.36" "ysfine.com"
95.163.255.101 - - [13/Nov/2022:13:28:03 -0800] "GET /remote/sisfa12aa/frame03.html HTTP/1.1" 304 - "http://go.mail.ru/search_images" "Mozilla/5.0 (compatible; Linux x86_64; Mail.RU_Bot/Img/2.0; +https://help.mail.ru/webmaster/indexing/robots)" "www.ysfine.com"
157.55.39.76 - - [13/Nov/2022:13:28:04 -0800] "GET /bio/sbk/1950.html HTTP/1.1" 404 88 "-" "Mozilla/5.0 (compatible; bingbot/2.0; +http://www.bing.com/bingbot.htm)" "ysfine.com"
51.222.253.20 - - [13/Nov/2022:13:29:58 -0800] "GET /ysbio/sbk/sbkrome.html HTTP/1.1" 404 88 "-" "Mozilla/5.0 (compatible; AhrefsBot/7.0; +http://ahrefs.com/robot/)" "www.ysfine.com"
51.79.177.125 - - [13/Nov/2022:13:30:09 -0800] "GET /wp-includes/ID3/license.txt HTTP/1.1" 404 73 "-" "Mozilla/5.0 (Windows NT 10.0; Win64; x64) AppleWebKit/537.36 (KHTML, like Gecko) Chrome/95.0.4638.69 Safari/537.36" "ysfine.com"
51.79.177.125 - - [13/Nov/2022:13:30:10 -0800] "GET /feed/ HTTP/1.1" 404 73 "-" "Mozilla/5.0 (Windows NT 10.0; Win64; x64) AppleWebKit/537.36 (KHTML, like Gecko) Chrome/95.0.4638.69 Safari/537.36" "ysfine.com"
51.79.177.125 - - [13/Nov/2022:13:30:11 -0800] "GET /xmlrpc.php?rsd HTTP/1.1" 500 4933 "-" "Mozilla/5.0 (Windows NT 10.0; Win64; x64) AppleWebKit/537.36 (KHTML, like Gecko) Chrome/95.0.4638.69 Safari/537.36" "ysfine.com"
51.79.177.125 - - [13/Nov/2022:13:30:12 -0800] "GET /blog/wp-includes/wlwmanifest.xml HTTP/1.1" 404 73 "-" "Mozilla/5.0 (Windows NT 10.0; Win64; x64) AppleWebKit/537.36 (KHTML, like Gecko) Chrome/95.0.4638.69 Safari/537.36" "ysfine.com"
51.79.177.125 - - [13/Nov/2022:13:30:13 -0800] "GET /web/wp-includes/wlwmanifest.xml HTTP/1.1" 404 73 "-" "Mozilla/5.0 (Windows NT 10.0; Win64; x64) AppleWebKit/537.36 (KHTML, like Gecko) Chrome/95.0.4638.69 Safari/537.36" "ysfine.com"
51.79.177.125 - - [13/Nov/2022:13:30:14 -0800] "GET /wordpress/wp-includes/wlwmanifest.xml HTTP/1.1" 404 73 "-" "Mozilla/5.0 (Windows NT 10.0; Win64; x64) AppleWebKit/537.36 (KHTML, like Gecko) Chrome/95.0.4638.69 Safari/537.36" "ysfine.com"
51.79.177.125 - - [13/Nov/2022:13:30:15 -0800] "GET /wp/wp-includes/wlwmanifest.xml HTTP/1.1" 404 73 "-" "Mozilla/5.0 (Windows NT 10.0; Win64; x64) AppleWebKit/537.36 (KHTML, like Gecko) Chrome/95.0.4638.69 Safari/537.36" "ysfine.com"
51.79.177.125 - - [13/Nov/2022:13:30:16 -0800] "GET /2020/wp-includes/wlwmanifest.xml HTTP/1.1" 404 73 "-" "Mozilla/5.0 (Windows NT 10.0; Win64; x64) AppleWebKit/537.36 (KHTML, like Gecko) Chrome/95.0.4638.69 Safari/537.36" "ysfine.com"
51.79.177.125 - - [13/Nov/2022:13:30:17 -0800] "GET /2019/wp-includes/wlwmanifest.xml HTTP/1.1" 404 73 "-" "Mozilla/5.0 (Windows NT 10.0; Win64; x64) AppleWebKit/537.36 (KHTML, like Gecko) Chrome/95.0.4638.69 Safari/537.36" "ysfine.com"
51.79.177.125 - - [13/Nov/2022:13:30:18 -0800] "GET /2021/wp-includes/wlwmanifest.xml HTTP/1.1" 404 73 "-" "Mozilla/5.0 (Windows NT 10.0; Win64; x64) AppleWebKit/537.36 (KHTML, like Gecko) Chrome/95.0.4638.69 Safari/537.36" "ysfine.com"
51.79.177.125 - - [13/Nov/2022:13:30:20 -0800] "GET /wp1/wp-includes/wlwmanifest.xml HTTP/1.1" 404 73 "-" "Mozilla/5.0 (Windows NT 10.0; Win64; x64) AppleWebKit/537.36 (KHTML, like Gecko) Chrome/95.0.4638.69 Safari/537.36" "ysfine.com"
51.79.177.125 - - [13/Nov/2022:13:30:21 -0800] "GET /test/wp-includes/wlwmanifest.xml HTTP/1.1" 404 73 "-" "Mozilla/5.0 (Windows NT 10.0; Win64; x64) AppleWebKit/537.36 (KHTML, like Gecko) Chrome/95.0.4638.69 Safari/537.36" "ysfine.com"
51.79.177.125 - - [13/Nov/2022:13:30:22 -0800] "GET /site/wp-includes/wlwmanifest.xml HTTP/1.1" 404 73 "-" "Mozilla/5.0 (Windows NT 10.0; Win64; x64) AppleWebKit/537.36 (KHTML, like Gecko) Chrome/95.0.4638.69 Safari/537.36" "ysfine.com"
51.79.177.125 - - [13/Nov/2022:13:30:23 -0800] "GET /cms/wp-includes/wlwmanifest.xml HTTP/1.1" 404 73 "-" "Mozilla/5.0 (Windows NT 10.0; Win64; x64) AppleWebKit/537.36 (KHTML, like Gecko) Chrome/95.0.4638.69 Safari/537.36" "ysfine.com"
157.55.39.129 - - [13/Nov/2022:13:30:39 -0800] "GET /bio/more.html HTTP/1.1" 404 88 "-" "Mozilla/5.0 AppleWebKit/537.36 (KHTML, like Gecko; compatible; bingbot/2.0; +http://www.bing.com/bingbot.htm) Chrome/103.0.5060.134 Safari/537.36" "ysfine.com"
207.46.13.134 - - [13/Nov/2022:13:30:47 -0800] "GET /bio/wigner/e(2).html HTTP/1.1" 404 88 "-" "Mozilla/5.0 (compatible; bingbot/2.0; +http://www.bing.com/bingbot.htm)" "ysfine.com"
38.126.157.40 - - [13/Nov/2022:13:30:55 -0800] "GET /wisdom/koelectric.html HTTP/1.1" 200 5212 "-" "Mozilla/5.0 (compatible; FemtosearchBot/1.0; http://femtosearch.com)" "ysfine.com"
38.126.157.40 - - [13/Nov/2022:13:30:58 -0800] "GET /newyork/nyharbor28.jpg HTTP/1.1" 200 159209 "-" "Mozilla/5.0 (compatible; FemtosearchBot/1.0; http://femtosearch.com)" "ysfine.com"
38.126.157.40 - - [13/Nov/2022:13:30:58 -0800] "GET /newyork/russtea55b.jpg HTTP/1.1" 200 37868 "-" "Mozilla/5.0 (compatible; FemtosearchBot/1.0; http://femtosearch.com)" "ysfine.com"
38.126.157.40 - - [13/Nov/2022:13:30:58 -0800] "GET /princeton/horsewag.jpg HTTP/1.1" 200 128932 "-" "Mozilla/5.0 (compatible; FemtosearchBot/1.0; http://femtosearch.com)" "ysfine.com"
38.126.157.40 - - [13/Nov/2022:13:30:58 -0800] "GET /maga/phys/farad06b.jpg HTTP/1.1" 200 37553 "-" "Mozilla/5.0 (compatible; FemtosearchBot/1.0; http://femtosearch.com)" "ysfine.com"
38.126.157.40 - - [13/Nov/2022:13:30:58 -0800] "GET /world/brit/picca03.jpg HTTP/1.1" 200 91995 "-" "Mozilla/5.0 (compatible; FemtosearchBot/1.0; http://femtosearch.com)" "ysfine.com"
38.126.157.40 - - [13/Nov/2022:13:30:58 -0800] "GET /world/brit/oxlon14.jpg HTTP/1.1" 200 136837 "-" "Mozilla/5.0 (compatible; FemtosearchBot/1.0; http://femtosearch.com)" "ysfine.com"
38.126.157.40 - - [13/Nov/2022:13:30:58 -0800] "GET /ffriends/tolstoy11.jpg HTTP/1.1" 200 54300 "-" "Mozilla/5.0 (compatible; FemtosearchBot/1.0; http://femtosearch.com)" "ysfine.com"
40.77.167.71 - - [13/Nov/2022:13:32:05 -0800] "GET /bio/feynman/partons.html HTTP/1.1" 404 88 "-" "Mozilla/5.0 AppleWebKit/537.36 (KHTML, like Gecko; compatible; bingbot/2.0; +http://www.bing.com/bingbot.htm) Chrome/103.0.5060.134 Safari/537.36" "ysfine.com"
36.99.152.194 - - [13/Nov/2022:13:32:27 -0800] "GET /mysqlbak/phome.php HTTP/1.1" 404 73 "http://ysfine.com/mysqlbak/phome.php" "Mozilla/5.0 (compatible; MSIE 9.0; Windows NT 6.1; Win64; x64; Trident/5.0)" "ysfine.com"
207.46.13.134 - - [13/Nov/2022:13:33:07 -0800] "GET /bio/style/ystyle.html HTTP/1.1" 404 88 "-" "Mozilla/5.0 AppleWebKit/537.36 (KHTML, like Gecko; compatible; bingbot/2.0; +http://www.bing.com/bingbot.htm) Chrome/103.0.5060.134 Safari/537.36" "ysfine.com"
157.55.39.6 - - [13/Nov/2022:13:34:49 -0800] "GET /bio/world/leipzig.html HTTP/1.1" 404 88 "-" "Mozilla/5.0 AppleWebKit/537.36 (KHTML, like Gecko; compatible; bingbot/2.0; +http://www.bing.com/bingbot.htm) Chrome/103.0.5060.134 Safari/537.36" "ysfine.com"
38.126.157.40 - - [13/Nov/2022:13:35:28 -0800] "GET /ysbio/wdc/eindc03c.jpg HTTP/1.1" 404 88 "-" "Mozilla/5.0 (compatible; FemtosearchBot/1.0; http://femtosearch.com)" "ysfine.com"
38.126.157.40 - - [13/Nov/2022:13:35:29 -0800] "GET /world/ital/flor031.jpg HTTP/1.1" 200 128397 "-" "Mozilla/5.0 (compatible; FemtosearchBot/1.0; http://femtosearch.com)" "ysfine.com"
38.126.157.40 - - [13/Nov/2022:13:35:29 -0800] "GET /world/russ/spbnv02.jpg HTTP/1.1" 200 122333 "-" "Mozilla/5.0 (compatible; FemtosearchBot/1.0; http://femtosearch.com)" "ysfine.com"
38.126.157.40 - - [13/Nov/2022:13:35:29 -0800] "GET /world/poland/gdn39.jpg HTTP/1.1" 404 88 "-" "Mozilla/5.0 (compatible; FemtosearchBot/1.0; http://femtosearch.com)" "ysfine.com"
38.126.157.40 - - [13/Nov/2022:13:35:29 -0800] "GET /einstein/jsbell01c.jpg HTTP/1.1" 200 33157 "-" "Mozilla/5.0 (compatible; FemtosearchBot/1.0; http://femtosearch.com)" "ysfine.com"
38.126.157.40 - - [13/Nov/2022:13:35:29 -0800] "GET /world/spain/gran40.jpg HTTP/1.1" 200 210339 "-" "Mozilla/5.0 (compatible; FemtosearchBot/1.0; http://femtosearch.com)" "ysfine.com"
38.126.157.40 - - [13/Nov/2022:13:35:29 -0800] "GET /world/russ/kiev005.jpg HTTP/1.1" 200 109885 "-" "Mozilla/5.0 (compatible; FemtosearchBot/1.0; http://femtosearch.com)" "ysfine.com"
38.126.157.40 - - [13/Nov/2022:13:35:30 -0800] "GET /world/russ/kiev033.jpg HTTP/1.1" 200 55956 "-" "Mozilla/5.0 (compatible; FemtosearchBot/1.0; http://femtosearch.com)" "ysfine.com"
107.77.230.53 - - [13/Nov/2022:13:35:38 -0800] "GET /kowar/tanks.html HTTP/1.1" 200 8699 "https://www.google.com/" "Mozilla/5.0 (Macintosh; Intel Mac OS X 10_15_6) AppleWebKit/605.1.15 (KHTML, like Gecko) Version/15.5 Safari/605.1.15" "ysfine.com"
107.77.230.53 - - [13/Nov/2022:13:35:39 -0800] "GET /kowar/tanks/tank03b.jpg HTTP/1.1" 200 42892 "https://ysfine.com/kowar/tanks.html" "Mozilla/5.0 (Macintosh; Intel Mac OS X 10_15_6) AppleWebKit/605.1.15 (KHTML, like Gecko) Version/15.5 Safari/605.1.15" "ysfine.com"
107.77.230.53 - - [13/Nov/2022:13:35:39 -0800] "GET /kowar/tanks/tank01b.jpg HTTP/1.1" 200 43748 "https://ysfine.com/kowar/tanks.html" "Mozilla/5.0 (Macintosh; Intel Mac OS X 10_15_6) AppleWebKit/605.1.15 (KHTML, like Gecko) Version/15.5 Safari/605.1.15" "ysfine.com"
107.77.230.53 - - [13/Nov/2022:13:35:39 -0800] "GET /kowar/tanks/tank02b.jpg HTTP/1.1" 200 30002 "https://ysfine.com/kowar/tanks.html" "Mozilla/5.0 (Macintosh; Intel Mac OS X 10_15_6) AppleWebKit/605.1.15 (KHTML, like Gecko) Version/15.5 Safari/605.1.15" "ysfine.com"
107.77.230.53 - - [13/Nov/2022:13:35:39 -0800] "GET /kowar/tanks/sherman44b.jpg HTTP/1.1" 200 34454 "https://ysfine.com/kowar/tanks.html" "Mozilla/5.0 (Macintosh; Intel Mac OS X 10_15_6) AppleWebKit/605.1.15 (KHTML, like Gecko) Version/15.5 Safari/605.1.15" "ysfine.com"
107.77.230.53 - - [13/Nov/2022:13:35:39 -0800] "GET /kowar/tanks/tank07b.jpg HTTP/1.1" 200 40314 "https://ysfine.com/kowar/tanks.html" "Mozilla/5.0 (Macintosh; Intel Mac OS X 10_15_6) AppleWebKit/605.1.15 (KHTML, like Gecko) Version/15.5 Safari/605.1.15" "ysfine.com"
95.163.255.79 - - [13/Nov/2022:13:35:56 -0800] "GET /robots.txt HTTP/1.1" 404 73 "-" "Mozilla/5.0 (compatible; Linux x86_64; Mail.RU_Bot/2.0; +https://help.mail.ru/webmaster/indexing/robots)" "www.ysfine.com"
95.163.255.77 - - [13/Nov/2022:13:36:00 -0800] "GET /home/ HTTP/1.1" 200 142 "-" "Mozilla/5.0 (compatible; Linux x86_64; Mail.RU_Bot/2.0; +https://help.mail.ru/webmaster/indexing/robots)" "www.ysfine.com"
157.55.39.246 - - [13/Nov/2022:13:37:03 -0800] "GET /maga/phys/yukafeyn2.jpg HTTP/1.1" 200 36709 "-" "Mozilla/5.0 AppleWebKit/537.36 (KHTML, like Gecko; compatible; bingbot/2.0; +http://www.bing.com/bingbot.htm) Chrome/103.0.5060.134 Safari/537.36" "ysfine.com"
216.244.66.229 - - [13/Nov/2022:13:37:06 -0800] "GET /robots.txt HTTP/1.1" 404 73 "-" "Mozilla/5.0 (compatible; DotBot/1.2; +https://opensiteexplorer.org/dotbot; help@moz.com)" "ysfine.com"
157.55.39.129 - - [13/Nov/2022:13:37:10 -0800] "GET /bio/kobak/soraech.html HTTP/1.1" 404 88 "-" "Mozilla/5.0 (compatible; bingbot/2.0; +http://www.bing.com/bingbot.htm)" "ysfine.com"
40.77.167.27 - - [13/Nov/2022:13:38:18 -0800] "GET /ysbio/folks/korean.html HTTP/1.1" 404 88 "-" "Mozilla/5.0 (compatible; bingbot/2.0; +http://www.bing.com/bingbot.htm)" "ysfine.com"
40.77.167.27 - - [13/Nov/2022:13:38:18 -0800] "GET /bio/style/proschanie.html HTTP/1.1" 404 88 "-" "Mozilla/5.0 (compatible; bingbot/2.0; +http://www.bing.com/bingbot.htm)" "ysfine.com"
207.46.13.134 - - [13/Nov/2022:13:38:28 -0800] "GET /bio/world/trier.html HTTP/1.1" 404 88 "-" "Mozilla/5.0 AppleWebKit/537.36 (KHTML, like Gecko; compatible; bingbot/2.0; +http://www.bing.com/bingbot.htm) Chrome/103.0.5060.134 Safari/537.36" "ysfine.com"
51.222.253.11 - - [13/Nov/2022:13:38:29 -0800] "GET /ysbio/einstein/einplanck.html HTTP/1.1" 404 88 "-" "Mozilla/5.0 (compatible; AhrefsBot/7.0; +http://ahrefs.com/robot/)" "www.ysfine.com"
37.252.225.132 - - [13/Nov/2022:13:39:04 -0800] "GET /maga/histo/oscar22.jpg HTTP/1.1" 200 101665 "https://www.google.com/" "Mozilla/5.0 (Linux; Android 9; SM-A405FN Build/PPR1.180610.011; wv) AppleWebKit/537.36 (KHTML, like Gecko) Version/4.0 Chrome/103.0.5060.71 Mobile Safari/537.36 GoogleApp/13.26.12.26.arm64" "ysfine.com"
177.30.107.12 - - [13/Nov/2022:13:39:31 -0800] "GET /wigner/neum/vnc01.jpg HTTP/1.1" 200 133641 "https://sites.google.com/" "Mozilla/5.0 (Linux; Android 12) AppleWebKit/537.36 (KHTML, like Gecko) Chrome/107.0.0.0 Mobile Safari/537.36" "ysfine.com"
216.244.66.229 - - [13/Nov/2022:13:40:05 -0800] "GET /ffriends/chinstu05.jpg HTTP/1.1" 200 126016 "-" "Mozilla/5.0 (compatible; DotBot/1.2; +https://opensiteexplorer.org/dotbot; help@moz.com)" "ysfine.com"
38.126.157.40 - - [13/Nov/2022:13:40:05 -0800] "GET /world/scandi/nbi02.jpg HTTP/1.1" 200 80666 "-" "Mozilla/5.0 (compatible; FemtosearchBot/1.0; http://femtosearch.com)" "ysfine.com"
38.126.157.40 - - [13/Nov/2022:13:40:05 -0800] "GET /einstein/goedel54b.jpg HTTP/1.1" 200 40926 "-" "Mozilla/5.0 (compatible; FemtosearchBot/1.0; http://femtosearch.com)" "ysfine.com"
38.126.157.40 - - [13/Nov/2022:13:40:05 -0800] "GET /wigner/wignobel01b.jpg HTTP/1.1" 200 36965 "-" "Mozilla/5.0 (compatible; FemtosearchBot/1.0; http://femtosearch.com)" "ysfine.com"
38.126.157.40 - - [13/Nov/2022:13:40:05 -0800] "GET /world/ital/florf08.jpg HTTP/1.1" 200 103322 "-" "Mozilla/5.0 (compatible; FemtosearchBot/1.0; http://femtosearch.com)" "ysfine.com"
38.126.157.40 - - [13/Nov/2022:13:40:06 -0800] "GET /world/russ/basil04.jpg HTTP/1.1" 200 74303 "-" "Mozilla/5.0 (compatible; FemtosearchBot/1.0; http://femtosearch.com)" "ysfine.com"
38.126.157.40 - - [13/Nov/2022:13:40:07 -0800] "GET /ffriends/admire11b.jpg HTTP/1.1" 200 30952 "-" "Mozilla/5.0 (compatible; FemtosearchBot/1.0; http://femtosearch.com)" "ysfine.com"
38.126.157.40 - - [13/Nov/2022:13:40:07 -0800] "GET /world/ital/rome172.jpg HTTP/1.1" 200 71531 "-" "Mozilla/5.0 (compatible; FemtosearchBot/1.0; http://femtosearch.com)" "ysfine.com"
38.126.157.40 - - [13/Nov/2022:13:40:07 -0800] "GET /world/ital/galmil.html HTTP/1.1" 200 1084 "-" "Mozilla/5.0 (compatible; FemtosearchBot/1.0; http://femtosearch.com)" "ysfine.com"
216.244.66.229 - - [13/Nov/2022:13:40:10 -0800] "GET /ffriends/calver22.jpg HTTP/1.1" 200 85461 "-" "Mozilla/5.0 (compatible; DotBot/1.2; +https://opensiteexplorer.org/dotbot; help@moz.com)" "ysfine.com"
216.244.66.229 - - [13/Nov/2022:13:40:24 -0800] "GET /ffriends/amkor/montrf09.jpg HTTP/1.1" 200 240214 "-" "Mozilla/5.0 (compatible; DotBot/1.2; +https://opensiteexplorer.org/dotbot; help@moz.com)" "ysfine.com"
86.1.145.58 - - [13/Nov/2022:13:40:46 -0800] "GET /feynman/feybongo.jpg HTTP/1.1" 200 47448 "https://shennyhq.co.uk/" "Mozilla/5.0 (X11; CrOS x86_64 15117.86.0) AppleWebKit/537.36 (KHTML, like Gecko) Chrome/107.0.0.0 Safari/537.36" "ysfine.com"
216.244.66.229 - - [13/Nov/2022:13:40:48 -0800] "GET /ffriends/austra10.jpg HTTP/1.1" 200 105211 "-" "Mozilla/5.0 (compatible; DotBot/1.2; +https://opensiteexplorer.org/dotbot; help@moz.com)" "ysfine.com"
103.195.201.104 - - [13/Nov/2022:13:41:28 -0800] "GET / HTTP/1.1" 200 5283 "-" "Mozilla/5.0 (Macintosh; Intel Mac OS X 10_10_5) AppleWebKit/603.3.8 (KHTML, like Gecko)" "www.ysfine.com"
54.80.236.18 - - [13/Nov/2022:13:41:28 -0800] "GET /maga/phys/yukafeyn2.jpg HTTP/1.1" 200 36709 "-" "Mozilla/5.0 (Macintosh; Intel Mac OS X 10.11; rv:49.0) Gecko/20100101 Firefox/49.0 (FlipboardProxy/1.2; +http://flipboard.com/browserproxy)" "ysfine.com"
103.195.201.104 - - [13/Nov/2022:13:41:29 -0800] "GET /apple-touch-icon-precomposed.png HTTP/1.1" 404 88 "-" "Safari/10603.3.8 CFNetwork/720.5.7 Darwin/14.5.0 (x86_64)" "www.ysfine.com"
103.195.201.104 - - [13/Nov/2022:13:41:29 -0800] "GET /apple-touch-icon.png HTTP/1.1" 404 88 "-" "Safari/10603.3.8 CFNetwork/720.5.7 Darwin/14.5.0 (x86_64)" "www.ysfine.com"
103.195.201.104 - - [13/Nov/2022:13:41:29 -0800] "GET /favicon.ico HTTP/1.1" 404 88 "-" "Safari/10603.3.8 CFNetwork/720.5.7 Darwin/14.5.0 (x86_64)" "www.ysfine.com"
103.195.201.104 - - [13/Nov/2022:13:41:29 -0800] "GET /apple-touch-icon-precomposed.png HTTP/1.1" 404 88 "-" "Safari/10603.3.8 CFNetwork/720.5.7 Darwin/14.5.0 (x86_64)" "www.ysfine.com"
103.195.201.104 - - [13/Nov/2022:13:41:30 -0800] "GET /apple-touch-icon.png HTTP/1.1" 404 88 "-" "Safari/10603.3.8 CFNetwork/720.5.7 Darwin/14.5.0 (x86_64)" "www.ysfine.com"
103.195.201.104 - - [13/Nov/2022:13:41:30 -0800] "GET /favicon.ico HTTP/1.1" 404 88 "-" "Safari/10603.3.8 CFNetwork/720.5.7 Darwin/14.5.0 (x86_64)" "www.ysfine.com"
107.77.202.224 - - [13/Nov/2022:13:41:41 -0800] "GET /world/germany/leipzig27.jpg HTTP/1.1" 200 201611 "https://www.google.com/" "Mozilla/5.0 (iPhone; CPU iPhone OS 15_6_1 like Mac OS X) AppleWebKit/605.1.15 (KHTML, like Gecko) Version/15.6.1 Mobile/15E148 Safari/604.1" "ysfine.com"
157.55.39.76 - - [13/Nov/2022:13:42:14 -0800] "GET /bio/style/artlove.html HTTP/1.1" 404 88 "-" "Mozilla/5.0 AppleWebKit/537.36 (KHTML, like Gecko; compatible; bingbot/2.0; +http://www.bing.com/bingbot.htm) Chrome/103.0.5060.134 Safari/537.36" "ysfine.com"
216.244.66.229 - - [13/Nov/2022:13:43:29 -0800] "GET /ffriends/aline/delta05.jpg HTTP/1.1" 200 145758 "-" "Mozilla/5.0 (compatible; DotBot/1.2; +https://opensiteexplorer.org/dotbot; help@moz.com)" "ysfine.com"
216.244.66.229 - - [13/Nov/2022:13:43:50 -0800] "GET /ffriends/aline/delta21.jpg HTTP/1.1" 200 104292 "-" "Mozilla/5.0 (compatible; DotBot/1.2; +https://opensiteexplorer.org/dotbot; help@moz.com)" "ysfine.com"
216.244.66.229 - - [13/Nov/2022:13:44:22 -0800] "GET /ffriends/aline/uae08.jpg HTTP/1.1" 200 94413 "-" "Mozilla/5.0 (compatible; DotBot/1.2; +https://opensiteexplorer.org/dotbot; help@moz.com)" "ysfine.com"
40.77.167.71 - - [13/Nov/2022:13:44:26 -0800] "GET /ysbio/folks/turkish.html HTTP/1.1" 404 88 "-" "Mozilla/5.0 AppleWebKit/537.36 (KHTML, like Gecko; compatible; bingbot/2.0; +http://www.bing.com/bingbot.htm) Chrome/103.0.5060.134 Safari/537.36" "ysfine.com"
38.126.157.40 - - [13/Nov/2022:13:44:45 -0800] "GET /world/russ/khahi11.jpg HTTP/1.1" 200 123761 "-" "Mozilla/5.0 (compatible; FemtosearchBot/1.0; http://femtosearch.com)" "ysfine.com"
38.126.157.40 - - [13/Nov/2022:13:44:45 -0800] "GET /world/ital/palat23.jpg HTTP/1.1" 200 97419 "-" "Mozilla/5.0 (compatible; FemtosearchBot/1.0; http://femtosearch.com)" "ysfine.com"
38.126.157.40 - - [13/Nov/2022:13:44:45 -0800] "GET /ffriends/russwas02.jpg HTTP/1.1" 200 80691 "-" "Mozilla/5.0 (compatible; FemtosearchBot/1.0; http://femtosearch.com)" "ysfine.com"
38.126.157.40 - - [13/Nov/2022:13:44:45 -0800] "GET /world/poland/gdn07.jpg HTTP/1.1" 200 95647 "-" "Mozilla/5.0 (compatible; FemtosearchBot/1.0; http://femtosearch.com)" "ysfine.com"
38.126.157.40 - - [13/Nov/2022:13:44:46 -0800] "GET /world/russ/kiev012.jpg HTTP/1.1" 200 130632 "-" "Mozilla/5.0 (compatible; FemtosearchBot/1.0; http://femtosearch.com)" "ysfine.com"
38.126.157.40 - - [13/Nov/2022:13:44:46 -0800] "GET /world/brit/oxlon02.jpg HTTP/1.1" 200 136571 "-" "Mozilla/5.0 (compatible; FemtosearchBot/1.0; http://femtosearch.com)" "ysfine.com"
38.126.157.40 - - [13/Nov/2022:13:44:46 -0800] "GET /world/poland/gdn56.jpg HTTP/1.1" 200 110527 "-" "Mozilla/5.0 (compatible; FemtosearchBot/1.0; http://femtosearch.com)" "ysfine.com"
38.126.157.40 - - [13/Nov/2022:13:44:47 -0800] "GET /home/truck/truck18.jpg HTTP/1.1" 200 218478 "-" "Mozilla/5.0 (compatible; FemtosearchBot/1.0; http://femtosearch.com)" "ysfine.com"
157.55.39.129 - - [13/Nov/2022:13:45:20 -0800] "GET /bio/dashen.html HTTP/1.1" 404 88 "-" "Mozilla/5.0 AppleWebKit/537.36 (KHTML, like Gecko; compatible; bingbot/2.0; +http://www.bing.com/bingbot.htm) Chrome/103.0.5060.134 Safari/537.36" "ysfine.com"
51.222.253.7 - - [13/Nov/2022:13:45:25 -0800] "GET /ysbio/folks/african.html HTTP/1.1" 404 88 "-" "Mozilla/5.0 (compatible; AhrefsBot/7.0; +http://ahrefs.com/robot/)" "www.ysfine.com"
20.97.192.237 - - [13/Nov/2022:13:46:00 -0800] "GET /vendor/phpunit/phpunit/src/Util/PHP/eval-stdin.php HTTP/1.1" 404 88 "-" "Mozilla/5.0 (Windows NT 10.0; Win64; x64) AppleWebKit/537.36 (KHTML, like Gecko) Chrome/93.0.4577.82 Safari/537.36" "ysfine.com"
80.187.106.239 - - [13/Nov/2022:13:46:09 -0800] "GET /dirac/feydirac450.jpg HTTP/1.1" 200 40491 "https://www.google.com/" "Mozilla/5.0 (iPhone; CPU iPhone OS 16_0_2 like Mac OS X) AppleWebKit/605.1.15 (KHTML, like Gecko) GSA/236.0.484392333 Mobile/20A380 Safari/604.1" "ysfine.com"
157.55.39.76 - - [13/Nov/2022:13:46:55 -0800] "GET /bio/harmoarchi.html HTTP/1.1" 404 88 "-" "Mozilla/5.0 (compatible; bingbot/2.0; +http://www.bing.com/bingbot.htm)" "ysfine.com"
157.55.39.76 - - [13/Nov/2022:13:46:56 -0800] "GET /bio/kobak/yskor.html HTTP/1.1" 404 88 "-" "Mozilla/5.0 AppleWebKit/537.36 (KHTML, like Gecko; compatible; bingbot/2.0; +http://www.bing.com/bingbot.htm) Chrome/103.0.5060.134 Safari/537.36" "ysfine.com"
40.77.167.71 - - [13/Nov/2022:13:47:16 -0800] "GET /ysbio/jobs/newtonj.html HTTP/1.1" 404 88 "-" "Mozilla/5.0 AppleWebKit/537.36 (KHTML, like Gecko; compatible; bingbot/2.0; +http://www.bing.com/bingbot.htm) Chrome/103.0.5060.134 Safari/537.36" "ysfine.com"
76.149.206.179 - - [13/Nov/2022:13:48:12 -0800] "GET /favicon.ico HTTP/1.1" 404 88 "-" "Mozilla/5.0 (X11; Linux x86_64; rv:102.0) Gecko/20100101 Goanna/5.2 Firefox/102.0 PaleMoon/31.3.1" "ysfine.com"
76.149.206.179 - - [13/Nov/2022:13:48:12 -0800] "GET /favicon.ico HTTP/1.1" 404 88 "-" "Mozilla/5.0 (X11; Linux x86_64; rv:102.0) Gecko/20100101 Goanna/5.2 Firefox/102.0 PaleMoon/31.3.1" "ysfine.com"
157.55.39.129 - - [13/Nov/2022:13:48:31 -0800] "GET /bio/style/rieu.html HTTP/1.1" 404 88 "-" "Mozilla/5.0 (compatible; bingbot/2.0; +http://www.bing.com/bingbot.htm)" "ysfine.com"
181.199.58.203 - - [13/Nov/2022:13:49:01 -0800] "GET /kobak/sl628.jpg HTTP/1.1" 200 225100 "https://www.google.com/" "Mozilla/5.0 (Windows NT 10.0; Win64; x64) AppleWebKit/537.36 (KHTML, like Gecko) Chrome/107.0.0.0 Safari/537.36" "ysfine.com"
38.126.157.40 - - [13/Nov/2022:13:49:14 -0800] "GET /world/russ/mosf63c.jpg HTTP/1.1" 200 44624 "-" "Mozilla/5.0 (compatible; FemtosearchBot/1.0; http://femtosearch.com)" "ysfine.com"
38.126.157.40 - - [13/Nov/2022:13:49:14 -0800] "GET /einstein/citizen11.jpg HTTP/1.1" 200 651589 "-" "Mozilla/5.0 (compatible; FemtosearchBot/1.0; http://femtosearch.com)" "ysfine.com"
38.126.157.40 - - [13/Nov/2022:13:49:14 -0800] "GET /maga/phys/schrod38.jpg HTTP/1.1" 200 85258 "-" "Mozilla/5.0 (compatible; FemtosearchBot/1.0; http://femtosearch.com)" "ysfine.com"
38.126.157.40 - - [13/Nov/2022:13:49:14 -0800] "GET /world/poland/krk10.jpg HTTP/1.1" 200 113355 "-" "Mozilla/5.0 (compatible; FemtosearchBot/1.0; http://femtosearch.com)" "ysfine.com"
38.126.157.40 - - [13/Nov/2022:13:49:14 -0800] "GET /usca/norl/canal07b.jpg HTTP/1.1" 200 41350 "-" "Mozilla/5.0 (compatible; FemtosearchBot/1.0; http://femtosearch.com)" "ysfine.com"
38.126.157.40 - - [13/Nov/2022:13:49:15 -0800] "GET /princeton/brownh11.jpg HTTP/1.1" 200 120838 "-" "Mozilla/5.0 (compatible; FemtosearchBot/1.0; http://femtosearch.com)" "ysfine.com"
38.126.157.40 - - [13/Nov/2022:13:49:15 -0800] "GET /world/brit/firew09.jpg HTTP/1.1" 404 88 "-" "Mozilla/5.0 (compatible; FemtosearchBot/1.0; http://femtosearch.com)" "ysfine.com"
38.126.157.40 - - [13/Nov/2022:13:49:15 -0800] "GET /home/fotos/bohr11d.jpg HTTP/1.1" 200 28973 "-" "Mozilla/5.0 (compatible; FemtosearchBot/1.0; http://femtosearch.com)" "ysfine.com"
40.77.167.27 - - [13/Nov/2022:13:49:34 -0800] "GET /bio/world/berlin.html HTTP/1.1" 404 88 "-" "Mozilla/5.0 AppleWebKit/537.36 (KHTML, like Gecko; compatible; bingbot/2.0; +http://www.bing.com/bingbot.htm) Chrome/103.0.5060.134 Safari/537.36" "ysfine.com"
157.55.39.129 - - [13/Nov/2022:13:49:41 -0800] "GET /bio/einstein/ulm.html HTTP/1.1" 404 88 "-" "Mozilla/5.0 AppleWebKit/537.36 (KHTML, like Gecko; compatible; bingbot/2.0; +http://www.bing.com/bingbot.htm) Chrome/103.0.5060.134 Safari/537.36" "ysfine.com"
216.244.66.229 - - [13/Nov/2022:13:51:19 -0800] "GET /newyork/chasebank.jpg HTTP/1.1" 200 94497 "-" "Mozilla/5.0 (compatible; DotBot/1.2; +https://opensiteexplorer.org/dotbot; help@moz.com)" "ysfine.com"
157.55.39.6 - - [13/Nov/2022:13:51:41 -0800] "GET /bio/awards/iao.html HTTP/1.1" 404 88 "-" "Mozilla/5.0 (compatible; bingbot/2.0; +http://www.bing.com/bingbot.htm)" "ysfine.com"
207.46.13.134 - - [13/Nov/2022:13:51:50 -0800] "GET /bio/princeton/campus.html HTTP/1.1" 404 88 "-" "Mozilla/5.0 AppleWebKit/537.36 (KHTML, like Gecko; compatible; bingbot/2.0; +http://www.bing.com/bingbot.htm) Chrome/103.0.5060.134 Safari/537.36" "ysfine.com"
40.77.167.27 - - [13/Nov/2022:13:51:50 -0800] "GET /kobak/kobak.html HTTP/1.1" 404 88 "-" "Mozilla/5.0 (compatible; bingbot/2.0; +http://www.bing.com/bingbot.htm)" "ysfine.com"
157.55.39.76 - - [13/Nov/2022:13:51:50 -0800] "GET /bio/bio03.html HTTP/1.1" 404 88 "-" "Mozilla/5.0 (compatible; bingbot/2.0; +http://www.bing.com/bingbot.htm)" "ysfine.com"
216.244.66.229 - - [13/Nov/2022:13:51:54 -0800] "GET /newyork/wtcob21.jpg HTTP/1.1" 200 205744 "-" "Mozilla/5.0 (compatible; DotBot/1.2; +https://opensiteexplorer.org/dotbot; help@moz.com)" "ysfine.com"
103.195.201.104 - - [13/Nov/2022:13:51:58 -0800] "GET / HTTP/1.1" 200 5283 "-" "Mozilla/5.0 (Macintosh; Intel Mac OS X 10_10_5) AppleWebKit/603.3.8 (KHTML, like Gecko)" "www.ysfine.com"
103.195.201.104 - - [13/Nov/2022:13:51:59 -0800] "GET /apple-touch-icon-precomposed.png HTTP/1.1" 404 88 "-" "Safari/10603.3.8 CFNetwork/720.5.7 Darwin/14.5.0 (x86_64)" "www.ysfine.com"
103.195.201.104 - - [13/Nov/2022:13:51:59 -0800] "GET /apple-touch-icon.png HTTP/1.1" 404 88 "-" "Safari/10603.3.8 CFNetwork/720.5.7 Darwin/14.5.0 (x86_64)" "www.ysfine.com"
103.195.201.104 - - [13/Nov/2022:13:51:59 -0800] "GET /favicon.ico HTTP/1.1" 404 88 "-" "Safari/10603.3.8 CFNetwork/720.5.7 Darwin/14.5.0 (x86_64)" "www.ysfine.com"
103.195.201.104 - - [13/Nov/2022:13:52:00 -0800] "GET /apple-touch-icon-precomposed.png HTTP/1.1" 404 88 "-" "Safari/10603.3.8 CFNetwork/720.5.7 Darwin/14.5.0 (x86_64)" "www.ysfine.com"
103.195.201.104 - - [13/Nov/2022:13:52:00 -0800] "GET /apple-touch-icon.png HTTP/1.1" 404 88 "-" "Safari/10603.3.8 CFNetwork/720.5.7 Darwin/14.5.0 (x86_64)" "www.ysfine.com"
103.195.201.104 - - [13/Nov/2022:13:52:00 -0800] "GET /favicon.ico HTTP/1.1" 404 88 "-" "Safari/10603.3.8 CFNetwork/720.5.7 Darwin/14.5.0 (x86_64)" "www.ysfine.com"
103.195.201.104 - - [13/Nov/2022:13:52:00 -0800] "GET / HTTP/1.1" 200 5283 "-" "Mozilla/5.0 (iPhone; CPU iPhone OS 10_0 like Mac OS X) AppleWebKit/602.1.38 (KHTML, like Gecko) Version/10.0 Mobile/14A300 Safari/602.1" "www.ysfine.com"
103.195.201.104 - - [13/Nov/2022:13:52:01 -0800] "GET /apple-touch-icon-precomposed.png HTTP/1.1" 404 88 "-" "Safari/10603.3.8 CFNetwork/720.5.7 Darwin/14.5.0 (x86_64)" "www.ysfine.com"
103.195.201.104 - - [13/Nov/2022:13:52:01 -0800] "GET /apple-touch-icon.png HTTP/1.1" 404 88 "-" "Safari/10603.3.8 CFNetwork/720.5.7 Darwin/14.5.0 (x86_64)" "www.ysfine.com"
103.195.201.104 - - [13/Nov/2022:13:52:01 -0800] "GET /favicon.ico HTTP/1.1" 404 88 "-" "Safari/10603.3.8 CFNetwork/720.5.7 Darwin/14.5.0 (x86_64)" "www.ysfine.com"
103.195.201.104 - - [13/Nov/2022:13:52:02 -0800] "GET /apple-touch-icon-precomposed.png HTTP/1.1" 404 88 "-" "Safari/10603.3.8 CFNetwork/720.5.7 Darwin/14.5.0 (x86_64)" "www.ysfine.com"
103.195.201.104 - - [13/Nov/2022:13:52:02 -0800] "GET /apple-touch-icon.png HTTP/1.1" 404 88 "-" "Safari/10603.3.8 CFNetwork/720.5.7 Darwin/14.5.0 (x86_64)" "www.ysfine.com"
103.195.201.104 - - [13/Nov/2022:13:52:02 -0800] "GET /favicon.ico HTTP/1.1" 404 88 "-" "Safari/10603.3.8 CFNetwork/720.5.7 Darwin/14.5.0 (x86_64)" "www.ysfine.com"
120.23.80.241 - - [13/Nov/2022:13:52:30 -0800] "GET /feynman/fstat72.jpg HTTP/1.1" 200 66306 "-" "Mozilla/5.0 (Windows NT 10.0; Win64; x64) AppleWebKit/537.36 (KHTML, like Gecko) Chrome/80.0.3987.87 Safari/537.36" "ysfine.com"
51.222.253.15 - - [13/Nov/2022:13:52:44 -0800] "GET /dirac/chaucer.html HTTP/1.1" 200 2700 "-" "Mozilla/5.0 (compatible; AhrefsBot/7.0; +http://ahrefs.com/robot/)" "ysfine.com"
216.244.66.229 - - [13/Nov/2022:13:52:44 -0800] "GET /eink/dirackn33.jpg HTTP/1.1" 200 98181 "-" "Mozilla/5.0 (compatible; DotBot/1.2; +https://opensiteexplorer.org/dotbot; help@moz.com)" "ysfine.com"
216.244.66.229 - - [13/Nov/2022:13:53:21 -0800] "GET /sbk/1967aa.jpg HTTP/1.1" 200 163758 "-" "Mozilla/5.0 (compatible; DotBot/1.2; +https://opensiteexplorer.org/dotbot; help@moz.com)" "ysfine.com"
38.126.157.40 - - [13/Nov/2022:13:53:49 -0800] "GET /ffriends/safrica22.jpg HTTP/1.1" 200 178122 "-" "Mozilla/5.0 (compatible; FemtosearchBot/1.0; http://femtosearch.com)" "ysfine.com"
38.126.157.40 - - [13/Nov/2022:13:53:50 -0800] "GET /world/poland/waw01.jpg HTTP/1.1" 200 118736 "-" "Mozilla/5.0 (compatible; FemtosearchBot/1.0; http://femtosearch.com)" "ysfine.com"
38.126.157.40 - - [13/Nov/2022:13:53:50 -0800] "GET /usca/pitt/pitmap02.jpg HTTP/1.1" 200 78794 "-" "Mozilla/5.0 (compatible; FemtosearchBot/1.0; http://femtosearch.com)" "ysfine.com"
38.126.157.40 - - [13/Nov/2022:13:53:50 -0800] "GET /newyork/centralp11.jpg HTTP/1.1" 200 174169 "-" "Mozilla/5.0 (compatible; FemtosearchBot/1.0; http://femtosearch.com)" "ysfine.com"
38.126.157.40 - - [13/Nov/2022:13:53:50 -0800] "GET /ffriends/soldiers.html HTTP/1.1" 200 4685 "-" "Mozilla/5.0 (compatible; FemtosearchBot/1.0; http://femtosearch.com)" "ysfine.com"
38.126.157.40 - - [13/Nov/2022:13:53:53 -0800] "GET /kowar/tanks/tank04.jpg HTTP/1.1" 200 109094 "-" "Mozilla/5.0 (compatible; FemtosearchBot/1.0; http://femtosearch.com)" "ysfine.com"
38.126.157.40 - - [13/Nov/2022:13:53:53 -0800] "GET /ffriends/brazlon11.jpg HTTP/1.1" 200 200751 "-" "Mozilla/5.0 (compatible; FemtosearchBot/1.0; http://femtosearch.com)" "ysfine.com"
38.126.157.40 - - [13/Nov/2022:13:53:53 -0800] "GET /wisdom/kimilsong01.jpg HTTP/1.1" 200 87559 "-" "Mozilla/5.0 (compatible; FemtosearchBot/1.0; http://femtosearch.com)" "ysfine.com"
216.244.66.229 - - [13/Nov/2022:13:54:11 -0800] "GET /sbk/1970conn22.jpg HTTP/1.1" 200 85589 "-" "Mozilla/5.0 (compatible; DotBot/1.2; +https://opensiteexplorer.org/dotbot; help@moz.com)" "ysfine.com"
40.77.167.71 - - [13/Nov/2022:13:54:38 -0800] "GET /bio/genea.html HTTP/1.1" 404 88 "-" "Mozilla/5.0 (compatible; bingbot/2.0; +http://www.bing.com/bingbot.htm)" "ysfine.com"
216.244.66.229 - - [13/Nov/2022:13:54:51 -0800] "GET /sbk/1970fam11.jpg HTTP/1.1" 200 130577 "-" "Mozilla/5.0 (compatible; DotBot/1.2; +https://opensiteexplorer.org/dotbot; help@moz.com)" "ysfine.com"
157.55.39.129 - - [13/Nov/2022:13:55:22 -0800] "GET /bio/eink/buythisbook.html HTTP/1.1" 404 88 "-" "Mozilla/5.0 AppleWebKit/537.36 (KHTML, like Gecko; compatible; bingbot/2.0; +http://www.bing.com/bingbot.htm) Chrome/103.0.5060.134 Safari/537.36" "ysfine.com"
157.55.39.129 - - [13/Nov/2022:13:55:22 -0800] "GET /ysbio/folks/israel.html HTTP/1.1" 404 88 "-" "Mozilla/5.0 AppleWebKit/537.36 (KHTML, like Gecko; compatible; bingbot/2.0; +http://www.bing.com/bingbot.htm) Chrome/103.0.5060.134 Safari/537.36" "ysfine.com"
216.244.66.229 - - [13/Nov/2022:13:55:41 -0800] "GET /sbk/1980cc.jpg HTTP/1.1" 200 174690 "-" "Mozilla/5.0 (compatible; DotBot/1.2; +https://opensiteexplorer.org/dotbot; help@moz.com)" "ysfine.com"
216.244.66.229 - - [13/Nov/2022:13:56:23 -0800] "GET /sbk/1985danby11.jpg HTTP/1.1" 200 216358 "-" "Mozilla/5.0 (compatible; DotBot/1.2; +https://opensiteexplorer.org/dotbot; help@moz.com)" "ysfine.com"
68.148.241.187 - - [13/Nov/2022:13:56:33 -0800] "GET /kobak/1014c.jpg HTTP/1.1" 200 164928 "https://www.google.com/" "Mozilla/5.0 (Windows NT 10.0; Win64; x64) AppleWebKit/537.36 (KHTML, like Gecko) Chrome/105.0.0.0 Safari/537.36 OPR/91.0.4516.106" "ysfine.com"
24.102.246.231 - - [13/Nov/2022:13:56:52 -0800] "GET /princeton/alexan22.jpg HTTP/1.1" 200 175436 "https://www.google.com/" "Mozilla/5.0 (X11; CrOS x86_64 15117.86.0) AppleWebKit/537.36 (KHTML, like Gecko) Chrome/107.0.0.0 Safari/537.36" "ysfine.com"
216.244.66.229 - - [13/Nov/2022:13:57:14 -0800] "GET /sbk/1986aa.jpg HTTP/1.1" 200 125763 "-" "Mozilla/5.0 (compatible; DotBot/1.2; +https://opensiteexplorer.org/dotbot; help@moz.com)" "ysfine.com"
24.102.246.231 - - [13/Nov/2022:13:57:19 -0800] "GET /princeton/withers01.jpg HTTP/1.1" 200 113946 "https://www.google.com/" "Mozilla/5.0 (X11; CrOS x86_64 15117.86.0) AppleWebKit/537.36 (KHTML, like Gecko) Chrome/107.0.0.0 Safari/537.36" "ysfine.com"
157.55.39.129 - - [13/Nov/2022:13:57:33 -0800] "GET /bio/optics.html HTTP/1.1" 404 88 "-" "Mozilla/5.0 (compatible; bingbot/2.0; +http://www.bing.com/bingbot.htm)" "ysfine.com"
216.244.66.229 - - [13/Nov/2022:13:58:05 -0800] "GET /sbk/1996colum11.jpg HTTP/1.1" 200 92592 "-" "Mozilla/5.0 (compatible; DotBot/1.2; +https://opensiteexplorer.org/dotbot; help@moz.com)" "ysfine.com"
38.126.157.40 - - [13/Nov/2022:13:58:27 -0800] "GET /princeton/puband05.jpg HTTP/1.1" 200 108499 "-" "Mozilla/5.0 (compatible; FemtosearchBot/1.0; http://femtosearch.com)" "ysfine.com"
38.126.157.40 - - [13/Nov/2022:13:58:28 -0800] "GET /world/scandi/nbi24.jpg HTTP/1.1" 200 66167 "-" "Mozilla/5.0 (compatible; FemtosearchBot/1.0; http://femtosearch.com)" "ysfine.com"
38.126.157.40 - - [13/Nov/2022:13:58:28 -0800] "GET /ffriends/chinuk22b.jpg HTTP/1.1" 200 57661 "-" "Mozilla/5.0 (compatible; FemtosearchBot/1.0; http://femtosearch.com)" "ysfine.com"
38.126.157.40 - - [13/Nov/2022:13:58:28 -0800] "GET /newyork/seaport12c.jpg HTTP/1.1" 200 40916 "-" "Mozilla/5.0 (compatible; FemtosearchBot/1.0; http://femtosearch.com)" "ysfine.com"
38.126.157.40 - - [13/Nov/2022:13:58:28 -0800] "GET /style/musee/ath010.jpg HTTP/1.1" 200 135911 "-" "Mozilla/5.0 (compatible; FemtosearchBot/1.0; http://femtosearch.com)" "ysfine.com"
93.227.19.114 - - [13/Nov/2022:13:58:28 -0800] "GET /philo/kantao11.jpg HTTP/1.1" 200 49132 "https://www.bing.com/" "Mozilla/5.0 (Windows NT 10.0; Win64; x64) AppleWebKit/537.36 (KHTML, like Gecko) Chrome/107.0.0.0 Safari/537.36" "ysfine.com"
38.126.157.40 - - [13/Nov/2022:13:58:29 -0800] "GET /wigner/gim/szabo02.jpg HTTP/1.1" 200 96294 "-" "Mozilla/5.0 (compatible; FemtosearchBot/1.0; http://femtosearch.com)" "ysfine.com"
38.126.157.40 - - [13/Nov/2022:13:58:29 -0800] "GET /world/israel/tlv01.jpg HTTP/1.1" 200 206082 "-" "Mozilla/5.0 (compatible; FemtosearchBot/1.0; http://femtosearch.com)" "ysfine.com"
38.126.157.40 - - [13/Nov/2022:13:58:29 -0800] "GET /einstein/locoher11.jpg HTTP/1.1" 200 72019 "-" "Mozilla/5.0 (compatible; FemtosearchBot/1.0; http://femtosearch.com)" "ysfine.com"
216.244.66.229 - - [13/Nov/2022:13:58:56 -0800] "GET /sbk/2000pr22.jpg HTTP/1.1" 200 225495 "-" "Mozilla/5.0 (compatible; DotBot/1.2; +https://opensiteexplorer.org/dotbot; help@moz.com)" "ysfine.com"
157.55.39.6 - - [13/Nov/2022:13:59:02 -0800] "GET /bio/einstein/bern.html HTTP/1.1" 404 88 "-" "Mozilla/5.0 (compatible; bingbot/2.0; +http://www.bing.com/bingbot.htm)" "ysfine.com"
157.55.39.76 - - [13/Nov/2022:13:59:37 -0800] "GET /bio/bio07.html HTTP/1.1" 404 88 "-" "Mozilla/5.0 (compatible; bingbot/2.0; +http://www.bing.com/bingbot.htm)" "ysfine.com"
216.244.66.229 - - [13/Nov/2022:13:59:46 -0800] "GET /sbk/2007krak66.jpg HTTP/1.1" 200 186006 "-" "Mozilla/5.0 (compatible; DotBot/1.2; +https://opensiteexplorer.org/dotbot; help@moz.com)" "ysfine.com"
40.77.167.27 - - [13/Nov/2022:14:00:24 -0800] "GET /ysbio/folks/french.html HTTP/1.1" 404 88 "-" "Mozilla/5.0 (compatible; bingbot/2.0; +http://www.bing.com/bingbot.htm)" "ysfine.com"
216.244.66.229 - - [13/Nov/2022:14:00:37 -0800] "GET /sbk/2008istan33.jpg HTTP/1.1" 200 232220 "-" "Mozilla/5.0 (compatible; DotBot/1.2; +https://opensiteexplorer.org/dotbot; help@moz.com)" "ysfine.com"
51.222.253.8 - - [13/Nov/2022:14:00:48 -0800] "GET /einstein/standingw.html HTTP/1.1" 200 2754 "-" "Mozilla/5.0 (compatible; AhrefsBot/7.0; +http://ahrefs.com/robot/)" "ysfine.com"
207.46.13.134 - - [13/Nov/2022:14:01:10 -0800] "GET /bio/houses/myhouse.html HTTP/1.1" 404 88 "-" "Mozilla/5.0 (compatible; bingbot/2.0; +http://www.bing.com/bingbot.htm)" "ysfine.com"
216.244.66.229 - - [13/Nov/2022:14:01:27 -0800] "GET /style/franko11.jpg HTTP/1.1" 200 71379 "-" "Mozilla/5.0 (compatible; DotBot/1.2; +https://opensiteexplorer.org/dotbot; help@moz.com)" "ysfine.com"
216.244.66.229 - - [13/Nov/2022:14:02:01 -0800] "GET /world/ital/aquinas02b.jpg HTTP/1.1" 200 41436 "-" "Mozilla/5.0 (compatible; DotBot/1.2; +https://opensiteexplorer.org/dotbot; help@moz.com)" "ysfine.com"
39.109.228.149 - - [13/Nov/2022:14:02:03 -0800] "GET /einstein/eincurie11.jpg HTTP/1.1" 200 71229 "https://www.google.com/" "Mozilla/5.0 (iPhone; CPU iPhone OS 15_6 like Mac OS X) AppleWebKit/605.1.15 (KHTML, like Gecko) CriOS/107.0.5304.101 Mobile/15E148 Safari/604.1" "ysfine.com"
40.77.167.71 - - [13/Nov/2022:14:02:08 -0800] "GET /ysbio/folks/uscan.html HTTP/1.1" 404 88 "-" "Mozilla/5.0 (compatible; bingbot/2.0; +http://www.bing.com/bingbot.htm)" "ysfine.com"
216.244.66.229 - - [13/Nov/2022:14:02:31 -0800] "GET /world/ital/bologf05c.jpg HTTP/1.1" 200 48697 "-" "Mozilla/5.0 (compatible; DotBot/1.2; +https://opensiteexplorer.org/dotbot; help@moz.com)" "ysfine.com"
216.244.66.229 - - [13/Nov/2022:14:03:01 -0800] "GET /world/ital/itcaser55.jpg HTTP/1.1" 200 92454 "-" "Mozilla/5.0 (compatible; DotBot/1.2; +https://opensiteexplorer.org/dotbot; help@moz.com)" "ysfine.com"
216.244.66.229 - - [13/Nov/2022:14:03:39 -0800] "GET /world/ital/itstu01.jpg HTTP/1.1" 200 70806 "-" "Mozilla/5.0 (compatible; DotBot/1.2; +https://opensiteexplorer.org/dotbot; help@moz.com)" "ysfine.com"
157.55.39.6 - - [13/Nov/2022:14:03:42 -0800] "GET /bio/style/leica.html HTTP/1.1" 404 88 "-" "Mozilla/5.0 AppleWebKit/537.36 (KHTML, like Gecko; compatible; bingbot/2.0; +http://www.bing.com/bingbot.htm) Chrome/103.0.5060.134 Safari/537.36" "ysfine.com"
207.46.13.134 - - [13/Nov/2022:14:04:41 -0800] "GET /bio/dirac/locovar.html HTTP/1.1" 404 88 "-" "Mozilla/5.0 AppleWebKit/537.36 (KHTML, like Gecko; compatible; bingbot/2.0; +http://www.bing.com/bingbot.htm) Chrome/103.0.5060.134 Safari/537.36" "ysfine.com"
157.55.39.6 - - [13/Nov/2022:14:04:45 -0800] "GET /bio/kobak/namdae.html HTTP/1.1" 404 88 "-" "Mozilla/5.0 AppleWebKit/537.36 (KHTML, like Gecko; compatible; bingbot/2.0; +http://www.bing.com/bingbot.htm) Chrome/103.0.5060.134 Safari/537.36" "ysfine.com"
207.46.13.134 - - [13/Nov/2022:14:04:50 -0800] "GET /bio/world/scandi/copenhi.html HTTP/1.1" 404 88 "-" "Mozilla/5.0 (compatible; bingbot/2.0; +http://www.bing.com/bingbot.htm)" "ysfine.com"
51.104.146.235 - - [13/Nov/2022:14:05:08 -0800] "GET /feynman/feyheg11.jpg HTTP/1.1" 200 185393 "http://www.ysfine.com/feynman/feyheg11.jpg" "DuckDuckBot/1.1; (+http://duckduckgo.com/duckduckbot.html)" "www.ysfine.com"
83.52.153.160 - - [13/Nov/2022:14:06:44 -0800] "GET /maga/invent/popov03.jpg HTTP/1.1" 200 85311 "https://www.google.com/" "Mozilla/5.0 (Windows NT 10.0; Win64; x64) AppleWebKit/537.36 (KHTML, like Gecko) Chrome/107.0.0.0 Safari/537.36" "ysfine.com"
201.158.21.213 - - [13/Nov/2022:14:07:02 -0800] "GET /wigner/neum/vnc01.jpg HTTP/1.1" 200 133641 "https://sites.google.com/" "Mozilla/5.0 (Linux; Android 9; SM-G950F) AppleWebKit/537.36 (KHTML, like Gecko) Chrome/107.0.0.0 Mobile Safari/537.36" "ysfine.com"
135.181.213.219 - - [13/Nov/2022:14:07:39 -0800] "GET /robots.txt HTTP/1.1" 404 73 "-" "Mozilla/5.0 (compatible; MJ12bot/v1.4.8; http://mj12bot.com/)" "ysfine.com"
135.181.213.219 - - [13/Nov/2022:14:07:41 -0800] "GET /brooke87.jpg HTTP/1.1" 404 88 "-" "Mozilla/5.0 (compatible; MJ12bot/v1.4.8; http://mj12bot.com/)" "ysfine.com"
207.46.13.134 - - [13/Nov/2022:14:07:41 -0800] "GET /bio/pquartet.html HTTP/1.1" 404 88 "-" "Mozilla/5.0 (compatible; bingbot/2.0; +http://www.bing.com/bingbot.htm)" "ysfine.com"
135.181.213.219 - - [13/Nov/2022:14:07:45 -0800] "GET /fig22/taylor54.jpg HTTP/1.1" 404 88 "-" "Mozilla/5.0 (compatible; MJ12bot/v1.4.8; http://mj12bot.com/)" "ysfine.com"
135.181.213.219 - - [13/Nov/2022:14:07:47 -0800] "GET /folks/airchina22.jpg HTTP/1.1" 404 88 "-" "Mozilla/5.0 (compatible; MJ12bot/v1.4.8; http://mj12bot.com/)" "ysfine.com"
135.181.213.219 - - [13/Nov/2022:14:07:49 -0800] "GET /folks/aline/airchina11.jpg HTTP/1.1" 200 74139 "-" "Mozilla/5.0 (compatible; MJ12bot/v1.4.8; http://mj12bot.com/)" "ysfine.com"
135.181.213.219 - - [13/Nov/2022:14:07:51 -0800] "GET /folks/aline/ana11.jpg HTTP/1.1" 200 157754 "-" "Mozilla/5.0 (compatible; MJ12bot/v1.4.8; http://mj12bot.com/)" "ysfine.com"
157.55.39.129 - - [13/Nov/2022:14:07:52 -0800] "GET /bio/world/kalinin22.html HTTP/1.1" 404 88 "-" "Mozilla/5.0 AppleWebKit/537.36 (KHTML, like Gecko; compatible; bingbot/2.0; +http://www.bing.com/bingbot.htm) Chrome/103.0.5060.134 Safari/537.36" "ysfine.com"
135.181.213.219 - - [13/Nov/2022:14:07:53 -0800] "GET /folks/aline/ana22.jpg HTTP/1.1" 200 208512 "-" "Mozilla/5.0 (compatible; MJ12bot/v1.4.8; http://mj12bot.com/)" "ysfine.com"
135.181.213.219 - - [13/Nov/2022:14:07:55 -0800] "GET /folks/aline/ana44.jpg HTTP/1.1" 200 165588 "-" "Mozilla/5.0 (compatible; MJ12bot/v1.4.8; http://mj12bot.com/)" "ysfine.com"
135.181.213.219 - - [13/Nov/2022:14:07:57 -0800] "GET /folks/aline/chinaeast03.jpg HTTP/1.1" 200 253927 "-" "Mozilla/5.0 (compatible; MJ12bot/v1.4.8; http://mj12bot.com/)" "ysfine.com"
135.181.213.219 - - [13/Nov/2022:14:07:59 -0800] "GET /folks/aline/chinaeast04.jpg HTTP/1.1" 200 79429 "-" "Mozilla/5.0 (compatible; MJ12bot/v1.4.8; http://mj12bot.com/)" "ysfine.com"
135.181.213.219 - - [13/Nov/2022:14:08:01 -0800] "GET /folks/aline/chinasouth01.jpg HTTP/1.1" 200 99265 "-" "Mozilla/5.0 (compatible; MJ12bot/v1.4.8; http://mj12bot.com/)" "ysfine.com"
