51.222.253.11 - - [13/Nov/2022:08:29:54 -0800] "GET /class54/class5470/total_data/refer_img/6-27_f.jpg HTTP/1.1" 200 40830 "-" "Mozilla/5.0 (compatible; AhrefsBot/7.0; +http://ahrefs.com/robot/)" "ysfine.com"
65.108.41.34 - - [13/Nov/2022:08:29:58 -0800] "GET /ysbio/class54/class5480/Pictures/4.%C3%AA%C2%B8%C2%B0%C3%AB%C2%85%C2%90%C3%AC%C2%B4%C2%AC%C3%AC%C2%98%C2%81/%C3%AA%C2%B8%C2%B0%C3%AB%C2%85%C2%90%C3%AC%C2%B4%C2%AC%C3%AC%C2%98%C2%81%20(82).jpg HTTP/1.1" 404 88 "-" "Mozilla/5.0 (compatible; MJ12bot/v1.4.8; http://mj12bot.com/)" "ysfine.com"
51.222.253.19 - - [13/Nov/2022:08:29:59 -0800] "GET /class54/class5470/total_data/refer_img/6-31_f.jpg HTTP/1.1" 200 36437 "-" "Mozilla/5.0 (compatible; AhrefsBot/7.0; +http://ahrefs.com/robot/)" "ysfine.com"
95.163.255.80 - - [13/Nov/2022:08:30:00 -0800] "GET /robots.txt HTTP/1.1" 404 73 "-" "Mozilla/5.0 (compatible; Linux x86_64; Mail.RU_Bot/Img/2.0; +https://help.mail.ru/webmaster/indexing/robots)" "www.ysfine.com"
95.163.255.80 - - [13/Nov/2022:08:30:03 -0800] "GET /kobak/rifles.html HTTP/1.1" 200 1360 "http://go.mail.ru/search_images" "Mozilla/5.0 (compatible; Linux x86_64; Mail.RU_Bot/Img/2.0; +https://help.mail.ru/webmaster/indexing/robots)" "ysfine.com"
65.108.41.34 - - [13/Nov/2022:08:30:03 -0800] "GET /ysbio/class54/class5480/Pictures/4.%C3%AA%C2%B8%C2%B0%C3%AB%C2%85%C2%90%C3%AC%C2%B4%C2%AC%C3%AC%C2%98%C2%81/%C3%AA%C2%B8%C2%B0%C3%AB%C2%85%C2%90%C3%AC%C2%B4%C2%AC%C3%AC%C2%98%C2%81%20(9).jpg HTTP/1.1" 404 88 "-" "Mozilla/5.0 (compatible; MJ12bot/v1.4.8; http://mj12bot.com/)" "ysfine.com"
51.222.253.18 - - [13/Nov/2022:08:30:05 -0800] "GET /class54/class5470/total_data/refer_img/6-18_f.jpg HTTP/1.1" 200 27737 "-" "Mozilla/5.0 (compatible; AhrefsBot/7.0; +http://ahrefs.com/robot/)" "ysfine.com"
51.222.253.16 - - [13/Nov/2022:08:30:20 -0800] "GET /ysbio/wigner/wigner39.html HTTP/1.1" 404 88 "-" "Mozilla/5.0 (compatible; AhrefsBot/7.0; +http://ahrefs.com/robot/)" "ysfine.com"
192.0.118.148 - - [13/Nov/2022:08:30:50 -0800] "GET /world/france/sartsq11.jpg HTTP/1.1" 200 160608 "-" "Photon/1.0" "ysfine.com"
157.55.39.129 - - [13/Nov/2022:08:30:51 -0800] "GET /bio/style/rieu.html HTTP/1.1" 404 88 "-" "Mozilla/5.0 (compatible; bingbot/2.0; +http://www.bing.com/bingbot.htm)" "ysfine.com"
47.24.55.21 - - [13/Nov/2022:08:31:43 -0800] "GET /kowar/tanks/tank03.jpg HTTP/1.1" 200 106726 "https://www.google.com/" "Mozilla/5.0 (Windows NT 10.0; Win64; x64) AppleWebKit/537.36 (KHTML, like Gecko) Chrome/107.0.0.0 Safari/537.36" "ysfine.com"
51.222.253.3 - - [13/Nov/2022:08:32:16 -0800] "GET /ysbio/feynman/feynart.html HTTP/1.1" 404 88 "-" "Mozilla/5.0 (compatible; AhrefsBot/7.0; +http://ahrefs.com/robot/)" "ysfine.com"
157.55.39.6 - - [13/Nov/2022:08:32:22 -0800] "GET /bio/awards/iao.html HTTP/1.1" 404 88 "-" "Mozilla/5.0 (compatible; bingbot/2.0; +http://www.bing.com/bingbot.htm)" "ysfine.com"
207.46.13.134 - - [13/Nov/2022:08:32:29 -0800] "GET /bio/princeton/campus.html HTTP/1.1" 404 88 "-" "Mozilla/5.0 AppleWebKit/537.36 (KHTML, like Gecko; compatible; bingbot/2.0; +http://www.bing.com/bingbot.htm) Chrome/103.0.5060.134 Safari/537.36" "ysfine.com"
175.112.179.86 - - [13/Nov/2022:08:32:46 -0800] "GET /people/sbt11.jpg HTTP/1.1" 200 166706 "https://www.google.com/" "Mozilla/5.0 (Windows NT 10.0; Win64; x64) AppleWebKit/537.36 (KHTML, like Gecko) Chrome/107.0.0.0 Safari/537.36" "ysfine.com"
95.102.38.6 - - [13/Nov/2022:08:33:09 -0800] "GET /newyork/wtc85.jpg HTTP/1.1" 200 227836 "https://www.google.com/" "Mozilla/5.0 (Linux; Android 8.0.0; SM-A520F) AppleWebKit/537.36 (KHTML, like Gecko) Chrome/107.0.0.0 Mobile Safari/537.36" "ysfine.com"
138.201.11.237 - - [13/Nov/2022:08:33:21 -0800] "GET /archives/proceedings/wpro01/alon.html HTTP/1.1" 200 1177 "-" "Mozilla/5.0 (X11; Ubuntu; Linux x86_64; rv:83.0) Gecko/20100101 Firefox/83.0" "ysfine.com"
38.126.157.40 - - [13/Nov/2022:08:33:23 -0800] "GET /kowar/mil/bradley.jpg HTTP/1.1" 404 88 "-" "Mozilla/5.0 (compatible; FemtosearchBot/1.0; http://femtosearch.com)" "ysfine.com"
38.126.157.40 - - [13/Nov/2022:08:33:23 -0800] "GET /world/russ/mosf01.jpg HTTP/1.1" 200 90327 "-" "Mozilla/5.0 (compatible; FemtosearchBot/1.0; http://femtosearch.com)" "ysfine.com"
38.126.157.40 - - [13/Nov/2022:08:33:23 -0800] "GET /sbk/2017berlin01b.jpg HTTP/1.1" 200 33403 "-" "Mozilla/5.0 (compatible; FemtosearchBot/1.0; http://femtosearch.com)" "ysfine.com"
38.126.157.40 - - [13/Nov/2022:08:33:23 -0800] "GET /people/accardi02b.jpg HTTP/1.1" 200 40441 "-" "Mozilla/5.0 (compatible; FemtosearchBot/1.0; http://femtosearch.com)" "ysfine.com"
38.126.157.40 - - [13/Nov/2022:08:33:23 -0800] "GET /people/klauder06b.jpg HTTP/1.1" 200 52423 "-" "Mozilla/5.0 (compatible; FemtosearchBot/1.0; http://femtosearch.com)" "ysfine.com"
38.126.157.40 - - [13/Nov/2022:08:33:23 -0800] "GET /world/russ/krem16.jpg HTTP/1.1" 200 88406 "-" "Mozilla/5.0 (compatible; FemtosearchBot/1.0; http://femtosearch.com)" "ysfine.com"
38.126.157.40 - - [13/Nov/2022:08:33:23 -0800] "GET /ffriends/congo01c.jpg HTTP/1.1" 200 50850 "-" "Mozilla/5.0 (compatible; FemtosearchBot/1.0; http://femtosearch.com)" "ysfine.com"
38.126.157.40 - - [13/Nov/2022:08:33:23 -0800] "GET /world/russ/spbf21.jpg HTTP/1.1" 200 277590 "-" "Mozilla/5.0 (compatible; FemtosearchBot/1.0; http://femtosearch.com)" "ysfine.com"
77.75.79.31 - - [13/Nov/2022:08:33:33 -0800] "GET /einstein/eindirac.html HTTP/1.1" 304 - "-" "Mozilla/5.0 (compatible; SeznamBot/4.0-RC1; +http://napoveda.seznam.cz/seznambot-intro/)" "ysfine.com"
103.195.201.104 - - [13/Nov/2022:08:33:38 -0800] "GET / HTTP/1.1" 200 5283 "-" "Mozilla/5.0 (Macintosh; Intel Mac OS X 10_10_5) AppleWebKit/603.3.8 (KHTML, like Gecko)" "www.ysfine.com"
103.195.201.104 - - [13/Nov/2022:08:33:39 -0800] "GET /apple-touch-icon-precomposed.png HTTP/1.1" 404 88 "-" "Safari/10603.3.8 CFNetwork/720.5.7 Darwin/14.5.0 (x86_64)" "www.ysfine.com"
103.195.201.104 - - [13/Nov/2022:08:33:40 -0800] "GET /apple-touch-icon.png HTTP/1.1" 404 88 "-" "Safari/10603.3.8 CFNetwork/720.5.7 Darwin/14.5.0 (x86_64)" "www.ysfine.com"
103.195.201.104 - - [13/Nov/2022:08:33:40 -0800] "GET /favicon.ico HTTP/1.1" 404 88 "-" "Safari/10603.3.8 CFNetwork/720.5.7 Darwin/14.5.0 (x86_64)" "www.ysfine.com"
103.195.201.104 - - [13/Nov/2022:08:33:41 -0800] "GET /apple-touch-icon-precomposed.png HTTP/1.1" 404 88 "-" "Safari/10603.3.8 CFNetwork/720.5.7 Darwin/14.5.0 (x86_64)" "www.ysfine.com"
103.195.201.104 - - [13/Nov/2022:08:33:41 -0800] "GET /apple-touch-icon.png HTTP/1.1" 404 88 "-" "Safari/10603.3.8 CFNetwork/720.5.7 Darwin/14.5.0 (x86_64)" "www.ysfine.com"
103.195.201.104 - - [13/Nov/2022:08:33:41 -0800] "GET /favicon.ico HTTP/1.1" 404 88 "-" "Safari/10603.3.8 CFNetwork/720.5.7 Darwin/14.5.0 (x86_64)" "www.ysfine.com"
103.195.201.104 - - [13/Nov/2022:08:33:42 -0800] "GET / HTTP/1.1" 200 5283 "-" "Mozilla/5.0 (iPhone; CPU iPhone OS 10_0 like Mac OS X) AppleWebKit/602.1.38 (KHTML, like Gecko) Version/10.0 Mobile/14A300 Safari/602.1" "www.ysfine.com"
103.195.201.104 - - [13/Nov/2022:08:33:42 -0800] "GET /apple-touch-icon-precomposed.png HTTP/1.1" 404 88 "-" "Safari/10603.3.8 CFNetwork/720.5.7 Darwin/14.5.0 (x86_64)" "www.ysfine.com"
103.195.201.104 - - [13/Nov/2022:08:33:42 -0800] "GET /apple-touch-icon.png HTTP/1.1" 404 88 "-" "Safari/10603.3.8 CFNetwork/720.5.7 Darwin/14.5.0 (x86_64)" "www.ysfine.com"
103.195.201.104 - - [13/Nov/2022:08:33:43 -0800] "GET /favicon.ico HTTP/1.1" 404 88 "-" "Safari/10603.3.8 CFNetwork/720.5.7 Darwin/14.5.0 (x86_64)" "www.ysfine.com"
103.195.201.104 - - [13/Nov/2022:08:33:44 -0800] "GET /apple-touch-icon-precomposed.png HTTP/1.1" 404 88 "-" "Safari/10603.3.8 CFNetwork/720.5.7 Darwin/14.5.0 (x86_64)" "www.ysfine.com"
103.195.201.104 - - [13/Nov/2022:08:33:44 -0800] "GET /apple-touch-icon.png HTTP/1.1" 404 88 "-" "Safari/10603.3.8 CFNetwork/720.5.7 Darwin/14.5.0 (x86_64)" "www.ysfine.com"
103.195.201.104 - - [13/Nov/2022:08:33:45 -0800] "GET /favicon.ico HTTP/1.1" 404 88 "-" "Safari/10603.3.8 CFNetwork/720.5.7 Darwin/14.5.0 (x86_64)" "www.ysfine.com"
51.222.253.17 - - [13/Nov/2022:08:33:59 -0800] "GET /ysbio/class54/class5470/total_data/sub_275.htm HTTP/1.1" 404 88 "-" "Mozilla/5.0 (compatible; AhrefsBot/7.0; +http://ahrefs.com/robot/)" "www.ysfine.com"
157.55.39.129 - - [13/Nov/2022:08:35:00 -0800] "GET /bio/eink/buythisbook.html HTTP/1.1" 404 88 "-" "Mozilla/5.0 AppleWebKit/537.36 (KHTML, like Gecko; compatible; bingbot/2.0; +http://www.bing.com/bingbot.htm) Chrome/103.0.5060.134 Safari/537.36" "ysfine.com"
51.222.253.13 - - [13/Nov/2022:08:35:41 -0800] "GET /home/easy.html HTTP/1.1" 200 7877 "-" "Mozilla/5.0 (compatible; AhrefsBot/7.0; +http://ahrefs.com/robot/)" "ysfine.com"
95.163.255.80 - - [13/Nov/2022:08:36:14 -0800] "GET /wigner/gim/map05.html HTTP/1.1" 200 616 "http://go.mail.ru/search_images" "Mozilla/5.0 (compatible; Linux x86_64; Mail.RU_Bot/Img/2.0; +https://help.mail.ru/webmaster/indexing/robots)" "ysfine.com"
23.93.69.44 - - [13/Nov/2022:08:36:20 -0800] "GET /wigner/wigner39.pdf HTTP/1.1" 200 1398440 "https://www.google.com/" "Mozilla/5.0 (X11; CrOS x86_64 14541.0.0) AppleWebKit/537.36 (KHTML, like Gecko) Chrome/108.0.0.0 Safari/537.36" "ysfine.com"
23.93.69.44 - - [13/Nov/2022:08:36:21 -0800] "GET /favicon.ico HTTP/1.1" 404 88 "https://ysfine.com/wigner/wigner39.pdf" "Mozilla/5.0 (X11; CrOS x86_64 14541.0.0) AppleWebKit/537.36 (KHTML, like Gecko) Chrome/108.0.0.0 Safari/537.36" "ysfine.com"
51.222.253.7 - - [13/Nov/2022:08:37:22 -0800] "GET /dirac/wigsis.html HTTP/1.1" 200 10275 "-" "Mozilla/5.0 (compatible; AhrefsBot/7.0; +http://ahrefs.com/robot/)" "ysfine.com"
38.126.157.40 - - [13/Nov/2022:08:37:42 -0800] "GET /newyork/waldorf05.jpg HTTP/1.1" 200 83760 "-" "Mozilla/5.0 (compatible; FemtosearchBot/1.0; http://femtosearch.com)" "ysfine.com"
38.126.157.40 - - [13/Nov/2022:08:37:42 -0800] "GET /world/russ/spbm07.jpg HTTP/1.1" 200 111957 "-" "Mozilla/5.0 (compatible; FemtosearchBot/1.0; http://femtosearch.com)" "ysfine.com"
38.126.157.40 - - [13/Nov/2022:08:37:42 -0800] "GET /newyork/radioci03.jpg HTTP/1.1" 200 149263 "-" "Mozilla/5.0 (compatible; FemtosearchBot/1.0; http://femtosearch.com)" "ysfine.com"
38.126.157.40 - - [13/Nov/2022:08:37:43 -0800] "GET /princeton/hyatt55.jpg HTTP/1.1" 200 65807 "-" "Mozilla/5.0 (compatible; FemtosearchBot/1.0; http://femtosearch.com)" "ysfine.com"
38.126.157.40 - - [13/Nov/2022:08:37:43 -0800] "GET /newyork/grandc02c.jpg HTTP/1.1" 200 34011 "-" "Mozilla/5.0 (compatible; FemtosearchBot/1.0; http://femtosearch.com)" "ysfine.com"
38.126.157.40 - - [13/Nov/2022:08:37:43 -0800] "GET /world/brit/bond22.jpg HTTP/1.1" 200 86722 "-" "Mozilla/5.0 (compatible; FemtosearchBot/1.0; http://femtosearch.com)" "ysfine.com"
38.126.157.40 - - [13/Nov/2022:08:37:43 -0800] "GET /ffriends/sicily33.jpg HTTP/1.1" 200 67256 "-" "Mozilla/5.0 (compatible; FemtosearchBot/1.0; http://femtosearch.com)" "ysfine.com"
38.126.157.40 - - [13/Nov/2022:08:37:43 -0800] "GET /class54/pics/g142.jpg HTTP/1.1" 200 88325 "-" "Mozilla/5.0 (compatible; FemtosearchBot/1.0; http://femtosearch.com)" "ysfine.com"
157.55.39.6 - - [13/Nov/2022:08:37:52 -0800] "GET /bio/einstein/bern.html HTTP/1.1" 404 88 "-" "Mozilla/5.0 AppleWebKit/537.36 (KHTML, like Gecko; compatible; bingbot/2.0; +http://www.bing.com/bingbot.htm) Chrome/103.0.5060.134 Safari/537.36" "ysfine.com"
157.55.39.129 - - [13/Nov/2022:08:38:21 -0800] "GET /bio/optics.html HTTP/1.1" 404 88 "-" "Mozilla/5.0 (compatible; bingbot/2.0; +http://www.bing.com/bingbot.htm)" "ysfine.com"
20.198.221.121 - - [13/Nov/2022:08:38:35 -0800] "GET /wp-admin/css/ HTTP/1.1" 404 88 "binance.com" "Mozilla/5.0 (Windows NT 10.0; Win64; x64) AppleWebKit/537.36 (KHTML, like Gecko) Chrome/90.0.4430.85 Safari/537.36" "ysfine.com"
157.55.39.76 - - [13/Nov/2022:08:38:56 -0800] "GET /bio/bio07.html HTTP/1.1" 404 88 "-" "Mozilla/5.0 AppleWebKit/537.36 (KHTML, like Gecko; compatible; bingbot/2.0; +http://www.bing.com/bingbot.htm) Chrome/103.0.5060.134 Safari/537.36" "ysfine.com"
20.198.221.121 - - [13/Nov/2022:08:38:58 -0800] "GET /sites/default/files/ HTTP/1.1" 404 88 "binance.com" "Mozilla/5.0 (Windows NT 10.0; Win64; x64) AppleWebKit/537.36 (KHTML, like Gecko) Chrome/90.0.4430.85 Safari/537.36" "ysfine.com"
20.198.221.121 - - [13/Nov/2022:08:39:12 -0800] "GET /admin/controller/extension/extension/ HTTP/1.1" 404 88 "binance.com" "Mozilla/5.0 (Windows NT 10.0; Win64; x64) AppleWebKit/537.36 (KHTML, like Gecko) Chrome/90.0.4430.85 Safari/537.36" "ysfine.com"
20.198.221.121 - - [13/Nov/2022:08:39:25 -0800] "GET /uploads/ HTTP/1.1" 404 88 "binance.com" "Mozilla/5.0 (Windows NT 10.0; Win64; x64) AppleWebKit/537.36 (KHTML, like Gecko) Chrome/90.0.4430.85 Safari/537.36" "ysfine.com"
20.198.221.121 - - [13/Nov/2022:08:39:39 -0800] "GET /images/ HTTP/1.1" 404 88 "binance.com" "Mozilla/5.0 (Windows NT 10.0; Win64; x64) AppleWebKit/537.36 (KHTML, like Gecko) Chrome/90.0.4430.85 Safari/537.36" "ysfine.com"
95.163.255.70 - - [13/Nov/2022:08:39:46 -0800] "GET /dirac/dfsoft.html HTTP/1.1" 200 2643 "http://go.mail.ru/search_images" "Mozilla/5.0 (compatible; Linux x86_64; Mail.RU_Bot/Img/2.0; +https://help.mail.ru/webmaster/indexing/robots)" "www.ysfine.com"
20.198.221.121 - - [13/Nov/2022:08:39:52 -0800] "GET /files/ HTTP/1.1" 404 88 "binance.com" "Mozilla/5.0 (Windows NT 10.0; Win64; x64) AppleWebKit/537.36 (KHTML, like Gecko) Chrome/90.0.4430.85 Safari/537.36" "ysfine.com"
185.191.171.34 - - [13/Nov/2022:08:40:55 -0800] "GET /robots.txt HTTP/1.1" 404 88 "-" "Mozilla/5.0 (compatible; SemrushBot/7~bl; +http://www.semrush.com/bot.html)" "www.ysfine.com"
185.191.171.21 - - [13/Nov/2022:08:40:55 -0800] "GET /maga/phys/poinsf/frame36.html HTTP/1.1" 200 324 "-" "Mozilla/5.0 (compatible; SemrushBot/7~bl; +http://www.semrush.com/bot.html)" "www.ysfine.com"
185.191.171.19 - - [13/Nov/2022:08:41:01 -0800] "GET /robots.txt HTTP/1.1" 404 88 "-" "Mozilla/5.0 (compatible; SemrushBot/7~bl; +http://www.semrush.com/bot.html)" "ysfine.com"
185.191.171.35 - - [13/Nov/2022:08:41:13 -0800] "GET /princeton/wilsonvers.html HTTP/1.1" 200 2207 "-" "Mozilla/5.0 (compatible; SemrushBot/7~bl; +http://www.semrush.com/bot.html)" "ysfine.com"
106.206.197.144 - - [13/Nov/2022:08:41:35 -0800] "GET /einstein/einplanck3.jpg HTTP/1.1" 200 37784 "https://www.google.com/" "Mozilla/5.0 (Windows NT 10.0; Win64; x64) AppleWebKit/537.36 (KHTML, like Gecko) Chrome/107.0.0.0 Safari/537.36" "ysfine.com"
106.206.197.144 - - [13/Nov/2022:08:41:38 -0800] "GET /einstein/einplanck3.jpg HTTP/1.1" 200 37784 "https://www.google.com/" "Mozilla/5.0 (Windows NT 10.0; Win64; x64) AppleWebKit/537.36 (KHTML, like Gecko) Chrome/107.0.0.0 Safari/537.36" "ysfine.com"
106.206.197.144 - - [13/Nov/2022:08:41:47 -0800] "GET /favicon.ico HTTP/1.1" 404 88 "https://ysfine.com/einstein/einplanck3.jpg" "Mozilla/5.0 (Windows NT 10.0; Win64; x64) AppleWebKit/537.36 (KHTML, like Gecko) Chrome/107.0.0.0 Safari/537.36" "ysfine.com"
40.77.167.71 - - [13/Nov/2022:08:41:49 -0800] "GET /bio/internal.html HTTP/1.1" 404 88 "-" "Mozilla/5.0 AppleWebKit/537.36 (KHTML, like Gecko; compatible; bingbot/2.0; +http://www.bing.com/bingbot.htm) Chrome/103.0.5060.134 Safari/537.36" "ysfine.com"
38.126.157.40 - - [13/Nov/2022:08:42:06 -0800] "GET /ffriends/russhz01.jpg HTTP/1.1" 200 192574 "-" "Mozilla/5.0 (compatible; FemtosearchBot/1.0; http://femtosearch.com)" "ysfine.com"
38.126.157.40 - - [13/Nov/2022:08:42:06 -0800] "GET /newyork/guggen33c.jpg HTTP/1.1" 200 40404 "-" "Mozilla/5.0 (compatible; FemtosearchBot/1.0; http://femtosearch.com)" "ysfine.com"
38.126.157.40 - - [13/Nov/2022:08:42:06 -0800] "GET /newyork/battery11.jpg HTTP/1.1" 200 170785 "-" "Mozilla/5.0 (compatible; FemtosearchBot/1.0; http://femtosearch.com)" "ysfine.com"
38.126.157.40 - - [13/Nov/2022:08:42:06 -0800] "GET /ffriends/chinese.html HTTP/1.1" 200 12014 "-" "Mozilla/5.0 (compatible; FemtosearchBot/1.0; http://femtosearch.com)" "ysfine.com"
38.126.157.40 - - [13/Nov/2022:08:42:17 -0800] "GET /wigner/neum/ymath.jpg HTTP/1.1" 200 64930 "-" "Mozilla/5.0 (compatible; FemtosearchBot/1.0; http://femtosearch.com)" "ysfine.com"
38.126.157.40 - - [13/Nov/2022:08:42:17 -0800] "GET /newyork/koreaw00c.jpg HTTP/1.1" 200 42808 "-" "Mozilla/5.0 (compatible; FemtosearchBot/1.0; http://femtosearch.com)" "ysfine.com"
38.126.157.40 - - [13/Nov/2022:08:42:17 -0800] "GET /style/musee/aix05.jpg HTTP/1.1" 200 192218 "-" "Mozilla/5.0 (compatible; FemtosearchBot/1.0; http://femtosearch.com)" "ysfine.com"
38.126.157.40 - - [13/Nov/2022:08:42:17 -0800] "GET /newyork/hilton20c.jpg HTTP/1.1" 200 37006 "-" "Mozilla/5.0 (compatible; FemtosearchBot/1.0; http://femtosearch.com)" "ysfine.com"
64.43.50.3 - - [13/Nov/2022:08:42:25 -0800] "GET /world/brit/harrow14.jpg HTTP/1.1" 200 113507 "https://www.google.com/" "Mozilla/5.0 (iPhone; CPU iPhone OS 16_1 like Mac OS X) AppleWebKit/605.1.15 (KHTML, like Gecko) CriOS/107.0.5304.101 Mobile/15E148 Safari/604.1" "ysfine.com"
157.55.39.6 - - [13/Nov/2022:08:42:52 -0800] "GET /bio/style/leica.html HTTP/1.1" 404 88 "-" "Mozilla/5.0 (compatible; bingbot/2.0; +http://www.bing.com/bingbot.htm)" "ysfine.com"
51.104.180.53 - - [13/Nov/2022:08:43:07 -0800] "GET /newyork/colum01.jpg HTTP/1.1" 200 99832 "http://ysfine.com/newyork/colum01.jpg" "DuckDuckBot/1.1; (+http://duckduckgo.com/duckduckbot.html)" "ysfine.com"
216.244.66.229 - - [13/Nov/2022:08:43:27 -0800] "GET /ffriends/amkor/rutgers11.jpg HTTP/1.1" 200 104331 "-" "Mozilla/5.0 (compatible; DotBot/1.2; +https://opensiteexplorer.org/dotbot; help@moz.com)" "ysfine.com"
95.163.255.61 - - [13/Nov/2022:08:43:34 -0800] "GET /dongio/konurse.html HTTP/1.1" 404 88 "http://go.mail.ru/search_images" "Mozilla/5.0 (compatible; Linux x86_64; Mail.RU_Bot/Img/2.0; +https://help.mail.ru/webmaster/indexing/robots)" "www.ysfine.com"
24.127.199.245 - - [13/Nov/2022:08:43:41 -0800] "GET /einstein/evol22.jpg HTTP/1.1" 200 59140 "https://images.search.yahoo.com/search/images;_ylt=AwrFcBeJHnFjvSgxgH6JzbkF;_ylu=c2VjA3NlYXJjaARzbGsDYXNzaXN0;_ylc=X1MDOTYwNjI4NTcEX3IDMgRmcgNtY2FmZWUEZnIyA3NhLWdwLXNlYXJjaARncHJpZANDNGRobzJkYlJJRzhPQW0ublJFV19BBG5fcnNsdAMwBG5fc3VnZwMxMARvcmlnaW4DaW1hZ2VzLnNlYXJjaC55YWhvby5jb20EcG9zAzIEcHFzdHIDcXVhbnR1bSBtZWNoYW5pY2FsIG1vZGVsBHBxc3RybAMyNARxc3RybAMzNgRxdWVyeQNxdWFudHVtJTIwbWVjaGFuaWNhbCUyMG1vZGVsJTIwb2YlMjB0aGUlMjBhdG9tBHRfc3RtcAMxNjY4MzU3Nzc2BHVzZV9jYXNlAw--?p=quantum+mechanical+model+of+the+atom&fr=mcafee&fr2=sa-gp-search&ei=UTF-8&x=wrt&type=E210US91088G0" "Mozilla/5.0 (Windows NT 10.0; Win64; x64) AppleWebKit/537.36 (KHTML, like Gecko) Chrome/107.0.0.0 Safari/537.36" "ysfine.com"
216.244.66.229 - - [13/Nov/2022:08:44:05 -0800] "GET /style/rteleica.html HTTP/1.1" 404 73 "-" "Mozilla/5.0 (compatible; DotBot/1.2; +https://opensiteexplorer.org/dotbot; help@moz.com)" "ysfine.com"
40.77.167.71 - - [13/Nov/2022:08:44:09 -0800] "GET /bio/genea.html HTTP/1.1" 404 88 "-" "Mozilla/5.0 (compatible; bingbot/2.0; +http://www.bing.com/bingbot.htm)" "ysfine.com"
95.163.255.61 - - [13/Nov/2022:08:44:21 -0800] "GET /confer/popular.html HTTP/1.1" 200 2351 "http://go.mail.ru/search_images" "Mozilla/5.0 (compatible; Linux x86_64; Mail.RU_Bot/Img/2.0; +https://help.mail.ru/webmaster/indexing/robots)" "www.ysfine.com"
157.55.39.6 - - [13/Nov/2022:08:44:32 -0800] "GET /bio/kobak/namdae.html HTTP/1.1" 404 88 "-" "Mozilla/5.0 AppleWebKit/537.36 (KHTML, like Gecko; compatible; bingbot/2.0; +http://www.bing.com/bingbot.htm) Chrome/103.0.5060.134 Safari/537.36" "ysfine.com"
216.244.66.229 - - [13/Nov/2022:08:44:34 -0800] "GET /ffriends/hungreece01.jpg HTTP/1.1" 200 90054 "-" "Mozilla/5.0 (compatible; DotBot/1.2; +https://opensiteexplorer.org/dotbot; help@moz.com)" "ysfine.com"
47.55.218.141 - - [13/Nov/2022:08:44:44 -0800] "GET /maga/phys/solvayc27c.jpg HTTP/1.1" 200 53464 "https://www.google.com/" "Mozilla/5.0 (Windows NT 10.0; Win64; x64) AppleWebKit/537.36 (KHTML, like Gecko) Chrome/107.0.0.0 Safari/537.36" "ysfine.com"
95.163.255.80 - - [13/Nov/2022:08:45:00 -0800] "GET /remote/wigner111/frame12.html HTTP/1.1" 200 923 "http://go.mail.ru/search_images" "Mozilla/5.0 (compatible; Linux x86_64; Mail.RU_Bot/Img/2.0; +https://help.mail.ru/webmaster/indexing/robots)" "www.ysfine.com"
216.244.66.229 - - [13/Nov/2022:08:45:09 -0800] "GET /ffriends/chinstu03.jpg HTTP/1.1" 200 219744 "-" "Mozilla/5.0 (compatible; DotBot/1.2; +https://opensiteexplorer.org/dotbot; help@moz.com)" "ysfine.com"
66.249.66.43 - - [13/Nov/2022:08:45:10 -0800] "GET /princeton/ysrhee33.jpg HTTP/1.1" 304 - "-" "Googlebot-Image/1.0" "ysfine.com"
216.244.66.229 - - [13/Nov/2022:08:45:59 -0800] "GET /ffriends/ghigh01.jpg HTTP/1.1" 200 59381 "-" "Mozilla/5.0 (compatible; DotBot/1.2; +https://opensiteexplorer.org/dotbot; help@moz.com)" "ysfine.com"
38.126.157.40 - - [13/Nov/2022:08:46:44 -0800] "GET /usca/norl/jazz01b.jpg HTTP/1.1" 200 31234 "-" "Mozilla/5.0 (compatible; FemtosearchBot/1.0; http://femtosearch.com)" "ysfine.com"
38.126.157.40 - - [13/Nov/2022:08:46:44 -0800] "GET /usca/norl/missi12.jpg HTTP/1.1" 200 118356 "-" "Mozilla/5.0 (compatible; FemtosearchBot/1.0; http://femtosearch.com)" "ysfine.com"
38.126.157.40 - - [13/Nov/2022:08:46:44 -0800] "GET /princeton/1957bus.jpg HTTP/1.1" 200 99376 "-" "Mozilla/5.0 (compatible; FemtosearchBot/1.0; http://femtosearch.com)" "ysfine.com"
38.126.157.40 - - [13/Nov/2022:08:46:44 -0800] "GET /ffriends/polcolum.jpg HTTP/1.1" 200 225981 "-" "Mozilla/5.0 (compatible; FemtosearchBot/1.0; http://femtosearch.com)" "ysfine.com"
38.126.157.40 - - [13/Nov/2022:08:46:44 -0800] "GET /wigner/gim/gimn02.jpg HTTP/1.1" 200 105634 "-" "Mozilla/5.0 (compatible; FemtosearchBot/1.0; http://femtosearch.com)" "ysfine.com"
38.126.157.40 - - [13/Nov/2022:08:46:45 -0800] "GET /world/brit/dunf19.jpg HTTP/1.1" 200 130618 "-" "Mozilla/5.0 (compatible; FemtosearchBot/1.0; http://femtosearch.com)" "ysfine.com"
38.126.157.40 - - [13/Nov/2022:08:46:45 -0800] "GET /usca/norl/missi03.jpg HTTP/1.1" 200 68922 "-" "Mozilla/5.0 (compatible; FemtosearchBot/1.0; http://femtosearch.com)" "ysfine.com"
38.126.157.40 - - [13/Nov/2022:08:46:45 -0800] "GET /ffriends/brazny01.jpg HTTP/1.1" 200 137121 "-" "Mozilla/5.0 (compatible; FemtosearchBot/1.0; http://femtosearch.com)" "ysfine.com"
17.121.114.48 - - [13/Nov/2022:08:46:53 -0800] "GET /robots.txt HTTP/1.1" 404 88 "-" "Mozilla/5.0 (Macintosh; Intel Mac OS X 10_15_5) AppleWebKit/605.1.15 (KHTML, like Gecko) Version/13.1.1 Safari/605.1.15 (Applebot/0.1; +http://www.apple.com/go/applebot)" "ysfine.com"
17.121.114.48 - - [13/Nov/2022:08:46:54 -0800] "GET /world/china/dandongbr03b.jpg HTTP/1.1" 200 33589 "-" "Mozilla/5.0 (Macintosh; Intel Mac OS X 10_15_5) AppleWebKit/605.1.15 (KHTML, like Gecko) Version/13.1.1 Safari/605.1.15 (Applebot/0.1; +http://www.apple.com/go/applebot)" "ysfine.com"
216.244.66.229 - - [13/Nov/2022:08:47:02 -0800] "GET /ffriends/amkor/amny01.jpg HTTP/1.1" 200 84299 "-" "Mozilla/5.0 (compatible; DotBot/1.2; +https://opensiteexplorer.org/dotbot; help@moz.com)" "ysfine.com"
157.55.39.76 - - [13/Nov/2022:08:47:07 -0800] "GET /bio/sbk/1950.html HTTP/1.1" 404 88 "-" "Mozilla/5.0 (compatible; bingbot/2.0; +http://www.bing.com/bingbot.htm)" "ysfine.com"
120.239.246.22 - - [13/Nov/2022:08:47:24 -0800] "GET /kobak/liber45.jpg HTTP/1.1" 200 141542 "https://cn.bing.com/" "Mozilla/5.0 (Windows NT 10.0; WOW64) AppleWebKit/537.36 (KHTML, like Gecko) Chrome/86.0.4240.198 Safari/537.36" "www.ysfine.com"
157.55.39.129 - - [13/Nov/2022:08:47:32 -0800] "GET /bio/world/kalinin22.html HTTP/1.1" 404 88 "-" "Mozilla/5.0 AppleWebKit/537.36 (KHTML, like Gecko; compatible; bingbot/2.0; +http://www.bing.com/bingbot.htm) Chrome/103.0.5060.134 Safari/537.36" "ysfine.com"
216.244.66.229 - - [13/Nov/2022:08:48:01 -0800] "GET /ffriends/amkor/kobaker01.jpg HTTP/1.1" 200 101421 "-" "Mozilla/5.0 (compatible; DotBot/1.2; +https://opensiteexplorer.org/dotbot; help@moz.com)" "ysfine.com"
5.188.210.84 - - [13/Nov/2022:08:48:03 -0800] "GET /world/travel.html HTTP/1.1" 200 5186 "https://www.ysfine.com/world/travel.html" "Mozilla/5.0 (Windows NT 6.3) AppleWebKit/537.36 (KHTML, like Gecko) Chrome/90.0.4430.72 Safari/537.36" "www.ysfine.com"
5.188.210.84 - - [13/Nov/2022:08:48:04 -0800] "GET / HTTP/1.1" 200 15910 "https://www.ysfine.com/" "Mozilla/5.0 (Windows NT 6.3) AppleWebKit/537.36 (KHTML, like Gecko) Chrome/90.0.4430.72 Safari/537.36" "www.ysfine.com"
207.46.13.134 - - [13/Nov/2022:08:48:10 -0800] "GET /bio/pquartet.html HTTP/1.1" 404 88 "-" "Mozilla/5.0 (compatible; bingbot/2.0; +http://www.bing.com/bingbot.htm)" "ysfine.com"
216.244.66.229 - - [13/Nov/2022:08:49:07 -0800] "GET /ffriends/crabtree.jpg HTTP/1.1" 404 73 "-" "Mozilla/5.0 (compatible; DotBot/1.2; +https://opensiteexplorer.org/dotbot; help@moz.com)" "ysfine.com"
216.244.66.229 - - [13/Nov/2022:08:49:33 -0800] "GET /ffriends/molda01.jpg HTTP/1.1" 200 110549 "-" "Mozilla/5.0 (compatible; DotBot/1.2; +https://opensiteexplorer.org/dotbot; help@moz.com)" "ysfine.com"
40.77.167.71 - - [13/Nov/2022:08:50:29 -0800] "GET /bio/bio04a.html HTTP/1.1" 404 88 "-" "Mozilla/5.0 AppleWebKit/537.36 (KHTML, like Gecko; compatible; bingbot/2.0; +http://www.bing.com/bingbot.htm) Chrome/103.0.5060.134 Safari/537.36" "ysfine.com"
38.126.157.40 - - [13/Nov/2022:08:51:09 -0800] "GET /friends/vilnius07.jpg HTTP/1.1" 404 88 "-" "Mozilla/5.0 (compatible; FemtosearchBot/1.0; http://femtosearch.com)" "ysfine.com"
38.126.157.40 - - [13/Nov/2022:08:51:09 -0800] "GET /einstein/bohrein.html HTTP/1.1" 200 5904 "-" "Mozilla/5.0 (compatible; FemtosearchBot/1.0; http://femtosearch.com)" "ysfine.com"
38.126.157.40 - - [13/Nov/2022:08:51:09 -0800] "GET /ysbio/kobak/nll01.jpg HTTP/1.1" 404 88 "-" "Mozilla/5.0 (compatible; FemtosearchBot/1.0; http://femtosearch.com)" "ysfine.com"
38.126.157.40 - - [13/Nov/2022:08:51:09 -0800] "GET /wigner/wigheisen.html HTTP/1.1" 200 3346 "-" "Mozilla/5.0 (compatible; FemtosearchBot/1.0; http://femtosearch.com)" "ysfine.com"
38.126.157.40 - - [13/Nov/2022:08:51:11 -0800] "GET /usca/norl/canal07.jpg HTTP/1.1" 200 119169 "-" "Mozilla/5.0 (compatible; FemtosearchBot/1.0; http://femtosearch.com)" "ysfine.com"
38.126.157.40 - - [13/Nov/2022:08:51:11 -0800] "GET /einstein/maric11c.jpg HTTP/1.1" 200 27741 "-" "Mozilla/5.0 (compatible; FemtosearchBot/1.0; http://femtosearch.com)" "ysfine.com"
38.126.157.40 - - [13/Nov/2022:08:51:11 -0800] "GET /world/russ/mosf35.jpg HTTP/1.1" 200 123077 "-" "Mozilla/5.0 (compatible; FemtosearchBot/1.0; http://femtosearch.com)" "ysfine.com"
38.126.157.40 - - [13/Nov/2022:08:51:12 -0800] "GET /dirac/yukadirac55.jpg HTTP/1.1" 200 92994 "-" "Mozilla/5.0 (compatible; FemtosearchBot/1.0; http://femtosearch.com)" "ysfine.com"
207.46.13.134 - - [13/Nov/2022:08:51:51 -0800] "GET /bio/wigner/e(2).html HTTP/1.1" 404 88 "-" "Mozilla/5.0 (compatible; bingbot/2.0; +http://www.bing.com/bingbot.htm)" "ysfine.com"
89.39.149.235 - - [13/Nov/2022:08:52:17 -0800] "GET /kowar/rusk01.jpg HTTP/1.1" 200 74943 "-" "Mozilla/5.0 (Windows NT 10.0; Win64; x64) AppleWebKit/537.36 (KHTML, like Gecko) Chrome/102.0.0.0 Safari/537.36" "ysfine.com"
223.189.188.253 - - [13/Nov/2022:08:54:14 -0800] "GET /feynman/feyn86b.jpg HTTP/1.1" 200 26190 "https://www.google.com/" "Mozilla/5.0 (Macintosh; Intel Mac OS X 10_15_7) AppleWebKit/537.36 (KHTML, like Gecko) Chrome/93.0.4577.63 Safari/537.36" "ysfine.com"
157.55.39.6 - - [13/Nov/2022:08:54:34 -0800] "GET /bio/world/leipzig.html HTTP/1.1" 404 88 "-" "Mozilla/5.0 (compatible; bingbot/2.0; +http://www.bing.com/bingbot.htm)" "ysfine.com"
17.121.114.209 - - [13/Nov/2022:08:54:37 -0800] "GET /maga/phys/naimar/pewk06.jpg HTTP/1.1" 200 78645 "-" "Mozilla/5.0 (Macintosh; Intel Mac OS X 10_15_5) AppleWebKit/605.1.15 (KHTML, like Gecko) Version/13.1.1 Safari/605.1.15 (Applebot/0.1; +http://www.apple.com/go/applebot)" "ysfine.com"
40.77.167.71 - - [13/Nov/2022:08:54:39 -0800] "GET /bio/feynman/partons.html HTTP/1.1" 404 88 "-" "Mozilla/5.0 AppleWebKit/537.36 (KHTML, like Gecko; compatible; bingbot/2.0; +http://www.bing.com/bingbot.htm) Chrome/103.0.5060.134 Safari/537.36" "ysfine.com"
207.46.13.134 - - [13/Nov/2022:08:54:51 -0800] "GET /bio/style/ystyle.html HTTP/1.1" 404 88 "-" "Mozilla/5.0 AppleWebKit/537.36 (KHTML, like Gecko; compatible; bingbot/2.0; +http://www.bing.com/bingbot.htm) Chrome/103.0.5060.134 Safari/537.36" "ysfine.com"
38.126.157.40 - - [13/Nov/2022:08:55:32 -0800] "GET /newyork/battery39.jpg HTTP/1.1" 200 119769 "-" "Mozilla/5.0 (compatible; FemtosearchBot/1.0; http://femtosearch.com)" "ysfine.com"
38.126.157.40 - - [13/Nov/2022:08:55:32 -0800] "GET /wigner/maxmink33c.jpg HTTP/1.1" 200 22346 "-" "Mozilla/5.0 (compatible; FemtosearchBot/1.0; http://femtosearch.com)" "ysfine.com"
38.126.157.40 - - [13/Nov/2022:08:55:32 -0800] "GET /ffriends/austra07.jpg HTTP/1.1" 200 145132 "-" "Mozilla/5.0 (compatible; FemtosearchBot/1.0; http://femtosearch.com)" "ysfine.com"
38.126.157.40 - - [13/Nov/2022:08:55:32 -0800] "GET /princeton/hyatt33.jpg HTTP/1.1" 200 92650 "-" "Mozilla/5.0 (compatible; FemtosearchBot/1.0; http://femtosearch.com)" "ysfine.com"
38.126.157.40 - - [13/Nov/2022:08:55:32 -0800] "GET /maga/phil/kant00b.jpg HTTP/1.1" 200 51853 "-" "Mozilla/5.0 (compatible; FemtosearchBot/1.0; http://femtosearch.com)" "ysfine.com"
38.126.157.40 - - [13/Nov/2022:08:55:32 -0800] "GET /usca/norl/canal17.jpg HTTP/1.1" 200 118288 "-" "Mozilla/5.0 (compatible; FemtosearchBot/1.0; http://femtosearch.com)" "ysfine.com"
38.126.157.40 - - [13/Nov/2022:08:55:32 -0800] "GET /dongio/belgistu02.jpg HTTP/1.1" 404 88 "-" "Mozilla/5.0 (compatible; FemtosearchBot/1.0; http://femtosearch.com)" "ysfine.com"
38.126.157.40 - - [13/Nov/2022:08:55:32 -0800] "GET /wigner/wigheis11b.jpg HTTP/1.1" 200 38703 "-" "Mozilla/5.0 (compatible; FemtosearchBot/1.0; http://femtosearch.com)" "ysfine.com"
157.55.39.76 - - [13/Nov/2022:08:55:38 -0800] "GET /bio/usca/pitt/chungho2.pdf HTTP/1.1" 404 88 "-" "Mozilla/5.0 AppleWebKit/537.36 (KHTML, like Gecko; compatible; bingbot/2.0; +http://www.bing.com/bingbot.htm) Chrome/103.0.5060.134 Safari/537.36" "ysfine.com"
66.249.66.40 - - [13/Nov/2022:08:55:53 -0800] "GET /dongio/ukrainian.html HTTP/1.1" 404 88 "-" "Mozilla/5.0 (Linux; Android 6.0.1; Nexus 5X Build/MMB29P) AppleWebKit/537.36 (KHTML, like Gecko) Chrome/107.0.5304.110 Mobile Safari/537.36 (compatible; Googlebot/2.1; +http://www.google.com/bot.html)" "ysfine.com"
157.55.39.129 - - [13/Nov/2022:08:56:13 -0800] "GET /bio/kobak/soraech.html HTTP/1.1" 404 88 "-" "Mozilla/5.0 (compatible; bingbot/2.0; +http://www.bing.com/bingbot.htm)" "ysfine.com"
86.14.253.177 - - [13/Nov/2022:08:56:23 -0800] "GET /dirac/dirpoems.html HTTP/1.1" 200 5773 "https://www.google.com/" "Mozilla/5.0 (Macintosh; Intel Mac OS X 10_12_6) AppleWebKit/605.1.15 (KHTML, like Gecko) Version/12.1.2 Safari/605.1.15" "ysfine.com"
86.14.253.177 - - [13/Nov/2022:08:56:23 -0800] "GET /dirac/2osc22b.jpg HTTP/1.1" 200 47666 "https://ysfine.com/dirac/dirpoems.html" "Mozilla/5.0 (Macintosh; Intel Mac OS X 10_12_6) AppleWebKit/605.1.15 (KHTML, like Gecko) Version/12.1.2 Safari/605.1.15" "ysfine.com"
86.14.253.177 - - [13/Nov/2022:08:56:23 -0800] "GET /dirac/coupo05b.jpg HTTP/1.1" 200 28928 "https://ysfine.com/dirac/dirpoems.html" "Mozilla/5.0 (Macintosh; Intel Mac OS X 10_12_6) AppleWebKit/605.1.15 (KHTML, like Gecko) Version/12.1.2 Safari/605.1.15" "ysfine.com"
86.14.253.177 - - [13/Nov/2022:08:56:23 -0800] "GET /dirac/coupo06b.jpg HTTP/1.1" 200 36282 "https://ysfine.com/dirac/dirpoems.html" "Mozilla/5.0 (Macintosh; Intel Mac OS X 10_12_6) AppleWebKit/605.1.15 (KHTML, like Gecko) Version/12.1.2 Safari/605.1.15" "ysfine.com"
86.14.253.177 - - [13/Nov/2022:08:56:23 -0800] "GET /einstein/einbohr33b.jpg HTTP/1.1" 200 42636 "https://ysfine.com/dirac/dirpoems.html" "Mozilla/5.0 (Macintosh; Intel Mac OS X 10_12_6) AppleWebKit/605.1.15 (KHTML, like Gecko) Version/12.1.2 Safari/605.1.15" "ysfine.com"
86.14.253.177 - - [13/Nov/2022:08:56:23 -0800] "GET /eink/eink61c.jpg HTTP/1.1" 200 34119 "https://ysfine.com/dirac/dirpoems.html" "Mozilla/5.0 (Macintosh; Intel Mac OS X 10_12_6) AppleWebKit/605.1.15 (KHTML, like Gecko) Version/12.1.2 Safari/605.1.15" "ysfine.com"
86.14.253.177 - - [13/Nov/2022:08:56:23 -0800] "GET /dirac/dirmatrix22b.jpg HTTP/1.1" 200 49475 "https://ysfine.com/dirac/dirpoems.html" "Mozilla/5.0 (Macintosh; Intel Mac OS X 10_12_6) AppleWebKit/605.1.15 (KHTML, like Gecko) Version/12.1.2 Safari/605.1.15" "ysfine.com"
86.14.253.177 - - [13/Nov/2022:08:56:23 -0800] "GET /style/rieu01b.jpg HTTP/1.1" 200 44969 "https://ysfine.com/dirac/dirpoems.html" "Mozilla/5.0 (Macintosh; Intel Mac OS X 10_12_6) AppleWebKit/605.1.15 (KHTML, like Gecko) Version/12.1.2 Safari/605.1.15" "ysfine.com"
86.14.253.177 - - [13/Nov/2022:08:56:23 -0800] "GET /dirac/michelan01b.jpg HTTP/1.1" 200 50306 "https://ysfine.com/dirac/dirpoems.html" "Mozilla/5.0 (Macintosh; Intel Mac OS X 10_12_6) AppleWebKit/605.1.15 (KHTML, like Gecko) Version/12.1.2 Safari/605.1.15" "ysfine.com"
86.14.253.177 - - [13/Nov/2022:08:56:23 -0800] "GET /feynman/jacdrum11b.jpg HTTP/1.1" 200 49846 "https://ysfine.com/dirac/dirpoems.html" "Mozilla/5.0 (Macintosh; Intel Mac OS X 10_12_6) AppleWebKit/605.1.15 (KHTML, like Gecko) Version/12.1.2 Safari/605.1.15" "ysfine.com"
86.14.253.177 - - [13/Nov/2022:08:56:23 -0800] "GET /style/rieu02b.jpg HTTP/1.1" 200 52217 "https://ysfine.com/dirac/dirpoems.html" "Mozilla/5.0 (Macintosh; Intel Mac OS X 10_12_6) AppleWebKit/605.1.15 (KHTML, like Gecko) Version/12.1.2 Safari/605.1.15" "ysfine.com"
86.14.253.177 - - [13/Nov/2022:08:56:23 -0800] "GET /feynman/feybongo77b.jpg HTTP/1.1" 200 29724 "https://ysfine.com/dirac/dirpoems.html" "Mozilla/5.0 (Macintosh; Intel Mac OS X 10_12_6) AppleWebKit/605.1.15 (KHTML, like Gecko) Version/12.1.2 Safari/605.1.15" "ysfine.com"
86.14.253.177 - - [13/Nov/2022:08:56:23 -0800] "GET /feynman/silvana11b.jpg HTTP/1.1" 200 52681 "https://ysfine.com/dirac/dirpoems.html" "Mozilla/5.0 (Macintosh; Intel Mac OS X 10_12_6) AppleWebKit/605.1.15 (KHTML, like Gecko) Version/12.1.2 Safari/605.1.15" "ysfine.com"
86.14.253.177 - - [13/Nov/2022:08:56:27 -0800] "GET /favicon.ico HTTP/1.1" 404 88 "https://ysfine.com/dirac/dirpoems.html" "Mozilla/5.0 (Macintosh; Intel Mac OS X 10_12_6) AppleWebKit/605.1.15 (KHTML, like Gecko) Version/12.1.2 Safari/605.1.15" "ysfine.com"
89.39.149.235 - - [13/Nov/2022:08:56:48 -0800] "GET /feynman/fb19.jpg HTTP/1.1" 200 10915 "-" "Mozilla/5.0 (Windows NT 10.0; Win64; x64) AppleWebKit/537.36 (KHTML, like Gecko) Chrome/102.0.0.0 Safari/537.36" "www.ysfine.com"
89.39.149.235 - - [13/Nov/2022:08:56:52 -0800] "GET /feynman/fb5.jpg HTTP/1.1" 200 33961 "-" "Mozilla/5.0 (Windows NT 10.0; Win64; x64) AppleWebKit/537.36 (KHTML, like Gecko) Chrome/102.0.0.0 Safari/537.36" "www.ysfine.com"
40.77.167.71 - - [13/Nov/2022:08:57:30 -0800] "GET /bio/wigner/wigpoinc.html HTTP/1.1" 404 88 "-" "Mozilla/5.0 AppleWebKit/537.36 (KHTML, like Gecko; compatible; bingbot/2.0; +http://www.bing.com/bingbot.htm) Chrome/103.0.5060.134 Safari/537.36" "ysfine.com"
207.46.13.134 - - [13/Nov/2022:08:57:40 -0800] "GET /world/season.html HTTP/1.1" 304 - "-" "Mozilla/5.0 AppleWebKit/537.36 (KHTML, like Gecko; compatible; bingbot/2.0; +http://www.bing.com/bingbot.htm) Chrome/103.0.5060.134 Safari/537.36" "www.ysfine.com"
199.47.82.19 - - [13/Nov/2022:08:58:06 -0800] "GET /robots.txt HTTP/1.1" 404 88 "-" "Turnitin (https://bit.ly/2UvnfoQ)" "ysfine.com"
199.47.82.19 - - [13/Nov/2022:08:58:06 -0800] "GET /robots.txt HTTP/1.1" 404 88 "-" "Turnitin (https://bit.ly/2UvnfoQ)" "ysfine.com"
199.47.82.19 - - [13/Nov/2022:08:58:06 -0800] "GET /robots.txt HTTP/1.1" 404 88 "-" "Turnitin (https://bit.ly/2UvnfoQ)" "www.ysfine.com"
199.47.82.19 - - [13/Nov/2022:08:58:07 -0800] "GET /robots.txt HTTP/1.1" 404 88 "-" "Turnitin (https://bit.ly/2UvnfoQ)" "www.ysfine.com"
199.47.82.19 - - [13/Nov/2022:08:58:07 -0800] "GET /kobak/taylor.html HTTP/1.1" 304 - "-" "Turnitin (https://bit.ly/2UvnfoQ)" "www.ysfine.com"
199.47.82.19 - - [13/Nov/2022:08:58:07 -0800] "GET /maga/hugo.html HTTP/1.1" 304 - "-" "Turnitin (https://bit.ly/2UvnfoQ)" "www.ysfine.com"
199.47.82.19 - - [13/Nov/2022:08:58:08 -0800] "GET /maga/sartre.html HTTP/1.1" 304 - "-" "Turnitin (https://bit.ly/2UvnfoQ)" "www.ysfine.com"
199.47.82.19 - - [13/Nov/2022:08:58:08 -0800] "GET /world/france/champ12.html HTTP/1.1" 304 - "-" "Turnitin (https://bit.ly/2UvnfoQ)" "www.ysfine.com"
216.244.66.229 - - [13/Nov/2022:08:58:33 -0800] "GET /ffriends/aline/lot22.jpg HTTP/1.1" 200 192988 "-" "Mozilla/5.0 (compatible; DotBot/1.2; +https://opensiteexplorer.org/dotbot; help@moz.com)" "ysfine.com"
40.77.167.27 - - [13/Nov/2022:08:58:48 -0800] "GET /ysbio/wdc/kopol.html HTTP/1.1" 404 88 "-" "Mozilla/5.0 AppleWebKit/537.36 (KHTML, like Gecko; compatible; bingbot/2.0; +http://www.bing.com/bingbot.htm) Chrome/103.0.5060.134 Safari/537.36" "ysfine.com"
40.77.167.27 - - [13/Nov/2022:08:58:48 -0800] "GET /bio/style/proschanie.html HTTP/1.1" 404 88 "-" "Mozilla/5.0 AppleWebKit/537.36 (KHTML, like Gecko; compatible; bingbot/2.0; +http://www.bing.com/bingbot.htm) Chrome/103.0.5060.134 Safari/537.36" "ysfine.com"
216.244.66.229 - - [13/Nov/2022:08:58:56 -0800] "GET /ffriends/aline/aireuropa11.jpg HTTP/1.1" 200 90343 "-" "Mozilla/5.0 (compatible; DotBot/1.2; +https://opensiteexplorer.org/dotbot; help@moz.com)" "ysfine.com"
73.61.57.188 - - [13/Nov/2022:08:59:15 -0800] "GET /maga/desiree.html HTTP/1.1" 200 2747 "https://search.brave.com/" "Mozilla/5.0 (Windows NT 10.0; Win64; x64) AppleWebKit/537.36 (KHTML, like Gecko) Chrome/107.0.0.0 Safari/537.36" "ysfine.com"
73.61.57.188 - - [13/Nov/2022:08:59:15 -0800] "GET /maga/histo/desiree23b.jpg HTTP/1.1" 200 40638 "https://ysfine.com/maga/desiree.html" "Mozilla/5.0 (Windows NT 10.0; Win64; x64) AppleWebKit/537.36 (KHTML, like Gecko) Chrome/107.0.0.0 Safari/537.36" "ysfine.com"
73.61.57.188 - - [13/Nov/2022:08:59:15 -0800] "GET /maga/histo/swedking01b.jpg HTTP/1.1" 200 41020 "https://ysfine.com/maga/desiree.html" "Mozilla/5.0 (Windows NT 10.0; Win64; x64) AppleWebKit/537.36 (KHTML, like Gecko) Chrome/107.0.0.0 Safari/537.36" "ysfine.com"
73.61.57.188 - - [13/Nov/2022:08:59:15 -0800] "GET /maga/histo/desiree22b.jpg HTTP/1.1" 200 44724 "https://ysfine.com/maga/desiree.html" "Mozilla/5.0 (Windows NT 10.0; Win64; x64) AppleWebKit/537.36 (KHTML, like Gecko) Chrome/107.0.0.0 Safari/537.36" "ysfine.com"
73.61.57.188 - - [13/Nov/2022:08:59:15 -0800] "GET /maga/histo/desiree24b.jpg HTTP/1.1" 200 44371 "https://ysfine.com/maga/desiree.html" "Mozilla/5.0 (Windows NT 10.0; Win64; x64) AppleWebKit/537.36 (KHTML, like Gecko) Chrome/107.0.0.0 Safari/537.36" "ysfine.com"
73.61.57.188 - - [13/Nov/2022:08:59:15 -0800] "GET /maga/histo/oscar22b.jpg HTTP/1.1" 200 36819 "https://ysfine.com/maga/desiree.html" "Mozilla/5.0 (Windows NT 10.0; Win64; x64) AppleWebKit/537.36 (KHTML, like Gecko) Chrome/107.0.0.0 Safari/537.36" "ysfine.com"
73.61.57.188 - - [13/Nov/2022:08:59:15 -0800] "GET /eink/eink61c.jpg HTTP/1.1" 200 34119 "https://ysfine.com/maga/desiree.html" "Mozilla/5.0 (Windows NT 10.0; Win64; x64) AppleWebKit/537.36 (KHTML, like Gecko) Chrome/107.0.0.0 Safari/537.36" "ysfine.com"
73.61.57.188 - - [13/Nov/2022:08:59:15 -0800] "GET /maga/histo/desiree21b.jpg HTTP/1.1" 200 40810 "https://ysfine.com/maga/desiree.html" "Mozilla/5.0 (Windows NT 10.0; Win64; x64) AppleWebKit/537.36 (KHTML, like Gecko) Chrome/107.0.0.0 Safari/537.36" "ysfine.com"
73.61.57.188 - - [13/Nov/2022:08:59:15 -0800] "GET /maga/histo/oscar33a.jpg HTTP/1.1" 200 47506 "https://ysfine.com/maga/desiree.html" "Mozilla/5.0 (Windows NT 10.0; Win64; x64) AppleWebKit/537.36 (KHTML, like Gecko) Chrome/107.0.0.0 Safari/537.36" "ysfine.com"
73.61.57.188 - - [13/Nov/2022:08:59:15 -0800] "GET /maga/histo/victoria01b.jpg HTTP/1.1" 200 36748 "https://ysfine.com/maga/desiree.html" "Mozilla/5.0 (Windows NT 10.0; Win64; x64) AppleWebKit/537.36 (KHTML, like Gecko) Chrome/107.0.0.0 Safari/537.36" "ysfine.com"
73.61.57.188 - - [13/Nov/2022:08:59:15 -0800] "GET /maga/histo/desiree25b.jpg HTTP/1.1" 200 38423 "https://ysfine.com/maga/desiree.html" "Mozilla/5.0 (Windows NT 10.0; Win64; x64) AppleWebKit/537.36 (KHTML, like Gecko) Chrome/107.0.0.0 Safari/537.36" "ysfine.com"
73.61.57.188 - - [13/Nov/2022:08:59:16 -0800] "GET /favicon.ico HTTP/1.1" 404 88 "https://ysfine.com/maga/desiree.html" "Mozilla/5.0 (Windows NT 10.0; Win64; x64) AppleWebKit/537.36 (KHTML, like Gecko) Chrome/107.0.0.0 Safari/537.36" "ysfine.com"
216.244.66.229 - - [13/Nov/2022:08:59:17 -0800] "GET /ffriends/aline/saudiair03.jpg HTTP/1.1" 200 89484 "-" "Mozilla/5.0 (compatible; DotBot/1.2; +https://opensiteexplorer.org/dotbot; help@moz.com)" "ysfine.com"
71.178.208.102 - - [13/Nov/2022:08:59:25 -0800] "GET /ys11/ HTTP/1.1" 304 - "-" "Mozilla/5.0 (Windows NT 10.0; Win64; x64) AppleWebKit/537.36 (KHTML, like Gecko) Chrome/107.0.0.0 Safari/537.36" "ysfine.com"
71.178.208.102 - - [13/Nov/2022:08:59:25 -0800] "GET /favicon.ico HTTP/1.1" 404 88 "https://ysfine.com/ys11/" "Mozilla/5.0 (Windows NT 10.0; Win64; x64) AppleWebKit/537.36 (KHTML, like Gecko) Chrome/107.0.0.0 Safari/537.36" "ysfine.com"
216.244.66.229 - - [13/Nov/2022:08:59:36 -0800] "GET /ffriends/aline/united06.jpg HTTP/1.1" 200 80511 "-" "Mozilla/5.0 (compatible; DotBot/1.2; +https://opensiteexplorer.org/dotbot; help@moz.com)" "ysfine.com"
216.244.66.229 - - [13/Nov/2022:08:59:53 -0800] "GET /ffriends/amkor/jasberlin11.jpg HTTP/1.1" 200 96034 "-" "Mozilla/5.0 (compatible; DotBot/1.2; +https://opensiteexplorer.org/dotbot; help@moz.com)" "ysfine.com"
38.126.157.40 - - [13/Nov/2022:08:59:59 -0800] "GET /world/russ/krem31.jpg HTTP/1.1" 200 129592 "-" "Mozilla/5.0 (compatible; FemtosearchBot/1.0; http://femtosearch.com)" "ysfine.com"
38.126.157.40 - - [13/Nov/2022:08:59:59 -0800] "GET /princeton/annex11.jpg HTTP/1.1" 200 136808 "-" "Mozilla/5.0 (compatible; FemtosearchBot/1.0; http://femtosearch.com)" "ysfine.com"
38.126.157.40 - - [13/Nov/2022:09:00:01 -0800] "GET /ysbio/wdc/eindc03.jpg HTTP/1.1" 404 88 "-" "Mozilla/5.0 (compatible; FemtosearchBot/1.0; http://femtosearch.com)" "ysfine.com"
38.126.157.40 - - [13/Nov/2022:09:00:01 -0800] "GET /world/russ/gum08b.jpg HTTP/1.1" 200 36011 "-" "Mozilla/5.0 (compatible; FemtosearchBot/1.0; http://femtosearch.com)" "ysfine.com"
38.126.157.40 - - [13/Nov/2022:09:00:01 -0800] "GET /world/russ/spbm21.jpg HTTP/1.1" 200 88822 "-" "Mozilla/5.0 (compatible; FemtosearchBot/1.0; http://femtosearch.com)" "ysfine.com"
38.126.157.40 - - [13/Nov/2022:09:00:01 -0800] "GET /maga/invent/mosin.jpg HTTP/1.1" 200 64407 "-" "Mozilla/5.0 (compatible; FemtosearchBot/1.0; http://femtosearch.com)" "ysfine.com"
38.126.157.40 - - [13/Nov/2022:09:00:01 -0800] "GET /usca/norl/missi22.jpg HTTP/1.1" 200 144025 "-" "Mozilla/5.0 (compatible; FemtosearchBot/1.0; http://femtosearch.com)" "ysfine.com"
38.126.157.40 - - [13/Nov/2022:09:00:01 -0800] "GET /einstein/einkim33.jpg HTTP/1.1" 404 88 "-" "Mozilla/5.0 (compatible; FemtosearchBot/1.0; http://femtosearch.com)" "ysfine.com"
216.244.66.229 - - [13/Nov/2022:09:00:32 -0800] "GET /ffriends/mongo06.jpg HTTP/1.1" 200 88782 "-" "Mozilla/5.0 (compatible; DotBot/1.2; +https://opensiteexplorer.org/dotbot; help@moz.com)" "ysfine.com"
73.61.57.188 - - [13/Nov/2022:09:00:46 -0800] "GET /maga/histo/oscar22.jpg HTTP/1.1" 200 101665 "https://ysfine.com/maga/desiree.html" "Mozilla/5.0 (Windows NT 10.0; Win64; x64) AppleWebKit/537.36 (KHTML, like Gecko) Chrome/107.0.0.0 Safari/537.36" "ysfine.com"
207.46.13.134 - - [13/Nov/2022:09:01:01 -0800] "GET /bio/world/trier.html HTTP/1.1" 404 88 "-" "Mozilla/5.0 AppleWebKit/537.36 (KHTML, like Gecko; compatible; bingbot/2.0; +http://www.bing.com/bingbot.htm) Chrome/103.0.5060.134 Safari/537.36" "ysfine.com"
71.178.208.102 - - [13/Nov/2022:09:02:06 -0800] "GET /ys11/ HTTP/1.1" 200 3416 "-" "Mozilla/5.0 (Windows NT 10.0; Win64; x64) AppleWebKit/537.36 (KHTML, like Gecko) Chrome/106.0.5249.168 Safari/537.36" "ysfine.com"
71.178.208.102 - - [13/Nov/2022:09:02:06 -0800] "GET /favicon.ico HTTP/1.1" 404 88 "https://ysfine.com/ys11/" "Mozilla/5.0 (Windows NT 10.0; Win64; x64) AppleWebKit/537.36 (KHTML, like Gecko) Chrome/106.0.5249.168 Safari/537.36" "ysfine.com"
71.178.208.102 - - [13/Nov/2022:09:02:09 -0800] "GET /bio10.html HTTP/1.1" 200 4235 "https://ysfine.com/ys11/" "Mozilla/5.0 (Windows NT 10.0; Win64; x64) AppleWebKit/537.36 (KHTML, like Gecko) Chrome/106.0.5249.168 Safari/537.36" "ysfine.com"
71.178.208.102 - - [13/Nov/2022:09:02:24 -0800] "GET /awards/index.html HTTP/1.1" 304 - "https://ysfine.com/bio10.html" "Mozilla/5.0 (Windows NT 10.0; Win64; x64) AppleWebKit/537.36 (KHTML, like Gecko) Chrome/106.0.5249.168 Safari/537.36" "ysfine.com"
71.178.208.102 - - [13/Nov/2022:09:02:24 -0800] "GET /ysbio/marquis/marq12d.jpg HTTP/1.1" 404 88 "https://ysfine.com/awards/index.html" "Mozilla/5.0 (Windows NT 10.0; Win64; x64) AppleWebKit/537.36 (KHTML, like Gecko) Chrome/106.0.5249.168 Safari/537.36" "ysfine.com"
71.178.208.102 - - [13/Nov/2022:09:02:55 -0800] "GET /home/internal.html HTTP/1.1" 200 2294 "https://ysfine.com/bio10.html" "Mozilla/5.0 (Windows NT 10.0; Win64; x64) AppleWebKit/537.36 (KHTML, like Gecko) Chrome/106.0.5249.168 Safari/537.36" "ysfine.com"
71.178.208.102 - - [13/Nov/2022:09:02:55 -0800] "GET /home/newtgr33f.jpg HTTP/1.1" 200 67055 "https://ysfine.com/home/internal.html" "Mozilla/5.0 (Windows NT 10.0; Win64; x64) AppleWebKit/537.36 (KHTML, like Gecko) Chrome/106.0.5249.168 Safari/537.36" "ysfine.com"
71.178.208.102 - - [13/Nov/2022:09:02:55 -0800] "GET /home/einbohr21f.jpg HTTP/1.1" 200 63190 "https://ysfine.com/home/internal.html" "Mozilla/5.0 (Windows NT 10.0; Win64; x64) AppleWebKit/537.36 (KHTML, like Gecko) Chrome/106.0.5249.168 Safari/537.36" "ysfine.com"
71.178.208.102 - - [13/Nov/2022:09:02:55 -0800] "GET /home/fotos/einbohr11d.jpg HTTP/1.1" 200 63963 "https://ysfine.com/home/internal.html" "Mozilla/5.0 (Windows NT 10.0; Win64; x64) AppleWebKit/537.36 (KHTML, like Gecko) Chrome/106.0.5249.168 Safari/537.36" "ysfine.com"
71.178.208.102 - - [13/Nov/2022:09:03:15 -0800] "GET /bio10a.html HTTP/1.1" 200 12112 "https://ysfine.com/bio10.html" "Mozilla/5.0 (Windows NT 10.0; Win64; x64) AppleWebKit/537.36 (KHTML, like Gecko) Chrome/106.0.5249.168 Safari/537.36" "ysfine.com"
71.178.208.102 - - [13/Nov/2022:09:03:15 -0800] "GET /ewk86f.jpg HTTP/1.1" 404 88 "https://ysfine.com/bio10a.html" "Mozilla/5.0 (Windows NT 10.0; Win64; x64) AppleWebKit/537.36 (KHTML, like Gecko) Chrome/106.0.5249.168 Safari/537.36" "ysfine.com"
71.178.208.102 - - [13/Nov/2022:09:03:15 -0800] "GET /einbohr99f.jpg HTTP/1.1" 404 88 "https://ysfine.com/bio10a.html" "Mozilla/5.0 (Windows NT 10.0; Win64; x64) AppleWebKit/537.36 (KHTML, like Gecko) Chrome/106.0.5249.168 Safari/537.36" "ysfine.com"
71.178.208.102 - - [13/Nov/2022:09:03:15 -0800] "GET /tables/tab11f.jpg HTTP/1.1" 404 88 "https://ysfine.com/bio10a.html" "Mozilla/5.0 (Windows NT 10.0; Win64; x64) AppleWebKit/537.36 (KHTML, like Gecko) Chrome/106.0.5249.168 Safari/537.36" "ysfine.com"
71.178.208.102 - - [13/Nov/2022:09:03:15 -0800] "GET /fig33/einbohr77f.jpg HTTP/1.1" 404 88 "https://ysfine.com/bio10a.html" "Mozilla/5.0 (Windows NT 10.0; Win64; x64) AppleWebKit/537.36 (KHTML, like Gecko) Chrome/106.0.5249.168 Safari/537.36" "ysfine.com"
71.178.208.102 - - [13/Nov/2022:09:03:15 -0800] "GET /tables/tab33f.jpg HTTP/1.1" 404 88 "https://ysfine.com/bio10a.html" "Mozilla/5.0 (Windows NT 10.0; Win64; x64) AppleWebKit/537.36 (KHTML, like Gecko) Chrome/106.0.5249.168 Safari/537.36" "ysfine.com"
71.178.208.102 - - [13/Nov/2022:09:03:15 -0800] "GET /house99c.jpg HTTP/1.1" 404 88 "https://ysfine.com/bio10a.html" "Mozilla/5.0 (Windows NT 10.0; Win64; x64) AppleWebKit/537.36 (KHTML, like Gecko) Chrome/106.0.5249.168 Safari/537.36" "ysfine.com"
71.178.208.102 - - [13/Nov/2022:09:03:15 -0800] "GET /ys2011c.jpg HTTP/1.1" 404 88 "https://ysfine.com/bio10a.html" "Mozilla/5.0 (Windows NT 10.0; Win64; x64) AppleWebKit/537.36 (KHTML, like Gecko) Chrome/106.0.5249.168 Safari/537.36" "ysfine.com"
71.178.208.102 - - [13/Nov/2022:09:03:15 -0800] "GET /family66f.jpg HTTP/1.1" 404 88 "https://ysfine.com/bio10a.html" "Mozilla/5.0 (Windows NT 10.0; Win64; x64) AppleWebKit/537.36 (KHTML, like Gecko) Chrome/106.0.5249.168 Safari/537.36" "ysfine.com"
71.178.208.102 - - [13/Nov/2022:09:03:15 -0800] "GET /fotos/dirac1939c.jpg HTTP/1.1" 200 55599 "https://ysfine.com/bio10a.html" "Mozilla/5.0 (Windows NT 10.0; Win64; x64) AppleWebKit/537.36 (KHTML, like Gecko) Chrome/106.0.5249.168 Safari/537.36" "ysfine.com"
71.178.208.102 - - [13/Nov/2022:09:03:15 -0800] "GET /gongdae54f.jpg HTTP/1.1" 404 88 "https://ysfine.com/bio10a.html" "Mozilla/5.0 (Windows NT 10.0; Win64; x64) AppleWebKit/537.36 (KHTML, like Gecko) Chrome/106.0.5249.168 Safari/537.36" "ysfine.com"
71.178.208.102 - - [13/Nov/2022:09:03:15 -0800] "GET /figs/contrac05f.jpg HTTP/1.1" 200 27323 "https://ysfine.com/bio10a.html" "Mozilla/5.0 (Windows NT 10.0; Win64; x64) AppleWebKit/537.36 (KHTML, like Gecko) Chrome/106.0.5249.168 Safari/537.36" "ysfine.com"
71.178.208.102 - - [13/Nov/2022:09:03:15 -0800] "GET /truck/truck18f.jpg HTTP/1.1" 404 88 "https://ysfine.com/bio10a.html" "Mozilla/5.0 (Windows NT 10.0; Win64; x64) AppleWebKit/537.36 (KHTML, like Gecko) Chrome/106.0.5249.168 Safari/537.36" "ysfine.com"
71.178.208.102 - - [13/Nov/2022:09:03:15 -0800] "GET /figs/dirwig55f.jpg HTTP/1.1" 404 88 "https://ysfine.com/bio10a.html" "Mozilla/5.0 (Windows NT 10.0; Win64; x64) AppleWebKit/537.36 (KHTML, like Gecko) Chrome/106.0.5249.168 Safari/537.36" "ysfine.com"
71.178.208.102 - - [13/Nov/2022:09:03:15 -0800] "GET /kids20f.jpg HTTP/1.1" 404 88 "https://ysfine.com/bio10a.html" "Mozilla/5.0 (Windows NT 10.0; Win64; x64) AppleWebKit/537.36 (KHTML, like Gecko) Chrome/106.0.5249.168 Safari/537.36" "ysfine.com"
71.178.208.102 - - [13/Nov/2022:09:03:15 -0800] "GET /figs/sp2c.jpg HTTP/1.1" 200 29532 "https://ysfine.com/bio10a.html" "Mozilla/5.0 (Windows NT 10.0; Win64; x64) AppleWebKit/537.36 (KHTML, like Gecko) Chrome/106.0.5249.168 Safari/537.36" "ysfine.com"
