77.75.79.119 - - [13/Nov/2022:11:04:41 -0800] "GET /dirac/dirtop.html HTTP/1.1" 304 - "-" "Mozilla/5.0 (compatible; SeznamBot/4.0-RC1; +http://napoveda.seznam.cz/seznambot-intro/)" "ysfine.com"
38.126.157.40 - - [13/Nov/2022:11:04:57 -0800] "GET /newyork/greenw11c.jpg HTTP/1.1" 200 41652 "-" "Mozilla/5.0 (compatible; FemtosearchBot/1.0; http://femtosearch.com)" "ysfine.com"
38.126.157.40 - - [13/Nov/2022:11:04:57 -0800] "GET /friends/airlines.html HTTP/1.1" 404 88 "-" "Mozilla/5.0 (compatible; FemtosearchBot/1.0; http://femtosearch.com)" "ysfine.com"
38.126.157.40 - - [13/Nov/2022:11:04:57 -0800] "GET /style/jpsingap01b.jpg HTTP/1.1" 200 52443 "-" "Mozilla/5.0 (compatible; FemtosearchBot/1.0; http://femtosearch.com)" "ysfine.com"
38.126.157.40 - - [13/Nov/2022:11:04:57 -0800] "GET /newyork/greenw02c.jpg HTTP/1.1" 200 29400 "-" "Mozilla/5.0 (compatible; FemtosearchBot/1.0; http://femtosearch.com)" "ysfine.com"
38.126.157.40 - - [13/Nov/2022:11:04:57 -0800] "GET /class54/ellipse53.jpg HTTP/1.1" 200 131169 "-" "Mozilla/5.0 (compatible; FemtosearchBot/1.0; http://femtosearch.com)" "ysfine.com"
38.126.157.40 - - [13/Nov/2022:11:04:57 -0800] "GET /ffriends/russny01.jpg HTTP/1.1" 200 86248 "-" "Mozilla/5.0 (compatible; FemtosearchBot/1.0; http://femtosearch.com)" "ysfine.com"
38.126.157.40 - - [13/Nov/2022:11:04:57 -0800] "GET /world/russ/gatf03.jpg HTTP/1.1" 200 98205 "-" "Mozilla/5.0 (compatible; FemtosearchBot/1.0; http://femtosearch.com)" "ysfine.com"
38.126.157.40 - - [13/Nov/2022:11:04:58 -0800] "GET /world/russ/itep44.jpg HTTP/1.1" 200 120765 "-" "Mozilla/5.0 (compatible; FemtosearchBot/1.0; http://femtosearch.com)" "ysfine.com"
114.119.128.14 - - [13/Nov/2022:11:04:58 -0800] "GET /class54/class5470/total_data/sub_706.htm HTTP/1.1" 200 3299 "https://ysfine.com/class54/class5470/total_data/sub_719.htm" "Mozilla/5.0 (Linux; Android 7.0;) AppleWebKit/537.36 (KHTML, like Gecko) Mobile Safari/537.36 (compatible; PetalBot;+https://webmaster.petalsearch.com/site/petalbot)" "ysfine.com"
54.36.148.110 - - [13/Nov/2022:11:06:16 -0800] "GET /robots.txt HTTP/1.1" 404 88 "-" "Mozilla/5.0 (compatible; AhrefsBot/7.0; +http://ahrefs.com/robot/)" "www.ysfine.com"
157.55.39.76 - - [13/Nov/2022:11:06:40 -0800] "GET /bio/style/artlove.html HTTP/1.1" 404 88 "-" "Mozilla/5.0 (compatible; bingbot/2.0; +http://www.bing.com/bingbot.htm)" "ysfine.com"
157.55.39.76 - - [13/Nov/2022:11:06:40 -0800] "GET /bio/harmoarchi.html HTTP/1.1" 404 88 "-" "Mozilla/5.0 AppleWebKit/537.36 (KHTML, like Gecko; compatible; bingbot/2.0; +http://www.bing.com/bingbot.htm) Chrome/103.0.5060.134 Safari/537.36" "ysfine.com"
157.55.39.76 - - [13/Nov/2022:11:06:40 -0800] "GET /bio/kobak/yskor.html HTTP/1.1" 404 88 "-" "Mozilla/5.0 (compatible; bingbot/2.0; +http://www.bing.com/bingbot.htm)" "ysfine.com"
220.181.108.114 - - [13/Nov/2022:11:06:52 -0800] "GET /world/france/hugobes01b.jpg HTTP/1.1" 200 64439 "-" "Mozilla/5.0 (compatible; Baiduspider/2.0; +http://www.baidu.com/search/spider.html)" "www.ysfine.com"
220.181.51.85 - - [13/Nov/2022:11:06:53 -0800] "GET /robots.txt HTTP/1.1" 404 88 "-" "Mozilla/5.0 (Windows NT 10.0; WOW64) AppleWebKit/537.36 (KHTML, like Gecko) Chrome/48.0.2564.116 Safari/537.36" "www.ysfine.com"
220.181.51.118 - - [13/Nov/2022:11:06:53 -0800] "GET /robots.txt HTTP/1.1" 404 88 "-" "Mozilla/5.0 (Windows NT 10.0; WOW64) AppleWebKit/537.36 (KHTML, like Gecko) Chrome/48.0.2564.116 Safari/537.36" "www.ysfine.com"
200.89.170.96 - - [13/Nov/2022:11:07:15 -0800] "GET /einstein/einplanck3.jpg HTTP/1.1" 200 37784 "https://www.google.com/" "Mozilla/5.0 (Windows NT 6.3; Win64; x64) AppleWebKit/537.36 (KHTML, like Gecko) Chrome/107.0.0.0 Safari/537.36" "ysfine.com"
23.94.219.189 - - [13/Nov/2022:11:07:52 -0800] "GET /world/russ/mosf04.jpg HTTP/1.1" 200 77947 "https://mavink.com/" "Mozilla/5.0 (Windows NT 10.0; Win64; x64) AppleWebKit/537.36 (KHTML, like Gecko) Chrome/107.0.0.0 Safari/537.36" "ysfine.com"
38.126.157.40 - - [13/Nov/2022:11:09:18 -0800] "GET /newyork/radioci02.jpg HTTP/1.1" 200 96971 "-" "Mozilla/5.0 (compatible; FemtosearchBot/1.0; http://femtosearch.com)" "ysfine.com"
38.126.157.40 - - [13/Nov/2022:11:09:18 -0800] "GET /princeton/hyatt44.jpg HTTP/1.1" 200 84630 "-" "Mozilla/5.0 (compatible; FemtosearchBot/1.0; http://femtosearch.com)" "ysfine.com"
38.126.157.40 - - [13/Nov/2022:11:09:18 -0800] "GET /maga/phys/farad16.jpg HTTP/1.1" 200 87824 "-" "Mozilla/5.0 (compatible; FemtosearchBot/1.0; http://femtosearch.com)" "ysfine.com"
38.126.157.40 - - [13/Nov/2022:11:09:18 -0800] "GET /ffriends/malay02b.jpg HTTP/1.1" 200 41015 "-" "Mozilla/5.0 (compatible; FemtosearchBot/1.0; http://femtosearch.com)" "ysfine.com"
38.126.157.40 - - [13/Nov/2022:11:09:18 -0800] "GET /usca/norl/missi34.jpg HTTP/1.1" 200 88420 "-" "Mozilla/5.0 (compatible; FemtosearchBot/1.0; http://femtosearch.com)" "ysfine.com"
38.126.157.40 - - [13/Nov/2022:11:09:18 -0800] "GET /ysbio/harmoarchi.html HTTP/1.1" 404 88 "-" "Mozilla/5.0 (compatible; FemtosearchBot/1.0; http://femtosearch.com)" "ysfine.com"
38.126.157.40 - - [13/Nov/2022:11:09:18 -0800] "GET /newyork/tournau11.jpg HTTP/1.1" 200 100370 "-" "Mozilla/5.0 (compatible; FemtosearchBot/1.0; http://femtosearch.com)" "ysfine.com"
38.126.157.40 - - [13/Nov/2022:11:09:19 -0800] "GET /princeton/markpal.jpg HTTP/1.1" 200 121208 "-" "Mozilla/5.0 (compatible; FemtosearchBot/1.0; http://femtosearch.com)" "ysfine.com"
49.7.21.97 - - [13/Nov/2022:11:10:24 -0800] "GET / HTTP/1.1" 200 5283 "-" "Sogou web spider/4.0(+http://www.sogou.com/docs/help/webmasters.htm#07)" "ysfine.com"
157.55.39.6 - - [13/Nov/2022:11:11:16 -0800] "GET /bio/awards/iao.html HTTP/1.1" 404 88 "-" "Mozilla/5.0 (compatible; bingbot/2.0; +http://www.bing.com/bingbot.htm)" "ysfine.com"
40.77.167.71 - - [13/Nov/2022:11:11:31 -0800] "GET /bio/wigner/wigpoinc.html HTTP/1.1" 404 88 "-" "Mozilla/5.0 AppleWebKit/537.36 (KHTML, like Gecko; compatible; bingbot/2.0; +http://www.bing.com/bingbot.htm) Chrome/103.0.5060.134 Safari/537.36" "ysfine.com"
40.77.167.27 - - [13/Nov/2022:11:11:54 -0800] "GET /ysbio/wdc/kopol.html HTTP/1.1" 404 88 "-" "Mozilla/5.0 AppleWebKit/537.36 (KHTML, like Gecko; compatible; bingbot/2.0; +http://www.bing.com/bingbot.htm) Chrome/103.0.5060.134 Safari/537.36" "ysfine.com"
157.55.39.76 - - [13/Nov/2022:11:12:00 -0800] "GET /bio/feynman/fthtop.html HTTP/1.1" 404 88 "-" "Mozilla/5.0 (compatible; bingbot/2.0; +http://www.bing.com/bingbot.htm)" "ysfine.com"
157.55.39.129 - - [13/Nov/2022:11:12:26 -0800] "GET /bio/style/rieu.html HTTP/1.1" 404 88 "-" "Mozilla/5.0 AppleWebKit/537.36 (KHTML, like Gecko; compatible; bingbot/2.0; +http://www.bing.com/bingbot.htm) Chrome/103.0.5060.134 Safari/537.36" "ysfine.com"
207.46.13.134 - - [13/Nov/2022:11:12:54 -0800] "GET /bio/princeton/campus.html HTTP/1.1" 404 88 "-" "Mozilla/5.0 (compatible; bingbot/2.0; +http://www.bing.com/bingbot.htm)" "ysfine.com"
207.46.13.134 - - [13/Nov/2022:11:12:55 -0800] "GET /bio/easy.html HTTP/1.1" 404 88 "-" "Mozilla/5.0 AppleWebKit/537.36 (KHTML, like Gecko; compatible; bingbot/2.0; +http://www.bing.com/bingbot.htm) Chrome/103.0.5060.134 Safari/537.36" "ysfine.com"
38.126.157.40 - - [13/Nov/2022:11:13:45 -0800] "GET /wisdom/tolstoy97b.jpg HTTP/1.1" 200 46981 "-" "Mozilla/5.0 (compatible; FemtosearchBot/1.0; http://femtosearch.com)" "ysfine.com"
38.126.157.40 - - [13/Nov/2022:11:13:45 -0800] "GET /world/russ/mosf54.jpg HTTP/1.1" 200 205674 "-" "Mozilla/5.0 (compatible; FemtosearchBot/1.0; http://femtosearch.com)" "ysfine.com"
38.126.157.40 - - [13/Nov/2022:11:13:45 -0800] "GET /world/brit/tower.html HTTP/1.1" 200 323 "-" "Mozilla/5.0 (compatible; FemtosearchBot/1.0; http://femtosearch.com)" "ysfine.com"
38.126.157.40 - - [13/Nov/2022:11:13:45 -0800] "GET /sbk/2017berlin01c.jpg HTTP/1.1" 200 37222 "-" "Mozilla/5.0 (compatible; FemtosearchBot/1.0; http://femtosearch.com)" "ysfine.com"
38.126.157.40 - - [13/Nov/2022:11:13:45 -0800] "GET /world/russ/spbf02.jpg HTTP/1.1" 200 113385 "-" "Mozilla/5.0 (compatible; FemtosearchBot/1.0; http://femtosearch.com)" "ysfine.com"
38.126.157.40 - - [13/Nov/2022:11:13:46 -0800] "GET /ffriends/taiwan02.jpg HTTP/1.1" 200 157077 "-" "Mozilla/5.0 (compatible; FemtosearchBot/1.0; http://femtosearch.com)" "ysfine.com"
38.126.157.40 - - [13/Nov/2022:11:13:46 -0800] "GET /ffriends/spastu02.jpg HTTP/1.1" 200 148463 "-" "Mozilla/5.0 (compatible; FemtosearchBot/1.0; http://femtosearch.com)" "ysfine.com"
38.126.157.40 - - [13/Nov/2022:11:13:46 -0800] "GET /princeton/antique.jpg HTTP/1.1" 200 107996 "-" "Mozilla/5.0 (compatible; FemtosearchBot/1.0; http://femtosearch.com)" "ysfine.com"
114.119.128.158 - - [13/Nov/2022:11:14:10 -0800] "GET /class54/class5470/total_data/sub_374.htm HTTP/1.1" 200 3328 "https://ysfine.com/class54/class5470/total_data/sub_366.htm" "Mozilla/5.0 (Linux; Android 7.0;) AppleWebKit/537.36 (KHTML, like Gecko) Mobile Safari/537.36 (compatible; PetalBot;+https://webmaster.petalsearch.com/site/petalbot)" "ysfine.com"
40.77.167.71 - - [13/Nov/2022:11:14:23 -0800] "GET /bio/genea.html HTTP/1.1" 404 88 "-" "Mozilla/5.0 (compatible; bingbot/2.0; +http://www.bing.com/bingbot.htm)" "ysfine.com"
157.55.39.129 - - [13/Nov/2022:11:14:36 -0800] "GET /bio/eink/buythisbook.html HTTP/1.1" 404 88 "-" "Mozilla/5.0 AppleWebKit/537.36 (KHTML, like Gecko; compatible; bingbot/2.0; +http://www.bing.com/bingbot.htm) Chrome/103.0.5060.134 Safari/537.36" "ysfine.com"
5.90.152.240 - - [13/Nov/2022:11:15:08 -0800] "GET /feynman/feydirac.jpg HTTP/1.1" 200 98378 "https://www.google.it/" "Mozilla/5.0 (Macintosh; Intel Mac OS X 10_15_6) AppleWebKit/605.1.15 (KHTML, like Gecko) Version/15.6,2 Safari/605.1.15" "ysfine.com"
62.87.103.242 - - [13/Nov/2022:11:16:57 -0800] "GET /wigner/wigner39.pdf HTTP/1.1" 200 1398440 "-" "Mozilla/5.0 (Windows NT 10.0; Win64; x64) AppleWebKit/537.36 (KHTML, like Gecko) Chrome/107.0.0.0 Safari/537.36" "ysfine.com"
62.87.103.242 - - [13/Nov/2022:11:16:57 -0800] "GET /favicon.ico HTTP/1.1" 404 88 "https://ysfine.com/wigner/wigner39.pdf" "Mozilla/5.0 (Windows NT 10.0; Win64; x64) AppleWebKit/537.36 (KHTML, like Gecko) Chrome/107.0.0.0 Safari/537.36" "ysfine.com"
157.55.39.6 - - [13/Nov/2022:11:16:57 -0800] "GET /bio/einstein/bern.html HTTP/1.1" 404 88 "-" "Mozilla/5.0 (compatible; bingbot/2.0; +http://www.bing.com/bingbot.htm)" "ysfine.com"
157.55.39.76 - - [13/Nov/2022:11:17:02 -0800] "GET /bio/bio07.html HTTP/1.1" 404 88 "-" "Mozilla/5.0 AppleWebKit/537.36 (KHTML, like Gecko; compatible; bingbot/2.0; +http://www.bing.com/bingbot.htm) Chrome/103.0.5060.134 Safari/537.36" "ysfine.com"
20.208.44.212 - - [13/Nov/2022:11:17:10 -0800] "GET /dup-installer/main.installer.php HTTP/1.1" 404 88 "http://ysfine.com/dup-installer/main.installer.php" "-" "ysfine.com"
157.55.39.76 - - [13/Nov/2022:11:17:22 -0800] "GET /bio/yshome.html HTTP/1.1" 404 88 "-" "Mozilla/5.0 (compatible; bingbot/2.0; +http://www.bing.com/bingbot.htm)" "ysfine.com"
157.55.39.129 - - [13/Nov/2022:11:17:57 -0800] "GET /bio/optics.html HTTP/1.1" 404 88 "-" "Mozilla/5.0 AppleWebKit/537.36 (KHTML, like Gecko; compatible; bingbot/2.0; +http://www.bing.com/bingbot.htm) Chrome/103.0.5060.134 Safari/537.36" "ysfine.com"
38.126.157.40 - - [13/Nov/2022:11:18:16 -0800] "GET /world/brit/cam25b.jpg HTTP/1.1" 200 39657 "-" "Mozilla/5.0 (compatible; FemtosearchBot/1.0; http://femtosearch.com)" "ysfine.com"
38.126.157.40 - - [13/Nov/2022:11:18:16 -0800] "GET /world/russ/gatf17.jpg HTTP/1.1" 200 108585 "-" "Mozilla/5.0 (compatible; FemtosearchBot/1.0; http://femtosearch.com)" "ysfine.com"
38.126.157.40 - - [13/Nov/2022:11:18:16 -0800] "GET /world/russ/msu11b.jpg HTTP/1.1" 200 50470 "-" "Mozilla/5.0 (compatible; FemtosearchBot/1.0; http://femtosearch.com)" "ysfine.com"
38.126.157.40 - - [13/Nov/2022:11:18:16 -0800] "GET /world/russ/spbf46.jpg HTTP/1.1" 200 62866 "-" "Mozilla/5.0 (compatible; FemtosearchBot/1.0; http://femtosearch.com)" "ysfine.com"
38.126.157.40 - - [13/Nov/2022:11:18:17 -0800] "GET /world/russ/mosf55.jpg HTTP/1.1" 200 199864 "-" "Mozilla/5.0 (compatible; FemtosearchBot/1.0; http://femtosearch.com)" "ysfine.com"
38.126.157.40 - - [13/Nov/2022:11:18:17 -0800] "GET /world/russ/krem11.jpg HTTP/1.1" 200 242736 "-" "Mozilla/5.0 (compatible; FemtosearchBot/1.0; http://femtosearch.com)" "ysfine.com"
38.126.157.40 - - [13/Nov/2022:11:18:17 -0800] "GET /wigner/gim/gimn03.jpg HTTP/1.1" 200 109865 "-" "Mozilla/5.0 (compatible; FemtosearchBot/1.0; http://femtosearch.com)" "ysfine.com"
38.126.157.40 - - [13/Nov/2022:11:18:17 -0800] "GET /ffriends/britny01.jpg HTTP/1.1" 200 110285 "-" "Mozilla/5.0 (compatible; FemtosearchBot/1.0; http://femtosearch.com)" "ysfine.com"
20.239.146.102 - - [13/Nov/2022:11:19:17 -0800] "GET /e/data/js/ajax.js HTTP/1.1" 404 88 "-" "Mozilla/5.0 (Windows NT 10.0; WOW64; rv:48.0) Gecko/20100101 Firefox/48.0" "ysfine.com"
51.222.253.16 - - [13/Nov/2022:11:20:32 -0800] "GET / HTTP/1.1" 200 5283 "-" "Mozilla/5.0 (compatible; AhrefsBot/7.0; +http://ahrefs.com/robot/)" "www.ysfine.com"
68.36.106.203 - - [13/Nov/2022:11:20:32 -0800] "GET /world/russ/kazanmap22.jpg HTTP/1.1" 200 129761 "https://images.search.yahoo.com/search/images;_ylt=AwrFAGdpQ3Fjny4xxQxXNyoA;_ylu=Y29sbwNiZjEEcG9zAzIEdnRpZAMEc2VjA3Nj?p=kazan+russia+on+map&fr=mcafee" "Mozilla/5.0 (Windows NT 10.0; Win64; x64) AppleWebKit/537.36 (KHTML, like Gecko) Chrome/107.0.0.0 Safari/537.36" "www.ysfine.com"
216.244.66.229 - - [13/Nov/2022:11:20:35 -0800] "GET /ffriends/amkor/jasny02.jpg HTTP/1.1" 200 91048 "-" "Mozilla/5.0 (compatible; DotBot/1.2; +https://opensiteexplorer.org/dotbot; help@moz.com)" "ysfine.com"
216.244.66.229 - - [13/Nov/2022:11:20:58 -0800] "GET /ffriends/amkor/jpbeijing.jpg HTTP/1.1" 200 87424 "-" "Mozilla/5.0 (compatible; DotBot/1.2; +https://opensiteexplorer.org/dotbot; help@moz.com)" "ysfine.com"
157.55.39.6 - - [13/Nov/2022:11:21:28 -0800] "GET /bio/style/leica.html HTTP/1.1" 404 88 "-" "Mozilla/5.0 AppleWebKit/537.36 (KHTML, like Gecko; compatible; bingbot/2.0; +http://www.bing.com/bingbot.htm) Chrome/103.0.5060.134 Safari/537.36" "ysfine.com"
216.244.66.229 - - [13/Nov/2022:11:21:39 -0800] "GET /class54/patti11.jpg HTTP/1.1" 200 54499 "-" "Mozilla/5.0 (compatible; DotBot/1.2; +https://opensiteexplorer.org/dotbot; help@moz.com)" "ysfine.com"
77.88.5.45 - - [13/Nov/2022:11:21:56 -0800] "GET /einstein/places/ulm32.jpg HTTP/1.1" 200 91482 "-" "Mozilla/5.0 (compatible; YandexImages/3.0; +http://yandex.com/bots)" "www.ysfine.com"
216.244.66.229 - - [13/Nov/2022:11:22:11 -0800] "GET /eink/comet50.jpg HTTP/1.1" 200 148870 "-" "Mozilla/5.0 (compatible; DotBot/1.2; +https://opensiteexplorer.org/dotbot; help@moz.com)" "ysfine.com"
38.126.157.40 - - [13/Nov/2022:11:22:42 -0800] "GET /world/brit/bank13.jpg HTTP/1.1" 200 123619 "-" "Mozilla/5.0 (compatible; FemtosearchBot/1.0; http://femtosearch.com)" "ysfine.com"
38.126.157.40 - - [13/Nov/2022:11:22:42 -0800] "GET /newyork/tournau33.jpg HTTP/1.1" 200 223229 "-" "Mozilla/5.0 (compatible; FemtosearchBot/1.0; http://femtosearch.com)" "ysfine.com"
38.126.157.40 - - [13/Nov/2022:11:22:42 -0800] "GET /wigner/gim/gimn00.jpg HTTP/1.1" 200 115301 "-" "Mozilla/5.0 (compatible; FemtosearchBot/1.0; http://femtosearch.com)" "ysfine.com"
38.126.157.40 - - [13/Nov/2022:11:22:42 -0800] "GET /wigner/gim/gimn22.jpg HTTP/1.1" 200 109345 "-" "Mozilla/5.0 (compatible; FemtosearchBot/1.0; http://femtosearch.com)" "ysfine.com"
38.126.157.40 - - [13/Nov/2022:11:22:42 -0800] "GET /world/ital/italtv.jpg HTTP/1.1" 200 290305 "-" "Mozilla/5.0 (compatible; FemtosearchBot/1.0; http://femtosearch.com)" "ysfine.com"
38.126.157.40 - - [13/Nov/2022:11:22:42 -0800] "GET /kowar/yicheols01b.jpg HTTP/1.1" 200 43514 "-" "Mozilla/5.0 (compatible; FemtosearchBot/1.0; http://femtosearch.com)" "ysfine.com"
38.126.157.40 - - [13/Nov/2022:11:22:42 -0800] "GET /ffriends/armen01b.jpg HTTP/1.1" 200 54191 "-" "Mozilla/5.0 (compatible; FemtosearchBot/1.0; http://femtosearch.com)" "ysfine.com"
38.126.157.40 - - [13/Nov/2022:11:22:43 -0800] "GET /feynman/restof05b.jpg HTTP/1.1" 200 20819 "-" "Mozilla/5.0 (compatible; FemtosearchBot/1.0; http://femtosearch.com)" "ysfine.com"
157.55.39.76 - - [13/Nov/2022:11:22:54 -0800] "GET /ysbio/folks/fdw.html HTTP/1.1" 404 88 "-" "Mozilla/5.0 (compatible; bingbot/2.0; +http://www.bing.com/bingbot.htm)" "ysfine.com"
84.30.116.86 - - [13/Nov/2022:11:23:33 -0800] "GET /maga/histo/desiree21.jpg HTTP/1.1" 200 91829 "https://www.google.nl/" "Mozilla/5.0 (iPhone; CPU iPhone OS 15_7 like Mac OS X) AppleWebKit/605.1.15 (KHTML, like Gecko) Version/15.6,2 Mobile/15E148 Safari/604.1" "ysfine.com"
157.55.39.6 - - [13/Nov/2022:11:23:37 -0800] "GET /bio/kobak/namdae.html HTTP/1.1" 404 88 "-" "Mozilla/5.0 (compatible; bingbot/2.0; +http://www.bing.com/bingbot.htm)" "ysfine.com"
84.30.116.86 - - [13/Nov/2022:11:23:46 -0800] "GET /maga/histo/desiree23.jpg HTTP/1.1" 200 85900 "https://www.google.nl/" "Mozilla/5.0 (iPhone; CPU iPhone OS 15_7 like Mac OS X) AppleWebKit/605.1.15 (KHTML, like Gecko) Version/15.6,2 Mobile/15E148 Safari/604.1" "ysfine.com"
216.244.66.229 - - [13/Nov/2022:11:24:44 -0800] "GET /class54/cancan11.jpg HTTP/1.1" 200 183174 "-" "Mozilla/5.0 (compatible; DotBot/1.2; +https://opensiteexplorer.org/dotbot; help@moz.com)" "ysfine.com"
216.244.66.229 - - [13/Nov/2022:11:25:35 -0800] "GET /ffriends/pollon01.jpg HTTP/1.1" 200 85419 "-" "Mozilla/5.0 (compatible; DotBot/1.2; +https://opensiteexplorer.org/dotbot; help@moz.com)" "ysfine.com"
157.55.39.129 - - [13/Nov/2022:11:25:37 -0800] "GET /bio/world/kalinin22.html HTTP/1.1" 404 88 "-" "Mozilla/5.0 AppleWebKit/537.36 (KHTML, like Gecko; compatible; bingbot/2.0; +http://www.bing.com/bingbot.htm) Chrome/103.0.5060.134 Safari/537.36" "ysfine.com"
5.90.152.240 - - [13/Nov/2022:11:25:43 -0800] "GET /maga/phys/yukafeyn.jpg HTTP/1.1" 200 111167 "https://www.google.it/" "Mozilla/5.0 (Macintosh; Intel Mac OS X 10_15_6) AppleWebKit/605.1.15 (KHTML, like Gecko) Version/15.6,2 Safari/605.1.15" "ysfine.com"
95.163.255.61 - - [13/Nov/2022:11:26:12 -0800] "GET /robots.txt HTTP/1.1" 404 73 "-" "Mozilla/5.0 (compatible; Linux x86_64; Mail.RU_Bot/Img/2.0; +https://help.mail.ru/webmaster/indexing/robots)" "www.ysfine.com"
81.110.237.128 - - [13/Nov/2022:11:26:21 -0800] "GET /maga/histo/oscar33.jpg HTTP/1.1" 200 140181 "https://www.google.com/" "Mozilla/5.0 (Windows NT 10.0; Win64; x64) AppleWebKit/537.36 (KHTML, like Gecko) Chrome/107.0.0.0 Safari/537.36" "ysfine.com"
216.244.66.229 - - [13/Nov/2022:11:26:25 -0800] "GET /ffriends/iran01.jpg HTTP/1.1" 200 71647 "-" "Mozilla/5.0 (compatible; DotBot/1.2; +https://opensiteexplorer.org/dotbot; help@moz.com)" "ysfine.com"
51.222.253.3 - - [13/Nov/2022:11:26:51 -0800] "GET / HTTP/1.1" 200 5283 "-" "Mozilla/5.0 (compatible; AhrefsBot/7.0; +http://ahrefs.com/robot/)" "ysfine.com"
157.55.39.76 - - [13/Nov/2022:11:27:03 -0800] "GET /bio/sbk/1950.html HTTP/1.1" 404 88 "-" "Mozilla/5.0 (compatible; bingbot/2.0; +http://www.bing.com/bingbot.htm)" "ysfine.com"
207.46.13.134 - - [13/Nov/2022:11:27:07 -0800] "GET /bio/pquartet.html HTTP/1.1" 404 88 "-" "Mozilla/5.0 (compatible; bingbot/2.0; +http://www.bing.com/bingbot.htm)" "ysfine.com"
38.126.157.40 - - [13/Nov/2022:11:27:22 -0800] "GET /newyork/metlife03.jpg HTTP/1.1" 200 196151 "-" "Mozilla/5.0 (compatible; FemtosearchBot/1.0; http://femtosearch.com)" "ysfine.com"
38.126.157.40 - - [13/Nov/2022:11:27:22 -0800] "GET /world/russ/krem24.jpg HTTP/1.1" 200 126469 "-" "Mozilla/5.0 (compatible; FemtosearchBot/1.0; http://femtosearch.com)" "ysfine.com"
38.126.157.40 - - [13/Nov/2022:11:27:22 -0800] "GET /world/russ/spbf10.jpg HTTP/1.1" 200 200909 "-" "Mozilla/5.0 (compatible; FemtosearchBot/1.0; http://femtosearch.com)" "ysfine.com"
38.126.157.40 - - [13/Nov/2022:11:27:22 -0800] "GET /ffriends/mexmodel.jpg HTTP/1.1" 200 147687 "-" "Mozilla/5.0 (compatible; FemtosearchBot/1.0; http://femtosearch.com)" "ysfine.com"
38.126.157.40 - - [13/Nov/2022:11:27:22 -0800] "GET /wigner/gim/gimn05.jpg HTTP/1.1" 200 80658 "-" "Mozilla/5.0 (compatible; FemtosearchBot/1.0; http://femtosearch.com)" "ysfine.com"
38.126.157.40 - - [13/Nov/2022:11:27:23 -0800] "GET /world/russ/spbf49.jpg HTTP/1.1" 200 97602 "-" "Mozilla/5.0 (compatible; FemtosearchBot/1.0; http://femtosearch.com)" "ysfine.com"
38.126.157.40 - - [13/Nov/2022:11:27:24 -0800] "GET /world/russ/krem09.jpg HTTP/1.1" 200 102475 "-" "Mozilla/5.0 (compatible; FemtosearchBot/1.0; http://femtosearch.com)" "ysfine.com"
38.126.157.40 - - [13/Nov/2022:11:27:24 -0800] "GET /princeton/pumu11b.jpg HTTP/1.1" 200 46659 "-" "Mozilla/5.0 (compatible; FemtosearchBot/1.0; http://femtosearch.com)" "ysfine.com"
114.119.128.142 - - [13/Nov/2022:11:27:53 -0800] "GET /dirac/dirackn33.html HTTP/1.1" 200 438 "https://www.ysfine.com/dirac/dirfeyn.html" "Mozilla/5.0 (Linux; Android 7.0;) AppleWebKit/537.36 (KHTML, like Gecko) Mobile Safari/537.36 (compatible; PetalBot;+https://webmaster.petalsearch.com/site/petalbot)" "www.ysfine.com"
40.77.167.71 - - [13/Nov/2022:11:29:34 -0800] "GET /bio/bio10.html HTTP/1.1" 404 88 "-" "Mozilla/5.0 AppleWebKit/537.36 (KHTML, like Gecko; compatible; bingbot/2.0; +http://www.bing.com/bingbot.htm) Chrome/103.0.5060.134 Safari/537.36" "ysfine.com"
114.119.152.196 - - [13/Nov/2022:11:29:35 -0800] "GET /robots.txt HTTP/1.1" 404 88 "-" "Mozilla/5.0 (compatible;PetalBot;+https://webmaster.petalsearch.com/site/petalbot)" "www.ysfine.com"
105.112.129.146 - - [13/Nov/2022:11:29:44 -0800] "GET /world/polandp.html HTTP/1.1" 200 5412 "-" "Mozilla/5.0 (Windows NT 10.0; Win64; x64; rv:102.0) Gecko/20100101 Firefox/102.0" "ysfine.com"
69.137.48.19 - - [13/Nov/2022:11:30:34 -0800] "GET /wdc/gtown03.jpg HTTP/1.1" 200 179412 "https://forevericeswirls.blogspot.com/" "Mozilla/5.0 (Windows NT 10.0; Win64; x64) AppleWebKit/537.36 (KHTML, like Gecko) Chrome/107.0.0.0 Safari/537.36" "ysfine.com"
207.46.13.134 - - [13/Nov/2022:11:30:46 -0800] "GET /bio/wigner/e(2).html HTTP/1.1" 404 88 "-" "Mozilla/5.0 AppleWebKit/537.36 (KHTML, like Gecko; compatible; bingbot/2.0; +http://www.bing.com/bingbot.htm) Chrome/103.0.5060.134 Safari/537.36" "ysfine.com"
157.55.39.6 - - [13/Nov/2022:11:30:51 -0800] "GET /bio/bio06.html HTTP/1.1" 404 88 "-" "Mozilla/5.0 (compatible; bingbot/2.0; +http://www.bing.com/bingbot.htm)" "ysfine.com"
40.77.167.27 - - [13/Nov/2022:11:31:19 -0800] "GET /einstein/einleft.html HTTP/1.1" 200 735 "-" "Mozilla/5.0 (compatible; bingbot/2.0; +http://www.bing.com/bingbot.htm)" "www.ysfine.com"
207.46.13.134 - - [13/Nov/2022:11:31:19 -0800] "GET /einstein/einkim.html HTTP/1.1" 200 3731 "-" "Mozilla/5.0 AppleWebKit/537.36 (KHTML, like Gecko; compatible; bingbot/2.0; +http://www.bing.com/bingbot.htm) Chrome/103.0.5060.134 Safari/537.36" "www.ysfine.com"
38.126.157.40 - - [13/Nov/2022:11:31:57 -0800] "GET /philo/kanthegel02.jpg HTTP/1.1" 200 179144 "-" "Mozilla/5.0 (compatible; FemtosearchBot/1.0; http://femtosearch.com)" "ysfine.com"
38.126.157.40 - - [13/Nov/2022:11:31:57 -0800] "GET /usca/norl/napo15b.jpg HTTP/1.1" 200 30847 "-" "Mozilla/5.0 (compatible; FemtosearchBot/1.0; http://femtosearch.com)" "ysfine.com"
38.126.157.40 - - [13/Nov/2022:11:31:58 -0800] "GET /newyork/radioci06.jpg HTTP/1.1" 200 170657 "-" "Mozilla/5.0 (compatible; FemtosearchBot/1.0; http://femtosearch.com)" "ysfine.com"
38.126.157.40 - - [13/Nov/2022:11:31:58 -0800] "GET /world/russ/mosf63.jpg HTTP/1.1" 200 256950 "-" "Mozilla/5.0 (compatible; FemtosearchBot/1.0; http://femtosearch.com)" "ysfine.com"
38.126.157.40 - - [13/Nov/2022:11:31:58 -0800] "GET /world/brit/bank05.jpg HTTP/1.1" 200 164383 "-" "Mozilla/5.0 (compatible; FemtosearchBot/1.0; http://femtosearch.com)" "ysfine.com"
38.126.157.40 - - [13/Nov/2022:11:31:58 -0800] "GET /princeton/hyatt66.jpg HTTP/1.1" 200 100380 "-" "Mozilla/5.0 (compatible; FemtosearchBot/1.0; http://femtosearch.com)" "ysfine.com"
38.126.157.40 - - [13/Nov/2022:11:31:58 -0800] "GET /princeton/dulles.html HTTP/1.1" 200 2700 "-" "Mozilla/5.0 (compatible; FemtosearchBot/1.0; http://femtosearch.com)" "ysfine.com"
38.126.157.40 - - [13/Nov/2022:11:32:00 -0800] "GET /usca/norl/napo01b.jpg HTTP/1.1" 200 42328 "-" "Mozilla/5.0 (compatible; FemtosearchBot/1.0; http://femtosearch.com)" "ysfine.com"
40.77.167.71 - - [13/Nov/2022:11:32:03 -0800] "GET /bio/feynman/partons.html HTTP/1.1" 404 88 "-" "Mozilla/5.0 AppleWebKit/537.36 (KHTML, like Gecko; compatible; bingbot/2.0; +http://www.bing.com/bingbot.htm) Chrome/103.0.5060.134 Safari/537.36" "ysfine.com"
51.222.253.17 - - [13/Nov/2022:11:32:36 -0800] "GET /remote/wigner111/frame16.html HTTP/1.1" 200 862 "-" "Mozilla/5.0 (compatible; AhrefsBot/7.0; +http://ahrefs.com/robot/)" "ysfine.com"
216.244.66.229 - - [13/Nov/2022:11:33:47 -0800] "GET /ffriends/braztall.jpg HTTP/1.1" 200 75841 "-" "Mozilla/5.0 (compatible; DotBot/1.2; +https://opensiteexplorer.org/dotbot; help@moz.com)" "ysfine.com"
157.55.39.6 - - [13/Nov/2022:11:33:58 -0800] "GET /bio/world/leipzig.html HTTP/1.1" 404 88 "-" "Mozilla/5.0 (compatible; bingbot/2.0; +http://www.bing.com/bingbot.htm)" "ysfine.com"
20.109.101.102 - - [13/Nov/2022:11:33:59 -0800] "GET /wp-login.php HTTP/1.1" 404 88 "http://ysfine.com/wp-login.php" "Mozilla/5.0 (Windows NT 10.0; Win64; x64; rv:96.0) Gecko/20100101 Firefox/96" "ysfine.com"
216.244.66.229 - - [13/Nov/2022:11:34:27 -0800] "GET /ffriends/dubai01.jpg HTTP/1.1" 200 132625 "-" "Mozilla/5.0 (compatible; DotBot/1.2; +https://opensiteexplorer.org/dotbot; help@moz.com)" "ysfine.com"
207.46.13.134 - - [13/Nov/2022:11:35:06 -0800] "GET /bio/style/ystyle.html HTTP/1.1" 404 88 "-" "Mozilla/5.0 AppleWebKit/537.36 (KHTML, like Gecko; compatible; bingbot/2.0; +http://www.bing.com/bingbot.htm) Chrome/103.0.5060.134 Safari/537.36" "ysfine.com"
216.244.66.229 - - [13/Nov/2022:11:35:17 -0800] "GET /ffriends/tolstoy11.jpg HTTP/1.1" 200 54300 "-" "Mozilla/5.0 (compatible; DotBot/1.2; +https://opensiteexplorer.org/dotbot; help@moz.com)" "ysfine.com"
157.55.39.76 - - [13/Nov/2022:11:35:22 -0800] "GET /bio/bio03.html HTTP/1.1" 404 88 "-" "Mozilla/5.0 (compatible; bingbot/2.0; +http://www.bing.com/bingbot.htm)" "ysfine.com"
157.55.39.129 - - [13/Nov/2022:11:35:28 -0800] "GET /bio/kobak/soraech.html HTTP/1.1" 404 88 "-" "Mozilla/5.0 AppleWebKit/537.36 (KHTML, like Gecko; compatible; bingbot/2.0; +http://www.bing.com/bingbot.htm) Chrome/103.0.5060.134 Safari/537.36" "ysfine.com"
189.50.230.209 - - [13/Nov/2022:11:36:19 -0800] "GET /wigner/neum/vnc01.jpg HTTP/1.1" 200 133641 "https://www.google.com/" "Mozilla/5.0 (Windows NT 10.0; Win64; x64) AppleWebKit/537.36 (KHTML, like Gecko) Chrome/107.0.0.0 Safari/537.36" "ysfine.com"
38.126.157.40 - - [13/Nov/2022:11:36:28 -0800] "GET /newyork/unionsq01.jpg HTTP/1.1" 200 227915 "-" "Mozilla/5.0 (compatible; FemtosearchBot/1.0; http://femtosearch.com)" "ysfine.com"
38.126.157.40 - - [13/Nov/2022:11:36:28 -0800] "GET /newyork/battery38.jpg HTTP/1.1" 200 156668 "-" "Mozilla/5.0 (compatible; FemtosearchBot/1.0; http://femtosearch.com)" "ysfine.com"
38.126.157.40 - - [13/Nov/2022:11:36:29 -0800] "GET /class54/roskeim22.jpg HTTP/1.1" 200 260575 "-" "Mozilla/5.0 (compatible; FemtosearchBot/1.0; http://femtosearch.com)" "ysfine.com"
38.126.157.40 - - [13/Nov/2022:11:36:29 -0800] "GET /wigner/wigspeak11.jpg HTTP/1.1" 200 62770 "-" "Mozilla/5.0 (compatible; FemtosearchBot/1.0; http://femtosearch.com)" "ysfine.com"
38.126.157.40 - - [13/Nov/2022:11:36:29 -0800] "GET /newyork/radioci15.jpg HTTP/1.1" 200 99703 "-" "Mozilla/5.0 (compatible; FemtosearchBot/1.0; http://femtosearch.com)" "ysfine.com"
38.126.157.40 - - [13/Nov/2022:11:36:29 -0800] "GET /usca/norl/jazz08b.jpg HTTP/1.1" 200 46018 "-" "Mozilla/5.0 (compatible; FemtosearchBot/1.0; http://femtosearch.com)" "ysfine.com"
38.126.157.40 - - [13/Nov/2022:11:36:29 -0800] "GET /world/china/suz23.jpg HTTP/1.1" 200 83401 "-" "Mozilla/5.0 (compatible; FemtosearchBot/1.0; http://femtosearch.com)" "ysfine.com"
38.126.157.40 - - [13/Nov/2022:11:36:29 -0800] "GET /princeton/hyatt22.jpg HTTP/1.1" 200 86027 "-" "Mozilla/5.0 (compatible; FemtosearchBot/1.0; http://femtosearch.com)" "ysfine.com"
40.77.167.27 - - [13/Nov/2022:11:38:37 -0800] "GET /bio/style/proschanie.html HTTP/1.1" 404 88 "-" "Mozilla/5.0 AppleWebKit/537.36 (KHTML, like Gecko; compatible; bingbot/2.0; +http://www.bing.com/bingbot.htm) Chrome/103.0.5060.134 Safari/537.36" "ysfine.com"
51.222.253.16 - - [13/Nov/2022:11:38:37 -0800] "GET /ysbio/maga/mellon.html HTTP/1.1" 404 88 "-" "Mozilla/5.0 (compatible; AhrefsBot/7.0; +http://ahrefs.com/robot/)" "www.ysfine.com"
157.55.39.129 - - [13/Nov/2022:11:39:38 -0800] "GET /ysbio/folks/israel.html HTTP/1.1" 404 88 "-" "Mozilla/5.0 AppleWebKit/537.36 (KHTML, like Gecko; compatible; bingbot/2.0; +http://www.bing.com/bingbot.htm) Chrome/103.0.5060.134 Safari/537.36" "ysfine.com"
95.163.255.81 - - [13/Nov/2022:11:40:24 -0800] "GET /robots.txt HTTP/1.1" 404 73 "-" "Mozilla/5.0 (compatible; Linux x86_64; Mail.RU_Bot/Img/2.0; +https://help.mail.ru/webmaster/indexing/robots)" "ysfine.com"
95.163.255.90 - - [13/Nov/2022:11:40:26 -0800] "GET /dirac/teuncer.html HTTP/1.1" 200 1652 "http://go.mail.ru/search_images" "Mozilla/5.0 (compatible; Linux x86_64; Mail.RU_Bot/Img/2.0; +https://help.mail.ru/webmaster/indexing/robots)" "www.ysfine.com"
38.126.157.40 - - [13/Nov/2022:11:40:56 -0800] "GET /world/russ/msu01b.jpg HTTP/1.1" 200 30172 "-" "Mozilla/5.0 (compatible; FemtosearchBot/1.0; http://femtosearch.com)" "ysfine.com"
38.126.157.40 - - [13/Nov/2022:11:40:56 -0800] "GET /newyork/bryantp22.jpg HTTP/1.1" 200 270962 "-" "Mozilla/5.0 (compatible; FemtosearchBot/1.0; http://femtosearch.com)" "ysfine.com"
38.126.157.40 - - [13/Nov/2022:11:40:57 -0800] "GET /wigner/cylinder11.jpg HTTP/1.1" 200 71192 "-" "Mozilla/5.0 (compatible; FemtosearchBot/1.0; http://femtosearch.com)" "ysfine.com"
207.46.13.134 - - [13/Nov/2022:11:40:57 -0800] "GET /bio/world/trier.html HTTP/1.1" 404 88 "-" "Mozilla/5.0 AppleWebKit/537.36 (KHTML, like Gecko; compatible; bingbot/2.0; +http://www.bing.com/bingbot.htm) Chrome/103.0.5060.134 Safari/537.36" "ysfine.com"
38.126.157.40 - - [13/Nov/2022:11:40:59 -0800] "GET /newyork/battery32.jpg HTTP/1.1" 200 216988 "-" "Mozilla/5.0 (compatible; FemtosearchBot/1.0; http://femtosearch.com)" "ysfine.com"
38.126.157.40 - - [13/Nov/2022:11:40:59 -0800] "GET /newyork/pulaski02.jpg HTTP/1.1" 200 95099 "-" "Mozilla/5.0 (compatible; FemtosearchBot/1.0; http://femtosearch.com)" "ysfine.com"
38.126.157.40 - - [13/Nov/2022:11:40:59 -0800] "GET /world/russ/spbf14.jpg HTTP/1.1" 200 91418 "-" "Mozilla/5.0 (compatible; FemtosearchBot/1.0; http://femtosearch.com)" "ysfine.com"
38.126.157.40 - - [13/Nov/2022:11:40:59 -0800] "GET /ffriends/african.html HTTP/1.1" 200 3870 "-" "Mozilla/5.0 (compatible; FemtosearchBot/1.0; http://femtosearch.com)" "ysfine.com"
172.56.121.212 - - [13/Nov/2022:11:43:04 -0800] "GET /world/latina/rio004b.jpg HTTP/1.1" 200 40739 "https://www.google.com/" "Mozilla/5.0 (Linux; Android 12; SM-N975U1) AppleWebKit/537.36 (KHTML, like Gecko) Chrome/107.0.0.0 Mobile Safari/537.36" "ysfine.com"
77.75.77.119 - - [13/Nov/2022:11:44:41 -0800] "GET /robots.txt HTTP/1.1" 404 88 "-" "Mozilla/5.0 (compatible; SeznamBot/4.0-RC1; +http://napoveda.seznam.cz/seznambot-intro/)" "ysfine.com"
157.55.39.76 - - [13/Nov/2022:11:45:02 -0800] "GET /bio/style/artlove.html HTTP/1.1" 404 88 "-" "Mozilla/5.0 AppleWebKit/537.36 (KHTML, like Gecko; compatible; bingbot/2.0; +http://www.bing.com/bingbot.htm) Chrome/103.0.5060.134 Safari/537.36" "ysfine.com"
38.126.157.40 - - [13/Nov/2022:11:45:35 -0800] "GET /ffriends/latinam.html HTTP/1.1" 200 5618 "-" "Mozilla/5.0 (compatible; FemtosearchBot/1.0; http://femtosearch.com)" "ysfine.com"
38.126.157.40 - - [13/Nov/2022:11:45:36 -0800] "GET /world/russ/mosf57.jpg HTTP/1.1" 200 205497 "-" "Mozilla/5.0 (compatible; FemtosearchBot/1.0; http://femtosearch.com)" "ysfine.com"
38.126.157.40 - - [13/Nov/2022:11:45:36 -0800] "GET /kowar/tanks/sgvet.jpg HTTP/1.1" 200 128893 "-" "Mozilla/5.0 (compatible; FemtosearchBot/1.0; http://femtosearch.com)" "ysfine.com"
38.126.157.40 - - [13/Nov/2022:11:45:36 -0800] "GET /world/brit/dunf15.jpg HTTP/1.1" 200 113687 "-" "Mozilla/5.0 (compatible; FemtosearchBot/1.0; http://femtosearch.com)" "ysfine.com"
38.126.157.40 - - [13/Nov/2022:11:45:36 -0800] "GET /world/russ/krem23.jpg HTTP/1.1" 200 134433 "-" "Mozilla/5.0 (compatible; FemtosearchBot/1.0; http://femtosearch.com)" "ysfine.com"
38.126.157.40 - - [13/Nov/2022:11:45:36 -0800] "GET /people/wheekim91b.jpg HTTP/1.1" 200 40842 "-" "Mozilla/5.0 (compatible; FemtosearchBot/1.0; http://femtosearch.com)" "ysfine.com"
38.126.157.40 - - [13/Nov/2022:11:45:36 -0800] "GET /ffriends/spalon22.jpg HTTP/1.1" 200 107525 "-" "Mozilla/5.0 (compatible; FemtosearchBot/1.0; http://femtosearch.com)" "ysfine.com"
38.126.157.40 - - [13/Nov/2022:11:45:36 -0800] "GET /ffriends/sadat55c.jpg HTTP/1.1" 200 29362 "-" "Mozilla/5.0 (compatible; FemtosearchBot/1.0; http://femtosearch.com)" "ysfine.com"
157.55.39.76 - - [13/Nov/2022:11:46:03 -0800] "GET /bio/harmoarchi.html HTTP/1.1" 404 88 "-" "Mozilla/5.0 AppleWebKit/537.36 (KHTML, like Gecko; compatible; bingbot/2.0; +http://www.bing.com/bingbot.htm) Chrome/103.0.5060.134 Safari/537.36" "ysfine.com"
40.77.167.71 - - [13/Nov/2022:11:46:24 -0800] "GET /ysbio/folks/uscan.html HTTP/1.1" 404 88 "-" "Mozilla/5.0 AppleWebKit/537.36 (KHTML, like Gecko; compatible; bingbot/2.0; +http://www.bing.com/bingbot.htm) Chrome/103.0.5060.134 Safari/537.36" "ysfine.com"
51.222.253.9 - - [13/Nov/2022:11:46:36 -0800] "GET /maga/aquinas.html HTTP/1.1" 200 3433 "-" "Mozilla/5.0 (compatible; AhrefsBot/7.0; +http://ahrefs.com/robot/)" "ysfine.com"
69.127.24.209 - - [13/Nov/2022:11:46:39 -0800] "GET /feynman/feydirac0.jpg HTTP/1.1" 200 265822 "https://www.reddit.com/" "Mozilla/5.0 (iPhone; CPU iPhone OS 15_6_1 like Mac OS X) AppleWebKit/605.1.15 (KHTML, like Gecko) Version/15.6.1 Mobile/15E148 Safari/604.1" "ysfine.com"
69.127.24.209 - - [13/Nov/2022:11:46:39 -0800] "GET /favicon.ico HTTP/1.1" 404 88 "https://ysfine.com/feynman/feydirac0.jpg" "Mozilla/5.0 (iPhone; CPU iPhone OS 15_6_1 like Mac OS X) AppleWebKit/605.1.15 (KHTML, like Gecko) Version/15.6.1 Mobile/15E148 Safari/604.1" "ysfine.com"
51.222.253.19 - - [13/Nov/2022:11:46:44 -0800] "GET /people/solimeno11b.jpg HTTP/1.1" 200 39705 "-" "Mozilla/5.0 (compatible; AhrefsBot/7.0; +http://ahrefs.com/robot/)" "ysfine.com"
157.55.39.76 - - [13/Nov/2022:11:46:44 -0800] "GET /bio/kobak/yskor.html HTTP/1.1" 404 88 "-" "Mozilla/5.0 (compatible; bingbot/2.0; +http://www.bing.com/bingbot.htm)" "ysfine.com"
157.55.39.129 - - [13/Nov/2022:11:46:49 -0800] "GET /home/bio.html HTTP/1.1" 404 88 "-" "Mozilla/5.0 (compatible; bingbot/2.0; +http://www.bing.com/bingbot.htm)" "www.ysfine.com"
51.222.253.19 - - [13/Nov/2022:11:46:49 -0800] "GET /world/brit/loncafe01b.jpg HTTP/1.1" 200 48333 "-" "Mozilla/5.0 (compatible; AhrefsBot/7.0; +http://ahrefs.com/robot/)" "ysfine.com"
51.222.253.11 - - [13/Nov/2022:11:46:55 -0800] "GET /world/brit/britmu37b.jpg HTTP/1.1" 200 40436 "-" "Mozilla/5.0 (compatible; AhrefsBot/7.0; +http://ahrefs.com/robot/)" "ysfine.com"
207.46.13.134 - - [13/Nov/2022:11:46:57 -0800] "GET /princeton/campus.html HTTP/1.1" 200 15142 "-" "Mozilla/5.0 (compatible; bingbot/2.0; +http://www.bing.com/bingbot.htm)" "www.ysfine.com"
95.163.255.80 - - [13/Nov/2022:11:46:57 -0800] "GET /princeton/butler2011.html HTTP/1.1" 200 405 "http://go.mail.ru/search_images" "Mozilla/5.0 (compatible; Linux x86_64; Mail.RU_Bot/Img/2.0; +https://help.mail.ru/webmaster/indexing/robots)" "ysfine.com"
95.163.255.90 - - [13/Nov/2022:11:46:59 -0800] "GET /people/pimage.html HTTP/1.1" 200 7965 "http://go.mail.ru/search_images" "Mozilla/5.0 (compatible; Linux x86_64; Mail.RU_Bot/Img/2.0; +https://help.mail.ru/webmaster/indexing/robots)" "ysfine.com"
51.222.253.4 - - [13/Nov/2022:11:47:01 -0800] "GET /world/ital/aquinas02b.jpg HTTP/1.1" 200 41436 "-" "Mozilla/5.0 (compatible; AhrefsBot/7.0; +http://ahrefs.com/robot/)" "ysfine.com"
95.163.255.81 - - [13/Nov/2022:11:47:01 -0800] "GET /jobs/germanj.html HTTP/1.1" 200 1298 "http://go.mail.ru/search_images" "Mozilla/5.0 (compatible; Linux x86_64; Mail.RU_Bot/Img/2.0; +https://help.mail.ru/webmaster/indexing/robots)" "ysfine.com"
40.77.167.27 - - [13/Nov/2022:11:47:03 -0800] "GET /world/kazan.html HTTP/1.1" 200 13929 "-" "Mozilla/5.0 (compatible; bingbot/2.0; +http://www.bing.com/bingbot.htm)" "www.ysfine.com"
51.222.253.12 - - [13/Nov/2022:11:47:06 -0800] "GET /world/brit/britmu11b.jpg HTTP/1.1" 200 38347 "-" "Mozilla/5.0 (compatible; AhrefsBot/7.0; +http://ahrefs.com/robot/)" "ysfine.com"
157.55.39.76 - - [13/Nov/2022:11:47:12 -0800] "GET /dongio/beau.html HTTP/1.1" 404 88 "-" "Mozilla/5.0 AppleWebKit/537.36 (KHTML, like Gecko; compatible; bingbot/2.0; +http://www.bing.com/bingbot.htm) Chrome/103.0.5060.134 Safari/537.36" "www.ysfine.com"
40.77.167.71 - - [13/Nov/2022:11:47:16 -0800] "GET /yspapers/index.html HTTP/1.1" 200 21306 "-" "Mozilla/5.0 (compatible; bingbot/2.0; +http://www.bing.com/bingbot.htm)" "www.ysfine.com"
40.77.167.71 - - [13/Nov/2022:11:47:17 -0800] "GET /dirac/dirheisen.html HTTP/1.1" 200 4650 "-" "Mozilla/5.0 (compatible; bingbot/2.0; +http://www.bing.com/bingbot.htm)" "www.ysfine.com"
157.55.39.129 - - [13/Nov/2022:11:47:39 -0800] "GET /bio/sbk/famous.html HTTP/1.1" 404 88 "-" "Mozilla/5.0 AppleWebKit/537.36 (KHTML, like Gecko; compatible; bingbot/2.0; +http://www.bing.com/bingbot.htm) Chrome/103.0.5060.134 Safari/537.36" "ysfine.com"
38.126.157.40 - - [13/Nov/2022:11:50:20 -0800] "GET /ffriends/kaznyc11.jpg HTTP/1.1" 200 298171 "-" "Mozilla/5.0 (compatible; FemtosearchBot/1.0; http://femtosearch.com)" "ysfine.com"
38.126.157.40 - - [13/Nov/2022:11:50:20 -0800] "GET /ffriends/slovak02.jpg HTTP/1.1" 200 85962 "-" "Mozilla/5.0 (compatible; FemtosearchBot/1.0; http://femtosearch.com)" "ysfine.com"
38.126.157.40 - - [13/Nov/2022:11:50:20 -0800] "GET /newyork/battery42.jpg HTTP/1.1" 200 158215 "-" "Mozilla/5.0 (compatible; FemtosearchBot/1.0; http://femtosearch.com)" "ysfine.com"
38.126.157.40 - - [13/Nov/2022:11:50:20 -0800] "GET /maga/phys/canal22.jpg HTTP/1.1" 200 72978 "-" "Mozilla/5.0 (compatible; FemtosearchBot/1.0; http://femtosearch.com)" "ysfine.com"
38.126.157.40 - - [13/Nov/2022:11:50:20 -0800] "GET /world/russ/spbf48.jpg HTTP/1.1" 200 190233 "-" "Mozilla/5.0 (compatible; FemtosearchBot/1.0; http://femtosearch.com)" "ysfine.com"
38.126.157.40 - - [13/Nov/2022:11:50:20 -0800] "GET /kowar/kwandong02b.jpg HTTP/1.1" 200 55217 "-" "Mozilla/5.0 (compatible; FemtosearchBot/1.0; http://femtosearch.com)" "ysfine.com"
38.126.157.40 - - [13/Nov/2022:11:50:20 -0800] "GET /maga/phil/sine33b.jpg HTTP/1.1" 200 42751 "-" "Mozilla/5.0 (compatible; FemtosearchBot/1.0; http://femtosearch.com)" "ysfine.com"
38.126.157.40 - - [13/Nov/2022:11:50:21 -0800] "GET /newyork/seaport05.jpg HTTP/1.1" 200 170648 "-" "Mozilla/5.0 (compatible; FemtosearchBot/1.0; http://femtosearch.com)" "ysfine.com"
51.104.146.235 - - [13/Nov/2022:11:50:26 -0800] "GET /feynman/standardmo01.jpg HTTP/1.1" 200 94736 "-" "DuckDuckBot/1.1; (+http://duckduckgo.com/duckduckbot.html)" "www.ysfine.com"
80.208.68.5 - - [13/Nov/2022:11:50:49 -0800] "GET /feynman/quark50.html HTTP/1.1" 200 4079 "-" "Mozilla/5.0 (Windows NT 10.0; Win64; x64; rv:106.0) Gecko/20100101 Firefox/106.0" "www.ysfine.com"
80.208.68.5 - - [13/Nov/2022:11:50:49 -0800] "GET /feynman/standardmo01b.jpg HTTP/1.1" 200 50801 "https://www.ysfine.com/feynman/quark50.html" "Mozilla/5.0 (Windows NT 10.0; Win64; x64; rv:106.0) Gecko/20100101 Firefox/106.0" "www.ysfine.com"
80.208.68.5 - - [13/Nov/2022:11:50:49 -0800] "GET /einstein/einbohr11b.jpg HTTP/1.1" 200 37538 "https://www.ysfine.com/feynman/quark50.html" "Mozilla/5.0 (Windows NT 10.0; Win64; x64; rv:106.0) Gecko/20100101 Firefox/106.0" "www.ysfine.com"
80.208.68.5 - - [13/Nov/2022:11:50:49 -0800] "GET /dirac/sq73b.jpg HTTP/1.1" 200 49918 "https://www.ysfine.com/feynman/quark50.html" "Mozilla/5.0 (Windows NT 10.0; Win64; x64; rv:106.0) Gecko/20100101 Firefox/106.0" "www.ysfine.com"
80.208.68.5 - - [13/Nov/2022:11:50:49 -0800] "GET /dirac/diracqm11b.jpg HTTP/1.1" 200 42991 "https://www.ysfine.com/feynman/quark50.html" "Mozilla/5.0 (Windows NT 10.0; Win64; x64; rv:106.0) Gecko/20100101 Firefox/106.0" "www.ysfine.com"
80.208.68.5 - - [13/Nov/2022:11:50:49 -0800] "GET /feynman/ppic/feygell66b.jpg HTTP/1.1" 200 39470 "https://www.ysfine.com/feynman/quark50.html" "Mozilla/5.0 (Windows NT 10.0; Win64; x64; rv:106.0) Gecko/20100101 Firefox/106.0" "www.ysfine.com"
80.208.68.5 - - [13/Nov/2022:11:50:49 -0800] "GET /dirac/sq66b.jpg HTTP/1.1" 200 22242 "https://www.ysfine.com/feynman/quark50.html" "Mozilla/5.0 (Windows NT 10.0; Win64; x64; rv:106.0) Gecko/20100101 Firefox/106.0" "www.ysfine.com"
80.208.68.5 - - [13/Nov/2022:11:50:49 -0800] "GET /world/japan/osaka121b.jpg HTTP/1.1" 200 39773 "https://www.ysfine.com/feynman/quark50.html" "Mozilla/5.0 (Windows NT 10.0; Win64; x64; rv:106.0) Gecko/20100101 Firefox/106.0" "www.ysfine.com"
80.208.68.5 - - [13/Nov/2022:11:50:49 -0800] "GET /feynman/ppic/entro22b.jpg HTTP/1.1" 200 31381 "https://www.ysfine.com/feynman/quark50.html" "Mozilla/5.0 (Windows NT 10.0; Win64; x64; rv:106.0) Gecko/20100101 Firefox/106.0" "www.ysfine.com"
80.208.68.5 - - [13/Nov/2022:11:50:49 -0800] "GET /feynman/ppic/qboil66c.jpg HTTP/1.1" 200 59058 "https://www.ysfine.com/feynman/quark50.html" "Mozilla/5.0 (Windows NT 10.0; Win64; x64; rv:106.0) Gecko/20100101 Firefox/106.0" "www.ysfine.com"
80.208.68.5 - - [13/Nov/2022:11:50:49 -0800] "GET /feynman/ppic/phasetr33c.jpg HTTP/1.1" 200 36886 "https://www.ysfine.com/feynman/quark50.html" "Mozilla/5.0 (Windows NT 10.0; Win64; x64; rv:106.0) Gecko/20100101 Firefox/106.0" "www.ysfine.com"
80.208.68.5 - - [13/Nov/2022:11:50:49 -0800] "GET /feynman/ppic/temp33b.jpg HTTP/1.1" 200 15237 "https://www.ysfine.com/feynman/quark50.html" "Mozilla/5.0 (Windows NT 10.0; Win64; x64; rv:106.0) Gecko/20100101 Firefox/106.0" "www.ysfine.com"
80.208.68.5 - - [13/Nov/2022:11:50:50 -0800] "GET /favicon.ico HTTP/1.1" 404 88 "https://www.ysfine.com/feynman/quark50.html" "Mozilla/5.0 (Windows NT 10.0; Win64; x64; rv:106.0) Gecko/20100101 Firefox/106.0" "www.ysfine.com"
157.55.39.129 - - [13/Nov/2022:11:51:30 -0800] "GET /bio/style/rieu.html HTTP/1.1" 404 88 "-" "Mozilla/5.0 (compatible; bingbot/2.0; +http://www.bing.com/bingbot.htm)" "ysfine.com"
87.123.194.53 - - [13/Nov/2022:11:51:49 -0800] "GET /feynman/feybongo.jpg HTTP/1.1" 200 47448 "https://www.google.com/" "Mozilla/5.0 (Macintosh; Intel Mac OS X 10_15_7) AppleWebKit/605.1.15 (KHTML, like Gecko) Version/16.1 Safari/605.1.15" "ysfine.com"
87.16.149.237 - - [13/Nov/2022:11:52:08 -0800] "GET /maga/phys/psphere01.jpg HTTP/1.1" 200 133024 "https://www.google.com/" "Mozilla/5.0 (Windows NT 10.0; Win64; x64; rv:106.0) Gecko/20100101 Firefox/106.0" "ysfine.com"
207.46.13.134 - - [13/Nov/2022:11:52:28 -0800] "GET /bio/princeton/campus.html HTTP/1.1" 404 88 "-" "Mozilla/5.0 AppleWebKit/537.36 (KHTML, like Gecko; compatible; bingbot/2.0; +http://www.bing.com/bingbot.htm) Chrome/103.0.5060.134 Safari/537.36" "ysfine.com"
41.79.219.159 - - [13/Nov/2022:11:52:37 -0800] "GET /jobs/koreaj22.jpg HTTP/1.1" 200 195155 "https://www.google.bj/" "Mozilla/5.0 (Windows NT 10.0; Win64; x64) AppleWebKit/537.36 (KHTML, like Gecko) Chrome/106.0.0.0 Safari/537.36" "ysfine.com"
207.46.13.134 - - [13/Nov/2022:11:52:38 -0800] "GET /bio/dirac/locovar.html HTTP/1.1" 404 88 "-" "Mozilla/5.0 (compatible; bingbot/2.0; +http://www.bing.com/bingbot.htm)" "ysfine.com"
51.222.253.17 - - [13/Nov/2022:11:53:25 -0800] "GET /dirac/lorendir.html HTTP/1.1" 200 2426 "-" "Mozilla/5.0 (compatible; AhrefsBot/7.0; +http://ahrefs.com/robot/)" "ysfine.com"
73.15.126.90 - - [13/Nov/2022:11:53:31 -0800] "GET /princeton/alexan22.jpg HTTP/1.1" 200 175436 "https://www.google.com/" "Mozilla/5.0 (Windows NT 10.0; Win64; x64) AppleWebKit/537.36 (KHTML, like Gecko) Chrome/107.0.0.0 Safari/537.36" "ysfine.com"
157.55.39.129 - - [13/Nov/2022:11:53:59 -0800] "GET /bio/eink/buythisbook.html HTTP/1.1" 404 88 "-" "Mozilla/5.0 AppleWebKit/537.36 (KHTML, like Gecko; compatible; bingbot/2.0; +http://www.bing.com/bingbot.htm) Chrome/103.0.5060.134 Safari/537.36" "ysfine.com"
174.198.135.77 - - [13/Nov/2022:11:54:45 -0800] "GET /princeton/gcollege21.jpg HTTP/1.1" 200 107075 "https://www.google.com/" "Mozilla/5.0 (iPhone; CPU iPhone OS 16_1 like Mac OS X) AppleWebKit/605.1.15 (KHTML, like Gecko) Version/16.1 Mobile/15E148 Safari/604.1" "ysfine.com"
38.126.157.40 - - [13/Nov/2022:11:54:54 -0800] "GET /wigner/wigspeak33.jpg HTTP/1.1" 200 67974 "-" "Mozilla/5.0 (compatible; FemtosearchBot/1.0; http://femtosearch.com)" "ysfine.com"
38.126.157.40 - - [13/Nov/2022:11:54:55 -0800] "GET /world/russ/mosf03.jpg HTTP/1.1" 200 91298 "-" "Mozilla/5.0 (compatible; FemtosearchBot/1.0; http://femtosearch.com)" "ysfine.com"
38.126.157.40 - - [13/Nov/2022:11:54:55 -0800] "GET /wigner/gim/gimn04.jpg HTTP/1.1" 200 88356 "-" "Mozilla/5.0 (compatible; FemtosearchBot/1.0; http://femtosearch.com)" "ysfine.com"
38.126.157.40 - - [13/Nov/2022:11:54:55 -0800] "GET /kowar/mil/tank02b.jpg HTTP/1.1" 404 88 "-" "Mozilla/5.0 (compatible; FemtosearchBot/1.0; http://femtosearch.com)" "ysfine.com"
38.126.157.40 - - [13/Nov/2022:11:54:55 -0800] "GET /ffriends/mongo08c.jpg HTTP/1.1" 200 34801 "-" "Mozilla/5.0 (compatible; FemtosearchBot/1.0; http://femtosearch.com)" "ysfine.com"
38.126.157.40 - - [13/Nov/2022:11:54:55 -0800] "GET /world/brit/bank02.jpg HTTP/1.1" 200 74336 "-" "Mozilla/5.0 (compatible; FemtosearchBot/1.0; http://femtosearch.com)" "ysfine.com"
38.126.157.40 - - [13/Nov/2022:11:54:55 -0800] "GET /style/chopingr11b.jpg HTTP/1.1" 200 68030 "-" "Mozilla/5.0 (compatible; FemtosearchBot/1.0; http://femtosearch.com)" "ysfine.com"
38.126.157.40 - - [13/Nov/2022:11:54:55 -0800] "GET /world/russ/spbn26.jpg HTTP/1.1" 200 100010 "-" "Mozilla/5.0 (compatible; FemtosearchBot/1.0; http://femtosearch.com)" "ysfine.com"
46.53.176.47 - - [13/Nov/2022:11:55:03 -0800] "GET /world/brit/harrow04.jpg HTTP/1.1" 200 118660 "https://www.google.ru/" "Mozilla/5.0 (iPhone; CPU iPhone OS 15_6_1 like Mac OS X) AppleWebKit/605.1.15 (KHTML, like Gecko) Version/15.6.1 Mobile/15E148 Safari/604.1" "ysfine.com"
40.77.167.71 - - [13/Nov/2022:11:55:25 -0800] "GET /bio/wigner/evangel.html HTTP/1.1" 404 88 "-" "Mozilla/5.0 AppleWebKit/537.36 (KHTML, like Gecko; compatible; bingbot/2.0; +http://www.bing.com/bingbot.htm) Chrome/103.0.5060.134 Safari/537.36" "ysfine.com"
40.77.167.71 - - [13/Nov/2022:11:55:26 -0800] "GET /bio/genea.html HTTP/1.1" 404 88 "-" "Mozilla/5.0 (compatible; bingbot/2.0; +http://www.bing.com/bingbot.htm)" "ysfine.com"
216.244.66.229 - - [13/Nov/2022:11:55:48 -0800] "GET /robots.txt HTTP/1.1" 404 73 "-" "Mozilla/5.0 (compatible; DotBot/1.2; +https://opensiteexplorer.org/dotbot; help@moz.com)" "ysfine.com"
40.77.167.27 - - [13/Nov/2022:11:57:01 -0800] "GET /style/stleft.html HTTP/1.1" 200 548 "-" "Mozilla/5.0 AppleWebKit/537.36 (KHTML, like Gecko; compatible; bingbot/2.0; +http://www.bing.com/bingbot.htm) Chrome/103.0.5060.134 Safari/537.36" "www.ysfine.com"
157.55.39.129 - - [13/Nov/2022:11:57:22 -0800] "GET /bio/optics.html HTTP/1.1" 404 88 "-" "Mozilla/5.0 AppleWebKit/537.36 (KHTML, like Gecko; compatible; bingbot/2.0; +http://www.bing.com/bingbot.htm) Chrome/103.0.5060.134 Safari/537.36" "ysfine.com"
207.46.13.134 - - [13/Nov/2022:11:57:57 -0800] "GET /home/pgh/pnc.html HTTP/1.1" 200 910 "-" "Mozilla/5.0 (compatible; bingbot/2.0; +http://www.bing.com/bingbot.htm)" "www.ysfine.com"
71.178.208.102 - - [13/Nov/2022:11:58:33 -0800] "GET /ys11/ HTTP/1.1" 200 3425 "-" "Mozilla/5.0 (Windows NT 10.0; Win64; x64) AppleWebKit/537.36 (KHTML, like Gecko) Chrome/107.0.0.0 Safari/537.36 Edg/107.0.1418.42" "ysfine.com"
71.178.208.102 - - [13/Nov/2022:11:58:33 -0800] "GET /favicon.ico HTTP/1.1" 404 88 "https://ysfine.com/ys11/" "Mozilla/5.0 (Windows NT 10.0; Win64; x64) AppleWebKit/537.36 (KHTML, like Gecko) Chrome/107.0.0.0 Safari/537.36 Edg/107.0.1418.42" "ysfine.com"
157.55.39.76 - - [13/Nov/2022:11:58:35 -0800] "GET /bio/bio07.html HTTP/1.1" 404 88 "-" "Mozilla/5.0 (compatible; bingbot/2.0; +http://www.bing.com/bingbot.htm)" "ysfine.com"
71.178.208.102 - - [13/Nov/2022:11:58:36 -0800] "GET /bio10.html HTTP/1.1" 404 88 "https://ysfine.com/ys11/" "Mozilla/5.0 (Windows NT 10.0; Win64; x64) AppleWebKit/537.36 (KHTML, like Gecko) Chrome/107.0.0.0 Safari/537.36 Edg/107.0.1418.42" "ysfine.com"
93.158.161.41 - - [13/Nov/2022:11:58:37 -0800] "GET /archives/proceedings/boston/dowling.pdf HTTP/1.1" 200 211156 "-" "Mozilla/5.0 (compatible; YandexBot/3.0; +http://yandex.com/bots)" "www.ysfine.com"
71.178.208.102 - - [13/Nov/2022:11:58:41 -0800] "GET /bio10.html HTTP/1.1" 404 88 "https://ysfine.com/ys11/" "Mozilla/5.0 (Windows NT 10.0; Win64; x64) AppleWebKit/537.36 (KHTML, like Gecko) Chrome/107.0.0.0 Safari/537.36 Edg/107.0.1418.42" "ysfine.com"
157.55.39.6 - - [13/Nov/2022:11:59:01 -0800] "GET /bio/einstein/bern.html HTTP/1.1" 404 88 "-" "Mozilla/5.0 AppleWebKit/537.36 (KHTML, like Gecko; compatible; bingbot/2.0; +http://www.bing.com/bingbot.htm) Chrome/103.0.5060.134 Safari/537.36" "ysfine.com"
38.126.157.40 - - [13/Nov/2022:11:59:31 -0800] "GET /newyork/unionsq04.jpg HTTP/1.1" 200 305271 "-" "Mozilla/5.0 (compatible; FemtosearchBot/1.0; http://femtosearch.com)" "ysfine.com"
38.126.157.40 - - [13/Nov/2022:11:59:31 -0800] "GET /world/russ/vic23b.jpg HTTP/1.1" 200 36030 "-" "Mozilla/5.0 (compatible; FemtosearchBot/1.0; http://femtosearch.com)" "ysfine.com"
38.126.157.40 - - [13/Nov/2022:11:59:31 -0800] "GET /world/russ/spbf29.jpg HTTP/1.1" 200 191163 "-" "Mozilla/5.0 (compatible; FemtosearchBot/1.0; http://femtosearch.com)" "ysfine.com"
38.126.157.40 - - [13/Nov/2022:11:59:32 -0800] "GET /kowar/tanks/gmc01.jpg HTTP/1.1" 200 118766 "-" "Mozilla/5.0 (compatible; FemtosearchBot/1.0; http://femtosearch.com)" "ysfine.com"
