42.200.228.33 - - [13/Nov/2022:03:50:46 -0800] "GET /class54/class5480/Pictures/2.%C3%AA%C2%B8%C2%B0%C3%AB%C2%85%C2%90%C3%AD%C2%96%C2%89%C3%AC%C2%82%C2%AC/%C3%AA%C2%B8%C2%B0%C3%AB%C2%85%C2%90%C3%AD%C2%96%C2%89%C3%AC%C2%82%C2%AC%20(152).jpg HTTP/1.1" 200 5899065 "-" "Mozilla/5.0 (compatible; MJ12bot/v1.4.8; http://mj12bot.com/)" "www.ysfine.com"
42.200.228.33 - - [13/Nov/2022:03:50:49 -0800] "GET /class54/class5480/Pictures/2.%C3%AA%C2%B8%C2%B0%C3%AB%C2%85%C2%90%C3%AD%C2%96%C2%89%C3%AC%C2%82%C2%AC/%C3%AA%C2%B8%C2%B0%C3%AB%C2%85%C2%90%C3%AD%C2%96%C2%89%C3%AC%C2%82%C2%AC%20(153).jpg HTTP/1.1" 200 2335210 "-" "Mozilla/5.0 (compatible; MJ12bot/v1.4.8; http://mj12bot.com/)" "www.ysfine.com"
157.55.39.129 - - [13/Nov/2022:03:50:52 -0800] "GET /bio/style/rieu.html HTTP/1.1" 404 88 "-" "Mozilla/5.0 AppleWebKit/537.36 (KHTML, like Gecko; compatible; bingbot/2.0; +http://www.bing.com/bingbot.htm) Chrome/103.0.5060.134 Safari/537.36" "ysfine.com"
42.200.228.33 - - [13/Nov/2022:03:50:52 -0800] "GET /class54/class5480/Pictures/2.%C3%AA%C2%B8%C2%B0%C3%AB%C2%85%C2%90%C3%AD%C2%96%C2%89%C3%AC%C2%82%C2%AC/%C3%AA%C2%B8%C2%B0%C3%AB%C2%85%C2%90%C3%AD%C2%96%C2%89%C3%AC%C2%82%C2%AC%20(154).jpg HTTP/1.1" 200 6116864 "-" "Mozilla/5.0 (compatible; MJ12bot/v1.4.8; http://mj12bot.com/)" "www.ysfine.com"
42.200.228.33 - - [13/Nov/2022:03:50:57 -0800] "GET /class54/class5480/Pictures/2.%C3%AA%C2%B8%C2%B0%C3%AB%C2%85%C2%90%C3%AD%C2%96%C2%89%C3%AC%C2%82%C2%AC/%C3%AA%C2%B8%C2%B0%C3%AB%C2%85%C2%90%C3%AD%C2%96%C2%89%C3%AC%C2%82%C2%AC%20(155).jpg HTTP/1.1" 200 4477593 "-" "Mozilla/5.0 (compatible; MJ12bot/v1.4.8; http://mj12bot.com/)" "www.ysfine.com"
42.200.228.33 - - [13/Nov/2022:03:50:59 -0800] "GET /class54/class5480/Pictures/2.%C3%AA%C2%B8%C2%B0%C3%AB%C2%85%C2%90%C3%AD%C2%96%C2%89%C3%AC%C2%82%C2%AC/%C3%AA%C2%B8%C2%B0%C3%AB%C2%85%C2%90%C3%AD%C2%96%C2%89%C3%AC%C2%82%C2%AC%20(156).jpg HTTP/1.1" 200 3473554 "-" "Mozilla/5.0 (compatible; MJ12bot/v1.4.8; http://mj12bot.com/)" "www.ysfine.com"
42.200.228.33 - - [13/Nov/2022:03:51:02 -0800] "GET /class54/class5480/Pictures/2.%C3%AA%C2%B8%C2%B0%C3%AB%C2%85%C2%90%C3%AD%C2%96%C2%89%C3%AC%C2%82%C2%AC/%C3%AA%C2%B8%C2%B0%C3%AB%C2%85%C2%90%C3%AD%C2%96%C2%89%C3%AC%C2%82%C2%AC%20(157).jpg HTTP/1.1" 200 4457146 "-" "Mozilla/5.0 (compatible; MJ12bot/v1.4.8; http://mj12bot.com/)" "www.ysfine.com"
42.200.228.33 - - [13/Nov/2022:03:51:05 -0800] "GET /class54/class5480/Pictures/2.%C3%AA%C2%B8%C2%B0%C3%AB%C2%85%C2%90%C3%AD%C2%96%C2%89%C3%AC%C2%82%C2%AC/%C3%AA%C2%B8%C2%B0%C3%AB%C2%85%C2%90%C3%AD%C2%96%C2%89%C3%AC%C2%82%C2%AC%20(158).jpg HTTP/1.1" 200 6102978 "-" "Mozilla/5.0 (compatible; MJ12bot/v1.4.8; http://mj12bot.com/)" "www.ysfine.com"
42.200.228.33 - - [13/Nov/2022:03:51:07 -0800] "GET /class54/class5480/Pictures/2.%C3%AA%C2%B8%C2%B0%C3%AB%C2%85%C2%90%C3%AD%C2%96%C2%89%C3%AC%C2%82%C2%AC/%C3%AA%C2%B8%C2%B0%C3%AB%C2%85%C2%90%C3%AD%C2%96%C2%89%C3%AC%C2%82%C2%AC%20(159).jpg HTTP/1.1" 200 4327035 "-" "Mozilla/5.0 (compatible; MJ12bot/v1.4.8; http://mj12bot.com/)" "www.ysfine.com"
42.200.228.33 - - [13/Nov/2022:03:51:10 -0800] "GET /class54/class5480/Pictures/2.%C3%AA%C2%B8%C2%B0%C3%AB%C2%85%C2%90%C3%AD%C2%96%C2%89%C3%AC%C2%82%C2%AC/%C3%AA%C2%B8%C2%B0%C3%AB%C2%85%C2%90%C3%AD%C2%96%C2%89%C3%AC%C2%82%C2%AC%20(16).jpg HTTP/1.1" 200 4240435 "-" "Mozilla/5.0 (compatible; MJ12bot/v1.4.8; http://mj12bot.com/)" "www.ysfine.com"
42.200.228.33 - - [13/Nov/2022:03:51:13 -0800] "GET /class54/class5480/Pictures/2.%C3%AA%C2%B8%C2%B0%C3%AB%C2%85%C2%90%C3%AD%C2%96%C2%89%C3%AC%C2%82%C2%AC/%C3%AA%C2%B8%C2%B0%C3%AB%C2%85%C2%90%C3%AD%C2%96%C2%89%C3%AC%C2%82%C2%AC%20(160).jpg HTTP/1.1" 200 5602017 "-" "Mozilla/5.0 (compatible; MJ12bot/v1.4.8; http://mj12bot.com/)" "www.ysfine.com"
42.200.228.33 - - [13/Nov/2022:03:51:15 -0800] "GET /class54/class5480/Pictures/2.%C3%AA%C2%B8%C2%B0%C3%AB%C2%85%C2%90%C3%AD%C2%96%C2%89%C3%AC%C2%82%C2%AC/%C3%AA%C2%B8%C2%B0%C3%AB%C2%85%C2%90%C3%AD%C2%96%C2%89%C3%AC%C2%82%C2%AC%20(161).jpg HTTP/1.1" 200 5402324 "-" "Mozilla/5.0 (compatible; MJ12bot/v1.4.8; http://mj12bot.com/)" "www.ysfine.com"
42.200.228.33 - - [13/Nov/2022:03:51:18 -0800] "GET /class54/class5480/Pictures/2.%C3%AA%C2%B8%C2%B0%C3%AB%C2%85%C2%90%C3%AD%C2%96%C2%89%C3%AC%C2%82%C2%AC/%C3%AA%C2%B8%C2%B0%C3%AB%C2%85%C2%90%C3%AD%C2%96%C2%89%C3%AC%C2%82%C2%AC%20(162).jpg HTTP/1.1" 200 4944287 "-" "Mozilla/5.0 (compatible; MJ12bot/v1.4.8; http://mj12bot.com/)" "www.ysfine.com"
42.200.228.33 - - [13/Nov/2022:03:51:21 -0800] "GET /class54/class5480/Pictures/2.%C3%AA%C2%B8%C2%B0%C3%AB%C2%85%C2%90%C3%AD%C2%96%C2%89%C3%AC%C2%82%C2%AC/%C3%AA%C2%B8%C2%B0%C3%AB%C2%85%C2%90%C3%AD%C2%96%C2%89%C3%AC%C2%82%C2%AC%20(163).jpg HTTP/1.1" 200 4422916 "-" "Mozilla/5.0 (compatible; MJ12bot/v1.4.8; http://mj12bot.com/)" "www.ysfine.com"
42.200.228.33 - - [13/Nov/2022:03:51:24 -0800] "GET /class54/class5480/Pictures/2.%C3%AA%C2%B8%C2%B0%C3%AB%C2%85%C2%90%C3%AD%C2%96%C2%89%C3%AC%C2%82%C2%AC/%C3%AA%C2%B8%C2%B0%C3%AB%C2%85%C2%90%C3%AD%C2%96%C2%89%C3%AC%C2%82%C2%AC%20(164).jpg HTTP/1.1" 200 3197836 "-" "Mozilla/5.0 (compatible; MJ12bot/v1.4.8; http://mj12bot.com/)" "www.ysfine.com"
185.191.171.21 - - [13/Nov/2022:03:51:27 -0800] "GET /feynman/restof.html HTTP/1.1" 200 4709 "-" "Mozilla/5.0 (compatible; SemrushBot/7~bl; +http://www.semrush.com/bot.html)" "www.ysfine.com"
42.200.228.33 - - [13/Nov/2022:03:51:27 -0800] "GET /class54/class5480/Pictures/2.%C3%AA%C2%B8%C2%B0%C3%AB%C2%85%C2%90%C3%AD%C2%96%C2%89%C3%AC%C2%82%C2%AC/%C3%AA%C2%B8%C2%B0%C3%AB%C2%85%C2%90%C3%AD%C2%96%C2%89%C3%AC%C2%82%C2%AC%20(165).jpg HTTP/1.1" 200 3344809 "-" "Mozilla/5.0 (compatible; MJ12bot/v1.4.8; http://mj12bot.com/)" "www.ysfine.com"
42.200.228.33 - - [13/Nov/2022:03:51:29 -0800] "GET /class54/class5480/Pictures/2.%C3%AA%C2%B8%C2%B0%C3%AB%C2%85%C2%90%C3%AD%C2%96%C2%89%C3%AC%C2%82%C2%AC/%C3%AA%C2%B8%C2%B0%C3%AB%C2%85%C2%90%C3%AD%C2%96%C2%89%C3%AC%C2%82%C2%AC%20(166).jpg HTTP/1.1" 200 3740186 "-" "Mozilla/5.0 (compatible; MJ12bot/v1.4.8; http://mj12bot.com/)" "www.ysfine.com"
42.200.228.33 - - [13/Nov/2022:03:51:32 -0800] "GET /class54/class5480/Pictures/2.%C3%AA%C2%B8%C2%B0%C3%AB%C2%85%C2%90%C3%AD%C2%96%C2%89%C3%AC%C2%82%C2%AC/%C3%AA%C2%B8%C2%B0%C3%AB%C2%85%C2%90%C3%AD%C2%96%C2%89%C3%AC%C2%82%C2%AC%20(167).jpg HTTP/1.1" 200 5955583 "-" "Mozilla/5.0 (compatible; MJ12bot/v1.4.8; http://mj12bot.com/)" "www.ysfine.com"
42.200.228.33 - - [13/Nov/2022:03:51:35 -0800] "GET /class54/class5480/Pictures/2.%C3%AA%C2%B8%C2%B0%C3%AB%C2%85%C2%90%C3%AD%C2%96%C2%89%C3%AC%C2%82%C2%AC/%C3%AA%C2%B8%C2%B0%C3%AB%C2%85%C2%90%C3%AD%C2%96%C2%89%C3%AC%C2%82%C2%AC%20(168).jpg HTTP/1.1" 200 4875846 "-" "Mozilla/5.0 (compatible; MJ12bot/v1.4.8; http://mj12bot.com/)" "www.ysfine.com"
42.200.228.33 - - [13/Nov/2022:03:51:38 -0800] "GET /class54/class5480/Pictures/2.%C3%AA%C2%B8%C2%B0%C3%AB%C2%85%C2%90%C3%AD%C2%96%C2%89%C3%AC%C2%82%C2%AC/%C3%AA%C2%B8%C2%B0%C3%AB%C2%85%C2%90%C3%AD%C2%96%C2%89%C3%AC%C2%82%C2%AC%20(169).jpg HTTP/1.1" 200 6042808 "-" "Mozilla/5.0 (compatible; MJ12bot/v1.4.8; http://mj12bot.com/)" "www.ysfine.com"
42.200.228.33 - - [13/Nov/2022:03:51:41 -0800] "GET /class54/class5480/Pictures/2.%C3%AA%C2%B8%C2%B0%C3%AB%C2%85%C2%90%C3%AD%C2%96%C2%89%C3%AC%C2%82%C2%AC/%C3%AA%C2%B8%C2%B0%C3%AB%C2%85%C2%90%C3%AD%C2%96%C2%89%C3%AC%C2%82%C2%AC%20(17).jpg HTTP/1.1" 200 4026051 "-" "Mozilla/5.0 (compatible; MJ12bot/v1.4.8; http://mj12bot.com/)" "www.ysfine.com"
42.200.228.33 - - [13/Nov/2022:03:51:43 -0800] "GET /class54/class5480/Pictures/2.%C3%AA%C2%B8%C2%B0%C3%AB%C2%85%C2%90%C3%AD%C2%96%C2%89%C3%AC%C2%82%C2%AC/%C3%AA%C2%B8%C2%B0%C3%AB%C2%85%C2%90%C3%AD%C2%96%C2%89%C3%AC%C2%82%C2%AC%20(170).jpg HTTP/1.1" 200 4164232 "-" "Mozilla/5.0 (compatible; MJ12bot/v1.4.8; http://mj12bot.com/)" "www.ysfine.com"
42.200.228.33 - - [13/Nov/2022:03:51:46 -0800] "GET /class54/class5480/Pictures/2.%C3%AA%C2%B8%C2%B0%C3%AB%C2%85%C2%90%C3%AD%C2%96%C2%89%C3%AC%C2%82%C2%AC/%C3%AA%C2%B8%C2%B0%C3%AB%C2%85%C2%90%C3%AD%C2%96%C2%89%C3%AC%C2%82%C2%AC%20(171).jpg HTTP/1.1" 200 3927787 "-" "Mozilla/5.0 (compatible; MJ12bot/v1.4.8; http://mj12bot.com/)" "www.ysfine.com"
42.200.228.33 - - [13/Nov/2022:03:51:49 -0800] "GET /class54/class5480/Pictures/2.%C3%AA%C2%B8%C2%B0%C3%AB%C2%85%C2%90%C3%AD%C2%96%C2%89%C3%AC%C2%82%C2%AC/%C3%AA%C2%B8%C2%B0%C3%AB%C2%85%C2%90%C3%AD%C2%96%C2%89%C3%AC%C2%82%C2%AC%20(172).jpg HTTP/1.1" 200 5829618 "-" "Mozilla/5.0 (compatible; MJ12bot/v1.4.8; http://mj12bot.com/)" "www.ysfine.com"
42.200.228.33 - - [13/Nov/2022:03:51:52 -0800] "GET /class54/class5480/Pictures/2.%C3%AA%C2%B8%C2%B0%C3%AB%C2%85%C2%90%C3%AD%C2%96%C2%89%C3%AC%C2%82%C2%AC/%C3%AA%C2%B8%C2%B0%C3%AB%C2%85%C2%90%C3%AD%C2%96%C2%89%C3%AC%C2%82%C2%AC%20(173).jpg HTTP/1.1" 200 5925715 "-" "Mozilla/5.0 (compatible; MJ12bot/v1.4.8; http://mj12bot.com/)" "www.ysfine.com"
42.200.228.33 - - [13/Nov/2022:03:51:54 -0800] "GET /class54/class5480/Pictures/2.%C3%AA%C2%B8%C2%B0%C3%AB%C2%85%C2%90%C3%AD%C2%96%C2%89%C3%AC%C2%82%C2%AC/%C3%AA%C2%B8%C2%B0%C3%AB%C2%85%C2%90%C3%AD%C2%96%C2%89%C3%AC%C2%82%C2%AC%20(174).jpg HTTP/1.1" 200 5218700 "-" "Mozilla/5.0 (compatible; MJ12bot/v1.4.8; http://mj12bot.com/)" "www.ysfine.com"
42.200.228.33 - - [13/Nov/2022:03:51:57 -0800] "GET /class54/class5480/Pictures/2.%C3%AA%C2%B8%C2%B0%C3%AB%C2%85%C2%90%C3%AD%C2%96%C2%89%C3%AC%C2%82%C2%AC/%C3%AA%C2%B8%C2%B0%C3%AB%C2%85%C2%90%C3%AD%C2%96%C2%89%C3%AC%C2%82%C2%AC%20(175).jpg HTTP/1.1" 200 5978366 "-" "Mozilla/5.0 (compatible; MJ12bot/v1.4.8; http://mj12bot.com/)" "www.ysfine.com"
42.200.228.33 - - [13/Nov/2022:03:52:00 -0800] "GET /class54/class5480/Pictures/2.%C3%AA%C2%B8%C2%B0%C3%AB%C2%85%C2%90%C3%AD%C2%96%C2%89%C3%AC%C2%82%C2%AC/%C3%AA%C2%B8%C2%B0%C3%AB%C2%85%C2%90%C3%AD%C2%96%C2%89%C3%AC%C2%82%C2%AC%20(176).jpg HTTP/1.1" 200 6642604 "-" "Mozilla/5.0 (compatible; MJ12bot/v1.4.8; http://mj12bot.com/)" "www.ysfine.com"
42.200.228.33 - - [13/Nov/2022:03:52:03 -0800] "GET /class54/class5480/Pictures/2.%C3%AA%C2%B8%C2%B0%C3%AB%C2%85%C2%90%C3%AD%C2%96%C2%89%C3%AC%C2%82%C2%AC/%C3%AA%C2%B8%C2%B0%C3%AB%C2%85%C2%90%C3%AD%C2%96%C2%89%C3%AC%C2%82%C2%AC%20(177).jpg HTTP/1.1" 200 7072671 "-" "Mozilla/5.0 (compatible; MJ12bot/v1.4.8; http://mj12bot.com/)" "www.ysfine.com"
157.55.39.6 - - [13/Nov/2022:03:52:05 -0800] "GET /bio/awards/iao.html HTTP/1.1" 404 88 "-" "Mozilla/5.0 (compatible; bingbot/2.0; +http://www.bing.com/bingbot.htm)" "ysfine.com"
42.200.228.33 - - [13/Nov/2022:03:52:06 -0800] "GET /class54/class5480/Pictures/2.%C3%AA%C2%B8%C2%B0%C3%AB%C2%85%C2%90%C3%AD%C2%96%C2%89%C3%AC%C2%82%C2%AC/%C3%AA%C2%B8%C2%B0%C3%AB%C2%85%C2%90%C3%AD%C2%96%C2%89%C3%AC%C2%82%C2%AC%20(178).jpg HTTP/1.1" 200 5740850 "-" "Mozilla/5.0 (compatible; MJ12bot/v1.4.8; http://mj12bot.com/)" "www.ysfine.com"
42.200.228.33 - - [13/Nov/2022:03:52:08 -0800] "GET /class54/class5480/Pictures/2.%C3%AA%C2%B8%C2%B0%C3%AB%C2%85%C2%90%C3%AD%C2%96%C2%89%C3%AC%C2%82%C2%AC/%C3%AA%C2%B8%C2%B0%C3%AB%C2%85%C2%90%C3%AD%C2%96%C2%89%C3%AC%C2%82%C2%AC%20(179).jpg HTTP/1.1" 200 4148005 "-" "Mozilla/5.0 (compatible; MJ12bot/v1.4.8; http://mj12bot.com/)" "www.ysfine.com"
42.200.228.33 - - [13/Nov/2022:03:52:11 -0800] "GET /class54/class5480/Pictures/2.%C3%AA%C2%B8%C2%B0%C3%AB%C2%85%C2%90%C3%AD%C2%96%C2%89%C3%AC%C2%82%C2%AC/%C3%AA%C2%B8%C2%B0%C3%AB%C2%85%C2%90%C3%AD%C2%96%C2%89%C3%AC%C2%82%C2%AC%20(18).jpg HTTP/1.1" 200 3694227 "-" "Mozilla/5.0 (compatible; MJ12bot/v1.4.8; http://mj12bot.com/)" "www.ysfine.com"
42.200.228.33 - - [13/Nov/2022:03:52:13 -0800] "GET /class54/class5480/Pictures/2.%C3%AA%C2%B8%C2%B0%C3%AB%C2%85%C2%90%C3%AD%C2%96%C2%89%C3%AC%C2%82%C2%AC/%C3%AA%C2%B8%C2%B0%C3%AB%C2%85%C2%90%C3%AD%C2%96%C2%89%C3%AC%C2%82%C2%AC%20(180).jpg HTTP/1.1" 200 4810922 "-" "Mozilla/5.0 (compatible; MJ12bot/v1.4.8; http://mj12bot.com/)" "www.ysfine.com"
42.200.228.33 - - [13/Nov/2022:03:52:16 -0800] "GET /class54/class5480/Pictures/2.%C3%AA%C2%B8%C2%B0%C3%AB%C2%85%C2%90%C3%AD%C2%96%C2%89%C3%AC%C2%82%C2%AC/%C3%AA%C2%B8%C2%B0%C3%AB%C2%85%C2%90%C3%AD%C2%96%C2%89%C3%AC%C2%82%C2%AC%20(181).jpg HTTP/1.1" 200 5699951 "-" "Mozilla/5.0 (compatible; MJ12bot/v1.4.8; http://mj12bot.com/)" "www.ysfine.com"
42.200.228.33 - - [13/Nov/2022:03:52:19 -0800] "GET /class54/class5480/Pictures/2.%C3%AA%C2%B8%C2%B0%C3%AB%C2%85%C2%90%C3%AD%C2%96%C2%89%C3%AC%C2%82%C2%AC/%C3%AA%C2%B8%C2%B0%C3%AB%C2%85%C2%90%C3%AD%C2%96%C2%89%C3%AC%C2%82%C2%AC%20(182).jpg HTTP/1.1" 200 7788510 "-" "Mozilla/5.0 (compatible; MJ12bot/v1.4.8; http://mj12bot.com/)" "www.ysfine.com"
42.200.228.33 - - [13/Nov/2022:03:52:22 -0800] "GET /class54/class5480/Pictures/2.%C3%AA%C2%B8%C2%B0%C3%AB%C2%85%C2%90%C3%AD%C2%96%C2%89%C3%AC%C2%82%C2%AC/%C3%AA%C2%B8%C2%B0%C3%AB%C2%85%C2%90%C3%AD%C2%96%C2%89%C3%AC%C2%82%C2%AC%20(183).jpg HTTP/1.1" 200 5414698 "-" "Mozilla/5.0 (compatible; MJ12bot/v1.4.8; http://mj12bot.com/)" "www.ysfine.com"
42.200.228.33 - - [13/Nov/2022:03:52:25 -0800] "GET /class54/class5480/Pictures/2.%C3%AA%C2%B8%C2%B0%C3%AB%C2%85%C2%90%C3%AD%C2%96%C2%89%C3%AC%C2%82%C2%AC/%C3%AA%C2%B8%C2%B0%C3%AB%C2%85%C2%90%C3%AD%C2%96%C2%89%C3%AC%C2%82%C2%AC%20(184).jpg HTTP/1.1" 200 5283643 "-" "Mozilla/5.0 (compatible; MJ12bot/v1.4.8; http://mj12bot.com/)" "www.ysfine.com"
42.200.228.33 - - [13/Nov/2022:03:52:27 -0800] "GET /class54/class5480/Pictures/2.%C3%AA%C2%B8%C2%B0%C3%AB%C2%85%C2%90%C3%AD%C2%96%C2%89%C3%AC%C2%82%C2%AC/%C3%AA%C2%B8%C2%B0%C3%AB%C2%85%C2%90%C3%AD%C2%96%C2%89%C3%AC%C2%82%C2%AC%20(185).jpg HTTP/1.1" 200 6436828 "-" "Mozilla/5.0 (compatible; MJ12bot/v1.4.8; http://mj12bot.com/)" "www.ysfine.com"
42.200.228.33 - - [13/Nov/2022:03:52:30 -0800] "GET /class54/class5480/Pictures/2.%C3%AA%C2%B8%C2%B0%C3%AB%C2%85%C2%90%C3%AD%C2%96%C2%89%C3%AC%C2%82%C2%AC/%C3%AA%C2%B8%C2%B0%C3%AB%C2%85%C2%90%C3%AD%C2%96%C2%89%C3%AC%C2%82%C2%AC%20(186).jpg HTTP/1.1" 200 6479677 "-" "Mozilla/5.0 (compatible; MJ12bot/v1.4.8; http://mj12bot.com/)" "www.ysfine.com"
42.200.228.33 - - [13/Nov/2022:03:52:32 -0800] "GET /class54/class5480/Pictures/2.%C3%AA%C2%B8%C2%B0%C3%AB%C2%85%C2%90%C3%AD%C2%96%C2%89%C3%AC%C2%82%C2%AC/%C3%AA%C2%B8%C2%B0%C3%AB%C2%85%C2%90%C3%AD%C2%96%C2%89%C3%AC%C2%82%C2%AC%20(187).jpg HTTP/1.1" 200 6427964 "-" "Mozilla/5.0 (compatible; MJ12bot/v1.4.8; http://mj12bot.com/)" "www.ysfine.com"
42.200.228.33 - - [13/Nov/2022:03:52:35 -0800] "GET /class54/class5480/Pictures/2.%C3%AA%C2%B8%C2%B0%C3%AB%C2%85%C2%90%C3%AD%C2%96%C2%89%C3%AC%C2%82%C2%AC/%C3%AA%C2%B8%C2%B0%C3%AB%C2%85%C2%90%C3%AD%C2%96%C2%89%C3%AC%C2%82%C2%AC%20(201).jpg HTTP/1.1" 200 7386937 "-" "Mozilla/5.0 (compatible; MJ12bot/v1.4.8; http://mj12bot.com/)" "www.ysfine.com"
42.200.228.33 - - [13/Nov/2022:03:52:38 -0800] "GET /class54/class5480/Pictures/2.%C3%AA%C2%B8%C2%B0%C3%AB%C2%85%C2%90%C3%AD%C2%96%C2%89%C3%AC%C2%82%C2%AC/%C3%AA%C2%B8%C2%B0%C3%AB%C2%85%C2%90%C3%AD%C2%96%C2%89%C3%AC%C2%82%C2%AC%20(202).jpg HTTP/1.1" 200 3803926 "-" "Mozilla/5.0 (compatible; MJ12bot/v1.4.8; http://mj12bot.com/)" "www.ysfine.com"
42.200.228.33 - - [13/Nov/2022:03:52:41 -0800] "GET /class54/class5480/Pictures/2.%C3%AA%C2%B8%C2%B0%C3%AB%C2%85%C2%90%C3%AD%C2%96%C2%89%C3%AC%C2%82%C2%AC/%C3%AA%C2%B8%C2%B0%C3%AB%C2%85%C2%90%C3%AD%C2%96%C2%89%C3%AC%C2%82%C2%AC%20(203).jpg HTTP/1.1" 200 5608507 "-" "Mozilla/5.0 (compatible; MJ12bot/v1.4.8; http://mj12bot.com/)" "www.ysfine.com"
42.200.228.33 - - [13/Nov/2022:03:52:43 -0800] "GET /class54/class5480/Pictures/2.%C3%AA%C2%B8%C2%B0%C3%AB%C2%85%C2%90%C3%AD%C2%96%C2%89%C3%AC%C2%82%C2%AC/%C3%AA%C2%B8%C2%B0%C3%AB%C2%85%C2%90%C3%AD%C2%96%C2%89%C3%AC%C2%82%C2%AC%20(204).jpg HTTP/1.1" 200 5966877 "-" "Mozilla/5.0 (compatible; MJ12bot/v1.4.8; http://mj12bot.com/)" "www.ysfine.com"
211.140.23.130 - - [13/Nov/2022:03:52:46 -0800] "GET /maga/phys/landau35b.jpg HTTP/1.1" 200 26143 "-" "Mozilla/5.0 (Windows NT 10.0; WOW64) AppleWebKit/537.36 (KHTML, like Gecko) Chrome/90.0.4430.212 Safari/537.36" "ysfine.com"
42.200.228.33 - - [13/Nov/2022:03:52:46 -0800] "GET /class54/class5480/Pictures/2.%C3%AA%C2%B8%C2%B0%C3%AB%C2%85%C2%90%C3%AD%C2%96%C2%89%C3%AC%C2%82%C2%AC/%C3%AA%C2%B8%C2%B0%C3%AB%C2%85%C2%90%C3%AD%C2%96%C2%89%C3%AC%C2%82%C2%AC%20(205).jpg HTTP/1.1" 200 6028825 "-" "Mozilla/5.0 (compatible; MJ12bot/v1.4.8; http://mj12bot.com/)" "www.ysfine.com"
207.46.13.134 - - [13/Nov/2022:03:53:11 -0800] "GET /bio/princeton/campus.html HTTP/1.1" 404 88 "-" "Mozilla/5.0 AppleWebKit/537.36 (KHTML, like Gecko; compatible; bingbot/2.0; +http://www.bing.com/bingbot.htm) Chrome/103.0.5060.134 Safari/537.36" "ysfine.com"
207.46.13.134 - - [13/Nov/2022:03:53:12 -0800] "GET /bio/feynman/fphoto.html HTTP/1.1" 404 88 "-" "Mozilla/5.0 (compatible; bingbot/2.0; +http://www.bing.com/bingbot.htm)" "ysfine.com"
185.191.171.24 - - [13/Nov/2022:03:54:19 -0800] "GET /maga/faraday.html HTTP/1.1" 200 6233 "-" "Mozilla/5.0 (compatible; SemrushBot/7~bl; +http://www.semrush.com/bot.html)" "www.ysfine.com"
185.191.171.1 - - [13/Nov/2022:03:54:26 -0800] "GET /robots.txt HTTP/1.1" 404 88 "-" "Mozilla/5.0 (compatible; SemrushBot/7~bl; +http://www.semrush.com/bot.html)" "ysfine.com"
185.191.171.1 - - [13/Nov/2022:03:54:28 -0800] "GET /home/feysavior.html HTTP/1.1" 200 2737 "-" "Mozilla/5.0 (compatible; SemrushBot/7~bl; +http://www.semrush.com/bot.html)" "ysfine.com"
123.125.109.63 - - [13/Nov/2022:03:54:50 -0800] "GET / HTTP/1.1" 200 5283 "-" "Sogou web spider/4.0(+http://www.sogou.com/docs/help/webmasters.htm#07)" "ysfine.com"
216.244.66.229 - - [13/Nov/2022:03:54:59 -0800] "GET /robots.txt HTTP/1.1" 404 73 "-" "Mozilla/5.0 (compatible; DotBot/1.2; +https://opensiteexplorer.org/dotbot; help@moz.com)" "www.ysfine.com"
216.244.66.229 - - [13/Nov/2022:03:54:59 -0800] "GET /robots.txt HTTP/1.1" 404 73 "-" "Mozilla/5.0 (compatible; DotBot/1.2; +https://opensiteexplorer.org/dotbot; help@moz.com)" "ysfine.com"
51.222.253.17 - - [13/Nov/2022:03:55:23 -0800] "GET /princeton/prade.html HTTP/1.1" 200 9863 "-" "Mozilla/5.0 (compatible; AhrefsBot/7.0; +http://ahrefs.com/robot/)" "ysfine.com"
40.77.167.71 - - [13/Nov/2022:03:55:40 -0800] "GET /maga/phil/sisfa12/frame39.html HTTP/1.1" 200 320 "-" "Mozilla/5.0 AppleWebKit/537.36 (KHTML, like Gecko; compatible; bingbot/2.0; +http://www.bing.com/bingbot.htm) Chrome/103.0.5060.134 Safari/537.36" "ysfine.com"
185.191.171.9 - - [13/Nov/2022:03:55:41 -0800] "GET /robots.txt HTTP/1.1" 404 88 "-" "Mozilla/5.0 (compatible; SemrushBot/7~bl; +http://www.semrush.com/bot.html)" "www.ysfine.com"
40.77.167.71 - - [13/Nov/2022:03:55:41 -0800] "GET /bio/genea.html HTTP/1.1" 404 88 "-" "Mozilla/5.0 (compatible; bingbot/2.0; +http://www.bing.com/bingbot.htm)" "ysfine.com"
185.191.171.15 - - [13/Nov/2022:03:55:43 -0800] "GET /maga/huygens.html HTTP/1.1" 200 5039 "-" "Mozilla/5.0 (compatible; SemrushBot/7~bl; +http://www.semrush.com/bot.html)" "www.ysfine.com"
17.121.115.157 - - [13/Nov/2022:03:55:57 -0800] "GET /maga/phys/naimar/pewk05.jpg HTTP/1.1" 200 94458 "-" "Mozilla/5.0 (Macintosh; Intel Mac OS X 10_15_5) AppleWebKit/605.1.15 (KHTML, like Gecko) Version/13.1.1 Safari/605.1.15 (Applebot/0.1; +http://www.apple.com/go/applebot)" "ysfine.com"
157.55.39.129 - - [13/Nov/2022:03:57:03 -0800] "GET /bio/eink/buythisbook.html HTTP/1.1" 404 88 "-" "Mozilla/5.0 (compatible; bingbot/2.0; +http://www.bing.com/bingbot.htm)" "ysfine.com"
93.158.161.38 - - [13/Nov/2022:03:57:10 -0800] "GET /maga/naimark.html HTTP/1.1" 200 4603 "-" "Mozilla/5.0 (compatible; YandexBot/3.0; +http://yandex.com/bots)" "www.ysfine.com"
157.55.39.6 - - [13/Nov/2022:03:58:06 -0800] "GET /bio/einstein/bern.html HTTP/1.1" 404 88 "-" "Mozilla/5.0 (compatible; bingbot/2.0; +http://www.bing.com/bingbot.htm)" "ysfine.com"
157.55.39.76 - - [13/Nov/2022:03:58:10 -0800] "GET /maga/phil/sisfa12/frame01.html HTTP/1.1" 200 304 "-" "Mozilla/5.0 AppleWebKit/537.36 (KHTML, like Gecko; compatible; bingbot/2.0; +http://www.bing.com/bingbot.htm) Chrome/103.0.5060.134 Safari/537.36" "ysfine.com"
157.55.39.76 - - [13/Nov/2022:03:58:11 -0800] "GET /bio/bio07.html HTTP/1.1" 404 88 "-" "Mozilla/5.0 (compatible; bingbot/2.0; +http://www.bing.com/bingbot.htm)" "ysfine.com"
157.55.39.129 - - [13/Nov/2022:03:59:13 -0800] "GET /remote/princeton/campus.html HTTP/1.1" 404 88 "-" "Mozilla/5.0 (compatible; bingbot/2.0; +http://www.bing.com/bingbot.htm)" "ysfine.com"
157.55.39.6 - - [13/Nov/2022:03:59:17 -0800] "GET /bio/bio06.html HTTP/1.1" 404 88 "-" "Mozilla/5.0 (compatible; bingbot/2.0; +http://www.bing.com/bingbot.htm)" "ysfine.com"
216.244.66.229 - - [13/Nov/2022:03:59:30 -0800] "GET /ffriends/aline/virgin03.jpg HTTP/1.1" 200 108967 "-" "Mozilla/5.0 (compatible; DotBot/1.2; +https://opensiteexplorer.org/dotbot; help@moz.com)" "ysfine.com"
31.186.166.198 - - [13/Nov/2022:03:59:55 -0800] "GET /people/wheeler.html HTTP/1.1" 200 3348 "http://mailsweeper.astron.nl:32224/" "Mozilla/5.0 (Windows NT 10.0; Win64; x64) AppleWebKit/537.36 (KHTML, like Gecko) Chrome/105.0.0.0 Safari/537.36" "ysfine.com"
31.186.166.198 - - [13/Nov/2022:03:59:56 -0800] "GET /eink/pwk19c.jpg HTTP/1.1" 200 57759 "https://ysfine.com/people/wheeler.html" "Mozilla/5.0 (Windows NT 10.0; Win64; x64) AppleWebKit/537.36 (KHTML, like Gecko) Chrome/105.0.0.0 Safari/537.36" "ysfine.com"
31.186.166.198 - - [13/Nov/2022:03:59:56 -0800] "GET /people/wheegris2.jpg HTTP/1.1" 200 31718 "https://ysfine.com/people/wheeler.html" "Mozilla/5.0 (Windows NT 10.0; Win64; x64) AppleWebKit/537.36 (KHTML, like Gecko) Chrome/105.0.0.0 Safari/537.36" "ysfine.com"
31.186.166.198 - - [13/Nov/2022:03:59:56 -0800] "GET /kobak/taylor33c.jpg HTTP/1.1" 200 39951 "https://ysfine.com/people/wheeler.html" "Mozilla/5.0 (Windows NT 10.0; Win64; x64) AppleWebKit/537.36 (KHTML, like Gecko) Chrome/105.0.0.0 Safari/537.36" "ysfine.com"
31.186.166.198 - - [13/Nov/2022:03:59:56 -0800] "GET /people/wheekim2.jpg HTTP/1.1" 200 46245 "https://ysfine.com/people/wheeler.html" "Mozilla/5.0 (Windows NT 10.0; Win64; x64) AppleWebKit/537.36 (KHTML, like Gecko) Chrome/105.0.0.0 Safari/537.36" "ysfine.com"
31.186.166.198 - - [13/Nov/2022:03:59:56 -0800] "GET /people/wheemos2.jpg HTTP/1.1" 200 46241 "https://ysfine.com/people/wheeler.html" "Mozilla/5.0 (Windows NT 10.0; Win64; x64) AppleWebKit/537.36 (KHTML, like Gecko) Chrome/105.0.0.0 Safari/537.36" "ysfine.com"
31.186.166.198 - - [13/Nov/2022:03:59:56 -0800] "GET /people/wheemaine2.jpg HTTP/1.1" 200 34617 "https://ysfine.com/people/wheeler.html" "Mozilla/5.0 (Windows NT 10.0; Win64; x64) AppleWebKit/537.36 (KHTML, like Gecko) Chrome/105.0.0.0 Safari/537.36" "ysfine.com"
31.186.166.198 - - [13/Nov/2022:03:59:57 -0800] "GET /home/yshome.html HTTP/1.1" 200 5646 "https://ysfine.com/people/wheeler.html" "Mozilla/5.0 (Windows NT 10.0; Win64; x64) AppleWebKit/537.36 (KHTML, like Gecko) Chrome/105.0.0.0 Safari/537.36" "ysfine.com"
31.186.166.198 - - [13/Nov/2022:03:59:58 -0800] "GET /home/goodbad450.jpg HTTP/1.1" 200 32258 "https://ysfine.com/home/yshome.html" "Mozilla/5.0 (Windows NT 10.0; Win64; x64) AppleWebKit/537.36 (KHTML, like Gecko) Chrome/105.0.0.0 Safari/537.36" "ysfine.com"
31.186.166.198 - - [13/Nov/2022:03:59:58 -0800] "GET /eink/ewk86f.jpg HTTP/1.1" 200 122173 "https://ysfine.com/home/yshome.html" "Mozilla/5.0 (Windows NT 10.0; Win64; x64) AppleWebKit/537.36 (KHTML, like Gecko) Chrome/105.0.0.0 Safari/537.36" "ysfine.com"
31.186.166.198 - - [13/Nov/2022:03:59:58 -0800] "GET /home/truck450.jpg HTTP/1.1" 200 42871 "https://ysfine.com/home/yshome.html" "Mozilla/5.0 (Windows NT 10.0; Win64; x64) AppleWebKit/537.36 (KHTML, like Gecko) Chrome/105.0.0.0 Safari/537.36" "ysfine.com"
31.186.166.198 - - [13/Nov/2022:03:59:58 -0800] "GET /home/facu450.jpg HTTP/1.1" 200 74535 "https://ysfine.com/home/yshome.html" "Mozilla/5.0 (Windows NT 10.0; Win64; x64) AppleWebKit/537.36 (KHTML, like Gecko) Chrome/105.0.0.0 Safari/537.36" "ysfine.com"
31.186.166.198 - - [13/Nov/2022:03:59:59 -0800] "GET /home/eink450.jpg HTTP/1.1" 200 66794 "https://ysfine.com/home/yshome.html" "Mozilla/5.0 (Windows NT 10.0; Win64; x64) AppleWebKit/537.36 (KHTML, like Gecko) Chrome/105.0.0.0 Safari/537.36" "ysfine.com"
31.186.166.198 - - [13/Nov/2022:03:59:59 -0800] "GET /home/top21d.jpg HTTP/1.1" 200 74409 "https://ysfine.com/home/yshome.html" "Mozilla/5.0 (Windows NT 10.0; Win64; x64) AppleWebKit/537.36 (KHTML, like Gecko) Chrome/105.0.0.0 Safari/537.36" "ysfine.com"
31.186.166.198 - - [13/Nov/2022:03:59:59 -0800] "GET /home/washmo23d.jpg HTTP/1.1" 200 32142 "https://ysfine.com/home/yshome.html" "Mozilla/5.0 (Windows NT 10.0; Win64; x64) AppleWebKit/537.36 (KHTML, like Gecko) Chrome/105.0.0.0 Safari/537.36" "ysfine.com"
31.186.166.198 - - [13/Nov/2022:04:00:00 -0800] "GET /home/eindc03d.jpg HTTP/1.1" 200 95860 "https://ysfine.com/home/yshome.html" "Mozilla/5.0 (Windows NT 10.0; Win64; x64) AppleWebKit/537.36 (KHTML, like Gecko) Chrome/105.0.0.0 Safari/537.36" "ysfine.com"
31.186.166.198 - - [13/Nov/2022:04:00:00 -0800] "GET /eink/einhaus33c.jpg HTTP/1.1" 200 23792 "https://ysfine.com/home/yshome.html" "Mozilla/5.0 (Windows NT 10.0; Win64; x64) AppleWebKit/537.36 (KHTML, like Gecko) Chrome/105.0.0.0 Safari/537.36" "ysfine.com"
31.186.166.198 - - [13/Nov/2022:04:00:00 -0800] "GET /eink/einhaus11c.jpg HTTP/1.1" 200 42522 "https://ysfine.com/home/yshome.html" "Mozilla/5.0 (Windows NT 10.0; Win64; x64) AppleWebKit/537.36 (KHTML, like Gecko) Chrome/105.0.0.0 Safari/537.36" "ysfine.com"
31.186.166.198 - - [13/Nov/2022:04:00:00 -0800] "GET /home/taylor500.jpg HTTP/1.1" 200 79197 "https://ysfine.com/home/yshome.html" "Mozilla/5.0 (Windows NT 10.0; Win64; x64) AppleWebKit/537.36 (KHTML, like Gecko) Chrome/105.0.0.0 Safari/537.36" "ysfine.com"
31.186.166.198 - - [13/Nov/2022:04:00:00 -0800] "GET /home/1987pr22d.jpg HTTP/1.1" 200 66428 "https://ysfine.com/home/yshome.html" "Mozilla/5.0 (Windows NT 10.0; Win64; x64) AppleWebKit/537.36 (KHTML, like Gecko) Chrome/105.0.0.0 Safari/537.36" "ysfine.com"
31.186.166.198 - - [13/Nov/2022:04:00:01 -0800] "GET /home/eink54f.jpg HTTP/1.1" 200 96332 "https://ysfine.com/home/yshome.html" "Mozilla/5.0 (Windows NT 10.0; Win64; x64) AppleWebKit/537.36 (KHTML, like Gecko) Chrome/105.0.0.0 Safari/537.36" "ysfine.com"
31.186.166.198 - - [13/Nov/2022:04:00:01 -0800] "GET /home/eward55f.jpg HTTP/1.1" 200 122802 "https://ysfine.com/home/yshome.html" "Mozilla/5.0 (Windows NT 10.0; Win64; x64) AppleWebKit/537.36 (KHTML, like Gecko) Chrome/105.0.0.0 Safari/537.36" "ysfine.com"
51.222.253.16 - - [13/Nov/2022:04:00:03 -0800] "GET /remote/wigner111/frame24.html HTTP/1.1" 200 662 "-" "Mozilla/5.0 (compatible; AhrefsBot/7.0; +http://ahrefs.com/robot/)" "ysfine.com"
216.244.66.229 - - [13/Nov/2022:04:00:10 -0800] "GET /ffriends/spastu02.jpg HTTP/1.1" 200 148463 "-" "Mozilla/5.0 (compatible; DotBot/1.2; +https://opensiteexplorer.org/dotbot; help@moz.com)" "ysfine.com"
72.14.201.15 - - [13/Nov/2022:04:00:20 -0800] "GET /dirac/wigsis.html HTTP/1.1" 200 10275 "-" "Mozilla/5.0 (Linux; Android 10; K) AppleWebKit/537.36 (KHTML, like Gecko) Chrome/107.0.0.0 Mobile Safari/537.36" "ysfine.com"
157.55.39.129 - - [13/Nov/2022:04:00:24 -0800] "GET /bio/optics.html HTTP/1.1" 404 88 "-" "Mozilla/5.0 (compatible; bingbot/2.0; +http://www.bing.com/bingbot.htm)" "ysfine.com"
216.244.66.229 - - [13/Nov/2022:04:00:43 -0800] "GET /ffriends/amkor/prgr02.jpg HTTP/1.1" 200 119575 "-" "Mozilla/5.0 (compatible; DotBot/1.2; +https://opensiteexplorer.org/dotbot; help@moz.com)" "ysfine.com"
95.163.255.81 - - [13/Nov/2022:04:00:51 -0800] "GET /robots.txt HTTP/1.1" 404 73 "-" "Mozilla/5.0 (compatible; Linux x86_64; Mail.RU_Bot/Img/2.0; +https://help.mail.ru/webmaster/indexing/robots)" "www.ysfine.com"
69.194.143.140 - - [13/Nov/2022:04:01:55 -0800] "GET /ads.txt HTTP/1.1" 404 88 "-" "Mozilla/5.0 (Macintosh; Intel Mac OS X 10_15_7) AppleWebKit/537.36 (KHTML, like Gecko) Chrome/107.0.0.0 Safari/537.36" "ysfine.com"
69.194.143.140 - - [13/Nov/2022:04:01:55 -0800] "GET /ads.txt HTTP/1.1" 404 88 "-" "Mozilla/5.0 (Macintosh; Intel Mac OS X 10_15_7) AppleWebKit/537.36 (KHTML, like Gecko) Chrome/107.0.0.0 Safari/537.36" "ysfine.com"
81.25.150.194 - - [13/Nov/2022:04:02:02 -0800] "GET /maga/phys/yukafeyn3.jpg HTTP/1.1" 200 41879 "https://www.google.com/" "Mozilla/5.0 (X11; CrOS aarch64 14989.107.0) AppleWebKit/537.36 (KHTML, like Gecko) Chrome/105.0.0.0 Safari/537.36" "ysfine.com"
157.55.39.129 - - [13/Nov/2022:04:02:32 -0800] "GET /ysbio/ffriends/amkor/hillary.html HTTP/1.1" 404 88 "-" "Mozilla/5.0 (compatible; bingbot/2.0; +http://www.bing.com/bingbot.htm)" "ysfine.com"
185.191.171.34 - - [13/Nov/2022:04:02:36 -0800] "GET /einstein/fantova/fantova.html HTTP/1.1" 200 6506 "-" "Mozilla/5.0 (compatible; SemrushBot/7~bl; +http://www.semrush.com/bot.html)" "www.ysfine.com"
95.163.255.110 - - [13/Nov/2022:04:03:01 -0800] "GET /robots.txt HTTP/1.1" 404 73 "-" "Mozilla/5.0 (compatible; Linux x86_64; Mail.RU_Bot/Img/2.0; +https://help.mail.ru/webmaster/indexing/robots)" "ysfine.com"
185.191.171.17 - - [13/Nov/2022:04:03:18 -0800] "GET /remote/wigner111/frame27.html HTTP/1.1" 200 534 "-" "Mozilla/5.0 (compatible; SemrushBot/7~bl; +http://www.semrush.com/bot.html)" "www.ysfine.com"
157.55.39.6 - - [13/Nov/2022:04:03:26 -0800] "GET /bio/style/leica.html HTTP/1.1" 404 88 "-" "Mozilla/5.0 AppleWebKit/537.36 (KHTML, like Gecko; compatible; bingbot/2.0; +http://www.bing.com/bingbot.htm) Chrome/103.0.5060.134 Safari/537.36" "ysfine.com"
135.148.232.31 - - [13/Nov/2022:04:03:57 -0800] "GET /yspapers/newphys75.pdf HTTP/1.1" 200 264527 "-" "curl/7.74.0" "ysfine.com"
95.163.255.110 - - [13/Nov/2022:04:04:33 -0800] "GET /remote/wigner111/frame14.html HTTP/1.1" 200 728 "http://go.mail.ru/search_images" "Mozilla/5.0 (compatible; Linux x86_64; Mail.RU_Bot/Img/2.0; +https://help.mail.ru/webmaster/indexing/robots)" "www.ysfine.com"
51.222.253.1 - - [13/Nov/2022:04:05:22 -0800] "GET /feynman/fagenda.html HTTP/1.1" 200 2089 "-" "Mozilla/5.0 (compatible; AhrefsBot/7.0; +http://ahrefs.com/robot/)" "www.ysfine.com"
95.163.255.61 - - [13/Nov/2022:04:05:32 -0800] "GET /dirac/dirackim62.html HTTP/1.1" 200 2970 "http://go.mail.ru/search_images" "Mozilla/5.0 (compatible; Linux x86_64; Mail.RU_Bot/Img/2.0; +https://help.mail.ru/webmaster/indexing/robots)" "www.ysfine.com"
157.55.39.6 - - [13/Nov/2022:04:05:45 -0800] "GET /bio/dirac/diracpol.html HTTP/1.1" 404 88 "-" "Mozilla/5.0 AppleWebKit/537.36 (KHTML, like Gecko; compatible; bingbot/2.0; +http://www.bing.com/bingbot.htm) Chrome/103.0.5060.134 Safari/537.36" "ysfine.com"
157.55.39.6 - - [13/Nov/2022:04:05:46 -0800] "GET /bio/kobak/namdae.html HTTP/1.1" 404 88 "-" "Mozilla/5.0 (compatible; bingbot/2.0; +http://www.bing.com/bingbot.htm)" "ysfine.com"
95.163.255.110 - - [13/Nov/2022:04:06:24 -0800] "GET /wigner/wigleft.html HTTP/1.1" 200 659 "http://go.mail.ru/search_images" "Mozilla/5.0 (compatible; Linux x86_64; Mail.RU_Bot/Img/2.0; +https://help.mail.ru/webmaster/indexing/robots)" "www.ysfine.com"
157.55.39.129 - - [13/Nov/2022:04:06:43 -0800] "GET /bio/world/kalinin22.html HTTP/1.1" 404 88 "-" "Mozilla/5.0 AppleWebKit/537.36 (KHTML, like Gecko; compatible; bingbot/2.0; +http://www.bing.com/bingbot.htm) Chrome/103.0.5060.134 Safari/537.36" "ysfine.com"
95.163.255.100 - - [13/Nov/2022:04:06:57 -0800] "GET /wigner/wigpic.html HTTP/1.1" 200 134 "http://go.mail.ru/search_images" "Mozilla/5.0 (compatible; Linux x86_64; Mail.RU_Bot/Img/2.0; +https://help.mail.ru/webmaster/indexing/robots)" "www.ysfine.com"
95.163.255.101 - - [13/Nov/2022:04:07:25 -0800] "GET /wigner/vankam.html HTTP/1.1" 200 897 "http://go.mail.ru/search_images" "Mozilla/5.0 (compatible; Linux x86_64; Mail.RU_Bot/Img/2.0; +https://help.mail.ru/webmaster/indexing/robots)" "www.ysfine.com"
77.88.5.237 - - [13/Nov/2022:04:07:41 -0800] "GET /yspapers/restof.pdf HTTP/1.1" 404 88 "-" "Mozilla/5.0 (compatible; YandexBot/3.0; +http://yandex.com/bots)" "www.ysfine.com"
95.163.255.90 - - [13/Nov/2022:04:07:43 -0800] "GET /kobak/korigh.html HTTP/1.1" 200 9853 "http://go.mail.ru/search_images" "Mozilla/5.0 (compatible; Linux x86_64; Mail.RU_Bot/Img/2.0; +https://help.mail.ru/webmaster/indexing/robots)" "ysfine.com"
77.88.5.166 - - [13/Nov/2022:04:07:44 -0800] "GET /yspapers/restof.pdf HTTP/1.1" 404 88 "-" "Mozilla/5.0 (compatible; YandexBot/3.0; +http://yandex.com/bots)" "www.ysfine.com"
185.191.171.3 - - [13/Nov/2022:04:08:09 -0800] "GET /dirac/dirpoet.html HTTP/1.1" 200 7966 "-" "Mozilla/5.0 (compatible; SemrushBot/7~bl; +http://www.semrush.com/bot.html)" "ysfine.com"
157.55.39.76 - - [13/Nov/2022:04:08:10 -0800] "GET /bio/sbk/1950.html HTTP/1.1" 404 88 "-" "Mozilla/5.0 AppleWebKit/537.36 (KHTML, like Gecko; compatible; bingbot/2.0; +http://www.bing.com/bingbot.htm) Chrome/103.0.5060.134 Safari/537.36" "ysfine.com"
207.46.13.134 - - [13/Nov/2022:04:08:15 -0800] "GET /bio/pquartet.html HTTP/1.1" 404 88 "-" "Mozilla/5.0 AppleWebKit/537.36 (KHTML, like Gecko; compatible; bingbot/2.0; +http://www.bing.com/bingbot.htm) Chrome/103.0.5060.134 Safari/537.36" "ysfine.com"
185.191.171.2 - - [13/Nov/2022:04:09:27 -0800] "GET /people/wheeler.html HTTP/1.1" 200 3348 "-" "Mozilla/5.0 (compatible; SemrushBot/7~bl; +http://www.semrush.com/bot.html)" "ysfine.com"
51.222.253.1 - - [13/Nov/2022:04:10:28 -0800] "GET /ysbio/folks/moso.html HTTP/1.1" 404 88 "-" "Mozilla/5.0 (compatible; AhrefsBot/7.0; +http://ahrefs.com/robot/)" "www.ysfine.com"
216.244.66.229 - - [13/Nov/2022:04:10:31 -0800] "GET /ffriends/aline/chinaeast08.jpg HTTP/1.1" 200 99179 "-" "Mozilla/5.0 (compatible; DotBot/1.2; +https://opensiteexplorer.org/dotbot; help@moz.com)" "ysfine.com"
216.244.66.229 - - [13/Nov/2022:04:11:13 -0800] "GET /ffriends/amkor/amstu02.jpg HTTP/1.1" 200 118247 "-" "Mozilla/5.0 (compatible; DotBot/1.2; +https://opensiteexplorer.org/dotbot; help@moz.com)" "ysfine.com"
185.191.171.2 - - [13/Nov/2022:04:11:25 -0800] "GET /ysbio/beau/italia.html HTTP/1.1" 404 88 "-" "Mozilla/5.0 (compatible; SemrushBot/7~bl; +http://www.semrush.com/bot.html)" "www.ysfine.com"
223.178.43.186 - - [13/Nov/2022:04:11:57 -0800] "GET /kobak/kimjap22.jpg HTTP/1.1" 200 84603 "https://www.google.com/" "Mozilla/5.0 (Windows NT 10.0; Win64; x64) AppleWebKit/537.36 (KHTML, like Gecko) Chrome/107.0.0.0 Safari/537.36" "ysfine.com"
207.46.13.134 - - [13/Nov/2022:04:12:04 -0800] "GET /bio/wigner/e(2).html HTTP/1.1" 404 88 "-" "Mozilla/5.0 AppleWebKit/537.36 (KHTML, like Gecko; compatible; bingbot/2.0; +http://www.bing.com/bingbot.htm) Chrome/103.0.5060.134 Safari/537.36" "ysfine.com"
223.176.65.64 - - [13/Nov/2022:04:12:21 -0800] "GET /yspapers/iopbook15.pdf HTTP/1.1" 200 2962673 "https://www.google.com/" "Mozilla/5.0 (Windows NT 10.0; Win64; x64) AppleWebKit/537.36 (KHTML, like Gecko) Chrome/107.0.0.0 Safari/537.36" "ysfine.com"
223.176.65.64 - - [13/Nov/2022:04:12:22 -0800] "GET /favicon.ico HTTP/1.1" 404 88 "https://ysfine.com/yspapers/iopbook15.pdf" "Mozilla/5.0 (Windows NT 10.0; Win64; x64) AppleWebKit/537.36 (KHTML, like Gecko) Chrome/107.0.0.0 Safari/537.36" "ysfine.com"
216.244.66.229 - - [13/Nov/2022:04:12:53 -0800] "GET /class54/ichiro11.jpg HTTP/1.1" 200 129061 "-" "Mozilla/5.0 (compatible; DotBot/1.2; +https://opensiteexplorer.org/dotbot; help@moz.com)" "ysfine.com"
62.150.13.178 - - [13/Nov/2022:04:13:18 -0800] "GET /dirac/dirac2.jpg HTTP/1.1" 200 31039 "https://www.google.com/" "Mozilla/5.0 (Windows NT 10.0; Win64; x64) AppleWebKit/537.36 (KHTML, like Gecko) Chrome/107.0.0.0 Safari/537.36" "ysfine.com"
93.158.161.48 - - [13/Nov/2022:04:13:42 -0800] "GET /style/artlove.html HTTP/1.1" 200 16005 "-" "Mozilla/5.0 (compatible; YandexBot/3.0; +http://yandex.com/bots)" "www.ysfine.com"
216.244.66.229 - - [13/Nov/2022:04:13:43 -0800] "GET /ffriends/ghigh02.jpg HTTP/1.1" 200 173850 "-" "Mozilla/5.0 (compatible; DotBot/1.2; +https://opensiteexplorer.org/dotbot; help@moz.com)" "ysfine.com"
188.226.197.248 - - [13/Nov/2022:04:13:50 -0800] "GET /confer/listall.html HTTP/1.1" 200 6460 "-" "Mozilla/5.0 (X11; Linux x86_64) AppleWebKit/537.36 (KHTML, like Gecko) Chrome/84.0.4147.125 Safari/537.36" "ysfine.com"
72.92.22.199 - - [13/Nov/2022:04:14:02 -0800] "GET /princeton/alexan22.jpg HTTP/1.1" 200 175436 "https://www.google.com/" "Mozilla/5.0 (iPhone; CPU iPhone OS 13_3_1 like Mac OS X) AppleWebKit/605.1.15 (KHTML, like Gecko) Version/13.0.5 Mobile/15E148 Safari/604.1" "ysfine.com"
216.244.66.229 - - [13/Nov/2022:04:15:04 -0800] "GET /ffriends/amkor/ewha33.jpg HTTP/1.1" 200 239419 "-" "Mozilla/5.0 (compatible; DotBot/1.2; +https://opensiteexplorer.org/dotbot; help@moz.com)" "ysfine.com"
40.77.167.71 - - [13/Nov/2022:04:15:22 -0800] "GET /bio/feynman/partons.html HTTP/1.1" 404 88 "-" "Mozilla/5.0 (compatible; bingbot/2.0; +http://www.bing.com/bingbot.htm)" "ysfine.com"
40.77.167.71 - - [13/Nov/2022:04:15:23 -0800] "GET /bio/internal.html HTTP/1.1" 404 88 "-" "Mozilla/5.0 AppleWebKit/537.36 (KHTML, like Gecko; compatible; bingbot/2.0; +http://www.bing.com/bingbot.htm) Chrome/103.0.5060.134 Safari/537.36" "ysfine.com"
216.244.66.229 - - [13/Nov/2022:04:15:54 -0800] "GET /ffriends/amkor/parkgh01.jpg HTTP/1.1" 200 79385 "-" "Mozilla/5.0 (compatible; DotBot/1.2; +https://opensiteexplorer.org/dotbot; help@moz.com)" "ysfine.com"
51.222.253.7 - - [13/Nov/2022:04:16:08 -0800] "GET /dirac/diracpol.html HTTP/1.1" 200 3380 "-" "Mozilla/5.0 (compatible; AhrefsBot/7.0; +http://ahrefs.com/robot/)" "www.ysfine.com"
157.55.39.6 - - [13/Nov/2022:04:16:26 -0800] "GET /bio/world/leipzig.html HTTP/1.1" 404 88 "-" "Mozilla/5.0 (compatible; bingbot/2.0; +http://www.bing.com/bingbot.htm)" "ysfine.com"
216.244.66.229 - - [13/Nov/2022:04:16:29 -0800] "GET /ffriends/peru22.jpg HTTP/1.1" 200 79810 "-" "Mozilla/5.0 (compatible; DotBot/1.2; +https://opensiteexplorer.org/dotbot; help@moz.com)" "ysfine.com"
207.46.13.134 - - [13/Nov/2022:04:16:34 -0800] "GET /bio/style/ystyle.html HTTP/1.1" 404 88 "-" "Mozilla/5.0 (compatible; bingbot/2.0; +http://www.bing.com/bingbot.htm)" "ysfine.com"
207.46.13.134 - - [13/Nov/2022:04:17:04 -0800] "GET /bio/houses/myhouse.html HTTP/1.1" 404 88 "-" "Mozilla/5.0 (compatible; bingbot/2.0; +http://www.bing.com/bingbot.htm)" "ysfine.com"
188.6.29.36 - - [13/Nov/2022:04:17:21 -0800] "GET /world/germany/vienna05.jpg HTTP/1.1" 200 183747 "https://www.bing.com/" "Mozilla/5.0 (Windows NT 10.0; Win64; x64) AppleWebKit/537.36 (KHTML, like Gecko) Chrome/107.0.0.0 Safari/537.36 Edg/107.0.1418.24" "www.ysfine.com"
40.77.167.27 - - [13/Nov/2022:04:17:33 -0800] "GET /bio/style/proschanie.html HTTP/1.1" 404 88 "-" "Mozilla/5.0 (compatible; bingbot/2.0; +http://www.bing.com/bingbot.htm)" "ysfine.com"
216.244.66.229 - - [13/Nov/2022:04:17:35 -0800] "GET /ffriends/austra09.jpg HTTP/1.1" 200 88386 "-" "Mozilla/5.0 (compatible; DotBot/1.2; +https://opensiteexplorer.org/dotbot; help@moz.com)" "ysfine.com"
40.76.173.151 - - [13/Nov/2022:04:17:36 -0800] "GET /robots.txt HTTP/1.1" 404 88 "-" "DuckDuckBot-Https/1.1; (+https://duckduckgo.com/duckduckbot)" "ysfine.com"
40.76.173.151 - - [13/Nov/2022:04:17:36 -0800] "GET / HTTP/1.1" 200 5283 "-" "DuckDuckBot-Https/1.1; (+https://duckduckgo.com/duckduckbot)" "ysfine.com"
157.55.39.129 - - [13/Nov/2022:04:17:38 -0800] "GET /bio/kobak/soraech.html HTTP/1.1" 404 88 "-" "Mozilla/5.0 (compatible; bingbot/2.0; +http://www.bing.com/bingbot.htm)" "ysfine.com"
40.76.173.151 - - [13/Nov/2022:04:17:57 -0800] "GET /home/index.html HTTP/1.1" 200 142 "-" "'DuckDuckBot-Https/1.1; (+https://duckduckgo.com/duckduckbot)'" "ysfine.com"
40.76.173.151 - - [13/Nov/2022:04:17:57 -0800] "GET /home/hmtop.html HTTP/1.1" 200 447 "https://ysfine.com/home/index.html" "'DuckDuckBot-Https/1.1; (+https://duckduckgo.com/duckduckbot)'" "ysfine.com"
40.76.173.151 - - [13/Nov/2022:04:17:57 -0800] "GET /home/hmbot.html HTTP/1.1" 200 132 "https://ysfine.com/home/index.html" "'DuckDuckBot-Https/1.1; (+https://duckduckgo.com/duckduckbot)'" "ysfine.com"
40.76.173.151 - - [13/Nov/2022:04:17:58 -0800] "GET /home/hmleft.html HTTP/1.1" 200 857 "https://ysfine.com/home/hmbot.html" "'DuckDuckBot-Https/1.1; (+https://duckduckgo.com/duckduckbot)'" "ysfine.com"
40.76.173.151 - - [13/Nov/2022:04:17:58 -0800] "GET /home/hmrigh.html HTTP/1.1" 200 4207 "https://ysfine.com/home/hmbot.html" "'DuckDuckBot-Https/1.1; (+https://duckduckgo.com/duckduckbot)'" "ysfine.com"
40.76.173.151 - - [13/Nov/2022:04:17:58 -0800] "GET /home/top21c.jpg HTTP/1.1" 200 53120 "https://ysfine.com/home/hmrigh.html" "'DuckDuckBot-Https/1.1; (+https://duckduckgo.com/duckduckbot)'" "ysfine.com"
40.76.173.151 - - [13/Nov/2022:04:17:58 -0800] "GET /awards/eward55a.jpg HTTP/1.1" 200 85213 "https://ysfine.com/home/hmrigh.html" "'DuckDuckBot-Https/1.1; (+https://duckduckgo.com/duckduckbot)'" "ysfine.com"
40.76.173.151 - - [13/Nov/2022:04:17:58 -0800] "GET /home/eink77c.jpg HTTP/1.1" 200 47471 "https://ysfine.com/home/hmrigh.html" "'DuckDuckBot-Https/1.1; (+https://duckduckgo.com/duckduckbot)'" "ysfine.com"
40.76.173.151 - - [13/Nov/2022:04:17:58 -0800] "GET /home/further22a.jpg HTTP/1.1" 200 75776 "https://ysfine.com/home/hmrigh.html" "'DuckDuckBot-Https/1.1; (+https://duckduckgo.com/duckduckbot)'" "ysfine.com"
40.76.173.151 - - [13/Nov/2022:04:17:58 -0800] "GET /home/emc22a.jpg HTTP/1.1" 200 59239 "https://ysfine.com/home/hmrigh.html" "'DuckDuckBot-Https/1.1; (+https://duckduckgo.com/duckduckbot)'" "ysfine.com"
40.76.173.151 - - [13/Nov/2022:04:17:58 -0800] "GET /home/figs/einbohr33c.jpg HTTP/1.1" 200 36413 "https://ysfine.com/home/hmrigh.html" "'DuckDuckBot-Https/1.1; (+https://duckduckgo.com/duckduckbot)'" "ysfine.com"
40.76.173.151 - - [13/Nov/2022:04:17:58 -0800] "GET /home/comet50a.jpg HTTP/1.1" 200 52015 "https://ysfine.com/home/hmrigh.html" "'DuckDuckBot-Https/1.1; (+https://duckduckgo.com/duckduckbot)'" "ysfine.com"
40.76.173.151 - - [13/Nov/2022:04:17:58 -0800] "GET /home/facu63c.jpg HTTP/1.1" 200 41710 "https://ysfine.com/home/hmrigh.html" "'DuckDuckBot-Https/1.1; (+https://duckduckgo.com/duckduckbot)'" "ysfine.com"
40.76.173.151 - - [13/Nov/2022:04:17:58 -0800] "GET /home/tollwig11c.jpg HTTP/1.1" 200 28199 "https://ysfine.com/home/hmrigh.html" "'DuckDuckBot-Https/1.1; (+https://duckduckgo.com/duckduckbot)'" "ysfine.com"
40.76.173.151 - - [13/Nov/2022:04:17:58 -0800] "GET /home/think55c.jpg HTTP/1.1" 200 37438 "https://ysfine.com/home/hmrigh.html" "'DuckDuckBot-Https/1.1; (+https://duckduckgo.com/duckduckbot)'" "ysfine.com"
40.76.173.151 - - [13/Nov/2022:04:17:58 -0800] "GET /home/socrates55c.jpg HTTP/1.1" 200 36471 "https://ysfine.com/home/hmrigh.html" "'DuckDuckBot-Https/1.1; (+https://duckduckgo.com/duckduckbot)'" "ysfine.com"
40.76.173.151 - - [13/Nov/2022:04:17:58 -0800] "GET /home/coke300.jpg HTTP/1.1" 200 50941 "https://ysfine.com/home/hmrigh.html" "'DuckDuckBot-Https/1.1; (+https://duckduckgo.com/duckduckbot)'" "ysfine.com"
40.76.173.151 - - [13/Nov/2022:04:17:58 -0800] "GET /home/eink/einhaus11c.jpg HTTP/1.1" 404 88 "https://ysfine.com/home/hmrigh.html" "'DuckDuckBot-Https/1.1; (+https://duckduckgo.com/duckduckbot)'" "ysfine.com"
40.76.173.151 - - [13/Nov/2022:04:17:58 -0800] "GET /home/eink/einhaus33c.jpg HTTP/1.1" 404 88 "https://ysfine.com/home/hmrigh.html" "'DuckDuckBot-Https/1.1; (+https://duckduckgo.com/duckduckbot)'" "ysfine.com"
40.76.173.151 - - [13/Nov/2022:04:17:58 -0800] "GET /home/kobak/taylor33c.jpg HTTP/1.1" 404 88 "https://ysfine.com/home/hmrigh.html" "'DuckDuckBot-Https/1.1; (+https://duckduckgo.com/duckduckbot)'" "ysfine.com"
40.76.173.151 - - [13/Nov/2022:04:17:58 -0800] "GET /eink/eink54a.jpg HTTP/1.1" 200 79717 "https://ysfine.com/home/hmrigh.html" "'DuckDuckBot-Https/1.1; (+https://duckduckgo.com/duckduckbot)'" "ysfine.com"
40.76.173.151 - - [13/Nov/2022:04:17:58 -0800] "GET /home/index.html HTTP/1.1" 200 142 "-" "'DuckDuckBot-Https/1.1; (+https://duckduckgo.com/duckduckbot)'" "ysfine.com"
40.76.173.151 - - [13/Nov/2022:04:17:58 -0800] "GET /home/hmtop.html HTTP/1.1" 200 447 "https://ysfine.com/home/index.html" "'DuckDuckBot-Https/1.1; (+https://duckduckgo.com/duckduckbot)'" "ysfine.com"
40.76.173.151 - - [13/Nov/2022:04:17:58 -0800] "GET /home/hmbot.html HTTP/1.1" 200 132 "https://ysfine.com/home/index.html" "'DuckDuckBot-Https/1.1; (+https://duckduckgo.com/duckduckbot)'" "ysfine.com"
40.76.173.151 - - [13/Nov/2022:04:17:58 -0800] "GET /home/hmleft.html HTTP/1.1" 200 857 "https://ysfine.com/home/hmbot.html" "'DuckDuckBot-Https/1.1; (+https://duckduckgo.com/duckduckbot)'" "ysfine.com"
40.76.173.151 - - [13/Nov/2022:04:17:58 -0800] "GET /home/hmrigh.html HTTP/1.1" 200 4207 "https://ysfine.com/home/hmbot.html" "'DuckDuckBot-Https/1.1; (+https://duckduckgo.com/duckduckbot)'" "ysfine.com"
40.76.173.151 - - [13/Nov/2022:04:17:58 -0800] "GET /home/top21c.jpg HTTP/1.1" 200 53120 "https://ysfine.com/home/hmrigh.html" "'DuckDuckBot-Https/1.1; (+https://duckduckgo.com/duckduckbot)'" "ysfine.com"
40.76.173.151 - - [13/Nov/2022:04:17:58 -0800] "GET /awards/eward55a.jpg HTTP/1.1" 200 85213 "https://ysfine.com/home/hmrigh.html" "'DuckDuckBot-Https/1.1; (+https://duckduckgo.com/duckduckbot)'" "ysfine.com"
40.76.173.151 - - [13/Nov/2022:04:17:58 -0800] "GET /home/eink77c.jpg HTTP/1.1" 200 47471 "https://ysfine.com/home/hmrigh.html" "'DuckDuckBot-Https/1.1; (+https://duckduckgo.com/duckduckbot)'" "ysfine.com"
40.76.173.151 - - [13/Nov/2022:04:17:58 -0800] "GET /home/emc22a.jpg HTTP/1.1" 200 59239 "https://ysfine.com/home/hmrigh.html" "'DuckDuckBot-Https/1.1; (+https://duckduckgo.com/duckduckbot)'" "ysfine.com"
40.76.173.151 - - [13/Nov/2022:04:17:58 -0800] "GET /home/figs/einbohr33c.jpg HTTP/1.1" 200 36413 "https://ysfine.com/home/hmrigh.html" "'DuckDuckBot-Https/1.1; (+https://duckduckgo.com/duckduckbot)'" "ysfine.com"
40.76.173.151 - - [13/Nov/2022:04:17:58 -0800] "GET /home/further22a.jpg HTTP/1.1" 200 75776 "https://ysfine.com/home/hmrigh.html" "'DuckDuckBot-Https/1.1; (+https://duckduckgo.com/duckduckbot)'" "ysfine.com"
40.76.173.151 - - [13/Nov/2022:04:17:59 -0800] "GET /home/comet50a.jpg HTTP/1.1" 200 52015 "https://ysfine.com/home/hmrigh.html" "'DuckDuckBot-Https/1.1; (+https://duckduckgo.com/duckduckbot)'" "ysfine.com"
40.76.173.151 - - [13/Nov/2022:04:17:59 -0800] "GET /home/facu63c.jpg HTTP/1.1" 200 41710 "https://ysfine.com/home/hmrigh.html" "'DuckDuckBot-Https/1.1; (+https://duckduckgo.com/duckduckbot)'" "ysfine.com"
40.76.173.151 - - [13/Nov/2022:04:17:59 -0800] "GET /home/tollwig11c.jpg HTTP/1.1" 200 28199 "https://ysfine.com/home/hmrigh.html" "'DuckDuckBot-Https/1.1; (+https://duckduckgo.com/duckduckbot)'" "ysfine.com"
40.76.173.151 - - [13/Nov/2022:04:17:59 -0800] "GET /home/think55c.jpg HTTP/1.1" 200 37438 "https://ysfine.com/home/hmrigh.html" "'DuckDuckBot-Https/1.1; (+https://duckduckgo.com/duckduckbot)'" "ysfine.com"
40.76.173.151 - - [13/Nov/2022:04:17:59 -0800] "GET /home/socrates55c.jpg HTTP/1.1" 200 36471 "https://ysfine.com/home/hmrigh.html" "'DuckDuckBot-Https/1.1; (+https://duckduckgo.com/duckduckbot)'" "ysfine.com"
40.76.173.151 - - [13/Nov/2022:04:17:59 -0800] "GET /home/coke300.jpg HTTP/1.1" 200 50941 "https://ysfine.com/home/hmrigh.html" "'DuckDuckBot-Https/1.1; (+https://duckduckgo.com/duckduckbot)'" "ysfine.com"
40.76.173.151 - - [13/Nov/2022:04:17:59 -0800] "GET /home/eink/einhaus11c.jpg HTTP/1.1" 404 88 "https://ysfine.com/home/hmrigh.html" "'DuckDuckBot-Https/1.1; (+https://duckduckgo.com/duckduckbot)'" "ysfine.com"
40.76.173.151 - - [13/Nov/2022:04:17:59 -0800] "GET /home/eink/einhaus33c.jpg HTTP/1.1" 404 88 "https://ysfine.com/home/hmrigh.html" "'DuckDuckBot-Https/1.1; (+https://duckduckgo.com/duckduckbot)'" "ysfine.com"
40.76.173.151 - - [13/Nov/2022:04:17:59 -0800] "GET /eink/eink54a.jpg HTTP/1.1" 200 79717 "https://ysfine.com/home/hmrigh.html" "'DuckDuckBot-Https/1.1; (+https://duckduckgo.com/duckduckbot)'" "ysfine.com"
40.76.173.151 - - [13/Nov/2022:04:17:59 -0800] "GET /home/kobak/taylor33c.jpg HTTP/1.1" 404 88 "https://ysfine.com/home/hmrigh.html" "'DuckDuckBot-Https/1.1; (+https://duckduckgo.com/duckduckbot)'" "ysfine.com"
216.244.66.229 - - [13/Nov/2022:04:18:13 -0800] "GET /ffriends/british.html HTTP/1.1" 200 9078 "-" "Mozilla/5.0 (compatible; DotBot/1.2; +https://opensiteexplorer.org/dotbot; help@moz.com)" "ysfine.com"
40.76.173.151 - - [13/Nov/2022:04:18:22 -0800] "GET /einstein/index.html HTTP/1.1" 200 135 "-" "'DuckDuckBot-Https/1.1; (+https://duckduckgo.com/duckduckbot)'" "ysfine.com"
40.76.173.151 - - [13/Nov/2022:04:18:22 -0800] "GET /einstein/eintop.html HTTP/1.1" 200 431 "https://ysfine.com/einstein/index.html" "'DuckDuckBot-Https/1.1; (+https://duckduckgo.com/duckduckbot)'" "ysfine.com"
40.76.173.151 - - [13/Nov/2022:04:18:22 -0800] "GET /einstein/einbot.html HTTP/1.1" 200 126 "https://ysfine.com/einstein/index.html" "'DuckDuckBot-Https/1.1; (+https://duckduckgo.com/duckduckbot)'" "ysfine.com"
40.76.173.151 - - [13/Nov/2022:04:18:22 -0800] "GET /einstein/einkim.html HTTP/1.1" 200 3731 "https://ysfine.com/einstein/einbot.html" "'DuckDuckBot-Https/1.1; (+https://duckduckgo.com/duckduckbot)'" "ysfine.com"
40.76.173.151 - - [13/Nov/2022:04:18:22 -0800] "GET /einstein/einleft.html HTTP/1.1" 200 735 "https://ysfine.com/einstein/einbot.html" "'DuckDuckBot-Https/1.1; (+https://duckduckgo.com/duckduckbot)'" "ysfine.com"
40.76.173.151 - - [13/Nov/2022:04:18:22 -0800] "GET /einstein/orren11c.jpg HTTP/1.1" 200 21314 "https://ysfine.com/einstein/einkim.html" "'DuckDuckBot-Https/1.1; (+https://duckduckgo.com/duckduckbot)'" "ysfine.com"
40.76.173.151 - - [13/Nov/2022:04:18:22 -0800] "GET /einstein/eins47c.jpg HTTP/1.1" 200 43054 "https://ysfine.com/einstein/einkim.html" "'DuckDuckBot-Https/1.1; (+https://duckduckgo.com/duckduckbot)'" "ysfine.com"
40.76.173.151 - - [13/Nov/2022:04:18:22 -0800] "GET /einstein/ysturner11c.jpg HTTP/1.1" 200 39604 "https://ysfine.com/einstein/einkim.html" "'DuckDuckBot-Https/1.1; (+https://duckduckgo.com/duckduckbot)'" "ysfine.com"
40.76.173.151 - - [13/Nov/2022:04:18:22 -0800] "GET /home/dwf55a.jpg HTTP/1.1" 200 54743 "https://ysfine.com/einstein/einkim.html" "'DuckDuckBot-Https/1.1; (+https://duckduckgo.com/duckduckbot)'" "ysfine.com"
40.76.173.151 - - [13/Nov/2022:04:18:22 -0800] "GET /einstein/einbohr33c.jpg HTTP/1.1" 200 36410 "https://ysfine.com/einstein/einkim.html" "'DuckDuckBot-Https/1.1; (+https://duckduckgo.com/duckduckbot)'" "ysfine.com"
