40.76.173.151 - - [13/Nov/2022:04:20:12 -0800] "GET /princeton/rheepr01c.jpg HTTP/1.1" 200 33538 "https://ysfine.com/princeton/prigh.html" "'DuckDuckBot-Https/1.1; (+https://duckduckgo.com/duckduckbot)'" "ysfine.com"
40.76.173.151 - - [13/Nov/2022:04:20:12 -0800] "GET /princeton/pawkim19c.jpg HTTP/1.1" 200 58199 "https://ysfine.com/princeton/prigh.html" "'DuckDuckBot-Https/1.1; (+https://duckduckgo.com/duckduckbot)'" "ysfine.com"
40.76.173.151 - - [13/Nov/2022:04:20:12 -0800] "GET /eink/further22a.jpg HTTP/1.1" 200 96140 "https://ysfine.com/princeton/prigh.html" "'DuckDuckBot-Https/1.1; (+https://duckduckgo.com/duckduckbot)'" "ysfine.com"
40.76.173.151 - - [13/Nov/2022:04:20:12 -0800] "GET /einstein/einbohr33c.jpg HTTP/1.1" 200 36410 "https://ysfine.com/princeton/prigh.html" "'DuckDuckBot-Https/1.1; (+https://duckduckgo.com/duckduckbot)'" "ysfine.com"
40.76.173.151 - - [13/Nov/2022:04:20:12 -0800] "GET /princeton/feyprince11c.jpg HTTP/1.1" 200 50500 "https://ysfine.com/princeton/prigh.html" "'DuckDuckBot-Https/1.1; (+https://duckduckgo.com/duckduckbot)'" "ysfine.com"
40.76.173.151 - - [13/Nov/2022:04:20:12 -0800] "GET /eink/ewk86a.jpg HTTP/1.1" 200 70895 "https://ysfine.com/princeton/prigh.html" "'DuckDuckBot-Https/1.1; (+https://duckduckgo.com/duckduckbot)'" "ysfine.com"
40.76.173.151 - - [13/Nov/2022:04:20:12 -0800] "GET /feynman/feyfirm66c.jpg HTTP/1.1" 200 36701 "https://ysfine.com/princeton/prigh.html" "'DuckDuckBot-Https/1.1; (+https://duckduckgo.com/duckduckbot)'" "ysfine.com"
40.76.173.151 - - [13/Nov/2022:04:20:12 -0800] "GET /princeton/yspr61c.jpg HTTP/1.1" 200 27257 "https://ysfine.com/princeton/prigh.html" "'DuckDuckBot-Https/1.1; (+https://duckduckgo.com/duckduckbot)'" "ysfine.com"
40.76.173.151 - - [13/Nov/2022:04:20:12 -0800] "GET /princeton/einpm300.jpg HTTP/1.1" 200 45605 "https://ysfine.com/princeton/prigh.html" "'DuckDuckBot-Https/1.1; (+https://duckduckgo.com/duckduckbot)'" "ysfine.com"
40.76.173.151 - - [13/Nov/2022:04:20:12 -0800] "GET /princeton/family87c.jpg HTTP/1.1" 200 41065 "https://ysfine.com/princeton/prigh.html" "'DuckDuckBot-Https/1.1; (+https://duckduckgo.com/duckduckbot)'" "ysfine.com"
40.76.173.151 - - [13/Nov/2022:04:20:12 -0800] "GET /princeton/gcollege61c.jpg HTTP/1.1" 200 25688 "https://ysfine.com/princeton/prigh.html" "'DuckDuckBot-Https/1.1; (+https://duckduckgo.com/duckduckbot)'" "ysfine.com"
40.76.173.151 - - [13/Nov/2022:04:20:12 -0800] "GET /awards/hemis21a.jpg HTTP/1.1" 200 116270 "https://ysfine.com/princeton/prigh.html" "'DuckDuckBot-Https/1.1; (+https://duckduckgo.com/duckduckbot)'" "ysfine.com"
40.76.173.151 - - [13/Nov/2022:04:20:28 -0800] "GET / HTTP/1.1" 200 5283 "-" "'DuckDuckBot-Https/1.1; (+https://duckduckgo.com/duckduckbot)'" "ysfine.com"
40.76.173.151 - - [13/Nov/2022:04:20:28 -0800] "GET /home/top21d.jpg HTTP/1.1" 200 74409 "-" "'DuckDuckBot-Https/1.1; (+https://duckduckgo.com/duckduckbot)'" "ysfine.com"
40.76.173.151 - - [13/Nov/2022:04:20:28 -0800] "GET /home/eink450.jpg HTTP/1.1" 200 66794 "-" "'DuckDuckBot-Https/1.1; (+https://duckduckgo.com/duckduckbot)'" "ysfine.com"
40.76.173.151 - - [13/Nov/2022:04:20:28 -0800] "GET /home/truck450.jpg HTTP/1.1" 200 42871 "-" "'DuckDuckBot-Https/1.1; (+https://duckduckgo.com/duckduckbot)'" "ysfine.com"
40.76.173.151 - - [13/Nov/2022:04:20:28 -0800] "GET /home/goodbad450.jpg HTTP/1.1" 200 32258 "-" "'DuckDuckBot-Https/1.1; (+https://duckduckgo.com/duckduckbot)'" "ysfine.com"
40.76.173.151 - - [13/Nov/2022:04:20:28 -0800] "GET /home/facu450.jpg HTTP/1.1" 200 74535 "-" "'DuckDuckBot-Https/1.1; (+https://duckduckgo.com/duckduckbot)'" "ysfine.com"
40.76.173.151 - - [13/Nov/2022:04:20:28 -0800] "GET /eink/ewk86f.jpg HTTP/1.1" 200 122173 "-" "'DuckDuckBot-Https/1.1; (+https://duckduckgo.com/duckduckbot)'" "ysfine.com"
40.76.173.151 - - [13/Nov/2022:04:20:28 -0800] "GET /home/washmo23d.jpg HTTP/1.1" 200 32142 "-" "'DuckDuckBot-Https/1.1; (+https://duckduckgo.com/duckduckbot)'" "ysfine.com"
40.76.173.151 - - [13/Nov/2022:04:20:28 -0800] "GET /home/eindc03d.jpg HTTP/1.1" 200 95860 "-" "'DuckDuckBot-Https/1.1; (+https://duckduckgo.com/duckduckbot)'" "ysfine.com"
40.76.173.151 - - [13/Nov/2022:04:20:28 -0800] "GET /home/1987pr22d.jpg HTTP/1.1" 200 66428 "-" "'DuckDuckBot-Https/1.1; (+https://duckduckgo.com/duckduckbot)'" "ysfine.com"
40.76.173.151 - - [13/Nov/2022:04:20:28 -0800] "GET /eink/einhaus33c.jpg HTTP/1.1" 200 23792 "-" "'DuckDuckBot-Https/1.1; (+https://duckduckgo.com/duckduckbot)'" "ysfine.com"
40.76.173.151 - - [13/Nov/2022:04:20:28 -0800] "GET /eink/einhaus11c.jpg HTTP/1.1" 200 42522 "-" "'DuckDuckBot-Https/1.1; (+https://duckduckgo.com/duckduckbot)'" "ysfine.com"
40.76.173.151 - - [13/Nov/2022:04:20:28 -0800] "GET /home/eink54f.jpg HTTP/1.1" 200 96332 "-" "'DuckDuckBot-Https/1.1; (+https://duckduckgo.com/duckduckbot)'" "ysfine.com"
40.76.173.151 - - [13/Nov/2022:04:20:28 -0800] "GET /home/eward55f.jpg HTTP/1.1" 200 122802 "-" "'DuckDuckBot-Https/1.1; (+https://duckduckgo.com/duckduckbot)'" "ysfine.com"
40.76.173.151 - - [13/Nov/2022:04:20:28 -0800] "GET /home/taylor500.jpg HTTP/1.1" 200 79197 "-" "'DuckDuckBot-Https/1.1; (+https://duckduckgo.com/duckduckbot)'" "ysfine.com"
40.76.173.151 - - [13/Nov/2022:04:20:28 -0800] "GET / HTTP/1.1" 200 5283 "-" "'DuckDuckBot-Https/1.1; (+https://duckduckgo.com/duckduckbot)'" "ysfine.com"
40.76.173.151 - - [13/Nov/2022:04:20:29 -0800] "GET /home/top21d.jpg HTTP/1.1" 200 74409 "-" "'DuckDuckBot-Https/1.1; (+https://duckduckgo.com/duckduckbot)'" "ysfine.com"
40.76.173.151 - - [13/Nov/2022:04:20:29 -0800] "GET /home/facu450.jpg HTTP/1.1" 200 74535 "-" "'DuckDuckBot-Https/1.1; (+https://duckduckgo.com/duckduckbot)'" "ysfine.com"
40.76.173.151 - - [13/Nov/2022:04:20:29 -0800] "GET /home/eink450.jpg HTTP/1.1" 200 66794 "-" "'DuckDuckBot-Https/1.1; (+https://duckduckgo.com/duckduckbot)'" "ysfine.com"
40.76.173.151 - - [13/Nov/2022:04:20:29 -0800] "GET /home/goodbad450.jpg HTTP/1.1" 200 32258 "-" "'DuckDuckBot-Https/1.1; (+https://duckduckgo.com/duckduckbot)'" "ysfine.com"
40.76.173.151 - - [13/Nov/2022:04:20:29 -0800] "GET /home/truck450.jpg HTTP/1.1" 200 42871 "-" "'DuckDuckBot-Https/1.1; (+https://duckduckgo.com/duckduckbot)'" "ysfine.com"
40.76.173.151 - - [13/Nov/2022:04:20:29 -0800] "GET /eink/ewk86f.jpg HTTP/1.1" 200 122173 "-" "'DuckDuckBot-Https/1.1; (+https://duckduckgo.com/duckduckbot)'" "ysfine.com"
40.76.173.151 - - [13/Nov/2022:04:20:29 -0800] "GET /home/eindc03d.jpg HTTP/1.1" 200 95860 "-" "'DuckDuckBot-Https/1.1; (+https://duckduckgo.com/duckduckbot)'" "ysfine.com"
40.76.173.151 - - [13/Nov/2022:04:20:29 -0800] "GET /home/washmo23d.jpg HTTP/1.1" 200 32142 "-" "'DuckDuckBot-Https/1.1; (+https://duckduckgo.com/duckduckbot)'" "ysfine.com"
40.76.173.151 - - [13/Nov/2022:04:20:29 -0800] "GET /eink/einhaus11c.jpg HTTP/1.1" 200 42522 "-" "'DuckDuckBot-Https/1.1; (+https://duckduckgo.com/duckduckbot)'" "ysfine.com"
40.76.173.151 - - [13/Nov/2022:04:20:29 -0800] "GET /home/1987pr22d.jpg HTTP/1.1" 200 66428 "-" "'DuckDuckBot-Https/1.1; (+https://duckduckgo.com/duckduckbot)'" "ysfine.com"
40.76.173.151 - - [13/Nov/2022:04:20:29 -0800] "GET /eink/einhaus33c.jpg HTTP/1.1" 200 23792 "-" "'DuckDuckBot-Https/1.1; (+https://duckduckgo.com/duckduckbot)'" "ysfine.com"
40.76.173.151 - - [13/Nov/2022:04:20:29 -0800] "GET /home/eink54f.jpg HTTP/1.1" 200 96332 "-" "'DuckDuckBot-Https/1.1; (+https://duckduckgo.com/duckduckbot)'" "ysfine.com"
40.76.173.151 - - [13/Nov/2022:04:20:29 -0800] "GET /home/taylor500.jpg HTTP/1.1" 200 79197 "-" "'DuckDuckBot-Https/1.1; (+https://duckduckgo.com/duckduckbot)'" "ysfine.com"
40.76.173.151 - - [13/Nov/2022:04:20:29 -0800] "GET /home/eward55f.jpg HTTP/1.1" 200 122802 "-" "'DuckDuckBot-Https/1.1; (+https://duckduckgo.com/duckduckbot)'" "ysfine.com"
40.77.167.105 - - [13/Nov/2022:04:21:12 -0800] "GET /robots.txt HTTP/1.1" 404 88 "-" "Mozilla/5.0 AppleWebKit/537.36 (KHTML, like Gecko; compatible; bingbot/2.0; +http://www.bing.com/bingbot.htm) Chrome/103.0.5060.134 Safari/537.36" "ysfine.com"
157.55.39.76 - - [13/Nov/2022:04:21:21 -0800] "GET /ysbio/world/ital/vatican55.jpg\" HTTP/1.1" 404 88 "-" "Mozilla/5.0 (compatible; bingbot/2.0; +http://www.bing.com/bingbot.htm)" "ysfine.com"
157.55.39.76 - - [13/Nov/2022:04:21:41 -0800] "GET /bio/feynman/fthtop.html HTTP/1.1" 404 88 "-" "Mozilla/5.0 (compatible; bingbot/2.0; +http://www.bing.com/bingbot.htm)" "ysfine.com"
185.191.171.1 - - [13/Nov/2022:04:21:52 -0800] "GET /dirac/dirheisen.html HTTP/1.1" 200 4650 "-" "Mozilla/5.0 (compatible; SemrushBot/7~bl; +http://www.semrush.com/bot.html)" "ysfine.com"
185.191.171.38 - - [13/Nov/2022:04:21:57 -0800] "GET /princeton/prade.html HTTP/1.1" 200 9863 "-" "Mozilla/5.0 (compatible; SemrushBot/7~bl; +http://www.semrush.com/bot.html)" "ysfine.com"
51.222.253.6 - - [13/Nov/2022:04:22:34 -0800] "GET /world/nice.html HTTP/1.1" 200 7230 "-" "Mozilla/5.0 (compatible; AhrefsBot/7.0; +http://ahrefs.com/robot/)" "ysfine.com"
106.51.25.109 - - [13/Nov/2022:04:22:42 -0800] "GET /kowar/tanks/tank21.jpg HTTP/1.1" 200 52329 "https://www.google.com/" "Mozilla/5.0 (Windows NT 10.0; Win64; x64) AppleWebKit/537.36 (KHTML, like Gecko) Chrome/106.0.0.0 Safari/537.36" "ysfine.com"
40.77.167.71 - - [13/Nov/2022:04:22:43 -0800] "GET /bio/wigner/wigpoinc.html HTTP/1.1" 404 88 "-" "Mozilla/5.0 (compatible; bingbot/2.0; +http://www.bing.com/bingbot.htm)" "ysfine.com"
207.46.13.134 - - [13/Nov/2022:04:22:48 -0800] "GET /bio/world/trier.html HTTP/1.1" 404 88 "-" "Mozilla/5.0 AppleWebKit/537.36 (KHTML, like Gecko; compatible; bingbot/2.0; +http://www.bing.com/bingbot.htm) Chrome/103.0.5060.134 Safari/537.36" "ysfine.com"
157.55.39.76 - - [13/Nov/2022:04:27:32 -0800] "GET /bio/style/artlove.html HTTP/1.1" 404 88 "-" "Mozilla/5.0 AppleWebKit/537.36 (KHTML, like Gecko; compatible; bingbot/2.0; +http://www.bing.com/bingbot.htm) Chrome/103.0.5060.134 Safari/537.36" "ysfine.com"
157.55.39.129 - - [13/Nov/2022:04:27:55 -0800] "GET /bio/eink/index.html HTTP/1.1" 404 88 "-" "Mozilla/5.0 AppleWebKit/537.36 (KHTML, like Gecko; compatible; bingbot/2.0; +http://www.bing.com/bingbot.htm) Chrome/103.0.5060.134 Safari/537.36" "ysfine.com"
51.222.253.19 - - [13/Nov/2022:04:28:43 -0800] "GET /ysbio/wdc/whx.html HTTP/1.1" 404 88 "-" "Mozilla/5.0 (compatible; AhrefsBot/7.0; +http://ahrefs.com/robot/)" "ysfine.com"
77.88.5.45 - - [13/Nov/2022:04:29:37 -0800] "GET /robots.txt HTTP/1.1" 404 73 "-" "Mozilla/5.0 (compatible; YandexBot/3.0; +http://yandex.com/bots)" "ysfine.com"
93.158.161.48 - - [13/Nov/2022:04:29:41 -0800] "GET /world/brit/oxlon23.jpg HTTP/1.1" 200 101630 "-" "Mozilla/5.0 (compatible; YandexImages/3.0; +http://yandex.com/bots)" "ysfine.com"
157.55.39.76 - - [13/Nov/2022:04:30:02 -0800] "GET /bio/harmoarchi.html HTTP/1.1" 404 88 "-" "Mozilla/5.0 (compatible; bingbot/2.0; +http://www.bing.com/bingbot.htm)" "ysfine.com"
157.55.39.76 - - [13/Nov/2022:04:30:02 -0800] "GET /bio/kobak/yskor.html HTTP/1.1" 404 88 "-" "Mozilla/5.0 (compatible; bingbot/2.0; +http://www.bing.com/bingbot.htm)" "ysfine.com"
17.121.115.180 - - [13/Nov/2022:04:32:00 -0800] "GET /feynman/fthesis.html HTTP/1.1" 200 144 "-" "Mozilla/5.0 (Macintosh; Intel Mac OS X 10_15_5) AppleWebKit/605.1.15 (KHTML, like Gecko) Version/13.1.1 Safari/605.1.15 (Applebot/0.1; +http://www.apple.com/go/applebot)" "ysfine.com"
157.55.39.6 - - [13/Nov/2022:04:32:08 -0800] "GET /bio/awards/iao.html HTTP/1.1" 404 88 "-" "Mozilla/5.0 (compatible; bingbot/2.0; +http://www.bing.com/bingbot.htm)" "ysfine.com"
157.55.39.129 - - [13/Nov/2022:04:32:26 -0800] "GET /bio/style/rieu.html HTTP/1.1" 404 88 "-" "Mozilla/5.0 (compatible; bingbot/2.0; +http://www.bing.com/bingbot.htm)" "ysfine.com"
185.191.171.18 - - [13/Nov/2022:04:32:49 -0800] "GET /archives/online.html HTTP/1.1" 200 2747 "-" "Mozilla/5.0 (compatible; SemrushBot/7~bl; +http://www.semrush.com/bot.html)" "www.ysfine.com"
95.91.228.189 - - [13/Nov/2022:04:33:44 -0800] "GET /wigner/wiglittle.pdf HTTP/1.1" 200 2659296 "https://www.google.com/" "Mozilla/5.0 (Macintosh; Intel Mac OS X 10_15_7) AppleWebKit/605.1.15 (KHTML, like Gecko) Version/16.1 Safari/605.1.15" "ysfine.com"
95.91.228.189 - - [13/Nov/2022:04:33:44 -0800] "GET /wigner/wiglittle.pdf HTTP/1.1" 206 16384 "https://www.google.com/" "Mozilla/5.0 (Macintosh; Intel Mac OS X 10_15_7) AppleWebKit/605.1.15 (KHTML, like Gecko) Version/16.1 Safari/605.1.15" "ysfine.com"
95.91.228.189 - - [13/Nov/2022:04:33:52 -0800] "GET /favicon.ico HTTP/1.1" 404 88 "https://ysfine.com/wigner/wiglittle.pdf" "Mozilla/5.0 (Macintosh; Intel Mac OS X 10_15_7) AppleWebKit/605.1.15 (KHTML, like Gecko) Version/16.1 Safari/605.1.15" "ysfine.com"
207.46.13.134 - - [13/Nov/2022:04:34:15 -0800] "GET /bio/princeton/campus.html HTTP/1.1" 404 88 "-" "Mozilla/5.0 (compatible; bingbot/2.0; +http://www.bing.com/bingbot.htm)" "ysfine.com"
51.222.253.17 - - [13/Nov/2022:04:34:26 -0800] "GET /kobak/yskor.html HTTP/1.1" 200 9943 "-" "Mozilla/5.0 (compatible; AhrefsBot/7.0; +http://ahrefs.com/robot/)" "www.ysfine.com"
40.77.167.71 - - [13/Nov/2022:04:34:54 -0800] "GET /bio/genea.html HTTP/1.1" 404 88 "-" "Mozilla/5.0 (compatible; bingbot/2.0; +http://www.bing.com/bingbot.htm)" "ysfine.com"
157.55.39.129 - - [13/Nov/2022:04:36:47 -0800] "GET /bio/eink/buythisbook.html HTTP/1.1" 404 88 "-" "Mozilla/5.0 AppleWebKit/537.36 (KHTML, like Gecko; compatible; bingbot/2.0; +http://www.bing.com/bingbot.htm) Chrome/103.0.5060.134 Safari/537.36" "ysfine.com"
157.55.39.6 - - [13/Nov/2022:04:37:59 -0800] "GET /bio/einstein/bern.html HTTP/1.1" 404 88 "-" "Mozilla/5.0 (compatible; bingbot/2.0; +http://www.bing.com/bingbot.htm)" "ysfine.com"
157.55.39.76 - - [13/Nov/2022:04:38:04 -0800] "GET /bio/bio07.html HTTP/1.1" 404 88 "-" "Mozilla/5.0 (compatible; bingbot/2.0; +http://www.bing.com/bingbot.htm)" "ysfine.com"
40.77.167.27 - - [13/Nov/2022:04:38:59 -0800] "GET /ysbio/wdc/kopol.html HTTP/1.1" 404 88 "-" "Mozilla/5.0 (compatible; bingbot/2.0; +http://www.bing.com/bingbot.htm)" "ysfine.com"
38.126.157.40 - - [13/Nov/2022:04:39:30 -0800] "GET /bio01.html HTTP/1.1" 200 6994 "-" "Mozilla/5.0 (compatible; FemtosearchBot/1.0; http://femtosearch.com)" "ysfine.com"
38.126.157.40 - - [13/Nov/2022:04:39:31 -0800] "GET /bio04.html HTTP/1.1" 200 4639 "-" "Mozilla/5.0 (compatible; FemtosearchBot/1.0; http://femtosearch.com)" "ysfine.com"
38.126.157.40 - - [13/Nov/2022:04:39:34 -0800] "GET /bio06.html HTTP/1.1" 200 6862 "-" "Mozilla/5.0 (compatible; FemtosearchBot/1.0; http://femtosearch.com)" "ysfine.com"
188.226.197.248 - - [13/Nov/2022:04:39:35 -0800] "GET /confer/quantum.html HTTP/1.1" 200 2560 "-" "Mozilla/5.0 (X11; Linux x86_64) AppleWebKit/537.36 (KHTML, like Gecko) Chrome/84.0.4147.125 Safari/537.36" "ysfine.com"
38.126.157.40 - - [13/Nov/2022:04:39:35 -0800] "GET /bio05.html HTTP/1.1" 200 14665 "-" "Mozilla/5.0 (compatible; FemtosearchBot/1.0; http://femtosearch.com)" "ysfine.com"
38.126.157.40 - - [13/Nov/2022:04:39:41 -0800] "GET /bio09.html HTTP/1.1" 200 3557 "-" "Mozilla/5.0 (compatible; FemtosearchBot/1.0; http://femtosearch.com)" "ysfine.com"
38.126.157.40 - - [13/Nov/2022:04:39:41 -0800] "GET /bio08.html HTTP/1.1" 200 10643 "-" "Mozilla/5.0 (compatible; FemtosearchBot/1.0; http://femtosearch.com)" "ysfine.com"
38.126.157.40 - - [13/Nov/2022:04:39:43 -0800] "GET /bio07.html HTTP/1.1" 200 5117 "-" "Mozilla/5.0 (compatible; FemtosearchBot/1.0; http://femtosearch.com)" "ysfine.com"
38.126.157.40 - - [13/Nov/2022:04:39:47 -0800] "GET /bio02.html HTTP/1.1" 200 10044 "-" "Mozilla/5.0 (compatible; FemtosearchBot/1.0; http://femtosearch.com)" "ysfine.com"
157.55.39.129 - - [13/Nov/2022:04:41:07 -0800] "GET /bio/optics.html HTTP/1.1" 404 88 "-" "Mozilla/5.0 (compatible; bingbot/2.0; +http://www.bing.com/bingbot.htm)" "ysfine.com"
51.222.253.10 - - [13/Nov/2022:04:42:01 -0800] "GET /ysbio/houses/myhouse.html HTTP/1.1" 404 88 "-" "Mozilla/5.0 (compatible; AhrefsBot/7.0; +http://ahrefs.com/robot/)" "www.ysfine.com"
212.237.135.60 - - [13/Nov/2022:04:42:24 -0800] "GET /home/dwf.html HTTP/1.1" 200 4126 "https://www.google.com/" "Mozilla/5.0 (Windows NT 10.0; Win64; x64) AppleWebKit/537.36 (KHTML, like Gecko) Chrome/107.0.0.0 Safari/537.36 Edg/107.0.1418.35" "ysfine.com"
212.237.135.60 - - [13/Nov/2022:04:42:24 -0800] "GET /einstein/bohr250.jpg HTTP/1.1" 200 23884 "https://ysfine.com/home/dwf.html" "Mozilla/5.0 (Windows NT 10.0; Win64; x64) AppleWebKit/537.36 (KHTML, like Gecko) Chrome/107.0.0.0 Safari/537.36 Edg/107.0.1418.35" "ysfine.com"
212.237.135.60 - - [13/Nov/2022:04:42:24 -0800] "GET /dirac/dirac33.jpg HTTP/1.1" 200 32549 "https://ysfine.com/home/dwf.html" "Mozilla/5.0 (Windows NT 10.0; Win64; x64) AppleWebKit/537.36 (KHTML, like Gecko) Chrome/107.0.0.0 Safari/537.36 Edg/107.0.1418.35" "ysfine.com"
212.237.135.60 - - [13/Nov/2022:04:42:24 -0800] "GET /home/pdugard22a.jpg HTTP/1.1" 200 65707 "https://ysfine.com/home/dwf.html" "Mozilla/5.0 (Windows NT 10.0; Win64; x64) AppleWebKit/537.36 (KHTML, like Gecko) Chrome/107.0.0.0 Safari/537.36 Edg/107.0.1418.35" "ysfine.com"
212.237.135.60 - - [13/Nov/2022:04:42:24 -0800] "GET /home/comet30a.jpg HTTP/1.1" 200 60318 "https://ysfine.com/home/dwf.html" "Mozilla/5.0 (Windows NT 10.0; Win64; x64) AppleWebKit/537.36 (KHTML, like Gecko) Chrome/107.0.0.0 Safari/537.36 Edg/107.0.1418.35" "ysfine.com"
212.237.135.60 - - [13/Nov/2022:04:42:24 -0800] "GET /wigner/wigner33.jpg HTTP/1.1" 200 39467 "https://ysfine.com/home/dwf.html" "Mozilla/5.0 (Windows NT 10.0; Win64; x64) AppleWebKit/537.36 (KHTML, like Gecko) Chrome/107.0.0.0 Safari/537.36 Edg/107.0.1418.35" "ysfine.com"
212.237.135.60 - - [13/Nov/2022:04:42:24 -0800] "GET /feynman/feynman33.jpg HTTP/1.1" 200 38568 "https://ysfine.com/home/dwf.html" "Mozilla/5.0 (Windows NT 10.0; Win64; x64) AppleWebKit/537.36 (KHTML, like Gecko) Chrome/107.0.0.0 Safari/537.36 Edg/107.0.1418.35" "ysfine.com"
212.237.135.60 - - [13/Nov/2022:04:42:24 -0800] "GET /einstein/einstein33.jpg HTTP/1.1" 200 35678 "https://ysfine.com/home/dwf.html" "Mozilla/5.0 (Windows NT 10.0; Win64; x64) AppleWebKit/537.36 (KHTML, like Gecko) Chrome/107.0.0.0 Safari/537.36 Edg/107.0.1418.35" "ysfine.com"
212.237.135.60 - - [13/Nov/2022:04:42:24 -0800] "GET /home/o32inho22d.jpg HTTP/1.1" 200 46316 "https://ysfine.com/home/dwf.html" "Mozilla/5.0 (Windows NT 10.0; Win64; x64) AppleWebKit/537.36 (KHTML, like Gecko) Chrome/107.0.0.0 Safari/537.36 Edg/107.0.1418.35" "ysfine.com"
212.237.135.60 - - [13/Nov/2022:04:42:27 -0800] "GET /favicon.ico HTTP/1.1" 404 88 "https://ysfine.com/home/dwf.html" "Mozilla/5.0 (Windows NT 10.0; Win64; x64) AppleWebKit/537.36 (KHTML, like Gecko) Chrome/107.0.0.0 Safari/537.36 Edg/107.0.1418.35" "ysfine.com"
212.237.135.60 - - [13/Nov/2022:04:43:01 -0800] "GET /home/o32inho22.jpg HTTP/1.1" 200 136788 "https://ysfine.com/home/dwf.html" "Mozilla/5.0 (Windows NT 10.0; Win64; x64) AppleWebKit/537.36 (KHTML, like Gecko) Chrome/107.0.0.0 Safari/537.36 Edg/107.0.1418.35" "ysfine.com"
136.158.124.28 - - [13/Nov/2022:04:43:36 -0800] "GET /maga/phys/schrod11.jpg HTTP/1.1" 200 107958 "https://images.search.yahoo.com/search/images;_ylt=AwrO.gxr5nBjfG8nG5aJzbkF;_ylu=c2VjA3NlYXJjaARzbGsDYnV0dG9u;_ylc=X1MDOTYwNjI4NTcEX3IDMgRmcgNtY2FmZWUEZnIyA3A6cyx2OmksbTpzYi10b3AEZ3ByaWQDb19VS1dGVV9TTVdiWkliSmw0UENoQQRuX3JzbHQDMARuX3N1Z2cDMTAEb3JpZ2luA2ltYWdlcy5zZWFyY2gueWFob28uY29tBHBvcwMwBHBxc3RyAwRwcXN0cmwDMARxc3RybAMxOARxdWVyeQNlcndpbiUyMHNjaHJvZGluZ2VyJTIwBHRfc3RtcAMxNjY4MzQzNDA2?p=erwin+schrodinger+&fr=mcafee&fr2=p%3As%2Cv%3Ai%2Cm%3Asb-top&ei=UTF-8&x=wrt&type=E210US91215G91590" "Mozilla/5.0 (Windows NT 10.0; Win64; x64) AppleWebKit/537.36 (KHTML, like Gecko) Chrome/107.0.0.0 Safari/537.36" "ysfine.com"
38.126.157.40 - - [13/Nov/2022:04:43:52 -0800] "GET /saram/m09.jpg HTTP/1.1" 200 48758 "-" "Mozilla/5.0 (compatible; FemtosearchBot/1.0; http://femtosearch.com)" "ysfine.com"
38.126.157.40 - - [13/Nov/2022:04:43:52 -0800] "GET /bio/index.html HTTP/1.1" 404 88 "-" "Mozilla/5.0 (compatible; FemtosearchBot/1.0; http://femtosearch.com)" "ysfine.com"
38.126.157.40 - - [13/Nov/2022:04:43:53 -0800] "GET /saram/g112.jpg HTTP/1.1" 200 159550 "-" "Mozilla/5.0 (compatible; FemtosearchBot/1.0; http://femtosearch.com)" "ysfine.com"
38.126.157.40 - - [13/Nov/2022:04:43:54 -0800] "GET /vip/index.html HTTP/1.1" 401 90 "-" "Mozilla/5.0 (compatible; FemtosearchBot/1.0; http://femtosearch.com)" "ysfine.com"
157.55.39.6 - - [13/Nov/2022:04:44:10 -0800] "GET /bio/style/leica.html HTTP/1.1" 404 88 "-" "Mozilla/5.0 (compatible; bingbot/2.0; +http://www.bing.com/bingbot.htm)" "ysfine.com"
157.55.39.6 - - [13/Nov/2022:04:44:39 -0800] "GET /bio/kobak/namdae.html HTTP/1.1" 404 88 "-" "Mozilla/5.0 AppleWebKit/537.36 (KHTML, like Gecko; compatible; bingbot/2.0; +http://www.bing.com/bingbot.htm) Chrome/103.0.5060.134 Safari/537.36" "ysfine.com"
185.191.171.25 - - [13/Nov/2022:04:44:44 -0800] "GET /yspapers/index.html HTTP/1.1" 200 21306 "-" "Mozilla/5.0 (compatible; SemrushBot/7~bl; +http://www.semrush.com/bot.html)" "ysfine.com"
157.55.39.129 - - [13/Nov/2022:04:46:58 -0800] "GET /bio/world/kalinin22.html HTTP/1.1" 404 88 "-" "Mozilla/5.0 AppleWebKit/537.36 (KHTML, like Gecko; compatible; bingbot/2.0; +http://www.bing.com/bingbot.htm) Chrome/103.0.5060.134 Safari/537.36" "ysfine.com"
221.223.24.60 - - [13/Nov/2022:04:47:29 -0800] "HEAD / HTTP/1.1" 200 - "ysfine.com" "Mozilla/5.0 (Windows NT 10.0; Win64; x64) AppleWebKit/537.36 (KHTML, like Gecko) Chrome/46.0.2486.0 Safari/537.36 Edge/13.10586" "ysfine.com"
221.223.24.60 - - [13/Nov/2022:04:47:31 -0800] "GET / HTTP/1.1" 200 15910 "ysfine.com" "Mozilla/5.0 (Windows NT 10.0; Win64; x64) AppleWebKit/537.36 (KHTML, like Gecko) Chrome/46.0.2486.0 Safari/537.36 Edge/13.10586" "ysfine.com"
221.223.24.60 - - [13/Nov/2022:04:47:34 -0800] "HEAD /jobs/index.html HTTP/1.1" 200 - "ysfine.com" "Mozilla/5.0 (Windows NT 10.0; Win64; x64) AppleWebKit/537.36 (KHTML, like Gecko) Chrome/46.0.2486.0 Safari/537.36 Edge/13.10586" "ysfine.com"
221.223.24.60 - - [13/Nov/2022:04:47:36 -0800] "GET /jobs/index.html HTTP/1.1" 200 174 "ysfine.com" "Mozilla/5.0 (Windows NT 10.0; Win64; x64) AppleWebKit/537.36 (KHTML, like Gecko) Chrome/46.0.2486.0 Safari/537.36 Edge/13.10586" "ysfine.com"
221.223.24.60 - - [13/Nov/2022:04:47:39 -0800] "HEAD /eink/index.html HTTP/1.1" 200 - "ysfine.com" "Mozilla/5.0 (Windows NT 10.0; Win64; x64) AppleWebKit/537.36 (KHTML, like Gecko) Chrome/46.0.2486.0 Safari/537.36 Edge/13.10586" "ysfine.com"
221.223.24.60 - - [13/Nov/2022:04:47:40 -0800] "GET /eink/index.html HTTP/1.1" 200 55799 "ysfine.com" "Mozilla/5.0 (Windows NT 10.0; Win64; x64) AppleWebKit/537.36 (KHTML, like Gecko) Chrome/46.0.2486.0 Safari/537.36 Edge/13.10586" "ysfine.com"
221.223.24.60 - - [13/Nov/2022:04:47:44 -0800] "HEAD /eink/mose.html HTTP/1.1" 200 - "ysfine.com" "Mozilla/5.0 (Windows NT 10.0; Win64; x64) AppleWebKit/537.36 (KHTML, like Gecko) Chrome/46.0.2486.0 Safari/537.36 Edge/13.10586" "ysfine.com"
221.223.24.60 - - [13/Nov/2022:04:47:46 -0800] "GET /eink/mose.html HTTP/1.1" 200 47668 "ysfine.com" "Mozilla/5.0 (Windows NT 10.0; Win64; x64) AppleWebKit/537.36 (KHTML, like Gecko) Chrome/46.0.2486.0 Safari/537.36 Edge/13.10586" "ysfine.com"
221.223.24.60 - - [13/Nov/2022:04:47:49 -0800] "HEAD /home/index.html HTTP/1.1" 200 - "ysfine.com" "Mozilla/5.0 (Windows NT 10.0; Win64; x64) AppleWebKit/537.36 (KHTML, like Gecko) Chrome/46.0.2486.0 Safari/537.36 Edge/13.10586" "ysfine.com"
221.223.24.60 - - [13/Nov/2022:04:47:51 -0800] "GET /home/index.html HTTP/1.1" 200 220 "ysfine.com" "Mozilla/5.0 (Windows NT 10.0; Win64; x64) AppleWebKit/537.36 (KHTML, like Gecko) Chrome/46.0.2486.0 Safari/537.36 Edge/13.10586" "ysfine.com"
221.223.24.60 - - [13/Nov/2022:04:47:53 -0800] "HEAD /home/bio.html HTTP/1.1" 404 - "ysfine.com" "Mozilla/5.0 (Windows NT 10.0; Win64; x64) AppleWebKit/537.36 (KHTML, like Gecko) Chrome/46.0.2486.0 Safari/537.36 Edge/13.10586" "ysfine.com"
221.223.24.60 - - [13/Nov/2022:04:47:55 -0800] "HEAD /world/ysworld.html HTTP/1.1" 200 - "ysfine.com" "Mozilla/5.0 (Windows NT 10.0; Win64; x64) AppleWebKit/537.36 (KHTML, like Gecko) Chrome/46.0.2486.0 Safari/537.36 Edge/13.10586" "ysfine.com"
38.126.157.40 - - [13/Nov/2022:04:47:56 -0800] "GET /saram/m09b.jpg HTTP/1.1" 200 33371 "-" "Mozilla/5.0 (compatible; FemtosearchBot/1.0; http://femtosearch.com)" "ysfine.com"
221.223.24.60 - - [13/Nov/2022:04:47:57 -0800] "GET /world/ysworld.html HTTP/1.1" 200 8796 "ysfine.com" "Mozilla/5.0 (Windows NT 10.0; Win64; x64) AppleWebKit/537.36 (KHTML, like Gecko) Chrome/46.0.2486.0 Safari/537.36 Edge/13.10586" "ysfine.com"
38.126.157.40 - - [13/Nov/2022:04:47:58 -0800] "GET /fdx/index.html HTTP/1.1" 401 90 "-" "Mozilla/5.0 (compatible; FemtosearchBot/1.0; http://femtosearch.com)" "ysfine.com"
221.223.24.60 - - [13/Nov/2022:04:47:59 -0800] "HEAD /home/bio77.html HTTP/1.1" 404 - "ysfine.com" "Mozilla/5.0 (Windows NT 10.0; Win64; x64) AppleWebKit/537.36 (KHTML, like Gecko) Chrome/46.0.2486.0 Safari/537.36 Edge/13.10586" "ysfine.com"
38.126.157.40 - - [13/Nov/2022:04:48:00 -0800] "GET /ys22/index.html HTTP/1.1" 401 90 "-" "Mozilla/5.0 (compatible; FemtosearchBot/1.0; http://femtosearch.com)" "ysfine.com"
221.223.24.60 - - [13/Nov/2022:04:48:00 -0800] "HEAD /yspapers/index.html HTTP/1.1" 200 - "ysfine.com" "Mozilla/5.0 (Windows NT 10.0; Win64; x64) AppleWebKit/537.36 (KHTML, like Gecko) Chrome/46.0.2486.0 Safari/537.36 Edge/13.10586" "ysfine.com"
51.222.253.17 - - [13/Nov/2022:04:48:00 -0800] "GET /ysbio/maga/sartre.html HTTP/1.1" 404 88 "-" "Mozilla/5.0 (compatible; AhrefsBot/7.0; +http://ahrefs.com/robot/)" "www.ysfine.com"
221.223.24.60 - - [13/Nov/2022:04:48:02 -0800] "GET /yspapers/index.html HTTP/1.1" 200 78331 "ysfine.com" "Mozilla/5.0 (Windows NT 10.0; Win64; x64) AppleWebKit/537.36 (KHTML, like Gecko) Chrome/46.0.2486.0 Safari/537.36 Edge/13.10586" "ysfine.com"
221.223.24.60 - - [13/Nov/2022:04:48:05 -0800] "HEAD /awards/index.html HTTP/1.1" 200 - "ysfine.com" "Mozilla/5.0 (Windows NT 10.0; Win64; x64) AppleWebKit/537.36 (KHTML, like Gecko) Chrome/46.0.2486.0 Safari/537.36 Edge/13.10586" "ysfine.com"
207.46.13.134 - - [13/Nov/2022:04:48:07 -0800] "GET /bio/pquartet.html HTTP/1.1" 404 88 "-" "Mozilla/5.0 AppleWebKit/537.36 (KHTML, like Gecko; compatible; bingbot/2.0; +http://www.bing.com/bingbot.htm) Chrome/103.0.5060.134 Safari/537.36" "ysfine.com"
221.223.24.60 - - [13/Nov/2022:04:48:07 -0800] "GET /awards/index.html HTTP/1.1" 200 29997 "ysfine.com" "Mozilla/5.0 (Windows NT 10.0; Win64; x64) AppleWebKit/537.36 (KHTML, like Gecko) Chrome/46.0.2486.0 Safari/537.36 Edge/13.10586" "ysfine.com"
221.223.24.60 - - [13/Nov/2022:04:48:09 -0800] "HEAD /einstein/index.html HTTP/1.1" 200 - "ysfine.com" "Mozilla/5.0 (Windows NT 10.0; Win64; x64) AppleWebKit/537.36 (KHTML, like Gecko) Chrome/46.0.2486.0 Safari/537.36 Edge/13.10586" "ysfine.com"
221.223.24.60 - - [13/Nov/2022:04:48:11 -0800] "GET /einstein/index.html HTTP/1.1" 200 200 "ysfine.com" "Mozilla/5.0 (Windows NT 10.0; Win64; x64) AppleWebKit/537.36 (KHTML, like Gecko) Chrome/46.0.2486.0 Safari/537.36 Edge/13.10586" "ysfine.com"
221.223.24.60 - - [13/Nov/2022:04:48:13 -0800] "HEAD /dirac/index.html HTTP/1.1" 200 - "ysfine.com" "Mozilla/5.0 (Windows NT 10.0; Win64; x64) AppleWebKit/537.36 (KHTML, like Gecko) Chrome/46.0.2486.0 Safari/537.36 Edge/13.10586" "ysfine.com"
221.223.24.60 - - [13/Nov/2022:04:48:14 -0800] "GET /dirac/index.html HTTP/1.1" 200 174 "ysfine.com" "Mozilla/5.0 (Windows NT 10.0; Win64; x64) AppleWebKit/537.36 (KHTML, like Gecko) Chrome/46.0.2486.0 Safari/537.36 Edge/13.10586" "ysfine.com"
221.223.24.60 - - [13/Nov/2022:04:48:16 -0800] "HEAD /wigner/index.html HTTP/1.1" 200 - "ysfine.com" "Mozilla/5.0 (Windows NT 10.0; Win64; x64) AppleWebKit/537.36 (KHTML, like Gecko) Chrome/46.0.2486.0 Safari/537.36 Edge/13.10586" "ysfine.com"
221.223.24.60 - - [13/Nov/2022:04:48:18 -0800] "GET /wigner/index.html HTTP/1.1" 200 175 "ysfine.com" "Mozilla/5.0 (Windows NT 10.0; Win64; x64) AppleWebKit/537.36 (KHTML, like Gecko) Chrome/46.0.2486.0 Safari/537.36 Edge/13.10586" "ysfine.com"
221.223.24.60 - - [13/Nov/2022:04:48:20 -0800] "HEAD /feynman/index.html HTTP/1.1" 200 - "ysfine.com" "Mozilla/5.0 (Windows NT 10.0; Win64; x64) AppleWebKit/537.36 (KHTML, like Gecko) Chrome/46.0.2486.0 Safari/537.36 Edge/13.10586" "ysfine.com"
221.223.24.60 - - [13/Nov/2022:04:48:22 -0800] "GET /feynman/index.html HTTP/1.1" 200 200 "ysfine.com" "Mozilla/5.0 (Windows NT 10.0; Win64; x64) AppleWebKit/537.36 (KHTML, like Gecko) Chrome/46.0.2486.0 Safari/537.36 Edge/13.10586" "ysfine.com"
221.223.24.60 - - [13/Nov/2022:04:48:24 -0800] "HEAD /people/peo.html HTTP/1.1" 200 - "ysfine.com" "Mozilla/5.0 (Windows NT 10.0; Win64; x64) AppleWebKit/537.36 (KHTML, like Gecko) Chrome/46.0.2486.0 Safari/537.36 Edge/13.10586" "ysfine.com"
157.55.39.76 - - [13/Nov/2022:04:48:24 -0800] "GET /bio/sbk/1950.html HTTP/1.1" 404 88 "-" "Mozilla/5.0 AppleWebKit/537.36 (KHTML, like Gecko; compatible; bingbot/2.0; +http://www.bing.com/bingbot.htm) Chrome/103.0.5060.134 Safari/537.36" "ysfine.com"
221.223.24.60 - - [13/Nov/2022:04:48:25 -0800] "GET /people/peo.html HTTP/1.1" 200 40140 "ysfine.com" "Mozilla/5.0 (Windows NT 10.0; Win64; x64) AppleWebKit/537.36 (KHTML, like Gecko) Chrome/46.0.2486.0 Safari/537.36 Edge/13.10586" "ysfine.com"
221.223.24.60 - - [13/Nov/2022:04:48:31 -0800] "HEAD /kobak/index.html HTTP/1.1" 200 - "ysfine.com" "Mozilla/5.0 (Windows NT 10.0; Win64; x64) AppleWebKit/537.36 (KHTML, like Gecko) Chrome/46.0.2486.0 Safari/537.36 Edge/13.10586" "ysfine.com"
221.223.24.60 - - [13/Nov/2022:04:48:33 -0800] "GET /kobak/index.html HTTP/1.1" 200 186 "ysfine.com" "Mozilla/5.0 (Windows NT 10.0; Win64; x64) AppleWebKit/537.36 (KHTML, like Gecko) Chrome/46.0.2486.0 Safari/537.36 Edge/13.10586" "ysfine.com"
221.223.24.60 - - [13/Nov/2022:04:48:35 -0800] "HEAD /home/bio22.html HTTP/1.1" 404 - "ysfine.com" "Mozilla/5.0 (Windows NT 10.0; Win64; x64) AppleWebKit/537.36 (KHTML, like Gecko) Chrome/46.0.2486.0 Safari/537.36 Edge/13.10586" "ysfine.com"
221.223.24.60 - - [13/Nov/2022:04:48:37 -0800] "HEAD /usca/pgh.html HTTP/1.1" 200 - "ysfine.com" "Mozilla/5.0 (Windows NT 10.0; Win64; x64) AppleWebKit/537.36 (KHTML, like Gecko) Chrome/46.0.2486.0 Safari/537.36 Edge/13.10586" "ysfine.com"
221.223.24.60 - - [13/Nov/2022:04:48:38 -0800] "GET /usca/pgh.html HTTP/1.1" 200 41086 "ysfine.com" "Mozilla/5.0 (Windows NT 10.0; Win64; x64) AppleWebKit/537.36 (KHTML, like Gecko) Chrome/46.0.2486.0 Safari/537.36 Edge/13.10586" "ysfine.com"
221.223.24.60 - - [13/Nov/2022:04:48:43 -0800] "HEAD /princeton/index.html HTTP/1.1" 200 - "ysfine.com" "Mozilla/5.0 (Windows NT 10.0; Win64; x64) AppleWebKit/537.36 (KHTML, like Gecko) Chrome/46.0.2486.0 Safari/537.36 Edge/13.10586" "ysfine.com"
221.223.24.60 - - [13/Nov/2022:04:48:45 -0800] "GET /princeton/index.html HTTP/1.1" 200 184 "ysfine.com" "Mozilla/5.0 (Windows NT 10.0; Win64; x64) AppleWebKit/537.36 (KHTML, like Gecko) Chrome/46.0.2486.0 Safari/537.36 Edge/13.10586" "ysfine.com"
221.223.24.60 - - [13/Nov/2022:04:48:47 -0800] "HEAD /dirac/dirk62.html HTTP/1.1" 200 - "ysfine.com" "Mozilla/5.0 (Windows NT 10.0; Win64; x64) AppleWebKit/537.36 (KHTML, like Gecko) Chrome/46.0.2486.0 Safari/537.36 Edge/13.10586" "ysfine.com"
221.223.24.60 - - [13/Nov/2022:04:48:49 -0800] "GET /dirac/dirk62.html HTTP/1.1" 200 9676 "ysfine.com" "Mozilla/5.0 (Windows NT 10.0; Win64; x64) AppleWebKit/537.36 (KHTML, like Gecko) Chrome/46.0.2486.0 Safari/537.36 Edge/13.10586" "ysfine.com"
221.223.24.60 - - [13/Nov/2022:04:48:51 -0800] "HEAD /home/dwf.html HTTP/1.1" 200 - "ysfine.com" "Mozilla/5.0 (Windows NT 10.0; Win64; x64) AppleWebKit/537.36 (KHTML, like Gecko) Chrome/46.0.2486.0 Safari/537.36 Edge/13.10586" "ysfine.com"
221.223.24.60 - - [13/Nov/2022:04:48:53 -0800] "GET /home/dwf.html HTTP/1.1" 200 13157 "ysfine.com" "Mozilla/5.0 (Windows NT 10.0; Win64; x64) AppleWebKit/537.36 (KHTML, like Gecko) Chrome/46.0.2486.0 Safari/537.36 Edge/13.10586" "ysfine.com"
221.223.24.60 - - [13/Nov/2022:04:48:55 -0800] "HEAD /home/dashen.html HTTP/1.1" 200 - "ysfine.com" "Mozilla/5.0 (Windows NT 10.0; Win64; x64) AppleWebKit/537.36 (KHTML, like Gecko) Chrome/46.0.2486.0 Safari/537.36 Edge/13.10586" "ysfine.com"
221.223.24.60 - - [13/Nov/2022:04:48:57 -0800] "GET /home/dashen.html HTTP/1.1" 200 9108 "ysfine.com" "Mozilla/5.0 (Windows NT 10.0; Win64; x64) AppleWebKit/537.36 (KHTML, like Gecko) Chrome/46.0.2486.0 Safari/537.36 Edge/13.10586" "ysfine.com"
221.223.24.60 - - [13/Nov/2022:04:48:59 -0800] "HEAD /maga/herod.html HTTP/1.1" 200 - "ysfine.com" "Mozilla/5.0 (Windows NT 10.0; Win64; x64) AppleWebKit/537.36 (KHTML, like Gecko) Chrome/46.0.2486.0 Safari/537.36 Edge/13.10586" "ysfine.com"
221.223.24.60 - - [13/Nov/2022:04:49:01 -0800] "GET /maga/herod.html HTTP/1.1" 200 11293 "ysfine.com" "Mozilla/5.0 (Windows NT 10.0; Win64; x64) AppleWebKit/537.36 (KHTML, like Gecko) Chrome/46.0.2486.0 Safari/537.36 Edge/13.10586" "ysfine.com"
221.223.24.60 - - [13/Nov/2022:04:49:03 -0800] "HEAD /home/genea.html HTTP/1.1" 200 - "ysfine.com" "Mozilla/5.0 (Windows NT 10.0; Win64; x64) AppleWebKit/537.36 (KHTML, like Gecko) Chrome/46.0.2486.0 Safari/537.36 Edge/13.10586" "ysfine.com"
77.75.76.170 - - [13/Nov/2022:04:49:03 -0800] "GET /robots.txt HTTP/1.1" 404 88 "-" "Mozilla/5.0 (compatible; SeznamBot/3.2; +http://napoveda.seznam.cz/en/seznambot-intro/)" "ysfine.com"
221.223.24.60 - - [13/Nov/2022:04:49:04 -0800] "GET /home/genea.html HTTP/1.1" 200 8798 "ysfine.com" "Mozilla/5.0 (Windows NT 10.0; Win64; x64) AppleWebKit/537.36 (KHTML, like Gecko) Chrome/46.0.2486.0 Safari/537.36 Edge/13.10586" "ysfine.com"
77.75.76.170 - - [13/Nov/2022:04:49:05 -0800] "GET /class54/taylor54.jpg HTTP/1.1" 304 - "-" "Mozilla/5.0 (compatible; SeznamBot/3.2; +http://napoveda.seznam.cz/en/seznambot-intro/)" "ysfine.com"
77.75.76.170 - - [13/Nov/2022:04:49:06 -0800] "GET /class54/busan11.jpg HTTP/1.1" 304 - "-" "Mozilla/5.0 (compatible; SeznamBot/3.2; +http://napoveda.seznam.cz/en/seznambot-intro/)" "ysfine.com"
221.223.24.60 - - [13/Nov/2022:04:49:07 -0800] "HEAD /home/easy.html HTTP/1.1" 200 - "ysfine.com" "Mozilla/5.0 (Windows NT 10.0; Win64; x64) AppleWebKit/537.36 (KHTML, like Gecko) Chrome/46.0.2486.0 Safari/537.36 Edge/13.10586" "ysfine.com"
221.223.24.60 - - [13/Nov/2022:04:49:08 -0800] "GET /home/easy.html HTTP/1.1" 200 22223 "ysfine.com" "Mozilla/5.0 (Windows NT 10.0; Win64; x64) AppleWebKit/537.36 (KHTML, like Gecko) Chrome/46.0.2486.0 Safari/537.36 Edge/13.10586" "ysfine.com"
221.223.24.60 - - [13/Nov/2022:04:49:10 -0800] "HEAD /wigner/wigner39.html HTTP/1.1" 200 - "ysfine.com" "Mozilla/5.0 (Windows NT 10.0; Win64; x64) AppleWebKit/537.36 (KHTML, like Gecko) Chrome/46.0.2486.0 Safari/537.36 Edge/13.10586" "ysfine.com"
221.223.24.60 - - [13/Nov/2022:04:49:12 -0800] "GET /wigner/wigner39.html HTTP/1.1" 200 470 "ysfine.com" "Mozilla/5.0 (Windows NT 10.0; Win64; x64) AppleWebKit/537.36 (KHTML, like Gecko) Chrome/46.0.2486.0 Safari/537.36 Edge/13.10586" "ysfine.com"
157.55.39.6 - - [13/Nov/2022:04:49:31 -0800] "GET /bio/sing.html HTTP/1.1" 404 88 "-" "Mozilla/5.0 AppleWebKit/537.36 (KHTML, like Gecko; compatible; bingbot/2.0; +http://www.bing.com/bingbot.htm) Chrome/103.0.5060.134 Safari/537.36" "ysfine.com"
221.223.24.60 - - [13/Nov/2022:04:49:35 -0800] "HEAD /wdc/index.html HTTP/1.1" 200 - "ysfine.com" "Mozilla/5.0 (Windows NT 10.0; Win64; x64) AppleWebKit/537.36 (KHTML, like Gecko) Chrome/46.0.2486.0 Safari/537.36 Edge/13.10586" "ysfine.com"
221.223.24.60 - - [13/Nov/2022:04:49:37 -0800] "GET /wdc/index.html HTTP/1.1" 200 198 "ysfine.com" "Mozilla/5.0 (Windows NT 10.0; Win64; x64) AppleWebKit/537.36 (KHTML, like Gecko) Chrome/46.0.2486.0 Safari/537.36 Edge/13.10586" "ysfine.com"
221.223.24.60 - - [13/Nov/2022:04:49:39 -0800] "HEAD /houses/myhouse.html HTTP/1.1" 200 - "ysfine.com" "Mozilla/5.0 (Windows NT 10.0; Win64; x64) AppleWebKit/537.36 (KHTML, like Gecko) Chrome/46.0.2486.0 Safari/537.36 Edge/13.10586" "ysfine.com"
221.223.24.60 - - [13/Nov/2022:04:49:40 -0800] "GET /houses/myhouse.html HTTP/1.1" 200 3843 "ysfine.com" "Mozilla/5.0 (Windows NT 10.0; Win64; x64) AppleWebKit/537.36 (KHTML, like Gecko) Chrome/46.0.2486.0 Safari/537.36 Edge/13.10586" "ysfine.com"
221.223.24.60 - - [13/Nov/2022:04:49:42 -0800] "HEAD /sbk/index.html HTTP/1.1" 200 - "ysfine.com" "Mozilla/5.0 (Windows NT 10.0; Win64; x64) AppleWebKit/537.36 (KHTML, like Gecko) Chrome/46.0.2486.0 Safari/537.36 Edge/13.10586" "ysfine.com"
221.223.24.60 - - [13/Nov/2022:04:49:44 -0800] "GET /sbk/index.html HTTP/1.1" 200 293 "ysfine.com" "Mozilla/5.0 (Windows NT 10.0; Win64; x64) AppleWebKit/537.36 (KHTML, like Gecko) Chrome/46.0.2486.0 Safari/537.36 Edge/13.10586" "ysfine.com"
216.244.66.229 - - [13/Nov/2022:04:49:44 -0800] "GET /robots.txt HTTP/1.1" 404 73 "-" "Mozilla/5.0 (compatible; DotBot/1.2; +https://opensiteexplorer.org/dotbot; help@moz.com)" "ysfine.com"
221.223.24.60 - - [13/Nov/2022:04:49:46 -0800] "HEAD /princeton/yspr.html HTTP/1.1" 200 - "ysfine.com" "Mozilla/5.0 (Windows NT 10.0; Win64; x64) AppleWebKit/537.36 (KHTML, like Gecko) Chrome/46.0.2486.0 Safari/537.36 Edge/13.10586" "ysfine.com"
221.223.24.60 - - [13/Nov/2022:04:49:48 -0800] "GET /princeton/yspr.html HTTP/1.1" 200 16656 "ysfine.com" "Mozilla/5.0 (Windows NT 10.0; Win64; x64) AppleWebKit/537.36 (KHTML, like Gecko) Chrome/46.0.2486.0 Safari/537.36 Edge/13.10586" "ysfine.com"
221.223.24.60 - - [13/Nov/2022:04:49:50 -0800] "HEAD /style/stbot.html HTTP/1.1" 200 - "ysfine.com" "Mozilla/5.0 (Windows NT 10.0; Win64; x64) AppleWebKit/537.36 (KHTML, like Gecko) Chrome/46.0.2486.0 Safari/537.36 Edge/13.10586" "ysfine.com"
221.223.24.60 - - [13/Nov/2022:04:49:52 -0800] "GET /style/stbot.html HTTP/1.1" 200 170 "ysfine.com" "Mozilla/5.0 (Windows NT 10.0; Win64; x64) AppleWebKit/537.36 (KHTML, like Gecko) Chrome/46.0.2486.0 Safari/537.36 Edge/13.10586" "ysfine.com"
157.55.39.76 - - [13/Nov/2022:04:49:55 -0800] "GET /bio/bio03.html HTTP/1.1" 404 88 "-" "Mozilla/5.0 AppleWebKit/537.36 (KHTML, like Gecko; compatible; bingbot/2.0; +http://www.bing.com/bingbot.htm) Chrome/103.0.5060.134 Safari/537.36" "ysfine.com"
185.191.171.44 - - [13/Nov/2022:04:50:11 -0800] "GET /kobak/kimjap.html HTTP/1.1" 200 2410 "-" "Mozilla/5.0 (compatible; SemrushBot/7~bl; +http://www.semrush.com/bot.html)" "ysfine.com"
95.163.255.100 - - [13/Nov/2022:04:51:13 -0800] "GET /robots.txt HTTP/1.1" 404 73 "-" "Mozilla/5.0 (compatible; Linux x86_64; Mail.RU_Bot/Img/2.0; +https://help.mail.ru/webmaster/indexing/robots)" "www.ysfine.com"
95.163.255.90 - - [13/Nov/2022:04:51:27 -0800] "GET /robots.txt HTTP/1.1" 404 73 "-" "Mozilla/5.0 (compatible; Linux x86_64; Mail.RU_Bot/Img/2.0; +https://help.mail.ru/webmaster/indexing/robots)" "ysfine.com"
207.46.13.134 - - [13/Nov/2022:04:51:57 -0800] "GET /bio/wigner/e(2).html HTTP/1.1" 404 88 "-" "Mozilla/5.0 AppleWebKit/537.36 (KHTML, like Gecko; compatible; bingbot/2.0; +http://www.bing.com/bingbot.htm) Chrome/103.0.5060.134 Safari/537.36" "ysfine.com"
38.126.157.40 - - [13/Nov/2022:04:52:03 -0800] "GET /wd22/index.html HTTP/1.1" 200 135 "-" "Mozilla/5.0 (compatible; FemtosearchBot/1.0; http://femtosearch.com)" "ysfine.com"
38.126.157.40 - - [13/Nov/2022:04:52:03 -0800] "GET /wdc/kopol02.jpg HTTP/1.1" 200 80508 "-" "Mozilla/5.0 (compatible; FemtosearchBot/1.0; http://femtosearch.com)" "ysfine.com"
38.126.157.40 - - [13/Nov/2022:04:52:03 -0800] "GET /saram/g112b.jpg HTTP/1.1" 200 43776 "-" "Mozilla/5.0 (compatible; FemtosearchBot/1.0; http://femtosearch.com)" "ysfine.com"
38.126.157.40 - - [13/Nov/2022:04:52:05 -0800] "GET /wdc/kopol09.jpg HTTP/1.1" 200 65313 "-" "Mozilla/5.0 (compatible; FemtosearchBot/1.0; http://femtosearch.com)" "ysfine.com"
38.126.157.40 - - [13/Nov/2022:04:52:05 -0800] "GET /wdc/kopol03.jpg HTTP/1.1" 200 87763 "-" "Mozilla/5.0 (compatible; FemtosearchBot/1.0; http://femtosearch.com)" "ysfine.com"
38.126.157.40 - - [13/Nov/2022:04:52:05 -0800] "GET /wisdom/kwk.html HTTP/1.1" 200 5252 "-" "Mozilla/5.0 (compatible; FemtosearchBot/1.0; http://femtosearch.com)" "ysfine.com"
38.126.157.40 - - [13/Nov/2022:04:52:09 -0800] "GET /wdc/kopol05.jpg HTTP/1.1" 200 77273 "-" "Mozilla/5.0 (compatible; FemtosearchBot/1.0; http://femtosearch.com)" "ysfine.com"
157.55.39.129 - - [13/Nov/2022:04:53:08 -0800] "GET /ysbio/folks/israel.html HTTP/1.1" 404 88 "-" "Mozilla/5.0 (compatible; bingbot/2.0; +http://www.bing.com/bingbot.htm)" "ysfine.com"
51.222.253.13 - - [13/Nov/2022:04:53:26 -0800] "GET /bostein.html HTTP/1.1" 404 88 "-" "Mozilla/5.0 (compatible; AhrefsBot/7.0; +http://ahrefs.com/robot/)" "ysfine.com"
40.77.167.71 - - [13/Nov/2022:04:53:37 -0800] "GET /bio/feynman/partons.html HTTP/1.1" 404 88 "-" "Mozilla/5.0 (compatible; bingbot/2.0; +http://www.bing.com/bingbot.htm)" "ysfine.com"
216.244.66.229 - - [13/Nov/2022:04:54:35 -0800] "GET /ffriends/austra03.jpg HTTP/1.1" 200 117733 "-" "Mozilla/5.0 (compatible; DotBot/1.2; +https://opensiteexplorer.org/dotbot; help@moz.com)" "ysfine.com"
185.191.171.7 - - [13/Nov/2022:04:55:00 -0800] "GET /einstein/evol.html HTTP/1.1" 200 3830 "-" "Mozilla/5.0 (compatible; SemrushBot/7~bl; +http://www.semrush.com/bot.html)" "www.ysfine.com"
216.244.66.229 - - [13/Nov/2022:04:55:08 -0800] "GET /ffriends/aline/pakis11.jpg HTTP/1.1" 200 156778 "-" "Mozilla/5.0 (compatible; DotBot/1.2; +https://opensiteexplorer.org/dotbot; help@moz.com)" "ysfine.com"
157.55.39.6 - - [13/Nov/2022:04:55:10 -0800] "GET /bio/world/leipzig.html HTTP/1.1" 404 88 "-" "Mozilla/5.0 (compatible; bingbot/2.0; +http://www.bing.com/bingbot.htm)" "ysfine.com"
216.244.66.229 - - [13/Nov/2022:04:55:37 -0800] "GET /bio10.html HTTP/1.1" 200 12787 "-" "Mozilla/5.0 (compatible; DotBot/1.2; +https://opensiteexplorer.org/dotbot; help@moz.com)" "ysfine.com"
38.126.157.40 - - [13/Nov/2022:04:56:25 -0800] "GET /kobakindex.html HTTP/1.1" 404 88 "-" "Mozilla/5.0 (compatible; FemtosearchBot/1.0; http://femtosearch.com)" "ysfine.com"
38.126.157.40 - - [13/Nov/2022:04:56:28 -0800] "GET /wdc/kopol06.jpg HTTP/1.1" 200 64602 "-" "Mozilla/5.0 (compatible; FemtosearchBot/1.0; http://femtosearch.com)" "ysfine.com"
38.126.157.40 - - [13/Nov/2022:04:56:29 -0800] "GET /world/marx.html HTTP/1.1" 404 88 "-" "Mozilla/5.0 (compatible; FemtosearchBot/1.0; http://femtosearch.com)" "ysfine.com"
38.126.157.40 - - [13/Nov/2022:04:56:29 -0800] "GET /wdc/kopol03b.jpg HTTP/1.1" 200 35109 "-" "Mozilla/5.0 (compatible; FemtosearchBot/1.0; http://femtosearch.com)" "ysfine.com"
38.126.157.40 - - [13/Nov/2022:04:56:29 -0800] "GET /style/kazan.html HTTP/1.1" 404 88 "-" "Mozilla/5.0 (compatible; FemtosearchBot/1.0; http://femtosearch.com)" "ysfine.com"
38.126.157.40 - - [13/Nov/2022:04:56:29 -0800] "GET /style/hibiya.jpg HTTP/1.1" 200 58805 "-" "Mozilla/5.0 (compatible; FemtosearchBot/1.0; http://femtosearch.com)" "ysfine.com"
207.46.13.134 - - [13/Nov/2022:04:56:38 -0800] "GET /bio/style/ystyle.html HTTP/1.1" 404 88 "-" "Mozilla/5.0 (compatible; bingbot/2.0; +http://www.bing.com/bingbot.htm)" "ysfine.com"
185.191.171.22 - - [13/Nov/2022:04:56:45 -0800] "GET /robots.txt HTTP/1.1" 404 88 "-" "Mozilla/5.0 (compatible; SemrushBot/7~bl; +http://www.semrush.com/bot.html)" "www.ysfine.com"
185.191.171.2 - - [13/Nov/2022:04:56:47 -0800] "GET /world/china/hongkong.html HTTP/1.1" 200 4914 "-" "Mozilla/5.0 (compatible; SemrushBot/7~bl; +http://www.semrush.com/bot.html)" "www.ysfine.com"
185.186.152.191 - - [13/Nov/2022:04:57:00 -0800] "GET /world/ital/vicenza04.jpg HTTP/1.1" 200 177718 "https://www.google.com/" "Mozilla/5.0 (Windows NT 10.0; Win64; x64; rv:106.0) Gecko/20100101 Firefox/106.0" "ysfine.com"
157.55.39.129 - - [13/Nov/2022:04:57:08 -0800] "GET /ysbio/keigel.html HTTP/1.1" 404 88 "-" "Mozilla/5.0 (compatible; bingbot/2.0; +http://www.bing.com/bingbot.htm)" "ysfine.com"
157.55.39.129 - - [13/Nov/2022:04:57:08 -0800] "GET /bio/kobak/soraech.html HTTP/1.1" 404 88 "-" "Mozilla/5.0 AppleWebKit/537.36 (KHTML, like Gecko; compatible; bingbot/2.0; +http://www.bing.com/bingbot.htm) Chrome/103.0.5060.134 Safari/537.36" "ysfine.com"
157.55.39.129 - - [13/Nov/2022:04:57:09 -0800] "GET /bio/more.html HTTP/1.1" 404 88 "-" "Mozilla/5.0 AppleWebKit/537.36 (KHTML, like Gecko; compatible; bingbot/2.0; +http://www.bing.com/bingbot.htm) Chrome/103.0.5060.134 Safari/537.36" "ysfine.com"
51.222.253.1 - - [13/Nov/2022:04:58:50 -0800] "GET /folks/towhee HTTP/1.1" 200 64342 "-" "Mozilla/5.0 (compatible; AhrefsBot/7.0; +http://ahrefs.com/robot/)" "ysfine.com"
40.77.167.27 - - [13/Nov/2022:04:59:13 -0800] "GET /bio/style/proschanie.html HTTP/1.1" 404 88 "-" "Mozilla/5.0 AppleWebKit/537.36 (KHTML, like Gecko; compatible; bingbot/2.0; +http://www.bing.com/bingbot.htm) Chrome/103.0.5060.134 Safari/537.36" "ysfine.com"
40.77.167.71 - - [13/Nov/2022:04:59:16 -0800] "GET /ysbio/folks/uscan.html HTTP/1.1" 404 88 "-" "Mozilla/5.0 (compatible; bingbot/2.0; +http://www.bing.com/bingbot.htm)" "ysfine.com"
66.249.66.218 - - [13/Nov/2022:05:00:15 -0800] "GET /robots.txt HTTP/1.1" 404 88 "-" "Mozilla/5.0 (compatible; Googlebot/2.1; +http://www.google.com/bot.html)" "www.ysfine.com"
158.62.34.152 - - [13/Nov/2022:05:00:17 -0800] "GET /newyork/tiffany01.jpg HTTP/1.1" 200 204444 "https://www.google.com/" "Mozilla/5.0 (Windows NT 10.0; Win64; x64) AppleWebKit/537.36 (KHTML, like Gecko) Chrome/107.0.0.0 Safari/537.36" "ysfine.com"
38.126.157.40 - - [13/Nov/2022:05:00:41 -0800] "GET /maga/pupin22.jpg HTTP/1.1" 404 88 "-" "Mozilla/5.0 (compatible; FemtosearchBot/1.0; http://femtosearch.com)" "ysfine.com"
38.126.157.40 - - [13/Nov/2022:05:00:41 -0800] "GET /wdc/kopol02b.jpg HTTP/1.1" 200 34049 "-" "Mozilla/5.0 (compatible; FemtosearchBot/1.0; http://femtosearch.com)" "ysfine.com"
38.126.157.40 - - [13/Nov/2022:05:00:41 -0800] "GET /kobak/sl628b.jpg HTTP/1.1" 200 30239 "-" "Mozilla/5.0 (compatible; FemtosearchBot/1.0; http://femtosearch.com)" "ysfine.com"
38.126.157.40 - - [13/Nov/2022:05:00:41 -0800] "GET /wdc/w69kor02.jpg HTTP/1.1" 200 111866 "-" "Mozilla/5.0 (compatible; FemtosearchBot/1.0; http://femtosearch.com)" "ysfine.com"
38.126.157.40 - - [13/Nov/2022:05:00:41 -0800] "GET /home/comet00.jpg HTTP/1.1" 200 86618 "-" "Mozilla/5.0 (compatible; FemtosearchBot/1.0; http://femtosearch.com)" "ysfine.com"
38.126.157.40 - - [13/Nov/2022:05:00:41 -0800] "GET /feynman/bial.jpg HTTP/1.1" 200 95448 "-" "Mozilla/5.0 (compatible; FemtosearchBot/1.0; http://femtosearch.com)" "ysfine.com"
38.126.157.40 - - [13/Nov/2022:05:00:42 -0800] "GET /wisdom/kwk11.jpg HTTP/1.1" 200 73475 "-" "Mozilla/5.0 (compatible; FemtosearchBot/1.0; http://femtosearch.com)" "ysfine.com"
38.126.157.40 - - [13/Nov/2022:05:00:42 -0800] "GET /ys22/dondon.html HTTP/1.1" 401 90 "-" "Mozilla/5.0 (compatible; FemtosearchBot/1.0; http://femtosearch.com)" "ysfine.com"
66.249.66.216 - - [13/Nov/2022:05:01:18 -0800] "GET /ads.txt HTTP/1.1" 404 88 "-" "Mozilla/5.0 (compatible; Googlebot/2.1; +http://www.google.com/bot.html)" "www.ysfine.com"
93.158.161.48 - - [13/Nov/2022:05:01:38 -0800] "GET /robots.txt HTTP/1.1" 404 73 "-" "Mozilla/5.0 (compatible; YandexBot/3.0; +http://yandex.com/bots)" "www.ysfine.com"
77.88.5.234 - - [13/Nov/2022:05:01:42 -0800] "GET /kobak/kimc.html HTTP/1.1" 200 4345 "-" "Mozilla/5.0 (compatible; YandexBot/3.0; +http://yandex.com/bots)" "www.ysfine.com"
17.121.112.29 - - [13/Nov/2022:05:01:59 -0800] "GET /feynman/fthtop.html HTTP/1.1" 200 395 "https://ysfine.com/feynman/fthesis.html" "Mozilla/5.0 (Macintosh; Intel Mac OS X 10_15_5) AppleWebKit/605.1.15 (KHTML, like Gecko) Version/13.1.1 Safari/605.1.15 (Applebot/0.1; +http://www.apple.com/go/applebot)" "ysfine.com"
17.121.112.66 - - [13/Nov/2022:05:02:00 -0800] "GET /feynman/fthbot.html HTTP/1.1" 200 691 "https://ysfine.com/feynman/fthesis.html" "Mozilla/5.0 (Macintosh; Intel Mac OS X 10_15_5) AppleWebKit/605.1.15 (KHTML, like Gecko) Version/13.1.1 Safari/605.1.15 (Applebot/0.1; +http://www.apple.com/go/applebot)" "ysfine.com"
114.173.6.222 - - [13/Nov/2022:05:02:12 -0800] "GET /maga/phil/marxmos02.jpg HTTP/1.1" 200 74082 "https://www.google.com/" "Mozilla/5.0 (iPhone; CPU iPhone OS 15_6 like Mac OS X) AppleWebKit/605.1.15 (KHTML, like Gecko) GSA/236.0.484392333 Mobile/19G71 Safari/604.1" "ysfine.com"
185.191.171.11 - - [13/Nov/2022:05:02:42 -0800] "GET /robots.txt HTTP/1.1" 404 88 "-" "Mozilla/5.0 (compatible; SemrushBot/7~bl; +http://www.semrush.com/bot.html)" "ysfine.com"
185.191.171.23 - - [13/Nov/2022:05:02:44 -0800] "GET /world/florence.html HTTP/1.1" 200 9706 "-" "Mozilla/5.0 (compatible; SemrushBot/7~bl; +http://www.semrush.com/bot.html)" "ysfine.com"
59.110.156.203 - - [13/Nov/2022:05:02:47 -0800] "GET /feynman/ptoday89.jpg HTTP/1.1" 200 101842 "-" "Mozilla/5.0 (Macintosh; Intel Mac OS X 10_15_7) AppleWebKit/537.36 (KHTML, like Gecko) Chrome/105.0.0.0 Safari/537.36" "ysfine.com"
216.244.66.229 - - [13/Nov/2022:05:02:58 -0800] "GET /ffriends/armen04.jpg HTTP/1.1" 200 174610 "-" "Mozilla/5.0 (compatible; DotBot/1.2; +https://opensiteexplorer.org/dotbot; help@moz.com)" "ysfine.com"
114.119.128.14 - - [13/Nov/2022:05:03:16 -0800] "GET /wdc/eindc.html HTTP/1.1" 200 923 "https://www.ysfine.com/wdc/wasdc.html" "Mozilla/5.0 (Linux; Android 7.0;) AppleWebKit/537.36 (KHTML, like Gecko) Mobile Safari/537.36 (compatible; PetalBot;+https://webmaster.petalsearch.com/site/petalbot)" "www.ysfine.com"
176.22.195.2 - - [13/Nov/2022:05:03:25 -0800] "GET /maga/hegel.html HTTP/1.1" 200 4700 "https://www.google.com/" "Mozilla/5.0 (Windows NT 10.0; Win64; x64; rv:106.0) Gecko/20100101 Firefox/106.0" "ysfine.com"
176.22.195.2 - - [13/Nov/2022:05:03:25 -0800] "GET /maga/phys/maxwell02b.jpg HTTP/1.1" 200 43279 "https://ysfine.com/maga/hegel.html" "Mozilla/5.0 (Windows NT 10.0; Win64; x64; rv:106.0) Gecko/20100101 Firefox/106.0" "ysfine.com"
176.22.195.2 - - [13/Nov/2022:05:03:25 -0800] "GET /feynman/feyn86b.jpg HTTP/1.1" 200 26190 "https://ysfine.com/maga/hegel.html" "Mozilla/5.0 (Windows NT 10.0; Win64; x64; rv:106.0) Gecko/20100101 Firefox/106.0" "ysfine.com"
