65.109.26.43 - - [12/Nov/2022:23:41:33 -0800] "GET /folks/prgr02.jpg HTTP/1.1" 404 88 "-" "Mozilla/5.0 (compatible; MJ12bot/v1.4.8; http://mj12bot.com/)" "ysfine.com"
65.109.26.43 - - [12/Nov/2022:23:41:34 -0800] "GET /folks/prgr10.jpg HTTP/1.1" 404 88 "-" "Mozilla/5.0 (compatible; MJ12bot/v1.4.8; http://mj12bot.com/)" "ysfine.com"
65.109.26.43 - - [12/Nov/2022:23:41:36 -0800] "GET /folks/princeton68.jpg HTTP/1.1" 200 192633 "-" "Mozilla/5.0 (compatible; MJ12bot/v1.4.8; http://mj12bot.com/)" "ysfine.com"
65.109.26.43 - - [12/Nov/2022:23:41:40 -0800] "GET /folks/redgreen.jpg HTTP/1.1" 200 128354 "-" "Mozilla/5.0 (compatible; MJ12bot/v1.4.8; http://mj12bot.com/)" "ysfine.com"
51.222.253.16 - - [12/Nov/2022:23:41:41 -0800] "GET /home/sbk/1950.html HTTP/1.1" 404 88 "-" "Mozilla/5.0 (compatible; AhrefsBot/7.0; +http://ahrefs.com/robot/)" "ysfine.com"
65.109.26.43 - - [12/Nov/2022:23:41:41 -0800] "GET /folks/romania07.jpg HTTP/1.1" 200 121609 "-" "Mozilla/5.0 (compatible; MJ12bot/v1.4.8; http://mj12bot.com/)" "ysfine.com"
65.109.26.43 - - [12/Nov/2022:23:41:50 -0800] "GET /folks/russathens01.jpg HTTP/1.1" 200 95814 "-" "Mozilla/5.0 (compatible; MJ12bot/v1.4.8; http://mj12bot.com/)" "ysfine.com"
65.109.26.43 - - [12/Nov/2022:23:41:52 -0800] "GET /folks/russberlin02.jpg HTTP/1.1" 200 128537 "-" "Mozilla/5.0 (compatible; MJ12bot/v1.4.8; http://mj12bot.com/)" "ysfine.com"
65.109.26.43 - - [12/Nov/2022:23:41:56 -0800] "GET /folks/russkor02.jpg HTTP/1.1" 200 182519 "-" "Mozilla/5.0 (compatible; MJ12bot/v1.4.8; http://mj12bot.com/)" "ysfine.com"
65.109.26.43 - - [12/Nov/2022:23:41:58 -0800] "GET /folks/russmuc01.jpg HTTP/1.1" 200 153964 "-" "Mozilla/5.0 (compatible; MJ12bot/v1.4.8; http://mj12bot.com/)" "ysfine.com"
65.109.26.43 - - [12/Nov/2022:23:42:00 -0800] "GET /folks/russny03.jpg HTTP/1.1" 200 115535 "-" "Mozilla/5.0 (compatible; MJ12bot/v1.4.8; http://mj12bot.com/)" "ysfine.com"
65.109.26.43 - - [12/Nov/2022:23:42:02 -0800] "GET /folks/russparis02.jpg HTTP/1.1" 200 75177 "-" "Mozilla/5.0 (compatible; MJ12bot/v1.4.8; http://mj12bot.com/)" "ysfine.com"
65.109.26.43 - - [12/Nov/2022:23:42:04 -0800] "GET /folks/russparis07.jpg HTTP/1.1" 200 154150 "-" "Mozilla/5.0 (compatible; MJ12bot/v1.4.8; http://mj12bot.com/)" "ysfine.com"
65.109.26.43 - - [12/Nov/2022:23:42:06 -0800] "GET /folks/russrio11.jpg HTTP/1.1" 200 81455 "-" "Mozilla/5.0 (compatible; MJ12bot/v1.4.8; http://mj12bot.com/)" "ysfine.com"
65.109.26.43 - - [12/Nov/2022:23:42:10 -0800] "GET /folks/russrio33.jpg HTTP/1.1" 200 103210 "-" "Mozilla/5.0 (compatible; MJ12bot/v1.4.8; http://mj12bot.com/)" "ysfine.com"
65.109.26.43 - - [12/Nov/2022:23:42:14 -0800] "GET /folks/russsh01.jpg HTTP/1.1" 200 94545 "-" "Mozilla/5.0 (compatible; MJ12bot/v1.4.8; http://mj12bot.com/)" "ysfine.com"
65.109.26.43 - - [12/Nov/2022:23:42:18 -0800] "GET /folks/russvenice01.jpg HTTP/1.1" 200 133008 "-" "Mozilla/5.0 (compatible; MJ12bot/v1.4.8; http://mj12bot.com/)" "ysfine.com"
65.109.26.43 - - [12/Nov/2022:23:42:20 -0800] "GET /folks/russwas05.jpg HTTP/1.1" 200 124975 "-" "Mozilla/5.0 (compatible; MJ12bot/v1.4.8; http://mj12bot.com/)" "ysfine.com"
65.109.26.43 - - [12/Nov/2022:23:42:22 -0800] "GET /folks/russyerevan01.jpg HTTP/1.1" 200 65391 "-" "Mozilla/5.0 (compatible; MJ12bot/v1.4.8; http://mj12bot.com/)" "ysfine.com"
65.109.26.43 - - [12/Nov/2022:23:42:26 -0800] "GET /folks/safrica11.jpg HTTP/1.1" 200 62734 "-" "Mozilla/5.0 (compatible; MJ12bot/v1.4.8; http://mj12bot.com/)" "ysfine.com"
65.109.26.43 - - [12/Nov/2022:23:42:30 -0800] "GET /folks/sbtwein.jpg HTTP/1.1" 200 300207 "-" "Mozilla/5.0 (compatible; MJ12bot/v1.4.8; http://mj12bot.com/)" "ysfine.com"
89.39.149.235 - - [12/Nov/2022:23:42:31 -0800] "GET /princeton/wightman01.jpg HTTP/1.1" 200 103382 "-" "Mozilla/5.0 (Windows NT 10.0; Win64; x64) AppleWebKit/537.36 (KHTML, like Gecko) Chrome/102.0.0.0 Safari/537.36" "ysfine.com"
65.109.26.43 - - [12/Nov/2022:23:42:32 -0800] "GET /folks/schweitzer00.jpg HTTP/1.1" 200 121351 "-" "Mozilla/5.0 (compatible; MJ12bot/v1.4.8; http://mj12bot.com/)" "ysfine.com"
89.39.149.235 - - [12/Nov/2022:23:42:33 -0800] "GET /princeton/wightman01b.jpg HTTP/1.1" 200 39820 "-" "Mozilla/5.0 (Windows NT 10.0; Win64; x64) AppleWebKit/537.36 (KHTML, like Gecko) Chrome/102.0.0.0 Safari/537.36" "ysfine.com"
65.109.26.43 - - [12/Nov/2022:23:42:34 -0800] "GET /folks/schweitzer61.jpg HTTP/1.1" 200 129162 "-" "Mozilla/5.0 (compatible; MJ12bot/v1.4.8; http://mj12bot.com/)" "ysfine.com"
65.109.26.43 - - [12/Nov/2022:23:42:36 -0800] "GET /folks/sibelbas55.jpg HTTP/1.1" 200 74325 "-" "Mozilla/5.0 (compatible; MJ12bot/v1.4.8; http://mj12bot.com/)" "ysfine.com"
65.109.26.43 - - [12/Nov/2022:23:42:41 -0800] "GET /folks/spalon22.jpg HTTP/1.1" 200 107525 "-" "Mozilla/5.0 (compatible; MJ12bot/v1.4.8; http://mj12bot.com/)" "ysfine.com"
77.88.5.50 - - [12/Nov/2022:23:42:43 -0800] "GET /world/germany/hegel05.jpg HTTP/1.1" 304 - "-" "Mozilla/5.0 (compatible; YandexImages/3.0; +http://yandex.com/bots)" "www.ysfine.com"
65.109.26.43 - - [12/Nov/2022:23:42:45 -0800] "GET /folks/spastu02.jpg HTTP/1.1" 200 148463 "-" "Mozilla/5.0 (compatible; MJ12bot/v1.4.8; http://mj12bot.com/)" "ysfine.com"
114.119.128.158 - - [12/Nov/2022:23:42:46 -0800] "GET /remote/wigner111/frame40.html HTTP/1.1" 200 372 "https://ysfine.com/remote/wigner111/frame39.html" "Mozilla/5.0 (Linux; Android 7.0;) AppleWebKit/537.36 (KHTML, like Gecko) Mobile Safari/537.36 (compatible; PetalBot;+https://webmaster.petalsearch.com/site/petalbot)" "ysfine.com"
65.109.26.43 - - [12/Nov/2022:23:42:51 -0800] "GET /folks/swedlon01.jpg HTTP/1.1" 200 141975 "-" "Mozilla/5.0 (compatible; MJ12bot/v1.4.8; http://mj12bot.com/)" "ysfine.com"
65.109.26.43 - - [12/Nov/2022:23:42:53 -0800] "GET /folks/swedlon02.jpg HTTP/1.1" 200 104252 "-" "Mozilla/5.0 (compatible; MJ12bot/v1.4.8; http://mj12bot.com/)" "ysfine.com"
65.109.26.43 - - [12/Nov/2022:23:42:57 -0800] "GET /folks/swiss11.jpg HTTP/1.1" 404 88 "-" "Mozilla/5.0 (compatible; MJ12bot/v1.4.8; http://mj12bot.com/)" "ysfine.com"
65.109.26.43 - - [12/Nov/2022:23:42:59 -0800] "GET /folks/swisstlv11.jpg HTTP/1.1" 200 169856 "-" "Mozilla/5.0 (compatible; MJ12bot/v1.4.8; http://mj12bot.com/)" "ysfine.com"
65.109.26.43 - - [12/Nov/2022:23:43:03 -0800] "GET /folks/taiwan03.jpg HTTP/1.1" 200 246012 "-" "Mozilla/5.0 (compatible; MJ12bot/v1.4.8; http://mj12bot.com/)" "ysfine.com"
65.109.26.43 - - [12/Nov/2022:23:43:07 -0800] "GET /folks/turkarmen.jpg HTTP/1.1" 200 74770 "-" "Mozilla/5.0 (compatible; MJ12bot/v1.4.8; http://mj12bot.com/)" "ysfine.com"
65.109.26.43 - - [12/Nov/2022:23:43:11 -0800] "GET /folks/turkusa01.jpg HTTP/1.1" 200 168034 "-" "Mozilla/5.0 (compatible; MJ12bot/v1.4.8; http://mj12bot.com/)" "ysfine.com"
65.109.26.43 - - [12/Nov/2022:23:43:15 -0800] "GET /folks/ukrapol01.jpg HTTP/1.1" 200 136370 "-" "Mozilla/5.0 (compatible; MJ12bot/v1.4.8; http://mj12bot.com/)" "ysfine.com"
65.109.26.43 - - [12/Nov/2022:23:43:17 -0800] "GET /folks/venez03.jpg HTTP/1.1" 200 211722 "-" "Mozilla/5.0 (compatible; MJ12bot/v1.4.8; http://mj12bot.com/)" "ysfine.com"
65.109.26.43 - - [12/Nov/2022:23:43:19 -0800] "GET /folks/wboys.jpg HTTP/1.1" 200 223265 "-" "Mozilla/5.0 (compatible; MJ12bot/v1.4.8; http://mj12bot.com/)" "ysfine.com"
65.109.26.43 - - [12/Nov/2022:23:43:21 -0800] "GET /folks/wheeler.html HTTP/1.1" 200 3348 "-" "Mozilla/5.0 (compatible; MJ12bot/v1.4.8; http://mj12bot.com/)" "ysfine.com"
65.109.26.43 - - [12/Nov/2022:23:43:23 -0800] "GET /folks/wheemaine.jpg HTTP/1.1" 200 98240 "-" "Mozilla/5.0 (compatible; MJ12bot/v1.4.8; http://mj12bot.com/)" "ysfine.com"
65.109.26.43 - - [12/Nov/2022:23:43:25 -0800] "GET /folks/woods.jpg HTTP/1.1" 200 59800 "-" "Mozilla/5.0 (compatible; MJ12bot/v1.4.8; http://mj12bot.com/)" "ysfine.com"
51.222.253.17 - - [12/Nov/2022:23:43:26 -0800] "GET /home/style/artlove.html HTTP/1.1" 404 88 "-" "Mozilla/5.0 (compatible; AhrefsBot/7.0; +http://ahrefs.com/robot/)" "ysfine.com"
71.178.208.102 - - [12/Nov/2022:23:43:30 -0800] "GET /einstein/einbihr.html HTTP/1.1" 404 88 "-" "Mozilla/5.0 (Windows NT 10.0; Win64; x64) AppleWebKit/537.36 (KHTML, like Gecko) Chrome/107.0.0.0 Safari/537.36 Edg/107.0.1418.42" "ysfine.com"
65.109.26.43 - - [12/Nov/2022:23:43:32 -0800] "GET /fotos/104.jpg HTTP/1.1" 200 161762 "-" "Mozilla/5.0 (compatible; MJ12bot/v1.4.8; http://mj12bot.com/)" "ysfine.com"
65.109.26.43 - - [12/Nov/2022:23:43:34 -0800] "GET /fotos/105.jpg HTTP/1.1" 200 178343 "-" "Mozilla/5.0 (compatible; MJ12bot/v1.4.8; http://mj12bot.com/)" "ysfine.com"
65.109.26.43 - - [12/Nov/2022:23:43:37 -0800] "GET /fotos/106.jpg HTTP/1.1" 200 98759 "-" "Mozilla/5.0 (compatible; MJ12bot/v1.4.8; http://mj12bot.com/)" "ysfine.com"
65.109.26.43 - - [12/Nov/2022:23:43:42 -0800] "GET /fotos/dirac1939.jpg HTTP/1.1" 200 211772 "-" "Mozilla/5.0 (compatible; MJ12bot/v1.4.8; http://mj12bot.com/)" "ysfine.com"
65.109.26.43 - - [12/Nov/2022:23:43:44 -0800] "GET /fotos/kennedy60.jpg HTTP/1.1" 200 130234 "-" "Mozilla/5.0 (compatible; MJ12bot/v1.4.8; http://mj12bot.com/)" "ysfine.com"
71.178.208.102 - - [12/Nov/2022:23:43:46 -0800] "GET /world/scandi/nbi09b.jpg HTTP/1.1" 200 57684 "https://ysfine.com/einstein/einbohr.html" "Mozilla/5.0 (Windows NT 10.0; Win64; x64) AppleWebKit/537.36 (KHTML, like Gecko) Chrome/107.0.0.0 Safari/537.36 Edg/107.0.1418.42" "ysfine.com"
71.178.208.102 - - [12/Nov/2022:23:43:46 -0800] "GET /einstein/jsbell01b.jpg HTTP/1.1" 200 33090 "https://ysfine.com/einstein/einbohr.html" "Mozilla/5.0 (Windows NT 10.0; Win64; x64) AppleWebKit/537.36 (KHTML, like Gecko) Chrome/107.0.0.0 Safari/537.36 Edg/107.0.1418.42" "ysfine.com"
71.178.208.102 - - [12/Nov/2022:23:43:46 -0800] "GET /world/scandi/nbi33b.jpg HTTP/1.1" 200 39400 "https://ysfine.com/einstein/einbohr.html" "Mozilla/5.0 (Windows NT 10.0; Win64; x64) AppleWebKit/537.36 (KHTML, like Gecko) Chrome/107.0.0.0 Safari/537.36 Edg/107.0.1418.42" "ysfine.com"
71.178.208.102 - - [12/Nov/2022:23:43:46 -0800] "GET /einstein/einbohr.html HTTP/1.1" 200 6142 "-" "Mozilla/5.0 (Windows NT 10.0; Win64; x64) AppleWebKit/537.36 (KHTML, like Gecko) Chrome/107.0.0.0 Safari/537.36 Edg/107.0.1418.42" "ysfine.com"
71.178.208.102 - - [12/Nov/2022:23:43:46 -0800] "GET /einstein/bohradius11b.jpg HTTP/1.1" 200 39999 "https://ysfine.com/einstein/einbohr.html" "Mozilla/5.0 (Windows NT 10.0; Win64; x64) AppleWebKit/537.36 (KHTML, like Gecko) Chrome/107.0.0.0 Safari/537.36 Edg/107.0.1418.42" "ysfine.com"
71.178.208.102 - - [12/Nov/2022:23:43:46 -0800] "GET /feynman/feydirac270.jpg HTTP/1.1" 200 59000 "https://ysfine.com/einstein/einbohr.html" "Mozilla/5.0 (Windows NT 10.0; Win64; x64) AppleWebKit/537.36 (KHTML, like Gecko) Chrome/107.0.0.0 Safari/537.36 Edg/107.0.1418.42" "ysfine.com"
71.178.208.102 - - [12/Nov/2022:23:43:46 -0800] "GET /dirac/diracqm33b.jpg HTTP/1.1" 200 44237 "https://ysfine.com/einstein/einbohr.html" "Mozilla/5.0 (Windows NT 10.0; Win64; x64) AppleWebKit/537.36 (KHTML, like Gecko) Chrome/107.0.0.0 Safari/537.36 Edg/107.0.1418.42" "ysfine.com"
71.178.208.102 - - [12/Nov/2022:23:43:46 -0800] "GET /world/scandi/nbi06b.jpg HTTP/1.1" 200 45656 "https://ysfine.com/einstein/einbohr.html" "Mozilla/5.0 (Windows NT 10.0; Win64; x64) AppleWebKit/537.36 (KHTML, like Gecko) Chrome/107.0.0.0 Safari/537.36 Edg/107.0.1418.42" "ysfine.com"
71.178.208.102 - - [12/Nov/2022:23:43:46 -0800] "GET /einstein/evol22b.jpg HTTP/1.1" 200 29614 "https://ysfine.com/einstein/einbohr.html" "Mozilla/5.0 (Windows NT 10.0; Win64; x64) AppleWebKit/537.36 (KHTML, like Gecko) Chrome/107.0.0.0 Safari/537.36 Edg/107.0.1418.42" "ysfine.com"
65.109.26.43 - - [12/Nov/2022:23:43:47 -0800] "GET /fotos/photo00.jpg HTTP/1.1" 200 175170 "-" "Mozilla/5.0 (compatible; MJ12bot/v1.4.8; http://mj12bot.com/)" "ysfine.com"
157.55.39.6 - - [12/Nov/2022:23:43:51 -0800] "GET /bio/einstein/bern.html HTTP/1.1" 404 88 "-" "Mozilla/5.0 AppleWebKit/537.36 (KHTML, like Gecko; compatible; bingbot/2.0; +http://www.bing.com/bingbot.htm) Chrome/103.0.5060.134 Safari/537.36" "ysfine.com"
65.109.26.43 - - [12/Nov/2022:23:43:53 -0800] "GET /fotos/seoul50.jpg HTTP/1.1" 200 181490 "-" "Mozilla/5.0 (compatible; MJ12bot/v1.4.8; http://mj12bot.com/)" "ysfine.com"
71.178.208.102 - - [12/Nov/2022:23:44:25 -0800] "GET /einstein/bohrein.html HTTP/1.1" 200 5906 "-" "Mozilla/5.0 (Windows NT 10.0; Win64; x64) AppleWebKit/537.36 (KHTML, like Gecko) Chrome/107.0.0.0 Safari/537.36 Edg/107.0.1418.42" "ysfine.com"
207.46.13.134 - - [12/Nov/2022:23:44:57 -0800] "GET /bio/heisen/heisen54.html HTTP/1.1" 404 88 "-" "Mozilla/5.0 AppleWebKit/537.36 (KHTML, like Gecko; compatible; bingbot/2.0; +http://www.bing.com/bingbot.htm) Chrome/103.0.5060.134 Safari/537.36" "ysfine.com"
51.222.253.15 - - [12/Nov/2022:23:44:57 -0800] "GET /home/style/beetho.html HTTP/1.1" 404 88 "-" "Mozilla/5.0 (compatible; AhrefsBot/7.0; +http://ahrefs.com/robot/)" "ysfine.com"
192.0.117.242 - - [12/Nov/2022:23:45:09 -0800] "GET /world/ital/venice01.jpg HTTP/1.1" 200 187595 "-" "Photon/1.0" "www.ysfine.com"
192.0.114.20 - - [12/Nov/2022:23:45:11 -0800] "GET /world/ital/venice01.jpg HTTP/1.1" 200 187595 "-" "Photon/1.0" "www.ysfine.com"
216.244.66.229 - - [12/Nov/2022:23:45:15 -0800] "GET /world/baltic/arana.html HTTP/1.1" 200 7966 "-" "Mozilla/5.0 (compatible; DotBot/1.2; +https://opensiteexplorer.org/dotbot; help@moz.com)" "www.ysfine.com"
123.125.109.63 - - [12/Nov/2022:23:45:25 -0800] "GET / HTTP/1.1" 200 5283 "-" "Sogou web spider/4.0(+http://www.sogou.com/docs/help/webmasters.htm#07)" "ysfine.com"
61.190.161.54 - - [12/Nov/2022:23:45:56 -0800] "GET /kowar/kwandong02b.jpg HTTP/1.1" 200 55217 "-" "Mozilla/5.0 (Macintosh; Intel Mac OS X 10.6; rv:2.0.1) Gecko/20100101 Firefox/4.0.1" "ysfine.com"
51.222.253.19 - - [12/Nov/2022:23:46:34 -0800] "GET /home/style/digilit.html HTTP/1.1" 404 88 "-" "Mozilla/5.0 (compatible; AhrefsBot/7.0; +http://ahrefs.com/robot/)" "ysfine.com"
216.244.66.229 - - [12/Nov/2022:23:46:53 -0800] "GET /world/baltic/kalin20.jpg HTTP/1.1" 200 93096 "-" "Mozilla/5.0 (compatible; DotBot/1.2; +https://opensiteexplorer.org/dotbot; help@moz.com)" "www.ysfine.com"
216.244.66.229 - - [12/Nov/2022:23:47:44 -0800] "GET /world/baltic/riga08.jpg HTTP/1.1" 200 103075 "-" "Mozilla/5.0 (compatible; DotBot/1.2; +https://opensiteexplorer.org/dotbot; help@moz.com)" "www.ysfine.com"
185.191.171.19 - - [12/Nov/2022:23:47:54 -0800] "GET /einstein/einst06.html HTTP/1.1" 200 1773 "-" "Mozilla/5.0 (compatible; SemrushBot/7~bl; +http://www.semrush.com/bot.html)" "ysfine.com"
51.222.253.8 - - [12/Nov/2022:23:48:01 -0800] "GET /home/style/leica.html HTTP/1.1" 404 88 "-" "Mozilla/5.0 (compatible; AhrefsBot/7.0; +http://ahrefs.com/robot/)" "ysfine.com"
216.244.66.229 - - [12/Nov/2022:23:48:34 -0800] "GET /world/baltic/riga11.jpg HTTP/1.1" 200 95050 "-" "Mozilla/5.0 (compatible; DotBot/1.2; +https://opensiteexplorer.org/dotbot; help@moz.com)" "www.ysfine.com"
216.244.66.229 - - [12/Nov/2022:23:49:24 -0800] "GET /world/baltic/tallin15.jpg HTTP/1.1" 200 186344 "-" "Mozilla/5.0 (compatible; DotBot/1.2; +https://opensiteexplorer.org/dotbot; help@moz.com)" "www.ysfine.com"
51.222.253.12 - - [12/Nov/2022:23:49:28 -0800] "GET /home/style/songs.html HTTP/1.1" 404 88 "-" "Mozilla/5.0 (compatible; AhrefsBot/7.0; +http://ahrefs.com/robot/)" "ysfine.com"
216.244.66.229 - - [12/Nov/2022:23:50:14 -0800] "GET /world/ital/capri02.jpg HTTP/1.1" 200 101368 "-" "Mozilla/5.0 (compatible; DotBot/1.2; +https://opensiteexplorer.org/dotbot; help@moz.com)" "www.ysfine.com"
157.55.39.76 - - [12/Nov/2022:23:50:35 -0800] "GET /dongio/students.html HTTP/1.1" 404 88 "-" "Mozilla/5.0 (compatible; bingbot/2.0; +http://www.bing.com/bingbot.htm)" "www.ysfine.com"
157.55.39.6 - - [12/Nov/2022:23:51:02 -0800] "GET /bio/awards/iao.html HTTP/1.1" 404 88 "-" "Mozilla/5.0 AppleWebKit/537.36 (KHTML, like Gecko; compatible; bingbot/2.0; +http://www.bing.com/bingbot.htm) Chrome/103.0.5060.134 Safari/537.36" "ysfine.com"
51.222.253.14 - - [12/Nov/2022:23:51:08 -0800] "GET /home/world/musplace.html HTTP/1.1" 404 88 "-" "Mozilla/5.0 (compatible; AhrefsBot/7.0; +http://ahrefs.com/robot/)" "ysfine.com"
113.31.105.130 - - [12/Nov/2022:23:51:33 -0800] "GET /favicon.ico HTTP/1.1" 404 88 "-" "Dalvik/2.1.0 (Linux; U; Android 9.0; ZTE BA520 Build/MRA58K)" "ysfine.com"
51.222.253.5 - - [12/Nov/2022:23:52:38 -0800] "GET /home/world/ysworld.html HTTP/1.1" 404 88 "-" "Mozilla/5.0 (compatible; AhrefsBot/7.0; +http://ahrefs.com/robot/)" "ysfine.com"
71.178.208.102 - - [12/Nov/2022:23:53:13 -0800] "GET /einstein/bohrein.html HTTP/1.1" 200 5904 "-" "Mozilla/5.0 (Windows NT 10.0; Win64; x64) AppleWebKit/537.36 (KHTML, like Gecko) Chrome/107.0.0.0 Safari/537.36 Edg/107.0.1418.42" "ysfine.com"
71.178.208.102 - - [12/Nov/2022:23:53:13 -0800] "GET /einstein/jsbell01.jpg HTTP/1.1" 200 47911 "https://ysfine.com/einstein/bohrein.html" "Mozilla/5.0 (Windows NT 10.0; Win64; x64) AppleWebKit/537.36 (KHTML, like Gecko) Chrome/107.0.0.0 Safari/537.36 Edg/107.0.1418.42" "ysfine.com"
216.244.66.229 - - [12/Nov/2022:23:53:34 -0800] "GET /maga/faraday.html HTTP/1.1" 200 17795 "-" "Mozilla/5.0 (compatible; DotBot/1.2; +https://opensiteexplorer.org/dotbot; help@moz.com)" "www.ysfine.com"
71.178.208.102 - - [12/Nov/2022:23:53:44 -0800] "GET /einstein/einbohr.html HTTP/1.1" 304 - "-" "Mozilla/5.0 (Windows NT 10.0; Win64; x64) AppleWebKit/537.36 (KHTML, like Gecko) Chrome/107.0.0.0 Safari/537.36 Edg/107.0.1418.42" "ysfine.com"
216.244.66.229 - - [12/Nov/2022:23:54:03 -0800] "GET /world/ital/caser01.jpg HTTP/1.1" 200 51727 "-" "Mozilla/5.0 (compatible; DotBot/1.2; +https://opensiteexplorer.org/dotbot; help@moz.com)" "www.ysfine.com"
207.46.13.134 - - [12/Nov/2022:23:54:09 -0800] "GET /bio/style/ystyle.html HTTP/1.1" 404 88 "-" "Mozilla/5.0 (compatible; bingbot/2.0; +http://www.bing.com/bingbot.htm)" "ysfine.com"
51.222.253.18 - - [12/Nov/2022:23:54:16 -0800] "GET /home/yspapers/index.html HTTP/1.1" 404 88 "-" "Mozilla/5.0 (compatible; AhrefsBot/7.0; +http://ahrefs.com/robot/)" "ysfine.com"
216.244.66.229 - - [12/Nov/2022:23:54:35 -0800] "GET /world/ital/vatican07.jpg HTTP/1.1" 200 106986 "-" "Mozilla/5.0 (compatible; DotBot/1.2; +https://opensiteexplorer.org/dotbot; help@moz.com)" "www.ysfine.com"
114.119.128.158 - - [12/Nov/2022:23:54:56 -0800] "GET /world/kazan.html HTTP/1.1" 200 13929 "https://www.ysfine.com/ffriends/fdw.html" "Mozilla/5.0 (Linux; Android 7.0;) AppleWebKit/537.36 (KHTML, like Gecko) Mobile Safari/537.36 (compatible; PetalBot;+https://webmaster.petalsearch.com/site/petalbot)" "www.ysfine.com"
157.55.39.129 - - [12/Nov/2022:23:55:19 -0800] "GET /bio/style/rieu.html HTTP/1.1" 404 88 "-" "Mozilla/5.0 AppleWebKit/537.36 (KHTML, like Gecko; compatible; bingbot/2.0; +http://www.bing.com/bingbot.htm) Chrome/103.0.5060.134 Safari/537.36" "ysfine.com"
216.244.66.229 - - [12/Nov/2022:23:55:27 -0800] "GET /world/ital/vatican36.jpg HTTP/1.1" 200 147411 "-" "Mozilla/5.0 (compatible; DotBot/1.2; +https://opensiteexplorer.org/dotbot; help@moz.com)" "www.ysfine.com"
51.222.253.1 - - [12/Nov/2022:23:55:32 -0800] "GET /home/ysworld.html HTTP/1.1" 404 88 "-" "Mozilla/5.0 (compatible; AhrefsBot/7.0; +http://ahrefs.com/robot/)" "ysfine.com"
36.27.158.170 - - [12/Nov/2022:23:55:43 -0800] "GET /kowar/panmun02.jpg HTTP/1.1" 200 129295 "https://cn.bing.com/" "Mozilla/5.0 (Windows NT 6.1; Win64; x64) AppleWebKit/537.36 (KHTML, like Gecko) Chrome/86.0.4240.198 Safari/537.36" "www.ysfine.com"
71.178.208.102 - - [12/Nov/2022:23:56:05 -0800] "GET /ys11/index.html HTTP/1.1" 304 - "-" "Mozilla/5.0 (Windows NT 10.0; Win64; x64) AppleWebKit/537.36 (KHTML, like Gecko) Chrome/107.0.0.0 Safari/537.36 Edg/107.0.1418.42" "www.ysfine.com"
71.178.208.102 - - [12/Nov/2022:23:56:05 -0800] "GET /favicon.ico HTTP/1.1" 404 88 "https://www.ysfine.com/ys11/index.html" "Mozilla/5.0 (Windows NT 10.0; Win64; x64) AppleWebKit/537.36 (KHTML, like Gecko) Chrome/107.0.0.0 Safari/537.36 Edg/107.0.1418.42" "www.ysfine.com"
216.244.66.229 - - [12/Nov/2022:23:56:17 -0800] "GET /world/ital/venicej20.jpg HTTP/1.1" 200 123016 "-" "Mozilla/5.0 (compatible; DotBot/1.2; +https://opensiteexplorer.org/dotbot; help@moz.com)" "www.ysfine.com"
182.18.206.229 - - [12/Nov/2022:23:56:23 -0800] "GET /maga/phys/schrod11.jpg HTTP/1.1" 200 107958 "https://sg.images.search.yahoo.com/yhs/search;_ylt=AwrxhWoYo3Bj8RwArxBP5At.;_ylu=Y29sbwMEcG9zAzEEdnRpZAMEc2VjA3BpdnM-?p=erwin+schr%C3%B6dinger&type=BIZM_3013210000_%2458020_000000%24&param1=mT_HZsh9PtLC9lnpeNAUARfXJOCVRvYB0l0GDIYTIQ5oybEOFDx0QcrDCwiP4Wjd1kEkAQtKjbxuO_Pqf7iwAykuBDRaQ54Cr4MF8c2bRRUM7z8cTdXgeBcHfSrE35STBDMhc6F4RSoAu-snZ1FPnuP6tD0HhPIFdPbdHXJV_N97_xT-crgOlYGHHQYdrsyWbVC3we1iO8k7lbVBQq9z60syPyiiBSzdKDgsW0u6dswOq0-VEveK5Xem7eKLw6_2jbHROSbahNwtkx9mfP4JEWsG42hf6k4WdLAjoV8vifmJ9bmvF6_0Yh_vNZiPB4XXplUv1C75&hsimp=yhs-SF3&hspart=Lkry&ei=UTF-8&fr=yhs-Lkry-SF3" "Mozilla/5.0 (Windows NT 10.0; Win64; x64) AppleWebKit/537.36 (KHTML, like Gecko) Chrome/107.0.0.0 Safari/537.36" "ysfine.com"
207.46.13.134 - - [12/Nov/2022:23:56:29 -0800] "GET /bio/princeton/campus.html HTTP/1.1" 404 88 "-" "Mozilla/5.0 AppleWebKit/537.36 (KHTML, like Gecko; compatible; bingbot/2.0; +http://www.bing.com/bingbot.htm) Chrome/103.0.5060.134 Safari/537.36" "ysfine.com"
51.222.253.12 - - [12/Nov/2022:23:56:47 -0800] "GET /usca/pitt22.html HTTP/1.1" 404 88 "-" "Mozilla/5.0 (compatible; AhrefsBot/7.0; +http://ahrefs.com/robot/)" "ysfine.com"
185.191.171.38 - - [12/Nov/2022:23:57:07 -0800] "GET /ysbio/usca/kobak/taylor.html HTTP/1.1" 404 88 "-" "Mozilla/5.0 (compatible; SemrushBot/7~bl; +http://www.semrush.com/bot.html)" "ysfine.com"
216.244.66.229 - - [12/Nov/2022:23:57:08 -0800] "GET /ffriends/aline/pakis55.jpg HTTP/1.1" 200 155022 "-" "Mozilla/5.0 (compatible; DotBot/1.2; +https://opensiteexplorer.org/dotbot; help@moz.com)" "ysfine.com"
185.191.171.23 - - [12/Nov/2022:23:57:18 -0800] "GET /confer/quantum.html HTTP/1.1" 200 2560 "-" "Mozilla/5.0 (compatible; SemrushBot/7~bl; +http://www.semrush.com/bot.html)" "ysfine.com"
71.178.208.102 - - [12/Nov/2022:23:57:22 -0800] "GET /awards/marq.html HTTP/1.1" 200 3212 "https://ysfine.com/awards/index.html" "Mozilla/5.0 (Windows NT 10.0; Win64; x64) AppleWebKit/537.36 (KHTML, like Gecko) Chrome/107.0.0.0 Safari/537.36" "ysfine.com"
71.178.208.102 - - [12/Nov/2022:23:57:22 -0800] "GET /home/handsome22f.jpg HTTP/1.1" 200 122334 "https://ysfine.com/awards/marq.html" "Mozilla/5.0 (Windows NT 10.0; Win64; x64) AppleWebKit/537.36 (KHTML, like Gecko) Chrome/107.0.0.0 Safari/537.36" "ysfine.com"
71.178.208.102 - - [12/Nov/2022:23:57:22 -0800] "GET /home/fotos/bohr11d.jpg HTTP/1.1" 200 28973 "https://ysfine.com/awards/marq.html" "Mozilla/5.0 (Windows NT 10.0; Win64; x64) AppleWebKit/537.36 (KHTML, like Gecko) Chrome/107.0.0.0 Safari/537.36" "ysfine.com"
71.178.208.102 - - [12/Nov/2022:23:57:22 -0800] "GET /home/fotos/bridge11d.jpg HTTP/1.1" 200 55851 "https://ysfine.com/awards/marq.html" "Mozilla/5.0 (Windows NT 10.0; Win64; x64) AppleWebKit/537.36 (KHTML, like Gecko) Chrome/107.0.0.0 Safari/537.36" "ysfine.com"
71.178.208.102 - - [12/Nov/2022:23:57:22 -0800] "GET /home/family18d.jpg HTTP/1.1" 200 69135 "https://ysfine.com/awards/marq.html" "Mozilla/5.0 (Windows NT 10.0; Win64; x64) AppleWebKit/537.36 (KHTML, like Gecko) Chrome/107.0.0.0 Safari/537.36" "ysfine.com"
71.178.208.102 - - [12/Nov/2022:23:57:22 -0800] "GET /home/fotos/eins05d.jpg HTTP/1.1" 200 41012 "https://ysfine.com/awards/marq.html" "Mozilla/5.0 (Windows NT 10.0; Win64; x64) AppleWebKit/537.36 (KHTML, like Gecko) Chrome/107.0.0.0 Safari/537.36" "ysfine.com"
216.244.66.229 - - [12/Nov/2022:23:57:59 -0800] "GET /ffriends/aline/tam02.jpg HTTP/1.1" 200 66230 "-" "Mozilla/5.0 (compatible; DotBot/1.2; +https://opensiteexplorer.org/dotbot; help@moz.com)" "ysfine.com"
216.244.66.229 - - [12/Nov/2022:23:59:19 -0800] "GET /world/balkan/ath036.jpg HTTP/1.1" 200 90360 "-" "Mozilla/5.0 (compatible; DotBot/1.2; +https://opensiteexplorer.org/dotbot; help@moz.com)" "www.ysfine.com"
216.244.66.229 - - [12/Nov/2022:23:59:56 -0800] "GET /world/russ/masha88.jpg HTTP/1.1" 200 75817 "-" "Mozilla/5.0 (compatible; DotBot/1.2; +https://opensiteexplorer.org/dotbot; help@moz.com)" "www.ysfine.com"
77.88.5.86 - - [13/Nov/2022:00:00:22 -0800] "GET /robots.txt HTTP/1.1" 404 73 "-" "Mozilla/5.0 (compatible; YandexBot/3.0; +http://yandex.com/bots)" "ysfine.com"
77.88.5.46 - - [13/Nov/2022:00:00:26 -0800] "GET /world/germany/vienna16.jpg HTTP/1.1" 200 164335 "-" "Mozilla/5.0 (compatible; YandexImages/3.0; +http://yandex.com/bots)" "ysfine.com"
35.206.145.85 - - [13/Nov/2022:00:00:45 -0800] "GET /robots.txt HTTP/1.1" 404 88 "http://ysfine.com/robots.txt" "Go-http-client/1.1" "ysfine.com"
216.244.66.229 - - [13/Nov/2022:00:00:47 -0800] "GET /ffriends/aline/lufthan10.jpg HTTP/1.1" 200 65815 "-" "Mozilla/5.0 (compatible; DotBot/1.2; +https://opensiteexplorer.org/dotbot; help@moz.com)" "ysfine.com"
35.206.145.85 - - [13/Nov/2022:00:00:47 -0800] "GET /wisdom/wk03.html HTTP/1.1" 200 85378 "http://ysfine.com/wisdom/wk03.html" "Mozilla/5.0 (compatible; VelenPublicWebCrawler/1.0; +https://velen.io)" "ysfine.com"
94.213.137.166 - - [13/Nov/2022:00:00:52 -0800] "GET /people/wheeler.html HTTP/1.1" 200 3348 "http://mailsweeper.astron.nl:32224/" "Mozilla/5.0 (Macintosh; Intel Mac OS X 10_15_6) AppleWebKit/605.1.15 (KHTML, like Gecko) Version/15.4 Safari/605.1.15" "ysfine.com"
72.83.28.183 - - [13/Nov/2022:00:00:55 -0800] "GET /einstein/einbohr33.jpg HTTP/1.1" 200 87797 "https://www.google.com/" "Mozilla/5.0 (iPhone; CPU iPhone OS 16_1 like Mac OS X) AppleWebKit/605.1.15 (KHTML, like Gecko) CriOS/107.0.5304.101 Mobile/15E148 Safari/604.1" "ysfine.com"
94.213.137.166 - - [13/Nov/2022:00:00:59 -0800] "GET /people/wheemaine.jpg HTTP/1.1" 200 98240 "https://ysfine.com/people/wheeler.html" "Mozilla/5.0 (Macintosh; Intel Mac OS X 10_15_6) AppleWebKit/605.1.15 (KHTML, like Gecko) Version/15.4 Safari/605.1.15" "ysfine.com"
95.142.107.5 - - [13/Nov/2022:00:00:59 -0800] "GET /people/wheeler.html HTTP/1.1" 200 3348 "http://mailsweeper.astron.nl:32224/" "Mozilla/5.0 (Windows NT 10.0; Win64; x64) AppleWebKit/537.36 (KHTML, like Gecko) Chrome/106.0.0.0 Safari/537.36" "ysfine.com"
95.142.107.5 - - [13/Nov/2022:00:01:00 -0800] "GET /people/wheemos2.jpg HTTP/1.1" 200 46241 "https://ysfine.com/people/wheeler.html" "Mozilla/5.0 (Windows NT 10.0; Win64; x64) AppleWebKit/537.36 (KHTML, like Gecko) Chrome/106.0.0.0 Safari/537.36" "ysfine.com"
95.142.107.5 - - [13/Nov/2022:00:01:00 -0800] "GET /people/wheemaine2.jpg HTTP/1.1" 200 34617 "https://ysfine.com/people/wheeler.html" "Mozilla/5.0 (Windows NT 10.0; Win64; x64) AppleWebKit/537.36 (KHTML, like Gecko) Chrome/106.0.0.0 Safari/537.36" "ysfine.com"
95.142.107.5 - - [13/Nov/2022:00:01:00 -0800] "GET /eink/pwk19c.jpg HTTP/1.1" 200 57759 "https://ysfine.com/people/wheeler.html" "Mozilla/5.0 (Windows NT 10.0; Win64; x64) AppleWebKit/537.36 (KHTML, like Gecko) Chrome/106.0.0.0 Safari/537.36" "ysfine.com"
95.142.107.5 - - [13/Nov/2022:00:01:00 -0800] "GET /kobak/taylor33c.jpg HTTP/1.1" 200 39951 "https://ysfine.com/people/wheeler.html" "Mozilla/5.0 (Windows NT 10.0; Win64; x64) AppleWebKit/537.36 (KHTML, like Gecko) Chrome/106.0.0.0 Safari/537.36" "ysfine.com"
95.142.107.5 - - [13/Nov/2022:00:01:00 -0800] "GET /people/wheekim2.jpg HTTP/1.1" 200 46245 "https://ysfine.com/people/wheeler.html" "Mozilla/5.0 (Windows NT 10.0; Win64; x64) AppleWebKit/537.36 (KHTML, like Gecko) Chrome/106.0.0.0 Safari/537.36" "ysfine.com"
95.142.107.5 - - [13/Nov/2022:00:01:02 -0800] "GET /people/wheegris2.jpg HTTP/1.1" 200 31718 "https://ysfine.com/people/wheeler.html" "Mozilla/5.0 (Windows NT 10.0; Win64; x64) AppleWebKit/537.36 (KHTML, like Gecko) Chrome/106.0.0.0 Safari/537.36" "ysfine.com"
216.244.66.229 - - [13/Nov/2022:00:01:38 -0800] "GET /ffriends/aline/united08.jpg HTTP/1.1" 200 94160 "-" "Mozilla/5.0 (compatible; DotBot/1.2; +https://opensiteexplorer.org/dotbot; help@moz.com)" "ysfine.com"
94.213.137.166 - - [13/Nov/2022:00:01:42 -0800] "GET /people/wheemos.jpg HTTP/1.1" 200 98122 "https://ysfine.com/people/wheeler.html" "Mozilla/5.0 (Macintosh; Intel Mac OS X 10_15_6) AppleWebKit/605.1.15 (KHTML, like Gecko) Version/15.4 Safari/605.1.15" "ysfine.com"
113.31.105.130 - - [13/Nov/2022:00:01:44 -0800] "GET / HTTP/1.1" 200 5283 "-" "Mozilla/5.0 (Linux; Android 7.1.2; Redmi Note 5A Build/N2G47H; wv) AppleWebKit/537.36 (KHTML, like Gecko) Version/4.0 Chrome/57.0.2987.132 MQQBrowser/6.2 TBS/044109 Mobile Safari/537.36 MicroMessenger/6.6.7.1320(0x26060739) NetType/4G Language/zh_CN" "ysfine.com"
113.31.105.130 - - [13/Nov/2022:00:03:23 -0800] "GET / HTTP/1.1" 200 5283 "-" "Dalvik/2.1.0 (Linux; U; Android 9.0; ZTE BA520 Build/MRA58K)" "ysfine.com"
95.163.255.72 - - [13/Nov/2022:00:05:29 -0800] "GET /robots.txt HTTP/1.1" 404 73 "-" "Mozilla/5.0 (compatible; Linux x86_64; Mail.RU_Bot/2.0; +https://help.mail.ru/webmaster/indexing/robots)" "ysfine.com"
95.163.255.74 - - [13/Nov/2022:00:05:37 -0800] "GET /world/kazan.html HTTP/1.1" 200 13929 "-" "Mozilla/5.0 (compatible; Linux x86_64; Mail.RU_Bot/2.0; +https://help.mail.ru/webmaster/indexing/robots)" "ysfine.com"
95.142.107.5 - - [13/Nov/2022:00:05:45 -0800] "GET /people/wheeler.html HTTP/1.1" 200 3348 "http://mailsweeper.astron.nl:32224/" "Mozilla/5.0 (Windows NT 10.0; Win64; x64) AppleWebKit/537.36 (KHTML, like Gecko) Chrome/105.0.0.0 Safari/537.36" "ysfine.com"
95.142.107.5 - - [13/Nov/2022:00:05:46 -0800] "GET /people/wheekim2.jpg HTTP/1.1" 200 46245 "https://ysfine.com/people/wheeler.html" "Mozilla/5.0 (Windows NT 10.0; Win64; x64) AppleWebKit/537.36 (KHTML, like Gecko) Chrome/105.0.0.0 Safari/537.36" "ysfine.com"
95.142.107.5 - - [13/Nov/2022:00:05:46 -0800] "GET /people/wheemaine2.jpg HTTP/1.1" 200 34617 "https://ysfine.com/people/wheeler.html" "Mozilla/5.0 (Windows NT 10.0; Win64; x64) AppleWebKit/537.36 (KHTML, like Gecko) Chrome/105.0.0.0 Safari/537.36" "ysfine.com"
95.142.107.5 - - [13/Nov/2022:00:05:46 -0800] "GET /people/wheemos2.jpg HTTP/1.1" 200 46241 "https://ysfine.com/people/wheeler.html" "Mozilla/5.0 (Windows NT 10.0; Win64; x64) AppleWebKit/537.36 (KHTML, like Gecko) Chrome/105.0.0.0 Safari/537.36" "ysfine.com"
95.142.107.5 - - [13/Nov/2022:00:05:46 -0800] "GET /people/wheegris2.jpg HTTP/1.1" 200 31718 "https://ysfine.com/people/wheeler.html" "Mozilla/5.0 (Windows NT 10.0; Win64; x64) AppleWebKit/537.36 (KHTML, like Gecko) Chrome/105.0.0.0 Safari/537.36" "ysfine.com"
95.142.107.5 - - [13/Nov/2022:00:05:46 -0800] "GET /kobak/taylor33c.jpg HTTP/1.1" 200 39951 "https://ysfine.com/people/wheeler.html" "Mozilla/5.0 (Windows NT 10.0; Win64; x64) AppleWebKit/537.36 (KHTML, like Gecko) Chrome/105.0.0.0 Safari/537.36" "ysfine.com"
95.142.107.5 - - [13/Nov/2022:00:05:46 -0800] "GET /eink/pwk19c.jpg HTTP/1.1" 200 57759 "https://ysfine.com/people/wheeler.html" "Mozilla/5.0 (Windows NT 10.0; Win64; x64) AppleWebKit/537.36 (KHTML, like Gecko) Chrome/105.0.0.0 Safari/537.36" "ysfine.com"
95.142.107.5 - - [13/Nov/2022:00:05:47 -0800] "GET /home/yshome.html HTTP/1.1" 200 5646 "https://ysfine.com/people/wheeler.html" "Mozilla/5.0 (Windows NT 10.0; Win64; x64) AppleWebKit/537.36 (KHTML, like Gecko) Chrome/105.0.0.0 Safari/537.36" "ysfine.com"
95.142.107.5 - - [13/Nov/2022:00:05:48 -0800] "GET /eink/ewk86f.jpg HTTP/1.1" 200 122173 "https://ysfine.com/home/yshome.html" "Mozilla/5.0 (Windows NT 10.0; Win64; x64) AppleWebKit/537.36 (KHTML, like Gecko) Chrome/105.0.0.0 Safari/537.36" "ysfine.com"
95.142.107.5 - - [13/Nov/2022:00:05:48 -0800] "GET /home/eink450.jpg HTTP/1.1" 200 66794 "https://ysfine.com/home/yshome.html" "Mozilla/5.0 (Windows NT 10.0; Win64; x64) AppleWebKit/537.36 (KHTML, like Gecko) Chrome/105.0.0.0 Safari/537.36" "ysfine.com"
95.142.107.5 - - [13/Nov/2022:00:05:48 -0800] "GET /home/facu450.jpg HTTP/1.1" 200 74535 "https://ysfine.com/home/yshome.html" "Mozilla/5.0 (Windows NT 10.0; Win64; x64) AppleWebKit/537.36 (KHTML, like Gecko) Chrome/105.0.0.0 Safari/537.36" "ysfine.com"
95.142.107.5 - - [13/Nov/2022:00:05:48 -0800] "GET /home/top21d.jpg HTTP/1.1" 200 74409 "https://ysfine.com/home/yshome.html" "Mozilla/5.0 (Windows NT 10.0; Win64; x64) AppleWebKit/537.36 (KHTML, like Gecko) Chrome/105.0.0.0 Safari/537.36" "ysfine.com"
95.142.107.5 - - [13/Nov/2022:00:05:48 -0800] "GET /home/truck450.jpg HTTP/1.1" 200 42871 "https://ysfine.com/home/yshome.html" "Mozilla/5.0 (Windows NT 10.0; Win64; x64) AppleWebKit/537.36 (KHTML, like Gecko) Chrome/105.0.0.0 Safari/537.36" "ysfine.com"
95.142.107.5 - - [13/Nov/2022:00:05:49 -0800] "GET /home/eindc03d.jpg HTTP/1.1" 200 95860 "https://ysfine.com/home/yshome.html" "Mozilla/5.0 (Windows NT 10.0; Win64; x64) AppleWebKit/537.36 (KHTML, like Gecko) Chrome/105.0.0.0 Safari/537.36" "ysfine.com"
95.142.107.5 - - [13/Nov/2022:00:05:49 -0800] "GET /eink/einhaus33c.jpg HTTP/1.1" 200 23792 "https://ysfine.com/home/yshome.html" "Mozilla/5.0 (Windows NT 10.0; Win64; x64) AppleWebKit/537.36 (KHTML, like Gecko) Chrome/105.0.0.0 Safari/537.36" "ysfine.com"
95.142.107.5 - - [13/Nov/2022:00:05:49 -0800] "GET /eink/einhaus11c.jpg HTTP/1.1" 200 42522 "https://ysfine.com/home/yshome.html" "Mozilla/5.0 (Windows NT 10.0; Win64; x64) AppleWebKit/537.36 (KHTML, like Gecko) Chrome/105.0.0.0 Safari/537.36" "ysfine.com"
95.142.107.5 - - [13/Nov/2022:00:05:49 -0800] "GET /home/washmo23d.jpg HTTP/1.1" 200 32142 "https://ysfine.com/home/yshome.html" "Mozilla/5.0 (Windows NT 10.0; Win64; x64) AppleWebKit/537.36 (KHTML, like Gecko) Chrome/105.0.0.0 Safari/537.36" "ysfine.com"
95.142.107.5 - - [13/Nov/2022:00:05:50 -0800] "GET /home/goodbad450.jpg HTTP/1.1" 200 32258 "https://ysfine.com/home/yshome.html" "Mozilla/5.0 (Windows NT 10.0; Win64; x64) AppleWebKit/537.36 (KHTML, like Gecko) Chrome/105.0.0.0 Safari/537.36" "ysfine.com"
95.142.107.5 - - [13/Nov/2022:00:05:50 -0800] "GET /home/eink54f.jpg HTTP/1.1" 200 96332 "https://ysfine.com/home/yshome.html" "Mozilla/5.0 (Windows NT 10.0; Win64; x64) AppleWebKit/537.36 (KHTML, like Gecko) Chrome/105.0.0.0 Safari/537.36" "ysfine.com"
95.142.107.5 - - [13/Nov/2022:00:05:50 -0800] "GET /home/eward55f.jpg HTTP/1.1" 200 122802 "https://ysfine.com/home/yshome.html" "Mozilla/5.0 (Windows NT 10.0; Win64; x64) AppleWebKit/537.36 (KHTML, like Gecko) Chrome/105.0.0.0 Safari/537.36" "ysfine.com"
95.142.107.5 - - [13/Nov/2022:00:05:51 -0800] "GET /home/taylor500.jpg HTTP/1.1" 200 79197 "https://ysfine.com/home/yshome.html" "Mozilla/5.0 (Windows NT 10.0; Win64; x64) AppleWebKit/537.36 (KHTML, like Gecko) Chrome/105.0.0.0 Safari/537.36" "ysfine.com"
95.142.107.5 - - [13/Nov/2022:00:05:51 -0800] "GET /home/1987pr22d.jpg HTTP/1.1" 200 66428 "https://ysfine.com/home/yshome.html" "Mozilla/5.0 (Windows NT 10.0; Win64; x64) AppleWebKit/537.36 (KHTML, like Gecko) Chrome/105.0.0.0 Safari/537.36" "ysfine.com"
185.191.171.22 - - [13/Nov/2022:00:06:42 -0800] "GET /home/marq.html HTTP/1.1" 200 3268 "-" "Mozilla/5.0 (compatible; SemrushBot/7~bl; +http://www.semrush.com/bot.html)" "ysfine.com"
62.201.239.127 - - [13/Nov/2022:00:06:51 -0800] "GET /feynman/feyn86b.jpg HTTP/1.1" 200 26190 "https://www.google.com/" "Mozilla/5.0 (iPhone; CPU iPhone OS 15_6_1 like Mac OS X) AppleWebKit/605.1.15 (KHTML, like Gecko) Version/15.6.1 Mobile/15E148 Safari/604.1" "ysfine.com"
157.55.39.6 - - [13/Nov/2022:00:07:23 -0800] "GET /ysbio/folks/service.html HTTP/1.1" 404 88 "-" "Mozilla/5.0 (compatible; bingbot/2.0; +http://www.bing.com/bingbot.htm)" "ysfine.com"
175.157.81.122 - - [13/Nov/2022:00:08:09 -0800] "GET /feynman/standardmo01.jpg HTTP/1.1" 200 94736 "https://www.google.com/" "Mozilla/5.0 (Linux; Android 12; SM-M115F) AppleWebKit/537.36 (KHTML, like Gecko) Chrome/99.0.4844.88 Mobile Safari/537.36" "ysfine.com"
62.201.239.127 - - [13/Nov/2022:00:08:38 -0800] "GET /feynman/jf2.jpg HTTP/1.1" 200 10558 "https://www.google.com/" "Mozilla/5.0 (iPhone; CPU iPhone OS 15_6_1 like Mac OS X) AppleWebKit/605.1.15 (KHTML, like Gecko) Version/15.6.1 Mobile/15E148 Safari/604.1" "ysfine.com"
157.55.39.76 - - [13/Nov/2022:00:09:38 -0800] "GET /bio/bio03.html HTTP/1.1" 404 88 "-" "Mozilla/5.0 AppleWebKit/537.36 (KHTML, like Gecko; compatible; bingbot/2.0; +http://www.bing.com/bingbot.htm) Chrome/103.0.5060.134 Safari/537.36" "ysfine.com"
185.191.171.16 - - [13/Nov/2022:00:10:43 -0800] "GET /robots.txt HTTP/1.1" 404 88 "-" "Mozilla/5.0 (compatible; SemrushBot/7~bl; +http://www.semrush.com/bot.html)" "ysfine.com"
185.191.171.3 - - [13/Nov/2022:00:10:53 -0800] "GET /kowar/war45.html HTTP/1.1" 200 12086 "-" "Mozilla/5.0 (compatible; SemrushBot/7~bl; +http://www.semrush.com/bot.html)" "ysfine.com"
157.55.39.6 - - [13/Nov/2022:00:11:03 -0800] "GET /bio/world/leipzig.html HTTP/1.1" 404 88 "-" "Mozilla/5.0 (compatible; bingbot/2.0; +http://www.bing.com/bingbot.htm)" "ysfine.com"
95.163.255.90 - - [13/Nov/2022:00:12:03 -0800] "GET /robots.txt HTTP/1.1" 404 73 "-" "Mozilla/5.0 (compatible; Linux x86_64; Mail.RU_Bot/Img/2.0; +https://help.mail.ru/webmaster/indexing/robots)" "www.ysfine.com"
176.57.76.137 - - [13/Nov/2022:00:14:58 -0800] "GET /kobak/draftreg33.jpg HTTP/1.1" 200 218222 "https://yandex.ru/images/search?text=%D0%B2%D0%BE%D0%BD%D0%B0%20%D1%8E%D0%B6%D0%BD%D0%BE%D0%BA%D0%BE%D1%80%D0%B5%D0%B9%D1%81%D0%BA%D0%B0%D1%8F&from=tabbar&p=1&pos=74&rpt=simage&img_url=http%3A%2F%2Favatars.mds.yandex.net%2Fget-mpic%2F4250892%2Fimg_id5457263827948441577.jpeg%2Forig&lr=213" "Mozilla/5.0 (Windows NT 10.0; Win64; x64) AppleWebKit/537.36 (KHTML, like Gecko) Chrome/107.0.0.0 Safari/537.36 Edg/107.0.1418.42" "www.ysfine.com"
157.55.39.6 - - [13/Nov/2022:00:15:14 -0800] "GET /archives/proceedings/wpro01/szocs.html HTTP/1.1" 200 972 "-" "Mozilla/5.0 AppleWebKit/537.36 (KHTML, like Gecko; compatible; bingbot/2.0; +http://www.bing.com/bingbot.htm) Chrome/103.0.5060.134 Safari/537.36" "ysfine.com"
40.77.167.71 - - [13/Nov/2022:00:15:21 -0800] "GET /bio/genea.html HTTP/1.1" 404 88 "-" "Mozilla/5.0 (compatible; bingbot/2.0; +http://www.bing.com/bingbot.htm)" "ysfine.com"
207.46.13.134 - - [13/Nov/2022:00:15:51 -0800] "GET /bio/houses/myhouse.html HTTP/1.1" 404 88 "-" "Mozilla/5.0 (compatible; bingbot/2.0; +http://www.bing.com/bingbot.htm)" "ysfine.com"
185.191.171.7 - - [13/Nov/2022:00:16:43 -0800] "GET /robots.txt HTTP/1.1" 404 88 "-" "Mozilla/5.0 (compatible; SemrushBot/7~bl; +http://www.semrush.com/bot.html)" "www.ysfine.com"
185.191.171.5 - - [13/Nov/2022:00:16:44 -0800] "GET /style/shops.html HTTP/1.1" 200 2829 "-" "Mozilla/5.0 (compatible; SemrushBot/7~bl; +http://www.semrush.com/bot.html)" "www.ysfine.com"
185.191.171.25 - - [13/Nov/2022:00:17:00 -0800] "GET /usca/pgh22.html HTTP/1.1" 200 11391 "-" "Mozilla/5.0 (compatible; SemrushBot/7~bl; +http://www.semrush.com/bot.html)" "www.ysfine.com"
157.55.39.129 - - [13/Nov/2022:00:17:42 -0800] "GET /bio/kobak/soraech.html HTTP/1.1" 404 88 "-" "Mozilla/5.0 AppleWebKit/537.36 (KHTML, like Gecko; compatible; bingbot/2.0; +http://www.bing.com/bingbot.htm) Chrome/103.0.5060.134 Safari/537.36" "ysfine.com"
40.77.167.27 - - [13/Nov/2022:00:18:05 -0800] "GET /bio/style/proschanie.html HTTP/1.1" 404 88 "-" "Mozilla/5.0 (compatible; bingbot/2.0; +http://www.bing.com/bingbot.htm)" "ysfine.com"
207.46.13.134 - - [13/Nov/2022:00:18:11 -0800] "GET /bio/style/ystyle.html HTTP/1.1" 404 88 "-" "Mozilla/5.0 (compatible; bingbot/2.0; +http://www.bing.com/bingbot.htm)" "ysfine.com"
216.244.66.229 - - [13/Nov/2022:00:19:28 -0800] "GET /robots.txt HTTP/1.1" 404 73 "-" "Mozilla/5.0 (compatible; DotBot/1.2; +https://opensiteexplorer.org/dotbot; help@moz.com)" "www.ysfine.com"
216.244.66.229 - - [13/Nov/2022:00:19:28 -0800] "GET /robots.txt HTTP/1.1" 404 73 "-" "Mozilla/5.0 (compatible; DotBot/1.2; +https://opensiteexplorer.org/dotbot; help@moz.com)" "ysfine.com"
77.88.5.232 - - [13/Nov/2022:00:19:34 -0800] "GET /world/bstring.html HTTP/1.1" 404 88 "-" "Mozilla/5.0 (compatible; YandexBot/3.0; +http://yandex.com/bots)" "www.ysfine.com"
103.131.71.81 - - [13/Nov/2022:00:20:07 -0800] "GET /robots.txt HTTP/1.1" 404 88 "-" "Mozilla/5.0 (compatible; coccocbot-web/1.0; +http://help.coccoc.com/searchengine)" "ysfine.com"
134.195.101.40 - - [13/Nov/2022:00:20:41 -0800] "GET /feynman/feychin.jpg HTTP/1.1" 200 33472 "https://www.google.com/" "Mozilla/5.0 (Windows NT 10.0; Win64; x64; rv:106.0) Gecko/20100101 Firefox/106.0" "ysfine.com"
103.131.71.130 - - [13/Nov/2022:00:21:19 -0800] "GET / HTTP/1.1" 200 5283 "-" "Mozilla/5.0 (compatible; coccocbot-web/1.0; +http://help.coccoc.com/searchengine)" "ysfine.com"
114.119.128.14 - - [13/Nov/2022:00:21:21 -0800] "GET /friends/mexamster01c.jpg HTTP/1.1" 404 88 "https://ysfine.com/friends/garden.html" "Mozilla/5.0 (Linux; Android 7.0;) AppleWebKit/537.36 (KHTML, like Gecko) Mobile Safari/537.36 (compatible; PetalBot;+https://webmaster.petalsearch.com/site/petalbot)" "ysfine.com"
157.55.39.76 - - [13/Nov/2022:00:21:29 -0800] "GET /bio/bio03.html HTTP/1.1" 404 88 "-" "Mozilla/5.0 AppleWebKit/537.36 (KHTML, like Gecko; compatible; bingbot/2.0; +http://www.bing.com/bingbot.htm) Chrome/103.0.5060.134 Safari/537.36" "ysfine.com"
185.191.171.3 - - [13/Nov/2022:00:21:39 -0800] "GET /style/rieu.html HTTP/1.1" 200 1211 "-" "Mozilla/5.0 (compatible; SemrushBot/7~bl; +http://www.semrush.com/bot.html)" "www.ysfine.com"
103.131.71.101 - - [13/Nov/2022:00:22:31 -0800] "GET /people/wheeler.html HTTP/1.1" 200 3348 "-" "Mozilla/5.0 (compatible; coccocbot-web/1.0; +http://help.coccoc.com/searchengine)" "ysfine.com"
157.55.39.129 - - [13/Nov/2022:00:23:22 -0800] "GET /ysbio/folks/israel.html HTTP/1.1" 404 88 "-" "Mozilla/5.0 AppleWebKit/537.36 (KHTML, like Gecko; compatible; bingbot/2.0; +http://www.bing.com/bingbot.htm) Chrome/103.0.5060.134 Safari/537.36" "ysfine.com"
185.191.171.1 - - [13/Nov/2022:00:24:55 -0800] "GET /world/ital/galmil.html HTTP/1.1" 200 1084 "-" "Mozilla/5.0 (compatible; SemrushBot/7~bl; +http://www.semrush.com/bot.html)" "www.ysfine.com"
185.191.171.22 - - [13/Nov/2022:00:29:03 -0800] "GET /dirac/wigsis.html HTTP/1.1" 200 10275 "-" "Mozilla/5.0 (compatible; SemrushBot/7~bl; +http://www.semrush.com/bot.html)" "www.ysfine.com"
114.119.128.158 - - [13/Nov/2022:00:29:13 -0800] "GET /princeton/morecars.html HTTP/1.1" 200 245 "https://ysfine.com/princeton/prade.html" "Mozilla/5.0 (Linux; Android 7.0;) AppleWebKit/537.36 (KHTML, like Gecko) Mobile Safari/537.36 (compatible; PetalBot;+https://webmaster.petalsearch.com/site/petalbot)" "ysfine.com"
51.222.253.13 - - [13/Nov/2022:00:29:18 -0800] "GET /class54/class5470/total_data/sub_525.htm HTTP/1.1" 200 3212 "-" "Mozilla/5.0 (compatible; AhrefsBot/7.0; +http://ahrefs.com/robot/)" "ysfine.com"
50.19.180.167 - - [13/Nov/2022:00:29:35 -0800] "HEAD /style/artlove.html HTTP/1.1" 200 - "-" "Mozilla/5.0 (Windows NT 10.0; Win64; x64) AppleWebKit/537.36 (KHTML, like Gecko) Chrome/106.0.0.0 Safari/537.36" "ysfine.com"
52.204.50.106 - - [13/Nov/2022:00:29:35 -0800] "HEAD /style/musee/louvre02.jpg HTTP/1.1" 200 - "-" "Mozilla/5.0 (Macintosh; Intel Mac OS X 10_15_7) AppleWebKit/537.36 (KHTML, like Gecko) Chrome/106.0.0.0 Safari/537.36" "ysfine.com"
181.215.169.22 - - [13/Nov/2022:00:29:35 -0800] "HEAD /style/artlove.html HTTP/1.1" 200 - "-" "Mozilla/5.0 (Windows NT 10.0; Win64; x64) AppleWebKit/537.36 (KHTML, like Gecko) Chrome/106.0.0.0 Safari/537.36" "ysfine.com"
83.136.182.135 - - [13/Nov/2022:00:29:36 -0800] "HEAD /style/musee/louvre02.jpg HTTP/1.1" 200 - "-" "Mozilla/5.0 (Macintosh; Intel Mac OS X 10_15_7) AppleWebKit/537.36 (KHTML, like Gecko) Chrome/106.0.0.0 Safari/537.36" "ysfine.com"
34.236.150.201 - - [13/Nov/2022:00:29:42 -0800] "GET /world/france/louvre02.jpg HTTP/1.1" 200 78451 "-" "Mozilla/5.0 (X11; Linux x86_64) AppleWebKit/602.1 (KHTML, like Gecko) splash Version/10.0 Safari/602.1" "www.ysfine.com"
40.77.167.27 - - [13/Nov/2022:00:29:43 -0800] "GET /ysbio/folks/french.html HTTP/1.1" 404 88 "-" "Mozilla/5.0 (compatible; bingbot/2.0; +http://www.bing.com/bingbot.htm)" "ysfine.com"
83.136.182.161 - - [13/Nov/2022:00:29:43 -0800] "GET /world/france/louvre02.jpg HTTP/1.1" 200 78451 "-" "Mozilla/5.0 (X11; Linux x86_64) AppleWebKit/602.1 (KHTML, like Gecko) splash Version/10.0 Safari/602.1" "www.ysfine.com"
157.55.39.76 - - [13/Nov/2022:00:30:49 -0800] "GET /bio/style/artlove.html HTTP/1.1" 404 88 "-" "Mozilla/5.0 (compatible; bingbot/2.0; +http://www.bing.com/bingbot.htm)" "ysfine.com"
157.55.39.76 - - [13/Nov/2022:00:30:50 -0800] "GET /bio/harmoarchi.html HTTP/1.1" 404 88 "-" "Mozilla/5.0 (compatible; bingbot/2.0; +http://www.bing.com/bingbot.htm)" "ysfine.com"
157.55.39.76 - - [13/Nov/2022:00:30:50 -0800] "GET /bio/kobak/yskor.html HTTP/1.1" 404 88 "-" "Mozilla/5.0 AppleWebKit/537.36 (KHTML, like Gecko; compatible; bingbot/2.0; +http://www.bing.com/bingbot.htm) Chrome/103.0.5060.134 Safari/537.36" "ysfine.com"
40.77.167.71 - - [13/Nov/2022:00:30:51 -0800] "GET /ysbio/folks/uscan.html HTTP/1.1" 404 88 "-" "Mozilla/5.0 AppleWebKit/537.36 (KHTML, like Gecko; compatible; bingbot/2.0; +http://www.bing.com/bingbot.htm) Chrome/103.0.5060.134 Safari/537.36" "ysfine.com"
77.88.5.232 - - [13/Nov/2022:00:31:13 -0800] "GET /kowar/tanks/tank21.jpg HTTP/1.1" 304 - "-" "Mozilla/5.0 (compatible; YandexImages/3.0; +http://yandex.com/bots)" "ysfine.com"
114.119.128.14 - - [13/Nov/2022:00:31:19 -0800] "GET /class54/class5480/Pictures/?C=D%3BO%3DA HTTP/1.1" 200 578 "https://ysfine.com/class54/class5480/Pictures/?C=M%3BO%3DA" "Mozilla/5.0 (Linux; Android 7.0;) AppleWebKit/537.36 (KHTML, like Gecko) Mobile Safari/537.36 (compatible; PetalBot;+https://webmaster.petalsearch.com/site/petalbot)" "ysfine.com"
51.222.253.4 - - [13/Nov/2022:00:31:20 -0800] "GET /class54/class5470/total_data/sub_526.htm HTTP/1.1" 200 3212 "-" "Mozilla/5.0 (compatible; AhrefsBot/7.0; +http://ahrefs.com/robot/)" "ysfine.com"
157.55.39.6 - - [13/Nov/2022:00:31:25 -0800] "GET /bio/awards/iao.html HTTP/1.1" 404 88 "-" "Mozilla/5.0 (compatible; bingbot/2.0; +http://www.bing.com/bingbot.htm)" "ysfine.com"
77.88.5.126 - - [13/Nov/2022:00:32:46 -0800] "GET /robots.txt HTTP/1.1" 404 73 "-" "Mozilla/5.0 (compatible; YandexBot/3.0; +http://yandex.com/bots)" "ysfine.com"
77.88.5.237 - - [13/Nov/2022:00:32:50 -0800] "GET /world/russ/redsq15b.jpg HTTP/1.1" 200 41496 "-" "Mozilla/5.0 (compatible; YandexImages/3.0; +http://yandex.com/bots)" "ysfine.com"
89.151.45.249 - - [13/Nov/2022:00:33:21 -0800] "GET /dirac/dirwig33.jpg HTTP/1.1" 200 49208 "https://www.google.com/" "Mozilla/5.0 (Linux; Android 9; Redmi 6 Build/PPR1.180610.011; wv) AppleWebKit/537.36 (KHTML, like Gecko) Version/4.0 Chrome/107.0.5304.105 Mobile Safari/537.36 GoogleApp/13.43.18.26.arm" "ysfine.com"
89.151.45.249 - - [13/Nov/2022:00:33:24 -0800] "GET /dirac/jablo62.jpg HTTP/1.1" 200 206686 "https://www.google.com/" "Mozilla/5.0 (Linux; Android 9; Redmi 6 Build/PPR1.180610.011; wv) AppleWebKit/537.36 (KHTML, like Gecko) Version/4.0 Chrome/107.0.5304.105 Mobile Safari/537.36 GoogleApp/13.43.18.26.arm" "ysfine.com"
51.222.253.6 - - [13/Nov/2022:00:33:43 -0800] "GET /class54/class5470/total_data/sub_527.htm HTTP/1.1" 200 3212 "-" "Mozilla/5.0 (compatible; AhrefsBot/7.0; +http://ahrefs.com/robot/)" "ysfine.com"
47.153.131.26 - - [13/Nov/2022:00:33:48 -0800] "GET /princeton/alexan22.jpg HTTP/1.1" 200 175436 "https://www.google.com/" "Mozilla/5.0 (Macintosh; Intel Mac OS X 10_14_6) AppleWebKit/537.36 (KHTML, like Gecko) Chrome/102.0.0.0 Safari/537.36" "ysfine.com"
118.82.168.111 - - [13/Nov/2022:00:33:54 -0800] "GET /princeton/brooke88.jpg HTTP/1.1" 200 82208 "https://www.google.com/" "Mozilla/5.0 (Windows NT 10.0; Win64; x64) AppleWebKit/537.36 (KHTML, like Gecko) Chrome/107.0.0.0 Safari/537.36" "ysfine.com"
185.191.171.5 - - [13/Nov/2022:00:34:21 -0800] "GET /kobak/kimc.html HTTP/1.1" 200 4345 "-" "Mozilla/5.0 (compatible; SemrushBot/7~bl; +http://www.semrush.com/bot.html)" "ysfine.com"
40.77.167.71 - - [13/Nov/2022:00:34:23 -0800] "GET /bio/genea.html HTTP/1.1" 404 88 "-" "Mozilla/5.0 AppleWebKit/537.36 (KHTML, like Gecko; compatible; bingbot/2.0; +http://www.bing.com/bingbot.htm) Chrome/103.0.5060.134 Safari/537.36" "ysfine.com"
95.163.255.70 - - [13/Nov/2022:00:34:30 -0800] "GET /robots.txt HTTP/1.1" 404 73 "-" "Mozilla/5.0 (compatible; Linux x86_64; Mail.RU_Bot/Img/2.0; +https://help.mail.ru/webmaster/indexing/robots)" "ysfine.com"
207.46.13.134 - - [13/Nov/2022:00:34:34 -0800] "GET /maga/marx.html HTTP/1.1" 200 5871 "-" "Mozilla/5.0 (compatible; bingbot/2.0; +http://www.bing.com/bingbot.htm)" "www.ysfine.com"
95.163.255.80 - - [13/Nov/2022:00:34:34 -0800] "GET /remote/wigner111/frame08.html HTTP/1.1" 200 487 "http://go.mail.ru/search_images" "Mozilla/5.0 (compatible; Linux x86_64; Mail.RU_Bot/Img/2.0; +https://help.mail.ru/webmaster/indexing/robots)" "www.ysfine.com"
95.163.255.80 - - [13/Nov/2022:00:34:38 -0800] "GET /princeton/wilsonpr.html HTTP/1.1" 200 2777 "http://go.mail.ru/search_images" "Mozilla/5.0 (compatible; Linux x86_64; Mail.RU_Bot/Img/2.0; +https://help.mail.ru/webmaster/indexing/robots)" "www.ysfine.com"
95.163.255.90 - - [13/Nov/2022:00:34:41 -0800] "GET /class54/nam/index.html HTTP/1.1" 304 - "http://go.mail.ru/search_images" "Mozilla/5.0 (compatible; Linux x86_64; Mail.RU_Bot/Img/2.0; +https://help.mail.ru/webmaster/indexing/robots)" "www.ysfine.com"
95.163.255.91 - - [13/Nov/2022:00:34:45 -0800] "GET /home/feysavior.html HTTP/1.1" 200 2737 "http://go.mail.ru/search_images" "Mozilla/5.0 (compatible; Linux x86_64; Mail.RU_Bot/Img/2.0; +https://help.mail.ru/webmaster/indexing/robots)" "www.ysfine.com"
95.163.255.101 - - [13/Nov/2022:00:34:48 -0800] "GET /newyork/nyc.html HTTP/1.1" 200 31389 "http://go.mail.ru/search_images" "Mozilla/5.0 (compatible; Linux x86_64; Mail.RU_Bot/Img/2.0; +https://help.mail.ru/webmaster/indexing/robots)" "ysfine.com"
157.55.39.129 - - [13/Nov/2022:00:35:03 -0800] "GET /bio/style/rieu.html HTTP/1.1" 404 88 "-" "Mozilla/5.0 AppleWebKit/537.36 (KHTML, like Gecko; compatible; bingbot/2.0; +http://www.bing.com/bingbot.htm) Chrome/103.0.5060.134 Safari/537.36" "ysfine.com"
