162.55.85.225 - - [13/Nov/2022:12:53:42 -0800] "GET /kobak/index.html HTTP/1.1" 200 130 "-" "Mozilla/5.0 (compatible; BLEXBot/1.0; +http://webmeup-crawler.com/)" "www.ysfine.com"
162.55.85.225 - - [13/Nov/2022:12:53:52 -0800] "GET /kobak/kimc.html HTTP/1.1" 200 4345 "-" "Mozilla/5.0 (compatible; BLEXBot/1.0; +http://webmeup-crawler.com/)" "www.ysfine.com"
162.55.85.225 - - [13/Nov/2022:12:53:58 -0800] "GET /kobak/kohist.html HTTP/1.1" 200 6039 "-" "Mozilla/5.0 (compatible; BLEXBot/1.0; +http://webmeup-crawler.com/)" "www.ysfine.com"
162.55.85.225 - - [13/Nov/2022:12:54:04 -0800] "GET /kobak/korart.html HTTP/1.1" 200 3759 "-" "Mozilla/5.0 (compatible; BLEXBot/1.0; +http://webmeup-crawler.com/)" "www.ysfine.com"
207.46.13.134 - - [13/Nov/2022:12:54:04 -0800] "GET /bio/style/ystyle.html HTTP/1.1" 404 88 "-" "Mozilla/5.0 (compatible; bingbot/2.0; +http://www.bing.com/bingbot.htm)" "ysfine.com"
162.55.85.225 - - [13/Nov/2022:12:54:11 -0800] "GET /kobak/korigh.html HTTP/1.1" 200 9853 "-" "Mozilla/5.0 (compatible; BLEXBot/1.0; +http://webmeup-crawler.com/)" "www.ysfine.com"
162.55.85.225 - - [13/Nov/2022:12:54:14 -0800] "GET /kobak/kumipo.html HTTP/1.1" 200 1149 "-" "Mozilla/5.0 (compatible; BLEXBot/1.0; +http://webmeup-crawler.com/)" "www.ysfine.com"
38.126.157.40 - - [13/Nov/2022:12:54:15 -0800] "GET /world/ital/rome040.jpg HTTP/1.1" 200 78659 "-" "Mozilla/5.0 (compatible; FemtosearchBot/1.0; http://femtosearch.com)" "ysfine.com"
38.126.157.40 - - [13/Nov/2022:12:54:15 -0800] "GET /world/poland/krk09.jpg HTTP/1.1" 200 133697 "-" "Mozilla/5.0 (compatible; FemtosearchBot/1.0; http://femtosearch.com)" "ysfine.com"
38.126.157.40 - - [13/Nov/2022:12:54:15 -0800] "GET /princeton/undorm01.jpg HTTP/1.1" 200 183096 "-" "Mozilla/5.0 (compatible; FemtosearchBot/1.0; http://femtosearch.com)" "ysfine.com"
38.126.157.40 - - [13/Nov/2022:12:54:16 -0800] "GET /maga/phys/yukawa00.jpg HTTP/1.1" 200 84885 "-" "Mozilla/5.0 (compatible; FemtosearchBot/1.0; http://femtosearch.com)" "ysfine.com"
38.126.157.40 - - [13/Nov/2022:12:54:16 -0800] "GET /ffriends/chinstu03.jpg HTTP/1.1" 200 219744 "-" "Mozilla/5.0 (compatible; FemtosearchBot/1.0; http://femtosearch.com)" "ysfine.com"
38.126.157.40 - - [13/Nov/2022:12:54:16 -0800] "GET /ffriends/mosjeru03.jpg HTTP/1.1" 200 213687 "-" "Mozilla/5.0 (compatible; FemtosearchBot/1.0; http://femtosearch.com)" "ysfine.com"
38.126.157.40 - - [13/Nov/2022:12:54:16 -0800] "GET /world/ital/rome042.jpg HTTP/1.1" 200 72726 "-" "Mozilla/5.0 (compatible; FemtosearchBot/1.0; http://femtosearch.com)" "ysfine.com"
38.126.157.40 - - [13/Nov/2022:12:54:16 -0800] "GET /wigner/gim/gimn20b.jpg HTTP/1.1" 200 47618 "-" "Mozilla/5.0 (compatible; FemtosearchBot/1.0; http://femtosearch.com)" "ysfine.com"
162.55.85.225 - - [13/Nov/2022:12:54:22 -0800] "GET /kobak/kwk.html HTTP/1.1" 200 5479 "-" "Mozilla/5.0 (compatible; BLEXBot/1.0; +http://webmeup-crawler.com/)" "www.ysfine.com"
162.55.85.225 - - [13/Nov/2022:12:54:27 -0800] "GET /kobak/leica.html HTTP/1.1" 404 88 "-" "Mozilla/5.0 (compatible; BLEXBot/1.0; +http://webmeup-crawler.com/)" "www.ysfine.com"
162.55.85.225 - - [13/Nov/2022:12:54:38 -0800] "GET /kobak/moscowk.html HTTP/1.1" 200 3683 "-" "Mozilla/5.0 (compatible; BLEXBot/1.0; +http://webmeup-crawler.com/)" "www.ysfine.com"
162.55.85.225 - - [13/Nov/2022:12:54:47 -0800] "GET /kobak/sobeach.html HTTP/1.1" 200 1149 "-" "Mozilla/5.0 (compatible; BLEXBot/1.0; +http://webmeup-crawler.com/)" "www.ysfine.com"
162.55.85.225 - - [13/Nov/2022:12:54:58 -0800] "GET /kobak/sorae/kumipo.html HTTP/1.1" 200 1148 "-" "Mozilla/5.0 (compatible; BLEXBot/1.0; +http://webmeup-crawler.com/)" "www.ysfine.com"
207.46.13.134 - - [13/Nov/2022:12:55:04 -0800] "GET /bio/feynman/fphoto.html HTTP/1.1" 404 88 "-" "Mozilla/5.0 (compatible; bingbot/2.0; +http://www.bing.com/bingbot.htm)" "ysfine.com"
162.55.85.225 - - [13/Nov/2022:12:55:06 -0800] "GET /kobak/sorae01 HTTP/1.1" 200 131846 "-" "Mozilla/5.0 (compatible; BLEXBot/1.0; +http://webmeup-crawler.com/)" "ysfine.com"
162.55.85.225 - - [13/Nov/2022:12:55:13 -0800] "GET /kobak/underw.html HTTP/1.1" 200 1382 "-" "Mozilla/5.0 (compatible; BLEXBot/1.0; +http://webmeup-crawler.com/)" "www.ysfine.com"
157.55.39.6 - - [13/Nov/2022:12:55:16 -0800] "GET /bio/world/leipzig.html HTTP/1.1" 404 88 "-" "Mozilla/5.0 (compatible; bingbot/2.0; +http://www.bing.com/bingbot.htm)" "ysfine.com"
162.55.85.225 - - [13/Nov/2022:12:55:19 -0800] "GET /kowar/war00.html HTTP/1.1" 200 4851 "-" "Mozilla/5.0 (compatible; BLEXBot/1.0; +http://webmeup-crawler.com/)" "www.ysfine.com"
162.55.85.225 - - [13/Nov/2022:12:55:26 -0800] "GET /kowar/war02.html HTTP/1.1" 200 9935 "-" "Mozilla/5.0 (compatible; BLEXBot/1.0; +http://webmeup-crawler.com/)" "ysfine.com"
162.55.85.225 - - [13/Nov/2022:12:55:32 -0800] "GET /kowar/war45.html HTTP/1.1" 200 12086 "-" "Mozilla/5.0 (compatible; BLEXBot/1.0; +http://webmeup-crawler.com/)" "www.ysfine.com"
162.55.85.225 - - [13/Nov/2022:12:55:37 -0800] "GET /kowar/war50.html HTTP/1.1" 200 11795 "-" "Mozilla/5.0 (compatible; BLEXBot/1.0; +http://webmeup-crawler.com/)" "www.ysfine.com"
162.55.85.225 - - [13/Nov/2022:12:55:43 -0800] "GET /maga/,,/einstein/evol.html HTTP/1.1" 404 88 "-" "Mozilla/5.0 (compatible; BLEXBot/1.0; +http://webmeup-crawler.com/)" "www.ysfine.com"
162.55.85.225 - - [13/Nov/2022:12:55:52 -0800] "GET /maga/chaucer.html HTTP/1.1" 404 88 "-" "Mozilla/5.0 (compatible; BLEXBot/1.0; +http://webmeup-crawler.com/)" "www.ysfine.com"
162.55.85.225 - - [13/Nov/2022:12:55:58 -0800] "GET /maga/invent/deforest.html HTTP/1.1" 404 88 "-" "Mozilla/5.0 (compatible; BLEXBot/1.0; +http://webmeup-crawler.com/)" "ysfine.com"
162.55.85.225 - - [13/Nov/2022:12:56:05 -0800] "GET /maga/kantao.html HTTP/1.1" 200 1675 "-" "Mozilla/5.0 (compatible; BLEXBot/1.0; +http://webmeup-crawler.com/)" "www.ysfine.com"
162.55.85.225 - - [13/Nov/2022:12:56:12 -0800] "GET /maga/marx.html HTTP/1.1" 200 5871 "-" "Mozilla/5.0 (compatible; BLEXBot/1.0; +http://webmeup-crawler.com/)" "www.ysfine.com"
135.181.213.219 - - [13/Nov/2022:12:56:15 -0800] "GET /robots.txt HTTP/1.1" 404 73 "-" "Mozilla/5.0 (compatible; MJ12bot/v1.4.8; http://mj12bot.com/)" "ysfine.com"
51.104.180.26 - - [13/Nov/2022:12:56:17 -0800] "GET /world/baltic/kantcather.jpg HTTP/1.1" 200 101240 "http://ysfine.com/world/baltic/kantcather.jpg" "DuckDuckBot/1.1; (+http://duckduckgo.com/duckduckbot.html)" "ysfine.com"
162.55.85.225 - - [13/Nov/2022:12:56:18 -0800] "GET /maga/marxphil.html HTTP/1.1" 404 88 "-" "Mozilla/5.0 (compatible; BLEXBot/1.0; +http://webmeup-crawler.com/)" "www.ysfine.com"
135.181.213.219 - - [13/Nov/2022:12:56:18 -0800] "GET /home/yshome.html HTTP/1.1" 200 5646 "-" "Mozilla/5.0 (compatible; MJ12bot/v1.4.8; http://mj12bot.com/)" "ysfine.com"
162.55.85.225 - - [13/Nov/2022:12:56:26 -0800] "GET /maga/mellon.html HTTP/1.1" 200 2949 "-" "Mozilla/5.0 (compatible; BLEXBot/1.0; +http://webmeup-crawler.com/)" "www.ysfine.com"
157.55.39.129 - - [13/Nov/2022:12:56:26 -0800] "GET /bio/kobak/soraech.html HTTP/1.1" 404 88 "-" "Mozilla/5.0 AppleWebKit/537.36 (KHTML, like Gecko; compatible; bingbot/2.0; +http://www.bing.com/bingbot.htm) Chrome/103.0.5060.134 Safari/537.36" "ysfine.com"
162.55.85.225 - - [13/Nov/2022:12:56:32 -0800] "GET /maga/naimark.html HTTP/1.1" 200 4603 "-" "Mozilla/5.0 (compatible; BLEXBot/1.0; +http://webmeup-crawler.com/)" "www.ysfine.com"
162.55.85.225 - - [13/Nov/2022:12:56:37 -0800] "GET /maga/phil/kant.html HTTP/1.1" 404 88 "-" "Mozilla/5.0 (compatible; BLEXBot/1.0; +http://webmeup-crawler.com/)" "www.ysfine.com"
162.55.85.225 - - [13/Nov/2022:12:56:44 -0800] "GET /maga/phil/sisfa12/index.html HTTP/1.1" 200 148 "-" "Mozilla/5.0 (compatible; BLEXBot/1.0; +http://webmeup-crawler.com/)" "www.ysfine.com"
162.55.85.225 - - [13/Nov/2022:12:56:50 -0800] "GET /maga/phil/three.html HTTP/1.1" 404 88 "-" "Mozilla/5.0 (compatible; BLEXBot/1.0; +http://webmeup-crawler.com/)" "www.ysfine.com"
162.55.85.225 - - [13/Nov/2022:12:56:57 -0800] "GET /maga/phys/inclined.html HTTP/1.1" 200 349 "-" "Mozilla/5.0 (compatible; BLEXBot/1.0; +http://webmeup-crawler.com/)" "www.ysfine.com"
36.99.152.194 - - [13/Nov/2022:12:57:00 -0800] "GET /mysqlbak/phome.php HTTP/1.1" 404 73 "http://www.ysfine.com/mysqlbak/phome.php" "Mozilla/5.0 (compatible; MSIE 9.0; Windows NT 6.1; Win64; x64; Trident/5.0)" "www.ysfine.com"
162.55.85.225 - - [13/Nov/2022:12:57:03 -0800] "GET /maga/phys/volkova.html HTTP/1.1" 200 357 "-" "Mozilla/5.0 (compatible; BLEXBot/1.0; +http://webmeup-crawler.com/)" "www.ysfine.com"
162.55.85.225 - - [13/Nov/2022:12:57:08 -0800] "GET /mose/index.html HTTP/1.1" 404 88 "-" "Mozilla/5.0 (compatible; BLEXBot/1.0; +http://webmeup-crawler.com/)" "www.ysfine.com"
162.55.85.225 - - [13/Nov/2022:12:57:14 -0800] "GET /nework/nyrigh.html HTTP/1.1" 404 88 "-" "Mozilla/5.0 (compatible; BLEXBot/1.0; +http://webmeup-crawler.com/)" "www.ysfine.com"
162.55.85.225 - - [13/Nov/2022:12:57:22 -0800] "GET /newyork/columbia.html HTTP/1.1" 200 3175 "-" "Mozilla/5.0 (compatible; BLEXBot/1.0; +http://webmeup-crawler.com/)" "www.ysfine.com"
162.55.85.225 - - [13/Nov/2022:12:57:30 -0800] "GET /newyork/index.html HTTP/1.1" 200 132 "-" "Mozilla/5.0 (compatible; BLEXBot/1.0; +http://webmeup-crawler.com/)" "ysfine.com"
162.55.85.225 - - [13/Nov/2022:12:57:32 -0800] "GET /newyork/index.html HTTP/1.1" 200 132 "-" "Mozilla/5.0 (compatible; BLEXBot/1.0; +http://webmeup-crawler.com/)" "www.ysfine.com"
162.55.85.225 - - [13/Nov/2022:12:57:40 -0800] "GET /newyork/nyc.html HTTP/1.1" 200 31389 "-" "Mozilla/5.0 (compatible; BLEXBot/1.0; +http://webmeup-crawler.com/)" "ysfine.com"
40.77.167.27 - - [13/Nov/2022:12:57:43 -0800] "GET /bio/style/proschanie.html HTTP/1.1" 404 88 "-" "Mozilla/5.0 (compatible; bingbot/2.0; +http://www.bing.com/bingbot.htm)" "ysfine.com"
207.46.13.134 - - [13/Nov/2022:12:57:45 -0800] "GET /bio/world/trier.html HTTP/1.1" 404 88 "-" "Mozilla/5.0 AppleWebKit/537.36 (KHTML, like Gecko; compatible; bingbot/2.0; +http://www.bing.com/bingbot.htm) Chrome/103.0.5060.134 Safari/537.36" "ysfine.com"
162.55.85.225 - - [13/Nov/2022:12:57:46 -0800] "GET /newyork/nycity.html HTTP/1.1" 404 88 "-" "Mozilla/5.0 (compatible; BLEXBot/1.0; +http://webmeup-crawler.com/)" "www.ysfine.com"
162.55.85.225 - - [13/Nov/2022:12:57:53 -0800] "GET /newyork/wtc.html HTTP/1.1" 200 538 "-" "Mozilla/5.0 (compatible; BLEXBot/1.0; +http://webmeup-crawler.com/)" "www.ysfine.com"
162.55.85.225 - - [13/Nov/2022:12:58:01 -0800] "GET /people/goldha.html HTTP/1.1" 200 1796 "-" "Mozilla/5.0 (compatible; BLEXBot/1.0; +http://webmeup-crawler.com/)" "www.ysfine.com"
93.158.161.50 - - [13/Nov/2022:12:58:05 -0800] "GET /feynman/feynbot.html HTTP/1.1" 200 138 "-" "Mozilla/5.0 (compatible; YandexBot/3.0; +http://yandex.com/bots)" "www.ysfine.com"
162.55.85.225 - - [13/Nov/2022:12:58:08 -0800] "GET /people/sbtwein.html HTTP/1.1" 200 313 "-" "Mozilla/5.0 (compatible; BLEXBot/1.0; +http://webmeup-crawler.com/)" "www.ysfine.com"
77.88.5.126 - - [13/Nov/2022:12:58:08 -0800] "GET /feynman/feynbot.html HTTP/1.1" 200 138 "-" "Mozilla/5.0 (compatible; YandexBot/3.0; +http://yandex.com/bots)" "www.ysfine.com"
162.55.85.225 - - [13/Nov/2022:12:58:15 -0800] "GET /philo/hegel.html HTTP/1.1" 200 5090 "-" "Mozilla/5.0 (compatible; BLEXBot/1.0; +http://webmeup-crawler.com/)" "www.ysfine.com"
77.88.5.222 - - [13/Nov/2022:12:58:23 -0800] "GET /feynman/feynrigh.html HTTP/1.1" 200 2183 "https://www.ysfine.com/feynman/feynbot.html" "Mozilla/5.0 (compatible; YandexBot/3.0; +http://yandex.com/bots) AppleWebKit/537.36 (KHTML, like Gecko) Chrome/81.0.4044.268" "www.ysfine.com"
162.55.85.225 - - [13/Nov/2022:12:58:25 -0800] "GET /philo/helena.html HTTP/1.1" 200 6350 "-" "Mozilla/5.0 (compatible; BLEXBot/1.0; +http://webmeup-crawler.com/)" "ysfine.com"
93.158.161.40 - - [13/Nov/2022:12:58:25 -0800] "GET /feynman/feynleft.html HTTP/1.1" 200 523 "https://www.ysfine.com/feynman/feynbot.html" "Mozilla/5.0 (compatible; YandexBot/3.0; +http://yandex.com/bots) AppleWebKit/537.36 (KHTML, like Gecko) Chrome/81.0.4044.268" "www.ysfine.com"
162.55.85.225 - - [13/Nov/2022:12:58:32 -0800] "GET /philo/herod.html HTTP/1.1" 200 2403 "-" "Mozilla/5.0 (compatible; BLEXBot/1.0; +http://webmeup-crawler.com/)" "www.ysfine.com"
162.55.85.225 - - [13/Nov/2022:12:58:39 -0800] "GET /philo/kant.html HTTP/1.1" 200 8179 "-" "Mozilla/5.0 (compatible; BLEXBot/1.0; +http://webmeup-crawler.com/)" "www.ysfine.com"
162.55.85.225 - - [13/Nov/2022:12:58:41 -0800] "GET /philo/keigel.html HTTP/1.1" 200 7368 "-" "Mozilla/5.0 (compatible; BLEXBot/1.0; +http://webmeup-crawler.com/)" "www.ysfine.com"
38.126.157.40 - - [13/Nov/2022:12:58:50 -0800] "GET /friends/koparis05b.jpg HTTP/1.1" 404 88 "-" "Mozilla/5.0 (compatible; FemtosearchBot/1.0; http://femtosearch.com)" "ysfine.com"
38.126.157.40 - - [13/Nov/2022:12:58:50 -0800] "GET /world/ital/florf16.jpg HTTP/1.1" 200 99594 "-" "Mozilla/5.0 (compatible; FemtosearchBot/1.0; http://femtosearch.com)" "ysfine.com"
38.126.157.40 - - [13/Nov/2022:12:58:50 -0800] "GET /world/brit/oxlon52.jpg HTTP/1.1" 200 135751 "-" "Mozilla/5.0 (compatible; FemtosearchBot/1.0; http://femtosearch.com)" "ysfine.com"
38.126.157.40 - - [13/Nov/2022:12:58:50 -0800] "GET /ysbio/kowar/index.html HTTP/1.1" 404 88 "-" "Mozilla/5.0 (compatible; FemtosearchBot/1.0; http://femtosearch.com)" "ysfine.com"
38.126.157.40 - - [13/Nov/2022:12:58:50 -0800] "GET /world/ital/rome011.jpg HTTP/1.1" 200 73005 "-" "Mozilla/5.0 (compatible; FemtosearchBot/1.0; http://femtosearch.com)" "ysfine.com"
38.126.157.40 - - [13/Nov/2022:12:58:50 -0800] "GET /world/russ/krem11b.jpg HTTP/1.1" 200 64270 "-" "Mozilla/5.0 (compatible; FemtosearchBot/1.0; http://femtosearch.com)" "ysfine.com"
38.126.157.40 - - [13/Nov/2022:12:58:50 -0800] "GET /style/kievopera44b.jpg HTTP/1.1" 200 38813 "-" "Mozilla/5.0 (compatible; FemtosearchBot/1.0; http://femtosearch.com)" "ysfine.com"
38.126.157.40 - - [13/Nov/2022:12:58:50 -0800] "GET /world/spain/gran31.jpg HTTP/1.1" 200 173475 "-" "Mozilla/5.0 (compatible; FemtosearchBot/1.0; http://femtosearch.com)" "ysfine.com"
162.55.85.225 - - [13/Nov/2022:12:58:51 -0800] "GET /philo/keigel21.html HTTP/1.1" 200 13414 "-" "Mozilla/5.0 (compatible; BLEXBot/1.0; +http://webmeup-crawler.com/)" "ysfine.com"
162.55.85.225 - - [13/Nov/2022:12:59:00 -0800] "GET /philo/keigel22.html HTTP/1.1" 200 4990 "-" "Mozilla/5.0 (compatible; BLEXBot/1.0; +http://webmeup-crawler.com/)" "www.ysfine.com"
162.55.85.225 - - [13/Nov/2022:12:59:07 -0800] "GET /philo/marx.html HTTP/1.1" 200 6465 "-" "Mozilla/5.0 (compatible; BLEXBot/1.0; +http://webmeup-crawler.com/)" "www.ysfine.com"
54.80.232.131 - - [13/Nov/2022:12:59:12 -0800] "GET /sitemap.xml HTTP/1.1" 304 - "https://www.google.com/" "Mozilla/5.0 (Windows NT 10.0; Win64; x64; rv:56.0) Gecko/20100101 Firefox/56.0 Waterfox/56.2.14" "ysfine.com"
162.55.85.225 - - [13/Nov/2022:12:59:12 -0800] "GET /princeton/bagpipes.html HTTP/1.1" 200 245 "-" "Mozilla/5.0 (compatible; BLEXBot/1.0; +http://webmeup-crawler.com/)" "www.ysfine.com"
162.55.85.225 - - [13/Nov/2022:12:59:18 -0800] "GET /princeton/morecars.html HTTP/1.1" 200 245 "-" "Mozilla/5.0 (compatible; BLEXBot/1.0; +http://webmeup-crawler.com/)" "www.ysfine.com"
162.55.85.225 - - [13/Nov/2022:12:59:26 -0800] "GET /princeton/old.html HTTP/1.1" 404 88 "-" "Mozilla/5.0 (compatible; BLEXBot/1.0; +http://webmeup-crawler.com/)" "www.ysfine.com"
66.102.8.57 - - [13/Nov/2022:12:59:32 -0800] "GET /wdc/wasmap11.jpg HTTP/1.1" 200 90827 "-" "Mozilla/5.0 (Windows NT 5.1; rv:11.0) Gecko Firefox/11.0 (via ggpht.com GoogleImageProxy)" "www.ysfine.com"
162.55.85.225 - - [13/Nov/2022:12:59:35 -0800] "GET /princeton/pgh.html HTTP/1.1" 404 88 "-" "Mozilla/5.0 (compatible; BLEXBot/1.0; +http://webmeup-crawler.com/)" "www.ysfine.com"
162.55.85.225 - - [13/Nov/2022:12:59:43 -0800] "GET /princeton/prosprade.html HTTP/1.1" 200 242 "-" "Mozilla/5.0 (compatible; BLEXBot/1.0; +http://webmeup-crawler.com/)" "www.ysfine.com"
162.55.85.225 - - [13/Nov/2022:12:59:49 -0800] "GET /princeton/wilsonvers.html HTTP/1.1" 200 2207 "-" "Mozilla/5.0 (compatible; BLEXBot/1.0; +http://webmeup-crawler.com/)" "www.ysfine.com"
82.40.242.101 - - [13/Nov/2022:12:59:51 -0800] "GET /wigner/neupol.jpg HTTP/1.1" 404 88 "-" "Mozilla/5.0 (Macintosh; Intel Mac OS X 10.15; rv:106.0) Gecko/20100101 Firefox/106.0" "ysfine.com"
162.55.85.225 - - [13/Nov/2022:12:59:53 -0800] "GET /remote/sisfa12aa/index.html HTTP/1.1" 200 148 "-" "Mozilla/5.0 (compatible; BLEXBot/1.0; +http://webmeup-crawler.com/)" "www.ysfine.com"
40.77.167.71 - - [13/Nov/2022:13:00:02 -0800] "GET /bio/internal.html HTTP/1.1" 404 88 "-" "Mozilla/5.0 (compatible; bingbot/2.0; +http://www.bing.com/bingbot.htm)" "ysfine.com"
162.55.85.225 - - [13/Nov/2022:13:00:05 -0800] "GET /remote/wigner111/frame05.html HTTP/1.1" 200 411 "-" "Mozilla/5.0 (compatible; BLEXBot/1.0; +http://webmeup-crawler.com/)" "ysfine.com"
162.55.85.225 - - [13/Nov/2022:13:00:26 -0800] "GET /remote/wigner111/index.html HTTP/1.1" 200 907 "-" "Mozilla/5.0 (compatible; BLEXBot/1.0; +http://webmeup-crawler.com/)" "www.ysfine.com"
162.55.85.225 - - [13/Nov/2022:13:00:38 -0800] "GET /sbk/2000.html HTTP/1.1" 200 10573 "-" "Mozilla/5.0 (compatible; BLEXBot/1.0; +http://webmeup-crawler.com/)" "ysfine.com"
95.145.39.123 - - [13/Nov/2022:13:00:49 -0800] "GET /style/chopingr22.jpg HTTP/1.1" 200 59814 "https://www.google.com/" "Mozilla/5.0 (Macintosh; Intel Mac OS X 10_10_5) AppleWebKit/537.36 (KHTML, like Gecko) Chrome/87.0.4280.141 Safari/537.36" "ysfine.com"
162.55.85.225 - - [13/Nov/2022:13:00:52 -0800] "GET /style/admire.html HTTP/1.1" 200 408 "-" "Mozilla/5.0 (compatible; BLEXBot/1.0; +http://webmeup-crawler.com/)" "www.ysfine.com"
162.55.85.225 - - [13/Nov/2022:13:01:01 -0800] "GET /style/britmu.html HTTP/1.1" 200 5093 "-" "Mozilla/5.0 (compatible; BLEXBot/1.0; +http://webmeup-crawler.com/)" "www.ysfine.com"
162.55.85.225 - - [13/Nov/2022:13:01:06 -0800] "GET /style/cameras/contax.html HTTP/1.1" 200 3773 "-" "Mozilla/5.0 (compatible; BLEXBot/1.0; +http://webmeup-crawler.com/)" "www.ysfine.com"
114.172.251.9 - - [13/Nov/2022:13:01:08 -0800] "GET /maga/phys/yukafeyn2.jpg HTTP/1.1" 200 36709 "https://cool-hira.hatenablog.com/" "Mozilla/5.0 (Windows NT 6.3; Win64; x64) AppleWebKit/537.36 (KHTML, like Gecko) Chrome/107.0.0.0 Safari/537.36" "ysfine.com"
66.249.66.44 - - [13/Nov/2022:13:01:14 -0800] "GET /maga/phys/yukafeyn2.jpg HTTP/1.1" 200 36709 "-" "Google-Cloud-ML-Vision" "ysfine.com"
162.55.85.225 - - [13/Nov/2022:13:01:17 -0800] "GET /style/musee/uffizi02.html HTTP/1.1" 200 401 "-" "Mozilla/5.0 (compatible; BLEXBot/1.0; +http://webmeup-crawler.com/)" "www.ysfine.com"
162.55.85.225 - - [13/Nov/2022:13:01:26 -0800] "GET /style/mushalls.html HTTP/1.1" 200 21398 "-" "Mozilla/5.0 (compatible; BLEXBot/1.0; +http://webmeup-crawler.com/)" "www.ysfine.com"
162.55.85.225 - - [13/Nov/2022:13:01:35 -0800] "GET /style/physmusic.html HTTP/1.1" 404 88 "-" "Mozilla/5.0 (compatible; BLEXBot/1.0; +http://webmeup-crawler.com/)" "www.ysfine.com"
162.55.85.225 - - [13/Nov/2022:13:01:45 -0800] "GET /style/spbpiano.html HTTP/1.1" 200 1801 "-" "Mozilla/5.0 (compatible; BLEXBot/1.0; +http://webmeup-crawler.com/)" "www.ysfine.com"
162.55.85.225 - - [13/Nov/2022:13:01:54 -0800] "GET /style/venuspics22.html HTTP/1.1" 200 773 "-" "Mozilla/5.0 (compatible; BLEXBot/1.0; +http://webmeup-crawler.com/)" "www.ysfine.com"
95.145.39.123 - - [13/Nov/2022:13:01:58 -0800] "GET /style/chopingr22.jpg HTTP/1.1" 200 59814 "https://www.google.com/" "Mozilla/5.0 (Macintosh; Intel Mac OS X 10_10_5) AppleWebKit/537.36 (KHTML, like Gecko) Chrome/87.0.4280.141 Safari/537.36" "ysfine.com"
162.55.85.225 - - [13/Nov/2022:13:02:03 -0800] "GET /style/webart.html HTTP/1.1" 404 88 "-" "Mozilla/5.0 (compatible; BLEXBot/1.0; +http://webmeup-crawler.com/)" "ysfine.com"
212.102.36.249 - - [13/Nov/2022:13:02:09 -0800] "GET /heisen/schroheisen33.jpg HTTP/1.1" 200 86213 "https://www.google.com/" "Mozilla/5.0 (Windows NT 10.0; Win64; x64) AppleWebKit/537.36 (KHTML, like Gecko) Chrome/107.0.0.0 Safari/537.36" "ysfine.com"
162.55.85.225 - - [13/Nov/2022:13:02:12 -0800] "GET /usca/neworl.html HTTP/1.1" 200 14308 "-" "Mozilla/5.0 (compatible; BLEXBot/1.0; +http://webmeup-crawler.com/)" "www.ysfine.com"
162.55.85.225 - - [13/Nov/2022:13:02:20 -0800] "GET /usca/pitt/pnc.html HTTP/1.1" 200 909 "-" "Mozilla/5.0 (compatible; BLEXBot/1.0; +http://webmeup-crawler.com/)" "www.ysfine.com"
20.56.197.58 - - [13/Nov/2022:13:02:22 -0800] "GET /maga/phys/schrod11.jpg HTTP/1.1" 200 107958 "http://ysfine.com/maga/phys/schrod11.jpg" "DuckDuckBot/1.1; (+http://duckduckgo.com/duckduckbot.html)" "ysfine.com"
162.55.85.225 - - [13/Nov/2022:13:02:27 -0800] "GET /usca/pitt/westifn.html HTTP/1.1" 200 1525 "-" "Mozilla/5.0 (compatible; BLEXBot/1.0; +http://webmeup-crawler.com/)" "www.ysfine.com"
162.55.85.225 - - [13/Nov/2022:13:02:34 -0800] "GET /wdc/eindc.html HTTP/1.1" 200 923 "-" "Mozilla/5.0 (compatible; BLEXBot/1.0; +http://webmeup-crawler.com/)" "www.ysfine.com"
162.55.85.225 - - [13/Nov/2022:13:02:41 -0800] "GET /wdc/index.html HTTP/1.1" 200 141 "-" "Mozilla/5.0 (compatible; BLEXBot/1.0; +http://webmeup-crawler.com/)" "www.ysfine.com"
162.55.85.225 - - [13/Nov/2022:13:02:49 -0800] "GET /wdc/kopol.html HTTP/1.1" 200 6514 "-" "Mozilla/5.0 (compatible; BLEXBot/1.0; +http://webmeup-crawler.com/)" "www.ysfine.com"
162.55.85.225 - - [13/Nov/2022:13:02:56 -0800] "GET /wdc/monticello.html HTTP/1.1" 200 302 "-" "Mozilla/5.0 (compatible; BLEXBot/1.0; +http://webmeup-crawler.com/)" "www.ysfine.com"
216.244.66.229 - - [13/Nov/2022:13:03:06 -0800] "GET /ffriends/aline/klm01.jpg HTTP/1.1" 200 162402 "-" "Mozilla/5.0 (compatible; DotBot/1.2; +https://opensiteexplorer.org/dotbot; help@moz.com)" "ysfine.com"
162.55.85.225 - - [13/Nov/2022:13:03:10 -0800] "GET /wdc/ndu11.html HTTP/1.1" 404 88 "-" "Mozilla/5.0 (compatible; BLEXBot/1.0; +http://webmeup-crawler.com/)" "www.ysfine.com"
162.55.85.225 - - [13/Nov/2022:13:03:18 -0800] "GET /wdc/sakura.html HTTP/1.1" 200 381 "-" "Mozilla/5.0 (compatible; BLEXBot/1.0; +http://webmeup-crawler.com/)" "www.ysfine.com"
77.88.5.233 - - [13/Nov/2022:13:03:21 -0800] "GET /robots.txt HTTP/1.1" 404 73 "-" "Mozilla/5.0 (compatible; YandexBot/3.0; +http://yandex.com/bots)" "www.ysfine.com"
38.126.157.40 - - [13/Nov/2022:13:03:22 -0800] "GET /world/ital/repub09.jpg HTTP/1.1" 200 95340 "-" "Mozilla/5.0 (compatible; FemtosearchBot/1.0; http://femtosearch.com)" "ysfine.com"
38.126.157.40 - - [13/Nov/2022:13:03:22 -0800] "GET /usca/pitt/mellon21.jpg HTTP/1.1" 200 102598 "-" "Mozilla/5.0 (compatible; FemtosearchBot/1.0; http://femtosearch.com)" "ysfine.com"
38.126.157.40 - - [13/Nov/2022:13:03:22 -0800] "GET /style/musee/ath007.jpg HTTP/1.1" 200 107474 "-" "Mozilla/5.0 (compatible; FemtosearchBot/1.0; http://femtosearch.com)" "ysfine.com"
38.126.157.40 - - [13/Nov/2022:13:03:22 -0800] "GET /world/russ/kiev047.jpg HTTP/1.1" 200 108827 "-" "Mozilla/5.0 (compatible; FemtosearchBot/1.0; http://femtosearch.com)" "ysfine.com"
38.126.157.40 - - [13/Nov/2022:13:03:22 -0800] "GET /world/scandi/fin09.jpg HTTP/1.1" 200 239073 "-" "Mozilla/5.0 (compatible; FemtosearchBot/1.0; http://femtosearch.com)" "ysfine.com"
38.126.157.40 - - [13/Nov/2022:13:03:22 -0800] "GET /style/musee/ath032.jpg HTTP/1.1" 200 123573 "-" "Mozilla/5.0 (compatible; FemtosearchBot/1.0; http://femtosearch.com)" "ysfine.com"
38.126.157.40 - - [13/Nov/2022:13:03:22 -0800] "GET /newyork/tournau22c.jpg HTTP/1.1" 200 41006 "-" "Mozilla/5.0 (compatible; FemtosearchBot/1.0; http://femtosearch.com)" "ysfine.com"
38.126.157.40 - - [13/Nov/2022:13:03:23 -0800] "GET /world/poland/krk82.jpg HTTP/1.1" 200 150464 "-" "Mozilla/5.0 (compatible; FemtosearchBot/1.0; http://femtosearch.com)" "ysfine.com"
162.55.85.225 - - [13/Nov/2022:13:03:24 -0800] "GET /wdc/umd.html HTTP/1.1" 200 3139 "-" "Mozilla/5.0 (compatible; BLEXBot/1.0; +http://webmeup-crawler.com/)" "www.ysfine.com"
77.88.5.46 - - [13/Nov/2022:13:03:25 -0800] "GET /maga/histo/desiree21.jpg HTTP/1.1" 200 91829 "-" "Mozilla/5.0 (compatible; YandexImages/3.0; +http://yandex.com/bots)" "www.ysfine.com"
216.244.66.229 - - [13/Nov/2022:13:03:28 -0800] "GET /world/france/frstu09.jpg HTTP/1.1" 200 167728 "-" "Mozilla/5.0 (compatible; DotBot/1.2; +https://opensiteexplorer.org/dotbot; help@moz.com)" "ysfine.com"
162.55.85.225 - - [13/Nov/2022:13:03:36 -0800] "GET /wdc/vernon.html HTTP/1.1" 200 1958 "-" "Mozilla/5.0 (compatible; BLEXBot/1.0; +http://webmeup-crawler.com/)" "www.ysfine.com"
157.55.39.76 - - [13/Nov/2022:13:03:41 -0800] "GET /bio/style/artlove.html HTTP/1.1" 404 88 "-" "Mozilla/5.0 AppleWebKit/537.36 (KHTML, like Gecko; compatible; bingbot/2.0; +http://www.bing.com/bingbot.htm) Chrome/103.0.5060.134 Safari/537.36" "ysfine.com"
162.55.85.225 - - [13/Nov/2022:13:03:45 -0800] "GET /wdc/was69kor.html HTTP/1.1" 200 304 "-" "Mozilla/5.0 (compatible; BLEXBot/1.0; +http://webmeup-crawler.com/)" "www.ysfine.com"
162.55.85.225 - - [13/Nov/2022:13:03:54 -0800] "GET /wdc/wasdc/html HTTP/1.1" 404 88 "-" "Mozilla/5.0 (compatible; BLEXBot/1.0; +http://webmeup-crawler.com/)" "www.ysfine.com"
162.55.85.225 - - [13/Nov/2022:13:03:57 -0800] "GET /wdc/washmo.html HTTP/1.1" 200 1374 "-" "Mozilla/5.0 (compatible; BLEXBot/1.0; +http://webmeup-crawler.com/)" "www.ysfine.com"
24.91.172.39 - - [13/Nov/2022:13:03:58 -0800] "GET /world/poland/coperni01b.jpg HTTP/1.1" 200 30355 "https://www.google.com/" "Mozilla/5.0 (Windows NT 10.0; Win64; x64) AppleWebKit/537.36 (KHTML, like Gecko) Chrome/107.0.0.0 Safari/537.36" "ysfine.com"
162.55.85.225 - - [13/Nov/2022:13:04:04 -0800] "GET /wdc/washmobird.html HTTP/1.1" 200 367 "-" "Mozilla/5.0 (compatible; BLEXBot/1.0; +http://webmeup-crawler.com/)" "www.ysfine.com"
162.55.85.225 - - [13/Nov/2022:13:04:10 -0800] "GET /wdc/washmofrog.html HTTP/1.1" 200 351 "-" "Mozilla/5.0 (compatible; BLEXBot/1.0; +http://webmeup-crawler.com/)" "www.ysfine.com"
77.75.79.31 - - [13/Nov/2022:13:04:14 -0800] "GET /maga/poincare.html HTTP/1.1" 304 - "-" "Mozilla/5.0 (compatible; SeznamBot/4.0-RC1; +http://napoveda.seznam.cz/seznambot-intro/)" "ysfine.com"
162.55.85.225 - - [13/Nov/2022:13:04:15 -0800] "GET /wdc/washmofw.html HTTP/1.1" 200 317 "-" "Mozilla/5.0 (compatible; BLEXBot/1.0; +http://webmeup-crawler.com/)" "www.ysfine.com"
162.55.85.225 - - [13/Nov/2022:13:04:21 -0800] "GET /wdc/whchrism.html HTTP/1.1" 200 358 "-" "Mozilla/5.0 (compatible; BLEXBot/1.0; +http://webmeup-crawler.com/)" "www.ysfine.com"
162.55.85.225 - - [13/Nov/2022:13:04:31 -0800] "GET /wdc/whouse.html HTTP/1.1" 200 291 "-" "Mozilla/5.0 (compatible; BLEXBot/1.0; +http://webmeup-crawler.com/)" "www.ysfine.com"
162.55.85.225 - - [13/Nov/2022:13:04:36 -0800] "GET /wigner/gcontr.html HTTP/1.1" 404 88 "-" "Mozilla/5.0 (compatible; BLEXBot/1.0; +http://webmeup-crawler.com/)" "www.ysfine.com"
162.55.85.225 - - [13/Nov/2022:13:04:42 -0800] "GET /wigner/gim/map05.html HTTP/1.1" 200 616 "-" "Mozilla/5.0 (compatible; BLEXBot/1.0; +http://webmeup-crawler.com/)" "www.ysfine.com"
162.55.85.225 - - [13/Nov/2022:13:04:48 -0800] "GET /wigner/maxwig22.html HTTP/1.1" 200 1591 "-" "Mozilla/5.0 (compatible; BLEXBot/1.0; +http://webmeup-crawler.com/)" "www.ysfine.com"
162.55.85.225 - - [13/Nov/2022:13:04:54 -0800] "GET /wigner/neum/futcomp.html HTTP/1.1" 200 1986 "-" "Mozilla/5.0 (compatible; BLEXBot/1.0; +http://webmeup-crawler.com/)" "www.ysfine.com"
162.55.85.225 - - [13/Nov/2022:13:05:02 -0800] "GET /wigner/neupol.html HTTP/1.1" 200 1742 "-" "Mozilla/5.0 (compatible; BLEXBot/1.0; +http://webmeup-crawler.com/)" "www.ysfine.com"
162.55.85.225 - - [13/Nov/2022:13:05:08 -0800] "GET /wigner/wbrill.html HTTP/1.1" 200 4163 "-" "Mozilla/5.0 (compatible; BLEXBot/1.0; +http://webmeup-crawler.com/)" "www.ysfine.com"
162.55.85.225 - - [13/Nov/2022:13:05:14 -0800] "GET /wigner/wigbot.html HTTP/1.1" 200 123 "-" "Mozilla/5.0 (compatible; BLEXBot/1.0; +http://webmeup-crawler.com/)" "www.ysfine.com"
162.55.85.225 - - [13/Nov/2022:13:05:20 -0800] "GET /wigner/wigsid.html HTTP/1.1" 404 88 "-" "Mozilla/5.0 (compatible; BLEXBot/1.0; +http://webmeup-crawler.com/)" "www.ysfine.com"
162.55.85.225 - - [13/Nov/2022:13:05:29 -0800] "GET /wisdom/kowar31.html HTTP/1.1" 404 88 "-" "Mozilla/5.0 (compatible; BLEXBot/1.0; +http://webmeup-crawler.com/)" "www.ysfine.com"
162.55.85.225 - - [13/Nov/2022:13:05:37 -0800] "GET /wisdom/mongoinv.html HTTP/1.1" 200 1144 "-" "Mozilla/5.0 (compatible; BLEXBot/1.0; +http://webmeup-crawler.com/)" "www.ysfine.com"
54.250.227.185 - - [13/Nov/2022:13:05:40 -0800] "GET /maga/phys/yukafeyn2.jpg HTTP/1.1" 200 36709 "https://ysfine.com/maga/phys/yukafeyn2.jpg" "Hatena::Scissors/0.01" "ysfine.com"
162.55.85.225 - - [13/Nov/2022:13:05:43 -0800] "GET /wisdom/yitol.html HTTP/1.1" 200 6261 "-" "Mozilla/5.0 (compatible; BLEXBot/1.0; +http://webmeup-crawler.com/)" "www.ysfine.com"
40.77.167.71 - - [13/Nov/2022:13:06:12 -0800] "GET / HTTP/1.1" 200 5283 "-" "Mozilla/5.0 AppleWebKit/537.36 (KHTML, like Gecko; compatible; bingbot/2.0; +http://www.bing.com/bingbot.htm) Chrome/103.0.5060.134 Safari/537.36" "www.ysfine.com"
139.59.106.244 - - [13/Nov/2022:13:06:13 -0800] "GET /wp-includes/ID3/license.txt HTTP/1.1" 404 73 "-" "Mozilla/5.0 (Windows NT 10.0; Win64; x64) AppleWebKit/537.36 (KHTML, like Gecko) Chrome/95.0.4638.69 Safari/537.36" "ysfine.com"
139.59.106.244 - - [13/Nov/2022:13:06:14 -0800] "GET /feed/ HTTP/1.1" 404 73 "-" "Mozilla/5.0 (Windows NT 10.0; Win64; x64) AppleWebKit/537.36 (KHTML, like Gecko) Chrome/95.0.4638.69 Safari/537.36" "ysfine.com"
139.59.106.244 - - [13/Nov/2022:13:06:15 -0800] "GET /xmlrpc.php?rsd HTTP/1.1" 500 4941 "-" "Mozilla/5.0 (Windows NT 10.0; Win64; x64) AppleWebKit/537.36 (KHTML, like Gecko) Chrome/95.0.4638.69 Safari/537.36" "ysfine.com"
139.59.106.244 - - [13/Nov/2022:13:06:16 -0800] "GET /blog/wp-includes/wlwmanifest.xml HTTP/1.1" 404 73 "-" "Mozilla/5.0 (Windows NT 10.0; Win64; x64) AppleWebKit/537.36 (KHTML, like Gecko) Chrome/95.0.4638.69 Safari/537.36" "ysfine.com"
139.59.106.244 - - [13/Nov/2022:13:06:17 -0800] "GET /web/wp-includes/wlwmanifest.xml HTTP/1.1" 404 73 "-" "Mozilla/5.0 (Windows NT 10.0; Win64; x64) AppleWebKit/537.36 (KHTML, like Gecko) Chrome/95.0.4638.69 Safari/537.36" "ysfine.com"
139.59.106.244 - - [13/Nov/2022:13:06:19 -0800] "GET /wordpress/wp-includes/wlwmanifest.xml HTTP/1.1" 404 73 "-" "Mozilla/5.0 (Windows NT 10.0; Win64; x64) AppleWebKit/537.36 (KHTML, like Gecko) Chrome/95.0.4638.69 Safari/537.36" "ysfine.com"
139.59.106.244 - - [13/Nov/2022:13:06:20 -0800] "GET /wp/wp-includes/wlwmanifest.xml HTTP/1.1" 404 73 "-" "Mozilla/5.0 (Windows NT 10.0; Win64; x64) AppleWebKit/537.36 (KHTML, like Gecko) Chrome/95.0.4638.69 Safari/537.36" "ysfine.com"
139.59.106.244 - - [13/Nov/2022:13:06:21 -0800] "GET /2020/wp-includes/wlwmanifest.xml HTTP/1.1" 404 73 "-" "Mozilla/5.0 (Windows NT 10.0; Win64; x64) AppleWebKit/537.36 (KHTML, like Gecko) Chrome/95.0.4638.69 Safari/537.36" "ysfine.com"
139.59.106.244 - - [13/Nov/2022:13:06:22 -0800] "GET /2019/wp-includes/wlwmanifest.xml HTTP/1.1" 404 73 "-" "Mozilla/5.0 (Windows NT 10.0; Win64; x64) AppleWebKit/537.36 (KHTML, like Gecko) Chrome/95.0.4638.69 Safari/537.36" "ysfine.com"
139.59.106.244 - - [13/Nov/2022:13:06:23 -0800] "GET /2021/wp-includes/wlwmanifest.xml HTTP/1.1" 404 73 "-" "Mozilla/5.0 (Windows NT 10.0; Win64; x64) AppleWebKit/537.36 (KHTML, like Gecko) Chrome/95.0.4638.69 Safari/537.36" "ysfine.com"
139.59.106.244 - - [13/Nov/2022:13:06:24 -0800] "GET /shop/wp-includes/wlwmanifest.xml HTTP/1.1" 404 73 "-" "Mozilla/5.0 (Windows NT 10.0; Win64; x64) AppleWebKit/537.36 (KHTML, like Gecko) Chrome/95.0.4638.69 Safari/537.36" "ysfine.com"
139.59.106.244 - - [13/Nov/2022:13:06:25 -0800] "GET /wp1/wp-includes/wlwmanifest.xml HTTP/1.1" 404 73 "-" "Mozilla/5.0 (Windows NT 10.0; Win64; x64) AppleWebKit/537.36 (KHTML, like Gecko) Chrome/95.0.4638.69 Safari/537.36" "ysfine.com"
139.59.106.244 - - [13/Nov/2022:13:06:26 -0800] "GET /test/wp-includes/wlwmanifest.xml HTTP/1.1" 404 73 "-" "Mozilla/5.0 (Windows NT 10.0; Win64; x64) AppleWebKit/537.36 (KHTML, like Gecko) Chrome/95.0.4638.69 Safari/537.36" "ysfine.com"
139.59.106.244 - - [13/Nov/2022:13:06:27 -0800] "GET /site/wp-includes/wlwmanifest.xml HTTP/1.1" 404 73 "-" "Mozilla/5.0 (Windows NT 10.0; Win64; x64) AppleWebKit/537.36 (KHTML, like Gecko) Chrome/95.0.4638.69 Safari/537.36" "ysfine.com"
139.59.106.244 - - [13/Nov/2022:13:06:28 -0800] "GET /cms/wp-includes/wlwmanifest.xml HTTP/1.1" 404 73 "-" "Mozilla/5.0 (Windows NT 10.0; Win64; x64) AppleWebKit/537.36 (KHTML, like Gecko) Chrome/95.0.4638.69 Safari/537.36" "ysfine.com"
40.77.167.71 - - [13/Nov/2022:13:07:22 -0800] "GET /bio/einstein/further.html HTTP/1.1" 404 88 "-" "Mozilla/5.0 (compatible; bingbot/2.0; +http://www.bing.com/bingbot.htm)" "ysfine.com"
38.126.157.40 - - [13/Nov/2022:13:07:44 -0800] "GET /world/brit/tower07.jpg HTTP/1.1" 200 79208 "-" "Mozilla/5.0 (compatible; FemtosearchBot/1.0; http://femtosearch.com)" "ysfine.com"
38.126.157.40 - - [13/Nov/2022:13:07:45 -0800] "GET /world/ital/flor075.jpg HTTP/1.1" 200 202409 "-" "Mozilla/5.0 (compatible; FemtosearchBot/1.0; http://femtosearch.com)" "ysfine.com"
38.126.157.40 - - [13/Nov/2022:13:07:45 -0800] "GET /world/scandi/nbi04.jpg HTTP/1.1" 200 86389 "-" "Mozilla/5.0 (compatible; FemtosearchBot/1.0; http://femtosearch.com)" "ysfine.com"
38.126.157.40 - - [13/Nov/2022:13:07:45 -0800] "GET /usca/pitt/mellon11.jpg HTTP/1.1" 200 23959 "-" "Mozilla/5.0 (compatible; FemtosearchBot/1.0; http://femtosearch.com)" "ysfine.com"
38.126.157.40 - - [13/Nov/2022:13:07:45 -0800] "GET /sbk/2008chelsea11c.jpg HTTP/1.1" 200 52334 "-" "Mozilla/5.0 (compatible; FemtosearchBot/1.0; http://femtosearch.com)" "ysfine.com"
38.126.157.40 - - [13/Nov/2022:13:07:45 -0800] "GET /world/china/xian15.jpg HTTP/1.1" 200 80142 "-" "Mozilla/5.0 (compatible; FemtosearchBot/1.0; http://femtosearch.com)" "ysfine.com"
38.126.157.40 - - [13/Nov/2022:13:07:46 -0800] "GET /feynman/jacdrum11b.jpg HTTP/1.1" 200 49846 "-" "Mozilla/5.0 (compatible; FemtosearchBot/1.0; http://femtosearch.com)" "ysfine.com"
38.126.157.40 - - [13/Nov/2022:13:07:46 -0800] "GET /world/poland/gdn92.jpg HTTP/1.1" 200 128302 "-" "Mozilla/5.0 (compatible; FemtosearchBot/1.0; http://femtosearch.com)" "ysfine.com"
216.244.66.229 - - [13/Nov/2022:13:07:48 -0800] "GET /world/ital/bologf05b.jpg HTTP/1.1" 200 46011 "-" "Mozilla/5.0 (compatible; DotBot/1.2; +https://opensiteexplorer.org/dotbot; help@moz.com)" "ysfine.com"
157.55.39.76 - - [13/Nov/2022:13:07:52 -0800] "GET /bio/kobak/yskor.html HTTP/1.1" 404 88 "-" "Mozilla/5.0 (compatible; bingbot/2.0; +http://www.bing.com/bingbot.htm)" "ysfine.com"
69.194.143.140 - - [13/Nov/2022:13:08:10 -0800] "GET /ads.txt HTTP/1.1" 404 88 "-" "Mozilla/5.0 (Macintosh; Intel Mac OS X 10_15_7) AppleWebKit/537.36 (KHTML, like Gecko) Chrome/107.0.0.0 Safari/537.36" "ysfine.com"
69.194.143.140 - - [13/Nov/2022:13:08:10 -0800] "GET /ads.txt HTTP/1.1" 404 88 "-" "Mozilla/5.0 (Macintosh; Intel Mac OS X 10_15_7) AppleWebKit/537.36 (KHTML, like Gecko) Chrome/107.0.0.0 Safari/537.36" "ysfine.com"
216.244.66.229 - - [13/Nov/2022:13:08:12 -0800] "GET /world/ital/flor030.jpg HTTP/1.1" 200 104139 "-" "Mozilla/5.0 (compatible; DotBot/1.2; +https://opensiteexplorer.org/dotbot; help@moz.com)" "ysfine.com"
93.158.161.40 - - [13/Nov/2022:13:08:15 -0800] "GET /friends/germanf.html HTTP/1.1" 404 88 "-" "Mozilla/5.0 (compatible; YandexBot/3.0; +http://yandex.com/bots)" "www.ysfine.com"
95.163.255.70 - - [13/Nov/2022:13:08:47 -0800] "GET /wisdom/wk95.html HTTP/1.1" 200 74520 "http://go.mail.ru/search_images" "Mozilla/5.0 (compatible; Linux x86_64; Mail.RU_Bot/Img/2.0; +https://help.mail.ru/webmaster/indexing/robots)" "ysfine.com"
95.163.255.80 - - [13/Nov/2022:13:08:53 -0800] "GET /feynman/fthbot.html HTTP/1.1" 200 691 "http://go.mail.ru/search_images" "Mozilla/5.0 (compatible; Linux x86_64; Mail.RU_Bot/Img/2.0; +https://help.mail.ru/webmaster/indexing/robots)" "ysfine.com"
216.244.66.229 - - [13/Nov/2022:13:09:03 -0800] "GET /world/ital/medici01.gif HTTP/1.1" 200 775621 "-" "Mozilla/5.0 (compatible; DotBot/1.2; +https://opensiteexplorer.org/dotbot; help@moz.com)" "ysfine.com"
157.55.39.129 - - [13/Nov/2022:13:09:07 -0800] "GET /bio/style/rieu.html HTTP/1.1" 404 88 "-" "Mozilla/5.0 AppleWebKit/537.36 (KHTML, like Gecko; compatible; bingbot/2.0; +http://www.bing.com/bingbot.htm) Chrome/103.0.5060.134 Safari/537.36" "ysfine.com"
77.88.5.134 - - [13/Nov/2022:13:09:13 -0800] "GET /maga/histo/desiree21.jpg HTTP/1.1" 304 - "-" "Mozilla/5.0 (compatible; YandexImages/3.0; +http://yandex.com/bots)" "www.ysfine.com"
51.222.253.11 - - [13/Nov/2022:13:09:44 -0800] "GET /maga/twobytwo.html HTTP/1.1" 200 1998 "-" "Mozilla/5.0 (compatible; AhrefsBot/7.0; +http://ahrefs.com/robot/)" "www.ysfine.com"
216.244.66.229 - - [13/Nov/2022:13:09:53 -0800] "GET /world/ital/medici07.jpg HTTP/1.1" 200 136711 "-" "Mozilla/5.0 (compatible; DotBot/1.2; +https://opensiteexplorer.org/dotbot; help@moz.com)" "ysfine.com"
144.76.23.131 - - [13/Nov/2022:13:10:36 -0800] "GET /robots.txt HTTP/1.1" 404 88 "-" "Mozilla/5.0 (Windows NT 10.0; Win64; x64; trendictionbot0.5.0; trendiction search; http://www.trendiction.de/bot; please let us know of any problems; web at trendiction.com) Gecko/20170101 Firefox/67.0" "ysfine.com"
144.76.23.131 - - [13/Nov/2022:13:10:43 -0800] "GET /maga/phys/yukafeyn2.jpg HTTP/1.1" 200 36709 "https://cool-hira.hatenablog.com/entry/2022/11/14/060110" "Mozilla/5.0 (Windows NT 10.0; Win64; x64; trendictionbot0.5.0; trendiction search; http://www.trendiction.de/bot; please let us know of any problems; web at trendiction.com) Gecko/20170101 Firefox/67.0" "ysfine.com"
216.244.66.229 - - [13/Nov/2022:13:10:44 -0800] "GET /world/ital/medici61.jpg HTTP/1.1" 200 169786 "-" "Mozilla/5.0 (compatible; DotBot/1.2; +https://opensiteexplorer.org/dotbot; help@moz.com)" "ysfine.com"
144.76.23.131 - - [13/Nov/2022:13:10:44 -0800] "GET /maga/phys/yukafeyn2.jpg HTTP/1.1" 200 36709 "https://cool-hira.hatenablog.com/entry/2022/11/14/060110" "Mozilla/5.0 (Windows NT 10.0; Win64; x64; trendictionbot0.5.0; trendiction search; http://www.trendiction.de/bot; please let us know of any problems; web at trendiction.com) Gecko/20170101 Firefox/67.0" "ysfine.com"
157.55.39.6 - - [13/Nov/2022:13:10:57 -0800] "GET /bio/awards/iao.html HTTP/1.1" 404 88 "-" "Mozilla/5.0 AppleWebKit/537.36 (KHTML, like Gecko; compatible; bingbot/2.0; +http://www.bing.com/bingbot.htm) Chrome/103.0.5060.134 Safari/537.36" "ysfine.com"
88.99.195.206 - - [13/Nov/2022:13:11:26 -0800] "GET /maga/phys/yukafeyn2.jpg HTTP/1.1" 200 36709 "-" "Mozilla/5.0 (X11; U; Linux x86_64; en-US; rv:1.9.1.8pre) Gecko/20091227 Ubuntu/9.10 (karmic) Firefox/52.7.3" "ysfine.com"
216.244.66.229 - - [13/Nov/2022:13:11:35 -0800] "GET /world/ital/navona06.jpg HTTP/1.1" 200 136307 "-" "Mozilla/5.0 (compatible; DotBot/1.2; +https://opensiteexplorer.org/dotbot; help@moz.com)" "ysfine.com"
38.126.157.40 - - [13/Nov/2022:13:12:15 -0800] "GET /ffriends/russrio22.jpg HTTP/1.1" 200 86180 "-" "Mozilla/5.0 (compatible; FemtosearchBot/1.0; http://femtosearch.com)" "ysfine.com"
38.126.157.40 - - [13/Nov/2022:13:12:15 -0800] "GET /world/china/xian16.jpg HTTP/1.1" 200 74502 "-" "Mozilla/5.0 (compatible; FemtosearchBot/1.0; http://femtosearch.com)" "ysfine.com"
38.126.157.40 - - [13/Nov/2022:13:12:16 -0800] "GET /ffriends/matisse11.jpg HTTP/1.1" 200 87353 "-" "Mozilla/5.0 (compatible; FemtosearchBot/1.0; http://femtosearch.com)" "ysfine.com"
38.126.157.40 - - [13/Nov/2022:13:12:17 -0800] "GET /world/ital/bolog02.jpg HTTP/1.1" 200 116705 "-" "Mozilla/5.0 (compatible; FemtosearchBot/1.0; http://femtosearch.com)" "ysfine.com"
38.126.157.40 - - [13/Nov/2022:13:12:17 -0800] "GET /newyork/centralp08.jpg HTTP/1.1" 200 83185 "-" "Mozilla/5.0 (compatible; FemtosearchBot/1.0; http://femtosearch.com)" "ysfine.com"
38.126.157.40 - - [13/Nov/2022:13:12:17 -0800] "GET /ysbio/fotos/tank05.jpg HTTP/1.1" 404 88 "-" "Mozilla/5.0 (compatible; FemtosearchBot/1.0; http://femtosearch.com)" "ysfine.com"
38.126.157.40 - - [13/Nov/2022:13:12:17 -0800] "GET /world/ital/flor092.jpg HTTP/1.1" 200 84771 "-" "Mozilla/5.0 (compatible; FemtosearchBot/1.0; http://femtosearch.com)" "ysfine.com"
38.126.157.40 - - [13/Nov/2022:13:12:17 -0800] "GET /world/russ/mosf16b.jpg HTTP/1.1" 200 42050 "-" "Mozilla/5.0 (compatible; FemtosearchBot/1.0; http://femtosearch.com)" "ysfine.com"
207.46.13.134 - - [13/Nov/2022:13:12:25 -0800] "GET /bio/princeton/campus.html HTTP/1.1" 404 88 "-" "Mozilla/5.0 AppleWebKit/537.36 (KHTML, like Gecko; compatible; bingbot/2.0; +http://www.bing.com/bingbot.htm) Chrome/103.0.5060.134 Safari/537.36" "ysfine.com"
216.244.66.229 - - [13/Nov/2022:13:12:25 -0800] "GET /world/ital/rome013.jpg HTTP/1.1" 200 113706 "-" "Mozilla/5.0 (compatible; DotBot/1.2; +https://opensiteexplorer.org/dotbot; help@moz.com)" "ysfine.com"
216.244.66.229 - - [13/Nov/2022:13:12:57 -0800] "GET /world/ital/rome022b.jpg HTTP/1.1" 200 32061 "-" "Mozilla/5.0 (compatible; DotBot/1.2; +https://opensiteexplorer.org/dotbot; help@moz.com)" "ysfine.com"
216.244.66.229 - - [13/Nov/2022:13:13:26 -0800] "GET /world/ital/rome054b.jpg HTTP/1.1" 200 43311 "-" "Mozilla/5.0 (compatible; DotBot/1.2; +https://opensiteexplorer.org/dotbot; help@moz.com)" "ysfine.com"
216.244.66.229 - - [13/Nov/2022:13:13:56 -0800] "GET /world/ital/rome160.jpg HTTP/1.1" 200 107659 "-" "Mozilla/5.0 (compatible; DotBot/1.2; +https://opensiteexplorer.org/dotbot; help@moz.com)" "ysfine.com"
116.179.32.105 - - [13/Nov/2022:13:14:30 -0800] "GET /world/brit/etonharrow.html HTTP/1.1" 200 4546 "-" "Mozilla/5.0 (compatible; Baiduspider/2.0; +http://www.baidu.com/search/spider.html)" "ysfine.com"
116.179.37.40 - - [13/Nov/2022:13:14:32 -0800] "GET /world/brit/winston01b.jpg HTTP/1.1" 200 38436 "https://ysfine.com/world/brit/etonharrow.html" "Mozilla/5.0 (compatible; Baiduspider-render/2.0; +http://www.baidu.com/search/spider.html)" "ysfine.com"
116.179.37.251 - - [13/Nov/2022:13:14:32 -0800] "GET /kobak/kwk11b.jpg HTTP/1.1" 200 46888 "https://ysfine.com/world/brit/etonharrow.html" "Mozilla/5.0 (compatible; Baiduspider-render/2.0; +http://www.baidu.com/search/spider.html)" "ysfine.com"
116.179.37.125 - - [13/Nov/2022:13:14:32 -0800] "GET /world/brit/eton07b.jpg HTTP/1.1" 200 36566 "https://ysfine.com/world/brit/etonharrow.html" "Mozilla/5.0 (compatible; Baiduspider-render/2.0; +http://www.baidu.com/search/spider.html)" "ysfine.com"
116.179.37.186 - - [13/Nov/2022:13:14:32 -0800] "GET /world/brit/nehru11b.jpg HTTP/1.1" 200 43052 "https://ysfine.com/world/brit/etonharrow.html" "Mozilla/5.0 (compatible; Baiduspider-render/2.0; +http://www.baidu.com/search/spider.html)" "ysfine.com"
116.179.37.231 - - [13/Nov/2022:13:14:32 -0800] "GET /world/brit/harrow09b.jpg HTTP/1.1" 200 48797 "https://ysfine.com/world/brit/etonharrow.html" "Mozilla/5.0 (compatible; Baiduspider-render/2.0; +http://www.baidu.com/search/spider.html)" "ysfine.com"
116.179.37.162 - - [13/Nov/2022:13:14:32 -0800] "GET /world/brit/harrow04b.jpg HTTP/1.1" 200 48004 "https://ysfine.com/world/brit/etonharrow.html" "Mozilla/5.0 (compatible; Baiduspider-render/2.0; +http://www.baidu.com/search/spider.html)" "ysfine.com"
116.179.37.92 - - [13/Nov/2022:13:14:32 -0800] "GET /world/brit/harrow01b.jpg HTTP/1.1" 200 54632 "https://ysfine.com/world/brit/etonharrow.html" "Mozilla/5.0 (compatible; Baiduspider-render/2.0; +http://www.baidu.com/search/spider.html)" "ysfine.com"
116.179.37.58 - - [13/Nov/2022:13:14:32 -0800] "GET /kobak/taylor33c.jpg HTTP/1.1" 200 39951 "https://ysfine.com/world/brit/etonharrow.html" "Mozilla/5.0 (compatible; Baiduspider-render/2.0; +http://www.baidu.com/search/spider.html)" "ysfine.com"
116.179.37.139 - - [13/Nov/2022:13:14:32 -0800] "GET /world/brit/windsor02b.jpg HTTP/1.1" 200 40724 "https://ysfine.com/world/brit/etonharrow.html" "Mozilla/5.0 (compatible; Baiduspider-render/2.0; +http://www.baidu.com/search/spider.html)" "ysfine.com"
116.179.37.10 - - [13/Nov/2022:13:14:32 -0800] "GET /world/brit/eton02b.jpg HTTP/1.1" 200 39432 "https://ysfine.com/world/brit/etonharrow.html" "Mozilla/5.0 (compatible; Baiduspider-render/2.0; +http://www.baidu.com/search/spider.html)" "ysfine.com"
116.179.37.142 - - [13/Nov/2022:13:14:32 -0800] "GET /world/brit/harrow12b.jpg HTTP/1.1" 200 45104 "https://ysfine.com/world/brit/etonharrow.html" "Mozilla/5.0 (compatible; Baiduspider-render/2.0; +http://www.baidu.com/search/spider.html)" "ysfine.com"
116.179.37.13 - - [13/Nov/2022:13:14:32 -0800] "GET /world/brit/eton01b.jpg HTTP/1.1" 200 47771 "https://ysfine.com/world/brit/etonharrow.html" "Mozilla/5.0 (compatible; Baiduspider-render/2.0; +http://www.baidu.com/search/spider.html)" "ysfine.com"
116.179.37.233 - - [13/Nov/2022:13:14:32 -0800] "GET /world/brit/eton03b.jpg HTTP/1.1" 200 45141 "https://ysfine.com/world/brit/etonharrow.html" "Mozilla/5.0 (compatible; Baiduspider-render/2.0; +http://www.baidu.com/search/spider.html)" "ysfine.com"
116.179.37.80 - - [13/Nov/2022:13:14:32 -0800] "GET /eink/pwk19c.jpg HTTP/1.1" 200 57759 "https://ysfine.com/world/brit/etonharrow.html" "Mozilla/5.0 (compatible; Baiduspider-render/2.0; +http://www.baidu.com/search/spider.html)" "ysfine.com"
116.179.37.161 - - [13/Nov/2022:13:14:32 -0800] "GET /world/brit/harrow11b.jpg HTTP/1.1" 200 42533 "https://ysfine.com/world/brit/etonharrow.html" "Mozilla/5.0 (compatible; Baiduspider-render/2.0; +http://www.baidu.com/search/spider.html)" "ysfine.com"
216.244.66.229 - - [13/Nov/2022:13:14:35 -0800] "GET /world/ital/uffizi22b.jpg HTTP/1.1" 200 42665 "-" "Mozilla/5.0 (compatible; DotBot/1.2; +https://opensiteexplorer.org/dotbot; help@moz.com)" "ysfine.com"
40.77.167.27 - - [13/Nov/2022:13:14:40 -0800] "GET /home/bio06.html HTTP/1.1" 404 88 "-" "Mozilla/5.0 (compatible; bingbot/2.0; +http://www.bing.com/bingbot.htm)" "www.ysfine.com"
40.77.167.71 - - [13/Nov/2022:13:14:44 -0800] "GET /bio/genea.html HTTP/1.1" 404 88 "-" "Mozilla/5.0 AppleWebKit/537.36 (KHTML, like Gecko; compatible; bingbot/2.0; +http://www.bing.com/bingbot.htm) Chrome/103.0.5060.134 Safari/537.36" "ysfine.com"
216.244.66.229 - - [13/Nov/2022:13:15:07 -0800] "GET /world/ital/vatim06.jpg HTTP/1.1" 200 144384 "-" "Mozilla/5.0 (compatible; DotBot/1.2; +https://opensiteexplorer.org/dotbot; help@moz.com)" "ysfine.com"
157.55.39.129 - - [13/Nov/2022:13:15:08 -0800] "GET /bio/eink/buythisbook.html HTTP/1.1" 404 88 "-" "Mozilla/5.0 (compatible; bingbot/2.0; +http://www.bing.com/bingbot.htm)" "ysfine.com"
40.77.167.71 - - [13/Nov/2022:13:15:34 -0800] "GET /dirac/wigsis.html HTTP/1.1" 200 10275 "-" "Mozilla/5.0 (compatible; bingbot/2.0; +http://www.bing.com/bingbot.htm)" "www.ysfine.com"
216.244.66.229 - - [13/Nov/2022:13:15:49 -0800] "GET /world/ital/venetof09.jpg HTTP/1.1" 200 106033 "-" "Mozilla/5.0 (compatible; DotBot/1.2; +https://opensiteexplorer.org/dotbot; help@moz.com)" "ysfine.com"
31.146.35.70 - - [13/Nov/2022:13:15:58 -0800] "GET /kowar/tanks/m47.jpg HTTP/1.1" 200 78683 "https://www.google.com/" "Mozilla/5.0 (Windows NT 10.0; Win64; x64) AppleWebKit/537.36 (KHTML, like Gecko) Chrome/107.0.0.0 Safari/537.36" "ysfine.com"
216.244.66.229 - - [13/Nov/2022:13:16:39 -0800] "GET /world/ital/venicej11.jpg HTTP/1.1" 200 125047 "-" "Mozilla/5.0 (compatible; DotBot/1.2; +https://opensiteexplorer.org/dotbot; help@moz.com)" "ysfine.com"
38.126.157.40 - - [13/Nov/2022:13:17:09 -0800] "GET /world/russ/kiev037.jpg HTTP/1.1" 200 89771 "-" "Mozilla/5.0 (compatible; FemtosearchBot/1.0; http://femtosearch.com)" "ysfine.com"
38.126.157.40 - - [13/Nov/2022:13:17:10 -0800] "GET /newyork/carnegie04.jpg HTTP/1.1" 200 121336 "-" "Mozilla/5.0 (compatible; FemtosearchBot/1.0; http://femtosearch.com)" "ysfine.com"
38.126.157.40 - - [13/Nov/2022:13:17:10 -0800] "GET /world/brit/picca30.jpg HTTP/1.1" 200 118455 "-" "Mozilla/5.0 (compatible; FemtosearchBot/1.0; http://femtosearch.com)" "ysfine.com"
38.126.157.40 - - [13/Nov/2022:13:17:10 -0800] "GET /world/ital/rome024.jpg HTTP/1.1" 200 253571 "-" "Mozilla/5.0 (compatible; FemtosearchBot/1.0; http://femtosearch.com)" "ysfine.com"
38.126.157.40 - - [13/Nov/2022:13:17:10 -0800] "GET /world/ital/repub10.jpg HTTP/1.1" 200 109138 "-" "Mozilla/5.0 (compatible; FemtosearchBot/1.0; http://femtosearch.com)" "ysfine.com"
38.126.157.40 - - [13/Nov/2022:13:17:10 -0800] "GET /world/brit/trafa04.jpg HTTP/1.1" 200 79562 "-" "Mozilla/5.0 (compatible; FemtosearchBot/1.0; http://femtosearch.com)" "ysfine.com"
38.126.157.40 - - [13/Nov/2022:13:17:10 -0800] "GET /world/russ/redsq53.jpg HTTP/1.1" 200 109199 "-" "Mozilla/5.0 (compatible; FemtosearchBot/1.0; http://femtosearch.com)" "ysfine.com"
3.85.208.40 - - [13/Nov/2022:13:17:13 -0800] "HEAD /newyork/centralp05b.jpg HTTP/1.1" 200 - "-" "Mozilla/5.0 (Macintosh; Intel Mac OS X 10_15_7) AppleWebKit/537.36 (KHTML, like Gecko) Chrome/106.0.0.0 Safari/537.36" "ysfine.com"
3.83.248.66 - - [13/Nov/2022:13:17:13 -0800] "HEAD /newyork/nyc.html HTTP/1.1" 200 - "-" "Mozilla/5.0 (Windows NT 10.0; Win64; x64) AppleWebKit/537.36 (KHTML, like Gecko) Chrome/106.0.0.0 Safari/537.36 Edg/106.0.1370.52" "ysfine.com"
181.214.70.95 - - [13/Nov/2022:13:17:13 -0800] "HEAD /newyork/centralp05b.jpg HTTP/1.1" 200 - "-" "Mozilla/5.0 (Macintosh; Intel Mac OS X 10_15_7) AppleWebKit/537.36 (KHTML, like Gecko) Chrome/106.0.0.0 Safari/537.36" "ysfine.com"
181.215.169.45 - - [13/Nov/2022:13:17:13 -0800] "HEAD /newyork/nyc.html HTTP/1.1" 200 - "-" "Mozilla/5.0 (Windows NT 10.0; Win64; x64) AppleWebKit/537.36 (KHTML, like Gecko) Chrome/106.0.0.0 Safari/537.36 Edg/106.0.1370.52" "ysfine.com"
216.244.66.229 - - [13/Nov/2022:13:18:32 -0800] "GET /class54/class5470/total_data/sub_502.htm HTTP/1.1" 200 12875 "-" "Mozilla/5.0 (compatible; DotBot/1.2; +https://opensiteexplorer.org/dotbot; help@moz.com)" "ysfine.com"
157.55.39.129 - - [13/Nov/2022:13:18:39 -0800] "GET /bio/optics.html HTTP/1.1" 404 88 "-" "Mozilla/5.0 AppleWebKit/537.36 (KHTML, like Gecko; compatible; bingbot/2.0; +http://www.bing.com/bingbot.htm) Chrome/103.0.5060.134 Safari/537.36" "ysfine.com"
