216.244.66.229 - - [12/Nov/2022:20:00:04 -0800] "GET /robots.txt HTTP/1.1" 404 73 "-" "Mozilla/5.0 (compatible; DotBot/1.2; +https://opensiteexplorer.org/dotbot; help@moz.com)" "ysfine.com"
51.222.253.13 - - [12/Nov/2022:20:00:24 -0800] "GET /ysbio/dirac/dirheisen.html HTTP/1.1" 404 88 "-" "Mozilla/5.0 (compatible; AhrefsBot/7.0; +http://ahrefs.com/robot/)" "www.ysfine.com"
95.163.255.100 - - [12/Nov/2022:20:01:07 -0800] "GET /robots.txt HTTP/1.1" 404 73 "-" "Mozilla/5.0 (compatible; Linux x86_64; Mail.RU_Bot/Img/2.0; +https://help.mail.ru/webmaster/indexing/robots)" "ysfine.com"
95.163.255.80 - - [12/Nov/2022:20:01:10 -0800] "GET /newyork/wtc.html HTTP/1.1" 200 538 "http://go.mail.ru/search_images" "Mozilla/5.0 (compatible; Linux x86_64; Mail.RU_Bot/Img/2.0; +https://help.mail.ru/webmaster/indexing/robots)" "ysfine.com"
95.163.255.100 - - [12/Nov/2022:20:01:12 -0800] "GET /style/tatyana.html HTTP/1.1" 200 8475 "http://go.mail.ru/search_images" "Mozilla/5.0 (compatible; Linux x86_64; Mail.RU_Bot/Img/2.0; +https://help.mail.ru/webmaster/indexing/robots)" "ysfine.com"
95.163.255.101 - - [12/Nov/2022:20:01:14 -0800] "GET /wisdom/kwk.html HTTP/1.1" 200 5252 "http://go.mail.ru/search_images" "Mozilla/5.0 (compatible; Linux x86_64; Mail.RU_Bot/Img/2.0; +https://help.mail.ru/webmaster/indexing/robots)" "ysfine.com"
99.244.205.151 - - [12/Nov/2022:20:01:56 -0800] "GET /philo/helena11.jpg HTTP/1.1" 200 276020 "https://www.google.com/" "Mozilla/5.0 (Macintosh; Intel Mac OS X 10_14_6) AppleWebKit/605.1.15 (KHTML, like Gecko) Version/14.1.2 Safari/605.1.15" "ysfine.com"
51.222.253.18 - - [12/Nov/2022:20:02:31 -0800] "GET /kobak/jeep.html HTTP/1.1" 200 650 "-" "Mozilla/5.0 (compatible; AhrefsBot/7.0; +http://ahrefs.com/robot/)" "ysfine.com"
40.122.230.188 - - [12/Nov/2022:20:04:02 -0800] "GET /world/brit/oxlon03b.jpg HTTP/1.1" 200 49441 "http://ysfine.com/world/brit" "Mozilla/5.0 (Macintosh; Intel Mac OS X 10_11_6) AppleWebKit/605.1.15 (KHTML, like Gecko) Version/11.1.2 Safari/605.1.15" "ysfine.com"
207.46.13.134 - - [12/Nov/2022:20:04:06 -0800] "GET /bio/wigner/e(2).html HTTP/1.1" 404 88 "-" "Mozilla/5.0 AppleWebKit/537.36 (KHTML, like Gecko; compatible; bingbot/2.0; +http://www.bing.com/bingbot.htm) Chrome/103.0.5060.134 Safari/537.36" "ysfine.com"
185.191.171.26 - - [12/Nov/2022:20:04:23 -0800] "GET /wigner/neum/compu.html HTTP/1.1" 200 2267 "-" "Mozilla/5.0 (compatible; SemrushBot/7~bl; +http://www.semrush.com/bot.html)" "www.ysfine.com"
51.222.253.11 - - [12/Nov/2022:20:05:10 -0800] "GET /wigner/wigpoinc.html HTTP/1.1" 200 6586 "-" "Mozilla/5.0 (compatible; AhrefsBot/7.0; +http://ahrefs.com/robot/)" "ysfine.com"
157.55.39.6 - - [12/Nov/2022:20:05:30 -0800] "GET /bio/style/leica.html HTTP/1.1" 404 88 "-" "Mozilla/5.0 (compatible; bingbot/2.0; +http://www.bing.com/bingbot.htm)" "ysfine.com"
144.202.25.134 - - [12/Nov/2022:20:06:27 -0800] "GET /maga/sarnoff.html HTTP/1.1" 200 7540 "-" "Mozilla" "ysfine.com"
144.202.25.134 - - [12/Nov/2022:20:06:28 -0800] "GET /maga/sarnoff.html HTTP/1.1" 200 7540 "-" "Mozilla" "ysfine.com"
47.42.50.249 - - [12/Nov/2022:20:06:48 -0800] "GET /kowar/tanks/m46c.jpg HTTP/1.1" 200 74862 "https://www.google.com/" "Mozilla/5.0 (Macintosh; Intel Mac OS X 10_15_7) AppleWebKit/537.36 (KHTML, like Gecko) Chrome/107.0.0.0 Safari/537.36" "ysfine.com"
47.42.50.249 - - [12/Nov/2022:20:06:48 -0800] "GET /kowar/tanks/tank03.jpg HTTP/1.1" 200 106726 "https://www.google.com/" "Mozilla/5.0 (Macintosh; Intel Mac OS X 10_15_7) AppleWebKit/537.36 (KHTML, like Gecko) Chrome/107.0.0.0 Safari/537.36" "ysfine.com"
36.150.60.24 - - [12/Nov/2022:20:07:13 -0800] "GET / HTTP/1.1" 200 5283 "-" "Mozilla/5.0 (Macintosh; Intel Mac OS X 10_11) AppleWebKit/601.1.27 (KHTML, like Gecko) Chrome/47.0.2526.106 Safari/601.1.27" "ysfine.com"
207.46.13.134 - - [12/Nov/2022:20:07:17 -0800] "GET /bio/heisen/heisen54.html HTTP/1.1" 404 88 "-" "Mozilla/5.0 (compatible; bingbot/2.0; +http://www.bing.com/bingbot.htm)" "ysfine.com"
103.199.69.164 - - [12/Nov/2022:20:07:22 -0800] "GET /feynman/feyn86b.jpg HTTP/1.1" 200 26190 "https://www.google.com/" "Mozilla/5.0 (Linux; Android 12; SM-A315G Build/SP1A.210812.016; wv) AppleWebKit/537.36 (KHTML, like Gecko) Version/4.0 Chrome/107.0.5304.91 Mobile Safari/537.36 GoogleApp/13.41.11.26.arm64" "ysfine.com"
36.150.60.24 - - [12/Nov/2022:20:07:24 -0800] "GET / HTTP/1.1" 200 5283 "-" "Dalvik/2.1.0 (Linux; U; Android 9.0; ZTE BA520 Build/MRA58K)" "ysfine.com"
51.222.253.19 - - [12/Nov/2022:20:07:26 -0800] "GET /home/bostein.html HTTP/1.1" 200 5521 "-" "Mozilla/5.0 (compatible; AhrefsBot/7.0; +http://ahrefs.com/robot/)" "ysfine.com"
40.77.167.27 - - [12/Nov/2022:20:07:47 -0800] "GET /ysbio/wdc/kopol.html HTTP/1.1" 404 88 "-" "Mozilla/5.0 (compatible; bingbot/2.0; +http://www.bing.com/bingbot.htm)" "ysfine.com"
67.255.201.232 - - [12/Nov/2022:20:08:37 -0800] "GET /dirac/dirfeyn22.html HTTP/1.1" 200 2329 "https://www.google.com/" "Mozilla/5.0 (Macintosh; Intel Mac OS X 10_14_6) AppleWebKit/605.1.15 (KHTML, like Gecko) Version/14.1.2 Safari/605.1.15" "ysfine.com"
67.255.201.232 - - [12/Nov/2022:20:08:37 -0800] "GET /dirac/diracbul2.jpg HTTP/1.1" 200 31194 "https://ysfine.com/dirac/dirfeyn22.html" "Mozilla/5.0 (Macintosh; Intel Mac OS X 10_14_6) AppleWebKit/605.1.15 (KHTML, like Gecko) Version/14.1.2 Safari/605.1.15" "ysfine.com"
67.255.201.232 - - [12/Nov/2022:20:08:37 -0800] "GET /einstein/eink24b.jpg HTTP/1.1" 200 42003 "https://ysfine.com/dirac/dirfeyn22.html" "Mozilla/5.0 (Macintosh; Intel Mac OS X 10_14_6) AppleWebKit/605.1.15 (KHTML, like Gecko) Version/14.1.2 Safari/605.1.15" "ysfine.com"
67.255.201.232 - - [12/Nov/2022:20:08:37 -0800] "GET /feynman/feydirac270.jpg HTTP/1.1" 200 59000 "https://ysfine.com/dirac/dirfeyn22.html" "Mozilla/5.0 (Macintosh; Intel Mac OS X 10_14_6) AppleWebKit/605.1.15 (KHTML, like Gecko) Version/14.1.2 Safari/605.1.15" "ysfine.com"
67.255.201.232 - - [12/Nov/2022:20:08:37 -0800] "GET /feynman/feyn86b.jpg HTTP/1.1" 200 26190 "https://ysfine.com/dirac/dirfeyn22.html" "Mozilla/5.0 (Macintosh; Intel Mac OS X 10_14_6) AppleWebKit/605.1.15 (KHTML, like Gecko) Version/14.1.2 Safari/605.1.15" "ysfine.com"
67.255.201.232 - - [12/Nov/2022:20:08:39 -0800] "GET /favicon.ico HTTP/1.1" 404 88 "https://ysfine.com/dirac/dirfeyn22.html" "Mozilla/5.0 (Macintosh; Intel Mac OS X 10_14_6) AppleWebKit/605.1.15 (KHTML, like Gecko) Version/14.1.2 Safari/605.1.15" "ysfine.com"
36.150.60.24 - - [12/Nov/2022:20:08:50 -0800] "GET /favicon.ico HTTP/1.1" 404 88 "-" "Dalvik/2.1.0 (Linux; U; Android 9.0; ZTE BA520 Build/MRA58K)" "ysfine.com"
51.222.253.1 - - [12/Nov/2022:20:09:51 -0800] "GET /wigner/lunch.html HTTP/1.1" 200 3105 "-" "Mozilla/5.0 (compatible; AhrefsBot/7.0; +http://ahrefs.com/robot/)" "www.ysfine.com"
157.55.39.76 - - [12/Nov/2022:20:10:24 -0800] "GET /bio/bio07.html HTTP/1.1" 404 88 "-" "Mozilla/5.0 (compatible; bingbot/2.0; +http://www.bing.com/bingbot.htm)" "ysfine.com"
46.51.10.55 - - [12/Nov/2022:20:10:40 -0800] "GET /home/eindc03.jpg HTTP/1.1" 200 247500 "-" "Opera/8.10.(X11; Linux i686; af-ZA) Presto/2.9.183 Version/12.00" "ysfine.com"
157.55.39.129 - - [12/Nov/2022:20:10:48 -0800] "GET /bio/optics.html HTTP/1.1" 404 88 "-" "Mozilla/5.0 AppleWebKit/537.36 (KHTML, like Gecko; compatible; bingbot/2.0; +http://www.bing.com/bingbot.htm) Chrome/103.0.5060.134 Safari/537.36" "ysfine.com"
157.55.39.129 - - [12/Nov/2022:20:10:49 -0800] "GET /bio/dashen.html HTTP/1.1" 404 88 "-" "Mozilla/5.0 AppleWebKit/537.36 (KHTML, like Gecko; compatible; bingbot/2.0; +http://www.bing.com/bingbot.htm) Chrome/103.0.5060.134 Safari/537.36" "ysfine.com"
51.222.253.9 - - [12/Nov/2022:20:12:23 -0800] "GET /feynman/feygell.html HTTP/1.1" 200 4714 "-" "Mozilla/5.0 (compatible; AhrefsBot/7.0; +http://ahrefs.com/robot/)" "www.ysfine.com"
185.191.171.5 - - [12/Nov/2022:20:12:26 -0800] "GET /robots.txt HTTP/1.1" 404 88 "-" "Mozilla/5.0 (compatible; SemrushBot/7~bl; +http://www.semrush.com/bot.html)" "www.ysfine.com"
185.191.171.24 - - [12/Nov/2022:20:12:27 -0800] "GET /maga/marx.html HTTP/1.1" 200 5871 "-" "Mozilla/5.0 (compatible; SemrushBot/7~bl; +http://www.semrush.com/bot.html)" "www.ysfine.com"
182.2.69.185 - - [12/Nov/2022:20:13:26 -0800] "GET /maga/phys/schrod03.jpg HTTP/1.1" 200 184623 "https://www.google.com/" "Mozilla/5.0 (Linux; Android 12; SM-N975F) AppleWebKit/537.36 (KHTML, like Gecko) Chrome/107.0.0.0 Mobile Safari/537.36" "ysfine.com"
51.222.253.9 - - [12/Nov/2022:20:14:32 -0800] "GET /feynman/partons.html HTTP/1.1" 200 5807 "-" "Mozilla/5.0 (compatible; AhrefsBot/7.0; +http://ahrefs.com/robot/)" "www.ysfine.com"
216.244.66.229 - - [12/Nov/2022:20:15:53 -0800] "GET /ffriends/amkor/konurse.html HTTP/1.1" 200 1520 "-" "Mozilla/5.0 (compatible; DotBot/1.2; +https://opensiteexplorer.org/dotbot; help@moz.com)" "ysfine.com"
51.222.253.19 - - [12/Nov/2022:20:16:42 -0800] "GET /princeton/campus.html HTTP/1.1" 200 15142 "-" "Mozilla/5.0 (compatible; AhrefsBot/7.0; +http://ahrefs.com/robot/)" "www.ysfine.com"
157.55.39.76 - - [12/Nov/2022:20:17:33 -0800] "GET /kobak/soraech.html HTTP/1.1" 200 16670 "-" "Mozilla/5.0 AppleWebKit/537.36 (KHTML, like Gecko; compatible; bingbot/2.0; +http://www.bing.com/bingbot.htm) Chrome/103.0.5060.134 Safari/537.36" "www.ysfine.com"
49.186.164.99 - - [12/Nov/2022:20:18:10 -0800] "GET /apple-touch-icon.png HTTP/1.1" 404 88 "-" "DuckDuckGo/5 (com.duckduckgo.mobile.android; Android API 30)" "www.ysfine.com"
49.186.164.99 - - [12/Nov/2022:20:18:10 -0800] "GET /favicon.ico HTTP/1.1" 404 88 "-" "DuckDuckGo/5 (com.duckduckgo.mobile.android; Android API 30)" "www.ysfine.com"
51.222.253.14 - - [12/Nov/2022:20:18:46 -0800] "GET /home/dashen.html HTTP/1.1" 200 4015 "-" "Mozilla/5.0 (compatible; AhrefsBot/7.0; +http://ahrefs.com/robot/)" "ysfine.com"
207.46.13.134 - - [12/Nov/2022:20:19:18 -0800] "GET /bio/pquartet.html HTTP/1.1" 404 88 "-" "Mozilla/5.0 AppleWebKit/537.36 (KHTML, like Gecko; compatible; bingbot/2.0; +http://www.bing.com/bingbot.htm) Chrome/103.0.5060.134 Safari/537.36" "ysfine.com"
182.2.164.178 - - [12/Nov/2022:20:19:28 -0800] "GET /maga/phil/marxlon01.jpg HTTP/1.1" 200 263404 "https://www.google.com/" "Mozilla/5.0 (Linux; Android 11; M2010J19SG) AppleWebKit/537.36 (KHTML, like Gecko) Chrome/107.0.0.0 Mobile Safari/537.36" "ysfine.com"
216.244.66.229 - - [12/Nov/2022:20:19:58 -0800] "GET /einstein/eink33.jpg HTTP/1.1" 200 132689 "-" "Mozilla/5.0 (compatible; DotBot/1.2; +https://opensiteexplorer.org/dotbot; help@moz.com)" "ysfine.com"
216.244.66.229 - - [12/Nov/2022:20:20:19 -0800] "GET /ffriends/polnewyork01.jpg HTTP/1.1" 200 145171 "-" "Mozilla/5.0 (compatible; DotBot/1.2; +https://opensiteexplorer.org/dotbot; help@moz.com)" "ysfine.com"
51.222.253.4 - - [12/Nov/2022:20:20:42 -0800] "GET /yspapers/index.html HTTP/1.1" 200 21306 "-" "Mozilla/5.0 (compatible; AhrefsBot/7.0; +http://ahrefs.com/robot/)" "ysfine.com"
216.244.66.229 - - [12/Nov/2022:20:20:42 -0800] "GET /ffriends/konurse.html HTTP/1.1" 404 73 "-" "Mozilla/5.0 (compatible; DotBot/1.2; +https://opensiteexplorer.org/dotbot; help@moz.com)" "ysfine.com"
216.244.66.229 - - [12/Nov/2022:20:20:46 -0800] "GET /ffriends/lithuparis01.jpg HTTP/1.1" 200 119900 "-" "Mozilla/5.0 (compatible; DotBot/1.2; +https://opensiteexplorer.org/dotbot; help@moz.com)" "ysfine.com"
51.222.253.1 - - [12/Nov/2022:20:20:47 -0800] "GET /yspapers/eucylin55c.jpg HTTP/1.1" 200 41051 "-" "Mozilla/5.0 (compatible; AhrefsBot/7.0; +http://ahrefs.com/robot/)" "ysfine.com"
51.222.253.19 - - [12/Nov/2022:20:20:53 -0800] "GET /yspapers/restof05c.jpg HTTP/1.1" 200 21825 "-" "Mozilla/5.0 (compatible; AhrefsBot/7.0; +http://ahrefs.com/robot/)" "ysfine.com"
51.222.253.10 - - [12/Nov/2022:20:20:58 -0800] "GET /home/facu63c.jpg HTTP/1.1" 200 41710 "-" "Mozilla/5.0 (compatible; AhrefsBot/7.0; +http://ahrefs.com/robot/)" "ysfine.com"
20.29.110.170 - - [12/Nov/2022:20:21:04 -0800] "GET /maga/histo/oscar33a.jpg HTTP/1.1" 200 47506 "https://ysfine.com/maga/histo" "Mozilla/5.0 (Macintosh; Intel Mac OS X 10_11_6) AppleWebKit/605.1.15 (KHTML, like Gecko) Version/11.1.2 Safari/605.1.15" "ysfine.com"
51.222.253.10 - - [12/Nov/2022:20:21:04 -0800] "GET /yspapers/shear11c.jpg HTTP/1.1" 200 27291 "-" "Mozilla/5.0 (compatible; AhrefsBot/7.0; +http://ahrefs.com/robot/)" "ysfine.com"
51.222.253.11 - - [12/Nov/2022:20:21:09 -0800] "GET /yspapers/synthes11c.jpg HTTP/1.1" 200 36202 "-" "Mozilla/5.0 (compatible; AhrefsBot/7.0; +http://ahrefs.com/robot/)" "ysfine.com"
51.222.253.10 - - [12/Nov/2022:20:21:15 -0800] "GET /yspapers/ortho66c.jpg HTTP/1.1" 200 27511 "-" "Mozilla/5.0 (compatible; AhrefsBot/7.0; +http://ahrefs.com/robot/)" "ysfine.com"
51.222.253.15 - - [12/Nov/2022:20:21:20 -0800] "GET /yspapers/isomor88f.jpg HTTP/1.1" 200 87213 "-" "Mozilla/5.0 (compatible; AhrefsBot/7.0; +http://ahrefs.com/robot/)" "ysfine.com"
216.244.66.229 - - [12/Nov/2022:20:21:24 -0800] "GET /ffriends/russwas05.jpg HTTP/1.1" 200 124975 "-" "Mozilla/5.0 (compatible; DotBot/1.2; +https://opensiteexplorer.org/dotbot; help@moz.com)" "ysfine.com"
51.222.253.11 - - [12/Nov/2022:20:21:26 -0800] "GET /yspapers/comet30f.jpg HTTP/1.1" 200 93087 "-" "Mozilla/5.0 (compatible; AhrefsBot/7.0; +http://ahrefs.com/robot/)" "ysfine.com"
40.77.167.71 - - [12/Nov/2022:20:21:28 -0800] "GET /bio/sbk/index.html HTTP/1.1" 404 88 "-" "Mozilla/5.0 AppleWebKit/537.36 (KHTML, like Gecko; compatible; bingbot/2.0; +http://www.bing.com/bingbot.htm) Chrome/103.0.5060.134 Safari/537.36" "ysfine.com"
51.222.253.4 - - [12/Nov/2022:20:21:35 -0800] "GET /yspapers/sincos88f.jpg HTTP/1.1" 200 43677 "-" "Mozilla/5.0 (compatible; AhrefsBot/7.0; +http://ahrefs.com/robot/)" "ysfine.com"
51.222.253.14 - - [12/Nov/2022:20:21:41 -0800] "GET /yspapers/sq33f.jpg HTTP/1.1" 200 78266 "-" "Mozilla/5.0 (compatible; AhrefsBot/7.0; +http://ahrefs.com/robot/)" "ysfine.com"
51.222.253.12 - - [12/Nov/2022:20:21:47 -0800] "GET /yspapers/fortune21f.jpg HTTP/1.1" 200 131858 "-" "Mozilla/5.0 (compatible; AhrefsBot/7.0; +http://ahrefs.com/robot/)" "ysfine.com"
51.222.253.14 - - [12/Nov/2022:20:21:54 -0800] "GET /dirac/dirac63c.jpg HTTP/1.1" 200 29237 "-" "Mozilla/5.0 (compatible; AhrefsBot/7.0; +http://ahrefs.com/robot/)" "ysfine.com"
51.222.253.1 - - [12/Nov/2022:20:22:00 -0800] "GET /awards/eward33f.jpg HTTP/1.1" 200 86617 "-" "Mozilla/5.0 (compatible; AhrefsBot/7.0; +http://ahrefs.com/robot/)" "ysfine.com"
51.222.253.14 - - [12/Nov/2022:20:22:06 -0800] "GET /feynman/feybongo77c.jpg HTTP/1.1" 200 25947 "-" "Mozilla/5.0 (compatible; AhrefsBot/7.0; +http://ahrefs.com/robot/)" "ysfine.com"
51.222.253.3 - - [12/Nov/2022:20:22:11 -0800] "GET /dirac/2osc22c.jpg HTTP/1.1" 200 28929 "-" "Mozilla/5.0 (compatible; AhrefsBot/7.0; +http://ahrefs.com/robot/)" "ysfine.com"
216.244.66.229 - - [12/Nov/2022:20:22:14 -0800] "GET /ffriends/aline/swiss11.jpg HTTP/1.1" 404 73 "-" "Mozilla/5.0 (compatible; DotBot/1.2; +https://opensiteexplorer.org/dotbot; help@moz.com)" "ysfine.com"
49.186.164.99 - - [12/Nov/2022:20:22:14 -0800] "GET /apple-touch-icon.png HTTP/1.1" 404 88 "-" "DuckDuckGo/5 (com.duckduckgo.mobile.android; Android API 30)" "www.ysfine.com"
49.186.164.99 - - [12/Nov/2022:20:22:14 -0800] "GET /favicon.ico HTTP/1.1" 404 88 "-" "DuckDuckGo/5 (com.duckduckgo.mobile.android; Android API 30)" "www.ysfine.com"
51.222.253.8 - - [12/Nov/2022:20:22:17 -0800] "GET /awards/timessq33f.jpg HTTP/1.1" 200 171855 "-" "Mozilla/5.0 (compatible; AhrefsBot/7.0; +http://ahrefs.com/robot/)" "ysfine.com"
51.222.253.13 - - [12/Nov/2022:20:22:24 -0800] "GET /yspapers/neupol01c.jpg HTTP/1.1" 200 27087 "-" "Mozilla/5.0 (compatible; AhrefsBot/7.0; +http://ahrefs.com/robot/)" "ysfine.com"
51.222.253.18 - - [12/Nov/2022:20:22:29 -0800] "GET /awards/iaotp/top21c.jpg HTTP/1.1" 200 49015 "-" "Mozilla/5.0 (compatible; AhrefsBot/7.0; +http://ahrefs.com/robot/)" "ysfine.com"
51.222.253.19 - - [12/Nov/2022:20:22:35 -0800] "GET /yspapers/sp2c.jpg HTTP/1.1" 200 29079 "-" "Mozilla/5.0 (compatible; AhrefsBot/7.0; +http://ahrefs.com/robot/)" "ysfine.com"
51.222.253.4 - - [12/Nov/2022:20:22:39 -0800] "GET /home/index.html HTTP/1.1" 200 142 "-" "Mozilla/5.0 (compatible; AhrefsBot/7.0; +http://ahrefs.com/robot/)" "ysfine.com"
51.222.253.5 - - [12/Nov/2022:20:22:41 -0800] "GET /yspapers/ewk11c.jpg HTTP/1.1" 200 47514 "-" "Mozilla/5.0 (compatible; AhrefsBot/7.0; +http://ahrefs.com/robot/)" "ysfine.com"
216.244.66.229 - - [12/Nov/2022:20:22:44 -0800] "GET /ysbio/style/ystyle.html HTTP/1.1" 404 73 "-" "Mozilla/5.0 (compatible; DotBot/1.2; +https://opensiteexplorer.org/dotbot; help@moz.com)" "ysfine.com"
51.222.253.19 - - [12/Nov/2022:20:22:47 -0800] "GET /yspapers/qboil17f.jpg HTTP/1.1" 200 39480 "-" "Mozilla/5.0 (compatible; AhrefsBot/7.0; +http://ahrefs.com/robot/)" "ysfine.com"
51.222.253.18 - - [12/Nov/2022:20:22:53 -0800] "GET /yspapers/eintao22c.jpg HTTP/1.1" 200 34310 "-" "Mozilla/5.0 (compatible; AhrefsBot/7.0; +http://ahrefs.com/robot/)" "ysfine.com"
51.222.253.7 - - [12/Nov/2022:20:22:59 -0800] "GET /yspapers/goodbad11c.jpg HTTP/1.1" 200 18689 "-" "Mozilla/5.0 (compatible; AhrefsBot/7.0; +http://ahrefs.com/robot/)" "ysfine.com"
51.222.253.2 - - [12/Nov/2022:20:23:04 -0800] "GET /yspapers/eintao77c.jpg HTTP/1.1" 200 45084 "-" "Mozilla/5.0 (compatible; AhrefsBot/7.0; +http://ahrefs.com/robot/)" "ysfine.com"
157.55.39.76 - - [12/Nov/2022:20:23:08 -0800] "GET /ysbio/folks/fdw.html HTTP/1.1" 404 88 "-" "Mozilla/5.0 AppleWebKit/537.36 (KHTML, like Gecko; compatible; bingbot/2.0; +http://www.bing.com/bingbot.htm) Chrome/103.0.5060.134 Safari/537.36" "ysfine.com"
51.222.253.4 - - [12/Nov/2022:20:23:10 -0800] "GET /yspapers/evol77c.jpg HTTP/1.1" 200 52015 "-" "Mozilla/5.0 (compatible; AhrefsBot/7.0; +http://ahrefs.com/robot/)" "ysfine.com"
51.222.253.16 - - [12/Nov/2022:20:23:15 -0800] "GET /yspapers/hosc2by2c.jpg HTTP/1.1" 200 34523 "-" "Mozilla/5.0 (compatible; AhrefsBot/7.0; +http://ahrefs.com/robot/)" "ysfine.com"
51.222.253.7 - - [12/Nov/2022:20:23:18 -0800] "GET /yspapers/sq73c.jpg HTTP/1.1" 200 38604 "-" "Mozilla/5.0 (compatible; AhrefsBot/7.0; +http://ahrefs.com/robot/)" "ysfine.com"
51.222.253.7 - - [12/Nov/2022:20:23:24 -0800] "GET /yspapers/gauge33c.jpg HTTP/1.1" 200 22977 "-" "Mozilla/5.0 (compatible; AhrefsBot/7.0; +http://ahrefs.com/robot/)" "ysfine.com"
51.222.253.13 - - [12/Nov/2022:20:23:29 -0800] "GET /yspapers/iop21c.jpg HTTP/1.1" 200 30227 "-" "Mozilla/5.0 (compatible; AhrefsBot/7.0; +http://ahrefs.com/robot/)" "ysfine.com"
51.222.253.16 - - [12/Nov/2022:20:23:34 -0800] "GET /yspapers/inokim97c.jpg HTTP/1.1" 200 31832 "-" "Mozilla/5.0 (compatible; AhrefsBot/7.0; +http://ahrefs.com/robot/)" "ysfine.com"
51.222.253.14 - - [12/Nov/2022:20:23:40 -0800] "GET /yspapers/resonance33c.jpg HTTP/1.1" 200 31778 "-" "Mozilla/5.0 (compatible; AhrefsBot/7.0; +http://ahrefs.com/robot/)" "ysfine.com"
51.222.253.3 - - [12/Nov/2022:20:23:45 -0800] "GET /yspapers/tollwig11c.jpg HTTP/1.1" 200 28195 "-" "Mozilla/5.0 (compatible; AhrefsBot/7.0; +http://ahrefs.com/robot/)" "ysfine.com"
51.222.253.5 - - [12/Nov/2022:20:23:51 -0800] "GET /yspapers/restof11f.jpg HTTP/1.1" 200 65553 "-" "Mozilla/5.0 (compatible; AhrefsBot/7.0; +http://ahrefs.com/robot/)" "ysfine.com"
216.244.66.229 - - [12/Nov/2022:20:23:52 -0800] "GET /ffriends/amkor/koharp04.jpg HTTP/1.1" 200 115376 "-" "Mozilla/5.0 (compatible; DotBot/1.2; +https://opensiteexplorer.org/dotbot; help@moz.com)" "ysfine.com"
51.222.253.1 - - [12/Nov/2022:20:23:57 -0800] "GET /yspapers/pdugard17f.jpg HTTP/1.1" 200 134164 "-" "Mozilla/5.0 (compatible; AhrefsBot/7.0; +http://ahrefs.com/robot/)" "ysfine.com"
54.202.222.45 - - [12/Nov/2022:20:23:58 -0800] "GET /princeton/alexan22.jpg HTTP/1.1" 200 175436 "https://www.google.com/" "Mozilla/5.0 (Macintosh; Intel Mac OS X 10_15_7) AppleWebKit/537.36 (KHTML, like Gecko) Chrome/107.0.0.0 Safari/537.36" "ysfine.com"
51.222.253.16 - - [12/Nov/2022:20:24:03 -0800] "GET /yspapers/feynrio55c.jpg HTTP/1.1" 200 55222 "-" "Mozilla/5.0 (compatible; AhrefsBot/7.0; +http://ahrefs.com/robot/)" "ysfine.com"
51.222.253.10 - - [12/Nov/2022:20:24:09 -0800] "GET /yspapers/iop15cc.jpg HTTP/1.1" 200 18741 "-" "Mozilla/5.0 (compatible; AhrefsBot/7.0; +http://ahrefs.com/robot/)" "ysfine.com"
51.222.253.18 - - [12/Nov/2022:20:24:15 -0800] "GET /home/canal11c.jpg HTTP/1.1" 200 31848 "-" "Mozilla/5.0 (compatible; AhrefsBot/7.0; +http://ahrefs.com/robot/)" "ysfine.com"
51.222.253.19 - - [12/Nov/2022:20:24:20 -0800] "GET /yspapers/feyfirm03c.jpg HTTP/1.1" 200 32880 "-" "Mozilla/5.0 (compatible; AhrefsBot/7.0; +http://ahrefs.com/robot/)" "ysfine.com"
51.222.253.17 - - [12/Nov/2022:20:24:26 -0800] "GET /yspapers/coupo02c.jpg HTTP/1.1" 200 42609 "-" "Mozilla/5.0 (compatible; AhrefsBot/7.0; +http://ahrefs.com/robot/)" "ysfine.com"
40.77.167.27 - - [12/Nov/2022:20:24:27 -0800] "GET /ysbio/ysbio/index.html HTTP/1.1" 404 88 "-" "Mozilla/5.0 AppleWebKit/537.36 (KHTML, like Gecko; compatible; bingbot/2.0; +http://www.bing.com/bingbot.htm) Chrome/103.0.5060.134 Safari/537.36" "ysfine.com"
51.222.253.1 - - [12/Nov/2022:20:24:32 -0800] "GET /yspapers/wiglunch91c.jpg HTTP/1.1" 200 59941 "-" "Mozilla/5.0 (compatible; AhrefsBot/7.0; +http://ahrefs.com/robot/)" "ysfine.com"
51.222.253.15 - - [12/Nov/2022:20:24:38 -0800] "GET /princeton/yspr61c.jpg HTTP/1.1" 200 27257 "-" "Mozilla/5.0 (compatible; AhrefsBot/7.0; +http://ahrefs.com/robot/)" "ysfine.com"
157.55.39.6 - - [12/Nov/2022:20:24:42 -0800] "GET /bio/kobak/namdae.html HTTP/1.1" 404 88 "-" "Mozilla/5.0 AppleWebKit/537.36 (KHTML, like Gecko; compatible; bingbot/2.0; +http://www.bing.com/bingbot.htm) Chrome/103.0.5060.134 Safari/537.36" "ysfine.com"
51.222.253.3 - - [12/Nov/2022:20:24:43 -0800] "GET /home/truck/truck20c.jpg HTTP/1.1" 200 29999 "-" "Mozilla/5.0 (compatible; AhrefsBot/7.0; +http://ahrefs.com/robot/)" "ysfine.com"
51.222.253.2 - - [12/Nov/2022:20:24:49 -0800] "GET /yspapers/quapar55c.jpg HTTP/1.1" 200 49178 "-" "Mozilla/5.0 (compatible; AhrefsBot/7.0; +http://ahrefs.com/robot/)" "ysfine.com"
75.188.58.62 - - [12/Nov/2022:20:24:55 -0800] "GET /princeton/alexan22.jpg HTTP/1.1" 200 175436 "https://www.google.com/" "Mozilla/5.0 (iPhone; CPU iPhone OS 15_6_1 like Mac OS X) AppleWebKit/605.1.15 (KHTML, like Gecko) Version/15.6.1 Mobile/15E148 Safari/604.1" "ysfine.com"
51.222.253.4 - - [12/Nov/2022:20:24:55 -0800] "GET /yspapers/emcbirth77c.jpg HTTP/1.1" 200 27922 "-" "Mozilla/5.0 (compatible; AhrefsBot/7.0; +http://ahrefs.com/robot/)" "ysfine.com"
51.222.253.8 - - [12/Nov/2022:20:25:00 -0800] "GET /wisdom/wk01.html HTTP/1.1" 200 88106 "-" "Mozilla/5.0 (compatible; AhrefsBot/7.0; +http://ahrefs.com/robot/)" "ysfine.com"
51.222.253.17 - - [12/Nov/2022:20:25:00 -0800] "GET /yspapers/cover22c.jpg HTTP/1.1" 200 27008 "-" "Mozilla/5.0 (compatible; AhrefsBot/7.0; +http://ahrefs.com/robot/)" "ysfine.com"
51.222.253.13 - - [12/Nov/2022:20:25:06 -0800] "GET /yspapers/psphere11c.jpg HTTP/1.1" 200 29352 "-" "Mozilla/5.0 (compatible; AhrefsBot/7.0; +http://ahrefs.com/robot/)" "ysfine.com"
51.222.253.9 - - [12/Nov/2022:20:25:11 -0800] "GET /yspapers/einbohr55c.jpg HTTP/1.1" 200 34145 "-" "Mozilla/5.0 (compatible; AhrefsBot/7.0; +http://ahrefs.com/robot/)" "ysfine.com"
51.222.253.11 - - [12/Nov/2022:20:25:17 -0800] "GET /yspapers/parton66f.jpg HTTP/1.1" 200 85165 "-" "Mozilla/5.0 (compatible; AhrefsBot/7.0; +http://ahrefs.com/robot/)" "ysfine.com"
13.67.224.14 - - [12/Nov/2022:20:25:19 -0800] "GET /eink/wigkim11d.jpg HTTP/1.1" 200 51892 "https://ysfine.com/eink" "Mozilla/5.0 (Windows NT 10.0; Win64; x64) AppleWebKit/537.36 (KHTML, like Gecko) Chrome/74.0.3729.157 Safari/537.36" "ysfine.com"
51.222.253.3 - - [12/Nov/2022:20:25:24 -0800] "GET /yspapers/isomor77f.jpg HTTP/1.1" 200 76971 "-" "Mozilla/5.0 (compatible; AhrefsBot/7.0; +http://ahrefs.com/robot/)" "ysfine.com"
51.222.253.2 - - [12/Nov/2022:20:25:31 -0800] "GET /yspapers/wsj21c.jpg HTTP/1.1" 200 39468 "-" "Mozilla/5.0 (compatible; AhrefsBot/7.0; +http://ahrefs.com/robot/)" "ysfine.com"
216.244.66.229 - - [12/Nov/2022:20:25:36 -0800] "GET /ffriends/belgi01.jpg HTTP/1.1" 200 215393 "-" "Mozilla/5.0 (compatible; DotBot/1.2; +https://opensiteexplorer.org/dotbot; help@moz.com)" "ysfine.com"
49.186.164.99 - - [12/Nov/2022:20:26:26 -0800] "GET /apple-touch-icon.png HTTP/1.1" 404 88 "-" "DuckDuckGo/5 (com.duckduckgo.mobile.android; Android API 30)" "www.ysfine.com"
49.186.164.99 - - [12/Nov/2022:20:26:26 -0800] "GET /favicon.ico HTTP/1.1" 404 88 "-" "DuckDuckGo/5 (com.duckduckgo.mobile.android; Android API 30)" "www.ysfine.com"
3.145.205.103 - - [12/Nov/2022:20:27:16 -0800] "GET /style/chopingr22.jpg HTTP/1.1" 200 59814 "https://www.google.com/" "Mozilla/5.0 (Windows NT 10.0; Win64; x64) AppleWebKit/537.36 (KHTML, like Gecko) Chrome/107.0.0.0 Safari/537.36" "ysfine.com"
157.55.39.6 - - [12/Nov/2022:20:27:53 -0800] "GET /bio/maga/galileo.html HTTP/1.1" 404 88 "-" "Mozilla/5.0 (compatible; bingbot/2.0; +http://www.bing.com/bingbot.htm)" "ysfine.com"
157.55.39.6 - - [12/Nov/2022:20:28:02 -0800] "GET /bio/einstein/bern.html HTTP/1.1" 404 88 "-" "Mozilla/5.0 (compatible; bingbot/2.0; +http://www.bing.com/bingbot.htm)" "ysfine.com"
20.12.191.74 - - [12/Nov/2022:20:28:26 -0800] "GET /world/brit/oxlon03b.jpg HTTP/1.1" 200 49441 "http://ysfine.com/world/brit" "Mozilla/5.0 (Macintosh; Intel Mac OS X 10_11_6) AppleWebKit/605.1.15 (KHTML, like Gecko) Version/11.1.2 Safari/605.1.15" "ysfine.com"
157.55.39.129 - - [12/Nov/2022:20:30:09 -0800] "GET /bio/kobak/soraech.html HTTP/1.1" 404 88 "-" "Mozilla/5.0 AppleWebKit/537.36 (KHTML, like Gecko; compatible; bingbot/2.0; +http://www.bing.com/bingbot.htm) Chrome/103.0.5060.134 Safari/537.36" "ysfine.com"
40.77.167.27 - - [12/Nov/2022:20:31:18 -0800] "GET /wigner/wigbot.html HTTP/1.1" 200 123 "-" "Mozilla/5.0 (compatible; bingbot/2.0; +http://www.bing.com/bingbot.htm)" "ysfine.com"
71.178.208.102 - - [12/Nov/2022:20:32:55 -0800] "GET /ys11/ HTTP/1.1" 304 - "-" "Mozilla/5.0 (Windows NT 10.0; Win64; x64) AppleWebKit/537.36 (KHTML, like Gecko) Chrome/107.0.0.0 Safari/537.36 Edg/107.0.1418.42" "ysfine.com"
71.178.208.102 - - [12/Nov/2022:20:32:55 -0800] "GET /favicon.ico HTTP/1.1" 404 88 "https://ysfine.com/ys11/" "Mozilla/5.0 (Windows NT 10.0; Win64; x64) AppleWebKit/537.36 (KHTML, like Gecko) Chrome/107.0.0.0 Safari/537.36 Edg/107.0.1418.42" "ysfine.com"
71.178.208.102 - - [12/Nov/2022:20:32:58 -0800] "GET /bio.html HTTP/1.1" 304 - "https://ysfine.com/ys11/" "Mozilla/5.0 (Windows NT 10.0; Win64; x64) AppleWebKit/537.36 (KHTML, like Gecko) Chrome/107.0.0.0 Safari/537.36 Edg/107.0.1418.42" "ysfine.com"
71.178.208.102 - - [12/Nov/2022:20:33:02 -0800] "GET /home/sing.html HTTP/1.1" 304 - "https://ysfine.com/bio.html" "Mozilla/5.0 (Windows NT 10.0; Win64; x64) AppleWebKit/537.36 (KHTML, like Gecko) Chrome/107.0.0.0 Safari/537.36 Edg/107.0.1418.42" "ysfine.com"
154.16.105.27 - - [12/Nov/2022:20:33:24 -0800] "GET /wp-login.php HTTP/1.1" 404 88 "-" "Mozilla/5.0 (Windows NT 10.0; Win64; x64) AppleWebKit/537.36 (KHTML, like Gecko) Chrome/91.0.4472.124 Safari/537.36" "ysfine.com"
71.178.208.102 - - [12/Nov/2022:20:33:35 -0800] "GET /home/more.html HTTP/1.1" 304 - "https://ysfine.com/home/sing.html" "Mozilla/5.0 (Windows NT 10.0; Win64; x64) AppleWebKit/537.36 (KHTML, like Gecko) Chrome/107.0.0.0 Safari/537.36 Edg/107.0.1418.42" "ysfine.com"
185.191.171.8 - - [12/Nov/2022:20:34:09 -0800] "GET /einstein/bern.html HTTP/1.1" 200 8314 "-" "Mozilla/5.0 (compatible; SemrushBot/7~bl; +http://www.semrush.com/bot.html)" "ysfine.com"
216.244.66.229 - - [12/Nov/2022:20:34:22 -0800] "GET /wisdom/wk09.html HTTP/1.1" 200 78890 "-" "Mozilla/5.0 (compatible; DotBot/1.2; +https://opensiteexplorer.org/dotbot; help@moz.com)" "ysfine.com"
185.191.171.42 - - [12/Nov/2022:20:35:06 -0800] "GET /home/optics.html HTTP/1.1" 200 4947 "-" "Mozilla/5.0 (compatible; SemrushBot/7~bl; +http://www.semrush.com/bot.html)" "www.ysfine.com"
185.191.171.1 - - [12/Nov/2022:20:35:17 -0800] "GET /feynman/feykant.html HTTP/1.1" 200 3350 "-" "Mozilla/5.0 (compatible; SemrushBot/7~bl; +http://www.semrush.com/bot.html)" "www.ysfine.com"
40.77.51.81 - - [12/Nov/2022:20:36:13 -0800] "GET /princeton/butler99.jpg HTTP/1.1" 200 107223 "http://ysfine.com/princeton" "Mozilla/5.0 (X11; Linux x86_64) AppleWebKit/537.36 (KHTML, like Gecko) Chrome/74.0.3729.169 Safari/537.36" "ysfine.com"
207.46.13.134 - - [12/Nov/2022:20:36:59 -0800] "GET /bio/world/trier.html HTTP/1.1" 404 88 "-" "Mozilla/5.0 (compatible; bingbot/2.0; +http://www.bing.com/bingbot.htm)" "ysfine.com"
71.178.208.102 - - [12/Nov/2022:20:37:30 -0800] "GET /home/index.html HTTP/1.1" 304 - "-" "Mozilla/5.0 (Windows NT 10.0; Win64; x64; rv:106.0) Gecko/20100101 Firefox/106.0" "www.ysfine.com"
71.178.208.102 - - [12/Nov/2022:20:37:30 -0800] "GET /home/hmtop.html HTTP/1.1" 304 - "https://www.ysfine.com/home/index.html" "Mozilla/5.0 (Windows NT 10.0; Win64; x64; rv:106.0) Gecko/20100101 Firefox/106.0" "www.ysfine.com"
71.178.208.102 - - [12/Nov/2022:20:37:30 -0800] "GET /home/hmrigh.html HTTP/1.1" 200 4209 "https://www.ysfine.com/home/hmbot.html" "Mozilla/5.0 (Windows NT 10.0; Win64; x64; rv:106.0) Gecko/20100101 Firefox/106.0" "www.ysfine.com"
71.178.208.102 - - [12/Nov/2022:20:37:30 -0800] "GET /home/hmleft.html HTTP/1.1" 304 - "https://www.ysfine.com/home/hmbot.html" "Mozilla/5.0 (Windows NT 10.0; Win64; x64; rv:106.0) Gecko/20100101 Firefox/106.0" "www.ysfine.com"
71.178.208.102 - - [12/Nov/2022:20:37:30 -0800] "GET /home/facu63c.jpg HTTP/1.1" 200 41710 "https://www.ysfine.com/home/hmrigh.html" "Mozilla/5.0 (Windows NT 10.0; Win64; x64; rv:106.0) Gecko/20100101 Firefox/106.0" "www.ysfine.com"
71.178.208.102 - - [12/Nov/2022:20:37:30 -0800] "GET /awards/eward55a.jpg HTTP/1.1" 200 85213 "https://www.ysfine.com/home/hmrigh.html" "Mozilla/5.0 (Windows NT 10.0; Win64; x64; rv:106.0) Gecko/20100101 Firefox/106.0" "www.ysfine.com"
71.178.208.102 - - [12/Nov/2022:20:37:30 -0800] "GET /home/top21c.jpg HTTP/1.1" 200 53120 "https://www.ysfine.com/home/hmrigh.html" "Mozilla/5.0 (Windows NT 10.0; Win64; x64; rv:106.0) Gecko/20100101 Firefox/106.0" "www.ysfine.com"
71.178.208.102 - - [12/Nov/2022:20:37:30 -0800] "GET /home/comet50a.jpg HTTP/1.1" 200 52015 "https://www.ysfine.com/home/hmrigh.html" "Mozilla/5.0 (Windows NT 10.0; Win64; x64; rv:106.0) Gecko/20100101 Firefox/106.0" "www.ysfine.com"
71.178.208.102 - - [12/Nov/2022:20:37:30 -0800] "GET /home/socrates55c.jpg HTTP/1.1" 200 36471 "https://www.ysfine.com/home/hmrigh.html" "Mozilla/5.0 (Windows NT 10.0; Win64; x64; rv:106.0) Gecko/20100101 Firefox/106.0" "www.ysfine.com"
71.178.208.102 - - [12/Nov/2022:20:37:30 -0800] "GET /home/tollwig11c.jpg HTTP/1.1" 200 28199 "https://www.ysfine.com/home/hmrigh.html" "Mozilla/5.0 (Windows NT 10.0; Win64; x64; rv:106.0) Gecko/20100101 Firefox/106.0" "www.ysfine.com"
71.178.208.102 - - [12/Nov/2022:20:37:30 -0800] "GET /home/think55c.jpg HTTP/1.1" 200 37438 "https://www.ysfine.com/home/hmrigh.html" "Mozilla/5.0 (Windows NT 10.0; Win64; x64; rv:106.0) Gecko/20100101 Firefox/106.0" "www.ysfine.com"
71.178.208.102 - - [12/Nov/2022:20:37:30 -0800] "GET /home/eink/einhaus11c.jpg HTTP/1.1" 404 88 "https://www.ysfine.com/home/hmrigh.html" "Mozilla/5.0 (Windows NT 10.0; Win64; x64; rv:106.0) Gecko/20100101 Firefox/106.0" "www.ysfine.com"
71.178.208.102 - - [12/Nov/2022:20:37:30 -0800] "GET /home/coke300.jpg HTTP/1.1" 200 50941 "https://www.ysfine.com/home/hmrigh.html" "Mozilla/5.0 (Windows NT 10.0; Win64; x64; rv:106.0) Gecko/20100101 Firefox/106.0" "www.ysfine.com"
71.178.208.102 - - [12/Nov/2022:20:37:30 -0800] "GET /eink/eink54a.jpg HTTP/1.1" 200 79717 "https://www.ysfine.com/home/hmrigh.html" "Mozilla/5.0 (Windows NT 10.0; Win64; x64; rv:106.0) Gecko/20100101 Firefox/106.0" "www.ysfine.com"
71.178.208.102 - - [12/Nov/2022:20:37:30 -0800] "GET /home/kobak/taylor33c.jpg HTTP/1.1" 404 88 "https://www.ysfine.com/home/hmrigh.html" "Mozilla/5.0 (Windows NT 10.0; Win64; x64; rv:106.0) Gecko/20100101 Firefox/106.0" "www.ysfine.com"
71.178.208.102 - - [12/Nov/2022:20:37:30 -0800] "GET /home/eink/einhaus33c.jpg HTTP/1.1" 404 88 "https://www.ysfine.com/home/hmrigh.html" "Mozilla/5.0 (Windows NT 10.0; Win64; x64; rv:106.0) Gecko/20100101 Firefox/106.0" "www.ysfine.com"
157.55.39.129 - - [12/Nov/2022:20:37:40 -0800] "GET /bio/eink/buythisbook.html HTTP/1.1" 404 88 "-" "Mozilla/5.0 AppleWebKit/537.36 (KHTML, like Gecko; compatible; bingbot/2.0; +http://www.bing.com/bingbot.htm) Chrome/103.0.5060.134 Safari/537.36" "ysfine.com"
47.242.116.76 - - [12/Nov/2022:20:37:47 -0800] "GET /style/3graces/indilis01.jpg HTTP/1.1" 200 415747 "-" "Mozilla/5.0 (X11; Ubuntu; Linux x86_64; rv:72.0) Gecko/20100101 Firefox/72.0" "ysfine.com"
47.242.116.76 - - [12/Nov/2022:20:37:54 -0800] "GET /style/3graces/indilis01.jpg HTTP/1.1" 200 415747 "-" "Mozilla/5.0 (X11; Ubuntu; Linux x86_64; rv:72.0) Gecko/20100101 Firefox/72.0" "ysfine.com"
207.46.13.134 - - [12/Nov/2022:20:37:59 -0800] "GET /bio/style/ystyle.html HTTP/1.1" 404 88 "-" "Mozilla/5.0 AppleWebKit/537.36 (KHTML, like Gecko; compatible; bingbot/2.0; +http://www.bing.com/bingbot.htm) Chrome/103.0.5060.134 Safari/537.36" "ysfine.com"
47.242.116.76 - - [12/Nov/2022:20:37:59 -0800] "GET /style/3graces/indilis01.jpg HTTP/1.1" 200 415747 "-" "Mozilla/5.0 (X11; Ubuntu; Linux x86_64; rv:72.0) Gecko/20100101 Firefox/72.0" "ysfine.com"
47.242.116.76 - - [12/Nov/2022:20:38:14 -0800] "GET /style/3graces/indilis01.jpg HTTP/1.1" 200 415747 "-" "Mozilla/5.0 (X11; Ubuntu; Linux x86_64; rv:72.0) Gecko/20100101 Firefox/72.0" "ysfine.com"
47.242.116.76 - - [12/Nov/2022:20:38:39 -0800] "GET /style/3graces/indilis01.jpg HTTP/1.1" 200 415747 "-" "Mozilla/5.0 (X11; Ubuntu; Linux x86_64; rv:72.0) Gecko/20100101 Firefox/72.0" "ysfine.com"
71.178.208.102 - - [12/Nov/2022:20:38:41 -0800] "GET /einstein/newtwig11f.jpg HTTP/1.1" 200 75618 "https://www.ysfine.com/einstein/further.html" "Mozilla/5.0 (Windows NT 10.0; Win64; x64; rv:106.0) Gecko/20100101 Firefox/106.0" "www.ysfine.com"
71.178.208.102 - - [12/Nov/2022:20:38:41 -0800] "GET /eink/pwk19c.jpg HTTP/1.1" 200 57759 "https://www.ysfine.com/einstein/further.html" "Mozilla/5.0 (Windows NT 10.0; Win64; x64; rv:106.0) Gecko/20100101 Firefox/106.0" "www.ysfine.com"
71.178.208.102 - - [12/Nov/2022:20:38:41 -0800] "GET /einstein/ewk86f.jpg HTTP/1.1" 200 127172 "https://www.ysfine.com/einstein/further.html" "Mozilla/5.0 (Windows NT 10.0; Win64; x64; rv:106.0) Gecko/20100101 Firefox/106.0" "www.ysfine.com"
71.178.208.102 - - [12/Nov/2022:20:38:43 -0800] "GET /einstein/eward33.jpg HTTP/1.1" 200 102621 "https://www.ysfine.com/einstein/further.html" "Mozilla/5.0 (Windows NT 10.0; Win64; x64; rv:106.0) Gecko/20100101 Firefox/106.0" "www.ysfine.com"
71.178.208.102 - - [12/Nov/2022:20:38:57 -0800] "GET /ys11/ HTTP/1.1" 200 3416 "-" "Mozilla/5.0 (Windows NT 10.0; Win64; x64) AppleWebKit/537.36 (KHTML, like Gecko) Chrome/107.0.0.0 Safari/537.36" "ysfine.com"
71.178.208.102 - - [12/Nov/2022:20:38:58 -0800] "GET /favicon.ico HTTP/1.1" 404 88 "https://ysfine.com/ys11/" "Mozilla/5.0 (Windows NT 10.0; Win64; x64) AppleWebKit/537.36 (KHTML, like Gecko) Chrome/107.0.0.0 Safari/537.36" "ysfine.com"
47.242.116.76 - - [12/Nov/2022:20:38:58 -0800] "GET /style/3graces/indilis01.jpg HTTP/1.1" 200 415747 "-" "Mozilla/5.0 (X11; Ubuntu; Linux x86_64; rv:72.0) Gecko/20100101 Firefox/72.0" "ysfine.com"
20.12.191.73 - - [12/Nov/2022:20:39:14 -0800] "GET /world/china/china003b.jpg HTTP/1.1" 200 37220 "http://ysfine.com/world/china" "Mozilla/5.0 (iPhone; CPU iPhone OS 13_5_1 like Mac OS X) AppleWebKit/605.1.15 (KHTML, like Gecko) Version/13.1.1 Mobile/15E148 Safari/604.1" "ysfine.com"
104.193.170.27 - - [12/Nov/2022:20:39:37 -0800] "GET /yspapers/illusf.pdf HTTP/1.1" 200 89766 "https://www.google.com/" "Mozilla/5.0 (iPad; CPU OS 15_7 like Mac OS X) AppleWebKit/605.1.15 (KHTML, like Gecko) Version/15.7 Mobile/15E148 Safari/604.1 OPT/3.3.8" "ysfine.com"
104.193.170.27 - - [12/Nov/2022:20:39:38 -0800] "GET /favicon.ico HTTP/1.1" 404 88 "-" "Opera/3 CFNetwork/1335.0.3 Darwin/21.6.0" "ysfine.com"
71.178.208.102 - - [12/Nov/2022:20:40:52 -0800] "GET /favicon.ico HTTP/1.1" 404 88 "https://ysfine.com/ys11/" "Mozilla/5.0 (Windows NT 10.0; Win64; x64) AppleWebKit/537.36 (KHTML, like Gecko) Chrome/107.0.0.0 Safari/537.36" "ysfine.com"
104.193.170.27 - - [12/Nov/2022:20:41:41 -0800] "GET /favicon.ico HTTP/1.1" 404 88 "-" "Opera/3 CFNetwork/1335.0.3 Darwin/21.6.0" "ysfine.com"
104.193.170.27 - - [12/Nov/2022:20:41:52 -0800] "GET /favicon.ico HTTP/1.1" 404 88 "-" "Opera/3 CFNetwork/1335.0.3 Darwin/21.6.0" "ysfine.com"
104.193.170.27 - - [12/Nov/2022:20:41:52 -0800] "GET /favicon.ico HTTP/1.1" 404 88 "-" "Opera/3 CFNetwork/1335.0.3 Darwin/21.6.0" "ysfine.com"
76.149.208.143 - - [12/Nov/2022:20:44:46 -0800] "GET /favicon.ico HTTP/1.1" 404 88 "-" "Mozilla/5.0 (X11; Linux x86_64; rv:102.0) Gecko/20100101 Goanna/5.2 Firefox/102.0 PaleMoon/31.3.1" "ysfine.com"
76.149.208.143 - - [12/Nov/2022:20:44:46 -0800] "GET /favicon.ico HTTP/1.1" 404 88 "-" "Mozilla/5.0 (X11; Linux x86_64; rv:102.0) Gecko/20100101 Goanna/5.2 Firefox/102.0 PaleMoon/31.3.1" "ysfine.com"
54.36.148.1 - - [12/Nov/2022:20:45:06 -0800] "GET /robots.txt HTTP/1.1" 404 88 "-" "Mozilla/5.0 (compatible; AhrefsBot/7.0; +http://ahrefs.com/robot/)" "ysfine.com"
51.222.253.7 - - [12/Nov/2022:20:45:07 -0800] "GET /bio05.html HTTP/1.1" 200 14665 "-" "Mozilla/5.0 (compatible; AhrefsBot/7.0; +http://ahrefs.com/robot/)" "ysfine.com"
103.137.204.222 - - [12/Nov/2022:20:45:10 -0800] "GET /maga/phys/schrod11.jpg HTTP/1.1" 200 107958 "https://ph.images.search.yahoo.com/search/images;_ylt=AwrPpapKdnBjC781dwCzRwx.;_ylu=Y29sbwNzZzMEcG9zAzEEdnRpZAMEc2VjA3BpdnM-?p=erwin+schrodinger&fr2=piv-web&type=E210PH714G91677&fr=mcafee" "Mozilla/5.0 (Windows NT 10.0; Win64; x64) AppleWebKit/537.36 (KHTML, like Gecko) Chrome/107.0.0.0 Safari/537.36" "ysfine.com"
71.178.208.102 - - [12/Nov/2022:20:45:37 -0800] "GET /bio10.html HTTP/1.1" 304 - "https://ysfine.com/ys11/" "Mozilla/5.0 (Windows NT 10.0; Win64; x64) AppleWebKit/537.36 (KHTML, like Gecko) Chrome/107.0.0.0 Safari/537.36" "ysfine.com"
71.178.208.102 - - [12/Nov/2022:20:45:41 -0800] "GET /awards/index.html HTTP/1.1" 200 10083 "https://ysfine.com/bio10.html" "Mozilla/5.0 (Windows NT 10.0; Win64; x64) AppleWebKit/537.36 (KHTML, like Gecko) Chrome/107.0.0.0 Safari/537.36" "ysfine.com"
71.178.208.102 - - [12/Nov/2022:20:45:42 -0800] "GET /awards/ewk88d.jpg HTTP/1.1" 304 - "https://ysfine.com/awards/index.html" "Mozilla/5.0 (Windows NT 10.0; Win64; x64) AppleWebKit/537.36 (KHTML, like Gecko) Chrome/107.0.0.0 Safari/537.36" "ysfine.com"
71.178.208.102 - - [12/Nov/2022:20:45:42 -0800] "GET /awards/ysnr11d.jpg HTTP/1.1" 200 61140 "https://ysfine.com/awards/index.html" "Mozilla/5.0 (Windows NT 10.0; Win64; x64) AppleWebKit/537.36 (KHTML, like Gecko) Chrome/107.0.0.0 Safari/537.36" "ysfine.com"
71.178.208.102 - - [12/Nov/2022:20:45:42 -0800] "GET /awards/bridge22f.jpg HTTP/1.1" 304 - "https://ysfine.com/awards/index.html" "Mozilla/5.0 (Windows NT 10.0; Win64; x64) AppleWebKit/537.36 (KHTML, like Gecko) Chrome/107.0.0.0 Safari/537.36" "ysfine.com"
71.178.208.102 - - [12/Nov/2022:20:45:42 -0800] "GET /ysbio/marquis/marq12d.jpg HTTP/1.1" 404 88 "https://ysfine.com/awards/index.html" "Mozilla/5.0 (Windows NT 10.0; Win64; x64) AppleWebKit/537.36 (KHTML, like Gecko) Chrome/107.0.0.0 Safari/537.36" "ysfine.com"
71.178.208.102 - - [12/Nov/2022:20:45:42 -0800] "GET /awards/wsj21f.jpg HTTP/1.1" 304 - "https://ysfine.com/awards/index.html" "Mozilla/5.0 (Windows NT 10.0; Win64; x64) AppleWebKit/537.36 (KHTML, like Gecko) Chrome/107.0.0.0 Safari/537.36" "ysfine.com"
71.178.208.102 - - [12/Nov/2022:20:45:42 -0800] "GET /awards/feygell01d.jpg HTTP/1.1" 304 - "https://ysfine.com/awards/index.html" "Mozilla/5.0 (Windows NT 10.0; Win64; x64) AppleWebKit/537.36 (KHTML, like Gecko) Chrome/107.0.0.0 Safari/537.36" "ysfine.com"
71.178.208.102 - - [12/Nov/2022:20:45:42 -0800] "GET /awards/einbohr25d.jpg HTTP/1.1" 304 - "https://ysfine.com/awards/index.html" "Mozilla/5.0 (Windows NT 10.0; Win64; x64) AppleWebKit/537.36 (KHTML, like Gecko) Chrome/107.0.0.0 Safari/537.36" "ysfine.com"
71.178.208.102 - - [12/Nov/2022:20:45:42 -0800] "GET /awards/truck20d.jpg HTTP/1.1" 304 - "https://ysfine.com/awards/index.html" "Mozilla/5.0 (Windows NT 10.0; Win64; x64) AppleWebKit/537.36 (KHTML, like Gecko) Chrome/107.0.0.0 Safari/537.36" "ysfine.com"
71.178.208.102 - - [12/Nov/2022:20:45:42 -0800] "GET /home/yspr61d.jpg HTTP/1.1" 200 64126 "https://ysfine.com/awards/index.html" "Mozilla/5.0 (Windows NT 10.0; Win64; x64) AppleWebKit/537.36 (KHTML, like Gecko) Chrome/107.0.0.0 Safari/537.36" "ysfine.com"
71.178.208.102 - - [12/Nov/2022:20:45:42 -0800] "GET /awards/acs55f.jpg HTTP/1.1" 304 - "https://ysfine.com/awards/index.html" "Mozilla/5.0 (Windows NT 10.0; Win64; x64) AppleWebKit/537.36 (KHTML, like Gecko) Chrome/107.0.0.0 Safari/537.36" "ysfine.com"
71.178.208.102 - - [12/Nov/2022:20:45:42 -0800] "GET /kobak/taylor400.jpg HTTP/1.1" 304 - "https://ysfine.com/awards/index.html" "Mozilla/5.0 (Windows NT 10.0; Win64; x64) AppleWebKit/537.36 (KHTML, like Gecko) Chrome/107.0.0.0 Safari/537.36" "ysfine.com"
71.178.208.102 - - [12/Nov/2022:20:45:42 -0800] "GET /awards/acs20f.jpg HTTP/1.1" 304 - "https://ysfine.com/awards/index.html" "Mozilla/5.0 (Windows NT 10.0; Win64; x64) AppleWebKit/537.36 (KHTML, like Gecko) Chrome/107.0.0.0 Safari/537.36" "ysfine.com"
71.178.208.102 - - [12/Nov/2022:20:45:42 -0800] "GET /awards/marq/marq22f.jpg HTTP/1.1" 304 - "https://ysfine.com/awards/index.html" "Mozilla/5.0 (Windows NT 10.0; Win64; x64) AppleWebKit/537.36 (KHTML, like Gecko) Chrome/107.0.0.0 Safari/537.36" "ysfine.com"
71.178.208.102 - - [12/Nov/2022:20:45:42 -0800] "GET /awards/marq/hemis21f.jpg HTTP/1.1" 304 - "https://ysfine.com/awards/index.html" "Mozilla/5.0 (Windows NT 10.0; Win64; x64) AppleWebKit/537.36 (KHTML, like Gecko) Chrome/107.0.0.0 Safari/537.36" "ysfine.com"
71.178.208.102 - - [12/Nov/2022:20:45:42 -0800] "GET /awards/top100d.jpg HTTP/1.1" 304 - "https://ysfine.com/awards/index.html" "Mozilla/5.0 (Windows NT 10.0; Win64; x64) AppleWebKit/537.36 (KHTML, like Gecko) Chrome/107.0.0.0 Safari/537.36" "ysfine.com"
71.178.208.102 - - [12/Nov/2022:20:45:42 -0800] "GET /awards/fortune21f.jpg HTTP/1.1" 304 - "https://ysfine.com/awards/index.html" "Mozilla/5.0 (Windows NT 10.0; Win64; x64) AppleWebKit/537.36 (KHTML, like Gecko) Chrome/107.0.0.0 Safari/537.36" "ysfine.com"
71.178.208.102 - - [12/Nov/2022:20:45:42 -0800] "GET /awards/timeline11f.jpg HTTP/1.1" 304 - "https://ysfine.com/awards/index.html" "Mozilla/5.0 (Windows NT 10.0; Win64; x64) AppleWebKit/537.36 (KHTML, like Gecko) Chrome/107.0.0.0 Safari/537.36" "ysfine.com"
71.178.208.102 - - [12/Nov/2022:20:45:42 -0800] "GET /awards/acs96f.jpg HTTP/1.1" 304 - "https://ysfine.com/awards/index.html" "Mozilla/5.0 (Windows NT 10.0; Win64; x64) AppleWebKit/537.36 (KHTML, like Gecko) Chrome/107.0.0.0 Safari/537.36" "ysfine.com"
71.178.208.102 - - [12/Nov/2022:20:45:42 -0800] "GET /awards/whoswho22f.jpg HTTP/1.1" 304 - "https://ysfine.com/awards/index.html" "Mozilla/5.0 (Windows NT 10.0; Win64; x64) AppleWebKit/537.36 (KHTML, like Gecko) Chrome/107.0.0.0 Safari/537.36" "ysfine.com"
71.178.208.102 - - [12/Nov/2022:20:45:42 -0800] "GET /awards/timessq11d.jpg HTTP/1.1" 304 - "https://ysfine.com/awards/index.html" "Mozilla/5.0 (Windows NT 10.0; Win64; x64) AppleWebKit/537.36 (KHTML, like Gecko) Chrome/107.0.0.0 Safari/537.36" "ysfine.com"
71.178.208.102 - - [12/Nov/2022:20:45:42 -0800] "GET /awards/eward33f.jpg HTTP/1.1" 304 - "https://ysfine.com/awards/index.html" "Mozilla/5.0 (Windows NT 10.0; Win64; x64) AppleWebKit/537.36 (KHTML, like Gecko) Chrome/107.0.0.0 Safari/537.36" "ysfine.com"
174.249.184.221 - - [12/Nov/2022:20:47:35 -0800] "GET /style/tatiana11.jpg HTTP/1.1" 200 146910 "https://www.google.com/" "Mozilla/5.0 (Linux; Android 12) AppleWebKit/537.36 (KHTML, like Gecko) Chrome/107.0.0.0 Mobile Safari/537.36" "ysfine.com"
51.222.253.4 - - [12/Nov/2022:20:47:40 -0800] "GET /bio06.html HTTP/1.1" 200 6862 "-" "Mozilla/5.0 (compatible; AhrefsBot/7.0; +http://ahrefs.com/robot/)" "ysfine.com"
185.191.171.42 - - [12/Nov/2022:20:48:17 -0800] "GET /wisdom/wk03.html HTTP/1.1" 200 85378 "-" "Mozilla/5.0 (compatible; SemrushBot/7~bl; +http://www.semrush.com/bot.html)" "www.ysfine.com"
187.188.79.3 - - [12/Nov/2022:20:48:55 -0800] "GET /maga/phil/conic01.jpg HTTP/1.1" 200 70533 "https://www.bing.com/" "Mozilla/5.0 (Windows NT 10.0; Win64; x64) AppleWebKit/537.36 (KHTML, like Gecko) Chrome/107.0.0.0 Safari/537.36 Edg/107.0.1418.35" "www.ysfine.com"
51.222.253.9 - - [12/Nov/2022:20:50:08 -0800] "GET /bio07.html HTTP/1.1" 200 5117 "-" "Mozilla/5.0 (compatible; AhrefsBot/7.0; +http://ahrefs.com/robot/)" "ysfine.com"
65.213.241.2 - - [12/Nov/2022:20:50:46 -0800] "GET /wdc/wasmap11.jpg HTTP/1.1" 200 90827 "https://www.google.com/" "Mozilla/5.0 (Linux; Android 13; SM-S906U Build/TP1A.220624.014; wv) AppleWebKit/537.36 (KHTML, like Gecko) Version/4.0 Chrome/107.0.5304.105 Mobile Safari/537.36 GoogleApp/13.43.18.26.arm64" "ysfine.com"
118.184.177.52 - - [12/Nov/2022:20:51:39 -0800] "GET / HTTP/1.1" 200 5283 "-" "Sogou web spider/4.0(+http://www.sogou.com/docs/help/webmasters.htm#07)" "ysfine.com"
150.221.178.17 - - [12/Nov/2022:20:51:54 -0800] "GET /wdc/usna14.jpg HTTP/1.1" 200 98975 "https://www.google.com/" "Mozilla/5.0 (iPhone; CPU iPhone OS 15_6_1 like Mac OS X) AppleWebKit/605.1.15 (KHTML, like Gecko) Version/15.6.1 Mobile/15E148 Safari/604.1" "ysfine.com"
51.222.253.18 - - [12/Nov/2022:20:52:56 -0800] "GET /bio08.html HTTP/1.1" 200 10643 "-" "Mozilla/5.0 (compatible; AhrefsBot/7.0; +http://ahrefs.com/robot/)" "ysfine.com"
66.249.66.218 - - [12/Nov/2022:20:53:25 -0800] "GET /dongio/soldiers.html HTTP/1.1" 404 88 "-" "Mozilla/5.0 (Linux; Android 6.0.1; Nexus 5X Build/MMB29P) AppleWebKit/537.36 (KHTML, like Gecko) Chrome/107.0.5304.110 Mobile Safari/537.36 (compatible; Googlebot/2.1; +http://www.google.com/bot.html)" "www.ysfine.com"
66.249.66.214 - - [12/Nov/2022:20:53:28 -0800] "GET /dongio/soldiers.html HTTP/1.1" 404 88 "-" "Mozilla/5.0 (compatible; Googlebot/2.1; +http://www.google.com/bot.html)" "www.ysfine.com"
216.244.66.229 - - [12/Nov/2022:20:53:38 -0800] "GET /robots.txt HTTP/1.1" 404 73 "-" "Mozilla/5.0 (compatible; DotBot/1.2; +https://opensiteexplorer.org/dotbot; help@moz.com)" "ysfine.com"
207.46.13.134 - - [12/Nov/2022:20:54:40 -0800] "GET /bio/einstein/einkant.html HTTP/1.1" 404 88 "-" "Mozilla/5.0 AppleWebKit/537.36 (KHTML, like Gecko; compatible; bingbot/2.0; +http://www.bing.com/bingbot.htm) Chrome/103.0.5060.134 Safari/537.36" "ysfine.com"
207.46.13.134 - - [12/Nov/2022:20:55:01 -0800] "GET /bio/houses/christmas.html HTTP/1.1" 404 88 "-" "Mozilla/5.0 (compatible; bingbot/2.0; +http://www.bing.com/bingbot.htm)" "ysfine.com"
185.191.171.4 - - [12/Nov/2022:20:55:30 -0800] "GET /einstein/einchew.html HTTP/1.1" 200 4831 "-" "Mozilla/5.0 (compatible; SemrushBot/7~bl; +http://www.semrush.com/bot.html)" "www.ysfine.com"
51.222.253.8 - - [12/Nov/2022:20:55:38 -0800] "GET /einstein/storie.html HTTP/1.1" 404 88 "-" "Mozilla/5.0 (compatible; AhrefsBot/7.0; +http://ahrefs.com/robot/)" "ysfine.com"
185.191.171.6 - - [12/Nov/2022:20:56:47 -0800] "GET /robots.txt HTTP/1.1" 404 88 "-" "Mozilla/5.0 (compatible; SemrushBot/7~bl; +http://www.semrush.com/bot.html)" "ysfine.com"
185.191.171.18 - - [12/Nov/2022:20:56:50 -0800] "GET /style/beetho.html HTTP/1.1" 200 3228 "-" "Mozilla/5.0 (compatible; SemrushBot/7~bl; +http://www.semrush.com/bot.html)" "ysfine.com"
185.191.171.34 - - [12/Nov/2022:20:56:59 -0800] "GET /ysbio/bio06.html HTTP/1.1" 404 88 "-" "Mozilla/5.0 (compatible; SemrushBot/7~bl; +http://www.semrush.com/bot.html)" "ysfine.com"
157.55.39.76 - - [12/Nov/2022:20:57:10 -0800] "GET /bio/sbk/1950.html HTTP/1.1" 404 88 "-" "Mozilla/5.0 AppleWebKit/537.36 (KHTML, like Gecko; compatible; bingbot/2.0; +http://www.bing.com/bingbot.htm) Chrome/103.0.5060.134 Safari/537.36" "ysfine.com"
216.244.66.229 - - [12/Nov/2022:20:57:59 -0800] "GET /ffriends/amkor/amwash01.jpg HTTP/1.1" 200 181107 "-" "Mozilla/5.0 (compatible; DotBot/1.2; +https://opensiteexplorer.org/dotbot; help@moz.com)" "ysfine.com"
51.222.253.15 - - [12/Nov/2022:20:58:08 -0800] "GET /home/eink/index.html HTTP/1.1" 404 88 "-" "Mozilla/5.0 (compatible; AhrefsBot/7.0; +http://ahrefs.com/robot/)" "ysfine.com"
216.244.66.229 - - [12/Nov/2022:20:58:40 -0800] "GET /ffriends/amkor/princelon01.jpg HTTP/1.1" 200 115199 "-" "Mozilla/5.0 (compatible; DotBot/1.2; +https://opensiteexplorer.org/dotbot; help@moz.com)" "ysfine.com"
216.244.66.229 - - [12/Nov/2022:20:59:05 -0800] "GET /ffriends/aline/airfr11.jpg HTTP/1.1" 200 138736 "-" "Mozilla/5.0 (compatible; DotBot/1.2; +https://opensiteexplorer.org/dotbot; help@moz.com)" "ysfine.com"
157.55.39.129 - - [12/Nov/2022:20:59:32 -0800] "GET /bio/world/kalinin22.html HTTP/1.1" 404 88 "-" "Mozilla/5.0 AppleWebKit/537.36 (KHTML, like Gecko; compatible; bingbot/2.0; +http://www.bing.com/bingbot.htm) Chrome/103.0.5060.134 Safari/537.36" "ysfine.com"
216.244.66.229 - - [12/Nov/2022:20:59:35 -0800] "GET /ffriends/aline/northwes05.jpg HTTP/1.1" 200 169180 "-" "Mozilla/5.0 (compatible; DotBot/1.2; +https://opensiteexplorer.org/dotbot; help@moz.com)" "ysfine.com"
40.122.227.200 - - [12/Nov/2022:20:59:36 -0800] "GET /world/japan/nara005.jpg HTTP/1.1" 200 144132 "http://ysfine.com/world/japan" "Mozilla/5.0 (iPhone; CPU iPhone OS 13_5_1 like Mac OS X) AppleWebKit/605.1.15 (KHTML, like Gecko) Version/13.1.1 Mobile/15E148 Safari/604.1" "ysfine.com"
71.178.208.102 - - [12/Nov/2022:20:59:49 -0800] "GET /home/sing.html HTTP/1.1" 200 2923 "https://ysfine.com/bio.html" "Mozilla/5.0 (Windows NT 10.0; Win64; x64) AppleWebKit/537.36 (KHTML, like Gecko) Chrome/107.0.0.0 Safari/537.36 Edg/107.0.1418.42" "ysfine.com"
40.77.167.71 - - [12/Nov/2022:21:00:12 -0800] "GET /bio/feynman/feynbot.html HTTP/1.1" 404 88 "-" "Mozilla/5.0 (compatible; bingbot/2.0; +http://www.bing.com/bingbot.htm)" "ysfine.com"
