71.178.208.102 - - [13/Nov/2022:12:09:21 -0800] "GET /house99c.jpg HTTP/1.1" 404 88 "https://ysfine.com/bio10.html" "Mozilla/5.0 (Windows NT 10.0; Win64; x64) AppleWebKit/537.36 (KHTML, like Gecko) Chrome/107.0.0.0 Safari/537.36" "ysfine.com"
71.178.208.102 - - [13/Nov/2022:12:09:21 -0800] "GET /fig33/einbohr77f.jpg HTTP/1.1" 404 88 "https://ysfine.com/bio10.html" "Mozilla/5.0 (Windows NT 10.0; Win64; x64) AppleWebKit/537.36 (KHTML, like Gecko) Chrome/107.0.0.0 Safari/537.36" "ysfine.com"
71.178.208.102 - - [13/Nov/2022:12:09:21 -0800] "GET /tables/comet40f.jpg HTTP/1.1" 404 88 "https://ysfine.com/bio10.html" "Mozilla/5.0 (Windows NT 10.0; Win64; x64) AppleWebKit/537.36 (KHTML, like Gecko) Chrome/107.0.0.0 Safari/537.36" "ysfine.com"
71.178.208.102 - - [13/Nov/2022:12:09:21 -0800] "GET /tables/tab11f.jpg HTTP/1.1" 404 88 "https://ysfine.com/bio10.html" "Mozilla/5.0 (Windows NT 10.0; Win64; x64) AppleWebKit/537.36 (KHTML, like Gecko) Chrome/107.0.0.0 Safari/537.36" "ysfine.com"
71.178.208.102 - - [13/Nov/2022:12:09:27 -0800] "GET /tables/tab11f.jpg HTTP/1.1" 404 88 "https://ysfine.com/bio10.html" "Mozilla/5.0 (Windows NT 10.0; Win64; x64) AppleWebKit/537.36 (KHTML, like Gecko) Chrome/107.0.0.0 Safari/537.36" "ysfine.com"
71.178.208.102 - - [13/Nov/2022:12:09:27 -0800] "GET /kids20f.jpg HTTP/1.1" 404 88 "https://ysfine.com/bio10.html" "Mozilla/5.0 (Windows NT 10.0; Win64; x64) AppleWebKit/537.36 (KHTML, like Gecko) Chrome/107.0.0.0 Safari/537.36" "ysfine.com"
71.178.208.102 - - [13/Nov/2022:12:09:27 -0800] "GET /tables/comet40f.jpg HTTP/1.1" 404 88 "https://ysfine.com/bio10.html" "Mozilla/5.0 (Windows NT 10.0; Win64; x64) AppleWebKit/537.36 (KHTML, like Gecko) Chrome/107.0.0.0 Safari/537.36" "ysfine.com"
71.178.208.102 - - [13/Nov/2022:12:09:27 -0800] "GET /house99c.jpg HTTP/1.1" 404 88 "https://ysfine.com/bio10.html" "Mozilla/5.0 (Windows NT 10.0; Win64; x64) AppleWebKit/537.36 (KHTML, like Gecko) Chrome/107.0.0.0 Safari/537.36" "ysfine.com"
71.178.208.102 - - [13/Nov/2022:12:09:27 -0800] "GET /fig33/einbohr77f.jpg HTTP/1.1" 404 88 "https://ysfine.com/bio10.html" "Mozilla/5.0 (Windows NT 10.0; Win64; x64) AppleWebKit/537.36 (KHTML, like Gecko) Chrome/107.0.0.0 Safari/537.36" "ysfine.com"
71.178.208.102 - - [13/Nov/2022:12:09:27 -0800] "GET /family66f.jpg HTTP/1.1" 404 88 "https://ysfine.com/bio10.html" "Mozilla/5.0 (Windows NT 10.0; Win64; x64) AppleWebKit/537.36 (KHTML, like Gecko) Chrome/107.0.0.0 Safari/537.36" "ysfine.com"
71.178.208.102 - - [13/Nov/2022:12:09:27 -0800] "GET /tables/tab33f.jpg HTTP/1.1" 404 88 "https://ysfine.com/bio10.html" "Mozilla/5.0 (Windows NT 10.0; Win64; x64) AppleWebKit/537.36 (KHTML, like Gecko) Chrome/107.0.0.0 Safari/537.36" "ysfine.com"
71.178.208.102 - - [13/Nov/2022:12:09:27 -0800] "GET /gongdae54f.jpg HTTP/1.1" 404 88 "https://ysfine.com/bio10.html" "Mozilla/5.0 (Windows NT 10.0; Win64; x64) AppleWebKit/537.36 (KHTML, like Gecko) Chrome/107.0.0.0 Safari/537.36" "ysfine.com"
71.178.208.102 - - [13/Nov/2022:12:09:27 -0800] "GET /truck/truck18f.jpg HTTP/1.1" 404 88 "https://ysfine.com/bio10.html" "Mozilla/5.0 (Windows NT 10.0; Win64; x64) AppleWebKit/537.36 (KHTML, like Gecko) Chrome/107.0.0.0 Safari/537.36" "ysfine.com"
71.178.208.102 - - [13/Nov/2022:12:10:01 -0800] "GET /tables/tab11f.jpg HTTP/1.1" 404 88 "https://ysfine.com/bio10.html" "Mozilla/5.0 (Windows NT 10.0; Win64; x64) AppleWebKit/537.36 (KHTML, like Gecko) Chrome/107.0.0.0 Safari/537.36 Edg/107.0.1418.42" "ysfine.com"
71.178.208.102 - - [13/Nov/2022:12:10:01 -0800] "GET /fig33/einbohr77f.jpg HTTP/1.1" 404 88 "https://ysfine.com/bio10.html" "Mozilla/5.0 (Windows NT 10.0; Win64; x64) AppleWebKit/537.36 (KHTML, like Gecko) Chrome/107.0.0.0 Safari/537.36 Edg/107.0.1418.42" "ysfine.com"
71.178.208.102 - - [13/Nov/2022:12:10:01 -0800] "GET /gongdae54f.jpg HTTP/1.1" 404 88 "https://ysfine.com/bio10.html" "Mozilla/5.0 (Windows NT 10.0; Win64; x64) AppleWebKit/537.36 (KHTML, like Gecko) Chrome/107.0.0.0 Safari/537.36 Edg/107.0.1418.42" "ysfine.com"
71.178.208.102 - - [13/Nov/2022:12:10:01 -0800] "GET /tables/comet40f.jpg HTTP/1.1" 404 88 "https://ysfine.com/bio10.html" "Mozilla/5.0 (Windows NT 10.0; Win64; x64) AppleWebKit/537.36 (KHTML, like Gecko) Chrome/107.0.0.0 Safari/537.36 Edg/107.0.1418.42" "ysfine.com"
71.178.208.102 - - [13/Nov/2022:12:10:01 -0800] "GET /truck/truck18f.jpg HTTP/1.1" 404 88 "https://ysfine.com/bio10.html" "Mozilla/5.0 (Windows NT 10.0; Win64; x64) AppleWebKit/537.36 (KHTML, like Gecko) Chrome/107.0.0.0 Safari/537.36 Edg/107.0.1418.42" "ysfine.com"
71.178.208.102 - - [13/Nov/2022:12:10:01 -0800] "GET /tables/tab33f.jpg HTTP/1.1" 404 88 "https://ysfine.com/bio10.html" "Mozilla/5.0 (Windows NT 10.0; Win64; x64) AppleWebKit/537.36 (KHTML, like Gecko) Chrome/107.0.0.0 Safari/537.36 Edg/107.0.1418.42" "ysfine.com"
71.178.208.102 - - [13/Nov/2022:12:10:01 -0800] "GET /family66f.jpg HTTP/1.1" 404 88 "https://ysfine.com/bio10.html" "Mozilla/5.0 (Windows NT 10.0; Win64; x64) AppleWebKit/537.36 (KHTML, like Gecko) Chrome/107.0.0.0 Safari/537.36 Edg/107.0.1418.42" "ysfine.com"
71.178.208.102 - - [13/Nov/2022:12:10:01 -0800] "GET /house99c.jpg HTTP/1.1" 404 88 "https://ysfine.com/bio10.html" "Mozilla/5.0 (Windows NT 10.0; Win64; x64) AppleWebKit/537.36 (KHTML, like Gecko) Chrome/107.0.0.0 Safari/537.36 Edg/107.0.1418.42" "ysfine.com"
71.178.208.102 - - [13/Nov/2022:12:10:01 -0800] "GET /kids20f.jpg HTTP/1.1" 404 88 "https://ysfine.com/bio10.html" "Mozilla/5.0 (Windows NT 10.0; Win64; x64) AppleWebKit/537.36 (KHTML, like Gecko) Chrome/107.0.0.0 Safari/537.36 Edg/107.0.1418.42" "ysfine.com"
71.178.208.102 - - [13/Nov/2022:12:10:11 -0800] "GET /tables/tab11f.jpg HTTP/1.1" 404 88 "https://ysfine.com/bio10.html" "Mozilla/5.0 (Windows NT 10.0; Win64; x64) AppleWebKit/537.36 (KHTML, like Gecko) Chrome/107.0.0.0 Safari/537.36 Edg/107.0.1418.42" "ysfine.com"
71.178.208.102 - - [13/Nov/2022:12:10:11 -0800] "GET /fig33/einbohr77f.jpg HTTP/1.1" 404 88 "https://ysfine.com/bio10.html" "Mozilla/5.0 (Windows NT 10.0; Win64; x64) AppleWebKit/537.36 (KHTML, like Gecko) Chrome/107.0.0.0 Safari/537.36 Edg/107.0.1418.42" "ysfine.com"
71.178.208.102 - - [13/Nov/2022:12:10:11 -0800] "GET /tables/tab33f.jpg HTTP/1.1" 404 88 "https://ysfine.com/bio10.html" "Mozilla/5.0 (Windows NT 10.0; Win64; x64) AppleWebKit/537.36 (KHTML, like Gecko) Chrome/107.0.0.0 Safari/537.36 Edg/107.0.1418.42" "ysfine.com"
71.178.208.102 - - [13/Nov/2022:12:10:11 -0800] "GET /gongdae54f.jpg HTTP/1.1" 404 88 "https://ysfine.com/bio10.html" "Mozilla/5.0 (Windows NT 10.0; Win64; x64) AppleWebKit/537.36 (KHTML, like Gecko) Chrome/107.0.0.0 Safari/537.36 Edg/107.0.1418.42" "ysfine.com"
71.178.208.102 - - [13/Nov/2022:12:10:11 -0800] "GET /truck/truck18f.jpg HTTP/1.1" 404 88 "https://ysfine.com/bio10.html" "Mozilla/5.0 (Windows NT 10.0; Win64; x64) AppleWebKit/537.36 (KHTML, like Gecko) Chrome/107.0.0.0 Safari/537.36 Edg/107.0.1418.42" "ysfine.com"
71.178.208.102 - - [13/Nov/2022:12:10:11 -0800] "GET /house99c.jpg HTTP/1.1" 404 88 "https://ysfine.com/bio10.html" "Mozilla/5.0 (Windows NT 10.0; Win64; x64) AppleWebKit/537.36 (KHTML, like Gecko) Chrome/107.0.0.0 Safari/537.36 Edg/107.0.1418.42" "ysfine.com"
71.178.208.102 - - [13/Nov/2022:12:10:11 -0800] "GET /family66f.jpg HTTP/1.1" 404 88 "https://ysfine.com/bio10.html" "Mozilla/5.0 (Windows NT 10.0; Win64; x64) AppleWebKit/537.36 (KHTML, like Gecko) Chrome/107.0.0.0 Safari/537.36 Edg/107.0.1418.42" "ysfine.com"
71.178.208.102 - - [13/Nov/2022:12:10:11 -0800] "GET /tables/comet40f.jpg HTTP/1.1" 404 88 "https://ysfine.com/bio10.html" "Mozilla/5.0 (Windows NT 10.0; Win64; x64) AppleWebKit/537.36 (KHTML, like Gecko) Chrome/107.0.0.0 Safari/537.36 Edg/107.0.1418.42" "ysfine.com"
71.178.208.102 - - [13/Nov/2022:12:10:11 -0800] "GET /kids20f.jpg HTTP/1.1" 404 88 "https://ysfine.com/bio10.html" "Mozilla/5.0 (Windows NT 10.0; Win64; x64) AppleWebKit/537.36 (KHTML, like Gecko) Chrome/107.0.0.0 Safari/537.36 Edg/107.0.1418.42" "ysfine.com"
71.178.208.102 - - [13/Nov/2022:12:10:24 -0800] "GET /truck/truck18f.jpg HTTP/1.1" 404 88 "https://ysfine.com/bio10.html" "Mozilla/5.0 (Windows NT 10.0; Win64; x64) AppleWebKit/537.36 (KHTML, like Gecko) Chrome/107.0.0.0 Safari/537.36 Edg/107.0.1418.42" "ysfine.com"
71.178.208.102 - - [13/Nov/2022:12:10:24 -0800] "GET /tables/tab33f.jpg HTTP/1.1" 404 88 "https://ysfine.com/bio10.html" "Mozilla/5.0 (Windows NT 10.0; Win64; x64) AppleWebKit/537.36 (KHTML, like Gecko) Chrome/107.0.0.0 Safari/537.36 Edg/107.0.1418.42" "ysfine.com"
71.178.208.102 - - [13/Nov/2022:12:10:24 -0800] "GET /tables/tab11f.jpg HTTP/1.1" 404 88 "https://ysfine.com/bio10.html" "Mozilla/5.0 (Windows NT 10.0; Win64; x64) AppleWebKit/537.36 (KHTML, like Gecko) Chrome/107.0.0.0 Safari/537.36 Edg/107.0.1418.42" "ysfine.com"
71.178.208.102 - - [13/Nov/2022:12:10:24 -0800] "GET /house99c.jpg HTTP/1.1" 404 88 "https://ysfine.com/bio10.html" "Mozilla/5.0 (Windows NT 10.0; Win64; x64) AppleWebKit/537.36 (KHTML, like Gecko) Chrome/107.0.0.0 Safari/537.36 Edg/107.0.1418.42" "ysfine.com"
71.178.208.102 - - [13/Nov/2022:12:10:24 -0800] "GET /gongdae54f.jpg HTTP/1.1" 404 88 "https://ysfine.com/bio10.html" "Mozilla/5.0 (Windows NT 10.0; Win64; x64) AppleWebKit/537.36 (KHTML, like Gecko) Chrome/107.0.0.0 Safari/537.36 Edg/107.0.1418.42" "ysfine.com"
71.178.208.102 - - [13/Nov/2022:12:10:24 -0800] "GET /tables/comet40f.jpg HTTP/1.1" 404 88 "https://ysfine.com/bio10.html" "Mozilla/5.0 (Windows NT 10.0; Win64; x64) AppleWebKit/537.36 (KHTML, like Gecko) Chrome/107.0.0.0 Safari/537.36 Edg/107.0.1418.42" "ysfine.com"
71.178.208.102 - - [13/Nov/2022:12:10:24 -0800] "GET /kids20f.jpg HTTP/1.1" 404 88 "https://ysfine.com/bio10.html" "Mozilla/5.0 (Windows NT 10.0; Win64; x64) AppleWebKit/537.36 (KHTML, like Gecko) Chrome/107.0.0.0 Safari/537.36 Edg/107.0.1418.42" "ysfine.com"
71.178.208.102 - - [13/Nov/2022:12:10:24 -0800] "GET /fig33/einbohr77f.jpg HTTP/1.1" 404 88 "https://ysfine.com/bio10.html" "Mozilla/5.0 (Windows NT 10.0; Win64; x64) AppleWebKit/537.36 (KHTML, like Gecko) Chrome/107.0.0.0 Safari/537.36 Edg/107.0.1418.42" "ysfine.com"
71.178.208.102 - - [13/Nov/2022:12:10:24 -0800] "GET /family66f.jpg HTTP/1.1" 404 88 "https://ysfine.com/bio10.html" "Mozilla/5.0 (Windows NT 10.0; Win64; x64) AppleWebKit/537.36 (KHTML, like Gecko) Chrome/107.0.0.0 Safari/537.36 Edg/107.0.1418.42" "ysfine.com"
185.183.107.90 - - [13/Nov/2022:12:10:50 -0800] "GET /world/arusas.html HTTP/1.1" 200 7838 "-" "Mozilla/5.0 (Windows NT 10.0; Win64; x64; rv:102.0) Gecko/20100101 Firefox/102.0" "ysfine.com"
118.184.177.62 - - [13/Nov/2022:12:11:21 -0800] "GET / HTTP/1.1" 200 5283 "-" "Sogou web spider/4.0(+http://www.sogou.com/docs/help/webmasters.htm#07)" "www.ysfine.com"
207.46.13.134 - - [13/Nov/2022:12:11:40 -0800] "GET /bio/wigner/e(2).html HTTP/1.1" 404 88 "-" "Mozilla/5.0 (compatible; bingbot/2.0; +http://www.bing.com/bingbot.htm)" "ysfine.com"
157.55.39.129 - - [13/Nov/2022:12:11:44 -0800] "GET /bio/princeton/yspr.html HTTP/1.1" 404 88 "-" "Mozilla/5.0 AppleWebKit/537.36 (KHTML, like Gecko; compatible; bingbot/2.0; +http://www.bing.com/bingbot.htm) Chrome/103.0.5060.134 Safari/537.36" "ysfine.com"
157.55.39.76 - - [13/Nov/2022:12:11:50 -0800] "GET /bio/awards/marq.html HTTP/1.1" 404 88 "-" "Mozilla/5.0 (compatible; bingbot/2.0; +http://www.bing.com/bingbot.htm)" "ysfine.com"
40.77.167.71 - - [13/Nov/2022:12:12:07 -0800] "GET /bio/feynman/partons.html HTTP/1.1" 404 88 "-" "Mozilla/5.0 (compatible; bingbot/2.0; +http://www.bing.com/bingbot.htm)" "ysfine.com"
130.58.164.244 - - [13/Nov/2022:12:12:14 -0800] "GET /dirac/dirackn33.jpg HTTP/1.1" 200 98181 "https://www.google.com/" "Mozilla/5.0 (Linux; Android 9; ONEPLUS A3000) AppleWebKit/537.36 (KHTML, like Gecko) Chrome/79.0.3945.93 Mobile Safari/537.36" "ysfine.com"
157.55.39.129 - - [13/Nov/2022:12:12:31 -0800] "GET /bio/bio05.html HTTP/1.1" 404 88 "-" "Mozilla/5.0 AppleWebKit/537.36 (KHTML, like Gecko; compatible; bingbot/2.0; +http://www.bing.com/bingbot.htm) Chrome/103.0.5060.134 Safari/537.36" "ysfine.com"
51.222.253.8 - - [13/Nov/2022:12:12:36 -0800] "GET /ysbio/feynman/index.html HTTP/1.1" 404 88 "-" "Mozilla/5.0 (compatible; AhrefsBot/7.0; +http://ahrefs.com/robot/)" "ysfine.com"
38.126.157.40 - - [13/Nov/2022:12:13:17 -0800] "GET /world/russ/czar06.jpg HTTP/1.1" 200 105661 "-" "Mozilla/5.0 (compatible; FemtosearchBot/1.0; http://femtosearch.com)" "ysfine.com"
38.126.157.40 - - [13/Nov/2022:12:13:17 -0800] "GET /maga/phys/farad12.jpg HTTP/1.1" 200 69693 "-" "Mozilla/5.0 (compatible; FemtosearchBot/1.0; http://femtosearch.com)" "ysfine.com"
38.126.157.40 - - [13/Nov/2022:12:13:17 -0800] "GET /world/russ/mosf17.jpg HTTP/1.1" 200 101109 "-" "Mozilla/5.0 (compatible; FemtosearchBot/1.0; http://femtosearch.com)" "ysfine.com"
38.126.157.40 - - [13/Nov/2022:12:13:17 -0800] "GET /ffriends/india01c.jpg HTTP/1.1" 200 26478 "-" "Mozilla/5.0 (compatible; FemtosearchBot/1.0; http://femtosearch.com)" "ysfine.com"
38.126.157.40 - - [13/Nov/2022:12:13:17 -0800] "GET /class54/roskeim33.jpg HTTP/1.1" 200 243469 "-" "Mozilla/5.0 (compatible; FemtosearchBot/1.0; http://femtosearch.com)" "ysfine.com"
38.126.157.40 - - [13/Nov/2022:12:13:17 -0800] "GET /dirac/dirmatrix22.jpg HTTP/1.1" 200 67897 "-" "Mozilla/5.0 (compatible; FemtosearchBot/1.0; http://femtosearch.com)" "ysfine.com"
38.126.157.40 - - [13/Nov/2022:12:13:17 -0800] "GET /wigner/gim/gimn26.jpg HTTP/1.1" 200 127498 "-" "Mozilla/5.0 (compatible; FemtosearchBot/1.0; http://femtosearch.com)" "ysfine.com"
38.126.157.40 - - [13/Nov/2022:12:13:17 -0800] "GET /ffriends/molda02b.jpg HTTP/1.1" 200 32362 "-" "Mozilla/5.0 (compatible; FemtosearchBot/1.0; http://femtosearch.com)" "ysfine.com"
157.55.39.6 - - [13/Nov/2022:12:14:22 -0800] "GET /bio/world/leipzig.html HTTP/1.1" 404 88 "-" "Mozilla/5.0 (compatible; bingbot/2.0; +http://www.bing.com/bingbot.htm)" "ysfine.com"
207.46.13.134 - - [13/Nov/2022:12:14:30 -0800] "GET /bio/style/ystyle.html HTTP/1.1" 404 88 "-" "Mozilla/5.0 (compatible; bingbot/2.0; +http://www.bing.com/bingbot.htm)" "ysfine.com"
216.244.66.229 - - [13/Nov/2022:12:14:56 -0800] "GET /ffriends/amkor/ewha01.jpg HTTP/1.1" 200 267482 "-" "Mozilla/5.0 (compatible; DotBot/1.2; +https://opensiteexplorer.org/dotbot; help@moz.com)" "ysfine.com"
216.244.66.229 - - [13/Nov/2022:12:15:20 -0800] "GET /class54/nhk11.jpg HTTP/1.1" 200 99514 "-" "Mozilla/5.0 (compatible; DotBot/1.2; +https://opensiteexplorer.org/dotbot; help@moz.com)" "ysfine.com"
71.178.208.102 - - [13/Nov/2022:12:15:40 -0800] "GET /bio10b.html HTTP/1.1" 200 12134 "-" "Mozilla/5.0 (Windows NT 10.0; Win64; x64) AppleWebKit/537.36 (KHTML, like Gecko) Chrome/107.0.0.0 Safari/537.36 Edg/107.0.1418.42" "ysfine.com"
71.178.208.102 - - [13/Nov/2022:12:15:40 -0800] "GET /tables/tab11f.jpg HTTP/1.1" 404 88 "https://ysfine.com/bio10b.html" "Mozilla/5.0 (Windows NT 10.0; Win64; x64) AppleWebKit/537.36 (KHTML, like Gecko) Chrome/107.0.0.0 Safari/537.36 Edg/107.0.1418.42" "ysfine.com"
71.178.208.102 - - [13/Nov/2022:12:15:40 -0800] "GET /tables/comet40f.jpg HTTP/1.1" 404 88 "https://ysfine.com/bio10b.html" "Mozilla/5.0 (Windows NT 10.0; Win64; x64) AppleWebKit/537.36 (KHTML, like Gecko) Chrome/107.0.0.0 Safari/537.36 Edg/107.0.1418.42" "ysfine.com"
71.178.208.102 - - [13/Nov/2022:12:15:40 -0800] "GET /kids20f.jpg HTTP/1.1" 404 88 "https://ysfine.com/bio10b.html" "Mozilla/5.0 (Windows NT 10.0; Win64; x64) AppleWebKit/537.36 (KHTML, like Gecko) Chrome/107.0.0.0 Safari/537.36 Edg/107.0.1418.42" "ysfine.com"
71.178.208.102 - - [13/Nov/2022:12:15:40 -0800] "GET /tables/tab33f.jpg HTTP/1.1" 404 88 "https://ysfine.com/bio10b.html" "Mozilla/5.0 (Windows NT 10.0; Win64; x64) AppleWebKit/537.36 (KHTML, like Gecko) Chrome/107.0.0.0 Safari/537.36 Edg/107.0.1418.42" "ysfine.com"
71.178.208.102 - - [13/Nov/2022:12:15:40 -0800] "GET /gongdae54f.jpg HTTP/1.1" 404 88 "https://ysfine.com/bio10b.html" "Mozilla/5.0 (Windows NT 10.0; Win64; x64) AppleWebKit/537.36 (KHTML, like Gecko) Chrome/107.0.0.0 Safari/537.36 Edg/107.0.1418.42" "ysfine.com"
71.178.208.102 - - [13/Nov/2022:12:15:40 -0800] "GET /family66f.jpg HTTP/1.1" 404 88 "https://ysfine.com/bio10b.html" "Mozilla/5.0 (Windows NT 10.0; Win64; x64) AppleWebKit/537.36 (KHTML, like Gecko) Chrome/107.0.0.0 Safari/537.36 Edg/107.0.1418.42" "ysfine.com"
71.178.208.102 - - [13/Nov/2022:12:15:40 -0800] "GET /truck/truck18f.jpg HTTP/1.1" 404 88 "https://ysfine.com/bio10b.html" "Mozilla/5.0 (Windows NT 10.0; Win64; x64) AppleWebKit/537.36 (KHTML, like Gecko) Chrome/107.0.0.0 Safari/537.36 Edg/107.0.1418.42" "ysfine.com"
71.178.208.102 - - [13/Nov/2022:12:15:40 -0800] "GET /fig33/einbohr77f.jpg HTTP/1.1" 404 88 "https://ysfine.com/bio10b.html" "Mozilla/5.0 (Windows NT 10.0; Win64; x64) AppleWebKit/537.36 (KHTML, like Gecko) Chrome/107.0.0.0 Safari/537.36 Edg/107.0.1418.42" "ysfine.com"
71.178.208.102 - - [13/Nov/2022:12:15:40 -0800] "GET /house99c.jpg HTTP/1.1" 404 88 "https://ysfine.com/bio10b.html" "Mozilla/5.0 (Windows NT 10.0; Win64; x64) AppleWebKit/537.36 (KHTML, like Gecko) Chrome/107.0.0.0 Safari/537.36 Edg/107.0.1418.42" "ysfine.com"
71.178.208.102 - - [13/Nov/2022:12:15:40 -0800] "GET /favicon.ico HTTP/1.1" 404 88 "https://ysfine.com/bio10b.html" "Mozilla/5.0 (Windows NT 10.0; Win64; x64) AppleWebKit/537.36 (KHTML, like Gecko) Chrome/107.0.0.0 Safari/537.36 Edg/107.0.1418.42" "ysfine.com"
216.244.66.229 - - [13/Nov/2022:12:15:42 -0800] "GET /eink/timemag46.jpg HTTP/1.1" 200 88741 "-" "Mozilla/5.0 (compatible; DotBot/1.2; +https://opensiteexplorer.org/dotbot; help@moz.com)" "ysfine.com"
71.178.208.102 - - [13/Nov/2022:12:15:54 -0800] "GET /bio10.html HTTP/1.1" 304 - "https://ysfine.com/bio10b.html" "Mozilla/5.0 (Windows NT 10.0; Win64; x64) AppleWebKit/537.36 (KHTML, like Gecko) Chrome/107.0.0.0 Safari/537.36 Edg/107.0.1418.42" "ysfine.com"
71.178.208.102 - - [13/Nov/2022:12:15:54 -0800] "GET /tables/tab11f.jpg HTTP/1.1" 404 88 "https://ysfine.com/bio10.html" "Mozilla/5.0 (Windows NT 10.0; Win64; x64) AppleWebKit/537.36 (KHTML, like Gecko) Chrome/107.0.0.0 Safari/537.36 Edg/107.0.1418.42" "ysfine.com"
71.178.208.102 - - [13/Nov/2022:12:15:54 -0800] "GET /kids20f.jpg HTTP/1.1" 404 88 "https://ysfine.com/bio10.html" "Mozilla/5.0 (Windows NT 10.0; Win64; x64) AppleWebKit/537.36 (KHTML, like Gecko) Chrome/107.0.0.0 Safari/537.36 Edg/107.0.1418.42" "ysfine.com"
71.178.208.102 - - [13/Nov/2022:12:15:54 -0800] "GET /tables/tab33f.jpg HTTP/1.1" 404 88 "https://ysfine.com/bio10.html" "Mozilla/5.0 (Windows NT 10.0; Win64; x64) AppleWebKit/537.36 (KHTML, like Gecko) Chrome/107.0.0.0 Safari/537.36 Edg/107.0.1418.42" "ysfine.com"
71.178.208.102 - - [13/Nov/2022:12:15:54 -0800] "GET /family66f.jpg HTTP/1.1" 404 88 "https://ysfine.com/bio10.html" "Mozilla/5.0 (Windows NT 10.0; Win64; x64) AppleWebKit/537.36 (KHTML, like Gecko) Chrome/107.0.0.0 Safari/537.36 Edg/107.0.1418.42" "ysfine.com"
71.178.208.102 - - [13/Nov/2022:12:15:54 -0800] "GET /truck/truck18f.jpg HTTP/1.1" 404 88 "https://ysfine.com/bio10.html" "Mozilla/5.0 (Windows NT 10.0; Win64; x64) AppleWebKit/537.36 (KHTML, like Gecko) Chrome/107.0.0.0 Safari/537.36 Edg/107.0.1418.42" "ysfine.com"
71.178.208.102 - - [13/Nov/2022:12:15:54 -0800] "GET /tables/comet40f.jpg HTTP/1.1" 404 88 "https://ysfine.com/bio10.html" "Mozilla/5.0 (Windows NT 10.0; Win64; x64) AppleWebKit/537.36 (KHTML, like Gecko) Chrome/107.0.0.0 Safari/537.36 Edg/107.0.1418.42" "ysfine.com"
71.178.208.102 - - [13/Nov/2022:12:15:54 -0800] "GET /fig33/einbohr77f.jpg HTTP/1.1" 404 88 "https://ysfine.com/bio10.html" "Mozilla/5.0 (Windows NT 10.0; Win64; x64) AppleWebKit/537.36 (KHTML, like Gecko) Chrome/107.0.0.0 Safari/537.36 Edg/107.0.1418.42" "ysfine.com"
71.178.208.102 - - [13/Nov/2022:12:15:54 -0800] "GET /gongdae54f.jpg HTTP/1.1" 404 88 "https://ysfine.com/bio10.html" "Mozilla/5.0 (Windows NT 10.0; Win64; x64) AppleWebKit/537.36 (KHTML, like Gecko) Chrome/107.0.0.0 Safari/537.36 Edg/107.0.1418.42" "ysfine.com"
71.178.208.102 - - [13/Nov/2022:12:15:54 -0800] "GET /house99c.jpg HTTP/1.1" 404 88 "https://ysfine.com/bio10.html" "Mozilla/5.0 (Windows NT 10.0; Win64; x64) AppleWebKit/537.36 (KHTML, like Gecko) Chrome/107.0.0.0 Safari/537.36 Edg/107.0.1418.42" "ysfine.com"
71.178.208.102 - - [13/Nov/2022:12:15:56 -0800] "GET /tables/tab11f.jpg HTTP/1.1" 404 88 "https://ysfine.com/bio10.html" "Mozilla/5.0 (Windows NT 10.0; Win64; x64) AppleWebKit/537.36 (KHTML, like Gecko) Chrome/107.0.0.0 Safari/537.36 Edg/107.0.1418.42" "ysfine.com"
71.178.208.102 - - [13/Nov/2022:12:15:56 -0800] "GET /family66f.jpg HTTP/1.1" 404 88 "https://ysfine.com/bio10.html" "Mozilla/5.0 (Windows NT 10.0; Win64; x64) AppleWebKit/537.36 (KHTML, like Gecko) Chrome/107.0.0.0 Safari/537.36 Edg/107.0.1418.42" "ysfine.com"
71.178.208.102 - - [13/Nov/2022:12:15:56 -0800] "GET /tables/tab33f.jpg HTTP/1.1" 404 88 "https://ysfine.com/bio10.html" "Mozilla/5.0 (Windows NT 10.0; Win64; x64) AppleWebKit/537.36 (KHTML, like Gecko) Chrome/107.0.0.0 Safari/537.36 Edg/107.0.1418.42" "ysfine.com"
71.178.208.102 - - [13/Nov/2022:12:15:56 -0800] "GET /truck/truck18f.jpg HTTP/1.1" 404 88 "https://ysfine.com/bio10.html" "Mozilla/5.0 (Windows NT 10.0; Win64; x64) AppleWebKit/537.36 (KHTML, like Gecko) Chrome/107.0.0.0 Safari/537.36 Edg/107.0.1418.42" "ysfine.com"
71.178.208.102 - - [13/Nov/2022:12:15:56 -0800] "GET /gongdae54f.jpg HTTP/1.1" 404 88 "https://ysfine.com/bio10.html" "Mozilla/5.0 (Windows NT 10.0; Win64; x64) AppleWebKit/537.36 (KHTML, like Gecko) Chrome/107.0.0.0 Safari/537.36 Edg/107.0.1418.42" "ysfine.com"
71.178.208.102 - - [13/Nov/2022:12:15:56 -0800] "GET /kids20f.jpg HTTP/1.1" 404 88 "https://ysfine.com/bio10.html" "Mozilla/5.0 (Windows NT 10.0; Win64; x64) AppleWebKit/537.36 (KHTML, like Gecko) Chrome/107.0.0.0 Safari/537.36 Edg/107.0.1418.42" "ysfine.com"
71.178.208.102 - - [13/Nov/2022:12:15:56 -0800] "GET /house99c.jpg HTTP/1.1" 404 88 "https://ysfine.com/bio10.html" "Mozilla/5.0 (Windows NT 10.0; Win64; x64) AppleWebKit/537.36 (KHTML, like Gecko) Chrome/107.0.0.0 Safari/537.36 Edg/107.0.1418.42" "ysfine.com"
71.178.208.102 - - [13/Nov/2022:12:15:56 -0800] "GET /tables/comet40f.jpg HTTP/1.1" 404 88 "https://ysfine.com/bio10.html" "Mozilla/5.0 (Windows NT 10.0; Win64; x64) AppleWebKit/537.36 (KHTML, like Gecko) Chrome/107.0.0.0 Safari/537.36 Edg/107.0.1418.42" "ysfine.com"
71.178.208.102 - - [13/Nov/2022:12:15:56 -0800] "GET /fig33/einbohr77f.jpg HTTP/1.1" 404 88 "https://ysfine.com/bio10.html" "Mozilla/5.0 (Windows NT 10.0; Win64; x64) AppleWebKit/537.36 (KHTML, like Gecko) Chrome/107.0.0.0 Safari/537.36 Edg/107.0.1418.42" "ysfine.com"
216.244.66.229 - - [13/Nov/2022:12:16:08 -0800] "GET /ffriends/italparis05.jpg HTTP/1.1" 200 121559 "-" "Mozilla/5.0 (compatible; DotBot/1.2; +https://opensiteexplorer.org/dotbot; help@moz.com)" "ysfine.com"
157.55.39.6 - - [13/Nov/2022:12:16:22 -0800] "GET /ysbio/folks/service.html HTTP/1.1" 404 88 "-" "Mozilla/5.0 (compatible; bingbot/2.0; +http://www.bing.com/bingbot.htm)" "ysfine.com"
157.55.39.129 - - [13/Nov/2022:12:16:26 -0800] "GET /bio/kobak/soraech.html HTTP/1.1" 404 88 "-" "Mozilla/5.0 (compatible; bingbot/2.0; +http://www.bing.com/bingbot.htm)" "ysfine.com"
40.88.21.235 - - [13/Nov/2022:12:16:37 -0800] "GET / HTTP/1.1" 200 5283 "https://www.ysfine.com/" "Mozilla/5.0 (compatible; DuckDuckGo-Favicons-Bot/1.0; +http://duckduckgo.com)" "www.ysfine.com"
40.88.21.235 - - [13/Nov/2022:12:16:37 -0800] "GET /favicon.ico HTTP/1.1" 404 88 "https://www.ysfine.com/favicon.ico" "Mozilla/5.0 (compatible; DuckDuckGo-Favicons-Bot/1.0; +http://duckduckgo.com)" "www.ysfine.com"
40.88.21.235 - - [13/Nov/2022:12:16:37 -0800] "GET /favicon.ico HTTP/1.1" 404 88 "https://www.ysfine.com/favicon.ico" "Mozilla/5.0 (compatible; DuckDuckGo-Favicons-Bot/1.0; +http://duckduckgo.com)" "www.ysfine.com"
216.244.66.229 - - [13/Nov/2022:12:16:46 -0800] "GET /ffriends/mexmodel.jpg HTTP/1.1" 200 147687 "-" "Mozilla/5.0 (compatible; DotBot/1.2; +https://opensiteexplorer.org/dotbot; help@moz.com)" "ysfine.com"
71.178.208.102 - - [13/Nov/2022:12:17:01 -0800] "GET /truck/truck18f.jpg HTTP/1.1" 404 88 "https://ysfine.com/bio10.html" "Mozilla/5.0 (Windows NT 10.0; Win64; x64) AppleWebKit/537.36 (KHTML, like Gecko) Chrome/107.0.0.0 Safari/537.36 Edg/107.0.1418.42" "ysfine.com"
71.178.208.102 - - [13/Nov/2022:12:17:01 -0800] "GET /family66f.jpg HTTP/1.1" 404 88 "https://ysfine.com/bio10.html" "Mozilla/5.0 (Windows NT 10.0; Win64; x64) AppleWebKit/537.36 (KHTML, like Gecko) Chrome/107.0.0.0 Safari/537.36 Edg/107.0.1418.42" "ysfine.com"
71.178.208.102 - - [13/Nov/2022:12:17:01 -0800] "GET /tables/tab33f.jpg HTTP/1.1" 404 88 "https://ysfine.com/bio10.html" "Mozilla/5.0 (Windows NT 10.0; Win64; x64) AppleWebKit/537.36 (KHTML, like Gecko) Chrome/107.0.0.0 Safari/537.36 Edg/107.0.1418.42" "ysfine.com"
71.178.208.102 - - [13/Nov/2022:12:17:01 -0800] "GET /tables/tab11f.jpg HTTP/1.1" 404 88 "https://ysfine.com/bio10.html" "Mozilla/5.0 (Windows NT 10.0; Win64; x64) AppleWebKit/537.36 (KHTML, like Gecko) Chrome/107.0.0.0 Safari/537.36 Edg/107.0.1418.42" "ysfine.com"
71.178.208.102 - - [13/Nov/2022:12:17:01 -0800] "GET /kids20f.jpg HTTP/1.1" 404 88 "https://ysfine.com/bio10.html" "Mozilla/5.0 (Windows NT 10.0; Win64; x64) AppleWebKit/537.36 (KHTML, like Gecko) Chrome/107.0.0.0 Safari/537.36 Edg/107.0.1418.42" "ysfine.com"
71.178.208.102 - - [13/Nov/2022:12:17:01 -0800] "GET /house99c.jpg HTTP/1.1" 404 88 "https://ysfine.com/bio10.html" "Mozilla/5.0 (Windows NT 10.0; Win64; x64) AppleWebKit/537.36 (KHTML, like Gecko) Chrome/107.0.0.0 Safari/537.36 Edg/107.0.1418.42" "ysfine.com"
71.178.208.102 - - [13/Nov/2022:12:17:01 -0800] "GET /tables/comet40f.jpg HTTP/1.1" 404 88 "https://ysfine.com/bio10.html" "Mozilla/5.0 (Windows NT 10.0; Win64; x64) AppleWebKit/537.36 (KHTML, like Gecko) Chrome/107.0.0.0 Safari/537.36 Edg/107.0.1418.42" "ysfine.com"
71.178.208.102 - - [13/Nov/2022:12:17:01 -0800] "GET /gongdae54f.jpg HTTP/1.1" 404 88 "https://ysfine.com/bio10.html" "Mozilla/5.0 (Windows NT 10.0; Win64; x64) AppleWebKit/537.36 (KHTML, like Gecko) Chrome/107.0.0.0 Safari/537.36 Edg/107.0.1418.42" "ysfine.com"
71.178.208.102 - - [13/Nov/2022:12:17:01 -0800] "GET /fig33/einbohr77f.jpg HTTP/1.1" 404 88 "https://ysfine.com/bio10.html" "Mozilla/5.0 (Windows NT 10.0; Win64; x64) AppleWebKit/537.36 (KHTML, like Gecko) Chrome/107.0.0.0 Safari/537.36 Edg/107.0.1418.42" "ysfine.com"
40.77.167.27 - - [13/Nov/2022:12:17:15 -0800] "GET /bio/style/proschanie.html HTTP/1.1" 404 88 "-" "Mozilla/5.0 (compatible; bingbot/2.0; +http://www.bing.com/bingbot.htm)" "ysfine.com"
216.244.66.229 - - [13/Nov/2022:12:17:36 -0800] "GET /ffriends/qatar02.jpg HTTP/1.1" 200 67615 "-" "Mozilla/5.0 (compatible; DotBot/1.2; +https://opensiteexplorer.org/dotbot; help@moz.com)" "ysfine.com"
38.126.157.40 - - [13/Nov/2022:12:17:51 -0800] "GET /friends/victork33.jpg HTTP/1.1" 404 88 "-" "Mozilla/5.0 (compatible; FemtosearchBot/1.0; http://femtosearch.com)" "ysfine.com"
38.126.157.40 - - [13/Nov/2022:12:17:51 -0800] "GET /world/russ/krem05.jpg HTTP/1.1" 200 118562 "-" "Mozilla/5.0 (compatible; FemtosearchBot/1.0; http://femtosearch.com)" "ysfine.com"
38.126.157.40 - - [13/Nov/2022:12:17:52 -0800] "GET /newyork/unionsq02.jpg HTTP/1.1" 200 186508 "-" "Mozilla/5.0 (compatible; FemtosearchBot/1.0; http://femtosearch.com)" "ysfine.com"
38.126.157.40 - - [13/Nov/2022:12:17:52 -0800] "GET /einstein/photoel.html HTTP/1.1" 200 6054 "-" "Mozilla/5.0 (compatible; FemtosearchBot/1.0; http://femtosearch.com)" "ysfine.com"
38.126.157.40 - - [13/Nov/2022:12:17:53 -0800] "GET /ffriends/dubai02b.jpg HTTP/1.1" 200 41659 "-" "Mozilla/5.0 (compatible; FemtosearchBot/1.0; http://femtosearch.com)" "ysfine.com"
38.126.157.40 - - [13/Nov/2022:12:17:53 -0800] "GET /style/kievopera77.jpg HTTP/1.1" 200 78160 "-" "Mozilla/5.0 (compatible; FemtosearchBot/1.0; http://femtosearch.com)" "ysfine.com"
38.126.157.40 - - [13/Nov/2022:12:17:53 -0800] "GET /newyork/battery25.jpg HTTP/1.1" 200 176025 "-" "Mozilla/5.0 (compatible; FemtosearchBot/1.0; http://femtosearch.com)" "ysfine.com"
38.126.157.40 - - [13/Nov/2022:12:17:53 -0800] "GET /einstein/math/sp2.jpg HTTP/1.1" 200 95974 "-" "Mozilla/5.0 (compatible; FemtosearchBot/1.0; http://femtosearch.com)" "ysfine.com"
71.178.208.102 - - [13/Nov/2022:12:17:58 -0800] "GET /ys11/index.html HTTP/1.1" 200 3429 "-" "Mozilla/5.0 (Windows NT 10.0; Win64; x64) AppleWebKit/537.36 (KHTML, like Gecko) Chrome/107.0.0.0 Safari/537.36 Edg/107.0.1418.42" "www.ysfine.com"
71.178.208.102 - - [13/Nov/2022:12:17:58 -0800] "GET /favicon.ico HTTP/1.1" 404 88 "https://www.ysfine.com/ys11/index.html" "Mozilla/5.0 (Windows NT 10.0; Win64; x64) AppleWebKit/537.36 (KHTML, like Gecko) Chrome/107.0.0.0 Safari/537.36 Edg/107.0.1418.42" "www.ysfine.com"
51.222.253.9 - - [13/Nov/2022:12:18:00 -0800] "GET /usca/pgh.html HTTP/1.1" 200 13572 "-" "Mozilla/5.0 (compatible; AhrefsBot/7.0; +http://ahrefs.com/robot/)" "ysfine.com"
71.178.208.102 - - [13/Nov/2022:12:18:10 -0800] "GET /bio10.html HTTP/1.1" 200 12134 "https://www.ysfine.com/ys11/index.html" "Mozilla/5.0 (Windows NT 10.0; Win64; x64) AppleWebKit/537.36 (KHTML, like Gecko) Chrome/107.0.0.0 Safari/537.36 Edg/107.0.1418.42" "www.ysfine.com"
71.178.208.102 - - [13/Nov/2022:12:18:10 -0800] "GET /tables/tab11f.jpg HTTP/1.1" 404 88 "https://www.ysfine.com/bio10.html" "Mozilla/5.0 (Windows NT 10.0; Win64; x64) AppleWebKit/537.36 (KHTML, like Gecko) Chrome/107.0.0.0 Safari/537.36 Edg/107.0.1418.42" "www.ysfine.com"
71.178.208.102 - - [13/Nov/2022:12:18:10 -0800] "GET /tables/comet40f.jpg HTTP/1.1" 404 88 "https://www.ysfine.com/bio10.html" "Mozilla/5.0 (Windows NT 10.0; Win64; x64) AppleWebKit/537.36 (KHTML, like Gecko) Chrome/107.0.0.0 Safari/537.36 Edg/107.0.1418.42" "www.ysfine.com"
71.178.208.102 - - [13/Nov/2022:12:18:10 -0800] "GET /tables/tab33f.jpg HTTP/1.1" 404 88 "https://www.ysfine.com/bio10.html" "Mozilla/5.0 (Windows NT 10.0; Win64; x64) AppleWebKit/537.36 (KHTML, like Gecko) Chrome/107.0.0.0 Safari/537.36 Edg/107.0.1418.42" "www.ysfine.com"
71.178.208.102 - - [13/Nov/2022:12:18:10 -0800] "GET /family66f.jpg HTTP/1.1" 404 88 "https://www.ysfine.com/bio10.html" "Mozilla/5.0 (Windows NT 10.0; Win64; x64) AppleWebKit/537.36 (KHTML, like Gecko) Chrome/107.0.0.0 Safari/537.36 Edg/107.0.1418.42" "www.ysfine.com"
71.178.208.102 - - [13/Nov/2022:12:18:10 -0800] "GET /gongdae54f.jpg HTTP/1.1" 404 88 "https://www.ysfine.com/bio10.html" "Mozilla/5.0 (Windows NT 10.0; Win64; x64) AppleWebKit/537.36 (KHTML, like Gecko) Chrome/107.0.0.0 Safari/537.36 Edg/107.0.1418.42" "www.ysfine.com"
71.178.208.102 - - [13/Nov/2022:12:18:10 -0800] "GET /fig33/einbohr77f.jpg HTTP/1.1" 404 88 "https://www.ysfine.com/bio10.html" "Mozilla/5.0 (Windows NT 10.0; Win64; x64) AppleWebKit/537.36 (KHTML, like Gecko) Chrome/107.0.0.0 Safari/537.36 Edg/107.0.1418.42" "www.ysfine.com"
71.178.208.102 - - [13/Nov/2022:12:18:10 -0800] "GET /house99c.jpg HTTP/1.1" 404 88 "https://www.ysfine.com/bio10.html" "Mozilla/5.0 (Windows NT 10.0; Win64; x64) AppleWebKit/537.36 (KHTML, like Gecko) Chrome/107.0.0.0 Safari/537.36 Edg/107.0.1418.42" "www.ysfine.com"
71.178.208.102 - - [13/Nov/2022:12:18:10 -0800] "GET /truck/truck18f.jpg HTTP/1.1" 404 88 "https://www.ysfine.com/bio10.html" "Mozilla/5.0 (Windows NT 10.0; Win64; x64) AppleWebKit/537.36 (KHTML, like Gecko) Chrome/107.0.0.0 Safari/537.36 Edg/107.0.1418.42" "www.ysfine.com"
71.178.208.102 - - [13/Nov/2022:12:18:10 -0800] "GET /kids20f.jpg HTTP/1.1" 404 88 "https://www.ysfine.com/bio10.html" "Mozilla/5.0 (Windows NT 10.0; Win64; x64) AppleWebKit/537.36 (KHTML, like Gecko) Chrome/107.0.0.0 Safari/537.36 Edg/107.0.1418.42" "www.ysfine.com"
66.249.92.45 - - [13/Nov/2022:12:19:36 -0800] "GET /world/russ/dnepro11.jpg HTTP/1.1" 200 90450 "-" "Mozilla/5.0 (Macintosh; Intel Mac OS X 10_8_4) AppleWebKit/537.36 (KHTML, like Gecko) Chrome/28.0.1500.71 Safari/537.36" "ysfine.com"
66.249.92.43 - - [13/Nov/2022:12:19:37 -0800] "GET /world/russ/dnepro11.jpg HTTP/1.1" 200 90450 "-" "Mozilla/5.0 (Macintosh; Intel Mac OS X 10_8_4) AppleWebKit/537.36 (KHTML, like Gecko) Chrome/28.0.1500.71 Safari/537.36" "ysfine.com"
66.249.92.45 - - [13/Nov/2022:12:19:37 -0800] "GET /world/russ/dnepro11.jpg HTTP/1.1" 200 90450 "-" "Mozilla/5.0 (Macintosh; Intel Mac OS X 10_8_4) AppleWebKit/537.36 (KHTML, like Gecko) Chrome/28.0.1500.71 Safari/537.36" "ysfine.com"
77.88.5.245 - - [13/Nov/2022:12:19:39 -0800] "GET /houses/etaylor.jpg HTTP/1.1" 200 81116 "-" "Mozilla/5.0 (compatible; YandexImages/3.0; +http://yandex.com/bots)" "ysfine.com"
66.249.92.43 - - [13/Nov/2022:12:19:43 -0800] "GET /world/russ/dnepro11.jpg HTTP/1.1" 200 90450 "-" "Mozilla/5.0 (Macintosh; Intel Mac OS X 10_8_4) AppleWebKit/537.36 (KHTML, like Gecko) Chrome/28.0.1500.71 Safari/537.36" "ysfine.com"
66.249.92.43 - - [13/Nov/2022:12:19:43 -0800] "GET /world/russ/dnepro11.jpg HTTP/1.1" 200 90450 "-" "Mozilla/5.0 (Macintosh; Intel Mac OS X 10_8_4) AppleWebKit/537.36 (KHTML, like Gecko) Chrome/28.0.1500.71 Safari/537.36" "ysfine.com"
93.158.161.40 - - [13/Nov/2022:12:19:47 -0800] "GET /robots.txt HTTP/1.1" 404 73 "-" "Mozilla/5.0 (compatible; YandexBot/3.0; +http://yandex.com/bots)" "www.ysfine.com"
93.158.161.40 - - [13/Nov/2022:12:19:51 -0800] "GET /awards/index.html HTTP/1.1" 200 10083 "-" "Mozilla/5.0 (compatible; YandexBot/3.0; +http://yandex.com/bots)" "www.ysfine.com"
207.46.13.134 - - [13/Nov/2022:12:20:21 -0800] "GET /bio/world/trier.html HTTP/1.1" 404 88 "-" "Mozilla/5.0 AppleWebKit/537.36 (KHTML, like Gecko; compatible; bingbot/2.0; +http://www.bing.com/bingbot.htm) Chrome/103.0.5060.134 Safari/537.36" "ysfine.com"
77.88.5.245 - - [13/Nov/2022:12:20:51 -0800] "GET /awards/iao.html HTTP/1.1" 200 2748 "-" "Mozilla/5.0 (compatible; YandexBot/3.0; +http://yandex.com/bots)" "www.ysfine.com"
77.88.5.245 - - [13/Nov/2022:12:20:55 -0800] "GET /home/easy.html HTTP/1.1" 200 7877 "-" "Mozilla/5.0 (compatible; YandexBot/3.0; +http://yandex.com/bots)" "www.ysfine.com"
77.88.5.233 - - [13/Nov/2022:12:20:58 -0800] "GET /home/bio.html HTTP/1.1" 404 88 "-" "Mozilla/5.0 (compatible; YandexBot/3.0; +http://yandex.com/bots)" "www.ysfine.com"
77.88.5.46 - - [13/Nov/2022:12:21:01 -0800] "GET /further22.jpg HTTP/1.1" 404 88 "-" "Mozilla/5.0 (compatible; YandexImages/3.0; +http://yandex.com/bots)" "www.ysfine.com"
77.88.5.245 - - [13/Nov/2022:12:21:03 -0800] "GET /ewk86f.jpg HTTP/1.1" 404 88 "-" "Mozilla/5.0 (compatible; YandexImages/3.0; +http://yandex.com/bots)" "www.ysfine.com"
77.88.5.245 - - [13/Nov/2022:12:21:06 -0800] "GET /yspr61.jpg HTTP/1.1" 404 88 "-" "Mozilla/5.0 (compatible; YandexImages/3.0; +http://yandex.com/bots)" "www.ysfine.com"
77.88.5.46 - - [13/Nov/2022:12:21:08 -0800] "GET /yspr61d.jpg HTTP/1.1" 404 88 "-" "Mozilla/5.0 (compatible; YandexImages/3.0; +http://yandex.com/bots)" "www.ysfine.com"
77.88.5.126 - - [13/Nov/2022:12:21:11 -0800] "GET /awards/marq/marq10d.jpg HTTP/1.1" 200 77533 "-" "Mozilla/5.0 (compatible; YandexImages/3.0; +http://yandex.com/bots)" "www.ysfine.com"
77.88.5.253 - - [13/Nov/2022:12:21:14 -0800] "GET /ysbio/marquis/marq12d.jpg HTTP/1.1" 404 88 "-" "Mozilla/5.0 (compatible; YandexImages/3.0; +http://yandex.com/bots)" "www.ysfine.com"
77.88.5.126 - - [13/Nov/2022:12:21:16 -0800] "GET /ysnr11.jpg HTTP/1.1" 404 88 "-" "Mozilla/5.0 (compatible; YandexImages/3.0; +http://yandex.com/bots)" "www.ysfine.com"
77.88.5.46 - - [13/Nov/2022:12:21:19 -0800] "GET /ysnr11d.jpg HTTP/1.1" 404 88 "-" "Mozilla/5.0 (compatible; YandexImages/3.0; +http://yandex.com/bots)" "www.ysfine.com"
50.243.245.117 - - [13/Nov/2022:12:22:03 -0800] "GET /maga/phys/weylfig03b.jpg HTTP/1.1" 200 43064 "-" "SecureNet Xtra" "ysfine.com"
50.243.245.117 - - [13/Nov/2022:12:22:08 -0800] "GET /maga/phys/weylfig03b.jpg HTTP/1.1" 200 43064 "-" "SecureNet Xtra" "ysfine.com"
77.75.77.95 - - [13/Nov/2022:12:22:19 -0800] "GET /robots.txt HTTP/1.1" 404 88 "-" "Mozilla/5.0 (compatible; SeznamBot/3.2; +http://napoveda.seznam.cz/en/seznambot-intro/)" "ysfine.com"
77.75.77.95 - - [13/Nov/2022:12:22:21 -0800] "GET /usca/norl/canal02.jpg HTTP/1.1" 304 - "-" "Mozilla/5.0 (compatible; SeznamBot/3.2; +http://napoveda.seznam.cz/en/seznambot-intro/)" "ysfine.com"
38.126.157.40 - - [13/Nov/2022:12:22:26 -0800] "GET /usca/norl/canal05.jpg HTTP/1.1" 200 129711 "-" "Mozilla/5.0 (compatible; FemtosearchBot/1.0; http://femtosearch.com)" "ysfine.com"
38.126.157.40 - - [13/Nov/2022:12:22:27 -0800] "GET /world/brit/picca07.jpg HTTP/1.1" 200 90007 "-" "Mozilla/5.0 (compatible; FemtosearchBot/1.0; http://femtosearch.com)" "ysfine.com"
38.126.157.40 - - [13/Nov/2022:12:22:27 -0800] "GET /princeton/ustore55.jpg HTTP/1.1" 200 116756 "-" "Mozilla/5.0 (compatible; FemtosearchBot/1.0; http://femtosearch.com)" "ysfine.com"
38.126.157.40 - - [13/Nov/2022:12:22:27 -0800] "GET /houses/monticello.html HTTP/1.1" 200 750 "-" "Mozilla/5.0 (compatible; FemtosearchBot/1.0; http://femtosearch.com)" "ysfine.com"
38.126.157.40 - - [13/Nov/2022:12:22:27 -0800] "GET /world/poland/gdn69.jpg HTTP/1.1" 200 110345 "-" "Mozilla/5.0 (compatible; FemtosearchBot/1.0; http://femtosearch.com)" "ysfine.com"
38.126.157.40 - - [13/Nov/2022:12:22:28 -0800] "GET /world/poland/krk01.jpg HTTP/1.1" 200 99996 "-" "Mozilla/5.0 (compatible; FemtosearchBot/1.0; http://femtosearch.com)" "ysfine.com"
38.126.157.40 - - [13/Nov/2022:12:22:28 -0800] "GET /princeton/nassin04.jpg HTTP/1.1" 200 218562 "-" "Mozilla/5.0 (compatible; FemtosearchBot/1.0; http://femtosearch.com)" "ysfine.com"
38.126.157.40 - - [13/Nov/2022:12:22:28 -0800] "GET /ffriends/vietnam01.jpg HTTP/1.1" 200 81762 "-" "Mozilla/5.0 (compatible; FemtosearchBot/1.0; http://femtosearch.com)" "ysfine.com"
89.39.149.235 - - [13/Nov/2022:12:23:15 -0800] "GET /people/bianca.jpg HTTP/1.1" 200 92204 "-" "Mozilla/5.0 (Windows NT 10.0; Win64; x64) AppleWebKit/537.36 (KHTML, like Gecko) Chrome/102.0.0.0 Safari/537.36" "www.ysfine.com"
157.55.39.76 - - [13/Nov/2022:12:24:18 -0800] "GET /bio/style/artlove.html HTTP/1.1" 404 88 "-" "Mozilla/5.0 AppleWebKit/537.36 (KHTML, like Gecko; compatible; bingbot/2.0; +http://www.bing.com/bingbot.htm) Chrome/103.0.5060.134 Safari/537.36" "ysfine.com"
51.222.253.8 - - [13/Nov/2022:12:24:27 -0800] "GET /einstein/photoel.html HTTP/1.1" 200 6054 "-" "Mozilla/5.0 (compatible; AhrefsBot/7.0; +http://ahrefs.com/robot/)" "ysfine.com"
51.222.253.1 - - [13/Nov/2022:12:24:33 -0800] "GET /einstein/photoelb.gif HTTP/1.1" 200 6551 "-" "Mozilla/5.0 (compatible; AhrefsBot/7.0; +http://ahrefs.com/robot/)" "ysfine.com"
66.249.66.40 - - [13/Nov/2022:12:24:36 -0800] "GET /ads.txt HTTP/1.1" 404 88 "-" "Mozilla/5.0 (compatible; Googlebot/2.1; +http://www.google.com/bot.html)" "ysfine.com"
77.88.5.245 - - [13/Nov/2022:12:24:51 -0800] "GET /yspapers/index.html HTTP/1.1" 200 21306 "-" "Mozilla/5.0 (compatible; YandexBot/3.0; +http://yandex.com/bots)" "www.ysfine.com"
207.46.13.134 - - [13/Nov/2022:12:25:22 -0800] "GET /bio/dirac/dirpoems.html HTTP/1.1" 404 88 "-" "Mozilla/5.0 AppleWebKit/537.36 (KHTML, like Gecko; compatible; bingbot/2.0; +http://www.bing.com/bingbot.htm) Chrome/103.0.5060.134 Safari/537.36" "ysfine.com"
216.244.66.229 - - [13/Nov/2022:12:25:38 -0800] "GET /ffriends/aline/delta09.jpg HTTP/1.1" 200 79049 "-" "Mozilla/5.0 (compatible; DotBot/1.2; +https://opensiteexplorer.org/dotbot; help@moz.com)" "ysfine.com"
216.244.66.229 - - [13/Nov/2022:12:25:53 -0800] "GET /ffriends/aline/sas02.jpg HTTP/1.1" 200 73645 "-" "Mozilla/5.0 (compatible; DotBot/1.2; +https://opensiteexplorer.org/dotbot; help@moz.com)" "ysfine.com"
216.244.66.229 - - [13/Nov/2022:12:26:33 -0800] "GET /ffriends/aline/mexair11.jpg HTTP/1.1" 200 161802 "-" "Mozilla/5.0 (compatible; DotBot/1.2; +https://opensiteexplorer.org/dotbot; help@moz.com)" "ysfine.com"
38.126.157.40 - - [13/Nov/2022:12:26:52 -0800] "GET /world/russ/arbat43.jpg HTTP/1.1" 200 103923 "-" "Mozilla/5.0 (compatible; FemtosearchBot/1.0; http://femtosearch.com)" "ysfine.com"
38.126.157.40 - - [13/Nov/2022:12:26:52 -0800] "GET /world/brit/trafa02.jpg HTTP/1.1" 200 91337 "-" "Mozilla/5.0 (compatible; FemtosearchBot/1.0; http://femtosearch.com)" "ysfine.com"
38.126.157.40 - - [13/Nov/2022:12:26:53 -0800] "GET /maga/boltz/boost11.jpg HTTP/1.1" 200 34116 "-" "Mozilla/5.0 (compatible; FemtosearchBot/1.0; http://femtosearch.com)" "ysfine.com"
38.126.157.40 - - [13/Nov/2022:12:26:53 -0800] "GET /world/poland/krk72.jpg HTTP/1.1" 200 99629 "-" "Mozilla/5.0 (compatible; FemtosearchBot/1.0; http://femtosearch.com)" "ysfine.com"
38.126.157.40 - - [13/Nov/2022:12:26:53 -0800] "GET /world/russ/gatf10b.jpg HTTP/1.1" 200 37813 "-" "Mozilla/5.0 (compatible; FemtosearchBot/1.0; http://femtosearch.com)" "ysfine.com"
38.126.157.40 - - [13/Nov/2022:12:26:53 -0800] "GET /newyork/battery10c.jpg HTTP/1.1" 200 25995 "-" "Mozilla/5.0 (compatible; FemtosearchBot/1.0; http://femtosearch.com)" "ysfine.com"
38.126.157.40 - - [13/Nov/2022:12:26:53 -0800] "GET /world/russ/gatf03b.jpg HTTP/1.1" 200 38588 "-" "Mozilla/5.0 (compatible; FemtosearchBot/1.0; http://femtosearch.com)" "ysfine.com"
38.126.157.40 - - [13/Nov/2022:12:26:53 -0800] "GET /world/brit/firew03.jpg HTTP/1.1" 200 75620 "-" "Mozilla/5.0 (compatible; FemtosearchBot/1.0; http://femtosearch.com)" "ysfine.com"
216.244.66.229 - - [13/Nov/2022:12:27:23 -0800] "GET /wdc/anna05.jpg HTTP/1.1" 200 79971 "-" "Mozilla/5.0 (compatible; DotBot/1.2; +https://opensiteexplorer.org/dotbot; help@moz.com)" "ysfine.com"
157.55.39.76 - - [13/Nov/2022:12:27:28 -0800] "GET /bio/harmoarchi.html HTTP/1.1" 404 88 "-" "Mozilla/5.0 AppleWebKit/537.36 (KHTML, like Gecko; compatible; bingbot/2.0; +http://www.bing.com/bingbot.htm) Chrome/103.0.5060.134 Safari/537.36" "ysfine.com"
167.71.22.137 - - [13/Nov/2022:12:27:43 -0800] "GET / HTTP/1.1" 200 15910 "-" "Mozilla/5.0 (Windows NT 10.0; Win64; x64) AppleWebKit/537.36 (KHTML, like Gecko) Chrome/89.0.4389.114 Safari/537.36" "ysfine.com"
167.71.22.137 - - [13/Nov/2022:12:27:43 -0800] "GET /wp-includes/wlwmanifest.xml HTTP/1.1" 404 73 "-" "Mozilla/5.0 (Windows NT 10.0; Win64; x64) AppleWebKit/537.36 (KHTML, like Gecko) Chrome/89.0.4389.114 Safari/537.36" "ysfine.com"
167.71.22.137 - - [13/Nov/2022:12:27:43 -0800] "GET /xmlrpc.php?rsd HTTP/1.1" 404 73 "-" "Mozilla/5.0 (Windows NT 10.0; Win64; x64) AppleWebKit/537.36 (KHTML, like Gecko) Chrome/89.0.4389.114 Safari/537.36" "ysfine.com"
167.71.22.137 - - [13/Nov/2022:12:27:43 -0800] "GET /blog/wp-includes/wlwmanifest.xml HTTP/1.1" 404 73 "-" "Mozilla/5.0 (Windows NT 10.0; Win64; x64) AppleWebKit/537.36 (KHTML, like Gecko) Chrome/89.0.4389.114 Safari/537.36" "ysfine.com"
167.71.22.137 - - [13/Nov/2022:12:27:43 -0800] "GET /web/wp-includes/wlwmanifest.xml HTTP/1.1" 404 73 "-" "Mozilla/5.0 (Windows NT 10.0; Win64; x64) AppleWebKit/537.36 (KHTML, like Gecko) Chrome/89.0.4389.114 Safari/537.36" "ysfine.com"
167.71.22.137 - - [13/Nov/2022:12:27:43 -0800] "GET /wordpress/wp-includes/wlwmanifest.xml HTTP/1.1" 404 73 "-" "Mozilla/5.0 (Windows NT 10.0; Win64; x64) AppleWebKit/537.36 (KHTML, like Gecko) Chrome/89.0.4389.114 Safari/537.36" "ysfine.com"
167.71.22.137 - - [13/Nov/2022:12:27:43 -0800] "GET /website/wp-includes/wlwmanifest.xml HTTP/1.1" 404 73 "-" "Mozilla/5.0 (Windows NT 10.0; Win64; x64) AppleWebKit/537.36 (KHTML, like Gecko) Chrome/89.0.4389.114 Safari/537.36" "ysfine.com"
167.71.22.137 - - [13/Nov/2022:12:27:43 -0800] "GET /wp/wp-includes/wlwmanifest.xml HTTP/1.1" 404 73 "-" "Mozilla/5.0 (Windows NT 10.0; Win64; x64) AppleWebKit/537.36 (KHTML, like Gecko) Chrome/89.0.4389.114 Safari/537.36" "ysfine.com"
167.71.22.137 - - [13/Nov/2022:12:27:44 -0800] "GET /news/wp-includes/wlwmanifest.xml HTTP/1.1" 404 73 "-" "Mozilla/5.0 (Windows NT 10.0; Win64; x64) AppleWebKit/537.36 (KHTML, like Gecko) Chrome/89.0.4389.114 Safari/537.36" "ysfine.com"
167.71.22.137 - - [13/Nov/2022:12:27:44 -0800] "GET /2020/wp-includes/wlwmanifest.xml HTTP/1.1" 404 73 "-" "Mozilla/5.0 (Windows NT 10.0; Win64; x64) AppleWebKit/537.36 (KHTML, like Gecko) Chrome/89.0.4389.114 Safari/537.36" "ysfine.com"
167.71.22.137 - - [13/Nov/2022:12:27:44 -0800] "GET /2019/wp-includes/wlwmanifest.xml HTTP/1.1" 404 73 "-" "Mozilla/5.0 (Windows NT 10.0; Win64; x64) AppleWebKit/537.36 (KHTML, like Gecko) Chrome/89.0.4389.114 Safari/537.36" "ysfine.com"
167.71.22.137 - - [13/Nov/2022:12:27:44 -0800] "GET /shop/wp-includes/wlwmanifest.xml HTTP/1.1" 404 73 "-" "Mozilla/5.0 (Windows NT 10.0; Win64; x64) AppleWebKit/537.36 (KHTML, like Gecko) Chrome/89.0.4389.114 Safari/537.36" "ysfine.com"
167.71.22.137 - - [13/Nov/2022:12:27:44 -0800] "GET /wp1/wp-includes/wlwmanifest.xml HTTP/1.1" 404 73 "-" "Mozilla/5.0 (Windows NT 10.0; Win64; x64) AppleWebKit/537.36 (KHTML, like Gecko) Chrome/89.0.4389.114 Safari/537.36" "ysfine.com"
167.71.22.137 - - [13/Nov/2022:12:27:44 -0800] "GET /test/wp-includes/wlwmanifest.xml HTTP/1.1" 404 73 "-" "Mozilla/5.0 (Windows NT 10.0; Win64; x64) AppleWebKit/537.36 (KHTML, like Gecko) Chrome/89.0.4389.114 Safari/537.36" "ysfine.com"
167.71.22.137 - - [13/Nov/2022:12:27:44 -0800] "GET /wp2/wp-includes/wlwmanifest.xml HTTP/1.1" 404 73 "-" "Mozilla/5.0 (Windows NT 10.0; Win64; x64) AppleWebKit/537.36 (KHTML, like Gecko) Chrome/89.0.4389.114 Safari/537.36" "ysfine.com"
167.71.22.137 - - [13/Nov/2022:12:27:44 -0800] "GET /site/wp-includes/wlwmanifest.xml HTTP/1.1" 404 73 "-" "Mozilla/5.0 (Windows NT 10.0; Win64; x64) AppleWebKit/537.36 (KHTML, like Gecko) Chrome/89.0.4389.114 Safari/537.36" "ysfine.com"
167.71.22.137 - - [13/Nov/2022:12:27:44 -0800] "GET /cms/wp-includes/wlwmanifest.xml HTTP/1.1" 404 73 "-" "Mozilla/5.0 (Windows NT 10.0; Win64; x64) AppleWebKit/537.36 (KHTML, like Gecko) Chrome/89.0.4389.114 Safari/537.36" "ysfine.com"
167.71.22.137 - - [13/Nov/2022:12:27:44 -0800] "GET /sito/wp-includes/wlwmanifest.xml HTTP/1.1" 404 73 "-" "Mozilla/5.0 (Windows NT 10.0; Win64; x64) AppleWebKit/537.36 (KHTML, like Gecko) Chrome/89.0.4389.114 Safari/537.36" "ysfine.com"
216.244.66.229 - - [13/Nov/2022:12:27:58 -0800] "GET /world/germany/leipzig57.jpg HTTP/1.1" 200 142407 "-" "Mozilla/5.0 (compatible; DotBot/1.2; +https://opensiteexplorer.org/dotbot; help@moz.com)" "ysfine.com"
157.55.39.76 - - [13/Nov/2022:12:28:08 -0800] "GET /bio/kobak/yskor.html HTTP/1.1" 404 88 "-" "Mozilla/5.0 (compatible; bingbot/2.0; +http://www.bing.com/bingbot.htm)" "ysfine.com"
86.174.172.154 - - [13/Nov/2022:12:28:28 -0800] "GET /world/poland/uprise01.jpg HTTP/1.1" 200 115822 "https://www.google.com/" "Mozilla/5.0 (Linux; Android 12; SM-A127F) AppleWebKit/537.36 (KHTML, like Gecko) Chrome/107.0.0.0 Mobile Safari/537.36" "ysfine.com"
216.244.66.229 - - [13/Nov/2022:12:29:16 -0800] "GET /newyork/battery39.jpg HTTP/1.1" 200 119769 "-" "Mozilla/5.0 (compatible; DotBot/1.2; +https://opensiteexplorer.org/dotbot; help@moz.com)" "ysfine.com"
216.244.66.229 - - [13/Nov/2022:12:30:07 -0800] "GET /sbk/2014dan02.jpg HTTP/1.1" 200 231769 "-" "Mozilla/5.0 (compatible; DotBot/1.2; +https://opensiteexplorer.org/dotbot; help@moz.com)" "ysfine.com"
95.217.195.123 - - [13/Nov/2022:12:30:08 -0800] "GET /robots.txt HTTP/1.1" 404 73 "-" "Mozilla/5.0 (compatible; MJ12bot/v1.4.8; http://mj12bot.com/)" "www.ysfine.com"
157.55.39.129 - - [13/Nov/2022:12:30:13 -0800] "GET /bio/style/rieu.html HTTP/1.1" 404 88 "-" "Mozilla/5.0 AppleWebKit/537.36 (KHTML, like Gecko; compatible; bingbot/2.0; +http://www.bing.com/bingbot.htm) Chrome/103.0.5060.134 Safari/537.36" "ysfine.com"
95.217.195.123 - - [13/Nov/2022:12:30:14 -0800] "GET /ysbio/world/kor/sel803.jpg HTTP/1.1" 404 88 "-" "Mozilla/5.0 (compatible; MJ12bot/v1.4.8; http://mj12bot.com/)" "www.ysfine.com"
157.55.39.6 - - [13/Nov/2022:12:30:24 -0800] "GET /bio/awards/iao.html HTTP/1.1" 404 88 "-" "Mozilla/5.0 (compatible; bingbot/2.0; +http://www.bing.com/bingbot.htm)" "ysfine.com"
216.244.66.229 - - [13/Nov/2022:12:30:57 -0800] "GET /sbk/2018mos09.jpg HTTP/1.1" 200 194216 "-" "Mozilla/5.0 (compatible; DotBot/1.2; +https://opensiteexplorer.org/dotbot; help@moz.com)" "ysfine.com"
162.55.85.225 - - [13/Nov/2022:12:31:09 -0800] "GET /robots.txt HTTP/1.1" 404 88 "-" "Mozilla/5.0 (compatible; BLEXBot/1.0; +http://webmeup-crawler.com/)" "ysfine.com"
162.55.85.225 - - [13/Nov/2022:12:31:10 -0800] "GET /robots.txt HTTP/1.1" 404 88 "-" "Mozilla/5.0 (compatible; BLEXBot/1.0; +http://webmeup-crawler.com/)" "ysfine.com"
162.55.85.225 - - [13/Nov/2022:12:31:12 -0800] "GET /class54/class5470/total_data/sub_827.htm HTTP/1.1" 200 3558 "-" "Mozilla/5.0 (compatible; BLEXBot/1.0; +http://webmeup-crawler.com/)" "ysfine.com"
162.55.85.225 - - [13/Nov/2022:12:31:12 -0800] "GET /sitemap.txt HTTP/1.1" 404 88 "-" "Mozilla/5.0 (compatible; BLEXBot/1.0; +http://webmeup-crawler.com/)" "ysfine.com"
162.55.85.225 - - [13/Nov/2022:12:31:16 -0800] "GET /class54/class5470/total_data/sub_828.htm HTTP/1.1" 200 3561 "-" "Mozilla/5.0 (compatible; BLEXBot/1.0; +http://webmeup-crawler.com/)" "ysfine.com"
162.55.85.225 - - [13/Nov/2022:12:31:20 -0800] "GET /class54/class5470/total_data/sub_829.htm HTTP/1.1" 200 3561 "-" "Mozilla/5.0 (compatible; BLEXBot/1.0; +http://webmeup-crawler.com/)" "ysfine.com"
162.55.85.225 - - [13/Nov/2022:12:31:21 -0800] "GET /robots.txt HTTP/1.1" 404 88 "-" "Mozilla/5.0 (compatible; BLEXBot/1.0; +http://webmeup-crawler.com/)" "www.ysfine.com"
38.126.157.40 - - [13/Nov/2022:12:31:23 -0800] "GET /maga/invent/kdka11.jpg HTTP/1.1" 200 89788 "-" "Mozilla/5.0 (compatible; FemtosearchBot/1.0; http://femtosearch.com)" "ysfine.com"
38.126.157.40 - - [13/Nov/2022:12:31:24 -0800] "GET /world/ital/flor071.jpg HTTP/1.1" 200 91486 "-" "Mozilla/5.0 (compatible; FemtosearchBot/1.0; http://femtosearch.com)" "ysfine.com"
38.126.157.40 - - [13/Nov/2022:12:31:24 -0800] "GET /newyork/nyharbor14.jpg HTTP/1.1" 200 169261 "-" "Mozilla/5.0 (compatible; FemtosearchBot/1.0; http://femtosearch.com)" "ysfine.com"
38.126.157.40 - - [13/Nov/2022:12:31:24 -0800] "GET /einstein/further07.jpg HTTP/1.1" 200 56279 "-" "Mozilla/5.0 (compatible; FemtosearchBot/1.0; http://femtosearch.com)" "ysfine.com"
