91.219.254.101 - - [13/Nov/2022:01:16:50 -0800] "GET /ysbio//newyork/cafenapoli.jpg HTTP/1.1" 404 88 "-" "Mozilla/5.0 (compatible; MJ12bot/v1.4.8; http://mj12bot.com/)" "www.ysfine.com"
91.219.254.101 - - [13/Nov/2022:01:16:52 -0800] "GET /ysbio//newyork/emp07.jpg HTTP/1.1" 404 88 "-" "Mozilla/5.0 (compatible; MJ12bot/v1.4.8; http://mj12bot.com/)" "www.ysfine.com"
91.219.254.101 - - [13/Nov/2022:01:16:54 -0800] "GET /ysbio//newyork/russtea44.jpg HTTP/1.1" 404 88 "-" "Mozilla/5.0 (compatible; MJ12bot/v1.4.8; http://mj12bot.com/)" "www.ysfine.com"
91.219.254.101 - - [13/Nov/2022:01:16:56 -0800] "GET /ysbio//people/prosku11.jpg HTTP/1.1" 404 88 "-" "Mozilla/5.0 (compatible; MJ12bot/v1.4.8; http://mj12bot.com/)" "www.ysfine.com"
216.244.66.229 - - [13/Nov/2022:01:16:56 -0800] "GET /ffriends/amkor/kostu33.jpg HTTP/1.1" 200 114194 "-" "Mozilla/5.0 (compatible; DotBot/1.2; +https://opensiteexplorer.org/dotbot; help@moz.com)" "ysfine.com"
91.219.254.101 - - [13/Nov/2022:01:16:58 -0800] "GET /ysbio//people/prosku22.jpg HTTP/1.1" 404 88 "-" "Mozilla/5.0 (compatible; MJ12bot/v1.4.8; http://mj12bot.com/)" "www.ysfine.com"
91.219.254.101 - - [13/Nov/2022:01:17:00 -0800] "GET /ysbio//princeton/fortpitt.jpg HTTP/1.1" 404 88 "-" "Mozilla/5.0 (compatible; MJ12bot/v1.4.8; http://mj12bot.com/)" "www.ysfine.com"
91.219.254.101 - - [13/Nov/2022:01:17:02 -0800] "GET /ysbio//princeton/wilson05.jpg HTTP/1.1" 404 88 "-" "Mozilla/5.0 (compatible; MJ12bot/v1.4.8; http://mj12bot.com/)" "www.ysfine.com"
91.219.254.101 - - [13/Nov/2022:01:17:04 -0800] "GET /ysbio//saram/d007.jpg HTTP/1.1" 404 88 "-" "Mozilla/5.0 (compatible; MJ12bot/v1.4.8; http://mj12bot.com/)" "www.ysfine.com"
91.219.254.101 - - [13/Nov/2022:01:17:06 -0800] "GET /ysbio//saram/d009.jpg HTTP/1.1" 404 88 "-" "Mozilla/5.0 (compatible; MJ12bot/v1.4.8; http://mj12bot.com/)" "www.ysfine.com"
91.219.254.101 - - [13/Nov/2022:01:17:08 -0800] "GET /ysbio//saram/d011.jpg HTTP/1.1" 404 88 "-" "Mozilla/5.0 (compatible; MJ12bot/v1.4.8; http://mj12bot.com/)" "www.ysfine.com"
91.219.254.101 - - [13/Nov/2022:01:17:10 -0800] "GET /ysbio//saram/sabot.html HTTP/1.1" 404 88 "-" "Mozilla/5.0 (compatible; MJ12bot/v1.4.8; http://mj12bot.com/)" "www.ysfine.com"
91.219.254.101 - - [13/Nov/2022:01:17:12 -0800] "GET /ysbio//style/prahaquar.jpg HTTP/1.1" 404 88 "-" "Mozilla/5.0 (compatible; MJ12bot/v1.4.8; http://mj12bot.com/)" "www.ysfine.com"
91.219.254.101 - - [13/Nov/2022:01:17:14 -0800] "GET /ysbio//style/semper22.jpg HTTP/1.1" 404 88 "-" "Mozilla/5.0 (compatible; MJ12bot/v1.4.8; http://mj12bot.com/)" "www.ysfine.com"
91.219.254.101 - - [13/Nov/2022:01:17:18 -0800] "GET /ysbio//usca/canada/montrf04.jpg HTTP/1.1" 404 88 "-" "Mozilla/5.0 (compatible; MJ12bot/v1.4.8; http://mj12bot.com/)" "www.ysfine.com"
91.219.254.101 - - [13/Nov/2022:01:17:21 -0800] "GET /ysbio//usca/canada/montrf06.jpg HTTP/1.1" 404 88 "-" "Mozilla/5.0 (compatible; MJ12bot/v1.4.8; http://mj12bot.com/)" "www.ysfine.com"
91.219.254.101 - - [13/Nov/2022:01:17:23 -0800] "GET /ysbio//usca/canada/montrf09.jpg HTTP/1.1" 404 88 "-" "Mozilla/5.0 (compatible; MJ12bot/v1.4.8; http://mj12bot.com/)" "www.ysfine.com"
91.219.254.101 - - [13/Nov/2022:01:17:28 -0800] "GET /ysbio//wdc/waskor038.jpg HTTP/1.1" 404 88 "-" "Mozilla/5.0 (compatible; MJ12bot/v1.4.8; http://mj12bot.com/)" "www.ysfine.com"
91.219.254.101 - - [13/Nov/2022:01:17:33 -0800] "GET /ysbio//wdc/whx18.html HTTP/1.1" 404 88 "-" "Mozilla/5.0 (compatible; MJ12bot/v1.4.8; http://mj12bot.com/)" "www.ysfine.com"
91.219.254.101 - - [13/Nov/2022:01:17:37 -0800] "GET /ysbio//wisdom/wkbot.html HTTP/1.1" 404 88 "-" "Mozilla/5.0 (compatible; MJ12bot/v1.4.8; http://mj12bot.com/)" "www.ysfine.com"
91.219.254.101 - - [13/Nov/2022:01:17:42 -0800] "GET /ysbio//workd/ital/sorrento01.jpg HTTP/1.1" 404 88 "-" "Mozilla/5.0 (compatible; MJ12bot/v1.4.8; http://mj12bot.com/)" "www.ysfine.com"
91.219.254.101 - - [13/Nov/2022:01:17:46 -0800] "GET /ysbio//world/balkan/athf01.jpg HTTP/1.1" 404 88 "-" "Mozilla/5.0 (compatible; MJ12bot/v1.4.8; http://mj12bot.com/)" "www.ysfine.com"
91.219.254.101 - - [13/Nov/2022:01:17:51 -0800] "GET /ysbio//world/balkan/athf05.jpg HTTP/1.1" 404 88 "-" "Mozilla/5.0 (compatible; MJ12bot/v1.4.8; http://mj12bot.com/)" "www.ysfine.com"
91.219.254.101 - - [13/Nov/2022:01:17:55 -0800] "GET /ysbio//world/balkan/athf06.jpg HTTP/1.1" 404 88 "-" "Mozilla/5.0 (compatible; MJ12bot/v1.4.8; http://mj12bot.com/)" "www.ysfine.com"
91.219.254.101 - - [13/Nov/2022:01:18:00 -0800] "GET /ysbio//world/balkan/athf08.jpg HTTP/1.1" 404 88 "-" "Mozilla/5.0 (compatible; MJ12bot/v1.4.8; http://mj12bot.com/)" "www.ysfine.com"
91.219.254.101 - - [13/Nov/2022:01:18:03 -0800] "GET /ysbio//world/balkan/athf09.jpg HTTP/1.1" 404 88 "-" "Mozilla/5.0 (compatible; MJ12bot/v1.4.8; http://mj12bot.com/)" "www.ysfine.com"
91.219.254.101 - - [13/Nov/2022:01:18:07 -0800] "GET /ysbio//world/balkan/ephe04.jpg HTTP/1.1" 404 88 "-" "Mozilla/5.0 (compatible; MJ12bot/v1.4.8; http://mj12bot.com/)" "www.ysfine.com"
91.219.254.101 - - [13/Nov/2022:01:18:10 -0800] "GET /ysbio//world/balkan/istan105.jpg HTTP/1.1" 404 88 "-" "Mozilla/5.0 (compatible; MJ12bot/v1.4.8; http://mj12bot.com/)" "www.ysfine.com"
91.219.254.101 - - [13/Nov/2022:01:18:14 -0800] "GET /ysbio//world/balkan/metuguest03.jpg HTTP/1.1" 404 88 "-" "Mozilla/5.0 (compatible; MJ12bot/v1.4.8; http://mj12bot.com/)" "www.ysfine.com"
91.219.254.101 - - [13/Nov/2022:01:18:17 -0800] "GET /ysbio//world/balkan/metuguest05.jpg HTTP/1.1" 404 88 "-" "Mozilla/5.0 (compatible; MJ12bot/v1.4.8; http://mj12bot.com/)" "www.ysfine.com"
91.219.254.101 - - [13/Nov/2022:01:18:21 -0800] "GET /ysbio//world/balkan/turkmodo02.jpg HTTP/1.1" 404 88 "-" "Mozilla/5.0 (compatible; MJ12bot/v1.4.8; http://mj12bot.com/)" "www.ysfine.com"
173.252.95.23 - - [13/Nov/2022:01:18:26 -0800] "GET /style HTTP/1.1" 301 1405 "-" "facebookexternalhit/1.1 (+http://www.facebook.com/externalhit_uatext.php)" "ysfine.com"
173.252.95.23 - - [13/Nov/2022:01:18:26 -0800] "GET /style/ HTTP/1.1" 206 129 "-" "facebookexternalhit/1.1 (+http://www.facebook.com/externalhit_uatext.php)" "ysfine.com"
51.222.253.10 - - [13/Nov/2022:01:19:00 -0800] "GET /maga/tesla.html HTTP/1.1" 200 4852 "-" "Mozilla/5.0 (compatible; AhrefsBot/7.0; +http://ahrefs.com/robot/)" "ysfine.com"
157.55.39.6 - - [13/Nov/2022:01:19:19 -0800] "GET /bio/einstein/bern.html HTTP/1.1" 404 88 "-" "Mozilla/5.0 AppleWebKit/537.36 (KHTML, like Gecko; compatible; bingbot/2.0; +http://www.bing.com/bingbot.htm) Chrome/103.0.5060.134 Safari/537.36" "ysfine.com"
216.244.66.229 - - [13/Nov/2022:01:19:35 -0800] "GET /einstein/eward33.jpg HTTP/1.1" 200 102621 "-" "Mozilla/5.0 (compatible; DotBot/1.2; +https://opensiteexplorer.org/dotbot; help@moz.com)" "ysfine.com"
54.236.1.13 - - [13/Nov/2022:01:19:44 -0800] "GET /robots.txt HTTP/1.1" 404 88 "-" "Mozilla/5.0 (compatible; Pinterestbot/1.0; +http://www.pinterest.com/bot.html)" "ysfine.com"
54.236.1.13 - - [13/Nov/2022:01:19:44 -0800] "GET /einstein/einplanck2.jpg HTTP/1.1" 200 33638 "-" "Mozilla/5.0 (compatible; Pinterestbot/1.0; +http://www.pinterest.com/bot.html)" "ysfine.com"
54.236.1.13 - - [13/Nov/2022:01:19:44 -0800] "GET /einstein/einplanck.html HTTP/1.1" 200 3502 "-" "Mozilla/5.0 (compatible; Pinterestbot/1.0; +http://www.pinterest.com/bot.html)" "ysfine.com"
54.236.1.11 - - [13/Nov/2022:01:19:44 -0800] "GET / HTTP/1.1" 200 5283 "-" "Mozilla/5.0 (compatible; Pinterestbot/1.0; +http://www.pinterest.com/bot.html)" "ysfine.com"
216.244.66.229 - - [13/Nov/2022:01:19:45 -0800] "GET /eink/taylor11.jpg HTTP/1.1" 200 83552 "-" "Mozilla/5.0 (compatible; DotBot/1.2; +https://opensiteexplorer.org/dotbot; help@moz.com)" "ysfine.com"
216.244.66.229 - - [13/Nov/2022:01:19:53 -0800] "GET /ffriends/parthen01.jpg HTTP/1.1" 200 91185 "-" "Mozilla/5.0 (compatible; DotBot/1.2; +https://opensiteexplorer.org/dotbot; help@moz.com)" "ysfine.com"
157.55.39.76 - - [13/Nov/2022:01:19:55 -0800] "GET /bio/bio07.html HTTP/1.1" 404 88 "-" "Mozilla/5.0 (compatible; bingbot/2.0; +http://www.bing.com/bingbot.htm)" "ysfine.com"
216.244.66.229 - - [13/Nov/2022:01:20:01 -0800] "GET /ffriends/romania16.jpg HTTP/1.1" 200 218569 "-" "Mozilla/5.0 (compatible; DotBot/1.2; +https://opensiteexplorer.org/dotbot; help@moz.com)" "ysfine.com"
216.244.66.229 - - [13/Nov/2022:01:20:19 -0800] "GET /ffriends/turkusa01.jpg HTTP/1.1" 200 168034 "-" "Mozilla/5.0 (compatible; DotBot/1.2; +https://opensiteexplorer.org/dotbot; help@moz.com)" "ysfine.com"
157.55.39.129 - - [13/Nov/2022:01:20:58 -0800] "GET /bio/optics.html HTTP/1.1" 404 88 "-" "Mozilla/5.0 (compatible; bingbot/2.0; +http://www.bing.com/bingbot.htm)" "ysfine.com"
51.222.253.19 - - [13/Nov/2022:01:21:03 -0800] "GET /home/einstein/ewk.html HTTP/1.1" 404 88 "-" "Mozilla/5.0 (compatible; AhrefsBot/7.0; +http://ahrefs.com/robot/)" "ysfine.com"
216.244.66.229 - - [13/Nov/2022:01:21:19 -0800] "GET /ffriends/amkor/victork22.jpg HTTP/1.1" 200 52095 "-" "Mozilla/5.0 (compatible; DotBot/1.2; +https://opensiteexplorer.org/dotbot; help@moz.com)" "ysfine.com"
191.53.101.185 - - [13/Nov/2022:01:21:46 -0800] "GET /world/brit/eton11.jpg HTTP/1.1" 200 107084 "https://www.google.com/" "Mozilla/5.0 (Macintosh; Intel Mac OS X 10_10_5) AppleWebKit/537.36 (KHTML, like Gecko) Chrome/87.0.4280.88 Safari/537.36" "ysfine.com"
77.88.5.222 - - [13/Nov/2022:01:21:46 -0800] "GET /einstein/einwheel70.jpg HTTP/1.1" 200 97521 "-" "Mozilla/5.0 (compatible; YandexImages/3.0; +http://yandex.com/bots)" "www.ysfine.com"
40.77.167.27 - - [13/Nov/2022:01:21:57 -0800] "GET /houses/myhouse.html HTTP/1.1" 304 - "-" "Mozilla/5.0 (compatible; bingbot/2.0; +http://www.bing.com/bingbot.htm)" "www.ysfine.com"
216.244.66.229 - - [13/Nov/2022:01:22:18 -0800] "GET /ffriends/czech05.jpg HTTP/1.1" 200 117446 "-" "Mozilla/5.0 (compatible; DotBot/1.2; +https://opensiteexplorer.org/dotbot; help@moz.com)" "ysfine.com"
216.244.66.229 - - [13/Nov/2022:01:22:55 -0800] "GET /ffriends/serbian44.jpg HTTP/1.1" 200 150690 "-" "Mozilla/5.0 (compatible; DotBot/1.2; +https://opensiteexplorer.org/dotbot; help@moz.com)" "ysfine.com"
51.222.253.4 - - [13/Nov/2022:01:23:03 -0800] "GET /home/feynman/partons.html HTTP/1.1" 404 88 "-" "Mozilla/5.0 (compatible; AhrefsBot/7.0; +http://ahrefs.com/robot/)" "ysfine.com"
77.88.5.86 - - [13/Nov/2022:01:23:04 -0800] "GET /world/russ/kazan029.jpg HTTP/1.1" 200 101203 "-" "Mozilla/5.0 (compatible; YandexImages/3.0; +http://yandex.com/bots)" "ysfine.com"
157.55.39.6 - - [13/Nov/2022:01:23:20 -0800] "GET /bio/style/leica.html HTTP/1.1" 404 88 "-" "Mozilla/5.0 (compatible; bingbot/2.0; +http://www.bing.com/bingbot.htm)" "ysfine.com"
191.53.101.185 - - [13/Nov/2022:01:23:36 -0800] "GET /world/brit/eton09.jpg HTTP/1.1" 200 102035 "https://www.google.com/" "Mozilla/5.0 (Macintosh; Intel Mac OS X 10_10_5) AppleWebKit/537.36 (KHTML, like Gecko) Chrome/87.0.4280.88 Safari/537.36" "ysfine.com"
51.222.253.8 - - [13/Nov/2022:01:24:55 -0800] "GET /home/home/dwf.html HTTP/1.1" 404 88 "-" "Mozilla/5.0 (compatible; AhrefsBot/7.0; +http://ahrefs.com/robot/)" "ysfine.com"
157.55.39.6 - - [13/Nov/2022:01:26:00 -0800] "GET /bio/kobak/namdae.html HTTP/1.1" 404 88 "-" "Mozilla/5.0 (compatible; bingbot/2.0; +http://www.bing.com/bingbot.htm)" "ysfine.com"
51.222.253.17 - - [13/Nov/2022:01:26:39 -0800] "GET /home/home/index.html HTTP/1.1" 404 88 "-" "Mozilla/5.0 (compatible; AhrefsBot/7.0; +http://ahrefs.com/robot/)" "ysfine.com"
128.119.202.100 - - [13/Nov/2022:01:27:00 -0800] "GET /world/china/shenyang25.jpg HTTP/1.1" 200 153326 "https://www.google.com/" "Mozilla/5.0 (Macintosh; Intel Mac OS X 10_15_7) AppleWebKit/537.36 (KHTML, like Gecko) Chrome/107.0.0.0 Safari/537.36" "ysfine.com"
222.122.190.69 - - [13/Nov/2022:01:27:22 -0800] "GET / HTTP/1.1" 200 15910 "-" "Mozilla/5.0 (Windows NT 10.0; ZumBot/1.0; Win64; x64) AppleWebKit/537.36 (KHTML, like Gecko) Chrome/79.0.3945.130 Safari/537.36" "ysfine.com"
222.122.190.69 - - [13/Nov/2022:01:27:24 -0800] "GET / HTTP/1.1" 200 15910 "-" "Mozilla/5.0 (Windows NT 10.0; ZumBot/1.0; Win64; x64) AppleWebKit/537.36 (KHTML, like Gecko) Chrome/79.0.3945.130 Safari/537.36" "ysfine.com"
82.0.16.103 - - [13/Nov/2022:01:27:28 -0800] "GET /einstein/einbohr33.jpg HTTP/1.1" 200 87797 "https://www.google.com/" "Mozilla/5.0 (Windows NT 10.0; Win64; x64) AppleWebKit/537.36 (KHTML, like Gecko) Chrome/107.0.0.0 Safari/537.36" "ysfine.com"
82.0.16.103 - - [13/Nov/2022:01:27:28 -0800] "GET /dirac/dirheisen31b.jpg HTTP/1.1" 200 39248 "https://www.google.com/" "Mozilla/5.0 (Windows NT 10.0; Win64; x64) AppleWebKit/537.36 (KHTML, like Gecko) Chrome/107.0.0.0 Safari/537.36" "ysfine.com"
207.46.13.134 - - [13/Nov/2022:01:27:37 -0800] "GET /bio/dirac/dirpoems.html HTTP/1.1" 404 88 "-" "Mozilla/5.0 (compatible; bingbot/2.0; +http://www.bing.com/bingbot.htm)" "ysfine.com"
157.245.57.169 - - [13/Nov/2022:01:29:16 -0800] "GET /wp-includes/wlwmanifest.xml HTTP/1.1" 404 73 "-" "Mozilla/5.0 (Windows NT 10.0; Win64; x64) AppleWebKit/537.36 (KHTML, like Gecko) Chrome/78.0.3904.108 Safari/537.36" "ysfine.com"
157.245.57.169 - - [13/Nov/2022:01:29:17 -0800] "GET /xmlrpc.php?rsd HTTP/1.1" 404 73 "-" "Mozilla/5.0 (Windows NT 10.0; Win64; x64) AppleWebKit/537.36 (KHTML, like Gecko) Chrome/78.0.3904.108 Safari/537.36" "ysfine.com"
157.245.57.169 - - [13/Nov/2022:01:29:19 -0800] "GET /blog/wp-includes/wlwmanifest.xml HTTP/1.1" 404 73 "-" "Mozilla/5.0 (Windows NT 10.0; Win64; x64) AppleWebKit/537.36 (KHTML, like Gecko) Chrome/78.0.3904.108 Safari/537.36" "ysfine.com"
157.245.57.169 - - [13/Nov/2022:01:29:20 -0800] "GET /web/wp-includes/wlwmanifest.xml HTTP/1.1" 404 73 "-" "Mozilla/5.0 (Windows NT 10.0; Win64; x64) AppleWebKit/537.36 (KHTML, like Gecko) Chrome/78.0.3904.108 Safari/537.36" "ysfine.com"
157.245.57.169 - - [13/Nov/2022:01:29:28 -0800] "GET /shop/wp-includes/wlwmanifest.xml HTTP/1.1" 404 73 "-" "Mozilla/5.0 (Windows NT 10.0; Win64; x64) AppleWebKit/537.36 (KHTML, like Gecko) Chrome/78.0.3904.108 Safari/537.36" "ysfine.com"
51.222.253.17 - - [13/Nov/2022:01:30:46 -0800] "GET /passport11c.jpg HTTP/1.1" 404 88 "-" "Mozilla/5.0 (compatible; AhrefsBot/7.0; +http://ahrefs.com/robot/)" "ysfine.com"
108.185.120.245 - - [13/Nov/2022:01:31:11 -0800] "GET /princeton/withers01.jpg HTTP/1.1" 200 113946 "https://www.google.com/" "Mozilla/5.0 (Windows NT 10.0; Win64; x64) AppleWebKit/537.36 (KHTML, like Gecko) Chrome/107.0.0.0 Safari/537.36" "ysfine.com"
51.222.253.13 - - [13/Nov/2022:01:31:36 -0800] "GET /fotos/beetho33d.jpg HTTP/1.1" 200 60567 "-" "Mozilla/5.0 (compatible; AhrefsBot/7.0; +http://ahrefs.com/robot/)" "ysfine.com"
51.222.253.15 - - [13/Nov/2022:01:31:42 -0800] "GET /korart03d.jpg HTTP/1.1" 404 88 "-" "Mozilla/5.0 (compatible; AhrefsBot/7.0; +http://ahrefs.com/robot/)" "ysfine.com"
51.222.253.10 - - [13/Nov/2022:01:31:42 -0800] "GET /fotos/kennedy60d.jpg HTTP/1.1" 200 57844 "-" "Mozilla/5.0 (compatible; AhrefsBot/7.0; +http://ahrefs.com/robot/)" "ysfine.com"
51.222.253.15 - - [13/Nov/2022:01:31:54 -0800] "GET /einstein/mose.html HTTP/1.1" 404 88 "-" "Mozilla/5.0 (compatible; AhrefsBot/7.0; +http://ahrefs.com/robot/)" "ysfine.com"
167.114.64.97 - - [13/Nov/2022:01:31:55 -0800] "GET /robots.txt HTTP/1.1" 404 73 "-" "Mozilla/5.0 (compatible; MJ12bot/v1.4.8; http://mj12bot.com/)" "www.ysfine.com"
51.222.253.5 - - [13/Nov/2022:01:31:48 -0800] "GET /ys54d.jpg HTTP/1.1" 404 88 "-" "Mozilla/5.0 (compatible; AhrefsBot/7.0; +http://ahrefs.com/robot/)" "ysfine.com"
167.114.64.97 - - [13/Nov/2022:01:31:57 -0800] "GET /einstein/ulm.html HTTP/1.1" 200 6713 "-" "Mozilla/5.0 (compatible; MJ12bot/v1.4.8; http://mj12bot.com/)" "ysfine.com"
207.46.13.134 - - [13/Nov/2022:01:32:08 -0800] "GET /bio/wigner/e(2).html HTTP/1.1" 404 88 "-" "Mozilla/5.0 (compatible; bingbot/2.0; +http://www.bing.com/bingbot.htm)" "ysfine.com"
167.114.64.97 - - [13/Nov/2022:01:32:01 -0800] "GET /class54/class5480/Pictures/1.%C3%AC%C2%A0%C2%91%C3%AC%C2%88%C2%98%C3%AB%C2%B0%C2%8F%C3%AD%C2%99%C2%98%C3%AB%C2%8B%C2%B4/ HTTP/1.1" 200 869 "-" "Mozilla/5.0 (compatible; MJ12bot/v1.4.8; http://mj12bot.com/)" "www.ysfine.com"
167.114.64.97 - - [13/Nov/2022:01:32:22 -0800] "GET /ysbio/tables/tab33.jpg HTTP/1.1" 404 88 "-" "Mozilla/5.0 (compatible; MJ12bot/v1.4.8; http://mj12bot.com/)" "www.ysfine.com"
40.77.167.71 - - [13/Nov/2022:01:32:57 -0800] "GET /bio/feynman/partons.html HTTP/1.1" 404 88 "-" "Mozilla/5.0 (compatible; bingbot/2.0; +http://www.bing.com/bingbot.htm)" "ysfine.com"
51.222.253.15 - - [13/Nov/2022:01:33:55 -0800] "GET /folks/soldiers.html HTTP/1.1" 200 4685 "-" "Mozilla/5.0 (compatible; AhrefsBot/7.0; +http://ahrefs.com/robot/)" "ysfine.com"
125.209.235.169 - - [13/Nov/2022:01:33:56 -0800] "GET /robots.txt HTTP/1.1" 404 88 "-" "Mozilla/5.0 (compatible; Yeti/1.1; +https://naver.me/spd)" "ysfine.com"
125.209.235.172 - - [13/Nov/2022:01:33:58 -0800] "GET /robots.txt HTTP/1.1" 404 88 "-" "Mozilla/5.0 (compatible; Yeti/1.1; +https://naver.me/spd)" "ysfine.com"
114.111.32.34 - - [13/Nov/2022:01:34:00 -0800] "GET /people/wheeler.html HTTP/1.1" 200 3348 "-" "Mozilla/5.0 (compatible; Yeti/1.1; +https://naver.me/spd)" "ysfine.com"
51.222.253.8 - - [13/Nov/2022:01:35:47 -0800] "GET /roostalin.html HTTP/1.1" 404 88 "-" "Mozilla/5.0 (compatible; AhrefsBot/7.0; +http://ahrefs.com/robot/)" "ysfine.com"
157.55.39.6 - - [13/Nov/2022:01:36:52 -0800] "GET /bio/world/leipzig.html HTTP/1.1" 404 88 "-" "Mozilla/5.0 AppleWebKit/537.36 (KHTML, like Gecko; compatible; bingbot/2.0; +http://www.bing.com/bingbot.htm) Chrome/103.0.5060.134 Safari/537.36" "ysfine.com"
207.46.13.134 - - [13/Nov/2022:01:36:58 -0800] "GET /bio/style/ystyle.html HTTP/1.1" 404 88 "-" "Mozilla/5.0 AppleWebKit/537.36 (KHTML, like Gecko; compatible; bingbot/2.0; +http://www.bing.com/bingbot.htm) Chrome/103.0.5060.134 Safari/537.36" "ysfine.com"
207.46.13.134 - - [13/Nov/2022:01:37:49 -0800] "GET /bio/feynman/fphoto.html HTTP/1.1" 404 88 "-" "Mozilla/5.0 AppleWebKit/537.36 (KHTML, like Gecko; compatible; bingbot/2.0; +http://www.bing.com/bingbot.htm) Chrome/103.0.5060.134 Safari/537.36" "ysfine.com"
157.55.39.129 - - [13/Nov/2022:01:37:54 -0800] "GET /bio/kobak/soraech.html HTTP/1.1" 404 88 "-" "Mozilla/5.0 (compatible; bingbot/2.0; +http://www.bing.com/bingbot.htm)" "ysfine.com"
77.75.76.166 - - [13/Nov/2022:01:37:55 -0800] "GET /robots.txt HTTP/1.1" 404 88 "-" "Mozilla/5.0 (compatible; SeznamBot/3.2; +http://napoveda.seznam.cz/en/seznambot-intro/)" "ysfine.com"
77.75.76.166 - - [13/Nov/2022:01:37:57 -0800] "GET /world/baltic/tallin15.jpg HTTP/1.1" 304 - "-" "Mozilla/5.0 (compatible; SeznamBot/3.2; +http://napoveda.seznam.cz/en/seznambot-intro/)" "ysfine.com"
77.75.76.166 - - [13/Nov/2022:01:37:58 -0800] "GET /maga/invent/helmholtz.jpg HTTP/1.1" 304 - "-" "Mozilla/5.0 (compatible; SeznamBot/3.2; +http://napoveda.seznam.cz/en/seznambot-intro/)" "ysfine.com"
77.75.76.166 - - [13/Nov/2022:01:37:58 -0800] "GET /world/poland/jablo62.jpg HTTP/1.1" 304 - "-" "Mozilla/5.0 (compatible; SeznamBot/3.2; +http://napoveda.seznam.cz/en/seznambot-intro/)" "ysfine.com"
77.75.76.166 - - [13/Nov/2022:01:37:59 -0800] "GET /princeton/nasshall03.jpg HTTP/1.1" 200 147463 "-" "Mozilla/5.0 (compatible; SeznamBot/3.2; +http://napoveda.seznam.cz/en/seznambot-intro/)" "ysfine.com"
77.75.76.166 - - [13/Nov/2022:01:38:03 -0800] "GET /world/russ/basil01.jpg HTTP/1.1" 200 100912 "-" "Mozilla/5.0 (compatible; SeznamBot/3.2; +http://napoveda.seznam.cz/en/seznambot-intro/)" "ysfine.com"
51.222.253.12 - - [13/Nov/2022:01:38:04 -0800] "GET /folks/garden.html HTTP/1.1" 200 35721 "-" "Mozilla/5.0 (compatible; AhrefsBot/7.0; +http://ahrefs.com/robot/)" "ysfine.com"
77.75.76.166 - - [13/Nov/2022:01:38:05 -0800] "GET /world/brit/dunf07.jpg HTTP/1.1" 304 - "-" "Mozilla/5.0 (compatible; SeznamBot/3.2; +http://napoveda.seznam.cz/en/seznambot-intro/)" "ysfine.com"
77.75.76.166 - - [13/Nov/2022:01:38:06 -0800] "GET /wdc/gtown26.jpg HTTP/1.1" 304 - "-" "Mozilla/5.0 (compatible; SeznamBot/3.2; +http://napoveda.seznam.cz/en/seznambot-intro/)" "ysfine.com"
40.77.167.27 - - [13/Nov/2022:01:38:13 -0800] "GET /bio/style/proschanie.html HTTP/1.1" 404 88 "-" "Mozilla/5.0 AppleWebKit/537.36 (KHTML, like Gecko; compatible; bingbot/2.0; +http://www.bing.com/bingbot.htm) Chrome/103.0.5060.134 Safari/537.36" "ysfine.com"
185.191.171.15 - - [13/Nov/2022:01:38:19 -0800] "GET /robots.txt HTTP/1.1" 404 88 "-" "Mozilla/5.0 (compatible; SemrushBot/7~bl; +http://www.semrush.com/bot.html)" "www.ysfine.com"
185.191.171.6 - - [13/Nov/2022:01:38:21 -0800] "GET /home/100yrs.html HTTP/1.1" 200 7936 "-" "Mozilla/5.0 (compatible; SemrushBot/7~bl; +http://www.semrush.com/bot.html)" "www.ysfine.com"
121.29.77.107 - - [13/Nov/2022:01:38:35 -0800] "GET /kowar/tanks/tank54.jpg HTTP/1.1" 200 76330 "https://cn.bing.com/" "Mozilla/5.0 (Macintosh; Intel Mac OS X 10_15_6) AppleWebKit/605.1.15 (KHTML, like Gecko) Version/15.6.1 Safari/605.1.15" "www.ysfine.com"
93.158.161.71 - - [13/Nov/2022:01:38:44 -0800] "GET /maga/yukawa.html HTTP/1.1" 200 5658 "-" "Mozilla/5.0 (compatible; YandexBot/3.0; +http://yandex.com/bots)" "www.ysfine.com"
51.222.253.13 - - [13/Nov/2022:01:40:00 -0800] "GET /folks/korcasia.html HTTP/1.1" 200 2498 "-" "Mozilla/5.0 (compatible; AhrefsBot/7.0; +http://ahrefs.com/robot/)" "ysfine.com"
185.191.171.23 - - [13/Nov/2022:01:40:16 -0800] "GET /robots.txt HTTP/1.1" 404 88 "-" "Mozilla/5.0 (compatible; SemrushBot/7~bl; +http://www.semrush.com/bot.html)" "ysfine.com"
185.191.171.1 - - [13/Nov/2022:01:40:18 -0800] "GET /ysbio/wdc/wasdc.html HTTP/1.1" 404 88 "-" "Mozilla/5.0 (compatible; SemrushBot/7~bl; +http://www.semrush.com/bot.html)" "ysfine.com"
89.64.63.159 - - [13/Nov/2022:01:40:28 -0800] "GET /feynman/feydirac.jpg HTTP/1.1" 200 98378 "https://www.google.com/" "Mozilla/5.0 (Macintosh; Intel Mac OS X 10_15_7) AppleWebKit/537.36 (KHTML, like Gecko) Chrome/107.0.0.0 Safari/537.36" "ysfine.com"
114.119.128.162 - - [13/Nov/2022:01:41:09 -0800] "GET /class54/class5480/Pictures/1.%C3%AC%C2%A0%C2%91%C3%AC%C2%88%C2%98%C3%AB%C2%B0%C2%8F%C3%AD%C2%99%C2%98%C3%AB%C2%8B%C2%B4/?C=S%3BO%3DA HTTP/1.1" 200 869 "https://ysfine.com/class54/class5480/Pictures/1.%c3%ac%c2%a0%c2%91%c3%ac%c2%88%c2%98%c3%ab%c2%b0%c2%8f%c3%ad%c2%99%c2%98%c3%ab%c2%8b%c2%b4/?C=D%3BO%3DA" "Mozilla/5.0 (Linux; Android 7.0;) AppleWebKit/537.36 (KHTML, like Gecko) Mobile Safari/537.36 (compatible; PetalBot;+https://webmaster.petalsearch.com/site/petalbot)" "ysfine.com"
51.222.253.4 - - [13/Nov/2022:01:41:40 -0800] "GET /sing.html HTTP/1.1" 404 88 "-" "Mozilla/5.0 (compatible; AhrefsBot/7.0; +http://ahrefs.com/robot/)" "ysfine.com"
114.119.128.14 - - [13/Nov/2022:01:42:36 -0800] "GET /einstein/index.html%22 HTTP/1.1" 404 88 "https://ysfine.com/princeton/prlinks.html" "Mozilla/5.0 (Linux; Android 7.0;) AppleWebKit/537.36 (KHTML, like Gecko) Mobile Safari/537.36 (compatible; PetalBot;+https://webmaster.petalsearch.com/site/petalbot)" "ysfine.com"
207.46.13.134 - - [13/Nov/2022:01:42:58 -0800] "GET /bio/world/trier.html HTTP/1.1" 404 88 "-" "Mozilla/5.0 AppleWebKit/537.36 (KHTML, like Gecko; compatible; bingbot/2.0; +http://www.bing.com/bingbot.htm) Chrome/103.0.5060.134 Safari/537.36" "ysfine.com"
51.222.253.3 - - [13/Nov/2022:01:43:34 -0800] "GET /folks/goldha.html HTTP/1.1" 200 1796 "-" "Mozilla/5.0 (compatible; AhrefsBot/7.0; +http://ahrefs.com/robot/)" "ysfine.com"
95.163.255.71 - - [13/Nov/2022:01:43:37 -0800] "GET /robots.txt HTTP/1.1" 404 73 "-" "Mozilla/5.0 (compatible; Linux x86_64; Mail.RU_Bot/Img/2.0; +https://help.mail.ru/webmaster/indexing/robots)" "www.ysfine.com"
47.242.114.196 - - [13/Nov/2022:01:44:56 -0800] "GET /maga/phys/maclaurin01b.jpg HTTP/1.1" 200 49228 "-" "Mozilla/5.0 (X11; Ubuntu; Linux x86_64; rv:72.0) Gecko/20100101 Firefox/72.0" "ysfine.com"
47.242.114.196 - - [13/Nov/2022:01:45:00 -0800] "GET /maga/invent/bell01b.jpg HTTP/1.1" 200 35302 "-" "Mozilla/5.0 (X11; Ubuntu; Linux x86_64; rv:72.0) Gecko/20100101 Firefox/72.0" "ysfine.com"
47.242.114.196 - - [13/Nov/2022:01:45:12 -0800] "GET /maga/phys/maclaurin01b.jpg HTTP/1.1" 200 49228 "-" "Mozilla/5.0 (X11; Ubuntu; Linux x86_64; rv:72.0) Gecko/20100101 Firefox/72.0" "www.ysfine.com"
51.222.253.8 - - [13/Nov/2022:01:45:23 -0800] "GET /folks/sbt.html HTTP/1.1" 200 529 "-" "Mozilla/5.0 (compatible; AhrefsBot/7.0; +http://ahrefs.com/robot/)" "ysfine.com"
51.222.253.10 - - [13/Nov/2022:01:47:04 -0800] "GET /folks/wheeler.html HTTP/1.1" 200 3348 "-" "Mozilla/5.0 (compatible; AhrefsBot/7.0; +http://ahrefs.com/robot/)" "ysfine.com"
157.55.39.76 - - [13/Nov/2022:01:47:06 -0800] "GET /bio/style/artlove.html HTTP/1.1" 404 88 "-" "Mozilla/5.0 AppleWebKit/537.36 (KHTML, like Gecko; compatible; bingbot/2.0; +http://www.bing.com/bingbot.htm) Chrome/103.0.5060.134 Safari/537.36" "ysfine.com"
114.119.128.162 - - [13/Nov/2022:01:47:07 -0800] "GET /confer/subscri.html HTTP/1.1" 200 558 "https://ysfine.com/confer/inbot.html" "Mozilla/5.0 (Linux; Android 7.0;) AppleWebKit/537.36 (KHTML, like Gecko) Mobile Safari/537.36 (compatible; PetalBot;+https://webmaster.petalsearch.com/site/petalbot)" "ysfine.com"
59.124.222.122 - - [13/Nov/2022:01:47:22 -0800] "GET /wigner/neum/vnc02.jpg HTTP/1.1" 200 122957 "https://www.google.com/" "Mozilla/5.0 (Macintosh; Intel Mac OS X 10_15_7) AppleWebKit/537.36 (KHTML, like Gecko) Chrome/107.0.0.0 Safari/537.36" "ysfine.com"
8.210.218.222 - - [13/Nov/2022:01:48:02 -0800] "GET /feynman/fa5.jpg HTTP/1.1" 200 9728 "-" "Mozilla/5.0 (X11; Ubuntu; Linux x86_64; rv:72.0) Gecko/20100101 Firefox/72.0" "www.ysfine.com"
157.55.39.76 - - [13/Nov/2022:01:49:16 -0800] "GET /bio/harmoarchi.html HTTP/1.1" 404 88 "-" "Mozilla/5.0 (compatible; bingbot/2.0; +http://www.bing.com/bingbot.htm)" "ysfine.com"
157.55.39.76 - - [13/Nov/2022:01:49:37 -0800] "GET /bio/kobak/yskor.html HTTP/1.1" 404 88 "-" "Mozilla/5.0 AppleWebKit/537.36 (KHTML, like Gecko; compatible; bingbot/2.0; +http://www.bing.com/bingbot.htm) Chrome/103.0.5060.134 Safari/537.36" "ysfine.com"
51.222.253.14 - - [13/Nov/2022:01:49:44 -0800] "GET /kobak/draftreg.html HTTP/1.1" 200 484 "-" "Mozilla/5.0 (compatible; AhrefsBot/7.0; +http://ahrefs.com/robot/)" "ysfine.com"
95.223.75.38 - - [13/Nov/2022:01:50:14 -0800] "GET /world/hungary/buda071.jpg HTTP/1.1" 200 119681 "https://www.bing.com/" "Mozilla/5.0 (Windows NT 10.0; Win64; x64) AppleWebKit/537.36 (KHTML, like Gecko) Chrome/107.0.0.0 Safari/537.36 Edg/107.0.1418.42" "ysfine.com"
185.191.171.14 - - [13/Nov/2022:01:50:52 -0800] "GET /einstein/eincopen.html HTTP/1.1" 200 6900 "-" "Mozilla/5.0 (compatible; SemrushBot/7~bl; +http://www.semrush.com/bot.html)" "www.ysfine.com"
193.209.96.43 - - [13/Nov/2022:01:51:51 -0800] "GET /newyork/trumpmap11.jpg HTTP/1.1" 200 89520 "-" "Mozilla/5.0 (X11; Ubuntu; Linux x86_64; rv:72.0) Gecko/20100101 Firefox/72.0" "ysfine.com"
157.55.39.6 - - [13/Nov/2022:01:52:03 -0800] "GET /bio/awards/iao.html HTTP/1.1" 404 88 "-" "Mozilla/5.0 (compatible; bingbot/2.0; +http://www.bing.com/bingbot.htm)" "ysfine.com"
157.55.39.6 - - [13/Nov/2022:01:52:23 -0800] "GET /bio/dirac/diracpol.html HTTP/1.1" 404 88 "-" "Mozilla/5.0 AppleWebKit/537.36 (KHTML, like Gecko; compatible; bingbot/2.0; +http://www.bing.com/bingbot.htm) Chrome/103.0.5060.134 Safari/537.36" "ysfine.com"
157.55.39.6 - - [13/Nov/2022:01:52:24 -0800] "GET /wdc/was69kor.html HTTP/1.1" 200 304 "-" "Mozilla/5.0 (compatible; bingbot/2.0; +http://www.bing.com/bingbot.htm)" "ysfine.com"
157.55.39.129 - - [13/Nov/2022:01:52:31 -0800] "GET /bio/style/rieu.html HTTP/1.1" 404 88 "-" "Mozilla/5.0 (compatible; bingbot/2.0; +http://www.bing.com/bingbot.htm)" "ysfine.com"
77.75.79.119 - - [13/Nov/2022:01:53:26 -0800] "GET /dirac/index.html HTTP/1.1" 200 124 "-" "Mozilla/5.0 (compatible; SeznamBot/4.0-RC1; +http://napoveda.seznam.cz/seznambot-intro/)" "ysfine.com"
40.77.167.27 - - [13/Nov/2022:01:53:32 -0800] "GET /ysbio/folks/korean.html HTTP/1.1" 404 88 "-" "Mozilla/5.0 AppleWebKit/537.36 (KHTML, like Gecko; compatible; bingbot/2.0; +http://www.bing.com/bingbot.htm) Chrome/103.0.5060.134 Safari/537.36" "ysfine.com"
207.46.13.134 - - [13/Nov/2022:01:54:20 -0800] "GET /bio/princeton/campus.html HTTP/1.1" 404 88 "-" "Mozilla/5.0 AppleWebKit/537.36 (KHTML, like Gecko; compatible; bingbot/2.0; +http://www.bing.com/bingbot.htm) Chrome/103.0.5060.134 Safari/537.36" "ysfine.com"
114.119.128.158 - - [13/Nov/2022:01:55:18 -0800] "GET /remote/sisfa12aa/frame06.html HTTP/1.1" 200 320 "https://ysfine.com/remote/sisfa12aa/frame07.html" "Mozilla/5.0 (Linux; Android 7.0;) AppleWebKit/537.36 (KHTML, like Gecko) Mobile Safari/537.36 (compatible; PetalBot;+https://webmaster.petalsearch.com/site/petalbot)" "ysfine.com"
51.222.253.20 - - [13/Nov/2022:01:55:23 -0800] "GET /remote/wigner111/frame22.html HTTP/1.1" 200 719 "-" "Mozilla/5.0 (compatible; AhrefsBot/7.0; +http://ahrefs.com/robot/)" "ysfine.com"
18.209.36.67 - - [13/Nov/2022:01:55:35 -0800] "GET /sitemap.xml HTTP/1.1" 304 - "https://www.google.com/" "Mozilla/5.0 (Macintosh; Intel Mac OS X 10.15; rv:74.0) Gecko/20100101 Firefox/74.0" "www.ysfine.com"
40.77.167.71 - - [13/Nov/2022:01:55:39 -0800] "GET /bio/genea.html HTTP/1.1" 404 88 "-" "Mozilla/5.0 AppleWebKit/537.36 (KHTML, like Gecko; compatible; bingbot/2.0; +http://www.bing.com/bingbot.htm) Chrome/103.0.5060.134 Safari/537.36" "ysfine.com"
95.163.255.61 - - [13/Nov/2022:01:56:04 -0800] "GET /robots.txt HTTP/1.1" 404 73 "-" "Mozilla/5.0 (compatible; Linux x86_64; Mail.RU_Bot/Img/2.0; +https://help.mail.ru/webmaster/indexing/robots)" "ysfine.com"
157.55.39.129 - - [13/Nov/2022:01:57:01 -0800] "GET /bio/eink/buythisbook.html HTTP/1.1" 404 88 "-" "Mozilla/5.0 AppleWebKit/537.36 (KHTML, like Gecko; compatible; bingbot/2.0; +http://www.bing.com/bingbot.htm) Chrome/103.0.5060.134 Safari/537.36" "ysfine.com"
78.126.116.2 - - [13/Nov/2022:01:58:46 -0800] "GET /world/russ/kazanmap22.jpg HTTP/1.1" 200 129761 "https://www.bing.com/" "Mozilla/5.0 (Windows NT 10.0; Win64; x64) AppleWebKit/537.36 (KHTML, like Gecko) Chrome/107.0.0.0 Safari/537.36 Edg/107.0.1418.35" "www.ysfine.com"
157.55.39.6 - - [13/Nov/2022:01:59:14 -0800] "GET /bio/einstein/bern.html HTTP/1.1" 404 88 "-" "Mozilla/5.0 AppleWebKit/537.36 (KHTML, like Gecko; compatible; bingbot/2.0; +http://www.bing.com/bingbot.htm) Chrome/103.0.5060.134 Safari/537.36" "ysfine.com"
157.55.39.76 - - [13/Nov/2022:01:59:19 -0800] "GET /bio/bio07.html HTTP/1.1" 404 88 "-" "Mozilla/5.0 (compatible; bingbot/2.0; +http://www.bing.com/bingbot.htm)" "ysfine.com"
185.191.171.25 - - [13/Nov/2022:01:59:39 -0800] "GET /world/spb.html HTTP/1.1" 200 16118 "-" "Mozilla/5.0 (compatible; SemrushBot/7~bl; +http://www.semrush.com/bot.html)" "www.ysfine.com"
157.55.39.129 - - [13/Nov/2022:01:59:42 -0800] "GET /bio/optics.html HTTP/1.1" 404 88 "-" "Mozilla/5.0 (compatible; bingbot/2.0; +http://www.bing.com/bingbot.htm)" "ysfine.com"
185.191.171.14 - - [13/Nov/2022:01:59:51 -0800] "GET /wisdom/wkwireless.html HTTP/1.1" 200 6236 "-" "Mozilla/5.0 (compatible; SemrushBot/7~bl; +http://www.semrush.com/bot.html)" "ysfine.com"
192.145.119.53 - - [13/Nov/2022:02:00:07 -0800] "GET /princeton/alexan22.jpg HTTP/1.1" 200 175436 "https://www.google.com/" "Mozilla/5.0 (Windows NT 10.0; Win64; x64; rv:106.0) Gecko/20100101 Firefox/106.0" "ysfine.com"
51.222.253.12 - - [13/Nov/2022:02:00:24 -0800] "GET /home/harmoarchi.html HTTP/1.1" 200 3686 "-" "Mozilla/5.0 (compatible; AhrefsBot/7.0; +http://ahrefs.com/robot/)" "ysfine.com"
185.191.171.24 - - [13/Nov/2022:02:00:36 -0800] "GET /maga/bohr.html HTTP/1.1" 200 5125 "-" "Mozilla/5.0 (compatible; SemrushBot/7~bl; +http://www.semrush.com/bot.html)" "www.ysfine.com"
81.22.36.193 - - [13/Nov/2022:02:00:36 -0800] "GET /maga/phys/landau35b.jpg HTTP/1.1" 200 26143 "https://www.google.com/" "Mozilla/5.0 (Windows NT 10.0; Win64; x64) AppleWebKit/537.36 (KHTML, like Gecko) Chrome/107.0.0.0 Safari/537.36" "ysfine.com"
93.158.161.51 - - [13/Nov/2022:02:00:41 -0800] "GET /robots.txt HTTP/1.1" 404 73 "-" "Mozilla/5.0 (compatible; YandexBot/3.0; +http://yandex.com/bots)" "www.ysfine.com"
93.158.161.50 - - [13/Nov/2022:02:00:45 -0800] "GET /world/china11.html HTTP/1.1" 200 24682 "-" "Mozilla/5.0 (compatible; YandexBot/3.0; +http://yandex.com/bots)" "www.ysfine.com"
185.191.171.40 - - [13/Nov/2022:02:02:32 -0800] "GET /ysbio/newyork/nyc.html HTTP/1.1" 404 88 "-" "Mozilla/5.0 (compatible; SemrushBot/7~bl; +http://www.semrush.com/bot.html)" "ysfine.com"
157.55.39.6 - - [13/Nov/2022:02:02:55 -0800] "GET /bio/style/leica.html HTTP/1.1" 404 88 "-" "Mozilla/5.0 AppleWebKit/537.36 (KHTML, like Gecko; compatible; bingbot/2.0; +http://www.bing.com/bingbot.htm) Chrome/103.0.5060.134 Safari/537.36" "ysfine.com"
40.77.167.71 - - [13/Nov/2022:02:03:20 -0800] "GET /bio/internal.html HTTP/1.1" 404 88 "-" "Mozilla/5.0 AppleWebKit/537.36 (KHTML, like Gecko; compatible; bingbot/2.0; +http://www.bing.com/bingbot.htm) Chrome/103.0.5060.134 Safari/537.36" "ysfine.com"
216.244.66.229 - - [13/Nov/2022:02:04:40 -0800] "GET /robots.txt HTTP/1.1" 404 73 "-" "Mozilla/5.0 (compatible; DotBot/1.2; +https://opensiteexplorer.org/dotbot; help@moz.com)" "www.ysfine.com"
216.244.66.229 - - [13/Nov/2022:02:04:40 -0800] "GET /robots.txt HTTP/1.1" 404 73 "-" "Mozilla/5.0 (compatible; DotBot/1.2; +https://opensiteexplorer.org/dotbot; help@moz.com)" "ysfine.com"
51.222.253.5 - - [13/Nov/2022:02:05:07 -0800] "GET /ysbio/folks/garden.html HTTP/1.1" 404 88 "-" "Mozilla/5.0 (compatible; AhrefsBot/7.0; +http://ahrefs.com/robot/)" "www.ysfine.com"
157.55.39.6 - - [13/Nov/2022:02:05:54 -0800] "GET /bio/kobak/namdae.html HTTP/1.1" 404 88 "-" "Mozilla/5.0 (compatible; bingbot/2.0; +http://www.bing.com/bingbot.htm)" "ysfine.com"
157.55.39.76 - - [13/Nov/2022:02:06:17 -0800] "GET /maga/phil/sisfa12/frame58.html HTTP/1.1" 200 319 "-" "Mozilla/5.0 (compatible; bingbot/2.0; +http://www.bing.com/bingbot.htm)" "www.ysfine.com"
157.55.39.76 - - [13/Nov/2022:02:07:09 -0800] "GET /bio/feynman/fthtop.html HTTP/1.1" 404 88 "-" "Mozilla/5.0 AppleWebKit/537.36 (KHTML, like Gecko; compatible; bingbot/2.0; +http://www.bing.com/bingbot.htm) Chrome/103.0.5060.134 Safari/537.36" "ysfine.com"
157.55.39.129 - - [13/Nov/2022:02:07:52 -0800] "GET /bio/world/kalinin22.html HTTP/1.1" 404 88 "-" "Mozilla/5.0 AppleWebKit/537.36 (KHTML, like Gecko; compatible; bingbot/2.0; +http://www.bing.com/bingbot.htm) Chrome/103.0.5060.134 Safari/537.36" "ysfine.com"
185.191.171.19 - - [13/Nov/2022:02:07:52 -0800] "GET /world/ysworld.html HTTP/1.1" 200 3195 "-" "Mozilla/5.0 (compatible; SemrushBot/7~bl; +http://www.semrush.com/bot.html)" "ysfine.com"
207.46.13.134 - - [13/Nov/2022:02:08:12 -0800] "GET /bio/pquartet.html HTTP/1.1" 404 88 "-" "Mozilla/5.0 (compatible; bingbot/2.0; +http://www.bing.com/bingbot.htm)" "ysfine.com"
40.77.167.71 - - [13/Nov/2022:02:08:20 -0800] "GET /ysbio/folks/british.html HTTP/1.1" 404 88 "-" "Mozilla/5.0 (compatible; bingbot/2.0; +http://www.bing.com/bingbot.htm)" "ysfine.com"
40.77.167.71 - - [13/Nov/2022:02:08:20 -0800] "GET /bio/wigner/wigpoinc.html HTTP/1.1" 404 88 "-" "Mozilla/5.0 AppleWebKit/537.36 (KHTML, like Gecko; compatible; bingbot/2.0; +http://www.bing.com/bingbot.htm) Chrome/103.0.5060.134 Safari/537.36" "ysfine.com"
77.88.5.46 - - [13/Nov/2022:02:08:46 -0800] "GET /world/brit/dunf15.jpg HTTP/1.1" 200 113687 "-" "Mozilla/5.0 (compatible; YandexImages/3.0; +http://yandex.com/bots)" "ysfine.com"
157.55.39.76 - - [13/Nov/2022:02:09:30 -0800] "GET /bio/sbk/1950.html HTTP/1.1" 404 88 "-" "Mozilla/5.0 (compatible; bingbot/2.0; +http://www.bing.com/bingbot.htm)" "ysfine.com"
216.244.66.229 - - [13/Nov/2022:02:09:43 -0800] "GET /ffriends/amkor/leshalles11.jpg HTTP/1.1" 200 118388 "-" "Mozilla/5.0 (compatible; DotBot/1.2; +https://opensiteexplorer.org/dotbot; help@moz.com)" "ysfine.com"
51.222.253.1 - - [13/Nov/2022:02:09:48 -0800] "GET /ysbio/sing.html HTTP/1.1" 404 88 "-" "Mozilla/5.0 (compatible; AhrefsBot/7.0; +http://ahrefs.com/robot/)" "www.ysfine.com"
216.244.66.229 - - [13/Nov/2022:02:10:20 -0800] "GET /home/family18.jpg HTTP/1.1" 200 246892 "-" "Mozilla/5.0 (compatible; DotBot/1.2; +https://opensiteexplorer.org/dotbot; help@moz.com)" "ysfine.com"
207.46.13.134 - - [13/Nov/2022:02:11:24 -0800] "GET /bio/kobak/shortw.html HTTP/1.1" 404 88 "-" "Mozilla/5.0 AppleWebKit/537.36 (KHTML, like Gecko; compatible; bingbot/2.0; +http://www.bing.com/bingbot.htm) Chrome/103.0.5060.134 Safari/537.36" "ysfine.com"
195.191.219.131 - - [13/Nov/2022:02:11:42 -0800] "GET /robots.txt HTTP/1.1" 404 73 "-" "Mozilla/5.0 (compatible; MJ12bot/v1.4.8; http://mj12bot.com/)" "www.ysfine.com"
195.191.219.131 - - [13/Nov/2022:02:11:44 -0800] "GET / HTTP/1.1" 200 5283 "-" "Mozilla/5.0 (compatible; MJ12bot/v1.4.8; http://mj12bot.com/)" "www.ysfine.com"
207.46.13.134 - - [13/Nov/2022:02:12:33 -0800] "GET /bio/wigner/e(2).html HTTP/1.1" 404 88 "-" "Mozilla/5.0 (compatible; bingbot/2.0; +http://www.bing.com/bingbot.htm)" "ysfine.com"
40.77.167.71 - - [13/Nov/2022:02:13:00 -0800] "GET /bio/feynman/partons.html HTTP/1.1" 404 88 "-" "Mozilla/5.0 (compatible; bingbot/2.0; +http://www.bing.com/bingbot.htm)" "ysfine.com"
51.222.253.7 - - [13/Nov/2022:02:13:43 -0800] "GET /ysbio/class54/class5480/Pictures/?C=N;O=D HTTP/1.1" 404 88 "-" "Mozilla/5.0 (compatible; AhrefsBot/7.0; +http://ahrefs.com/robot/)" "www.ysfine.com"
185.191.171.15 - - [13/Nov/2022:02:14:52 -0800] "GET /awards/index.html HTTP/1.1" 200 10083 "-" "Mozilla/5.0 (compatible; SemrushBot/7~bl; +http://www.semrush.com/bot.html)" "ysfine.com"
157.55.39.6 - - [13/Nov/2022:02:16:35 -0800] "GET /bio/world/leipzig.html HTTP/1.1" 404 88 "-" "Mozilla/5.0 AppleWebKit/537.36 (KHTML, like Gecko; compatible; bingbot/2.0; +http://www.bing.com/bingbot.htm) Chrome/103.0.5060.134 Safari/537.36" "ysfine.com"
162.214.78.196 - - [13/Nov/2022:02:16:49 -0800] "GET / HTTP/1.1" 200 5283 "-" "Go-http-client/1.1" "ysfine.com"
162.214.78.196 - - [13/Nov/2022:02:16:50 -0800] "POST /xmlrpc.php HTTP/1.1" 404 88 "-" "Go-http-client/1.1" "ysfine.com"
162.214.78.196 - - [13/Nov/2022:02:16:50 -0800] "GET /zip.zip HTTP/1.1" 404 88 "-" "Go-http-client/1.1" "ysfine.com"
162.214.78.196 - - [13/Nov/2022:02:16:51 -0800] "GET /rar.rar HTTP/1.1" 404 88 "-" "Go-http-client/1.1" "ysfine.com"
162.214.78.196 - - [13/Nov/2022:02:16:51 -0800] "GET /tar.tar HTTP/1.1" 404 88 "-" "Go-http-client/1.1" "ysfine.com"
207.46.13.134 - - [13/Nov/2022:02:16:52 -0800] "GET /bio/style/ystyle.html HTTP/1.1" 404 88 "-" "Mozilla/5.0 AppleWebKit/537.36 (KHTML, like Gecko; compatible; bingbot/2.0; +http://www.bing.com/bingbot.htm) Chrome/103.0.5060.134 Safari/537.36" "ysfine.com"
162.214.78.196 - - [13/Nov/2022:02:16:52 -0800] "GET /pack.zip HTTP/1.1" 404 88 "-" "Go-http-client/1.1" "ysfine.com"
162.214.78.196 - - [13/Nov/2022:02:16:52 -0800] "GET /pack.rar HTTP/1.1" 404 88 "-" "Go-http-client/1.1" "ysfine.com"
162.214.78.196 - - [13/Nov/2022:02:16:53 -0800] "GET /pack.tar HTTP/1.1" 404 88 "-" "Go-http-client/1.1" "ysfine.com"
162.214.78.196 - - [13/Nov/2022:02:16:53 -0800] "GET /pack.tar.gz HTTP/1.1" 404 88 "-" "Go-http-client/1.1" "ysfine.com"
162.214.78.196 - - [13/Nov/2022:02:16:54 -0800] "GET /pack.tgz HTTP/1.1" 404 88 "-" "Go-http-client/1.1" "ysfine.com"
162.214.78.196 - - [13/Nov/2022:02:16:54 -0800] "GET /0.zip HTTP/1.1" 404 88 "-" "Go-http-client/1.1" "ysfine.com"
162.214.78.196 - - [13/Nov/2022:02:16:55 -0800] "GET /0.rar HTTP/1.1" 404 88 "-" "Go-http-client/1.1" "ysfine.com"
162.214.78.196 - - [13/Nov/2022:02:16:55 -0800] "GET /0.tar HTTP/1.1" 404 88 "-" "Go-http-client/1.1" "ysfine.com"
162.214.78.196 - - [13/Nov/2022:02:16:55 -0800] "GET /0.tar.gz HTTP/1.1" 404 88 "-" "Go-http-client/1.1" "ysfine.com"
162.214.78.196 - - [13/Nov/2022:02:16:56 -0800] "GET /0.tgz HTTP/1.1" 404 88 "-" "Go-http-client/1.1" "ysfine.com"
162.214.78.196 - - [13/Nov/2022:02:16:56 -0800] "GET /0.gz HTTP/1.1" 404 88 "-" "Go-http-client/1.1" "ysfine.com"
162.214.78.196 - - [13/Nov/2022:02:16:56 -0800] "GET /0.bak HTTP/1.1" 404 88 "-" "Go-http-client/1.1" "ysfine.com"
162.214.78.196 - - [13/Nov/2022:02:16:57 -0800] "GET /1.zip HTTP/1.1" 404 88 "-" "Go-http-client/1.1" "ysfine.com"
162.214.78.196 - - [13/Nov/2022:02:16:57 -0800] "GET /1.rar HTTP/1.1" 404 88 "-" "Go-http-client/1.1" "ysfine.com"
162.214.78.196 - - [13/Nov/2022:02:16:58 -0800] "GET /1.tar HTTP/1.1" 404 88 "-" "Go-http-client/1.1" "ysfine.com"
162.214.78.196 - - [13/Nov/2022:02:16:58 -0800] "GET /1.tar.gz HTTP/1.1" 404 88 "-" "Go-http-client/1.1" "ysfine.com"
162.214.78.196 - - [13/Nov/2022:02:16:58 -0800] "GET /1.tgz HTTP/1.1" 404 88 "-" "Go-http-client/1.1" "ysfine.com"
162.214.78.196 - - [13/Nov/2022:02:16:59 -0800] "GET /1.gz HTTP/1.1" 404 88 "-" "Go-http-client/1.1" "ysfine.com"
162.214.78.196 - - [13/Nov/2022:02:16:59 -0800] "GET /1.bak HTTP/1.1" 404 88 "-" "Go-http-client/1.1" "ysfine.com"
162.214.78.196 - - [13/Nov/2022:02:16:59 -0800] "GET /2.zip HTTP/1.1" 404 88 "-" "Go-http-client/1.1" "ysfine.com"
162.214.78.196 - - [13/Nov/2022:02:17:00 -0800] "GET /2.rar HTTP/1.1" 404 88 "-" "Go-http-client/1.1" "ysfine.com"
162.214.78.196 - - [13/Nov/2022:02:17:00 -0800] "GET /2.tar HTTP/1.1" 404 88 "-" "Go-http-client/1.1" "ysfine.com"
162.214.78.196 - - [13/Nov/2022:02:17:00 -0800] "GET /2.tar.gz HTTP/1.1" 404 88 "-" "Go-http-client/1.1" "ysfine.com"
162.214.78.196 - - [13/Nov/2022:02:17:01 -0800] "GET /2.tgz HTTP/1.1" 404 88 "-" "Go-http-client/1.1" "ysfine.com"
162.214.78.196 - - [13/Nov/2022:02:17:01 -0800] "GET /2.gz HTTP/1.1" 404 88 "-" "Go-http-client/1.1" "ysfine.com"
162.214.78.196 - - [13/Nov/2022:02:17:02 -0800] "GET /123.zip HTTP/1.1" 404 88 "-" "Go-http-client/1.1" "ysfine.com"
162.214.78.196 - - [13/Nov/2022:02:17:02 -0800] "GET /1234.zip HTTP/1.1" 404 88 "-" "Go-http-client/1.1" "ysfine.com"
162.214.78.196 - - [13/Nov/2022:02:17:03 -0800] "GET /123456.zip HTTP/1.1" 404 88 "-" "Go-http-client/1.1" "ysfine.com"
162.214.78.196 - - [13/Nov/2022:02:17:03 -0800] "GET /2019.zip HTTP/1.1" 404 88 "-" "Go-http-client/1.1" "ysfine.com"
162.214.78.196 - - [13/Nov/2022:02:17:03 -0800] "GET /2020.zip HTTP/1.1" 404 88 "-" "Go-http-client/1.1" "ysfine.com"
162.214.78.196 - - [13/Nov/2022:02:17:04 -0800] "GET /2020.7z HTTP/1.1" 404 88 "-" "Go-http-client/1.1" "ysfine.com"
162.214.78.196 - - [13/Nov/2022:02:17:04 -0800] "GET /2020.bz HTTP/1.1" 404 88 "-" "Go-http-client/1.1" "ysfine.com"
162.214.78.196 - - [13/Nov/2022:02:17:04 -0800] "GET /2021.zip HTTP/1.1" 404 88 "-" "Go-http-client/1.1" "ysfine.com"
162.214.78.196 - - [13/Nov/2022:02:17:05 -0800] "GET /2022.zip HTTP/1.1" 404 88 "-" "Go-http-client/1.1" "ysfine.com"
162.214.78.196 - - [13/Nov/2022:02:17:05 -0800] "GET /2022.rar HTTP/1.1" 404 88 "-" "Go-http-client/1.1" "ysfine.com"
162.214.78.196 - - [13/Nov/2022:02:17:05 -0800] "GET /2022.tar HTTP/1.1" 404 88 "-" "Go-http-client/1.1" "ysfine.com"
162.214.78.196 - - [13/Nov/2022:02:17:06 -0800] "GET /2022.tar.gz HTTP/1.1" 404 88 "-" "Go-http-client/1.1" "ysfine.com"
162.214.78.196 - - [13/Nov/2022:02:17:07 -0800] "GET /2022.tgz HTTP/1.1" 404 88 "-" "Go-http-client/1.1" "ysfine.com"
162.214.78.196 - - [13/Nov/2022:02:17:07 -0800] "GET /2022.gz HTTP/1.1" 404 88 "-" "Go-http-client/1.1" "ysfine.com"
162.214.78.196 - - [13/Nov/2022:02:17:08 -0800] "GET /2022.bak HTTP/1.1" 404 88 "-" "Go-http-client/1.1" "ysfine.com"
162.214.78.196 - - [13/Nov/2022:02:17:08 -0800] "GET /2022.7z HTTP/1.1" 404 88 "-" "Go-http-client/1.1" "ysfine.com"
162.214.78.196 - - [13/Nov/2022:02:17:08 -0800] "GET /2022.bz HTTP/1.1" 404 88 "-" "Go-http-client/1.1" "ysfine.com"
162.214.78.196 - - [13/Nov/2022:02:17:09 -0800] "GET /a.zip HTTP/1.1" 404 88 "-" "Go-http-client/1.1" "ysfine.com"
162.214.78.196 - - [13/Nov/2022:02:17:09 -0800] "GET /a.rar HTTP/1.1" 404 88 "-" "Go-http-client/1.1" "ysfine.com"
162.214.78.196 - - [13/Nov/2022:02:17:09 -0800] "GET /a.tar HTTP/1.1" 404 88 "-" "Go-http-client/1.1" "ysfine.com"
162.214.78.196 - - [13/Nov/2022:02:17:10 -0800] "GET /a.tar.gz HTTP/1.1" 404 88 "-" "Go-http-client/1.1" "ysfine.com"
162.214.78.196 - - [13/Nov/2022:02:17:10 -0800] "GET /a.tgz HTTP/1.1" 404 88 "-" "Go-http-client/1.1" "ysfine.com"
162.214.78.196 - - [13/Nov/2022:02:17:10 -0800] "GET /a.gz HTTP/1.1" 404 88 "-" "Go-http-client/1.1" "ysfine.com"
162.214.78.196 - - [13/Nov/2022:02:17:11 -0800] "GET /a.bak HTTP/1.1" 404 88 "-" "Go-http-client/1.1" "ysfine.com"
162.214.78.196 - - [13/Nov/2022:02:17:11 -0800] "GET /a.7z HTTP/1.1" 404 88 "-" "Go-http-client/1.1" "ysfine.com"
162.214.78.196 - - [13/Nov/2022:02:17:11 -0800] "GET /a.bz HTTP/1.1" 404 88 "-" "Go-http-client/1.1" "ysfine.com"
162.214.78.196 - - [13/Nov/2022:02:17:12 -0800] "GET /file.zip HTTP/1.1" 404 88 "-" "Go-http-client/1.1" "ysfine.com"
207.46.13.134 - - [13/Nov/2022:02:17:12 -0800] "GET /ysbio/folks/chinese.html HTTP/1.1" 404 88 "-" "Mozilla/5.0 AppleWebKit/537.36 (KHTML, like Gecko; compatible; bingbot/2.0; +http://www.bing.com/bingbot.htm) Chrome/103.0.5060.134 Safari/537.36" "ysfine.com"
162.214.78.196 - - [13/Nov/2022:02:17:12 -0800] "GET /test.zip HTTP/1.1" 404 88 "-" "Go-http-client/1.1" "ysfine.com"
162.214.78.196 - - [13/Nov/2022:02:17:13 -0800] "GET /test.rar HTTP/1.1" 404 88 "-" "Go-http-client/1.1" "ysfine.com"
162.214.78.196 - - [13/Nov/2022:02:17:13 -0800] "GET /test.tar HTTP/1.1" 404 88 "-" "Go-http-client/1.1" "ysfine.com"
162.214.78.196 - - [13/Nov/2022:02:17:13 -0800] "GET /test.tar.gz HTTP/1.1" 404 88 "-" "Go-http-client/1.1" "ysfine.com"
162.214.78.196 - - [13/Nov/2022:02:17:14 -0800] "GET /test.tgz HTTP/1.1" 404 88 "-" "Go-http-client/1.1" "ysfine.com"
162.214.78.196 - - [13/Nov/2022:02:17:14 -0800] "GET /test.gz HTTP/1.1" 404 88 "-" "Go-http-client/1.1" "ysfine.com"
162.214.78.196 - - [13/Nov/2022:02:17:15 -0800] "GET /test.bak HTTP/1.1" 404 88 "-" "Go-http-client/1.1" "ysfine.com"
162.214.78.196 - - [13/Nov/2022:02:17:15 -0800] "GET /data.zip HTTP/1.1" 404 88 "-" "Go-http-client/1.1" "ysfine.com"
162.214.78.196 - - [13/Nov/2022:02:17:15 -0800] "GET /data.rar HTTP/1.1" 404 88 "-" "Go-http-client/1.1" "ysfine.com"
162.214.78.196 - - [13/Nov/2022:02:17:16 -0800] "GET /data.tar HTTP/1.1" 404 88 "-" "Go-http-client/1.1" "ysfine.com"
162.214.78.196 - - [13/Nov/2022:02:17:16 -0800] "GET /data.tar.gz HTTP/1.1" 404 88 "-" "Go-http-client/1.1" "ysfine.com"
162.214.78.196 - - [13/Nov/2022:02:17:17 -0800] "GET /data.tgz HTTP/1.1" 404 88 "-" "Go-http-client/1.1" "ysfine.com"
162.214.78.196 - - [13/Nov/2022:02:17:17 -0800] "GET /data.gz HTTP/1.1" 404 88 "-" "Go-http-client/1.1" "ysfine.com"
162.214.78.196 - - [13/Nov/2022:02:17:17 -0800] "GET /data.bak HTTP/1.1" 404 88 "-" "Go-http-client/1.1" "ysfine.com"
162.214.78.196 - - [13/Nov/2022:02:17:18 -0800] "GET /bk.zip HTTP/1.1" 404 88 "-" "Go-http-client/1.1" "ysfine.com"
162.214.78.196 - - [13/Nov/2022:02:17:18 -0800] "GET /bk.rar HTTP/1.1" 404 88 "-" "Go-http-client/1.1" "ysfine.com"
162.214.78.196 - - [13/Nov/2022:02:17:18 -0800] "GET /bk.tar HTTP/1.1" 404 88 "-" "Go-http-client/1.1" "ysfine.com"
162.214.78.196 - - [13/Nov/2022:02:17:19 -0800] "GET /bk.tar.gz HTTP/1.1" 404 88 "-" "Go-http-client/1.1" "ysfine.com"
162.214.78.196 - - [13/Nov/2022:02:17:19 -0800] "GET /bk.tgz HTTP/1.1" 404 88 "-" "Go-http-client/1.1" "ysfine.com"
162.214.78.196 - - [13/Nov/2022:02:17:19 -0800] "GET /bk.gz HTTP/1.1" 404 88 "-" "Go-http-client/1.1" "ysfine.com"
162.214.78.196 - - [13/Nov/2022:02:17:20 -0800] "GET /bk.bak HTTP/1.1" 404 88 "-" "Go-http-client/1.1" "ysfine.com"
162.214.78.196 - - [13/Nov/2022:02:17:20 -0800] "GET /bak.zip HTTP/1.1" 404 88 "-" "Go-http-client/1.1" "ysfine.com"
162.214.78.196 - - [13/Nov/2022:02:17:20 -0800] "GET /bak.rar HTTP/1.1" 404 88 "-" "Go-http-client/1.1" "ysfine.com"
162.214.78.196 - - [13/Nov/2022:02:17:21 -0800] "GET /bak.tar HTTP/1.1" 404 88 "-" "Go-http-client/1.1" "ysfine.com"
162.214.78.196 - - [13/Nov/2022:02:17:21 -0800] "GET /bak.tar.gz HTTP/1.1" 404 88 "-" "Go-http-client/1.1" "ysfine.com"
162.214.78.196 - - [13/Nov/2022:02:17:22 -0800] "GET /bak.tgz HTTP/1.1" 404 88 "-" "Go-http-client/1.1" "ysfine.com"
162.214.78.196 - - [13/Nov/2022:02:17:22 -0800] "GET /bak.gz HTTP/1.1" 404 88 "-" "Go-http-client/1.1" "ysfine.com"
162.214.78.196 - - [13/Nov/2022:02:17:23 -0800] "GET /bak.bak HTTP/1.1" 404 88 "-" "Go-http-client/1.1" "ysfine.com"
162.214.78.196 - - [13/Nov/2022:02:17:23 -0800] "GET /admin.zip HTTP/1.1" 404 88 "-" "Go-http-client/1.1" "ysfine.com"
162.214.78.196 - - [13/Nov/2022:02:17:23 -0800] "GET /admin.rar HTTP/1.1" 404 88 "-" "Go-http-client/1.1" "ysfine.com"
162.214.78.196 - - [13/Nov/2022:02:17:24 -0800] "GET /admin.tar HTTP/1.1" 404 88 "-" "Go-http-client/1.1" "ysfine.com"
162.214.78.196 - - [13/Nov/2022:02:17:24 -0800] "GET /admin.tar.gz HTTP/1.1" 404 88 "-" "Go-http-client/1.1" "ysfine.com"
162.214.78.196 - - [13/Nov/2022:02:17:24 -0800] "GET /admin.tgz HTTP/1.1" 404 88 "-" "Go-http-client/1.1" "ysfine.com"
162.214.78.196 - - [13/Nov/2022:02:17:25 -0800] "GET /admin.gz HTTP/1.1" 404 88 "-" "Go-http-client/1.1" "ysfine.com"
162.214.78.196 - - [13/Nov/2022:02:17:25 -0800] "GET /admin.bak HTTP/1.1" 404 88 "-" "Go-http-client/1.1" "ysfine.com"
162.214.78.196 - - [13/Nov/2022:02:17:26 -0800] "GET /web.zip HTTP/1.1" 404 88 "-" "Go-http-client/1.1" "ysfine.com"
162.214.78.196 - - [13/Nov/2022:02:17:26 -0800] "GET /web.rar HTTP/1.1" 404 88 "-" "Go-http-client/1.1" "ysfine.com"
162.214.78.196 - - [13/Nov/2022:02:17:27 -0800] "GET /web.tar HTTP/1.1" 404 88 "-" "Go-http-client/1.1" "ysfine.com"
162.214.78.196 - - [13/Nov/2022:02:17:27 -0800] "GET /web.tar.gz HTTP/1.1" 404 88 "-" "Go-http-client/1.1" "ysfine.com"
162.214.78.196 - - [13/Nov/2022:02:17:28 -0800] "GET /web.tgz HTTP/1.1" 404 88 "-" "Go-http-client/1.1" "ysfine.com"
162.214.78.196 - - [13/Nov/2022:02:17:28 -0800] "GET /web.gz HTTP/1.1" 404 88 "-" "Go-http-client/1.1" "ysfine.com"
162.214.78.196 - - [13/Nov/2022:02:17:28 -0800] "GET /web.bz HTTP/1.1" 404 88 "-" "Go-http-client/1.1" "ysfine.com"
162.214.78.196 - - [13/Nov/2022:02:17:29 -0800] "GET /htdocs.zip HTTP/1.1" 404 88 "-" "Go-http-client/1.1" "ysfine.com"
162.214.78.196 - - [13/Nov/2022:02:17:29 -0800] "GET /htdocs.rar HTTP/1.1" 404 88 "-" "Go-http-client/1.1" "ysfine.com"
