91.240.118.252 - - [08/Nov/2022:07:37:58 -0800] "GET /einstein/further.html?captcha=no&disable=no&waf=no&admin=no&debug=no&sso=no&test=no&bot=no&encryption=no&show=no&env=no HTTP/1.1" 200 4338 "-" "Mozilla/5.0 (Macintosh; Intel Mac OS X 10_15_5) AppleWebKit/537.36 (KHTML, like Gecko) Chrome/83.0.4103.97 Safari/537.36" "ysfine.com"
91.240.118.252 - - [08/Nov/2022:07:37:58 -0800] "GET /einstein/further.html?captcha=yes&admin=yes&debug=yes&disable=yes&sso=yes&bot=yes&encryption=yes&test=yes&env=yes&waf=yes&show=yes HTTP/1.1" 200 4338 "-" "Mozilla/5.0 (Macintosh; Intel Mac OS X 10_15_5) AppleWebKit/537.36 (KHTML, like Gecko) Chrome/83.0.4103.97 Safari/537.36" "ysfine.com"
91.240.118.252 - - [08/Nov/2022:07:37:58 -0800] "GET /einstein/further.html?disable=true&test=true&env=true&debug=true&show=true&sso=true&encryption=true&bot=true&admin=true&captcha=true&waf=true HTTP/1.1" 200 4338 "-" "Mozilla/5.0 (Macintosh; Intel Mac OS X 10_15_5) AppleWebKit/537.36 (KHTML, like Gecko) Chrome/83.0.4103.97 Safari/537.36" "ysfine.com"
91.240.118.252 - - [08/Nov/2022:07:37:58 -0800] "GET /einstein/further.html?sso=null&test=null&show=null&disable=null&bot=null&admin=null&captcha=null&env=null&debug=null&encryption=null&waf=null HTTP/1.1" 200 4338 "-" "Mozilla/5.0 (Macintosh; Intel Mac OS X 10_15_5) AppleWebKit/537.36 (KHTML, like Gecko) Chrome/83.0.4103.97 Safari/537.36" "ysfine.com"
91.240.118.252 - - [08/Nov/2022:07:37:58 -0800] "GET /einstein/further.html?disable=off&encryption=off&test=off&captcha=off&bot=off&show=off&sso=off&debug=off&admin=off&env=off&waf=off HTTP/1.1" 200 4338 "-" "Mozilla/5.0 (Macintosh; Intel Mac OS X 10_15_5) AppleWebKit/537.36 (KHTML, like Gecko) Chrome/83.0.4103.97 Safari/537.36" "ysfine.com"
91.240.118.252 - - [08/Nov/2022:07:37:59 -0800] "GET /einstein/further.html?sso=false&captcha=false&disable=false&waf=false&debug=false&admin=false&encryption=false&test=false&show=false&bot=false&env=false HTTP/1.1" 200 4338 "-" "Mozilla/5.0 (Macintosh; Intel Mac OS X 10_15_5) AppleWebKit/537.36 (KHTML, like Gecko) Chrome/83.0.4103.97 Safari/537.36" "ysfine.com"
91.240.118.252 - - [08/Nov/2022:07:37:59 -0800] "GET /einstein/further.html?sso=0&test=0&env=0&encryption=0&show=0&admin=0&debug=0&waf=0&captcha=0&disable=0&bot=0 HTTP/1.1" 200 4338 "-" "Mozilla/5.0 (Macintosh; Intel Mac OS X 10_15_5) AppleWebKit/537.36 (KHTML, like Gecko) Chrome/83.0.4103.97 Safari/537.36" "ysfine.com"
91.240.118.252 - - [08/Nov/2022:07:37:59 -0800] "GET /einstein/further.html?encryption=1&waf=1&show=1&disable=1&env=1&debug=1&admin=1&bot=1&test=1&captcha=1&sso=1 HTTP/1.1" 200 4338 "-" "Mozilla/5.0 (Macintosh; Intel Mac OS X 10_15_5) AppleWebKit/537.36 (KHTML, like Gecko) Chrome/83.0.4103.97 Safari/537.36" "ysfine.com"
157.55.39.76 - - [08/Nov/2022:07:38:01 -0800] "GET /wdc/yswash06.jpg HTTP/1.1" 200 81458 "-" "Mozilla/5.0 AppleWebKit/537.36 (KHTML, like Gecko; compatible; bingbot/2.0; +http://www.bing.com/bingbot.htm) Chrome/103.0.5060.134 Safari/537.36" "ysfine.com"
216.244.66.229 - - [08/Nov/2022:07:38:04 -0800] "GET /friends/amkor/amny04.jpg HTTP/1.1" 404 73 "-" "Mozilla/5.0 (compatible; DotBot/1.2; +https://opensiteexplorer.org/dotbot; help@moz.com)" "ysfine.com"
157.55.39.65 - - [08/Nov/2022:07:38:05 -0800] "GET /people/wboys2.jpg HTTP/1.1" 200 40344 "-" "Mozilla/5.0 AppleWebKit/537.36 (KHTML, like Gecko; compatible; bingbot/2.0; +http://www.bing.com/bingbot.htm) Chrome/103.0.5060.134 Safari/537.36" "ysfine.com"
20.29.110.170 - - [08/Nov/2022:07:38:09 -0800] "GET /kobak/sorae/grandpa11b.jpg HTTP/1.1" 200 20714 "https://ysfine.com/kobak/sorae" "Mozilla/5.0 (X11; Linux x86_64) AppleWebKit/537.36 (KHTML, like Gecko) Chrome/74.0.3729.169 Safari/537.36" "ysfine.com"
216.244.66.229 - - [08/Nov/2022:07:38:18 -0800] "GET /friends/amkor/jpparis01.jpg HTTP/1.1" 404 73 "-" "Mozilla/5.0 (compatible; DotBot/1.2; +https://opensiteexplorer.org/dotbot; help@moz.com)" "ysfine.com"
51.222.253.1 - - [08/Nov/2022:07:38:25 -0800] "GET /ysbio/einstein/ewk.html HTTP/1.1" 200 4230 "-" "Mozilla/5.0 (compatible; AhrefsBot/7.0; +http://ahrefs.com/robot/)" "ysfine.com"
216.244.66.229 - - [08/Nov/2022:07:38:30 -0800] "GET /friends/amkor/lawren11.jpg HTTP/1.1" 404 73 "-" "Mozilla/5.0 (compatible; DotBot/1.2; +https://opensiteexplorer.org/dotbot; help@moz.com)" "ysfine.com"
216.244.66.229 - - [08/Nov/2022:07:38:41 -0800] "GET /friends/amkor/prstu03.jpg HTTP/1.1" 404 73 "-" "Mozilla/5.0 (compatible; DotBot/1.2; +https://opensiteexplorer.org/dotbot; help@moz.com)" "ysfine.com"
216.244.66.229 - - [08/Nov/2022:07:38:51 -0800] "GET /friends/chinparis02.jpg HTTP/1.1" 404 73 "-" "Mozilla/5.0 (compatible; DotBot/1.2; +https://opensiteexplorer.org/dotbot; help@moz.com)" "ysfine.com"
216.244.66.229 - - [08/Nov/2022:07:39:00 -0800] "GET /kobak/ykskimis.pdf HTTP/1.1" 200 3066363 "-" "Mozilla/5.0 (compatible; DotBot/1.2; +https://opensiteexplorer.org/dotbot; help@moz.com)" "ysfine.com"
157.55.39.76 - - [08/Nov/2022:07:39:32 -0800] "GET /world/russ/zul00.jpg HTTP/1.1" 200 242645 "-" "Mozilla/5.0 (compatible; bingbot/2.0; +http://www.bing.com/bingbot.htm)" "ysfine.com"
216.244.66.229 - - [08/Nov/2022:07:39:39 -0800] "GET /wigner/kuper22.jpg HTTP/1.1" 200 52479 "-" "Mozilla/5.0 (compatible; DotBot/1.2; +https://opensiteexplorer.org/dotbot; help@moz.com)" "ysfine.com"
216.244.66.229 - - [08/Nov/2022:07:40:01 -0800] "GET /wigner/teller.jpg HTTP/1.1" 200 98739 "-" "Mozilla/5.0 (compatible; DotBot/1.2; +https://opensiteexplorer.org/dotbot; help@moz.com)" "ysfine.com"
216.244.66.229 - - [08/Nov/2022:07:40:22 -0800] "GET /wisdom/mil/b29.jpg HTTP/1.1" 200 98207 "-" "Mozilla/5.0 (compatible; DotBot/1.2; +https://opensiteexplorer.org/dotbot; help@moz.com)" "ysfine.com"
54.236.1.13 - - [08/Nov/2022:07:40:31 -0800] "GET /robots.txt HTTP/1.1" 404 88 "-" "Mozilla/5.0 (compatible; Pinterestbot/1.0; +http://www.pinterest.com/bot.html)" "ysfine.com"
54.236.1.13 - - [08/Nov/2022:07:40:31 -0800] "GET /wigner/neumann.html HTTP/1.1" 200 1332 "-" "Mozilla/5.0 (compatible; Pinterestbot/1.0; +http://www.pinterest.com/bot.html)" "ysfine.com"
216.244.66.229 - - [08/Nov/2022:07:41:06 -0800] "GET /world/balkan/athf09.jpg HTTP/1.1" 200 87987 "-" "Mozilla/5.0 (compatible; DotBot/1.2; +https://opensiteexplorer.org/dotbot; help@moz.com)" "ysfine.com"
157.55.39.76 - - [08/Nov/2022:07:41:11 -0800] "GET /wigner/gim/gimn26.jpg HTTP/1.1" 200 127498 "-" "Mozilla/5.0 AppleWebKit/537.36 (KHTML, like Gecko; compatible; bingbot/2.0; +http://www.bing.com/bingbot.htm) Chrome/103.0.5060.134 Safari/537.36" "ysfine.com"
157.55.39.65 - - [08/Nov/2022:07:41:15 -0800] "GET /style/musee/britmu31.jpg HTTP/1.1" 200 79045 "-" "Mozilla/5.0 AppleWebKit/537.36 (KHTML, like Gecko; compatible; bingbot/2.0; +http://www.bing.com/bingbot.htm) Chrome/103.0.5060.134 Safari/537.36" "ysfine.com"
157.55.39.65 - - [08/Nov/2022:07:41:25 -0800] "GET /maga/invent/sarnoff1922.jpg HTTP/1.1" 200 48416 "-" "Mozilla/5.0 AppleWebKit/537.36 (KHTML, like Gecko; compatible; bingbot/2.0; +http://www.bing.com/bingbot.htm) Chrome/103.0.5060.134 Safari/537.36" "www.ysfine.com"
20.29.111.244 - - [08/Nov/2022:07:41:26 -0800] "GET /world/balkan/istan005b.jpg HTTP/1.1" 200 52419 "https://ysfine.com/world/balkan" "Mozilla/5.0 (iPhone; CPU iPhone OS 13_5_1 like Mac OS X) AppleWebKit/605.1.15 (KHTML, like Gecko) Version/13.1.1 Mobile/15E148 Safari/604.1" "ysfine.com"
216.244.66.229 - - [08/Nov/2022:07:41:57 -0800] "GET /world/ital/bologr12.jpg HTTP/1.1" 200 118516 "-" "Mozilla/5.0 (compatible; DotBot/1.2; +https://opensiteexplorer.org/dotbot; help@moz.com)" "ysfine.com"
136.243.228.179 - - [08/Nov/2022:07:42:04 -0800] "GET /feynman/yuval.html HTTP/1.1" 200 9248 "-" "Mozilla/5.0 (compatible; DataForSeoBot/1.0; +https://dataforseo.com/dataforseo-bot)" "ysfine.com"
40.86.101.254 - - [08/Nov/2022:07:42:06 -0800] "GET /world/brit/picca22b.jpg HTTP/1.1" 200 44760 "http://ysfine.com/world/brit" "Mozilla/5.0 (Macintosh; Intel Mac OS X 10_11_6) AppleWebKit/605.1.15 (KHTML, like Gecko) Version/11.1.2 Safari/605.1.15" "ysfine.com"
82.132.237.181 - - [08/Nov/2022:07:42:18 -0800] "GET /maga/herod.html HTTP/1.1" 200 4341 "https://www.google.com/" "Mozilla/5.0 (iPhone; CPU iPhone OS 16_0 like Mac OS X) AppleWebKit/605.1.15 (KHTML, like Gecko) EdgiOS/107.0.1418.36 Version/16.0 Mobile/15E148 Safari/604.1" "ysfine.com"
82.132.237.181 - - [08/Nov/2022:07:42:18 -0800] "GET /maga/phil/herod33c.jpg HTTP/1.1" 200 45604 "https://ysfine.com/maga/herod.html" "Mozilla/5.0 (iPhone; CPU iPhone OS 16_0 like Mac OS X) AppleWebKit/605.1.15 (KHTML, like Gecko) EdgiOS/107.0.1418.36 Version/16.0 Mobile/15E148 Safari/604.1" "ysfine.com"
82.132.237.181 - - [08/Nov/2022:07:42:18 -0800] "GET /maga/phil/herod11c.jpg HTTP/1.1" 200 76011 "https://ysfine.com/maga/herod.html" "Mozilla/5.0 (iPhone; CPU iPhone OS 16_0 like Mac OS X) AppleWebKit/605.1.15 (KHTML, like Gecko) EdgiOS/107.0.1418.36 Version/16.0 Mobile/15E148 Safari/604.1" "ysfine.com"
82.132.237.181 - - [08/Nov/2022:07:42:18 -0800] "GET /favicon.ico HTTP/1.1" 404 88 "-" "Mozilla/5.0 (iPhone; CPU iPhone OS 16_0 like Mac OS X) AppleWebKit/605.1.15 (KHTML, like Gecko) EdgiOS/107.0.1418.36 Version/16.0 Mobile/15E148 Safari/604.1" "ysfine.com"
82.132.237.181 - - [08/Nov/2022:07:42:18 -0800] "GET /eink/ewk86f.jpg HTTP/1.1" 200 122173 "https://ysfine.com/maga/herod.html" "Mozilla/5.0 (iPhone; CPU iPhone OS 16_0 like Mac OS X) AppleWebKit/605.1.15 (KHTML, like Gecko) EdgiOS/107.0.1418.36 Version/16.0 Mobile/15E148 Safari/604.1" "ysfine.com"
82.132.237.181 - - [08/Nov/2022:07:42:18 -0800] "GET /eink/pawkim19e.jpg HTTP/1.1" 200 85621 "https://ysfine.com/maga/herod.html" "Mozilla/5.0 (iPhone; CPU iPhone OS 16_0 like Mac OS X) AppleWebKit/605.1.15 (KHTML, like Gecko) EdgiOS/107.0.1418.36 Version/16.0 Mobile/15E148 Safari/604.1" "ysfine.com"
82.132.237.181 - - [08/Nov/2022:07:42:18 -0800] "GET /wigner/wigkim11c.jpg HTTP/1.1" 200 30443 "https://ysfine.com/maga/herod.html" "Mozilla/5.0 (iPhone; CPU iPhone OS 16_0 like Mac OS X) AppleWebKit/605.1.15 (KHTML, like Gecko) EdgiOS/107.0.1418.36 Version/16.0 Mobile/15E148 Safari/604.1" "ysfine.com"
82.132.237.181 - - [08/Nov/2022:07:42:18 -0800] "GET /wigner/michwight11c.jpg HTTP/1.1" 200 38388 "https://ysfine.com/maga/herod.html" "Mozilla/5.0 (iPhone; CPU iPhone OS 16_0 like Mac OS X) AppleWebKit/605.1.15 (KHTML, like Gecko) EdgiOS/107.0.1418.36 Version/16.0 Mobile/15E148 Safari/604.1" "ysfine.com"
82.132.237.181 - - [08/Nov/2022:07:42:18 -0800] "GET /home/taylor400.jpg HTTP/1.1" 200 56181 "https://ysfine.com/maga/herod.html" "Mozilla/5.0 (iPhone; CPU iPhone OS 16_0 like Mac OS X) AppleWebKit/605.1.15 (KHTML, like Gecko) EdgiOS/107.0.1418.36 Version/16.0 Mobile/15E148 Safari/604.1" "ysfine.com"
82.132.237.181 - - [08/Nov/2022:07:42:18 -0800] "GET /wigner/tollwig11c.jpg HTTP/1.1" 200 30497 "https://ysfine.com/maga/herod.html" "Mozilla/5.0 (iPhone; CPU iPhone OS 16_0 like Mac OS X) AppleWebKit/605.1.15 (KHTML, like Gecko) EdgiOS/107.0.1418.36 Version/16.0 Mobile/15E148 Safari/604.1" "ysfine.com"
82.132.237.181 - - [08/Nov/2022:07:42:18 -0800] "GET /wigner/michwight22c.jpg HTTP/1.1" 200 32821 "https://ysfine.com/maga/herod.html" "Mozilla/5.0 (iPhone; CPU iPhone OS 16_0 like Mac OS X) AppleWebKit/605.1.15 (KHTML, like Gecko) EdgiOS/107.0.1418.36 Version/16.0 Mobile/15E148 Safari/604.1" "ysfine.com"
190.77.121.149 - - [08/Nov/2022:07:42:22 -0800] "GET /maga/phys/schrod11b.jpg HTTP/1.1" 200 36796 "https://www.google.com/" "Mozilla/5.0 (Windows NT 10.0; Win64; x64) AppleWebKit/537.36 (KHTML, like Gecko) Chrome/107.0.0.0 Safari/537.36" "ysfine.com"
51.222.253.13 - - [08/Nov/2022:07:42:22 -0800] "GET /people/peo.html HTTP/1.1" 200 13502 "-" "Mozilla/5.0 (compatible; AhrefsBot/7.0; +http://ahrefs.com/robot/)" "ysfine.com"
157.55.39.76 - - [08/Nov/2022:07:42:24 -0800] "GET /bio/bio07.html HTTP/1.1" 404 88 "-" "Mozilla/5.0 AppleWebKit/537.36 (KHTML, like Gecko; compatible; bingbot/2.0; +http://www.bing.com/bingbot.htm) Chrome/103.0.5060.134 Safari/537.36" "ysfine.com"
216.244.66.229 - - [08/Nov/2022:07:42:39 -0800] "GET /world/ital/flor064.jpg HTTP/1.1" 200 92740 "-" "Mozilla/5.0 (compatible; DotBot/1.2; +https://opensiteexplorer.org/dotbot; help@moz.com)" "ysfine.com"
40.77.167.27 - - [08/Nov/2022:07:42:58 -0800] "GET /ysbio/articles/symmetry12.pdf HTTP/1.1" 404 88 "-" "Mozilla/5.0 (compatible; bingbot/2.0; +http://www.bing.com/bingbot.htm)" "ysfine.com"
216.244.66.229 - - [08/Nov/2022:07:43:29 -0800] "GET /world/ital/milvio05.jpg HTTP/1.1" 200 92158 "-" "Mozilla/5.0 (compatible; DotBot/1.2; +https://opensiteexplorer.org/dotbot; help@moz.com)" "ysfine.com"
136.158.35.237 - - [08/Nov/2022:07:43:30 -0800] "GET /wisdom/yks11b.jpg HTTP/1.1" 200 41064 "https://www.google.com/" "Mozilla/5.0 (Windows NT 10.0; Win64; x64) AppleWebKit/537.36 (KHTML, like Gecko) Chrome/107.0.0.0 Safari/537.36" "ysfine.com"
40.86.101.166 - - [08/Nov/2022:07:43:34 -0800] "GET /world/poland/gdn07b.jpg HTTP/1.1" 200 37474 "http://ysfine.com/world/poland" "Mozilla/5.0 (iPhone; CPU iPhone OS 13_5_1 like Mac OS X) AppleWebKit/605.1.15 (KHTML, like Gecko) Version/13.1.1 Mobile/15E148 Safari/604.1" "ysfine.com"
216.244.66.229 - - [08/Nov/2022:07:44:05 -0800] "GET /world/kor/jeju01.jpg HTTP/1.1" 200 148749 "-" "Mozilla/5.0 (compatible; DotBot/1.2; +https://opensiteexplorer.org/dotbot; help@moz.com)" "ysfine.com"
40.77.167.68 - - [08/Nov/2022:07:44:09 -0800] "GET /world/ital/uffizi11.jpg HTTP/1.1" 200 116766 "-" "Mozilla/5.0 (compatible; bingbot/2.0; +http://www.bing.com/bingbot.htm)" "www.ysfine.com"
40.77.167.71 - - [08/Nov/2022:07:44:24 -0800] "GET /ysbio/folks/uscan.html HTTP/1.1" 200 18155 "-" "Mozilla/5.0 AppleWebKit/537.36 (KHTML, like Gecko; compatible; bingbot/2.0; +http://www.bing.com/bingbot.htm) Chrome/103.0.5060.134 Safari/537.36" "ysfine.com"
151.65.8.89 - - [08/Nov/2022:07:44:34 -0800] "GET /feynman/feydirac.jpg HTTP/1.1" 200 98378 "https://www.google.com/" "Mozilla/5.0 (Windows NT 10.0; Win64; x64) AppleWebKit/537.36 (KHTML, like Gecko) Chrome/107.0.0.0 Safari/537.36" "ysfine.com"
157.55.39.76 - - [08/Nov/2022:07:44:52 -0800] "GET /maga/galileo.html HTTP/1.1" 304 - "-" "Mozilla/5.0 AppleWebKit/537.36 (KHTML, like Gecko; compatible; bingbot/2.0; +http://www.bing.com/bingbot.htm) Chrome/103.0.5060.134 Safari/537.36" "www.ysfine.com"
40.77.51.86 - - [08/Nov/2022:07:45:04 -0800] "GET /world/china/hangz02b.jpg HTTP/1.1" 200 33785 "http://www.ysfine.com/world/china" "Mozilla/5.0 (Macintosh; Intel Mac OS X 10_11_6) AppleWebKit/605.1.15 (KHTML, like Gecko) Version/11.1.2 Safari/605.1.15" "www.ysfine.com"
40.77.51.85 - - [08/Nov/2022:07:45:04 -0800] "GET /world/balkan/inokim55.jpg HTTP/1.1" 200 89721 "http://ysfine.com/world/balkan" "Mozilla/5.0 (Macintosh; Intel Mac OS X 10_11_6) AppleWebKit/605.1.15 (KHTML, like Gecko) Version/11.1.2 Safari/605.1.15" "ysfine.com"
40.122.227.201 - - [08/Nov/2022:07:45:19 -0800] "GET /princeton/pros01.jpg HTTP/1.1" 200 82076 "https://ysfine.com/princeton" "Mozilla/5.0 (X11; Linux x86_64) AppleWebKit/537.36 (KHTML, like Gecko) Chrome/74.0.3729.169 Safari/537.36" "ysfine.com"
157.55.39.17 - - [08/Nov/2022:07:45:30 -0800] "GET /world/baltic/kalin05.jpg HTTP/1.1" 200 94382 "-" "Mozilla/5.0 AppleWebKit/537.36 (KHTML, like Gecko; compatible; bingbot/2.0; +http://www.bing.com/bingbot.htm) Chrome/103.0.5060.134 Safari/537.36" "www.ysfine.com"
157.55.39.17 - - [08/Nov/2022:07:46:20 -0800] "GET /princeton/nphd.jpg HTTP/1.1" 200 92709 "-" "Mozilla/5.0 (compatible; bingbot/2.0; +http://www.bing.com/bingbot.htm)" "ysfine.com"
40.77.167.71 - - [08/Nov/2022:07:46:32 -0800] "GET /bio/feynman/feynbot.html HTTP/1.1" 404 88 "-" "Mozilla/5.0 AppleWebKit/537.36 (KHTML, like Gecko; compatible; bingbot/2.0; +http://www.bing.com/bingbot.htm) Chrome/103.0.5060.134 Safari/537.36" "ysfine.com"
40.77.167.68 - - [08/Nov/2022:07:47:08 -0800] "GET /ysbio/maga/invent/fountain.html HTTP/1.1" 404 88 "-" "Mozilla/5.0 (compatible; bingbot/2.0; +http://www.bing.com/bingbot.htm)" "ysfine.com"
40.77.167.71 - - [08/Nov/2022:07:47:11 -0800] "GET /people/bender.jpg HTTP/1.1" 200 71257 "-" "Mozilla/5.0 (compatible; bingbot/2.0; +http://www.bing.com/bingbot.htm)" "ysfine.com"
40.77.167.27 - - [08/Nov/2022:07:47:13 -0800] "GET /kobak/rhee28b.jpg HTTP/1.1" 200 58445 "-" "Mozilla/5.0 AppleWebKit/537.36 (KHTML, like Gecko; compatible; bingbot/2.0; +http://www.bing.com/bingbot.htm) Chrome/103.0.5060.134 Safari/537.36" "ysfine.com"
20.12.191.72 - - [08/Nov/2022:07:48:16 -0800] "GET /princeton/pros09.jpg HTTP/1.1" 200 59864 "https://ysfine.com/princeton" "Mozilla/5.0 (Windows NT 10.0; Win64; x64) AppleWebKit/537.36 (KHTML, like Gecko) Chrome/74.0.3729.157 Safari/537.36" "ysfine.com"
157.55.39.17 - - [08/Nov/2022:07:48:20 -0800] "GET /world/scandi/copen005.jpg HTTP/1.1" 200 55500 "-" "Mozilla/5.0 (compatible; bingbot/2.0; +http://www.bing.com/bingbot.htm)" "ysfine.com"
157.55.39.76 - - [08/Nov/2022:07:48:33 -0800] "GET /bio/awards/marq.html HTTP/1.1" 404 88 "-" "Mozilla/5.0 (compatible; bingbot/2.0; +http://www.bing.com/bingbot.htm)" "ysfine.com"
157.55.39.17 - - [08/Nov/2022:07:48:51 -0800] "GET /jobs/koreaj.html HTTP/1.1" 200 10214 "-" "Mozilla/5.0 (compatible; bingbot/2.0; +http://www.bing.com/bingbot.htm)" "www.ysfine.com"
157.55.39.17 - - [08/Nov/2022:07:49:00 -0800] "GET /einstein/eins54.jpg HTTP/1.1" 200 86686 "-" "Mozilla/5.0 (compatible; bingbot/2.0; +http://www.bing.com/bingbot.htm)" "ysfine.com"
40.77.51.81 - - [08/Nov/2022:07:49:29 -0800] "GET /ffriends/amkor/jashopen11c.jpg HTTP/1.1" 200 44920 "https://ysfine.com/ffriends/amkor" "Mozilla/5.0 (X11; Linux x86_64) AppleWebKit/537.36 (KHTML, like Gecko) Chrome/74.0.3729.169 Safari/537.36" "ysfine.com"
40.77.167.68 - - [08/Nov/2022:07:49:59 -0800] "GET /ysbio/maga/invent/fountain.html HTTP/1.1" 404 88 "-" "Mozilla/5.0 AppleWebKit/537.36 (KHTML, like Gecko; compatible; bingbot/2.0; +http://www.bing.com/bingbot.htm) Chrome/103.0.5060.134 Safari/537.36" "ysfine.com"
40.77.167.68 - - [08/Nov/2022:07:50:00 -0800] "GET /world/israel/tlv23.jpg HTTP/1.1" 200 123995 "-" "Mozilla/5.0 AppleWebKit/537.36 (KHTML, like Gecko; compatible; bingbot/2.0; +http://www.bing.com/bingbot.htm) Chrome/103.0.5060.134 Safari/537.36" "ysfine.com"
157.55.39.65 - - [08/Nov/2022:07:50:15 -0800] "GET /bio/world/scandi/copen048.jpg HTTP/1.1" 404 88 "-" "Mozilla/5.0 (compatible; bingbot/2.0; +http://www.bing.com/bingbot.htm)" "ysfine.com"
40.77.51.85 - - [08/Nov/2022:07:50:16 -0800] "GET /world/ital/bolog11b.jpg HTTP/1.1" 200 51407 "https://ysfine.com/world/ital" "Mozilla/5.0 (X11; Linux x86_64) AppleWebKit/537.36 (KHTML, like Gecko) Chrome/74.0.3729.169 Safari/537.36" "ysfine.com"
35.231.212.9 - - [08/Nov/2022:07:50:28 -0800] "GET /awards/index.html HTTP/1.1" 200 10051 "-" "ZoominfoBot (zoominfobot at zoominfo dot com)" "ysfine.com"
17.121.114.194 - - [08/Nov/2022:07:50:44 -0800] "GET /home/pquartet.html HTTP/1.1" 200 4307 "-" "Mozilla/5.0 (Macintosh; Intel Mac OS X 10_15_5) AppleWebKit/605.1.15 (KHTML, like Gecko) Version/13.1.1 Safari/605.1.15 (Applebot/0.1; +http://www.apple.com/go/applebot)" "ysfine.com"
40.86.101.252 - - [08/Nov/2022:07:50:48 -0800] "GET /world/eve/russmuc01b.jpg HTTP/1.1" 404 88 "https://ysfine.com/world/eve" "Mozilla/5.0 (X11; Linux x86_64) AppleWebKit/537.36 (KHTML, like Gecko) Chrome/74.0.3729.169 Safari/537.36" "ysfine.com"
82.132.237.181 - - [08/Nov/2022:07:50:50 -0800] "GET /maga/herod.html HTTP/1.1" 200 4341 "https://www.google.com/" "Mozilla/5.0 (iPhone; CPU iPhone OS 16_0 like Mac OS X) AppleWebKit/605.1.15 (KHTML, like Gecko) EdgiOS/107.0.1418.36 Version/16.0 Mobile/15E148 Safari/604.1" "ysfine.com"
157.55.39.65 - - [08/Nov/2022:07:50:56 -0800] "GET /bio/world/trier.html HTTP/1.1" 404 88 "-" "Mozilla/5.0 (compatible; bingbot/2.0; +http://www.bing.com/bingbot.htm)" "ysfine.com"
82.132.237.181 - - [08/Nov/2022:07:51:17 -0800] "GET /maga/phil/herod11c.jpg HTTP/1.1" 200 76011 "https://ysfine.com/maga/herod.html" "Mozilla/5.0 (iPhone; CPU iPhone OS 16_0 like Mac OS X) AppleWebKit/605.1.15 (KHTML, like Gecko) EdgiOS/107.0.1418.36 Version/16.0 Mobile/15E148 Safari/604.1" "ysfine.com"
82.132.237.181 - - [08/Nov/2022:07:51:17 -0800] "GET /maga/phil/herod33c.jpg HTTP/1.1" 200 45604 "https://ysfine.com/maga/herod.html" "Mozilla/5.0 (iPhone; CPU iPhone OS 16_0 like Mac OS X) AppleWebKit/605.1.15 (KHTML, like Gecko) EdgiOS/107.0.1418.36 Version/16.0 Mobile/15E148 Safari/604.1" "ysfine.com"
216.244.66.229 - - [08/Nov/2022:07:51:27 -0800] "GET /world/hungary/liszt02.jpg HTTP/1.1" 200 149140 "-" "Mozilla/5.0 (compatible; DotBot/1.2; +https://opensiteexplorer.org/dotbot; help@moz.com)" "ysfine.com"
157.55.39.17 - - [08/Nov/2022:07:51:50 -0800] "GET /fbook/chungilk03c.jpg HTTP/1.1" 200 39768 "-" "Mozilla/5.0 (compatible; bingbot/2.0; +http://www.bing.com/bingbot.htm)" "www.ysfine.com"
157.55.39.65 - - [08/Nov/2022:07:51:57 -0800] "GET /bio/style/ystyle.html HTTP/1.1" 404 88 "-" "Mozilla/5.0 (compatible; bingbot/2.0; +http://www.bing.com/bingbot.htm)" "ysfine.com"
157.55.39.76 - - [08/Nov/2022:07:52:42 -0800] "GET /maga/phys/faradm05b.jpg HTTP/1.1" 200 56788 "-" "Mozilla/5.0 AppleWebKit/537.36 (KHTML, like Gecko; compatible; bingbot/2.0; +http://www.bing.com/bingbot.htm) Chrome/103.0.5060.134 Safari/537.36" "ysfine.com"
5.90.101.29 - - [08/Nov/2022:07:53:00 -0800] "GET /heisen/schroheisen33.jpg HTTP/1.1" 200 86213 "https://www.google.com/" "Mozilla/5.0 (Linux; Android 10; SNE-LX1) AppleWebKit/537.36 (KHTML, like Gecko) Chrome/107.0.0.0 Mobile Safari/537.36" "ysfine.com"
20.29.110.170 - - [08/Nov/2022:07:53:20 -0800] "GET /friends/russrio22b.jpg HTTP/1.1" 404 88 "https://ysfine.com/friends" "Mozilla/5.0 (iPhone; CPU iPhone OS 13_5_1 like Mac OS X) AppleWebKit/605.1.15 (KHTML, like Gecko) Version/13.1.1 Mobile/15E148 Safari/604.1" "ysfine.com"
171.113.119.155 - - [08/Nov/2022:07:53:26 -0800] "GET /favicon.ico HTTP/1.1" 404 88 "-" "Mozilla/5.0 (Windows NT 10.0; WOW64) AppleWebKit/537.36 (KHTML, like Gecko) Chrome/86.0.4240.198 Safari/537.36" "www.ysfine.com"
40.77.167.68 - - [08/Nov/2022:07:53:30 -0800] "GET /world/germany/perga02.jpg HTTP/1.1" 200 76763 "-" "Mozilla/5.0 AppleWebKit/537.36 (KHTML, like Gecko; compatible; bingbot/2.0; +http://www.bing.com/bingbot.htm) Chrome/103.0.5060.134 Safari/537.36" "www.ysfine.com"
157.55.39.17 - - [08/Nov/2022:07:53:30 -0800] "GET /wdc/ww2m22.jpg HTTP/1.1" 200 65101 "-" "Mozilla/5.0 AppleWebKit/537.36 (KHTML, like Gecko; compatible; bingbot/2.0; +http://www.bing.com/bingbot.htm) Chrome/103.0.5060.134 Safari/537.36" "ysfine.com"
72.14.201.23 - - [08/Nov/2022:07:53:49 -0800] "GET /einstein/heisenberg.html HTTP/1.1" 200 10552 "-" "Mozilla/5.0 (Linux; Android 10; K) AppleWebKit/537.36 (KHTML, like Gecko) Chrome/107.0.0.0 Mobile Safari/537.36" "ysfine.com"
157.55.39.76 - - [08/Nov/2022:07:54:14 -0800] "GET /bio/world/kalinin.html HTTP/1.1" 404 88 "-" "Mozilla/5.0 (compatible; bingbot/2.0; +http://www.bing.com/bingbot.htm)" "ysfine.com"
190.217.226.144 - - [08/Nov/2022:07:54:53 -0800] "GET /kobak/1014c.jpg HTTP/1.1" 200 164928 "https://www.google.com/" "Mozilla/5.0 (Windows NT 10.0; Win64; x64; rv:106.0) Gecko/20100101 Firefox/106.0" "ysfine.com"
40.77.167.68 - - [08/Nov/2022:07:55:01 -0800] "GET /bio/eink/buythisbook.html HTTP/1.1" 404 88 "-" "Mozilla/5.0 AppleWebKit/537.36 (KHTML, like Gecko; compatible; bingbot/2.0; +http://www.bing.com/bingbot.htm) Chrome/103.0.5060.134 Safari/537.36" "ysfine.com"
40.122.230.189 - - [08/Nov/2022:07:55:17 -0800] "GET /style/vienopera22b.jpg HTTP/1.1" 200 52023 "https://www.ysfine.com/style" "Mozilla/5.0 (iPhone; CPU iPhone OS 13_5_1 like Mac OS X) AppleWebKit/605.1.15 (KHTML, like Gecko) Version/13.1.1 Mobile/15E148 Safari/604.1" "www.ysfine.com"
190.217.226.144 - - [08/Nov/2022:07:55:22 -0800] "GET /kobak/kimjap22.jpg HTTP/1.1" 200 84603 "https://www.google.com/" "Mozilla/5.0 (Windows NT 10.0; Win64; x64; rv:106.0) Gecko/20100101 Firefox/106.0" "ysfine.com"
20.109.241.82 - - [08/Nov/2022:07:55:29 -0800] "GET /dirac/hazi22.jpg HTTP/1.1" 200 37344 "https://ysfine.com/dirac" "Mozilla/5.0 (Windows NT 10.0; Win64; x64) AppleWebKit/537.36 (KHTML, like Gecko) Chrome/74.0.3729.157 Safari/537.36" "ysfine.com"
157.55.39.17 - - [08/Nov/2022:07:56:01 -0800] "GET /world/germany/hegel03.jpg HTTP/1.1" 200 211480 "-" "Mozilla/5.0 (compatible; bingbot/2.0; +http://www.bing.com/bingbot.htm)" "ysfine.com"
157.55.39.17 - - [08/Nov/2022:07:56:12 -0800] "GET /class54/pics/d029b.jpg HTTP/1.1" 200 24470 "-" "Mozilla/5.0 AppleWebKit/537.36 (KHTML, like Gecko; compatible; bingbot/2.0; +http://www.bing.com/bingbot.htm) Chrome/103.0.5060.134 Safari/537.36" "www.ysfine.com"
40.77.167.27 - - [08/Nov/2022:07:56:20 -0800] "GET /world/france/flore06.jpg HTTP/1.1" 200 120704 "-" "Mozilla/5.0 (compatible; bingbot/2.0; +http://www.bing.com/bingbot.htm)" "www.ysfine.com"
40.77.167.68 - - [08/Nov/2022:07:57:49 -0800] "GET /people/baran.jpg HTTP/1.1" 200 57735 "-" "Mozilla/5.0 (compatible; bingbot/2.0; +http://www.bing.com/bingbot.htm)" "ysfine.com"
123.183.224.87 - - [08/Nov/2022:07:58:17 -0800] "GET / HTTP/1.1" 200 5283 "-" "Sogou web spider/4.0(+http://www.sogou.com/docs/help/webmasters.htm#07)" "ysfine.com"
40.122.227.201 - - [08/Nov/2022:07:58:33 -0800] "GET /friends/tolstoy22b.jpg HTTP/1.1" 404 88 "https://www.ysfine.com/friends" "Mozilla/5.0 (Windows NT 10.0; Win64; x64) AppleWebKit/537.36 (KHTML, like Gecko) Chrome/74.0.3729.157 Safari/537.36" "www.ysfine.com"
54.236.1.11 - - [08/Nov/2022:07:58:51 -0800] "GET /einstein/einplanck.html HTTP/1.1" 200 3255 "-" "Mozilla/5.0 (compatible; Pinterestbot/1.0; +http://www.pinterest.com/bot.html)" "ysfine.com"
54.236.1.13 - - [08/Nov/2022:07:59:04 -0800] "GET /einstein/einplanck2.jpg HTTP/1.1" 200 33638 "-" "Mozilla/5.0 (compatible; Pinterestbot/1.0; +http://www.pinterest.com/bot.html)" "ysfine.com"
40.86.101.165 - - [08/Nov/2022:07:59:09 -0800] "GET /world/ital/venice71a.jpg HTTP/1.1" 404 88 "http://ysfine.com/world/ital" "Mozilla/5.0 (Macintosh; Intel Mac OS X 10_11_6) AppleWebKit/605.1.15 (KHTML, like Gecko) Version/11.1.2 Safari/605.1.15" "ysfine.com"
40.77.167.68 - - [08/Nov/2022:07:59:30 -0800] "GET /ysbio/home/feyn70.html HTTP/1.1" 404 88 "-" "Mozilla/5.0 (compatible; bingbot/2.0; +http://www.bing.com/bingbot.htm)" "ysfine.com"
157.55.39.76 - - [08/Nov/2022:07:59:43 -0800] "GET /home/gongdae54.jpg HTTP/1.1" 200 137343 "-" "Mozilla/5.0 (compatible; bingbot/2.0; +http://www.bing.com/bingbot.htm)" "ysfine.com"
92.99.84.206 - - [08/Nov/2022:08:00:22 -0800] "GET /einstein/einplanck3.jpg HTTP/1.1" 200 37784 "https://www.google.com/" "Mozilla/5.0 (Windows NT 10.0; Win64; x64) AppleWebKit/537.36 (KHTML, like Gecko) Chrome/107.0.0.0 Safari/537.36" "ysfine.com"
40.122.227.200 - - [08/Nov/2022:08:00:45 -0800] "GET /world/china/beijing058b.jpg HTTP/1.1" 200 29133 "http://www.ysfine.com/world/china" "Mozilla/5.0 (X11; Linux x86_64) AppleWebKit/537.36 (KHTML, like Gecko) Chrome/74.0.3729.169 Safari/537.36" "www.ysfine.com"
157.55.39.65 - - [08/Nov/2022:08:01:16 -0800] "GET /maga/boltz/gauss22a.jpg HTTP/1.1" 200 33642 "-" "Mozilla/5.0 (compatible; bingbot/2.0; +http://www.bing.com/bingbot.htm)" "ysfine.com"
40.77.167.68 - - [08/Nov/2022:08:01:30 -0800] "GET /sbk/2007verein.jpg HTTP/1.1" 200 114552 "-" "Mozilla/5.0 AppleWebKit/537.36 (KHTML, like Gecko; compatible; bingbot/2.0; +http://www.bing.com/bingbot.htm) Chrome/103.0.5060.134 Safari/537.36" "ysfine.com"
36.99.136.131 - - [08/Nov/2022:08:01:49 -0800] "GET /princeton/gcollege22.jpg HTTP/1.1" 200 75914 "https://erbf-energie.fr/" "Mozilla/5.0 (Windows NT 10.0; Win64; x64) AppleWebKit/537.36 (KHTML, like Gecko) Chrome/72.0.3626.119 Safari/537.36" "ysfine.com"
36.99.136.131 - - [08/Nov/2022:08:01:54 -0800] "GET /princeton/gcollege22.jpg HTTP/1.1" 200 75914 "https://erbf-energie.fr/" "Mozilla/5.0 (Windows NT 10.0; Win64; x64) AppleWebKit/537.36 (KHTML, like Gecko) Chrome/72.0.3626.119 Safari/537.36" "ysfine.com"
40.77.51.82 - - [08/Nov/2022:08:02:11 -0800] "GET /awards/iaotp/top21c.jpg HTTP/1.1" 200 49015 "https://ysfine.com/awards/iaotp" "Mozilla/5.0 (Linux; Android 10; SM-G960U) AppleWebKit/537.36 (KHTML, like Gecko) Chrome/88.0.4324.181 Mobile Safari/537.36" "ysfine.com"
77.75.78.168 - - [08/Nov/2022:08:02:12 -0800] "GET /robots.txt HTTP/1.1" 404 88 "-" "Mozilla/5.0 (compatible; SeznamBot/3.2; +http://napoveda.seznam.cz/en/seznambot-intro/)" "ysfine.com"
77.75.78.168 - - [08/Nov/2022:08:02:13 -0800] "GET /world/brit/tower04.jpg HTTP/1.1" 200 117579 "-" "Mozilla/5.0 (compatible; SeznamBot/3.2; +http://napoveda.seznam.cz/en/seznambot-intro/)" "ysfine.com"
77.75.78.168 - - [08/Nov/2022:08:02:17 -0800] "GET /newyork/koreaw02.jpg HTTP/1.1" 200 128632 "-" "Mozilla/5.0 (compatible; SeznamBot/3.2; +http://napoveda.seznam.cz/en/seznambot-intro/)" "ysfine.com"
77.75.78.168 - - [08/Nov/2022:08:02:20 -0800] "GET /newyork/trump36.jpg HTTP/1.1" 200 136675 "-" "Mozilla/5.0 (compatible; SeznamBot/3.2; +http://napoveda.seznam.cz/en/seznambot-intro/)" "ysfine.com"
157.55.39.17 - - [08/Nov/2022:08:02:21 -0800] "GET /bio/world/scandi/copen062b.jpg HTTP/1.1" 404 88 "-" "Mozilla/5.0 (compatible; bingbot/2.0; +http://www.bing.com/bingbot.htm)" "ysfine.com"
77.75.78.168 - - [08/Nov/2022:08:02:22 -0800] "GET /wigner/stevew.jpg HTTP/1.1" 200 49437 "-" "Mozilla/5.0 (compatible; SeznamBot/3.2; +http://napoveda.seznam.cz/en/seznambot-intro/)" "ysfine.com"
77.75.78.168 - - [08/Nov/2022:08:02:23 -0800] "GET /wdc/usna26.jpg HTTP/1.1" 200 143743 "-" "Mozilla/5.0 (compatible; SeznamBot/3.2; +http://napoveda.seznam.cz/en/seznambot-intro/)" "ysfine.com"
40.77.167.68 - - [08/Nov/2022:08:05:21 -0800] "GET /bio/optics.html HTTP/1.1" 404 88 "-" "Mozilla/5.0 (compatible; bingbot/2.0; +http://www.bing.com/bingbot.htm)" "ysfine.com"
35.231.212.9 - - [08/Nov/2022:08:06:07 -0800] "GET /home/index.html HTTP/1.1" 200 142 "-" "ZoominfoBot (zoominfobot at zoominfo dot com)" "ysfine.com"
66.97.27.10 - - [08/Nov/2022:08:06:10 -0800] "GET /feynman/chewfrau.html HTTP/1.1" 200 3075 "https://www.google.com/" "Mozilla/5.0 (Linux; Android 12; SM-S901B) AppleWebKit/537.36 (KHTML, like Gecko) Chrome/107.0.0.0 Mobile Safari/537.36" "ysfine.com"
66.97.27.10 - - [08/Nov/2022:08:06:10 -0800] "GET /kobak/taylor33c.jpg HTTP/1.1" 200 39951 "https://ysfine.com/feynman/chewfrau.html" "Mozilla/5.0 (Linux; Android 12; SM-S901B) AppleWebKit/537.36 (KHTML, like Gecko) Chrome/107.0.0.0 Mobile Safari/537.36" "ysfine.com"
66.97.27.10 - - [08/Nov/2022:08:06:10 -0800] "GET /feynman/feybongo77c.jpg HTTP/1.1" 200 25947 "https://ysfine.com/feynman/chewfrau.html" "Mozilla/5.0 (Linux; Android 12; SM-S901B) AppleWebKit/537.36 (KHTML, like Gecko) Chrome/107.0.0.0 Mobile Safari/537.36" "ysfine.com"
66.97.27.10 - - [08/Nov/2022:08:06:10 -0800] "GET /feynman/gfchew11c.jpg HTTP/1.1" 200 27337 "https://ysfine.com/feynman/chewfrau.html" "Mozilla/5.0 (Linux; Android 12; SM-S901B) AppleWebKit/537.36 (KHTML, like Gecko) Chrome/107.0.0.0 Mobile Safari/537.36" "ysfine.com"
66.97.27.10 - - [08/Nov/2022:08:06:10 -0800] "GET /feynman/feyn70cc.jpg HTTP/1.1" 200 19224 "https://ysfine.com/feynman/chewfrau.html" "Mozilla/5.0 (Linux; Android 12; SM-S901B) AppleWebKit/537.36 (KHTML, like Gecko) Chrome/107.0.0.0 Mobile Safari/537.36" "ysfine.com"
66.97.27.10 - - [08/Nov/2022:08:06:10 -0800] "GET /eink/pwk19c.jpg HTTP/1.1" 200 57759 "https://ysfine.com/feynman/chewfrau.html" "Mozilla/5.0 (Linux; Android 12; SM-S901B) AppleWebKit/537.36 (KHTML, like Gecko) Chrome/107.0.0.0 Mobile Safari/537.36" "ysfine.com"
66.97.27.10 - - [08/Nov/2022:08:06:10 -0800] "GET /feynman/chewfra11c.jpg HTTP/1.1" 200 34838 "https://ysfine.com/feynman/chewfrau.html" "Mozilla/5.0 (Linux; Android 12; SM-S901B) AppleWebKit/537.36 (KHTML, like Gecko) Chrome/107.0.0.0 Mobile Safari/537.36" "ysfine.com"
66.97.27.10 - - [08/Nov/2022:08:06:10 -0800] "GET /favicon.ico HTTP/1.1" 404 88 "https://ysfine.com/feynman/chewfrau.html" "Mozilla/5.0 (Linux; Android 12; SM-S901B) AppleWebKit/537.36 (KHTML, like Gecko) Chrome/107.0.0.0 Mobile Safari/537.36" "ysfine.com"
157.55.39.17 - - [08/Nov/2022:08:06:31 -0800] "GET /wisdom/palman22.jpg HTTP/1.1" 200 133122 "-" "Mozilla/5.0 AppleWebKit/537.36 (KHTML, like Gecko; compatible; bingbot/2.0; +http://www.bing.com/bingbot.htm) Chrome/103.0.5060.134 Safari/537.36" "ysfine.com"
157.55.39.17 - - [08/Nov/2022:08:07:03 -0800] "GET /people/baran2.jpg HTTP/1.1" 200 26517 "-" "Mozilla/5.0 AppleWebKit/537.36 (KHTML, like Gecko; compatible; bingbot/2.0; +http://www.bing.com/bingbot.htm) Chrome/103.0.5060.134 Safari/537.36" "www.ysfine.com"
20.56.197.58 - - [08/Nov/2022:08:07:04 -0800] "GET /kowar/tanks/tank21.jpg HTTP/1.1" 200 52329 "http://ysfine.com/kowar/tanks/tank21.jpg" "DuckDuckBot/1.1; (+http://duckduckgo.com/duckduckbot.html)" "ysfine.com"
78.19.59.132 - - [08/Nov/2022:08:07:17 -0800] "GET /world/germany/hegel23.jpg HTTP/1.1" 200 43964 "https://www.google.com/" "Mozilla/5.0 (Linux; Android 10; 8092_EEA Build/PPR1.180610.011; wv) AppleWebKit/537.36 (KHTML, like Gecko) Version/4.0 Chrome/107.0.5304.91 Safari/537.36 GSA/13.41.11.26.arm" "ysfine.com"
40.77.167.27 - - [08/Nov/2022:08:07:52 -0800] "GET /world/scandi/copen038.jpg HTTP/1.1" 200 102032 "-" "Mozilla/5.0 AppleWebKit/537.36 (KHTML, like Gecko; compatible; bingbot/2.0; +http://www.bing.com/bingbot.htm) Chrome/103.0.5060.134 Safari/537.36" "ysfine.com"
216.244.66.229 - - [08/Nov/2022:08:07:55 -0800] "GET /robots.txt HTTP/1.1" 404 73 "-" "Mozilla/5.0 (compatible; DotBot/1.2; +https://opensiteexplorer.org/dotbot; help@moz.com)" "www.ysfine.com"
216.244.66.229 - - [08/Nov/2022:08:07:55 -0800] "GET /robots.txt HTTP/1.1" 404 73 "-" "Mozilla/5.0 (compatible; DotBot/1.2; +https://opensiteexplorer.org/dotbot; help@moz.com)" "ysfine.com"
157.55.39.17 - - [08/Nov/2022:08:07:56 -0800] "GET /bio/einstein/bern.html HTTP/1.1" 404 88 "-" "Mozilla/5.0 AppleWebKit/537.36 (KHTML, like Gecko; compatible; bingbot/2.0; +http://www.bing.com/bingbot.htm) Chrome/103.0.5060.134 Safari/537.36" "ysfine.com"
20.109.241.97 - - [08/Nov/2022:08:08:07 -0800] "GET /wdc/facu63b.jpg HTTP/1.1" 200 47674 "https://ysfine.com/wdc" "Mozilla/5.0 (Macintosh; Intel Mac OS X 10_11_6) AppleWebKit/605.1.15 (KHTML, like Gecko) Version/11.1.2 Safari/605.1.15" "ysfine.com"
66.249.66.44 - - [08/Nov/2022:08:08:13 -0800] "GET /kowar/shintak01b.jpg HTTP/1.1" 304 - "-" "Googlebot-Image/1.0" "ysfine.com"
40.77.167.71 - - [08/Nov/2022:08:08:14 -0800] "GET /sbk/2002maine22.jpg HTTP/1.1" 200 183685 "-" "Mozilla/5.0 AppleWebKit/537.36 (KHTML, like Gecko; compatible; bingbot/2.0; +http://www.bing.com/bingbot.htm) Chrome/103.0.5060.134 Safari/537.36" "ysfine.com"
20.106.27.173 - - [08/Nov/2022:08:08:35 -0800] "GET /class54/ys53c.jpg HTTP/1.1" 200 29434 "https://ysfine.com/class54" "Mozilla/5.0 (iPhone; CPU iPhone OS 13_5_1 like Mac OS X) AppleWebKit/605.1.15 (KHTML, like Gecko) Version/13.1.1 Mobile/15E148 Safari/604.1" "ysfine.com"
20.12.191.72 - - [08/Nov/2022:08:08:39 -0800] "GET /world/baltic/tallin96c.jpg HTTP/1.1" 200 32765 "https://ysfine.com/world/baltic" "Mozilla/5.0 (X11; Linux x86_64) AppleWebKit/537.36 (KHTML, like Gecko) Chrome/74.0.3729.169 Safari/537.36" "ysfine.com"
40.77.167.27 - - [08/Nov/2022:08:09:02 -0800] "GET /bio/style/proschanie.html HTTP/1.1" 404 88 "-" "Mozilla/5.0 AppleWebKit/537.36 (KHTML, like Gecko; compatible; bingbot/2.0; +http://www.bing.com/bingbot.htm) Chrome/103.0.5060.134 Safari/537.36" "ysfine.com"
40.86.101.254 - - [08/Nov/2022:08:09:07 -0800] "GET /wigner/isomor22.jpg HTTP/1.1" 200 103658 "http://ysfine.com/wigner" "Mozilla/5.0 (X11; Linux x86_64) AppleWebKit/537.36 (KHTML, like Gecko) Chrome/74.0.3729.169 Safari/537.36" "ysfine.com"
40.77.51.82 - - [08/Nov/2022:08:09:35 -0800] "GET /world/poland/gdn57b.jpg HTTP/1.1" 200 45750 "http://www.ysfine.com/world/poland" "Mozilla/5.0 (Linux; Android 10; SM-G960U) AppleWebKit/537.36 (KHTML, like Gecko) Chrome/88.0.4324.181 Mobile Safari/537.36" "www.ysfine.com"
20.29.110.169 - - [08/Nov/2022:08:09:44 -0800] "GET /usca/norl/bour02b.jpg HTTP/1.1" 200 39485 "https://ysfine.com/usca/norl" "Mozilla/5.0 (Macintosh; Intel Mac OS X 10_11_6) AppleWebKit/605.1.15 (KHTML, like Gecko) Version/11.1.2 Safari/605.1.15" "ysfine.com"
54.236.1.13 - - [08/Nov/2022:08:09:53 -0800] "GET /feynman/feygell22b.jpg HTTP/1.1" 200 32331 "-" "Mozilla/5.0 (compatible; Pinterestbot/1.0; +http://www.pinterest.com/bot.html)" "ysfine.com"
54.236.1.11 - - [08/Nov/2022:08:10:00 -0800] "GET /feynman/feygell.html HTTP/1.1" 200 4714 "-" "Mozilla/5.0 (compatible; Pinterestbot/1.0; +http://www.pinterest.com/bot.html)" "ysfine.com"
54.236.1.13 - - [08/Nov/2022:08:10:03 -0800] "GET / HTTP/1.1" 200 5283 "-" "Mozilla/5.0 (compatible; Pinterestbot/1.0; +http://www.pinterest.com/bot.html)" "ysfine.com"
216.244.66.229 - - [08/Nov/2022:08:11:00 -0800] "GET /wigner/neum/vnc16.jpg HTTP/1.1" 200 107583 "-" "Mozilla/5.0 (compatible; DotBot/1.2; +https://opensiteexplorer.org/dotbot; help@moz.com)" "ysfine.com"
13.67.224.12 - - [08/Nov/2022:08:11:00 -0800] "GET /usca/pitt/alumin02b.jpg HTTP/1.1" 200 50569 "http://ysfine.com/usca/pitt" "Mozilla/5.0 (Linux; Android 10; SM-G960U) AppleWebKit/537.36 (KHTML, like Gecko) Chrome/88.0.4324.181 Mobile Safari/537.36" "ysfine.com"
71.105.74.21 - - [08/Nov/2022:08:11:01 -0800] "GET /wdc/wasdc.html HTTP/1.1" 200 13715 "https://r.search.yahoo.com/_ylt=AwrNad6Gf2pjTxICRNc2nIlQ;_ylu=c2VjA3NyBHNsawNpbWcEb2lkAzMwZDczODQ1MzE4NGVhNjc5NjEzZjE1ZTE1OWI2NDgwBGdwb3MDMjY0BGl0A2Jpbmc-/RV=2/RE=1667952647/RO=11/RU=http%3a%2f%2fysfine.com%2fwdc%2fwasdc.html/RK=2/RS=CLGMF.I9wxHkSeUZPIVHxbMfkTk-" "Mozilla/5.0 (Macintosh; Intel Mac OS X 10.13; rv:106.0) Gecko/20100101 Firefox/106.0" "ysfine.com"
71.105.74.21 - - [08/Nov/2022:08:11:02 -0800] "GET /wdc/umd06b.jpg HTTP/1.1" 200 34590 "https://ysfine.com/wdc/wasdc.html" "Mozilla/5.0 (Macintosh; Intel Mac OS X 10.13; rv:106.0) Gecko/20100101 Firefox/106.0" "ysfine.com"
71.105.74.21 - - [08/Nov/2022:08:11:02 -0800] "GET /wdc/sherman11b.jpg HTTP/1.1" 200 27477 "https://ysfine.com/wdc/wasdc.html" "Mozilla/5.0 (Macintosh; Intel Mac OS X 10.13; rv:106.0) Gecko/20100101 Firefox/106.0" "ysfine.com"
71.105.74.21 - - [08/Nov/2022:08:11:02 -0800] "GET /wdc/loc01b.jpg HTTP/1.1" 200 59811 "https://ysfine.com/wdc/wasdc.html" "Mozilla/5.0 (Macintosh; Intel Mac OS X 10.13; rv:106.0) Gecko/20100101 Firefox/106.0" "ysfine.com"
71.105.74.21 - - [08/Nov/2022:08:11:02 -0800] "GET /wdc/whouse02b.jpg HTTP/1.1" 200 30118 "https://ysfine.com/wdc/wasdc.html" "Mozilla/5.0 (Macintosh; Intel Mac OS X 10.13; rv:106.0) Gecko/20100101 Firefox/106.0" "ysfine.com"
71.105.74.21 - - [08/Nov/2022:08:11:02 -0800] "GET /wdc/pulaski01b.jpg HTTP/1.1" 200 43884 "https://ysfine.com/wdc/wasdc.html" "Mozilla/5.0 (Macintosh; Intel Mac OS X 10.13; rv:106.0) Gecko/20100101 Firefox/106.0" "ysfine.com"
71.105.74.21 - - [08/Nov/2022:08:11:02 -0800] "GET /wdc/dar11b.jpg HTTP/1.1" 200 37978 "https://ysfine.com/wdc/wasdc.html" "Mozilla/5.0 (Macintosh; Intel Mac OS X 10.13; rv:106.0) Gecko/20100101 Firefox/106.0" "ysfine.com"
71.105.74.21 - - [08/Nov/2022:08:11:02 -0800] "GET /wdc/lafpark02b.jpg HTTP/1.1" 200 40860 "https://ysfine.com/wdc/wasdc.html" "Mozilla/5.0 (Macintosh; Intel Mac OS X 10.13; rv:106.0) Gecko/20100101 Firefox/106.0" "ysfine.com"
71.105.74.21 - - [08/Nov/2022:08:11:02 -0800] "GET /wdc/nga02b.jpg HTTP/1.1" 200 42789 "https://ysfine.com/wdc/wasdc.html" "Mozilla/5.0 (Macintosh; Intel Mac OS X 10.13; rv:106.0) Gecko/20100101 Firefox/106.0" "ysfine.com"
71.105.74.21 - - [08/Nov/2022:08:11:02 -0800] "GET /wdc/supreme02b.jpg HTTP/1.1" 200 37198 "https://ysfine.com/wdc/wasdc.html" "Mozilla/5.0 (Macintosh; Intel Mac OS X 10.13; rv:106.0) Gecko/20100101 Firefox/106.0" "ysfine.com"
71.105.74.21 - - [08/Nov/2022:08:11:02 -0800] "GET /wdc/gtown32c.jpg HTTP/1.1" 200 40837 "https://ysfine.com/wdc/wasdc.html" "Mozilla/5.0 (Macintosh; Intel Mac OS X 10.13; rv:106.0) Gecko/20100101 Firefox/106.0" "ysfine.com"
71.105.74.21 - - [08/Nov/2022:08:11:02 -0800] "GET /wdc/capitol07b.jpg HTTP/1.1" 200 47839 "https://ysfine.com/wdc/wasdc.html" "Mozilla/5.0 (Macintosh; Intel Mac OS X 10.13; rv:106.0) Gecko/20100101 Firefox/106.0" "ysfine.com"
71.105.74.21 - - [08/Nov/2022:08:11:02 -0800] "GET /wdc/kennedyc06b.jpg HTTP/1.1" 200 32476 "https://ysfine.com/wdc/wasdc.html" "Mozilla/5.0 (Macintosh; Intel Mac OS X 10.13; rv:106.0) Gecko/20100101 Firefox/106.0" "ysfine.com"
71.105.74.21 - - [08/Nov/2022:08:11:02 -0800] "GET /wdc/nga05b.jpg HTTP/1.1" 200 40747 "https://ysfine.com/wdc/wasdc.html" "Mozilla/5.0 (Macintosh; Intel Mac OS X 10.13; rv:106.0) Gecko/20100101 Firefox/106.0" "ysfine.com"
71.105.74.21 - - [08/Nov/2022:08:11:02 -0800] "GET /wdc/lafpark05b.jpg HTTP/1.1" 200 40496 "https://ysfine.com/wdc/wasdc.html" "Mozilla/5.0 (Macintosh; Intel Mac OS X 10.13; rv:106.0) Gecko/20100101 Firefox/106.0" "ysfine.com"
71.105.74.21 - - [08/Nov/2022:08:11:02 -0800] "GET /wdc/eindc03b.jpg HTTP/1.1" 200 54447 "https://ysfine.com/wdc/wasdc.html" "Mozilla/5.0 (Macintosh; Intel Mac OS X 10.13; rv:106.0) Gecko/20100101 Firefox/106.0" "ysfine.com"
71.105.74.21 - - [08/Nov/2022:08:11:02 -0800] "GET /wdc/willard33b.jpg HTTP/1.1" 200 42340 "https://ysfine.com/wdc/wasdc.html" "Mozilla/5.0 (Macintosh; Intel Mac OS X 10.13; rv:106.0) Gecko/20100101 Firefox/106.0" "ysfine.com"
71.105.74.21 - - [08/Nov/2022:08:11:02 -0800] "GET /wdc/gtown23b.jpg HTTP/1.1" 200 37749 "https://ysfine.com/wdc/wasdc.html" "Mozilla/5.0 (Macintosh; Intel Mac OS X 10.13; rv:106.0) Gecko/20100101 Firefox/106.0" "ysfine.com"
71.105.74.21 - - [08/Nov/2022:08:11:02 -0800] "GET /wdc/corco33b.jpg HTTP/1.1" 200 31692 "https://ysfine.com/wdc/wasdc.html" "Mozilla/5.0 (Macintosh; Intel Mac OS X 10.13; rv:106.0) Gecko/20100101 Firefox/106.0" "ysfine.com"
71.105.74.21 - - [08/Nov/2022:08:11:02 -0800] "GET /wdc/heyadams22b.jpg HTTP/1.1" 200 40428 "https://ysfine.com/wdc/wasdc.html" "Mozilla/5.0 (Macintosh; Intel Mac OS X 10.13; rv:106.0) Gecko/20100101 Firefox/106.0" "ysfine.com"
71.105.74.21 - - [08/Nov/2022:08:11:02 -0800] "GET /wdc/reagan55b.jpg HTTP/1.1" 200 32608 "https://ysfine.com/wdc/wasdc.html" "Mozilla/5.0 (Macintosh; Intel Mac OS X 10.13; rv:106.0) Gecko/20100101 Firefox/106.0" "ysfine.com"
71.105.74.21 - - [08/Nov/2022:08:11:02 -0800] "GET /style/alexandrov44b.jpg HTTP/1.1" 200 38881 "https://ysfine.com/wdc/wasdc.html" "Mozilla/5.0 (Macintosh; Intel Mac OS X 10.13; rv:106.0) Gecko/20100101 Firefox/106.0" "ysfine.com"
71.105.74.21 - - [08/Nov/2022:08:11:02 -0800] "GET /wdc/gtown08b.jpg HTTP/1.1" 200 55792 "https://ysfine.com/wdc/wasdc.html" "Mozilla/5.0 (Macintosh; Intel Mac OS X 10.13; rv:106.0) Gecko/20100101 Firefox/106.0" "ysfine.com"
71.105.74.21 - - [08/Nov/2022:08:11:02 -0800] "GET /wdc/ww2m66b.jpg HTTP/1.1" 200 32234 "https://ysfine.com/wdc/wasdc.html" "Mozilla/5.0 (Macintosh; Intel Mac OS X 10.13; rv:106.0) Gecko/20100101 Firefox/106.0" "ysfine.com"
71.105.74.21 - - [08/Nov/2022:08:11:02 -0800] "GET /wdc/capitol02b.jpg HTTP/1.1" 200 30351 "https://ysfine.com/wdc/wasdc.html" "Mozilla/5.0 (Macintosh; Intel Mac OS X 10.13; rv:106.0) Gecko/20100101 Firefox/106.0" "ysfine.com"
71.105.74.21 - - [08/Nov/2022:08:11:02 -0800] "GET /wdc/whxmas/whxmas01b.jpg HTTP/1.1" 200 22089 "https://ysfine.com/wdc/wasdc.html" "Mozilla/5.0 (Macintosh; Intel Mac OS X 10.13; rv:106.0) Gecko/20100101 Firefox/106.0" "ysfine.com"
71.105.74.21 - - [08/Nov/2022:08:11:02 -0800] "GET /wdc/gtown15b.jpg HTTP/1.1" 200 38625 "https://ysfine.com/wdc/wasdc.html" "Mozilla/5.0 (Macintosh; Intel Mac OS X 10.13; rv:106.0) Gecko/20100101 Firefox/106.0" "ysfine.com"
71.105.74.21 - - [08/Nov/2022:08:11:02 -0800] "GET /wdc/anna05b.jpg HTTP/1.1" 200 39615 "https://ysfine.com/wdc/wasdc.html" "Mozilla/5.0 (Macintosh; Intel Mac OS X 10.13; rv:106.0) Gecko/20100101 Firefox/106.0" "ysfine.com"
71.105.74.21 - - [08/Nov/2022:08:11:02 -0800] "GET /wdc/kennedyc17b.jpg HTTP/1.1" 200 38708 "https://ysfine.com/wdc/wasdc.html" "Mozilla/5.0 (Macintosh; Intel Mac OS X 10.13; rv:106.0) Gecko/20100101 Firefox/106.0" "ysfine.com"
71.105.74.21 - - [08/Nov/2022:08:11:02 -0800] "GET /wdc/jeffm02b.jpg HTTP/1.1" 200 32468 "https://ysfine.com/wdc/wasdc.html" "Mozilla/5.0 (Macintosh; Intel Mac OS X 10.13; rv:106.0) Gecko/20100101 Firefox/106.0" "ysfine.com"
71.105.74.21 - - [08/Nov/2022:08:11:02 -0800] "GET /wdc/kennedyc05b.jpg HTTP/1.1" 200 26902 "https://ysfine.com/wdc/wasdc.html" "Mozilla/5.0 (Macintosh; Intel Mac OS X 10.13; rv:106.0) Gecko/20100101 Firefox/106.0" "ysfine.com"
71.105.74.21 - - [08/Nov/2022:08:11:02 -0800] "GET /wdc/gtown37c.jpg HTTP/1.1" 200 49301 "https://ysfine.com/wdc/wasdc.html" "Mozilla/5.0 (Macintosh; Intel Mac OS X 10.13; rv:106.0) Gecko/20100101 Firefox/106.0" "ysfine.com"
71.105.74.21 - - [08/Nov/2022:08:11:02 -0800] "GET /wdc/ncath11c.jpg HTTP/1.1" 200 27058 "https://ysfine.com/wdc/wasdc.html" "Mozilla/5.0 (Macintosh; Intel Mac OS X 10.13; rv:106.0) Gecko/20100101 Firefox/106.0" "ysfine.com"
71.105.74.21 - - [08/Nov/2022:08:11:02 -0800] "GET /style/kirovken22b.jpg HTTP/1.1" 200 36856 "https://ysfine.com/wdc/wasdc.html" "Mozilla/5.0 (Macintosh; Intel Mac OS X 10.13; rv:106.0) Gecko/20100101 Firefox/106.0" "ysfine.com"
71.105.74.21 - - [08/Nov/2022:08:11:02 -0800] "GET /wdc/gtown21b.jpg HTTP/1.1" 200 46138 "https://ysfine.com/wdc/wasdc.html" "Mozilla/5.0 (Macintosh; Intel Mac OS X 10.13; rv:106.0) Gecko/20100101 Firefox/106.0" "ysfine.com"
71.105.74.21 - - [08/Nov/2022:08:11:02 -0800] "GET /wdc/koreaw33b.jpg HTTP/1.1" 200 39262 "https://ysfine.com/wdc/wasdc.html" "Mozilla/5.0 (Macintosh; Intel Mac OS X 10.13; rv:106.0) Gecko/20100101 Firefox/106.0" "ysfine.com"
71.105.74.21 - - [08/Nov/2022:08:11:02 -0800] "GET /wdc/sakura10b.jpg HTTP/1.1" 200 43136 "https://ysfine.com/wdc/wasdc.html" "Mozilla/5.0 (Macintosh; Intel Mac OS X 10.13; rv:106.0) Gecko/20100101 Firefox/106.0" "ysfine.com"
71.105.74.21 - - [08/Nov/2022:08:11:02 -0800] "GET /wdc/gtown03b.jpg HTTP/1.1" 200 50421 "https://ysfine.com/wdc/wasdc.html" "Mozilla/5.0 (Macintosh; Intel Mac OS X 10.13; rv:106.0) Gecko/20100101 Firefox/106.0" "ysfine.com"
71.105.74.21 - - [08/Nov/2022:08:11:02 -0800] "GET /wdc/lincoln02b.jpg HTTP/1.1" 200 27630 "https://ysfine.com/wdc/wasdc.html" "Mozilla/5.0 (Macintosh; Intel Mac OS X 10.13; rv:106.0) Gecko/20100101 Firefox/106.0" "ysfine.com"
71.105.74.21 - - [08/Nov/2022:08:11:02 -0800] "GET /wdc/washmo07b.jpg HTTP/1.1" 200 34166 "https://ysfine.com/wdc/wasdc.html" "Mozilla/5.0 (Macintosh; Intel Mac OS X 10.13; rv:106.0) Gecko/20100101 Firefox/106.0" "ysfine.com"
71.105.74.21 - - [08/Nov/2022:08:11:02 -0800] "GET /wdc/obelisk11b.jpg HTTP/1.1" 200 30019 "https://ysfine.com/wdc/wasdc.html" "Mozilla/5.0 (Macintosh; Intel Mac OS X 10.13; rv:106.0) Gecko/20100101 Firefox/106.0" "ysfine.com"
71.105.74.21 - - [08/Nov/2022:08:11:02 -0800] "GET /wdc/washmo01b.jpg HTTP/1.1" 200 24586 "https://ysfine.com/wdc/wasdc.html" "Mozilla/5.0 (Macintosh; Intel Mac OS X 10.13; rv:106.0) Gecko/20100101 Firefox/106.0" "ysfine.com"
71.105.74.21 - - [08/Nov/2022:08:11:02 -0800] "GET /wdc/ndu11b.jpg HTTP/1.1" 200 33978 "https://ysfine.com/wdc/wasdc.html" "Mozilla/5.0 (Macintosh; Intel Mac OS X 10.13; rv:106.0) Gecko/20100101 Firefox/106.0" "ysfine.com"
71.105.74.21 - - [08/Nov/2022:08:11:02 -0800] "GET /wdc/gtown24b.jpg HTTP/1.1" 200 35392 "https://ysfine.com/wdc/wasdc.html" "Mozilla/5.0 (Macintosh; Intel Mac OS X 10.13; rv:106.0) Gecko/20100101 Firefox/106.0" "ysfine.com"
71.105.74.21 - - [08/Nov/2022:08:11:02 -0800] "GET /wdc/reagan44b.jpg HTTP/1.1" 200 36340 "https://ysfine.com/wdc/wasdc.html" "Mozilla/5.0 (Macintosh; Intel Mac OS X 10.13; rv:106.0) Gecko/20100101 Firefox/106.0" "ysfine.com"
71.105.74.21 - - [08/Nov/2022:08:11:02 -0800] "GET /maga/invent/marconi03b.jpg HTTP/1.1" 200 47650 "https://ysfine.com/wdc/wasdc.html" "Mozilla/5.0 (Macintosh; Intel Mac OS X 10.13; rv:106.0) Gecko/20100101 Firefox/106.0" "ysfine.com"
71.105.74.21 - - [08/Nov/2022:08:11:03 -0800] "GET /favicon.ico HTTP/1.1" 404 88 "https://ysfine.com/wdc/wasdc.html" "Mozilla/5.0 (Macintosh; Intel Mac OS X 10.13; rv:106.0) Gecko/20100101 Firefox/106.0" "ysfine.com"
216.244.66.229 - - [08/Nov/2022:08:11:05 -0800] "GET /maga/bohrwash.html HTTP/1.1" 200 10572 "-" "Mozilla/5.0 (compatible; DotBot/1.2; +https://opensiteexplorer.org/dotbot; help@moz.com)" "ysfine.com"
40.77.167.71 - - [08/Nov/2022:08:11:06 -0800] "GET /ysbio/wdc/waskor.html HTTP/1.1" 200 7729 "-" "Mozilla/5.0 AppleWebKit/537.36 (KHTML, like Gecko; compatible; bingbot/2.0; +http://www.bing.com/bingbot.htm) Chrome/103.0.5060.134 Safari/537.36" "ysfine.com"
157.55.39.65 - - [08/Nov/2022:08:11:27 -0800] "GET /world/germany/leipzig37.jpg HTTP/1.1" 200 359240 "-" "Mozilla/5.0 (compatible; bingbot/2.0; +http://www.bing.com/bingbot.htm)" "www.ysfine.com"
157.55.39.65 - - [08/Nov/2022:08:11:29 -0800] "GET /eink/eink07b.jpg HTTP/1.1" 200 35608 "-" "Mozilla/5.0 AppleWebKit/537.36 (KHTML, like Gecko; compatible; bingbot/2.0; +http://www.bing.com/bingbot.htm) Chrome/103.0.5060.134 Safari/537.36" "www.ysfine.com"
20.29.110.170 - - [08/Nov/2022:08:12:02 -0800] "GET /home/fotos/bridge11d.jpg HTTP/1.1" 200 55851 "https://ysfine.com/home/fotos" "Mozilla/5.0 (Windows NT 10.0; Win64; x64) AppleWebKit/537.36 (KHTML, like Gecko) Chrome/74.0.3729.157 Safari/537.36" "ysfine.com"
40.77.51.81 - - [08/Nov/2022:08:12:18 -0800] "GET /world/ital/medici51b.jpg HTTP/1.1" 200 41207 "https://ysfine.com/world/ital" "Mozilla/5.0 (Macintosh; Intel Mac OS X 10_11_6) AppleWebKit/605.1.15 (KHTML, like Gecko) Version/11.1.2 Safari/605.1.15" "ysfine.com"
71.105.74.21 - - [08/Nov/2022:08:12:51 -0800] "GET /wdc/lafpark01.jpg HTTP/1.1" 200 119826 "https://ysfine.com/wdc/wasdc.html" "Mozilla/5.0 (Macintosh; Intel Mac OS X 10.13; rv:106.0) Gecko/20100101 Firefox/106.0" "ysfine.com"
157.55.39.17 - - [08/Nov/2022:08:12:53 -0800] "GET /bio/kobak/namdae.html HTTP/1.1" 404 88 "-" "Mozilla/5.0 (compatible; bingbot/2.0; +http://www.bing.com/bingbot.htm)" "ysfine.com"
