64.124.8.44 - - [08/Nov/2022:05:11:21 -0800] "GET /ysbio/wigner/little.html HTTP/1.1" 200 3088 "-" "Mozilla/5.0 (X11; Linux x86_64) AppleWebKit/537.36 (KHTML, like Gecko) Chrome/61.0.3163.79 Safari/537.36" "ysfine.com"
64.124.8.44 - - [08/Nov/2022:05:11:26 -0800] "GET /ysbio/kobak/repose.html HTTP/1.1" 200 4578 "-" "Mozilla/5.0 (X11; Linux x86_64) AppleWebKit/537.36 (KHTML, like Gecko) Chrome/61.0.3163.79 Safari/537.36" "ysfine.com"
64.124.8.44 - - [08/Nov/2022:05:11:28 -0800] "GET /maga/phil/sisfa12/r12left.html HTTP/1.1" 200 662 "-" "Mozilla/5.0 (X11; Linux x86_64) AppleWebKit/537.36 (KHTML, like Gecko) Chrome/61.0.3163.79 Safari/537.36" "ysfine.com"
64.124.8.44 - - [08/Nov/2022:05:11:35 -0800] "GET /wisdom/wk04.html HTTP/1.1" 200 71581 "-" "Mozilla/5.0 (X11; Linux x86_64) AppleWebKit/537.36 (KHTML, like Gecko) Chrome/61.0.3163.79 Safari/537.36" "ysfine.com"
64.124.8.44 - - [08/Nov/2022:05:11:35 -0800] "GET /ysbio/kobak/index.html HTTP/1.1" 200 130 "-" "Mozilla/5.0 (X11; Linux x86_64) AppleWebKit/537.36 (KHTML, like Gecko) Chrome/61.0.3163.79 Safari/537.36" "ysfine.com"
64.124.8.44 - - [08/Nov/2022:05:11:36 -0800] "GET /trips/numbers.html HTTP/1.1" 401 90 "-" "Mozilla/5.0 (X11; Linux x86_64) AppleWebKit/537.36 (KHTML, like Gecko) Chrome/61.0.3163.79 Safari/537.36" "ysfine.com"
114.119.128.142 - - [08/Nov/2022:05:11:47 -0800] "GET /home/easy.html HTTP/1.1" 200 7877 "https://www.ysfine.com/class54/emailed06.html" "Mozilla/5.0 (Linux; Android 7.0;) AppleWebKit/537.36 (KHTML, like Gecko) Mobile Safari/537.36 (compatible; PetalBot;+https://webmaster.petalsearch.com/site/petalbot)" "www.ysfine.com"
157.55.39.65 - - [08/Nov/2022:05:12:01 -0800] "GET /people/prosku22.jpg HTTP/1.1" 200 98722 "-" "Mozilla/5.0 (compatible; bingbot/2.0; +http://www.bing.com/bingbot.htm)" "www.ysfine.com"
112.119.222.38 - - [08/Nov/2022:05:12:07 -0800] "GET /feynman/feydirac.jpg HTTP/1.1" 200 98378 "https://www.google.com.hk/" "Mozilla/5.0 (iPhone; CPU iPhone OS 15_7 like Mac OS X) AppleWebKit/605.1.15 (KHTML, like Gecko) Version/15.6,2 Mobile/15E148 Safari/604.1" "ysfine.com"
40.77.167.68 - - [08/Nov/2022:05:12:14 -0800] "GET /wdc/capitol03.jpg HTTP/1.1" 200 79173 "-" "Mozilla/5.0 (compatible; bingbot/2.0; +http://www.bing.com/bingbot.htm)" "ysfine.com"
40.77.51.85 - - [08/Nov/2022:05:12:52 -0800] "GET /princeton/elephant11b.jpg HTTP/1.1" 200 65393 "https://ysfine.com/princeton" "Mozilla/5.0 (Windows NT 10.0; Win64; x64) AppleWebKit/537.36 (KHTML, like Gecko) Chrome/74.0.3729.157 Safari/537.36" "ysfine.com"
51.222.253.4 - - [08/Nov/2022:05:12:56 -0800] "GET /wisdom/happyend.html HTTP/1.1" 200 1088 "-" "Mozilla/5.0 (compatible; AhrefsBot/7.0; +http://ahrefs.com/robot/)" "ysfine.com"
40.122.227.202 - - [08/Nov/2022:05:13:13 -0800] "GET /newyork/greenw09b.jpg HTTP/1.1" 200 59845 "http://ysfine.com/newyork" "Mozilla/5.0 (X11; Linux x86_64) AppleWebKit/537.36 (KHTML, like Gecko) Chrome/74.0.3729.169 Safari/537.36" "ysfine.com"
114.119.128.162 - - [08/Nov/2022:05:13:13 -0800] "GET /dongio/polish.html HTTP/1.1" 404 88 "https://ysfine.com/dongio/fdw.html" "Mozilla/5.0 (Linux; Android 7.0;) AppleWebKit/537.36 (KHTML, like Gecko) Mobile Safari/537.36 (compatible; PetalBot;+https://webmaster.petalsearch.com/site/petalbot)" "ysfine.com"
20.106.27.173 - - [08/Nov/2022:05:13:33 -0800] "GET /world/ital/verona05b.jpg HTTP/1.1" 200 39496 "https://ysfine.com/world/ital" "Mozilla/5.0 (Macintosh; Intel Mac OS X 10_11_6) AppleWebKit/605.1.15 (KHTML, like Gecko) Version/11.1.2 Safari/605.1.15" "ysfine.com"
40.77.167.27 - - [08/Nov/2022:05:13:55 -0800] "GET /world/ital/coloss04b.jpg HTTP/1.1" 200 42090 "-" "Mozilla/5.0 (compatible; bingbot/2.0; +http://www.bing.com/bingbot.htm)" "www.ysfine.com"
157.55.39.17 - - [08/Nov/2022:05:14:06 -0800] "GET /bio/einstein/bern.html HTTP/1.1" 404 88 "-" "Mozilla/5.0 AppleWebKit/537.36 (KHTML, like Gecko; compatible; bingbot/2.0; +http://www.bing.com/bingbot.htm) Chrome/103.0.5060.134 Safari/537.36" "ysfine.com"
222.8.252.137 - - [08/Nov/2022:05:15:13 -0800] "GET /dirac/integ.html HTTP/1.1" 200 6101 "https://www.google.com/" "Mozilla/5.0 (Windows NT 10.0; Win64; x64) AppleWebKit/537.36 (KHTML, like Gecko) Chrome/107.0.0.0 Safari/537.36" "ysfine.com"
222.8.252.137 - - [08/Nov/2022:05:15:13 -0800] "GET /einstein/einbohr33c.jpg HTTP/1.1" 200 36410 "https://ysfine.com/dirac/integ.html" "Mozilla/5.0 (Windows NT 10.0; Win64; x64) AppleWebKit/537.36 (KHTML, like Gecko) Chrome/107.0.0.0 Safari/537.36" "ysfine.com"
222.8.252.137 - - [08/Nov/2022:05:15:13 -0800] "GET /dirac/westmin12c.jpg HTTP/1.1" 200 50280 "https://ysfine.com/dirac/integ.html" "Mozilla/5.0 (Windows NT 10.0; Win64; x64) AppleWebKit/537.36 (KHTML, like Gecko) Chrome/107.0.0.0 Safari/537.36" "ysfine.com"
222.8.252.137 - - [08/Nov/2022:05:15:13 -0800] "GET /dirac/dirhegel11a.jpg HTTP/1.1" 200 67205 "https://ysfine.com/dirac/integ.html" "Mozilla/5.0 (Windows NT 10.0; Win64; x64) AppleWebKit/537.36 (KHTML, like Gecko) Chrome/107.0.0.0 Safari/537.36" "ysfine.com"
222.8.252.137 - - [08/Nov/2022:05:15:13 -0800] "GET /dirac/coupo02c.jpg HTTP/1.1" 200 37786 "https://ysfine.com/dirac/integ.html" "Mozilla/5.0 (Windows NT 10.0; Win64; x64) AppleWebKit/537.36 (KHTML, like Gecko) Chrome/107.0.0.0 Safari/537.36" "ysfine.com"
222.8.252.137 - - [08/Nov/2022:05:15:13 -0800] "GET /dirac/quantum01c.jpg HTTP/1.1" 200 24878 "https://ysfine.com/dirac/integ.html" "Mozilla/5.0 (Windows NT 10.0; Win64; x64) AppleWebKit/537.36 (KHTML, like Gecko) Chrome/107.0.0.0 Safari/537.36" "ysfine.com"
222.8.252.137 - - [08/Nov/2022:05:15:13 -0800] "GET /dirac/o32inho22c.jpg HTTP/1.1" 200 33038 "https://ysfine.com/dirac/integ.html" "Mozilla/5.0 (Windows NT 10.0; Win64; x64) AppleWebKit/537.36 (KHTML, like Gecko) Chrome/107.0.0.0 Safari/537.36" "ysfine.com"
222.8.252.137 - - [08/Nov/2022:05:15:13 -0800] "GET /eink/pwk19c.jpg HTTP/1.1" 200 57759 "https://ysfine.com/dirac/integ.html" "Mozilla/5.0 (Windows NT 10.0; Win64; x64) AppleWebKit/537.36 (KHTML, like Gecko) Chrome/107.0.0.0 Safari/537.36" "ysfine.com"
222.8.252.137 - - [08/Nov/2022:05:15:13 -0800] "GET /dirac/bridge66a.jpg HTTP/1.1" 200 81947 "https://ysfine.com/dirac/integ.html" "Mozilla/5.0 (Windows NT 10.0; Win64; x64) AppleWebKit/537.36 (KHTML, like Gecko) Chrome/107.0.0.0 Safari/537.36" "ysfine.com"
222.8.252.137 - - [08/Nov/2022:05:15:13 -0800] "GET /kobak/taylor33c.jpg HTTP/1.1" 200 39951 "https://ysfine.com/dirac/integ.html" "Mozilla/5.0 (Windows NT 10.0; Win64; x64) AppleWebKit/537.36 (KHTML, like Gecko) Chrome/107.0.0.0 Safari/537.36" "ysfine.com"
222.8.252.137 - - [08/Nov/2022:05:15:13 -0800] "GET /dirac/dirbust22c.jpg HTTP/1.1" 200 36029 "https://ysfine.com/dirac/integ.html" "Mozilla/5.0 (Windows NT 10.0; Win64; x64) AppleWebKit/537.36 (KHTML, like Gecko) Chrome/107.0.0.0 Safari/537.36" "ysfine.com"
222.8.252.137 - - [08/Nov/2022:05:15:13 -0800] "GET /dirac/comet33a.jpg HTTP/1.1" 200 54651 "https://ysfine.com/dirac/integ.html" "Mozilla/5.0 (Windows NT 10.0; Win64; x64) AppleWebKit/537.36 (KHTML, like Gecko) Chrome/107.0.0.0 Safari/537.36" "ysfine.com"
222.8.252.137 - - [08/Nov/2022:05:15:13 -0800] "GET /dirac/dirac63c.jpg HTTP/1.1" 200 29237 "https://ysfine.com/dirac/integ.html" "Mozilla/5.0 (Windows NT 10.0; Win64; x64) AppleWebKit/537.36 (KHTML, like Gecko) Chrome/107.0.0.0 Safari/537.36" "ysfine.com"
222.8.252.137 - - [08/Nov/2022:05:15:13 -0800] "GET /dirac/licone300.jpg HTTP/1.1" 200 26933 "https://ysfine.com/dirac/integ.html" "Mozilla/5.0 (Windows NT 10.0; Win64; x64) AppleWebKit/537.36 (KHTML, like Gecko) Chrome/107.0.0.0 Safari/537.36" "ysfine.com"
222.8.252.137 - - [08/Nov/2022:05:15:13 -0800] "GET /dirac/einbohr55c.jpg HTTP/1.1" 200 40798 "https://ysfine.com/dirac/integ.html" "Mozilla/5.0 (Windows NT 10.0; Win64; x64) AppleWebKit/537.36 (KHTML, like Gecko) Chrome/107.0.0.0 Safari/537.36" "ysfine.com"
222.8.252.137 - - [08/Nov/2022:05:15:13 -0800] "GET /dirac/o32c.jpg HTTP/1.1" 200 30707 "https://ysfine.com/dirac/integ.html" "Mozilla/5.0 (Windows NT 10.0; Win64; x64) AppleWebKit/537.36 (KHTML, like Gecko) Chrome/107.0.0.0 Safari/537.36" "ysfine.com"
222.8.252.137 - - [08/Nov/2022:05:15:13 -0800] "GET /dirac/parton99a.jpg HTTP/1.1" 200 52028 "https://ysfine.com/dirac/integ.html" "Mozilla/5.0 (Windows NT 10.0; Win64; x64) AppleWebKit/537.36 (KHTML, like Gecko) Chrome/107.0.0.0 Safari/537.36" "ysfine.com"
222.8.252.137 - - [08/Nov/2022:05:15:24 -0800] "GET /dirac/comet33.jpg HTTP/1.1" 200 102606 "https://www.google.com/" "Mozilla/5.0 (Windows NT 10.0; Win64; x64) AppleWebKit/537.36 (KHTML, like Gecko) Chrome/107.0.0.0 Safari/537.36" "ysfine.com"
222.8.252.137 - - [08/Nov/2022:05:15:27 -0800] "GET /dirac/dirhegel11.jpg HTTP/1.1" 200 66985 "https://www.google.com/" "Mozilla/5.0 (Windows NT 10.0; Win64; x64) AppleWebKit/537.36 (KHTML, like Gecko) Chrome/107.0.0.0 Safari/537.36" "ysfine.com"
51.222.253.10 - - [08/Nov/2022:05:15:54 -0800] "GET /class54/class5470/total_data/sub_222.htm HTTP/1.1" 200 3410 "-" "Mozilla/5.0 (compatible; AhrefsBot/7.0; +http://ahrefs.com/robot/)" "www.ysfine.com"
51.222.253.5 - - [08/Nov/2022:05:15:59 -0800] "GET /class54/class5470/total_data/img/02_title.gif HTTP/1.1" 200 4864 "-" "Mozilla/5.0 (compatible; AhrefsBot/7.0; +http://ahrefs.com/robot/)" "www.ysfine.com"
51.222.253.18 - - [08/Nov/2022:05:16:04 -0800] "GET /class54/class5470/total_data/refer_img/2-8_f.jpg HTTP/1.1" 200 25457 "-" "Mozilla/5.0 (compatible; AhrefsBot/7.0; +http://ahrefs.com/robot/)" "www.ysfine.com"
114.119.128.142 - - [08/Nov/2022:05:16:06 -0800] "GET /remote/wigner111/frame33.html HTTP/1.1" 200 616 "https://ysfine.com/remote/wigner111/frame32.html" "Mozilla/5.0 (Linux; Android 7.0;) AppleWebKit/537.36 (KHTML, like Gecko) Mobile Safari/537.36 (compatible; PetalBot;+https://webmaster.petalsearch.com/site/petalbot)" "ysfine.com"
157.55.39.76 - - [08/Nov/2022:05:16:08 -0800] "GET /world/china/china039b.jpg HTTP/1.1" 200 66740 "-" "Mozilla/5.0 (compatible; bingbot/2.0; +http://www.bing.com/bingbot.htm)" "www.ysfine.com"
51.222.253.12 - - [08/Nov/2022:05:16:10 -0800] "GET /class54/class5470/total_data/refer_img/2-9_f.jpg HTTP/1.1" 200 23687 "-" "Mozilla/5.0 (compatible; AhrefsBot/7.0; +http://ahrefs.com/robot/)" "www.ysfine.com"
51.222.253.8 - - [08/Nov/2022:05:16:16 -0800] "GET /class54/class5470/total_data/refer_img/2-20_f.jpg HTTP/1.1" 200 24039 "-" "Mozilla/5.0 (compatible; AhrefsBot/7.0; +http://ahrefs.com/robot/)" "www.ysfine.com"
51.222.253.16 - - [08/Nov/2022:05:16:16 -0800] "GET /class54/class5470/total_data/refer_img/2-13_f.jpg HTTP/1.1" 200 21521 "-" "Mozilla/5.0 (compatible; AhrefsBot/7.0; +http://ahrefs.com/robot/)" "www.ysfine.com"
51.222.253.12 - - [08/Nov/2022:05:16:22 -0800] "GET /class54/class5470/total_data/photo_img/2-22.jpg HTTP/1.1" 200 116497 "-" "Mozilla/5.0 (compatible; AhrefsBot/7.0; +http://ahrefs.com/robot/)" "www.ysfine.com"
51.222.253.2 - - [08/Nov/2022:05:16:29 -0800] "GET /class54/class5470/total_data/refer_img/2-1A_f.jpg HTTP/1.1" 200 24103 "-" "Mozilla/5.0 (compatible; AhrefsBot/7.0; +http://ahrefs.com/robot/)" "www.ysfine.com"
51.222.253.8 - - [08/Nov/2022:05:16:34 -0800] "GET /class54/class5470/total_data/images/mb.css HTTP/1.1" 404 88 "-" "Mozilla/5.0 (compatible; AhrefsBot/7.0; +http://ahrefs.com/robot/)" "www.ysfine.com"
51.222.253.14 - - [08/Nov/2022:05:16:35 -0800] "GET /class54/class5470/total_data/refer_img/2-7_f.jpg HTTP/1.1" 200 23506 "-" "Mozilla/5.0 (compatible; AhrefsBot/7.0; +http://ahrefs.com/robot/)" "www.ysfine.com"
128.2.177.5 - - [08/Nov/2022:05:16:39 -0800] "GET /maga/phys/minkowski.jpg HTTP/1.1" 200 35156 "-" "Mozilla/5.0 (X11; Linux i686) AppleWebKit/537.17 (KHTML, like Gecko) Chrome/24.0.1312.27 Safari/537.17" "ysfine.com"
51.222.253.8 - - [08/Nov/2022:05:16:40 -0800] "GET /class54/class5470/total_data/img/menu06_on.gif HTTP/1.1" 200 624 "-" "Mozilla/5.0 (compatible; AhrefsBot/7.0; +http://ahrefs.com/robot/)" "www.ysfine.com"
51.222.253.14 - - [08/Nov/2022:05:16:41 -0800] "GET /class54/class5470/total_data/img/menu08_on.gif HTTP/1.1" 200 813 "-" "Mozilla/5.0 (compatible; AhrefsBot/7.0; +http://ahrefs.com/robot/)" "www.ysfine.com"
51.222.253.14 - - [08/Nov/2022:05:16:46 -0800] "GET /class54/class5470/total_data/img/menu02_on.gif HTTP/1.1" 200 782 "-" "Mozilla/5.0 (compatible; AhrefsBot/7.0; +http://ahrefs.com/robot/)" "www.ysfine.com"
51.222.253.10 - - [08/Nov/2022:05:16:53 -0800] "GET /class54/class5470/total_data/img/menu05_on.gif HTTP/1.1" 200 691 "-" "Mozilla/5.0 (compatible; AhrefsBot/7.0; +http://ahrefs.com/robot/)" "www.ysfine.com"
51.222.253.17 - - [08/Nov/2022:05:16:58 -0800] "GET /class54/class5470/total_data/refer_img/2-24_f.jpg HTTP/1.1" 200 22081 "-" "Mozilla/5.0 (compatible; AhrefsBot/7.0; +http://ahrefs.com/robot/)" "www.ysfine.com"
51.222.253.16 - - [08/Nov/2022:05:17:03 -0800] "GET /class54/class5470/total_data/img/home_logo.gif HTTP/1.1" 200 4562 "-" "Mozilla/5.0 (compatible; AhrefsBot/7.0; +http://ahrefs.com/robot/)" "www.ysfine.com"
40.86.101.252 - - [08/Nov/2022:05:17:08 -0800] "GET /friends/twosis11.jpg HTTP/1.1" 404 88 "https://ysfine.com/friends" "Mozilla/5.0 (Windows NT 10.0; Win64; x64) AppleWebKit/537.36 (KHTML, like Gecko) Chrome/74.0.3729.157 Safari/537.36" "ysfine.com"
51.222.253.16 - - [08/Nov/2022:05:17:09 -0800] "GET /class54/class5470/total_data/refer_img/2-22_f.jpg HTTP/1.1" 200 21316 "-" "Mozilla/5.0 (compatible; AhrefsBot/7.0; +http://ahrefs.com/robot/)" "www.ysfine.com"
51.222.253.12 - - [08/Nov/2022:05:17:14 -0800] "GET /class54/class5470/total_data/refer_img/2-6_f.jpg HTTP/1.1" 200 31566 "-" "Mozilla/5.0 (compatible; AhrefsBot/7.0; +http://ahrefs.com/robot/)" "www.ysfine.com"
51.222.253.7 - - [08/Nov/2022:05:17:20 -0800] "GET /class54/class5470/total_data/img/sm01_off.gif HTTP/1.1" 200 412 "-" "Mozilla/5.0 (compatible; AhrefsBot/7.0; +http://ahrefs.com/robot/)" "www.ysfine.com"
51.222.253.14 - - [08/Nov/2022:05:17:20 -0800] "GET /class54/class5470/total_data/refer_img/2-12_f.jpg HTTP/1.1" 200 28585 "-" "Mozilla/5.0 (compatible; AhrefsBot/7.0; +http://ahrefs.com/robot/)" "www.ysfine.com"
51.222.253.4 - - [08/Nov/2022:05:17:26 -0800] "GET /class54/class5470/total_data/refer_img/2-1B_f.jpg HTTP/1.1" 200 36381 "-" "Mozilla/5.0 (compatible; AhrefsBot/7.0; +http://ahrefs.com/robot/)" "www.ysfine.com"
51.222.253.7 - - [08/Nov/2022:05:17:32 -0800] "GET /class54/class5470/total_data/img/menu01_on.gif HTTP/1.1" 200 688 "-" "Mozilla/5.0 (compatible; AhrefsBot/7.0; +http://ahrefs.com/robot/)" "www.ysfine.com"
40.77.167.27 - - [08/Nov/2022:05:17:35 -0800] "GET /wigner/gim/gimn19.jpg HTTP/1.1" 200 151049 "-" "Mozilla/5.0 (compatible; bingbot/2.0; +http://www.bing.com/bingbot.htm)" "ysfine.com"
51.222.253.5 - - [08/Nov/2022:05:17:37 -0800] "GET /class54/class5470/total_data/refer_img/2-4_f.jpg HTTP/1.1" 200 35641 "-" "Mozilla/5.0 (compatible; AhrefsBot/7.0; +http://ahrefs.com/robot/)" "www.ysfine.com"
51.222.253.16 - - [08/Nov/2022:05:17:43 -0800] "GET /class54/class5470/total_data/img/02_schooldays.gif HTTP/1.1" 200 987 "-" "Mozilla/5.0 (compatible; AhrefsBot/7.0; +http://ahrefs.com/robot/)" "www.ysfine.com"
157.55.39.17 - - [08/Nov/2022:05:17:45 -0800] "GET /world/poland/polstu07b.jpg HTTP/1.1" 200 24152 "-" "Mozilla/5.0 AppleWebKit/537.36 (KHTML, like Gecko; compatible; bingbot/2.0; +http://www.bing.com/bingbot.htm) Chrome/103.0.5060.134 Safari/537.36" "ysfine.com"
51.222.253.5 - - [08/Nov/2022:05:17:48 -0800] "GET /class54/class5470/total_data/refer_img/2-18_f.jpg HTTP/1.1" 200 25508 "-" "Mozilla/5.0 (compatible; AhrefsBot/7.0; +http://ahrefs.com/robot/)" "www.ysfine.com"
13.67.224.14 - - [08/Nov/2022:05:17:51 -0800] "GET /princeton/billbo11b.jpg HTTP/1.1" 200 46283 "http://ysfine.com/princeton" "Mozilla/5.0 (X11; Linux x86_64) AppleWebKit/537.36 (KHTML, like Gecko) Chrome/74.0.3729.169 Safari/537.36" "ysfine.com"
51.222.253.7 - - [08/Nov/2022:05:17:55 -0800] "GET /class54/class5470/total_data/img/02_smline.gif HTTP/1.1" 200 2437 "-" "Mozilla/5.0 (compatible; AhrefsBot/7.0; +http://ahrefs.com/robot/)" "www.ysfine.com"
51.222.253.19 - - [08/Nov/2022:05:18:00 -0800] "GET /class54/class5470/total_data/img/menu03_on.gif HTTP/1.1" 200 600 "-" "Mozilla/5.0 (compatible; AhrefsBot/7.0; +http://ahrefs.com/robot/)" "www.ysfine.com"
51.222.253.1 - - [08/Nov/2022:05:18:01 -0800] "GET /class54/class5470/total_data/refer_img/2-5_f.jpg HTTP/1.1" 200 34118 "-" "Mozilla/5.0 (compatible; AhrefsBot/7.0; +http://ahrefs.com/robot/)" "www.ysfine.com"
51.222.253.20 - - [08/Nov/2022:05:18:06 -0800] "GET /class54/class5470/total_data/refer_img/2-15_f.jpg HTTP/1.1" 200 33129 "-" "Mozilla/5.0 (compatible; AhrefsBot/7.0; +http://ahrefs.com/robot/)" "www.ysfine.com"
157.55.39.65 - - [08/Nov/2022:05:18:10 -0800] "GET /maga/invent/marconi03c.jpg HTTP/1.1" 200 55919 "-" "Mozilla/5.0 AppleWebKit/537.36 (KHTML, like Gecko; compatible; bingbot/2.0; +http://www.bing.com/bingbot.htm) Chrome/103.0.5060.134 Safari/537.36" "ysfine.com"
51.222.253.13 - - [08/Nov/2022:05:18:12 -0800] "GET /class54/class5470/total_data/img/sm02_on.gif HTTP/1.1" 200 399 "-" "Mozilla/5.0 (compatible; AhrefsBot/7.0; +http://ahrefs.com/robot/)" "www.ysfine.com"
51.222.253.19 - - [08/Nov/2022:05:18:12 -0800] "GET /class54/class5470/total_data/img/menu07_on.gif HTTP/1.1" 200 578 "-" "Mozilla/5.0 (compatible; AhrefsBot/7.0; +http://ahrefs.com/robot/)" "www.ysfine.com"
51.222.253.18 - - [08/Nov/2022:05:18:12 -0800] "GET /class54/class5470/total_data/img/sm05_on.gif HTTP/1.1" 200 408 "-" "Mozilla/5.0 (compatible; AhrefsBot/7.0; +http://ahrefs.com/robot/)" "www.ysfine.com"
51.222.253.6 - - [08/Nov/2022:05:18:13 -0800] "GET /class54/class5470/total_data/img/sm04_on.gif HTTP/1.1" 200 392 "-" "Mozilla/5.0 (compatible; AhrefsBot/7.0; +http://ahrefs.com/robot/)" "www.ysfine.com"
51.222.253.5 - - [08/Nov/2022:05:18:13 -0800] "GET /class54/class5470/total_data/img/02_smtitle20.gif HTTP/1.1" 200 492 "-" "Mozilla/5.0 (compatible; AhrefsBot/7.0; +http://ahrefs.com/robot/)" "www.ysfine.com"
51.222.253.8 - - [08/Nov/2022:05:18:13 -0800] "GET /class54/class5470/total_data/img/menu04_on.gif HTTP/1.1" 200 813 "-" "Mozilla/5.0 (compatible; AhrefsBot/7.0; +http://ahrefs.com/robot/)" "www.ysfine.com"
51.222.253.11 - - [08/Nov/2022:05:18:18 -0800] "GET /class54/class5470/total_data/img/bottom_title.gif HTTP/1.1" 200 14467 "-" "Mozilla/5.0 (compatible; AhrefsBot/7.0; +http://ahrefs.com/robot/)" "www.ysfine.com"
51.222.253.4 - - [08/Nov/2022:05:18:19 -0800] "GET /class54/class5470/total_data/refer_img/2-3_f.jpg HTTP/1.1" 200 37627 "-" "Mozilla/5.0 (compatible; AhrefsBot/7.0; +http://ahrefs.com/robot/)" "www.ysfine.com"
51.222.253.6 - - [08/Nov/2022:05:18:25 -0800] "GET /class54/class5470/total_data/refer_img/2-17_f.jpg HTTP/1.1" 200 31481 "-" "Mozilla/5.0 (compatible; AhrefsBot/7.0; +http://ahrefs.com/robot/)" "www.ysfine.com"
40.77.167.71 - - [08/Nov/2022:05:18:30 -0800] "GET /ysbio/wisdom/tanks.html HTTP/1.1" 200 8599 "-" "Mozilla/5.0 AppleWebKit/537.36 (KHTML, like Gecko; compatible; bingbot/2.0; +http://www.bing.com/bingbot.htm) Chrome/103.0.5060.134 Safari/537.36" "ysfine.com"
51.222.253.13 - - [08/Nov/2022:05:18:31 -0800] "GET /class54/class5470/total_data/refer_img/2-23_f.jpg HTTP/1.1" 200 21570 "-" "Mozilla/5.0 (compatible; AhrefsBot/7.0; +http://ahrefs.com/robot/)" "www.ysfine.com"
185.34.9.154 - - [08/Nov/2022:05:18:34 -0800] "GET /world/france/arusas01.jpg HTTP/1.1" 200 364636 "https://www.google.com/" "Mozilla/5.0 (Windows NT 10.0; Win64; x64) AppleWebKit/537.36 (KHTML, like Gecko) Chrome/107.0.0.0 Safari/537.36" "ysfine.com"
51.222.253.5 - - [08/Nov/2022:05:18:36 -0800] "GET /class54/class5470/total_data/img/sm03_on.gif HTTP/1.1" 200 405 "-" "Mozilla/5.0 (compatible; AhrefsBot/7.0; +http://ahrefs.com/robot/)" "www.ysfine.com"
51.222.253.15 - - [08/Nov/2022:05:18:37 -0800] "GET /class54/class5470/total_data/refer_img/2-11_f.jpg HTTP/1.1" 200 25378 "-" "Mozilla/5.0 (compatible; AhrefsBot/7.0; +http://ahrefs.com/robot/)" "www.ysfine.com"
51.222.253.19 - - [08/Nov/2022:05:18:42 -0800] "GET /class54/class5470/total_data/refer_img/2-2_f.jpg HTTP/1.1" 200 25086 "-" "Mozilla/5.0 (compatible; AhrefsBot/7.0; +http://ahrefs.com/robot/)" "www.ysfine.com"
51.222.253.2 - - [08/Nov/2022:05:18:48 -0800] "GET /class54/class5470/total_data/refer_img/2-19_f.jpg HTTP/1.1" 200 23376 "-" "Mozilla/5.0 (compatible; AhrefsBot/7.0; +http://ahrefs.com/robot/)" "www.ysfine.com"
157.55.39.65 - - [08/Nov/2022:05:18:51 -0800] "GET /world/scandi/copenf78b.jpg HTTP/1.1" 200 35234 "-" "Mozilla/5.0 AppleWebKit/537.36 (KHTML, like Gecko; compatible; bingbot/2.0; +http://www.bing.com/bingbot.htm) Chrome/103.0.5060.134 Safari/537.36" "ysfine.com"
51.222.253.20 - - [08/Nov/2022:05:18:53 -0800] "GET /class54/class5470/total_data/refer_img/2-21_f.jpg HTTP/1.1" 200 23326 "-" "Mozilla/5.0 (compatible; AhrefsBot/7.0; +http://ahrefs.com/robot/)" "www.ysfine.com"
40.77.167.27 - - [08/Nov/2022:05:18:56 -0800] "GET /usca/pitt/mtwash01.jpg HTTP/1.1" 200 93036 "-" "Mozilla/5.0 AppleWebKit/537.36 (KHTML, like Gecko; compatible; bingbot/2.0; +http://www.bing.com/bingbot.htm) Chrome/103.0.5060.134 Safari/537.36" "ysfine.com"
51.222.253.6 - - [08/Nov/2022:05:18:59 -0800] "GET /class54/class5470/total_data/refer_img/2-14_f.jpg HTTP/1.1" 200 25315 "-" "Mozilla/5.0 (compatible; AhrefsBot/7.0; +http://ahrefs.com/robot/)" "www.ysfine.com"
40.86.101.252 - - [08/Nov/2022:05:18:59 -0800] "GET /princeton/bagpipe09.jpg HTTP/1.1" 404 88 "https://ysfine.com/princeton" "Mozilla/5.0 (Linux; Android 10; SM-G960U) AppleWebKit/537.36 (KHTML, like Gecko) Chrome/88.0.4324.181 Mobile Safari/537.36" "ysfine.com"
51.222.253.5 - - [08/Nov/2022:05:19:04 -0800] "GET /class54/class5470/total_data/refer_img/2-10_f.jpg HTTP/1.1" 200 21166 "-" "Mozilla/5.0 (compatible; AhrefsBot/7.0; +http://ahrefs.com/robot/)" "www.ysfine.com"
51.222.253.16 - - [08/Nov/2022:05:19:12 -0800] "GET /class54/class5470/total_data/sub_217.htm HTTP/1.1" 200 3403 "-" "Mozilla/5.0 (compatible; AhrefsBot/7.0; +http://ahrefs.com/robot/)" "www.ysfine.com"
40.86.101.166 - - [08/Nov/2022:05:19:20 -0800] "GET /world/france/sorbonnef05b.jpg HTTP/1.1" 200 36474 "http://ysfine.com/world/france" "Mozilla/5.0 (iPhone; CPU iPhone OS 13_5_1 like Mac OS X) AppleWebKit/605.1.15 (KHTML, like Gecko) Version/13.1.1 Mobile/15E148 Safari/604.1" "ysfine.com"
157.55.39.17 - - [08/Nov/2022:05:19:26 -0800] "GET /maga/phys/fermi02b.jpg HTTP/1.1" 200 32118 "-" "Mozilla/5.0 AppleWebKit/537.36 (KHTML, like Gecko; compatible; bingbot/2.0; +http://www.bing.com/bingbot.htm) Chrome/103.0.5060.134 Safari/537.36" "ysfine.com"
40.122.230.189 - - [08/Nov/2022:05:19:56 -0800] "GET /world/germany/leipzig13b.jpg HTTP/1.1" 200 44395 "http://ysfine.com/world/germany" "Mozilla/5.0 (X11; Linux x86_64) AppleWebKit/537.36 (KHTML, like Gecko) Chrome/74.0.3729.169 Safari/537.36" "ysfine.com"
20.29.110.170 - - [08/Nov/2022:05:19:58 -0800] "GET /wisdom/mil/tank05b.jpg HTTP/1.1" 200 48742 "https://ysfine.com/wisdom/mil" "Mozilla/5.0 (X11; Linux x86_64) AppleWebKit/537.36 (KHTML, like Gecko) Chrome/74.0.3729.169 Safari/537.36" "ysfine.com"
40.77.167.68 - - [08/Nov/2022:05:20:04 -0800] "GET /maga/phys/farad01b.jpg HTTP/1.1" 200 49737 "-" "Mozilla/5.0 AppleWebKit/537.36 (KHTML, like Gecko; compatible; bingbot/2.0; +http://www.bing.com/bingbot.htm) Chrome/103.0.5060.134 Safari/537.36" "ysfine.com"
40.122.227.201 - - [08/Nov/2022:05:20:43 -0800] "GET /style/cameras/canonp77b.jpg HTTP/1.1" 200 31045 "http://ysfine.com/style/cameras" "Mozilla/5.0 (Windows NT 10.0; Win64; x64) AppleWebKit/537.36 (KHTML, like Gecko) Chrome/74.0.3729.157 Safari/537.36" "ysfine.com"
176.27.130.48 - - [08/Nov/2022:05:20:45 -0800] "GET /world/japan/nara005.jpg HTTP/1.1" 200 144132 "https://www.gay-fetish-xxx.com/boys-school-wank.html" "Mozilla/5.0 (Windows NT 6.1; WOW64) AppleWebKit/537.36 (KHTML, like Gecko) Chrome/40.0.2214.115 Safari/537.36" "ysfine.com"
40.77.167.27 - - [08/Nov/2022:05:20:56 -0800] "GET /world/china/opium05.jpg HTTP/1.1" 200 106495 "-" "Mozilla/5.0 AppleWebKit/537.36 (KHTML, like Gecko; compatible; bingbot/2.0; +http://www.bing.com/bingbot.htm) Chrome/103.0.5060.134 Safari/537.36" "ysfine.com"
40.77.167.71 - - [08/Nov/2022:05:21:17 -0800] "GET /home/yscoup11.jpg HTTP/1.1" 200 66245 "-" "Mozilla/5.0 (compatible; bingbot/2.0; +http://www.bing.com/bingbot.htm)" "ysfine.com"
157.55.39.17 - - [08/Nov/2022:05:21:26 -0800] "GET /kowar/gi001c.jpg HTTP/1.1" 200 29463 "-" "Mozilla/5.0 AppleWebKit/537.36 (KHTML, like Gecko; compatible; bingbot/2.0; +http://www.bing.com/bingbot.htm) Chrome/103.0.5060.134 Safari/537.36" "www.ysfine.com"
17.121.114.228 - - [08/Nov/2022:05:21:55 -0800] "GET /maga/wright.html HTTP/1.1" 200 1927 "-" "Mozilla/5.0 (Macintosh; Intel Mac OS X 10_15_5) AppleWebKit/605.1.15 (KHTML, like Gecko) Version/13.1.1 Safari/605.1.15 (Applebot/0.1; +http://www.apple.com/go/applebot)" "www.ysfine.com"
51.222.253.18 - - [08/Nov/2022:05:22:13 -0800] "GET /ysbio/class54/ HTTP/1.1" 200 2553 "-" "Mozilla/5.0 (compatible; AhrefsBot/7.0; +http://ahrefs.com/robot/)" "www.ysfine.com"
20.109.241.96 - - [08/Nov/2022:05:22:54 -0800] "GET /princeton/butler22.jpg HTTP/1.1" 200 80209 "http://ysfine.com/princeton" "Mozilla/5.0 (Linux; Android 10; SM-G960U) AppleWebKit/537.36 (KHTML, like Gecko) Chrome/88.0.4324.181 Mobile Safari/537.36" "ysfine.com"
40.77.167.68 - - [08/Nov/2022:05:23:16 -0800] "GET /bio/style/rieu.html HTTP/1.1" 404 88 "-" "Mozilla/5.0 AppleWebKit/537.36 (KHTML, like Gecko; compatible; bingbot/2.0; +http://www.bing.com/bingbot.htm) Chrome/103.0.5060.134 Safari/537.36" "ysfine.com"
40.122.227.200 - - [08/Nov/2022:05:23:25 -0800] "GET /world/china/dalian81.jpg HTTP/1.1" 200 128563 "http://ysfine.com/world/china" "Mozilla/5.0 (Windows NT 10.0; Win64; x64) AppleWebKit/537.36 (KHTML, like Gecko) Chrome/74.0.3729.157 Safari/537.36" "ysfine.com"
35.237.246.80 - - [08/Nov/2022:05:23:25 -0800] "GET /home/index.html HTTP/1.1" 200 142 "-" "ZoominfoBot (zoominfobot at zoominfo dot com)" "ysfine.com"
40.77.167.27 - - [08/Nov/2022:05:23:56 -0800] "GET /princeton/lakecar44.jpg HTTP/1.1" 200 75181 "-" "Mozilla/5.0 (compatible; bingbot/2.0; +http://www.bing.com/bingbot.htm)" "ysfine.com"
40.77.167.68 - - [08/Nov/2022:05:23:57 -0800] "GET /ysbio/class54/roskeim.html HTTP/1.1" 200 824 "-" "Mozilla/5.0 (compatible; bingbot/2.0; +http://www.bing.com/bingbot.htm)" "ysfine.com"
40.77.167.71 - - [08/Nov/2022:05:24:01 -0800] "GET /kor/self01.jpg HTTP/1.1" 200 78291 "-" "Mozilla/5.0 AppleWebKit/537.36 (KHTML, like Gecko; compatible; bingbot/2.0; +http://www.bing.com/bingbot.htm) Chrome/103.0.5060.134 Safari/537.36" "ysfine.com"
40.77.167.27 - - [08/Nov/2022:05:24:05 -0800] "GET /world/russ/stalinorg11.jpg HTTP/1.1" 200 131143 "-" "Mozilla/5.0 AppleWebKit/537.36 (KHTML, like Gecko; compatible; bingbot/2.0; +http://www.bing.com/bingbot.htm) Chrome/103.0.5060.134 Safari/537.36" "www.ysfine.com"
40.77.167.71 - - [08/Nov/2022:05:24:27 -0800] "GET /maga/invent/popov01b.jpg HTTP/1.1" 200 40727 "-" "Mozilla/5.0 AppleWebKit/537.36 (KHTML, like Gecko; compatible; bingbot/2.0; +http://www.bing.com/bingbot.htm) Chrome/103.0.5060.134 Safari/537.36" "ysfine.com"
40.122.230.189 - - [08/Nov/2022:05:25:01 -0800] "GET /friends/sibelbas2.jpg HTTP/1.1" 404 88 "http://ysfine.com/friends" "Mozilla/5.0 (Windows NT 10.0; Win64; x64) AppleWebKit/537.36 (KHTML, like Gecko) Chrome/74.0.3729.157 Safari/537.36" "ysfine.com"
176.57.76.137 - - [08/Nov/2022:05:25:02 -0800] "GET /kobak/draftreg33.jpg HTTP/1.1" 200 218222 "https://yandex.ru/images/search?from=tabbar&text=10000%20%D0%B2%D0%BE%D0%BD%20%D1%8E%D0%B6%D0%BD%D0%B0%D1%8F%20%D0%BA%D0%BE%D1%80%D0%B5%D1%8F&p=10&pos=315&rpt=simage&img_url=http%3A%2F%2Fbigasia.ru%2Fupload%2Fiblock%2Ff1b%2F%2525D0%252592%2525D0%2525B0%2525D0%2525BB%2525D1%25258E%2525D1%252582%2525D0%2525B0_%2525D0%2525AE%2525D0%2525B6%2525D0%2525BD%2525D0%2525BE%2525D0%2525B9_%2525D0%25259A%2525D0%2525BE%2525D1%252580%2525D0%2525B5%2525D0%2525B8.jpg&lr=213" "Mozilla/5.0 (Windows NT 10.0; WOW64) AppleWebKit/537.36 (KHTML, like Gecko) Chrome/104.0.5112.124 YaBrowser/22.9.5.712 Yowser/2.5 Safari/537.36" "www.ysfine.com"
51.222.253.16 - - [08/Nov/2022:05:25:10 -0800] "GET /class54/class5470/total_data/sub_224.htm HTTP/1.1" 200 3410 "-" "Mozilla/5.0 (compatible; AhrefsBot/7.0; +http://ahrefs.com/robot/)" "www.ysfine.com"
40.77.167.71 - - [08/Nov/2022:05:25:17 -0800] "GET /wdc/washmo07.jpg HTTP/1.1" 200 99468 "-" "Mozilla/5.0 AppleWebKit/537.36 (KHTML, like Gecko; compatible; bingbot/2.0; +http://www.bing.com/bingbot.htm) Chrome/103.0.5060.134 Safari/537.36" "www.ysfine.com"
54.189.128.241 - - [08/Nov/2022:05:25:38 -0800] "GET /maga/phys/schrod11.jpg HTTP/1.1" 200 107958 "http://ysfine.com/maga/phys/schrod11.jpg" "Mozilla/5.0 (Windows NT 10.0; Win64; x64) AppleWebKit/537.36 (KHTML, like Gecko) Chrome/89.0.4389.114 Safari/537.36" "ysfine.com"
157.55.39.65 - - [08/Nov/2022:05:25:53 -0800] "GET /bio/pquartet.html HTTP/1.1" 404 88 "-" "Mozilla/5.0 (compatible; bingbot/2.0; +http://www.bing.com/bingbot.htm)" "ysfine.com"
52.143.241.111 - - [08/Nov/2022:05:25:59 -0800] "GET /style/3graces/indilis01.jpg HTTP/1.1" 200 415747 "-" "DuckDuckBot/1.1; (+http://duckduckgo.com/duckduckbot.html)" "ysfine.com"
40.77.51.85 - - [08/Nov/2022:05:26:41 -0800] "GET /philo/adamsmith03b.jpg HTTP/1.1" 200 41854 "https://ysfine.com/philo" "Mozilla/5.0 (Macintosh; Intel Mac OS X 10_11_6) AppleWebKit/605.1.15 (KHTML, like Gecko) Version/11.1.2 Safari/605.1.15" "ysfine.com"
157.55.39.17 - - [08/Nov/2022:05:27:17 -0800] "GET /world/germany/berlin018.jpg HTTP/1.1" 200 105103 "-" "Mozilla/5.0 (compatible; bingbot/2.0; +http://www.bing.com/bingbot.htm)" "www.ysfine.com"
213.87.134.216 - - [08/Nov/2022:05:27:42 -0800] "GET /newyork/monroe54.jpg HTTP/1.1" 200 126712 "https://yandex.ru/images/search?text=%D0%BC%20%D0%B5%D1%80%D0%B5%D0%BB%D0%B8%D0%BD%D0%B3%20%D0%BC%D0%BE%D0%BD%D1%80%D0%BE%20%D1%84%D0%BE%D1%82%D0%BE&stype=image&lr=5&source=serp&p=2&pos=97&rpt=simage&img_url=http%3A%2F%2Fysfine.com%2Fnewyork%2Fmonroe54.jpg" "Mozilla/5.0 (Windows NT 10.0; WOW64) AppleWebKit/537.36 (KHTML, like Gecko) Chrome/104.0.5112.124 YaBrowser/22.9.5.712 Yowser/2.5 Safari/537.36" "www.ysfine.com"
51.222.253.13 - - [08/Nov/2022:05:28:12 -0800] "GET /class54/class5470/total_data/sub_223.htm HTTP/1.1" 200 3410 "-" "Mozilla/5.0 (compatible; AhrefsBot/7.0; +http://ahrefs.com/robot/)" "www.ysfine.com"
157.55.39.17 - - [08/Nov/2022:05:28:17 -0800] "GET /world/scandi/sto036.jpg HTTP/1.1" 200 93392 "-" "Mozilla/5.0 AppleWebKit/537.36 (KHTML, like Gecko; compatible; bingbot/2.0; +http://www.bing.com/bingbot.htm) Chrome/103.0.5060.134 Safari/537.36" "ysfine.com"
104.28.103.27 - - [08/Nov/2022:05:28:29 -0800] "GET /dirac/dirheisen31b.jpg HTTP/1.1" 200 39248 "-" "Safari/17614.1.25.9.10 CFNetwork/1335.0.3 Darwin/21.6.0" "ysfine.com"
168.196.195.132 - - [08/Nov/2022:05:28:36 -0800] "GET /wigner/neum/vnc01.jpg HTTP/1.1" 200 133641 "https://sites.google.com/" "Mozilla/5.0 (Linux; Android 12; 2201117TG) AppleWebKit/537.36 (KHTML, like Gecko) Chrome/107.0.0.0 Mobile Safari/537.36" "ysfine.com"
40.77.167.27 - - [08/Nov/2022:05:28:37 -0800] "GET /world/latina/rio058.jpg HTTP/1.1" 200 102907 "-" "Mozilla/5.0 AppleWebKit/537.36 (KHTML, like Gecko; compatible; bingbot/2.0; +http://www.bing.com/bingbot.htm) Chrome/103.0.5060.134 Safari/537.36" "ysfine.com"
73.214.254.23 - - [08/Nov/2022:05:29:23 -0800] "GET /maga/phys/weylbook33.jpg HTTP/1.1" 200 257051 "-" "Mozilla/5.0 (Windows NT 10.0; Win64; x64; rv:85.0) Gecko/20100101 Firefox/85.0" "ysfine.com"
40.77.51.85 - - [08/Nov/2022:05:29:37 -0800] "GET /kobak/sorae/alexvic11b.jpg HTTP/1.1" 200 47312 "http://ysfine.com/kobak/sorae" "Mozilla/5.0 (iPhone; CPU iPhone OS 13_5_1 like Mac OS X) AppleWebKit/605.1.15 (KHTML, like Gecko) Version/13.1.1 Mobile/15E148 Safari/604.1" "ysfine.com"
44.228.64.221 - - [08/Nov/2022:05:29:43 -0800] "GET /maga/editesl.html HTTP/1.1" 200 7578 "-" "Python/3.8 aiohttp/3.8.3" "ysfine.com"
40.77.167.71 - - [08/Nov/2022:05:29:58 -0800] "GET /world/china/dandongbr01.jpg HTTP/1.1" 200 111775 "-" "Mozilla/5.0 (compatible; bingbot/2.0; +http://www.bing.com/bingbot.htm)" "www.ysfine.com"
40.77.167.71 - - [08/Nov/2022:05:30:08 -0800] "GET /world/russ/basil23b.jpg HTTP/1.1" 200 54658 "-" "Mozilla/5.0 (compatible; bingbot/2.0; +http://www.bing.com/bingbot.htm)" "ysfine.com"
157.55.39.76 - - [08/Nov/2022:05:30:59 -0800] "GET /world/ital/stcroce18.jpg HTTP/1.1" 200 111891 "-" "Mozilla/5.0 (compatible; bingbot/2.0; +http://www.bing.com/bingbot.htm)" "ysfine.com"
200.235.94.213 - - [08/Nov/2022:05:31:10 -0800] "GET /wigner/wigner39.pdf HTTP/1.1" 200 1398440 "https://www.google.com.br/" "Mozilla/5.0 (Linux; Android 12; SM-A225M) AppleWebKit/537.36 (KHTML, like Gecko) Chrome/106.0.5249.126 Mobile Safari/537.36 OPR/72.2.3767.68393" "ysfine.com"
200.235.94.213 - - [08/Nov/2022:05:31:10 -0800] "GET /wigner/wigner39.pdf HTTP/1.1" 206 349610 "https://www.google.com.br/" "Mozilla/5.0 (Linux; Android 12; SM-A225M) AppleWebKit/537.36 (KHTML, like Gecko) Chrome/106.0.5249.126 Mobile Safari/537.36 OPR/72.2.3767.68393" "ysfine.com"
200.235.94.213 - - [08/Nov/2022:05:31:10 -0800] "GET /wigner/wigner39.pdf HTTP/1.1" 206 1048830 "https://www.google.com.br/" "Mozilla/5.0 (Linux; Android 12; SM-A225M) AppleWebKit/537.36 (KHTML, like Gecko) Chrome/106.0.5249.126 Mobile Safari/537.36 OPR/72.2.3767.68393" "ysfine.com"
200.235.94.213 - - [08/Nov/2022:05:31:10 -0800] "GET /wigner/wigner39.pdf HTTP/1.1" 206 699220 "https://www.google.com.br/" "Mozilla/5.0 (Linux; Android 12; SM-A225M) AppleWebKit/537.36 (KHTML, like Gecko) Chrome/106.0.5249.126 Mobile Safari/537.36 OPR/72.2.3767.68393" "ysfine.com"
51.222.253.9 - - [08/Nov/2022:05:31:16 -0800] "GET /class54/class5470/total_data/sub_213.htm HTTP/1.1" 200 3396 "-" "Mozilla/5.0 (compatible; AhrefsBot/7.0; +http://ahrefs.com/robot/)" "www.ysfine.com"
157.55.39.17 - - [08/Nov/2022:05:31:27 -0800] "GET /wdc/whouse02.jpg HTTP/1.1" 200 65447 "-" "Mozilla/5.0 AppleWebKit/537.36 (KHTML, like Gecko; compatible; bingbot/2.0; +http://www.bing.com/bingbot.htm) Chrome/103.0.5060.134 Safari/537.36" "www.ysfine.com"
157.55.39.76 - - [08/Nov/2022:05:31:51 -0800] "GET /bio/bio07.html HTTP/1.1" 404 88 "-" "Mozilla/5.0 AppleWebKit/537.36 (KHTML, like Gecko; compatible; bingbot/2.0; +http://www.bing.com/bingbot.htm) Chrome/103.0.5060.134 Safari/537.36" "ysfine.com"
65.189.89.222 - - [08/Nov/2022:05:32:19 -0800] "GET /maga/histo/desiree21.jpg HTTP/1.1" 200 91829 "https://www.google.com/" "Mozilla/5.0 (iPhone; CPU iPhone OS 15_6_1 like Mac OS X) AppleWebKit/605.1.15 (KHTML, like Gecko) GSA/236.0.484392333 Mobile/19G82 Safari/604.1" "ysfine.com"
157.55.39.65 - - [08/Nov/2022:05:33:22 -0800] "GET /bio/style/ystyle.html HTTP/1.1" 404 88 "-" "Mozilla/5.0 (compatible; bingbot/2.0; +http://www.bing.com/bingbot.htm)" "ysfine.com"
157.55.39.65 - - [08/Nov/2022:05:33:23 -0800] "GET /einstein/orren11c.jpg HTTP/1.1" 200 21314 "-" "Mozilla/5.0 AppleWebKit/537.36 (KHTML, like Gecko; compatible; bingbot/2.0; +http://www.bing.com/bingbot.htm) Chrome/103.0.5060.134 Safari/537.36" "ysfine.com"
51.222.253.7 - - [08/Nov/2022:05:34:17 -0800] "GET /class54/class5470/total_data/sub_201b.htm HTTP/1.1" 200 3402 "-" "Mozilla/5.0 (compatible; AhrefsBot/7.0; +http://ahrefs.com/robot/)" "www.ysfine.com"
40.122.195.128 - - [08/Nov/2022:05:34:39 -0800] "GET /newyork/rocke06b.jpg HTTP/1.1" 200 45430 "http://ysfine.com/newyork" "Mozilla/5.0 (X11; Linux x86_64) AppleWebKit/537.36 (KHTML, like Gecko) Chrome/74.0.3729.169 Safari/537.36" "ysfine.com"
118.184.177.49 - - [08/Nov/2022:05:34:43 -0800] "GET / HTTP/1.1" 200 5283 "-" "Sogou web spider/4.0(+http://www.sogou.com/docs/help/webmasters.htm#07)" "www.ysfine.com"
40.77.167.71 - - [08/Nov/2022:05:34:48 -0800] "GET /maga/invent/inductmo2.jpg HTTP/1.1" 200 40426 "-" "Mozilla/5.0 AppleWebKit/537.36 (KHTML, like Gecko; compatible; bingbot/2.0; +http://www.bing.com/bingbot.htm) Chrome/103.0.5060.134 Safari/537.36" "www.ysfine.com"
40.77.167.71 - - [08/Nov/2022:05:34:49 -0800] "GET /world/russ/roskei10b.jpg HTTP/1.1" 200 36598 "-" "Mozilla/5.0 AppleWebKit/537.36 (KHTML, like Gecko; compatible; bingbot/2.0; +http://www.bing.com/bingbot.htm) Chrome/103.0.5060.134 Safari/537.36" "ysfine.com"
172.98.89.214 - - [08/Nov/2022:05:34:57 -0800] "GET /kobak/sorae/church02.jpg HTTP/1.1" 200 89726 "https://www.google.com/" "Mozilla/5.0 (Macintosh; Intel Mac OS X 10_15_7) AppleWebKit/605.1.15 (KHTML, like Gecko) Version/15.6 Safari/605.1.15" "ysfine.com"
40.77.167.68 - - [08/Nov/2022:05:35:06 -0800] "GET /world/latina/rio018.jpg HTTP/1.1" 200 110548 "-" "Mozilla/5.0 (compatible; bingbot/2.0; +http://www.bing.com/bingbot.htm)" "www.ysfine.com"
157.55.39.65 - - [08/Nov/2022:05:35:22 -0800] "GET /world/baltic/lithu04.jpg HTTP/1.1" 200 63670 "-" "Mozilla/5.0 AppleWebKit/537.36 (KHTML, like Gecko; compatible; bingbot/2.0; +http://www.bing.com/bingbot.htm) Chrome/103.0.5060.134 Safari/537.36" "ysfine.com"
40.77.167.71 - - [08/Nov/2022:05:35:50 -0800] "GET /bio/feynman/feynbot.html HTTP/1.1" 404 88 "-" "Mozilla/5.0 AppleWebKit/537.36 (KHTML, like Gecko; compatible; bingbot/2.0; +http://www.bing.com/bingbot.htm) Chrome/103.0.5060.134 Safari/537.36" "ysfine.com"
40.86.101.252 - - [08/Nov/2022:05:36:08 -0800] "GET /kobak/taylor22.jpg HTTP/1.1" 200 223716 "https://ysfine.com/kobak" "Mozilla/5.0 (Linux; Android 10; SM-G960U) AppleWebKit/537.36 (KHTML, like Gecko) Chrome/88.0.4324.181 Mobile Safari/537.36" "ysfine.com"
40.77.167.71 - - [08/Nov/2022:05:36:08 -0800] "GET /people/bianca.jpg HTTP/1.1" 200 92204 "-" "Mozilla/5.0 (compatible; bingbot/2.0; +http://www.bing.com/bingbot.htm)" "www.ysfine.com"
20.106.27.173 - - [08/Nov/2022:05:36:47 -0800] "GET /world/baltic/riga01b.jpg HTTP/1.1" 200 45466 "http://ysfine.com/world/baltic" "Mozilla/5.0 (Linux; Android 10; SM-G960U) AppleWebKit/537.36 (KHTML, like Gecko) Chrome/88.0.4324.181 Mobile Safari/537.36" "ysfine.com"
36.99.152.194 - - [08/Nov/2022:05:37:12 -0800] "GET /beifenw/phome.php HTTP/1.1" 404 73 "http://www.ysfine.com/beifenw/phome.php" "Mozilla/5.0 (compatible; MSIE 9.0; Windows NT 6.1; Win64; x64; Trident/5.0)" "www.ysfine.com"
191.223.30.149 - - [08/Nov/2022:05:37:17 -0800] "GET /wigner/neum/vnc02.jpg HTTP/1.1" 200 122957 "https://www.google.com/" "Mozilla/5.0 (Windows NT 10.0; Win64; x64; rv:106.0) Gecko/20100101 Firefox/106.0" "ysfine.com"
17.121.115.252 - - [08/Nov/2022:05:37:26 -0800] "GET /princeton/campus.html HTTP/1.1" 200 15142 "-" "Mozilla/5.0 (Macintosh; Intel Mac OS X 10_15_5) AppleWebKit/605.1.15 (KHTML, like Gecko) Version/13.1.1 Safari/605.1.15 (Applebot/0.1; +http://www.apple.com/go/applebot)" "ysfine.com"
51.222.253.19 - - [08/Nov/2022:05:37:31 -0800] "GET /class54/class5470/total_data/sub_214.htm HTTP/1.1" 200 3396 "-" "Mozilla/5.0 (compatible; AhrefsBot/7.0; +http://ahrefs.com/robot/)" "www.ysfine.com"
157.55.39.76 - - [08/Nov/2022:05:37:49 -0800] "GET /usca/pitt/pitcn01b.jpg HTTP/1.1" 200 45484 "-" "Mozilla/5.0 AppleWebKit/537.36 (KHTML, like Gecko; compatible; bingbot/2.0; +http://www.bing.com/bingbot.htm) Chrome/103.0.5060.134 Safari/537.36" "ysfine.com"
104.28.103.27 - - [08/Nov/2022:05:37:52 -0800] "GET /dirac/dirheisen31b.jpg HTTP/1.1" 200 39248 "-" "Safari/17614.1.25.9.10 CFNetwork/1335.0.3 Darwin/21.6.0" "ysfine.com"
13.67.224.12 - - [08/Nov/2022:05:38:05 -0800] "GET /wigner/wigsharp2.jpg HTTP/1.1" 200 34860 "https://ysfine.com/wigner" "Mozilla/5.0 (iPhone; CPU iPhone OS 13_5_1 like Mac OS X) AppleWebKit/605.1.15 (KHTML, like Gecko) Version/13.1.1 Mobile/15E148 Safari/604.1" "ysfine.com"
172.98.89.214 - - [08/Nov/2022:05:38:15 -0800] "GET /kobak/sorae/church05.jpg HTTP/1.1" 200 210503 "https://www.google.com/" "Mozilla/5.0 (Macintosh; Intel Mac OS X 10_15_7) AppleWebKit/605.1.15 (KHTML, like Gecko) Version/15.6 Safari/605.1.15" "ysfine.com"
172.98.89.214 - - [08/Nov/2022:05:38:20 -0800] "GET /kobak/soraech.html HTTP/1.1" 200 16670 "https://www.google.com/" "Mozilla/5.0 (Macintosh; Intel Mac OS X 10_15_7) AppleWebKit/605.1.15 (KHTML, like Gecko) Version/15.6 Safari/605.1.15" "ysfine.com"
172.98.89.214 - - [08/Nov/2022:05:38:22 -0800] "GET /kobak/sorae/church102b.jpg HTTP/1.1" 200 39343 "https://ysfine.com/kobak/soraech.html" "Mozilla/5.0 (Macintosh; Intel Mac OS X 10_15_7) AppleWebKit/605.1.15 (KHTML, like Gecko) Version/15.6 Safari/605.1.15" "ysfine.com"
172.98.89.214 - - [08/Nov/2022:05:38:22 -0800] "GET /kobak/sorae/church103b.jpg HTTP/1.1" 200 41194 "https://ysfine.com/kobak/soraech.html" "Mozilla/5.0 (Macintosh; Intel Mac OS X 10_15_7) AppleWebKit/605.1.15 (KHTML, like Gecko) Version/15.6 Safari/605.1.15" "ysfine.com"
172.98.89.214 - - [08/Nov/2022:05:38:22 -0800] "GET /kobak/underw08b.jpg HTTP/1.1" 200 48993 "https://ysfine.com/kobak/soraech.html" "Mozilla/5.0 (Macintosh; Intel Mac OS X 10_15_7) AppleWebKit/605.1.15 (KHTML, like Gecko) Version/15.6 Safari/605.1.15" "ysfine.com"
172.98.89.214 - - [08/Nov/2022:05:38:22 -0800] "GET /kobak/underw21b.jpg HTTP/1.1" 200 45991 "https://ysfine.com/kobak/soraech.html" "Mozilla/5.0 (Macintosh; Intel Mac OS X 10_15_7) AppleWebKit/605.1.15 (KHTML, like Gecko) Version/15.6 Safari/605.1.15" "ysfine.com"
172.98.89.214 - - [08/Nov/2022:05:38:22 -0800] "GET /kobak/sorae/alexvic11b.jpg HTTP/1.1" 200 47312 "https://ysfine.com/kobak/soraech.html" "Mozilla/5.0 (Macintosh; Intel Mac OS X 10_15_7) AppleWebKit/605.1.15 (KHTML, like Gecko) Version/15.6 Safari/605.1.15" "ysfine.com"
172.98.89.214 - - [08/Nov/2022:05:38:24 -0800] "GET /kobak/sorae/church03b.jpg HTTP/1.1" 200 50665 "https://ysfine.com/kobak/soraech.html" "Mozilla/5.0 (Macintosh; Intel Mac OS X 10_15_7) AppleWebKit/605.1.15 (KHTML, like Gecko) Version/15.6 Safari/605.1.15" "ysfine.com"
172.98.89.214 - - [08/Nov/2022:05:38:25 -0800] "GET /kobak/sorae/church05b.jpg HTTP/1.1" 200 66213 "https://ysfine.com/kobak/soraech.html" "Mozilla/5.0 (Macintosh; Intel Mac OS X 10_15_7) AppleWebKit/605.1.15 (KHTML, like Gecko) Version/15.6 Safari/605.1.15" "ysfine.com"
172.98.89.214 - - [08/Nov/2022:05:38:25 -0800] "GET /kobak/sorae/church02b.jpg HTTP/1.1" 200 40321 "https://ysfine.com/kobak/soraech.html" "Mozilla/5.0 (Macintosh; Intel Mac OS X 10_15_7) AppleWebKit/605.1.15 (KHTML, like Gecko) Version/15.6 Safari/605.1.15" "ysfine.com"
172.98.89.214 - - [08/Nov/2022:05:38:25 -0800] "GET /kobak/mskim01b.jpg HTTP/1.1" 200 51469 "https://ysfine.com/kobak/soraech.html" "Mozilla/5.0 (Macintosh; Intel Mac OS X 10_15_7) AppleWebKit/605.1.15 (KHTML, like Gecko) Version/15.6 Safari/605.1.15" "ysfine.com"
172.98.89.214 - - [08/Nov/2022:05:38:25 -0800] "GET /kobak/sorae/grandpa11b.jpg HTTP/1.1" 200 20714 "https://ysfine.com/kobak/soraech.html" "Mozilla/5.0 (Macintosh; Intel Mac OS X 10_15_7) AppleWebKit/605.1.15 (KHTML, like Gecko) Version/15.6 Safari/605.1.15" "ysfine.com"
172.98.89.214 - - [08/Nov/2022:05:38:25 -0800] "GET /kobak/underw25b.jpg HTTP/1.1" 200 36194 "https://ysfine.com/kobak/soraech.html" "Mozilla/5.0 (Macintosh; Intel Mac OS X 10_15_7) AppleWebKit/605.1.15 (KHTML, like Gecko) Version/15.6 Safari/605.1.15" "ysfine.com"
172.98.89.214 - - [08/Nov/2022:05:38:25 -0800] "GET /kobak/underw26b.jpg HTTP/1.1" 200 56057 "https://ysfine.com/kobak/soraech.html" "Mozilla/5.0 (Macintosh; Intel Mac OS X 10_15_7) AppleWebKit/605.1.15 (KHTML, like Gecko) Version/15.6 Safari/605.1.15" "ysfine.com"
172.98.89.214 - - [08/Nov/2022:05:38:25 -0800] "GET /kobak/underw03b.jpg HTTP/1.1" 200 37749 "https://ysfine.com/kobak/soraech.html" "Mozilla/5.0 (Macintosh; Intel Mac OS X 10_15_7) AppleWebKit/605.1.15 (KHTML, like Gecko) Version/15.6 Safari/605.1.15" "ysfine.com"
172.98.89.214 - - [08/Nov/2022:05:38:25 -0800] "GET /kobak/sorae/church06b.jpg HTTP/1.1" 200 49022 "https://ysfine.com/kobak/soraech.html" "Mozilla/5.0 (Macintosh; Intel Mac OS X 10_15_7) AppleWebKit/605.1.15 (KHTML, like Gecko) Version/15.6 Safari/605.1.15" "ysfine.com"
172.98.89.214 - - [08/Nov/2022:05:38:25 -0800] "GET /eink/eink61c.jpg HTTP/1.1" 200 34119 "https://ysfine.com/kobak/soraech.html" "Mozilla/5.0 (Macintosh; Intel Mac OS X 10_15_7) AppleWebKit/605.1.15 (KHTML, like Gecko) Version/15.6 Safari/605.1.15" "ysfine.com"
172.98.89.214 - - [08/Nov/2022:05:38:25 -0800] "GET /kobak/sohnwi01b.jpg HTTP/1.1" 200 35047 "https://ysfine.com/kobak/soraech.html" "Mozilla/5.0 (Macintosh; Intel Mac OS X 10_15_7) AppleWebKit/605.1.15 (KHTML, like Gecko) Version/15.6 Safari/605.1.15" "ysfine.com"
172.98.89.214 - - [08/Nov/2022:05:38:25 -0800] "GET /kobak/sorae/church12b.jpg HTTP/1.1" 200 56689 "https://ysfine.com/kobak/soraech.html" "Mozilla/5.0 (Macintosh; Intel Mac OS X 10_15_7) AppleWebKit/605.1.15 (KHTML, like Gecko) Version/15.6 Safari/605.1.15" "ysfine.com"
172.98.89.214 - - [08/Nov/2022:05:38:25 -0800] "GET /kowar/kimis53b.jpg HTTP/1.1" 200 44376 "https://ysfine.com/kobak/soraech.html" "Mozilla/5.0 (Macintosh; Intel Mac OS X 10_15_7) AppleWebKit/605.1.15 (KHTML, like Gecko) Version/15.6 Safari/605.1.15" "ysfine.com"
172.98.89.214 - - [08/Nov/2022:05:38:31 -0800] "GET /favicon.ico HTTP/1.1" 404 88 "https://ysfine.com/kobak/soraech.html" "Mozilla/5.0 (Macintosh; Intel Mac OS X 10_15_7) AppleWebKit/605.1.15 (KHTML, like Gecko) Version/15.6 Safari/605.1.15" "ysfine.com"
172.98.89.214 - - [08/Nov/2022:05:38:57 -0800] "GET /kobak/sorae/church03.jpg HTTP/1.1" 200 132707 "https://ysfine.com/kobak/soraech.html" "Mozilla/5.0 (Macintosh; Intel Mac OS X 10_15_7) AppleWebKit/605.1.15 (KHTML, like Gecko) Version/15.6 Safari/605.1.15" "ysfine.com"
157.55.39.76 - - [08/Nov/2022:05:39:00 -0800] "GET /maga/phil/sine33.jpg HTTP/1.1" 200 72721 "-" "Mozilla/5.0 (compatible; bingbot/2.0; +http://www.bing.com/bingbot.htm)" "ysfine.com"
142.115.140.255 - - [08/Nov/2022:05:39:45 -0800] "GET /princeton/dulles.jpg HTTP/1.1" 200 84176 "https://www.google.com/" "Mozilla/5.0 (Linux; Android 12; SM-N9860) AppleWebKit/537.36 (KHTML, like Gecko) Chrome/96.0.4664.104 Mobile Safari/537.36" "ysfine.com"
172.98.89.214 - - [08/Nov/2022:05:39:53 -0800] "GET /kobak/sorae/church05.jpg HTTP/1.1" 200 210503 "https://ysfine.com/kobak/soraech.html" "Mozilla/5.0 (Macintosh; Intel Mac OS X 10_15_7) AppleWebKit/605.1.15 (KHTML, like Gecko) Version/15.6 Safari/605.1.15" "ysfine.com"
40.86.101.165 - - [08/Nov/2022:05:39:54 -0800] "GET /princeton/ias11b.jpg HTTP/1.1" 200 33974 "https://ysfine.com/princeton" "Mozilla/5.0 (Windows NT 10.0; Win64; x64) AppleWebKit/537.36 (KHTML, like Gecko) Chrome/74.0.3729.157 Safari/537.36" "ysfine.com"
183.97.149.209 - - [08/Nov/2022:05:40:14 -0800] "GET /kowar/panmun02.jpg HTTP/1.1" 200 129295 "https://www.google.com/" "Mozilla/5.0 (Linux; Android 10; LM-G710N) AppleWebKit/537.36 (KHTML, like Gecko) Chrome/107.0.0.0 Mobile Safari/537.36" "ysfine.com"
183.97.149.209 - - [08/Nov/2022:05:40:21 -0800] "GET /kowar/war53.html HTTP/1.1" 200 6652 "https://www.google.com/" "Mozilla/5.0 (Linux; Android 10; LM-G710N) AppleWebKit/537.36 (KHTML, like Gecko) Chrome/107.0.0.0 Mobile Safari/537.36" "ysfine.com"
183.97.149.209 - - [08/Nov/2022:05:40:21 -0800] "GET /kobak/rhee12b.jpg HTTP/1.1" 200 49113 "https://ysfine.com/kowar/war53.html" "Mozilla/5.0 (Linux; Android 10; LM-G710N) AppleWebKit/537.36 (KHTML, like Gecko) Chrome/107.0.0.0 Mobile Safari/537.36" "ysfine.com"
183.97.149.209 - - [08/Nov/2022:05:40:21 -0800] "GET /kowar/paiksy01b.jpg HTTP/1.1" 200 54700 "https://ysfine.com/kowar/war53.html" "Mozilla/5.0 (Linux; Android 10; LM-G710N) AppleWebKit/537.36 (KHTML, like Gecko) Chrome/107.0.0.0 Mobile Safari/537.36" "ysfine.com"
183.97.149.209 - - [08/Nov/2022:05:40:21 -0800] "GET /kobak/kumipo01b.jpg HTTP/1.1" 200 32923 "https://ysfine.com/kowar/war53.html" "Mozilla/5.0 (Linux; Android 10; LM-G710N) AppleWebKit/537.36 (KHTML, like Gecko) Chrome/107.0.0.0 Mobile Safari/537.36" "ysfine.com"
183.97.149.209 - - [08/Nov/2022:05:40:21 -0800] "GET /kowar/kimis53b.jpg HTTP/1.1" 200 44376 "https://ysfine.com/kowar/war53.html" "Mozilla/5.0 (Linux; Android 10; LM-G710N) AppleWebKit/537.36 (KHTML, like Gecko) Chrome/107.0.0.0 Mobile Safari/537.36" "ysfine.com"
183.97.149.209 - - [08/Nov/2022:05:40:21 -0800] "GET /kobak/draftreg33b.jpg HTTP/1.1" 200 39377 "https://ysfine.com/kowar/war53.html" "Mozilla/5.0 (Linux; Android 10; LM-G710N) AppleWebKit/537.36 (KHTML, like Gecko) Chrome/107.0.0.0 Mobile Safari/537.36" "ysfine.com"
183.97.149.209 - - [08/Nov/2022:05:40:21 -0800] "GET /kowar/panmun02b.jpg HTTP/1.1" 200 51595 "https://ysfine.com/kowar/war53.html" "Mozilla/5.0 (Linux; Android 10; LM-G710N) AppleWebKit/537.36 (KHTML, like Gecko) Chrome/107.0.0.0 Mobile Safari/537.36" "ysfine.com"
183.97.149.209 - - [08/Nov/2022:05:40:21 -0800] "GET /kobak/sohnwi01b.jpg HTTP/1.1" 200 35047 "https://ysfine.com/kowar/war53.html" "Mozilla/5.0 (Linux; Android 10; LM-G710N) AppleWebKit/537.36 (KHTML, like Gecko) Chrome/107.0.0.0 Mobile Safari/537.36" "ysfine.com"
183.97.149.209 - - [08/Nov/2022:05:40:21 -0800] "GET /kowar/photos/eisenhower22b.jpg HTTP/1.1" 200 43010 "https://ysfine.com/kowar/war53.html" "Mozilla/5.0 (Linux; Android 10; LM-G710N) AppleWebKit/537.36 (KHTML, like Gecko) Chrome/107.0.0.0 Mobile Safari/537.36" "ysfine.com"
183.97.149.209 - - [08/Nov/2022:05:40:21 -0800] "GET /kowar/panmun01b.jpg HTTP/1.1" 200 35620 "https://ysfine.com/kowar/war53.html" "Mozilla/5.0 (Linux; Android 10; LM-G710N) AppleWebKit/537.36 (KHTML, like Gecko) Chrome/107.0.0.0 Mobile Safari/537.36" "ysfine.com"
183.97.149.209 - - [08/Nov/2022:05:40:21 -0800] "GET /kowar/tanks/b36bomber11b.jpg HTTP/1.1" 200 25249 "https://ysfine.com/kowar/war53.html" "Mozilla/5.0 (Linux; Android 10; LM-G710N) AppleWebKit/537.36 (KHTML, like Gecko) Chrome/107.0.0.0 Mobile Safari/537.36" "ysfine.com"
183.97.149.209 - - [08/Nov/2022:05:40:22 -0800] "GET /kobak/underw06b.jpg HTTP/1.1" 200 51332 "https://ysfine.com/kowar/war53.html" "Mozilla/5.0 (Linux; Android 10; LM-G710N) AppleWebKit/537.36 (KHTML, like Gecko) Chrome/107.0.0.0 Mobile Safari/537.36" "ysfine.com"
