192.99.14.135 - - [08/Nov/2022:01:05:18 -0800] "GET /ysbio//wigner/wstorie.html HTTP/1.1" 200 3909 "-" "Mozilla/5.0 (compatible; MJ12bot/v1.4.8; http://mj12bot.com/)" "www.ysfine.com"
192.99.14.135 - - [08/Nov/2022:01:05:23 -0800] "GET /ysbio//wisdom/koelectric.html HTTP/1.1" 200 5212 "-" "Mozilla/5.0 (compatible; MJ12bot/v1.4.8; http://mj12bot.com/)" "www.ysfine.com"
192.99.14.135 - - [08/Nov/2022:01:05:26 -0800] "GET /ysbio//wisdom/wkstorie.html HTTP/1.1" 200 954 "-" "Mozilla/5.0 (compatible; MJ12bot/v1.4.8; http://mj12bot.com/)" "www.ysfine.com"
192.99.14.135 - - [08/Nov/2022:01:05:31 -0800] "GET /ysbio//world/chinaw.html HTTP/1.1" 404 88 "-" "Mozilla/5.0 (compatible; MJ12bot/v1.4.8; http://mj12bot.com/)" "www.ysfine.com"
192.99.14.135 - - [08/Nov/2022:01:05:34 -0800] "GET /ysbio//world/france/metz51.html HTTP/1.1" 404 88 "-" "Mozilla/5.0 (compatible; MJ12bot/v1.4.8; http://mj12bot.com/)" "www.ysfine.com"
173.73.77.36 - - [08/Nov/2022:01:05:38 -0800] "GET /ysbio/marq.html HTTP/1.1" 404 88 "https://ysfine.com/ysbio/bio10.html" "Mozilla/5.0 (Windows NT 10.0; Win64; x64) AppleWebKit/537.36 (KHTML, like Gecko) Chrome/107.0.0.0 Safari/537.36" "ysfine.com"
192.99.14.135 - - [08/Nov/2022:01:05:39 -0800] "GET /ysbio//world/ital/milan025.jpg HTTP/1.1" 200 169300 "-" "Mozilla/5.0 (compatible; MJ12bot/v1.4.8; http://mj12bot.com/)" "www.ysfine.com"
192.99.14.135 - - [08/Nov/2022:01:05:43 -0800] "GET /ysbio//world/japan/osaka124.jpg HTTP/1.1" 200 102745 "-" "Mozilla/5.0 (compatible; MJ12bot/v1.4.8; http://mj12bot.com/)" "www.ysfine.com"
192.99.14.135 - - [08/Nov/2022:01:05:47 -0800] "GET /ysbio//world/russ/roskei94.jpg HTTP/1.1" 200 108504 "-" "Mozilla/5.0 (compatible; MJ12bot/v1.4.8; http://mj12bot.com/)" "www.ysfine.com"
192.99.14.135 - - [08/Nov/2022:01:05:51 -0800] "GET /ysbio//world/russ/zul00.jpg HTTP/1.1" 200 242645 "-" "Mozilla/5.0 (compatible; MJ12bot/v1.4.8; http://mj12bot.com/)" "www.ysfine.com"
192.99.14.135 - - [08/Nov/2022:01:05:55 -0800] "GET /ysbio//world/ulm.html HTTP/1.1" 200 6784 "-" "Mozilla/5.0 (compatible; MJ12bot/v1.4.8; http://mj12bot.com/)" "www.ysfine.com"
192.99.14.135 - - [08/Nov/2022:01:05:58 -0800] "GET /ysbio//world/wigberlin.html HTTP/1.1" 200 7173 "-" "Mozilla/5.0 (compatible; MJ12bot/v1.4.8; http://mj12bot.com/)" "www.ysfine.com"
192.99.14.135 - - [08/Nov/2022:01:05:59 -0800] "GET /ysbio//ysbio/index.html HTTP/1.1" 404 88 "-" "Mozilla/5.0 (compatible; MJ12bot/v1.4.8; http://mj12bot.com/)" "www.ysfine.com"
40.77.167.71 - - [08/Nov/2022:01:06:03 -0800] "GET /people/klauder06.jpg HTTP/1.1" 200 127431 "-" "Mozilla/5.0 (compatible; bingbot/2.0; +http://www.bing.com/bingbot.htm)" "ysfine.com"
192.99.14.135 - - [08/Nov/2022:01:06:03 -0800] "GET /ysbio//ysnr11.jpg HTTP/1.1" 200 141084 "-" "Mozilla/5.0 (compatible; MJ12bot/v1.4.8; http://mj12bot.com/)" "www.ysfine.com"
192.99.14.135 - - [08/Nov/2022:01:06:08 -0800] "GET /ysbio//yspapers/o32inho22.jpg HTTP/1.1" 200 215421 "-" "Mozilla/5.0 (compatible; MJ12bot/v1.4.8; http://mj12bot.com/)" "www.ysfine.com"
192.99.14.135 - - [08/Nov/2022:01:06:14 -0800] "GET /ysbio//yspapers/o33.pdf HTTP/1.1" 200 103038 "-" "Mozilla/5.0 (compatible; MJ12bot/v1.4.8; http://mj12bot.com/)" "www.ysfine.com"
192.99.14.135 - - [08/Nov/2022:01:06:19 -0800] "GET /ysbio//yspapers/phpr.pdf HTTP/1.1" 200 132409 "-" "Mozilla/5.0 (compatible; MJ12bot/v1.4.8; http://mj12bot.com/)" "www.ysfine.com"
192.99.14.135 - - [08/Nov/2022:01:06:23 -0800] "GET /ysbio//yspapers/prl89.pdf HTTP/1.1" 200 304155 "-" "Mozilla/5.0 (compatible; MJ12bot/v1.4.8; http://mj12bot.com/)" "www.ysfine.com"
173.73.77.36 - - [08/Nov/2022:01:06:24 -0800] "GET /favicon.ico HTTP/1.1" 404 88 "https://ysfine.com/ys11/" "Mozilla/5.0 (Windows NT 10.0; Win64; x64) AppleWebKit/537.36 (KHTML, like Gecko) Chrome/107.0.0.0 Safari/537.36 Edg/107.0.1418.35" "ysfine.com"
20.29.110.170 - - [08/Nov/2022:01:06:26 -0800] "GET /usca/norl/missi37b.jpg HTTP/1.1" 200 34002 "https://ysfine.com/usca/norl" "Mozilla/5.0 (X11; Linux x86_64) AppleWebKit/537.36 (KHTML, like Gecko) Chrome/74.0.3729.169 Safari/537.36" "ysfine.com"
192.99.14.135 - - [08/Nov/2022:01:06:27 -0800] "GET /ysbio//yspapers/symmetry16.pdf HTTP/1.1" 200 1620648 "-" "Mozilla/5.0 (compatible; MJ12bot/v1.4.8; http://mj12bot.com/)" "www.ysfine.com"
216.244.66.229 - - [08/Nov/2022:01:06:28 -0800] "GET /robots.txt HTTP/1.1" 404 73 "-" "Mozilla/5.0 (compatible; DotBot/1.2; +https://opensiteexplorer.org/dotbot; help@moz.com)" "www.ysfine.com"
216.244.66.229 - - [08/Nov/2022:01:06:28 -0800] "GET /robots.txt HTTP/1.1" 404 73 "-" "Mozilla/5.0 (compatible; DotBot/1.2; +https://opensiteexplorer.org/dotbot; help@moz.com)" "ysfine.com"
192.99.14.135 - - [08/Nov/2022:01:06:31 -0800] "GET /ysbio//yspr61.jpg HTTP/1.1" 200 217844 "-" "Mozilla/5.0 (compatible; MJ12bot/v1.4.8; http://mj12bot.com/)" "www.ysfine.com"
173.73.77.36 - - [08/Nov/2022:01:06:32 -0800] "GET /ysbio/marq.html HTTP/1.1" 404 88 "https://ysfine.com/ysbio/bio10.html" "Mozilla/5.0 (Windows NT 10.0; Win64; x64) AppleWebKit/537.36 (KHTML, like Gecko) Chrome/107.0.0.0 Safari/537.36 Edg/107.0.1418.35" "ysfine.com"
51.222.253.11 - - [08/Nov/2022:01:06:33 -0800] "GET /world/roma.html HTTP/1.1" 200 13994 "-" "Mozilla/5.0 (compatible; AhrefsBot/7.0; +http://ahrefs.com/robot/)" "ysfine.com"
192.99.14.135 - - [08/Nov/2022:01:06:36 -0800] "GET /ysbio/class54/emailed02.html HTTP/1.1" 200 29084 "-" "Mozilla/5.0 (compatible; MJ12bot/v1.4.8; http://mj12bot.com/)" "www.ysfine.com"
192.99.14.135 - - [08/Nov/2022:01:06:40 -0800] "GET /ysbio/class54/pics/g110.jpg HTTP/1.1" 200 121544 "-" "Mozilla/5.0 (compatible; MJ12bot/v1.4.8; http://mj12bot.com/)" "www.ysfine.com"
192.99.14.135 - - [08/Nov/2022:01:06:44 -0800] "GET /ysbio/class54/pics/g112.jpg HTTP/1.1" 200 91531 "-" "Mozilla/5.0 (compatible; MJ12bot/v1.4.8; http://mj12bot.com/)" "www.ysfine.com"
192.99.14.135 - - [08/Nov/2022:01:06:49 -0800] "GET /ysbio/class54/pics/g113.jpg HTTP/1.1" 200 96811 "-" "Mozilla/5.0 (compatible; MJ12bot/v1.4.8; http://mj12bot.com/)" "www.ysfine.com"
192.99.14.135 - - [08/Nov/2022:01:06:53 -0800] "GET /ysbio/eink/moose.html HTTP/1.1" 404 88 "-" "Mozilla/5.0 (compatible; MJ12bot/v1.4.8; http://mj12bot.com/)" "www.ysfine.com"
192.99.14.135 - - [08/Nov/2022:01:06:59 -0800] "GET /ysbio/einstein/einbike11.jpg HTTP/1.1" 200 169299 "-" "Mozilla/5.0 (compatible; MJ12bot/v1.4.8; http://mj12bot.com/)" "www.ysfine.com"
192.99.14.135 - - [08/Nov/2022:01:07:03 -0800] "GET /ysbio/einstein/einborh11.jpg HTTP/1.1" 404 88 "-" "Mozilla/5.0 (compatible; MJ12bot/v1.4.8; http://mj12bot.com/)" "www.ysfine.com"
192.99.14.135 - - [08/Nov/2022:01:07:07 -0800] "GET /ysbio/einstein/places/einha20.jpg HTTP/1.1" 200 95886 "-" "Mozilla/5.0 (compatible; MJ12bot/v1.4.8; http://mj12bot.com/)" "www.ysfine.com"
192.99.14.135 - - [08/Nov/2022:01:07:10 -0800] "GET /ysbio/feynman/feygell33.jpg HTTP/1.1" 200 100620 "-" "Mozilla/5.0 (compatible; MJ12bot/v1.4.8; http://mj12bot.com/)" "www.ysfine.com"
192.99.14.135 - - [08/Nov/2022:01:07:15 -0800] "GET /ysbio/ffriends/amkor/kostu36.jpg HTTP/1.1" 404 88 "-" "Mozilla/5.0 (compatible; MJ12bot/v1.4.8; http://mj12bot.com/)" "www.ysfine.com"
157.55.39.65 - - [08/Nov/2022:01:07:17 -0800] "GET /style/picass33.jpg HTTP/1.1" 200 101813 "-" "Mozilla/5.0 AppleWebKit/537.36 (KHTML, like Gecko; compatible; bingbot/2.0; +http://www.bing.com/bingbot.htm) Chrome/103.0.5060.134 Safari/537.36" "ysfine.com"
192.99.14.135 - - [08/Nov/2022:01:07:20 -0800] "GET /ysbio/ffriends/chinaf.html HTTP/1.1" 404 88 "-" "Mozilla/5.0 (compatible; MJ12bot/v1.4.8; http://mj12bot.com/)" "www.ysfine.com"
192.99.14.135 - - [08/Nov/2022:01:07:23 -0800] "GET /ysbio/ffriends/germanf.html HTTP/1.1" 404 88 "-" "Mozilla/5.0 (compatible; MJ12bot/v1.4.8; http://mj12bot.com/)" "www.ysfine.com"
192.99.14.135 - - [08/Nov/2022:01:07:28 -0800] "GET /ysbio/ffriends/japanf.html HTTP/1.1" 404 88 "-" "Mozilla/5.0 (compatible; MJ12bot/v1.4.8; http://mj12bot.com/)" "www.ysfine.com"
192.99.14.135 - - [08/Nov/2022:01:07:34 -0800] "GET /ysbio/ffriends/roskei.html HTTP/1.1" 404 88 "-" "Mozilla/5.0 (compatible; MJ12bot/v1.4.8; http://mj12bot.com/)" "www.ysfine.com"
192.99.14.135 - - [08/Nov/2022:01:07:36 -0800] "GET /ysbio/folks/russian.html HTTP/1.1" 200 33918 "-" "Mozilla/5.0 (compatible; MJ12bot/v1.4.8; http://mj12bot.com/)" "www.ysfine.com"
192.99.14.135 - - [08/Nov/2022:01:07:40 -0800] "GET /ysbio/kobak/histo/rheeh.jpg HTTP/1.1" 404 88 "-" "Mozilla/5.0 (compatible; MJ12bot/v1.4.8; http://mj12bot.com/)" "www.ysfine.com"
192.99.14.135 - - [08/Nov/2022:01:07:46 -0800] "GET /ysbio/kobak/kimj.html HTTP/1.1" 404 88 "-" "Mozilla/5.0 (compatible; MJ12bot/v1.4.8; http://mj12bot.com/)" "www.ysfine.com"
192.99.14.135 - - [08/Nov/2022:01:07:49 -0800] "GET /ysbio/kobak/rheetr22.jpg HTTP/1.1" 200 208598 "-" "Mozilla/5.0 (compatible; MJ12bot/v1.4.8; http://mj12bot.com/)" "www.ysfine.com"
192.99.14.135 - - [08/Nov/2022:01:07:54 -0800] "GET /ysbio/kobak/sobeach.html HTTP/1.1" 200 1149 "-" "Mozilla/5.0 (compatible; MJ12bot/v1.4.8; http://mj12bot.com/)" "www.ysfine.com"
157.55.39.76 - - [08/Nov/2022:01:07:54 -0800] "GET /bio/bio07.html HTTP/1.1" 404 88 "-" "Mozilla/5.0 (compatible; bingbot/2.0; +http://www.bing.com/bingbot.htm)" "ysfine.com"
192.99.14.135 - - [08/Nov/2022:01:07:59 -0800] "GET /ysbio/kobak/sorae/church02.jpg HTTP/1.1" 200 89726 "-" "Mozilla/5.0 (compatible; MJ12bot/v1.4.8; http://mj12bot.com/)" "www.ysfine.com"
192.99.14.135 - - [08/Nov/2022:01:08:02 -0800] "GET /ysbio/kobak/sorae/church03.jpg HTTP/1.1" 200 132707 "-" "Mozilla/5.0 (compatible; MJ12bot/v1.4.8; http://mj12bot.com/)" "www.ysfine.com"
192.99.14.135 - - [08/Nov/2022:01:08:06 -0800] "GET /ysbio/kobak/sorae/church05.jpg HTTP/1.1" 200 210503 "-" "Mozilla/5.0 (compatible; MJ12bot/v1.4.8; http://mj12bot.com/)" "www.ysfine.com"
222.242.180.149 - - [08/Nov/2022:01:08:06 -0800] "GET /philo/marxmos02.jpg HTTP/1.1" 200 74082 "-" "Mozilla/5.0 (Macintosh; Intel Mac OS X 10_7_0) AppleWebKit/535.11 (KHTML, like Gecko) Chrome/17.0.963.56 Safari/535.11" "ysfine.com"
192.99.14.135 - - [08/Nov/2022:01:08:09 -0800] "GET /ysbio/kobak/sorae/church06.jpg HTTP/1.1" 200 171196 "-" "Mozilla/5.0 (compatible; MJ12bot/v1.4.8; http://mj12bot.com/)" "www.ysfine.com"
192.99.14.135 - - [08/Nov/2022:01:08:12 -0800] "GET /ysbio/kobak/sorae/church07.jpg HTTP/1.1" 200 188352 "-" "Mozilla/5.0 (compatible; MJ12bot/v1.4.8; http://mj12bot.com/)" "www.ysfine.com"
192.99.14.135 - - [08/Nov/2022:01:08:16 -0800] "GET /ysbio/kobak/stephens11.jpg HTTP/1.1" 200 144887 "-" "Mozilla/5.0 (compatible; MJ12bot/v1.4.8; http://mj12bot.com/)" "www.ysfine.com"
40.77.167.27 - - [08/Nov/2022:01:08:19 -0800] "GET /princeton/ias11b.jpg HTTP/1.1" 200 33974 "-" "Mozilla/5.0 AppleWebKit/537.36 (KHTML, like Gecko; compatible; bingbot/2.0; +http://www.bing.com/bingbot.htm) Chrome/103.0.5060.134 Safari/537.36" "ysfine.com"
192.99.14.135 - - [08/Nov/2022:01:08:20 -0800] "GET /ysbio/kobak/stephens22.pdf HTTP/1.1" 200 1083615 "-" "Mozilla/5.0 (compatible; MJ12bot/v1.4.8; http://mj12bot.com/)" "www.ysfine.com"
192.99.14.135 - - [08/Nov/2022:01:08:25 -0800] "GET /ysbio/kobak/underw02.jpg HTTP/1.1" 200 61728 "-" "Mozilla/5.0 (compatible; MJ12bot/v1.4.8; http://mj12bot.com/)" "www.ysfine.com"
192.99.14.135 - - [08/Nov/2022:01:08:30 -0800] "GET /ysbio/maga/histo/jfk61.jpg HTTP/1.1" 200 86451 "-" "Mozilla/5.0 (compatible; MJ12bot/v1.4.8; http://mj12bot.com/)" "www.ysfine.com"
192.99.14.135 - - [08/Nov/2022:01:08:35 -0800] "GET /ysbio/maga/phil/hegel10.jpg HTTP/1.1" 200 93341 "-" "Mozilla/5.0 (compatible; MJ12bot/v1.4.8; http://mj12bot.com/)" "www.ysfine.com"
192.99.14.135 - - [08/Nov/2022:01:08:38 -0800] "GET /ysbio/philo/einbohr11.jpg HTTP/1.1" 200 130513 "-" "Mozilla/5.0 (compatible; MJ12bot/v1.4.8; http://mj12bot.com/)" "www.ysfine.com"
192.99.14.135 - - [08/Nov/2022:01:08:42 -0800] "GET /ysbio/philo/einphoto.html HTTP/1.1" 404 88 "-" "Mozilla/5.0 (compatible; MJ12bot/v1.4.8; http://mj12bot.com/)" "www.ysfine.com"
192.99.14.135 - - [08/Nov/2022:01:08:46 -0800] "GET /ysbio/philo/toyo22.jpg HTTP/1.1" 200 142214 "-" "Mozilla/5.0 (compatible; MJ12bot/v1.4.8; http://mj12bot.com/)" "www.ysfine.com"
192.99.14.135 - - [08/Nov/2022:01:08:50 -0800] "GET /ysbio/style/proschan2.html HTTP/1.1" 404 88 "-" "Mozilla/5.0 (compatible; MJ12bot/v1.4.8; http://mj12bot.com/)" "www.ysfine.com"
192.99.14.135 - - [08/Nov/2022:01:08:54 -0800] "GET /ysbio/style/wilsonp.jpg HTTP/1.1" 404 88 "-" "Mozilla/5.0 (compatible; MJ12bot/v1.4.8; http://mj12bot.com/)" "www.ysfine.com"
192.99.14.135 - - [08/Nov/2022:01:08:59 -0800] "GET /ysbio/wigner/bieden01.jpg HTTP/1.1" 200 90110 "-" "Mozilla/5.0 (compatible; MJ12bot/v1.4.8; http://mj12bot.com/)" "www.ysfine.com"
59.58.19.183 - - [08/Nov/2022:01:09:04 -0800] "GET /philo/marxmos02.jpg HTTP/1.1" 200 74082 "-" "Mozilla/5.0 (Macintosh; Intel Mac OS X 10_7_0) AppleWebKit/535.11 (KHTML, like Gecko) Chrome/17.0.963.56 Safari/535.11" "ysfine.com"
192.99.14.135 - - [08/Nov/2022:01:09:04 -0800] "GET /ysbio/wigner/wigpoin.html HTTP/1.1" 404 88 "-" "Mozilla/5.0 (compatible; MJ12bot/v1.4.8; http://mj12bot.com/)" "www.ysfine.com"
192.99.14.135 - - [08/Nov/2022:01:09:09 -0800] "GET /ysbio/wisdom/happyend.html HTTP/1.1" 200 1088 "-" "Mozilla/5.0 (compatible; MJ12bot/v1.4.8; http://mj12bot.com/)" "www.ysfine.com"
192.99.14.135 - - [08/Nov/2022:01:09:12 -0800] "GET /ysbio/wisdom/koreisky.jpg HTTP/1.1" 200 119750 "-" "Mozilla/5.0 (compatible; MJ12bot/v1.4.8; http://mj12bot.com/)" "www.ysfine.com"
192.99.14.135 - - [08/Nov/2022:01:09:15 -0800] "GET /ysbio/wisdom/matthew.jpg HTTP/1.1" 200 86285 "-" "Mozilla/5.0 (compatible; MJ12bot/v1.4.8; http://mj12bot.com/)" "www.ysfine.com"
192.99.14.135 - - [08/Nov/2022:01:09:20 -0800] "GET /ysbio/world/japan/nara016.jpg HTTP/1.1" 200 131511 "-" "Mozilla/5.0 (compatible; MJ12bot/v1.4.8; http://mj12bot.com/)" "www.ysfine.com"
157.55.39.76 - - [08/Nov/2022:01:09:53 -0800] "GET /world/china/hongkong18.jpg HTTP/1.1" 200 82546 "-" "Mozilla/5.0 (compatible; bingbot/2.0; +http://www.bing.com/bingbot.htm)" "ysfine.com"
51.222.253.1 - - [08/Nov/2022:01:09:56 -0800] "GET /ysbio/wisdom/wkstorie.html HTTP/1.1" 200 954 "-" "Mozilla/5.0 (compatible; AhrefsBot/7.0; +http://ahrefs.com/robot/)" "ysfine.com"
40.77.167.71 - - [08/Nov/2022:01:10:14 -0800] "GET /world/france/pontdg12b.jpg HTTP/1.1" 200 31210 "-" "Mozilla/5.0 (compatible; bingbot/2.0; +http://www.bing.com/bingbot.htm)" "ysfine.com"
216.244.66.229 - - [08/Nov/2022:01:10:16 -0800] "GET /eink/index.html HTTP/1.1" 200 55799 "-" "Mozilla/5.0 (compatible; DotBot/1.2; +https://opensiteexplorer.org/dotbot; help@moz.com)" "ysfine.com"
222.122.190.95 - - [08/Nov/2022:01:10:18 -0800] "GET / HTTP/1.1" 200 15910 "-" "Mozilla/5.0 (Windows NT 10.0; ZumBot/1.0; Win64; x64) AppleWebKit/537.36 (KHTML, like Gecko) Chrome/79.0.3945.130 Safari/537.36" "ysfine.com"
222.122.190.95 - - [08/Nov/2022:01:10:19 -0800] "GET / HTTP/1.1" 200 15910 "-" "Mozilla/5.0 (Windows NT 10.0; ZumBot/1.0; Win64; x64) AppleWebKit/537.36 (KHTML, like Gecko) Chrome/79.0.3945.130 Safari/537.36" "ysfine.com"
40.77.167.68 - - [08/Nov/2022:01:10:29 -0800] "GET /bio/world/kazan.html HTTP/1.1" 404 88 "-" "Mozilla/5.0 AppleWebKit/537.36 (KHTML, like Gecko; compatible; bingbot/2.0; +http://www.bing.com/bingbot.htm) Chrome/103.0.5060.134 Safari/537.36" "ysfine.com"
216.244.66.229 - - [08/Nov/2022:01:10:31 -0800] "GET /kobak/soraech.html HTTP/1.1" 200 47540 "-" "Mozilla/5.0 (compatible; DotBot/1.2; +https://opensiteexplorer.org/dotbot; help@moz.com)" "ysfine.com"
216.244.66.229 - - [08/Nov/2022:01:10:35 -0800] "GET /maga/bohrkierk.html HTTP/1.1" 200 7492 "-" "Mozilla/5.0 (compatible; DotBot/1.2; +https://opensiteexplorer.org/dotbot; help@moz.com)" "ysfine.com"
157.55.39.65 - - [08/Nov/2022:01:10:37 -0800] "GET /wdc/washmo11.jpg HTTP/1.1" 200 58948 "-" "Mozilla/5.0 (compatible; bingbot/2.0; +http://www.bing.com/bingbot.htm)" "ysfine.com"
157.55.39.76 - - [08/Nov/2022:01:10:44 -0800] "GET /maga/phys/bohr22b.jpg HTTP/1.1" 200 31482 "-" "Mozilla/5.0 (compatible; bingbot/2.0; +http://www.bing.com/bingbot.htm)" "ysfine.com"
157.55.39.17 - - [08/Nov/2022:01:10:52 -0800] "GET /world/brit/picca09.jpg HTTP/1.1" 200 93958 "-" "Mozilla/5.0 AppleWebKit/537.36 (KHTML, like Gecko; compatible; bingbot/2.0; +http://www.bing.com/bingbot.htm) Chrome/103.0.5060.134 Safari/537.36" "ysfine.com"
157.55.39.17 - - [08/Nov/2022:01:10:53 -0800] "GET /world/brit/oxlon14.jpg HTTP/1.1" 200 136837 "-" "Mozilla/5.0 (compatible; bingbot/2.0; +http://www.bing.com/bingbot.htm)" "ysfine.com"
157.55.39.17 - - [08/Nov/2022:01:10:54 -0800] "GET /bio/einstein/bern.html HTTP/1.1" 404 88 "-" "Mozilla/5.0 AppleWebKit/537.36 (KHTML, like Gecko; compatible; bingbot/2.0; +http://www.bing.com/bingbot.htm) Chrome/103.0.5060.134 Safari/537.36" "ysfine.com"
40.77.167.71 - - [08/Nov/2022:01:11:24 -0800] "GET /world/poland/krk73.jpg HTTP/1.1" 200 71440 "-" "Mozilla/5.0 AppleWebKit/537.36 (KHTML, like Gecko; compatible; bingbot/2.0; +http://www.bing.com/bingbot.htm) Chrome/103.0.5060.134 Safari/537.36" "ysfine.com"
40.77.167.71 - - [08/Nov/2022:01:11:45 -0800] "GET /bio/feynman/feynbot.html HTTP/1.1" 404 88 "-" "Mozilla/5.0 AppleWebKit/537.36 (KHTML, like Gecko; compatible; bingbot/2.0; +http://www.bing.com/bingbot.htm) Chrome/103.0.5060.134 Safari/537.36" "ysfine.com"
103.131.71.174 - - [08/Nov/2022:01:12:05 -0800] "GET /robots.txt HTTP/1.1" 404 88 "-" "Mozilla/5.0 (compatible; coccocbot-web/1.0; +http://help.coccoc.com/searchengine)" "ysfine.com"
173.73.77.36 - - [08/Nov/2022:01:12:05 -0800] "GET /ysbio/audio22.wav HTTP/1.1" 304 - "https://ysfine.com/ysbio/bio10.html" "Mozilla/5.0 (Windows NT 10.0; Win64; x64) AppleWebKit/537.36 (KHTML, like Gecko) Chrome/107.0.0.0 Safari/537.36 Edg/107.0.1418.35" "ysfine.com"
173.73.77.36 - - [08/Nov/2022:01:12:06 -0800] "GET /ysbio/audio22.wav HTTP/1.1" 206 266459326 "https://ysfine.com/ysbio/audio22.wav" "Mozilla/5.0 (Windows NT 10.0; Win64; x64) AppleWebKit/537.36 (KHTML, like Gecko) Chrome/107.0.0.0 Safari/537.36 Edg/107.0.1418.35" "ysfine.com"
216.244.66.229 - - [08/Nov/2022:01:12:14 -0800] "GET /kobak/index.html HTTP/1.1" 200 186 "-" "Mozilla/5.0 (compatible; DotBot/1.2; +https://opensiteexplorer.org/dotbot; help@moz.com)" "ysfine.com"
103.131.71.96 - - [08/Nov/2022:01:12:26 -0800] "GET / HTTP/1.1" 304 - "-" "Mozilla/5.0 (compatible; coccocbot-web/1.0; +http://help.coccoc.com/searchengine)" "ysfine.com"
103.131.71.96 - - [08/Nov/2022:01:12:33 -0800] "GET /people/wheeler.html HTTP/1.1" 304 - "-" "Mozilla/5.0 (compatible; coccocbot-web/1.0; +http://help.coccoc.com/searchengine)" "ysfine.com"
61.147.15.67 - - [08/Nov/2022:01:12:35 -0800] "GET / HTTP/1.1" 200 5283 "-" "Dalvik/2.1.0 (Linux; U; Android 9.0; ZTE BA520 Build/MRA58K)" "www.ysfine.com"
40.77.167.68 - - [08/Nov/2022:01:12:39 -0800] "GET /world/ital/venice26.jpg HTTP/1.1" 200 212413 "-" "Mozilla/5.0 AppleWebKit/537.36 (KHTML, like Gecko; compatible; bingbot/2.0; +http://www.bing.com/bingbot.htm) Chrome/103.0.5060.134 Safari/537.36" "www.ysfine.com"
40.86.101.252 - - [08/Nov/2022:01:13:03 -0800] "GET /world/china/china037b.jpg HTTP/1.1" 200 50393 "https://ysfine.com/world/china" "Mozilla/5.0 (X11; Linux x86_64) AppleWebKit/537.36 (KHTML, like Gecko) Chrome/74.0.3729.169 Safari/537.36" "ysfine.com"
216.244.66.229 - - [08/Nov/2022:01:13:04 -0800] "GET /princeton/nasshall06.jpg HTTP/1.1" 200 145090 "-" "Mozilla/5.0 (compatible; DotBot/1.2; +https://opensiteexplorer.org/dotbot; help@moz.com)" "ysfine.com"
51.222.253.18 - - [08/Nov/2022:01:13:16 -0800] "GET /ysbio/philo/marx.html HTTP/1.1" 200 6465 "-" "Mozilla/5.0 (compatible; AhrefsBot/7.0; +http://ahrefs.com/robot/)" "ysfine.com"
61.147.15.65 - - [08/Nov/2022:01:13:53 -0800] "GET /favicon.ico HTTP/1.1" 404 88 "-" "Dalvik/2.1.0 (Linux; U; Android 9.0; ZTE BA520 Build/MRA58K)" "www.ysfine.com"
13.67.224.14 - - [08/Nov/2022:01:14:11 -0800] "GET /world/poland/gdn07b.jpg HTTP/1.1" 200 37474 "https://www.ysfine.com/world/poland" "Mozilla/5.0 (Macintosh; Intel Mac OS X 10_11_6) AppleWebKit/605.1.15 (KHTML, like Gecko) Version/11.1.2 Safari/605.1.15" "www.ysfine.com"
157.55.39.65 - - [08/Nov/2022:01:14:27 -0800] "GET /maga/phil/trinity01.jpg HTTP/1.1" 200 111374 "-" "Mozilla/5.0 AppleWebKit/537.36 (KHTML, like Gecko; compatible; bingbot/2.0; +http://www.bing.com/bingbot.htm) Chrome/103.0.5060.134 Safari/537.36" "www.ysfine.com"
157.55.39.17 - - [08/Nov/2022:01:14:32 -0800] "GET /einstein/dff33b.jpg HTTP/1.1" 200 22692 "-" "Mozilla/5.0 AppleWebKit/537.36 (KHTML, like Gecko; compatible; bingbot/2.0; +http://www.bing.com/bingbot.htm) Chrome/103.0.5060.134 Safari/537.36" "www.ysfine.com"
40.77.167.27 - - [08/Nov/2022:01:14:42 -0800] "GET /einstein/places/einmu16.jpg HTTP/1.1" 200 68273 "-" "Mozilla/5.0 (compatible; bingbot/2.0; +http://www.bing.com/bingbot.htm)" "ysfine.com"
157.55.39.65 - - [08/Nov/2022:01:14:47 -0800] "GET /wigner/tep.jpg HTTP/1.1" 200 58796 "-" "Mozilla/5.0 (compatible; bingbot/2.0; +http://www.bing.com/bingbot.htm)" "ysfine.com"
13.67.228.136 - - [08/Nov/2022:01:14:52 -0800] "GET /eink/berlinmus05c.jpg HTTP/1.1" 200 33956 "https://ysfine.com/eink" "Mozilla/5.0 (iPhone; CPU iPhone OS 13_5_1 like Mac OS X) AppleWebKit/605.1.15 (KHTML, like Gecko) Version/13.1.1 Mobile/15E148 Safari/604.1" "ysfine.com"
157.55.39.17 - - [08/Nov/2022:01:15:12 -0800] "GET /ysbio/yspapers/stg.pdf HTTP/1.1" 200 97437 "-" "Mozilla/5.0 AppleWebKit/537.36 (KHTML, like Gecko; compatible; bingbot/2.0; +http://www.bing.com/bingbot.htm) Chrome/103.0.5060.134 Safari/537.36" "ysfine.com"
157.55.39.17 - - [08/Nov/2022:01:15:13 -0800] "GET /style/flamen2.jpg HTTP/1.1" 200 46908 "-" "Mozilla/5.0 AppleWebKit/537.36 (KHTML, like Gecko; compatible; bingbot/2.0; +http://www.bing.com/bingbot.htm) Chrome/103.0.5060.134 Safari/537.36" "ysfine.com"
157.55.39.76 - - [08/Nov/2022:01:15:35 -0800] "GET /world/brit/harrow01.jpg HTTP/1.1" 200 116031 "-" "Mozilla/5.0 AppleWebKit/537.36 (KHTML, like Gecko; compatible; bingbot/2.0; +http://www.bing.com/bingbot.htm) Chrome/103.0.5060.134 Safari/537.36" "www.ysfine.com"
61.147.15.65 - - [08/Nov/2022:01:15:39 -0800] "GET / HTTP/1.1" 200 5283 "-" "Mozilla/5.0 (Windows; U; Windows NT 5.1; en-US; rv:1.9a1) Gecko/20060323 Firefox/1.6a1" "www.ysfine.com"
61.147.15.67 - - [08/Nov/2022:01:16:25 -0800] "GET / HTTP/1.1" 200 5283 "-" "Mozilla/5.0 (Macintosh; Intel Mac OS X 10_11) AppleWebKit/601.1.27 (KHTML, like Gecko) Chrome/47.0.2526.106 Safari/601.1.27" "www.ysfine.com"
17.121.115.162 - - [08/Nov/2022:01:16:31 -0800] "GET /robots.txt HTTP/1.1" 404 88 "-" "Mozilla/5.0 (Macintosh; Intel Mac OS X 10_15_5) AppleWebKit/605.1.15 (KHTML, like Gecko) Version/13.1.1 Safari/605.1.15 (Applebot/0.1; +http://www.apple.com/go/applebot)" "ysfine.com"
17.121.115.162 - - [08/Nov/2022:01:16:32 -0800] "GET /houses/myhouse.html HTTP/1.1" 200 1473 "-" "Mozilla/5.0 (Macintosh; Intel Mac OS X 10_15_5) AppleWebKit/605.1.15 (KHTML, like Gecko) Version/13.1.1 Safari/605.1.15 (Applebot/0.1; +http://www.apple.com/go/applebot)" "ysfine.com"
51.222.253.9 - - [08/Nov/2022:01:16:46 -0800] "GET /ysbio/einstein/quantu11.html HTTP/1.1" 200 2586 "-" "Mozilla/5.0 (compatible; AhrefsBot/7.0; +http://ahrefs.com/robot/)" "ysfine.com"
173.73.77.36 - - [08/Nov/2022:01:16:52 -0800] "GET /ysbio/bio10.html HTTP/1.1" 200 4230 "https://ysfine.com/ys11/" "Mozilla/5.0 (Windows NT 10.0; Win64; x64) AppleWebKit/537.36 (KHTML, like Gecko) Chrome/107.0.0.0 Safari/537.36 Edg/107.0.1418.35" "ysfine.com"
157.55.39.76 - - [08/Nov/2022:01:17:03 -0800] "GET /world/russ/minsk071.jpg HTTP/1.1" 200 67490 "-" "Mozilla/5.0 AppleWebKit/537.36 (KHTML, like Gecko; compatible; bingbot/2.0; +http://www.bing.com/bingbot.htm) Chrome/103.0.5060.134 Safari/537.36" "ysfine.com"
173.73.77.36 - - [08/Nov/2022:01:17:07 -0800] "GET /ysbio/awards/iao.html HTTP/1.1" 200 2718 "https://ysfine.com/ysbio/awards/index.html" "Mozilla/5.0 (Windows NT 10.0; Win64; x64) AppleWebKit/537.36 (KHTML, like Gecko) Chrome/107.0.0.0 Safari/537.36 Edg/107.0.1418.35" "ysfine.com"
173.73.77.36 - - [08/Nov/2022:01:17:07 -0800] "GET /ysbio/timessq33d.jpg HTTP/1.1" 200 69824 "https://ysfine.com/ysbio/awards/iao.html" "Mozilla/5.0 (Windows NT 10.0; Win64; x64) AppleWebKit/537.36 (KHTML, like Gecko) Chrome/107.0.0.0 Safari/537.36 Edg/107.0.1418.35" "ysfine.com"
173.73.77.36 - - [08/Nov/2022:01:17:24 -0800] "GET /ysbio/einstein/einbohr.html HTTP/1.1" 200 6142 "https://ysfine.com/ysbio/awards/iao.html" "Mozilla/5.0 (Windows NT 10.0; Win64; x64) AppleWebKit/537.36 (KHTML, like Gecko) Chrome/107.0.0.0 Safari/537.36 Edg/107.0.1418.35" "ysfine.com"
173.73.77.36 - - [08/Nov/2022:01:17:24 -0800] "GET /ysbio/world/scandi/nbi02b.jpg HTTP/1.1" 200 39350 "https://ysfine.com/ysbio/einstein/einbohr.html" "Mozilla/5.0 (Windows NT 10.0; Win64; x64) AppleWebKit/537.36 (KHTML, like Gecko) Chrome/107.0.0.0 Safari/537.36 Edg/107.0.1418.35" "ysfine.com"
173.73.77.36 - - [08/Nov/2022:01:17:24 -0800] "GET /ysbio/ffriends/danstu22b.jpg HTTP/1.1" 404 88 "https://ysfine.com/ysbio/einstein/einbohr.html" "Mozilla/5.0 (Windows NT 10.0; Win64; x64) AppleWebKit/537.36 (KHTML, like Gecko) Chrome/107.0.0.0 Safari/537.36 Edg/107.0.1418.35" "ysfine.com"
173.73.77.36 - - [08/Nov/2022:01:17:24 -0800] "GET /ysbio/dirac/diracqm33b.jpg HTTP/1.1" 200 44237 "https://ysfine.com/ysbio/einstein/einbohr.html" "Mozilla/5.0 (Windows NT 10.0; Win64; x64) AppleWebKit/537.36 (KHTML, like Gecko) Chrome/107.0.0.0 Safari/537.36 Edg/107.0.1418.35" "ysfine.com"
173.73.77.36 - - [08/Nov/2022:01:17:24 -0800] "GET /ysbio/einstein/einbohr33b.jpg HTTP/1.1" 200 42636 "https://ysfine.com/ysbio/einstein/einbohr.html" "Mozilla/5.0 (Windows NT 10.0; Win64; x64) AppleWebKit/537.36 (KHTML, like Gecko) Chrome/107.0.0.0 Safari/537.36 Edg/107.0.1418.35" "ysfine.com"
173.73.77.36 - - [08/Nov/2022:01:17:24 -0800] "GET /ysbio/dirac/sq66b.jpg HTTP/1.1" 200 22242 "https://ysfine.com/ysbio/einstein/einbohr.html" "Mozilla/5.0 (Windows NT 10.0; Win64; x64) AppleWebKit/537.36 (KHTML, like Gecko) Chrome/107.0.0.0 Safari/537.36 Edg/107.0.1418.35" "ysfine.com"
173.73.77.36 - - [08/Nov/2022:01:17:24 -0800] "GET /ysbio/feynman/feygell66b.jpg HTTP/1.1" 200 28843 "https://ysfine.com/ysbio/einstein/einbohr.html" "Mozilla/5.0 (Windows NT 10.0; Win64; x64) AppleWebKit/537.36 (KHTML, like Gecko) Chrome/107.0.0.0 Safari/537.36 Edg/107.0.1418.35" "ysfine.com"
173.73.77.36 - - [08/Nov/2022:01:17:24 -0800] "GET /ysbio/dirac/sq73b.jpg HTTP/1.1" 200 49918 "https://ysfine.com/ysbio/einstein/einbohr.html" "Mozilla/5.0 (Windows NT 10.0; Win64; x64) AppleWebKit/537.36 (KHTML, like Gecko) Chrome/107.0.0.0 Safari/537.36 Edg/107.0.1418.35" "ysfine.com"
173.73.77.36 - - [08/Nov/2022:01:17:24 -0800] "GET /ysbio/einstein/jsbell01b.jpg HTTP/1.1" 200 33090 "https://ysfine.com/ysbio/einstein/einbohr.html" "Mozilla/5.0 (Windows NT 10.0; Win64; x64) AppleWebKit/537.36 (KHTML, like Gecko) Chrome/107.0.0.0 Safari/537.36 Edg/107.0.1418.35" "ysfine.com"
173.73.77.36 - - [08/Nov/2022:01:17:24 -0800] "GET /ysbio/maga/phys/bohr05b.jpg HTTP/1.1" 200 33923 "https://ysfine.com/ysbio/einstein/einbohr.html" "Mozilla/5.0 (Windows NT 10.0; Win64; x64) AppleWebKit/537.36 (KHTML, like Gecko) Chrome/107.0.0.0 Safari/537.36 Edg/107.0.1418.35" "ysfine.com"
173.73.77.36 - - [08/Nov/2022:01:17:24 -0800] "GET /ysbio/world/scandi/nbi33b.jpg HTTP/1.1" 200 39400 "https://ysfine.com/ysbio/einstein/einbohr.html" "Mozilla/5.0 (Windows NT 10.0; Win64; x64) AppleWebKit/537.36 (KHTML, like Gecko) Chrome/107.0.0.0 Safari/537.36 Edg/107.0.1418.35" "ysfine.com"
173.73.77.36 - - [08/Nov/2022:01:17:24 -0800] "GET /ysbio/feynman/feydirac270.jpg HTTP/1.1" 200 59000 "https://ysfine.com/ysbio/einstein/einbohr.html" "Mozilla/5.0 (Windows NT 10.0; Win64; x64) AppleWebKit/537.36 (KHTML, like Gecko) Chrome/107.0.0.0 Safari/537.36 Edg/107.0.1418.35" "ysfine.com"
173.73.77.36 - - [08/Nov/2022:01:17:24 -0800] "GET /ysbio/world/scandi/nbi06b.jpg HTTP/1.1" 200 45656 "https://ysfine.com/ysbio/einstein/einbohr.html" "Mozilla/5.0 (Windows NT 10.0; Win64; x64) AppleWebKit/537.36 (KHTML, like Gecko) Chrome/107.0.0.0 Safari/537.36 Edg/107.0.1418.35" "ysfine.com"
173.73.77.36 - - [08/Nov/2022:01:17:24 -0800] "GET /ysbio/world/scandi/nbi09b.jpg HTTP/1.1" 200 57684 "https://ysfine.com/ysbio/einstein/einbohr.html" "Mozilla/5.0 (Windows NT 10.0; Win64; x64) AppleWebKit/537.36 (KHTML, like Gecko) Chrome/107.0.0.0 Safari/537.36 Edg/107.0.1418.35" "ysfine.com"
173.73.77.36 - - [08/Nov/2022:01:17:24 -0800] "GET /ysbio/world/scandi/copenf03b.jpg HTTP/1.1" 200 48862 "https://ysfine.com/ysbio/einstein/einbohr.html" "Mozilla/5.0 (Windows NT 10.0; Win64; x64) AppleWebKit/537.36 (KHTML, like Gecko) Chrome/107.0.0.0 Safari/537.36 Edg/107.0.1418.35" "ysfine.com"
20.109.241.97 - - [08/Nov/2022:01:17:29 -0800] "GET /dongio/twosis11.jpg HTTP/1.1" 404 88 "https://ysfine.com/dongio" "Mozilla/5.0 (X11; Linux x86_64) AppleWebKit/537.36 (KHTML, like Gecko) Chrome/74.0.3729.169 Safari/537.36" "ysfine.com"
173.73.77.36 - - [08/Nov/2022:01:17:37 -0800] "GET /ysbio/awards/audio22.wav HTTP/1.1" 200 273581056 "https://ysfine.com/ysbio/awards/iao.html" "Mozilla/5.0 (Windows NT 10.0; Win64; x64) AppleWebKit/537.36 (KHTML, like Gecko) Chrome/107.0.0.0 Safari/537.36 Edg/107.0.1418.35" "ysfine.com"
173.73.77.36 - - [08/Nov/2022:01:17:37 -0800] "GET /ysbio/awards/audio22.wav HTTP/1.1" 206 273581056 "https://ysfine.com/ysbio/awards/audio22.wav" "Mozilla/5.0 (Windows NT 10.0; Win64; x64) AppleWebKit/537.36 (KHTML, like Gecko) Chrome/107.0.0.0 Safari/537.36 Edg/107.0.1418.35" "ysfine.com"
61.147.15.65 - - [08/Nov/2022:01:17:47 -0800] "GET /favicon.ico HTTP/1.1" 404 88 "-" "Dalvik/2.1.0 (Linux; U; Android 9.0; ZTE BA520 Build/MRA58K)" "www.ysfine.com"
173.73.77.36 - - [08/Nov/2022:01:17:53 -0800] "GET /ysbio/eink/mose.html HTTP/1.1" 200 14315 "https://ysfine.com/ysbio/awards/iao.html" "Mozilla/5.0 (Windows NT 10.0; Win64; x64) AppleWebKit/537.36 (KHTML, like Gecko) Chrome/107.0.0.0 Safari/537.36 Edg/107.0.1418.35" "ysfine.com"
173.73.77.36 - - [08/Nov/2022:01:17:53 -0800] "GET /ysbio/home/facu450.jpg HTTP/1.1" 404 88 "https://ysfine.com/ysbio/eink/mose.html" "Mozilla/5.0 (Windows NT 10.0; Win64; x64) AppleWebKit/537.36 (KHTML, like Gecko) Chrome/107.0.0.0 Safari/537.36 Edg/107.0.1418.35" "ysfine.com"
173.73.77.36 - - [08/Nov/2022:01:17:59 -0800] "GET /ysbio/ffriends/danstu22b.jpg HTTP/1.1" 404 88 "https://ysfine.com/ysbio/einstein/einbohr.html" "Mozilla/5.0 (Windows NT 10.0; Win64; x64) AppleWebKit/537.36 (KHTML, like Gecko) Chrome/107.0.0.0 Safari/537.36 Edg/107.0.1418.35" "ysfine.com"
20.109.241.80 - - [08/Nov/2022:01:18:21 -0800] "GET /kowar/tojo01b.jpg HTTP/1.1" 200 55959 "https://ysfine.com/kowar" "Mozilla/5.0 (Macintosh; Intel Mac OS X 10_11_6) AppleWebKit/605.1.15 (KHTML, like Gecko) Version/11.1.2 Safari/605.1.15" "ysfine.com"
123.183.224.88 - - [08/Nov/2022:01:18:38 -0800] "GET / HTTP/1.1" 200 5283 "-" "Sogou web spider/4.0(+http://www.sogou.com/docs/help/webmasters.htm#07)" "www.ysfine.com"
20.106.27.173 - - [08/Nov/2022:01:18:54 -0800] "GET /princeton/nassinf01b.jpg HTTP/1.1" 200 45562 "http://ysfine.com/princeton" "Mozilla/5.0 (X11; Linux x86_64) AppleWebKit/537.36 (KHTML, like Gecko) Chrome/74.0.3729.169 Safari/537.36" "ysfine.com"
61.147.15.67 - - [08/Nov/2022:01:18:57 -0800] "GET / HTTP/1.1" 200 5283 "-" "Mozilla/5.0 (Macintosh; Intel Mac OS X 10_11) AppleWebKit/601.1.27 (KHTML, like Gecko) Chrome/47.0.2526.106 Safari/601.1.27" "www.ysfine.com"
40.86.101.252 - - [08/Nov/2022:01:19:05 -0800] "GET /yspapers/hosc2by2c.jpg HTTP/1.1" 200 34523 "https://ysfine.com/yspapers" "Mozilla/5.0 (Windows NT 10.0; Win64; x64) AppleWebKit/537.36 (KHTML, like Gecko) Chrome/74.0.3729.157 Safari/537.36" "ysfine.com"
173.73.77.36 - - [08/Nov/2022:01:19:27 -0800] "GET /ysbio/awards/audio22.wav HTTP/1.1" 304 - "https://ysfine.com/ysbio/awards/iao.html" "Mozilla/5.0 (Windows NT 10.0; Win64; x64) AppleWebKit/537.36 (KHTML, like Gecko) Chrome/107.0.0.0 Safari/537.36 Edg/107.0.1418.35" "ysfine.com"
40.77.167.27 - - [08/Nov/2022:01:19:32 -0800] "GET /home/comet01.jpg HTTP/1.1" 200 89790 "-" "Mozilla/5.0 AppleWebKit/537.36 (KHTML, like Gecko; compatible; bingbot/2.0; +http://www.bing.com/bingbot.htm) Chrome/103.0.5060.134 Safari/537.36" "www.ysfine.com"
40.77.167.68 - - [08/Nov/2022:01:20:09 -0800] "GET /usca/pitt/steelm01.jpg HTTP/1.1" 200 36650 "-" "Mozilla/5.0 (compatible; bingbot/2.0; +http://www.bing.com/bingbot.htm)" "www.ysfine.com"
51.222.253.16 - - [08/Nov/2022:01:20:09 -0800] "GET /ysbio/wisdom/kwk.html HTTP/1.1" 200 5252 "-" "Mozilla/5.0 (compatible; AhrefsBot/7.0; +http://ahrefs.com/robot/)" "ysfine.com"
216.244.66.229 - - [08/Nov/2022:01:20:10 -0800] "GET /world/baltic/kalin08.jpg HTTP/1.1" 200 122454 "-" "Mozilla/5.0 (compatible; DotBot/1.2; +https://opensiteexplorer.org/dotbot; help@moz.com)" "ysfine.com"
216.244.66.229 - - [08/Nov/2022:01:20:32 -0800] "GET /world/baltic/kalinstamp.jpg HTTP/1.1" 200 104263 "-" "Mozilla/5.0 (compatible; DotBot/1.2; +https://opensiteexplorer.org/dotbot; help@moz.com)" "ysfine.com"
173.73.77.36 - - [08/Nov/2022:01:20:58 -0800] "GET /ysbio/awards/marq.html HTTP/1.1" 304 - "https://ysfine.com/ysbio/awards/index.html" "Mozilla/5.0 (Windows NT 10.0; Win64; x64) AppleWebKit/537.36 (KHTML, like Gecko) Chrome/107.0.0.0 Safari/537.36 Edg/107.0.1418.35" "ysfine.com"
216.244.66.229 - - [08/Nov/2022:01:21:03 -0800] "GET /world/baltic/lithu05.jpg HTTP/1.1" 200 56056 "-" "Mozilla/5.0 (compatible; DotBot/1.2; +https://opensiteexplorer.org/dotbot; help@moz.com)" "ysfine.com"
216.244.66.229 - - [08/Nov/2022:01:21:30 -0800] "GET /world/ital/coloss08.jpg HTTP/1.1" 200 140570 "-" "Mozilla/5.0 (compatible; DotBot/1.2; +https://opensiteexplorer.org/dotbot; help@moz.com)" "ysfine.com"
40.77.167.27 - - [08/Nov/2022:01:21:41 -0800] "GET /usca/pitt/sbk57b.jpg HTTP/1.1" 200 29223 "-" "Mozilla/5.0 AppleWebKit/537.36 (KHTML, like Gecko; compatible; bingbot/2.0; +http://www.bing.com/bingbot.htm) Chrome/103.0.5060.134 Safari/537.36" "www.ysfine.com"
62.243.162.35 - - [08/Nov/2022:01:22:06 -0800] "GET /einstein/places/einha05.jpg HTTP/1.1" 200 138021 "https://www.google.com/" "Mozilla/5.0 (Windows NT 10.0; Win64; x64) AppleWebKit/537.36 (KHTML, like Gecko) Chrome/105.0.0.0 Safari/537.36" "ysfine.com"
216.244.66.229 - - [08/Nov/2022:01:22:20 -0800] "GET /world/ital/padova18.jpg HTTP/1.1" 200 104440 "-" "Mozilla/5.0 (compatible; DotBot/1.2; +https://opensiteexplorer.org/dotbot; help@moz.com)" "ysfine.com"
173.73.77.36 - - [08/Nov/2022:01:22:28 -0800] "GET /ysbio/world/france/pontdg05.jpg HTTP/1.1" 200 91495 "https://ysfine.com/ysbio/bio10.html" "Mozilla/5.0 (Windows NT 10.0; Win64; x64) AppleWebKit/537.36 (KHTML, like Gecko) Chrome/107.0.0.0 Safari/537.36" "ysfine.com"
173.73.77.36 - - [08/Nov/2022:01:22:48 -0800] "GET /ysbio/marq.html HTTP/1.1" 404 88 "https://ysfine.com/ysbio/bio10.html" "Mozilla/5.0 (Windows NT 10.0; Win64; x64) AppleWebKit/537.36 (KHTML, like Gecko) Chrome/107.0.0.0 Safari/537.36" "ysfine.com"
157.55.39.17 - - [08/Nov/2022:01:22:53 -0800] "GET /maga/phys/weylfig03.jpg HTTP/1.1" 200 96064 "-" "Mozilla/5.0 AppleWebKit/537.36 (KHTML, like Gecko; compatible; bingbot/2.0; +http://www.bing.com/bingbot.htm) Chrome/103.0.5060.134 Safari/537.36" "ysfine.com"
40.77.167.71 - - [08/Nov/2022:01:22:54 -0800] "GET /philo/dirwig11.jpg HTTP/1.1" 200 32364 "-" "Mozilla/5.0 AppleWebKit/537.36 (KHTML, like Gecko; compatible; bingbot/2.0; +http://www.bing.com/bingbot.htm) Chrome/103.0.5060.134 Safari/537.36" "www.ysfine.com"
216.244.66.229 - - [08/Nov/2022:01:22:55 -0800] "GET /world/ital/rome171.jpg HTTP/1.1" 200 113050 "-" "Mozilla/5.0 (compatible; DotBot/1.2; +https://opensiteexplorer.org/dotbot; help@moz.com)" "ysfine.com"
157.55.39.17 - - [08/Nov/2022:01:23:23 -0800] "GET /yspapers/evol77c.jpg HTTP/1.1" 200 52015 "-" "Mozilla/5.0 (compatible; bingbot/2.0; +http://www.bing.com/bingbot.htm)" "ysfine.com"
51.222.253.6 - - [08/Nov/2022:01:23:41 -0800] "GET /remote/wigner111/frame18.html HTTP/1.1" 200 1033 "-" "Mozilla/5.0 (compatible; AhrefsBot/7.0; +http://ahrefs.com/robot/)" "www.ysfine.com"
216.244.66.229 - - [08/Nov/2022:01:23:45 -0800] "GET /world/ital/venice07.jpg HTTP/1.1" 200 210747 "-" "Mozilla/5.0 (compatible; DotBot/1.2; +https://opensiteexplorer.org/dotbot; help@moz.com)" "ysfine.com"
40.77.167.27 - - [08/Nov/2022:01:23:52 -0800] "GET /style/kirovken22b.jpg HTTP/1.1" 200 36856 "-" "Mozilla/5.0 (compatible; bingbot/2.0; +http://www.bing.com/bingbot.htm)" "ysfine.com"
216.244.66.229 - - [08/Nov/2022:01:24:35 -0800] "GET /world/ital/venice47.jpg HTTP/1.1" 200 179583 "-" "Mozilla/5.0 (compatible; DotBot/1.2; +https://opensiteexplorer.org/dotbot; help@moz.com)" "ysfine.com"
173.73.77.36 - - [08/Nov/2022:01:24:37 -0800] "GET /ysbio/awards/marq.html HTTP/1.1" 304 - "https://ysfine.com/ysbio/awards/index.html" "Mozilla/5.0 (Windows NT 10.0; Win64; x64) AppleWebKit/537.36 (KHTML, like Gecko) Chrome/107.0.0.0 Safari/537.36 Edg/107.0.1418.35" "ysfine.com"
40.77.167.71 - - [08/Nov/2022:01:25:14 -0800] "GET /world/brit/sebiro07.jpg HTTP/1.1" 200 121875 "-" "Mozilla/5.0 AppleWebKit/537.36 (KHTML, like Gecko; compatible; bingbot/2.0; +http://www.bing.com/bingbot.htm) Chrome/103.0.5060.134 Safari/537.36" "ysfine.com"
173.73.77.36 - - [08/Nov/2022:01:25:25 -0800] "GET /ysbio/marq.html HTTP/1.1" 404 88 "https://ysfine.com/ysbio/bio10.html" "Mozilla/5.0 (Windows NT 10.0; Win64; x64) AppleWebKit/537.36 (KHTML, like Gecko) Chrome/107.0.0.0 Safari/537.36" "ysfine.com"
216.244.66.229 - - [08/Nov/2022:01:25:26 -0800] "GET /world/ital/venice63.jpg HTTP/1.1" 200 171787 "-" "Mozilla/5.0 (compatible; DotBot/1.2; +https://opensiteexplorer.org/dotbot; help@moz.com)" "ysfine.com"
40.77.167.68 - - [08/Nov/2022:01:25:49 -0800] "GET /bio/eink/buythisbook.html HTTP/1.1" 404 88 "-" "Mozilla/5.0 AppleWebKit/537.36 (KHTML, like Gecko; compatible; bingbot/2.0; +http://www.bing.com/bingbot.htm) Chrome/103.0.5060.134 Safari/537.36" "ysfine.com"
40.77.167.68 - - [08/Nov/2022:01:25:49 -0800] "GET /world/baltic/riga56b.jpg HTTP/1.1" 200 29485 "-" "Mozilla/5.0 AppleWebKit/537.36 (KHTML, like Gecko; compatible; bingbot/2.0; +http://www.bing.com/bingbot.htm) Chrome/103.0.5060.134 Safari/537.36" "ysfine.com"
40.77.167.68 - - [08/Nov/2022:01:25:50 -0800] "GET /wigner/bloom.jpg HTTP/1.1" 200 92190 "-" "Mozilla/5.0 AppleWebKit/537.36 (KHTML, like Gecko; compatible; bingbot/2.0; +http://www.bing.com/bingbot.htm) Chrome/103.0.5060.134 Safari/537.36" "ysfine.com"
216.244.66.229 - - [08/Nov/2022:01:26:16 -0800] "GET /world/russ/minsk144.jpg HTTP/1.1" 200 108906 "-" "Mozilla/5.0 (compatible; DotBot/1.2; +https://opensiteexplorer.org/dotbot; help@moz.com)" "ysfine.com"
20.106.28.18 - - [08/Nov/2022:01:26:39 -0800] "GET /wigner/neum/archurch.jpg HTTP/1.1" 200 99588 "https://ysfine.com/wigner/neum" "Mozilla/5.0 (X11; Linux x86_64) AppleWebKit/537.36 (KHTML, like Gecko) Chrome/74.0.3729.169 Safari/537.36" "ysfine.com"
51.222.253.13 - - [08/Nov/2022:01:26:58 -0800] "GET /style/chopingr.html HTTP/1.1" 200 364 "-" "Mozilla/5.0 (compatible; AhrefsBot/7.0; +http://ahrefs.com/robot/)" "www.ysfine.com"
173.73.77.36 - - [08/Nov/2022:01:27:19 -0800] "GET /favicon.ico HTTP/1.1" 404 88 "https://ysfine.com/ys11/" "Mozilla/5.0 (Windows NT 10.0; Win64; x64) AppleWebKit/537.36 (KHTML, like Gecko) Chrome/107.0.0.0 Safari/537.36 Edg/107.0.1418.35" "ysfine.com"
173.73.77.36 - - [08/Nov/2022:01:27:21 -0800] "GET /ysbio/bio10.html HTTP/1.1" 304 - "https://ysfine.com/ys11/" "Mozilla/5.0 (Windows NT 10.0; Win64; x64) AppleWebKit/537.36 (KHTML, like Gecko) Chrome/107.0.0.0 Safari/537.36 Edg/107.0.1418.35" "ysfine.com"
40.77.167.27 - - [08/Nov/2022:01:27:26 -0800] "GET /bio/bostein.html HTTP/1.1" 404 88 "-" "Mozilla/5.0 AppleWebKit/537.36 (KHTML, like Gecko; compatible; bingbot/2.0; +http://www.bing.com/bingbot.htm) Chrome/103.0.5060.134 Safari/537.36" "ysfine.com"
157.55.39.17 - - [08/Nov/2022:01:27:44 -0800] "GET /world/ital/pisa2.jpg HTTP/1.1" 200 37000 "-" "Mozilla/5.0 (compatible; bingbot/2.0; +http://www.bing.com/bingbot.htm)" "ysfine.com"
173.73.77.36 - - [08/Nov/2022:01:27:46 -0800] "GET /ysbio/marq.html HTTP/1.1" 404 88 "https://ysfine.com/ysbio/bio10.html" "Mozilla/5.0 (Windows NT 10.0; Win64; x64) AppleWebKit/537.36 (KHTML, like Gecko) Chrome/107.0.0.0 Safari/537.36" "ysfine.com"
40.122.230.190 - - [08/Nov/2022:01:28:03 -0800] "GET /wigner/wighome11b.jpg HTTP/1.1" 200 48701 "https://ysfine.com/wigner" "Mozilla/5.0 (X11; Linux x86_64) AppleWebKit/537.36 (KHTML, like Gecko) Chrome/74.0.3729.169 Safari/537.36" "ysfine.com"
40.77.167.71 - - [08/Nov/2022:01:28:05 -0800] "GET /dirac/coupo02c.jpg HTTP/1.1" 200 37786 "-" "Mozilla/5.0 (compatible; bingbot/2.0; +http://www.bing.com/bingbot.htm)" "ysfine.com"
17.121.115.44 - - [08/Nov/2022:01:28:37 -0800] "GET /einstein/ulm.html HTTP/1.1" 200 6713 "-" "Mozilla/5.0 (Macintosh; Intel Mac OS X 10_15_5) AppleWebKit/605.1.15 (KHTML, like Gecko) Version/13.1.1 Safari/605.1.15 (Applebot/0.1; +http://www.apple.com/go/applebot)" "ysfine.com"
173.73.77.36 - - [08/Nov/2022:01:28:48 -0800] "GET /ysbio/bio10.html HTTP/1.1" 200 4230 "https://ysfine.com/ys11/" "Mozilla/5.0 (Windows NT 10.0; Win64; x64) AppleWebKit/537.36 (KHTML, like Gecko) Chrome/107.0.0.0 Safari/537.36 Edg/107.0.1418.35" "ysfine.com"
173.73.77.36 - - [08/Nov/2022:01:28:59 -0800] "GET /ysbio/awards/marq.html HTTP/1.1" 304 - "https://ysfine.com/ysbio/bio10.html" "Mozilla/5.0 (Windows NT 10.0; Win64; x64) AppleWebKit/537.36 (KHTML, like Gecko) Chrome/107.0.0.0 Safari/537.36 Edg/107.0.1418.35" "ysfine.com"
40.77.167.27 - - [08/Nov/2022:01:29:01 -0800] "GET /world/balkan/istan050.jpg HTTP/1.1" 200 82677 "-" "Mozilla/5.0 (compatible; bingbot/2.0; +http://www.bing.com/bingbot.htm)" "ysfine.com"
151.18.196.129 - - [08/Nov/2022:01:29:06 -0800] "GET /kowar/panmun04.jpg HTTP/1.1" 200 126386 "https://www.google.com/" "Mozilla/5.0 (Linux; Android 11; moto g(10)) AppleWebKit/537.36 (KHTML, like Gecko) Chrome/107.0.0.0 Mobile Safari/537.36" "ysfine.com"
20.109.241.80 - - [08/Nov/2022:01:29:19 -0800] "GET /world/ital/flor052b.jpg HTTP/1.1" 200 39037 "http://ysfine.com/world/ital" "Mozilla/5.0 (iPhone; CPU iPhone OS 13_5_1 like Mac OS X) AppleWebKit/605.1.15 (KHTML, like Gecko) Version/13.1.1 Mobile/15E148 Safari/604.1" "ysfine.com"
40.77.51.84 - - [08/Nov/2022:01:30:08 -0800] "GET /princeton/pros06.jpg HTTP/1.1" 200 76933 "https://ysfine.com/princeton" "Mozilla/5.0 (iPhone; CPU iPhone OS 13_5_1 like Mac OS X) AppleWebKit/605.1.15 (KHTML, like Gecko) Version/13.1.1 Mobile/15E148 Safari/604.1" "ysfine.com"
51.222.253.1 - - [08/Nov/2022:01:30:34 -0800] "GET /ysbio/wigner/yswig.html HTTP/1.1" 200 7067 "-" "Mozilla/5.0 (compatible; AhrefsBot/7.0; +http://ahrefs.com/robot/)" "ysfine.com"
13.67.224.14 - - [08/Nov/2022:01:30:40 -0800] "GET /wisdom/palman22b.jpg HTTP/1.1" 200 57611 "https://ysfine.com/wisdom" "Mozilla/5.0 (X11; Linux x86_64) AppleWebKit/537.36 (KHTML, like Gecko) Chrome/74.0.3729.169 Safari/537.36" "ysfine.com"
20.12.191.74 - - [08/Nov/2022:01:31:00 -0800] "GET /sbk/2009lon22b.jpg HTTP/1.1" 404 88 "http://ysfine.com/sbk" "Mozilla/5.0 (Macintosh; Intel Mac OS X 10_11_6) AppleWebKit/605.1.15 (KHTML, like Gecko) Version/11.1.2 Safari/605.1.15" "ysfine.com"
20.29.110.170 - - [08/Nov/2022:01:31:03 -0800] "GET /home/resonance11b.jpg HTTP/1.1" 200 37228 "https://ysfine.com/home" "Mozilla/5.0 (iPhone; CPU iPhone OS 13_5_1 like Mac OS X) AppleWebKit/605.1.15 (KHTML, like Gecko) Version/13.1.1 Mobile/15E148 Safari/604.1" "ysfine.com"
217.123.23.167 - - [08/Nov/2022:01:31:32 -0800] "GET /world/brit/lontaxi07.jpg HTTP/1.1" 200 69239 "https://www.google.nl/" "Mozilla/5.0 (Windows NT 10.0; Win64; x64) AppleWebKit/537.36 (KHTML, like Gecko) Chrome/106.0.0.0 Safari/537.36 Edg/106.0.1370.52" "ysfine.com"
40.77.167.68 - - [08/Nov/2022:01:32:11 -0800] "GET /bio/optics.html HTTP/1.1" 404 88 "-" "Mozilla/5.0 (compatible; bingbot/2.0; +http://www.bing.com/bingbot.htm)" "ysfine.com"
40.77.51.85 - - [08/Nov/2022:01:32:51 -0800] "GET /style/cameras/leicavlux22c.jpg HTTP/1.1" 200 32706 "https://ysfine.com/style/cameras" "Mozilla/5.0 (Linux; Android 10; SM-G960U) AppleWebKit/537.36 (KHTML, like Gecko) Chrome/88.0.4324.181 Mobile Safari/537.36" "ysfine.com"
216.244.66.229 - - [08/Nov/2022:01:33:04 -0800] "GET /dongio/uscan.html HTTP/1.1" 404 73 "-" "Mozilla/5.0 (compatible; DotBot/1.2; +https://opensiteexplorer.org/dotbot; help@moz.com)" "ysfine.com"
13.67.224.12 - - [08/Nov/2022:01:33:13 -0800] "GET /maga/phil/trinity01b.jpg HTTP/1.1" 200 47695 "https://ysfine.com/maga/phil" "Mozilla/5.0 (Linux; Android 10; SM-G960U) AppleWebKit/537.36 (KHTML, like Gecko) Chrome/88.0.4324.181 Mobile Safari/537.36" "ysfine.com"
216.244.66.229 - - [08/Nov/2022:01:33:32 -0800] "GET /home/mathphys.html HTTP/1.1" 200 5714 "-" "Mozilla/5.0 (compatible; DotBot/1.2; +https://opensiteexplorer.org/dotbot; help@moz.com)" "ysfine.com"
216.244.66.229 - - [08/Nov/2022:01:33:59 -0800] "GET /style/alexandrov55.jpg HTTP/1.1" 200 99866 "-" "Mozilla/5.0 (compatible; DotBot/1.2; +https://opensiteexplorer.org/dotbot; help@moz.com)" "ysfine.com"
40.77.167.27 - - [08/Nov/2022:01:34:24 -0800] "GET /world/russ/minsk055.jpg HTTP/1.1" 200 79184 "-" "Mozilla/5.0 AppleWebKit/537.36 (KHTML, like Gecko; compatible; bingbot/2.0; +http://www.bing.com/bingbot.htm) Chrome/103.0.5060.134 Safari/537.36" "ysfine.com"
40.77.167.27 - - [08/Nov/2022:01:34:25 -0800] "GET /bio/style/proschanie.html HTTP/1.1" 404 88 "-" "Mozilla/5.0 (compatible; bingbot/2.0; +http://www.bing.com/bingbot.htm)" "ysfine.com"
157.55.39.65 - - [08/Nov/2022:01:34:39 -0800] "GET /bio/world/trier.html HTTP/1.1" 404 88 "-" "Mozilla/5.0 AppleWebKit/537.36 (KHTML, like Gecko; compatible; bingbot/2.0; +http://www.bing.com/bingbot.htm) Chrome/103.0.5060.134 Safari/537.36" "ysfine.com"
157.55.39.65 - - [08/Nov/2022:01:34:39 -0800] "GET /eink/eink61b.jpg HTTP/1.1" 200 28018 "-" "Mozilla/5.0 AppleWebKit/537.36 (KHTML, like Gecko; compatible; bingbot/2.0; +http://www.bing.com/bingbot.htm) Chrome/103.0.5060.134 Safari/537.36" "ysfine.com"
157.55.39.65 - - [08/Nov/2022:01:34:39 -0800] "GET /wdc/whxmas/whxmas15.jpg HTTP/1.1" 200 62841 "-" "Mozilla/5.0 AppleWebKit/537.36 (KHTML, like Gecko; compatible; bingbot/2.0; +http://www.bing.com/bingbot.htm) Chrome/103.0.5060.134 Safari/537.36" "ysfine.com"
157.55.39.65 - - [08/Nov/2022:01:34:40 -0800] "GET /wigner/wigkim22b.jpg HTTP/1.1" 200 33880 "-" "Mozilla/5.0 AppleWebKit/537.36 (KHTML, like Gecko; compatible; bingbot/2.0; +http://www.bing.com/bingbot.htm) Chrome/103.0.5060.134 Safari/537.36" "ysfine.com"
82.69.51.182 - - [08/Nov/2022:01:34:55 -0800] "GET /dirac/dirheisen31b.jpg HTTP/1.1" 200 39248 "https://www.google.com/" "Mozilla/5.0 (Windows NT 10.0; Win64; x64) AppleWebKit/537.36 (KHTML, like Gecko) Chrome/107.0.0.0 Safari/537.36" "ysfine.com"
40.86.101.254 - - [08/Nov/2022:01:35:31 -0800] "GET /world/latina/igu02c.jpg HTTP/1.1" 200 37581 "https://ysfine.com/world/latina" "Mozilla/5.0 (X11; Linux x86_64) AppleWebKit/537.36 (KHTML, like Gecko) Chrome/74.0.3729.169 Safari/537.36" "ysfine.com"
40.122.230.190 - - [08/Nov/2022:01:35:54 -0800] "GET /world/france/metz17c.jpg HTTP/1.1" 200 42665 "https://ysfine.com/world/france" "Mozilla/5.0 (Macintosh; Intel Mac OS X 10_11_6) AppleWebKit/605.1.15 (KHTML, like Gecko) Version/11.1.2 Safari/605.1.15" "ysfine.com"
193.19.214.158 - - [08/Nov/2022:01:36:48 -0800] "GET /kobak/1014c.jpg HTTP/1.1" 200 164928 "https://www.google.com/" "Mozilla/5.0 (Windows NT 10.0; Win64; x64) AppleWebKit/537.36 (KHTML, like Gecko) Chrome/105.0.0.0 Safari/537.36 OPR/91.0.4516.106" "ysfine.com"
40.77.167.68 - - [08/Nov/2022:01:36:50 -0800] "GET /people/jweber2.jpg HTTP/1.1" 200 36994 "-" "Mozilla/5.0 (compatible; bingbot/2.0; +http://www.bing.com/bingbot.htm)" "ysfine.com"
40.77.167.68 - - [08/Nov/2022:01:36:51 -0800] "GET /sbk/2013buda01.jpg HTTP/1.1" 200 232372 "-" "Mozilla/5.0 AppleWebKit/537.36 (KHTML, like Gecko; compatible; bingbot/2.0; +http://www.bing.com/bingbot.htm) Chrome/103.0.5060.134 Safari/537.36" "ysfine.com"
40.77.167.68 - - [08/Nov/2022:01:36:51 -0800] "GET /world/scandi/norw01b.jpg HTTP/1.1" 200 46798 "-" "Mozilla/5.0 (compatible; bingbot/2.0; +http://www.bing.com/bingbot.htm)" "ysfine.com"
157.55.39.17 - - [08/Nov/2022:01:38:04 -0800] "GET /world/brit/dunf01.jpg HTTP/1.1" 200 107215 "-" "Mozilla/5.0 (compatible; bingbot/2.0; +http://www.bing.com/bingbot.htm)" "ysfine.com"
51.222.253.16 - - [08/Nov/2022:01:38:12 -0800] "GET /wdc/whouse.html HTTP/1.1" 200 291 "-" "Mozilla/5.0 (compatible; AhrefsBot/7.0; +http://ahrefs.com/robot/)" "ysfine.com"
85.255.236.201 - - [08/Nov/2022:01:38:13 -0800] "GET /heisen/schroheisen33.jpg HTTP/1.1" 200 86213 "https://www.google.com/" "Mozilla/5.0 (Linux; Android 12; V2152) AppleWebKit/537.36 (KHTML, like Gecko) Chrome/106.0.0.0 Mobile Safari/537.36" "ysfine.com"
40.122.230.188 - - [08/Nov/2022:01:38:45 -0800] "GET /friends/brazlon11b.jpg HTTP/1.1" 404 88 "http://ysfine.com/friends" "Mozilla/5.0 (iPhone; CPU iPhone OS 13_5_1 like Mac OS X) AppleWebKit/605.1.15 (KHTML, like Gecko) Version/13.1.1 Mobile/15E148 Safari/604.1" "ysfine.com"
40.78.141.94 - - [08/Nov/2022:01:38:45 -0800] "GET /eink/further22f.jpg HTTP/1.1" 200 99099 "https://www.ysfine.com/eink" "Mozilla/5.0 (Linux; Android 10; SM-G960U) AppleWebKit/537.36 (KHTML, like Gecko) Chrome/88.0.4324.181 Mobile Safari/537.36" "www.ysfine.com"
157.55.39.17 - - [08/Nov/2022:01:39:15 -0800] "GET /bio/kobak/namdae.html HTTP/1.1" 404 88 "-" "Mozilla/5.0 AppleWebKit/537.36 (KHTML, like Gecko; compatible; bingbot/2.0; +http://www.bing.com/bingbot.htm) Chrome/103.0.5060.134 Safari/537.36" "ysfine.com"
157.55.39.76 - - [08/Nov/2022:01:39:26 -0800] "GET /bio/bio04.html HTTP/1.1" 404 88 "-" "Mozilla/5.0 AppleWebKit/537.36 (KHTML, like Gecko; compatible; bingbot/2.0; +http://www.bing.com/bingbot.htm) Chrome/103.0.5060.134 Safari/537.36" "ysfine.com"
157.55.39.76 - - [08/Nov/2022:01:39:26 -0800] "GET /wdc/wasopera11b.jpg HTTP/1.1" 200 33919 "-" "Mozilla/5.0 (compatible; bingbot/2.0; +http://www.bing.com/bingbot.htm)" "ysfine.com"
