157.55.39.65 - - [07/Nov/2022:23:03:24 -0800] "GET /people/thooft.jpg HTTP/1.1" 200 55965 "-" "Mozilla/5.0 (compatible; bingbot/2.0; +http://www.bing.com/bingbot.htm)" "ysfine.com"
40.77.51.81 - - [07/Nov/2022:23:03:50 -0800] "GET /friends/aline/united06b.jpg HTTP/1.1" 404 88 "http://ysfine.com/friends/aline" "Mozilla/5.0 (iPhone; CPU iPhone OS 13_5_1 like Mac OS X) AppleWebKit/605.1.15 (KHTML, like Gecko) Version/13.1.1 Mobile/15E148 Safari/604.1" "ysfine.com"
157.55.39.65 - - [07/Nov/2022:23:04:05 -0800] "GET /bio/feynman/fphoto.html HTTP/1.1" 404 88 "-" "Mozilla/5.0 (compatible; bingbot/2.0; +http://www.bing.com/bingbot.htm)" "ysfine.com"
40.77.167.68 - - [07/Nov/2022:23:04:26 -0800] "GET /bio/einstein/ulm.html HTTP/1.1" 404 88 "-" "Mozilla/5.0 AppleWebKit/537.36 (KHTML, like Gecko; compatible; bingbot/2.0; +http://www.bing.com/bingbot.htm) Chrome/103.0.5060.134 Safari/537.36" "ysfine.com"
157.55.39.17 - - [07/Nov/2022:23:04:39 -0800] "GET /maga/phys/newton12b.jpg HTTP/1.1" 200 42832 "-" "Mozilla/5.0 (compatible; bingbot/2.0; +http://www.bing.com/bingbot.htm)" "ysfine.com"
47.221.4.134 - - [07/Nov/2022:23:04:50 -0800] "GET /maga/phys/heisen22.jpg HTTP/1.1" 200 82807 "-" "Dalvik/2.1.0 (Linux; U; Android 12; LM-G820 Build/SKQ1.211103.001)" "ysfine.com"
157.55.39.17 - - [07/Nov/2022:23:05:00 -0800] "GET /maga/boltz/boltz11.jpg HTTP/1.1" 200 56934 "-" "Mozilla/5.0 (compatible; bingbot/2.0; +http://www.bing.com/bingbot.htm)" "ysfine.com"
216.244.66.229 - - [07/Nov/2022:23:05:11 -0800] "GET /wdc/washmofrog.html HTTP/1.1" 200 1260 "-" "Mozilla/5.0 (compatible; DotBot/1.2; +https://opensiteexplorer.org/dotbot; help@moz.com)" "ysfine.com"
40.77.167.68 - - [07/Nov/2022:23:05:25 -0800] "GET /world/latina/igu02.jpg HTTP/1.1" 200 91326 "-" "Mozilla/5.0 (compatible; bingbot/2.0; +http://www.bing.com/bingbot.htm)" "www.ysfine.com"
103.50.83.49 - - [07/Nov/2022:23:05:32 -0800] "GET /wigner/wiglittle.pdf HTTP/1.1" 200 2659296 "https://www.google.com/" "Mozilla/5.0 (Linux; Android 12; I2126) AppleWebKit/537.36 (KHTML, like Gecko) Chrome/107.0.0.0 Mobile Safari/537.36" "ysfine.com"
216.244.66.229 - - [07/Nov/2022:23:05:38 -0800] "GET /world/poland/palaceof01.jpg HTTP/1.1" 200 66592 "-" "Mozilla/5.0 (compatible; DotBot/1.2; +https://opensiteexplorer.org/dotbot; help@moz.com)" "ysfine.com"
40.77.167.68 - - [07/Nov/2022:23:05:45 -0800] "GET /maga/phys/ellihyper05b.jpg HTTP/1.1" 200 35124 "-" "Mozilla/5.0 (compatible; bingbot/2.0; +http://www.bing.com/bingbot.htm)" "ysfine.com"
40.77.167.27 - - [07/Nov/2022:23:05:49 -0800] "GET /feynman/ppic/quapar55c.jpg HTTP/1.1" 200 49178 "-" "Mozilla/5.0 (compatible; bingbot/2.0; +http://www.bing.com/bingbot.htm)" "ysfine.com"
157.55.39.76 - - [07/Nov/2022:23:06:23 -0800] "GET /wdc/waskor032b.jpg HTTP/1.1" 200 39248 "-" "Mozilla/5.0 (compatible; bingbot/2.0; +http://www.bing.com/bingbot.htm)" "ysfine.com"
73.92.220.194 - - [07/Nov/2022:23:07:14 -0800] "GET /maga/phil/kanthegel55.jpg HTTP/1.1" 200 163134 "https://www.google.com/" "Mozilla/5.0 (iPhone; CPU iPhone OS 15_6_1 like Mac OS X) AppleWebKit/605.1.15 (KHTML, like Gecko) GSA/236.0.484392333 Mobile/19G82 Safari/604.1" "ysfine.com"
157.55.39.17 - - [07/Nov/2022:23:07:20 -0800] "GET /dirac/dirackim6200.jpg HTTP/1.1" 200 92017 "-" "Mozilla/5.0 AppleWebKit/537.36 (KHTML, like Gecko; compatible; bingbot/2.0; +http://www.bing.com/bingbot.htm) Chrome/103.0.5060.134 Safari/537.36" "ysfine.com"
40.77.167.27 - - [07/Nov/2022:23:07:39 -0800] "GET /philo/marx05.jpg HTTP/1.1" 200 122830 "-" "Mozilla/5.0 (compatible; bingbot/2.0; +http://www.bing.com/bingbot.htm)" "www.ysfine.com"
129.227.30.241 - - [07/Nov/2022:23:07:39 -0800] "GET /princeton/mudd11.jpg HTTP/1.1" 200 155119 "-" "Mozilla/5.0 (X11; Ubuntu; Linux x86_64; rv:72.0) Gecko/20100101 Firefox/72.0" "www.ysfine.com"
157.55.39.65 - - [07/Nov/2022:23:07:46 -0800] "GET /world/ital/stcroce16b.jpg HTTP/1.1" 200 61306 "-" "Mozilla/5.0 (compatible; bingbot/2.0; +http://www.bing.com/bingbot.htm)" "ysfine.com"
157.55.39.65 - - [07/Nov/2022:23:07:46 -0800] "GET /bio/style/ystyle.html HTTP/1.1" 404 88 "-" "Mozilla/5.0 (compatible; bingbot/2.0; +http://www.bing.com/bingbot.htm)" "ysfine.com"
40.122.195.128 - - [07/Nov/2022:23:07:48 -0800] "GET /friends/amkor/prgr06b.jpg HTTP/1.1" 404 88 "https://ysfine.com/friends/amkor" "Mozilla/5.0 (Linux; Android 10; SM-G960U) AppleWebKit/537.36 (KHTML, like Gecko) Chrome/88.0.4324.181 Mobile Safari/537.36" "ysfine.com"
157.55.39.76 - - [07/Nov/2022:23:07:51 -0800] "GET /world/germany/vienna16.jpg HTTP/1.1" 200 164335 "-" "Mozilla/5.0 AppleWebKit/537.36 (KHTML, like Gecko; compatible; bingbot/2.0; +http://www.bing.com/bingbot.htm) Chrome/103.0.5060.134 Safari/537.36" "ysfine.com"
67.212.43.77 - - [07/Nov/2022:23:08:08 -0800] "GET /maga/hegel.html HTTP/1.1" 200 4700 "https://www.google.com/" "Mozilla/5.0 (Linux; Android 13; Pixel 6a) AppleWebKit/537.36 (KHTML, like Gecko) Chrome/107.0.0.0 Mobile Safari/537.36" "ysfine.com"
67.212.43.77 - - [07/Nov/2022:23:08:08 -0800] "GET /world/germany/hegel04b.jpg HTTP/1.1" 200 45635 "https://ysfine.com/maga/hegel.html" "Mozilla/5.0 (Linux; Android 13; Pixel 6a) AppleWebKit/537.36 (KHTML, like Gecko) Chrome/107.0.0.0 Mobile Safari/537.36" "ysfine.com"
67.212.43.77 - - [07/Nov/2022:23:08:08 -0800] "GET /home/comet01b.jpg HTTP/1.1" 200 53465 "https://ysfine.com/maga/hegel.html" "Mozilla/5.0 (Linux; Android 13; Pixel 6a) AppleWebKit/537.36 (KHTML, like Gecko) Chrome/107.0.0.0 Mobile Safari/537.36" "ysfine.com"
67.212.43.77 - - [07/Nov/2022:23:08:08 -0800] "GET /people/sbtwein2.jpg HTTP/1.1" 200 30398 "https://ysfine.com/maga/hegel.html" "Mozilla/5.0 (Linux; Android 13; Pixel 6a) AppleWebKit/537.36 (KHTML, like Gecko) Chrome/107.0.0.0 Mobile Safari/537.36" "ysfine.com"
67.212.43.77 - - [07/Nov/2022:23:08:08 -0800] "GET /einstein/eins47b.jpg HTTP/1.1" 200 48772 "https://ysfine.com/maga/hegel.html" "Mozilla/5.0 (Linux; Android 13; Pixel 6a) AppleWebKit/537.36 (KHTML, like Gecko) Chrome/107.0.0.0 Mobile Safari/537.36" "ysfine.com"
67.212.43.77 - - [07/Nov/2022:23:08:08 -0800] "GET /world/germany/hegel09b.jpg HTTP/1.1" 200 46010 "https://ysfine.com/maga/hegel.html" "Mozilla/5.0 (Linux; Android 13; Pixel 6a) AppleWebKit/537.36 (KHTML, like Gecko) Chrome/107.0.0.0 Mobile Safari/537.36" "ysfine.com"
67.212.43.77 - - [07/Nov/2022:23:08:08 -0800] "GET /maga/phys/maxwell02b.jpg HTTP/1.1" 200 43279 "https://ysfine.com/maga/hegel.html" "Mozilla/5.0 (Linux; Android 13; Pixel 6a) AppleWebKit/537.36 (KHTML, like Gecko) Chrome/107.0.0.0 Mobile Safari/537.36" "ysfine.com"
67.212.43.77 - - [07/Nov/2022:23:08:08 -0800] "GET /world/germany/hegel21b.jpg HTTP/1.1" 200 52348 "https://ysfine.com/maga/hegel.html" "Mozilla/5.0 (Linux; Android 13; Pixel 6a) AppleWebKit/537.36 (KHTML, like Gecko) Chrome/107.0.0.0 Mobile Safari/537.36" "ysfine.com"
67.212.43.77 - - [07/Nov/2022:23:08:08 -0800] "GET /feynman/feyn86b.jpg HTTP/1.1" 200 26190 "https://ysfine.com/maga/hegel.html" "Mozilla/5.0 (Linux; Android 13; Pixel 6a) AppleWebKit/537.36 (KHTML, like Gecko) Chrome/107.0.0.0 Mobile Safari/537.36" "ysfine.com"
67.212.43.77 - - [07/Nov/2022:23:08:08 -0800] "GET /eink/eink61b.jpg HTTP/1.1" 200 28018 "https://ysfine.com/maga/hegel.html" "Mozilla/5.0 (Linux; Android 13; Pixel 6a) AppleWebKit/537.36 (KHTML, like Gecko) Chrome/107.0.0.0 Mobile Safari/537.36" "ysfine.com"
67.212.43.77 - - [07/Nov/2022:23:08:08 -0800] "GET /world/germany/hegel01b.jpg HTTP/1.1" 200 31600 "https://ysfine.com/maga/hegel.html" "Mozilla/5.0 (Linux; Android 13; Pixel 6a) AppleWebKit/537.36 (KHTML, like Gecko) Chrome/107.0.0.0 Mobile Safari/537.36" "ysfine.com"
67.212.43.77 - - [07/Nov/2022:23:08:08 -0800] "GET /world/germany/hegel03b.jpg HTTP/1.1" 200 61436 "https://ysfine.com/maga/hegel.html" "Mozilla/5.0 (Linux; Android 13; Pixel 6a) AppleWebKit/537.36 (KHTML, like Gecko) Chrome/107.0.0.0 Mobile Safari/537.36" "ysfine.com"
67.212.43.77 - - [07/Nov/2022:23:08:09 -0800] "GET /favicon.ico HTTP/1.1" 404 88 "https://ysfine.com/maga/hegel.html" "Mozilla/5.0 (Linux; Android 13; Pixel 6a) AppleWebKit/537.36 (KHTML, like Gecko) Chrome/107.0.0.0 Mobile Safari/537.36" "ysfine.com"
157.55.39.65 - - [07/Nov/2022:23:08:15 -0800] "GET /bio/world/trier.html HTTP/1.1" 404 88 "-" "Mozilla/5.0 (compatible; bingbot/2.0; +http://www.bing.com/bingbot.htm)" "ysfine.com"
40.77.167.27 - - [07/Nov/2022:23:08:20 -0800] "GET /dirac/dirfoc11.jpg HTTP/1.1" 200 149712 "-" "Mozilla/5.0 AppleWebKit/537.36 (KHTML, like Gecko; compatible; bingbot/2.0; +http://www.bing.com/bingbot.htm) Chrome/103.0.5060.134 Safari/537.36" "ysfine.com"
121.200.54.98 - - [07/Nov/2022:23:08:49 -0800] "GET /wisdom/wk98.html HTTP/1.1" 200 71649 "https://www.google.com/" "Mozilla/5.0 (Windows NT 10.0; Win64; x64) AppleWebKit/537.36 (KHTML, like Gecko) Chrome/107.0.0.0 Safari/537.36" "ysfine.com"
157.55.39.76 - - [07/Nov/2022:23:09:01 -0800] "GET /einstein/einglaub02.jpg HTTP/1.1" 200 80203 "-" "Mozilla/5.0 (compatible; bingbot/2.0; +http://www.bing.com/bingbot.htm)" "ysfine.com"
40.77.167.71 - - [07/Nov/2022:23:09:01 -0800] "GET /world/scandi/vaxdoll33.jpg HTTP/1.1" 200 119176 "-" "Mozilla/5.0 AppleWebKit/537.36 (KHTML, like Gecko; compatible; bingbot/2.0; +http://www.bing.com/bingbot.htm) Chrome/103.0.5060.134 Safari/537.36" "www.ysfine.com"
121.200.54.98 - - [07/Nov/2022:23:09:07 -0800] "GET /favicon.ico HTTP/1.1" 404 88 "https://ysfine.com/wisdom/wk98.html" "Mozilla/5.0 (Windows NT 10.0; Win64; x64) AppleWebKit/537.36 (KHTML, like Gecko) Chrome/107.0.0.0 Safari/537.36" "ysfine.com"
40.77.167.68 - - [07/Nov/2022:23:09:26 -0800] "GET /world/russ/minsk067b.jpg HTTP/1.1" 200 40459 "-" "Mozilla/5.0 AppleWebKit/537.36 (KHTML, like Gecko; compatible; bingbot/2.0; +http://www.bing.com/bingbot.htm) Chrome/103.0.5060.134 Safari/537.36" "ysfine.com"
51.222.253.8 - - [07/Nov/2022:23:09:53 -0800] "GET / HTTP/1.1" 200 5283 "-" "Mozilla/5.0 (compatible; AhrefsBot/7.0; +http://ahrefs.com/robot/)" "ysfine.com"
73.9.73.89 - - [07/Nov/2022:23:09:53 -0800] "GET /wisdom/korart04.jpg HTTP/1.1" 200 92096 "https://www.google.com/" "Mozilla/5.0 (iPhone; CPU iPhone OS 15_7 like Mac OS X) AppleWebKit/605.1.15 (KHTML, like Gecko) Version/15.6,2 Mobile/15E148 Safari/604.1" "ysfine.com"
40.77.167.68 - - [07/Nov/2022:23:10:05 -0800] "GET /bio/eink/buythisbook.html HTTP/1.1" 404 88 "-" "Mozilla/5.0 AppleWebKit/537.36 (KHTML, like Gecko; compatible; bingbot/2.0; +http://www.bing.com/bingbot.htm) Chrome/103.0.5060.134 Safari/537.36" "ysfine.com"
157.55.39.17 - - [07/Nov/2022:23:10:10 -0800] "GET /world/ital/flor061.jpg HTTP/1.1" 200 133918 "-" "Mozilla/5.0 (compatible; bingbot/2.0; +http://www.bing.com/bingbot.htm)" "ysfine.com"
20.109.241.82 - - [07/Nov/2022:23:10:22 -0800] "GET /world/china/china015b.jpg HTTP/1.1" 200 61732 "http://www.ysfine.com/world/china" "Mozilla/5.0 (Windows NT 10.0; Win64; x64) AppleWebKit/537.36 (KHTML, like Gecko) Chrome/74.0.3729.157 Safari/537.36" "www.ysfine.com"
73.9.73.89 - - [07/Nov/2022:23:10:31 -0800] "GET /wisdom/korart03.jpg HTTP/1.1" 200 222876 "https://www.google.com/" "Mozilla/5.0 (iPhone; CPU iPhone OS 15_7 like Mac OS X) AppleWebKit/605.1.15 (KHTML, like Gecko) Version/15.6,2 Mobile/15E148 Safari/604.1" "ysfine.com"
157.55.39.65 - - [07/Nov/2022:23:10:55 -0800] "GET /bio/kobak/shortw.html HTTP/1.1" 404 88 "-" "Mozilla/5.0 (compatible; bingbot/2.0; +http://www.bing.com/bingbot.htm)" "ysfine.com"
40.122.227.202 - - [07/Nov/2022:23:11:01 -0800] "GET /newyork/colum10.jpg HTTP/1.1" 200 186959 "http://ysfine.com/newyork" "Mozilla/5.0 (iPhone; CPU iPhone OS 13_5_1 like Mac OS X) AppleWebKit/605.1.15 (KHTML, like Gecko) Version/13.1.1 Mobile/15E148 Safari/604.1" "ysfine.com"
40.77.167.68 - - [07/Nov/2022:23:11:36 -0800] "GET /maga/invent/deforest33c.jpg HTTP/1.1" 200 47300 "-" "Mozilla/5.0 (compatible; bingbot/2.0; +http://www.bing.com/bingbot.htm)" "ysfine.com"
157.55.39.76 - - [07/Nov/2022:23:12:51 -0800] "GET /world/baltic/riga19.jpg HTTP/1.1" 200 61857 "-" "Mozilla/5.0 (compatible; bingbot/2.0; +http://www.bing.com/bingbot.htm)" "www.ysfine.com"
40.122.195.128 - - [07/Nov/2022:23:12:54 -0800] "GET /wdc/waskor005b.jpg HTTP/1.1" 200 38155 "https://ysfine.com/wdc" "Mozilla/5.0 (Macintosh; Intel Mac OS X 10_11_6) AppleWebKit/605.1.15 (KHTML, like Gecko) Version/11.1.2 Safari/605.1.15" "ysfine.com"
157.55.39.17 - - [07/Nov/2022:23:12:56 -0800] "GET /people/wheemaine.jpg HTTP/1.1" 200 98240 "-" "Mozilla/5.0 (compatible; bingbot/2.0; +http://www.bing.com/bingbot.htm)" "www.ysfine.com"
20.29.111.248 - - [07/Nov/2022:23:13:06 -0800] "GET /world/brit/lontaxi11.jpg HTTP/1.1" 200 66322 "https://ysfine.com/world/brit" "Mozilla/5.0 (Linux; Android 10; SM-G960U) AppleWebKit/537.36 (KHTML, like Gecko) Chrome/88.0.4324.181 Mobile Safari/537.36" "ysfine.com"
40.77.51.85 - - [07/Nov/2022:23:13:12 -0800] "GET /world/france/champ1208.jpg HTTP/1.1" 200 98499 "https://ysfine.com/world/france" "Mozilla/5.0 (Windows NT 10.0; Win64; x64) AppleWebKit/537.36 (KHTML, like Gecko) Chrome/74.0.3729.157 Safari/537.36" "ysfine.com"
157.55.39.76 - - [07/Nov/2022:23:13:21 -0800] "GET /world/scandi/sto006.jpg HTTP/1.1" 200 159285 "-" "Mozilla/5.0 (compatible; bingbot/2.0; +http://www.bing.com/bingbot.htm)" "ysfine.com"
40.77.167.27 - - [07/Nov/2022:23:13:59 -0800] "GET /world/russ/roskei11.jpg HTTP/1.1" 200 131848 "-" "Mozilla/5.0 AppleWebKit/537.36 (KHTML, like Gecko; compatible; bingbot/2.0; +http://www.bing.com/bingbot.htm) Chrome/103.0.5060.134 Safari/537.36" "ysfine.com"
157.55.39.76 - - [07/Nov/2022:23:14:01 -0800] "GET /newyork/nyharbor35.jpg HTTP/1.1" 200 102337 "-" "Mozilla/5.0 (compatible; bingbot/2.0; +http://www.bing.com/bingbot.htm)" "www.ysfine.com"
157.55.39.65 - - [07/Nov/2022:23:14:36 -0800] "GET /newyork/nyharbor03.jpg HTTP/1.1" 200 124041 "-" "Mozilla/5.0 (compatible; bingbot/2.0; +http://www.bing.com/bingbot.htm)" "www.ysfine.com"
157.55.39.65 - - [07/Nov/2022:23:15:17 -0800] "GET /ysbio/folks/amkor/elena.html HTTP/1.1" 200 598 "-" "Mozilla/5.0 (compatible; bingbot/2.0; +http://www.bing.com/bingbot.htm)" "ysfine.com"
157.55.39.76 - - [07/Nov/2022:23:15:31 -0800] "GET /world/ital/padova31b.jpg HTTP/1.1" 200 41702 "-" "Mozilla/5.0 AppleWebKit/537.36 (KHTML, like Gecko; compatible; bingbot/2.0; +http://www.bing.com/bingbot.htm) Chrome/103.0.5060.134 Safari/537.36" "ysfine.com"
59.167.154.169 - - [07/Nov/2022:23:15:37 -0800] "GET /world/kor/sel803.jpg HTTP/1.1" 200 195155 "https://www.google.com/" "Mozilla/5.0 (Windows NT 10.0; Win64; x64; rv:106.0) Gecko/20100101 Firefox/106.0" "ysfine.com"
51.222.253.18 - - [07/Nov/2022:23:16:10 -0800] "GET /ysbio/kowar/war53.html HTTP/1.1" 200 6652 "-" "Mozilla/5.0 (compatible; AhrefsBot/7.0; +http://ahrefs.com/robot/)" "ysfine.com"
40.77.51.81 - - [07/Nov/2022:23:16:13 -0800] "GET /friends/mongo04b.jpg HTTP/1.1" 404 88 "http://ysfine.com/friends" "Mozilla/5.0 (Windows NT 10.0; Win64; x64) AppleWebKit/537.36 (KHTML, like Gecko) Chrome/74.0.3729.157 Safari/537.36" "ysfine.com"
40.77.51.85 - - [07/Nov/2022:23:16:28 -0800] "GET /world/france/pmetro02b.jpg HTTP/1.1" 200 38276 "https://ysfine.com/world/france" "Mozilla/5.0 (X11; Linux x86_64) AppleWebKit/537.36 (KHTML, like Gecko) Chrome/74.0.3729.169 Safari/537.36" "ysfine.com"
157.55.39.65 - - [07/Nov/2022:23:16:55 -0800] "GET /maga/phil/mao100b.jpg HTTP/1.1" 200 55761 "-" "Mozilla/5.0 AppleWebKit/537.36 (KHTML, like Gecko; compatible; bingbot/2.0; +http://www.bing.com/bingbot.htm) Chrome/103.0.5060.134 Safari/537.36" "ysfine.com"
157.55.39.65 - - [07/Nov/2022:23:16:56 -0800] "GET /style/chulmo.jpg HTTP/1.1" 200 96048 "-" "Mozilla/5.0 AppleWebKit/537.36 (KHTML, like Gecko; compatible; bingbot/2.0; +http://www.bing.com/bingbot.htm) Chrome/103.0.5060.134 Safari/537.36" "ysfine.com"
160.53.247.167 - - [07/Nov/2022:23:17:13 -0800] "GET /einstein/places/einha02.jpg HTTP/1.1" 200 77905 "https://www.google.com/" "Mozilla/5.0 (Windows NT 10.0; Win64; x64) AppleWebKit/537.36 (KHTML, like Gecko) Chrome/86.0.4240.111 Safari/537.36" "ysfine.com"
40.77.167.68 - - [07/Nov/2022:23:17:17 -0800] "GET /sbk/2007waw11.jpg HTTP/1.1" 200 339473 "-" "Mozilla/5.0 AppleWebKit/537.36 (KHTML, like Gecko; compatible; bingbot/2.0; +http://www.bing.com/bingbot.htm) Chrome/103.0.5060.134 Safari/537.36" "ysfine.com"
20.29.110.170 - - [07/Nov/2022:23:17:32 -0800] "GET /style/cameras/ducks11b.jpg HTTP/1.1" 200 50025 "http://ysfine.com/style/cameras" "Mozilla/5.0 (Linux; Android 10; SM-G960U) AppleWebKit/537.36 (KHTML, like Gecko) Chrome/88.0.4324.181 Mobile Safari/537.36" "ysfine.com"
157.55.39.17 - - [07/Nov/2022:23:17:32 -0800] "GET /world/poland/krkf32.jpg HTTP/1.1" 200 246411 "-" "Mozilla/5.0 (compatible; bingbot/2.0; +http://www.bing.com/bingbot.htm)" "www.ysfine.com"
40.77.167.27 - - [07/Nov/2022:23:17:59 -0800] "GET /world/baltic/tallin25.jpg HTTP/1.1" 200 219590 "-" "Mozilla/5.0 (compatible; bingbot/2.0; +http://www.bing.com/bingbot.htm)" "ysfine.com"
20.106.27.209 - - [07/Nov/2022:23:18:13 -0800] "GET /world/balkan/istan103b.jpg HTTP/1.1" 200 38081 "http://ysfine.com/world/balkan" "Mozilla/5.0 (Macintosh; Intel Mac OS X 10_11_6) AppleWebKit/605.1.15 (KHTML, like Gecko) Version/11.1.2 Safari/605.1.15" "ysfine.com"
157.55.39.17 - - [07/Nov/2022:23:18:21 -0800] "GET /maga/phys/naimar/pewk10b.jpg HTTP/1.1" 200 44175 "-" "Mozilla/5.0 AppleWebKit/537.36 (KHTML, like Gecko; compatible; bingbot/2.0; +http://www.bing.com/bingbot.htm) Chrome/103.0.5060.134 Safari/537.36" "ysfine.com"
157.55.39.65 - - [07/Nov/2022:23:18:25 -0800] "GET /world/israel/jeru05.jpg HTTP/1.1" 200 244713 "-" "Mozilla/5.0 AppleWebKit/537.36 (KHTML, like Gecko; compatible; bingbot/2.0; +http://www.bing.com/bingbot.htm) Chrome/103.0.5060.134 Safari/537.36" "www.ysfine.com"
157.55.39.17 - - [07/Nov/2022:23:18:31 -0800] "GET /world/china/shanghai001.jpg HTTP/1.1" 200 99793 "-" "Mozilla/5.0 (compatible; bingbot/2.0; +http://www.bing.com/bingbot.htm)" "ysfine.com"
216.244.66.229 - - [07/Nov/2022:23:19:15 -0800] "GET /class54/class5470/total_data/sub_343.htm HTTP/1.1" 200 13521 "-" "Mozilla/5.0 (compatible; DotBot/1.2; +https://opensiteexplorer.org/dotbot; help@moz.com)" "ysfine.com"
216.244.66.229 - - [07/Nov/2022:23:19:15 -0800] "GET /style/monet02.jpg HTTP/1.1" 200 156093 "-" "Mozilla/5.0 (compatible; DotBot/1.2; +https://opensiteexplorer.org/dotbot; help@moz.com)" "ysfine.com"
216.244.66.229 - - [07/Nov/2022:23:19:17 -0800] "GET /style/smetana.jpg HTTP/1.1" 200 70089 "-" "Mozilla/5.0 (compatible; DotBot/1.2; +https://opensiteexplorer.org/dotbot; help@moz.com)" "ysfine.com"
40.77.167.27 - - [07/Nov/2022:23:19:19 -0800] "GET /bio/world/scandi/copen058.jpg HTTP/1.1" 404 88 "-" "Mozilla/5.0 (compatible; bingbot/2.0; +http://www.bing.com/bingbot.htm)" "ysfine.com"
216.244.66.229 - - [07/Nov/2022:23:19:26 -0800] "GET /wdc/eindc21.jpg HTTP/1.1" 200 110693 "-" "Mozilla/5.0 (compatible; DotBot/1.2; +https://opensiteexplorer.org/dotbot; help@moz.com)" "ysfine.com"
216.244.66.229 - - [07/Nov/2022:23:19:33 -0800] "GET /wdc/gtown13.jpg HTTP/1.1" 200 142353 "-" "Mozilla/5.0 (compatible; DotBot/1.2; +https://opensiteexplorer.org/dotbot; help@moz.com)" "ysfine.com"
216.244.66.229 - - [07/Nov/2022:23:20:12 -0800] "GET /world/russ/stalinorg11.jpg HTTP/1.1" 200 131143 "-" "Mozilla/5.0 (compatible; DotBot/1.2; +https://opensiteexplorer.org/dotbot; help@moz.com)" "ysfine.com"
40.77.167.68 - - [07/Nov/2022:23:21:08 -0800] "GET /bio/optics.html HTTP/1.1" 404 88 "-" "Mozilla/5.0 (compatible; bingbot/2.0; +http://www.bing.com/bingbot.htm)" "ysfine.com"
216.244.66.229 - - [07/Nov/2022:23:21:31 -0800] "GET /einstein/wallis.html HTTP/1.1" 200 12138 "-" "Mozilla/5.0 (compatible; DotBot/1.2; +https://opensiteexplorer.org/dotbot; help@moz.com)" "ysfine.com"
40.77.167.105 - - [07/Nov/2022:23:21:38 -0800] "GET /robots.txt HTTP/1.1" 404 88 "-" "Mozilla/5.0 (compatible; bingbot/2.0; +http://www.bing.com/bingbot.htm)" "ysfine.com"
20.109.241.96 - - [07/Nov/2022:23:21:38 -0800] "GET /world/russ/russriga55b.jpg HTTP/1.1" 200 38740 "http://ysfine.com/world/russ" "Mozilla/5.0 (Macintosh; Intel Mac OS X 10_11_6) AppleWebKit/605.1.15 (KHTML, like Gecko) Version/11.1.2 Safari/605.1.15" "ysfine.com"
40.77.167.27 - - [07/Nov/2022:23:21:39 -0800] "GET /world/france/montpar19.jpg HTTP/1.1" 200 193308 "-" "Mozilla/5.0 (compatible; bingbot/2.0; +http://www.bing.com/bingbot.htm)" "www.ysfine.com"
157.55.39.17 - - [07/Nov/2022:23:21:42 -0800] "GET /kobak/somap38b.jpg HTTP/1.1" 200 54149 "-" "Mozilla/5.0 AppleWebKit/537.36 (KHTML, like Gecko; compatible; bingbot/2.0; +http://www.bing.com/bingbot.htm) Chrome/103.0.5060.134 Safari/537.36" "ysfine.com"
157.55.39.65 - - [07/Nov/2022:23:21:45 -0800] "GET /world/poland/polstu03.jpg HTTP/1.1" 200 83478 "-" "Mozilla/5.0 (compatible; bingbot/2.0; +http://www.bing.com/bingbot.htm)" "ysfine.com"
216.244.66.229 - - [07/Nov/2022:23:22:00 -0800] "GET /wdc/umd08.jpg HTTP/1.1" 200 80148 "-" "Mozilla/5.0 (compatible; DotBot/1.2; +https://opensiteexplorer.org/dotbot; help@moz.com)" "ysfine.com"
20.106.28.18 - - [07/Nov/2022:23:22:06 -0800] "GET /world/france/champ1225b.jpg HTTP/1.1" 200 48242 "http://ysfine.com/world/france" "Mozilla/5.0 (iPhone; CPU iPhone OS 13_5_1 like Mac OS X) AppleWebKit/605.1.15 (KHTML, like Gecko) Version/13.1.1 Mobile/15E148 Safari/604.1" "ysfine.com"
51.222.253.15 - - [07/Nov/2022:23:22:12 -0800] "GET /ysbio/kowar/war51.html HTTP/1.1" 200 5022 "-" "Mozilla/5.0 (compatible; AhrefsBot/7.0; +http://ahrefs.com/robot/)" "ysfine.com"
40.86.101.253 - - [07/Nov/2022:23:22:27 -0800] "GET /world/germany/berlin016b.jpg HTTP/1.1" 200 27400 "http://ysfine.com/world/germany" "Mozilla/5.0 (Macintosh; Intel Mac OS X 10_11_6) AppleWebKit/605.1.15 (KHTML, like Gecko) Version/11.1.2 Safari/605.1.15" "ysfine.com"
216.244.66.229 - - [07/Nov/2022:23:22:29 -0800] "GET /world/china/dalian61.jpg HTTP/1.1" 200 114723 "-" "Mozilla/5.0 (compatible; DotBot/1.2; +https://opensiteexplorer.org/dotbot; help@moz.com)" "ysfine.com"
40.77.167.27 - - [07/Nov/2022:23:23:00 -0800] "GET /world/russ/minskf74.jpg HTTP/1.1" 200 80531 "-" "Mozilla/5.0 AppleWebKit/537.36 (KHTML, like Gecko; compatible; bingbot/2.0; +http://www.bing.com/bingbot.htm) Chrome/103.0.5060.134 Safari/537.36" "ysfine.com"
40.77.167.27 - - [07/Nov/2022:23:23:00 -0800] "GET /style/musee/ams003.jpg HTTP/1.1" 200 143676 "-" "Mozilla/5.0 (compatible; bingbot/2.0; +http://www.bing.com/bingbot.htm)" "ysfine.com"
40.122.227.201 - - [07/Nov/2022:23:23:15 -0800] "GET /kowar/tanks/tank05b.jpg HTTP/1.1" 200 48742 "https://www.ysfine.com/kowar/tanks" "Mozilla/5.0 (Linux; Android 10; SM-G960U) AppleWebKit/537.36 (KHTML, like Gecko) Chrome/88.0.4324.181 Mobile Safari/537.36" "www.ysfine.com"
20.29.110.168 - - [07/Nov/2022:23:23:18 -0800] "GET /usca/pitt/syriamos55b.jpg HTTP/1.1" 200 30284 "https://ysfine.com/usca/pitt" "Mozilla/5.0 (iPhone; CPU iPhone OS 13_5_1 like Mac OS X) AppleWebKit/605.1.15 (KHTML, like Gecko) Version/13.1.1 Mobile/15E148 Safari/604.1" "ysfine.com"
40.77.167.68 - - [07/Nov/2022:23:24:08 -0800] "GET /bio/yspapers/index.html HTTP/1.1" 404 88 "-" "Mozilla/5.0 AppleWebKit/537.36 (KHTML, like Gecko; compatible; bingbot/2.0; +http://www.bing.com/bingbot.htm) Chrome/103.0.5060.134 Safari/537.36" "ysfine.com"
40.77.167.27 - - [07/Nov/2022:23:24:13 -0800] "GET /bio/style/proschanie.html HTTP/1.1" 404 88 "-" "Mozilla/5.0 (compatible; bingbot/2.0; +http://www.bing.com/bingbot.htm)" "ysfine.com"
40.77.167.68 - - [07/Nov/2022:23:24:18 -0800] "GET /world/russ/basil08c.jpg HTTP/1.1" 200 40070 "-" "Mozilla/5.0 (compatible; bingbot/2.0; +http://www.bing.com/bingbot.htm)" "www.ysfine.com"
49.186.31.114 - - [07/Nov/2022:23:24:46 -0800] "GET /kowar/tanks/tank03.jpg HTTP/1.1" 200 106726 "https://www.google.com/" "Mozilla/5.0 (Windows NT 10.0; Win64; x64) AppleWebKit/537.36 (KHTML, like Gecko) Chrome/106.0.0.0 Safari/537.36" "ysfine.com"
40.77.167.71 - - [07/Nov/2022:23:25:03 -0800] "GET /style/picass33.jpg HTTP/1.1" 200 101813 "-" "Mozilla/5.0 AppleWebKit/537.36 (KHTML, like Gecko; compatible; bingbot/2.0; +http://www.bing.com/bingbot.htm) Chrome/103.0.5060.134 Safari/537.36" "ysfine.com"
157.55.39.65 - - [07/Nov/2022:23:25:17 -0800] "GET /world/poland/gdnf10.jpg HTTP/1.1" 200 224497 "-" "Mozilla/5.0 (compatible; bingbot/2.0; +http://www.bing.com/bingbot.htm)" "www.ysfine.com"
40.77.167.71 - - [07/Nov/2022:23:25:24 -0800] "GET /world/china/dalian02.jpg HTTP/1.1" 200 99453 "-" "Mozilla/5.0 AppleWebKit/537.36 (KHTML, like Gecko; compatible; bingbot/2.0; +http://www.bing.com/bingbot.htm) Chrome/103.0.5060.134 Safari/537.36" "ysfine.com"
157.55.39.17 - - [07/Nov/2022:23:25:33 -0800] "GET /bio/einstein/bern.html HTTP/1.1" 404 88 "-" "Mozilla/5.0 AppleWebKit/537.36 (KHTML, like Gecko; compatible; bingbot/2.0; +http://www.bing.com/bingbot.htm) Chrome/103.0.5060.134 Safari/537.36" "ysfine.com"
40.122.227.202 - - [07/Nov/2022:23:25:40 -0800] "GET /friends/amkor/kosilver01c.jpg HTTP/1.1" 404 88 "https://ysfine.com/friends/amkor" "Mozilla/5.0 (Linux; Android 10; SM-G960U) AppleWebKit/537.36 (KHTML, like Gecko) Chrome/88.0.4324.181 Mobile Safari/537.36" "ysfine.com"
188.152.158.187 - - [07/Nov/2022:23:25:45 -0800] "GET /dirac/hwk58.jpg HTTP/1.1" 200 72870 "https://www.google.com/" "Mozilla/5.0 (Windows NT 10.0; Win64; x64) AppleWebKit/537.36 (KHTML, like Gecko) Chrome/107.0.0.0 Safari/537.36" "ysfine.com"
40.77.167.71 - - [07/Nov/2022:23:26:03 -0800] "GET /style/beetho11.jpg HTTP/1.1" 200 141470 "-" "Mozilla/5.0 AppleWebKit/537.36 (KHTML, like Gecko; compatible; bingbot/2.0; +http://www.bing.com/bingbot.htm) Chrome/103.0.5060.134 Safari/537.36" "ysfine.com"
49.186.31.114 - - [07/Nov/2022:23:26:38 -0800] "GET /kowar/tanks.html HTTP/1.1" 200 8699 "https://www.google.com/" "Mozilla/5.0 (Windows NT 10.0; Win64; x64) AppleWebKit/537.36 (KHTML, like Gecko) Chrome/106.0.0.0 Safari/537.36" "ysfine.com"
49.186.31.114 - - [07/Nov/2022:23:26:38 -0800] "GET /kowar/tanks/tank02b.jpg HTTP/1.1" 200 30002 "https://ysfine.com/kowar/tanks.html" "Mozilla/5.0 (Windows NT 10.0; Win64; x64) AppleWebKit/537.36 (KHTML, like Gecko) Chrome/106.0.0.0 Safari/537.36" "ysfine.com"
49.186.31.114 - - [07/Nov/2022:23:26:38 -0800] "GET /kowar/tanks/stalinorg2.jpg HTTP/1.1" 200 50939 "https://ysfine.com/kowar/tanks.html" "Mozilla/5.0 (Windows NT 10.0; Win64; x64) AppleWebKit/537.36 (KHTML, like Gecko) Chrome/106.0.0.0 Safari/537.36" "ysfine.com"
49.186.31.114 - - [07/Nov/2022:23:26:38 -0800] "GET /kowar/tanks/tank01b.jpg HTTP/1.1" 200 43748 "https://ysfine.com/kowar/tanks.html" "Mozilla/5.0 (Windows NT 10.0; Win64; x64) AppleWebKit/537.36 (KHTML, like Gecko) Chrome/106.0.0.0 Safari/537.36" "ysfine.com"
49.186.31.114 - - [07/Nov/2022:23:26:38 -0800] "GET /kowar/tanks/tank54b.jpg HTTP/1.1" 200 38354 "https://ysfine.com/kowar/tanks.html" "Mozilla/5.0 (Windows NT 10.0; Win64; x64) AppleWebKit/537.36 (KHTML, like Gecko) Chrome/106.0.0.0 Safari/537.36" "ysfine.com"
49.186.31.114 - - [07/Nov/2022:23:26:38 -0800] "GET /kowar/tanks/tank03b.jpg HTTP/1.1" 200 42892 "https://ysfine.com/kowar/tanks.html" "Mozilla/5.0 (Windows NT 10.0; Win64; x64) AppleWebKit/537.36 (KHTML, like Gecko) Chrome/106.0.0.0 Safari/537.36" "ysfine.com"
49.186.31.114 - - [07/Nov/2022:23:26:38 -0800] "GET /kowar/tanks/tank04b.jpg HTTP/1.1" 200 48757 "https://ysfine.com/kowar/tanks.html" "Mozilla/5.0 (Windows NT 10.0; Win64; x64) AppleWebKit/537.36 (KHTML, like Gecko) Chrome/106.0.0.0 Safari/537.36" "ysfine.com"
49.186.31.114 - - [07/Nov/2022:23:26:38 -0800] "GET /kowar/tanks/tank05b.jpg HTTP/1.1" 200 48742 "https://ysfine.com/kowar/tanks.html" "Mozilla/5.0 (Windows NT 10.0; Win64; x64) AppleWebKit/537.36 (KHTML, like Gecko) Chrome/106.0.0.0 Safari/537.36" "ysfine.com"
49.186.31.114 - - [07/Nov/2022:23:26:38 -0800] "GET /kowar/tanks/sherman43b.jpg HTTP/1.1" 200 28142 "https://ysfine.com/kowar/tanks.html" "Mozilla/5.0 (Windows NT 10.0; Win64; x64) AppleWebKit/537.36 (KHTML, like Gecko) Chrome/106.0.0.0 Safari/537.36" "ysfine.com"
49.186.31.114 - - [07/Nov/2022:23:26:38 -0800] "GET /kowar/tanks/tank07b.jpg HTTP/1.1" 200 40314 "https://ysfine.com/kowar/tanks.html" "Mozilla/5.0 (Windows NT 10.0; Win64; x64) AppleWebKit/537.36 (KHTML, like Gecko) Chrome/106.0.0.0 Safari/537.36" "ysfine.com"
49.186.31.114 - - [07/Nov/2022:23:26:38 -0800] "GET /kowar/tanks/sherman44b.jpg HTTP/1.1" 200 34454 "https://ysfine.com/kowar/tanks.html" "Mozilla/5.0 (Windows NT 10.0; Win64; x64) AppleWebKit/537.36 (KHTML, like Gecko) Chrome/106.0.0.0 Safari/537.36" "ysfine.com"
49.186.31.114 - - [07/Nov/2022:23:26:38 -0800] "GET /kowar/tanks/sherman58b.jpg HTTP/1.1" 200 37300 "https://ysfine.com/kowar/tanks.html" "Mozilla/5.0 (Windows NT 10.0; Win64; x64) AppleWebKit/537.36 (KHTML, like Gecko) Chrome/106.0.0.0 Safari/537.36" "ysfine.com"
49.186.31.114 - - [07/Nov/2022:23:26:38 -0800] "GET /kowar/tanks/m24b.jpg HTTP/1.1" 200 37948 "https://ysfine.com/kowar/tanks.html" "Mozilla/5.0 (Windows NT 10.0; Win64; x64) AppleWebKit/537.36 (KHTML, like Gecko) Chrome/106.0.0.0 Safari/537.36" "ysfine.com"
49.186.31.114 - - [07/Nov/2022:23:26:38 -0800] "GET /kowar/tanks/m60b.jpg HTTP/1.1" 200 31548 "https://ysfine.com/kowar/tanks.html" "Mozilla/5.0 (Windows NT 10.0; Win64; x64) AppleWebKit/537.36 (KHTML, like Gecko) Chrome/106.0.0.0 Safari/537.36" "ysfine.com"
49.186.31.114 - - [07/Nov/2022:23:26:38 -0800] "GET /kowar/tanks/m01b.jpg HTTP/1.1" 200 28921 "https://ysfine.com/kowar/tanks.html" "Mozilla/5.0 (Windows NT 10.0; Win64; x64) AppleWebKit/537.36 (KHTML, like Gecko) Chrome/106.0.0.0 Safari/537.36" "ysfine.com"
49.186.31.114 - - [07/Nov/2022:23:26:38 -0800] "GET /kowar/tanks/tank21b.jpg HTTP/1.1" 200 26768 "https://ysfine.com/kowar/tanks.html" "Mozilla/5.0 (Windows NT 10.0; Win64; x64) AppleWebKit/537.36 (KHTML, like Gecko) Chrome/106.0.0.0 Safari/537.36" "ysfine.com"
49.186.31.114 - - [07/Nov/2022:23:26:38 -0800] "GET /kowar/tanks/m46cb.jpg HTTP/1.1" 200 35273 "https://ysfine.com/kowar/tanks.html" "Mozilla/5.0 (Windows NT 10.0; Win64; x64) AppleWebKit/537.36 (KHTML, like Gecko) Chrome/106.0.0.0 Safari/537.36" "ysfine.com"
49.186.31.114 - - [07/Nov/2022:23:26:38 -0800] "GET /kowar/tanks/tank22b.jpg HTTP/1.1" 200 37945 "https://ysfine.com/kowar/tanks.html" "Mozilla/5.0 (Windows NT 10.0; Win64; x64) AppleWebKit/537.36 (KHTML, like Gecko) Chrome/106.0.0.0 Safari/537.36" "ysfine.com"
49.186.31.114 - - [07/Nov/2022:23:26:38 -0800] "GET /kowar/tanks/southhorse2.jpg HTTP/1.1" 200 51359 "https://ysfine.com/kowar/tanks.html" "Mozilla/5.0 (Windows NT 10.0; Win64; x64) AppleWebKit/537.36 (KHTML, like Gecko) Chrome/106.0.0.0 Safari/537.36" "ysfine.com"
49.186.31.114 - - [07/Nov/2022:23:26:45 -0800] "GET /favicon.ico HTTP/1.1" 404 88 "https://ysfine.com/kowar/tanks.html" "Mozilla/5.0 (Windows NT 10.0; Win64; x64) AppleWebKit/537.36 (KHTML, like Gecko) Chrome/106.0.0.0 Safari/537.36" "ysfine.com"
157.55.39.65 - - [07/Nov/2022:23:26:46 -0800] "GET /class54/pics/g110b.jpg HTTP/1.1" 200 31118 "-" "Mozilla/5.0 AppleWebKit/537.36 (KHTML, like Gecko; compatible; bingbot/2.0; +http://www.bing.com/bingbot.htm) Chrome/103.0.5060.134 Safari/537.36" "www.ysfine.com"
195.234.109.70 - - [07/Nov/2022:23:26:52 -0800] "GET /einstein/einplanck3.jpg HTTP/1.1" 200 37784 "-" "Photon/1.0" "ysfine.com"
72.14.201.42 - - [07/Nov/2022:23:27:24 -0800] "GET /dirac/wigsis.html HTTP/1.1" 200 10275 "-" "Mozilla/5.0 (Linux; Android 10; K) AppleWebKit/537.36 (KHTML, like Gecko) Chrome/106.0.0.0 Mobile Safari/537.36" "ysfine.com"
72.14.201.43 - - [07/Nov/2022:23:27:31 -0800] "GET /dirac/wigsis.html HTTP/1.1" 200 10275 "-" "Mozilla/5.0 (Linux; Android 10; K) AppleWebKit/537.36 (KHTML, like Gecko) Chrome/106.0.0.0 Mobile Safari/537.36" "ysfine.com"
49.186.31.114 - - [07/Nov/2022:23:27:35 -0800] "GET /kowar/tanks/tank10.jpg HTTP/1.1" 200 76703 "https://ysfine.com/kowar/tanks.html" "Mozilla/5.0 (Windows NT 10.0; Win64; x64) AppleWebKit/537.36 (KHTML, like Gecko) Chrome/106.0.0.0 Safari/537.36" "ysfine.com"
49.186.31.114 - - [07/Nov/2022:23:27:58 -0800] "GET /kowar/tanks/sgvet.jpg HTTP/1.1" 200 128893 "https://ysfine.com/kowar/tanks.html" "Mozilla/5.0 (Windows NT 10.0; Win64; x64) AppleWebKit/537.36 (KHTML, like Gecko) Chrome/106.0.0.0 Safari/537.36" "ysfine.com"
157.55.39.17 - - [07/Nov/2022:23:28:02 -0800] "GET /style/owaves2.jpg HTTP/1.1" 200 55324 "-" "Mozilla/5.0 AppleWebKit/537.36 (KHTML, like Gecko; compatible; bingbot/2.0; +http://www.bing.com/bingbot.htm) Chrome/103.0.5060.134 Safari/537.36" "www.ysfine.com"
49.186.31.114 - - [07/Nov/2022:23:28:08 -0800] "GET /kowar/tanks.html HTTP/1.1" 304 - "https://www.google.com/" "Mozilla/5.0 (Windows NT 10.0; Win64; x64) AppleWebKit/537.36 (KHTML, like Gecko) Chrome/106.0.0.0 Safari/537.36" "ysfine.com"
49.186.31.114 - - [07/Nov/2022:23:28:24 -0800] "GET /kowar/tanks/tank03.jpg HTTP/1.1" 200 106726 "https://ysfine.com/kowar/tanks.html" "Mozilla/5.0 (Windows NT 10.0; Win64; x64) AppleWebKit/537.36 (KHTML, like Gecko) Chrome/106.0.0.0 Safari/537.36" "ysfine.com"
157.55.39.17 - - [07/Nov/2022:23:28:33 -0800] "GET /bio/kobak/namdae.html HTTP/1.1" 404 88 "-" "Mozilla/5.0 AppleWebKit/537.36 (KHTML, like Gecko; compatible; bingbot/2.0; +http://www.bing.com/bingbot.htm) Chrome/103.0.5060.134 Safari/537.36" "ysfine.com"
157.55.39.17 - - [07/Nov/2022:23:28:44 -0800] "GET /usca/pitt/steelm01b.jpg HTTP/1.1" 200 24193 "-" "Mozilla/5.0 AppleWebKit/537.36 (KHTML, like Gecko; compatible; bingbot/2.0; +http://www.bing.com/bingbot.htm) Chrome/103.0.5060.134 Safari/537.36" "www.ysfine.com"
51.222.253.1 - - [07/Nov/2022:23:29:07 -0800] "GET /ysbio/princeton/campus.html HTTP/1.1" 200 15142 "-" "Mozilla/5.0 (compatible; AhrefsBot/7.0; +http://ahrefs.com/robot/)" "ysfine.com"
40.77.167.71 - - [07/Nov/2022:23:29:44 -0800] "GET /world/china/china018b.jpg HTTP/1.1" 200 38858 "-" "Mozilla/5.0 AppleWebKit/537.36 (KHTML, like Gecko; compatible; bingbot/2.0; +http://www.bing.com/bingbot.htm) Chrome/103.0.5060.134 Safari/537.36" "ysfine.com"
40.77.167.68 - - [07/Nov/2022:23:30:37 -0800] "GET /class54/socrates55a.jpg HTTP/1.1" 200 88674 "-" "Mozilla/5.0 (compatible; bingbot/2.0; +http://www.bing.com/bingbot.htm)" "www.ysfine.com"
157.55.39.65 - - [07/Nov/2022:23:30:57 -0800] "GET /usca/calif/sanfr021b.jpg HTTP/1.1" 200 47196 "-" "Mozilla/5.0 (compatible; bingbot/2.0; +http://www.bing.com/bingbot.htm)" "ysfine.com"
216.244.66.229 - - [07/Nov/2022:23:32:16 -0800] "GET /robots.txt HTTP/1.1" 404 73 "-" "Mozilla/5.0 (compatible; DotBot/1.2; +https://opensiteexplorer.org/dotbot; help@moz.com)" "www.ysfine.com"
216.244.66.229 - - [07/Nov/2022:23:32:16 -0800] "GET /robots.txt HTTP/1.1" 404 73 "-" "Mozilla/5.0 (compatible; DotBot/1.2; +https://opensiteexplorer.org/dotbot; help@moz.com)" "ysfine.com"
20.106.27.209 - - [07/Nov/2022:23:32:59 -0800] "GET /world/russ/mosriver01b.jpg HTTP/1.1" 200 34266 "http://ysfine.com/world/russ" "Mozilla/5.0 (X11; Linux x86_64) AppleWebKit/537.36 (KHTML, like Gecko) Chrome/74.0.3729.169 Safari/537.36" "ysfine.com"
77.88.5.231 - - [07/Nov/2022:23:33:38 -0800] "GET /robots.txt HTTP/1.1" 404 73 "-" "Mozilla/5.0 (compatible; YandexBot/3.0; +http://yandex.com/bots)" "www.ysfine.com"
77.88.5.221 - - [07/Nov/2022:23:33:42 -0800] "GET /feynman/feypic.html HTTP/1.1" 404 88 "-" "Mozilla/5.0 (compatible; YandexBot/3.0; +http://yandex.com/bots)" "www.ysfine.com"
5.173.194.40 - - [07/Nov/2022:23:33:55 -0800] "GET /maga/phil/marxlon01.jpg HTTP/1.1" 200 263404 "https://www.google.com/" "Mozilla/5.0 (Windows NT 6.1; Win64; x64; rv:106.0) Gecko/20100101 Firefox/106.0" "ysfine.com"
157.55.39.17 - - [07/Nov/2022:23:34:13 -0800] "GET /maga/phys/ellipse09.jpg HTTP/1.1" 200 68802 "-" "Mozilla/5.0 (compatible; bingbot/2.0; +http://www.bing.com/bingbot.htm)" "ysfine.com"
195.191.219.132 - - [07/Nov/2022:23:34:21 -0800] "GET /robots.txt HTTP/1.1" 404 73 "-" "Mozilla/5.0 (compatible; MJ12bot/v1.4.8; http://mj12bot.com/)" "www.ysfine.com"
195.191.219.132 - - [07/Nov/2022:23:34:23 -0800] "GET / HTTP/1.1" 200 5283 "-" "Mozilla/5.0 (compatible; MJ12bot/v1.4.8; http://mj12bot.com/)" "www.ysfine.com"
157.55.39.76 - - [07/Nov/2022:23:34:24 -0800] "GET /style/music/johannstra22.jpg HTTP/1.1" 200 173687 "-" "Mozilla/5.0 (compatible; bingbot/2.0; +http://www.bing.com/bingbot.htm)" "www.ysfine.com"
20.29.110.170 - - [07/Nov/2022:23:34:36 -0800] "GET /eink/einhaus11c.jpg HTTP/1.1" 200 42522 "http://ysfine.com/eink" "Mozilla/5.0 (Macintosh; Intel Mac OS X 10_11_6) AppleWebKit/605.1.15 (KHTML, like Gecko) Version/11.1.2 Safari/605.1.15" "ysfine.com"
51.222.253.1 - - [07/Nov/2022:23:34:52 -0800] "GET /kobak/sorae/kumipo.html HTTP/1.1" 200 1148 "-" "Mozilla/5.0 (compatible; AhrefsBot/7.0; +http://ahrefs.com/robot/)" "www.ysfine.com"
116.90.72.78 - - [07/Nov/2022:23:35:04 -0800] "GET /philo/marxlon01.jpg HTTP/1.1" 200 263404 "https://www.google.com/" "Mozilla/5.0 (Windows NT 10.0; Win64; x64; rv:106.0) Gecko/20100101 Firefox/106.0" "ysfine.com"
40.77.167.71 - - [07/Nov/2022:23:35:06 -0800] "GET /bio/feynman/partons.html HTTP/1.1" 404 88 "-" "Mozilla/5.0 AppleWebKit/537.36 (KHTML, like Gecko; compatible; bingbot/2.0; +http://www.bing.com/bingbot.htm) Chrome/103.0.5060.134 Safari/537.36" "ysfine.com"
216.244.66.229 - - [07/Nov/2022:23:35:10 -0800] "GET /world/china11.html HTTP/1.1" 200 79538 "-" "Mozilla/5.0 (compatible; DotBot/1.2; +https://opensiteexplorer.org/dotbot; help@moz.com)" "ysfine.com"
216.244.66.229 - - [07/Nov/2022:23:35:18 -0800] "GET /einstein/einst06.html HTTP/1.1" 200 3575 "-" "Mozilla/5.0 (compatible; DotBot/1.2; +https://opensiteexplorer.org/dotbot; help@moz.com)" "ysfine.com"
216.244.66.229 - - [07/Nov/2022:23:35:21 -0800] "GET /home/easy.html HTTP/1.1" 200 22223 "-" "Mozilla/5.0 (compatible; DotBot/1.2; +https://opensiteexplorer.org/dotbot; help@moz.com)" "ysfine.com"
216.244.66.229 - - [07/Nov/2022:23:35:32 -0800] "GET /style/bdances.html HTTP/1.1" 200 4608 "-" "Mozilla/5.0 (compatible; DotBot/1.2; +https://opensiteexplorer.org/dotbot; help@moz.com)" "ysfine.com"
157.55.39.65 - - [07/Nov/2022:23:35:37 -0800] "GET /class54/pics/chat33b.jpg HTTP/1.1" 200 28923 "-" "Mozilla/5.0 (compatible; bingbot/2.0; +http://www.bing.com/bingbot.htm)" "www.ysfine.com"
216.244.66.229 - - [07/Nov/2022:23:35:37 -0800] "GET /world/ital/galmil.html HTTP/1.1" 200 1780 "-" "Mozilla/5.0 (compatible; DotBot/1.2; +https://opensiteexplorer.org/dotbot; help@moz.com)" "ysfine.com"
216.244.66.229 - - [07/Nov/2022:23:35:41 -0800] "GET /heisen/einheisen.html HTTP/1.1" 200 13886 "-" "Mozilla/5.0 (compatible; DotBot/1.2; +https://opensiteexplorer.org/dotbot; help@moz.com)" "ysfine.com"
216.244.66.229 - - [07/Nov/2022:23:35:45 -0800] "GET /class54/class5470/total_data/sub_801.htm HTTP/1.1" 200 16259 "-" "Mozilla/5.0 (compatible; DotBot/1.2; +https://opensiteexplorer.org/dotbot; help@moz.com)" "ysfine.com"
216.244.66.229 - - [07/Nov/2022:23:35:48 -0800] "GET /world/baltic/kalin07.jpg HTTP/1.1" 200 69453 "-" "Mozilla/5.0 (compatible; DotBot/1.2; +https://opensiteexplorer.org/dotbot; help@moz.com)" "ysfine.com"
87.116.2.122 - - [07/Nov/2022:23:35:50 -0800] "GET /kowar/gi002.jpg HTTP/1.1" 200 69969 "https://www.google.com/" "Mozilla/5.0 (Windows NT 10.0; Win64; x64) AppleWebKit/537.36 (KHTML, like Gecko) Chrome/107.0.0.0 Safari/537.36" "ysfine.com"
216.244.66.229 - - [07/Nov/2022:23:35:51 -0800] "GET /world/ital/coloss02.jpg HTTP/1.1" 200 98662 "-" "Mozilla/5.0 (compatible; DotBot/1.2; +https://opensiteexplorer.org/dotbot; help@moz.com)" "ysfine.com"
216.244.66.229 - - [07/Nov/2022:23:35:54 -0800] "GET /friends/aline/klm01.jpg HTTP/1.1" 404 73 "-" "Mozilla/5.0 (compatible; DotBot/1.2; +https://opensiteexplorer.org/dotbot; help@moz.com)" "ysfine.com"
40.86.101.166 - - [07/Nov/2022:23:36:04 -0800] "GET /world/places/ulm07b.jpg HTTP/1.1" 200 47767 "http://ysfine.com/world/places" "Mozilla/5.0 (Linux; Android 10; SM-G960U) AppleWebKit/537.36 (KHTML, like Gecko) Chrome/88.0.4324.181 Mobile Safari/537.36" "ysfine.com"
40.77.167.27 - - [07/Nov/2022:23:36:11 -0800] "GET /kobak/somap38.jpg HTTP/1.1" 200 109622 "-" "Mozilla/5.0 (compatible; bingbot/2.0; +http://www.bing.com/bingbot.htm)" "ysfine.com"
40.77.167.71 - - [07/Nov/2022:23:36:35 -0800] "GET /world/russ/minsk002.jpg HTTP/1.1" 200 69019 "-" "Mozilla/5.0 (compatible; bingbot/2.0; +http://www.bing.com/bingbot.htm)" "ysfine.com"
173.73.77.36 - - [07/Nov/2022:23:36:49 -0800] "GET /wigner/gcontrac.html HTTP/1.1" 200 2279 "https://www.ysfine.com/ysbio/sing.html" "Mozilla/5.0 (Windows NT 10.0; Win64; x64) AppleWebKit/537.36 (KHTML, like Gecko) Chrome/107.0.0.0 Safari/537.36 Edg/107.0.1418.35" "www.ysfine.com"
173.73.77.36 - - [07/Nov/2022:23:36:49 -0800] "GET /wigner/wigkim2.jpg HTTP/1.1" 200 40700 "https://www.ysfine.com/wigner/gcontrac.html" "Mozilla/5.0 (Windows NT 10.0; Win64; x64) AppleWebKit/537.36 (KHTML, like Gecko) Chrome/107.0.0.0 Safari/537.36 Edg/107.0.1418.35" "www.ysfine.com"
173.73.77.36 - - [07/Nov/2022:23:36:49 -0800] "GET /wigner/isomor77c.jpg HTTP/1.1" 200 43414 "https://www.ysfine.com/wigner/gcontrac.html" "Mozilla/5.0 (Windows NT 10.0; Win64; x64) AppleWebKit/537.36 (KHTML, like Gecko) Chrome/107.0.0.0 Safari/537.36 Edg/107.0.1418.35" "www.ysfine.com"
173.73.77.36 - - [07/Nov/2022:23:36:49 -0800] "GET /eink/eink61c.jpg HTTP/1.1" 200 34119 "https://www.ysfine.com/wigner/gcontrac.html" "Mozilla/5.0 (Windows NT 10.0; Win64; x64) AppleWebKit/537.36 (KHTML, like Gecko) Chrome/107.0.0.0 Safari/537.36 Edg/107.0.1418.35" "www.ysfine.com"
173.73.77.36 - - [07/Nov/2022:23:36:49 -0800] "GET /wigner/inokim2.jpg HTTP/1.1" 200 29903 "https://www.ysfine.com/wigner/gcontrac.html" "Mozilla/5.0 (Windows NT 10.0; Win64; x64) AppleWebKit/537.36 (KHTML, like Gecko) Chrome/107.0.0.0 Safari/537.36 Edg/107.0.1418.35" "www.ysfine.com"
40.77.167.27 - - [07/Nov/2022:23:37:00 -0800] "GET /wigner/wig39fb.jpg HTTP/1.1" 200 38434 "-" "Mozilla/5.0 (compatible; bingbot/2.0; +http://www.bing.com/bingbot.htm)" "ysfine.com"
173.73.77.36 - - [07/Nov/2022:23:37:02 -0800] "GET /einstein/further.html HTTP/1.1" 200 4338 "https://www.ysfine.com/wigner/gcontrac.html" "Mozilla/5.0 (Windows NT 10.0; Win64; x64) AppleWebKit/537.36 (KHTML, like Gecko) Chrome/107.0.0.0 Safari/537.36 Edg/107.0.1418.35" "www.ysfine.com"
173.73.77.36 - - [07/Nov/2022:23:37:02 -0800] "GET /einstein/ewk86f.jpg HTTP/1.1" 200 127172 "https://www.ysfine.com/einstein/further.html" "Mozilla/5.0 (Windows NT 10.0; Win64; x64) AppleWebKit/537.36 (KHTML, like Gecko) Chrome/107.0.0.0 Safari/537.36 Edg/107.0.1418.35" "www.ysfine.com"
173.73.77.36 - - [07/Nov/2022:23:37:02 -0800] "GET /einstein/eward33f.jpg HTTP/1.1" 200 77764 "https://www.ysfine.com/einstein/further.html" "Mozilla/5.0 (Windows NT 10.0; Win64; x64) AppleWebKit/537.36 (KHTML, like Gecko) Chrome/107.0.0.0 Safari/537.36 Edg/107.0.1418.35" "www.ysfine.com"
173.73.77.36 - - [07/Nov/2022:23:37:02 -0800] "GET /einstein/newtwig11f.jpg HTTP/1.1" 200 75618 "https://www.ysfine.com/einstein/further.html" "Mozilla/5.0 (Windows NT 10.0; Win64; x64) AppleWebKit/537.36 (KHTML, like Gecko) Chrome/107.0.0.0 Safari/537.36 Edg/107.0.1418.35" "www.ysfine.com"
173.73.77.36 - - [07/Nov/2022:23:37:02 -0800] "GET /einstein/einbohr33c.jpg HTTP/1.1" 200 36410 "https://www.ysfine.com/einstein/further.html" "Mozilla/5.0 (Windows NT 10.0; Win64; x64) AppleWebKit/537.36 (KHTML, like Gecko) Chrome/107.0.0.0 Safari/537.36 Edg/107.0.1418.35" "www.ysfine.com"
173.73.77.36 - - [07/Nov/2022:23:37:02 -0800] "GET /einstein/places/einha02c.jpg HTTP/1.1" 200 23710 "https://www.ysfine.com/einstein/further.html" "Mozilla/5.0 (Windows NT 10.0; Win64; x64) AppleWebKit/537.36 (KHTML, like Gecko) Chrome/107.0.0.0 Safari/537.36 Edg/107.0.1418.35" "www.ysfine.com"
173.73.77.36 - - [07/Nov/2022:23:37:02 -0800] "GET /einstein/newtein11f.jpg HTTP/1.1" 200 75467 "https://www.ysfine.com/einstein/further.html" "Mozilla/5.0 (Windows NT 10.0; Win64; x64) AppleWebKit/537.36 (KHTML, like Gecko) Chrome/107.0.0.0 Safari/537.36 Edg/107.0.1418.35" "www.ysfine.com"
173.73.77.36 - - [07/Nov/2022:23:37:02 -0800] "GET /einstein/places/einha01c.jpg HTTP/1.1" 200 39982 "https://www.ysfine.com/einstein/further.html" "Mozilla/5.0 (Windows NT 10.0; Win64; x64) AppleWebKit/537.36 (KHTML, like Gecko) Chrome/107.0.0.0 Safari/537.36 Edg/107.0.1418.35" "www.ysfine.com"
173.73.77.36 - - [07/Nov/2022:23:37:02 -0800] "GET /einstein/eins05c.jpg HTTP/1.1" 200 52461 "https://www.ysfine.com/einstein/further.html" "Mozilla/5.0 (Windows NT 10.0; Win64; x64) AppleWebKit/537.36 (KHTML, like Gecko) Chrome/107.0.0.0 Safari/537.36 Edg/107.0.1418.35" "www.ysfine.com"
173.73.77.36 - - [07/Nov/2022:23:37:02 -0800] "GET /einstein/dirfeyn55f.jpg HTTP/1.1" 200 106448 "https://www.ysfine.com/einstein/further.html" "Mozilla/5.0 (Windows NT 10.0; Win64; x64) AppleWebKit/537.36 (KHTML, like Gecko) Chrome/107.0.0.0 Safari/537.36 Edg/107.0.1418.35" "www.ysfine.com"
173.73.77.36 - - [07/Nov/2022:23:37:02 -0800] "GET /eink/pwk19c.jpg HTTP/1.1" 200 57759 "https://www.ysfine.com/einstein/further.html" "Mozilla/5.0 (Windows NT 10.0; Win64; x64) AppleWebKit/537.36 (KHTML, like Gecko) Chrome/107.0.0.0 Safari/537.36 Edg/107.0.1418.35" "www.ysfine.com"
77.75.78.163 - - [07/Nov/2022:23:37:03 -0800] "GET /robots.txt HTTP/1.1" 404 88 "-" "Mozilla/5.0 (compatible; SeznamBot/3.2; +http://napoveda.seznam.cz/en/seznambot-intro/)" "ysfine.com"
77.75.78.163 - - [07/Nov/2022:23:37:04 -0800] "GET /world/france/pantheon11.jpg HTTP/1.1" 200 84524 "-" "Mozilla/5.0 (compatible; SeznamBot/3.2; +http://napoveda.seznam.cz/en/seznambot-intro/)" "ysfine.com"
157.55.39.76 - - [07/Nov/2022:23:37:05 -0800] "GET /wdc/worldbank03.jpg HTTP/1.1" 200 157953 "-" "Mozilla/5.0 (compatible; bingbot/2.0; +http://www.bing.com/bingbot.htm)" "ysfine.com"
77.75.78.163 - - [07/Nov/2022:23:37:07 -0800] "GET /world/scandi/copen021.jpg HTTP/1.1" 304 - "-" "Mozilla/5.0 (compatible; SeznamBot/3.2; +http://napoveda.seznam.cz/en/seznambot-intro/)" "ysfine.com"
77.75.78.163 - - [07/Nov/2022:23:37:08 -0800] "GET /world/baltic/lithuf08.jpg HTTP/1.1" 304 - "-" "Mozilla/5.0 (compatible; SeznamBot/3.2; +http://napoveda.seznam.cz/en/seznambot-intro/)" "ysfine.com"
77.75.78.163 - - [07/Nov/2022:23:37:08 -0800] "GET /world/poland/krk28.jpg HTTP/1.1" 304 - "-" "Mozilla/5.0 (compatible; SeznamBot/3.2; +http://napoveda.seznam.cz/en/seznambot-intro/)" "ysfine.com"
77.75.78.163 - - [07/Nov/2022:23:37:09 -0800] "GET /newyork/radioci08.jpg HTTP/1.1" 304 - "-" "Mozilla/5.0 (compatible; SeznamBot/3.2; +http://napoveda.seznam.cz/en/seznambot-intro/)" "ysfine.com"
216.244.66.229 - - [07/Nov/2022:23:37:11 -0800] "GET /class54/stcars/sl06.jpg HTTP/1.1" 200 68970 "-" "Mozilla/5.0 (compatible; DotBot/1.2; +https://opensiteexplorer.org/dotbot; help@moz.com)" "ysfine.com"
216.244.66.229 - - [07/Nov/2022:23:37:47 -0800] "GET /kobak/repose33.jpg HTTP/1.1" 200 66664 "-" "Mozilla/5.0 (compatible; DotBot/1.2; +https://opensiteexplorer.org/dotbot; help@moz.com)" "ysfine.com"
168.119.69.91 - - [07/Nov/2022:23:38:03 -0800] "GET /world/minsk.html HTTP/1.1" 200 7116 "-" "Mozilla/5.0 (Macintosh; Intel Mac OS X 10_14_6) AppleWebKit/537.36 (KHTML, like Gecko) Chrome/87.0.4280.67 Safari/537.36" "ysfine.com"
216.244.66.229 - - [07/Nov/2022:23:38:17 -0800] "GET /kowar/war50bot.html HTTP/1.1" 200 186 "-" "Mozilla/5.0 (compatible; DotBot/1.2; +https://opensiteexplorer.org/dotbot; help@moz.com)" "ysfine.com"
216.244.66.229 - - [07/Nov/2022:23:38:46 -0800] "GET /princeton/alexan22.jpg HTTP/1.1" 200 175436 "-" "Mozilla/5.0 (compatible; DotBot/1.2; +https://opensiteexplorer.org/dotbot; help@moz.com)" "ysfine.com"
123.183.224.88 - - [07/Nov/2022:23:38:48 -0800] "GET / HTTP/1.1" 200 5283 "-" "Sogou web spider/4.0(+http://www.sogou.com/docs/help/webmasters.htm#07)" "www.ysfine.com"
157.55.39.65 - - [07/Nov/2022:23:39:17 -0800] "GET /world/brit/westmin12b.jpg HTTP/1.1" 200 46419 "-" "Mozilla/5.0 AppleWebKit/537.36 (KHTML, like Gecko; compatible; bingbot/2.0; +http://www.bing.com/bingbot.htm) Chrome/103.0.5060.134 Safari/537.36" "ysfine.com"
51.222.253.8 - - [07/Nov/2022:23:40:03 -0800] "GET /ysbio/bio06 HTTP/1.1" 200 6846 "-" "Mozilla/5.0 (compatible; AhrefsBot/7.0; +http://ahrefs.com/robot/)" "ysfine.com"
40.77.167.71 - - [07/Nov/2022:23:40:05 -0800] "GET /einstein/eins05c.jpg HTTP/1.1" 200 52461 "-" "Mozilla/5.0 AppleWebKit/537.36 (KHTML, like Gecko; compatible; bingbot/2.0; +http://www.bing.com/bingbot.htm) Chrome/103.0.5060.134 Safari/537.36" "ysfine.com"
173.73.77.36 - - [07/Nov/2022:23:40:18 -0800] "GET /ys11/ HTTP/1.1" 304 - "-" "Mozilla/5.0 (Windows NT 10.0; Win64; x64) AppleWebKit/537.36 (KHTML, like Gecko) Chrome/107.0.0.0 Safari/537.36 Edg/107.0.1418.35" "ysfine.com"
173.73.77.36 - - [07/Nov/2022:23:40:18 -0800] "GET /favicon.ico HTTP/1.1" 404 88 "https://ysfine.com/ys11/" "Mozilla/5.0 (Windows NT 10.0; Win64; x64) AppleWebKit/537.36 (KHTML, like Gecko) Chrome/107.0.0.0 Safari/537.36 Edg/107.0.1418.35" "ysfine.com"
173.73.77.36 - - [07/Nov/2022:23:40:22 -0800] "GET /ysbio/bio08.html HTTP/1.1" 200 10657 "https://ysfine.com/ys11/" "Mozilla/5.0 (Windows NT 10.0; Win64; x64) AppleWebKit/537.36 (KHTML, like Gecko) Chrome/107.0.0.0 Safari/537.36 Edg/107.0.1418.35" "ysfine.com"
173.73.77.36 - - [07/Nov/2022:23:40:22 -0800] "GET /ysbio/tollwig11d.jpg HTTP/1.1" 200 39722 "https://ysfine.com/ysbio/bio08.html" "Mozilla/5.0 (Windows NT 10.0; Win64; x64) AppleWebKit/537.36 (KHTML, like Gecko) Chrome/107.0.0.0 Safari/537.36 Edg/107.0.1418.35" "ysfine.com"
173.73.77.36 - - [07/Nov/2022:23:40:22 -0800] "GET /ysbio/further22f.jpg HTTP/1.1" 200 99099 "https://ysfine.com/ysbio/bio08.html" "Mozilla/5.0 (Windows NT 10.0; Win64; x64) AppleWebKit/537.36 (KHTML, like Gecko) Chrome/107.0.0.0 Safari/537.36 Edg/107.0.1418.35" "ysfine.com"
173.73.77.36 - - [07/Nov/2022:23:40:22 -0800] "GET /ysbio/wigkim450.jpg HTTP/1.1" 200 46980 "https://ysfine.com/ysbio/bio08.html" "Mozilla/5.0 (Windows NT 10.0; Win64; x64) AppleWebKit/537.36 (KHTML, like Gecko) Chrome/107.0.0.0 Safari/537.36 Edg/107.0.1418.35" "ysfine.com"
