71.105.74.21 - - [08/Nov/2022:08:12:54 -0800] "GET /favicon.ico HTTP/1.1" 404 88 "https://ysfine.com/wdc/lafpark01.jpg" "Mozilla/5.0 (Macintosh; Intel Mac OS X 10.13; rv:106.0) Gecko/20100101 Firefox/106.0" "ysfine.com"
71.105.74.21 - - [08/Nov/2022:08:13:10 -0800] "GET /wdc/wasdc.html HTTP/1.1" 200 13715 "https://r.search.yahoo.com/_ylt=AwrNad6Gf2pjTxICRNc2nIlQ;_ylu=c2VjA3NyBHNsawNpbWcEb2lkAzMwZDczODQ1MzE4NGVhNjc5NjEzZjE1ZTE1OWI2NDgwBGdwb3MDMjY0BGl0A2Jpbmc-/RV=2/RE=1667952647/RO=11/RU=http%3a%2f%2fysfine.com%2fwdc%2fwasdc.html/RK=2/RS=CLGMF.I9wxHkSeUZPIVHxbMfkTk-" "Mozilla/5.0 (Macintosh; Intel Mac OS X 10.13; rv:106.0) Gecko/20100101 Firefox/106.0" "ysfine.com"
71.105.74.21 - - [08/Nov/2022:08:13:11 -0800] "GET /favicon.ico HTTP/1.1" 404 88 "https://ysfine.com/wdc/wasdc.html" "Mozilla/5.0 (Macintosh; Intel Mac OS X 10.13; rv:106.0) Gecko/20100101 Firefox/106.0" "ysfine.com"
77.88.5.216 - - [08/Nov/2022:08:13:24 -0800] "GET /robots.txt HTTP/1.1" 404 73 "-" "Mozilla/5.0 (compatible; YandexBot/3.0; +http://yandex.com/bots)" "www.ysfine.com"
157.55.39.65 - - [08/Nov/2022:08:13:27 -0800] "GET /princeton/withers01.jpg HTTP/1.1" 200 113946 "-" "Mozilla/5.0 AppleWebKit/537.36 (KHTML, like Gecko; compatible; bingbot/2.0; +http://www.bing.com/bingbot.htm) Chrome/103.0.5060.134 Safari/537.36" "ysfine.com"
77.88.5.216 - - [08/Nov/2022:08:13:28 -0800] "GET /princeton/pgh.html HTTP/1.1" 404 88 "-" "Mozilla/5.0 (compatible; YandexBot/3.0; +http://yandex.com/bots)" "www.ysfine.com"
71.105.74.21 - - [08/Nov/2022:08:13:28 -0800] "GET /wdc/whouse08.jpg HTTP/1.1" 200 56905 "https://ysfine.com/wdc/wasdc.html" "Mozilla/5.0 (Macintosh; Intel Mac OS X 10.13; rv:106.0) Gecko/20100101 Firefox/106.0" "ysfine.com"
71.105.74.21 - - [08/Nov/2022:08:13:33 -0800] "GET /wdc/wasdc.html HTTP/1.1" 200 13715 "https://r.search.yahoo.com/_ylt=AwrNad6Gf2pjTxICRNc2nIlQ;_ylu=c2VjA3NyBHNsawNpbWcEb2lkAzMwZDczODQ1MzE4NGVhNjc5NjEzZjE1ZTE1OWI2NDgwBGdwb3MDMjY0BGl0A2Jpbmc-/RV=2/RE=1667952647/RO=11/RU=http%3a%2f%2fysfine.com%2fwdc%2fwasdc.html/RK=2/RS=CLGMF.I9wxHkSeUZPIVHxbMfkTk-" "Mozilla/5.0 (Macintosh; Intel Mac OS X 10.13; rv:106.0) Gecko/20100101 Firefox/106.0" "ysfine.com"
157.55.39.76 - - [08/Nov/2022:08:13:54 -0800] "GET /people/nambu.jpg HTTP/1.1" 200 78563 "-" "Mozilla/5.0 AppleWebKit/537.36 (KHTML, like Gecko; compatible; bingbot/2.0; +http://www.bing.com/bingbot.htm) Chrome/103.0.5060.134 Safari/537.36" "ysfine.com"
93.158.161.41 - - [08/Nov/2022:08:13:58 -0800] "GET /newyork/nyp.html HTTP/1.1" 200 8310 "-" "Mozilla/5.0 (compatible; YandexBot/3.0; +http://yandex.com/bots)" "www.ysfine.com"
40.122.195.128 - - [08/Nov/2022:08:14:10 -0800] "GET /sbk/1973kc300.jpg HTTP/1.1" 200 31285 "https://ysfine.com/sbk" "Mozilla/5.0 (Macintosh; Intel Mac OS X 10_11_6) AppleWebKit/605.1.15 (KHTML, like Gecko) Version/11.1.2 Safari/605.1.15" "ysfine.com"
40.77.167.27 - - [08/Nov/2022:08:14:21 -0800] "GET /wdc/nga05.jpg HTTP/1.1" 200 87065 "-" "Mozilla/5.0 (compatible; bingbot/2.0; +http://www.bing.com/bingbot.htm)" "ysfine.com"
40.86.101.166 - - [08/Nov/2022:08:14:31 -0800] "GET /world/brit/tower01b.jpg HTTP/1.1" 200 43462 "https://ysfine.com/world/brit" "Mozilla/5.0 (iPhone; CPU iPhone OS 13_5_1 like Mac OS X) AppleWebKit/605.1.15 (KHTML, like Gecko) Version/13.1.1 Mobile/15E148 Safari/604.1" "ysfine.com"
40.77.167.27 - - [08/Nov/2022:08:14:52 -0800] "GET /world/scandi/norw08.jpg HTTP/1.1" 200 115707 "-" "Mozilla/5.0 AppleWebKit/537.36 (KHTML, like Gecko; compatible; bingbot/2.0; +http://www.bing.com/bingbot.htm) Chrome/103.0.5060.134 Safari/537.36" "ysfine.com"
216.244.66.229 - - [08/Nov/2022:08:15:06 -0800] "GET /confer/online.html HTTP/1.1" 200 5930 "-" "Mozilla/5.0 (compatible; DotBot/1.2; +https://opensiteexplorer.org/dotbot; help@moz.com)" "ysfine.com"
35.231.212.9 - - [08/Nov/2022:08:15:15 -0800] "GET /home/easy.html HTTP/1.1" 200 7877 "-" "ZoominfoBot (zoominfobot at zoominfo dot com)" "ysfine.com"
40.77.167.27 - - [08/Nov/2022:08:15:22 -0800] "GET /wdc/jeffm01.jpg HTTP/1.1" 200 44578 "-" "Mozilla/5.0 (compatible; bingbot/2.0; +http://www.bing.com/bingbot.htm)" "www.ysfine.com"
71.105.74.21 - - [08/Nov/2022:08:15:34 -0800] "GET /wdc/wasdc.html HTTP/1.1" 200 13715 "https://r.search.yahoo.com/_ylt=AwrNad6Gf2pjTxICRNc2nIlQ;_ylu=c2VjA3NyBHNsawNpbWcEb2lkAzMwZDczODQ1MzE4NGVhNjc5NjEzZjE1ZTE1OWI2NDgwBGdwb3MDMjY0BGl0A2Jpbmc-/RV=2/RE=1667952647/RO=11/RU=http%3a%2f%2fysfine.com%2fwdc%2fwasdc.html/RK=2/RS=CLGMF.I9wxHkSeUZPIVHxbMfkTk-" "Mozilla/5.0 (Macintosh; Intel Mac OS X 10.13; rv:106.0) Gecko/20100101 Firefox/106.0" "ysfine.com"
71.105.74.21 - - [08/Nov/2022:08:15:36 -0800] "GET /wdc/lafpark05b.jpg HTTP/1.1" 200 40496 "https://ysfine.com/wdc/wasdc.html" "Mozilla/5.0 (Macintosh; Intel Mac OS X 10.13; rv:106.0) Gecko/20100101 Firefox/106.0" "ysfine.com"
71.105.74.21 - - [08/Nov/2022:08:15:36 -0800] "GET /wdc/nga02b.jpg HTTP/1.1" 200 42789 "https://ysfine.com/wdc/wasdc.html" "Mozilla/5.0 (Macintosh; Intel Mac OS X 10.13; rv:106.0) Gecko/20100101 Firefox/106.0" "ysfine.com"
71.105.74.21 - - [08/Nov/2022:08:15:36 -0800] "GET /wdc/sherman11b.jpg HTTP/1.1" 200 27477 "https://ysfine.com/wdc/wasdc.html" "Mozilla/5.0 (Macintosh; Intel Mac OS X 10.13; rv:106.0) Gecko/20100101 Firefox/106.0" "ysfine.com"
71.105.74.21 - - [08/Nov/2022:08:15:36 -0800] "GET /wdc/capitol02b.jpg HTTP/1.1" 200 30351 "https://ysfine.com/wdc/wasdc.html" "Mozilla/5.0 (Macintosh; Intel Mac OS X 10.13; rv:106.0) Gecko/20100101 Firefox/106.0" "ysfine.com"
71.105.74.21 - - [08/Nov/2022:08:15:36 -0800] "GET /wdc/umd06b.jpg HTTP/1.1" 200 34590 "https://ysfine.com/wdc/wasdc.html" "Mozilla/5.0 (Macintosh; Intel Mac OS X 10.13; rv:106.0) Gecko/20100101 Firefox/106.0" "ysfine.com"
71.105.74.21 - - [08/Nov/2022:08:15:36 -0800] "GET /wdc/capitol07b.jpg HTTP/1.1" 200 47839 "https://ysfine.com/wdc/wasdc.html" "Mozilla/5.0 (Macintosh; Intel Mac OS X 10.13; rv:106.0) Gecko/20100101 Firefox/106.0" "ysfine.com"
71.105.74.21 - - [08/Nov/2022:08:15:36 -0800] "GET /wdc/nga05b.jpg HTTP/1.1" 200 40747 "https://ysfine.com/wdc/wasdc.html" "Mozilla/5.0 (Macintosh; Intel Mac OS X 10.13; rv:106.0) Gecko/20100101 Firefox/106.0" "ysfine.com"
71.105.74.21 - - [08/Nov/2022:08:15:36 -0800] "GET /wdc/lafpark02b.jpg HTTP/1.1" 200 40860 "https://ysfine.com/wdc/wasdc.html" "Mozilla/5.0 (Macintosh; Intel Mac OS X 10.13; rv:106.0) Gecko/20100101 Firefox/106.0" "ysfine.com"
71.105.74.21 - - [08/Nov/2022:08:15:36 -0800] "GET /wdc/pulaski01b.jpg HTTP/1.1" 200 43884 "https://ysfine.com/wdc/wasdc.html" "Mozilla/5.0 (Macintosh; Intel Mac OS X 10.13; rv:106.0) Gecko/20100101 Firefox/106.0" "ysfine.com"
71.105.74.21 - - [08/Nov/2022:08:15:36 -0800] "GET /wdc/supreme02b.jpg HTTP/1.1" 200 37198 "https://ysfine.com/wdc/wasdc.html" "Mozilla/5.0 (Macintosh; Intel Mac OS X 10.13; rv:106.0) Gecko/20100101 Firefox/106.0" "ysfine.com"
71.105.74.21 - - [08/Nov/2022:08:15:36 -0800] "GET /wdc/corco33b.jpg HTTP/1.1" 200 31692 "https://ysfine.com/wdc/wasdc.html" "Mozilla/5.0 (Macintosh; Intel Mac OS X 10.13; rv:106.0) Gecko/20100101 Firefox/106.0" "ysfine.com"
71.105.74.21 - - [08/Nov/2022:08:15:36 -0800] "GET /wdc/loc01b.jpg HTTP/1.1" 200 59811 "https://ysfine.com/wdc/wasdc.html" "Mozilla/5.0 (Macintosh; Intel Mac OS X 10.13; rv:106.0) Gecko/20100101 Firefox/106.0" "ysfine.com"
71.105.74.21 - - [08/Nov/2022:08:15:36 -0800] "GET /wdc/whouse02b.jpg HTTP/1.1" 200 30118 "https://ysfine.com/wdc/wasdc.html" "Mozilla/5.0 (Macintosh; Intel Mac OS X 10.13; rv:106.0) Gecko/20100101 Firefox/106.0" "ysfine.com"
71.105.74.21 - - [08/Nov/2022:08:15:36 -0800] "GET /wdc/dar11b.jpg HTTP/1.1" 200 37978 "https://ysfine.com/wdc/wasdc.html" "Mozilla/5.0 (Macintosh; Intel Mac OS X 10.13; rv:106.0) Gecko/20100101 Firefox/106.0" "ysfine.com"
71.105.74.21 - - [08/Nov/2022:08:15:36 -0800] "GET /wdc/heyadams22b.jpg HTTP/1.1" 200 40428 "https://ysfine.com/wdc/wasdc.html" "Mozilla/5.0 (Macintosh; Intel Mac OS X 10.13; rv:106.0) Gecko/20100101 Firefox/106.0" "ysfine.com"
71.105.74.21 - - [08/Nov/2022:08:15:36 -0800] "GET /wdc/reagan55b.jpg HTTP/1.1" 200 32608 "https://ysfine.com/wdc/wasdc.html" "Mozilla/5.0 (Macintosh; Intel Mac OS X 10.13; rv:106.0) Gecko/20100101 Firefox/106.0" "ysfine.com"
71.105.74.21 - - [08/Nov/2022:08:15:36 -0800] "GET /style/alexandrov44b.jpg HTTP/1.1" 200 38881 "https://ysfine.com/wdc/wasdc.html" "Mozilla/5.0 (Macintosh; Intel Mac OS X 10.13; rv:106.0) Gecko/20100101 Firefox/106.0" "ysfine.com"
71.105.74.21 - - [08/Nov/2022:08:15:36 -0800] "GET /wdc/ww2m66b.jpg HTTP/1.1" 200 32234 "https://ysfine.com/wdc/wasdc.html" "Mozilla/5.0 (Macintosh; Intel Mac OS X 10.13; rv:106.0) Gecko/20100101 Firefox/106.0" "ysfine.com"
71.105.74.21 - - [08/Nov/2022:08:15:36 -0800] "GET /wdc/washmo07b.jpg HTTP/1.1" 200 34166 "https://ysfine.com/wdc/wasdc.html" "Mozilla/5.0 (Macintosh; Intel Mac OS X 10.13; rv:106.0) Gecko/20100101 Firefox/106.0" "ysfine.com"
71.105.74.21 - - [08/Nov/2022:08:15:36 -0800] "GET /wdc/willard33b.jpg HTTP/1.1" 200 42340 "https://ysfine.com/wdc/wasdc.html" "Mozilla/5.0 (Macintosh; Intel Mac OS X 10.13; rv:106.0) Gecko/20100101 Firefox/106.0" "ysfine.com"
71.105.74.21 - - [08/Nov/2022:08:15:36 -0800] "GET /wdc/ndu11b.jpg HTTP/1.1" 200 33978 "https://ysfine.com/wdc/wasdc.html" "Mozilla/5.0 (Macintosh; Intel Mac OS X 10.13; rv:106.0) Gecko/20100101 Firefox/106.0" "ysfine.com"
71.105.74.21 - - [08/Nov/2022:08:15:36 -0800] "GET /wdc/obelisk11b.jpg HTTP/1.1" 200 30019 "https://ysfine.com/wdc/wasdc.html" "Mozilla/5.0 (Macintosh; Intel Mac OS X 10.13; rv:106.0) Gecko/20100101 Firefox/106.0" "ysfine.com"
71.105.74.21 - - [08/Nov/2022:08:15:36 -0800] "GET /wdc/eindc03b.jpg HTTP/1.1" 200 54447 "https://ysfine.com/wdc/wasdc.html" "Mozilla/5.0 (Macintosh; Intel Mac OS X 10.13; rv:106.0) Gecko/20100101 Firefox/106.0" "ysfine.com"
71.105.74.21 - - [08/Nov/2022:08:15:36 -0800] "GET /wdc/gtown08b.jpg HTTP/1.1" 200 55792 "https://ysfine.com/wdc/wasdc.html" "Mozilla/5.0 (Macintosh; Intel Mac OS X 10.13; rv:106.0) Gecko/20100101 Firefox/106.0" "ysfine.com"
71.105.74.21 - - [08/Nov/2022:08:15:36 -0800] "GET /wdc/reagan44b.jpg HTTP/1.1" 200 36340 "https://ysfine.com/wdc/wasdc.html" "Mozilla/5.0 (Macintosh; Intel Mac OS X 10.13; rv:106.0) Gecko/20100101 Firefox/106.0" "ysfine.com"
71.105.74.21 - - [08/Nov/2022:08:15:36 -0800] "GET /wdc/jeffm02b.jpg HTTP/1.1" 200 32468 "https://ysfine.com/wdc/wasdc.html" "Mozilla/5.0 (Macintosh; Intel Mac OS X 10.13; rv:106.0) Gecko/20100101 Firefox/106.0" "ysfine.com"
71.105.74.21 - - [08/Nov/2022:08:15:36 -0800] "GET /wdc/lincoln02b.jpg HTTP/1.1" 200 27630 "https://ysfine.com/wdc/wasdc.html" "Mozilla/5.0 (Macintosh; Intel Mac OS X 10.13; rv:106.0) Gecko/20100101 Firefox/106.0" "ysfine.com"
71.105.74.21 - - [08/Nov/2022:08:15:36 -0800] "GET /wdc/gtown03b.jpg HTTP/1.1" 200 50421 "https://ysfine.com/wdc/wasdc.html" "Mozilla/5.0 (Macintosh; Intel Mac OS X 10.13; rv:106.0) Gecko/20100101 Firefox/106.0" "ysfine.com"
71.105.74.21 - - [08/Nov/2022:08:15:36 -0800] "GET /wdc/gtown15b.jpg HTTP/1.1" 200 38625 "https://ysfine.com/wdc/wasdc.html" "Mozilla/5.0 (Macintosh; Intel Mac OS X 10.13; rv:106.0) Gecko/20100101 Firefox/106.0" "ysfine.com"
71.105.74.21 - - [08/Nov/2022:08:15:37 -0800] "GET /wdc/gtown24b.jpg HTTP/1.1" 200 35392 "https://ysfine.com/wdc/wasdc.html" "Mozilla/5.0 (Macintosh; Intel Mac OS X 10.13; rv:106.0) Gecko/20100101 Firefox/106.0" "ysfine.com"
71.105.74.21 - - [08/Nov/2022:08:15:37 -0800] "GET /wdc/gtown32c.jpg HTTP/1.1" 200 40837 "https://ysfine.com/wdc/wasdc.html" "Mozilla/5.0 (Macintosh; Intel Mac OS X 10.13; rv:106.0) Gecko/20100101 Firefox/106.0" "ysfine.com"
71.105.74.21 - - [08/Nov/2022:08:15:37 -0800] "GET /wdc/ncath11c.jpg HTTP/1.1" 200 27058 "https://ysfine.com/wdc/wasdc.html" "Mozilla/5.0 (Macintosh; Intel Mac OS X 10.13; rv:106.0) Gecko/20100101 Firefox/106.0" "ysfine.com"
71.105.74.21 - - [08/Nov/2022:08:15:37 -0800] "GET /style/kirovken22b.jpg HTTP/1.1" 200 36856 "https://ysfine.com/wdc/wasdc.html" "Mozilla/5.0 (Macintosh; Intel Mac OS X 10.13; rv:106.0) Gecko/20100101 Firefox/106.0" "ysfine.com"
71.105.74.21 - - [08/Nov/2022:08:15:37 -0800] "GET /wdc/kennedyc05b.jpg HTTP/1.1" 200 26902 "https://ysfine.com/wdc/wasdc.html" "Mozilla/5.0 (Macintosh; Intel Mac OS X 10.13; rv:106.0) Gecko/20100101 Firefox/106.0" "ysfine.com"
71.105.74.21 - - [08/Nov/2022:08:15:37 -0800] "GET /wdc/kennedyc06b.jpg HTTP/1.1" 200 32476 "https://ysfine.com/wdc/wasdc.html" "Mozilla/5.0 (Macintosh; Intel Mac OS X 10.13; rv:106.0) Gecko/20100101 Firefox/106.0" "ysfine.com"
71.105.74.21 - - [08/Nov/2022:08:15:37 -0800] "GET /wdc/kennedyc17b.jpg HTTP/1.1" 200 38708 "https://ysfine.com/wdc/wasdc.html" "Mozilla/5.0 (Macintosh; Intel Mac OS X 10.13; rv:106.0) Gecko/20100101 Firefox/106.0" "ysfine.com"
71.105.74.21 - - [08/Nov/2022:08:15:36 -0800] "GET /wdc/washmo01b.jpg HTTP/1.1" 200 24586 "https://ysfine.com/wdc/wasdc.html" "Mozilla/5.0 (Macintosh; Intel Mac OS X 10.13; rv:106.0) Gecko/20100101 Firefox/106.0" "ysfine.com"
71.105.74.21 - - [08/Nov/2022:08:15:36 -0800] "GET /wdc/sakura10b.jpg HTTP/1.1" 200 43136 "https://ysfine.com/wdc/wasdc.html" "Mozilla/5.0 (Macintosh; Intel Mac OS X 10.13; rv:106.0) Gecko/20100101 Firefox/106.0" "ysfine.com"
71.105.74.21 - - [08/Nov/2022:08:15:36 -0800] "GET /wdc/koreaw33b.jpg HTTP/1.1" 200 39262 "https://ysfine.com/wdc/wasdc.html" "Mozilla/5.0 (Macintosh; Intel Mac OS X 10.13; rv:106.0) Gecko/20100101 Firefox/106.0" "ysfine.com"
71.105.74.21 - - [08/Nov/2022:08:15:36 -0800] "GET /wdc/whxmas/whxmas01b.jpg HTTP/1.1" 200 22089 "https://ysfine.com/wdc/wasdc.html" "Mozilla/5.0 (Macintosh; Intel Mac OS X 10.13; rv:106.0) Gecko/20100101 Firefox/106.0" "ysfine.com"
71.105.74.21 - - [08/Nov/2022:08:15:37 -0800] "GET /wdc/gtown37c.jpg HTTP/1.1" 200 49301 "https://ysfine.com/wdc/wasdc.html" "Mozilla/5.0 (Macintosh; Intel Mac OS X 10.13; rv:106.0) Gecko/20100101 Firefox/106.0" "ysfine.com"
71.105.74.21 - - [08/Nov/2022:08:15:37 -0800] "GET /wdc/gtown21b.jpg HTTP/1.1" 200 46138 "https://ysfine.com/wdc/wasdc.html" "Mozilla/5.0 (Macintosh; Intel Mac OS X 10.13; rv:106.0) Gecko/20100101 Firefox/106.0" "ysfine.com"
71.105.74.21 - - [08/Nov/2022:08:15:36 -0800] "GET /maga/invent/marconi03b.jpg HTTP/1.1" 200 47650 "https://ysfine.com/wdc/wasdc.html" "Mozilla/5.0 (Macintosh; Intel Mac OS X 10.13; rv:106.0) Gecko/20100101 Firefox/106.0" "ysfine.com"
71.105.74.21 - - [08/Nov/2022:08:15:37 -0800] "GET /wdc/gtown23b.jpg HTTP/1.1" 200 37749 "https://ysfine.com/wdc/wasdc.html" "Mozilla/5.0 (Macintosh; Intel Mac OS X 10.13; rv:106.0) Gecko/20100101 Firefox/106.0" "ysfine.com"
71.105.74.21 - - [08/Nov/2022:08:15:37 -0800] "GET /wdc/anna05b.jpg HTTP/1.1" 200 39615 "https://ysfine.com/wdc/wasdc.html" "Mozilla/5.0 (Macintosh; Intel Mac OS X 10.13; rv:106.0) Gecko/20100101 Firefox/106.0" "ysfine.com"
71.105.74.21 - - [08/Nov/2022:08:15:38 -0800] "GET /favicon.ico HTTP/1.1" 404 88 "https://ysfine.com/wdc/wasdc.html" "Mozilla/5.0 (Macintosh; Intel Mac OS X 10.13; rv:106.0) Gecko/20100101 Firefox/106.0" "ysfine.com"
40.122.230.188 - - [08/Nov/2022:08:15:55 -0800] "GET /maga/phys/bohrheisen11b.jpg HTTP/1.1" 200 47511 "http://ysfine.com/maga/phys" "Mozilla/5.0 (Windows NT 10.0; Win64; x64) AppleWebKit/537.36 (KHTML, like Gecko) Chrome/74.0.3729.157 Safari/537.36" "ysfine.com"
216.244.66.229 - - [08/Nov/2022:08:15:58 -0800] "GET /beau/admire.html HTTP/1.1" 404 73 "-" "Mozilla/5.0 (compatible; DotBot/1.2; +https://opensiteexplorer.org/dotbot; help@moz.com)" "ysfine.com"
40.77.167.71 - - [08/Nov/2022:08:16:16 -0800] "GET /bio/bio10.html HTTP/1.1" 404 88 "-" "Mozilla/5.0 (compatible; bingbot/2.0; +http://www.bing.com/bingbot.htm)" "ysfine.com"
216.244.66.229 - - [08/Nov/2022:08:17:08 -0800] "GET /maga/phil/hegel10.jpg HTTP/1.1" 200 93341 "-" "Mozilla/5.0 (compatible; DotBot/1.2; +https://opensiteexplorer.org/dotbot; help@moz.com)" "ysfine.com"
40.77.167.27 - - [08/Nov/2022:08:17:11 -0800] "GET /world/germany/hegel02.jpg HTTP/1.1" 200 94009 "-" "Mozilla/5.0 AppleWebKit/537.36 (KHTML, like Gecko; compatible; bingbot/2.0; +http://www.bing.com/bingbot.htm) Chrome/103.0.5060.134 Safari/537.36" "ysfine.com"
71.105.74.21 - - [08/Nov/2022:08:17:13 -0800] "GET /wdc/lafpark02b.jpg HTTP/1.1" 200 40860 "https://ysfine.com/wdc/wasdc.html" "Mozilla/5.0 (Macintosh; Intel Mac OS X 10.13; rv:106.0) Gecko/20100101 Firefox/106.0" "ysfine.com"
71.105.74.21 - - [08/Nov/2022:08:17:13 -0800] "GET /wdc/umd06b.jpg HTTP/1.1" 200 34590 "https://ysfine.com/wdc/wasdc.html" "Mozilla/5.0 (Macintosh; Intel Mac OS X 10.13; rv:106.0) Gecko/20100101 Firefox/106.0" "ysfine.com"
71.105.74.21 - - [08/Nov/2022:08:17:13 -0800] "GET /wdc/nga05b.jpg HTTP/1.1" 200 40747 "https://ysfine.com/wdc/wasdc.html" "Mozilla/5.0 (Macintosh; Intel Mac OS X 10.13; rv:106.0) Gecko/20100101 Firefox/106.0" "ysfine.com"
71.105.74.21 - - [08/Nov/2022:08:17:13 -0800] "GET /wdc/whouse02b.jpg HTTP/1.1" 200 30118 "https://ysfine.com/wdc/wasdc.html" "Mozilla/5.0 (Macintosh; Intel Mac OS X 10.13; rv:106.0) Gecko/20100101 Firefox/106.0" "ysfine.com"
71.105.74.21 - - [08/Nov/2022:08:17:13 -0800] "GET /wdc/capitol07b.jpg HTTP/1.1" 200 47839 "https://ysfine.com/wdc/wasdc.html" "Mozilla/5.0 (Macintosh; Intel Mac OS X 10.13; rv:106.0) Gecko/20100101 Firefox/106.0" "ysfine.com"
71.105.74.21 - - [08/Nov/2022:08:17:13 -0800] "GET /wdc/nga02b.jpg HTTP/1.1" 200 42789 "https://ysfine.com/wdc/wasdc.html" "Mozilla/5.0 (Macintosh; Intel Mac OS X 10.13; rv:106.0) Gecko/20100101 Firefox/106.0" "ysfine.com"
71.105.74.21 - - [08/Nov/2022:08:17:13 -0800] "GET /wdc/supreme02b.jpg HTTP/1.1" 200 37198 "https://ysfine.com/wdc/wasdc.html" "Mozilla/5.0 (Macintosh; Intel Mac OS X 10.13; rv:106.0) Gecko/20100101 Firefox/106.0" "ysfine.com"
71.105.74.21 - - [08/Nov/2022:08:17:13 -0800] "GET /wdc/capitol02b.jpg HTTP/1.1" 200 30351 "https://ysfine.com/wdc/wasdc.html" "Mozilla/5.0 (Macintosh; Intel Mac OS X 10.13; rv:106.0) Gecko/20100101 Firefox/106.0" "ysfine.com"
71.105.74.21 - - [08/Nov/2022:08:17:13 -0800] "GET /wdc/pulaski01b.jpg HTTP/1.1" 200 43884 "https://ysfine.com/wdc/wasdc.html" "Mozilla/5.0 (Macintosh; Intel Mac OS X 10.13; rv:106.0) Gecko/20100101 Firefox/106.0" "ysfine.com"
71.105.74.21 - - [08/Nov/2022:08:17:13 -0800] "GET /wdc/dar11b.jpg HTTP/1.1" 200 37978 "https://ysfine.com/wdc/wasdc.html" "Mozilla/5.0 (Macintosh; Intel Mac OS X 10.13; rv:106.0) Gecko/20100101 Firefox/106.0" "ysfine.com"
71.105.74.21 - - [08/Nov/2022:08:17:13 -0800] "GET /wdc/corco33b.jpg HTTP/1.1" 200 31692 "https://ysfine.com/wdc/wasdc.html" "Mozilla/5.0 (Macintosh; Intel Mac OS X 10.13; rv:106.0) Gecko/20100101 Firefox/106.0" "ysfine.com"
71.105.74.21 - - [08/Nov/2022:08:17:13 -0800] "GET /wdc/sherman11b.jpg HTTP/1.1" 200 27477 "https://ysfine.com/wdc/wasdc.html" "Mozilla/5.0 (Macintosh; Intel Mac OS X 10.13; rv:106.0) Gecko/20100101 Firefox/106.0" "ysfine.com"
71.105.74.21 - - [08/Nov/2022:08:17:13 -0800] "GET /wdc/lafpark05b.jpg HTTP/1.1" 200 40496 "https://ysfine.com/wdc/wasdc.html" "Mozilla/5.0 (Macintosh; Intel Mac OS X 10.13; rv:106.0) Gecko/20100101 Firefox/106.0" "ysfine.com"
71.105.74.21 - - [08/Nov/2022:08:17:13 -0800] "GET /wdc/ndu11b.jpg HTTP/1.1" 200 33978 "https://ysfine.com/wdc/wasdc.html" "Mozilla/5.0 (Macintosh; Intel Mac OS X 10.13; rv:106.0) Gecko/20100101 Firefox/106.0" "ysfine.com"
71.105.74.21 - - [08/Nov/2022:08:17:13 -0800] "GET /style/alexandrov44b.jpg HTTP/1.1" 200 38881 "https://ysfine.com/wdc/wasdc.html" "Mozilla/5.0 (Macintosh; Intel Mac OS X 10.13; rv:106.0) Gecko/20100101 Firefox/106.0" "ysfine.com"
71.105.74.21 - - [08/Nov/2022:08:17:13 -0800] "GET /wdc/koreaw33b.jpg HTTP/1.1" 200 39262 "https://ysfine.com/wdc/wasdc.html" "Mozilla/5.0 (Macintosh; Intel Mac OS X 10.13; rv:106.0) Gecko/20100101 Firefox/106.0" "ysfine.com"
71.105.74.21 - - [08/Nov/2022:08:17:13 -0800] "GET /wdc/eindc03b.jpg HTTP/1.1" 200 54447 "https://ysfine.com/wdc/wasdc.html" "Mozilla/5.0 (Macintosh; Intel Mac OS X 10.13; rv:106.0) Gecko/20100101 Firefox/106.0" "ysfine.com"
71.105.74.21 - - [08/Nov/2022:08:17:13 -0800] "GET /wdc/ww2m66b.jpg HTTP/1.1" 200 32234 "https://ysfine.com/wdc/wasdc.html" "Mozilla/5.0 (Macintosh; Intel Mac OS X 10.13; rv:106.0) Gecko/20100101 Firefox/106.0" "ysfine.com"
71.105.74.21 - - [08/Nov/2022:08:17:13 -0800] "GET /wdc/heyadams22b.jpg HTTP/1.1" 200 40428 "https://ysfine.com/wdc/wasdc.html" "Mozilla/5.0 (Macintosh; Intel Mac OS X 10.13; rv:106.0) Gecko/20100101 Firefox/106.0" "ysfine.com"
71.105.74.21 - - [08/Nov/2022:08:17:13 -0800] "GET /wdc/sakura10b.jpg HTTP/1.1" 200 43136 "https://ysfine.com/wdc/wasdc.html" "Mozilla/5.0 (Macintosh; Intel Mac OS X 10.13; rv:106.0) Gecko/20100101 Firefox/106.0" "ysfine.com"
71.105.74.21 - - [08/Nov/2022:08:17:13 -0800] "GET /wdc/washmo01b.jpg HTTP/1.1" 200 24586 "https://ysfine.com/wdc/wasdc.html" "Mozilla/5.0 (Macintosh; Intel Mac OS X 10.13; rv:106.0) Gecko/20100101 Firefox/106.0" "ysfine.com"
71.105.74.21 - - [08/Nov/2022:08:17:13 -0800] "GET /wdc/willard33b.jpg HTTP/1.1" 200 42340 "https://ysfine.com/wdc/wasdc.html" "Mozilla/5.0 (Macintosh; Intel Mac OS X 10.13; rv:106.0) Gecko/20100101 Firefox/106.0" "ysfine.com"
71.105.74.21 - - [08/Nov/2022:08:17:13 -0800] "GET /wdc/lincoln02b.jpg HTTP/1.1" 200 27630 "https://ysfine.com/wdc/wasdc.html" "Mozilla/5.0 (Macintosh; Intel Mac OS X 10.13; rv:106.0) Gecko/20100101 Firefox/106.0" "ysfine.com"
71.105.74.21 - - [08/Nov/2022:08:17:13 -0800] "GET /wdc/jeffm02b.jpg HTTP/1.1" 200 32468 "https://ysfine.com/wdc/wasdc.html" "Mozilla/5.0 (Macintosh; Intel Mac OS X 10.13; rv:106.0) Gecko/20100101 Firefox/106.0" "ysfine.com"
71.105.74.21 - - [08/Nov/2022:08:17:13 -0800] "GET /wdc/obelisk11b.jpg HTTP/1.1" 200 30019 "https://ysfine.com/wdc/wasdc.html" "Mozilla/5.0 (Macintosh; Intel Mac OS X 10.13; rv:106.0) Gecko/20100101 Firefox/106.0" "ysfine.com"
71.105.74.21 - - [08/Nov/2022:08:17:13 -0800] "GET /wdc/reagan44b.jpg HTTP/1.1" 200 36340 "https://ysfine.com/wdc/wasdc.html" "Mozilla/5.0 (Macintosh; Intel Mac OS X 10.13; rv:106.0) Gecko/20100101 Firefox/106.0" "ysfine.com"
71.105.74.21 - - [08/Nov/2022:08:17:13 -0800] "GET /wdc/washmo07b.jpg HTTP/1.1" 200 34166 "https://ysfine.com/wdc/wasdc.html" "Mozilla/5.0 (Macintosh; Intel Mac OS X 10.13; rv:106.0) Gecko/20100101 Firefox/106.0" "ysfine.com"
71.105.74.21 - - [08/Nov/2022:08:17:13 -0800] "GET /wdc/reagan55b.jpg HTTP/1.1" 200 32608 "https://ysfine.com/wdc/wasdc.html" "Mozilla/5.0 (Macintosh; Intel Mac OS X 10.13; rv:106.0) Gecko/20100101 Firefox/106.0" "ysfine.com"
71.105.74.21 - - [08/Nov/2022:08:17:13 -0800] "GET /maga/invent/marconi03b.jpg HTTP/1.1" 200 47650 "https://ysfine.com/wdc/wasdc.html" "Mozilla/5.0 (Macintosh; Intel Mac OS X 10.13; rv:106.0) Gecko/20100101 Firefox/106.0" "ysfine.com"
71.105.74.21 - - [08/Nov/2022:08:17:13 -0800] "GET /wdc/whxmas/whxmas01b.jpg HTTP/1.1" 200 22089 "https://ysfine.com/wdc/wasdc.html" "Mozilla/5.0 (Macintosh; Intel Mac OS X 10.13; rv:106.0) Gecko/20100101 Firefox/106.0" "ysfine.com"
71.105.74.21 - - [08/Nov/2022:08:17:13 -0800] "GET /wdc/gtown03b.jpg HTTP/1.1" 200 50421 "https://ysfine.com/wdc/wasdc.html" "Mozilla/5.0 (Macintosh; Intel Mac OS X 10.13; rv:106.0) Gecko/20100101 Firefox/106.0" "ysfine.com"
71.105.74.21 - - [08/Nov/2022:08:17:14 -0800] "GET /wdc/gtown15b.jpg HTTP/1.1" 200 38625 "https://ysfine.com/wdc/wasdc.html" "Mozilla/5.0 (Macintosh; Intel Mac OS X 10.13; rv:106.0) Gecko/20100101 Firefox/106.0" "ysfine.com"
71.105.74.21 - - [08/Nov/2022:08:17:14 -0800] "GET /style/kirovken22b.jpg HTTP/1.1" 200 36856 "https://ysfine.com/wdc/wasdc.html" "Mozilla/5.0 (Macintosh; Intel Mac OS X 10.13; rv:106.0) Gecko/20100101 Firefox/106.0" "ysfine.com"
71.105.74.21 - - [08/Nov/2022:08:17:14 -0800] "GET /wdc/gtown21b.jpg HTTP/1.1" 200 46138 "https://ysfine.com/wdc/wasdc.html" "Mozilla/5.0 (Macintosh; Intel Mac OS X 10.13; rv:106.0) Gecko/20100101 Firefox/106.0" "ysfine.com"
71.105.74.21 - - [08/Nov/2022:08:17:14 -0800] "GET /wdc/ncath11c.jpg HTTP/1.1" 200 27058 "https://ysfine.com/wdc/wasdc.html" "Mozilla/5.0 (Macintosh; Intel Mac OS X 10.13; rv:106.0) Gecko/20100101 Firefox/106.0" "ysfine.com"
71.105.74.21 - - [08/Nov/2022:08:17:14 -0800] "GET /wdc/kennedyc05b.jpg HTTP/1.1" 200 26902 "https://ysfine.com/wdc/wasdc.html" "Mozilla/5.0 (Macintosh; Intel Mac OS X 10.13; rv:106.0) Gecko/20100101 Firefox/106.0" "ysfine.com"
71.105.74.21 - - [08/Nov/2022:08:17:14 -0800] "GET /wdc/gtown24b.jpg HTTP/1.1" 200 35392 "https://ysfine.com/wdc/wasdc.html" "Mozilla/5.0 (Macintosh; Intel Mac OS X 10.13; rv:106.0) Gecko/20100101 Firefox/106.0" "ysfine.com"
71.105.74.21 - - [08/Nov/2022:08:17:14 -0800] "GET /wdc/gtown37c.jpg HTTP/1.1" 200 49301 "https://ysfine.com/wdc/wasdc.html" "Mozilla/5.0 (Macintosh; Intel Mac OS X 10.13; rv:106.0) Gecko/20100101 Firefox/106.0" "ysfine.com"
71.105.74.21 - - [08/Nov/2022:08:17:14 -0800] "GET /wdc/anna05b.jpg HTTP/1.1" 200 39615 "https://ysfine.com/wdc/wasdc.html" "Mozilla/5.0 (Macintosh; Intel Mac OS X 10.13; rv:106.0) Gecko/20100101 Firefox/106.0" "ysfine.com"
71.105.74.21 - - [08/Nov/2022:08:17:14 -0800] "GET /wdc/gtown32c.jpg HTTP/1.1" 200 40837 "https://ysfine.com/wdc/wasdc.html" "Mozilla/5.0 (Macintosh; Intel Mac OS X 10.13; rv:106.0) Gecko/20100101 Firefox/106.0" "ysfine.com"
71.105.74.21 - - [08/Nov/2022:08:17:14 -0800] "GET /wdc/gtown23b.jpg HTTP/1.1" 200 37749 "https://ysfine.com/wdc/wasdc.html" "Mozilla/5.0 (Macintosh; Intel Mac OS X 10.13; rv:106.0) Gecko/20100101 Firefox/106.0" "ysfine.com"
71.105.74.21 - - [08/Nov/2022:08:17:14 -0800] "GET /wdc/kennedyc06b.jpg HTTP/1.1" 200 32476 "https://ysfine.com/wdc/wasdc.html" "Mozilla/5.0 (Macintosh; Intel Mac OS X 10.13; rv:106.0) Gecko/20100101 Firefox/106.0" "ysfine.com"
71.105.74.21 - - [08/Nov/2022:08:17:14 -0800] "GET /wdc/kennedyc17b.jpg HTTP/1.1" 200 38708 "https://ysfine.com/wdc/wasdc.html" "Mozilla/5.0 (Macintosh; Intel Mac OS X 10.13; rv:106.0) Gecko/20100101 Firefox/106.0" "ysfine.com"
71.105.74.21 - - [08/Nov/2022:08:17:14 -0800] "GET /wdc/gtown08b.jpg HTTP/1.1" 200 55792 "https://ysfine.com/wdc/wasdc.html" "Mozilla/5.0 (Macintosh; Intel Mac OS X 10.13; rv:106.0) Gecko/20100101 Firefox/106.0" "ysfine.com"
71.105.74.21 - - [08/Nov/2022:08:17:14 -0800] "GET /favicon.ico HTTP/1.1" 404 88 "https://ysfine.com/wdc/wasdc.html" "Mozilla/5.0 (Macintosh; Intel Mac OS X 10.13; rv:106.0) Gecko/20100101 Firefox/106.0" "ysfine.com"
40.77.167.71 - - [08/Nov/2022:08:17:16 -0800] "GET /world/scandi/copen071.jpg HTTP/1.1" 200 91082 "-" "Mozilla/5.0 (compatible; bingbot/2.0; +http://www.bing.com/bingbot.htm)" "ysfine.com"
71.105.74.21 - - [08/Nov/2022:08:17:37 -0800] "GET /wdc/reagan55b.jpg HTTP/1.1" 200 32608 "https://ysfine.com/wdc/wasdc.html" "Mozilla/5.0 (Macintosh; Intel Mac OS X 10.13; rv:106.0) Gecko/20100101 Firefox/106.0" "ysfine.com"
71.105.74.21 - - [08/Nov/2022:08:17:37 -0800] "GET /wdc/willard33b.jpg HTTP/1.1" 200 42340 "https://ysfine.com/wdc/wasdc.html" "Mozilla/5.0 (Macintosh; Intel Mac OS X 10.13; rv:106.0) Gecko/20100101 Firefox/106.0" "ysfine.com"
71.105.74.21 - - [08/Nov/2022:08:17:37 -0800] "GET /wdc/nga02b.jpg HTTP/1.1" 200 42789 "https://ysfine.com/wdc/wasdc.html" "Mozilla/5.0 (Macintosh; Intel Mac OS X 10.13; rv:106.0) Gecko/20100101 Firefox/106.0" "ysfine.com"
71.105.74.21 - - [08/Nov/2022:08:17:37 -0800] "GET /wdc/sherman11b.jpg HTTP/1.1" 200 27477 "https://ysfine.com/wdc/wasdc.html" "Mozilla/5.0 (Macintosh; Intel Mac OS X 10.13; rv:106.0) Gecko/20100101 Firefox/106.0" "ysfine.com"
71.105.74.21 - - [08/Nov/2022:08:17:37 -0800] "GET /wdc/capitol07b.jpg HTTP/1.1" 200 47839 "https://ysfine.com/wdc/wasdc.html" "Mozilla/5.0 (Macintosh; Intel Mac OS X 10.13; rv:106.0) Gecko/20100101 Firefox/106.0" "ysfine.com"
71.105.74.21 - - [08/Nov/2022:08:17:37 -0800] "GET /wdc/pulaski01b.jpg HTTP/1.1" 200 43884 "https://ysfine.com/wdc/wasdc.html" "Mozilla/5.0 (Macintosh; Intel Mac OS X 10.13; rv:106.0) Gecko/20100101 Firefox/106.0" "ysfine.com"
71.105.74.21 - - [08/Nov/2022:08:17:37 -0800] "GET /style/kirovken22b.jpg HTTP/1.1" 200 36856 "https://ysfine.com/wdc/wasdc.html" "Mozilla/5.0 (Macintosh; Intel Mac OS X 10.13; rv:106.0) Gecko/20100101 Firefox/106.0" "ysfine.com"
71.105.74.21 - - [08/Nov/2022:08:17:37 -0800] "GET /wdc/gtown23b.jpg HTTP/1.1" 200 37749 "https://ysfine.com/wdc/wasdc.html" "Mozilla/5.0 (Macintosh; Intel Mac OS X 10.13; rv:106.0) Gecko/20100101 Firefox/106.0" "ysfine.com"
71.105.74.21 - - [08/Nov/2022:08:17:37 -0800] "GET /wdc/reagan44b.jpg HTTP/1.1" 200 36340 "https://ysfine.com/wdc/wasdc.html" "Mozilla/5.0 (Macintosh; Intel Mac OS X 10.13; rv:106.0) Gecko/20100101 Firefox/106.0" "ysfine.com"
71.105.74.21 - - [08/Nov/2022:08:17:37 -0800] "GET /wdc/ncath11c.jpg HTTP/1.1" 200 27058 "https://ysfine.com/wdc/wasdc.html" "Mozilla/5.0 (Macintosh; Intel Mac OS X 10.13; rv:106.0) Gecko/20100101 Firefox/106.0" "ysfine.com"
71.105.74.21 - - [08/Nov/2022:08:17:37 -0800] "GET /wdc/gtown32c.jpg HTTP/1.1" 200 40837 "https://ysfine.com/wdc/wasdc.html" "Mozilla/5.0 (Macintosh; Intel Mac OS X 10.13; rv:106.0) Gecko/20100101 Firefox/106.0" "ysfine.com"
71.105.74.21 - - [08/Nov/2022:08:17:37 -0800] "GET /wdc/obelisk11b.jpg HTTP/1.1" 200 30019 "https://ysfine.com/wdc/wasdc.html" "Mozilla/5.0 (Macintosh; Intel Mac OS X 10.13; rv:106.0) Gecko/20100101 Firefox/106.0" "ysfine.com"
71.105.74.21 - - [08/Nov/2022:08:17:37 -0800] "GET /wdc/umd06b.jpg HTTP/1.1" 200 34590 "https://ysfine.com/wdc/wasdc.html" "Mozilla/5.0 (Macintosh; Intel Mac OS X 10.13; rv:106.0) Gecko/20100101 Firefox/106.0" "ysfine.com"
71.105.74.21 - - [08/Nov/2022:08:17:37 -0800] "GET /wdc/lincoln02b.jpg HTTP/1.1" 200 27630 "https://ysfine.com/wdc/wasdc.html" "Mozilla/5.0 (Macintosh; Intel Mac OS X 10.13; rv:106.0) Gecko/20100101 Firefox/106.0" "ysfine.com"
71.105.74.21 - - [08/Nov/2022:08:17:37 -0800] "GET /wdc/whxmas/whxmas01b.jpg HTTP/1.1" 200 22089 "https://ysfine.com/wdc/wasdc.html" "Mozilla/5.0 (Macintosh; Intel Mac OS X 10.13; rv:106.0) Gecko/20100101 Firefox/106.0" "ysfine.com"
71.105.74.21 - - [08/Nov/2022:08:17:37 -0800] "GET /wdc/nga05b.jpg HTTP/1.1" 200 40747 "https://ysfine.com/wdc/wasdc.html" "Mozilla/5.0 (Macintosh; Intel Mac OS X 10.13; rv:106.0) Gecko/20100101 Firefox/106.0" "ysfine.com"
71.105.74.21 - - [08/Nov/2022:08:17:37 -0800] "GET /wdc/capitol02b.jpg HTTP/1.1" 200 30351 "https://ysfine.com/wdc/wasdc.html" "Mozilla/5.0 (Macintosh; Intel Mac OS X 10.13; rv:106.0) Gecko/20100101 Firefox/106.0" "ysfine.com"
71.105.74.21 - - [08/Nov/2022:08:17:37 -0800] "GET /wdc/supreme02b.jpg HTTP/1.1" 200 37198 "https://ysfine.com/wdc/wasdc.html" "Mozilla/5.0 (Macintosh; Intel Mac OS X 10.13; rv:106.0) Gecko/20100101 Firefox/106.0" "ysfine.com"
71.105.74.21 - - [08/Nov/2022:08:17:37 -0800] "GET /wdc/dar11b.jpg HTTP/1.1" 200 37978 "https://ysfine.com/wdc/wasdc.html" "Mozilla/5.0 (Macintosh; Intel Mac OS X 10.13; rv:106.0) Gecko/20100101 Firefox/106.0" "ysfine.com"
71.105.74.21 - - [08/Nov/2022:08:17:37 -0800] "GET /wdc/heyadams22b.jpg HTTP/1.1" 200 40428 "https://ysfine.com/wdc/wasdc.html" "Mozilla/5.0 (Macintosh; Intel Mac OS X 10.13; rv:106.0) Gecko/20100101 Firefox/106.0" "ysfine.com"
71.105.74.21 - - [08/Nov/2022:08:17:37 -0800] "GET /wdc/lafpark02b.jpg HTTP/1.1" 200 40860 "https://ysfine.com/wdc/wasdc.html" "Mozilla/5.0 (Macintosh; Intel Mac OS X 10.13; rv:106.0) Gecko/20100101 Firefox/106.0" "ysfine.com"
71.105.74.21 - - [08/Nov/2022:08:17:37 -0800] "GET /wdc/loc01b.jpg HTTP/1.1" 200 59811 "https://ysfine.com/wdc/wasdc.html" "Mozilla/5.0 (Macintosh; Intel Mac OS X 10.13; rv:106.0) Gecko/20100101 Firefox/106.0" "ysfine.com"
71.105.74.21 - - [08/Nov/2022:08:17:37 -0800] "GET /wdc/corco33b.jpg HTTP/1.1" 200 31692 "https://ysfine.com/wdc/wasdc.html" "Mozilla/5.0 (Macintosh; Intel Mac OS X 10.13; rv:106.0) Gecko/20100101 Firefox/106.0" "ysfine.com"
71.105.74.21 - - [08/Nov/2022:08:17:37 -0800] "GET /wdc/whouse02b.jpg HTTP/1.1" 200 30118 "https://ysfine.com/wdc/wasdc.html" "Mozilla/5.0 (Macintosh; Intel Mac OS X 10.13; rv:106.0) Gecko/20100101 Firefox/106.0" "ysfine.com"
71.105.74.21 - - [08/Nov/2022:08:17:37 -0800] "GET /wdc/lafpark05b.jpg HTTP/1.1" 200 40496 "https://ysfine.com/wdc/wasdc.html" "Mozilla/5.0 (Macintosh; Intel Mac OS X 10.13; rv:106.0) Gecko/20100101 Firefox/106.0" "ysfine.com"
71.105.74.21 - - [08/Nov/2022:08:17:37 -0800] "GET /wdc/kennedyc17b.jpg HTTP/1.1" 200 38708 "https://ysfine.com/wdc/wasdc.html" "Mozilla/5.0 (Macintosh; Intel Mac OS X 10.13; rv:106.0) Gecko/20100101 Firefox/106.0" "ysfine.com"
71.105.74.21 - - [08/Nov/2022:08:17:37 -0800] "GET /wdc/gtown08b.jpg HTTP/1.1" 200 55792 "https://ysfine.com/wdc/wasdc.html" "Mozilla/5.0 (Macintosh; Intel Mac OS X 10.13; rv:106.0) Gecko/20100101 Firefox/106.0" "ysfine.com"
71.105.74.21 - - [08/Nov/2022:08:17:37 -0800] "GET /style/alexandrov44b.jpg HTTP/1.1" 200 38881 "https://ysfine.com/wdc/wasdc.html" "Mozilla/5.0 (Macintosh; Intel Mac OS X 10.13; rv:106.0) Gecko/20100101 Firefox/106.0" "ysfine.com"
71.105.74.21 - - [08/Nov/2022:08:17:37 -0800] "GET /wdc/kennedyc06b.jpg HTTP/1.1" 200 32476 "https://ysfine.com/wdc/wasdc.html" "Mozilla/5.0 (Macintosh; Intel Mac OS X 10.13; rv:106.0) Gecko/20100101 Firefox/106.0" "ysfine.com"
71.105.74.21 - - [08/Nov/2022:08:17:37 -0800] "GET /wdc/gtown24b.jpg HTTP/1.1" 200 35392 "https://ysfine.com/wdc/wasdc.html" "Mozilla/5.0 (Macintosh; Intel Mac OS X 10.13; rv:106.0) Gecko/20100101 Firefox/106.0" "ysfine.com"
71.105.74.21 - - [08/Nov/2022:08:17:37 -0800] "GET /wdc/eindc03b.jpg HTTP/1.1" 200 54447 "https://ysfine.com/wdc/wasdc.html" "Mozilla/5.0 (Macintosh; Intel Mac OS X 10.13; rv:106.0) Gecko/20100101 Firefox/106.0" "ysfine.com"
71.105.74.21 - - [08/Nov/2022:08:17:37 -0800] "GET /wdc/ww2m66b.jpg HTTP/1.1" 200 32234 "https://ysfine.com/wdc/wasdc.html" "Mozilla/5.0 (Macintosh; Intel Mac OS X 10.13; rv:106.0) Gecko/20100101 Firefox/106.0" "ysfine.com"
71.105.74.21 - - [08/Nov/2022:08:17:37 -0800] "GET /wdc/gtown03b.jpg HTTP/1.1" 200 50421 "https://ysfine.com/wdc/wasdc.html" "Mozilla/5.0 (Macintosh; Intel Mac OS X 10.13; rv:106.0) Gecko/20100101 Firefox/106.0" "ysfine.com"
71.105.74.21 - - [08/Nov/2022:08:17:37 -0800] "GET /wdc/sakura10b.jpg HTTP/1.1" 200 43136 "https://ysfine.com/wdc/wasdc.html" "Mozilla/5.0 (Macintosh; Intel Mac OS X 10.13; rv:106.0) Gecko/20100101 Firefox/106.0" "ysfine.com"
71.105.74.21 - - [08/Nov/2022:08:17:37 -0800] "GET /wdc/gtown37c.jpg HTTP/1.1" 200 49301 "https://ysfine.com/wdc/wasdc.html" "Mozilla/5.0 (Macintosh; Intel Mac OS X 10.13; rv:106.0) Gecko/20100101 Firefox/106.0" "ysfine.com"
71.105.74.21 - - [08/Nov/2022:08:17:37 -0800] "GET /maga/invent/marconi03b.jpg HTTP/1.1" 200 47650 "https://ysfine.com/wdc/wasdc.html" "Mozilla/5.0 (Macintosh; Intel Mac OS X 10.13; rv:106.0) Gecko/20100101 Firefox/106.0" "ysfine.com"
71.105.74.21 - - [08/Nov/2022:08:17:37 -0800] "GET /wdc/gtown15b.jpg HTTP/1.1" 200 38625 "https://ysfine.com/wdc/wasdc.html" "Mozilla/5.0 (Macintosh; Intel Mac OS X 10.13; rv:106.0) Gecko/20100101 Firefox/106.0" "ysfine.com"
71.105.74.21 - - [08/Nov/2022:08:17:37 -0800] "GET /wdc/koreaw33b.jpg HTTP/1.1" 200 39262 "https://ysfine.com/wdc/wasdc.html" "Mozilla/5.0 (Macintosh; Intel Mac OS X 10.13; rv:106.0) Gecko/20100101 Firefox/106.0" "ysfine.com"
71.105.74.21 - - [08/Nov/2022:08:17:37 -0800] "GET /wdc/gtown21b.jpg HTTP/1.1" 200 46138 "https://ysfine.com/wdc/wasdc.html" "Mozilla/5.0 (Macintosh; Intel Mac OS X 10.13; rv:106.0) Gecko/20100101 Firefox/106.0" "ysfine.com"
71.105.74.21 - - [08/Nov/2022:08:17:37 -0800] "GET /wdc/washmo07b.jpg HTTP/1.1" 200 34166 "https://ysfine.com/wdc/wasdc.html" "Mozilla/5.0 (Macintosh; Intel Mac OS X 10.13; rv:106.0) Gecko/20100101 Firefox/106.0" "ysfine.com"
71.105.74.21 - - [08/Nov/2022:08:17:37 -0800] "GET /wdc/jeffm02b.jpg HTTP/1.1" 200 32468 "https://ysfine.com/wdc/wasdc.html" "Mozilla/5.0 (Macintosh; Intel Mac OS X 10.13; rv:106.0) Gecko/20100101 Firefox/106.0" "ysfine.com"
71.105.74.21 - - [08/Nov/2022:08:17:37 -0800] "GET /wdc/kennedyc05b.jpg HTTP/1.1" 200 26902 "https://ysfine.com/wdc/wasdc.html" "Mozilla/5.0 (Macintosh; Intel Mac OS X 10.13; rv:106.0) Gecko/20100101 Firefox/106.0" "ysfine.com"
71.105.74.21 - - [08/Nov/2022:08:17:37 -0800] "GET /wdc/ndu11b.jpg HTTP/1.1" 200 33978 "https://ysfine.com/wdc/wasdc.html" "Mozilla/5.0 (Macintosh; Intel Mac OS X 10.13; rv:106.0) Gecko/20100101 Firefox/106.0" "ysfine.com"
71.105.74.21 - - [08/Nov/2022:08:17:37 -0800] "GET /wdc/washmo01b.jpg HTTP/1.1" 200 24586 "https://ysfine.com/wdc/wasdc.html" "Mozilla/5.0 (Macintosh; Intel Mac OS X 10.13; rv:106.0) Gecko/20100101 Firefox/106.0" "ysfine.com"
71.105.74.21 - - [08/Nov/2022:08:17:37 -0800] "GET /favicon.ico HTTP/1.1" 404 88 "https://ysfine.com/wdc/wasdc.html" "Mozilla/5.0 (Macintosh; Intel Mac OS X 10.13; rv:106.0) Gecko/20100101 Firefox/106.0" "ysfine.com"
40.77.167.68 - - [08/Nov/2022:08:17:42 -0800] "GET /feynman/fa5.jpg HTTP/1.1" 200 9728 "-" "Mozilla/5.0 (compatible; bingbot/2.0; +http://www.bing.com/bingbot.htm)" "ysfine.com"
79.32.182.9 - - [08/Nov/2022:08:17:49 -0800] "GET /einstein/texfiles/einheis03.jpg HTTP/1.1" 200 46000 "https://www.google.com/" "Mozilla/5.0 (Windows NT 10.0; Win64; x64; rv:106.0) Gecko/20100101 Firefox/106.0" "ysfine.com"
35.231.212.9 - - [08/Nov/2022:08:17:58 -0800] "GET /home/bio77.html HTTP/1.1" 404 88 "-" "ZoominfoBot (zoominfobot at zoominfo dot com)" "ysfine.com"
216.244.66.229 - - [08/Nov/2022:08:17:58 -0800] "GET /world/baltic/frombork.jpg HTTP/1.1" 200 147887 "-" "Mozilla/5.0 (compatible; DotBot/1.2; +https://opensiteexplorer.org/dotbot; help@moz.com)" "ysfine.com"
40.122.227.201 - - [08/Nov/2022:08:18:05 -0800] "GET /world/germany/berlin031b.jpg HTTP/1.1" 200 27606 "http://ysfine.com/world/germany" "Mozilla/5.0 (Windows NT 10.0; Win64; x64) AppleWebKit/537.36 (KHTML, like Gecko) Chrome/74.0.3729.157 Safari/537.36" "ysfine.com"
20.109.241.96 - - [08/Nov/2022:08:18:09 -0800] "GET /world/baltic/rigaeisen04b.jpg HTTP/1.1" 200 27149 "https://ysfine.com/world/baltic" "Mozilla/5.0 (Macintosh; Intel Mac OS X 10_11_6) AppleWebKit/605.1.15 (KHTML, like Gecko) Version/11.1.2 Safari/605.1.15" "ysfine.com"
31.191.57.43 - - [08/Nov/2022:08:18:40 -0800] "GET /feynman/feydirac.jpg HTTP/1.1" 200 98378 "https://www.google.com/" "Mozilla/5.0 (Windows NT 10.0; Win64; x64) AppleWebKit/537.36 (KHTML, like Gecko) Chrome/107.0.0.0 Safari/537.36" "ysfine.com"
216.244.66.229 - - [08/Nov/2022:08:18:49 -0800] "GET /world/scanw.html HTTP/1.1" 200 25366 "-" "Mozilla/5.0 (compatible; DotBot/1.2; +https://opensiteexplorer.org/dotbot; help@moz.com)" "ysfine.com"
193.186.4.89 - - [08/Nov/2022:08:19:00 -0800] "GET /world/brit/etonharrow.html HTTP/1.1" 200 4546 "-" "Mozilla/5.0 (Linux; Android 10; K) AppleWebKit/537.36 (KHTML, like Gecko) Chrome/107.0.0.0 Mobile Safari/537.36" "ysfine.com"
193.186.4.89 - - [08/Nov/2022:08:19:09 -0800] "GET /world/brit/etonharrow.html HTTP/1.1" 200 4546 "-" "Mozilla/5.0 (Linux; Android 10; K) AppleWebKit/537.36 (KHTML, like Gecko) Chrome/107.0.0.0 Mobile Safari/537.36" "ysfine.com"
40.77.167.71 - - [08/Nov/2022:08:19:26 -0800] "GET /bio/feynman/partons.html HTTP/1.1" 404 88 "-" "Mozilla/5.0 (compatible; bingbot/2.0; +http://www.bing.com/bingbot.htm)" "ysfine.com"
82.185.35.91 - - [08/Nov/2022:08:20:10 -0800] "GET /wigner/supper650.jpg HTTP/1.1" 200 60839 "https://www.google.com/" "Mozilla/5.0 (Windows NT 10.0; Win64; x64) AppleWebKit/537.36 (KHTML, like Gecko) Chrome/107.0.0.0 Safari/537.36" "ysfine.com"
216.244.66.229 - - [08/Nov/2022:08:20:14 -0800] "GET /wigner/little.html HTTP/1.1" 200 8572 "-" "Mozilla/5.0 (compatible; DotBot/1.2; +https://opensiteexplorer.org/dotbot; help@moz.com)" "ysfine.com"
157.55.39.65 - - [08/Nov/2022:08:20:19 -0800] "GET /bio/einstein/einkant.html HTTP/1.1" 404 88 "-" "Mozilla/5.0 AppleWebKit/537.36 (KHTML, like Gecko; compatible; bingbot/2.0; +http://www.bing.com/bingbot.htm) Chrome/103.0.5060.134 Safari/537.36" "ysfine.com"
35.231.212.9 - - [08/Nov/2022:08:20:28 -0800] "GET /princeton/index.html HTTP/1.1" 200 140 "-" "ZoominfoBot (zoominfobot at zoominfo dot com)" "ysfine.com"
40.77.167.71 - - [08/Nov/2022:08:20:35 -0800] "GET /usca/pitt/pitbridge01b.jpg HTTP/1.1" 200 40959 "-" "Mozilla/5.0 AppleWebKit/537.36 (KHTML, like Gecko; compatible; bingbot/2.0; +http://www.bing.com/bingbot.htm) Chrome/103.0.5060.134 Safari/537.36" "ysfine.com"
216.244.66.229 - - [08/Nov/2022:08:20:41 -0800] "GET /world/ital/padova25.jpg HTTP/1.1" 200 73204 "-" "Mozilla/5.0 (compatible; DotBot/1.2; +https://opensiteexplorer.org/dotbot; help@moz.com)" "ysfine.com"
20.109.241.82 - - [08/Nov/2022:08:20:49 -0800] "GET /world/ital/termini04b.jpg HTTP/1.1" 200 26652 "https://ysfine.com/world/ital" "Mozilla/5.0 (X11; Linux x86_64) AppleWebKit/537.36 (KHTML, like Gecko) Chrome/74.0.3729.169 Safari/537.36" "ysfine.com"
20.109.241.81 - - [08/Nov/2022:08:21:10 -0800] "GET /world/ital/sapienza14b.jpg HTTP/1.1" 200 20606 "http://ysfine.com/world/ital" "Mozilla/5.0 (Macintosh; Intel Mac OS X 10_11_6) AppleWebKit/605.1.15 (KHTML, like Gecko) Version/11.1.2 Safari/605.1.15" "ysfine.com"
40.77.167.68 - - [08/Nov/2022:08:21:32 -0800] "GET /ysbio/einstein/evol22.html HTTP/1.1" 404 88 "-" "Mozilla/5.0 AppleWebKit/537.36 (KHTML, like Gecko; compatible; bingbot/2.0; +http://www.bing.com/bingbot.htm) Chrome/103.0.5060.134 Safari/537.36" "ysfine.com"
40.122.227.202 - - [08/Nov/2022:08:21:51 -0800] "GET /princeton/firestone33.jpg HTTP/1.1" 200 105117 "http://ysfine.com/princeton" "Mozilla/5.0 (iPhone; CPU iPhone OS 13_5_1 like Mac OS X) AppleWebKit/605.1.15 (KHTML, like Gecko) Version/13.1.1 Mobile/15E148 Safari/604.1" "ysfine.com"
69.63.162.130 - - [08/Nov/2022:08:21:53 -0800] "GET /einstein/heisen33.jpg HTTP/1.1" 200 501915 "https://www.bing.com/" "Mozilla/5.0 (Windows NT 10.0; Win64; x64) AppleWebKit/537.36 (KHTML, like Gecko) Chrome/107.0.0.0 Safari/537.36 Edg/107.0.1418.26" "www.ysfine.com"
157.55.39.17 - - [08/Nov/2022:08:22:23 -0800] "GET /world/france/champ1212.jpg HTTP/1.1" 200 119686 "-" "Mozilla/5.0 AppleWebKit/537.36 (KHTML, like Gecko; compatible; bingbot/2.0; +http://www.bing.com/bingbot.htm) Chrome/103.0.5060.134 Safari/537.36" "www.ysfine.com"
157.55.39.65 - - [08/Nov/2022:08:22:30 -0800] "GET /bio/houses/christmas.html HTTP/1.1" 404 88 "-" "Mozilla/5.0 (compatible; bingbot/2.0; +http://www.bing.com/bingbot.htm)" "ysfine.com"
40.77.167.27 - - [08/Nov/2022:08:22:53 -0800] "GET /world/germany/berlinf01.jpg HTTP/1.1" 200 103478 "-" "Mozilla/5.0 AppleWebKit/537.36 (KHTML, like Gecko; compatible; bingbot/2.0; +http://www.bing.com/bingbot.htm) Chrome/103.0.5060.134 Safari/537.36" "www.ysfine.com"
40.77.167.68 - - [08/Nov/2022:08:23:12 -0800] "GET /newyork/radioci01.jpg HTTP/1.1" 200 235186 "-" "Mozilla/5.0 AppleWebKit/537.36 (KHTML, like Gecko; compatible; bingbot/2.0; +http://www.bing.com/bingbot.htm) Chrome/103.0.5060.134 Safari/537.36" "ysfine.com"
157.55.39.65 - - [08/Nov/2022:08:23:51 -0800] "GET /bio/feynman/fphoto.html HTTP/1.1" 404 88 "-" "Mozilla/5.0 AppleWebKit/537.36 (KHTML, like Gecko; compatible; bingbot/2.0; +http://www.bing.com/bingbot.htm) Chrome/103.0.5060.134 Safari/537.36" "ysfine.com"
157.55.39.65 - - [08/Nov/2022:08:24:08 -0800] "GET /world/russ/kazan033b.jpg HTTP/1.1" 200 45294 "-" "Mozilla/5.0 AppleWebKit/537.36 (KHTML, like Gecko; compatible; bingbot/2.0; +http://www.bing.com/bingbot.htm) Chrome/103.0.5060.134 Safari/537.36" "ysfine.com"
40.86.101.252 - - [08/Nov/2022:08:24:15 -0800] "GET /world/brit/stpaul09b.jpg HTTP/1.1" 200 42055 "http://ysfine.com/world/brit" "Mozilla/5.0 (iPhone; CPU iPhone OS 13_5_1 like Mac OS X) AppleWebKit/605.1.15 (KHTML, like Gecko) Version/13.1.1 Mobile/15E148 Safari/604.1" "ysfine.com"
40.122.227.201 - - [08/Nov/2022:08:24:37 -0800] "GET /world/china/dalian34b.jpg HTTP/1.1" 200 37995 "https://ysfine.com/world/china" "Mozilla/5.0 (Linux; Android 10; SM-G960U) AppleWebKit/537.36 (KHTML, like Gecko) Chrome/88.0.4324.181 Mobile Safari/537.36" "ysfine.com"
58.250.125.82 - - [08/Nov/2022:08:25:19 -0800] "GET / HTTP/1.1" 200 5283 "-" "Sogou web spider/4.0(+http://www.sogou.com/docs/help/webmasters.htm#07)" "ysfine.com"
13.67.224.13 - - [08/Nov/2022:08:26:09 -0800] "GET /friends/aline/british01b.jpg HTTP/1.1" 404 88 "http://ysfine.com/friends/aline" "Mozilla/5.0 (Macintosh; Intel Mac OS X 10_11_6) AppleWebKit/605.1.15 (KHTML, like Gecko) Version/11.1.2 Safari/605.1.15" "ysfine.com"
35.231.212.9 - - [08/Nov/2022:08:26:18 -0800] "GET /jobs/index.html HTTP/1.1" 200 123 "-" "ZoominfoBot (zoominfobot at zoominfo dot com)" "ysfine.com"
40.122.227.201 - - [08/Nov/2022:08:26:59 -0800] "GET /kobak/underw22b.jpg HTTP/1.1" 200 68866 "https://ysfine.com/kobak" "Mozilla/5.0 (Linux; Android 10; SM-G960U) AppleWebKit/537.36 (KHTML, like Gecko) Chrome/88.0.4324.181 Mobile Safari/537.36" "ysfine.com"
157.55.39.65 - - [08/Nov/2022:08:27:00 -0800] "GET /bio/style/ystyle.html HTTP/1.1" 404 88 "-" "Mozilla/5.0 AppleWebKit/537.36 (KHTML, like Gecko; compatible; bingbot/2.0; +http://www.bing.com/bingbot.htm) Chrome/103.0.5060.134 Safari/537.36" "ysfine.com"
20.106.27.173 - - [08/Nov/2022:08:27:28 -0800] "GET /people/klauder06b.jpg HTTP/1.1" 200 52423 "http://ysfine.com/people" "Mozilla/5.0 (Linux; Android 10; SM-G960U) AppleWebKit/537.36 (KHTML, like Gecko) Chrome/88.0.4324.181 Mobile Safari/537.36" "ysfine.com"
40.122.230.188 - - [08/Nov/2022:08:27:57 -0800] "GET /eink/comet40f.jpg HTTP/1.1" 200 97314 "https://ysfine.com/eink" "Mozilla/5.0 (Linux; Android 10; SM-G960U) AppleWebKit/537.36 (KHTML, like Gecko) Chrome/88.0.4324.181 Mobile Safari/537.36" "ysfine.com"
40.77.167.68 - - [08/Nov/2022:08:28:22 -0800] "GET /world/ital/milanf05b.jpg HTTP/1.1" 200 41168 "-" "Mozilla/5.0 (compatible; bingbot/2.0; +http://www.bing.com/bingbot.htm)" "www.ysfine.com"
157.55.39.17 - - [08/Nov/2022:08:28:35 -0800] "GET /wdc/kennedyc12.jpg HTTP/1.1" 200 60154 "-" "Mozilla/5.0 AppleWebKit/537.36 (KHTML, like Gecko; compatible; bingbot/2.0; +http://www.bing.com/bingbot.htm) Chrome/103.0.5060.134 Safari/537.36" "www.ysfine.com"
35.231.212.9 - - [08/Nov/2022:08:28:40 -0800] "GET /princeton/yspr.html HTTP/1.1" 200 5439 "-" "ZoominfoBot (zoominfobot at zoominfo dot com)" "ysfine.com"
40.77.167.71 - - [08/Nov/2022:08:28:56 -0800] "GET / HTTP/1.1" 200 5283 "-" "Mozilla/5.0 AppleWebKit/537.36 (KHTML, like Gecko; compatible; bingbot/2.0; +http://www.bing.com/bingbot.htm) Chrome/103.0.5060.134 Safari/537.36" "www.ysfine.com"
135.181.115.29 - - [08/Nov/2022:08:29:39 -0800] "GET /robots.txt HTTP/1.1" 404 73 "-" "Mozilla/5.0 (compatible; MJ12bot/v1.4.8; http://mj12bot.com/)" "ysfine.com"
51.222.253.4 - - [08/Nov/2022:08:29:40 -0800] "GET /wdc/whx.html HTTP/1.1" 200 366 "-" "Mozilla/5.0 (compatible; AhrefsBot/7.0; +http://ahrefs.com/robot/)" "www.ysfine.com"
135.181.115.29 - - [08/Nov/2022:08:29:45 -0800] "GET /class54/acs/acs75.jpg HTTP/1.1" 200 350922 "-" "Mozilla/5.0 (compatible; MJ12bot/v1.4.8; http://mj12bot.com/)" "ysfine.com"
135.181.115.29 - - [08/Nov/2022:08:29:53 -0800] "GET /class54/acs/acs96.jpg HTTP/1.1" 200 174599 "-" "Mozilla/5.0 (compatible; MJ12bot/v1.4.8; http://mj12bot.com/)" "ysfine.com"
40.77.167.68 - - [08/Nov/2022:08:29:54 -0800] "GET /bio/kobak/soraech.html HTTP/1.1" 404 88 "-" "Mozilla/5.0 AppleWebKit/537.36 (KHTML, like Gecko; compatible; bingbot/2.0; +http://www.bing.com/bingbot.htm) Chrome/103.0.5060.134 Safari/537.36" "ysfine.com"
135.181.115.29 - - [08/Nov/2022:08:29:59 -0800] "GET /class54/stcars/se09.jpg HTTP/1.1" 200 93276 "-" "Mozilla/5.0 (compatible; MJ12bot/v1.4.8; http://mj12bot.com/)" "ysfine.com"
135.181.115.29 - - [08/Nov/2022:08:30:08 -0800] "GET /home/tables/tab11.jpg HTTP/1.1" 200 103557 "-" "Mozilla/5.0 (compatible; MJ12bot/v1.4.8; http://mj12bot.com/)" "ysfine.com"
135.181.115.29 - - [08/Nov/2022:08:30:12 -0800] "GET /home/tables/tab33.jpg HTTP/1.1" 200 139951 "-" "Mozilla/5.0 (compatible; MJ12bot/v1.4.8; http://mj12bot.com/)" "ysfine.com"
135.181.115.29 - - [08/Nov/2022:08:30:15 -0800] "GET /kowar/kowar001.jpg HTTP/1.1" 200 240938 "-" "Mozilla/5.0 (compatible; MJ12bot/v1.4.8; http://mj12bot.com/)" "ysfine.com"
135.181.115.29 - - [08/Nov/2022:08:30:22 -0800] "GET /world/brit/cam27.pdf HTTP/1.1" 200 149978 "-" "Mozilla/5.0 (compatible; MJ12bot/v1.4.8; http://mj12bot.com/)" "ysfine.com"
135.181.115.29 - - [08/Nov/2022:08:30:25 -0800] "GET /class54/acs/acs17.jpg HTTP/1.1" 200 213767 "-" "Mozilla/5.0 (compatible; MJ12bot/v1.4.8; http://mj12bot.com/)" "ysfine.com"
135.181.115.29 - - [08/Nov/2022:08:30:29 -0800] "GET /class54/acs/acs68.jpg HTTP/1.1" 200 155491 "-" "Mozilla/5.0 (compatible; MJ12bot/v1.4.8; http://mj12bot.com/)" "ysfine.com"
135.181.115.29 - - [08/Nov/2022:08:30:34 -0800] "GET /class54/acs/acs75.jpg HTTP/1.1" 200 350922 "-" "Mozilla/5.0 (compatible; MJ12bot/v1.4.8; http://mj12bot.com/)" "ysfine.com"
135.181.115.29 - - [08/Nov/2022:08:30:39 -0800] "GET /class54/acs/acs96.jpg HTTP/1.1" 200 174599 "-" "Mozilla/5.0 (compatible; MJ12bot/v1.4.8; http://mj12bot.com/)" "ysfine.com"
135.181.115.29 - - [08/Nov/2022:08:30:43 -0800] "GET /class54/stcars/se09.jpg HTTP/1.1" 200 93276 "-" "Mozilla/5.0 (compatible; MJ12bot/v1.4.8; http://mj12bot.com/)" "ysfine.com"
135.181.115.29 - - [08/Nov/2022:08:30:47 -0800] "GET /confer/http%C3%84://medres.online/materialsscience/2020 HTTP/1.1" 404 88 "-" "Mozilla/5.0 (compatible; MJ12bot/v1.4.8; http://mj12bot.com/)" "ysfine.com"
135.181.115.29 - - [08/Nov/2022:08:30:51 -0800] "GET /home/tables/tab11.jpg HTTP/1.1" 200 103557 "-" "Mozilla/5.0 (compatible; MJ12bot/v1.4.8; http://mj12bot.com/)" "ysfine.com"
135.181.115.29 - - [08/Nov/2022:08:30:56 -0800] "GET /home/tables/tab33.jpg HTTP/1.1" 200 139951 "-" "Mozilla/5.0 (compatible; MJ12bot/v1.4.8; http://mj12bot.com/)" "ysfine.com"
157.55.39.65 - - [08/Nov/2022:08:31:01 -0800] "GET /bio/houses/myhouse.html HTTP/1.1" 404 88 "-" "Mozilla/5.0 AppleWebKit/537.36 (KHTML, like Gecko; compatible; bingbot/2.0; +http://www.bing.com/bingbot.htm) Chrome/103.0.5060.134 Safari/537.36" "ysfine.com"
135.181.115.29 - - [08/Nov/2022:08:31:01 -0800] "GET /kowar/kowar001.jpg HTTP/1.1" 200 240938 "-" "Mozilla/5.0 (compatible; MJ12bot/v1.4.8; http://mj12bot.com/)" "ysfine.com"
