157.55.39.76 - - [08/Nov/2022:01:39:26 -0800] "GET /ffriends/austra03.jpg HTTP/1.1" 200 117733 "-" "Mozilla/5.0 AppleWebKit/537.36 (KHTML, like Gecko; compatible; bingbot/2.0; +http://www.bing.com/bingbot.htm) Chrome/103.0.5060.134 Safari/537.36" "ysfine.com"
157.55.39.76 - - [08/Nov/2022:01:39:26 -0800] "GET /kobak/eisenhower11.jpg HTTP/1.1" 200 82496 "-" "Mozilla/5.0 (compatible; bingbot/2.0; +http://www.bing.com/bingbot.htm)" "ysfine.com"
157.55.39.76 - - [08/Nov/2022:01:39:26 -0800] "GET /people/yuen01b.jpg HTTP/1.1" 200 24922 "-" "Mozilla/5.0 (compatible; bingbot/2.0; +http://www.bing.com/bingbot.htm)" "ysfine.com"
157.55.39.76 - - [08/Nov/2022:01:39:26 -0800] "GET /maga/invent/sarnoff1922c.jpg HTTP/1.1" 200 40375 "-" "Mozilla/5.0 (compatible; bingbot/2.0; +http://www.bing.com/bingbot.htm)" "ysfine.com"
157.55.39.76 - - [08/Nov/2022:01:39:26 -0800] "GET /world/china/shenyang34.jpg HTTP/1.1" 200 111655 "-" "Mozilla/5.0 AppleWebKit/537.36 (KHTML, like Gecko; compatible; bingbot/2.0; +http://www.bing.com/bingbot.htm) Chrome/103.0.5060.134 Safari/537.36" "ysfine.com"
157.55.39.76 - - [08/Nov/2022:01:39:27 -0800] "GET /home/house99.jpg HTTP/1.1" 200 161302 "-" "Mozilla/5.0 (compatible; bingbot/2.0; +http://www.bing.com/bingbot.htm)" "ysfine.com"
40.86.101.254 - - [08/Nov/2022:01:39:29 -0800] "GET /world/ital/stcroce09b.jpg HTTP/1.1" 200 37576 "https://www.ysfine.com/world/ital" "Mozilla/5.0 (X11; Linux x86_64) AppleWebKit/537.36 (KHTML, like Gecko) Chrome/74.0.3729.169 Safari/537.36" "www.ysfine.com"
157.55.39.76 - - [08/Nov/2022:01:39:33 -0800] "GET /world/ital/uffizi02b.jpg HTTP/1.1" 200 53042 "-" "Mozilla/5.0 (compatible; bingbot/2.0; +http://www.bing.com/bingbot.htm)" "ysfine.com"
40.122.230.190 - - [08/Nov/2022:01:40:11 -0800] "GET /maga/phys/yukawa00b.jpg HTTP/1.1" 200 36980 "http://ysfine.com/maga/phys" "Mozilla/5.0 (Linux; Android 10; SM-G960U) AppleWebKit/537.36 (KHTML, like Gecko) Chrome/88.0.4324.181 Mobile Safari/537.36" "ysfine.com"
44.228.64.221 - - [08/Nov/2022:01:40:23 -0800] "GET /wigner/wigphoto.html HTTP/1.1" 200 3234 "-" "Python/3.8 aiohttp/3.8.3" "ysfine.com"
13.67.224.14 - - [08/Nov/2022:01:40:36 -0800] "GET /einstein/eink24b.jpg HTTP/1.1" 200 42003 "https://www.ysfine.com/einstein" "Mozilla/5.0 (Windows NT 10.0; Win64; x64) AppleWebKit/537.36 (KHTML, like Gecko) Chrome/74.0.3729.157 Safari/537.36" "www.ysfine.com"
20.109.241.82 - - [08/Nov/2022:01:41:21 -0800] "GET /princeton/poli11.jpg HTTP/1.1" 404 88 "http://ysfine.com/princeton" "Mozilla/5.0 (X11; Linux x86_64) AppleWebKit/537.36 (KHTML, like Gecko) Chrome/74.0.3729.169 Safari/537.36" "ysfine.com"
157.55.39.65 - - [08/Nov/2022:01:42:00 -0800] "GET /einstein/newton11.jpg HTTP/1.1" 200 116275 "-" "Mozilla/5.0 (compatible; bingbot/2.0; +http://www.bing.com/bingbot.htm)" "ysfine.com"
157.55.39.65 - - [08/Nov/2022:01:42:10 -0800] "GET /world/hungary/eoto02.jpg HTTP/1.1" 200 95477 "-" "Mozilla/5.0 (compatible; bingbot/2.0; +http://www.bing.com/bingbot.htm)" "ysfine.com"
51.222.253.18 - - [08/Nov/2022:01:42:20 -0800] "GET /wigner/neum/futcomp.html HTTP/1.1" 200 1986 "-" "Mozilla/5.0 (compatible; AhrefsBot/7.0; +http://ahrefs.com/robot/)" "www.ysfine.com"
157.55.39.17 - - [08/Nov/2022:01:42:35 -0800] "GET /wdc/ncath22.jpg HTTP/1.1" 200 178244 "-" "Mozilla/5.0 AppleWebKit/537.36 (KHTML, like Gecko; compatible; bingbot/2.0; +http://www.bing.com/bingbot.htm) Chrome/103.0.5060.134 Safari/537.36" "ysfine.com"
40.86.101.254 - - [08/Nov/2022:01:43:16 -0800] "GET /princeton/gcollege08.jpg HTTP/1.1" 200 81357 "http://ysfine.com/princeton" "Mozilla/5.0 (X11; Linux x86_64) AppleWebKit/537.36 (KHTML, like Gecko) Chrome/74.0.3729.169 Safari/537.36" "ysfine.com"
40.77.167.68 - - [08/Nov/2022:01:43:30 -0800] "GET /world/russ/mosf16b.jpg HTTP/1.1" 200 42050 "-" "Mozilla/5.0 (compatible; bingbot/2.0; +http://www.bing.com/bingbot.htm)" "ysfine.com"
40.77.167.27 - - [08/Nov/2022:01:43:43 -0800] "GET /sbk/2000teddy11c.jpg HTTP/1.1" 200 33166 "-" "Mozilla/5.0 (compatible; bingbot/2.0; +http://www.bing.com/bingbot.htm)" "www.ysfine.com"
20.29.110.170 - - [08/Nov/2022:01:43:44 -0800] "GET /world/latina/rio081b.jpg HTTP/1.1" 200 33294 "https://ysfine.com/world/latina" "Mozilla/5.0 (Macintosh; Intel Mac OS X 10_11_6) AppleWebKit/605.1.15 (KHTML, like Gecko) Version/11.1.2 Safari/605.1.15" "ysfine.com"
157.55.39.76 - - [08/Nov/2022:01:44:28 -0800] "GET /wigner/martha.jpg HTTP/1.1" 200 85405 "-" "Mozilla/5.0 AppleWebKit/537.36 (KHTML, like Gecko; compatible; bingbot/2.0; +http://www.bing.com/bingbot.htm) Chrome/103.0.5060.134 Safari/537.36" "ysfine.com"
173.73.77.36 - - [08/Nov/2022:01:44:44 -0800] "GET /favicon.ico HTTP/1.1" 404 88 "https://ysfine.com/ys11/" "Mozilla/5.0 (Windows NT 10.0; Win64; x64) AppleWebKit/537.36 (KHTML, like Gecko) Chrome/107.0.0.0 Safari/537.36 Edg/107.0.1418.35" "ysfine.com"
173.73.77.36 - - [08/Nov/2022:01:44:47 -0800] "GET /ysbio/bio10.html HTTP/1.1" 304 - "https://ysfine.com/ys11/" "Mozilla/5.0 (Windows NT 10.0; Win64; x64) AppleWebKit/537.36 (KHTML, like Gecko) Chrome/107.0.0.0 Safari/537.36 Edg/107.0.1418.35" "ysfine.com"
173.73.77.36 - - [08/Nov/2022:01:44:54 -0800] "GET /ysbio/awards/marq.html HTTP/1.1" 304 - "https://ysfine.com/ysbio/bio10.html" "Mozilla/5.0 (Windows NT 10.0; Win64; x64) AppleWebKit/537.36 (KHTML, like Gecko) Chrome/107.0.0.0 Safari/537.36 Edg/107.0.1418.35" "ysfine.com"
157.55.39.17 - - [08/Nov/2022:01:44:57 -0800] "GET /bio/einstein/bern.html HTTP/1.1" 404 88 "-" "Mozilla/5.0 (compatible; bingbot/2.0; +http://www.bing.com/bingbot.htm)" "ysfine.com"
40.77.167.27 - - [08/Nov/2022:01:45:14 -0800] "GET /world/russ/kazan074.jpg HTTP/1.1" 200 70727 "-" "Mozilla/5.0 (compatible; bingbot/2.0; +http://www.bing.com/bingbot.htm)" "ysfine.com"
157.55.39.65 - - [08/Nov/2022:01:45:30 -0800] "GET /wigner/bardeen01b.jpg HTTP/1.1" 200 31217 "-" "Mozilla/5.0 AppleWebKit/537.36 (KHTML, like Gecko; compatible; bingbot/2.0; +http://www.bing.com/bingbot.htm) Chrome/103.0.5060.134 Safari/537.36" "ysfine.com"
185.190.197.51 - - [08/Nov/2022:01:45:48 -0800] "GET /feynman/feychin.jpg HTTP/1.1" 200 33472 "https://www.bing.com/" "Mozilla/5.0 (Windows NT 10.0; Win64; x64) AppleWebKit/537.36 (KHTML, like Gecko) Chrome/107.0.0.0 Safari/537.36 Edg/107.0.1418.35" "www.ysfine.com"
157.55.39.17 - - [08/Nov/2022:01:45:56 -0800] "GET /maga/phys/schrod03b.jpg HTTP/1.1" 200 59475 "-" "Mozilla/5.0 (compatible; bingbot/2.0; +http://www.bing.com/bingbot.htm)" "ysfine.com"
90.247.234.101 - - [08/Nov/2022:01:46:03 -0800] "GET /dirac/dirbust11.jpg HTTP/1.1" 200 80175 "https://www.google.com/" "Mozilla/5.0 (Linux; Android 9; MRD-LX1 Build/HUAWEIMRD-LX1; wv) AppleWebKit/537.36 (KHTML, like Gecko) Version/4.0 Chrome/107.0.5304.91 Mobile Safari/537.36 GoogleLens/13.41.11.26.arm" "ysfine.com"
17.121.112.236 - - [08/Nov/2022:01:46:05 -0800] "GET /confer/listall.html HTTP/1.1" 200 6460 "-" "Mozilla/5.0 (Macintosh; Intel Mac OS X 10_15_5) AppleWebKit/605.1.15 (KHTML, like Gecko) Version/13.1.1 Safari/605.1.15 (Applebot/0.1; +http://www.apple.com/go/applebot)" "ysfine.com"
40.77.167.71 - - [08/Nov/2022:01:46:08 -0800] "GET /bio/feynman/partons.html HTTP/1.1" 404 88 "-" "Mozilla/5.0 AppleWebKit/537.36 (KHTML, like Gecko; compatible; bingbot/2.0; +http://www.bing.com/bingbot.htm) Chrome/103.0.5060.134 Safari/537.36" "ysfine.com"
40.86.101.165 - - [08/Nov/2022:01:46:16 -0800] "GET /usca/pitt/giants55c.jpg HTTP/1.1" 200 47404 "https://ysfine.com/usca/pitt" "Mozilla/5.0 (iPhone; CPU iPhone OS 13_5_1 like Mac OS X) AppleWebKit/605.1.15 (KHTML, like Gecko) Version/13.1.1 Mobile/15E148 Safari/604.1" "ysfine.com"
51.222.253.17 - - [08/Nov/2022:01:46:20 -0800] "GET /style/britmu.html HTTP/1.1" 200 5093 "-" "Mozilla/5.0 (compatible; AhrefsBot/7.0; +http://ahrefs.com/robot/)" "www.ysfine.com"
157.55.39.76 - - [08/Nov/2022:01:46:27 -0800] "GET /world/brit/lonstore14.jpg HTTP/1.1" 200 77810 "-" "Mozilla/5.0 (compatible; bingbot/2.0; +http://www.bing.com/bingbot.htm)" "ysfine.com"
77.88.5.234 - - [08/Nov/2022:01:46:53 -0800] "GET /philo/sisfa12/frame03.html HTTP/1.1" 200 320 "-" "Mozilla/5.0 (compatible; YandexBot/3.0; +http://yandex.com/bots)" "www.ysfine.com"
40.77.167.71 - - [08/Nov/2022:01:46:56 -0800] "GET /wigner/wigkim33.jpg HTTP/1.1" 200 195806 "-" "Mozilla/5.0 (compatible; bingbot/2.0; +http://www.bing.com/bingbot.htm)" "ysfine.com"
40.77.167.27 - - [08/Nov/2022:01:47:03 -0800] "GET /maga/phil/herod33c.jpg HTTP/1.1" 200 45604 "-" "Mozilla/5.0 (compatible; bingbot/2.0; +http://www.bing.com/bingbot.htm)" "ysfine.com"
157.55.39.17 - - [08/Nov/2022:01:47:35 -0800] "GET /world/baltic/lithu13.jpg HTTP/1.1" 200 78910 "-" "Mozilla/5.0 AppleWebKit/537.36 (KHTML, like Gecko; compatible; bingbot/2.0; +http://www.bing.com/bingbot.htm) Chrome/103.0.5060.134 Safari/537.36" "ysfine.com"
185.190.197.51 - - [08/Nov/2022:01:48:05 -0800] "GET /feynman/fc3.jpg HTTP/1.1" 200 89365 "https://www.bing.com/" "Mozilla/5.0 (Windows NT 10.0; Win64; x64) AppleWebKit/537.36 (KHTML, like Gecko) Chrome/107.0.0.0 Safari/537.36 Edg/107.0.1418.35" "www.ysfine.com"
185.190.197.51 - - [08/Nov/2022:01:48:10 -0800] "GET /feynman/feyjad11.jpg HTTP/1.1" 200 459525 "https://www.bing.com/" "Mozilla/5.0 (Windows NT 10.0; Win64; x64) AppleWebKit/537.36 (KHTML, like Gecko) Chrome/107.0.0.0 Safari/537.36 Edg/107.0.1418.35" "www.ysfine.com"
157.55.39.76 - - [08/Nov/2022:01:48:27 -0800] "GET /sbk/2008orlando22.jpg HTTP/1.1" 200 105089 "-" "Mozilla/5.0 (compatible; bingbot/2.0; +http://www.bing.com/bingbot.htm)" "ysfine.com"
40.86.101.252 - - [08/Nov/2022:01:48:48 -0800] "GET /world/russ/minsk064b.jpg HTTP/1.1" 200 42913 "https://ysfine.com/world/russ" "Mozilla/5.0 (X11; Linux x86_64) AppleWebKit/537.36 (KHTML, like Gecko) Chrome/74.0.3729.169 Safari/537.36" "ysfine.com"
173.73.77.36 - - [08/Nov/2022:01:49:27 -0800] "GET /favicon.ico HTTP/1.1" 404 88 "https://ysfine.com/ys11/" "Mozilla/5.0 (Windows NT 10.0; Win64; x64) AppleWebKit/537.36 (KHTML, like Gecko) Chrome/107.0.0.0 Safari/537.36 Edg/107.0.1418.35" "ysfine.com"
173.73.77.36 - - [08/Nov/2022:01:49:29 -0800] "GET /ysbio/bio10.html HTTP/1.1" 304 - "https://ysfine.com/ys11/" "Mozilla/5.0 (Windows NT 10.0; Win64; x64) AppleWebKit/537.36 (KHTML, like Gecko) Chrome/107.0.0.0 Safari/537.36 Edg/107.0.1418.35" "ysfine.com"
40.77.167.68 - - [08/Nov/2022:01:49:41 -0800] "GET /home/bio08.html HTTP/1.1" 404 88 "-" "Mozilla/5.0 AppleWebKit/537.36 (KHTML, like Gecko; compatible; bingbot/2.0; +http://www.bing.com/bingbot.htm) Chrome/103.0.5060.134 Safari/537.36" "www.ysfine.com"
40.77.167.27 - - [08/Nov/2022:01:49:54 -0800] "GET /world/baltic/riga02b.jpg HTTP/1.1" 200 38255 "-" "Mozilla/5.0 (compatible; bingbot/2.0; +http://www.bing.com/bingbot.htm)" "www.ysfine.com"
157.55.39.17 - - [08/Nov/2022:01:49:55 -0800] "GET /maga/phil/comet77c.jpg HTTP/1.1" 200 73490 "-" "Mozilla/5.0 (compatible; bingbot/2.0; +http://www.bing.com/bingbot.htm)" "ysfine.com"
51.222.253.15 - - [08/Nov/2022:01:50:22 -0800] "GET /ysbio/wdc/umd.html HTTP/1.1" 200 3140 "-" "Mozilla/5.0 (compatible; AhrefsBot/7.0; +http://ahrefs.com/robot/)" "ysfine.com"
40.77.167.68 - - [08/Nov/2022:01:50:41 -0800] "GET /style/music/liszt03.jpg HTTP/1.1" 200 181663 "-" "Mozilla/5.0 AppleWebKit/537.36 (KHTML, like Gecko; compatible; bingbot/2.0; +http://www.bing.com/bingbot.htm) Chrome/103.0.5060.134 Safari/537.36" "ysfine.com"
40.77.51.84 - - [08/Nov/2022:01:51:42 -0800] "GET /ffriends/ukradocs11f.jpg HTTP/1.1" 200 64676 "https://ysfine.com/ffriends" "Mozilla/5.0 (Macintosh; Intel Mac OS X 10_11_6) AppleWebKit/605.1.15 (KHTML, like Gecko) Version/11.1.2 Safari/605.1.15" "ysfine.com"
173.73.77.36 - - [08/Nov/2022:01:52:09 -0800] "GET /ysbio/audio22.wav HTTP/1.1" 304 - "https://ysfine.com/ysbio/bio10.html" "Mozilla/5.0 (Windows NT 10.0; Win64; x64) AppleWebKit/537.36 (KHTML, like Gecko) Chrome/107.0.0.0 Safari/537.36" "ysfine.com"
173.73.77.36 - - [08/Nov/2022:01:52:09 -0800] "GET /favicon.ico HTTP/1.1" 404 88 "https://ysfine.com/ysbio/audio22.wav" "Mozilla/5.0 (Windows NT 10.0; Win64; x64) AppleWebKit/537.36 (KHTML, like Gecko) Chrome/107.0.0.0 Safari/537.36" "ysfine.com"
40.77.167.27 - - [08/Nov/2022:01:52:15 -0800] "GET /world/germany/johannstra66.jpg HTTP/1.1" 200 152314 "-" "Mozilla/5.0 (compatible; bingbot/2.0; +http://www.bing.com/bingbot.htm)" "ysfine.com"
66.102.8.45 - - [08/Nov/2022:01:52:17 -0800] "GET /princeton/dulles.jpg HTTP/1.1" 200 84176 "-" "Mozilla/5.0 (Windows NT 5.1; rv:11.0) Gecko Firefox/11.0 (via ggpht.com GoogleImageProxy)" "ysfine.com"
173.73.77.36 - - [08/Nov/2022:01:52:22 -0800] "GET /ysbio/marq.html HTTP/1.1" 404 88 "https://ysfine.com/ysbio/bio10.html" "Mozilla/5.0 (Windows NT 10.0; Win64; x64) AppleWebKit/537.36 (KHTML, like Gecko) Chrome/107.0.0.0 Safari/537.36" "ysfine.com"
173.73.77.36 - - [08/Nov/2022:01:52:42 -0800] "GET /ysbio/audio22.wav HTTP/1.1" 304 - "https://ysfine.com/ysbio/bio10.html" "Mozilla/5.0 (Windows NT 10.0; Win64; x64) AppleWebKit/537.36 (KHTML, like Gecko) Chrome/107.0.0.0 Safari/537.36" "ysfine.com"
173.73.77.36 - - [08/Nov/2022:01:52:42 -0800] "GET /favicon.ico HTTP/1.1" 404 88 "https://ysfine.com/ysbio/audio22.wav" "Mozilla/5.0 (Windows NT 10.0; Win64; x64) AppleWebKit/537.36 (KHTML, like Gecko) Chrome/107.0.0.0 Safari/537.36" "ysfine.com"
173.73.77.36 - - [08/Nov/2022:01:52:53 -0800] "GET /ysbio/bio10.html HTTP/1.1" 200 4230 "https://ysfine.com/ys11/" "Mozilla/5.0 (Windows NT 10.0; Win64; x64) AppleWebKit/537.36 (KHTML, like Gecko) Chrome/107.0.0.0 Safari/537.36" "ysfine.com"
40.122.227.201 - - [08/Nov/2022:01:53:00 -0800] "GET /friends/amkor/elena01c.jpg HTTP/1.1" 404 88 "https://ysfine.com/friends/amkor" "Mozilla/5.0 (Linux; Android 10; SM-G960U) AppleWebKit/537.36 (KHTML, like Gecko) Chrome/88.0.4324.181 Mobile Safari/537.36" "ysfine.com"
173.73.77.36 - - [08/Nov/2022:01:53:02 -0800] "GET /ysbio/awards/marq.html HTTP/1.1" 304 - "https://ysfine.com/ysbio/bio10.html" "Mozilla/5.0 (Windows NT 10.0; Win64; x64) AppleWebKit/537.36 (KHTML, like Gecko) Chrome/107.0.0.0 Safari/537.36" "ysfine.com"
173.73.77.36 - - [08/Nov/2022:01:53:11 -0800] "GET /favicon.ico HTTP/1.1" 404 88 "https://www.youtube.com/" "Mozilla/5.0 (Windows NT 10.0; Win64; x64) AppleWebKit/537.36 (KHTML, like Gecko) Chrome/107.0.0.0 Safari/537.36" "ysfine.com"
173.73.77.36 - - [08/Nov/2022:01:53:14 -0800] "GET /favicon.ico HTTP/1.1" 404 88 "https://ysfine.com/ysbio/bio10.html" "Mozilla/5.0 (Windows NT 10.0; Win64; x64) AppleWebKit/537.36 (KHTML, like Gecko) Chrome/107.0.0.0 Safari/537.36" "ysfine.com"
216.244.66.229 - - [08/Nov/2022:01:53:17 -0800] "GET /robots.txt HTTP/1.1" 404 73 "-" "Mozilla/5.0 (compatible; DotBot/1.2; +https://opensiteexplorer.org/dotbot; help@moz.com)" "ysfine.com"
216.244.66.229 - - [08/Nov/2022:01:53:17 -0800] "GET /robots.txt HTTP/1.1" 404 73 "-" "Mozilla/5.0 (compatible; DotBot/1.2; +https://opensiteexplorer.org/dotbot; help@moz.com)" "www.ysfine.com"
173.73.77.36 - - [08/Nov/2022:01:53:32 -0800] "GET /ysbio/internal.html HTTP/1.1" 200 2294 "https://ysfine.com/ysbio/bio10.html" "Mozilla/5.0 (Windows NT 10.0; Win64; x64) AppleWebKit/537.36 (KHTML, like Gecko) Chrome/107.0.0.0 Safari/537.36" "ysfine.com"
173.73.77.36 - - [08/Nov/2022:01:53:33 -0800] "GET /ysbio/einbohr21f.jpg HTTP/1.1" 200 63190 "https://ysfine.com/ysbio/internal.html" "Mozilla/5.0 (Windows NT 10.0; Win64; x64) AppleWebKit/537.36 (KHTML, like Gecko) Chrome/107.0.0.0 Safari/537.36" "ysfine.com"
173.73.77.36 - - [08/Nov/2022:01:53:32 -0800] "GET /ysbio/newtgr33f.jpg HTTP/1.1" 200 67055 "https://ysfine.com/ysbio/internal.html" "Mozilla/5.0 (Windows NT 10.0; Win64; x64) AppleWebKit/537.36 (KHTML, like Gecko) Chrome/107.0.0.0 Safari/537.36" "ysfine.com"
20.109.241.98 - - [08/Nov/2022:01:53:33 -0800] "GET /kobak/somap38b.jpg HTTP/1.1" 200 54149 "http://ysfine.com/kobak" "Mozilla/5.0 (Linux; Android 10; SM-G960U) AppleWebKit/537.36 (KHTML, like Gecko) Chrome/88.0.4324.181 Mobile Safari/537.36" "ysfine.com"
173.73.77.36 - - [08/Nov/2022:01:53:38 -0800] "GET /ysbio/dwf.html HTTP/1.1" 200 4126 "https://ysfine.com/ysbio/bio10.html" "Mozilla/5.0 (Windows NT 10.0; Win64; x64) AppleWebKit/537.36 (KHTML, like Gecko) Chrome/107.0.0.0 Safari/537.36" "ysfine.com"
173.73.77.36 - - [08/Nov/2022:01:53:38 -0800] "GET /einstein/bohr250.jpg HTTP/1.1" 200 23884 "https://ysfine.com/ysbio/dwf.html" "Mozilla/5.0 (Windows NT 10.0; Win64; x64) AppleWebKit/537.36 (KHTML, like Gecko) Chrome/107.0.0.0 Safari/537.36" "ysfine.com"
173.73.77.36 - - [08/Nov/2022:01:53:38 -0800] "GET /ysbio/o32inho22d.jpg HTTP/1.1" 200 46316 "https://ysfine.com/ysbio/dwf.html" "Mozilla/5.0 (Windows NT 10.0; Win64; x64) AppleWebKit/537.36 (KHTML, like Gecko) Chrome/107.0.0.0 Safari/537.36" "ysfine.com"
173.73.77.36 - - [08/Nov/2022:01:53:38 -0800] "GET /feynman/feynman33.jpg HTTP/1.1" 200 38568 "https://ysfine.com/ysbio/dwf.html" "Mozilla/5.0 (Windows NT 10.0; Win64; x64) AppleWebKit/537.36 (KHTML, like Gecko) Chrome/107.0.0.0 Safari/537.36" "ysfine.com"
173.73.77.36 - - [08/Nov/2022:01:53:38 -0800] "GET /ysbio/comet30a.jpg HTTP/1.1" 200 60318 "https://ysfine.com/ysbio/dwf.html" "Mozilla/5.0 (Windows NT 10.0; Win64; x64) AppleWebKit/537.36 (KHTML, like Gecko) Chrome/107.0.0.0 Safari/537.36" "ysfine.com"
173.73.77.36 - - [08/Nov/2022:01:53:38 -0800] "GET /einstein/einstein33.jpg HTTP/1.1" 200 35678 "https://ysfine.com/ysbio/dwf.html" "Mozilla/5.0 (Windows NT 10.0; Win64; x64) AppleWebKit/537.36 (KHTML, like Gecko) Chrome/107.0.0.0 Safari/537.36" "ysfine.com"
173.73.77.36 - - [08/Nov/2022:01:53:38 -0800] "GET /ysbio/pdugard22a.jpg HTTP/1.1" 200 65707 "https://ysfine.com/ysbio/dwf.html" "Mozilla/5.0 (Windows NT 10.0; Win64; x64) AppleWebKit/537.36 (KHTML, like Gecko) Chrome/107.0.0.0 Safari/537.36" "ysfine.com"
173.73.77.36 - - [08/Nov/2022:01:53:38 -0800] "GET /wigner/wigner33.jpg HTTP/1.1" 200 39467 "https://ysfine.com/ysbio/dwf.html" "Mozilla/5.0 (Windows NT 10.0; Win64; x64) AppleWebKit/537.36 (KHTML, like Gecko) Chrome/107.0.0.0 Safari/537.36" "ysfine.com"
173.73.77.36 - - [08/Nov/2022:01:53:38 -0800] "GET /dirac/dirac33.jpg HTTP/1.1" 200 32549 "https://ysfine.com/ysbio/dwf.html" "Mozilla/5.0 (Windows NT 10.0; Win64; x64) AppleWebKit/537.36 (KHTML, like Gecko) Chrome/107.0.0.0 Safari/537.36" "ysfine.com"
20.29.111.248 - - [08/Nov/2022:01:53:40 -0800] "GET /world/germany/vienstdpark05b.jpg HTTP/1.1" 200 44667 "http://www.ysfine.com/world/germany" "Mozilla/5.0 (Linux; Android 10; SM-G960U) AppleWebKit/537.36 (KHTML, like Gecko) Chrome/88.0.4324.181 Mobile Safari/537.36" "www.ysfine.com"
40.77.167.68 - - [08/Nov/2022:01:53:42 -0800] "GET /world/poland/gdnf08.jpg HTTP/1.1" 200 138844 "-" "Mozilla/5.0 AppleWebKit/537.36 (KHTML, like Gecko; compatible; bingbot/2.0; +http://www.bing.com/bingbot.htm) Chrome/103.0.5060.134 Safari/537.36" "www.ysfine.com"
173.73.77.36 - - [08/Nov/2022:01:53:49 -0800] "GET /ysbio/bio10a.html HTTP/1.1" 200 12112 "https://ysfine.com/ysbio/bio10.html" "Mozilla/5.0 (Windows NT 10.0; Win64; x64) AppleWebKit/537.36 (KHTML, like Gecko) Chrome/107.0.0.0 Safari/537.36" "ysfine.com"
173.73.77.36 - - [08/Nov/2022:01:53:49 -0800] "GET /ysbio/ys2011c.jpg HTTP/1.1" 200 27028 "https://ysfine.com/ysbio/bio10a.html" "Mozilla/5.0 (Windows NT 10.0; Win64; x64) AppleWebKit/537.36 (KHTML, like Gecko) Chrome/107.0.0.0 Safari/537.36" "ysfine.com"
173.73.77.36 - - [08/Nov/2022:01:53:49 -0800] "GET /ysbio/gongdae54f.jpg HTTP/1.1" 200 88096 "https://ysfine.com/ysbio/bio10a.html" "Mozilla/5.0 (Windows NT 10.0; Win64; x64) AppleWebKit/537.36 (KHTML, like Gecko) Chrome/107.0.0.0 Safari/537.36" "ysfine.com"
173.73.77.36 - - [08/Nov/2022:01:53:49 -0800] "GET /ysbio/fig33/einbohr77f.jpg HTTP/1.1" 404 88 "https://ysfine.com/ysbio/bio10a.html" "Mozilla/5.0 (Windows NT 10.0; Win64; x64) AppleWebKit/537.36 (KHTML, like Gecko) Chrome/107.0.0.0 Safari/537.36" "ysfine.com"
173.73.77.36 - - [08/Nov/2022:01:53:49 -0800] "GET /ysbio/house99c.jpg HTTP/1.1" 200 26318 "https://ysfine.com/ysbio/bio10a.html" "Mozilla/5.0 (Windows NT 10.0; Win64; x64) AppleWebKit/537.36 (KHTML, like Gecko) Chrome/107.0.0.0 Safari/537.36" "ysfine.com"
173.73.77.36 - - [08/Nov/2022:01:53:49 -0800] "GET /style/bstring33c.jpg HTTP/1.1" 200 28940 "https://ysfine.com/ysbio/bio10a.html" "Mozilla/5.0 (Windows NT 10.0; Win64; x64) AppleWebKit/537.36 (KHTML, like Gecko) Chrome/107.0.0.0 Safari/537.36" "ysfine.com"
173.73.77.36 - - [08/Nov/2022:01:53:49 -0800] "GET /eink/eink54f.jpg HTTP/1.1" 304 - "https://ysfine.com/ysbio/bio10a.html" "Mozilla/5.0 (Windows NT 10.0; Win64; x64) AppleWebKit/537.36 (KHTML, like Gecko) Chrome/107.0.0.0 Safari/537.36" "ysfine.com"
173.73.77.36 - - [08/Nov/2022:01:53:49 -0800] "GET /ysbio/tables/tab11f.jpg HTTP/1.1" 200 68669 "https://ysfine.com/ysbio/bio10a.html" "Mozilla/5.0 (Windows NT 10.0; Win64; x64) AppleWebKit/537.36 (KHTML, like Gecko) Chrome/107.0.0.0 Safari/537.36" "ysfine.com"
173.73.77.36 - - [08/Nov/2022:01:53:49 -0800] "GET /wdc/jeffm02c.jpg HTTP/1.1" 200 27659 "https://ysfine.com/ysbio/bio10a.html" "Mozilla/5.0 (Windows NT 10.0; Win64; x64) AppleWebKit/537.36 (KHTML, like Gecko) Chrome/107.0.0.0 Safari/537.36" "ysfine.com"
173.73.77.36 - - [08/Nov/2022:01:53:49 -0800] "GET /ysbio/truck/truck18f.jpg HTTP/1.1" 404 88 "https://ysfine.com/ysbio/bio10a.html" "Mozilla/5.0 (Windows NT 10.0; Win64; x64) AppleWebKit/537.36 (KHTML, like Gecko) Chrome/107.0.0.0 Safari/537.36" "ysfine.com"
173.73.77.36 - - [08/Nov/2022:01:53:49 -0800] "GET /ysbio/tables/tab33f.jpg HTTP/1.1" 200 95622 "https://ysfine.com/ysbio/bio10a.html" "Mozilla/5.0 (Windows NT 10.0; Win64; x64) AppleWebKit/537.36 (KHTML, like Gecko) Chrome/107.0.0.0 Safari/537.36" "ysfine.com"
173.73.77.36 - - [08/Nov/2022:01:53:49 -0800] "GET /ysbio/fotos/106c.jpg HTTP/1.1" 200 33663 "https://ysfine.com/ysbio/bio10a.html" "Mozilla/5.0 (Windows NT 10.0; Win64; x64) AppleWebKit/537.36 (KHTML, like Gecko) Chrome/107.0.0.0 Safari/537.36" "ysfine.com"
173.73.77.36 - - [08/Nov/2022:01:53:49 -0800] "GET /ysbio/fotos/dirac1939c.jpg HTTP/1.1" 200 55599 "https://ysfine.com/ysbio/bio10a.html" "Mozilla/5.0 (Windows NT 10.0; Win64; x64) AppleWebKit/537.36 (KHTML, like Gecko) Chrome/107.0.0.0 Safari/537.36" "ysfine.com"
173.73.77.36 - - [08/Nov/2022:01:53:49 -0800] "GET /ysbio/figs/dirwig55f.jpg HTTP/1.1" 404 88 "https://ysfine.com/ysbio/bio10a.html" "Mozilla/5.0 (Windows NT 10.0; Win64; x64) AppleWebKit/537.36 (KHTML, like Gecko) Chrome/107.0.0.0 Safari/537.36" "ysfine.com"
173.73.77.36 - - [08/Nov/2022:01:53:49 -0800] "GET /ysbio/figs/contrac05f.jpg HTTP/1.1" 200 27323 "https://ysfine.com/ysbio/bio10a.html" "Mozilla/5.0 (Windows NT 10.0; Win64; x64) AppleWebKit/537.36 (KHTML, like Gecko) Chrome/107.0.0.0 Safari/537.36" "ysfine.com"
173.73.77.36 - - [08/Nov/2022:01:53:49 -0800] "GET /ysbio/kids20f.jpg HTTP/1.1" 200 103191 "https://ysfine.com/ysbio/bio10a.html" "Mozilla/5.0 (Windows NT 10.0; Win64; x64) AppleWebKit/537.36 (KHTML, like Gecko) Chrome/107.0.0.0 Safari/537.36" "ysfine.com"
173.73.77.36 - - [08/Nov/2022:01:53:49 -0800] "GET /ysbio/family66f.jpg HTTP/1.1" 200 102254 "https://ysfine.com/ysbio/bio10a.html" "Mozilla/5.0 (Windows NT 10.0; Win64; x64) AppleWebKit/537.36 (KHTML, like Gecko) Chrome/107.0.0.0 Safari/537.36" "ysfine.com"
173.73.77.36 - - [08/Nov/2022:01:53:49 -0800] "GET /ysbio/einbohr99f.jpg HTTP/1.1" 200 62190 "https://ysfine.com/ysbio/bio10a.html" "Mozilla/5.0 (Windows NT 10.0; Win64; x64) AppleWebKit/537.36 (KHTML, like Gecko) Chrome/107.0.0.0 Safari/537.36" "ysfine.com"
173.73.77.36 - - [08/Nov/2022:01:53:49 -0800] "GET /ysbio/figs/sp2c.jpg HTTP/1.1" 200 29532 "https://ysfine.com/ysbio/bio10a.html" "Mozilla/5.0 (Windows NT 10.0; Win64; x64) AppleWebKit/537.36 (KHTML, like Gecko) Chrome/107.0.0.0 Safari/537.36" "ysfine.com"
173.73.77.36 - - [08/Nov/2022:01:53:49 -0800] "GET /ysbio/fotos/photo08f.jpg HTTP/1.1" 200 85155 "https://ysfine.com/ysbio/bio10a.html" "Mozilla/5.0 (Windows NT 10.0; Win64; x64) AppleWebKit/537.36 (KHTML, like Gecko) Chrome/107.0.0.0 Safari/537.36" "ysfine.com"
173.73.77.36 - - [08/Nov/2022:01:53:49 -0800] "GET /ysbio/tables/comet40f.jpg HTTP/1.1" 200 101908 "https://ysfine.com/ysbio/bio10a.html" "Mozilla/5.0 (Windows NT 10.0; Win64; x64) AppleWebKit/537.36 (KHTML, like Gecko) Chrome/107.0.0.0 Safari/537.36" "ysfine.com"
173.73.77.36 - - [08/Nov/2022:01:54:14 -0800] "GET /ysbio/bostein.html HTTP/1.1" 200 5507 "https://ysfine.com/ysbio/bio10.html" "Mozilla/5.0 (Windows NT 10.0; Win64; x64) AppleWebKit/537.36 (KHTML, like Gecko) Chrome/107.0.0.0 Safari/537.36" "ysfine.com"
173.73.77.36 - - [08/Nov/2022:01:54:14 -0800] "GET /ysbio/osaka123d.jpg HTTP/1.1" 200 41542 "https://ysfine.com/ysbio/bostein.html" "Mozilla/5.0 (Windows NT 10.0; Win64; x64) AppleWebKit/537.36 (KHTML, like Gecko) Chrome/107.0.0.0 Safari/537.36" "ysfine.com"
173.73.77.36 - - [08/Nov/2022:01:54:14 -0800] "GET /ysbio/einbohr77f.jpg HTTP/1.1" 200 178507 "https://ysfine.com/ysbio/bostein.html" "Mozilla/5.0 (Windows NT 10.0; Win64; x64) AppleWebKit/537.36 (KHTML, like Gecko) Chrome/107.0.0.0 Safari/537.36" "ysfine.com"
173.73.77.36 - - [08/Nov/2022:01:54:14 -0800] "GET /ysbio/einbohr99g.jpg HTTP/1.1" 200 64286 "https://ysfine.com/ysbio/bostein.html" "Mozilla/5.0 (Windows NT 10.0; Win64; x64) AppleWebKit/537.36 (KHTML, like Gecko) Chrome/107.0.0.0 Safari/537.36" "ysfine.com"
173.73.77.36 - - [08/Nov/2022:01:54:14 -0800] "GET /ysbio/eink/parton77f.jpg HTTP/1.1" 200 118383 "https://ysfine.com/ysbio/bostein.html" "Mozilla/5.0 (Windows NT 10.0; Win64; x64) AppleWebKit/537.36 (KHTML, like Gecko) Chrome/107.0.0.0 Safari/537.36" "ysfine.com"
173.73.77.36 - - [08/Nov/2022:01:54:14 -0800] "GET /ysbio/dirackn55f.jpg HTTP/1.1" 200 107407 "https://ysfine.com/ysbio/bostein.html" "Mozilla/5.0 (Windows NT 10.0; Win64; x64) AppleWebKit/537.36 (KHTML, like Gecko) Chrome/107.0.0.0 Safari/537.36" "ysfine.com"
40.77.167.27 - - [08/Nov/2022:01:54:16 -0800] "GET /friends/airlines.html HTTP/1.1" 404 88 "-" "Mozilla/5.0 (compatible; bingbot/2.0; +http://www.bing.com/bingbot.htm)" "ysfine.com"
51.222.253.9 - - [08/Nov/2022:01:54:17 -0800] "GET /home/yshome.html HTTP/1.1" 200 5704 "-" "Mozilla/5.0 (compatible; AhrefsBot/7.0; +http://ahrefs.com/robot/)" "ysfine.com"
173.73.77.36 - - [08/Nov/2022:01:54:18 -0800] "GET /ysbio/fig33/einbohr77f.jpg HTTP/1.1" 404 88 "https://ysfine.com/ysbio/bio10a.html" "Mozilla/5.0 (Windows NT 10.0; Win64; x64) AppleWebKit/537.36 (KHTML, like Gecko) Chrome/107.0.0.0 Safari/537.36" "ysfine.com"
173.73.77.36 - - [08/Nov/2022:01:54:18 -0800] "GET /ysbio/truck/truck18f.jpg HTTP/1.1" 404 88 "https://ysfine.com/ysbio/bio10a.html" "Mozilla/5.0 (Windows NT 10.0; Win64; x64) AppleWebKit/537.36 (KHTML, like Gecko) Chrome/107.0.0.0 Safari/537.36" "ysfine.com"
173.73.77.36 - - [08/Nov/2022:01:54:18 -0800] "GET /ysbio/figs/dirwig55f.jpg HTTP/1.1" 404 88 "https://ysfine.com/ysbio/bio10a.html" "Mozilla/5.0 (Windows NT 10.0; Win64; x64) AppleWebKit/537.36 (KHTML, like Gecko) Chrome/107.0.0.0 Safari/537.36" "ysfine.com"
185.184.157.94 - - [08/Nov/2022:01:54:26 -0800] "GET /robots.txt HTTP/1.1" 404 88 "-" "Mozilla/5.0 (compatible; linkdexbot/2.0; +http://www.linkdex.com/bots/)" "ysfine.com"
185.184.157.94 - - [08/Nov/2022:01:54:26 -0800] "GET /robots.txt HTTP/1.1" 404 88 "-" "Mozilla/5.0 (compatible; linkdexbot/2.0; +http://www.linkdex.com/bots/)" "www.ysfine.com"
157.55.39.76 - - [08/Nov/2022:01:54:26 -0800] "GET /world/scandi/fin08b.jpg HTTP/1.1" 200 42031 "-" "Mozilla/5.0 (compatible; bingbot/2.0; +http://www.bing.com/bingbot.htm)" "ysfine.com"
40.77.167.27 - - [08/Nov/2022:01:54:34 -0800] "GET /wigner/wigkim11.jpg HTTP/1.1" 200 231384 "-" "Mozilla/5.0 AppleWebKit/537.36 (KHTML, like Gecko; compatible; bingbot/2.0; +http://www.bing.com/bingbot.htm) Chrome/103.0.5060.134 Safari/537.36" "ysfine.com"
157.55.39.65 - - [08/Nov/2022:01:54:41 -0800] "GET /world/russ/stalinorg11b.jpg HTTP/1.1" 200 47741 "-" "Mozilla/5.0 AppleWebKit/537.36 (KHTML, like Gecko; compatible; bingbot/2.0; +http://www.bing.com/bingbot.htm) Chrome/103.0.5060.134 Safari/537.36" "ysfine.com"
40.77.167.68 - - [08/Nov/2022:01:54:44 -0800] "GET /world/france/arles03.jpg HTTP/1.1" 200 96241 "-" "Mozilla/5.0 (compatible; bingbot/2.0; +http://www.bing.com/bingbot.htm)" "ysfine.com"
40.77.167.68 - - [08/Nov/2022:01:54:52 -0800] "GET /heisen/math/sp2tab11.jpg HTTP/1.1" 200 73958 "-" "Mozilla/5.0 (compatible; bingbot/2.0; +http://www.bing.com/bingbot.htm)" "www.ysfine.com"
173.73.77.36 - - [08/Nov/2022:01:54:55 -0800] "GET /favicon.ico HTTP/1.1" 404 88 "https://ysfine.com/ys11/" "Mozilla/5.0 (Windows NT 10.0; Win64; x64) AppleWebKit/537.36 (KHTML, like Gecko) Chrome/107.0.0.0 Safari/537.36 Edg/107.0.1418.35" "ysfine.com"
93.158.130.172 - - [08/Nov/2022:01:54:56 -0800] "GET /world/spain/cairo01.jpg HTTP/1.1" 200 390413 "-" "Mozilla/5.0 (compatible; YandexImageResizer/2.0; +http://yandex.com/bots)" "www.ysfine.com"
54.215.102.119 - - [08/Nov/2022:01:55:07 -0800] "GET /favicon.ico HTTP/1.1" 404 73 "ysfine.com" "Mozilla/5.0 (Windows NT 10.0; Win64; x64) AppleWebKit/537.36 (KHTML, like Gecko) Chrome/88.0.4324.96 Safari/537.36 Edg/88.0.705.53" "ysfine.com"
54.215.102.119 - - [08/Nov/2022:01:55:07 -0800] "GET /favicon.ico HTTP/1.1" 404 73 "ysfine.com" "Mozilla/5.0 (X11; Ubuntu; Linux x86_64; rv:85.0) Gecko/20100101 Firefox/85.0" "ysfine.com"
54.215.102.119 - - [08/Nov/2022:01:55:07 -0800] "GET / HTTP/1.1" 200 15910 "ysfine.com" "Mozilla/5.0 (X11; Ubuntu; Linux x86_64; rv:85.0) Gecko/20100101 Firefox/85.0" "ysfine.com"
54.215.102.119 - - [08/Nov/2022:01:55:07 -0800] "GET / HTTP/1.1" 200 15910 "ysfine.com" "Mozilla/5.0 (Windows NT 10.0; Win64; x64; rv:86.0) Gecko/20100101 Firefox/86.0" "ysfine.com"
157.55.39.17 - - [08/Nov/2022:01:55:26 -0800] "GET /einstein/places/ulm01.jpg HTTP/1.1" 200 54884 "-" "Mozilla/5.0 AppleWebKit/537.36 (KHTML, like Gecko; compatible; bingbot/2.0; +http://www.bing.com/bingbot.htm) Chrome/103.0.5060.134 Safari/537.36" "ysfine.com"
40.77.167.68 - - [08/Nov/2022:01:55:31 -0800] "GET /kowar/sampal03b.jpg HTTP/1.1" 200 61883 "-" "Mozilla/5.0 AppleWebKit/537.36 (KHTML, like Gecko; compatible; bingbot/2.0; +http://www.bing.com/bingbot.htm) Chrome/103.0.5060.134 Safari/537.36" "ysfine.com"
13.67.224.12 - - [08/Nov/2022:01:55:58 -0800] "GET /wdc/capitol01b.jpg HTTP/1.1" 200 24723 "http://ysfine.com/wdc" "Mozilla/5.0 (Windows NT 10.0; Win64; x64) AppleWebKit/537.36 (KHTML, like Gecko) Chrome/74.0.3729.157 Safari/537.36" "ysfine.com"
157.55.39.65 - - [08/Nov/2022:01:56:01 -0800] "GET /archives/class5470/total_data/sub_296.htm HTTP/1.1" 404 88 "-" "Mozilla/5.0 AppleWebKit/537.36 (KHTML, like Gecko; compatible; bingbot/2.0; +http://www.bing.com/bingbot.htm) Chrome/103.0.5060.134 Safari/537.36" "ysfine.com"
106.217.154.32 - - [08/Nov/2022:01:56:44 -0800] "GET /wigner/neum/vnc03.jpg HTTP/1.1" 200 80421 "http://www.google.com/" "Mozilla/5.0 (Linux; Android 8.1.0; ASUS_X00TD Build/OPM1; wv) AppleWebKit/537.36 (KHTML, like Gecko) Version/4.0 Chrome/44.0.2403.119 Mobile Safari/537.36 ACHEETAHI/1" "ysfine.com"
173.73.77.36 - - [08/Nov/2022:01:56:46 -0800] "GET /ys11/index.html HTTP/1.1" 304 - "https://www.bing.com/" "Mozilla/5.0 (Windows NT 10.0; Win64; x64; rv:106.0) Gecko/20100101 Firefox/106.0" "www.ysfine.com"
216.244.66.229 - - [08/Nov/2022:01:57:04 -0800] "GET /world/brit/etonharrow.html HTTP/1.1" 200 12388 "-" "Mozilla/5.0 (compatible; DotBot/1.2; +https://opensiteexplorer.org/dotbot; help@moz.com)" "ysfine.com"
216.244.66.229 - - [08/Nov/2022:01:57:29 -0800] "GET /einstein/evol.html HTTP/1.1" 200 9573 "-" "Mozilla/5.0 (compatible; DotBot/1.2; +https://opensiteexplorer.org/dotbot; help@moz.com)" "ysfine.com"
216.244.66.229 - - [08/Nov/2022:01:57:32 -0800] "GET /maga/marx.html HTTP/1.1" 200 15701 "-" "Mozilla/5.0 (compatible; DotBot/1.2; +https://opensiteexplorer.org/dotbot; help@moz.com)" "ysfine.com"
40.77.167.68 - - [08/Nov/2022:01:57:41 -0800] "GET /bio/kobak/soraech.html HTTP/1.1" 404 88 "-" "Mozilla/5.0 (compatible; bingbot/2.0; +http://www.bing.com/bingbot.htm)" "ysfine.com"
62.96.18.242 - - [08/Nov/2022:01:58:01 -0800] "GET /feynman/page55.jpg HTTP/1.1" 200 98479 "https://www.google.com/" "Mozilla/5.0 (Windows NT 10.0; Win64; x64) AppleWebKit/537.36 (KHTML, like Gecko) Chrome/107.0.0.0 Safari/537.36" "ysfine.com"
40.86.101.164 - - [08/Nov/2022:01:58:29 -0800] "GET /world/russ/twosis22b.jpg HTTP/1.1" 200 23679 "https://ysfine.com/world/russ" "Mozilla/5.0 (Linux; Android 10; SM-G960U) AppleWebKit/537.36 (KHTML, like Gecko) Chrome/88.0.4324.181 Mobile Safari/537.36" "ysfine.com"
40.86.101.166 - - [08/Nov/2022:01:58:41 -0800] "GET /friends/amwash01b.jpg HTTP/1.1" 404 88 "https://ysfine.com/friends" "Mozilla/5.0 (iPhone; CPU iPhone OS 13_5_1 like Mac OS X) AppleWebKit/605.1.15 (KHTML, like Gecko) Version/13.1.1 Mobile/15E148 Safari/604.1" "ysfine.com"
40.77.167.68 - - [08/Nov/2022:01:58:42 -0800] "GET /people/moya.jpg HTTP/1.1" 200 43942 "-" "Mozilla/5.0 (compatible; bingbot/2.0; +http://www.bing.com/bingbot.htm)" "ysfine.com"
40.86.101.254 - - [08/Nov/2022:01:58:49 -0800] "GET /einstein/einvio11.jpg HTTP/1.1" 200 62065 "http://ysfine.com/einstein" "Mozilla/5.0 (iPhone; CPU iPhone OS 13_5_1 like Mac OS X) AppleWebKit/605.1.15 (KHTML, like Gecko) Version/13.1.1 Mobile/15E148 Safari/604.1" "ysfine.com"
157.55.39.65 - - [08/Nov/2022:01:59:01 -0800] "GET /world/russ/arbat36.jpg HTTP/1.1" 200 130921 "-" "Mozilla/5.0 AppleWebKit/537.36 (KHTML, like Gecko; compatible; bingbot/2.0; +http://www.bing.com/bingbot.htm) Chrome/103.0.5060.134 Safari/537.36" "ysfine.com"
40.77.167.71 - - [08/Nov/2022:01:59:10 -0800] "GET /bio/world/season.html HTTP/1.1" 404 88 "-" "Mozilla/5.0 (compatible; bingbot/2.0; +http://www.bing.com/bingbot.htm)" "ysfine.com"
37.187.94.3 - - [08/Nov/2022:01:59:43 -0800] "GET /robots.txt HTTP/1.1" 404 73 "-" "Mozilla/5.0 (compatible; MJ12bot/v1.4.8; http://mj12bot.com/)" "ysfine.com"
37.187.94.3 - - [08/Nov/2022:01:59:54 -0800] "GET /bio/einstein/ulm.html HTTP/1.1" 404 88 "-" "Mozilla/5.0 (compatible; MJ12bot/v1.4.8; http://mj12bot.com/)" "ysfine.com"
40.77.167.27 - - [08/Nov/2022:02:00:05 -0800] "GET /newyork/radioci08c.jpg HTTP/1.1" 200 36077 "-" "Mozilla/5.0 (compatible; bingbot/2.0; +http://www.bing.com/bingbot.htm)" "ysfine.com"
185.184.157.94 - - [08/Nov/2022:02:00:25 -0800] "GET /robots.txt HTTP/1.1" 404 88 "-" "Mozilla/5.0 (compatible; linkdexbot/2.0; +http://www.linkdex.com/bots/)" "ysfine.com"
185.184.157.94 - - [08/Nov/2022:02:00:25 -0800] "GET /robots.txt HTTP/1.1" 404 88 "-" "Mozilla/5.0 (compatible; linkdexbot/2.0; +http://www.linkdex.com/bots/)" "www.ysfine.com"
157.55.39.17 - - [08/Nov/2022:02:00:37 -0800] "GET /princeton/shapiro.jpg HTTP/1.1" 200 53951 "-" "Mozilla/5.0 AppleWebKit/537.36 (KHTML, like Gecko; compatible; bingbot/2.0; +http://www.bing.com/bingbot.htm) Chrome/103.0.5060.134 Safari/537.36" "ysfine.com"
157.55.39.17 - - [08/Nov/2022:02:00:38 -0800] "GET /wigner/wigwein2.jpg HTTP/1.1" 200 42269 "-" "Mozilla/5.0 (compatible; bingbot/2.0; +http://www.bing.com/bingbot.htm)" "ysfine.com"
40.77.51.85 - - [08/Nov/2022:02:01:04 -0800] "GET /world/russ/spb01b.jpg HTTP/1.1" 200 40392 "https://ysfine.com/world/russ" "Mozilla/5.0 (iPhone; CPU iPhone OS 13_5_1 like Mac OS X) AppleWebKit/605.1.15 (KHTML, like Gecko) Version/13.1.1 Mobile/15E148 Safari/604.1" "ysfine.com"
40.77.167.68 - - [08/Nov/2022:02:01:32 -0800] "GET /people/curtrigh.jpg HTTP/1.1" 200 45655 "-" "Mozilla/5.0 (compatible; bingbot/2.0; +http://www.bing.com/bingbot.htm)" "ysfine.com"
51.222.253.14 - - [08/Nov/2022:02:01:41 -0800] "GET /kobak/kimc.html HTTP/1.1" 200 4345 "-" "Mozilla/5.0 (compatible; AhrefsBot/7.0; +http://ahrefs.com/robot/)" "ysfine.com"
51.222.253.10 - - [08/Nov/2022:02:01:48 -0800] "GET /kobak/kimjap11b.jpg HTTP/1.1" 200 63075 "-" "Mozilla/5.0 (compatible; AhrefsBot/7.0; +http://ahrefs.com/robot/)" "ysfine.com"
51.222.253.3 - - [08/Nov/2022:02:01:51 -0800] "GET /kobak/dabrow11b.jpg HTTP/1.1" 200 58281 "-" "Mozilla/5.0 (compatible; AhrefsBot/7.0; +http://ahrefs.com/robot/)" "ysfine.com"
51.222.253.5 - - [08/Nov/2022:02:01:57 -0800] "GET /kobak/1014b.jpg HTTP/1.1" 200 42115 "-" "Mozilla/5.0 (compatible; AhrefsBot/7.0; +http://ahrefs.com/robot/)" "ysfine.com"
51.222.253.4 - - [08/Nov/2022:02:02:05 -0800] "GET /kobak/1014c270.jpg HTTP/1.1" 200 56853 "-" "Mozilla/5.0 (compatible; AhrefsBot/7.0; +http://ahrefs.com/robot/)" "ysfine.com"
40.86.101.253 - - [08/Nov/2022:02:02:06 -0800] "GET /world/france/lachaise01b.jpg HTTP/1.1" 200 65341 "http://ysfine.com/world/france" "Mozilla/5.0 (X11; Linux x86_64) AppleWebKit/537.36 (KHTML, like Gecko) Chrome/74.0.3729.169 Safari/537.36" "ysfine.com"
180.76.26.197 - - [08/Nov/2022:02:02:07 -0800] "GET /feynman/feynman.jpg HTTP/1.1" 200 40536 "-" "bce-sdk-python/0.8.73/3.6.8 (default, Nov 16 2020, 16:55:22) [GCC 4.8.5 20150623 (Red Hat 4.8.5-44)]/linux" "ysfine.com"
51.222.253.14 - - [08/Nov/2022:02:02:11 -0800] "GET /kobak/feb8b.jpg HTTP/1.1" 200 37892 "-" "Mozilla/5.0 (compatible; AhrefsBot/7.0; +http://ahrefs.com/robot/)" "ysfine.com"
51.222.253.12 - - [08/Nov/2022:02:02:17 -0800] "GET /kobak/chomansik11b.jpg HTTP/1.1" 200 36831 "-" "Mozilla/5.0 (compatible; AhrefsBot/7.0; +http://ahrefs.com/robot/)" "ysfine.com"
173.208.130.202 - - [08/Nov/2022:02:02:21 -0800] "GET /robots.txt HTTP/1.1" 404 73 "-" "Mozilla/5.0 (compatible; MJ12bot/v1.4.8; http://mj12bot.com/)" "ysfine.com"
173.208.130.202 - - [08/Nov/2022:02:02:32 -0800] "GET /wdc/jeffm08.jpg HTTP/1.1" 200 82292 "-" "Mozilla/5.0 (compatible; MJ12bot/v1.4.8; http://mj12bot.com/)" "ysfine.com"
173.208.130.202 - - [08/Nov/2022:02:02:45 -0800] "GET /robots.txt HTTP/1.1" 404 73 "-" "Mozilla/5.0 (compatible; MJ12bot/v1.4.8; http://mj12bot.com/)" "www.ysfine.com"
77.75.79.95 - - [08/Nov/2022:02:02:49 -0800] "GET /robots.txt HTTP/1.1" 404 88 "-" "Mozilla/5.0 (compatible; SeznamBot/3.2; +http://napoveda.seznam.cz/en/seznambot-intro/)" "ysfine.com"
77.75.79.95 - - [08/Nov/2022:02:02:51 -0800] "GET /kowar/tanks/tank06.jpg HTTP/1.1" 304 - "-" "Mozilla/5.0 (compatible; SeznamBot/3.2; +http://napoveda.seznam.cz/en/seznambot-intro/)" "ysfine.com"
77.75.79.95 - - [08/Nov/2022:02:02:52 -0800] "GET /world/brit/oxlon59.jpg HTTP/1.1" 304 - "-" "Mozilla/5.0 (compatible; SeznamBot/3.2; +http://napoveda.seznam.cz/en/seznambot-intro/)" "ysfine.com"
77.75.79.95 - - [08/Nov/2022:02:02:53 -0800] "GET /style/kievopera55.jpg HTTP/1.1" 200 93047 "-" "Mozilla/5.0 (compatible; SeznamBot/3.2; +http://napoveda.seznam.cz/en/seznambot-intro/)" "ysfine.com"
173.208.130.202 - - [08/Nov/2022:02:02:54 -0800] "GET /ysbio//sbk/1969kang11.jpg HTTP/1.1" 200 81718 "-" "Mozilla/5.0 (compatible; MJ12bot/v1.4.8; http://mj12bot.com/)" "www.ysfine.com"
77.75.79.95 - - [08/Nov/2022:02:02:55 -0800] "GET /people/accardi02.jpg HTTP/1.1" 200 83010 "-" "Mozilla/5.0 (compatible; SeznamBot/3.2; +http://napoveda.seznam.cz/en/seznambot-intro/)" "ysfine.com"
77.75.79.95 - - [08/Nov/2022:02:02:58 -0800] "GET /dirac/dirfoc11.jpg HTTP/1.1" 200 149712 "-" "Mozilla/5.0 (compatible; SeznamBot/3.2; +http://napoveda.seznam.cz/en/seznambot-intro/)" "ysfine.com"
173.208.130.202 - - [08/Nov/2022:02:03:03 -0800] "GET /ysbio//sbk/1969party11.jpg HTTP/1.1" 200 171937 "-" "Mozilla/5.0 (compatible; MJ12bot/v1.4.8; http://mj12bot.com/)" "www.ysfine.com"
40.86.101.166 - - [08/Nov/2022:02:03:15 -0800] "GET /dongio/aline/delta11c.jpg HTTP/1.1" 404 88 "https://ysfine.com/dongio/aline" "Mozilla/5.0 (Linux; Android 10; SM-G960U) AppleWebKit/537.36 (KHTML, like Gecko) Chrome/88.0.4324.181 Mobile Safari/537.36" "ysfine.com"
173.208.130.202 - - [08/Nov/2022:02:03:17 -0800] "GET /ysbio//sbk/1970cc.jpg HTTP/1.1" 200 129366 "-" "Mozilla/5.0 (compatible; MJ12bot/v1.4.8; http://mj12bot.com/)" "www.ysfine.com"
13.67.224.13 - - [08/Nov/2022:02:03:23 -0800] "GET /heisen/fantova/fanto22.jpg HTTP/1.1" 404 88 "https://ysfine.com/heisen/fantova" "Mozilla/5.0 (Windows NT 10.0; Win64; x64) AppleWebKit/537.36 (KHTML, like Gecko) Chrome/74.0.3729.157 Safari/537.36" "ysfine.com"
173.208.130.202 - - [08/Nov/2022:02:03:28 -0800] "GET /ysbio//sbk/1970conn11.jpg HTTP/1.1" 200 85382 "-" "Mozilla/5.0 (compatible; MJ12bot/v1.4.8; http://mj12bot.com/)" "www.ysfine.com"
157.55.39.65 - - [08/Nov/2022:02:03:33 -0800] "GET /bio/style/ystyle.html HTTP/1.1" 404 88 "-" "Mozilla/5.0 (compatible; bingbot/2.0; +http://www.bing.com/bingbot.htm)" "ysfine.com"
173.208.130.202 - - [08/Nov/2022:02:03:41 -0800] "GET /ysbio//sbk/1970conn22.jpg HTTP/1.1" 200 85589 "-" "Mozilla/5.0 (compatible; MJ12bot/v1.4.8; http://mj12bot.com/)" "www.ysfine.com"
40.77.167.71 - - [08/Nov/2022:02:03:50 -0800] "GET /bio/genea.html HTTP/1.1" 404 88 "-" "Mozilla/5.0 (compatible; bingbot/2.0; +http://www.bing.com/bingbot.htm)" "ysfine.com"
13.67.228.136 - - [08/Nov/2022:02:03:58 -0800] "GET /friends/amkor/amcalver22c.jpg HTTP/1.1" 404 88 "https://ysfine.com/friends/amkor" "Mozilla/5.0 (Windows NT 10.0; Win64; x64) AppleWebKit/537.36 (KHTML, like Gecko) Chrome/74.0.3729.157 Safari/537.36" "ysfine.com"
173.208.130.202 - - [08/Nov/2022:02:04:00 -0800] "GET /ysbio//sbk/1970conn33.jpg HTTP/1.1" 200 147032 "-" "Mozilla/5.0 (compatible; MJ12bot/v1.4.8; http://mj12bot.com/)" "www.ysfine.com"
157.55.39.65 - - [08/Nov/2022:02:04:03 -0800] "GET /world/france/eiffel03.jpg HTTP/1.1" 200 88155 "-" "Mozilla/5.0 AppleWebKit/537.36 (KHTML, like Gecko; compatible; bingbot/2.0; +http://www.bing.com/bingbot.htm) Chrome/103.0.5060.134 Safari/537.36" "www.ysfine.com"
40.77.51.84 - - [08/Nov/2022:02:04:10 -0800] "GET /style/tatyana.jpg HTTP/1.1" 200 46023 "http://ysfine.com/style" "Mozilla/5.0 (Linux; Android 10; SM-G960U) AppleWebKit/537.36 (KHTML, like Gecko) Chrome/88.0.4324.181 Mobile Safari/537.36" "ysfine.com"
173.208.130.202 - - [08/Nov/2022:02:04:16 -0800] "GET /ysbio//sbk/1970conn55.jpg HTTP/1.1" 200 182949 "-" "Mozilla/5.0 (compatible; MJ12bot/v1.4.8; http://mj12bot.com/)" "www.ysfine.com"
157.55.39.17 - - [08/Nov/2022:02:04:28 -0800] "GET /bio/newyork/index.html HTTP/1.1" 404 88 "-" "Mozilla/5.0 AppleWebKit/537.36 (KHTML, like Gecko; compatible; bingbot/2.0; +http://www.bing.com/bingbot.htm) Chrome/103.0.5060.134 Safari/537.36" "ysfine.com"
157.55.39.76 - - [08/Nov/2022:02:04:33 -0800] "GET /bio/world/nice.html HTTP/1.1" 404 88 "-" "Mozilla/5.0 (compatible; bingbot/2.0; +http://www.bing.com/bingbot.htm)" "ysfine.com"
173.208.130.202 - - [08/Nov/2022:02:04:33 -0800] "GET /ysbio//sbk/1970conn66.jpg HTTP/1.1" 200 117496 "-" "Mozilla/5.0 (compatible; MJ12bot/v1.4.8; http://mj12bot.com/)" "www.ysfine.com"
20.109.241.81 - - [08/Nov/2022:02:04:43 -0800] "GET /awards/truck20c.jpg HTTP/1.1" 200 28951 "https://ysfine.com/awards" "Mozilla/5.0 (iPhone; CPU iPhone OS 13_5_1 like Mac OS X) AppleWebKit/605.1.15 (KHTML, like Gecko) Version/13.1.1 Mobile/15E148 Safari/604.1" "ysfine.com"
40.86.101.165 - - [08/Nov/2022:02:04:45 -0800] "GET /princeton/ysrhee33c.jpg HTTP/1.1" 200 26817 "https://ysfine.com/princeton" "Mozilla/5.0 (Macintosh; Intel Mac OS X 10_11_6) AppleWebKit/605.1.15 (KHTML, like Gecko) Version/11.1.2 Safari/605.1.15" "ysfine.com"
40.77.167.27 - - [08/Nov/2022:02:04:56 -0800] "GET /wigner/lunch91b.jpg HTTP/1.1" 200 52318 "-" "Mozilla/5.0 AppleWebKit/537.36 (KHTML, like Gecko; compatible; bingbot/2.0; +http://www.bing.com/bingbot.htm) Chrome/103.0.5060.134 Safari/537.36" "ysfine.com"
157.55.39.17 - - [08/Nov/2022:02:05:17 -0800] "GET /wdc/waskor005.jpg HTTP/1.1" 200 85085 "-" "Mozilla/5.0 AppleWebKit/537.36 (KHTML, like Gecko; compatible; bingbot/2.0; +http://www.bing.com/bingbot.htm) Chrome/103.0.5060.134 Safari/537.36" "ysfine.com"
51.222.253.2 - - [08/Nov/2022:02:05:22 -0800] "GET /ysbio/houses/vernon.html HTTP/1.1" 200 1478 "-" "Mozilla/5.0 (compatible; AhrefsBot/7.0; +http://ahrefs.com/robot/)" "ysfine.com"
157.55.39.76 - - [08/Nov/2022:02:06:50 -0800] "GET /world/germany/berlin008.jpg HTTP/1.1" 200 80991 "-" "Mozilla/5.0 AppleWebKit/537.36 (KHTML, like Gecko; compatible; bingbot/2.0; +http://www.bing.com/bingbot.htm) Chrome/103.0.5060.134 Safari/537.36" "www.ysfine.com"
40.77.167.68 - - [08/Nov/2022:02:07:03 -0800] "GET /dirac/dirkim.html HTTP/1.1" 304 - "-" "Mozilla/5.0 (compatible; bingbot/2.0; +http://www.bing.com/bingbot.htm)" "www.ysfine.com"
40.77.167.68 - - [08/Nov/2022:02:07:13 -0800] "GET /maga/phys/faradm03a.jpg HTTP/1.1" 200 34500 "-" "Mozilla/5.0 (compatible; bingbot/2.0; +http://www.bing.com/bingbot.htm)" "ysfine.com"
40.122.230.188 - - [08/Nov/2022:02:07:17 -0800] "GET /world/brit/sebiro01b.jpg HTTP/1.1" 200 46756 "https://ysfine.com/world/brit" "Mozilla/5.0 (X11; Linux x86_64) AppleWebKit/537.36 (KHTML, like Gecko) Chrome/74.0.3729.169 Safari/537.36" "ysfine.com"
157.55.39.17 - - [08/Nov/2022:02:07:29 -0800] "GET /ysbio/philo/sisfa12/r12left.html HTTP/1.1" 200 662 "-" "Mozilla/5.0 (compatible; bingbot/2.0; +http://www.bing.com/bingbot.htm)" "ysfine.com"
40.122.195.128 - - [08/Nov/2022:02:08:12 -0800] "GET /world/ital/venice51b.jpg HTTP/1.1" 404 88 "http://ysfine.com/world/ital" "Mozilla/5.0 (iPhone; CPU iPhone OS 13_5_1 like Mac OS X) AppleWebKit/605.1.15 (KHTML, like Gecko) Version/13.1.1 Mobile/15E148 Safari/604.1" "ysfine.com"
157.55.39.65 - - [08/Nov/2022:02:08:22 -0800] "GET /style/musee/perga06b.jpg HTTP/1.1" 200 40224 "-" "Mozilla/5.0 AppleWebKit/537.36 (KHTML, like Gecko; compatible; bingbot/2.0; +http://www.bing.com/bingbot.htm) Chrome/103.0.5060.134 Safari/537.36" "ysfine.com"
40.86.101.254 - - [08/Nov/2022:02:08:44 -0800] "GET /friends/aline/chinaeast04c.jpg HTTP/1.1" 404 88 "https://ysfine.com/friends/aline" "Mozilla/5.0 (Macintosh; Intel Mac OS X 10_11_6) AppleWebKit/605.1.15 (KHTML, like Gecko) Version/11.1.2 Safari/605.1.15" "ysfine.com"
40.77.51.82 - - [08/Nov/2022:02:08:54 -0800] "GET /world/ital/sorrento01b.jpg HTTP/1.1" 200 52743 "https://ysfine.com/world/ital" "Mozilla/5.0 (Windows NT 10.0; Win64; x64) AppleWebKit/537.36 (KHTML, like Gecko) Chrome/74.0.3729.157 Safari/537.36" "ysfine.com"
17.121.115.4 - - [08/Nov/2022:02:08:56 -0800] "GET /kobak/kimc.html HTTP/1.1" 200 4345 "-" "Mozilla/5.0 (Macintosh; Intel Mac OS X 10_15_5) AppleWebKit/605.1.15 (KHTML, like Gecko) Version/13.1.1 Safari/605.1.15 (Applebot/0.1; +http://www.apple.com/go/applebot)" "ysfine.com"
157.55.39.17 - - [08/Nov/2022:02:08:59 -0800] "GET /bio/world/leipzig.html HTTP/1.1" 404 88 "-" "Mozilla/5.0 (compatible; bingbot/2.0; +http://www.bing.com/bingbot.htm)" "ysfine.com"
40.77.167.71 - - [08/Nov/2022:02:09:09 -0800] "GET /wdc/gtown37.jpg HTTP/1.1" 200 134468 "-" "Mozilla/5.0 AppleWebKit/537.36 (KHTML, like Gecko; compatible; bingbot/2.0; +http://www.bing.com/bingbot.htm) Chrome/103.0.5060.134 Safari/537.36" "ysfine.com"
51.222.253.2 - - [08/Nov/2022:02:09:24 -0800] "GET /kowar/war02.html HTTP/1.1" 200 9935 "-" "Mozilla/5.0 (compatible; AhrefsBot/7.0; +http://ahrefs.com/robot/)" "ysfine.com"
23.249.172.252 - - [08/Nov/2022:02:09:47 -0800] "GET /princeton/alexan22.jpg HTTP/1.1" 200 175436 "https://www.google.com/" "Mozilla/5.0 (Macintosh; Intel Mac OS X 10_15_7) AppleWebKit/605.1.15 (KHTML, like Gecko) Version/15.2 Safari/605.1.15" "ysfine.com"
40.77.51.82 - - [08/Nov/2022:02:09:50 -0800] "GET /world/ital/verona21b.jpg HTTP/1.1" 200 38564 "http://www.ysfine.com/world/ital" "Mozilla/5.0 (Linux; Android 10; SM-G960U) AppleWebKit/537.36 (KHTML, like Gecko) Chrome/88.0.4324.181 Mobile Safari/537.36" "www.ysfine.com"
40.77.167.68 - - [08/Nov/2022:02:10:03 -0800] "GET /bio/world/kalinin22.html HTTP/1.1" 404 88 "-" "Mozilla/5.0 (compatible; bingbot/2.0; +http://www.bing.com/bingbot.htm)" "ysfine.com"
13.67.224.13 - - [08/Nov/2022:02:10:38 -0800] "GET /world/germany/perga15b.jpg HTTP/1.1" 200 35319 "http://www.ysfine.com/world/germany" "Mozilla/5.0 (Macintosh; Intel Mac OS X 10_11_6) AppleWebKit/605.1.15 (KHTML, like Gecko) Version/11.1.2 Safari/605.1.15" "www.ysfine.com"
40.77.167.71 - - [08/Nov/2022:02:11:20 -0800] "GET /bio/wigner/evangel.html HTTP/1.1" 404 88 "-" "Mozilla/5.0 AppleWebKit/537.36 (KHTML, like Gecko; compatible; bingbot/2.0; +http://www.bing.com/bingbot.htm) Chrome/103.0.5060.134 Safari/537.36" "ysfine.com"
40.86.101.165 - - [08/Nov/2022:02:11:58 -0800] "GET /world/germany/muc019b.jpg HTTP/1.1" 200 45438 "https://ysfine.com/world/germany" "Mozilla/5.0 (Macintosh; Intel Mac OS X 10_11_6) AppleWebKit/605.1.15 (KHTML, like Gecko) Version/11.1.2 Safari/605.1.15" "ysfine.com"
40.77.167.71 - - [08/Nov/2022:02:12:10 -0800] "GET /feynman/chewfra.jpg HTTP/1.1" 200 53664 "-" "Mozilla/5.0 AppleWebKit/537.36 (KHTML, like Gecko; compatible; bingbot/2.0; +http://www.bing.com/bingbot.htm) Chrome/103.0.5060.134 Safari/537.36" "ysfine.com"
157.55.39.65 - - [08/Nov/2022:02:12:24 -0800] "GET /bio/princeton/campus.html HTTP/1.1" 404 88 "-" "Mozilla/5.0 (compatible; bingbot/2.0; +http://www.bing.com/bingbot.htm)" "ysfine.com"
157.55.39.17 - - [08/Nov/2022:02:12:28 -0800] "GET /wdc/anna05.jpg HTTP/1.1" 200 79971 "-" "Mozilla/5.0 AppleWebKit/537.36 (KHTML, like Gecko; compatible; bingbot/2.0; +http://www.bing.com/bingbot.htm) Chrome/103.0.5060.134 Safari/537.36" "www.ysfine.com"
40.77.167.68 - - [08/Nov/2022:02:12:33 -0800] "GET /feynman/chapline.jpg HTTP/1.1" 200 133064 "-" "Mozilla/5.0 AppleWebKit/537.36 (KHTML, like Gecko; compatible; bingbot/2.0; +http://www.bing.com/bingbot.htm) Chrome/103.0.5060.134 Safari/537.36" "ysfine.com"
40.77.51.85 - - [08/Nov/2022:02:12:35 -0800] "GET /wdc/whxmas12c.jpg HTTP/1.1" 200 60822 "http://ysfine.com/wdc" "Mozilla/5.0 (Linux; Android 10; SM-G960U) AppleWebKit/537.36 (KHTML, like Gecko) Chrome/88.0.4324.181 Mobile Safari/537.36" "ysfine.com"
69.194.143.140 - - [08/Nov/2022:02:13:01 -0800] "GET /ads.txt HTTP/1.1" 404 88 "-" "Mozilla/5.0 (Macintosh; Intel Mac OS X 10_15_7) AppleWebKit/537.36 (KHTML, like Gecko) Chrome/107.0.0.0 Safari/537.36" "ysfine.com"
69.194.143.140 - - [08/Nov/2022:02:13:01 -0800] "GET /ads.txt HTTP/1.1" 404 88 "-" "Mozilla/5.0 (Macintosh; Intel Mac OS X 10_15_7) AppleWebKit/537.36 (KHTML, like Gecko) Chrome/107.0.0.0 Safari/537.36" "ysfine.com"
51.222.253.10 - - [08/Nov/2022:02:13:25 -0800] "GET /world/china11.html HTTP/1.1" 200 24682 "-" "Mozilla/5.0 (compatible; AhrefsBot/7.0; +http://ahrefs.com/robot/)" "www.ysfine.com"
