157.55.39.17 - - [08/Nov/2022:12:55:18 -0800] "GET /world/germany/oktf15.jpg HTTP/1.1" 200 108328 "-" "Mozilla/5.0 AppleWebKit/537.36 (KHTML, like Gecko; compatible; bingbot/2.0; +http://www.bing.com/bingbot.htm) Chrome/103.0.5060.134 Safari/537.36" "ysfine.com"
77.88.5.245 - - [08/Nov/2022:12:55:20 -0800] "GET /maga/invent/pupin11.jpg HTTP/1.1" 200 63825 "-" "Mozilla/5.0 (compatible; YandexImages/3.0; +http://yandex.com/bots)" "www.ysfine.com"
207.46.13.139 - - [08/Nov/2022:12:55:29 -0800] "GET /usca/pitt/pitcn02.jpg HTTP/1.1" 200 131284 "-" "Mozilla/5.0 (compatible; bingbot/2.0; +http://www.bing.com/bingbot.htm)" "ysfine.com"
40.77.167.71 - - [08/Nov/2022:12:55:50 -0800] "GET /wigner/isomor77.jpg HTTP/1.1" 200 106571 "-" "Mozilla/5.0 (compatible; bingbot/2.0; +http://www.bing.com/bingbot.htm)" "ysfine.com"
157.55.39.65 - - [08/Nov/2022:12:56:07 -0800] "GET /bio/style/ystyle.html HTTP/1.1" 404 88 "-" "Mozilla/5.0 AppleWebKit/537.36 (KHTML, like Gecko; compatible; bingbot/2.0; +http://www.bing.com/bingbot.htm) Chrome/103.0.5060.134 Safari/537.36" "ysfine.com"
40.86.101.254 - - [08/Nov/2022:12:56:21 -0800] "GET /einstein/newton11b.jpg HTTP/1.1" 200 61151 "https://ysfine.com/einstein" "Mozilla/5.0 (X11; Linux x86_64) AppleWebKit/537.36 (KHTML, like Gecko) Chrome/74.0.3729.169 Safari/537.36" "ysfine.com"
40.77.51.86 - - [08/Nov/2022:12:56:24 -0800] "GET /world/china/hangz02b.jpg HTTP/1.1" 200 33785 "http://ysfine.com/world/china" "Mozilla/5.0 (iPhone; CPU iPhone OS 13_5_1 like Mac OS X) AppleWebKit/605.1.15 (KHTML, like Gecko) Version/13.1.1 Mobile/15E148 Safari/604.1" "ysfine.com"
157.55.39.65 - - [08/Nov/2022:12:56:28 -0800] "GET /home/hmleft.html HTTP/1.1" 200 861 "-" "Mozilla/5.0 AppleWebKit/537.36 (KHTML, like Gecko; compatible; bingbot/2.0; +http://www.bing.com/bingbot.htm) Chrome/103.0.5060.134 Safari/537.36" "ysfine.com"
207.46.13.139 - - [08/Nov/2022:12:57:01 -0800] "GET /bio/feynman/fthtop.html HTTP/1.1" 404 88 "-" "Mozilla/5.0 (compatible; bingbot/2.0; +http://www.bing.com/bingbot.htm)" "ysfine.com"
40.86.101.164 - - [08/Nov/2022:12:58:03 -0800] "GET /world/hungary/buda021b.jpg HTTP/1.1" 200 41415 "https://ysfine.com/world/hungary" "Mozilla/5.0 (iPhone; CPU iPhone OS 13_5_1 like Mac OS X) AppleWebKit/605.1.15 (KHTML, like Gecko) Version/13.1.1 Mobile/15E148 Safari/604.1" "ysfine.com"
20.29.110.170 - - [08/Nov/2022:12:58:07 -0800] "GET /world/russ/arbat34b.jpg HTTP/1.1" 200 38127 "https://ysfine.com/world/russ" "Mozilla/5.0 (X11; Linux x86_64) AppleWebKit/537.36 (KHTML, like Gecko) Chrome/74.0.3729.169 Safari/537.36" "ysfine.com"
20.109.241.82 - - [08/Nov/2022:12:58:20 -0800] "GET /einstein/eins05b.jpg HTTP/1.1" 200 47795 "http://ysfine.com/einstein" "Mozilla/5.0 (iPhone; CPU iPhone OS 13_5_1 like Mac OS X) AppleWebKit/605.1.15 (KHTML, like Gecko) Version/13.1.1 Mobile/15E148 Safari/604.1" "ysfine.com"
157.55.39.17 - - [08/Nov/2022:12:58:47 -0800] "GET /maga/phys/inclined22.jpg HTTP/1.1" 200 49333 "-" "Mozilla/5.0 AppleWebKit/537.36 (KHTML, like Gecko; compatible; bingbot/2.0; +http://www.bing.com/bingbot.htm) Chrome/103.0.5060.134 Safari/537.36" "ysfine.com"
216.244.66.229 - - [08/Nov/2022:12:58:54 -0800] "GET /maga/bohratom.html HTTP/1.1" 200 13708 "-" "Mozilla/5.0 (compatible; DotBot/1.2; +https://opensiteexplorer.org/dotbot; help@moz.com)" "ysfine.com"
40.77.167.27 - - [08/Nov/2022:12:58:55 -0800] "GET /world/china/shanghai058.jpg HTTP/1.1" 200 97242 "-" "Mozilla/5.0 (compatible; bingbot/2.0; +http://www.bing.com/bingbot.htm)" "www.ysfine.com"
216.244.66.229 - - [08/Nov/2022:12:58:57 -0800] "GET /maga/copergali.html HTTP/1.1" 200 12565 "-" "Mozilla/5.0 (compatible; DotBot/1.2; +https://opensiteexplorer.org/dotbot; help@moz.com)" "ysfine.com"
20.109.241.97 - - [08/Nov/2022:12:58:58 -0800] "GET /world/ital/vatican59b.jpg HTTP/1.1" 200 37141 "https://ysfine.com/world/ital" "Mozilla/5.0 (Linux; Android 10; SM-G960U) AppleWebKit/537.36 (KHTML, like Gecko) Chrome/88.0.4324.181 Mobile Safari/537.36" "ysfine.com"
207.46.13.139 - - [08/Nov/2022:12:58:59 -0800] "GET /world/scandi/copen008.jpg HTTP/1.1" 200 92954 "-" "Mozilla/5.0 AppleWebKit/537.36 (KHTML, like Gecko; compatible; bingbot/2.0; +http://www.bing.com/bingbot.htm) Chrome/103.0.5060.134 Safari/537.36" "ysfine.com"
40.77.167.27 - - [08/Nov/2022:12:59:04 -0800] "GET /eink/evol77a.jpg HTTP/1.1" 200 87188 "-" "Mozilla/5.0 AppleWebKit/537.36 (KHTML, like Gecko; compatible; bingbot/2.0; +http://www.bing.com/bingbot.htm) Chrome/103.0.5060.134 Safari/537.36" "ysfine.com"
40.77.167.68 - - [08/Nov/2022:12:59:19 -0800] "GET /world/balkan/istan014b.jpg HTTP/1.1" 200 33551 "-" "Mozilla/5.0 (compatible; bingbot/2.0; +http://www.bing.com/bingbot.htm)" "ysfine.com"
207.46.13.139 - - [08/Nov/2022:12:59:30 -0800] "GET /bio/houses/house45.jpg HTTP/1.1" 404 88 "-" "Mozilla/5.0 (compatible; bingbot/2.0; +http://www.bing.com/bingbot.htm)" "ysfine.com"
216.244.66.229 - - [08/Nov/2022:12:59:32 -0800] "GET /dirac/bankers.html HTTP/1.1" 200 12376 "-" "Mozilla/5.0 (compatible; DotBot/1.2; +https://opensiteexplorer.org/dotbot; help@moz.com)" "ysfine.com"
104.196.165.78 - - [08/Nov/2022:12:59:34 -0800] "GET /eink/index.html HTTP/1.1" 200 17659 "-" "ZoominfoBot (zoominfobot at zoominfo dot com)" "ysfine.com"
65.108.41.34 - - [08/Nov/2022:12:59:35 -0800] "GET /robots.txt HTTP/1.1" 404 73 "-" "Mozilla/5.0 (compatible; MJ12bot/v1.4.8; http://mj12bot.com/)" "ysfine.com"
65.108.41.34 - - [08/Nov/2022:12:59:38 -0800] "GET /world/kor/sel803.jpg HTTP/1.1" 200 195155 "-" "Mozilla/5.0 (compatible; MJ12bot/v1.4.8; http://mj12bot.com/)" "ysfine.com"
65.108.41.34 - - [08/Nov/2022:12:59:41 -0800] "GET /einstein/ulm.html HTTP/1.1" 200 6713 "-" "Mozilla/5.0 (compatible; MJ12bot/v1.4.8; http://mj12bot.com/)" "ysfine.com"
104.196.165.78 - - [08/Nov/2022:12:59:45 -0800] "GET /maga/herod.html HTTP/1.1" 200 4341 "-" "ZoominfoBot (zoominfobot at zoominfo dot com)" "ysfine.com"
65.108.41.34 - - [08/Nov/2022:12:59:45 -0800] "GET /class54/class5480/Videos/1.%C3%AC%C2%9A%C2%B0%C3%AB%C2%A6%C2%AC%C3%AC%C2%9D%C2%98%20%C3%AC%C2%9E%C2%AC%C3%AD%C2%95%C2%99%C3%AC%C2%8B%C2%9C%C3%AC%C2%A0%C2%88(1948-1954).wmv HTTP/1.1" 200 84851613 "-" "Mozilla/5.0 (compatible; MJ12bot/v1.4.8; http://mj12bot.com/)" "ysfine.com"
216.244.66.229 - - [08/Nov/2022:12:59:53 -0800] "GET /class54/class5470/total_data/sub_301.htm HTTP/1.1" 200 13743 "-" "Mozilla/5.0 (compatible; DotBot/1.2; +https://opensiteexplorer.org/dotbot; help@moz.com)" "ysfine.com"
65.108.41.34 - - [08/Nov/2022:12:59:54 -0800] "GET /class54/class5480/Videos/3.%C3%AC%C2%A1%C2%B8%C3%AC%C2%97%C2%8560%C3%AC%C2%A3%C2%BC%C3%AB%C2%85%C2%84%C3%AB%C2%AC%C2%B8%C3%AC%C2%A7%C2%91%202%C3%AB%C2%B6%C2%80.wmv HTTP/1.1" 200 37680666 "-" "Mozilla/5.0 (compatible; MJ12bot/v1.4.8; http://mj12bot.com/)" "ysfine.com"
65.108.41.34 - - [08/Nov/2022:12:59:58 -0800] "GET /robots.txt HTTP/1.1" 404 73 "-" "Mozilla/5.0 (compatible; MJ12bot/v1.4.8; http://mj12bot.com/)" "www.ysfine.com"
65.108.41.34 - - [08/Nov/2022:13:00:00 -0800] "GET /kowar/kowar001.jpg HTTP/1.1" 200 240938 "-" "Mozilla/5.0 (compatible; MJ12bot/v1.4.8; http://mj12bot.com/)" "www.ysfine.com"
65.108.41.34 - - [08/Nov/2022:13:00:04 -0800] "GET /class54/class5480/Pictures/ HTTP/1.1" 200 578 "-" "Mozilla/5.0 (compatible; MJ12bot/v1.4.8; http://mj12bot.com/)" "www.ysfine.com"
40.77.167.71 - - [08/Nov/2022:13:00:11 -0800] "GET /wigner/weiss11b.jpg HTTP/1.1" 200 33141 "-" "Mozilla/5.0 (compatible; bingbot/2.0; +http://www.bing.com/bingbot.htm)" "www.ysfine.com"
157.55.39.65 - - [08/Nov/2022:13:00:17 -0800] "GET /maga/invent/wright03.jpg HTTP/1.1" 200 123402 "-" "Mozilla/5.0 (compatible; bingbot/2.0; +http://www.bing.com/bingbot.htm)" "ysfine.com"
207.46.13.139 - - [08/Nov/2022:13:00:21 -0800] "GET /maga/histo/oscar33.jpg HTTP/1.1" 200 140181 "-" "Mozilla/5.0 AppleWebKit/537.36 (KHTML, like Gecko; compatible; bingbot/2.0; +http://www.bing.com/bingbot.htm) Chrome/103.0.5060.134 Safari/537.36" "ysfine.com"
51.222.253.14 - - [08/Nov/2022:13:00:33 -0800] "GET /ysbio/einwig.html HTTP/1.1" 200 1537 "-" "Mozilla/5.0 (compatible; AhrefsBot/7.0; +http://ahrefs.com/robot/)" "ysfine.com"
20.12.191.74 - - [08/Nov/2022:13:00:44 -0800] "GET /maga/phys/minkowski2.jpg HTTP/1.1" 200 26964 "https://ysfine.com/maga/phys" "Mozilla/5.0 (Windows NT 10.0; Win64; x64) AppleWebKit/537.36 (KHTML, like Gecko) Chrome/74.0.3729.157 Safari/537.36" "ysfine.com"
157.55.39.65 - - [08/Nov/2022:13:00:47 -0800] "GET /bio/pquartet.html HTTP/1.1" 404 88 "-" "Mozilla/5.0 AppleWebKit/537.36 (KHTML, like Gecko; compatible; bingbot/2.0; +http://www.bing.com/bingbot.htm) Chrome/103.0.5060.134 Safari/537.36" "ysfine.com"
40.77.167.68 - - [08/Nov/2022:13:00:52 -0800] "GET /world/israel/jeru64c.jpg HTTP/1.1" 200 44655 "-" "Mozilla/5.0 (compatible; bingbot/2.0; +http://www.bing.com/bingbot.htm)" "ysfine.com"
77.75.79.72 - - [08/Nov/2022:13:01:21 -0800] "GET /robots.txt HTTP/1.1" 404 88 "-" "Mozilla/5.0 (compatible; SeznamBot/3.2; +http://napoveda.seznam.cz/en/seznambot-intro/)" "ysfine.com"
77.75.79.72 - - [08/Nov/2022:13:01:22 -0800] "GET /newyork/grant01.jpg HTTP/1.1" 200 86409 "-" "Mozilla/5.0 (compatible; SeznamBot/3.2; +http://napoveda.seznam.cz/en/seznambot-intro/)" "ysfine.com"
77.75.79.72 - - [08/Nov/2022:13:01:25 -0800] "GET /wdc/heyadams11.jpg HTTP/1.1" 200 124669 "-" "Mozilla/5.0 (compatible; SeznamBot/3.2; +http://napoveda.seznam.cz/en/seznambot-intro/)" "ysfine.com"
157.55.39.17 - - [08/Nov/2022:13:01:28 -0800] "GET /kowar/tanks/stalinorg2.jpg HTTP/1.1" 200 50939 "-" "Mozilla/5.0 (compatible; bingbot/2.0; +http://www.bing.com/bingbot.htm)" "ysfine.com"
77.75.79.72 - - [08/Nov/2022:13:01:28 -0800] "GET /people/sanders.jpg HTTP/1.1" 200 68021 "-" "Mozilla/5.0 (compatible; SeznamBot/3.2; +http://napoveda.seznam.cz/en/seznambot-intro/)" "ysfine.com"
77.75.79.72 - - [08/Nov/2022:13:01:30 -0800] "GET /wdc/blairhouse.jpg HTTP/1.1" 200 146627 "-" "Mozilla/5.0 (compatible; SeznamBot/3.2; +http://napoveda.seznam.cz/en/seznambot-intro/)" "ysfine.com"
77.75.79.72 - - [08/Nov/2022:13:01:33 -0800] "GET /wdc/jeffm08.jpg HTTP/1.1" 200 82292 "-" "Mozilla/5.0 (compatible; SeznamBot/3.2; +http://napoveda.seznam.cz/en/seznambot-intro/)" "ysfine.com"
47.176.46.180 - - [08/Nov/2022:13:01:47 -0800] "GET /maga/histo/oscar33.jpg HTTP/1.1" 200 140181 "https://images.search.yahoo.com/search/images;_ylt=AwrO_SKHw2pjvcsIhxSJzbkF;_ylu=c2VjA3NlYXJjaARzbGsDYnV0dG9u;_ylc=X1MDOTYwNjI4NTcEX3IDMgRmcgNtY2FmZWUEZnIyA3A6cyx2OmksbTpzYi10b3AEZ3ByaWQDdmw1U2pINkRRZ3FzNU5rUG5DU0tGQQRuX3JzbHQDMARuX3N1Z2cDMQRvcmlnaW4DaW1hZ2VzLnNlYXJjaC55YWhvby5jb20EcG9zAzAEcHFzdHIDBHBxc3RybAMwBHFzdHJsAzI0BHF1ZXJ5A05hcG9sZW9uJTIwd2l0aCUyMGhpcyUyMGZhbWlseQR0X3N0bXADMTY2Nzk0MTMwMg--?p=Napoleon+with+his+family&fr=mcafee&fr2=p%3As%2Cv%3Ai%2Cm%3Asb-top&ei=UTF-8&x=wrt&type=E211US105G91547" "Mozilla/5.0 (X11; CrOS x86_64 15054.98.0) AppleWebKit/537.36 (KHTML, like Gecko) Chrome/106.0.0.0 Safari/537.36" "www.ysfine.com"
40.122.188.112 - - [08/Nov/2022:13:01:48 -0800] "GET /world/ital/verona03b.jpg HTTP/1.1" 200 41821 "https://www.ysfine.com/world/ital" "Mozilla/5.0 (X11; Linux x86_64) AppleWebKit/537.36 (KHTML, like Gecko) Chrome/74.0.3729.169 Safari/537.36" "www.ysfine.com"
47.176.46.180 - - [08/Nov/2022:13:02:15 -0800] "GET /maga/histo/desiree22.jpg HTTP/1.1" 200 113561 "https://images.search.yahoo.com/search/images;_ylt=AwrO_SKHw2pjvcsIhxSJzbkF;_ylu=c2VjA3NlYXJjaARzbGsDYnV0dG9u;_ylc=X1MDOTYwNjI4NTcEX3IDMgRmcgNtY2FmZWUEZnIyA3A6cyx2OmksbTpzYi10b3AEZ3ByaWQDdmw1U2pINkRRZ3FzNU5rUG5DU0tGQQRuX3JzbHQDMARuX3N1Z2cDMQRvcmlnaW4DaW1hZ2VzLnNlYXJjaC55YWhvby5jb20EcG9zAzAEcHFzdHIDBHBxc3RybAMwBHFzdHJsAzI0BHF1ZXJ5A05hcG9sZW9uJTIwd2l0aCUyMGhpcyUyMGZhbWlseQR0X3N0bXADMTY2Nzk0MTMwMg--?p=Napoleon+with+his+family&fr=mcafee&fr2=p%3As%2Cv%3Ai%2Cm%3Asb-top&ei=UTF-8&x=wrt&type=E211US105G91547" "Mozilla/5.0 (X11; CrOS x86_64 15054.98.0) AppleWebKit/537.36 (KHTML, like Gecko) Chrome/106.0.0.0 Safari/537.36" "www.ysfine.com"
47.176.46.180 - - [08/Nov/2022:13:02:26 -0800] "GET /maga/histo/desiree21.jpg HTTP/1.1" 200 91829 "https://images.search.yahoo.com/search/images;_ylt=AwrO_SKHw2pjvcsIhxSJzbkF;_ylu=c2VjA3NlYXJjaARzbGsDYnV0dG9u;_ylc=X1MDOTYwNjI4NTcEX3IDMgRmcgNtY2FmZWUEZnIyA3A6cyx2OmksbTpzYi10b3AEZ3ByaWQDdmw1U2pINkRRZ3FzNU5rUG5DU0tGQQRuX3JzbHQDMARuX3N1Z2cDMQRvcmlnaW4DaW1hZ2VzLnNlYXJjaC55YWhvby5jb20EcG9zAzAEcHFzdHIDBHBxc3RybAMwBHFzdHJsAzI0BHF1ZXJ5A05hcG9sZW9uJTIwd2l0aCUyMGhpcyUyMGZhbWlseQR0X3N0bXADMTY2Nzk0MTMwMg--?p=Napoleon+with+his+family&fr=mcafee&fr2=p%3As%2Cv%3Ai%2Cm%3Asb-top&ei=UTF-8&x=wrt&type=E211US105G91547" "Mozilla/5.0 (X11; CrOS x86_64 15054.98.0) AppleWebKit/537.36 (KHTML, like Gecko) Chrome/106.0.0.0 Safari/537.36" "www.ysfine.com"
40.77.167.68 - - [08/Nov/2022:13:02:39 -0800] "GET /style/musee/uffizi06.jpg HTTP/1.1" 200 152747 "-" "Mozilla/5.0 (compatible; bingbot/2.0; +http://www.bing.com/bingbot.htm)" "ysfine.com"
104.196.165.78 - - [08/Nov/2022:13:02:39 -0800] "GET /feynman/index.html HTTP/1.1" 200 124 "-" "ZoominfoBot (zoominfobot at zoominfo dot com)" "ysfine.com"
40.77.167.68 - - [08/Nov/2022:13:02:49 -0800] "GET /bio/world/scandi/copen074.jpg HTTP/1.1" 404 88 "-" "Mozilla/5.0 (compatible; bingbot/2.0; +http://www.bing.com/bingbot.htm)" "ysfine.com"
207.46.13.139 - - [08/Nov/2022:13:03:32 -0800] "GET /bio/harmoarchi.html HTTP/1.1" 404 88 "-" "Mozilla/5.0 AppleWebKit/537.36 (KHTML, like Gecko; compatible; bingbot/2.0; +http://www.bing.com/bingbot.htm) Chrome/103.0.5060.134 Safari/537.36" "ysfine.com"
40.77.167.27 - - [08/Nov/2022:13:03:55 -0800] "GET /world/balkan/ath008b.jpg HTTP/1.1" 200 45637 "-" "Mozilla/5.0 AppleWebKit/537.36 (KHTML, like Gecko; compatible; bingbot/2.0; +http://www.bing.com/bingbot.htm) Chrome/103.0.5060.134 Safari/537.36" "ysfine.com"
20.106.27.173 - - [08/Nov/2022:13:04:16 -0800] "GET /home/hyperell33c.jpg HTTP/1.1" 200 36655 "https://ysfine.com/home" "Mozilla/5.0 (Macintosh; Intel Mac OS X 10_11_6) AppleWebKit/605.1.15 (KHTML, like Gecko) Version/11.1.2 Safari/605.1.15" "ysfine.com"
207.46.13.139 - - [08/Nov/2022:13:04:42 -0800] "GET /bio/bio04.html HTTP/1.1" 404 88 "-" "Mozilla/5.0 (compatible; bingbot/2.0; +http://www.bing.com/bingbot.htm)" "ysfine.com"
157.55.39.65 - - [08/Nov/2022:13:05:07 -0800] "GET /maga/phys/yukawa00.jpg HTTP/1.1" 200 84885 "-" "Mozilla/5.0 AppleWebKit/537.36 (KHTML, like Gecko; compatible; bingbot/2.0; +http://www.bing.com/bingbot.htm) Chrome/103.0.5060.134 Safari/537.36" "www.ysfine.com"
77.88.5.237 - - [08/Nov/2022:13:05:08 -0800] "GET /kobak/shortw.html HTTP/1.1" 200 3128 "-" "Mozilla/5.0 (compatible; YandexBot/3.0; +http://yandex.com/bots)" "www.ysfine.com"
95.193.113.189 - - [08/Nov/2022:13:06:10 -0800] "GET /wigner/neum/vnc07.jpg HTTP/1.1" 200 95908 "https://www.google.se/" "Mozilla/5.0 (iPhone; CPU iPhone OS 15_6_1 like Mac OS X) AppleWebKit/605.1.15 (KHTML, like Gecko) Version/15.6.1 Mobile/15E148 Safari/604.1" "ysfine.com"
93.158.161.40 - - [08/Nov/2022:13:06:16 -0800] "GET /maga/boltzmann.html HTTP/1.1" 200 6052 "-" "Mozilla/5.0 (compatible; YandexBot/3.0; +http://yandex.com/bots)" "www.ysfine.com"
40.86.101.253 - - [08/Nov/2022:13:06:17 -0800] "GET /world/ital/rome067b.jpg HTTP/1.1" 200 37349 "https://ysfine.com/world/ital" "Mozilla/5.0 (Macintosh; Intel Mac OS X 10_11_6) AppleWebKit/605.1.15 (KHTML, like Gecko) Version/11.1.2 Safari/605.1.15" "ysfine.com"
104.196.165.78 - - [08/Nov/2022:13:06:17 -0800] "GET /kobak/index.html HTTP/1.1" 200 130 "-" "ZoominfoBot (zoominfobot at zoominfo dot com)" "ysfine.com"
17.121.114.67 - - [08/Nov/2022:13:06:47 -0800] "GET /princeton/index.html HTTP/1.1" 200 140 "-" "Mozilla/5.0 (Macintosh; Intel Mac OS X 10_15_5) AppleWebKit/605.1.15 (KHTML, like Gecko) Version/13.1.1 Safari/605.1.15 (Applebot/0.1; +http://www.apple.com/go/applebot)" "ysfine.com"
207.46.13.139 - - [08/Nov/2022:13:07:11 -0800] "GET /people/wheemos.jpg HTTP/1.1" 200 98122 "-" "Mozilla/5.0 (compatible; bingbot/2.0; +http://www.bing.com/bingbot.htm)" "www.ysfine.com"
40.122.227.200 - - [08/Nov/2022:13:07:39 -0800] "GET /kowar/stalin01b.jpg HTTP/1.1" 200 43158 "http://ysfine.com/kowar" "Mozilla/5.0 (iPhone; CPU iPhone OS 13_5_1 like Mac OS X) AppleWebKit/605.1.15 (KHTML, like Gecko) Version/13.1.1 Mobile/15E148 Safari/604.1" "ysfine.com"
40.77.167.68 - - [08/Nov/2022:13:07:49 -0800] "GET /bio/eink/buythisbook.html HTTP/1.1" 404 88 "-" "Mozilla/5.0 AppleWebKit/537.36 (KHTML, like Gecko; compatible; bingbot/2.0; +http://www.bing.com/bingbot.htm) Chrome/103.0.5060.134 Safari/537.36" "ysfine.com"
157.55.39.17 - - [08/Nov/2022:13:08:09 -0800] "GET /world/russ/mosmusic54.jpg HTTP/1.1" 200 71253 "-" "Mozilla/5.0 (compatible; bingbot/2.0; +http://www.bing.com/bingbot.htm)" "ysfine.com"
216.24.212.37 - - [08/Nov/2022:13:08:13 -0800] "GET /confer/other.html HTTP/1.1" 404 73 "https://ysfine.com/confer/other.html" "Mozilla/5.0 (Windows NT 6.1; Win64; x64) AppleWebKit/537.36 (KHTML, like Gecko) Chrome/90.0.4430.85 Safari/537.36" "ysfine.com"
216.24.212.37 - - [08/Nov/2022:13:08:14 -0800] "GET / HTTP/1.1" 200 15910 "https://ysfine.com/" "Mozilla/5.0 (Windows NT 6.1; Win64; x64) AppleWebKit/537.36 (KHTML, like Gecko) Chrome/90.0.4430.85 Safari/537.36" "ysfine.com"
51.222.253.18 - - [08/Nov/2022:13:08:18 -0800] "GET /princeton/brooke.html HTTP/1.1" 200 952 "-" "Mozilla/5.0 (compatible; AhrefsBot/7.0; +http://ahrefs.com/robot/)" "ysfine.com"
20.29.110.168 - - [08/Nov/2022:13:08:54 -0800] "GET /wdc/gtown47c.jpg HTTP/1.1" 200 36384 "https://ysfine.com/wdc" "Mozilla/5.0 (Linux; Android 10; SM-G960U) AppleWebKit/537.36 (KHTML, like Gecko) Chrome/88.0.4324.181 Mobile Safari/537.36" "ysfine.com"
207.46.13.139 - - [08/Nov/2022:13:09:32 -0800] "GET /bio/bio07.html HTTP/1.1" 404 88 "-" "Mozilla/5.0 (compatible; bingbot/2.0; +http://www.bing.com/bingbot.htm)" "ysfine.com"
157.55.39.17 - - [08/Nov/2022:13:09:48 -0800] "GET /wigner/wigein11c.jpg HTTP/1.1" 200 25010 "-" "Mozilla/5.0 (compatible; bingbot/2.0; +http://www.bing.com/bingbot.htm)" "www.ysfine.com"
157.55.39.17 - - [08/Nov/2022:13:09:59 -0800] "GET /newyork/macy03.jpg HTTP/1.1" 200 211552 "-" "Mozilla/5.0 AppleWebKit/537.36 (KHTML, like Gecko; compatible; bingbot/2.0; +http://www.bing.com/bingbot.htm) Chrome/103.0.5060.134 Safari/537.36" "ysfine.com"
31.9.100.71 - - [08/Nov/2022:13:10:56 -0800] "GET /einstein/eincurie11.jpg HTTP/1.1" 200 71229 "https://www.google.com/" "Mozilla/5.0 (Linux; Android 8.0.0; LDN-L21 Build/HUAWEILDN-L21; wv) AppleWebKit/537.36 (KHTML, like Gecko) Version/4.0 Chrome/93.0.4577.62 Mobile Safari/537.36 GSA/12.28.8.23.arm64" "ysfine.com"
40.77.167.68 - - [08/Nov/2022:13:11:02 -0800] "GET /world/germany/berlin021.jpg HTTP/1.1" 200 106691 "-" "Mozilla/5.0 AppleWebKit/537.36 (KHTML, like Gecko; compatible; bingbot/2.0; +http://www.bing.com/bingbot.htm) Chrome/103.0.5060.134 Safari/537.36" "www.ysfine.com"
54.236.1.13 - - [08/Nov/2022:13:11:35 -0800] "GET /robots.txt HTTP/1.1" 404 88 "-" "Mozilla/5.0 (compatible; Pinterestbot/1.0; +http://www.pinterest.com/bot.html)" "ysfine.com"
54.236.1.13 - - [08/Nov/2022:13:11:35 -0800] "GET /friends/aline/klm01.jpg HTTP/1.1" 404 88 "-" "Mozilla/5.0 (compatible; Pinterestbot/1.0; +http://www.pinterest.com/bot.html)" "ysfine.com"
31.9.100.71 - - [08/Nov/2022:13:11:37 -0800] "GET /einstein/eincurie.html HTTP/1.1" 200 895 "https://www.google.com/" "Mozilla/5.0 (Linux; Android 8.0.0; LDN-L21) AppleWebKit/537.36 (KHTML, like Gecko) Chrome/93.0.4577.62 Mobile Safari/537.36" "ysfine.com"
40.77.167.68 - - [08/Nov/2022:13:11:39 -0800] "GET /bio/kobak/soraech.html HTTP/1.1" 404 88 "-" "Mozilla/5.0 (compatible; bingbot/2.0; +http://www.bing.com/bingbot.htm)" "ysfine.com"
40.77.167.27 - - [08/Nov/2022:13:11:45 -0800] "GET /wigner/neum/vnc07.jpg HTTP/1.1" 200 95908 "-" "Mozilla/5.0 (compatible; bingbot/2.0; +http://www.bing.com/bingbot.htm)" "www.ysfine.com"
207.46.13.139 - - [08/Nov/2022:13:11:52 -0800] "GET /sbk/2008athens22.jpg HTTP/1.1" 200 202963 "-" "Mozilla/5.0 (compatible; bingbot/2.0; +http://www.bing.com/bingbot.htm)" "ysfine.com"
207.46.13.139 - - [08/Nov/2022:13:11:54 -0800] "GET /maga/phys/okun01b.jpg HTTP/1.1" 200 27592 "-" "Mozilla/5.0 (compatible; bingbot/2.0; +http://www.bing.com/bingbot.htm)" "ysfine.com"
40.77.167.27 - - [08/Nov/2022:13:11:58 -0800] "GET /princeton/sambapr08.jpg HTTP/1.1" 200 137765 "-" "Mozilla/5.0 (compatible; bingbot/2.0; +http://www.bing.com/bingbot.htm)" "ysfine.com"
40.77.51.85 - - [08/Nov/2022:13:11:58 -0800] "GET /style/cameras/fedpho01b.jpg HTTP/1.1" 200 52576 "https://ysfine.com/style/cameras" "Mozilla/5.0 (iPhone; CPU iPhone OS 13_5_1 like Mac OS X) AppleWebKit/605.1.15 (KHTML, like Gecko) Version/13.1.1 Mobile/15E148 Safari/604.1" "ysfine.com"
20.109.241.97 - - [08/Nov/2022:13:12:08 -0800] "GET /world/baltic/lithuf08b.jpg HTTP/1.1" 200 44210 "http://ysfine.com/world/baltic" "Mozilla/5.0 (Linux; Android 10; SM-G960U) AppleWebKit/537.36 (KHTML, like Gecko) Chrome/88.0.4324.181 Mobile Safari/537.36" "ysfine.com"
20.109.241.98 - - [08/Nov/2022:13:12:19 -0800] "GET /friends/italparis01b.jpg HTTP/1.1" 404 88 "https://ysfine.com/friends" "Mozilla/5.0 (iPhone; CPU iPhone OS 13_5_1 like Mac OS X) AppleWebKit/605.1.15 (KHTML, like Gecko) Version/13.1.1 Mobile/15E148 Safari/604.1" "ysfine.com"
157.55.39.65 - - [08/Nov/2022:13:12:27 -0800] "GET /home/hmleft.html HTTP/1.1" 200 861 "-" "Mozilla/5.0 (compatible; bingbot/2.0; +http://www.bing.com/bingbot.htm)" "ysfine.com"
157.55.39.65 - - [08/Nov/2022:13:12:28 -0800] "GET /world/russ/roskei11b.jpg HTTP/1.1" 200 44463 "-" "Mozilla/5.0 (compatible; bingbot/2.0; +http://www.bing.com/bingbot.htm)" "ysfine.com"
216.73.65.82 - - [08/Nov/2022:13:12:32 -0800] "GET /maga/invent/tesla11.jpg HTTP/1.1" 200 100086 "https://www.google.com/" "Mozilla/5.0 (Windows NT 10.0; Win64; x64) AppleWebKit/537.36 (KHTML, like Gecko) Chrome/107.0.0.0 Safari/537.36 Edg/107.0.1418.35" "ysfine.com"
104.196.165.78 - - [08/Nov/2022:13:12:34 -0800] "GET /dirac/dirk62.html HTTP/1.1" 200 3930 "-" "ZoominfoBot (zoominfobot at zoominfo dot com)" "ysfine.com"
72.86.44.227 - - [08/Nov/2022:13:12:49 -0800] "GET /world/france/picassomp08.jpg HTTP/1.1" 200 71040 "https://www.bing.com/" "Mozilla/5.0 (Windows NT 10.0; Win64; x64) AppleWebKit/537.36 (KHTML, like Gecko) Chrome/107.0.0.0 Safari/537.36 Edg/107.0.1418.35" "ysfine.com"
40.77.167.71 - - [08/Nov/2022:13:12:51 -0800] "GET /world/russ/protvi01b.jpg HTTP/1.1" 200 42265 "-" "Mozilla/5.0 AppleWebKit/537.36 (KHTML, like Gecko; compatible; bingbot/2.0; +http://www.bing.com/bingbot.htm) Chrome/103.0.5060.134 Safari/537.36" "ysfine.com"
86.29.1.132 - - [08/Nov/2022:13:12:55 -0800] "GET /friends/aline/klm01.jpg HTTP/1.1" 404 88 "https://www.pinterest.co.uk/" "Mozilla/5.0 (Windows NT 10.0; Win64; x64) AppleWebKit/537.36 (KHTML, like Gecko) Chrome/107.0.0.0 Safari/537.36 Edg/107.0.1418.35" "ysfine.com"
86.29.1.132 - - [08/Nov/2022:13:12:56 -0800] "GET /favicon.ico HTTP/1.1" 404 88 "https://ysfine.com/friends/aline/klm01.jpg" "Mozilla/5.0 (Windows NT 10.0; Win64; x64) AppleWebKit/537.36 (KHTML, like Gecko) Chrome/107.0.0.0 Safari/537.36 Edg/107.0.1418.35" "ysfine.com"
40.86.101.253 - - [08/Nov/2022:13:13:03 -0800] "GET /friends/arianna01b.jpg HTTP/1.1" 404 88 "http://ysfine.com/friends" "Mozilla/5.0 (Macintosh; Intel Mac OS X 10_11_6) AppleWebKit/605.1.15 (KHTML, like Gecko) Version/11.1.2 Safari/605.1.15" "ysfine.com"
109.197.214.3 - - [08/Nov/2022:13:13:33 -0800] "GET /world/france/stras10.jpg HTTP/1.1" 200 105338 "https://www.google.com/" "Mozilla/5.0 (iPhone; CPU iPhone OS 16_1 like Mac OS X) AppleWebKit/605.1.15 (KHTML, like Gecko) GSA/236.0.484392333 Mobile/20B82 Safari/604.1" "ysfine.com"
20.106.27.173 - - [08/Nov/2022:13:13:35 -0800] "GET /world/ital/venice01b.jpg HTTP/1.1" 200 39185 "https://ysfine.com/world/ital" "Mozilla/5.0 (Linux; Android 10; SM-G960U) AppleWebKit/537.36 (KHTML, like Gecko) Chrome/88.0.4324.181 Mobile Safari/537.36" "ysfine.com"
40.77.167.68 - - [08/Nov/2022:13:13:50 -0800] "GET /bio/wigner/wigbot.html HTTP/1.1" 404 88 "-" "Mozilla/5.0 AppleWebKit/537.36 (KHTML, like Gecko; compatible; bingbot/2.0; +http://www.bing.com/bingbot.htm) Chrome/103.0.5060.134 Safari/537.36" "ysfine.com"
20.29.110.170 - - [08/Nov/2022:13:13:56 -0800] "GET /maga/invent/armstrong2.jpg HTTP/1.1" 200 79616 "http://ysfine.com/maga/invent" "Mozilla/5.0 (iPhone; CPU iPhone OS 13_5_1 like Mac OS X) AppleWebKit/605.1.15 (KHTML, like Gecko) Version/13.1.1 Mobile/15E148 Safari/604.1" "ysfine.com"
40.77.167.71 - - [08/Nov/2022:13:14:11 -0800] "GET /world/baltic/kalin31b.jpg HTTP/1.1" 200 56139 "-" "Mozilla/5.0 AppleWebKit/537.36 (KHTML, like Gecko; compatible; bingbot/2.0; +http://www.bing.com/bingbot.htm) Chrome/103.0.5060.134 Safari/537.36" "www.ysfine.com"
157.55.39.65 - - [08/Nov/2022:13:14:28 -0800] "GET /world/china/china002.jpg HTTP/1.1" 200 160966 "-" "Mozilla/5.0 (compatible; bingbot/2.0; +http://www.bing.com/bingbot.htm)" "ysfine.com"
40.77.167.27 - - [08/Nov/2022:13:14:47 -0800] "GET /ysbio/folks/ukrainian.html HTTP/1.1" 200 5606 "-" "Mozilla/5.0 (compatible; bingbot/2.0; +http://www.bing.com/bingbot.htm)" "ysfine.com"
47.176.46.180 - - [08/Nov/2022:13:14:52 -0800] "GET /maga/histo/oscar33.jpg HTTP/1.1" 200 140181 "https://www.google.com/" "Mozilla/5.0 (X11; CrOS aarch64 15054.114.0) AppleWebKit/537.36 (KHTML, like Gecko) Chrome/106.0.0.0 Safari/537.36" "ysfine.com"
104.196.165.78 - - [08/Nov/2022:13:15:26 -0800] "GET /wigner/wigner39.html HTTP/1.1" 200 330 "-" "ZoominfoBot (zoominfobot at zoominfo dot com)" "ysfine.com"
51.222.253.4 - - [08/Nov/2022:13:16:19 -0800] "GET /eink/index.html HTTP/1.1" 200 17659 "-" "Mozilla/5.0 (compatible; AhrefsBot/7.0; +http://ahrefs.com/robot/)" "ysfine.com"
157.55.39.65 - - [08/Nov/2022:13:16:38 -0800] "GET /world/scandi/copen024b.jpg HTTP/1.1" 200 28962 "-" "Mozilla/5.0 AppleWebKit/537.36 (KHTML, like Gecko; compatible; bingbot/2.0; +http://www.bing.com/bingbot.htm) Chrome/103.0.5060.134 Safari/537.36" "ysfine.com"
157.55.39.65 - - [08/Nov/2022:13:16:39 -0800] "GET /bio/dirac/locovar.html HTTP/1.1" 404 88 "-" "Mozilla/5.0 (compatible; bingbot/2.0; +http://www.bing.com/bingbot.htm)" "ysfine.com"
20.29.110.168 - - [08/Nov/2022:13:17:32 -0800] "GET /world/ital/milvio01b.jpg HTTP/1.1" 200 17537 "http://ysfine.com/world/ital" "Mozilla/5.0 (Macintosh; Intel Mac OS X 10_11_6) AppleWebKit/605.1.15 (KHTML, like Gecko) Version/11.1.2 Safari/605.1.15" "ysfine.com"
40.77.167.71 - - [08/Nov/2022:13:17:33 -0800] "GET /princeton/alexan11.jpg HTTP/1.1" 200 118946 "-" "Mozilla/5.0 (compatible; bingbot/2.0; +http://www.bing.com/bingbot.htm)" "ysfine.com"
40.86.101.252 - - [08/Nov/2022:13:17:39 -0800] "GET /usca/pitt/sliderule2.jpg HTTP/1.1" 200 26399 "http://ysfine.com/usca/pitt" "Mozilla/5.0 (X11; Linux x86_64) AppleWebKit/537.36 (KHTML, like Gecko) Chrome/74.0.3729.169 Safari/537.36" "ysfine.com"
40.77.167.68 - - [08/Nov/2022:13:18:00 -0800] "GET /awards/marq/marq20c.jpg HTTP/1.1" 200 35471 "-" "Mozilla/5.0 (compatible; bingbot/2.0; +http://www.bing.com/bingbot.htm)" "www.ysfine.com"
198.50.64.253 - - [08/Nov/2022:13:18:07 -0800] "GET /wigner/wbrill.jpg HTTP/1.1" 200 83776 "https://www.google.com/" "Mozilla/5.0 (Windows NT 10.0; Win64; x64) AppleWebKit/537.36 (KHTML, like Gecko) Chrome/107.0.0.0 Safari/537.36 Edg/107.0.1418.26" "ysfine.com"
45.185.187.23 - - [08/Nov/2022:13:18:21 -0800] "GET /kowar/pyang01.jpg HTTP/1.1" 200 376525 "https://www.google.com.pe/" "Mozilla/5.0 (Windows NT 10.0; Win64; x64) AppleWebKit/537.36 (KHTML, like Gecko) Chrome/107.0.0.0 Safari/537.36" "ysfine.com"
162.255.45.23 - - [08/Nov/2022:13:18:44 -0800] "GET /maga/copergali.html HTTP/1.1" 200 5140 "-" "Mozilla/5.0 (Windows NT 10.0; Win64; x64; rv:102.0) Gecko/20100101 Firefox/102.0" "ysfine.com"
54.236.1.11 - - [08/Nov/2022:13:19:01 -0800] "GET /world/france/louvre22.jpg HTTP/1.1" 200 90347 "-" "Mozilla/5.0 (compatible; Pinterestbot/1.0; +http://www.pinterest.com/bot.html)" "ysfine.com"
40.77.51.85 - - [08/Nov/2022:13:19:24 -0800] "GET /world/ital/lascala01b.jpg HTTP/1.1" 200 37072 "http://www.ysfine.com/world/ital" "Mozilla/5.0 (Linux; Android 10; SM-G960U) AppleWebKit/537.36 (KHTML, like Gecko) Chrome/88.0.4324.181 Mobile Safari/537.36" "www.ysfine.com"
157.55.39.17 - - [08/Nov/2022:13:19:30 -0800] "GET /world/poland/gdn52.jpg HTTP/1.1" 200 128799 "-" "Mozilla/5.0 AppleWebKit/537.36 (KHTML, like Gecko; compatible; bingbot/2.0; +http://www.bing.com/bingbot.htm) Chrome/103.0.5060.134 Safari/537.36" "www.ysfine.com"
95.168.105.21 - - [08/Nov/2022:13:19:35 -0800] "GET /world/russ/minsk004.jpg HTTP/1.1" 200 116449 "https://www.bing.com/" "Mozilla/5.0 (Windows NT 10.0; Win64; x64) AppleWebKit/537.36 (KHTML, like Gecko) Chrome/99.0.4844.51 Safari/537.36 Edg/99.0.1150.39" "www.ysfine.com"
104.245.110.188 - - [08/Nov/2022:13:19:36 -0800] "GET /kowar/panmun04.jpg HTTP/1.1" 200 126386 "https://www.google.com/" "Mozilla/5.0 (X11; CrOS x86_64 15117.86.0) AppleWebKit/537.36 (KHTML, like Gecko) Chrome/107.0.0.0 Safari/537.36" "ysfine.com"
157.55.39.17 - - [08/Nov/2022:13:19:40 -0800] "GET /bio/einstein/bern.html HTTP/1.1" 404 88 "-" "Mozilla/5.0 AppleWebKit/537.36 (KHTML, like Gecko; compatible; bingbot/2.0; +http://www.bing.com/bingbot.htm) Chrome/103.0.5060.134 Safari/537.36" "ysfine.com"
40.77.167.68 - - [08/Nov/2022:13:20:10 -0800] "GET /wdc/loc05.jpg HTTP/1.1" 200 121845 "-" "Mozilla/5.0 (compatible; bingbot/2.0; +http://www.bing.com/bingbot.htm)" "ysfine.com"
40.122.227.202 - - [08/Nov/2022:13:21:00 -0800] "GET /princeton/prospectg22b.jpg HTTP/1.1" 200 49786 "https://ysfine.com/princeton" "Mozilla/5.0 (Linux; Android 10; SM-G960U) AppleWebKit/537.36 (KHTML, like Gecko) Chrome/88.0.4324.181 Mobile Safari/537.36" "ysfine.com"
40.77.51.86 - - [08/Nov/2022:13:21:50 -0800] "GET /wigner/inokim2.jpg HTTP/1.1" 200 29903 "http://ysfine.com/wigner" "Mozilla/5.0 (iPhone; CPU iPhone OS 13_5_1 like Mac OS X) AppleWebKit/605.1.15 (KHTML, like Gecko) Version/13.1.1 Mobile/15E148 Safari/604.1" "ysfine.com"
40.77.167.71 - - [08/Nov/2022:13:21:53 -0800] "GET /home/wheestat11b.jpg HTTP/1.1" 200 37827 "-" "Mozilla/5.0 (compatible; bingbot/2.0; +http://www.bing.com/bingbot.htm)" "www.ysfine.com"
157.55.39.65 - - [08/Nov/2022:13:22:08 -0800] "GET /dirac/jablo62b.jpg HTTP/1.1" 200 42817 "-" "Mozilla/5.0 (compatible; bingbot/2.0; +http://www.bing.com/bingbot.htm)" "ysfine.com"
104.196.165.78 - - [08/Nov/2022:13:22:16 -0800] "GET /sbk/index.html HTTP/1.1" 200 198 "-" "ZoominfoBot (zoominfobot at zoominfo dot com)" "ysfine.com"
40.77.167.71 - - [08/Nov/2022:13:22:42 -0800] "GET /feynman/ppic/parton88a.jpg HTTP/1.1" 200 55506 "-" "Mozilla/5.0 (compatible; bingbot/2.0; +http://www.bing.com/bingbot.htm)" "www.ysfine.com"
206.224.253.151 - - [08/Nov/2022:13:23:44 -0800] "GET /princeton/alexan22.jpg HTTP/1.1" 200 175436 "https://www.google.com/" "Mozilla/5.0 (Macintosh; Intel Mac OS X 10_15_6) AppleWebKit/605.1.15 (KHTML, like Gecko) Version/15.6 Safari/605.1.15" "ysfine.com"
51.222.253.3 - - [08/Nov/2022:13:24:08 -0800] "GET /princeton/index.html HTTP/1.1" 200 140 "-" "Mozilla/5.0 (compatible; AhrefsBot/7.0; +http://ahrefs.com/robot/)" "ysfine.com"
40.77.167.68 - - [08/Nov/2022:13:24:50 -0800] "GET /wigner/gim/gimn09b.jpg HTTP/1.1" 200 34999 "-" "Mozilla/5.0 (compatible; bingbot/2.0; +http://www.bing.com/bingbot.htm)" "ysfine.com"
40.77.167.68 - - [08/Nov/2022:13:24:51 -0800] "GET /maga/phil/tao05c.jpg HTTP/1.1" 200 53511 "-" "Mozilla/5.0 AppleWebKit/537.36 (KHTML, like Gecko; compatible; bingbot/2.0; +http://www.bing.com/bingbot.htm) Chrome/103.0.5060.134 Safari/537.36" "ysfine.com"
20.29.110.168 - - [08/Nov/2022:13:25:47 -0800] "GET /world/russ/spbb11b.jpg HTTP/1.1" 200 41243 "http://www.ysfine.com/world/russ" "Mozilla/5.0 (X11; Linux x86_64) AppleWebKit/537.36 (KHTML, like Gecko) Chrome/74.0.3729.169 Safari/537.36" "www.ysfine.com"
40.77.51.81 - - [08/Nov/2022:13:26:11 -0800] "GET /einstein/dff11.jpg HTTP/1.1" 200 39077 "https://ysfine.com/einstein" "Mozilla/5.0 (Linux; Android 10; SM-G960U) AppleWebKit/537.36 (KHTML, like Gecko) Chrome/88.0.4324.181 Mobile Safari/537.36" "ysfine.com"
40.77.167.68 - - [08/Nov/2022:13:26:11 -0800] "GET /world/germany/mucf28.jpg HTTP/1.1" 200 111505 "-" "Mozilla/5.0 AppleWebKit/537.36 (KHTML, like Gecko; compatible; bingbot/2.0; +http://www.bing.com/bingbot.htm) Chrome/103.0.5060.134 Safari/537.36" "www.ysfine.com"
221.12.59.212 - - [08/Nov/2022:13:26:25 -0800] "GET /princeton/ias11.jpg HTTP/1.1" 200 76978 "-" "Python-urllib/3.8" "ysfine.com"
221.12.59.212 - - [08/Nov/2022:13:26:34 -0800] "GET /einstein/einhouse11.jpg HTTP/1.1" 200 109026 "-" "Python-urllib/3.8" "ysfine.com"
207.46.13.139 - - [08/Nov/2022:13:26:42 -0800] "GET /home/osaka123d.jpg HTTP/1.1" 200 41542 "-" "Mozilla/5.0 (compatible; bingbot/2.0; +http://www.bing.com/bingbot.htm)" "ysfine.com"
159.138.137.41 - - [08/Nov/2022:13:28:04 -0800] "GET /world/germany/hegel03.jpg HTTP/1.1" 200 211480 "-" "Mozilla/5.0 (X11; Ubuntu; Linux x86_64; rv:72.0) Gecko/20100101 Firefox/72.0" "ysfine.com"
86.10.88.22 - - [08/Nov/2022:13:28:05 -0800] "GET /wigner/wigheis66.jpg HTTP/1.1" 200 97421 "https://www.google.com/" "Mozilla/5.0 (Linux; Android 10; SM-G960F) AppleWebKit/537.36 (KHTML, like Gecko) Chrome/107.0.0.0 Mobile Safari/537.36" "ysfine.com"
79.166.203.57 - - [08/Nov/2022:13:28:23 -0800] "GET /jobs/koreaj.html HTTP/1.1" 200 10214 "https://ysfine.com/jobs/joleft.html" "Mozilla/5.0 (Windows NT 10.0; Win64; x64) AppleWebKit/537.36 (KHTML, like Gecko) Chrome/106.0.0.0 Safari/537.36" "ysfine.com"
79.166.203.57 - - [08/Nov/2022:13:28:23 -0800] "GET /jobs/koreaj.html HTTP/1.1" 200 10214 "https://ysfine.com/jobs/joleft.html" "Mozilla/5.0 (Windows NT 10.0; Win64; x64) AppleWebKit/537.36 (KHTML, like Gecko) Chrome/106.0.0.0 Safari/537.36" "ysfine.com"
79.166.203.57 - - [08/Nov/2022:13:28:23 -0800] "GET /jobs/koreaj.html HTTP/1.1" 200 10214 "https://ysfine.com/jobs/joleft.html" "Mozilla/5.0 (Windows NT 10.0; Win64; x64) AppleWebKit/537.36 (KHTML, like Gecko) Chrome/106.0.0.0 Safari/537.36" "ysfine.com"
79.166.203.57 - - [08/Nov/2022:13:28:24 -0800] "GET /jobs/koreaj.html HTTP/1.1" 200 10214 "https://ysfine.com/jobs/joleft.html" "Mozilla/5.0 (Windows NT 10.0; Win64; x64) AppleWebKit/537.36 (KHTML, like Gecko) Chrome/106.0.0.0 Safari/537.36" "ysfine.com"
79.166.203.57 - - [08/Nov/2022:13:28:24 -0800] "GET /jobs/koreaj.html HTTP/1.1" 200 10214 "https://ysfine.com/jobs/joleft.html" "Mozilla/5.0 (Windows NT 10.0; Win64; x64) AppleWebKit/537.36 (KHTML, like Gecko) Chrome/106.0.0.0 Safari/537.36" "ysfine.com"
79.166.203.57 - - [08/Nov/2022:13:28:24 -0800] "GET /jobs/koreaj.html HTTP/1.1" 200 10214 "https://ysfine.com/jobs/joleft.html" "Mozilla/5.0 (Windows NT 10.0; Win64; x64) AppleWebKit/537.36 (KHTML, like Gecko) Chrome/106.0.0.0 Safari/537.36" "ysfine.com"
40.122.227.201 - - [08/Nov/2022:13:28:43 -0800] "GET /world/russ/khahi33.jpg HTTP/1.1" 200 102600 "https://ysfine.com/world/russ" "Mozilla/5.0 (iPhone; CPU iPhone OS 13_5_1 like Mac OS X) AppleWebKit/605.1.15 (KHTML, like Gecko) Version/13.1.1 Mobile/15E148 Safari/604.1" "ysfine.com"
20.29.110.168 - - [08/Nov/2022:13:28:46 -0800] "GET /world/germany/tub10b.jpg HTTP/1.1" 200 43201 "http://ysfine.com/world/germany" "Mozilla/5.0 (Macintosh; Intel Mac OS X 10_11_6) AppleWebKit/605.1.15 (KHTML, like Gecko) Version/11.1.2 Safari/605.1.15" "ysfine.com"
159.138.137.41 - - [08/Nov/2022:13:28:57 -0800] "GET /world/germany/hegel03.jpg HTTP/1.1" 200 211480 "-" "Mozilla/5.0 (X11; Ubuntu; Linux x86_64; rv:72.0) Gecko/20100101 Firefox/72.0" "ysfine.com"
40.77.167.71 - - [08/Nov/2022:13:29:03 -0800] "GET /einstein/newtein11.jpg HTTP/1.1" 200 100110 "-" "Mozilla/5.0 AppleWebKit/537.36 (KHTML, like Gecko; compatible; bingbot/2.0; +http://www.bing.com/bingbot.htm) Chrome/103.0.5060.134 Safari/537.36" "ysfine.com"
157.55.39.65 - - [08/Nov/2022:13:29:20 -0800] "GET /world/japan/osaka004.jpg HTTP/1.1" 200 99704 "-" "Mozilla/5.0 AppleWebKit/537.36 (KHTML, like Gecko; compatible; bingbot/2.0; +http://www.bing.com/bingbot.htm) Chrome/103.0.5060.134 Safari/537.36" "ysfine.com"
17.121.115.142 - - [08/Nov/2022:13:29:22 -0800] "GET /einstein/heisenberg.html HTTP/1.1" 200 10552 "-" "Mozilla/5.0 (Macintosh; Intel Mac OS X 10_15_5) AppleWebKit/605.1.15 (KHTML, like Gecko) Version/13.1.1 Safari/605.1.15 (Applebot/0.1; +http://www.apple.com/go/applebot)" "ysfine.com"
159.138.137.41 - - [08/Nov/2022:13:29:35 -0800] "GET /world/germany/hegel03.jpg HTTP/1.1" 200 211480 "-" "Mozilla/5.0 (X11; Ubuntu; Linux x86_64; rv:72.0) Gecko/20100101 Firefox/72.0" "ysfine.com"
40.77.167.68 - - [08/Nov/2022:13:29:51 -0800] "GET /style/musee/britmu03b.jpg HTTP/1.1" 200 44431 "-" "Mozilla/5.0 AppleWebKit/537.36 (KHTML, like Gecko; compatible; bingbot/2.0; +http://www.bing.com/bingbot.htm) Chrome/103.0.5060.134 Safari/537.36" "ysfine.com"
185.123.101.174 - - [08/Nov/2022:13:29:55 -0800] "HEAD /inc/go3.php/newmax.click HTTP/1.1" 404 - "-" "Mozilla/5.0 (Macintosh; Intel Mac OS X 10_15_7) AppleWebKit/537.36 (KHTML, like Gecko) Chrome/107.0.5304.62 Safari/537.36" "ysfine.com"
40.77.167.27 - - [08/Nov/2022:13:30:07 -0800] "GET /world/china/shenyang01b.jpg HTTP/1.1" 200 36992 "-" "Mozilla/5.0 (compatible; bingbot/2.0; +http://www.bing.com/bingbot.htm)" "www.ysfine.com"
66.249.93.123 - - [08/Nov/2022:13:30:14 -0800] "GET /world/china/dalian01.jpg HTTP/1.1" 200 184443 "-" "Mozilla/5.0 (Windows NT 5.1; rv:11.0) Gecko Firefox/11.0 (via ggpht.com GoogleImageProxy)" "ysfine.com"
157.55.39.65 - - [08/Nov/2022:13:30:30 -0800] "GET /bio/style/ystyle.html HTTP/1.1" 404 88 "-" "Mozilla/5.0 (compatible; bingbot/2.0; +http://www.bing.com/bingbot.htm)" "ysfine.com"
13.67.224.12 - - [08/Nov/2022:13:30:36 -0800] "GET /style/cameras/leicafx22.jpg HTTP/1.1" 200 112070 "http://ysfine.com/style/cameras" "Mozilla/5.0 (X11; Linux x86_64) AppleWebKit/537.36 (KHTML, like Gecko) Chrome/74.0.3729.169 Safari/537.36" "ysfine.com"
13.67.224.12 - - [08/Nov/2022:13:31:13 -0800] "GET /world/russ/minsk004b.jpg HTTP/1.1" 200 35833 "https://www.ysfine.com/world/russ" "Mozilla/5.0 (Linux; Android 10; SM-G960U) AppleWebKit/537.36 (KHTML, like Gecko) Chrome/88.0.4324.181 Mobile Safari/537.36" "www.ysfine.com"
40.77.167.27 - - [08/Nov/2022:13:31:17 -0800] "GET /world/russ/kazan031b.jpg HTTP/1.1" 200 46458 "-" "Mozilla/5.0 AppleWebKit/537.36 (KHTML, like Gecko; compatible; bingbot/2.0; +http://www.bing.com/bingbot.htm) Chrome/103.0.5060.134 Safari/537.36" "ysfine.com"
207.46.13.139 - - [08/Nov/2022:13:31:42 -0800] "GET /world/baltic/kalinmap33.jpg HTTP/1.1" 200 99379 "-" "Mozilla/5.0 AppleWebKit/537.36 (KHTML, like Gecko; compatible; bingbot/2.0; +http://www.bing.com/bingbot.htm) Chrome/103.0.5060.134 Safari/537.36" "ysfine.com"
40.77.167.68 - - [08/Nov/2022:13:31:52 -0800] "GET /bio/style/rieu.html HTTP/1.1" 404 88 "-" "Mozilla/5.0 AppleWebKit/537.36 (KHTML, like Gecko; compatible; bingbot/2.0; +http://www.bing.com/bingbot.htm) Chrome/103.0.5060.134 Safari/537.36" "ysfine.com"
40.77.167.68 - - [08/Nov/2022:13:31:52 -0800] "GET /world/china/dalian03.jpg HTTP/1.1" 200 93673 "-" "Mozilla/5.0 AppleWebKit/537.36 (KHTML, like Gecko; compatible; bingbot/2.0; +http://www.bing.com/bingbot.htm) Chrome/103.0.5060.134 Safari/537.36" "ysfine.com"
157.55.39.65 - - [08/Nov/2022:13:32:31 -0800] "GET /home/hmleft.html HTTP/1.1" 200 861 "-" "Mozilla/5.0 (compatible; bingbot/2.0; +http://www.bing.com/bingbot.htm)" "ysfine.com"
40.122.227.201 - - [08/Nov/2022:13:32:36 -0800] "GET /style/akiko55.jpg HTTP/1.1" 200 48868 "https://www.ysfine.com/style" "Mozilla/5.0 (Linux; Android 10; SM-G960U) AppleWebKit/537.36 (KHTML, like Gecko) Chrome/88.0.4324.181 Mobile Safari/537.36" "www.ysfine.com"
40.77.167.68 - - [08/Nov/2022:13:33:03 -0800] "GET /world/ital/coloss08.jpg HTTP/1.1" 200 140570 "-" "Mozilla/5.0 AppleWebKit/537.36 (KHTML, like Gecko; compatible; bingbot/2.0; +http://www.bing.com/bingbot.htm) Chrome/103.0.5060.134 Safari/537.36" "ysfine.com"
135.181.212.177 - - [08/Nov/2022:13:33:32 -0800] "GET /robots.txt HTTP/1.1" 404 73 "-" "Mozilla/5.0 (compatible; MJ12bot/v1.4.8; http://mj12bot.com/)" "www.ysfine.com"
135.181.212.177 - - [08/Nov/2022:13:33:34 -0800] "GET /ysbio//style/kazan.html HTTP/1.1" 404 88 "-" "Mozilla/5.0 (compatible; MJ12bot/v1.4.8; http://mj12bot.com/)" "www.ysfine.com"
135.181.212.177 - - [08/Nov/2022:13:33:36 -0800] "GET /ysbio//style/muisc/chopin01.jpg HTTP/1.1" 404 88 "-" "Mozilla/5.0 (compatible; MJ12bot/v1.4.8; http://mj12bot.com/)" "www.ysfine.com"
135.181.212.177 - - [08/Nov/2022:13:33:38 -0800] "GET /ysbio//style/music.html HTTP/1.1" 200 137 "-" "Mozilla/5.0 (compatible; MJ12bot/v1.4.8; http://mj12bot.com/)" "www.ysfine.com"
135.181.212.177 - - [08/Nov/2022:13:33:40 -0800] "GET /ysbio//style/music/augustiner11.jpg HTTP/1.1" 200 90397 "-" "Mozilla/5.0 (compatible; MJ12bot/v1.4.8; http://mj12bot.com/)" "www.ysfine.com"
135.181.212.177 - - [08/Nov/2022:13:33:42 -0800] "GET /ysbio//timessq33.jpg HTTP/1.1" 200 257708 "-" "Mozilla/5.0 (compatible; MJ12bot/v1.4.8; http://mj12bot.com/)" "www.ysfine.com"
135.181.212.177 - - [08/Nov/2022:13:33:44 -0800] "GET /ysbio//tollwig11.jpg HTTP/1.1" 200 124000 "-" "Mozilla/5.0 (compatible; MJ12bot/v1.4.8; http://mj12bot.com/)" "www.ysfine.com"
135.181.212.177 - - [08/Nov/2022:13:33:46 -0800] "GET /ysbio//usca/pitt/carnlab11.pdf HTTP/1.1" 200 590392 "-" "Mozilla/5.0 (compatible; MJ12bot/v1.4.8; http://mj12bot.com/)" "www.ysfine.com"
135.181.212.177 - - [08/Nov/2022:13:33:48 -0800] "GET /ysbio//usca/pitt/carnlab22.pdf HTTP/1.1" 200 3163068 "-" "Mozilla/5.0 (compatible; MJ12bot/v1.4.8; http://mj12bot.com/)" "www.ysfine.com"
135.181.212.177 - - [08/Nov/2022:13:33:49 -0800] "GET /ysbio//usca/pitt22.html HTTP/1.1" 404 88 "-" "Mozilla/5.0 (compatible; MJ12bot/v1.4.8; http://mj12bot.com/)" "www.ysfine.com"
135.181.212.177 - - [08/Nov/2022:13:33:52 -0800] "GET /ysbio//wigkim33.jpg HTTP/1.1" 200 195806 "-" "Mozilla/5.0 (compatible; MJ12bot/v1.4.8; http://mj12bot.com/)" "www.ysfine.com"
135.181.212.177 - - [08/Nov/2022:13:33:54 -0800] "GET /ysbio//wigner/bardeen01.jpg HTTP/1.1" 200 99417 "-" "Mozilla/5.0 (compatible; MJ12bot/v1.4.8; http://mj12bot.com/)" "www.ysfine.com"
135.181.212.177 - - [08/Nov/2022:13:33:56 -0800] "GET /ysbio//wigner/fitch02.jpg HTTP/1.1" 200 78557 "-" "Mozilla/5.0 (compatible; MJ12bot/v1.4.8; http://mj12bot.com/)" "www.ysfine.com"
135.181.212.177 - - [08/Nov/2022:13:33:58 -0800] "GET /ysbio//wigner/wiggriff.jpg HTTP/1.1" 200 94506 "-" "Mozilla/5.0 (compatible; MJ12bot/v1.4.8; http://mj12bot.com/)" "www.ysfine.com"
135.181.212.177 - - [08/Nov/2022:13:33:59 -0800] "GET /ysbio//wigner/wigjad.jpg HTTP/1.1" 200 96463 "-" "Mozilla/5.0 (compatible; MJ12bot/v1.4.8; http://mj12bot.com/)" "www.ysfine.com"
135.181.212.177 - - [08/Nov/2022:13:34:02 -0800] "GET /ysbio//wigner/wigner/e(2).html HTTP/1.1" 404 88 "-" "Mozilla/5.0 (compatible; MJ12bot/v1.4.8; http://mj12bot.com/)" "www.ysfine.com"
40.77.167.68 - - [08/Nov/2022:13:34:02 -0800] "GET /world/baltic/riga12.jpg HTTP/1.1" 200 89059 "-" "Mozilla/5.0 (compatible; bingbot/2.0; +http://www.bing.com/bingbot.htm)" "ysfine.com"
135.181.212.177 - - [08/Nov/2022:13:34:04 -0800] "GET /ysbio//wigner/wigsid.html HTTP/1.1" 404 88 "-" "Mozilla/5.0 (compatible; MJ12bot/v1.4.8; http://mj12bot.com/)" "www.ysfine.com"
135.181.212.177 - - [08/Nov/2022:13:34:05 -0800] "GET /ysbio//wigner/wigwein3.jpg HTTP/1.1" 200 86483 "-" "Mozilla/5.0 (compatible; MJ12bot/v1.4.8; http://mj12bot.com/)" "www.ysfine.com"
135.181.212.177 - - [08/Nov/2022:13:34:07 -0800] "GET /ysbio//wigner22.jpg HTTP/1.1" 200 150069 "-" "Mozilla/5.0 (compatible; MJ12bot/v1.4.8; http://mj12bot.com/)" "www.ysfine.com"
135.181.212.177 - - [08/Nov/2022:13:34:09 -0800] "GET /ysbio//wisdom/korart.html HTTP/1.1" 200 3719 "-" "Mozilla/5.0 (compatible; MJ12bot/v1.4.8; http://mj12bot.com/)" "www.ysfine.com"
135.181.212.177 - - [08/Nov/2022:13:34:12 -0800] "GET /ysbio//wisdom/kwk.html HTTP/1.1" 200 5252 "-" "Mozilla/5.0 (compatible; MJ12bot/v1.4.8; http://mj12bot.com/)" "www.ysfine.com"
135.181.212.177 - - [08/Nov/2022:13:34:15 -0800] "GET /ysbio//world/ital/aquinas02.html HTTP/1.1" 404 88 "-" "Mozilla/5.0 (compatible; MJ12bot/v1.4.8; http://mj12bot.com/)" "www.ysfine.com"
135.181.212.177 - - [08/Nov/2022:13:34:17 -0800] "GET /ysbio//world/kalinin22.html HTTP/1.1" 200 9408 "-" "Mozilla/5.0 (compatible; MJ12bot/v1.4.8; http://mj12bot.com/)" "www.ysfine.com"
40.86.101.254 - - [08/Nov/2022:13:34:19 -0800] "GET /kowar/tanks/tank10.jpg HTTP/1.1" 200 76703 "https://ysfine.com/kowar/tanks" "Mozilla/5.0 (Linux; Android 10; SM-G960U) AppleWebKit/537.36 (KHTML, like Gecko) Chrome/88.0.4324.181 Mobile Safari/537.36" "ysfine.com"
135.181.212.177 - - [08/Nov/2022:13:34:19 -0800] "GET /ysbio//world/russ/kiev053.jpg HTTP/1.1" 200 87954 "-" "Mozilla/5.0 (compatible; MJ12bot/v1.4.8; http://mj12bot.com/)" "www.ysfine.com"
135.181.212.177 - - [08/Nov/2022:13:34:21 -0800] "GET /ysbio//ys5458.jpg HTTP/1.1" 200 157567 "-" "Mozilla/5.0 (compatible; MJ12bot/v1.4.8; http://mj12bot.com/)" "www.ysfine.com"
157.55.39.65 - - [08/Nov/2022:13:34:22 -0800] "GET /ysbio/folks/chinese.html HTTP/1.1" 200 12014 "-" "Mozilla/5.0 (compatible; bingbot/2.0; +http://www.bing.com/bingbot.htm)" "ysfine.com"
135.181.212.177 - - [08/Nov/2022:13:34:23 -0800] "GET /ysbio//ys90.jpg HTTP/1.1" 200 152644 "-" "Mozilla/5.0 (compatible; MJ12bot/v1.4.8; http://mj12bot.com/)" "www.ysfine.com"
135.181.212.177 - - [08/Nov/2022:13:34:25 -0800] "GET /ysbio//yskim.pdf HTTP/1.1" 404 88 "-" "Mozilla/5.0 (compatible; MJ12bot/v1.4.8; http://mj12bot.com/)" "www.ysfine.com"
40.77.167.71 - - [08/Nov/2022:13:34:26 -0800] "GET /bio/style/shops.html HTTP/1.1" 404 88 "-" "Mozilla/5.0 AppleWebKit/537.36 (KHTML, like Gecko; compatible; bingbot/2.0; +http://www.bing.com/bingbot.htm) Chrome/103.0.5060.134 Safari/537.36" "ysfine.com"
135.181.212.177 - - [08/Nov/2022:13:34:27 -0800] "GET /ysbio//yspapers/loops.17.jpg HTTP/1.1" 404 88 "-" "Mozilla/5.0 (compatible; MJ12bot/v1.4.8; http://mj12bot.com/)" "www.ysfine.com"
135.181.212.177 - - [08/Nov/2022:13:34:29 -0800] "GET /yspapers/cylin.pdf HTTP/1.1" 200 358984 "-" "Mozilla/5.0 (compatible; MJ12bot/v1.4.8; http://mj12bot.com/)" "www.ysfine.com"
135.181.212.177 - - [08/Nov/2022:13:34:31 -0800] "GET /yspapers/euler.pdf HTTP/1.1" 200 738507 "-" "Mozilla/5.0 (compatible; MJ12bot/v1.4.8; http://mj12bot.com/)" "www.ysfine.com"
135.181.212.177 - - [08/Nov/2022:13:34:33 -0800] "GET /yspapers/stg.pdf HTTP/1.1" 200 97437 "-" "Mozilla/5.0 (compatible; MJ12bot/v1.4.8; http://mj12bot.com/)" "www.ysfine.com"
135.181.212.177 - - [08/Nov/2022:13:34:35 -0800] "GET /ysbio//class54/class5480/Videos/1.%C3%AC%C2%9A%C2%B0%C3%AB%C2%A6%C2%AC%C3%AC%C2%9D%C2%98%20%C3%AC%C2%9E%C2%AC%C3%AD%C2%95%C2%99%C3%AC%C2%8B%C2%9C%C3%AC%C2%A0%C2%88(1948-1954).wmv HTTP/1.1" 200 84851613 "-" "Mozilla/5.0 (compatible; MJ12bot/v1.4.8; http://mj12bot.com/)" "www.ysfine.com"
135.181.212.177 - - [08/Nov/2022:13:34:37 -0800] "GET /ysbio//class54/class5480/Videos/2.%C3%AC%C2%A1%C2%B8%C3%AC%C2%97%C2%8560%C3%AC%C2%A3%C2%BC%C3%AB%C2%85%C2%84%C3%AB%C2%AC%C2%B8%C3%AC%C2%A7%C2%91%201%C3%AB%C2%B6%C2%80.wmv HTTP/1.1" 200 27160054 "-" "Mozilla/5.0 (compatible; MJ12bot/v1.4.8; http://mj12bot.com/)" "www.ysfine.com"
135.181.212.177 - - [08/Nov/2022:13:34:39 -0800] "GET /ysbio//class54/class5480/Videos/3.%C3%AC%C2%A1%C2%B8%C3%AC%C2%97%C2%8560%C3%AC%C2%A3%C2%BC%C3%AB%C2%85%C2%84%C3%AB%C2%AC%C2%B8%C3%AC%C2%A7%C2%91%202%C3%AB%C2%B6%C2%80.wmv HTTP/1.1" 200 37680666 "-" "Mozilla/5.0 (compatible; MJ12bot/v1.4.8; http://mj12bot.com/)" "www.ysfine.com"
135.181.212.177 - - [08/Nov/2022:13:34:41 -0800] "GET /ysbio//class54/class5480/Videos/?C=D;O=A HTTP/1.1" 200 564 "-" "Mozilla/5.0 (compatible; MJ12bot/v1.4.8; http://mj12bot.com/)" "www.ysfine.com"
135.181.212.177 - - [08/Nov/2022:13:34:43 -0800] "GET /ysbio//class54/class5480/Videos/?C=M;O=A HTTP/1.1" 200 565 "-" "Mozilla/5.0 (compatible; MJ12bot/v1.4.8; http://mj12bot.com/)" "www.ysfine.com"
135.181.212.177 - - [08/Nov/2022:13:34:45 -0800] "GET /ysbio//class54/class5480/Videos/?C=N;O=D HTTP/1.1" 200 561 "-" "Mozilla/5.0 (compatible; MJ12bot/v1.4.8; http://mj12bot.com/)" "www.ysfine.com"
40.122.230.190 - - [08/Nov/2022:13:35:11 -0800] "GET /style/beetho11b.jpg HTTP/1.1" 200 51004 "http://www.ysfine.com/style" "Mozilla/5.0 (Macintosh; Intel Mac OS X 10_11_6) AppleWebKit/605.1.15 (KHTML, like Gecko) Version/11.1.2 Safari/605.1.15" "www.ysfine.com"
20.29.110.168 - - [08/Nov/2022:13:36:06 -0800] "GET /home/pdugard22a.jpg HTTP/1.1" 200 65707 "https://ysfine.com/home" "Mozilla/5.0 (Windows NT 10.0; Win64; x64) AppleWebKit/537.36 (KHTML, like Gecko) Chrome/74.0.3729.157 Safari/537.36" "ysfine.com"
40.77.167.27 - - [08/Nov/2022:13:36:17 -0800] "GET /ffriends/malay11.jpg HTTP/1.1" 200 99526 "-" "Mozilla/5.0 AppleWebKit/537.36 (KHTML, like Gecko; compatible; bingbot/2.0; +http://www.bing.com/bingbot.htm) Chrome/103.0.5060.134 Safari/537.36" "ysfine.com"
20.12.191.74 - - [08/Nov/2022:13:36:30 -0800] "GET /beau/amkor/koseville01c.jpg HTTP/1.1" 404 88 "https://ysfine.com/beau/amkor" "Mozilla/5.0 (Linux; Android 10; SM-G960U) AppleWebKit/537.36 (KHTML, like Gecko) Chrome/88.0.4324.181 Mobile Safari/537.36" "ysfine.com"
20.29.110.169 - - [08/Nov/2022:13:36:32 -0800] "GET /world/ital/repub07b.jpg HTTP/1.1" 200 41690 "https://ysfine.com/world/ital" "Mozilla/5.0 (X11; Linux x86_64) AppleWebKit/537.36 (KHTML, like Gecko) Chrome/74.0.3729.169 Safari/537.36" "ysfine.com"
40.122.195.128 - - [08/Nov/2022:13:36:39 -0800] "GET /world/france/picassomp14b.jpg HTTP/1.1" 200 50954 "https://ysfine.com/world/france" "Mozilla/5.0 (iPhone; CPU iPhone OS 13_5_1 like Mac OS X) AppleWebKit/605.1.15 (KHTML, like Gecko) Version/13.1.1 Mobile/15E148 Safari/604.1" "ysfine.com"
20.109.241.82 - - [08/Nov/2022:13:36:41 -0800] "GET /maga/invent/sarnoffco11b.jpg HTTP/1.1" 200 31031 "http://ysfine.com/maga/invent" "Mozilla/5.0 (X11; Linux x86_64) AppleWebKit/537.36 (KHTML, like Gecko) Chrome/74.0.3729.169 Safari/537.36" "ysfine.com"
93.158.161.40 - - [08/Nov/2022:13:36:54 -0800] "GET /world/moscow.html HTTP/1.1" 200 21363 "-" "Mozilla/5.0 (compatible; YandexBot/3.0; +http://yandex.com/bots)" "www.ysfine.com"
