173.73.77.36 - - [08/Nov/2022:00:54:00 -0800] "GET /ysbio/style/egeor01.jpg HTTP/1.1" 200 321168 "https://ysfine.com/ysbio/style/artlove.html" "Mozilla/5.0 (Windows NT 10.0; Win64; x64) AppleWebKit/537.36 (KHTML, like Gecko) Chrome/107.0.0.0 Safari/537.36 Edg/107.0.1418.35" "ysfine.com"
192.99.14.135 - - [08/Nov/2022:00:54:02 -0800] "GET /ysbio//sbk/2016mos33.jpg HTTP/1.1" 200 184058 "-" "Mozilla/5.0 (compatible; MJ12bot/v1.4.8; http://mj12bot.com/)" "www.ysfine.com"
173.73.77.36 - - [08/Nov/2022:00:54:07 -0800] "GET /ysbio/style/egeor02.jpg HTTP/1.1" 200 276109 "https://ysfine.com/ysbio/style/artlove.html" "Mozilla/5.0 (Windows NT 10.0; Win64; x64) AppleWebKit/537.36 (KHTML, like Gecko) Chrome/107.0.0.0 Safari/537.36 Edg/107.0.1418.35" "ysfine.com"
192.99.14.135 - - [08/Nov/2022:00:54:08 -0800] "GET /ysbio//sbk/2016mos55.jpg HTTP/1.1" 200 114789 "-" "Mozilla/5.0 (compatible; MJ12bot/v1.4.8; http://mj12bot.com/)" "www.ysfine.com"
192.99.14.135 - - [08/Nov/2022:00:54:12 -0800] "GET /ysbio//sbk/2016mos66.jpg HTTP/1.1" 200 189201 "-" "Mozilla/5.0 (compatible; MJ12bot/v1.4.8; http://mj12bot.com/)" "www.ysfine.com"
157.55.39.65 - - [08/Nov/2022:00:54:14 -0800] "GET /world/china/beijing108.jpg HTTP/1.1" 200 99114 "-" "Mozilla/5.0 (compatible; bingbot/2.0; +http://www.bing.com/bingbot.htm)" "ysfine.com"
173.73.77.36 - - [08/Nov/2022:00:54:15 -0800] "GET /ysbio/style/egeor03.jpg HTTP/1.1" 200 243710 "https://ysfine.com/ysbio/style/artlove.html" "Mozilla/5.0 (Windows NT 10.0; Win64; x64) AppleWebKit/537.36 (KHTML, like Gecko) Chrome/107.0.0.0 Safari/537.36 Edg/107.0.1418.35" "ysfine.com"
192.99.14.135 - - [08/Nov/2022:00:54:19 -0800] "GET /ysbio//sbk/2016mos77.jpg HTTP/1.1" 200 211974 "-" "Mozilla/5.0 (compatible; MJ12bot/v1.4.8; http://mj12bot.com/)" "www.ysfine.com"
37.187.94.3 - - [08/Nov/2022:00:54:23 -0800] "GET /robots.txt HTTP/1.1" 404 73 "-" "Mozilla/5.0 (compatible; MJ12bot/v1.4.8; http://mj12bot.com/)" "www.ysfine.com"
192.99.14.135 - - [08/Nov/2022:00:54:24 -0800] "GET /ysbio//sbk/2016mos88.jpg HTTP/1.1" 200 161876 "-" "Mozilla/5.0 (compatible; MJ12bot/v1.4.8; http://mj12bot.com/)" "www.ysfine.com"
173.73.77.36 - - [08/Nov/2022:00:54:25 -0800] "GET /ysbio/style/egeor05.jpg HTTP/1.1" 200 326416 "https://ysfine.com/ysbio/style/artlove.html" "Mozilla/5.0 (Windows NT 10.0; Win64; x64) AppleWebKit/537.36 (KHTML, like Gecko) Chrome/107.0.0.0 Safari/537.36 Edg/107.0.1418.35" "ysfine.com"
37.187.94.3 - - [08/Nov/2022:00:54:27 -0800] "GET /ysbio//sbk/2018grana33.jpg HTTP/1.1" 200 286199 "-" "Mozilla/5.0 (compatible; MJ12bot/v1.4.8; http://mj12bot.com/)" "www.ysfine.com"
192.99.14.135 - - [08/Nov/2022:00:54:28 -0800] "GET /ysbio//sbk/2016muc11.jpg HTTP/1.1" 200 200963 "-" "Mozilla/5.0 (compatible; MJ12bot/v1.4.8; http://mj12bot.com/)" "www.ysfine.com"
37.187.94.3 - - [08/Nov/2022:00:54:31 -0800] "GET /ysbio//sbk/2018grana55.jpg HTTP/1.1" 200 166953 "-" "Mozilla/5.0 (compatible; MJ12bot/v1.4.8; http://mj12bot.com/)" "www.ysfine.com"
192.99.14.135 - - [08/Nov/2022:00:54:35 -0800] "GET /ysbio//sbk/2016muc22.jpg HTTP/1.1" 200 267954 "-" "Mozilla/5.0 (compatible; MJ12bot/v1.4.8; http://mj12bot.com/)" "www.ysfine.com"
37.187.94.3 - - [08/Nov/2022:00:54:36 -0800] "GET /ysbio//sbk/2018mos01.jpg HTTP/1.1" 200 124962 "-" "Mozilla/5.0 (compatible; MJ12bot/v1.4.8; http://mj12bot.com/)" "www.ysfine.com"
192.99.14.135 - - [08/Nov/2022:00:54:40 -0800] "GET /ysbio//sbk/2016nor11.jpg HTTP/1.1" 200 174491 "-" "Mozilla/5.0 (compatible; MJ12bot/v1.4.8; http://mj12bot.com/)" "www.ysfine.com"
37.187.94.3 - - [08/Nov/2022:00:54:40 -0800] "GET /ysbio//sbk/2018mos03.jpg HTTP/1.1" 200 268638 "-" "Mozilla/5.0 (compatible; MJ12bot/v1.4.8; http://mj12bot.com/)" "www.ysfine.com"
37.187.94.3 - - [08/Nov/2022:00:54:45 -0800] "GET /ysbio//sbk/2018mos05.jpg HTTP/1.1" 200 117138 "-" "Mozilla/5.0 (compatible; MJ12bot/v1.4.8; http://mj12bot.com/)" "www.ysfine.com"
192.99.14.135 - - [08/Nov/2022:00:54:46 -0800] "GET /ysbio//sbk/2016nor22.jpg HTTP/1.1" 200 225865 "-" "Mozilla/5.0 (compatible; MJ12bot/v1.4.8; http://mj12bot.com/)" "www.ysfine.com"
192.99.14.135 - - [08/Nov/2022:00:54:49 -0800] "GET /ysbio//sbk/2016nyc11.jpg HTTP/1.1" 200 170163 "-" "Mozilla/5.0 (compatible; MJ12bot/v1.4.8; http://mj12bot.com/)" "www.ysfine.com"
37.187.94.3 - - [08/Nov/2022:00:54:49 -0800] "GET /ysbio//sbk/2018mos06.jpg HTTP/1.1" 200 187954 "-" "Mozilla/5.0 (compatible; MJ12bot/v1.4.8; http://mj12bot.com/)" "www.ysfine.com"
192.99.14.135 - - [08/Nov/2022:00:54:52 -0800] "GET /ysbio//sbk/2016nyc22.jpg HTTP/1.1" 200 204165 "-" "Mozilla/5.0 (compatible; MJ12bot/v1.4.8; http://mj12bot.com/)" "www.ysfine.com"
40.77.167.71 - - [08/Nov/2022:00:54:52 -0800] "GET /world/scandi/copen050.jpg HTTP/1.1" 200 87163 "-" "Mozilla/5.0 (compatible; bingbot/2.0; +http://www.bing.com/bingbot.htm)" "ysfine.com"
40.77.167.71 - - [08/Nov/2022:00:54:53 -0800] "GET /sbk/2002maine11.jpg HTTP/1.1" 200 180839 "-" "Mozilla/5.0 (compatible; bingbot/2.0; +http://www.bing.com/bingbot.htm)" "www.ysfine.com"
192.99.14.135 - - [08/Nov/2022:00:54:57 -0800] "GET /ysbio//sbk/2016nyc33.jpg HTTP/1.1" 200 229242 "-" "Mozilla/5.0 (compatible; MJ12bot/v1.4.8; http://mj12bot.com/)" "www.ysfine.com"
37.187.94.3 - - [08/Nov/2022:00:54:59 -0800] "GET /ysbio//sbk/2018mos07.jpg HTTP/1.1" 200 189821 "-" "Mozilla/5.0 (compatible; MJ12bot/v1.4.8; http://mj12bot.com/)" "www.ysfine.com"
192.99.14.135 - - [08/Nov/2022:00:55:01 -0800] "GET /ysbio//sbk/2016spb11.jpg HTTP/1.1" 200 142251 "-" "Mozilla/5.0 (compatible; MJ12bot/v1.4.8; http://mj12bot.com/)" "www.ysfine.com"
157.55.39.76 - - [08/Nov/2022:00:55:02 -0800] "GET /wdc/gtown37.jpg HTTP/1.1" 200 134468 "-" "Mozilla/5.0 (compatible; bingbot/2.0; +http://www.bing.com/bingbot.htm)" "www.ysfine.com"
192.99.14.135 - - [08/Nov/2022:00:55:05 -0800] "GET /ysbio//sbk/2016spb22.jpg HTTP/1.1" 200 145637 "-" "Mozilla/5.0 (compatible; MJ12bot/v1.4.8; http://mj12bot.com/)" "www.ysfine.com"
37.187.94.3 - - [08/Nov/2022:00:55:08 -0800] "GET /ysbio//sbk/2018paris55.jpg HTTP/1.1" 200 216991 "-" "Mozilla/5.0 (compatible; MJ12bot/v1.4.8; http://mj12bot.com/)" "www.ysfine.com"
192.99.14.135 - - [08/Nov/2022:00:55:11 -0800] "GET /ysbio//sbk/2016spb33.jpg HTTP/1.1" 200 171326 "-" "Mozilla/5.0 (compatible; MJ12bot/v1.4.8; http://mj12bot.com/)" "www.ysfine.com"
54.81.212.215 - - [08/Nov/2022:00:55:11 -0800] "GET /sitemap.xml HTTP/1.1" 304 - "https://www.google.com/" "Mozilla/5.0 (Macintosh; Intel Mac OS X 10_15) AppleWebKit/605.1.15 (KHTML, like Gecko) Version/13.0.5 Safari/605.1.15" "ysfine.com"
192.99.14.135 - - [08/Nov/2022:00:55:15 -0800] "GET /ysbio//sbk/2016spb55.jpg HTTP/1.1" 200 193518 "-" "Mozilla/5.0 (compatible; MJ12bot/v1.4.8; http://mj12bot.com/)" "www.ysfine.com"
37.187.94.3 - - [08/Nov/2022:00:55:19 -0800] "GET /ysbio//sbk/2018spb01.jpg HTTP/1.1" 200 248126 "-" "Mozilla/5.0 (compatible; MJ12bot/v1.4.8; http://mj12bot.com/)" "www.ysfine.com"
217.91.134.59 - - [08/Nov/2022:00:55:19 -0800] "GET /world/france/champ1203.jpg HTTP/1.1" 200 126645 "https://www.google.de/" "Mozilla/5.0 (Windows NT 10.0; Win64; x64) AppleWebKit/537.36 (KHTML, like Gecko) Chrome/107.0.0.0 Safari/537.36 Edg/107.0.1418.35" "ysfine.com"
192.99.14.135 - - [08/Nov/2022:00:55:22 -0800] "GET /ysbio//sbk/2016wdc11.jpg HTTP/1.1" 200 239538 "-" "Mozilla/5.0 (compatible; MJ12bot/v1.4.8; http://mj12bot.com/)" "www.ysfine.com"
192.99.14.135 - - [08/Nov/2022:00:55:26 -0800] "GET /ysbio//sbk/2016wdc22.jpg HTTP/1.1" 200 261456 "-" "Mozilla/5.0 (compatible; MJ12bot/v1.4.8; http://mj12bot.com/)" "www.ysfine.com"
37.187.94.3 - - [08/Nov/2022:00:55:30 -0800] "GET /ysbio//sbk/2018spb02.jpg HTTP/1.1" 200 306749 "-" "Mozilla/5.0 (compatible; MJ12bot/v1.4.8; http://mj12bot.com/)" "www.ysfine.com"
192.99.14.135 - - [08/Nov/2022:00:55:31 -0800] "GET /ysbio//sbk/2017avig11.jpg HTTP/1.1" 200 182863 "-" "Mozilla/5.0 (compatible; MJ12bot/v1.4.8; http://mj12bot.com/)" "www.ysfine.com"
40.77.167.27 - - [08/Nov/2022:00:55:31 -0800] "GET /bio/dirac/lorendir.html HTTP/1.1" 404 88 "-" "Mozilla/5.0 (compatible; bingbot/2.0; +http://www.bing.com/bingbot.htm)" "ysfine.com"
37.187.94.3 - - [08/Nov/2022:00:55:35 -0800] "GET /ysbio//sbk/2018spb03.jpg HTTP/1.1" 200 156657 "-" "Mozilla/5.0 (compatible; MJ12bot/v1.4.8; http://mj12bot.com/)" "www.ysfine.com"
192.99.14.135 - - [08/Nov/2022:00:55:36 -0800] "GET /ysbio//sbk/2017berlin02.jpg HTTP/1.1" 200 162870 "-" "Mozilla/5.0 (compatible; MJ12bot/v1.4.8; http://mj12bot.com/)" "www.ysfine.com"
192.99.14.135 - - [08/Nov/2022:00:55:39 -0800] "GET /ysbio//sbk/2017berlin03.jpg HTTP/1.1" 200 151814 "-" "Mozilla/5.0 (compatible; MJ12bot/v1.4.8; http://mj12bot.com/)" "www.ysfine.com"
157.55.39.17 - - [08/Nov/2022:00:55:42 -0800] "GET /ysbio/folks/moslems.html HTTP/1.1" 200 6567 "-" "Mozilla/5.0 (compatible; bingbot/2.0; +http://www.bing.com/bingbot.htm)" "ysfine.com"
37.187.94.3 - - [08/Nov/2022:00:55:44 -0800] "GET /ysbio//sbk/2018spb05.jpg HTTP/1.1" 200 239243 "-" "Mozilla/5.0 (compatible; MJ12bot/v1.4.8; http://mj12bot.com/)" "www.ysfine.com"
192.99.14.135 - - [08/Nov/2022:00:55:44 -0800] "GET /ysbio//sbk/2017berlin05.jpg HTTP/1.1" 200 64725 "-" "Mozilla/5.0 (compatible; MJ12bot/v1.4.8; http://mj12bot.com/)" "www.ysfine.com"
20.109.241.97 - - [08/Nov/2022:00:55:48 -0800] "GET /world/poland/coperni03.jpg HTTP/1.1" 200 91922 "https://ysfine.com/world/poland" "Mozilla/5.0 (Linux; Android 10; SM-G960U) AppleWebKit/537.36 (KHTML, like Gecko) Chrome/88.0.4324.181 Mobile Safari/537.36" "ysfine.com"
192.99.14.135 - - [08/Nov/2022:00:55:51 -0800] "GET /ysbio//sbk/2017busan11.jpg HTTP/1.1" 200 167866 "-" "Mozilla/5.0 (compatible; MJ12bot/v1.4.8; http://mj12bot.com/)" "www.ysfine.com"
37.187.94.3 - - [08/Nov/2022:00:55:55 -0800] "GET /ysbio//sbk/2018spb06.jpg HTTP/1.1" 200 202810 "-" "Mozilla/5.0 (compatible; MJ12bot/v1.4.8; http://mj12bot.com/)" "www.ysfine.com"
192.99.14.135 - - [08/Nov/2022:00:55:58 -0800] "GET /ysbio//sbk/2018mos08.jpg HTTP/1.1" 200 259141 "-" "Mozilla/5.0 (compatible; MJ12bot/v1.4.8; http://mj12bot.com/)" "www.ysfine.com"
37.187.94.3 - - [08/Nov/2022:00:56:05 -0800] "GET /ysbio//sbk/2018spb07.jpg HTTP/1.1" 200 233499 "-" "Mozilla/5.0 (compatible; MJ12bot/v1.4.8; http://mj12bot.com/)" "www.ysfine.com"
192.99.14.135 - - [08/Nov/2022:00:56:06 -0800] "GET /ysbio//sbk/2018mos09.jpg HTTP/1.1" 200 194216 "-" "Mozilla/5.0 (compatible; MJ12bot/v1.4.8; http://mj12bot.com/)" "www.ysfine.com"
20.29.110.170 - - [08/Nov/2022:00:56:09 -0800] "GET /princeton/prford11b.jpg HTTP/1.1" 200 52307 "https://ysfine.com/princeton" "Mozilla/5.0 (Macintosh; Intel Mac OS X 10_11_6) AppleWebKit/605.1.15 (KHTML, like Gecko) Version/11.1.2 Safari/605.1.15" "ysfine.com"
192.99.14.135 - - [08/Nov/2022:00:56:11 -0800] "GET /ysbio//sbk/2018mos10.jpg HTTP/1.1" 200 175188 "-" "Mozilla/5.0 (compatible; MJ12bot/v1.4.8; http://mj12bot.com/)" "www.ysfine.com"
192.99.14.135 - - [08/Nov/2022:00:56:15 -0800] "GET /ysbio//sbk/2018paris11.jpg HTTP/1.1" 200 369335 "-" "Mozilla/5.0 (compatible; MJ12bot/v1.4.8; http://mj12bot.com/)" "www.ysfine.com"
37.187.94.3 - - [08/Nov/2022:00:56:17 -0800] "GET /ysbio//sbk/2018trier11.jpg HTTP/1.1" 200 200687 "-" "Mozilla/5.0 (compatible; MJ12bot/v1.4.8; http://mj12bot.com/)" "www.ysfine.com"
192.99.14.135 - - [08/Nov/2022:00:56:19 -0800] "GET /ysbio//sbk/2018paris22.jpg HTTP/1.1" 200 174646 "-" "Mozilla/5.0 (compatible; MJ12bot/v1.4.8; http://mj12bot.com/)" "www.ysfine.com"
192.99.14.135 - - [08/Nov/2022:00:56:22 -0800] "GET /ysbio//sbk/2018paris33.jpg HTTP/1.1" 200 203300 "-" "Mozilla/5.0 (compatible; MJ12bot/v1.4.8; http://mj12bot.com/)" "www.ysfine.com"
37.187.94.3 - - [08/Nov/2022:00:56:25 -0800] "GET /ysbio//sbk/2018trier22.jpg HTTP/1.1" 200 251931 "-" "Mozilla/5.0 (compatible; MJ12bot/v1.4.8; http://mj12bot.com/)" "www.ysfine.com"
192.99.14.135 - - [08/Nov/2022:00:56:28 -0800] "GET /ysbio//sbk/2019cordo04.jpg HTTP/1.1" 200 162789 "-" "Mozilla/5.0 (compatible; MJ12bot/v1.4.8; http://mj12bot.com/)" "www.ysfine.com"
37.187.94.3 - - [08/Nov/2022:00:56:34 -0800] "GET /ysbio//sbk/2018wdc11.jpg HTTP/1.1" 200 153312 "-" "Mozilla/5.0 (compatible; MJ12bot/v1.4.8; http://mj12bot.com/)" "www.ysfine.com"
192.99.14.135 - - [08/Nov/2022:00:56:35 -0800] "GET /ysbio//sbk/2019cordo11.jpg HTTP/1.1" 200 218719 "-" "Mozilla/5.0 (compatible; MJ12bot/v1.4.8; http://mj12bot.com/)" "www.ysfine.com"
40.77.51.85 - - [08/Nov/2022:00:56:39 -0800] "GET /home/eink54f.jpg HTTP/1.1" 200 96332 "http://ysfine.com/home" "Mozilla/5.0 (Linux; Android 10; SM-G960U) AppleWebKit/537.36 (KHTML, like Gecko) Chrome/88.0.4324.181 Mobile Safari/537.36" "ysfine.com"
40.77.167.27 - - [08/Nov/2022:00:56:39 -0800] "GET /kobak/harbin11.jpg HTTP/1.1" 200 65618 "-" "Mozilla/5.0 AppleWebKit/537.36 (KHTML, like Gecko; compatible; bingbot/2.0; +http://www.bing.com/bingbot.htm) Chrome/103.0.5060.134 Safari/537.36" "www.ysfine.com"
192.99.14.135 - - [08/Nov/2022:00:56:39 -0800] "GET /ysbio//sbk/2019cordo33.jpg HTTP/1.1" 200 234894 "-" "Mozilla/5.0 (compatible; MJ12bot/v1.4.8; http://mj12bot.com/)" "www.ysfine.com"
37.187.94.3 - - [08/Nov/2022:00:56:42 -0800] "GET /ysbio//sbk/2018wdc22.jpg HTTP/1.1" 200 171494 "-" "Mozilla/5.0 (compatible; MJ12bot/v1.4.8; http://mj12bot.com/)" "www.ysfine.com"
192.99.14.135 - - [08/Nov/2022:00:56:43 -0800] "GET /ysbio//sbk/2019cordo77.jpg HTTP/1.1" 200 255743 "-" "Mozilla/5.0 (compatible; MJ12bot/v1.4.8; http://mj12bot.com/)" "www.ysfine.com"
40.77.51.85 - - [08/Nov/2022:00:56:45 -0800] "GET /kowar/tanks/tank05b.jpg HTTP/1.1" 200 48742 "https://ysfine.com/kowar/tanks" "Mozilla/5.0 (X11; Linux x86_64) AppleWebKit/537.36 (KHTML, like Gecko) Chrome/74.0.3729.169 Safari/537.36" "ysfine.com"
40.86.101.254 - - [08/Nov/2022:00:56:47 -0800] "GET /world/brit/dunf15b.jpg HTTP/1.1" 200 41554 "https://www.ysfine.com/world/brit" "Mozilla/5.0 (X11; Linux x86_64) AppleWebKit/537.36 (KHTML, like Gecko) Chrome/74.0.3729.169 Safari/537.36" "www.ysfine.com"
192.99.14.135 - - [08/Nov/2022:00:56:47 -0800] "GET /ysbio//sbk/2019jeru11.jpg HTTP/1.1" 200 132554 "-" "Mozilla/5.0 (compatible; MJ12bot/v1.4.8; http://mj12bot.com/)" "www.ysfine.com"
192.99.14.135 - - [08/Nov/2022:00:56:50 -0800] "GET /ysbio//sbk/2019jeru22.jpg HTTP/1.1" 200 147523 "-" "Mozilla/5.0 (compatible; MJ12bot/v1.4.8; http://mj12bot.com/)" "www.ysfine.com"
37.187.94.3 - - [08/Nov/2022:00:56:53 -0800] "GET /ysbio//sbk/2018wdc33.jpg HTTP/1.1" 200 239599 "-" "Mozilla/5.0 (compatible; MJ12bot/v1.4.8; http://mj12bot.com/)" "www.ysfine.com"
192.99.14.135 - - [08/Nov/2022:00:56:55 -0800] "GET /ysbio//sbk/2019jeru33.jpg HTTP/1.1" 200 169923 "-" "Mozilla/5.0 (compatible; MJ12bot/v1.4.8; http://mj12bot.com/)" "www.ysfine.com"
192.99.14.135 - - [08/Nov/2022:00:57:00 -0800] "GET /ysbio//sbk/2019jeru55.jpg HTTP/1.1" 200 275355 "-" "Mozilla/5.0 (compatible; MJ12bot/v1.4.8; http://mj12bot.com/)" "www.ysfine.com"
192.99.14.135 - - [08/Nov/2022:00:57:03 -0800] "GET /ysbio//sbk/2019jeru66.jpg HTTP/1.1" 200 209957 "-" "Mozilla/5.0 (compatible; MJ12bot/v1.4.8; http://mj12bot.com/)" "www.ysfine.com"
37.187.94.3 - - [08/Nov/2022:00:57:04 -0800] "GET /ysbio//sbk/2018wdc55.jpg HTTP/1.1" 200 298761 "-" "Mozilla/5.0 (compatible; MJ12bot/v1.4.8; http://mj12bot.com/)" "www.ysfine.com"
192.99.14.135 - - [08/Nov/2022:00:57:08 -0800] "GET /ysbio//sbk/2019jeru77.jpg HTTP/1.1" 200 256600 "-" "Mozilla/5.0 (compatible; MJ12bot/v1.4.8; http://mj12bot.com/)" "www.ysfine.com"
192.99.14.135 - - [08/Nov/2022:00:57:12 -0800] "GET /ysbio//sbk/2019jeru88.jpg HTTP/1.1" 200 185604 "-" "Mozilla/5.0 (compatible; MJ12bot/v1.4.8; http://mj12bot.com/)" "www.ysfine.com"
37.187.94.3 - - [08/Nov/2022:00:57:15 -0800] "GET /ysbio//sbk/2018wdc66.jpg HTTP/1.1" 200 247782 "-" "Mozilla/5.0 (compatible; MJ12bot/v1.4.8; http://mj12bot.com/)" "www.ysfine.com"
192.99.14.135 - - [08/Nov/2022:00:57:15 -0800] "GET /ysbio//sbk/2019lisbon11.jpg HTTP/1.1" 200 239971 "-" "Mozilla/5.0 (compatible; MJ12bot/v1.4.8; http://mj12bot.com/)" "www.ysfine.com"
192.99.14.135 - - [08/Nov/2022:00:57:20 -0800] "GET /ysbio//sbk/2019madrid11.jpg HTTP/1.1" 200 223446 "-" "Mozilla/5.0 (compatible; MJ12bot/v1.4.8; http://mj12bot.com/)" "www.ysfine.com"
192.99.14.135 - - [08/Nov/2022:00:57:23 -0800] "GET /ysbio//sbk/2019madrid22.jpg HTTP/1.1" 200 202991 "-" "Mozilla/5.0 (compatible; MJ12bot/v1.4.8; http://mj12bot.com/)" "www.ysfine.com"
37.187.94.3 - - [08/Nov/2022:00:57:25 -0800] "GET /ysbio//sbk/2018worms11.jpg HTTP/1.1" 200 278066 "-" "Mozilla/5.0 (compatible; MJ12bot/v1.4.8; http://mj12bot.com/)" "www.ysfine.com"
192.99.14.135 - - [08/Nov/2022:00:57:29 -0800] "GET /ysbio//sbk/2019minsk11.jpg HTTP/1.1" 200 237208 "-" "Mozilla/5.0 (compatible; MJ12bot/v1.4.8; http://mj12bot.com/)" "www.ysfine.com"
192.99.14.135 - - [08/Nov/2022:00:57:33 -0800] "GET /ysbio//sbk/2019minsk22.jpg HTTP/1.1" 200 175308 "-" "Mozilla/5.0 (compatible; MJ12bot/v1.4.8; http://mj12bot.com/)" "www.ysfine.com"
37.187.94.3 - - [08/Nov/2022:00:57:34 -0800] "GET /ysbio//sbk/2019cordo01.jpg HTTP/1.1" 200 342998 "-" "Mozilla/5.0 (compatible; MJ12bot/v1.4.8; http://mj12bot.com/)" "www.ysfine.com"
192.99.14.135 - - [08/Nov/2022:00:57:36 -0800] "GET /ysbio//sbk/2019nyc01.jpg HTTP/1.1" 200 199782 "-" "Mozilla/5.0 (compatible; MJ12bot/v1.4.8; http://mj12bot.com/)" "www.ysfine.com"
3.81.118.242 - - [08/Nov/2022:00:57:39 -0800] "GET /sitemap.xml HTTP/1.1" 304 - "https://www.google.com/" "Mozilla/5.0 (Windows NT 10.0; Win64; x64; rv:68.0) Gecko/20100101 Firefox/68.0" "www.ysfine.com"
192.99.14.135 - - [08/Nov/2022:00:57:40 -0800] "GET /ysbio//sbk/2019nyc02.jpg HTTP/1.1" 200 145166 "-" "Mozilla/5.0 (compatible; MJ12bot/v1.4.8; http://mj12bot.com/)" "www.ysfine.com"
173.73.77.36 - - [08/Nov/2022:00:57:43 -0800] "GET /favicon.ico HTTP/1.1" 404 88 "https://ysfine.com/ys11/" "Mozilla/5.0 (Windows NT 10.0; Win64; x64) AppleWebKit/537.36 (KHTML, like Gecko) Chrome/107.0.0.0 Safari/537.36" "ysfine.com"
192.99.14.135 - - [08/Nov/2022:00:57:44 -0800] "GET /ysbio//sbk/2019nyc03.jpg HTTP/1.1" 200 153742 "-" "Mozilla/5.0 (compatible; MJ12bot/v1.4.8; http://mj12bot.com/)" "www.ysfine.com"
37.187.94.3 - - [08/Nov/2022:00:57:47 -0800] "GET /ysbio//sbk/2019cordo02.jpg HTTP/1.1" 200 241563 "-" "Mozilla/5.0 (compatible; MJ12bot/v1.4.8; http://mj12bot.com/)" "www.ysfine.com"
192.99.14.135 - - [08/Nov/2022:00:57:49 -0800] "GET /ysbio//sbk/2019nyc04.jpg HTTP/1.1" 200 226391 "-" "Mozilla/5.0 (compatible; MJ12bot/v1.4.8; http://mj12bot.com/)" "www.ysfine.com"
173.73.77.36 - - [08/Nov/2022:00:57:49 -0800] "GET /ysbio/bio09.html HTTP/1.1" 200 3554 "https://ysfine.com/ys11/" "Mozilla/5.0 (Windows NT 10.0; Win64; x64) AppleWebKit/537.36 (KHTML, like Gecko) Chrome/107.0.0.0 Safari/537.36" "ysfine.com"
173.73.77.36 - - [08/Nov/2022:00:57:49 -0800] "GET /ysbio/eward11c.jpg HTTP/1.1" 200 48989 "https://ysfine.com/ysbio/bio09.html" "Mozilla/5.0 (Windows NT 10.0; Win64; x64) AppleWebKit/537.36 (KHTML, like Gecko) Chrome/107.0.0.0 Safari/537.36" "ysfine.com"
192.99.14.135 - - [08/Nov/2022:00:57:56 -0800] "GET /ysbio//sbk/2019nyc06.jpg HTTP/1.1" 200 234715 "-" "Mozilla/5.0 (compatible; MJ12bot/v1.4.8; http://mj12bot.com/)" "www.ysfine.com"
37.187.94.3 - - [08/Nov/2022:00:57:56 -0800] "GET /ysbio//sbk/2019cordo03.jpg HTTP/1.1" 200 230140 "-" "Mozilla/5.0 (compatible; MJ12bot/v1.4.8; http://mj12bot.com/)" "www.ysfine.com"
192.99.14.135 - - [08/Nov/2022:00:58:01 -0800] "GET /ysbio//sbk/2019nyc07.jpg HTTP/1.1" 200 242115 "-" "Mozilla/5.0 (compatible; MJ12bot/v1.4.8; http://mj12bot.com/)" "www.ysfine.com"
173.73.77.36 - - [08/Nov/2022:00:58:04 -0800] "GET /ysbio/bio10.html HTTP/1.1" 304 - "https://ysfine.com/ys11/" "Mozilla/5.0 (Windows NT 10.0; Win64; x64) AppleWebKit/537.36 (KHTML, like Gecko) Chrome/107.0.0.0 Safari/537.36" "ysfine.com"
173.73.77.36 - - [08/Nov/2022:00:58:04 -0800] "GET /ysbio/ewk86f.jpg HTTP/1.1" 304 - "https://ysfine.com/ysbio/bio10.html" "Mozilla/5.0 (Windows NT 10.0; Win64; x64) AppleWebKit/537.36 (KHTML, like Gecko) Chrome/107.0.0.0 Safari/537.36" "ysfine.com"
192.99.14.135 - - [08/Nov/2022:00:58:08 -0800] "GET /ysbio//sbk/2019nyc08.jpg HTTP/1.1" 200 115654 "-" "Mozilla/5.0 (compatible; MJ12bot/v1.4.8; http://mj12bot.com/)" "www.ysfine.com"
173.73.77.36 - - [08/Nov/2022:00:58:13 -0800] "GET /ysbio/sing.html HTTP/1.1" 200 2885 "https://ysfine.com/ysbio/bio10.html" "Mozilla/5.0 (Windows NT 10.0; Win64; x64) AppleWebKit/537.36 (KHTML, like Gecko) Chrome/107.0.0.0 Safari/537.36" "ysfine.com"
173.73.77.36 - - [08/Nov/2022:00:58:14 -0800] "GET /ysbio/ewk86k.jpg HTTP/1.1" 200 103154 "https://ysfine.com/ysbio/sing.html" "Mozilla/5.0 (Windows NT 10.0; Win64; x64) AppleWebKit/537.36 (KHTML, like Gecko) Chrome/107.0.0.0 Safari/537.36" "ysfine.com"
173.73.77.36 - - [08/Nov/2022:00:58:14 -0800] "GET /ysbio/wigner62c.jpg HTTP/1.1" 200 41727 "https://ysfine.com/ysbio/sing.html" "Mozilla/5.0 (Windows NT 10.0; Win64; x64) AppleWebKit/537.36 (KHTML, like Gecko) Chrome/107.0.0.0 Safari/537.36" "ysfine.com"
173.73.77.36 - - [08/Nov/2022:00:58:14 -0800] "GET /ysbio/eink61c.jpg HTTP/1.1" 200 30120 "https://ysfine.com/ysbio/sing.html" "Mozilla/5.0 (Windows NT 10.0; Win64; x64) AppleWebKit/537.36 (KHTML, like Gecko) Chrome/107.0.0.0 Safari/537.36" "ysfine.com"
192.99.14.135 - - [08/Nov/2022:00:58:16 -0800] "GET /ysbio//sbk/2019nyc09.jpg HTTP/1.1" 200 169907 "-" "Mozilla/5.0 (compatible; MJ12bot/v1.4.8; http://mj12bot.com/)" "www.ysfine.com"
192.99.14.135 - - [08/Nov/2022:00:58:22 -0800] "GET /ysbio//sbk/2019nyc10.jpg HTTP/1.1" 200 175349 "-" "Mozilla/5.0 (compatible; MJ12bot/v1.4.8; http://mj12bot.com/)" "www.ysfine.com"
192.99.14.135 - - [08/Nov/2022:00:58:29 -0800] "GET /ysbio//sbk/2019nyc17.jpg HTTP/1.1" 200 302196 "-" "Mozilla/5.0 (compatible; MJ12bot/v1.4.8; http://mj12bot.com/)" "www.ysfine.com"
192.99.14.135 - - [08/Nov/2022:00:58:33 -0800] "GET /ysbio//sbk/2019nyc19.jpg HTTP/1.1" 200 266095 "-" "Mozilla/5.0 (compatible; MJ12bot/v1.4.8; http://mj12bot.com/)" "www.ysfine.com"
192.99.14.135 - - [08/Nov/2022:00:58:40 -0800] "GET /ysbio//sbk/2019nyc20.jpg HTTP/1.1" 200 220331 "-" "Mozilla/5.0 (compatible; MJ12bot/v1.4.8; http://mj12bot.com/)" "www.ysfine.com"
157.55.39.76 - - [08/Nov/2022:00:58:43 -0800] "GET /world/ital/venice02.jpg HTTP/1.1" 200 113781 "-" "Mozilla/5.0 AppleWebKit/537.36 (KHTML, like Gecko; compatible; bingbot/2.0; +http://www.bing.com/bingbot.htm) Chrome/103.0.5060.134 Safari/537.36" "www.ysfine.com"
192.99.14.135 - - [08/Nov/2022:00:58:46 -0800] "GET /ysbio//sbk/2019nyc24.jpg HTTP/1.1" 200 321319 "-" "Mozilla/5.0 (compatible; MJ12bot/v1.4.8; http://mj12bot.com/)" "www.ysfine.com"
192.99.14.135 - - [08/Nov/2022:00:58:51 -0800] "GET /ysbio//sbk/2019nyc25.jpg HTTP/1.1" 200 244539 "-" "Mozilla/5.0 (compatible; MJ12bot/v1.4.8; http://mj12bot.com/)" "www.ysfine.com"
192.99.14.135 - - [08/Nov/2022:00:58:56 -0800] "GET /ysbio//sbk/2019nyc26.jpg HTTP/1.1" 200 276886 "-" "Mozilla/5.0 (compatible; MJ12bot/v1.4.8; http://mj12bot.com/)" "www.ysfine.com"
173.73.77.36 - - [08/Nov/2022:00:58:59 -0800] "GET /ysbio/audio22.wav HTTP/1.1" 200 273581056 "https://ysfine.com/ysbio/bio10.html" "Mozilla/5.0 (Windows NT 10.0; Win64; x64) AppleWebKit/537.36 (KHTML, like Gecko) Chrome/107.0.0.0 Safari/537.36" "ysfine.com"
192.99.14.135 - - [08/Nov/2022:00:59:00 -0800] "GET /ysbio//sbk/2019nyc27.jpg HTTP/1.1" 200 191944 "-" "Mozilla/5.0 (compatible; MJ12bot/v1.4.8; http://mj12bot.com/)" "www.ysfine.com"
192.99.14.135 - - [08/Nov/2022:00:59:03 -0800] "GET /ysbio//sbk/2019sevi01.jpg HTTP/1.1" 200 218897 "-" "Mozilla/5.0 (compatible; MJ12bot/v1.4.8; http://mj12bot.com/)" "www.ysfine.com"
40.77.167.68 - - [08/Nov/2022:00:59:07 -0800] "GET /bio/style/rieu.html HTTP/1.1" 404 88 "-" "Mozilla/5.0 AppleWebKit/537.36 (KHTML, like Gecko; compatible; bingbot/2.0; +http://www.bing.com/bingbot.htm) Chrome/103.0.5060.134 Safari/537.36" "ysfine.com"
192.99.14.135 - - [08/Nov/2022:00:59:09 -0800] "GET /ysbio//sbk/2019sevi02.jpg HTTP/1.1" 200 299286 "-" "Mozilla/5.0 (compatible; MJ12bot/v1.4.8; http://mj12bot.com/)" "www.ysfine.com"
192.99.14.135 - - [08/Nov/2022:00:59:14 -0800] "GET /ysbio//sbk/2019sevi03.jpg HTTP/1.1" 200 391394 "-" "Mozilla/5.0 (compatible; MJ12bot/v1.4.8; http://mj12bot.com/)" "www.ysfine.com"
192.99.14.135 - - [08/Nov/2022:00:59:19 -0800] "GET /ysbio//sbk/2019sevi05.jpg HTTP/1.1" 200 259977 "-" "Mozilla/5.0 (compatible; MJ12bot/v1.4.8; http://mj12bot.com/)" "www.ysfine.com"
192.99.14.135 - - [08/Nov/2022:00:59:23 -0800] "GET /ysbio//sbk/2019sevi06.jpg HTTP/1.1" 200 287080 "-" "Mozilla/5.0 (compatible; MJ12bot/v1.4.8; http://mj12bot.com/)" "www.ysfine.com"
173.73.77.36 - - [08/Nov/2022:00:59:25 -0800] "GET /ysbio/audio22.wav HTTP/1.1" 304 - "https://ysfine.com/ysbio/bio10.html" "Mozilla/5.0 (Windows NT 10.0; Win64; x64) AppleWebKit/537.36 (KHTML, like Gecko) Chrome/107.0.0.0 Safari/537.36" "ysfine.com"
173.73.77.36 - - [08/Nov/2022:00:59:25 -0800] "GET /ysbio/audio22.wav HTTP/1.1" 200 273581056 "https://ysfine.com/ysbio/bio10.html" "Mozilla/5.0 (Windows NT 10.0; Win64; x64) AppleWebKit/537.36 (KHTML, like Gecko) Chrome/107.0.0.0 Safari/537.36" "ysfine.com"
173.73.77.36 - - [08/Nov/2022:00:59:26 -0800] "GET /favicon.ico HTTP/1.1" 404 88 "https://ysfine.com/ysbio/audio22.wav" "Mozilla/5.0 (Windows NT 10.0; Win64; x64) AppleWebKit/537.36 (KHTML, like Gecko) Chrome/107.0.0.0 Safari/537.36" "ysfine.com"
192.99.14.135 - - [08/Nov/2022:00:59:27 -0800] "GET /ysbio//sbk/2019sevi07.jpg HTTP/1.1" 200 202619 "-" "Mozilla/5.0 (compatible; MJ12bot/v1.4.8; http://mj12bot.com/)" "www.ysfine.com"
192.99.14.135 - - [08/Nov/2022:00:59:31 -0800] "GET /ysbio//sbk/2019sevi08.jpg HTTP/1.1" 200 186102 "-" "Mozilla/5.0 (compatible; MJ12bot/v1.4.8; http://mj12bot.com/)" "www.ysfine.com"
51.222.253.10 - - [08/Nov/2022:00:59:31 -0800] "GET /wigner/maxwig22.html HTTP/1.1" 200 1591 "-" "Mozilla/5.0 (compatible; AhrefsBot/7.0; +http://ahrefs.com/robot/)" "ysfine.com"
64.124.8.54 - - [08/Nov/2022:00:59:33 -0800] "GET / HTTP/1.1" 200 5283 "-" "Mozilla/5.0 (X11; Linux x86_64) AppleWebKit/537.36 (KHTML, like Gecko) Chrome/61.0.3163.79 Safari/537.36" "ysfine.com"
173.73.77.36 - - [08/Nov/2022:00:58:59 -0800] "GET /ysbio/audio22.wav HTTP/1.1" 206 273581056 "https://ysfine.com/ysbio/audio22.wav" "Mozilla/5.0 (Windows NT 10.0; Win64; x64) AppleWebKit/537.36 (KHTML, like Gecko) Chrome/107.0.0.0 Safari/537.36" "ysfine.com"
173.73.77.36 - - [08/Nov/2022:00:59:25 -0800] "GET /ysbio/audio22.wav HTTP/1.1" 206 273581056 "https://ysfine.com/ysbio/audio22.wav" "Mozilla/5.0 (Windows NT 10.0; Win64; x64) AppleWebKit/537.36 (KHTML, like Gecko) Chrome/107.0.0.0 Safari/537.36" "ysfine.com"
192.99.14.135 - - [08/Nov/2022:00:59:34 -0800] "GET /ysbio//sbk/2019sevi09.jpg HTTP/1.1" 200 257741 "-" "Mozilla/5.0 (compatible; MJ12bot/v1.4.8; http://mj12bot.com/)" "www.ysfine.com"
192.99.14.135 - - [08/Nov/2022:00:59:37 -0800] "GET /ysbio//sbk/2019sevi10.jpg HTTP/1.1" 200 270204 "-" "Mozilla/5.0 (compatible; MJ12bot/v1.4.8; http://mj12bot.com/)" "www.ysfine.com"
192.99.14.135 - - [08/Nov/2022:00:59:41 -0800] "GET /ysbio//sbk/2019sevi11.jpg HTTP/1.1" 200 186498 "-" "Mozilla/5.0 (compatible; MJ12bot/v1.4.8; http://mj12bot.com/)" "www.ysfine.com"
157.55.39.17 - - [08/Nov/2022:00:59:43 -0800] "GET /bio/bio06.html HTTP/1.1" 404 88 "-" "Mozilla/5.0 AppleWebKit/537.36 (KHTML, like Gecko; compatible; bingbot/2.0; +http://www.bing.com/bingbot.htm) Chrome/103.0.5060.134 Safari/537.36" "ysfine.com"
192.99.14.135 - - [08/Nov/2022:00:59:46 -0800] "GET /ysbio//sbk/2019sevi15.jpg HTTP/1.1" 200 186648 "-" "Mozilla/5.0 (compatible; MJ12bot/v1.4.8; http://mj12bot.com/)" "www.ysfine.com"
40.77.167.27 - - [08/Nov/2022:00:59:48 -0800] "GET /style/socrates11.jpg HTTP/1.1" 200 81464 "-" "Mozilla/5.0 AppleWebKit/537.36 (KHTML, like Gecko; compatible; bingbot/2.0; +http://www.bing.com/bingbot.htm) Chrome/103.0.5060.134 Safari/537.36" "ysfine.com"
192.99.14.135 - - [08/Nov/2022:00:59:48 -0800] "GET /ysbio//sbk/harvardsq.jpg HTTP/1.1" 200 255291 "-" "Mozilla/5.0 (compatible; MJ12bot/v1.4.8; http://mj12bot.com/)" "www.ysfine.com"
173.73.77.36 - - [08/Nov/2022:00:59:50 -0800] "GET /ysbio/audio22.wav HTTP/1.1" 304 - "https://ysfine.com/ysbio/bio10.html" "Mozilla/5.0 (Windows NT 10.0; Win64; x64) AppleWebKit/537.36 (KHTML, like Gecko) Chrome/107.0.0.0 Safari/537.36" "ysfine.com"
173.73.77.36 - - [08/Nov/2022:00:59:50 -0800] "GET /favicon.ico HTTP/1.1" 404 88 "https://ysfine.com/ysbio/audio22.wav" "Mozilla/5.0 (Windows NT 10.0; Win64; x64) AppleWebKit/537.36 (KHTML, like Gecko) Chrome/107.0.0.0 Safari/537.36" "ysfine.com"
192.99.14.135 - - [08/Nov/2022:00:59:52 -0800] "GET /ysbio//sbk/nasabdg23.jpg HTTP/1.1" 200 80382 "-" "Mozilla/5.0 (compatible; MJ12bot/v1.4.8; http://mj12bot.com/)" "www.ysfine.com"
192.99.14.135 - - [08/Nov/2022:00:59:55 -0800] "GET /ysbio//sbk/nasabdg23e.jpg HTTP/1.1" 200 69891 "-" "Mozilla/5.0 (compatible; MJ12bot/v1.4.8; http://mj12bot.com/)" "www.ysfine.com"
192.99.14.135 - - [08/Nov/2022:00:59:59 -0800] "GET /ysbio//sbk/nasadeer11.jpg HTTP/1.1" 200 62493 "-" "Mozilla/5.0 (compatible; MJ12bot/v1.4.8; http://mj12bot.com/)" "www.ysfine.com"
157.55.39.17 - - [08/Nov/2022:01:00:02 -0800] "GET /ysbio/folks/mosjeru03.jpg\" HTTP/1.1" 404 88 "-" "Mozilla/5.0 AppleWebKit/537.36 (KHTML, like Gecko; compatible; bingbot/2.0; +http://www.bing.com/bingbot.htm) Chrome/103.0.5060.134 Safari/537.36" "ysfine.com"
192.99.14.135 - - [08/Nov/2022:01:00:05 -0800] "GET /ysbio//sbk/nasalake11.jpg HTTP/1.1" 200 50057 "-" "Mozilla/5.0 (compatible; MJ12bot/v1.4.8; http://mj12bot.com/)" "www.ysfine.com"
173.73.77.36 - - [08/Nov/2022:01:00:09 -0800] "GET /ysbio/marq.html HTTP/1.1" 404 88 "https://ysfine.com/ysbio/bio10.html" "Mozilla/5.0 (Windows NT 10.0; Win64; x64) AppleWebKit/537.36 (KHTML, like Gecko) Chrome/107.0.0.0 Safari/537.36" "ysfine.com"
40.77.167.27 - - [08/Nov/2022:01:00:10 -0800] "GET /world/scandi/copen013.jpg HTTP/1.1" 200 116634 "-" "Mozilla/5.0 (compatible; bingbot/2.0; +http://www.bing.com/bingbot.htm)" "ysfine.com"
40.77.167.27 - - [08/Nov/2022:01:00:10 -0800] "GET /world/ital/panth11.jpg HTTP/1.1" 200 118055 "-" "Mozilla/5.0 AppleWebKit/537.36 (KHTML, like Gecko; compatible; bingbot/2.0; +http://www.bing.com/bingbot.htm) Chrome/103.0.5060.134 Safari/537.36" "www.ysfine.com"
192.99.14.135 - - [08/Nov/2022:01:00:10 -0800] "GET /ysbio//sbk/sbkrome.html HTTP/1.1" 200 306 "-" "Mozilla/5.0 (compatible; MJ12bot/v1.4.8; http://mj12bot.com/)" "www.ysfine.com"
173.73.77.36 - - [08/Nov/2022:00:59:50 -0800] "GET /ysbio/audio22.wav HTTP/1.1" 206 266445981 "https://ysfine.com/ysbio/audio22.wav" "Mozilla/5.0 (Windows NT 10.0; Win64; x64) AppleWebKit/537.36 (KHTML, like Gecko) Chrome/107.0.0.0 Safari/537.36" "ysfine.com"
40.77.167.71 - - [08/Nov/2022:01:00:14 -0800] "GET /ffriends/amkor/kostu36.jpg HTTP/1.1" 200 94757 "-" "Mozilla/5.0 AppleWebKit/537.36 (KHTML, like Gecko; compatible; bingbot/2.0; +http://www.bing.com/bingbot.htm) Chrome/103.0.5060.134 Safari/537.36" "ysfine.com"
40.77.167.71 - - [08/Nov/2022:01:00:15 -0800] "GET /maga/phys/bohr05b.jpg HTTP/1.1" 200 33923 "-" "Mozilla/5.0 (compatible; bingbot/2.0; +http://www.bing.com/bingbot.htm)" "ysfine.com"
192.99.14.135 - - [08/Nov/2022:01:00:15 -0800] "GET /ysbio//style/mushalls.html HTTP/1.1" 200 21398 "-" "Mozilla/5.0 (compatible; MJ12bot/v1.4.8; http://mj12bot.com/)" "www.ysfine.com"
192.99.14.135 - - [08/Nov/2022:01:00:20 -0800] "GET /ysbio//truck/truck20.jpg HTTP/1.1" 404 88 "-" "Mozilla/5.0 (compatible; MJ12bot/v1.4.8; http://mj12bot.com/)" "www.ysfine.com"
173.73.77.36 - - [08/Nov/2022:01:00:20 -0800] "GET /ysbio/marq.html HTTP/1.1" 404 88 "https://ysfine.com/ysbio/bio10.html" "Mozilla/5.0 (Windows NT 10.0; Win64; x64) AppleWebKit/537.36 (KHTML, like Gecko) Chrome/107.0.0.0 Safari/537.36" "ysfine.com"
157.55.39.17 - - [08/Nov/2022:01:00:21 -0800] "GET /ysbio/folks/mosjeru03.jpg\" HTTP/1.1" 404 88 "-" "Mozilla/5.0 (compatible; bingbot/2.0; +http://www.bing.com/bingbot.htm)" "ysfine.com"
192.99.14.135 - - [08/Nov/2022:01:00:24 -0800] "GET /ysbio//wdc/capitol03.jpg HTTP/1.1" 200 79173 "-" "Mozilla/5.0 (compatible; MJ12bot/v1.4.8; http://mj12bot.com/)" "www.ysfine.com"
192.99.14.135 - - [08/Nov/2022:01:00:27 -0800] "GET /ysbio//wdc/capitol05.jpg HTTP/1.1" 200 56636 "-" "Mozilla/5.0 (compatible; MJ12bot/v1.4.8; http://mj12bot.com/)" "www.ysfine.com"
173.73.77.36 - - [08/Nov/2022:01:00:31 -0800] "GET /ysbio/awards/index.html HTTP/1.1" 304 - "https://ysfine.com/ysbio/bio10.html" "Mozilla/5.0 (Windows NT 10.0; Win64; x64) AppleWebKit/537.36 (KHTML, like Gecko) Chrome/107.0.0.0 Safari/537.36" "ysfine.com"
192.99.14.135 - - [08/Nov/2022:01:00:31 -0800] "GET /ysbio//wdc/gtwon32.jpg HTTP/1.1" 404 88 "-" "Mozilla/5.0 (compatible; MJ12bot/v1.4.8; http://mj12bot.com/)" "www.ysfine.com"
192.99.14.135 - - [08/Nov/2022:01:00:36 -0800] "GET /ysbio//wdc/jhoonrhee11.jpg HTTP/1.1" 200 66312 "-" "Mozilla/5.0 (compatible; MJ12bot/v1.4.8; http://mj12bot.com/)" "www.ysfine.com"
173.73.77.36 - - [08/Nov/2022:01:00:37 -0800] "GET /ysbio/awards/iao.html HTTP/1.1" 304 - "https://ysfine.com/ysbio/awards/index.html" "Mozilla/5.0 (Windows NT 10.0; Win64; x64) AppleWebKit/537.36 (KHTML, like Gecko) Chrome/107.0.0.0 Safari/537.36" "ysfine.com"
192.99.14.135 - - [08/Nov/2022:01:00:41 -0800] "GET /ysbio//wdc/jhoonrhee22.jpg HTTP/1.1" 200 162108 "-" "Mozilla/5.0 (compatible; MJ12bot/v1.4.8; http://mj12bot.com/)" "www.ysfine.com"
192.99.14.135 - - [08/Nov/2022:01:00:45 -0800] "GET /ysbio//wdc/kobell01.jpg HTTP/1.1" 200 117025 "-" "Mozilla/5.0 (compatible; MJ12bot/v1.4.8; http://mj12bot.com/)" "www.ysfine.com"
192.99.14.135 - - [08/Nov/2022:01:00:51 -0800] "GET /ysbio//wdc/kobell02.jpg HTTP/1.1" 200 116265 "-" "Mozilla/5.0 (compatible; MJ12bot/v1.4.8; http://mj12bot.com/)" "www.ysfine.com"
192.99.14.135 - - [08/Nov/2022:01:00:54 -0800] "GET /ysbio//wdc/kobell04.jpg HTTP/1.1" 200 177288 "-" "Mozilla/5.0 (compatible; MJ12bot/v1.4.8; http://mj12bot.com/)" "www.ysfine.com"
192.99.14.135 - - [08/Nov/2022:01:01:00 -0800] "GET /ysbio//wdc/kobell05.jpg HTTP/1.1" 200 145608 "-" "Mozilla/5.0 (compatible; MJ12bot/v1.4.8; http://mj12bot.com/)" "www.ysfine.com"
192.99.14.135 - - [08/Nov/2022:01:01:06 -0800] "GET /ysbio//wdc/kobell06.jpg HTTP/1.1" 200 239479 "-" "Mozilla/5.0 (compatible; MJ12bot/v1.4.8; http://mj12bot.com/)" "www.ysfine.com"
192.99.14.135 - - [08/Nov/2022:01:01:11 -0800] "GET /ysbio//wdc/kobell07.jpg HTTP/1.1" 200 124326 "-" "Mozilla/5.0 (compatible; MJ12bot/v1.4.8; http://mj12bot.com/)" "www.ysfine.com"
20.29.110.169 - - [08/Nov/2022:01:01:12 -0800] "GET /home/goodbad55b.jpg HTTP/1.1" 200 34310 "https://ysfine.com/home" "Mozilla/5.0 (X11; Linux x86_64) AppleWebKit/537.36 (KHTML, like Gecko) Chrome/74.0.3729.169 Safari/537.36" "ysfine.com"
192.99.14.135 - - [08/Nov/2022:01:01:16 -0800] "GET /ysbio//wdc/kobell08.jpg HTTP/1.1" 200 139958 "-" "Mozilla/5.0 (compatible; MJ12bot/v1.4.8; http://mj12bot.com/)" "www.ysfine.com"
192.99.14.135 - - [08/Nov/2022:01:01:23 -0800] "GET /ysbio//wdc/kobell09.jpg HTTP/1.1" 200 124249 "-" "Mozilla/5.0 (compatible; MJ12bot/v1.4.8; http://mj12bot.com/)" "www.ysfine.com"
192.99.14.135 - - [08/Nov/2022:01:01:27 -0800] "GET /ysbio//wdc/kobell10.jpg HTTP/1.1" 200 122607 "-" "Mozilla/5.0 (compatible; MJ12bot/v1.4.8; http://mj12bot.com/)" "www.ysfine.com"
192.99.14.135 - - [08/Nov/2022:01:01:32 -0800] "GET /ysbio//wdc/kobell11.jpg HTTP/1.1" 200 140937 "-" "Mozilla/5.0 (compatible; MJ12bot/v1.4.8; http://mj12bot.com/)" "www.ysfine.com"
173.73.77.36 - - [08/Nov/2022:01:01:33 -0800] "GET /favicon.ico HTTP/1.1" 404 88 "https://ysfine.com/ys11/" "Mozilla/5.0 (Windows NT 10.0; Win64; x64) AppleWebKit/537.36 (KHTML, like Gecko) Chrome/107.0.0.0 Safari/537.36 Edg/107.0.1418.35" "ysfine.com"
173.73.77.36 - - [08/Nov/2022:01:01:35 -0800] "GET /ysbio/bio10.html HTTP/1.1" 304 - "https://ysfine.com/ys11/" "Mozilla/5.0 (Windows NT 10.0; Win64; x64) AppleWebKit/537.36 (KHTML, like Gecko) Chrome/107.0.0.0 Safari/537.36 Edg/107.0.1418.35" "ysfine.com"
192.99.14.135 - - [08/Nov/2022:01:01:35 -0800] "GET /ysbio//wdc/kobell12.jpg HTTP/1.1" 200 130272 "-" "Mozilla/5.0 (compatible; MJ12bot/v1.4.8; http://mj12bot.com/)" "www.ysfine.com"
192.99.14.135 - - [08/Nov/2022:01:01:40 -0800] "GET /ysbio//wdc/kobell14.jpg HTTP/1.1" 200 159969 "-" "Mozilla/5.0 (compatible; MJ12bot/v1.4.8; http://mj12bot.com/)" "www.ysfine.com"
173.73.77.36 - - [08/Nov/2022:01:01:41 -0800] "GET /ysbio/audio22.wav HTTP/1.1" 200 273581056 "https://ysfine.com/ysbio/bio10.html" "Mozilla/5.0 (Windows NT 10.0; Win64; x64) AppleWebKit/537.36 (KHTML, like Gecko) Chrome/107.0.0.0 Safari/537.36 Edg/107.0.1418.35" "ysfine.com"
192.99.14.135 - - [08/Nov/2022:01:01:44 -0800] "GET /ysbio//wdc/kobell15.jpg HTTP/1.1" 200 101977 "-" "Mozilla/5.0 (compatible; MJ12bot/v1.4.8; http://mj12bot.com/)" "www.ysfine.com"
157.55.39.65 - - [08/Nov/2022:01:01:46 -0800] "GET /bio/pquartet.html HTTP/1.1" 404 88 "-" "Mozilla/5.0 AppleWebKit/537.36 (KHTML, like Gecko; compatible; bingbot/2.0; +http://www.bing.com/bingbot.htm) Chrome/103.0.5060.134 Safari/537.36" "ysfine.com"
173.73.77.36 - - [08/Nov/2022:01:01:41 -0800] "GET /ysbio/audio22.wav HTTP/1.1" 206 273581056 "https://ysfine.com/ysbio/audio22.wav" "Mozilla/5.0 (Windows NT 10.0; Win64; x64) AppleWebKit/537.36 (KHTML, like Gecko) Chrome/107.0.0.0 Safari/537.36 Edg/107.0.1418.35" "ysfine.com"
192.99.14.135 - - [08/Nov/2022:01:01:48 -0800] "GET /ysbio//wdc/kobell16.jpg HTTP/1.1" 200 163649 "-" "Mozilla/5.0 (compatible; MJ12bot/v1.4.8; http://mj12bot.com/)" "www.ysfine.com"
192.99.14.135 - - [08/Nov/2022:01:01:52 -0800] "GET /ysbio//wdc/kopol.html HTTP/1.1" 200 6514 "-" "Mozilla/5.0 (compatible; MJ12bot/v1.4.8; http://mj12bot.com/)" "www.ysfine.com"
157.55.39.65 - - [08/Nov/2022:01:01:56 -0800] "GET /world/china/shanghai053.jpg HTTP/1.1" 200 97058 "-" "Mozilla/5.0 (compatible; bingbot/2.0; +http://www.bing.com/bingbot.htm)" "ysfine.com"
192.99.14.135 - - [08/Nov/2022:01:01:56 -0800] "GET /ysbio//wdc/sand68.jpg HTTP/1.1" 200 67374 "-" "Mozilla/5.0 (compatible; MJ12bot/v1.4.8; http://mj12bot.com/)" "www.ysfine.com"
192.99.14.135 - - [08/Nov/2022:01:01:59 -0800] "GET /ysbio//wdc/sandharv.jpg HTTP/1.1" 200 72639 "-" "Mozilla/5.0 (compatible; MJ12bot/v1.4.8; http://mj12bot.com/)" "www.ysfine.com"
192.99.14.135 - - [08/Nov/2022:01:02:04 -0800] "GET /ysbio//wdc/sandpr.jpg HTTP/1.1" 200 107271 "-" "Mozilla/5.0 (compatible; MJ12bot/v1.4.8; http://mj12bot.com/)" "www.ysfine.com"
192.99.14.135 - - [08/Nov/2022:01:02:07 -0800] "GET /ysbio//wdc/sovran.jpg HTTP/1.1" 200 164506 "-" "Mozilla/5.0 (compatible; MJ12bot/v1.4.8; http://mj12bot.com/)" "www.ysfine.com"
192.99.14.135 - - [08/Nov/2022:01:02:10 -0800] "GET /ysbio//wdc/was69kor.html HTTP/1.1" 200 304 "-" "Mozilla/5.0 (compatible; MJ12bot/v1.4.8; http://mj12bot.com/)" "www.ysfine.com"
192.99.14.135 - - [08/Nov/2022:01:02:16 -0800] "GET /ysbio//wdc/washmofw33.jpg HTTP/1.1" 200 92760 "-" "Mozilla/5.0 (compatible; MJ12bot/v1.4.8; http://mj12bot.com/)" "www.ysfine.com"
192.99.14.135 - - [08/Nov/2022:01:02:22 -0800] "GET /ysbio//wdc/washmomap11.jpg HTTP/1.1" 200 615910 "-" "Mozilla/5.0 (compatible; MJ12bot/v1.4.8; http://mj12bot.com/)" "www.ysfine.com"
111.33.223.97 - - [08/Nov/2022:01:02:26 -0800] "GET /maga/phil/marxber600.jpg HTTP/1.1" 200 54098 "-" "Mozilla/4.0 (compatible; MSIE 7.0; Windows NT 5.1; Trident/4.0; SE 2.X MetaSr 1.0; SE 2.X MetaSr 1.0; .NET CLR 2.0.50727; SE 2.X MetaSr 1.0)" "ysfine.com"
122.188.193.12 - - [08/Nov/2022:01:02:28 -0800] "GET /philo/marxmos02.jpg HTTP/1.1" 200 74082 "-" "Mozilla/5.0 (Macintosh; Intel Mac OS X 10_7_0) AppleWebKit/535.11 (KHTML, like Gecko) Chrome/17.0.963.56 Safari/535.11" "ysfine.com"
192.99.14.135 - - [08/Nov/2022:01:02:28 -0800] "GET /ysbio//wdc/waskor001.jpg HTTP/1.1" 200 95374 "-" "Mozilla/5.0 (compatible; MJ12bot/v1.4.8; http://mj12bot.com/)" "www.ysfine.com"
157.55.39.76 - - [08/Nov/2022:01:02:32 -0800] "GET /princeton/nasshall01.jpg HTTP/1.1" 200 169242 "-" "Mozilla/5.0 (compatible; bingbot/2.0; +http://www.bing.com/bingbot.htm)" "ysfine.com"
192.99.14.135 - - [08/Nov/2022:01:02:34 -0800] "GET /ysbio//wdc/waskor005.jpg HTTP/1.1" 200 85085 "-" "Mozilla/5.0 (compatible; MJ12bot/v1.4.8; http://mj12bot.com/)" "www.ysfine.com"
115.209.77.106 - - [08/Nov/2022:01:02:34 -0800] "GET /maga/phil/marxmos01.jpg HTTP/1.1" 200 65113 "-" "Mozilla/4.0 (compatible; MSIE 7.0; Windows NT 5.1; Trident/4.0; SE 2.X MetaSr 1.0; SE 2.X MetaSr 1.0; .NET CLR 2.0.50727; SE 2.X MetaSr 1.0)" "ysfine.com"
192.99.14.135 - - [08/Nov/2022:01:02:39 -0800] "GET /ysbio//wdc/waskor007.jpg HTTP/1.1" 200 63224 "-" "Mozilla/5.0 (compatible; MJ12bot/v1.4.8; http://mj12bot.com/)" "www.ysfine.com"
192.99.14.135 - - [08/Nov/2022:01:02:42 -0800] "GET /ysbio//wdc/waskor008.jpg HTTP/1.1" 200 56819 "-" "Mozilla/5.0 (compatible; MJ12bot/v1.4.8; http://mj12bot.com/)" "www.ysfine.com"
40.77.167.71 - - [08/Nov/2022:01:02:43 -0800] "GET /world/baltic/kalin10.jpg HTTP/1.1" 200 70237 "-" "Mozilla/5.0 AppleWebKit/537.36 (KHTML, like Gecko; compatible; bingbot/2.0; +http://www.bing.com/bingbot.htm) Chrome/103.0.5060.134 Safari/537.36" "ysfine.com"
192.99.14.135 - - [08/Nov/2022:01:02:46 -0800] "GET /ysbio//wdc/waskor009.jpg HTTP/1.1" 200 89916 "-" "Mozilla/5.0 (compatible; MJ12bot/v1.4.8; http://mj12bot.com/)" "www.ysfine.com"
157.55.39.65 - - [08/Nov/2022:01:02:47 -0800] "GET /maga/phil/lao2.jpg HTTP/1.1" 200 29456 "-" "Mozilla/5.0 AppleWebKit/537.36 (KHTML, like Gecko; compatible; bingbot/2.0; +http://www.bing.com/bingbot.htm) Chrome/103.0.5060.134 Safari/537.36" "ysfine.com"
192.99.14.135 - - [08/Nov/2022:01:02:51 -0800] "GET /ysbio//wdc/waskor010.jpg HTTP/1.1" 200 80196 "-" "Mozilla/5.0 (compatible; MJ12bot/v1.4.8; http://mj12bot.com/)" "www.ysfine.com"
192.99.14.135 - - [08/Nov/2022:01:02:55 -0800] "GET /ysbio//wdc/waskor011.jpg HTTP/1.1" 200 91866 "-" "Mozilla/5.0 (compatible; MJ12bot/v1.4.8; http://mj12bot.com/)" "www.ysfine.com"
192.99.14.135 - - [08/Nov/2022:01:03:01 -0800] "GET /ysbio//wdc/waskor012.jpg HTTP/1.1" 200 68638 "-" "Mozilla/5.0 (compatible; MJ12bot/v1.4.8; http://mj12bot.com/)" "www.ysfine.com"
192.99.14.135 - - [08/Nov/2022:01:03:06 -0800] "GET /ysbio//wdc/waskor013.jpg HTTP/1.1" 200 81898 "-" "Mozilla/5.0 (compatible; MJ12bot/v1.4.8; http://mj12bot.com/)" "www.ysfine.com"
114.231.197.49 - - [08/Nov/2022:01:03:09 -0800] "GET /world/germany/leipzig11.jpg HTTP/1.1" 200 183081 "-" "Mozilla/5.0 (Windows; U; Windows NT 6.1; en-us) AppleWebKit/534.50 (KHTML, like Gecko) Version/5.1 Safari/534.50" "ysfine.com"
192.99.14.135 - - [08/Nov/2022:01:03:11 -0800] "GET /ysbio//wdc/waskor014.jpg HTTP/1.1" 200 67774 "-" "Mozilla/5.0 (compatible; MJ12bot/v1.4.8; http://mj12bot.com/)" "www.ysfine.com"
51.222.253.15 - - [08/Nov/2022:01:03:12 -0800] "GET /ysbio/wigner/neumann.html HTTP/1.1" 200 1332 "-" "Mozilla/5.0 (compatible; AhrefsBot/7.0; +http://ahrefs.com/robot/)" "ysfine.com"
64.124.8.54 - - [08/Nov/2022:01:03:12 -0800] "GET /confer/confmenu.html HTTP/1.1" 200 124 "-" "Mozilla/5.0 (X11; Linux x86_64) AppleWebKit/537.36 (KHTML, like Gecko) Chrome/61.0.3163.79 Safari/537.36" "ysfine.com"
192.99.14.135 - - [08/Nov/2022:01:03:16 -0800] "GET /ysbio//wdc/waskor015.jpg HTTP/1.1" 200 66453 "-" "Mozilla/5.0 (compatible; MJ12bot/v1.4.8; http://mj12bot.com/)" "www.ysfine.com"
51.222.253.2 - - [08/Nov/2022:01:03:20 -0800] "GET /ysbio/wigner/neum/pvn05b.jpg HTTP/1.1" 200 45464 "-" "Mozilla/5.0 (compatible; AhrefsBot/7.0; +http://ahrefs.com/robot/)" "ysfine.com"
192.99.14.135 - - [08/Nov/2022:01:03:22 -0800] "GET /ysbio//wdc/waskor016.jpg HTTP/1.1" 200 94687 "-" "Mozilla/5.0 (compatible; MJ12bot/v1.4.8; http://mj12bot.com/)" "www.ysfine.com"
173.73.77.36 - - [08/Nov/2022:01:03:26 -0800] "GET /favicon.ico HTTP/1.1" 404 88 "https://ysfine.com/ysbio/awards/iao.html" "Mozilla/5.0 (Windows NT 10.0; Win64; x64) AppleWebKit/537.36 (KHTML, like Gecko) Chrome/107.0.0.0 Safari/537.36" "ysfine.com"
192.99.14.135 - - [08/Nov/2022:01:03:31 -0800] "GET /ysbio//wdc/waskor021.jpg HTTP/1.1" 200 97358 "-" "Mozilla/5.0 (compatible; MJ12bot/v1.4.8; http://mj12bot.com/)" "www.ysfine.com"
192.99.14.135 - - [08/Nov/2022:01:03:40 -0800] "GET /ysbio//wdc/waskor022.jpg HTTP/1.1" 200 89150 "-" "Mozilla/5.0 (compatible; MJ12bot/v1.4.8; http://mj12bot.com/)" "www.ysfine.com"
192.99.14.135 - - [08/Nov/2022:01:03:45 -0800] "GET /ysbio//wdc/waskor024.jpg HTTP/1.1" 200 86746 "-" "Mozilla/5.0 (compatible; MJ12bot/v1.4.8; http://mj12bot.com/)" "www.ysfine.com"
173.73.77.36 - - [08/Nov/2022:01:03:46 -0800] "GET /favicon.ico HTTP/1.1" 404 88 "https://ysfine.com/ys11/" "Mozilla/5.0 (Windows NT 10.0; Win64; x64) AppleWebKit/537.36 (KHTML, like Gecko) Chrome/107.0.0.0 Safari/537.36 Edg/107.0.1418.35" "ysfine.com"
192.99.14.135 - - [08/Nov/2022:01:03:52 -0800] "GET /ysbio//wdc/waskor032.jpg HTTP/1.1" 200 77214 "-" "Mozilla/5.0 (compatible; MJ12bot/v1.4.8; http://mj12bot.com/)" "www.ysfine.com"
64.124.8.54 - - [08/Nov/2022:01:03:52 -0800] "GET /robots.txt HTTP/1.1" 404 88 "-" "Mozilla/5.0 (X11; Linux x86_64) AppleWebKit/537.36 (KHTML, like Gecko) Chrome/61.0.3163.79 Safari/537.36" "www.ysfine.com"
64.124.8.54 - - [08/Nov/2022:01:03:53 -0800] "GET /robots.txt HTTP/1.1" 404 88 "-" "Mozilla/5.0 (X11; Linux x86_64) AppleWebKit/537.36 (KHTML, like Gecko) Chrome/61.0.3163.79 Safari/537.36" "www.ysfine.com"
64.124.8.54 - - [08/Nov/2022:01:03:53 -0800] "GET /jobs/jobmenu.html HTTP/1.1" 404 88 "-" "Mozilla/5.0 (X11; Linux x86_64) AppleWebKit/537.36 (KHTML, like Gecko) Chrome/61.0.3163.79 Safari/537.36" "www.ysfine.com"
192.99.14.135 - - [08/Nov/2022:01:03:59 -0800] "GET /ysbio//wdc/waskor033.jpg HTTP/1.1" 200 137832 "-" "Mozilla/5.0 (compatible; MJ12bot/v1.4.8; http://mj12bot.com/)" "www.ysfine.com"
173.73.77.36 - - [08/Nov/2022:01:04:02 -0800] "GET /ysbio/marq.html HTTP/1.1" 404 88 "https://ysfine.com/ysbio/bio10.html" "Mozilla/5.0 (Windows NT 10.0; Win64; x64) AppleWebKit/537.36 (KHTML, like Gecko) Chrome/107.0.0.0 Safari/537.36 Edg/107.0.1418.35" "ysfine.com"
192.99.14.135 - - [08/Nov/2022:01:04:03 -0800] "GET /ysbio//wdc/waskor035.jpg HTTP/1.1" 200 156431 "-" "Mozilla/5.0 (compatible; MJ12bot/v1.4.8; http://mj12bot.com/)" "www.ysfine.com"
192.99.14.135 - - [08/Nov/2022:01:04:09 -0800] "GET /ysbio//wdc/whbrief12.pdf HTTP/1.1" 200 156622 "-" "Mozilla/5.0 (compatible; MJ12bot/v1.4.8; http://mj12bot.com/)" "www.ysfine.com"
192.99.14.135 - - [08/Nov/2022:01:04:12 -0800] "GET /ysbio//wdc/whouse02.jpg HTTP/1.1" 200 65447 "-" "Mozilla/5.0 (compatible; MJ12bot/v1.4.8; http://mj12bot.com/)" "www.ysfine.com"
192.99.14.135 - - [08/Nov/2022:01:04:17 -0800] "GET /ysbio//wdc/whouse11.jpg HTTP/1.1" 200 110059 "-" "Mozilla/5.0 (compatible; MJ12bot/v1.4.8; http://mj12bot.com/)" "www.ysfine.com"
157.55.39.76 - - [08/Nov/2022:01:04:23 -0800] "GET /sbk/2004bb.jpg HTTP/1.1" 200 96519 "-" "Mozilla/5.0 AppleWebKit/537.36 (KHTML, like Gecko; compatible; bingbot/2.0; +http://www.bing.com/bingbot.htm) Chrome/103.0.5060.134 Safari/537.36" "ysfine.com"
192.99.14.135 - - [08/Nov/2022:01:04:24 -0800] "GET /ysbio//wdc/whouse12.jpg HTTP/1.1" 200 82691 "-" "Mozilla/5.0 (compatible; MJ12bot/v1.4.8; http://mj12bot.com/)" "www.ysfine.com"
192.99.14.135 - - [08/Nov/2022:01:04:30 -0800] "GET /ysbio//wdc/whouse14.jpg HTTP/1.1" 200 133270 "-" "Mozilla/5.0 (compatible; MJ12bot/v1.4.8; http://mj12bot.com/)" "www.ysfine.com"
192.99.14.135 - - [08/Nov/2022:01:04:38 -0800] "GET /ysbio//wdc/worldbank03.jpg HTTP/1.1" 200 157953 "-" "Mozilla/5.0 (compatible; MJ12bot/v1.4.8; http://mj12bot.com/)" "www.ysfine.com"
40.77.167.27 - - [08/Nov/2022:01:04:40 -0800] "GET /world/brit/picca33b.jpg HTTP/1.1" 200 45842 "-" "Mozilla/5.0 AppleWebKit/537.36 (KHTML, like Gecko; compatible; bingbot/2.0; +http://www.bing.com/bingbot.htm) Chrome/103.0.5060.134 Safari/537.36" "ysfine.com"
40.77.167.27 - - [08/Nov/2022:01:04:40 -0800] "GET /eink/buythidbook.html HTTP/1.1" 404 88 "-" "Mozilla/5.0 (compatible; bingbot/2.0; +http://www.bing.com/bingbot.htm)" "www.ysfine.com"
118.251.10.117 - - [08/Nov/2022:01:04:42 -0800] "GET /philo/marxmos02.jpg HTTP/1.1" 200 74082 "-" "Mozilla/5.0 (Macintosh; Intel Mac OS X 10_7_0) AppleWebKit/535.11 (KHTML, like Gecko) Chrome/17.0.963.56 Safari/535.11" "ysfine.com"
192.99.14.135 - - [08/Nov/2022:01:04:46 -0800] "GET /ysbio//wdc/yswash10.jpg HTTP/1.1" 200 85658 "-" "Mozilla/5.0 (compatible; MJ12bot/v1.4.8; http://mj12bot.com/)" "www.ysfine.com"
192.99.14.135 - - [08/Nov/2022:01:04:53 -0800] "GET /ysbio//wigner/maxwig.html HTTP/1.1" 200 8080 "-" "Mozilla/5.0 (compatible; MJ12bot/v1.4.8; http://mj12bot.com/)" "www.ysfine.com"
192.99.14.135 - - [08/Nov/2022:01:04:59 -0800] "GET /ysbio//wigner/neupol.html HTTP/1.1" 200 1742 "-" "Mozilla/5.0 (compatible; MJ12bot/v1.4.8; http://mj12bot.com/)" "www.ysfine.com"
192.99.14.135 - - [08/Nov/2022:01:05:03 -0800] "GET /ysbio//wigner/wig39e.pdf HTTP/1.1" 200 195479 "-" "Mozilla/5.0 (compatible; MJ12bot/v1.4.8; http://mj12bot.com/)" "www.ysfine.com"
173.73.77.36 - - [08/Nov/2022:01:05:06 -0800] "GET /ysbio/audio22.wav HTTP/1.1" 304 - "https://ysfine.com/ysbio/bio10.html" "Mozilla/5.0 (Windows NT 10.0; Win64; x64) AppleWebKit/537.36 (KHTML, like Gecko) Chrome/107.0.0.0 Safari/537.36" "ysfine.com"
173.73.77.36 - - [08/Nov/2022:01:05:06 -0800] "GET /favicon.ico HTTP/1.1" 404 88 "https://ysfine.com/ysbio/audio22.wav" "Mozilla/5.0 (Windows NT 10.0; Win64; x64) AppleWebKit/537.36 (KHTML, like Gecko) Chrome/107.0.0.0 Safari/537.36" "ysfine.com"
192.99.14.135 - - [08/Nov/2022:01:05:08 -0800] "GET /ysbio//wigner/wigheisen.html HTTP/1.1" 200 3346 "-" "Mozilla/5.0 (compatible; MJ12bot/v1.4.8; http://mj12bot.com/)" "www.ysfine.com"
58.210.142.122 - - [08/Nov/2022:01:05:12 -0800] "GET /princeton/shapiro11.jpg HTTP/1.1" 200 53951 "https://cn.bing.com/" "Mozilla/5.0 (Windows NT 10.0; WOW64) AppleWebKit/537.36 (KHTML, like Gecko) Chrome/69.0.3947.100 Safari/537.36" "www.ysfine.com"
192.99.14.135 - - [08/Nov/2022:01:05:14 -0800] "GET /ysbio//wigner/wigner39.jpg HTTP/1.1" 404 88 "-" "Mozilla/5.0 (compatible; MJ12bot/v1.4.8; http://mj12bot.com/)" "www.ysfine.com"
