20.29.110.170 - - [07/Nov/2022:20:00:03 -0800] "GET /world/baltic/kalinmap99b.jpg HTTP/1.1" 200 50124 "http://www.ysfine.com/world/baltic" "Mozilla/5.0 (Windows NT 10.0; Win64; x64) AppleWebKit/537.36 (KHTML, like Gecko) Chrome/74.0.3729.157 Safari/537.36" "www.ysfine.com"
77.75.79.119 - - [07/Nov/2022:20:00:07 -0800] "GET /newyork/index.html HTTP/1.1" 200 132 "-" "Mozilla/5.0 (compatible; SeznamBot/4.0-RC1; +http://napoveda.seznam.cz/seznambot-intro/)" "ysfine.com"
40.77.167.68 - - [07/Nov/2022:20:00:08 -0800] "GET /world/baltic/riga58.jpg HTTP/1.1" 200 68424 "-" "Mozilla/5.0 (compatible; bingbot/2.0; +http://www.bing.com/bingbot.htm)" "ysfine.com"
216.244.66.229 - - [07/Nov/2022:20:00:12 -0800] "GET /yspapers/symmetry19.pdf HTTP/1.1" 200 175984 "-" "Mozilla/5.0 (compatible; DotBot/1.2; +https://opensiteexplorer.org/dotbot; help@moz.com)" "ysfine.com"
157.55.39.17 - - [07/Nov/2022:20:00:13 -0800] "GET /bio/awards/iao.html HTTP/1.1" 404 88 "-" "Mozilla/5.0 (compatible; bingbot/2.0; +http://www.bing.com/bingbot.htm)" "ysfine.com"
40.77.167.71 - - [07/Nov/2022:20:00:17 -0800] "GET /people/carnation61b.jpg HTTP/1.1" 200 48369 "-" "Mozilla/5.0 (compatible; bingbot/2.0; +http://www.bing.com/bingbot.htm)" "ysfine.com"
40.77.167.27 - - [07/Nov/2022:20:00:23 -0800] "GET /people/logunov11.jpg HTTP/1.1" 200 76493 "-" "Mozilla/5.0 AppleWebKit/537.36 (KHTML, like Gecko; compatible; bingbot/2.0; +http://www.bing.com/bingbot.htm) Chrome/103.0.5060.134 Safari/537.36" "ysfine.com"
157.55.39.65 - - [07/Nov/2022:20:00:37 -0800] "GET /world/ital/venice35b.jpg HTTP/1.1" 200 33241 "-" "Mozilla/5.0 (compatible; bingbot/2.0; +http://www.bing.com/bingbot.htm)" "ysfine.com"
157.55.39.76 - - [07/Nov/2022:20:00:52 -0800] "GET /world/germany/trier27.jpg HTTP/1.1" 200 159618 "-" "Mozilla/5.0 (compatible; bingbot/2.0; +http://www.bing.com/bingbot.htm)" "www.ysfine.com"
40.77.167.71 - - [07/Nov/2022:20:01:05 -0800] "GET /bio/einstein/further.html HTTP/1.1" 404 88 "-" "Mozilla/5.0 AppleWebKit/537.36 (KHTML, like Gecko; compatible; bingbot/2.0; +http://www.bing.com/bingbot.htm) Chrome/103.0.5060.134 Safari/537.36" "ysfine.com"
77.75.78.164 - - [07/Nov/2022:20:01:15 -0800] "GET /robots.txt HTTP/1.1" 404 88 "-" "Mozilla/5.0 (compatible; SeznamBot/3.2; +http://napoveda.seznam.cz/en/seznambot-intro/)" "ysfine.com"
77.75.78.164 - - [07/Nov/2022:20:01:16 -0800] "GET /world/russ/moschurch33.jpg HTTP/1.1" 200 106360 "-" "Mozilla/5.0 (compatible; SeznamBot/3.2; +http://napoveda.seznam.cz/en/seznambot-intro/)" "ysfine.com"
77.75.78.164 - - [07/Nov/2022:20:01:20 -0800] "GET /world/russ/basil21.jpg HTTP/1.1" 200 112311 "-" "Mozilla/5.0 (compatible; SeznamBot/3.2; +http://napoveda.seznam.cz/en/seznambot-intro/)" "ysfine.com"
77.75.78.164 - - [07/Nov/2022:20:01:23 -0800] "GET /wigner/gim/gimn61.jpg HTTP/1.1" 304 - "-" "Mozilla/5.0 (compatible; SeznamBot/3.2; +http://napoveda.seznam.cz/en/seznambot-intro/)" "ysfine.com"
77.75.78.164 - - [07/Nov/2022:20:01:23 -0800] "GET /newyork/metny88.jpg HTTP/1.1" 304 - "-" "Mozilla/5.0 (compatible; SeznamBot/3.2; +http://napoveda.seznam.cz/en/seznambot-intro/)" "ysfine.com"
77.75.78.164 - - [07/Nov/2022:20:01:24 -0800] "GET /people/bender.jpg HTTP/1.1" 304 - "-" "Mozilla/5.0 (compatible; SeznamBot/3.2; +http://napoveda.seznam.cz/en/seznambot-intro/)" "ysfine.com"
216.244.66.229 - - [07/Nov/2022:20:01:27 -0800] "GET /home/taylor33.jpg HTTP/1.1" 200 206804 "-" "Mozilla/5.0 (compatible; DotBot/1.2; +https://opensiteexplorer.org/dotbot; help@moz.com)" "ysfine.com"
157.55.39.76 - - [07/Nov/2022:20:01:56 -0800] "GET /bio/kobak/yskor.html HTTP/1.1" 404 88 "-" "Mozilla/5.0 (compatible; bingbot/2.0; +http://www.bing.com/bingbot.htm)" "ysfine.com"
40.77.167.68 - - [07/Nov/2022:20:01:57 -0800] "GET /wigner/neum/abacus2.jpg HTTP/1.1" 200 49662 "-" "Mozilla/5.0 (compatible; bingbot/2.0; +http://www.bing.com/bingbot.htm)" "www.ysfine.com"
157.55.39.65 - - [07/Nov/2022:20:02:01 -0800] "GET /world/ital/verona03b.jpg HTTP/1.1" 200 41821 "-" "Mozilla/5.0 AppleWebKit/537.36 (KHTML, like Gecko; compatible; bingbot/2.0; +http://www.bing.com/bingbot.htm) Chrome/103.0.5060.134 Safari/537.36" "ysfine.com"
51.222.253.5 - - [07/Nov/2022:20:02:04 -0800] "GET /feynman/index.html HTTP/1.1" 200 124 "-" "Mozilla/5.0 (compatible; AhrefsBot/7.0; +http://ahrefs.com/robot/)" "www.ysfine.com"
216.244.66.229 - - [07/Nov/2022:20:02:14 -0800] "GET /maga/phil/sisfa12/keigel.pptx HTTP/1.1" 200 5596750 "-" "Mozilla/5.0 (compatible; DotBot/1.2; +https://opensiteexplorer.org/dotbot; help@moz.com)" "ysfine.com"
216.244.66.229 - - [07/Nov/2022:20:03:04 -0800] "GET /yspapers/symmetry11.pdf HTTP/1.1" 200 256489 "-" "Mozilla/5.0 (compatible; DotBot/1.2; +https://opensiteexplorer.org/dotbot; help@moz.com)" "ysfine.com"
40.77.167.27 - - [07/Nov/2022:20:03:42 -0800] "GET /world/russ/kiev011.jpg HTTP/1.1" 200 103918 "-" "Mozilla/5.0 (compatible; bingbot/2.0; +http://www.bing.com/bingbot.htm)" "ysfine.com"
40.77.167.27 - - [07/Nov/2022:20:03:42 -0800] "GET /kobak/kimkoo01b.jpg HTTP/1.1" 200 35261 "-" "Mozilla/5.0 AppleWebKit/537.36 (KHTML, like Gecko; compatible; bingbot/2.0; +http://www.bing.com/bingbot.htm) Chrome/103.0.5060.134 Safari/537.36" "ysfine.com"
157.55.39.76 - - [07/Nov/2022:20:03:44 -0800] "GET /world/china/shanghai005.jpg HTTP/1.1" 200 70169 "-" "Mozilla/5.0 (compatible; bingbot/2.0; +http://www.bing.com/bingbot.htm)" "www.ysfine.com"
157.55.39.65 - - [07/Nov/2022:20:03:48 -0800] "GET /saram/d014.jpg HTTP/1.1" 200 80276 "-" "Mozilla/5.0 (compatible; bingbot/2.0; +http://www.bing.com/bingbot.htm)" "www.ysfine.com"
24.225.162.166 - - [07/Nov/2022:20:04:01 -0800] "GET /kobak/1014c.jpg HTTP/1.1" 200 164928 "https://www.google.com/" "Mozilla/5.0 (X11; CrOS x86_64 15117.86.0) AppleWebKit/537.36 (KHTML, like Gecko) Chrome/107.0.0.0 Safari/537.36" "ysfine.com"
157.55.39.65 - - [07/Nov/2022:20:04:17 -0800] "GET /world/france/pariso05.jpg HTTP/1.1" 200 133201 "-" "Mozilla/5.0 AppleWebKit/537.36 (KHTML, like Gecko; compatible; bingbot/2.0; +http://www.bing.com/bingbot.htm) Chrome/103.0.5060.134 Safari/537.36" "www.ysfine.com"
20.109.241.80 - - [07/Nov/2022:20:04:21 -0800] "GET /kobak/kimjap22b.jpg HTTP/1.1" 200 48280 "https://ysfine.com/kobak" "Mozilla/5.0 (Macintosh; Intel Mac OS X 10_11_6) AppleWebKit/605.1.15 (KHTML, like Gecko) Version/11.1.2 Safari/605.1.15" "ysfine.com"
17.121.112.21 - - [07/Nov/2022:20:04:30 -0800] "GET /wigner/maxwig.html HTTP/1.1" 200 8080 "-" "Mozilla/5.0 (Macintosh; Intel Mac OS X 10_15_5) AppleWebKit/605.1.15 (KHTML, like Gecko) Version/13.1.1 Safari/605.1.15 (Applebot/0.1; +http://www.apple.com/go/applebot)" "ysfine.com"
157.55.39.17 - - [07/Nov/2022:20:04:53 -0800] "GET /world/israel/jeru45.jpg HTTP/1.1" 200 278904 "-" "Mozilla/5.0 (compatible; bingbot/2.0; +http://www.bing.com/bingbot.htm)" "ysfine.com"
157.55.39.17 - - [07/Nov/2022:20:05:14 -0800] "GET /feynman/feyjad33.jpg HTTP/1.1" 200 62305 "-" "Mozilla/5.0 AppleWebKit/537.36 (KHTML, like Gecko; compatible; bingbot/2.0; +http://www.bing.com/bingbot.htm) Chrome/103.0.5060.134 Safari/537.36" "ysfine.com"
157.55.39.65 - - [07/Nov/2022:20:05:46 -0800] "GET /world/russ/basil21b.jpg HTTP/1.1" 200 44478 "-" "Mozilla/5.0 AppleWebKit/537.36 (KHTML, like Gecko; compatible; bingbot/2.0; +http://www.bing.com/bingbot.htm) Chrome/103.0.5060.134 Safari/537.36" "ysfine.com"
51.222.253.10 - - [07/Nov/2022:20:06:06 -0800] "GET /style/chopingr.html HTTP/1.1" 200 364 "-" "Mozilla/5.0 (compatible; AhrefsBot/7.0; +http://ahrefs.com/robot/)" "ysfine.com"
20.109.241.80 - - [07/Nov/2022:20:06:29 -0800] "GET /style/music/salzm05b.jpg HTTP/1.1" 200 52328 "https://ysfine.com/style/music" "Mozilla/5.0 (Windows NT 10.0; Win64; x64) AppleWebKit/537.36 (KHTML, like Gecko) Chrome/74.0.3729.157 Safari/537.36" "ysfine.com"
157.55.39.17 - - [07/Nov/2022:20:06:33 -0800] "GET /world/scandi/copen017.jpg HTTP/1.1" 200 84600 "-" "Mozilla/5.0 (compatible; bingbot/2.0; +http://www.bing.com/bingbot.htm)" "ysfine.com"
20.29.111.244 - - [07/Nov/2022:20:06:53 -0800] "GET /world/balkan/istan016b.jpg HTTP/1.1" 200 36524 "https://ysfine.com/world/balkan" "Mozilla/5.0 (iPhone; CPU iPhone OS 13_5_1 like Mac OS X) AppleWebKit/605.1.15 (KHTML, like Gecko) Version/13.1.1 Mobile/15E148 Safari/604.1" "ysfine.com"
13.67.224.13 - - [07/Nov/2022:20:07:32 -0800] "GET /world/germany/leipzig66b.jpg HTTP/1.1" 200 62131 "http://ysfine.com/world/germany" "Mozilla/5.0 (Windows NT 10.0; Win64; x64) AppleWebKit/537.36 (KHTML, like Gecko) Chrome/74.0.3729.157 Safari/537.36" "ysfine.com"
40.77.167.71 - - [07/Nov/2022:20:07:35 -0800] "GET /maga/invent/marconi03b.jpg HTTP/1.1" 200 47650 "-" "Mozilla/5.0 AppleWebKit/537.36 (KHTML, like Gecko; compatible; bingbot/2.0; +http://www.bing.com/bingbot.htm) Chrome/103.0.5060.134 Safari/537.36" "ysfine.com"
40.77.167.68 - - [07/Nov/2022:20:07:39 -0800] "GET /dirac/sq73c.jpg HTTP/1.1" 200 35501 "-" "Mozilla/5.0 AppleWebKit/537.36 (KHTML, like Gecko; compatible; bingbot/2.0; +http://www.bing.com/bingbot.htm) Chrome/103.0.5060.134 Safari/537.36" "www.ysfine.com"
40.77.167.68 - - [07/Nov/2022:20:07:49 -0800] "GET /maga/phys/huy33.jpg HTTP/1.1" 200 110584 "-" "Mozilla/5.0 AppleWebKit/537.36 (KHTML, like Gecko; compatible; bingbot/2.0; +http://www.bing.com/bingbot.htm) Chrome/103.0.5060.134 Safari/537.36" "ysfine.com"
40.86.101.252 - - [07/Nov/2022:20:07:53 -0800] "GET /people/jweber.jpg HTTP/1.1" 200 63485 "http://ysfine.com/people" "Mozilla/5.0 (X11; Linux x86_64) AppleWebKit/537.36 (KHTML, like Gecko) Chrome/74.0.3729.169 Safari/537.36" "ysfine.com"
216.244.66.229 - - [07/Nov/2022:20:08:43 -0800] "GET /feynman/feyn86b.jpg HTTP/1.1" 200 26190 "-" "Mozilla/5.0 (compatible; DotBot/1.2; +https://opensiteexplorer.org/dotbot; help@moz.com)" "ysfine.com"
157.55.39.76 - - [07/Nov/2022:20:09:33 -0800] "GET /world/poland/polstu25.jpg HTTP/1.1" 200 113851 "-" "Mozilla/5.0 AppleWebKit/537.36 (KHTML, like Gecko; compatible; bingbot/2.0; +http://www.bing.com/bingbot.htm) Chrome/103.0.5060.134 Safari/537.36" "ysfine.com"
157.55.39.76 - - [07/Nov/2022:20:09:43 -0800] "GET /world/ital/sapienza06.jpg HTTP/1.1" 200 89570 "-" "Mozilla/5.0 (compatible; bingbot/2.0; +http://www.bing.com/bingbot.htm)" "ysfine.com"
40.77.51.85 - - [07/Nov/2022:20:09:52 -0800] "GET /world/russ/minskf14b.jpg HTTP/1.1" 200 34560 "https://ysfine.com/world/russ" "Mozilla/5.0 (Macintosh; Intel Mac OS X 10_11_6) AppleWebKit/605.1.15 (KHTML, like Gecko) Version/11.1.2 Safari/605.1.15" "ysfine.com"
40.77.167.27 - - [07/Nov/2022:20:10:11 -0800] "GET /wigner/michwight.jpg HTTP/1.1" 200 73424 "-" "Mozilla/5.0 AppleWebKit/537.36 (KHTML, like Gecko; compatible; bingbot/2.0; +http://www.bing.com/bingbot.htm) Chrome/103.0.5060.134 Safari/537.36" "ysfine.com"
51.222.253.1 - - [07/Nov/2022:20:10:29 -0800] "GET /class54/class5470/total_data/sub_101.htm HTTP/1.1" 200 3251 "-" "Mozilla/5.0 (compatible; AhrefsBot/7.0; +http://ahrefs.com/robot/)" "ysfine.com"
40.77.167.27 - - [07/Nov/2022:20:10:31 -0800] "GET /world/brit/covent09.jpg HTTP/1.1" 200 160425 "-" "Mozilla/5.0 AppleWebKit/537.36 (KHTML, like Gecko; compatible; bingbot/2.0; +http://www.bing.com/bingbot.htm) Chrome/103.0.5060.134 Safari/537.36" "ysfine.com"
35.89.155.123 - - [07/Nov/2022:20:10:39 -0800] "GET / HTTP/1.1" 200 5283 "-" "Mozilla/5.0 (X11; Linux x86_64) AppleWebKit/537.36 (KHTML, like Gecko) Chrome/83.0.4103.97 Safari/537.36" "ysfine.com"
54.189.22.105 - - [07/Nov/2022:20:10:41 -0800] "GET / HTTP/1.1" 200 5283 "-" "Mozilla/5.0 (X11; Linux x86_64) AppleWebKit/537.36 (KHTML, like Gecko) Chrome/83.0.4103.97 Safari/537.36" "ysfine.com"
172.89.40.89 - - [07/Nov/2022:20:10:42 -0800] "GET /wdc/vernon02.jpg HTTP/1.1" 200 105759 "https://www.google.com/" "Mozilla/5.0 (iPhone; CPU iPhone OS 16_0 like Mac OS X) AppleWebKit/605.1.15 (KHTML, like Gecko) GSA/236.0.484392333 Mobile/20A362 Safari/604.1" "ysfine.com"
157.55.39.65 - - [07/Nov/2022:20:10:58 -0800] "GET /bio/wigner/e(2).html HTTP/1.1" 404 88 "-" "Mozilla/5.0 (compatible; bingbot/2.0; +http://www.bing.com/bingbot.htm)" "ysfine.com"
34.222.242.211 - - [07/Nov/2022:20:10:59 -0800] "GET /favicon.ico HTTP/1.1" 404 88 "-" "Mozilla/5.0 (X11; Linux x86_64) AppleWebKit/537.36 (KHTML, like Gecko) Chrome/83.0.4103.97 Safari/537.36" "ysfine.com"
34.222.242.211 - - [07/Nov/2022:20:11:04 -0800] "GET / HTTP/1.1" 200 5283 "-" "Mozilla/5.0 (X11; Linux x86_64) AppleWebKit/537.36 (KHTML, like Gecko) Chrome/83.0.4103.97 Safari/537.36" "ysfine.com"
40.77.167.71 - - [07/Nov/2022:20:11:26 -0800] "GET /sbk/2007manches.jpg HTTP/1.1" 200 95889 "-" "Mozilla/5.0 AppleWebKit/537.36 (KHTML, like Gecko; compatible; bingbot/2.0; +http://www.bing.com/bingbot.htm) Chrome/103.0.5060.134 Safari/537.36" "ysfine.com"
40.77.167.68 - - [07/Nov/2022:20:12:00 -0800] "GET /world/france/metz33.jpg HTTP/1.1" 200 81739 "-" "Mozilla/5.0 (compatible; bingbot/2.0; +http://www.bing.com/bingbot.htm)" "ysfine.com"
40.77.167.68 - - [07/Nov/2022:20:12:00 -0800] "GET /world/balkan/turkmodo02b.jpg HTTP/1.1" 200 42906 "-" "Mozilla/5.0 (compatible; bingbot/2.0; +http://www.bing.com/bingbot.htm)" "ysfine.com"
40.77.167.68 - - [07/Nov/2022:20:12:09 -0800] "GET /world/france/pariso11.jpg HTTP/1.1" 200 71520 "-" "Mozilla/5.0 AppleWebKit/537.36 (KHTML, like Gecko; compatible; bingbot/2.0; +http://www.bing.com/bingbot.htm) Chrome/103.0.5060.134 Safari/537.36" "www.ysfine.com"
40.77.167.68 - - [07/Nov/2022:20:12:29 -0800] "GET /style/akiko55.jpg HTTP/1.1" 200 48868 "-" "Mozilla/5.0 (compatible; bingbot/2.0; +http://www.bing.com/bingbot.htm)" "ysfine.com"
54.200.48.122 - - [07/Nov/2022:20:12:47 -0800] "GET /favicon.ico HTTP/1.1" 404 88 "http://ysfine.com/favicon.ico" "Mozilla/5.0 (X11; Linux x86_64) AppleWebKit/537.36 (KHTML, like Gecko) Chrome/83.0.4103.97 Safari/537.36" "ysfine.com"
54.200.48.122 - - [07/Nov/2022:20:12:48 -0800] "GET / HTTP/1.1" 200 5283 "http://ysfine.com" "Mozilla/5.0 (X11; Linux x86_64) AppleWebKit/537.36 (KHTML, like Gecko) Chrome/83.0.4103.97 Safari/537.36" "ysfine.com"
40.77.167.71 - - [07/Nov/2022:20:13:05 -0800] "GET /kowar/tanks/tank22.jpg HTTP/1.1" 200 85692 "-" "Mozilla/5.0 (compatible; bingbot/2.0; +http://www.bing.com/bingbot.htm)" "ysfine.com"
40.77.167.27 - - [07/Nov/2022:20:13:21 -0800] "GET /people/jgriffin.jpg HTTP/1.1" 200 110098 "-" "Mozilla/5.0 (compatible; bingbot/2.0; +http://www.bing.com/bingbot.htm)" "ysfine.com"
17.121.115.146 - - [07/Nov/2022:20:13:25 -0800] "GET /wigner/wignobel.html HTTP/1.1" 200 4026 "-" "Mozilla/5.0 (Macintosh; Intel Mac OS X 10_15_5) AppleWebKit/605.1.15 (KHTML, like Gecko) Version/13.1.1 Safari/605.1.15 (Applebot/0.1; +http://www.apple.com/go/applebot)" "www.ysfine.com"
40.77.167.68 - - [07/Nov/2022:20:13:29 -0800] "GET /sbk/2007waw11.jpg HTTP/1.1" 200 339473 "-" "Mozilla/5.0 (compatible; bingbot/2.0; +http://www.bing.com/bingbot.htm)" "www.ysfine.com"
35.88.131.70 - - [07/Nov/2022:20:13:50 -0800] "GET /einstein/standingw.html HTTP/1.1" 200 6893 "-" "Mozilla/5.0 (iPhone; CPU iPhone OS 16_0 like Mac OS X) AppleWebKit/605.1.15 (KHTML, like Gecko) CriOS/105.0.5195.129 Mobile/15E148 Safari/604.1" "ysfine.com"
157.55.39.76 - - [07/Nov/2022:20:14:04 -0800] "GET /feynman/page66.jpg HTTP/1.1" 200 82655 "-" "Mozilla/5.0 (compatible; bingbot/2.0; +http://www.bing.com/bingbot.htm)" "ysfine.com"
157.55.39.65 - - [07/Nov/2022:20:14:09 -0800] "GET /bio/style/ystyle.html HTTP/1.1" 404 88 "-" "Mozilla/5.0 AppleWebKit/537.36 (KHTML, like Gecko; compatible; bingbot/2.0; +http://www.bing.com/bingbot.htm) Chrome/103.0.5060.134 Safari/537.36" "ysfine.com"
128.237.82.21 - - [07/Nov/2022:20:14:09 -0800] "GET /princeton/alexan22.jpg HTTP/1.1" 200 175436 "https://www.google.com/" "Mozilla/5.0 (Macintosh; Intel Mac OS X 10_15_7) AppleWebKit/605.1.15 (KHTML, like Gecko) Version/15.4 Safari/605.1.15" "ysfine.com"
17.121.113.145 - - [07/Nov/2022:20:14:25 -0800] "GET /einstein/newton22b.jpg HTTP/1.1" 200 60510 "-" "Mozilla/5.0 (Macintosh; Intel Mac OS X 10_15_5) AppleWebKit/605.1.15 (KHTML, like Gecko) Version/13.1.1 Safari/605.1.15 (Applebot/0.1; +http://www.apple.com/go/applebot)" "www.ysfine.com"
40.77.167.71 - - [07/Nov/2022:20:14:26 -0800] "GET /feynman/ppic/temp33b.jpg HTTP/1.1" 200 15237 "-" "Mozilla/5.0 (compatible; bingbot/2.0; +http://www.bing.com/bingbot.htm)" "www.ysfine.com"
40.86.101.254 - - [07/Nov/2022:20:14:42 -0800] "GET /einstein/ulm77b.jpg HTTP/1.1" 404 88 "http://www.ysfine.com/einstein" "Mozilla/5.0 (X11; Linux x86_64) AppleWebKit/537.36 (KHTML, like Gecko) Chrome/74.0.3729.169 Safari/537.36" "www.ysfine.com"
51.222.253.8 - - [07/Nov/2022:20:15:39 -0800] "GET /class54/class5470/total_data/sub_501.htm HTTP/1.1" 200 3207 "-" "Mozilla/5.0 (compatible; AhrefsBot/7.0; +http://ahrefs.com/robot/)" "ysfine.com"
20.106.27.173 - - [07/Nov/2022:20:15:48 -0800] "GET /world/brit/tower05.jpg HTTP/1.1" 404 88 "https://ysfine.com/world/brit" "Mozilla/5.0 (Linux; Android 10; SM-G960U) AppleWebKit/537.36 (KHTML, like Gecko) Chrome/88.0.4324.181 Mobile Safari/537.36" "ysfine.com"
40.86.101.165 - - [07/Nov/2022:20:15:49 -0800] "GET /wdpics/lithuf08b.jpg HTTP/1.1" 200 44210 "http://ysfine.com/wdpics" "Mozilla/5.0 (Windows NT 10.0; Win64; x64) AppleWebKit/537.36 (KHTML, like Gecko) Chrome/74.0.3729.157 Safari/537.36" "ysfine.com"
157.55.39.17 - - [07/Nov/2022:20:16:34 -0800] "GET /kobak/korjap03.jpg HTTP/1.1" 200 86667 "-" "Mozilla/5.0 (compatible; bingbot/2.0; +http://www.bing.com/bingbot.htm)" "ysfine.com"
40.122.230.190 - - [07/Nov/2022:20:16:36 -0800] "GET /world/germany/benz10b.jpg HTTP/1.1" 200 44587 "http://ysfine.com/world/germany" "Mozilla/5.0 (Linux; Android 10; SM-G960U) AppleWebKit/537.36 (KHTML, like Gecko) Chrome/88.0.4324.181 Mobile Safari/537.36" "ysfine.com"
157.55.39.76 - - [07/Nov/2022:20:16:38 -0800] "GET /world/germany/hegel08.jpg HTTP/1.1" 200 86429 "-" "Mozilla/5.0 (compatible; bingbot/2.0; +http://www.bing.com/bingbot.htm)" "ysfine.com"
49.7.21.115 - - [07/Nov/2022:20:16:59 -0800] "GET / HTTP/1.1" 200 5283 "-" "Sogou web spider/4.0(+http://www.sogou.com/docs/help/webmasters.htm#07)" "www.ysfine.com"
40.77.167.27 - - [07/Nov/2022:20:17:01 -0800] "GET /kobak/turktroops11b.jpg HTTP/1.1" 200 37518 "-" "Mozilla/5.0 AppleWebKit/537.36 (KHTML, like Gecko; compatible; bingbot/2.0; +http://www.bing.com/bingbot.htm) Chrome/103.0.5060.134 Safari/537.36" "ysfine.com"
40.77.167.27 - - [07/Nov/2022:20:17:03 -0800] "GET /feynman/feydirak11b.jpg HTTP/1.1" 200 38821 "-" "Mozilla/5.0 (compatible; bingbot/2.0; +http://www.bing.com/bingbot.htm)" "ysfine.com"
129.227.30.253 - - [07/Nov/2022:20:17:04 -0800] "GET /style/lincolnc.jpg HTTP/1.1" 200 85474 "-" "Mozilla/5.0 (X11; Ubuntu; Linux x86_64; rv:72.0) Gecko/20100101 Firefox/72.0" "ysfine.com"
157.55.39.76 - - [07/Nov/2022:20:17:05 -0800] "GET /dirac/overlap2.jpg HTTP/1.1" 200 34092 "-" "Mozilla/5.0 AppleWebKit/537.36 (KHTML, like Gecko; compatible; bingbot/2.0; +http://www.bing.com/bingbot.htm) Chrome/103.0.5060.134 Safari/537.36" "ysfine.com"
157.55.39.76 - - [07/Nov/2022:20:18:44 -0800] "GET /dirac/nicodem11b.jpg HTTP/1.1" 200 79065 "-" "Mozilla/5.0 AppleWebKit/537.36 (KHTML, like Gecko; compatible; bingbot/2.0; +http://www.bing.com/bingbot.htm) Chrome/103.0.5060.134 Safari/537.36" "www.ysfine.com"
20.106.24.246 - - [07/Nov/2022:20:19:46 -0800] "GET /houses/christmas/chrism14.jpg HTTP/1.1" 200 46816 "https://ysfine.com/houses/christmas" "Mozilla/5.0 (Macintosh; Intel Mac OS X 10_11_6) AppleWebKit/605.1.15 (KHTML, like Gecko) Version/11.1.2 Safari/605.1.15" "ysfine.com"
40.77.167.27 - - [07/Nov/2022:20:20:21 -0800] "GET /maga/invent/marconi03.jpg HTTP/1.1" 200 152837 "-" "Mozilla/5.0 (compatible; bingbot/2.0; +http://www.bing.com/bingbot.htm)" "ysfine.com"
40.77.167.68 - - [07/Nov/2022:20:20:30 -0800] "GET /ffriends/argenwash01c.jpg HTTP/1.1" 200 36813 "-" "Mozilla/5.0 AppleWebKit/537.36 (KHTML, like Gecko; compatible; bingbot/2.0; +http://www.bing.com/bingbot.htm) Chrome/103.0.5060.134 Safari/537.36" "ysfine.com"
51.222.253.11 - - [07/Nov/2022:20:20:37 -0800] "GET /home/optics.html HTTP/1.1" 200 4947 "-" "Mozilla/5.0 (compatible; AhrefsBot/7.0; +http://ahrefs.com/robot/)" "www.ysfine.com"
157.55.39.17 - - [07/Nov/2022:20:20:44 -0800] "GET /people/cium.jpg HTTP/1.1" 200 52409 "-" "Mozilla/5.0 AppleWebKit/537.36 (KHTML, like Gecko; compatible; bingbot/2.0; +http://www.bing.com/bingbot.htm) Chrome/103.0.5060.134 Safari/537.36" "ysfine.com"
157.55.39.76 - - [07/Nov/2022:20:20:48 -0800] "GET /kobak/sohnwi01.jpg HTTP/1.1" 200 67716 "-" "Mozilla/5.0 (compatible; bingbot/2.0; +http://www.bing.com/bingbot.htm)" "ysfine.com"
40.77.167.68 - - [07/Nov/2022:20:21:30 -0800] "GET /usca/pitt/syriamos11.jpg HTTP/1.1" 200 219957 "-" "Mozilla/5.0 AppleWebKit/537.36 (KHTML, like Gecko; compatible; bingbot/2.0; +http://www.bing.com/bingbot.htm) Chrome/103.0.5060.134 Safari/537.36" "ysfine.com"
50.231.135.51 - - [07/Nov/2022:20:21:41 -0800] "GET /world/russ/mosko01.jpg HTTP/1.1" 200 74314 "https://www.google.com/" "Mozilla/5.0 (Macintosh; Intel Mac OS X 10_15_7) AppleWebKit/537.36 (KHTML, like Gecko) Chrome/107.0.0.0 Safari/537.36" "ysfine.com"
40.86.101.252 - - [07/Nov/2022:20:22:03 -0800] "GET /ffriends/ukralon01b.jpg HTTP/1.1" 200 38506 "https://ysfine.com/ffriends" "Mozilla/5.0 (Macintosh; Intel Mac OS X 10_11_6) AppleWebKit/605.1.15 (KHTML, like Gecko) Version/11.1.2 Safari/605.1.15" "ysfine.com"
40.86.101.252 - - [07/Nov/2022:20:22:13 -0800] "GET /dongio/amkor/jpmos18c.jpg HTTP/1.1" 404 88 "https://ysfine.com/dongio/amkor" "Mozilla/5.0 (Windows NT 10.0; Win64; x64) AppleWebKit/537.36 (KHTML, like Gecko) Chrome/74.0.3729.157 Safari/537.36" "ysfine.com"
40.77.167.71 - - [07/Nov/2022:20:22:27 -0800] "GET /style/musee/britmu14.jpg HTTP/1.1" 200 76595 "-" "Mozilla/5.0 AppleWebKit/537.36 (KHTML, like Gecko; compatible; bingbot/2.0; +http://www.bing.com/bingbot.htm) Chrome/103.0.5060.134 Safari/537.36" "ysfine.com"
116.68.76.238 - - [07/Nov/2022:20:22:34 -0800] "GET /style/leica.html HTTP/1.1" 200 17158 "-" "Mozilla/5.0 (Windows NT 10.0; Win64; x64) AppleWebKit/537.36 (KHTML, like Gecko) Chrome/107.0.0.0 Safari/537.36" "ysfine.com"
66.249.66.44 - - [07/Nov/2022:20:22:41 -0800] "GET /world/germany/trier15.jpg HTTP/1.1" 200 287871 "-" "Googlebot-Image/1.0" "ysfine.com"
157.55.39.76 - - [07/Nov/2022:20:22:54 -0800] "GET /world/balkan/istan048.jpg HTTP/1.1" 200 109322 "-" "Mozilla/5.0 AppleWebKit/537.36 (KHTML, like Gecko; compatible; bingbot/2.0; +http://www.bing.com/bingbot.htm) Chrome/103.0.5060.134 Safari/537.36" "ysfine.com"
20.12.191.73 - - [07/Nov/2022:20:22:59 -0800] "GET /world/russ/spbpi07b.jpg HTTP/1.1" 200 44525 "https://www.ysfine.com/world/russ" "Mozilla/5.0 (X11; Linux x86_64) AppleWebKit/537.36 (KHTML, like Gecko) Chrome/74.0.3729.169 Safari/537.36" "www.ysfine.com"
40.86.101.165 - - [07/Nov/2022:20:23:01 -0800] "GET /style/alexandrov44b.jpg HTTP/1.1" 200 38881 "http://ysfine.com/style" "Mozilla/5.0 (X11; Linux x86_64) AppleWebKit/537.36 (KHTML, like Gecko) Chrome/74.0.3729.169 Safari/537.36" "ysfine.com"
40.77.167.68 - - [07/Nov/2022:20:23:39 -0800] "GET /feynman/ppic/licone01c.jpg HTTP/1.1" 200 28712 "-" "Mozilla/5.0 AppleWebKit/537.36 (KHTML, like Gecko; compatible; bingbot/2.0; +http://www.bing.com/bingbot.htm) Chrome/103.0.5060.134 Safari/537.36" "ysfine.com"
173.73.77.36 - - [07/Nov/2022:20:24:29 -0800] "GET /favicon.ico HTTP/1.1" 404 88 "https://www.ysfine.com/ys11/index.html" "Mozilla/5.0 (Windows NT 10.0; Win64; x64) AppleWebKit/537.36 (KHTML, like Gecko) Chrome/107.0.0.0 Safari/537.36 Edg/107.0.1418.35" "www.ysfine.com"
40.77.167.68 - - [07/Nov/2022:20:24:30 -0800] "GET /wdc/kennedyc06.jpg HTTP/1.1" 200 85403 "-" "Mozilla/5.0 (compatible; bingbot/2.0; +http://www.bing.com/bingbot.htm)" "www.ysfine.com"
173.73.77.36 - - [07/Nov/2022:20:24:31 -0800] "GET /ysbio/bio07.html HTTP/1.1" 200 4936 "https://www.ysfine.com/ys11/index.html" "Mozilla/5.0 (Windows NT 10.0; Win64; x64) AppleWebKit/537.36 (KHTML, like Gecko) Chrome/107.0.0.0 Safari/537.36 Edg/107.0.1418.35" "www.ysfine.com"
157.55.39.65 - - [07/Nov/2022:20:24:40 -0800] "GET /wdc/obelisk22.jpg HTTP/1.1" 200 101572 "-" "Mozilla/5.0 AppleWebKit/537.36 (KHTML, like Gecko; compatible; bingbot/2.0; +http://www.bing.com/bingbot.htm) Chrome/103.0.5060.134 Safari/537.36" "ysfine.com"
157.55.39.76 - - [07/Nov/2022:20:24:45 -0800] "GET /sbk/2012lon66.jpg HTTP/1.1" 200 208538 "-" "Mozilla/5.0 (compatible; bingbot/2.0; +http://www.bing.com/bingbot.htm)" "ysfine.com"
157.55.39.65 - - [07/Nov/2022:20:24:50 -0800] "GET /home/house99c.jpg HTTP/1.1" 200 26434 "-" "Mozilla/5.0 AppleWebKit/537.36 (KHTML, like Gecko; compatible; bingbot/2.0; +http://www.bing.com/bingbot.htm) Chrome/103.0.5060.134 Safari/537.36" "ysfine.com"
77.88.5.164 - - [07/Nov/2022:20:24:51 -0800] "GET /robots.txt HTTP/1.1" 404 73 "-" "Mozilla/5.0 (compatible; YandexBot/3.0; +http://yandex.com/bots)" "www.ysfine.com"
77.88.5.216 - - [07/Nov/2022:20:24:55 -0800] "GET /world/japan/nara005.jpg HTTP/1.1" 304 - "-" "Mozilla/5.0 (compatible; YandexImages/3.0; +http://yandex.com/bots)" "www.ysfine.com"
51.222.253.3 - - [07/Nov/2022:20:25:16 -0800] "GET /class54/class5470/total_data/sub_601.htm HTTP/1.1" 200 3192 "-" "Mozilla/5.0 (compatible; AhrefsBot/7.0; +http://ahrefs.com/robot/)" "ysfine.com"
157.55.39.76 - - [07/Nov/2022:20:25:35 -0800] "GET /wigner/nobel.jpg HTTP/1.1" 200 94921 "-" "Mozilla/5.0 (compatible; bingbot/2.0; +http://www.bing.com/bingbot.htm)" "www.ysfine.com"
40.77.167.71 - - [07/Nov/2022:20:25:47 -0800] "GET /wigner/wigques.jpg HTTP/1.1" 200 14216 "-" "Mozilla/5.0 (compatible; bingbot/2.0; +http://www.bing.com/bingbot.htm)" "www.ysfine.com"
40.77.51.85 - - [07/Nov/2022:20:25:48 -0800] "GET /newyork/trump56b.jpg HTTP/1.1" 200 45669 "http://ysfine.com/newyork" "Mozilla/5.0 (Linux; Android 10; SM-G960U) AppleWebKit/537.36 (KHTML, like Gecko) Chrome/88.0.4324.181 Mobile Safari/537.36" "ysfine.com"
179.51.99.222 - - [07/Nov/2022:20:26:48 -0800] "GET /newyork/wtc85.jpg HTTP/1.1" 200 227836 "https://www.google.com/" "Mozilla/5.0 (Linux; Android 5.1.1; SM-J120M Build/LMY47X) AppleWebKit/537.36 (KHTML, like Gecko) Chrome/50.0.2661.89 Mobile Safari/537.36" "ysfine.com"
40.77.167.68 - - [07/Nov/2022:20:26:50 -0800] "GET /wdc/nga07.jpg HTTP/1.1" 200 92170 "-" "Mozilla/5.0 (compatible; bingbot/2.0; +http://www.bing.com/bingbot.htm)" "ysfine.com"
157.55.39.76 - - [07/Nov/2022:20:26:55 -0800] "GET /beau/argenseville11c.jpg HTTP/1.1" 404 88 "-" "Mozilla/5.0 AppleWebKit/537.36 (KHTML, like Gecko; compatible; bingbot/2.0; +http://www.bing.com/bingbot.htm) Chrome/103.0.5060.134 Safari/537.36" "ysfine.com"
157.55.39.65 - - [07/Nov/2022:20:27:04 -0800] "GET /world/poland/krk25.jpg HTTP/1.1" 200 118717 "-" "Mozilla/5.0 AppleWebKit/537.36 (KHTML, like Gecko; compatible; bingbot/2.0; +http://www.bing.com/bingbot.htm) Chrome/103.0.5060.134 Safari/537.36" "www.ysfine.com"
40.77.167.68 - - [07/Nov/2022:20:27:14 -0800] "GET /wigner/neum/vnc09.jpg HTTP/1.1" 200 112484 "-" "Mozilla/5.0 AppleWebKit/537.36 (KHTML, like Gecko; compatible; bingbot/2.0; +http://www.bing.com/bingbot.htm) Chrome/103.0.5060.134 Safari/537.36" "ysfine.com"
216.244.66.229 - - [07/Nov/2022:20:28:26 -0800] "GET /robots.txt HTTP/1.1" 404 73 "-" "Mozilla/5.0 (compatible; DotBot/1.2; +https://opensiteexplorer.org/dotbot; help@moz.com)" "ysfine.com"
216.244.66.229 - - [07/Nov/2022:20:28:26 -0800] "GET /robots.txt HTTP/1.1" 404 73 "-" "Mozilla/5.0 (compatible; DotBot/1.2; +https://opensiteexplorer.org/dotbot; help@moz.com)" "www.ysfine.com"
157.55.39.17 - - [07/Nov/2022:20:28:35 -0800] "GET /wdc/wasdc.html HTTP/1.1" 304 - "-" "Mozilla/5.0 (compatible; bingbot/2.0; +http://www.bing.com/bingbot.htm)" "www.ysfine.com"
40.77.51.85 - - [07/Nov/2022:20:28:36 -0800] "GET /friends/amkor/parkgh01c.jpg HTTP/1.1" 404 88 "https://ysfine.com/friends/amkor" "Mozilla/5.0 (iPhone; CPU iPhone OS 13_5_1 like Mac OS X) AppleWebKit/605.1.15 (KHTML, like Gecko) Version/13.1.1 Mobile/15E148 Safari/604.1" "ysfine.com"
157.55.39.17 - - [07/Nov/2022:20:28:36 -0800] "GET /bio/einstein/bern.html HTTP/1.1" 404 88 "-" "Mozilla/5.0 AppleWebKit/537.36 (KHTML, like Gecko; compatible; bingbot/2.0; +http://www.bing.com/bingbot.htm) Chrome/103.0.5060.134 Safari/537.36" "ysfine.com"
77.88.5.207 - - [07/Nov/2022:20:28:56 -0800] "GET /confer/multi.html HTTP/1.1" 200 2292 "-" "Mozilla/5.0 (compatible; YandexBot/3.0; +http://yandex.com/bots)" "www.ysfine.com"
157.55.39.17 - - [07/Nov/2022:20:29:25 -0800] "GET /world/ital/venice19b.jpg HTTP/1.1" 200 23766 "-" "Mozilla/5.0 AppleWebKit/537.36 (KHTML, like Gecko; compatible; bingbot/2.0; +http://www.bing.com/bingbot.htm) Chrome/103.0.5060.134 Safari/537.36" "ysfine.com"
51.222.253.13 - - [07/Nov/2022:20:29:47 -0800] "GET /wigner/lunch.html HTTP/1.1" 200 3105 "-" "Mozilla/5.0 (compatible; AhrefsBot/7.0; +http://ahrefs.com/robot/)" "ysfine.com"
20.106.28.18 - - [07/Nov/2022:20:29:56 -0800] "GET /maga/phys/yukasumi22.jpg HTTP/1.1" 200 58419 "https://ysfine.com/maga/phys" "Mozilla/5.0 (Windows NT 10.0; Win64; x64) AppleWebKit/537.36 (KHTML, like Gecko) Chrome/74.0.3729.157 Safari/537.36" "ysfine.com"
185.9.52.11 - - [07/Nov/2022:20:30:05 -0800] "GET /houses/waterg11.jpg HTTP/1.1" 200 103746 "-" "Mozilla/5.0 (Windows NT 6.3; WOW64) AppleWebKit/537.36 (KHTML, like Gecko) Chrome/38.0.2125.111 Safari/537.36" "www.ysfine.com"
157.55.39.17 - - [07/Nov/2022:20:30:26 -0800] "GET /bio/dirac/diracpol.html HTTP/1.1" 404 88 "-" "Mozilla/5.0 (compatible; bingbot/2.0; +http://www.bing.com/bingbot.htm)" "ysfine.com"
40.77.167.68 - - [07/Nov/2022:20:30:41 -0800] "GET /princeton/ias11.jpg HTTP/1.1" 200 76978 "-" "Mozilla/5.0 (compatible; bingbot/2.0; +http://www.bing.com/bingbot.htm)" "ysfine.com"
157.55.39.65 - - [07/Nov/2022:20:30:50 -0800] "GET /world/ital/padova09.jpg HTTP/1.1" 200 90335 "-" "Mozilla/5.0 (compatible; bingbot/2.0; +http://www.bing.com/bingbot.htm)" "ysfine.com"
40.77.167.27 - - [07/Nov/2022:20:31:13 -0800] "GET /world/russ/spbm07.jpg HTTP/1.1" 200 111957 "-" "Mozilla/5.0 (compatible; bingbot/2.0; +http://www.bing.com/bingbot.htm)" "ysfine.com"
44.228.64.221 - - [07/Nov/2022:20:31:34 -0800] "GET /kowar/war45.html HTTP/1.1" 200 12086 "-" "Python/3.8 aiohttp/3.8.3" "ysfine.com"
157.55.39.65 - - [07/Nov/2022:20:31:39 -0800] "GET /world/russ/basil01b.jpg HTTP/1.1" 200 42711 "-" "Mozilla/5.0 (compatible; bingbot/2.0; +http://www.bing.com/bingbot.htm)" "ysfine.com"
49.7.21.115 - - [07/Nov/2022:20:32:31 -0800] "GET / HTTP/1.1" 200 5283 "-" "Sogou web spider/4.0(+http://www.sogou.com/docs/help/webmasters.htm#07)" "www.ysfine.com"
157.55.39.65 - - [07/Nov/2022:20:32:49 -0800] "GET /people/wolfen22.jpg HTTP/1.1" 200 62817 "-" "Mozilla/5.0 AppleWebKit/537.36 (KHTML, like Gecko; compatible; bingbot/2.0; +http://www.bing.com/bingbot.htm) Chrome/103.0.5060.134 Safari/537.36" "ysfine.com"
216.244.66.229 - - [07/Nov/2022:20:32:54 -0800] "GET /saram/d012.jpg HTTP/1.1" 200 79216 "-" "Mozilla/5.0 (compatible; DotBot/1.2; +https://opensiteexplorer.org/dotbot; help@moz.com)" "ysfine.com"
20.29.110.170 - - [07/Nov/2022:20:32:57 -0800] "GET /friends/canparis01b.jpg HTTP/1.1" 404 88 "http://ysfine.com/friends" "Mozilla/5.0 (X11; Linux x86_64) AppleWebKit/537.36 (KHTML, like Gecko) Chrome/74.0.3729.169 Safari/537.36" "ysfine.com"
216.244.66.229 - - [07/Nov/2022:20:33:02 -0800] "GET /world/baltic/lithu02.jpg HTTP/1.1" 200 63532 "-" "Mozilla/5.0 (compatible; DotBot/1.2; +https://opensiteexplorer.org/dotbot; help@moz.com)" "ysfine.com"
216.244.66.229 - - [07/Nov/2022:20:33:06 -0800] "GET /world/baltic/tallin34.jpg HTTP/1.1" 200 359489 "-" "Mozilla/5.0 (compatible; DotBot/1.2; +https://opensiteexplorer.org/dotbot; help@moz.com)" "ysfine.com"
216.244.66.229 - - [07/Nov/2022:20:33:21 -0800] "GET /world/baltic/tallin76.jpg HTTP/1.1" 200 160344 "-" "Mozilla/5.0 (compatible; DotBot/1.2; +https://opensiteexplorer.org/dotbot; help@moz.com)" "ysfine.com"
216.244.66.229 - - [07/Nov/2022:20:33:32 -0800] "GET /world/baltic/tallin93.jpg HTTP/1.1" 200 143726 "-" "Mozilla/5.0 (compatible; DotBot/1.2; +https://opensiteexplorer.org/dotbot; help@moz.com)" "ysfine.com"
216.244.66.229 - - [07/Nov/2022:20:33:42 -0800] "GET /world/brit/lontaxi03.jpg HTTP/1.1" 200 95975 "-" "Mozilla/5.0 (compatible; DotBot/1.2; +https://opensiteexplorer.org/dotbot; help@moz.com)" "ysfine.com"
157.55.39.76 - - [07/Nov/2022:20:33:45 -0800] "GET /style/russdance11.jpg HTTP/1.1" 200 117906 "-" "Mozilla/5.0 AppleWebKit/537.36 (KHTML, like Gecko; compatible; bingbot/2.0; +http://www.bing.com/bingbot.htm) Chrome/103.0.5060.134 Safari/537.36" "ysfine.com"
216.244.66.229 - - [07/Nov/2022:20:34:13 -0800] "GET /world/ital/flor106.jpg HTTP/1.1" 200 104501 "-" "Mozilla/5.0 (compatible; DotBot/1.2; +https://opensiteexplorer.org/dotbot; help@moz.com)" "ysfine.com"
157.55.39.65 - - [07/Nov/2022:20:34:20 -0800] "GET /world/russ/basil01.jpg HTTP/1.1" 200 100912 "-" "Mozilla/5.0 (compatible; bingbot/2.0; +http://www.bing.com/bingbot.htm)" "www.ysfine.com"
216.244.66.229 - - [07/Nov/2022:20:34:38 -0800] "GET /world/ital/panth04.jpg HTTP/1.1" 200 105432 "-" "Mozilla/5.0 (compatible; DotBot/1.2; +https://opensiteexplorer.org/dotbot; help@moz.com)" "ysfine.com"
20.106.27.209 - - [07/Nov/2022:20:34:57 -0800] "GET /home/pgh/bhagat450.jpg HTTP/1.1" 200 50718 "https://ysfine.com/home/pgh" "Mozilla/5.0 (iPhone; CPU iPhone OS 13_5_1 like Mac OS X) AppleWebKit/605.1.15 (KHTML, like Gecko) Version/13.1.1 Mobile/15E148 Safari/604.1" "ysfine.com"
216.244.66.229 - - [07/Nov/2022:20:35:02 -0800] "GET /world/ital/rome057.jpg HTTP/1.1" 200 109806 "-" "Mozilla/5.0 (compatible; DotBot/1.2; +https://opensiteexplorer.org/dotbot; help@moz.com)" "ysfine.com"
216.244.66.229 - - [07/Nov/2022:20:35:25 -0800] "GET /world/ital/venice21.jpg HTTP/1.1" 200 312303 "-" "Mozilla/5.0 (compatible; DotBot/1.2; +https://opensiteexplorer.org/dotbot; help@moz.com)" "ysfine.com"
157.55.39.76 - - [07/Nov/2022:20:35:37 -0800] "GET /world/russ/minsk036.jpg HTTP/1.1" 200 98032 "-" "Mozilla/5.0 (compatible; bingbot/2.0; +http://www.bing.com/bingbot.htm)" "ysfine.com"
40.77.167.27 - - [07/Nov/2022:20:35:44 -0800] "GET /style/music/bolshoi55.jpg HTTP/1.1" 200 76519 "-" "Mozilla/5.0 (compatible; bingbot/2.0; +http://www.bing.com/bingbot.htm)" "ysfine.com"
20.109.241.80 - - [07/Nov/2022:20:35:45 -0800] "GET /dongio/aline/kal04c.jpg HTTP/1.1" 404 88 "https://ysfine.com/dongio/aline" "Mozilla/5.0 (Macintosh; Intel Mac OS X 10_11_6) AppleWebKit/605.1.15 (KHTML, like Gecko) Version/11.1.2 Safari/605.1.15" "ysfine.com"
40.77.167.68 - - [07/Nov/2022:20:35:52 -0800] "GET /world/france/metz17.jpg HTTP/1.1" 200 112114 "-" "Mozilla/5.0 (compatible; bingbot/2.0; +http://www.bing.com/bingbot.htm)" "ysfine.com"
157.55.39.17 - - [07/Nov/2022:20:35:56 -0800] "GET /dirac/dirackn33.jpg HTTP/1.1" 200 98181 "-" "Mozilla/5.0 AppleWebKit/537.36 (KHTML, like Gecko; compatible; bingbot/2.0; +http://www.bing.com/bingbot.htm) Chrome/103.0.5060.134 Safari/537.36" "www.ysfine.com"
216.244.66.229 - - [07/Nov/2022:20:36:04 -0800] "GET /world/ital/wtc4.jpg HTTP/1.1" 200 62263 "-" "Mozilla/5.0 (compatible; DotBot/1.2; +https://opensiteexplorer.org/dotbot; help@moz.com)" "ysfine.com"
157.55.39.65 - - [07/Nov/2022:20:37:00 -0800] "GET /bio/world/roma.html HTTP/1.1" 404 88 "-" "Mozilla/5.0 (compatible; bingbot/2.0; +http://www.bing.com/bingbot.htm)" "ysfine.com"
40.122.227.202 - - [07/Nov/2022:20:37:44 -0800] "GET /world/france/parisf17b.jpg HTTP/1.1" 200 48626 "https://ysfine.com/world/france" "Mozilla/5.0 (X11; Linux x86_64) AppleWebKit/537.36 (KHTML, like Gecko) Chrome/74.0.3729.169 Safari/537.36" "ysfine.com"
40.77.167.68 - - [07/Nov/2022:20:37:52 -0800] "GET /home/wsj21a.jpg HTTP/1.1" 200 118092 "-" "Mozilla/5.0 (compatible; bingbot/2.0; +http://www.bing.com/bingbot.htm)" "www.ysfine.com"
77.88.5.216 - - [07/Nov/2022:20:37:55 -0800] "GET /einstein/einbohr33.jpg HTTP/1.1" 304 - "-" "Mozilla/5.0 (compatible; YandexImages/3.0; +http://yandex.com/bots)" "www.ysfine.com"
40.77.167.71 - - [07/Nov/2022:20:38:08 -0800] "GET /world/russ/kilin104b.jpg HTTP/1.1" 200 36895 "-" "Mozilla/5.0 AppleWebKit/537.36 (KHTML, like Gecko; compatible; bingbot/2.0; +http://www.bing.com/bingbot.htm) Chrome/103.0.5060.134 Safari/537.36" "ysfine.com"
40.77.167.68 - - [07/Nov/2022:20:38:31 -0800] "GET /bio/style/rieu.html HTTP/1.1" 404 88 "-" "Mozilla/5.0 AppleWebKit/537.36 (KHTML, like Gecko; compatible; bingbot/2.0; +http://www.bing.com/bingbot.htm) Chrome/103.0.5060.134 Safari/537.36" "ysfine.com"
40.77.167.68 - - [07/Nov/2022:20:38:32 -0800] "GET /maga/invent/tesla11b.jpg HTTP/1.1" 200 47570 "-" "Mozilla/5.0 AppleWebKit/537.36 (KHTML, like Gecko; compatible; bingbot/2.0; +http://www.bing.com/bingbot.htm) Chrome/103.0.5060.134 Safari/537.36" "ysfine.com"
157.55.39.65 - - [07/Nov/2022:20:39:00 -0800] "GET /maga/phil/hugo.jpg HTTP/1.1" 200 172203 "-" "Mozilla/5.0 (compatible; bingbot/2.0; +http://www.bing.com/bingbot.htm)" "ysfine.com"
157.55.39.65 - - [07/Nov/2022:20:39:21 -0800] "GET /world/germany/tumap11.jpg HTTP/1.1" 200 658871 "-" "Mozilla/5.0 AppleWebKit/537.36 (KHTML, like Gecko; compatible; bingbot/2.0; +http://www.bing.com/bingbot.htm) Chrome/103.0.5060.134 Safari/537.36" "www.ysfine.com"
20.109.241.80 - - [07/Nov/2022:20:39:22 -0800] "GET /princeton/gcollege02.jpg HTTP/1.1" 200 69104 "http://ysfine.com/princeton" "Mozilla/5.0 (Windows NT 10.0; Win64; x64) AppleWebKit/537.36 (KHTML, like Gecko) Chrome/74.0.3729.157 Safari/537.36" "ysfine.com"
157.55.39.76 - - [07/Nov/2022:20:39:36 -0800] "GET /world/france/notre05.jpg HTTP/1.1" 200 246424 "-" "Mozilla/5.0 (compatible; bingbot/2.0; +http://www.bing.com/bingbot.htm)" "ysfine.com"
40.122.227.202 - - [07/Nov/2022:20:40:29 -0800] "GET /newyork/trump49b.jpg HTTP/1.1" 200 46962 "http://ysfine.com/newyork" "Mozilla/5.0 (Windows NT 10.0; Win64; x64) AppleWebKit/537.36 (KHTML, like Gecko) Chrome/74.0.3729.157 Safari/537.36" "ysfine.com"
157.55.39.65 - - [07/Nov/2022:20:40:30 -0800] "GET /world/russ/minsk068.jpg HTTP/1.1" 200 95372 "-" "Mozilla/5.0 (compatible; bingbot/2.0; +http://www.bing.com/bingbot.htm)" "ysfine.com"
157.55.39.76 - - [07/Nov/2022:20:40:47 -0800] "GET /world/russ/tchaikovhall01.jpg HTTP/1.1" 200 95636 "-" "Mozilla/5.0 AppleWebKit/537.36 (KHTML, like Gecko; compatible; bingbot/2.0; +http://www.bing.com/bingbot.htm) Chrome/103.0.5060.134 Safari/537.36" "ysfine.com"
157.55.39.65 - - [07/Nov/2022:20:41:01 -0800] "GET /bio/pquartet.html HTTP/1.1" 404 88 "-" "Mozilla/5.0 AppleWebKit/537.36 (KHTML, like Gecko; compatible; bingbot/2.0; +http://www.bing.com/bingbot.htm) Chrome/103.0.5060.134 Safari/537.36" "ysfine.com"
157.55.39.17 - - [07/Nov/2022:20:41:27 -0800] "GET /sbk/2004bb.jpg HTTP/1.1" 200 96519 "-" "Mozilla/5.0 AppleWebKit/537.36 (KHTML, like Gecko; compatible; bingbot/2.0; +http://www.bing.com/bingbot.htm) Chrome/103.0.5060.134 Safari/537.36" "ysfine.com"
157.55.39.17 - - [07/Nov/2022:20:41:36 -0800] "GET /dirac/dirackn33.jpg HTTP/1.1" 200 98181 "-" "Mozilla/5.0 AppleWebKit/537.36 (KHTML, like Gecko; compatible; bingbot/2.0; +http://www.bing.com/bingbot.htm) Chrome/103.0.5060.134 Safari/537.36" "ysfine.com"
216.244.66.229 - - [07/Nov/2022:20:41:46 -0800] "GET /class54/class5470/total_data/sub_523.htm HTTP/1.1" 200 12879 "-" "Mozilla/5.0 (compatible; DotBot/1.2; +https://opensiteexplorer.org/dotbot; help@moz.com)" "ysfine.com"
157.55.39.17 - - [07/Nov/2022:20:41:46 -0800] "GET /world/germany/haber01.jpg HTTP/1.1" 200 86224 "-" "Mozilla/5.0 (compatible; bingbot/2.0; +http://www.bing.com/bingbot.htm)" "ysfine.com"
40.77.167.68 - - [07/Nov/2022:20:42:01 -0800] "GET /princeton/antique.jpg HTTP/1.1" 200 107996 "-" "Mozilla/5.0 AppleWebKit/537.36 (KHTML, like Gecko; compatible; bingbot/2.0; +http://www.bing.com/bingbot.htm) Chrome/103.0.5060.134 Safari/537.36" "ysfine.com"
216.244.66.229 - - [07/Nov/2022:20:42:07 -0800] "GET /kobak/kimilsong11.jpg HTTP/1.1" 200 185542 "-" "Mozilla/5.0 (compatible; DotBot/1.2; +https://opensiteexplorer.org/dotbot; help@moz.com)" "ysfine.com"
157.55.39.17 - - [07/Nov/2022:20:42:17 -0800] "GET /maga/phil/kanthegel66.jpg HTTP/1.1" 200 76782 "-" "Mozilla/5.0 AppleWebKit/537.36 (KHTML, like Gecko; compatible; bingbot/2.0; +http://www.bing.com/bingbot.htm) Chrome/103.0.5060.134 Safari/537.36" "ysfine.com"
40.77.167.71 - - [07/Nov/2022:20:42:19 -0800] "GET /einstein/eins47c.jpg HTTP/1.1" 200 43054 "-" "Mozilla/5.0 (compatible; bingbot/2.0; +http://www.bing.com/bingbot.htm)" "ysfine.com"
40.77.167.71 - - [07/Nov/2022:20:42:22 -0800] "GET /bio/style/shops.html HTTP/1.1" 404 88 "-" "Mozilla/5.0 (compatible; bingbot/2.0; +http://www.bing.com/bingbot.htm)" "ysfine.com"
157.55.39.76 - - [07/Nov/2022:20:42:58 -0800] "GET /world/ital/lascala05.jpg HTTP/1.1" 200 112061 "-" "Mozilla/5.0 (compatible; bingbot/2.0; +http://www.bing.com/bingbot.htm)" "www.ysfine.com"
40.77.167.27 - - [07/Nov/2022:20:43:24 -0800] "GET /kobak/underw25.jpg HTTP/1.1" 200 97228 "-" "Mozilla/5.0 (compatible; bingbot/2.0; +http://www.bing.com/bingbot.htm)" "www.ysfine.com"
77.75.79.109 - - [07/Nov/2022:20:43:37 -0800] "GET /robots.txt HTTP/1.1" 404 88 "-" "Mozilla/5.0 (compatible; SeznamBot/3.2; +http://napoveda.seznam.cz/en/seznambot-intro/)" "ysfine.com"
77.75.79.109 - - [07/Nov/2022:20:43:38 -0800] "GET /world/scandi/copen113.jpg HTTP/1.1" 304 - "-" "Mozilla/5.0 (compatible; SeznamBot/3.2; +http://napoveda.seznam.cz/en/seznambot-intro/)" "ysfine.com"
77.75.79.109 - - [07/Nov/2022:20:43:39 -0800] "GET /princeton/nasshall12.jpg HTTP/1.1" 200 127581 "-" "Mozilla/5.0 (compatible; SeznamBot/3.2; +http://napoveda.seznam.cz/en/seznambot-intro/)" "ysfine.com"
157.55.39.65 - - [07/Nov/2022:20:43:40 -0800] "GET /world/israel/tlvf16.jpg HTTP/1.1" 200 237249 "-" "Mozilla/5.0 AppleWebKit/537.36 (KHTML, like Gecko; compatible; bingbot/2.0; +http://www.bing.com/bingbot.htm) Chrome/103.0.5060.134 Safari/537.36" "www.ysfine.com"
77.75.79.109 - - [07/Nov/2022:20:43:43 -0800] "GET /world/germany/benz22.jpg HTTP/1.1" 304 - "-" "Mozilla/5.0 (compatible; SeznamBot/3.2; +http://napoveda.seznam.cz/en/seznambot-intro/)" "ysfine.com"
77.75.79.109 - - [07/Nov/2022:20:43:43 -0800] "GET /world/ital/milvio02.jpg HTTP/1.1" 304 - "-" "Mozilla/5.0 (compatible; SeznamBot/3.2; +http://napoveda.seznam.cz/en/seznambot-intro/)" "ysfine.com"
77.75.79.109 - - [07/Nov/2022:20:43:44 -0800] "GET /princeton/nordisk11.jpg HTTP/1.1" 200 61307 "-" "Mozilla/5.0 (compatible; SeznamBot/3.2; +http://napoveda.seznam.cz/en/seznambot-intro/)" "ysfine.com"
40.77.167.68 - - [07/Nov/2022:20:44:22 -0800] "GET /maga/invent/transmitter11.jpg HTTP/1.1" 200 96885 "-" "Mozilla/5.0 AppleWebKit/537.36 (KHTML, like Gecko; compatible; bingbot/2.0; +http://www.bing.com/bingbot.htm) Chrome/103.0.5060.134 Safari/537.36" "ysfine.com"
40.86.101.252 - - [07/Nov/2022:20:44:38 -0800] "GET /world/germany/hegel21b.jpg HTTP/1.1" 200 52348 "http://ysfine.com/world/germany" "Mozilla/5.0 (iPhone; CPU iPhone OS 13_5_1 like Mac OS X) AppleWebKit/605.1.15 (KHTML, like Gecko) Version/13.1.1 Mobile/15E148 Safari/604.1" "ysfine.com"
40.122.227.201 - - [07/Nov/2022:20:44:55 -0800] "GET /world/russ/minskf14c.jpg HTTP/1.1" 200 27273 "https://ysfine.com/world/russ" "Mozilla/5.0 (Macintosh; Intel Mac OS X 10_11_6) AppleWebKit/605.1.15 (KHTML, like Gecko) Version/11.1.2 Safari/605.1.15" "ysfine.com"
157.55.39.76 - - [07/Nov/2022:20:45:07 -0800] "GET /kobak/1014.jpg HTTP/1.1" 200 125873 "-" "Mozilla/5.0 AppleWebKit/537.36 (KHTML, like Gecko; compatible; bingbot/2.0; +http://www.bing.com/bingbot.htm) Chrome/103.0.5060.134 Safari/537.36" "ysfine.com"
67.175.181.252 - - [07/Nov/2022:20:45:16 -0800] "GET /kowar/panmun04.jpg HTTP/1.1" 200 126386 "https://www.google.com/" "Mozilla/5.0 (Linux; Android 12; SM-G998U) AppleWebKit/537.36 (KHTML, like Gecko) Chrome/107.0.0.0 Mobile Safari/537.36" "ysfine.com"
157.55.39.76 - - [07/Nov/2022:20:45:37 -0800] "GET /maga/invent/mosin2.jpg HTTP/1.1" 200 51881 "-" "Mozilla/5.0 AppleWebKit/537.36 (KHTML, like Gecko; compatible; bingbot/2.0; +http://www.bing.com/bingbot.htm) Chrome/103.0.5060.134 Safari/537.36" "ysfine.com"
40.77.167.71 - - [07/Nov/2022:20:45:41 -0800] "GET /world/russ/kiev040.jpg HTTP/1.1" 200 151832 "-" "Mozilla/5.0 (compatible; bingbot/2.0; +http://www.bing.com/bingbot.htm)" "ysfine.com"
40.77.167.27 - - [07/Nov/2022:20:45:54 -0800] "GET /world/china/shanghai053b.jpg HTTP/1.1" 200 45086 "-" "Mozilla/5.0 AppleWebKit/537.36 (KHTML, like Gecko; compatible; bingbot/2.0; +http://www.bing.com/bingbot.htm) Chrome/103.0.5060.134 Safari/537.36" "ysfine.com"
157.55.39.76 - - [07/Nov/2022:20:46:19 -0800] "GET /bio/bio07.html HTTP/1.1" 404 88 "-" "Mozilla/5.0 AppleWebKit/537.36 (KHTML, like Gecko; compatible; bingbot/2.0; +http://www.bing.com/bingbot.htm) Chrome/103.0.5060.134 Safari/537.36" "ysfine.com"
40.77.167.27 - - [07/Nov/2022:20:46:54 -0800] "GET /wdc/jeffm02.jpg HTTP/1.1" 200 56769 "-" "Mozilla/5.0 (compatible; bingbot/2.0; +http://www.bing.com/bingbot.htm)" "www.ysfine.com"
40.77.167.71 - - [07/Nov/2022:20:46:59 -0800] "GET /wdc/gtown08b.jpg HTTP/1.1" 200 55792 "-" "Mozilla/5.0 AppleWebKit/537.36 (KHTML, like Gecko; compatible; bingbot/2.0; +http://www.bing.com/bingbot.htm) Chrome/103.0.5060.134 Safari/537.36" "www.ysfine.com"
157.55.39.65 - - [07/Nov/2022:20:47:32 -0800] "GET /world/france/stras11.jpg HTTP/1.1" 200 107903 "-" "Mozilla/5.0 (compatible; bingbot/2.0; +http://www.bing.com/bingbot.htm)" "ysfine.com"
157.55.39.65 - - [07/Nov/2022:20:48:10 -0800] "GET /newyork/trump49b.jpg HTTP/1.1" 200 46962 "-" "Mozilla/5.0 AppleWebKit/537.36 (KHTML, like Gecko; compatible; bingbot/2.0; +http://www.bing.com/bingbot.htm) Chrome/103.0.5060.134 Safari/537.36" "ysfine.com"
68.232.120.138 - - [07/Nov/2022:20:48:29 -0800] "GET /wigner/wiglittle.pdf HTTP/1.1" 200 2659296 "https://www.google.com/" "Mozilla/5.0 (Windows NT 10.0; Win64; x64) AppleWebKit/537.36 (KHTML, like Gecko) Chrome/107.0.0.0 Safari/537.36" "ysfine.com"
68.232.120.138 - - [07/Nov/2022:20:48:30 -0800] "GET /favicon.ico HTTP/1.1" 404 88 "https://ysfine.com/wigner/wiglittle.pdf" "Mozilla/5.0 (Windows NT 10.0; Win64; x64) AppleWebKit/537.36 (KHTML, like Gecko) Chrome/107.0.0.0 Safari/537.36" "ysfine.com"
157.55.39.65 - - [07/Nov/2022:20:49:02 -0800] "GET /bio/style/ystyle.html HTTP/1.1" 404 88 "-" "Mozilla/5.0 AppleWebKit/537.36 (KHTML, like Gecko; compatible; bingbot/2.0; +http://www.bing.com/bingbot.htm) Chrome/103.0.5060.134 Safari/537.36" "ysfine.com"
124.13.61.43 - - [07/Nov/2022:20:49:38 -0800] "GET /kobak/kimjap22.jpg HTTP/1.1" 200 84603 "https://www.google.com/" "Mozilla/5.0 (Windows NT 10.0; Win64; x64) AppleWebKit/537.36 (KHTML, like Gecko) Chrome/107.0.0.0 Safari/537.36" "ysfine.com"
20.109.241.97 - - [07/Nov/2022:20:49:51 -0800] "GET /wdc/jeffm02b.jpg HTTP/1.1" 200 32468 "http://www.ysfine.com/wdc" "Mozilla/5.0 (iPhone; CPU iPhone OS 13_5_1 like Mac OS X) AppleWebKit/605.1.15 (KHTML, like Gecko) Version/13.1.1 Mobile/15E148 Safari/604.1" "www.ysfine.com"
157.55.39.17 - - [07/Nov/2022:20:49:57 -0800] "GET /wdc/kennedyc19.jpg HTTP/1.1" 200 107769 "-" "Mozilla/5.0 (compatible; bingbot/2.0; +http://www.bing.com/bingbot.htm)" "ysfine.com"
40.77.167.71 - - [07/Nov/2022:20:50:18 -0800] "GET /world/china/china028.jpg HTTP/1.1" 200 119954 "-" "Mozilla/5.0 AppleWebKit/537.36 (KHTML, like Gecko; compatible; bingbot/2.0; +http://www.bing.com/bingbot.htm) Chrome/103.0.5060.134 Safari/537.36" "ysfine.com"
40.77.167.71 - - [07/Nov/2022:20:50:50 -0800] "GET /world/russ/kiev008b.jpg HTTP/1.1" 200 29921 "-" "Mozilla/5.0 AppleWebKit/537.36 (KHTML, like Gecko; compatible; bingbot/2.0; +http://www.bing.com/bingbot.htm) Chrome/103.0.5060.134 Safari/537.36" "ysfine.com"
40.77.167.71 - - [07/Nov/2022:20:50:51 -0800] "GET /bio/feynman/feynbot.html HTTP/1.1" 404 88 "-" "Mozilla/5.0 (compatible; bingbot/2.0; +http://www.bing.com/bingbot.htm)" "ysfine.com"
157.55.39.17 - - [07/Nov/2022:20:50:58 -0800] "GET /saram/g007.jpg HTTP/1.1" 200 178006 "-" "Mozilla/5.0 AppleWebKit/537.36 (KHTML, like Gecko; compatible; bingbot/2.0; +http://www.bing.com/bingbot.htm) Chrome/103.0.5060.134 Safari/537.36" "www.ysfine.com"
77.88.5.163 - - [07/Nov/2022:20:51:01 -0800] "GET /fbook/s54.html HTTP/1.1" 200 2382 "-" "Mozilla/5.0 (compatible; YandexBot/3.0; +http://yandex.com/bots)" "www.ysfine.com"
40.77.167.68 - - [07/Nov/2022:20:51:03 -0800] "GET /dirac/dirheisen2.jpg HTTP/1.1" 200 44710 "-" "Mozilla/5.0 AppleWebKit/537.36 (KHTML, like Gecko; compatible; bingbot/2.0; +http://www.bing.com/bingbot.htm) Chrome/103.0.5060.134 Safari/537.36" "ysfine.com"
20.109.241.80 - - [07/Nov/2022:20:51:07 -0800] "GET /princeton/firestone22.jpg HTTP/1.1" 200 112919 "https://ysfine.com/princeton" "Mozilla/5.0 (iPhone; CPU iPhone OS 13_5_1 like Mac OS X) AppleWebKit/605.1.15 (KHTML, like Gecko) Version/13.1.1 Mobile/15E148 Safari/604.1" "ysfine.com"
157.55.39.76 - - [07/Nov/2022:20:52:18 -0800] "GET /maga/phys/schrod21.jpg HTTP/1.1" 200 84591 "-" "Mozilla/5.0 (compatible; bingbot/2.0; +http://www.bing.com/bingbot.htm)" "ysfine.com"
40.77.167.68 - - [07/Nov/2022:20:53:23 -0800] "GET /world/france/notre25.jpg HTTP/1.1" 200 116864 "-" "Mozilla/5.0 (compatible; bingbot/2.0; +http://www.bing.com/bingbot.htm)" "www.ysfine.com"
40.77.167.68 - - [07/Nov/2022:20:53:23 -0800] "GET /world/russ/msu52b.jpg HTTP/1.1" 200 40102 "-" "Mozilla/5.0 (compatible; bingbot/2.0; +http://www.bing.com/bingbot.htm)" "ysfine.com"
157.55.39.76 - - [07/Nov/2022:20:53:38 -0800] "GET /world/france/montpar01.jpg HTTP/1.1" 200 81237 "-" "Mozilla/5.0 (compatible; bingbot/2.0; +http://www.bing.com/bingbot.htm)" "www.ysfine.com"
157.55.39.65 - - [07/Nov/2022:20:53:52 -0800] "GET /world/russ/arbat33.jpg HTTP/1.1" 200 105674 "-" "Mozilla/5.0 (compatible; bingbot/2.0; +http://www.bing.com/bingbot.htm)" "ysfine.com"
5.116.87.88 - - [07/Nov/2022:20:53:56 -0800] "GET /world/baltic/kalin01.jpg HTTP/1.1" 200 102358 "https://www.google.com/" "Mozilla/5.0 (Linux; Android 11; Redmi Note 8 Pro) AppleWebKit/537.36 (KHTML, like Gecko) Chrome/105.0.0.0 Mobile Safari/537.36" "ysfine.com"
