124.223.197.100 - - [07/Nov/2022:22:26:25 -0800] "GET / HTTP/1.1" 200 5283 "-" "Mozilla/5.0 (Linux; Android 6.0; Nexus 5 Build/MRA58N) AppleWebKit/537.36 (KHTML, like Gecko) Chrome/81.0.4044.138 Mobile Safari/537.36" "ysfine.com"
40.77.167.68 - - [07/Nov/2022:22:26:41 -0800] "GET /bio/more.html HTTP/1.1" 404 88 "-" "Mozilla/5.0 AppleWebKit/537.36 (KHTML, like Gecko; compatible; bingbot/2.0; +http://www.bing.com/bingbot.htm) Chrome/103.0.5060.134 Safari/537.36" "ysfine.com"
40.77.167.68 - - [07/Nov/2022:22:26:42 -0800] "GET /kowar/bonesteel01b.jpg HTTP/1.1" 200 33050 "-" "Mozilla/5.0 AppleWebKit/537.36 (KHTML, like Gecko; compatible; bingbot/2.0; +http://www.bing.com/bingbot.htm) Chrome/103.0.5060.134 Safari/537.36" "ysfine.com"
66.249.66.40 - - [07/Nov/2022:22:26:44 -0800] "GET /world/russ/kazan011.jpg HTTP/1.1" 304 - "-" "Googlebot-Image/1.0" "ysfine.com"
40.122.188.112 - - [07/Nov/2022:22:27:20 -0800] "GET /eink/hegel09d.jpg HTTP/1.1" 200 51438 "https://www.ysfine.com/eink" "Mozilla/5.0 (X11; Linux x86_64) AppleWebKit/537.36 (KHTML, like Gecko) Chrome/74.0.3729.169 Safari/537.36" "www.ysfine.com"
17.121.113.98 - - [07/Nov/2022:22:27:33 -0800] "GET /maga/lorenuni.html HTTP/1.1" 200 2365 "-" "Mozilla/5.0 (Macintosh; Intel Mac OS X 10_15_5) AppleWebKit/605.1.15 (KHTML, like Gecko) Version/13.1.1 Safari/605.1.15 (Applebot/0.1; +http://www.apple.com/go/applebot)" "www.ysfine.com"
40.77.167.27 - - [07/Nov/2022:22:27:35 -0800] "GET /people/sbt85.jpg HTTP/1.1" 200 144903 "-" "Mozilla/5.0 AppleWebKit/537.36 (KHTML, like Gecko; compatible; bingbot/2.0; +http://www.bing.com/bingbot.htm) Chrome/103.0.5060.134 Safari/537.36" "ysfine.com"
40.122.227.201 - - [07/Nov/2022:22:27:41 -0800] "GET /world/china/chongking91b.jpg HTTP/1.1" 200 41029 "http://ysfine.com/world/china" "Mozilla/5.0 (Windows NT 10.0; Win64; x64) AppleWebKit/537.36 (KHTML, like Gecko) Chrome/74.0.3729.157 Safari/537.36" "ysfine.com"
40.77.167.68 - - [07/Nov/2022:22:28:02 -0800] "GET /usca/pitt/mtwash03.jpg HTTP/1.1" 200 57468 "-" "Mozilla/5.0 (compatible; bingbot/2.0; +http://www.bing.com/bingbot.htm)" "www.ysfine.com"
173.73.77.36 - - [07/Nov/2022:22:28:17 -0800] "GET /ysbio/sing.html HTTP/1.1" 304 - "https://ysfine.com/ysbio/bio07.html" "Mozilla/5.0 (Linux; Android 5.1.1; KFSUWI) AppleWebKit/537.36 (KHTML, like Gecko) Silk/104.3.37 like Chrome/104.0.5112.126 Safari/537.36" "ysfine.com"
157.55.39.65 - - [07/Nov/2022:22:28:31 -0800] "GET /dirac/dirbust22c.jpg HTTP/1.1" 200 36029 "-" "Mozilla/5.0 (compatible; bingbot/2.0; +http://www.bing.com/bingbot.htm)" "www.ysfine.com"
17.121.112.123 - - [07/Nov/2022:22:28:36 -0800] "GET /home/comet01b.jpg HTTP/1.1" 200 53465 "-" "Mozilla/5.0 (Macintosh; Intel Mac OS X 10_15_5) AppleWebKit/605.1.15 (KHTML, like Gecko) Version/13.1.1 Safari/605.1.15 (Applebot/0.1; +http://www.apple.com/go/applebot)" "www.ysfine.com"
20.191.45.212 - - [07/Nov/2022:22:29:06 -0800] "GET / HTTP/1.1" 200 5283 "https://ysfine.com/" "Mozilla/5.0 (compatible; DuckDuckGo-Favicons-Bot/1.0; +http://duckduckgo.com)" "ysfine.com"
20.191.45.212 - - [07/Nov/2022:22:29:06 -0800] "GET /favicon.ico HTTP/1.1" 404 88 "https://ysfine.com/favicon.ico" "Mozilla/5.0 (compatible; DuckDuckGo-Favicons-Bot/1.0; +http://duckduckgo.com)" "ysfine.com"
20.191.45.212 - - [07/Nov/2022:22:29:07 -0800] "GET /favicon.ico HTTP/1.1" 404 88 "https://ysfine.com/favicon.ico" "Mozilla/5.0 (compatible; DuckDuckGo-Favicons-Bot/1.0; +http://duckduckgo.com)" "ysfine.com"
51.222.253.5 - - [07/Nov/2022:22:29:39 -0800] "GET /ysbio/world/ysworld.html HTTP/1.1" 200 3194 "-" "Mozilla/5.0 (compatible; AhrefsBot/7.0; +http://ahrefs.com/robot/)" "ysfine.com"
195.123.240.173 - - [07/Nov/2022:22:29:54 -0800] "GET /ysbio/maga/weyl.html HTTP/1.1" 200 4239 "-" "Mozilla/5.0 (X11; Linux x86_64) AppleWebKit/537.36 (KHTML, like Gecko) Chrome/85.0.4183.83 Safari/537.36" "ysfine.com"
40.86.101.254 - - [07/Nov/2022:22:30:28 -0800] "GET /sbk/2016spb33c.jpg HTTP/1.1" 200 37180 "https://ysfine.com/sbk" "Mozilla/5.0 (iPhone; CPU iPhone OS 13_5_1 like Mac OS X) AppleWebKit/605.1.15 (KHTML, like Gecko) Version/13.1.1 Mobile/15E148 Safari/604.1" "ysfine.com"
40.122.227.201 - - [07/Nov/2022:22:30:30 -0800] "GET /wdc/vernon02b.jpg HTTP/1.1" 200 36607 "http://ysfine.com/wdc" "Mozilla/5.0 (Windows NT 10.0; Win64; x64) AppleWebKit/537.36 (KHTML, like Gecko) Chrome/74.0.3729.157 Safari/537.36" "ysfine.com"
157.55.39.17 - - [07/Nov/2022:22:30:37 -0800] "GET /bio/einstein/einfine.html HTTP/1.1" 404 88 "-" "Mozilla/5.0 (compatible; bingbot/2.0; +http://www.bing.com/bingbot.htm)" "ysfine.com"
157.55.39.76 - - [07/Nov/2022:22:30:48 -0800] "GET /style/vienopera22.jpg HTTP/1.1" 200 125468 "-" "Mozilla/5.0 AppleWebKit/537.36 (KHTML, like Gecko; compatible; bingbot/2.0; +http://www.bing.com/bingbot.htm) Chrome/103.0.5060.134 Safari/537.36" "www.ysfine.com"
40.77.167.27 - - [07/Nov/2022:22:30:54 -0800] "GET /houses/house45b.jpg HTTP/1.1" 200 35359 "-" "Mozilla/5.0 (compatible; bingbot/2.0; +http://www.bing.com/bingbot.htm)" "ysfine.com"
73.98.243.138 - - [07/Nov/2022:22:31:05 -0800] "GET /favicon.ico HTTP/1.1" 404 88 "-" "Mozilla/5.0 (X11; Linux x86_64; rv:102.0) Gecko/20100101 Goanna/5.2 Firefox/102.0 PaleMoon/31.3.1" "ysfine.com"
73.98.243.138 - - [07/Nov/2022:22:31:06 -0800] "GET /favicon.ico HTTP/1.1" 404 88 "-" "Mozilla/5.0 (X11; Linux x86_64; rv:102.0) Gecko/20100101 Goanna/5.2 Firefox/102.0 PaleMoon/31.3.1" "ysfine.com"
157.55.39.76 - - [07/Nov/2022:22:31:48 -0800] "GET /style/alexandrov11.jpg HTTP/1.1" 200 186993 "-" "Mozilla/5.0 AppleWebKit/537.36 (KHTML, like Gecko; compatible; bingbot/2.0; +http://www.bing.com/bingbot.htm) Chrome/103.0.5060.134 Safari/537.36" "ysfine.com"
40.77.51.85 - - [07/Nov/2022:22:32:13 -0800] "GET /world/poland/polstu26c.jpg HTTP/1.1" 200 39364 "https://ysfine.com/world/poland" "Mozilla/5.0 (iPhone; CPU iPhone OS 13_5_1 like Mac OS X) AppleWebKit/605.1.15 (KHTML, like Gecko) Version/13.1.1 Mobile/15E148 Safari/604.1" "ysfine.com"
20.106.27.209 - - [07/Nov/2022:22:32:34 -0800] "GET /style/venus08b.jpg HTTP/1.1" 200 51609 "https://ysfine.com/style" "Mozilla/5.0 (Linux; Android 10; SM-G960U) AppleWebKit/537.36 (KHTML, like Gecko) Chrome/88.0.4324.181 Mobile Safari/537.36" "ysfine.com"
13.67.228.136 - - [07/Nov/2022:22:32:49 -0800] "GET /style/kievopera77b.jpg HTTP/1.1" 200 43046 "http://ysfine.com/style" "Mozilla/5.0 (Linux; Android 10; SM-G960U) AppleWebKit/537.36 (KHTML, like Gecko) Chrome/88.0.4324.181 Mobile Safari/537.36" "ysfine.com"
157.55.39.65 - - [07/Nov/2022:22:33:11 -0800] "GET /style/kievopera44.jpg HTTP/1.1" 200 108286 "-" "Mozilla/5.0 (compatible; bingbot/2.0; +http://www.bing.com/bingbot.htm)" "ysfine.com"
40.77.167.27 - - [07/Nov/2022:22:33:16 -0800] "GET /world/ital/romef113.jpg HTTP/1.1" 200 106334 "-" "Mozilla/5.0 (compatible; bingbot/2.0; +http://www.bing.com/bingbot.htm)" "ysfine.com"
40.77.167.27 - - [07/Nov/2022:22:33:16 -0800] "GET /home/comet10b.jpg HTTP/1.1" 200 63249 "-" "Mozilla/5.0 (compatible; bingbot/2.0; +http://www.bing.com/bingbot.htm)" "ysfine.com"
40.77.51.85 - - [07/Nov/2022:22:33:27 -0800] "GET /world/ital/murano07b.jpg HTTP/1.1" 200 42451 "http://ysfine.com/world/ital" "Mozilla/5.0 (Windows NT 10.0; Win64; x64) AppleWebKit/537.36 (KHTML, like Gecko) Chrome/74.0.3729.157 Safari/537.36" "ysfine.com"
157.55.39.65 - - [07/Nov/2022:22:33:31 -0800] "GET /world/brit/harrod08.jpg HTTP/1.1" 200 109317 "-" "Mozilla/5.0 AppleWebKit/537.36 (KHTML, like Gecko; compatible; bingbot/2.0; +http://www.bing.com/bingbot.htm) Chrome/103.0.5060.134 Safari/537.36" "ysfine.com"
157.55.39.65 - - [07/Nov/2022:22:33:32 -0800] "GET /bio/style/ystyle.html HTTP/1.1" 404 88 "-" "Mozilla/5.0 (compatible; bingbot/2.0; +http://www.bing.com/bingbot.htm)" "ysfine.com"
77.75.76.160 - - [07/Nov/2022:22:33:35 -0800] "GET /robots.txt HTTP/1.1" 404 88 "-" "Mozilla/5.0 (compatible; SeznamBot/3.2; +http://napoveda.seznam.cz/en/seznambot-intro/)" "ysfine.com"
77.75.76.160 - - [07/Nov/2022:22:33:37 -0800] "GET /style/cameras/beijing95.jpg HTTP/1.1" 200 94883 "-" "Mozilla/5.0 (compatible; SeznamBot/3.2; +http://napoveda.seznam.cz/en/seznambot-intro/)" "ysfine.com"
77.75.76.160 - - [07/Nov/2022:22:33:40 -0800] "GET /world/baltic/lithu05.jpg HTTP/1.1" 304 - "-" "Mozilla/5.0 (compatible; SeznamBot/3.2; +http://napoveda.seznam.cz/en/seznambot-intro/)" "ysfine.com"
77.75.76.160 - - [07/Nov/2022:22:33:41 -0800] "GET /world/russ/kazan005.jpg HTTP/1.1" 200 99334 "-" "Mozilla/5.0 (compatible; SeznamBot/3.2; +http://napoveda.seznam.cz/en/seznambot-intro/)" "ysfine.com"
77.75.76.160 - - [07/Nov/2022:22:33:43 -0800] "GET /world/poland/krch06.jpg HTTP/1.1" 304 - "-" "Mozilla/5.0 (compatible; SeznamBot/3.2; +http://napoveda.seznam.cz/en/seznambot-intro/)" "ysfine.com"
77.75.76.160 - - [07/Nov/2022:22:33:43 -0800] "GET /world/russ/minsk034.jpg HTTP/1.1" 200 92534 "-" "Mozilla/5.0 (compatible; SeznamBot/3.2; +http://napoveda.seznam.cz/en/seznambot-intro/)" "ysfine.com"
157.55.39.76 - - [07/Nov/2022:22:34:09 -0800] "GET /world/russ/kiev037.jpg HTTP/1.1" 200 89771 "-" "Mozilla/5.0 (compatible; bingbot/2.0; +http://www.bing.com/bingbot.htm)" "ysfine.com"
40.122.227.201 - - [07/Nov/2022:22:34:32 -0800] "GET /world/france/antibes03b.jpg HTTP/1.1" 200 48883 "http://ysfine.com/world/france" "Mozilla/5.0 (X11; Linux x86_64) AppleWebKit/537.36 (KHTML, like Gecko) Chrome/74.0.3729.169 Safari/537.36" "ysfine.com"
40.77.167.68 - - [07/Nov/2022:22:34:32 -0800] "GET /ysbio/sbk/2010.html HTTP/1.1" 200 14455 "-" "Mozilla/5.0 AppleWebKit/537.36 (KHTML, like Gecko; compatible; bingbot/2.0; +http://www.bing.com/bingbot.htm) Chrome/103.0.5060.134 Safari/537.36" "ysfine.com"
40.77.167.68 - - [07/Nov/2022:22:34:32 -0800] "GET /dirac/hyperell2.jpg HTTP/1.1" 200 29858 "-" "Mozilla/5.0 (compatible; bingbot/2.0; +http://www.bing.com/bingbot.htm)" "ysfine.com"
216.244.66.229 - - [07/Nov/2022:22:35:12 -0800] "GET /einstein/canal11.jpg HTTP/1.1" 200 66497 "-" "Mozilla/5.0 (compatible; DotBot/1.2; +https://opensiteexplorer.org/dotbot; help@moz.com)" "ysfine.com"
216.244.66.229 - - [07/Nov/2022:22:35:13 -0800] "GET /wdc/gtown19.jpg HTTP/1.1" 200 121049 "-" "Mozilla/5.0 (compatible; DotBot/1.2; +https://opensiteexplorer.org/dotbot; help@moz.com)" "ysfine.com"
40.86.101.254 - - [07/Nov/2022:22:35:15 -0800] "GET /friends/kuwait01c.jpg HTTP/1.1" 404 88 "https://ysfine.com/friends" "Mozilla/5.0 (Macintosh; Intel Mac OS X 10_11_6) AppleWebKit/605.1.15 (KHTML, like Gecko) Version/11.1.2 Safari/605.1.15" "ysfine.com"
40.77.167.71 - - [07/Nov/2022:22:35:18 -0800] "GET /world/russ/minsk078.jpg HTTP/1.1" 200 90700 "-" "Mozilla/5.0 (compatible; bingbot/2.0; +http://www.bing.com/bingbot.htm)" "ysfine.com"
216.244.66.229 - - [07/Nov/2022:22:35:20 -0800] "GET /class54/class5470/total_data/sub_135.htm HTTP/1.1" 200 12872 "-" "Mozilla/5.0 (compatible; DotBot/1.2; +https://opensiteexplorer.org/dotbot; help@moz.com)" "ysfine.com"
40.122.195.128 - - [07/Nov/2022:22:35:21 -0800] "GET /eink/emc22b.jpg HTTP/1.1" 200 48131 "https://ysfine.com/eink" "Mozilla/5.0 (Linux; Android 10; SM-G960U) AppleWebKit/537.36 (KHTML, like Gecko) Chrome/88.0.4324.181 Mobile Safari/537.36" "ysfine.com"
216.244.66.229 - - [07/Nov/2022:22:35:23 -0800] "GET /world/russ/czar08.jpg HTTP/1.1" 200 144437 "-" "Mozilla/5.0 (compatible; DotBot/1.2; +https://opensiteexplorer.org/dotbot; help@moz.com)" "ysfine.com"
66.249.66.44 - - [07/Nov/2022:22:35:23 -0800] "GET /world/france/champbenz05.jpg HTTP/1.1" 304 - "-" "Googlebot-Image/1.0" "ysfine.com"
216.244.66.229 - - [07/Nov/2022:22:35:26 -0800] "GET /dirac/nicodem11.jpg HTTP/1.1" 200 240297 "-" "Mozilla/5.0 (compatible; DotBot/1.2; +https://opensiteexplorer.org/dotbot; help@moz.com)" "ysfine.com"
157.55.39.76 - - [07/Nov/2022:22:35:28 -0800] "GET /world/baltic/riga26b.jpg HTTP/1.1" 200 27065 "-" "Mozilla/5.0 (compatible; bingbot/2.0; +http://www.bing.com/bingbot.htm)" "ysfine.com"
157.55.39.76 - - [07/Nov/2022:22:35:29 -0800] "GET /wdc/gtown04.jpg HTTP/1.1" 200 154553 "-" "Mozilla/5.0 (compatible; bingbot/2.0; +http://www.bing.com/bingbot.htm)" "ysfine.com"
157.55.39.17 - - [07/Nov/2022:22:35:31 -0800] "GET /kobak/rhee12.jpg HTTP/1.1" 200 235392 "-" "Mozilla/5.0 (compatible; bingbot/2.0; +http://www.bing.com/bingbot.htm)" "ysfine.com"
40.122.227.201 - - [07/Nov/2022:22:35:41 -0800] "GET /world/russ/mosriver04b.jpg HTTP/1.1" 200 37466 "https://ysfine.com/world/russ" "Mozilla/5.0 (X11; Linux x86_64) AppleWebKit/537.36 (KHTML, like Gecko) Chrome/74.0.3729.169 Safari/537.36" "ysfine.com"
40.77.167.27 - - [07/Nov/2022:22:35:55 -0800] "GET /style/musee/louvre17.jpg HTTP/1.1" 200 85697 "-" "Mozilla/5.0 (compatible; bingbot/2.0; +http://www.bing.com/bingbot.htm)" "ysfine.com"
20.106.28.16 - - [07/Nov/2022:22:36:09 -0800] "GET /wisdom/mil/arisaka99b.jpg HTTP/1.1" 200 48028 "https://ysfine.com/wisdom/mil" "Mozilla/5.0 (Macintosh; Intel Mac OS X 10_11_6) AppleWebKit/605.1.15 (KHTML, like Gecko) Version/11.1.2 Safari/605.1.15" "ysfine.com"
157.55.39.76 - - [07/Nov/2022:22:36:58 -0800] "GET /world/china/beijing021.jpg HTTP/1.1" 200 74546 "-" "Mozilla/5.0 AppleWebKit/537.36 (KHTML, like Gecko; compatible; bingbot/2.0; +http://www.bing.com/bingbot.htm) Chrome/103.0.5060.134 Safari/537.36" "ysfine.com"
157.55.39.76 - - [07/Nov/2022:22:36:59 -0800] "GET /kowar/panmun02b.jpg HTTP/1.1" 200 51595 "-" "Mozilla/5.0 AppleWebKit/537.36 (KHTML, like Gecko; compatible; bingbot/2.0; +http://www.bing.com/bingbot.htm) Chrome/103.0.5060.134 Safari/537.36" "ysfine.com"
51.222.253.20 - - [07/Nov/2022:22:37:25 -0800] "GET /dirac/dirfeyn.html HTTP/1.1" 200 6341 "-" "Mozilla/5.0 (compatible; AhrefsBot/7.0; +http://ahrefs.com/robot/)" "ysfine.com"
40.122.227.200 - - [07/Nov/2022:22:37:28 -0800] "GET /world/brit/lonstore01.jpg HTTP/1.1" 200 104668 "https://ysfine.com/world/brit" "Mozilla/5.0 (X11; Linux x86_64) AppleWebKit/537.36 (KHTML, like Gecko) Chrome/74.0.3729.169 Safari/537.36" "ysfine.com"
40.77.167.71 - - [07/Nov/2022:22:37:29 -0800] "GET /kobak/sorae/grandpa11b.jpg HTTP/1.1" 200 20714 "-" "Mozilla/5.0 (compatible; bingbot/2.0; +http://www.bing.com/bingbot.htm)" "www.ysfine.com"
51.222.253.12 - - [07/Nov/2022:22:37:31 -0800] "GET /dirac/sq73c.jpg HTTP/1.1" 200 35501 "-" "Mozilla/5.0 (compatible; AhrefsBot/7.0; +http://ahrefs.com/robot/)" "ysfine.com"
51.222.253.11 - - [07/Nov/2022:22:37:34 -0800] "GET /wigner/wigkim11c.jpg HTTP/1.1" 200 30443 "-" "Mozilla/5.0 (compatible; AhrefsBot/7.0; +http://ahrefs.com/robot/)" "ysfine.com"
51.222.253.4 - - [07/Nov/2022:22:37:39 -0800] "GET /dirac/nicodem11c.jpg HTTP/1.1" 200 72684 "-" "Mozilla/5.0 (compatible; AhrefsBot/7.0; +http://ahrefs.com/robot/)" "ysfine.com"
51.222.253.17 - - [07/Nov/2022:22:37:48 -0800] "GET /dirac/dfkim11c.jpg HTTP/1.1" 200 34801 "-" "Mozilla/5.0 (compatible; AhrefsBot/7.0; +http://ahrefs.com/robot/)" "ysfine.com"
51.222.253.16 - - [07/Nov/2022:22:37:54 -0800] "GET /dirac/2osc22c.jpg HTTP/1.1" 200 28929 "-" "Mozilla/5.0 (compatible; AhrefsBot/7.0; +http://ahrefs.com/robot/)" "ysfine.com"
51.222.253.13 - - [07/Nov/2022:22:37:59 -0800] "GET /feynman/jacdrum11c.jpg HTTP/1.1" 200 39178 "-" "Mozilla/5.0 (compatible; AhrefsBot/7.0; +http://ahrefs.com/robot/)" "ysfine.com"
51.222.253.5 - - [07/Nov/2022:22:38:06 -0800] "GET /people/sbt11c.jpg HTTP/1.1" 200 31479 "-" "Mozilla/5.0 (compatible; AhrefsBot/7.0; +http://ahrefs.com/robot/)" "ysfine.com"
51.222.253.14 - - [07/Nov/2022:22:38:08 -0800] "GET /eink/eink61c.jpg HTTP/1.1" 200 34119 "-" "Mozilla/5.0 (compatible; AhrefsBot/7.0; +http://ahrefs.com/robot/)" "ysfine.com"
40.77.51.81 - - [07/Nov/2022:22:38:11 -0800] "GET /world/brit/lonstore05.jpg HTTP/1.1" 200 81384 "https://ysfine.com/world/brit" "Mozilla/5.0 (X11; Linux x86_64) AppleWebKit/537.36 (KHTML, like Gecko) Chrome/74.0.3729.169 Safari/537.36" "ysfine.com"
51.222.253.6 - - [07/Nov/2022:22:38:14 -0800] "GET /wigner/isomor66c.jpg HTTP/1.1" 200 47632 "-" "Mozilla/5.0 (compatible; AhrefsBot/7.0; +http://ahrefs.com/robot/)" "ysfine.com"
51.222.253.7 - - [07/Nov/2022:22:38:20 -0800] "GET /dirac/dirackn33c.jpg HTTP/1.1" 200 50420 "-" "Mozilla/5.0 (compatible; AhrefsBot/7.0; +http://ahrefs.com/robot/)" "ysfine.com"
40.77.167.68 - - [07/Nov/2022:22:38:53 -0800] "GET /world/germany/verein11.jpg HTTP/1.1" 200 83100 "-" "Mozilla/5.0 AppleWebKit/537.36 (KHTML, like Gecko; compatible; bingbot/2.0; +http://www.bing.com/bingbot.htm) Chrome/103.0.5060.134 Safari/537.36" "www.ysfine.com"
40.122.227.202 - - [07/Nov/2022:22:39:44 -0800] "GET /world/germany/berlin047b.jpg HTTP/1.1" 200 27592 "http://ysfine.com/world/germany" "Mozilla/5.0 (Windows NT 10.0; Win64; x64) AppleWebKit/537.36 (KHTML, like Gecko) Chrome/74.0.3729.157 Safari/537.36" "ysfine.com"
40.77.167.71 - - [07/Nov/2022:22:40:50 -0800] "GET /world/germany/vienna07.jpg HTTP/1.1" 200 96133 "-" "Mozilla/5.0 AppleWebKit/537.36 (KHTML, like Gecko; compatible; bingbot/2.0; +http://www.bing.com/bingbot.htm) Chrome/103.0.5060.134 Safari/537.36" "www.ysfine.com"
40.77.167.71 - - [07/Nov/2022:22:41:10 -0800] "GET /home/facu63c.jpg HTTP/1.1" 200 41710 "-" "Mozilla/5.0 (compatible; bingbot/2.0; +http://www.bing.com/bingbot.htm)" "ysfine.com"
40.77.167.27 - - [07/Nov/2022:22:41:15 -0800] "GET /home/comet55.jpg HTTP/1.1" 200 130274 "-" "Mozilla/5.0 AppleWebKit/537.36 (KHTML, like Gecko; compatible; bingbot/2.0; +http://www.bing.com/bingbot.htm) Chrome/103.0.5060.134 Safari/537.36" "ysfine.com"
20.109.241.96 - - [07/Nov/2022:22:41:58 -0800] "GET /friends/frsp01b.jpg HTTP/1.1" 404 88 "http://ysfine.com/friends" "Mozilla/5.0 (Macintosh; Intel Mac OS X 10_11_6) AppleWebKit/605.1.15 (KHTML, like Gecko) Version/11.1.2 Safari/605.1.15" "ysfine.com"
157.55.39.65 - - [07/Nov/2022:22:42:32 -0800] "GET /world/baltic/tallin35.jpg HTTP/1.1" 200 203538 "-" "Mozilla/5.0 (compatible; bingbot/2.0; +http://www.bing.com/bingbot.htm)" "www.ysfine.com"
18.204.166.15 - - [07/Nov/2022:22:42:40 -0800] "GET /maga/invent/wright01.jpg HTTP/1.1" 200 176029 "-" "Mozilla/5.0 (Windows NT 10.0) AppleWebKit/537.36 (KHTML, like Gecko) Chrome/86.0.8810.3391 Safari/537.36 Edge/18.14383" "ysfine.com"
157.55.39.17 - - [07/Nov/2022:22:42:57 -0800] "GET /einstein/places/ulm11b.jpg HTTP/1.1" 200 35828 "-" "Mozilla/5.0 AppleWebKit/537.36 (KHTML, like Gecko; compatible; bingbot/2.0; +http://www.bing.com/bingbot.htm) Chrome/103.0.5060.134 Safari/537.36" "www.ysfine.com"
182.69.181.118 - - [07/Nov/2022:22:43:11 -0800] "GET /wigner/maxwig44.jpg HTTP/1.1" 200 104315 "https://www.google.com/" "Mozilla/5.0 (Macintosh; Intel Mac OS X 10.15; rv:106.0) Gecko/20100101 Firefox/106.0" "ysfine.com"
40.77.167.27 - - [07/Nov/2022:22:43:36 -0800] "GET /wdc/stud72.jpg HTTP/1.1" 200 113626 "-" "Mozilla/5.0 (compatible; bingbot/2.0; +http://www.bing.com/bingbot.htm)" "ysfine.com"
40.86.101.166 - - [07/Nov/2022:22:44:05 -0800] "GET /maga/phys/solvayc27c.jpg HTTP/1.1" 200 53464 "http://ysfine.com/maga/phys" "Mozilla/5.0 (Windows NT 10.0; Win64; x64) AppleWebKit/537.36 (KHTML, like Gecko) Chrome/74.0.3729.157 Safari/537.36" "ysfine.com"
40.86.101.164 - - [07/Nov/2022:22:44:09 -0800] "GET /princeton/butler77.jpg HTTP/1.1" 200 104266 "https://ysfine.com/princeton" "Mozilla/5.0 (Windows NT 10.0; Win64; x64) AppleWebKit/537.36 (KHTML, like Gecko) Chrome/74.0.3729.157 Safari/537.36" "ysfine.com"
157.55.39.76 - - [07/Nov/2022:22:44:20 -0800] "GET /bio/bio03.html HTTP/1.1" 404 88 "-" "Mozilla/5.0 (compatible; bingbot/2.0; +http://www.bing.com/bingbot.htm)" "ysfine.com"
40.122.230.189 - - [07/Nov/2022:22:44:23 -0800] "GET /world/france/sorbonne02b.jpg HTTP/1.1" 200 47459 "https://ysfine.com/world/france" "Mozilla/5.0 (X11; Linux x86_64) AppleWebKit/537.36 (KHTML, like Gecko) Chrome/74.0.3729.169 Safari/537.36" "ysfine.com"
40.77.167.68 - - [07/Nov/2022:22:44:34 -0800] "GET /style/musee/berlinmus24.jpg HTTP/1.1" 200 120816 "-" "Mozilla/5.0 (compatible; bingbot/2.0; +http://www.bing.com/bingbot.htm)" "ysfine.com"
216.244.66.229 - - [07/Nov/2022:22:44:41 -0800] "GET /robots.txt HTTP/1.1" 404 73 "-" "Mozilla/5.0 (compatible; DotBot/1.2; +https://opensiteexplorer.org/dotbot; help@moz.com)" "ysfine.com"
216.244.66.229 - - [07/Nov/2022:22:44:41 -0800] "GET /robots.txt HTTP/1.1" 404 73 "-" "Mozilla/5.0 (compatible; DotBot/1.2; +https://opensiteexplorer.org/dotbot; help@moz.com)" "www.ysfine.com"
157.55.39.65 - - [07/Nov/2022:22:44:42 -0800] "GET /home/bio04.html HTTP/1.1" 404 88 "-" "Mozilla/5.0 AppleWebKit/537.36 (KHTML, like Gecko; compatible; bingbot/2.0; +http://www.bing.com/bingbot.htm) Chrome/103.0.5060.134 Safari/537.36" "www.ysfine.com"
51.222.253.9 - - [07/Nov/2022:22:45:31 -0800] "GET /dirac/wigsis.html HTTP/1.1" 200 10275 "-" "Mozilla/5.0 (compatible; AhrefsBot/7.0; +http://ahrefs.com/robot/)" "ysfine.com"
35.237.226.83 - - [07/Nov/2022:22:45:40 -0800] "GET /robots.txt HTTP/1.1" 404 88 "-" "ZoominfoBot (zoominfobot at zoominfo dot com)" "ysfine.com"
35.237.226.83 - - [07/Nov/2022:22:45:40 -0800] "GET /robots.txt HTTP/1.1" 404 88 "-" "ZoominfoBot (zoominfobot at zoominfo dot com)" "ysfine.com"
35.237.226.83 - - [07/Nov/2022:22:45:40 -0800] "GET / HTTP/1.1" 200 5283 "-" "ZoominfoBot (zoominfobot at zoominfo dot com)" "ysfine.com"
157.55.39.65 - - [07/Nov/2022:22:45:42 -0800] "GET /saram/g104.jpg HTTP/1.1" 200 57423 "-" "Mozilla/5.0 AppleWebKit/537.36 (KHTML, like Gecko; compatible; bingbot/2.0; +http://www.bing.com/bingbot.htm) Chrome/103.0.5060.134 Safari/537.36" "www.ysfine.com"
40.78.141.94 - - [07/Nov/2022:22:45:51 -0800] "GET /world/brit/lonstore06.jpg HTTP/1.1" 200 76080 "http://ysfine.com/world/brit" "Mozilla/5.0 (Linux; Android 10; SM-G960U) AppleWebKit/537.36 (KHTML, like Gecko) Chrome/88.0.4324.181 Mobile Safari/537.36" "ysfine.com"
157.55.39.17 - - [07/Nov/2022:22:45:58 -0800] "GET /world/russ/kilin102.jpg HTTP/1.1" 200 99006 "-" "Mozilla/5.0 AppleWebKit/537.36 (KHTML, like Gecko; compatible; bingbot/2.0; +http://www.bing.com/bingbot.htm) Chrome/103.0.5060.134 Safari/537.36" "ysfine.com"
40.122.227.202 - - [07/Nov/2022:22:46:15 -0800] "GET /maga/phil/threewise01b.jpg HTTP/1.1" 200 51219 "https://ysfine.com/maga/phil" "Mozilla/5.0 (Windows NT 10.0; Win64; x64) AppleWebKit/537.36 (KHTML, like Gecko) Chrome/74.0.3729.157 Safari/537.36" "ysfine.com"
129.227.30.240 - - [07/Nov/2022:22:46:20 -0800] "GET /maga/invent/wright01.jpg HTTP/1.1" 200 176029 "-" "Mozilla/5.0 (X11; Ubuntu; Linux x86_64; rv:72.0) Gecko/20100101 Firefox/72.0" "ysfine.com"
71.51.174.90 - - [07/Nov/2022:22:46:30 -0800] "GET /ysbio/world/ital/galmil.html HTTP/1.1" 200 1084 "https://www.bing.com/" "Mozilla/5.0 (Windows NT 10.0; Win64; x64) AppleWebKit/537.36 (KHTML, like Gecko) Chrome/107.0.0.0 Safari/537.36 Edg/107.0.1418.35" "ysfine.com"
71.51.174.90 - - [07/Nov/2022:22:46:30 -0800] "GET /ysbio/world/ital/sapienza18.jpg HTTP/1.1" 200 44196 "https://ysfine.com/ysbio/world/ital/galmil.html" "Mozilla/5.0 (Windows NT 10.0; Win64; x64) AppleWebKit/537.36 (KHTML, like Gecko) Chrome/107.0.0.0 Safari/537.36 Edg/107.0.1418.35" "ysfine.com"
71.51.174.90 - - [07/Nov/2022:22:46:30 -0800] "GET /favicon.ico HTTP/1.1" 404 88 "https://ysfine.com/ysbio/world/ital/galmil.html" "Mozilla/5.0 (Windows NT 10.0; Win64; x64) AppleWebKit/537.36 (KHTML, like Gecko) Chrome/107.0.0.0 Safari/537.36 Edg/107.0.1418.35" "ysfine.com"
40.122.195.128 - - [07/Nov/2022:22:46:34 -0800] "GET /world/china/beijing010c.jpg HTTP/1.1" 200 33254 "https://ysfine.com/world/china" "Mozilla/5.0 (X11; Linux x86_64) AppleWebKit/537.36 (KHTML, like Gecko) Chrome/74.0.3729.169 Safari/537.36" "ysfine.com"
40.77.167.68 - - [07/Nov/2022:22:47:23 -0800] "GET /princeton/wightman60.pdf HTTP/1.1" 200 157258 "-" "Mozilla/5.0 (compatible; bingbot/2.0; +http://www.bing.com/bingbot.htm)" "www.ysfine.com"
157.55.39.65 - - [07/Nov/2022:22:47:24 -0800] "GET /kobak/sorae01b.jpg HTTP/1.1" 200 31668 "-" "Mozilla/5.0 AppleWebKit/537.36 (KHTML, like Gecko; compatible; bingbot/2.0; +http://www.bing.com/bingbot.htm) Chrome/103.0.5060.134 Safari/537.36" "ysfine.com"
40.122.32.170 - - [07/Nov/2022:22:47:25 -0800] "GET /friends/aline/panam55b.jpg HTTP/1.1" 404 88 "http://ysfine.com/friends/aline" "Mozilla/5.0 (Windows NT 10.0; Win64; x64) AppleWebKit/537.36 (KHTML, like Gecko) Chrome/74.0.3729.157 Safari/537.36" "ysfine.com"
71.51.174.90 - - [07/Nov/2022:22:47:26 -0800] "GET /favicon.ico HTTP/1.1" 404 88 "https://www.newyorker.com/magazine/2008/06/02/return-to-paradise" "Mozilla/5.0 (Windows NT 10.0; Win64; x64) AppleWebKit/537.36 (KHTML, like Gecko) Chrome/107.0.0.0 Safari/537.36 Edg/107.0.1418.35" "ysfine.com"
40.77.167.27 - - [07/Nov/2022:22:47:29 -0800] "GET /wdc/sakura02.jpg HTTP/1.1" 200 135045 "-" "Mozilla/5.0 (compatible; bingbot/2.0; +http://www.bing.com/bingbot.htm)" "www.ysfine.com"
216.244.66.229 - - [07/Nov/2022:22:47:32 -0800] "GET /princeton/campus.html HTTP/1.1" 200 47839 "-" "Mozilla/5.0 (compatible; DotBot/1.2; +https://opensiteexplorer.org/dotbot; help@moz.com)" "ysfine.com"
40.86.101.165 - - [07/Nov/2022:22:47:46 -0800] "GET /world/ital/flor023b.jpg HTTP/1.1" 200 44340 "https://ysfine.com/world/ital" "Mozilla/5.0 (Macintosh; Intel Mac OS X 10_11_6) AppleWebKit/605.1.15 (KHTML, like Gecko) Version/11.1.2 Safari/605.1.15" "ysfine.com"
216.244.66.229 - - [07/Nov/2022:22:47:55 -0800] "GET /ffriends/garden.html HTTP/1.1" 200 125671 "-" "Mozilla/5.0 (compatible; DotBot/1.2; +https://opensiteexplorer.org/dotbot; help@moz.com)" "ysfine.com"
216.244.66.229 - - [07/Nov/2022:22:47:58 -0800] "GET /style/songs.html HTTP/1.1" 200 104804 "-" "Mozilla/5.0 (compatible; DotBot/1.2; +https://opensiteexplorer.org/dotbot; help@moz.com)" "ysfine.com"
40.122.227.201 - - [07/Nov/2022:22:47:59 -0800] "GET /maga/phys/schrod11.jpg HTTP/1.1" 200 107958 "http://www.ysfine.com/maga/phys" "Mozilla/5.0 (Macintosh; Intel Mac OS X 10_11_6) AppleWebKit/605.1.15 (KHTML, like Gecko) Version/11.1.2 Safari/605.1.15" "www.ysfine.com"
216.244.66.229 - - [07/Nov/2022:22:48:15 -0800] "GET /home/fotos/dirac1939.jpg HTTP/1.1" 200 211772 "-" "Mozilla/5.0 (compatible; DotBot/1.2; +https://opensiteexplorer.org/dotbot; help@moz.com)" "ysfine.com"
20.106.27.209 - - [07/Nov/2022:22:48:23 -0800] "GET /world/ital/padova09b.jpg HTTP/1.1" 200 39858 "http://www.ysfine.com/world/ital" "Mozilla/5.0 (Windows NT 10.0; Win64; x64) AppleWebKit/537.36 (KHTML, like Gecko) Chrome/74.0.3729.157 Safari/537.36" "www.ysfine.com"
40.122.227.202 - - [07/Nov/2022:22:48:39 -0800] "GET /world/baltic/kalin11b.jpg HTTP/1.1" 200 32717 "https://ysfine.com/world/baltic" "Mozilla/5.0 (Macintosh; Intel Mac OS X 10_11_6) AppleWebKit/605.1.15 (KHTML, like Gecko) Version/11.1.2 Safari/605.1.15" "ysfine.com"
40.77.167.68 - - [07/Nov/2022:22:48:44 -0800] "GET /bio/style/rieu.html HTTP/1.1" 404 88 "-" "Mozilla/5.0 (compatible; bingbot/2.0; +http://www.bing.com/bingbot.htm)" "ysfine.com"
20.12.191.74 - - [07/Nov/2022:22:48:48 -0800] "GET /feynman/ppic/tdil01b.jpg HTTP/1.1" 200 602488 "https://ysfine.com/feynman/ppic" "Mozilla/5.0 (Macintosh; Intel Mac OS X 10_11_6) AppleWebKit/605.1.15 (KHTML, like Gecko) Version/11.1.2 Safari/605.1.15" "ysfine.com"
216.244.66.229 - - [07/Nov/2022:22:48:51 -0800] "GET /class54/weheard.html HTTP/1.1" 200 16714 "-" "Mozilla/5.0 (compatible; DotBot/1.2; +https://opensiteexplorer.org/dotbot; help@moz.com)" "ysfine.com"
216.244.66.229 - - [07/Nov/2022:22:49:00 -0800] "GET /wisdom/wk08.html HTTP/1.1" 200 89456 "-" "Mozilla/5.0 (compatible; DotBot/1.2; +https://opensiteexplorer.org/dotbot; help@moz.com)" "ysfine.com"
216.244.66.229 - - [07/Nov/2022:22:49:09 -0800] "GET /world/china/shenyang.html HTTP/1.1" 200 14473 "-" "Mozilla/5.0 (compatible; DotBot/1.2; +https://opensiteexplorer.org/dotbot; help@moz.com)" "ysfine.com"
20.106.28.17 - - [07/Nov/2022:22:49:18 -0800] "GET /world/russ/khahi33.jpg HTTP/1.1" 200 102600 "http://ysfine.com/world/russ" "Mozilla/5.0 (X11; Linux x86_64) AppleWebKit/537.36 (KHTML, like Gecko) Chrome/74.0.3729.169 Safari/537.36" "ysfine.com"
216.244.66.229 - - [07/Nov/2022:22:49:26 -0800] "GET /maga/keigel22.html HTTP/1.1" 200 12663 "-" "Mozilla/5.0 (compatible; DotBot/1.2; +https://opensiteexplorer.org/dotbot; help@moz.com)" "ysfine.com"
173.73.77.36 - - [07/Nov/2022:22:49:30 -0800] "GET /ysbio/bio07.html HTTP/1.1" 200 5097 "https://www.ysfine.com/ys11/index.html" "Mozilla/5.0 (Windows NT 10.0; Win64; x64) AppleWebKit/537.36 (KHTML, like Gecko) Chrome/107.0.0.0 Safari/537.36 Edg/107.0.1418.35" "www.ysfine.com"
216.244.66.229 - - [07/Nov/2022:22:49:31 -0800] "GET /world/ital/vatim05.jpg HTTP/1.1" 200 63084 "-" "Mozilla/5.0 (compatible; DotBot/1.2; +https://opensiteexplorer.org/dotbot; help@moz.com)" "ysfine.com"
216.244.66.229 - - [07/Nov/2022:22:49:40 -0800] "GET /feynman/feyprince2.jpg HTTP/1.1" 200 49143 "-" "Mozilla/5.0 (compatible; DotBot/1.2; +https://opensiteexplorer.org/dotbot; help@moz.com)" "ysfine.com"
216.244.66.229 - - [07/Nov/2022:22:49:44 -0800] "GET /friends/amkor/koprof01.jpg HTTP/1.1" 404 73 "-" "Mozilla/5.0 (compatible; DotBot/1.2; +https://opensiteexplorer.org/dotbot; help@moz.com)" "ysfine.com"
216.244.66.229 - - [07/Nov/2022:22:49:47 -0800] "GET /style/bolshoi33.jpg HTTP/1.1" 200 90561 "-" "Mozilla/5.0 (compatible; DotBot/1.2; +https://opensiteexplorer.org/dotbot; help@moz.com)" "ysfine.com"
157.55.39.17 - - [07/Nov/2022:22:49:50 -0800] "GET /bio/einstein/bern.html HTTP/1.1" 404 88 "-" "Mozilla/5.0 (compatible; bingbot/2.0; +http://www.bing.com/bingbot.htm)" "ysfine.com"
173.73.77.36 - - [07/Nov/2022:22:49:50 -0800] "GET /ysbio/sing.html HTTP/1.1" 200 2883 "-" "Mozilla/5.0 (Windows NT 10.0; Win64; x64) AppleWebKit/537.36 (KHTML, like Gecko) Chrome/107.0.0.0 Safari/537.36 Edg/107.0.1418.35" "www.ysfine.com"
173.73.77.36 - - [07/Nov/2022:22:49:50 -0800] "GET /ysbio/wigner62c.jpg HTTP/1.1" 200 41727 "https://www.ysfine.com/ysbio/sing.html" "Mozilla/5.0 (Windows NT 10.0; Win64; x64) AppleWebKit/537.36 (KHTML, like Gecko) Chrome/107.0.0.0 Safari/537.36 Edg/107.0.1418.35" "www.ysfine.com"
173.73.77.36 - - [07/Nov/2022:22:49:50 -0800] "GET /ysbio/eink61c.jpg HTTP/1.1" 200 30120 "https://www.ysfine.com/ysbio/sing.html" "Mozilla/5.0 (Windows NT 10.0; Win64; x64) AppleWebKit/537.36 (KHTML, like Gecko) Chrome/107.0.0.0 Safari/537.36 Edg/107.0.1418.35" "www.ysfine.com"
173.73.77.36 - - [07/Nov/2022:22:49:50 -0800] "GET /ysbio/ewk86k.jpg HTTP/1.1" 200 103154 "https://www.ysfine.com/ysbio/sing.html" "Mozilla/5.0 (Windows NT 10.0; Win64; x64) AppleWebKit/537.36 (KHTML, like Gecko) Chrome/107.0.0.0 Safari/537.36 Edg/107.0.1418.35" "www.ysfine.com"
40.86.101.165 - - [07/Nov/2022:22:49:52 -0800] "GET /style/musee/minsk034b.jpg HTTP/1.1" 200 40968 "http://ysfine.com/style/musee" "Mozilla/5.0 (Linux; Android 10; SM-G960U) AppleWebKit/537.36 (KHTML, like Gecko) Chrome/88.0.4324.181 Mobile Safari/537.36" "ysfine.com"
40.77.167.68 - - [07/Nov/2022:22:49:54 -0800] "GET /world/russ/bolshoi66.jpg HTTP/1.1" 200 79376 "-" "Mozilla/5.0 AppleWebKit/537.36 (KHTML, like Gecko; compatible; bingbot/2.0; +http://www.bing.com/bingbot.htm) Chrome/103.0.5060.134 Safari/537.36" "ysfine.com"
216.244.66.229 - - [07/Nov/2022:22:50:01 -0800] "GET /world/baltic/estof27.jpg HTTP/1.1" 200 193717 "-" "Mozilla/5.0 (compatible; DotBot/1.2; +https://opensiteexplorer.org/dotbot; help@moz.com)" "ysfine.com"
20.106.24.246 - - [07/Nov/2022:22:50:36 -0800] "GET /wigner/wig39fb.jpg HTTP/1.1" 200 38434 "https://ysfine.com/wigner" "Mozilla/5.0 (iPhone; CPU iPhone OS 13_5_1 like Mac OS X) AppleWebKit/605.1.15 (KHTML, like Gecko) Version/13.1.1 Mobile/15E148 Safari/604.1" "ysfine.com"
157.55.39.17 - - [07/Nov/2022:22:50:38 -0800] "GET /world/israel/jeruf01.jpg HTTP/1.1" 200 221371 "-" "Mozilla/5.0 AppleWebKit/537.36 (KHTML, like Gecko; compatible; bingbot/2.0; +http://www.bing.com/bingbot.htm) Chrome/103.0.5060.134 Safari/537.36" "ysfine.com"
216.244.66.229 - - [07/Nov/2022:22:50:39 -0800] "GET /world/baltic/kalin34.jpg HTTP/1.1" 200 83361 "-" "Mozilla/5.0 (compatible; DotBot/1.2; +https://opensiteexplorer.org/dotbot; help@moz.com)" "ysfine.com"
157.55.39.76 - - [07/Nov/2022:22:51:00 -0800] "GET /maga/phys/farad27b.jpg HTTP/1.1" 200 36986 "-" "Mozilla/5.0 (compatible; bingbot/2.0; +http://www.bing.com/bingbot.htm)" "ysfine.com"
216.244.66.229 - - [07/Nov/2022:22:51:10 -0800] "GET /world/baltic/riga12.jpg HTTP/1.1" 200 89059 "-" "Mozilla/5.0 (compatible; DotBot/1.2; +https://opensiteexplorer.org/dotbot; help@moz.com)" "ysfine.com"
157.55.39.65 - - [07/Nov/2022:22:51:13 -0800] "GET /bio/pquartet.html HTTP/1.1" 404 88 "-" "Mozilla/5.0 (compatible; bingbot/2.0; +http://www.bing.com/bingbot.htm)" "ysfine.com"
173.73.77.36 - - [07/Nov/2022:22:51:17 -0800] "GET /ysbio/awards/index.html HTTP/1.1" 200 10049 "https://www.ysfine.com/ysbio/bio07.html" "Mozilla/5.0 (Windows NT 10.0; Win64; x64) AppleWebKit/537.36 (KHTML, like Gecko) Chrome/107.0.0.0 Safari/537.36 Edg/107.0.1418.35" "www.ysfine.com"
173.73.77.36 - - [07/Nov/2022:22:51:17 -0800] "GET /ysbio/awards/marq/marq12d.jpg HTTP/1.1" 200 112062 "https://www.ysfine.com/ysbio/awards/index.html" "Mozilla/5.0 (Windows NT 10.0; Win64; x64) AppleWebKit/537.36 (KHTML, like Gecko) Chrome/107.0.0.0 Safari/537.36 Edg/107.0.1418.35" "www.ysfine.com"
216.244.66.229 - - [07/Nov/2022:22:51:41 -0800] "GET /world/baltic/riga38.jpg HTTP/1.1" 200 90329 "-" "Mozilla/5.0 (compatible; DotBot/1.2; +https://opensiteexplorer.org/dotbot; help@moz.com)" "ysfine.com"
173.73.77.36 - - [07/Nov/2022:22:52:02 -0800] "GET /ysbio/sing.html HTTP/1.1" 304 - "-" "Mozilla/5.0 (Windows NT 10.0; Win64; x64) AppleWebKit/537.36 (KHTML, like Gecko) Chrome/107.0.0.0 Safari/537.36 Edg/107.0.1418.35" "www.ysfine.com"
216.244.66.229 - - [07/Nov/2022:22:52:09 -0800] "GET /world/baltic/riga54.jpg HTTP/1.1" 200 95033 "-" "Mozilla/5.0 (compatible; DotBot/1.2; +https://opensiteexplorer.org/dotbot; help@moz.com)" "ysfine.com"
35.173.42.209 - - [07/Nov/2022:22:52:18 -0800] "GET / HTTP/1.1" 200 5283 "-" "Mozilla/5.0 (iPhone; CPU iPhone OS 13_2_3 like Mac OS X) AppleWebKit/605.1.15 (KHTML, like Gecko) Version/13.0.3 Mobile/15E148 Safari/604.1" "ysfine.com"
173.73.77.36 - - [07/Nov/2022:22:52:24 -0800] "GET /ysbio/eward11.jpg HTTP/1.1" 200 176254 "https://www.ysfine.com/ysbio/sing.html" "Mozilla/5.0 (Windows NT 10.0; Win64; x64) AppleWebKit/537.36 (KHTML, like Gecko) Chrome/107.0.0.0 Safari/537.36 Edg/107.0.1418.35" "www.ysfine.com"
40.77.167.71 - - [07/Nov/2022:22:52:30 -0800] "GET /sbk/2004fra11.jpg HTTP/1.1" 200 264008 "-" "Mozilla/5.0 AppleWebKit/537.36 (KHTML, like Gecko; compatible; bingbot/2.0; +http://www.bing.com/bingbot.htm) Chrome/103.0.5060.134 Safari/537.36" "ysfine.com"
216.244.66.229 - - [07/Nov/2022:22:52:36 -0800] "GET /world/baltic/tallin50.jpg HTTP/1.1" 200 178208 "-" "Mozilla/5.0 (compatible; DotBot/1.2; +https://opensiteexplorer.org/dotbot; help@moz.com)" "ysfine.com"
20.106.28.16 - - [07/Nov/2022:22:52:40 -0800] "GET /wdc/anna05b.jpg HTTP/1.1" 200 39615 "https://ysfine.com/wdc" "Mozilla/5.0 (X11; Linux x86_64) AppleWebKit/537.36 (KHTML, like Gecko) Chrome/74.0.3729.169 Safari/537.36" "ysfine.com"
40.122.230.190 - - [07/Nov/2022:22:52:49 -0800] "GET /kowar/tanks/yak9b.jpg HTTP/1.1" 200 23711 "http://ysfine.com/kowar/tanks" "Mozilla/5.0 (iPhone; CPU iPhone OS 13_5_1 like Mac OS X) AppleWebKit/605.1.15 (KHTML, like Gecko) Version/13.1.1 Mobile/15E148 Safari/604.1" "ysfine.com"
40.77.167.68 - - [07/Nov/2022:22:52:54 -0800] "GET /wigner/michwight11c.jpg HTTP/1.1" 200 38388 "-" "Mozilla/5.0 AppleWebKit/537.36 (KHTML, like Gecko; compatible; bingbot/2.0; +http://www.bing.com/bingbot.htm) Chrome/103.0.5060.134 Safari/537.36" "ysfine.com"
40.86.101.254 - - [07/Nov/2022:22:53:00 -0800] "GET /maga/phys/faradm03a.jpg HTTP/1.1" 200 34500 "http://ysfine.com/maga/phys" "Mozilla/5.0 (Linux; Android 10; SM-G960U) AppleWebKit/537.36 (KHTML, like Gecko) Chrome/88.0.4324.181 Mobile Safari/537.36" "ysfine.com"
216.244.66.229 - - [07/Nov/2022:22:53:14 -0800] "GET /world/baltic/tallin55.jpg HTTP/1.1" 200 182841 "-" "Mozilla/5.0 (compatible; DotBot/1.2; +https://opensiteexplorer.org/dotbot; help@moz.com)" "ysfine.com"
35.237.226.83 - - [07/Nov/2022:22:53:21 -0800] "GET /robots.txt HTTP/1.1" 404 88 "-" "ZoominfoBot (zoominfobot at zoominfo dot com)" "www.ysfine.com"
35.237.226.83 - - [07/Nov/2022:22:53:21 -0800] "GET /robots.txt HTTP/1.1" 404 88 "-" "ZoominfoBot (zoominfobot at zoominfo dot com)" "www.ysfine.com"
35.237.226.83 - - [07/Nov/2022:22:53:21 -0800] "GET / HTTP/1.1" 200 5283 "-" "ZoominfoBot (zoominfobot at zoominfo dot com)" "www.ysfine.com"
51.222.253.8 - - [07/Nov/2022:22:53:27 -0800] "GET /wisdom/wk01.html HTTP/1.1" 200 88106 "-" "Mozilla/5.0 (compatible; AhrefsBot/7.0; +http://ahrefs.com/robot/)" "ysfine.com"
216.244.66.229 - - [07/Nov/2022:22:53:45 -0800] "GET /world/baltic/tallin80w.jpg HTTP/1.1" 200 106524 "-" "Mozilla/5.0 (compatible; DotBot/1.2; +https://opensiteexplorer.org/dotbot; help@moz.com)" "ysfine.com"
157.55.39.17 - - [07/Nov/2022:22:54:09 -0800] "GET /maga/invent/inductmo.jpg HTTP/1.1" 200 100995 "-" "Mozilla/5.0 AppleWebKit/537.36 (KHTML, like Gecko; compatible; bingbot/2.0; +http://www.bing.com/bingbot.htm) Chrome/103.0.5060.134 Safari/537.36" "ysfine.com"
216.244.66.229 - - [07/Nov/2022:22:54:15 -0800] "GET /world/europe/praha013.jpg HTTP/1.1" 200 176501 "-" "Mozilla/5.0 (compatible; DotBot/1.2; +https://opensiteexplorer.org/dotbot; help@moz.com)" "ysfine.com"
113.24.224.98 - - [07/Nov/2022:22:54:44 -0800] "GET /maga/phys/newton12b.jpg HTTP/1.1" 200 42832 "-" "Mozilla/5.0 (Windows NT 10.0; WOW64) AppleWebKit/537.36 (KHTML, like Gecko) Chrome/48.0.2564.116 Safari/537.36" "ysfine.com"
216.244.66.229 - - [07/Nov/2022:22:54:48 -0800] "GET /world/ital/panth09.jpg HTTP/1.1" 200 80033 "-" "Mozilla/5.0 (compatible; DotBot/1.2; +https://opensiteexplorer.org/dotbot; help@moz.com)" "ysfine.com"
216.244.66.229 - - [07/Nov/2022:22:55:17 -0800] "GET /world/ital/spstep10.jpg HTTP/1.1" 200 109936 "-" "Mozilla/5.0 (compatible; DotBot/1.2; +https://opensiteexplorer.org/dotbot; help@moz.com)" "ysfine.com"
40.122.227.201 - - [07/Nov/2022:22:55:20 -0800] "GET /world/eve/croatia01b.jpg HTTP/1.1" 404 88 "http://ysfine.com/world/eve" "Mozilla/5.0 (X11; Linux x86_64) AppleWebKit/537.36 (KHTML, like Gecko) Chrome/74.0.3729.169 Safari/537.36" "ysfine.com"
66.102.6.111 - - [07/Nov/2022:22:55:20 -0800] "GET /kobak/sl628.jpg HTTP/1.1" 200 225100 "-" "Mozilla/5.0 (Windows NT 5.1; rv:11.0) Gecko Firefox/11.0 (via ggpht.com GoogleImageProxy)" "ysfine.com"
112.4.241.250 - - [07/Nov/2022:22:55:38 -0800] "GET /feynman/feyyang11b.jpg HTTP/1.1" 200 35104 "https://cn.bing.com/" "Mozilla/5.0 (Windows NT 10.0; Win64; x64) AppleWebKit/537.36 (KHTML, like Gecko) Chrome/107.0.0.0 Safari/537.36 Edg/107.0.1418.35" "www.ysfine.com"
40.77.167.71 - - [07/Nov/2022:22:55:40 -0800] "GET /ffriends/haeyong22.jpg HTTP/1.1" 404 88 "-" "Mozilla/5.0 (compatible; bingbot/2.0; +http://www.bing.com/bingbot.htm)" "ysfine.com"
157.55.39.17 - - [07/Nov/2022:22:55:49 -0800] "GET /wdc/umdbarn07.jpg HTTP/1.1" 200 70243 "-" "Mozilla/5.0 AppleWebKit/537.36 (KHTML, like Gecko; compatible; bingbot/2.0; +http://www.bing.com/bingbot.htm) Chrome/103.0.5060.134 Safari/537.36" "ysfine.com"
157.55.39.65 - - [07/Nov/2022:22:55:53 -0800] "GET /world/poland/gdn15.jpg HTTP/1.1" 200 99056 "-" "Mozilla/5.0 (compatible; bingbot/2.0; +http://www.bing.com/bingbot.htm)" "ysfine.com"
157.55.39.65 - - [07/Nov/2022:22:55:54 -0800] "GET /feynman/ppic/ellipse53.jpg HTTP/1.1" 200 158468 "-" "Mozilla/5.0 (compatible; bingbot/2.0; +http://www.bing.com/bingbot.htm)" "ysfine.com"
216.244.66.229 - - [07/Nov/2022:22:55:55 -0800] "GET /world/ital/vatican67.jpg HTTP/1.1" 200 261315 "-" "Mozilla/5.0 (compatible; DotBot/1.2; +https://opensiteexplorer.org/dotbot; help@moz.com)" "ysfine.com"
40.77.167.71 - - [07/Nov/2022:22:56:00 -0800] "GET /sbk/2013buda01.jpg HTTP/1.1" 200 232372 "-" "Mozilla/5.0 (compatible; bingbot/2.0; +http://www.bing.com/bingbot.htm)" "ysfine.com"
157.55.39.76 - - [07/Nov/2022:22:56:10 -0800] "GET /sbk/2010berlin11.jpg HTTP/1.1" 200 121298 "-" "Mozilla/5.0 AppleWebKit/537.36 (KHTML, like Gecko; compatible; bingbot/2.0; +http://www.bing.com/bingbot.htm) Chrome/103.0.5060.134 Safari/537.36" "ysfine.com"
157.55.39.76 - - [07/Nov/2022:22:56:40 -0800] "GET /sbk/2008athens22.jpg HTTP/1.1" 200 202963 "-" "Mozilla/5.0 AppleWebKit/537.36 (KHTML, like Gecko; compatible; bingbot/2.0; +http://www.bing.com/bingbot.htm) Chrome/103.0.5060.134 Safari/537.36" "ysfine.com"
216.244.66.229 - - [07/Nov/2022:22:56:45 -0800] "GET /world/ital/venice20.jpg HTTP/1.1" 200 205720 "-" "Mozilla/5.0 (compatible; DotBot/1.2; +https://opensiteexplorer.org/dotbot; help@moz.com)" "ysfine.com"
20.109.241.80 - - [07/Nov/2022:22:56:58 -0800] "GET /friends/admire22b.jpg HTTP/1.1" 404 88 "http://ysfine.com/friends" "Mozilla/5.0 (iPhone; CPU iPhone OS 13_5_1 like Mac OS X) AppleWebKit/605.1.15 (KHTML, like Gecko) Version/13.1.1 Mobile/15E148 Safari/604.1" "ysfine.com"
40.77.167.68 - - [07/Nov/2022:22:57:05 -0800] "GET /style/cameras/lumixfan11b.jpg HTTP/1.1" 200 35886 "-" "Mozilla/5.0 AppleWebKit/537.36 (KHTML, like Gecko; compatible; bingbot/2.0; +http://www.bing.com/bingbot.htm) Chrome/103.0.5060.134 Safari/537.36" "www.ysfine.com"
40.77.167.27 - - [07/Nov/2022:22:57:07 -0800] "GET /maga/phys/naimar/pewk14b.jpg HTTP/1.1" 200 35927 "-" "Mozilla/5.0 AppleWebKit/537.36 (KHTML, like Gecko; compatible; bingbot/2.0; +http://www.bing.com/bingbot.htm) Chrome/103.0.5060.134 Safari/537.36" "ysfine.com"
157.55.39.65 - - [07/Nov/2022:22:57:14 -0800] "GET /world/germany/trier41.jpg HTTP/1.1" 200 189592 "-" "Mozilla/5.0 AppleWebKit/537.36 (KHTML, like Gecko; compatible; bingbot/2.0; +http://www.bing.com/bingbot.htm) Chrome/103.0.5060.134 Safari/537.36" "www.ysfine.com"
157.55.39.76 - - [07/Nov/2022:22:57:21 -0800] "GET /bio/bio07.html HTTP/1.1" 404 88 "-" "Mozilla/5.0 AppleWebKit/537.36 (KHTML, like Gecko; compatible; bingbot/2.0; +http://www.bing.com/bingbot.htm) Chrome/103.0.5060.134 Safari/537.36" "ysfine.com"
216.244.66.229 - - [07/Nov/2022:22:57:36 -0800] "GET /world/ital/venice32.jpg HTTP/1.1" 200 224430 "-" "Mozilla/5.0 (compatible; DotBot/1.2; +https://opensiteexplorer.org/dotbot; help@moz.com)" "ysfine.com"
157.55.39.17 - - [07/Nov/2022:22:57:39 -0800] "GET /world/china/beijing107.jpg HTTP/1.1" 200 115418 "-" "Mozilla/5.0 (compatible; bingbot/2.0; +http://www.bing.com/bingbot.htm)" "ysfine.com"
40.77.167.68 - - [07/Nov/2022:22:57:56 -0800] "GET /bio/wigner/wigbot.html HTTP/1.1" 404 88 "-" "Mozilla/5.0 (compatible; bingbot/2.0; +http://www.bing.com/bingbot.htm)" "ysfine.com"
216.244.66.229 - - [07/Nov/2022:22:58:22 -0800] "GET /world/ital/verona23.jpg HTTP/1.1" 200 85405 "-" "Mozilla/5.0 (compatible; DotBot/1.2; +https://opensiteexplorer.org/dotbot; help@moz.com)" "ysfine.com"
157.55.39.65 - - [07/Nov/2022:22:58:33 -0800] "GET /wdc/reagan01.jpg HTTP/1.1" 200 153187 "-" "Mozilla/5.0 AppleWebKit/537.36 (KHTML, like Gecko; compatible; bingbot/2.0; +http://www.bing.com/bingbot.htm) Chrome/103.0.5060.134 Safari/537.36" "ysfine.com"
213.147.164.253 - - [07/Nov/2022:22:58:51 -0800] "GET /usca/pitt/machinery22.jpg HTTP/1.1" 200 93654 "https://www.google.com/" "Mozilla/5.0 (X11; Linux x86_64) AppleWebKit/537.36 (KHTML, like Gecko) Chrome/107.0.0.0 Safari/537.36" "ysfine.com"
216.244.66.229 - - [07/Nov/2022:22:58:53 -0800] "GET /world/latina/buenos09.jpg HTTP/1.1" 200 71962 "-" "Mozilla/5.0 (compatible; DotBot/1.2; +https://opensiteexplorer.org/dotbot; help@moz.com)" "ysfine.com"
40.77.167.27 - - [07/Nov/2022:22:58:57 -0800] "GET /world/russ/bolshoi22.jpg HTTP/1.1" 200 109431 "-" "Mozilla/5.0 AppleWebKit/537.36 (KHTML, like Gecko; compatible; bingbot/2.0; +http://www.bing.com/bingbot.htm) Chrome/103.0.5060.134 Safari/537.36" "www.ysfine.com"
216.244.66.229 - - [07/Nov/2022:22:59:24 -0800] "GET /world/russ/fruit01.jpg HTTP/1.1" 200 72303 "-" "Mozilla/5.0 (compatible; DotBot/1.2; +https://opensiteexplorer.org/dotbot; help@moz.com)" "ysfine.com"
40.77.167.27 - - [07/Nov/2022:22:59:47 -0800] "GET /wigner/wigein270.jpg HTTP/1.1" 200 21005 "-" "Mozilla/5.0 AppleWebKit/537.36 (KHTML, like Gecko; compatible; bingbot/2.0; +http://www.bing.com/bingbot.htm) Chrome/103.0.5060.134 Safari/537.36" "ysfine.com"
40.77.167.71 - - [07/Nov/2022:22:59:52 -0800] "GET /bio/feynman/feynbot.html HTTP/1.1" 404 88 "-" "Mozilla/5.0 AppleWebKit/537.36 (KHTML, like Gecko; compatible; bingbot/2.0; +http://www.bing.com/bingbot.htm) Chrome/103.0.5060.134 Safari/537.36" "ysfine.com"
157.55.39.17 - - [07/Nov/2022:23:00:09 -0800] "GET /wigner/wigein11.jpg HTTP/1.1" 200 130837 "-" "Mozilla/5.0 (compatible; bingbot/2.0; +http://www.bing.com/bingbot.htm)" "ysfine.com"
54.236.1.13 - - [07/Nov/2022:23:00:12 -0800] "GET /robots.txt HTTP/1.1" 404 88 "-" "Mozilla/5.0 (compatible; Pinterestbot/1.0; +http://www.pinterest.com/bot.html)" "ysfine.com"
54.236.1.13 - - [07/Nov/2022:23:00:12 -0800] "GET /feynman/feydirac270.jpg HTTP/1.1" 200 59000 "-" "Mozilla/5.0 (compatible; Pinterestbot/1.0; +http://www.pinterest.com/bot.html)" "ysfine.com"
157.55.39.17 - - [07/Nov/2022:23:01:09 -0800] "GET /maga/invent/joak22.jpg HTTP/1.1" 200 192609 "-" "Mozilla/5.0 (compatible; bingbot/2.0; +http://www.bing.com/bingbot.htm)" "ysfine.com"
45.58.22.10 - - [07/Nov/2022:23:01:12 -0800] "GET /feynman/feykant.html HTTP/1.1" 200 3350 "https://www.google.com/" "Mozilla/5.0 (Windows NT 10.0; Win64; x64) AppleWebKit/537.36 (KHTML, like Gecko) Chrome/107.0.0.0 Safari/537.36 Edg/107.0.1418.35" "ysfine.com"
45.58.22.10 - - [07/Nov/2022:23:01:12 -0800] "GET /feynman/fb18b.jpg HTTP/1.1" 200 42922 "https://ysfine.com/feynman/feykant.html" "Mozilla/5.0 (Windows NT 10.0; Win64; x64) AppleWebKit/537.36 (KHTML, like Gecko) Chrome/107.0.0.0 Safari/537.36 Edg/107.0.1418.35" "ysfine.com"
45.58.22.10 - - [07/Nov/2022:23:01:12 -0800] "GET /dirac/sq66.jpg HTTP/1.1" 200 33459 "https://ysfine.com/feynman/feykant.html" "Mozilla/5.0 (Windows NT 10.0; Win64; x64) AppleWebKit/537.36 (KHTML, like Gecko) Chrome/107.0.0.0 Safari/537.36 Edg/107.0.1418.35" "ysfine.com"
45.58.22.10 - - [07/Nov/2022:23:01:13 -0800] "GET /favicon.ico HTTP/1.1" 404 88 "https://ysfine.com/feynman/feykant.html" "Mozilla/5.0 (Windows NT 10.0; Win64; x64) AppleWebKit/537.36 (KHTML, like Gecko) Chrome/107.0.0.0 Safari/537.36 Edg/107.0.1418.35" "ysfine.com"
40.77.167.71 - - [07/Nov/2022:23:01:14 -0800] "GET /kowar/yaltac02b.jpg HTTP/1.1" 200 42243 "-" "Mozilla/5.0 AppleWebKit/537.36 (KHTML, like Gecko; compatible; bingbot/2.0; +http://www.bing.com/bingbot.htm) Chrome/103.0.5060.134 Safari/537.36" "ysfine.com"
45.58.22.10 - - [07/Nov/2022:23:01:22 -0800] "GET /feynman/yscoup.jpg HTTP/1.1" 200 68426 "https://ysfine.com/feynman/feykant.html" "Mozilla/5.0 (Windows NT 10.0; Win64; x64) AppleWebKit/537.36 (KHTML, like Gecko) Chrome/107.0.0.0 Safari/537.36 Edg/107.0.1418.35" "ysfine.com"
20.109.241.80 - - [07/Nov/2022:23:01:53 -0800] "GET /newyork/colum02c.jpg HTTP/1.1" 200 35476 "https://ysfine.com/newyork" "Mozilla/5.0 (Macintosh; Intel Mac OS X 10_11_6) AppleWebKit/605.1.15 (KHTML, like Gecko) Version/11.1.2 Safari/605.1.15" "ysfine.com"
51.222.253.9 - - [07/Nov/2022:23:01:53 -0800] "GET / HTTP/1.1" 200 5283 "-" "Mozilla/5.0 (compatible; AhrefsBot/7.0; +http://ahrefs.com/robot/)" "www.ysfine.com"
40.77.167.71 - - [07/Nov/2022:23:02:01 -0800] "GET /wigner/neum/vnc08.jpg HTTP/1.1" 200 107974 "-" "Mozilla/5.0 (compatible; bingbot/2.0; +http://www.bing.com/bingbot.htm)" "ysfine.com"
69.171.251.21 - - [07/Nov/2022:23:02:04 -0800] "GET /philo/keigel10.jpg HTTP/1.1" 206 187735 "-" "facebookexternalhit/1.1 (+http://www.facebook.com/externalhit_uatext.php)" "ysfine.com"
157.55.39.65 - - [07/Nov/2022:23:02:13 -0800] "GET /world/france/lachaise17.jpg HTTP/1.1" 200 149314 "-" "Mozilla/5.0 (compatible; bingbot/2.0; +http://www.bing.com/bingbot.htm)" "ysfine.com"
40.77.167.71 - - [07/Nov/2022:23:02:21 -0800] "GET /world/baltic/tallin41.jpg HTTP/1.1" 200 180428 "-" "Mozilla/5.0 (compatible; bingbot/2.0; +http://www.bing.com/bingbot.htm)" "ysfine.com"
40.77.167.71 - - [07/Nov/2022:23:02:22 -0800] "GET /world/russ/roskei03.jpg HTTP/1.1" 200 136059 "-" "Mozilla/5.0 (compatible; bingbot/2.0; +http://www.bing.com/bingbot.htm)" "www.ysfine.com"
118.184.177.52 - - [07/Nov/2022:23:02:23 -0800] "GET / HTTP/1.1" 200 5283 "-" "Sogou web spider/4.0(+http://www.sogou.com/docs/help/webmasters.htm#07)" "ysfine.com"
40.77.167.71 - - [07/Nov/2022:23:02:32 -0800] "GET /world/scandi/sto009.jpg HTTP/1.1" 200 107915 "-" "Mozilla/5.0 (compatible; bingbot/2.0; +http://www.bing.com/bingbot.htm)" "ysfine.com"
40.77.167.71 - - [07/Nov/2022:23:02:32 -0800] "GET /world/ital/rome044.jpg HTTP/1.1" 200 74185 "-" "Mozilla/5.0 AppleWebKit/537.36 (KHTML, like Gecko; compatible; bingbot/2.0; +http://www.bing.com/bingbot.htm) Chrome/103.0.5060.134 Safari/537.36" "ysfine.com"
45.58.22.10 - - [07/Nov/2022:23:02:43 -0800] "GET /feynman/yscoup.jpg HTTP/1.1" 200 68426 "https://www.google.com/" "Mozilla/5.0 (Windows NT 10.0; Win64; x64) AppleWebKit/537.36 (KHTML, like Gecko) Chrome/107.0.0.0 Safari/537.36 Edg/107.0.1418.35" "ysfine.com"
45.58.22.10 - - [07/Nov/2022:23:02:43 -0800] "GET /wigner/lunch91.jpg HTTP/1.1" 200 255571 "https://www.google.com/" "Mozilla/5.0 (Windows NT 10.0; Win64; x64) AppleWebKit/537.36 (KHTML, like Gecko) Chrome/107.0.0.0 Safari/537.36 Edg/107.0.1418.35" "ysfine.com"
157.55.39.65 - - [07/Nov/2022:23:02:55 -0800] "GET /bio/houses/christmas.html HTTP/1.1" 404 88 "-" "Mozilla/5.0 AppleWebKit/537.36 (KHTML, like Gecko; compatible; bingbot/2.0; +http://www.bing.com/bingbot.htm) Chrome/103.0.5060.134 Safari/537.36" "ysfine.com"
5.9.137.243 - - [07/Nov/2022:23:02:59 -0800] "GET /world/ital/panth09.jpg HTTP/1.1" 200 80033 "-" "Mozilla/5.0 (X11; Fedora; Linux x86_64) AppleWebKit/537.36 (KHTML, like Gecko) Chrome/79.0.3945.117 Safari/537.36" "ysfine.com"
20.106.28.18 - - [07/Nov/2022:23:03:16 -0800] "GET /friends/amstu20b.jpg HTTP/1.1" 404 88 "https://ysfine.com/friends" "Mozilla/5.0 (Macintosh; Intel Mac OS X 10_11_6) AppleWebKit/605.1.15 (KHTML, like Gecko) Version/11.1.2 Safari/605.1.15" "ysfine.com"
