167.114.159.99 - - [08/Nov/2022:06:41:25 -0800] "GET /ysbio//world/places/ulm02.jpg HTTP/1.1" 200 135530 "-" "Mozilla/5.0 (compatible; MJ12bot/v1.4.8; http://mj12bot.com/)" "www.ysfine.com"
167.114.159.99 - - [08/Nov/2022:06:41:27 -0800] "GET /ysbio//world/places/ulm03.jpg HTTP/1.1" 200 145594 "-" "Mozilla/5.0 (compatible; MJ12bot/v1.4.8; http://mj12bot.com/)" "www.ysfine.com"
167.114.159.99 - - [08/Nov/2022:06:41:29 -0800] "GET /ysbio//world/places/ulm04.jpg HTTP/1.1" 200 119116 "-" "Mozilla/5.0 (compatible; MJ12bot/v1.4.8; http://mj12bot.com/)" "www.ysfine.com"
167.114.159.99 - - [08/Nov/2022:06:41:32 -0800] "GET /ysbio//world/places/ulm06.jpg HTTP/1.1" 200 42744 "-" "Mozilla/5.0 (compatible; MJ12bot/v1.4.8; http://mj12bot.com/)" "www.ysfine.com"
167.114.159.99 - - [08/Nov/2022:06:41:34 -0800] "GET /ysbio//world/places/ulm07.jpg HTTP/1.1" 200 114786 "-" "Mozilla/5.0 (compatible; MJ12bot/v1.4.8; http://mj12bot.com/)" "www.ysfine.com"
157.55.39.17 - - [08/Nov/2022:06:41:35 -0800] "GET /world/latina/rio055.jpg HTTP/1.1" 200 128369 "-" "Mozilla/5.0 AppleWebKit/537.36 (KHTML, like Gecko; compatible; bingbot/2.0; +http://www.bing.com/bingbot.htm) Chrome/103.0.5060.134 Safari/537.36" "ysfine.com"
167.114.159.99 - - [08/Nov/2022:06:41:36 -0800] "GET /ysbio//world/places/ulm11.jpg HTTP/1.1" 200 153785 "-" "Mozilla/5.0 (compatible; MJ12bot/v1.4.8; http://mj12bot.com/)" "www.ysfine.com"
167.114.159.99 - - [08/Nov/2022:06:41:38 -0800] "GET /ysbio//world/places/ulm21.jpg HTTP/1.1" 200 111448 "-" "Mozilla/5.0 (compatible; MJ12bot/v1.4.8; http://mj12bot.com/)" "www.ysfine.com"
167.114.159.99 - - [08/Nov/2022:06:41:40 -0800] "GET /ysbio//world/places/ulm22.jpg HTTP/1.1" 200 95004 "-" "Mozilla/5.0 (compatible; MJ12bot/v1.4.8; http://mj12bot.com/)" "www.ysfine.com"
13.67.224.12 - - [08/Nov/2022:06:41:42 -0800] "GET /sbk/2002la11c.jpg HTTP/1.1" 200 32660 "https://ysfine.com/sbk" "Mozilla/5.0 (X11; Linux x86_64) AppleWebKit/537.36 (KHTML, like Gecko) Chrome/74.0.3729.169 Safari/537.36" "ysfine.com"
167.114.159.99 - - [08/Nov/2022:06:41:42 -0800] "GET /ysbio//world/places/ulm26.jpg HTTP/1.1" 200 104983 "-" "Mozilla/5.0 (compatible; MJ12bot/v1.4.8; http://mj12bot.com/)" "www.ysfine.com"
167.114.159.99 - - [08/Nov/2022:06:41:44 -0800] "GET /ysbio//world/places/ulm27.jpg HTTP/1.1" 200 81790 "-" "Mozilla/5.0 (compatible; MJ12bot/v1.4.8; http://mj12bot.com/)" "www.ysfine.com"
167.114.159.99 - - [08/Nov/2022:06:41:46 -0800] "GET /ysbio//world/places/ulm28.jpg HTTP/1.1" 200 105515 "-" "Mozilla/5.0 (compatible; MJ12bot/v1.4.8; http://mj12bot.com/)" "www.ysfine.com"
167.114.159.99 - - [08/Nov/2022:06:41:48 -0800] "GET /ysbio//world/places/ulm29.jpg HTTP/1.1" 200 112304 "-" "Mozilla/5.0 (compatible; MJ12bot/v1.4.8; http://mj12bot.com/)" "www.ysfine.com"
40.77.167.68 - - [08/Nov/2022:06:41:52 -0800] "GET /style/suwa66.jpg HTTP/1.1" 200 124449 "-" "Mozilla/5.0 AppleWebKit/537.36 (KHTML, like Gecko; compatible; bingbot/2.0; +http://www.bing.com/bingbot.htm) Chrome/103.0.5060.134 Safari/537.36" "ysfine.com"
167.114.159.99 - - [08/Nov/2022:06:41:53 -0800] "GET /ysbio//world/places/ulm32.jpg HTTP/1.1" 200 91482 "-" "Mozilla/5.0 (compatible; MJ12bot/v1.4.8; http://mj12bot.com/)" "www.ysfine.com"
167.114.159.99 - - [08/Nov/2022:06:41:59 -0800] "GET /ysbio//world/poland/copernijagel.html HTTP/1.1" 200 309 "-" "Mozilla/5.0 (compatible; MJ12bot/v1.4.8; http://mj12bot.com/)" "www.ysfine.com"
167.114.159.99 - - [08/Nov/2022:06:42:00 -0800] "GET /ysbio//world/russ/redsq02.jpg HTTP/1.1" 200 77346 "-" "Mozilla/5.0 (compatible; MJ12bot/v1.4.8; http://mj12bot.com/)" "www.ysfine.com"
167.114.159.99 - - [08/Nov/2022:06:42:06 -0800] "GET /ysbio//yspapers/euler.jpg HTTP/1.1" 404 88 "-" "Mozilla/5.0 (compatible; MJ12bot/v1.4.8; http://mj12bot.com/)" "www.ysfine.com"
167.114.159.99 - - [08/Nov/2022:06:42:08 -0800] "GET /ysbio//yspapers/jeju.pdf HTTP/1.1" 404 88 "-" "Mozilla/5.0 (compatible; MJ12bot/v1.4.8; http://mj12bot.com/)" "www.ysfine.com"
167.114.159.99 - - [08/Nov/2022:06:42:10 -0800] "GET /ysbio/beau/amkor/kostu36.jpg HTTP/1.1" 404 88 "-" "Mozilla/5.0 (compatible; MJ12bot/v1.4.8; http://mj12bot.com/)" "www.ysfine.com"
167.114.159.99 - - [08/Nov/2022:06:42:12 -0800] "GET /ysbio/beau/chinaf.html HTTP/1.1" 404 88 "-" "Mozilla/5.0 (compatible; MJ12bot/v1.4.8; http://mj12bot.com/)" "www.ysfine.com"
167.114.159.99 - - [08/Nov/2022:06:42:14 -0800] "GET /ysbio/beau/german.html HTTP/1.1" 404 88 "-" "Mozilla/5.0 (compatible; MJ12bot/v1.4.8; http://mj12bot.com/)" "www.ysfine.com"
167.114.159.99 - - [08/Nov/2022:06:42:15 -0800] "GET /ysbio/beau/italian.html HTTP/1.1" 404 88 "-" "Mozilla/5.0 (compatible; MJ12bot/v1.4.8; http://mj12bot.com/)" "www.ysfine.com"
167.114.159.99 - - [08/Nov/2022:06:42:17 -0800] "GET /ysbio/beau/japanf.html HTTP/1.1" 404 88 "-" "Mozilla/5.0 (compatible; MJ12bot/v1.4.8; http://mj12bot.com/)" "www.ysfine.com"
167.114.159.99 - - [08/Nov/2022:06:42:19 -0800] "GET /ysbio/beau/roskei.html HTTP/1.1" 404 88 "-" "Mozilla/5.0 (compatible; MJ12bot/v1.4.8; http://mj12bot.com/)" "www.ysfine.com"
157.55.39.65 - - [08/Nov/2022:06:42:20 -0800] "GET /bio/style/ystyle.html HTTP/1.1" 404 88 "-" "Mozilla/5.0 AppleWebKit/537.36 (KHTML, like Gecko; compatible; bingbot/2.0; +http://www.bing.com/bingbot.htm) Chrome/103.0.5060.134 Safari/537.36" "ysfine.com"
167.114.159.99 - - [08/Nov/2022:06:42:21 -0800] "GET /ysbio/beau/russian.html HTTP/1.1" 404 88 "-" "Mozilla/5.0 (compatible; MJ12bot/v1.4.8; http://mj12bot.com/)" "www.ysfine.com"
167.114.159.99 - - [08/Nov/2022:06:42:23 -0800] "GET /ysbio/beau/russif.html HTTP/1.1" 404 88 "-" "Mozilla/5.0 (compatible; MJ12bot/v1.4.8; http://mj12bot.com/)" "www.ysfine.com"
40.77.167.68 - - [08/Nov/2022:06:42:34 -0800] "GET /bio/einstein/ulm.html HTTP/1.1" 404 88 "-" "Mozilla/5.0 AppleWebKit/537.36 (KHTML, like Gecko; compatible; bingbot/2.0; +http://www.bing.com/bingbot.htm) Chrome/103.0.5060.134 Safari/537.36" "ysfine.com"
103.6.117.75 - - [08/Nov/2022:06:42:45 -0800] "GET /world/japan/nara005.jpg HTTP/1.1" 200 144132 "-" "Mozilla/5.0 (Macintosh; Intel Mac OS X 10_15_4) AppleWebKit/537.36 (KHTML, like Gecko) Chrome/81.0.4044.138 Safari/537.36" "ysfine.com"
157.55.39.17 - - [08/Nov/2022:06:43:03 -0800] "GET /people/sanders.jpg HTTP/1.1" 200 68021 "-" "Mozilla/5.0 (compatible; bingbot/2.0; +http://www.bing.com/bingbot.htm)" "ysfine.com"
40.77.167.71 - - [08/Nov/2022:06:43:07 -0800] "GET /bio/world/scandi/copen043.jpg HTTP/1.1" 404 88 "-" "Mozilla/5.0 AppleWebKit/537.36 (KHTML, like Gecko; compatible; bingbot/2.0; +http://www.bing.com/bingbot.htm) Chrome/103.0.5060.134 Safari/537.36" "ysfine.com"
157.55.39.65 - - [08/Nov/2022:06:43:13 -0800] "GET /maga/phil/marxmos01.jpg HTTP/1.1" 200 65113 "-" "Mozilla/5.0 AppleWebKit/537.36 (KHTML, like Gecko; compatible; bingbot/2.0; +http://www.bing.com/bingbot.htm) Chrome/103.0.5060.134 Safari/537.36" "ysfine.com"
84.64.38.106 - - [08/Nov/2022:06:43:48 -0800] "GET /kowar/mac05.jpg HTTP/1.1" 200 141510 "https://www.google.com/" "Mozilla/5.0 (Windows NT 10.0; Win64; x64) AppleWebKit/537.36 (KHTML, like Gecko) Chrome/107.0.0.0 Safari/537.36" "ysfine.com"
213.0.87.146 - - [08/Nov/2022:06:43:49 -0800] "GET /maga/phys/standardmo11b.jpg HTTP/1.1" 200 52388 "https://mungfali.com/" "Mozilla/5.0 (X11; Ubuntu; Linux x86_64; rv:101.0) Gecko/20100101 Firefox/101.0" "ysfine.com"
157.55.39.65 - - [08/Nov/2022:06:43:59 -0800] "GET /bio/princeton/campus.html HTTP/1.1" 404 88 "-" "Mozilla/5.0 AppleWebKit/537.36 (KHTML, like Gecko; compatible; bingbot/2.0; +http://www.bing.com/bingbot.htm) Chrome/103.0.5060.134 Safari/537.36" "ysfine.com"
157.55.39.76 - - [08/Nov/2022:06:44:18 -0800] "GET /bio/sbk/1950.html HTTP/1.1" 404 88 "-" "Mozilla/5.0 AppleWebKit/537.36 (KHTML, like Gecko; compatible; bingbot/2.0; +http://www.bing.com/bingbot.htm) Chrome/103.0.5060.134 Safari/537.36" "ysfine.com"
40.77.167.68 - - [08/Nov/2022:06:44:22 -0800] "GET /maga/phil/kant00b.jpg HTTP/1.1" 200 51853 "-" "Mozilla/5.0 AppleWebKit/537.36 (KHTML, like Gecko; compatible; bingbot/2.0; +http://www.bing.com/bingbot.htm) Chrome/103.0.5060.134 Safari/537.36" "ysfine.com"
40.122.195.128 - - [08/Nov/2022:06:44:26 -0800] "GET /friends/aline/airberlin22b.jpg HTTP/1.1" 404 88 "https://ysfine.com/friends/aline" "Mozilla/5.0 (Windows NT 10.0; Win64; x64) AppleWebKit/537.36 (KHTML, like Gecko) Chrome/74.0.3729.157 Safari/537.36" "ysfine.com"
40.77.167.71 - - [08/Nov/2022:06:44:27 -0800] "GET /world/scandi/sto012.jpg HTTP/1.1" 200 90173 "-" "Mozilla/5.0 (compatible; bingbot/2.0; +http://www.bing.com/bingbot.htm)" "ysfine.com"
51.222.253.4 - - [08/Nov/2022:06:44:46 -0800] "GET /class54/class5470/total_data/sub_205.htm HTTP/1.1" 200 3401 "-" "Mozilla/5.0 (compatible; AhrefsBot/7.0; +http://ahrefs.com/robot/)" "www.ysfine.com"
40.77.167.27 - - [08/Nov/2022:06:45:53 -0800] "GET /feynman/jf0.jpg HTTP/1.1" 200 16765 "-" "Mozilla/5.0 AppleWebKit/537.36 (KHTML, like Gecko; compatible; bingbot/2.0; +http://www.bing.com/bingbot.htm) Chrome/103.0.5060.134 Safari/537.36" "ysfine.com"
81.185.174.116 - - [08/Nov/2022:06:45:56 -0800] "GET /world/france/stras71.jpg HTTP/1.1" 200 137051 "https://www.google.com/" "Mozilla/5.0 (iPhone; CPU iPhone OS 14_8_1 like Mac OS X) AppleWebKit/605.1.15 (KHTML, like Gecko) GSA/236.0.484392333 Mobile/18H107 Safari/604.1" "ysfine.com"
172.226.31.46 - - [08/Nov/2022:06:46:01 -0800] "GET /wigner/fitch02.jpg HTTP/1.1" 200 78557 "https://www.google.com/" "Mozilla/5.0 (Macintosh; Intel Mac OS X 10_15_7) AppleWebKit/605.1.15 (KHTML, like Gecko) Version/16.1 Safari/605.1.15" "ysfine.com"
172.226.31.46 - - [08/Nov/2022:06:46:01 -0800] "GET /people/wboys.jpg HTTP/1.1" 200 223265 "https://www.google.com/" "Mozilla/5.0 (Macintosh; Intel Mac OS X 10_15_7) AppleWebKit/605.1.15 (KHTML, like Gecko) Version/16.1 Safari/605.1.15" "ysfine.com"
172.226.31.46 - - [08/Nov/2022:06:46:01 -0800] "GET /people/klauder.jpg HTTP/1.1" 200 89143 "https://www.google.com/" "Mozilla/5.0 (Macintosh; Intel Mac OS X 10_15_7) AppleWebKit/605.1.15 (KHTML, like Gecko) Version/16.1 Safari/605.1.15" "ysfine.com"
40.77.167.71 - - [08/Nov/2022:06:46:15 -0800] "GET /wdc/washmo08c.jpg HTTP/1.1" 200 39961 "-" "Mozilla/5.0 (compatible; bingbot/2.0; +http://www.bing.com/bingbot.htm)" "ysfine.com"
36.99.136.143 - - [08/Nov/2022:06:46:37 -0800] "GET /world/baltic/kalin22.jpg HTTP/1.1" 200 152819 "http://rangaputhali.com/" "Mozilla/5.0 (Windows NT 10.0; Win64; x64) AppleWebKit/537.36 (KHTML, like Gecko) Chrome/72.0.3626.119 Safari/537.36" "www.ysfine.com"
157.55.39.17 - - [08/Nov/2022:06:46:54 -0800] "GET /world/germany/trier04.jpg HTTP/1.1" 200 237435 "-" "Mozilla/5.0 AppleWebKit/537.36 (KHTML, like Gecko; compatible; bingbot/2.0; +http://www.bing.com/bingbot.htm) Chrome/103.0.5060.134 Safari/537.36" "ysfine.com"
66.249.66.40 - - [08/Nov/2022:06:47:24 -0800] "GET /dongio/ukrainian.html HTTP/1.1" 404 88 "-" "Mozilla/5.0 (Linux; Android 6.0.1; Nexus 5X Build/MMB29P) AppleWebKit/537.36 (KHTML, like Gecko) Chrome/106.0.5249.119 Mobile Safari/537.36 (compatible; Googlebot/2.1; +http://www.google.com/bot.html)" "ysfine.com"
172.225.216.246 - - [08/Nov/2022:06:47:31 -0800] "GET /dirac/dirheisen31b.jpg HTTP/1.1" 200 39248 "-" "Safari/17614.1.25.9.10 CFNetwork/1335.0.3 Darwin/21.6.0" "ysfine.com"
40.77.167.27 - - [08/Nov/2022:06:47:45 -0800] "GET /people/facu63b.jpg HTTP/1.1" 200 47712 "-" "Mozilla/5.0 (compatible; bingbot/2.0; +http://www.bing.com/bingbot.htm)" "ysfine.com"
157.55.39.76 - - [08/Nov/2022:06:47:46 -0800] "GET /world/france/champ1207.jpg HTTP/1.1" 200 92227 "-" "Mozilla/5.0 (compatible; bingbot/2.0; +http://www.bing.com/bingbot.htm)" "www.ysfine.com"
157.55.39.17 - - [08/Nov/2022:06:48:05 -0800] "GET /world/france/sorbonne11.jpg HTTP/1.1" 200 189894 "-" "Mozilla/5.0 (compatible; bingbot/2.0; +http://www.bing.com/bingbot.htm)" "ysfine.com"
17.121.115.89 - - [08/Nov/2022:06:48:10 -0800] "GET /wigner/wig39e.pdf HTTP/1.1" 200 195479 "-" "Mozilla/5.0 (Macintosh; Intel Mac OS X 10_15_5) AppleWebKit/605.1.15 (KHTML, like Gecko) Version/13.1.1 Safari/605.1.15 (Applebot/0.1; +http://www.apple.com/go/applebot)" "ysfine.com"
185.31.150.230 - - [08/Nov/2022:06:48:10 -0800] "GET /world/brit/etonharrow.html HTTP/1.1" 200 4546 "https://www.google.com/" "Mozilla/5.0 (Macintosh; Intel Mac OS X 10_15_7) AppleWebKit/537.36 (KHTML, like Gecko) Chrome/107.0.0.0 Safari/537.36" "ysfine.com"
185.31.150.230 - - [08/Nov/2022:06:48:11 -0800] "GET /world/brit/winston01b.jpg HTTP/1.1" 200 38436 "https://ysfine.com/world/brit/etonharrow.html" "Mozilla/5.0 (Macintosh; Intel Mac OS X 10_15_7) AppleWebKit/537.36 (KHTML, like Gecko) Chrome/107.0.0.0 Safari/537.36" "ysfine.com"
185.31.150.230 - - [08/Nov/2022:06:48:11 -0800] "GET /kobak/kwk11b.jpg HTTP/1.1" 200 46888 "https://ysfine.com/world/brit/etonharrow.html" "Mozilla/5.0 (Macintosh; Intel Mac OS X 10_15_7) AppleWebKit/537.36 (KHTML, like Gecko) Chrome/107.0.0.0 Safari/537.36" "ysfine.com"
185.31.150.230 - - [08/Nov/2022:06:48:11 -0800] "GET /eink/pwk19c.jpg HTTP/1.1" 200 57759 "https://ysfine.com/world/brit/etonharrow.html" "Mozilla/5.0 (Macintosh; Intel Mac OS X 10_15_7) AppleWebKit/537.36 (KHTML, like Gecko) Chrome/107.0.0.0 Safari/537.36" "ysfine.com"
185.31.150.230 - - [08/Nov/2022:06:48:11 -0800] "GET /kobak/taylor33c.jpg HTTP/1.1" 200 39951 "https://ysfine.com/world/brit/etonharrow.html" "Mozilla/5.0 (Macintosh; Intel Mac OS X 10_15_7) AppleWebKit/537.36 (KHTML, like Gecko) Chrome/107.0.0.0 Safari/537.36" "ysfine.com"
185.31.150.230 - - [08/Nov/2022:06:48:11 -0800] "GET /world/brit/harrow09b.jpg HTTP/1.1" 200 48797 "https://ysfine.com/world/brit/etonharrow.html" "Mozilla/5.0 (Macintosh; Intel Mac OS X 10_15_7) AppleWebKit/537.36 (KHTML, like Gecko) Chrome/107.0.0.0 Safari/537.36" "ysfine.com"
185.31.150.230 - - [08/Nov/2022:06:48:11 -0800] "GET /world/brit/eton03b.jpg HTTP/1.1" 200 45141 "https://ysfine.com/world/brit/etonharrow.html" "Mozilla/5.0 (Macintosh; Intel Mac OS X 10_15_7) AppleWebKit/537.36 (KHTML, like Gecko) Chrome/107.0.0.0 Safari/537.36" "ysfine.com"
185.31.150.230 - - [08/Nov/2022:06:48:11 -0800] "GET /world/brit/harrow11b.jpg HTTP/1.1" 200 42533 "https://ysfine.com/world/brit/etonharrow.html" "Mozilla/5.0 (Macintosh; Intel Mac OS X 10_15_7) AppleWebKit/537.36 (KHTML, like Gecko) Chrome/107.0.0.0 Safari/537.36" "ysfine.com"
185.31.150.230 - - [08/Nov/2022:06:48:11 -0800] "GET /world/brit/nehru11b.jpg HTTP/1.1" 200 43052 "https://ysfine.com/world/brit/etonharrow.html" "Mozilla/5.0 (Macintosh; Intel Mac OS X 10_15_7) AppleWebKit/537.36 (KHTML, like Gecko) Chrome/107.0.0.0 Safari/537.36" "ysfine.com"
185.31.150.230 - - [08/Nov/2022:06:48:11 -0800] "GET /world/brit/harrow01b.jpg HTTP/1.1" 200 54632 "https://ysfine.com/world/brit/etonharrow.html" "Mozilla/5.0 (Macintosh; Intel Mac OS X 10_15_7) AppleWebKit/537.36 (KHTML, like Gecko) Chrome/107.0.0.0 Safari/537.36" "ysfine.com"
185.31.150.230 - - [08/Nov/2022:06:48:11 -0800] "GET /world/brit/eton02b.jpg HTTP/1.1" 200 39432 "https://ysfine.com/world/brit/etonharrow.html" "Mozilla/5.0 (Macintosh; Intel Mac OS X 10_15_7) AppleWebKit/537.36 (KHTML, like Gecko) Chrome/107.0.0.0 Safari/537.36" "ysfine.com"
185.31.150.230 - - [08/Nov/2022:06:48:11 -0800] "GET /world/brit/eton07b.jpg HTTP/1.1" 200 36566 "https://ysfine.com/world/brit/etonharrow.html" "Mozilla/5.0 (Macintosh; Intel Mac OS X 10_15_7) AppleWebKit/537.36 (KHTML, like Gecko) Chrome/107.0.0.0 Safari/537.36" "ysfine.com"
185.31.150.230 - - [08/Nov/2022:06:48:11 -0800] "GET /world/brit/harrow04b.jpg HTTP/1.1" 200 48004 "https://ysfine.com/world/brit/etonharrow.html" "Mozilla/5.0 (Macintosh; Intel Mac OS X 10_15_7) AppleWebKit/537.36 (KHTML, like Gecko) Chrome/107.0.0.0 Safari/537.36" "ysfine.com"
185.31.150.230 - - [08/Nov/2022:06:48:11 -0800] "GET /world/brit/harrow12b.jpg HTTP/1.1" 200 45104 "https://ysfine.com/world/brit/etonharrow.html" "Mozilla/5.0 (Macintosh; Intel Mac OS X 10_15_7) AppleWebKit/537.36 (KHTML, like Gecko) Chrome/107.0.0.0 Safari/537.36" "ysfine.com"
185.31.150.230 - - [08/Nov/2022:06:48:14 -0800] "GET /favicon.ico HTTP/1.1" 404 88 "https://ysfine.com/world/brit/etonharrow.html" "Mozilla/5.0 (Macintosh; Intel Mac OS X 10_15_7) AppleWebKit/537.36 (KHTML, like Gecko) Chrome/107.0.0.0 Safari/537.36" "ysfine.com"
51.222.253.20 - - [08/Nov/2022:06:48:29 -0800] "GET /robots.txt HTTP/1.1" 404 88 "-" "Mozilla/5.0 (compatible; AhrefsBot/7.0; +http://ahrefs.com/robot/)" "www.ysfine.com"
93.158.161.48 - - [08/Nov/2022:06:48:30 -0800] "GET /kowar/tanks/stalinorg.jpg HTTP/1.1" 304 - "-" "Mozilla/5.0 (compatible; YandexImages/3.0; +http://yandex.com/bots)" "www.ysfine.com"
51.222.253.9 - - [08/Nov/2022:06:48:31 -0800] "GET /class54/class5470/total_data/sub_221.htm HTTP/1.1" 200 3416 "-" "Mozilla/5.0 (compatible; AhrefsBot/7.0; +http://ahrefs.com/robot/)" "www.ysfine.com"
40.77.167.27 - - [08/Nov/2022:06:48:42 -0800] "GET /world/ital/rome046b.jpg HTTP/1.1" 200 38586 "-" "Mozilla/5.0 AppleWebKit/537.36 (KHTML, like Gecko; compatible; bingbot/2.0; +http://www.bing.com/bingbot.htm) Chrome/103.0.5060.134 Safari/537.36" "ysfine.com"
51.222.253.6 - - [08/Nov/2022:06:48:45 -0800] "GET /class54/class5470/total_data/photo_img/2-21.jpg HTTP/1.1" 200 121692 "-" "Mozilla/5.0 (compatible; AhrefsBot/7.0; +http://ahrefs.com/robot/)" "www.ysfine.com"
216.244.66.229 - - [08/Nov/2022:06:48:45 -0800] "GET /kowar/war53.html HTTP/1.1" 200 18211 "-" "Mozilla/5.0 (compatible; DotBot/1.2; +https://opensiteexplorer.org/dotbot; help@moz.com)" "ysfine.com"
157.55.39.65 - - [08/Nov/2022:06:48:50 -0800] "GET /bio/kobak/shortw.html HTTP/1.1" 404 88 "-" "Mozilla/5.0 AppleWebKit/537.36 (KHTML, like Gecko; compatible; bingbot/2.0; +http://www.bing.com/bingbot.htm) Chrome/103.0.5060.134 Safari/537.36" "ysfine.com"
40.86.101.254 - - [08/Nov/2022:06:48:56 -0800] "GET /style/music/liszt02b.jpg HTTP/1.1" 200 62590 "http://ysfine.com/style/music" "Mozilla/5.0 (Linux; Android 10; SM-G960U) AppleWebKit/537.36 (KHTML, like Gecko) Chrome/88.0.4324.181 Mobile Safari/537.36" "ysfine.com"
20.109.241.80 - - [08/Nov/2022:06:49:16 -0800] "GET /maga/phys/schrod08b.jpg HTTP/1.1" 200 34216 "https://ysfine.com/maga/phys" "Mozilla/5.0 (Linux; Android 10; SM-G960U) AppleWebKit/537.36 (KHTML, like Gecko) Chrome/88.0.4324.181 Mobile Safari/537.36" "ysfine.com"
40.77.167.71 - - [08/Nov/2022:06:49:27 -0800] "GET /wigner/weiss11b.jpg HTTP/1.1" 200 33141 "-" "Mozilla/5.0 AppleWebKit/537.36 (KHTML, like Gecko; compatible; bingbot/2.0; +http://www.bing.com/bingbot.htm) Chrome/103.0.5060.134 Safari/537.36" "ysfine.com"
40.77.51.84 - - [08/Nov/2022:06:49:29 -0800] "GET /world/baltic/kalinamber01b.jpg HTTP/1.1" 200 37575 "https://ysfine.com/world/baltic" "Mozilla/5.0 (iPhone; CPU iPhone OS 13_5_1 like Mac OS X) AppleWebKit/605.1.15 (KHTML, like Gecko) Version/13.1.1 Mobile/15E148 Safari/604.1" "ysfine.com"
157.55.39.76 - - [08/Nov/2022:06:49:46 -0800] "GET /world/germany/berlinf02.jpg HTTP/1.1" 200 99175 "-" "Mozilla/5.0 (compatible; bingbot/2.0; +http://www.bing.com/bingbot.htm)" "www.ysfine.com"
40.77.167.71 - - [08/Nov/2022:06:50:26 -0800] "GET /wdc/gtown34.jpg HTTP/1.1" 200 89523 "-" "Mozilla/5.0 AppleWebKit/537.36 (KHTML, like Gecko; compatible; bingbot/2.0; +http://www.bing.com/bingbot.htm) Chrome/103.0.5060.134 Safari/537.36" "ysfine.com"
199.8.89.253 - - [08/Nov/2022:06:50:45 -0800] "GET /kowar/tanks/tank22.jpg HTTP/1.1" 200 85692 "https://www.google.com/" "Mozilla/5.0 (Windows NT 10.0; Win64; x64) AppleWebKit/537.36 (KHTML, like Gecko) Chrome/107.0.0.0 Safari/537.36" "ysfine.com"
40.77.167.27 - - [08/Nov/2022:06:51:14 -0800] "GET /style/musee/perga03.jpg HTTP/1.1" 200 75158 "-" "Mozilla/5.0 (compatible; bingbot/2.0; +http://www.bing.com/bingbot.htm)" "ysfine.com"
216.244.66.229 - - [08/Nov/2022:06:51:16 -0800] "GET /people/sbtwein.jpg HTTP/1.1" 200 300207 "-" "Mozilla/5.0 (compatible; DotBot/1.2; +https://opensiteexplorer.org/dotbot; help@moz.com)" "ysfine.com"
40.77.167.68 - - [08/Nov/2022:06:51:24 -0800] "GET /world/germany/stutt01.jpg HTTP/1.1" 200 97232 "-" "Mozilla/5.0 (compatible; bingbot/2.0; +http://www.bing.com/bingbot.htm)" "ysfine.com"
20.29.110.168 - - [08/Nov/2022:06:51:34 -0800] "GET /usca/pitt/mellon35b.jpg HTTP/1.1" 200 39498 "http://www.ysfine.com/usca/pitt" "Mozilla/5.0 (X11; Linux x86_64) AppleWebKit/537.36 (KHTML, like Gecko) Chrome/74.0.3729.169 Safari/537.36" "www.ysfine.com"
157.55.39.76 - - [08/Nov/2022:06:51:58 -0800] "GET /bio/harmoarchi.html HTTP/1.1" 404 88 "-" "Mozilla/5.0 (compatible; bingbot/2.0; +http://www.bing.com/bingbot.htm)" "ysfine.com"
40.77.167.71 - - [08/Nov/2022:06:52:05 -0800] "GET /kowar/mac05a.jpg HTTP/1.1" 200 68210 "-" "Mozilla/5.0 AppleWebKit/537.36 (KHTML, like Gecko; compatible; bingbot/2.0; +http://www.bing.com/bingbot.htm) Chrome/103.0.5060.134 Safari/537.36" "www.ysfine.com"
188.143.136.175 - - [08/Nov/2022:06:52:17 -0800] "GET /maga/histo/desiree21.jpg HTTP/1.1" 200 91829 "https://yandex.ru/" "Mozilla/5.0 (Windows NT 10.0; Win64; x64; rv:106.0) Gecko/20100101 Firefox/106.0" "www.ysfine.com"
51.222.253.17 - - [08/Nov/2022:06:52:39 -0800] "GET /ysbio/class54/class5480/Videos/ HTTP/1.1" 200 563 "-" "Mozilla/5.0 (compatible; AhrefsBot/7.0; +http://ahrefs.com/robot/)" "www.ysfine.com"
20.106.24.246 - - [08/Nov/2022:06:52:45 -0800] "GET /style/musee/ath007b.jpg HTTP/1.1" 200 33406 "http://ysfine.com/style/musee" "Mozilla/5.0 (Macintosh; Intel Mac OS X 10_11_6) AppleWebKit/605.1.15 (KHTML, like Gecko) Version/11.1.2 Safari/605.1.15" "ysfine.com"
40.77.167.27 - - [08/Nov/2022:06:53:14 -0800] "GET /class54/tallm08b.jpg HTTP/1.1" 200 43331 "-" "Mozilla/5.0 AppleWebKit/537.36 (KHTML, like Gecko; compatible; bingbot/2.0; +http://www.bing.com/bingbot.htm) Chrome/103.0.5060.134 Safari/537.36" "ysfine.com"
136.158.118.229 - - [08/Nov/2022:06:53:28 -0800] "GET /maga/histo/desiree23.jpg HTTP/1.1" 200 85900 "https://www.google.com/" "Mozilla/5.0 (Windows NT 10.0; Win64; x64) AppleWebKit/537.36 (KHTML, like Gecko) Chrome/107.0.0.0 Safari/537.36" "ysfine.com"
136.158.118.229 - - [08/Nov/2022:06:53:30 -0800] "GET /maga/histo/desiree22.jpg HTTP/1.1" 200 113561 "https://www.google.com/" "Mozilla/5.0 (Windows NT 10.0; Win64; x64) AppleWebKit/537.36 (KHTML, like Gecko) Chrome/107.0.0.0 Safari/537.36" "ysfine.com"
40.77.167.68 - - [08/Nov/2022:06:53:34 -0800] "GET /world/brit/sebiro21b.jpg HTTP/1.1" 200 51428 "-" "Mozilla/5.0 AppleWebKit/537.36 (KHTML, like Gecko; compatible; bingbot/2.0; +http://www.bing.com/bingbot.htm) Chrome/103.0.5060.134 Safari/537.36" "ysfine.com"
157.55.39.76 - - [08/Nov/2022:06:53:39 -0800] "GET /world/ital/termini08.jpg HTTP/1.1" 200 124583 "-" "Mozilla/5.0 AppleWebKit/537.36 (KHTML, like Gecko; compatible; bingbot/2.0; +http://www.bing.com/bingbot.htm) Chrome/103.0.5060.134 Safari/537.36" "ysfine.com"
157.55.39.76 - - [08/Nov/2022:06:53:58 -0800] "GET /eink/ HTTP/1.1" 200 17659 "-" "Mozilla/5.0 (compatible; bingbot/2.0; +http://www.bing.com/bingbot.htm)" "ysfine.com"
125.209.235.168 - - [08/Nov/2022:06:54:01 -0800] "GET /robots.txt HTTP/1.1" 404 88 "-" "Mozilla/5.0 (compatible; Yeti/1.1; +https://naver.me/spd)" "ysfine.com"
66.249.66.40 - - [08/Nov/2022:06:54:05 -0800] "GET /wisdom/yshome.html HTTP/1.1" 404 88 "-" "Mozilla/5.0 (Linux; Android 6.0.1; Nexus 5X Build/MMB29P) AppleWebKit/537.36 (KHTML, like Gecko) Chrome/107.0.5304.87 Mobile Safari/537.36 (compatible; Googlebot/2.1; +http://www.google.com/bot.html)" "ysfine.com"
125.209.235.181 - - [08/Nov/2022:06:54:07 -0800] "GET /robots.txt HTTP/1.1" 404 88 "-" "Mozilla/5.0 (compatible; Yeti/1.1; +https://naver.me/spd)" "ysfine.com"
110.93.150.39 - - [08/Nov/2022:06:54:07 -0800] "GET / HTTP/1.1" 200 5283 "-" "Mozilla/5.0 (compatible; Yeti/1.1; +https://naver.me/spd)" "ysfine.com"
70.123.26.188 - - [08/Nov/2022:06:54:27 -0800] "GET /world/brit/etonharrow.html HTTP/1.1" 200 4546 "https://www.google.com/" "Mozilla/5.0 (iPhone; CPU iPhone OS 15_6_1 like Mac OS X) AppleWebKit/605.1.15 (KHTML, like Gecko) Version/15.6.1 Mobile/15E148 Safari/604.1" "ysfine.com"
70.123.26.188 - - [08/Nov/2022:06:54:27 -0800] "GET /world/brit/nehru11b.jpg HTTP/1.1" 200 43052 "https://ysfine.com/world/brit/etonharrow.html" "Mozilla/5.0 (iPhone; CPU iPhone OS 15_6_1 like Mac OS X) AppleWebKit/605.1.15 (KHTML, like Gecko) Version/15.6.1 Mobile/15E148 Safari/604.1" "ysfine.com"
70.123.26.188 - - [08/Nov/2022:06:54:27 -0800] "GET /world/brit/winston01b.jpg HTTP/1.1" 200 38436 "https://ysfine.com/world/brit/etonharrow.html" "Mozilla/5.0 (iPhone; CPU iPhone OS 15_6_1 like Mac OS X) AppleWebKit/605.1.15 (KHTML, like Gecko) Version/15.6.1 Mobile/15E148 Safari/604.1" "ysfine.com"
70.123.26.188 - - [08/Nov/2022:06:54:27 -0800] "GET /world/brit/eton01b.jpg HTTP/1.1" 200 47771 "https://ysfine.com/world/brit/etonharrow.html" "Mozilla/5.0 (iPhone; CPU iPhone OS 15_6_1 like Mac OS X) AppleWebKit/605.1.15 (KHTML, like Gecko) Version/15.6.1 Mobile/15E148 Safari/604.1" "ysfine.com"
70.123.26.188 - - [08/Nov/2022:06:54:27 -0800] "GET /world/brit/eton07b.jpg HTTP/1.1" 200 36566 "https://ysfine.com/world/brit/etonharrow.html" "Mozilla/5.0 (iPhone; CPU iPhone OS 15_6_1 like Mac OS X) AppleWebKit/605.1.15 (KHTML, like Gecko) Version/15.6.1 Mobile/15E148 Safari/604.1" "ysfine.com"
70.123.26.188 - - [08/Nov/2022:06:54:27 -0800] "GET /kobak/kwk11b.jpg HTTP/1.1" 200 46888 "https://ysfine.com/world/brit/etonharrow.html" "Mozilla/5.0 (iPhone; CPU iPhone OS 15_6_1 like Mac OS X) AppleWebKit/605.1.15 (KHTML, like Gecko) Version/15.6.1 Mobile/15E148 Safari/604.1" "ysfine.com"
70.123.26.188 - - [08/Nov/2022:06:54:27 -0800] "GET /world/brit/eton02b.jpg HTTP/1.1" 200 39432 "https://ysfine.com/world/brit/etonharrow.html" "Mozilla/5.0 (iPhone; CPU iPhone OS 15_6_1 like Mac OS X) AppleWebKit/605.1.15 (KHTML, like Gecko) Version/15.6.1 Mobile/15E148 Safari/604.1" "ysfine.com"
70.123.26.188 - - [08/Nov/2022:06:54:27 -0800] "GET /world/brit/harrow01b.jpg HTTP/1.1" 200 54632 "https://ysfine.com/world/brit/etonharrow.html" "Mozilla/5.0 (iPhone; CPU iPhone OS 15_6_1 like Mac OS X) AppleWebKit/605.1.15 (KHTML, like Gecko) Version/15.6.1 Mobile/15E148 Safari/604.1" "ysfine.com"
70.123.26.188 - - [08/Nov/2022:06:54:27 -0800] "GET /eink/pwk19c.jpg HTTP/1.1" 200 57759 "https://ysfine.com/world/brit/etonharrow.html" "Mozilla/5.0 (iPhone; CPU iPhone OS 15_6_1 like Mac OS X) AppleWebKit/605.1.15 (KHTML, like Gecko) Version/15.6.1 Mobile/15E148 Safari/604.1" "ysfine.com"
70.123.26.188 - - [08/Nov/2022:06:54:27 -0800] "GET /world/brit/eton03b.jpg HTTP/1.1" 200 45141 "https://ysfine.com/world/brit/etonharrow.html" "Mozilla/5.0 (iPhone; CPU iPhone OS 15_6_1 like Mac OS X) AppleWebKit/605.1.15 (KHTML, like Gecko) Version/15.6.1 Mobile/15E148 Safari/604.1" "ysfine.com"
70.123.26.188 - - [08/Nov/2022:06:54:27 -0800] "GET /world/brit/harrow12b.jpg HTTP/1.1" 200 45104 "https://ysfine.com/world/brit/etonharrow.html" "Mozilla/5.0 (iPhone; CPU iPhone OS 15_6_1 like Mac OS X) AppleWebKit/605.1.15 (KHTML, like Gecko) Version/15.6.1 Mobile/15E148 Safari/604.1" "ysfine.com"
70.123.26.188 - - [08/Nov/2022:06:54:27 -0800] "GET /world/brit/harrow04b.jpg HTTP/1.1" 200 48004 "https://ysfine.com/world/brit/etonharrow.html" "Mozilla/5.0 (iPhone; CPU iPhone OS 15_6_1 like Mac OS X) AppleWebKit/605.1.15 (KHTML, like Gecko) Version/15.6.1 Mobile/15E148 Safari/604.1" "ysfine.com"
70.123.26.188 - - [08/Nov/2022:06:54:27 -0800] "GET /world/brit/harrow09b.jpg HTTP/1.1" 200 48797 "https://ysfine.com/world/brit/etonharrow.html" "Mozilla/5.0 (iPhone; CPU iPhone OS 15_6_1 like Mac OS X) AppleWebKit/605.1.15 (KHTML, like Gecko) Version/15.6.1 Mobile/15E148 Safari/604.1" "ysfine.com"
70.123.26.188 - - [08/Nov/2022:06:54:27 -0800] "GET /kobak/taylor33c.jpg HTTP/1.1" 200 39951 "https://ysfine.com/world/brit/etonharrow.html" "Mozilla/5.0 (iPhone; CPU iPhone OS 15_6_1 like Mac OS X) AppleWebKit/605.1.15 (KHTML, like Gecko) Version/15.6.1 Mobile/15E148 Safari/604.1" "ysfine.com"
70.123.26.188 - - [08/Nov/2022:06:54:27 -0800] "GET /world/brit/windsor02b.jpg HTTP/1.1" 200 40724 "https://ysfine.com/world/brit/etonharrow.html" "Mozilla/5.0 (iPhone; CPU iPhone OS 15_6_1 like Mac OS X) AppleWebKit/605.1.15 (KHTML, like Gecko) Version/15.6.1 Mobile/15E148 Safari/604.1" "ysfine.com"
70.123.26.188 - - [08/Nov/2022:06:54:27 -0800] "GET /world/brit/harrow11b.jpg HTTP/1.1" 200 42533 "https://ysfine.com/world/brit/etonharrow.html" "Mozilla/5.0 (iPhone; CPU iPhone OS 15_6_1 like Mac OS X) AppleWebKit/605.1.15 (KHTML, like Gecko) Version/15.6.1 Mobile/15E148 Safari/604.1" "ysfine.com"
70.123.26.188 - - [08/Nov/2022:06:54:28 -0800] "GET /favicon.ico HTTP/1.1" 404 88 "https://ysfine.com/world/brit/etonharrow.html" "Mozilla/5.0 (iPhone; CPU iPhone OS 15_6_1 like Mac OS X) AppleWebKit/605.1.15 (KHTML, like Gecko) Version/15.6.1 Mobile/15E148 Safari/604.1" "ysfine.com"
77.88.5.39 - - [08/Nov/2022:06:54:44 -0800] "GET /robots.txt HTTP/1.1" 404 73 "-" "Mozilla/5.0 (compatible; YandexBot/3.0; +http://yandex.com/bots)" "www.ysfine.com"
93.158.161.50 - - [08/Nov/2022:06:54:47 -0800] "GET /maga/three.html HTTP/1.1" 200 7358 "-" "Mozilla/5.0 (compatible; YandexBot/3.0; +http://yandex.com/bots)" "www.ysfine.com"
40.77.167.68 - - [08/Nov/2022:06:54:54 -0800] "GET /ffriends/amkor/kostu25.jpg HTTP/1.1" 200 125123 "-" "Mozilla/5.0 AppleWebKit/537.36 (KHTML, like Gecko; compatible; bingbot/2.0; +http://www.bing.com/bingbot.htm) Chrome/103.0.5060.134 Safari/537.36" "ysfine.com"
216.244.66.229 - - [08/Nov/2022:06:54:58 -0800] "GET /feynman/page11.html HTTP/1.1" 200 1304 "-" "Mozilla/5.0 (compatible; DotBot/1.2; +https://opensiteexplorer.org/dotbot; help@moz.com)" "ysfine.com"
40.77.167.27 - - [08/Nov/2022:06:55:05 -0800] "GET /kobak/1014b.jpg HTTP/1.1" 200 42115 "-" "Mozilla/5.0 AppleWebKit/537.36 (KHTML, like Gecko; compatible; bingbot/2.0; +http://www.bing.com/bingbot.htm) Chrome/103.0.5060.134 Safari/537.36" "ysfine.com"
40.77.167.68 - - [08/Nov/2022:06:55:35 -0800] "GET /world/germany/verein22.jpg HTTP/1.1" 200 128133 "-" "Mozilla/5.0 (compatible; bingbot/2.0; +http://www.bing.com/bingbot.htm)" "ysfine.com"
20.29.110.169 - - [08/Nov/2022:06:55:36 -0800] "GET /friends/amkor/amgreece01b.jpg HTTP/1.1" 404 88 "https://ysfine.com/friends/amkor" "Mozilla/5.0 (Macintosh; Intel Mac OS X 10_11_6) AppleWebKit/605.1.15 (KHTML, like Gecko) Version/11.1.2 Safari/605.1.15" "ysfine.com"
157.55.39.17 - - [08/Nov/2022:06:55:38 -0800] "GET /bio/awards/iao.html HTTP/1.1" 404 88 "-" "Mozilla/5.0 AppleWebKit/537.36 (KHTML, like Gecko; compatible; bingbot/2.0; +http://www.bing.com/bingbot.htm) Chrome/103.0.5060.134 Safari/537.36" "ysfine.com"
82.219.6.231 - - [08/Nov/2022:06:55:50 -0800] "GET /world/baltic/frombork2.jpg HTTP/1.1" 200 67166 "https://www.google.com/" "Mozilla/5.0 (Macintosh; Intel Mac OS X 10_15_6) AppleWebKit/605.1.15 (KHTML, like Gecko) Version/15.5 Safari/605.1.15" "ysfine.com"
13.67.224.12 - - [08/Nov/2022:06:55:57 -0800] "GET /friends/russwas03b.jpg HTTP/1.1" 404 88 "http://ysfine.com/friends" "Mozilla/5.0 (Macintosh; Intel Mac OS X 10_11_6) AppleWebKit/605.1.15 (KHTML, like Gecko) Version/11.1.2 Safari/605.1.15" "ysfine.com"
35.231.212.9 - - [08/Nov/2022:06:56:00 -0800] "GET /eink/mose.html HTTP/1.1" 200 14315 "-" "ZoominfoBot (zoominfobot at zoominfo dot com)" "ysfine.com"
172.58.171.228 - - [08/Nov/2022:06:56:14 -0800] "GET /princeton/alexan22.jpg HTTP/1.1" 200 175436 "https://www.google.com/" "Mozilla/5.0 (iPhone; CPU iPhone OS 16_0_2 like Mac OS X) AppleWebKit/605.1.15 (KHTML, like Gecko) Version/16.0 Mobile/15E148 Safari/604.1" "ysfine.com"
20.106.24.246 - - [08/Nov/2022:06:56:28 -0800] "GET /friends/amkor/kostu18b.jpg HTTP/1.1" 404 88 "https://ysfine.com/friends/amkor" "Mozilla/5.0 (Windows NT 10.0; Win64; x64) AppleWebKit/537.36 (KHTML, like Gecko) Chrome/74.0.3729.157 Safari/537.36" "ysfine.com"
20.106.24.246 - - [08/Nov/2022:06:56:33 -0800] "GET /style/yasukuni11b.jpg HTTP/1.1" 200 53460 "https://ysfine.com/style" "Mozilla/5.0 (iPhone; CPU iPhone OS 13_5_1 like Mac OS X) AppleWebKit/605.1.15 (KHTML, like Gecko) Version/13.1.1 Mobile/15E148 Safari/604.1" "ysfine.com"
51.222.253.3 - - [08/Nov/2022:06:56:35 -0800] "GET /kobak/sobeach.html HTTP/1.1" 200 1149 "-" "Mozilla/5.0 (compatible; AhrefsBot/7.0; +http://ahrefs.com/robot/)" "www.ysfine.com"
40.122.227.201 - - [08/Nov/2022:06:56:42 -0800] "GET /world/poland/polnobel01b.jpg HTTP/1.1" 200 42634 "https://www.ysfine.com/world/poland" "Mozilla/5.0 (iPhone; CPU iPhone OS 13_5_1 like Mac OS X) AppleWebKit/605.1.15 (KHTML, like Gecko) Version/13.1.1 Mobile/15E148 Safari/604.1" "www.ysfine.com"
40.77.51.85 - - [08/Nov/2022:06:57:04 -0800] "GET /world/hungary/buda011b.jpg HTTP/1.1" 200 45006 "http://www.ysfine.com/world/hungary" "Mozilla/5.0 (Windows NT 10.0; Win64; x64) AppleWebKit/537.36 (KHTML, like Gecko) Chrome/74.0.3729.157 Safari/537.36" "www.ysfine.com"
157.55.39.76 - - [08/Nov/2022:06:57:08 -0800] "GET /bio/kobak/yskor.html HTTP/1.1" 404 88 "-" "Mozilla/5.0 (compatible; bingbot/2.0; +http://www.bing.com/bingbot.htm)" "ysfine.com"
216.244.66.229 - - [08/Nov/2022:06:57:41 -0800] "GET /home/fotos/einhaus11.jpg HTTP/1.1" 200 166716 "-" "Mozilla/5.0 (compatible; DotBot/1.2; +https://opensiteexplorer.org/dotbot; help@moz.com)" "ysfine.com"
40.77.167.68 - - [08/Nov/2022:06:58:05 -0800] "GET /world/germany/berlinmus74.jpg HTTP/1.1" 200 215471 "-" "Mozilla/5.0 AppleWebKit/537.36 (KHTML, like Gecko; compatible; bingbot/2.0; +http://www.bing.com/bingbot.htm) Chrome/103.0.5060.134 Safari/537.36" "www.ysfine.com"
157.55.39.17 - - [08/Nov/2022:06:58:06 -0800] "GET /bio/einstein/bern.html HTTP/1.1" 404 88 "-" "Mozilla/5.0 (compatible; bingbot/2.0; +http://www.bing.com/bingbot.htm)" "ysfine.com"
17.121.114.221 - - [08/Nov/2022:06:58:21 -0800] "GET /articles/cylin.pdf HTTP/1.1" 401 90 "-" "Mozilla/5.0 (Macintosh; Intel Mac OS X 10_15_5) AppleWebKit/605.1.15 (KHTML, like Gecko) Version/13.1.1 Safari/605.1.15 (Applebot/0.1; +http://www.apple.com/go/applebot)" "www.ysfine.com"
216.244.66.229 - - [08/Nov/2022:06:58:31 -0800] "GET /princeton/car01.jpg HTTP/1.1" 200 78000 "-" "Mozilla/5.0 (compatible; DotBot/1.2; +https://opensiteexplorer.org/dotbot; help@moz.com)" "ysfine.com"
20.109.241.82 - - [08/Nov/2022:06:58:59 -0800] "GET /sbk/2008buda33c.jpg HTTP/1.1" 200 53557 "https://ysfine.com/sbk" "Mozilla/5.0 (X11; Linux x86_64) AppleWebKit/537.36 (KHTML, like Gecko) Chrome/74.0.3729.169 Safari/537.36" "ysfine.com"
216.244.66.229 - - [08/Nov/2022:06:59:10 -0800] "GET /usca/pitt/cmu80.jpg HTTP/1.1" 200 114252 "-" "Mozilla/5.0 (compatible; DotBot/1.2; +https://opensiteexplorer.org/dotbot; help@moz.com)" "ysfine.com"
40.77.167.71 - - [08/Nov/2022:06:59:27 -0800] "GET /style/hamako33b.jpg HTTP/1.1" 200 44854 "-" "Mozilla/5.0 (compatible; bingbot/2.0; +http://www.bing.com/bingbot.htm)" "ysfine.com"
157.55.39.76 - - [08/Nov/2022:06:59:47 -0800] "GET /people/wboys.jpg HTTP/1.1" 200 223265 "-" "Mozilla/5.0 AppleWebKit/537.36 (KHTML, like Gecko; compatible; bingbot/2.0; +http://www.bing.com/bingbot.htm) Chrome/103.0.5060.134 Safari/537.36" "ysfine.com"
216.244.66.229 - - [08/Nov/2022:06:59:56 -0800] "GET /world/baltic/lithu12.jpg HTTP/1.1" 200 104024 "-" "Mozilla/5.0 (compatible; DotBot/1.2; +https://opensiteexplorer.org/dotbot; help@moz.com)" "ysfine.com"
51.222.253.7 - - [08/Nov/2022:07:00:19 -0800] "GET /wisdom/lastrain.html HTTP/1.1" 200 1843 "-" "Mozilla/5.0 (compatible; AhrefsBot/7.0; +http://ahrefs.com/robot/)" "ysfine.com"
216.244.66.229 - - [08/Nov/2022:07:00:35 -0800] "GET /world/brit/bond11.jpg HTTP/1.1" 200 76149 "-" "Mozilla/5.0 (compatible; DotBot/1.2; +https://opensiteexplorer.org/dotbot; help@moz.com)" "ysfine.com"
173.73.77.36 - - [08/Nov/2022:07:00:42 -0800] "GET /ys11/ HTTP/1.1" 304 - "-" "Mozilla/5.0 (Windows NT 10.0; Win64; x64) AppleWebKit/537.36 (KHTML, like Gecko) Chrome/106.0.5249.119 Safari/537.36" "ysfine.com"
173.73.77.36 - - [08/Nov/2022:07:00:42 -0800] "GET /favicon.ico HTTP/1.1" 404 88 "https://ysfine.com/ys11/" "Mozilla/5.0 (Windows NT 10.0; Win64; x64) AppleWebKit/537.36 (KHTML, like Gecko) Chrome/106.0.5249.119 Safari/537.36" "ysfine.com"
20.29.110.170 - - [08/Nov/2022:07:00:46 -0800] "GET /einstein/places/einmu41b.jpg HTTP/1.1" 200 52501 "http://ysfine.com/einstein/places" "Mozilla/5.0 (iPhone; CPU iPhone OS 13_5_1 like Mac OS X) AppleWebKit/605.1.15 (KHTML, like Gecko) Version/13.1.1 Mobile/15E148 Safari/604.1" "ysfine.com"
13.67.224.14 - - [08/Nov/2022:07:01:03 -0800] "GET /world/eve/romania08b.jpg HTTP/1.1" 404 88 "http://ysfine.com/world/eve" "Mozilla/5.0 (Linux; Android 10; SM-G960U) AppleWebKit/537.36 (KHTML, like Gecko) Chrome/88.0.4324.181 Mobile Safari/537.36" "ysfine.com"
216.244.66.229 - - [08/Nov/2022:07:01:07 -0800] "GET /world/ital/bologr11.jpg HTTP/1.1" 200 134243 "-" "Mozilla/5.0 (compatible; DotBot/1.2; +https://opensiteexplorer.org/dotbot; help@moz.com)" "ysfine.com"
40.77.167.71 - - [08/Nov/2022:07:01:17 -0800] "GET /people/kocinski.jpg HTTP/1.1" 200 81177 "-" "Mozilla/5.0 (compatible; bingbot/2.0; +http://www.bing.com/bingbot.htm)" "ysfine.com"
82.219.6.231 - - [08/Nov/2022:07:01:17 -0800] "GET /world/baltic/frombork2.jpg HTTP/1.1" 200 67166 "https://www.google.com/" "Mozilla/5.0 (Macintosh; Intel Mac OS X 10_15_6) AppleWebKit/605.1.15 (KHTML, like Gecko) Version/15.5 Safari/605.1.15" "ysfine.com"
40.122.227.202 - - [08/Nov/2022:07:01:35 -0800] "GET /houses/rheehouse01b.jpg HTTP/1.1" 200 55897 "https://ysfine.com/houses" "Mozilla/5.0 (iPhone; CPU iPhone OS 13_5_1 like Mac OS X) AppleWebKit/605.1.15 (KHTML, like Gecko) Version/13.1.1 Mobile/15E148 Safari/604.1" "ysfine.com"
40.86.101.165 - - [08/Nov/2022:07:01:37 -0800] "GET /einstein/eincurie11.jpg HTTP/1.1" 200 71229 "https://ysfine.com/einstein" "Mozilla/5.0 (iPhone; CPU iPhone OS 13_5_1 like Mac OS X) AppleWebKit/605.1.15 (KHTML, like Gecko) Version/13.1.1 Mobile/15E148 Safari/604.1" "ysfine.com"
216.244.66.229 - - [08/Nov/2022:07:01:39 -0800] "GET /world/ital/flor084.jpg HTTP/1.1" 200 114084 "-" "Mozilla/5.0 (compatible; DotBot/1.2; +https://opensiteexplorer.org/dotbot; help@moz.com)" "ysfine.com"
157.55.39.17 - - [08/Nov/2022:07:02:25 -0800] "GET /yspapers/hemis21.jpg HTTP/1.1" 200 286418 "-" "Mozilla/5.0 (compatible; bingbot/2.0; +http://www.bing.com/bingbot.htm)" "ysfine.com"
216.244.66.229 - - [08/Nov/2022:07:02:29 -0800] "GET /world/ital/florf06.jpg HTTP/1.1" 200 118024 "-" "Mozilla/5.0 (compatible; DotBot/1.2; +https://opensiteexplorer.org/dotbot; help@moz.com)" "ysfine.com"
40.77.167.68 - - [08/Nov/2022:07:02:35 -0800] "GET /bio/yspapers/index.html HTTP/1.1" 404 88 "-" "Mozilla/5.0 AppleWebKit/537.36 (KHTML, like Gecko; compatible; bingbot/2.0; +http://www.bing.com/bingbot.htm) Chrome/103.0.5060.134 Safari/537.36" "ysfine.com"
40.77.167.27 - - [08/Nov/2022:07:02:36 -0800] "GET /feynman/restof33.jpg HTTP/1.1" 200 55468 "-" "Mozilla/5.0 (compatible; bingbot/2.0; +http://www.bing.com/bingbot.htm)" "www.ysfine.com"
157.55.39.65 - - [08/Nov/2022:07:02:41 -0800] "GET /maga/phil/marxber600.jpg HTTP/1.1" 200 54098 "-" "Mozilla/5.0 AppleWebKit/537.36 (KHTML, like Gecko; compatible; bingbot/2.0; +http://www.bing.com/bingbot.htm) Chrome/103.0.5060.134 Safari/537.36" "ysfine.com"
40.77.167.27 - - [08/Nov/2022:07:02:55 -0800] "GET /wigner/yloop33.jpg HTTP/1.1" 200 46070 "-" "Mozilla/5.0 (compatible; bingbot/2.0; +http://www.bing.com/bingbot.htm)" "ysfine.com"
216.244.66.229 - - [08/Nov/2022:07:03:07 -0800] "GET /world/ital/spstep12.jpg HTTP/1.1" 200 115600 "-" "Mozilla/5.0 (compatible; DotBot/1.2; +https://opensiteexplorer.org/dotbot; help@moz.com)" "ysfine.com"
173.73.77.36 - - [08/Nov/2022:07:03:11 -0800] "GET /ys11/ HTTP/1.1" 304 - "-" "Mozilla/5.0 (Windows NT 10.0; Win64; x64) AppleWebKit/537.36 (KHTML, like Gecko) Chrome/107.0.0.0 Safari/537.36" "ysfine.com"
173.73.77.36 - - [08/Nov/2022:07:03:11 -0800] "GET /favicon.ico HTTP/1.1" 404 88 "https://ysfine.com/ys11/" "Mozilla/5.0 (Windows NT 10.0; Win64; x64) AppleWebKit/537.36 (KHTML, like Gecko) Chrome/107.0.0.0 Safari/537.36" "ysfine.com"
20.29.110.170 - - [08/Nov/2022:07:03:37 -0800] "GET /maga/invent/eisenstein03.jpg HTTP/1.1" 200 73731 "http://ysfine.com/maga/invent" "Mozilla/5.0 (iPhone; CPU iPhone OS 13_5_1 like Mac OS X) AppleWebKit/605.1.15 (KHTML, like Gecko) Version/13.1.1 Mobile/15E148 Safari/604.1" "ysfine.com"
40.86.101.165 - - [08/Nov/2022:07:03:42 -0800] "GET /world/france/mai11b.jpg HTTP/1.1" 200 38827 "https://ysfine.com/world/france" "Mozilla/5.0 (iPhone; CPU iPhone OS 13_5_1 like Mac OS X) AppleWebKit/605.1.15 (KHTML, like Gecko) Version/13.1.1 Mobile/15E148 Safari/604.1" "ysfine.com"
216.244.66.229 - - [08/Nov/2022:07:03:43 -0800] "GET /world/ital/venicej10.jpg HTTP/1.1" 200 162515 "-" "Mozilla/5.0 (compatible; DotBot/1.2; +https://opensiteexplorer.org/dotbot; help@moz.com)" "ysfine.com"
35.231.212.9 - - [08/Nov/2022:07:03:49 -0800] "GET /usca/pgh.html HTTP/1.1" 200 13572 "-" "ZoominfoBot (zoominfobot at zoominfo dot com)" "ysfine.com"
40.77.51.85 - - [08/Nov/2022:07:04:11 -0800] "GET /world/ital/repub02b.jpg HTTP/1.1" 200 42223 "https://ysfine.com/world/ital" "Mozilla/5.0 (X11; Linux x86_64) AppleWebKit/537.36 (KHTML, like Gecko) Chrome/74.0.3729.169 Safari/537.36" "ysfine.com"
51.222.253.7 - - [08/Nov/2022:07:04:12 -0800] "GET /einstein/hidden.html HTTP/1.1" 200 4821 "-" "Mozilla/5.0 (compatible; AhrefsBot/7.0; +http://ahrefs.com/robot/)" "ysfine.com"
157.55.39.76 - - [08/Nov/2022:07:04:18 -0800] "GET /world/france/nicef35.jpg HTTP/1.1" 200 125555 "-" "Mozilla/5.0 AppleWebKit/537.36 (KHTML, like Gecko; compatible; bingbot/2.0; +http://www.bing.com/bingbot.htm) Chrome/103.0.5060.134 Safari/537.36" "ysfine.com"
157.55.39.65 - - [08/Nov/2022:07:04:30 -0800] "GET /feynman/jacdrum11b.jpg HTTP/1.1" 200 49846 "-" "Mozilla/5.0 (compatible; bingbot/2.0; +http://www.bing.com/bingbot.htm)" "ysfine.com"
40.77.167.68 - - [08/Nov/2022:07:04:44 -0800] "GET /home/einstein/further.html HTTP/1.1" 404 88 "-" "Mozilla/5.0 AppleWebKit/537.36 (KHTML, like Gecko; compatible; bingbot/2.0; +http://www.bing.com/bingbot.htm) Chrome/103.0.5060.134 Safari/537.36" "ysfine.com"
35.231.212.9 - - [08/Nov/2022:07:04:47 -0800] "GET /people/peo.html HTTP/1.1" 200 13502 "-" "ZoominfoBot (zoominfobot at zoominfo dot com)" "ysfine.com"
66.249.66.44 - - [08/Nov/2022:07:06:35 -0800] "GET /robots.txt HTTP/1.1" 404 88 "-" "Mozilla/5.0 (compatible; Googlebot/2.1; +http://www.google.com/bot.html)" "ysfine.com"
40.77.167.71 - - [08/Nov/2022:07:06:48 -0800] "GET /ysbio/maga/phil/marxphil.html HTTP/1.1" 404 88 "-" "Mozilla/5.0 AppleWebKit/537.36 (KHTML, like Gecko; compatible; bingbot/2.0; +http://www.bing.com/bingbot.htm) Chrome/103.0.5060.134 Safari/537.36" "ysfine.com"
157.55.39.65 - - [08/Nov/2022:07:07:12 -0800] "GET /bio/wigner/e(2).html HTTP/1.1" 404 88 "-" "Mozilla/5.0 AppleWebKit/537.36 (KHTML, like Gecko; compatible; bingbot/2.0; +http://www.bing.com/bingbot.htm) Chrome/103.0.5060.134 Safari/537.36" "ysfine.com"
157.55.39.76 - - [08/Nov/2022:07:07:18 -0800] "GET /class54/admire55.jpg HTTP/1.1" 200 142684 "-" "Mozilla/5.0 (compatible; bingbot/2.0; +http://www.bing.com/bingbot.htm)" "www.ysfine.com"
79.208.81.87 - - [08/Nov/2022:07:07:53 -0800] "GET /kowar/changdoy01.jpg HTTP/1.1" 200 89483 "https://www.google.com/" "Mozilla/5.0 (Macintosh; Intel Mac OS X 10_15_7) AppleWebKit/605.1.15 (KHTML, like Gecko) Version/16.1 Safari/605.1.15" "ysfine.com"
51.222.253.17 - - [08/Nov/2022:07:08:07 -0800] "GET /ysbio/world/russ/dnepro.html HTTP/1.1" 200 439 "-" "Mozilla/5.0 (compatible; AhrefsBot/7.0; +http://ahrefs.com/robot/)" "www.ysfine.com"
51.222.253.10 - - [08/Nov/2022:07:08:14 -0800] "GET /ysbio/world/russ/dnepro11.jpg HTTP/1.1" 200 90450 "-" "Mozilla/5.0 (compatible; AhrefsBot/7.0; +http://ahrefs.com/robot/)" "www.ysfine.com"
51.222.253.14 - - [08/Nov/2022:07:08:21 -0800] "GET /ysbio/world/russ/dnepro22.jpg HTTP/1.1" 200 77080 "-" "Mozilla/5.0 (compatible; AhrefsBot/7.0; +http://ahrefs.com/robot/)" "www.ysfine.com"
79.208.81.87 - - [08/Nov/2022:07:08:21 -0800] "GET /kowar/panmun04.jpg HTTP/1.1" 200 126386 "https://www.google.com/" "Mozilla/5.0 (Macintosh; Intel Mac OS X 10_15_7) AppleWebKit/605.1.15 (KHTML, like Gecko) Version/16.1 Safari/605.1.15" "ysfine.com"
40.77.167.68 - - [08/Nov/2022:07:08:25 -0800] "GET /maga/phil/sisfa12/frame45.html HTTP/1.1" 200 319 "-" "Mozilla/5.0 (compatible; bingbot/2.0; +http://www.bing.com/bingbot.htm)" "ysfine.com"
173.73.77.36 - - [08/Nov/2022:07:08:36 -0800] "GET /ysbio/bio10.html HTTP/1.1" 304 - "https://ysfine.com/ys11/" "Mozilla/5.0 (Windows NT 10.0; Win64; x64) AppleWebKit/537.36 (KHTML, like Gecko) Chrome/107.0.0.0 Safari/537.36" "ysfine.com"
40.77.167.68 - - [08/Nov/2022:07:08:36 -0800] "GET /ysbio/sbk/sbkrome.html HTTP/1.1" 200 306 "-" "Mozilla/5.0 AppleWebKit/537.36 (KHTML, like Gecko; compatible; bingbot/2.0; +http://www.bing.com/bingbot.htm) Chrome/103.0.5060.134 Safari/537.36" "ysfine.com"
173.73.77.36 - - [08/Nov/2022:07:08:39 -0800] "GET /ysbio/awards/index.html HTTP/1.1" 304 - "https://ysfine.com/ysbio/bio10.html" "Mozilla/5.0 (Windows NT 10.0; Win64; x64) AppleWebKit/537.36 (KHTML, like Gecko) Chrome/107.0.0.0 Safari/537.36" "ysfine.com"
77.75.79.11 - - [08/Nov/2022:07:08:49 -0800] "GET /robots.txt HTTP/1.1" 404 88 "-" "Mozilla/5.0 (compatible; SeznamBot/3.2; +http://napoveda.seznam.cz/en/seznambot-intro/)" "ysfine.com"
77.75.79.11 - - [08/Nov/2022:07:08:51 -0800] "GET /world/hungary/eoto03.jpg HTTP/1.1" 200 130158 "-" "Mozilla/5.0 (compatible; SeznamBot/3.2; +http://napoveda.seznam.cz/en/seznambot-intro/)" "ysfine.com"
77.75.79.11 - - [08/Nov/2022:07:08:55 -0800] "GET /newyork/lincolnc33.jpg HTTP/1.1" 200 140198 "-" "Mozilla/5.0 (compatible; SeznamBot/3.2; +http://napoveda.seznam.cz/en/seznambot-intro/)" "ysfine.com"
77.75.79.11 - - [08/Nov/2022:07:08:58 -0800] "GET /world/ital/rome072.jpg HTTP/1.1" 200 131831 "-" "Mozilla/5.0 (compatible; SeznamBot/3.2; +http://napoveda.seznam.cz/en/seznambot-intro/)" "ysfine.com"
173.73.77.36 - - [08/Nov/2022:07:08:59 -0800] "GET /favicon.ico HTTP/1.1" 404 88 "https://ysfine.com/ys11/" "Mozilla/5.0 (Windows NT 10.0; Win64; x64) AppleWebKit/537.36 (KHTML, like Gecko) Chrome/107.0.0.0 Safari/537.36 Edg/107.0.1418.35" "ysfine.com"
77.75.79.11 - - [08/Nov/2022:07:09:00 -0800] "GET /people/mshkim.jpg HTTP/1.1" 200 77915 "-" "Mozilla/5.0 (compatible; SeznamBot/3.2; +http://napoveda.seznam.cz/en/seznambot-intro/)" "ysfine.com"
173.73.77.36 - - [08/Nov/2022:07:09:01 -0800] "GET /ysbio/bio10.html HTTP/1.1" 304 - "https://ysfine.com/ys11/" "Mozilla/5.0 (Windows NT 10.0; Win64; x64) AppleWebKit/537.36 (KHTML, like Gecko) Chrome/107.0.0.0 Safari/537.36 Edg/107.0.1418.35" "ysfine.com"
173.73.77.36 - - [08/Nov/2022:07:09:01 -0800] "GET /ysbio/ewk86f.jpg HTTP/1.1" 304 - "https://ysfine.com/ysbio/bio10.html" "Mozilla/5.0 (Windows NT 10.0; Win64; x64) AppleWebKit/537.36 (KHTML, like Gecko) Chrome/107.0.0.0 Safari/537.36 Edg/107.0.1418.35" "ysfine.com"
77.75.79.11 - - [08/Nov/2022:07:09:02 -0800] "GET /wdc/kopol01.jpg HTTP/1.1" 200 70290 "-" "Mozilla/5.0 (compatible; SeznamBot/3.2; +http://napoveda.seznam.cz/en/seznambot-intro/)" "ysfine.com"
216.244.66.229 - - [08/Nov/2022:07:09:15 -0800] "GET /world/russ/czar15.jpg HTTP/1.1" 200 69332 "-" "Mozilla/5.0 (compatible; DotBot/1.2; +https://opensiteexplorer.org/dotbot; help@moz.com)" "ysfine.com"
40.77.167.68 - - [08/Nov/2022:07:09:15 -0800] "GET /maga/invent/transmitter11b.jpg HTTP/1.1" 200 49702 "-" "Mozilla/5.0 AppleWebKit/537.36 (KHTML, like Gecko; compatible; bingbot/2.0; +http://www.bing.com/bingbot.htm) Chrome/103.0.5060.134 Safari/537.36" "ysfine.com"
173.73.77.36 - - [08/Nov/2022:07:09:25 -0800] "GET /favicon.ico HTTP/1.1" 404 88 "https://ysfine.com/ys11/" "Mozilla/5.0 (Windows NT 10.0; Win64; x64) AppleWebKit/537.36 (KHTML, like Gecko) Chrome/107.0.0.0 Safari/537.36 Edg/107.0.1418.35" "ysfine.com"
173.73.77.36 - - [08/Nov/2022:07:09:30 -0800] "GET /ysbio/bio10.html HTTP/1.1" 304 - "https://ysfine.com/ys11/" "Mozilla/5.0 (Windows NT 10.0; Win64; x64) AppleWebKit/537.36 (KHTML, like Gecko) Chrome/107.0.0.0 Safari/537.36 Edg/107.0.1418.35" "ysfine.com"
40.86.101.164 - - [08/Nov/2022:07:09:46 -0800] "GET /world/germany/hofbrau44b.jpg HTTP/1.1" 200 40073 "http://www.ysfine.com/world/germany" "Mozilla/5.0 (Linux; Android 10; SM-G960U) AppleWebKit/537.36 (KHTML, like Gecko) Chrome/88.0.4324.181 Mobile Safari/537.36" "www.ysfine.com"
157.55.39.65 - - [08/Nov/2022:07:09:51 -0800] "GET /maga/histo/swedking01.jpg HTTP/1.1" 200 150012 "-" "Mozilla/5.0 (compatible; bingbot/2.0; +http://www.bing.com/bingbot.htm)" "ysfine.com"
44.228.64.221 - - [08/Nov/2022:07:09:55 -0800] "GET /wigner/wbrill.html HTTP/1.1" 200 4163 "-" "Python/3.8 aiohttp/3.8.3" "ysfine.com"
173.73.77.36 - - [08/Nov/2022:07:10:09 -0800] "GET /favicon.ico HTTP/1.1" 404 88 "https://ysfine.com/ys11/" "Mozilla/5.0 (Windows NT 10.0; Win64; x64) AppleWebKit/537.36 (KHTML, like Gecko) Chrome/107.0.0.0 Safari/537.36 Edg/107.0.1418.35" "ysfine.com"
173.73.77.36 - - [08/Nov/2022:07:10:12 -0800] "GET /ysbio/bio10.html HTTP/1.1" 304 - "https://ysfine.com/ys11/" "Mozilla/5.0 (Windows NT 10.0; Win64; x64) AppleWebKit/537.36 (KHTML, like Gecko) Chrome/107.0.0.0 Safari/537.36 Edg/107.0.1418.35" "ysfine.com"
173.73.77.36 - - [08/Nov/2022:07:10:21 -0800] "GET /ysbio/awards/marq.html HTTP/1.1" 304 - "https://ysfine.com/ysbio/bio10.html" "Mozilla/5.0 (Windows NT 10.0; Win64; x64) AppleWebKit/537.36 (KHTML, like Gecko) Chrome/107.0.0.0 Safari/537.36 Edg/107.0.1418.35" "ysfine.com"
181.214.20.43 - - [08/Nov/2022:07:10:30 -0800] "GET /ysbio/eink/index.html HTTP/1.1" 200 17688 "-" "Mozilla/5.0 (Windows NT 6.3; WOW64) AppleWebKit/537.36 (KHTML, like Gecko) Chrome/105.0.0.0 Safari/537.36" "www.ysfine.com"
40.77.167.71 - - [08/Nov/2022:07:11:08 -0800] "GET /wisdom/mil/tank05.jpg HTTP/1.1" 200 121535 "-" "Mozilla/5.0 AppleWebKit/537.36 (KHTML, like Gecko; compatible; bingbot/2.0; +http://www.bing.com/bingbot.htm) Chrome/103.0.5060.134 Safari/537.36" "ysfine.com"
