40.122.227.202 - - [07/Nov/2022:21:47:43 -0800] "GET /world/eve/spastu03b.jpg HTTP/1.1" 404 88 "http://ysfine.com/world/eve" "Mozilla/5.0 (Macintosh; Intel Mac OS X 10_11_6) AppleWebKit/605.1.15 (KHTML, like Gecko) Version/11.1.2 Safari/605.1.15" "ysfine.com"
40.77.167.68 - - [07/Nov/2022:21:47:58 -0800] "GET /bio/world/kalinin22.html HTTP/1.1" 404 88 "-" "Mozilla/5.0 AppleWebKit/537.36 (KHTML, like Gecko; compatible; bingbot/2.0; +http://www.bing.com/bingbot.htm) Chrome/103.0.5060.134 Safari/537.36" "ysfine.com"
216.244.66.229 - - [07/Nov/2022:21:47:59 -0800] "GET /world/ital/palat03.jpg HTTP/1.1" 200 93668 "-" "Mozilla/5.0 (compatible; DotBot/1.2; +https://opensiteexplorer.org/dotbot; help@moz.com)" "ysfine.com"
157.55.39.17 - - [07/Nov/2022:21:48:24 -0800] "GET /bio/style/leica.html HTTP/1.1" 404 88 "-" "Mozilla/5.0 (compatible; bingbot/2.0; +http://www.bing.com/bingbot.htm)" "ysfine.com"
216.244.66.229 - - [07/Nov/2022:21:48:27 -0800] "GET /world/ital/romef005.jpg HTTP/1.1" 200 115966 "-" "Mozilla/5.0 (compatible; DotBot/1.2; +https://opensiteexplorer.org/dotbot; help@moz.com)" "ysfine.com"
157.55.39.17 - - [07/Nov/2022:21:48:43 -0800] "GET /wigner/euclid05b.jpg HTTP/1.1" 200 33016 "-" "Mozilla/5.0 AppleWebKit/537.36 (KHTML, like Gecko; compatible; bingbot/2.0; +http://www.bing.com/bingbot.htm) Chrome/103.0.5060.134 Safari/537.36" "ysfine.com"
157.55.39.17 - - [07/Nov/2022:21:48:44 -0800] "GET /world/russ/tchaikovhall03.jpg HTTP/1.1" 200 146131 "-" "Mozilla/5.0 AppleWebKit/537.36 (KHTML, like Gecko; compatible; bingbot/2.0; +http://www.bing.com/bingbot.htm) Chrome/103.0.5060.134 Safari/537.36" "ysfine.com"
157.55.39.65 - - [07/Nov/2022:21:48:48 -0800] "GET /world/scandi/fin09.jpg HTTP/1.1" 200 239073 "-" "Mozilla/5.0 AppleWebKit/537.36 (KHTML, like Gecko; compatible; bingbot/2.0; +http://www.bing.com/bingbot.htm) Chrome/103.0.5060.134 Safari/537.36" "ysfine.com"
216.244.66.229 - - [07/Nov/2022:21:48:57 -0800] "GET /world/ital/spstep03.jpg HTTP/1.1" 200 127572 "-" "Mozilla/5.0 (compatible; DotBot/1.2; +https://opensiteexplorer.org/dotbot; help@moz.com)" "ysfine.com"
157.55.39.17 - - [07/Nov/2022:21:49:13 -0800] "GET /dirac/diracbul270.jpg HTTP/1.1" 200 37621 "-" "Mozilla/5.0 (compatible; bingbot/2.0; +http://www.bing.com/bingbot.htm)" "ysfine.com"
216.244.66.229 - - [07/Nov/2022:21:49:25 -0800] "GET /world/ital/venice12.jpg HTTP/1.1" 200 137615 "-" "Mozilla/5.0 (compatible; DotBot/1.2; +https://opensiteexplorer.org/dotbot; help@moz.com)" "ysfine.com"
40.77.167.27 - - [07/Nov/2022:21:49:31 -0800] "GET /world/france/stras20.jpg HTTP/1.1" 200 101030 "-" "Mozilla/5.0 AppleWebKit/537.36 (KHTML, like Gecko; compatible; bingbot/2.0; +http://www.bing.com/bingbot.htm) Chrome/103.0.5060.134 Safari/537.36" "ysfine.com"
216.244.66.229 - - [07/Nov/2022:21:49:49 -0800] "GET /world/ital/venice43.jpg HTTP/1.1" 200 141646 "-" "Mozilla/5.0 (compatible; DotBot/1.2; +https://opensiteexplorer.org/dotbot; help@moz.com)" "ysfine.com"
157.55.39.65 - - [07/Nov/2022:21:49:58 -0800] "GET /bio/princeton/campus.html HTTP/1.1" 404 88 "-" "Mozilla/5.0 (compatible; bingbot/2.0; +http://www.bing.com/bingbot.htm)" "ysfine.com"
216.244.66.229 - - [07/Nov/2022:21:50:12 -0800] "GET /world/latina/rio057.jpg HTTP/1.1" 200 102536 "-" "Mozilla/5.0 (compatible; DotBot/1.2; +https://opensiteexplorer.org/dotbot; help@moz.com)" "ysfine.com"
66.249.66.40 - - [07/Nov/2022:21:50:19 -0800] "GET /style/venus11a.jpg HTTP/1.1" 304 - "-" "Googlebot-Image/1.0" "ysfine.com"
20.106.28.16 - - [07/Nov/2022:21:50:48 -0800] "GET /style/music/nurem03b.jpg HTTP/1.1" 200 53783 "https://ysfine.com/style/music" "Mozilla/5.0 (Linux; Android 10; SM-G960U) AppleWebKit/537.36 (KHTML, like Gecko) Chrome/88.0.4324.181 Mobile Safari/537.36" "ysfine.com"
51.222.253.8 - - [07/Nov/2022:21:50:52 -0800] "GET /ysbio/kowar/war00.html HTTP/1.1" 200 4851 "-" "Mozilla/5.0 (compatible; AhrefsBot/7.0; +http://ahrefs.com/robot/)" "ysfine.com"
157.55.39.65 - - [07/Nov/2022:21:50:56 -0800] "GET /style/musee/arles01.jpg HTTP/1.1" 200 91930 "-" "Mozilla/5.0 AppleWebKit/537.36 (KHTML, like Gecko; compatible; bingbot/2.0; +http://www.bing.com/bingbot.htm) Chrome/103.0.5060.134 Safari/537.36" "ysfine.com"
157.55.39.76 - - [07/Nov/2022:21:51:23 -0800] "GET /dirac/dfkim11c.jpg HTTP/1.1" 200 34801 "-" "Mozilla/5.0 AppleWebKit/537.36 (KHTML, like Gecko; compatible; bingbot/2.0; +http://www.bing.com/bingbot.htm) Chrome/103.0.5060.134 Safari/537.36" "ysfine.com"
40.77.167.68 - - [07/Nov/2022:21:51:48 -0800] "GET /saram/g004.jpg HTTP/1.1" 200 106530 "-" "Mozilla/5.0 AppleWebKit/537.36 (KHTML, like Gecko; compatible; bingbot/2.0; +http://www.bing.com/bingbot.htm) Chrome/103.0.5060.134 Safari/537.36" "www.ysfine.com"
157.55.39.76 - - [07/Nov/2022:21:51:54 -0800] "GET /world/places/ulm29.jpg HTTP/1.1" 200 112304 "-" "Mozilla/5.0 (compatible; bingbot/2.0; +http://www.bing.com/bingbot.htm)" "ysfine.com"
40.77.167.71 - - [07/Nov/2022:21:51:58 -0800] "GET /eink/moses11.jpg HTTP/1.1" 200 398144 "-" "Mozilla/5.0 AppleWebKit/537.36 (KHTML, like Gecko; compatible; bingbot/2.0; +http://www.bing.com/bingbot.htm) Chrome/103.0.5060.134 Safari/537.36" "ysfine.com"
40.77.167.71 - - [07/Nov/2022:21:51:59 -0800] "GET /einstein/runstan11.jpg HTTP/1.1" 200 132736 "-" "Mozilla/5.0 AppleWebKit/537.36 (KHTML, like Gecko; compatible; bingbot/2.0; +http://www.bing.com/bingbot.htm) Chrome/103.0.5060.134 Safari/537.36" "ysfine.com"
75.66.131.250 - - [07/Nov/2022:21:52:07 -0800] "GET /kowar/panmun04.jpg HTTP/1.1" 200 126386 "https://www.google.com/" "Mozilla/5.0 (Linux; Android 8.0.0; moto e5 cruise Build/OCPS27.91-157-28-12; wv) AppleWebKit/537.36 (KHTML, like Gecko) Version/4.0 Chrome/97.0.4692.87 Mobile Safari/537.36 GoogleApp/12.48.23.23.arm" "ysfine.com"
157.55.39.65 - - [07/Nov/2022:21:52:08 -0800] "GET /bio/style/ystyle.html HTTP/1.1" 404 88 "-" "Mozilla/5.0 AppleWebKit/537.36 (KHTML, like Gecko; compatible; bingbot/2.0; +http://www.bing.com/bingbot.htm) Chrome/103.0.5060.134 Safari/537.36" "www.ysfine.com"
40.77.167.71 - - [07/Nov/2022:21:52:15 -0800] "GET /maga/phys/huy41.jpg HTTP/1.1" 200 170547 "-" "Mozilla/5.0 AppleWebKit/537.36 (KHTML, like Gecko; compatible; bingbot/2.0; +http://www.bing.com/bingbot.htm) Chrome/103.0.5060.134 Safari/537.36" "ysfine.com"
157.55.39.76 - - [07/Nov/2022:21:52:24 -0800] "GET /maga/invent/westing.jpg HTTP/1.1" 200 89836 "-" "Mozilla/5.0 AppleWebKit/537.36 (KHTML, like Gecko; compatible; bingbot/2.0; +http://www.bing.com/bingbot.htm) Chrome/103.0.5060.134 Safari/537.36" "ysfine.com"
40.77.167.71 - - [07/Nov/2022:21:52:25 -0800] "GET /world/china/qingdao06.jpg HTTP/1.1" 200 99358 "-" "Mozilla/5.0 (compatible; bingbot/2.0; +http://www.bing.com/bingbot.htm)" "www.ysfine.com"
20.29.110.170 - - [07/Nov/2022:21:52:40 -0800] "GET /dirac/dirbust22b.jpg HTTP/1.1" 200 46579 "https://ysfine.com/dirac" "Mozilla/5.0 (Linux; Android 10; SM-G960U) AppleWebKit/537.36 (KHTML, like Gecko) Chrome/88.0.4324.181 Mobile Safari/537.36" "ysfine.com"
40.77.167.71 - - [07/Nov/2022:21:52:55 -0800] "GET /world/israel/jeru01.jpg HTTP/1.1" 200 179135 "-" "Mozilla/5.0 AppleWebKit/537.36 (KHTML, like Gecko; compatible; bingbot/2.0; +http://www.bing.com/bingbot.htm) Chrome/103.0.5060.134 Safari/537.36" "www.ysfine.com"
192.0.112.50 - - [07/Nov/2022:21:53:07 -0800] "GET /wigner/neum/vnc01.jpg HTTP/1.1" 200 133641 "-" "Photon/1.0" "www.ysfine.com"
61.147.15.67 - - [07/Nov/2022:21:53:14 -0800] "GET / HTTP/1.1" 200 5283 "-" "Mozilla/5.0 (Macintosh; Intel Mac OS X 10_11) AppleWebKit/601.1.27 (KHTML, like Gecko) Chrome/47.0.2526.106 Safari/601.1.27" "ysfine.com"
20.109.241.98 - - [07/Nov/2022:21:54:32 -0800] "GET /ffriends/amkor/lawren22c.jpg HTTP/1.1" 200 30537 "https://ysfine.com/ffriends/amkor" "Mozilla/5.0 (X11; Linux x86_64) AppleWebKit/537.36 (KHTML, like Gecko) Chrome/74.0.3729.169 Safari/537.36" "ysfine.com"
40.122.227.200 - - [07/Nov/2022:21:55:09 -0800] "GET /dirac/dirac63c.jpg HTTP/1.1" 200 29237 "https://ysfine.com/dirac" "Mozilla/5.0 (Windows NT 10.0; Win64; x64) AppleWebKit/537.36 (KHTML, like Gecko) Chrome/74.0.3729.157 Safari/537.36" "ysfine.com"
20.109.241.96 - - [07/Nov/2022:21:55:40 -0800] "GET /ffriends/russvegas01c.jpg HTTP/1.1" 200 45094 "https://ysfine.com/ffriends" "Mozilla/5.0 (Linux; Android 10; SM-G960U) AppleWebKit/537.36 (KHTML, like Gecko) Chrome/88.0.4324.181 Mobile Safari/537.36" "ysfine.com"
157.55.39.17 - - [07/Nov/2022:21:55:44 -0800] "GET /world/russ/spbpi07.jpg HTTP/1.1" 200 87056 "-" "Mozilla/5.0 AppleWebKit/537.36 (KHTML, like Gecko; compatible; bingbot/2.0; +http://www.bing.com/bingbot.htm) Chrome/103.0.5060.134 Safari/537.36" "ysfine.com"
17.121.115.188 - - [07/Nov/2022:21:56:08 -0800] "GET /einstein/einharmo.html HTTP/1.1" 200 1137 "-" "Mozilla/5.0 (Macintosh; Intel Mac OS X 10_15_5) AppleWebKit/605.1.15 (KHTML, like Gecko) Version/13.1.1 Safari/605.1.15 (Applebot/0.1; +http://www.apple.com/go/applebot)" "www.ysfine.com"
157.55.39.17 - - [07/Nov/2022:21:56:13 -0800] "GET /world/baltic/kalin11.jpg HTTP/1.1" 200 62846 "-" "Mozilla/5.0 AppleWebKit/537.36 (KHTML, like Gecko; compatible; bingbot/2.0; +http://www.bing.com/bingbot.htm) Chrome/103.0.5060.134 Safari/537.36" "ysfine.com"
157.55.39.76 - - [07/Nov/2022:21:56:18 -0800] "GET /bio/style/artlove.html HTTP/1.1" 404 88 "-" "Mozilla/5.0 AppleWebKit/537.36 (KHTML, like Gecko; compatible; bingbot/2.0; +http://www.bing.com/bingbot.htm) Chrome/103.0.5060.134 Safari/537.36" "ysfine.com"
157.55.39.76 - - [07/Nov/2022:21:56:36 -0800] "GET /bio/world/index.html HTTP/1.1" 404 88 "-" "Mozilla/5.0 AppleWebKit/537.36 (KHTML, like Gecko; compatible; bingbot/2.0; +http://www.bing.com/bingbot.htm) Chrome/103.0.5060.134 Safari/537.36" "ysfine.com"
157.55.39.76 - - [07/Nov/2022:21:56:44 -0800] "GET /world/ital/flor095.jpg HTTP/1.1" 200 113067 "-" "Mozilla/5.0 AppleWebKit/537.36 (KHTML, like Gecko; compatible; bingbot/2.0; +http://www.bing.com/bingbot.htm) Chrome/103.0.5060.134 Safari/537.36" "ysfine.com"
40.77.167.68 - - [07/Nov/2022:21:56:49 -0800] "GET /world/russ/bolshoi44.jpg HTTP/1.1" 200 89808 "-" "Mozilla/5.0 AppleWebKit/537.36 (KHTML, like Gecko; compatible; bingbot/2.0; +http://www.bing.com/bingbot.htm) Chrome/103.0.5060.134 Safari/537.36" "ysfine.com"
157.55.39.76 - - [07/Nov/2022:21:56:53 -0800] "GET /world/china/dalian23b.jpg HTTP/1.1" 200 47041 "-" "Mozilla/5.0 (compatible; bingbot/2.0; +http://www.bing.com/bingbot.htm)" "ysfine.com"
40.77.167.27 - - [07/Nov/2022:21:56:55 -0800] "GET /wigner/mgm.jpg HTTP/1.1" 200 76875 "-" "Mozilla/5.0 AppleWebKit/537.36 (KHTML, like Gecko; compatible; bingbot/2.0; +http://www.bing.com/bingbot.htm) Chrome/103.0.5060.134 Safari/537.36" "ysfine.com"
40.77.167.27 - - [07/Nov/2022:21:56:56 -0800] "GET /princeton/goheen11b.jpg HTTP/1.1" 200 41282 "-" "Mozilla/5.0 (compatible; bingbot/2.0; +http://www.bing.com/bingbot.htm)" "ysfine.com"
157.55.39.17 - - [07/Nov/2022:21:57:14 -0800] "GET /kobak/hyundai86.jpg HTTP/1.1" 200 117727 "-" "Mozilla/5.0 (compatible; bingbot/2.0; +http://www.bing.com/bingbot.htm)" "www.ysfine.com"
40.77.167.27 - - [07/Nov/2022:21:57:41 -0800] "GET /people/yuen95.jpg HTTP/1.1" 200 68053 "-" "Mozilla/5.0 AppleWebKit/537.36 (KHTML, like Gecko; compatible; bingbot/2.0; +http://www.bing.com/bingbot.htm) Chrome/103.0.5060.134 Safari/537.36" "ysfine.com"
40.77.167.71 - - [07/Nov/2022:21:58:05 -0800] "GET /world/russ/spbn15.jpg HTTP/1.1" 200 64271 "-" "Mozilla/5.0 AppleWebKit/537.36 (KHTML, like Gecko; compatible; bingbot/2.0; +http://www.bing.com/bingbot.htm) Chrome/103.0.5060.134 Safari/537.36" "ysfine.com"
40.77.167.68 - - [07/Nov/2022:21:58:09 -0800] "GET /einstein/places/einha02b.jpg HTTP/1.1" 200 35565 "-" "Mozilla/5.0 AppleWebKit/537.36 (KHTML, like Gecko; compatible; bingbot/2.0; +http://www.bing.com/bingbot.htm) Chrome/103.0.5060.134 Safari/537.36" "ysfine.com"
157.55.39.65 - - [07/Nov/2022:21:58:10 -0800] "GET /bio/style/ystyle.html HTTP/1.1" 404 88 "-" "Mozilla/5.0 AppleWebKit/537.36 (KHTML, like Gecko; compatible; bingbot/2.0; +http://www.bing.com/bingbot.htm) Chrome/103.0.5060.134 Safari/537.36" "ysfine.com"
216.244.66.229 - - [07/Nov/2022:21:58:26 -0800] "GET /robots.txt HTTP/1.1" 404 73 "-" "Mozilla/5.0 (compatible; DotBot/1.2; +https://opensiteexplorer.org/dotbot; help@moz.com)" "www.ysfine.com"
216.244.66.229 - - [07/Nov/2022:21:58:26 -0800] "GET /robots.txt HTTP/1.1" 404 73 "-" "Mozilla/5.0 (compatible; DotBot/1.2; +https://opensiteexplorer.org/dotbot; help@moz.com)" "ysfine.com"
40.77.167.68 - - [07/Nov/2022:21:58:39 -0800] "GET /home/figs/sq55c.jpg HTTP/1.1" 200 29581 "-" "Mozilla/5.0 AppleWebKit/537.36 (KHTML, like Gecko; compatible; bingbot/2.0; +http://www.bing.com/bingbot.htm) Chrome/103.0.5060.134 Safari/537.36" "www.ysfine.com"
157.55.39.76 - - [07/Nov/2022:21:58:44 -0800] "GET /feynman/ppic/quantum01c.jpg HTTP/1.1" 200 24878 "-" "Mozilla/5.0 (compatible; bingbot/2.0; +http://www.bing.com/bingbot.htm)" "ysfine.com"
157.55.39.76 - - [07/Nov/2022:21:58:54 -0800] "GET /world/germany/dresdenf01b.jpg HTTP/1.1" 200 31080 "-" "Mozilla/5.0 (compatible; bingbot/2.0; +http://www.bing.com/bingbot.htm)" "www.ysfine.com"
51.222.253.10 - - [07/Nov/2022:21:59:02 -0800] "GET /dirac/dfsoft.html HTTP/1.1" 200 2643 "-" "Mozilla/5.0 (compatible; AhrefsBot/7.0; +http://ahrefs.com/robot/)" "www.ysfine.com"
51.222.253.2 - - [07/Nov/2022:21:59:11 -0800] "GET /einstein/eink24b.jpg HTTP/1.1" 200 42003 "-" "Mozilla/5.0 (compatible; AhrefsBot/7.0; +http://ahrefs.com/robot/)" "www.ysfine.com"
51.222.253.14 - - [07/Nov/2022:21:59:12 -0800] "GET /feynman/feyn70b.jpg HTTP/1.1" 200 17231 "-" "Mozilla/5.0 (compatible; AhrefsBot/7.0; +http://ahrefs.com/robot/)" "www.ysfine.com"
157.55.39.131 - - [07/Nov/2022:21:59:18 -0800] "GET /robots.txt HTTP/1.1" 404 88 "-" "Mozilla/5.0 AppleWebKit/537.36 (KHTML, like Gecko; compatible; bingbot/2.0; +http://www.bing.com/bingbot.htm) Chrome/103.0.5060.134 Safari/537.36" "ysfine.com"
157.55.39.17 - - [07/Nov/2022:21:59:24 -0800] "GET /sbk/2010athens33.jpg HTTP/1.1" 200 74837 "-" "Mozilla/5.0 AppleWebKit/537.36 (KHTML, like Gecko; compatible; bingbot/2.0; +http://www.bing.com/bingbot.htm) Chrome/103.0.5060.134 Safari/537.36" "ysfine.com"
20.12.191.74 - - [07/Nov/2022:21:59:36 -0800] "GET /feynman/feynman33.jpg HTTP/1.1" 200 38568 "https://ysfine.com/feynman" "Mozilla/5.0 (Macintosh; Intel Mac OS X 10_11_6) AppleWebKit/605.1.15 (KHTML, like Gecko) Version/11.1.2 Safari/605.1.15" "ysfine.com"
157.55.39.76 - - [07/Nov/2022:21:59:36 -0800] "GET /world/brit/imperialc03.jpg HTTP/1.1" 200 79111 "-" "Mozilla/5.0 AppleWebKit/537.36 (KHTML, like Gecko; compatible; bingbot/2.0; +http://www.bing.com/bingbot.htm) Chrome/103.0.5060.134 Safari/537.36" "ysfine.com"
157.55.39.76 - - [07/Nov/2022:21:59:37 -0800] "GET /bio/sbk/1950.html HTTP/1.1" 404 88 "-" "Mozilla/5.0 (compatible; bingbot/2.0; +http://www.bing.com/bingbot.htm)" "ysfine.com"
157.55.39.76 - - [07/Nov/2022:21:59:54 -0800] "GET /world/germany/nurem02.jpg HTTP/1.1" 200 89171 "-" "Mozilla/5.0 AppleWebKit/537.36 (KHTML, like Gecko; compatible; bingbot/2.0; +http://www.bing.com/bingbot.htm) Chrome/103.0.5060.134 Safari/537.36" "ysfine.com"
190.87.162.107 - - [07/Nov/2022:21:59:55 -0800] "GET /kobak/seoul75.jpg HTTP/1.1" 404 88 "https://www.skyscrapercity.com/" "Mozilla/5.0 (Windows NT 10.0; Win64; x64) AppleWebKit/537.36 (KHTML, like Gecko) Chrome/107.0.0.0 Safari/537.36" "ysfine.com"
40.86.101.252 - - [07/Nov/2022:22:00:15 -0800] "GET /world/russ/minsk066b.jpg HTTP/1.1" 200 28380 "http://www.ysfine.com/world/russ" "Mozilla/5.0 (Windows NT 10.0; Win64; x64) AppleWebKit/537.36 (KHTML, like Gecko) Chrome/74.0.3729.157 Safari/537.36" "www.ysfine.com"
20.29.110.169 - - [07/Nov/2022:22:00:34 -0800] "GET /feynman/ppic/quapa350.jpg HTTP/1.1" 200 21567 "https://ysfine.com/feynman/ppic" "Mozilla/5.0 (Linux; Android 10; SM-G960U) AppleWebKit/537.36 (KHTML, like Gecko) Chrome/88.0.4324.181 Mobile Safari/537.36" "ysfine.com"
17.121.112.173 - - [07/Nov/2022:22:00:36 -0800] "GET /maga/sanchez.html HTTP/1.1" 200 1278 "-" "Mozilla/5.0 (Macintosh; Intel Mac OS X 10_15_5) AppleWebKit/605.1.15 (KHTML, like Gecko) Version/13.1.1 Safari/605.1.15 (Applebot/0.1; +http://www.apple.com/go/applebot)" "www.ysfine.com"
157.55.39.65 - - [07/Nov/2022:22:00:48 -0800] "GET /world/russ/kiev050.jpg HTTP/1.1" 200 112470 "-" "Mozilla/5.0 AppleWebKit/537.36 (KHTML, like Gecko; compatible; bingbot/2.0; +http://www.bing.com/bingbot.htm) Chrome/103.0.5060.134 Safari/537.36" "www.ysfine.com"
216.244.66.229 - - [07/Nov/2022:22:01:01 -0800] "GET /world/musplace.html HTTP/1.1" 200 71433 "-" "Mozilla/5.0 (compatible; DotBot/1.2; +https://opensiteexplorer.org/dotbot; help@moz.com)" "ysfine.com"
157.55.39.17 - - [07/Nov/2022:22:01:14 -0800] "GET /world/france/metz51b.jpg HTTP/1.1" 200 49138 "-" "Mozilla/5.0 AppleWebKit/537.36 (KHTML, like Gecko; compatible; bingbot/2.0; +http://www.bing.com/bingbot.htm) Chrome/103.0.5060.134 Safari/537.36" "ysfine.com"
216.244.66.229 - - [07/Nov/2022:22:01:20 -0800] "GET /sbk/2000.html HTTP/1.1" 200 36257 "-" "Mozilla/5.0 (compatible; DotBot/1.2; +https://opensiteexplorer.org/dotbot; help@moz.com)" "ysfine.com"
40.77.167.27 - - [07/Nov/2022:22:01:22 -0800] "GET /sbk/2010paris77.jpg HTTP/1.1" 200 104029 "-" "Mozilla/5.0 (compatible; bingbot/2.0; +http://www.bing.com/bingbot.htm)" "ysfine.com"
157.55.39.76 - - [07/Nov/2022:22:01:27 -0800] "GET /home/style/leica.html HTTP/1.1" 404 88 "-" "Mozilla/5.0 AppleWebKit/537.36 (KHTML, like Gecko; compatible; bingbot/2.0; +http://www.bing.com/bingbot.htm) Chrome/103.0.5060.134 Safari/537.36" "ysfine.com"
157.55.39.65 - - [07/Nov/2022:22:01:31 -0800] "GET /wigner/birth.jpg HTTP/1.1" 200 124354 "-" "Mozilla/5.0 (compatible; bingbot/2.0; +http://www.bing.com/bingbot.htm)" "ysfine.com"
216.244.66.229 - - [07/Nov/2022:22:01:33 -0800] "GET /einstein/fantova/fantova.html HTTP/1.1" 200 17340 "-" "Mozilla/5.0 (compatible; DotBot/1.2; +https://opensiteexplorer.org/dotbot; help@moz.com)" "ysfine.com"
216.244.66.229 - - [07/Nov/2022:22:01:45 -0800] "GET /kobak/shortw.html HTTP/1.1" 200 7532 "-" "Mozilla/5.0 (compatible; DotBot/1.2; +https://opensiteexplorer.org/dotbot; help@moz.com)" "ysfine.com"
216.244.66.229 - - [07/Nov/2022:22:01:56 -0800] "GET /world/kazan.html HTTP/1.1" 200 42767 "-" "Mozilla/5.0 (compatible; DotBot/1.2; +https://opensiteexplorer.org/dotbot; help@moz.com)" "ysfine.com"
40.77.167.27 - - [07/Nov/2022:22:02:02 -0800] "GET /world/france/notre30.jpg HTTP/1.1" 200 153307 "-" "Mozilla/5.0 (compatible; bingbot/2.0; +http://www.bing.com/bingbot.htm)" "www.ysfine.com"
216.244.66.229 - - [07/Nov/2022:22:02:24 -0800] "GET /class54/class5470/total_data/sub_101.htm HTTP/1.1" 200 12712 "-" "Mozilla/5.0 (compatible; DotBot/1.2; +https://opensiteexplorer.org/dotbot; help@moz.com)" "ysfine.com"
40.77.167.68 - - [07/Nov/2022:22:02:30 -0800] "GET /world/china/hongkong63.jpg HTTP/1.1" 200 109409 "-" "Mozilla/5.0 (compatible; bingbot/2.0; +http://www.bing.com/bingbot.htm)" "ysfine.com"
216.244.66.229 - - [07/Nov/2022:22:02:31 -0800] "GET /style/slavianki.html HTTP/1.1" 200 8239 "-" "Mozilla/5.0 (compatible; DotBot/1.2; +https://opensiteexplorer.org/dotbot; help@moz.com)" "ysfine.com"
40.77.167.27 - - [07/Nov/2022:22:02:35 -0800] "GET /world/israel/jeru41.jpg HTTP/1.1" 200 188915 "-" "Mozilla/5.0 AppleWebKit/537.36 (KHTML, like Gecko; compatible; bingbot/2.0; +http://www.bing.com/bingbot.htm) Chrome/103.0.5060.134 Safari/537.36" "ysfine.com"
40.77.167.68 - - [07/Nov/2022:22:02:49 -0800] "GET /maga/phil/yy10.jpg HTTP/1.1" 200 44890 "-" "Mozilla/5.0 (compatible; bingbot/2.0; +http://www.bing.com/bingbot.htm)" "ysfine.com"
157.55.39.65 - - [07/Nov/2022:22:03:09 -0800] "GET /bio/heisen/heisen54.html HTTP/1.1" 404 88 "-" "Mozilla/5.0 (compatible; bingbot/2.0; +http://www.bing.com/bingbot.htm)" "ysfine.com"
216.244.66.229 - - [07/Nov/2022:22:03:31 -0800] "GET /einstein/maxein.html HTTP/1.1" 200 6741 "-" "Mozilla/5.0 (compatible; DotBot/1.2; +https://opensiteexplorer.org/dotbot; help@moz.com)" "ysfine.com"
216.244.66.229 - - [07/Nov/2022:22:03:31 -0800] "GET /world/ital/verona04.jpg HTTP/1.1" 200 95383 "-" "Mozilla/5.0 (compatible; DotBot/1.2; +https://opensiteexplorer.org/dotbot; help@moz.com)" "ysfine.com"
216.244.66.229 - - [07/Nov/2022:22:03:33 -0800] "GET /yspapers/symmetry12.pdf HTTP/1.1" 200 126304 "-" "Mozilla/5.0 (compatible; DotBot/1.2; +https://opensiteexplorer.org/dotbot; help@moz.com)" "ysfine.com"
40.77.167.27 - - [07/Nov/2022:22:04:12 -0800] "GET /world/israel/tlv03c.jpg HTTP/1.1" 200 37144 "-" "Mozilla/5.0 AppleWebKit/537.36 (KHTML, like Gecko; compatible; bingbot/2.0; +http://www.bing.com/bingbot.htm) Chrome/103.0.5060.134 Safari/537.36" "ysfine.com"
157.55.39.17 - - [07/Nov/2022:22:04:24 -0800] "GET /dirac/licone2.jpg HTTP/1.1" 200 31937 "-" "Mozilla/5.0 AppleWebKit/537.36 (KHTML, like Gecko; compatible; bingbot/2.0; +http://www.bing.com/bingbot.htm) Chrome/103.0.5060.134 Safari/537.36" "www.ysfine.com"
40.77.51.81 - - [07/Nov/2022:22:04:51 -0800] "GET /friends/amkor/jassd11b.jpg HTTP/1.1" 404 88 "https://ysfine.com/friends/amkor" "Mozilla/5.0 (Windows NT 10.0; Win64; x64) AppleWebKit/537.36 (KHTML, like Gecko) Chrome/74.0.3729.157 Safari/537.36" "ysfine.com"
216.244.66.229 - - [07/Nov/2022:22:05:15 -0800] "GET /class54/class5470/total_data/sub_865.htm HTTP/1.1" 200 15639 "-" "Mozilla/5.0 (compatible; DotBot/1.2; +https://opensiteexplorer.org/dotbot; help@moz.com)" "ysfine.com"
40.77.167.68 - - [07/Nov/2022:22:05:19 -0800] "GET /wdc/gtown18.jpg HTTP/1.1" 200 172500 "-" "Mozilla/5.0 (compatible; bingbot/2.0; +http://www.bing.com/bingbot.htm)" "ysfine.com"
40.77.51.85 - - [07/Nov/2022:22:05:20 -0800] "GET /world/poland/gdn21b.jpg HTTP/1.1" 200 43946 "https://ysfine.com/world/poland" "Mozilla/5.0 (Windows NT 10.0; Win64; x64) AppleWebKit/537.36 (KHTML, like Gecko) Chrome/74.0.3729.157 Safari/537.36" "ysfine.com"
40.77.51.81 - - [07/Nov/2022:22:05:21 -0800] "GET /einstein/fantova/s06.gif HTTP/1.1" 200 940 "http://www.ysfine.com/einstein/fantova" "Mozilla/5.0 (Windows NT 10.0; Win64; x64) AppleWebKit/537.36 (KHTML, like Gecko) Chrome/74.0.3729.157 Safari/537.36" "www.ysfine.com"
40.77.167.71 - - [07/Nov/2022:22:05:36 -0800] "GET /world/poland/palaceof02.jpg HTTP/1.1" 200 105862 "-" "Mozilla/5.0 AppleWebKit/537.36 (KHTML, like Gecko; compatible; bingbot/2.0; +http://www.bing.com/bingbot.htm) Chrome/103.0.5060.134 Safari/537.36" "www.ysfine.com"
20.109.241.98 - - [07/Nov/2022:22:05:42 -0800] "GET /friends/aline/usair55c.jpg HTTP/1.1" 404 88 "https://ysfine.com/friends/aline" "Mozilla/5.0 (Macintosh; Intel Mac OS X 10_11_6) AppleWebKit/605.1.15 (KHTML, like Gecko) Version/11.1.2 Safari/605.1.15" "ysfine.com"
216.244.66.229 - - [07/Nov/2022:22:05:43 -0800] "GET /friends/aline/aal04.jpg HTTP/1.1" 404 73 "-" "Mozilla/5.0 (compatible; DotBot/1.2; +https://opensiteexplorer.org/dotbot; help@moz.com)" "ysfine.com"
20.29.111.248 - - [07/Nov/2022:22:06:07 -0800] "GET /world/germany/egypmu02b.jpg HTTP/1.1" 200 31047 "https://ysfine.com/world/germany" "Mozilla/5.0 (Linux; Android 10; SM-G960U) AppleWebKit/537.36 (KHTML, like Gecko) Chrome/88.0.4324.181 Mobile Safari/537.36" "ysfine.com"
216.244.66.229 - - [07/Nov/2022:22:06:09 -0800] "GET /friends/aline/icelandair03.jpg HTTP/1.1" 404 73 "-" "Mozilla/5.0 (compatible; DotBot/1.2; +https://opensiteexplorer.org/dotbot; help@moz.com)" "ysfine.com"
216.244.66.229 - - [07/Nov/2022:22:06:35 -0800] "GET /friends/aline/lufthan02.jpg HTTP/1.1" 404 73 "-" "Mozilla/5.0 (compatible; DotBot/1.2; +https://opensiteexplorer.org/dotbot; help@moz.com)" "ysfine.com"
20.29.111.244 - - [07/Nov/2022:22:06:52 -0800] "GET /einstein/goedel54b.jpg HTTP/1.1" 200 40926 "http://ysfine.com/einstein" "Mozilla/5.0 (Macintosh; Intel Mac OS X 10_11_6) AppleWebKit/605.1.15 (KHTML, like Gecko) Version/11.1.2 Safari/605.1.15" "ysfine.com"
157.55.39.17 - - [07/Nov/2022:22:06:54 -0800] "GET /maga/phys/bohr11.jpg HTTP/1.1" 200 113161 "-" "Mozilla/5.0 (compatible; bingbot/2.0; +http://www.bing.com/bingbot.htm)" "ysfine.com"
216.244.66.229 - - [07/Nov/2022:22:06:59 -0800] "GET /friends/aline/srilanka.jpg HTTP/1.1" 404 73 "-" "Mozilla/5.0 (compatible; DotBot/1.2; +https://opensiteexplorer.org/dotbot; help@moz.com)" "ysfine.com"
20.109.241.98 - - [07/Nov/2022:22:07:00 -0800] "GET /eink/paw450.jpg HTTP/1.1" 200 90454 "https://ysfine.com/eink" "Mozilla/5.0 (iPhone; CPU iPhone OS 13_5_1 like Mac OS X) AppleWebKit/605.1.15 (KHTML, like Gecko) Version/13.1.1 Mobile/15E148 Safari/604.1" "ysfine.com"
157.55.39.76 - - [07/Nov/2022:22:07:06 -0800] "GET /bio/harmoarchi.html HTTP/1.1" 404 88 "-" "Mozilla/5.0 (compatible; bingbot/2.0; +http://www.bing.com/bingbot.htm)" "ysfine.com"
216.244.66.229 - - [07/Nov/2022:22:07:22 -0800] "GET /friends/amkor/amwash03.jpg HTTP/1.1" 404 73 "-" "Mozilla/5.0 (compatible; DotBot/1.2; +https://opensiteexplorer.org/dotbot; help@moz.com)" "ysfine.com"
20.106.27.173 - - [07/Nov/2022:22:07:28 -0800] "GET /world/poland/krk81b.jpg HTTP/1.1" 200 47477 "http://ysfine.com/world/poland" "Mozilla/5.0 (X11; Linux x86_64) AppleWebKit/537.36 (KHTML, like Gecko) Chrome/74.0.3729.169 Safari/537.36" "ysfine.com"
20.106.27.209 - - [07/Nov/2022:22:07:35 -0800] "GET /einstein/locoher22b.jpg HTTP/1.1" 200 48458 "https://ysfine.com/einstein" "Mozilla/5.0 (Macintosh; Intel Mac OS X 10_11_6) AppleWebKit/605.1.15 (KHTML, like Gecko) Version/11.1.2 Safari/605.1.15" "ysfine.com"
216.244.66.229 - - [07/Nov/2022:22:07:45 -0800] "GET /friends/amkor/kolondon01.jpg HTTP/1.1" 404 73 "-" "Mozilla/5.0 (compatible; DotBot/1.2; +https://opensiteexplorer.org/dotbot; help@moz.com)" "ysfine.com"
157.55.39.17 - - [07/Nov/2022:22:07:45 -0800] "GET /maga/phys/inclined11.jpg HTTP/1.1" 200 53886 "-" "Mozilla/5.0 AppleWebKit/537.36 (KHTML, like Gecko; compatible; bingbot/2.0; +http://www.bing.com/bingbot.htm) Chrome/103.0.5060.134 Safari/537.36" "www.ysfine.com"
98.247.108.182 - - [07/Nov/2022:22:07:54 -0800] "GET /einstein/bose2.gif HTTP/1.1" 200 43133 "https://www.google.com/" "Mozilla/5.0 (Linux; Android 11; moto g pure Build/RRHS31.Q3-46-110-13; wv) AppleWebKit/537.36 (KHTML, like Gecko) Version/4.0 Chrome/106.0.5249.126 Mobile Safari/537.36 GSA/13.41.11.26.arm" "ysfine.com"
157.55.39.65 - - [07/Nov/2022:22:07:59 -0800] "GET /world/baltic/kantm08b.jpg HTTP/1.1" 200 32412 "-" "Mozilla/5.0 AppleWebKit/537.36 (KHTML, like Gecko; compatible; bingbot/2.0; +http://www.bing.com/bingbot.htm) Chrome/103.0.5060.134 Safari/537.36" "ysfine.com"
162.247.55.46 - - [07/Nov/2022:22:08:03 -0800] "GET /kowar/tanks/m47.jpg HTTP/1.1" 200 78683 "https://www.google.com/" "Mozilla/5.0 (Windows NT 10.0; Win64; x64) AppleWebKit/537.36 (KHTML, like Gecko) Chrome/107.0.0.0 Safari/537.36" "ysfine.com"
40.77.167.68 - - [07/Nov/2022:22:08:03 -0800] "GET /ysbio/style/webart.html HTTP/1.1" 404 88 "-" "Mozilla/5.0 AppleWebKit/537.36 (KHTML, like Gecko; compatible; bingbot/2.0; +http://www.bing.com/bingbot.htm) Chrome/103.0.5060.134 Safari/537.36" "ysfine.com"
20.109.241.96 - - [07/Nov/2022:22:08:04 -0800] "GET /einstein/bohradius11b.jpg HTTP/1.1" 200 39999 "https://ysfine.com/einstein" "Mozilla/5.0 (iPhone; CPU iPhone OS 13_5_1 like Mac OS X) AppleWebKit/605.1.15 (KHTML, like Gecko) Version/13.1.1 Mobile/15E148 Safari/604.1" "ysfine.com"
40.77.167.68 - - [07/Nov/2022:22:08:04 -0800] "GET /usca/pitt/mtwash01.jpg HTTP/1.1" 200 93036 "-" "Mozilla/5.0 (compatible; bingbot/2.0; +http://www.bing.com/bingbot.htm)" "ysfine.com"
216.244.66.229 - - [07/Nov/2022:22:08:06 -0800] "GET /friends/amkor/victork11.jpg HTTP/1.1" 404 73 "-" "Mozilla/5.0 (compatible; DotBot/1.2; +https://opensiteexplorer.org/dotbot; help@moz.com)" "ysfine.com"
157.55.39.17 - - [07/Nov/2022:22:08:08 -0800] "GET /feynman/feydirak11c.jpg HTTP/1.1" 200 34952 "-" "Mozilla/5.0 (compatible; bingbot/2.0; +http://www.bing.com/bingbot.htm)" "ysfine.com"
51.222.253.19 - - [07/Nov/2022:22:08:18 -0800] "GET /home/easy.html HTTP/1.1" 200 7877 "-" "Mozilla/5.0 (compatible; AhrefsBot/7.0; +http://ahrefs.com/robot/)" "www.ysfine.com"
157.55.39.76 - - [07/Nov/2022:22:08:25 -0800] "GET /usca/vegas/caesar02.jpg HTTP/1.1" 200 106485 "-" "Mozilla/5.0 (compatible; bingbot/2.0; +http://www.bing.com/bingbot.htm)" "ysfine.com"
40.86.101.252 - - [07/Nov/2022:22:08:25 -0800] "GET /style/klauder22b.jpg HTTP/1.1" 200 44277 "http://ysfine.com/style" "Mozilla/5.0 (iPhone; CPU iPhone OS 13_5_1 like Mac OS X) AppleWebKit/605.1.15 (KHTML, like Gecko) Version/13.1.1 Mobile/15E148 Safari/604.1" "ysfine.com"
216.244.66.229 - - [07/Nov/2022:22:08:27 -0800] "GET /maga/phys/hydrogen01.jpg HTTP/1.1" 200 75806 "-" "Mozilla/5.0 (compatible; DotBot/1.2; +https://opensiteexplorer.org/dotbot; help@moz.com)" "ysfine.com"
40.77.167.71 - - [07/Nov/2022:22:08:37 -0800] "GET /wigner/gim/gimn16.jpg HTTP/1.1" 200 147445 "-" "Mozilla/5.0 (compatible; bingbot/2.0; +http://www.bing.com/bingbot.htm)" "ysfine.com"
216.244.66.229 - - [07/Nov/2022:22:08:47 -0800] "GET /usca/pitt/kdka01.jpg HTTP/1.1" 200 93273 "-" "Mozilla/5.0 (compatible; DotBot/1.2; +https://opensiteexplorer.org/dotbot; help@moz.com)" "ysfine.com"
216.244.66.229 - - [07/Nov/2022:22:09:23 -0800] "GET /world/baltic/lithuf02.jpg HTTP/1.1" 200 104323 "-" "Mozilla/5.0 (compatible; DotBot/1.2; +https://opensiteexplorer.org/dotbot; help@moz.com)" "ysfine.com"
216.244.66.229 - - [07/Nov/2022:22:09:53 -0800] "GET /world/baltic/riga40.jpg HTTP/1.1" 200 71217 "-" "Mozilla/5.0 (compatible; DotBot/1.2; +https://opensiteexplorer.org/dotbot; help@moz.com)" "ysfine.com"
157.55.39.65 - - [07/Nov/2022:22:10:08 -0800] "GET /people/smirnov.jpg HTTP/1.1" 200 80968 "-" "Mozilla/5.0 AppleWebKit/537.36 (KHTML, like Gecko; compatible; bingbot/2.0; +http://www.bing.com/bingbot.htm) Chrome/103.0.5060.134 Safari/537.36" "ysfine.com"
216.244.66.229 - - [07/Nov/2022:22:10:21 -0800] "GET /world/ital/milanf03.jpg HTTP/1.1" 200 294701 "-" "Mozilla/5.0 (compatible; DotBot/1.2; +https://opensiteexplorer.org/dotbot; help@moz.com)" "ysfine.com"
157.55.39.76 - - [07/Nov/2022:22:10:46 -0800] "GET /maga/phil/kanthegel66.jpg HTTP/1.1" 200 76782 "-" "Mozilla/5.0 (compatible; bingbot/2.0; +http://www.bing.com/bingbot.htm)" "www.ysfine.com"
157.55.39.17 - - [07/Nov/2022:22:10:56 -0800] "GET /bio/awards/iao.html HTTP/1.1" 404 88 "-" "Mozilla/5.0 (compatible; bingbot/2.0; +http://www.bing.com/bingbot.htm)" "ysfine.com"
216.244.66.229 - - [07/Nov/2022:22:11:02 -0800] "GET /world/ital/milvio06.jpg HTTP/1.1" 200 52144 "-" "Mozilla/5.0 (compatible; DotBot/1.2; +https://opensiteexplorer.org/dotbot; help@moz.com)" "ysfine.com"
40.86.101.254 - - [07/Nov/2022:22:11:19 -0800] "GET /world/china/xian11b.jpg HTTP/1.1" 200 39079 "https://www.ysfine.com/world/china" "Mozilla/5.0 (Macintosh; Intel Mac OS X 10_11_6) AppleWebKit/605.1.15 (KHTML, like Gecko) Version/11.1.2 Safari/605.1.15" "www.ysfine.com"
40.77.167.27 - - [07/Nov/2022:22:11:32 -0800] "GET /style/kirovken44.jpg HTTP/1.1" 200 99499 "-" "Mozilla/5.0 AppleWebKit/537.36 (KHTML, like Gecko; compatible; bingbot/2.0; +http://www.bing.com/bingbot.htm) Chrome/103.0.5060.134 Safari/537.36" "ysfine.com"
216.244.66.229 - - [07/Nov/2022:22:11:33 -0800] "GET /world/ital/padova31.jpg HTTP/1.1" 200 121617 "-" "Mozilla/5.0 (compatible; DotBot/1.2; +https://opensiteexplorer.org/dotbot; help@moz.com)" "ysfine.com"
157.55.39.17 - - [07/Nov/2022:22:11:35 -0800] "GET /style/owaves2.jpg HTTP/1.1" 200 55324 "-" "Mozilla/5.0 AppleWebKit/537.36 (KHTML, like Gecko; compatible; bingbot/2.0; +http://www.bing.com/bingbot.htm) Chrome/103.0.5060.134 Safari/537.36" "ysfine.com"
157.55.39.76 - - [07/Nov/2022:22:11:37 -0800] "GET /world/hungary/buda217.jpg HTTP/1.1" 200 105661 "-" "Mozilla/5.0 AppleWebKit/537.36 (KHTML, like Gecko; compatible; bingbot/2.0; +http://www.bing.com/bingbot.htm) Chrome/103.0.5060.134 Safari/537.36" "ysfine.com"
40.77.167.68 - - [07/Nov/2022:22:12:01 -0800] "GET /world/scandi/sto032.jpg HTTP/1.1" 200 56551 "-" "Mozilla/5.0 (compatible; bingbot/2.0; +http://www.bing.com/bingbot.htm)" "ysfine.com"
40.77.167.68 - - [07/Nov/2022:22:12:02 -0800] "GET /wigner/eucylin11.jpg HTTP/1.1" 200 41175 "-" "Mozilla/5.0 AppleWebKit/537.36 (KHTML, like Gecko; compatible; bingbot/2.0; +http://www.bing.com/bingbot.htm) Chrome/103.0.5060.134 Safari/537.36" "ysfine.com"
216.244.66.229 - - [07/Nov/2022:22:12:04 -0800] "GET /world/ital/vatican55.jpg HTTP/1.1" 200 64446 "-" "Mozilla/5.0 (compatible; DotBot/1.2; +https://opensiteexplorer.org/dotbot; help@moz.com)" "ysfine.com"
157.55.39.76 - - [07/Nov/2022:22:12:17 -0800] "GET /bio/kobak/yskor.html HTTP/1.1" 404 88 "-" "Mozilla/5.0 AppleWebKit/537.36 (KHTML, like Gecko; compatible; bingbot/2.0; +http://www.bing.com/bingbot.htm) Chrome/103.0.5060.134 Safari/537.36" "ysfine.com"
40.77.167.71 - - [07/Nov/2022:22:12:26 -0800] "GET /dirac/dirac84b.jpg HTTP/1.1" 200 42763 "-" "Mozilla/5.0 (compatible; bingbot/2.0; +http://www.bing.com/bingbot.htm)" "ysfine.com"
40.77.167.71 - - [07/Nov/2022:22:12:27 -0800] "GET /kobak/kimkoo01.jpg HTTP/1.1" 200 92628 "-" "Mozilla/5.0 AppleWebKit/537.36 (KHTML, like Gecko; compatible; bingbot/2.0; +http://www.bing.com/bingbot.htm) Chrome/103.0.5060.134 Safari/537.36" "ysfine.com"
216.244.66.229 - - [07/Nov/2022:22:12:36 -0800] "GET /world/ital/vatim10.jpg HTTP/1.1" 200 82194 "-" "Mozilla/5.0 (compatible; DotBot/1.2; +https://opensiteexplorer.org/dotbot; help@moz.com)" "ysfine.com"
173.73.77.36 - - [07/Nov/2022:22:12:41 -0800] "GET /favicon.ico HTTP/1.1" 404 88 "https://ysfine.com/ysbio/sing" "Mozilla/5.0 (Linux; Android 5.1.1; KFSUWI) AppleWebKit/537.36 (KHTML, like Gecko) Silk/104.3.37 like Chrome/104.0.5112.126 Safari/537.36" "ysfine.com"
40.78.141.94 - - [07/Nov/2022:22:12:43 -0800] "GET /world/germany/berlin005b.jpg HTTP/1.1" 200 31205 "https://www.ysfine.com/world/germany" "Mozilla/5.0 (X11; Linux x86_64) AppleWebKit/537.36 (KHTML, like Gecko) Chrome/74.0.3729.169 Safari/537.36" "www.ysfine.com"
216.244.66.229 - - [07/Nov/2022:22:13:13 -0800] "GET /world/ital/venice02.jpg HTTP/1.1" 200 113781 "-" "Mozilla/5.0 (compatible; DotBot/1.2; +https://opensiteexplorer.org/dotbot; help@moz.com)" "ysfine.com"
216.244.66.229 - - [07/Nov/2022:22:13:53 -0800] "GET /world/russ/minsk080.jpg HTTP/1.1" 200 78953 "-" "Mozilla/5.0 (compatible; DotBot/1.2; +https://opensiteexplorer.org/dotbot; help@moz.com)" "ysfine.com"
20.29.110.168 - - [07/Nov/2022:22:13:55 -0800] "GET /friends/polnun01b.jpg HTTP/1.1" 404 88 "https://ysfine.com/friends" "Mozilla/5.0 (Linux; Android 10; SM-G960U) AppleWebKit/537.36 (KHTML, like Gecko) Chrome/88.0.4324.181 Mobile Safari/537.36" "ysfine.com"
66.249.66.216 - - [07/Nov/2022:22:14:07 -0800] "GET /robots.txt HTTP/1.1" 404 88 "-" "Mozilla/5.0 (compatible; Googlebot/2.1; +http://www.google.com/bot.html)" "www.ysfine.com"
173.73.77.36 - - [07/Nov/2022:22:14:07 -0800] "GET /ysbio/bio07.html HTTP/1.1" 200 5097 "https://ysfine.com/ysbio/index" "Mozilla/5.0 (Linux; Android 5.1.1; KFSUWI) AppleWebKit/537.36 (KHTML, like Gecko) Silk/104.3.37 like Chrome/104.0.5112.126 Safari/537.36" "ysfine.com"
173.73.77.36 - - [07/Nov/2022:22:14:07 -0800] "GET /ysbio/eward11c.jpg HTTP/1.1" 200 48989 "https://ysfine.com/ysbio/bio07.html" "Mozilla/5.0 (Linux; Android 5.1.1; KFSUWI) AppleWebKit/537.36 (KHTML, like Gecko) Silk/104.3.37 like Chrome/104.0.5112.126 Safari/537.36" "ysfine.com"
66.249.66.214 - - [07/Nov/2022:22:14:08 -0800] "GET /world/ital/verona21b.jpg HTTP/1.1" 200 38564 "-" "Googlebot-Image/1.0" "www.ysfine.com"
66.249.66.218 - - [07/Nov/2022:22:14:08 -0800] "GET /world/ital/padova03.jpg HTTP/1.1" 200 114490 "-" "Googlebot-Image/1.0" "www.ysfine.com"
157.55.39.17 - - [07/Nov/2022:22:14:25 -0800] "GET /kowar/yicheols01b.jpg HTTP/1.1" 200 43514 "-" "Mozilla/5.0 (compatible; bingbot/2.0; +http://www.bing.com/bingbot.htm)" "ysfine.com"
216.244.66.229 - - [07/Nov/2022:22:14:31 -0800] "GET /world/russ/spbf44.jpg HTTP/1.1" 200 116707 "-" "Mozilla/5.0 (compatible; DotBot/1.2; +https://opensiteexplorer.org/dotbot; help@moz.com)" "ysfine.com"
157.55.39.17 - - [07/Nov/2022:22:14:36 -0800] "GET /bio/einstein/bern.html HTTP/1.1" 404 88 "-" "Mozilla/5.0 AppleWebKit/537.36 (KHTML, like Gecko; compatible; bingbot/2.0; +http://www.bing.com/bingbot.htm) Chrome/103.0.5060.134 Safari/537.36" "ysfine.com"
157.55.39.17 - - [07/Nov/2022:22:14:36 -0800] "GET /bio/princeton/index.html HTTP/1.1" 404 88 "-" "Mozilla/5.0 (compatible; bingbot/2.0; +http://www.bing.com/bingbot.htm)" "ysfine.com"
40.77.167.71 - - [07/Nov/2022:22:14:40 -0800] "GET /world/poland/gdnf08.jpg HTTP/1.1" 200 138844 "-" "Mozilla/5.0 (compatible; bingbot/2.0; +http://www.bing.com/bingbot.htm)" "ysfine.com"
40.77.167.27 - - [07/Nov/2022:22:14:45 -0800] "GET /bio/dirac/bankers.html HTTP/1.1" 404 88 "-" "Mozilla/5.0 (compatible; bingbot/2.0; +http://www.bing.com/bingbot.htm)" "ysfine.com"
20.109.241.96 - - [07/Nov/2022:22:14:53 -0800] "GET /maga/phil/kanthegel620.jpg HTTP/1.1" 200 54203 "http://ysfine.com/maga/phil" "Mozilla/5.0 (Macintosh; Intel Mac OS X 10_11_6) AppleWebKit/605.1.15 (KHTML, like Gecko) Version/11.1.2 Safari/605.1.15" "ysfine.com"
40.77.167.27 - - [07/Nov/2022:22:15:03 -0800] "GET /usca/pitt/scotam2.jpg HTTP/1.1" 200 46187 "-" "Mozilla/5.0 (compatible; bingbot/2.0; +http://www.bing.com/bingbot.htm)" "ysfine.com"
40.77.51.85 - - [07/Nov/2022:22:15:18 -0800] "GET /wdc/washmo23.jpg HTTP/1.1" 200 61356 "http://ysfine.com/wdc" "Mozilla/5.0 (Macintosh; Intel Mac OS X 10_11_6) AppleWebKit/605.1.15 (KHTML, like Gecko) Version/11.1.2 Safari/605.1.15" "ysfine.com"
173.73.77.36 - - [07/Nov/2022:22:15:45 -0800] "GET /ysbio/sing.html HTTP/1.1" 200 2962 "https://ysfine.com/ysbio/bio07.html" "Mozilla/5.0 (Linux; Android 5.1.1; KFSUWI) AppleWebKit/537.36 (KHTML, like Gecko) Silk/104.3.37 like Chrome/104.0.5112.126 Safari/537.36" "ysfine.com"
157.55.39.17 - - [07/Nov/2022:22:15:45 -0800] "GET /world/balkan/istan014.jpg HTTP/1.1" 200 70791 "-" "Mozilla/5.0 AppleWebKit/537.36 (KHTML, like Gecko; compatible; bingbot/2.0; +http://www.bing.com/bingbot.htm) Chrome/103.0.5060.134 Safari/537.36" "www.ysfine.com"
40.77.167.71 - - [07/Nov/2022:22:15:48 -0800] "GET /wdc/dar11.jpg HTTP/1.1" 200 96447 "-" "Mozilla/5.0 (compatible; bingbot/2.0; +http://www.bing.com/bingbot.htm)" "ysfine.com"
40.86.101.166 - - [07/Nov/2022:22:15:51 -0800] "GET /world/brit/harrod03b.jpg HTTP/1.1" 200 40831 "https://ysfine.com/world/brit" "Mozilla/5.0 (iPhone; CPU iPhone OS 13_5_1 like Mac OS X) AppleWebKit/605.1.15 (KHTML, like Gecko) Version/13.1.1 Mobile/15E148 Safari/604.1" "ysfine.com"
51.222.253.13 - - [07/Nov/2022:22:16:12 -0800] "GET /ysbio/world/russ/promotion.html HTTP/1.1" 200 438 "-" "Mozilla/5.0 (compatible; AhrefsBot/7.0; +http://ahrefs.com/robot/)" "www.ysfine.com"
40.77.167.71 - - [07/Nov/2022:22:16:17 -0800] "GET /world/israel/jeru19.jpg HTTP/1.1" 200 128815 "-" "Mozilla/5.0 AppleWebKit/537.36 (KHTML, like Gecko; compatible; bingbot/2.0; +http://www.bing.com/bingbot.htm) Chrome/103.0.5060.134 Safari/537.36" "ysfine.com"
40.77.167.71 - - [07/Nov/2022:22:16:17 -0800] "GET /world/france/montpar16.jpg HTTP/1.1" 200 130027 "-" "Mozilla/5.0 AppleWebKit/537.36 (KHTML, like Gecko; compatible; bingbot/2.0; +http://www.bing.com/bingbot.htm) Chrome/103.0.5060.134 Safari/537.36" "ysfine.com"
157.55.39.17 - - [07/Nov/2022:22:16:26 -0800] "GET /world/scandi/wignob07.jpg HTTP/1.1" 200 103208 "-" "Mozilla/5.0 AppleWebKit/537.36 (KHTML, like Gecko; compatible; bingbot/2.0; +http://www.bing.com/bingbot.htm) Chrome/103.0.5060.134 Safari/537.36" "ysfine.com"
157.55.39.76 - - [07/Nov/2022:22:16:36 -0800] "GET /ffriends/aline/airfr07.jpg HTTP/1.1" 200 157315 "-" "Mozilla/5.0 (compatible; bingbot/2.0; +http://www.bing.com/bingbot.htm)" "ysfine.com"
40.122.230.189 - - [07/Nov/2022:22:16:41 -0800] "GET /world/russ/spbf11b.jpg HTTP/1.1" 200 49354 "https://www.ysfine.com/world/russ" "Mozilla/5.0 (Linux; Android 10; SM-G960U) AppleWebKit/537.36 (KHTML, like Gecko) Chrome/88.0.4324.181 Mobile Safari/537.36" "www.ysfine.com"
65.108.64.210 - - [07/Nov/2022:22:16:41 -0800] "GET /robots.txt HTTP/1.1" 404 73 "-" "Mozilla/5.0 (compatible; MJ12bot/v1.4.8; http://mj12bot.com/)" "www.ysfine.com"
40.122.227.200 - - [07/Nov/2022:22:16:42 -0800] "GET /dongio/lithuparis01c.jpg HTTP/1.1" 404 88 "https://ysfine.com/dongio" "Mozilla/5.0 (iPhone; CPU iPhone OS 13_5_1 like Mac OS X) AppleWebKit/605.1.15 (KHTML, like Gecko) Version/13.1.1 Mobile/15E148 Safari/604.1" "ysfine.com"
65.108.64.210 - - [07/Nov/2022:22:16:43 -0800] "GET /ysbio//sbk/2015berlin22.jpg HTTP/1.1" 200 129817 "-" "Mozilla/5.0 (compatible; MJ12bot/v1.4.8; http://mj12bot.com/)" "www.ysfine.com"
65.108.64.210 - - [07/Nov/2022:22:16:45 -0800] "GET /ysbio//sbk/2015fam11.jpg HTTP/1.1" 200 205838 "-" "Mozilla/5.0 (compatible; MJ12bot/v1.4.8; http://mj12bot.com/)" "www.ysfine.com"
65.108.64.210 - - [07/Nov/2022:22:16:47 -0800] "GET /ysbio//sbk/2015gdan11.jpg HTTP/1.1" 200 222555 "-" "Mozilla/5.0 (compatible; MJ12bot/v1.4.8; http://mj12bot.com/)" "www.ysfine.com"
65.108.64.210 - - [07/Nov/2022:22:16:49 -0800] "GET /ysbio//sbk/2015gdan22.jpg HTTP/1.1" 200 190039 "-" "Mozilla/5.0 (compatible; MJ12bot/v1.4.8; http://mj12bot.com/)" "www.ysfine.com"
65.108.64.210 - - [07/Nov/2022:22:16:51 -0800] "GET /ysbio//sbk/2015london11.jpg HTTP/1.1" 200 172401 "-" "Mozilla/5.0 (compatible; MJ12bot/v1.4.8; http://mj12bot.com/)" "www.ysfine.com"
65.108.64.210 - - [07/Nov/2022:22:16:53 -0800] "GET /ysbio//sbk/2015paris11.jpg HTTP/1.1" 200 289906 "-" "Mozilla/5.0 (compatible; MJ12bot/v1.4.8; http://mj12bot.com/)" "www.ysfine.com"
40.86.101.165 - - [07/Nov/2022:22:18:02 -0800] "GET /kowar/tanks/m60b.jpg HTTP/1.1" 200 31548 "https://ysfine.com/kowar/tanks" "Mozilla/5.0 (Linux; Android 10; SM-G960U) AppleWebKit/537.36 (KHTML, like Gecko) Chrome/88.0.4324.181 Mobile Safari/537.36" "ysfine.com"
157.55.39.76 - - [07/Nov/2022:22:18:06 -0800] "GET /world/china/shanghai076.jpg HTTP/1.1" 200 124922 "-" "Mozilla/5.0 (compatible; bingbot/2.0; +http://www.bing.com/bingbot.htm)" "ysfine.com"
40.77.167.71 - - [07/Nov/2022:22:18:11 -0800] "GET /world/china/dalian41.jpg HTTP/1.1" 200 111582 "-" "Mozilla/5.0 (compatible; bingbot/2.0; +http://www.bing.com/bingbot.htm)" "ysfine.com"
157.55.39.76 - - [07/Nov/2022:22:18:16 -0800] "GET /world/hungary/liszt06.jpg HTTP/1.1" 200 119697 "-" "Mozilla/5.0 (compatible; bingbot/2.0; +http://www.bing.com/bingbot.htm)" "ysfine.com"
216.244.66.229 - - [07/Nov/2022:22:18:23 -0800] "GET /home/hepth.html HTTP/1.1" 200 6347 "-" "Mozilla/5.0 (compatible; DotBot/1.2; +https://opensiteexplorer.org/dotbot; help@moz.com)" "ysfine.com"
216.244.66.229 - - [07/Nov/2022:22:18:53 -0800] "GET /world/sfrance.html HTTP/1.1" 200 24924 "-" "Mozilla/5.0 (compatible; DotBot/1.2; +https://opensiteexplorer.org/dotbot; help@moz.com)" "ysfine.com"
124.223.197.100 - - [07/Nov/2022:22:19:12 -0800] "GET / HTTP/1.1" 200 5283 "http://ysfine.com" "Mozilla/5.0 (Linux; Android 6.0; Nexus 5 Build/MRA58N) AppleWebKit/537.36 (KHTML, like Gecko) Chrome/81.0.4044.138 Mobile Safari/537.36" "ysfine.com"
216.244.66.229 - - [07/Nov/2022:22:19:21 -0800] "GET /class54/class5470/total_data/sub_275.htm HTTP/1.1" 200 14469 "-" "Mozilla/5.0 (compatible; DotBot/1.2; +https://opensiteexplorer.org/dotbot; help@moz.com)" "ysfine.com"
157.55.39.65 - - [07/Nov/2022:22:19:30 -0800] "GET /world/baltic/tallin61.jpg HTTP/1.1" 200 172472 "-" "Mozilla/5.0 (compatible; bingbot/2.0; +http://www.bing.com/bingbot.htm)" "ysfine.com"
124.223.197.100 - - [07/Nov/2022:22:19:31 -0800] "GET / HTTP/1.1" 200 5283 "-" "Mozilla/5.0 (Linux; Android 6.0; Nexus 5 Build/MRA58N) AppleWebKit/537.36 (KHTML, like Gecko) Chrome/81.0.4044.138 Mobile Safari/537.36" "ysfine.com"
124.223.197.100 - - [07/Nov/2022:22:19:39 -0800] "GET / HTTP/1.1" 200 5283 "-" "Mozilla/5.0 (Linux; Android 6.0; Nexus 5 Build/MRA58N) AppleWebKit/537.36 (KHTML, like Gecko) Chrome/81.0.4044.138 Mobile Safari/537.36" "ysfine.com"
216.244.66.229 - - [07/Nov/2022:22:19:49 -0800] "GET /wigner/tollwig11.jpg HTTP/1.1" 200 124000 "-" "Mozilla/5.0 (compatible; DotBot/1.2; +https://opensiteexplorer.org/dotbot; help@moz.com)" "ysfine.com"
40.77.167.68 - - [07/Nov/2022:22:20:01 -0800] "GET /kowar/tanks.html HTTP/1.1" 200 8699 "-" "Mozilla/5.0 (compatible; bingbot/2.0; +http://www.bing.com/bingbot.htm)" "www.ysfine.com"
20.109.241.97 - - [07/Nov/2022:22:20:11 -0800] "GET /people/sbtwein.jpg HTTP/1.1" 200 300207 "https://ysfine.com/people" "Mozilla/5.0 (iPhone; CPU iPhone OS 13_5_1 like Mac OS X) AppleWebKit/605.1.15 (KHTML, like Gecko) Version/13.1.1 Mobile/15E148 Safari/604.1" "ysfine.com"
40.77.167.71 - - [07/Nov/2022:22:20:28 -0800] "GET /wigner/gim/gimn08.jpg HTTP/1.1" 200 92205 "-" "Mozilla/5.0 (compatible; bingbot/2.0; +http://www.bing.com/bingbot.htm)" "ysfine.com"
40.122.227.200 - - [07/Nov/2022:22:20:31 -0800] "GET /eink/wigkim11c.jpg HTTP/1.1" 200 30702 "https://ysfine.com/eink" "Mozilla/5.0 (Linux; Android 10; SM-G960U) AppleWebKit/537.36 (KHTML, like Gecko) Chrome/88.0.4324.181 Mobile Safari/537.36" "ysfine.com"
157.55.39.17 - - [07/Nov/2022:22:20:36 -0800] "GET /world/scandi/norw03.jpg HTTP/1.1" 200 96640 "-" "Mozilla/5.0 (compatible; bingbot/2.0; +http://www.bing.com/bingbot.htm)" "ysfine.com"
20.29.110.170 - - [07/Nov/2022:22:20:39 -0800] "GET /world/latina/rio004b.jpg HTTP/1.1" 200 40739 "http://ysfine.com/world/latina" "Mozilla/5.0 (Linux; Android 10; SM-G960U) AppleWebKit/537.36 (KHTML, like Gecko) Chrome/88.0.4324.181 Mobile Safari/537.36" "ysfine.com"
1.159.93.136 - - [07/Nov/2022:22:21:05 -0800] "GET /einstein/runstan11a.jpg HTTP/1.1" 200 78925 "https://au.images.search.yahoo.com/search/images;_ylt=AwrKC1yc9Glj3NkRj1cN5gt.;_ylu=c2VjA3NlYXJjaARzbGsDYnV0dG9u;_ylc=X1MDMjExNDcwOTAwNQRfcgMyBGZyA21jYWZlZQRmcjIDcDpzLHY6aSxtOnNiLXRvcARncHJpZAM2b3R3cjFiWVMzeVN5ckpBR1Qwam5BBG5fcnNsdAMwBG5fc3VnZwMwBG9yaWdpbgNhdS5pbWFnZXMuc2VhcmNoLnlhaG9vLmNvbQRwb3MDMARwcXN0cgMEcHFzdHJsAzAEcXN0cmwDMzAEcXVlcnkDZWxlY3Ryb24lMjBzdGFuZGluZyUyMHdhdmUlMjBwaHlzaWNzBHRfc3RtcAMxNjY3ODg4MzI5?p=electron+standing+wave+physics&fr=mcafee&fr2=p%3As%2Cv%3Ai%2Cm%3Asb-top&ei=UTF-8&x=wrt&type=E211US91213G0" "Mozilla/5.0 (Windows NT 10.0; Win64; x64) AppleWebKit/537.36 (KHTML, like Gecko) Chrome/107.0.0.0 Safari/537.36" "www.ysfine.com"
1.159.93.136 - - [07/Nov/2022:22:21:08 -0800] "HEAD /https://www.ysfine.com/ HTTP/1.1" 404 - "-" "Test Certificate Info" "www.ysfine.com"
157.55.39.65 - - [07/Nov/2022:22:21:20 -0800] "GET /style/cameras/ducks.jpg HTTP/1.1" 200 93107 "-" "Mozilla/5.0 (compatible; bingbot/2.0; +http://www.bing.com/bingbot.htm)" "ysfine.com"
17.121.114.252 - - [07/Nov/2022:22:21:49 -0800] "GET /maga/hugo.html HTTP/1.1" 200 4000 "-" "Mozilla/5.0 (Macintosh; Intel Mac OS X 10_15_5) AppleWebKit/605.1.15 (KHTML, like Gecko) Version/13.1.1 Safari/605.1.15 (Applebot/0.1; +http://www.apple.com/go/applebot)" "ysfine.com"
40.77.167.68 - - [07/Nov/2022:22:22:11 -0800] "GET /world/germany/hegel06.jpg HTTP/1.1" 200 97871 "-" "Mozilla/5.0 AppleWebKit/537.36 (KHTML, like Gecko; compatible; bingbot/2.0; +http://www.bing.com/bingbot.htm) Chrome/103.0.5060.134 Safari/537.36" "ysfine.com"
40.122.230.188 - - [07/Nov/2022:22:22:12 -0800] "GET /world/poland/jablo62b.jpg HTTP/1.1" 200 33975 "http://ysfine.com/world/poland" "Mozilla/5.0 (Linux; Android 10; SM-G960U) AppleWebKit/537.36 (KHTML, like Gecko) Chrome/88.0.4324.181 Mobile Safari/537.36" "ysfine.com"
157.55.39.65 - - [07/Nov/2022:22:22:31 -0800] "GET /bio/wigner/e(2).html HTTP/1.1" 404 88 "-" "Mozilla/5.0 (compatible; bingbot/2.0; +http://www.bing.com/bingbot.htm)" "ysfine.com"
40.77.167.27 - - [07/Nov/2022:22:22:35 -0800] "GET /wigner/second.jpg HTTP/1.1" 200 104478 "-" "Mozilla/5.0 AppleWebKit/537.36 (KHTML, like Gecko; compatible; bingbot/2.0; +http://www.bing.com/bingbot.htm) Chrome/103.0.5060.134 Safari/537.36" "ysfine.com"
51.222.253.12 - - [07/Nov/2022:22:23:13 -0800] "GET /ysbio/dirac/locovar.html HTTP/1.1" 200 3545 "-" "Mozilla/5.0 (compatible; AhrefsBot/7.0; +http://ahrefs.com/robot/)" "www.ysfine.com"
157.55.39.65 - - [07/Nov/2022:22:23:40 -0800] "GET /world/russ/kazan039.jpg HTTP/1.1" 200 67150 "-" "Mozilla/5.0 (compatible; bingbot/2.0; +http://www.bing.com/bingbot.htm)" "ysfine.com"
216.244.66.229 - - [07/Nov/2022:22:23:50 -0800] "GET /class54/class5470/total_data/sub_524.htm HTTP/1.1" 200 12879 "-" "Mozilla/5.0 (compatible; DotBot/1.2; +https://opensiteexplorer.org/dotbot; help@moz.com)" "ysfine.com"
216.244.66.229 - - [07/Nov/2022:22:24:05 -0800] "GET /einstein/eiphil.html HTTP/1.1" 404 73 "-" "Mozilla/5.0 (compatible; DotBot/1.2; +https://opensiteexplorer.org/dotbot; help@moz.com)" "ysfine.com"
216.244.66.229 - - [07/Nov/2022:22:24:20 -0800] "GET /style/venuspics22.html HTTP/1.1" 200 1587 "-" "Mozilla/5.0 (compatible; DotBot/1.2; +https://opensiteexplorer.org/dotbot; help@moz.com)" "ysfine.com"
40.77.51.82 - - [07/Nov/2022:22:24:33 -0800] "GET /friends/amparis04b.jpg HTTP/1.1" 404 88 "https://ysfine.com/friends" "Mozilla/5.0 (X11; Linux x86_64) AppleWebKit/537.36 (KHTML, like Gecko) Chrome/74.0.3729.169 Safari/537.36" "ysfine.com"
20.29.110.170 - - [07/Nov/2022:22:24:45 -0800] "GET /world/brit/loncafe12.jpg HTTP/1.1" 200 65041 "http://ysfine.com/world/brit" "Mozilla/5.0 (Linux; Android 10; SM-G960U) AppleWebKit/537.36 (KHTML, like Gecko) Chrome/88.0.4324.181 Mobile Safari/537.36" "ysfine.com"
157.55.39.76 - - [07/Nov/2022:22:26:07 -0800] "GET /people/ys63.jpg HTTP/1.1" 200 96239 "-" "Mozilla/5.0 AppleWebKit/537.36 (KHTML, like Gecko; compatible; bingbot/2.0; +http://www.bing.com/bingbot.htm) Chrome/103.0.5060.134 Safari/537.36" "ysfine.com"
124.223.197.100 - - [07/Nov/2022:22:26:17 -0800] "GET / HTTP/1.1" 200 5283 "-" "Mozilla/5.0 (Linux; Android 6.0; Nexus 5 Build/MRA58N) AppleWebKit/537.36 (KHTML, like Gecko) Chrome/81.0.4044.138 Mobile Safari/537.36" "ysfine.com"
40.86.101.164 - - [07/Nov/2022:22:26:20 -0800] "GET /home/ysnr11d.jpg HTTP/1.1" 200 61140 "https://ysfine.com/home" "Mozilla/5.0 (Macintosh; Intel Mac OS X 10_11_6) AppleWebKit/605.1.15 (KHTML, like Gecko) Version/11.1.2 Safari/605.1.15" "ysfine.com"
