40.122.195.128 - - [08/Nov/2022:10:44:38 -0800] "GET /world/ital/flor062b.jpg HTTP/1.1" 200 49181 "http://ysfine.com/world/ital" "Mozilla/5.0 (Linux; Android 10; SM-G960U) AppleWebKit/537.36 (KHTML, like Gecko) Chrome/88.0.4324.181 Mobile Safari/537.36" "ysfine.com"
162.55.85.225 - - [08/Nov/2022:10:44:40 -0800] "GET /ysbio/usca/pitt/pnc.html HTTP/1.1" 200 909 "-" "Mozilla/5.0 (compatible; BLEXBot/1.0; +http://webmeup-crawler.com/)" "ysfine.com"
162.55.85.225 - - [08/Nov/2022:10:44:42 -0800] "GET /ysbio/wcartoon.html HTTP/1.1" 200 6127 "-" "Mozilla/5.0 (compatible; BLEXBot/1.0; +http://webmeup-crawler.com/)" "ysfine.com"
157.55.39.65 - - [08/Nov/2022:10:44:42 -0800] "GET /kobak/underw22.jpg HTTP/1.1" 200 237836 "-" "Mozilla/5.0 (compatible; bingbot/2.0; +http://www.bing.com/bingbot.htm)" "www.ysfine.com"
162.55.85.225 - - [08/Nov/2022:10:44:45 -0800] "GET /ysbio/wdc/annapolis.html HTTP/1.1" 200 3162 "-" "Mozilla/5.0 (compatible; BLEXBot/1.0; +http://webmeup-crawler.com/)" "ysfine.com"
162.55.85.225 - - [08/Nov/2022:10:44:48 -0800] "GET /ysbio/wdc/eindc.html HTTP/1.1" 200 923 "-" "Mozilla/5.0 (compatible; BLEXBot/1.0; +http://webmeup-crawler.com/)" "ysfine.com"
162.55.85.225 - - [08/Nov/2022:10:44:52 -0800] "GET /ysbio/wdc/index.html HTTP/1.1" 200 141 "-" "Mozilla/5.0 (compatible; BLEXBot/1.0; +http://webmeup-crawler.com/)" "ysfine.com"
157.55.39.65 - - [08/Nov/2022:10:44:53 -0800] "GET /world/germany/mucf27.jpg HTTP/1.1" 200 114997 "-" "Mozilla/5.0 AppleWebKit/537.36 (KHTML, like Gecko; compatible; bingbot/2.0; +http://www.bing.com/bingbot.htm) Chrome/103.0.5060.134 Safari/537.36" "ysfine.com"
162.55.85.225 - - [08/Nov/2022:10:44:55 -0800] "GET /ysbio/wdc/mydc.html HTTP/1.1" 200 1586 "-" "Mozilla/5.0 (compatible; BLEXBot/1.0; +http://webmeup-crawler.com/)" "ysfine.com"
162.55.85.225 - - [08/Nov/2022:10:44:58 -0800] "GET /ysbio/wdc/ndu11.html HTTP/1.1" 404 88 "-" "Mozilla/5.0 (compatible; BLEXBot/1.0; +http://webmeup-crawler.com/)" "ysfine.com"
162.55.85.225 - - [08/Nov/2022:10:45:02 -0800] "GET /ysbio/wdc/sakura.html HTTP/1.1" 200 381 "-" "Mozilla/5.0 (compatible; BLEXBot/1.0; +http://webmeup-crawler.com/)" "ysfine.com"
162.55.85.225 - - [08/Nov/2022:10:45:05 -0800] "GET /ysbio/wdc/umd.html HTTP/1.1" 200 3140 "-" "Mozilla/5.0 (compatible; BLEXBot/1.0; +http://webmeup-crawler.com/)" "ysfine.com"
162.55.85.225 - - [08/Nov/2022:10:45:08 -0800] "GET /ysbio/wdc/umdbarn.html HTTP/1.1" 200 316 "-" "Mozilla/5.0 (compatible; BLEXBot/1.0; +http://webmeup-crawler.com/)" "ysfine.com"
40.86.101.165 - - [08/Nov/2022:10:45:09 -0800] "GET /ffriends/czech03c.jpg HTTP/1.1" 200 40243 "https://ysfine.com/ffriends" "Mozilla/5.0 (iPhone; CPU iPhone OS 13_5_1 like Mac OS X) AppleWebKit/605.1.15 (KHTML, like Gecko) Version/13.1.1 Mobile/15E148 Safari/604.1" "ysfine.com"
162.55.85.225 - - [08/Nov/2022:10:45:10 -0800] "GET /ysbio/wdc/vernon.html HTTP/1.1" 200 1958 "-" "Mozilla/5.0 (compatible; BLEXBot/1.0; +http://webmeup-crawler.com/)" "ysfine.com"
162.55.85.225 - - [08/Nov/2022:10:45:13 -0800] "GET /ysbio/wdc/washmobird.html HTTP/1.1" 200 367 "-" "Mozilla/5.0 (compatible; BLEXBot/1.0; +http://webmeup-crawler.com/)" "ysfine.com"
162.55.85.225 - - [08/Nov/2022:10:45:16 -0800] "GET /ysbio/wdc/washmofrog.html HTTP/1.1" 200 351 "-" "Mozilla/5.0 (compatible; BLEXBot/1.0; +http://webmeup-crawler.com/)" "ysfine.com"
51.222.253.17 - - [08/Nov/2022:10:45:17 -0800] "GET /ysbio/bio07.html HTTP/1.1" 200 5097 "-" "Mozilla/5.0 (compatible; AhrefsBot/7.0; +http://ahrefs.com/robot/)" "ysfine.com"
162.55.85.225 - - [08/Nov/2022:10:45:19 -0800] "GET /ysbio/wdc/washmofw.html HTTP/1.1" 200 317 "-" "Mozilla/5.0 (compatible; BLEXBot/1.0; +http://webmeup-crawler.com/)" "ysfine.com"
162.55.85.225 - - [08/Nov/2022:10:45:22 -0800] "GET /ysbio/wdc/whchrism.html HTTP/1.1" 200 358 "-" "Mozilla/5.0 (compatible; BLEXBot/1.0; +http://webmeup-crawler.com/)" "ysfine.com"
40.77.167.27 - - [08/Nov/2022:10:45:22 -0800] "GET /home.html HTTP/1.1" 404 88 "-" "Mozilla/5.0 AppleWebKit/537.36 (KHTML, like Gecko; compatible; bingbot/2.0; +http://www.bing.com/bingbot.htm) Chrome/103.0.5060.134 Safari/537.36" "ysfine.com"
40.122.195.128 - - [08/Nov/2022:10:45:24 -0800] "GET /world/russ/iraida11b.jpg HTTP/1.1" 200 50961 "http://ysfine.com/world/russ" "Mozilla/5.0 (iPhone; CPU iPhone OS 13_5_1 like Mac OS X) AppleWebKit/605.1.15 (KHTML, like Gecko) Version/13.1.1 Mobile/15E148 Safari/604.1" "ysfine.com"
162.55.85.225 - - [08/Nov/2022:10:45:24 -0800] "GET /ysbio/wdc/whouse.html HTTP/1.1" 200 291 "-" "Mozilla/5.0 (compatible; BLEXBot/1.0; +http://webmeup-crawler.com/)" "ysfine.com"
162.55.85.225 - - [08/Nov/2022:10:45:29 -0800] "GET /ysbio/wigner/e%282%29.html HTTP/1.1" 200 4288 "-" "Mozilla/5.0 (compatible; BLEXBot/1.0; +http://webmeup-crawler.com/)" "ysfine.com"
173.77.202.148 - - [08/Nov/2022:10:45:31 -0800] "GET /world/france/stras10.jpg HTTP/1.1" 200 105338 "https://www.google.com/" "Mozilla/5.0 (iPhone; CPU iPhone OS 15_6_1 like Mac OS X) AppleWebKit/605.1.15 (KHTML, like Gecko) Version/15.6.1 Mobile/15E148 Safari/604.1" "ysfine.com"
162.55.85.225 - - [08/Nov/2022:10:45:32 -0800] "GET /ysbio/wigner/gcontrac.html HTTP/1.1" 200 2279 "-" "Mozilla/5.0 (compatible; BLEXBot/1.0; +http://webmeup-crawler.com/)" "ysfine.com"
162.55.85.225 - - [08/Nov/2022:10:45:35 -0800] "GET /ysbio/wigner/gim/map05.html HTTP/1.1" 200 616 "-" "Mozilla/5.0 (compatible; BLEXBot/1.0; +http://webmeup-crawler.com/)" "ysfine.com"
162.55.85.225 - - [08/Nov/2022:10:45:42 -0800] "GET /ysbio/wigner/index.html HTTP/1.1" 200 124 "-" "Mozilla/5.0 (compatible; BLEXBot/1.0; +http://webmeup-crawler.com/)" "ysfine.com"
193.186.4.59 - - [08/Nov/2022:10:45:48 -0800] "GET /princeton/dulles.html HTTP/1.1" 200 2700 "-" "Mozilla/5.0 (Linux; Android 10; K) AppleWebKit/537.36 (KHTML, like Gecko) Chrome/107.0.0.0 Mobile Safari/537.36" "ysfine.com"
162.55.85.225 - - [08/Nov/2022:10:45:50 -0800] "GET /ysbio/wigner/lunch.html HTTP/1.1" 200 3105 "-" "Mozilla/5.0 (compatible; BLEXBot/1.0; +http://webmeup-crawler.com/)" "ysfine.com"
77.88.5.46 - - [08/Nov/2022:10:45:50 -0800] "GET /maga/faraday.html HTTP/1.1" 200 6233 "-" "Mozilla/5.0 (compatible; YandexBot/3.0; +http://yandex.com/bots)" "www.ysfine.com"
162.55.85.225 - - [08/Nov/2022:10:45:55 -0800] "GET /ysbio/wigner/neumann.html HTTP/1.1" 200 1332 "-" "Mozilla/5.0 (compatible; BLEXBot/1.0; +http://webmeup-crawler.com/)" "ysfine.com"
13.67.228.136 - - [08/Nov/2022:10:46:12 -0800] "GET /einstein/dff55.jpg HTTP/1.1" 200 8856 "http://ysfine.com/einstein" "Mozilla/5.0 (X11; Linux x86_64) AppleWebKit/537.36 (KHTML, like Gecko) Chrome/74.0.3729.169 Safari/537.36" "ysfine.com"
20.29.110.168 - - [08/Nov/2022:10:46:22 -0800] "GET /style/musee/ath036b.jpg HTTP/1.1" 200 36169 "http://ysfine.com/style/musee" "Mozilla/5.0 (Linux; Android 10; SM-G960U) AppleWebKit/537.36 (KHTML, like Gecko) Chrome/88.0.4324.181 Mobile Safari/537.36" "ysfine.com"
40.122.230.189 - - [08/Nov/2022:10:46:22 -0800] "GET /friends/russny03b.jpg HTTP/1.1" 404 88 "https://ysfine.com/friends" "Mozilla/5.0 (X11; Linux x86_64) AppleWebKit/537.36 (KHTML, like Gecko) Chrome/74.0.3729.169 Safari/537.36" "ysfine.com"
135.181.75.58 - - [08/Nov/2022:10:46:33 -0800] "GET /robots.txt HTTP/1.1" 404 73 "-" "Mozilla/5.0 (compatible; MJ12bot/v1.4.8; http://mj12bot.com/)" "www.ysfine.com"
135.181.75.58 - - [08/Nov/2022:10:46:43 -0800] "GET /ysbio/world/china/hongkong74.jpg HTTP/1.1" 200 127781 "-" "Mozilla/5.0 (compatible; MJ12bot/v1.4.8; http://mj12bot.com/)" "www.ysfine.com"
135.181.75.58 - - [08/Nov/2022:10:46:50 -0800] "GET /ysbio/world/china/hongkong75.jpg HTTP/1.1" 200 95112 "-" "Mozilla/5.0 (compatible; MJ12bot/v1.4.8; http://mj12bot.com/)" "www.ysfine.com"
135.181.75.58 - - [08/Nov/2022:10:46:56 -0800] "GET /ysbio/world/china/opium02.jpg HTTP/1.1" 200 125532 "-" "Mozilla/5.0 (compatible; MJ12bot/v1.4.8; http://mj12bot.com/)" "www.ysfine.com"
135.181.75.58 - - [08/Nov/2022:10:47:02 -0800] "GET /ysbio/world/china/opium04.jpg HTTP/1.1" 200 95838 "-" "Mozilla/5.0 (compatible; MJ12bot/v1.4.8; http://mj12bot.com/)" "www.ysfine.com"
135.181.75.58 - - [08/Nov/2022:10:47:05 -0800] "GET /ysbio/world/china/opium05.jpg HTTP/1.1" 200 106495 "-" "Mozilla/5.0 (compatible; MJ12bot/v1.4.8; http://mj12bot.com/)" "www.ysfine.com"
157.55.39.65 - - [08/Nov/2022:10:47:14 -0800] "GET /bio/style/ystyle.html HTTP/1.1" 404 88 "-" "Mozilla/5.0 (compatible; bingbot/2.0; +http://www.bing.com/bingbot.htm)" "ysfine.com"
135.181.75.58 - - [08/Nov/2022:10:47:17 -0800] "GET /ysbio/world/china/opium07.jpg HTTP/1.1" 200 75786 "-" "Mozilla/5.0 (compatible; MJ12bot/v1.4.8; http://mj12bot.com/)" "www.ysfine.com"
20.109.241.82 - - [08/Nov/2022:10:47:22 -0800] "GET /world/scandi/copenf09.jpg HTTP/1.1" 200 84576 "https://ysfine.com/world/scandi" "Mozilla/5.0 (Windows NT 10.0; Win64; x64) AppleWebKit/537.36 (KHTML, like Gecko) Chrome/74.0.3729.157 Safari/537.36" "ysfine.com"
135.181.75.58 - - [08/Nov/2022:10:47:23 -0800] "GET /ysbio/world/china/opium08.jpg HTTP/1.1" 200 103250 "-" "Mozilla/5.0 (compatible; MJ12bot/v1.4.8; http://mj12bot.com/)" "www.ysfine.com"
157.55.39.17 - - [08/Nov/2022:10:47:27 -0800] "GET /world/scandi/norw24.jpg HTTP/1.1" 200 97560 "-" "Mozilla/5.0 AppleWebKit/537.36 (KHTML, like Gecko; compatible; bingbot/2.0; +http://www.bing.com/bingbot.htm) Chrome/103.0.5060.134 Safari/537.36" "ysfine.com"
40.77.167.27 - - [08/Nov/2022:10:47:27 -0800] "GET /world/poland/polstu11.jpg HTTP/1.1" 200 104151 "-" "Mozilla/5.0 AppleWebKit/537.36 (KHTML, like Gecko; compatible; bingbot/2.0; +http://www.bing.com/bingbot.htm) Chrome/103.0.5060.134 Safari/537.36" "www.ysfine.com"
135.181.75.58 - - [08/Nov/2022:10:47:29 -0800] "GET /ysbio/world/china/opium09.jpg HTTP/1.1" 200 196769 "-" "Mozilla/5.0 (compatible; MJ12bot/v1.4.8; http://mj12bot.com/)" "www.ysfine.com"
157.55.39.17 - - [08/Nov/2022:10:47:29 -0800] "GET /ysbio/philo/sisfa12/r12left.html HTTP/1.1" 200 662 "-" "Mozilla/5.0 AppleWebKit/537.36 (KHTML, like Gecko; compatible; bingbot/2.0; +http://www.bing.com/bingbot.htm) Chrome/103.0.5060.134 Safari/537.36" "ysfine.com"
40.122.230.188 - - [08/Nov/2022:10:47:31 -0800] "GET /world/brit/harrow04b.jpg HTTP/1.1" 200 48004 "https://ysfine.com/world/brit" "Mozilla/5.0 (Linux; Android 10; SM-G960U) AppleWebKit/537.36 (KHTML, like Gecko) Chrome/88.0.4324.181 Mobile Safari/537.36" "ysfine.com"
135.181.75.58 - - [08/Nov/2022:10:47:33 -0800] "GET /ysbio/world/china/opium10.jpg HTTP/1.1" 200 82976 "-" "Mozilla/5.0 (compatible; MJ12bot/v1.4.8; http://mj12bot.com/)" "www.ysfine.com"
135.181.75.58 - - [08/Nov/2022:10:47:37 -0800] "GET /class54/class5480/Videos/1.%C3%AC%C2%9A%C2%B0%C3%AB%C2%A6%C2%AC%C3%AC%C2%9D%C2%98%20%C3%AC%C2%9E%C2%AC%C3%AD%C2%95%C2%99%C3%AC%C2%8B%C2%9C%C3%AC%C2%A0%C2%88(1948-1954).wmv HTTP/1.1" 200 84851613 "-" "Mozilla/5.0 (compatible; MJ12bot/v1.4.8; http://mj12bot.com/)" "www.ysfine.com"
40.77.51.85 - - [08/Nov/2022:10:47:45 -0800] "GET /dirac/licone600b.jpg HTTP/1.1" 200 29974 "http://ysfine.com/dirac" "Mozilla/5.0 (Macintosh; Intel Mac OS X 10_11_6) AppleWebKit/605.1.15 (KHTML, like Gecko) Version/11.1.2 Safari/605.1.15" "ysfine.com"
40.77.167.71 - - [08/Nov/2022:10:47:50 -0800] "GET /bio/genea.html HTTP/1.1" 404 88 "-" "Mozilla/5.0 (compatible; bingbot/2.0; +http://www.bing.com/bingbot.htm)" "ysfine.com"
135.181.75.58 - - [08/Nov/2022:10:47:51 -0800] "GET /class54/class5480/Videos/3.%C3%AC%C2%A1%C2%B8%C3%AC%C2%97%C2%8560%C3%AC%C2%A3%C2%BC%C3%AB%C2%85%C2%84%C3%AB%C2%AC%C2%B8%C3%AC%C2%A7%C2%91%202%C3%AB%C2%B6%C2%80.wmv HTTP/1.1" 200 37680666 "-" "Mozilla/5.0 (compatible; MJ12bot/v1.4.8; http://mj12bot.com/)" "www.ysfine.com"
51.222.253.15 - - [08/Nov/2022:10:47:52 -0800] "GET /ysbio/einstein/bohrein.html HTTP/1.1" 200 5912 "-" "Mozilla/5.0 (compatible; AhrefsBot/7.0; +http://ahrefs.com/robot/)" "ysfine.com"
135.181.75.58 - - [08/Nov/2022:10:47:54 -0800] "GET /robots.txt HTTP/1.1" 404 73 "-" "Mozilla/5.0 (compatible; MJ12bot/v1.4.8; http://mj12bot.com/)" "www.ysfine.com"
49.179.40.28 - - [08/Nov/2022:10:47:55 -0800] "GET /apple-touch-icon.png HTTP/1.1" 404 88 "-" "DuckDuckGo/5 (com.duckduckgo.mobile.android; Android API 30)" "www.ysfine.com"
49.179.40.28 - - [08/Nov/2022:10:47:55 -0800] "GET /favicon.ico HTTP/1.1" 404 88 "-" "DuckDuckGo/5 (com.duckduckgo.mobile.android; Android API 30)" "www.ysfine.com"
135.181.75.58 - - [08/Nov/2022:10:48:04 -0800] "GET /confer/http%C3%84://medres.online/materialsscience/2020 HTTP/1.1" 404 88 "-" "Mozilla/5.0 (compatible; MJ12bot/v1.4.8; http://mj12bot.com/)" "www.ysfine.com"
104.196.165.78 - - [08/Nov/2022:10:48:08 -0800] "GET /usca/pgh.html HTTP/1.1" 200 13572 "-" "ZoominfoBot (zoominfobot at zoominfo dot com)" "ysfine.com"
135.181.75.58 - - [08/Nov/2022:10:48:09 -0800] "GET /ysbio//class54/class5480/Videos/?C=S;O=A HTTP/1.1" 200 564 "-" "Mozilla/5.0 (compatible; MJ12bot/v1.4.8; http://mj12bot.com/)" "www.ysfine.com"
40.77.167.68 - - [08/Nov/2022:10:48:54 -0800] "GET /world/ital/vicenza02.jpg HTTP/1.1" 200 92432 "-" "Mozilla/5.0 AppleWebKit/537.36 (KHTML, like Gecko; compatible; bingbot/2.0; +http://www.bing.com/bingbot.htm) Chrome/103.0.5060.134 Safari/537.36" "ysfine.com"
157.55.39.76 - - [08/Nov/2022:10:49:00 -0800] "GET /wdc/mydc.html HTTP/1.1" 200 1586 "-" "Mozilla/5.0 AppleWebKit/537.36 (KHTML, like Gecko; compatible; bingbot/2.0; +http://www.bing.com/bingbot.htm) Chrome/103.0.5060.134 Safari/537.36" "ysfine.com"
172.56.10.31 - - [08/Nov/2022:10:49:11 -0800] "GET /apple-touch-icon.png HTTP/1.1" 404 88 "-" "Mozilla/5.0 (Macintosh; Intel Mac OS X 10_11_1) AppleWebKit/601.2.4 (KHTML, like Gecko) Version/9.0.1 Safari/601.2.4 facebookexternalhit/1.1 Facebot Twitterbot/1.0" "ysfine.com"
172.56.10.31 - - [08/Nov/2022:10:49:11 -0800] "GET /favicon.ico HTTP/1.1" 404 88 "-" "Mozilla/5.0 (Macintosh; Intel Mac OS X 10_11_1) AppleWebKit/601.2.4 (KHTML, like Gecko) Version/9.0.1 Safari/601.2.4 facebookexternalhit/1.1 Facebot Twitterbot/1.0" "ysfine.com"
172.56.10.31 - - [08/Nov/2022:10:49:11 -0800] "GET /apple-touch-icon-precomposed.png HTTP/1.1" 404 88 "-" "Mozilla/5.0 (Macintosh; Intel Mac OS X 10_11_1) AppleWebKit/601.2.4 (KHTML, like Gecko) Version/9.0.1 Safari/601.2.4 facebookexternalhit/1.1 Facebot Twitterbot/1.0" "ysfine.com"
172.56.10.31 - - [08/Nov/2022:10:49:11 -0800] "GET /usca/pgh22.html HTTP/1.1" 200 11391 "-" "Mozilla/5.0 (Macintosh; Intel Mac OS X 10_11_1) AppleWebKit/601.2.4 (KHTML, like Gecko) Version/9.0.1 Safari/601.2.4 facebookexternalhit/1.1 Facebot Twitterbot/1.0" "ysfine.com"
172.56.10.31 - - [08/Nov/2022:10:49:11 -0800] "GET /apple-touch-icon-precomposed.png HTTP/1.1" 404 88 "-" "Mozilla/5.0 (Macintosh; Intel Mac OS X 10_11_1) AppleWebKit/601.2.4 (KHTML, like Gecko) Version/9.0.1 Safari/601.2.4 facebookexternalhit/1.1 Facebot Twitterbot/1.0" "ysfine.com"
172.56.10.31 - - [08/Nov/2022:10:49:11 -0800] "GET /favicon.ico HTTP/1.1" 404 88 "-" "Mozilla/5.0 (Macintosh; Intel Mac OS X 10_11_1) AppleWebKit/601.2.4 (KHTML, like Gecko) Version/9.0.1 Safari/601.2.4 facebookexternalhit/1.1 Facebot Twitterbot/1.0" "ysfine.com"
172.56.10.31 - - [08/Nov/2022:10:49:11 -0800] "GET /maga/tesla.html HTTP/1.1" 200 4852 "-" "Mozilla/5.0 (Macintosh; Intel Mac OS X 10_11_1) AppleWebKit/601.2.4 (KHTML, like Gecko) Version/9.0.1 Safari/601.2.4 facebookexternalhit/1.1 Facebot Twitterbot/1.0" "ysfine.com"
172.56.10.31 - - [08/Nov/2022:10:49:11 -0800] "GET /apple-touch-icon.png HTTP/1.1" 404 88 "-" "Mozilla/5.0 (Macintosh; Intel Mac OS X 10_11_1) AppleWebKit/601.2.4 (KHTML, like Gecko) Version/9.0.1 Safari/601.2.4 facebookexternalhit/1.1 Facebot Twitterbot/1.0" "ysfine.com"
172.56.10.31 - - [08/Nov/2022:10:49:11 -0800] "GET /apple-touch-icon-precomposed.png HTTP/1.1" 404 88 "-" "Mozilla/5.0 (Macintosh; Intel Mac OS X 10_11_1) AppleWebKit/601.2.4 (KHTML, like Gecko) Version/9.0.1 Safari/601.2.4 facebookexternalhit/1.1 Facebot Twitterbot/1.0" "ysfine.com"
172.56.10.31 - - [08/Nov/2022:10:49:11 -0800] "GET /favicon.ico HTTP/1.1" 404 88 "-" "Mozilla/5.0 (Macintosh; Intel Mac OS X 10_11_1) AppleWebKit/601.2.4 (KHTML, like Gecko) Version/9.0.1 Safari/601.2.4 facebookexternalhit/1.1 Facebot Twitterbot/1.0" "ysfine.com"
172.56.10.31 - - [08/Nov/2022:10:49:11 -0800] "GET /apple-touch-icon.png HTTP/1.1" 404 88 "-" "Mozilla/5.0 (Macintosh; Intel Mac OS X 10_11_1) AppleWebKit/601.2.4 (KHTML, like Gecko) Version/9.0.1 Safari/601.2.4 facebookexternalhit/1.1 Facebot Twitterbot/1.0" "ysfine.com"
172.56.10.31 - - [08/Nov/2022:10:49:11 -0800] "GET /maga/sarnoff.html HTTP/1.1" 200 7540 "-" "Mozilla/5.0 (Macintosh; Intel Mac OS X 10_11_1) AppleWebKit/601.2.4 (KHTML, like Gecko) Version/9.0.1 Safari/601.2.4 facebookexternalhit/1.1 Facebot Twitterbot/1.0" "ysfine.com"
104.196.165.78 - - [08/Nov/2022:10:49:12 -0800] "GET /people/peo.html HTTP/1.1" 200 13502 "-" "ZoominfoBot (zoominfobot at zoominfo dot com)" "ysfine.com"
172.56.10.31 - - [08/Nov/2022:10:49:12 -0800] "GET /apple-touch-icon.png HTTP/1.1" 404 88 "-" "Mozilla/5.0 (Macintosh; Intel Mac OS X 10_11_1) AppleWebKit/601.2.4 (KHTML, like Gecko) Version/9.0.1 Safari/601.2.4 facebookexternalhit/1.1 Facebot Twitterbot/1.0" "ysfine.com"
172.56.10.31 - - [08/Nov/2022:10:49:12 -0800] "GET /apple-touch-icon-precomposed.png HTTP/1.1" 404 88 "-" "Mozilla/5.0 (Macintosh; Intel Mac OS X 10_11_1) AppleWebKit/601.2.4 (KHTML, like Gecko) Version/9.0.1 Safari/601.2.4 facebookexternalhit/1.1 Facebot Twitterbot/1.0" "ysfine.com"
172.56.10.31 - - [08/Nov/2022:10:49:12 -0800] "GET /favicon.ico HTTP/1.1" 404 88 "-" "Mozilla/5.0 (Macintosh; Intel Mac OS X 10_11_1) AppleWebKit/601.2.4 (KHTML, like Gecko) Version/9.0.1 Safari/601.2.4 facebookexternalhit/1.1 Facebot Twitterbot/1.0" "ysfine.com"
172.56.10.31 - - [08/Nov/2022:10:49:12 -0800] "GET /usca/pgh22.html HTTP/1.1" 200 11391 "-" "Mozilla/5.0 (Macintosh; Intel Mac OS X 10_11_1) AppleWebKit/601.2.4 (KHTML, like Gecko) Version/9.0.1 Safari/601.2.4 facebookexternalhit/1.1 Facebot Twitterbot/1.0" "ysfine.com"
223.242.222.132 - - [08/Nov/2022:10:49:56 -0800] "GET / HTTP/1.1" 200 5283 "-" "Mozilla/5.0 (Windows NT 10.0; WOW64) AppleWebKit/537.36 (KHTML like Gecko) Chrome/50.0.2661.102 UBrowser/5.7.14377.953 Safari/537.36" "ysfine.com"
223.242.222.132 - - [08/Nov/2022:10:49:57 -0800] "GET / HTTP/1.1" 200 5283 "-" "Mozilla/5.0 (Windows NT 10.0; WOW64) AppleWebKit/537.36 (KHTML like Gecko) Chrome/50.0.2661.102 UBrowser/5.7.14377.953 Safari/537.36" "ysfine.com"
20.12.191.74 - - [08/Nov/2022:10:49:58 -0800] "GET /world/russ/mosko01b.jpg HTTP/1.1" 200 34305 "https://ysfine.com/world/russ" "Mozilla/5.0 (Windows NT 10.0; Win64; x64) AppleWebKit/537.36 (KHTML, like Gecko) Chrome/74.0.3729.157 Safari/537.36" "ysfine.com"
223.242.222.132 - - [08/Nov/2022:10:49:59 -0800] "GET /eink/index.html HTTP/1.1" 200 17659 "-" "Mozilla/5.0 (Windows NT 6.1; WOW64) AppleWebKit/537.36 (KHTML, like Gecko) Chrome/66.0.3359.181 Safari/537.36" "ysfine.com"
223.242.222.132 - - [08/Nov/2022:10:49:59 -0800] "GET /home/index.html HTTP/1.1" 200 142 "-" "Mozilla/5.0 (Windows NT 6.1; WOW64) AppleWebKit/537.36 (KHTML, like Gecko) Chrome/66.0.3359.181 Safari/537.36" "ysfine.com"
223.242.222.132 - - [08/Nov/2022:10:49:59 -0800] "GET /eink/mose.html HTTP/1.1" 200 14315 "-" "Mozilla/5.0 (Windows NT 6.1; WOW64) AppleWebKit/537.36 (KHTML, like Gecko) Chrome/66.0.3359.181 Safari/537.36" "ysfine.com"
223.242.222.132 - - [08/Nov/2022:10:49:59 -0800] "GET /jobs/index.html HTTP/1.1" 200 123 "-" "Mozilla/5.0 (Windows NT 6.1; WOW64) AppleWebKit/537.36 (KHTML, like Gecko) Chrome/66.0.3359.181 Safari/537.36" "ysfine.com"
223.242.222.132 - - [08/Nov/2022:10:49:59 -0800] "GET /home/bio.html HTTP/1.1" 404 88 "-" "Mozilla/5.0 (Windows NT 6.1; WOW64) AppleWebKit/537.36 (KHTML, like Gecko) Chrome/66.0.3359.181 Safari/537.36" "ysfine.com"
223.242.222.132 - - [08/Nov/2022:10:49:59 -0800] "GET /home/bio77.html HTTP/1.1" 404 88 "-" "Mozilla/5.0 (Windows NT 6.1; WOW64) AppleWebKit/537.36 (KHTML, like Gecko) Chrome/66.0.3359.181 Safari/537.36" "ysfine.com"
223.242.222.132 - - [08/Nov/2022:10:49:59 -0800] "GET /eink/index.html HTTP/1.1" 200 17659 "-" "Mozilla/5.0 (Windows NT 6.1; WOW64) AppleWebKit/537.36 (KHTML, like Gecko) Chrome/66.0.3359.181 Safari/537.36" "ysfine.com"
223.242.222.132 - - [08/Nov/2022:10:49:59 -0800] "GET /world/ysworld.html HTTP/1.1" 200 3195 "-" "Mozilla/5.0 (Windows NT 6.1; WOW64) AppleWebKit/537.36 (KHTML, like Gecko) Chrome/66.0.3359.181 Safari/537.36" "ysfine.com"
223.242.222.132 - - [08/Nov/2022:10:50:00 -0800] "GET /yspapers/index.html HTTP/1.1" 200 21306 "-" "Mozilla/5.0 (Windows NT 6.1; WOW64) AppleWebKit/537.36 (KHTML, like Gecko) Chrome/66.0.3359.181 Safari/537.36" "ysfine.com"
223.242.222.132 - - [08/Nov/2022:10:50:00 -0800] "GET /awards/index.html HTTP/1.1" 200 10051 "-" "Mozilla/5.0 (Windows NT 6.1; WOW64) AppleWebKit/537.36 (KHTML, like Gecko) Chrome/66.0.3359.181 Safari/537.36" "ysfine.com"
223.242.222.132 - - [08/Nov/2022:10:50:00 -0800] "GET /einstein/index.html HTTP/1.1" 200 135 "-" "Mozilla/5.0 (Windows NT 6.1; WOW64) AppleWebKit/537.36 (KHTML, like Gecko) Chrome/66.0.3359.181 Safari/537.36" "ysfine.com"
223.242.222.132 - - [08/Nov/2022:10:50:01 -0800] "GET /dirac/index.html HTTP/1.1" 200 124 "-" "Mozilla/5.0 (Windows NT 6.1; WOW64) AppleWebKit/537.36 (KHTML, like Gecko) Chrome/66.0.3359.181 Safari/537.36" "ysfine.com"
40.122.230.189 - - [08/Nov/2022:10:50:07 -0800] "GET /world/scandi/copen066b.jpg HTTP/1.1" 200 33393 "https://ysfine.com/world/scandi" "Mozilla/5.0 (Linux; Android 10; SM-G960U) AppleWebKit/537.36 (KHTML, like Gecko) Chrome/88.0.4324.181 Mobile Safari/537.36" "ysfine.com"
40.77.51.84 - - [08/Nov/2022:10:50:09 -0800] "GET /sbk/2013kids02c.jpg HTTP/1.1" 200 42972 "https://ysfine.com/sbk" "Mozilla/5.0 (X11; Linux x86_64) AppleWebKit/537.36 (KHTML, like Gecko) Chrome/74.0.3729.169 Safari/537.36" "ysfine.com"
49.36.107.69 - - [08/Nov/2022:10:50:09 -0800] "GET /world/ital/venice01dd.jpg HTTP/1.1" 200 169849 "https://www.google.com/" "Mozilla/5.0 (Windows NT 10.0; Win64; x64) AppleWebKit/537.36 (KHTML, like Gecko) Chrome/107.0.0.0 Safari/537.36" "ysfine.com"
20.109.241.97 - - [08/Nov/2022:10:50:18 -0800] "GET /world/russ/minskf08b.jpg HTTP/1.1" 200 50248 "https://www.ysfine.com/world/russ" "Mozilla/5.0 (Macintosh; Intel Mac OS X 10_11_6) AppleWebKit/605.1.15 (KHTML, like Gecko) Version/11.1.2 Safari/605.1.15" "www.ysfine.com"
51.222.253.19 - - [08/Nov/2022:10:50:22 -0800] "GET /style/venuspics22.html HTTP/1.1" 200 773 "-" "Mozilla/5.0 (compatible; AhrefsBot/7.0; +http://ahrefs.com/robot/)" "ysfine.com"
66.249.66.44 - - [08/Nov/2022:10:50:32 -0800] "GET /eink/eink54f.jpg HTTP/1.1" 304 - "-" "Googlebot-Image/1.0" "ysfine.com"
157.55.39.65 - - [08/Nov/2022:10:51:03 -0800] "GET /world/germany/schonbr01.jpg HTTP/1.1" 200 89359 "-" "Mozilla/5.0 AppleWebKit/537.36 (KHTML, like Gecko; compatible; bingbot/2.0; +http://www.bing.com/bingbot.htm) Chrome/103.0.5060.134 Safari/537.36" "ysfine.com"
157.55.39.17 - - [08/Nov/2022:10:51:37 -0800] "GET /kowar/tanks/tank04b.jpg HTTP/1.1" 200 48757 "-" "Mozilla/5.0 (compatible; bingbot/2.0; +http://www.bing.com/bingbot.htm)" "ysfine.com"
49.179.40.28 - - [08/Nov/2022:10:51:42 -0800] "GET /apple-touch-icon.png HTTP/1.1" 404 88 "-" "DuckDuckGo/5 (com.duckduckgo.mobile.android; Android API 30)" "www.ysfine.com"
49.179.40.28 - - [08/Nov/2022:10:51:43 -0800] "GET /favicon.ico HTTP/1.1" 404 88 "-" "DuckDuckGo/5 (com.duckduckgo.mobile.android; Android API 30)" "www.ysfine.com"
91.240.109.1 - - [08/Nov/2022:10:52:13 -0800] "GET / HTTP/1.1" 200 15910 "-" "Mozilla/5.0 (Macintosh; Intel Mac OS X 10_10; rv:33.0) Gecko/20100101 Firefox/33.0" "ysfine.com"
157.55.39.65 - - [08/Nov/2022:10:52:13 -0800] "GET /bio/einstein/maxein.html HTTP/1.1" 404 88 "-" "Mozilla/5.0 AppleWebKit/537.36 (KHTML, like Gecko; compatible; bingbot/2.0; +http://www.bing.com/bingbot.htm) Chrome/103.0.5060.134 Safari/537.36" "ysfine.com"
66.249.66.40 - - [08/Nov/2022:10:52:14 -0800] "GET /maga/invent/sarnoffco11b.jpg HTTP/1.1" 304 - "-" "Googlebot-Image/1.0" "ysfine.com"
157.55.39.17 - - [08/Nov/2022:10:52:28 -0800] "GET /bio/world/leipzig.html HTTP/1.1" 404 88 "-" "Mozilla/5.0 AppleWebKit/537.36 (KHTML, like Gecko; compatible; bingbot/2.0; +http://www.bing.com/bingbot.htm) Chrome/103.0.5060.134 Safari/537.36" "ysfine.com"
193.186.4.54 - - [08/Nov/2022:10:52:40 -0800] "GET /wigner/neupol.html HTTP/1.1" 200 1742 "-" "Mozilla/5.0 (Linux; Android 10; K) AppleWebKit/537.36 (KHTML, like Gecko) Chrome/105.0.0.0 Mobile Safari/537.36" "ysfine.com"
51.222.253.13 - - [08/Nov/2022:10:52:45 -0800] "GET /class54/class5470/total_data/sub_290.htm HTTP/1.1" 200 3386 "-" "Mozilla/5.0 (compatible; AhrefsBot/7.0; +http://ahrefs.com/robot/)" "www.ysfine.com"
80.215.230.242 - - [08/Nov/2022:10:52:50 -0800] "GET /wigner/hk88b.jpg HTTP/1.1" 200 41438 "https://ysfine.com/wigner/neupol.html" "Mozilla/5.0 (Linux; Android 10; CLT-L29) AppleWebKit/537.36 (KHTML, like Gecko) Chrome/105.0.0.0 Mobile Safari/537.36" "ysfine.com"
80.215.230.242 - - [08/Nov/2022:10:52:50 -0800] "GET /wigner/neupol01b.jpg HTTP/1.1" 200 30797 "https://ysfine.com/wigner/neupol.html" "Mozilla/5.0 (Linux; Android 10; CLT-L29) AppleWebKit/537.36 (KHTML, like Gecko) Chrome/105.0.0.0 Mobile Safari/537.36" "ysfine.com"
80.215.230.242 - - [08/Nov/2022:10:52:50 -0800] "GET /favicon.ico HTTP/1.1" 404 88 "https://ysfine.com/wigner/neupol.html" "Mozilla/5.0 (Linux; Android 10; CLT-L29) AppleWebKit/537.36 (KHTML, like Gecko) Chrome/105.0.0.0 Mobile Safari/537.36" "ysfine.com"
177.174.213.235 - - [08/Nov/2022:10:52:50 -0800] "GET /feynman/feydirac.jpg HTTP/1.1" 200 98378 "https://www.google.com/" "Mozilla/5.0 (Linux; Android 11; M2003J15SC Build/RP1A.200720.011; wv) AppleWebKit/537.36 (KHTML, like Gecko) Version/4.0 Chrome/101.0.4951.61 Mobile Safari/537.36 GoogleApp/13.18.7.23.arm64" "ysfine.com"
40.77.51.85 - - [08/Nov/2022:10:52:53 -0800] "GET /maga/phys/schroheisen33b.jpg HTTP/1.1" 200 41615 "https://ysfine.com/maga/phys" "Mozilla/5.0 (Windows NT 10.0; Win64; x64) AppleWebKit/537.36 (KHTML, like Gecko) Chrome/74.0.3729.157 Safari/537.36" "ysfine.com"
23.118.182.133 - - [08/Nov/2022:10:52:59 -0800] "GET /kowar/panmun02.jpg HTTP/1.1" 200 129295 "https://www.bing.com/" "Mozilla/5.0 (Windows NT 10.0; Win64; x64) AppleWebKit/537.36 (KHTML, like Gecko) Chrome/107.0.0.0 Safari/537.36 Edg/107.0.1418.35" "www.ysfine.com"
216.244.66.229 - - [08/Nov/2022:10:53:26 -0800] "GET /world/ital/verona15.jpg HTTP/1.1" 200 102363 "-" "Mozilla/5.0 (compatible; DotBot/1.2; +https://opensiteexplorer.org/dotbot; help@moz.com)" "ysfine.com"
20.106.27.173 - - [08/Nov/2022:10:53:30 -0800] "GET /kobak/kimkoo01b.jpg HTTP/1.1" 200 35261 "https://ysfine.com/kobak" "Mozilla/5.0 (Linux; Android 10; SM-G960U) AppleWebKit/537.36 (KHTML, like Gecko) Chrome/88.0.4324.181 Mobile Safari/537.36" "ysfine.com"
40.77.167.71 - - [08/Nov/2022:10:53:59 -0800] "GET /bio/einstein/einstorie.html HTTP/1.1" 404 88 "-" "Mozilla/5.0 (compatible; bingbot/2.0; +http://www.bing.com/bingbot.htm)" "ysfine.com"
40.77.51.85 - - [08/Nov/2022:10:54:03 -0800] "GET /princeton/pstadium22b.jpg HTTP/1.1" 200 40166 "https://ysfine.com/princeton" "Mozilla/5.0 (iPhone; CPU iPhone OS 13_5_1 like Mac OS X) AppleWebKit/605.1.15 (KHTML, like Gecko) Version/13.1.1 Mobile/15E148 Safari/604.1" "ysfine.com"
40.77.167.68 - - [08/Nov/2022:10:54:25 -0800] "GET /bio/world/kalinin22.html HTTP/1.1" 404 88 "-" "Mozilla/5.0 AppleWebKit/537.36 (KHTML, like Gecko; compatible; bingbot/2.0; +http://www.bing.com/bingbot.htm) Chrome/103.0.5060.134 Safari/537.36" "ysfine.com"
20.109.241.82 - - [08/Nov/2022:10:54:46 -0800] "GET /usca/norl/jackson66b.jpg HTTP/1.1" 200 54940 "https://ysfine.com/usca/norl" "Mozilla/5.0 (Windows NT 10.0; Win64; x64) AppleWebKit/537.36 (KHTML, like Gecko) Chrome/74.0.3729.157 Safari/537.36" "ysfine.com"
51.222.253.9 - - [08/Nov/2022:10:55:08 -0800] "GET /ysbio/class54/class5470/total_data/sub_2100.htm HTTP/1.1" 200 3382 "-" "Mozilla/5.0 (compatible; AhrefsBot/7.0; +http://ahrefs.com/robot/)" "ysfine.com"
157.55.39.17 - - [08/Nov/2022:10:55:28 -0800] "GET /bio/style/leica.html HTTP/1.1" 404 88 "-" "Mozilla/5.0 AppleWebKit/537.36 (KHTML, like Gecko; compatible; bingbot/2.0; +http://www.bing.com/bingbot.htm) Chrome/103.0.5060.134 Safari/537.36" "ysfine.com"
169.204.230.226 - - [08/Nov/2022:10:55:48 -0800] "GET /world/baltic/frombork2.jpg HTTP/1.1" 200 67166 "https://www.google.com/" "Mozilla/5.0 (X11; CrOS x86_64 14526.89.0) AppleWebKit/537.36 (KHTML, like Gecko) Chrome/100.0.4896.133 Safari/537.36" "ysfine.com"
169.204.230.226 - - [08/Nov/2022:10:55:48 -0800] "GET /world/baltic/frombork.jpg HTTP/1.1" 200 147887 "https://www.google.com/" "Mozilla/5.0 (X11; CrOS x86_64 14526.89.0) AppleWebKit/537.36 (KHTML, like Gecko) Chrome/100.0.4896.133 Safari/537.36" "ysfine.com"
157.55.39.76 - - [08/Nov/2022:10:55:50 -0800] "GET /yspapers/sq33.jpg HTTP/1.1" 200 103550 "-" "Mozilla/5.0 AppleWebKit/537.36 (KHTML, like Gecko; compatible; bingbot/2.0; +http://www.bing.com/bingbot.htm) Chrome/103.0.5060.134 Safari/537.36" "ysfine.com"
157.55.39.17 - - [08/Nov/2022:10:55:58 -0800] "GET /world/scandi/sto037.jpg HTTP/1.1" 200 72000 "-" "Mozilla/5.0 AppleWebKit/537.36 (KHTML, like Gecko; compatible; bingbot/2.0; +http://www.bing.com/bingbot.htm) Chrome/103.0.5060.134 Safari/537.36" "ysfine.com"
40.77.167.68 - - [08/Nov/2022:10:56:06 -0800] "GET /bio/eink/index.html HTTP/1.1" 404 88 "-" "Mozilla/5.0 (compatible; bingbot/2.0; +http://www.bing.com/bingbot.htm)" "ysfine.com"
20.109.241.82 - - [08/Nov/2022:10:56:14 -0800] "GET /eink/timemag46c.jpg HTTP/1.1" 200 49661 "https://ysfine.com/eink" "Mozilla/5.0 (Windows NT 10.0; Win64; x64) AppleWebKit/537.36 (KHTML, like Gecko) Chrome/74.0.3729.157 Safari/537.36" "ysfine.com"
40.77.167.68 - - [08/Nov/2022:10:56:46 -0800] "GET /world/france/metz17.jpg HTTP/1.1" 200 112114 "-" "Mozilla/5.0 (compatible; bingbot/2.0; +http://www.bing.com/bingbot.htm)" "www.ysfine.com"
51.222.253.9 - - [08/Nov/2022:10:57:22 -0800] "GET /ysbio/class54/class5470/total_data/sub_225.htm HTTP/1.1" 200 3409 "-" "Mozilla/5.0 (compatible; AhrefsBot/7.0; +http://ahrefs.com/robot/)" "ysfine.com"
40.77.167.27 - - [08/Nov/2022:10:57:29 -0800] "GET /world/ital/aquinas03.jpg HTTP/1.1" 200 183095 "-" "Mozilla/5.0 AppleWebKit/537.36 (KHTML, like Gecko; compatible; bingbot/2.0; +http://www.bing.com/bingbot.htm) Chrome/103.0.5060.134 Safari/537.36" "ysfine.com"
40.77.167.71 - - [08/Nov/2022:10:57:49 -0800] "GET /wdc/washmo10.jpg HTTP/1.1" 200 87541 "-" "Mozilla/5.0 (compatible; bingbot/2.0; +http://www.bing.com/bingbot.htm)" "ysfine.com"
40.77.167.71 - - [08/Nov/2022:10:57:50 -0800] "GET /wigner/neusil.jpg HTTP/1.1" 200 139772 "-" "Mozilla/5.0 (compatible; bingbot/2.0; +http://www.bing.com/bingbot.htm)" "ysfine.com"
172.56.11.0 - - [08/Nov/2022:10:58:49 -0800] "GET /favicon.ico HTTP/1.1" 404 88 "-" "Mozilla/5.0 (Macintosh; Intel Mac OS X 10_11_1) AppleWebKit/601.2.4 (KHTML, like Gecko) Version/9.0.1 Safari/601.2.4 facebookexternalhit/1.1 Facebot Twitterbot/1.0" "ysfine.com"
172.56.11.0 - - [08/Nov/2022:10:58:49 -0800] "GET /apple-touch-icon-precomposed.png HTTP/1.1" 404 88 "-" "Mozilla/5.0 (Macintosh; Intel Mac OS X 10_11_1) AppleWebKit/601.2.4 (KHTML, like Gecko) Version/9.0.1 Safari/601.2.4 facebookexternalhit/1.1 Facebot Twitterbot/1.0" "ysfine.com"
172.56.11.0 - - [08/Nov/2022:10:58:50 -0800] "GET /favicon.ico HTTP/1.1" 404 88 "-" "Mozilla/5.0 (Macintosh; Intel Mac OS X 10_11_1) AppleWebKit/601.2.4 (KHTML, like Gecko) Version/9.0.1 Safari/601.2.4 facebookexternalhit/1.1 Facebot Twitterbot/1.0" "ysfine.com"
172.56.11.0 - - [08/Nov/2022:10:58:50 -0800] "GET /apple-touch-icon.png HTTP/1.1" 404 88 "-" "Mozilla/5.0 (Macintosh; Intel Mac OS X 10_11_1) AppleWebKit/601.2.4 (KHTML, like Gecko) Version/9.0.1 Safari/601.2.4 facebookexternalhit/1.1 Facebot Twitterbot/1.0" "ysfine.com"
172.56.11.0 - - [08/Nov/2022:10:58:50 -0800] "GET /apple-touch-icon-precomposed.png HTTP/1.1" 404 88 "-" "Mozilla/5.0 (Macintosh; Intel Mac OS X 10_11_1) AppleWebKit/601.2.4 (KHTML, like Gecko) Version/9.0.1 Safari/601.2.4 facebookexternalhit/1.1 Facebot Twitterbot/1.0" "ysfine.com"
172.56.11.0 - - [08/Nov/2022:10:58:50 -0800] "GET /maga/tesla.html HTTP/1.1" 200 4852 "-" "Mozilla/5.0 (Macintosh; Intel Mac OS X 10_11_1) AppleWebKit/601.2.4 (KHTML, like Gecko) Version/9.0.1 Safari/601.2.4 facebookexternalhit/1.1 Facebot Twitterbot/1.0" "ysfine.com"
172.56.11.0 - - [08/Nov/2022:10:58:50 -0800] "GET /apple-touch-icon.png HTTP/1.1" 404 88 "-" "Mozilla/5.0 (Macintosh; Intel Mac OS X 10_11_1) AppleWebKit/601.2.4 (KHTML, like Gecko) Version/9.0.1 Safari/601.2.4 facebookexternalhit/1.1 Facebot Twitterbot/1.0" "ysfine.com"
172.56.11.0 - - [08/Nov/2022:10:58:50 -0800] "GET /maga/sarnoff.html HTTP/1.1" 200 7540 "-" "Mozilla/5.0 (Macintosh; Intel Mac OS X 10_11_1) AppleWebKit/601.2.4 (KHTML, like Gecko) Version/9.0.1 Safari/601.2.4 facebookexternalhit/1.1 Facebot Twitterbot/1.0" "ysfine.com"
172.56.11.0 - - [08/Nov/2022:10:58:50 -0800] "GET /favicon.ico HTTP/1.1" 404 88 "-" "Mozilla/5.0 (Macintosh; Intel Mac OS X 10_11_1) AppleWebKit/601.2.4 (KHTML, like Gecko) Version/9.0.1 Safari/601.2.4 facebookexternalhit/1.1 Facebot Twitterbot/1.0" "ysfine.com"
172.56.11.0 - - [08/Nov/2022:10:58:50 -0800] "GET /apple-touch-icon-precomposed.png HTTP/1.1" 404 88 "-" "Mozilla/5.0 (Macintosh; Intel Mac OS X 10_11_1) AppleWebKit/601.2.4 (KHTML, like Gecko) Version/9.0.1 Safari/601.2.4 facebookexternalhit/1.1 Facebot Twitterbot/1.0" "ysfine.com"
172.56.11.0 - - [08/Nov/2022:10:58:50 -0800] "GET /usca/pgh22.html HTTP/1.1" 200 11391 "-" "Mozilla/5.0 (Macintosh; Intel Mac OS X 10_11_1) AppleWebKit/601.2.4 (KHTML, like Gecko) Version/9.0.1 Safari/601.2.4 facebookexternalhit/1.1 Facebot Twitterbot/1.0" "ysfine.com"
172.56.11.0 - - [08/Nov/2022:10:58:50 -0800] "GET /apple-touch-icon.png HTTP/1.1" 404 88 "-" "Mozilla/5.0 (Macintosh; Intel Mac OS X 10_11_1) AppleWebKit/601.2.4 (KHTML, like Gecko) Version/9.0.1 Safari/601.2.4 facebookexternalhit/1.1 Facebot Twitterbot/1.0" "ysfine.com"
157.55.39.76 - - [08/Nov/2022:10:58:51 -0800] "GET /home/comet50.jpg HTTP/1.1" 200 148957 "-" "Mozilla/5.0 (compatible; bingbot/2.0; +http://www.bing.com/bingbot.htm)" "ysfine.com"
157.55.39.17 - - [08/Nov/2022:10:59:18 -0800] "GET /maga/invent/mosin.jpg HTTP/1.1" 200 64407 "-" "Mozilla/5.0 AppleWebKit/537.36 (KHTML, like Gecko; compatible; bingbot/2.0; +http://www.bing.com/bingbot.htm) Chrome/103.0.5060.134 Safari/537.36" "ysfine.com"
187.60.46.46 - - [08/Nov/2022:10:59:19 -0800] "GET /wigner/neum/vnc01.jpg HTTP/1.1" 200 133641 "https://sites.google.com/" "Mozilla/5.0 (Linux; Android 11; SM-A115M) AppleWebKit/537.36 (KHTML, like Gecko) Chrome/107.0.0.0 Mobile Safari/537.36" "ysfine.com"
157.55.39.65 - - [08/Nov/2022:10:59:23 -0800] "GET /world/scandi/sto023.jpg HTTP/1.1" 200 98250 "-" "Mozilla/5.0 (compatible; bingbot/2.0; +http://www.bing.com/bingbot.htm)" "ysfine.com"
40.77.167.71 - - [08/Nov/2022:10:59:39 -0800] "GET /world/china/xian05.jpg HTTP/1.1" 200 64809 "-" "Mozilla/5.0 (compatible; bingbot/2.0; +http://www.bing.com/bingbot.htm)" "ysfine.com"
20.109.241.98 - - [08/Nov/2022:10:59:54 -0800] "GET /home/fotos/photo07c.jpg HTTP/1.1" 200 23687 "https://ysfine.com/home/fotos" "Mozilla/5.0 (X11; Linux x86_64) AppleWebKit/537.36 (KHTML, like Gecko) Chrome/74.0.3729.169 Safari/537.36" "ysfine.com"
51.222.253.7 - - [08/Nov/2022:10:59:54 -0800] "GET /ysbio/class54/class5470/total_data/sub_250.htm HTTP/1.1" 200 3359 "-" "Mozilla/5.0 (compatible; AhrefsBot/7.0; +http://ahrefs.com/robot/)" "ysfine.com"
40.77.167.68 - - [08/Nov/2022:10:59:56 -0800] "GET /style/musee/britmu01.jpg HTTP/1.1" 200 100003 "-" "Mozilla/5.0 (compatible; bingbot/2.0; +http://www.bing.com/bingbot.htm)" "ysfine.com"
105.168.100.225 - - [08/Nov/2022:10:59:59 -0800] "GET /wigner/neum/vnc01.jpg HTTP/1.1" 200 133641 "https://sites.google.com/" "Mozilla/5.0 (Linux; Android 10; Infinix X604) AppleWebKit/537.36 (KHTML, like Gecko) Chrome/107.0.0.0 Mobile Safari/537.36" "ysfine.com"
157.55.39.17 - - [08/Nov/2022:11:00:09 -0800] "GET /home/coke270.jpg HTTP/1.1" 200 56411 "-" "Mozilla/5.0 (compatible; bingbot/2.0; +http://www.bing.com/bingbot.htm)" "www.ysfine.com"
40.122.230.188 - - [08/Nov/2022:11:00:23 -0800] "GET /world/russ/spbf48b.jpg HTTP/1.1" 200 59310 "http://ysfine.com/world/russ" "Mozilla/5.0 (Linux; Android 10; SM-G960U) AppleWebKit/537.36 (KHTML, like Gecko) Chrome/88.0.4324.181 Mobile Safari/537.36" "ysfine.com"
20.109.241.80 - - [08/Nov/2022:11:00:56 -0800] "GET /feynman/feybongo55b.jpg HTTP/1.1" 200 41455 "http://www.ysfine.com/feynman" "Mozilla/5.0 (Windows NT 10.0; Win64; x64) AppleWebKit/537.36 (KHTML, like Gecko) Chrome/74.0.3729.157 Safari/537.36" "www.ysfine.com"
93.158.161.40 - - [08/Nov/2022:11:01:26 -0800] "GET /robots.txt HTTP/1.1" 404 73 "-" "Mozilla/5.0 (compatible; YandexBot/3.0; +http://yandex.com/bots)" "www.ysfine.com"
77.88.5.46 - - [08/Nov/2022:11:01:30 -0800] "GET /maga/faraday.html HTTP/1.1" 200 6233 "-" "Mozilla/5.0 (compatible; YandexBot/3.0; +http://yandex.com/bots)" "www.ysfine.com"
157.55.39.76 - - [08/Nov/2022:11:01:31 -0800] "GET /bio/style/artlove.html HTTP/1.1" 404 88 "-" "Mozilla/5.0 (compatible; bingbot/2.0; +http://www.bing.com/bingbot.htm)" "ysfine.com"
17.121.114.113 - - [08/Nov/2022:11:01:34 -0800] "GET /style/songs.html HTTP/1.1" 200 31567 "-" "Mozilla/5.0 (Macintosh; Intel Mac OS X 10_15_5) AppleWebKit/605.1.15 (KHTML, like Gecko) Version/13.1.1 Safari/605.1.15 (Applebot/0.1; +http://www.apple.com/go/applebot)" "ysfine.com"
40.77.167.68 - - [08/Nov/2022:11:01:37 -0800] "GET /world/china/china014b.jpg HTTP/1.1" 200 54603 "-" "Mozilla/5.0 AppleWebKit/537.36 (KHTML, like Gecko; compatible; bingbot/2.0; +http://www.bing.com/bingbot.htm) Chrome/103.0.5060.134 Safari/537.36" "ysfine.com"
187.60.46.46 - - [08/Nov/2022:11:02:01 -0800] "GET /wigner/neum/vnc01.jpg HTTP/1.1" 200 133641 "https://sites.google.com/" "Mozilla/5.0 (Linux; Android 11; moto g(9) play) AppleWebKit/537.36 (KHTML, like Gecko) Chrome/107.0.0.0 Mobile Safari/537.36" "ysfine.com"
40.77.167.71 - - [08/Nov/2022:11:02:20 -0800] "GET /world/baltic/rigaeisen04b.jpg HTTP/1.1" 200 27149 "-" "Mozilla/5.0 (compatible; bingbot/2.0; +http://www.bing.com/bingbot.htm)" "www.ysfine.com"
51.222.253.17 - - [08/Nov/2022:11:02:43 -0800] "GET /ysbio/class54/class5470/total_data/sub_275.htm HTTP/1.1" 200 3370 "-" "Mozilla/5.0 (compatible; AhrefsBot/7.0; +http://ahrefs.com/robot/)" "ysfine.com"
157.55.39.17 - - [08/Nov/2022:11:02:59 -0800] "GET /bio/einstein/bern.html HTTP/1.1" 404 88 "-" "Mozilla/5.0 (compatible; bingbot/2.0; +http://www.bing.com/bingbot.htm)" "ysfine.com"
157.55.39.76 - - [08/Nov/2022:11:03:20 -0800] "GET /world/hungary/hunstu27.jpg HTTP/1.1" 200 105364 "-" "Mozilla/5.0 (compatible; bingbot/2.0; +http://www.bing.com/bingbot.htm)" "www.ysfine.com"
157.55.39.76 - - [08/Nov/2022:11:03:21 -0800] "GET /ffriends/mongo04b.jpg HTTP/1.1" 200 45678 "-" "Mozilla/5.0 (compatible; bingbot/2.0; +http://www.bing.com/bingbot.htm)" "ysfine.com"
13.67.224.13 - - [08/Nov/2022:11:03:28 -0800] "GET /mose/table55a.jpg HTTP/1.1" 404 88 "https://ysfine.com/mose" "Mozilla/5.0 (iPhone; CPU iPhone OS 13_5_1 like Mac OS X) AppleWebKit/605.1.15 (KHTML, like Gecko) Version/13.1.1 Mobile/15E148 Safari/604.1" "ysfine.com"
20.29.111.244 - - [08/Nov/2022:11:03:39 -0800] "GET /princeton/blair11b.jpg HTTP/1.1" 200 46260 "https://ysfine.com/princeton" "Mozilla/5.0 (iPhone; CPU iPhone OS 13_5_1 like Mac OS X) AppleWebKit/605.1.15 (KHTML, like Gecko) Version/13.1.1 Mobile/15E148 Safari/604.1" "ysfine.com"
77.75.78.167 - - [08/Nov/2022:11:03:47 -0800] "GET /robots.txt HTTP/1.1" 404 88 "-" "Mozilla/5.0 (compatible; SeznamBot/3.2; +http://napoveda.seznam.cz/en/seznambot-intro/)" "ysfine.com"
77.75.78.167 - - [08/Nov/2022:11:03:49 -0800] "GET /world/france/pariso11.jpg HTTP/1.1" 200 71520 "-" "Mozilla/5.0 (compatible; SeznamBot/3.2; +http://napoveda.seznam.cz/en/seznambot-intro/)" "ysfine.com"
77.75.78.167 - - [08/Nov/2022:11:03:51 -0800] "GET /style/musee/louvre12.jpg HTTP/1.1" 200 65388 "-" "Mozilla/5.0 (compatible; SeznamBot/3.2; +http://napoveda.seznam.cz/en/seznambot-intro/)" "ysfine.com"
77.75.78.167 - - [08/Nov/2022:11:03:53 -0800] "GET /world/latina/rio077.jpg HTTP/1.1" 200 52277 "-" "Mozilla/5.0 (compatible; SeznamBot/3.2; +http://napoveda.seznam.cz/en/seznambot-intro/)" "ysfine.com"
77.75.78.167 - - [08/Nov/2022:11:03:55 -0800] "GET /world/ital/rome042.jpg HTTP/1.1" 200 72726 "-" "Mozilla/5.0 (compatible; SeznamBot/3.2; +http://napoveda.seznam.cz/en/seznambot-intro/)" "ysfine.com"
210.1.192.33 - - [08/Nov/2022:11:03:55 -0800] "GET /heisen/schroheisen33.jpg HTTP/1.1" 200 86213 "https://www.google.com.au/" "Mozilla/5.0 (Macintosh; Intel Mac OS X 10_15_7) AppleWebKit/605.1.15 (KHTML, like Gecko) Version/15.6.1 Safari/605.1.15" "ysfine.com"
77.75.78.167 - - [08/Nov/2022:11:03:56 -0800] "GET /kowar/tanks/m47.jpg HTTP/1.1" 200 78683 "-" "Mozilla/5.0 (compatible; SeznamBot/3.2; +http://napoveda.seznam.cz/en/seznambot-intro/)" "ysfine.com"
2.25.18.216 - - [08/Nov/2022:11:04:15 -0800] "GET /style/musee/vatican33.jpg HTTP/1.1" 200 84548 "https://www.bing.com/" "Mozilla/5.0 (Windows NT 10.0; Win64; x64) AppleWebKit/537.36 (KHTML, like Gecko) Chrome/107.0.0.0 Safari/537.36 Edg/107.0.1418.35" "ysfine.com"
40.77.167.27 - - [08/Nov/2022:11:04:17 -0800] "GET /world/france/champ1210.jpg HTTP/1.1" 200 92075 "-" "Mozilla/5.0 (compatible; bingbot/2.0; +http://www.bing.com/bingbot.htm)" "ysfine.com"
157.55.39.76 - - [08/Nov/2022:11:04:20 -0800] "GET /princeton/rheepr02.jpg HTTP/1.1" 200 69808 "-" "Mozilla/5.0 AppleWebKit/537.36 (KHTML, like Gecko; compatible; bingbot/2.0; +http://www.bing.com/bingbot.htm) Chrome/103.0.5060.134 Safari/537.36" "www.ysfine.com"
157.55.39.76 - - [08/Nov/2022:11:04:20 -0800] "GET /people/hartle.jpg HTTP/1.1" 200 67528 "-" "Mozilla/5.0 (compatible; bingbot/2.0; +http://www.bing.com/bingbot.htm)" "ysfine.com"
157.55.39.17 - - [08/Nov/2022:11:04:22 -0800] "GET /world/china/xian02.jpg HTTP/1.1" 200 68876 "-" "Mozilla/5.0 AppleWebKit/537.36 (KHTML, like Gecko; compatible; bingbot/2.0; +http://www.bing.com/bingbot.htm) Chrome/103.0.5060.134 Safari/537.36" "ysfine.com"
131.72.59.145 - - [08/Nov/2022:11:05:18 -0800] "GET /wigner/neum/vnc01.jpg HTTP/1.1" 200 133641 "https://sites.google.com/" "Mozilla/5.0 (X11; CrOS x86_64 15117.86.0) AppleWebKit/537.36 (KHTML, like Gecko) Chrome/107.0.0.0 Safari/537.36" "ysfine.com"
40.122.230.188 - - [08/Nov/2022:11:05:36 -0800] "GET /eink/einhaus33c.jpg HTTP/1.1" 200 23792 "https://ysfine.com/eink" "Mozilla/5.0 (Linux; Android 10; SM-G960U) AppleWebKit/537.36 (KHTML, like Gecko) Chrome/88.0.4324.181 Mobile Safari/537.36" "ysfine.com"
104.196.165.78 - - [08/Nov/2022:11:05:45 -0800] "GET /world/ysworld.html HTTP/1.1" 200 3195 "-" "ZoominfoBot (zoominfobot at zoominfo dot com)" "ysfine.com"
157.55.39.65 - - [08/Nov/2022:11:05:54 -0800] "GET /awards/fortune22a.jpg HTTP/1.1" 200 158845 "-" "Mozilla/5.0 AppleWebKit/537.36 (KHTML, like Gecko; compatible; bingbot/2.0; +http://www.bing.com/bingbot.htm) Chrome/103.0.5060.134 Safari/537.36" "ysfine.com"
20.56.197.63 - - [08/Nov/2022:11:06:18 -0800] "GET /wdc/usna14.jpg HTTP/1.1" 200 98975 "http://ysfine.com/wdc/usna14.jpg" "DuckDuckBot/1.1; (+http://duckduckgo.com/duckduckbot.html)" "ysfine.com"
188.143.38.120 - - [08/Nov/2022:11:06:18 -0800] "GET /world/russ/spbpi02.jpg HTTP/1.1" 200 74623 "https://www.google.com/" "Mozilla/5.0 (iPhone; CPU iPhone OS 16_0_3 like Mac OS X) AppleWebKit/605.1.15 (KHTML, like Gecko) GSA/236.0.484392333 Mobile/20A392 Safari/604.1" "ysfine.com"
157.55.39.65 - - [08/Nov/2022:11:06:25 -0800] "GET /world/france/sorbonne03.jpg HTTP/1.1" 200 132007 "-" "Mozilla/5.0 (compatible; bingbot/2.0; +http://www.bing.com/bingbot.htm)" "www.ysfine.com"
186.251.242.133 - - [08/Nov/2022:11:06:29 -0800] "GET /world/latina/rio004b.jpg HTTP/1.1" 200 40739 "https://www.google.com/" "Mozilla/5.0 (iPhone; CPU iPhone OS 16_1 like Mac OS X) AppleWebKit/605.1.15 (KHTML, like Gecko) FxiOS/106.1  Mobile/15E148 Safari/605.1.15" "ysfine.com"
40.77.167.27 - - [08/Nov/2022:11:06:50 -0800] "GET /world/poland/jablo13.jpg HTTP/1.1" 200 64557 "-" "Mozilla/5.0 (compatible; bingbot/2.0; +http://www.bing.com/bingbot.htm)" "ysfine.com"
114.119.128.142 - - [08/Nov/2022:11:06:51 -0800] "GET /remote/sisfa12aa/frame38.html HTTP/1.1" 200 319 "https://ysfine.com/remote/sisfa12aa/frame37.html" "Mozilla/5.0 (Linux; Android 7.0;) AppleWebKit/537.36 (KHTML, like Gecko) Mobile Safari/537.36 (compatible; PetalBot;+https://webmaster.petalsearch.com/site/petalbot)" "ysfine.com"
20.12.191.72 - - [08/Nov/2022:11:07:25 -0800] "GET /world/ital/padova01c.jpg HTTP/1.1" 200 38376 "http://ysfine.com/world/ital" "Mozilla/5.0 (Windows NT 10.0; Win64; x64) AppleWebKit/537.36 (KHTML, like Gecko) Chrome/74.0.3729.157 Safari/537.36" "ysfine.com"
40.77.167.27 - - [08/Nov/2022:11:07:37 -0800] "GET /maga/invent/eisenstein06.jpg HTTP/1.1" 200 16100 "-" "Mozilla/5.0 AppleWebKit/537.36 (KHTML, like Gecko; compatible; bingbot/2.0; +http://www.bing.com/bingbot.htm) Chrome/103.0.5060.134 Safari/537.36" "ysfine.com"
104.196.165.78 - - [08/Nov/2022:11:07:59 -0800] "GET /yspapers/index.html HTTP/1.1" 200 21306 "-" "ZoominfoBot (zoominfobot at zoominfo dot com)" "ysfine.com"
40.86.101.165 - - [08/Nov/2022:11:08:02 -0800] "GET /world/ital/stcroce01b.jpg HTTP/1.1" 200 42968 "https://ysfine.com/world/ital" "Mozilla/5.0 (X11; Linux x86_64) AppleWebKit/537.36 (KHTML, like Gecko) Chrome/74.0.3729.169 Safari/537.36" "ysfine.com"
114.119.128.158 - - [08/Nov/2022:11:08:15 -0800] "GET /home/madrid19.pdf HTTP/1.1" 404 88 "https://ysfine.com/home/bio33a.html" "Mozilla/5.0 (Linux; Android 7.0;) AppleWebKit/537.36 (KHTML, like Gecko) Mobile Safari/537.36 (compatible; PetalBot;+https://webmaster.petalsearch.com/site/petalbot)" "ysfine.com"
157.55.39.76 - - [08/Nov/2022:11:08:21 -0800] "GET /kobak/rok48.jpg HTTP/1.1" 200 149888 "-" "Mozilla/5.0 AppleWebKit/537.36 (KHTML, like Gecko; compatible; bingbot/2.0; +http://www.bing.com/bingbot.htm) Chrome/103.0.5060.134 Safari/537.36" "www.ysfine.com"
40.77.167.27 - - [08/Nov/2022:11:08:28 -0800] "GET /bio/world/scandi/copen051.jpg HTTP/1.1" 404 88 "-" "Mozilla/5.0 (compatible; bingbot/2.0; +http://www.bing.com/bingbot.htm)" "ysfine.com"
40.122.227.202 - - [08/Nov/2022:11:08:56 -0800] "GET /world/latina/rio097b.jpg HTTP/1.1" 200 43071 "http://ysfine.com/world/latina" "Mozilla/5.0 (Windows NT 10.0; Win64; x64) AppleWebKit/537.36 (KHTML, like Gecko) Chrome/74.0.3729.157 Safari/537.36" "ysfine.com"
40.77.51.81 - - [08/Nov/2022:11:09:18 -0800] "GET /usca/pitt/heinzfld03b.jpg HTTP/1.1" 200 604034 "http://www.ysfine.com/usca/pitt" "Mozilla/5.0 (X11; Linux x86_64) AppleWebKit/537.36 (KHTML, like Gecko) Chrome/74.0.3729.169 Safari/537.36" "www.ysfine.com"
114.119.128.142 - - [08/Nov/2022:11:09:40 -0800] "GET /wisdom/wk07.html HTTP/1.1" 200 36547 "-" "Mozilla/5.0 (Linux; Android 7.0;) AppleWebKit/537.36 (KHTML, like Gecko) Mobile Safari/537.36 (compatible; PetalBot;+https://webmaster.petalsearch.com/site/petalbot)" "ysfine.com"
20.29.110.169 - - [08/Nov/2022:11:10:02 -0800] "GET /dirac/michelan01.jpg HTTP/1.1" 200 100928 "http://ysfine.com/dirac" "Mozilla/5.0 (X11; Linux x86_64) AppleWebKit/537.36 (KHTML, like Gecko) Chrome/74.0.3729.169 Safari/537.36" "ysfine.com"
157.55.39.17 - - [08/Nov/2022:11:10:29 -0800] "GET /maga/phil/tao06.jpg HTTP/1.1" 200 78164 "-" "Mozilla/5.0 AppleWebKit/537.36 (KHTML, like Gecko; compatible; bingbot/2.0; +http://www.bing.com/bingbot.htm) Chrome/103.0.5060.134 Safari/537.36" "ysfine.com"
157.55.39.65 - - [08/Nov/2022:11:10:36 -0800] "GET /style/alexandrov55.jpg HTTP/1.1" 200 99866 "-" "Mozilla/5.0 (compatible; bingbot/2.0; +http://www.bing.com/bingbot.htm)" "www.ysfine.com"
128.2.194.71 - - [08/Nov/2022:11:10:39 -0800] "GET /feynman/feydirac.jpg HTTP/1.1" 200 98378 "-" "Mozilla/5.0 (X11; Linux i686) AppleWebKit/537.17 (KHTML, like Gecko) Chrome/24.0.1312.27 Safari/537.17" "ysfine.com"
114.119.128.142 - - [08/Nov/2022:11:11:04 -0800] "GET /philo/e=mc11c.jpg HTTP/1.1" 200 23225 "https://ysfine.com/world/trier.html" "Mozilla/5.0 (Linux; Android 7.0;) AppleWebKit/537.36 (KHTML, like Gecko) Mobile Safari/537.36 (compatible; PetalBot;+https://webmaster.petalsearch.com/site/petalbot)" "ysfine.com"
20.106.24.246 - - [08/Nov/2022:11:11:15 -0800] "GET /world/ital/vatican15b.jpg HTTP/1.1" 200 36200 "https://ysfine.com/world/ital" "Mozilla/5.0 (Linux; Android 10; SM-G960U) AppleWebKit/537.36 (KHTML, like Gecko) Chrome/88.0.4324.181 Mobile Safari/537.36" "ysfine.com"
20.29.110.170 - - [08/Nov/2022:11:11:34 -0800] "GET /dirac/pspace11b.jpg HTTP/1.1" 200 54493 "http://ysfine.com/dirac" "Mozilla/5.0 (Macintosh; Intel Mac OS X 10_11_6) AppleWebKit/605.1.15 (KHTML, like Gecko) Version/11.1.2 Safari/605.1.15" "ysfine.com"
157.55.39.17 - - [08/Nov/2022:11:11:48 -0800] "GET /philo/marx01.jpg HTTP/1.1" 200 220398 "-" "Mozilla/5.0 (compatible; bingbot/2.0; +http://www.bing.com/bingbot.htm)" "www.ysfine.com"
128.2.102.177 - - [08/Nov/2022:11:12:18 -0800] "GET /usca/pitt/syriamos.jpg HTTP/1.1" 404 88 "http://www.letsgopens.com/" "Mozilla/5.0 (Windows NT 10.0; Win64; x64) AppleWebKit/537.36 (KHTML, like Gecko) Chrome/106.0.0.0 Safari/537.36" "ysfine.com"
157.55.39.76 - - [08/Nov/2022:11:12:21 -0800] "GET /world/scandi/copen057b.jpg HTTP/1.1" 200 42917 "-" "Mozilla/5.0 (compatible; bingbot/2.0; +http://www.bing.com/bingbot.htm)" "ysfine.com"
114.119.128.14 - - [08/Nov/2022:11:12:29 -0800] "GET /einstein/places/einha12.jpg HTTP/1.1" 200 118952 "-" "Mozilla/5.0 (Linux; Android 7.0;) AppleWebKit/537.36 (KHTML, like Gecko) Mobile Safari/537.36 (compatible; PetalBot;+https://webmaster.petalsearch.com/site/petalbot)" "www.ysfine.com"
40.77.167.71 - - [08/Nov/2022:11:13:41 -0800] "GET /world/ital/romef110.jpg HTTP/1.1" 200 138288 "-" "Mozilla/5.0 (compatible; bingbot/2.0; +http://www.bing.com/bingbot.htm)" "ysfine.com"
