157.55.39.76 - - [08/Nov/2022:00:20:18 -0800] "GET /style/hamako11.jpg HTTP/1.1" 200 187536 "-" "Mozilla/5.0 AppleWebKit/537.36 (KHTML, like Gecko; compatible; bingbot/2.0; +http://www.bing.com/bingbot.htm) Chrome/103.0.5060.134 Safari/537.36" "ysfine.com"
157.55.39.65 - - [08/Nov/2022:00:20:42 -0800] "GET /eink/wig39.jpg HTTP/1.1" 200 308724 "-" "Mozilla/5.0 AppleWebKit/537.36 (KHTML, like Gecko; compatible; bingbot/2.0; +http://www.bing.com/bingbot.htm) Chrome/103.0.5060.134 Safari/537.36" "www.ysfine.com"
217.118.64.120 - - [08/Nov/2022:00:20:49 -0800] "GET /world/china/dalian01.jpg HTTP/1.1" 200 184443 "https://yandex.ru/" "Mozilla/5.0 (iPhone; CPU iPhone OS 15_0 like Mac OS X) AppleWebKit/605.1.15 (KHTML, like Gecko) Mobile/15E148 YaBrowser/22.11.1.535.10 YaApp_iOS/2211.1 YaApp_iOS_Browser/2211.1 Safari/604.1 SA/3" "www.ysfine.com"
40.77.167.68 - - [08/Nov/2022:00:20:53 -0800] "GET /world/russ/kiev037.jpg HTTP/1.1" 200 89771 "-" "Mozilla/5.0 (compatible; bingbot/2.0; +http://www.bing.com/bingbot.htm)" "ysfine.com"
51.222.253.13 - - [08/Nov/2022:00:21:10 -0800] "GET /ysbio/bio04a.html HTTP/1.1" 200 8750 "-" "Mozilla/5.0 (compatible; AhrefsBot/7.0; +http://ahrefs.com/robot/)" "ysfine.com"
40.77.167.68 - - [08/Nov/2022:00:21:12 -0800] "GET /world/russ/roskei01.jpg HTTP/1.1" 200 76065 "-" "Mozilla/5.0 AppleWebKit/537.36 (KHTML, like Gecko; compatible; bingbot/2.0; +http://www.bing.com/bingbot.htm) Chrome/103.0.5060.134 Safari/537.36" "ysfine.com"
40.77.167.71 - - [08/Nov/2022:00:21:18 -0800] "GET /world/scandi/sto017.jpg HTTP/1.1" 200 105208 "-" "Mozilla/5.0 (compatible; bingbot/2.0; +http://www.bing.com/bingbot.htm)" "ysfine.com"
51.222.253.4 - - [08/Nov/2022:00:21:20 -0800] "GET /ysbio/fotos/seoul50f.jpg HTTP/1.1" 200 127542 "-" "Mozilla/5.0 (compatible; AhrefsBot/7.0; +http://ahrefs.com/robot/)" "ysfine.com"
51.222.253.2 - - [08/Nov/2022:00:21:26 -0800] "GET /ysbio/fotos/beetho33d.jpg HTTP/1.1" 200 60567 "-" "Mozilla/5.0 (compatible; AhrefsBot/7.0; +http://ahrefs.com/robot/)" "ysfine.com"
20.106.27.173 - - [08/Nov/2022:00:21:32 -0800] "GET /world/brit/harrod01b.jpg HTTP/1.1" 200 47844 "https://ysfine.com/world/brit" "Mozilla/5.0 (Linux; Android 10; SM-G960U) AppleWebKit/537.36 (KHTML, like Gecko) Chrome/88.0.4324.181 Mobile Safari/537.36" "ysfine.com"
51.222.253.4 - - [08/Nov/2022:00:21:33 -0800] "GET /ysbio/ys54d.jpg HTTP/1.1" 200 39561 "-" "Mozilla/5.0 (compatible; AhrefsBot/7.0; +http://ahrefs.com/robot/)" "ysfine.com"
157.55.39.17 - - [08/Nov/2022:00:21:38 -0800] "GET /eink/further22a.jpg HTTP/1.1" 200 96140 "-" "Mozilla/5.0 AppleWebKit/537.36 (KHTML, like Gecko; compatible; bingbot/2.0; +http://www.bing.com/bingbot.htm) Chrome/103.0.5060.134 Safari/537.36" "www.ysfine.com"
51.222.253.4 - - [08/Nov/2022:00:21:39 -0800] "GET /ysbio/fotos/photo00d.jpg HTTP/1.1" 200 72203 "-" "Mozilla/5.0 (compatible; AhrefsBot/7.0; +http://ahrefs.com/robot/)" "ysfine.com"
20.29.110.169 - - [08/Nov/2022:00:21:40 -0800] "GET /world/brit/thames23b.jpg HTTP/1.1" 200 33748 "https://ysfine.com/world/brit" "Mozilla/5.0 (Linux; Android 10; SM-G960U) AppleWebKit/537.36 (KHTML, like Gecko) Chrome/88.0.4324.181 Mobile Safari/537.36" "ysfine.com"
158.99.4.87 - - [08/Nov/2022:00:21:41 -0800] "GET /wigner/neum/pvn03.jpg HTTP/1.1" 200 83757 "https://www.google.com/" "Mozilla/5.0 (Windows NT 10.0; Win64; x64) AppleWebKit/537.36 (KHTML, like Gecko) Chrome/107.0.0.0 Safari/537.36" "ysfine.com"
51.222.253.8 - - [08/Nov/2022:00:21:45 -0800] "GET /ysbio/fotos/chuseok11d.jpg HTTP/1.1" 200 70205 "-" "Mozilla/5.0 (compatible; AhrefsBot/7.0; +http://ahrefs.com/robot/)" "ysfine.com"
51.222.253.6 - - [08/Nov/2022:00:21:51 -0800] "GET /ysbio/fotos/kennedy60d.jpg HTTP/1.1" 200 57844 "-" "Mozilla/5.0 (compatible; AhrefsBot/7.0; +http://ahrefs.com/robot/)" "ysfine.com"
51.222.253.19 - - [08/Nov/2022:00:21:57 -0800] "GET /ysbio/yspr61d.jpg HTTP/1.1" 200 64126 "-" "Mozilla/5.0 (compatible; AhrefsBot/7.0; +http://ahrefs.com/robot/)" "ysfine.com"
157.55.39.17 - - [08/Nov/2022:00:21:58 -0800] "GET /bio/awards/iao.html HTTP/1.1" 404 88 "-" "Mozilla/5.0 (compatible; bingbot/2.0; +http://www.bing.com/bingbot.htm)" "ysfine.com"
51.222.253.3 - - [08/Nov/2022:00:22:05 -0800] "GET /ysbio/passport11c.jpg HTTP/1.1" 200 58274 "-" "Mozilla/5.0 (compatible; AhrefsBot/7.0; +http://ahrefs.com/robot/)" "ysfine.com"
51.222.253.15 - - [08/Nov/2022:00:22:11 -0800] "GET /ysbio/facu450.jpg HTTP/1.1" 200 74535 "-" "Mozilla/5.0 (compatible; AhrefsBot/7.0; +http://ahrefs.com/robot/)" "ysfine.com"
51.222.253.8 - - [08/Nov/2022:00:22:18 -0800] "GET /ysbio/family18d.jpg HTTP/1.1" 200 69135 "-" "Mozilla/5.0 (compatible; AhrefsBot/7.0; +http://ahrefs.com/robot/)" "ysfine.com"
51.222.253.18 - - [08/Nov/2022:00:22:24 -0800] "GET /ysbio/korart03d.jpg HTTP/1.1" 200 118114 "-" "Mozilla/5.0 (compatible; AhrefsBot/7.0; +http://ahrefs.com/robot/)" "ysfine.com"
51.222.253.14 - - [08/Nov/2022:00:22:31 -0800] "GET /ysbio/fotos/stephens11d.jpg HTTP/1.1" 200 55455 "-" "Mozilla/5.0 (compatible; AhrefsBot/7.0; +http://ahrefs.com/robot/)" "ysfine.com"
51.222.253.14 - - [08/Nov/2022:00:22:36 -0800] "GET /ysbio/kbrain11a.jpg HTTP/1.1" 200 46007 "-" "Mozilla/5.0 (compatible; AhrefsBot/7.0; +http://ahrefs.com/robot/)" "ysfine.com"
157.55.39.76 - - [08/Nov/2022:00:22:38 -0800] "GET /bio/kobak/yskor.html HTTP/1.1" 404 88 "-" "Mozilla/5.0 AppleWebKit/537.36 (KHTML, like Gecko; compatible; bingbot/2.0; +http://www.bing.com/bingbot.htm) Chrome/103.0.5060.134 Safari/537.36" "ysfine.com"
188.241.177.55 - - [08/Nov/2022:00:22:39 -0800] "GET /world/polandw.html HTTP/1.1" 200 17892 "-" "Mozilla/5.0 (Windows NT 10.0; Win64; x64) AppleWebKit/537.36 (KHTML, like Gecko) Chrome/104.0.5112.81 Safari/537.36" "ysfine.com"
157.55.39.76 - - [08/Nov/2022:00:22:39 -0800] "GET /maga/phys/naimar/pewk02b.jpg HTTP/1.1" 200 32109 "-" "Mozilla/5.0 (compatible; bingbot/2.0; +http://www.bing.com/bingbot.htm)" "ysfine.com"
216.244.66.229 - - [08/Nov/2022:00:23:15 -0800] "GET /usca/pgh.html HTTP/1.1" 200 41086 "-" "Mozilla/5.0 (compatible; DotBot/1.2; +https://opensiteexplorer.org/dotbot; help@moz.com)" "ysfine.com"
216.244.66.229 - - [08/Nov/2022:00:23:20 -0800] "GET /world/japan/osakaf06.jpg HTTP/1.1" 200 119748 "-" "Mozilla/5.0 (compatible; DotBot/1.2; +https://opensiteexplorer.org/dotbot; help@moz.com)" "ysfine.com"
77.75.79.101 - - [08/Nov/2022:00:23:53 -0800] "GET /robots.txt HTTP/1.1" 404 88 "-" "Mozilla/5.0 (compatible; SeznamBot/3.2; +http://napoveda.seznam.cz/en/seznambot-intro/)" "ysfine.com"
77.75.79.101 - - [08/Nov/2022:00:23:54 -0800] "GET /style/musee/vatican11.jpg HTTP/1.1" 200 94793 "-" "Mozilla/5.0 (compatible; SeznamBot/3.2; +http://napoveda.seznam.cz/en/seznambot-intro/)" "ysfine.com"
77.75.79.101 - - [08/Nov/2022:00:23:57 -0800] "GET /world/hungary/buda072.jpg HTTP/1.1" 304 - "-" "Mozilla/5.0 (compatible; SeznamBot/3.2; +http://napoveda.seznam.cz/en/seznambot-intro/)" "ysfine.com"
77.75.79.101 - - [08/Nov/2022:00:23:58 -0800] "GET /world/brit/towerbr11.jpg HTTP/1.1" 304 - "-" "Mozilla/5.0 (compatible; SeznamBot/3.2; +http://napoveda.seznam.cz/en/seznambot-intro/)" "ysfine.com"
77.75.79.101 - - [08/Nov/2022:00:23:58 -0800] "GET /world/ital/vatican09.jpg HTTP/1.1" 304 - "-" "Mozilla/5.0 (compatible; SeznamBot/3.2; +http://napoveda.seznam.cz/en/seznambot-intro/)" "ysfine.com"
77.75.79.101 - - [08/Nov/2022:00:23:59 -0800] "GET /usca/pitt/mtwash02.jpg HTTP/1.1" 304 - "-" "Mozilla/5.0 (compatible; SeznamBot/3.2; +http://napoveda.seznam.cz/en/seznambot-intro/)" "ysfine.com"
216.244.66.229 - - [08/Nov/2022:00:24:31 -0800] "GET /home/facu63.jpg HTTP/1.1" 200 296378 "-" "Mozilla/5.0 (compatible; DotBot/1.2; +https://opensiteexplorer.org/dotbot; help@moz.com)" "ysfine.com"
20.106.27.173 - - [08/Nov/2022:00:24:34 -0800] "GET /einstein/einvio11.jpg HTTP/1.1" 200 62065 "https://ysfine.com/einstein" "Mozilla/5.0 (Macintosh; Intel Mac OS X 10_11_6) AppleWebKit/605.1.15 (KHTML, like Gecko) Version/11.1.2 Safari/605.1.15" "ysfine.com"
40.77.167.68 - - [08/Nov/2022:00:25:13 -0800] "GET /maga/phil/marxlon01.jpg HTTP/1.1" 200 263404 "-" "Mozilla/5.0 AppleWebKit/537.36 (KHTML, like Gecko; compatible; bingbot/2.0; +http://www.bing.com/bingbot.htm) Chrome/103.0.5060.134 Safari/537.36" "ysfine.com"
40.77.167.68 - - [08/Nov/2022:00:25:23 -0800] "GET /einstein/index.html HTTP/1.1" 200 135 "-" "Mozilla/5.0 AppleWebKit/537.36 (KHTML, like Gecko; compatible; bingbot/2.0; +http://www.bing.com/bingbot.htm) Chrome/103.0.5060.134 Safari/537.36" "www.ysfine.com"
40.77.167.27 - - [08/Nov/2022:00:25:26 -0800] "GET /world/baltic/riga42.jpg HTTP/1.1" 200 69932 "-" "Mozilla/5.0 (compatible; bingbot/2.0; +http://www.bing.com/bingbot.htm)" "ysfine.com"
157.55.39.17 - - [08/Nov/2022:00:25:37 -0800] "GET /einstein/einbot.html HTTP/1.1" 200 126 "-" "Mozilla/5.0 (compatible; bingbot/2.0; +http://www.bing.com/bingbot.htm)" "www.ysfine.com"
115.84.230.148 - - [08/Nov/2022:00:25:54 -0800] "GET /kobak/repose11.jpg HTTP/1.1" 200 78530 "https://images.search.yahoo.com/search/images;_ylt=Awr9.oMFEmpjW8sAuqmJzbkF;_ylu=c2VjA3NlYXJjaARzbGsDYnV0dG9u;_ylc=X1MDOTYwNjI4NTcEX3IDMgRmcgNtY2FmZWUEZnIyA3A6cyx2OmksbTpzYi10b3AEZ3ByaWQDcDdHU2ZuWEdSWmViSzNoZ0guUko2QQRuX3JzbHQDMARuX3N1Z2cDMARvcmlnaW4DaW1hZ2VzLnNlYXJjaC55YWhvby5jb20EcG9zAzAEcHFzdHIDBHBxc3RybAMwBHFzdHJsAzIwBHF1ZXJ5A0tPUkVBTiUyMEhPU1BJVEFMJTIwU0hJUAR0X3N0bXADMTY2Nzg5NTkzOA--?p=KOREAN+HOSPITAL+SHIP&fr=mcafee&fr2=p%3As%2Cv%3Ai%2Cm%3Asb-top&ei=UTF-8&x=wrt&type=E210US91215G0" "Mozilla/5.0 (Windows NT 10.0; Win64; x64) AppleWebKit/537.36 (KHTML, like Gecko) Chrome/107.0.0.0 Safari/537.36" "ysfine.com"
115.84.230.148 - - [08/Nov/2022:00:25:54 -0800] "GET /kobak/repose77.jpg HTTP/1.1" 200 86845 "https://images.search.yahoo.com/search/images;_ylt=Awr9.oMFEmpjW8sAuqmJzbkF;_ylu=c2VjA3NlYXJjaARzbGsDYnV0dG9u;_ylc=X1MDOTYwNjI4NTcEX3IDMgRmcgNtY2FmZWUEZnIyA3A6cyx2OmksbTpzYi10b3AEZ3ByaWQDcDdHU2ZuWEdSWmViSzNoZ0guUko2QQRuX3JzbHQDMARuX3N1Z2cDMARvcmlnaW4DaW1hZ2VzLnNlYXJjaC55YWhvby5jb20EcG9zAzAEcHFzdHIDBHBxc3RybAMwBHFzdHJsAzIwBHF1ZXJ5A0tPUkVBTiUyMEhPU1BJVEFMJTIwU0hJUAR0X3N0bXADMTY2Nzg5NTkzOA--?p=KOREAN+HOSPITAL+SHIP&fr=mcafee&fr2=p%3As%2Cv%3Ai%2Cm%3Asb-top&ei=UTF-8&x=wrt&type=E210US91215G0" "Mozilla/5.0 (Windows NT 10.0; Win64; x64) AppleWebKit/537.36 (KHTML, like Gecko) Chrome/107.0.0.0 Safari/537.36" "ysfine.com"
157.55.39.65 - - [08/Nov/2022:00:26:02 -0800] "GET /einstein/einwalk650.jpg HTTP/1.1" 200 58253 "-" "Mozilla/5.0 AppleWebKit/537.36 (KHTML, like Gecko; compatible; bingbot/2.0; +http://www.bing.com/bingbot.htm) Chrome/103.0.5060.134 Safari/537.36" "ysfine.com"
115.84.230.148 - - [08/Nov/2022:00:26:05 -0800] "GET /kobak/repose22.jpg HTTP/1.1" 200 126234 "https://images.search.yahoo.com/search/images;_ylt=Awr9.oMFEmpjW8sAuqmJzbkF;_ylu=c2VjA3NlYXJjaARzbGsDYnV0dG9u;_ylc=X1MDOTYwNjI4NTcEX3IDMgRmcgNtY2FmZWUEZnIyA3A6cyx2OmksbTpzYi10b3AEZ3ByaWQDcDdHU2ZuWEdSWmViSzNoZ0guUko2QQRuX3JzbHQDMARuX3N1Z2cDMARvcmlnaW4DaW1hZ2VzLnNlYXJjaC55YWhvby5jb20EcG9zAzAEcHFzdHIDBHBxc3RybAMwBHFzdHJsAzIwBHF1ZXJ5A0tPUkVBTiUyMEhPU1BJVEFMJTIwU0hJUAR0X3N0bXADMTY2Nzg5NTkzOA--?p=KOREAN+HOSPITAL+SHIP&fr=mcafee&fr2=p%3As%2Cv%3Ai%2Cm%3Asb-top&ei=UTF-8&x=wrt&type=E210US91215G0" "Mozilla/5.0 (Windows NT 10.0; Win64; x64) AppleWebKit/537.36 (KHTML, like Gecko) Chrome/107.0.0.0 Safari/537.36" "ysfine.com"
115.84.230.148 - - [08/Nov/2022:00:26:05 -0800] "GET /kobak/jutlandia.jpg HTTP/1.1" 200 163063 "https://images.search.yahoo.com/search/images;_ylt=Awr9.oMFEmpjW8sAuqmJzbkF;_ylu=c2VjA3NlYXJjaARzbGsDYnV0dG9u;_ylc=X1MDOTYwNjI4NTcEX3IDMgRmcgNtY2FmZWUEZnIyA3A6cyx2OmksbTpzYi10b3AEZ3ByaWQDcDdHU2ZuWEdSWmViSzNoZ0guUko2QQRuX3JzbHQDMARuX3N1Z2cDMARvcmlnaW4DaW1hZ2VzLnNlYXJjaC55YWhvby5jb20EcG9zAzAEcHFzdHIDBHBxc3RybAMwBHFzdHJsAzIwBHF1ZXJ5A0tPUkVBTiUyMEhPU1BJVEFMJTIwU0hJUAR0X3N0bXADMTY2Nzg5NTkzOA--?p=KOREAN+HOSPITAL+SHIP&fr=mcafee&fr2=p%3As%2Cv%3Ai%2Cm%3Asb-top&ei=UTF-8&x=wrt&type=E210US91215G0" "Mozilla/5.0 (Windows NT 10.0; Win64; x64) AppleWebKit/537.36 (KHTML, like Gecko) Chrome/107.0.0.0 Safari/537.36" "ysfine.com"
216.244.66.229 - - [08/Nov/2022:00:26:18 -0800] "GET /kowar/sampal01.jpg HTTP/1.1" 200 141262 "-" "Mozilla/5.0 (compatible; DotBot/1.2; +https://opensiteexplorer.org/dotbot; help@moz.com)" "ysfine.com"
40.122.230.190 - - [08/Nov/2022:00:26:18 -0800] "GET /yspapers/einbohr55c.jpg HTTP/1.1" 200 34145 "https://ysfine.com/yspapers" "Mozilla/5.0 (X11; Linux x86_64) AppleWebKit/537.36 (KHTML, like Gecko) Chrome/74.0.3729.169 Safari/537.36" "ysfine.com"
40.77.167.68 - - [08/Nov/2022:00:26:23 -0800] "GET /world/scandi/norw05.jpg HTTP/1.1" 200 52232 "-" "Mozilla/5.0 AppleWebKit/537.36 (KHTML, like Gecko; compatible; bingbot/2.0; +http://www.bing.com/bingbot.htm) Chrome/103.0.5060.134 Safari/537.36" "ysfine.com"
40.77.167.71 - - [08/Nov/2022:00:27:00 -0800] "GET /world/scandi/fin02.jpg HTTP/1.1" 200 86061 "-" "Mozilla/5.0 (compatible; bingbot/2.0; +http://www.bing.com/bingbot.htm)" "ysfine.com"
157.55.39.65 - - [08/Nov/2022:00:27:04 -0800] "GET /dirac/dfsoft.html HTTP/1.1" 200 2643 "-" "Mozilla/5.0 AppleWebKit/537.36 (KHTML, like Gecko; compatible; bingbot/2.0; +http://www.bing.com/bingbot.htm) Chrome/103.0.5060.134 Safari/537.36" "ysfine.com"
40.122.227.201 - - [08/Nov/2022:00:27:51 -0800] "GET /usca/norl/canal07b.jpg HTTP/1.1" 200 41350 "https://ysfine.com/usca/norl" "Mozilla/5.0 (X11; Linux x86_64) AppleWebKit/537.36 (KHTML, like Gecko) Chrome/74.0.3729.169 Safari/537.36" "ysfine.com"
40.77.167.27 - - [08/Nov/2022:00:28:26 -0800] "GET /sbk/2014wuhan22.jpg HTTP/1.1" 200 154987 "-" "Mozilla/5.0 (compatible; bingbot/2.0; +http://www.bing.com/bingbot.htm)" "www.ysfine.com"
20.109.241.97 - - [08/Nov/2022:00:28:27 -0800] "GET /style/picasspr22b.jpg HTTP/1.1" 200 67766 "https://ysfine.com/style" "Mozilla/5.0 (Linux; Android 10; SM-G960U) AppleWebKit/537.36 (KHTML, like Gecko) Chrome/88.0.4324.181 Mobile Safari/537.36" "ysfine.com"
40.77.167.27 - - [08/Nov/2022:00:28:36 -0800] "GET /world/balkan/istan014.jpg HTTP/1.1" 200 70791 "-" "Mozilla/5.0 AppleWebKit/537.36 (KHTML, like Gecko; compatible; bingbot/2.0; +http://www.bing.com/bingbot.htm) Chrome/103.0.5060.134 Safari/537.36" "ysfine.com"
49.7.21.115 - - [08/Nov/2022:00:28:38 -0800] "GET / HTTP/1.1" 200 5283 "-" "Sogou web spider/4.0(+http://www.sogou.com/docs/help/webmasters.htm#07)" "ysfine.com"
14.251.229.249 - - [08/Nov/2022:00:28:47 -0800] "GET /wigner/neum/vnc02.jpg HTTP/1.1" 200 122957 "https://www.google.com/" "Mozilla/5.0 (Windows NT 6.1) AppleWebKit/537.36 (KHTML, like Gecko) Chrome/107.0.0.0 Safari/537.36" "ysfine.com"
40.77.167.27 - - [08/Nov/2022:00:29:06 -0800] "GET /world/scandi/sto035.jpg HTTP/1.1" 200 93331 "-" "Mozilla/5.0 AppleWebKit/537.36 (KHTML, like Gecko; compatible; bingbot/2.0; +http://www.bing.com/bingbot.htm) Chrome/103.0.5060.134 Safari/537.36" "ysfine.com"
151.44.60.12 - - [08/Nov/2022:00:29:27 -0800] "GET /wigner/neum/pvn03.jpg HTTP/1.1" 200 83757 "https://www.google.com/" "Mozilla/5.0 (Linux; Android 11; 5164D) AppleWebKit/537.36 (KHTML, like Gecko) Chrome/97.0.4692.98 Mobile Safari/537.36" "ysfine.com"
20.109.241.81 - - [08/Nov/2022:00:29:30 -0800] "GET /friends/aline/northwes06c.jpg HTTP/1.1" 404 88 "https://ysfine.com/friends/aline" "Mozilla/5.0 (Macintosh; Intel Mac OS X 10_11_6) AppleWebKit/605.1.15 (KHTML, like Gecko) Version/11.1.2 Safari/605.1.15" "ysfine.com"
40.86.101.164 - - [08/Nov/2022:00:30:26 -0800] "GET /world/russ/volga06b.jpg HTTP/1.1" 200 23320 "https://www.ysfine.com/world/russ" "Mozilla/5.0 (X11; Linux x86_64) AppleWebKit/537.36 (KHTML, like Gecko) Chrome/74.0.3729.169 Safari/537.36" "www.ysfine.com"
157.55.39.76 - - [08/Nov/2022:00:30:40 -0800] "GET /world/baltic/riga59.jpg HTTP/1.1" 200 68240 "-" "Mozilla/5.0 (compatible; bingbot/2.0; +http://www.bing.com/bingbot.htm)" "ysfine.com"
157.55.39.76 - - [08/Nov/2022:00:30:40 -0800] "GET /world/ital/venicej02b.jpg HTTP/1.1" 200 42128 "-" "Mozilla/5.0 (compatible; bingbot/2.0; +http://www.bing.com/bingbot.htm)" "ysfine.com"
157.55.39.65 - - [08/Nov/2022:00:30:43 -0800] "GET /world/russ/ballerina11.jpg HTTP/1.1" 200 94331 "-" "Mozilla/5.0 AppleWebKit/537.36 (KHTML, like Gecko; compatible; bingbot/2.0; +http://www.bing.com/bingbot.htm) Chrome/103.0.5060.134 Safari/537.36" "www.ysfine.com"
40.122.230.189 - - [08/Nov/2022:00:30:50 -0800] "GET /world/france/haussmann05b.jpg HTTP/1.1" 200 39611 "https://ysfine.com/world/france" "Mozilla/5.0 (Windows NT 10.0; Win64; x64) AppleWebKit/537.36 (KHTML, like Gecko) Chrome/74.0.3729.157 Safari/537.36" "ysfine.com"
157.55.39.65 - - [08/Nov/2022:00:30:53 -0800] "GET /style/musee/uffizi11.jpg HTTP/1.1" 200 116766 "-" "Mozilla/5.0 AppleWebKit/537.36 (KHTML, like Gecko; compatible; bingbot/2.0; +http://www.bing.com/bingbot.htm) Chrome/103.0.5060.134 Safari/537.36" "ysfine.com"
157.55.39.76 - - [08/Nov/2022:00:30:59 -0800] "GET /world/brit/picca02.jpg HTTP/1.1" 200 47845 "-" "Mozilla/5.0 (compatible; bingbot/2.0; +http://www.bing.com/bingbot.htm)" "ysfine.com"
157.55.39.65 - - [08/Nov/2022:00:31:43 -0800] "GET /world/germany/salz23.jpg HTTP/1.1" 200 132227 "-" "Mozilla/5.0 (compatible; bingbot/2.0; +http://www.bing.com/bingbot.htm)" "www.ysfine.com"
157.55.39.65 - - [08/Nov/2022:00:31:53 -0800] "GET /world/brit/oxlon22.jpg HTTP/1.1" 200 112012 "-" "Mozilla/5.0 (compatible; bingbot/2.0; +http://www.bing.com/bingbot.htm)" "ysfine.com"
157.55.39.76 - - [08/Nov/2022:00:32:11 -0800] "GET /people/zeilinger2.jpg HTTP/1.1" 200 30410 "-" "Mozilla/5.0 AppleWebKit/537.36 (KHTML, like Gecko; compatible; bingbot/2.0; +http://www.bing.com/bingbot.htm) Chrome/103.0.5060.134 Safari/537.36" "www.ysfine.com"
157.55.39.65 - - [08/Nov/2022:00:32:14 -0800] "GET /bio/wigner/e(2).html HTTP/1.1" 404 88 "-" "Mozilla/5.0 AppleWebKit/537.36 (KHTML, like Gecko; compatible; bingbot/2.0; +http://www.bing.com/bingbot.htm) Chrome/103.0.5060.134 Safari/537.36" "ysfine.com"
40.77.167.71 - - [08/Nov/2022:00:32:33 -0800] "GET /ysbio/wdc/waskor.html HTTP/1.1" 200 7729 "-" "Mozilla/5.0 AppleWebKit/537.36 (KHTML, like Gecko; compatible; bingbot/2.0; +http://www.bing.com/bingbot.htm) Chrome/103.0.5060.134 Safari/537.36" "ysfine.com"
157.55.39.17 - - [08/Nov/2022:00:32:39 -0800] "GET /kowar/77reg03c.jpg HTTP/1.1" 200 27891 "-" "Mozilla/5.0 (compatible; bingbot/2.0; +http://www.bing.com/bingbot.htm)" "www.ysfine.com"
40.77.167.27 - - [08/Nov/2022:00:32:56 -0800] "GET /kowar/panmun01.jpg HTTP/1.1" 200 120972 "-" "Mozilla/5.0 (compatible; bingbot/2.0; +http://www.bing.com/bingbot.htm)" "ysfine.com"
40.77.167.68 - - [08/Nov/2022:00:33:04 -0800] "GET /maga/phys/pauli01.jpg HTTP/1.1" 200 97701 "-" "Mozilla/5.0 AppleWebKit/537.36 (KHTML, like Gecko; compatible; bingbot/2.0; +http://www.bing.com/bingbot.htm) Chrome/103.0.5060.134 Safari/537.36" "ysfine.com"
20.29.110.169 - - [08/Nov/2022:00:33:13 -0800] "GET /princeton/annex11b.jpg HTTP/1.1" 200 39639 "https://ysfine.com/princeton" "Mozilla/5.0 (iPhone; CPU iPhone OS 13_5_1 like Mac OS X) AppleWebKit/605.1.15 (KHTML, like Gecko) Version/13.1.1 Mobile/15E148 Safari/604.1" "ysfine.com"
40.77.167.68 - - [08/Nov/2022:00:33:13 -0800] "GET /world/china/china037.jpg HTTP/1.1" 200 74820 "-" "Mozilla/5.0 (compatible; bingbot/2.0; +http://www.bing.com/bingbot.htm)" "ysfine.com"
20.109.241.82 - - [08/Nov/2022:00:33:18 -0800] "GET /friends/spany01b.jpg HTTP/1.1" 404 88 "https://ysfine.com/friends" "Mozilla/5.0 (X11; Linux x86_64) AppleWebKit/537.36 (KHTML, like Gecko) Chrome/74.0.3729.169 Safari/537.36" "ysfine.com"
40.77.167.27 - - [08/Nov/2022:00:33:26 -0800] "GET /world/scandi/nobelmap11b.jpg HTTP/1.1" 200 54549 "-" "Mozilla/5.0 (compatible; bingbot/2.0; +http://www.bing.com/bingbot.htm)" "ysfine.com"
93.158.161.2 - - [08/Nov/2022:00:33:30 -0800] "GET /robots.txt HTTP/1.1" 404 73 "-" "Mozilla/5.0 (compatible; YandexBot/3.0; +http://yandex.com/bots)" "ysfine.com"
93.158.161.39 - - [08/Nov/2022:00:33:34 -0800] "GET /world/russ/redsq55b.jpg HTTP/1.1" 200 43046 "-" "Mozilla/5.0 (compatible; YandexImages/3.0; +http://yandex.com/bots)" "ysfine.com"
157.55.39.17 - - [08/Nov/2022:00:33:39 -0800] "GET /wigner/neum/fuld.jpg HTTP/1.1" 200 172715 "-" "Mozilla/5.0 (compatible; bingbot/2.0; +http://www.bing.com/bingbot.htm)" "www.ysfine.com"
216.244.66.229 - - [08/Nov/2022:00:33:48 -0800] "GET /yspapers/kno79.pdf HTTP/1.1" 200 176844 "-" "Mozilla/5.0 (compatible; DotBot/1.2; +https://opensiteexplorer.org/dotbot; help@moz.com)" "ysfine.com"
40.122.230.188 - - [08/Nov/2022:00:33:53 -0800] "GET /world/china/hongkong06b.jpg HTTP/1.1" 200 43298 "https://ysfine.com/world/china" "Mozilla/5.0 (Linux; Android 10; SM-G960U) AppleWebKit/537.36 (KHTML, like Gecko) Chrome/88.0.4324.181 Mobile Safari/537.36" "ysfine.com"
116.18.228.22 - - [08/Nov/2022:00:34:00 -0800] "GET / HTTP/1.1" 200 5283 "-" "python-requests/2.27.1" "www.ysfine.com"
13.67.224.14 - - [08/Nov/2022:00:34:12 -0800] "GET /world/spain/sevi107c.jpg HTTP/1.1" 200 34267 "https://ysfine.com/world/spain" "Mozilla/5.0 (iPhone; CPU iPhone OS 13_5_1 like Mac OS X) AppleWebKit/605.1.15 (KHTML, like Gecko) Version/13.1.1 Mobile/15E148 Safari/604.1" "ysfine.com"
40.122.230.188 - - [08/Nov/2022:00:34:24 -0800] "GET /kobak/sonja2.jpg HTTP/1.1" 200 31693 "http://www.ysfine.com/kobak" "Mozilla/5.0 (Macintosh; Intel Mac OS X 10_11_6) AppleWebKit/605.1.15 (KHTML, like Gecko) Version/11.1.2 Safari/605.1.15" "www.ysfine.com"
216.244.66.229 - - [08/Nov/2022:00:34:29 -0800] "GET /class54/class5470/total_data/sub_8158.htm HTTP/1.1" 200 15750 "-" "Mozilla/5.0 (compatible; DotBot/1.2; +https://opensiteexplorer.org/dotbot; help@moz.com)" "ysfine.com"
216.244.66.229 - - [08/Nov/2022:00:34:59 -0800] "GET /dirac/lorendir.html HTTP/1.1" 200 5645 "-" "Mozilla/5.0 (compatible; DotBot/1.2; +https://opensiteexplorer.org/dotbot; help@moz.com)" "ysfine.com"
157.55.39.17 - - [08/Nov/2022:00:35:00 -0800] "GET /bio/einstein/bern.html HTTP/1.1" 404 88 "-" "Mozilla/5.0 (compatible; bingbot/2.0; +http://www.bing.com/bingbot.htm)" "ysfine.com"
157.55.39.65 - - [08/Nov/2022:00:35:05 -0800] "GET /sbk/2006nofre22.jpg HTTP/1.1" 200 58687 "-" "Mozilla/5.0 (compatible; bingbot/2.0; +http://www.bing.com/bingbot.htm)" "ysfine.com"
216.244.66.229 - - [08/Nov/2022:00:35:27 -0800] "GET /friends/amkor/amgreece01.jpg HTTP/1.1" 404 73 "-" "Mozilla/5.0 (compatible; DotBot/1.2; +https://opensiteexplorer.org/dotbot; help@moz.com)" "ysfine.com"
157.55.39.17 - - [08/Nov/2022:00:35:40 -0800] "GET /dongtaitu/ HTTP/1.1" 404 88 "-" "Mozilla/5.0 (compatible; bingbot/2.0; +http://www.bing.com/bingbot.htm)" "www.ysfine.com"
216.244.66.229 - - [08/Nov/2022:00:35:55 -0800] "GET /friends/amkor/lekeg04.jpg HTTP/1.1" 404 73 "-" "Mozilla/5.0 (compatible; DotBot/1.2; +https://opensiteexplorer.org/dotbot; help@moz.com)" "ysfine.com"
20.29.111.248 - - [08/Nov/2022:00:36:05 -0800] "GET /world/china/nanjing33b.jpg HTTP/1.1" 200 49824 "https://ysfine.com/world/china" "Mozilla/5.0 (X11; Linux x86_64) AppleWebKit/537.36 (KHTML, like Gecko) Chrome/74.0.3729.169 Safari/537.36" "ysfine.com"
162.206.99.12 - - [08/Nov/2022:00:36:19 -0800] "GET /wigner/quartet.jpg HTTP/1.1" 200 83670 "https://www.google.com/" "Mozilla/5.0 (Windows NT 10.0; Win64; x64) AppleWebKit/537.36 (KHTML, like Gecko) Chrome/107.0.0.0 Safari/537.36" "ysfine.com"
216.244.66.229 - - [08/Nov/2022:00:36:21 -0800] "GET /friends/chinstu05.jpg HTTP/1.1" 404 73 "-" "Mozilla/5.0 (compatible; DotBot/1.2; +https://opensiteexplorer.org/dotbot; help@moz.com)" "ysfine.com"
40.77.167.68 - - [08/Nov/2022:00:36:24 -0800] "GET /world/ital/padova03.jpg HTTP/1.1" 200 114490 "-" "Mozilla/5.0 AppleWebKit/537.36 (KHTML, like Gecko; compatible; bingbot/2.0; +http://www.bing.com/bingbot.htm) Chrome/103.0.5060.134 Safari/537.36" "ysfine.com"
40.77.167.68 - - [08/Nov/2022:00:36:24 -0800] "GET /bio/world/scandi/copen055.jpg HTTP/1.1" 404 88 "-" "Mozilla/5.0 AppleWebKit/537.36 (KHTML, like Gecko; compatible; bingbot/2.0; +http://www.bing.com/bingbot.htm) Chrome/103.0.5060.134 Safari/537.36" "ysfine.com"
216.244.66.229 - - [08/Nov/2022:00:36:47 -0800] "GET /friends/mexmodel.jpg HTTP/1.1" 404 73 "-" "Mozilla/5.0 (compatible; DotBot/1.2; +https://opensiteexplorer.org/dotbot; help@moz.com)" "ysfine.com"
173.73.77.36 - - [08/Nov/2022:00:37:11 -0800] "GET /ysbio/bio08.html HTTP/1.1" 200 10630 "https://ysfine.com/ys11/" "Mozilla/5.0 (Windows NT 10.0; Win64; x64) AppleWebKit/537.36 (KHTML, like Gecko) Chrome/107.0.0.0 Safari/537.36 Edg/107.0.1418.35" "ysfine.com"
173.73.77.36 - - [08/Nov/2022:00:37:11 -0800] "GET /ysbio/phys/parton77g.jpg HTTP/1.1" 404 88 "https://ysfine.com/ysbio/bio08.html" "Mozilla/5.0 (Windows NT 10.0; Win64; x64) AppleWebKit/537.36 (KHTML, like Gecko) Chrome/107.0.0.0 Safari/537.36 Edg/107.0.1418.35" "ysfine.com"
216.244.66.229 - - [08/Nov/2022:00:37:11 -0800] "GET /friends/mil/nato11.jpg HTTP/1.1" 404 73 "-" "Mozilla/5.0 (compatible; DotBot/1.2; +https://opensiteexplorer.org/dotbot; help@moz.com)" "ysfine.com"
216.244.66.229 - - [08/Nov/2022:00:37:35 -0800] "GET /style/bolshoi22.jpg HTTP/1.1" 200 109431 "-" "Mozilla/5.0 (compatible; DotBot/1.2; +https://opensiteexplorer.org/dotbot; help@moz.com)" "ysfine.com"
20.12.191.73 - - [08/Nov/2022:00:37:35 -0800] "GET /style/schonbr22b.jpg HTTP/1.1" 200 45463 "http://ysfine.com/style" "Mozilla/5.0 (Linux; Android 10; SM-G960U) AppleWebKit/537.36 (KHTML, like Gecko) Chrome/88.0.4324.181 Mobile Safari/537.36" "ysfine.com"
40.77.167.27 - - [08/Nov/2022:00:37:37 -0800] "GET /style/musee/britmu12.jpg HTTP/1.1" 200 59456 "-" "Mozilla/5.0 (compatible; bingbot/2.0; +http://www.bing.com/bingbot.htm)" "ysfine.com"
124.105.47.187 - - [08/Nov/2022:00:37:41 -0800] "GET /world/germany/hegel02.jpg HTTP/1.1" 200 94009 "https://www.google.com/" "Mozilla/5.0 (Windows NT 10.0; Win64; x64) AppleWebKit/537.36 (KHTML, like Gecko) Chrome/106.0.0.0 Safari/537.36" "ysfine.com"
124.105.47.187 - - [08/Nov/2022:00:37:45 -0800] "GET /world/germany/hegel01.jpg HTTP/1.1" 200 58859 "https://www.google.com/" "Mozilla/5.0 (Windows NT 10.0; Win64; x64) AppleWebKit/537.36 (KHTML, like Gecko) Chrome/106.0.0.0 Safari/537.36" "ysfine.com"
124.105.47.187 - - [08/Nov/2022:00:37:46 -0800] "GET /world/germany/hegel07.jpg HTTP/1.1" 200 69143 "https://www.google.com/" "Mozilla/5.0 (Windows NT 10.0; Win64; x64) AppleWebKit/537.36 (KHTML, like Gecko) Chrome/106.0.0.0 Safari/537.36" "ysfine.com"
40.77.167.27 - - [08/Nov/2022:00:37:47 -0800] "GET /einstein/places/einha02c.jpg HTTP/1.1" 200 23710 "-" "Mozilla/5.0 (compatible; bingbot/2.0; +http://www.bing.com/bingbot.htm)" "www.ysfine.com"
124.105.47.187 - - [08/Nov/2022:00:37:53 -0800] "GET /world/germany/hegel13.jpg HTTP/1.1" 200 66979 "https://www.google.com/" "Mozilla/5.0 (Windows NT 10.0; Win64; x64) AppleWebKit/537.36 (KHTML, like Gecko) Chrome/106.0.0.0 Safari/537.36" "ysfine.com"
70.119.16.32 - - [08/Nov/2022:00:38:07 -0800] "GET /kobak/rheetr11b.jpg HTTP/1.1" 200 43503 "https://www.google.com/" "Mozilla/5.0 (Windows NT 10.0; Win64; x64) AppleWebKit/537.36 (KHTML, like Gecko) Chrome/107.0.0.0 Safari/537.36" "ysfine.com"
216.244.66.229 - - [08/Nov/2022:00:38:13 -0800] "GET /usca/pitt/mellon32.jpg HTTP/1.1" 200 95136 "-" "Mozilla/5.0 (compatible; DotBot/1.2; +https://opensiteexplorer.org/dotbot; help@moz.com)" "ysfine.com"
70.119.16.32 - - [08/Nov/2022:00:38:27 -0800] "GET /princeton/wilspoin11b.jpg HTTP/1.1" 200 46267 "https://www.google.com/" "Mozilla/5.0 (Windows NT 10.0; Win64; x64) AppleWebKit/537.36 (KHTML, like Gecko) Chrome/107.0.0.0 Safari/537.36" "ysfine.com"
49.7.21.115 - - [08/Nov/2022:00:38:31 -0800] "GET / HTTP/1.1" 200 5283 "-" "Sogou web spider/4.0(+http://www.sogou.com/docs/help/webmasters.htm#07)" "ysfine.com"
40.77.167.71 - - [08/Nov/2022:00:38:32 -0800] "GET /bio/bio10.html HTTP/1.1" 404 88 "-" "Mozilla/5.0 AppleWebKit/537.36 (KHTML, like Gecko; compatible; bingbot/2.0; +http://www.bing.com/bingbot.htm) Chrome/103.0.5060.134 Safari/537.36" "ysfine.com"
17.121.112.231 - - [08/Nov/2022:00:38:33 -0800] "GET /yspapers/symmetry12.pdf HTTP/1.1" 200 126304 "-" "Mozilla/5.0 (Macintosh; Intel Mac OS X 10_15_5) AppleWebKit/605.1.15 (KHTML, like Gecko) Version/13.1.1 Safari/605.1.15 (Applebot/0.1; +http://www.apple.com/go/applebot)" "ysfine.com"
40.77.167.27 - - [08/Nov/2022:00:38:38 -0800] "GET /style/flamen3.jpg HTTP/1.1" 200 70160 "-" "Mozilla/5.0 (compatible; bingbot/2.0; +http://www.bing.com/bingbot.htm)" "ysfine.com"
193.175.2.18 - - [08/Nov/2022:00:38:50 -0800] "GET /wigner/wiglittle.pdf HTTP/1.1" 200 2659296 "https://www.google.com/" "Mozilla/5.0 (X11; Linux x86_64) AppleWebKit/537.36 (KHTML, like Gecko) Chrome/107.0.0.0 Safari/537.36" "ysfine.com"
216.244.66.229 - - [08/Nov/2022:00:38:58 -0800] "GET /wigner/isomor77c.jpg HTTP/1.1" 200 43414 "-" "Mozilla/5.0 (compatible; DotBot/1.2; +https://opensiteexplorer.org/dotbot; help@moz.com)" "ysfine.com"
216.244.66.229 - - [08/Nov/2022:00:39:30 -0800] "GET /wigner/neum/pvn07.jpg HTTP/1.1" 200 101823 "-" "Mozilla/5.0 (compatible; DotBot/1.2; +https://opensiteexplorer.org/dotbot; help@moz.com)" "ysfine.com"
173.73.77.36 - - [08/Nov/2022:00:39:31 -0800] "GET /ysbio/bio08.html HTTP/1.1" 200 10631 "https://ysfine.com/ys11/" "Mozilla/5.0 (Windows NT 10.0; Win64; x64) AppleWebKit/537.36 (KHTML, like Gecko) Chrome/107.0.0.0 Safari/537.36 Edg/107.0.1418.35" "ysfine.com"
173.73.77.36 - - [08/Nov/2022:00:39:31 -0800] "GET /ysbio/phys/parton77g.jpg HTTP/1.1" 404 88 "https://ysfine.com/ysbio/bio08.html" "Mozilla/5.0 (Windows NT 10.0; Win64; x64) AppleWebKit/537.36 (KHTML, like Gecko) Chrome/107.0.0.0 Safari/537.36 Edg/107.0.1418.35" "ysfine.com"
40.77.51.81 - - [08/Nov/2022:00:39:55 -0800] "GET /world/latina/sambario10b.jpg HTTP/1.1" 200 33490 "http://ysfine.com/world/latina" "Mozilla/5.0 (Windows NT 10.0; Win64; x64) AppleWebKit/537.36 (KHTML, like Gecko) Chrome/74.0.3729.157 Safari/537.36" "ysfine.com"
216.244.66.229 - - [08/Nov/2022:00:40:07 -0800] "GET /world/baltic/lithu25.jpg HTTP/1.1" 200 77162 "-" "Mozilla/5.0 (compatible; DotBot/1.2; +https://opensiteexplorer.org/dotbot; help@moz.com)" "ysfine.com"
40.86.101.252 - - [08/Nov/2022:00:40:11 -0800] "GET /style/music/buda125b.jpg HTTP/1.1" 200 53000 "https://ysfine.com/style/music" "Mozilla/5.0 (Linux; Android 10; SM-G960U) AppleWebKit/537.36 (KHTML, like Gecko) Chrome/88.0.4324.181 Mobile Safari/537.36" "ysfine.com"
124.105.47.187 - - [08/Nov/2022:00:40:24 -0800] "GET /world/germany/hegel04b.jpg HTTP/1.1" 200 45635 "https://www.google.com/" "Mozilla/5.0 (Windows NT 10.0; Win64; x64) AppleWebKit/537.36 (KHTML, like Gecko) Chrome/106.0.0.0 Safari/537.36" "ysfine.com"
40.77.167.68 - - [08/Nov/2022:00:40:34 -0800] "GET /saram/m09b.jpg HTTP/1.1" 200 33371 "-" "Mozilla/5.0 (compatible; bingbot/2.0; +http://www.bing.com/bingbot.htm)" "ysfine.com"
216.244.66.229 - - [08/Nov/2022:00:40:43 -0800] "GET /world/baltic/riga11.jpg HTTP/1.1" 200 95050 "-" "Mozilla/5.0 (compatible; DotBot/1.2; +https://opensiteexplorer.org/dotbot; help@moz.com)" "ysfine.com"
64.124.8.54 - - [08/Nov/2022:00:40:44 -0800] "GET /robots.txt HTTP/1.1" 404 88 "-" "Mozilla/5.0 (X11; Linux x86_64) AppleWebKit/537.36 (KHTML, like Gecko) Chrome/61.0.3163.79 Safari/537.36" "ysfine.com"
64.124.8.54 - - [08/Nov/2022:00:40:44 -0800] "GET /robots.txt HTTP/1.1" 404 88 "-" "Mozilla/5.0 (X11; Linux x86_64) AppleWebKit/537.36 (KHTML, like Gecko) Chrome/61.0.3163.79 Safari/537.36" "ysfine.com"
64.124.8.54 - - [08/Nov/2022:00:40:44 -0800] "GET /robot%C2%A0%20and HTTP/1.1" 404 88 "-" "Mozilla/5.0 (X11; Linux x86_64) AppleWebKit/537.36 (KHTML, like Gecko) Chrome/61.0.3163.79 Safari/537.36" "ysfine.com"
216.244.66.229 - - [08/Nov/2022:00:41:33 -0800] "GET /world/baltic/riga57.jpg HTTP/1.1" 200 92449 "-" "Mozilla/5.0 (compatible; DotBot/1.2; +https://opensiteexplorer.org/dotbot; help@moz.com)" "ysfine.com"
173.73.77.36 - - [08/Nov/2022:00:41:36 -0800] "GET /ysbio/bio08.html HTTP/1.1" 304 - "https://ysfine.com/ys11/" "Mozilla/5.0 (Windows NT 10.0; Win64; x64) AppleWebKit/537.36 (KHTML, like Gecko) Chrome/107.0.0.0 Safari/537.36 Edg/107.0.1418.35" "ysfine.com"
173.73.77.36 - - [08/Nov/2022:00:41:36 -0800] "GET /ysbio/phys/parton77g.jpg HTTP/1.1" 404 88 "https://ysfine.com/ysbio/bio08.html" "Mozilla/5.0 (Windows NT 10.0; Win64; x64) AppleWebKit/537.36 (KHTML, like Gecko) Chrome/107.0.0.0 Safari/537.36 Edg/107.0.1418.35" "ysfine.com"
40.77.202.153 - - [08/Nov/2022:00:41:37 -0800] "GET /einstein/einkim.html HTTP/1.1" 200 3731 "https://www.ysfine.com/einstein/einbot.html" "Mozilla/5.0 (Windows NT 6.1; WOW64) AppleWebKit/534+ (KHTML, like Gecko) BingPreview/1.0b" "www.ysfine.com"
40.77.202.153 - - [08/Nov/2022:00:41:37 -0800] "GET /einstein/einleft.html HTTP/1.1" 200 735 "https://www.ysfine.com/einstein/einbot.html" "Mozilla/5.0 (Windows NT 6.1; WOW64) AppleWebKit/534+ (KHTML, like Gecko) BingPreview/1.0b" "www.ysfine.com"
40.77.202.153 - - [08/Nov/2022:00:41:37 -0800] "GET /einstein/eintop.html HTTP/1.1" 200 431 "https://www.ysfine.com/einstein/index.html" "Mozilla/5.0 (Windows NT 6.1; WOW64) AppleWebKit/534+ (KHTML, like Gecko) BingPreview/1.0b" "www.ysfine.com"
70.119.16.32 - - [08/Nov/2022:00:41:43 -0800] "GET /kobak/rhee10.jpg HTTP/1.1" 200 116308 "https://www.google.com/" "Mozilla/5.0 (Windows NT 10.0; Win64; x64) AppleWebKit/537.36 (KHTML, like Gecko) Chrome/107.0.0.0 Safari/537.36" "ysfine.com"
157.55.39.65 - - [08/Nov/2022:00:41:45 -0800] "GET /bio/einstein/einkant.html HTTP/1.1" 404 88 "-" "Mozilla/5.0 (compatible; bingbot/2.0; +http://www.bing.com/bingbot.htm)" "ysfine.com"
216.244.66.229 - - [08/Nov/2022:00:42:09 -0800] "GET /world/baltic/tallin78.jpg HTTP/1.1" 200 163878 "-" "Mozilla/5.0 (compatible; DotBot/1.2; +https://opensiteexplorer.org/dotbot; help@moz.com)" "ysfine.com"
173.73.77.36 - - [08/Nov/2022:00:42:46 -0800] "GET /ysbio/bio09.html HTTP/1.1" 304 - "https://ysfine.com/ys11/" "Mozilla/5.0 (Windows NT 10.0; Win64; x64) AppleWebKit/537.36 (KHTML, like Gecko) Chrome/107.0.0.0 Safari/537.36 Edg/107.0.1418.35" "ysfine.com"
216.244.66.229 - - [08/Nov/2022:00:42:59 -0800] "GET /world/baltic/tallin91.jpg HTTP/1.1" 200 120771 "-" "Mozilla/5.0 (compatible; DotBot/1.2; +https://opensiteexplorer.org/dotbot; help@moz.com)" "ysfine.com"
157.55.39.65 - - [08/Nov/2022:00:43:04 -0800] "GET /world/baltic/arana.html HTTP/1.1" 200 3961 "-" "Mozilla/5.0 AppleWebKit/537.36 (KHTML, like Gecko; compatible; bingbot/2.0; +http://www.bing.com/bingbot.htm) Chrome/103.0.5060.134 Safari/537.36" "www.ysfine.com"
40.77.167.68 - - [08/Nov/2022:00:43:14 -0800] "GET /world/russ/czar10b.jpg HTTP/1.1" 200 39178 "-" "Mozilla/5.0 (compatible; bingbot/2.0; +http://www.bing.com/bingbot.htm)" "ysfine.com"
216.244.66.229 - - [08/Nov/2022:00:43:50 -0800] "GET /world/brit/kensington10.jpg HTTP/1.1" 200 70978 "-" "Mozilla/5.0 (compatible; DotBot/1.2; +https://opensiteexplorer.org/dotbot; help@moz.com)" "ysfine.com"
124.105.47.187 - - [08/Nov/2022:00:44:20 -0800] "GET /world/germany/hegel17.jpg HTTP/1.1" 200 60014 "https://www.google.com/" "Mozilla/5.0 (Windows NT 10.0; Win64; x64) AppleWebKit/537.36 (KHTML, like Gecko) Chrome/106.0.0.0 Safari/537.36" "ysfine.com"
216.244.66.229 - - [08/Nov/2022:00:44:22 -0800] "GET /world/ital/rome016.jpg HTTP/1.1" 200 144804 "-" "Mozilla/5.0 (compatible; DotBot/1.2; +https://opensiteexplorer.org/dotbot; help@moz.com)" "ysfine.com"
124.105.47.187 - - [08/Nov/2022:00:44:27 -0800] "GET /world/germany/hegel22.jpg HTTP/1.1" 200 68698 "https://www.google.com/" "Mozilla/5.0 (Windows NT 10.0; Win64; x64) AppleWebKit/537.36 (KHTML, like Gecko) Chrome/106.0.0.0 Safari/537.36" "ysfine.com"
124.105.47.187 - - [08/Nov/2022:00:44:41 -0800] "GET /world/germany/hegel01.jpg HTTP/1.1" 200 58859 "-" "Mozilla/4.0 (compatible; ms-office; MSOffice 16)" "ysfine.com"
216.244.66.229 - - [08/Nov/2022:00:45:04 -0800] "GET /world/ital/rome054.jpg HTTP/1.1" 200 97674 "-" "Mozilla/5.0 (compatible; DotBot/1.2; +https://opensiteexplorer.org/dotbot; help@moz.com)" "ysfine.com"
216.244.66.229 - - [08/Nov/2022:00:45:34 -0800] "GET /world/ital/verona02.jpg HTTP/1.1" 200 85167 "-" "Mozilla/5.0 (compatible; DotBot/1.2; +https://opensiteexplorer.org/dotbot; help@moz.com)" "ysfine.com"
40.77.51.82 - - [08/Nov/2022:00:46:17 -0800] "GET /wigner/wigkim11c.jpg HTTP/1.1" 200 30443 "https://www.ysfine.com/wigner" "Mozilla/5.0 (Windows NT 10.0; Win64; x64) AppleWebKit/537.36 (KHTML, like Gecko) Chrome/74.0.3729.157 Safari/537.36" "www.ysfine.com"
201.137.234.114 - - [08/Nov/2022:00:46:28 -0800] "GET /eink/pwk19c.jpg HTTP/1.1" 200 57759 "https://www.google.com/" "Mozilla/5.0 (Windows NT 10.0; Win64; x64) AppleWebKit/537.36 (KHTML, like Gecko) Chrome/107.0.0.0 Safari/537.36 Edg/107.0.1418.26" "ysfine.com"
40.77.167.68 - - [08/Nov/2022:00:46:45 -0800] "GET /home/landaukim11b.jpg HTTP/1.1" 200 31969 "-" "Mozilla/5.0 AppleWebKit/537.36 (KHTML, like Gecko; compatible; bingbot/2.0; +http://www.bing.com/bingbot.htm) Chrome/103.0.5060.134 Safari/537.36" "ysfine.com"
201.137.234.114 - - [08/Nov/2022:00:46:46 -0800] "GET /eink/pwk19c.jpg HTTP/1.1" 200 57759 "-" "Mozilla/4.0 (compatible; MSIE 7.0; Windows NT 6.2; Win64; x64; Trident/7.0; .NET4.0C; .NET4.0E; Tablet PC 2.0; InfoPath.3; wbx 1.0.0; Zoom 3.6.0; ms-office; MSOffice 15)" "ysfine.com"
157.55.39.17 - - [08/Nov/2022:00:46:51 -0800] "GET /world/baltic/kalin22.jpg HTTP/1.1" 200 152819 "-" "Mozilla/5.0 AppleWebKit/537.36 (KHTML, like Gecko; compatible; bingbot/2.0; +http://www.bing.com/bingbot.htm) Chrome/103.0.5060.134 Safari/537.36" "ysfine.com"
40.77.167.27 - - [08/Nov/2022:00:46:58 -0800] "GET /world/baltic/kalin02.jpg HTTP/1.1" 200 89989 "-" "Mozilla/5.0 AppleWebKit/537.36 (KHTML, like Gecko; compatible; bingbot/2.0; +http://www.bing.com/bingbot.htm) Chrome/103.0.5060.134 Safari/537.36" "www.ysfine.com"
173.73.77.36 - - [08/Nov/2022:00:47:00 -0800] "GET /ysbio/bio09.html HTTP/1.1" 200 3617 "https://ysfine.com/ys11/" "Mozilla/5.0 (Windows NT 10.0; Win64; x64) AppleWebKit/537.36 (KHTML, like Gecko) Chrome/107.0.0.0 Safari/537.36 Edg/107.0.1418.35" "ysfine.com"
173.73.77.36 - - [08/Nov/2022:00:47:01 -0800] "GET /ysbio/bio09.html HTTP/1.1" 304 - "https://ysfine.com/ys11/" "Mozilla/5.0 (Windows NT 10.0; Win64; x64) AppleWebKit/537.36 (KHTML, like Gecko) Chrome/107.0.0.0 Safari/537.36 Edg/107.0.1418.35" "ysfine.com"
44.228.64.221 - - [08/Nov/2022:00:47:13 -0800] "GET /people/pimage.html HTTP/1.1" 200 7965 "-" "Python/3.8 aiohttp/3.8.3" "ysfine.com"
64.124.8.54 - - [08/Nov/2022:00:47:33 -0800] "GET /robot HTTP/1.1" 404 88 "-" "Mozilla/5.0 (X11; Linux x86_64) AppleWebKit/537.36 (KHTML, like Gecko) Chrome/61.0.3163.79 Safari/537.36" "ysfine.com"
157.55.39.65 - - [08/Nov/2022:00:47:54 -0800] "GET /wisdom/tolstoy97b.jpg HTTP/1.1" 200 46981 "-" "Mozilla/5.0 (compatible; bingbot/2.0; +http://www.bing.com/bingbot.htm)" "ysfine.com"
40.77.167.68 - - [08/Nov/2022:00:48:05 -0800] "GET /feynman/fb18.jpg HTTP/1.1" 200 17192 "-" "Mozilla/5.0 (compatible; bingbot/2.0; +http://www.bing.com/bingbot.htm)" "ysfine.com"
85.208.98.18 - - [08/Nov/2022:00:48:14 -0800] "GET /robots.txt HTTP/1.1" 404 88 "http://ysfine.com/robots.txt" "Mozilla/5.0 (compatible; SemrushBot; +http://www.semrush.com/bot.html)" "ysfine.com"
157.55.39.17 - - [08/Nov/2022:00:48:30 -0800] "GET /world/baltic/riga35.jpg HTTP/1.1" 200 71508 "-" "Mozilla/5.0 (compatible; bingbot/2.0; +http://www.bing.com/bingbot.htm)" "ysfine.com"
85.208.98.18 - - [08/Nov/2022:00:48:33 -0800] "HEAD /style/smithonian.jpg HTTP/1.1" 200 - "http://ysfine.com/style/smithonian.jpg" "Mozilla/5.0 (compatible; SemrushBot; +http://www.semrush.com/bot.html)" "ysfine.com"
40.122.188.112 - - [08/Nov/2022:00:48:42 -0800] "GET /usca/pitt/cartech2.jpg HTTP/1.1" 200 25336 "http://www.ysfine.com/usca/pitt" "Mozilla/5.0 (Macintosh; Intel Mac OS X 10_11_6) AppleWebKit/605.1.15 (KHTML, like Gecko) Version/11.1.2 Safari/605.1.15" "www.ysfine.com"
173.73.77.36 - - [08/Nov/2022:00:48:51 -0800] "GET /ysbio/bio09.html HTTP/1.1" 200 3597 "https://ysfine.com/ys11/" "Mozilla/5.0 (Windows NT 10.0; Win64; x64) AppleWebKit/537.36 (KHTML, like Gecko) Chrome/107.0.0.0 Safari/537.36 Edg/107.0.1418.35" "ysfine.com"
173.73.77.36 - - [08/Nov/2022:00:48:51 -0800] "GET /ysbio/eward11c.jpg HTTP/1.1" 200 48989 "https://ysfine.com/ysbio/bio09.html" "Mozilla/5.0 (Windows NT 10.0; Win64; x64) AppleWebKit/537.36 (KHTML, like Gecko) Chrome/107.0.0.0 Safari/537.36 Edg/107.0.1418.35" "ysfine.com"
216.244.66.229 - - [08/Nov/2022:00:49:31 -0800] "GET /yspapers/kim89.pdf HTTP/1.1" 200 304160 "-" "Mozilla/5.0 (compatible; DotBot/1.2; +https://opensiteexplorer.org/dotbot; help@moz.com)" "ysfine.com"
192.99.14.135 - - [08/Nov/2022:00:49:33 -0800] "GET /robots.txt HTTP/1.1" 404 73 "-" "Mozilla/5.0 (compatible; MJ12bot/v1.4.8; http://mj12bot.com/)" "www.ysfine.com"
192.99.14.135 - - [08/Nov/2022:00:49:35 -0800] "GET /ysbio//sbk/2014ny22.jpg HTTP/1.1" 200 154261 "-" "Mozilla/5.0 (compatible; MJ12bot/v1.4.8; http://mj12bot.com/)" "www.ysfine.com"
192.99.14.135 - - [08/Nov/2022:00:49:40 -0800] "GET /ysbio//sbk/2014ny33.jpg HTTP/1.1" 200 186576 "-" "Mozilla/5.0 (compatible; MJ12bot/v1.4.8; http://mj12bot.com/)" "www.ysfine.com"
192.99.14.135 - - [08/Nov/2022:00:49:45 -0800] "GET /ysbio//sbk/2014ny55.jpg HTTP/1.1" 200 126802 "-" "Mozilla/5.0 (compatible; MJ12bot/v1.4.8; http://mj12bot.com/)" "www.ysfine.com"
192.99.14.135 - - [08/Nov/2022:00:49:50 -0800] "GET /ysbio//sbk/2014ny66.jpg HTTP/1.1" 200 205642 "-" "Mozilla/5.0 (compatible; MJ12bot/v1.4.8; http://mj12bot.com/)" "www.ysfine.com"
40.77.167.71 - - [08/Nov/2022:00:49:52 -0800] "GET /einstein/places/ulm05.jpg HTTP/1.1" 200 123607 "-" "Mozilla/5.0 (compatible; bingbot/2.0; +http://www.bing.com/bingbot.htm)" "ysfine.com"
192.99.14.135 - - [08/Nov/2022:00:49:53 -0800] "GET /ysbio//sbk/2014osk11.jpg HTTP/1.1" 200 135148 "-" "Mozilla/5.0 (compatible; MJ12bot/v1.4.8; http://mj12bot.com/)" "www.ysfine.com"
173.73.77.36 - - [08/Nov/2022:00:49:54 -0800] "GET /ysbio/bio09.html HTTP/1.1" 200 3553 "https://ysfine.com/ys11/" "Mozilla/5.0 (Windows NT 10.0; Win64; x64) AppleWebKit/537.36 (KHTML, like Gecko) Chrome/107.0.0.0 Safari/537.36 Edg/107.0.1418.35" "ysfine.com"
202.213.0.237 - - [08/Nov/2022:00:49:55 -0800] "GET /confer/conbot.html HTTP/1.1" 200 124 "http://www2.yukawa.kyoto-u.ac.jp/" "Mozilla/5.0 (Macintosh; Intel Mac OS X 10_15_7) AppleWebKit/605.1.15 (KHTML, like Gecko) Version/16.0 Safari/605.1.15" "ysfine.com"
202.213.0.237 - - [08/Nov/2022:00:49:56 -0800] "GET /confer/conleft.html HTTP/1.1" 200 546 "https://ysfine.com/confer/conbot.html" "Mozilla/5.0 (Macintosh; Intel Mac OS X 10_15_7) AppleWebKit/605.1.15 (KHTML, like Gecko) Version/16.0 Safari/605.1.15" "ysfine.com"
202.213.0.237 - - [08/Nov/2022:00:49:56 -0800] "GET /confer/conrigh.html HTTP/1.1" 200 1964 "https://ysfine.com/confer/conbot.html" "Mozilla/5.0 (Macintosh; Intel Mac OS X 10_15_7) AppleWebKit/605.1.15 (KHTML, like Gecko) Version/16.0 Safari/605.1.15" "ysfine.com"
202.213.0.237 - - [08/Nov/2022:00:49:56 -0800] "GET /favicon.ico HTTP/1.1" 404 88 "https://ysfine.com/confer/conbot.html" "Mozilla/5.0 (Macintosh; Intel Mac OS X 10_15_7) AppleWebKit/605.1.15 (KHTML, like Gecko) Version/16.0 Safari/605.1.15" "ysfine.com"
192.99.14.135 - - [08/Nov/2022:00:49:58 -0800] "GET /ysbio//sbk/2014osk22.jpg HTTP/1.1" 200 136420 "-" "Mozilla/5.0 (compatible; MJ12bot/v1.4.8; http://mj12bot.com/)" "www.ysfine.com"
40.77.167.71 - - [08/Nov/2022:00:50:03 -0800] "GET /style/cameras/canonp11.jpg HTTP/1.1" 200 110095 "-" "Mozilla/5.0 (compatible; bingbot/2.0; +http://www.bing.com/bingbot.htm)" "www.ysfine.com"
192.99.14.135 - - [08/Nov/2022:00:50:05 -0800] "GET /ysbio//sbk/2014paris11.jpg HTTP/1.1" 200 168101 "-" "Mozilla/5.0 (compatible; MJ12bot/v1.4.8; http://mj12bot.com/)" "www.ysfine.com"
173.73.77.36 - - [08/Nov/2022:00:50:07 -0800] "GET /ysbio/eward1.jpg HTTP/1.1" 404 88 "https://ysfine.com/ysbio/bio09.html" "Mozilla/5.0 (Windows NT 10.0; Win64; x64) AppleWebKit/537.36 (KHTML, like Gecko) Chrome/107.0.0.0 Safari/537.36 Edg/107.0.1418.35" "ysfine.com"
192.99.14.135 - - [08/Nov/2022:00:50:09 -0800] "GET /ysbio//sbk/2014paris22.jpg HTTP/1.1" 200 256373 "-" "Mozilla/5.0 (compatible; MJ12bot/v1.4.8; http://mj12bot.com/)" "www.ysfine.com"
40.77.167.71 - - [08/Nov/2022:00:50:12 -0800] "GET /world/brit/picca13.jpg HTTP/1.1" 200 127083 "-" "Mozilla/5.0 AppleWebKit/537.36 (KHTML, like Gecko; compatible; bingbot/2.0; +http://www.bing.com/bingbot.htm) Chrome/103.0.5060.134 Safari/537.36" "ysfine.com"
192.99.14.135 - - [08/Nov/2022:00:50:14 -0800] "GET /ysbio//sbk/2014paris33.jpg HTTP/1.1" 200 171597 "-" "Mozilla/5.0 (compatible; MJ12bot/v1.4.8; http://mj12bot.com/)" "www.ysfine.com"
157.55.39.65 - - [08/Nov/2022:00:50:16 -0800] "GET /bio/style/ystyle.html HTTP/1.1" 404 88 "-" "Mozilla/5.0 AppleWebKit/537.36 (KHTML, like Gecko; compatible; bingbot/2.0; +http://www.bing.com/bingbot.htm) Chrome/103.0.5060.134 Safari/537.36" "ysfine.com"
192.99.14.135 - - [08/Nov/2022:00:50:16 -0800] "GET /ysbio//sbk/2014paris55.jpg HTTP/1.1" 200 181920 "-" "Mozilla/5.0 (compatible; MJ12bot/v1.4.8; http://mj12bot.com/)" "www.ysfine.com"
192.99.14.135 - - [08/Nov/2022:00:50:21 -0800] "GET /ysbio//sbk/2014qing33.jpg HTTP/1.1" 200 146702 "-" "Mozilla/5.0 (compatible; MJ12bot/v1.4.8; http://mj12bot.com/)" "www.ysfine.com"
192.99.14.135 - - [08/Nov/2022:00:50:27 -0800] "GET /ysbio//sbk/2014sf11.jpg HTTP/1.1" 200 146177 "-" "Mozilla/5.0 (compatible; MJ12bot/v1.4.8; http://mj12bot.com/)" "www.ysfine.com"
192.99.14.135 - - [08/Nov/2022:00:50:33 -0800] "GET /ysbio//sbk/2014shangh11.jpg HTTP/1.1" 200 137242 "-" "Mozilla/5.0 (compatible; MJ12bot/v1.4.8; http://mj12bot.com/)" "www.ysfine.com"
192.99.14.135 - - [08/Nov/2022:00:50:38 -0800] "GET /ysbio//sbk/2014shangh22.jpg HTTP/1.1" 200 210827 "-" "Mozilla/5.0 (compatible; MJ12bot/v1.4.8; http://mj12bot.com/)" "www.ysfine.com"
40.77.167.27 - - [08/Nov/2022:00:50:39 -0800] "GET /world/baltic/kalin01.jpg HTTP/1.1" 200 102358 "-" "Mozilla/5.0 (compatible; bingbot/2.0; +http://www.bing.com/bingbot.htm)" "ysfine.com"
192.99.14.135 - - [08/Nov/2022:00:50:43 -0800] "GET /ysbio//sbk/2014shangh33.jpg HTTP/1.1" 200 228937 "-" "Mozilla/5.0 (compatible; MJ12bot/v1.4.8; http://mj12bot.com/)" "www.ysfine.com"
192.99.14.135 - - [08/Nov/2022:00:50:46 -0800] "GET /ysbio//sbk/2014shangh55.jpg HTTP/1.1" 200 193023 "-" "Mozilla/5.0 (compatible; MJ12bot/v1.4.8; http://mj12bot.com/)" "www.ysfine.com"
192.99.14.135 - - [08/Nov/2022:00:50:51 -0800] "GET /ysbio//sbk/2014shangh66.jpg HTTP/1.1" 200 224581 "-" "Mozilla/5.0 (compatible; MJ12bot/v1.4.8; http://mj12bot.com/)" "www.ysfine.com"
216.244.66.229 - - [08/Nov/2022:00:50:52 -0800] "GET /style/kirovken11.jpg HTTP/1.1" 200 80516 "-" "Mozilla/5.0 (compatible; DotBot/1.2; +https://opensiteexplorer.org/dotbot; help@moz.com)" "ysfine.com"
192.99.14.135 - - [08/Nov/2022:00:50:55 -0800] "GET /ysbio//sbk/2014siena11.jpg HTTP/1.1" 200 117419 "-" "Mozilla/5.0 (compatible; MJ12bot/v1.4.8; http://mj12bot.com/)" "www.ysfine.com"
192.99.14.135 - - [08/Nov/2022:00:50:58 -0800] "GET /ysbio//sbk/2014spb22.jpg HTTP/1.1" 200 148354 "-" "Mozilla/5.0 (compatible; MJ12bot/v1.4.8; http://mj12bot.com/)" "www.ysfine.com"
192.99.14.135 - - [08/Nov/2022:00:51:04 -0800] "GET /ysbio//sbk/2014spb33.jpg HTTP/1.1" 200 184264 "-" "Mozilla/5.0 (compatible; MJ12bot/v1.4.8; http://mj12bot.com/)" "www.ysfine.com"
192.99.14.135 - - [08/Nov/2022:00:51:08 -0800] "GET /ysbio//sbk/2014tokyo11.jpg HTTP/1.1" 200 206815 "-" "Mozilla/5.0 (compatible; MJ12bot/v1.4.8; http://mj12bot.com/)" "www.ysfine.com"
192.99.14.135 - - [08/Nov/2022:00:51:11 -0800] "GET /ysbio//sbk/2014tokyo22.jpg HTTP/1.1" 200 259307 "-" "Mozilla/5.0 (compatible; MJ12bot/v1.4.8; http://mj12bot.com/)" "www.ysfine.com"
192.99.14.135 - - [08/Nov/2022:00:51:16 -0800] "GET /ysbio//sbk/2014va11.jpg HTTP/1.1" 200 174028 "-" "Mozilla/5.0 (compatible; MJ12bot/v1.4.8; http://mj12bot.com/)" "www.ysfine.com"
192.99.14.135 - - [08/Nov/2022:00:51:20 -0800] "GET /ysbio//sbk/2014wuhan11.jpg HTTP/1.1" 200 167595 "-" "Mozilla/5.0 (compatible; MJ12bot/v1.4.8; http://mj12bot.com/)" "www.ysfine.com"
40.77.51.85 - - [08/Nov/2022:00:51:22 -0800] "GET /world/russ/kazanmap11b.jpg HTTP/1.1" 200 29396 "https://www.ysfine.com/world/russ" "Mozilla/5.0 (Macintosh; Intel Mac OS X 10_11_6) AppleWebKit/605.1.15 (KHTML, like Gecko) Version/11.1.2 Safari/605.1.15" "www.ysfine.com"
192.99.14.135 - - [08/Nov/2022:00:51:24 -0800] "GET /ysbio//sbk/2014wuhan22.jpg HTTP/1.1" 200 154987 "-" "Mozilla/5.0 (compatible; MJ12bot/v1.4.8; http://mj12bot.com/)" "www.ysfine.com"
157.55.39.65 - - [08/Nov/2022:00:51:25 -0800] "GET /princeton/sambapr08.jpg HTTP/1.1" 200 137765 "-" "Mozilla/5.0 (compatible; bingbot/2.0; +http://www.bing.com/bingbot.htm)" "www.ysfine.com"
192.99.14.135 - - [08/Nov/2022:00:51:31 -0800] "GET /ysbio//sbk/2015ams11.jpg HTTP/1.1" 200 177962 "-" "Mozilla/5.0 (compatible; MJ12bot/v1.4.8; http://mj12bot.com/)" "www.ysfine.com"
173.73.77.36 - - [08/Nov/2022:00:51:36 -0800] "GET /ysbio/bio09.html HTTP/1.1" 200 3554 "https://ysfine.com/ys11/" "Mozilla/5.0 (Windows NT 10.0; Win64; x64) AppleWebKit/537.36 (KHTML, like Gecko) Chrome/107.0.0.0 Safari/537.36 Edg/107.0.1418.35" "ysfine.com"
192.99.14.135 - - [08/Nov/2022:00:51:36 -0800] "GET /ysbio//sbk/2015ams22.jpg HTTP/1.1" 200 238490 "-" "Mozilla/5.0 (compatible; MJ12bot/v1.4.8; http://mj12bot.com/)" "www.ysfine.com"
173.73.77.36 - - [08/Nov/2022:00:51:39 -0800] "GET /ysbio/awards/index.html HTTP/1.1" 304 - "https://ysfine.com/ysbio/bio09.html" "Mozilla/5.0 (Windows NT 10.0; Win64; x64) AppleWebKit/537.36 (KHTML, like Gecko) Chrome/107.0.0.0 Safari/537.36 Edg/107.0.1418.35" "ysfine.com"
192.99.14.135 - - [08/Nov/2022:00:51:40 -0800] "GET /ysbio//sbk/2015ams33.jpg HTTP/1.1" 200 197092 "-" "Mozilla/5.0 (compatible; MJ12bot/v1.4.8; http://mj12bot.com/)" "www.ysfine.com"
192.99.14.135 - - [08/Nov/2022:00:51:46 -0800] "GET /ysbio//sbk/2015ams55.jpg HTTP/1.1" 200 214688 "-" "Mozilla/5.0 (compatible; MJ12bot/v1.4.8; http://mj12bot.com/)" "www.ysfine.com"
192.99.14.135 - - [08/Nov/2022:00:51:51 -0800] "GET /ysbio//sbk/2015berlin11.jpg HTTP/1.1" 200 173334 "-" "Mozilla/5.0 (compatible; MJ12bot/v1.4.8; http://mj12bot.com/)" "www.ysfine.com"
