51.222.253.4 - - [08/Nov/2022:02:15:47 -0800] "GET /world/china/hongkong06b.jpg HTTP/1.1" 200 43298 "-" "Mozilla/5.0 (compatible; AhrefsBot/7.0; +http://ahrefs.com/robot/)" "www.ysfine.com"
192.95.30.71 - - [08/Nov/2022:02:15:51 -0800] "GET /ysbio//kobak/kangban.jpg HTTP/1.1" 200 100804 "-" "Mozilla/5.0 (compatible; MJ12bot/v1.4.8; http://mj12bot.com/)" "www.ysfine.com"
51.222.253.11 - - [08/Nov/2022:02:15:53 -0800] "GET /world/china/china018b.jpg HTTP/1.1" 200 38858 "-" "Mozilla/5.0 (compatible; AhrefsBot/7.0; +http://ahrefs.com/robot/)" "www.ysfine.com"
51.222.253.5 - - [08/Nov/2022:02:15:59 -0800] "GET /world/china/china034b.jpg HTTP/1.1" 200 30968 "-" "Mozilla/5.0 (compatible; AhrefsBot/7.0; +http://ahrefs.com/robot/)" "www.ysfine.com"
192.95.30.71 - - [08/Nov/2022:02:16:00 -0800] "GET /ysbio//kobak/kimkoo01.jpg HTTP/1.1" 200 92628 "-" "Mozilla/5.0 (compatible; MJ12bot/v1.4.8; http://mj12bot.com/)" "www.ysfine.com"
51.222.253.7 - - [08/Nov/2022:02:16:06 -0800] "GET /world/china/china038b.jpg HTTP/1.1" 200 25149 "-" "Mozilla/5.0 (compatible; AhrefsBot/7.0; +http://ahrefs.com/robot/)" "www.ysfine.com"
192.95.30.71 - - [08/Nov/2022:02:16:09 -0800] "GET /ysbio//kobak/kobbot.html HTTP/1.1" 200 137 "-" "Mozilla/5.0 (compatible; MJ12bot/v1.4.8; http://mj12bot.com/)" "www.ysfine.com"
51.222.253.4 - - [08/Nov/2022:02:16:11 -0800] "GET /world/china/xian14b.jpg HTTP/1.1" 200 42388 "-" "Mozilla/5.0 (compatible; AhrefsBot/7.0; +http://ahrefs.com/robot/)" "www.ysfine.com"
192.95.30.71 - - [08/Nov/2022:02:16:17 -0800] "GET /ysbio//kobak/korjap03.jpg HTTP/1.1" 200 86667 "-" "Mozilla/5.0 (compatible; MJ12bot/v1.4.8; http://mj12bot.com/)" "www.ysfine.com"
51.222.253.1 - - [08/Nov/2022:02:16:17 -0800] "GET /world/china/shanghai002b.jpg HTTP/1.1" 200 34489 "-" "Mozilla/5.0 (compatible; AhrefsBot/7.0; +http://ahrefs.com/robot/)" "www.ysfine.com"
216.244.66.229 - - [08/Nov/2022:02:16:19 -0800] "GET /einstein/newton55b.jpg HTTP/1.1" 200 20261 "-" "Mozilla/5.0 (compatible; DotBot/1.2; +https://opensiteexplorer.org/dotbot; help@moz.com)" "ysfine.com"
192.95.30.71 - - [08/Nov/2022:02:16:22 -0800] "GET /ysbio//kobak/kumipo.html HTTP/1.1" 200 1149 "-" "Mozilla/5.0 (compatible; MJ12bot/v1.4.8; http://mj12bot.com/)" "www.ysfine.com"
51.222.253.6 - - [08/Nov/2022:02:16:23 -0800] "GET /world/china/xian01b.jpg HTTP/1.1" 200 30886 "-" "Mozilla/5.0 (compatible; AhrefsBot/7.0; +http://ahrefs.com/robot/)" "www.ysfine.com"
192.95.30.71 - - [08/Nov/2022:02:16:28 -0800] "GET /ysbio//kobak/kwk11.jpg HTTP/1.1" 200 73475 "-" "Mozilla/5.0 (compatible; MJ12bot/v1.4.8; http://mj12bot.com/)" "www.ysfine.com"
51.222.253.19 - - [08/Nov/2022:02:16:29 -0800] "GET /world/china/china019b.jpg HTTP/1.1" 200 31821 "-" "Mozilla/5.0 (compatible; AhrefsBot/7.0; +http://ahrefs.com/robot/)" "www.ysfine.com"
51.222.253.18 - - [08/Nov/2022:02:16:34 -0800] "GET /world/china/china008b.jpg HTTP/1.1" 200 35456 "-" "Mozilla/5.0 (compatible; AhrefsBot/7.0; +http://ahrefs.com/robot/)" "www.ysfine.com"
51.222.253.2 - - [08/Nov/2022:02:16:40 -0800] "GET /world/china/china021b.jpg HTTP/1.1" 200 37835 "-" "Mozilla/5.0 (compatible; AhrefsBot/7.0; +http://ahrefs.com/robot/)" "www.ysfine.com"
192.95.30.71 - - [08/Nov/2022:02:16:41 -0800] "GET /ysbio//kobak/leica.html HTTP/1.1" 404 88 "-" "Mozilla/5.0 (compatible; MJ12bot/v1.4.8; http://mj12bot.com/)" "www.ysfine.com"
157.55.39.65 - - [08/Nov/2022:02:16:44 -0800] "GET /confer/newsgr.html HTTP/1.1" 200 944 "-" "Mozilla/5.0 AppleWebKit/537.36 (KHTML, like Gecko; compatible; bingbot/2.0; +http://www.bing.com/bingbot.htm) Chrome/103.0.5060.134 Safari/537.36" "ysfine.com"
51.222.253.14 - - [08/Nov/2022:02:16:46 -0800] "GET /world/china/xian15b.jpg HTTP/1.1" 200 33679 "-" "Mozilla/5.0 (compatible; AhrefsBot/7.0; +http://ahrefs.com/robot/)" "www.ysfine.com"
192.95.30.71 - - [08/Nov/2022:02:16:48 -0800] "GET /ysbio//kobak/namdae.html HTTP/1.1" 200 5295 "-" "Mozilla/5.0 (compatible; MJ12bot/v1.4.8; http://mj12bot.com/)" "www.ysfine.com"
40.77.167.68 - - [08/Nov/2022:02:16:48 -0800] "GET /world/china22.html HTTP/1.1" 200 12827 "-" "Mozilla/5.0 (compatible; bingbot/2.0; +http://www.bing.com/bingbot.htm)" "ysfine.com"
157.55.39.17 - - [08/Nov/2022:02:16:48 -0800] "GET /maga/hermite.html HTTP/1.1" 200 4102 "-" "Mozilla/5.0 AppleWebKit/537.36 (KHTML, like Gecko; compatible; bingbot/2.0; +http://www.bing.com/bingbot.htm) Chrome/103.0.5060.134 Safari/537.36" "ysfine.com"
216.244.66.229 - - [08/Nov/2022:02:16:51 -0800] "GET /newyork/unionsq05.jpg HTTP/1.1" 200 268392 "-" "Mozilla/5.0 (compatible; DotBot/1.2; +https://opensiteexplorer.org/dotbot; help@moz.com)" "ysfine.com"
192.95.30.71 - - [08/Nov/2022:02:16:52 -0800] "GET /ysbio//kobak/repose.html HTTP/1.1" 200 4578 "-" "Mozilla/5.0 (compatible; MJ12bot/v1.4.8; http://mj12bot.com/)" "www.ysfine.com"
51.222.253.19 - - [08/Nov/2022:02:16:52 -0800] "GET /world/china/china039b.jpg HTTP/1.1" 200 66740 "-" "Mozilla/5.0 (compatible; AhrefsBot/7.0; +http://ahrefs.com/robot/)" "www.ysfine.com"
17.121.114.55 - - [08/Nov/2022:02:16:53 -0800] "GET /einstein/michelson22.pdf HTTP/1.1" 200 63642 "-" "Mozilla/5.0 (Macintosh; Intel Mac OS X 10_15_5) AppleWebKit/605.1.15 (KHTML, like Gecko) Version/13.1.1 Safari/605.1.15 (Applebot/0.1; +http://www.apple.com/go/applebot)" "ysfine.com"
40.77.167.71 - - [08/Nov/2022:02:16:53 -0800] "GET /style/songs.html HTTP/1.1" 200 31567 "-" "Mozilla/5.0 (compatible; bingbot/2.0; +http://www.bing.com/bingbot.htm)" "ysfine.com"
51.222.253.2 - - [08/Nov/2022:02:16:57 -0800] "GET /world/china/hangz02b.jpg HTTP/1.1" 200 33785 "-" "Mozilla/5.0 (compatible; AhrefsBot/7.0; +http://ahrefs.com/robot/)" "www.ysfine.com"
51.222.253.4 - - [08/Nov/2022:02:17:03 -0800] "GET /world/china/china027b.jpg HTTP/1.1" 200 41659 "-" "Mozilla/5.0 (compatible; AhrefsBot/7.0; +http://ahrefs.com/robot/)" "www.ysfine.com"
192.95.30.71 - - [08/Nov/2022:02:17:06 -0800] "GET /ysbio//kobak/rifles.html HTTP/1.1" 200 1360 "-" "Mozilla/5.0 (compatible; MJ12bot/v1.4.8; http://mj12bot.com/)" "www.ysfine.com"
51.222.253.14 - - [08/Nov/2022:02:17:09 -0800] "GET /world/china/china006b.jpg HTTP/1.1" 200 46518 "-" "Mozilla/5.0 (compatible; AhrefsBot/7.0; +http://ahrefs.com/robot/)" "www.ysfine.com"
192.95.30.71 - - [08/Nov/2022:02:17:09 -0800] "GET /ysbio//kobak/shortw.html HTTP/1.1" 200 3113 "-" "Mozilla/5.0 (compatible; MJ12bot/v1.4.8; http://mj12bot.com/)" "www.ysfine.com"
40.77.51.84 - - [08/Nov/2022:02:17:10 -0800] "GET /maga/phil/tao07b.jpg HTTP/1.1" 200 52158 "http://ysfine.com/maga/phil" "Mozilla/5.0 (iPhone; CPU iPhone OS 13_5_1 like Mac OS X) AppleWebKit/605.1.15 (KHTML, like Gecko) Version/13.1.1 Mobile/15E148 Safari/604.1" "ysfine.com"
51.222.253.4 - - [08/Nov/2022:02:17:15 -0800] "GET /ysbio/world/kalinin.html HTTP/1.1" 200 9595 "-" "Mozilla/5.0 (compatible; AhrefsBot/7.0; +http://ahrefs.com/robot/)" "ysfine.com"
51.222.253.19 - - [08/Nov/2022:02:17:15 -0800] "GET /world/china/china037b.jpg HTTP/1.1" 200 50393 "-" "Mozilla/5.0 (compatible; AhrefsBot/7.0; +http://ahrefs.com/robot/)" "www.ysfine.com"
192.95.30.71 - - [08/Nov/2022:02:17:16 -0800] "GET /ysbio//kobak/sohnjd.pdf HTTP/1.1" 200 3257358 "-" "Mozilla/5.0 (compatible; MJ12bot/v1.4.8; http://mj12bot.com/)" "www.ysfine.com"
51.222.253.5 - - [08/Nov/2022:02:17:20 -0800] "GET /world/china/shenyang02b.jpg HTTP/1.1" 200 31779 "-" "Mozilla/5.0 (compatible; AhrefsBot/7.0; +http://ahrefs.com/robot/)" "www.ysfine.com"
51.222.253.6 - - [08/Nov/2022:02:17:26 -0800] "GET /world/china/beijing056b.jpg HTTP/1.1" 200 40631 "-" "Mozilla/5.0 (compatible; AhrefsBot/7.0; +http://ahrefs.com/robot/)" "www.ysfine.com"
192.95.30.71 - - [08/Nov/2022:02:17:27 -0800] "GET /ysbio//kobak/sonja11.jpg HTTP/1.1" 200 46801 "-" "Mozilla/5.0 (compatible; MJ12bot/v1.4.8; http://mj12bot.com/)" "www.ysfine.com"
51.222.253.5 - - [08/Nov/2022:02:17:32 -0800] "GET /world/china/china031b.jpg HTTP/1.1" 200 54062 "-" "Mozilla/5.0 (compatible; AhrefsBot/7.0; +http://ahrefs.com/robot/)" "www.ysfine.com"
40.77.167.68 - - [08/Nov/2022:02:17:34 -0800] "GET /world/france/metz41.jpg HTTP/1.1" 200 109744 "-" "Mozilla/5.0 AppleWebKit/537.36 (KHTML, like Gecko; compatible; bingbot/2.0; +http://www.bing.com/bingbot.htm) Chrome/103.0.5060.134 Safari/537.36" "www.ysfine.com"
51.222.253.16 - - [08/Nov/2022:02:17:38 -0800] "GET /world/china/beijing107b.jpg HTTP/1.1" 200 43694 "-" "Mozilla/5.0 (compatible; AhrefsBot/7.0; +http://ahrefs.com/robot/)" "www.ysfine.com"
192.95.30.71 - - [08/Nov/2022:02:17:39 -0800] "GET /ysbio//kobak/sorae01.jpg HTTP/1.1" 200 131846 "-" "Mozilla/5.0 (compatible; MJ12bot/v1.4.8; http://mj12bot.com/)" "www.ysfine.com"
216.244.66.229 - - [08/Nov/2022:02:17:41 -0800] "GET /princeton/wilspoin.jpg HTTP/1.1" 200 84978 "-" "Mozilla/5.0 (compatible; DotBot/1.2; +https://opensiteexplorer.org/dotbot; help@moz.com)" "ysfine.com"
51.222.253.12 - - [08/Nov/2022:02:17:44 -0800] "GET /world/china/china014b.jpg HTTP/1.1" 200 54603 "-" "Mozilla/5.0 (compatible; AhrefsBot/7.0; +http://ahrefs.com/robot/)" "www.ysfine.com"
192.95.30.71 - - [08/Nov/2022:02:17:44 -0800] "GET /ysbio//kobak/soraech.html HTTP/1.1" 200 16670 "-" "Mozilla/5.0 (compatible; MJ12bot/v1.4.8; http://mj12bot.com/)" "www.ysfine.com"
51.222.253.9 - - [08/Nov/2022:02:17:47 -0800] "GET /maga/phys/yukaein2.jpg HTTP/1.1" 200 42863 "-" "Mozilla/5.0 (compatible; AhrefsBot/7.0; +http://ahrefs.com/robot/)" "www.ysfine.com"
192.95.30.71 - - [08/Nov/2022:02:17:48 -0800] "GET /ysbio//kobak/swr51.jpg HTTP/1.1" 200 188159 "-" "Mozilla/5.0 (compatible; MJ12bot/v1.4.8; http://mj12bot.com/)" "www.ysfine.com"
51.222.253.9 - - [08/Nov/2022:02:17:53 -0800] "GET /world/china/andun01b.jpg HTTP/1.1" 200 35315 "-" "Mozilla/5.0 (compatible; AhrefsBot/7.0; +http://ahrefs.com/robot/)" "www.ysfine.com"
157.55.39.65 - - [08/Nov/2022:02:17:54 -0800] "GET /world/germany/augustiner22.jpg HTTP/1.1" 200 133962 "-" "Mozilla/5.0 (compatible; bingbot/2.0; +http://www.bing.com/bingbot.htm)" "ysfine.com"
51.222.253.6 - - [08/Nov/2022:02:17:59 -0800] "GET /world/china/china033b.jpg HTTP/1.1" 200 43815 "-" "Mozilla/5.0 (compatible; AhrefsBot/7.0; +http://ahrefs.com/robot/)" "www.ysfine.com"
192.95.30.71 - - [08/Nov/2022:02:17:59 -0800] "GET /ysbio//kobak/tanks.html HTTP/1.1" 404 88 "-" "Mozilla/5.0 (compatible; MJ12bot/v1.4.8; http://mj12bot.com/)" "www.ysfine.com"
51.222.253.4 - - [08/Nov/2022:02:18:05 -0800] "GET /world/china/beijing109b.jpg HTTP/1.1" 200 39391 "-" "Mozilla/5.0 (compatible; AhrefsBot/7.0; +http://ahrefs.com/robot/)" "www.ysfine.com"
192.95.30.71 - - [08/Nov/2022:02:18:06 -0800] "GET /ysbio//kobak/taylor.html HTTP/1.1" 200 384 "-" "Mozilla/5.0 (compatible; MJ12bot/v1.4.8; http://mj12bot.com/)" "www.ysfine.com"
40.77.167.27 - - [08/Nov/2022:02:18:07 -0800] "GET /world/israel/jeru10c.jpg HTTP/1.1" 200 35427 "-" "Mozilla/5.0 AppleWebKit/537.36 (KHTML, like Gecko; compatible; bingbot/2.0; +http://www.bing.com/bingbot.htm) Chrome/103.0.5060.134 Safari/537.36" "ysfine.com"
51.222.253.4 - - [08/Nov/2022:02:18:11 -0800] "GET /world/china/hongkong02b.jpg HTTP/1.1" 200 41631 "-" "Mozilla/5.0 (compatible; AhrefsBot/7.0; +http://ahrefs.com/robot/)" "www.ysfine.com"
192.95.30.71 - - [08/Nov/2022:02:18:11 -0800] "GET /ysbio//kobak/taylor33.jpg HTTP/1.1" 200 206804 "-" "Mozilla/5.0 (compatible; MJ12bot/v1.4.8; http://mj12bot.com/)" "www.ysfine.com"
36.69.241.203 - - [08/Nov/2022:02:18:12 -0800] "GET /maga/phys/farad05.jpg HTTP/1.1" 200 208173 "https://www.google.co.id/" "Mozilla/5.0 (Windows NT 10.0; Win64; x64) AppleWebKit/537.36 (KHTML, like Gecko) Chrome/107.0.0.0 Safari/537.36" "ysfine.com"
216.244.66.229 - - [08/Nov/2022:02:18:15 -0800] "GET /style/vangoh01.jpg HTTP/1.1" 200 98638 "-" "Mozilla/5.0 (compatible; DotBot/1.2; +https://opensiteexplorer.org/dotbot; help@moz.com)" "ysfine.com"
51.222.253.18 - - [08/Nov/2022:02:18:17 -0800] "GET /world/china/xian11b.jpg HTTP/1.1" 200 39079 "-" "Mozilla/5.0 (compatible; AhrefsBot/7.0; +http://ahrefs.com/robot/)" "www.ysfine.com"
51.222.253.5 - - [08/Nov/2022:02:18:18 -0800] "GET /world/china/china002b.jpg HTTP/1.1" 200 43618 "-" "Mozilla/5.0 (compatible; AhrefsBot/7.0; +http://ahrefs.com/robot/)" "www.ysfine.com"
192.95.30.71 - - [08/Nov/2022:02:18:20 -0800] "GET /ysbio//kobak/turktroops11.jpg HTTP/1.1" 200 243876 "-" "Mozilla/5.0 (compatible; MJ12bot/v1.4.8; http://mj12bot.com/)" "www.ysfine.com"
51.222.253.17 - - [08/Nov/2022:02:18:24 -0800] "GET /world/china/beijing106b.jpg HTTP/1.1" 200 39168 "-" "Mozilla/5.0 (compatible; AhrefsBot/7.0; +http://ahrefs.com/robot/)" "www.ysfine.com"
192.95.30.71 - - [08/Nov/2022:02:18:28 -0800] "GET /ysbio//kobak/underw03.jpg HTTP/1.1" 200 173917 "-" "Mozilla/5.0 (compatible; MJ12bot/v1.4.8; http://mj12bot.com/)" "www.ysfine.com"
51.222.253.8 - - [08/Nov/2022:02:18:30 -0800] "GET /world/russ/msu01b.jpg HTTP/1.1" 200 30172 "-" "Mozilla/5.0 (compatible; AhrefsBot/7.0; +http://ahrefs.com/robot/)" "www.ysfine.com"
192.95.30.71 - - [08/Nov/2022:02:18:34 -0800] "GET /ysbio//kobak/ykskimis.jpg HTTP/1.1" 200 258449 "-" "Mozilla/5.0 (compatible; MJ12bot/v1.4.8; http://mj12bot.com/)" "www.ysfine.com"
192.95.30.71 - - [08/Nov/2022:02:18:43 -0800] "GET /ysbio//kowar/index.html HTTP/1.1" 200 135 "-" "Mozilla/5.0 (compatible; MJ12bot/v1.4.8; http://mj12bot.com/)" "www.ysfine.com"
40.77.167.68 - - [08/Nov/2022:02:18:44 -0800] "GET /ffriends/indiasp02.jpg HTTP/1.1" 200 163733 "-" "Mozilla/5.0 AppleWebKit/537.36 (KHTML, like Gecko; compatible; bingbot/2.0; +http://www.bing.com/bingbot.htm) Chrome/103.0.5060.134 Safari/537.36" "ysfine.com"
192.95.30.71 - - [08/Nov/2022:02:18:53 -0800] "GET /ysbio//kowar/mil/tank05.jpg HTTP/1.1" 404 88 "-" "Mozilla/5.0 (compatible; MJ12bot/v1.4.8; http://mj12bot.com/)" "www.ysfine.com"
216.244.66.229 - - [08/Nov/2022:02:18:53 -0800] "GET /world/baltic/riga05.jpg HTTP/1.1" 200 64407 "-" "Mozilla/5.0 (compatible; DotBot/1.2; +https://opensiteexplorer.org/dotbot; help@moz.com)" "ysfine.com"
192.95.30.71 - - [08/Nov/2022:02:18:58 -0800] "GET /ysbio//kowar/tanks.html HTTP/1.1" 200 8699 "-" "Mozilla/5.0 (compatible; MJ12bot/v1.4.8; http://mj12bot.com/)" "www.ysfine.com"
40.122.195.128 - - [08/Nov/2022:02:19:07 -0800] "GET /wdc/anna05b.jpg HTTP/1.1" 200 39615 "http://ysfine.com/wdc" "Mozilla/5.0 (iPhone; CPU iPhone OS 13_5_1 like Mac OS X) AppleWebKit/605.1.15 (KHTML, like Gecko) Version/13.1.1 Mobile/15E148 Safari/604.1" "ysfine.com"
192.95.30.71 - - [08/Nov/2022:02:19:07 -0800] "GET /ysbio//kowar/tanks/tank03.jpg HTTP/1.1" 200 106726 "-" "Mozilla/5.0 (compatible; MJ12bot/v1.4.8; http://mj12bot.com/)" "www.ysfine.com"
192.95.30.71 - - [08/Nov/2022:02:19:15 -0800] "GET /ysbio//kowar/tanks/tank05.jpg HTTP/1.1" 200 222063 "-" "Mozilla/5.0 (compatible; MJ12bot/v1.4.8; http://mj12bot.com/)" "www.ysfine.com"
40.86.101.254 - - [08/Nov/2022:02:19:19 -0800] "GET /people/facu63b.jpg HTTP/1.1" 200 47712 "https://ysfine.com/people" "Mozilla/5.0 (Windows NT 10.0; Win64; x64) AppleWebKit/537.36 (KHTML, like Gecko) Chrome/74.0.3729.157 Safari/537.36" "ysfine.com"
192.95.30.71 - - [08/Nov/2022:02:19:27 -0800] "GET /ysbio//kowar/war45.html HTTP/1.1" 200 12086 "-" "Mozilla/5.0 (compatible; MJ12bot/v1.4.8; http://mj12bot.com/)" "www.ysfine.com"
216.244.66.229 - - [08/Nov/2022:02:19:31 -0800] "GET /world/ital/bologu12.jpg HTTP/1.1" 200 143054 "-" "Mozilla/5.0 (compatible; DotBot/1.2; +https://opensiteexplorer.org/dotbot; help@moz.com)" "ysfine.com"
192.95.30.71 - - [08/Nov/2022:02:19:36 -0800] "GET /ysbio//maga/bridge22.html HTTP/1.1" 200 6587 "-" "Mozilla/5.0 (compatible; MJ12bot/v1.4.8; http://mj12bot.com/)" "www.ysfine.com"
192.95.30.71 - - [08/Nov/2022:02:19:40 -0800] "GET /ysbio//maga/copergali.html HTTP/1.1" 200 5140 "-" "Mozilla/5.0 (compatible; MJ12bot/v1.4.8; http://mj12bot.com/)" "www.ysfine.com"
192.95.30.71 - - [08/Nov/2022:02:19:48 -0800] "GET /ysbio//maga/copislam.html HTTP/1.1" 200 5140 "-" "Mozilla/5.0 (compatible; MJ12bot/v1.4.8; http://mj12bot.com/)" "www.ysfine.com"
157.55.39.76 - - [08/Nov/2022:02:19:51 -0800] "GET /bio/style/artlove.html HTTP/1.1" 404 88 "-" "Mozilla/5.0 AppleWebKit/537.36 (KHTML, like Gecko; compatible; bingbot/2.0; +http://www.bing.com/bingbot.htm) Chrome/103.0.5060.134 Safari/537.36" "ysfine.com"
192.95.30.71 - - [08/Nov/2022:02:19:52 -0800] "GET /ysbio//maga/galileo.html HTTP/1.1" 200 4725 "-" "Mozilla/5.0 (compatible; MJ12bot/v1.4.8; http://mj12bot.com/)" "www.ysfine.com"
192.95.30.71 - - [08/Nov/2022:02:20:00 -0800] "GET /ysbio//maga/hegel.html HTTP/1.1" 200 4700 "-" "Mozilla/5.0 (compatible; MJ12bot/v1.4.8; http://mj12bot.com/)" "www.ysfine.com"
192.95.30.71 - - [08/Nov/2022:02:20:06 -0800] "GET /ysbio//maga/hugo.html HTTP/1.1" 200 4000 "-" "Mozilla/5.0 (compatible; MJ12bot/v1.4.8; http://mj12bot.com/)" "www.ysfine.com"
216.244.66.229 - - [08/Nov/2022:02:20:07 -0800] "GET /world/ital/flor032.jpg HTTP/1.1" 200 187826 "-" "Mozilla/5.0 (compatible; DotBot/1.2; +https://opensiteexplorer.org/dotbot; help@moz.com)" "ysfine.com"
192.95.30.71 - - [08/Nov/2022:02:20:15 -0800] "GET /ysbio//maga/index.html HTTP/1.1" 200 6129 "-" "Mozilla/5.0 (compatible; MJ12bot/v1.4.8; http://mj12bot.com/)" "www.ysfine.com"
192.95.30.71 - - [08/Nov/2022:02:20:20 -0800] "GET /ysbio//maga/invent/eisenstein05.jpg HTTP/1.1" 200 27692 "-" "Mozilla/5.0 (compatible; MJ12bot/v1.4.8; http://mj12bot.com/)" "www.ysfine.com"
192.95.30.71 - - [08/Nov/2022:02:20:28 -0800] "GET /ysbio//maga/invent/joak11.jpg HTTP/1.1" 200 82986 "-" "Mozilla/5.0 (compatible; MJ12bot/v1.4.8; http://mj12bot.com/)" "www.ysfine.com"
192.95.30.71 - - [08/Nov/2022:02:20:41 -0800] "GET /ysbio//maga/kant.html HTTP/1.1" 200 8714 "-" "Mozilla/5.0 (compatible; MJ12bot/v1.4.8; http://mj12bot.com/)" "www.ysfine.com"
192.95.30.71 - - [08/Nov/2022:02:20:48 -0800] "GET /ysbio//maga/keigel.html HTTP/1.1" 200 6995 "-" "Mozilla/5.0 (compatible; MJ12bot/v1.4.8; http://mj12bot.com/)" "www.ysfine.com"
192.95.30.71 - - [08/Nov/2022:02:20:53 -0800] "GET /ysbio//maga/marx.html HTTP/1.1" 200 5871 "-" "Mozilla/5.0 (compatible; MJ12bot/v1.4.8; http://mj12bot.com/)" "www.ysfine.com"
40.77.51.80 - - [08/Nov/2022:02:20:55 -0800] "GET /people/zeilinger01b.jpg HTTP/1.1" 200 30410 "https://ysfine.com/people" "Mozilla/5.0 (Windows NT 10.0; Win64; x64) AppleWebKit/537.36 (KHTML, like Gecko) Chrome/74.0.3729.157 Safari/537.36" "ysfine.com"
216.244.66.229 - - [08/Nov/2022:02:20:57 -0800] "GET /world/ital/florf16.jpg HTTP/1.1" 200 99594 "-" "Mozilla/5.0 (compatible; DotBot/1.2; +https://opensiteexplorer.org/dotbot; help@moz.com)" "ysfine.com"
192.95.30.71 - - [08/Nov/2022:02:20:58 -0800] "GET /ysbio//maga/marxphil.html HTTP/1.1" 404 88 "-" "Mozilla/5.0 (compatible; MJ12bot/v1.4.8; http://mj12bot.com/)" "www.ysfine.com"
157.55.39.17 - - [08/Nov/2022:02:20:59 -0800] "GET /world/germany/hegel18.jpg HTTP/1.1" 200 98054 "-" "Mozilla/5.0 AppleWebKit/537.36 (KHTML, like Gecko; compatible; bingbot/2.0; +http://www.bing.com/bingbot.htm) Chrome/103.0.5060.134 Safari/537.36" "ysfine.com"
192.95.30.71 - - [08/Nov/2022:02:21:03 -0800] "GET /ysbio//maga/minkowski.html HTTP/1.1" 200 4752 "-" "Mozilla/5.0 (compatible; MJ12bot/v1.4.8; http://mj12bot.com/)" "www.ysfine.com"
192.95.30.71 - - [08/Nov/2022:02:21:10 -0800] "GET /ysbio//maga/naimark.html HTTP/1.1" 200 4603 "-" "Mozilla/5.0 (compatible; MJ12bot/v1.4.8; http://mj12bot.com/)" "www.ysfine.com"
192.95.30.71 - - [08/Nov/2022:02:21:13 -0800] "GET /ysbio//maga/phil/sartre11.jpg HTTP/1.1" 200 164394 "-" "Mozilla/5.0 (compatible; MJ12bot/v1.4.8; http://mj12bot.com/)" "www.ysfine.com"
192.95.30.71 - - [08/Nov/2022:02:21:19 -0800] "GET /ysbio//maga/phil/sartre66.jpg HTTP/1.1" 200 239329 "-" "Mozilla/5.0 (compatible; MJ12bot/v1.4.8; http://mj12bot.com/)" "www.ysfine.com"
192.95.30.71 - - [08/Nov/2022:02:21:22 -0800] "GET /ysbio//maga/phys/bargmann11.jpg HTTP/1.1" 200 43061 "-" "Mozilla/5.0 (compatible; MJ12bot/v1.4.8; http://mj12bot.com/)" "www.ysfine.com"
192.95.30.71 - - [08/Nov/2022:02:21:26 -0800] "GET /ysbio//maga/phys/psphere01.jpg HTTP/1.1" 200 133024 "-" "Mozilla/5.0 (compatible; MJ12bot/v1.4.8; http://mj12bot.com/)" "www.ysfine.com"
192.95.30.71 - - [08/Nov/2022:02:21:29 -0800] "GET /ysbio//maga/popov.html HTTP/1.1" 200 8651 "-" "Mozilla/5.0 (compatible; MJ12bot/v1.4.8; http://mj12bot.com/)" "www.ysfine.com"
192.95.30.71 - - [08/Nov/2022:02:21:32 -0800] "GET /ysbio//maga/sarnoff.html HTTP/1.1" 200 7540 "-" "Mozilla/5.0 (compatible; MJ12bot/v1.4.8; http://mj12bot.com/)" "www.ysfine.com"
40.77.167.71 - - [08/Nov/2022:02:21:32 -0800] "GET /bio/kowar/index.html HTTP/1.1" 404 88 "-" "Mozilla/5.0 AppleWebKit/537.36 (KHTML, like Gecko; compatible; bingbot/2.0; +http://www.bing.com/bingbot.htm) Chrome/103.0.5060.134 Safari/537.36" "ysfine.com"
192.95.30.71 - - [08/Nov/2022:02:21:34 -0800] "GET /ysbio//maga/sartre.html HTTP/1.1" 200 7719 "-" "Mozilla/5.0 (compatible; MJ12bot/v1.4.8; http://mj12bot.com/)" "www.ysfine.com"
192.95.30.71 - - [08/Nov/2022:02:21:36 -0800] "GET /ysbio//maga/tesla.html HTTP/1.1" 200 4852 "-" "Mozilla/5.0 (compatible; MJ12bot/v1.4.8; http://mj12bot.com/)" "www.ysfine.com"
192.95.30.71 - - [08/Nov/2022:02:21:38 -0800] "GET /ysbio//newyork/colum25.jpg HTTP/1.1" 200 168650 "-" "Mozilla/5.0 (compatible; MJ12bot/v1.4.8; http://mj12bot.com/)" "www.ysfine.com"
192.95.30.71 - - [08/Nov/2022:02:21:41 -0800] "GET /ysbio//newyork/index.html HTTP/1.1" 200 132 "-" "Mozilla/5.0 (compatible; MJ12bot/v1.4.8; http://mj12bot.com/)" "www.ysfine.com"
192.95.30.71 - - [08/Nov/2022:02:21:43 -0800] "GET /ysbio//newyork/nycity.html HTTP/1.1" 404 88 "-" "Mozilla/5.0 (compatible; MJ12bot/v1.4.8; http://mj12bot.com/)" "www.ysfine.com"
161.156.29.33 - - [08/Nov/2022:02:21:47 -0800] "GET /robots.txt HTTP/1.1" 404 73 "-" "Mozilla/5.0 (compatible; oBot/2.3.1; http://www.xforce-security.com/crawler/)" "ysfine.com"
161.156.29.33 - - [08/Nov/2022:02:21:47 -0800] "GET / HTTP/1.1" 200 15910 "-" "Mozilla/5.0 (compatible; oBot/2.3.1; http://www.xforce-security.com/crawler/)" "ysfine.com"
216.244.66.229 - - [08/Nov/2022:02:21:47 -0800] "GET /world/ital/lascala11.jpg HTTP/1.1" 200 139957 "-" "Mozilla/5.0 (compatible; DotBot/1.2; +https://opensiteexplorer.org/dotbot; help@moz.com)" "ysfine.com"
192.95.30.71 - - [08/Nov/2022:02:21:47 -0800] "GET /ysbio//newyork/radioci03.jpg HTTP/1.1" 200 149263 "-" "Mozilla/5.0 (compatible; MJ12bot/v1.4.8; http://mj12bot.com/)" "www.ysfine.com"
161.156.29.33 - - [08/Nov/2022:02:21:48 -0800] "GET /robots.txt HTTP/1.1" 404 73 "-" "Mozilla/5.0 (compatible; oBot/2.3.1; http://www.xforce-security.com/crawler/)" "www.ysfine.com"
161.156.29.33 - - [08/Nov/2022:02:21:48 -0800] "GET / HTTP/1.1" 200 15910 "-" "Mozilla/5.0 (compatible; oBot/2.3.1; http://www.xforce-security.com/crawler/)" "www.ysfine.com"
192.95.30.71 - - [08/Nov/2022:02:21:51 -0800] "GET /ysbio//newyork/radioci04.jpg HTTP/1.1" 200 77673 "-" "Mozilla/5.0 (compatible; MJ12bot/v1.4.8; http://mj12bot.com/)" "www.ysfine.com"
192.95.30.71 - - [08/Nov/2022:02:21:54 -0800] "GET /ysbio//newyork/radioci05.jpg HTTP/1.1" 200 95361 "-" "Mozilla/5.0 (compatible; MJ12bot/v1.4.8; http://mj12bot.com/)" "www.ysfine.com"
192.95.30.71 - - [08/Nov/2022:02:21:57 -0800] "GET /ysbio//newyork/radioci06.jpg HTTP/1.1" 200 170657 "-" "Mozilla/5.0 (compatible; MJ12bot/v1.4.8; http://mj12bot.com/)" "www.ysfine.com"
192.95.30.71 - - [08/Nov/2022:02:21:59 -0800] "GET /ysbio//newyork/radioci07.jpg HTTP/1.1" 200 54036 "-" "Mozilla/5.0 (compatible; MJ12bot/v1.4.8; http://mj12bot.com/)" "www.ysfine.com"
192.95.30.71 - - [08/Nov/2022:02:22:03 -0800] "GET /ysbio//newyork/radioci08.jpg HTTP/1.1" 200 192435 "-" "Mozilla/5.0 (compatible; MJ12bot/v1.4.8; http://mj12bot.com/)" "www.ysfine.com"
118.184.177.50 - - [08/Nov/2022:02:22:04 -0800] "GET / HTTP/1.1" 200 5283 "-" "Sogou web spider/4.0(+http://www.sogou.com/docs/help/webmasters.htm#07)" "ysfine.com"
192.95.30.71 - - [08/Nov/2022:02:22:06 -0800] "GET /ysbio//newyork/radioci09.jpg HTTP/1.1" 200 97492 "-" "Mozilla/5.0 (compatible; MJ12bot/v1.4.8; http://mj12bot.com/)" "www.ysfine.com"
192.95.30.71 - - [08/Nov/2022:02:22:09 -0800] "GET /ysbio//newyork/radioci10.jpg HTTP/1.1" 200 113050 "-" "Mozilla/5.0 (compatible; MJ12bot/v1.4.8; http://mj12bot.com/)" "www.ysfine.com"
157.55.39.17 - - [08/Nov/2022:02:22:10 -0800] "GET /bio/einstein/bern.html HTTP/1.1" 404 88 "-" "Mozilla/5.0 AppleWebKit/537.36 (KHTML, like Gecko; compatible; bingbot/2.0; +http://www.bing.com/bingbot.htm) Chrome/103.0.5060.134 Safari/537.36" "ysfine.com"
192.95.30.71 - - [08/Nov/2022:02:22:11 -0800] "GET /ysbio//newyork/rocke02.jpg HTTP/1.1" 200 177483 "-" "Mozilla/5.0 (compatible; MJ12bot/v1.4.8; http://mj12bot.com/)" "www.ysfine.com"
192.95.30.71 - - [08/Nov/2022:02:22:14 -0800] "GET /ysbio//newyork/rocke03.jpg HTTP/1.1" 200 172948 "-" "Mozilla/5.0 (compatible; MJ12bot/v1.4.8; http://mj12bot.com/)" "www.ysfine.com"
13.67.224.13 - - [08/Nov/2022:02:22:16 -0800] "GET /newyork/wtcob09c.jpg HTTP/1.1" 200 33500 "https://ysfine.com/newyork" "Mozilla/5.0 (X11; Linux x86_64) AppleWebKit/537.36 (KHTML, like Gecko) Chrome/74.0.3729.169 Safari/537.36" "ysfine.com"
192.95.30.71 - - [08/Nov/2022:02:22:16 -0800] "GET /ysbio//newyork/rocke04.jpg HTTP/1.1" 200 185435 "-" "Mozilla/5.0 (compatible; MJ12bot/v1.4.8; http://mj12bot.com/)" "www.ysfine.com"
192.95.30.71 - - [08/Nov/2022:02:22:19 -0800] "GET /ysbio//newyork/rocke06.jpg HTTP/1.1" 200 221571 "-" "Mozilla/5.0 (compatible; MJ12bot/v1.4.8; http://mj12bot.com/)" "www.ysfine.com"
192.95.30.71 - - [08/Nov/2022:02:22:22 -0800] "GET /ysbio//newyork/rocke07.jpg HTTP/1.1" 200 127552 "-" "Mozilla/5.0 (compatible; MJ12bot/v1.4.8; http://mj12bot.com/)" "www.ysfine.com"
192.95.30.71 - - [08/Nov/2022:02:22:25 -0800] "GET /ysbio//people/sbt85.jpg HTTP/1.1" 404 88 "-" "Mozilla/5.0 (compatible; MJ12bot/v1.4.8; http://mj12bot.com/)" "www.ysfine.com"
40.77.167.27 - - [08/Nov/2022:02:22:27 -0800] "GET /world/europe/praha031.jpg HTTP/1.1" 200 93385 "-" "Mozilla/5.0 AppleWebKit/537.36 (KHTML, like Gecko; compatible; bingbot/2.0; +http://www.bing.com/bingbot.htm) Chrome/103.0.5060.134 Safari/537.36" "www.ysfine.com"
192.95.30.71 - - [08/Nov/2022:02:22:27 -0800] "GET /ysbio//people/sbtwein.html HTTP/1.1" 404 88 "-" "Mozilla/5.0 (compatible; MJ12bot/v1.4.8; http://mj12bot.com/)" "www.ysfine.com"
192.95.30.71 - - [08/Nov/2022:02:22:30 -0800] "GET /ysbio//people/tollwig.jpg HTTP/1.1" 404 88 "-" "Mozilla/5.0 (compatible; MJ12bot/v1.4.8; http://mj12bot.com/)" "www.ysfine.com"
192.95.30.71 - - [08/Nov/2022:02:22:31 -0800] "GET /ysbio//people/whee88.jpg HTTP/1.1" 404 88 "-" "Mozilla/5.0 (compatible; MJ12bot/v1.4.8; http://mj12bot.com/)" "www.ysfine.com"
216.244.66.229 - - [08/Nov/2022:02:22:32 -0800] "GET /world/ital/milvio09.jpg HTTP/1.1" 200 108489 "-" "Mozilla/5.0 (compatible; DotBot/1.2; +https://opensiteexplorer.org/dotbot; help@moz.com)" "ysfine.com"
192.95.30.71 - - [08/Nov/2022:02:22:34 -0800] "GET /ysbio//people/zeilinger.jpg HTTP/1.1" 404 88 "-" "Mozilla/5.0 (compatible; MJ12bot/v1.4.8; http://mj12bot.com/)" "www.ysfine.com"
192.95.30.71 - - [08/Nov/2022:02:22:36 -0800] "GET /ysbio//philo/dirwig11.jpg HTTP/1.1" 200 32364 "-" "Mozilla/5.0 (compatible; MJ12bot/v1.4.8; http://mj12bot.com/)" "www.ysfine.com"
192.95.30.71 - - [08/Nov/2022:02:22:39 -0800] "GET /ysbio//philo/e=mc11.jpg HTTP/1.1" 200 101467 "-" "Mozilla/5.0 (compatible; MJ12bot/v1.4.8; http://mj12bot.com/)" "www.ysfine.com"
157.55.39.17 - - [08/Nov/2022:02:22:39 -0800] "GET /kowar/sampal01.jpg HTTP/1.1" 200 141262 "-" "Mozilla/5.0 (compatible; bingbot/2.0; +http://www.bing.com/bingbot.htm)" "ysfine.com"
192.95.30.71 - - [08/Nov/2022:02:22:41 -0800] "GET /ysbio//philo/e=mc22.jpg HTTP/1.1" 200 190967 "-" "Mozilla/5.0 (compatible; MJ12bot/v1.4.8; http://mj12bot.com/)" "www.ysfine.com"
192.95.30.71 - - [08/Nov/2022:02:22:44 -0800] "GET /ysbio//philo/einbohr66.jpg HTTP/1.1" 200 206043 "-" "Mozilla/5.0 (compatible; MJ12bot/v1.4.8; http://mj12bot.com/)" "www.ysfine.com"
192.95.30.71 - - [08/Nov/2022:02:22:46 -0800] "GET /ysbio//philo/evol22.jpg HTTP/1.1" 200 59140 "-" "Mozilla/5.0 (compatible; MJ12bot/v1.4.8; http://mj12bot.com/)" "www.ysfine.com"
192.95.30.71 - - [08/Nov/2022:02:22:49 -0800] "GET /ysbio//philo/helena11.jpg HTTP/1.1" 200 276020 "-" "Mozilla/5.0 (compatible; MJ12bot/v1.4.8; http://mj12bot.com/)" "www.ysfine.com"
192.95.30.71 - - [08/Nov/2022:02:22:51 -0800] "GET /ysbio//philo/marx01.jpg HTTP/1.1" 200 220398 "-" "Mozilla/5.0 (compatible; MJ12bot/v1.4.8; http://mj12bot.com/)" "www.ysfine.com"
192.95.30.71 - - [08/Nov/2022:02:22:53 -0800] "GET /ysbio//philo/marx02.jpg HTTP/1.1" 200 257749 "-" "Mozilla/5.0 (compatible; MJ12bot/v1.4.8; http://mj12bot.com/)" "www.ysfine.com"
192.95.30.71 - - [08/Nov/2022:02:22:56 -0800] "GET /ysbio//philo/marx05.jpg HTTP/1.1" 200 122830 "-" "Mozilla/5.0 (compatible; MJ12bot/v1.4.8; http://mj12bot.com/)" "www.ysfine.com"
192.95.30.71 - - [08/Nov/2022:02:22:58 -0800] "GET /ysbio//philo/marx06.jpg HTTP/1.1" 200 168835 "-" "Mozilla/5.0 (compatible; MJ12bot/v1.4.8; http://mj12bot.com/)" "www.ysfine.com"
192.95.30.71 - - [08/Nov/2022:02:23:01 -0800] "GET /ysbio//philo/marx07.jpg HTTP/1.1" 200 72223 "-" "Mozilla/5.0 (compatible; MJ12bot/v1.4.8; http://mj12bot.com/)" "www.ysfine.com"
40.77.167.68 - - [08/Nov/2022:02:23:04 -0800] "GET /home/bio07.html HTTP/1.1" 404 88 "-" "Mozilla/5.0 AppleWebKit/537.36 (KHTML, like Gecko; compatible; bingbot/2.0; +http://www.bing.com/bingbot.htm) Chrome/103.0.5060.134 Safari/537.36" "www.ysfine.com"
192.95.30.71 - - [08/Nov/2022:02:23:04 -0800] "GET /ysbio//philo/marx09.jpg HTTP/1.1" 200 123146 "-" "Mozilla/5.0 (compatible; MJ12bot/v1.4.8; http://mj12bot.com/)" "www.ysfine.com"
192.95.30.71 - - [08/Nov/2022:02:23:07 -0800] "GET /ysbio//philo/marx35.jpg HTTP/1.1" 200 215657 "-" "Mozilla/5.0 (compatible; MJ12bot/v1.4.8; http://mj12bot.com/)" "www.ysfine.com"
192.95.30.71 - - [08/Nov/2022:02:23:10 -0800] "GET /ysbio//philo/marxber22.jpg HTTP/1.1" 200 106927 "-" "Mozilla/5.0 (compatible; MJ12bot/v1.4.8; http://mj12bot.com/)" "www.ysfine.com"
192.95.30.71 - - [08/Nov/2022:02:23:12 -0800] "GET /ysbio//philo/marxphil55.jpg HTTP/1.1" 200 164694 "-" "Mozilla/5.0 (compatible; MJ12bot/v1.4.8; http://mj12bot.com/)" "www.ysfine.com"
192.95.30.71 - - [08/Nov/2022:02:23:14 -0800] "GET /ysbio//philo/pontdg10.jpg HTTP/1.1" 200 321219 "-" "Mozilla/5.0 (compatible; MJ12bot/v1.4.8; http://mj12bot.com/)" "www.ysfine.com"
216.244.66.229 - - [08/Nov/2022:02:23:15 -0800] "GET /world/ital/romef105.jpg HTTP/1.1" 200 91478 "-" "Mozilla/5.0 (compatible; DotBot/1.2; +https://opensiteexplorer.org/dotbot; help@moz.com)" "ysfine.com"
192.95.30.71 - - [08/Nov/2022:02:23:17 -0800] "GET /ysbio//philo/tank66.jpg HTTP/1.1" 200 181359 "-" "Mozilla/5.0 (compatible; MJ12bot/v1.4.8; http://mj12bot.com/)" "www.ysfine.com"
192.95.30.71 - - [08/Nov/2022:02:23:21 -0800] "GET /ysbio//philo/truck22/truck16.jpg HTTP/1.1" 200 414366 "-" "Mozilla/5.0 (compatible; MJ12bot/v1.4.8; http://mj12bot.com/)" "www.ysfine.com"
192.95.30.71 - - [08/Nov/2022:02:23:23 -0800] "GET /ysbio//princeton/pgh.html HTTP/1.1" 404 88 "-" "Mozilla/5.0 (compatible; MJ12bot/v1.4.8; http://mj12bot.com/)" "www.ysfine.com"
185.213.155.168 - - [08/Nov/2022:02:23:27 -0800] "GET /jobs/koreaj.html HTTP/1.1" 200 33300 "https://www.ysfine.com/jobs/koreaj.html" "Mozilla/5.0 (Windows NT 10.0; WOW64) AppleWebKit/537.36 (KHTML, like Gecko) Chrome/90.0.4430.85 Safari/537.36" "www.ysfine.com"
216.244.66.229 - - [08/Nov/2022:02:23:48 -0800] "GET /world/ital/sapienza09.jpg HTTP/1.1" 200 81728 "-" "Mozilla/5.0 (compatible; DotBot/1.2; +https://opensiteexplorer.org/dotbot; help@moz.com)" "ysfine.com"
157.55.39.76 - - [08/Nov/2022:02:24:03 -0800] "GET /bio/sbk/1950.html HTTP/1.1" 404 88 "-" "Mozilla/5.0 (compatible; bingbot/2.0; +http://www.bing.com/bingbot.htm)" "ysfine.com"
216.244.66.229 - - [08/Nov/2022:02:24:22 -0800] "GET /world/ital/spstep01.jpg HTTP/1.1" 200 78689 "-" "Mozilla/5.0 (compatible; DotBot/1.2; +https://opensiteexplorer.org/dotbot; help@moz.com)" "ysfine.com"
40.86.101.253 - - [08/Nov/2022:02:24:34 -0800] "GET /world/france/triomf08b.jpg HTTP/1.1" 200 48006 "http://www.ysfine.com/world/france" "Mozilla/5.0 (Windows NT 10.0; Win64; x64) AppleWebKit/537.36 (KHTML, like Gecko) Chrome/74.0.3729.157 Safari/537.36" "www.ysfine.com"
95.91.111.111 - - [08/Nov/2022:02:24:40 -0800] "GET /robots.txt HTTP/1.1" 404 73 "-" "Mozilla/5.0 (compatible; MJ12bot/v1.4.8; http://mj12bot.com/)" "ysfine.com"
95.91.111.111 - - [08/Nov/2022:02:24:42 -0800] "GET /world/germany/leipzig54.jpg HTTP/1.1" 200 288610 "-" "Mozilla/5.0 (compatible; MJ12bot/v1.4.8; http://mj12bot.com/)" "ysfine.com"
95.91.111.111 - - [08/Nov/2022:02:24:53 -0800] "GET /world/germany/leipzig57.jpg HTTP/1.1" 200 142407 "-" "Mozilla/5.0 (compatible; MJ12bot/v1.4.8; http://mj12bot.com/)" "ysfine.com"
216.244.66.229 - - [08/Nov/2022:02:24:57 -0800] "GET /world/ital/vatican15.jpg HTTP/1.1" 200 85519 "-" "Mozilla/5.0 (compatible; DotBot/1.2; +https://opensiteexplorer.org/dotbot; help@moz.com)" "ysfine.com"
40.122.230.190 - - [08/Nov/2022:02:25:01 -0800] "GET /world/brit/loncafe18.jpg HTTP/1.1" 200 82276 "http://ysfine.com/world/brit" "Mozilla/5.0 (Linux; Android 10; SM-G960U) AppleWebKit/537.36 (KHTML, like Gecko) Chrome/88.0.4324.181 Mobile Safari/537.36" "ysfine.com"
40.122.195.128 - - [08/Nov/2022:02:25:05 -0800] "GET /usca/norl/napo00b.jpg HTTP/1.1" 200 31598 "http://ysfine.com/usca/norl" "Mozilla/5.0 (iPhone; CPU iPhone OS 13_5_1 like Mac OS X) AppleWebKit/605.1.15 (KHTML, like Gecko) Version/13.1.1 Mobile/15E148 Safari/604.1" "ysfine.com"
216.244.66.229 - - [08/Nov/2022:02:25:26 -0800] "GET /world/ital/vatican26.jpg HTTP/1.1" 200 130307 "-" "Mozilla/5.0 (compatible; DotBot/1.2; +https://opensiteexplorer.org/dotbot; help@moz.com)" "ysfine.com"
216.244.66.229 - - [08/Nov/2022:02:25:54 -0800] "GET /world/ital/vatican46.jpg HTTP/1.1" 200 114191 "-" "Mozilla/5.0 (compatible; DotBot/1.2; +https://opensiteexplorer.org/dotbot; help@moz.com)" "ysfine.com"
40.77.167.27 - - [08/Nov/2022:02:25:58 -0800] "GET /bio/beau/aline/klm01.jpg HTTP/1.1" 404 88 "-" "Mozilla/5.0 (compatible; bingbot/2.0; +http://www.bing.com/bingbot.htm)" "ysfine.com"
45.128.207.35 - - [08/Nov/2022:02:26:21 -0800] "GET /home/facu63.jpg HTTP/1.1" 200 296378 "-" "Mozilla/5.0 (Macintosh; Intel Mac OS X 10.9; rv:45.0) Gecko/20100101 Firefox/45.0" "ysfine.com"
45.128.207.35 - - [08/Nov/2022:02:26:22 -0800] "GET /houses/myhouse.html HTTP/1.1" 200 1473 "-" "Mozilla/5.0 (Macintosh; Intel Mac OS X 10.9; rv:45.0) Gecko/20100101 Firefox/45.0" "ysfine.com"
45.128.207.35 - - [08/Nov/2022:02:26:22 -0800] "GET /dirac/dirk62.html HTTP/1.1" 200 3930 "-" "Mozilla/5.0 (Macintosh; Intel Mac OS X 10.9; rv:45.0) Gecko/20100101 Firefox/45.0" "ysfine.com"
45.128.207.35 - - [08/Nov/2022:02:26:22 -0800] "GET /home/bio77.html HTTP/1.1" 404 88 "-" "Mozilla/5.0 (Macintosh; Intel Mac OS X 10.9; rv:45.0) Gecko/20100101 Firefox/45.0" "ysfine.com"
45.128.207.35 - - [08/Nov/2022:02:26:23 -0800] "GET /home/1987pr22.jpg HTTP/1.1" 200 273963 "-" "Mozilla/5.0 (Macintosh; Intel Mac OS X 10.9; rv:45.0) Gecko/20100101 Firefox/45.0" "ysfine.com"
216.244.66.229 - - [08/Nov/2022:02:26:23 -0800] "GET /world/ital/vatim09.jpg HTTP/1.1" 200 89684 "-" "Mozilla/5.0 (compatible; DotBot/1.2; +https://opensiteexplorer.org/dotbot; help@moz.com)" "ysfine.com"
45.128.207.35 - - [08/Nov/2022:02:26:23 -0800] "GET /dirac/index.html HTTP/1.1" 200 124 "-" "Mozilla/5.0 (Macintosh; Intel Mac OS X 10.9; rv:45.0) Gecko/20100101 Firefox/45.0" "ysfine.com"
45.128.207.35 - - [08/Nov/2022:02:26:23 -0800] "GET /eink/einhaus11.jpg HTTP/1.1" 200 166716 "-" "Mozilla/5.0 (Macintosh; Intel Mac OS X 10.9; rv:45.0) Gecko/20100101 Firefox/45.0" "ysfine.com"
45.128.207.35 - - [08/Nov/2022:02:26:23 -0800] "GET /yspapers/jmp22.pdf HTTP/1.1" 200 3367329 "-" "Mozilla/5.0 (Macintosh; Intel Mac OS X 10.9; rv:45.0) Gecko/20100101 Firefox/45.0" "ysfine.com"
45.128.207.35 - - [08/Nov/2022:02:26:23 -0800] "GET /wigner/index.html HTTP/1.1" 200 124 "-" "Mozilla/5.0 (Macintosh; Intel Mac OS X 10.9; rv:45.0) Gecko/20100101 Firefox/45.0" "ysfine.com"
45.128.207.35 - - [08/Nov/2022:02:26:23 -0800] "GET /home/easy.html HTTP/1.1" 200 7877 "-" "Mozilla/5.0 (Macintosh; Intel Mac OS X 10.9; rv:45.0) Gecko/20100101 Firefox/45.0" "ysfine.com"
45.128.207.35 - - [08/Nov/2022:02:26:24 -0800] "GET /home/eink54.jpg HTTP/1.1" 200 123527 "-" "Mozilla/5.0 (Macintosh; Intel Mac OS X 10.9; rv:45.0) Gecko/20100101 Firefox/45.0" "ysfine.com"
45.128.207.35 - - [08/Nov/2022:02:26:23 -0800] "GET /yspapers/index.html HTTP/1.1" 200 21306 "-" "Mozilla/5.0 (Macintosh; Intel Mac OS X 10.9; rv:45.0) Gecko/20100101 Firefox/45.0" "ysfine.com"
45.128.207.35 - - [08/Nov/2022:02:26:24 -0800] "GET /home/washmo23.jpg HTTP/1.1" 200 61356 "-" "Mozilla/5.0 (Macintosh; Intel Mac OS X 10.9; rv:45.0) Gecko/20100101 Firefox/45.0" "ysfine.com"
45.128.207.35 - - [08/Nov/2022:02:26:24 -0800] "GET /home/genea.html HTTP/1.1" 200 2872 "-" "Mozilla/5.0 (Macintosh; Intel Mac OS X 10.9; rv:45.0) Gecko/20100101 Firefox/45.0" "ysfine.com"
45.128.207.35 - - [08/Nov/2022:02:26:24 -0800] "GET /home/bio.html HTTP/1.1" 404 88 "-" "Mozilla/5.0 (Macintosh; Intel Mac OS X 10.9; rv:45.0) Gecko/20100101 Firefox/45.0" "ysfine.com"
45.128.207.35 - - [08/Nov/2022:02:26:24 -0800] "GET /usca/pgh.html HTTP/1.1" 200 13572 "-" "Mozilla/5.0 (Macintosh; Intel Mac OS X 10.9; rv:45.0) Gecko/20100101 Firefox/45.0" "ysfine.com"
45.128.207.35 - - [08/Nov/2022:02:26:24 -0800] "GET /people/peo.html HTTP/1.1" 200 13502 "-" "Mozilla/5.0 (Macintosh; Intel Mac OS X 10.9; rv:45.0) Gecko/20100101 Firefox/45.0" "ysfine.com"
45.128.207.35 - - [08/Nov/2022:02:26:24 -0800] "GET /eink/index.html HTTP/1.1" 200 17659 "-" "Mozilla/5.0 (Macintosh; Intel Mac OS X 10.9; rv:45.0) Gecko/20100101 Firefox/45.0" "ysfine.com"
45.128.207.35 - - [08/Nov/2022:02:26:24 -0800] "GET /home/taylor33.jpg HTTP/1.1" 200 206804 "-" "Mozilla/5.0 (Macintosh; Intel Mac OS X 10.9; rv:45.0) Gecko/20100101 Firefox/45.0" "ysfine.com"
45.128.207.35 - - [08/Nov/2022:02:26:24 -0800] "GET /home/eindc03.jpg HTTP/1.1" 200 247500 "-" "Mozilla/5.0 (Macintosh; Intel Mac OS X 10.9; rv:45.0) Gecko/20100101 Firefox/45.0" "ysfine.com"
40.77.51.85 - - [08/Nov/2022:02:26:24 -0800] "GET /world/china/china021b.jpg HTTP/1.1" 200 37835 "http://ysfine.com/world/china" "Mozilla/5.0 (X11; Linux x86_64) AppleWebKit/537.36 (KHTML, like Gecko) Chrome/74.0.3729.169 Safari/537.36" "ysfine.com"
102.164.183.160 - - [08/Nov/2022:02:26:28 -0800] "GET /sbk/2002nasa26.jpg HTTP/1.1" 200 169548 "https://www.bing.com/" "Mozilla/5.0 (Windows NT 10.0; Win64; x64) AppleWebKit/537.36 (KHTML, like Gecko) Chrome/107.0.0.0 Safari/537.36 Edg/107.0.1418.35" "www.ysfine.com"
40.86.101.166 - - [08/Nov/2022:02:26:40 -0800] "GET /world/ital/murano07b.jpg HTTP/1.1" 200 42451 "https://ysfine.com/world/ital" "Mozilla/5.0 (X11; Linux x86_64) AppleWebKit/537.36 (KHTML, like Gecko) Chrome/74.0.3729.169 Safari/537.36" "ysfine.com"
40.77.51.85 - - [08/Nov/2022:02:26:45 -0800] "GET /eink/wsj21f.jpg HTTP/1.1" 200 172238 "https://ysfine.com/eink" "Mozilla/5.0 (X11; Linux x86_64) AppleWebKit/537.36 (KHTML, like Gecko) Chrome/74.0.3729.169 Safari/537.36" "ysfine.com"
216.244.66.229 - - [08/Nov/2022:02:26:48 -0800] "GET /world/ital/venicej12.jpg HTTP/1.1" 200 123758 "-" "Mozilla/5.0 (compatible; DotBot/1.2; +https://opensiteexplorer.org/dotbot; help@moz.com)" "ysfine.com"
216.244.66.229 - - [08/Nov/2022:02:27:27 -0800] "GET /world/latina/rio067.jpg HTTP/1.1" 200 81331 "-" "Mozilla/5.0 (compatible; DotBot/1.2; +https://opensiteexplorer.org/dotbot; help@moz.com)" "ysfine.com"
193.5.251.104 - - [08/Nov/2022:02:27:33 -0800] "GET /world/france/pmetro08.jpg HTTP/1.1" 200 108624 "-" "Mozilla/5.0 (Windows NT 6.3; WOW64) AppleWebKit/537.36 (KHTML, like Gecko) Chrome/38.0.2125.111 Safari/537.36" "www.ysfine.com"
73.98.243.138 - - [08/Nov/2022:02:28:15 -0800] "GET /favicon.ico HTTP/1.1" 404 88 "-" "Mozilla/5.0 (X11; Linux x86_64; rv:102.0) Gecko/20100101 Goanna/5.2 Firefox/102.0 PaleMoon/31.3.1" "ysfine.com"
73.98.243.138 - - [08/Nov/2022:02:28:15 -0800] "GET /favicon.ico HTTP/1.1" 404 88 "-" "Mozilla/5.0 (X11; Linux x86_64; rv:102.0) Gecko/20100101 Goanna/5.2 Firefox/102.0 PaleMoon/31.3.1" "ysfine.com"
20.109.241.97 - - [08/Nov/2022:02:28:15 -0800] "GET /princeton/horsewag2.jpg HTTP/1.1" 200 56236 "http://ysfine.com/princeton" "Mozilla/5.0 (iPhone; CPU iPhone OS 13_5_1 like Mac OS X) AppleWebKit/605.1.15 (KHTML, like Gecko) Version/13.1.1 Mobile/15E148 Safari/604.1" "ysfine.com"
40.89.243.175 - - [08/Nov/2022:02:28:20 -0800] "GET /kobak/sohnwi01.jpg HTTP/1.1" 200 67716 "http://ysfine.com/kobak/sohnwi01.jpg" "DuckDuckBot/1.1; (+http://duckduckgo.com/duckduckbot.html)" "ysfine.com"
157.55.39.17 - - [08/Nov/2022:02:28:29 -0800] "GET /world/germany/mucf28.jpg HTTP/1.1" 200 111505 "-" "Mozilla/5.0 (compatible; bingbot/2.0; +http://www.bing.com/bingbot.htm)" "www.ysfine.com"
13.67.224.12 - - [08/Nov/2022:02:28:32 -0800] "GET /friends/pollon01b.jpg HTTP/1.1" 404 88 "https://ysfine.com/friends" "Mozilla/5.0 (iPhone; CPU iPhone OS 13_5_1 like Mac OS X) AppleWebKit/605.1.15 (KHTML, like Gecko) Version/13.1.1 Mobile/15E148 Safari/604.1" "ysfine.com"
66.249.66.40 - - [08/Nov/2022:02:29:04 -0800] "GET /dirac/quapa300.jpg HTTP/1.1" 200 21165 "-" "Googlebot-Image/1.0" "ysfine.com"
3.144.35.6 - - [08/Nov/2022:02:29:04 -0800] "GET /world/russ/mosko01.jpg HTTP/1.1" 200 74314 "https://www.google.com/" "Mozilla/5.0 (iPhone; CPU iPhone OS 15_6_1 like Mac OS X) AppleWebKit/605.1.15 (KHTML, like Gecko) Version/15.6.1 Mobile/15E148 Safari/604.1" "ysfine.com"
36.99.136.132 - - [08/Nov/2022:02:29:12 -0800] "GET /princeton/gcollege22.jpg HTTP/1.1" 200 75914 "http://erbf-energie.fr/" "Mozilla/5.0 (Windows NT 10.0; Win64; x64) AppleWebKit/537.36 (KHTML, like Gecko) Chrome/72.0.3626.119 Safari/537.36" "ysfine.com"
40.77.167.27 - - [08/Nov/2022:02:29:21 -0800] "GET /ysbio/folks/french.html HTTP/1.1" 200 8116 "-" "Mozilla/5.0 AppleWebKit/537.36 (KHTML, like Gecko; compatible; bingbot/2.0; +http://www.bing.com/bingbot.htm) Chrome/103.0.5060.134 Safari/537.36" "ysfine.com"
40.77.167.27 - - [08/Nov/2022:02:29:39 -0800] "GET /world/israel/jeru42c.jpg HTTP/1.1" 200 36333 "-" "Mozilla/5.0 AppleWebKit/537.36 (KHTML, like Gecko; compatible; bingbot/2.0; +http://www.bing.com/bingbot.htm) Chrome/103.0.5060.134 Safari/537.36" "ysfine.com"
157.55.39.76 - - [08/Nov/2022:02:29:52 -0800] "GET /bio/harmoarchi.html HTTP/1.1" 404 88 "-" "Mozilla/5.0 AppleWebKit/537.36 (KHTML, like Gecko; compatible; bingbot/2.0; +http://www.bing.com/bingbot.htm) Chrome/103.0.5060.134 Safari/537.36" "ysfine.com"
157.55.39.65 - - [08/Nov/2022:02:30:04 -0800] "GET /beau/amkor/daria01b.jpg HTTP/1.1" 404 88 "-" "Mozilla/5.0 AppleWebKit/537.36 (KHTML, like Gecko; compatible; bingbot/2.0; +http://www.bing.com/bingbot.htm) Chrome/103.0.5060.134 Safari/537.36" "ysfine.com"
40.77.167.27 - - [08/Nov/2022:02:30:48 -0800] "GET /feynman/feygell22.jpg HTTP/1.1" 200 61564 "-" "Mozilla/5.0 (compatible; bingbot/2.0; +http://www.bing.com/bingbot.htm)" "ysfine.com"
40.77.167.68 - - [08/Nov/2022:02:30:55 -0800] "GET /maga/phys/huy21.jpg HTTP/1.1" 200 185312 "-" "Mozilla/5.0 (compatible; bingbot/2.0; +http://www.bing.com/bingbot.htm)" "ysfine.com"
157.55.39.76 - - [08/Nov/2022:02:31:00 -0800] "GET /usca/pitt/cartech.jpg HTTP/1.1" 200 48352 "-" "Mozilla/5.0 AppleWebKit/537.36 (KHTML, like Gecko; compatible; bingbot/2.0; +http://www.bing.com/bingbot.htm) Chrome/103.0.5060.134 Safari/537.36" "ysfine.com"
17.121.114.230 - - [08/Nov/2022:02:31:49 -0800] "GET /world/brit/etonharrow.html HTTP/1.1" 200 4546 "-" "Mozilla/5.0 (Macintosh; Intel Mac OS X 10_15_5) AppleWebKit/605.1.15 (KHTML, like Gecko) Version/13.1.1 Safari/605.1.15 (Applebot/0.1; +http://www.apple.com/go/applebot)" "ysfine.com"
77.75.79.119 - - [08/Nov/2022:02:32:35 -0800] "GET /feynman/chewfrau.html HTTP/1.1" 304 - "-" "Mozilla/5.0 (compatible; SeznamBot/4.0-RC1; +http://napoveda.seznam.cz/seznambot-intro/)" "ysfine.com"
51.222.253.7 - - [08/Nov/2022:02:32:59 -0800] "GET /ysbio/wisdom/wkwireless.html HTTP/1.1" 200 6236 "-" "Mozilla/5.0 (compatible; AhrefsBot/7.0; +http://ahrefs.com/robot/)" "ysfine.com"
173.252.83.117 - - [08/Nov/2022:02:33:26 -0800] "GET /einstein/heisenberg.html HTTP/1.1" 206 10552 "-" "facebookexternalhit/1.1 (+http://www.facebook.com/externalhit_uatext.php)" "ysfine.com"
40.77.167.27 - - [08/Nov/2022:02:33:30 -0800] "GET /wdc/kennedyc15.jpg HTTP/1.1" 200 79718 "-" "Mozilla/5.0 AppleWebKit/537.36 (KHTML, like Gecko; compatible; bingbot/2.0; +http://www.bing.com/bingbot.htm) Chrome/103.0.5060.134 Safari/537.36" "www.ysfine.com"
157.55.39.76 - - [08/Nov/2022:02:33:42 -0800] "GET /world/china/dalian33b.jpg HTTP/1.1" 200 31978 "-" "Mozilla/5.0 AppleWebKit/537.36 (KHTML, like Gecko; compatible; bingbot/2.0; +http://www.bing.com/bingbot.htm) Chrome/103.0.5060.134 Safari/537.36" "ysfine.com"
64.124.8.31 - - [08/Nov/2022:02:34:43 -0800] "GET /robots.txt HTTP/1.1" 404 88 "-" "Mozilla/5.0 (X11; Linux x86_64) AppleWebKit/537.36 (KHTML, like Gecko) Chrome/61.0.3163.79 Safari/537.36" "www.ysfine.com"
64.124.8.31 - - [08/Nov/2022:02:34:43 -0800] "GET /ysbio/newyork/nyc.html HTTP/1.1" 200 31389 "-" "Mozilla/5.0 (X11; Linux x86_64) AppleWebKit/537.36 (KHTML, like Gecko) Chrome/61.0.3163.79 Safari/537.36" "www.ysfine.com"
20.29.110.170 - - [08/Nov/2022:02:34:48 -0800] "GET /world/france/luxem08b.jpg HTTP/1.1" 200 65172 "https://ysfine.com/world/france" "Mozilla/5.0 (Windows NT 10.0; Win64; x64) AppleWebKit/537.36 (KHTML, like Gecko) Chrome/74.0.3729.157 Safari/537.36" "ysfine.com"
20.106.24.246 - - [08/Nov/2022:02:34:51 -0800] "GET /world/brit/2014lon01b.jpg HTTP/1.1" 200 47261 "https://ysfine.com/world/brit" "Mozilla/5.0 (X11; Linux x86_64) AppleWebKit/537.36 (KHTML, like Gecko) Chrome/74.0.3729.169 Safari/537.36" "ysfine.com"
64.124.8.31 - - [08/Nov/2022:02:34:57 -0800] "GET /ysbio/saram/sabot.html HTTP/1.1" 200 137 "-" "Mozilla/5.0 (X11; Linux x86_64) AppleWebKit/537.36 (KHTML, like Gecko) Chrome/61.0.3163.79 Safari/537.36" "www.ysfine.com"
157.55.39.76 - - [08/Nov/2022:02:35:03 -0800] "GET /bio/kobak/yskor.html HTTP/1.1" 404 88 "-" "Mozilla/5.0 (compatible; bingbot/2.0; +http://www.bing.com/bingbot.htm)" "ysfine.com"
64.124.8.31 - - [08/Nov/2022:02:35:09 -0800] "GET /maga/sarnoff.html HTTP/1.1" 200 7540 "-" "Mozilla/5.0 (X11; Linux x86_64) AppleWebKit/537.36 (KHTML, like Gecko) Chrome/61.0.3163.79 Safari/537.36" "www.ysfine.com"
40.77.167.71 - - [08/Nov/2022:02:35:11 -0800] "GET /ysbio/comet50.jpg HTTP/1.1" 200 148957 "-" "Mozilla/5.0 AppleWebKit/537.36 (KHTML, like Gecko; compatible; bingbot/2.0; +http://www.bing.com/bingbot.htm) Chrome/103.0.5060.134 Safari/537.36" "www.ysfine.com"
64.124.8.31 - - [08/Nov/2022:02:35:19 -0800] "GET /ysbio/people/peo.html HTTP/1.1" 404 88 "-" "Mozilla/5.0 (X11; Linux x86_64) AppleWebKit/537.36 (KHTML, like Gecko) Chrome/61.0.3163.79 Safari/537.36" "www.ysfine.com"
157.55.39.17 - - [08/Nov/2022:02:35:21 -0800] "GET /bio/awards/iao.html HTTP/1.1" 404 88 "-" "Mozilla/5.0 AppleWebKit/537.36 (KHTML, like Gecko; compatible; bingbot/2.0; +http://www.bing.com/bingbot.htm) Chrome/103.0.5060.134 Safari/537.36" "ysfine.com"
64.124.8.31 - - [08/Nov/2022:02:35:25 -0800] "GET /maga/galtime.html HTTP/1.1" 200 1944 "-" "Mozilla/5.0 (X11; Linux x86_64) AppleWebKit/537.36 (KHTML, like Gecko) Chrome/61.0.3163.79 Safari/537.36" "www.ysfine.com"
64.124.8.31 - - [08/Nov/2022:02:35:30 -0800] "GET /ysbio/style/physmusic.html HTTP/1.1" 404 88 "-" "Mozilla/5.0 (X11; Linux x86_64) AppleWebKit/537.36 (KHTML, like Gecko) Chrome/61.0.3163.79 Safari/537.36" "www.ysfine.com"
64.124.8.31 - - [08/Nov/2022:02:35:36 -0800] "GET /ysbio/world/kiev.html HTTP/1.1" 200 4582 "-" "Mozilla/5.0 (X11; Linux x86_64) AppleWebKit/537.36 (KHTML, like Gecko) Chrome/61.0.3163.79 Safari/537.36" "www.ysfine.com"
64.124.8.31 - - [08/Nov/2022:02:35:40 -0800] "GET /world/ulm.html HTTP/1.1" 200 6784 "-" "Mozilla/5.0 (X11; Linux x86_64) AppleWebKit/537.36 (KHTML, like Gecko) Chrome/61.0.3163.79 Safari/537.36" "www.ysfine.com"
64.124.8.31 - - [08/Nov/2022:02:35:43 -0800] "GET /dirac/dirackim62.html HTTP/1.1" 200 2970 "-" "Mozilla/5.0 (X11; Linux x86_64) AppleWebKit/537.36 (KHTML, like Gecko) Chrome/61.0.3163.79 Safari/537.36" "www.ysfine.com"
40.122.195.128 - - [08/Nov/2022:02:35:44 -0800] "GET /world/china/qingdao09b.jpg HTTP/1.1" 200 54862 "https://ysfine.com/world/china" "Mozilla/5.0 (Linux; Android 10; SM-G960U) AppleWebKit/537.36 (KHTML, like Gecko) Chrome/88.0.4324.181 Mobile Safari/537.36" "ysfine.com"
64.124.8.31 - - [08/Nov/2022:02:35:44 -0800] "GET /ysbio/ffriends/fdw.html HTTP/1.1" 404 88 "-" "Mozilla/5.0 (X11; Linux x86_64) AppleWebKit/537.36 (KHTML, like Gecko) Chrome/61.0.3163.79 Safari/537.36" "www.ysfine.com"
20.12.191.73 - - [08/Nov/2022:02:35:46 -0800] "GET /sbk/2019nyc24c.jpg HTTP/1.1" 200 52894 "https://ysfine.com/sbk" "Mozilla/5.0 (Macintosh; Intel Mac OS X 10_11_6) AppleWebKit/605.1.15 (KHTML, like Gecko) Version/11.1.2 Safari/605.1.15" "ysfine.com"
64.124.8.31 - - [08/Nov/2022:02:35:46 -0800] "GET /world/vienna.html HTTP/1.1" 200 7048 "-" "Mozilla/5.0 (X11; Linux x86_64) AppleWebKit/537.36 (KHTML, like Gecko) Chrome/61.0.3163.79 Safari/537.36" "www.ysfine.com"
40.77.167.68 - - [08/Nov/2022:02:35:47 -0800] "GET /ysbio/world/ulm.html HTTP/1.1" 200 6784 "-" "Mozilla/5.0 AppleWebKit/537.36 (KHTML, like Gecko; compatible; bingbot/2.0; +http://www.bing.com/bingbot.htm) Chrome/103.0.5060.134 Safari/537.36" "ysfine.com"
64.124.8.31 - - [08/Nov/2022:02:35:48 -0800] "GET /maga/okun.html HTTP/1.1" 200 883 "-" "Mozilla/5.0 (X11; Linux x86_64) AppleWebKit/537.36 (KHTML, like Gecko) Chrome/61.0.3163.79 Safari/537.36" "www.ysfine.com"
64.124.8.31 - - [08/Nov/2022:02:35:49 -0800] "GET /ysbio/maga/mellon.html HTTP/1.1" 200 2947 "-" "Mozilla/5.0 (X11; Linux x86_64) AppleWebKit/537.36 (KHTML, like Gecko) Chrome/61.0.3163.79 Safari/537.36" "www.ysfine.com"
