40.77.167.68 - - [04/Nov/2022:23:55:33 -0700] "GET /bio/awards/index.html HTTP/1.1" 404 88 "-" "Mozilla/5.0 AppleWebKit/537.36 (KHTML, like Gecko; compatible; bingbot/2.0; +http://www.bing.com/bingbot.htm) Chrome/103.0.5060.134 Safari/537.36" "ysfine.com"
40.77.167.68 - - [04/Nov/2022:23:55:34 -0700] "GET /world/china/hongkong72.jpg HTTP/1.1" 200 93488 "-" "Mozilla/5.0 (compatible; bingbot/2.0; +http://www.bing.com/bingbot.htm)" "ysfine.com"
40.122.195.128 - - [04/Nov/2022:23:55:41 -0700] "GET /wdc/washmo14.jpg HTTP/1.1" 200 100379 "https://ysfine.com/wdc" "Mozilla/5.0 (Linux; Android 10; SM-G960U) AppleWebKit/537.36 (KHTML, like Gecko) Chrome/88.0.4324.181 Mobile Safari/537.36" "ysfine.com"
173.73.77.36 - - [04/Nov/2022:23:55:49 -0700] "GET /ysbio/awards/marq.html HTTP/1.1" 200 3214 "-" "Mozilla/5.0 (Windows NT 10.0; Win64; x64) AppleWebKit/537.36 (KHTML, like Gecko) Chrome/107.0.0.0 Safari/537.36" "ysfine.com"
173.73.77.36 - - [04/Nov/2022:23:55:49 -0700] "GET /ysbio/family18d.jpg HTTP/1.1" 200 69135 "https://ysfine.com/ysbio/awards/marq.html" "Mozilla/5.0 (Windows NT 10.0; Win64; x64) AppleWebKit/537.36 (KHTML, like Gecko) Chrome/107.0.0.0 Safari/537.36" "ysfine.com"
173.73.77.36 - - [04/Nov/2022:23:55:49 -0700] "GET /ysbio/handsome22f.jpg HTTP/1.1" 200 122334 "https://ysfine.com/ysbio/awards/marq.html" "Mozilla/5.0 (Windows NT 10.0; Win64; x64) AppleWebKit/537.36 (KHTML, like Gecko) Chrome/107.0.0.0 Safari/537.36" "ysfine.com"
173.73.77.36 - - [04/Nov/2022:23:55:49 -0700] "GET /ysbio/fotos/bridge11d.jpg HTTP/1.1" 200 55851 "https://ysfine.com/ysbio/awards/marq.html" "Mozilla/5.0 (Windows NT 10.0; Win64; x64) AppleWebKit/537.36 (KHTML, like Gecko) Chrome/107.0.0.0 Safari/537.36" "ysfine.com"
157.55.39.76 - - [04/Nov/2022:23:55:51 -0700] "GET /ysbio/world/china/dalian.html HTTP/1.1" 200 5040 "-" "Mozilla/5.0 (compatible; bingbot/2.0; +http://www.bing.com/bingbot.htm)" "ysfine.com"
20.109.241.98 - - [04/Nov/2022:23:55:55 -0700] "GET /newyork/wtc06.jpg HTTP/1.1" 200 237254 "https://ysfine.com/newyork" "Mozilla/5.0 (iPhone; CPU iPhone OS 13_5_1 like Mac OS X) AppleWebKit/605.1.15 (KHTML, like Gecko) Version/13.1.1 Mobile/15E148 Safari/604.1" "ysfine.com"
173.73.77.36 - - [04/Nov/2022:23:56:07 -0700] "GET /favicon.ico HTTP/1.1" 404 88 "https://ysfine.com/ysbio/awards/marq.html" "Mozilla/5.0 (Windows NT 10.0; Win64; x64) AppleWebKit/537.36 (KHTML, like Gecko) Chrome/107.0.0.0 Safari/537.36" "ysfine.com"
40.77.167.27 - - [04/Nov/2022:23:56:09 -0700] "GET /wigner/wigheis33b.jpg HTTP/1.1" 200 47985 "-" "Mozilla/5.0 AppleWebKit/537.36 (KHTML, like Gecko; compatible; bingbot/2.0; +http://www.bing.com/bingbot.htm) Chrome/103.0.5060.134 Safari/537.36" "ysfine.com"
20.109.241.96 - - [04/Nov/2022:23:56:12 -0700] "GET /world/poland/gdn52b.jpg HTTP/1.1" 200 45160 "http://www.ysfine.com/world/poland" "Mozilla/5.0 (X11; Linux x86_64) AppleWebKit/537.36 (KHTML, like Gecko) Chrome/74.0.3729.169 Safari/537.36" "www.ysfine.com"
173.73.77.36 - - [04/Nov/2022:23:56:22 -0700] "GET /ysbio/kowar/sampal.html HTTP/1.1" 200 12090 "https://ysfine.com/ysbio/awards/marq.html" "Mozilla/5.0 (Windows NT 10.0; Win64; x64) AppleWebKit/537.36 (KHTML, like Gecko) Chrome/107.0.0.0 Safari/537.36" "ysfine.com"
173.73.77.36 - - [04/Nov/2022:23:56:22 -0700] "GET /ysbio/home/ysnr11c.jpg HTTP/1.1" 404 88 "https://ysfine.com/ysbio/kowar/sampal.html" "Mozilla/5.0 (Windows NT 10.0; Win64; x64) AppleWebKit/537.36 (KHTML, like Gecko) Chrome/107.0.0.0 Safari/537.36" "ysfine.com"
173.73.77.36 - - [04/Nov/2022:23:56:22 -0700] "GET /ysbio/kobak/somap38b.jpg HTTP/1.1" 200 54149 "https://ysfine.com/ysbio/kowar/sampal.html" "Mozilla/5.0 (Windows NT 10.0; Win64; x64) AppleWebKit/537.36 (KHTML, like Gecko) Chrome/107.0.0.0 Safari/537.36" "ysfine.com"
173.73.77.36 - - [04/Nov/2022:23:56:22 -0700] "GET /ysbio/kowar/shintak01b.jpg HTTP/1.1" 200 42707 "https://ysfine.com/ysbio/kowar/sampal.html" "Mozilla/5.0 (Windows NT 10.0; Win64; x64) AppleWebKit/537.36 (KHTML, like Gecko) Chrome/107.0.0.0 Safari/537.36" "ysfine.com"
173.73.77.36 - - [04/Nov/2022:23:56:22 -0700] "GET /ysbio/kowar/sampal02b.jpg HTTP/1.1" 200 39972 "https://ysfine.com/ysbio/kowar/sampal.html" "Mozilla/5.0 (Windows NT 10.0; Win64; x64) AppleWebKit/537.36 (KHTML, like Gecko) Chrome/107.0.0.0 Safari/537.36" "ysfine.com"
173.73.77.36 - - [04/Nov/2022:23:56:22 -0700] "GET /ysbio/kowar/rusk01b.jpg HTTP/1.1" 200 42888 "https://ysfine.com/ysbio/kowar/sampal.html" "Mozilla/5.0 (Windows NT 10.0; Win64; x64) AppleWebKit/537.36 (KHTML, like Gecko) Chrome/107.0.0.0 Safari/537.36" "ysfine.com"
173.73.77.36 - - [04/Nov/2022:23:56:22 -0700] "GET /ysbio/kowar/yaltac02b.jpg HTTP/1.1" 200 42243 "https://ysfine.com/ysbio/kowar/sampal.html" "Mozilla/5.0 (Windows NT 10.0; Win64; x64) AppleWebKit/537.36 (KHTML, like Gecko) Chrome/107.0.0.0 Safari/537.36" "ysfine.com"
173.73.77.36 - - [04/Nov/2022:23:56:22 -0700] "GET /ysbio/kowar/iwojima01b.jpg HTTP/1.1" 200 51598 "https://ysfine.com/ysbio/kowar/sampal.html" "Mozilla/5.0 (Windows NT 10.0; Win64; x64) AppleWebKit/537.36 (KHTML, like Gecko) Chrome/107.0.0.0 Safari/537.36" "ysfine.com"
173.73.77.36 - - [04/Nov/2022:23:56:22 -0700] "GET /ysbio/kowar/roosevelt01b.jpg HTTP/1.1" 200 30594 "https://ysfine.com/ysbio/kowar/sampal.html" "Mozilla/5.0 (Windows NT 10.0; Win64; x64) AppleWebKit/537.36 (KHTML, like Gecko) Chrome/107.0.0.0 Safari/537.36" "ysfine.com"
173.73.77.36 - - [04/Nov/2022:23:56:22 -0700] "GET /ysbio/kowar/bonesteel01b.jpg HTTP/1.1" 200 33050 "https://ysfine.com/ysbio/kowar/sampal.html" "Mozilla/5.0 (Windows NT 10.0; Win64; x64) AppleWebKit/537.36 (KHTML, like Gecko) Chrome/107.0.0.0 Safari/537.36" "ysfine.com"
173.73.77.36 - - [04/Nov/2022:23:56:22 -0700] "GET /ysbio/kowar/tanks/abomb01b.jpg HTTP/1.1" 200 32937 "https://ysfine.com/ysbio/kowar/sampal.html" "Mozilla/5.0 (Windows NT 10.0; Win64; x64) AppleWebKit/537.36 (KHTML, like Gecko) Chrome/107.0.0.0 Safari/537.36" "ysfine.com"
173.73.77.36 - - [04/Nov/2022:23:56:22 -0700] "GET /ysbio/kowar/tehran43b.jpg HTTP/1.1" 200 45127 "https://ysfine.com/ysbio/kowar/sampal.html" "Mozilla/5.0 (Windows NT 10.0; Win64; x64) AppleWebKit/537.36 (KHTML, like Gecko) Chrome/107.0.0.0 Safari/537.36" "ysfine.com"
173.73.77.36 - - [04/Nov/2022:23:56:22 -0700] "GET /ysbio/kowar/kwandong02b.jpg HTTP/1.1" 200 55217 "https://ysfine.com/ysbio/kowar/sampal.html" "Mozilla/5.0 (Windows NT 10.0; Win64; x64) AppleWebKit/537.36 (KHTML, like Gecko) Chrome/107.0.0.0 Safari/537.36" "ysfine.com"
173.73.77.36 - - [04/Nov/2022:23:56:22 -0700] "GET /ysbio/kowar/tanks/arisakaguns01b.jpg HTTP/1.1" 200 33229 "https://ysfine.com/ysbio/kowar/sampal.html" "Mozilla/5.0 (Windows NT 10.0; Win64; x64) AppleWebKit/537.36 (KHTML, like Gecko) Chrome/107.0.0.0 Safari/537.36" "ysfine.com"
173.73.77.36 - - [04/Nov/2022:23:56:22 -0700] "GET /ysbio/kowar/tanks/gmc03b.jpg HTTP/1.1" 200 47909 "https://ysfine.com/ysbio/kowar/sampal.html" "Mozilla/5.0 (Windows NT 10.0; Win64; x64) AppleWebKit/537.36 (KHTML, like Gecko) Chrome/107.0.0.0 Safari/537.36" "ysfine.com"
173.73.77.36 - - [04/Nov/2022:23:56:22 -0700] "GET /ysbio/kowar/stalin01b.jpg HTTP/1.1" 200 43158 "https://ysfine.com/ysbio/kowar/sampal.html" "Mozilla/5.0 (Windows NT 10.0; Win64; x64) AppleWebKit/537.36 (KHTML, like Gecko) Chrome/107.0.0.0 Safari/537.36" "ysfine.com"
173.73.77.36 - - [04/Nov/2022:23:56:22 -0700] "GET /ysbio/kowar/zhukov01b.jpg HTTP/1.1" 200 43906 "https://ysfine.com/ysbio/kowar/sampal.html" "Mozilla/5.0 (Windows NT 10.0; Win64; x64) AppleWebKit/537.36 (KHTML, like Gecko) Chrome/107.0.0.0 Safari/537.36" "ysfine.com"
173.73.77.36 - - [04/Nov/2022:23:56:22 -0700] "GET /ysbio/kowar/potsdam01b.jpg HTTP/1.1" 200 47865 "https://ysfine.com/ysbio/kowar/sampal.html" "Mozilla/5.0 (Windows NT 10.0; Win64; x64) AppleWebKit/537.36 (KHTML, like Gecko) Chrome/107.0.0.0 Safari/537.36" "ysfine.com"
173.73.77.36 - - [04/Nov/2022:23:56:22 -0700] "GET /ysbio/kowar/tanks/tankbt57b.jpg HTTP/1.1" 200 52672 "https://ysfine.com/ysbio/kowar/sampal.html" "Mozilla/5.0 (Windows NT 10.0; Win64; x64) AppleWebKit/537.36 (KHTML, like Gecko) Chrome/107.0.0.0 Safari/537.36" "ysfine.com"
173.73.77.36 - - [04/Nov/2022:23:56:22 -0700] "GET /ysbio/kowar/sampal03b.jpg HTTP/1.1" 200 61883 "https://ysfine.com/ysbio/kowar/sampal.html" "Mozilla/5.0 (Windows NT 10.0; Win64; x64) AppleWebKit/537.36 (KHTML, like Gecko) Chrome/107.0.0.0 Safari/537.36" "ysfine.com"
173.73.77.36 - - [04/Nov/2022:23:56:22 -0700] "GET /ysbio/kobak/church03b.jpg HTTP/1.1" 200 50665 "https://ysfine.com/ysbio/kowar/sampal.html" "Mozilla/5.0 (Windows NT 10.0; Win64; x64) AppleWebKit/537.36 (KHTML, like Gecko) Chrome/107.0.0.0 Safari/537.36" "ysfine.com"
173.73.77.36 - - [04/Nov/2022:23:56:22 -0700] "GET /ysbio/kowar/tojo01b.jpg HTTP/1.1" 200 55959 "https://ysfine.com/ysbio/kowar/sampal.html" "Mozilla/5.0 (Windows NT 10.0; Win64; x64) AppleWebKit/537.36 (KHTML, like Gecko) Chrome/107.0.0.0 Safari/537.36" "ysfine.com"
173.73.77.36 - - [04/Nov/2022:23:56:22 -0700] "GET /ysbio/kowar/pnoodle01b.jpg HTTP/1.1" 200 44990 "https://ysfine.com/ysbio/kowar/sampal.html" "Mozilla/5.0 (Windows NT 10.0; Win64; x64) AppleWebKit/537.36 (KHTML, like Gecko) Chrome/107.0.0.0 Safari/537.36" "ysfine.com"
173.73.77.36 - - [04/Nov/2022:23:56:22 -0700] "GET /ysbio/kowar/tanks/malaya01b.jpg HTTP/1.1" 200 50821 "https://ysfine.com/ysbio/kowar/sampal.html" "Mozilla/5.0 (Windows NT 10.0; Win64; x64) AppleWebKit/537.36 (KHTML, like Gecko) Chrome/107.0.0.0 Safari/537.36" "ysfine.com"
173.73.77.36 - - [04/Nov/2022:23:56:22 -0700] "GET /ysbio/kowar/yaltac01b.jpg HTTP/1.1" 200 52982 "https://ysfine.com/ysbio/kowar/sampal.html" "Mozilla/5.0 (Windows NT 10.0; Win64; x64) AppleWebKit/537.36 (KHTML, like Gecko) Chrome/107.0.0.0 Safari/537.36" "ysfine.com"
173.73.77.36 - - [04/Nov/2022:23:56:22 -0700] "GET /ysbio/kowar/ningen01b.jpg HTTP/1.1" 200 41414 "https://ysfine.com/ysbio/kowar/sampal.html" "Mozilla/5.0 (Windows NT 10.0; Win64; x64) AppleWebKit/537.36 (KHTML, like Gecko) Chrome/107.0.0.0 Safari/537.36" "ysfine.com"
173.73.77.36 - - [04/Nov/2022:23:56:22 -0700] "GET /ysbio/kowar/kwandong01b.jpg HTTP/1.1" 200 33688 "https://ysfine.com/ysbio/kowar/sampal.html" "Mozilla/5.0 (Windows NT 10.0; Win64; x64) AppleWebKit/537.36 (KHTML, like Gecko) Chrome/107.0.0.0 Safari/537.36" "ysfine.com"
173.73.77.36 - - [04/Nov/2022:23:56:22 -0700] "GET /ysbio/kowar/yaltac03b.jpg HTTP/1.1" 200 33354 "https://ysfine.com/ysbio/kowar/sampal.html" "Mozilla/5.0 (Windows NT 10.0; Win64; x64) AppleWebKit/537.36 (KHTML, like Gecko) Chrome/107.0.0.0 Safari/537.36" "ysfine.com"
173.73.77.36 - - [04/Nov/2022:23:56:22 -0700] "GET /ysbio/kowar/landreform01b.jpg HTTP/1.1" 200 63201 "https://ysfine.com/ysbio/kowar/sampal.html" "Mozilla/5.0 (Windows NT 10.0; Win64; x64) AppleWebKit/537.36 (KHTML, like Gecko) Chrome/107.0.0.0 Safari/537.36" "ysfine.com"
20.109.241.81 - - [04/Nov/2022:23:56:35 -0700] "GET /friends/polnewyork01b.jpg HTTP/1.1" 404 88 "https://ysfine.com/friends" "Mozilla/5.0 (X11; Linux x86_64) AppleWebKit/537.36 (KHTML, like Gecko) Chrome/74.0.3729.169 Safari/537.36" "ysfine.com"
40.77.167.27 - - [04/Nov/2022:23:56:40 -0700] "GET /ysbio/maga/lorenuni.html HTTP/1.1" 200 2365 "-" "Mozilla/5.0 AppleWebKit/537.36 (KHTML, like Gecko; compatible; bingbot/2.0; +http://www.bing.com/bingbot.htm) Chrome/103.0.5060.134 Safari/537.36" "ysfine.com"
51.222.253.12 - - [04/Nov/2022:23:57:16 -0700] "GET /wisdom/wk01.html HTTP/1.1" 200 88106 "-" "Mozilla/5.0 (compatible; AhrefsBot/7.0; +http://ahrefs.com/robot/)" "ysfine.com"
66.249.66.43 - - [04/Nov/2022:23:57:17 -0700] "GET /robots.txt HTTP/1.1" 404 88 "-" "Mozilla/5.0 (compatible; Googlebot/2.1; +http://www.google.com/bot.html)" "ysfine.com"
60.53.228.47 - - [04/Nov/2022:23:57:39 -0700] "GET /kobak/roskei90.jpg HTTP/1.1" 200 110306 "https://www.google.com/" "Mozilla/5.0 (Macintosh; Intel Mac OS X 10_15_7) AppleWebKit/537.36 (KHTML, like Gecko) Chrome/104.0.0.0 Safari/537.36" "ysfine.com"
93.158.161.40 - - [04/Nov/2022:23:58:08 -0700] "GET /friends/tymoshenko02.jpg HTTP/1.1" 404 88 "-" "Mozilla/5.0 (compatible; YandexImages/3.0; +http://yandex.com/bots)" "www.ysfine.com"
20.29.110.168 - - [04/Nov/2022:23:58:30 -0700] "GET /home/wsj11c.jpg HTTP/1.1" 200 34856 "https://ysfine.com/home" "Mozilla/5.0 (X11; Linux x86_64) AppleWebKit/537.36 (KHTML, like Gecko) Chrome/74.0.3729.169 Safari/537.36" "ysfine.com"
40.122.230.190 - - [04/Nov/2022:23:58:34 -0700] "GET /maga/phil/herod33b.jpg HTTP/1.1" 200 89384 "https://ysfine.com/maga/phil" "Mozilla/5.0 (iPhone; CPU iPhone OS 13_5_1 like Mac OS X) AppleWebKit/605.1.15 (KHTML, like Gecko) Version/13.1.1 Mobile/15E148 Safari/604.1" "ysfine.com"
40.77.167.71 - - [04/Nov/2022:23:58:43 -0700] "GET /ysbio/wisdom/quovadis.html HTTP/1.1" 200 3582 "-" "Mozilla/5.0 (compatible; bingbot/2.0; +http://www.bing.com/bingbot.htm)" "ysfine.com"
40.77.167.27 - - [04/Nov/2022:23:58:50 -0700] "GET /feynman/ppic/parton01.jpg HTTP/1.1" 200 64327 "-" "Mozilla/5.0 AppleWebKit/537.36 (KHTML, like Gecko; compatible; bingbot/2.0; +http://www.bing.com/bingbot.htm) Chrome/103.0.5060.134 Safari/537.36" "www.ysfine.com"
40.122.227.200 - - [04/Nov/2022:23:59:06 -0700] "GET /wdc/usna03b.jpg HTTP/1.1" 200 37328 "http://ysfine.com/wdc" "Mozilla/5.0 (Windows NT 10.0; Win64; x64) AppleWebKit/537.36 (KHTML, like Gecko) Chrome/74.0.3729.157 Safari/537.36" "ysfine.com"
40.77.167.68 - - [04/Nov/2022:23:59:23 -0700] "GET /world/russ/kilin104.jpg HTTP/1.1" 200 111146 "-" "Mozilla/5.0 AppleWebKit/537.36 (KHTML, like Gecko; compatible; bingbot/2.0; +http://www.bing.com/bingbot.htm) Chrome/103.0.5060.134 Safari/537.36" "www.ysfine.com"
40.77.167.68 - - [04/Nov/2022:23:59:25 -0700] "GET /world/russ/kazan056.jpg HTTP/1.1" 200 149705 "-" "Mozilla/5.0 AppleWebKit/537.36 (KHTML, like Gecko; compatible; bingbot/2.0; +http://www.bing.com/bingbot.htm) Chrome/103.0.5060.134 Safari/537.36" "www.ysfine.com"
20.29.110.170 - - [04/Nov/2022:23:59:49 -0700] "GET /world/china/shanghai057b.jpg HTTP/1.1" 200 46869 "https://ysfine.com/world/china" "Mozilla/5.0 (Macintosh; Intel Mac OS X 10_11_6) AppleWebKit/605.1.15 (KHTML, like Gecko) Version/11.1.2 Safari/605.1.15" "ysfine.com"
40.77.167.68 - - [05/Nov/2022:00:00:04 -0700] "GET /ysbio/feynman/fstorie.html HTTP/1.1" 200 790 "-" "Mozilla/5.0 (compatible; bingbot/2.0; +http://www.bing.com/bingbot.htm)" "ysfine.com"
40.122.230.190 - - [05/Nov/2022:00:01:01 -0700] "GET /world/russ/mosf22b.jpg HTTP/1.1" 200 41020 "https://ysfine.com/world/russ" "Mozilla/5.0 (Macintosh; Intel Mac OS X 10_11_6) AppleWebKit/605.1.15 (KHTML, like Gecko) Version/11.1.2 Safari/605.1.15" "ysfine.com"
40.77.167.71 - - [05/Nov/2022:00:01:03 -0700] "GET /ysbio/folks/goldha.html HTTP/1.1" 200 1796 "-" "Mozilla/5.0 (compatible; bingbot/2.0; +http://www.bing.com/bingbot.htm)" "ysfine.com"
13.67.228.136 - - [05/Nov/2022:00:01:17 -0700] "GET /world/poland/gdn19b.jpg HTTP/1.1" 200 33401 "https://ysfine.com/world/poland" "Mozilla/5.0 (iPhone; CPU iPhone OS 13_5_1 like Mac OS X) AppleWebKit/605.1.15 (KHTML, like Gecko) Version/13.1.1 Mobile/15E148 Safari/604.1" "ysfine.com"
20.109.241.96 - - [05/Nov/2022:00:01:37 -0700] "GET /dirac/2osc22a.jpg HTTP/1.1" 200 69742 "https://ysfine.com/dirac" "Mozilla/5.0 (iPhone; CPU iPhone OS 13_5_1 like Mac OS X) AppleWebKit/605.1.15 (KHTML, like Gecko) Version/13.1.1 Mobile/15E148 Safari/604.1" "ysfine.com"
20.29.110.170 - - [05/Nov/2022:00:02:32 -0700] "GET /ffriends/amkor/lewitt11c.jpg HTTP/1.1" 200 46868 "https://ysfine.com/ffriends/amkor" "Mozilla/5.0 (X11; Linux x86_64) AppleWebKit/537.36 (KHTML, like Gecko) Chrome/74.0.3729.169 Safari/537.36" "ysfine.com"
20.12.191.74 - - [05/Nov/2022:00:02:48 -0700] "GET /wigner/bieden02c.jpg HTTP/1.1" 200 35435 "https://ysfine.com/wigner" "Mozilla/5.0 (Linux; Android 10; SM-G960U) AppleWebKit/537.36 (KHTML, like Gecko) Chrome/88.0.4324.181 Mobile Safari/537.36" "ysfine.com"
173.73.77.36 - - [05/Nov/2022:00:02:59 -0700] "GET /ysbio/kowar/sampal.hrml HTTP/1.1" 404 88 "-" "Mozilla/5.0 (Windows NT 10.0; Win64; x64; rv:106.0) Gecko/20100101 Firefox/106.0" "www.ysfine.com"
202.83.18.110 - - [05/Nov/2022:00:03:22 -0700] "GET /einstein/einbohr33.jpg HTTP/1.1" 200 87797 "https://www.google.com/" "Mozilla/5.0 (Windows NT 10.0; WOW64) AppleWebKit/537.36 (KHTML, like Gecko) Chrome/107.0.0.0 Safari/537.36" "ysfine.com"
40.77.167.68 - - [05/Nov/2022:00:03:24 -0700] "GET /style/yasukuni22.jpg HTTP/1.1" 200 93694 "-" "Mozilla/5.0 AppleWebKit/537.36 (KHTML, like Gecko; compatible; bingbot/2.0; +http://www.bing.com/bingbot.htm) Chrome/103.0.5060.134 Safari/537.36" "ysfine.com"
173.73.77.36 - - [05/Nov/2022:00:03:43 -0700] "GET /ysbio/kowar/sampal.html HTTP/1.1" 200 12090 "-" "Mozilla/5.0 (Windows NT 10.0; Win64; x64; rv:106.0) Gecko/20100101 Firefox/106.0" "www.ysfine.com"
173.73.77.36 - - [05/Nov/2022:00:03:43 -0700] "GET /ysbio/ysnr11c.jpg HTTP/1.1" 200 36964 "https://www.ysfine.com/ysbio/kowar/sampal.html" "Mozilla/5.0 (Windows NT 10.0; Win64; x64; rv:106.0) Gecko/20100101 Firefox/106.0" "www.ysfine.com"
173.73.77.36 - - [05/Nov/2022:00:03:43 -0700] "GET /ysbio/kobak/somap38b.jpg HTTP/1.1" 200 54149 "https://www.ysfine.com/ysbio/kowar/sampal.html" "Mozilla/5.0 (Windows NT 10.0; Win64; x64; rv:106.0) Gecko/20100101 Firefox/106.0" "www.ysfine.com"
173.73.77.36 - - [05/Nov/2022:00:03:43 -0700] "GET /ysbio/kowar/roosevelt01b.jpg HTTP/1.1" 200 30594 "https://www.ysfine.com/ysbio/kowar/sampal.html" "Mozilla/5.0 (Windows NT 10.0; Win64; x64; rv:106.0) Gecko/20100101 Firefox/106.0" "www.ysfine.com"
173.73.77.36 - - [05/Nov/2022:00:03:43 -0700] "GET /ysbio/kowar/landreform01b.jpg HTTP/1.1" 200 63201 "https://www.ysfine.com/ysbio/kowar/sampal.html" "Mozilla/5.0 (Windows NT 10.0; Win64; x64; rv:106.0) Gecko/20100101 Firefox/106.0" "www.ysfine.com"
173.73.77.36 - - [05/Nov/2022:00:03:43 -0700] "GET /ysbio/kowar/tanks/abomb01b.jpg HTTP/1.1" 200 32937 "https://www.ysfine.com/ysbio/kowar/sampal.html" "Mozilla/5.0 (Windows NT 10.0; Win64; x64; rv:106.0) Gecko/20100101 Firefox/106.0" "www.ysfine.com"
173.73.77.36 - - [05/Nov/2022:00:03:43 -0700] "GET /ysbio/kowar/shintak01b.jpg HTTP/1.1" 200 42707 "https://www.ysfine.com/ysbio/kowar/sampal.html" "Mozilla/5.0 (Windows NT 10.0; Win64; x64; rv:106.0) Gecko/20100101 Firefox/106.0" "www.ysfine.com"
173.73.77.36 - - [05/Nov/2022:00:03:43 -0700] "GET /ysbio/kowar/zhukov01b.jpg HTTP/1.1" 200 43906 "https://www.ysfine.com/ysbio/kowar/sampal.html" "Mozilla/5.0 (Windows NT 10.0; Win64; x64; rv:106.0) Gecko/20100101 Firefox/106.0" "www.ysfine.com"
173.73.77.36 - - [05/Nov/2022:00:03:43 -0700] "GET /ysbio/kowar/potsdam01b.jpg HTTP/1.1" 200 47865 "https://www.ysfine.com/ysbio/kowar/sampal.html" "Mozilla/5.0 (Windows NT 10.0; Win64; x64; rv:106.0) Gecko/20100101 Firefox/106.0" "www.ysfine.com"
173.73.77.36 - - [05/Nov/2022:00:03:43 -0700] "GET /ysbio/kowar/sampal02b.jpg HTTP/1.1" 200 39972 "https://www.ysfine.com/ysbio/kowar/sampal.html" "Mozilla/5.0 (Windows NT 10.0; Win64; x64; rv:106.0) Gecko/20100101 Firefox/106.0" "www.ysfine.com"
173.73.77.36 - - [05/Nov/2022:00:03:43 -0700] "GET /ysbio/kowar/bonesteel01b.jpg HTTP/1.1" 200 33050 "https://www.ysfine.com/ysbio/kowar/sampal.html" "Mozilla/5.0 (Windows NT 10.0; Win64; x64; rv:106.0) Gecko/20100101 Firefox/106.0" "www.ysfine.com"
173.73.77.36 - - [05/Nov/2022:00:03:43 -0700] "GET /ysbio/kowar/tehran43b.jpg HTTP/1.1" 200 45127 "https://www.ysfine.com/ysbio/kowar/sampal.html" "Mozilla/5.0 (Windows NT 10.0; Win64; x64; rv:106.0) Gecko/20100101 Firefox/106.0" "www.ysfine.com"
173.73.77.36 - - [05/Nov/2022:00:03:43 -0700] "GET /ysbio/kowar/pnoodle01b.jpg HTTP/1.1" 200 44990 "https://www.ysfine.com/ysbio/kowar/sampal.html" "Mozilla/5.0 (Windows NT 10.0; Win64; x64; rv:106.0) Gecko/20100101 Firefox/106.0" "www.ysfine.com"
173.73.77.36 - - [05/Nov/2022:00:03:43 -0700] "GET /ysbio/kowar/tojo01b.jpg HTTP/1.1" 200 55959 "https://www.ysfine.com/ysbio/kowar/sampal.html" "Mozilla/5.0 (Windows NT 10.0; Win64; x64; rv:106.0) Gecko/20100101 Firefox/106.0" "www.ysfine.com"
173.73.77.36 - - [05/Nov/2022:00:03:43 -0700] "GET /ysbio/kowar/tanks/gmc01b.jpg HTTP/1.1" 200 43939 "https://www.ysfine.com/ysbio/kowar/sampal.html" "Mozilla/5.0 (Windows NT 10.0; Win64; x64; rv:106.0) Gecko/20100101 Firefox/106.0" "www.ysfine.com"
173.73.77.36 - - [05/Nov/2022:00:03:43 -0700] "GET /ysbio/kowar/sampal03b.jpg HTTP/1.1" 200 61883 "https://www.ysfine.com/ysbio/kowar/sampal.html" "Mozilla/5.0 (Windows NT 10.0; Win64; x64; rv:106.0) Gecko/20100101 Firefox/106.0" "www.ysfine.com"
173.73.77.36 - - [05/Nov/2022:00:03:43 -0700] "GET /ysbio/kowar/yaltac03b.jpg HTTP/1.1" 200 33354 "https://www.ysfine.com/ysbio/kowar/sampal.html" "Mozilla/5.0 (Windows NT 10.0; Win64; x64; rv:106.0) Gecko/20100101 Firefox/106.0" "www.ysfine.com"
173.73.77.36 - - [05/Nov/2022:00:03:43 -0700] "GET /ysbio/kowar/iwojima01b.jpg HTTP/1.1" 200 51598 "https://www.ysfine.com/ysbio/kowar/sampal.html" "Mozilla/5.0 (Windows NT 10.0; Win64; x64; rv:106.0) Gecko/20100101 Firefox/106.0" "www.ysfine.com"
173.73.77.36 - - [05/Nov/2022:00:03:43 -0700] "GET /ysbio/kowar/tanks/tank05b.jpg HTTP/1.1" 200 48742 "https://www.ysfine.com/ysbio/kowar/sampal.html" "Mozilla/5.0 (Windows NT 10.0; Win64; x64; rv:106.0) Gecko/20100101 Firefox/106.0" "www.ysfine.com"
173.73.77.36 - - [05/Nov/2022:00:03:43 -0700] "GET /ysbio/kowar/kwandong02b.jpg HTTP/1.1" 200 55217 "https://www.ysfine.com/ysbio/kowar/sampal.html" "Mozilla/5.0 (Windows NT 10.0; Win64; x64; rv:106.0) Gecko/20100101 Firefox/106.0" "www.ysfine.com"
173.73.77.36 - - [05/Nov/2022:00:03:43 -0700] "GET /ysbio/kowar/stalin01b.jpg HTTP/1.1" 200 43158 "https://www.ysfine.com/ysbio/kowar/sampal.html" "Mozilla/5.0 (Windows NT 10.0; Win64; x64; rv:106.0) Gecko/20100101 Firefox/106.0" "www.ysfine.com"
173.73.77.36 - - [05/Nov/2022:00:03:43 -0700] "GET /ysbio/kowar/kwandong01b.jpg HTTP/1.1" 200 33688 "https://www.ysfine.com/ysbio/kowar/sampal.html" "Mozilla/5.0 (Windows NT 10.0; Win64; x64; rv:106.0) Gecko/20100101 Firefox/106.0" "www.ysfine.com"
173.73.77.36 - - [05/Nov/2022:00:03:43 -0700] "GET /ysbio/kowar/ningen01b.jpg HTTP/1.1" 200 41414 "https://www.ysfine.com/ysbio/kowar/sampal.html" "Mozilla/5.0 (Windows NT 10.0; Win64; x64; rv:106.0) Gecko/20100101 Firefox/106.0" "www.ysfine.com"
173.73.77.36 - - [05/Nov/2022:00:03:43 -0700] "GET /ysbio/kowar/yaltac01b.jpg HTTP/1.1" 200 52982 "https://www.ysfine.com/ysbio/kowar/sampal.html" "Mozilla/5.0 (Windows NT 10.0; Win64; x64; rv:106.0) Gecko/20100101 Firefox/106.0" "www.ysfine.com"
173.73.77.36 - - [05/Nov/2022:00:03:43 -0700] "GET /ysbio/kowar/tanks/tankbt57b.jpg HTTP/1.1" 200 52672 "https://www.ysfine.com/ysbio/kowar/sampal.html" "Mozilla/5.0 (Windows NT 10.0; Win64; x64; rv:106.0) Gecko/20100101 Firefox/106.0" "www.ysfine.com"
173.73.77.36 - - [05/Nov/2022:00:03:43 -0700] "GET /ysbio/eink/pwk19c.jpg HTTP/1.1" 200 57759 "https://www.ysfine.com/ysbio/kowar/sampal.html" "Mozilla/5.0 (Windows NT 10.0; Win64; x64; rv:106.0) Gecko/20100101 Firefox/106.0" "www.ysfine.com"
173.73.77.36 - - [05/Nov/2022:00:03:43 -0700] "GET /ysbio/kowar/rusk01b.jpg HTTP/1.1" 200 42888 "https://www.ysfine.com/ysbio/kowar/sampal.html" "Mozilla/5.0 (Windows NT 10.0; Win64; x64; rv:106.0) Gecko/20100101 Firefox/106.0" "www.ysfine.com"
173.73.77.36 - - [05/Nov/2022:00:03:43 -0700] "GET /ysbio/kowar/yaltac02b.jpg HTTP/1.1" 200 42243 "https://www.ysfine.com/ysbio/kowar/sampal.html" "Mozilla/5.0 (Windows NT 10.0; Win64; x64; rv:106.0) Gecko/20100101 Firefox/106.0" "www.ysfine.com"
173.73.77.36 - - [05/Nov/2022:00:03:43 -0700] "GET /ysbio/kowar/tanks/malaya01b.jpg HTTP/1.1" 200 50821 "https://www.ysfine.com/ysbio/kowar/sampal.html" "Mozilla/5.0 (Windows NT 10.0; Win64; x64; rv:106.0) Gecko/20100101 Firefox/106.0" "www.ysfine.com"
173.73.77.36 - - [05/Nov/2022:00:03:43 -0700] "GET /ysbio/kobak/church03b.jpg HTTP/1.1" 200 50665 "https://www.ysfine.com/ysbio/kowar/sampal.html" "Mozilla/5.0 (Windows NT 10.0; Win64; x64; rv:106.0) Gecko/20100101 Firefox/106.0" "www.ysfine.com"
173.73.77.36 - - [05/Nov/2022:00:03:43 -0700] "GET /ysbio/kowar/tanks/arisakaguns01b.jpg HTTP/1.1" 200 33229 "https://www.ysfine.com/ysbio/kowar/sampal.html" "Mozilla/5.0 (Windows NT 10.0; Win64; x64; rv:106.0) Gecko/20100101 Firefox/106.0" "www.ysfine.com"
173.73.77.36 - - [05/Nov/2022:00:03:43 -0700] "GET /ysbio/kowar/tanks/gmc03b.jpg HTTP/1.1" 200 47909 "https://www.ysfine.com/ysbio/kowar/sampal.html" "Mozilla/5.0 (Windows NT 10.0; Win64; x64; rv:106.0) Gecko/20100101 Firefox/106.0" "www.ysfine.com"
173.73.77.36 - - [05/Nov/2022:00:03:43 -0700] "GET /ysbio/world/russ/roskei10b.jpg HTTP/1.1" 200 36598 "https://www.ysfine.com/ysbio/kowar/sampal.html" "Mozilla/5.0 (Windows NT 10.0; Win64; x64; rv:106.0) Gecko/20100101 Firefox/106.0" "www.ysfine.com"
13.67.224.12 - - [05/Nov/2022:00:04:01 -0700] "GET /world/germany/stutt20b.jpg HTTP/1.1" 200 45279 "http://ysfine.com/world/germany" "Mozilla/5.0 (Macintosh; Intel Mac OS X 10_11_6) AppleWebKit/605.1.15 (KHTML, like Gecko) Version/11.1.2 Safari/605.1.15" "ysfine.com"
173.73.77.36 - - [05/Nov/2022:00:04:01 -0700] "GET /ysbio/kowar/pnoodle01.jpg HTTP/1.1" 200 115383 "https://www.ysfine.com/ysbio/kowar/sampal.html" "Mozilla/5.0 (Windows NT 10.0; Win64; x64; rv:106.0) Gecko/20100101 Firefox/106.0" "www.ysfine.com"
20.106.27.173 - - [05/Nov/2022:00:04:05 -0700] "GET /eink/reagan01d.jpg HTTP/1.1" 200 63614 "https://ysfine.com/eink" "Mozilla/5.0 (Macintosh; Intel Mac OS X 10_11_6) AppleWebKit/605.1.15 (KHTML, like Gecko) Version/11.1.2 Safari/605.1.15" "ysfine.com"
20.109.241.82 - - [05/Nov/2022:00:04:25 -0700] "GET /princeton/brooke56c.jpg HTTP/1.1" 200 35600 "https://ysfine.com/princeton" "Mozilla/5.0 (Macintosh; Intel Mac OS X 10_11_6) AppleWebKit/605.1.15 (KHTML, like Gecko) Version/11.1.2 Safari/605.1.15" "ysfine.com"
157.55.39.76 - - [05/Nov/2022:00:04:29 -0700] "GET /world/germany/nuremf05.jpg HTTP/1.1" 200 131290 "-" "Mozilla/5.0 (compatible; bingbot/2.0; +http://www.bing.com/bingbot.htm)" "www.ysfine.com"
157.55.39.76 - - [05/Nov/2022:00:04:40 -0700] "GET /sbk/2007verein.jpg HTTP/1.1" 200 114552 "-" "Mozilla/5.0 AppleWebKit/537.36 (KHTML, like Gecko; compatible; bingbot/2.0; +http://www.bing.com/bingbot.htm) Chrome/103.0.5060.134 Safari/537.36" "ysfine.com"
40.77.167.27 - - [05/Nov/2022:00:04:41 -0700] "GET /world/germany/oktf09b.jpg HTTP/1.1" 200 39021 "-" "Mozilla/5.0 AppleWebKit/537.36 (KHTML, like Gecko; compatible; bingbot/2.0; +http://www.bing.com/bingbot.htm) Chrome/103.0.5060.134 Safari/537.36" "www.ysfine.com"
157.55.39.17 - - [05/Nov/2022:00:04:53 -0700] "GET /bio/world/leipzig.html HTTP/1.1" 404 88 "-" "Mozilla/5.0 (compatible; bingbot/2.0; +http://www.bing.com/bingbot.htm)" "ysfine.com"
51.222.253.4 - - [05/Nov/2022:00:04:57 -0700] "GET /ysbio/class54/emailed02.html HTTP/1.1" 200 29084 "-" "Mozilla/5.0 (compatible; AhrefsBot/7.0; +http://ahrefs.com/robot/)" "www.ysfine.com"
51.222.253.4 - - [05/Nov/2022:00:05:03 -0700] "GET /ysbio/world/scandi/sto035b.jpg HTTP/1.1" 200 46278 "-" "Mozilla/5.0 (compatible; AhrefsBot/7.0; +http://ahrefs.com/robot/)" "www.ysfine.com"
51.222.253.11 - - [05/Nov/2022:00:05:09 -0700] "GET /ysbio/kobak/sonja2.jpg HTTP/1.1" 200 31693 "-" "Mozilla/5.0 (compatible; AhrefsBot/7.0; +http://ahrefs.com/robot/)" "www.ysfine.com"
20.29.110.168 - - [05/Nov/2022:00:05:11 -0700] "GET /style/socrates22.jpg HTTP/1.1" 200 134316 "https://www.ysfine.com/style" "Mozilla/5.0 (X11; Linux x86_64) AppleWebKit/537.36 (KHTML, like Gecko) Chrome/74.0.3729.169 Safari/537.36" "www.ysfine.com"
51.222.253.14 - - [05/Nov/2022:00:05:14 -0700] "GET /ysbio/style/hamako33b.jpg HTTP/1.1" 200 44854 "-" "Mozilla/5.0 (compatible; AhrefsBot/7.0; +http://ahrefs.com/robot/)" "www.ysfine.com"
157.55.39.65 - - [05/Nov/2022:00:05:19 -0700] "GET /bio/style/ystyle.html HTTP/1.1" 404 88 "-" "Mozilla/5.0 AppleWebKit/537.36 (KHTML, like Gecko; compatible; bingbot/2.0; +http://www.bing.com/bingbot.htm) Chrome/103.0.5060.134 Safari/537.36" "ysfine.com"
51.222.253.18 - - [05/Nov/2022:00:05:20 -0700] "GET /ysbio/wisdom/bigpower01b.jpg HTTP/1.1" 200 57155 "-" "Mozilla/5.0 (compatible; AhrefsBot/7.0; +http://ahrefs.com/robot/)" "www.ysfine.com"
51.222.253.19 - - [05/Nov/2022:00:05:26 -0700] "GET /ysbio/people/facu63b.jpg HTTP/1.1" 404 88 "-" "Mozilla/5.0 (compatible; AhrefsBot/7.0; +http://ahrefs.com/robot/)" "www.ysfine.com"
51.222.253.10 - - [05/Nov/2022:00:05:26 -0700] "GET /ysbio/world/russ/mosmusic18b.jpg HTTP/1.1" 200 51573 "-" "Mozilla/5.0 (compatible; AhrefsBot/7.0; +http://ahrefs.com/robot/)" "www.ysfine.com"
51.222.253.1 - - [05/Nov/2022:00:05:28 -0700] "GET /ysbio/world/ital/vaticanf05b.jpg HTTP/1.1" 200 35225 "-" "Mozilla/5.0 (compatible; AhrefsBot/7.0; +http://ahrefs.com/robot/)" "www.ysfine.com"
51.222.253.18 - - [05/Nov/2022:00:05:34 -0700] "GET /ysbio/people/ys63b.jpg HTTP/1.1" 404 88 "-" "Mozilla/5.0 (compatible; AhrefsBot/7.0; +http://ahrefs.com/robot/)" "www.ysfine.com"
51.222.253.6 - - [05/Nov/2022:00:05:34 -0700] "GET /ysbio/wigner/wigein270.jpg HTTP/1.1" 200 21005 "-" "Mozilla/5.0 (compatible; AhrefsBot/7.0; +http://ahrefs.com/robot/)" "www.ysfine.com"
51.222.253.20 - - [05/Nov/2022:00:05:39 -0700] "GET /ysbio/maga/phil/marxber22b.jpg HTTP/1.1" 200 48373 "-" "Mozilla/5.0 (compatible; AhrefsBot/7.0; +http://ahrefs.com/robot/)" "www.ysfine.com"
20.109.241.96 - - [05/Nov/2022:00:05:40 -0700] "GET /maga/phil/hugom11b.jpg HTTP/1.1" 200 47204 "https://ysfine.com/maga/phil" "Mozilla/5.0 (Linux; Android 10; SM-G960U) AppleWebKit/537.36 (KHTML, like Gecko) Chrome/88.0.4324.181 Mobile Safari/537.36" "ysfine.com"
51.222.253.13 - - [05/Nov/2022:00:05:45 -0700] "GET /ysbio/world/scandi/bernadotte2.jpg HTTP/1.1" 200 57227 "-" "Mozilla/5.0 (compatible; AhrefsBot/7.0; +http://ahrefs.com/robot/)" "www.ysfine.com"
51.222.253.17 - - [05/Nov/2022:00:05:51 -0700] "GET /ysbio/world/russ/spbm02b.jpg HTTP/1.1" 200 48172 "-" "Mozilla/5.0 (compatible; AhrefsBot/7.0; +http://ahrefs.com/robot/)" "www.ysfine.com"
40.77.167.71 - - [05/Nov/2022:00:05:53 -0700] "GET /maga/phys/fermi02.jpg HTTP/1.1" 200 79915 "-" "Mozilla/5.0 AppleWebKit/537.36 (KHTML, like Gecko; compatible; bingbot/2.0; +http://www.bing.com/bingbot.htm) Chrome/103.0.5060.134 Safari/537.36" "ysfine.com"
51.222.253.9 - - [05/Nov/2022:00:05:56 -0700] "GET /ysbio/kowar/stalin43b.jpg HTTP/1.1" 200 46218 "-" "Mozilla/5.0 (compatible; AhrefsBot/7.0; +http://ahrefs.com/robot/)" "www.ysfine.com"
51.222.253.17 - - [05/Nov/2022:00:06:02 -0700] "GET /ysbio/kobak/sorae/church03b.jpg HTTP/1.1" 200 50665 "-" "Mozilla/5.0 (compatible; AhrefsBot/7.0; +http://ahrefs.com/robot/)" "www.ysfine.com"
51.222.253.14 - - [05/Nov/2022:00:06:07 -0700] "GET /ysbio/style/akiko2.jpg HTTP/1.1" 200 50482 "-" "Mozilla/5.0 (compatible; AhrefsBot/7.0; +http://ahrefs.com/robot/)" "www.ysfine.com"
51.222.253.20 - - [05/Nov/2022:00:06:09 -0700] "GET /ysbio/world/scandi/copenf04b.jpg HTTP/1.1" 200 51496 "-" "Mozilla/5.0 (compatible; AhrefsBot/7.0; +http://ahrefs.com/robot/)" "www.ysfine.com"
20.109.241.98 - - [05/Nov/2022:00:06:10 -0700] "GET /wisdom/kimilsong01b.jpg HTTP/1.1" 200 31223 "https://ysfine.com/wisdom" "Mozilla/5.0 (Macintosh; Intel Mac OS X 10_11_6) AppleWebKit/605.1.15 (KHTML, like Gecko) Version/11.1.2 Safari/605.1.15" "ysfine.com"
40.77.167.68 - - [05/Nov/2022:00:06:14 -0700] "GET /einstein/texfiles/einheis02.jpg HTTP/1.1" 200 27605 "-" "Mozilla/5.0 (compatible; bingbot/2.0; +http://www.bing.com/bingbot.htm)" "ysfine.com"
51.222.253.19 - - [05/Nov/2022:00:06:15 -0700] "GET /ysbio/world/russ/spbpi07b.jpg HTTP/1.1" 200 44525 "-" "Mozilla/5.0 (compatible; AhrefsBot/7.0; +http://ahrefs.com/robot/)" "www.ysfine.com"
51.222.253.16 - - [05/Nov/2022:00:06:20 -0700] "GET /ysbio/world/brit/harrow01b.jpg HTTP/1.1" 200 54632 "-" "Mozilla/5.0 (compatible; AhrefsBot/7.0; +http://ahrefs.com/robot/)" "www.ysfine.com"
51.222.253.18 - - [05/Nov/2022:00:06:26 -0700] "GET /ysbio/style/yasukuni22b.jpg HTTP/1.1" 200 35342 "-" "Mozilla/5.0 (compatible; AhrefsBot/7.0; +http://ahrefs.com/robot/)" "www.ysfine.com"
20.109.241.98 - - [05/Nov/2022:00:06:28 -0700] "GET /beau/mongo08c.jpg HTTP/1.1" 404 88 "https://ysfine.com/beau" "Mozilla/5.0 (iPhone; CPU iPhone OS 13_5_1 like Mac OS X) AppleWebKit/605.1.15 (KHTML, like Gecko) Version/13.1.1 Mobile/15E148 Safari/604.1" "ysfine.com"
157.55.39.65 - - [05/Nov/2022:00:06:29 -0700] "GET /class54/emailed05.html HTTP/1.1" 200 16866 "-" "Mozilla/5.0 (compatible; bingbot/2.0; +http://www.bing.com/bingbot.htm)" "ysfine.com"
157.55.39.65 - - [05/Nov/2022:00:06:30 -0700] "GET /style/shops.html HTTP/1.1" 200 2829 "-" "Mozilla/5.0 AppleWebKit/537.36 (KHTML, like Gecko; compatible; bingbot/2.0; +http://www.bing.com/bingbot.htm) Chrome/103.0.5060.134 Safari/537.36" "ysfine.com"
51.222.253.7 - - [05/Nov/2022:00:06:32 -0700] "GET /ysbio/world/ital/bologsw22b.jpg HTTP/1.1" 200 33067 "-" "Mozilla/5.0 (compatible; AhrefsBot/7.0; +http://ahrefs.com/robot/)" "www.ysfine.com"
40.77.167.27 - - [05/Nov/2022:00:06:34 -0700] "GET /world/spb.html HTTP/1.1" 200 16118 "-" "Mozilla/5.0 AppleWebKit/537.36 (KHTML, like Gecko; compatible; bingbot/2.0; +http://www.bing.com/bingbot.htm) Chrome/103.0.5060.134 Safari/537.36" "ysfine.com"
40.77.167.27 - - [05/Nov/2022:00:06:34 -0700] "GET /class54/roofless.html HTTP/1.1" 200 13341 "-" "Mozilla/5.0 (compatible; bingbot/2.0; +http://www.bing.com/bingbot.htm)" "ysfine.com"
198.235.24.55 - - [05/Nov/2022:00:06:36 -0700] "GET / HTTP/1.1" 200 15910 "-" "Expanse, a Palo Alto Networks company, searches across the global IPv4 space multiple times per day to identify customers&#39; presences on the Internet. If you would like to be excluded from our scans, please send IP addresses/domains to: scaninfo@paloaltonetworks.com" "www.ysfine.com"
51.222.253.15 - - [05/Nov/2022:00:06:37 -0700] "GET /ysbio/wisdom/yks11b.jpg HTTP/1.1" 200 41064 "-" "Mozilla/5.0 (compatible; AhrefsBot/7.0; +http://ahrefs.com/robot/)" "www.ysfine.com"
51.222.253.15 - - [05/Nov/2022:00:06:37 -0700] "GET /ysbio/feynman/feygell33b.jpg HTTP/1.1" 200 47155 "-" "Mozilla/5.0 (compatible; AhrefsBot/7.0; +http://ahrefs.com/robot/)" "www.ysfine.com"
40.77.167.71 - - [05/Nov/2022:00:06:39 -0700] "GET /world/budapest.html HTTP/1.1" 200 8325 "-" "Mozilla/5.0 (compatible; bingbot/2.0; +http://www.bing.com/bingbot.htm)" "ysfine.com"
40.77.167.71 - - [05/Nov/2022:00:06:39 -0700] "GET /feynman/chewfrau.html HTTP/1.1" 200 3075 "-" "Mozilla/5.0 (compatible; bingbot/2.0; +http://www.bing.com/bingbot.htm)" "ysfine.com"
51.222.253.14 - - [05/Nov/2022:00:06:43 -0700] "GET /ysbio/princeton/sbt11b.jpg HTTP/1.1" 200 25236 "-" "Mozilla/5.0 (compatible; AhrefsBot/7.0; +http://ahrefs.com/robot/)" "www.ysfine.com"
51.222.253.11 - - [05/Nov/2022:00:06:49 -0700] "GET /ysbio/eink/eink61b.jpg HTTP/1.1" 200 28018 "-" "Mozilla/5.0 (compatible; AhrefsBot/7.0; +http://ahrefs.com/robot/)" "www.ysfine.com"
157.55.39.76 - - [05/Nov/2022:00:06:49 -0700] "GET /style/kievopera77b.jpg HTTP/1.1" 200 43046 "-" "Mozilla/5.0 AppleWebKit/537.36 (KHTML, like Gecko; compatible; bingbot/2.0; +http://www.bing.com/bingbot.htm) Chrome/103.0.5060.134 Safari/537.36" "www.ysfine.com"
51.222.253.1 - - [05/Nov/2022:00:06:54 -0700] "GET /ysbio/world/brit/picca12b.jpg HTTP/1.1" 200 46426 "-" "Mozilla/5.0 (compatible; AhrefsBot/7.0; +http://ahrefs.com/robot/)" "www.ysfine.com"
40.77.51.82 - - [05/Nov/2022:00:06:55 -0700] "GET /world/france/montmar16c.jpg HTTP/1.1" 200 63113 "https://ysfine.com/world/france" "Mozilla/5.0 (Macintosh; Intel Mac OS X 10_11_6) AppleWebKit/605.1.15 (KHTML, like Gecko) Version/11.1.2 Safari/605.1.15" "ysfine.com"
51.222.253.18 - - [05/Nov/2022:00:07:00 -0700] "GET /ysbio/kobak/rhee12b.jpg HTTP/1.1" 200 49113 "-" "Mozilla/5.0 (compatible; AhrefsBot/7.0; +http://ahrefs.com/robot/)" "www.ysfine.com"
51.222.253.14 - - [05/Nov/2022:00:07:06 -0700] "GET /ysbio/style/cameras/fed3b.jpg HTTP/1.1" 200 42824 "-" "Mozilla/5.0 (compatible; AhrefsBot/7.0; +http://ahrefs.com/robot/)" "www.ysfine.com"
51.222.253.11 - - [05/Nov/2022:00:07:11 -0700] "GET /ysbio/wigner/lunch270.jpg HTTP/1.1" 200 40293 "-" "Mozilla/5.0 (compatible; AhrefsBot/7.0; +http://ahrefs.com/robot/)" "www.ysfine.com"
51.222.253.10 - - [05/Nov/2022:00:07:17 -0700] "GET /ysbio/world/germany/berlin181b.jpg HTTP/1.1" 200 50384 "-" "Mozilla/5.0 (compatible; AhrefsBot/7.0; +http://ahrefs.com/robot/)" "www.ysfine.com"
51.222.253.17 - - [05/Nov/2022:00:07:23 -0700] "GET /ysbio/class54/pics/g113b.jpg HTTP/1.1" 200 39329 "-" "Mozilla/5.0 (compatible; AhrefsBot/7.0; +http://ahrefs.com/robot/)" "www.ysfine.com"
51.222.253.19 - - [05/Nov/2022:00:07:28 -0700] "GET /ysbio/maga/histo/jfk61b.jpg HTTP/1.1" 200 46815 "-" "Mozilla/5.0 (compatible; AhrefsBot/7.0; +http://ahrefs.com/robot/)" "www.ysfine.com"
157.55.39.65 - - [05/Nov/2022:00:07:28 -0700] "GET /feynman/feynbot.html HTTP/1.1" 200 138 "-" "Mozilla/5.0 (compatible; bingbot/2.0; +http://www.bing.com/bingbot.htm)" "ysfine.com"
157.55.39.65 - - [05/Nov/2022:00:07:29 -0700] "GET /feynman/feyntop.html HTTP/1.1" 200 435 "-" "Mozilla/5.0 (compatible; bingbot/2.0; +http://www.bing.com/bingbot.htm)" "ysfine.com"
51.222.253.5 - - [05/Nov/2022:00:07:34 -0700] "GET /ysbio/world/russ/spbf34b.jpg HTTP/1.1" 200 26357 "-" "Mozilla/5.0 (compatible; AhrefsBot/7.0; +http://ahrefs.com/robot/)" "www.ysfine.com"
51.222.253.17 - - [05/Nov/2022:00:07:40 -0700] "GET /ysbio/world/russ/bachkova11b.jpg HTTP/1.1" 200 45475 "-" "Mozilla/5.0 (compatible; AhrefsBot/7.0; +http://ahrefs.com/robot/)" "www.ysfine.com"
51.222.253.4 - - [05/Nov/2022:00:07:41 -0700] "GET /ysbio/einstein/places/einha20b.jpg HTTP/1.1" 200 47848 "-" "Mozilla/5.0 (compatible; AhrefsBot/7.0; +http://ahrefs.com/robot/)" "www.ysfine.com"
40.77.167.71 - - [05/Nov/2022:00:07:45 -0700] "GET /bio/einstein/eincurie.html HTTP/1.1" 404 88 "-" "Mozilla/5.0 (compatible; bingbot/2.0; +http://www.bing.com/bingbot.htm)" "ysfine.com"
51.222.253.2 - - [05/Nov/2022:00:07:47 -0700] "GET /ysbio/world/japan/nara016b.jpg HTTP/1.1" 200 61765 "-" "Mozilla/5.0 (compatible; AhrefsBot/7.0; +http://ahrefs.com/robot/)" "www.ysfine.com"
51.222.253.4 - - [05/Nov/2022:00:07:53 -0700] "GET /ysbio/kobak/rheetr22b.jpg HTTP/1.1" 200 62493 "-" "Mozilla/5.0 (compatible; AhrefsBot/7.0; +http://ahrefs.com/robot/)" "www.ysfine.com"
51.222.253.8 - - [05/Nov/2022:00:07:59 -0700] "GET /ysbio/kobak/chungilk02b.jpg HTTP/1.1" 200 61073 "-" "Mozilla/5.0 (compatible; AhrefsBot/7.0; +http://ahrefs.com/robot/)" "www.ysfine.com"
157.55.39.17 - - [05/Nov/2022:00:08:02 -0700] "GET /bio/einstein/bern.html HTTP/1.1" 404 88 "-" "Mozilla/5.0 AppleWebKit/537.36 (KHTML, like Gecko; compatible; bingbot/2.0; +http://www.bing.com/bingbot.htm) Chrome/103.0.5060.134 Safari/537.36" "ysfine.com"
51.222.253.15 - - [05/Nov/2022:00:08:04 -0700] "GET /ysbio/princeton/gcollege61b.jpg HTTP/1.1" 200 31681 "-" "Mozilla/5.0 (compatible; AhrefsBot/7.0; +http://ahrefs.com/robot/)" "www.ysfine.com"
51.222.253.4 - - [05/Nov/2022:00:08:10 -0700] "GET /ysbio/kobak/stephens11b.jpg HTTP/1.1" 200 42394 "-" "Mozilla/5.0 (compatible; AhrefsBot/7.0; +http://ahrefs.com/robot/)" "www.ysfine.com"
51.222.253.4 - - [05/Nov/2022:00:08:15 -0700] "GET /ysbio/maga/phil/kanthegel66b.jpg HTTP/1.1" 200 33524 "-" "Mozilla/5.0 (compatible; AhrefsBot/7.0; +http://ahrefs.com/robot/)" "www.ysfine.com"
51.222.253.10 - - [05/Nov/2022:00:08:21 -0700] "GET /ysbio/wdc/shoreham11b.jpg HTTP/1.1" 200 43626 "-" "Mozilla/5.0 (compatible; AhrefsBot/7.0; +http://ahrefs.com/robot/)" "www.ysfine.com"
51.222.253.3 - - [05/Nov/2022:00:08:27 -0700] "GET /ysbio/maga/phil/kanthegel55b.jpg HTTP/1.1" 200 58397 "-" "Mozilla/5.0 (compatible; AhrefsBot/7.0; +http://ahrefs.com/robot/)" "www.ysfine.com"
51.222.253.12 - - [05/Nov/2022:00:08:33 -0700] "GET /ysbio/princeton/wilson06b.jpg HTTP/1.1" 200 36387 "-" "Mozilla/5.0 (compatible; AhrefsBot/7.0; +http://ahrefs.com/robot/)" "www.ysfine.com"
51.222.253.12 - - [05/Nov/2022:00:08:39 -0700] "GET /ysbio/class54/pics/silvana56b.jpg HTTP/1.1" 200 38227 "-" "Mozilla/5.0 (compatible; AhrefsBot/7.0; +http://ahrefs.com/robot/)" "www.ysfine.com"
51.222.253.15 - - [05/Nov/2022:00:08:45 -0700] "GET /ysbio/world/brit/picca25b.jpg HTTP/1.1" 200 53447 "-" "Mozilla/5.0 (compatible; AhrefsBot/7.0; +http://ahrefs.com/robot/)" "www.ysfine.com"
51.222.253.11 - - [05/Nov/2022:00:08:50 -0700] "GET /ysbio/world/ital/vatican72b.jpg HTTP/1.1" 200 58634 "-" "Mozilla/5.0 (compatible; AhrefsBot/7.0; +http://ahrefs.com/robot/)" "www.ysfine.com"
157.55.39.17 - - [05/Nov/2022:00:08:52 -0700] "GET /world/scandi/nbi06.jpg HTTP/1.1" 200 99013 "-" "Mozilla/5.0 (compatible; bingbot/2.0; +http://www.bing.com/bingbot.htm)" "ysfine.com"
51.222.253.17 - - [05/Nov/2022:00:08:56 -0700] "GET /ysbio/kobak/rhee10b.jpg HTTP/1.1" 200 29337 "-" "Mozilla/5.0 (compatible; AhrefsBot/7.0; +http://ahrefs.com/robot/)" "www.ysfine.com"
40.77.167.71 - - [05/Nov/2022:00:08:56 -0700] "GET /maga/phys/naimar/pewk06.jpg HTTP/1.1" 200 78645 "-" "Mozilla/5.0 AppleWebKit/537.36 (KHTML, like Gecko; compatible; bingbot/2.0; +http://www.bing.com/bingbot.htm) Chrome/103.0.5060.134 Safari/537.36" "ysfine.com"
125.164.19.35 - - [05/Nov/2022:00:08:59 -0700] "GET /world/japan/nara005.jpg HTTP/1.1" 200 144132 "https://www.google.com/" "Mozilla/5.0 (Windows NT 10.0; Win64; x64) AppleWebKit/537.36 (KHTML, like Gecko) Chrome/107.0.0.0 Safari/537.36" "ysfine.com"
51.222.253.18 - - [05/Nov/2022:00:09:02 -0700] "GET /ysbio/style/mieko22b.jpg HTTP/1.1" 200 41674 "-" "Mozilla/5.0 (compatible; AhrefsBot/7.0; +http://ahrefs.com/robot/)" "www.ysfine.com"
51.222.253.1 - - [05/Nov/2022:00:09:08 -0700] "GET /ysbio/beau/amkor/kostu36b.jpg HTTP/1.1" 404 88 "-" "Mozilla/5.0 (compatible; AhrefsBot/7.0; +http://ahrefs.com/robot/)" "www.ysfine.com"
51.222.253.1 - - [05/Nov/2022:00:09:08 -0700] "GET /ysbio/kobak/sl628b.jpg HTTP/1.1" 200 30239 "-" "Mozilla/5.0 (compatible; AhrefsBot/7.0; +http://ahrefs.com/robot/)" "www.ysfine.com"
51.222.253.15 - - [05/Nov/2022:00:09:13 -0700] "GET /ysbio/kowar/tanks/tank03b.jpg HTTP/1.1" 200 42892 "-" "Mozilla/5.0 (compatible; AhrefsBot/7.0; +http://ahrefs.com/robot/)" "www.ysfine.com"
51.222.253.8 - - [05/Nov/2022:00:09:19 -0700] "GET /ysbio/world/russ/roskei90b.jpg HTTP/1.1" 200 50111 "-" "Mozilla/5.0 (compatible; AhrefsBot/7.0; +http://ahrefs.com/robot/)" "www.ysfine.com"
51.222.253.3 - - [05/Nov/2022:00:09:25 -0700] "GET /ysbio/world/russ/mosf52b.jpg HTTP/1.1" 200 46452 "-" "Mozilla/5.0 (compatible; AhrefsBot/7.0; +http://ahrefs.com/robot/)" "www.ysfine.com"
40.77.51.84 - - [05/Nov/2022:00:09:25 -0700] "GET /kobak/underw01b.jpg HTTP/1.1" 200 36835 "http://ysfine.com/kobak" "Mozilla/5.0 (iPhone; CPU iPhone OS 13_5_1 like Mac OS X) AppleWebKit/605.1.15 (KHTML, like Gecko) Version/13.1.1 Mobile/15E148 Safari/604.1" "ysfine.com"
20.106.27.173 - - [05/Nov/2022:00:09:25 -0700] "GET /kobak/swr57c.jpg HTTP/1.1" 200 27674 "https://ysfine.com/kobak" "Mozilla/5.0 (Macintosh; Intel Mac OS X 10_11_6) AppleWebKit/605.1.15 (KHTML, like Gecko) Version/11.1.2 Safari/605.1.15" "ysfine.com"
51.222.253.15 - - [05/Nov/2022:00:09:31 -0700] "GET /ysbio/wdc/kopol06b.jpg HTTP/1.1" 200 40915 "-" "Mozilla/5.0 (compatible; AhrefsBot/7.0; +http://ahrefs.com/robot/)" "www.ysfine.com"
51.222.253.7 - - [05/Nov/2022:00:09:34 -0700] "GET /ysbio/people/logunov11b.jpg HTTP/1.1" 404 88 "-" "Mozilla/5.0 (compatible; AhrefsBot/7.0; +http://ahrefs.com/robot/)" "www.ysfine.com"
51.222.253.20 - - [05/Nov/2022:00:09:34 -0700] "GET /ysbio/einstein/eink07b.jpg HTTP/1.1" 200 35608 "-" "Mozilla/5.0 (compatible; AhrefsBot/7.0; +http://ahrefs.com/robot/)" "www.ysfine.com"
51.222.253.10 - - [05/Nov/2022:00:09:39 -0700] "GET /ysbio/world/poland/polstu26b.jpg HTTP/1.1" 200 38912 "-" "Mozilla/5.0 (compatible; AhrefsBot/7.0; +http://ahrefs.com/robot/)" "www.ysfine.com"
51.222.253.10 - - [05/Nov/2022:00:09:45 -0700] "GET /ysbio/world/scandi/copenf02b.jpg HTTP/1.1" 200 42550 "-" "Mozilla/5.0 (compatible; AhrefsBot/7.0; +http://ahrefs.com/robot/)" "www.ysfine.com"
51.222.253.5 - - [05/Nov/2022:00:09:51 -0700] "GET /ysbio/world/ital/bologsw21b.jpg HTTP/1.1" 200 48117 "-" "Mozilla/5.0 (compatible; AhrefsBot/7.0; +http://ahrefs.com/robot/)" "www.ysfine.com"
40.122.227.202 - - [05/Nov/2022:00:09:51 -0700] "GET /world/germany/franko11b.jpg HTTP/1.1" 200 37524 "http://ysfine.com/world/germany" "Mozilla/5.0 (Linux; Android 10; SM-G960U) AppleWebKit/537.36 (KHTML, like Gecko) Chrome/88.0.4324.181 Mobile Safari/537.36" "ysfine.com"
40.77.167.71 - - [05/Nov/2022:00:09:53 -0700] "GET /sbk/2004eton11.jpg HTTP/1.1" 200 232400 "-" "Mozilla/5.0 (compatible; bingbot/2.0; +http://www.bing.com/bingbot.htm)" "www.ysfine.com"
51.222.253.3 - - [05/Nov/2022:00:09:57 -0700] "GET /ysbio/kobak/feb8b.jpg HTTP/1.1" 200 37892 "-" "Mozilla/5.0 (compatible; AhrefsBot/7.0; +http://ahrefs.com/robot/)" "www.ysfine.com"
40.77.167.27 - - [05/Nov/2022:00:10:10 -0700] "GET /people/wheejac.jpg HTTP/1.1" 200 113624 "-" "Mozilla/5.0 (compatible; bingbot/2.0; +http://www.bing.com/bingbot.htm)" "www.ysfine.com"
40.77.167.68 - - [05/Nov/2022:00:10:25 -0700] "GET /bio/eink/buythisbook.html HTTP/1.1" 404 88 "-" "Mozilla/5.0 AppleWebKit/537.36 (KHTML, like Gecko; compatible; bingbot/2.0; +http://www.bing.com/bingbot.htm) Chrome/103.0.5060.134 Safari/537.36" "ysfine.com"
20.106.28.16 - - [05/Nov/2022:00:10:26 -0700] "GET /world/russ/kiev044b.jpg HTTP/1.1" 200 38152 "http://ysfine.com/world/russ" "Mozilla/5.0 (iPhone; CPU iPhone OS 13_5_1 like Mac OS X) AppleWebKit/605.1.15 (KHTML, like Gecko) Version/13.1.1 Mobile/15E148 Safari/604.1" "ysfine.com"
40.77.167.68 - - [05/Nov/2022:00:10:26 -0700] "GET /ysbio/sbk/2000.html HTTP/1.1" 200 10573 "-" "Mozilla/5.0 AppleWebKit/537.36 (KHTML, like Gecko; compatible; bingbot/2.0; +http://www.bing.com/bingbot.htm) Chrome/103.0.5060.134 Safari/537.36" "ysfine.com"
40.77.167.71 - - [05/Nov/2022:00:10:44 -0700] "GET /maga/minkowski.html HTTP/1.1" 200 4752 "-" "Mozilla/5.0 (compatible; bingbot/2.0; +http://www.bing.com/bingbot.htm)" "www.ysfine.com"
40.86.101.254 - - [05/Nov/2022:00:10:46 -0700] "GET /world/europe/ams002b.jpg HTTP/1.1" 200 42530 "http://www.ysfine.com/world/europe" "Mozilla/5.0 (X11; Linux x86_64) AppleWebKit/537.36 (KHTML, like Gecko) Chrome/74.0.3729.169 Safari/537.36" "www.ysfine.com"
157.55.39.76 - - [05/Nov/2022:00:10:50 -0700] "GET /einstein/heisenberg.html HTTP/1.1" 200 10552 "-" "Mozilla/5.0 AppleWebKit/537.36 (KHTML, like Gecko; compatible; bingbot/2.0; +http://www.bing.com/bingbot.htm) Chrome/103.0.5060.134 Safari/537.36" "www.ysfine.com"
40.77.167.68 - - [05/Nov/2022:00:10:56 -0700] "GET /world/russ/spb34.jpg HTTP/1.1" 200 130531 "-" "Mozilla/5.0 AppleWebKit/537.36 (KHTML, like Gecko; compatible; bingbot/2.0; +http://www.bing.com/bingbot.htm) Chrome/103.0.5060.134 Safari/537.36" "www.ysfine.com"
51.222.253.18 - - [05/Nov/2022:00:11:20 -0700] "GET /ysbio/kobak/1919.html HTTP/1.1" 200 6884 "-" "Mozilla/5.0 (compatible; AhrefsBot/7.0; +http://ahrefs.com/robot/)" "www.ysfine.com"
20.106.28.18 - - [05/Nov/2022:00:11:23 -0700] "GET /maga/boltz/gauss11a.jpg HTTP/1.1" 200 22192 "https://ysfine.com/maga/boltz" "Mozilla/5.0 (iPhone; CPU iPhone OS 13_5_1 like Mac OS X) AppleWebKit/605.1.15 (KHTML, like Gecko) Version/13.1.1 Mobile/15E148 Safari/604.1" "ysfine.com"
51.222.253.20 - - [05/Nov/2022:00:11:25 -0700] "GET /ysbio/world/poland/pilsudski01b.jpg HTTP/1.1" 200 40424 "-" "Mozilla/5.0 (compatible; AhrefsBot/7.0; +http://ahrefs.com/robot/)" "www.ysfine.com"
51.222.253.12 - - [05/Nov/2022:00:11:30 -0700] "GET /ysbio/princeton/wilson05b.jpg HTTP/1.1" 200 38911 "-" "Mozilla/5.0 (compatible; AhrefsBot/7.0; +http://ahrefs.com/robot/)" "www.ysfine.com"
51.222.253.14 - - [05/Nov/2022:00:11:36 -0700] "GET /ysbio/dongio/amkor/koshanghai01b.jpg HTTP/1.1" 404 88 "-" "Mozilla/5.0 (compatible; AhrefsBot/7.0; +http://ahrefs.com/robot/)" "www.ysfine.com"
173.73.77.36 - - [05/Nov/2022:00:11:36 -0700] "GET /favicon.ico HTTP/1.1" 404 88 "https://ysfine.com/ys11/" "Mozilla/5.0 (Windows NT 10.0; Win64; x64) AppleWebKit/537.36 (KHTML, like Gecko) Chrome/107.0.0.0 Safari/537.36 Edg/107.0.1418.26" "ysfine.com"
51.222.253.5 - - [05/Nov/2022:00:11:36 -0700] "GET /ysbio/world/poland/degalle22b.jpg HTTP/1.1" 200 39323 "-" "Mozilla/5.0 (compatible; AhrefsBot/7.0; +http://ahrefs.com/robot/)" "www.ysfine.com"
173.73.77.36 - - [05/Nov/2022:00:11:40 -0700] "GET /ysbio/bio10.html HTTP/1.1" 304 - "https://ysfine.com/ys11/" "Mozilla/5.0 (Windows NT 10.0; Win64; x64) AppleWebKit/537.36 (KHTML, like Gecko) Chrome/107.0.0.0 Safari/537.36 Edg/107.0.1418.26" "ysfine.com"
51.222.253.15 - - [05/Nov/2022:00:11:42 -0700] "GET /ysbio/kobak/rhee48b.jpg HTTP/1.1" 200 53936 "-" "Mozilla/5.0 (compatible; AhrefsBot/7.0; +http://ahrefs.com/robot/)" "www.ysfine.com"
51.222.253.10 - - [05/Nov/2022:00:11:45 -0700] "GET /ysbio/dongio/amkor/ewha07b.jpg HTTP/1.1" 404 88 "-" "Mozilla/5.0 (compatible; AhrefsBot/7.0; +http://ahrefs.com/robot/)" "www.ysfine.com"
51.222.253.18 - - [05/Nov/2022:00:11:45 -0700] "GET /ysbio/princeton/rheepr02b.jpg HTTP/1.1" 200 34519 "-" "Mozilla/5.0 (compatible; AhrefsBot/7.0; +http://ahrefs.com/robot/)" "www.ysfine.com"
173.73.77.36 - - [05/Nov/2022:00:11:47 -0700] "GET /ysbio/awards/index.html HTTP/1.1" 304 - "https://ysfine.com/ysbio/bio10.html" "Mozilla/5.0 (Windows NT 10.0; Win64; x64) AppleWebKit/537.36 (KHTML, like Gecko) Chrome/107.0.0.0 Safari/537.36 Edg/107.0.1418.26" "ysfine.com"
173.73.77.36 - - [05/Nov/2022:00:11:47 -0700] "GET /ysbio/home/ewk86f.jpg HTTP/1.1" 404 88 "https://ysfine.com/ysbio/awards/index.html" "Mozilla/5.0 (Windows NT 10.0; Win64; x64) AppleWebKit/537.36 (KHTML, like Gecko) Chrome/107.0.0.0 Safari/537.36 Edg/107.0.1418.26" "ysfine.com"
51.222.253.14 - - [05/Nov/2022:00:11:51 -0700] "GET /ysbio/princeton/wilspoin11b.jpg HTTP/1.1" 200 46267 "-" "Mozilla/5.0 (compatible; AhrefsBot/7.0; +http://ahrefs.com/robot/)" "www.ysfine.com"
51.222.253.20 - - [05/Nov/2022:00:11:56 -0700] "GET /ysbio/princeton/wilson11b.jpg HTTP/1.1" 200 34463 "-" "Mozilla/5.0 (compatible; AhrefsBot/7.0; +http://ahrefs.com/robot/)" "www.ysfine.com"
