40.77.167.71 - - [05/Nov/2022:08:00:39 -0700] "GET /world/china/china006.gif HTTP/1.1" 200 105398 "-" "Mozilla/5.0 (compatible; bingbot/2.0; +http://www.bing.com/bingbot.htm)" "ysfine.com"
51.222.253.12 - - [05/Nov/2022:08:00:40 -0700] "GET /ysbio/usca/pitt/cyclo450.jpg HTTP/1.1" 200 56827 "-" "Mozilla/5.0 (compatible; AhrefsBot/7.0; +http://ahrefs.com/robot/)" "www.ysfine.com"
51.222.253.17 - - [05/Nov/2022:08:00:46 -0700] "GET /ysbio/usca/pitt/syriamos22d.jpg HTTP/1.1" 200 59190 "-" "Mozilla/5.0 (compatible; AhrefsBot/7.0; +http://ahrefs.com/robot/)" "www.ysfine.com"
51.222.253.15 - - [05/Nov/2022:08:00:52 -0700] "GET /ysbio/usca/pitt/mtwash02d.jpg HTTP/1.1" 200 41270 "-" "Mozilla/5.0 (compatible; AhrefsBot/7.0; +http://ahrefs.com/robot/)" "www.ysfine.com"
51.222.253.18 - - [05/Nov/2022:08:00:58 -0700] "GET /ysbio/usca/pitt/knee22d.jpg HTTP/1.1" 200 67107 "-" "Mozilla/5.0 (compatible; AhrefsBot/7.0; +http://ahrefs.com/robot/)" "www.ysfine.com"
51.222.253.18 - - [05/Nov/2022:08:01:04 -0700] "GET /ysbio/usca/pitt/poli55d.jpg HTTP/1.1" 200 40614 "-" "Mozilla/5.0 (compatible; AhrefsBot/7.0; +http://ahrefs.com/robot/)" "www.ysfine.com"
51.222.253.19 - - [05/Nov/2022:08:01:07 -0700] "GET /robots.txt HTTP/1.1" 404 88 "-" "Mozilla/5.0 (compatible; AhrefsBot/7.0; +http://ahrefs.com/robot/)" "ysfine.com"
51.222.253.2 - - [05/Nov/2022:08:01:10 -0700] "GET /ysbio/usca/pitt/oldterm22b.jpg HTTP/1.1" 200 24276 "-" "Mozilla/5.0 (compatible; AhrefsBot/7.0; +http://ahrefs.com/robot/)" "www.ysfine.com"
51.222.253.14 - - [05/Nov/2022:08:01:13 -0700] "GET /ysbio/usca/pitt/scotam450.jpg HTTP/1.1" 200 54833 "-" "Mozilla/5.0 (compatible; AhrefsBot/7.0; +http://ahrefs.com/robot/)" "www.ysfine.com"
51.222.253.9 - - [05/Nov/2022:08:01:18 -0700] "GET /ysbio/usca/pitt/carnlab11b.jpg HTTP/1.1" 200 32622 "-" "Mozilla/5.0 (compatible; AhrefsBot/7.0; +http://ahrefs.com/robot/)" "www.ysfine.com"
51.222.253.14 - - [05/Nov/2022:08:01:24 -0700] "GET /ysbio/usca/pitt/samsung11d.jpg HTTP/1.1" 200 49550 "-" "Mozilla/5.0 (compatible; AhrefsBot/7.0; +http://ahrefs.com/robot/)" "www.ysfine.com"
51.222.253.20 - - [05/Nov/2022:08:01:30 -0700] "GET /ysbio/usca/pitt/machinery22d.jpg HTTP/1.1" 200 41869 "-" "Mozilla/5.0 (compatible; AhrefsBot/7.0; +http://ahrefs.com/robot/)" "www.ysfine.com"
51.222.253.12 - - [05/Nov/2022:08:01:36 -0700] "GET /ysbio/usca/pitt/steelm01d.jpg HTTP/1.1" 200 30155 "-" "Mozilla/5.0 (compatible; AhrefsBot/7.0; +http://ahrefs.com/robot/)" "www.ysfine.com"
51.222.253.6 - - [05/Nov/2022:08:01:42 -0700] "GET /ysbio/usca/pitt/pghrail11d.jpg HTTP/1.1" 200 45999 "-" "Mozilla/5.0 (compatible; AhrefsBot/7.0; +http://ahrefs.com/robot/)" "www.ysfine.com"
157.55.39.65 - - [05/Nov/2022:08:01:46 -0700] "GET /ysbio/maga/pupin.html HTTP/1.1" 200 5043 "-" "Mozilla/5.0 (compatible; bingbot/2.0; +http://www.bing.com/bingbot.htm)" "ysfine.com"
51.222.253.3 - - [05/Nov/2022:08:01:48 -0700] "GET /ysbio/princeton/yspr58d.jpg HTTP/1.1" 200 62585 "-" "Mozilla/5.0 (compatible; AhrefsBot/7.0; +http://ahrefs.com/robot/)" "www.ysfine.com"
157.55.39.17 - - [05/Nov/2022:08:01:50 -0700] "GET /sbk/2017berlin01.jpg HTTP/1.1" 200 160175 "-" "Mozilla/5.0 AppleWebKit/537.36 (KHTML, like Gecko; compatible; bingbot/2.0; +http://www.bing.com/bingbot.htm) Chrome/103.0.5060.134 Safari/537.36" "ysfine.com"
51.222.253.15 - - [05/Nov/2022:08:01:54 -0700] "GET /ysbio/usca/pitt/pitcn01d.jpg HTTP/1.1" 200 63302 "-" "Mozilla/5.0 (compatible; AhrefsBot/7.0; +http://ahrefs.com/robot/)" "www.ysfine.com"
51.222.253.10 - - [05/Nov/2022:08:02:00 -0700] "GET /ysbio/usca/pitt/sbk57d.jpg HTTP/1.1" 200 53989 "-" "Mozilla/5.0 (compatible; AhrefsBot/7.0; +http://ahrefs.com/robot/)" "www.ysfine.com"
51.222.253.11 - - [05/Nov/2022:08:02:06 -0700] "GET /ysbio/usca/pitt/carnlibra02d.jpg HTTP/1.1" 200 62461 "-" "Mozilla/5.0 (compatible; AhrefsBot/7.0; +http://ahrefs.com/robot/)" "www.ysfine.com"
51.222.253.18 - - [05/Nov/2022:08:02:12 -0700] "GET /ysbio/usca/pitt/strcar450.jpg HTTP/1.1" 200 53773 "-" "Mozilla/5.0 (compatible; AhrefsBot/7.0; +http://ahrefs.com/robot/)" "www.ysfine.com"
40.77.51.82 - - [05/Nov/2022:08:02:13 -0700] "GET /friends/aline/uae11b.jpg HTTP/1.1" 404 88 "http://ysfine.com/friends/aline" "Mozilla/5.0 (iPhone; CPU iPhone OS 13_5_1 like Mac OS X) AppleWebKit/605.1.15 (KHTML, like Gecko) Version/13.1.1 Mobile/15E148 Safari/604.1" "ysfine.com"
51.222.253.6 - - [05/Nov/2022:08:02:18 -0700] "GET /ysbio/usca/pitt/steelm02d.jpg HTTP/1.1" 200 32938 "-" "Mozilla/5.0 (compatible; AhrefsBot/7.0; +http://ahrefs.com/robot/)" "www.ysfine.com"
51.222.253.16 - - [05/Nov/2022:08:02:18 -0700] "GET /ysbio/usca/pitt/oldterm33b.jpg HTTP/1.1" 200 32151 "-" "Mozilla/5.0 (compatible; AhrefsBot/7.0; +http://ahrefs.com/robot/)" "www.ysfine.com"
40.86.101.254 - - [05/Nov/2022:08:02:21 -0700] "GET /sbk/2000teddy11b.jpg HTTP/1.1" 404 88 "http://ysfine.com/sbk" "Mozilla/5.0 (Windows NT 10.0; Win64; x64) AppleWebKit/537.36 (KHTML, like Gecko) Chrome/74.0.3729.157 Safari/537.36" "ysfine.com"
51.222.253.20 - - [05/Nov/2022:08:02:24 -0700] "GET /ysbio/usca/pitt/giants55d.jpg HTTP/1.1" 200 63685 "-" "Mozilla/5.0 (compatible; AhrefsBot/7.0; +http://ahrefs.com/robot/)" "www.ysfine.com"
40.77.167.68 - - [05/Nov/2022:08:02:29 -0700] "GET /feynman/feybongo55.jpg HTTP/1.1" 200 95645 "-" "Mozilla/5.0 (compatible; bingbot/2.0; +http://www.bing.com/bingbot.htm)" "ysfine.com"
51.222.253.19 - - [05/Nov/2022:08:02:30 -0700] "GET /ysbio/usca/pitt/gonew450.jpg HTTP/1.1" 200 58216 "-" "Mozilla/5.0 (compatible; AhrefsBot/7.0; +http://ahrefs.com/robot/)" "www.ysfine.com"
51.222.253.9 - - [05/Nov/2022:08:02:36 -0700] "GET /ysbio/usca/pitt/pittcath01d.jpg HTTP/1.1" 200 46866 "-" "Mozilla/5.0 (compatible; AhrefsBot/7.0; +http://ahrefs.com/robot/)" "www.ysfine.com"
20.29.110.169 - - [05/Nov/2022:08:02:55 -0700] "GET /world/france/orsaym01b.jpg HTTP/1.1" 200 47888 "https://ysfine.com/world/france" "Mozilla/5.0 (Linux; Android 10; SM-G960U) AppleWebKit/537.36 (KHTML, like Gecko) Chrome/88.0.4324.181 Mobile Safari/537.36" "ysfine.com"
40.77.167.27 - - [05/Nov/2022:08:02:56 -0700] "GET /wigner/neum/vnc01.jpg HTTP/1.1" 200 133641 "-" "Mozilla/5.0 AppleWebKit/537.36 (KHTML, like Gecko; compatible; bingbot/2.0; +http://www.bing.com/bingbot.htm) Chrome/103.0.5060.134 Safari/537.36" "www.ysfine.com"
20.109.241.98 - - [05/Nov/2022:08:02:59 -0700] "GET /jobs/brazilj2.jpg HTTP/1.1" 200 40281 "https://ysfine.com/jobs" "Mozilla/5.0 (Linux; Android 10; SM-G960U) AppleWebKit/537.36 (KHTML, like Gecko) Chrome/88.0.4324.181 Mobile Safari/537.36" "ysfine.com"
157.55.39.17 - - [05/Nov/2022:08:03:39 -0700] "GET /bio/awards/iao.html HTTP/1.1" 404 88 "-" "Mozilla/5.0 AppleWebKit/537.36 (KHTML, like Gecko; compatible; bingbot/2.0; +http://www.bing.com/bingbot.htm) Chrome/103.0.5060.134 Safari/537.36" "ysfine.com"
40.122.195.128 - - [05/Nov/2022:08:03:42 -0700] "GET /kobak/1014c270.jpg HTTP/1.1" 200 56853 "https://ysfine.com/kobak" "Mozilla/5.0 (Macintosh; Intel Mac OS X 10_11_6) AppleWebKit/605.1.15 (KHTML, like Gecko) Version/11.1.2 Safari/605.1.15" "ysfine.com"
40.86.101.164 - - [05/Nov/2022:08:04:10 -0700] "GET /philo/table33a.jpg HTTP/1.1" 200 73226 "https://ysfine.com/philo" "Mozilla/5.0 (X11; Linux x86_64) AppleWebKit/537.36 (KHTML, like Gecko) Chrome/74.0.3729.169 Safari/537.36" "ysfine.com"
20.109.241.98 - - [05/Nov/2022:08:04:14 -0700] "GET /eink/dirbust22d.jpg HTTP/1.1" 200 52160 "https://ysfine.com/eink" "Mozilla/5.0 (Windows NT 10.0; Win64; x64) AppleWebKit/537.36 (KHTML, like Gecko) Chrome/74.0.3729.157 Safari/537.36" "ysfine.com"
65.109.26.43 - - [05/Nov/2022:08:05:21 -0700] "GET /robots.txt HTTP/1.1" 404 73 "-" "Mozilla/5.0 (compatible; MJ12bot/v1.4.8; http://mj12bot.com/)" "www.ysfine.com"
157.55.39.65 - - [05/Nov/2022:08:05:26 -0700] "GET /bio/wigner/e(2).html HTTP/1.1" 404 88 "-" "Mozilla/5.0 (compatible; bingbot/2.0; +http://www.bing.com/bingbot.htm)" "ysfine.com"
157.55.39.76 - - [05/Nov/2022:08:05:56 -0700] "GET /style/beetho33.jpg HTTP/1.1" 200 185858 "-" "Mozilla/5.0 AppleWebKit/537.36 (KHTML, like Gecko; compatible; bingbot/2.0; +http://www.bing.com/bingbot.htm) Chrome/103.0.5060.134 Safari/537.36" "ysfine.com"
157.55.39.17 - - [05/Nov/2022:08:06:01 -0700] "GET /bio/einstein/bern.html HTTP/1.1" 404 88 "-" "Mozilla/5.0 AppleWebKit/537.36 (KHTML, like Gecko; compatible; bingbot/2.0; +http://www.bing.com/bingbot.htm) Chrome/103.0.5060.134 Safari/537.36" "ysfine.com"
65.109.26.43 - - [05/Nov/2022:08:06:17 -0700] "GET /ysbio/newyork/radioci11.jpg HTTP/1.1" 200 78867 "-" "Mozilla/5.0 (compatible; MJ12bot/v1.4.8; http://mj12bot.com/)" "www.ysfine.com"
40.77.167.68 - - [05/Nov/2022:08:06:30 -0700] "GET /kowar/tanks/sherman58.jpg HTTP/1.1" 200 98388 "-" "Mozilla/5.0 (compatible; bingbot/2.0; +http://www.bing.com/bingbot.htm)" "www.ysfine.com"
157.55.39.17 - - [05/Nov/2022:08:06:47 -0700] "GET /world/ital/stcroce02.jpg HTTP/1.1" 200 133919 "-" "Mozilla/5.0 (compatible; bingbot/2.0; +http://www.bing.com/bingbot.htm)" "www.ysfine.com"
20.12.191.74 - - [05/Nov/2022:08:07:04 -0700] "GET /world/russ/potemkin11b.jpg HTTP/1.1" 200 45006 "https://ysfine.com/world/russ" "Mozilla/5.0 (iPhone; CPU iPhone OS 13_5_1 like Mac OS X) AppleWebKit/605.1.15 (KHTML, like Gecko) Version/13.1.1 Mobile/15E148 Safari/604.1" "ysfine.com"
40.77.51.84 - - [05/Nov/2022:08:07:09 -0700] "GET /style/swanlake2.jpg HTTP/1.1" 200 28176 "http://ysfine.com/style" "Mozilla/5.0 (Macintosh; Intel Mac OS X 10_11_6) AppleWebKit/605.1.15 (KHTML, like Gecko) Version/11.1.2 Safari/605.1.15" "ysfine.com"
77.75.79.31 - - [05/Nov/2022:08:07:09 -0700] "GET /robots.txt HTTP/1.1" 404 88 "-" "Mozilla/5.0 (compatible; SeznamBot/4.0-RC1; +http://napoveda.seznam.cz/seznambot-intro/)" "ysfine.com"
40.77.51.86 - - [05/Nov/2022:08:07:35 -0700] "GET /beau/brazlon11c.jpg HTTP/1.1" 404 88 "https://ysfine.com/beau" "Mozilla/5.0 (Linux; Android 10; SM-G960U) AppleWebKit/537.36 (KHTML, like Gecko) Chrome/88.0.4324.181 Mobile Safari/537.36" "ysfine.com"
51.222.253.2 - - [05/Nov/2022:08:08:04 -0700] "GET /ysbio/world/ital/tuscany.html HTTP/1.1" 200 455 "-" "Mozilla/5.0 (compatible; AhrefsBot/7.0; +http://ahrefs.com/robot/)" "ysfine.com"
66.220.149.7 - - [05/Nov/2022:08:08:06 -0700] "GET /wisdom/lastrain.html HTTP/1.1" 206 1843 "-" "facebookexternalhit/1.1 (+http://www.facebook.com/externalhit_uatext.php)" "ysfine.com"
40.122.227.202 - - [05/Nov/2022:08:08:13 -0700] "GET /world/balkan/ath008b.jpg HTTP/1.1" 200 45637 "https://ysfine.com/world/balkan" "Mozilla/5.0 (Windows NT 10.0; Win64; x64) AppleWebKit/537.36 (KHTML, like Gecko) Chrome/74.0.3729.157 Safari/537.36" "ysfine.com"
40.77.167.68 - - [05/Nov/2022:08:08:21 -0700] "GET /bio/world/kazan.html HTTP/1.1" 404 88 "-" "Mozilla/5.0 AppleWebKit/537.36 (KHTML, like Gecko; compatible; bingbot/2.0; +http://www.bing.com/bingbot.htm) Chrome/103.0.5060.134 Safari/537.36" "ysfine.com"
40.86.101.166 - - [05/Nov/2022:08:08:41 -0700] "GET /world/ital/vatim10b.jpg HTTP/1.1" 200 35185 "https://ysfine.com/world/ital" "Mozilla/5.0 (Macintosh; Intel Mac OS X 10_11_6) AppleWebKit/605.1.15 (KHTML, like Gecko) Version/11.1.2 Safari/605.1.15" "ysfine.com"
216.244.66.229 - - [05/Nov/2022:08:08:55 -0700] "GET /robots.txt HTTP/1.1" 404 73 "-" "Mozilla/5.0 (compatible; DotBot/1.2; +https://opensiteexplorer.org/dotbot; help@moz.com)" "www.ysfine.com"
40.77.51.81 - - [05/Nov/2022:08:09:08 -0700] "GET /friends/admire11.jpg HTTP/1.1" 404 88 "http://ysfine.com/friends" "Mozilla/5.0 (Windows NT 10.0; Win64; x64) AppleWebKit/537.36 (KHTML, like Gecko) Chrome/74.0.3729.157 Safari/537.36" "ysfine.com"
40.78.141.94 - - [05/Nov/2022:08:09:44 -0700] "GET /world/france/frstu03c.jpg HTTP/1.1" 200 43791 "https://ysfine.com/world/france" "Mozilla/5.0 (Linux; Android 10; SM-G960U) AppleWebKit/537.36 (KHTML, like Gecko) Chrome/88.0.4324.181 Mobile Safari/537.36" "ysfine.com"
40.86.101.252 - - [05/Nov/2022:08:09:44 -0700] "GET /world/latina/sambario10b.jpg HTTP/1.1" 200 33490 "https://ysfine.com/world/latina" "Mozilla/5.0 (iPhone; CPU iPhone OS 13_5_1 like Mac OS X) AppleWebKit/605.1.15 (KHTML, like Gecko) Version/13.1.1 Mobile/15E148 Safari/604.1" "ysfine.com"
40.77.167.27 - - [05/Nov/2022:08:09:59 -0700] "GET /world/germany/humboldt29.jpg HTTP/1.1" 200 88071 "-" "Mozilla/5.0 (compatible; bingbot/2.0; +http://www.bing.com/bingbot.htm)" "www.ysfine.com"
20.29.110.168 - - [05/Nov/2022:08:10:07 -0700] "GET /wdc/washmo15.jpg HTTP/1.1" 200 85954 "https://ysfine.com/wdc" "Mozilla/5.0 (Windows NT 10.0; Win64; x64) AppleWebKit/537.36 (KHTML, like Gecko) Chrome/74.0.3729.157 Safari/537.36" "ysfine.com"
157.55.39.76 - - [05/Nov/2022:08:10:17 -0700] "GET /einstein/places/ulm07b.jpg HTTP/1.1" 200 47767 "-" "Mozilla/5.0 (compatible; bingbot/2.0; +http://www.bing.com/bingbot.htm)" "ysfine.com"
40.77.167.68 - - [05/Nov/2022:08:10:41 -0700] "GET /world/brit/dunf15.jpg HTTP/1.1" 200 113687 "-" "Mozilla/5.0 AppleWebKit/537.36 (KHTML, like Gecko; compatible; bingbot/2.0; +http://www.bing.com/bingbot.htm) Chrome/103.0.5060.134 Safari/537.36" "www.ysfine.com"
20.106.28.16 - - [05/Nov/2022:08:10:49 -0700] "GET /princeton/wilson01b.jpg HTTP/1.1" 200 39141 "http://ysfine.com/princeton" "Mozilla/5.0 (Linux; Android 10; SM-G960U) AppleWebKit/537.36 (KHTML, like Gecko) Chrome/88.0.4324.181 Mobile Safari/537.36" "ysfine.com"
157.55.39.17 - - [05/Nov/2022:08:10:58 -0700] "GET /einstein/pdugard17a.jpg HTTP/1.1" 200 92931 "-" "Mozilla/5.0 (compatible; bingbot/2.0; +http://www.bing.com/bingbot.htm)" "ysfine.com"
40.86.101.164 - - [05/Nov/2022:08:11:15 -0700] "GET /maga/phys/maclaurin01b.jpg HTTP/1.1" 200 49228 "https://ysfine.com/maga/phys" "Mozilla/5.0 (Macintosh; Intel Mac OS X 10_11_6) AppleWebKit/605.1.15 (KHTML, like Gecko) Version/11.1.2 Safari/605.1.15" "ysfine.com"
157.55.39.76 - - [05/Nov/2022:08:11:46 -0700] "GET /world/poland/krk17.jpg HTTP/1.1" 200 85934 "-" "Mozilla/5.0 AppleWebKit/537.36 (KHTML, like Gecko; compatible; bingbot/2.0; +http://www.bing.com/bingbot.htm) Chrome/103.0.5060.134 Safari/537.36" "www.ysfine.com"
20.29.111.244 - - [05/Nov/2022:08:11:48 -0700] "GET /wdc/treasury11b.jpg HTTP/1.1" 200 36911 "https://ysfine.com/wdc" "Mozilla/5.0 (iPhone; CPU iPhone OS 13_5_1 like Mac OS X) AppleWebKit/605.1.15 (KHTML, like Gecko) Version/13.1.1 Mobile/15E148 Safari/604.1" "ysfine.com"
157.55.39.65 - - [05/Nov/2022:08:11:57 -0700] "GET /bio/style/ystyle.html HTTP/1.1" 404 88 "-" "Mozilla/5.0 AppleWebKit/537.36 (KHTML, like Gecko; compatible; bingbot/2.0; +http://www.bing.com/bingbot.htm) Chrome/103.0.5060.134 Safari/537.36" "ysfine.com"
73.137.242.23 - - [05/Nov/2022:08:12:39 -0700] "GET /wigner/neum/pvn03.jpg HTTP/1.1" 200 83757 "https://www.google.com/" "Mozilla/5.0 (Macintosh; Intel Mac OS X 10_15_7) AppleWebKit/605.1.15 (KHTML, like Gecko) Version/16.0 Safari/605.1.15" "ysfine.com"
73.137.242.23 - - [05/Nov/2022:08:12:39 -0700] "GET /wigner/neum/pvn05.jpg HTTP/1.1" 200 219501 "https://www.google.com/" "Mozilla/5.0 (Macintosh; Intel Mac OS X 10_15_7) AppleWebKit/605.1.15 (KHTML, like Gecko) Version/16.0 Safari/605.1.15" "ysfine.com"
73.137.242.23 - - [05/Nov/2022:08:12:42 -0700] "GET /wigner/neum/pvn07.jpg HTTP/1.1" 200 101823 "https://www.google.com/" "Mozilla/5.0 (Macintosh; Intel Mac OS X 10_15_7) AppleWebKit/605.1.15 (KHTML, like Gecko) Version/16.0 Safari/605.1.15" "ysfine.com"
114.119.128.162 - - [05/Nov/2022:08:12:55 -0700] "GET /maga/phys/poinsf/srigh.html HTTP/1.1" 200 2053 "-" "Mozilla/5.0 (Linux; Android 7.0;) AppleWebKit/537.36 (KHTML, like Gecko) Mobile Safari/537.36 (compatible; PetalBot;+https://webmaster.petalsearch.com/site/petalbot)" "www.ysfine.com"
40.122.227.200 - - [05/Nov/2022:08:13:00 -0700] "GET /world/ital/padova17b.jpg HTTP/1.1" 200 45751 "http://ysfine.com/world/ital" "Mozilla/5.0 (Windows NT 10.0; Win64; x64) AppleWebKit/537.36 (KHTML, like Gecko) Chrome/74.0.3729.157 Safari/537.36" "ysfine.com"
40.77.167.68 - - [05/Nov/2022:08:13:01 -0700] "GET /sbk/2008viln22.jpg HTTP/1.1" 200 201541 "-" "Mozilla/5.0 (compatible; bingbot/2.0; +http://www.bing.com/bingbot.htm)" "ysfine.com"
40.77.167.68 - - [05/Nov/2022:08:13:02 -0700] "GET /wigner/first.jpg HTTP/1.1" 200 47549 "-" "Mozilla/5.0 AppleWebKit/537.36 (KHTML, like Gecko; compatible; bingbot/2.0; +http://www.bing.com/bingbot.htm) Chrome/103.0.5060.134 Safari/537.36" "ysfine.com"
95.90.185.160 - - [05/Nov/2022:08:13:25 -0700] "GET /dirac/dirac.jpg HTTP/1.1" 200 94245 "https://www.bing.com/" "Mozilla/5.0 (Windows NT 10.0; Win64; x64) AppleWebKit/537.36 (KHTML, like Gecko) Chrome/107.0.0.0 Safari/537.36 Edg/107.0.1418.35" "www.ysfine.com"
40.77.167.71 - - [05/Nov/2022:08:13:29 -0700] "GET /yspapers/index.html HTTP/1.1" 200 21306 "-" "Mozilla/5.0 AppleWebKit/537.36 (KHTML, like Gecko; compatible; bingbot/2.0; +http://www.bing.com/bingbot.htm) Chrome/103.0.5060.134 Safari/537.36" "www.ysfine.com"
123.183.224.88 - - [05/Nov/2022:08:13:37 -0700] "GET / HTTP/1.1" 200 5283 "-" "Sogou web spider/4.0(+http://www.sogou.com/docs/help/webmasters.htm#07)" "ysfine.com"
157.55.39.17 - - [05/Nov/2022:08:13:49 -0700] "GET /wigner/neum/neuim.jpg HTTP/1.1" 200 75456 "-" "Mozilla/5.0 AppleWebKit/537.36 (KHTML, like Gecko; compatible; bingbot/2.0; +http://www.bing.com/bingbot.htm) Chrome/103.0.5060.134 Safari/537.36" "www.ysfine.com"
114.119.128.142 - - [05/Nov/2022:08:14:07 -0700] "GET /friends/world/ulm.html HTTP/1.1" 404 88 "https://ysfine.com/friends/british.html" "Mozilla/5.0 (Linux; Android 7.0;) AppleWebKit/537.36 (KHTML, like Gecko) Mobile Safari/537.36 (compatible; PetalBot;+https://webmaster.petalsearch.com/site/petalbot)" "ysfine.com"
216.244.66.229 - - [05/Nov/2022:08:14:59 -0700] "GET /ffriends/frsp01.jpg HTTP/1.1" 200 237068 "-" "Mozilla/5.0 (compatible; DotBot/1.2; +https://opensiteexplorer.org/dotbot; help@moz.com)" "www.ysfine.com"
114.119.128.158 - - [05/Nov/2022:08:15:27 -0700] "GET /kowar/war50625.html HTTP/1.1" 200 2658 "-" "Mozilla/5.0 (Linux; Android 7.0;) AppleWebKit/537.36 (KHTML, like Gecko) Mobile Safari/537.36 (compatible; PetalBot;+https://webmaster.petalsearch.com/site/petalbot)" "ysfine.com"
138.251.199.248 - - [05/Nov/2022:08:15:31 -0700] "GET /princeton/dulles.jpg HTTP/1.1" 200 84176 "https://www.google.com/" "Mozilla/5.0 (iPhone; CPU iPhone OS 15_6_1 like Mac OS X) AppleWebKit/605.1.15 (KHTML, like Gecko) Version/15.6.1 Mobile/15E148 Safari/604.1" "ysfine.com"
40.77.167.27 - - [05/Nov/2022:08:15:45 -0700] "GET /ysbio/einstein/hidden.html HTTP/1.1" 200 4821 "-" "Mozilla/5.0 AppleWebKit/537.36 (KHTML, like Gecko; compatible; bingbot/2.0; +http://www.bing.com/bingbot.htm) Chrome/103.0.5060.134 Safari/537.36" "ysfine.com"
216.244.66.229 - - [05/Nov/2022:08:15:51 -0700] "GET /ffriends/amkor/amnorl01.jpg HTTP/1.1" 200 112112 "-" "Mozilla/5.0 (compatible; DotBot/1.2; +https://opensiteexplorer.org/dotbot; help@moz.com)" "www.ysfine.com"
157.55.39.17 - - [05/Nov/2022:08:15:58 -0700] "GET /eink/tao55.jpg HTTP/1.1" 200 170385 "-" "Mozilla/5.0 AppleWebKit/537.36 (KHTML, like Gecko; compatible; bingbot/2.0; +http://www.bing.com/bingbot.htm) Chrome/103.0.5060.134 Safari/537.36" "www.ysfine.com"
40.77.167.71 - - [05/Nov/2022:08:16:20 -0700] "GET /world/ital/veronasis01.jpg HTTP/1.1" 200 125798 "-" "Mozilla/5.0 (compatible; bingbot/2.0; +http://www.bing.com/bingbot.htm)" "ysfine.com"
51.222.253.16 - - [05/Nov/2022:08:16:34 -0700] "GET /ysbio/world/ital/uffizi22.html HTTP/1.1" 200 402 "-" "Mozilla/5.0 (compatible; AhrefsBot/7.0; +http://ahrefs.com/robot/)" "ysfine.com"
20.29.110.168 - - [05/Nov/2022:08:16:46 -0700] "GET /world/russ/spbf29b.jpg HTTP/1.1" 200 46978 "http://www.ysfine.com/world/russ" "Mozilla/5.0 (Linux; Android 10; SM-G960U) AppleWebKit/537.36 (KHTML, like Gecko) Chrome/88.0.4324.181 Mobile Safari/537.36" "www.ysfine.com"
40.86.101.252 - - [05/Nov/2022:08:17:40 -0700] "GET /world/ital/bolog05b.jpg HTTP/1.1" 200 49265 "https://ysfine.com/world/ital" "Mozilla/5.0 (X11; Linux x86_64) AppleWebKit/537.36 (KHTML, like Gecko) Chrome/74.0.3729.169 Safari/537.36" "ysfine.com"
157.55.39.76 - - [05/Nov/2022:08:17:57 -0700] "GET /world/ital/bologsw22.jpg HTTP/1.1" 200 125404 "-" "Mozilla/5.0 AppleWebKit/537.36 (KHTML, like Gecko; compatible; bingbot/2.0; +http://www.bing.com/bingbot.htm) Chrome/103.0.5060.134 Safari/537.36" "ysfine.com"
40.77.167.71 - - [05/Nov/2022:08:18:03 -0700] "GET /ysbio/folks/tolstoy.html HTTP/1.1" 200 1447 "-" "Mozilla/5.0 (compatible; bingbot/2.0; +http://www.bing.com/bingbot.htm)" "ysfine.com"
20.106.28.17 - - [05/Nov/2022:08:18:06 -0700] "GET /world/brit/firew01.jpg HTTP/1.1" 404 88 "http://ysfine.com/world/brit" "Mozilla/5.0 (X11; Linux x86_64) AppleWebKit/537.36 (KHTML, like Gecko) Chrome/74.0.3729.169 Safari/537.36" "ysfine.com"
40.77.51.86 - - [05/Nov/2022:08:18:52 -0700] "GET /world/brit/lontaxi01.jpg HTTP/1.1" 200 105275 "https://ysfine.com/world/brit" "Mozilla/5.0 (iPhone; CPU iPhone OS 13_5_1 like Mac OS X) AppleWebKit/605.1.15 (KHTML, like Gecko) Version/13.1.1 Mobile/15E148 Safari/604.1" "ysfine.com"
20.29.110.170 - - [05/Nov/2022:08:18:53 -0700] "GET /world/hungary/buda210b.jpg HTTP/1.1" 200 41544 "http://ysfine.com/world/hungary" "Mozilla/5.0 (iPhone; CPU iPhone OS 13_5_1 like Mac OS X) AppleWebKit/605.1.15 (KHTML, like Gecko) Version/13.1.1 Mobile/15E148 Safari/604.1" "ysfine.com"
40.77.167.27 - - [05/Nov/2022:08:19:29 -0700] "GET /world/brit/dunf11.jpg HTTP/1.1" 200 85074 "-" "Mozilla/5.0 AppleWebKit/537.36 (KHTML, like Gecko; compatible; bingbot/2.0; +http://www.bing.com/bingbot.htm) Chrome/103.0.5060.134 Safari/537.36" "ysfine.com"
81.60.151.176 - - [05/Nov/2022:08:19:44 -0700] "GET /wigner/neum/pvn03.jpg HTTP/1.1" 200 83757 "https://www.google.com/" "Mozilla/5.0 (Windows NT 10.0; Win64; x64; rv:106.0) Gecko/20100101 Firefox/106.0" "ysfine.com"
37.188.175.209 - - [05/Nov/2022:08:20:05 -0700] "GET /yspapers/iopbook15.pdf HTTP/1.1" 200 2962673 "https://www.google.com/" "Mozilla/5.0 (X11; Linux x86_64; rv:106.0) Gecko/20100101 Firefox/106.0" "ysfine.com"
40.77.167.68 - - [05/Nov/2022:08:20:12 -0700] "GET /bio/optics.html HTTP/1.1" 404 88 "-" "Mozilla/5.0 AppleWebKit/537.36 (KHTML, like Gecko; compatible; bingbot/2.0; +http://www.bing.com/bingbot.htm) Chrome/103.0.5060.134 Safari/537.36" "ysfine.com"
40.77.167.27 - - [05/Nov/2022:08:20:29 -0700] "GET /awards/fortune11.jpg HTTP/1.1" 200 270524 "-" "Mozilla/5.0 (compatible; bingbot/2.0; +http://www.bing.com/bingbot.htm)" "ysfine.com"
144.202.25.134 - - [05/Nov/2022:08:20:29 -0700] "GET /princeton/cleve.html HTTP/1.1" 200 570 "-" "Mozilla" "ysfine.com"
144.202.25.134 - - [05/Nov/2022:08:20:30 -0700] "GET /princeton/cleve.html HTTP/1.1" 200 570 "-" "Mozilla" "ysfine.com"
157.55.39.76 - - [05/Nov/2022:08:20:47 -0700] "GET /world/russ/mosmusic51.jpg HTTP/1.1" 200 91662 "-" "Mozilla/5.0 (compatible; bingbot/2.0; +http://www.bing.com/bingbot.htm)" "ysfine.com"
77.75.79.119 - - [05/Nov/2022:08:21:10 -0700] "GET /dirac/index.html HTTP/1.1" 200 124 "-" "Mozilla/5.0 (compatible; SeznamBot/4.0-RC1; +http://napoveda.seznam.cz/seznambot-intro/)" "ysfine.com"
40.77.167.68 - - [05/Nov/2022:08:21:22 -0700] "GET /ysbio/world/berlin.html HTTP/1.1" 200 16173 "-" "Mozilla/5.0 AppleWebKit/537.36 (KHTML, like Gecko; compatible; bingbot/2.0; +http://www.bing.com/bingbot.htm) Chrome/103.0.5060.134 Safari/537.36" "ysfine.com"
183.82.204.118 - - [05/Nov/2022:08:22:00 -0700] "GET /einstein/einglaub01.jpg HTTP/1.1" 200 121877 "https://www.google.com/" "Mozilla/5.0 (Windows NT 10.0; Win64; x64; rv:106.0) Gecko/20100101 Firefox/106.0" "ysfine.com"
40.122.227.202 - - [05/Nov/2022:08:22:02 -0700] "GET /style/musee/britmu18b.jpg HTTP/1.1" 200 56514 "https://ysfine.com/style/musee" "Mozilla/5.0 (Linux; Android 10; SM-G960U) AppleWebKit/537.36 (KHTML, like Gecko) Chrome/88.0.4324.181 Mobile Safari/537.36" "ysfine.com"
185.175.35.147 - - [05/Nov/2022:08:22:07 -0700] "GET /feynman/feydirac.jpg HTTP/1.1" 200 98378 "https://www.google.com/" "Mozilla/5.0 (iPhone; CPU iPhone OS 16_0_3 like Mac OS X) AppleWebKit/605.1.15 (KHTML, like Gecko) Version/16.0 Mobile/15E148 Safari/604.1" "ysfine.com"
98.13.232.247 - - [05/Nov/2022:08:22:17 -0700] "GET /world/france/sartremap11.jpg HTTP/1.1" 200 115003 "https://www.google.com/" "Mozilla/5.0 (Windows NT 10.0; Win64; x64) AppleWebKit/537.36 (KHTML, like Gecko) Chrome/107.0.0.0 Safari/537.36" "ysfine.com"
97.70.2.31 - - [05/Nov/2022:08:22:29 -0700] "GET /maga/histo/desiree23.jpg HTTP/1.1" 200 85900 "https://www.google.com/" "Mozilla/5.0 (Linux; Android 10; MT-T800) AppleWebKit/537.36 (KHTML, like Gecko) Chrome/107.0.0.0 Mobile Safari/537.36" "ysfine.com"
20.29.110.168 - - [05/Nov/2022:08:22:51 -0700] "GET /style/musee/britmu03b.jpg HTTP/1.1" 200 44431 "https://ysfine.com/style/musee" "Mozilla/5.0 (Linux; Android 10; SM-G960U) AppleWebKit/537.36 (KHTML, like Gecko) Chrome/88.0.4324.181 Mobile Safari/537.36" "ysfine.com"
51.9.120.104 - - [05/Nov/2022:08:22:54 -0700] "GET /wigner/teller.jpg HTTP/1.1" 200 98739 "https://www.google.com/" "Mozilla/5.0 (X11; Linux x86_64; rv:106.0) Gecko/20100101 Firefox/106.0" "ysfine.com"
20.109.241.80 - - [05/Nov/2022:08:23:10 -0700] "GET /newyork/wtc00.jpg HTTP/1.1" 200 267600 "http://ysfine.com/newyork" "Mozilla/5.0 (Linux; Android 10; SM-G960U) AppleWebKit/537.36 (KHTML, like Gecko) Chrome/88.0.4324.181 Mobile Safari/537.36" "ysfine.com"
157.55.39.65 - - [05/Nov/2022:08:23:27 -0700] "GET /world/germany/leipzig02.jpg HTTP/1.1" 200 122245 "-" "Mozilla/5.0 AppleWebKit/537.36 (KHTML, like Gecko; compatible; bingbot/2.0; +http://www.bing.com/bingbot.htm) Chrome/103.0.5060.134 Safari/537.36" "www.ysfine.com"
114.119.128.162 - - [05/Nov/2022:08:23:37 -0700] "GET /friends/italia.html HTTP/1.1" 404 88 "https://www.ysfine.com/class54/emailed03.html" "Mozilla/5.0 (Linux; Android 7.0;) AppleWebKit/537.36 (KHTML, like Gecko) Mobile Safari/537.36 (compatible; PetalBot;+https://webmaster.petalsearch.com/site/petalbot)" "ysfine.com"
157.55.39.76 - - [05/Nov/2022:08:23:57 -0700] "GET /saram/g103.jpg HTTP/1.1" 200 173057 "-" "Mozilla/5.0 (compatible; bingbot/2.0; +http://www.bing.com/bingbot.htm)" "www.ysfine.com"
40.77.167.27 - - [05/Nov/2022:08:24:37 -0700] "GET /bio/style/proschanie.html HTTP/1.1" 404 88 "-" "Mozilla/5.0 (compatible; bingbot/2.0; +http://www.bing.com/bingbot.htm)" "ysfine.com"
51.222.253.5 - - [05/Nov/2022:08:25:01 -0700] "GET /wigner/isomor.html HTTP/1.1" 200 359 "-" "Mozilla/5.0 (compatible; AhrefsBot/7.0; +http://ahrefs.com/robot/)" "www.ysfine.com"
40.77.51.84 - - [05/Nov/2022:08:25:33 -0700] "GET /friends/twosis11.jpg HTTP/1.1" 404 88 "http://ysfine.com/friends" "Mozilla/5.0 (iPhone; CPU iPhone OS 13_5_1 like Mac OS X) AppleWebKit/605.1.15 (KHTML, like Gecko) Version/13.1.1 Mobile/15E148 Safari/604.1" "ysfine.com"
40.77.167.71 - - [05/Nov/2022:08:25:51 -0700] "GET /world/france/montpar10.jpg HTTP/1.1" 200 206294 "-" "Mozilla/5.0 (compatible; bingbot/2.0; +http://www.bing.com/bingbot.htm)" "www.ysfine.com"
40.122.195.128 - - [05/Nov/2022:08:25:56 -0700] "GET /wdc/umdbarn06.jpg HTTP/1.1" 200 97169 "https://ysfine.com/wdc" "Mozilla/5.0 (Linux; Android 10; SM-G960U) AppleWebKit/537.36 (KHTML, like Gecko) Chrome/88.0.4324.181 Mobile Safari/537.36" "ysfine.com"
157.55.39.17 - - [05/Nov/2022:08:26:00 -0700] "GET /ysbio/dirac/dirfeyn22.html HTTP/1.1" 200 2329 "-" "Mozilla/5.0 AppleWebKit/537.36 (KHTML, like Gecko; compatible; bingbot/2.0; +http://www.bing.com/bingbot.htm) Chrome/103.0.5060.134 Safari/537.36" "ysfine.com"
20.29.110.168 - - [05/Nov/2022:08:26:29 -0700] "GET /kobak/yalta33b.jpg HTTP/1.1" 200 33354 "http://ysfine.com/kobak" "Mozilla/5.0 (Macintosh; Intel Mac OS X 10_11_6) AppleWebKit/605.1.15 (KHTML, like Gecko) Version/11.1.2 Safari/605.1.15" "ysfine.com"
114.119.128.158 - - [05/Nov/2022:08:26:45 -0700] "GET /class54/weheard628.html HTTP/1.1" 200 1613 "http://ysfine.com/class54/weheard.html" "Mozilla/5.0 (Linux; Android 7.0;) AppleWebKit/537.36 (KHTML, like Gecko) Mobile Safari/537.36 (compatible; PetalBot;+https://webmaster.petalsearch.com/site/petalbot)" "ysfine.com"
20.106.27.209 - - [05/Nov/2022:08:27:02 -0700] "GET /world/brit/tower12.jpg HTTP/1.1" 404 88 "http://ysfine.com/world/brit" "Mozilla/5.0 (X11; Linux x86_64) AppleWebKit/537.36 (KHTML, like Gecko) Chrome/74.0.3729.169 Safari/537.36" "ysfine.com"
40.122.227.200 - - [05/Nov/2022:08:27:05 -0700] "GET /princeton/car06.jpg HTTP/1.1" 200 72390 "https://ysfine.com/princeton" "Mozilla/5.0 (X11; Linux x86_64) AppleWebKit/537.36 (KHTML, like Gecko) Chrome/74.0.3729.169 Safari/537.36" "ysfine.com"
20.109.241.80 - - [05/Nov/2022:08:27:14 -0700] "GET /world/ital/palat11b.jpg HTTP/1.1" 200 43138 "http://ysfine.com/world/ital" "Mozilla/5.0 (Macintosh; Intel Mac OS X 10_11_6) AppleWebKit/605.1.15 (KHTML, like Gecko) Version/11.1.2 Safari/605.1.15" "ysfine.com"
40.122.230.190 - - [05/Nov/2022:08:27:21 -0700] "GET /wigner/hk88b.jpg HTTP/1.1" 200 41438 "https://ysfine.com/wigner" "Mozilla/5.0 (Linux; Android 10; SM-G960U) AppleWebKit/537.36 (KHTML, like Gecko) Chrome/88.0.4324.181 Mobile Safari/537.36" "ysfine.com"
40.77.167.71 - - [05/Nov/2022:08:27:30 -0700] "GET /kobak/eisenhower33.jpg HTTP/1.1" 200 119577 "-" "Mozilla/5.0 (compatible; bingbot/2.0; +http://www.bing.com/bingbot.htm)" "www.ysfine.com"
157.55.39.17 - - [05/Nov/2022:08:28:30 -0700] "GET /ysbio/maga/faraday.html HTTP/1.1" 200 6233 "-" "Mozilla/5.0 AppleWebKit/537.36 (KHTML, like Gecko; compatible; bingbot/2.0; +http://www.bing.com/bingbot.htm) Chrome/103.0.5060.134 Safari/537.36" "ysfine.com"
135.181.213.219 - - [05/Nov/2022:08:28:41 -0700] "GET /robots.txt HTTP/1.1" 404 73 "-" "Mozilla/5.0 (compatible; MJ12bot/v1.4.8; http://mj12bot.com/)" "www.ysfine.com"
135.181.213.219 - - [05/Nov/2022:08:28:42 -0700] "GET /home/philo/kanthegel02.jpg HTTP/1.1" 200 179144 "-" "Mozilla/5.0 (compatible; MJ12bot/v1.4.8; http://mj12bot.com/)" "www.ysfine.com"
135.181.213.219 - - [05/Nov/2022:08:28:44 -0700] "GET /ysbio/newyork/trump15.jpg HTTP/1.1" 200 122156 "-" "Mozilla/5.0 (compatible; MJ12bot/v1.4.8; http://mj12bot.com/)" "www.ysfine.com"
135.181.213.219 - - [05/Nov/2022:08:28:47 -0700] "GET /ysbio/newyork/trump31.jpg HTTP/1.1" 200 110610 "-" "Mozilla/5.0 (compatible; MJ12bot/v1.4.8; http://mj12bot.com/)" "www.ysfine.com"
135.181.213.219 - - [05/Nov/2022:08:28:48 -0700] "GET /ysbio/newyork/trump33.jpg HTTP/1.1" 200 91965 "-" "Mozilla/5.0 (compatible; MJ12bot/v1.4.8; http://mj12bot.com/)" "www.ysfine.com"
135.181.213.219 - - [05/Nov/2022:08:28:50 -0700] "GET /ysbio/newyork/trump35.jpg HTTP/1.1" 200 100732 "-" "Mozilla/5.0 (compatible; MJ12bot/v1.4.8; http://mj12bot.com/)" "www.ysfine.com"
40.77.167.68 - - [05/Nov/2022:08:28:51 -0700] "GET /world/russ/minskf14.jpg HTTP/1.1" 200 75273 "-" "Mozilla/5.0 AppleWebKit/537.36 (KHTML, like Gecko; compatible; bingbot/2.0; +http://www.bing.com/bingbot.htm) Chrome/103.0.5060.134 Safari/537.36" "www.ysfine.com"
135.181.213.219 - - [05/Nov/2022:08:28:52 -0700] "GET /ysbio/newyork/trump36.jpg HTTP/1.1" 200 136675 "-" "Mozilla/5.0 (compatible; MJ12bot/v1.4.8; http://mj12bot.com/)" "www.ysfine.com"
40.77.167.71 - - [05/Nov/2022:08:28:53 -0700] "GET /bio/genea.html HTTP/1.1" 404 88 "-" "Mozilla/5.0 (compatible; bingbot/2.0; +http://www.bing.com/bingbot.htm)" "ysfine.com"
135.181.213.219 - - [05/Nov/2022:08:28:54 -0700] "GET /ysbio/newyork/trump38.jpg HTTP/1.1" 200 125841 "-" "Mozilla/5.0 (compatible; MJ12bot/v1.4.8; http://mj12bot.com/)" "www.ysfine.com"
135.181.213.219 - - [05/Nov/2022:08:28:56 -0700] "GET /ysbio/newyork/trump39.jpg HTTP/1.1" 200 113908 "-" "Mozilla/5.0 (compatible; MJ12bot/v1.4.8; http://mj12bot.com/)" "www.ysfine.com"
135.181.213.219 - - [05/Nov/2022:08:28:58 -0700] "GET /ysbio/newyork/trump40.jpg HTTP/1.1" 200 175731 "-" "Mozilla/5.0 (compatible; MJ12bot/v1.4.8; http://mj12bot.com/)" "www.ysfine.com"
135.181.213.219 - - [05/Nov/2022:08:29:00 -0700] "GET /ysbio/newyork/trump41.jpg HTTP/1.1" 200 127900 "-" "Mozilla/5.0 (compatible; MJ12bot/v1.4.8; http://mj12bot.com/)" "www.ysfine.com"
135.181.213.219 - - [05/Nov/2022:08:29:02 -0700] "GET /ysbio/newyork/trump43.jpg HTTP/1.1" 200 139526 "-" "Mozilla/5.0 (compatible; MJ12bot/v1.4.8; http://mj12bot.com/)" "www.ysfine.com"
135.181.213.219 - - [05/Nov/2022:08:29:04 -0700] "GET /ysbio/newyork/trump44.jpg HTTP/1.1" 200 115050 "-" "Mozilla/5.0 (compatible; MJ12bot/v1.4.8; http://mj12bot.com/)" "www.ysfine.com"
135.181.213.219 - - [05/Nov/2022:08:29:06 -0700] "GET /ysbio/newyork/trump46.jpg HTTP/1.1" 200 161263 "-" "Mozilla/5.0 (compatible; MJ12bot/v1.4.8; http://mj12bot.com/)" "www.ysfine.com"
135.181.213.219 - - [05/Nov/2022:08:29:08 -0700] "GET /ysbio/newyork/trump47.jpg HTTP/1.1" 200 164980 "-" "Mozilla/5.0 (compatible; MJ12bot/v1.4.8; http://mj12bot.com/)" "www.ysfine.com"
135.181.213.219 - - [05/Nov/2022:08:29:10 -0700] "GET /ysbio/newyork/trump56.jpg HTTP/1.1" 200 216107 "-" "Mozilla/5.0 (compatible; MJ12bot/v1.4.8; http://mj12bot.com/)" "www.ysfine.com"
135.181.213.219 - - [05/Nov/2022:08:29:12 -0700] "GET /ysbio/newyork/trump57.jpg HTTP/1.1" 200 225779 "-" "Mozilla/5.0 (compatible; MJ12bot/v1.4.8; http://mj12bot.com/)" "www.ysfine.com"
135.181.213.219 - - [05/Nov/2022:08:29:14 -0700] "GET /ysbio/newyork/trumpmap11.jpg HTTP/1.1" 200 89520 "-" "Mozilla/5.0 (compatible; MJ12bot/v1.4.8; http://mj12bot.com/)" "www.ysfine.com"
135.181.213.219 - - [05/Nov/2022:08:29:16 -0700] "GET /ysbio/newyork/un01.jpg HTTP/1.1" 200 150114 "-" "Mozilla/5.0 (compatible; MJ12bot/v1.4.8; http://mj12bot.com/)" "www.ysfine.com"
135.181.213.219 - - [05/Nov/2022:08:29:18 -0700] "GET /ysbio/newyork/wallst04.jpg HTTP/1.1" 200 110454 "-" "Mozilla/5.0 (compatible; MJ12bot/v1.4.8; http://mj12bot.com/)" "www.ysfine.com"
135.181.213.219 - - [05/Nov/2022:08:29:20 -0700] "GET /ysbio/newyork/wallst06.jpg HTTP/1.1" 200 88272 "-" "Mozilla/5.0 (compatible; MJ12bot/v1.4.8; http://mj12bot.com/)" "www.ysfine.com"
135.181.213.219 - - [05/Nov/2022:08:29:22 -0700] "GET /ysbio/newyork/wallst08.jpg HTTP/1.1" 200 103273 "-" "Mozilla/5.0 (compatible; MJ12bot/v1.4.8; http://mj12bot.com/)" "www.ysfine.com"
135.181.213.219 - - [05/Nov/2022:08:29:24 -0700] "GET /ysbio/newyork/wallst09.jpg HTTP/1.1" 200 145745 "-" "Mozilla/5.0 (compatible; MJ12bot/v1.4.8; http://mj12bot.com/)" "www.ysfine.com"
135.181.213.219 - - [05/Nov/2022:08:29:26 -0700] "GET /ysbio/newyork/wallst10.jpg HTTP/1.1" 200 89460 "-" "Mozilla/5.0 (compatible; MJ12bot/v1.4.8; http://mj12bot.com/)" "www.ysfine.com"
135.181.213.219 - - [05/Nov/2022:08:29:28 -0700] "GET /ysbio/newyork/wallst11.jpg HTTP/1.1" 200 88207 "-" "Mozilla/5.0 (compatible; MJ12bot/v1.4.8; http://mj12bot.com/)" "www.ysfine.com"
135.181.213.219 - - [05/Nov/2022:08:29:29 -0700] "GET /ysbio/newyork/wallst12.jpg HTTP/1.1" 200 93018 "-" "Mozilla/5.0 (compatible; MJ12bot/v1.4.8; http://mj12bot.com/)" "www.ysfine.com"
135.181.213.219 - - [05/Nov/2022:08:29:32 -0700] "GET /ysbio/newyork/wallst15.jpg HTTP/1.1" 200 188965 "-" "Mozilla/5.0 (compatible; MJ12bot/v1.4.8; http://mj12bot.com/)" "www.ysfine.com"
135.181.213.219 - - [05/Nov/2022:08:29:34 -0700] "GET /ysbio/newyork/wfc00.jpg HTTP/1.1" 200 227731 "-" "Mozilla/5.0 (compatible; MJ12bot/v1.4.8; http://mj12bot.com/)" "www.ysfine.com"
135.181.213.219 - - [05/Nov/2022:08:29:36 -0700] "GET /ysbio/newyork/wfc01.jpg HTTP/1.1" 200 207467 "-" "Mozilla/5.0 (compatible; MJ12bot/v1.4.8; http://mj12bot.com/)" "www.ysfine.com"
135.181.213.219 - - [05/Nov/2022:08:29:38 -0700] "GET /ysbio/newyork/wfc02.jpg HTTP/1.1" 200 105492 "-" "Mozilla/5.0 (compatible; MJ12bot/v1.4.8; http://mj12bot.com/)" "www.ysfine.com"
40.86.101.254 - - [05/Nov/2022:08:29:40 -0700] "GET /world/poland/gdn60b.jpg HTTP/1.1" 200 50761 "http://www.ysfine.com/world/poland" "Mozilla/5.0 (iPhone; CPU iPhone OS 13_5_1 like Mac OS X) AppleWebKit/605.1.15 (KHTML, like Gecko) Version/13.1.1 Mobile/15E148 Safari/604.1" "www.ysfine.com"
135.181.213.219 - - [05/Nov/2022:08:29:42 -0700] "GET /ysbio/newyork/wfc04.jpg HTTP/1.1" 200 207487 "-" "Mozilla/5.0 (compatible; MJ12bot/v1.4.8; http://mj12bot.com/)" "www.ysfine.com"
135.181.213.219 - - [05/Nov/2022:08:29:44 -0700] "GET /ysbio/newyork/wfc05.jpg HTTP/1.1" 200 273145 "-" "Mozilla/5.0 (compatible; MJ12bot/v1.4.8; http://mj12bot.com/)" "www.ysfine.com"
135.181.213.219 - - [05/Nov/2022:08:29:46 -0700] "GET /ysbio/newyork/wfc06.jpg HTTP/1.1" 200 210879 "-" "Mozilla/5.0 (compatible; MJ12bot/v1.4.8; http://mj12bot.com/)" "www.ysfine.com"
135.181.213.219 - - [05/Nov/2022:08:29:47 -0700] "GET /ysbio/newyork/wfc07.jpg HTTP/1.1" 200 240159 "-" "Mozilla/5.0 (compatible; MJ12bot/v1.4.8; http://mj12bot.com/)" "www.ysfine.com"
135.181.213.219 - - [05/Nov/2022:08:29:49 -0700] "GET /ysbio/newyork/wfc08.jpg HTTP/1.1" 200 237492 "-" "Mozilla/5.0 (compatible; MJ12bot/v1.4.8; http://mj12bot.com/)" "www.ysfine.com"
135.181.213.219 - - [05/Nov/2022:08:29:51 -0700] "GET /ysbio/newyork/wfc09.jpg HTTP/1.1" 200 262402 "-" "Mozilla/5.0 (compatible; MJ12bot/v1.4.8; http://mj12bot.com/)" "www.ysfine.com"
135.181.213.219 - - [05/Nov/2022:08:29:53 -0700] "GET /ysbio/newyork/wfc10.jpg HTTP/1.1" 200 177114 "-" "Mozilla/5.0 (compatible; MJ12bot/v1.4.8; http://mj12bot.com/)" "www.ysfine.com"
135.181.213.219 - - [05/Nov/2022:08:29:55 -0700] "GET /ysbio/newyork/wfc11.jpg HTTP/1.1" 200 229568 "-" "Mozilla/5.0 (compatible; MJ12bot/v1.4.8; http://mj12bot.com/)" "www.ysfine.com"
135.181.213.219 - - [05/Nov/2022:08:29:57 -0700] "GET /ysbio/newyork/wfc12.jpg HTTP/1.1" 200 181932 "-" "Mozilla/5.0 (compatible; MJ12bot/v1.4.8; http://mj12bot.com/)" "www.ysfine.com"
135.181.213.219 - - [05/Nov/2022:08:29:59 -0700] "GET /ysbio/newyork/wfc15.jpg HTTP/1.1" 200 194687 "-" "Mozilla/5.0 (compatible; MJ12bot/v1.4.8; http://mj12bot.com/)" "www.ysfine.com"
135.181.213.219 - - [05/Nov/2022:08:30:01 -0700] "GET /ysbio/newyork/wfc17.jpg HTTP/1.1" 200 232236 "-" "Mozilla/5.0 (compatible; MJ12bot/v1.4.8; http://mj12bot.com/)" "www.ysfine.com"
135.181.213.219 - - [05/Nov/2022:08:30:03 -0700] "GET /ysbio/newyork/wfc18.jpg HTTP/1.1" 200 142064 "-" "Mozilla/5.0 (compatible; MJ12bot/v1.4.8; http://mj12bot.com/)" "www.ysfine.com"
135.181.213.219 - - [05/Nov/2022:08:30:05 -0700] "GET /ysbio/newyork/wfc19.jpg HTTP/1.1" 200 303440 "-" "Mozilla/5.0 (compatible; MJ12bot/v1.4.8; http://mj12bot.com/)" "www.ysfine.com"
135.181.213.219 - - [05/Nov/2022:08:30:07 -0700] "GET /ysbio/newyork/wfc21.jpg HTTP/1.1" 200 275813 "-" "Mozilla/5.0 (compatible; MJ12bot/v1.4.8; http://mj12bot.com/)" "www.ysfine.com"
135.181.213.219 - - [05/Nov/2022:08:30:09 -0700] "GET /ysbio/newyork/wfc22.jpg HTTP/1.1" 200 170627 "-" "Mozilla/5.0 (compatible; MJ12bot/v1.4.8; http://mj12bot.com/)" "www.ysfine.com"
135.181.213.219 - - [05/Nov/2022:08:30:11 -0700] "GET /ysbio/newyork/wsj11.jpg HTTP/1.1" 200 226629 "-" "Mozilla/5.0 (compatible; MJ12bot/v1.4.8; http://mj12bot.com/)" "www.ysfine.com"
135.181.213.219 - - [05/Nov/2022:08:30:13 -0700] "GET /ysbio/newyork/wtc.html HTTP/1.1" 200 538 "-" "Mozilla/5.0 (compatible; MJ12bot/v1.4.8; http://mj12bot.com/)" "www.ysfine.com"
135.181.213.219 - - [05/Nov/2022:08:30:15 -0700] "GET /ysbio/newyork/wtc00.jpg HTTP/1.1" 200 267600 "-" "Mozilla/5.0 (compatible; MJ12bot/v1.4.8; http://mj12bot.com/)" "www.ysfine.com"
135.181.213.219 - - [05/Nov/2022:08:30:17 -0700] "GET /ysbio/newyork/wtc01.jpg HTTP/1.1" 200 215798 "-" "Mozilla/5.0 (compatible; MJ12bot/v1.4.8; http://mj12bot.com/)" "www.ysfine.com"
135.181.213.219 - - [05/Nov/2022:08:30:18 -0700] "GET /ysbio/newyork/wtc02.jpg HTTP/1.1" 200 145864 "-" "Mozilla/5.0 (compatible; MJ12bot/v1.4.8; http://mj12bot.com/)" "www.ysfine.com"
135.181.213.219 - - [05/Nov/2022:08:30:20 -0700] "GET /ysbio/newyork/wtc03.jpg HTTP/1.1" 200 75075 "-" "Mozilla/5.0 (compatible; MJ12bot/v1.4.8; http://mj12bot.com/)" "www.ysfine.com"
135.181.213.219 - - [05/Nov/2022:08:30:22 -0700] "GET /ysbio/wdc/mashmo02.jpg HTTP/1.1" 404 88 "-" "Mozilla/5.0 (compatible; MJ12bot/v1.4.8; http://mj12bot.com/)" "www.ysfine.com"
135.181.213.219 - - [05/Nov/2022:08:30:24 -0700] "GET /ysbio/wdc/washmo13.jpg HTTP/1.1" 200 59601 "-" "Mozilla/5.0 (compatible; MJ12bot/v1.4.8; http://mj12bot.com/)" "www.ysfine.com"
135.181.213.219 - - [05/Nov/2022:08:30:26 -0700] "GET /ysbio/wdc/washmo14.jpg HTTP/1.1" 200 100379 "-" "Mozilla/5.0 (compatible; MJ12bot/v1.4.8; http://mj12bot.com/)" "www.ysfine.com"
157.55.39.76 - - [05/Nov/2022:08:30:28 -0700] "GET /dongio/aline/airfr12.jpg HTTP/1.1" 404 88 "-" "Mozilla/5.0 AppleWebKit/537.36 (KHTML, like Gecko; compatible; bingbot/2.0; +http://www.bing.com/bingbot.htm) Chrome/103.0.5060.134 Safari/537.36" "www.ysfine.com"
135.181.213.219 - - [05/Nov/2022:08:30:28 -0700] "GET /ysbio/wdc/washmo22.jpg HTTP/1.1" 200 90599 "-" "Mozilla/5.0 (compatible; MJ12bot/v1.4.8; http://mj12bot.com/)" "www.ysfine.com"
40.77.167.27 - - [05/Nov/2022:08:30:30 -0700] "GET /maga/phys/boltz11b.jpg HTTP/1.1" 200 33536 "-" "Mozilla/5.0 (compatible; bingbot/2.0; +http://www.bing.com/bingbot.htm)" "ysfine.com"
135.181.213.219 - - [05/Nov/2022:08:30:30 -0700] "GET /ysbio/wdc/washmo23.jpg HTTP/1.1" 200 61356 "-" "Mozilla/5.0 (compatible; MJ12bot/v1.4.8; http://mj12bot.com/)" "www.ysfine.com"
135.181.213.219 - - [05/Nov/2022:08:30:32 -0700] "GET /ysbio/wdc/washmo24.jpg HTTP/1.1" 200 104435 "-" "Mozilla/5.0 (compatible; MJ12bot/v1.4.8; http://mj12bot.com/)" "www.ysfine.com"
135.181.213.219 - - [05/Nov/2022:08:30:34 -0700] "GET /ysbio/wigner/rmp03.jpg HTTP/1.1" 200 333173 "-" "Mozilla/5.0 (compatible; MJ12bot/v1.4.8; http://mj12bot.com/)" "www.ysfine.com"
135.181.213.219 - - [05/Nov/2022:08:30:36 -0700] "GET /ysbio/wigner/rmp62.jpg HTTP/1.1" 200 220424 "-" "Mozilla/5.0 (compatible; MJ12bot/v1.4.8; http://mj12bot.com/)" "www.ysfine.com"
135.181.213.219 - - [05/Nov/2022:08:30:38 -0700] "GET /ysbio/world/poland/uprise04.jpg HTTP/1.1" 200 143197 "-" "Mozilla/5.0 (compatible; MJ12bot/v1.4.8; http://mj12bot.com/)" "www.ysfine.com"
135.181.213.219 - - [05/Nov/2022:08:30:40 -0700] "GET /ysbio/world/poland/waw01.jpg HTTP/1.1" 200 118736 "-" "Mozilla/5.0 (compatible; MJ12bot/v1.4.8; http://mj12bot.com/)" "www.ysfine.com"
135.181.213.219 - - [05/Nov/2022:08:30:41 -0700] "GET /ysbio/world/poland/waw02.jpg HTTP/1.1" 200 93015 "-" "Mozilla/5.0 (compatible; MJ12bot/v1.4.8; http://mj12bot.com/)" "www.ysfine.com"
135.181.213.219 - - [05/Nov/2022:08:30:43 -0700] "GET /ysbio/world/poland/waw03.jpg HTTP/1.1" 200 75886 "-" "Mozilla/5.0 (compatible; MJ12bot/v1.4.8; http://mj12bot.com/)" "www.ysfine.com"
135.181.213.219 - - [05/Nov/2022:08:30:45 -0700] "GET /ysbio/world/poland/waw11.jpg HTTP/1.1" 200 157505 "-" "Mozilla/5.0 (compatible; MJ12bot/v1.4.8; http://mj12bot.com/)" "www.ysfine.com"
135.181.213.219 - - [05/Nov/2022:08:30:47 -0700] "GET /ysbio/world/poland/wierzynek3.jpg HTTP/1.1" 200 123474 "-" "Mozilla/5.0 (compatible; MJ12bot/v1.4.8; http://mj12bot.com/)" "www.ysfine.com"
135.181.213.219 - - [05/Nov/2022:08:30:49 -0700] "GET /ysbio/world/poland/wierzynek4.jpg HTTP/1.1" 200 103492 "-" "Mozilla/5.0 (compatible; MJ12bot/v1.4.8; http://mj12bot.com/)" "www.ysfine.com"
135.181.213.219 - - [05/Nov/2022:08:30:51 -0700] "GET /ysbio/world/poland/wierzynek5.jpg HTTP/1.1" 200 123880 "-" "Mozilla/5.0 (compatible; MJ12bot/v1.4.8; http://mj12bot.com/)" "www.ysfine.com"
135.181.213.219 - - [05/Nov/2022:08:30:53 -0700] "GET /ysbio/world/ricksteves11.jpg HTTP/1.1" 200 81952 "-" "Mozilla/5.0 (compatible; MJ12bot/v1.4.8; http://mj12bot.com/)" "www.ysfine.com"
135.181.213.219 - - [05/Nov/2022:08:30:55 -0700] "GET /ysbio/world/russ/arbat01.jpg HTTP/1.1" 200 107338 "-" "Mozilla/5.0 (compatible; MJ12bot/v1.4.8; http://mj12bot.com/)" "www.ysfine.com"
135.181.213.219 - - [05/Nov/2022:08:30:57 -0700] "GET /ysbio/world/russ/arbat03.jpg HTTP/1.1" 200 104247 "-" "Mozilla/5.0 (compatible; MJ12bot/v1.4.8; http://mj12bot.com/)" "www.ysfine.com"
135.181.213.219 - - [05/Nov/2022:08:30:59 -0700] "GET /ysbio/world/russ/arbat04.jpg HTTP/1.1" 200 117011 "-" "Mozilla/5.0 (compatible; MJ12bot/v1.4.8; http://mj12bot.com/)" "www.ysfine.com"
135.181.213.219 - - [05/Nov/2022:08:31:01 -0700] "GET /ysbio/world/russ/arbat05.jpg HTTP/1.1" 200 126250 "-" "Mozilla/5.0 (compatible; MJ12bot/v1.4.8; http://mj12bot.com/)" "www.ysfine.com"
135.181.213.219 - - [05/Nov/2022:08:31:03 -0700] "GET /ysbio/world/russ/arbat08.jpg HTTP/1.1" 200 180558 "-" "Mozilla/5.0 (compatible; MJ12bot/v1.4.8; http://mj12bot.com/)" "www.ysfine.com"
40.77.167.68 - - [05/Nov/2022:08:31:03 -0700] "GET /world/ital/capri04.jpg HTTP/1.1" 200 219169 "-" "Mozilla/5.0 (compatible; bingbot/2.0; +http://www.bing.com/bingbot.htm)" "www.ysfine.com"
135.181.213.219 - - [05/Nov/2022:08:31:05 -0700] "GET /ysbio/world/russ/arbat09.jpg HTTP/1.1" 200 180413 "-" "Mozilla/5.0 (compatible; MJ12bot/v1.4.8; http://mj12bot.com/)" "www.ysfine.com"
135.181.213.219 - - [05/Nov/2022:08:31:07 -0700] "GET /ysbio/world/russ/arbat12.jpg HTTP/1.1" 200 112319 "-" "Mozilla/5.0 (compatible; MJ12bot/v1.4.8; http://mj12bot.com/)" "www.ysfine.com"
135.181.213.219 - - [05/Nov/2022:08:31:09 -0700] "GET /ysbio/world/russ/arbat13.jpg HTTP/1.1" 200 129530 "-" "Mozilla/5.0 (compatible; MJ12bot/v1.4.8; http://mj12bot.com/)" "www.ysfine.com"
135.181.213.219 - - [05/Nov/2022:08:31:11 -0700] "GET /ysbio/world/russ/arbat14.jpg HTTP/1.1" 200 157411 "-" "Mozilla/5.0 (compatible; MJ12bot/v1.4.8; http://mj12bot.com/)" "www.ysfine.com"
135.181.213.219 - - [05/Nov/2022:08:31:13 -0700] "GET /ysbio/world/russ/arbat15.jpg HTTP/1.1" 200 166840 "-" "Mozilla/5.0 (compatible; MJ12bot/v1.4.8; http://mj12bot.com/)" "www.ysfine.com"
135.181.213.219 - - [05/Nov/2022:08:31:14 -0700] "GET /ysbio/world/russ/arbat16.jpg HTTP/1.1" 200 88716 "-" "Mozilla/5.0 (compatible; MJ12bot/v1.4.8; http://mj12bot.com/)" "www.ysfine.com"
135.181.213.219 - - [05/Nov/2022:08:31:17 -0700] "GET /ysbio/world/russ/arbat17.jpg HTTP/1.1" 200 83489 "-" "Mozilla/5.0 (compatible; MJ12bot/v1.4.8; http://mj12bot.com/)" "www.ysfine.com"
135.181.213.219 - - [05/Nov/2022:08:31:18 -0700] "GET /ysbio/world/russ/arbat18.jpg HTTP/1.1" 200 72539 "-" "Mozilla/5.0 (compatible; MJ12bot/v1.4.8; http://mj12bot.com/)" "www.ysfine.com"
135.181.213.219 - - [05/Nov/2022:08:31:20 -0700] "GET /ysbio/world/russ/arbat19.jpg HTTP/1.1" 200 120182 "-" "Mozilla/5.0 (compatible; MJ12bot/v1.4.8; http://mj12bot.com/)" "www.ysfine.com"
135.181.213.219 - - [05/Nov/2022:08:31:22 -0700] "GET /ysbio/world/russ/arbat21.jpg HTTP/1.1" 200 151513 "-" "Mozilla/5.0 (compatible; MJ12bot/v1.4.8; http://mj12bot.com/)" "www.ysfine.com"
135.181.213.219 - - [05/Nov/2022:08:31:24 -0700] "GET /ysbio/world/russ/arbat23.jpg HTTP/1.1" 200 122389 "-" "Mozilla/5.0 (compatible; MJ12bot/v1.4.8; http://mj12bot.com/)" "www.ysfine.com"
135.181.213.219 - - [05/Nov/2022:08:31:26 -0700] "GET /ysbio/world/russ/arbat24.jpg HTTP/1.1" 200 128954 "-" "Mozilla/5.0 (compatible; MJ12bot/v1.4.8; http://mj12bot.com/)" "www.ysfine.com"
135.181.213.219 - - [05/Nov/2022:08:31:28 -0700] "GET /ysbio/world/russ/arbat25.jpg HTTP/1.1" 200 107303 "-" "Mozilla/5.0 (compatible; MJ12bot/v1.4.8; http://mj12bot.com/)" "www.ysfine.com"
135.181.213.219 - - [05/Nov/2022:08:31:30 -0700] "GET /ysbio/world/russ/arbat26.jpg HTTP/1.1" 200 116102 "-" "Mozilla/5.0 (compatible; MJ12bot/v1.4.8; http://mj12bot.com/)" "www.ysfine.com"
118.68.103.146 - - [05/Nov/2022:08:31:35 -0700] "GET /kobak/sl628.jpg HTTP/1.1" 200 225100 "http://thukhoanghia7178.blogspot.com/" "Mozilla/5.0 (Windows NT 10.0; Win64; x64) AppleWebKit/537.36 (KHTML, like Gecko) Chrome/106.0.0.0 Safari/537.36" "ysfine.com"
40.77.167.27 - - [05/Nov/2022:08:31:42 -0700] "GET /ysbio/maga/lorenuni.html HTTP/1.1" 200 2365 "-" "Mozilla/5.0 AppleWebKit/537.36 (KHTML, like Gecko; compatible; bingbot/2.0; +http://www.bing.com/bingbot.htm) Chrome/103.0.5060.134 Safari/537.36" "ysfine.com"
40.77.51.85 - - [05/Nov/2022:08:31:53 -0700] "GET /friends/aline/ana11b.jpg HTTP/1.1" 404 88 "https://www.ysfine.com/friends/aline" "Mozilla/5.0 (Windows NT 10.0; Win64; x64) AppleWebKit/537.36 (KHTML, like Gecko) Chrome/74.0.3729.157 Safari/537.36" "www.ysfine.com"
194.96.118.148 - - [05/Nov/2022:08:31:57 -0700] "GET /world/baltic/kalin30.jpg HTTP/1.1" 200 94863 "https://www.google.com/" "Mozilla/5.0 (Windows NT 10.0; Win64; x64) AppleWebKit/537.36 (KHTML, like Gecko) Chrome/107.0.0.0 Safari/537.36" "ysfine.com"
116.110.40.152 - - [05/Nov/2022:08:32:20 -0700] "GET /kobak/sl628.jpg HTTP/1.1" 200 225100 "http://namrom64.blogspot.com/" "Mozilla/5.0 (Linux; U; Android 10; vi-vn; MI MAX 3 Build/QKQ1.190910.002) AppleWebKit/537.36 (KHTML, like Gecko) Version/4.0 Chrome/100.0.4896.127 Mobile Safari/537.36 XiaoMi/MiuiBrowser/13.16.1-gn" "ysfine.com"
20.29.110.168 - - [05/Nov/2022:08:32:30 -0700] "GET /princeton/puband05b.jpg HTTP/1.1" 200 46073 "https://ysfine.com/princeton" "Mozilla/5.0 (Windows NT 10.0; Win64; x64) AppleWebKit/537.36 (KHTML, like Gecko) Chrome/74.0.3729.157 Safari/537.36" "ysfine.com"
40.77.167.27 - - [05/Nov/2022:08:32:30 -0700] "GET /wdc/w69kor02.jpg HTTP/1.1" 200 111866 "-" "Mozilla/5.0 (compatible; bingbot/2.0; +http://www.bing.com/bingbot.htm)" "www.ysfine.com"
157.55.39.17 - - [05/Nov/2022:08:33:09 -0700] "GET /maga/phys/naimar/pewk14b.jpg HTTP/1.1" 200 35927 "-" "Mozilla/5.0 AppleWebKit/537.36 (KHTML, like Gecko; compatible; bingbot/2.0; +http://www.bing.com/bingbot.htm) Chrome/103.0.5060.134 Safari/537.36" "ysfine.com"
81.223.119.66 - - [05/Nov/2022:08:33:24 -0700] "GET /feynman/feykant.html HTTP/1.1" 200 3350 "https://www.google.com/" "Mozilla/5.0 (X11; Linux x86_64) AppleWebKit/537.36 (KHTML, like Gecko) Chrome/100.0.4896.88 Safari/537.36" "ysfine.com"
81.223.119.66 - - [05/Nov/2022:08:33:24 -0700] "GET /feynman/fb18b.jpg HTTP/1.1" 200 42922 "https://ysfine.com/feynman/feykant.html" "Mozilla/5.0 (X11; Linux x86_64) AppleWebKit/537.36 (KHTML, like Gecko) Chrome/100.0.4896.88 Safari/537.36" "ysfine.com"
81.223.119.66 - - [05/Nov/2022:08:33:24 -0700] "GET /dirac/sq66.jpg HTTP/1.1" 200 33459 "https://ysfine.com/feynman/feykant.html" "Mozilla/5.0 (X11; Linux x86_64) AppleWebKit/537.36 (KHTML, like Gecko) Chrome/100.0.4896.88 Safari/537.36" "ysfine.com"
