173.73.77.36 - - [04/Nov/2022:21:23:03 -0700] "GET /ysbio/home/dashen.html HTTP/1.1" 404 88 "https://ysfine.com/ysbio/kowar/tanks.html" "Mozilla/5.0 (Windows NT 10.0; Win64; x64) AppleWebKit/537.36 (KHTML, like Gecko) Chrome/107.0.0.0 Safari/537.36" "ysfine.com"
157.55.39.76 - - [04/Nov/2022:21:23:25 -0700] "GET /ysbio/class54/weheard.html HTTP/1.1" 200 5818 "-" "Mozilla/5.0 (compatible; bingbot/2.0; +http://www.bing.com/bingbot.htm)" "ysfine.com"
157.55.39.17 - - [04/Nov/2022:21:23:29 -0700] "GET /bio/world/leipzig.html HTTP/1.1" 404 88 "-" "Mozilla/5.0 AppleWebKit/537.36 (KHTML, like Gecko; compatible; bingbot/2.0; +http://www.bing.com/bingbot.htm) Chrome/103.0.5060.134 Safari/537.36" "ysfine.com"
40.77.51.85 - - [04/Nov/2022:21:23:31 -0700] "GET /style/musee/vatim10b.jpg HTTP/1.1" 200 35185 "https://ysfine.com/style/musee" "Mozilla/5.0 (Windows NT 10.0; Win64; x64) AppleWebKit/537.36 (KHTML, like Gecko) Chrome/74.0.3729.157 Safari/537.36" "ysfine.com"
173.73.77.36 - - [04/Nov/2022:21:23:32 -0700] "GET /ysbio/kowar/tanks.html HTTP/1.1" 200 8699 "https://ysfine.com/ysbio/wdc/wasdc.html" "Mozilla/5.0 (Windows NT 10.0; Win64; x64) AppleWebKit/537.36 (KHTML, like Gecko) Chrome/107.0.0.0 Safari/537.36" "ysfine.com"
173.73.77.36 - - [04/Nov/2022:21:23:33 -0700] "GET /ysbio/dashen.html HTTP/1.1" 200 4015 "https://ysfine.com/ysbio/kowar/tanks.html" "Mozilla/5.0 (Windows NT 10.0; Win64; x64) AppleWebKit/537.36 (KHTML, like Gecko) Chrome/107.0.0.0 Safari/537.36" "ysfine.com"
173.73.77.36 - - [04/Nov/2022:21:23:34 -0700] "GET /ysbio/dyson63c.jpg HTTP/1.1" 200 32101 "https://ysfine.com/ysbio/dashen.html" "Mozilla/5.0 (Windows NT 10.0; Win64; x64) AppleWebKit/537.36 (KHTML, like Gecko) Chrome/107.0.0.0 Safari/537.36" "ysfine.com"
173.73.77.36 - - [04/Nov/2022:21:23:34 -0700] "GET /ysbio/goodbad11c.jpg HTTP/1.1" 200 18799 "https://ysfine.com/ysbio/dashen.html" "Mozilla/5.0 (Windows NT 10.0; Win64; x64) AppleWebKit/537.36 (KHTML, like Gecko) Chrome/107.0.0.0 Safari/537.36" "ysfine.com"
173.73.77.36 - - [04/Nov/2022:21:23:34 -0700] "GET /ysbio/baranger97c.jpg HTTP/1.1" 200 25248 "https://ysfine.com/ysbio/dashen.html" "Mozilla/5.0 (Windows NT 10.0; Win64; x64) AppleWebKit/537.36 (KHTML, like Gecko) Chrome/107.0.0.0 Safari/537.36" "ysfine.com"
20.106.27.209 - - [04/Nov/2022:21:23:45 -0700] "GET /world/ital/flor062b.jpg HTTP/1.1" 200 49181 "https://www.ysfine.com/world/ital" "Mozilla/5.0 (Linux; Android 10; SM-G960U) AppleWebKit/537.36 (KHTML, like Gecko) Chrome/88.0.4324.181 Mobile Safari/537.36" "www.ysfine.com"
20.109.241.98 - - [04/Nov/2022:21:23:57 -0700] "GET /sbk/2008milan11c.jpg HTTP/1.1" 200 46678 "https://ysfine.com/sbk" "Mozilla/5.0 (Linux; Android 10; SM-G960U) AppleWebKit/537.36 (KHTML, like Gecko) Chrome/88.0.4324.181 Mobile Safari/537.36" "ysfine.com"
40.77.51.84 - - [04/Nov/2022:21:24:09 -0700] "GET /einstein/jsbell01b.jpg HTTP/1.1" 200 33090 "https://ysfine.com/einstein" "Mozilla/5.0 (iPhone; CPU iPhone OS 13_5_1 like Mac OS X) AppleWebKit/605.1.15 (KHTML, like Gecko) Version/13.1.1 Mobile/15E148 Safari/604.1" "ysfine.com"
40.77.167.71 - - [04/Nov/2022:21:24:09 -0700] "GET /wdc/koreaw22.jpg HTTP/1.1" 200 122106 "-" "Mozilla/5.0 AppleWebKit/537.36 (KHTML, like Gecko; compatible; bingbot/2.0; +http://www.bing.com/bingbot.htm) Chrome/103.0.5060.134 Safari/537.36" "www.ysfine.com"
40.77.167.27 - - [04/Nov/2022:21:24:27 -0700] "GET /ysbio/einstein/hidden.html HTTP/1.1" 200 4821 "-" "Mozilla/5.0 AppleWebKit/537.36 (KHTML, like Gecko; compatible; bingbot/2.0; +http://www.bing.com/bingbot.htm) Chrome/103.0.5060.134 Safari/537.36" "ysfine.com"
20.109.241.82 - - [04/Nov/2022:21:24:35 -0700] "GET /kobak/underw03b.jpg HTTP/1.1" 200 37749 "http://www.ysfine.com/kobak" "Mozilla/5.0 (iPhone; CPU iPhone OS 13_5_1 like Mac OS X) AppleWebKit/605.1.15 (KHTML, like Gecko) Version/13.1.1 Mobile/15E148 Safari/604.1" "www.ysfine.com"
20.29.110.168 - - [04/Nov/2022:21:24:36 -0700] "GET /mose/evol77a.jpg HTTP/1.1" 404 88 "https://ysfine.com/mose" "Mozilla/5.0 (iPhone; CPU iPhone OS 13_5_1 like Mac OS X) AppleWebKit/605.1.15 (KHTML, like Gecko) Version/13.1.1 Mobile/15E148 Safari/604.1" "ysfine.com"
20.109.241.97 - - [04/Nov/2022:21:24:42 -0700] "GET /style/music/schonbr03b.jpg HTTP/1.1" 200 46623 "https://ysfine.com/style/music" "Mozilla/5.0 (X11; Linux x86_64) AppleWebKit/537.36 (KHTML, like Gecko) Chrome/74.0.3729.169 Safari/537.36" "ysfine.com"
157.55.39.17 - - [04/Nov/2022:21:24:57 -0700] "GET /ysbio/maga/faraday.html HTTP/1.1" 200 6233 "-" "Mozilla/5.0 AppleWebKit/537.36 (KHTML, like Gecko; compatible; bingbot/2.0; +http://www.bing.com/bingbot.htm) Chrome/103.0.5060.134 Safari/537.36" "ysfine.com"
157.55.39.65 - - [04/Nov/2022:21:25:04 -0700] "GET /bio/pquartet.html HTTP/1.1" 404 88 "-" "Mozilla/5.0 AppleWebKit/537.36 (KHTML, like Gecko; compatible; bingbot/2.0; +http://www.bing.com/bingbot.htm) Chrome/103.0.5060.134 Safari/537.36" "ysfine.com"
20.109.241.96 - - [04/Nov/2022:21:25:22 -0700] "GET /newyork/grandc02b.jpg HTTP/1.1" 200 38285 "https://ysfine.com/newyork" "Mozilla/5.0 (Macintosh; Intel Mac OS X 10_11_6) AppleWebKit/605.1.15 (KHTML, like Gecko) Version/11.1.2 Safari/605.1.15" "ysfine.com"
40.77.167.68 - - [04/Nov/2022:21:25:40 -0700] "GET /ysbio/einstein/einleft.html HTTP/1.1" 200 735 "-" "Mozilla/5.0 (compatible; bingbot/2.0; +http://www.bing.com/bingbot.htm)" "ysfine.com"
173.73.77.36 - - [04/Nov/2022:21:25:55 -0700] "GET /ysbio/style/index.html HTTP/1.1" 200 129 "https://ysfine.com/ysbio/kowar/tanks.html" "Mozilla/5.0 (Windows NT 10.0; Win64; x64) AppleWebKit/537.36 (KHTML, like Gecko) Chrome/107.0.0.0 Safari/537.36" "ysfine.com"
173.73.77.36 - - [04/Nov/2022:21:25:56 -0700] "GET /ysbio/style/sttop.html HTTP/1.1" 200 367 "https://ysfine.com/ysbio/style/index.html" "Mozilla/5.0 (Windows NT 10.0; Win64; x64) AppleWebKit/537.36 (KHTML, like Gecko) Chrome/107.0.0.0 Safari/537.36" "ysfine.com"
173.73.77.36 - - [04/Nov/2022:21:25:56 -0700] "GET /ysbio/style/stbot.html HTTP/1.1" 200 122 "https://ysfine.com/ysbio/style/index.html" "Mozilla/5.0 (Windows NT 10.0; Win64; x64) AppleWebKit/537.36 (KHTML, like Gecko) Chrome/107.0.0.0 Safari/537.36" "ysfine.com"
173.73.77.36 - - [04/Nov/2022:21:25:56 -0700] "GET /ysbio/style/strigh.html HTTP/1.1" 200 1459 "https://ysfine.com/ysbio/style/stbot.html" "Mozilla/5.0 (Windows NT 10.0; Win64; x64) AppleWebKit/537.36 (KHTML, like Gecko) Chrome/107.0.0.0 Safari/537.36" "ysfine.com"
173.73.77.36 - - [04/Nov/2022:21:25:56 -0700] "GET /ysbio/style/stleft.html HTTP/1.1" 200 548 "https://ysfine.com/ysbio/style/stbot.html" "Mozilla/5.0 (Windows NT 10.0; Win64; x64) AppleWebKit/537.36 (KHTML, like Gecko) Chrome/107.0.0.0 Safari/537.36" "ysfine.com"
173.73.77.36 - - [04/Nov/2022:21:25:56 -0700] "GET /ysbio/world/baltic/lithuf08c.jpg HTTP/1.1" 200 38987 "https://ysfine.com/ysbio/style/strigh.html" "Mozilla/5.0 (Windows NT 10.0; Win64; x64) AppleWebKit/537.36 (KHTML, like Gecko) Chrome/107.0.0.0 Safari/537.36" "ysfine.com"
173.73.77.36 - - [04/Nov/2022:21:25:56 -0700] "GET /ysbio/world/poland/polstu09c.jpg HTTP/1.1" 200 42128 "https://ysfine.com/ysbio/style/strigh.html" "Mozilla/5.0 (Windows NT 10.0; Win64; x64) AppleWebKit/537.36 (KHTML, like Gecko) Chrome/107.0.0.0 Safari/537.36" "ysfine.com"
173.73.77.36 - - [04/Nov/2022:21:25:56 -0700] "GET /ysbio/princeton/class2007c.jpg HTTP/1.1" 200 37045 "https://ysfine.com/ysbio/style/strigh.html" "Mozilla/5.0 (Windows NT 10.0; Win64; x64) AppleWebKit/537.36 (KHTML, like Gecko) Chrome/107.0.0.0 Safari/537.36" "ysfine.com"
173.73.77.36 - - [04/Nov/2022:21:26:16 -0700] "GET /favicon.ico HTTP/1.1" 404 88 "https://ysfine.com/ys11/" "Mozilla/5.0 (Windows NT 10.0; Win64; x64) AppleWebKit/537.36 (KHTML, like Gecko) Chrome/107.0.0.0 Safari/537.36 Edg/107.0.1418.26" "ysfine.com"
20.29.110.168 - - [04/Nov/2022:21:26:29 -0700] "GET /eink/church06b.jpg HTTP/1.1" 200 30594 "https://ysfine.com/eink" "Mozilla/5.0 (Windows NT 10.0; Win64; x64) AppleWebKit/537.36 (KHTML, like Gecko) Chrome/74.0.3729.157 Safari/537.36" "ysfine.com"
173.73.77.36 - - [04/Nov/2022:21:26:32 -0700] "GET /ysbio/yshome.html HTTP/1.1" 304 - "https://ysfine.com/ysbio/bio09.html" "Mozilla/5.0 (Windows NT 10.0; Win64; x64) AppleWebKit/537.36 (KHTML, like Gecko) Chrome/107.0.0.0 Safari/537.36 Edg/107.0.1418.26" "ysfine.com"
40.77.167.71 - - [04/Nov/2022:21:26:38 -0700] "GET /world/baltic/lithu21.jpg HTTP/1.1" 200 70342 "-" "Mozilla/5.0 (compatible; bingbot/2.0; +http://www.bing.com/bingbot.htm)" "ysfine.com"
173.73.77.36 - - [04/Nov/2022:21:26:40 -0700] "GET /ysbio/awards/marq.html HTTP/1.1" 200 3264 "https://ysfine.com/ysbio/yshome.html" "Mozilla/5.0 (Windows NT 10.0; Win64; x64) AppleWebKit/537.36 (KHTML, like Gecko) Chrome/107.0.0.0 Safari/537.36 Edg/107.0.1418.26" "ysfine.com"
173.73.77.36 - - [04/Nov/2022:21:26:40 -0700] "GET /ysbio/family18d.jpg HTTP/1.1" 200 69135 "https://ysfine.com/ysbio/awards/marq.html" "Mozilla/5.0 (Windows NT 10.0; Win64; x64) AppleWebKit/537.36 (KHTML, like Gecko) Chrome/107.0.0.0 Safari/537.36 Edg/107.0.1418.26" "ysfine.com"
173.73.77.36 - - [04/Nov/2022:21:26:40 -0700] "GET /ysbio/kobak/swr51c.jpg HTTP/1.1" 200 35677 "https://ysfine.com/ysbio/awards/marq.html" "Mozilla/5.0 (Windows NT 10.0; Win64; x64) AppleWebKit/537.36 (KHTML, like Gecko) Chrome/107.0.0.0 Safari/537.36 Edg/107.0.1418.26" "ysfine.com"
173.73.77.36 - - [04/Nov/2022:21:26:40 -0700] "GET /ysbio/fotos/bridge11d.jpg HTTP/1.1" 200 55851 "https://ysfine.com/ysbio/awards/marq.html" "Mozilla/5.0 (Windows NT 10.0; Win64; x64) AppleWebKit/537.36 (KHTML, like Gecko) Chrome/107.0.0.0 Safari/537.36 Edg/107.0.1418.26" "ysfine.com"
173.73.77.36 - - [04/Nov/2022:21:26:40 -0700] "GET /ysbio/handsome22f.jpg HTTP/1.1" 200 122334 "https://ysfine.com/ysbio/awards/marq.html" "Mozilla/5.0 (Windows NT 10.0; Win64; x64) AppleWebKit/537.36 (KHTML, like Gecko) Chrome/107.0.0.0 Safari/537.36 Edg/107.0.1418.26" "ysfine.com"
40.77.51.80 - - [04/Nov/2022:21:27:08 -0700] "GET /feynman/restof51a.jpg HTTP/1.1" 200 33080 "https://ysfine.com/feynman" "Mozilla/5.0 (Linux; Android 10; SM-G960U) AppleWebKit/537.36 (KHTML, like Gecko) Chrome/88.0.4324.181 Mobile Safari/537.36" "ysfine.com"
157.55.39.76 - - [04/Nov/2022:21:27:13 -0700] "GET /ysbio/class54/weheard.html HTTP/1.1" 200 5818 "-" "Mozilla/5.0 (compatible; bingbot/2.0; +http://www.bing.com/bingbot.htm)" "ysfine.com"
157.55.39.76 - - [04/Nov/2022:21:27:14 -0700] "GET /bio/bio07.html HTTP/1.1" 404 88 "-" "Mozilla/5.0 AppleWebKit/537.36 (KHTML, like Gecko; compatible; bingbot/2.0; +http://www.bing.com/bingbot.htm) Chrome/103.0.5060.134 Safari/537.36" "ysfine.com"
157.55.39.76 - - [04/Nov/2022:21:27:15 -0700] "GET /world/ital/padova12.jpg HTTP/1.1" 200 93113 "-" "Mozilla/5.0 (compatible; bingbot/2.0; +http://www.bing.com/bingbot.htm)" "ysfine.com"
40.77.167.68 - - [04/Nov/2022:21:27:49 -0700] "GET /world/russ/khahi11.jpg HTTP/1.1" 200 123761 "-" "Mozilla/5.0 AppleWebKit/537.36 (KHTML, like Gecko; compatible; bingbot/2.0; +http://www.bing.com/bingbot.htm) Chrome/103.0.5060.134 Safari/537.36" "ysfine.com"
40.86.101.252 - - [04/Nov/2022:21:27:53 -0700] "GET /einstein/places/ulm04b.jpg HTTP/1.1" 200 38533 "https://ysfine.com/einstein/places" "Mozilla/5.0 (Windows NT 10.0; Win64; x64) AppleWebKit/537.36 (KHTML, like Gecko) Chrome/74.0.3729.157 Safari/537.36" "ysfine.com"
40.122.230.189 - - [04/Nov/2022:21:28:16 -0700] "GET /world/brit/tower04.jpg HTTP/1.1" 200 117579 "https://ysfine.com/world/brit" "Mozilla/5.0 (X11; Linux x86_64) AppleWebKit/537.36 (KHTML, like Gecko) Chrome/74.0.3729.169 Safari/537.36" "ysfine.com"
20.29.110.168 - - [04/Nov/2022:21:28:25 -0700] "GET /ffriends/aline/singap11c.jpg HTTP/1.1" 200 35676 "https://ysfine.com/ffriends/aline" "Mozilla/5.0 (Linux; Android 10; SM-G960U) AppleWebKit/537.36 (KHTML, like Gecko) Chrome/88.0.4324.181 Mobile Safari/537.36" "ysfine.com"
157.55.39.17 - - [04/Nov/2022:21:28:38 -0700] "GET /bio/princeton/index.html HTTP/1.1" 404 88 "-" "Mozilla/5.0 (compatible; bingbot/2.0; +http://www.bing.com/bingbot.htm)" "ysfine.com"
157.55.39.17 - - [04/Nov/2022:21:28:46 -0700] "GET /world/baltic/riga23b.jpg HTTP/1.1" 200 41389 "-" "Mozilla/5.0 AppleWebKit/537.36 (KHTML, like Gecko; compatible; bingbot/2.0; +http://www.bing.com/bingbot.htm) Chrome/103.0.5060.134 Safari/537.36" "ysfine.com"
20.106.27.209 - - [04/Nov/2022:21:29:10 -0700] "GET /wdc/sakura13.jpg HTTP/1.1" 200 119525 "https://ysfine.com/wdc" "Mozilla/5.0 (Macintosh; Intel Mac OS X 10_11_6) AppleWebKit/605.1.15 (KHTML, like Gecko) Version/11.1.2 Safari/605.1.15" "ysfine.com"
40.122.195.128 - - [04/Nov/2022:21:30:11 -0700] "GET /einstein/fantova/fanto22.jpg HTTP/1.1" 200 7585 "http://www.ysfine.com/einstein/fantova" "Mozilla/5.0 (Windows NT 10.0; Win64; x64) AppleWebKit/537.36 (KHTML, like Gecko) Chrome/74.0.3729.157 Safari/537.36" "www.ysfine.com"
20.106.27.209 - - [04/Nov/2022:21:30:11 -0700] "GET /usca/pitt/leigh01b.jpg HTTP/1.1" 200 53083 "http://www.ysfine.com/usca/pitt" "Mozilla/5.0 (Windows NT 10.0; Win64; x64) AppleWebKit/537.36 (KHTML, like Gecko) Chrome/74.0.3729.157 Safari/537.36" "www.ysfine.com"
54.149.132.156 - - [04/Nov/2022:21:30:15 -0700] "GET / HTTP/1.1" 200 5283 "-" "Mozilla/5.0 (X11; Linux x86_64) AppleWebKit/537.36 (KHTML, like Gecko) Chrome/83.0.4103.97 Safari/537.36" "ysfine.com"
54.202.193.184 - - [04/Nov/2022:21:30:16 -0700] "GET / HTTP/1.1" 200 5283 "-" "Mozilla/5.0 (X11; Linux x86_64) AppleWebKit/537.36 (KHTML, like Gecko) Chrome/83.0.4103.97 Safari/537.36" "ysfine.com"
54.245.184.34 - - [04/Nov/2022:21:30:27 -0700] "GET /favicon.ico HTTP/1.1" 404 88 "http://ysfine.com/favicon.ico" "Mozilla/5.0 (X11; Linux x86_64) AppleWebKit/537.36 (KHTML, like Gecko) Chrome/83.0.4103.97 Safari/537.36" "ysfine.com"
54.245.184.34 - - [04/Nov/2022:21:30:29 -0700] "GET / HTTP/1.1" 200 5283 "http://ysfine.com" "Mozilla/5.0 (X11; Linux x86_64) AppleWebKit/537.36 (KHTML, like Gecko) Chrome/83.0.4103.97 Safari/537.36" "ysfine.com"
35.89.198.164 - - [04/Nov/2022:21:30:37 -0700] "GET /favicon.ico HTTP/1.1" 404 88 "-" "Mozilla/5.0 (X11; Linux x86_64) AppleWebKit/537.36 (KHTML, like Gecko) Chrome/83.0.4103.97 Safari/537.36" "ysfine.com"
35.89.198.164 - - [04/Nov/2022:21:30:41 -0700] "GET / HTTP/1.1" 200 5283 "-" "Mozilla/5.0 (X11; Linux x86_64) AppleWebKit/537.36 (KHTML, like Gecko) Chrome/83.0.4103.97 Safari/537.36" "ysfine.com"
216.244.66.229 - - [04/Nov/2022:21:30:56 -0700] "GET /robots.txt HTTP/1.1" 404 73 "-" "Mozilla/5.0 (compatible; DotBot/1.2; +https://opensiteexplorer.org/dotbot; help@moz.com)" "www.ysfine.com"
152.57.160.255 - - [04/Nov/2022:21:32:19 -0700] "GET /maga/phil/sisfa12/kanthegel01.jpg HTTP/1.1" 200 77614 "https://www.google.com/" "Mozilla/5.0 (Linux; Android 9; Redmi 7A) AppleWebKit/537.36 (KHTML, like Gecko) Chrome/104.0.0.0 Mobile Safari/537.36" "ysfine.com"
20.12.191.74 - - [04/Nov/2022:21:32:45 -0700] "GET /world/poland/krk62b.jpg HTTP/1.1" 200 38146 "http://ysfine.com/world/poland" "Mozilla/5.0 (iPhone; CPU iPhone OS 13_5_1 like Mac OS X) AppleWebKit/605.1.15 (KHTML, like Gecko) Version/13.1.1 Mobile/15E148 Safari/604.1" "ysfine.com"
40.86.101.252 - - [04/Nov/2022:21:32:52 -0700] "GET /friends/russny03b.jpg HTTP/1.1" 404 88 "http://ysfine.com/friends" "Mozilla/5.0 (X11; Linux x86_64) AppleWebKit/537.36 (KHTML, like Gecko) Chrome/74.0.3729.169 Safari/537.36" "ysfine.com"
40.86.101.254 - - [04/Nov/2022:21:32:55 -0700] "GET /world/china/suz23b.jpg HTTP/1.1" 200 35770 "http://ysfine.com/world/china" "Mozilla/5.0 (Macintosh; Intel Mac OS X 10_11_6) AppleWebKit/605.1.15 (KHTML, like Gecko) Version/11.1.2 Safari/605.1.15" "ysfine.com"
157.55.39.17 - - [04/Nov/2022:21:32:57 -0700] "GET /people/olmo2.jpg HTTP/1.1" 200 47258 "-" "Mozilla/5.0 AppleWebKit/537.36 (KHTML, like Gecko; compatible; bingbot/2.0; +http://www.bing.com/bingbot.htm) Chrome/103.0.5060.134 Safari/537.36" "ysfine.com"
40.77.51.85 - - [04/Nov/2022:21:33:34 -0700] "GET /world/russ/mosgov01b.jpg HTTP/1.1" 200 33647 "http://ysfine.com/world/russ" "Mozilla/5.0 (iPhone; CPU iPhone OS 13_5_1 like Mac OS X) AppleWebKit/605.1.15 (KHTML, like Gecko) Version/13.1.1 Mobile/15E148 Safari/604.1" "ysfine.com"
51.222.253.20 - - [04/Nov/2022:21:33:36 -0700] "GET / HTTP/1.1" 200 5283 "-" "Mozilla/5.0 (compatible; AhrefsBot/7.0; +http://ahrefs.com/robot/)" "ysfine.com"
157.55.39.17 - - [04/Nov/2022:21:33:38 -0700] "GET /ysbio/maga/copergali.html HTTP/1.1" 200 5140 "-" "Mozilla/5.0 (compatible; bingbot/2.0; +http://www.bing.com/bingbot.htm)" "ysfine.com"
20.29.110.169 - - [04/Nov/2022:21:34:02 -0700] "GET /maga/phil/sartre11b.jpg HTTP/1.1" 200 57563 "https://ysfine.com/maga/phil" "Mozilla/5.0 (X11; Linux x86_64) AppleWebKit/537.36 (KHTML, like Gecko) Chrome/74.0.3729.169 Safari/537.36" "ysfine.com"
20.106.27.173 - - [04/Nov/2022:21:34:14 -0700] "GET /world/hungary/buda021b.jpg HTTP/1.1" 200 41415 "http://ysfine.com/world/hungary" "Mozilla/5.0 (iPhone; CPU iPhone OS 13_5_1 like Mac OS X) AppleWebKit/605.1.15 (KHTML, like Gecko) Version/13.1.1 Mobile/15E148 Safari/604.1" "ysfine.com"
157.55.39.65 - - [04/Nov/2022:21:34:35 -0700] "GET /world/germany/johannstra22.jpg HTTP/1.1" 200 173687 "-" "Mozilla/5.0 (compatible; bingbot/2.0; +http://www.bing.com/bingbot.htm)" "ysfine.com"
20.29.110.169 - - [04/Nov/2022:21:34:56 -0700] "GET /sbk/2017seoul09c.jpg HTTP/1.1" 200 66739 "https://ysfine.com/sbk" "Mozilla/5.0 (iPhone; CPU iPhone OS 13_5_1 like Mac OS X) AppleWebKit/605.1.15 (KHTML, like Gecko) Version/13.1.1 Mobile/15E148 Safari/604.1" "ysfine.com"
20.106.27.173 - - [04/Nov/2022:21:35:01 -0700] "GET /beau/croatia01c.jpg HTTP/1.1" 404 88 "https://ysfine.com/beau" "Mozilla/5.0 (Macintosh; Intel Mac OS X 10_11_6) AppleWebKit/605.1.15 (KHTML, like Gecko) Version/11.1.2 Safari/605.1.15" "ysfine.com"
40.77.167.27 - - [04/Nov/2022:21:35:27 -0700] "GET /world/france/champ1210.jpg HTTP/1.1" 200 92075 "-" "Mozilla/5.0 AppleWebKit/537.36 (KHTML, like Gecko; compatible; bingbot/2.0; +http://www.bing.com/bingbot.htm) Chrome/103.0.5060.134 Safari/537.36" "www.ysfine.com"
40.77.167.27 - - [04/Nov/2022:21:35:36 -0700] "GET /world/hungary/buda003.jpg HTTP/1.1" 200 95157 "-" "Mozilla/5.0 AppleWebKit/537.36 (KHTML, like Gecko; compatible; bingbot/2.0; +http://www.bing.com/bingbot.htm) Chrome/103.0.5060.134 Safari/537.36" "ysfine.com"
20.109.241.81 - - [04/Nov/2022:21:35:39 -0700] "GET /world/russ/msu20c.jpg HTTP/1.1" 200 41232 "http://ysfine.com/world/russ" "Mozilla/5.0 (Windows NT 10.0; Win64; x64) AppleWebKit/537.36 (KHTML, like Gecko) Chrome/74.0.3729.157 Safari/537.36" "ysfine.com"
40.77.51.85 - - [04/Nov/2022:21:35:53 -0700] "GET /world/ital/florf17b.jpg HTTP/1.1" 200 35730 "http://ysfine.com/world/ital" "Mozilla/5.0 (iPhone; CPU iPhone OS 13_5_1 like Mac OS X) AppleWebKit/605.1.15 (KHTML, like Gecko) Version/13.1.1 Mobile/15E148 Safari/604.1" "ysfine.com"
13.67.224.12 - - [04/Nov/2022:21:35:57 -0700] "GET /home/fotos/photo03c.jpg HTTP/1.1" 200 23013 "https://ysfine.com/home/fotos" "Mozilla/5.0 (X11; Linux x86_64) AppleWebKit/537.36 (KHTML, like Gecko) Chrome/74.0.3729.169 Safari/537.36" "ysfine.com"
138.246.253.24 - - [04/Nov/2022:21:36:06 -0700] "GET /robots.txt HTTP/1.1" 404 73 "-" "Mozilla/5.0 (Windows NT 10.0; Win64; x64) AppleWebKit/537.36 (KHTML, like Gecko) Chrome/103.0.5060.134 Safari/537.36" "ysfine.com"
157.55.39.65 - - [04/Nov/2022:21:36:23 -0700] "GET /ffriends/italgenoa33.jpg HTTP/1.1" 200 190823 "-" "Mozilla/5.0 AppleWebKit/537.36 (KHTML, like Gecko; compatible; bingbot/2.0; +http://www.bing.com/bingbot.htm) Chrome/103.0.5060.134 Safari/537.36" "ysfine.com"
173.73.77.36 - - [04/Nov/2022:21:36:37 -0700] "GET /ysbio/awards/bio44.html HTTP/1.1" 404 88 "https://ysfine.com/ysbio/awards/marq.html" "Mozilla/5.0 (Windows NT 10.0; Win64; x64) AppleWebKit/537.36 (KHTML, like Gecko) Chrome/107.0.0.0 Safari/537.36 Edg/107.0.1418.26" "ysfine.com"
173.73.77.36 - - [04/Nov/2022:21:37:00 -0700] "GET /ysbio/awards/bio44.html HTTP/1.1" 404 88 "https://ysfine.com/ysbio/awards/marq.html" "Mozilla/5.0 (Windows NT 10.0; Win64; x64) AppleWebKit/537.36 (KHTML, like Gecko) Chrome/107.0.0.0 Safari/537.36 Edg/107.0.1418.26" "ysfine.com"
40.77.167.71 - - [04/Nov/2022:21:37:20 -0700] "GET /world/russ/kazan023.jpg HTTP/1.1" 200 95500 "-" "Mozilla/5.0 AppleWebKit/537.36 (KHTML, like Gecko; compatible; bingbot/2.0; +http://www.bing.com/bingbot.htm) Chrome/103.0.5060.134 Safari/537.36" "ysfine.com"
40.122.227.202 - - [04/Nov/2022:21:37:22 -0700] "GET /world/scandi/nbi33b.jpg HTTP/1.1" 200 39400 "https://ysfine.com/world/scandi" "Mozilla/5.0 (Macintosh; Intel Mac OS X 10_11_6) AppleWebKit/605.1.15 (KHTML, like Gecko) Version/11.1.2 Safari/605.1.15" "ysfine.com"
51.222.253.10 - - [04/Nov/2022:21:37:23 -0700] "GET /class54/class5480/Pictures/1.%C3%AC%C2%A0%C2%91%C3%AC%C2%88%C2%98%C3%AB%C2%B0%C2%8F%C3%AD%C2%99%C2%98%C3%AB%C2%8B%C2%B4/?C=N;O=A HTTP/1.1" 200 869 "-" "Mozilla/5.0 (compatible; AhrefsBot/7.0; +http://ahrefs.com/robot/)" "www.ysfine.com"
40.77.167.68 - - [04/Nov/2022:21:37:51 -0700] "GET /bio/optics.html HTTP/1.1" 404 88 "-" "Mozilla/5.0 (compatible; bingbot/2.0; +http://www.bing.com/bingbot.htm)" "ysfine.com"
40.77.167.68 - - [04/Nov/2022:21:38:10 -0700] "GET /style/musee/ath030b.jpg HTTP/1.1" 200 48681 "-" "Mozilla/5.0 (compatible; bingbot/2.0; +http://www.bing.com/bingbot.htm)" "ysfine.com"
157.55.39.17 - - [04/Nov/2022:21:38:18 -0700] "GET /ysbio/maga/phil/sisfa12/index.html HTTP/1.1" 200 148 "-" "Mozilla/5.0 AppleWebKit/537.36 (KHTML, like Gecko; compatible; bingbot/2.0; +http://www.bing.com/bingbot.htm) Chrome/103.0.5060.134 Safari/537.36" "ysfine.com"
40.122.188.112 - - [04/Nov/2022:21:38:40 -0700] "GET /home/tollwig11b.jpg HTTP/1.1" 200 31919 "https://ysfine.com/home" "Mozilla/5.0 (Windows NT 10.0; Win64; x64) AppleWebKit/537.36 (KHTML, like Gecko) Chrome/74.0.3729.157 Safari/537.36" "ysfine.com"
40.77.51.85 - - [04/Nov/2022:21:39:01 -0700] "GET /friends/russathens2.jpg HTTP/1.1" 404 88 "http://ysfine.com/friends" "Mozilla/5.0 (Linux; Android 10; SM-G960U) AppleWebKit/537.36 (KHTML, like Gecko) Chrome/88.0.4324.181 Mobile Safari/537.36" "ysfine.com"
40.86.101.254 - - [04/Nov/2022:21:39:37 -0700] "GET /world/eve/polpr02b.jpg HTTP/1.1" 404 88 "https://ysfine.com/world/eve" "Mozilla/5.0 (iPhone; CPU iPhone OS 13_5_1 like Mac OS X) AppleWebKit/605.1.15 (KHTML, like Gecko) Version/13.1.1 Mobile/15E148 Safari/604.1" "ysfine.com"
20.29.110.170 - - [04/Nov/2022:21:39:48 -0700] "GET /dirac/dirac2.jpg HTTP/1.1" 200 31039 "https://ysfine.com/dirac" "Mozilla/5.0 (Macintosh; Intel Mac OS X 10_11_6) AppleWebKit/605.1.15 (KHTML, like Gecko) Version/11.1.2 Safari/605.1.15" "ysfine.com"
20.109.241.98 - - [04/Nov/2022:21:40:06 -0700] "GET /class54/novik22c.jpg HTTP/1.1" 200 24547 "https://ysfine.com/class54" "Mozilla/5.0 (Linux; Android 10; SM-G960U) AppleWebKit/537.36 (KHTML, like Gecko) Chrome/88.0.4324.181 Mobile Safari/537.36" "ysfine.com"
40.77.167.71 - - [04/Nov/2022:21:40:20 -0700] "GET /world/russ/kazan064.jpg HTTP/1.1" 200 66960 "-" "Mozilla/5.0 AppleWebKit/537.36 (KHTML, like Gecko; compatible; bingbot/2.0; +http://www.bing.com/bingbot.htm) Chrome/103.0.5060.134 Safari/537.36" "www.ysfine.com"
120.92.14.245 - - [04/Nov/2022:21:40:33 -0700] "GET /feynman/feynman.jpg HTTP/1.1" 200 40536 "-" "Mozilla/5.0 (X11; Ubuntu; Linux x86_64; rv:72.0) Gecko/20100101 Firefox/72.0" "ysfine.com"
157.55.39.65 - - [04/Nov/2022:21:41:04 -0700] "GET /dirac/pspace33.jpg HTTP/1.1" 200 78800 "-" "Mozilla/5.0 AppleWebKit/537.36 (KHTML, like Gecko; compatible; bingbot/2.0; +http://www.bing.com/bingbot.htm) Chrome/103.0.5060.134 Safari/537.36" "ysfine.com"
40.77.167.27 - - [04/Nov/2022:21:41:08 -0700] "GET /kobak/underw02.jpg HTTP/1.1" 200 61728 "-" "Mozilla/5.0 (compatible; bingbot/2.0; +http://www.bing.com/bingbot.htm)" "ysfine.com"
51.222.253.3 - - [04/Nov/2022:21:41:17 -0700] "GET /class54/class5480/Pictures/1.%C3%AC%C2%A0%C2%91%C3%AC%C2%88%C2%98%C3%AB%C2%B0%C2%8F%C3%AD%C2%99%C2%98%C3%AB%C2%8B%C2%B4/?C=D;O=A HTTP/1.1" 200 869 "-" "Mozilla/5.0 (compatible; AhrefsBot/7.0; +http://ahrefs.com/robot/)" "www.ysfine.com"
40.77.167.68 - - [04/Nov/2022:21:41:30 -0700] "GET /eink/eink61.jpg HTTP/1.1" 200 149872 "-" "Mozilla/5.0 AppleWebKit/537.36 (KHTML, like Gecko; compatible; bingbot/2.0; +http://www.bing.com/bingbot.htm) Chrome/103.0.5060.134 Safari/537.36" "ysfine.com"
40.77.167.27 - - [04/Nov/2022:21:42:06 -0700] "GET /people/olmo.jpg HTTP/1.1" 200 79527 "-" "Mozilla/5.0 (compatible; bingbot/2.0; +http://www.bing.com/bingbot.htm)" "ysfine.com"
157.55.39.65 - - [04/Nov/2022:21:42:26 -0700] "GET /ysbio/maga/pupin.html HTTP/1.1" 200 5043 "-" "Mozilla/5.0 (compatible; bingbot/2.0; +http://www.bing.com/bingbot.htm)" "ysfine.com"
20.12.191.74 - - [04/Nov/2022:21:42:29 -0700] "GET /world/russ/itep11b.jpg HTTP/1.1" 200 36015 "http://ysfine.com/world/russ" "Mozilla/5.0 (Linux; Android 10; SM-G960U) AppleWebKit/537.36 (KHTML, like Gecko) Chrome/88.0.4324.181 Mobile Safari/537.36" "ysfine.com"
20.106.27.209 - - [04/Nov/2022:21:42:32 -0700] "GET /world/germany/hofbrau33b.jpg HTTP/1.1" 200 51219 "http://www.ysfine.com/world/germany" "Mozilla/5.0 (Windows NT 10.0; Win64; x64) AppleWebKit/537.36 (KHTML, like Gecko) Chrome/74.0.3729.157 Safari/537.36" "www.ysfine.com"
40.77.167.27 - - [04/Nov/2022:21:42:36 -0700] "GET /einstein/evol22b.jpg HTTP/1.1" 200 29614 "-" "Mozilla/5.0 (compatible; bingbot/2.0; +http://www.bing.com/bingbot.htm)" "ysfine.com"
40.122.227.202 - - [04/Nov/2022:21:42:47 -0700] "GET /wdc/sakura11.jpg HTTP/1.1" 200 177003 "https://ysfine.com/wdc" "Mozilla/5.0 (iPhone; CPU iPhone OS 13_5_1 like Mac OS X) AppleWebKit/605.1.15 (KHTML, like Gecko) Version/13.1.1 Mobile/15E148 Safari/604.1" "ysfine.com"
157.55.39.17 - - [04/Nov/2022:21:42:49 -0700] "GET /archives/proceedings/ff3/bbus.jpg HTTP/1.1" 200 66675 "-" "Mozilla/5.0 (compatible; bingbot/2.0; +http://www.bing.com/bingbot.htm)" "ysfine.com"
20.109.241.80 - - [04/Nov/2022:21:43:15 -0700] "GET /world/germany/berlin034b.jpg HTTP/1.1" 200 28639 "http://ysfine.com/world/germany" "Mozilla/5.0 (Macintosh; Intel Mac OS X 10_11_6) AppleWebKit/605.1.15 (KHTML, like Gecko) Version/11.1.2 Safari/605.1.15" "ysfine.com"
157.55.39.17 - - [04/Nov/2022:21:43:18 -0700] "GET /wdc/washmo24.jpg HTTP/1.1" 200 104435 "-" "Mozilla/5.0 AppleWebKit/537.36 (KHTML, like Gecko; compatible; bingbot/2.0; +http://www.bing.com/bingbot.htm) Chrome/103.0.5060.134 Safari/537.36" "ysfine.com"
40.77.167.68 - - [04/Nov/2022:21:43:31 -0700] "GET /usca/norl/bour02b.jpg HTTP/1.1" 200 39485 "-" "Mozilla/5.0 AppleWebKit/537.36 (KHTML, like Gecko; compatible; bingbot/2.0; +http://www.bing.com/bingbot.htm) Chrome/103.0.5060.134 Safari/537.36" "ysfine.com"
40.77.167.71 - - [04/Nov/2022:21:44:10 -0700] "GET /world/russ/kazan056.jpg HTTP/1.1" 200 149705 "-" "Mozilla/5.0 AppleWebKit/537.36 (KHTML, like Gecko; compatible; bingbot/2.0; +http://www.bing.com/bingbot.htm) Chrome/103.0.5060.134 Safari/537.36" "www.ysfine.com"
157.55.39.76 - - [04/Nov/2022:21:44:15 -0700] "GET /archives/proceedings/boston/boyer.pdf HTTP/1.1" 200 550148 "-" "Mozilla/5.0 (compatible; bingbot/2.0; +http://www.bing.com/bingbot.htm)" "ysfine.com"
51.222.253.19 - - [04/Nov/2022:21:44:44 -0700] "GET /ysbio/class54/emailed03.html HTTP/1.1" 200 29110 "-" "Mozilla/5.0 (compatible; AhrefsBot/7.0; +http://ahrefs.com/robot/)" "www.ysfine.com"
157.55.39.65 - - [04/Nov/2022:21:44:56 -0700] "GET /bio/style/ystyle.html HTTP/1.1" 404 88 "-" "Mozilla/5.0 (compatible; bingbot/2.0; +http://www.bing.com/bingbot.htm)" "ysfine.com"
40.77.167.71 - - [04/Nov/2022:21:45:01 -0700] "GET /bio/feynman/feynbot.html HTTP/1.1" 404 88 "-" "Mozilla/5.0 (compatible; bingbot/2.0; +http://www.bing.com/bingbot.htm)" "ysfine.com"
40.77.167.71 - - [04/Nov/2022:21:45:02 -0700] "GET /ysbio/awards/index.html HTTP/1.1" 200 10060 "-" "Mozilla/5.0 AppleWebKit/537.36 (KHTML, like Gecko; compatible; bingbot/2.0; +http://www.bing.com/bingbot.htm) Chrome/103.0.5060.134 Safari/537.36" "ysfine.com"
14.139.61.130 - - [04/Nov/2022:21:45:19 -0700] "GET /jobs/koreaj.html HTTP/1.1" 200 10214 "https://www.google.com/" "Mozilla/5.0 (Linux; Android 9; SM-A105F) AppleWebKit/537.36 (KHTML, like Gecko) Chrome/106.0.0.0 Mobile Safari/537.36" "ysfine.com"
14.139.61.130 - - [04/Nov/2022:21:45:19 -0700] "GET /jobs/koreaj11b.jpg HTTP/1.1" 200 67543 "https://ysfine.com/jobs/koreaj.html" "Mozilla/5.0 (Linux; Android 9; SM-A105F) AppleWebKit/537.36 (KHTML, like Gecko) Chrome/106.0.0.0 Mobile Safari/537.36" "ysfine.com"
14.139.61.130 - - [04/Nov/2022:21:45:21 -0700] "GET /favicon.ico HTTP/1.1" 404 88 "https://ysfine.com/jobs/koreaj.html" "Mozilla/5.0 (Linux; Android 9; SM-A105F) AppleWebKit/537.36 (KHTML, like Gecko) Chrome/106.0.0.0 Mobile Safari/537.36" "ysfine.com"
114.119.128.14 - - [04/Nov/2022:21:45:36 -0700] "GET /class54/class5470/total_data/sub_713.htm HTTP/1.1" 200 3294 "https://ysfine.com/class54/class5470/total_data/sub_711.htm" "Mozilla/5.0 (Linux; Android 7.0;) AppleWebKit/537.36 (KHTML, like Gecko) Mobile Safari/537.36 (compatible; PetalBot;+https://webmaster.petalsearch.com/site/petalbot)" "ysfine.com"
175.37.134.14 - - [04/Nov/2022:21:46:30 -0700] "GET /wdc/sherman11.jpg HTTP/1.1" 200 48032 "https://www.google.com/" "Mozilla/5.0 (Windows NT 10.0; Win64; x64) AppleWebKit/537.36 (KHTML, like Gecko) Chrome/107.0.0.0 Safari/537.36" "ysfine.com"
47.9.33.67 - - [04/Nov/2022:21:46:41 -0700] "GET /remote/wigner111/kim-32.jpg HTTP/1.1" 200 55109 "https://www.google.com/" "Mozilla/5.0 (X11; CrOS x86_64 14989.107.0) AppleWebKit/537.36 (KHTML, like Gecko) Chrome/105.0.0.0 Safari/537.36" "ysfine.com"
40.122.195.128 - - [04/Nov/2022:21:46:57 -0700] "GET /friends/turkmodo11b.jpg HTTP/1.1" 404 88 "https://ysfine.com/friends" "Mozilla/5.0 (Windows NT 10.0; Win64; x64) AppleWebKit/537.36 (KHTML, like Gecko) Chrome/74.0.3729.157 Safari/537.36" "ysfine.com"
157.55.39.76 - - [04/Nov/2022:21:47:06 -0700] "GET /usca/pitt/palom01.jpg HTTP/1.1" 200 97826 "-" "Mozilla/5.0 (compatible; bingbot/2.0; +http://www.bing.com/bingbot.htm)" "www.ysfine.com"
40.122.227.200 - - [04/Nov/2022:21:47:09 -0700] "GET /style/cameras/sony120b.jpg HTTP/1.1" 200 38949 "https://ysfine.com/style/cameras" "Mozilla/5.0 (X11; Linux x86_64) AppleWebKit/537.36 (KHTML, like Gecko) Chrome/74.0.3729.169 Safari/537.36" "ysfine.com"
20.109.241.98 - - [04/Nov/2022:21:47:17 -0700] "GET /maga/boltz/restof22a.jpg HTTP/1.1" 200 41645 "https://ysfine.com/maga/boltz" "Mozilla/5.0 (iPhone; CPU iPhone OS 13_5_1 like Mac OS X) AppleWebKit/605.1.15 (KHTML, like Gecko) Version/13.1.1 Mobile/15E148 Safari/604.1" "ysfine.com"
20.12.191.74 - - [04/Nov/2022:21:47:19 -0700] "GET /kowar/mil/m46cb.jpg HTTP/1.1" 404 88 "http://ysfine.com/kowar/mil" "Mozilla/5.0 (iPhone; CPU iPhone OS 13_5_1 like Mac OS X) AppleWebKit/605.1.15 (KHTML, like Gecko) Version/13.1.1 Mobile/15E148 Safari/604.1" "ysfine.com"
40.77.51.85 - - [04/Nov/2022:21:47:50 -0700] "GET /people/wheekim2.jpg HTTP/1.1" 200 46245 "https://ysfine.com/people" "Mozilla/5.0 (Macintosh; Intel Mac OS X 10_11_6) AppleWebKit/605.1.15 (KHTML, like Gecko) Version/11.1.2 Safari/605.1.15" "ysfine.com"
40.86.101.252 - - [04/Nov/2022:21:48:11 -0700] "GET /world/brit/lontaxi05.jpg HTTP/1.1" 200 123575 "https://ysfine.com/world/brit" "Mozilla/5.0 (X11; Linux x86_64) AppleWebKit/537.36 (KHTML, like Gecko) Chrome/74.0.3729.169 Safari/537.36" "ysfine.com"
51.222.253.20 - - [04/Nov/2022:21:48:11 -0700] "GET /class54/class5480/Pictures/1.%C3%AC%C2%A0%C2%91%C3%AC%C2%88%C2%98%C3%AB%C2%B0%C2%8F%C3%AD%C2%99%C2%98%C3%AB%C2%8B%C2%B4/?C=S;O=D HTTP/1.1" 200 852 "-" "Mozilla/5.0 (compatible; AhrefsBot/7.0; +http://ahrefs.com/robot/)" "www.ysfine.com"
157.55.39.17 - - [04/Nov/2022:21:48:29 -0700] "GET /style/musee/pradom12.jpg HTTP/1.1" 200 200640 "-" "Mozilla/5.0 AppleWebKit/537.36 (KHTML, like Gecko; compatible; bingbot/2.0; +http://www.bing.com/bingbot.htm) Chrome/103.0.5060.134 Safari/537.36" "ysfine.com"
40.77.167.68 - - [04/Nov/2022:21:48:41 -0700] "GET /bio/world/kalinin22.html HTTP/1.1" 404 88 "-" "Mozilla/5.0 AppleWebKit/537.36 (KHTML, like Gecko; compatible; bingbot/2.0; +http://www.bing.com/bingbot.htm) Chrome/103.0.5060.134 Safari/537.36" "ysfine.com"
77.88.5.126 - - [04/Nov/2022:21:49:05 -0700] "GET /bio/world/germany/berlin021.jpg HTTP/1.1" 404 88 "-" "Mozilla/5.0 (compatible; YandexImages/3.0; +http://yandex.com/bots)" "www.ysfine.com"
40.77.167.27 - - [04/Nov/2022:21:49:27 -0700] "GET /style/cameras/sony120.jpg HTTP/1.1" 200 84161 "-" "Mozilla/5.0 AppleWebKit/537.36 (KHTML, like Gecko; compatible; bingbot/2.0; +http://www.bing.com/bingbot.htm) Chrome/103.0.5060.134 Safari/537.36" "www.ysfine.com"
40.77.167.27 - - [04/Nov/2022:21:49:28 -0700] "GET /ysbio/wigner/wigphoto.html HTTP/1.1" 200 3234 "-" "Mozilla/5.0 (compatible; bingbot/2.0; +http://www.bing.com/bingbot.htm)" "ysfine.com"
20.109.241.98 - - [04/Nov/2022:21:49:59 -0700] "GET /style/venus11a.jpg HTTP/1.1" 200 76598 "https://ysfine.com/style" "Mozilla/5.0 (Macintosh; Intel Mac OS X 10_11_6) AppleWebKit/605.1.15 (KHTML, like Gecko) Version/11.1.2 Safari/605.1.15" "ysfine.com"
40.122.227.200 - - [04/Nov/2022:21:50:02 -0700] "GET /newyork/koreaw07b.jpg HTTP/1.1" 200 53070 "https://ysfine.com/newyork" "Mozilla/5.0 (Linux; Android 10; SM-G960U) AppleWebKit/537.36 (KHTML, like Gecko) Chrome/88.0.4324.181 Mobile Safari/537.36" "ysfine.com"
20.106.27.209 - - [04/Nov/2022:21:50:33 -0700] "GET /world/china/china007b.jpg HTTP/1.1" 200 34074 "http://www.ysfine.com/world/china" "Mozilla/5.0 (Linux; Android 10; SM-G960U) AppleWebKit/537.36 (KHTML, like Gecko) Chrome/88.0.4324.181 Mobile Safari/537.36" "www.ysfine.com"
40.77.167.71 - - [04/Nov/2022:21:50:41 -0700] "GET /eink/learn22.jpg HTTP/1.1" 200 111061 "-" "Mozilla/5.0 AppleWebKit/537.36 (KHTML, like Gecko; compatible; bingbot/2.0; +http://www.bing.com/bingbot.htm) Chrome/103.0.5060.134 Safari/537.36" "ysfine.com"
40.77.167.68 - - [04/Nov/2022:21:51:31 -0700] "GET /maga/phys/schrod07.jpg HTTP/1.1" 200 83845 "-" "Mozilla/5.0 AppleWebKit/537.36 (KHTML, like Gecko; compatible; bingbot/2.0; +http://www.bing.com/bingbot.htm) Chrome/103.0.5060.134 Safari/537.36" "www.ysfine.com"
51.222.253.18 - - [04/Nov/2022:21:51:34 -0700] "GET /class54/class5480/Pictures/1.%C3%AC%C2%A0%C2%91%C3%AC%C2%88%C2%98%C3%AB%C2%B0%C2%8F%C3%AD%C2%99%C2%98%C3%AB%C2%8B%C2%B4/?C=M;O=D HTTP/1.1" 200 858 "-" "Mozilla/5.0 (compatible; AhrefsBot/7.0; +http://ahrefs.com/robot/)" "www.ysfine.com"
157.55.39.76 - - [04/Nov/2022:21:51:36 -0700] "GET /world/balkan/istan005b.jpg HTTP/1.1" 200 52419 "-" "Mozilla/5.0 AppleWebKit/537.36 (KHTML, like Gecko; compatible; bingbot/2.0; +http://www.bing.com/bingbot.htm) Chrome/103.0.5060.134 Safari/537.36" "ysfine.com"
20.109.241.97 - - [04/Nov/2022:21:51:51 -0700] "GET /world/hungary/buda125b.jpg HTTP/1.1" 200 53000 "https://ysfine.com/world/hungary" "Mozilla/5.0 (iPhone; CPU iPhone OS 13_5_1 like Mac OS X) AppleWebKit/605.1.15 (KHTML, like Gecko) Version/13.1.1 Mobile/15E148 Safari/604.1" "ysfine.com"
157.55.39.17 - - [04/Nov/2022:21:52:19 -0700] "GET /world/russ/volga18b.jpg HTTP/1.1" 200 46253 "-" "Mozilla/5.0 AppleWebKit/537.36 (KHTML, like Gecko; compatible; bingbot/2.0; +http://www.bing.com/bingbot.htm) Chrome/103.0.5060.134 Safari/537.36" "ysfine.com"
40.77.51.81 - - [04/Nov/2022:21:52:23 -0700] "GET /world/brit/firew08.jpg HTTP/1.1" 200 51753 "http://ysfine.com/world/brit" "Mozilla/5.0 (X11; Linux x86_64) AppleWebKit/537.36 (KHTML, like Gecko) Chrome/74.0.3729.169 Safari/537.36" "ysfine.com"
157.55.39.17 - - [04/Nov/2022:21:52:40 -0700] "GET /bio/einstein/bern.html HTTP/1.1" 404 88 "-" "Mozilla/5.0 (compatible; bingbot/2.0; +http://www.bing.com/bingbot.htm)" "ysfine.com"
157.55.39.17 - - [04/Nov/2022:21:53:00 -0700] "GET /wigner/wigkim11b.jpg HTTP/1.1" 200 38616 "-" "Mozilla/5.0 AppleWebKit/537.36 (KHTML, like Gecko; compatible; bingbot/2.0; +http://www.bing.com/bingbot.htm) Chrome/103.0.5060.134 Safari/537.36" "www.ysfine.com"
157.55.39.76 - - [04/Nov/2022:21:53:00 -0700] "GET /ysbio/world/dubna.html HTTP/1.1" 200 1604 "-" "Mozilla/5.0 (compatible; bingbot/2.0; +http://www.bing.com/bingbot.htm)" "ysfine.com"
157.55.39.65 - - [04/Nov/2022:21:53:05 -0700] "GET /world/baltic/riga18.jpg HTTP/1.1" 200 109751 "-" "Mozilla/5.0 AppleWebKit/537.36 (KHTML, like Gecko; compatible; bingbot/2.0; +http://www.bing.com/bingbot.htm) Chrome/103.0.5060.134 Safari/537.36" "ysfine.com"
40.86.101.252 - - [04/Nov/2022:21:53:15 -0700] "GET /wisdom/mil/sherman44b.jpg HTTP/1.1" 200 34454 "https://ysfine.com/wisdom/mil" "Mozilla/5.0 (Windows NT 10.0; Win64; x64) AppleWebKit/537.36 (KHTML, like Gecko) Chrome/74.0.3729.157 Safari/537.36" "ysfine.com"
40.77.167.68 - - [04/Nov/2022:21:54:01 -0700] "GET /ysbio/feynman/fstorie.html HTTP/1.1" 200 790 "-" "Mozilla/5.0 AppleWebKit/537.36 (KHTML, like Gecko; compatible; bingbot/2.0; +http://www.bing.com/bingbot.htm) Chrome/103.0.5060.134 Safari/537.36" "ysfine.com"
40.77.167.71 - - [04/Nov/2022:21:54:12 -0700] "GET /ysbio/wisdom/quovadis.html HTTP/1.1" 200 3582 "-" "Mozilla/5.0 (compatible; bingbot/2.0; +http://www.bing.com/bingbot.htm)" "ysfine.com"
40.122.227.202 - - [04/Nov/2022:21:54:51 -0700] "GET /style/cameras/fedindoor11b.jpg HTTP/1.1" 200 50048 "http://ysfine.com/style/cameras" "Mozilla/5.0 (iPhone; CPU iPhone OS 13_5_1 like Mac OS X) AppleWebKit/605.1.15 (KHTML, like Gecko) Version/13.1.1 Mobile/15E148 Safari/604.1" "ysfine.com"
195.191.219.131 - - [04/Nov/2022:21:55:01 -0700] "GET /world/london.html HTTP/1.1" 200 16969 "-" "Mozilla/5.0 (compatible; MJ12bot/v1.4.8; http://mj12bot.com/)" "ysfine.com"
51.222.253.11 - - [04/Nov/2022:21:55:14 -0700] "GET /ysbio/wigner/wigrigh.html HTTP/1.1" 200 2476 "-" "Mozilla/5.0 (compatible; AhrefsBot/7.0; +http://ahrefs.com/robot/)" "ysfine.com"
157.55.39.76 - - [04/Nov/2022:21:55:37 -0700] "GET /maga/phys/huy02.jpg HTTP/1.1" 200 321915 "-" "Mozilla/5.0 (compatible; bingbot/2.0; +http://www.bing.com/bingbot.htm)" "www.ysfine.com"
157.55.39.76 - - [04/Nov/2022:21:55:38 -0700] "GET /newyork/colum23.jpg HTTP/1.1" 200 82657 "-" "Mozilla/5.0 (compatible; bingbot/2.0; +http://www.bing.com/bingbot.htm)" "www.ysfine.com"
20.109.241.96 - - [04/Nov/2022:21:55:40 -0700] "GET /world/latina/sambario05b.jpg HTTP/1.1" 200 30071 "http://ysfine.com/world/latina" "Mozilla/5.0 (Windows NT 10.0; Win64; x64) AppleWebKit/537.36 (KHTML, like Gecko) Chrome/74.0.3729.157 Safari/537.36" "ysfine.com"
20.106.27.209 - - [04/Nov/2022:21:56:13 -0700] "GET /world/brit/firew05b.jpg HTTP/1.1" 200 43453 "https://ysfine.com/world/brit" "Mozilla/5.0 (iPhone; CPU iPhone OS 13_5_1 like Mac OS X) AppleWebKit/605.1.15 (KHTML, like Gecko) Version/13.1.1 Mobile/15E148 Safari/604.1" "ysfine.com"
40.78.141.94 - - [04/Nov/2022:21:56:17 -0700] "GET /friends/amkor/canparis01c.jpg HTTP/1.1" 404 88 "https://ysfine.com/friends/amkor" "Mozilla/5.0 (iPhone; CPU iPhone OS 13_5_1 like Mac OS X) AppleWebKit/605.1.15 (KHTML, like Gecko) Version/13.1.1 Mobile/15E148 Safari/604.1" "ysfine.com"
185.245.84.5 - - [04/Nov/2022:21:56:33 -0700] "GET /wigner/neum/pvn03.jpg HTTP/1.1" 200 83757 "https://www.google.com/" "Mozilla/5.0 (iPhone; CPU iPhone OS 15_6 like Mac OS X) AppleWebKit/605.1.15 (KHTML, like Gecko) Version/15.6 Mobile/15E148 Safari/604.1" "ysfine.com"
20.12.191.73 - - [04/Nov/2022:21:56:56 -0700] "GET /dongio/india01b.jpg HTTP/1.1" 404 88 "https://ysfine.com/dongio" "Mozilla/5.0 (Windows NT 10.0; Win64; x64) AppleWebKit/537.36 (KHTML, like Gecko) Chrome/74.0.3729.157 Safari/537.36" "ysfine.com"
40.77.167.27 - - [04/Nov/2022:21:56:58 -0700] "GET /world/brit/westmin05.jpg HTTP/1.1" 200 109236 "-" "Mozilla/5.0 (compatible; bingbot/2.0; +http://www.bing.com/bingbot.htm)" "ysfine.com"
185.184.157.94 - - [04/Nov/2022:21:57:06 -0700] "GET /robots.txt HTTP/1.1" 404 88 "-" "Mozilla/5.0 (compatible; linkdexbot/2.0; +http://www.linkdex.com/bots/)" "ysfine.com"
185.184.157.94 - - [04/Nov/2022:21:57:06 -0700] "GET /ysbio/world/travel.html HTTP/1.1" 200 1633 "-" "Mozilla/5.0 (compatible; linkdexbot/2.0; +http://www.linkdex.com/bots/)" "www.ysfine.com"
185.184.157.94 - - [04/Nov/2022:21:57:06 -0700] "GET /robots.txt HTTP/1.1" 404 88 "-" "Mozilla/5.0 (compatible; linkdexbot/2.0; +http://www.linkdex.com/bots/)" "www.ysfine.com"
114.119.128.158 - - [04/Nov/2022:21:57:32 -0700] "GET /ffriends/casa01c.jpg HTTP/1.1" 200 35579 "https://www.ysfine.com/ffriends/african.html" "Mozilla/5.0 (Linux; Android 7.0;) AppleWebKit/537.36 (KHTML, like Gecko) Mobile Safari/537.36 (compatible; PetalBot;+https://webmaster.petalsearch.com/site/petalbot)" "www.ysfine.com"
20.29.110.169 - - [04/Nov/2022:21:57:49 -0700] "GET /usca/pitt/fortpitt01b.jpg HTTP/1.1" 200 31243 "https://ysfine.com/usca/pitt" "Mozilla/5.0 (Windows NT 10.0; Win64; x64) AppleWebKit/537.36 (KHTML, like Gecko) Chrome/74.0.3729.157 Safari/537.36" "ysfine.com"
20.109.241.97 - - [04/Nov/2022:21:58:23 -0700] "GET /world/baltic/kalin31b.jpg HTTP/1.1" 200 56139 "https://www.ysfine.com/world/baltic" "Mozilla/5.0 (Macintosh; Intel Mac OS X 10_11_6) AppleWebKit/605.1.15 (KHTML, like Gecko) Version/11.1.2 Safari/605.1.15" "www.ysfine.com"
20.12.191.72 - - [04/Nov/2022:21:58:32 -0700] "GET /world/poland/uprise04b.jpg HTTP/1.1" 200 41581 "http://ysfine.com/world/poland" "Mozilla/5.0 (X11; Linux x86_64) AppleWebKit/537.36 (KHTML, like Gecko) Chrome/74.0.3729.169 Safari/537.36" "ysfine.com"
40.77.167.68 - - [04/Nov/2022:21:58:43 -0700] "GET /style/kirovken11.jpg HTTP/1.1" 200 80516 "-" "Mozilla/5.0 AppleWebKit/537.36 (KHTML, like Gecko; compatible; bingbot/2.0; +http://www.bing.com/bingbot.htm) Chrome/103.0.5060.134 Safari/537.36" "www.ysfine.com"
40.122.230.188 - - [04/Nov/2022:21:58:59 -0700] "GET /friends/amkor/lewitt11c.jpg HTTP/1.1" 404 88 "https://ysfine.com/friends/amkor" "Mozilla/5.0 (X11; Linux x86_64) AppleWebKit/537.36 (KHTML, like Gecko) Chrome/74.0.3729.169 Safari/537.36" "ysfine.com"
40.77.167.68 - - [04/Nov/2022:21:59:03 -0700] "GET /bio/yspapers/index.html HTTP/1.1" 404 88 "-" "Mozilla/5.0 AppleWebKit/537.36 (KHTML, like Gecko; compatible; bingbot/2.0; +http://www.bing.com/bingbot.htm) Chrome/103.0.5060.134 Safari/537.36" "ysfine.com"
157.55.39.17 - - [04/Nov/2022:21:59:09 -0700] "GET /world/ital/flor085.jpg HTTP/1.1" 200 142371 "-" "Mozilla/5.0 (compatible; bingbot/2.0; +http://www.bing.com/bingbot.htm)" "ysfine.com"
157.55.39.76 - - [04/Nov/2022:21:59:28 -0700] "GET /bio/kobak/yskor.html HTTP/1.1" 404 88 "-" "Mozilla/5.0 (compatible; bingbot/2.0; +http://www.bing.com/bingbot.htm)" "ysfine.com"
40.77.51.85 - - [04/Nov/2022:21:59:29 -0700] "GET /kowar/gi001b.jpg HTTP/1.1" 200 41669 "https://ysfine.com/kowar" "Mozilla/5.0 (Windows NT 10.0; Win64; x64) AppleWebKit/537.36 (KHTML, like Gecko) Chrome/74.0.3729.157 Safari/537.36" "ysfine.com"
20.109.241.96 - - [04/Nov/2022:21:59:37 -0700] "GET /style/xiangran33b.jpg HTTP/1.1" 200 26488 "https://ysfine.com/style" "Mozilla/5.0 (iPhone; CPU iPhone OS 13_5_1 like Mac OS X) AppleWebKit/605.1.15 (KHTML, like Gecko) Version/13.1.1 Mobile/15E148 Safari/604.1" "ysfine.com"
40.77.167.71 - - [04/Nov/2022:21:59:44 -0700] "GET /ysbio/folks/tolstoy.html HTTP/1.1" 200 1447 "-" "Mozilla/5.0 (compatible; bingbot/2.0; +http://www.bing.com/bingbot.htm)" "ysfine.com"
40.122.227.200 - - [04/Nov/2022:21:59:51 -0700] "GET /world/ital/panth04.jpg HTTP/1.1" 200 105432 "https://ysfine.com/world/ital" "Mozilla/5.0 (X11; Linux x86_64) AppleWebKit/537.36 (KHTML, like Gecko) Chrome/74.0.3729.169 Safari/537.36" "ysfine.com"
20.109.241.96 - - [04/Nov/2022:22:00:27 -0700] "GET /eink/eink24b.jpg HTTP/1.1" 200 42003 "http://ysfine.com/eink" "Mozilla/5.0 (Macintosh; Intel Mac OS X 10_11_6) AppleWebKit/605.1.15 (KHTML, like Gecko) Version/11.1.2 Safari/605.1.15" "ysfine.com"
20.109.241.96 - - [04/Nov/2022:22:01:00 -0700] "GET /style/music/kazan004b.jpg HTTP/1.1" 200 42128 "http://ysfine.com/style/music" "Mozilla/5.0 (X11; Linux x86_64) AppleWebKit/537.36 (KHTML, like Gecko) Chrome/74.0.3729.169 Safari/537.36" "ysfine.com"
157.55.39.76 - - [04/Nov/2022:22:01:28 -0700] "GET /ysbio/class54/weheard.html HTTP/1.1" 200 5818 "-" "Mozilla/5.0 (compatible; bingbot/2.0; +http://www.bing.com/bingbot.htm)" "ysfine.com"
20.12.191.73 - - [04/Nov/2022:22:01:31 -0700] "GET /world/ital/marcus11b.jpg HTTP/1.1" 200 48083 "https://ysfine.com/world/ital" "Mozilla/5.0 (Linux; Android 10; SM-G960U) AppleWebKit/537.36 (KHTML, like Gecko) Chrome/88.0.4324.181 Mobile Safari/537.36" "ysfine.com"
173.73.77.36 - - [04/Nov/2022:22:01:48 -0700] "GET /ysbio/awards/marq.html HTTP/1.1" 200 3214 "https://ysfine.com/ysbio/yshome.html" "Mozilla/5.0 (Windows NT 10.0; Win64; x64) AppleWebKit/537.36 (KHTML, like Gecko) Chrome/107.0.0.0 Safari/537.36 Edg/107.0.1418.26" "ysfine.com"
20.29.110.170 - - [04/Nov/2022:22:01:53 -0700] "GET /kobak/nicodem11b.jpg HTTP/1.1" 200 79065 "https://ysfine.com/kobak" "Mozilla/5.0 (Macintosh; Intel Mac OS X 10_11_6) AppleWebKit/605.1.15 (KHTML, like Gecko) Version/11.1.2 Safari/605.1.15" "ysfine.com"
40.86.101.252 - - [04/Nov/2022:22:02:01 -0700] "GET /style/jpsingap01b.jpg HTTP/1.1" 200 52443 "https://ysfine.com/style" "Mozilla/5.0 (Macintosh; Intel Mac OS X 10_11_6) AppleWebKit/605.1.15 (KHTML, like Gecko) Version/11.1.2 Safari/605.1.15" "ysfine.com"
40.77.51.86 - - [04/Nov/2022:22:02:07 -0700] "GET /style/musee/orsaym04c.jpg HTTP/1.1" 200 56701 "https://ysfine.com/style/musee" "Mozilla/5.0 (iPhone; CPU iPhone OS 13_5_1 like Mac OS X) AppleWebKit/605.1.15 (KHTML, like Gecko) Version/13.1.1 Mobile/15E148 Safari/604.1" "ysfine.com"
157.55.39.76 - - [04/Nov/2022:22:02:09 -0700] "GET /ysbio/kowar/wartop.html HTTP/1.1" 200 443 "-" "Mozilla/5.0 (compatible; bingbot/2.0; +http://www.bing.com/bingbot.htm)" "ysfine.com"
173.73.77.36 - - [04/Nov/2022:22:02:24 -0700] "GET /ysbio/awards/marq.html HTTP/1.1" 304 - "https://ysfine.com/ysbio/yshome.html" "Mozilla/5.0 (Windows NT 10.0; Win64; x64) AppleWebKit/537.36 (KHTML, like Gecko) Chrome/107.0.0.0 Safari/537.36 Edg/107.0.1418.26" "ysfine.com"
173.73.77.36 - - [04/Nov/2022:22:02:28 -0700] "GET /ysbio/awards/marq.html HTTP/1.1" 304 - "https://ysfine.com/ysbio/yshome.html" "Mozilla/5.0 (Windows NT 10.0; Win64; x64) AppleWebKit/537.36 (KHTML, like Gecko) Chrome/107.0.0.0 Safari/537.36 Edg/107.0.1418.26" "ysfine.com"
65.108.46.72 - - [04/Nov/2022:22:02:31 -0700] "GET /robots.txt HTTP/1.1" 404 73 "-" "Mozilla/5.0 (compatible; MJ12bot/v1.4.8; http://mj12bot.com/)" "www.ysfine.com"
40.77.167.71 - - [04/Nov/2022:22:02:33 -0700] "GET /style/rieu02b.jpg HTTP/1.1" 200 52217 "-" "Mozilla/5.0 (compatible; bingbot/2.0; +http://www.bing.com/bingbot.htm)" "ysfine.com"
65.108.46.72 - - [04/Nov/2022:22:02:33 -0700] "GET /ysbio/world/balkan/istan103.jpg HTTP/1.1" 200 82583 "-" "Mozilla/5.0 (compatible; MJ12bot/v1.4.8; http://mj12bot.com/)" "www.ysfine.com"
65.108.46.72 - - [04/Nov/2022:22:02:35 -0700] "GET /ysbio/world/baltic/ambart.jpg HTTP/1.1" 200 100215 "-" "Mozilla/5.0 (compatible; MJ12bot/v1.4.8; http://mj12bot.com/)" "www.ysfine.com"
65.108.46.72 - - [04/Nov/2022:22:02:37 -0700] "GET /ysbio/world/baltic/arana.html HTTP/1.1" 200 3961 "-" "Mozilla/5.0 (compatible; MJ12bot/v1.4.8; http://mj12bot.com/)" "www.ysfine.com"
40.77.167.27 - - [04/Nov/2022:22:02:37 -0700] "GET /wisdom/wkbot.html HTTP/1.1" 200 130 "-" "Mozilla/5.0 (compatible; bingbot/2.0; +http://www.bing.com/bingbot.htm)" "ysfine.com"
40.77.167.27 - - [04/Nov/2022:22:02:38 -0700] "GET /ysbio/einstein/hidden.html HTTP/1.1" 200 4821 "-" "Mozilla/5.0 AppleWebKit/537.36 (KHTML, like Gecko; compatible; bingbot/2.0; +http://www.bing.com/bingbot.htm) Chrome/103.0.5060.134 Safari/537.36" "ysfine.com"
65.108.46.72 - - [04/Nov/2022:22:02:39 -0700] "GET /ysbio/world/baltic/estof27.jpg HTTP/1.1" 200 193717 "-" "Mozilla/5.0 (compatible; MJ12bot/v1.4.8; http://mj12bot.com/)" "www.ysfine.com"
65.108.46.72 - - [04/Nov/2022:22:02:41 -0700] "GET /ysbio/world/baltic/frombork.jpg HTTP/1.1" 200 147887 "-" "Mozilla/5.0 (compatible; MJ12bot/v1.4.8; http://mj12bot.com/)" "www.ysfine.com"
173.73.77.36 - - [04/Nov/2022:22:02:41 -0700] "GET / HTTP/1.1" 200 5283 "-" "Mozilla/5.0 (Windows NT 10.0; Win64; x64) AppleWebKit/537.36 (KHTML, like Gecko) Chrome/107.0.0.0 Safari/537.36 Edg/107.0.1418.26" "ysfine.com"
173.73.77.36 - - [04/Nov/2022:22:02:41 -0700] "GET /home/eink450.jpg HTTP/1.1" 200 66794 "https://ysfine.com/" "Mozilla/5.0 (Windows NT 10.0; Win64; x64) AppleWebKit/537.36 (KHTML, like Gecko) Chrome/107.0.0.0 Safari/537.36 Edg/107.0.1418.26" "ysfine.com"
173.73.77.36 - - [04/Nov/2022:22:02:41 -0700] "GET /home/top21d.jpg HTTP/1.1" 200 74409 "https://ysfine.com/" "Mozilla/5.0 (Windows NT 10.0; Win64; x64) AppleWebKit/537.36 (KHTML, like Gecko) Chrome/107.0.0.0 Safari/537.36 Edg/107.0.1418.26" "ysfine.com"
65.108.46.72 - - [04/Nov/2022:22:02:43 -0700] "GET /ysbio/world/baltic/kalin01.jpg HTTP/1.1" 200 102358 "-" "Mozilla/5.0 (compatible; MJ12bot/v1.4.8; http://mj12bot.com/)" "www.ysfine.com"
65.108.46.72 - - [04/Nov/2022:22:02:45 -0700] "GET /ysbio/world/baltic/kalin02.jpg HTTP/1.1" 200 89989 "-" "Mozilla/5.0 (compatible; MJ12bot/v1.4.8; http://mj12bot.com/)" "www.ysfine.com"
65.108.46.72 - - [04/Nov/2022:22:02:47 -0700] "GET /ysbio/world/baltic/kalin03.jpg HTTP/1.1" 200 91735 "-" "Mozilla/5.0 (compatible; MJ12bot/v1.4.8; http://mj12bot.com/)" "www.ysfine.com"
65.108.46.72 - - [04/Nov/2022:22:02:48 -0700] "GET /ysbio/world/baltic/kalin04.jpg HTTP/1.1" 200 52231 "-" "Mozilla/5.0 (compatible; MJ12bot/v1.4.8; http://mj12bot.com/)" "www.ysfine.com"
65.108.46.72 - - [04/Nov/2022:22:02:50 -0700] "GET /ysbio/world/baltic/kalin05.jpg HTTP/1.1" 200 94382 "-" "Mozilla/5.0 (compatible; MJ12bot/v1.4.8; http://mj12bot.com/)" "www.ysfine.com"
65.108.46.72 - - [04/Nov/2022:22:02:52 -0700] "GET /ysbio/world/baltic/kalin06.jpg HTTP/1.1" 200 106737 "-" "Mozilla/5.0 (compatible; MJ12bot/v1.4.8; http://mj12bot.com/)" "www.ysfine.com"
40.77.167.68 - - [04/Nov/2022:22:02:54 -0700] "GET /style/hamako11b.jpg HTTP/1.1" 200 33344 "-" "Mozilla/5.0 (compatible; bingbot/2.0; +http://www.bing.com/bingbot.htm)" "ysfine.com"
