157.55.39.65 - - [04/Nov/2022:22:18:08 -0700] "GET /style/kirovken11.jpg HTTP/1.1" 200 80516 "-" "Mozilla/5.0 AppleWebKit/537.36 (KHTML, like Gecko; compatible; bingbot/2.0; +http://www.bing.com/bingbot.htm) Chrome/103.0.5060.134 Safari/537.36" "ysfine.com"
40.77.167.27 - - [04/Nov/2022:22:18:19 -0700] "GET /world/france/metz17.jpg HTTP/1.1" 200 112114 "-" "Mozilla/5.0 (compatible; bingbot/2.0; +http://www.bing.com/bingbot.htm)" "www.ysfine.com"
40.77.167.71 - - [04/Nov/2022:22:18:25 -0700] "GET /ysbio/wdc/washmo.html HTTP/1.1" 200 1374 "-" "Mozilla/5.0 AppleWebKit/537.36 (KHTML, like Gecko; compatible; bingbot/2.0; +http://www.bing.com/bingbot.htm) Chrome/103.0.5060.134 Safari/537.36" "ysfine.com"
104.28.119.133 - - [04/Nov/2022:22:18:33 -0700] "GET /kobak/sl628.jpg HTTP/1.1" 200 225100 "-" "Mozilla/5.0" "ysfine.com"
40.122.227.201 - - [04/Nov/2022:22:18:41 -0700] "GET /friends/aline/chinasouth02b.jpg HTTP/1.1" 404 88 "https://ysfine.com/friends/aline" "Mozilla/5.0 (Windows NT 10.0; Win64; x64) AppleWebKit/537.36 (KHTML, like Gecko) Chrome/74.0.3729.157 Safari/537.36" "ysfine.com"
20.29.110.168 - - [04/Nov/2022:22:18:46 -0700] "GET /friends/lithulon05b.jpg HTTP/1.1" 404 88 "http://ysfine.com/friends" "Mozilla/5.0 (Windows NT 10.0; Win64; x64) AppleWebKit/537.36 (KHTML, like Gecko) Chrome/74.0.3729.157 Safari/537.36" "ysfine.com"
40.122.227.200 - - [04/Nov/2022:22:18:52 -0700] "GET /world/russ/protvi01b.jpg HTTP/1.1" 200 42265 "https://ysfine.com/world/russ" "Mozilla/5.0 (Linux; Android 10; SM-G960U) AppleWebKit/537.36 (KHTML, like Gecko) Chrome/88.0.4324.181 Mobile Safari/537.36" "ysfine.com"
40.122.230.188 - - [04/Nov/2022:22:18:57 -0700] "GET /einstein/einheis02.jpg HTTP/1.1" 200 27172 "http://ysfine.com/einstein" "Mozilla/5.0 (Windows NT 10.0; Win64; x64) AppleWebKit/537.36 (KHTML, like Gecko) Chrome/74.0.3729.157 Safari/537.36" "ysfine.com"
20.29.110.170 - - [04/Nov/2022:22:19:09 -0700] "GET /world/france/lachaise07b.jpg HTTP/1.1" 200 70749 "http://ysfine.com/world/france" "Mozilla/5.0 (Macintosh; Intel Mac OS X 10_11_6) AppleWebKit/605.1.15 (KHTML, like Gecko) Version/11.1.2 Safari/605.1.15" "ysfine.com"
40.77.167.68 - - [04/Nov/2022:22:19:14 -0700] "GET /wigner/wighome11c.jpg HTTP/1.1" 200 45648 "-" "Mozilla/5.0 AppleWebKit/537.36 (KHTML, like Gecko; compatible; bingbot/2.0; +http://www.bing.com/bingbot.htm) Chrome/103.0.5060.134 Safari/537.36" "ysfine.com"
157.55.39.65 - - [04/Nov/2022:22:19:19 -0700] "GET /bio/heisen/heisen54.html HTTP/1.1" 404 88 "-" "Mozilla/5.0 AppleWebKit/537.36 (KHTML, like Gecko; compatible; bingbot/2.0; +http://www.bing.com/bingbot.htm) Chrome/103.0.5060.134 Safari/537.36" "ysfine.com"
40.86.101.254 - - [04/Nov/2022:22:19:30 -0700] "GET /wdc/koreaw33b.jpg HTTP/1.1" 200 39262 "http://ysfine.com/wdc" "Mozilla/5.0 (Macintosh; Intel Mac OS X 10_11_6) AppleWebKit/605.1.15 (KHTML, like Gecko) Version/11.1.2 Safari/605.1.15" "ysfine.com"
173.73.77.36 - - [04/Nov/2022:22:19:39 -0700] "GET /awards/marq.html HTTP/1.1" 200 3212 "-" "Mozilla/5.0 (Windows NT 10.0; Win64; x64) AppleWebKit/537.36 (KHTML, like Gecko) Chrome/107.0.0.0 Safari/537.36 Edg/107.0.1418.26" "ysfine.com"
20.29.110.168 - - [04/Nov/2022:22:19:46 -0700] "GET /friends/amstoch2.jpg HTTP/1.1" 404 88 "https://ysfine.com/friends" "Mozilla/5.0 (iPhone; CPU iPhone OS 13_5_1 like Mac OS X) AppleWebKit/605.1.15 (KHTML, like Gecko) Version/13.1.1 Mobile/15E148 Safari/604.1" "ysfine.com"
51.222.253.10 - - [04/Nov/2022:22:19:52 -0700] "GET /ysbio/class54/class5470/total_data/sub_322.htm HTTP/1.1" 200 3295 "-" "Mozilla/5.0 (compatible; AhrefsBot/7.0; +http://ahrefs.com/robot/)" "www.ysfine.com"
173.73.77.36 - - [04/Nov/2022:22:20:00 -0700] "GET /ysbio/kowar/tanks.html HTTP/1.1" 304 - "https://ysfine.com/ysbio/wdc/wasdc.html" "Mozilla/5.0 (Windows NT 10.0; Win64; x64) AppleWebKit/537.36 (KHTML, like Gecko) Chrome/107.0.0.0 Safari/537.36" "ysfine.com"
173.73.77.36 - - [04/Nov/2022:22:20:09 -0700] "GET /favicon.ico HTTP/1.1" 404 88 "https://ysfine.com/ys11/" "Mozilla/5.0 (Windows NT 10.0; Win64; x64) AppleWebKit/537.36 (KHTML, like Gecko) Chrome/107.0.0.0 Safari/537.36 Edg/107.0.1418.26" "ysfine.com"
112.210.229.49 - - [04/Nov/2022:22:20:09 -0700] "GET /maga/histo/oscar33.jpg HTTP/1.1" 200 140181 "https://www.google.com/" "Mozilla/5.0 (Windows NT 10.0; Win64; x64) AppleWebKit/537.36 (KHTML, like Gecko) Chrome/107.0.0.0 Safari/537.36" "ysfine.com"
157.55.39.17 - - [04/Nov/2022:22:20:22 -0700] "GET /world/germany/trier15.jpg HTTP/1.1" 200 287871 "-" "Mozilla/5.0 (compatible; bingbot/2.0; +http://www.bing.com/bingbot.htm)" "www.ysfine.com"
220.181.51.118 - - [04/Nov/2022:22:20:24 -0700] "GET /einstein/places/einha01.jpg HTTP/1.1" 200 75624 "-" "Mozilla/5.0 (Windows NT 10.0; WOW64) AppleWebKit/537.36 (KHTML, like Gecko) Chrome/48.0.2564.116 Safari/537.36" "ysfine.com"
220.181.51.92 - - [04/Nov/2022:22:20:27 -0700] "GET /robots.txt HTTP/1.1" 404 88 "-" "Mozilla/5.0 (Windows NT 10.0; WOW64) AppleWebKit/537.36 (KHTML, like Gecko) Chrome/48.0.2564.116 Safari/537.36" "ysfine.com"
116.179.33.205 - - [04/Nov/2022:22:20:50 -0700] "GET /einstein/places/einha01.jpg HTTP/1.1" 200 75624 "-" "Mozilla/5.0 (Windows NT 10.0; Win64; x64) AppleWebKit/537.36 (KHTML, like Gecko) Chrome/99.0.4844.51 Safari/537.36" "ysfine.com"
157.55.39.76 - - [04/Nov/2022:22:20:59 -0700] "GET /world/france/sartsq01b.jpg HTTP/1.1" 200 50069 "-" "Mozilla/5.0 AppleWebKit/537.36 (KHTML, like Gecko; compatible; bingbot/2.0; +http://www.bing.com/bingbot.htm) Chrome/103.0.5060.134 Safari/537.36" "www.ysfine.com"
40.77.167.71 - - [04/Nov/2022:22:21:03 -0700] "GET /sbk/2011rio11.jpg HTTP/1.1" 200 105331 "-" "Mozilla/5.0 AppleWebKit/537.36 (KHTML, like Gecko; compatible; bingbot/2.0; +http://www.bing.com/bingbot.htm) Chrome/103.0.5060.134 Safari/537.36" "ysfine.com"
20.29.110.170 - - [04/Nov/2022:22:21:04 -0700] "GET /world/russ/filippov01b.jpg HTTP/1.1" 200 45154 "https://ysfine.com/world/russ" "Mozilla/5.0 (Macintosh; Intel Mac OS X 10_11_6) AppleWebKit/605.1.15 (KHTML, like Gecko) Version/11.1.2 Safari/605.1.15" "ysfine.com"
210.107.223.61 - - [04/Nov/2022:22:21:30 -0700] "GET / HTTP/1.1" 200 5283 "-" "Mozilla/5.0 (Macintosh; Intel Mac OS X 10_15_7) AppleWebKit/605.1.15 (KHTML, like Gecko) Version/16.1 Safari/605.1.15" "ysfine.com"
210.107.223.61 - - [04/Nov/2022:22:21:31 -0700] "GET /home/top21d.jpg HTTP/1.1" 200 74409 "-" "Mozilla/5.0 (Macintosh; Intel Mac OS X 10_15_7) AppleWebKit/605.1.15 (KHTML, like Gecko) Version/16.1 Safari/605.1.15" "ysfine.com"
210.107.223.61 - - [04/Nov/2022:22:21:31 -0700] "GET /home/eink450.jpg HTTP/1.1" 200 66794 "-" "Mozilla/5.0 (Macintosh; Intel Mac OS X 10_15_7) AppleWebKit/605.1.15 (KHTML, like Gecko) Version/16.1 Safari/605.1.15" "ysfine.com"
210.107.223.61 - - [04/Nov/2022:22:21:31 -0700] "GET /home/washmo23d.jpg HTTP/1.1" 200 32142 "-" "Mozilla/5.0 (Macintosh; Intel Mac OS X 10_15_7) AppleWebKit/605.1.15 (KHTML, like Gecko) Version/16.1 Safari/605.1.15" "ysfine.com"
210.107.223.61 - - [04/Nov/2022:22:21:31 -0700] "GET /home/eindc03d.jpg HTTP/1.1" 200 95860 "-" "Mozilla/5.0 (Macintosh; Intel Mac OS X 10_15_7) AppleWebKit/605.1.15 (KHTML, like Gecko) Version/16.1 Safari/605.1.15" "ysfine.com"
210.107.223.61 - - [04/Nov/2022:22:21:31 -0700] "GET /home/goodbad450.jpg HTTP/1.1" 200 32258 "-" "Mozilla/5.0 (Macintosh; Intel Mac OS X 10_15_7) AppleWebKit/605.1.15 (KHTML, like Gecko) Version/16.1 Safari/605.1.15" "ysfine.com"
210.107.223.61 - - [04/Nov/2022:22:21:31 -0700] "GET /eink/ewk86f.jpg HTTP/1.1" 200 122173 "-" "Mozilla/5.0 (Macintosh; Intel Mac OS X 10_15_7) AppleWebKit/605.1.15 (KHTML, like Gecko) Version/16.1 Safari/605.1.15" "ysfine.com"
210.107.223.61 - - [04/Nov/2022:22:21:31 -0700] "GET /home/truck450.jpg HTTP/1.1" 200 42871 "-" "Mozilla/5.0 (Macintosh; Intel Mac OS X 10_15_7) AppleWebKit/605.1.15 (KHTML, like Gecko) Version/16.1 Safari/605.1.15" "ysfine.com"
210.107.223.61 - - [04/Nov/2022:22:21:31 -0700] "GET /home/facu450.jpg HTTP/1.1" 200 74535 "-" "Mozilla/5.0 (Macintosh; Intel Mac OS X 10_15_7) AppleWebKit/605.1.15 (KHTML, like Gecko) Version/16.1 Safari/605.1.15" "ysfine.com"
40.86.101.254 - - [04/Nov/2022:22:21:31 -0700] "GET /world/latina/rio073b.jpg HTTP/1.1" 200 38788 "http://ysfine.com/world/latina" "Mozilla/5.0 (Linux; Android 10; SM-G960U) AppleWebKit/537.36 (KHTML, like Gecko) Chrome/88.0.4324.181 Mobile Safari/537.36" "ysfine.com"
20.12.191.73 - - [04/Nov/2022:22:21:36 -0700] "GET /maga/phys/bohrheisen11b.jpg HTTP/1.1" 200 47511 "http://www.ysfine.com/maga/phys" "Mozilla/5.0 (Macintosh; Intel Mac OS X 10_11_6) AppleWebKit/605.1.15 (KHTML, like Gecko) Version/11.1.2 Safari/605.1.15" "www.ysfine.com"
157.55.39.17 - - [04/Nov/2022:22:21:43 -0700] "GET /ysbio/princeton/wilsonpr.html HTTP/1.1" 200 2777 "-" "Mozilla/5.0 AppleWebKit/537.36 (KHTML, like Gecko; compatible; bingbot/2.0; +http://www.bing.com/bingbot.htm) Chrome/103.0.5060.134 Safari/537.36" "ysfine.com"
157.55.39.76 - - [04/Nov/2022:22:22:09 -0700] "GET /awards/bridge22a.jpg HTTP/1.1" 200 78205 "-" "Mozilla/5.0 (compatible; bingbot/2.0; +http://www.bing.com/bingbot.htm)" "ysfine.com"
40.77.167.71 - - [04/Nov/2022:22:22:23 -0700] "GET /style/klauder33.jpg HTTP/1.1" 200 95986 "-" "Mozilla/5.0 AppleWebKit/537.36 (KHTML, like Gecko; compatible; bingbot/2.0; +http://www.bing.com/bingbot.htm) Chrome/103.0.5060.134 Safari/537.36" "ysfine.com"
20.106.27.173 - - [04/Nov/2022:22:22:25 -0700] "GET /princeton/gcollege61b.jpg HTTP/1.1" 200 31681 "https://ysfine.com/princeton" "Mozilla/5.0 (iPhone; CPU iPhone OS 13_5_1 like Mac OS X) AppleWebKit/605.1.15 (KHTML, like Gecko) Version/13.1.1 Mobile/15E148 Safari/604.1" "ysfine.com"
20.12.191.74 - - [04/Nov/2022:22:22:35 -0700] "GET /kowar/mil/driver2.jpg HTTP/1.1" 404 88 "http://ysfine.com/kowar/mil" "Mozilla/5.0 (Macintosh; Intel Mac OS X 10_11_6) AppleWebKit/605.1.15 (KHTML, like Gecko) Version/11.1.2 Safari/605.1.15" "ysfine.com"
40.77.167.71 - - [04/Nov/2022:22:22:45 -0700] "GET / HTTP/1.1" 200 5283 "-" "Mozilla/5.0 (compatible; bingbot/2.0; +http://www.bing.com/bingbot.htm)" "www.ysfine.com"
66.249.66.40 - - [04/Nov/2022:22:22:51 -0700] "GET /home/bio22.html HTTP/1.1" 404 88 "-" "Mozilla/5.0 (Linux; Android 6.0.1; Nexus 5X Build/MMB29P) AppleWebKit/537.36 (KHTML, like Gecko) Chrome/106.0.5249.119 Mobile Safari/537.36 (compatible; Googlebot/2.1; +http://www.google.com/bot.html)" "ysfine.com"
157.55.39.65 - - [04/Nov/2022:22:23:00 -0700] "GET /bio/style/ystyle.html HTTP/1.1" 404 88 "-" "Mozilla/5.0 AppleWebKit/537.36 (KHTML, like Gecko; compatible; bingbot/2.0; +http://www.bing.com/bingbot.htm) Chrome/103.0.5060.134 Safari/537.36" "ysfine.com"
20.106.27.209 - - [04/Nov/2022:22:23:08 -0700] "GET /beau/aline/airmongo11b.jpg HTTP/1.1" 404 88 "https://ysfine.com/beau/aline" "Mozilla/5.0 (Linux; Android 10; SM-G960U) AppleWebKit/537.36 (KHTML, like Gecko) Chrome/88.0.4324.181 Mobile Safari/537.36" "ysfine.com"
157.55.39.17 - - [04/Nov/2022:22:23:12 -0700] "GET /world/brit/sebiro01b.jpg HTTP/1.1" 200 46756 "-" "Mozilla/5.0 AppleWebKit/537.36 (KHTML, like Gecko; compatible; bingbot/2.0; +http://www.bing.com/bingbot.htm) Chrome/103.0.5060.134 Safari/537.36" "ysfine.com"
173.73.77.36 - - [04/Nov/2022:22:23:25 -0700] "GET /ysbio/yshome.html HTTP/1.1" 304 - "https://ysfine.com/ysbio/bio09.html" "Mozilla/5.0 (Windows NT 10.0; Win64; x64) AppleWebKit/537.36 (KHTML, like Gecko) Chrome/107.0.0.0 Safari/537.36 Edg/107.0.1418.26" "ysfine.com"
205.210.31.5 - - [04/Nov/2022:22:23:25 -0700] "GET / HTTP/1.1" 200 15910 "-" "Expanse, a Palo Alto Networks company, searches across the global IPv4 space multiple times per day to identify customers&#39; presences on the Internet. If you would like to be excluded from our scans, please send IP addresses/domains to: scaninfo@paloaltonetworks.com" "www.ysfine.com"
40.77.51.85 - - [04/Nov/2022:22:23:33 -0700] "GET /style/cameras/lumixsys55b.jpg HTTP/1.1" 200 31395 "http://ysfine.com/style/cameras" "Mozilla/5.0 (iPhone; CPU iPhone OS 13_5_1 like Mac OS X) AppleWebKit/605.1.15 (KHTML, like Gecko) Version/13.1.1 Mobile/15E148 Safari/604.1" "ysfine.com"
51.222.253.13 - - [04/Nov/2022:22:23:34 -0700] "GET /class54/class5480/Pictures/4.%C3%AA%C2%B8%C2%B0%C3%AB%C2%85%C2%90%C3%AC%C2%B4%C2%AC%C3%AC%C2%98%C2%81/?C=S;O=D HTTP/1.1" 200 962 "-" "Mozilla/5.0 (compatible; AhrefsBot/7.0; +http://ahrefs.com/robot/)" "ysfine.com"
20.29.110.168 - - [04/Nov/2022:22:23:47 -0700] "GET /home/yscoup11b.jpg HTTP/1.1" 200 34138 "https://ysfine.com/home" "Mozilla/5.0 (Linux; Android 10; SM-G960U) AppleWebKit/537.36 (KHTML, like Gecko) Chrome/88.0.4324.181 Mobile Safari/537.36" "ysfine.com"
13.67.224.13 - - [04/Nov/2022:22:23:57 -0700] "GET /world/germany/salzm05b.jpg HTTP/1.1" 200 52328 "http://ysfine.com/world/germany" "Mozilla/5.0 (X11; Linux x86_64) AppleWebKit/537.36 (KHTML, like Gecko) Chrome/74.0.3729.169 Safari/537.36" "ysfine.com"
157.55.39.65 - - [04/Nov/2022:22:23:59 -0700] "GET /world/china/china015.jpg HTTP/1.1" 200 208572 "-" "Mozilla/5.0 AppleWebKit/537.36 (KHTML, like Gecko; compatible; bingbot/2.0; +http://www.bing.com/bingbot.htm) Chrome/103.0.5060.134 Safari/537.36" "www.ysfine.com"
40.77.167.68 - - [04/Nov/2022:22:24:46 -0700] "GET /bio/eink/index.html HTTP/1.1" 404 88 "-" "Mozilla/5.0 AppleWebKit/537.36 (KHTML, like Gecko; compatible; bingbot/2.0; +http://www.bing.com/bingbot.htm) Chrome/103.0.5060.134 Safari/537.36" "ysfine.com"
20.29.110.170 - - [04/Nov/2022:22:24:46 -0700] "GET /wigner/eucylin55b.jpg HTTP/1.1" 200 38707 "https://ysfine.com/wigner" "Mozilla/5.0 (Windows NT 10.0; Win64; x64) AppleWebKit/537.36 (KHTML, like Gecko) Chrome/74.0.3729.157 Safari/537.36" "ysfine.com"
157.55.39.76 - - [04/Nov/2022:22:24:52 -0700] "GET /bio/sbk/1950.html HTTP/1.1" 404 88 "-" "Mozilla/5.0 (compatible; bingbot/2.0; +http://www.bing.com/bingbot.htm)" "ysfine.com"
120.74.56.39 - - [04/Nov/2022:22:25:43 -0700] "GET /wisdom/wk03.html HTTP/1.1" 200 85378 "https://www.google.com/" "Mozilla/5.0 (Macintosh; Intel Mac OS X 10_15_7) AppleWebKit/537.36 (KHTML, like Gecko) Chrome/107.0.0.0 Safari/537.36" "ysfine.com"
120.74.56.39 - - [04/Nov/2022:22:25:44 -0700] "GET /favicon.ico HTTP/1.1" 404 88 "https://ysfine.com/wisdom/wk03.html" "Mozilla/5.0 (Macintosh; Intel Mac OS X 10_15_7) AppleWebKit/537.36 (KHTML, like Gecko) Chrome/107.0.0.0 Safari/537.36" "ysfine.com"
40.77.167.71 - - [04/Nov/2022:22:25:55 -0700] "GET /bio/genea.html HTTP/1.1" 404 88 "-" "Mozilla/5.0 (compatible; bingbot/2.0; +http://www.bing.com/bingbot.htm)" "ysfine.com"
157.55.39.17 - - [04/Nov/2022:22:26:04 -0700] "GET /ysbio/maga/keigel22.html HTTP/1.1" 200 4929 "-" "Mozilla/5.0 (compatible; bingbot/2.0; +http://www.bing.com/bingbot.htm)" "ysfine.com"
157.55.39.76 - - [04/Nov/2022:22:26:10 -0700] "GET /wdc/kopol01.jpg HTTP/1.1" 200 70290 "-" "Mozilla/5.0 (compatible; bingbot/2.0; +http://www.bing.com/bingbot.htm)" "www.ysfine.com"
157.55.39.65 - - [04/Nov/2022:22:26:20 -0700] "GET /world/russ/roskei11b.jpg HTTP/1.1" 200 44463 "-" "Mozilla/5.0 AppleWebKit/537.36 (KHTML, like Gecko; compatible; bingbot/2.0; +http://www.bing.com/bingbot.htm) Chrome/103.0.5060.134 Safari/537.36" "www.ysfine.com"
40.86.101.254 - - [04/Nov/2022:22:26:48 -0700] "GET /feynman/jacdrum11b.jpg HTTP/1.1" 200 49846 "https://ysfine.com/feynman" "Mozilla/5.0 (Macintosh; Intel Mac OS X 10_11_6) AppleWebKit/605.1.15 (KHTML, like Gecko) Version/11.1.2 Safari/605.1.15" "ysfine.com"
40.122.230.190 - - [04/Nov/2022:22:27:01 -0700] "GET /newyork/radioci15b.jpg HTTP/1.1" 200 29962 "http://ysfine.com/newyork" "Mozilla/5.0 (X11; Linux x86_64) AppleWebKit/537.36 (KHTML, like Gecko) Chrome/74.0.3729.169 Safari/537.36" "ysfine.com"
40.77.167.27 - - [04/Nov/2022:22:27:41 -0700] "GET /ysbio/heisen/heisen05.html HTTP/1.1" 200 5136 "-" "Mozilla/5.0 AppleWebKit/537.36 (KHTML, like Gecko; compatible; bingbot/2.0; +http://www.bing.com/bingbot.htm) Chrome/103.0.5060.134 Safari/537.36" "ysfine.com"
51.222.253.20 - - [04/Nov/2022:22:28:06 -0700] "GET /class54/class5480/Pictures/4.%C3%AA%C2%B8%C2%B0%C3%AB%C2%85%C2%90%C3%AC%C2%B4%C2%AC%C3%AC%C2%98%C2%81/?C=M;O=D HTTP/1.1" 200 985 "-" "Mozilla/5.0 (compatible; AhrefsBot/7.0; +http://ahrefs.com/robot/)" "ysfine.com"
40.122.227.200 - - [04/Nov/2022:22:28:25 -0700] "GET /people/wheegris2.jpg HTTP/1.1" 200 31718 "https://ysfine.com/people" "Mozilla/5.0 (Macintosh; Intel Mac OS X 10_11_6) AppleWebKit/605.1.15 (KHTML, like Gecko) Version/11.1.2 Safari/605.1.15" "ysfine.com"
20.109.241.80 - - [04/Nov/2022:22:29:05 -0700] "GET /world/ital/venicej02b.jpg HTTP/1.1" 200 42128 "http://ysfine.com/world/ital" "Mozilla/5.0 (iPhone; CPU iPhone OS 13_5_1 like Mac OS X) AppleWebKit/605.1.15 (KHTML, like Gecko) Version/13.1.1 Mobile/15E148 Safari/604.1" "ysfine.com"
173.73.77.36 - - [04/Nov/2022:22:29:27 -0700] "GET /ysbio/bio09.html HTTP/1.1" 200 3617 "https://ysfine.com/ys11/" "Mozilla/5.0 (Windows NT 10.0; Win64; x64) AppleWebKit/537.36 (KHTML, like Gecko) Chrome/107.0.0.0 Safari/537.36 Edg/107.0.1418.26" "ysfine.com"
77.88.5.245 - - [04/Nov/2022:22:29:33 -0700] "GET /robots.txt HTTP/1.1" 404 73 "-" "Mozilla/5.0 (compatible; YandexBot/3.0; +http://yandex.com/bots)" "www.ysfine.com"
13.67.224.12 - - [04/Nov/2022:22:29:36 -0700] "GET /einstein/locoher11b.jpg HTTP/1.1" 200 46469 "http://ysfine.com/einstein" "Mozilla/5.0 (Windows NT 10.0; Win64; x64) AppleWebKit/537.36 (KHTML, like Gecko) Chrome/74.0.3729.157 Safari/537.36" "ysfine.com"
93.158.161.40 - - [04/Nov/2022:22:29:37 -0700] "GET /bio/maga/phil/herod33.jpg HTTP/1.1" 404 88 "-" "Mozilla/5.0 (compatible; YandexImages/3.0; +http://yandex.com/bots)" "www.ysfine.com"
40.122.227.201 - - [04/Nov/2022:22:29:45 -0700] "GET /philo/kant05c.jpg HTTP/1.1" 200 29443 "https://ysfine.com/philo" "Mozilla/5.0 (Windows NT 10.0; Win64; x64) AppleWebKit/537.36 (KHTML, like Gecko) Chrome/74.0.3729.157 Safari/537.36" "ysfine.com"
77.88.5.245 - - [04/Nov/2022:22:30:12 -0700] "GET /robots.txt HTTP/1.1" 404 73 "-" "Mozilla/5.0 (compatible; YandexBot/3.0; +http://yandex.com/bots)" "ysfine.com"
93.158.161.40 - - [04/Nov/2022:22:30:16 -0700] "GET /world/russ/ruble11b.jpg HTTP/1.1" 200 45878 "-" "Mozilla/5.0 (compatible; YandexImages/3.0; +http://yandex.com/bots)" "ysfine.com"
40.122.230.190 - - [04/Nov/2022:22:30:20 -0700] "GET /world/russ/khabarovsk11b.jpg HTTP/1.1" 200 31203 "https://ysfine.com/world/russ" "Mozilla/5.0 (iPhone; CPU iPhone OS 13_5_1 like Mac OS X) AppleWebKit/605.1.15 (KHTML, like Gecko) Version/13.1.1 Mobile/15E148 Safari/604.1" "ysfine.com"
40.77.167.68 - - [04/Nov/2022:22:30:26 -0700] "GET /bio/awards/index.html HTTP/1.1" 404 88 "-" "Mozilla/5.0 AppleWebKit/537.36 (KHTML, like Gecko; compatible; bingbot/2.0; +http://www.bing.com/bingbot.htm) Chrome/103.0.5060.134 Safari/537.36" "ysfine.com"
114.119.128.142 - - [04/Nov/2022:22:30:43 -0700] "GET /maga/phys/volkova.html HTTP/1.1" 200 357 "https://www.ysfine.com/maga/landau.html" "Mozilla/5.0 (Linux; Android 7.0;) AppleWebKit/537.36 (KHTML, like Gecko) Mobile Safari/537.36 (compatible; PetalBot;+https://webmaster.petalsearch.com/site/petalbot)" "www.ysfine.com"
40.77.167.68 - - [04/Nov/2022:22:30:46 -0700] "GET /style/hibari22.jpg HTTP/1.1" 200 72859 "-" "Mozilla/5.0 AppleWebKit/537.36 (KHTML, like Gecko; compatible; bingbot/2.0; +http://www.bing.com/bingbot.htm) Chrome/103.0.5060.134 Safari/537.36" "ysfine.com"
173.73.77.36 - - [04/Nov/2022:22:30:48 -0700] "GET /ys11/ HTTP/1.1" 304 - "-" "Mozilla/5.0 (Windows NT 10.0; Win64; x64) AppleWebKit/537.36 (KHTML, like Gecko) Chrome/107.0.0.0 Safari/537.36" "ysfine.com"
173.73.77.36 - - [04/Nov/2022:22:30:49 -0700] "GET /favicon.ico HTTP/1.1" 404 88 "https://ysfine.com/ys11/" "Mozilla/5.0 (Windows NT 10.0; Win64; x64) AppleWebKit/537.36 (KHTML, like Gecko) Chrome/107.0.0.0 Safari/537.36" "ysfine.com"
173.73.77.36 - - [04/Nov/2022:22:30:52 -0700] "GET /ysbio/bio09.html HTTP/1.1" 200 3617 "https://ysfine.com/ys11/" "Mozilla/5.0 (Windows NT 10.0; Win64; x64) AppleWebKit/537.36 (KHTML, like Gecko) Chrome/107.0.0.0 Safari/537.36" "ysfine.com"
173.73.77.36 - - [04/Nov/2022:22:30:52 -0700] "GET /ysbio/philo/hegelhaus11c.jpg HTTP/1.1" 200 37063 "https://ysfine.com/ysbio/bio09.html" "Mozilla/5.0 (Windows NT 10.0; Win64; x64) AppleWebKit/537.36 (KHTML, like Gecko) Chrome/107.0.0.0 Safari/537.36" "ysfine.com"
173.73.77.36 - - [04/Nov/2022:22:30:52 -0700] "GET /ysbio/figs/keigel66a.jpg HTTP/1.1" 200 46958 "https://ysfine.com/ysbio/bio09.html" "Mozilla/5.0 (Windows NT 10.0; Win64; x64) AppleWebKit/537.36 (KHTML, like Gecko) Chrome/107.0.0.0 Safari/537.36" "ysfine.com"
173.73.77.36 - - [04/Nov/2022:22:30:52 -0700] "GET /ysbio/fotos/reagan52c.jpg HTTP/1.1" 200 32391 "https://ysfine.com/ysbio/bio09.html" "Mozilla/5.0 (Windows NT 10.0; Win64; x64) AppleWebKit/537.36 (KHTML, like Gecko) Chrome/107.0.0.0 Safari/537.36" "ysfine.com"
173.73.77.36 - - [04/Nov/2022:22:30:52 -0700] "GET /ysbio/philo/kant33c.jpg HTTP/1.1" 200 47218 "https://ysfine.com/ysbio/bio09.html" "Mozilla/5.0 (Windows NT 10.0; Win64; x64) AppleWebKit/537.36 (KHTML, like Gecko) Chrome/107.0.0.0 Safari/537.36" "ysfine.com"
40.77.167.71 - - [04/Nov/2022:22:30:54 -0700] "GET /world/china/shanghai058.jpg HTTP/1.1" 200 97242 "-" "Mozilla/5.0 AppleWebKit/537.36 (KHTML, like Gecko; compatible; bingbot/2.0; +http://www.bing.com/bingbot.htm) Chrome/103.0.5060.134 Safari/537.36" "ysfine.com"
20.106.27.209 - - [04/Nov/2022:22:31:35 -0700] "GET /world/brit/oxlon03b.jpg HTTP/1.1" 200 49441 "https://ysfine.com/world/brit" "Mozilla/5.0 (Windows NT 10.0; Win64; x64) AppleWebKit/537.36 (KHTML, like Gecko) Chrome/74.0.3729.157 Safari/537.36" "ysfine.com"
40.77.167.71 - - [04/Nov/2022:22:31:36 -0700] "GET /ysbio/wisdom/quovadis.html HTTP/1.1" 200 3582 "-" "Mozilla/5.0 AppleWebKit/537.36 (KHTML, like Gecko; compatible; bingbot/2.0; +http://www.bing.com/bingbot.htm) Chrome/103.0.5060.134 Safari/537.36" "ysfine.com"
157.55.39.17 - - [04/Nov/2022:22:31:44 -0700] "GET /bio/einstein/bern.html HTTP/1.1" 404 88 "-" "Mozilla/5.0 AppleWebKit/537.36 (KHTML, like Gecko; compatible; bingbot/2.0; +http://www.bing.com/bingbot.htm) Chrome/103.0.5060.134 Safari/537.36" "ysfine.com"
40.77.167.71 - - [04/Nov/2022:22:31:44 -0700] "GET /class54/campus07.jpg HTTP/1.1" 200 750004 "-" "Mozilla/5.0 AppleWebKit/537.36 (KHTML, like Gecko; compatible; bingbot/2.0; +http://www.bing.com/bingbot.htm) Chrome/103.0.5060.134 Safari/537.36" "www.ysfine.com"
13.67.224.14 - - [04/Nov/2022:22:31:55 -0700] "GET /einstein/fantova/fanto11b.jpg HTTP/1.1" 200 52186 "http://www.ysfine.com/einstein/fantova" "Mozilla/5.0 (X11; Linux x86_64) AppleWebKit/537.36 (KHTML, like Gecko) Chrome/74.0.3729.169 Safari/537.36" "www.ysfine.com"
157.55.39.65 - - [04/Nov/2022:22:32:20 -0700] "GET /maga/invent/wright03.jpg HTTP/1.1" 200 123402 "-" "Mozilla/5.0 (compatible; bingbot/2.0; +http://www.bing.com/bingbot.htm)" "www.ysfine.com"
157.55.39.65 - - [04/Nov/2022:22:32:20 -0700] "GET /bio/maga/mellon.html HTTP/1.1" 404 88 "-" "Mozilla/5.0 (compatible; bingbot/2.0; +http://www.bing.com/bingbot.htm)" "ysfine.com"
173.73.77.36 - - [04/Nov/2022:22:32:31 -0700] "GET /ysbio/einstein/einkant.html HTTP/1.1" 200 1812 "https://ysfine.com/ysbio/bio09.html" "Mozilla/5.0 (Windows NT 10.0; Win64; x64) AppleWebKit/537.36 (KHTML, like Gecko) Chrome/107.0.0.0 Safari/537.36" "ysfine.com"
173.73.77.36 - - [04/Nov/2022:22:32:42 -0700] "GET /ysbio/philo/hegel.html HTTP/1.1" 200 5090 "https://ysfine.com/ysbio/bio09.html" "Mozilla/5.0 (Windows NT 10.0; Win64; x64) AppleWebKit/537.36 (KHTML, like Gecko) Chrome/107.0.0.0 Safari/537.36" "ysfine.com"
173.73.77.36 - - [04/Nov/2022:22:32:42 -0700] "GET /ysbio/people/sbtwein2.jpg HTTP/1.1" 404 88 "https://ysfine.com/ysbio/philo/hegel.html" "Mozilla/5.0 (Windows NT 10.0; Win64; x64) AppleWebKit/537.36 (KHTML, like Gecko) Chrome/107.0.0.0 Safari/537.36" "ysfine.com"
173.73.77.36 - - [04/Nov/2022:22:32:42 -0700] "GET /ysbio/feynman/feyn86b.jpg HTTP/1.1" 200 26190 "https://ysfine.com/ysbio/philo/hegel.html" "Mozilla/5.0 (Windows NT 10.0; Win64; x64) AppleWebKit/537.36 (KHTML, like Gecko) Chrome/107.0.0.0 Safari/537.36" "ysfine.com"
173.73.77.36 - - [04/Nov/2022:22:32:42 -0700] "GET /maga/phys/maxwell02b.jpg HTTP/1.1" 200 43279 "https://ysfine.com/ysbio/philo/hegel.html" "Mozilla/5.0 (Windows NT 10.0; Win64; x64) AppleWebKit/537.36 (KHTML, like Gecko) Chrome/107.0.0.0 Safari/537.36" "ysfine.com"
173.73.77.36 - - [04/Nov/2022:22:32:42 -0700] "GET /ysbio/world/germany/hegel04b.jpg HTTP/1.1" 200 45635 "https://ysfine.com/ysbio/philo/hegel.html" "Mozilla/5.0 (Windows NT 10.0; Win64; x64) AppleWebKit/537.36 (KHTML, like Gecko) Chrome/107.0.0.0 Safari/537.36" "ysfine.com"
173.73.77.36 - - [04/Nov/2022:22:32:42 -0700] "GET /ysbio/home/comet01b.jpg HTTP/1.1" 404 88 "https://ysfine.com/ysbio/philo/hegel.html" "Mozilla/5.0 (Windows NT 10.0; Win64; x64) AppleWebKit/537.36 (KHTML, like Gecko) Chrome/107.0.0.0 Safari/537.36" "ysfine.com"
173.73.77.36 - - [04/Nov/2022:22:32:42 -0700] "GET /ysbio/world/germany/hegel21b.jpg HTTP/1.1" 200 52348 "https://ysfine.com/ysbio/philo/hegel.html" "Mozilla/5.0 (Windows NT 10.0; Win64; x64) AppleWebKit/537.36 (KHTML, like Gecko) Chrome/107.0.0.0 Safari/537.36" "ysfine.com"
173.73.77.36 - - [04/Nov/2022:22:32:42 -0700] "GET /ysbio/world/germany/hegel01b.jpg HTTP/1.1" 200 31600 "https://ysfine.com/ysbio/philo/hegel.html" "Mozilla/5.0 (Windows NT 10.0; Win64; x64) AppleWebKit/537.36 (KHTML, like Gecko) Chrome/107.0.0.0 Safari/537.36" "ysfine.com"
173.73.77.36 - - [04/Nov/2022:22:32:42 -0700] "GET /ysbio/world/germany/hegel09b.jpg HTTP/1.1" 200 46010 "https://ysfine.com/ysbio/philo/hegel.html" "Mozilla/5.0 (Windows NT 10.0; Win64; x64) AppleWebKit/537.36 (KHTML, like Gecko) Chrome/107.0.0.0 Safari/537.36" "ysfine.com"
173.73.77.36 - - [04/Nov/2022:22:32:42 -0700] "GET /ysbio/world/germany/hegel03b.jpg HTTP/1.1" 200 61436 "https://ysfine.com/ysbio/philo/hegel.html" "Mozilla/5.0 (Windows NT 10.0; Win64; x64) AppleWebKit/537.36 (KHTML, like Gecko) Chrome/107.0.0.0 Safari/537.36" "ysfine.com"
51.222.253.7 - - [04/Nov/2022:22:32:46 -0700] "GET /ysbio/class54/class5470/total_data/sub_343.htm HTTP/1.1" 200 3310 "-" "Mozilla/5.0 (compatible; AhrefsBot/7.0; +http://ahrefs.com/robot/)" "www.ysfine.com"
51.222.253.14 - - [04/Nov/2022:22:32:50 -0700] "GET /ysbio/class54/class5470/total_data/img/sm04_on.gif HTTP/1.1" 200 392 "-" "Mozilla/5.0 (compatible; AhrefsBot/7.0; +http://ahrefs.com/robot/)" "www.ysfine.com"
51.222.253.15 - - [04/Nov/2022:22:32:51 -0700] "GET /ysbio/class54/class5470/total_data/images/mb.css HTTP/1.1" 404 88 "-" "Mozilla/5.0 (compatible; AhrefsBot/7.0; +http://ahrefs.com/robot/)" "www.ysfine.com"
51.222.253.17 - - [04/Nov/2022:22:32:51 -0700] "GET /ysbio/class54/class5470/total_data/refer_img/3-51_f.jpg HTTP/1.1" 200 22369 "-" "Mozilla/5.0 (compatible; AhrefsBot/7.0; +http://ahrefs.com/robot/)" "www.ysfine.com"
20.29.110.170 - - [04/Nov/2022:22:32:53 -0700] "GET /class54/hamako11c.jpg HTTP/1.1" 200 21075 "https://ysfine.com/class54" "Mozilla/5.0 (iPhone; CPU iPhone OS 13_5_1 like Mac OS X) AppleWebKit/605.1.15 (KHTML, like Gecko) Version/13.1.1 Mobile/15E148 Safari/604.1" "ysfine.com"
51.222.253.15 - - [04/Nov/2022:22:32:56 -0700] "GET /ysbio/class54/class5470/total_data/refer_img/3-61_f.jpg HTTP/1.1" 200 29648 "-" "Mozilla/5.0 (compatible; AhrefsBot/7.0; +http://ahrefs.com/robot/)" "www.ysfine.com"
40.77.167.27 - - [04/Nov/2022:22:33:01 -0700] "GET /world/russ/volga20.jpg HTTP/1.1" 200 98893 "-" "Mozilla/5.0 AppleWebKit/537.36 (KHTML, like Gecko; compatible; bingbot/2.0; +http://www.bing.com/bingbot.htm) Chrome/103.0.5060.134 Safari/537.36" "ysfine.com"
51.222.253.20 - - [04/Nov/2022:22:33:02 -0700] "GET /ysbio/class54/class5470/total_data/img/sm01_on.gif HTTP/1.1" 200 382 "-" "Mozilla/5.0 (compatible; AhrefsBot/7.0; +http://ahrefs.com/robot/)" "www.ysfine.com"
51.222.253.9 - - [04/Nov/2022:22:33:02 -0700] "GET /ysbio/class54/class5470/total_data/img/menu05_on.gif HTTP/1.1" 200 691 "-" "Mozilla/5.0 (compatible; AhrefsBot/7.0; +http://ahrefs.com/robot/)" "www.ysfine.com"
51.222.253.13 - - [04/Nov/2022:22:33:07 -0700] "GET /ysbio/class54/class5470/total_data/photo_img/3-43.jpg HTTP/1.1" 200 160770 "-" "Mozilla/5.0 (compatible; AhrefsBot/7.0; +http://ahrefs.com/robot/)" "www.ysfine.com"
51.222.253.14 - - [04/Nov/2022:22:33:14 -0700] "GET /ysbio/class54/class5470/total_data/refer_img/3-56_f.jpg HTTP/1.1" 200 26641 "-" "Mozilla/5.0 (compatible; AhrefsBot/7.0; +http://ahrefs.com/robot/)" "www.ysfine.com"
51.222.253.7 - - [04/Nov/2022:22:33:19 -0700] "GET /ysbio/class54/class5470/total_data/refer_img/3-60_f.jpg HTTP/1.1" 200 35134 "-" "Mozilla/5.0 (compatible; AhrefsBot/7.0; +http://ahrefs.com/robot/)" "www.ysfine.com"
20.29.110.169 - - [04/Nov/2022:22:33:23 -0700] "GET /world/russ/itep22b.jpg HTTP/1.1" 200 33508 "https://ysfine.com/world/russ" "Mozilla/5.0 (Linux; Android 10; SM-G960U) AppleWebKit/537.36 (KHTML, like Gecko) Chrome/88.0.4324.181 Mobile Safari/537.36" "ysfine.com"
51.222.253.20 - - [04/Nov/2022:22:33:25 -0700] "GET /ysbio/class54/class5470/total_data/img/menu06_on.gif HTTP/1.1" 200 624 "-" "Mozilla/5.0 (compatible; AhrefsBot/7.0; +http://ahrefs.com/robot/)" "www.ysfine.com"
51.222.253.12 - - [04/Nov/2022:22:33:25 -0700] "GET /ysbio/class54/class5470/total_data/img/03_smtitle21.gif HTTP/1.1" 200 706 "-" "Mozilla/5.0 (compatible; AhrefsBot/7.0; +http://ahrefs.com/robot/)" "www.ysfine.com"
51.222.253.1 - - [04/Nov/2022:22:33:30 -0700] "GET /ysbio/class54/class5470/total_data/refer_img/3-44_f.jpg HTTP/1.1" 200 28533 "-" "Mozilla/5.0 (compatible; AhrefsBot/7.0; +http://ahrefs.com/robot/)" "www.ysfine.com"
40.77.167.71 - - [04/Nov/2022:22:33:35 -0700] "GET /world/germany/dresden01b.jpg HTTP/1.1" 200 27720 "-" "Mozilla/5.0 (compatible; bingbot/2.0; +http://www.bing.com/bingbot.htm)" "www.ysfine.com"
51.222.253.19 - - [04/Nov/2022:22:33:36 -0700] "GET /ysbio/class54/class5470/total_data/refer_img/3-54_f.jpg HTTP/1.1" 200 32041 "-" "Mozilla/5.0 (compatible; AhrefsBot/7.0; +http://ahrefs.com/robot/)" "www.ysfine.com"
51.222.253.4 - - [04/Nov/2022:22:33:41 -0700] "GET /ysbio/class54/class5470/total_data/refer_img/3-55_f.jpg HTTP/1.1" 200 26683 "-" "Mozilla/5.0 (compatible; AhrefsBot/7.0; +http://ahrefs.com/robot/)" "www.ysfine.com"
51.222.253.9 - - [04/Nov/2022:22:33:48 -0700] "GET /ysbio/class54/class5470/total_data/img/sm02_on.gif HTTP/1.1" 200 399 "-" "Mozilla/5.0 (compatible; AhrefsBot/7.0; +http://ahrefs.com/robot/)" "www.ysfine.com"
51.222.253.6 - - [04/Nov/2022:22:33:49 -0700] "GET /ysbio/class54/class5470/total_data/img/menu07_on.gif HTTP/1.1" 200 578 "-" "Mozilla/5.0 (compatible; AhrefsBot/7.0; +http://ahrefs.com/robot/)" "www.ysfine.com"
51.222.253.17 - - [04/Nov/2022:22:33:49 -0700] "GET /ysbio/class54/class5470/total_data/refer_img/3-49_f.jpg HTTP/1.1" 200 21070 "-" "Mozilla/5.0 (compatible; AhrefsBot/7.0; +http://ahrefs.com/robot/)" "www.ysfine.com"
40.122.227.200 - - [04/Nov/2022:22:33:49 -0700] "GET /world/brit/lonstore02.jpg HTTP/1.1" 200 75273 "https://ysfine.com/world/brit" "Mozilla/5.0 (X11; Linux x86_64) AppleWebKit/537.36 (KHTML, like Gecko) Chrome/74.0.3729.169 Safari/537.36" "ysfine.com"
157.55.39.76 - - [04/Nov/2022:22:33:51 -0700] "GET /ysbio/maga/bohrdc.html HTTP/1.1" 200 4181 "-" "Mozilla/5.0 (compatible; bingbot/2.0; +http://www.bing.com/bingbot.htm)" "ysfine.com"
51.222.253.1 - - [04/Nov/2022:22:33:54 -0700] "GET /ysbio/class54/class5470/total_data/img/menu08_on.gif HTTP/1.1" 200 813 "-" "Mozilla/5.0 (compatible; AhrefsBot/7.0; +http://ahrefs.com/robot/)" "www.ysfine.com"
51.222.253.18 - - [04/Nov/2022:22:33:55 -0700] "GET /ysbio/class54/class5470/total_data/img/menu02_on.gif HTTP/1.1" 200 782 "-" "Mozilla/5.0 (compatible; AhrefsBot/7.0; +http://ahrefs.com/robot/)" "www.ysfine.com"
40.77.167.27 - - [04/Nov/2022:22:33:56 -0700] "GET /people/noz03.jpg HTTP/1.1" 200 45269 "-" "Mozilla/5.0 (compatible; bingbot/2.0; +http://www.bing.com/bingbot.htm)" "ysfine.com"
20.12.191.74 - - [04/Nov/2022:22:33:58 -0700] "GET /world/ital/venicej02b.jpg HTTP/1.1" 200 42128 "https://ysfine.com/world/ital" "Mozilla/5.0 (Windows NT 10.0; Win64; x64) AppleWebKit/537.36 (KHTML, like Gecko) Chrome/74.0.3729.157 Safari/537.36" "ysfine.com"
51.222.253.9 - - [04/Nov/2022:22:34:00 -0700] "GET /ysbio/class54/class5470/total_data/img/02_schooldays.gif HTTP/1.1" 200 987 "-" "Mozilla/5.0 (compatible; AhrefsBot/7.0; +http://ahrefs.com/robot/)" "www.ysfine.com"
51.222.253.20 - - [04/Nov/2022:22:34:05 -0700] "GET /ysbio/class54/class5470/total_data/refer_img/3-46_f.jpg HTTP/1.1" 200 25588 "-" "Mozilla/5.0 (compatible; AhrefsBot/7.0; +http://ahrefs.com/robot/)" "www.ysfine.com"
106.102.142.206 - - [04/Nov/2022:22:34:10 -0700] "GET /wisdom/bigpower01.jpg HTTP/1.1" 200 77902 "https://www.google.com/" "Mozilla/5.0 (Linux; Android 10; SM-F907N) AppleWebKit/537.36 (KHTML, like Gecko) Chrome/107.0.0.0 Mobile Safari/537.36" "ysfine.com"
51.222.253.6 - - [04/Nov/2022:22:34:10 -0700] "GET /ysbio/class54/class5470/total_data/img/menu01_on.gif HTTP/1.1" 200 688 "-" "Mozilla/5.0 (compatible; AhrefsBot/7.0; +http://ahrefs.com/robot/)" "www.ysfine.com"
173.73.77.36 - - [04/Nov/2022:22:34:15 -0700] "GET /ysbio/world/baltic/arana.html HTTP/1.1" 200 3961 "https://ysfine.com/ysbio/einstein/einkant.html" "Mozilla/5.0 (Windows NT 10.0; Win64; x64) AppleWebKit/537.36 (KHTML, like Gecko) Chrome/107.0.0.0 Safari/537.36" "ysfine.com"
173.73.77.36 - - [04/Nov/2022:22:34:15 -0700] "GET /ysbio/world/baltic/kalinmap33b.jpg HTTP/1.1" 200 33290 "https://ysfine.com/ysbio/world/baltic/arana.html" "Mozilla/5.0 (Windows NT 10.0; Win64; x64) AppleWebKit/537.36 (KHTML, like Gecko) Chrome/107.0.0.0 Safari/537.36" "ysfine.com"
51.222.253.18 - - [04/Nov/2022:22:34:15 -0700] "GET /ysbio/class54/class5470/total_data/img/menu03_on.gif HTTP/1.1" 200 600 "-" "Mozilla/5.0 (compatible; AhrefsBot/7.0; +http://ahrefs.com/robot/)" "www.ysfine.com"
51.222.253.10 - - [04/Nov/2022:22:34:15 -0700] "GET /ysbio/class54/class5470/total_data/refer_img/3-45_f.jpg HTTP/1.1" 200 24684 "-" "Mozilla/5.0 (compatible; AhrefsBot/7.0; +http://ahrefs.com/robot/)" "www.ysfine.com"
51.222.253.11 - - [04/Nov/2022:22:34:21 -0700] "GET /ysbio/class54/class5470/total_data/refer_img/3-58_f.jpg HTTP/1.1" 200 27702 "-" "Mozilla/5.0 (compatible; AhrefsBot/7.0; +http://ahrefs.com/robot/)" "www.ysfine.com"
51.222.253.15 - - [04/Nov/2022:22:34:22 -0700] "GET /ysbio/class54/class5470/total_data/img/03_title.gif HTTP/1.1" 200 5602 "-" "Mozilla/5.0 (compatible; AhrefsBot/7.0; +http://ahrefs.com/robot/)" "www.ysfine.com"
220.108.77.118 - - [04/Nov/2022:22:34:24 -0700] "GET /fbook/einstein.html HTTP/1.1" 200 3545 "https://www.google.com/" "Mozilla/5.0 (Windows NT 10.0; Win64; x64) AppleWebKit/537.36 (KHTML, like Gecko) Chrome/107.0.0.0 Safari/537.36" "ysfine.com"
220.108.77.118 - - [04/Nov/2022:22:34:24 -0700] "GET /fbook/einfine33a.jpg HTTP/1.1" 200 70535 "https://ysfine.com/fbook/einstein.html" "Mozilla/5.0 (Windows NT 10.0; Win64; x64) AppleWebKit/537.36 (KHTML, like Gecko) Chrome/107.0.0.0 Safari/537.36" "ysfine.com"
220.108.77.118 - - [04/Nov/2022:22:34:24 -0700] "GET /fbook/einhouse22a.jpg HTTP/1.1" 200 64840 "https://ysfine.com/fbook/einstein.html" "Mozilla/5.0 (Windows NT 10.0; Win64; x64) AppleWebKit/537.36 (KHTML, like Gecko) Chrome/107.0.0.0 Safari/537.36" "ysfine.com"
220.108.77.118 - - [04/Nov/2022:22:34:24 -0700] "GET /fbook/einxmas22a.jpg HTTP/1.1" 200 89626 "https://ysfine.com/fbook/einstein.html" "Mozilla/5.0 (Windows NT 10.0; Win64; x64) AppleWebKit/537.36 (KHTML, like Gecko) Chrome/107.0.0.0 Safari/537.36" "ysfine.com"
220.108.77.118 - - [04/Nov/2022:22:34:25 -0700] "GET /fbook/einwalk77a.jpg HTTP/1.1" 200 83258 "https://ysfine.com/fbook/einstein.html" "Mozilla/5.0 (Windows NT 10.0; Win64; x64) AppleWebKit/537.36 (KHTML, like Gecko) Chrome/107.0.0.0 Safari/537.36" "ysfine.com"
220.108.77.118 - - [04/Nov/2022:22:34:26 -0700] "GET /fbook/einpr11a.jpg HTTP/1.1" 200 81297 "https://ysfine.com/fbook/einstein.html" "Mozilla/5.0 (Windows NT 10.0; Win64; x64) AppleWebKit/537.36 (KHTML, like Gecko) Chrome/107.0.0.0 Safari/537.36" "ysfine.com"
51.222.253.11 - - [04/Nov/2022:22:34:27 -0700] "GET /ysbio/class54/class5470/total_data/img/sm03_off.gif HTTP/1.1" 200 429 "-" "Mozilla/5.0 (compatible; AhrefsBot/7.0; +http://ahrefs.com/robot/)" "www.ysfine.com"
51.222.253.20 - - [04/Nov/2022:22:34:27 -0700] "GET /ysbio/class54/class5470/total_data/img/03_smline.gif HTTP/1.1" 200 3214 "-" "Mozilla/5.0 (compatible; AhrefsBot/7.0; +http://ahrefs.com/robot/)" "www.ysfine.com"
51.222.253.17 - - [04/Nov/2022:22:34:28 -0700] "GET /ysbio/class54/class5470/total_data/refer_img/3-52_f.jpg HTTP/1.1" 200 23531 "-" "Mozilla/5.0 (compatible; AhrefsBot/7.0; +http://ahrefs.com/robot/)" "www.ysfine.com"
51.222.253.7 - - [04/Nov/2022:22:34:33 -0700] "GET /ysbio/class54/class5470/total_data/refer_img/3-48_f.jpg HTTP/1.1" 200 25331 "-" "Mozilla/5.0 (compatible; AhrefsBot/7.0; +http://ahrefs.com/robot/)" "www.ysfine.com"
173.73.77.36 - - [04/Nov/2022:22:34:34 -0700] "GET /ysbio/world/kalinin.html HTTP/1.1" 200 9595 "https://ysfine.com/ysbio/einstein/einkant.html" "Mozilla/5.0 (Windows NT 10.0; Win64; x64) AppleWebKit/537.36 (KHTML, like Gecko) Chrome/107.0.0.0 Safari/537.36" "ysfine.com"
173.73.77.36 - - [04/Nov/2022:22:34:34 -0700] "GET /ysbio/world/baltic/kalin05b.jpg HTTP/1.1" 200 48785 "https://ysfine.com/ysbio/world/kalinin.html" "Mozilla/5.0 (Windows NT 10.0; Win64; x64) AppleWebKit/537.36 (KHTML, like Gecko) Chrome/107.0.0.0 Safari/537.36" "ysfine.com"
173.73.77.36 - - [04/Nov/2022:22:34:34 -0700] "GET /ysbio/world/baltic/kalin30b.jpg HTTP/1.1" 200 39566 "https://ysfine.com/ysbio/world/kalinin.html" "Mozilla/5.0 (Windows NT 10.0; Win64; x64) AppleWebKit/537.36 (KHTML, like Gecko) Chrome/107.0.0.0 Safari/537.36" "ysfine.com"
173.73.77.36 - - [04/Nov/2022:22:34:34 -0700] "GET /ysbio/world/baltic/kalin11b.jpg HTTP/1.1" 200 32717 "https://ysfine.com/ysbio/world/kalinin.html" "Mozilla/5.0 (Windows NT 10.0; Win64; x64) AppleWebKit/537.36 (KHTML, like Gecko) Chrome/107.0.0.0 Safari/537.36" "ysfine.com"
173.73.77.36 - - [04/Nov/2022:22:34:34 -0700] "GET /ysbio/world/baltic/kalin03b.jpg HTTP/1.1" 200 47262 "https://ysfine.com/ysbio/world/kalinin.html" "Mozilla/5.0 (Windows NT 10.0; Win64; x64) AppleWebKit/537.36 (KHTML, like Gecko) Chrome/107.0.0.0 Safari/537.36" "ysfine.com"
173.73.77.36 - - [04/Nov/2022:22:34:34 -0700] "GET /ysbio/world/baltic/kantstatue2.jpg HTTP/1.1" 200 50639 "https://ysfine.com/ysbio/world/kalinin.html" "Mozilla/5.0 (Windows NT 10.0; Win64; x64) AppleWebKit/537.36 (KHTML, like Gecko) Chrome/107.0.0.0 Safari/537.36" "ysfine.com"
173.73.77.36 - - [04/Nov/2022:22:34:34 -0700] "GET /ysbio/world/baltic/kantruss2.jpg HTTP/1.1" 200 49309 "https://ysfine.com/ysbio/world/kalinin.html" "Mozilla/5.0 (Windows NT 10.0; Win64; x64) AppleWebKit/537.36 (KHTML, like Gecko) Chrome/107.0.0.0 Safari/537.36" "ysfine.com"
173.73.77.36 - - [04/Nov/2022:22:34:34 -0700] "GET /ysbio/world/baltic/kalin01b.jpg HTTP/1.1" 200 49696 "https://ysfine.com/ysbio/world/kalinin.html" "Mozilla/5.0 (Windows NT 10.0; Win64; x64) AppleWebKit/537.36 (KHTML, like Gecko) Chrome/107.0.0.0 Safari/537.36" "ysfine.com"
173.73.77.36 - - [04/Nov/2022:22:34:34 -0700] "GET /ysbio/world/baltic/kalinmap22b.jpg HTTP/1.1" 200 33385 "https://ysfine.com/ysbio/world/kalinin.html" "Mozilla/5.0 (Windows NT 10.0; Win64; x64) AppleWebKit/537.36 (KHTML, like Gecko) Chrome/107.0.0.0 Safari/537.36" "ysfine.com"
173.73.77.36 - - [04/Nov/2022:22:34:34 -0700] "GET /ysbio/world/baltic/kalinstamp2.jpg HTTP/1.1" 200 43778 "https://ysfine.com/ysbio/world/kalinin.html" "Mozilla/5.0 (Windows NT 10.0; Win64; x64) AppleWebKit/537.36 (KHTML, like Gecko) Chrome/107.0.0.0 Safari/537.36" "ysfine.com"
173.73.77.36 - - [04/Nov/2022:22:34:34 -0700] "GET /ysbio/world/baltic/frombork2.jpg HTTP/1.1" 200 67166 "https://ysfine.com/ysbio/world/kalinin.html" "Mozilla/5.0 (Windows NT 10.0; Win64; x64) AppleWebKit/537.36 (KHTML, like Gecko) Chrome/107.0.0.0 Safari/537.36" "ysfine.com"
173.73.77.36 - - [04/Nov/2022:22:34:34 -0700] "GET /ysbio/world/baltic/kalinfamily2.jpg HTTP/1.1" 200 36963 "https://ysfine.com/ysbio/world/kalinin.html" "Mozilla/5.0 (Windows NT 10.0; Win64; x64) AppleWebKit/537.36 (KHTML, like Gecko) Chrome/107.0.0.0 Safari/537.36" "ysfine.com"
173.73.77.36 - - [04/Nov/2022:22:34:34 -0700] "GET /ysbio/world/baltic/kalinhouse2.jpg HTTP/1.1" 200 45105 "https://ysfine.com/ysbio/world/kalinin.html" "Mozilla/5.0 (Windows NT 10.0; Win64; x64) AppleWebKit/537.36 (KHTML, like Gecko) Chrome/107.0.0.0 Safari/537.36" "ysfine.com"
173.73.77.36 - - [04/Nov/2022:22:34:34 -0700] "GET /ysbio/world/baltic/kalinmap99b.jpg HTTP/1.1" 200 50124 "https://ysfine.com/ysbio/world/kalinin.html" "Mozilla/5.0 (Windows NT 10.0; Win64; x64) AppleWebKit/537.36 (KHTML, like Gecko) Chrome/107.0.0.0 Safari/537.36" "ysfine.com"
173.73.77.36 - - [04/Nov/2022:22:34:34 -0700] "GET /ysbio/world/baltic/kantbooks11b.jpg HTTP/1.1" 200 29847 "https://ysfine.com/ysbio/world/kalinin.html" "Mozilla/5.0 (Windows NT 10.0; Win64; x64) AppleWebKit/537.36 (KHTML, like Gecko) Chrome/107.0.0.0 Safari/537.36" "ysfine.com"
173.73.77.36 - - [04/Nov/2022:22:34:34 -0700] "GET /ysbio/world/baltic/kalin02b.jpg HTTP/1.1" 200 46051 "https://ysfine.com/ysbio/world/kalinin.html" "Mozilla/5.0 (Windows NT 10.0; Win64; x64) AppleWebKit/537.36 (KHTML, like Gecko) Chrome/107.0.0.0 Safari/537.36" "ysfine.com"
173.73.77.36 - - [04/Nov/2022:22:34:34 -0700] "GET /ysbio/world/baltic/kalin31b.jpg HTTP/1.1" 200 56139 "https://ysfine.com/ysbio/world/kalinin.html" "Mozilla/5.0 (Windows NT 10.0; Win64; x64) AppleWebKit/537.36 (KHTML, like Gecko) Chrome/107.0.0.0 Safari/537.36" "ysfine.com"
173.73.77.36 - - [04/Nov/2022:22:34:34 -0700] "GET /ysbio/world/baltic/kantm08b.jpg HTTP/1.1" 200 32412 "https://ysfine.com/ysbio/world/kalinin.html" "Mozilla/5.0 (Windows NT 10.0; Win64; x64) AppleWebKit/537.36 (KHTML, like Gecko) Chrome/107.0.0.0 Safari/537.36" "ysfine.com"
173.73.77.36 - - [04/Nov/2022:22:34:34 -0700] "GET /ysbio/world/baltic/kalinamber01b.jpg HTTP/1.1" 200 37575 "https://ysfine.com/ysbio/world/kalinin.html" "Mozilla/5.0 (Windows NT 10.0; Win64; x64) AppleWebKit/537.36 (KHTML, like Gecko) Chrome/107.0.0.0 Safari/537.36" "ysfine.com"
173.73.77.36 - - [04/Nov/2022:22:34:34 -0700] "GET /ysbio/maga/phil/marxlon01b.jpg HTTP/1.1" 200 55777 "https://ysfine.com/ysbio/world/kalinin.html" "Mozilla/5.0 (Windows NT 10.0; Win64; x64) AppleWebKit/537.36 (KHTML, like Gecko) Chrome/107.0.0.0 Safari/537.36" "ysfine.com"
51.222.253.7 - - [04/Nov/2022:22:34:39 -0700] "GET /ysbio/class54/class5470/total_data/refer_img/3-59_f.jpg HTTP/1.1" 200 24902 "-" "Mozilla/5.0 (compatible; AhrefsBot/7.0; +http://ahrefs.com/robot/)" "www.ysfine.com"
173.73.77.36 - - [04/Nov/2022:22:34:41 -0700] "GET /ysbio/world/balticw.html HTTP/1.1" 200 15785 "https://ysfine.com/ysbio/world/kalinin.html" "Mozilla/5.0 (Windows NT 10.0; Win64; x64) AppleWebKit/537.36 (KHTML, like Gecko) Chrome/107.0.0.0 Safari/537.36" "ysfine.com"
173.73.77.36 - - [04/Nov/2022:22:34:42 -0700] "GET /ysbio/world/baltic/lithu04b.jpg HTTP/1.1" 200 36043 "https://ysfine.com/ysbio/world/balticw.html" "Mozilla/5.0 (Windows NT 10.0; Win64; x64) AppleWebKit/537.36 (KHTML, like Gecko) Chrome/107.0.0.0 Safari/537.36" "ysfine.com"
173.73.77.36 - - [04/Nov/2022:22:34:42 -0700] "GET /ysbio/eink/pwk400.jpg HTTP/1.1" 200 115737 "https://ysfine.com/ysbio/world/balticw.html" "Mozilla/5.0 (Windows NT 10.0; Win64; x64) AppleWebKit/537.36 (KHTML, like Gecko) Chrome/107.0.0.0 Safari/537.36" "ysfine.com"
173.73.77.36 - - [04/Nov/2022:22:34:42 -0700] "GET /ysbio/world/baltic/lithu10b.jpg HTTP/1.1" 200 38527 "https://ysfine.com/ysbio/world/balticw.html" "Mozilla/5.0 (Windows NT 10.0; Win64; x64) AppleWebKit/537.36 (KHTML, like Gecko) Chrome/107.0.0.0 Safari/537.36" "ysfine.com"
173.73.77.36 - - [04/Nov/2022:22:34:42 -0700] "GET /ysbio/ffriends/admire11b.jpg HTTP/1.1" 404 88 "https://ysfine.com/ysbio/world/balticw.html" "Mozilla/5.0 (Windows NT 10.0; Win64; x64) AppleWebKit/537.36 (KHTML, like Gecko) Chrome/107.0.0.0 Safari/537.36" "ysfine.com"
173.73.77.36 - - [04/Nov/2022:22:34:42 -0700] "GET /ysbio/people/sbt11b.jpg HTTP/1.1" 404 88 "https://ysfine.com/ysbio/world/balticw.html" "Mozilla/5.0 (Windows NT 10.0; Win64; x64) AppleWebKit/537.36 (KHTML, like Gecko) Chrome/107.0.0.0 Safari/537.36" "ysfine.com"
173.73.77.36 - - [04/Nov/2022:22:34:42 -0700] "GET /ysbio/people/sbtwein2.jpg HTTP/1.1" 404 88 "https://ysfine.com/ysbio/world/balticw.html" "Mozilla/5.0 (Windows NT 10.0; Win64; x64) AppleWebKit/537.36 (KHTML, like Gecko) Chrome/107.0.0.0 Safari/537.36" "ysfine.com"
173.73.77.36 - - [04/Nov/2022:22:34:42 -0700] "GET /ysbio/world/scandi/fin06b.jpg HTTP/1.1" 200 40788 "https://ysfine.com/ysbio/world/balticw.html" "Mozilla/5.0 (Windows NT 10.0; Win64; x64) AppleWebKit/537.36 (KHTML, like Gecko) Chrome/107.0.0.0 Safari/537.36" "ysfine.com"
173.73.77.36 - - [04/Nov/2022:22:34:42 -0700] "GET /ysbio/world/baltic/rigaeisen04b.jpg HTTP/1.1" 200 27149 "https://ysfine.com/ysbio/world/balticw.html" "Mozilla/5.0 (Windows NT 10.0; Win64; x64) AppleWebKit/537.36 (KHTML, like Gecko) Chrome/107.0.0.0 Safari/537.36" "ysfine.com"
173.73.77.36 - - [04/Nov/2022:22:34:42 -0700] "GET /ysbio/home/comet01b.jpg HTTP/1.1" 404 88 "https://ysfine.com/ysbio/world/balticw.html" "Mozilla/5.0 (Windows NT 10.0; Win64; x64) AppleWebKit/537.36 (KHTML, like Gecko) Chrome/107.0.0.0 Safari/537.36" "ysfine.com"
173.73.77.36 - - [04/Nov/2022:22:34:42 -0700] "GET /ysbio/world/baltic/riga26b.jpg HTTP/1.1" 200 27065 "https://ysfine.com/ysbio/world/balticw.html" "Mozilla/5.0 (Windows NT 10.0; Win64; x64) AppleWebKit/537.36 (KHTML, like Gecko) Chrome/107.0.0.0 Safari/537.36" "ysfine.com"
173.73.77.36 - - [04/Nov/2022:22:34:42 -0700] "GET /ysbio/dirac/diracqm22b.jpg HTTP/1.1" 200 39961 "https://ysfine.com/ysbio/world/balticw.html" "Mozilla/5.0 (Windows NT 10.0; Win64; x64) AppleWebKit/537.36 (KHTML, like Gecko) Chrome/107.0.0.0 Safari/537.36" "ysfine.com"
173.73.77.36 - - [04/Nov/2022:22:34:42 -0700] "GET /ysbio/world/baltic/tallin74c.jpg HTTP/1.1" 200 28248 "https://ysfine.com/ysbio/world/balticw.html" "Mozilla/5.0 (Windows NT 10.0; Win64; x64) AppleWebKit/537.36 (KHTML, like Gecko) Chrome/107.0.0.0 Safari/537.36" "ysfine.com"
173.73.77.36 - - [04/Nov/2022:22:34:42 -0700] "GET /ysbio/ffriends/admire22b.jpg HTTP/1.1" 404 88 "https://ysfine.com/ysbio/world/balticw.html" "Mozilla/5.0 (Windows NT 10.0; Win64; x64) AppleWebKit/537.36 (KHTML, like Gecko) Chrome/107.0.0.0 Safari/537.36" "ysfine.com"
173.73.77.36 - - [04/Nov/2022:22:34:42 -0700] "GET /ysbio/world/baltic/riga13b.jpg HTTP/1.1" 200 41983 "https://ysfine.com/ysbio/world/balticw.html" "Mozilla/5.0 (Windows NT 10.0; Win64; x64) AppleWebKit/537.36 (KHTML, like Gecko) Chrome/107.0.0.0 Safari/537.36" "ysfine.com"
173.73.77.36 - - [04/Nov/2022:22:34:42 -0700] "GET /ysbio/world/baltic/tallin01c.jpg HTTP/1.1" 200 27110 "https://ysfine.com/ysbio/world/balticw.html" "Mozilla/5.0 (Windows NT 10.0; Win64; x64) AppleWebKit/537.36 (KHTML, like Gecko) Chrome/107.0.0.0 Safari/537.36" "ysfine.com"
173.73.77.36 - - [04/Nov/2022:22:34:42 -0700] "GET /ysbio/world/baltic/tallin58c.jpg HTTP/1.1" 200 31814 "https://ysfine.com/ysbio/world/balticw.html" "Mozilla/5.0 (Windows NT 10.0; Win64; x64) AppleWebKit/537.36 (KHTML, like Gecko) Chrome/107.0.0.0 Safari/537.36" "ysfine.com"
173.73.77.36 - - [04/Nov/2022:22:34:42 -0700] "GET /ysbio/world/baltic/tallin80f.jpg HTTP/1.1" 200 94746 "https://ysfine.com/ysbio/world/balticw.html" "Mozilla/5.0 (Windows NT 10.0; Win64; x64) AppleWebKit/537.36 (KHTML, like Gecko) Chrome/107.0.0.0 Safari/537.36" "ysfine.com"
173.73.77.36 - - [04/Nov/2022:22:34:42 -0700] "GET /ysbio/world/scandi/fin04b.jpg HTTP/1.1" 200 51772 "https://ysfine.com/ysbio/world/balticw.html" "Mozilla/5.0 (Windows NT 10.0; Win64; x64) AppleWebKit/537.36 (KHTML, like Gecko) Chrome/107.0.0.0 Safari/537.36" "ysfine.com"
173.73.77.36 - - [04/Nov/2022:22:34:42 -0700] "GET /ysbio/world/baltic/tallin29c.jpg HTTP/1.1" 200 36700 "https://ysfine.com/ysbio/world/balticw.html" "Mozilla/5.0 (Windows NT 10.0; Win64; x64) AppleWebKit/537.36 (KHTML, like Gecko) Chrome/107.0.0.0 Safari/537.36" "ysfine.com"
173.73.77.36 - - [04/Nov/2022:22:34:42 -0700] "GET /ysbio/world/baltic/lithu07b.jpg HTTP/1.1" 200 44778 "https://ysfine.com/ysbio/world/balticw.html" "Mozilla/5.0 (Windows NT 10.0; Win64; x64) AppleWebKit/537.36 (KHTML, like Gecko) Chrome/107.0.0.0 Safari/537.36" "ysfine.com"
173.73.77.36 - - [04/Nov/2022:22:34:42 -0700] "GET /ysbio/world/baltic/riga23b.jpg HTTP/1.1" 200 41389 "https://ysfine.com/ysbio/world/balticw.html" "Mozilla/5.0 (Windows NT 10.0; Win64; x64) AppleWebKit/537.36 (KHTML, like Gecko) Chrome/107.0.0.0 Safari/537.36" "ysfine.com"
173.73.77.36 - - [04/Nov/2022:22:34:42 -0700] "GET /ysbio/world/baltic/tallin10c.jpg HTTP/1.1" 200 44598 "https://ysfine.com/ysbio/world/balticw.html" "Mozilla/5.0 (Windows NT 10.0; Win64; x64) AppleWebKit/537.36 (KHTML, like Gecko) Chrome/107.0.0.0 Safari/537.36" "ysfine.com"
173.73.77.36 - - [04/Nov/2022:22:34:42 -0700] "GET /ysbio/maga/invent/eisenstein07.jpg HTTP/1.1" 200 15843 "https://ysfine.com/ysbio/world/balticw.html" "Mozilla/5.0 (Windows NT 10.0; Win64; x64) AppleWebKit/537.36 (KHTML, like Gecko) Chrome/107.0.0.0 Safari/537.36" "ysfine.com"
173.73.77.36 - - [04/Nov/2022:22:34:42 -0700] "GET /ysbio/world/baltic/tallin75c.jpg HTTP/1.1" 200 35939 "https://ysfine.com/ysbio/world/balticw.html" "Mozilla/5.0 (Windows NT 10.0; Win64; x64) AppleWebKit/537.36 (KHTML, like Gecko) Chrome/107.0.0.0 Safari/537.36" "ysfine.com"
173.73.77.36 - - [04/Nov/2022:22:34:42 -0700] "GET /ysbio/world/baltic/tallin53c.jpg HTTP/1.1" 200 46017 "https://ysfine.com/ysbio/world/balticw.html" "Mozilla/5.0 (Windows NT 10.0; Win64; x64) AppleWebKit/537.36 (KHTML, like Gecko) Chrome/107.0.0.0 Safari/537.36" "ysfine.com"
