20.109.241.96 - - [05/Nov/2022:02:24:12 -0700] "GET /world/eve/israel11b.jpg HTTP/1.1" 404 88 "http://ysfine.com/world/eve" "Mozilla/5.0 (iPhone; CPU iPhone OS 13_5_1 like Mac OS X) AppleWebKit/605.1.15 (KHTML, like Gecko) Version/13.1.1 Mobile/15E148 Safari/604.1" "ysfine.com"
51.222.253.1 - - [05/Nov/2022:02:24:28 -0700] "GET /ysbio/wisdom/quovadis.html HTTP/1.1" 200 3582 "-" "Mozilla/5.0 (compatible; AhrefsBot/7.0; +http://ahrefs.com/robot/)" "ysfine.com"
49.7.21.112 - - [05/Nov/2022:02:24:40 -0700] "GET / HTTP/1.1" 200 5283 "-" "Sogou web spider/4.0(+http://www.sogou.com/docs/help/webmasters.htm#07)" "ysfine.com"
60.188.9.38 - - [05/Nov/2022:02:25:16 -0700] "GET /eink/ewk86f.jpg HTTP/1.1" 200 122173 "-" "YisouSpider" "ysfine.com"
13.67.224.12 - - [05/Nov/2022:02:25:16 -0700] "GET /friends/aline/usair33b.jpg HTTP/1.1" 404 88 "http://ysfine.com/friends/aline" "Mozilla/5.0 (Macintosh; Intel Mac OS X 10_11_6) AppleWebKit/605.1.15 (KHTML, like Gecko) Version/11.1.2 Safari/605.1.15" "ysfine.com"
20.29.110.169 - - [05/Nov/2022:02:25:22 -0700] "GET /einstein/einvio22b.jpg HTTP/1.1" 200 28638 "http://ysfine.com/einstein" "Mozilla/5.0 (Linux; Android 10; SM-G960U) AppleWebKit/537.36 (KHTML, like Gecko) Chrome/88.0.4324.181 Mobile Safari/537.36" "ysfine.com"
40.122.227.201 - - [05/Nov/2022:02:25:32 -0700] "GET /kobak/abstrar2.jpg HTTP/1.1" 200 43834 "http://ysfine.com/kobak" "Mozilla/5.0 (iPhone; CPU iPhone OS 13_5_1 like Mac OS X) AppleWebKit/605.1.15 (KHTML, like Gecko) Version/13.1.1 Mobile/15E148 Safari/604.1" "ysfine.com"
157.55.39.17 - - [05/Nov/2022:02:26:06 -0700] "GET /bio/style/venuspics22.html HTTP/1.1" 404 88 "-" "Mozilla/5.0 AppleWebKit/537.36 (KHTML, like Gecko; compatible; bingbot/2.0; +http://www.bing.com/bingbot.htm) Chrome/103.0.5060.134 Safari/537.36" "ysfine.com"
157.55.39.17 - - [05/Nov/2022:02:26:26 -0700] "GET /ysbio/kobak/draftreg.html HTTP/1.1" 200 484 "-" "Mozilla/5.0 (compatible; bingbot/2.0; +http://www.bing.com/bingbot.htm)" "ysfine.com"
23.184.144.57 - - [05/Nov/2022:02:26:36 -0700] "GET /princeton/prade.html HTTP/1.1" 200 9863 "-" "Mozilla/5.0 (Macintosh; Intel Mac OS X 12_5) AppleWebKit/605.1.15 (KHTML, like Gecko) Version/15.4 Safari/605.1.15" "ysfine.com"
23.184.144.57 - - [05/Nov/2022:02:26:37 -0700] "GET /princeton/prosprade.html HTTP/1.1" 200 242 "https://ysfine.com/princeton/prade.html" "Mozilla/5.0 (Macintosh; Intel Mac OS X 12_5) AppleWebKit/605.1.15 (KHTML, like Gecko) Version/15.4 Safari/605.1.15" "ysfine.com"
23.184.144.57 - - [05/Nov/2022:02:26:37 -0700] "GET /wdc/index.html HTTP/1.1" 200 141 "https://ysfine.com/princeton/prade.html" "Mozilla/5.0 (Macintosh; Intel Mac OS X 12_5) AppleWebKit/605.1.15 (KHTML, like Gecko) Version/15.4 Safari/605.1.15" "ysfine.com"
23.184.144.57 - - [05/Nov/2022:02:26:38 -0700] "GET /princeton/prospect.html HTTP/1.1" 200 425 "https://ysfine.com/princeton/prade.html" "Mozilla/5.0 (Macintosh; Intel Mac OS X 12_5) AppleWebKit/605.1.15 (KHTML, like Gecko) Version/15.4 Safari/605.1.15" "ysfine.com"
23.184.144.57 - - [05/Nov/2022:02:26:38 -0700] "GET /style/index.html HTTP/1.1" 200 129 "https://ysfine.com/princeton/prade.html" "Mozilla/5.0 (Macintosh; Intel Mac OS X 12_5) AppleWebKit/605.1.15 (KHTML, like Gecko) Version/15.4 Safari/605.1.15" "ysfine.com"
23.184.144.57 - - [05/Nov/2022:02:26:39 -0700] "GET /style/leica.html HTTP/1.1" 200 17158 "https://ysfine.com/princeton/prade.html" "Mozilla/5.0 (Macintosh; Intel Mac OS X 12_5) AppleWebKit/605.1.15 (KHTML, like Gecko) Version/15.4 Safari/605.1.15" "ysfine.com"
23.184.144.57 - - [05/Nov/2022:02:26:45 -0700] "GET /world/ysworld.html HTTP/1.1" 200 3195 "https://ysfine.com/princeton/prade.html" "Mozilla/5.0 (Macintosh; Intel Mac OS X 12_5) AppleWebKit/605.1.15 (KHTML, like Gecko) Version/15.4 Safari/605.1.15" "ysfine.com"
23.184.144.57 - - [05/Nov/2022:02:26:57 -0700] "GET /maga/popov.html HTTP/1.1" 200 8651 "https://ysfine.com/princeton/prade.html" "Mozilla/5.0 (Macintosh; Intel Mac OS X 12_5) AppleWebKit/605.1.15 (KHTML, like Gecko) Version/15.4 Safari/605.1.15" "ysfine.com"
23.184.144.57 - - [05/Nov/2022:02:27:00 -0700] "GET /home/bio.html HTTP/1.1" 404 88 "https://ysfine.com/princeton/prade.html" "Mozilla/5.0 (Macintosh; Intel Mac OS X 12_5) AppleWebKit/605.1.15 (KHTML, like Gecko) Version/15.4 Safari/605.1.15" "ysfine.com"
23.184.144.57 - - [05/Nov/2022:02:27:00 -0700] "GET /kobak/shortw.html HTTP/1.1" 200 3128 "https://ysfine.com/princeton/prade.html" "Mozilla/5.0 (Macintosh; Intel Mac OS X 12_5) AppleWebKit/605.1.15 (KHTML, like Gecko) Version/15.4 Safari/605.1.15" "ysfine.com"
23.184.144.57 - - [05/Nov/2022:02:27:04 -0700] "GET /home/yshome.html HTTP/1.1" 200 5704 "https://ysfine.com/princeton/prade.html" "Mozilla/5.0 (Macintosh; Intel Mac OS X 12_5) AppleWebKit/605.1.15 (KHTML, like Gecko) Version/15.4 Safari/605.1.15" "ysfine.com"
23.184.144.57 - - [05/Nov/2022:02:27:14 -0700] "GET /style/digilit.html HTTP/1.1" 200 8470 "https://ysfine.com/princeton/prade.html" "Mozilla/5.0 (Macintosh; Intel Mac OS X 12_5) AppleWebKit/605.1.15 (KHTML, like Gecko) Version/15.4 Safari/605.1.15" "ysfine.com"
23.184.144.57 - - [05/Nov/2022:02:27:22 -0700] "GET /eink/mose.html HTTP/1.1" 200 14315 "https://ysfine.com/princeton/prade.html" "Mozilla/5.0 (Macintosh; Intel Mac OS X 12_5) AppleWebKit/605.1.15 (KHTML, like Gecko) Version/15.4 Safari/605.1.15" "ysfine.com"
23.184.144.57 - - [05/Nov/2022:02:27:28 -0700] "GET /princeton/dulles.html HTTP/1.1" 200 2700 "https://ysfine.com/princeton/prade.html" "Mozilla/5.0 (Macintosh; Intel Mac OS X 12_5) AppleWebKit/605.1.15 (KHTML, like Gecko) Version/15.4 Safari/605.1.15" "ysfine.com"
23.184.144.57 - - [05/Nov/2022:02:27:28 -0700] "GET /newyork/index.html HTTP/1.1" 200 132 "https://ysfine.com/princeton/prade.html" "Mozilla/5.0 (Macintosh; Intel Mac OS X 12_5) AppleWebKit/605.1.15 (KHTML, like Gecko) Version/15.4 Safari/605.1.15" "ysfine.com"
23.184.144.57 - - [05/Nov/2022:02:27:29 -0700] "GET /kobak/rheetr.html HTTP/1.1" 200 838 "https://ysfine.com/princeton/prade.html" "Mozilla/5.0 (Macintosh; Intel Mac OS X 12_5) AppleWebKit/605.1.15 (KHTML, like Gecko) Version/15.4 Safari/605.1.15" "ysfine.com"
23.184.144.57 - - [05/Nov/2022:02:27:30 -0700] "GET /einstein/index.html HTTP/1.1" 200 135 "https://ysfine.com/princeton/prade.html" "Mozilla/5.0 (Macintosh; Intel Mac OS X 12_5) AppleWebKit/605.1.15 (KHTML, like Gecko) Version/15.4 Safari/605.1.15" "ysfine.com"
23.184.144.57 - - [05/Nov/2022:02:27:31 -0700] "GET /princeton/bagpipes.html HTTP/1.1" 200 245 "https://ysfine.com/princeton/prade.html" "Mozilla/5.0 (Macintosh; Intel Mac OS X 12_5) AppleWebKit/605.1.15 (KHTML, like Gecko) Version/15.4 Safari/605.1.15" "ysfine.com"
23.184.144.57 - - [05/Nov/2022:02:27:31 -0700] "GET /princeton/campus.html HTTP/1.1" 200 15142 "https://ysfine.com/princeton/prade.html" "Mozilla/5.0 (Macintosh; Intel Mac OS X 12_5) AppleWebKit/605.1.15 (KHTML, like Gecko) Version/15.4 Safari/605.1.15" "ysfine.com"
157.55.39.65 - - [05/Nov/2022:02:27:32 -0700] "GET /princeton/annex11b.jpg HTTP/1.1" 200 39639 "-" "Mozilla/5.0 (compatible; bingbot/2.0; +http://www.bing.com/bingbot.htm)" "ysfine.com"
23.184.144.57 - - [05/Nov/2022:02:27:36 -0700] "GET /usca/pgh.html HTTP/1.1" 200 13572 "https://ysfine.com/princeton/prade.html" "Mozilla/5.0 (Macintosh; Intel Mac OS X 12_5) AppleWebKit/605.1.15 (KHTML, like Gecko) Version/15.4 Safari/605.1.15" "ysfine.com"
157.55.39.76 - - [05/Nov/2022:02:27:36 -0700] "GET /world/baltic/kalin34.jpg HTTP/1.1" 200 83361 "-" "Mozilla/5.0 AppleWebKit/537.36 (KHTML, like Gecko; compatible; bingbot/2.0; +http://www.bing.com/bingbot.htm) Chrome/103.0.5060.134 Safari/537.36" "ysfine.com"
23.184.144.57 - - [05/Nov/2022:02:27:38 -0700] "GET /wigner/index.html HTTP/1.1" 200 124 "https://ysfine.com/princeton/prade.html" "Mozilla/5.0 (Macintosh; Intel Mac OS X 12_5) AppleWebKit/605.1.15 (KHTML, like Gecko) Version/15.4 Safari/605.1.15" "ysfine.com"
13.67.224.12 - - [05/Nov/2022:02:27:38 -0700] "GET /world/scandi/copenf78b.jpg HTTP/1.1" 200 35234 "https://ysfine.com/world/scandi" "Mozilla/5.0 (iPhone; CPU iPhone OS 13_5_1 like Mac OS X) AppleWebKit/605.1.15 (KHTML, like Gecko) Version/13.1.1 Mobile/15E148 Safari/604.1" "ysfine.com"
23.184.144.57 - - [05/Nov/2022:02:27:39 -0700] "GET /maga/maxedin.html HTTP/1.1" 200 6756 "https://ysfine.com/princeton/prade.html" "Mozilla/5.0 (Macintosh; Intel Mac OS X 12_5) AppleWebKit/605.1.15 (KHTML, like Gecko) Version/15.4 Safari/605.1.15" "ysfine.com"
23.184.144.57 - - [05/Nov/2022:02:27:42 -0700] "GET /wigner/lunch.html HTTP/1.1" 200 3105 "https://ysfine.com/princeton/prade.html" "Mozilla/5.0 (Macintosh; Intel Mac OS X 12_5) AppleWebKit/605.1.15 (KHTML, like Gecko) Version/15.4 Safari/605.1.15" "ysfine.com"
23.184.144.57 - - [05/Nov/2022:02:27:43 -0700] "GET /princeton/morecars.html HTTP/1.1" 200 245 "https://ysfine.com/princeton/prade.html" "Mozilla/5.0 (Macintosh; Intel Mac OS X 12_5) AppleWebKit/605.1.15 (KHTML, like Gecko) Version/15.4 Safari/605.1.15" "ysfine.com"
23.184.144.57 - - [05/Nov/2022:02:27:43 -0700] "GET /people/sbt.html HTTP/1.1" 200 529 "https://ysfine.com/princeton/prade.html" "Mozilla/5.0 (Macintosh; Intel Mac OS X 12_5) AppleWebKit/605.1.15 (KHTML, like Gecko) Version/15.4 Safari/605.1.15" "ysfine.com"
23.184.144.57 - - [05/Nov/2022:02:27:44 -0700] "GET /kowar/tanks.html HTTP/1.1" 200 8699 "https://ysfine.com/princeton/prade.html" "Mozilla/5.0 (Macintosh; Intel Mac OS X 12_5) AppleWebKit/605.1.15 (KHTML, like Gecko) Version/15.4 Safari/605.1.15" "ysfine.com"
23.184.144.57 - - [05/Nov/2022:02:27:45 -0700] "GET /feynman/fphoto.html HTTP/1.1" 200 3714 "https://ysfine.com/princeton/prade.html" "Mozilla/5.0 (Macintosh; Intel Mac OS X 12_5) AppleWebKit/605.1.15 (KHTML, like Gecko) Version/15.4 Safari/605.1.15" "ysfine.com"
23.184.144.57 - - [05/Nov/2022:02:27:48 -0700] "GET /princeton/cleve.html HTTP/1.1" 200 570 "https://ysfine.com/princeton/prade.html" "Mozilla/5.0 (Macintosh; Intel Mac OS X 12_5) AppleWebKit/605.1.15 (KHTML, like Gecko) Version/15.4 Safari/605.1.15" "ysfine.com"
23.184.144.57 - - [05/Nov/2022:02:27:48 -0700] "GET /world/feynrio.html HTTP/1.1" 200 8831 "https://ysfine.com/princeton/prade.html" "Mozilla/5.0 (Macintosh; Intel Mac OS X 12_5) AppleWebKit/605.1.15 (KHTML, like Gecko) Version/15.4 Safari/605.1.15" "ysfine.com"
23.184.144.57 - - [05/Nov/2022:02:27:51 -0700] "GET /feynman/feyprince.html HTTP/1.1" 200 440 "https://ysfine.com/princeton/prade.html" "Mozilla/5.0 (Macintosh; Intel Mac OS X 12_5) AppleWebKit/605.1.15 (KHTML, like Gecko) Version/15.4 Safari/605.1.15" "ysfine.com"
23.184.144.57 - - [05/Nov/2022:02:27:51 -0700] "GET /princeton/sambapr.html HTTP/1.1" 200 311 "https://ysfine.com/princeton/prade.html" "Mozilla/5.0 (Macintosh; Intel Mac OS X 12_5) AppleWebKit/605.1.15 (KHTML, like Gecko) Version/15.4 Safari/605.1.15" "ysfine.com"
20.106.28.18 - - [05/Nov/2022:02:28:24 -0700] "GET /wigner/lunch650.jpg HTTP/1.1" 200 76849 "https://ysfine.com/wigner" "Mozilla/5.0 (iPhone; CPU iPhone OS 13_5_1 like Mac OS X) AppleWebKit/605.1.15 (KHTML, like Gecko) Version/13.1.1 Mobile/15E148 Safari/604.1" "ysfine.com"
40.86.101.165 - - [05/Nov/2022:02:28:32 -0700] "GET /ffriends/austra07b.jpg HTTP/1.1" 200 53084 "https://ysfine.com/ffriends" "Mozilla/5.0 (Linux; Android 10; SM-G960U) AppleWebKit/537.36 (KHTML, like Gecko) Chrome/88.0.4324.181 Mobile Safari/537.36" "ysfine.com"
213.33.142.50 - - [05/Nov/2022:02:28:58 -0700] "GET / HTTP/1.1" 200 5283 "-" "Mozilla/5.0 (X11; Firefox/72.0" "ysfine.com"
157.55.39.76 - - [05/Nov/2022:02:29:03 -0700] "GET /wigner/grave.jpg HTTP/1.1" 200 95974 "-" "Mozilla/5.0 (compatible; bingbot/2.0; +http://www.bing.com/bingbot.htm)" "ysfine.com"
20.12.191.73 - - [05/Nov/2022:02:29:11 -0700] "GET /princeton/forrestalmap2.jpg HTTP/1.1" 200 54761 "http://ysfine.com/princeton" "Mozilla/5.0 (iPhone; CPU iPhone OS 13_5_1 like Mac OS X) AppleWebKit/605.1.15 (KHTML, like Gecko) Version/13.1.1 Mobile/15E148 Safari/604.1" "ysfine.com"
157.55.39.65 - - [05/Nov/2022:02:29:24 -0700] "GET /bio/dirac/locovar.html HTTP/1.1" 404 88 "-" "Mozilla/5.0 AppleWebKit/537.36 (KHTML, like Gecko; compatible; bingbot/2.0; +http://www.bing.com/bingbot.htm) Chrome/103.0.5060.134 Safari/537.36" "ysfine.com"
40.77.167.71 - - [05/Nov/2022:02:29:47 -0700] "GET /style/kievopera33.jpg HTTP/1.1" 200 73484 "-" "Mozilla/5.0 (compatible; bingbot/2.0; +http://www.bing.com/bingbot.htm)" "ysfine.com"
40.86.101.166 - - [05/Nov/2022:02:29:51 -0700] "GET /wigner/kiwi270.jpg HTTP/1.1" 200 33880 "http://ysfine.com/wigner" "Mozilla/5.0 (iPhone; CPU iPhone OS 13_5_1 like Mac OS X) AppleWebKit/605.1.15 (KHTML, like Gecko) Version/13.1.1 Mobile/15E148 Safari/604.1" "ysfine.com"
51.222.253.5 - - [05/Nov/2022:02:30:37 -0700] "GET /maga/marx.html HTTP/1.1" 200 5871 "-" "Mozilla/5.0 (compatible; AhrefsBot/7.0; +http://ahrefs.com/robot/)" "ysfine.com"
213.134.160.48 - - [05/Nov/2022:02:30:39 -0700] "GET /wigner/neum/pvn03.jpg HTTP/1.1" 200 83757 "https://www.google.com/" "Mozilla/5.0 (Windows NT 10.0; Win64; x64) AppleWebKit/537.36 (KHTML, like Gecko) Chrome/107.0.0.0 Safari/537.36" "ysfine.com"
51.222.253.16 - - [05/Nov/2022:02:30:53 -0700] "GET /maga/phil/marxber600.jpg HTTP/1.1" 200 54098 "-" "Mozilla/5.0 (compatible; AhrefsBot/7.0; +http://ahrefs.com/robot/)" "ysfine.com"
51.222.253.8 - - [05/Nov/2022:02:30:58 -0700] "GET /wisdom/mil/sherman44b.jpg HTTP/1.1" 200 34454 "-" "Mozilla/5.0 (compatible; AhrefsBot/7.0; +http://ahrefs.com/robot/)" "ysfine.com"
51.222.253.20 - - [05/Nov/2022:02:31:04 -0700] "GET /einstein/evol22b.jpg HTTP/1.1" 200 29614 "-" "Mozilla/5.0 (compatible; AhrefsBot/7.0; +http://ahrefs.com/robot/)" "ysfine.com"
51.222.253.20 - - [05/Nov/2022:02:31:09 -0700] "GET /maga/phil/mao100b.jpg HTTP/1.1" 200 55761 "-" "Mozilla/5.0 (compatible; AhrefsBot/7.0; +http://ahrefs.com/robot/)" "ysfine.com"
51.222.253.3 - - [05/Nov/2022:02:31:15 -0700] "GET /maga/phil/marxlon600.jpg HTTP/1.1" 200 90900 "-" "Mozilla/5.0 (compatible; AhrefsBot/7.0; +http://ahrefs.com/robot/)" "ysfine.com"
51.222.253.5 - - [05/Nov/2022:02:31:21 -0700] "GET /maga/phil/marxlon01b.jpg HTTP/1.1" 200 55777 "-" "Mozilla/5.0 (compatible; AhrefsBot/7.0; +http://ahrefs.com/robot/)" "ysfine.com"
51.222.253.2 - - [05/Nov/2022:02:31:27 -0700] "GET /maga/phil/marxber22b.jpg HTTP/1.1" 200 48373 "-" "Mozilla/5.0 (compatible; AhrefsBot/7.0; +http://ahrefs.com/robot/)" "ysfine.com"
51.222.253.19 - - [05/Nov/2022:02:31:33 -0700] "GET /maga/phil/chou01b.jpg HTTP/1.1" 200 45775 "-" "Mozilla/5.0 (compatible; AhrefsBot/7.0; +http://ahrefs.com/robot/)" "ysfine.com"
51.222.253.1 - - [05/Nov/2022:02:31:39 -0700] "GET /einstein/einbohr11b.jpg HTTP/1.1" 200 37538 "-" "Mozilla/5.0 (compatible; AhrefsBot/7.0; +http://ahrefs.com/robot/)" "ysfine.com"
51.222.253.5 - - [05/Nov/2022:02:31:44 -0700] "GET /maga/phil/hume02b.jpg HTTP/1.1" 200 52835 "-" "Mozilla/5.0 (compatible; AhrefsBot/7.0; +http://ahrefs.com/robot/)" "ysfine.com"
51.222.253.12 - - [05/Nov/2022:02:31:50 -0700] "GET /wisdom/mil/tank05b.jpg HTTP/1.1" 200 48742 "-" "Mozilla/5.0 (compatible; AhrefsBot/7.0; +http://ahrefs.com/robot/)" "ysfine.com"
20.12.191.74 - - [05/Nov/2022:02:31:51 -0700] "GET /home/1987pr22d.jpg HTTP/1.1" 200 66428 "http://ysfine.com/home" "Mozilla/5.0 (Macintosh; Intel Mac OS X 10_11_6) AppleWebKit/605.1.15 (KHTML, like Gecko) Version/11.1.2 Safari/605.1.15" "ysfine.com"
51.222.253.13 - - [05/Nov/2022:02:31:56 -0700] "GET /maga/phil/marxmos01b.jpg HTTP/1.1" 200 26995 "-" "Mozilla/5.0 (compatible; AhrefsBot/7.0; +http://ahrefs.com/robot/)" "ysfine.com"
51.222.253.13 - - [05/Nov/2022:02:32:01 -0700] "GET /eink/eink61c.jpg HTTP/1.1" 200 34119 "-" "Mozilla/5.0 (compatible; AhrefsBot/7.0; +http://ahrefs.com/robot/)" "ysfine.com"
20.12.191.74 - - [05/Nov/2022:02:32:21 -0700] "GET /maga/phil/curie01b.jpg HTTP/1.1" 200 40745 "http://ysfine.com/maga/phil" "Mozilla/5.0 (Windows NT 10.0; Win64; x64) AppleWebKit/537.36 (KHTML, like Gecko) Chrome/74.0.3729.157 Safari/537.36" "ysfine.com"
157.55.39.76 - - [05/Nov/2022:02:32:24 -0700] "GET /kobak/northk.jpg HTTP/1.1" 200 112148 "-" "Mozilla/5.0 AppleWebKit/537.36 (KHTML, like Gecko; compatible; bingbot/2.0; +http://www.bing.com/bingbot.htm) Chrome/103.0.5060.134 Safari/537.36" "www.ysfine.com"
66.249.66.40 - - [05/Nov/2022:02:33:15 -0700] "GET /kobak/1014b.jpg HTTP/1.1" 304 - "-" "Googlebot-Image/1.0" "ysfine.com"
157.55.39.76 - - [05/Nov/2022:02:33:33 -0700] "GET /wigner/narco.jpg HTTP/1.1" 200 95166 "-" "Mozilla/5.0 (compatible; bingbot/2.0; +http://www.bing.com/bingbot.htm)" "ysfine.com"
40.86.101.254 - - [05/Nov/2022:02:33:50 -0700] "GET /friends/amkor/kony01c.jpg HTTP/1.1" 404 88 "https://ysfine.com/friends/amkor" "Mozilla/5.0 (iPhone; CPU iPhone OS 13_5_1 like Mac OS X) AppleWebKit/605.1.15 (KHTML, like Gecko) Version/13.1.1 Mobile/15E148 Safari/604.1" "ysfine.com"
13.67.224.13 - - [05/Nov/2022:02:33:55 -0700] "GET /kobak/rheetr.jpg HTTP/1.1" 200 184635 "http://ysfine.com/kobak" "Mozilla/5.0 (Windows NT 10.0; Win64; x64) AppleWebKit/537.36 (KHTML, like Gecko) Chrome/74.0.3729.157 Safari/537.36" "ysfine.com"
157.55.39.17 - - [05/Nov/2022:02:33:55 -0700] "GET /home/comet01b.jpg HTTP/1.1" 200 53465 "-" "Mozilla/5.0 (compatible; bingbot/2.0; +http://www.bing.com/bingbot.htm)" "ysfine.com"
13.67.224.14 - - [05/Nov/2022:02:34:02 -0700] "GET /world/russ/spbnv02b.jpg HTTP/1.1" 200 45724 "https://ysfine.com/world/russ" "Mozilla/5.0 (Macintosh; Intel Mac OS X 10_11_6) AppleWebKit/605.1.15 (KHTML, like Gecko) Version/11.1.2 Safari/605.1.15" "ysfine.com"
20.109.241.96 - - [05/Nov/2022:02:34:05 -0700] "GET /world/china/beijing009c.jpg HTTP/1.1" 200 44381 "https://ysfine.com/world/china" "Mozilla/5.0 (Macintosh; Intel Mac OS X 10_11_6) AppleWebKit/605.1.15 (KHTML, like Gecko) Version/11.1.2 Safari/605.1.15" "ysfine.com"
40.77.51.86 - - [05/Nov/2022:02:34:18 -0700] "GET /style/musee/louvre16b.jpg HTTP/1.1" 200 41857 "https://ysfine.com/style/musee" "Mozilla/5.0 (X11; Linux x86_64) AppleWebKit/537.36 (KHTML, like Gecko) Chrome/74.0.3729.169 Safari/537.36" "ysfine.com"
20.109.241.97 - - [05/Nov/2022:02:34:27 -0700] "GET /friends/aline/ana44b.jpg HTTP/1.1" 404 88 "http://ysfine.com/friends/aline" "Mozilla/5.0 (Macintosh; Intel Mac OS X 10_11_6) AppleWebKit/605.1.15 (KHTML, like Gecko) Version/11.1.2 Safari/605.1.15" "ysfine.com"
20.29.110.169 - - [05/Nov/2022:02:34:47 -0700] "GET /world/poland/krk81b.jpg HTTP/1.1" 200 47477 "https://www.ysfine.com/world/poland" "Mozilla/5.0 (iPhone; CPU iPhone OS 13_5_1 like Mac OS X) AppleWebKit/605.1.15 (KHTML, like Gecko) Version/13.1.1 Mobile/15E148 Safari/604.1" "www.ysfine.com"
40.122.230.188 - - [05/Nov/2022:02:34:59 -0700] "GET /wdc/gtown08b.jpg HTTP/1.1" 200 55792 "https://ysfine.com/wdc" "Mozilla/5.0 (Macintosh; Intel Mac OS X 10_11_6) AppleWebKit/605.1.15 (KHTML, like Gecko) Version/11.1.2 Safari/605.1.15" "ysfine.com"
20.109.241.81 - - [05/Nov/2022:02:35:01 -0700] "GET /world/hungary/buda019b.jpg HTTP/1.1" 200 42975 "http://ysfine.com/world/hungary" "Mozilla/5.0 (Macintosh; Intel Mac OS X 10_11_6) AppleWebKit/605.1.15 (KHTML, like Gecko) Version/11.1.2 Safari/605.1.15" "ysfine.com"
40.77.167.27 - - [05/Nov/2022:02:35:35 -0700] "GET /kowar/tanks/tank54.jpg HTTP/1.1" 200 76330 "-" "Mozilla/5.0 (compatible; bingbot/2.0; +http://www.bing.com/bingbot.htm)" "ysfine.com"
157.55.39.65 - - [05/Nov/2022:02:35:44 -0700] "GET /wigner/quartet.jpg HTTP/1.1" 200 83670 "-" "Mozilla/5.0 AppleWebKit/537.36 (KHTML, like Gecko; compatible; bingbot/2.0; +http://www.bing.com/bingbot.htm) Chrome/103.0.5060.134 Safari/537.36" "ysfine.com"
157.55.39.76 - - [05/Nov/2022:02:36:14 -0700] "GET /ysbio/maga/bohrdc.html HTTP/1.1" 200 4181 "-" "Mozilla/5.0 (compatible; bingbot/2.0; +http://www.bing.com/bingbot.htm)" "ysfine.com"
40.77.167.27 - - [05/Nov/2022:02:36:23 -0700] "GET /ysbio/maga/phys/yukawa.html HTTP/1.1" 404 88 "-" "Mozilla/5.0 AppleWebKit/537.36 (KHTML, like Gecko; compatible; bingbot/2.0; +http://www.bing.com/bingbot.htm) Chrome/103.0.5060.134 Safari/537.36" "ysfine.com"
51.222.253.11 - - [05/Nov/2022:02:36:43 -0700] "GET /ysbio/newyork/index.html HTTP/1.1" 200 132 "-" "Mozilla/5.0 (compatible; AhrefsBot/7.0; +http://ahrefs.com/robot/)" "www.ysfine.com"
157.55.39.17 - - [05/Nov/2022:02:36:57 -0700] "GET /princeton/gcollege61b.jpg HTTP/1.1" 200 31681 "-" "Mozilla/5.0 (compatible; bingbot/2.0; +http://www.bing.com/bingbot.htm)" "ysfine.com"
40.77.51.80 - - [05/Nov/2022:02:37:04 -0700] "GET /world/baltic/kalin30b.jpg HTTP/1.1" 200 39566 "http://ysfine.com/world/baltic" "Mozilla/5.0 (iPhone; CPU iPhone OS 13_5_1 like Mac OS X) AppleWebKit/605.1.15 (KHTML, like Gecko) Version/13.1.1 Mobile/15E148 Safari/604.1" "ysfine.com"
40.122.230.188 - - [05/Nov/2022:02:37:20 -0700] "GET /princeton/westmin22.jpg HTTP/1.1" 200 53769 "http://ysfine.com/princeton" "Mozilla/5.0 (iPhone; CPU iPhone OS 13_5_1 like Mac OS X) AppleWebKit/605.1.15 (KHTML, like Gecko) Version/13.1.1 Mobile/15E148 Safari/604.1" "ysfine.com"
40.77.167.27 - - [05/Nov/2022:02:37:25 -0700] "GET /wdc/lincoln04.jpg HTTP/1.1" 200 67873 "-" "Mozilla/5.0 AppleWebKit/537.36 (KHTML, like Gecko; compatible; bingbot/2.0; +http://www.bing.com/bingbot.htm) Chrome/103.0.5060.134 Safari/537.36" "ysfine.com"
40.77.167.71 - - [05/Nov/2022:02:37:29 -0700] "GET /ysbio/wisdom/quovadis.html HTTP/1.1" 200 3582 "-" "Mozilla/5.0 AppleWebKit/537.36 (KHTML, like Gecko; compatible; bingbot/2.0; +http://www.bing.com/bingbot.htm) Chrome/103.0.5060.134 Safari/537.36" "ysfine.com"
157.55.39.17 - - [05/Nov/2022:02:37:47 -0700] "GET /kowar/panmun04b.jpg HTTP/1.1" 200 49952 "-" "Mozilla/5.0 (compatible; bingbot/2.0; +http://www.bing.com/bingbot.htm)" "www.ysfine.com"
20.109.241.81 - - [05/Nov/2022:02:37:53 -0700] "GET /wigner/isomor99a.jpg HTTP/1.1" 200 90436 "https://ysfine.com/wigner" "Mozilla/5.0 (X11; Linux x86_64) AppleWebKit/537.36 (KHTML, like Gecko) Chrome/74.0.3729.169 Safari/537.36" "ysfine.com"
20.12.191.74 - - [05/Nov/2022:02:38:29 -0700] "GET /feynman/feyfirm3.jpg HTTP/1.1" 200 39603 "http://ysfine.com/feynman" "Mozilla/5.0 (Linux; Android 10; SM-G960U) AppleWebKit/537.36 (KHTML, like Gecko) Chrome/88.0.4324.181 Mobile Safari/537.36" "ysfine.com"
5.102.173.71 - - [05/Nov/2022:02:38:36 -0700] "GET /robots.txt HTTP/1.1" 404 88 "-" "Mozilla/5.0 (compatible; MojeekBot/0.11; +https://www.mojeek.com/bot.html)" "ysfine.com"
5.102.173.71 - - [05/Nov/2022:02:38:36 -0700] "GET /princeton/old.html HTTP/1.1" 404 88 "-" "Mozilla/5.0 (compatible; MojeekBot/0.11; +https://www.mojeek.com/bot.html)" "ysfine.com"
114.182.32.127 - - [05/Nov/2022:02:38:59 -0700] "GET /yspapers/iopbook15.pdf HTTP/1.1" 200 2962673 "https://www.google.com/" "Mozilla/5.0 (Windows NT 10.0; Win64; x64) AppleWebKit/537.36 (KHTML, like Gecko) Chrome/107.0.0.0 Safari/537.36" "ysfine.com"
114.182.32.127 - - [05/Nov/2022:02:39:00 -0700] "GET /yspapers/iopbook15.pdf HTTP/1.1" 200 2962673 "-" "Mozilla/5.0 (Windows NT 10.0; Win64; x64) AppleWebKit/537.36 (KHTML, like Gecko) Chrome/107.0.0.0 Safari/537.36" "ysfine.com"
114.182.32.127 - - [05/Nov/2022:02:39:15 -0700] "GET /yspapers/iopbook15.pdf HTTP/1.1" 206 4097 "-" "Mozilla/5.0 (Windows NT 10.0; Win64; x64) AppleWebKit/537.36 (KHTML, like Gecko) Chrome/107.0.0.0 Safari/537.36" "ysfine.com"
157.55.39.76 - - [05/Nov/2022:02:39:55 -0700] "GET /bio/harmoarchi.html HTTP/1.1" 404 88 "-" "Mozilla/5.0 AppleWebKit/537.36 (KHTML, like Gecko; compatible; bingbot/2.0; +http://www.bing.com/bingbot.htm) Chrome/103.0.5060.134 Safari/537.36" "ysfine.com"
157.55.39.76 - - [05/Nov/2022:02:40:24 -0700] "GET /newyork/nyharbor35.jpg HTTP/1.1" 200 102337 "-" "Mozilla/5.0 (compatible; bingbot/2.0; +http://www.bing.com/bingbot.htm)" "ysfine.com"
40.86.101.164 - - [05/Nov/2022:02:40:25 -0700] "GET /world/ital/uffizi12b.jpg HTTP/1.1" 200 49310 "https://ysfine.com/world/ital" "Mozilla/5.0 (iPhone; CPU iPhone OS 13_5_1 like Mac OS X) AppleWebKit/605.1.15 (KHTML, like Gecko) Version/13.1.1 Mobile/15E148 Safari/604.1" "ysfine.com"
106.155.4.156 - - [05/Nov/2022:02:40:32 -0700] "GET /maga/phil/keigel500.jpg HTTP/1.1" 200 44688 "https://www.google.com/" "Mozilla/5.0 (Windows NT 10.0; Win64; x64) AppleWebKit/537.36 (KHTML, like Gecko) Chrome/107.0.0.0 Safari/537.36" "ysfine.com"
157.55.39.17 - - [05/Nov/2022:02:40:37 -0700] "GET /world/baltic/riga30.jpg HTTP/1.1" 200 63272 "-" "Mozilla/5.0 (compatible; bingbot/2.0; +http://www.bing.com/bingbot.htm)" "ysfine.com"
40.122.227.200 - - [05/Nov/2022:02:40:55 -0700] "GET /dongio/aline/virgin05c.jpg HTTP/1.1" 404 88 "https://ysfine.com/dongio/aline" "Mozilla/5.0 (Windows NT 10.0; Win64; x64) AppleWebKit/537.36 (KHTML, like Gecko) Chrome/74.0.3729.157 Safari/537.36" "ysfine.com"
40.77.167.68 - - [05/Nov/2022:02:41:00 -0700] "GET /bio/style/rieu.html HTTP/1.1" 404 88 "-" "Mozilla/5.0 AppleWebKit/537.36 (KHTML, like Gecko; compatible; bingbot/2.0; +http://www.bing.com/bingbot.htm) Chrome/103.0.5060.134 Safari/537.36" "ysfine.com"
40.122.227.202 - - [05/Nov/2022:02:41:14 -0700] "GET /friends/amkor/amwash01b.jpg HTTP/1.1" 404 88 "https://ysfine.com/friends/amkor" "Mozilla/5.0 (X11; Linux x86_64) AppleWebKit/537.36 (KHTML, like Gecko) Chrome/74.0.3729.169 Safari/537.36" "ysfine.com"
157.55.39.76 - - [05/Nov/2022:02:41:14 -0700] "GET /beau/frchina02.jpg HTTP/1.1" 404 88 "-" "Mozilla/5.0 (compatible; bingbot/2.0; +http://www.bing.com/bingbot.htm)" "ysfine.com"
20.106.27.209 - - [05/Nov/2022:02:41:21 -0700] "GET /world/baltic/lithu04b.jpg HTTP/1.1" 200 36043 "http://ysfine.com/world/baltic" "Mozilla/5.0 (Macintosh; Intel Mac OS X 10_11_6) AppleWebKit/605.1.15 (KHTML, like Gecko) Version/11.1.2 Safari/605.1.15" "ysfine.com"
51.222.253.10 - - [05/Nov/2022:02:41:45 -0700] "GET /world/wdrigh.html HTTP/1.1" 200 2217 "-" "Mozilla/5.0 (compatible; AhrefsBot/7.0; +http://ahrefs.com/robot/)" "ysfine.com"
51.222.253.3 - - [05/Nov/2022:02:41:49 -0700] "GET /world/canonp66c.jpg HTTP/1.1" 200 21845 "-" "Mozilla/5.0 (compatible; AhrefsBot/7.0; +http://ahrefs.com/robot/)" "ysfine.com"
20.109.241.96 - - [05/Nov/2022:02:41:51 -0700] "GET /einstein/heisen33b.jpg HTTP/1.1" 200 78035 "https://ysfine.com/einstein" "Mozilla/5.0 (iPhone; CPU iPhone OS 13_5_1 like Mac OS X) AppleWebKit/605.1.15 (KHTML, like Gecko) Version/13.1.1 Mobile/15E148 Safari/604.1" "ysfine.com"
51.222.253.15 - - [05/Nov/2022:02:41:55 -0700] "GET /kobak/swr51c.jpg HTTP/1.1" 200 35677 "-" "Mozilla/5.0 (compatible; AhrefsBot/7.0; +http://ahrefs.com/robot/)" "ysfine.com"
51.222.253.2 - - [05/Nov/2022:02:42:00 -0700] "GET /world/france/aix02c.jpg HTTP/1.1" 200 65402 "-" "Mozilla/5.0 (compatible; AhrefsBot/7.0; +http://ahrefs.com/robot/)" "ysfine.com"
40.77.51.80 - - [05/Nov/2022:02:42:06 -0700] "GET /world/hungary/buda122b.jpg HTTP/1.1" 200 27902 "http://ysfine.com/world/hungary" "Mozilla/5.0 (X11; Linux x86_64) AppleWebKit/537.36 (KHTML, like Gecko) Chrome/74.0.3729.169 Safari/537.36" "ysfine.com"
51.222.253.7 - - [05/Nov/2022:02:42:06 -0700] "GET /awards/marq/hemis21a.jpg HTTP/1.1" 200 116270 "-" "Mozilla/5.0 (compatible; AhrefsBot/7.0; +http://ahrefs.com/robot/)" "ysfine.com"
51.222.253.2 - - [05/Nov/2022:02:42:12 -0700] "GET /newyork/love150.jpg HTTP/1.1" 200 24939 "-" "Mozilla/5.0 (compatible; AhrefsBot/7.0; +http://ahrefs.com/robot/)" "ysfine.com"
20.106.27.173 - - [05/Nov/2022:02:42:36 -0700] "GET /world/russ/kazan004b.jpg HTTP/1.1" 200 42128 "https://www.ysfine.com/world/russ" "Mozilla/5.0 (Macintosh; Intel Mac OS X 10_11_6) AppleWebKit/605.1.15 (KHTML, like Gecko) Version/11.1.2 Safari/605.1.15" "www.ysfine.com"
103.211.218.157 - - [05/Nov/2022:02:42:48 -0700] "GET / HTTP/1.1" 200 5283 "-" "Go-http-client/1.1" "ysfine.com"
103.211.218.157 - - [05/Nov/2022:02:42:49 -0700] "POST /xmlrpc.php HTTP/1.1" 404 88 "-" "Go-http-client/1.1" "ysfine.com"
103.211.218.157 - - [05/Nov/2022:02:42:51 -0700] "GET /zip.zip HTTP/1.1" 404 88 "-" "Go-http-client/1.1" "ysfine.com"
103.211.218.157 - - [05/Nov/2022:02:42:52 -0700] "GET /rar.rar HTTP/1.1" 404 88 "-" "Go-http-client/1.1" "ysfine.com"
103.211.218.157 - - [05/Nov/2022:02:42:52 -0700] "GET /tar.tar HTTP/1.1" 404 88 "-" "Go-http-client/1.1" "ysfine.com"
103.211.218.157 - - [05/Nov/2022:02:42:53 -0700] "GET /pack.zip HTTP/1.1" 404 88 "-" "Go-http-client/1.1" "ysfine.com"
103.211.218.157 - - [05/Nov/2022:02:42:54 -0700] "GET /pack.rar HTTP/1.1" 404 88 "-" "Go-http-client/1.1" "ysfine.com"
103.211.218.157 - - [05/Nov/2022:02:42:55 -0700] "GET /pack.tar HTTP/1.1" 404 88 "-" "Go-http-client/1.1" "ysfine.com"
157.55.39.65 - - [05/Nov/2022:02:42:55 -0700] "GET /ysbio/world/veneto.html HTTP/1.1" 200 6676 "-" "Mozilla/5.0 AppleWebKit/537.36 (KHTML, like Gecko; compatible; bingbot/2.0; +http://www.bing.com/bingbot.htm) Chrome/103.0.5060.134 Safari/537.36" "ysfine.com"
103.211.218.157 - - [05/Nov/2022:02:42:55 -0700] "GET /pack.tar.gz HTTP/1.1" 404 88 "-" "Go-http-client/1.1" "ysfine.com"
103.211.218.157 - - [05/Nov/2022:02:42:57 -0700] "GET /pack.tgz HTTP/1.1" 404 88 "-" "Go-http-client/1.1" "ysfine.com"
103.211.218.157 - - [05/Nov/2022:02:42:57 -0700] "GET /0.zip HTTP/1.1" 404 88 "-" "Go-http-client/1.1" "ysfine.com"
103.211.218.157 - - [05/Nov/2022:02:42:58 -0700] "GET /0.rar HTTP/1.1" 404 88 "-" "Go-http-client/1.1" "ysfine.com"
103.211.218.157 - - [05/Nov/2022:02:42:59 -0700] "GET /0.tar HTTP/1.1" 404 88 "-" "Go-http-client/1.1" "ysfine.com"
103.211.218.157 - - [05/Nov/2022:02:43:00 -0700] "GET /0.tar.gz HTTP/1.1" 404 88 "-" "Go-http-client/1.1" "ysfine.com"
103.211.218.157 - - [05/Nov/2022:02:43:01 -0700] "GET /0.tgz HTTP/1.1" 404 88 "-" "Go-http-client/1.1" "ysfine.com"
103.211.218.157 - - [05/Nov/2022:02:43:01 -0700] "GET /0.gz HTTP/1.1" 404 88 "-" "Go-http-client/1.1" "ysfine.com"
103.211.218.157 - - [05/Nov/2022:02:43:02 -0700] "GET /0.bak HTTP/1.1" 404 88 "-" "Go-http-client/1.1" "ysfine.com"
103.211.218.157 - - [05/Nov/2022:02:43:02 -0700] "GET /1.zip HTTP/1.1" 404 88 "-" "Go-http-client/1.1" "ysfine.com"
103.211.218.157 - - [05/Nov/2022:02:43:03 -0700] "GET /1.rar HTTP/1.1" 404 88 "-" "Go-http-client/1.1" "ysfine.com"
103.211.218.157 - - [05/Nov/2022:02:43:04 -0700] "GET /1.tar HTTP/1.1" 404 88 "-" "Go-http-client/1.1" "ysfine.com"
103.211.218.157 - - [05/Nov/2022:02:43:05 -0700] "GET /1.tar.gz HTTP/1.1" 404 88 "-" "Go-http-client/1.1" "ysfine.com"
103.211.218.157 - - [05/Nov/2022:02:43:05 -0700] "GET /1.tgz HTTP/1.1" 404 88 "-" "Go-http-client/1.1" "ysfine.com"
103.211.218.157 - - [05/Nov/2022:02:43:06 -0700] "GET /1.gz HTTP/1.1" 404 88 "-" "Go-http-client/1.1" "ysfine.com"
103.211.218.157 - - [05/Nov/2022:02:43:07 -0700] "GET /1.bak HTTP/1.1" 404 88 "-" "Go-http-client/1.1" "ysfine.com"
103.211.218.157 - - [05/Nov/2022:02:43:08 -0700] "GET /2.zip HTTP/1.1" 404 88 "-" "Go-http-client/1.1" "ysfine.com"
103.211.218.157 - - [05/Nov/2022:02:43:08 -0700] "GET /2.rar HTTP/1.1" 404 88 "-" "Go-http-client/1.1" "ysfine.com"
20.29.110.169 - - [05/Nov/2022:02:43:12 -0700] "GET /houses/windsorhouse2.jpg HTTP/1.1" 200 44978 "https://ysfine.com/houses" "Mozilla/5.0 (iPhone; CPU iPhone OS 13_5_1 like Mac OS X) AppleWebKit/605.1.15 (KHTML, like Gecko) Version/13.1.1 Mobile/15E148 Safari/604.1" "ysfine.com"
157.55.39.65 - - [05/Nov/2022:02:43:33 -0700] "GET /wigner/neum/pvn03.jpg HTTP/1.1" 200 83757 "-" "Mozilla/5.0 (compatible; bingbot/2.0; +http://www.bing.com/bingbot.htm)" "ysfine.com"
40.122.227.201 - - [05/Nov/2022:02:43:37 -0700] "GET /world/balkan/istan037b.jpg HTTP/1.1" 200 43902 "http://ysfine.com/world/balkan" "Mozilla/5.0 (Windows NT 10.0; Win64; x64) AppleWebKit/537.36 (KHTML, like Gecko) Chrome/74.0.3729.157 Safari/537.36" "ysfine.com"
40.77.167.71 - - [05/Nov/2022:02:43:50 -0700] "GET /bio/feynman/partons.html HTTP/1.1" 404 88 "-" "Mozilla/5.0 (compatible; bingbot/2.0; +http://www.bing.com/bingbot.htm)" "ysfine.com"
175.177.41.30 - - [05/Nov/2022:02:43:54 -0700] "GET /world/ital/bologr01.jpg HTTP/1.1" 200 117925 "https://www.bing.com/" "Mozilla/5.0 (Windows NT 10.0; Win64; x64) AppleWebKit/537.36 (KHTML, like Gecko) Chrome/107.0.0.0 Safari/537.36 Edg/107.0.1418.26" "ysfine.com"
175.177.41.30 - - [05/Nov/2022:02:44:02 -0700] "GET /world/ital/bologr01.jpg HTTP/1.1" 200 117925 "https://www.bing.com/" "Mozilla/5.0 (Windows NT 10.0; Win64; x64) AppleWebKit/537.36 (KHTML, like Gecko) Chrome/107.0.0.0 Safari/537.36 Edg/107.0.1418.26" "ysfine.com"
40.122.227.201 - - [05/Nov/2022:02:44:43 -0700] "GET /world/china/xian01b.jpg HTTP/1.1" 200 30886 "http://www.ysfine.com/world/china" "Mozilla/5.0 (Windows NT 10.0; Win64; x64) AppleWebKit/537.36 (KHTML, like Gecko) Chrome/74.0.3729.157 Safari/537.36" "www.ysfine.com"
157.55.39.65 - - [05/Nov/2022:02:45:05 -0700] "GET /bio/style/ystyle.html HTTP/1.1" 404 88 "-" "Mozilla/5.0 (compatible; bingbot/2.0; +http://www.bing.com/bingbot.htm)" "ysfine.com"
20.109.241.98 - - [05/Nov/2022:02:45:14 -0700] "GET /wigner/wigwein2.jpg HTTP/1.1" 200 42269 "https://ysfine.com/wigner" "Mozilla/5.0 (X11; Linux x86_64) AppleWebKit/537.36 (KHTML, like Gecko) Chrome/74.0.3729.169 Safari/537.36" "ysfine.com"
20.12.191.74 - - [05/Nov/2022:02:45:14 -0700] "GET /newyork/battery40b.jpg HTTP/1.1" 200 49128 "http://ysfine.com/newyork" "Mozilla/5.0 (iPhone; CPU iPhone OS 13_5_1 like Mac OS X) AppleWebKit/605.1.15 (KHTML, like Gecko) Version/13.1.1 Mobile/15E148 Safari/604.1" "ysfine.com"
20.106.28.16 - - [05/Nov/2022:02:45:27 -0700] "GET /world/hungary/buda071b.jpg HTTP/1.1" 200 40884 "http://www.ysfine.com/world/hungary" "Mozilla/5.0 (X11; Linux x86_64) AppleWebKit/537.36 (KHTML, like Gecko) Chrome/74.0.3729.169 Safari/537.36" "www.ysfine.com"
20.109.241.82 - - [05/Nov/2022:02:45:43 -0700] "GET /world/france/metz52b.jpg HTTP/1.1" 200 33874 "http://ysfine.com/world/france" "Mozilla/5.0 (Linux; Android 10; SM-G960U) AppleWebKit/537.36 (KHTML, like Gecko) Chrome/88.0.4324.181 Mobile Safari/537.36" "ysfine.com"
40.77.51.86 - - [05/Nov/2022:02:45:49 -0700] "GET /world/france/frstu03b.jpg HTTP/1.1" 200 40739 "https://ysfine.com/world/france" "Mozilla/5.0 (Windows NT 10.0; Win64; x64) AppleWebKit/537.36 (KHTML, like Gecko) Chrome/74.0.3729.157 Safari/537.36" "ysfine.com"
40.77.167.27 - - [05/Nov/2022:02:46:07 -0700] "GET /ysbio/dirac/diracsq22.html HTTP/1.1" 200 7395 "-" "Mozilla/5.0 AppleWebKit/537.36 (KHTML, like Gecko; compatible; bingbot/2.0; +http://www.bing.com/bingbot.htm) Chrome/103.0.5060.134 Safari/537.36" "ysfine.com"
40.77.167.71 - - [05/Nov/2022:02:46:10 -0700] "GET /ysbio/world/bologna.html HTTP/1.1" 200 6357 "-" "Mozilla/5.0 (compatible; bingbot/2.0; +http://www.bing.com/bingbot.htm)" "ysfine.com"
40.122.195.128 - - [05/Nov/2022:02:46:17 -0700] "GET /world/germany/mucu15b.jpg HTTP/1.1" 200 46189 "http://ysfine.com/world/germany" "Mozilla/5.0 (Macintosh; Intel Mac OS X 10_11_6) AppleWebKit/605.1.15 (KHTML, like Gecko) Version/11.1.2 Safari/605.1.15" "ysfine.com"
40.77.51.81 - - [05/Nov/2022:02:46:20 -0700] "GET /friends/leshalles11b.jpg HTTP/1.1" 404 88 "http://ysfine.com/friends" "Mozilla/5.0 (Windows NT 10.0; Win64; x64) AppleWebKit/537.36 (KHTML, like Gecko) Chrome/74.0.3729.157 Safari/537.36" "ysfine.com"
51.222.253.20 - - [05/Nov/2022:02:46:24 -0700] "GET /ysbio/world/kiev.html HTTP/1.1" 200 4582 "-" "Mozilla/5.0 (compatible; AhrefsBot/7.0; +http://ahrefs.com/robot/)" "ysfine.com"
20.29.110.169 - - [05/Nov/2022:02:46:31 -0700] "GET /kobak/alexvic11b.jpg HTTP/1.1" 200 47312 "http://ysfine.com/kobak" "Mozilla/5.0 (Windows NT 10.0; Win64; x64) AppleWebKit/537.36 (KHTML, like Gecko) Chrome/74.0.3729.157 Safari/537.36" "ysfine.com"
157.55.39.76 - - [05/Nov/2022:02:46:55 -0700] "GET /bio/kobak/yskor.html HTTP/1.1" 404 88 "-" "Mozilla/5.0 AppleWebKit/537.36 (KHTML, like Gecko; compatible; bingbot/2.0; +http://www.bing.com/bingbot.htm) Chrome/103.0.5060.134 Safari/537.36" "ysfine.com"
157.55.39.17 - - [05/Nov/2022:02:47:37 -0700] "GET /world/brit/harrow01.jpg HTTP/1.1" 200 116031 "-" "Mozilla/5.0 (compatible; bingbot/2.0; +http://www.bing.com/bingbot.htm)" "ysfine.com"
157.55.39.17 - - [05/Nov/2022:02:47:38 -0700] "GET /bio/einstein/bern.html HTTP/1.1" 404 88 "-" "Mozilla/5.0 AppleWebKit/537.36 (KHTML, like Gecko; compatible; bingbot/2.0; +http://www.bing.com/bingbot.htm) Chrome/103.0.5060.134 Safari/537.36" "ysfine.com"
157.55.39.65 - - [05/Nov/2022:02:47:47 -0700] "GET /bio/dirac/dirleft.html HTTP/1.1" 404 88 "-" "Mozilla/5.0 AppleWebKit/537.36 (KHTML, like Gecko; compatible; bingbot/2.0; +http://www.bing.com/bingbot.htm) Chrome/103.0.5060.134 Safari/537.36" "ysfine.com"
40.86.101.254 - - [05/Nov/2022:02:47:49 -0700] "GET /world/ital/flor036b.jpg HTTP/1.1" 200 43002 "https://www.ysfine.com/world/ital" "Mozilla/5.0 (Linux; Android 10; SM-G960U) AppleWebKit/537.36 (KHTML, like Gecko) Chrome/88.0.4324.181 Mobile Safari/537.36" "www.ysfine.com"
20.109.241.97 - - [05/Nov/2022:02:48:19 -0700] "GET /home/house99c.jpg HTTP/1.1" 200 26434 "https://ysfine.com/home" "Mozilla/5.0 (Linux; Android 10; SM-G960U) AppleWebKit/537.36 (KHTML, like Gecko) Chrome/88.0.4324.181 Mobile Safari/537.36" "ysfine.com"
40.77.167.68 - - [05/Nov/2022:02:48:20 -0700] "GET /world/china/andun01b.jpg HTTP/1.1" 200 35315 "-" "Mozilla/5.0 AppleWebKit/537.36 (KHTML, like Gecko; compatible; bingbot/2.0; +http://www.bing.com/bingbot.htm) Chrome/103.0.5060.134 Safari/537.36" "www.ysfine.com"
157.55.39.65 - - [05/Nov/2022:02:48:25 -0700] "GET /bio/world/trier.html HTTP/1.1" 404 88 "-" "Mozilla/5.0 (compatible; bingbot/2.0; +http://www.bing.com/bingbot.htm)" "ysfine.com"
40.122.230.188 - - [05/Nov/2022:02:48:27 -0700] "GET /style/socrates55c.jpg HTTP/1.1" 200 38192 "https://ysfine.com/style" "Mozilla/5.0 (Macintosh; Intel Mac OS X 10_11_6) AppleWebKit/605.1.15 (KHTML, like Gecko) Version/11.1.2 Safari/605.1.15" "ysfine.com"
157.55.39.65 - - [05/Nov/2022:02:48:44 -0700] "GET /style/yasukuni22b.jpg HTTP/1.1" 200 35342 "-" "Mozilla/5.0 AppleWebKit/537.36 (KHTML, like Gecko; compatible; bingbot/2.0; +http://www.bing.com/bingbot.htm) Chrome/103.0.5060.134 Safari/537.36" "www.ysfine.com"
20.109.241.96 - - [05/Nov/2022:02:48:47 -0700] "GET /maga/phys/volkova01b.jpg HTTP/1.1" 200 42370 "https://ysfine.com/maga/phys" "Mozilla/5.0 (Linux; Android 10; SM-G960U) AppleWebKit/537.36 (KHTML, like Gecko) Chrome/88.0.4324.181 Mobile Safari/537.36" "ysfine.com"
79.139.147.101 - - [05/Nov/2022:02:49:10 -0700] "GET /wigner/wigein11.jpg HTTP/1.1" 200 130837 "https://www.google.ru/" "Mozilla/5.0 (iPhone; CPU iPhone OS 14_7_1 like Mac OS X) AppleWebKit/605.1.15 (KHTML, like Gecko) Version/14.1.2 Mobile/15E148 Safari/604.1" "ysfine.com"
79.139.147.101 - - [05/Nov/2022:02:49:11 -0700] "GET /wigner/dirwig33.jpg HTTP/1.1" 200 60215 "https://www.google.ru/" "Mozilla/5.0 (iPhone; CPU iPhone OS 14_7_1 like Mac OS X) AppleWebKit/605.1.15 (KHTML, like Gecko) Version/14.1.2 Mobile/15E148 Safari/604.1" "ysfine.com"
157.55.39.76 - - [05/Nov/2022:02:49:16 -0700] "GET /ysbio/philo/sisfa12/index.html HTTP/1.1" 200 148 "-" "Mozilla/5.0 AppleWebKit/537.36 (KHTML, like Gecko; compatible; bingbot/2.0; +http://www.bing.com/bingbot.htm) Chrome/103.0.5060.134 Safari/537.36" "ysfine.com"
40.77.51.81 - - [05/Nov/2022:02:49:19 -0700] "GET /world/balkan/athf07b.jpg HTTP/1.1" 200 54094 "http://ysfine.com/world/balkan" "Mozilla/5.0 (Macintosh; Intel Mac OS X 10_11_6) AppleWebKit/605.1.15 (KHTML, like Gecko) Version/11.1.2 Safari/605.1.15" "ysfine.com"
40.77.167.68 - - [05/Nov/2022:02:49:40 -0700] "GET /world/russ/spbnv06b.jpg HTTP/1.1" 200 41431 "-" "Mozilla/5.0 (compatible; bingbot/2.0; +http://www.bing.com/bingbot.htm)" "ysfine.com"
40.77.167.71 - - [05/Nov/2022:02:50:19 -0700] "GET /people/zeilinger2.jpg HTTP/1.1" 200 30410 "-" "Mozilla/5.0 AppleWebKit/537.36 (KHTML, like Gecko; compatible; bingbot/2.0; +http://www.bing.com/bingbot.htm) Chrome/103.0.5060.134 Safari/537.36" "ysfine.com"
40.86.101.254 - - [05/Nov/2022:02:50:30 -0700] "GET /world/france/vers09b.jpg HTTP/1.1" 200 42953 "https://ysfine.com/world/france" "Mozilla/5.0 (Windows NT 10.0; Win64; x64) AppleWebKit/537.36 (KHTML, like Gecko) Chrome/74.0.3729.157 Safari/537.36" "ysfine.com"
157.55.39.76 - - [05/Nov/2022:02:50:37 -0700] "GET /bio/bio07.html HTTP/1.1" 404 88 "-" "Mozilla/5.0 (compatible; bingbot/2.0; +http://www.bing.com/bingbot.htm)" "ysfine.com"
157.55.39.65 - - [05/Nov/2022:02:50:55 -0700] "GET /ysbio/maga/bohratom.html HTTP/1.1" 200 5125 "-" "Mozilla/5.0 (compatible; bingbot/2.0; +http://www.bing.com/bingbot.htm)" "ysfine.com"
51.222.253.16 - - [05/Nov/2022:02:51:09 -0700] "GET /class54/class5480/Pictures/2.%C3%AA%C2%B8%C2%B0%C3%AB%C2%85%C2%90%C3%AD%C2%96%C2%89%C3%AC%C2%82%C2%AC/?C=M;O=D HTTP/1.1" 200 1767 "-" "Mozilla/5.0 (compatible; AhrefsBot/7.0; +http://ahrefs.com/robot/)" "ysfine.com"
40.122.227.201 - - [05/Nov/2022:02:51:11 -0700] "GET /world/china/china029b.jpg HTTP/1.1" 200 35380 "https://ysfine.com/world/china" "Mozilla/5.0 (X11; Linux x86_64) AppleWebKit/537.36 (KHTML, like Gecko) Chrome/74.0.3729.169 Safari/537.36" "ysfine.com"
40.122.227.200 - - [05/Nov/2022:02:51:37 -0700] "GET /einstein/standrun33.jpg HTTP/1.1" 200 46235 "https://ysfine.com/einstein" "Mozilla/5.0 (Linux; Android 10; SM-G960U) AppleWebKit/537.36 (KHTML, like Gecko) Chrome/88.0.4324.181 Mobile Safari/537.36" "ysfine.com"
40.77.167.68 - - [05/Nov/2022:02:51:41 -0700] "GET /ysbio/kobak/sohnjd.pdf HTTP/1.1" 200 3257358 "-" "Mozilla/5.0 AppleWebKit/537.36 (KHTML, like Gecko; compatible; bingbot/2.0; +http://www.bing.com/bingbot.htm) Chrome/103.0.5060.134 Safari/537.36" "ysfine.com"
18.130.251.238 - - [05/Nov/2022:02:51:50 -0700] "GET /maga/phys/solvayc27c.jpg HTTP/1.1" 200 53464 "https://www.google.com/" "Mozilla/5.0 (Macintosh; Intel Mac OS X 10_15_7) AppleWebKit/537.36 (KHTML, like Gecko) Chrome/107.0.0.0 Safari/537.36" "ysfine.com"
114.182.32.127 - - [05/Nov/2022:02:52:00 -0700] "GET /yspapers/iopbook15.pdf HTTP/1.1" 200 2962673 "-" "Mozilla/5.0 (Macintosh; Intel Mac OS X 10_15_0) AppleWebKit/537.36 (KHTML, like Gecko) Chrome/107.0.0.0 Safari/537.36" "ysfine.com"
114.182.32.127 - - [05/Nov/2022:02:52:00 -0700] "GET /yspapers/iopbook15.pdf HTTP/1.1" 200 2962673 "-" "Mozilla/5.0 (Macintosh; Intel Mac OS X 10_15_0) AppleWebKit/537.36 (KHTML, like Gecko) Chrome/107.0.0.0 Safari/537.36" "ysfine.com"
114.182.32.127 - - [05/Nov/2022:02:52:05 -0700] "GET /favicon.ico HTTP/1.1" 404 88 "https://ysfine.com/yspapers/iopbook15.pdf" "Mozilla/5.0 (Macintosh; Intel Mac OS X 10_15_0) AppleWebKit/537.36 (KHTML, like Gecko) Chrome/107.0.0.0 Safari/537.36" "ysfine.com"
40.77.167.68 - - [05/Nov/2022:02:52:10 -0700] "GET /beau/matisse11.jpg HTTP/1.1" 404 88 "-" "Mozilla/5.0 AppleWebKit/537.36 (KHTML, like Gecko; compatible; bingbot/2.0; +http://www.bing.com/bingbot.htm) Chrome/103.0.5060.134 Safari/537.36" "ysfine.com"
20.29.110.168 - - [05/Nov/2022:02:52:18 -0700] "GET /world/germany/berlinf27b.jpg HTTP/1.1" 200 46771 "https://ysfine.com/world/germany" "Mozilla/5.0 (Windows NT 10.0; Win64; x64) AppleWebKit/537.36 (KHTML, like Gecko) Chrome/74.0.3729.157 Safari/537.36" "ysfine.com"
157.55.39.65 - - [05/Nov/2022:02:52:54 -0700] "GET /ysbio/think55.jpg HTTP/1.1" 200 146896 "-" "Mozilla/5.0 AppleWebKit/537.36 (KHTML, like Gecko; compatible; bingbot/2.0; +http://www.bing.com/bingbot.htm) Chrome/103.0.5060.134 Safari/537.36" "www.ysfine.com"
40.77.167.27 - - [05/Nov/2022:02:53:07 -0700] "GET /princeton/pcomm01.jpg HTTP/1.1" 200 131847 "-" "Mozilla/5.0 (compatible; bingbot/2.0; +http://www.bing.com/bingbot.htm)" "ysfine.com"
40.86.101.254 - - [05/Nov/2022:02:53:11 -0700] "GET /kowar/tanks/sherman44b.jpg HTTP/1.1" 200 34454 "http://ysfine.com/kowar/tanks" "Mozilla/5.0 (Macintosh; Intel Mac OS X 10_11_6) AppleWebKit/605.1.15 (KHTML, like Gecko) Version/11.1.2 Safari/605.1.15" "ysfine.com"
40.77.51.85 - - [05/Nov/2022:02:53:26 -0700] "GET /friends/aline/jal24c.jpg HTTP/1.1" 404 88 "https://ysfine.com/friends/aline" "Mozilla/5.0 (Windows NT 10.0; Win64; x64) AppleWebKit/537.36 (KHTML, like Gecko) Chrome/74.0.3729.157 Safari/537.36" "ysfine.com"
157.55.39.76 - - [05/Nov/2022:02:53:26 -0700] "GET /wdc/fedreserv11.jpg HTTP/1.1" 200 133455 "-" "Mozilla/5.0 (compatible; bingbot/2.0; +http://www.bing.com/bingbot.htm)" "www.ysfine.com"
40.77.51.84 - - [05/Nov/2022:02:53:27 -0700] "GET /style/cameras/beielemen11c.jpg HTTP/1.1" 200 30003 "https://ysfine.com/style/cameras" "Mozilla/5.0 (Macintosh; Intel Mac OS X 10_11_6) AppleWebKit/605.1.15 (KHTML, like Gecko) Version/11.1.2 Safari/605.1.15" "ysfine.com"
40.77.167.27 - - [05/Nov/2022:02:53:38 -0700] "GET /ysbio/wigner/wigphoto.html HTTP/1.1" 200 3234 "-" "Mozilla/5.0 (compatible; bingbot/2.0; +http://www.bing.com/bingbot.htm)" "ysfine.com"
40.122.227.200 - - [05/Nov/2022:02:53:48 -0700] "GET /eink/moses22c.jpg HTTP/1.1" 200 61669 "https://ysfine.com/eink" "Mozilla/5.0 (iPhone; CPU iPhone OS 13_5_1 like Mac OS X) AppleWebKit/605.1.15 (KHTML, like Gecko) Version/13.1.1 Mobile/15E148 Safari/604.1" "ysfine.com"
77.75.78.166 - - [05/Nov/2022:02:53:53 -0700] "GET /robots.txt HTTP/1.1" 404 88 "-" "Mozilla/5.0 (compatible; SeznamBot/3.2; +http://napoveda.seznam.cz/en/seznambot-intro/)" "ysfine.com"
77.75.78.166 - - [05/Nov/2022:02:53:54 -0700] "GET /einstein/places/einmu50.jpg HTTP/1.1" 200 77925 "-" "Mozilla/5.0 (compatible; SeznamBot/3.2; +http://napoveda.seznam.cz/en/seznambot-intro/)" "ysfine.com"
77.75.78.166 - - [05/Nov/2022:02:53:58 -0700] "GET /world/russ/kazan077.jpg HTTP/1.1" 200 51836 "-" "Mozilla/5.0 (compatible; SeznamBot/3.2; +http://napoveda.seznam.cz/en/seznambot-intro/)" "ysfine.com"
157.55.39.17 - - [05/Nov/2022:02:53:59 -0700] "GET /dirac/dirwig240.jpg HTTP/1.1" 200 35198 "-" "Mozilla/5.0 AppleWebKit/537.36 (KHTML, like Gecko; compatible; bingbot/2.0; +http://www.bing.com/bingbot.htm) Chrome/103.0.5060.134 Safari/537.36" "ysfine.com"
77.75.78.166 - - [05/Nov/2022:02:53:59 -0700] "GET /world/russ/kazan090.jpg HTTP/1.1" 200 72790 "-" "Mozilla/5.0 (compatible; SeznamBot/3.2; +http://napoveda.seznam.cz/en/seznambot-intro/)" "ysfine.com"
77.75.78.166 - - [05/Nov/2022:02:54:01 -0700] "GET /usca/norl/missi15.jpg HTTP/1.1" 304 - "-" "Mozilla/5.0 (compatible; SeznamBot/3.2; +http://napoveda.seznam.cz/en/seznambot-intro/)" "ysfine.com"
77.75.78.166 - - [05/Nov/2022:02:54:01 -0700] "GET /wdc/washmo07.jpg HTTP/1.1" 304 - "-" "Mozilla/5.0 (compatible; SeznamBot/3.2; +http://napoveda.seznam.cz/en/seznambot-intro/)" "ysfine.com"
157.55.39.17 - - [05/Nov/2022:02:54:07 -0700] "GET /bio/style/leica.html HTTP/1.1" 404 88 "-" "Mozilla/5.0 (compatible; bingbot/2.0; +http://www.bing.com/bingbot.htm)" "ysfine.com"
40.77.167.27 - - [05/Nov/2022:02:54:47 -0700] "GET /people/logunov11b.jpg HTTP/1.1" 200 26659 "-" "Mozilla/5.0 (compatible; bingbot/2.0; +http://www.bing.com/bingbot.htm)" "www.ysfine.com"
49.228.105.167 - - [05/Nov/2022:02:55:26 -0700] "GET /world/places/ulm03.jpg HTTP/1.1" 200 145594 "https://www.google.com/" "Mozilla/5.0 (Macintosh; Intel Mac OS X 10_15_7) AppleWebKit/537.36 (KHTML, like Gecko) Chrome/107.0.0.0 Safari/537.36 Edg/107.0.1418.35" "ysfine.com"
40.77.167.27 - - [05/Nov/2022:02:55:36 -0700] "GET /style/musee/perga12.jpg HTTP/1.1" 200 112089 "-" "Mozilla/5.0 (compatible; bingbot/2.0; +http://www.bing.com/bingbot.htm)" "ysfine.com"
40.77.167.27 - - [05/Nov/2022:02:55:37 -0700] "GET /newyork/colum02.jpg HTTP/1.1" 200 104680 "-" "Mozilla/5.0 (compatible; bingbot/2.0; +http://www.bing.com/bingbot.htm)" "ysfine.com"
40.77.167.68 - - [05/Nov/2022:02:55:40 -0700] "GET /people/mukunda.jpg HTTP/1.1" 200 65786 "-" "Mozilla/5.0 (compatible; bingbot/2.0; +http://www.bing.com/bingbot.htm)" "ysfine.com"
20.106.27.173 - - [05/Nov/2022:02:56:06 -0700] "GET /princeton/sambapr03.jpg HTTP/1.1" 200 159533 "https://ysfine.com/princeton" "Mozilla/5.0 (Windows NT 10.0; Win64; x64) AppleWebKit/537.36 (KHTML, like Gecko) Chrome/74.0.3729.157 Safari/537.36" "ysfine.com"
40.77.167.68 - - [05/Nov/2022:02:56:10 -0700] "GET /world/russ/spb25.jpg HTTP/1.1" 200 97683 "-" "Mozilla/5.0 AppleWebKit/537.36 (KHTML, like Gecko; compatible; bingbot/2.0; +http://www.bing.com/bingbot.htm) Chrome/103.0.5060.134 Safari/537.36" "ysfine.com"
216.244.66.229 - - [05/Nov/2022:02:56:33 -0700] "GET /robots.txt HTTP/1.1" 404 73 "-" "Mozilla/5.0 (compatible; DotBot/1.2; +https://opensiteexplorer.org/dotbot; help@moz.com)" "www.ysfine.com"
51.222.253.15 - - [05/Nov/2022:02:56:34 -0700] "GET /world/stoc.html HTTP/1.1" 200 5400 "-" "Mozilla/5.0 (compatible; AhrefsBot/7.0; +http://ahrefs.com/robot/)" "ysfine.com"
40.77.51.85 - - [05/Nov/2022:02:56:55 -0700] "GET /style/beetho33b.jpg HTTP/1.1" 200 40829 "https://www.ysfine.com/style" "Mozilla/5.0 (iPhone; CPU iPhone OS 13_5_1 like Mac OS X) AppleWebKit/605.1.15 (KHTML, like Gecko) Version/13.1.1 Mobile/15E148 Safari/604.1" "www.ysfine.com"
40.77.51.82 - - [05/Nov/2022:02:57:08 -0700] "GET /world/france/stras30c.jpg HTTP/1.1" 200 34002 "https://ysfine.com/world/france" "Mozilla/5.0 (iPhone; CPU iPhone OS 13_5_1 like Mac OS X) AppleWebKit/605.1.15 (KHTML, like Gecko) Version/13.1.1 Mobile/15E148 Safari/604.1" "ysfine.com"
40.77.51.84 - - [05/Nov/2022:02:57:10 -0700] "GET /world/russ/crimwar01b.jpg HTTP/1.1" 200 27703 "https://www.ysfine.com/world/russ" "Mozilla/5.0 (Windows NT 10.0; Win64; x64) AppleWebKit/537.36 (KHTML, like Gecko) Chrome/74.0.3729.157 Safari/537.36" "www.ysfine.com"
40.77.167.27 - - [05/Nov/2022:02:57:19 -0700] "GET /ysbio/einstein/hidden.html HTTP/1.1" 200 4821 "-" "Mozilla/5.0 (compatible; bingbot/2.0; +http://www.bing.com/bingbot.htm)" "ysfine.com"
40.122.230.190 - - [05/Nov/2022:02:57:51 -0700] "GET /princeton/stevenson2.jpg HTTP/1.1" 404 88 "http://ysfine.com/princeton" "Mozilla/5.0 (X11; Linux x86_64) AppleWebKit/537.36 (KHTML, like Gecko) Chrome/74.0.3729.169 Safari/537.36" "ysfine.com"
20.12.191.73 - - [05/Nov/2022:02:58:35 -0700] "GET /friends/germpol01b.jpg HTTP/1.1" 404 88 "http://ysfine.com/friends" "Mozilla/5.0 (Macintosh; Intel Mac OS X 10_11_6) AppleWebKit/605.1.15 (KHTML, like Gecko) Version/11.1.2 Safari/605.1.15" "ysfine.com"
