173.73.77.36 - - [04/Nov/2022:22:34:42 -0700] "GET /ysbio/world/baltic/tallin70c.jpg HTTP/1.1" 200 29203 "https://ysfine.com/ysbio/world/balticw.html" "Mozilla/5.0 (Windows NT 10.0; Win64; x64) AppleWebKit/537.36 (KHTML, like Gecko) Chrome/107.0.0.0 Safari/537.36" "ysfine.com"
173.73.77.36 - - [04/Nov/2022:22:34:42 -0700] "GET /ysbio/maga/invent/eisenstein06.jpg HTTP/1.1" 200 16100 "https://ysfine.com/ysbio/world/balticw.html" "Mozilla/5.0 (Windows NT 10.0; Win64; x64) AppleWebKit/537.36 (KHTML, like Gecko) Chrome/107.0.0.0 Safari/537.36" "ysfine.com"
173.73.77.36 - - [04/Nov/2022:22:34:42 -0700] "GET /ysbio/world/baltic/tallin76c.jpg HTTP/1.1" 200 40419 "https://ysfine.com/ysbio/world/balticw.html" "Mozilla/5.0 (Windows NT 10.0; Win64; x64) AppleWebKit/537.36 (KHTML, like Gecko) Chrome/107.0.0.0 Safari/537.36" "ysfine.com"
173.73.77.36 - - [04/Nov/2022:22:34:42 -0700] "GET /ysbio/world/baltic/tallin21c.jpg HTTP/1.1" 200 42873 "https://ysfine.com/ysbio/world/balticw.html" "Mozilla/5.0 (Windows NT 10.0; Win64; x64) AppleWebKit/537.36 (KHTML, like Gecko) Chrome/107.0.0.0 Safari/537.36" "ysfine.com"
173.73.77.36 - - [04/Nov/2022:22:34:42 -0700] "GET /ysbio/world/baltic/riga56b.jpg HTTP/1.1" 200 29485 "https://ysfine.com/ysbio/world/balticw.html" "Mozilla/5.0 (Windows NT 10.0; Win64; x64) AppleWebKit/537.36 (KHTML, like Gecko) Chrome/107.0.0.0 Safari/537.36" "ysfine.com"
173.73.77.36 - - [04/Nov/2022:22:34:42 -0700] "GET /ysbio/world/baltic/tallin96c.jpg HTTP/1.1" 200 32765 "https://ysfine.com/ysbio/world/balticw.html" "Mozilla/5.0 (Windows NT 10.0; Win64; x64) AppleWebKit/537.36 (KHTML, like Gecko) Chrome/107.0.0.0 Safari/537.36" "ysfine.com"
173.73.77.36 - - [04/Nov/2022:22:34:42 -0700] "GET /ysbio/world/scandi/fin08b.jpg HTTP/1.1" 200 42031 "https://ysfine.com/ysbio/world/balticw.html" "Mozilla/5.0 (Windows NT 10.0; Win64; x64) AppleWebKit/537.36 (KHTML, like Gecko) Chrome/107.0.0.0 Safari/537.36" "ysfine.com"
173.73.77.36 - - [04/Nov/2022:22:34:42 -0700] "GET /ysbio/world/scandi/fin01b.jpg HTTP/1.1" 200 50331 "https://ysfine.com/ysbio/world/balticw.html" "Mozilla/5.0 (Windows NT 10.0; Win64; x64) AppleWebKit/537.36 (KHTML, like Gecko) Chrome/107.0.0.0 Safari/537.36" "ysfine.com"
173.73.77.36 - - [04/Nov/2022:22:34:42 -0700] "GET /ysbio/world/baltic/lithu03b.jpg HTTP/1.1" 200 49235 "https://ysfine.com/ysbio/world/balticw.html" "Mozilla/5.0 (Windows NT 10.0; Win64; x64) AppleWebKit/537.36 (KHTML, like Gecko) Chrome/107.0.0.0 Safari/537.36" "ysfine.com"
173.73.77.36 - - [04/Nov/2022:22:34:42 -0700] "GET /ysbio/world/baltic/riga25b.jpg HTTP/1.1" 200 44647 "https://ysfine.com/ysbio/world/balticw.html" "Mozilla/5.0 (Windows NT 10.0; Win64; x64) AppleWebKit/537.36 (KHTML, like Gecko) Chrome/107.0.0.0 Safari/537.36" "ysfine.com"
173.73.77.36 - - [04/Nov/2022:22:34:42 -0700] "GET /ysbio/world/baltic/tallin57c.jpg HTTP/1.1" 200 30645 "https://ysfine.com/ysbio/world/balticw.html" "Mozilla/5.0 (Windows NT 10.0; Win64; x64) AppleWebKit/537.36 (KHTML, like Gecko) Chrome/107.0.0.0 Safari/537.36" "ysfine.com"
173.73.77.36 - - [04/Nov/2022:22:34:42 -0700] "GET /ysbio/world/baltic/riga57b.jpg HTTP/1.1" 200 34801 "https://ysfine.com/ysbio/world/balticw.html" "Mozilla/5.0 (Windows NT 10.0; Win64; x64) AppleWebKit/537.36 (KHTML, like Gecko) Chrome/107.0.0.0 Safari/537.36" "ysfine.com"
173.73.77.36 - - [04/Nov/2022:22:34:42 -0700] "GET /ysbio/maga/phys/bargmann11b.jpg HTTP/1.1" 200 36031 "https://ysfine.com/ysbio/world/balticw.html" "Mozilla/5.0 (Windows NT 10.0; Win64; x64) AppleWebKit/537.36 (KHTML, like Gecko) Chrome/107.0.0.0 Safari/537.36" "ysfine.com"
173.73.77.36 - - [04/Nov/2022:22:34:42 -0700] "GET /ysbio/world/baltic/riga20b.jpg HTTP/1.1" 200 28147 "https://ysfine.com/ysbio/world/balticw.html" "Mozilla/5.0 (Windows NT 10.0; Win64; x64) AppleWebKit/537.36 (KHTML, like Gecko) Chrome/107.0.0.0 Safari/537.36" "ysfine.com"
173.73.77.36 - - [04/Nov/2022:22:34:42 -0700] "GET /ysbio/world/baltic/tallin82c.jpg HTTP/1.1" 200 35113 "https://ysfine.com/ysbio/world/balticw.html" "Mozilla/5.0 (Windows NT 10.0; Win64; x64) AppleWebKit/537.36 (KHTML, like Gecko) Chrome/107.0.0.0 Safari/537.36" "ysfine.com"
173.73.77.36 - - [04/Nov/2022:22:34:42 -0700] "GET /ysbio/world/baltic/riga02b.jpg HTTP/1.1" 200 38255 "https://ysfine.com/ysbio/world/balticw.html" "Mozilla/5.0 (Windows NT 10.0; Win64; x64) AppleWebKit/537.36 (KHTML, like Gecko) Chrome/107.0.0.0 Safari/537.36" "ysfine.com"
220.108.77.118 - - [04/Nov/2022:22:34:42 -0700] "GET /fbook/mileva33a.jpg HTTP/1.1" 200 93588 "https://ysfine.com/fbook/einstein.html" "Mozilla/5.0 (Windows NT 10.0; Win64; x64) AppleWebKit/537.36 (KHTML, like Gecko) Chrome/107.0.0.0 Safari/537.36" "ysfine.com"
51.222.253.18 - - [04/Nov/2022:22:34:44 -0700] "GET /ysbio/class54/class5470/total_data/img/bottom_title.gif HTTP/1.1" 200 14467 "-" "Mozilla/5.0 (compatible; AhrefsBot/7.0; +http://ahrefs.com/robot/)" "www.ysfine.com"
51.222.253.3 - - [04/Nov/2022:22:34:50 -0700] "GET /ysbio/class54/class5470/total_data/refer_img/3-57_f.jpg HTTP/1.1" 200 24371 "-" "Mozilla/5.0 (compatible; AhrefsBot/7.0; +http://ahrefs.com/robot/)" "www.ysfine.com"
51.222.253.10 - - [04/Nov/2022:22:34:56 -0700] "GET /ysbio/class54/class5470/total_data/refer_img/3-50_f.jpg HTTP/1.1" 200 31418 "-" "Mozilla/5.0 (compatible; AhrefsBot/7.0; +http://ahrefs.com/robot/)" "www.ysfine.com"
51.222.253.1 - - [04/Nov/2022:22:34:57 -0700] "GET /ysbio/class54/class5470/total_data/refer_img/3-43_f.jpg HTTP/1.1" 200 29242 "-" "Mozilla/5.0 (compatible; AhrefsBot/7.0; +http://ahrefs.com/robot/)" "www.ysfine.com"
51.222.253.2 - - [04/Nov/2022:22:35:02 -0700] "GET /ysbio/class54/class5470/total_data/refer_img/3-53_f.jpg HTTP/1.1" 200 29740 "-" "Mozilla/5.0 (compatible; AhrefsBot/7.0; +http://ahrefs.com/robot/)" "www.ysfine.com"
220.108.77.118 - - [04/Nov/2022:22:35:05 -0700] "GET /fbook/elsa22a.jpg HTTP/1.1" 200 58591 "https://ysfine.com/fbook/einstein.html" "Mozilla/5.0 (Windows NT 10.0; Win64; x64) AppleWebKit/537.36 (KHTML, like Gecko) Chrome/107.0.0.0 Safari/537.36" "ysfine.com"
20.109.241.80 - - [04/Nov/2022:22:35:05 -0700] "GET /world/eve/aline22/swissair11b.jpg HTTP/1.1" 404 88 "https://ysfine.com/world/eve/aline22" "Mozilla/5.0 (Windows NT 10.0; Win64; x64) AppleWebKit/537.36 (KHTML, like Gecko) Chrome/74.0.3729.157 Safari/537.36" "ysfine.com"
220.108.77.118 - - [04/Nov/2022:22:35:06 -0700] "GET /fbook/einhaus33a.jpg HTTP/1.1" 200 64128 "https://ysfine.com/fbook/einstein.html" "Mozilla/5.0 (Windows NT 10.0; Win64; x64) AppleWebKit/537.36 (KHTML, like Gecko) Chrome/107.0.0.0 Safari/537.36" "ysfine.com"
51.222.253.8 - - [04/Nov/2022:22:35:07 -0700] "GET /ysbio/class54/class5470/total_data/img/menu04_on.gif HTTP/1.1" 200 813 "-" "Mozilla/5.0 (compatible; AhrefsBot/7.0; +http://ahrefs.com/robot/)" "www.ysfine.com"
157.55.39.76 - - [04/Nov/2022:22:35:10 -0700] "GET /kowar/choiyk11c.jpg HTTP/1.1" 200 32210 "-" "Mozilla/5.0 (compatible; bingbot/2.0; +http://www.bing.com/bingbot.htm)" "www.ysfine.com"
51.222.253.13 - - [04/Nov/2022:22:35:13 -0700] "GET /ysbio/class54/class5470/total_data/refer_img/3-47_f.jpg HTTP/1.1" 200 24082 "-" "Mozilla/5.0 (compatible; AhrefsBot/7.0; +http://ahrefs.com/robot/)" "www.ysfine.com"
51.222.253.7 - - [04/Nov/2022:22:35:18 -0700] "GET /ysbio/class54/class5470/total_data/refer_img/3-62_f.jpg HTTP/1.1" 200 31697 "-" "Mozilla/5.0 (compatible; AhrefsBot/7.0; +http://ahrefs.com/robot/)" "www.ysfine.com"
220.108.77.118 - - [04/Nov/2022:22:35:23 -0700] "GET /fbook/moses11a.jpg HTTP/1.1" 200 83945 "https://ysfine.com/fbook/einstein.html" "Mozilla/5.0 (Windows NT 10.0; Win64; x64) AppleWebKit/537.36 (KHTML, like Gecko) Chrome/107.0.0.0 Safari/537.36" "ysfine.com"
220.108.77.118 - - [04/Nov/2022:22:35:23 -0700] "GET /fbook/einberlin06a.jpg HTTP/1.1" 200 85756 "https://ysfine.com/fbook/einstein.html" "Mozilla/5.0 (Windows NT 10.0; Win64; x64) AppleWebKit/537.36 (KHTML, like Gecko) Chrome/107.0.0.0 Safari/537.36" "ysfine.com"
157.55.39.17 - - [04/Nov/2022:22:35:24 -0700] "GET /ysbio/sbk/famous.html HTTP/1.1" 200 593 "-" "Mozilla/5.0 AppleWebKit/537.36 (KHTML, like Gecko; compatible; bingbot/2.0; +http://www.bing.com/bingbot.htm) Chrome/103.0.5060.134 Safari/537.36" "ysfine.com"
220.108.77.118 - - [04/Nov/2022:22:35:24 -0700] "GET /fbook/ewk86a.jpg HTTP/1.1" 200 86008 "https://ysfine.com/fbook/einstein.html" "Mozilla/5.0 (Windows NT 10.0; Win64; x64) AppleWebKit/537.36 (KHTML, like Gecko) Chrome/107.0.0.0 Safari/537.36" "ysfine.com"
220.108.77.118 - - [04/Nov/2022:22:35:25 -0700] "GET /fbook/osaka128c.jpg HTTP/1.1" 200 45106 "https://ysfine.com/fbook/einstein.html" "Mozilla/5.0 (Windows NT 10.0; Win64; x64) AppleWebKit/537.36 (KHTML, like Gecko) Chrome/107.0.0.0 Safari/537.36" "ysfine.com"
220.108.77.118 - - [04/Nov/2022:22:35:25 -0700] "GET /fbook/einbohr88a.jpg HTTP/1.1" 200 112304 "https://ysfine.com/fbook/einstein.html" "Mozilla/5.0 (Windows NT 10.0; Win64; x64) AppleWebKit/537.36 (KHTML, like Gecko) Chrome/107.0.0.0 Safari/537.36" "ysfine.com"
220.108.77.118 - - [04/Nov/2022:22:35:26 -0700] "GET /fbook/ysrhee33c.jpg HTTP/1.1" 200 26817 "https://ysfine.com/fbook/einstein.html" "Mozilla/5.0 (Windows NT 10.0; Win64; x64) AppleWebKit/537.36 (KHTML, like Gecko) Chrome/107.0.0.0 Safari/537.36" "ysfine.com"
220.108.77.118 - - [04/Nov/2022:22:35:26 -0700] "GET /fbook/rheepr01c.jpg HTTP/1.1" 200 33538 "https://ysfine.com/fbook/einstein.html" "Mozilla/5.0 (Windows NT 10.0; Win64; x64) AppleWebKit/537.36 (KHTML, like Gecko) Chrome/107.0.0.0 Safari/537.36" "ysfine.com"
220.108.77.118 - - [04/Nov/2022:22:35:27 -0700] "GET /fbook/further22a.jpg HTTP/1.1" 200 94030 "https://ysfine.com/fbook/einstein.html" "Mozilla/5.0 (Windows NT 10.0; Win64; x64) AppleWebKit/537.36 (KHTML, like Gecko) Chrome/107.0.0.0 Safari/537.36" "ysfine.com"
220.108.77.118 - - [04/Nov/2022:22:35:27 -0700] "GET /eink/pwk19a.jpg HTTP/1.1" 200 219122 "https://ysfine.com/fbook/einstein.html" "Mozilla/5.0 (Windows NT 10.0; Win64; x64) AppleWebKit/537.36 (KHTML, like Gecko) Chrome/107.0.0.0 Safari/537.36" "ysfine.com"
220.108.77.118 - - [04/Nov/2022:22:35:27 -0700] "GET /fbook/einbohr56a.jpg HTTP/1.1" 200 53376 "https://ysfine.com/fbook/einstein.html" "Mozilla/5.0 (Windows NT 10.0; Win64; x64) AppleWebKit/537.36 (KHTML, like Gecko) Chrome/107.0.0.0 Safari/537.36" "ysfine.com"
220.108.77.118 - - [04/Nov/2022:22:35:27 -0700] "GET /fbook/pdugard17a.jpg HTTP/1.1" 200 92844 "https://ysfine.com/fbook/einstein.html" "Mozilla/5.0 (Windows NT 10.0; Win64; x64) AppleWebKit/537.36 (KHTML, like Gecko) Chrome/107.0.0.0 Safari/537.36" "ysfine.com"
40.77.167.68 - - [04/Nov/2022:22:35:28 -0700] "GET /princeton/elephant22.jpg HTTP/1.1" 200 109444 "-" "Mozilla/5.0 (compatible; bingbot/2.0; +http://www.bing.com/bingbot.htm)" "ysfine.com"
220.108.77.118 - - [04/Nov/2022:22:35:28 -0700] "GET /fbook/dirhegel11c.jpg HTTP/1.1" 200 35400 "https://ysfine.com/fbook/einstein.html" "Mozilla/5.0 (Windows NT 10.0; Win64; x64) AppleWebKit/537.36 (KHTML, like Gecko) Chrome/107.0.0.0 Safari/537.36" "ysfine.com"
220.108.77.118 - - [04/Nov/2022:22:35:28 -0700] "GET /fbook/ellipse53a.jpg HTTP/1.1" 200 80180 "https://ysfine.com/fbook/einstein.html" "Mozilla/5.0 (Windows NT 10.0; Win64; x64) AppleWebKit/537.36 (KHTML, like Gecko) Chrome/107.0.0.0 Safari/537.36" "ysfine.com"
220.108.77.118 - - [04/Nov/2022:22:35:28 -0700] "GET /eink/evol77c.jpg HTTP/1.1" 200 51514 "https://ysfine.com/fbook/einstein.html" "Mozilla/5.0 (Windows NT 10.0; Win64; x64) AppleWebKit/537.36 (KHTML, like Gecko) Chrome/107.0.0.0 Safari/537.36" "ysfine.com"
220.108.77.118 - - [04/Nov/2022:22:35:28 -0700] "GET /fbook/feygell66c.jpg HTTP/1.1" 200 34134 "https://ysfine.com/fbook/einstein.html" "Mozilla/5.0 (Windows NT 10.0; Win64; x64) AppleWebKit/537.36 (KHTML, like Gecko) Chrome/107.0.0.0 Safari/537.36" "ysfine.com"
220.108.77.118 - - [04/Nov/2022:22:35:29 -0700] "GET /eink/parton33a.jpg HTTP/1.1" 200 66275 "https://ysfine.com/fbook/einstein.html" "Mozilla/5.0 (Windows NT 10.0; Win64; x64) AppleWebKit/537.36 (KHTML, like Gecko) Chrome/107.0.0.0 Safari/537.36" "ysfine.com"
220.108.77.118 - - [04/Nov/2022:22:35:29 -0700] "GET /fbook/comet50a.jpg HTTP/1.1" 200 75456 "https://ysfine.com/fbook/einstein.html" "Mozilla/5.0 (Windows NT 10.0; Win64; x64) AppleWebKit/537.36 (KHTML, like Gecko) Chrome/107.0.0.0 Safari/537.36" "ysfine.com"
220.108.77.118 - - [04/Nov/2022:22:35:29 -0700] "GET /fbook/eintao33a.jpg HTTP/1.1" 200 60488 "https://ysfine.com/fbook/einstein.html" "Mozilla/5.0 (Windows NT 10.0; Win64; x64) AppleWebKit/537.36 (KHTML, like Gecko) Chrome/107.0.0.0 Safari/537.36" "ysfine.com"
220.108.77.118 - - [04/Nov/2022:22:35:29 -0700] "GET /fbook/canal33a.jpg HTTP/1.1" 200 72942 "https://ysfine.com/fbook/einstein.html" "Mozilla/5.0 (Windows NT 10.0; Win64; x64) AppleWebKit/537.36 (KHTML, like Gecko) Chrome/107.0.0.0 Safari/537.36" "ysfine.com"
220.108.77.118 - - [04/Nov/2022:22:35:29 -0700] "GET /home/marq20a.jpg HTTP/1.1" 200 108224 "https://ysfine.com/fbook/einstein.html" "Mozilla/5.0 (Windows NT 10.0; Win64; x64) AppleWebKit/537.36 (KHTML, like Gecko) Chrome/107.0.0.0 Safari/537.36" "ysfine.com"
173.73.77.36 - - [04/Nov/2022:22:35:31 -0700] "GET /ysbio/world/baltic/kalin06.jpg HTTP/1.1" 200 106737 "https://ysfine.com/ysbio/world/kalinin.html" "Mozilla/5.0 (Windows NT 10.0; Win64; x64) AppleWebKit/537.36 (KHTML, like Gecko) Chrome/107.0.0.0 Safari/537.36" "ysfine.com"
220.108.77.118 - - [04/Nov/2022:22:35:32 -0700] "GET /eink/eink61c.jpg HTTP/1.1" 200 34119 "https://ysfine.com/fbook/einstein.html" "Mozilla/5.0 (Windows NT 10.0; Win64; x64) AppleWebKit/537.36 (KHTML, like Gecko) Chrome/107.0.0.0 Safari/537.36" "ysfine.com"
220.108.77.118 - - [04/Nov/2022:22:35:33 -0700] "GET /favicon.ico HTTP/1.1" 404 88 "https://ysfine.com/fbook/einstein.html" "Mozilla/5.0 (Windows NT 10.0; Win64; x64) AppleWebKit/537.36 (KHTML, like Gecko) Chrome/107.0.0.0 Safari/537.36" "ysfine.com"
20.106.27.209 - - [04/Nov/2022:22:35:34 -0700] "GET /style/kodaly2.jpg HTTP/1.1" 404 88 "http://ysfine.com/style" "Mozilla/5.0 (Macintosh; Intel Mac OS X 10_11_6) AppleWebKit/605.1.15 (KHTML, like Gecko) Version/11.1.2 Safari/605.1.15" "ysfine.com"
173.73.77.36 - - [04/Nov/2022:22:35:43 -0700] "GET /ysbio/friends/russlon02.jpg HTTP/1.1" 404 88 "https://ysfine.com/ysbio/world/kalinin.html" "Mozilla/5.0 (Windows NT 10.0; Win64; x64) AppleWebKit/537.36 (KHTML, like Gecko) Chrome/107.0.0.0 Safari/537.36" "ysfine.com"
157.55.39.17 - - [04/Nov/2022:22:35:54 -0700] "GET /bio/style/leica.html HTTP/1.1" 404 88 "-" "Mozilla/5.0 (compatible; bingbot/2.0; +http://www.bing.com/bingbot.htm)" "ysfine.com"
173.73.77.36 - - [04/Nov/2022:22:35:59 -0700] "GET /ysbio/world/baltic/kalin13.jpg HTTP/1.1" 200 87598 "https://ysfine.com/ysbio/world/kalinin.html" "Mozilla/5.0 (Windows NT 10.0; Win64; x64) AppleWebKit/537.36 (KHTML, like Gecko) Chrome/107.0.0.0 Safari/537.36" "ysfine.com"
173.73.77.36 - - [04/Nov/2022:22:36:13 -0700] "GET /ysbio/world/baltic/kalin03.jpg HTTP/1.1" 200 91735 "https://ysfine.com/ysbio/world/kalinin.html" "Mozilla/5.0 (Windows NT 10.0; Win64; x64) AppleWebKit/537.36 (KHTML, like Gecko) Chrome/107.0.0.0 Safari/537.36" "ysfine.com"
173.73.77.36 - - [04/Nov/2022:22:36:32 -0700] "GET /ysbio/friends/russlon02.jpg HTTP/1.1" 404 88 "https://ysfine.com/ysbio/world/kalinin.html" "Mozilla/5.0 (Windows NT 10.0; Win64; x64) AppleWebKit/537.36 (KHTML, like Gecko) Chrome/107.0.0.0 Safari/537.36" "ysfine.com"
157.55.39.76 - - [04/Nov/2022:22:36:41 -0700] "GET /ysbio/class54/weheard.html HTTP/1.1" 200 5818 "-" "Mozilla/5.0 (compatible; bingbot/2.0; +http://www.bing.com/bingbot.htm)" "ysfine.com"
173.73.77.36 - - [04/Nov/2022:22:36:46 -0700] "GET /ysbio/world/baltic/kalin11.jpg HTTP/1.1" 200 62846 "https://ysfine.com/ysbio/world/kalinin.html" "Mozilla/5.0 (Windows NT 10.0; Win64; x64) AppleWebKit/537.36 (KHTML, like Gecko) Chrome/107.0.0.0 Safari/537.36" "ysfine.com"
173.73.77.36 - - [04/Nov/2022:22:36:59 -0700] "GET /ysbio/world/baltic/kalin05.jpg HTTP/1.1" 200 94382 "https://ysfine.com/ysbio/world/kalinin.html" "Mozilla/5.0 (Windows NT 10.0; Win64; x64) AppleWebKit/537.36 (KHTML, like Gecko) Chrome/107.0.0.0 Safari/537.36" "ysfine.com"
20.109.241.80 - - [04/Nov/2022:22:37:01 -0700] "GET /world/hungary/buda219b.jpg HTTP/1.1" 200 59745 "https://ysfine.com/world/hungary" "Mozilla/5.0 (Windows NT 10.0; Win64; x64) AppleWebKit/537.36 (KHTML, like Gecko) Chrome/74.0.3729.157 Safari/537.36" "ysfine.com"
173.73.77.36 - - [04/Nov/2022:22:37:05 -0700] "GET /ysbio/world/baltic/kalin10.jpg HTTP/1.1" 200 70237 "https://ysfine.com/ysbio/world/kalinin.html" "Mozilla/5.0 (Windows NT 10.0; Win64; x64) AppleWebKit/537.36 (KHTML, like Gecko) Chrome/107.0.0.0 Safari/537.36" "ysfine.com"
20.106.27.173 - - [04/Nov/2022:22:37:08 -0700] "GET /world/baltic/kantruss2.jpg HTTP/1.1" 200 49309 "http://ysfine.com/world/baltic" "Mozilla/5.0 (Macintosh; Intel Mac OS X 10_11_6) AppleWebKit/605.1.15 (KHTML, like Gecko) Version/11.1.2 Safari/605.1.15" "ysfine.com"
173.73.77.36 - - [04/Nov/2022:22:37:12 -0700] "GET /ysbio/world/russ/petergr01.jpg HTTP/1.1" 200 94667 "https://ysfine.com/ysbio/world/kalinin.html" "Mozilla/5.0 (Windows NT 10.0; Win64; x64) AppleWebKit/537.36 (KHTML, like Gecko) Chrome/107.0.0.0 Safari/537.36" "ysfine.com"
173.73.77.36 - - [04/Nov/2022:22:37:19 -0700] "GET /ysbio/world/baltic/kalin34.jpg HTTP/1.1" 200 83361 "https://ysfine.com/ysbio/world/kalinin.html" "Mozilla/5.0 (Windows NT 10.0; Win64; x64) AppleWebKit/537.36 (KHTML, like Gecko) Chrome/107.0.0.0 Safari/537.36" "ysfine.com"
157.55.39.17 - - [04/Nov/2022:22:37:24 -0700] "GET /bio/kobak/rifles.html HTTP/1.1" 404 88 "-" "Mozilla/5.0 (compatible; bingbot/2.0; +http://www.bing.com/bingbot.htm)" "ysfine.com"
40.77.167.71 - - [04/Nov/2022:22:37:37 -0700] "GET /ysbio/world/bologna.html HTTP/1.1" 200 6357 "-" "Mozilla/5.0 (compatible; bingbot/2.0; +http://www.bing.com/bingbot.htm)" "ysfine.com"
51.222.253.15 - - [04/Nov/2022:22:37:39 -0700] "GET /ysbio/style/rieu.html HTTP/1.1" 200 1211 "-" "Mozilla/5.0 (compatible; AhrefsBot/7.0; +http://ahrefs.com/robot/)" "www.ysfine.com"
40.77.167.27 - - [04/Nov/2022:22:37:42 -0700] "GET /ysbio/maga/twobytwo.html HTTP/1.1" 200 1998 "-" "Mozilla/5.0 AppleWebKit/537.36 (KHTML, like Gecko; compatible; bingbot/2.0; +http://www.bing.com/bingbot.htm) Chrome/103.0.5060.134 Safari/537.36" "ysfine.com"
173.73.77.36 - - [04/Nov/2022:22:37:51 -0700] "GET /ysbio/world/baltic/kalin31.jpg HTTP/1.1" 200 113831 "https://ysfine.com/ysbio/world/kalinin.html" "Mozilla/5.0 (Windows NT 10.0; Win64; x64) AppleWebKit/537.36 (KHTML, like Gecko) Chrome/107.0.0.0 Safari/537.36" "ysfine.com"
173.73.77.36 - - [04/Nov/2022:22:37:57 -0700] "GET /ysbio/world/baltic/kalin32.jpg HTTP/1.1" 200 120599 "https://ysfine.com/ysbio/world/kalinin.html" "Mozilla/5.0 (Windows NT 10.0; Win64; x64) AppleWebKit/537.36 (KHTML, like Gecko) Chrome/107.0.0.0 Safari/537.36" "ysfine.com"
20.29.110.169 - - [04/Nov/2022:22:38:03 -0700] "GET /princeton/gcollege21b.jpg HTTP/1.1" 200 50053 "https://ysfine.com/princeton" "Mozilla/5.0 (Linux; Android 10; SM-G960U) AppleWebKit/537.36 (KHTML, like Gecko) Chrome/88.0.4324.181 Mobile Safari/537.36" "ysfine.com"
173.73.77.36 - - [04/Nov/2022:22:38:04 -0700] "GET /ysbio/world/baltic/kalin33.jpg HTTP/1.1" 200 95990 "https://ysfine.com/ysbio/world/kalinin.html" "Mozilla/5.0 (Windows NT 10.0; Win64; x64) AppleWebKit/537.36 (KHTML, like Gecko) Chrome/107.0.0.0 Safari/537.36" "ysfine.com"
173.73.77.36 - - [04/Nov/2022:22:38:20 -0700] "GET /ysbio/world/baltic/kantmuse.jpg HTTP/1.1" 200 85993 "https://ysfine.com/ysbio/world/kalinin.html" "Mozilla/5.0 (Windows NT 10.0; Win64; x64) AppleWebKit/537.36 (KHTML, like Gecko) Chrome/107.0.0.0 Safari/537.36" "ysfine.com"
40.77.51.85 - - [04/Nov/2022:22:38:45 -0700] "GET /world/ital/murano21b.jpg HTTP/1.1" 200 42459 "https://ysfine.com/world/ital" "Mozilla/5.0 (Macintosh; Intel Mac OS X 10_11_6) AppleWebKit/605.1.15 (KHTML, like Gecko) Version/11.1.2 Safari/605.1.15" "ysfine.com"
173.73.77.36 - - [04/Nov/2022:22:38:53 -0700] "GET /ysbio/world/baltic/kantgrave11.jpg HTTP/1.1" 200 151479 "https://ysfine.com/ysbio/world/kalinin.html" "Mozilla/5.0 (Windows NT 10.0; Win64; x64) AppleWebKit/537.36 (KHTML, like Gecko) Chrome/107.0.0.0 Safari/537.36" "ysfine.com"
173.73.77.36 - - [04/Nov/2022:22:39:00 -0700] "GET /ysbio/world/baltic/kantname11.jpg HTTP/1.1" 200 140735 "https://ysfine.com/ysbio/world/kalinin.html" "Mozilla/5.0 (Windows NT 10.0; Win64; x64) AppleWebKit/537.36 (KHTML, like Gecko) Chrome/107.0.0.0 Safari/537.36" "ysfine.com"
173.73.77.36 - - [04/Nov/2022:22:39:05 -0700] "GET /ysbio/world/baltic/kantm08.jpg HTTP/1.1" 200 111853 "https://ysfine.com/ysbio/world/kalinin.html" "Mozilla/5.0 (Windows NT 10.0; Win64; x64) AppleWebKit/537.36 (KHTML, like Gecko) Chrome/107.0.0.0 Safari/537.36" "ysfine.com"
173.73.77.36 - - [04/Nov/2022:22:39:10 -0700] "GET /ysbio/world/baltic/kantbooks.jpg HTTP/1.1" 200 77805 "https://ysfine.com/ysbio/world/kalinin.html" "Mozilla/5.0 (Windows NT 10.0; Win64; x64) AppleWebKit/537.36 (KHTML, like Gecko) Chrome/107.0.0.0 Safari/537.36" "ysfine.com"
220.108.77.118 - - [04/Nov/2022:22:39:36 -0700] "GET /fbook/moses11.jpg HTTP/1.1" 200 178007 "https://ysfine.com/fbook/einstein.html" "Mozilla/5.0 (Windows NT 10.0; Win64; x64) AppleWebKit/537.36 (KHTML, like Gecko) Chrome/107.0.0.0 Safari/537.36" "ysfine.com"
173.73.77.36 - - [04/Nov/2022:22:39:40 -0700] "GET /ysbio/maga/marx.html HTTP/1.1" 200 5871 "https://ysfine.com/ysbio/einstein/einkant.html" "Mozilla/5.0 (Windows NT 10.0; Win64; x64) AppleWebKit/537.36 (KHTML, like Gecko) Chrome/107.0.0.0 Safari/537.36" "ysfine.com"
173.73.77.36 - - [04/Nov/2022:22:39:40 -0700] "GET /ysbio/maga/phil/marxmos01b.jpg HTTP/1.1" 200 26995 "https://ysfine.com/ysbio/maga/marx.html" "Mozilla/5.0 (Windows NT 10.0; Win64; x64) AppleWebKit/537.36 (KHTML, like Gecko) Chrome/107.0.0.0 Safari/537.36" "ysfine.com"
173.73.77.36 - - [04/Nov/2022:22:39:40 -0700] "GET /ysbio/einstein/einbohr11b.jpg HTTP/1.1" 200 37538 "https://ysfine.com/ysbio/maga/marx.html" "Mozilla/5.0 (Windows NT 10.0; Win64; x64) AppleWebKit/537.36 (KHTML, like Gecko) Chrome/107.0.0.0 Safari/537.36" "ysfine.com"
173.73.77.36 - - [04/Nov/2022:22:39:40 -0700] "GET /ysbio/wisdom/mil/tank05b.jpg HTTP/1.1" 200 48742 "https://ysfine.com/ysbio/maga/marx.html" "Mozilla/5.0 (Windows NT 10.0; Win64; x64) AppleWebKit/537.36 (KHTML, like Gecko) Chrome/107.0.0.0 Safari/537.36" "ysfine.com"
173.73.77.36 - - [04/Nov/2022:22:39:40 -0700] "GET /ysbio/einstein/evol22b.jpg HTTP/1.1" 200 29614 "https://ysfine.com/ysbio/maga/marx.html" "Mozilla/5.0 (Windows NT 10.0; Win64; x64) AppleWebKit/537.36 (KHTML, like Gecko) Chrome/107.0.0.0 Safari/537.36" "ysfine.com"
173.73.77.36 - - [04/Nov/2022:22:39:40 -0700] "GET /ysbio/maga/phil/marxlon600.jpg HTTP/1.1" 200 90900 "https://ysfine.com/ysbio/maga/marx.html" "Mozilla/5.0 (Windows NT 10.0; Win64; x64) AppleWebKit/537.36 (KHTML, like Gecko) Chrome/107.0.0.0 Safari/537.36" "ysfine.com"
173.73.77.36 - - [04/Nov/2022:22:39:40 -0700] "GET /ysbio/maga/phil/marxber22b.jpg HTTP/1.1" 200 48373 "https://ysfine.com/ysbio/maga/marx.html" "Mozilla/5.0 (Windows NT 10.0; Win64; x64) AppleWebKit/537.36 (KHTML, like Gecko) Chrome/107.0.0.0 Safari/537.36" "ysfine.com"
173.73.77.36 - - [04/Nov/2022:22:39:40 -0700] "GET /ysbio/maga/phil/hume02b.jpg HTTP/1.1" 200 52835 "https://ysfine.com/ysbio/maga/marx.html" "Mozilla/5.0 (Windows NT 10.0; Win64; x64) AppleWebKit/537.36 (KHTML, like Gecko) Chrome/107.0.0.0 Safari/537.36" "ysfine.com"
173.73.77.36 - - [04/Nov/2022:22:39:40 -0700] "GET /ysbio/wisdom/mil/sherman44b.jpg HTTP/1.1" 200 34454 "https://ysfine.com/ysbio/maga/marx.html" "Mozilla/5.0 (Windows NT 10.0; Win64; x64) AppleWebKit/537.36 (KHTML, like Gecko) Chrome/107.0.0.0 Safari/537.36" "ysfine.com"
173.73.77.36 - - [04/Nov/2022:22:39:40 -0700] "GET /ysbio/feynman/feygell66b.jpg HTTP/1.1" 200 28843 "https://ysfine.com/ysbio/maga/marx.html" "Mozilla/5.0 (Windows NT 10.0; Win64; x64) AppleWebKit/537.36 (KHTML, like Gecko) Chrome/107.0.0.0 Safari/537.36" "ysfine.com"
173.73.77.36 - - [04/Nov/2022:22:39:40 -0700] "GET /ysbio/maga/phil/marxber600.jpg HTTP/1.1" 200 54098 "https://ysfine.com/ysbio/maga/marx.html" "Mozilla/5.0 (Windows NT 10.0; Win64; x64) AppleWebKit/537.36 (KHTML, like Gecko) Chrome/107.0.0.0 Safari/537.36" "ysfine.com"
173.73.77.36 - - [04/Nov/2022:22:39:40 -0700] "GET /ysbio/maga/phil/chou01b.jpg HTTP/1.1" 200 45775 "https://ysfine.com/ysbio/maga/marx.html" "Mozilla/5.0 (Windows NT 10.0; Win64; x64) AppleWebKit/537.36 (KHTML, like Gecko) Chrome/107.0.0.0 Safari/537.36" "ysfine.com"
173.73.77.36 - - [04/Nov/2022:22:39:40 -0700] "GET /ysbio/maga/phil/mao100b.jpg HTTP/1.1" 200 55761 "https://ysfine.com/ysbio/maga/marx.html" "Mozilla/5.0 (Windows NT 10.0; Win64; x64) AppleWebKit/537.36 (KHTML, like Gecko) Chrome/107.0.0.0 Safari/537.36" "ysfine.com"
157.55.39.17 - - [04/Nov/2022:22:39:53 -0700] "GET /sbk/2015berlin22.jpg HTTP/1.1" 200 129817 "-" "Mozilla/5.0 (compatible; bingbot/2.0; +http://www.bing.com/bingbot.htm)" "www.ysfine.com"
40.77.167.71 - - [04/Nov/2022:22:40:08 -0700] "GET /bio/feynman/partons.html HTTP/1.1" 404 88 "-" "Mozilla/5.0 (compatible; bingbot/2.0; +http://www.bing.com/bingbot.htm)" "ysfine.com"
40.86.101.254 - - [04/Nov/2022:22:40:22 -0700] "GET /world/brit/lonstore15.jpg HTTP/1.1" 200 95306 "http://ysfine.com/world/brit" "Mozilla/5.0 (X11; Linux x86_64) AppleWebKit/537.36 (KHTML, like Gecko) Chrome/74.0.3729.169 Safari/537.36" "ysfine.com"
40.122.230.188 - - [04/Nov/2022:22:40:42 -0700] "GET /friends/russhz01b.jpg HTTP/1.1" 404 88 "http://ysfine.com/friends" "Mozilla/5.0 (Windows NT 10.0; Win64; x64) AppleWebKit/537.36 (KHTML, like Gecko) Chrome/74.0.3729.157 Safari/537.36" "ysfine.com"
157.55.39.17 - - [04/Nov/2022:22:40:54 -0700] "GET /ysbio/dirac/bankers.html HTTP/1.1" 200 4453 "-" "Mozilla/5.0 (compatible; bingbot/2.0; +http://www.bing.com/bingbot.htm)" "ysfine.com"
24.210.98.64 - - [04/Nov/2022:22:41:01 -0700] "GET /world/france/stras10.jpg HTTP/1.1" 200 105338 "https://www.google.com/" "Mozilla/5.0 (iPhone; CPU iPhone OS 16_1 like Mac OS X) AppleWebKit/605.1.15 (KHTML, like Gecko) Version/16.1 Mobile/15E148 Safari/604.1" "ysfine.com"
20.106.27.209 - - [04/Nov/2022:22:41:27 -0700] "GET /kobak/sorae/church02b.jpg HTTP/1.1" 200 40321 "http://ysfine.com/kobak/sorae" "Mozilla/5.0 (X11; Linux x86_64) AppleWebKit/537.36 (KHTML, like Gecko) Chrome/74.0.3729.169 Safari/537.36" "ysfine.com"
40.77.167.68 - - [04/Nov/2022:22:41:27 -0700] "GET /world/hungary/hunstu10.jpg HTTP/1.1" 200 59037 "-" "Mozilla/5.0 AppleWebKit/537.36 (KHTML, like Gecko; compatible; bingbot/2.0; +http://www.bing.com/bingbot.htm) Chrome/103.0.5060.134 Safari/537.36" "www.ysfine.com"
157.55.39.76 - - [04/Nov/2022:22:41:30 -0700] "GET /world/ital/venice01.jpg HTTP/1.1" 200 187595 "-" "Mozilla/5.0 (compatible; bingbot/2.0; +http://www.bing.com/bingbot.htm)" "ysfine.com"
51.222.253.1 - - [04/Nov/2022:22:41:41 -0700] "GET /ysbio/class54/class5470/total_data/sub_363.htm HTTP/1.1" 200 3304 "-" "Mozilla/5.0 (compatible; AhrefsBot/7.0; +http://ahrefs.com/robot/)" "www.ysfine.com"
40.77.167.27 - - [04/Nov/2022:22:41:54 -0700] "GET /ysbio/einstein/hidden.html HTTP/1.1" 200 4821 "-" "Mozilla/5.0 (compatible; bingbot/2.0; +http://www.bing.com/bingbot.htm)" "ysfine.com"
5.102.173.71 - - [04/Nov/2022:22:42:10 -0700] "GET /robots.txt HTTP/1.1" 404 88 "-" "Mozilla/5.0 (compatible; MojeekBot/0.11; +https://www.mojeek.com/bot.html)" "ysfine.com"
5.102.173.71 - - [04/Nov/2022:22:42:10 -0700] "GET /style/slavianki.html HTTP/1.1" 200 2686 "-" "Mozilla/5.0 (compatible; MojeekBot/0.11; +https://www.mojeek.com/bot.html)" "ysfine.com"
114.119.128.158 - - [04/Nov/2022:22:42:25 -0700] "GET /world/brit/cam27.pdf HTTP/1.1" 200 149978 "-" "Mozilla/5.0 (Linux; Android 7.0;) AppleWebKit/537.36 (KHTML, like Gecko) Mobile Safari/537.36 (compatible; PetalBot;+https://webmaster.petalsearch.com/site/petalbot)" "ysfine.com"
40.77.51.82 - - [04/Nov/2022:22:42:30 -0700] "GET /einstein/places/einmu10b.jpg HTTP/1.1" 200 63699 "http://ysfine.com/einstein/places" "Mozilla/5.0 (Linux; Android 10; SM-G960U) AppleWebKit/537.36 (KHTML, like Gecko) Chrome/88.0.4324.181 Mobile Safari/537.36" "ysfine.com"
40.77.167.27 - - [04/Nov/2022:22:42:41 -0700] "GET /world/ital/bologsw21b.jpg HTTP/1.1" 200 48117 "-" "Mozilla/5.0 AppleWebKit/537.36 (KHTML, like Gecko; compatible; bingbot/2.0; +http://www.bing.com/bingbot.htm) Chrome/103.0.5060.134 Safari/537.36" "ysfine.com"
157.55.39.65 - - [04/Nov/2022:22:42:50 -0700] "GET /world/russ/kiev007.jpg HTTP/1.1" 200 66068 "-" "Mozilla/5.0 (compatible; bingbot/2.0; +http://www.bing.com/bingbot.htm)" "ysfine.com"
40.77.167.71 - - [04/Nov/2022:22:43:36 -0700] "GET /world/baltic/frombork2.jpg HTTP/1.1" 200 67166 "-" "Mozilla/5.0 AppleWebKit/537.36 (KHTML, like Gecko; compatible; bingbot/2.0; +http://www.bing.com/bingbot.htm) Chrome/103.0.5060.134 Safari/537.36" "ysfine.com"
20.109.241.82 - - [04/Nov/2022:22:43:54 -0700] "GET /world/russ/msu05b.jpg HTTP/1.1" 200 39728 "https://ysfine.com/world/russ" "Mozilla/5.0 (X11; Linux x86_64) AppleWebKit/537.36 (KHTML, like Gecko) Chrome/74.0.3729.169 Safari/537.36" "ysfine.com"
40.77.167.68 - - [04/Nov/2022:22:44:07 -0700] "GET /einstein/places/einmu22.jpg HTTP/1.1" 200 86841 "-" "Mozilla/5.0 AppleWebKit/537.36 (KHTML, like Gecko; compatible; bingbot/2.0; +http://www.bing.com/bingbot.htm) Chrome/103.0.5060.134 Safari/537.36" "ysfine.com"
40.77.167.68 - - [04/Nov/2022:22:44:09 -0700] "GET /world/brit/picca25.jpg HTTP/1.1" 200 129141 "-" "Mozilla/5.0 (compatible; bingbot/2.0; +http://www.bing.com/bingbot.htm)" "www.ysfine.com"
157.55.39.65 - - [04/Nov/2022:22:44:31 -0700] "GET /dirac/michelan01.jpg HTTP/1.1" 200 100928 "-" "Mozilla/5.0 AppleWebKit/537.36 (KHTML, like Gecko; compatible; bingbot/2.0; +http://www.bing.com/bingbot.htm) Chrome/103.0.5060.134 Safari/537.36" "ysfine.com"
20.106.27.209 - - [04/Nov/2022:22:44:34 -0700] "GET /newyork/unionsq03b.jpg HTTP/1.1" 200 48961 "http://ysfine.com/newyork" "Mozilla/5.0 (X11; Linux x86_64) AppleWebKit/537.36 (KHTML, like Gecko) Chrome/74.0.3729.169 Safari/537.36" "ysfine.com"
157.55.39.65 - - [04/Nov/2022:22:44:51 -0700] "GET /ysbio/world/veneto.html HTTP/1.1" 200 6676 "-" "Mozilla/5.0 AppleWebKit/537.36 (KHTML, like Gecko; compatible; bingbot/2.0; +http://www.bing.com/bingbot.htm) Chrome/103.0.5060.134 Safari/537.36" "ysfine.com"
40.86.101.164 - - [04/Nov/2022:22:45:03 -0700] "GET /world/baltic/kalinmap88.jpg HTTP/1.1" 200 105396 "http://www.ysfine.com/world/baltic" "Mozilla/5.0 (Linux; Android 10; SM-G960U) AppleWebKit/537.36 (KHTML, like Gecko) Chrome/88.0.4324.181 Mobile Safari/537.36" "www.ysfine.com"
157.55.39.17 - - [04/Nov/2022:22:45:25 -0700] "GET /style/lincolnc55.jpg HTTP/1.1" 200 99999 "-" "Mozilla/5.0 AppleWebKit/537.36 (KHTML, like Gecko; compatible; bingbot/2.0; +http://www.bing.com/bingbot.htm) Chrome/103.0.5060.134 Safari/537.36" "www.ysfine.com"
173.73.77.36 - - [04/Nov/2022:22:45:26 -0700] "GET /ysbio/einstein/index.html HTTP/1.1" 304 - "https://ysfine.com/ysbio/maga/marx.html" "Mozilla/5.0 (Windows NT 10.0; Win64; x64) AppleWebKit/537.36 (KHTML, like Gecko) Chrome/107.0.0.0 Safari/537.36" "ysfine.com"
173.73.77.36 - - [04/Nov/2022:22:45:26 -0700] "GET /ysbio/einstein/einbot.html HTTP/1.1" 304 - "https://ysfine.com/ysbio/einstein/index.html" "Mozilla/5.0 (Windows NT 10.0; Win64; x64) AppleWebKit/537.36 (KHTML, like Gecko) Chrome/107.0.0.0 Safari/537.36" "ysfine.com"
173.73.77.36 - - [04/Nov/2022:22:45:26 -0700] "GET /ysbio/einstein/eintop.html HTTP/1.1" 304 - "https://ysfine.com/ysbio/einstein/index.html" "Mozilla/5.0 (Windows NT 10.0; Win64; x64) AppleWebKit/537.36 (KHTML, like Gecko) Chrome/107.0.0.0 Safari/537.36" "ysfine.com"
173.73.77.36 - - [04/Nov/2022:22:45:26 -0700] "GET /ysbio/einstein/einleft.html HTTP/1.1" 304 - "https://ysfine.com/ysbio/einstein/einbot.html" "Mozilla/5.0 (Windows NT 10.0; Win64; x64) AppleWebKit/537.36 (KHTML, like Gecko) Chrome/107.0.0.0 Safari/537.36" "ysfine.com"
173.73.77.36 - - [04/Nov/2022:22:45:26 -0700] "GET /ysbio/einstein/einkim.html HTTP/1.1" 304 - "https://ysfine.com/ysbio/einstein/einbot.html" "Mozilla/5.0 (Windows NT 10.0; Win64; x64) AppleWebKit/537.36 (KHTML, like Gecko) Chrome/107.0.0.0 Safari/537.36" "ysfine.com"
173.73.77.36 - - [04/Nov/2022:22:45:26 -0700] "GET /ysbio/home/dwf55a.jpg HTTP/1.1" 404 88 "https://ysfine.com/ysbio/einstein/einkim.html" "Mozilla/5.0 (Windows NT 10.0; Win64; x64) AppleWebKit/537.36 (KHTML, like Gecko) Chrome/107.0.0.0 Safari/537.36" "ysfine.com"
173.73.77.36 - - [04/Nov/2022:22:45:26 -0700] "GET /ysbio/home/resonance33c.jpg HTTP/1.1" 404 88 "https://ysfine.com/ysbio/einstein/einkim.html" "Mozilla/5.0 (Windows NT 10.0; Win64; x64) AppleWebKit/537.36 (KHTML, like Gecko) Chrome/107.0.0.0 Safari/537.36" "ysfine.com"
77.88.5.46 - - [04/Nov/2022:22:45:48 -0700] "GET /world/russ/pyres01.jpg HTTP/1.1" 200 84825 "-" "Mozilla/5.0 (compatible; YandexImages/3.0; +http://yandex.com/bots)" "www.ysfine.com"
157.55.39.65 - - [04/Nov/2022:22:45:50 -0700] "GET /philo/marx02.jpg HTTP/1.1" 200 257749 "-" "Mozilla/5.0 (compatible; bingbot/2.0; +http://www.bing.com/bingbot.htm)" "ysfine.com"
173.73.77.36 - - [04/Nov/2022:22:45:52 -0700] "GET /ysbio/maga/phil/marxber22.jpg HTTP/1.1" 200 106927 "https://ysfine.com/ysbio/maga/marx.html" "Mozilla/5.0 (Windows NT 10.0; Win64; x64) AppleWebKit/537.36 (KHTML, like Gecko) Chrome/107.0.0.0 Safari/537.36" "ysfine.com"
51.222.253.20 - - [04/Nov/2022:22:46:02 -0700] "GET /ysbio/style/tatiana.html HTTP/1.1" 200 8801 "-" "Mozilla/5.0 (compatible; AhrefsBot/7.0; +http://ahrefs.com/robot/)" "www.ysfine.com"
51.222.253.16 - - [04/Nov/2022:22:46:09 -0700] "GET /ysbio/kobak/taylor33c.jpg HTTP/1.1" 200 39951 "-" "Mozilla/5.0 (compatible; AhrefsBot/7.0; +http://ahrefs.com/robot/)" "www.ysfine.com"
195.191.219.132 - - [04/Nov/2022:22:46:10 -0700] "GET /robots.txt HTTP/1.1" 404 73 "-" "Mozilla/5.0 (compatible; MJ12bot/v1.4.8; http://mj12bot.com/)" "www.ysfine.com"
195.191.219.132 - - [04/Nov/2022:22:46:11 -0700] "GET / HTTP/1.1" 200 5283 "-" "Mozilla/5.0 (compatible; MJ12bot/v1.4.8; http://mj12bot.com/)" "www.ysfine.com"
51.222.253.19 - - [04/Nov/2022:22:46:15 -0700] "GET /ysbio/style/stalin11c.jpg HTTP/1.1" 200 54979 "-" "Mozilla/5.0 (compatible; AhrefsBot/7.0; +http://ahrefs.com/robot/)" "www.ysfine.com"
51.222.253.20 - - [04/Nov/2022:22:46:21 -0700] "GET /ysbio/home/eink77c.jpg HTTP/1.1" 404 88 "-" "Mozilla/5.0 (compatible; AhrefsBot/7.0; +http://ahrefs.com/robot/)" "www.ysfine.com"
51.222.253.18 - - [04/Nov/2022:22:46:21 -0700] "GET /ysbio/kowar/tanks/tank03c.jpg HTTP/1.1" 200 48323 "-" "Mozilla/5.0 (compatible; AhrefsBot/7.0; +http://ahrefs.com/robot/)" "www.ysfine.com"
40.77.51.80 - - [04/Nov/2022:22:46:27 -0700] "GET /friends/aline/austri04b.jpg HTTP/1.1" 404 88 "http://ysfine.com/friends/aline" "Mozilla/5.0 (Windows NT 10.0; Win64; x64) AppleWebKit/537.36 (KHTML, like Gecko) Chrome/74.0.3729.157 Safari/537.36" "ysfine.com"
51.222.253.18 - - [04/Nov/2022:22:46:27 -0700] "GET /ysbio/kobak/swr51c.jpg HTTP/1.1" 200 35677 "-" "Mozilla/5.0 (compatible; AhrefsBot/7.0; +http://ahrefs.com/robot/)" "www.ysfine.com"
173.73.77.36 - - [04/Nov/2022:22:46:30 -0700] "GET /favicon.ico HTTP/1.1" 404 88 "https://ysfine.com/ys11/" "Mozilla/5.0 (Windows NT 10.0; Win64; x64) AppleWebKit/537.36 (KHTML, like Gecko) Chrome/107.0.0.0 Safari/537.36" "ysfine.com"
51.222.253.13 - - [04/Nov/2022:22:46:33 -0700] "GET /ysbio/class54/busan11c.jpg HTTP/1.1" 200 35025 "-" "Mozilla/5.0 (compatible; AhrefsBot/7.0; +http://ahrefs.com/robot/)" "www.ysfine.com"
51.222.253.15 - - [04/Nov/2022:22:46:39 -0700] "GET /ysbio/princeton/pgarden11c.jpg HTTP/1.1" 200 39219 "-" "Mozilla/5.0 (compatible; AhrefsBot/7.0; +http://ahrefs.com/robot/)" "www.ysfine.com"
20.109.241.97 - - [04/Nov/2022:22:46:41 -0700] "GET /friends/tatyana2.jpg HTTP/1.1" 404 88 "http://ysfine.com/friends" "Mozilla/5.0 (Macintosh; Intel Mac OS X 10_11_6) AppleWebKit/605.1.15 (KHTML, like Gecko) Version/11.1.2 Safari/605.1.15" "ysfine.com"
51.222.253.4 - - [04/Nov/2022:22:46:44 -0700] "GET /ysbio/style/tatiana11a.jpg HTTP/1.1" 200 64475 "-" "Mozilla/5.0 (compatible; AhrefsBot/7.0; +http://ahrefs.com/robot/)" "www.ysfine.com"
51.222.253.6 - - [04/Nov/2022:22:46:50 -0700] "GET /ysbio/style/khrushchev58c.jpg HTTP/1.1" 200 63669 "-" "Mozilla/5.0 (compatible; AhrefsBot/7.0; +http://ahrefs.com/robot/)" "www.ysfine.com"
51.222.253.10 - - [04/Nov/2022:22:46:56 -0700] "GET /ysbio/class54/busan22c.jpg HTTP/1.1" 200 23692 "-" "Mozilla/5.0 (compatible; AhrefsBot/7.0; +http://ahrefs.com/robot/)" "www.ysfine.com"
40.86.101.254 - - [04/Nov/2022:22:46:57 -0700] "GET /world/china/dalian01b.jpg HTTP/1.1" 200 70749 "http://ysfine.com/world/china" "Mozilla/5.0 (Linux; Android 10; SM-G960U) AppleWebKit/537.36 (KHTML, like Gecko) Chrome/88.0.4324.181 Mobile Safari/537.36" "ysfine.com"
192.95.30.21 - - [04/Nov/2022:22:47:00 -0700] "GET /robots.txt HTTP/1.1" 404 73 "-" "Mozilla/5.0 (compatible; MJ12bot/v1.4.8; http://mj12bot.com/)" "www.ysfine.com"
51.222.253.8 - - [04/Nov/2022:22:47:01 -0700] "GET /ysbio/princeton/mediter11c.jpg HTTP/1.1" 200 49131 "-" "Mozilla/5.0 (compatible; AhrefsBot/7.0; +http://ahrefs.com/robot/)" "www.ysfine.com"
192.95.30.21 - - [04/Nov/2022:22:47:02 -0700] "GET /ysbio/world/russ/spbn11.jpg HTTP/1.1" 200 54188 "-" "Mozilla/5.0 (compatible; MJ12bot/v1.4.8; http://mj12bot.com/)" "www.ysfine.com"
192.95.30.21 - - [04/Nov/2022:22:47:04 -0700] "GET /ysbio/world/russ/spbn15.jpg HTTP/1.1" 200 64271 "-" "Mozilla/5.0 (compatible; MJ12bot/v1.4.8; http://mj12bot.com/)" "www.ysfine.com"
192.95.30.21 - - [04/Nov/2022:22:47:06 -0700] "GET /ysbio/world/russ/spbn17.jpg HTTP/1.1" 200 71328 "-" "Mozilla/5.0 (compatible; MJ12bot/v1.4.8; http://mj12bot.com/)" "www.ysfine.com"
51.222.253.10 - - [04/Nov/2022:22:47:07 -0700] "GET /ysbio/style/oistrakh22c.jpg HTTP/1.1" 200 38199 "-" "Mozilla/5.0 (compatible; AhrefsBot/7.0; +http://ahrefs.com/robot/)" "www.ysfine.com"
192.95.30.21 - - [04/Nov/2022:22:47:08 -0700] "GET /ysbio/world/russ/spbn22.jpg HTTP/1.1" 200 43061 "-" "Mozilla/5.0 (compatible; MJ12bot/v1.4.8; http://mj12bot.com/)" "www.ysfine.com"
40.77.51.85 - - [04/Nov/2022:22:47:10 -0700] "GET /style/venus6.jpg HTTP/1.1" 200 36692 "http://ysfine.com/style" "Mozilla/5.0 (Macintosh; Intel Mac OS X 10_11_6) AppleWebKit/605.1.15 (KHTML, like Gecko) Version/11.1.2 Safari/605.1.15" "ysfine.com"
192.95.30.21 - - [04/Nov/2022:22:47:14 -0700] "GET /ysbio/world/russ/spbn26.jpg HTTP/1.1" 200 100010 "-" "Mozilla/5.0 (compatible; MJ12bot/v1.4.8; http://mj12bot.com/)" "www.ysfine.com"
157.55.39.17 - - [04/Nov/2022:22:47:14 -0700] "GET /kobak/taylor11b.jpg HTTP/1.1" 200 42467 "-" "Mozilla/5.0 (compatible; bingbot/2.0; +http://www.bing.com/bingbot.htm)" "ysfine.com"
192.95.30.21 - - [04/Nov/2022:22:47:16 -0700] "GET /ysbio/world/russ/spbnv01.jpg HTTP/1.1" 200 170727 "-" "Mozilla/5.0 (compatible; MJ12bot/v1.4.8; http://mj12bot.com/)" "www.ysfine.com"
192.95.30.21 - - [04/Nov/2022:22:47:19 -0700] "GET /ysbio/world/russ/spbnv02.jpg HTTP/1.1" 200 122333 "-" "Mozilla/5.0 (compatible; MJ12bot/v1.4.8; http://mj12bot.com/)" "www.ysfine.com"
192.95.30.21 - - [04/Nov/2022:22:47:21 -0700] "GET /ysbio/world/russ/spbnv04.jpg HTTP/1.1" 200 99170 "-" "Mozilla/5.0 (compatible; MJ12bot/v1.4.8; http://mj12bot.com/)" "www.ysfine.com"
192.95.30.21 - - [04/Nov/2022:22:47:23 -0700] "GET /ysbio/world/russ/spbnv06.jpg HTTP/1.1" 200 105530 "-" "Mozilla/5.0 (compatible; MJ12bot/v1.4.8; http://mj12bot.com/)" "www.ysfine.com"
20.109.241.96 - - [04/Nov/2022:22:47:25 -0700] "GET /eink/further22a.jpg HTTP/1.1" 200 96140 "https://ysfine.com/eink" "Mozilla/5.0 (Windows NT 10.0; Win64; x64) AppleWebKit/537.36 (KHTML, like Gecko) Chrome/74.0.3729.157 Safari/537.36" "ysfine.com"
157.55.39.17 - - [04/Nov/2022:22:47:25 -0700] "GET /ysbio/einstein/einbot.html HTTP/1.1" 200 126 "-" "Mozilla/5.0 AppleWebKit/537.36 (KHTML, like Gecko; compatible; bingbot/2.0; +http://www.bing.com/bingbot.htm) Chrome/103.0.5060.134 Safari/537.36" "ysfine.com"
192.95.30.21 - - [04/Nov/2022:22:47:25 -0700] "GET /ysbio/world/russ/spbnv07.jpg HTTP/1.1" 200 110843 "-" "Mozilla/5.0 (compatible; MJ12bot/v1.4.8; http://mj12bot.com/)" "www.ysfine.com"
192.95.30.21 - - [04/Nov/2022:22:47:28 -0700] "GET /ysbio/world/russ/spbnv09.jpg HTTP/1.1" 200 110428 "-" "Mozilla/5.0 (compatible; MJ12bot/v1.4.8; http://mj12bot.com/)" "www.ysfine.com"
192.95.30.21 - - [04/Nov/2022:22:47:29 -0700] "GET /ysbio/world/russ/spbpi02.jpg HTTP/1.1" 200 74623 "-" "Mozilla/5.0 (compatible; MJ12bot/v1.4.8; http://mj12bot.com/)" "www.ysfine.com"
192.95.30.21 - - [04/Nov/2022:22:47:32 -0700] "GET /ysbio/world/russ/spbpi03.jpg HTTP/1.1" 200 69547 "-" "Mozilla/5.0 (compatible; MJ12bot/v1.4.8; http://mj12bot.com/)" "www.ysfine.com"
192.95.30.21 - - [04/Nov/2022:22:47:34 -0700] "GET /ysbio/world/russ/spbpi04.jpg HTTP/1.1" 200 96087 "-" "Mozilla/5.0 (compatible; MJ12bot/v1.4.8; http://mj12bot.com/)" "www.ysfine.com"
192.95.30.21 - - [04/Nov/2022:22:47:38 -0700] "GET /ysbio/world/russ/spbpi06.jpg HTTP/1.1" 200 85923 "-" "Mozilla/5.0 (compatible; MJ12bot/v1.4.8; http://mj12bot.com/)" "www.ysfine.com"
192.95.30.21 - - [04/Nov/2022:22:47:40 -0700] "GET /ysbio/world/russ/spbpi07.jpg HTTP/1.1" 200 87056 "-" "Mozilla/5.0 (compatible; MJ12bot/v1.4.8; http://mj12bot.com/)" "www.ysfine.com"
192.95.30.21 - - [04/Nov/2022:22:47:42 -0700] "GET /ysbio/world/russ/spbpi11.jpg HTTP/1.1" 200 113843 "-" "Mozilla/5.0 (compatible; MJ12bot/v1.4.8; http://mj12bot.com/)" "www.ysfine.com"
192.95.30.21 - - [04/Nov/2022:22:47:44 -0700] "GET /ysbio/world/russ/spbpiano.html HTTP/1.1" 200 1667 "-" "Mozilla/5.0 (compatible; MJ12bot/v1.4.8; http://mj12bot.com/)" "www.ysfine.com"
192.95.30.21 - - [04/Nov/2022:22:47:46 -0700] "GET /ysbio/world/russ/stalinorg11.jpg HTTP/1.1" 200 131143 "-" "Mozilla/5.0 (compatible; MJ12bot/v1.4.8; http://mj12bot.com/)" "www.ysfine.com"
173.73.77.36 - - [04/Nov/2022:22:47:46 -0700] "GET /favicon.ico HTTP/1.1" 404 88 "https://ysfine.com/ys11/" "Mozilla/5.0 (Windows NT 10.0; Win64; x64) AppleWebKit/537.36 (KHTML, like Gecko) Chrome/107.0.0.0 Safari/537.36" "ysfine.com"
192.95.30.21 - - [04/Nov/2022:22:47:48 -0700] "GET /ysbio/world/russ/swanlake.jpg HTTP/1.1" 404 88 "-" "Mozilla/5.0 (compatible; MJ12bot/v1.4.8; http://mj12bot.com/)" "www.ysfine.com"
20.29.110.169 - - [04/Nov/2022:22:48:11 -0700] "GET /eink/ecitizen40c.jpg HTTP/1.1" 200 29979 "https://www.ysfine.com/eink" "Mozilla/5.0 (iPhone; CPU iPhone OS 13_5_1 like Mac OS X) AppleWebKit/605.1.15 (KHTML, like Gecko) Version/13.1.1 Mobile/15E148 Safari/604.1" "www.ysfine.com"
173.73.77.36 - - [04/Nov/2022:22:48:18 -0700] "GET /ys11/ HTTP/1.1" 304 - "-" "Mozilla/5.0 (Windows NT 10.0; Win64; x64) AppleWebKit/537.36 (KHTML, like Gecko) Chrome/106.0.5249.119 Safari/537.36" "ysfine.com"
216.244.66.229 - - [04/Nov/2022:22:48:18 -0700] "GET /class54/class5470/total_data/sub_233.htm HTTP/1.1" 200 14384 "-" "Mozilla/5.0 (compatible; DotBot/1.2; +https://opensiteexplorer.org/dotbot; help@moz.com)" "www.ysfine.com"
173.73.77.36 - - [04/Nov/2022:22:48:18 -0700] "GET /favicon.ico HTTP/1.1" 404 88 "https://ysfine.com/ys11/" "Mozilla/5.0 (Windows NT 10.0; Win64; x64) AppleWebKit/537.36 (KHTML, like Gecko) Chrome/106.0.5249.119 Safari/537.36" "ysfine.com"
173.73.77.36 - - [04/Nov/2022:22:48:26 -0700] "GET /ysbio/bio10.html HTTP/1.1" 200 4224 "https://ysfine.com/ys11/" "Mozilla/5.0 (Windows NT 10.0; Win64; x64) AppleWebKit/537.36 (KHTML, like Gecko) Chrome/106.0.5249.119 Safari/537.36" "ysfine.com"
173.73.77.36 - - [04/Nov/2022:22:48:26 -0700] "GET /ysbio/ysnr11c.jpg HTTP/1.1" 200 36964 "https://ysfine.com/ysbio/bio10.html" "Mozilla/5.0 (Windows NT 10.0; Win64; x64) AppleWebKit/537.36 (KHTML, like Gecko) Chrome/106.0.5249.119 Safari/537.36" "ysfine.com"
173.73.77.36 - - [04/Nov/2022:22:48:26 -0700] "GET /ysbio/fotos/einbohr11d.jpg HTTP/1.1" 200 63963 "https://ysfine.com/ysbio/bio10.html" "Mozilla/5.0 (Windows NT 10.0; Win64; x64) AppleWebKit/537.36 (KHTML, like Gecko) Chrome/106.0.5249.119 Safari/537.36" "ysfine.com"
173.73.77.36 - - [04/Nov/2022:22:48:26 -0700] "GET /ysbio/fotos/bridge11f.jpg HTTP/1.1" 200 104274 "https://ysfine.com/ysbio/bio10.html" "Mozilla/5.0 (Windows NT 10.0; Win64; x64) AppleWebKit/537.36 (KHTML, like Gecko) Chrome/106.0.5249.119 Safari/537.36" "ysfine.com"
173.73.77.36 - - [04/Nov/2022:22:48:26 -0700] "GET /ysbio/figs/evol77d.jpg HTTP/1.1" 200 66615 "https://ysfine.com/ysbio/bio10.html" "Mozilla/5.0 (Windows NT 10.0; Win64; x64) AppleWebKit/537.36 (KHTML, like Gecko) Chrome/106.0.5249.119 Safari/537.36" "ysfine.com"
173.73.77.36 - - [04/Nov/2022:22:48:33 -0700] "GET /ysbio/awards/index.html HTTP/1.1" 200 10060 "https://ysfine.com/ysbio/bio10.html" "Mozilla/5.0 (Windows NT 10.0; Win64; x64) AppleWebKit/537.36 (KHTML, like Gecko) Chrome/106.0.5249.119 Safari/537.36" "ysfine.com"
173.73.77.36 - - [04/Nov/2022:22:48:33 -0700] "GET /ysbio/ysnr11d.jpg HTTP/1.1" 200 61140 "https://ysfine.com/ysbio/awards/index.html" "Mozilla/5.0 (Windows NT 10.0; Win64; x64) AppleWebKit/537.36 (KHTML, like Gecko) Chrome/106.0.5249.119 Safari/537.36" "ysfine.com"
173.73.77.36 - - [04/Nov/2022:22:48:33 -0700] "GET /ysbio/awards/timeline11f.jpg HTTP/1.1" 200 169039 "https://ysfine.com/ysbio/awards/index.html" "Mozilla/5.0 (Windows NT 10.0; Win64; x64) AppleWebKit/537.36 (KHTML, like Gecko) Chrome/106.0.5249.119 Safari/537.36" "ysfine.com"
173.73.77.36 - - [04/Nov/2022:22:48:33 -0700] "GET /ysbio/awards/wsj21f.jpg HTTP/1.1" 200 172238 "https://ysfine.com/ysbio/awards/index.html" "Mozilla/5.0 (Windows NT 10.0; Win64; x64) AppleWebKit/537.36 (KHTML, like Gecko) Chrome/106.0.5249.119 Safari/537.36" "ysfine.com"
173.73.77.36 - - [04/Nov/2022:22:48:33 -0700] "GET /ysbio/yspr61d.jpg HTTP/1.1" 304 - "https://ysfine.com/ysbio/awards/index.html" "Mozilla/5.0 (Windows NT 10.0; Win64; x64) AppleWebKit/537.36 (KHTML, like Gecko) Chrome/106.0.5249.119 Safari/537.36" "ysfine.com"
173.73.77.36 - - [04/Nov/2022:22:48:33 -0700] "GET /ysbio/awards/truck20d.jpg HTTP/1.1" 200 43868 "https://ysfine.com/ysbio/awards/index.html" "Mozilla/5.0 (Windows NT 10.0; Win64; x64) AppleWebKit/537.36 (KHTML, like Gecko) Chrome/106.0.5249.119 Safari/537.36" "ysfine.com"
173.73.77.36 - - [04/Nov/2022:22:48:33 -0700] "GET /ysbio/awards/timessq11d.jpg HTTP/1.1" 200 105546 "https://ysfine.com/ysbio/awards/index.html" "Mozilla/5.0 (Windows NT 10.0; Win64; x64) AppleWebKit/537.36 (KHTML, like Gecko) Chrome/106.0.5249.119 Safari/537.36" "ysfine.com"
173.73.77.36 - - [04/Nov/2022:22:48:33 -0700] "GET /ysbio/awards/eward33f.jpg HTTP/1.1" 200 86617 "https://ysfine.com/ysbio/awards/index.html" "Mozilla/5.0 (Windows NT 10.0; Win64; x64) AppleWebKit/537.36 (KHTML, like Gecko) Chrome/106.0.5249.119 Safari/537.36" "ysfine.com"
173.73.77.36 - - [04/Nov/2022:22:48:33 -0700] "GET /ysbio/awards/einbohr25d.jpg HTTP/1.1" 200 49476 "https://ysfine.com/ysbio/awards/index.html" "Mozilla/5.0 (Windows NT 10.0; Win64; x64) AppleWebKit/537.36 (KHTML, like Gecko) Chrome/106.0.5249.119 Safari/537.36" "ysfine.com"
173.73.77.36 - - [04/Nov/2022:22:48:33 -0700] "GET /ysbio/awards/marq/marq10d.jpg HTTP/1.1" 200 77533 "https://ysfine.com/ysbio/awards/index.html" "Mozilla/5.0 (Windows NT 10.0; Win64; x64) AppleWebKit/537.36 (KHTML, like Gecko) Chrome/106.0.5249.119 Safari/537.36" "ysfine.com"
173.73.77.36 - - [04/Nov/2022:22:48:33 -0700] "GET /ysbio/home/ewk86f.jpg HTTP/1.1" 404 88 "https://ysfine.com/ysbio/awards/index.html" "Mozilla/5.0 (Windows NT 10.0; Win64; x64) AppleWebKit/537.36 (KHTML, like Gecko) Chrome/106.0.5249.119 Safari/537.36" "ysfine.com"
173.73.77.36 - - [04/Nov/2022:22:48:33 -0700] "GET /ysbio/awards/fortune21f.jpg HTTP/1.1" 200 234815 "https://ysfine.com/ysbio/awards/index.html" "Mozilla/5.0 (Windows NT 10.0; Win64; x64) AppleWebKit/537.36 (KHTML, like Gecko) Chrome/106.0.5249.119 Safari/537.36" "ysfine.com"
173.73.77.36 - - [04/Nov/2022:22:48:33 -0700] "GET /ysbio/awards/bridge22f.jpg HTTP/1.1" 200 98225 "https://ysfine.com/ysbio/awards/index.html" "Mozilla/5.0 (Windows NT 10.0; Win64; x64) AppleWebKit/537.36 (KHTML, like Gecko) Chrome/106.0.5249.119 Safari/537.36" "ysfine.com"
173.73.77.36 - - [04/Nov/2022:22:48:33 -0700] "GET /ysbio/eink/pwk450.jpg HTTP/1.1" 200 84974 "https://ysfine.com/ysbio/awards/index.html" "Mozilla/5.0 (Windows NT 10.0; Win64; x64) AppleWebKit/537.36 (KHTML, like Gecko) Chrome/106.0.5249.119 Safari/537.36" "ysfine.com"
173.73.77.36 - - [04/Nov/2022:22:48:33 -0700] "GET /ysbio/awards/marq/hemis21f.jpg HTTP/1.1" 200 180095 "https://ysfine.com/ysbio/awards/index.html" "Mozilla/5.0 (Windows NT 10.0; Win64; x64) AppleWebKit/537.36 (KHTML, like Gecko) Chrome/106.0.5249.119 Safari/537.36" "ysfine.com"
173.73.77.36 - - [04/Nov/2022:22:48:33 -0700] "GET /ysbio/awards/feygell01d.jpg HTTP/1.1" 200 31895 "https://ysfine.com/ysbio/awards/index.html" "Mozilla/5.0 (Windows NT 10.0; Win64; x64) AppleWebKit/537.36 (KHTML, like Gecko) Chrome/106.0.5249.119 Safari/537.36" "ysfine.com"
173.73.77.36 - - [04/Nov/2022:22:48:33 -0700] "GET /ysbio/awards/acs20f.jpg HTTP/1.1" 200 145842 "https://ysfine.com/ysbio/awards/index.html" "Mozilla/5.0 (Windows NT 10.0; Win64; x64) AppleWebKit/537.36 (KHTML, like Gecko) Chrome/106.0.5249.119 Safari/537.36" "ysfine.com"
173.73.77.36 - - [04/Nov/2022:22:48:33 -0700] "GET /ysbio/awards/marq/marq22f.jpg HTTP/1.1" 200 142401 "https://ysfine.com/ysbio/awards/index.html" "Mozilla/5.0 (Windows NT 10.0; Win64; x64) AppleWebKit/537.36 (KHTML, like Gecko) Chrome/106.0.5249.119 Safari/537.36" "ysfine.com"
173.73.77.36 - - [04/Nov/2022:22:48:33 -0700] "GET /ysbio/awards/ewk88d.jpg HTTP/1.1" 200 96031 "https://ysfine.com/ysbio/awards/index.html" "Mozilla/5.0 (Windows NT 10.0; Win64; x64) AppleWebKit/537.36 (KHTML, like Gecko) Chrome/106.0.5249.119 Safari/537.36" "ysfine.com"
