40.77.51.85 - - [05/Nov/2022:07:02:52 -0700] "GET /world/scandi/sto017.jpg HTTP/1.1" 200 105208 "https://ysfine.com/world/scandi" "Mozilla/5.0 (Linux; Android 10; SM-G960U) AppleWebKit/537.36 (KHTML, like Gecko) Chrome/88.0.4324.181 Mobile Safari/537.36" "ysfine.com"
44.210.108.245 - - [05/Nov/2022:07:03:01 -0700] "GET /ads.txt HTTP/1.1" 404 88 "-" "AdsTxtCrawler/1.0.2" "ysfine.com"
40.77.51.85 - - [05/Nov/2022:07:03:04 -0700] "GET /newyork/battery37c.jpg HTTP/1.1" 200 39994 "https://ysfine.com/newyork" "Mozilla/5.0 (iPhone; CPU iPhone OS 13_5_1 like Mac OS X) AppleWebKit/605.1.15 (KHTML, like Gecko) Version/13.1.1 Mobile/15E148 Safari/604.1" "ysfine.com"
20.29.110.168 - - [05/Nov/2022:07:03:08 -0700] "GET /feynman/ppic/hyperell01b.jpg HTTP/1.1" 200 29858 "https://ysfine.com/feynman/ppic" "Mozilla/5.0 (iPhone; CPU iPhone OS 13_5_1 like Mac OS X) AppleWebKit/605.1.15 (KHTML, like Gecko) Version/13.1.1 Mobile/15E148 Safari/604.1" "ysfine.com"
40.77.167.27 - - [05/Nov/2022:07:03:12 -0700] "GET /maga/invent/marconi02.jpg HTTP/1.1" 200 76029 "-" "Mozilla/5.0 (compatible; bingbot/2.0; +http://www.bing.com/bingbot.htm)" "www.ysfine.com"
40.77.167.68 - - [05/Nov/2022:07:03:35 -0700] "GET /ysbio/einstein/einleft.html HTTP/1.1" 200 735 "-" "Mozilla/5.0 AppleWebKit/537.36 (KHTML, like Gecko; compatible; bingbot/2.0; +http://www.bing.com/bingbot.htm) Chrome/103.0.5060.134 Safari/537.36" "ysfine.com"
40.77.167.27 - - [05/Nov/2022:07:03:52 -0700] "GET /ysbio/dirac/diracsq22.html HTTP/1.1" 200 7395 "-" "Mozilla/5.0 AppleWebKit/537.36 (KHTML, like Gecko; compatible; bingbot/2.0; +http://www.bing.com/bingbot.htm) Chrome/103.0.5060.134 Safari/537.36" "ysfine.com"
20.29.110.169 - - [05/Nov/2022:07:04:12 -0700] "GET /home/canal77a.jpg HTTP/1.1" 200 42959 "https://ysfine.com/home" "Mozilla/5.0 (Windows NT 10.0; Win64; x64) AppleWebKit/537.36 (KHTML, like Gecko) Chrome/74.0.3729.157 Safari/537.36" "ysfine.com"
20.29.110.168 - - [05/Nov/2022:07:04:18 -0700] "GET /friends/vcruise2.jpg HTTP/1.1" 404 88 "http://ysfine.com/friends" "Mozilla/5.0 (Windows NT 10.0; Win64; x64) AppleWebKit/537.36 (KHTML, like Gecko) Chrome/74.0.3729.157 Safari/537.36" "ysfine.com"
157.55.39.76 - - [05/Nov/2022:07:04:41 -0700] "GET /world/ital/capri05.jpg HTTP/1.1" 200 85073 "-" "Mozilla/5.0 AppleWebKit/537.36 (KHTML, like Gecko; compatible; bingbot/2.0; +http://www.bing.com/bingbot.htm) Chrome/103.0.5060.134 Safari/537.36" "ysfine.com"
40.77.167.71 - - [05/Nov/2022:07:05:53 -0700] "GET /world/scandi/vaxprom22.jpg HTTP/1.1" 200 101680 "-" "Mozilla/5.0 AppleWebKit/537.36 (KHTML, like Gecko; compatible; bingbot/2.0; +http://www.bing.com/bingbot.htm) Chrome/103.0.5060.134 Safari/537.36" "www.ysfine.com"
157.55.39.65 - - [05/Nov/2022:07:06:01 -0700] "GET /bio/world/trier.html HTTP/1.1" 404 88 "-" "Mozilla/5.0 (compatible; bingbot/2.0; +http://www.bing.com/bingbot.htm)" "ysfine.com"
157.55.39.76 - - [05/Nov/2022:07:06:33 -0700] "GET /ysbio/philo/sisfa12/index.html HTTP/1.1" 200 148 "-" "Mozilla/5.0 (compatible; bingbot/2.0; +http://www.bing.com/bingbot.htm)" "ysfine.com"
13.67.224.14 - - [05/Nov/2022:07:07:18 -0700] "GET /home/comet01c.jpg HTTP/1.1" 200 54311 "https://ysfine.com/home" "Mozilla/5.0 (Linux; Android 10; SM-G960U) AppleWebKit/537.36 (KHTML, like Gecko) Chrome/88.0.4324.181 Mobile Safari/537.36" "ysfine.com"
40.86.101.254 - - [05/Nov/2022:07:07:30 -0700] "GET /wdc/sakura20.jpg HTTP/1.1" 200 98935 "https://ysfine.com/wdc" "Mozilla/5.0 (Macintosh; Intel Mac OS X 10_11_6) AppleWebKit/605.1.15 (KHTML, like Gecko) Version/11.1.2 Safari/605.1.15" "ysfine.com"
144.76.102.243 - - [05/Nov/2022:07:07:36 -0700] "GET /einstein/ulm.html HTTP/1.1" 200 6713 "-" "Mozilla/5.0 (Windows NT 10.0; Win64; x64; rv:84.0) Gecko/20100101 Firefox/84.0" "ysfine.com"
40.77.167.68 - - [05/Nov/2022:07:07:44 -0700] "GET /world/baltic/riga03.jpg HTTP/1.1" 200 104704 "-" "Mozilla/5.0 AppleWebKit/537.36 (KHTML, like Gecko; compatible; bingbot/2.0; +http://www.bing.com/bingbot.htm) Chrome/103.0.5060.134 Safari/537.36" "ysfine.com"
157.55.39.76 - - [05/Nov/2022:07:07:53 -0700] "GET /bio/bio07.html HTTP/1.1" 404 88 "-" "Mozilla/5.0 (compatible; bingbot/2.0; +http://www.bing.com/bingbot.htm)" "ysfine.com"
46.139.253.27 - - [05/Nov/2022:07:07:58 -0700] "GET /wigner/neupol.html HTTP/1.1" 200 1742 "https://www.google.com/" "Mozilla/5.0 (Windows NT 10.0; Win64; x64; rv:106.0) Gecko/20100101 Firefox/106.0" "ysfine.com"
46.139.253.27 - - [05/Nov/2022:07:07:58 -0700] "GET /wigner/hk88b.jpg HTTP/1.1" 200 41438 "https://ysfine.com/wigner/neupol.html" "Mozilla/5.0 (Windows NT 10.0; Win64; x64; rv:106.0) Gecko/20100101 Firefox/106.0" "ysfine.com"
46.139.253.27 - - [05/Nov/2022:07:07:58 -0700] "GET /wigner/neupol01b.jpg HTTP/1.1" 200 30797 "https://ysfine.com/wigner/neupol.html" "Mozilla/5.0 (Windows NT 10.0; Win64; x64; rv:106.0) Gecko/20100101 Firefox/106.0" "ysfine.com"
46.139.253.27 - - [05/Nov/2022:07:07:58 -0700] "GET /favicon.ico HTTP/1.1" 404 88 "https://ysfine.com/wigner/neupol.html" "Mozilla/5.0 (Windows NT 10.0; Win64; x64; rv:106.0) Gecko/20100101 Firefox/106.0" "ysfine.com"
90.198.118.217 - - [05/Nov/2022:07:08:00 -0700] "GET /world/baltic/kalin30.jpg HTTP/1.1" 200 94863 "https://www.google.co.uk/" "Mozilla/5.0 (iPhone; CPU iPhone OS 14_8_1 like Mac OS X) AppleWebKit/605.1.15 (KHTML, like Gecko) Version/14.1.2 Mobile/15E148 Safari/604.1" "ysfine.com"
40.77.167.27 - - [05/Nov/2022:07:08:06 -0700] "GET /kobak/kimjap11b.jpg HTTP/1.1" 200 63075 "-" "Mozilla/5.0 AppleWebKit/537.36 (KHTML, like Gecko; compatible; bingbot/2.0; +http://www.bing.com/bingbot.htm) Chrome/103.0.5060.134 Safari/537.36" "www.ysfine.com"
46.139.253.27 - - [05/Nov/2022:07:08:16 -0700] "GET /wigner/neupol01b.jpg HTTP/1.1" 200 30797 "https://ysfine.com/wigner/neupol.html" "Mozilla/5.0 (Windows NT 10.0; Win64; x64; rv:106.0) Gecko/20100101 Firefox/106.0" "ysfine.com"
157.55.39.65 - - [05/Nov/2022:07:08:51 -0700] "GET /ysbio/maga/bohratom.html HTTP/1.1" 200 5125 "-" "Mozilla/5.0 (compatible; bingbot/2.0; +http://www.bing.com/bingbot.htm)" "ysfine.com"
40.122.227.201 - - [05/Nov/2022:07:09:01 -0700] "GET /world/russ/koryo44b.jpg HTTP/1.1" 200 33160 "https://ysfine.com/world/russ" "Mozilla/5.0 (Linux; Android 10; SM-G960U) AppleWebKit/537.36 (KHTML, like Gecko) Chrome/88.0.4324.181 Mobile Safari/537.36" "ysfine.com"
66.249.70.30 - - [05/Nov/2022:07:09:07 -0700] "GET /wigner/tollwig11.jpg HTTP/1.1" 304 - "-" "Googlebot-Image/1.0" "ysfine.com"
40.77.167.27 - - [05/Nov/2022:07:09:16 -0700] "GET /people/dhan11.jpg HTTP/1.1" 200 118299 "-" "Mozilla/5.0 (compatible; bingbot/2.0; +http://www.bing.com/bingbot.htm)" "ysfine.com"
20.106.27.209 - - [05/Nov/2022:07:09:45 -0700] "GET /newyork/waldorf02b.jpg HTTP/1.1" 200 58606 "https://ysfine.com/newyork" "Mozilla/5.0 (Macintosh; Intel Mac OS X 10_11_6) AppleWebKit/605.1.15 (KHTML, like Gecko) Version/11.1.2 Safari/605.1.15" "ysfine.com"
72.14.201.150 - - [05/Nov/2022:07:09:50 -0700] "GET /houses/styhouses.html HTTP/1.1" 200 3534 "-" "Mozilla/5.0 (Linux; Android 10; K) AppleWebKit/537.36 (KHTML, like Gecko) Chrome/103.0.0.0 Mobile Safari/537.36" "ysfine.com"
157.55.39.17 - - [05/Nov/2022:07:09:51 -0700] "GET /world/poland/krk04.jpg HTTP/1.1" 200 137354 "-" "Mozilla/5.0 (compatible; bingbot/2.0; +http://www.bing.com/bingbot.htm)" "www.ysfine.com"
157.55.39.65 - - [05/Nov/2022:07:09:59 -0700] "GET /world/scandi/copenf75.jpg HTTP/1.1" 200 78691 "-" "Mozilla/5.0 (compatible; bingbot/2.0; +http://www.bing.com/bingbot.htm)" "ysfine.com"
157.55.39.65 - - [05/Nov/2022:07:10:50 -0700] "GET /princeton/govern.jpg HTTP/1.1" 200 114871 "-" "Mozilla/5.0 (compatible; bingbot/2.0; +http://www.bing.com/bingbot.htm)" "ysfine.com"
20.106.27.173 - - [05/Nov/2022:07:10:53 -0700] "GET /yspapers/restof11a.jpg HTTP/1.1" 200 52991 "http://ysfine.com/yspapers" "Mozilla/5.0 (iPhone; CPU iPhone OS 13_5_1 like Mac OS X) AppleWebKit/605.1.15 (KHTML, like Gecko) Version/13.1.1 Mobile/15E148 Safari/604.1" "ysfine.com"
40.122.195.128 - - [05/Nov/2022:07:11:09 -0700] "GET /world/ital/florf17b.jpg HTTP/1.1" 200 35730 "https://www.ysfine.com/world/ital" "Mozilla/5.0 (Windows NT 10.0; Win64; x64) AppleWebKit/537.36 (KHTML, like Gecko) Chrome/74.0.3729.157 Safari/537.36" "www.ysfine.com"
13.67.224.14 - - [05/Nov/2022:07:11:12 -0700] "GET /friends/malay02b.jpg HTTP/1.1" 404 88 "http://ysfine.com/friends" "Mozilla/5.0 (X11; Linux x86_64) AppleWebKit/537.36 (KHTML, like Gecko) Chrome/74.0.3729.169 Safari/537.36" "ysfine.com"
157.55.39.65 - - [05/Nov/2022:07:11:19 -0700] "GET /world/brit/lonchin04.jpg HTTP/1.1" 200 88060 "-" "Mozilla/5.0 AppleWebKit/537.36 (KHTML, like Gecko; compatible; bingbot/2.0; +http://www.bing.com/bingbot.htm) Chrome/103.0.5060.134 Safari/537.36" "ysfine.com"
157.55.39.76 - - [05/Nov/2022:07:11:30 -0700] "GET /world/brit/oxlon32.jpg HTTP/1.1" 200 119471 "-" "Mozilla/5.0 AppleWebKit/537.36 (KHTML, like Gecko; compatible; bingbot/2.0; +http://www.bing.com/bingbot.htm) Chrome/103.0.5060.134 Safari/537.36" "ysfine.com"
40.77.167.27 - - [05/Nov/2022:07:11:38 -0700] "GET /ysbio/wigner/wigphoto.html HTTP/1.1" 200 3234 "-" "Mozilla/5.0 AppleWebKit/537.36 (KHTML, like Gecko; compatible; bingbot/2.0; +http://www.bing.com/bingbot.htm) Chrome/103.0.5060.134 Safari/537.36" "ysfine.com"
157.55.39.76 - - [05/Nov/2022:07:11:51 -0700] "GET /wdc/kennedyc05.jpg HTTP/1.1" 200 58889 "-" "Mozilla/5.0 AppleWebKit/537.36 (KHTML, like Gecko; compatible; bingbot/2.0; +http://www.bing.com/bingbot.htm) Chrome/103.0.5060.134 Safari/537.36" "ysfine.com"
20.29.110.170 - - [05/Nov/2022:07:11:51 -0700] "GET /people/towhee11b.jpg HTTP/1.1" 200 32584 "http://ysfine.com/people" "Mozilla/5.0 (iPhone; CPU iPhone OS 13_5_1 like Mac OS X) AppleWebKit/605.1.15 (KHTML, like Gecko) Version/13.1.1 Mobile/15E148 Safari/604.1" "ysfine.com"
157.55.39.17 - - [05/Nov/2022:07:12:24 -0700] "GET /bio/style/leica.html HTTP/1.1" 404 88 "-" "Mozilla/5.0 AppleWebKit/537.36 (KHTML, like Gecko; compatible; bingbot/2.0; +http://www.bing.com/bingbot.htm) Chrome/103.0.5060.134 Safari/537.36" "ysfine.com"
20.106.27.209 - - [05/Nov/2022:07:12:30 -0700] "GET /style/socrates11b.jpg HTTP/1.1" 200 39647 "http://ysfine.com/style" "Mozilla/5.0 (Windows NT 10.0; Win64; x64) AppleWebKit/537.36 (KHTML, like Gecko) Chrome/74.0.3729.157 Safari/537.36" "ysfine.com"
40.122.227.201 - - [05/Nov/2022:07:12:30 -0700] "GET /world/russ/kazan033b.jpg HTTP/1.1" 200 45294 "http://ysfine.com/world/russ" "Mozilla/5.0 (iPhone; CPU iPhone OS 13_5_1 like Mac OS X) AppleWebKit/605.1.15 (KHTML, like Gecko) Version/13.1.1 Mobile/15E148 Safari/604.1" "ysfine.com"
40.77.167.68 - - [05/Nov/2022:07:13:05 -0700] "GET /world/china/hongkong71.jpg HTTP/1.1" 200 72156 "-" "Mozilla/5.0 (compatible; bingbot/2.0; +http://www.bing.com/bingbot.htm)" "ysfine.com"
216.244.66.229 - - [05/Nov/2022:07:13:43 -0700] "GET /robots.txt HTTP/1.1" 404 73 "-" "Mozilla/5.0 (compatible; DotBot/1.2; +https://opensiteexplorer.org/dotbot; help@moz.com)" "www.ysfine.com"
13.67.224.12 - - [05/Nov/2022:07:14:10 -0700] "GET /wisdom/cotton11b.jpg HTTP/1.1" 200 41615 "https://www.ysfine.com/wisdom" "Mozilla/5.0 (X11; Linux x86_64) AppleWebKit/537.36 (KHTML, like Gecko) Chrome/74.0.3729.169 Safari/537.36" "www.ysfine.com"
157.55.39.17 - - [05/Nov/2022:07:14:32 -0700] "GET /world/ital/venice29b.jpg HTTP/1.1" 200 34034 "-" "Mozilla/5.0 (compatible; bingbot/2.0; +http://www.bing.com/bingbot.htm)" "ysfine.com"
20.29.110.168 - - [05/Nov/2022:07:14:37 -0700] "GET /world/scandi/copen024b.jpg HTTP/1.1" 200 28962 "http://ysfine.com/world/scandi" "Mozilla/5.0 (X11; Linux x86_64) AppleWebKit/537.36 (KHTML, like Gecko) Chrome/74.0.3729.169 Safari/537.36" "ysfine.com"
40.77.167.68 - - [05/Nov/2022:07:14:45 -0700] "GET /world/ital/spstep01.jpg HTTP/1.1" 200 78689 "-" "Mozilla/5.0 AppleWebKit/537.36 (KHTML, like Gecko; compatible; bingbot/2.0; +http://www.bing.com/bingbot.htm) Chrome/103.0.5060.134 Safari/537.36" "ysfine.com"
157.55.39.76 - - [05/Nov/2022:07:15:12 -0700] "GET /wigner/neum/futcomp.html HTTP/1.1" 200 1986 "-" "Mozilla/5.0 AppleWebKit/537.36 (KHTML, like Gecko; compatible; bingbot/2.0; +http://www.bing.com/bingbot.htm) Chrome/103.0.5060.134 Safari/537.36" "www.ysfine.com"
157.55.39.17 - - [05/Nov/2022:07:15:42 -0700] "GET /world/hungary/buda125b.jpg HTTP/1.1" 200 53000 "-" "Mozilla/5.0 AppleWebKit/537.36 (KHTML, like Gecko; compatible; bingbot/2.0; +http://www.bing.com/bingbot.htm) Chrome/103.0.5060.134 Safari/537.36" "ysfine.com"
40.77.167.27 - - [05/Nov/2022:07:15:52 -0700] "GET /world/china/beijing009.jpg HTTP/1.1" 200 148140 "-" "Mozilla/5.0 (compatible; bingbot/2.0; +http://www.bing.com/bingbot.htm)" "www.ysfine.com"
20.106.27.173 - - [05/Nov/2022:07:15:55 -0700] "GET /newyork/colum15b.jpg HTTP/1.1" 200 44537 "http://ysfine.com/newyork" "Mozilla/5.0 (Linux; Android 10; SM-G960U) AppleWebKit/537.36 (KHTML, like Gecko) Chrome/88.0.4324.181 Mobile Safari/537.36" "ysfine.com"
20.106.28.16 - - [05/Nov/2022:07:16:16 -0700] "GET /friends/daria01b.jpg HTTP/1.1" 404 88 "http://ysfine.com/friends" "Mozilla/5.0 (Windows NT 10.0; Win64; x64) AppleWebKit/537.36 (KHTML, like Gecko) Chrome/74.0.3729.157 Safari/537.36" "ysfine.com"
213.87.137.193 - - [05/Nov/2022:07:16:19 -0700] "GET /einstein/places/einha05.jpg HTTP/1.1" 200 138021 "https://yandex.ru/images/touch/search?cbir_id=8201375%2FvZkEMMF4D1ENBTRf3QrkaA7756&platform=android&pos=0&device_id=ac4d86902096685d95023166e673f9d2&rpt=imageview&uuid=336c3c1990b04ea58692b4e7942d9a16&img_url=http%3A%2F%2Fysfine.com%2Feinstein%2Fplaces%2Feinha05.jpg&cbird=78&lr=213&cbir_page=similar&url=https%3A%2F%2Favatars.mds.yandex.net%2Fget-images-cbir%2F8201375%2FvZkEMMF4D1ENBTRf3QrkaA7756%2Forig" "Mozilla/5.0 (Linux; arm; Android 10; DBY-W09) AppleWebKit/537.36 (KHTML, like Gecko) Chrome/104.0.5112.114 YaBrowser/22.9.2.91.00 SA/3 Mobile Safari/537.36" "www.ysfine.com"
157.55.39.17 - - [05/Nov/2022:07:16:32 -0700] "GET /world/ital/venicef05b.jpg HTTP/1.1" 200 40037 "-" "Mozilla/5.0 (compatible; bingbot/2.0; +http://www.bing.com/bingbot.htm)" "ysfine.com"
213.87.137.193 - - [05/Nov/2022:07:16:36 -0700] "GET /einstein/bern.html HTTP/1.1" 200 8314 "https://yandex.ru/images/touch/search?cbir_id=8201375%2FvZkEMMF4D1ENBTRf3QrkaA7756&platform=android&pos=0&device_id=ac4d86902096685d95023166e673f9d2&rpt=imageview&uuid=336c3c1990b04ea58692b4e7942d9a16&img_url=http%3A%2F%2Fysfine.com%2Feinstein%2Fplaces%2Feinha05.jpg&cbird=78&lr=213&cbir_page=similar&url=https%3A%2F%2Favatars.mds.yandex.net%2Fget-images-cbir%2F8201375%2FvZkEMMF4D1ENBTRf3QrkaA7756%2Forig" "Mozilla/5.0 (Linux; arm; Android 10; DBY-W09) AppleWebKit/537.36 (KHTML, like Gecko) Chrome/104.0.5112.114 YaBrowser/22.9.2.91.00 SA/3 Mobile Safari/537.36" "www.ysfine.com"
213.87.137.193 - - [05/Nov/2022:07:16:36 -0700] "GET /einstein/places/einha01b.jpg HTTP/1.1" 200 41574 "https://www.ysfine.com/einstein/bern.html" "Mozilla/5.0 (Linux; arm; Android 10; DBY-W09) AppleWebKit/537.36 (KHTML, like Gecko) Chrome/104.0.5112.114 YaBrowser/22.9.2.91.00 SA/3 Mobile Safari/537.36" "www.ysfine.com"
213.87.137.193 - - [05/Nov/2022:07:16:36 -0700] "GET /einstein/places/einha02b.jpg HTTP/1.1" 200 35565 "https://www.ysfine.com/einstein/bern.html" "Mozilla/5.0 (Linux; arm; Android 10; DBY-W09) AppleWebKit/537.36 (KHTML, like Gecko) Chrome/104.0.5112.114 YaBrowser/22.9.2.91.00 SA/3 Mobile Safari/537.36" "www.ysfine.com"
213.87.137.193 - - [05/Nov/2022:07:16:36 -0700] "GET /einstein/places/einha36b.jpg HTTP/1.1" 200 45524 "https://www.ysfine.com/einstein/bern.html" "Mozilla/5.0 (Linux; arm; Android 10; DBY-W09) AppleWebKit/537.36 (KHTML, like Gecko) Chrome/104.0.5112.114 YaBrowser/22.9.2.91.00 SA/3 Mobile Safari/537.36" "www.ysfine.com"
213.87.137.193 - - [05/Nov/2022:07:16:36 -0700] "GET /einstein/places/einha23b.jpg HTTP/1.1" 200 30374 "https://www.ysfine.com/einstein/bern.html" "Mozilla/5.0 (Linux; arm; Android 10; DBY-W09) AppleWebKit/537.36 (KHTML, like Gecko) Chrome/104.0.5112.114 YaBrowser/22.9.2.91.00 SA/3 Mobile Safari/537.36" "www.ysfine.com"
213.87.137.193 - - [05/Nov/2022:07:16:36 -0700] "GET /einstein/places/einha05b.jpg HTTP/1.1" 200 51007 "https://www.ysfine.com/einstein/bern.html" "Mozilla/5.0 (Linux; arm; Android 10; DBY-W09) AppleWebKit/537.36 (KHTML, like Gecko) Chrome/104.0.5112.114 YaBrowser/22.9.2.91.00 SA/3 Mobile Safari/537.36" "www.ysfine.com"
213.87.137.193 - - [05/Nov/2022:07:16:36 -0700] "GET /einstein/places/einmu17b.jpg HTTP/1.1" 200 33255 "https://www.ysfine.com/einstein/bern.html" "Mozilla/5.0 (Linux; arm; Android 10; DBY-W09) AppleWebKit/537.36 (KHTML, like Gecko) Chrome/104.0.5112.114 YaBrowser/22.9.2.91.00 SA/3 Mobile Safari/537.36" "www.ysfine.com"
213.87.137.193 - - [05/Nov/2022:07:16:36 -0700] "GET /einstein/places/einmu10b.jpg HTTP/1.1" 200 63699 "https://www.ysfine.com/einstein/bern.html" "Mozilla/5.0 (Linux; arm; Android 10; DBY-W09) AppleWebKit/537.36 (KHTML, like Gecko) Chrome/104.0.5112.114 YaBrowser/22.9.2.91.00 SA/3 Mobile Safari/537.36" "www.ysfine.com"
213.87.137.193 - - [05/Nov/2022:07:16:36 -0700] "GET /einstein/places/einha39b.jpg HTTP/1.1" 200 50120 "https://www.ysfine.com/einstein/bern.html" "Mozilla/5.0 (Linux; arm; Android 10; DBY-W09) AppleWebKit/537.36 (KHTML, like Gecko) Chrome/104.0.5112.114 YaBrowser/22.9.2.91.00 SA/3 Mobile Safari/537.36" "www.ysfine.com"
213.87.137.193 - - [05/Nov/2022:07:16:36 -0700] "GET /einstein/places/einmu12b.jpg HTTP/1.1" 200 32736 "https://www.ysfine.com/einstein/bern.html" "Mozilla/5.0 (Linux; arm; Android 10; DBY-W09) AppleWebKit/537.36 (KHTML, like Gecko) Chrome/104.0.5112.114 YaBrowser/22.9.2.91.00 SA/3 Mobile Safari/537.36" "www.ysfine.com"
213.87.137.193 - - [05/Nov/2022:07:16:36 -0700] "GET /einstein/einhouse11b.jpg HTTP/1.1" 200 42717 "https://www.ysfine.com/einstein/bern.html" "Mozilla/5.0 (Linux; arm; Android 10; DBY-W09) AppleWebKit/537.36 (KHTML, like Gecko) Chrome/104.0.5112.114 YaBrowser/22.9.2.91.00 SA/3 Mobile Safari/537.36" "www.ysfine.com"
213.87.137.193 - - [05/Nov/2022:07:16:36 -0700] "GET /wigner/wigein270.jpg HTTP/1.1" 200 21005 "https://www.ysfine.com/einstein/bern.html" "Mozilla/5.0 (Linux; arm; Android 10; DBY-W09) AppleWebKit/537.36 (KHTML, like Gecko) Chrome/104.0.5112.114 YaBrowser/22.9.2.91.00 SA/3 Mobile Safari/537.36" "www.ysfine.com"
213.87.137.193 - - [05/Nov/2022:07:16:36 -0700] "GET /einstein/places/einmu22b.jpg HTTP/1.1" 200 41361 "https://www.ysfine.com/einstein/bern.html" "Mozilla/5.0 (Linux; arm; Android 10; DBY-W09) AppleWebKit/537.36 (KHTML, like Gecko) Chrome/104.0.5112.114 YaBrowser/22.9.2.91.00 SA/3 Mobile Safari/537.36" "www.ysfine.com"
213.87.137.193 - - [05/Nov/2022:07:16:36 -0700] "GET /einstein/evol66b.jpg HTTP/1.1" 200 38577 "https://www.ysfine.com/einstein/bern.html" "Mozilla/5.0 (Linux; arm; Android 10; DBY-W09) AppleWebKit/537.36 (KHTML, like Gecko) Chrome/104.0.5112.114 YaBrowser/22.9.2.91.00 SA/3 Mobile Safari/537.36" "www.ysfine.com"
213.87.137.193 - - [05/Nov/2022:07:16:36 -0700] "GET /einstein/einglaub01b.jpg HTTP/1.1" 200 48405 "https://www.ysfine.com/einstein/bern.html" "Mozilla/5.0 (Linux; arm; Android 10; DBY-W09) AppleWebKit/537.36 (KHTML, like Gecko) Chrome/104.0.5112.114 YaBrowser/22.9.2.91.00 SA/3 Mobile Safari/537.36" "www.ysfine.com"
213.87.137.193 - - [05/Nov/2022:07:16:36 -0700] "GET /einstein/places/einhaus450.jpg HTTP/1.1" 200 65369 "https://www.ysfine.com/einstein/bern.html" "Mozilla/5.0 (Linux; arm; Android 10; DBY-W09) AppleWebKit/537.36 (KHTML, like Gecko) Chrome/104.0.5112.114 YaBrowser/22.9.2.91.00 SA/3 Mobile Safari/537.36" "www.ysfine.com"
213.87.137.193 - - [05/Nov/2022:07:16:36 -0700] "GET /einstein/places/einmu41b.jpg HTTP/1.1" 200 52501 "https://www.ysfine.com/einstein/bern.html" "Mozilla/5.0 (Linux; arm; Android 10; DBY-W09) AppleWebKit/537.36 (KHTML, like Gecko) Chrome/104.0.5112.114 YaBrowser/22.9.2.91.00 SA/3 Mobile Safari/537.36" "www.ysfine.com"
213.87.137.193 - - [05/Nov/2022:07:16:36 -0700] "GET /einstein/places/einmu08b.jpg HTTP/1.1" 200 37748 "https://www.ysfine.com/einstein/bern.html" "Mozilla/5.0 (Linux; arm; Android 10; DBY-W09) AppleWebKit/537.36 (KHTML, like Gecko) Chrome/104.0.5112.114 YaBrowser/22.9.2.91.00 SA/3 Mobile Safari/537.36" "www.ysfine.com"
213.87.137.193 - - [05/Nov/2022:07:16:36 -0700] "GET /einstein/places/einmu64b.jpg HTTP/1.1" 200 42063 "https://www.ysfine.com/einstein/bern.html" "Mozilla/5.0 (Linux; arm; Android 10; DBY-W09) AppleWebKit/537.36 (KHTML, like Gecko) Chrome/104.0.5112.114 YaBrowser/22.9.2.91.00 SA/3 Mobile Safari/537.36" "www.ysfine.com"
213.87.137.193 - - [05/Nov/2022:07:16:36 -0700] "GET /einstein/places/einmu62b.jpg HTTP/1.1" 200 31976 "https://www.ysfine.com/einstein/bern.html" "Mozilla/5.0 (Linux; arm; Android 10; DBY-W09) AppleWebKit/537.36 (KHTML, like Gecko) Chrome/104.0.5112.114 YaBrowser/22.9.2.91.00 SA/3 Mobile Safari/537.36" "www.ysfine.com"
213.87.137.193 - - [05/Nov/2022:07:16:36 -0700] "GET /maga/phys/heisen33b.jpg HTTP/1.1" 200 78035 "https://www.ysfine.com/einstein/bern.html" "Mozilla/5.0 (Linux; arm; Android 10; DBY-W09) AppleWebKit/537.36 (KHTML, like Gecko) Chrome/104.0.5112.114 YaBrowser/22.9.2.91.00 SA/3 Mobile Safari/537.36" "www.ysfine.com"
213.87.137.193 - - [05/Nov/2022:07:16:36 -0700] "GET /einstein/einbohr11b.jpg HTTP/1.1" 200 37538 "https://www.ysfine.com/einstein/bern.html" "Mozilla/5.0 (Linux; arm; Android 10; DBY-W09) AppleWebKit/537.36 (KHTML, like Gecko) Chrome/104.0.5112.114 YaBrowser/22.9.2.91.00 SA/3 Mobile Safari/537.36" "www.ysfine.com"
213.87.137.193 - - [05/Nov/2022:07:16:36 -0700] "GET /einstein/places/einmu52b.jpg HTTP/1.1" 200 38352 "https://www.ysfine.com/einstein/bern.html" "Mozilla/5.0 (Linux; arm; Android 10; DBY-W09) AppleWebKit/537.36 (KHTML, like Gecko) Chrome/104.0.5112.114 YaBrowser/22.9.2.91.00 SA/3 Mobile Safari/537.36" "www.ysfine.com"
213.87.137.193 - - [05/Nov/2022:07:16:36 -0700] "GET /einstein/places/einmu16b.jpg HTTP/1.1" 200 34497 "https://www.ysfine.com/einstein/bern.html" "Mozilla/5.0 (Linux; arm; Android 10; DBY-W09) AppleWebKit/537.36 (KHTML, like Gecko) Chrome/104.0.5112.114 YaBrowser/22.9.2.91.00 SA/3 Mobile Safari/537.36" "www.ysfine.com"
213.87.137.193 - - [05/Nov/2022:07:16:36 -0700] "GET /maga/phil/kanthegel22b.jpg HTTP/1.1" 200 36974 "https://www.ysfine.com/einstein/bern.html" "Mozilla/5.0 (Linux; arm; Android 10; DBY-W09) AppleWebKit/537.36 (KHTML, like Gecko) Chrome/104.0.5112.114 YaBrowser/22.9.2.91.00 SA/3 Mobile Safari/537.36" "www.ysfine.com"
213.87.137.193 - - [05/Nov/2022:07:16:36 -0700] "GET /maga/phys/yukaein2.jpg HTTP/1.1" 200 42863 "https://www.ysfine.com/einstein/bern.html" "Mozilla/5.0 (Linux; arm; Android 10; DBY-W09) AppleWebKit/537.36 (KHTML, like Gecko) Chrome/104.0.5112.114 YaBrowser/22.9.2.91.00 SA/3 Mobile Safari/537.36" "www.ysfine.com"
213.87.137.193 - - [05/Nov/2022:07:16:41 -0700] "GET /favicon.ico HTTP/1.1" 404 88 "https://www.ysfine.com/einstein/bern.html" "Mozilla/5.0 (Linux; arm; Android 10; DBY-W09) AppleWebKit/537.36 (KHTML, like Gecko) Chrome/104.0.5112.114 YaBrowser/22.9.2.91.00 SA/3 Mobile Safari/537.36" "www.ysfine.com"
1.247.240.46 - - [05/Nov/2022:07:16:43 -0700] "GET /feynman/feydirac.jpg HTTP/1.1" 200 98378 "https://www.google.com/" "Mozilla/5.0 (Linux; Android 10; SAMSUNG SM-N960N/KSU3FVG4) AppleWebKit/537.36 (KHTML, like Gecko) SamsungBrowser/15.0 Chrome/90.0.4430.210 Mobile Safari/537.36" "ysfine.com"
40.122.230.189 - - [05/Nov/2022:07:16:50 -0700] "GET /world/china/chongking17b.jpg HTTP/1.1" 200 54315 "https://ysfine.com/world/china" "Mozilla/5.0 (Macintosh; Intel Mac OS X 10_11_6) AppleWebKit/605.1.15 (KHTML, like Gecko) Version/11.1.2 Safari/605.1.15" "ysfine.com"
1.247.240.46 - - [05/Nov/2022:07:16:56 -0700] "GET /dirac/dirfeyn.html HTTP/1.1" 200 6341 "https://www.google.com/" "Mozilla/5.0 (Linux; Android 10; SAMSUNG SM-N960N/KSU3FVG4) AppleWebKit/537.36 (KHTML, like Gecko) SamsungBrowser/15.0 Chrome/90.0.4430.210 Mobile Safari/537.36" "ysfine.com"
1.247.240.46 - - [05/Nov/2022:07:16:56 -0700] "GET /dirac/feydirac300.jpg HTTP/1.1" 200 38223 "https://ysfine.com/dirac/dirfeyn.html" "Mozilla/5.0 (Linux; Android 10; SAMSUNG SM-N960N/KSU3FVG4) AppleWebKit/537.36 (KHTML, like Gecko) SamsungBrowser/15.0 Chrome/90.0.4430.210 Mobile Safari/537.36" "ysfine.com"
1.247.240.46 - - [05/Nov/2022:07:16:56 -0700] "GET /dirac/sq73c.jpg HTTP/1.1" 200 35501 "https://ysfine.com/dirac/dirfeyn.html" "Mozilla/5.0 (Linux; Android 10; SAMSUNG SM-N960N/KSU3FVG4) AppleWebKit/537.36 (KHTML, like Gecko) SamsungBrowser/15.0 Chrome/90.0.4430.210 Mobile Safari/537.36" "ysfine.com"
1.247.240.46 - - [05/Nov/2022:07:16:56 -0700] "GET /dirac/dirackn33c.jpg HTTP/1.1" 200 50420 "https://ysfine.com/dirac/dirfeyn.html" "Mozilla/5.0 (Linux; Android 10; SAMSUNG SM-N960N/KSU3FVG4) AppleWebKit/537.36 (KHTML, like Gecko) SamsungBrowser/15.0 Chrome/90.0.4430.210 Mobile Safari/537.36" "ysfine.com"
1.247.240.46 - - [05/Nov/2022:07:16:56 -0700] "GET /eink/eink61c.jpg HTTP/1.1" 200 34119 "https://ysfine.com/dirac/dirfeyn.html" "Mozilla/5.0 (Linux; Android 10; SAMSUNG SM-N960N/KSU3FVG4) AppleWebKit/537.36 (KHTML, like Gecko) SamsungBrowser/15.0 Chrome/90.0.4430.210 Mobile Safari/537.36" "ysfine.com"
1.247.240.46 - - [05/Nov/2022:07:16:56 -0700] "GET /dirac/2osc22c.jpg HTTP/1.1" 200 28929 "https://ysfine.com/dirac/dirfeyn.html" "Mozilla/5.0 (Linux; Android 10; SAMSUNG SM-N960N/KSU3FVG4) AppleWebKit/537.36 (KHTML, like Gecko) SamsungBrowser/15.0 Chrome/90.0.4430.210 Mobile Safari/537.36" "ysfine.com"
1.247.240.46 - - [05/Nov/2022:07:16:56 -0700] "GET /wigner/wigkim11c.jpg HTTP/1.1" 200 30443 "https://ysfine.com/dirac/dirfeyn.html" "Mozilla/5.0 (Linux; Android 10; SAMSUNG SM-N960N/KSU3FVG4) AppleWebKit/537.36 (KHTML, like Gecko) SamsungBrowser/15.0 Chrome/90.0.4430.210 Mobile Safari/537.36" "ysfine.com"
1.247.240.46 - - [05/Nov/2022:07:16:56 -0700] "GET /people/sbt11c.jpg HTTP/1.1" 200 31479 "https://ysfine.com/dirac/dirfeyn.html" "Mozilla/5.0 (Linux; Android 10; SAMSUNG SM-N960N/KSU3FVG4) AppleWebKit/537.36 (KHTML, like Gecko) SamsungBrowser/15.0 Chrome/90.0.4430.210 Mobile Safari/537.36" "ysfine.com"
1.247.240.46 - - [05/Nov/2022:07:16:56 -0700] "GET /feynman/jacdrum11c.jpg HTTP/1.1" 200 39178 "https://ysfine.com/dirac/dirfeyn.html" "Mozilla/5.0 (Linux; Android 10; SAMSUNG SM-N960N/KSU3FVG4) AppleWebKit/537.36 (KHTML, like Gecko) SamsungBrowser/15.0 Chrome/90.0.4430.210 Mobile Safari/537.36" "ysfine.com"
1.247.240.46 - - [05/Nov/2022:07:16:56 -0700] "GET /dirac/dfkim11c.jpg HTTP/1.1" 200 34801 "https://ysfine.com/dirac/dirfeyn.html" "Mozilla/5.0 (Linux; Android 10; SAMSUNG SM-N960N/KSU3FVG4) AppleWebKit/537.36 (KHTML, like Gecko) SamsungBrowser/15.0 Chrome/90.0.4430.210 Mobile Safari/537.36" "ysfine.com"
1.247.240.46 - - [05/Nov/2022:07:16:56 -0700] "GET /wigner/isomor66c.jpg HTTP/1.1" 200 47632 "https://ysfine.com/dirac/dirfeyn.html" "Mozilla/5.0 (Linux; Android 10; SAMSUNG SM-N960N/KSU3FVG4) AppleWebKit/537.36 (KHTML, like Gecko) SamsungBrowser/15.0 Chrome/90.0.4430.210 Mobile Safari/537.36" "ysfine.com"
1.247.240.46 - - [05/Nov/2022:07:16:56 -0700] "GET /dirac/nicodem11c.jpg HTTP/1.1" 200 72684 "https://ysfine.com/dirac/dirfeyn.html" "Mozilla/5.0 (Linux; Android 10; SAMSUNG SM-N960N/KSU3FVG4) AppleWebKit/537.36 (KHTML, like Gecko) SamsungBrowser/15.0 Chrome/90.0.4430.210 Mobile Safari/537.36" "ysfine.com"
1.247.240.46 - - [05/Nov/2022:07:16:58 -0700] "GET /favicon.ico HTTP/1.1" 404 88 "https://ysfine.com/dirac/dirfeyn.html" "Mozilla/5.0 (Linux; Android 10; SAMSUNG SM-N960N/KSU3FVG4) AppleWebKit/537.36 (KHTML, like Gecko) SamsungBrowser/15.0 Chrome/90.0.4430.210 Mobile Safari/537.36" "ysfine.com"
1.247.240.46 - - [05/Nov/2022:07:17:03 -0700] "GET /dirac/feydirac.jpg HTTP/1.1" 404 88 "https://ysfine.com/dirac/dirfeyn.html" "Mozilla/5.0 (Linux; Android 10; SAMSUNG SM-N960N/KSU3FVG4) AppleWebKit/537.36 (KHTML, like Gecko) SamsungBrowser/15.0 Chrome/90.0.4430.210 Mobile Safari/537.36" "ysfine.com"
157.55.39.76 - - [05/Nov/2022:07:17:12 -0700] "GET /bio/kobak/yskor.html HTTP/1.1" 404 88 "-" "Mozilla/5.0 AppleWebKit/537.36 (KHTML, like Gecko; compatible; bingbot/2.0; +http://www.bing.com/bingbot.htm) Chrome/103.0.5060.134 Safari/537.36" "ysfine.com"
20.29.110.169 - - [05/Nov/2022:07:17:16 -0700] "GET /world/brit/cityhall02b.jpg HTTP/1.1" 200 38746 "https://ysfine.com/world/brit" "Mozilla/5.0 (Macintosh; Intel Mac OS X 10_11_6) AppleWebKit/605.1.15 (KHTML, like Gecko) Version/11.1.2 Safari/605.1.15" "ysfine.com"
40.77.51.84 - - [05/Nov/2022:07:17:28 -0700] "GET /style/cameras/sonywx9c.jpg HTTP/1.1" 200 28053 "https://ysfine.com/style/cameras" "Mozilla/5.0 (X11; Linux x86_64) AppleWebKit/537.36 (KHTML, like Gecko) Chrome/74.0.3729.169 Safari/537.36" "ysfine.com"
40.77.167.71 - - [05/Nov/2022:07:17:35 -0700] "GET /ysbio/wisdom/quovadis.html HTTP/1.1" 200 3582 "-" "Mozilla/5.0 (compatible; bingbot/2.0; +http://www.bing.com/bingbot.htm)" "ysfine.com"
90.203.138.165 - - [05/Nov/2022:07:18:32 -0700] "GET /home/book91.html HTTP/1.1" 200 6339 "https://www.google.com/" "Mozilla/5.0 (Windows NT 10.0; Win64; x64) AppleWebKit/537.36 (KHTML, like Gecko) Chrome/106.0.0.0 Safari/537.36" "ysfine.com"
90.203.138.165 - - [05/Nov/2022:07:18:33 -0700] "GET /home/sq66.jpg HTTP/1.1" 404 88 "https://ysfine.com/home/book91.html" "Mozilla/5.0 (Windows NT 10.0; Win64; x64) AppleWebKit/537.36 (KHTML, like Gecko) Chrome/106.0.0.0 Safari/537.36" "ysfine.com"
90.203.138.165 - - [05/Nov/2022:07:18:33 -0700] "GET /favicon.ico HTTP/1.1" 404 88 "https://ysfine.com/home/book91.html" "Mozilla/5.0 (Windows NT 10.0; Win64; x64) AppleWebKit/537.36 (KHTML, like Gecko) Chrome/106.0.0.0 Safari/537.36" "ysfine.com"
40.86.101.164 - - [05/Nov/2022:07:18:51 -0700] "GET /beau/lithuparis01c.jpg HTTP/1.1" 404 88 "https://ysfine.com/beau" "Mozilla/5.0 (Macintosh; Intel Mac OS X 10_11_6) AppleWebKit/605.1.15 (KHTML, like Gecko) Version/11.1.2 Safari/605.1.15" "ysfine.com"
20.109.241.96 - - [05/Nov/2022:07:19:02 -0700] "GET /class54/math06a.jpg HTTP/1.1" 200 70355 "https://ysfine.com/class54" "Mozilla/5.0 (X11; Linux x86_64) AppleWebKit/537.36 (KHTML, like Gecko) Chrome/74.0.3729.169 Safari/537.36" "ysfine.com"
40.77.167.71 - - [05/Nov/2022:07:19:05 -0700] "GET /bio/style/shops.html HTTP/1.1" 404 88 "-" "Mozilla/5.0 AppleWebKit/537.36 (KHTML, like Gecko; compatible; bingbot/2.0; +http://www.bing.com/bingbot.htm) Chrome/103.0.5060.134 Safari/537.36" "ysfine.com"
157.55.39.65 - - [05/Nov/2022:07:19:41 -0700] "GET /wdc/waskor014b.jpg HTTP/1.1" 200 26478 "-" "Mozilla/5.0 (compatible; bingbot/2.0; +http://www.bing.com/bingbot.htm)" "ysfine.com"
157.55.39.76 - - [05/Nov/2022:07:20:11 -0700] "GET /wdc/gtown47.jpg HTTP/1.1" 200 87894 "-" "Mozilla/5.0 (compatible; bingbot/2.0; +http://www.bing.com/bingbot.htm)" "www.ysfine.com"
40.86.101.164 - - [05/Nov/2022:07:20:15 -0700] "GET /yspapers/inokim97c.jpg HTTP/1.1" 200 31832 "https://ysfine.com/yspapers" "Mozilla/5.0 (Linux; Android 10; SM-G960U) AppleWebKit/537.36 (KHTML, like Gecko) Chrome/88.0.4324.181 Mobile Safari/537.36" "ysfine.com"
79.166.203.57 - - [05/Nov/2022:07:20:20 -0700] "GET /jobs/index.html HTTP/1.1" 200 123 "-" "Mozilla/5.0 (Windows NT 10.0; Win64; x64) AppleWebKit/537.36 (KHTML, like Gecko) Chrome/106.0.0.0 Safari/537.36" "ysfine.com"
79.166.203.57 - - [05/Nov/2022:07:20:20 -0700] "GET /jobs/joleft.html HTTP/1.1" 200 334 "https://ysfine.com/jobs/index.html" "Mozilla/5.0 (Windows NT 10.0; Win64; x64) AppleWebKit/537.36 (KHTML, like Gecko) Chrome/106.0.0.0 Safari/537.36" "ysfine.com"
79.166.203.57 - - [05/Nov/2022:07:20:20 -0700] "GET /jobs/koreaj.html HTTP/1.1" 200 10214 "https://ysfine.com/jobs/joleft.html" "Mozilla/5.0 (Windows NT 10.0; Win64; x64) AppleWebKit/537.36 (KHTML, like Gecko) Chrome/106.0.0.0 Safari/537.36" "ysfine.com"
79.166.203.57 - - [05/Nov/2022:07:20:20 -0700] "GET /jobs/koreaj11b.jpg HTTP/1.1" 200 67543 "https://ysfine.com/jobs/koreaj.html" "Mozilla/5.0 (Windows NT 10.0; Win64; x64) AppleWebKit/537.36 (KHTML, like Gecko) Chrome/106.0.0.0 Safari/537.36" "ysfine.com"
20.109.241.96 - - [05/Nov/2022:07:20:22 -0700] "GET /wdc/lincoln02b.jpg HTTP/1.1" 200 27630 "http://ysfine.com/wdc" "Mozilla/5.0 (Macintosh; Intel Mac OS X 10_11_6) AppleWebKit/605.1.15 (KHTML, like Gecko) Version/11.1.2 Safari/605.1.15" "ysfine.com"
77.88.5.168 - - [05/Nov/2022:07:20:44 -0700] "GET /robots.txt HTTP/1.1" 404 73 "-" "Mozilla/5.0 (compatible; YandexBot/3.0; +http://yandex.com/bots)" "www.ysfine.com"
66.249.70.30 - - [05/Nov/2022:07:20:44 -0700] "GET /world/germany/tubw31b.jpg HTTP/1.1" 200 48891 "-" "Googlebot-Image/1.0" "ysfine.com"
77.88.5.245 - - [05/Nov/2022:07:20:48 -0700] "GET /einstein/bern.html HTTP/1.1" 200 8314 "-" "Mozilla/5.0 (compatible; YandexBot/3.0; +http://yandex.com/bots)" "www.ysfine.com"
20.106.27.209 - - [05/Nov/2022:07:20:58 -0700] "GET /world/poland/pilsudski01b.jpg HTTP/1.1" 200 40424 "https://ysfine.com/world/poland" "Mozilla/5.0 (Macintosh; Intel Mac OS X 10_11_6) AppleWebKit/605.1.15 (KHTML, like Gecko) Version/11.1.2 Safari/605.1.15" "ysfine.com"
20.29.110.168 - - [05/Nov/2022:07:21:13 -0700] "GET /philo/comet30a.jpg HTTP/1.1" 200 70279 "https://ysfine.com/philo" "Mozilla/5.0 (Macintosh; Intel Mac OS X 10_11_6) AppleWebKit/605.1.15 (KHTML, like Gecko) Version/11.1.2 Safari/605.1.15" "ysfine.com"
40.77.167.27 - - [05/Nov/2022:07:21:23 -0700] "GET /einstein/places/einha10.jpg HTTP/1.1" 200 99898 "-" "Mozilla/5.0 AppleWebKit/537.36 (KHTML, like Gecko; compatible; bingbot/2.0; +http://www.bing.com/bingbot.htm) Chrome/103.0.5060.134 Safari/537.36" "ysfine.com"
93.158.161.48 - - [05/Nov/2022:07:21:23 -0700] "GET /maga/ HTTP/1.1" 200 6127 "-" "Mozilla/5.0 (compatible; YandexBot/3.0; +http://yandex.com/bots)" "www.ysfine.com"
40.86.101.252 - - [05/Nov/2022:07:21:26 -0700] "GET /princeton/hamilton11b.jpg HTTP/1.1" 200 55404 "https://ysfine.com/princeton" "Mozilla/5.0 (Macintosh; Intel Mac OS X 10_11_6) AppleWebKit/605.1.15 (KHTML, like Gecko) Version/11.1.2 Safari/605.1.15" "ysfine.com"
40.86.101.164 - - [05/Nov/2022:07:21:26 -0700] "GET /friends/romania08b.jpg HTTP/1.1" 404 88 "http://ysfine.com/friends" "Mozilla/5.0 (X11; Linux x86_64) AppleWebKit/537.36 (KHTML, like Gecko) Chrome/74.0.3729.169 Safari/537.36" "ysfine.com"
20.109.241.80 - - [05/Nov/2022:07:21:31 -0700] "GET /world/france/montmar01b.jpg HTTP/1.1" 200 51708 "http://ysfine.com/world/france" "Mozilla/5.0 (Linux; Android 10; SM-G960U) AppleWebKit/537.36 (KHTML, like Gecko) Chrome/88.0.4324.181 Mobile Safari/537.36" "ysfine.com"
24.16.149.101 - - [05/Nov/2022:07:21:43 -0700] "GET /kobak/sl628.jpg HTTP/1.1" 200 225100 "https://www.google.com/" "Mozilla/5.0 (Linux; Android 12; SM-S901U Build/SP1A.210812.016; wv) AppleWebKit/537.36 (KHTML, like Gecko) Version/4.0 Chrome/107.0.5304.91 Mobile Safari/537.36 GoogleApp/13.41.11.26.arm64" "ysfine.com"
157.55.39.65 - - [05/Nov/2022:07:21:43 -0700] "GET /bio/pquartet.html HTTP/1.1" 404 88 "-" "Mozilla/5.0 AppleWebKit/537.36 (KHTML, like Gecko; compatible; bingbot/2.0; +http://www.bing.com/bingbot.htm) Chrome/103.0.5060.134 Safari/537.36" "ysfine.com"
40.77.51.85 - - [05/Nov/2022:07:21:46 -0700] "GET /princeton/puband2.jpg HTTP/1.1" 200 39629 "http://ysfine.com/princeton" "Mozilla/5.0 (iPhone; CPU iPhone OS 13_5_1 like Mac OS X) AppleWebKit/605.1.15 (KHTML, like Gecko) Version/13.1.1 Mobile/15E148 Safari/604.1" "ysfine.com"
114.119.128.158 - - [05/Nov/2022:07:21:56 -0700] "GET /remote/wigner111/frame43.html HTTP/1.1" 200 372 "https://www.ysfine.com/remote/wigner111/frame44.html" "Mozilla/5.0 (Linux; Android 7.0;) AppleWebKit/537.36 (KHTML, like Gecko) Mobile Safari/537.36 (compatible; PetalBot;+https://webmaster.petalsearch.com/site/petalbot)" "www.ysfine.com"
40.86.101.252 - - [05/Nov/2022:07:22:49 -0700] "GET /kowar/mil/yak9b.jpg HTTP/1.1" 404 88 "http://ysfine.com/kowar/mil" "Mozilla/5.0 (X11; Linux x86_64) AppleWebKit/537.36 (KHTML, like Gecko) Chrome/74.0.3729.169 Safari/537.36" "ysfine.com"
13.67.224.13 - - [05/Nov/2022:07:23:19 -0700] "GET /world/spain/gran35c.jpg HTTP/1.1" 200 45862 "https://ysfine.com/world/spain" "Mozilla/5.0 (iPhone; CPU iPhone OS 13_5_1 like Mac OS X) AppleWebKit/605.1.15 (KHTML, like Gecko) Version/13.1.1 Mobile/15E148 Safari/604.1" "ysfine.com"
157.55.39.76 - - [05/Nov/2022:07:23:21 -0700] "GET /bio/sbk/1950.html HTTP/1.1" 404 88 "-" "Mozilla/5.0 AppleWebKit/537.36 (KHTML, like Gecko; compatible; bingbot/2.0; +http://www.bing.com/bingbot.htm) Chrome/103.0.5060.134 Safari/537.36" "ysfine.com"
157.55.39.76 - - [05/Nov/2022:07:23:22 -0700] "GET /newyork/macy11.jpg HTTP/1.1" 200 208233 "-" "Mozilla/5.0 AppleWebKit/537.36 (KHTML, like Gecko; compatible; bingbot/2.0; +http://www.bing.com/bingbot.htm) Chrome/103.0.5060.134 Safari/537.36" "ysfine.com"
40.77.167.27 - - [05/Nov/2022:07:23:36 -0700] "GET /confer/osc.html HTTP/1.1" 404 88 "-" "Mozilla/5.0 (compatible; bingbot/2.0; +http://www.bing.com/bingbot.htm)" "ysfine.com"
40.86.101.252 - - [05/Nov/2022:07:23:52 -0700] "GET /friends/amkor/amparis03c.jpg HTTP/1.1" 404 88 "https://ysfine.com/friends/amkor" "Mozilla/5.0 (Macintosh; Intel Mac OS X 10_11_6) AppleWebKit/605.1.15 (KHTML, like Gecko) Version/11.1.2 Safari/605.1.15" "ysfine.com"
157.55.39.76 - - [05/Nov/2022:07:24:03 -0700] "GET /bio/style/artlove.html HTTP/1.1" 404 88 "-" "Mozilla/5.0 (compatible; bingbot/2.0; +http://www.bing.com/bingbot.htm)" "ysfine.com"
20.109.241.96 - - [05/Nov/2022:07:24:10 -0700] "GET /friends/amkor/prstu03b.jpg HTTP/1.1" 404 88 "https://ysfine.com/friends/amkor" "Mozilla/5.0 (Macintosh; Intel Mac OS X 10_11_6) AppleWebKit/605.1.15 (KHTML, like Gecko) Version/11.1.2 Safari/605.1.15" "ysfine.com"
157.55.39.65 - - [05/Nov/2022:07:24:12 -0700] "GET /bio/style/ystyle.html HTTP/1.1" 404 88 "-" "Mozilla/5.0 (compatible; bingbot/2.0; +http://www.bing.com/bingbot.htm)" "ysfine.com"
5.52.90.120 - - [05/Nov/2022:07:24:13 -0700] "GET /yspapers/plb83.pdf HTTP/1.1" 200 195268 "https://scholar.google.com/" "Mozilla/5.0 (X11; Linux x86_64; rv:105.0) Gecko/20100101 Firefox/105.0" "ysfine.com"
5.52.90.120 - - [05/Nov/2022:07:24:14 -0700] "GET /favicon.ico HTTP/1.1" 404 88 "https://ysfine.com/" "Mozilla/5.0 (X11; Linux x86_64; rv:105.0) Gecko/20100101 Firefox/105.0" "ysfine.com"
5.52.90.120 - - [05/Nov/2022:07:24:15 -0700] "GET /yspapers/plb83.pdf HTTP/1.1" 206 65536 "https://scholar.google.com/" "Mozilla/5.0 (X11; Linux x86_64; rv:105.0) Gecko/20100101 Firefox/105.0" "ysfine.com"
5.52.90.120 - - [05/Nov/2022:07:24:16 -0700] "GET /yspapers/plb83.pdf HTTP/1.1" 206 64196 "https://scholar.google.com/" "Mozilla/5.0 (X11; Linux x86_64; rv:105.0) Gecko/20100101 Firefox/105.0" "ysfine.com"
157.55.39.17 - - [05/Nov/2022:07:24:16 -0700] "GET /ysbio/maga/phil/sisfa12/index.html HTTP/1.1" 200 148 "-" "Mozilla/5.0 (compatible; bingbot/2.0; +http://www.bing.com/bingbot.htm)" "ysfine.com"
5.52.90.120 - - [05/Nov/2022:07:24:18 -0700] "GET /yspapers/plb83.pdf HTTP/1.1" 206 65536 "https://scholar.google.com/" "Mozilla/5.0 (X11; Linux x86_64; rv:105.0) Gecko/20100101 Firefox/105.0" "ysfine.com"
40.77.51.85 - - [05/Nov/2022:07:24:43 -0700] "GET /princeton/ias11b.jpg HTTP/1.1" 200 33974 "http://ysfine.com/princeton" "Mozilla/5.0 (Linux; Android 10; SM-G960U) AppleWebKit/537.36 (KHTML, like Gecko) Chrome/88.0.4324.181 Mobile Safari/537.36" "ysfine.com"
40.77.167.71 - - [05/Nov/2022:07:24:45 -0700] "GET /class54/pics/gorby11.jpg HTTP/1.1" 200 70024 "-" "Mozilla/5.0 AppleWebKit/537.36 (KHTML, like Gecko; compatible; bingbot/2.0; +http://www.bing.com/bingbot.htm) Chrome/103.0.5060.134 Safari/537.36" "www.ysfine.com"
40.77.167.68 - - [05/Nov/2022:07:24:48 -0700] "GET /ysbio/sbk/2010.html HTTP/1.1" 200 14455 "-" "Mozilla/5.0 (compatible; bingbot/2.0; +http://www.bing.com/bingbot.htm)" "ysfine.com"
157.55.39.65 - - [05/Nov/2022:07:25:02 -0700] "GET /world/muplace.html HTTP/1.1" 200 22028 "-" "Mozilla/5.0 AppleWebKit/537.36 (KHTML, like Gecko; compatible; bingbot/2.0; +http://www.bing.com/bingbot.htm) Chrome/103.0.5060.134 Safari/537.36" "ysfine.com"
157.55.39.76 - - [05/Nov/2022:07:25:12 -0700] "GET /world/brit/covent03.jpg HTTP/1.1" 200 91617 "-" "Mozilla/5.0 AppleWebKit/537.36 (KHTML, like Gecko; compatible; bingbot/2.0; +http://www.bing.com/bingbot.htm) Chrome/103.0.5060.134 Safari/537.36" "ysfine.com"
157.55.39.76 - - [05/Nov/2022:07:25:14 -0700] "GET /kobak/repose33.jpg HTTP/1.1" 200 66664 "-" "Mozilla/5.0 (compatible; bingbot/2.0; +http://www.bing.com/bingbot.htm)" "ysfine.com"
20.106.27.173 - - [05/Nov/2022:07:25:21 -0700] "GET /style/verdi11b.jpg HTTP/1.1" 200 40111 "https://www.ysfine.com/style" "Mozilla/5.0 (Windows NT 10.0; Win64; x64) AppleWebKit/537.36 (KHTML, like Gecko) Chrome/74.0.3729.157 Safari/537.36" "www.ysfine.com"
40.77.167.71 - - [05/Nov/2022:07:25:26 -0700] "GET /maga/phys/schrod08b.jpg HTTP/1.1" 200 34216 "-" "Mozilla/5.0 (compatible; bingbot/2.0; +http://www.bing.com/bingbot.htm)" "ysfine.com"
40.77.167.68 - - [05/Nov/2022:07:25:46 -0700] "GET /feynman/feybial.jpg HTTP/1.1" 200 56284 "-" "Mozilla/5.0 AppleWebKit/537.36 (KHTML, like Gecko; compatible; bingbot/2.0; +http://www.bing.com/bingbot.htm) Chrome/103.0.5060.134 Safari/537.36" "www.ysfine.com"
157.55.39.17 - - [05/Nov/2022:07:25:53 -0700] "GET /world/russ/czar04b.jpg HTTP/1.1" 200 56007 "-" "Mozilla/5.0 AppleWebKit/537.36 (KHTML, like Gecko; compatible; bingbot/2.0; +http://www.bing.com/bingbot.htm) Chrome/103.0.5060.134 Safari/537.36" "ysfine.com"
40.122.230.190 - - [05/Nov/2022:07:25:55 -0700] "GET /friends/amkor/canparis01b.jpg HTTP/1.1" 404 88 "https://ysfine.com/friends/amkor" "Mozilla/5.0 (X11; Linux x86_64) AppleWebKit/537.36 (KHTML, like Gecko) Chrome/74.0.3729.169 Safari/537.36" "ysfine.com"
20.106.27.209 - - [05/Nov/2022:07:26:45 -0700] "GET /style/cameras/canonp11b.jpg HTTP/1.1" 200 46879 "https://ysfine.com/style/cameras" "Mozilla/5.0 (iPhone; CPU iPhone OS 13_5_1 like Mac OS X) AppleWebKit/605.1.15 (KHTML, like Gecko) Version/13.1.1 Mobile/15E148 Safari/604.1" "ysfine.com"
20.106.28.16 - - [05/Nov/2022:07:26:53 -0700] "GET /maga/phys/landau35b.jpg HTTP/1.1" 200 26143 "http://ysfine.com/maga/phys" "Mozilla/5.0 (Macintosh; Intel Mac OS X 10_11_6) AppleWebKit/605.1.15 (KHTML, like Gecko) Version/11.1.2 Safari/605.1.15" "ysfine.com"
157.55.39.17 - - [05/Nov/2022:07:26:55 -0700] "GET /bio/einstein/bern.html HTTP/1.1" 404 88 "-" "Mozilla/5.0 (compatible; bingbot/2.0; +http://www.bing.com/bingbot.htm)" "ysfine.com"
157.55.39.65 - - [05/Nov/2022:07:27:01 -0700] "GET /world/ital/stcroce02b.jpg HTTP/1.1" 200 45226 "-" "Mozilla/5.0 AppleWebKit/537.36 (KHTML, like Gecko; compatible; bingbot/2.0; +http://www.bing.com/bingbot.htm) Chrome/103.0.5060.134 Safari/537.36" "ysfine.com"
216.244.66.229 - - [05/Nov/2022:07:27:26 -0700] "GET /ffriends/amkor/amstu27.jpg HTTP/1.1" 200 116417 "-" "Mozilla/5.0 (compatible; DotBot/1.2; +https://opensiteexplorer.org/dotbot; help@moz.com)" "www.ysfine.com"
45.120.4.50 - - [05/Nov/2022:07:27:28 -0700] "GET /e/data/js/ajax.js HTTP/1.1" 404 88 "-" "Mozilla/5.0 (Windows NT 10.0; WOW64; rv:48.0) Gecko/20100101 Firefox/48.0" "www.ysfine.com"
20.29.110.169 - - [05/Nov/2022:07:27:43 -0700] "GET /kobak/swr95c.jpg HTTP/1.1" 200 24172 "https://ysfine.com/kobak" "Mozilla/5.0 (Macintosh; Intel Mac OS X 10_11_6) AppleWebKit/605.1.15 (KHTML, like Gecko) Version/11.1.2 Safari/605.1.15" "ysfine.com"
157.55.39.65 - - [05/Nov/2022:07:27:51 -0700] "GET /kobak/sonja2.jpg HTTP/1.1" 200 31693 "-" "Mozilla/5.0 (compatible; bingbot/2.0; +http://www.bing.com/bingbot.htm)" "ysfine.com"
45.120.4.50 - - [05/Nov/2022:07:28:19 -0700] "GET /data/admin/allowurl.txt HTTP/1.1" 404 88 "-" "Mozilla/5.0 (Windows NT 10.0; WOW64; rv:48.0) Gecko/20100101 Firefox/48.0" "www.ysfine.com"
40.77.167.71 - - [05/Nov/2022:07:28:26 -0700] "GET /world/france/montmar17.jpg HTTP/1.1" 200 268313 "-" "Mozilla/5.0 AppleWebKit/537.36 (KHTML, like Gecko; compatible; bingbot/2.0; +http://www.bing.com/bingbot.htm) Chrome/103.0.5060.134 Safari/537.36" "ysfine.com"
40.122.230.190 - - [05/Nov/2022:07:28:51 -0700] "GET /wdc/washmo27.jpg HTTP/1.1" 200 167352 "http://ysfine.com/wdc" "Mozilla/5.0 (Linux; Android 10; SM-G960U) AppleWebKit/537.36 (KHTML, like Gecko) Chrome/88.0.4324.181 Mobile Safari/537.36" "ysfine.com"
157.55.39.17 - - [05/Nov/2022:07:28:54 -0700] "GET /people/kilin11.jpg HTTP/1.1" 200 103596 "-" "Mozilla/5.0 (compatible; bingbot/2.0; +http://www.bing.com/bingbot.htm)" "www.ysfine.com"
20.29.110.169 - - [05/Nov/2022:07:29:53 -0700] "GET /world/france/stras17.jpg HTTP/1.1" 200 145827 "https://ysfine.com/world/france" "Mozilla/5.0 (Macintosh; Intel Mac OS X 10_11_6) AppleWebKit/605.1.15 (KHTML, like Gecko) Version/11.1.2 Safari/605.1.15" "ysfine.com"
40.86.101.166 - - [05/Nov/2022:07:29:54 -0700] "GET /usca/pitt/pitbridge01b.jpg HTTP/1.1" 200 40959 "http://www.ysfine.com/usca/pitt" "Mozilla/5.0 (X11; Linux x86_64) AppleWebKit/537.36 (KHTML, like Gecko) Chrome/74.0.3729.169 Safari/537.36" "www.ysfine.com"
157.55.39.17 - - [05/Nov/2022:07:29:54 -0700] "GET /einstein/places/einmu10b.jpg HTTP/1.1" 200 63699 "-" "Mozilla/5.0 AppleWebKit/537.36 (KHTML, like Gecko; compatible; bingbot/2.0; +http://www.bing.com/bingbot.htm) Chrome/103.0.5060.134 Safari/537.36" "ysfine.com"
20.106.27.173 - - [05/Nov/2022:07:29:54 -0700] "GET /world/russ/msu20b.jpg HTTP/1.1" 200 37032 "https://ysfine.com/world/russ" "Mozilla/5.0 (iPhone; CPU iPhone OS 13_5_1 like Mac OS X) AppleWebKit/605.1.15 (KHTML, like Gecko) Version/13.1.1 Mobile/15E148 Safari/604.1" "ysfine.com"
157.55.39.76 - - [05/Nov/2022:07:30:03 -0700] "GET /ysbio/kowar/wartop.html HTTP/1.1" 200 443 "-" "Mozilla/5.0 (compatible; bingbot/2.0; +http://www.bing.com/bingbot.htm)" "ysfine.com"
20.106.28.16 - - [05/Nov/2022:07:30:58 -0700] "GET /newyork/trump57c.jpg HTTP/1.1" 200 39119 "https://ysfine.com/newyork" "Mozilla/5.0 (iPhone; CPU iPhone OS 13_5_1 like Mac OS X) AppleWebKit/605.1.15 (KHTML, like Gecko) Version/13.1.1 Mobile/15E148 Safari/604.1" "ysfine.com"
157.55.39.17 - - [05/Nov/2022:07:31:04 -0700] "GET /home/dwf55.jpg HTTP/1.1" 200 101592 "-" "Mozilla/5.0 (compatible; bingbot/2.0; +http://www.bing.com/bingbot.htm)" "ysfine.com"
66.249.70.30 - - [05/Nov/2022:07:31:11 -0700] "GET /robots.txt HTTP/1.1" 404 88 "-" "Mozilla/5.0 (compatible; Googlebot/2.1; +http://www.google.com/bot.html)" "ysfine.com"
90.252.69.202 - - [05/Nov/2022:07:31:35 -0700] "GET /philo/keigel11.jpg HTTP/1.1" 200 113857 "https://www.google.com/" "Mozilla/5.0 (Windows NT 10.0; Win64; x64) AppleWebKit/537.36 (KHTML, like Gecko) Chrome/107.0.0.0 Safari/537.36" "ysfine.com"
185.184.157.94 - - [05/Nov/2022:07:31:42 -0700] "GET /robots.txt HTTP/1.1" 404 88 "-" "Mozilla/5.0 (compatible; linkdexbot/2.0; +http://www.linkdex.com/bots/)" "ysfine.com"
185.184.157.94 - - [05/Nov/2022:07:31:43 -0700] "GET /robots.txt HTTP/1.1" 404 88 "-" "Mozilla/5.0 (compatible; linkdexbot/2.0; +http://www.linkdex.com/bots/)" "www.ysfine.com"
51.222.253.19 - - [05/Nov/2022:07:31:54 -0700] "GET /ysbio/home.html HTTP/1.1" 200 142 "-" "Mozilla/5.0 (compatible; AhrefsBot/7.0; +http://ahrefs.com/robot/)" "www.ysfine.com"
40.122.195.128 - - [05/Nov/2022:07:32:11 -0700] "GET /usca/pitt/westim01b.jpg HTTP/1.1" 200 39928 "http://ysfine.com/usca/pitt" "Mozilla/5.0 (X11; Linux x86_64) AppleWebKit/537.36 (KHTML, like Gecko) Chrome/74.0.3729.169 Safari/537.36" "ysfine.com"
20.29.110.168 - - [05/Nov/2022:07:32:16 -0700] "GET /world/ital/flor023b.jpg HTTP/1.1" 200 44340 "http://ysfine.com/world/ital" "Mozilla/5.0 (Macintosh; Intel Mac OS X 10_11_6) AppleWebKit/605.1.15 (KHTML, like Gecko) Version/11.1.2 Safari/605.1.15" "ysfine.com"
40.122.195.128 - - [05/Nov/2022:07:32:35 -0700] "GET /wdc/waskor037b.jpg HTTP/1.1" 200 39461 "https://ysfine.com/wdc" "Mozilla/5.0 (iPhone; CPU iPhone OS 13_5_1 like Mac OS X) AppleWebKit/605.1.15 (KHTML, like Gecko) Version/13.1.1 Mobile/15E148 Safari/604.1" "ysfine.com"
20.109.241.81 - - [05/Nov/2022:07:32:44 -0700] "GET /princeton/eins200.jpg HTTP/1.1" 200 24421 "https://ysfine.com/princeton" "Mozilla/5.0 (Windows NT 10.0; Win64; x64) AppleWebKit/537.36 (KHTML, like Gecko) Chrome/74.0.3729.157 Safari/537.36" "ysfine.com"
20.106.27.209 - - [05/Nov/2022:07:32:51 -0700] "GET /world/germany/muc063b.jpg HTTP/1.1" 200 37037 "http://ysfine.com/world/germany" "Mozilla/5.0 (Linux; Android 10; SM-G960U) AppleWebKit/537.36 (KHTML, like Gecko) Chrome/88.0.4324.181 Mobile Safari/537.36" "ysfine.com"
84.236.195.17 - - [05/Nov/2022:07:33:07 -0700] "GET /home/cv/kimcv.pdf HTTP/1.1" 200 26932 "https://www.google.com/" "Mozilla/5.0 (Windows NT 10.0; Win64; x64) AppleWebKit/537.36 (KHTML, like Gecko) Chrome/106.0.0.0 Safari/537.36" "ysfine.com"
84.236.195.17 - - [05/Nov/2022:07:33:07 -0700] "GET /favicon.ico HTTP/1.1" 404 88 "https://ysfine.com/home/cv/kimcv.pdf" "Mozilla/5.0 (Windows NT 10.0; Win64; x64) AppleWebKit/537.36 (KHTML, like Gecko) Chrome/106.0.0.0 Safari/537.36" "ysfine.com"
157.55.39.65 - - [05/Nov/2022:07:34:23 -0700] "GET /ysbio/folks/soldiers.html HTTP/1.1" 200 4685 "-" "Mozilla/5.0 AppleWebKit/537.36 (KHTML, like Gecko; compatible; bingbot/2.0; +http://www.bing.com/bingbot.htm) Chrome/103.0.5060.134 Safari/537.36" "ysfine.com"
13.67.224.12 - - [05/Nov/2022:07:34:42 -0700] "GET /world/brit/lontaxi04.jpg HTTP/1.1" 200 59541 "http://ysfine.com/world/brit" "Mozilla/5.0 (iPhone; CPU iPhone OS 13_5_1 like Mac OS X) AppleWebKit/605.1.15 (KHTML, like Gecko) Version/13.1.1 Mobile/15E148 Safari/604.1" "ysfine.com"
66.249.70.4 - - [05/Nov/2022:07:35:12 -0700] "GET /dongio/ukrainian.html HTTP/1.1" 404 88 "-" "Mozilla/5.0 (Linux; Android 6.0.1; Nexus 5X Build/MMB29P) AppleWebKit/537.36 (KHTML, like Gecko) Chrome/106.0.5249.119 Mobile Safari/537.36 (compatible; Googlebot/2.1; +http://www.google.com/bot.html)" "ysfine.com"
40.77.167.71 - - [05/Nov/2022:07:35:17 -0700] "GET /princeton/forbesc11.jpg HTTP/1.1" 200 114657 "-" "Mozilla/5.0 AppleWebKit/537.36 (KHTML, like Gecko; compatible; bingbot/2.0; +http://www.bing.com/bingbot.htm) Chrome/103.0.5060.134 Safari/537.36" "ysfine.com"
