20.106.27.173 - - [05/Nov/2022:00:49:05 -0700] "GET /newyork/chinat09c.jpg HTTP/1.1" 200 37645 "https://ysfine.com/newyork" "Mozilla/5.0 (Linux; Android 10; SM-G960U) AppleWebKit/537.36 (KHTML, like Gecko) Chrome/88.0.4324.181 Mobile Safari/537.36" "ysfine.com"
40.77.167.27 - - [05/Nov/2022:00:49:25 -0700] "GET /bio/dirac/lorendir.html HTTP/1.1" 404 88 "-" "Mozilla/5.0 AppleWebKit/537.36 (KHTML, like Gecko; compatible; bingbot/2.0; +http://www.bing.com/bingbot.htm) Chrome/103.0.5060.134 Safari/537.36" "ysfine.com"
20.29.110.169 - - [05/Nov/2022:00:50:37 -0700] "GET /world/spain/iberia11c.jpg HTTP/1.1" 200 27983 "https://ysfine.com/world/spain" "Mozilla/5.0 (X11; Linux x86_64) AppleWebKit/537.36 (KHTML, like Gecko) Chrome/74.0.3729.169 Safari/537.36" "ysfine.com"
40.77.167.71 - - [05/Nov/2022:00:50:47 -0700] "GET /world/france/sartsq16.jpg HTTP/1.1" 200 117783 "-" "Mozilla/5.0 (compatible; bingbot/2.0; +http://www.bing.com/bingbot.htm)" "www.ysfine.com"
157.55.39.17 - - [05/Nov/2022:00:51:05 -0700] "GET /wdc/w69kor05.jpg HTTP/1.1" 200 76441 "-" "Mozilla/5.0 (compatible; bingbot/2.0; +http://www.bing.com/bingbot.htm)" "www.ysfine.com"
5.161.144.64 - - [05/Nov/2022:00:51:21 -0700] "GET /maga/sanchez.html HTTP/1.1" 200 1278 "-" "Mozilla/5.0 (Windows NT 10.0; Win64; x64) AppleWebKit/537.36 (KHTML, like Gecko) Chrome/84.0.4147.105 Safari/537.36" "ysfine.com"
157.55.39.65 - - [05/Nov/2022:00:51:32 -0700] "GET /princeton/brooke88.jpg HTTP/1.1" 200 82208 "-" "Mozilla/5.0 AppleWebKit/537.36 (KHTML, like Gecko; compatible; bingbot/2.0; +http://www.bing.com/bingbot.htm) Chrome/103.0.5060.134 Safari/537.36" "www.ysfine.com"
20.109.241.98 - - [05/Nov/2022:00:51:35 -0700] "GET /princeton/butler88.jpg HTTP/1.1" 200 126651 "https://ysfine.com/princeton" "Mozilla/5.0 (Linux; Android 10; SM-G960U) AppleWebKit/537.36 (KHTML, like Gecko) Chrome/88.0.4324.181 Mobile Safari/537.36" "ysfine.com"
40.77.167.68 - - [05/Nov/2022:00:51:58 -0700] "GET /world/latina/rio005.jpg HTTP/1.1" 200 146009 "-" "Mozilla/5.0 AppleWebKit/537.36 (KHTML, like Gecko; compatible; bingbot/2.0; +http://www.bing.com/bingbot.htm) Chrome/103.0.5060.134 Safari/537.36" "ysfine.com"
93.158.161.44 - - [05/Nov/2022:00:52:07 -0700] "GET /world/baltic/kalin01.jpg HTTP/1.1" 200 102358 "-" "Mozilla/5.0 (compatible; YandexImages/3.0; +http://yandex.com/bots)" "ysfine.com"
49.7.21.112 - - [05/Nov/2022:00:52:20 -0700] "GET / HTTP/1.1" 200 5283 "-" "Sogou web spider/4.0(+http://www.sogou.com/docs/help/webmasters.htm#07)" "ysfine.com"
77.75.76.170 - - [05/Nov/2022:00:52:25 -0700] "GET /robots.txt HTTP/1.1" 404 88 "-" "Mozilla/5.0 (compatible; SeznamBot/3.2; +http://napoveda.seznam.cz/en/seznambot-intro/)" "ysfine.com"
77.88.5.232 - - [05/Nov/2022:00:52:25 -0700] "GET /robots.txt HTTP/1.1" 404 73 "-" "Mozilla/5.0 (compatible; YandexBot/3.0; +http://yandex.com/bots)" "www.ysfine.com"
77.75.76.170 - - [05/Nov/2022:00:52:26 -0700] "GET /world/germany/trier22.jpg HTTP/1.1" 304 - "-" "Mozilla/5.0 (compatible; SeznamBot/3.2; +http://napoveda.seznam.cz/en/seznambot-intro/)" "ysfine.com"
77.75.76.170 - - [05/Nov/2022:00:52:27 -0700] "GET /world/ital/vatican17.jpg HTTP/1.1" 304 - "-" "Mozilla/5.0 (compatible; SeznamBot/3.2; +http://napoveda.seznam.cz/en/seznambot-intro/)" "ysfine.com"
77.75.76.170 - - [05/Nov/2022:00:52:27 -0700] "GET /world/scandi/nbi26.jpg HTTP/1.1" 304 - "-" "Mozilla/5.0 (compatible; SeznamBot/3.2; +http://napoveda.seznam.cz/en/seznambot-intro/)" "ysfine.com"
77.75.76.170 - - [05/Nov/2022:00:52:28 -0700] "GET /princeton/pumu11.jpg HTTP/1.1" 200 103541 "-" "Mozilla/5.0 (compatible; SeznamBot/3.2; +http://napoveda.seznam.cz/en/seznambot-intro/)" "ysfine.com"
93.158.161.41 - - [05/Nov/2022:00:52:28 -0700] "GET /world/poland/gdn86.jpg HTTP/1.1" 304 - "-" "Mozilla/5.0 (compatible; YandexImages/3.0; +http://yandex.com/bots)" "www.ysfine.com"
77.75.76.170 - - [05/Nov/2022:00:52:31 -0700] "GET /usca/norl/fm10.jpg HTTP/1.1" 304 - "-" "Mozilla/5.0 (compatible; SeznamBot/3.2; +http://napoveda.seznam.cz/en/seznambot-intro/)" "ysfine.com"
157.55.39.65 - - [05/Nov/2022:00:52:33 -0700] "GET /world/russ/kazakh07.jpg HTTP/1.1" 200 75693 "-" "Mozilla/5.0 AppleWebKit/537.36 (KHTML, like Gecko; compatible; bingbot/2.0; +http://www.bing.com/bingbot.htm) Chrome/103.0.5060.134 Safari/537.36" "ysfine.com"
157.55.39.17 - - [05/Nov/2022:00:52:37 -0700] "GET /wigner/gim/map02a.jpg HTTP/1.1" 200 58713 "-" "Mozilla/5.0 (compatible; bingbot/2.0; +http://www.bing.com/bingbot.htm)" "ysfine.com"
13.67.224.14 - - [05/Nov/2022:00:52:39 -0700] "GET /world/poland/krk12b.jpg HTTP/1.1" 200 53912 "https://ysfine.com/world/poland" "Mozilla/5.0 (Windows NT 10.0; Win64; x64) AppleWebKit/537.36 (KHTML, like Gecko) Chrome/74.0.3729.157 Safari/537.36" "ysfine.com"
40.77.167.27 - - [05/Nov/2022:00:52:55 -0700] "GET /wigner/wigwein3.jpg HTTP/1.1" 200 86483 "-" "Mozilla/5.0 AppleWebKit/537.36 (KHTML, like Gecko; compatible; bingbot/2.0; +http://www.bing.com/bingbot.htm) Chrome/103.0.5060.134 Safari/537.36" "ysfine.com"
27.34.59.251 - - [05/Nov/2022:00:53:33 -0700] "GET /home/ewk86.jpg HTTP/1.1" 200 188473 "https://www.google.com/" "Mozilla/5.0 (Linux; Android 10; SM-A207F Build/QP1A.190711.020; wv) AppleWebKit/537.36 (KHTML, like Gecko) Version/4.0 Chrome/106.0.5249.126 Mobile Safari/537.36 GoogleApp/13.41.11.26.arm64" "ysfine.com"
72.14.201.101 - - [05/Nov/2022:00:53:46 -0700] "GET /feynman/yuval.html HTTP/1.1" 200 9248 "-" "Mozilla/5.0 (Linux; Android 10; K) AppleWebKit/537.36 (KHTML, like Gecko) Chrome/107.0.0.0 Mobile Safari/537.36" "ysfine.com"
51.222.253.4 - - [05/Nov/2022:00:53:48 -0700] "GET /kobak/index.html HTTP/1.1" 200 130 "-" "Mozilla/5.0 (compatible; AhrefsBot/7.0; +http://ahrefs.com/robot/)" "ysfine.com"
216.244.66.229 - - [05/Nov/2022:00:54:05 -0700] "GET /class54/class5470/total_data/sub_8118.htm HTTP/1.1" 200 15734 "-" "Mozilla/5.0 (compatible; DotBot/1.2; +https://opensiteexplorer.org/dotbot; help@moz.com)" "www.ysfine.com"
40.77.167.68 - - [05/Nov/2022:00:54:19 -0700] "GET /ysbio/einstein/einplanck.html HTTP/1.1" 200 3255 "-" "Mozilla/5.0 (compatible; bingbot/2.0; +http://www.bing.com/bingbot.htm)" "ysfine.com"
216.244.66.229 - - [05/Nov/2022:00:54:33 -0700] "GET /class54/class5470/total_data/sub_858.htm HTTP/1.1" 200 15796 "-" "Mozilla/5.0 (compatible; DotBot/1.2; +https://opensiteexplorer.org/dotbot; help@moz.com)" "www.ysfine.com"
77.88.5.253 - - [05/Nov/2022:00:54:43 -0700] "GET /philo/sisfa12/frame10.html HTTP/1.1" 200 320 "-" "Mozilla/5.0 (compatible; YandexBot/3.0; +http://yandex.com/bots)" "www.ysfine.com"
157.55.39.65 - - [05/Nov/2022:00:54:45 -0700] "GET /bio/pquartet.html HTTP/1.1" 404 88 "-" "Mozilla/5.0 (compatible; bingbot/2.0; +http://www.bing.com/bingbot.htm)" "ysfine.com"
40.77.167.71 - - [05/Nov/2022:00:54:58 -0700] "GET /world/china/hongkong75.jpg HTTP/1.1" 200 95112 "-" "Mozilla/5.0 AppleWebKit/537.36 (KHTML, like Gecko; compatible; bingbot/2.0; +http://www.bing.com/bingbot.htm) Chrome/103.0.5060.134 Safari/537.36" "ysfine.com"
216.244.66.229 - - [05/Nov/2022:00:55:01 -0700] "GET /maga/phys/inclined.html HTTP/1.1" 200 567 "-" "Mozilla/5.0 (compatible; DotBot/1.2; +https://opensiteexplorer.org/dotbot; help@moz.com)" "www.ysfine.com"
20.109.241.97 - - [05/Nov/2022:00:55:26 -0700] "GET /world/ital/bologf05b.jpg HTTP/1.1" 200 46011 "https://ysfine.com/world/ital" "Mozilla/5.0 (Macintosh; Intel Mac OS X 10_11_6) AppleWebKit/605.1.15 (KHTML, like Gecko) Version/11.1.2 Safari/605.1.15" "ysfine.com"
216.244.66.229 - - [05/Nov/2022:00:55:28 -0700] "GET /newyork/wtc30.jpg HTTP/1.1" 200 69637 "-" "Mozilla/5.0 (compatible; DotBot/1.2; +https://opensiteexplorer.org/dotbot; help@moz.com)" "www.ysfine.com"
40.77.167.27 - - [05/Nov/2022:00:55:35 -0700] "GET /kobak/nll01.jpg HTTP/1.1" 200 53089 "-" "Mozilla/5.0 (compatible; bingbot/2.0; +http://www.bing.com/bingbot.htm)" "www.ysfine.com"
20.106.27.173 - - [05/Nov/2022:00:55:43 -0700] "GET /kowar/kimis53b.jpg HTTP/1.1" 200 44376 "http://ysfine.com/kowar" "Mozilla/5.0 (Windows NT 10.0; Win64; x64) AppleWebKit/537.36 (KHTML, like Gecko) Chrome/74.0.3729.157 Safari/537.36" "ysfine.com"
216.244.66.229 - - [05/Nov/2022:00:55:58 -0700] "GET /princeton/hyatt77.jpg HTTP/1.1" 200 93006 "-" "Mozilla/5.0 (compatible; DotBot/1.2; +https://opensiteexplorer.org/dotbot; help@moz.com)" "www.ysfine.com"
20.106.28.18 - - [05/Nov/2022:00:56:05 -0700] "GET /friends/russzuri01b.jpg HTTP/1.1" 404 88 "http://ysfine.com/friends" "Mozilla/5.0 (Linux; Android 10; SM-G960U) AppleWebKit/537.36 (KHTML, like Gecko) Chrome/88.0.4324.181 Mobile Safari/537.36" "ysfine.com"
40.77.51.82 - - [05/Nov/2022:00:56:14 -0700] "GET /dirac/truck/truck16d.jpg HTTP/1.1" 200 31562 "https://ysfine.com/dirac/truck" "Mozilla/5.0 (X11; Linux x86_64) AppleWebKit/537.36 (KHTML, like Gecko) Chrome/74.0.3729.169 Safari/537.36" "ysfine.com"
40.77.167.71 - - [05/Nov/2022:00:56:19 -0700] "GET /feynman/fb4.jpg HTTP/1.1" 200 55951 "-" "Mozilla/5.0 (compatible; bingbot/2.0; +http://www.bing.com/bingbot.htm)" "www.ysfine.com"
216.244.66.229 - - [05/Nov/2022:00:56:23 -0700] "GET /style/cameras/comedians.jpg HTTP/1.1" 200 159639 "-" "Mozilla/5.0 (compatible; DotBot/1.2; +https://opensiteexplorer.org/dotbot; help@moz.com)" "www.ysfine.com"
40.77.167.27 - - [05/Nov/2022:00:56:27 -0700] "GET /ysbio/einstein/hidden.html HTTP/1.1" 200 4821 "-" "Mozilla/5.0 AppleWebKit/537.36 (KHTML, like Gecko; compatible; bingbot/2.0; +http://www.bing.com/bingbot.htm) Chrome/103.0.5060.134 Safari/537.36" "ysfine.com"
157.55.39.76 - - [05/Nov/2022:00:56:36 -0700] "GET /bio/sbk/1950.html HTTP/1.1" 404 88 "-" "Mozilla/5.0 (compatible; bingbot/2.0; +http://www.bing.com/bingbot.htm)" "ysfine.com"
40.86.101.252 - - [05/Nov/2022:00:56:52 -0700] "GET /dirac/sq66b.jpg HTTP/1.1" 200 22242 "https://www.ysfine.com/dirac" "Mozilla/5.0 (Windows NT 10.0; Win64; x64) AppleWebKit/537.36 (KHTML, like Gecko) Chrome/74.0.3729.157 Safari/537.36" "www.ysfine.com"
216.244.66.229 - - [05/Nov/2022:00:57:07 -0700] "GET /wdc/supreme01.jpg HTTP/1.1" 200 94516 "-" "Mozilla/5.0 (compatible; DotBot/1.2; +https://opensiteexplorer.org/dotbot; help@moz.com)" "www.ysfine.com"
40.86.101.254 - - [05/Nov/2022:00:57:27 -0700] "GET /kowar/roosevelt01b.jpg HTTP/1.1" 200 30594 "https://ysfine.com/kowar" "Mozilla/5.0 (Linux; Android 10; SM-G960U) AppleWebKit/537.36 (KHTML, like Gecko) Chrome/88.0.4324.181 Mobile Safari/537.36" "ysfine.com"
157.55.39.17 - - [05/Nov/2022:00:57:37 -0700] "GET /ysbio/maga/phil/sisfa12/index.html HTTP/1.1" 200 148 "-" "Mozilla/5.0 AppleWebKit/537.36 (KHTML, like Gecko; compatible; bingbot/2.0; +http://www.bing.com/bingbot.htm) Chrome/103.0.5060.134 Safari/537.36" "ysfine.com"
20.29.110.170 - - [05/Nov/2022:00:57:43 -0700] "GET /friends/twosis33.jpg HTTP/1.1" 404 88 "http://ysfine.com/friends" "Mozilla/5.0 (Macintosh; Intel Mac OS X 10_11_6) AppleWebKit/605.1.15 (KHTML, like Gecko) Version/11.1.2 Safari/605.1.15" "ysfine.com"
216.244.66.229 - - [05/Nov/2022:00:57:43 -0700] "GET /world/brit/bond02.jpg HTTP/1.1" 200 99716 "-" "Mozilla/5.0 (compatible; DotBot/1.2; +https://opensiteexplorer.org/dotbot; help@moz.com)" "www.ysfine.com"
157.55.39.76 - - [05/Nov/2022:00:57:44 -0700] "GET /bio/style/artlove.html HTTP/1.1" 404 88 "-" "Mozilla/5.0 (compatible; bingbot/2.0; +http://www.bing.com/bingbot.htm)" "ysfine.com"
157.55.39.76 - - [05/Nov/2022:00:57:45 -0700] "GET /world/ital/bologu17.jpg HTTP/1.1" 200 128236 "-" "Mozilla/5.0 AppleWebKit/537.36 (KHTML, like Gecko; compatible; bingbot/2.0; +http://www.bing.com/bingbot.htm) Chrome/103.0.5060.134 Safari/537.36" "ysfine.com"
157.55.39.65 - - [05/Nov/2022:00:58:04 -0700] "GET /people/baran.jpg HTTP/1.1" 200 57735 "-" "Mozilla/5.0 (compatible; bingbot/2.0; +http://www.bing.com/bingbot.htm)" "www.ysfine.com"
157.55.39.17 - - [05/Nov/2022:00:58:27 -0700] "GET /world/germany/humboldt27.jpg HTTP/1.1" 200 102115 "-" "Mozilla/5.0 (compatible; bingbot/2.0; +http://www.bing.com/bingbot.htm)" "www.ysfine.com"
40.122.230.188 - - [05/Nov/2022:00:58:41 -0700] "GET /kobak/hyundai86b.jpg HTTP/1.1" 200 41516 "https://ysfine.com/kobak" "Mozilla/5.0 (Macintosh; Intel Mac OS X 10_11_6) AppleWebKit/605.1.15 (KHTML, like Gecko) Version/11.1.2 Safari/605.1.15" "ysfine.com"
49.7.21.112 - - [05/Nov/2022:00:58:58 -0700] "GET / HTTP/1.1" 200 5283 "-" "Sogou web spider/4.0(+http://www.sogou.com/docs/help/webmasters.htm#07)" "ysfine.com"
40.77.167.27 - - [05/Nov/2022:00:59:05 -0700] "GET /world/russ/arbat38.jpg HTTP/1.1" 200 131073 "-" "Mozilla/5.0 AppleWebKit/537.36 (KHTML, like Gecko; compatible; bingbot/2.0; +http://www.bing.com/bingbot.htm) Chrome/103.0.5060.134 Safari/537.36" "ysfine.com"
20.109.241.96 - - [05/Nov/2022:00:59:06 -0700] "GET /world/germany/berlin029b.jpg HTTP/1.1" 200 34931 "http://ysfine.com/world/germany" "Mozilla/5.0 (Macintosh; Intel Mac OS X 10_11_6) AppleWebKit/605.1.15 (KHTML, like Gecko) Version/11.1.2 Safari/605.1.15" "ysfine.com"
157.55.39.76 - - [05/Nov/2022:00:59:25 -0700] "GET /world/ital/termini01b.jpg HTTP/1.1" 200 28556 "-" "Mozilla/5.0 (compatible; bingbot/2.0; +http://www.bing.com/bingbot.htm)" "ysfine.com"
51.222.253.10 - - [05/Nov/2022:00:59:39 -0700] "GET /ysbio/eink/mose.html HTTP/1.1" 200 14315 "-" "Mozilla/5.0 (compatible; AhrefsBot/7.0; +http://ahrefs.com/robot/)" "ysfine.com"
216.244.66.229 - - [05/Nov/2022:00:59:39 -0700] "GET /dirac/gaussian33.jpg HTTP/1.1" 200 50307 "-" "Mozilla/5.0 (compatible; DotBot/1.2; +https://opensiteexplorer.org/dotbot; help@moz.com)" "www.ysfine.com"
157.55.39.76 - - [05/Nov/2022:00:59:43 -0700] "GET /world/russ/arbat25.jpg HTTP/1.1" 200 107303 "-" "Mozilla/5.0 (compatible; bingbot/2.0; +http://www.bing.com/bingbot.htm)" "ysfine.com"
192.0.116.50 - - [05/Nov/2022:00:59:46 -0700] "GET /world/scandi/copenf35.jpg HTTP/1.1" 200 104790 "-" "Photon/1.0" "ysfine.com"
216.244.66.229 - - [05/Nov/2022:01:00:05 -0700] "GET /dongio/spany01.jpg HTTP/1.1" 404 73 "-" "Mozilla/5.0 (compatible; DotBot/1.2; +https://opensiteexplorer.org/dotbot; help@moz.com)" "www.ysfine.com"
40.77.167.68 - - [05/Nov/2022:01:00:10 -0700] "GET /kobak/kowar01.jpg HTTP/1.1" 200 240938 "-" "Mozilla/5.0 (compatible; bingbot/2.0; +http://www.bing.com/bingbot.htm)" "www.ysfine.com"
40.86.101.252 - - [05/Nov/2022:01:00:19 -0700] "GET /princeton/rheepr01b.jpg HTTP/1.1" 200 35236 "http://ysfine.com/princeton" "Mozilla/5.0 (Windows NT 10.0; Win64; x64) AppleWebKit/537.36 (KHTML, like Gecko) Chrome/74.0.3729.157 Safari/537.36" "ysfine.com"
216.244.66.229 - - [05/Nov/2022:01:00:28 -0700] "GET /kobak/swr64.jpg HTTP/1.1" 200 183175 "-" "Mozilla/5.0 (compatible; DotBot/1.2; +https://opensiteexplorer.org/dotbot; help@moz.com)" "www.ysfine.com"
20.191.45.212 - - [05/Nov/2022:01:00:41 -0700] "GET / HTTP/1.1" 200 5283 "https://www.ysfine.com/" "Mozilla/5.0 (compatible; DuckDuckGo-Favicons-Bot/1.0; +http://duckduckgo.com)" "www.ysfine.com"
20.191.45.212 - - [05/Nov/2022:01:00:42 -0700] "GET /favicon.ico HTTP/1.1" 404 88 "https://www.ysfine.com/favicon.ico" "Mozilla/5.0 (compatible; DuckDuckGo-Favicons-Bot/1.0; +http://duckduckgo.com)" "www.ysfine.com"
20.191.45.212 - - [05/Nov/2022:01:00:42 -0700] "GET /favicon.ico HTTP/1.1" 404 88 "https://www.ysfine.com/favicon.ico" "Mozilla/5.0 (compatible; DuckDuckGo-Favicons-Bot/1.0; +http://duckduckgo.com)" "www.ysfine.com"
20.109.241.98 - - [05/Nov/2022:01:00:57 -0700] "GET /usca/pitt/alumin02b.jpg HTTP/1.1" 200 50569 "https://www.ysfine.com/usca/pitt" "Mozilla/5.0 (Macintosh; Intel Mac OS X 10_11_6) AppleWebKit/605.1.15 (KHTML, like Gecko) Version/11.1.2 Safari/605.1.15" "www.ysfine.com"
1.145.71.59 - - [05/Nov/2022:01:01:09 -0700] "GET /apple-touch-icon.png HTTP/1.1" 404 88 "-" "DuckDuckGo/5 (com.duckduckgo.mobile.android; Android API 30)" "www.ysfine.com"
1.145.71.59 - - [05/Nov/2022:01:01:10 -0700] "GET /favicon.ico HTTP/1.1" 404 88 "-" "DuckDuckGo/5 (com.duckduckgo.mobile.android; Android API 30)" "www.ysfine.com"
1.145.71.59 - - [05/Nov/2022:01:01:12 -0700] "GET /apple-touch-icon.png HTTP/1.1" 404 88 "-" "DuckDuckGo/5 (com.duckduckgo.mobile.android; Android API 30)" "www.ysfine.com"
1.145.71.59 - - [05/Nov/2022:01:01:13 -0700] "GET /favicon.ico HTTP/1.1" 404 88 "-" "DuckDuckGo/5 (com.duckduckgo.mobile.android; Android API 30)" "www.ysfine.com"
157.55.39.65 - - [05/Nov/2022:01:01:13 -0700] "GET /world/israel/jeru05.jpg HTTP/1.1" 200 244713 "-" "Mozilla/5.0 AppleWebKit/537.36 (KHTML, like Gecko; compatible; bingbot/2.0; +http://www.bing.com/bingbot.htm) Chrome/103.0.5060.134 Safari/537.36" "ysfine.com"
216.244.66.229 - - [05/Nov/2022:01:01:19 -0700] "GET /newyork/guggen22.jpg HTTP/1.1" 200 148300 "-" "Mozilla/5.0 (compatible; DotBot/1.2; +https://opensiteexplorer.org/dotbot; help@moz.com)" "www.ysfine.com"
40.77.167.71 - - [05/Nov/2022:01:01:28 -0700] "GET /feynman/feynma2.jpg HTTP/1.1" 200 41543 "-" "Mozilla/5.0 (compatible; bingbot/2.0; +http://www.bing.com/bingbot.htm)" "www.ysfine.com"
20.106.27.173 - - [05/Nov/2022:01:02:02 -0700] "GET /awards/timessq33a.jpg HTTP/1.1" 200 116319 "https://ysfine.com/awards" "Mozilla/5.0 (Windows NT 10.0; Win64; x64) AppleWebKit/537.36 (KHTML, like Gecko) Chrome/74.0.3729.157 Safari/537.36" "ysfine.com"
216.244.66.229 - - [05/Nov/2022:01:02:09 -0700] "GET /newyork/tie22.jpg HTTP/1.1" 200 93683 "-" "Mozilla/5.0 (compatible; DotBot/1.2; +https://opensiteexplorer.org/dotbot; help@moz.com)" "www.ysfine.com"
216.244.66.229 - - [05/Nov/2022:01:02:45 -0700] "GET /princeton/class2002.jpg HTTP/1.1" 200 132587 "-" "Mozilla/5.0 (compatible; DotBot/1.2; +https://opensiteexplorer.org/dotbot; help@moz.com)" "www.ysfine.com"
40.77.167.68 - - [05/Nov/2022:01:03:00 -0700] "GET /bio/wigner/wigbot.html HTTP/1.1" 404 88 "-" "Mozilla/5.0 (compatible; bingbot/2.0; +http://www.bing.com/bingbot.htm)" "ysfine.com"
146.20.132.182 - - [05/Nov/2022:01:03:02 -0700] "GET /ads.txt HTTP/1.1" 404 88 "-" "Mozilla/5.0 (X11; Linux x86_64) AppleWebKit/537.36 (KHTML, like Gecko) Chrome/62.0.3202.89 Safari/537.36" "ysfine.com"
146.20.132.182 - - [05/Nov/2022:01:03:02 -0700] "GET /ads.txt HTTP/1.1" 404 88 "http://ysfine.com/ads.txt" "Mozilla/5.0 (X11; Linux x86_64) AppleWebKit/537.36 (KHTML, like Gecko) Chrome/62.0.3202.89 Safari/537.36" "ysfine.com"
157.55.39.76 - - [05/Nov/2022:01:03:14 -0700] "GET /world/china/qingdao03.jpg HTTP/1.1" 200 163329 "-" "Mozilla/5.0 (compatible; bingbot/2.0; +http://www.bing.com/bingbot.htm)" "www.ysfine.com"
20.106.27.209 - - [05/Nov/2022:01:03:23 -0700] "GET /class54/acs/acs22/73aa.jpg HTTP/1.1" 200 213075 "https://ysfine.com/class54/acs/acs22" "Mozilla/5.0 (Windows NT 10.0; Win64; x64) AppleWebKit/537.36 (KHTML, like Gecko) Chrome/74.0.3729.157 Safari/537.36" "ysfine.com"
216.244.66.229 - - [05/Nov/2022:01:03:23 -0700] "GET /princeton/eisenhower61.jpg HTTP/1.1" 200 74015 "-" "Mozilla/5.0 (compatible; DotBot/1.2; +https://opensiteexplorer.org/dotbot; help@moz.com)" "www.ysfine.com"
216.244.66.229 - - [05/Nov/2022:01:03:57 -0700] "GET /princeton/pseminary11.jpg HTTP/1.1" 200 114701 "-" "Mozilla/5.0 (compatible; DotBot/1.2; +https://opensiteexplorer.org/dotbot; help@moz.com)" "www.ysfine.com"
40.77.51.86 - - [05/Nov/2022:01:03:58 -0700] "GET /maga/phys/huy34b.jpg HTTP/1.1" 200 36208 "https://ysfine.com/maga/phys" "Mozilla/5.0 (Macintosh; Intel Mac OS X 10_11_6) AppleWebKit/605.1.15 (KHTML, like Gecko) Version/11.1.2 Safari/605.1.15" "ysfine.com"
216.244.66.229 - - [05/Nov/2022:01:04:29 -0700] "GET /style/guggen11.jpg HTTP/1.1" 200 92648 "-" "Mozilla/5.0 (compatible; DotBot/1.2; +https://opensiteexplorer.org/dotbot; help@moz.com)" "www.ysfine.com"
20.29.110.169 - - [05/Nov/2022:01:04:52 -0700] "GET /dongio/swedlon02c.jpg HTTP/1.1" 404 88 "https://ysfine.com/dongio" "Mozilla/5.0 (Macintosh; Intel Mac OS X 10_11_6) AppleWebKit/605.1.15 (KHTML, like Gecko) Version/11.1.2 Safari/605.1.15" "ysfine.com"
216.244.66.229 - - [05/Nov/2022:01:04:57 -0700] "GET /wdc/anna03.jpg HTTP/1.1" 200 71967 "-" "Mozilla/5.0 (compatible; DotBot/1.2; +https://opensiteexplorer.org/dotbot; help@moz.com)" "www.ysfine.com"
40.77.51.85 - - [05/Nov/2022:01:05:13 -0700] "GET /friends/amkor/kojp01c.jpg HTTP/1.1" 404 88 "https://ysfine.com/friends/amkor" "Mozilla/5.0 (Macintosh; Intel Mac OS X 10_11_6) AppleWebKit/605.1.15 (KHTML, like Gecko) Version/11.1.2 Safari/605.1.15" "ysfine.com"
157.55.39.76 - - [05/Nov/2022:01:05:35 -0700] "GET /world/france/flore11.jpg HTTP/1.1" 200 141461 "-" "Mozilla/5.0 (compatible; bingbot/2.0; +http://www.bing.com/bingbot.htm)" "ysfine.com"
157.55.39.76 - - [05/Nov/2022:01:05:36 -0700] "GET /wigner/wig270.jpg HTTP/1.1" 200 43273 "-" "Mozilla/5.0 (compatible; bingbot/2.0; +http://www.bing.com/bingbot.htm)" "ysfine.com"
49.7.21.112 - - [05/Nov/2022:01:05:57 -0700] "GET / HTTP/1.1" 200 5283 "-" "Sogou web spider/4.0(+http://www.sogou.com/docs/help/webmasters.htm#07)" "ysfine.com"
40.77.167.27 - - [05/Nov/2022:01:06:17 -0700] "GET /bio/eink/buybook.html HTTP/1.1" 404 88 "-" "Mozilla/5.0 AppleWebKit/537.36 (KHTML, like Gecko; compatible; bingbot/2.0; +http://www.bing.com/bingbot.htm) Chrome/103.0.5060.134 Safari/537.36" "ysfine.com"
40.122.230.190 - - [05/Nov/2022:01:06:51 -0700] "GET /style/nga33b.jpg HTTP/1.1" 200 47666 "http://ysfine.com/style" "Mozilla/5.0 (X11; Linux x86_64) AppleWebKit/537.36 (KHTML, like Gecko) Chrome/74.0.3729.169 Safari/537.36" "ysfine.com"
157.55.39.17 - - [05/Nov/2022:01:06:58 -0700] "GET /bio/kobak/rifles.html HTTP/1.1" 404 88 "-" "Mozilla/5.0 (compatible; bingbot/2.0; +http://www.bing.com/bingbot.htm)" "ysfine.com"
157.55.39.65 - - [05/Nov/2022:01:07:15 -0700] "GET /ysbio/folks/soldiers.html HTTP/1.1" 200 4685 "-" "Mozilla/5.0 (compatible; bingbot/2.0; +http://www.bing.com/bingbot.htm)" "ysfine.com"
216.244.66.229 - - [05/Nov/2022:01:07:28 -0700] "GET /class54/class5470/total_data/sub_376.htm HTTP/1.1" 200 13778 "-" "Mozilla/5.0 (compatible; DotBot/1.2; +https://opensiteexplorer.org/dotbot; help@moz.com)" "www.ysfine.com"
20.12.191.74 - - [05/Nov/2022:01:07:30 -0700] "GET /world/france/aix02c.jpg HTTP/1.1" 200 65402 "http://ysfine.com/world/france" "Mozilla/5.0 (iPhone; CPU iPhone OS 13_5_1 like Mac OS X) AppleWebKit/605.1.15 (KHTML, like Gecko) Version/13.1.1 Mobile/15E148 Safari/604.1" "ysfine.com"
157.55.39.76 - - [05/Nov/2022:01:07:35 -0700] "GET /usca/pitt/fortpitt02.jpg HTTP/1.1" 200 69515 "-" "Mozilla/5.0 AppleWebKit/537.36 (KHTML, like Gecko; compatible; bingbot/2.0; +http://www.bing.com/bingbot.htm) Chrome/103.0.5060.134 Safari/537.36" "ysfine.com"
216.244.66.229 - - [05/Nov/2022:01:07:54 -0700] "GET /kobak/draftreg.html HTTP/1.1" 200 888 "-" "Mozilla/5.0 (compatible; DotBot/1.2; +https://opensiteexplorer.org/dotbot; help@moz.com)" "www.ysfine.com"
157.55.39.76 - - [05/Nov/2022:01:08:06 -0700] "GET /ysbio/class54/weheard.html HTTP/1.1" 200 5818 "-" "Mozilla/5.0 (compatible; bingbot/2.0; +http://www.bing.com/bingbot.htm)" "ysfine.com"
157.55.39.17 - - [05/Nov/2022:01:08:10 -0700] "GET /einstein/einplanck2.jpg HTTP/1.1" 200 33638 "-" "Mozilla/5.0 (compatible; bingbot/2.0; +http://www.bing.com/bingbot.htm)" "ysfine.com"
20.106.27.209 - - [05/Nov/2022:01:08:12 -0700] "GET /world/brit/lontaxi05.jpg HTTP/1.1" 200 123575 "http://ysfine.com/world/brit" "Mozilla/5.0 (Windows NT 10.0; Win64; x64) AppleWebKit/537.36 (KHTML, like Gecko) Chrome/74.0.3729.157 Safari/537.36" "ysfine.com"
216.244.66.229 - - [05/Nov/2022:01:08:18 -0700] "GET /kowar/tanks/gtank.jpg HTTP/1.1" 200 72559 "-" "Mozilla/5.0 (compatible; DotBot/1.2; +https://opensiteexplorer.org/dotbot; help@moz.com)" "www.ysfine.com"
40.77.167.27 - - [05/Nov/2022:01:08:26 -0700] "GET /people/eastman01b.jpg HTTP/1.1" 200 42893 "-" "Mozilla/5.0 AppleWebKit/537.36 (KHTML, like Gecko; compatible; bingbot/2.0; +http://www.bing.com/bingbot.htm) Chrome/103.0.5060.134 Safari/537.36" "ysfine.com"
40.77.167.27 - - [05/Nov/2022:01:08:27 -0700] "GET /maga/phys/yukaheisen67b.jpg HTTP/1.1" 200 42036 "-" "Mozilla/5.0 (compatible; bingbot/2.0; +http://www.bing.com/bingbot.htm)" "ysfine.com"
216.244.66.229 - - [05/Nov/2022:01:08:41 -0700] "GET /kowar/tanks/southtank.jpg HTTP/1.1" 200 104241 "-" "Mozilla/5.0 (compatible; DotBot/1.2; +https://opensiteexplorer.org/dotbot; help@moz.com)" "www.ysfine.com"
20.29.110.168 - - [05/Nov/2022:01:08:49 -0700] "GET /newyork/wtc39b.jpg HTTP/1.1" 200 43389 "http://ysfine.com/newyork" "Mozilla/5.0 (X11; Linux x86_64) AppleWebKit/537.36 (KHTML, like Gecko) Chrome/74.0.3729.169 Safari/537.36" "ysfine.com"
40.77.167.68 - - [05/Nov/2022:01:08:51 -0700] "GET /maga/phys/bohr05.jpg HTTP/1.1" 200 70451 "-" "Mozilla/5.0 (compatible; bingbot/2.0; +http://www.bing.com/bingbot.htm)" "ysfine.com"
157.55.39.17 - - [05/Nov/2022:01:08:58 -0700] "GET /world/hungary/buda019.jpg HTTP/1.1" 200 111887 "-" "Mozilla/5.0 AppleWebKit/537.36 (KHTML, like Gecko; compatible; bingbot/2.0; +http://www.bing.com/bingbot.htm) Chrome/103.0.5060.134 Safari/537.36" "ysfine.com"
216.244.66.229 - - [05/Nov/2022:01:09:04 -0700] "GET /sbk/1974ferry.jpg HTTP/1.1" 200 104773 "-" "Mozilla/5.0 (compatible; DotBot/1.2; +https://opensiteexplorer.org/dotbot; help@moz.com)" "www.ysfine.com"
222.137.81.246 - - [05/Nov/2022:01:09:07 -0700] "GET /robots.txt HTTP/1.1" 404 88 "-" "Mozilla/5.0 (Windows NT 10.0; Win64; x64) AppleWebKit/537.36 (KHTML, like Gecko) Chrome/92.0.4515.159 Safari/537.36" "www.ysfine.com"
36.99.136.139 - - [05/Nov/2022:01:09:16 -0700] "GET /princeton/gcollege22.jpg HTTP/1.1" 200 75914 "http://erbf-energie.fr/" "Mozilla/5.0 (Windows NT 10.0; Win64; x64) AppleWebKit/537.36 (KHTML, like Gecko) Chrome/72.0.3626.119 Safari/537.36" "ysfine.com"
40.77.167.68 - - [05/Nov/2022:01:09:30 -0700] "GET /sbk/2010mos22.jpg HTTP/1.1" 200 90595 "-" "Mozilla/5.0 AppleWebKit/537.36 (KHTML, like Gecko; compatible; bingbot/2.0; +http://www.bing.com/bingbot.htm) Chrome/103.0.5060.134 Safari/537.36" "ysfine.com"
40.77.167.27 - - [05/Nov/2022:01:09:37 -0700] "GET /sbk/2008orlando11.jpg HTTP/1.1" 200 126190 "-" "Mozilla/5.0 AppleWebKit/537.36 (KHTML, like Gecko; compatible; bingbot/2.0; +http://www.bing.com/bingbot.htm) Chrome/103.0.5060.134 Safari/537.36" "ysfine.com"
222.137.1.44 - - [05/Nov/2022:01:09:40 -0700] "GET /robots.txt HTTP/1.1" 404 88 "-" "Mozilla/5.0 (Windows NT 10.0; Win64; x64) AppleWebKit/537.36 (KHTML, like Gecko) Chrome/92.0.4515.159 Safari/537.36" "www.ysfine.com"
40.77.51.86 - - [05/Nov/2022:01:09:45 -0700] "GET /world/scandi/fin04b.jpg HTTP/1.1" 200 51772 "https://ysfine.com/world/scandi" "Mozilla/5.0 (iPhone; CPU iPhone OS 13_5_1 like Mac OS X) AppleWebKit/605.1.15 (KHTML, like Gecko) Version/13.1.1 Mobile/15E148 Safari/604.1" "ysfine.com"
40.77.167.71 - - [05/Nov/2022:01:09:49 -0700] "GET /world/baltic/riga58.jpg HTTP/1.1" 200 68424 "-" "Mozilla/5.0 AppleWebKit/537.36 (KHTML, like Gecko; compatible; bingbot/2.0; +http://www.bing.com/bingbot.htm) Chrome/103.0.5060.134 Safari/537.36" "ysfine.com"
51.222.253.12 - - [05/Nov/2022:01:10:13 -0700] "GET /einstein/heisenberg.html HTTP/1.1" 200 10552 "-" "Mozilla/5.0 (compatible; AhrefsBot/7.0; +http://ahrefs.com/robot/)" "ysfine.com"
40.77.167.71 - - [05/Nov/2022:01:10:29 -0700] "GET /philo/kantao11.jpg HTTP/1.1" 200 49132 "-" "Mozilla/5.0 AppleWebKit/537.36 (KHTML, like Gecko; compatible; bingbot/2.0; +http://www.bing.com/bingbot.htm) Chrome/103.0.5060.134 Safari/537.36" "ysfine.com"
40.77.167.68 - - [05/Nov/2022:01:11:31 -0700] "GET /kobak/rhee12.jpg HTTP/1.1" 200 235392 "-" "Mozilla/5.0 AppleWebKit/537.36 (KHTML, like Gecko; compatible; bingbot/2.0; +http://www.bing.com/bingbot.htm) Chrome/103.0.5060.134 Safari/537.36" "ysfine.com"
20.191.45.212 - - [05/Nov/2022:01:11:52 -0700] "GET / HTTP/1.1" 200 5283 "https://ysfine.com/" "Mozilla/5.0 (compatible; DuckDuckGo-Favicons-Bot/1.0; +http://duckduckgo.com)" "ysfine.com"
20.191.45.212 - - [05/Nov/2022:01:11:52 -0700] "GET /favicon.ico HTTP/1.1" 404 88 "https://ysfine.com/favicon.ico" "Mozilla/5.0 (compatible; DuckDuckGo-Favicons-Bot/1.0; +http://duckduckgo.com)" "ysfine.com"
20.191.45.212 - - [05/Nov/2022:01:11:52 -0700] "GET /favicon.ico HTTP/1.1" 404 88 "https://ysfine.com/favicon.ico" "Mozilla/5.0 (compatible; DuckDuckGo-Favicons-Bot/1.0; +http://duckduckgo.com)" "ysfine.com"
157.55.39.76 - - [05/Nov/2022:01:13:15 -0700] "GET /world/baltic/lithuf01.jpg HTTP/1.1" 200 105949 "-" "Mozilla/5.0 (compatible; bingbot/2.0; +http://www.bing.com/bingbot.htm)" "ysfine.com"
40.86.101.164 - - [05/Nov/2022:01:13:27 -0700] "GET /eink/berlinmus05c.jpg HTTP/1.1" 200 33956 "https://www.ysfine.com/eink" "Mozilla/5.0 (iPhone; CPU iPhone OS 13_5_1 like Mac OS X) AppleWebKit/605.1.15 (KHTML, like Gecko) Version/13.1.1 Mobile/15E148 Safari/604.1" "www.ysfine.com"
40.77.51.84 - - [05/Nov/2022:01:13:32 -0700] "GET /friends/aline/usair33c.jpg HTTP/1.1" 404 88 "https://ysfine.com/friends/aline" "Mozilla/5.0 (iPhone; CPU iPhone OS 13_5_1 like Mac OS X) AppleWebKit/605.1.15 (KHTML, like Gecko) Version/13.1.1 Mobile/15E148 Safari/604.1" "ysfine.com"
40.77.51.85 - - [05/Nov/2022:01:13:44 -0700] "GET /kobak/rhee10b.jpg HTTP/1.1" 200 29337 "https://ysfine.com/kobak" "Mozilla/5.0 (X11; Linux x86_64) AppleWebKit/537.36 (KHTML, like Gecko) Chrome/74.0.3729.169 Safari/537.36" "ysfine.com"
20.29.110.169 - - [05/Nov/2022:01:14:00 -0700] "GET /feynman/ppic/quantum01c.jpg HTTP/1.1" 200 24878 "https://ysfine.com/feynman/ppic" "Mozilla/5.0 (Windows NT 10.0; Win64; x64) AppleWebKit/537.36 (KHTML, like Gecko) Chrome/74.0.3729.157 Safari/537.36" "ysfine.com"
20.12.191.73 - - [05/Nov/2022:01:14:02 -0700] "GET /people/zeilinger05b.jpg HTTP/1.1" 200 39332 "http://ysfine.com/people" "Mozilla/5.0 (X11; Linux x86_64) AppleWebKit/537.36 (KHTML, like Gecko) Chrome/74.0.3729.169 Safari/537.36" "ysfine.com"
66.249.66.40 - - [05/Nov/2022:01:14:08 -0700] "GET /kowar/tanks/sherman52.jpg HTTP/1.1" 304 - "-" "Googlebot-Image/1.0" "ysfine.com"
157.55.39.17 - - [05/Nov/2022:01:14:09 -0700] "GET /world/ital/venice29ff.jpg HTTP/1.1" 200 126317 "-" "Mozilla/5.0 (compatible; bingbot/2.0; +http://www.bing.com/bingbot.htm)" "ysfine.com"
66.249.66.43 - - [05/Nov/2022:01:14:28 -0700] "GET /kowar/tanks/sherman45.jpg HTTP/1.1" 304 - "-" "Googlebot-Image/1.0" "ysfine.com"
40.77.167.71 - - [05/Nov/2022:01:15:11 -0700] "GET /bio/feynman/feynbot.html HTTP/1.1" 404 88 "-" "Mozilla/5.0 AppleWebKit/537.36 (KHTML, like Gecko; compatible; bingbot/2.0; +http://www.bing.com/bingbot.htm) Chrome/103.0.5060.134 Safari/537.36" "ysfine.com"
40.77.167.71 - - [05/Nov/2022:01:15:12 -0700] "GET /sbk/2003geneva11.jpg HTTP/1.1" 200 135558 "-" "Mozilla/5.0 AppleWebKit/537.36 (KHTML, like Gecko; compatible; bingbot/2.0; +http://www.bing.com/bingbot.htm) Chrome/103.0.5060.134 Safari/537.36" "ysfine.com"
40.77.51.84 - - [05/Nov/2022:01:15:14 -0700] "GET /world/germany/salz23.jpg HTTP/1.1" 200 132227 "http://ysfine.com/world/germany" "Mozilla/5.0 (Linux; Android 10; SM-G960U) AppleWebKit/537.36 (KHTML, like Gecko) Chrome/88.0.4324.181 Mobile Safari/537.36" "ysfine.com"
40.77.167.68 - - [05/Nov/2022:01:15:21 -0700] "GET /world/brit/paddington03.jpg HTTP/1.1" 200 81750 "-" "Mozilla/5.0 (compatible; bingbot/2.0; +http://www.bing.com/bingbot.htm)" "ysfine.com"
40.77.167.27 - - [05/Nov/2022:01:15:37 -0700] "GET /feynman/fb8.jpg HTTP/1.1" 200 57136 "-" "Mozilla/5.0 (compatible; bingbot/2.0; +http://www.bing.com/bingbot.htm)" "ysfine.com"
31.13.115.9 - - [05/Nov/2022:01:16:07 -0700] "GET /einstein/heisenberg.html HTTP/1.1" 206 10552 "-" "facebookexternalhit/1.1 (+http://www.facebook.com/externalhit_uatext.php)" "ysfine.com"
103.68.17.12 - - [05/Nov/2022:01:16:08 -0700] "GET /world/france/matisse05.jpg HTTP/1.1" 200 72144 "-" "com.google.android.apps.searchlite/701749 (Linux; U; Android 11; en_US; Nokia C30; Build/RP1A.201005.001; Cronet/107.0.5304.25)" "ysfine.com"
40.86.101.252 - - [05/Nov/2022:01:16:11 -0700] "GET /world/france/flore11b.jpg HTTP/1.1" 200 42985 "http://ysfine.com/world/france" "Mozilla/5.0 (Macintosh; Intel Mac OS X 10_11_6) AppleWebKit/605.1.15 (KHTML, like Gecko) Version/11.1.2 Safari/605.1.15" "ysfine.com"
157.55.39.17 - - [05/Nov/2022:01:16:20 -0700] "GET /bio/kobak/namdae.html HTTP/1.1" 404 88 "-" "Mozilla/5.0 (compatible; bingbot/2.0; +http://www.bing.com/bingbot.htm)" "ysfine.com"
157.55.39.76 - - [05/Nov/2022:01:16:36 -0700] "GET /world/france/flore05.jpg HTTP/1.1" 200 92160 "-" "Mozilla/5.0 AppleWebKit/537.36 (KHTML, like Gecko; compatible; bingbot/2.0; +http://www.bing.com/bingbot.htm) Chrome/103.0.5060.134 Safari/537.36" "ysfine.com"
118.184.177.50 - - [05/Nov/2022:01:16:39 -0700] "GET / HTTP/1.1" 200 5283 "-" "Sogou web spider/4.0(+http://www.sogou.com/docs/help/webmasters.htm#07)" "www.ysfine.com"
157.55.39.17 - - [05/Nov/2022:01:16:48 -0700] "GET /bio/einstein/einmeson.html HTTP/1.1" 404 88 "-" "Mozilla/5.0 (compatible; bingbot/2.0; +http://www.bing.com/bingbot.htm)" "ysfine.com"
157.55.39.76 - - [05/Nov/2022:01:16:56 -0700] "GET /newyork/colum19.jpg HTTP/1.1" 200 109081 "-" "Mozilla/5.0 (compatible; bingbot/2.0; +http://www.bing.com/bingbot.htm)" "ysfine.com"
157.55.39.17 - - [05/Nov/2022:01:17:09 -0700] "GET /ysbio/einstein/einchew.html HTTP/1.1" 200 4831 "-" "Mozilla/5.0 AppleWebKit/537.36 (KHTML, like Gecko; compatible; bingbot/2.0; +http://www.bing.com/bingbot.htm) Chrome/103.0.5060.134 Safari/537.36" "ysfine.com"
40.77.167.68 - - [05/Nov/2022:01:17:20 -0700] "GET /yspapers/parton66.jpg HTTP/1.1" 200 116712 "-" "Mozilla/5.0 AppleWebKit/537.36 (KHTML, like Gecko; compatible; bingbot/2.0; +http://www.bing.com/bingbot.htm) Chrome/103.0.5060.134 Safari/537.36" "ysfine.com"
20.29.110.169 - - [05/Nov/2022:01:17:25 -0700] "GET /wdc/lincoln09.jpg HTTP/1.1" 200 64227 "http://ysfine.com/wdc" "Mozilla/5.0 (X11; Linux x86_64) AppleWebKit/537.36 (KHTML, like Gecko) Chrome/74.0.3729.169 Safari/537.36" "ysfine.com"
20.109.241.80 - - [05/Nov/2022:01:17:30 -0700] "GET /friends/amkor/amny07c.jpg HTTP/1.1" 404 88 "https://ysfine.com/friends/amkor" "Mozilla/5.0 (Windows NT 10.0; Win64; x64) AppleWebKit/537.36 (KHTML, like Gecko) Chrome/74.0.3729.157 Safari/537.36" "ysfine.com"
40.77.167.27 - - [05/Nov/2022:01:17:36 -0700] "GET /world/germany/oktf06.jpg HTTP/1.1" 200 116199 "-" "Mozilla/5.0 AppleWebKit/537.36 (KHTML, like Gecko; compatible; bingbot/2.0; +http://www.bing.com/bingbot.htm) Chrome/103.0.5060.134 Safari/537.36" "ysfine.com"
20.109.241.81 - - [05/Nov/2022:01:17:51 -0700] "GET /maga/phys/hydrogen01c.jpg HTTP/1.1" 200 41135 "http://ysfine.com/maga/phys" "Mozilla/5.0 (Linux; Android 10; SM-G960U) AppleWebKit/537.36 (KHTML, like Gecko) Chrome/88.0.4324.181 Mobile Safari/537.36" "ysfine.com"
20.106.28.16 - - [05/Nov/2022:01:18:12 -0700] "GET /world/poland/krk82b.jpg HTTP/1.1" 200 44363 "http://www.ysfine.com/world/poland" "Mozilla/5.0 (Macintosh; Intel Mac OS X 10_11_6) AppleWebKit/605.1.15 (KHTML, like Gecko) Version/11.1.2 Safari/605.1.15" "www.ysfine.com"
40.77.167.68 - - [05/Nov/2022:01:18:41 -0700] "GET /world/brit/britmu09.jpg HTTP/1.1" 200 125141 "-" "Mozilla/5.0 (compatible; bingbot/2.0; +http://www.bing.com/bingbot.htm)" "ysfine.com"
173.73.77.36 - - [05/Nov/2022:01:18:57 -0700] "GET /home/eink54f.jpg HTTP/1.1" 200 96332 "-" "Mozilla/5.0 (Windows NT 10.0; Win64; x64; rv:106.0) Gecko/20100101 Firefox/106.0" "ysfine.com"
173.73.77.36 - - [05/Nov/2022:01:19:18 -0700] "GET /maga/herod.html HTTP/1.1" 200 4341 "-" "Mozilla/5.0 (Windows NT 10.0; Win64; x64; rv:106.0) Gecko/20100101 Firefox/106.0" "ysfine.com"
173.73.77.36 - - [05/Nov/2022:01:19:19 -0700] "GET /wigner/michwight22c.jpg HTTP/1.1" 200 32821 "https://ysfine.com/maga/herod.html" "Mozilla/5.0 (Windows NT 10.0; Win64; x64; rv:106.0) Gecko/20100101 Firefox/106.0" "ysfine.com"
173.73.77.36 - - [05/Nov/2022:01:19:19 -0700] "GET /wigner/tollwig11c.jpg HTTP/1.1" 200 30497 "https://ysfine.com/maga/herod.html" "Mozilla/5.0 (Windows NT 10.0; Win64; x64; rv:106.0) Gecko/20100101 Firefox/106.0" "ysfine.com"
173.73.77.36 - - [05/Nov/2022:01:19:19 -0700] "GET /maga/phil/herod33c.jpg HTTP/1.1" 200 45604 "https://ysfine.com/maga/herod.html" "Mozilla/5.0 (Windows NT 10.0; Win64; x64; rv:106.0) Gecko/20100101 Firefox/106.0" "ysfine.com"
173.73.77.36 - - [05/Nov/2022:01:19:19 -0700] "GET /maga/phil/herod11c.jpg HTTP/1.1" 200 76011 "https://ysfine.com/maga/herod.html" "Mozilla/5.0 (Windows NT 10.0; Win64; x64; rv:106.0) Gecko/20100101 Firefox/106.0" "ysfine.com"
173.73.77.36 - - [05/Nov/2022:01:19:19 -0700] "GET /wigner/wigkim11c.jpg HTTP/1.1" 200 30443 "https://ysfine.com/maga/herod.html" "Mozilla/5.0 (Windows NT 10.0; Win64; x64; rv:106.0) Gecko/20100101 Firefox/106.0" "ysfine.com"
173.73.77.36 - - [05/Nov/2022:01:19:19 -0700] "GET /eink/pawkim19e.jpg HTTP/1.1" 200 85621 "https://ysfine.com/maga/herod.html" "Mozilla/5.0 (Windows NT 10.0; Win64; x64; rv:106.0) Gecko/20100101 Firefox/106.0" "ysfine.com"
173.73.77.36 - - [05/Nov/2022:01:19:19 -0700] "GET /home/taylor400.jpg HTTP/1.1" 200 56181 "https://ysfine.com/maga/herod.html" "Mozilla/5.0 (Windows NT 10.0; Win64; x64; rv:106.0) Gecko/20100101 Firefox/106.0" "ysfine.com"
173.73.77.36 - - [05/Nov/2022:01:19:19 -0700] "GET /wigner/michwight11c.jpg HTTP/1.1" 200 38388 "https://ysfine.com/maga/herod.html" "Mozilla/5.0 (Windows NT 10.0; Win64; x64; rv:106.0) Gecko/20100101 Firefox/106.0" "ysfine.com"
216.244.66.229 - - [05/Nov/2022:01:20:25 -0700] "GET /robots.txt HTTP/1.1" 404 73 "-" "Mozilla/5.0 (compatible; DotBot/1.2; +https://opensiteexplorer.org/dotbot; help@moz.com)" "www.ysfine.com"
40.77.167.71 - - [05/Nov/2022:01:20:41 -0700] "GET /world/ital/veronasis01.jpg HTTP/1.1" 200 125798 "-" "Mozilla/5.0 AppleWebKit/537.36 (KHTML, like Gecko; compatible; bingbot/2.0; +http://www.bing.com/bingbot.htm) Chrome/103.0.5060.134 Safari/537.36" "ysfine.com"
40.77.51.85 - - [05/Nov/2022:01:21:12 -0700] "GET /friends/amkor/vassar11c.jpg HTTP/1.1" 404 88 "https://ysfine.com/friends/amkor" "Mozilla/5.0 (X11; Linux x86_64) AppleWebKit/537.36 (KHTML, like Gecko) Chrome/74.0.3729.169 Safari/537.36" "ysfine.com"
65.108.231.158 - - [05/Nov/2022:01:21:17 -0700] "GET /robots.txt HTTP/1.1" 404 73 "-" "Mozilla/5.0 (compatible; MJ12bot/v1.4.8; http://mj12bot.com/)" "www.ysfine.com"
65.108.231.158 - - [05/Nov/2022:01:21:20 -0700] "GET /home/einstein/ewk.html HTTP/1.1" 404 88 "-" "Mozilla/5.0 (compatible; MJ12bot/v1.4.8; http://mj12bot.com/)" "www.ysfine.com"
40.77.167.71 - - [05/Nov/2022:01:21:21 -0700] "GET /world/brit/bond32.jpg HTTP/1.1" 200 112439 "-" "Mozilla/5.0 AppleWebKit/537.36 (KHTML, like Gecko; compatible; bingbot/2.0; +http://www.bing.com/bingbot.htm) Chrome/103.0.5060.134 Safari/537.36" "www.ysfine.com"
65.108.231.158 - - [05/Nov/2022:01:21:22 -0700] "GET /ysbio/princeton/sabat11.jpg HTTP/1.1" 200 110377 "-" "Mozilla/5.0 (compatible; MJ12bot/v1.4.8; http://mj12bot.com/)" "www.ysfine.com"
65.108.231.158 - - [05/Nov/2022:01:21:25 -0700] "GET /ysbio/princeton/sabat22.jpg HTTP/1.1" 200 35430 "-" "Mozilla/5.0 (compatible; MJ12bot/v1.4.8; http://mj12bot.com/)" "www.ysfine.com"
65.108.231.158 - - [05/Nov/2022:01:21:28 -0700] "GET /ysbio/princeton/sabat33.jpg HTTP/1.1" 200 57812 "-" "Mozilla/5.0 (compatible; MJ12bot/v1.4.8; http://mj12bot.com/)" "www.ysfine.com"
65.108.231.158 - - [05/Nov/2022:01:21:32 -0700] "GET /ysbio/princeton/salute.jpg HTTP/1.1" 200 71562 "-" "Mozilla/5.0 (compatible; MJ12bot/v1.4.8; http://mj12bot.com/)" "www.ysfine.com"
65.108.231.158 - - [05/Nov/2022:01:21:35 -0700] "GET /ysbio/princeton/sambapr.html HTTP/1.1" 200 311 "-" "Mozilla/5.0 (compatible; MJ12bot/v1.4.8; http://mj12bot.com/)" "www.ysfine.com"
65.108.231.158 - - [05/Nov/2022:01:21:38 -0700] "GET /ysbio/princeton/sambapr02.jpg HTTP/1.1" 200 133361 "-" "Mozilla/5.0 (compatible; MJ12bot/v1.4.8; http://mj12bot.com/)" "www.ysfine.com"
65.108.231.158 - - [05/Nov/2022:01:21:42 -0700] "GET /ysbio/princeton/sambapr08.jpg HTTP/1.1" 200 137765 "-" "Mozilla/5.0 (compatible; MJ12bot/v1.4.8; http://mj12bot.com/)" "www.ysfine.com"
65.108.231.158 - - [05/Nov/2022:01:21:47 -0700] "GET /ysbio/princeton/sbk87.jpg HTTP/1.1" 200 174738 "-" "Mozilla/5.0 (compatible; MJ12bot/v1.4.8; http://mj12bot.com/)" "www.ysfine.com"
65.108.231.158 - - [05/Nov/2022:01:21:51 -0700] "GET /ysbio/princeton/sbt11.jpg HTTP/1.1" 200 166706 "-" "Mozilla/5.0 (compatible; MJ12bot/v1.4.8; http://mj12bot.com/)" "www.ysfine.com"
40.78.141.94 - - [05/Nov/2022:01:21:54 -0700] "GET /feynman/ppic/einbohr56a.jpg HTTP/1.1" 200 53376 "https://ysfine.com/feynman/ppic" "Mozilla/5.0 (Windows NT 10.0; Win64; x64) AppleWebKit/537.36 (KHTML, like Gecko) Chrome/74.0.3729.157 Safari/537.36" "ysfine.com"
65.108.231.158 - - [05/Nov/2022:01:21:56 -0700] "GET /ysbio/princeton/shapiro11.jpg HTTP/1.1" 200 53951 "-" "Mozilla/5.0 (compatible; MJ12bot/v1.4.8; http://mj12bot.com/)" "www.ysfine.com"
40.77.167.71 - - [05/Nov/2022:01:22:01 -0700] "GET /bio/yspapers/aipproc2006.pdf HTTP/1.1" 404 88 "-" "Mozilla/5.0 AppleWebKit/537.36 (KHTML, like Gecko; compatible; bingbot/2.0; +http://www.bing.com/bingbot.htm) Chrome/103.0.5060.134 Safari/537.36" "www.ysfine.com"
65.108.231.158 - - [05/Nov/2022:01:22:02 -0700] "GET /ysbio/princeton/shapiro22.jpg HTTP/1.1" 200 64621 "-" "Mozilla/5.0 (compatible; MJ12bot/v1.4.8; http://mj12bot.com/)" "www.ysfine.com"
20.109.241.98 - - [05/Nov/2022:01:22:03 -0700] "GET /world/china/china030b.jpg HTTP/1.1" 200 37396 "https://www.ysfine.com/world/china" "Mozilla/5.0 (Linux; Android 10; SM-G960U) AppleWebKit/537.36 (KHTML, like Gecko) Chrome/88.0.4324.181 Mobile Safari/537.36" "www.ysfine.com"
65.108.231.158 - - [05/Nov/2022:01:22:06 -0700] "GET /ysbio/princeton/shoppic11.jpg HTTP/1.1" 200 198629 "-" "Mozilla/5.0 (compatible; MJ12bot/v1.4.8; http://mj12bot.com/)" "www.ysfine.com"
40.77.167.68 - - [05/Nov/2022:01:22:12 -0700] "GET /kobak/repose55.jpg HTTP/1.1" 200 103660 "-" "Mozilla/5.0 AppleWebKit/537.36 (KHTML, like Gecko; compatible; bingbot/2.0; +http://www.bing.com/bingbot.htm) Chrome/103.0.5060.134 Safari/537.36" "ysfine.com"
65.108.231.158 - - [05/Nov/2022:01:22:12 -0700] "GET /ysbio/princeton/sotto.jpg HTTP/1.1" 200 109246 "-" "Mozilla/5.0 (compatible; MJ12bot/v1.4.8; http://mj12bot.com/)" "www.ysfine.com"
65.108.231.158 - - [05/Nov/2022:01:22:16 -0700] "GET /ysbio/princeton/steps.jpg HTTP/1.1" 200 114727 "-" "Mozilla/5.0 (compatible; MJ12bot/v1.4.8; http://mj12bot.com/)" "www.ysfine.com"
157.55.39.17 - - [05/Nov/2022:01:22:29 -0700] "GET /ysbio/einstein/einbot.html HTTP/1.1" 200 126 "-" "Mozilla/5.0 (compatible; bingbot/2.0; +http://www.bing.com/bingbot.htm)" "ysfine.com"
77.75.79.31 - - [05/Nov/2022:01:22:54 -0700] "GET /newyork/index.html HTTP/1.1" 200 132 "-" "Mozilla/5.0 (compatible; SeznamBot/4.0-RC1; +http://napoveda.seznam.cz/seznambot-intro/)" "ysfine.com"
20.12.191.74 - - [05/Nov/2022:01:22:57 -0700] "GET /world/russ/mosko11b.jpg HTTP/1.1" 200 58877 "https://ysfine.com/world/russ" "Mozilla/5.0 (iPhone; CPU iPhone OS 13_5_1 like Mac OS X) AppleWebKit/605.1.15 (KHTML, like Gecko) Version/13.1.1 Mobile/15E148 Safari/604.1" "ysfine.com"
40.77.167.68 - - [05/Nov/2022:01:23:21 -0700] "GET /world/baltic/lithu25.jpg HTTP/1.1" 200 77162 "-" "Mozilla/5.0 (compatible; bingbot/2.0; +http://www.bing.com/bingbot.htm)" "ysfine.com"
157.55.39.76 - - [05/Nov/2022:01:24:06 -0700] "GET /feynman/ppic/quapar55.jpg HTTP/1.1" 200 113966 "-" "Mozilla/5.0 AppleWebKit/537.36 (KHTML, like Gecko; compatible; bingbot/2.0; +http://www.bing.com/bingbot.htm) Chrome/103.0.5060.134 Safari/537.36" "www.ysfine.com"
157.55.39.76 - - [05/Nov/2022:01:24:20 -0700] "GET /ysbio/world/dubna.html HTTP/1.1" 200 1604 "-" "Mozilla/5.0 AppleWebKit/537.36 (KHTML, like Gecko; compatible; bingbot/2.0; +http://www.bing.com/bingbot.htm) Chrome/103.0.5060.134 Safari/537.36" "ysfine.com"
157.55.39.65 - - [05/Nov/2022:01:24:27 -0700] "GET /confer/newsgr.html HTTP/1.1" 200 944 "-" "Mozilla/5.0 AppleWebKit/537.36 (KHTML, like Gecko; compatible; bingbot/2.0; +http://www.bing.com/bingbot.htm) Chrome/103.0.5060.134 Safari/537.36" "ysfine.com"
20.106.27.173 - - [05/Nov/2022:01:24:27 -0700] "GET /awards/timessq11d.jpg HTTP/1.1" 200 105546 "https://ysfine.com/awards" "Mozilla/5.0 (Linux; Android 10; SM-G960U) AppleWebKit/537.36 (KHTML, like Gecko) Chrome/88.0.4324.181 Mobile Safari/537.36" "ysfine.com"
40.77.167.27 - - [05/Nov/2022:01:24:29 -0700] "GET /home/dwf33.html HTTP/1.1" 200 7188 "-" "Mozilla/5.0 (compatible; bingbot/2.0; +http://www.bing.com/bingbot.htm)" "ysfine.com"
157.55.39.17 - - [05/Nov/2022:01:24:30 -0700] "GET /feynman/feykant.html HTTP/1.1" 200 3350 "-" "Mozilla/5.0 (compatible; bingbot/2.0; +http://www.bing.com/bingbot.htm)" "ysfine.com"
157.55.39.76 - - [05/Nov/2022:01:24:31 -0700] "GET /style/restau.html HTTP/1.1" 200 2149 "-" "Mozilla/5.0 (compatible; bingbot/2.0; +http://www.bing.com/bingbot.htm)" "ysfine.com"
40.77.167.71 - - [05/Nov/2022:01:24:35 -0700] "GET /style/songs.html HTTP/1.1" 200 31567 "-" "Mozilla/5.0 (compatible; bingbot/2.0; +http://www.bing.com/bingbot.htm)" "ysfine.com"
40.77.167.27 - - [05/Nov/2022:01:24:41 -0700] "GET /philo/kant.html HTTP/1.1" 200 8179 "-" "Mozilla/5.0 AppleWebKit/537.36 (KHTML, like Gecko; compatible; bingbot/2.0; +http://www.bing.com/bingbot.htm) Chrome/103.0.5060.134 Safari/537.36" "ysfine.com"
20.106.28.16 - - [05/Nov/2022:01:24:46 -0700] "GET /ffriends/latvia11c.jpg HTTP/1.1" 200 50960 "https://ysfine.com/ffriends" "Mozilla/5.0 (iPhone; CPU iPhone OS 13_5_1 like Mac OS X) AppleWebKit/605.1.15 (KHTML, like Gecko) Version/13.1.1 Mobile/15E148 Safari/604.1" "ysfine.com"
20.106.27.173 - - [05/Nov/2022:01:24:46 -0700] "GET /world/russ/krem09b.jpg HTTP/1.1" 200 34364 "http://ysfine.com/world/russ" "Mozilla/5.0 (X11; Linux x86_64) AppleWebKit/537.36 (KHTML, like Gecko) Chrome/74.0.3729.169 Safari/537.36" "ysfine.com"
157.55.39.17 - - [05/Nov/2022:01:24:51 -0700] "GET /ysbio/sbk/famous.html HTTP/1.1" 200 593 "-" "Mozilla/5.0 AppleWebKit/537.36 (KHTML, like Gecko; compatible; bingbot/2.0; +http://www.bing.com/bingbot.htm) Chrome/103.0.5060.134 Safari/537.36" "ysfine.com"
157.55.39.17 - - [05/Nov/2022:01:24:51 -0700] "GET /wdc/wasdc.html HTTP/1.1" 200 13715 "-" "Mozilla/5.0 AppleWebKit/537.36 (KHTML, like Gecko; compatible; bingbot/2.0; +http://www.bing.com/bingbot.htm) Chrome/103.0.5060.134 Safari/537.36" "ysfine.com"
103.211.132.55 - - [05/Nov/2022:01:25:00 -0700] "GET /wigner/wigner39.pdf HTTP/1.1" 200 1398440 "https://www.google.com/" "Mozilla/5.0 (iPad; CPU OS 16_1 like Mac OS X) AppleWebKit/605.1.15 (KHTML, like Gecko) CriOS/106.0.5249.92 Mobile/15E148 Safari/604.1" "ysfine.com"
103.211.132.55 - - [05/Nov/2022:01:25:12 -0700] "GET /favicon.ico HTTP/1.1" 404 88 "-" "Mozilla/5.0 (iPad; CPU OS 16_1 like Mac OS X) AppleWebKit/605.1.15 (KHTML, like Gecko) CriOS/106.0.5249.92 Mobile/15E148 Safari/604.1" "ysfine.com"
13.67.224.14 - - [05/Nov/2022:01:25:23 -0700] "GET /einstein/einhouse11b.jpg HTTP/1.1" 200 42717 "http://www.ysfine.com/einstein" "Mozilla/5.0 (Linux; Android 10; SM-G960U) AppleWebKit/537.36 (KHTML, like Gecko) Chrome/88.0.4324.181 Mobile Safari/537.36" "www.ysfine.com"
20.109.241.98 - - [05/Nov/2022:01:26:12 -0700] "GET /wigner/isomor77a.jpg HTTP/1.1" 200 53058 "https://ysfine.com/wigner" "Mozilla/5.0 (X11; Linux x86_64) AppleWebKit/537.36 (KHTML, like Gecko) Chrome/74.0.3729.169 Safari/537.36" "ysfine.com"
13.67.224.13 - - [05/Nov/2022:01:26:18 -0700] "GET /world/germany/dussel01c.jpg HTTP/1.1" 200 33851 "https://ysfine.com/world/germany" "Mozilla/5.0 (Linux; Android 10; SM-G960U) AppleWebKit/537.36 (KHTML, like Gecko) Chrome/88.0.4324.181 Mobile Safari/537.36" "ysfine.com"
40.77.167.71 - - [05/Nov/2022:01:26:31 -0700] "GET /world/latina/buenos04.jpg HTTP/1.1" 200 130248 "-" "Mozilla/5.0 (compatible; bingbot/2.0; +http://www.bing.com/bingbot.htm)" "ysfine.com"
40.77.167.68 - - [05/Nov/2022:01:26:34 -0700] "GET /bio/kobak/soraech.html HTTP/1.1" 404 88 "-" "Mozilla/5.0 AppleWebKit/537.36 (KHTML, like Gecko; compatible; bingbot/2.0; +http://www.bing.com/bingbot.htm) Chrome/103.0.5060.134 Safari/537.36" "ysfine.com"
20.12.191.73 - - [05/Nov/2022:01:26:51 -0700] "GET /world/brit/covent01b.jpg HTTP/1.1" 200 31592 "http://ysfine.com/world/brit" "Mozilla/5.0 (Macintosh; Intel Mac OS X 10_11_6) AppleWebKit/605.1.15 (KHTML, like Gecko) Version/11.1.2 Safari/605.1.15" "ysfine.com"
40.77.167.27 - - [05/Nov/2022:01:26:58 -0700] "GET /world/baltic/tallin47.jpg HTTP/1.1" 200 138046 "-" "Mozilla/5.0 (compatible; bingbot/2.0; +http://www.bing.com/bingbot.htm)" "ysfine.com"
20.109.241.81 - - [05/Nov/2022:01:27:26 -0700] "GET /world/russ/dnepro11b.jpg HTTP/1.1" 200 34233 "http://ysfine.com/world/russ" "Mozilla/5.0 (iPhone; CPU iPhone OS 13_5_1 like Mac OS X) AppleWebKit/605.1.15 (KHTML, like Gecko) Version/13.1.1 Mobile/15E148 Safari/604.1" "ysfine.com"
115.246.214.203 - - [05/Nov/2022:01:27:27 -0700] "GET /maga/phys/schrod00.jpg HTTP/1.1" 200 108266 "https://www.google.com/" "Mozilla/5.0 (Windows NT 10.0; Win64; x64) AppleWebKit/537.36 (KHTML, like Gecko) Chrome/107.0.0.0 Safari/537.36" "ysfine.com"
157.55.39.17 - - [05/Nov/2022:01:27:30 -0700] "GET /bio/einstein/bern.html HTTP/1.1" 404 88 "-" "Mozilla/5.0 (compatible; bingbot/2.0; +http://www.bing.com/bingbot.htm)" "ysfine.com"
216.244.66.229 - - [05/Nov/2022:01:28:05 -0700] "GET /kowar/sampal.html HTTP/1.1" 200 34587 "-" "Mozilla/5.0 (compatible; DotBot/1.2; +https://opensiteexplorer.org/dotbot; help@moz.com)" "www.ysfine.com"
40.77.167.71 - - [05/Nov/2022:01:28:31 -0700] "GET /wigner/martha11c.jpg HTTP/1.1" 200 26034 "-" "Mozilla/5.0 (compatible; bingbot/2.0; +http://www.bing.com/bingbot.htm)" "ysfine.com"
40.77.167.68 - - [05/Nov/2022:01:28:35 -0700] "GET /bio/einstein/ulm.html HTTP/1.1" 404 88 "-" "Mozilla/5.0 (compatible; bingbot/2.0; +http://www.bing.com/bingbot.htm)" "ysfine.com"
20.106.28.16 - - [05/Nov/2022:01:28:45 -0700] "GET /friends/admire22.jpg HTTP/1.1" 404 88 "https://ysfine.com/friends" "Mozilla/5.0 (iPhone; CPU iPhone OS 13_5_1 like Mac OS X) AppleWebKit/605.1.15 (KHTML, like Gecko) Version/13.1.1 Mobile/15E148 Safari/604.1" "ysfine.com"
157.55.39.65 - - [05/Nov/2022:01:28:49 -0700] "GET /bio/style/ystyle.html HTTP/1.1" 404 88 "-" "Mozilla/5.0 (compatible; bingbot/2.0; +http://www.bing.com/bingbot.htm)" "ysfine.com"
