65.108.128.54 - - [04/Nov/2022:23:37:14 -0700] "GET /ysbio/usca/norl/missi11.jpg HTTP/1.1" 200 100454 "-" "Mozilla/5.0 (compatible; MJ12bot/v1.4.8; http://mj12bot.com/)" "www.ysfine.com"
65.108.128.54 - - [04/Nov/2022:23:37:16 -0700] "GET /ysbio/usca/norl/missi12.jpg HTTP/1.1" 200 118356 "-" "Mozilla/5.0 (compatible; MJ12bot/v1.4.8; http://mj12bot.com/)" "www.ysfine.com"
65.108.128.54 - - [04/Nov/2022:23:37:19 -0700] "GET /ysbio/usca/norl/missi15.jpg HTTP/1.1" 200 90530 "-" "Mozilla/5.0 (compatible; MJ12bot/v1.4.8; http://mj12bot.com/)" "www.ysfine.com"
65.108.128.54 - - [04/Nov/2022:23:37:21 -0700] "GET /ysbio/usca/norl/missi16.jpg HTTP/1.1" 200 138773 "-" "Mozilla/5.0 (compatible; MJ12bot/v1.4.8; http://mj12bot.com/)" "www.ysfine.com"
65.108.128.54 - - [04/Nov/2022:23:37:23 -0700] "GET /ysbio/usca/norl/missi21.jpg HTTP/1.1" 200 100780 "-" "Mozilla/5.0 (compatible; MJ12bot/v1.4.8; http://mj12bot.com/)" "www.ysfine.com"
65.108.128.54 - - [04/Nov/2022:23:37:24 -0700] "GET /ysbio/usca/norl/missi22.jpg HTTP/1.1" 200 144025 "-" "Mozilla/5.0 (compatible; MJ12bot/v1.4.8; http://mj12bot.com/)" "www.ysfine.com"
65.108.128.54 - - [04/Nov/2022:23:37:26 -0700] "GET /ysbio/usca/norl/missi26.jpg HTTP/1.1" 200 111552 "-" "Mozilla/5.0 (compatible; MJ12bot/v1.4.8; http://mj12bot.com/)" "www.ysfine.com"
65.108.128.54 - - [04/Nov/2022:23:37:28 -0700] "GET /ysbio/usca/norl/missi27.jpg HTTP/1.1" 200 118741 "-" "Mozilla/5.0 (compatible; MJ12bot/v1.4.8; http://mj12bot.com/)" "www.ysfine.com"
65.108.128.54 - - [04/Nov/2022:23:37:30 -0700] "GET /ysbio/usca/norl/missi31.jpg HTTP/1.1" 200 81922 "-" "Mozilla/5.0 (compatible; MJ12bot/v1.4.8; http://mj12bot.com/)" "www.ysfine.com"
65.108.128.54 - - [04/Nov/2022:23:37:32 -0700] "GET /ysbio/usca/norl/missi32.jpg HTTP/1.1" 200 200237 "-" "Mozilla/5.0 (compatible; MJ12bot/v1.4.8; http://mj12bot.com/)" "www.ysfine.com"
65.108.128.54 - - [04/Nov/2022:23:37:34 -0700] "GET /ysbio/usca/norl/missi34.jpg HTTP/1.1" 200 88420 "-" "Mozilla/5.0 (compatible; MJ12bot/v1.4.8; http://mj12bot.com/)" "www.ysfine.com"
65.108.128.54 - - [04/Nov/2022:23:37:36 -0700] "GET /ysbio/usca/norl/missi36.jpg HTTP/1.1" 200 101033 "-" "Mozilla/5.0 (compatible; MJ12bot/v1.4.8; http://mj12bot.com/)" "www.ysfine.com"
65.108.128.54 - - [04/Nov/2022:23:37:38 -0700] "GET /ysbio/usca/norl/missi37.jpg HTTP/1.1" 200 90089 "-" "Mozilla/5.0 (compatible; MJ12bot/v1.4.8; http://mj12bot.com/)" "www.ysfine.com"
65.108.128.54 - - [04/Nov/2022:23:37:40 -0700] "GET /ysbio/usca/norl/napo00.jpg HTTP/1.1" 200 119074 "-" "Mozilla/5.0 (compatible; MJ12bot/v1.4.8; http://mj12bot.com/)" "www.ysfine.com"
40.77.167.68 - - [04/Nov/2022:23:37:41 -0700] "GET /ysbio/maga/minkowski.html HTTP/1.1" 200 4752 "-" "Mozilla/5.0 (compatible; bingbot/2.0; +http://www.bing.com/bingbot.htm)" "ysfine.com"
65.108.128.54 - - [04/Nov/2022:23:37:42 -0700] "GET /ysbio/usca/norl/napo01.jpg HTTP/1.1" 200 99474 "-" "Mozilla/5.0 (compatible; MJ12bot/v1.4.8; http://mj12bot.com/)" "www.ysfine.com"
65.108.128.54 - - [04/Nov/2022:23:37:44 -0700] "GET /ysbio/usca/norl/napo02.jpg HTTP/1.1" 200 107307 "-" "Mozilla/5.0 (compatible; MJ12bot/v1.4.8; http://mj12bot.com/)" "www.ysfine.com"
114.119.152.56 - - [04/Nov/2022:23:37:45 -0700] "GET /robots.txt HTTP/1.1" 404 88 "-" "Mozilla/5.0 (compatible;PetalBot;+https://webmaster.petalsearch.com/site/petalbot)" "ysfine.com"
65.108.128.54 - - [04/Nov/2022:23:37:46 -0700] "GET /ysbio/usca/norl/napo03.jpg HTTP/1.1" 200 115404 "-" "Mozilla/5.0 (compatible; MJ12bot/v1.4.8; http://mj12bot.com/)" "www.ysfine.com"
65.108.128.54 - - [04/Nov/2022:23:37:48 -0700] "GET /ysbio/usca/norl/napo10.jpg HTTP/1.1" 200 150271 "-" "Mozilla/5.0 (compatible; MJ12bot/v1.4.8; http://mj12bot.com/)" "www.ysfine.com"
65.108.128.54 - - [04/Nov/2022:23:37:50 -0700] "GET /ysbio/usca/norl/napo11.jpg HTTP/1.1" 200 132693 "-" "Mozilla/5.0 (compatible; MJ12bot/v1.4.8; http://mj12bot.com/)" "www.ysfine.com"
65.108.128.54 - - [04/Nov/2022:23:37:52 -0700] "GET /ysbio/usca/norl/napo12.jpg HTTP/1.1" 200 90765 "-" "Mozilla/5.0 (compatible; MJ12bot/v1.4.8; http://mj12bot.com/)" "www.ysfine.com"
65.108.128.54 - - [04/Nov/2022:23:37:54 -0700] "GET /ysbio/usca/norl/napo13 HTTP/1.1" 406 93 "-" "Mozilla/5.0 (compatible; MJ12bot/v1.4.8; http://mj12bot.com/)" "www.ysfine.com"
65.108.128.54 - - [04/Nov/2022:23:37:56 -0700] "GET /ysbio/usca/norl/napo15.jpg HTTP/1.1" 200 69359 "-" "Mozilla/5.0 (compatible; MJ12bot/v1.4.8; http://mj12bot.com/)" "www.ysfine.com"
65.108.128.54 - - [04/Nov/2022:23:37:58 -0700] "GET /ysbio/usca/norl/stcars/gelogo11.jpg HTTP/1.1" 200 44350 "-" "Mozilla/5.0 (compatible; MJ12bot/v1.4.8; http://mj12bot.com/)" "www.ysfine.com"
65.108.128.54 - - [04/Nov/2022:23:37:59 -0700] "GET /ysbio/usca/norl/stcars/stcar05.jpg HTTP/1.1" 200 92728 "-" "Mozilla/5.0 (compatible; MJ12bot/v1.4.8; http://mj12bot.com/)" "www.ysfine.com"
65.108.128.54 - - [04/Nov/2022:23:38:02 -0700] "GET /ysbio/usca/norl/stcars/stcar11.jpg HTTP/1.1" 200 233932 "-" "Mozilla/5.0 (compatible; MJ12bot/v1.4.8; http://mj12bot.com/)" "www.ysfine.com"
65.108.128.54 - - [04/Nov/2022:23:38:03 -0700] "GET /ysbio/usca/norl/stcars/stcar20.jpg HTTP/1.1" 200 94994 "-" "Mozilla/5.0 (compatible; MJ12bot/v1.4.8; http://mj12bot.com/)" "www.ysfine.com"
65.108.128.54 - - [04/Nov/2022:23:38:05 -0700] "GET /ysbio/usca/norl/stcars/stcar21.jpg HTTP/1.1" 200 67568 "-" "Mozilla/5.0 (compatible; MJ12bot/v1.4.8; http://mj12bot.com/)" "www.ysfine.com"
40.122.230.190 - - [04/Nov/2022:23:38:06 -0700] "GET /eink/kbrain11f.jpg HTTP/1.1" 200 56023 "https://www.ysfine.com/eink" "Mozilla/5.0 (Linux; Android 10; SM-G960U) AppleWebKit/537.36 (KHTML, like Gecko) Chrome/88.0.4324.181 Mobile Safari/537.36" "www.ysfine.com"
65.108.128.54 - - [04/Nov/2022:23:38:07 -0700] "GET /ysbio/usca/norl/stcars/stcar54.jpg HTTP/1.1" 200 299067 "-" "Mozilla/5.0 (compatible; MJ12bot/v1.4.8; http://mj12bot.com/)" "www.ysfine.com"
65.108.128.54 - - [04/Nov/2022:23:38:09 -0700] "GET /ysbio/usca/norl/stcars/stcar55.jpg HTTP/1.1" 200 114509 "-" "Mozilla/5.0 (compatible; MJ12bot/v1.4.8; http://mj12bot.com/)" "www.ysfine.com"
65.108.128.54 - - [04/Nov/2022:23:38:11 -0700] "GET /ysbio/usca/norl/stcharles05.jpg HTTP/1.1" 200 168394 "-" "Mozilla/5.0 (compatible; MJ12bot/v1.4.8; http://mj12bot.com/)" "www.ysfine.com"
65.108.128.54 - - [04/Nov/2022:23:38:13 -0700] "GET /ysbio/usca/pitt/carnegir01.jpg HTTP/1.1" 404 88 "-" "Mozilla/5.0 (compatible; MJ12bot/v1.4.8; http://mj12bot.com/)" "www.ysfine.com"
65.108.128.54 - - [04/Nov/2022:23:38:15 -0700] "GET /ysbio/usca/pitt/carnlab22.jpg HTTP/1.1" 200 164988 "-" "Mozilla/5.0 (compatible; MJ12bot/v1.4.8; http://mj12bot.com/)" "www.ysfine.com"
157.55.39.65 - - [04/Nov/2022:23:38:16 -0700] "GET /world/china/beijing013.jpg HTTP/1.1" 200 109548 "-" "Mozilla/5.0 AppleWebKit/537.36 (KHTML, like Gecko; compatible; bingbot/2.0; +http://www.bing.com/bingbot.htm) Chrome/103.0.5060.134 Safari/537.36" "ysfine.com"
65.108.128.54 - - [04/Nov/2022:23:38:17 -0700] "GET /ysbio/usca/pitt/cmu80.jpg HTTP/1.1" 200 114252 "-" "Mozilla/5.0 (compatible; MJ12bot/v1.4.8; http://mj12bot.com/)" "www.ysfine.com"
65.108.128.54 - - [04/Nov/2022:23:38:19 -0700] "GET /ysbio/usca/pitt/fortpitt06.jpg HTTP/1.1" 200 172411 "-" "Mozilla/5.0 (compatible; MJ12bot/v1.4.8; http://mj12bot.com/)" "www.ysfine.com"
65.108.128.54 - - [04/Nov/2022:23:38:21 -0700] "GET /ysbio/usca/pitt/fortpitt08.jpg HTTP/1.1" 200 160240 "-" "Mozilla/5.0 (compatible; MJ12bot/v1.4.8; http://mj12bot.com/)" "www.ysfine.com"
40.77.167.68 - - [04/Nov/2022:23:38:23 -0700] "GET /world/germany/nuremf02.jpg HTTP/1.1" 200 129985 "-" "Mozilla/5.0 AppleWebKit/537.36 (KHTML, like Gecko; compatible; bingbot/2.0; +http://www.bing.com/bingbot.htm) Chrome/103.0.5060.134 Safari/537.36" "ysfine.com"
65.108.128.54 - - [04/Nov/2022:23:38:23 -0700] "GET /ysbio/usca/pitt/giants55.jpg HTTP/1.1" 200 107276 "-" "Mozilla/5.0 (compatible; MJ12bot/v1.4.8; http://mj12bot.com/)" "www.ysfine.com"
65.108.128.54 - - [04/Nov/2022:23:38:25 -0700] "GET /ysbio/usca/pitt/gw01.jpg HTTP/1.1" 200 34932 "-" "Mozilla/5.0 (compatible; MJ12bot/v1.4.8; http://mj12bot.com/)" "www.ysfine.com"
65.108.128.54 - - [04/Nov/2022:23:38:27 -0700] "GET /ysbio/usca/pitt/hall01.jpg HTTP/1.1" 200 300911 "-" "Mozilla/5.0 (compatible; MJ12bot/v1.4.8; http://mj12bot.com/)" "www.ysfine.com"
65.108.128.54 - - [04/Nov/2022:23:38:29 -0700] "GET /ysbio/usca/pitt/kdka01.jpg HTTP/1.1" 200 93273 "-" "Mozilla/5.0 (compatible; MJ12bot/v1.4.8; http://mj12bot.com/)" "www.ysfine.com"
65.108.128.54 - - [04/Nov/2022:23:38:31 -0700] "GET /ysbio/usca/pitt/mellon11.jpg HTTP/1.1" 200 23959 "-" "Mozilla/5.0 (compatible; MJ12bot/v1.4.8; http://mj12bot.com/)" "www.ysfine.com"
65.108.128.54 - - [04/Nov/2022:23:38:33 -0700] "GET /ysbio/usca/pitt/mellon32.jpg HTTP/1.1" 200 95136 "-" "Mozilla/5.0 (compatible; MJ12bot/v1.4.8; http://mj12bot.com/)" "www.ysfine.com"
65.108.128.54 - - [04/Nov/2022:23:38:35 -0700] "GET /ysbio/usca/pitt/pgh22.html HTTP/1.1" 404 88 "-" "Mozilla/5.0 (compatible; MJ12bot/v1.4.8; http://mj12bot.com/)" "www.ysfine.com"
65.108.128.54 - - [04/Nov/2022:23:38:37 -0700] "GET /ysbio/wdc/eindc.html HTTP/1.1" 200 923 "-" "Mozilla/5.0 (compatible; MJ12bot/v1.4.8; http://mj12bot.com/)" "www.ysfine.com"
65.108.128.54 - - [04/Nov/2022:23:38:39 -0700] "GET /ysbio/wdc/eindc02.jpg HTTP/1.1" 200 147414 "-" "Mozilla/5.0 (compatible; MJ12bot/v1.4.8; http://mj12bot.com/)" "www.ysfine.com"
65.108.128.54 - - [04/Nov/2022:23:38:41 -0700] "GET /ysbio/wdc/eindc05.jpg HTTP/1.1" 200 168467 "-" "Mozilla/5.0 (compatible; MJ12bot/v1.4.8; http://mj12bot.com/)" "www.ysfine.com"
65.108.128.54 - - [04/Nov/2022:23:38:43 -0700] "GET /ysbio/wdc/eindc07.jpg HTTP/1.1" 200 161532 "-" "Mozilla/5.0 (compatible; MJ12bot/v1.4.8; http://mj12bot.com/)" "www.ysfine.com"
65.108.128.54 - - [04/Nov/2022:23:38:45 -0700] "GET /ysbio/wdc/eindc21.jpg HTTP/1.1" 200 110693 "-" "Mozilla/5.0 (compatible; MJ12bot/v1.4.8; http://mj12bot.com/)" "www.ysfine.com"
65.108.128.54 - - [04/Nov/2022:23:38:47 -0700] "GET /ysbio/wdc/eindc22.jpg HTTP/1.1" 200 101376 "-" "Mozilla/5.0 (compatible; MJ12bot/v1.4.8; http://mj12bot.com/)" "www.ysfine.com"
157.55.39.65 - - [04/Nov/2022:23:38:48 -0700] "GET /bio/style/ystyle.html HTTP/1.1" 404 88 "-" "Mozilla/5.0 AppleWebKit/537.36 (KHTML, like Gecko; compatible; bingbot/2.0; +http://www.bing.com/bingbot.htm) Chrome/103.0.5060.134 Safari/537.36" "ysfine.com"
65.108.128.54 - - [04/Nov/2022:23:38:49 -0700] "GET /ysbio/wdc/fedreserv11.jpg HTTP/1.1" 200 133455 "-" "Mozilla/5.0 (compatible; MJ12bot/v1.4.8; http://mj12bot.com/)" "www.ysfine.com"
65.108.128.54 - - [04/Nov/2022:23:38:50 -0700] "GET /ysbio/wdc/fedreserv22.jpg HTTP/1.1" 200 122012 "-" "Mozilla/5.0 (compatible; MJ12bot/v1.4.8; http://mj12bot.com/)" "www.ysfine.com"
40.77.167.68 - - [04/Nov/2022:23:38:51 -0700] "GET /kowar/tanks/sherman52.jpg HTTP/1.1" 200 99286 "-" "Mozilla/5.0 (compatible; bingbot/2.0; +http://www.bing.com/bingbot.htm)" "www.ysfine.com"
65.108.128.54 - - [04/Nov/2022:23:38:53 -0700] "GET /ysbio/wdc/fedreserv33.jpg HTTP/1.1" 200 81476 "-" "Mozilla/5.0 (compatible; MJ12bot/v1.4.8; http://mj12bot.com/)" "www.ysfine.com"
65.108.128.54 - - [04/Nov/2022:23:38:54 -0700] "GET /ysbio/wdc/gtown34.jpg HTTP/1.1" 200 89523 "-" "Mozilla/5.0 (compatible; MJ12bot/v1.4.8; http://mj12bot.com/)" "www.ysfine.com"
65.108.128.54 - - [04/Nov/2022:23:38:56 -0700] "GET /ysbio/wdc/gtown35.jpg HTTP/1.1" 200 108833 "-" "Mozilla/5.0 (compatible; MJ12bot/v1.4.8; http://mj12bot.com/)" "www.ysfine.com"
65.108.128.54 - - [04/Nov/2022:23:38:58 -0700] "GET /ysbio/wdc/gtown37.jpg HTTP/1.1" 200 134468 "-" "Mozilla/5.0 (compatible; MJ12bot/v1.4.8; http://mj12bot.com/)" "www.ysfine.com"
65.108.128.54 - - [04/Nov/2022:23:39:00 -0700] "GET /ysbio/wdc/gtown38.jpg HTTP/1.1" 200 122436 "-" "Mozilla/5.0 (compatible; MJ12bot/v1.4.8; http://mj12bot.com/)" "www.ysfine.com"
65.108.128.54 - - [04/Nov/2022:23:39:02 -0700] "GET /ysbio/wdc/gtown39.jpg HTTP/1.1" 200 89921 "-" "Mozilla/5.0 (compatible; MJ12bot/v1.4.8; http://mj12bot.com/)" "www.ysfine.com"
65.108.128.54 - - [04/Nov/2022:23:39:04 -0700] "GET /ysbio/wdc/gtown44.jpg HTTP/1.1" 200 143028 "-" "Mozilla/5.0 (compatible; MJ12bot/v1.4.8; http://mj12bot.com/)" "www.ysfine.com"
65.108.128.54 - - [04/Nov/2022:23:39:06 -0700] "GET /ysbio/wdc/kennedyc15.jpg HTTP/1.1" 200 79718 "-" "Mozilla/5.0 (compatible; MJ12bot/v1.4.8; http://mj12bot.com/)" "www.ysfine.com"
65.108.128.54 - - [04/Nov/2022:23:39:08 -0700] "GET /ysbio/wdc/kennedyc19.jpg HTTP/1.1" 200 107769 "-" "Mozilla/5.0 (compatible; MJ12bot/v1.4.8; http://mj12bot.com/)" "www.ysfine.com"
65.108.128.54 - - [04/Nov/2022:23:39:10 -0700] "GET /ysbio/wdc/koreaw11.jpg HTTP/1.1" 200 81220 "-" "Mozilla/5.0 (compatible; MJ12bot/v1.4.8; http://mj12bot.com/)" "www.ysfine.com"
51.222.253.8 - - [04/Nov/2022:23:39:10 -0700] "GET /style/stbot.html HTTP/1.1" 200 122 "-" "Mozilla/5.0 (compatible; AhrefsBot/7.0; +http://ahrefs.com/robot/)" "ysfine.com"
20.12.191.74 - - [04/Nov/2022:23:39:11 -0700] "GET /world/brit/oxlon28b.jpg HTTP/1.1" 200 44749 "https://ysfine.com/world/brit" "Mozilla/5.0 (Macintosh; Intel Mac OS X 10_11_6) AppleWebKit/605.1.15 (KHTML, like Gecko) Version/11.1.2 Safari/605.1.15" "ysfine.com"
65.108.128.54 - - [04/Nov/2022:23:39:12 -0700] "GET /ysbio/wdc/lincoln01.jpg HTTP/1.1" 200 45179 "-" "Mozilla/5.0 (compatible; MJ12bot/v1.4.8; http://mj12bot.com/)" "www.ysfine.com"
40.77.167.68 - - [04/Nov/2022:23:39:13 -0700] "GET /world/russ/almaty22.jpg HTTP/1.1" 200 46020 "-" "Mozilla/5.0 (compatible; bingbot/2.0; +http://www.bing.com/bingbot.htm)" "ysfine.com"
40.122.227.201 - - [04/Nov/2022:23:39:13 -0700] "GET /world/hungary/buda076b.jpg HTTP/1.1" 200 55643 "https://www.ysfine.com/world/hungary" "Mozilla/5.0 (iPhone; CPU iPhone OS 13_5_1 like Mac OS X) AppleWebKit/605.1.15 (KHTML, like Gecko) Version/13.1.1 Mobile/15E148 Safari/604.1" "www.ysfine.com"
65.108.128.54 - - [04/Nov/2022:23:39:13 -0700] "GET /ysbio/wdc/marines01.jpg HTTP/1.1" 200 71265 "-" "Mozilla/5.0 (compatible; MJ12bot/v1.4.8; http://mj12bot.com/)" "www.ysfine.com"
65.108.128.54 - - [04/Nov/2022:23:39:15 -0700] "GET /ysbio/wdc/monticello.html HTTP/1.1" 200 302 "-" "Mozilla/5.0 (compatible; MJ12bot/v1.4.8; http://mj12bot.com/)" "www.ysfine.com"
65.108.128.54 - - [04/Nov/2022:23:39:17 -0700] "GET /ysbio/wdc/mydc.html HTTP/1.1" 200 1586 "-" "Mozilla/5.0 (compatible; MJ12bot/v1.4.8; http://mj12bot.com/)" "www.ysfine.com"
157.55.39.76 - - [04/Nov/2022:23:39:17 -0700] "GET /ysbio/style/songs22.html HTTP/1.1" 200 39419 "-" "Mozilla/5.0 (compatible; bingbot/2.0; +http://www.bing.com/bingbot.htm)" "ysfine.com"
65.108.128.54 - - [04/Nov/2022:23:39:19 -0700] "GET /ysbio/wdc/nato11.jpg HTTP/1.1" 200 88461 "-" "Mozilla/5.0 (compatible; MJ12bot/v1.4.8; http://mj12bot.com/)" "www.ysfine.com"
65.108.128.54 - - [04/Nov/2022:23:39:21 -0700] "GET /ysbio/wdc/ncath11.jpg HTTP/1.1" 200 151025 "-" "Mozilla/5.0 (compatible; MJ12bot/v1.4.8; http://mj12bot.com/)" "www.ysfine.com"
65.108.128.54 - - [04/Nov/2022:23:39:23 -0700] "GET /ysbio/wdc/ncath22.jpg HTTP/1.1" 200 178244 "-" "Mozilla/5.0 (compatible; MJ12bot/v1.4.8; http://mj12bot.com/)" "www.ysfine.com"
65.108.128.54 - - [04/Nov/2022:23:39:25 -0700] "GET /ysbio/wdc/ndu11.html HTTP/1.1" 404 88 "-" "Mozilla/5.0 (compatible; MJ12bot/v1.4.8; http://mj12bot.com/)" "www.ysfine.com"
65.108.128.54 - - [04/Nov/2022:23:39:27 -0700] "GET /ysbio/wdc/nga01.jpg HTTP/1.1" 200 157953 "-" "Mozilla/5.0 (compatible; MJ12bot/v1.4.8; http://mj12bot.com/)" "www.ysfine.com"
65.108.128.54 - - [04/Nov/2022:23:39:29 -0700] "GET /ysbio/wdc/nga02.jpg HTTP/1.1" 200 132866 "-" "Mozilla/5.0 (compatible; MJ12bot/v1.4.8; http://mj12bot.com/)" "www.ysfine.com"
65.108.128.54 - - [04/Nov/2022:23:39:31 -0700] "GET /ysbio/wdc/nga03.jpg HTTP/1.1" 200 162296 "-" "Mozilla/5.0 (compatible; MJ12bot/v1.4.8; http://mj12bot.com/)" "www.ysfine.com"
65.108.128.54 - - [04/Nov/2022:23:39:33 -0700] "GET /ysbio/wdc/nga05.jpg HTTP/1.1" 200 87065 "-" "Mozilla/5.0 (compatible; MJ12bot/v1.4.8; http://mj12bot.com/)" "www.ysfine.com"
65.108.128.54 - - [04/Nov/2022:23:39:35 -0700] "GET /ysbio/wdc/nga06.jpg HTTP/1.1" 200 85089 "-" "Mozilla/5.0 (compatible; MJ12bot/v1.4.8; http://mj12bot.com/)" "www.ysfine.com"
65.108.128.54 - - [04/Nov/2022:23:39:37 -0700] "GET /ysbio/wdc/nga07.jpg HTTP/1.1" 200 92170 "-" "Mozilla/5.0 (compatible; MJ12bot/v1.4.8; http://mj12bot.com/)" "www.ysfine.com"
65.108.128.54 - - [04/Nov/2022:23:39:39 -0700] "GET /ysbio/wdc/obelisk11.jpg HTTP/1.1" 200 62738 "-" "Mozilla/5.0 (compatible; MJ12bot/v1.4.8; http://mj12bot.com/)" "www.ysfine.com"
157.55.39.17 - - [04/Nov/2022:23:39:39 -0700] "GET /dirac/licone2.jpg HTTP/1.1" 200 31937 "-" "Mozilla/5.0 (compatible; bingbot/2.0; +http://www.bing.com/bingbot.htm)" "ysfine.com"
65.108.128.54 - - [04/Nov/2022:23:39:41 -0700] "GET /ysbio/wdc/obelisk22.jpg HTTP/1.1" 200 101572 "-" "Mozilla/5.0 (compatible; MJ12bot/v1.4.8; http://mj12bot.com/)" "www.ysfine.com"
65.108.128.54 - - [04/Nov/2022:23:39:43 -0700] "GET /ysbio/wdc/obelisk33.jpg HTTP/1.1" 200 100205 "-" "Mozilla/5.0 (compatible; MJ12bot/v1.4.8; http://mj12bot.com/)" "www.ysfine.com"
65.108.128.54 - - [04/Nov/2022:23:39:45 -0700] "GET /ysbio/wdc/obelisk44.jpg HTTP/1.1" 200 85775 "-" "Mozilla/5.0 (compatible; MJ12bot/v1.4.8; http://mj12bot.com/)" "www.ysfine.com"
65.108.128.54 - - [04/Nov/2022:23:39:47 -0700] "GET /ysbio/wdc/pershing11.jpg HTTP/1.1" 200 112062 "-" "Mozilla/5.0 (compatible; MJ12bot/v1.4.8; http://mj12bot.com/)" "www.ysfine.com"
65.108.128.54 - - [04/Nov/2022:23:39:49 -0700] "GET /ysbio/wdc/pulaski01.jpg HTTP/1.1" 200 281060 "-" "Mozilla/5.0 (compatible; MJ12bot/v1.4.8; http://mj12bot.com/)" "www.ysfine.com"
65.108.128.54 - - [04/Nov/2022:23:39:51 -0700] "GET /ysbio/wdc/reagan11.jpg HTTP/1.1" 200 94435 "-" "Mozilla/5.0 (compatible; MJ12bot/v1.4.8; http://mj12bot.com/)" "www.ysfine.com"
65.108.128.54 - - [04/Nov/2022:23:39:53 -0700] "GET /ysbio/wdc/reagan22.jpg HTTP/1.1" 200 96885 "-" "Mozilla/5.0 (compatible; MJ12bot/v1.4.8; http://mj12bot.com/)" "www.ysfine.com"
65.108.128.54 - - [04/Nov/2022:23:39:55 -0700] "GET /ysbio/wdc/reagan33.jpg HTTP/1.1" 200 69130 "-" "Mozilla/5.0 (compatible; MJ12bot/v1.4.8; http://mj12bot.com/)" "www.ysfine.com"
157.55.39.76 - - [04/Nov/2022:23:39:55 -0700] "GET /style/monet03.jpg HTTP/1.1" 200 212069 "-" "Mozilla/5.0 (compatible; bingbot/2.0; +http://www.bing.com/bingbot.htm)" "ysfine.com"
65.108.128.54 - - [04/Nov/2022:23:39:56 -0700] "GET /ysbio/wdc/reagan44.jpg HTTP/1.1" 200 90641 "-" "Mozilla/5.0 (compatible; MJ12bot/v1.4.8; http://mj12bot.com/)" "www.ysfine.com"
157.55.39.76 - - [04/Nov/2022:23:40:38 -0700] "GET /bio/awards/marq.html HTTP/1.1" 404 88 "-" "Mozilla/5.0 (compatible; bingbot/2.0; +http://www.bing.com/bingbot.htm)" "ysfine.com"
40.122.230.188 - - [04/Nov/2022:23:41:18 -0700] "GET /style/cameras/vernon04c.jpg HTTP/1.1" 200 44603 "https://ysfine.com/style/cameras" "Mozilla/5.0 (Linux; Android 10; SM-G960U) AppleWebKit/537.36 (KHTML, like Gecko) Chrome/88.0.4324.181 Mobile Safari/537.36" "ysfine.com"
13.67.224.12 - - [04/Nov/2022:23:41:45 -0700] "GET /maga/phys/bohr22b.jpg HTTP/1.1" 200 31482 "https://ysfine.com/maga/phys" "Mozilla/5.0 (Macintosh; Intel Mac OS X 10_11_6) AppleWebKit/605.1.15 (KHTML, like Gecko) Version/11.1.2 Safari/605.1.15" "ysfine.com"
40.77.167.68 - - [04/Nov/2022:23:41:52 -0700] "GET /style/rieu02b.jpg HTTP/1.1" 200 52217 "-" "Mozilla/5.0 (compatible; bingbot/2.0; +http://www.bing.com/bingbot.htm)" "ysfine.com"
40.77.167.71 - - [04/Nov/2022:23:41:56 -0700] "GET /bio/bio10.html HTTP/1.1" 404 88 "-" "Mozilla/5.0 AppleWebKit/537.36 (KHTML, like Gecko; compatible; bingbot/2.0; +http://www.bing.com/bingbot.htm) Chrome/103.0.5060.134 Safari/537.36" "ysfine.com"
77.88.5.46 - - [04/Nov/2022:23:41:57 -0700] "GET /robots.txt HTTP/1.1" 404 73 "-" "Mozilla/5.0 (compatible; YandexBot/3.0; +http://yandex.com/bots)" "www.ysfine.com"
77.88.5.46 - - [04/Nov/2022:23:42:00 -0700] "GET /ffriends/polandf.html HTTP/1.1" 404 88 "-" "Mozilla/5.0 (compatible; YandexBot/3.0; +http://yandex.com/bots)" "www.ysfine.com"
180.190.44.70 - - [04/Nov/2022:23:42:02 -0700] "GET /feynman/standardmo01.jpg HTTP/1.1" 200 94736 "https://ph.images.search.yahoo.com/search/images;_ylt=AwrKDmqoBWZjzG0JdRyzRwx.;_ylu=Y29sbwNzZzMEcG9zAzEEdnRpZAMEc2VjA3BpdnM-?p=quark+model&fr2=piv-web&type=E210PH91215G0&fr=mcafee" "Mozilla/5.0 (Windows NT 10.0; Win64; x64) AppleWebKit/537.36 (KHTML, like Gecko) Chrome/107.0.0.0 Safari/537.36" "www.ysfine.com"
40.77.51.86 - - [04/Nov/2022:23:42:17 -0700] "GET /people/towhee2.jpg HTTP/1.1" 200 32584 "https://ysfine.com/people" "Mozilla/5.0 (Windows NT 10.0; Win64; x64) AppleWebKit/537.36 (KHTML, like Gecko) Chrome/74.0.3729.157 Safari/537.36" "ysfine.com"
157.55.39.76 - - [04/Nov/2022:23:42:25 -0700] "GET /sbk/2003ff.jpg HTTP/1.1" 200 154874 "-" "Mozilla/5.0 AppleWebKit/537.36 (KHTML, like Gecko; compatible; bingbot/2.0; +http://www.bing.com/bingbot.htm) Chrome/103.0.5060.134 Safari/537.36" "ysfine.com"
40.77.167.68 - - [04/Nov/2022:23:42:32 -0700] "GET /world/brit/picca24.jpg HTTP/1.1" 200 86563 "-" "Mozilla/5.0 (compatible; bingbot/2.0; +http://www.bing.com/bingbot.htm)" "ysfine.com"
20.109.241.82 - - [04/Nov/2022:23:42:33 -0700] "GET /world/ital/tdlee01b.jpg HTTP/1.1" 200 37170 "http://ysfine.com/world/ital" "Mozilla/5.0 (Linux; Android 10; SM-G960U) AppleWebKit/537.36 (KHTML, like Gecko) Chrome/88.0.4324.181 Mobile Safari/537.36" "ysfine.com"
13.67.224.12 - - [04/Nov/2022:23:42:33 -0700] "GET /newyork/battery37b.jpg HTTP/1.1" 200 48402 "http://ysfine.com/newyork" "Mozilla/5.0 (Windows NT 10.0; Win64; x64) AppleWebKit/537.36 (KHTML, like Gecko) Chrome/74.0.3729.157 Safari/537.36" "ysfine.com"
40.86.101.165 - - [04/Nov/2022:23:42:43 -0700] "GET /kowar/ningen01b.jpg HTTP/1.1" 200 41414 "http://ysfine.com/kowar" "Mozilla/5.0 (iPhone; CPU iPhone OS 13_5_1 like Mac OS X) AppleWebKit/605.1.15 (KHTML, like Gecko) Version/13.1.1 Mobile/15E148 Safari/604.1" "ysfine.com"
157.55.39.17 - - [04/Nov/2022:23:43:21 -0700] "GET /world/china/shanghai001.jpg HTTP/1.1" 200 99793 "-" "Mozilla/5.0 (compatible; bingbot/2.0; +http://www.bing.com/bingbot.htm)" "ysfine.com"
20.29.110.170 - - [04/Nov/2022:23:43:59 -0700] "GET /einstein/heisen66b.jpg HTTP/1.1" 200 37238 "http://ysfine.com/einstein" "Mozilla/5.0 (Windows NT 10.0; Win64; x64) AppleWebKit/537.36 (KHTML, like Gecko) Chrome/74.0.3729.157 Safari/537.36" "ysfine.com"
40.77.167.68 - - [04/Nov/2022:23:44:22 -0700] "GET /bio/kobak/soraech.html HTTP/1.1" 404 88 "-" "Mozilla/5.0 (compatible; bingbot/2.0; +http://www.bing.com/bingbot.htm)" "ysfine.com"
216.244.66.229 - - [04/Nov/2022:23:44:48 -0700] "GET /robots.txt HTTP/1.1" 404 73 "-" "Mozilla/5.0 (compatible; DotBot/1.2; +https://opensiteexplorer.org/dotbot; help@moz.com)" "www.ysfine.com"
40.86.101.164 - - [04/Nov/2022:23:44:51 -0700] "GET /kobak/samsung11c.jpg HTTP/1.1" 200 34928 "https://ysfine.com/kobak" "Mozilla/5.0 (X11; Linux x86_64) AppleWebKit/537.36 (KHTML, like Gecko) Chrome/74.0.3729.169 Safari/537.36" "ysfine.com"
20.109.241.98 - - [04/Nov/2022:23:45:02 -0700] "GET /usca/pitt/westim03b.jpg HTTP/1.1" 200 45776 "https://ysfine.com/usca/pitt" "Mozilla/5.0 (iPhone; CPU iPhone OS 13_5_1 like Mac OS X) AppleWebKit/605.1.15 (KHTML, like Gecko) Version/13.1.1 Mobile/15E148 Safari/604.1" "ysfine.com"
173.73.77.36 - - [04/Nov/2022:23:45:28 -0700] "GET /yspapers/index.html HTTP/1.1" 200 21306 "https://www.bing.com/" "Mozilla/5.0 (Windows NT 10.0; Win64; x64; rv:106.0) Gecko/20100101 Firefox/106.0" "www.ysfine.com"
173.73.77.36 - - [04/Nov/2022:23:45:28 -0700] "GET /yspapers/iop21c.jpg HTTP/1.1" 200 30227 "https://www.ysfine.com/yspapers/index.html" "Mozilla/5.0 (Windows NT 10.0; Win64; x64; rv:106.0) Gecko/20100101 Firefox/106.0" "www.ysfine.com"
173.73.77.36 - - [04/Nov/2022:23:45:28 -0700] "GET /awards/eward33f.jpg HTTP/1.1" 200 86617 "https://www.ysfine.com/yspapers/index.html" "Mozilla/5.0 (Windows NT 10.0; Win64; x64; rv:106.0) Gecko/20100101 Firefox/106.0" "www.ysfine.com"
173.73.77.36 - - [04/Nov/2022:23:45:28 -0700] "GET /yspapers/hosc2by2c.jpg HTTP/1.1" 200 34523 "https://www.ysfine.com/yspapers/index.html" "Mozilla/5.0 (Windows NT 10.0; Win64; x64; rv:106.0) Gecko/20100101 Firefox/106.0" "www.ysfine.com"
173.73.77.36 - - [04/Nov/2022:23:45:28 -0700] "GET /yspapers/comet30f.jpg HTTP/1.1" 200 93087 "https://www.ysfine.com/yspapers/index.html" "Mozilla/5.0 (Windows NT 10.0; Win64; x64; rv:106.0) Gecko/20100101 Firefox/106.0" "www.ysfine.com"
173.73.77.36 - - [04/Nov/2022:23:45:28 -0700] "GET /princeton/yspr61c.jpg HTTP/1.1" 200 27257 "https://www.ysfine.com/yspapers/index.html" "Mozilla/5.0 (Windows NT 10.0; Win64; x64; rv:106.0) Gecko/20100101 Firefox/106.0" "www.ysfine.com"
173.73.77.36 - - [04/Nov/2022:23:45:28 -0700] "GET /yspapers/restof11f.jpg HTTP/1.1" 200 65553 "https://www.ysfine.com/yspapers/index.html" "Mozilla/5.0 (Windows NT 10.0; Win64; x64; rv:106.0) Gecko/20100101 Firefox/106.0" "www.ysfine.com"
173.73.77.36 - - [04/Nov/2022:23:45:28 -0700] "GET /dirac/dirac63c.jpg HTTP/1.1" 200 29237 "https://www.ysfine.com/yspapers/index.html" "Mozilla/5.0 (Windows NT 10.0; Win64; x64; rv:106.0) Gecko/20100101 Firefox/106.0" "www.ysfine.com"
173.73.77.36 - - [04/Nov/2022:23:45:28 -0700] "GET /yspapers/ewk11c.jpg HTTP/1.1" 200 47514 "https://www.ysfine.com/yspapers/index.html" "Mozilla/5.0 (Windows NT 10.0; Win64; x64; rv:106.0) Gecko/20100101 Firefox/106.0" "www.ysfine.com"
173.73.77.36 - - [04/Nov/2022:23:45:28 -0700] "GET /awards/timessq33f.jpg HTTP/1.1" 200 171855 "https://www.ysfine.com/yspapers/index.html" "Mozilla/5.0 (Windows NT 10.0; Win64; x64; rv:106.0) Gecko/20100101 Firefox/106.0" "www.ysfine.com"
173.73.77.36 - - [04/Nov/2022:23:45:28 -0700] "GET /yspapers/psphere11c.jpg HTTP/1.1" 200 29352 "https://www.ysfine.com/yspapers/index.html" "Mozilla/5.0 (Windows NT 10.0; Win64; x64; rv:106.0) Gecko/20100101 Firefox/106.0" "www.ysfine.com"
173.73.77.36 - - [04/Nov/2022:23:45:28 -0700] "GET /yspapers/iop15cc.jpg HTTP/1.1" 200 18741 "https://www.ysfine.com/yspapers/index.html" "Mozilla/5.0 (Windows NT 10.0; Win64; x64; rv:106.0) Gecko/20100101 Firefox/106.0" "www.ysfine.com"
173.73.77.36 - - [04/Nov/2022:23:45:28 -0700] "GET /home/canal11c.jpg HTTP/1.1" 200 31848 "https://www.ysfine.com/yspapers/index.html" "Mozilla/5.0 (Windows NT 10.0; Win64; x64; rv:106.0) Gecko/20100101 Firefox/106.0" "www.ysfine.com"
173.73.77.36 - - [04/Nov/2022:23:45:28 -0700] "GET /yspapers/emcbirth77c.jpg HTTP/1.1" 200 27922 "https://www.ysfine.com/yspapers/index.html" "Mozilla/5.0 (Windows NT 10.0; Win64; x64; rv:106.0) Gecko/20100101 Firefox/106.0" "www.ysfine.com"
173.73.77.36 - - [04/Nov/2022:23:45:28 -0700] "GET /kobak/taylor33c.jpg HTTP/1.1" 200 39951 "https://www.ysfine.com/yspapers/index.html" "Mozilla/5.0 (Windows NT 10.0; Win64; x64; rv:106.0) Gecko/20100101 Firefox/106.0" "www.ysfine.com"
173.73.77.36 - - [04/Nov/2022:23:45:28 -0700] "GET /yspapers/gauge33c.jpg HTTP/1.1" 200 22977 "https://www.ysfine.com/yspapers/index.html" "Mozilla/5.0 (Windows NT 10.0; Win64; x64; rv:106.0) Gecko/20100101 Firefox/106.0" "www.ysfine.com"
173.73.77.36 - - [04/Nov/2022:23:45:28 -0700] "GET /yspapers/wsj21c.jpg HTTP/1.1" 200 39468 "https://www.ysfine.com/yspapers/index.html" "Mozilla/5.0 (Windows NT 10.0; Win64; x64; rv:106.0) Gecko/20100101 Firefox/106.0" "www.ysfine.com"
173.73.77.36 - - [04/Nov/2022:23:45:28 -0700] "GET /yspapers/einbohr55c.jpg HTTP/1.1" 200 34145 "https://www.ysfine.com/yspapers/index.html" "Mozilla/5.0 (Windows NT 10.0; Win64; x64; rv:106.0) Gecko/20100101 Firefox/106.0" "www.ysfine.com"
173.73.77.36 - - [04/Nov/2022:23:45:28 -0700] "GET /yspapers/eintao22c.jpg HTTP/1.1" 200 34310 "https://www.ysfine.com/yspapers/index.html" "Mozilla/5.0 (Windows NT 10.0; Win64; x64; rv:106.0) Gecko/20100101 Firefox/106.0" "www.ysfine.com"
173.73.77.36 - - [04/Nov/2022:23:45:28 -0700] "GET /yspapers/eintao77c.jpg HTTP/1.1" 200 45084 "https://www.ysfine.com/yspapers/index.html" "Mozilla/5.0 (Windows NT 10.0; Win64; x64; rv:106.0) Gecko/20100101 Firefox/106.0" "www.ysfine.com"
173.73.77.36 - - [04/Nov/2022:23:45:28 -0700] "GET /yspapers/sincos88f.jpg HTTP/1.1" 200 43677 "https://www.ysfine.com/yspapers/index.html" "Mozilla/5.0 (Windows NT 10.0; Win64; x64; rv:106.0) Gecko/20100101 Firefox/106.0" "www.ysfine.com"
173.73.77.36 - - [04/Nov/2022:23:45:28 -0700] "GET /yspapers/fortune21f.jpg HTTP/1.1" 200 131858 "https://www.ysfine.com/yspapers/index.html" "Mozilla/5.0 (Windows NT 10.0; Win64; x64; rv:106.0) Gecko/20100101 Firefox/106.0" "www.ysfine.com"
173.73.77.36 - - [04/Nov/2022:23:45:28 -0700] "GET /yspapers/pdugard17f.jpg HTTP/1.1" 200 134164 "https://www.ysfine.com/yspapers/index.html" "Mozilla/5.0 (Windows NT 10.0; Win64; x64; rv:106.0) Gecko/20100101 Firefox/106.0" "www.ysfine.com"
173.73.77.36 - - [04/Nov/2022:23:45:28 -0700] "GET /yspapers/feyfirm03c.jpg HTTP/1.1" 200 32880 "https://www.ysfine.com/yspapers/index.html" "Mozilla/5.0 (Windows NT 10.0; Win64; x64; rv:106.0) Gecko/20100101 Firefox/106.0" "www.ysfine.com"
173.73.77.36 - - [04/Nov/2022:23:45:28 -0700] "GET /yspapers/coupo02c.jpg HTTP/1.1" 200 42609 "https://www.ysfine.com/yspapers/index.html" "Mozilla/5.0 (Windows NT 10.0; Win64; x64; rv:106.0) Gecko/20100101 Firefox/106.0" "www.ysfine.com"
173.73.77.36 - - [04/Nov/2022:23:45:28 -0700] "GET /yspapers/resonance33c.jpg HTTP/1.1" 200 31778 "https://www.ysfine.com/yspapers/index.html" "Mozilla/5.0 (Windows NT 10.0; Win64; x64; rv:106.0) Gecko/20100101 Firefox/106.0" "www.ysfine.com"
173.73.77.36 - - [04/Nov/2022:23:45:28 -0700] "GET /home/truck/truck20c.jpg HTTP/1.1" 200 29999 "https://www.ysfine.com/yspapers/index.html" "Mozilla/5.0 (Windows NT 10.0; Win64; x64; rv:106.0) Gecko/20100101 Firefox/106.0" "www.ysfine.com"
173.73.77.36 - - [04/Nov/2022:23:45:28 -0700] "GET /yspapers/quapar55c.jpg HTTP/1.1" 200 49178 "https://www.ysfine.com/yspapers/index.html" "Mozilla/5.0 (Windows NT 10.0; Win64; x64; rv:106.0) Gecko/20100101 Firefox/106.0" "www.ysfine.com"
173.73.77.36 - - [04/Nov/2022:23:45:28 -0700] "GET /yspapers/iop19c.jpg HTTP/1.1" 200 40220 "https://www.ysfine.com/yspapers/index.html" "Mozilla/5.0 (Windows NT 10.0; Win64; x64; rv:106.0) Gecko/20100101 Firefox/106.0" "www.ysfine.com"
173.73.77.36 - - [04/Nov/2022:23:45:28 -0700] "GET /yspapers/isomor77f.jpg HTTP/1.1" 200 76971 "https://www.ysfine.com/yspapers/index.html" "Mozilla/5.0 (Windows NT 10.0; Win64; x64; rv:106.0) Gecko/20100101 Firefox/106.0" "www.ysfine.com"
173.73.77.36 - - [04/Nov/2022:23:45:28 -0700] "GET /yspapers/evol77c.jpg HTTP/1.1" 200 52015 "https://www.ysfine.com/yspapers/index.html" "Mozilla/5.0 (Windows NT 10.0; Win64; x64; rv:106.0) Gecko/20100101 Firefox/106.0" "www.ysfine.com"
173.73.77.36 - - [04/Nov/2022:23:45:28 -0700] "GET /yspapers/cover22c.jpg HTTP/1.1" 200 27008 "https://www.ysfine.com/yspapers/index.html" "Mozilla/5.0 (Windows NT 10.0; Win64; x64; rv:106.0) Gecko/20100101 Firefox/106.0" "www.ysfine.com"
173.73.77.36 - - [04/Nov/2022:23:45:28 -0700] "GET /awards/iaotp/top21c.jpg HTTP/1.1" 200 49015 "https://www.ysfine.com/yspapers/index.html" "Mozilla/5.0 (Windows NT 10.0; Win64; x64; rv:106.0) Gecko/20100101 Firefox/106.0" "www.ysfine.com"
173.73.77.36 - - [04/Nov/2022:23:45:28 -0700] "GET /yspapers/qboil17f.jpg HTTP/1.1" 200 39480 "https://www.ysfine.com/yspapers/index.html" "Mozilla/5.0 (Windows NT 10.0; Win64; x64; rv:106.0) Gecko/20100101 Firefox/106.0" "www.ysfine.com"
173.73.77.36 - - [04/Nov/2022:23:45:28 -0700] "GET /yspapers/feynrio55c.jpg HTTP/1.1" 200 55222 "https://www.ysfine.com/yspapers/index.html" "Mozilla/5.0 (Windows NT 10.0; Win64; x64; rv:106.0) Gecko/20100101 Firefox/106.0" "www.ysfine.com"
173.73.77.36 - - [04/Nov/2022:23:45:28 -0700] "GET /yspapers/restof05c.jpg HTTP/1.1" 200 21825 "https://www.ysfine.com/yspapers/index.html" "Mozilla/5.0 (Windows NT 10.0; Win64; x64; rv:106.0) Gecko/20100101 Firefox/106.0" "www.ysfine.com"
173.73.77.36 - - [04/Nov/2022:23:45:28 -0700] "GET /feynman/feybongo77c.jpg HTTP/1.1" 200 25947 "https://www.ysfine.com/yspapers/index.html" "Mozilla/5.0 (Windows NT 10.0; Win64; x64; rv:106.0) Gecko/20100101 Firefox/106.0" "www.ysfine.com"
173.73.77.36 - - [04/Nov/2022:23:45:28 -0700] "GET /dirac/2osc22c.jpg HTTP/1.1" 200 28929 "https://www.ysfine.com/yspapers/index.html" "Mozilla/5.0 (Windows NT 10.0; Win64; x64; rv:106.0) Gecko/20100101 Firefox/106.0" "www.ysfine.com"
173.73.77.36 - - [04/Nov/2022:23:45:28 -0700] "GET /yspapers/eucylin55c.jpg HTTP/1.1" 200 41051 "https://www.ysfine.com/yspapers/index.html" "Mozilla/5.0 (Windows NT 10.0; Win64; x64; rv:106.0) Gecko/20100101 Firefox/106.0" "www.ysfine.com"
173.73.77.36 - - [04/Nov/2022:23:45:28 -0700] "GET /yspapers/isomor88f.jpg HTTP/1.1" 200 87213 "https://www.ysfine.com/yspapers/index.html" "Mozilla/5.0 (Windows NT 10.0; Win64; x64; rv:106.0) Gecko/20100101 Firefox/106.0" "www.ysfine.com"
173.73.77.36 - - [04/Nov/2022:23:45:28 -0700] "GET /yspapers/sq33f.jpg HTTP/1.1" 200 78266 "https://www.ysfine.com/yspapers/index.html" "Mozilla/5.0 (Windows NT 10.0; Win64; x64; rv:106.0) Gecko/20100101 Firefox/106.0" "www.ysfine.com"
173.73.77.36 - - [04/Nov/2022:23:45:28 -0700] "GET /yspapers/tollwig11c.jpg HTTP/1.1" 200 28195 "https://www.ysfine.com/yspapers/index.html" "Mozilla/5.0 (Windows NT 10.0; Win64; x64; rv:106.0) Gecko/20100101 Firefox/106.0" "www.ysfine.com"
173.73.77.36 - - [04/Nov/2022:23:45:28 -0700] "GET /yspapers/sp2c.jpg HTTP/1.1" 200 29079 "https://www.ysfine.com/yspapers/index.html" "Mozilla/5.0 (Windows NT 10.0; Win64; x64; rv:106.0) Gecko/20100101 Firefox/106.0" "www.ysfine.com"
173.73.77.36 - - [04/Nov/2022:23:45:28 -0700] "GET /yspapers/shear11c.jpg HTTP/1.1" 200 27291 "https://www.ysfine.com/yspapers/index.html" "Mozilla/5.0 (Windows NT 10.0; Win64; x64; rv:106.0) Gecko/20100101 Firefox/106.0" "www.ysfine.com"
173.73.77.36 - - [04/Nov/2022:23:45:28 -0700] "GET /yspapers/wiglunch91c.jpg HTTP/1.1" 200 59941 "https://www.ysfine.com/yspapers/index.html" "Mozilla/5.0 (Windows NT 10.0; Win64; x64; rv:106.0) Gecko/20100101 Firefox/106.0" "www.ysfine.com"
173.73.77.36 - - [04/Nov/2022:23:45:28 -0700] "GET /yspapers/sq73c.jpg HTTP/1.1" 200 38604 "https://www.ysfine.com/yspapers/index.html" "Mozilla/5.0 (Windows NT 10.0; Win64; x64; rv:106.0) Gecko/20100101 Firefox/106.0" "www.ysfine.com"
173.73.77.36 - - [04/Nov/2022:23:45:28 -0700] "GET /yspapers/synthes11c.jpg HTTP/1.1" 200 36202 "https://www.ysfine.com/yspapers/index.html" "Mozilla/5.0 (Windows NT 10.0; Win64; x64; rv:106.0) Gecko/20100101 Firefox/106.0" "www.ysfine.com"
173.73.77.36 - - [04/Nov/2022:23:45:28 -0700] "GET /yspapers/neupol01c.jpg HTTP/1.1" 200 27087 "https://www.ysfine.com/yspapers/index.html" "Mozilla/5.0 (Windows NT 10.0; Win64; x64; rv:106.0) Gecko/20100101 Firefox/106.0" "www.ysfine.com"
173.73.77.36 - - [04/Nov/2022:23:45:28 -0700] "GET /eink/pwk19c.jpg HTTP/1.1" 200 57759 "https://www.ysfine.com/yspapers/index.html" "Mozilla/5.0 (Windows NT 10.0; Win64; x64; rv:106.0) Gecko/20100101 Firefox/106.0" "www.ysfine.com"
173.73.77.36 - - [04/Nov/2022:23:45:28 -0700] "GET /yspapers/parton66f.jpg HTTP/1.1" 200 85165 "https://www.ysfine.com/yspapers/index.html" "Mozilla/5.0 (Windows NT 10.0; Win64; x64; rv:106.0) Gecko/20100101 Firefox/106.0" "www.ysfine.com"
40.77.167.27 - - [04/Nov/2022:23:45:29 -0700] "GET /bio/style/proschanie.html HTTP/1.1" 404 88 "-" "Mozilla/5.0 (compatible; bingbot/2.0; +http://www.bing.com/bingbot.htm)" "ysfine.com"
173.73.77.36 - - [04/Nov/2022:23:45:30 -0700] "GET /favicon.ico HTTP/1.1" 404 88 "https://www.ysfine.com/yspapers/index.html" "Mozilla/5.0 (Windows NT 10.0; Win64; x64; rv:106.0) Gecko/20100101 Firefox/106.0" "www.ysfine.com"
40.77.167.68 - - [04/Nov/2022:23:45:43 -0700] "GET /bio/einstein/ulm.html HTTP/1.1" 404 88 "-" "Mozilla/5.0 (compatible; bingbot/2.0; +http://www.bing.com/bingbot.htm)" "ysfine.com"
20.106.27.209 - - [04/Nov/2022:23:45:44 -0700] "GET /wdc/whouse02b.jpg HTTP/1.1" 200 30118 "https://ysfine.com/wdc" "Mozilla/5.0 (iPhone; CPU iPhone OS 13_5_1 like Mac OS X) AppleWebKit/605.1.15 (KHTML, like Gecko) Version/13.1.1 Mobile/15E148 Safari/604.1" "ysfine.com"
40.77.167.68 - - [04/Nov/2022:23:46:02 -0700] "GET /sbk/2012fam22.jpg HTTP/1.1" 200 117299 "-" "Mozilla/5.0 (compatible; bingbot/2.0; +http://www.bing.com/bingbot.htm)" "www.ysfine.com"
20.12.191.72 - - [04/Nov/2022:23:46:11 -0700] "GET /world/china/hangz02b.jpg HTTP/1.1" 200 33785 "https://www.ysfine.com/world/china" "Mozilla/5.0 (Macintosh; Intel Mac OS X 10_11_6) AppleWebKit/605.1.15 (KHTML, like Gecko) Version/11.1.2 Safari/605.1.15" "www.ysfine.com"
106.197.107.234 - - [04/Nov/2022:23:46:23 -0700] "GET /kobak/sl629.jpg HTTP/1.1" 200 141503 "https://www.google.com/" "Mozilla/5.0 (Windows NT 6.3; Win64; x64) AppleWebKit/537.36 (KHTML, like Gecko) Chrome/107.0.0.0 Safari/537.36" "ysfine.com"
40.77.167.71 - - [04/Nov/2022:23:46:32 -0700] "GET /world/germany/hofbrau33.jpg HTTP/1.1" 200 97307 "-" "Mozilla/5.0 AppleWebKit/537.36 (KHTML, like Gecko; compatible; bingbot/2.0; +http://www.bing.com/bingbot.htm) Chrome/103.0.5060.134 Safari/537.36" "www.ysfine.com"
157.55.39.17 - - [04/Nov/2022:23:46:41 -0700] "GET /bio/awards/iao.html HTTP/1.1" 404 88 "-" "Mozilla/5.0 (compatible; bingbot/2.0; +http://www.bing.com/bingbot.htm)" "ysfine.com"
20.29.111.248 - - [04/Nov/2022:23:46:44 -0700] "GET /style/trouba11b.jpg HTTP/1.1" 200 33528 "https://ysfine.com/style" "Mozilla/5.0 (Macintosh; Intel Mac OS X 10_11_6) AppleWebKit/605.1.15 (KHTML, like Gecko) Version/11.1.2 Safari/605.1.15" "ysfine.com"
173.73.77.36 - - [04/Nov/2022:23:47:01 -0700] "GET /ysbio/bio03.html HTTP/1.1" 304 - "-" "Mozilla/5.0 (Windows NT 10.0; Win64; x64; rv:106.0) Gecko/20100101 Firefox/106.0" "www.ysfine.com"
173.73.77.36 - - [04/Nov/2022:23:47:02 -0700] "GET /ysbio/pungsin11f.jpg HTTP/1.1" 200 68536 "https://www.ysfine.com/ysbio/bio03.html" "Mozilla/5.0 (Windows NT 10.0; Win64; x64; rv:106.0) Gecko/20100101 Firefox/106.0" "www.ysfine.com"
40.77.167.71 - - [04/Nov/2022:23:48:22 -0700] "GET /eink/learn22d.jpg HTTP/1.1" 200 34412 "-" "Mozilla/5.0 AppleWebKit/537.36 (KHTML, like Gecko; compatible; bingbot/2.0; +http://www.bing.com/bingbot.htm) Chrome/103.0.5060.134 Safari/537.36" "ysfine.com"
20.29.110.169 - - [04/Nov/2022:23:48:25 -0700] "GET /friends/aline/alitalia11b.jpg HTTP/1.1" 404 88 "http://ysfine.com/friends/aline" "Mozilla/5.0 (X11; Linux x86_64) AppleWebKit/537.36 (KHTML, like Gecko) Chrome/74.0.3729.169 Safari/537.36" "ysfine.com"
40.122.227.201 - - [04/Nov/2022:23:48:29 -0700] "GET /style/musee/britmu09b.jpg HTTP/1.1" 200 45628 "https://ysfine.com/style/musee" "Mozilla/5.0 (Windows NT 10.0; Win64; x64) AppleWebKit/537.36 (KHTML, like Gecko) Chrome/74.0.3729.157 Safari/537.36" "ysfine.com"
40.122.195.128 - - [04/Nov/2022:23:48:30 -0700] "GET /world/ital/vicenza29b.jpg HTTP/1.1" 200 42381 "http://ysfine.com/world/ital" "Mozilla/5.0 (Windows NT 10.0; Win64; x64) AppleWebKit/537.36 (KHTML, like Gecko) Chrome/74.0.3729.157 Safari/537.36" "ysfine.com"
157.55.39.17 - - [04/Nov/2022:23:48:31 -0700] "GET /ysbio/dirac/dirfeyn22.html HTTP/1.1" 200 2329 "-" "Mozilla/5.0 AppleWebKit/537.36 (KHTML, like Gecko; compatible; bingbot/2.0; +http://www.bing.com/bingbot.htm) Chrome/103.0.5060.134 Safari/537.36" "ysfine.com"
157.55.39.76 - - [04/Nov/2022:23:48:50 -0700] "GET /bio/bio07.html HTTP/1.1" 404 88 "-" "Mozilla/5.0 (compatible; bingbot/2.0; +http://www.bing.com/bingbot.htm)" "ysfine.com"
157.55.39.17 - - [04/Nov/2022:23:48:55 -0700] "GET /bio/einstein/bern.html HTTP/1.1" 404 88 "-" "Mozilla/5.0 (compatible; bingbot/2.0; +http://www.bing.com/bingbot.htm)" "ysfine.com"
40.77.167.68 - - [04/Nov/2022:23:49:03 -0700] "GET /ysbio/world/berlin.html HTTP/1.1" 200 16173 "-" "Mozilla/5.0 AppleWebKit/537.36 (KHTML, like Gecko; compatible; bingbot/2.0; +http://www.bing.com/bingbot.htm) Chrome/103.0.5060.134 Safari/537.36" "ysfine.com"
40.77.167.71 - - [04/Nov/2022:23:49:32 -0700] "GET /world/baltic/riga57b.jpg HTTP/1.1" 200 34801 "-" "Mozilla/5.0 (compatible; bingbot/2.0; +http://www.bing.com/bingbot.htm)" "ysfine.com"
40.77.167.71 - - [04/Nov/2022:23:49:33 -0700] "GET /usca/pitt/syriamos55.jpg HTTP/1.1" 200 383192 "-" "Mozilla/5.0 (compatible; bingbot/2.0; +http://www.bing.com/bingbot.htm)" "www.ysfine.com"
40.77.51.84 - - [04/Nov/2022:23:49:51 -0700] "GET /usca/pitt/fortpitt06b.jpg HTTP/1.1" 200 52725 "http://ysfine.com/usca/pitt" "Mozilla/5.0 (Macintosh; Intel Mac OS X 10_11_6) AppleWebKit/605.1.15 (KHTML, like Gecko) Version/11.1.2 Safari/605.1.15" "ysfine.com"
51.222.253.8 - - [04/Nov/2022:23:49:59 -0700] "GET /ysbio/kobak/index.html HTTP/1.1" 200 130 "-" "Mozilla/5.0 (compatible; AhrefsBot/7.0; +http://ahrefs.com/robot/)" "ysfine.com"
40.77.167.71 - - [04/Nov/2022:23:50:44 -0700] "GET /bio/genea.html HTTP/1.1" 404 88 "-" "Mozilla/5.0 (compatible; bingbot/2.0; +http://www.bing.com/bingbot.htm)" "ysfine.com"
40.77.167.71 - - [04/Nov/2022:23:50:45 -0700] "GET /wigner/michel.jpg HTTP/1.1" 200 80621 "-" "Mozilla/5.0 (compatible; bingbot/2.0; +http://www.bing.com/bingbot.htm)" "ysfine.com"
40.77.167.71 - - [04/Nov/2022:23:50:52 -0700] "GET /world/poland/gdn33.jpg HTTP/1.1" 200 123846 "-" "Mozilla/5.0 AppleWebKit/537.36 (KHTML, like Gecko; compatible; bingbot/2.0; +http://www.bing.com/bingbot.htm) Chrome/103.0.5060.134 Safari/537.36" "ysfine.com"
40.77.167.27 - - [04/Nov/2022:23:50:59 -0700] "GET /world/france/stras02.jpg HTTP/1.1" 200 153807 "-" "Mozilla/5.0 (compatible; bingbot/2.0; +http://www.bing.com/bingbot.htm)" "ysfine.com"
173.73.77.36 - - [04/Nov/2022:23:51:05 -0700] "GET /home/yshome.html HTTP/1.1" 304 - "-" "Mozilla/5.0 (Windows NT 10.0; Win64; x64) AppleWebKit/537.36 (KHTML, like Gecko) Chrome/107.0.0.0 Safari/537.36" "ysfine.com"
173.73.77.36 - - [04/Nov/2022:23:51:05 -0700] "GET /favicon.ico HTTP/1.1" 404 88 "https://ysfine.com/home/yshome.html" "Mozilla/5.0 (Windows NT 10.0; Win64; x64) AppleWebKit/537.36 (KHTML, like Gecko) Chrome/107.0.0.0 Safari/537.36" "ysfine.com"
173.73.77.36 - - [04/Nov/2022:23:51:17 -0700] "GET /awards/marq.html HTTP/1.1" 200 3212 "-" "Mozilla/5.0 (Windows NT 10.0; Win64; x64) AppleWebKit/537.36 (KHTML, like Gecko) Chrome/107.0.0.0 Safari/537.36" "ysfine.com"
173.73.77.36 - - [04/Nov/2022:23:51:17 -0700] "GET /home/handsome22f.jpg HTTP/1.1" 200 122334 "https://ysfine.com/awards/marq.html" "Mozilla/5.0 (Windows NT 10.0; Win64; x64) AppleWebKit/537.36 (KHTML, like Gecko) Chrome/107.0.0.0 Safari/537.36" "ysfine.com"
173.73.77.36 - - [04/Nov/2022:23:51:17 -0700] "GET /home/family18d.jpg HTTP/1.1" 200 69135 "https://ysfine.com/awards/marq.html" "Mozilla/5.0 (Windows NT 10.0; Win64; x64) AppleWebKit/537.36 (KHTML, like Gecko) Chrome/107.0.0.0 Safari/537.36" "ysfine.com"
173.73.77.36 - - [04/Nov/2022:23:51:17 -0700] "GET /home/fotos/eins05d.jpg HTTP/1.1" 200 41012 "https://ysfine.com/awards/marq.html" "Mozilla/5.0 (Windows NT 10.0; Win64; x64) AppleWebKit/537.36 (KHTML, like Gecko) Chrome/107.0.0.0 Safari/537.36" "ysfine.com"
173.73.77.36 - - [04/Nov/2022:23:51:17 -0700] "GET /home/fotos/einhaus450.jpg HTTP/1.1" 200 65369 "https://ysfine.com/awards/marq.html" "Mozilla/5.0 (Windows NT 10.0; Win64; x64) AppleWebKit/537.36 (KHTML, like Gecko) Chrome/107.0.0.0 Safari/537.36" "ysfine.com"
173.73.77.36 - - [04/Nov/2022:23:51:17 -0700] "GET /home/fotos/bohr11d.jpg HTTP/1.1" 200 28973 "https://ysfine.com/awards/marq.html" "Mozilla/5.0 (Windows NT 10.0; Win64; x64) AppleWebKit/537.36 (KHTML, like Gecko) Chrome/107.0.0.0 Safari/537.36" "ysfine.com"
173.73.77.36 - - [04/Nov/2022:23:51:17 -0700] "GET /home/fotos/bridge11d.jpg HTTP/1.1" 200 55851 "https://ysfine.com/awards/marq.html" "Mozilla/5.0 (Windows NT 10.0; Win64; x64) AppleWebKit/537.36 (KHTML, like Gecko) Chrome/107.0.0.0 Safari/537.36" "ysfine.com"
40.86.101.254 - - [04/Nov/2022:23:51:34 -0700] "GET /friends/aline/klm01b.jpg HTTP/1.1" 404 88 "https://ysfine.com/friends/aline" "Mozilla/5.0 (X11; Linux x86_64) AppleWebKit/537.36 (KHTML, like Gecko) Chrome/74.0.3729.169 Safari/537.36" "ysfine.com"
20.106.27.209 - - [04/Nov/2022:23:51:36 -0700] "GET /world/russ/krem18b.jpg HTTP/1.1" 200 38037 "https://ysfine.com/world/russ" "Mozilla/5.0 (X11; Linux x86_64) AppleWebKit/537.36 (KHTML, like Gecko) Chrome/74.0.3729.169 Safari/537.36" "ysfine.com"
157.55.39.65 - - [04/Nov/2022:23:51:38 -0700] "GET /style/lincolnc66.jpg HTTP/1.1" 200 69884 "-" "Mozilla/5.0 (compatible; bingbot/2.0; +http://www.bing.com/bingbot.htm)" "ysfine.com"
39.106.54.67 - - [04/Nov/2022:23:51:57 -0700] "GET /einstein/places/einha01.jpg HTTP/1.1" 200 75624 "-" "Mozilla/5.0 (Macintosh; Intel Mac OS X 10_15_7) AppleWebKit/537.36 (KHTML, like Gecko) Chrome/105.0.0.0 Safari/537.36" "ysfine.com"
20.29.110.168 - - [04/Nov/2022:23:51:57 -0700] "GET /maga/boltz/maxrel11b.jpg HTTP/1.1" 200 28313 "http://ysfine.com/maga/boltz" "Mozilla/5.0 (X11; Linux x86_64) AppleWebKit/537.36 (KHTML, like Gecko) Chrome/74.0.3729.169 Safari/537.36" "ysfine.com"
157.55.39.17 - - [04/Nov/2022:23:52:02 -0700] "GET /ysbio/maga/faraday.html HTTP/1.1" 200 6233 "-" "Mozilla/5.0 AppleWebKit/537.36 (KHTML, like Gecko; compatible; bingbot/2.0; +http://www.bing.com/bingbot.htm) Chrome/103.0.5060.134 Safari/537.36" "ysfine.com"
157.55.39.65 - - [04/Nov/2022:23:52:07 -0700] "GET /newyork/colum14.jpg HTTP/1.1" 200 96034 "-" "Mozilla/5.0 (compatible; bingbot/2.0; +http://www.bing.com/bingbot.htm)" "ysfine.com"
13.67.224.12 - - [04/Nov/2022:23:52:19 -0700] "GET /friends/tatyana2.jpg HTTP/1.1" 404 88 "https://ysfine.com/friends" "Mozilla/5.0 (iPhone; CPU iPhone OS 13_5_1 like Mac OS X) AppleWebKit/605.1.15 (KHTML, like Gecko) Version/13.1.1 Mobile/15E148 Safari/604.1" "ysfine.com"
20.109.241.96 - - [04/Nov/2022:23:52:57 -0700] "GET /world/baltic/tallin75c.jpg HTTP/1.1" 200 35939 "https://ysfine.com/world/baltic" "Mozilla/5.0 (Linux; Android 10; SM-G960U) AppleWebKit/537.36 (KHTML, like Gecko) Chrome/88.0.4324.181 Mobile Safari/537.36" "ysfine.com"
157.55.39.76 - - [04/Nov/2022:23:53:39 -0700] "GET /ysbio/class54/weheard.html HTTP/1.1" 200 5818 "-" "Mozilla/5.0 (compatible; bingbot/2.0; +http://www.bing.com/bingbot.htm)" "ysfine.com"
77.75.78.164 - - [04/Nov/2022:23:53:47 -0700] "GET /robots.txt HTTP/1.1" 404 88 "-" "Mozilla/5.0 (compatible; SeznamBot/3.2; +http://napoveda.seznam.cz/en/seznambot-intro/)" "ysfine.com"
157.55.39.76 - - [04/Nov/2022:23:53:48 -0700] "GET /world/france/stras30c.jpg HTTP/1.1" 200 34002 "-" "Mozilla/5.0 (compatible; bingbot/2.0; +http://www.bing.com/bingbot.htm)" "www.ysfine.com"
77.75.78.164 - - [04/Nov/2022:23:53:48 -0700] "GET /world/germany/verein11.jpg HTTP/1.1" 304 - "-" "Mozilla/5.0 (compatible; SeznamBot/3.2; +http://napoveda.seznam.cz/en/seznambot-intro/)" "ysfine.com"
77.75.78.164 - - [04/Nov/2022:23:53:49 -0700] "GET /world/baltic/kalin38.jpg HTTP/1.1" 304 - "-" "Mozilla/5.0 (compatible; SeznamBot/3.2; +http://napoveda.seznam.cz/en/seznambot-intro/)" "ysfine.com"
77.75.78.164 - - [04/Nov/2022:23:53:50 -0700] "GET /style/musee/arles08.jpg HTTP/1.1" 200 95208 "-" "Mozilla/5.0 (compatible; SeznamBot/3.2; +http://napoveda.seznam.cz/en/seznambot-intro/)" "ysfine.com"
77.75.78.164 - - [04/Nov/2022:23:53:52 -0700] "GET /world/brit/picca32.jpg HTTP/1.1" 304 - "-" "Mozilla/5.0 (compatible; SeznamBot/3.2; +http://napoveda.seznam.cz/en/seznambot-intro/)" "ysfine.com"
77.75.78.164 - - [04/Nov/2022:23:53:53 -0700] "GET /style/guggen33.jpg HTTP/1.1" 200 130857 "-" "Mozilla/5.0 (compatible; SeznamBot/3.2; +http://napoveda.seznam.cz/en/seznambot-intro/)" "ysfine.com"
20.12.191.72 - - [04/Nov/2022:23:53:56 -0700] "GET /world/brit/loncafe15.jpg HTTP/1.1" 200 65565 "http://ysfine.com/world/brit" "Mozilla/5.0 (Macintosh; Intel Mac OS X 10_11_6) AppleWebKit/605.1.15 (KHTML, like Gecko) Version/11.1.2 Safari/605.1.15" "ysfine.com"
20.106.27.209 - - [04/Nov/2022:23:53:59 -0700] "GET /princeton/puband05b.jpg HTTP/1.1" 200 46073 "http://ysfine.com/princeton" "Mozilla/5.0 (Windows NT 10.0; Win64; x64) AppleWebKit/537.36 (KHTML, like Gecko) Chrome/74.0.3729.157 Safari/537.36" "ysfine.com"
40.77.167.71 - - [04/Nov/2022:23:54:02 -0700] "GET /world/baltic/riga04.jpg HTTP/1.1" 200 97307 "-" "Mozilla/5.0 (compatible; bingbot/2.0; +http://www.bing.com/bingbot.htm)" "ysfine.com"
157.55.39.65 - - [04/Nov/2022:23:54:08 -0700] "GET /kobak/repose11b.jpg HTTP/1.1" 200 32052 "-" "Mozilla/5.0 (compatible; bingbot/2.0; +http://www.bing.com/bingbot.htm)" "www.ysfine.com"
40.77.167.68 - - [04/Nov/2022:23:54:13 -0700] "GET /dirac/quantum2.jpg HTTP/1.1" 200 28714 "-" "Mozilla/5.0 (compatible; bingbot/2.0; +http://www.bing.com/bingbot.htm)" "ysfine.com"
20.106.28.18 - - [04/Nov/2022:23:54:19 -0700] "GET /world/russ/spbf62b.jpg HTTP/1.1" 200 46696 "http://ysfine.com/world/russ" "Mozilla/5.0 (Windows NT 10.0; Win64; x64) AppleWebKit/537.36 (KHTML, like Gecko) Chrome/74.0.3729.157 Safari/537.36" "ysfine.com"
157.55.39.65 - - [04/Nov/2022:23:54:48 -0700] "GET /bio/einstein/einkant.html HTTP/1.1" 404 88 "-" "Mozilla/5.0 (compatible; bingbot/2.0; +http://www.bing.com/bingbot.htm)" "ysfine.com"
173.73.77.36 - - [04/Nov/2022:23:55:10 -0700] "GET /awards/chris.html HTTP/1.1" 404 88 "https://ysfine.com/awards/marq.html" "Mozilla/5.0 (Windows NT 10.0; Win64; x64) AppleWebKit/537.36 (KHTML, like Gecko) Chrome/107.0.0.0 Safari/537.36" "ysfine.com"
20.106.27.173 - - [04/Nov/2022:23:55:11 -0700] "GET /world/russ/spb08b.jpg HTTP/1.1" 200 32881 "http://ysfine.com/world/russ" "Mozilla/5.0 (X11; Linux x86_64) AppleWebKit/537.36 (KHTML, like Gecko) Chrome/74.0.3729.169 Safari/537.36" "ysfine.com"
40.77.51.85 - - [04/Nov/2022:23:55:20 -0700] "GET /feynman/ppic/entro22b.jpg HTTP/1.1" 200 31381 "http://ysfine.com/feynman/ppic" "Mozilla/5.0 (iPhone; CPU iPhone OS 13_5_1 like Mac OS X) AppleWebKit/605.1.15 (KHTML, like Gecko) Version/13.1.1 Mobile/15E148 Safari/604.1" "ysfine.com"
