65.108.142.49 - - [04/Nov/2022:21:00:00 -0700] "GET /ysbio/world/france/royalpa12.jpg HTTP/1.1" 200 121501 "-" "Mozilla/5.0 (compatible; MJ12bot/v1.4.8; http://mj12bot.com/)" "www.ysfine.com"
65.108.227.178 - - [04/Nov/2022:21:00:00 -0700] "GET /ysbio/world/balkan/istan082.jpg HTTP/1.1" 200 64201 "-" "Mozilla/5.0 (compatible; MJ12bot/v1.4.8; http://mj12bot.com/)" "www.ysfine.com"
65.108.227.178 - - [04/Nov/2022:21:00:02 -0700] "GET /ysbio/world/balkan/istan083.jpg HTTP/1.1" 200 68364 "-" "Mozilla/5.0 (compatible; MJ12bot/v1.4.8; http://mj12bot.com/)" "www.ysfine.com"
65.108.142.49 - - [04/Nov/2022:21:00:03 -0700] "GET /ysbio/world/france/sartremap11.jpg HTTP/1.1" 200 115003 "-" "Mozilla/5.0 (compatible; MJ12bot/v1.4.8; http://mj12bot.com/)" "www.ysfine.com"
65.108.227.178 - - [04/Nov/2022:21:00:04 -0700] "GET /ysbio/world/balkan/istan084.jpg HTTP/1.1" 200 104664 "-" "Mozilla/5.0 (compatible; MJ12bot/v1.4.8; http://mj12bot.com/)" "www.ysfine.com"
65.108.142.49 - - [04/Nov/2022:21:00:05 -0700] "GET /ysbio/world/france/sartsq01.jpg HTTP/1.1" 200 103953 "-" "Mozilla/5.0 (compatible; MJ12bot/v1.4.8; http://mj12bot.com/)" "www.ysfine.com"
65.108.227.178 - - [04/Nov/2022:21:00:06 -0700] "GET /ysbio/world/balkan/istan085.jpg HTTP/1.1" 200 60700 "-" "Mozilla/5.0 (compatible; MJ12bot/v1.4.8; http://mj12bot.com/)" "www.ysfine.com"
65.108.227.178 - - [04/Nov/2022:21:00:09 -0700] "GET /ysbio/world/balkan/istan086.jpg HTTP/1.1" 200 116253 "-" "Mozilla/5.0 (compatible; MJ12bot/v1.4.8; http://mj12bot.com/)" "www.ysfine.com"
157.55.39.76 - - [04/Nov/2022:21:00:10 -0700] "GET /world/russ/ruble11.jpg HTTP/1.1" 200 180849 "-" "Mozilla/5.0 (compatible; bingbot/2.0; +http://www.bing.com/bingbot.htm)" "ysfine.com"
65.108.142.49 - - [04/Nov/2022:21:00:11 -0700] "GET /ysbio/world/france/sartsq03.jpg HTTP/1.1" 200 103524 "-" "Mozilla/5.0 (compatible; MJ12bot/v1.4.8; http://mj12bot.com/)" "www.ysfine.com"
65.108.227.178 - - [04/Nov/2022:21:00:12 -0700] "GET /ysbio/world/balkan/istan087.jpg HTTP/1.1" 200 126063 "-" "Mozilla/5.0 (compatible; MJ12bot/v1.4.8; http://mj12bot.com/)" "www.ysfine.com"
65.108.142.49 - - [04/Nov/2022:21:00:13 -0700] "GET /ysbio/world/france/sartsq05.jpg HTTP/1.1" 200 99506 "-" "Mozilla/5.0 (compatible; MJ12bot/v1.4.8; http://mj12bot.com/)" "www.ysfine.com"
65.108.227.178 - - [04/Nov/2022:21:00:15 -0700] "GET /ysbio/world/balkan/istan088.jpg HTTP/1.1" 200 137668 "-" "Mozilla/5.0 (compatible; MJ12bot/v1.4.8; http://mj12bot.com/)" "www.ysfine.com"
65.108.142.49 - - [04/Nov/2022:21:00:16 -0700] "GET /ysbio/world/france/sartsq06.jpg HTTP/1.1" 200 99510 "-" "Mozilla/5.0 (compatible; MJ12bot/v1.4.8; http://mj12bot.com/)" "www.ysfine.com"
65.108.227.178 - - [04/Nov/2022:21:00:18 -0700] "GET /ysbio/world/balkan/istan102.jpg HTTP/1.1" 200 100634 "-" "Mozilla/5.0 (compatible; MJ12bot/v1.4.8; http://mj12bot.com/)" "www.ysfine.com"
65.108.142.49 - - [04/Nov/2022:21:00:18 -0700] "GET /ysbio/world/france/sartsq07.jpg HTTP/1.1" 200 83532 "-" "Mozilla/5.0 (compatible; MJ12bot/v1.4.8; http://mj12bot.com/)" "www.ysfine.com"
65.108.142.49 - - [04/Nov/2022:21:00:21 -0700] "GET /ysbio/world/france/sartsq08.jpg HTTP/1.1" 200 176125 "-" "Mozilla/5.0 (compatible; MJ12bot/v1.4.8; http://mj12bot.com/)" "www.ysfine.com"
65.108.142.49 - - [04/Nov/2022:21:00:23 -0700] "GET /ysbio/world/france/sartsq09.jpg HTTP/1.1" 200 77369 "-" "Mozilla/5.0 (compatible; MJ12bot/v1.4.8; http://mj12bot.com/)" "www.ysfine.com"
65.108.142.49 - - [04/Nov/2022:21:00:26 -0700] "GET /ysbio/world/france/sartsq10.jpg HTTP/1.1" 200 141073 "-" "Mozilla/5.0 (compatible; MJ12bot/v1.4.8; http://mj12bot.com/)" "www.ysfine.com"
40.122.227.200 - - [04/Nov/2022:21:00:28 -0700] "GET /people/facu63c.jpg HTTP/1.1" 200 39839 "https://ysfine.com/people" "Mozilla/5.0 (iPhone; CPU iPhone OS 13_5_1 like Mac OS X) AppleWebKit/605.1.15 (KHTML, like Gecko) Version/13.1.1 Mobile/15E148 Safari/604.1" "ysfine.com"
65.108.142.49 - - [04/Nov/2022:21:00:29 -0700] "GET /ysbio/world/france/sartsq11.jpg HTTP/1.1" 200 160608 "-" "Mozilla/5.0 (compatible; MJ12bot/v1.4.8; http://mj12bot.com/)" "www.ysfine.com"
65.108.142.49 - - [04/Nov/2022:21:00:33 -0700] "GET /ysbio/world/france/sartsq12.jpg HTTP/1.1" 200 366975 "-" "Mozilla/5.0 (compatible; MJ12bot/v1.4.8; http://mj12bot.com/)" "www.ysfine.com"
65.108.142.49 - - [04/Nov/2022:21:00:35 -0700] "GET /ysbio/world/france/sartsq13.jpg HTTP/1.1" 200 84576 "-" "Mozilla/5.0 (compatible; MJ12bot/v1.4.8; http://mj12bot.com/)" "www.ysfine.com"
65.108.142.49 - - [04/Nov/2022:21:00:38 -0700] "GET /ysbio/world/france/sartsq14.jpg HTTP/1.1" 200 90541 "-" "Mozilla/5.0 (compatible; MJ12bot/v1.4.8; http://mj12bot.com/)" "www.ysfine.com"
65.108.142.49 - - [04/Nov/2022:21:00:41 -0700] "GET /ysbio/world/france/sartsq15.jpg HTTP/1.1" 200 120306 "-" "Mozilla/5.0 (compatible; MJ12bot/v1.4.8; http://mj12bot.com/)" "www.ysfine.com"
65.108.142.49 - - [04/Nov/2022:21:00:44 -0700] "GET /ysbio/world/france/sartsq16.jpg HTTP/1.1" 200 117783 "-" "Mozilla/5.0 (compatible; MJ12bot/v1.4.8; http://mj12bot.com/)" "www.ysfine.com"
65.108.142.49 - - [04/Nov/2022:21:00:46 -0700] "GET /ysbio/world/france/sartsq17.jpg HTTP/1.1" 200 105271 "-" "Mozilla/5.0 (compatible; MJ12bot/v1.4.8; http://mj12bot.com/)" "www.ysfine.com"
65.108.142.49 - - [04/Nov/2022:21:00:49 -0700] "GET /ysbio/world/france/sartsq18.jpg HTTP/1.1" 200 152504 "-" "Mozilla/5.0 (compatible; MJ12bot/v1.4.8; http://mj12bot.com/)" "www.ysfine.com"
65.108.142.49 - - [04/Nov/2022:21:00:53 -0700] "GET /ysbio/world/france/sartsq21.jpg HTTP/1.1" 200 123370 "-" "Mozilla/5.0 (compatible; MJ12bot/v1.4.8; http://mj12bot.com/)" "www.ysfine.com"
40.77.167.71 - - [04/Nov/2022:21:00:56 -0700] "GET /world/ital/rome008.jpg HTTP/1.1" 200 134995 "-" "Mozilla/5.0 (compatible; bingbot/2.0; +http://www.bing.com/bingbot.htm)" "ysfine.com"
65.108.142.49 - - [04/Nov/2022:21:00:56 -0700] "GET /ysbio/world/france/sartsq22.jpg HTTP/1.1" 200 132546 "-" "Mozilla/5.0 (compatible; MJ12bot/v1.4.8; http://mj12bot.com/)" "www.ysfine.com"
65.108.142.49 - - [04/Nov/2022:21:00:58 -0700] "GET /ysbio/world/france/sartsq23.jpg HTTP/1.1" 200 64721 "-" "Mozilla/5.0 (compatible; MJ12bot/v1.4.8; http://mj12bot.com/)" "www.ysfine.com"
65.108.142.49 - - [04/Nov/2022:21:01:01 -0700] "GET /ysbio/world/france/sartsq24.jpg HTTP/1.1" 200 105873 "-" "Mozilla/5.0 (compatible; MJ12bot/v1.4.8; http://mj12bot.com/)" "www.ysfine.com"
40.77.167.27 - - [04/Nov/2022:21:01:03 -0700] "GET /bio/style/proschanie.html HTTP/1.1" 404 88 "-" "Mozilla/5.0 (compatible; bingbot/2.0; +http://www.bing.com/bingbot.htm)" "ysfine.com"
65.108.142.49 - - [04/Nov/2022:21:01:05 -0700] "GET /ysbio/world/france/sartsq25.jpg HTTP/1.1" 200 81165 "-" "Mozilla/5.0 (compatible; MJ12bot/v1.4.8; http://mj12bot.com/)" "www.ysfine.com"
40.77.167.68 - - [04/Nov/2022:21:01:07 -0700] "GET /world/brit/oxlon62.jpg HTTP/1.1" 200 112661 "-" "Mozilla/5.0 (compatible; bingbot/2.0; +http://www.bing.com/bingbot.htm)" "ysfine.com"
65.108.142.49 - - [04/Nov/2022:21:01:08 -0700] "GET /ysbio/world/france/sorbonne01.jpg HTTP/1.1" 200 100914 "-" "Mozilla/5.0 (compatible; MJ12bot/v1.4.8; http://mj12bot.com/)" "www.ysfine.com"
65.108.142.49 - - [04/Nov/2022:21:01:12 -0700] "GET /ysbio/world/france/sorbonne02.jpg HTTP/1.1" 200 147583 "-" "Mozilla/5.0 (compatible; MJ12bot/v1.4.8; http://mj12bot.com/)" "www.ysfine.com"
65.108.142.49 - - [04/Nov/2022:21:01:16 -0700] "GET /ysbio/world/france/sorbonne03.jpg HTTP/1.1" 200 132007 "-" "Mozilla/5.0 (compatible; MJ12bot/v1.4.8; http://mj12bot.com/)" "www.ysfine.com"
65.108.142.49 - - [04/Nov/2022:21:01:19 -0700] "GET /ysbio/world/france/sorbonne08.jpg HTTP/1.1" 200 125695 "-" "Mozilla/5.0 (compatible; MJ12bot/v1.4.8; http://mj12bot.com/)" "www.ysfine.com"
65.108.142.49 - - [04/Nov/2022:21:01:22 -0700] "GET /ysbio/world/france/sorbonne09.jpg HTTP/1.1" 200 109485 "-" "Mozilla/5.0 (compatible; MJ12bot/v1.4.8; http://mj12bot.com/)" "www.ysfine.com"
65.108.142.49 - - [04/Nov/2022:21:01:24 -0700] "GET /ysbio/world/france/sorbonne11.jpg HTTP/1.1" 200 189894 "-" "Mozilla/5.0 (compatible; MJ12bot/v1.4.8; http://mj12bot.com/)" "www.ysfine.com"
65.108.142.49 - - [04/Nov/2022:21:01:26 -0700] "GET /ysbio/world/france/sorbonne12.jpg HTTP/1.1" 200 119324 "-" "Mozilla/5.0 (compatible; MJ12bot/v1.4.8; http://mj12bot.com/)" "www.ysfine.com"
65.108.142.49 - - [04/Nov/2022:21:01:30 -0700] "GET /ysbio/world/france/sorbonne15.jpg HTTP/1.1" 200 102545 "-" "Mozilla/5.0 (compatible; MJ12bot/v1.4.8; http://mj12bot.com/)" "www.ysfine.com"
107.146.230.58 - - [04/Nov/2022:21:01:30 -0700] "GET /kobak/kcrown.jpg HTTP/1.1" 200 41579 "https://www.google.com/" "Mozilla/5.0 (Windows NT 10.0; Win64; x64) AppleWebKit/537.36 (KHTML, like Gecko) Chrome/107.0.0.0 Safari/537.36" "ysfine.com"
65.108.142.49 - - [04/Nov/2022:21:01:33 -0700] "GET /ysbio/world/france/sorbonne17.jpg HTTP/1.1" 200 115648 "-" "Mozilla/5.0 (compatible; MJ12bot/v1.4.8; http://mj12bot.com/)" "www.ysfine.com"
65.108.142.49 - - [04/Nov/2022:21:01:35 -0700] "GET /ysbio/world/france/sorbonne18.jpg HTTP/1.1" 200 121874 "-" "Mozilla/5.0 (compatible; MJ12bot/v1.4.8; http://mj12bot.com/)" "www.ysfine.com"
65.108.142.49 - - [04/Nov/2022:21:01:39 -0700] "GET /ysbio/world/france/sorbonne19.jpg HTTP/1.1" 200 136552 "-" "Mozilla/5.0 (compatible; MJ12bot/v1.4.8; http://mj12bot.com/)" "www.ysfine.com"
65.108.142.49 - - [04/Nov/2022:21:01:42 -0700] "GET /ysbio/world/france/sorbonne20.jpg HTTP/1.1" 200 67718 "-" "Mozilla/5.0 (compatible; MJ12bot/v1.4.8; http://mj12bot.com/)" "www.ysfine.com"
40.86.101.252 - - [04/Nov/2022:21:01:53 -0700] "GET /feynman/jf2.jpg HTTP/1.1" 200 10558 "http://ysfine.com/feynman" "Mozilla/5.0 (Macintosh; Intel Mac OS X 10_11_6) AppleWebKit/605.1.15 (KHTML, like Gecko) Version/11.1.2 Safari/605.1.15" "ysfine.com"
184.17.71.207 - - [04/Nov/2022:21:02:35 -0700] "GET /feynman/feyn86b.jpg HTTP/1.1" 200 26190 "https://www.google.com/" "Mozilla/5.0 (iPhone; CPU iPhone OS 14_7_1 like Mac OS X) AppleWebKit/605.1.15 (KHTML, like Gecko) Version/14.1.2 Mobile/15E148 Safari/604.1" "ysfine.com"
40.122.227.200 - - [04/Nov/2022:21:02:58 -0700] "GET /friends/twosis11b.jpg HTTP/1.1" 404 88 "https://www.ysfine.com/friends" "Mozilla/5.0 (X11; Linux x86_64) AppleWebKit/537.36 (KHTML, like Gecko) Chrome/74.0.3729.169 Safari/537.36" "www.ysfine.com"
172.56.248.22 - - [04/Nov/2022:21:02:58 -0700] "GET /feynman/feybongo.jpg HTTP/1.1" 200 47448 "https://www.google.com/" "Mozilla/5.0 (iPhone; CPU iPhone OS 14_7_1 like Mac OS X) AppleWebKit/605.1.15 (KHTML, like Gecko) Version/14.1.2 Mobile/15E148 Safari/604.1" "ysfine.com"
40.77.167.68 - - [04/Nov/2022:21:03:07 -0700] "GET /bio/kobak/index.html HTTP/1.1" 404 88 "-" "Mozilla/5.0 (compatible; bingbot/2.0; +http://www.bing.com/bingbot.htm)" "ysfine.com"
77.75.78.166 - - [04/Nov/2022:21:03:10 -0700] "GET /robots.txt HTTP/1.1" 404 88 "-" "Mozilla/5.0 (compatible; SeznamBot/3.2; +http://napoveda.seznam.cz/en/seznambot-intro/)" "ysfine.com"
77.75.78.166 - - [04/Nov/2022:21:03:11 -0700] "GET /maga/invent/sarnoff1922.jpg HTTP/1.1" 304 - "-" "Mozilla/5.0 (compatible; SeznamBot/3.2; +http://napoveda.seznam.cz/en/seznambot-intro/)" "ysfine.com"
77.75.78.166 - - [04/Nov/2022:21:03:13 -0700] "GET /world/ital/rome174.jpg HTTP/1.1" 304 - "-" "Mozilla/5.0 (compatible; SeznamBot/3.2; +http://napoveda.seznam.cz/en/seznambot-intro/)" "ysfine.com"
77.75.78.166 - - [04/Nov/2022:21:03:13 -0700] "GET /world/russ/arbat19.jpg HTTP/1.1" 200 120182 "-" "Mozilla/5.0 (compatible; SeznamBot/3.2; +http://napoveda.seznam.cz/en/seznambot-intro/)" "ysfine.com"
77.75.78.166 - - [04/Nov/2022:21:03:16 -0700] "GET /newyork/seaport04.jpg HTTP/1.1" 304 - "-" "Mozilla/5.0 (compatible; SeznamBot/3.2; +http://napoveda.seznam.cz/en/seznambot-intro/)" "ysfine.com"
77.75.78.166 - - [04/Nov/2022:21:03:17 -0700] "GET /newyork/wallst15.jpg HTTP/1.1" 304 - "-" "Mozilla/5.0 (compatible; SeznamBot/3.2; +http://napoveda.seznam.cz/en/seznambot-intro/)" "ysfine.com"
51.222.253.8 - - [04/Nov/2022:21:03:25 -0700] "GET /class54/class5480/Pictures/1.%C3%AC%C2%A0%C2%91%C3%AC%C2%88%C2%98%C3%AB%C2%B0%C2%8F%C3%AD%C2%99%C2%98%C3%AB%C2%8B%C2%B4/?C=M;O=A HTTP/1.1" 200 869 "-" "Mozilla/5.0 (compatible; AhrefsBot/7.0; +http://ahrefs.com/robot/)" "www.ysfine.com"
20.109.241.98 - - [04/Nov/2022:21:03:51 -0700] "GET /einstein/eink22a.jpg HTTP/1.1" 200 113819 "http://www.ysfine.com/einstein" "Mozilla/5.0 (X11; Linux x86_64) AppleWebKit/537.36 (KHTML, like Gecko) Chrome/74.0.3729.169 Safari/537.36" "www.ysfine.com"
40.122.227.201 - - [04/Nov/2022:21:04:02 -0700] "GET /world/poland/gdn94b.jpg HTTP/1.1" 200 51555 "http://www.ysfine.com/world/poland" "Mozilla/5.0 (iPhone; CPU iPhone OS 13_5_1 like Mac OS X) AppleWebKit/605.1.15 (KHTML, like Gecko) Version/13.1.1 Mobile/15E148 Safari/604.1" "www.ysfine.com"
157.55.39.17 - - [04/Nov/2022:21:04:06 -0700] "GET /ysbio/world/stoc.html HTTP/1.1" 200 5400 "-" "Mozilla/5.0 AppleWebKit/537.36 (KHTML, like Gecko; compatible; bingbot/2.0; +http://www.bing.com/bingbot.htm) Chrome/103.0.5060.134 Safari/537.36" "ysfine.com"
20.12.191.72 - - [04/Nov/2022:21:04:11 -0700] "GET /kowar/mil/tank22b.jpg HTTP/1.1" 404 88 "https://ysfine.com/kowar/mil" "Mozilla/5.0 (Windows NT 10.0; Win64; x64) AppleWebKit/537.36 (KHTML, like Gecko) Chrome/74.0.3729.157 Safari/537.36" "ysfine.com"
40.77.167.71 - - [04/Nov/2022:21:04:16 -0700] "GET /maga/phys/naimar/pewk05.jpg HTTP/1.1" 200 94458 "-" "Mozilla/5.0 (compatible; bingbot/2.0; +http://www.bing.com/bingbot.htm)" "ysfine.com"
65.108.142.49 - - [04/Nov/2022:21:04:40 -0700] "GET /ysbio/world/france/sorbonne21.jpg HTTP/1.1" 200 78323 "-" "Mozilla/5.0 (compatible; MJ12bot/v1.4.8; http://mj12bot.com/)" "www.ysfine.com"
65.108.142.49 - - [04/Nov/2022:21:04:42 -0700] "GET /ysbio/world/france/sorbonne22.jpg HTTP/1.1" 200 107271 "-" "Mozilla/5.0 (compatible; MJ12bot/v1.4.8; http://mj12bot.com/)" "www.ysfine.com"
65.108.142.49 - - [04/Nov/2022:21:04:44 -0700] "GET /ysbio/world/france/sorbonne25.jpg HTTP/1.1" 200 81569 "-" "Mozilla/5.0 (compatible; MJ12bot/v1.4.8; http://mj12bot.com/)" "www.ysfine.com"
65.108.142.49 - - [04/Nov/2022:21:04:46 -0700] "GET /ysbio/world/france/sorbonne26.jpg HTTP/1.1" 200 100773 "-" "Mozilla/5.0 (compatible; MJ12bot/v1.4.8; http://mj12bot.com/)" "www.ysfine.com"
65.108.142.49 - - [04/Nov/2022:21:04:48 -0700] "GET /ysbio/world/france/sorbonne27.jpg HTTP/1.1" 200 109007 "-" "Mozilla/5.0 (compatible; MJ12bot/v1.4.8; http://mj12bot.com/)" "www.ysfine.com"
40.86.101.254 - - [04/Nov/2022:21:04:51 -0700] "GET /wigner/bieden02b.jpg HTTP/1.1" 200 42300 "http://ysfine.com/wigner" "Mozilla/5.0 (Windows NT 10.0; Win64; x64) AppleWebKit/537.36 (KHTML, like Gecko) Chrome/74.0.3729.157 Safari/537.36" "ysfine.com"
65.108.142.49 - - [04/Nov/2022:21:04:52 -0700] "GET /ysbio/world/france/sorbonne31.jpg HTTP/1.1" 200 622914 "-" "Mozilla/5.0 (compatible; MJ12bot/v1.4.8; http://mj12bot.com/)" "www.ysfine.com"
65.108.142.49 - - [04/Nov/2022:21:04:55 -0700] "GET /ysbio/world/france/sorbonne33.jpg HTTP/1.1" 200 125876 "-" "Mozilla/5.0 (compatible; MJ12bot/v1.4.8; http://mj12bot.com/)" "www.ysfine.com"
20.29.110.168 - - [04/Nov/2022:21:04:56 -0700] "GET /world/france/frchef02c.jpg HTTP/1.1" 200 39199 "https://ysfine.com/world/france" "Mozilla/5.0 (X11; Linux x86_64) AppleWebKit/537.36 (KHTML, like Gecko) Chrome/74.0.3729.169 Safari/537.36" "ysfine.com"
65.108.142.49 - - [04/Nov/2022:21:04:56 -0700] "GET /ysbio/world/france/sorbonne40.jpg HTTP/1.1" 200 58702 "-" "Mozilla/5.0 (compatible; MJ12bot/v1.4.8; http://mj12bot.com/)" "www.ysfine.com"
65.108.142.49 - - [04/Nov/2022:21:04:59 -0700] "GET /ysbio/world/germany/berlimus21.jpg HTTP/1.1" 404 88 "-" "Mozilla/5.0 (compatible; MJ12bot/v1.4.8; http://mj12bot.com/)" "www.ysfine.com"
65.108.142.49 - - [04/Nov/2022:21:05:00 -0700] "GET /ysbio/world/germany/berlimus36.jpg HTTP/1.1" 404 88 "-" "Mozilla/5.0 (compatible; MJ12bot/v1.4.8; http://mj12bot.com/)" "www.ysfine.com"
157.55.39.65 - - [04/Nov/2022:21:05:01 -0700] "GET /einstein/eink24b.jpg HTTP/1.1" 200 42003 "-" "Mozilla/5.0 AppleWebKit/537.36 (KHTML, like Gecko; compatible; bingbot/2.0; +http://www.bing.com/bingbot.htm) Chrome/103.0.5060.134 Safari/537.36" "www.ysfine.com"
65.108.142.49 - - [04/Nov/2022:21:05:02 -0700] "GET /ysbio/world/germany/berlin000.jpg HTTP/1.1" 200 70918 "-" "Mozilla/5.0 (compatible; MJ12bot/v1.4.8; http://mj12bot.com/)" "www.ysfine.com"
65.108.142.49 - - [04/Nov/2022:21:05:04 -0700] "GET /ysbio/world/germany/berlin002.jpg HTTP/1.1" 200 104929 "-" "Mozilla/5.0 (compatible; MJ12bot/v1.4.8; http://mj12bot.com/)" "www.ysfine.com"
65.108.142.49 - - [04/Nov/2022:21:05:06 -0700] "GET /ysbio/world/germany/berlin003.jpg HTTP/1.1" 200 80764 "-" "Mozilla/5.0 (compatible; MJ12bot/v1.4.8; http://mj12bot.com/)" "www.ysfine.com"
65.108.142.49 - - [04/Nov/2022:21:05:08 -0700] "GET /ysbio/world/germany/berlin005.jpg HTTP/1.1" 200 146680 "-" "Mozilla/5.0 (compatible; MJ12bot/v1.4.8; http://mj12bot.com/)" "www.ysfine.com"
65.108.142.49 - - [04/Nov/2022:21:05:09 -0700] "GET /ysbio/world/germany/berlin008.jpg HTTP/1.1" 200 80991 "-" "Mozilla/5.0 (compatible; MJ12bot/v1.4.8; http://mj12bot.com/)" "www.ysfine.com"
65.108.142.49 - - [04/Nov/2022:21:05:11 -0700] "GET /ysbio/world/germany/berlin009.jpg HTTP/1.1" 200 88926 "-" "Mozilla/5.0 (compatible; MJ12bot/v1.4.8; http://mj12bot.com/)" "www.ysfine.com"
65.108.142.49 - - [04/Nov/2022:21:05:14 -0700] "GET /ysbio/world/germany/berlin011.jpg HTTP/1.1" 200 112566 "-" "Mozilla/5.0 (compatible; MJ12bot/v1.4.8; http://mj12bot.com/)" "www.ysfine.com"
65.108.142.49 - - [04/Nov/2022:21:05:16 -0700] "GET /ysbio/world/germany/berlin012.jpg HTTP/1.1" 200 117182 "-" "Mozilla/5.0 (compatible; MJ12bot/v1.4.8; http://mj12bot.com/)" "www.ysfine.com"
65.108.142.49 - - [04/Nov/2022:21:05:18 -0700] "GET /ysbio/world/germany/berlin013.jpg HTTP/1.1" 200 125374 "-" "Mozilla/5.0 (compatible; MJ12bot/v1.4.8; http://mj12bot.com/)" "www.ysfine.com"
65.108.142.49 - - [04/Nov/2022:21:05:20 -0700] "GET /ysbio/world/germany/berlin014.jpg HTTP/1.1" 200 113267 "-" "Mozilla/5.0 (compatible; MJ12bot/v1.4.8; http://mj12bot.com/)" "www.ysfine.com"
65.108.142.49 - - [04/Nov/2022:21:05:22 -0700] "GET /ysbio/world/germany/berlin017.jpg HTTP/1.1" 200 85861 "-" "Mozilla/5.0 (compatible; MJ12bot/v1.4.8; http://mj12bot.com/)" "www.ysfine.com"
65.108.142.49 - - [04/Nov/2022:21:05:24 -0700] "GET /ysbio/world/germany/berlin018.jpg HTTP/1.1" 200 105103 "-" "Mozilla/5.0 (compatible; MJ12bot/v1.4.8; http://mj12bot.com/)" "www.ysfine.com"
65.108.142.49 - - [04/Nov/2022:21:05:26 -0700] "GET /ysbio/world/germany/berlin019.jpg HTTP/1.1" 200 93504 "-" "Mozilla/5.0 (compatible; MJ12bot/v1.4.8; http://mj12bot.com/)" "www.ysfine.com"
65.108.142.49 - - [04/Nov/2022:21:05:28 -0700] "GET /ysbio/world/germany/berlin020.jpg HTTP/1.1" 200 80879 "-" "Mozilla/5.0 (compatible; MJ12bot/v1.4.8; http://mj12bot.com/)" "www.ysfine.com"
157.55.39.76 - - [04/Nov/2022:21:05:32 -0700] "GET /world/germany/leipzig28.jpg HTTP/1.1" 200 207399 "-" "Mozilla/5.0 AppleWebKit/537.36 (KHTML, like Gecko; compatible; bingbot/2.0; +http://www.bing.com/bingbot.htm) Chrome/103.0.5060.134 Safari/537.36" "www.ysfine.com"
65.108.142.49 - - [04/Nov/2022:21:05:33 -0700] "GET /ysbio/world/germany/berlin022.jpg HTTP/1.1" 200 110113 "-" "Mozilla/5.0 (compatible; MJ12bot/v1.4.8; http://mj12bot.com/)" "www.ysfine.com"
65.108.142.49 - - [04/Nov/2022:21:05:35 -0700] "GET /ysbio/world/germany/berlin029.jpg HTTP/1.1" 200 91194 "-" "Mozilla/5.0 (compatible; MJ12bot/v1.4.8; http://mj12bot.com/)" "www.ysfine.com"
65.108.142.49 - - [04/Nov/2022:21:05:37 -0700] "GET /ysbio/world/germany/berlin031.jpg HTTP/1.1" 200 64074 "-" "Mozilla/5.0 (compatible; MJ12bot/v1.4.8; http://mj12bot.com/)" "www.ysfine.com"
65.108.142.49 - - [04/Nov/2022:21:05:40 -0700] "GET /ysbio/world/germany/berlin034.jpg HTTP/1.1" 200 75919 "-" "Mozilla/5.0 (compatible; MJ12bot/v1.4.8; http://mj12bot.com/)" "www.ysfine.com"
65.108.142.49 - - [04/Nov/2022:21:05:42 -0700] "GET /ysbio/world/germany/berlin035.jpg HTTP/1.1" 200 90906 "-" "Mozilla/5.0 (compatible; MJ12bot/v1.4.8; http://mj12bot.com/)" "www.ysfine.com"
20.106.27.173 - - [04/Nov/2022:21:05:49 -0700] "GET /home/kbrain11c.jpg HTTP/1.1" 200 27732 "https://ysfine.com/home" "Mozilla/5.0 (Windows NT 10.0; Win64; x64) AppleWebKit/537.36 (KHTML, like Gecko) Chrome/74.0.3729.157 Safari/537.36" "ysfine.com"
40.77.167.68 - - [04/Nov/2022:21:06:17 -0700] "GET /eink/further22.jpg HTTP/1.1" 200 207087 "-" "Mozilla/5.0 AppleWebKit/537.36 (KHTML, like Gecko; compatible; bingbot/2.0; +http://www.bing.com/bingbot.htm) Chrome/103.0.5060.134 Safari/537.36" "www.ysfine.com"
40.86.101.254 - - [04/Nov/2022:21:06:24 -0700] "GET /home/fotos/eins05d.jpg HTTP/1.1" 200 41012 "https://ysfine.com/home/fotos" "Mozilla/5.0 (iPhone; CPU iPhone OS 13_5_1 like Mac OS X) AppleWebKit/605.1.15 (KHTML, like Gecko) Version/13.1.1 Mobile/15E148 Safari/604.1" "ysfine.com"
157.55.39.17 - - [04/Nov/2022:21:06:25 -0700] "GET /kowar/choiyk11.jpg HTTP/1.1" 200 48360 "-" "Mozilla/5.0 (compatible; bingbot/2.0; +http://www.bing.com/bingbot.htm)" "www.ysfine.com"
40.77.167.68 - - [04/Nov/2022:21:06:29 -0700] "GET /bio/bio09.html HTTP/1.1" 404 88 "-" "Mozilla/5.0 AppleWebKit/537.36 (KHTML, like Gecko; compatible; bingbot/2.0; +http://www.bing.com/bingbot.htm) Chrome/103.0.5060.134 Safari/537.36" "www.ysfine.com"
157.55.39.65 - - [04/Nov/2022:21:06:51 -0700] "GET /world/brit/dunf08.jpg HTTP/1.1" 200 101008 "-" "Mozilla/5.0 (compatible; bingbot/2.0; +http://www.bing.com/bingbot.htm)" "ysfine.com"
157.55.39.65 - - [04/Nov/2022:21:06:52 -0700] "GET /bio/style/ystyle.html HTTP/1.1" 404 88 "-" "Mozilla/5.0 AppleWebKit/537.36 (KHTML, like Gecko; compatible; bingbot/2.0; +http://www.bing.com/bingbot.htm) Chrome/103.0.5060.134 Safari/537.36" "ysfine.com"
20.106.27.173 - - [04/Nov/2022:21:07:12 -0700] "GET /world/france/orsaym07b.jpg HTTP/1.1" 200 36558 "http://ysfine.com/world/france" "Mozilla/5.0 (Linux; Android 10; SM-G960U) AppleWebKit/537.36 (KHTML, like Gecko) Chrome/88.0.4324.181 Mobile Safari/537.36" "ysfine.com"
40.77.51.82 - - [04/Nov/2022:21:07:42 -0700] "GET /style/guggen33b.jpg HTTP/1.1" 200 52489 "https://ysfine.com/style" "Mozilla/5.0 (Macintosh; Intel Mac OS X 10_11_6) AppleWebKit/605.1.15 (KHTML, like Gecko) Version/11.1.2 Safari/605.1.15" "ysfine.com"
40.122.230.190 - - [04/Nov/2022:21:07:57 -0700] "GET /beau/gatti06c.jpg HTTP/1.1" 404 88 "https://ysfine.com/beau" "Mozilla/5.0 (Linux; Android 10; SM-G960U) AppleWebKit/537.36 (KHTML, like Gecko) Chrome/88.0.4324.181 Mobile Safari/537.36" "ysfine.com"
51.222.253.2 - - [04/Nov/2022:21:08:04 -0700] "GET /einstein/einkim.html HTTP/1.1" 200 3731 "-" "Mozilla/5.0 (compatible; AhrefsBot/7.0; +http://ahrefs.com/robot/)" "ysfine.com"
51.222.253.7 - - [04/Nov/2022:21:08:07 -0700] "GET /einstein/eins47c.jpg HTTP/1.1" 200 43054 "-" "Mozilla/5.0 (compatible; AhrefsBot/7.0; +http://ahrefs.com/robot/)" "ysfine.com"
51.222.253.19 - - [04/Nov/2022:21:08:13 -0700] "GET /einstein/ysturner11c.jpg HTTP/1.1" 200 39604 "-" "Mozilla/5.0 (compatible; AhrefsBot/7.0; +http://ahrefs.com/robot/)" "ysfine.com"
51.222.253.4 - - [04/Nov/2022:21:08:19 -0700] "GET /einstein/eward33d.jpg HTTP/1.1" 200 61786 "-" "Mozilla/5.0 (compatible; AhrefsBot/7.0; +http://ahrefs.com/robot/)" "ysfine.com"
51.222.253.20 - - [04/Nov/2022:21:08:25 -0700] "GET /home/resonance33c.jpg HTTP/1.1" 200 36247 "-" "Mozilla/5.0 (compatible; AhrefsBot/7.0; +http://ahrefs.com/robot/)" "ysfine.com"
51.222.253.12 - - [04/Nov/2022:21:08:30 -0700] "GET /einstein/einbohr33c.jpg HTTP/1.1" 200 36410 "-" "Mozilla/5.0 (compatible; AhrefsBot/7.0; +http://ahrefs.com/robot/)" "ysfine.com"
40.77.167.71 - - [04/Nov/2022:21:08:36 -0700] "GET /houses/house77.jpg HTTP/1.1" 200 143627 "-" "Mozilla/5.0 AppleWebKit/537.36 (KHTML, like Gecko; compatible; bingbot/2.0; +http://www.bing.com/bingbot.htm) Chrome/103.0.5060.134 Safari/537.36" "www.ysfine.com"
51.222.253.17 - - [04/Nov/2022:21:08:36 -0700] "GET /einstein/orren11c.jpg HTTP/1.1" 200 21314 "-" "Mozilla/5.0 (compatible; AhrefsBot/7.0; +http://ahrefs.com/robot/)" "ysfine.com"
51.222.253.12 - - [04/Nov/2022:21:08:42 -0700] "GET /eink/eink54a.jpg HTTP/1.1" 200 79717 "-" "Mozilla/5.0 (compatible; AhrefsBot/7.0; +http://ahrefs.com/robot/)" "ysfine.com"
51.222.253.2 - - [04/Nov/2022:21:08:47 -0700] "GET /einstein/keigel77a.jpg HTTP/1.1" 200 59466 "-" "Mozilla/5.0 (compatible; AhrefsBot/7.0; +http://ahrefs.com/robot/)" "ysfine.com"
40.77.167.68 - - [04/Nov/2022:21:08:49 -0700] "GET /ysbio/maga/minkowski.html HTTP/1.1" 200 4752 "-" "Mozilla/5.0 (compatible; bingbot/2.0; +http://www.bing.com/bingbot.htm)" "ysfine.com"
51.222.253.3 - - [04/Nov/2022:21:08:55 -0700] "GET /home/dwf55a.jpg HTTP/1.1" 200 54743 "-" "Mozilla/5.0 (compatible; AhrefsBot/7.0; +http://ahrefs.com/robot/)" "ysfine.com"
40.77.51.81 - - [04/Nov/2022:21:08:55 -0700] "GET /world/israel/jeru57c.jpg HTTP/1.1" 200 37074 "https://ysfine.com/world/israel" "Mozilla/5.0 (Windows NT 10.0; Win64; x64) AppleWebKit/537.36 (KHTML, like Gecko) Chrome/74.0.3729.157 Safari/537.36" "ysfine.com"
20.109.241.98 - - [04/Nov/2022:21:08:58 -0700] "GET /world/ital/murano21b.jpg HTTP/1.1" 200 42459 "http://ysfine.com/world/ital" "Mozilla/5.0 (X11; Linux x86_64) AppleWebKit/537.36 (KHTML, like Gecko) Chrome/74.0.3729.169 Safari/537.36" "ysfine.com"
20.106.27.209 - - [04/Nov/2022:21:09:02 -0700] "GET /friends/russvien03b.jpg HTTP/1.1" 404 88 "https://ysfine.com/friends" "Mozilla/5.0 (X11; Linux x86_64) AppleWebKit/537.36 (KHTML, like Gecko) Chrome/74.0.3729.169 Safari/537.36" "ysfine.com"
40.86.101.253 - - [04/Nov/2022:21:09:25 -0700] "GET /eink/ewk86f.jpg HTTP/1.1" 200 122173 "https://www.ysfine.com/eink" "Mozilla/5.0 (Macintosh; Intel Mac OS X 10_11_6) AppleWebKit/605.1.15 (KHTML, like Gecko) Version/11.1.2 Safari/605.1.15" "www.ysfine.com"
40.77.167.27 - - [04/Nov/2022:21:09:33 -0700] "GET /world/balkan/istan001b.jpg HTTP/1.1" 200 36438 "-" "Mozilla/5.0 (compatible; bingbot/2.0; +http://www.bing.com/bingbot.htm)" "www.ysfine.com"
157.55.39.76 - - [04/Nov/2022:21:09:54 -0700] "GET /wigner/neupol.html HTTP/1.1" 304 - "-" "Mozilla/5.0 AppleWebKit/537.36 (KHTML, like Gecko; compatible; bingbot/2.0; +http://www.bing.com/bingbot.htm) Chrome/103.0.5060.134 Safari/537.36" "ysfine.com"
20.29.110.168 - - [04/Nov/2022:21:10:03 -0700] "GET /usca/pitt/oldterm2.jpg HTTP/1.1" 404 88 "http://ysfine.com/usca/pitt" "Mozilla/5.0 (Macintosh; Intel Mac OS X 10_11_6) AppleWebKit/605.1.15 (KHTML, like Gecko) Version/11.1.2 Safari/605.1.15" "ysfine.com"
114.119.128.158 - - [04/Nov/2022:21:10:13 -0700] "GET /ys22/index.html HTTP/1.1" 401 90 "https://www.ysfine.com/ys11/index.html" "Mozilla/5.0 (Linux; Android 7.0;) AppleWebKit/537.36 (KHTML, like Gecko) Mobile Safari/537.36 (compatible; PetalBot;+https://webmaster.petalsearch.com/site/petalbot)" "www.ysfine.com"
20.12.191.73 - - [04/Nov/2022:21:10:22 -0700] "GET /home/baranger97c.jpg HTTP/1.1" 200 25248 "https://ysfine.com/home" "Mozilla/5.0 (X11; Linux x86_64) AppleWebKit/537.36 (KHTML, like Gecko) Chrome/74.0.3729.169 Safari/537.36" "ysfine.com"
20.29.110.170 - - [04/Nov/2022:21:10:41 -0700] "GET /friends/russkor01b.jpg HTTP/1.1" 404 88 "https://ysfine.com/friends" "Mozilla/5.0 (Linux; Android 10; SM-G960U) AppleWebKit/537.36 (KHTML, like Gecko) Chrome/88.0.4324.181 Mobile Safari/537.36" "ysfine.com"
20.106.28.18 - - [04/Nov/2022:21:10:52 -0700] "GET /world/germany/humboldt27b.jpg HTTP/1.1" 200 45302 "http://ysfine.com/world/germany" "Mozilla/5.0 (X11; Linux x86_64) AppleWebKit/537.36 (KHTML, like Gecko) Chrome/74.0.3729.169 Safari/537.36" "ysfine.com"
44.228.64.221 - - [04/Nov/2022:21:10:53 -0700] "GET /maga/kant.html HTTP/1.1" 200 8714 "-" "Python/3.8 aiohttp/3.8.3" "ysfine.com"
71.172.15.53 - - [04/Nov/2022:21:10:55 -0700] "GET /kobak/liber45.jpg HTTP/1.1" 200 141542 "https://www.google.com/" "Mozilla/5.0 (Windows NT 10.0; Win64; x64) AppleWebKit/537.36 (KHTML, like Gecko) Chrome/106.0.0.0 Safari/537.36 Edg/106.0.1370.42" "ysfine.com"
71.229.207.132 - - [04/Nov/2022:21:10:57 -0700] "GET /home/book91.html HTTP/1.1" 200 6339 "https://scholar.google.com/" "Mozilla/5.0 (Macintosh; Intel Mac OS X 10.15; rv:106.0) Gecko/20100101 Firefox/106.0" "www.ysfine.com"
71.229.207.132 - - [04/Nov/2022:21:10:57 -0700] "GET /home/sq66.jpg HTTP/1.1" 404 88 "https://www.ysfine.com/home/book91.html" "Mozilla/5.0 (Macintosh; Intel Mac OS X 10.15; rv:106.0) Gecko/20100101 Firefox/106.0" "www.ysfine.com"
71.229.207.132 - - [04/Nov/2022:21:10:57 -0700] "GET /favicon.ico HTTP/1.1" 404 88 "https://www.ysfine.com/home/book91.html" "Mozilla/5.0 (Macintosh; Intel Mac OS X 10.15; rv:106.0) Gecko/20100101 Firefox/106.0" "www.ysfine.com"
71.73.75.220 - - [04/Nov/2022:21:11:02 -0700] "GET /maga/naimark.html HTTP/1.1" 200 4603 "https://www.google.com/" "Mozilla/5.0 (Macintosh; Intel Mac OS X 10_15_7) AppleWebKit/605.1.15 (KHTML, like Gecko) Version/15.5 Safari/605.1.15" "ysfine.com"
71.73.75.220 - - [04/Nov/2022:21:11:02 -0700] "GET /maga/phys/naimar/pewk02b.jpg HTTP/1.1" 200 32109 "https://ysfine.com/maga/naimark.html" "Mozilla/5.0 (Macintosh; Intel Mac OS X 10_15_7) AppleWebKit/605.1.15 (KHTML, like Gecko) Version/15.5 Safari/605.1.15" "ysfine.com"
71.73.75.220 - - [04/Nov/2022:21:11:02 -0700] "GET /feynman/feynman270.jpg HTTP/1.1" 200 37830 "https://ysfine.com/maga/naimark.html" "Mozilla/5.0 (Macintosh; Intel Mac OS X 10_15_7) AppleWebKit/605.1.15 (KHTML, like Gecko) Version/15.5 Safari/605.1.15" "ysfine.com"
71.73.75.220 - - [04/Nov/2022:21:11:02 -0700] "GET /maga/phys/naimar/pewk09b.jpg HTTP/1.1" 200 35133 "https://ysfine.com/maga/naimark.html" "Mozilla/5.0 (Macintosh; Intel Mac OS X 10_15_7) AppleWebKit/605.1.15 (KHTML, like Gecko) Version/15.5 Safari/605.1.15" "ysfine.com"
71.73.75.220 - - [04/Nov/2022:21:11:02 -0700] "GET /maga/phys/naimar/pewk10b.jpg HTTP/1.1" 200 44175 "https://ysfine.com/maga/naimark.html" "Mozilla/5.0 (Macintosh; Intel Mac OS X 10_15_7) AppleWebKit/605.1.15 (KHTML, like Gecko) Version/15.5 Safari/605.1.15" "ysfine.com"
71.73.75.220 - - [04/Nov/2022:21:11:02 -0700] "GET /maga/phys/naimar/pewk14b.jpg HTTP/1.1" 200 35927 "https://ysfine.com/maga/naimark.html" "Mozilla/5.0 (Macintosh; Intel Mac OS X 10_15_7) AppleWebKit/605.1.15 (KHTML, like Gecko) Version/15.5 Safari/605.1.15" "ysfine.com"
71.73.75.220 - - [04/Nov/2022:21:11:02 -0700] "GET /maga/phys/naimar/poincs33b.jpg HTTP/1.1" 200 65195 "https://ysfine.com/maga/naimark.html" "Mozilla/5.0 (Macintosh; Intel Mac OS X 10_15_7) AppleWebKit/605.1.15 (KHTML, like Gecko) Version/15.5 Safari/605.1.15" "ysfine.com"
71.73.75.220 - - [04/Nov/2022:21:11:03 -0700] "GET /favicon.ico HTTP/1.1" 404 88 "https://ysfine.com/maga/naimark.html" "Mozilla/5.0 (Macintosh; Intel Mac OS X 10_15_7) AppleWebKit/605.1.15 (KHTML, like Gecko) Version/15.5 Safari/605.1.15" "ysfine.com"
20.29.110.170 - - [04/Nov/2022:21:11:31 -0700] "GET /feynman/ptoday89b.jpg HTTP/1.1" 200 46537 "http://ysfine.com/feynman" "Mozilla/5.0 (iPhone; CPU iPhone OS 13_5_1 like Mac OS X) AppleWebKit/605.1.15 (KHTML, like Gecko) Version/13.1.1 Mobile/15E148 Safari/604.1" "ysfine.com"
124.120.125.120 - - [04/Nov/2022:21:11:34 -0700] "GET /dirac/einbohr55.jpg HTTP/1.1" 200 266255 "https://www.google.co.th/" "Mozilla/5.0 (iPhone; CPU iPhone OS 15_6_1 like Mac OS X) AppleWebKit/605.1.15 (KHTML, like Gecko) Version/15.6.1 Mobile/15E148 Safari/604.1" "ysfine.com"
20.106.27.173 - - [04/Nov/2022:21:11:48 -0700] "GET /world/china/china003b.jpg HTTP/1.1" 200 37220 "https://www.ysfine.com/world/china" "Mozilla/5.0 (iPhone; CPU iPhone OS 13_5_1 like Mac OS X) AppleWebKit/605.1.15 (KHTML, like Gecko) Version/13.1.1 Mobile/15E148 Safari/604.1" "www.ysfine.com"
51.222.253.3 - - [04/Nov/2022:21:11:53 -0700] "GET /maga/poincare.html HTTP/1.1" 200 7726 "-" "Mozilla/5.0 (compatible; AhrefsBot/7.0; +http://ahrefs.com/robot/)" "ysfine.com"
51.222.253.14 - - [04/Nov/2022:21:12:00 -0700] "GET /maga/phys/psphere01b.jpg HTTP/1.1" 200 55011 "-" "Mozilla/5.0 (compatible; AhrefsBot/7.0; +http://ahrefs.com/robot/)" "ysfine.com"
51.222.253.16 - - [04/Nov/2022:21:12:06 -0700] "GET /einstein/further08b.jpg HTTP/1.1" 200 58023 "-" "Mozilla/5.0 (compatible; AhrefsBot/7.0; +http://ahrefs.com/robot/)" "ysfine.com"
51.222.253.2 - - [04/Nov/2022:21:12:12 -0700] "GET /maga/phil/tao07b.jpg HTTP/1.1" 200 52158 "-" "Mozilla/5.0 (compatible; AhrefsBot/7.0; +http://ahrefs.com/robot/)" "ysfine.com"
51.222.253.12 - - [04/Nov/2022:21:12:18 -0700] "GET /world/france/montpar19b.jpg HTTP/1.1" 200 59887 "-" "Mozilla/5.0 (compatible; AhrefsBot/7.0; +http://ahrefs.com/robot/)" "ysfine.com"
51.222.253.8 - - [04/Nov/2022:21:12:23 -0700] "GET /wigner/wigkim11b.jpg HTTP/1.1" 200 38616 "-" "Mozilla/5.0 (compatible; AhrefsBot/7.0; +http://ahrefs.com/robot/)" "ysfine.com"
51.222.253.19 - - [04/Nov/2022:21:12:29 -0700] "GET /princeton/gcollege61b.jpg HTTP/1.1" 200 31681 "-" "Mozilla/5.0 (compatible; AhrefsBot/7.0; +http://ahrefs.com/robot/)" "ysfine.com"
51.222.253.11 - - [04/Nov/2022:21:12:34 -0700] "GET /einstein/newtmax02b.jpg HTTP/1.1" 200 46066 "-" "Mozilla/5.0 (compatible; AhrefsBot/7.0; +http://ahrefs.com/robot/)" "ysfine.com"
51.222.253.17 - - [04/Nov/2022:21:12:35 -0700] "GET /maga/phys/henri01b.jpg HTTP/1.1" 200 46226 "-" "Mozilla/5.0 (compatible; AhrefsBot/7.0; +http://ahrefs.com/robot/)" "ysfine.com"
157.55.39.17 - - [04/Nov/2022:21:12:35 -0700] "GET /class54/acs/cafe33a.jpg HTTP/1.1" 200 103391 "-" "Mozilla/5.0 AppleWebKit/537.36 (KHTML, like Gecko; compatible; bingbot/2.0; +http://www.bing.com/bingbot.htm) Chrome/103.0.5060.134 Safari/537.36" "www.ysfine.com"
51.222.253.12 - - [04/Nov/2022:21:12:40 -0700] "GET /world/france/louvre11b.jpg HTTP/1.1" 200 40544 "-" "Mozilla/5.0 (compatible; AhrefsBot/7.0; +http://ahrefs.com/robot/)" "ysfine.com"
51.222.253.20 - - [04/Nov/2022:21:12:46 -0700] "GET /maga/phys/poincir01b.jpg HTTP/1.1" 200 51381 "-" "Mozilla/5.0 (compatible; AhrefsBot/7.0; +http://ahrefs.com/robot/)" "ysfine.com"
40.77.51.81 - - [04/Nov/2022:21:12:49 -0700] "GET /maga/phys/farad06b.jpg HTTP/1.1" 200 37553 "http://ysfine.com/maga/phys" "Mozilla/5.0 (Linux; Android 10; SM-G960U) AppleWebKit/537.36 (KHTML, like Gecko) Chrome/88.0.4324.181 Mobile Safari/537.36" "ysfine.com"
157.55.39.76 - - [04/Nov/2022:21:12:51 -0700] "GET /world/israel/jeru26.jpg HTTP/1.1" 200 242747 "-" "Mozilla/5.0 AppleWebKit/537.36 (KHTML, like Gecko; compatible; bingbot/2.0; +http://www.bing.com/bingbot.htm) Chrome/103.0.5060.134 Safari/537.36" "ysfine.com"
51.222.253.14 - - [04/Nov/2022:21:12:52 -0700] "GET /world/france/montpar17b.jpg HTTP/1.1" 200 41233 "-" "Mozilla/5.0 (compatible; AhrefsBot/7.0; +http://ahrefs.com/robot/)" "ysfine.com"
51.222.253.5 - - [04/Nov/2022:21:12:57 -0700] "GET /world/france/montpar10b.jpg HTTP/1.1" 200 56609 "-" "Mozilla/5.0 (compatible; AhrefsBot/7.0; +http://ahrefs.com/robot/)" "ysfine.com"
51.222.253.16 - - [04/Nov/2022:21:13:03 -0700] "GET /wigner/wigein270.jpg HTTP/1.1" 200 21005 "-" "Mozilla/5.0 (compatible; AhrefsBot/7.0; +http://ahrefs.com/robot/)" "ysfine.com"
51.222.253.14 - - [04/Nov/2022:21:13:03 -0700] "GET /maga/phys/ellihyper05b.jpg HTTP/1.1" 200 35124 "-" "Mozilla/5.0 (compatible; AhrefsBot/7.0; +http://ahrefs.com/robot/)" "ysfine.com"
51.222.253.15 - - [04/Nov/2022:21:13:11 -0700] "GET /feynman/index.html HTTP/1.1" 200 124 "-" "Mozilla/5.0 (compatible; AhrefsBot/7.0; +http://ahrefs.com/robot/)" "ysfine.com"
40.77.167.27 - - [04/Nov/2022:21:13:14 -0700] "GET /bio/dirac/bankers.html HTTP/1.1" 404 88 "-" "Mozilla/5.0 (compatible; bingbot/2.0; +http://www.bing.com/bingbot.htm)" "ysfine.com"
40.77.167.68 - - [04/Nov/2022:21:14:28 -0700] "GET /einstein/places/ulm32.jpg HTTP/1.1" 200 91482 "-" "Mozilla/5.0 AppleWebKit/537.36 (KHTML, like Gecko; compatible; bingbot/2.0; +http://www.bing.com/bingbot.htm) Chrome/103.0.5060.134 Safari/537.36" "ysfine.com"
157.55.39.17 - - [04/Nov/2022:21:14:46 -0700] "GET /bio/einstein/bern.html HTTP/1.1" 404 88 "-" "Mozilla/5.0 AppleWebKit/537.36 (KHTML, like Gecko; compatible; bingbot/2.0; +http://www.bing.com/bingbot.htm) Chrome/103.0.5060.134 Safari/537.36" "ysfine.com"
40.77.167.71 - - [04/Nov/2022:21:14:57 -0700] "GET /world/russ/kazan066.jpg HTTP/1.1" 200 44197 "-" "Mozilla/5.0 (compatible; bingbot/2.0; +http://www.bing.com/bingbot.htm)" "ysfine.com"
40.122.227.201 - - [04/Nov/2022:21:15:06 -0700] "GET /world/china/shanghai058b.jpg HTTP/1.1" 200 39131 "https://ysfine.com/world/china" "Mozilla/5.0 (Windows NT 10.0; Win64; x64) AppleWebKit/537.36 (KHTML, like Gecko) Chrome/74.0.3729.157 Safari/537.36" "ysfine.com"
20.106.27.209 - - [04/Nov/2022:21:15:27 -0700] "GET /einstein/einlorentz01b.jpg HTTP/1.1" 200 42310 "https://ysfine.com/einstein" "Mozilla/5.0 (Macintosh; Intel Mac OS X 10_11_6) AppleWebKit/605.1.15 (KHTML, like Gecko) Version/11.1.2 Safari/605.1.15" "ysfine.com"
40.77.167.71 - - [04/Nov/2022:21:15:38 -0700] "GET /maga/phys/maxwell06b.jpg HTTP/1.1" 200 51047 "-" "Mozilla/5.0 AppleWebKit/537.36 (KHTML, like Gecko; compatible; bingbot/2.0; +http://www.bing.com/bingbot.htm) Chrome/103.0.5060.134 Safari/537.36" "ysfine.com"
20.29.110.168 - - [04/Nov/2022:21:15:57 -0700] "GET /kobak/kimjap11b.jpg HTTP/1.1" 200 63075 "http://ysfine.com/kobak" "Mozilla/5.0 (X11; Linux x86_64) AppleWebKit/537.36 (KHTML, like Gecko) Chrome/74.0.3729.169 Safari/537.36" "ysfine.com"
40.77.167.68 - - [04/Nov/2022:21:15:59 -0700] "GET /bio/kobak/soraech.html HTTP/1.1" 404 88 "-" "Mozilla/5.0 (compatible; bingbot/2.0; +http://www.bing.com/bingbot.htm)" "ysfine.com"
157.55.39.17 - - [04/Nov/2022:21:16:17 -0700] "GET /bio/awards/iao.html HTTP/1.1" 404 88 "-" "Mozilla/5.0 (compatible; bingbot/2.0; +http://www.bing.com/bingbot.htm)" "ysfine.com"
40.122.227.200 - - [04/Nov/2022:21:16:26 -0700] "GET /home/fotos/photo08a.jpg HTTP/1.1" 200 61579 "https://ysfine.com/home/fotos" "Mozilla/5.0 (iPhone; CPU iPhone OS 13_5_1 like Mac OS X) AppleWebKit/605.1.15 (KHTML, like Gecko) Version/13.1.1 Mobile/15E148 Safari/604.1" "ysfine.com"
40.77.167.71 - - [04/Nov/2022:21:16:49 -0700] "GET /ysbio/wisdom/quovadis.html HTTP/1.1" 200 3582 "-" "Mozilla/5.0 (compatible; bingbot/2.0; +http://www.bing.com/bingbot.htm)" "ysfine.com"
40.77.167.71 - - [04/Nov/2022:21:16:49 -0700] "GET /princeton/lakecar11.jpg HTTP/1.1" 200 70377 "-" "Mozilla/5.0 AppleWebKit/537.36 (KHTML, like Gecko; compatible; bingbot/2.0; +http://www.bing.com/bingbot.htm) Chrome/103.0.5060.134 Safari/537.36" "ysfine.com"
20.109.241.96 - - [04/Nov/2022:21:16:52 -0700] "GET /world/japan/osakaf11b.jpg HTTP/1.1" 200 57531 "https://ysfine.com/world/japan" "Mozilla/5.0 (Linux; Android 10; SM-G960U) AppleWebKit/537.36 (KHTML, like Gecko) Chrome/88.0.4324.181 Mobile Safari/537.36" "ysfine.com"
40.77.167.68 - - [04/Nov/2022:21:17:49 -0700] "GET /world/russ/kazan041.jpg HTTP/1.1" 200 64820 "-" "Mozilla/5.0 AppleWebKit/537.36 (KHTML, like Gecko; compatible; bingbot/2.0; +http://www.bing.com/bingbot.htm) Chrome/103.0.5060.134 Safari/537.36" "ysfine.com"
173.73.77.36 - - [04/Nov/2022:21:18:10 -0700] "GET /ysbio/home/dashen.html HTTP/1.1" 404 88 "https://ysfine.com/ysbio/kowar/tanks.html" "Mozilla/5.0 (Windows NT 10.0; Win64; x64) AppleWebKit/537.36 (KHTML, like Gecko) Chrome/107.0.0.0 Safari/537.36" "ysfine.com"
173.73.77.36 - - [04/Nov/2022:21:18:20 -0700] "GET /ysbio/kowar/tanks.html HTTP/1.1" 304 - "https://ysfine.com/ysbio/wdc/wasdc.html" "Mozilla/5.0 (Windows NT 10.0; Win64; x64) AppleWebKit/537.36 (KHTML, like Gecko) Chrome/107.0.0.0 Safari/537.36" "ysfine.com"
173.73.77.36 - - [04/Nov/2022:21:18:22 -0700] "GET /ysbio/home/dashen.html HTTP/1.1" 404 88 "https://ysfine.com/ysbio/kowar/tanks.html" "Mozilla/5.0 (Windows NT 10.0; Win64; x64) AppleWebKit/537.36 (KHTML, like Gecko) Chrome/107.0.0.0 Safari/537.36" "ysfine.com"
157.55.39.76 - - [04/Nov/2022:21:18:34 -0700] "GET /world/france/louvre01.jpg HTTP/1.1" 200 88323 "-" "Mozilla/5.0 AppleWebKit/537.36 (KHTML, like Gecko; compatible; bingbot/2.0; +http://www.bing.com/bingbot.htm) Chrome/103.0.5060.134 Safari/537.36" "www.ysfine.com"
173.73.77.36 - - [04/Nov/2022:21:18:38 -0700] "GET /ysbio/kowar/feb8.jpg HTTP/1.1" 200 184058 "https://ysfine.com/ysbio/kowar/tanks.html" "Mozilla/5.0 (Windows NT 10.0; Win64; x64) AppleWebKit/537.36 (KHTML, like Gecko) Chrome/107.0.0.0 Safari/537.36" "ysfine.com"
173.73.77.36 - - [04/Nov/2022:21:18:46 -0700] "GET /ysbio/home/dashen.html HTTP/1.1" 404 88 "https://ysfine.com/ysbio/kowar/tanks.html" "Mozilla/5.0 (Windows NT 10.0; Win64; x64) AppleWebKit/537.36 (KHTML, like Gecko) Chrome/107.0.0.0 Safari/537.36" "ysfine.com"
72.66.71.120 - - [04/Nov/2022:21:18:50 -0700] "GET /dirac/wigsis11.jpg HTTP/1.1" 200 71741 "https://www.google.com/" "Mozilla/5.0 (Windows NT 10.0; Win64; x64) AppleWebKit/537.36 (KHTML, like Gecko) Chrome/107.0.0.0 Safari/537.36" "ysfine.com"
173.73.77.36 - - [04/Nov/2022:21:18:55 -0700] "GET /ysbio/home/dashen.html HTTP/1.1" 404 88 "https://ysfine.com/ysbio/kowar/tanks.html" "Mozilla/5.0 (Windows NT 10.0; Win64; x64) AppleWebKit/537.36 (KHTML, like Gecko) Chrome/107.0.0.0 Safari/537.36" "ysfine.com"
40.77.167.68 - - [04/Nov/2022:21:19:18 -0700] "GET /ysbio/world/berlin.html HTTP/1.1" 200 16173 "-" "Mozilla/5.0 (compatible; bingbot/2.0; +http://www.bing.com/bingbot.htm)" "ysfine.com"
13.67.224.12 - - [04/Nov/2022:21:19:42 -0700] "GET /world/russ/czar10b.jpg HTTP/1.1" 200 39178 "https://www.ysfine.com/world/russ" "Mozilla/5.0 (X11; Linux x86_64) AppleWebKit/537.36 (KHTML, like Gecko) Chrome/74.0.3729.169 Safari/537.36" "www.ysfine.com"
40.77.167.68 - - [04/Nov/2022:21:19:48 -0700] "GET /maga/phil/mao100.jpg HTTP/1.1" 200 173504 "-" "Mozilla/5.0 (compatible; bingbot/2.0; +http://www.bing.com/bingbot.htm)" "ysfine.com"
66.249.66.43 - - [04/Nov/2022:21:19:51 -0700] "GET /dongio/ukital2.jpg HTTP/1.1" 404 88 "-" "Googlebot-Image/1.0" "ysfine.com"
40.77.167.27 - - [04/Nov/2022:21:19:54 -0700] "GET /world/germany/mucf25b.jpg HTTP/1.1" 200 34464 "-" "Mozilla/5.0 (compatible; bingbot/2.0; +http://www.bing.com/bingbot.htm)" "www.ysfine.com"
157.55.39.65 - - [04/Nov/2022:21:20:12 -0700] "GET /ysbio/folks/soldiers.html HTTP/1.1" 200 4685 "-" "Mozilla/5.0 (compatible; bingbot/2.0; +http://www.bing.com/bingbot.htm)" "ysfine.com"
114.119.128.162 - - [04/Nov/2022:21:20:32 -0700] "GET /einstein/einusa.html HTTP/1.1" 200 8153 "https://www.ysfine.com/einstein/ulm.html" "Mozilla/5.0 (Linux; Android 7.0;) AppleWebKit/537.36 (KHTML, like Gecko) Mobile Safari/537.36 (compatible; PetalBot;+https://webmaster.petalsearch.com/site/petalbot)" "www.ysfine.com"
20.106.28.17 - - [04/Nov/2022:21:20:43 -0700] "GET /world/france/magots07b.jpg HTTP/1.1" 200 38319 "https://ysfine.com/world/france" "Mozilla/5.0 (X11; Linux x86_64) AppleWebKit/537.36 (KHTML, like Gecko) Chrome/74.0.3729.169 Safari/537.36" "ysfine.com"
173.73.77.36 - - [04/Nov/2022:21:20:50 -0700] "GET /ysbio/wdc/wasdc.html HTTP/1.1" 304 - "https://ysfine.com/ysbio/bio07.html" "Mozilla/5.0 (Windows NT 10.0; Win64; x64) AppleWebKit/537.36 (KHTML, like Gecko) Chrome/107.0.0.0 Safari/537.36" "ysfine.com"
20.106.28.16 - - [04/Nov/2022:21:20:53 -0700] "GET /world/latina/rio051b.jpg HTTP/1.1" 200 21302 "https://ysfine.com/world/latina" "Mozilla/5.0 (iPhone; CPU iPhone OS 13_5_1 like Mac OS X) AppleWebKit/605.1.15 (KHTML, like Gecko) Version/13.1.1 Mobile/15E148 Safari/604.1" "ysfine.com"
173.73.77.36 - - [04/Nov/2022:21:21:23 -0700] "GET /ysbio/wdc/umdbarn.html HTTP/1.1" 200 316 "https://ysfine.com/ysbio/bio07.html" "Mozilla/5.0 (Windows NT 10.0; Win64; x64) AppleWebKit/537.36 (KHTML, like Gecko) Chrome/107.0.0.0 Safari/537.36" "ysfine.com"
173.73.77.36 - - [04/Nov/2022:21:21:23 -0700] "GET /ysbio/wdc/umdbarn08.jpg HTTP/1.1" 200 94302 "https://ysfine.com/ysbio/wdc/umdbarn.html" "Mozilla/5.0 (Windows NT 10.0; Win64; x64) AppleWebKit/537.36 (KHTML, like Gecko) Chrome/107.0.0.0 Safari/537.36" "ysfine.com"
173.73.77.36 - - [04/Nov/2022:21:21:23 -0700] "GET /ysbio/wdc/umdbarn03.jpg HTTP/1.1" 200 81062 "https://ysfine.com/ysbio/wdc/umdbarn.html" "Mozilla/5.0 (Windows NT 10.0; Win64; x64) AppleWebKit/537.36 (KHTML, like Gecko) Chrome/107.0.0.0 Safari/537.36" "ysfine.com"
173.73.77.36 - - [04/Nov/2022:21:21:23 -0700] "GET /ysbio/wdc/umdbarn01.jpg HTTP/1.1" 200 97951 "https://ysfine.com/ysbio/wdc/umdbarn.html" "Mozilla/5.0 (Windows NT 10.0; Win64; x64) AppleWebKit/537.36 (KHTML, like Gecko) Chrome/107.0.0.0 Safari/537.36" "ysfine.com"
173.73.77.36 - - [04/Nov/2022:21:21:23 -0700] "GET /ysbio/wdc/umdbarn06.jpg HTTP/1.1" 200 97169 "https://ysfine.com/ysbio/wdc/umdbarn.html" "Mozilla/5.0 (Windows NT 10.0; Win64; x64) AppleWebKit/537.36 (KHTML, like Gecko) Chrome/107.0.0.0 Safari/537.36" "ysfine.com"
173.73.77.36 - - [04/Nov/2022:21:21:23 -0700] "GET /ysbio/wdc/umdbarn07.jpg HTTP/1.1" 200 70243 "https://ysfine.com/ysbio/wdc/umdbarn.html" "Mozilla/5.0 (Windows NT 10.0; Win64; x64) AppleWebKit/537.36 (KHTML, like Gecko) Chrome/107.0.0.0 Safari/537.36" "ysfine.com"
173.73.77.36 - - [04/Nov/2022:21:21:23 -0700] "GET /ysbio/wdc/umdbarn04.jpg HTTP/1.1" 200 127592 "https://ysfine.com/ysbio/wdc/umdbarn.html" "Mozilla/5.0 (Windows NT 10.0; Win64; x64) AppleWebKit/537.36 (KHTML, like Gecko) Chrome/107.0.0.0 Safari/537.36" "ysfine.com"
173.73.77.36 - - [04/Nov/2022:21:21:23 -0700] "GET /ysbio/wdc/umdbarn02.jpg HTTP/1.1" 200 95806 "https://ysfine.com/ysbio/wdc/umdbarn.html" "Mozilla/5.0 (Windows NT 10.0; Win64; x64) AppleWebKit/537.36 (KHTML, like Gecko) Chrome/107.0.0.0 Safari/537.36" "ysfine.com"
173.73.77.36 - - [04/Nov/2022:21:21:23 -0700] "GET /ysbio/wdc/umdbarn09.jpg HTTP/1.1" 200 105704 "https://ysfine.com/ysbio/wdc/umdbarn.html" "Mozilla/5.0 (Windows NT 10.0; Win64; x64) AppleWebKit/537.36 (KHTML, like Gecko) Chrome/107.0.0.0 Safari/537.36" "ysfine.com"
173.73.77.36 - - [04/Nov/2022:21:21:23 -0700] "GET /ysbio/wdc/umdbarn05.jpg HTTP/1.1" 200 81864 "https://ysfine.com/ysbio/wdc/umdbarn.html" "Mozilla/5.0 (Windows NT 10.0; Win64; x64) AppleWebKit/537.36 (KHTML, like Gecko) Chrome/107.0.0.0 Safari/537.36" "ysfine.com"
173.73.77.36 - - [04/Nov/2022:21:21:23 -0700] "GET /ysbio/wdc/umdbarn11.jpg HTTP/1.1" 404 88 "https://ysfine.com/ysbio/wdc/umdbarn.html" "Mozilla/5.0 (Windows NT 10.0; Win64; x64) AppleWebKit/537.36 (KHTML, like Gecko) Chrome/107.0.0.0 Safari/537.36" "ysfine.com"
173.73.77.36 - - [04/Nov/2022:21:21:23 -0700] "GET /ysbio/wdc/umdbarn12.jpg HTTP/1.1" 404 88 "https://ysfine.com/ysbio/wdc/umdbarn.html" "Mozilla/5.0 (Windows NT 10.0; Win64; x64) AppleWebKit/537.36 (KHTML, like Gecko) Chrome/107.0.0.0 Safari/537.36" "ysfine.com"
173.73.77.36 - - [04/Nov/2022:21:21:23 -0700] "GET /ysbio/wdc/umdbarn10.jpg HTTP/1.1" 200 127061 "https://ysfine.com/ysbio/wdc/umdbarn.html" "Mozilla/5.0 (Windows NT 10.0; Win64; x64) AppleWebKit/537.36 (KHTML, like Gecko) Chrome/107.0.0.0 Safari/537.36" "ysfine.com"
157.55.39.65 - - [04/Nov/2022:21:21:24 -0700] "GET /kobak/sl628.jpg HTTP/1.1" 200 225100 "-" "Mozilla/5.0 (compatible; bingbot/2.0; +http://www.bing.com/bingbot.htm)" "ysfine.com"
157.55.39.65 - - [04/Nov/2022:21:21:25 -0700] "GET /kobak/dprk.jpg HTTP/1.1" 200 88014 "-" "Mozilla/5.0 AppleWebKit/537.36 (KHTML, like Gecko; compatible; bingbot/2.0; +http://www.bing.com/bingbot.htm) Chrome/103.0.5060.134 Safari/537.36" "ysfine.com"
157.55.39.17 - - [04/Nov/2022:21:21:26 -0700] "GET /world/ital/genoa12.jpg HTTP/1.1" 200 137733 "-" "Mozilla/5.0 AppleWebKit/537.36 (KHTML, like Gecko; compatible; bingbot/2.0; +http://www.bing.com/bingbot.htm) Chrome/103.0.5060.134 Safari/537.36" "www.ysfine.com"
20.109.241.80 - - [04/Nov/2022:21:21:28 -0700] "GET /philo/sartre66b.jpg HTTP/1.1" 200 66175 "https://ysfine.com/philo" "Mozilla/5.0 (Linux; Android 10; SM-G960U) AppleWebKit/537.36 (KHTML, like Gecko) Chrome/88.0.4324.181 Mobile Safari/537.36" "ysfine.com"
40.77.167.71 - - [04/Nov/2022:21:21:29 -0700] "GET /world/russ/zhukov22.jpg HTTP/1.1" 200 69775 "-" "Mozilla/5.0 (compatible; bingbot/2.0; +http://www.bing.com/bingbot.htm)" "ysfine.com"
173.73.77.36 - - [04/Nov/2022:21:21:35 -0700] "GET /ysbio/wigner/wigrigh.html HTTP/1.1" 200 2476 "https://ysfine.com/ysbio/bio07.html" "Mozilla/5.0 (Windows NT 10.0; Win64; x64) AppleWebKit/537.36 (KHTML, like Gecko) Chrome/107.0.0.0 Safari/537.36" "ysfine.com"
173.73.77.36 - - [04/Nov/2022:21:21:35 -0700] "GET /ysbio/princeton/sbt11b.jpg HTTP/1.1" 200 25236 "https://ysfine.com/ysbio/wigner/wigrigh.html" "Mozilla/5.0 (Windows NT 10.0; Win64; x64) AppleWebKit/537.36 (KHTML, like Gecko) Chrome/107.0.0.0 Safari/537.36" "ysfine.com"
173.73.77.36 - - [04/Nov/2022:21:21:35 -0700] "GET /ysbio/wigner/wigkim22b.jpg HTTP/1.1" 200 33880 "https://ysfine.com/ysbio/wigner/wigrigh.html" "Mozilla/5.0 (Windows NT 10.0; Win64; x64) AppleWebKit/537.36 (KHTML, like Gecko) Chrome/107.0.0.0 Safari/537.36" "ysfine.com"
173.73.77.36 - - [04/Nov/2022:21:21:35 -0700] "GET /ysbio/wigner/isomor66b.jpg HTTP/1.1" 200 60963 "https://ysfine.com/ysbio/wigner/wigrigh.html" "Mozilla/5.0 (Windows NT 10.0; Win64; x64) AppleWebKit/537.36 (KHTML, like Gecko) Chrome/107.0.0.0 Safari/537.36" "ysfine.com"
157.55.39.17 - - [04/Nov/2022:21:21:47 -0700] "GET /bio/kobak/namdae.html HTTP/1.1" 404 88 "-" "Mozilla/5.0 AppleWebKit/537.36 (KHTML, like Gecko; compatible; bingbot/2.0; +http://www.bing.com/bingbot.htm) Chrome/103.0.5060.134 Safari/537.36" "ysfine.com"
40.77.167.68 - - [04/Nov/2022:21:21:59 -0700] "GET /world/brit/imperialc08.jpg HTTP/1.1" 200 85345 "-" "Mozilla/5.0 AppleWebKit/537.36 (KHTML, like Gecko; compatible; bingbot/2.0; +http://www.bing.com/bingbot.htm) Chrome/103.0.5060.134 Safari/537.36" "ysfine.com"
173.73.77.36 - - [04/Nov/2022:21:22:28 -0700] "GET /ysbio/wdc/lafpark03.jpg HTTP/1.1" 200 124804 "https://ysfine.com/ysbio/wdc/wasdc.html" "Mozilla/5.0 (Windows NT 10.0; Win64; x64) AppleWebKit/537.36 (KHTML, like Gecko) Chrome/107.0.0.0 Safari/537.36" "ysfine.com"
157.55.39.17 - - [04/Nov/2022:21:22:58 -0700] "GET /ysbio/feynman/feyphil.html HTTP/1.1" 200 3324 "-" "Mozilla/5.0 AppleWebKit/537.36 (KHTML, like Gecko; compatible; bingbot/2.0; +http://www.bing.com/bingbot.htm) Chrome/103.0.5060.134 Safari/537.36" "ysfine.com"
