157.55.39.76 - - [05/Nov/2022:05:12:59 -0700] "GET /world/france/sorbonne08.jpg HTTP/1.1" 200 125695 "-" "Mozilla/5.0 AppleWebKit/537.36 (KHTML, like Gecko; compatible; bingbot/2.0; +http://www.bing.com/bingbot.htm) Chrome/103.0.5060.134 Safari/537.36" "ysfine.com"
65.108.231.158 - - [05/Nov/2022:05:12:59 -0700] "GET /ysbio/world/china/guang03.jpg HTTP/1.1" 200 158605 "-" "Mozilla/5.0 (compatible; MJ12bot/v1.4.8; http://mj12bot.com/)" "www.ysfine.com"
65.108.231.158 - - [05/Nov/2022:05:13:01 -0700] "GET /ysbio/world/china/guang84.jpg HTTP/1.1" 200 168533 "-" "Mozilla/5.0 (compatible; MJ12bot/v1.4.8; http://mj12bot.com/)" "www.ysfine.com"
65.108.231.158 - - [05/Nov/2022:05:13:03 -0700] "GET /ysbio/world/china/hongkong.html HTTP/1.1" 200 4914 "-" "Mozilla/5.0 (compatible; MJ12bot/v1.4.8; http://mj12bot.com/)" "www.ysfine.com"
65.108.231.158 - - [05/Nov/2022:05:13:05 -0700] "GET /ysbio/world/china/nanjing25.jpg HTTP/1.1" 200 220416 "-" "Mozilla/5.0 (compatible; MJ12bot/v1.4.8; http://mj12bot.com/)" "www.ysfine.com"
65.108.231.158 - - [05/Nov/2022:05:13:07 -0700] "GET /ysbio/world/china/nanjing50.jpg HTTP/1.1" 200 113518 "-" "Mozilla/5.0 (compatible; MJ12bot/v1.4.8; http://mj12bot.com/)" "www.ysfine.com"
65.108.231.158 - - [05/Nov/2022:05:13:09 -0700] "GET /ysbio/world/china/nanjing55.jpg HTTP/1.1" 200 114487 "-" "Mozilla/5.0 (compatible; MJ12bot/v1.4.8; http://mj12bot.com/)" "www.ysfine.com"
65.108.231.158 - - [05/Nov/2022:05:13:11 -0700] "GET /ysbio/world/china/opium01.jpg HTTP/1.1" 200 166936 "-" "Mozilla/5.0 (compatible; MJ12bot/v1.4.8; http://mj12bot.com/)" "www.ysfine.com"
65.108.231.158 - - [05/Nov/2022:05:13:13 -0700] "GET /ysbio/world/china/shanghai003.jpg HTTP/1.1" 200 180049 "-" "Mozilla/5.0 (compatible; MJ12bot/v1.4.8; http://mj12bot.com/)" "www.ysfine.com"
65.108.231.158 - - [05/Nov/2022:05:13:14 -0700] "GET /ysbio/world/china/shanghai008.jpg HTTP/1.1" 200 162156 "-" "Mozilla/5.0 (compatible; MJ12bot/v1.4.8; http://mj12bot.com/)" "www.ysfine.com"
65.108.231.158 - - [05/Nov/2022:05:13:17 -0700] "GET /ysbio/world/china/shanghai022.jpg HTTP/1.1" 200 76425 "-" "Mozilla/5.0 (compatible; MJ12bot/v1.4.8; http://mj12bot.com/)" "www.ysfine.com"
65.108.231.158 - - [05/Nov/2022:05:13:18 -0700] "GET /ysbio/world/china/shanghai023.jpg HTTP/1.1" 200 83022 "-" "Mozilla/5.0 (compatible; MJ12bot/v1.4.8; http://mj12bot.com/)" "www.ysfine.com"
65.108.231.158 - - [05/Nov/2022:05:13:20 -0700] "GET /ysbio/world/china/shanghai025.jpg HTTP/1.1" 200 142494 "-" "Mozilla/5.0 (compatible; MJ12bot/v1.4.8; http://mj12bot.com/)" "www.ysfine.com"
65.108.231.158 - - [05/Nov/2022:05:13:22 -0700] "GET /ysbio/world/china/shanghai050.jpg HTTP/1.1" 200 84807 "-" "Mozilla/5.0 (compatible; MJ12bot/v1.4.8; http://mj12bot.com/)" "www.ysfine.com"
65.108.231.158 - - [05/Nov/2022:05:13:24 -0700] "GET /ysbio/world/china/shanghai052.jpg HTTP/1.1" 200 78955 "-" "Mozilla/5.0 (compatible; MJ12bot/v1.4.8; http://mj12bot.com/)" "www.ysfine.com"
65.108.231.158 - - [05/Nov/2022:05:13:26 -0700] "GET /ysbio/world/china/shanghai053.jpg HTTP/1.1" 200 97058 "-" "Mozilla/5.0 (compatible; MJ12bot/v1.4.8; http://mj12bot.com/)" "www.ysfine.com"
65.108.231.158 - - [05/Nov/2022:05:13:28 -0700] "GET /ysbio/world/china/shanghai101.jpg HTTP/1.1" 200 107996 "-" "Mozilla/5.0 (compatible; MJ12bot/v1.4.8; http://mj12bot.com/)" "www.ysfine.com"
65.108.231.158 - - [05/Nov/2022:05:13:30 -0700] "GET /ysbio/world/china/shanghai102.jpg HTTP/1.1" 200 77267 "-" "Mozilla/5.0 (compatible; MJ12bot/v1.4.8; http://mj12bot.com/)" "www.ysfine.com"
157.55.39.17 - - [05/Nov/2022:05:13:31 -0700] "GET /kowar/tanks/tank05c.jpg HTTP/1.1" 200 33583 "-" "Mozilla/5.0 AppleWebKit/537.36 (KHTML, like Gecko; compatible; bingbot/2.0; +http://www.bing.com/bingbot.htm) Chrome/103.0.5060.134 Safari/537.36" "www.ysfine.com"
65.108.231.158 - - [05/Nov/2022:05:13:32 -0700] "GET /ysbio/world/china/shanghai103.jpg HTTP/1.1" 200 100003 "-" "Mozilla/5.0 (compatible; MJ12bot/v1.4.8; http://mj12bot.com/)" "www.ysfine.com"
65.108.231.158 - - [05/Nov/2022:05:13:34 -0700] "GET /ysbio/world/china/shenyang03.jpg HTTP/1.1" 200 150633 "-" "Mozilla/5.0 (compatible; MJ12bot/v1.4.8; http://mj12bot.com/)" "www.ysfine.com"
40.86.101.253 - - [05/Nov/2022:05:13:36 -0700] "GET /home/fotos/photo04c.jpg HTTP/1.1" 200 39964 "https://ysfine.com/home/fotos" "Mozilla/5.0 (Windows NT 10.0; Win64; x64) AppleWebKit/537.36 (KHTML, like Gecko) Chrome/74.0.3729.157 Safari/537.36" "ysfine.com"
65.108.231.158 - - [05/Nov/2022:05:13:37 -0700] "GET /ysbio/world/china/shenyang06.jpg HTTP/1.1" 200 32800 "-" "Mozilla/5.0 (compatible; MJ12bot/v1.4.8; http://mj12bot.com/)" "www.ysfine.com"
65.108.231.158 - - [05/Nov/2022:05:13:39 -0700] "GET /ysbio/world/china/shenyang07.jpg HTTP/1.1" 200 95074 "-" "Mozilla/5.0 (compatible; MJ12bot/v1.4.8; http://mj12bot.com/)" "www.ysfine.com"
65.108.231.158 - - [05/Nov/2022:05:13:41 -0700] "GET /ysbio/world/china/shenyang08.jpg HTTP/1.1" 200 109688 "-" "Mozilla/5.0 (compatible; MJ12bot/v1.4.8; http://mj12bot.com/)" "www.ysfine.com"
20.12.191.74 - - [05/Nov/2022:05:13:41 -0700] "GET /style/mieko11b.jpg HTTP/1.1" 200 53779 "https://ysfine.com/style" "Mozilla/5.0 (X11; Linux x86_64) AppleWebKit/537.36 (KHTML, like Gecko) Chrome/74.0.3729.169 Safari/537.36" "ysfine.com"
65.108.231.158 - - [05/Nov/2022:05:13:42 -0700] "GET /ysbio/world/china/shenyang09.jpg HTTP/1.1" 200 102613 "-" "Mozilla/5.0 (compatible; MJ12bot/v1.4.8; http://mj12bot.com/)" "www.ysfine.com"
65.108.231.158 - - [05/Nov/2022:05:13:44 -0700] "GET /ysbio/world/china/shenyang10.jpg HTTP/1.1" 200 145872 "-" "Mozilla/5.0 (compatible; MJ12bot/v1.4.8; http://mj12bot.com/)" "www.ysfine.com"
65.108.231.158 - - [05/Nov/2022:05:13:46 -0700] "GET /ysbio/world/china/shenyang11.jpg HTTP/1.1" 200 135727 "-" "Mozilla/5.0 (compatible; MJ12bot/v1.4.8; http://mj12bot.com/)" "www.ysfine.com"
65.108.231.158 - - [05/Nov/2022:05:13:49 -0700] "GET /ysbio/world/china/shenyang12.jpg HTTP/1.1" 200 143686 "-" "Mozilla/5.0 (compatible; MJ12bot/v1.4.8; http://mj12bot.com/)" "www.ysfine.com"
65.108.231.158 - - [05/Nov/2022:05:13:50 -0700] "GET /ysbio/world/china/shenyang13.jpg HTTP/1.1" 200 100178 "-" "Mozilla/5.0 (compatible; MJ12bot/v1.4.8; http://mj12bot.com/)" "www.ysfine.com"
65.108.231.158 - - [05/Nov/2022:05:13:52 -0700] "GET /ysbio/world/china/shenyang14.jpg HTTP/1.1" 200 103066 "-" "Mozilla/5.0 (compatible; MJ12bot/v1.4.8; http://mj12bot.com/)" "www.ysfine.com"
187.60.46.46 - - [05/Nov/2022:05:13:52 -0700] "GET /wigner/neum/vnc01.jpg HTTP/1.1" 200 133641 "https://sites.google.com/" "Mozilla/5.0 (Linux; Android 11; SM-A115M) AppleWebKit/537.36 (KHTML, like Gecko) Chrome/106.0.0.0 Mobile Safari/537.36" "ysfine.com"
65.108.231.158 - - [05/Nov/2022:05:13:54 -0700] "GET /ysbio/world/china/shenyang15.jpg HTTP/1.1" 200 116699 "-" "Mozilla/5.0 (compatible; MJ12bot/v1.4.8; http://mj12bot.com/)" "www.ysfine.com"
65.108.231.158 - - [05/Nov/2022:05:13:56 -0700] "GET /ysbio/world/china/shenyang16.jpg HTTP/1.1" 200 100894 "-" "Mozilla/5.0 (compatible; MJ12bot/v1.4.8; http://mj12bot.com/)" "www.ysfine.com"
65.108.231.158 - - [05/Nov/2022:05:13:58 -0700] "GET /ysbio/world/china/shenyang18.jpg HTTP/1.1" 200 136304 "-" "Mozilla/5.0 (compatible; MJ12bot/v1.4.8; http://mj12bot.com/)" "www.ysfine.com"
65.108.231.158 - - [05/Nov/2022:05:14:00 -0700] "GET /ysbio/world/china/shenyang20.jpg HTTP/1.1" 200 101418 "-" "Mozilla/5.0 (compatible; MJ12bot/v1.4.8; http://mj12bot.com/)" "www.ysfine.com"
20.106.28.17 - - [05/Nov/2022:05:14:18 -0700] "GET /home/truck/truck21a.jpg HTTP/1.1" 200 44628 "https://ysfine.com/home/truck" "Mozilla/5.0 (Macintosh; Intel Mac OS X 10_11_6) AppleWebKit/605.1.15 (KHTML, like Gecko) Version/11.1.2 Safari/605.1.15" "ysfine.com"
20.29.110.168 - - [05/Nov/2022:05:14:34 -0700] "GET /ffriends/amkor/amcun55c.jpg HTTP/1.1" 200 32929 "https://ysfine.com/ffriends/amkor" "Mozilla/5.0 (Macintosh; Intel Mac OS X 10_11_6) AppleWebKit/605.1.15 (KHTML, like Gecko) Version/11.1.2 Safari/605.1.15" "ysfine.com"
157.55.39.17 - - [05/Nov/2022:05:14:41 -0700] "GET /world/germany/hegel09b.jpg HTTP/1.1" 200 46010 "-" "Mozilla/5.0 AppleWebKit/537.36 (KHTML, like Gecko; compatible; bingbot/2.0; +http://www.bing.com/bingbot.htm) Chrome/103.0.5060.134 Safari/537.36" "ysfine.com"
157.55.39.17 - - [05/Nov/2022:05:14:52 -0700] "GET /ysbio/maga/phil/sisfa12/index.html HTTP/1.1" 200 148 "-" "Mozilla/5.0 (compatible; bingbot/2.0; +http://www.bing.com/bingbot.htm)" "ysfine.com"
157.55.39.76 - - [05/Nov/2022:05:14:57 -0700] "GET /bio/sbk/1950.html HTTP/1.1" 404 88 "-" "Mozilla/5.0 (compatible; bingbot/2.0; +http://www.bing.com/bingbot.htm)" "ysfine.com"
157.55.39.76 - - [05/Nov/2022:05:15:50 -0700] "GET /bio/style/artlove.html HTTP/1.1" 404 88 "-" "Mozilla/5.0 (compatible; bingbot/2.0; +http://www.bing.com/bingbot.htm)" "ysfine.com"
40.77.167.68 - - [05/Nov/2022:05:16:03 -0700] "GET /style/bachkova11b.jpg HTTP/1.1" 200 45475 "-" "Mozilla/5.0 (compatible; bingbot/2.0; +http://www.bing.com/bingbot.htm)" "ysfine.com"
20.12.191.73 - - [05/Nov/2022:05:16:03 -0700] "GET /style/music/berlino12b.jpg HTTP/1.1" 200 31685 "http://ysfine.com/style/music" "Mozilla/5.0 (X11; Linux x86_64) AppleWebKit/537.36 (KHTML, like Gecko) Chrome/74.0.3729.169 Safari/537.36" "ysfine.com"
157.55.39.17 - - [05/Nov/2022:05:16:07 -0700] "GET /ysbio/philo/sisfa12/r12left.html HTTP/1.1" 200 662 "-" "Mozilla/5.0 AppleWebKit/537.36 (KHTML, like Gecko; compatible; bingbot/2.0; +http://www.bing.com/bingbot.htm) Chrome/103.0.5060.134 Safari/537.36" "ysfine.com"
157.55.39.76 - - [05/Nov/2022:05:16:09 -0700] "GET /maga/invent/tesla11.jpg HTTP/1.1" 200 100086 "-" "Mozilla/5.0 (compatible; bingbot/2.0; +http://www.bing.com/bingbot.htm)" "www.ysfine.com"
40.122.195.128 - - [05/Nov/2022:05:16:23 -0700] "GET /world/russ/twosis11b.jpg HTTP/1.1" 200 35693 "http://ysfine.com/world/russ" "Mozilla/5.0 (X11; Linux x86_64) AppleWebKit/537.36 (KHTML, like Gecko) Chrome/74.0.3729.169 Safari/537.36" "ysfine.com"
31.18.228.25 - - [05/Nov/2022:05:16:27 -0700] "GET /maga/phys/landau35b.jpg HTTP/1.1" 200 26143 "https://www.google.com/" "Mozilla/5.0 (Linux; Android 12; SM-A528B) AppleWebKit/537.36 (KHTML, like Gecko) Chrome/101.0.4951.41 Mobile Safari/537.36 (Ecosia android@101.0.4951.41)" "ysfine.com"
40.86.101.252 - - [05/Nov/2022:05:17:02 -0700] "GET /dirac/gaussian33aa.jpg HTTP/1.1" 200 34798 "http://ysfine.com/dirac" "Mozilla/5.0 (Windows NT 10.0; Win64; x64) AppleWebKit/537.36 (KHTML, like Gecko) Chrome/74.0.3729.157 Safari/537.36" "ysfine.com"
93.158.161.40 - - [05/Nov/2022:05:17:02 -0700] "GET /robots.txt HTTP/1.1" 404 73 "-" "Mozilla/5.0 (compatible; YandexBot/3.0; +http://yandex.com/bots)" "www.ysfine.com"
20.109.241.98 - - [05/Nov/2022:05:17:05 -0700] "GET /world/ital/coloss04b.jpg HTTP/1.1" 200 42090 "http://ysfine.com/world/ital" "Mozilla/5.0 (iPhone; CPU iPhone OS 13_5_1 like Mac OS X) AppleWebKit/605.1.15 (KHTML, like Gecko) Version/13.1.1 Mobile/15E148 Safari/604.1" "ysfine.com"
93.158.161.40 - - [05/Nov/2022:05:17:06 -0700] "GET /beau/polandf.html HTTP/1.1" 404 88 "-" "Mozilla/5.0 (compatible; YandexBot/3.0; +http://yandex.com/bots)" "www.ysfine.com"
40.122.195.128 - - [05/Nov/2022:05:17:23 -0700] "GET /style/music/franko22b.jpg HTTP/1.1" 200 43358 "http://ysfine.com/style/music" "Mozilla/5.0 (iPhone; CPU iPhone OS 13_5_1 like Mac OS X) AppleWebKit/605.1.15 (KHTML, like Gecko) Version/13.1.1 Mobile/15E148 Safari/604.1" "ysfine.com"
40.77.167.71 - - [05/Nov/2022:05:17:34 -0700] "GET /ysbio/wisdom/quovadis.html HTTP/1.1" 200 3582 "-" "Mozilla/5.0 (compatible; bingbot/2.0; +http://www.bing.com/bingbot.htm)" "ysfine.com"
157.55.39.65 - - [05/Nov/2022:05:17:48 -0700] "GET /sbk/1981montr11c.jpg HTTP/1.1" 200 49585 "-" "Mozilla/5.0 AppleWebKit/537.36 (KHTML, like Gecko; compatible; bingbot/2.0; +http://www.bing.com/bingbot.htm) Chrome/103.0.5060.134 Safari/537.36" "www.ysfine.com"
157.55.39.65 - - [05/Nov/2022:05:17:58 -0700] "GET /world/scandi/copenf36.jpg HTTP/1.1" 200 94133 "-" "Mozilla/5.0 AppleWebKit/537.36 (KHTML, like Gecko; compatible; bingbot/2.0; +http://www.bing.com/bingbot.htm) Chrome/103.0.5060.134 Safari/537.36" "ysfine.com"
20.109.241.98 - - [05/Nov/2022:05:18:11 -0700] "GET /einstein/newtein11a.jpg HTTP/1.1" 200 58594 "http://ysfine.com/einstein" "Mozilla/5.0 (iPhone; CPU iPhone OS 13_5_1 like Mac OS X) AppleWebKit/605.1.15 (KHTML, like Gecko) Version/13.1.1 Mobile/15E148 Safari/604.1" "ysfine.com"
157.55.39.76 - - [05/Nov/2022:05:18:49 -0700] "GET /princeton/ysrhee33.jpg HTTP/1.1" 200 112060 "-" "Mozilla/5.0 AppleWebKit/537.36 (KHTML, like Gecko; compatible; bingbot/2.0; +http://www.bing.com/bingbot.htm) Chrome/103.0.5060.134 Safari/537.36" "ysfine.com"
40.77.167.71 - - [05/Nov/2022:05:19:44 -0700] "GET /class54/weheard628.html HTTP/1.1" 200 1613 "-" "Mozilla/5.0 (compatible; bingbot/2.0; +http://www.bing.com/bingbot.htm)" "www.ysfine.com"
77.88.5.233 - - [05/Nov/2022:05:19:46 -0700] "GET /wdc/wasdc.html HTTP/1.1" 200 13715 "-" "Mozilla/5.0 (compatible; YandexBot/3.0; +http://yandex.com/bots)" "www.ysfine.com"
20.29.110.169 - - [05/Nov/2022:05:19:51 -0700] "GET /world/russ/redsq15b.jpg HTTP/1.1" 200 41496 "https://ysfine.com/world/russ" "Mozilla/5.0 (Macintosh; Intel Mac OS X 10_11_6) AppleWebKit/605.1.15 (KHTML, like Gecko) Version/11.1.2 Safari/605.1.15" "ysfine.com"
20.106.28.17 - - [05/Nov/2022:05:20:08 -0700] "GET /world/brit/loncafe12.jpg HTTP/1.1" 200 65041 "https://ysfine.com/world/brit" "Mozilla/5.0 (Windows NT 10.0; Win64; x64) AppleWebKit/537.36 (KHTML, like Gecko) Chrome/74.0.3729.157 Safari/537.36" "ysfine.com"
157.55.39.65 - - [05/Nov/2022:05:20:08 -0700] "GET /kowar/tanks/sherman43.jpg HTTP/1.1" 200 78963 "-" "Mozilla/5.0 (compatible; bingbot/2.0; +http://www.bing.com/bingbot.htm)" "ysfine.com"
40.86.101.252 - - [05/Nov/2022:05:20:15 -0700] "GET /friends/gatti06b.jpg HTTP/1.1" 404 88 "https://ysfine.com/friends" "Mozilla/5.0 (Linux; Android 10; SM-G960U) AppleWebKit/537.36 (KHTML, like Gecko) Chrome/88.0.4324.181 Mobile Safari/537.36" "ysfine.com"
51.222.253.11 - - [05/Nov/2022:05:20:28 -0700] "GET / HTTP/1.1" 200 5283 "-" "Mozilla/5.0 (compatible; AhrefsBot/7.0; +http://ahrefs.com/robot/)" "ysfine.com"
20.106.28.16 - - [05/Nov/2022:05:20:37 -0700] "GET /world/brit/firew07.jpg HTTP/1.1" 200 75244 "https://ysfine.com/world/brit" "Mozilla/5.0 (Windows NT 10.0; Win64; x64) AppleWebKit/537.36 (KHTML, like Gecko) Chrome/74.0.3729.157 Safari/537.36" "ysfine.com"
157.55.39.65 - - [05/Nov/2022:05:20:41 -0700] "GET /bio/kobak/shortw.html HTTP/1.1" 404 88 "-" "Mozilla/5.0 (compatible; bingbot/2.0; +http://www.bing.com/bingbot.htm)" "ysfine.com"
40.77.167.27 - - [05/Nov/2022:05:21:11 -0700] "GET /world/baltic/riga32.jpg HTTP/1.1" 200 72804 "-" "Mozilla/5.0 (compatible; bingbot/2.0; +http://www.bing.com/bingbot.htm)" "ysfine.com"
157.55.39.17 - - [05/Nov/2022:05:21:22 -0700] "GET /wdc/treasury11.jpg HTTP/1.1" 200 233840 "-" "Mozilla/5.0 (compatible; bingbot/2.0; +http://www.bing.com/bingbot.htm)" "www.ysfine.com"
157.55.39.65 - - [05/Nov/2022:05:21:38 -0700] "GET /style/cameras/lumixfan11.jpg HTTP/1.1" 200 81585 "-" "Mozilla/5.0 (compatible; bingbot/2.0; +http://www.bing.com/bingbot.htm)" "www.ysfine.com"
40.77.51.81 - - [05/Nov/2022:05:21:49 -0700] "GET /world/hungary/buda113b.jpg HTTP/1.1" 200 38369 "http://www.ysfine.com/world/hungary" "Mozilla/5.0 (X11; Linux x86_64) AppleWebKit/537.36 (KHTML, like Gecko) Chrome/74.0.3729.169 Safari/537.36" "www.ysfine.com"
20.29.110.169 - - [05/Nov/2022:05:21:52 -0700] "GET /world/eve/russwas05b.jpg HTTP/1.1" 404 88 "https://ysfine.com/world/eve" "Mozilla/5.0 (iPhone; CPU iPhone OS 13_5_1 like Mac OS X) AppleWebKit/605.1.15 (KHTML, like Gecko) Version/13.1.1 Mobile/15E148 Safari/604.1" "ysfine.com"
40.77.167.68 - - [05/Nov/2022:05:22:45 -0700] "GET /ysbio/world/season.html HTTP/1.1" 200 23901 "-" "Mozilla/5.0 AppleWebKit/537.36 (KHTML, like Gecko; compatible; bingbot/2.0; +http://www.bing.com/bingbot.htm) Chrome/103.0.5060.134 Safari/537.36" "ysfine.com"
114.119.132.65 - - [05/Nov/2022:05:23:20 -0700] "GET /robots.txt HTTP/1.1" 404 88 "-" "Mozilla/5.0 (compatible;PetalBot;+https://webmaster.petalsearch.com/site/petalbot)" "ysfine.com"
157.55.39.65 - - [05/Nov/2022:05:24:11 -0700] "GET /bio/style/ystyle.html HTTP/1.1" 404 88 "-" "Mozilla/5.0 (compatible; bingbot/2.0; +http://www.bing.com/bingbot.htm)" "ysfine.com"
40.77.167.27 - - [05/Nov/2022:05:24:21 -0700] "GET /world/russ/zul00.jpg HTTP/1.1" 200 242645 "-" "Mozilla/5.0 (compatible; bingbot/2.0; +http://www.bing.com/bingbot.htm)" "ysfine.com"
157.55.39.65 - - [05/Nov/2022:05:24:50 -0700] "GET /ysbio/folks/soldiers.html HTTP/1.1" 200 4685 "-" "Mozilla/5.0 AppleWebKit/537.36 (KHTML, like Gecko; compatible; bingbot/2.0; +http://www.bing.com/bingbot.htm) Chrome/103.0.5060.134 Safari/537.36" "ysfine.com"
157.55.39.17 - - [05/Nov/2022:05:24:55 -0700] "GET /world/germany/trier15.jpg HTTP/1.1" 200 287871 "-" "Mozilla/5.0 (compatible; bingbot/2.0; +http://www.bing.com/bingbot.htm)" "ysfine.com"
20.29.110.169 - - [05/Nov/2022:05:25:01 -0700] "GET /houses/house34c.jpg HTTP/1.1" 200 22712 "https://ysfine.com/houses" "Mozilla/5.0 (Macintosh; Intel Mac OS X 10_11_6) AppleWebKit/605.1.15 (KHTML, like Gecko) Version/11.1.2 Safari/605.1.15" "ysfine.com"
123.183.224.88 - - [05/Nov/2022:05:25:48 -0700] "GET / HTTP/1.1" 200 5283 "-" "Sogou web spider/4.0(+http://www.sogou.com/docs/help/webmasters.htm#07)" "www.ysfine.com"
40.122.230.189 - - [05/Nov/2022:05:26:06 -0700] "GET /world/china/nanjing01c.jpg HTTP/1.1" 200 42801 "https://ysfine.com/world/china" "Mozilla/5.0 (Macintosh; Intel Mac OS X 10_11_6) AppleWebKit/605.1.15 (KHTML, like Gecko) Version/11.1.2 Safari/605.1.15" "ysfine.com"
212.191.6.126 - - [05/Nov/2022:05:26:06 -0700] "GET /world/baltic/kantname11.jpg HTTP/1.1" 200 140735 "https://www.google.pl/" "Mozilla/5.0 (iPhone; CPU iPhone OS 16_0_3 like Mac OS X) AppleWebKit/605.1.15 (KHTML, like Gecko) Version/16.0 Mobile/15E148 Safari/604.1" "ysfine.com"
216.244.66.229 - - [05/Nov/2022:05:26:08 -0700] "GET /robots.txt HTTP/1.1" 404 73 "-" "Mozilla/5.0 (compatible; DotBot/1.2; +https://opensiteexplorer.org/dotbot; help@moz.com)" "www.ysfine.com"
157.55.39.76 - - [05/Nov/2022:05:26:21 -0700] "GET /world/brit/dunf12.jpg HTTP/1.1" 200 119023 "-" "Mozilla/5.0 AppleWebKit/537.36 (KHTML, like Gecko; compatible; bingbot/2.0; +http://www.bing.com/bingbot.htm) Chrome/103.0.5060.134 Safari/537.36" "www.ysfine.com"
40.86.101.252 - - [05/Nov/2022:05:26:22 -0700] "GET /style/jpsingap01b.jpg HTTP/1.1" 200 52443 "https://www.ysfine.com/style" "Mozilla/5.0 (Macintosh; Intel Mac OS X 10_11_6) AppleWebKit/605.1.15 (KHTML, like Gecko) Version/11.1.2 Safari/605.1.15" "www.ysfine.com"
51.222.253.18 - - [05/Nov/2022:05:26:39 -0700] "GET /philo/kant.html HTTP/1.1" 200 8179 "-" "Mozilla/5.0 (compatible; AhrefsBot/7.0; +http://ahrefs.com/robot/)" "ysfine.com"
40.86.101.166 - - [05/Nov/2022:05:26:40 -0700] "GET /world/russ/vic23b.jpg HTTP/1.1" 200 36030 "http://www.ysfine.com/world/russ" "Mozilla/5.0 (Linux; Android 10; SM-G960U) AppleWebKit/537.36 (KHTML, like Gecko) Chrome/88.0.4324.181 Mobile Safari/537.36" "www.ysfine.com"
40.77.167.27 - - [05/Nov/2022:05:27:03 -0700] "GET /world/russ/spbf29.jpg HTTP/1.1" 200 191163 "-" "Mozilla/5.0 AppleWebKit/537.36 (KHTML, like Gecko; compatible; bingbot/2.0; +http://www.bing.com/bingbot.htm) Chrome/103.0.5060.134 Safari/537.36" "www.ysfine.com"
157.55.39.17 - - [05/Nov/2022:05:27:04 -0700] "GET /class54/tallm09b.jpg HTTP/1.1" 200 43676 "-" "Mozilla/5.0 AppleWebKit/537.36 (KHTML, like Gecko; compatible; bingbot/2.0; +http://www.bing.com/bingbot.htm) Chrome/103.0.5060.134 Safari/537.36" "ysfine.com"
157.55.39.17 - - [05/Nov/2022:05:27:05 -0700] "GET /bio/einstein/bern.html HTTP/1.1" 404 88 "-" "Mozilla/5.0 AppleWebKit/537.36 (KHTML, like Gecko; compatible; bingbot/2.0; +http://www.bing.com/bingbot.htm) Chrome/103.0.5060.134 Safari/537.36" "ysfine.com"
20.109.241.81 - - [05/Nov/2022:05:27:49 -0700] "GET /newyork/litaly01c.jpg HTTP/1.1" 200 33305 "https://ysfine.com/newyork" "Mozilla/5.0 (Macintosh; Intel Mac OS X 10_11_6) AppleWebKit/605.1.15 (KHTML, like Gecko) Version/11.1.2 Safari/605.1.15" "ysfine.com"
40.77.167.27 - - [05/Nov/2022:05:27:53 -0700] "GET /ysbio/maga/phil/tao15.pdf HTTP/1.1" 200 249510 "-" "Mozilla/5.0 (compatible; bingbot/2.0; +http://www.bing.com/bingbot.htm)" "ysfine.com"
40.77.167.27 - - [05/Nov/2022:05:28:12 -0700] "GET /style/musee/pradom31.jpg HTTP/1.1" 200 439176 "-" "Mozilla/5.0 AppleWebKit/537.36 (KHTML, like Gecko; compatible; bingbot/2.0; +http://www.bing.com/bingbot.htm) Chrome/103.0.5060.134 Safari/537.36" "ysfine.com"
51.222.253.13 - - [05/Nov/2022:05:29:43 -0700] "GET /ysbio/maga/sanchez.html HTTP/1.1" 200 1278 "-" "Mozilla/5.0 (compatible; AhrefsBot/7.0; +http://ahrefs.com/robot/)" "www.ysfine.com"
51.222.253.2 - - [05/Nov/2022:05:29:51 -0700] "GET /ysbio/maga/phys/norma.jpg HTTP/1.1" 200 24824 "-" "Mozilla/5.0 (compatible; AhrefsBot/7.0; +http://ahrefs.com/robot/)" "www.ysfine.com"
51.222.253.18 - - [05/Nov/2022:05:29:56 -0700] "GET /ysbio/maga/phys/norma2.jpg HTTP/1.1" 200 59261 "-" "Mozilla/5.0 (compatible; AhrefsBot/7.0; +http://ahrefs.com/robot/)" "www.ysfine.com"
20.29.110.168 - - [05/Nov/2022:05:30:10 -0700] "GET /world/hungary/buda111b.jpg HTTP/1.1" 200 31534 "https://www.ysfine.com/world/hungary" "Mozilla/5.0 (Windows NT 10.0; Win64; x64) AppleWebKit/537.36 (KHTML, like Gecko) Chrome/74.0.3729.157 Safari/537.36" "www.ysfine.com"
20.29.111.244 - - [05/Nov/2022:05:30:27 -0700] "GET /eink/tollwig11c.jpg HTTP/1.1" 200 30318 "https://ysfine.com/eink" "Mozilla/5.0 (iPhone; CPU iPhone OS 13_5_1 like Mac OS X) AppleWebKit/605.1.15 (KHTML, like Gecko) Version/13.1.1 Mobile/15E148 Safari/604.1" "ysfine.com"
40.77.167.27 - - [05/Nov/2022:05:30:35 -0700] "GET /home/dashen.html HTTP/1.1" 200 4015 "-" "Mozilla/5.0 (compatible; bingbot/2.0; +http://www.bing.com/bingbot.htm)" "www.ysfine.com"
13.67.224.13 - - [05/Nov/2022:05:30:57 -0700] "GET /style/sicily22b.jpg HTTP/1.1" 200 42594 "http://ysfine.com/style" "Mozilla/5.0 (Linux; Android 10; SM-G960U) AppleWebKit/537.36 (KHTML, like Gecko) Chrome/88.0.4324.181 Mobile Safari/537.36" "ysfine.com"
20.109.241.96 - - [05/Nov/2022:05:31:00 -0700] "GET /world/russ/spb23b.jpg HTTP/1.1" 200 49590 "http://www.ysfine.com/world/russ" "Mozilla/5.0 (X11; Linux x86_64) AppleWebKit/537.36 (KHTML, like Gecko) Chrome/74.0.3729.169 Safari/537.36" "www.ysfine.com"
40.86.101.254 - - [05/Nov/2022:05:31:32 -0700] "GET /world/russ/basil23b.jpg HTTP/1.1" 200 54658 "https://www.ysfine.com/world/russ" "Mozilla/5.0 (Windows NT 10.0; Win64; x64) AppleWebKit/537.36 (KHTML, like Gecko) Chrome/74.0.3729.157 Safari/537.36" "www.ysfine.com"
20.29.110.168 - - [05/Nov/2022:05:32:38 -0700] "GET /sbk/2009jac11c.jpg HTTP/1.1" 200 42970 "https://ysfine.com/sbk" "Mozilla/5.0 (X11; Linux x86_64) AppleWebKit/537.36 (KHTML, like Gecko) Chrome/74.0.3729.169 Safari/537.36" "ysfine.com"
51.222.253.10 - - [05/Nov/2022:05:32:39 -0700] "GET /wigner/neum/futcomp.html HTTP/1.1" 200 1986 "-" "Mozilla/5.0 (compatible; AhrefsBot/7.0; +http://ahrefs.com/robot/)" "ysfine.com"
40.77.167.71 - - [05/Nov/2022:05:32:46 -0700] "GET /bio/feynman/feynbot.html HTTP/1.1" 404 88 "-" "Mozilla/5.0 AppleWebKit/537.36 (KHTML, like Gecko; compatible; bingbot/2.0; +http://www.bing.com/bingbot.htm) Chrome/103.0.5060.134 Safari/537.36" "ysfine.com"
157.55.39.76 - - [05/Nov/2022:05:33:21 -0700] "GET /world/israel/tlvf18.jpg HTTP/1.1" 200 189865 "-" "Mozilla/5.0 AppleWebKit/537.36 (KHTML, like Gecko; compatible; bingbot/2.0; +http://www.bing.com/bingbot.htm) Chrome/103.0.5060.134 Safari/537.36" "ysfine.com"
157.55.39.76 - - [05/Nov/2022:05:33:41 -0700] "GET /maga/invent/joak11b.jpg HTTP/1.1" 200 40558 "-" "Mozilla/5.0 AppleWebKit/537.36 (KHTML, like Gecko; compatible; bingbot/2.0; +http://www.bing.com/bingbot.htm) Chrome/103.0.5060.134 Safari/537.36" "ysfine.com"
40.77.167.27 - - [05/Nov/2022:05:33:46 -0700] "GET /ysbio/kobak/sebiro.html HTTP/1.1" 200 8969 "-" "Mozilla/5.0 AppleWebKit/537.36 (KHTML, like Gecko; compatible; bingbot/2.0; +http://www.bing.com/bingbot.htm) Chrome/103.0.5060.134 Safari/537.36" "ysfine.com"
51.241.0.184 - - [05/Nov/2022:05:33:50 -0700] "GET /kowar/panmun04.jpg HTTP/1.1" 200 126386 "https://www.google.com/" "Mozilla/5.0 (Linux; Android 11; SM-A405FN) AppleWebKit/537.36 (KHTML, like Gecko) Chrome/107.0.0.0 Mobile Safari/537.36" "ysfine.com"
125.209.235.169 - - [05/Nov/2022:05:34:04 -0700] "GET /robots.txt HTTP/1.1" 404 88 "-" "Mozilla/5.0 (compatible; Yeti/1.1; +https://naver.me/spd)" "ysfine.com"
125.209.235.181 - - [05/Nov/2022:05:34:09 -0700] "GET /robots.txt HTTP/1.1" 404 88 "-" "Mozilla/5.0 (compatible; Yeti/1.1; +https://naver.me/spd)" "ysfine.com"
114.111.32.175 - - [05/Nov/2022:05:34:10 -0700] "GET / HTTP/1.1" 200 5283 "-" "Mozilla/5.0 (compatible; Yeti/1.1; +https://naver.me/spd)" "ysfine.com"
157.55.39.76 - - [05/Nov/2022:05:34:21 -0700] "GET /world/brit/harrow08.jpg HTTP/1.1" 200 106273 "-" "Mozilla/5.0 (compatible; bingbot/2.0; +http://www.bing.com/bingbot.htm)" "ysfine.com"
51.104.180.47 - - [05/Nov/2022:05:34:52 -0700] "GET /maga/phys/heisen22.jpg HTTP/1.1" 200 82807 "http://ysfine.com/maga/phys/heisen22.jpg" "DuckDuckBot/1.1; (+http://duckduckgo.com/duckduckbot.html)" "ysfine.com"
40.77.51.85 - - [05/Nov/2022:05:35:11 -0700] "GET /world/poland/krk01b.jpg HTTP/1.1" 200 38330 "https://ysfine.com/world/poland" "Mozilla/5.0 (Windows NT 10.0; Win64; x64) AppleWebKit/537.36 (KHTML, like Gecko) Chrome/74.0.3729.157 Safari/537.36" "ysfine.com"
51.222.253.18 - - [05/Nov/2022:05:35:44 -0700] "GET /ysbio/maga/lorenuni.html HTTP/1.1" 200 2365 "-" "Mozilla/5.0 (compatible; AhrefsBot/7.0; +http://ahrefs.com/robot/)" "www.ysfine.com"
123.183.224.88 - - [05/Nov/2022:05:36:01 -0700] "GET / HTTP/1.1" 200 5283 "-" "Sogou web spider/4.0(+http://www.sogou.com/docs/help/webmasters.htm#07)" "ysfine.com"
40.77.51.81 - - [05/Nov/2022:05:36:09 -0700] "GET /maga/phil/keigel500.jpg HTTP/1.1" 200 44688 "https://ysfine.com/maga/phil" "Mozilla/5.0 (iPhone; CPU iPhone OS 13_5_1 like Mac OS X) AppleWebKit/605.1.15 (KHTML, like Gecko) Version/13.1.1 Mobile/15E148 Safari/604.1" "ysfine.com"
40.77.167.27 - - [05/Nov/2022:05:36:15 -0700] "GET /ysbio/einstein/hidden.html HTTP/1.1" 200 4821 "-" "Mozilla/5.0 AppleWebKit/537.36 (KHTML, like Gecko; compatible; bingbot/2.0; +http://www.bing.com/bingbot.htm) Chrome/103.0.5060.134 Safari/537.36" "ysfine.com"
157.55.39.17 - - [05/Nov/2022:05:36:44 -0700] "GET /ysbio/princeton/yspr.html HTTP/1.1" 200 5445 "-" "Mozilla/5.0 (compatible; bingbot/2.0; +http://www.bing.com/bingbot.htm)" "www.ysfine.com"
66.249.70.3 - - [05/Nov/2022:05:36:56 -0700] "GET /kobak/draftreg33b.jpg HTTP/1.1" 200 39377 "-" "Googlebot-Image/1.0" "ysfine.com"
40.122.227.200 - - [05/Nov/2022:05:36:59 -0700] "GET /world/france/orsaym04b.jpg HTTP/1.1" 200 58340 "https://ysfine.com/world/france" "Mozilla/5.0 (X11; Linux x86_64) AppleWebKit/537.36 (KHTML, like Gecko) Chrome/74.0.3729.169 Safari/537.36" "ysfine.com"
157.55.39.17 - - [05/Nov/2022:05:37:15 -0700] "GET /ysbio/style/spbpiano.html HTTP/1.1" 200 1801 "-" "Mozilla/5.0 AppleWebKit/537.36 (KHTML, like Gecko; compatible; bingbot/2.0; +http://www.bing.com/bingbot.htm) Chrome/103.0.5060.134 Safari/537.36" "ysfine.com"
77.88.5.46 - - [05/Nov/2022:05:37:50 -0700] "GET /home/easy.html HTTP/1.1" 200 7877 "-" "Mozilla/5.0 (compatible; YandexBot/3.0; +http://yandex.com/bots)" "www.ysfine.com"
13.67.224.13 - - [05/Nov/2022:05:38:16 -0700] "GET /maga/phys/vnm01b.jpg HTTP/1.1" 200 35878 "https://ysfine.com/maga/phys" "Mozilla/5.0 (iPhone; CPU iPhone OS 13_5_1 like Mac OS X) AppleWebKit/605.1.15 (KHTML, like Gecko) Version/13.1.1 Mobile/15E148 Safari/604.1" "ysfine.com"
51.222.253.19 - - [05/Nov/2022:05:38:42 -0700] "GET /ysbio/sbk/photo21.html HTTP/1.1" 200 7762 "-" "Mozilla/5.0 (compatible; AhrefsBot/7.0; +http://ahrefs.com/robot/)" "www.ysfine.com"
148.251.50.77 - - [05/Nov/2022:05:38:49 -0700] "GET /maga/sanchez.html HTTP/1.1" 200 1278 "-" "Mozilla/5.0 (Windows NT 10.0; Win64; x64) AppleWebKit/537.36 (KHTML, like Gecko) Chrome/76.0.3809.100 Safari/537.36" "www.ysfine.com"
136.243.17.161 - - [05/Nov/2022:05:38:50 -0700] "GET /maga/sanchez.html HTTP/1.1" 200 1278 "-" "Mozilla/5.0 (X11; Linux x86_64; rv:83.0) Gecko/20100101 Firefox/83.0" "ysfine.com"
136.243.17.161 - - [05/Nov/2022:05:38:51 -0700] "GET /maga/sanchez.html HTTP/1.1" 200 1278 "-" "Mozilla/5.0 (Macintosh; Intel Mac OS X 11_1_0) AppleWebKit/537.36 (KHTML, like Gecko) Chrome/87.0.4280.88 Safari/537.36" "ysfine.com"
157.55.39.17 - - [05/Nov/2022:05:39:04 -0700] "GET /world/ital/stcroce01b.jpg HTTP/1.1" 200 42968 "-" "Mozilla/5.0 AppleWebKit/537.36 (KHTML, like Gecko; compatible; bingbot/2.0; +http://www.bing.com/bingbot.htm) Chrome/103.0.5060.134 Safari/537.36" "www.ysfine.com"
40.77.167.68 - - [05/Nov/2022:05:39:26 -0700] "GET /wigner/bardeen01.jpg HTTP/1.1" 200 99417 "-" "Mozilla/5.0 (compatible; bingbot/2.0; +http://www.bing.com/bingbot.htm)" "ysfine.com"
216.244.66.229 - - [05/Nov/2022:05:39:29 -0700] "GET /ffriends/marg99.jpg HTTP/1.1" 200 66194 "-" "Mozilla/5.0 (compatible; DotBot/1.2; +https://opensiteexplorer.org/dotbot; help@moz.com)" "www.ysfine.com"
40.86.101.164 - - [05/Nov/2022:05:39:36 -0700] "GET /world/ital/verona21b.jpg HTTP/1.1" 200 38564 "https://ysfine.com/world/ital" "Mozilla/5.0 (Windows NT 10.0; Win64; x64) AppleWebKit/537.36 (KHTML, like Gecko) Chrome/74.0.3729.157 Safari/537.36" "ysfine.com"
40.77.51.85 - - [05/Nov/2022:05:39:45 -0700] "GET /feynman/chewfra11c.jpg HTTP/1.1" 200 34838 "https://ysfine.com/feynman" "Mozilla/5.0 (Windows NT 10.0; Win64; x64) AppleWebKit/537.36 (KHTML, like Gecko) Chrome/74.0.3729.157 Safari/537.36" "ysfine.com"
157.55.39.17 - - [05/Nov/2022:05:39:55 -0700] "GET /bio/kobak/namdae.html HTTP/1.1" 404 88 "-" "Mozilla/5.0 AppleWebKit/537.36 (KHTML, like Gecko; compatible; bingbot/2.0; +http://www.bing.com/bingbot.htm) Chrome/103.0.5060.134 Safari/537.36" "ysfine.com"
188.48.235.58 - - [05/Nov/2022:05:40:21 -0700] "GET /maga/phys/heisen22.jpg HTTP/1.1" 200 82807 "-" "Dalvik/2.1.0 (Linux; U; Android 12; SM-S906E Build/SP1A.210812.016)" "ysfine.com"
157.55.39.76 - - [05/Nov/2022:05:40:52 -0700] "GET /saram/g011.jpg HTTP/1.1" 200 111540 "-" "Mozilla/5.0 AppleWebKit/537.36 (KHTML, like Gecko; compatible; bingbot/2.0; +http://www.bing.com/bingbot.htm) Chrome/103.0.5060.134 Safari/537.36" "www.ysfine.com"
40.122.230.188 - - [05/Nov/2022:05:40:56 -0700] "GET /home/think55b.jpg HTTP/1.1" 200 55207 "http://ysfine.com/home" "Mozilla/5.0 (Linux; Android 10; SM-G960U) AppleWebKit/537.36 (KHTML, like Gecko) Chrome/88.0.4324.181 Mobile Safari/537.36" "ysfine.com"
40.86.101.252 - - [05/Nov/2022:05:41:14 -0700] "GET /kowar/tanks/gmc03b.jpg HTTP/1.1" 200 47909 "https://ysfine.com/kowar/tanks" "Mozilla/5.0 (X11; Linux x86_64) AppleWebKit/537.36 (KHTML, like Gecko) Chrome/74.0.3729.169 Safari/537.36" "ysfine.com"
20.106.27.173 - - [05/Nov/2022:05:41:32 -0700] "GET /world/germany/mucu02b.jpg HTTP/1.1" 200 39274 "http://ysfine.com/world/germany" "Mozilla/5.0 (Windows NT 10.0; Win64; x64) AppleWebKit/537.36 (KHTML, like Gecko) Chrome/74.0.3729.157 Safari/537.36" "ysfine.com"
40.77.167.71 - - [05/Nov/2022:05:41:35 -0700] "GET /world/germany/berlinf34.jpg HTTP/1.1" 200 101146 "-" "Mozilla/5.0 AppleWebKit/537.36 (KHTML, like Gecko; compatible; bingbot/2.0; +http://www.bing.com/bingbot.htm) Chrome/103.0.5060.134 Safari/537.36" "www.ysfine.com"
51.222.253.9 - - [05/Nov/2022:05:42:04 -0700] "GET /dirac/dirfeyn22.html HTTP/1.1" 200 2329 "-" "Mozilla/5.0 (compatible; AhrefsBot/7.0; +http://ahrefs.com/robot/)" "ysfine.com"
51.222.253.17 - - [05/Nov/2022:05:42:08 -0700] "GET /einstein/eink24b.jpg HTTP/1.1" 200 42003 "-" "Mozilla/5.0 (compatible; AhrefsBot/7.0; +http://ahrefs.com/robot/)" "ysfine.com"
20.29.110.168 - - [05/Nov/2022:05:42:09 -0700] "GET /world/latina/buenos03b.jpg HTTP/1.1" 200 67823 "http://ysfine.com/world/latina" "Mozilla/5.0 (Windows NT 10.0; Win64; x64) AppleWebKit/537.36 (KHTML, like Gecko) Chrome/74.0.3729.157 Safari/537.36" "ysfine.com"
51.222.253.12 - - [05/Nov/2022:05:42:14 -0700] "GET /dirac/diracbul2.jpg HTTP/1.1" 200 31194 "-" "Mozilla/5.0 (compatible; AhrefsBot/7.0; +http://ahrefs.com/robot/)" "ysfine.com"
157.55.39.17 - - [05/Nov/2022:05:42:14 -0700] "GET /ysbio/sbk/famous.html HTTP/1.1" 200 593 "-" "Mozilla/5.0 (compatible; bingbot/2.0; +http://www.bing.com/bingbot.htm)" "ysfine.com"
20.12.191.74 - - [05/Nov/2022:05:42:23 -0700] "GET /world/eve/amkor01b.jpg HTTP/1.1" 404 88 "http://ysfine.com/world/eve" "Mozilla/5.0 (Macintosh; Intel Mac OS X 10_11_6) AppleWebKit/605.1.15 (KHTML, like Gecko) Version/11.1.2 Safari/605.1.15" "ysfine.com"
13.67.224.14 - - [05/Nov/2022:05:42:24 -0700] "GET /wdc/supreme02b.jpg HTTP/1.1" 200 37198 "http://ysfine.com/wdc" "Mozilla/5.0 (Linux; Android 10; SM-G960U) AppleWebKit/537.36 (KHTML, like Gecko) Chrome/88.0.4324.181 Mobile Safari/537.36" "ysfine.com"
157.55.39.76 - - [05/Nov/2022:05:42:42 -0700] "GET /sbk/2001sorak11.jpg HTTP/1.1" 200 45073 "-" "Mozilla/5.0 (compatible; bingbot/2.0; +http://www.bing.com/bingbot.htm)" "ysfine.com"
40.77.167.68 - - [05/Nov/2022:05:43:16 -0700] "GET /home/top21.jpg HTTP/1.1" 200 181796 "-" "Mozilla/5.0 AppleWebKit/537.36 (KHTML, like Gecko; compatible; bingbot/2.0; +http://www.bing.com/bingbot.htm) Chrome/103.0.5060.134 Safari/537.36" "www.ysfine.com"
157.55.39.17 - - [05/Nov/2022:05:43:23 -0700] "GET /world/china/hongkong65.jpg HTTP/1.1" 200 88822 "-" "Mozilla/5.0 (compatible; bingbot/2.0; +http://www.bing.com/bingbot.htm)" "ysfine.com"
20.106.28.16 - - [05/Nov/2022:05:43:26 -0700] "GET /maga/phys/yukafeyn3.jpg HTTP/1.1" 200 41879 "https://ysfine.com/maga/phys" "Mozilla/5.0 (Linux; Android 10; SM-G960U) AppleWebKit/537.36 (KHTML, like Gecko) Chrome/88.0.4324.181 Mobile Safari/537.36" "ysfine.com"
77.88.5.46 - - [05/Nov/2022:05:43:51 -0700] "GET /robots.txt HTTP/1.1" 404 73 "-" "Mozilla/5.0 (compatible; YandexBot/3.0; +http://yandex.com/bots)" "ysfine.com"
93.158.161.40 - - [05/Nov/2022:05:43:55 -0700] "GET /robots.txt HTTP/1.1" 404 73 "-" "Mozilla/5.0 (compatible; YandexBot/3.0; +http://yandex.com/bots)" "ysfine.com"
40.122.227.202 - - [05/Nov/2022:05:43:57 -0700] "GET /style/musee/orsaym01c.jpg HTTP/1.1" 200 43934 "https://ysfine.com/style/musee" "Mozilla/5.0 (iPhone; CPU iPhone OS 13_5_1 like Mac OS X) AppleWebKit/605.1.15 (KHTML, like Gecko) Version/13.1.1 Mobile/15E148 Safari/604.1" "ysfine.com"
93.158.161.40 - - [05/Nov/2022:05:43:59 -0700] "GET /princeton/einpm.jpg HTTP/1.1" 200 116543 "-" "Mozilla/5.0 (compatible; YandexImages/3.0; +http://yandex.com/bots)" "ysfine.com"
20.29.110.168 - - [05/Nov/2022:05:44:11 -0700] "GET /world/poland/jablo19b.jpg HTTP/1.1" 200 49913 "http://ysfine.com/world/poland" "Mozilla/5.0 (iPhone; CPU iPhone OS 13_5_1 like Mac OS X) AppleWebKit/605.1.15 (KHTML, like Gecko) Version/13.1.1 Mobile/15E148 Safari/604.1" "ysfine.com"
20.106.27.173 - - [05/Nov/2022:05:44:19 -0700] "GET /world/poland/gdn05b.jpg HTTP/1.1" 200 46788 "https://ysfine.com/world/poland" "Mozilla/5.0 (X11; Linux x86_64) AppleWebKit/537.36 (KHTML, like Gecko) Chrome/74.0.3729.169 Safari/537.36" "ysfine.com"
40.77.167.68 - - [05/Nov/2022:05:44:27 -0700] "GET /bio/kobak/soraech.html HTTP/1.1" 404 88 "-" "Mozilla/5.0 (compatible; bingbot/2.0; +http://www.bing.com/bingbot.htm)" "ysfine.com"
77.88.5.245 - - [05/Nov/2022:05:44:29 -0700] "GET /princeton/einpm.jpg HTTP/1.1" 304 - "-" "Mozilla/5.0 (compatible; YandexImages/3.0; +http://yandex.com/bots)" "ysfine.com"
20.12.191.73 - - [05/Nov/2022:05:44:39 -0700] "GET /newyork/un02b.jpg HTTP/1.1" 200 49420 "http://ysfine.com/newyork" "Mozilla/5.0 (Windows NT 10.0; Win64; x64) AppleWebKit/537.36 (KHTML, like Gecko) Chrome/74.0.3729.157 Safari/537.36" "ysfine.com"
40.77.167.71 - - [05/Nov/2022:05:45:16 -0700] "GET /bio/wigner/evangel.html HTTP/1.1" 404 88 "-" "Mozilla/5.0 (compatible; bingbot/2.0; +http://www.bing.com/bingbot.htm)" "ysfine.com"
51.222.253.12 - - [05/Nov/2022:05:45:22 -0700] "GET /ysbio/einstein/further.html HTTP/1.1" 200 4338 "-" "Mozilla/5.0 (compatible; AhrefsBot/7.0; +http://ahrefs.com/robot/)" "www.ysfine.com"
20.109.241.97 - - [05/Nov/2022:05:45:25 -0700] "GET /world/china/beijing025b.jpg HTTP/1.1" 200 37566 "http://ysfine.com/world/china" "Mozilla/5.0 (iPhone; CPU iPhone OS 13_5_1 like Mac OS X) AppleWebKit/605.1.15 (KHTML, like Gecko) Version/13.1.1 Mobile/15E148 Safari/604.1" "ysfine.com"
40.77.51.85 - - [05/Nov/2022:05:45:30 -0700] "GET /world/russ/tolstoy11b.jpg HTTP/1.1" 200 33457 "http://ysfine.com/world/russ" "Mozilla/5.0 (X11; Linux x86_64) AppleWebKit/537.36 (KHTML, like Gecko) Chrome/74.0.3729.169 Safari/537.36" "ysfine.com"
66.249.70.30 - - [05/Nov/2022:05:45:36 -0700] "GET /style/musee/perga06b.jpg HTTP/1.1" 200 40224 "-" "Googlebot-Image/1.0" "ysfine.com"
40.77.51.81 - - [05/Nov/2022:05:45:52 -0700] "GET /usca/pitt/heinzfld03b.jpg HTTP/1.1" 200 604034 "https://ysfine.com/usca/pitt" "Mozilla/5.0 (Windows NT 10.0; Win64; x64) AppleWebKit/537.36 (KHTML, like Gecko) Chrome/74.0.3729.157 Safari/537.36" "ysfine.com"
40.77.167.71 - - [05/Nov/2022:05:45:57 -0700] "GET /bio/kowar/index.html HTTP/1.1" 404 88 "-" "Mozilla/5.0 AppleWebKit/537.36 (KHTML, like Gecko; compatible; bingbot/2.0; +http://www.bing.com/bingbot.htm) Chrome/103.0.5060.134 Safari/537.36" "ysfine.com"
40.77.167.68 - - [05/Nov/2022:05:46:07 -0700] "GET /maga/phil/sisfa12/frame56.html HTTP/1.1" 200 319 "-" "Mozilla/5.0 (compatible; bingbot/2.0; +http://www.bing.com/bingbot.htm)" "www.ysfine.com"
40.77.51.82 - - [05/Nov/2022:05:46:21 -0700] "GET /usca/norl/fq11b.jpg HTTP/1.1" 200 40400 "http://ysfine.com/usca/norl" "Mozilla/5.0 (X11; Linux x86_64) AppleWebKit/537.36 (KHTML, like Gecko) Chrome/74.0.3729.169 Safari/537.36" "ysfine.com"
40.122.230.189 - - [05/Nov/2022:05:46:25 -0700] "GET /eink/eintao55d.jpg HTTP/1.1" 200 50540 "https://ysfine.com/eink" "Mozilla/5.0 (Windows NT 10.0; Win64; x64) AppleWebKit/537.36 (KHTML, like Gecko) Chrome/74.0.3729.157 Safari/537.36" "ysfine.com"
40.77.167.71 - - [05/Nov/2022:05:46:56 -0700] "GET /world/russ/kazan045.jpg HTTP/1.1" 200 72932 "-" "Mozilla/5.0 (compatible; bingbot/2.0; +http://www.bing.com/bingbot.htm)" "ysfine.com"
40.86.101.254 - - [05/Nov/2022:05:47:00 -0700] "GET /friends/amkor/ewha36c.jpg HTTP/1.1" 404 88 "https://ysfine.com/friends/amkor" "Mozilla/5.0 (Macintosh; Intel Mac OS X 10_11_6) AppleWebKit/605.1.15 (KHTML, like Gecko) Version/11.1.2 Safari/605.1.15" "ysfine.com"
157.55.39.17 - - [05/Nov/2022:05:47:05 -0700] "GET /ysbio/wisdom/kwk.html HTTP/1.1" 200 5252 "-" "Mozilla/5.0 AppleWebKit/537.36 (KHTML, like Gecko; compatible; bingbot/2.0; +http://www.bing.com/bingbot.htm) Chrome/103.0.5060.134 Safari/537.36" "ysfine.com"
40.122.230.190 - - [05/Nov/2022:05:47:25 -0700] "GET /maga/phys/farad11b.jpg HTTP/1.1" 200 41560 "http://ysfine.com/maga/phys" "Mozilla/5.0 (iPhone; CPU iPhone OS 13_5_1 like Mac OS X) AppleWebKit/605.1.15 (KHTML, like Gecko) Version/13.1.1 Mobile/15E148 Safari/604.1" "ysfine.com"
40.77.167.68 - - [05/Nov/2022:05:47:37 -0700] "GET /bio/eink/index.html HTTP/1.1" 404 88 "-" "Mozilla/5.0 (compatible; bingbot/2.0; +http://www.bing.com/bingbot.htm)" "ysfine.com"
40.122.227.202 - - [05/Nov/2022:05:47:40 -0700] "GET /world/baltic/lithu03b.jpg HTTP/1.1" 200 49235 "http://ysfine.com/world/baltic" "Mozilla/5.0 (Macintosh; Intel Mac OS X 10_11_6) AppleWebKit/605.1.15 (KHTML, like Gecko) Version/11.1.2 Safari/605.1.15" "ysfine.com"
40.77.167.68 - - [05/Nov/2022:05:47:47 -0700] "GET /bio/world/kalinin22.html HTTP/1.1" 404 88 "-" "Mozilla/5.0 AppleWebKit/537.36 (KHTML, like Gecko; compatible; bingbot/2.0; +http://www.bing.com/bingbot.htm) Chrome/103.0.5060.134 Safari/537.36" "ysfine.com"
40.77.167.71 - - [05/Nov/2022:05:47:52 -0700] "GET /bio/internal.html HTTP/1.1" 404 88 "-" "Mozilla/5.0 AppleWebKit/537.36 (KHTML, like Gecko; compatible; bingbot/2.0; +http://www.bing.com/bingbot.htm) Chrome/103.0.5060.134 Safari/537.36" "ysfine.com"
40.122.227.202 - - [05/Nov/2022:05:48:06 -0700] "GET /friends/parthen03b.jpg HTTP/1.1" 404 88 "http://ysfine.com/friends" "Mozilla/5.0 (iPhone; CPU iPhone OS 13_5_1 like Mac OS X) AppleWebKit/605.1.15 (KHTML, like Gecko) Version/13.1.1 Mobile/15E148 Safari/604.1" "ysfine.com"
40.77.167.71 - - [05/Nov/2022:05:48:15 -0700] "GET /people/sbt11c.jpg HTTP/1.1" 200 31479 "-" "Mozilla/5.0 AppleWebKit/537.36 (KHTML, like Gecko; compatible; bingbot/2.0; +http://www.bing.com/bingbot.htm) Chrome/103.0.5060.134 Safari/537.36" "ysfine.com"
157.55.39.17 - - [05/Nov/2022:05:48:36 -0700] "GET /ysbio/world/istanbul.html HTTP/1.1" 200 11361 "-" "Mozilla/5.0 AppleWebKit/537.36 (KHTML, like Gecko; compatible; bingbot/2.0; +http://www.bing.com/bingbot.htm) Chrome/103.0.5060.134 Safari/537.36" "ysfine.com"
40.77.167.27 - - [05/Nov/2022:05:48:47 -0700] "GET /ysbio/philo/keigel22.html HTTP/1.1" 200 4952 "-" "Mozilla/5.0 (compatible; bingbot/2.0; +http://www.bing.com/bingbot.htm)" "ysfine.com"
51.222.253.13 - - [05/Nov/2022:05:48:54 -0700] "GET /ysbio/kobak/sorae/kumipo.html HTTP/1.1" 200 1148 "-" "Mozilla/5.0 (compatible; AhrefsBot/7.0; +http://ahrefs.com/robot/)" "www.ysfine.com"
216.244.66.229 - - [05/Nov/2022:05:49:24 -0700] "GET /usca/norl/jazz01.jpg HTTP/1.1" 200 70377 "-" "Mozilla/5.0 (compatible; DotBot/1.2; +https://opensiteexplorer.org/dotbot; help@moz.com)" "www.ysfine.com"
77.75.78.169 - - [05/Nov/2022:05:49:43 -0700] "GET /robots.txt HTTP/1.1" 404 88 "-" "Mozilla/5.0 (compatible; SeznamBot/3.2; +http://napoveda.seznam.cz/en/seznambot-intro/)" "ysfine.com"
157.55.39.76 - - [05/Nov/2022:05:49:44 -0700] "GET /people/noz75b.jpg HTTP/1.1" 200 38550 "-" "Mozilla/5.0 (compatible; bingbot/2.0; +http://www.bing.com/bingbot.htm)" "www.ysfine.com"
77.75.78.169 - - [05/Nov/2022:05:49:45 -0700] "GET /kowar/tanks/sherman50.jpg HTTP/1.1" 304 - "-" "Mozilla/5.0 (compatible; SeznamBot/3.2; +http://napoveda.seznam.cz/en/seznambot-intro/)" "ysfine.com"
77.75.78.169 - - [05/Nov/2022:05:49:46 -0700] "GET /people/jweber99.jpg HTTP/1.1" 304 - "-" "Mozilla/5.0 (compatible; SeznamBot/3.2; +http://napoveda.seznam.cz/en/seznambot-intro/)" "ysfine.com"
77.75.78.169 - - [05/Nov/2022:05:49:46 -0700] "GET /wdc/fedreserv33.jpg HTTP/1.1" 304 - "-" "Mozilla/5.0 (compatible; SeznamBot/3.2; +http://napoveda.seznam.cz/en/seznambot-intro/)" "ysfine.com"
77.75.78.169 - - [05/Nov/2022:05:49:47 -0700] "GET /kobak/underw02.jpg HTTP/1.1" 304 - "-" "Mozilla/5.0 (compatible; SeznamBot/3.2; +http://napoveda.seznam.cz/en/seznambot-intro/)" "ysfine.com"
77.75.78.169 - - [05/Nov/2022:05:49:47 -0700] "GET /kobak/nll01.jpg HTTP/1.1" 304 - "-" "Mozilla/5.0 (compatible; SeznamBot/3.2; +http://napoveda.seznam.cz/en/seznambot-intro/)" "ysfine.com"
216.244.66.229 - - [05/Nov/2022:05:49:54 -0700] "GET /world/france/nice222.jpg HTTP/1.1" 200 55913 "-" "Mozilla/5.0 (compatible; DotBot/1.2; +https://opensiteexplorer.org/dotbot; help@moz.com)" "www.ysfine.com"
40.77.167.68 - - [05/Nov/2022:05:50:07 -0700] "GET /world/brit/paddington06.jpg HTTP/1.1" 200 126897 "-" "Mozilla/5.0 (compatible; bingbot/2.0; +http://www.bing.com/bingbot.htm)" "www.ysfine.com"
157.55.39.76 - - [05/Nov/2022:05:50:47 -0700] "GET /ysbio/world/dubna.html HTTP/1.1" 200 1604 "-" "Mozilla/5.0 AppleWebKit/537.36 (KHTML, like Gecko; compatible; bingbot/2.0; +http://www.bing.com/bingbot.htm) Chrome/103.0.5060.134 Safari/537.36" "ysfine.com"
40.77.167.68 - - [05/Nov/2022:05:50:56 -0700] "GET /princeton/pawkim19.jpg HTTP/1.1" 200 195948 "-" "Mozilla/5.0 (compatible; bingbot/2.0; +http://www.bing.com/bingbot.htm)" "www.ysfine.com"
40.77.167.27 - - [05/Nov/2022:05:51:34 -0700] "GET /ysbio/heisen/heisen05.html HTTP/1.1" 200 5136 "-" "Mozilla/5.0 (compatible; bingbot/2.0; +http://www.bing.com/bingbot.htm)" "ysfine.com"
20.109.241.96 - - [05/Nov/2022:05:51:35 -0700] "GET /world/poland/psoldier01b.jpg HTTP/1.1" 200 43418 "http://ysfine.com/world/poland" "Mozilla/5.0 (X11; Linux x86_64) AppleWebKit/537.36 (KHTML, like Gecko) Chrome/74.0.3729.169 Safari/537.36" "ysfine.com"
157.55.39.17 - - [05/Nov/2022:05:51:44 -0700] "GET /wdc/washmo07b.jpg HTTP/1.1" 200 34166 "-" "Mozilla/5.0 AppleWebKit/537.36 (KHTML, like Gecko; compatible; bingbot/2.0; +http://www.bing.com/bingbot.htm) Chrome/103.0.5060.134 Safari/537.36" "www.ysfine.com"
40.77.51.81 - - [05/Nov/2022:05:51:51 -0700] "GET /world/ital/veronasis01c.jpg HTTP/1.1" 200 42009 "https://ysfine.com/world/ital" "Mozilla/5.0 (Linux; Android 10; SM-G960U) AppleWebKit/537.36 (KHTML, like Gecko) Chrome/88.0.4324.181 Mobile Safari/537.36" "ysfine.com"
51.222.253.3 - - [05/Nov/2022:05:51:57 -0700] "GET /ysbio/world/brit/britmu.html HTTP/1.1" 200 4897 "-" "Mozilla/5.0 (compatible; AhrefsBot/7.0; +http://ahrefs.com/robot/)" "ysfine.com"
157.55.39.17 - - [05/Nov/2022:05:52:26 -0700] "GET /world/brit/dunf15b.jpg HTTP/1.1" 200 41554 "-" "Mozilla/5.0 AppleWebKit/537.36 (KHTML, like Gecko; compatible; bingbot/2.0; +http://www.bing.com/bingbot.htm) Chrome/103.0.5060.134 Safari/537.36" "www.ysfine.com"
40.122.32.170 - - [05/Nov/2022:05:52:52 -0700] "GET /dongio/russvenice01c.jpg HTTP/1.1" 404 88 "https://ysfine.com/dongio" "Mozilla/5.0 (Windows NT 10.0; Win64; x64) AppleWebKit/537.36 (KHTML, like Gecko) Chrome/74.0.3729.157 Safari/537.36" "ysfine.com"
40.77.167.27 - - [05/Nov/2022:05:52:54 -0700] "GET /world/china/dalian81.jpg HTTP/1.1" 200 128563 "-" "Mozilla/5.0 AppleWebKit/537.36 (KHTML, like Gecko; compatible; bingbot/2.0; +http://www.bing.com/bingbot.htm) Chrome/103.0.5060.134 Safari/537.36" "ysfine.com"
27.17.234.99 - - [05/Nov/2022:05:53:02 -0700] "GET /world/brit/westmin17.jpg HTTP/1.1" 200 156858 "https://cn.bing.com/" "Mozilla/5.0 (X11; Ubuntu; Linux x86_64; rv:106.0) Gecko/20100101 Firefox/106.0" "www.ysfine.com"
123.183.224.88 - - [05/Nov/2022:05:53:02 -0700] "GET / HTTP/1.1" 200 5283 "-" "Sogou web spider/4.0(+http://www.sogou.com/docs/help/webmasters.htm#07)" "ysfine.com"
157.55.39.76 - - [05/Nov/2022:05:53:03 -0700] "GET /world/balkan/istan047.jpg HTTP/1.1" 200 113494 "-" "Mozilla/5.0 (compatible; bingbot/2.0; +http://www.bing.com/bingbot.htm)" "ysfine.com"
20.12.191.72 - - [05/Nov/2022:05:53:20 -0700] "GET /ffriends/turkstu06c.jpg HTTP/1.1" 200 40268 "https://ysfine.com/ffriends" "Mozilla/5.0 (Linux; Android 10; SM-G960U) AppleWebKit/537.36 (KHTML, like Gecko) Chrome/88.0.4324.181 Mobile Safari/537.36" "ysfine.com"
157.55.39.65 - - [05/Nov/2022:05:53:33 -0700] "GET /world/russ/kazan101b.jpg HTTP/1.1" 200 26380 "-" "Mozilla/5.0 (compatible; bingbot/2.0; +http://www.bing.com/bingbot.htm)" "ysfine.com"
157.55.39.17 - - [05/Nov/2022:05:53:36 -0700] "GET /world/scandi/bernadotte.jpg HTTP/1.1" 200 126812 "-" "Mozilla/5.0 (compatible; bingbot/2.0; +http://www.bing.com/bingbot.htm)" "ysfine.com"
20.106.24.246 - - [05/Nov/2022:05:53:44 -0700] "GET /world/russ/spbf62b.jpg HTTP/1.1" 200 46696 "https://www.ysfine.com/world/russ" "Mozilla/5.0 (Windows NT 10.0; Win64; x64) AppleWebKit/537.36 (KHTML, like Gecko) Chrome/74.0.3729.157 Safari/537.36" "www.ysfine.com"
157.55.39.65 - - [05/Nov/2022:05:53:51 -0700] "GET /ysbio/maga/pupin.html HTTP/1.1" 200 5043 "-" "Mozilla/5.0 (compatible; bingbot/2.0; +http://www.bing.com/bingbot.htm)" "ysfine.com"
145.90.183.32 - - [05/Nov/2022:05:54:05 -0700] "GET /maga/phys/naimar/pewk09.jpg HTTP/1.1" 200 54557 "https://www.google.com/" "Mozilla/5.0 (Windows NT 10.0; Win64; x64) AppleWebKit/537.36 (KHTML, like Gecko) Chrome/107.0.0.0 Safari/537.36" "ysfine.com"
157.55.39.17 - - [05/Nov/2022:05:54:06 -0700] "GET /bio/awards/iao.html HTTP/1.1" 404 88 "-" "Mozilla/5.0 AppleWebKit/537.36 (KHTML, like Gecko; compatible; bingbot/2.0; +http://www.bing.com/bingbot.htm) Chrome/103.0.5060.134 Safari/537.36" "ysfine.com"
157.55.39.65 - - [05/Nov/2022:05:54:24 -0700] "GET /bio/houses/myhouse.html HTTP/1.1" 404 88 "-" "Mozilla/5.0 AppleWebKit/537.36 (KHTML, like Gecko; compatible; bingbot/2.0; +http://www.bing.com/bingbot.htm) Chrome/103.0.5060.134 Safari/537.36" "ysfine.com"
40.77.167.71 - - [05/Nov/2022:05:54:27 -0700] "GET /wdc/obelisk22.jpg HTTP/1.1" 200 101572 "-" "Mozilla/5.0 AppleWebKit/537.36 (KHTML, like Gecko; compatible; bingbot/2.0; +http://www.bing.com/bingbot.htm) Chrome/103.0.5060.134 Safari/537.36" "www.ysfine.com"
40.77.167.71 - - [05/Nov/2022:05:54:56 -0700] "GET /world/russ/roskei03.jpg HTTP/1.1" 200 136059 "-" "Mozilla/5.0 AppleWebKit/537.36 (KHTML, like Gecko; compatible; bingbot/2.0; +http://www.bing.com/bingbot.htm) Chrome/103.0.5060.134 Safari/537.36" "ysfine.com"
51.222.253.8 - - [05/Nov/2022:05:55:08 -0700] "GET /class54/emailed02.html HTTP/1.1" 200 29084 "-" "Mozilla/5.0 (compatible; AhrefsBot/7.0; +http://ahrefs.com/robot/)" "www.ysfine.com"
40.77.167.68 - - [05/Nov/2022:05:55:17 -0700] "GET /einstein/places/ulm03c.jpg HTTP/1.1" 200 44718 "-" "Mozilla/5.0 (compatible; bingbot/2.0; +http://www.bing.com/bingbot.htm)" "ysfine.com"
157.55.39.65 - - [05/Nov/2022:05:55:23 -0700] "GET /maga/phys/schrod22.jpg HTTP/1.1" 200 41352 "-" "Mozilla/5.0 (compatible; bingbot/2.0; +http://www.bing.com/bingbot.htm)" "www.ysfine.com"
157.55.39.65 - - [05/Nov/2022:05:55:54 -0700] "GET /bio/world/florence.html HTTP/1.1" 404 88 "-" "Mozilla/5.0 AppleWebKit/537.36 (KHTML, like Gecko; compatible; bingbot/2.0; +http://www.bing.com/bingbot.htm) Chrome/103.0.5060.134 Safari/537.36" "ysfine.com"
157.55.39.17 - - [05/Nov/2022:05:55:57 -0700] "GET /bio/kowar/war00bot.html HTTP/1.1" 404 88 "-" "Mozilla/5.0 AppleWebKit/537.36 (KHTML, like Gecko; compatible; bingbot/2.0; +http://www.bing.com/bingbot.htm) Chrome/103.0.5060.134 Safari/537.36" "ysfine.com"
40.77.167.68 - - [05/Nov/2022:05:55:57 -0700] "GET /wdc/koreaw55.jpg HTTP/1.1" 200 96289 "-" "Mozilla/5.0 (compatible; bingbot/2.0; +http://www.bing.com/bingbot.htm)" "www.ysfine.com"
157.55.39.17 - - [05/Nov/2022:05:55:59 -0700] "GET /feynman/feynman33.jpg HTTP/1.1" 200 38568 "-" "Mozilla/5.0 AppleWebKit/537.36 (KHTML, like Gecko; compatible; bingbot/2.0; +http://www.bing.com/bingbot.htm) Chrome/103.0.5060.134 Safari/537.36" "ysfine.com"
