81.223.119.66 - - [05/Nov/2022:08:33:25 -0700] "GET /favicon.ico HTTP/1.1" 404 88 "https://ysfine.com/feynman/feykant.html" "Mozilla/5.0 (X11; Linux x86_64) AppleWebKit/537.36 (KHTML, like Gecko) Chrome/100.0.4896.88 Safari/537.36" "ysfine.com"
157.55.39.65 - - [05/Nov/2022:08:33:27 -0700] "GET /princeton/westmin33b.jpg HTTP/1.1" 200 52200 "-" "Mozilla/5.0 (compatible; bingbot/2.0; +http://www.bing.com/bingbot.htm)" "ysfine.com"
221.157.119.210 - - [05/Nov/2022:08:33:41 -0700] "GET /world/brit/eton11.jpg HTTP/1.1" 200 107084 "https://www.google.com/" "Mozilla/5.0 (Linux; Android 12; SM-G970N Build/SP1A.210812.016; wv) AppleWebKit/537.36 (KHTML, like Gecko) Version/4.0 Chrome/106.0.5249.126 Mobile Safari/537.36 GoogleApp/13.41.11.26.arm64" "ysfine.com"
221.157.119.210 - - [05/Nov/2022:08:33:44 -0700] "GET /world/brit/etonharrow.html HTTP/1.1" 200 4546 "https://www.google.com/" "Mozilla/5.0 (Linux; Android 12; SM-G970N) AppleWebKit/537.36 (KHTML, like Gecko) Chrome/107.0.0.0 Mobile Safari/537.36" "ysfine.com"
221.157.119.210 - - [05/Nov/2022:08:33:44 -0700] "GET /world/brit/winston01b.jpg HTTP/1.1" 200 38436 "https://ysfine.com/world/brit/etonharrow.html" "Mozilla/5.0 (Linux; Android 12; SM-G970N) AppleWebKit/537.36 (KHTML, like Gecko) Chrome/107.0.0.0 Mobile Safari/537.36" "ysfine.com"
221.157.119.210 - - [05/Nov/2022:08:33:44 -0700] "GET /world/brit/nehru11b.jpg HTTP/1.1" 200 43052 "https://ysfine.com/world/brit/etonharrow.html" "Mozilla/5.0 (Linux; Android 12; SM-G970N) AppleWebKit/537.36 (KHTML, like Gecko) Chrome/107.0.0.0 Mobile Safari/537.36" "ysfine.com"
221.157.119.210 - - [05/Nov/2022:08:33:44 -0700] "GET /kobak/kwk11b.jpg HTTP/1.1" 200 46888 "https://ysfine.com/world/brit/etonharrow.html" "Mozilla/5.0 (Linux; Android 12; SM-G970N) AppleWebKit/537.36 (KHTML, like Gecko) Chrome/107.0.0.0 Mobile Safari/537.36" "ysfine.com"
221.157.119.210 - - [05/Nov/2022:08:33:44 -0700] "GET /world/brit/eton01b.jpg HTTP/1.1" 200 47771 "https://ysfine.com/world/brit/etonharrow.html" "Mozilla/5.0 (Linux; Android 12; SM-G970N) AppleWebKit/537.36 (KHTML, like Gecko) Chrome/107.0.0.0 Mobile Safari/537.36" "ysfine.com"
221.157.119.210 - - [05/Nov/2022:08:33:44 -0700] "GET /world/brit/windsor02b.jpg HTTP/1.1" 200 40724 "https://ysfine.com/world/brit/etonharrow.html" "Mozilla/5.0 (Linux; Android 12; SM-G970N) AppleWebKit/537.36 (KHTML, like Gecko) Chrome/107.0.0.0 Mobile Safari/537.36" "ysfine.com"
221.157.119.210 - - [05/Nov/2022:08:33:44 -0700] "GET /world/brit/harrow01b.jpg HTTP/1.1" 200 54632 "https://ysfine.com/world/brit/etonharrow.html" "Mozilla/5.0 (Linux; Android 12; SM-G970N) AppleWebKit/537.36 (KHTML, like Gecko) Chrome/107.0.0.0 Mobile Safari/537.36" "ysfine.com"
221.157.119.210 - - [05/Nov/2022:08:33:44 -0700] "GET /world/brit/eton07b.jpg HTTP/1.1" 200 36566 "https://ysfine.com/world/brit/etonharrow.html" "Mozilla/5.0 (Linux; Android 12; SM-G970N) AppleWebKit/537.36 (KHTML, like Gecko) Chrome/107.0.0.0 Mobile Safari/537.36" "ysfine.com"
221.157.119.210 - - [05/Nov/2022:08:33:44 -0700] "GET /world/brit/harrow09b.jpg HTTP/1.1" 200 48797 "https://ysfine.com/world/brit/etonharrow.html" "Mozilla/5.0 (Linux; Android 12; SM-G970N) AppleWebKit/537.36 (KHTML, like Gecko) Chrome/107.0.0.0 Mobile Safari/537.36" "ysfine.com"
221.157.119.210 - - [05/Nov/2022:08:33:44 -0700] "GET /world/brit/harrow12b.jpg HTTP/1.1" 200 45104 "https://ysfine.com/world/brit/etonharrow.html" "Mozilla/5.0 (Linux; Android 12; SM-G970N) AppleWebKit/537.36 (KHTML, like Gecko) Chrome/107.0.0.0 Mobile Safari/537.36" "ysfine.com"
221.157.119.210 - - [05/Nov/2022:08:33:44 -0700] "GET /world/brit/harrow04b.jpg HTTP/1.1" 200 48004 "https://ysfine.com/world/brit/etonharrow.html" "Mozilla/5.0 (Linux; Android 12; SM-G970N) AppleWebKit/537.36 (KHTML, like Gecko) Chrome/107.0.0.0 Mobile Safari/537.36" "ysfine.com"
221.157.119.210 - - [05/Nov/2022:08:33:44 -0700] "GET /world/brit/eton03b.jpg HTTP/1.1" 200 45141 "https://ysfine.com/world/brit/etonharrow.html" "Mozilla/5.0 (Linux; Android 12; SM-G970N) AppleWebKit/537.36 (KHTML, like Gecko) Chrome/107.0.0.0 Mobile Safari/537.36" "ysfine.com"
221.157.119.210 - - [05/Nov/2022:08:33:44 -0700] "GET /world/brit/harrow11b.jpg HTTP/1.1" 200 42533 "https://ysfine.com/world/brit/etonharrow.html" "Mozilla/5.0 (Linux; Android 12; SM-G970N) AppleWebKit/537.36 (KHTML, like Gecko) Chrome/107.0.0.0 Mobile Safari/537.36" "ysfine.com"
221.157.119.210 - - [05/Nov/2022:08:33:44 -0700] "GET /world/brit/eton02b.jpg HTTP/1.1" 200 39432 "https://ysfine.com/world/brit/etonharrow.html" "Mozilla/5.0 (Linux; Android 12; SM-G970N) AppleWebKit/537.36 (KHTML, like Gecko) Chrome/107.0.0.0 Mobile Safari/537.36" "ysfine.com"
221.157.119.210 - - [05/Nov/2022:08:33:44 -0700] "GET /kobak/taylor33c.jpg HTTP/1.1" 200 39951 "https://ysfine.com/world/brit/etonharrow.html" "Mozilla/5.0 (Linux; Android 12; SM-G970N) AppleWebKit/537.36 (KHTML, like Gecko) Chrome/107.0.0.0 Mobile Safari/537.36" "ysfine.com"
221.157.119.210 - - [05/Nov/2022:08:33:44 -0700] "GET /eink/pwk19c.jpg HTTP/1.1" 200 57759 "https://ysfine.com/world/brit/etonharrow.html" "Mozilla/5.0 (Linux; Android 12; SM-G970N) AppleWebKit/537.36 (KHTML, like Gecko) Chrome/107.0.0.0 Mobile Safari/537.36" "ysfine.com"
221.157.119.210 - - [05/Nov/2022:08:33:49 -0700] "GET /favicon.ico HTTP/1.1" 404 88 "https://ysfine.com/world/brit/etonharrow.html" "Mozilla/5.0 (Linux; Android 12; SM-G970N) AppleWebKit/537.36 (KHTML, like Gecko) Chrome/107.0.0.0 Mobile Safari/537.36" "ysfine.com"
20.106.27.173 - - [05/Nov/2022:08:34:03 -0700] "GET /awards/marq20a.jpg HTTP/1.1" 200 108224 "https://ysfine.com/awards" "Mozilla/5.0 (Macintosh; Intel Mac OS X 10_11_6) AppleWebKit/605.1.15 (KHTML, like Gecko) Version/11.1.2 Safari/605.1.15" "ysfine.com"
157.55.39.76 - - [05/Nov/2022:08:34:11 -0700] "GET /ysbio/style/songs22.html HTTP/1.1" 200 39419 "-" "Mozilla/5.0 AppleWebKit/537.36 (KHTML, like Gecko; compatible; bingbot/2.0; +http://www.bing.com/bingbot.htm) Chrome/103.0.5060.134 Safari/537.36" "ysfine.com"
81.223.14.218 - - [05/Nov/2022:08:34:13 -0700] "GET /dirac/feydirac300.jpg HTTP/1.1" 200 38223 "https://www.google.com/" "Mozilla/5.0 (Macintosh; Intel Mac OS X 10_13_6) AppleWebKit/537.36 (KHTML, like Gecko) Chrome/105.0.0.0 Safari/537.36" "ysfine.com"
81.223.14.218 - - [05/Nov/2022:08:34:16 -0700] "GET /dirac/dirfeyn.html HTTP/1.1" 200 6341 "https://www.google.com/" "Mozilla/5.0 (Macintosh; Intel Mac OS X 10_13_6) AppleWebKit/537.36 (KHTML, like Gecko) Chrome/105.0.0.0 Safari/537.36" "ysfine.com"
81.223.14.218 - - [05/Nov/2022:08:34:17 -0700] "GET /dirac/feydirac300.jpg HTTP/1.1" 200 38223 "https://ysfine.com/dirac/dirfeyn.html" "Mozilla/5.0 (Macintosh; Intel Mac OS X 10_13_6) AppleWebKit/537.36 (KHTML, like Gecko) Chrome/105.0.0.0 Safari/537.36" "ysfine.com"
81.223.14.218 - - [05/Nov/2022:08:34:17 -0700] "GET /dirac/sq73c.jpg HTTP/1.1" 200 35501 "https://ysfine.com/dirac/dirfeyn.html" "Mozilla/5.0 (Macintosh; Intel Mac OS X 10_13_6) AppleWebKit/537.36 (KHTML, like Gecko) Chrome/105.0.0.0 Safari/537.36" "ysfine.com"
81.223.14.218 - - [05/Nov/2022:08:34:17 -0700] "GET /dirac/nicodem11c.jpg HTTP/1.1" 200 72684 "https://ysfine.com/dirac/dirfeyn.html" "Mozilla/5.0 (Macintosh; Intel Mac OS X 10_13_6) AppleWebKit/537.36 (KHTML, like Gecko) Chrome/105.0.0.0 Safari/537.36" "ysfine.com"
81.223.14.218 - - [05/Nov/2022:08:34:17 -0700] "GET /dirac/dfkim11c.jpg HTTP/1.1" 200 34801 "https://ysfine.com/dirac/dirfeyn.html" "Mozilla/5.0 (Macintosh; Intel Mac OS X 10_13_6) AppleWebKit/537.36 (KHTML, like Gecko) Chrome/105.0.0.0 Safari/537.36" "ysfine.com"
81.223.14.218 - - [05/Nov/2022:08:34:17 -0700] "GET /dirac/dirackn33c.jpg HTTP/1.1" 200 50420 "https://ysfine.com/dirac/dirfeyn.html" "Mozilla/5.0 (Macintosh; Intel Mac OS X 10_13_6) AppleWebKit/537.36 (KHTML, like Gecko) Chrome/105.0.0.0 Safari/537.36" "ysfine.com"
81.223.14.218 - - [05/Nov/2022:08:34:17 -0700] "GET /feynman/jacdrum11c.jpg HTTP/1.1" 200 39178 "https://ysfine.com/dirac/dirfeyn.html" "Mozilla/5.0 (Macintosh; Intel Mac OS X 10_13_6) AppleWebKit/537.36 (KHTML, like Gecko) Chrome/105.0.0.0 Safari/537.36" "ysfine.com"
81.223.14.218 - - [05/Nov/2022:08:34:17 -0700] "GET /wigner/wigkim11c.jpg HTTP/1.1" 200 30443 "https://ysfine.com/dirac/dirfeyn.html" "Mozilla/5.0 (Macintosh; Intel Mac OS X 10_13_6) AppleWebKit/537.36 (KHTML, like Gecko) Chrome/105.0.0.0 Safari/537.36" "ysfine.com"
81.223.14.218 - - [05/Nov/2022:08:34:17 -0700] "GET /dirac/2osc22c.jpg HTTP/1.1" 200 28929 "https://ysfine.com/dirac/dirfeyn.html" "Mozilla/5.0 (Macintosh; Intel Mac OS X 10_13_6) AppleWebKit/537.36 (KHTML, like Gecko) Chrome/105.0.0.0 Safari/537.36" "ysfine.com"
81.223.14.218 - - [05/Nov/2022:08:34:17 -0700] "GET /wigner/isomor66c.jpg HTTP/1.1" 200 47632 "https://ysfine.com/dirac/dirfeyn.html" "Mozilla/5.0 (Macintosh; Intel Mac OS X 10_13_6) AppleWebKit/537.36 (KHTML, like Gecko) Chrome/105.0.0.0 Safari/537.36" "ysfine.com"
81.223.14.218 - - [05/Nov/2022:08:34:17 -0700] "GET /eink/eink61c.jpg HTTP/1.1" 200 34119 "https://ysfine.com/dirac/dirfeyn.html" "Mozilla/5.0 (Macintosh; Intel Mac OS X 10_13_6) AppleWebKit/537.36 (KHTML, like Gecko) Chrome/105.0.0.0 Safari/537.36" "ysfine.com"
81.223.14.218 - - [05/Nov/2022:08:34:17 -0700] "GET /people/sbt11c.jpg HTTP/1.1" 200 31479 "https://ysfine.com/dirac/dirfeyn.html" "Mozilla/5.0 (Macintosh; Intel Mac OS X 10_13_6) AppleWebKit/537.36 (KHTML, like Gecko) Chrome/105.0.0.0 Safari/537.36" "ysfine.com"
81.223.14.218 - - [05/Nov/2022:08:34:18 -0700] "GET /favicon.ico HTTP/1.1" 404 88 "https://ysfine.com/dirac/dirfeyn.html" "Mozilla/5.0 (Macintosh; Intel Mac OS X 10_13_6) AppleWebKit/537.36 (KHTML, like Gecko) Chrome/105.0.0.0 Safari/537.36" "ysfine.com"
157.55.39.65 - - [05/Nov/2022:08:34:18 -0700] "GET /wdc/kopol05.jpg HTTP/1.1" 200 77273 "-" "Mozilla/5.0 (compatible; bingbot/2.0; +http://www.bing.com/bingbot.htm)" "ysfine.com"
114.119.128.14 - - [05/Nov/2022:08:34:21 -0700] "GET /world/ital/uffizi02.html HTTP/1.1" 200 401 "https://ysfine.com/world/florence.html" "Mozilla/5.0 (Linux; Android 7.0;) AppleWebKit/537.36 (KHTML, like Gecko) Mobile Safari/537.36 (compatible; PetalBot;+https://webmaster.petalsearch.com/site/petalbot)" "ysfine.com"
40.77.167.68 - - [05/Nov/2022:08:35:13 -0700] "GET /ysbio/feynman/fstorie.html HTTP/1.1" 200 790 "-" "Mozilla/5.0 (compatible; bingbot/2.0; +http://www.bing.com/bingbot.htm)" "ysfine.com"
20.109.241.96 - - [05/Nov/2022:08:35:31 -0700] "GET /kowar/pnoodle01b.jpg HTTP/1.1" 200 44990 "https://ysfine.com/kowar" "Mozilla/5.0 (iPhone; CPU iPhone OS 13_5_1 like Mac OS X) AppleWebKit/605.1.15 (KHTML, like Gecko) Version/13.1.1 Mobile/15E148 Safari/604.1" "ysfine.com"
44.228.64.221 - - [05/Nov/2022:08:35:32 -0700] "GET /friends/german.html HTTP/1.1" 404 88 "-" "Python/3.8 aiohttp/3.8.3" "ysfine.com"
20.109.241.80 - - [05/Nov/2022:08:35:37 -0700] "GET /world/brit/lonstore06.jpg HTTP/1.1" 200 76080 "https://ysfine.com/world/brit" "Mozilla/5.0 (Linux; Android 10; SM-G960U) AppleWebKit/537.36 (KHTML, like Gecko) Chrome/88.0.4324.181 Mobile Safari/537.36" "ysfine.com"
20.106.27.209 - - [05/Nov/2022:08:36:36 -0700] "GET /world/china/beijing107b.jpg HTTP/1.1" 200 43694 "https://www.ysfine.com/world/china" "Mozilla/5.0 (Windows NT 10.0; Win64; x64) AppleWebKit/537.36 (KHTML, like Gecko) Chrome/74.0.3729.157 Safari/537.36" "www.ysfine.com"
40.77.167.71 - - [05/Nov/2022:08:37:02 -0700] "GET /ysbio/wisdom/quovadis.html HTTP/1.1" 200 3582 "-" "Mozilla/5.0 AppleWebKit/537.36 (KHTML, like Gecko; compatible; bingbot/2.0; +http://www.bing.com/bingbot.htm) Chrome/103.0.5060.134 Safari/537.36" "ysfine.com"
40.77.51.86 - - [05/Nov/2022:08:37:12 -0700] "GET /world/germany/vienstdpark05b.jpg HTTP/1.1" 200 44667 "https://ysfine.com/world/germany" "Mozilla/5.0 (iPhone; CPU iPhone OS 13_5_1 like Mac OS X) AppleWebKit/605.1.15 (KHTML, like Gecko) Version/13.1.1 Mobile/15E148 Safari/604.1" "ysfine.com"
123.183.224.88 - - [05/Nov/2022:08:37:21 -0700] "GET / HTTP/1.1" 200 5283 "-" "Sogou web spider/4.0(+http://www.sogou.com/docs/help/webmasters.htm#07)" "ysfine.com"
188.165.237.120 - - [05/Nov/2022:08:37:21 -0700] "GET /robots.txt HTTP/1.1" 404 73 "-" "Mozilla/5.0 (compatible; MJ12bot/v1.4.8; http://mj12bot.com/)" "ysfine.com"
188.165.237.120 - - [05/Nov/2022:08:37:23 -0700] "GET /class54/acs/acs68.jpg HTTP/1.1" 200 155491 "-" "Mozilla/5.0 (compatible; MJ12bot/v1.4.8; http://mj12bot.com/)" "ysfine.com"
188.165.237.120 - - [05/Nov/2022:08:37:26 -0700] "GET /class54/acs/acs75.jpg HTTP/1.1" 200 350922 "-" "Mozilla/5.0 (compatible; MJ12bot/v1.4.8; http://mj12bot.com/)" "ysfine.com"
20.12.191.74 - - [05/Nov/2022:08:37:27 -0700] "GET /world/france/champ1205.jpg HTTP/1.1" 200 110167 "https://ysfine.com/world/france" "Mozilla/5.0 (X11; Linux x86_64) AppleWebKit/537.36 (KHTML, like Gecko) Chrome/74.0.3729.169 Safari/537.36" "ysfine.com"
188.165.237.120 - - [05/Nov/2022:08:37:28 -0700] "GET /class54/acs/acs96.jpg HTTP/1.1" 200 174599 "-" "Mozilla/5.0 (compatible; MJ12bot/v1.4.8; http://mj12bot.com/)" "ysfine.com"
188.165.237.120 - - [05/Nov/2022:08:37:31 -0700] "GET /class54/stcars/se09.jpg HTTP/1.1" 200 93276 "-" "Mozilla/5.0 (compatible; MJ12bot/v1.4.8; http://mj12bot.com/)" "ysfine.com"
188.165.237.120 - - [05/Nov/2022:08:37:33 -0700] "GET /home/tables/tab11.jpg HTTP/1.1" 200 103557 "-" "Mozilla/5.0 (compatible; MJ12bot/v1.4.8; http://mj12bot.com/)" "ysfine.com"
40.86.101.253 - - [05/Nov/2022:08:37:33 -0700] "GET /world/ital/verona21b.jpg HTTP/1.1" 200 38564 "http://ysfine.com/world/ital" "Mozilla/5.0 (Macintosh; Intel Mac OS X 10_11_6) AppleWebKit/605.1.15 (KHTML, like Gecko) Version/11.1.2 Safari/605.1.15" "ysfine.com"
20.109.241.98 - - [05/Nov/2022:08:37:33 -0700] "GET /world/brit/bond09.jpg HTTP/1.1" 200 63786 "https://ysfine.com/world/brit" "Mozilla/5.0 (Macintosh; Intel Mac OS X 10_11_6) AppleWebKit/605.1.15 (KHTML, like Gecko) Version/11.1.2 Safari/605.1.15" "ysfine.com"
188.165.237.120 - - [05/Nov/2022:08:37:36 -0700] "GET /home/tables/tab33.jpg HTTP/1.1" 200 139951 "-" "Mozilla/5.0 (compatible; MJ12bot/v1.4.8; http://mj12bot.com/)" "ysfine.com"
188.165.237.120 - - [05/Nov/2022:08:37:38 -0700] "GET /kowar/kowar001.jpg HTTP/1.1" 200 240938 "-" "Mozilla/5.0 (compatible; MJ12bot/v1.4.8; http://mj12bot.com/)" "ysfine.com"
157.55.39.17 - - [05/Nov/2022:08:37:40 -0700] "GET /wigner/wigheis11b.jpg HTTP/1.1" 200 38703 "-" "Mozilla/5.0 AppleWebKit/537.36 (KHTML, like Gecko; compatible; bingbot/2.0; +http://www.bing.com/bingbot.htm) Chrome/103.0.5060.134 Safari/537.36" "www.ysfine.com"
114.119.128.162 - - [05/Nov/2022:08:37:40 -0700] "GET /wigner/neum/pvn03.jpg HTTP/1.1" 200 83757 "http://induced.info/?s=John%2Bvon%2BNeumann%2B%2BWikiquote" "Mozilla/5.0 (Linux; Android 7.0;) AppleWebKit/537.36 (KHTML, like Gecko) Mobile Safari/537.36 (compatible; PetalBot;+https://webmaster.petalsearch.com/site/petalbot)" "ysfine.com"
188.165.237.120 - - [05/Nov/2022:08:37:41 -0700] "GET /world/brit/cam27.pdf HTTP/1.1" 200 149978 "-" "Mozilla/5.0 (compatible; MJ12bot/v1.4.8; http://mj12bot.com/)" "ysfine.com"
188.165.237.120 - - [05/Nov/2022:08:37:43 -0700] "GET /class54/acs/acs17.jpg HTTP/1.1" 200 213767 "-" "Mozilla/5.0 (compatible; MJ12bot/v1.4.8; http://mj12bot.com/)" "ysfine.com"
188.165.237.120 - - [05/Nov/2022:08:37:45 -0700] "GET /class54/acs/acs68.jpg HTTP/1.1" 200 155491 "-" "Mozilla/5.0 (compatible; MJ12bot/v1.4.8; http://mj12bot.com/)" "ysfine.com"
188.165.237.120 - - [05/Nov/2022:08:37:49 -0700] "GET /class54/acs/acs75.jpg HTTP/1.1" 200 350922 "-" "Mozilla/5.0 (compatible; MJ12bot/v1.4.8; http://mj12bot.com/)" "ysfine.com"
188.165.237.120 - - [05/Nov/2022:08:37:52 -0700] "GET /class54/acs/acs96.jpg HTTP/1.1" 200 174599 "-" "Mozilla/5.0 (compatible; MJ12bot/v1.4.8; http://mj12bot.com/)" "ysfine.com"
188.165.237.120 - - [05/Nov/2022:08:37:54 -0700] "GET /class54/stcars/se09.jpg HTTP/1.1" 200 93276 "-" "Mozilla/5.0 (compatible; MJ12bot/v1.4.8; http://mj12bot.com/)" "ysfine.com"
188.165.237.120 - - [05/Nov/2022:08:37:56 -0700] "GET /confer/http%C3%84://medres.online/materialsscience/2020 HTTP/1.1" 404 88 "-" "Mozilla/5.0 (compatible; MJ12bot/v1.4.8; http://mj12bot.com/)" "ysfine.com"
188.165.237.120 - - [05/Nov/2022:08:37:58 -0700] "GET /home/tables/tab11.jpg HTTP/1.1" 200 103557 "-" "Mozilla/5.0 (compatible; MJ12bot/v1.4.8; http://mj12bot.com/)" "ysfine.com"
188.165.237.120 - - [05/Nov/2022:08:38:01 -0700] "GET /home/tables/tab33.jpg HTTP/1.1" 200 139951 "-" "Mozilla/5.0 (compatible; MJ12bot/v1.4.8; http://mj12bot.com/)" "ysfine.com"
188.165.237.120 - - [05/Nov/2022:08:38:04 -0700] "GET /kowar/kowar001.jpg HTTP/1.1" 200 240938 "-" "Mozilla/5.0 (compatible; MJ12bot/v1.4.8; http://mj12bot.com/)" "ysfine.com"
188.165.237.120 - - [05/Nov/2022:08:38:07 -0700] "GET /world/kor/sel803.jpg HTTP/1.1" 200 195155 "-" "Mozilla/5.0 (compatible; MJ12bot/v1.4.8; http://mj12bot.com/)" "ysfine.com"
188.165.237.120 - - [05/Nov/2022:08:38:09 -0700] "GET /robots.txt HTTP/1.1" 404 73 "-" "Mozilla/5.0 (compatible; MJ12bot/v1.4.8; http://mj12bot.com/)" "ysfine.com"
188.165.237.120 - - [05/Nov/2022:08:38:14 -0700] "GET /style/songs.htmlCachedSimilarIf HTTP/1.1" 404 88 "-" "Mozilla/5.0 (compatible; MJ12bot/v1.4.8; http://mj12bot.com/)" "ysfine.com"
188.165.237.120 - - [05/Nov/2022:08:38:18 -0700] "GET /einstein/ewk.html HTTP/1.1" 200 4230 "-" "Mozilla/5.0 (compatible; MJ12bot/v1.4.8; http://mj12bot.com/)" "ysfine.com"
188.165.237.120 - - [05/Nov/2022:08:38:20 -0700] "GET /einstein/ulm.html HTTP/1.1" 200 6713 "-" "Mozilla/5.0 (compatible; MJ12bot/v1.4.8; http://mj12bot.com/)" "ysfine.com"
188.165.237.120 - - [05/Nov/2022:08:38:23 -0700] "GET /world/brit/cam27.pdf HTTP/1.1" 200 149978 "-" "Mozilla/5.0 (compatible; MJ12bot/v1.4.8; http://mj12bot.com/)" "ysfine.com"
188.165.237.120 - - [05/Nov/2022:08:38:25 -0700] "GET /robots.txt HTTP/1.1" 404 73 "-" "Mozilla/5.0 (compatible; MJ12bot/v1.4.8; http://mj12bot.com/)" "www.ysfine.com"
188.165.237.120 - - [05/Nov/2022:08:38:28 -0700] "GET /class54/acs/acs17.jpg HTTP/1.1" 200 213767 "-" "Mozilla/5.0 (compatible; MJ12bot/v1.4.8; http://mj12bot.com/)" "www.ysfine.com"
188.165.237.120 - - [05/Nov/2022:08:38:30 -0700] "GET /class54/acs/acs68.jpg HTTP/1.1" 200 155491 "-" "Mozilla/5.0 (compatible; MJ12bot/v1.4.8; http://mj12bot.com/)" "www.ysfine.com"
188.165.237.120 - - [05/Nov/2022:08:38:33 -0700] "GET /class54/acs/acs75.jpg HTTP/1.1" 200 350922 "-" "Mozilla/5.0 (compatible; MJ12bot/v1.4.8; http://mj12bot.com/)" "www.ysfine.com"
188.165.237.120 - - [05/Nov/2022:08:38:36 -0700] "GET /class54/acs/acs96.jpg HTTP/1.1" 200 174599 "-" "Mozilla/5.0 (compatible; MJ12bot/v1.4.8; http://mj12bot.com/)" "www.ysfine.com"
188.165.237.120 - - [05/Nov/2022:08:38:39 -0700] "GET /class54/stcars/se09.jpg HTTP/1.1" 200 93276 "-" "Mozilla/5.0 (compatible; MJ12bot/v1.4.8; http://mj12bot.com/)" "www.ysfine.com"
188.165.237.120 - - [05/Nov/2022:08:38:42 -0700] "GET /home/tables/tab11.jpg HTTP/1.1" 200 103557 "-" "Mozilla/5.0 (compatible; MJ12bot/v1.4.8; http://mj12bot.com/)" "www.ysfine.com"
20.109.241.80 - - [05/Nov/2022:08:38:42 -0700] "GET /usca/norl/canal04b.jpg HTTP/1.1" 200 39061 "https://ysfine.com/usca/norl" "Mozilla/5.0 (Macintosh; Intel Mac OS X 10_11_6) AppleWebKit/605.1.15 (KHTML, like Gecko) Version/11.1.2 Safari/605.1.15" "ysfine.com"
188.165.237.120 - - [05/Nov/2022:08:38:45 -0700] "GET /home/tables/tab33.jpg HTTP/1.1" 200 139951 "-" "Mozilla/5.0 (compatible; MJ12bot/v1.4.8; http://mj12bot.com/)" "www.ysfine.com"
20.106.27.209 - - [05/Nov/2022:08:38:47 -0700] "GET /world/ital/bologsw24b.jpg HTTP/1.1" 200 37942 "https://ysfine.com/world/ital" "Mozilla/5.0 (Linux; Android 10; SM-G960U) AppleWebKit/537.36 (KHTML, like Gecko) Chrome/88.0.4324.181 Mobile Safari/537.36" "ysfine.com"
188.165.237.120 - - [05/Nov/2022:08:38:48 -0700] "GET /world/kor/sel803.jpg HTTP/1.1" 200 195155 "-" "Mozilla/5.0 (compatible; MJ12bot/v1.4.8; http://mj12bot.com/)" "www.ysfine.com"
188.165.237.120 - - [05/Nov/2022:08:38:51 -0700] "GET /world/brit/cam27.pdf HTTP/1.1" 200 149978 "-" "Mozilla/5.0 (compatible; MJ12bot/v1.4.8; http://mj12bot.com/)" "www.ysfine.com"
188.165.237.120 - - [05/Nov/2022:08:38:53 -0700] "GET /class54/acs/acs17.jpg HTTP/1.1" 200 213767 "-" "Mozilla/5.0 (compatible; MJ12bot/v1.4.8; http://mj12bot.com/)" "www.ysfine.com"
188.165.237.120 - - [05/Nov/2022:08:38:56 -0700] "GET /class54/acs/acs68.jpg HTTP/1.1" 200 155491 "-" "Mozilla/5.0 (compatible; MJ12bot/v1.4.8; http://mj12bot.com/)" "www.ysfine.com"
188.165.237.120 - - [05/Nov/2022:08:38:59 -0700] "GET /class54/acs/acs75.jpg HTTP/1.1" 200 350922 "-" "Mozilla/5.0 (compatible; MJ12bot/v1.4.8; http://mj12bot.com/)" "www.ysfine.com"
188.165.237.120 - - [05/Nov/2022:08:39:01 -0700] "GET /class54/acs/acs96.jpg HTTP/1.1" 200 174599 "-" "Mozilla/5.0 (compatible; MJ12bot/v1.4.8; http://mj12bot.com/)" "www.ysfine.com"
188.165.237.120 - - [05/Nov/2022:08:39:04 -0700] "GET /class54/stcars/se09.jpg HTTP/1.1" 200 93276 "-" "Mozilla/5.0 (compatible; MJ12bot/v1.4.8; http://mj12bot.com/)" "www.ysfine.com"
188.165.237.120 - - [05/Nov/2022:08:39:08 -0700] "GET /confer/http%C3%84://medres.online/materialsscience/2020 HTTP/1.1" 404 88 "-" "Mozilla/5.0 (compatible; MJ12bot/v1.4.8; http://mj12bot.com/)" "www.ysfine.com"
188.165.237.120 - - [05/Nov/2022:08:39:10 -0700] "GET /home/tables/tab11.jpg HTTP/1.1" 200 103557 "-" "Mozilla/5.0 (compatible; MJ12bot/v1.4.8; http://mj12bot.com/)" "www.ysfine.com"
188.165.237.120 - - [05/Nov/2022:08:39:13 -0700] "GET /home/tables/tab33.jpg HTTP/1.1" 200 139951 "-" "Mozilla/5.0 (compatible; MJ12bot/v1.4.8; http://mj12bot.com/)" "www.ysfine.com"
20.109.241.80 - - [05/Nov/2022:08:39:17 -0700] "GET /princeton/billbo2.jpg HTTP/1.1" 200 59505 "http://ysfine.com/princeton" "Mozilla/5.0 (X11; Linux x86_64) AppleWebKit/537.36 (KHTML, like Gecko) Chrome/74.0.3729.169 Safari/537.36" "ysfine.com"
188.165.237.120 - - [05/Nov/2022:08:39:17 -0700] "GET /kowar/kowar001.jpg HTTP/1.1" 200 240938 "-" "Mozilla/5.0 (compatible; MJ12bot/v1.4.8; http://mj12bot.com/)" "www.ysfine.com"
157.55.39.76 - - [05/Nov/2022:08:39:19 -0700] "GET /world/china/dalian13.jpg HTTP/1.1" 200 78072 "-" "Mozilla/5.0 AppleWebKit/537.36 (KHTML, like Gecko; compatible; bingbot/2.0; +http://www.bing.com/bingbot.htm) Chrome/103.0.5060.134 Safari/537.36" "ysfine.com"
188.165.237.120 - - [05/Nov/2022:08:39:20 -0700] "GET /world/brit/cam27.pdf HTTP/1.1" 200 149978 "-" "Mozilla/5.0 (compatible; MJ12bot/v1.4.8; http://mj12bot.com/)" "www.ysfine.com"
40.77.167.68 - - [05/Nov/2022:08:39:43 -0700] "GET /princeton/stevenson11.jpg HTTP/1.1" 200 261678 "-" "Mozilla/5.0 AppleWebKit/537.36 (KHTML, like Gecko; compatible; bingbot/2.0; +http://www.bing.com/bingbot.htm) Chrome/103.0.5060.134 Safari/537.36" "www.ysfine.com"
157.55.39.17 - - [05/Nov/2022:08:39:52 -0700] "GET /bio/world/leipzig.html HTTP/1.1" 404 88 "-" "Mozilla/5.0 (compatible; bingbot/2.0; +http://www.bing.com/bingbot.htm)" "ysfine.com"
89.187.162.108 - - [05/Nov/2022:08:40:34 -0700] "GET /wigner/inonu.pdf HTTP/1.1" 200 87394 "-" "Mozilla/5.0 (Windows NT 10.0; Win64; x64) AppleWebKit/537.36 (KHTML, like Gecko) Chrome/106.0.0.0 Safari/537.36" "ysfine.com"
40.86.101.253 - - [05/Nov/2022:08:40:40 -0700] "GET /usca/pitt/alumin02b.jpg HTTP/1.1" 200 50569 "https://ysfine.com/usca/pitt" "Mozilla/5.0 (iPhone; CPU iPhone OS 13_5_1 like Mac OS X) AppleWebKit/605.1.15 (KHTML, like Gecko) Version/13.1.1 Mobile/15E148 Safari/604.1" "ysfine.com"
185.213.155.168 - - [05/Nov/2022:08:41:09 -0700] "GET /jobs/koreaj.html HTTP/1.1" 200 33300 "https://www.ysfine.com/jobs/koreaj.html" "Mozilla/5.0 (Windows NT 10.0) AppleWebKit/537.36 (KHTML, like Gecko) Chrome/90.0.4430.85 Safari/537.36" "www.ysfine.com"
40.77.167.68 - - [05/Nov/2022:08:41:43 -0700] "GET /world/ital/padova22.jpg HTTP/1.1" 200 80257 "-" "Mozilla/5.0 (compatible; bingbot/2.0; +http://www.bing.com/bingbot.htm)" "ysfine.com"
40.78.141.94 - - [05/Nov/2022:08:41:54 -0700] "GET /ffriends/amkor/canlon01c.jpg HTTP/1.1" 200 44304 "https://ysfine.com/ffriends/amkor" "Mozilla/5.0 (Windows NT 10.0; Win64; x64) AppleWebKit/537.36 (KHTML, like Gecko) Chrome/74.0.3729.157 Safari/537.36" "ysfine.com"
20.29.110.170 - - [05/Nov/2022:08:42:11 -0700] "GET /kowar/tanks/tank04b.jpg HTTP/1.1" 200 48757 "http://ysfine.com/kowar/tanks" "Mozilla/5.0 (iPhone; CPU iPhone OS 13_5_1 like Mac OS X) AppleWebKit/605.1.15 (KHTML, like Gecko) Version/13.1.1 Mobile/15E148 Safari/604.1" "ysfine.com"
40.122.227.201 - - [05/Nov/2022:08:42:33 -0700] "GET /maga/phys/weylfig06b.jpg HTTP/1.1" 200 45775 "https://ysfine.com/maga/phys" "Mozilla/5.0 (Windows NT 10.0; Win64; x64) AppleWebKit/537.36 (KHTML, like Gecko) Chrome/74.0.3729.157 Safari/537.36" "ysfine.com"
20.109.241.97 - - [05/Nov/2022:08:42:48 -0700] "GET /einstein/fantova/s06.gif HTTP/1.1" 200 940 "https://ysfine.com/einstein/fantova" "Mozilla/5.0 (iPhone; CPU iPhone OS 13_5_1 like Mac OS X) AppleWebKit/605.1.15 (KHTML, like Gecko) Version/13.1.1 Mobile/15E148 Safari/604.1" "ysfine.com"
51.222.253.8 - - [05/Nov/2022:08:42:48 -0700] "GET /ysbio/wdc/tysonsm.html HTTP/1.1" 200 844 "-" "Mozilla/5.0 (compatible; AhrefsBot/7.0; +http://ahrefs.com/robot/)" "www.ysfine.com"
40.77.167.71 - - [05/Nov/2022:08:42:53 -0700] "GET /world/france/eiffel04.jpg HTTP/1.1" 200 108550 "-" "Mozilla/5.0 AppleWebKit/537.36 (KHTML, like Gecko; compatible; bingbot/2.0; +http://www.bing.com/bingbot.htm) Chrome/103.0.5060.134 Safari/537.36" "www.ysfine.com"
40.86.101.164 - - [05/Nov/2022:08:42:54 -0700] "GET /world/brit/parlia01b.jpg HTTP/1.1" 200 44457 "http://ysfine.com/world/brit" "Mozilla/5.0 (Macintosh; Intel Mac OS X 10_11_6) AppleWebKit/605.1.15 (KHTML, like Gecko) Version/11.1.2 Safari/605.1.15" "ysfine.com"
51.222.253.9 - - [05/Nov/2022:08:42:56 -0700] "GET /ysbio/wdc/tyson52a.jpg HTTP/1.1" 200 61149 "-" "Mozilla/5.0 (compatible; AhrefsBot/7.0; +http://ahrefs.com/robot/)" "www.ysfine.com"
51.222.253.15 - - [05/Nov/2022:08:43:02 -0700] "GET /ysbio/wdc/tyson51a.jpg HTTP/1.1" 200 59425 "-" "Mozilla/5.0 (compatible; AhrefsBot/7.0; +http://ahrefs.com/robot/)" "www.ysfine.com"
51.222.253.19 - - [05/Nov/2022:08:43:07 -0700] "GET /ysbio/wdc/tyson54a.jpg HTTP/1.1" 200 55094 "-" "Mozilla/5.0 (compatible; AhrefsBot/7.0; +http://ahrefs.com/robot/)" "www.ysfine.com"
51.222.253.10 - - [05/Nov/2022:08:43:13 -0700] "GET /ysbio/wdc/tyson01b.jpg HTTP/1.1" 200 48071 "-" "Mozilla/5.0 (compatible; AhrefsBot/7.0; +http://ahrefs.com/robot/)" "www.ysfine.com"
40.86.101.252 - - [05/Nov/2022:08:43:13 -0700] "GET /style/musee/britmu05b.jpg HTTP/1.1" 200 44208 "https://ysfine.com/style/musee" "Mozilla/5.0 (iPhone; CPU iPhone OS 13_5_1 like Mac OS X) AppleWebKit/605.1.15 (KHTML, like Gecko) Version/13.1.1 Mobile/15E148 Safari/604.1" "ysfine.com"
51.222.253.11 - - [05/Nov/2022:08:43:19 -0700] "GET /ysbio/wdc/tyson55a.jpg HTTP/1.1" 200 52427 "-" "Mozilla/5.0 (compatible; AhrefsBot/7.0; +http://ahrefs.com/robot/)" "www.ysfine.com"
40.77.167.27 - - [05/Nov/2022:08:43:22 -0700] "GET /world/ital/vatican17.jpg HTTP/1.1" 200 110897 "-" "Mozilla/5.0 (compatible; bingbot/2.0; +http://www.bing.com/bingbot.htm)" "ysfine.com"
157.55.39.17 - - [05/Nov/2022:08:43:26 -0700] "GET /world/hungary/buda122b.jpg HTTP/1.1" 200 27902 "-" "Mozilla/5.0 (compatible; bingbot/2.0; +http://www.bing.com/bingbot.htm)" "ysfine.com"
13.67.224.13 - - [05/Nov/2022:08:43:37 -0700] "GET /friends/chinactress22b.jpg HTTP/1.1" 404 88 "https://ysfine.com/friends" "Mozilla/5.0 (Windows NT 10.0; Win64; x64) AppleWebKit/537.36 (KHTML, like Gecko) Chrome/74.0.3729.157 Safari/537.36" "ysfine.com"
192.0.102.116 - - [05/Nov/2022:08:43:40 -0700] "GET /feynman/standardmo01.jpg HTTP/1.1" 200 94736 "-" "Photon/1.0" "www.ysfine.com"
157.55.39.65 - - [05/Nov/2022:08:43:50 -0700] "GET /bio/style/ystyle.html HTTP/1.1" 404 88 "-" "Mozilla/5.0 (compatible; bingbot/2.0; +http://www.bing.com/bingbot.htm)" "ysfine.com"
40.77.51.86 - - [05/Nov/2022:08:44:24 -0700] "GET /einstein/avogadro2.jpg HTTP/1.1" 200 34577 "http://ysfine.com/einstein" "Mozilla/5.0 (Linux; Android 10; SM-G960U) AppleWebKit/537.36 (KHTML, like Gecko) Chrome/88.0.4324.181 Mobile Safari/537.36" "ysfine.com"
40.77.167.27 - - [05/Nov/2022:08:44:41 -0700] "GET /wdc/gtown07.jpg HTTP/1.1" 200 134771 "-" "Mozilla/5.0 AppleWebKit/537.36 (KHTML, like Gecko; compatible; bingbot/2.0; +http://www.bing.com/bingbot.htm) Chrome/103.0.5060.134 Safari/537.36" "ysfine.com"
87.241.77.56 - - [05/Nov/2022:08:44:58 -0700] "GET /world/france/stras02.jpg HTTP/1.1" 200 153807 "https://www.google.se/" "Mozilla/5.0 (iPhone; CPU iPhone OS 15_6_1 like Mac OS X) AppleWebKit/605.1.15 (KHTML, like Gecko) Version/15.6.1 Mobile/15E148 Safari/604.1" "ysfine.com"
157.55.39.17 - - [05/Nov/2022:08:45:10 -0700] "GET /maga/phys/bohr05.jpg HTTP/1.1" 200 70451 "-" "Mozilla/5.0 AppleWebKit/537.36 (KHTML, like Gecko; compatible; bingbot/2.0; +http://www.bing.com/bingbot.htm) Chrome/103.0.5060.134 Safari/537.36" "ysfine.com"
40.77.167.71 - - [05/Nov/2022:08:45:16 -0700] "GET /newyork/trump02b.jpg HTTP/1.1" 200 61147 "-" "Mozilla/5.0 AppleWebKit/537.36 (KHTML, like Gecko; compatible; bingbot/2.0; +http://www.bing.com/bingbot.htm) Chrome/103.0.5060.134 Safari/537.36" "ysfine.com"
20.109.241.80 - - [05/Nov/2022:08:45:43 -0700] "GET /world/ital/bologsw11b.jpg HTTP/1.1" 200 34448 "https://ysfine.com/world/ital" "Mozilla/5.0 (Windows NT 10.0; Win64; x64) AppleWebKit/537.36 (KHTML, like Gecko) Chrome/74.0.3729.157 Safari/537.36" "ysfine.com"
40.77.167.68 - - [05/Nov/2022:08:45:44 -0700] "GET /bio/eink/buythisbook.html HTTP/1.1" 404 88 "-" "Mozilla/5.0 AppleWebKit/537.36 (KHTML, like Gecko; compatible; bingbot/2.0; +http://www.bing.com/bingbot.htm) Chrome/103.0.5060.134 Safari/537.36" "ysfine.com"
40.122.227.200 - - [05/Nov/2022:08:46:12 -0700] "GET /wdc/whxmas18b.jpg HTTP/1.1" 200 46539 "https://ysfine.com/wdc" "Mozilla/5.0 (Linux; Android 10; SM-G960U) AppleWebKit/537.36 (KHTML, like Gecko) Chrome/88.0.4324.181 Mobile Safari/537.36" "ysfine.com"
157.55.39.17 - - [05/Nov/2022:08:46:23 -0700] "GET /bio/einstein/bern.html HTTP/1.1" 404 88 "-" "Mozilla/5.0 AppleWebKit/537.36 (KHTML, like Gecko; compatible; bingbot/2.0; +http://www.bing.com/bingbot.htm) Chrome/103.0.5060.134 Safari/537.36" "ysfine.com"
20.109.241.98 - - [05/Nov/2022:08:46:25 -0700] "GET /usca/pitt/pitmap02b.jpg HTTP/1.1" 200 21396 "https://www.ysfine.com/usca/pitt" "Mozilla/5.0 (Windows NT 10.0; Win64; x64) AppleWebKit/537.36 (KHTML, like Gecko) Chrome/74.0.3729.157 Safari/537.36" "www.ysfine.com"
85.100.67.9 - - [05/Nov/2022:08:48:45 -0700] "GET /feynman/feydirac.jpg HTTP/1.1" 200 98378 "https://www.google.com.tr/" "Mozilla/5.0 (iPhone; CPU iPhone OS 15_7 like Mac OS X) AppleWebKit/605.1.15 (KHTML, like Gecko) Version/15.6,2 Mobile/15E148 Safari/604.1" "ysfine.com"
85.100.67.9 - - [05/Nov/2022:08:48:57 -0700] "GET /maga/phys/yukafeyn.jpg HTTP/1.1" 200 111167 "https://www.google.com.tr/" "Mozilla/5.0 (iPhone; CPU iPhone OS 15_7 like Mac OS X) AppleWebKit/605.1.15 (KHTML, like Gecko) Version/15.6,2 Mobile/15E148 Safari/604.1" "ysfine.com"
40.122.188.112 - - [05/Nov/2022:08:49:35 -0700] "GET /friends/amkor/ewha31c.jpg HTTP/1.1" 404 88 "https://ysfine.com/friends/amkor" "Mozilla/5.0 (Macintosh; Intel Mac OS X 10_11_6) AppleWebKit/605.1.15 (KHTML, like Gecko) Version/11.1.2 Safari/605.1.15" "ysfine.com"
40.77.167.68 - - [05/Nov/2022:08:49:44 -0700] "GET /world/ital/verona09.jpg HTTP/1.1" 200 81322 "-" "Mozilla/5.0 (compatible; bingbot/2.0; +http://www.bing.com/bingbot.htm)" "www.ysfine.com"
13.67.224.14 - - [05/Nov/2022:08:49:52 -0700] "GET /ffriends/amkor/kgirls02.jpg HTTP/1.1" 200 76245 "https://ysfine.com/ffriends/amkor" "Mozilla/5.0 (Windows NT 10.0; Win64; x64) AppleWebKit/537.36 (KHTML, like Gecko) Chrome/74.0.3729.157 Safari/537.36" "ysfine.com"
20.12.191.72 - - [05/Nov/2022:08:49:57 -0700] "GET /world/china/beijing012b.jpg HTTP/1.1" 200 40731 "http://ysfine.com/world/china" "Mozilla/5.0 (iPhone; CPU iPhone OS 13_5_1 like Mac OS X) AppleWebKit/605.1.15 (KHTML, like Gecko) Version/13.1.1 Mobile/15E148 Safari/604.1" "ysfine.com"
51.222.253.14 - - [05/Nov/2022:08:50:45 -0700] "GET /ysbio/class54/solo.html HTTP/1.1" 200 1810 "-" "Mozilla/5.0 (compatible; AhrefsBot/7.0; +http://ahrefs.com/robot/)" "www.ysfine.com"
40.77.167.68 - - [05/Nov/2022:08:50:55 -0700] "GET /world/germany/hegel04.jpg HTTP/1.1" 200 119879 "-" "Mozilla/5.0 (compatible; bingbot/2.0; +http://www.bing.com/bingbot.htm)" "ysfine.com"
40.77.51.85 - - [05/Nov/2022:08:51:04 -0700] "GET /world/israel/tlv11c.jpg HTTP/1.1" 200 34147 "https://ysfine.com/world/israel" "Mozilla/5.0 (Linux; Android 10; SM-G960U) AppleWebKit/537.36 (KHTML, like Gecko) Chrome/88.0.4324.181 Mobile Safari/537.36" "ysfine.com"
40.77.51.80 - - [05/Nov/2022:08:51:32 -0700] "GET /home/fotos/einmu41d.jpg HTTP/1.1" 200 62005 "https://ysfine.com/home/fotos" "Mozilla/5.0 (iPhone; CPU iPhone OS 13_5_1 like Mac OS X) AppleWebKit/605.1.15 (KHTML, like Gecko) Version/13.1.1 Mobile/15E148 Safari/604.1" "ysfine.com"
157.55.39.65 - - [05/Nov/2022:08:51:32 -0700] "GET /ysbio/style/musleft.html HTTP/1.1" 200 473 "-" "Mozilla/5.0 AppleWebKit/537.36 (KHTML, like Gecko; compatible; bingbot/2.0; +http://www.bing.com/bingbot.htm) Chrome/103.0.5060.134 Safari/537.36" "ysfine.com"
157.55.39.17 - - [05/Nov/2022:08:51:52 -0700] "GET /world/russ/mosko03b.jpg HTTP/1.1" 200 40398 "-" "Mozilla/5.0 (compatible; bingbot/2.0; +http://www.bing.com/bingbot.htm)" "ysfine.com"
138.201.11.237 - - [05/Nov/2022:08:51:58 -0700] "GET /dirac/diracsq.html HTTP/1.1" 200 4447 "-" "Mozilla/5.0 (Windows NT 10.0; Win64; x64) AppleWebKit/537.36 (KHTML, like Gecko) Chrome/86.0.4240.193 Safari/537.36" "ysfine.com"
20.109.241.98 - - [05/Nov/2022:08:52:16 -0700] "GET /wdc/sakura03.jpg HTTP/1.1" 200 110987 "http://ysfine.com/wdc" "Mozilla/5.0 (X11; Linux x86_64) AppleWebKit/537.36 (KHTML, like Gecko) Chrome/74.0.3729.169 Safari/537.36" "ysfine.com"
20.109.241.81 - - [05/Nov/2022:08:52:38 -0700] "GET /world/china/shanghai001b.jpg HTTP/1.1" 200 38685 "http://ysfine.com/world/china" "Mozilla/5.0 (iPhone; CPU iPhone OS 13_5_1 like Mac OS X) AppleWebKit/605.1.15 (KHTML, like Gecko) Version/13.1.1 Mobile/15E148 Safari/604.1" "ysfine.com"
157.55.39.65 - - [05/Nov/2022:08:53:09 -0700] "GET /world/china/dandongbr05.jpg HTTP/1.1" 200 194930 "-" "Mozilla/5.0 AppleWebKit/537.36 (KHTML, like Gecko; compatible; bingbot/2.0; +http://www.bing.com/bingbot.htm) Chrome/103.0.5060.134 Safari/537.36" "www.ysfine.com"
157.55.39.76 - - [05/Nov/2022:08:53:11 -0700] "GET /einstein/places/ulm22.jpg HTTP/1.1" 200 95004 "-" "Mozilla/5.0 AppleWebKit/537.36 (KHTML, like Gecko; compatible; bingbot/2.0; +http://www.bing.com/bingbot.htm) Chrome/103.0.5060.134 Safari/537.36" "ysfine.com"
13.67.224.12 - - [05/Nov/2022:08:53:15 -0700] "GET /world/brit/queensw01b.jpg HTTP/1.1" 200 51888 "https://ysfine.com/world/brit" "Mozilla/5.0 (Macintosh; Intel Mac OS X 10_11_6) AppleWebKit/605.1.15 (KHTML, like Gecko) Version/11.1.2 Safari/605.1.15" "ysfine.com"
20.109.241.96 - - [05/Nov/2022:08:53:16 -0700] "GET /world/germany/oktf10b.jpg HTTP/1.1" 200 46446 "http://ysfine.com/world/germany" "Mozilla/5.0 (Linux; Android 10; SM-G960U) AppleWebKit/537.36 (KHTML, like Gecko) Chrome/88.0.4324.181 Mobile Safari/537.36" "ysfine.com"
77.75.77.109 - - [05/Nov/2022:08:54:17 -0700] "GET /robots.txt HTTP/1.1" 404 88 "-" "Mozilla/5.0 (compatible; SeznamBot/3.2; +http://napoveda.seznam.cz/en/seznambot-intro/)" "ysfine.com"
77.75.77.109 - - [05/Nov/2022:08:54:18 -0700] "GET /world/germany/salzmo11.jpg HTTP/1.1" 304 - "-" "Mozilla/5.0 (compatible; SeznamBot/3.2; +http://napoveda.seznam.cz/en/seznambot-intro/)" "ysfine.com"
77.75.77.109 - - [05/Nov/2022:08:54:19 -0700] "GET /world/france/montpar07.jpg HTTP/1.1" 200 144729 "-" "Mozilla/5.0 (compatible; SeznamBot/3.2; +http://napoveda.seznam.cz/en/seznambot-intro/)" "ysfine.com"
174.197.138.220 - - [05/Nov/2022:08:54:22 -0700] "GET /princeton/sbk87.jpg HTTP/1.1" 200 174738 "https://www.google.com/" "Mozilla/5.0 (iPhone; CPU iPhone OS 15_6_1 like Mac OS X) AppleWebKit/605.1.15 (KHTML, like Gecko) Version/15.6.1 Mobile/15E148 Safari/604.1" "ysfine.com"
77.75.77.109 - - [05/Nov/2022:08:54:23 -0700] "GET /style/cameras/nikonf17.jpg HTTP/1.1" 200 87619 "-" "Mozilla/5.0 (compatible; SeznamBot/3.2; +http://napoveda.seznam.cz/en/seznambot-intro/)" "ysfine.com"
40.77.167.68 - - [05/Nov/2022:08:54:24 -0700] "GET /world/russ/minskf36.jpg HTTP/1.1" 200 98032 "-" "Mozilla/5.0 AppleWebKit/537.36 (KHTML, like Gecko; compatible; bingbot/2.0; +http://www.bing.com/bingbot.htm) Chrome/103.0.5060.134 Safari/537.36" "www.ysfine.com"
77.75.77.109 - - [05/Nov/2022:08:54:25 -0700] "GET /world/baltic/tallin48.jpg HTTP/1.1" 304 - "-" "Mozilla/5.0 (compatible; SeznamBot/3.2; +http://napoveda.seznam.cz/en/seznambot-intro/)" "ysfine.com"
77.75.77.109 - - [05/Nov/2022:08:54:26 -0700] "GET /world/poland/gdnf08.jpg HTTP/1.1" 304 - "-" "Mozilla/5.0 (compatible; SeznamBot/3.2; +http://napoveda.seznam.cz/en/seznambot-intro/)" "ysfine.com"
40.77.167.27 - - [05/Nov/2022:08:56:06 -0700] "GET /ysbio/einstein/hidden.html HTTP/1.1" 200 4821 "-" "Mozilla/5.0 (compatible; bingbot/2.0; +http://www.bing.com/bingbot.htm)" "ysfine.com"
157.55.39.65 - - [05/Nov/2022:08:56:11 -0700] "GET /world/china/dalian24.jpg HTTP/1.1" 200 93752 "-" "Mozilla/5.0 AppleWebKit/537.36 (KHTML, like Gecko; compatible; bingbot/2.0; +http://www.bing.com/bingbot.htm) Chrome/103.0.5060.134 Safari/537.36" "ysfine.com"
95.91.255.100 - - [05/Nov/2022:08:56:31 -0700] "GET /world/baltic/kantname11.jpg HTTP/1.1" 200 140735 "https://www.google.com/" "Mozilla/5.0 (Macintosh; Intel Mac OS X 10_15_7) AppleWebKit/605.1.15 (KHTML, like Gecko) Version/16.0 Safari/605.1.15" "ysfine.com"
114.119.128.14 - - [05/Nov/2022:08:56:35 -0700] "GET /archives/proceedings/boston/ho.pdf HTTP/1.1" 200 312818 "https://ysfine.com/archives/proceedings/boston/ho.html" "Mozilla/5.0 (Linux; Android 7.0;) AppleWebKit/537.36 (KHTML, like Gecko) Mobile Safari/537.36 (compatible; PetalBot;+https://webmaster.petalsearch.com/site/petalbot)" "ysfine.com"
157.55.39.17 - - [05/Nov/2022:08:57:01 -0700] "GET /world/russ/roskei20.jpg HTTP/1.1" 200 143104 "-" "Mozilla/5.0 AppleWebKit/537.36 (KHTML, like Gecko; compatible; bingbot/2.0; +http://www.bing.com/bingbot.htm) Chrome/103.0.5060.134 Safari/537.36" "ysfine.com"
157.55.39.17 - - [05/Nov/2022:08:57:02 -0700] "GET /feynman/jf2.jpg HTTP/1.1" 200 10558 "-" "Mozilla/5.0 (compatible; bingbot/2.0; +http://www.bing.com/bingbot.htm)" "ysfine.com"
40.77.167.68 - - [05/Nov/2022:08:57:15 -0700] "GET /world/balkan/istan002.jpg HTTP/1.1" 200 137911 "-" "Mozilla/5.0 (compatible; bingbot/2.0; +http://www.bing.com/bingbot.htm)" "ysfine.com"
20.29.110.168 - - [05/Nov/2022:08:57:30 -0700] "GET /world/brit/bond08.jpg HTTP/1.1" 200 55344 "http://ysfine.com/world/brit" "Mozilla/5.0 (iPhone; CPU iPhone OS 13_5_1 like Mac OS X) AppleWebKit/605.1.15 (KHTML, like Gecko) Version/13.1.1 Mobile/15E148 Safari/604.1" "ysfine.com"
114.119.128.142 - - [05/Nov/2022:08:57:58 -0700] "GET /kobak/kwk.html HTTP/1.1" 200 5479 "https://ysfine.com/kobak/yskor.html" "Mozilla/5.0 (Linux; Android 7.0;) AppleWebKit/537.36 (KHTML, like Gecko) Mobile Safari/537.36 (compatible; PetalBot;+https://webmaster.petalsearch.com/site/petalbot)" "ysfine.com"
51.222.253.20 - - [05/Nov/2022:08:58:17 -0700] "GET /fbook/friends.html HTTP/1.1" 200 1057 "-" "Mozilla/5.0 (compatible; AhrefsBot/7.0; +http://ahrefs.com/robot/)" "ysfine.com"
123.183.224.88 - - [05/Nov/2022:08:58:24 -0700] "GET / HTTP/1.1" 200 5283 "-" "Sogou web spider/4.0(+http://www.sogou.com/docs/help/webmasters.htm#07)" "ysfine.com"
157.55.39.65 - - [05/Nov/2022:08:58:40 -0700] "GET /world/poland/jablo14.jpg HTTP/1.1" 200 87812 "-" "Mozilla/5.0 AppleWebKit/537.36 (KHTML, like Gecko; compatible; bingbot/2.0; +http://www.bing.com/bingbot.htm) Chrome/103.0.5060.134 Safari/537.36" "ysfine.com"
40.122.227.201 - - [05/Nov/2022:08:58:56 -0700] "GET /sbk/2000rome01.jpg HTTP/1.1" 200 201927 "https://ysfine.com/sbk" "Mozilla/5.0 (Macintosh; Intel Mac OS X 10_11_6) AppleWebKit/605.1.15 (KHTML, like Gecko) Version/11.1.2 Safari/605.1.15" "ysfine.com"
40.122.227.201 - - [05/Nov/2022:08:59:11 -0700] "GET /world/brit/lonstore09.jpg HTTP/1.1" 200 61832 "https://ysfine.com/world/brit" "Mozilla/5.0 (X11; Linux x86_64) AppleWebKit/537.36 (KHTML, like Gecko) Chrome/74.0.3729.169 Safari/537.36" "ysfine.com"
40.77.167.68 - - [05/Nov/2022:08:59:36 -0700] "GET /ysbio/princeton/prlinks.html HTTP/1.1" 200 819 "-" "Mozilla/5.0 (compatible; bingbot/2.0; +http://www.bing.com/bingbot.htm)" "ysfine.com"
40.77.167.68 - - [05/Nov/2022:08:59:37 -0700] "GET /maga/histo/desiree21.jpg HTTP/1.1" 200 91829 "-" "Mozilla/5.0 AppleWebKit/537.36 (KHTML, like Gecko; compatible; bingbot/2.0; +http://www.bing.com/bingbot.htm) Chrome/103.0.5060.134 Safari/537.36" "ysfine.com"
157.55.39.76 - - [05/Nov/2022:08:59:41 -0700] "GET /world/russ/kiev064.jpg HTTP/1.1" 200 164845 "-" "Mozilla/5.0 (compatible; bingbot/2.0; +http://www.bing.com/bingbot.htm)" "www.ysfine.com"
157.55.39.17 - - [05/Nov/2022:08:59:46 -0700] "GET /newyork/seaport04.jpg HTTP/1.1" 200 198426 "-" "Mozilla/5.0 (compatible; bingbot/2.0; +http://www.bing.com/bingbot.htm)" "www.ysfine.com"
157.55.39.65 - - [05/Nov/2022:09:00:01 -0700] "GET /bio/princeton/campus.html HTTP/1.1" 404 88 "-" "Mozilla/5.0 (compatible; bingbot/2.0; +http://www.bing.com/bingbot.htm)" "ysfine.com"
157.55.39.65 - - [05/Nov/2022:09:00:10 -0700] "GET /world/china/nanjing55.jpg HTTP/1.1" 200 114487 "-" "Mozilla/5.0 (compatible; bingbot/2.0; +http://www.bing.com/bingbot.htm)" "ysfine.com"
185.184.157.94 - - [05/Nov/2022:09:00:35 -0700] "GET /robots.txt HTTP/1.1" 404 88 "-" "Mozilla/5.0 (compatible; linkdexbot/2.0; +http://www.linkdex.com/bots/)" "ysfine.com"
185.184.157.94 - - [05/Nov/2022:09:00:35 -0700] "GET /robots.txt HTTP/1.1" 404 88 "-" "Mozilla/5.0 (compatible; linkdexbot/2.0; +http://www.linkdex.com/bots/)" "www.ysfine.com"
13.67.224.14 - - [05/Nov/2022:09:00:55 -0700] "GET /world/balkan/istan046b.jpg HTTP/1.1" 200 41770 "https://ysfine.com/world/balkan" "Mozilla/5.0 (Linux; Android 10; SM-G960U) AppleWebKit/537.36 (KHTML, like Gecko) Chrome/88.0.4324.181 Mobile Safari/537.36" "ysfine.com"
40.77.51.85 - - [05/Nov/2022:09:01:09 -0700] "GET /wdc/sakura10.jpg HTTP/1.1" 200 102777 "http://ysfine.com/wdc" "Mozilla/5.0 (X11; Linux x86_64) AppleWebKit/537.36 (KHTML, like Gecko) Chrome/74.0.3729.169 Safari/537.36" "ysfine.com"
157.55.39.65 - - [05/Nov/2022:09:01:30 -0700] "GET /eink/feygell66c.jpg HTTP/1.1" 200 32281 "-" "Mozilla/5.0 AppleWebKit/537.36 (KHTML, like Gecko; compatible; bingbot/2.0; +http://www.bing.com/bingbot.htm) Chrome/103.0.5060.134 Safari/537.36" "ysfine.com"
216.244.66.229 - - [05/Nov/2022:09:01:51 -0700] "GET /robots.txt HTTP/1.1" 404 73 "-" "Mozilla/5.0 (compatible; DotBot/1.2; +https://opensiteexplorer.org/dotbot; help@moz.com)" "www.ysfine.com"
20.106.28.17 - - [05/Nov/2022:09:02:23 -0700] "GET /wdc/washmo15b.jpg HTTP/1.1" 200 43989 "https://ysfine.com/wdc" "Mozilla/5.0 (Linux; Android 10; SM-G960U) AppleWebKit/537.36 (KHTML, like Gecko) Chrome/88.0.4324.181 Mobile Safari/537.36" "ysfine.com"
157.55.39.76 - - [05/Nov/2022:09:02:42 -0700] "GET /ysbio/maga/bohrdc.html HTTP/1.1" 200 4181 "-" "Mozilla/5.0 (compatible; bingbot/2.0; +http://www.bing.com/bingbot.htm)" "ysfine.com"
40.77.167.71 - - [05/Nov/2022:09:02:44 -0700] "GET /maga/phys/maxwell02.jpg HTTP/1.1" 200 109879 "-" "Mozilla/5.0 AppleWebKit/537.36 (KHTML, like Gecko; compatible; bingbot/2.0; +http://www.bing.com/bingbot.htm) Chrome/103.0.5060.134 Safari/537.36" "www.ysfine.com"
13.67.224.12 - - [05/Nov/2022:09:02:47 -0700] "GET /friends/chinparis01b.jpg HTTP/1.1" 404 88 "https://ysfine.com/friends" "Mozilla/5.0 (Macintosh; Intel Mac OS X 10_11_6) AppleWebKit/605.1.15 (KHTML, like Gecko) Version/11.1.2 Safari/605.1.15" "ysfine.com"
157.55.39.65 - - [05/Nov/2022:09:03:10 -0700] "GET /maga/phil/herod11c.jpg HTTP/1.1" 200 76011 "-" "Mozilla/5.0 (compatible; bingbot/2.0; +http://www.bing.com/bingbot.htm)" "www.ysfine.com"
157.55.39.76 - - [05/Nov/2022:09:03:32 -0700] "GET /kobak/yalta33.jpg HTTP/1.1" 200 133643 "-" "Mozilla/5.0 (compatible; bingbot/2.0; +http://www.bing.com/bingbot.htm)" "www.ysfine.com"
20.29.110.170 - - [05/Nov/2022:09:04:19 -0700] "GET /world/eve/armen01b.jpg HTTP/1.1" 404 88 "http://ysfine.com/world/eve" "Mozilla/5.0 (Macintosh; Intel Mac OS X 10_11_6) AppleWebKit/605.1.15 (KHTML, like Gecko) Version/11.1.2 Safari/605.1.15" "ysfine.com"
20.106.27.209 - - [05/Nov/2022:09:04:28 -0700] "GET /world/france/orsaym01b.jpg HTTP/1.1" 200 47888 "http://ysfine.com/world/france" "Mozilla/5.0 (Macintosh; Intel Mac OS X 10_11_6) AppleWebKit/605.1.15 (KHTML, like Gecko) Version/11.1.2 Safari/605.1.15" "ysfine.com"
173.73.77.36 - - [05/Nov/2022:09:04:50 -0700] "GET /ys11/ HTTP/1.1" 304 - "-" "Mozilla/5.0 (Windows NT 10.0; Win64; x64) AppleWebKit/537.36 (KHTML, like Gecko) Chrome/107.0.0.0 Safari/537.36" "ysfine.com"
173.73.77.36 - - [05/Nov/2022:09:04:51 -0700] "GET /favicon.ico HTTP/1.1" 404 88 "https://ysfine.com/ys11/" "Mozilla/5.0 (Windows NT 10.0; Win64; x64) AppleWebKit/537.36 (KHTML, like Gecko) Chrome/107.0.0.0 Safari/537.36" "ysfine.com"
173.73.77.36 - - [05/Nov/2022:09:05:05 -0700] "GET /favicon.ico HTTP/1.1" 404 88 "https://ysfine.com/ys11/" "Mozilla/5.0 (Windows NT 10.0; Win64; x64) AppleWebKit/537.36 (KHTML, like Gecko) Chrome/107.0.0.0 Safari/537.36" "ysfine.com"
157.55.39.17 - - [05/Nov/2022:09:05:13 -0700] "GET /philo/marx07.jpg HTTP/1.1" 200 72223 "-" "Mozilla/5.0 (compatible; bingbot/2.0; +http://www.bing.com/bingbot.htm)" "www.ysfine.com"
93.158.161.40 - - [05/Nov/2022:09:05:16 -0700] "GET /robots.txt HTTP/1.1" 404 73 "-" "Mozilla/5.0 (compatible; YandexBot/3.0; +http://yandex.com/bots)" "www.ysfine.com"
93.158.161.40 - - [05/Nov/2022:09:05:19 -0700] "GET /style/music/mosmusic17.jpg HTTP/1.1" 200 119724 "-" "Mozilla/5.0 (compatible; YandexImages/3.0; +http://yandex.com/bots)" "www.ysfine.com"
40.77.167.71 - - [05/Nov/2022:09:05:26 -0700] "GET /bio/einstein/further.html HTTP/1.1" 404 88 "-" "Mozilla/5.0 (compatible; bingbot/2.0; +http://www.bing.com/bingbot.htm)" "ysfine.com"
173.73.77.36 - - [05/Nov/2022:09:05:29 -0700] "GET /home/bio44 HTTP/1.1" 404 88 "-" "Mozilla/5.0 (Windows NT 10.0; Win64; x64) AppleWebKit/537.36 (KHTML, like Gecko) Chrome/107.0.0.0 Safari/537.36" "ysfine.com"
173.73.77.36 - - [05/Nov/2022:09:05:29 -0700] "GET /favicon.ico HTTP/1.1" 404 88 "https://ysfine.com/home/bio44" "Mozilla/5.0 (Windows NT 10.0; Win64; x64) AppleWebKit/537.36 (KHTML, like Gecko) Chrome/107.0.0.0 Safari/537.36" "ysfine.com"
40.77.167.71 - - [05/Nov/2022:09:05:35 -0700] "GET /kowar/tanks/tank21.jpg HTTP/1.1" 200 52329 "-" "Mozilla/5.0 AppleWebKit/537.36 (KHTML, like Gecko; compatible; bingbot/2.0; +http://www.bing.com/bingbot.htm) Chrome/103.0.5060.134 Safari/537.36" "www.ysfine.com"
51.222.253.10 - - [05/Nov/2022:09:05:36 -0700] "GET /class54/emailed02.html HTTP/1.1" 200 29084 "-" "Mozilla/5.0 (compatible; AhrefsBot/7.0; +http://ahrefs.com/robot/)" "ysfine.com"
173.73.77.36 - - [05/Nov/2022:09:05:42 -0700] "GET /favicon.ico HTTP/1.1" 404 88 "https://ysfine.com/ys11/" "Mozilla/5.0 (Windows NT 10.0; Win64; x64) AppleWebKit/537.36 (KHTML, like Gecko) Chrome/107.0.0.0 Safari/537.36" "ysfine.com"
173.73.77.36 - - [05/Nov/2022:09:05:44 -0700] "GET /ysbio/bio04.html HTTP/1.1" 304 - "https://ysfine.com/ys11/" "Mozilla/5.0 (Windows NT 10.0; Win64; x64) AppleWebKit/537.36 (KHTML, like Gecko) Chrome/107.0.0.0 Safari/537.36" "ysfine.com"
95.91.76.32 - - [05/Nov/2022:09:05:46 -0700] "GET /robots.txt HTTP/1.1" 404 73 "-" "Mozilla/5.0 (compatible; MJ12bot/v1.4.8; http://mj12bot.com/)" "ysfine.com"
95.91.76.32 - - [05/Nov/2022:09:05:47 -0700] "GET /confer/http%C3%84://medres.online/materialsscience/2020 HTTP/1.1" 404 88 "-" "Mozilla/5.0 (compatible; MJ12bot/v1.4.8; http://mj12bot.com/)" "ysfine.com"
95.91.76.32 - - [05/Nov/2022:09:05:49 -0700] "GET /robots.txt HTTP/1.1" 404 73 "-" "Mozilla/5.0 (compatible; MJ12bot/v1.4.8; http://mj12bot.com/)" "www.ysfine.com"
95.91.76.32 - - [05/Nov/2022:09:05:50 -0700] "GET /ysbio/newton33.jpg HTTP/1.1" 200 141729 "-" "Mozilla/5.0 (compatible; MJ12bot/v1.4.8; http://mj12bot.com/)" "www.ysfine.com"
95.91.76.32 - - [05/Nov/2022:09:05:52 -0700] "GET /ysbio/newyork/battery01.jpg HTTP/1.1" 200 133956 "-" "Mozilla/5.0 (compatible; MJ12bot/v1.4.8; http://mj12bot.com/)" "www.ysfine.com"
95.91.76.32 - - [05/Nov/2022:09:05:54 -0700] "GET /ysbio/newyork/battery02.jpg HTTP/1.1" 200 192550 "-" "Mozilla/5.0 (compatible; MJ12bot/v1.4.8; http://mj12bot.com/)" "www.ysfine.com"
95.91.76.32 - - [05/Nov/2022:09:05:56 -0700] "GET /ysbio/newyork/battery03.jpg HTTP/1.1" 200 153764 "-" "Mozilla/5.0 (compatible; MJ12bot/v1.4.8; http://mj12bot.com/)" "www.ysfine.com"
95.91.76.32 - - [05/Nov/2022:09:05:58 -0700] "GET /ysbio/newyork/battery04.jpg HTTP/1.1" 200 260790 "-" "Mozilla/5.0 (compatible; MJ12bot/v1.4.8; http://mj12bot.com/)" "www.ysfine.com"
95.91.76.32 - - [05/Nov/2022:09:06:00 -0700] "GET /ysbio/newyork/battery05.jpg HTTP/1.1" 200 170132 "-" "Mozilla/5.0 (compatible; MJ12bot/v1.4.8; http://mj12bot.com/)" "www.ysfine.com"
95.91.76.32 - - [05/Nov/2022:09:06:02 -0700] "GET /ysbio/newyork/battery06.jpg HTTP/1.1" 200 159612 "-" "Mozilla/5.0 (compatible; MJ12bot/v1.4.8; http://mj12bot.com/)" "www.ysfine.com"
95.91.76.32 - - [05/Nov/2022:09:06:04 -0700] "GET /ysbio/newyork/battery07.jpg HTTP/1.1" 200 169404 "-" "Mozilla/5.0 (compatible; MJ12bot/v1.4.8; http://mj12bot.com/)" "www.ysfine.com"
95.91.76.32 - - [05/Nov/2022:09:06:06 -0700] "GET /ysbio/newyork/battery08.jpg HTTP/1.1" 200 262376 "-" "Mozilla/5.0 (compatible; MJ12bot/v1.4.8; http://mj12bot.com/)" "www.ysfine.com"
95.91.76.32 - - [05/Nov/2022:09:06:08 -0700] "GET /ysbio/newyork/battery09.jpg HTTP/1.1" 200 156239 "-" "Mozilla/5.0 (compatible; MJ12bot/v1.4.8; http://mj12bot.com/)" "www.ysfine.com"
