195.191.219.131 - - [27/Oct/2022:13:59:33 -0700] "GET /class54/class5470/total_data/sub_873.htm HTTP/1.1" 200 3510 "-" "Mozilla/5.0 (compatible; MJ12bot/v1.4.8; http://mj12bot.com/)" "ysfine.com"
195.191.219.132 - - [27/Oct/2022:13:59:34 -0700] "GET /archives/proceedings/wpro01/moylan.html HTTP/1.1" 200 619 "-" "Mozilla/5.0 (compatible; MJ12bot/v1.4.8; http://mj12bot.com/)" "ysfine.com"
195.191.219.131 - - [27/Oct/2022:13:59:35 -0700] "GET /class54/class5470/total_data/sub_874.htm HTTP/1.1" 200 3510 "-" "Mozilla/5.0 (compatible; MJ12bot/v1.4.8; http://mj12bot.com/)" "ysfine.com"
195.191.219.132 - - [27/Oct/2022:13:59:36 -0700] "GET /archives/proceedings/wpro01/moylan.html HTTP/1.1" 200 619 "-" "Mozilla/5.0 (compatible; MJ12bot/v1.4.8; http://mj12bot.com/)" "ysfine.com"
195.191.219.131 - - [27/Oct/2022:13:59:36 -0700] "GET /class54/class5470/total_data/sub_875.htm HTTP/1.1" 200 3510 "-" "Mozilla/5.0 (compatible; MJ12bot/v1.4.8; http://mj12bot.com/)" "ysfine.com"
195.191.219.132 - - [27/Oct/2022:13:59:38 -0700] "GET /archives/proceedings/wpro01/ohnuki.html HTTP/1.1" 200 704 "-" "Mozilla/5.0 (compatible; MJ12bot/v1.4.8; http://mj12bot.com/)" "ysfine.com"
195.191.219.131 - - [27/Oct/2022:13:59:38 -0700] "GET /class54/class5470/total_data/sub_876.htm HTTP/1.1" 200 3510 "-" "Mozilla/5.0 (compatible; MJ12bot/v1.4.8; http://mj12bot.com/)" "ysfine.com"
195.191.219.132 - - [27/Oct/2022:13:59:39 -0700] "GET /archives/proceedings/wpro01/oron.html HTTP/1.1" 200 932 "-" "Mozilla/5.0 (compatible; MJ12bot/v1.4.8; http://mj12bot.com/)" "ysfine.com"
195.191.219.131 - - [27/Oct/2022:13:59:40 -0700] "GET /class54/class5470/total_data/sub_877.htm HTTP/1.1" 200 3510 "-" "Mozilla/5.0 (compatible; MJ12bot/v1.4.8; http://mj12bot.com/)" "ysfine.com"
195.191.219.132 - - [27/Oct/2022:13:59:41 -0700] "GET /archives/proceedings/wpro01/ots.html HTTP/1.1" 200 647 "-" "Mozilla/5.0 (compatible; MJ12bot/v1.4.8; http://mj12bot.com/)" "ysfine.com"
195.191.219.131 - - [27/Oct/2022:13:59:41 -0700] "GET /class54/class5470/total_data/sub_878.htm HTTP/1.1" 200 3510 "-" "Mozilla/5.0 (compatible; MJ12bot/v1.4.8; http://mj12bot.com/)" "ysfine.com"
195.191.219.132 - - [27/Oct/2022:13:59:42 -0700] "GET /archives/proceedings/wpro01/pascaz.html HTTP/1.1" 200 688 "-" "Mozilla/5.0 (compatible; MJ12bot/v1.4.8; http://mj12bot.com/)" "ysfine.com"
216.244.66.229 - - [27/Oct/2022:13:59:43 -0700] "GET /kobak/somap38b.jpg HTTP/1.1" 200 54149 "-" "Mozilla/5.0 (compatible; DotBot/1.2; +https://opensiteexplorer.org/dotbot; help@moz.com)" "www.ysfine.com"
195.191.219.131 - - [27/Oct/2022:13:59:43 -0700] "GET /class54/class5470/total_data/sub_879.htm HTTP/1.1" 200 3510 "-" "Mozilla/5.0 (compatible; MJ12bot/v1.4.8; http://mj12bot.com/)" "ysfine.com"
195.191.219.132 - - [27/Oct/2022:13:59:44 -0700] "GET /archives/proceedings/wpro01/prefac.html HTTP/1.1" 200 1415 "-" "Mozilla/5.0 (compatible; MJ12bot/v1.4.8; http://mj12bot.com/)" "ysfine.com"
195.191.219.131 - - [27/Oct/2022:13:59:45 -0700] "GET /class54/class5470/total_data/sub_880.htm HTTP/1.1" 200 3510 "-" "Mozilla/5.0 (compatible; MJ12bot/v1.4.8; http://mj12bot.com/)" "ysfine.com"
195.191.219.131 - - [27/Oct/2022:13:59:46 -0700] "GET /class54/class5470/total_data/sub_881.htm HTTP/1.1" 200 3504 "-" "Mozilla/5.0 (compatible; MJ12bot/v1.4.8; http://mj12bot.com/)" "ysfine.com"
195.191.219.132 - - [27/Oct/2022:13:59:48 -0700] "GET /archives/proceedings/wpro01/ramgoo.html HTTP/1.1" 200 668 "-" "Mozilla/5.0 (compatible; MJ12bot/v1.4.8; http://mj12bot.com/)" "ysfine.com"
195.191.219.131 - - [27/Oct/2022:13:59:48 -0700] "GET /class54/class5470/total_data/sub_882.htm HTTP/1.1" 200 3510 "-" "Mozilla/5.0 (compatible; MJ12bot/v1.4.8; http://mj12bot.com/)" "ysfine.com"
195.191.219.132 - - [27/Oct/2022:13:59:49 -0700] "GET /archives/proceedings/wpro01/ramgoo.html HTTP/1.1" 200 668 "-" "Mozilla/5.0 (compatible; MJ12bot/v1.4.8; http://mj12bot.com/)" "ysfine.com"
195.191.219.131 - - [27/Oct/2022:13:59:49 -0700] "GET /class54/class5470/total_data/sub_883.htm HTTP/1.1" 200 3510 "-" "Mozilla/5.0 (compatible; MJ12bot/v1.4.8; http://mj12bot.com/)" "ysfine.com"
195.191.219.131 - - [27/Oct/2022:13:59:51 -0700] "GET /class54/class5470/total_data/sub_884.htm HTTP/1.1" 200 3510 "-" "Mozilla/5.0 (compatible; MJ12bot/v1.4.8; http://mj12bot.com/)" "ysfine.com"
195.191.219.132 - - [27/Oct/2022:13:59:52 -0700] "GET /archives/proceedings/wpro01/ricott.html HTTP/1.1" 200 570 "-" "Mozilla/5.0 (compatible; MJ12bot/v1.4.8; http://mj12bot.com/)" "ysfine.com"
195.191.219.131 - - [27/Oct/2022:13:59:53 -0700] "GET /class54/class5470/total_data/sub_885.htm HTTP/1.1" 200 3510 "-" "Mozilla/5.0 (compatible; MJ12bot/v1.4.8; http://mj12bot.com/)" "ysfine.com"
195.191.219.132 - - [27/Oct/2022:13:59:54 -0700] "GET /archives/proceedings/wpro01/ricott.html HTTP/1.1" 200 570 "-" "Mozilla/5.0 (compatible; MJ12bot/v1.4.8; http://mj12bot.com/)" "ysfine.com"
195.191.219.131 - - [27/Oct/2022:13:59:54 -0700] "GET /class54/class5470/total_data/sub_886.htm HTTP/1.1" 200 3510 "-" "Mozilla/5.0 (compatible; MJ12bot/v1.4.8; http://mj12bot.com/)" "ysfine.com"
195.191.219.132 - - [27/Oct/2022:13:59:56 -0700] "GET /archives/proceedings/wpro01/roditi.html HTTP/1.1" 200 839 "-" "Mozilla/5.0 (compatible; MJ12bot/v1.4.8; http://mj12bot.com/)" "ysfine.com"
195.191.219.131 - - [27/Oct/2022:13:59:56 -0700] "GET /class54/class5470/total_data/sub_887.htm HTTP/1.1" 200 3510 "-" "Mozilla/5.0 (compatible; MJ12bot/v1.4.8; http://mj12bot.com/)" "ysfine.com"
195.191.219.131 - - [27/Oct/2022:13:59:58 -0700] "GET /class54/class5470/total_data/sub_888.htm HTTP/1.1" 200 3510 "-" "Mozilla/5.0 (compatible; MJ12bot/v1.4.8; http://mj12bot.com/)" "ysfine.com"
195.191.219.132 - - [27/Oct/2022:13:59:59 -0700] "GET /archives/proceedings/wpro01/rosu.html HTTP/1.1" 200 612 "-" "Mozilla/5.0 (compatible; MJ12bot/v1.4.8; http://mj12bot.com/)" "ysfine.com"
195.191.219.131 - - [27/Oct/2022:13:59:59 -0700] "GET /class54/class5470/total_data/sub_889.htm HTTP/1.1" 200 3510 "-" "Mozilla/5.0 (compatible; MJ12bot/v1.4.8; http://mj12bot.com/)" "ysfine.com"
195.191.219.132 - - [27/Oct/2022:14:00:01 -0700] "GET /archives/proceedings/wpro01/rosu.html HTTP/1.1" 200 612 "-" "Mozilla/5.0 (compatible; MJ12bot/v1.4.8; http://mj12bot.com/)" "ysfine.com"
195.191.219.131 - - [27/Oct/2022:14:00:01 -0700] "GET /class54/class5470/total_data/sub_890.htm HTTP/1.1" 200 3510 "-" "Mozilla/5.0 (compatible; MJ12bot/v1.4.8; http://mj12bot.com/)" "ysfine.com"
195.191.219.132 - - [27/Oct/2022:14:00:02 -0700] "GET /archives/proceedings/wpro01/salas.html HTTP/1.1" 200 628 "-" "Mozilla/5.0 (compatible; MJ12bot/v1.4.8; http://mj12bot.com/)" "ysfine.com"
195.191.219.131 - - [27/Oct/2022:14:00:02 -0700] "GET /class54/class5470/total_data/sub_891.htm HTTP/1.1" 200 3497 "-" "Mozilla/5.0 (compatible; MJ12bot/v1.4.8; http://mj12bot.com/)" "ysfine.com"
195.191.219.132 - - [27/Oct/2022:14:00:04 -0700] "GET /archives/proceedings/wpro01/sanche.html HTTP/1.1" 200 710 "-" "Mozilla/5.0 (compatible; MJ12bot/v1.4.8; http://mj12bot.com/)" "ysfine.com"
195.191.219.131 - - [27/Oct/2022:14:00:04 -0700] "GET /class54/class5470/total_data/sub_892.htm HTTP/1.1" 200 3496 "-" "Mozilla/5.0 (compatible; MJ12bot/v1.4.8; http://mj12bot.com/)" "ysfine.com"
195.191.219.132 - - [27/Oct/2022:14:00:05 -0700] "GET /archives/proceedings/wpro01/sciarr.html HTTP/1.1" 200 506 "-" "Mozilla/5.0 (compatible; MJ12bot/v1.4.8; http://mj12bot.com/)" "ysfine.com"
195.191.219.131 - - [27/Oct/2022:14:00:05 -0700] "GET /class54/class5470/total_data/sub_893.htm HTTP/1.1" 200 3510 "-" "Mozilla/5.0 (compatible; MJ12bot/v1.4.8; http://mj12bot.com/)" "ysfine.com"
195.191.219.132 - - [27/Oct/2022:14:00:07 -0700] "GET /archives/proceedings/wpro01/segev.html HTTP/1.1" 200 941 "-" "Mozilla/5.0 (compatible; MJ12bot/v1.4.8; http://mj12bot.com/)" "ysfine.com"
195.191.219.131 - - [27/Oct/2022:14:00:07 -0700] "GET /class54/class5470/total_data/sub_894.htm HTTP/1.1" 200 3510 "-" "Mozilla/5.0 (compatible; MJ12bot/v1.4.8; http://mj12bot.com/)" "ysfine.com"
195.191.219.131 - - [27/Oct/2022:14:00:09 -0700] "GET /class54/class5470/total_data/sub_895.htm HTTP/1.1" 200 3510 "-" "Mozilla/5.0 (compatible; MJ12bot/v1.4.8; http://mj12bot.com/)" "ysfine.com"
195.191.219.132 - - [27/Oct/2022:14:00:09 -0700] "GET /archives/proceedings/wpro01/semeno.html HTTP/1.1" 200 759 "-" "Mozilla/5.0 (compatible; MJ12bot/v1.4.8; http://mj12bot.com/)" "ysfine.com"
195.191.219.132 - - [27/Oct/2022:14:00:10 -0700] "GET /archives/proceedings/wpro01/shirok.html HTTP/1.1" 200 279 "-" "Mozilla/5.0 (compatible; MJ12bot/v1.4.8; http://mj12bot.com/)" "ysfine.com"
195.191.219.131 - - [27/Oct/2022:14:00:11 -0700] "GET /class54/class5470/total_data/sub_896.htm HTTP/1.1" 200 3484 "-" "Mozilla/5.0 (compatible; MJ12bot/v1.4.8; http://mj12bot.com/)" "ysfine.com"
216.244.66.229 - - [27/Oct/2022:14:00:11 -0700] "GET /style/cameras/roskei10.jpg HTTP/1.1" 200 75892 "-" "Mozilla/5.0 (compatible; DotBot/1.2; +https://opensiteexplorer.org/dotbot; help@moz.com)" "www.ysfine.com"
195.191.219.131 - - [27/Oct/2022:14:00:12 -0700] "GET /class54/class5470/total_data/sub_897.htm HTTP/1.1" 200 3484 "-" "Mozilla/5.0 (compatible; MJ12bot/v1.4.8; http://mj12bot.com/)" "ysfine.com"
195.191.219.132 - - [27/Oct/2022:14:00:13 -0700] "GET /archives/proceedings/wpro01/sotkov.html HTTP/1.1" 200 470 "-" "Mozilla/5.0 (compatible; MJ12bot/v1.4.8; http://mj12bot.com/)" "ysfine.com"
195.191.219.131 - - [27/Oct/2022:14:00:14 -0700] "GET /class54/class5470/total_data/sub_898.htm HTTP/1.1" 200 3499 "-" "Mozilla/5.0 (compatible; MJ12bot/v1.4.8; http://mj12bot.com/)" "ysfine.com"
195.191.219.132 - - [27/Oct/2022:14:00:15 -0700] "GET /archives/proceedings/wpro01/sotkov.html HTTP/1.1" 200 470 "-" "Mozilla/5.0 (compatible; MJ12bot/v1.4.8; http://mj12bot.com/)" "ysfine.com"
195.191.219.131 - - [27/Oct/2022:14:00:15 -0700] "GET /class54/class5470/total_data/sub_899.htm HTTP/1.1" 200 3499 "-" "Mozilla/5.0 (compatible; MJ12bot/v1.4.8; http://mj12bot.com/)" "ysfine.com"
195.191.219.132 - - [27/Oct/2022:14:00:17 -0700] "GET /archives/proceedings/wpro01/spince.html HTTP/1.1" 200 777 "-" "Mozilla/5.0 (compatible; MJ12bot/v1.4.8; http://mj12bot.com/)" "ysfine.com"
195.191.219.131 - - [27/Oct/2022:14:00:17 -0700] "GET /class54/class5480/Videos HTTP/1.1" 301 1416 "-" "Mozilla/5.0 (compatible; MJ12bot/v1.4.8; http://mj12bot.com/)" "ysfine.com"
195.191.219.131 - - [27/Oct/2022:14:00:19 -0700] "GET /class54/class5480/Videos/ HTTP/1.1" 200 560 "-" "Mozilla/5.0 (compatible; MJ12bot/v1.4.8; http://mj12bot.com/)" "ysfine.com"
195.191.219.132 - - [27/Oct/2022:14:00:20 -0700] "GET /archives/proceedings/wpro01/techin.html HTTP/1.1" 200 1017 "-" "Mozilla/5.0 (compatible; MJ12bot/v1.4.8; http://mj12bot.com/)" "ysfine.com"
195.191.219.131 - - [27/Oct/2022:14:00:20 -0700] "GET /class54/classphoto.html HTTP/1.1" 200 489 "-" "Mozilla/5.0 (compatible; MJ12bot/v1.4.8; http://mj12bot.com/)" "ysfine.com"
195.191.219.131 - - [27/Oct/2022:14:00:21 -0700] "GET /robots.txt HTTP/1.1" 404 73 "-" "Mozilla/5.0 (compatible; MJ12bot/v1.4.8; http://mj12bot.com/)" "ysfine.com"
195.191.219.132 - - [27/Oct/2022:14:00:22 -0700] "GET /archives/proceedings/wpro01/techin.html HTTP/1.1" 200 1017 "-" "Mozilla/5.0 (compatible; MJ12bot/v1.4.8; http://mj12bot.com/)" "ysfine.com"
195.191.219.131 - - [27/Oct/2022:14:00:24 -0700] "GET /class54/emailed.html HTTP/1.1" 200 8184 "-" "Mozilla/5.0 (compatible; MJ12bot/v1.4.8; http://mj12bot.com/)" "ysfine.com"
195.191.219.132 - - [27/Oct/2022:14:00:25 -0700] "GET /archives/proceedings/wpro01/tikhon.html HTTP/1.1" 200 449 "-" "Mozilla/5.0 (compatible; MJ12bot/v1.4.8; http://mj12bot.com/)" "ysfine.com"
64.124.8.59 - - [27/Oct/2022:14:00:26 -0700] "GET /robots.txt HTTP/1.1" 404 88 "-" "Mozilla/5.0 (X11; Linux x86_64) AppleWebKit/537.36 (KHTML, like Gecko) Chrome/61.0.3163.79 Safari/537.36" "ysfine.com"
64.124.8.59 - - [27/Oct/2022:14:00:26 -0700] "GET /robots.txt HTTP/1.1" 404 88 "-" "Mozilla/5.0 (X11; Linux x86_64) AppleWebKit/537.36 (KHTML, like Gecko) Chrome/61.0.3163.79 Safari/537.36" "ysfine.com"
64.124.8.59 - - [27/Oct/2022:14:00:26 -0700] "GET /ysbio/ysworld.html HTTP/1.1" 404 88 "-" "Mozilla/5.0 (X11; Linux x86_64) AppleWebKit/537.36 (KHTML, like Gecko) Chrome/61.0.3163.79 Safari/537.36" "ysfine.com"
195.191.219.131 - - [27/Oct/2022:14:00:26 -0700] "GET /class54/emailed.html HTTP/1.1" 200 8184 "-" "Mozilla/5.0 (compatible; MJ12bot/v1.4.8; http://mj12bot.com/)" "ysfine.com"
40.77.167.71 - - [27/Oct/2022:14:00:26 -0700] "GET /bio/wigner/e(2).html HTTP/1.1" 404 88 "-" "Mozilla/5.0 (compatible; bingbot/2.0; +http://www.bing.com/bingbot.htm)" "ysfine.com"
195.191.219.132 - - [27/Oct/2022:14:00:27 -0700] "GET /archives/proceedings/wpro01/tikhon.html HTTP/1.1" 200 449 "-" "Mozilla/5.0 (compatible; MJ12bot/v1.4.8; http://mj12bot.com/)" "ysfine.com"
195.191.219.132 - - [27/Oct/2022:14:00:28 -0700] "GET /archives/proceedings/wpro01/tolma2.html HTTP/1.1" 200 1899 "-" "Mozilla/5.0 (compatible; MJ12bot/v1.4.8; http://mj12bot.com/)" "ysfine.com"
195.191.219.131 - - [27/Oct/2022:14:00:30 -0700] "GET /class54/emailed01.html HTTP/1.1" 200 27721 "-" "Mozilla/5.0 (compatible; MJ12bot/v1.4.8; http://mj12bot.com/)" "ysfine.com"
195.191.219.132 - - [27/Oct/2022:14:00:30 -0700] "GET /archives/proceedings/wpro01/tolmac.html HTTP/1.1" 200 971 "-" "Mozilla/5.0 (compatible; MJ12bot/v1.4.8; http://mj12bot.com/)" "ysfine.com"
195.191.219.131 - - [27/Oct/2022:14:00:31 -0700] "GET /class54/emailed01.html HTTP/1.1" 200 27721 "-" "Mozilla/5.0 (compatible; MJ12bot/v1.4.8; http://mj12bot.com/)" "ysfine.com"
195.191.219.132 - - [27/Oct/2022:14:00:32 -0700] "GET /archives/proceedings/wpro01/vourda.html HTTP/1.1" 200 584 "-" "Mozilla/5.0 (compatible; MJ12bot/v1.4.8; http://mj12bot.com/)" "ysfine.com"
195.191.219.132 - - [27/Oct/2022:14:00:33 -0700] "GET /archives/proceedings/wpro01/wheel.html HTTP/1.1" 200 1180 "-" "Mozilla/5.0 (compatible; MJ12bot/v1.4.8; http://mj12bot.com/)" "ysfine.com"
195.191.219.131 - - [27/Oct/2022:14:00:35 -0700] "GET /class54/emailed02.html HTTP/1.1" 200 29084 "-" "Mozilla/5.0 (compatible; MJ12bot/v1.4.8; http://mj12bot.com/)" "ysfine.com"
195.191.219.132 - - [27/Oct/2022:14:00:35 -0700] "GET /archives/proceedings/wpro01/wpalis.html HTTP/1.1" 200 40807 "-" "Mozilla/5.0 (compatible; MJ12bot/v1.4.8; http://mj12bot.com/)" "ysfine.com"
195.191.219.131 - - [27/Oct/2022:14:00:36 -0700] "GET /class54/emailed02.html HTTP/1.1" 200 29084 "-" "Mozilla/5.0 (compatible; MJ12bot/v1.4.8; http://mj12bot.com/)" "ysfine.com"
195.191.219.132 - - [27/Oct/2022:14:00:37 -0700] "GET /archives/proceedings/wpro01/wpbot.html HTTP/1.1" 200 125 "-" "Mozilla/5.0 (compatible; MJ12bot/v1.4.8; http://mj12bot.com/)" "ysfine.com"
195.191.219.132 - - [27/Oct/2022:14:00:38 -0700] "GET /archives/proceedings/wpro01/wpleft.html HTTP/1.1" 200 1261 "-" "Mozilla/5.0 (compatible; MJ12bot/v1.4.8; http://mj12bot.com/)" "ysfine.com"
199.120.30.194 - - [27/Oct/2022:14:00:39 -0700] "GET /wdc/usna14.jpg HTTP/1.1" 200 98975 "https://www.google.com/" "Mozilla/5.0 (Windows NT 10.0; Win64; x64) AppleWebKit/537.36 (KHTML, like Gecko) Chrome/106.0.0.0 Safari/537.36" "ysfine.com"
195.191.219.131 - - [27/Oct/2022:14:00:40 -0700] "GET /class54/emailed03.html HTTP/1.1" 200 29110 "-" "Mozilla/5.0 (compatible; MJ12bot/v1.4.8; http://mj12bot.com/)" "ysfine.com"
195.191.219.132 - - [27/Oct/2022:14:00:40 -0700] "GET /archives/proceedings/wpro01/wprigh.html HTTP/1.1" 200 575 "-" "Mozilla/5.0 (compatible; MJ12bot/v1.4.8; http://mj12bot.com/)" "ysfine.com"
195.191.219.131 - - [27/Oct/2022:14:00:41 -0700] "GET /class54/emailed03.html HTTP/1.1" 200 29110 "-" "Mozilla/5.0 (compatible; MJ12bot/v1.4.8; http://mj12bot.com/)" "ysfine.com"
195.191.219.132 - - [27/Oct/2022:14:00:42 -0700] "GET /archives/proceedings/wpro01/wpro01.html HTTP/1.1" 200 119 "-" "Mozilla/5.0 (compatible; MJ12bot/v1.4.8; http://mj12bot.com/)" "ysfine.com"
195.191.219.131 - - [27/Oct/2022:14:00:43 -0700] "GET /class54/emailed04.html HTTP/1.1" 200 16139 "-" "Mozilla/5.0 (compatible; MJ12bot/v1.4.8; http://mj12bot.com/)" "ysfine.com"
216.244.66.229 - - [27/Oct/2022:14:00:43 -0700] "GET /world/brit/victoria07.jpg HTTP/1.1" 200 122008 "-" "Mozilla/5.0 (compatible; DotBot/1.2; +https://opensiteexplorer.org/dotbot; help@moz.com)" "www.ysfine.com"
195.191.219.132 - - [27/Oct/2022:14:00:45 -0700] "GET /archives/proceedings/wpro01/wptop.html HTTP/1.1" 200 337 "-" "Mozilla/5.0 (compatible; MJ12bot/v1.4.8; http://mj12bot.com/)" "ysfine.com"
195.191.219.131 - - [27/Oct/2022:14:00:45 -0700] "GET /class54/emailed05.html HTTP/1.1" 200 16866 "-" "Mozilla/5.0 (compatible; MJ12bot/v1.4.8; http://mj12bot.com/)" "ysfine.com"
64.124.8.59 - - [27/Oct/2022:14:00:45 -0700] "GET /ysbio/index.html HTTP/1.1" 200 17367 "-" "Mozilla/5.0 (X11; Linux x86_64) AppleWebKit/537.36 (KHTML, like Gecko) Chrome/61.0.3163.79 Safari/537.36" "ysfine.com"
195.191.219.132 - - [27/Oct/2022:14:00:46 -0700] "GET /archives/proceedings/wpro01/wptop.html HTTP/1.1" 200 337 "-" "Mozilla/5.0 (compatible; MJ12bot/v1.4.8; http://mj12bot.com/)" "ysfine.com"
195.191.219.131 - - [27/Oct/2022:14:00:46 -0700] "GET /class54/emailed06.html HTTP/1.1" 200 28628 "-" "Mozilla/5.0 (compatible; MJ12bot/v1.4.8; http://mj12bot.com/)" "ysfine.com"
195.191.219.132 - - [27/Oct/2022:14:00:48 -0700] "GET /archives/proceedings/wpro01/wsprog.html HTTP/1.1" 200 4937 "-" "Mozilla/5.0 (compatible; MJ12bot/v1.4.8; http://mj12bot.com/)" "ysfine.com"
195.191.219.131 - - [27/Oct/2022:14:00:48 -0700] "GET /class54/index.html HTTP/1.1" 200 2553 "-" "Mozilla/5.0 (compatible; MJ12bot/v1.4.8; http://mj12bot.com/)" "ysfine.com"
195.191.219.131 - - [27/Oct/2022:14:00:50 -0700] "GET /class54/nam/index.html HTTP/1.1" 200 130 "-" "Mozilla/5.0 (compatible; MJ12bot/v1.4.8; http://mj12bot.com/)" "ysfine.com"
195.191.219.131 - - [27/Oct/2022:14:00:51 -0700] "GET /class54/nam/namleft.html HTTP/1.1" 200 638 "-" "Mozilla/5.0 (compatible; MJ12bot/v1.4.8; http://mj12bot.com/)" "ysfine.com"
195.191.219.131 - - [27/Oct/2022:14:00:53 -0700] "GET /class54/nam/namrigh.html HTTP/1.1" 200 922 "-" "Mozilla/5.0 (compatible; MJ12bot/v1.4.8; http://mj12bot.com/)" "ysfine.com"
157.55.39.113 - - [27/Oct/2022:14:00:55 -0700] "GET /maga/minkowski.html HTTP/1.1" 200 4752 "-" "Mozilla/5.0 AppleWebKit/537.36 (KHTML, like Gecko; compatible; bingbot/2.0; +http://www.bing.com/bingbot.htm) Chrome/103.0.5060.134 Safari/537.36" "ysfine.com"
195.191.219.131 - - [27/Oct/2022:14:00:56 -0700] "GET /class54/oldr.html HTTP/1.1" 200 4800 "-" "Mozilla/5.0 (compatible; MJ12bot/v1.4.8; http://mj12bot.com/)" "ysfine.com"
195.191.219.131 - - [27/Oct/2022:14:00:58 -0700] "GET /class54/oldr.html HTTP/1.1" 200 4800 "-" "Mozilla/5.0 (compatible; MJ12bot/v1.4.8; http://mj12bot.com/)" "ysfine.com"
195.191.219.131 - - [27/Oct/2022:14:00:59 -0700] "GET /class54/roofless.html HTTP/1.1" 200 13341 "-" "Mozilla/5.0 (compatible; MJ12bot/v1.4.8; http://mj12bot.com/)" "ysfine.com"
195.191.219.132 - - [27/Oct/2022:14:01:01 -0700] "GET /archives/proceedings/wpro01/zuniga.html HTTP/1.1" 200 998 "-" "Mozilla/5.0 (compatible; MJ12bot/v1.4.8; http://mj12bot.com/)" "ysfine.com"
195.191.219.131 - - [27/Oct/2022:14:01:01 -0700] "GET /class54/roskeim.html HTTP/1.1" 200 824 "-" "Mozilla/5.0 (compatible; MJ12bot/v1.4.8; http://mj12bot.com/)" "ysfine.com"
195.191.219.132 - - [27/Oct/2022:14:01:02 -0700] "GET /awards/index.html HTTP/1.1" 200 10086 "-" "Mozilla/5.0 (compatible; MJ12bot/v1.4.8; http://mj12bot.com/)" "ysfine.com"
195.191.219.131 - - [27/Oct/2022:14:01:03 -0700] "GET /class54/solo.html HTTP/1.1" 200 1810 "-" "Mozilla/5.0 (compatible; MJ12bot/v1.4.8; http://mj12bot.com/)" "ysfine.com"
195.191.219.132 - - [27/Oct/2022:14:01:04 -0700] "GET /class54/class5470/50th.htm HTTP/1.1" 200 2376 "-" "Mozilla/5.0 (compatible; MJ12bot/v1.4.8; http://mj12bot.com/)" "ysfine.com"
195.191.219.131 - - [27/Oct/2022:14:01:05 -0700] "GET /class54/tallman.html HTTP/1.1" 200 5912 "-" "Mozilla/5.0 (compatible; MJ12bot/v1.4.8; http://mj12bot.com/)" "ysfine.com"
195.191.219.131 - - [27/Oct/2022:14:01:06 -0700] "GET /class54/weheard.html HTTP/1.1" 200 5818 "-" "Mozilla/5.0 (compatible; MJ12bot/v1.4.8; http://mj12bot.com/)" "ysfine.com"
195.191.219.132 - - [27/Oct/2022:14:01:07 -0700] "GET /class54/class5470/total_data/main.htm HTTP/1.1" 200 2358 "-" "Mozilla/5.0 (compatible; MJ12bot/v1.4.8; http://mj12bot.com/)" "ysfine.com"
195.191.219.132 - - [27/Oct/2022:14:01:09 -0700] "GET /class54/class5470/total_data/sub_101.htm HTTP/1.1" 200 3251 "-" "Mozilla/5.0 (compatible; MJ12bot/v1.4.8; http://mj12bot.com/)" "ysfine.com"
195.191.219.131 - - [27/Oct/2022:14:01:09 -0700] "GET /class54/weheard628.html HTTP/1.1" 200 1613 "-" "Mozilla/5.0 (compatible; MJ12bot/v1.4.8; http://mj12bot.com/)" "ysfine.com"
216.244.66.229 - - [27/Oct/2022:14:01:10 -0700] "GET /world/europe/ams002.jpg HTTP/1.1" 200 92932 "-" "Mozilla/5.0 (compatible; DotBot/1.2; +https://opensiteexplorer.org/dotbot; help@moz.com)" "www.ysfine.com"
195.191.219.132 - - [27/Oct/2022:14:01:11 -0700] "GET /class54/class5470/total_data/sub_201.htm HTTP/1.1" 200 3398 "-" "Mozilla/5.0 (compatible; MJ12bot/v1.4.8; http://mj12bot.com/)" "ysfine.com"
195.191.219.131 - - [27/Oct/2022:14:01:11 -0700] "GET /class54/weheard628.html HTTP/1.1" 200 1613 "-" "Mozilla/5.0 (compatible; MJ12bot/v1.4.8; http://mj12bot.com/)" "ysfine.com"
195.191.219.132 - - [27/Oct/2022:14:01:13 -0700] "GET /class54/class5470/total_data/sub_301.htm HTTP/1.1" 200 3324 "-" "Mozilla/5.0 (compatible; MJ12bot/v1.4.8; http://mj12bot.com/)" "ysfine.com"
195.191.219.131 - - [27/Oct/2022:14:01:14 -0700] "GET /confer/applied.html HTTP/1.1" 200 3735 "-" "Mozilla/5.0 (compatible; MJ12bot/v1.4.8; http://mj12bot.com/)" "ysfine.com"
195.191.219.132 - - [27/Oct/2022:14:01:14 -0700] "GET /class54/class5470/total_data/sub_401.htm HTTP/1.1" 200 3223 "-" "Mozilla/5.0 (compatible; MJ12bot/v1.4.8; http://mj12bot.com/)" "ysfine.com"
195.191.219.131 - - [27/Oct/2022:14:01:16 -0700] "GET /confer/applied.html HTTP/1.1" 200 3735 "-" "Mozilla/5.0 (compatible; MJ12bot/v1.4.8; http://mj12bot.com/)" "ysfine.com"
195.191.219.132 - - [27/Oct/2022:14:01:16 -0700] "GET /class54/class5470/total_data/sub_501.htm HTTP/1.1" 200 3207 "-" "Mozilla/5.0 (compatible; MJ12bot/v1.4.8; http://mj12bot.com/)" "ysfine.com"
195.191.219.131 - - [27/Oct/2022:14:01:17 -0700] "GET /confer/conbot.html HTTP/1.1" 200 124 "-" "Mozilla/5.0 (compatible; MJ12bot/v1.4.8; http://mj12bot.com/)" "ysfine.com"
195.191.219.132 - - [27/Oct/2022:14:01:18 -0700] "GET /class54/class5470/total_data/sub_516.htm HTTP/1.1" 200 3202 "-" "Mozilla/5.0 (compatible; MJ12bot/v1.4.8; http://mj12bot.com/)" "ysfine.com"
195.191.219.131 - - [27/Oct/2022:14:01:19 -0700] "GET /confer/conleft.html HTTP/1.1" 200 546 "-" "Mozilla/5.0 (compatible; MJ12bot/v1.4.8; http://mj12bot.com/)" "ysfine.com"
195.191.219.132 - - [27/Oct/2022:14:01:20 -0700] "GET /class54/class5470/total_data/sub_517.htm HTTP/1.1" 200 3193 "-" "Mozilla/5.0 (compatible; MJ12bot/v1.4.8; http://mj12bot.com/)" "ysfine.com"
195.191.219.132 - - [27/Oct/2022:14:01:22 -0700] "GET /class54/class5470/total_data/sub_518.htm HTTP/1.1" 200 3212 "-" "Mozilla/5.0 (compatible; MJ12bot/v1.4.8; http://mj12bot.com/)" "ysfine.com"
195.191.219.131 - - [27/Oct/2022:14:01:22 -0700] "GET /confer/conrigh.html HTTP/1.1" 200 1964 "-" "Mozilla/5.0 (compatible; MJ12bot/v1.4.8; http://mj12bot.com/)" "ysfine.com"
195.191.219.132 - - [27/Oct/2022:14:01:23 -0700] "GET /class54/class5470/total_data/sub_519.htm HTTP/1.1" 200 3212 "-" "Mozilla/5.0 (compatible; MJ12bot/v1.4.8; http://mj12bot.com/)" "ysfine.com"
195.191.219.131 - - [27/Oct/2022:14:01:24 -0700] "GET /confer/conrigh.html HTTP/1.1" 200 1964 "-" "Mozilla/5.0 (compatible; MJ12bot/v1.4.8; http://mj12bot.com/)" "ysfine.com"
195.191.219.132 - - [27/Oct/2022:14:01:25 -0700] "GET /class54/class5470/total_data/sub_520.htm HTTP/1.1" 200 3212 "-" "Mozilla/5.0 (compatible; MJ12bot/v1.4.8; http://mj12bot.com/)" "ysfine.com"
195.191.219.131 - - [27/Oct/2022:14:01:25 -0700] "GET /confer/gift.html HTTP/1.1" 200 748 "-" "Mozilla/5.0 (compatible; MJ12bot/v1.4.8; http://mj12bot.com/)" "ysfine.com"
195.191.219.132 - - [27/Oct/2022:14:01:27 -0700] "GET /class54/class5470/total_data/sub_521.htm HTTP/1.1" 200 3212 "-" "Mozilla/5.0 (compatible; MJ12bot/v1.4.8; http://mj12bot.com/)" "ysfine.com"
195.191.219.131 - - [27/Oct/2022:14:01:29 -0700] "GET /confer/inbot.html HTTP/1.1" 200 2463 "-" "Mozilla/5.0 (compatible; MJ12bot/v1.4.8; http://mj12bot.com/)" "ysfine.com"
195.191.219.132 - - [27/Oct/2022:14:01:29 -0700] "GET /class54/class5470/total_data/sub_522.htm HTTP/1.1" 200 3212 "-" "Mozilla/5.0 (compatible; MJ12bot/v1.4.8; http://mj12bot.com/)" "ysfine.com"
195.191.219.131 - - [27/Oct/2022:14:01:30 -0700] "GET /confer/inbot.html HTTP/1.1" 200 2463 "-" "Mozilla/5.0 (compatible; MJ12bot/v1.4.8; http://mj12bot.com/)" "ysfine.com"
195.191.219.132 - - [27/Oct/2022:14:01:31 -0700] "GET /class54/class5470/total_data/sub_523.htm HTTP/1.1" 200 3212 "-" "Mozilla/5.0 (compatible; MJ12bot/v1.4.8; http://mj12bot.com/)" "ysfine.com"
195.191.219.132 - - [27/Oct/2022:14:01:33 -0700] "GET /class54/class5470/total_data/sub_524.htm HTTP/1.1" 200 3212 "-" "Mozilla/5.0 (compatible; MJ12bot/v1.4.8; http://mj12bot.com/)" "ysfine.com"
195.191.219.131 - - [27/Oct/2022:14:01:34 -0700] "GET /confer/intop.html HTTP/1.1" 200 521 "-" "Mozilla/5.0 (compatible; MJ12bot/v1.4.8; http://mj12bot.com/)" "ysfine.com"
195.191.219.132 - - [27/Oct/2022:14:01:34 -0700] "GET /class54/class5470/total_data/sub_525.htm HTTP/1.1" 200 3212 "-" "Mozilla/5.0 (compatible; MJ12bot/v1.4.8; http://mj12bot.com/)" "ysfine.com"
195.191.219.131 - - [27/Oct/2022:14:01:35 -0700] "GET /confer/intop.html HTTP/1.1" 200 521 "-" "Mozilla/5.0 (compatible; MJ12bot/v1.4.8; http://mj12bot.com/)" "ysfine.com"
216.244.66.229 - - [27/Oct/2022:14:01:36 -0700] "GET /world/france/nice07.jpg HTTP/1.1" 200 96371 "-" "Mozilla/5.0 (compatible; DotBot/1.2; +https://opensiteexplorer.org/dotbot; help@moz.com)" "www.ysfine.com"
195.191.219.132 - - [27/Oct/2022:14:01:36 -0700] "GET /class54/class5470/total_data/sub_526.htm HTTP/1.1" 200 3212 "-" "Mozilla/5.0 (compatible; MJ12bot/v1.4.8; http://mj12bot.com/)" "ysfine.com"
195.191.219.132 - - [27/Oct/2022:14:01:38 -0700] "GET /class54/class5470/total_data/sub_527.htm HTTP/1.1" 200 3212 "-" "Mozilla/5.0 (compatible; MJ12bot/v1.4.8; http://mj12bot.com/)" "ysfine.com"
195.191.219.131 - - [27/Oct/2022:14:01:39 -0700] "GET /confer/listall.html HTTP/1.1" 200 6460 "-" "Mozilla/5.0 (compatible; MJ12bot/v1.4.8; http://mj12bot.com/)" "ysfine.com"
195.191.219.131 - - [27/Oct/2022:14:01:40 -0700] "GET /confer/listall.html HTTP/1.1" 200 6460 "-" "Mozilla/5.0 (compatible; MJ12bot/v1.4.8; http://mj12bot.com/)" "ysfine.com"
195.191.219.132 - - [27/Oct/2022:14:01:40 -0700] "GET /class54/class5470/total_data/sub_528.htm HTTP/1.1" 200 3212 "-" "Mozilla/5.0 (compatible; MJ12bot/v1.4.8; http://mj12bot.com/)" "ysfine.com"
195.191.219.132 - - [27/Oct/2022:14:01:42 -0700] "GET /class54/class5470/total_data/sub_529.htm HTTP/1.1" 200 3212 "-" "Mozilla/5.0 (compatible; MJ12bot/v1.4.8; http://mj12bot.com/)" "ysfine.com"
195.191.219.131 - - [27/Oct/2022:14:01:43 -0700] "GET /confer/math.html HTTP/1.1" 200 2175 "-" "Mozilla/5.0 (compatible; MJ12bot/v1.4.8; http://mj12bot.com/)" "ysfine.com"
195.191.219.132 - - [27/Oct/2022:14:01:44 -0700] "GET /class54/class5470/total_data/sub_530.htm HTTP/1.1" 200 3212 "-" "Mozilla/5.0 (compatible; MJ12bot/v1.4.8; http://mj12bot.com/)" "ysfine.com"
195.191.219.131 - - [27/Oct/2022:14:01:45 -0700] "GET /confer/math.html HTTP/1.1" 200 2175 "-" "Mozilla/5.0 (compatible; MJ12bot/v1.4.8; http://mj12bot.com/)" "ysfine.com"
195.191.219.132 - - [27/Oct/2022:14:01:46 -0700] "GET /class54/class5470/total_data/sub_531.htm HTTP/1.1" 200 3223 "-" "Mozilla/5.0 (compatible; MJ12bot/v1.4.8; http://mj12bot.com/)" "ysfine.com"
195.191.219.132 - - [27/Oct/2022:14:01:48 -0700] "GET /class54/class5470/total_data/sub_532.htm HTTP/1.1" 200 3228 "-" "Mozilla/5.0 (compatible; MJ12bot/v1.4.8; http://mj12bot.com/)" "ysfine.com"
195.191.219.131 - - [27/Oct/2022:14:01:49 -0700] "GET /confer/newadd.html HTTP/1.1" 200 1741 "-" "Mozilla/5.0 (compatible; MJ12bot/v1.4.8; http://mj12bot.com/)" "ysfine.com"
195.191.219.132 - - [27/Oct/2022:14:01:50 -0700] "GET /class54/class5470/total_data/sub_533.htm HTTP/1.1" 200 3212 "-" "Mozilla/5.0 (compatible; MJ12bot/v1.4.8; http://mj12bot.com/)" "ysfine.com"
195.191.219.131 - - [27/Oct/2022:14:01:50 -0700] "GET /confer/newadd.html HTTP/1.1" 200 1741 "-" "Mozilla/5.0 (compatible; MJ12bot/v1.4.8; http://mj12bot.com/)" "ysfine.com"
195.191.219.132 - - [27/Oct/2022:14:01:52 -0700] "GET /class54/class5470/total_data/sub_534.htm HTTP/1.1" 200 3212 "-" "Mozilla/5.0 (compatible; MJ12bot/v1.4.8; http://mj12bot.com/)" "ysfine.com"
195.191.219.132 - - [27/Oct/2022:14:01:53 -0700] "GET /class54/class5470/total_data/sub_601.htm HTTP/1.1" 200 3192 "-" "Mozilla/5.0 (compatible; MJ12bot/v1.4.8; http://mj12bot.com/)" "ysfine.com"
195.191.219.131 - - [27/Oct/2022:14:01:54 -0700] "GET /confer/newsgr.html HTTP/1.1" 200 944 "-" "Mozilla/5.0 (compatible; MJ12bot/v1.4.8; http://mj12bot.com/)" "ysfine.com"
195.191.219.131 - - [27/Oct/2022:14:01:56 -0700] "GET /confer/newsgr.html HTTP/1.1" 200 944 "-" "Mozilla/5.0 (compatible; MJ12bot/v1.4.8; http://mj12bot.com/)" "ysfine.com"
195.191.219.132 - - [27/Oct/2022:14:01:56 -0700] "GET /class54/class5470/total_data/sub_602.htm HTTP/1.1" 200 3192 "-" "Mozilla/5.0 (compatible; MJ12bot/v1.4.8; http://mj12bot.com/)" "ysfine.com"
195.191.219.132 - - [27/Oct/2022:14:01:57 -0700] "GET /class54/class5470/total_data/sub_603.htm HTTP/1.1" 200 3180 "-" "Mozilla/5.0 (compatible; MJ12bot/v1.4.8; http://mj12bot.com/)" "ysfine.com"
195.191.219.131 - - [27/Oct/2022:14:01:57 -0700] "GET /confer/nyet.html HTTP/1.1" 200 290 "-" "Mozilla/5.0 (compatible; MJ12bot/v1.4.8; http://mj12bot.com/)" "ysfine.com"
195.191.219.132 - - [27/Oct/2022:14:01:59 -0700] "GET /class54/class5470/total_data/sub_604.htm HTTP/1.1" 200 3180 "-" "Mozilla/5.0 (compatible; MJ12bot/v1.4.8; http://mj12bot.com/)" "ysfine.com"
195.191.219.132 - - [27/Oct/2022:14:02:00 -0700] "GET /class54/class5470/total_data/sub_605.htm HTTP/1.1" 200 3192 "-" "Mozilla/5.0 (compatible; MJ12bot/v1.4.8; http://mj12bot.com/)" "ysfine.com"
195.191.219.131 - - [27/Oct/2022:14:02:01 -0700] "GET /confer/particle.html HTTP/1.1" 200 2739 "-" "Mozilla/5.0 (compatible; MJ12bot/v1.4.8; http://mj12bot.com/)" "ysfine.com"
195.191.219.132 - - [27/Oct/2022:14:02:02 -0700] "GET /class54/class5470/total_data/sub_606.htm HTTP/1.1" 200 3192 "-" "Mozilla/5.0 (compatible; MJ12bot/v1.4.8; http://mj12bot.com/)" "ysfine.com"
195.191.219.131 - - [27/Oct/2022:14:02:03 -0700] "GET /confer/particle.html HTTP/1.1" 200 2739 "-" "Mozilla/5.0 (compatible; MJ12bot/v1.4.8; http://mj12bot.com/)" "ysfine.com"
195.191.219.132 - - [27/Oct/2022:14:02:04 -0700] "GET /class54/class5470/total_data/sub_607.htm HTTP/1.1" 200 3192 "-" "Mozilla/5.0 (compatible; MJ12bot/v1.4.8; http://mj12bot.com/)" "ysfine.com"
195.191.219.131 - - [27/Oct/2022:14:02:04 -0700] "GET /confer/popular.html HTTP/1.1" 200 2351 "-" "Mozilla/5.0 (compatible; MJ12bot/v1.4.8; http://mj12bot.com/)" "ysfine.com"
195.191.219.132 - - [27/Oct/2022:14:02:05 -0700] "GET /class54/class5470/total_data/sub_608.htm HTTP/1.1" 200 3192 "-" "Mozilla/5.0 (compatible; MJ12bot/v1.4.8; http://mj12bot.com/)" "ysfine.com"
195.191.219.132 - - [27/Oct/2022:14:02:07 -0700] "GET /class54/class5470/total_data/sub_609.htm HTTP/1.1" 200 3192 "-" "Mozilla/5.0 (compatible; MJ12bot/v1.4.8; http://mj12bot.com/)" "ysfine.com"
195.191.219.131 - - [27/Oct/2022:14:02:07 -0700] "GET /confer/quantum.html HTTP/1.1" 200 2560 "-" "Mozilla/5.0 (compatible; MJ12bot/v1.4.8; http://mj12bot.com/)" "ysfine.com"
195.191.219.132 - - [27/Oct/2022:14:02:09 -0700] "GET /class54/class5470/total_data/sub_610.htm HTTP/1.1" 200 3183 "-" "Mozilla/5.0 (compatible; MJ12bot/v1.4.8; http://mj12bot.com/)" "ysfine.com"
195.191.219.131 - - [27/Oct/2022:14:02:09 -0700] "GET /confer/quantum.html HTTP/1.1" 200 2560 "-" "Mozilla/5.0 (compatible; MJ12bot/v1.4.8; http://mj12bot.com/)" "ysfine.com"
195.191.219.132 - - [27/Oct/2022:14:02:10 -0700] "GET /class54/class5470/total_data/sub_611.htm HTTP/1.1" 200 3186 "-" "Mozilla/5.0 (compatible; MJ12bot/v1.4.8; http://mj12bot.com/)" "ysfine.com"
195.191.219.132 - - [27/Oct/2022:14:02:12 -0700] "GET /class54/class5470/total_data/sub_612.htm HTTP/1.1" 200 3196 "-" "Mozilla/5.0 (compatible; MJ12bot/v1.4.8; http://mj12bot.com/)" "ysfine.com"
195.191.219.131 - - [27/Oct/2022:14:02:12 -0700] "GET /confer/speci.html HTTP/1.1" 200 957 "-" "Mozilla/5.0 (compatible; MJ12bot/v1.4.8; http://mj12bot.com/)" "ysfine.com"
195.191.219.131 - - [27/Oct/2022:14:02:14 -0700] "GET /confer/speci.html HTTP/1.1" 200 957 "-" "Mozilla/5.0 (compatible; MJ12bot/v1.4.8; http://mj12bot.com/)" "ysfine.com"
195.191.219.132 - - [27/Oct/2022:14:02:14 -0700] "GET /class54/class5470/total_data/sub_613.htm HTTP/1.1" 200 3196 "-" "Mozilla/5.0 (compatible; MJ12bot/v1.4.8; http://mj12bot.com/)" "ysfine.com"
195.191.219.132 - - [27/Oct/2022:14:02:15 -0700] "GET /class54/class5470/total_data/sub_614.htm HTTP/1.1" 200 3196 "-" "Mozilla/5.0 (compatible; MJ12bot/v1.4.8; http://mj12bot.com/)" "ysfine.com"
157.55.39.14 - - [27/Oct/2022:14:02:16 -0700] "GET /world/balticw.html HTTP/1.1" 200 15785 "-" "Mozilla/5.0 AppleWebKit/537.36 (KHTML, like Gecko; compatible; bingbot/2.0; +http://www.bing.com/bingbot.htm) Chrome/103.0.5060.134 Safari/537.36" "ysfine.com"
195.191.219.131 - - [27/Oct/2022:14:02:17 -0700] "GET /confer/stat.html HTTP/1.1" 200 2350 "-" "Mozilla/5.0 (compatible; MJ12bot/v1.4.8; http://mj12bot.com/)" "ysfine.com"
195.191.219.132 - - [27/Oct/2022:14:02:17 -0700] "GET /class54/class5470/total_data/sub_615.htm HTTP/1.1" 200 3196 "-" "Mozilla/5.0 (compatible; MJ12bot/v1.4.8; http://mj12bot.com/)" "ysfine.com"
195.191.219.131 - - [27/Oct/2022:14:02:18 -0700] "GET /confer/stat.html HTTP/1.1" 200 2350 "-" "Mozilla/5.0 (compatible; MJ12bot/v1.4.8; http://mj12bot.com/)" "ysfine.com"
195.191.219.132 - - [27/Oct/2022:14:02:18 -0700] "GET /class54/class5470/total_data/sub_616.htm HTTP/1.1" 200 3196 "-" "Mozilla/5.0 (compatible; MJ12bot/v1.4.8; http://mj12bot.com/)" "ysfine.com"
195.191.219.131 - - [27/Oct/2022:14:02:20 -0700] "GET /confer/subscri.html HTTP/1.1" 200 558 "-" "Mozilla/5.0 (compatible; MJ12bot/v1.4.8; http://mj12bot.com/)" "ysfine.com"
195.191.219.132 - - [27/Oct/2022:14:02:20 -0700] "GET /class54/class5470/total_data/sub_617.htm HTTP/1.1" 200 3206 "-" "Mozilla/5.0 (compatible; MJ12bot/v1.4.8; http://mj12bot.com/)" "ysfine.com"
195.191.219.132 - - [27/Oct/2022:14:02:22 -0700] "GET /class54/class5470/total_data/sub_618.htm HTTP/1.1" 200 3206 "-" "Mozilla/5.0 (compatible; MJ12bot/v1.4.8; http://mj12bot.com/)" "ysfine.com"
195.191.219.131 - - [27/Oct/2022:14:02:23 -0700] "GET /dirac/bankers.html HTTP/1.1" 200 4453 "-" "Mozilla/5.0 (compatible; MJ12bot/v1.4.8; http://mj12bot.com/)" "ysfine.com"
195.191.219.132 - - [27/Oct/2022:14:02:23 -0700] "GET /class54/class5470/total_data/sub_619.htm HTTP/1.1" 200 3206 "-" "Mozilla/5.0 (compatible; MJ12bot/v1.4.8; http://mj12bot.com/)" "ysfine.com"
195.191.219.131 - - [27/Oct/2022:14:02:25 -0700] "GET /dirac/bankers.html HTTP/1.1" 200 4453 "-" "Mozilla/5.0 (compatible; MJ12bot/v1.4.8; http://mj12bot.com/)" "ysfine.com"
195.191.219.132 - - [27/Oct/2022:14:02:25 -0700] "GET /class54/class5470/total_data/sub_620.htm HTTP/1.1" 200 3206 "-" "Mozilla/5.0 (compatible; MJ12bot/v1.4.8; http://mj12bot.com/)" "ysfine.com"
195.191.219.131 - - [27/Oct/2022:14:02:26 -0700] "GET /dirac/chaucer.html HTTP/1.1" 200 2700 "-" "Mozilla/5.0 (compatible; MJ12bot/v1.4.8; http://mj12bot.com/)" "ysfine.com"
195.191.219.132 - - [27/Oct/2022:14:02:27 -0700] "GET /class54/class5470/total_data/sub_621.htm HTTP/1.1" 200 3216 "-" "Mozilla/5.0 (compatible; MJ12bot/v1.4.8; http://mj12bot.com/)" "ysfine.com"
195.191.219.131 - - [27/Oct/2022:14:02:28 -0700] "GET /dirac/dfsoft.html HTTP/1.1" 200 2643 "-" "Mozilla/5.0 (compatible; MJ12bot/v1.4.8; http://mj12bot.com/)" "ysfine.com"
195.191.219.132 - - [27/Oct/2022:14:02:28 -0700] "GET /class54/class5470/total_data/sub_622.htm HTTP/1.1" 200 3215 "-" "Mozilla/5.0 (compatible; MJ12bot/v1.4.8; http://mj12bot.com/)" "ysfine.com"
195.191.219.131 - - [27/Oct/2022:14:02:29 -0700] "GET /dirac/dirackim62.html HTTP/1.1" 200 2970 "-" "Mozilla/5.0 (compatible; MJ12bot/v1.4.8; http://mj12bot.com/)" "ysfine.com"
195.191.219.132 - - [27/Oct/2022:14:02:30 -0700] "GET /class54/class5470/total_data/sub_623.htm HTTP/1.1" 200 3215 "-" "Mozilla/5.0 (compatible; MJ12bot/v1.4.8; http://mj12bot.com/)" "ysfine.com"
195.191.219.131 - - [27/Oct/2022:14:02:31 -0700] "GET /dirac/dirackn33.html HTTP/1.1" 200 438 "-" "Mozilla/5.0 (compatible; MJ12bot/v1.4.8; http://mj12bot.com/)" "ysfine.com"
195.191.219.132 - - [27/Oct/2022:14:02:32 -0700] "GET /class54/class5470/total_data/sub_624.htm HTTP/1.1" 200 3215 "-" "Mozilla/5.0 (compatible; MJ12bot/v1.4.8; http://mj12bot.com/)" "ysfine.com"
195.191.219.131 - - [27/Oct/2022:14:02:33 -0700] "GET /dirac/diracpol.html HTTP/1.1" 200 3380 "-" "Mozilla/5.0 (compatible; MJ12bot/v1.4.8; http://mj12bot.com/)" "ysfine.com"
195.191.219.132 - - [27/Oct/2022:14:02:33 -0700] "GET /class54/class5470/total_data/sub_625.htm HTTP/1.1" 200 3206 "-" "Mozilla/5.0 (compatible; MJ12bot/v1.4.8; http://mj12bot.com/)" "ysfine.com"
195.191.219.132 - - [27/Oct/2022:14:02:35 -0700] "GET /class54/class5470/total_data/sub_626.htm HTTP/1.1" 200 3195 "-" "Mozilla/5.0 (compatible; MJ12bot/v1.4.8; http://mj12bot.com/)" "ysfine.com"
195.191.219.131 - - [27/Oct/2022:14:02:36 -0700] "GET /dirac/diracsq.html HTTP/1.1" 200 4447 "-" "Mozilla/5.0 (compatible; MJ12bot/v1.4.8; http://mj12bot.com/)" "ysfine.com"
195.191.219.132 - - [27/Oct/2022:14:02:36 -0700] "GET /class54/class5470/total_data/sub_627.htm HTTP/1.1" 200 3206 "-" "Mozilla/5.0 (compatible; MJ12bot/v1.4.8; http://mj12bot.com/)" "ysfine.com"
195.191.219.131 - - [27/Oct/2022:14:02:38 -0700] "GET /dirac/diracsq.html HTTP/1.1" 200 4447 "-" "Mozilla/5.0 (compatible; MJ12bot/v1.4.8; http://mj12bot.com/)" "ysfine.com"
195.191.219.132 - - [27/Oct/2022:14:02:38 -0700] "GET /class54/class5470/total_data/sub_628.htm HTTP/1.1" 200 3206 "-" "Mozilla/5.0 (compatible; MJ12bot/v1.4.8; http://mj12bot.com/)" "ysfine.com"
195.191.219.132 - - [27/Oct/2022:14:02:40 -0700] "GET /class54/class5470/total_data/sub_629.htm HTTP/1.1" 200 3206 "-" "Mozilla/5.0 (compatible; MJ12bot/v1.4.8; http://mj12bot.com/)" "ysfine.com"
195.191.219.131 - - [27/Oct/2022:14:02:41 -0700] "GET /dirac/diracsq22.html HTTP/1.1" 200 7395 "-" "Mozilla/5.0 (compatible; MJ12bot/v1.4.8; http://mj12bot.com/)" "ysfine.com"
195.191.219.132 - - [27/Oct/2022:14:02:41 -0700] "GET /class54/class5470/total_data/sub_630.htm HTTP/1.1" 200 3206 "-" "Mozilla/5.0 (compatible; MJ12bot/v1.4.8; http://mj12bot.com/)" "ysfine.com"
195.191.219.131 - - [27/Oct/2022:14:02:42 -0700] "GET /dirac/diracsq22.html HTTP/1.1" 200 7395 "-" "Mozilla/5.0 (compatible; MJ12bot/v1.4.8; http://mj12bot.com/)" "ysfine.com"
195.191.219.132 - - [27/Oct/2022:14:02:43 -0700] "GET /class54/class5470/total_data/sub_631.htm HTTP/1.1" 200 3206 "-" "Mozilla/5.0 (compatible; MJ12bot/v1.4.8; http://mj12bot.com/)" "ysfine.com"
195.191.219.131 - - [27/Oct/2022:14:02:44 -0700] "GET /dirac/dirbot.html HTTP/1.1" 200 130 "-" "Mozilla/5.0 (compatible; MJ12bot/v1.4.8; http://mj12bot.com/)" "ysfine.com"
195.191.219.132 - - [27/Oct/2022:14:02:45 -0700] "GET /class54/class5470/total_data/sub_632.htm HTTP/1.1" 200 3206 "-" "Mozilla/5.0 (compatible; MJ12bot/v1.4.8; http://mj12bot.com/)" "ysfine.com"
195.191.219.131 - - [27/Oct/2022:14:02:46 -0700] "GET /dirac/dircanal.html HTTP/1.1" 200 3795 "-" "Mozilla/5.0 (compatible; MJ12bot/v1.4.8; http://mj12bot.com/)" "ysfine.com"
195.191.219.132 - - [27/Oct/2022:14:02:46 -0700] "GET /class54/class5470/total_data/sub_701.htm HTTP/1.1" 200 3312 "-" "Mozilla/5.0 (compatible; MJ12bot/v1.4.8; http://mj12bot.com/)" "ysfine.com"
195.191.219.131 - - [27/Oct/2022:14:02:47 -0700] "GET /dirac/dirfeyn.html HTTP/1.1" 200 6341 "-" "Mozilla/5.0 (compatible; MJ12bot/v1.4.8; http://mj12bot.com/)" "ysfine.com"
195.191.219.132 - - [27/Oct/2022:14:02:48 -0700] "GET /class54/class5470/total_data/sub_702.htm HTTP/1.1" 200 3294 "-" "Mozilla/5.0 (compatible; MJ12bot/v1.4.8; http://mj12bot.com/)" "ysfine.com"
195.191.219.132 - - [27/Oct/2022:14:02:49 -0700] "GET /class54/class5470/total_data/sub_703.htm HTTP/1.1" 200 3295 "-" "Mozilla/5.0 (compatible; MJ12bot/v1.4.8; http://mj12bot.com/)" "ysfine.com"
195.191.219.131 - - [27/Oct/2022:14:02:51 -0700] "GET /dirac/dirfeyn22.html HTTP/1.1" 200 2329 "-" "Mozilla/5.0 (compatible; MJ12bot/v1.4.8; http://mj12bot.com/)" "ysfine.com"
195.191.219.132 - - [27/Oct/2022:14:02:51 -0700] "GET /class54/class5470/total_data/sub_704.htm HTTP/1.1" 200 3295 "-" "Mozilla/5.0 (compatible; MJ12bot/v1.4.8; http://mj12bot.com/)" "ysfine.com"
195.191.219.131 - - [27/Oct/2022:14:02:52 -0700] "GET /dirac/dirfeyn22.html HTTP/1.1" 200 2329 "-" "Mozilla/5.0 (compatible; MJ12bot/v1.4.8; http://mj12bot.com/)" "ysfine.com"
195.191.219.132 - - [27/Oct/2022:14:02:53 -0700] "GET /class54/class5470/total_data/sub_705.htm HTTP/1.1" 200 3295 "-" "Mozilla/5.0 (compatible; MJ12bot/v1.4.8; http://mj12bot.com/)" "ysfine.com"
195.191.219.132 - - [27/Oct/2022:14:02:54 -0700] "GET /class54/class5470/total_data/sub_706.htm HTTP/1.1" 200 3299 "-" "Mozilla/5.0 (compatible; MJ12bot/v1.4.8; http://mj12bot.com/)" "ysfine.com"
195.191.219.131 - - [27/Oct/2022:14:02:56 -0700] "GET /dirac/dirheisen.html HTTP/1.1" 200 4650 "-" "Mozilla/5.0 (compatible; MJ12bot/v1.4.8; http://mj12bot.com/)" "ysfine.com"
195.191.219.132 - - [27/Oct/2022:14:02:56 -0700] "GET /class54/class5470/total_data/sub_707.htm HTTP/1.1" 200 3301 "-" "Mozilla/5.0 (compatible; MJ12bot/v1.4.8; http://mj12bot.com/)" "ysfine.com"
195.191.219.132 - - [27/Oct/2022:14:02:57 -0700] "GET /class54/class5470/total_data/sub_708.htm HTTP/1.1" 200 3295 "-" "Mozilla/5.0 (compatible; MJ12bot/v1.4.8; http://mj12bot.com/)" "ysfine.com"
195.191.219.131 - - [27/Oct/2022:14:02:57 -0700] "GET /dirac/dirheisen.html HTTP/1.1" 200 4650 "-" "Mozilla/5.0 (compatible; MJ12bot/v1.4.8; http://mj12bot.com/)" "ysfine.com"
195.191.219.132 - - [27/Oct/2022:14:02:59 -0700] "GET /class54/class5470/total_data/sub_709.htm HTTP/1.1" 200 3294 "-" "Mozilla/5.0 (compatible; MJ12bot/v1.4.8; http://mj12bot.com/)" "ysfine.com"
195.191.219.131 - - [27/Oct/2022:14:02:59 -0700] "GET /dirac/dirk62.html HTTP/1.1" 200 3930 "-" "Mozilla/5.0 (compatible; MJ12bot/v1.4.8; http://mj12bot.com/)" "ysfine.com"
195.191.219.132 - - [27/Oct/2022:14:03:01 -0700] "GET /class54/class5470/total_data/sub_710.htm HTTP/1.1" 200 3294 "-" "Mozilla/5.0 (compatible; MJ12bot/v1.4.8; http://mj12bot.com/)" "ysfine.com"
195.191.219.131 - - [27/Oct/2022:14:03:02 -0700] "GET /dirac/dirkim.html HTTP/1.1" 200 3690 "-" "Mozilla/5.0 (compatible; MJ12bot/v1.4.8; http://mj12bot.com/)" "ysfine.com"
195.191.219.132 - - [27/Oct/2022:14:03:02 -0700] "GET /class54/class5470/total_data/sub_723.htm HTTP/1.1" 200 3295 "-" "Mozilla/5.0 (compatible; MJ12bot/v1.4.8; http://mj12bot.com/)" "ysfine.com"
195.191.219.132 - - [27/Oct/2022:14:03:04 -0700] "GET /class54/class5470/total_data/sub_724.htm HTTP/1.1" 200 3295 "-" "Mozilla/5.0 (compatible; MJ12bot/v1.4.8; http://mj12bot.com/)" "ysfine.com"
195.191.219.131 - - [27/Oct/2022:14:03:04 -0700] "GET /dirac/dirkim.html HTTP/1.1" 200 3690 "-" "Mozilla/5.0 (compatible; MJ12bot/v1.4.8; http://mj12bot.com/)" "ysfine.com"
195.191.219.131 - - [27/Oct/2022:14:03:05 -0700] "GET /dirac/dirleft.html HTTP/1.1" 200 716 "-" "Mozilla/5.0 (compatible; MJ12bot/v1.4.8; http://mj12bot.com/)" "ysfine.com"
195.191.219.132 - - [27/Oct/2022:14:03:06 -0700] "GET /class54/class5470/total_data/sub_725.htm HTTP/1.1" 200 3295 "-" "Mozilla/5.0 (compatible; MJ12bot/v1.4.8; http://mj12bot.com/)" "ysfine.com"
195.191.219.131 - - [27/Oct/2022:14:03:07 -0700] "GET /dirac/dirosc.html HTTP/1.1" 200 1167 "-" "Mozilla/5.0 (compatible; MJ12bot/v1.4.8; http://mj12bot.com/)" "ysfine.com"
195.191.219.132 - - [27/Oct/2022:14:03:07 -0700] "GET /class54/class5470/total_data/sub_730.htm HTTP/1.1" 200 3294 "-" "Mozilla/5.0 (compatible; MJ12bot/v1.4.8; http://mj12bot.com/)" "ysfine.com"
195.191.219.132 - - [27/Oct/2022:14:03:09 -0700] "GET /class54/class5470/total_data/sub_731.htm HTTP/1.1" 200 3294 "-" "Mozilla/5.0 (compatible; MJ12bot/v1.4.8; http://mj12bot.com/)" "ysfine.com"
195.191.219.131 - - [27/Oct/2022:14:03:10 -0700] "GET /dirac/dirpoems.html HTTP/1.1" 200 5773 "-" "Mozilla/5.0 (compatible; MJ12bot/v1.4.8; http://mj12bot.com/)" "ysfine.com"
195.191.219.132 - - [27/Oct/2022:14:03:10 -0700] "GET /class54/class5470/total_data/sub_732.htm HTTP/1.1" 200 3294 "-" "Mozilla/5.0 (compatible; MJ12bot/v1.4.8; http://mj12bot.com/)" "ysfine.com"
195.191.219.131 - - [27/Oct/2022:14:03:12 -0700] "GET /dirac/dirpoems.html HTTP/1.1" 200 5773 "-" "Mozilla/5.0 (compatible; MJ12bot/v1.4.8; http://mj12bot.com/)" "ysfine.com"
195.191.219.132 - - [27/Oct/2022:14:03:12 -0700] "GET /class54/class5470/total_data/sub_733.htm HTTP/1.1" 200 3294 "-" "Mozilla/5.0 (compatible; MJ12bot/v1.4.8; http://mj12bot.com/)" "ysfine.com"
195.191.219.132 - - [27/Oct/2022:14:03:14 -0700] "GET /class54/class5470/total_data/sub_734.htm HTTP/1.1" 200 3294 "-" "Mozilla/5.0 (compatible; MJ12bot/v1.4.8; http://mj12bot.com/)" "ysfine.com"
195.191.219.131 - - [27/Oct/2022:14:03:15 -0700] "GET /dirac/dirpoet.html HTTP/1.1" 200 7966 "-" "Mozilla/5.0 (compatible; MJ12bot/v1.4.8; http://mj12bot.com/)" "ysfine.com"
195.191.219.132 - - [27/Oct/2022:14:03:15 -0700] "GET /class54/class5470/total_data/sub_735.htm HTTP/1.1" 200 3294 "-" "Mozilla/5.0 (compatible; MJ12bot/v1.4.8; http://mj12bot.com/)" "ysfine.com"
195.191.219.131 - - [27/Oct/2022:14:03:17 -0700] "GET /dirac/dirpoet.html HTTP/1.1" 200 7966 "-" "Mozilla/5.0 (compatible; MJ12bot/v1.4.8; http://mj12bot.com/)" "ysfine.com"
195.191.219.132 - - [27/Oct/2022:14:03:17 -0700] "GET /class54/class5470/total_data/sub_736.htm HTTP/1.1" 200 3294 "-" "Mozilla/5.0 (compatible; MJ12bot/v1.4.8; http://mj12bot.com/)" "ysfine.com"
195.191.219.131 - - [27/Oct/2022:14:03:19 -0700] "GET /dirac/dirtop.html HTTP/1.1" 200 435 "-" "Mozilla/5.0 (compatible; MJ12bot/v1.4.8; http://mj12bot.com/)" "ysfine.com"
195.191.219.132 - - [27/Oct/2022:14:03:19 -0700] "GET /class54/class5470/total_data/sub_737.htm HTTP/1.1" 200 3294 "-" "Mozilla/5.0 (compatible; MJ12bot/v1.4.8; http://mj12bot.com/)" "ysfine.com"
195.191.219.131 - - [27/Oct/2022:14:03:20 -0700] "GET /dirac/index.html HTTP/1.1" 200 124 "-" "Mozilla/5.0 (compatible; MJ12bot/v1.4.8; http://mj12bot.com/)" "ysfine.com"
195.191.219.132 - - [27/Oct/2022:14:03:20 -0700] "GET /class54/class5470/total_data/sub_738.htm HTTP/1.1" 200 3294 "-" "Mozilla/5.0 (compatible; MJ12bot/v1.4.8; http://mj12bot.com/)" "ysfine.com"
195.191.219.132 - - [27/Oct/2022:14:03:22 -0700] "GET /class54/class5470/total_data/sub_739.htm HTTP/1.1" 200 3294 "-" "Mozilla/5.0 (compatible; MJ12bot/v1.4.8; http://mj12bot.com/)" "ysfine.com"
195.191.219.131 - - [27/Oct/2022:14:03:22 -0700] "GET /dirac/integ.html HTTP/1.1" 200 6101 "-" "Mozilla/5.0 (compatible; MJ12bot/v1.4.8; http://mj12bot.com/)" "ysfine.com"
195.191.219.132 - - [27/Oct/2022:14:03:24 -0700] "GET /class54/class5470/total_data/sub_740.htm HTTP/1.1" 200 3294 "-" "Mozilla/5.0 (compatible; MJ12bot/v1.4.8; http://mj12bot.com/)" "ysfine.com"
195.191.219.131 - - [27/Oct/2022:14:03:24 -0700] "GET /dirac/locovar.html HTTP/1.1" 200 3545 "-" "Mozilla/5.0 (compatible; MJ12bot/v1.4.8; http://mj12bot.com/)" "ysfine.com"
95.163.255.80 - - [27/Oct/2022:14:03:24 -0700] "GET /robots.txt HTTP/1.1" 404 73 "-" "Mozilla/5.0 (compatible; Linux x86_64; Mail.RU_Bot/Img/2.0; +https://help.mail.ru/webmaster/indexing/robots)" "ysfine.com"
195.191.219.132 - - [27/Oct/2022:14:03:25 -0700] "GET /class54/class5470/total_data/sub_742.htm HTTP/1.1" 200 3297 "-" "Mozilla/5.0 (compatible; MJ12bot/v1.4.8; http://mj12bot.com/)" "ysfine.com"
195.191.219.132 - - [27/Oct/2022:14:03:27 -0700] "GET /class54/class5470/total_data/sub_743.htm HTTP/1.1" 200 3297 "-" "Mozilla/5.0 (compatible; MJ12bot/v1.4.8; http://mj12bot.com/)" "ysfine.com"
195.191.219.131 - - [27/Oct/2022:14:03:27 -0700] "GET /dirac/lorendir.html HTTP/1.1" 200 2426 "-" "Mozilla/5.0 (compatible; MJ12bot/v1.4.8; http://mj12bot.com/)" "ysfine.com"
195.191.219.132 - - [27/Oct/2022:14:03:29 -0700] "GET /class54/class5470/total_data/sub_744.htm HTTP/1.1" 200 3297 "-" "Mozilla/5.0 (compatible; MJ12bot/v1.4.8; http://mj12bot.com/)" "ysfine.com"
195.191.219.131 - - [27/Oct/2022:14:03:29 -0700] "GET /dirac/lorendir.html HTTP/1.1" 200 2426 "-" "Mozilla/5.0 (compatible; MJ12bot/v1.4.8; http://mj12bot.com/)" "ysfine.com"
40.77.167.27 - - [27/Oct/2022:14:03:30 -0700] "GET /world/brit/lonstore.html HTTP/1.1" 200 385 "-" "Mozilla/5.0 AppleWebKit/537.36 (KHTML, like Gecko; compatible; bingbot/2.0; +http://www.bing.com/bingbot.htm) Chrome/103.0.5060.134 Safari/537.36" "ysfine.com"
195.191.219.132 - - [27/Oct/2022:14:03:30 -0700] "GET /class54/class5470/total_data/sub_745.htm HTTP/1.1" 200 3297 "-" "Mozilla/5.0 (compatible; MJ12bot/v1.4.8; http://mj12bot.com/)" "ysfine.com"
195.191.219.131 - - [27/Oct/2022:14:03:31 -0700] "GET /dirac/teuncer.html HTTP/1.1" 200 1652 "-" "Mozilla/5.0 (compatible; MJ12bot/v1.4.8; http://mj12bot.com/)" "ysfine.com"
195.191.219.132 - - [27/Oct/2022:14:03:32 -0700] "GET /class54/class5470/total_data/sub_747.htm HTTP/1.1" 200 3297 "-" "Mozilla/5.0 (compatible; MJ12bot/v1.4.8; http://mj12bot.com/)" "ysfine.com"
195.191.219.131 - - [27/Oct/2022:14:03:32 -0700] "GET /dirac/twobroth.html HTTP/1.1" 200 2887 "-" "Mozilla/5.0 (compatible; MJ12bot/v1.4.8; http://mj12bot.com/)" "ysfine.com"
195.191.219.132 - - [27/Oct/2022:14:03:33 -0700] "GET /class54/class5470/total_data/sub_748.htm HTTP/1.1" 200 3297 "-" "Mozilla/5.0 (compatible; MJ12bot/v1.4.8; http://mj12bot.com/)" "ysfine.com"
