40.77.167.71 - - [27/Oct/2022:16:06:25 -0700] "GET /style/alexandrov55.jpg HTTP/1.1" 200 99866 "-" "Mozilla/5.0 AppleWebKit/537.36 (KHTML, like Gecko; compatible; bingbot/2.0; +http://www.bing.com/bingbot.htm) Chrome/103.0.5060.134 Safari/537.36" "ysfine.com"
40.77.167.71 - - [27/Oct/2022:16:06:26 -0700] "GET /class54/emailed.html HTTP/1.1" 200 8184 "-" "Mozilla/5.0 (compatible; bingbot/2.0; +http://www.bing.com/bingbot.htm)" "www.ysfine.com"
207.46.13.104 - - [27/Oct/2022:16:06:29 -0700] "GET /einstein/einplanck.html HTTP/1.1" 200 3255 "-" "Mozilla/5.0 (compatible; bingbot/2.0; +http://www.bing.com/bingbot.htm)" "ysfine.com"
77.88.5.245 - - [27/Oct/2022:16:06:32 -0700] "GET /robots.txt HTTP/1.1" 404 73 "-" "Mozilla/5.0 (compatible; YandexBot/3.0; +http://yandex.com/bots)" "www.ysfine.com"
77.88.5.233 - - [27/Oct/2022:16:06:36 -0700] "GET /philo/kant.html HTTP/1.1" 200 8179 "-" "Mozilla/5.0 (compatible; YandexBot/3.0; +http://yandex.com/bots)" "www.ysfine.com"
216.244.66.229 - - [27/Oct/2022:16:06:55 -0700] "GET /world/japan/osaka102.jpg HTTP/1.1" 200 141618 "-" "Mozilla/5.0 (compatible; DotBot/1.2; +https://opensiteexplorer.org/dotbot; help@moz.com)" "www.ysfine.com"
51.222.253.3 - - [27/Oct/2022:16:07:03 -0700] "GET /ysbio/class54/class5480/Pictures/3.%C3%AD%C2%88%C2%AC%C3%AC%C2%96%C2%B4%C3%AB%C2%B0%C2%8F%C3%AB%C2%AA%C2%A8%C3%AA%C2%B5%C2%90%C3%AB%C2%B0%C2%A9%C3%AB%C2%AC%C2%B8/ HTTP/1.1" 200 1342 "-" "Mozilla/5.0 (compatible; AhrefsBot/7.0; +http://ahrefs.com/robot/)" "www.ysfine.com"
157.55.39.121 - - [27/Oct/2022:16:07:11 -0700] "GET /kowar/pyang01b.jpg HTTP/1.1" 200 65480 "-" "Mozilla/5.0 AppleWebKit/537.36 (KHTML, like Gecko; compatible; bingbot/2.0; +http://www.bing.com/bingbot.htm) Chrome/103.0.5060.134 Safari/537.36" "ysfine.com"
157.55.39.121 - - [27/Oct/2022:16:07:11 -0700] "GET /world/veneto.html HTTP/1.1" 200 6676 "-" "Mozilla/5.0 (compatible; bingbot/2.0; +http://www.bing.com/bingbot.htm)" "ysfine.com"
216.244.66.229 - - [27/Oct/2022:16:07:37 -0700] "GET /world/latina/buenos01.jpg HTTP/1.1" 200 90298 "-" "Mozilla/5.0 (compatible; DotBot/1.2; +https://opensiteexplorer.org/dotbot; help@moz.com)" "www.ysfine.com"
51.222.253.6 - - [27/Oct/2022:16:08:01 -0700] "GET /ysbio/class54/class5480/Pictures/4.%C3%AA%C2%B8%C2%B0%C3%AB%C2%85%C2%90%C3%AC%C2%B4%C2%AC%C3%AC%C2%98%C2%81/ HTTP/1.1" 200 995 "-" "Mozilla/5.0 (compatible; AhrefsBot/7.0; +http://ahrefs.com/robot/)" "www.ysfine.com"
216.244.66.229 - - [27/Oct/2022:16:08:17 -0700] "GET /world/russ/fruit01.jpg HTTP/1.1" 200 72303 "-" "Mozilla/5.0 (compatible; DotBot/1.2; +https://opensiteexplorer.org/dotbot; help@moz.com)" "www.ysfine.com"
157.55.39.121 - - [27/Oct/2022:16:08:30 -0700] "GET /world/ital/padova03.jpg HTTP/1.1" 200 114490 "-" "Mozilla/5.0 (compatible; bingbot/2.0; +http://www.bing.com/bingbot.htm)" "ysfine.com"
157.55.39.121 - - [27/Oct/2022:16:08:31 -0700] "GET /world/scandi/norw22b.jpg HTTP/1.1" 200 43510 "-" "Mozilla/5.0 (compatible; bingbot/2.0; +http://www.bing.com/bingbot.htm)" "ysfine.com"
216.244.66.229 - - [27/Oct/2022:16:08:48 -0700] "GET /world/russ/minsk111.jpg HTTP/1.1" 200 71005 "-" "Mozilla/5.0 (compatible; DotBot/1.2; +https://opensiteexplorer.org/dotbot; help@moz.com)" "www.ysfine.com"
157.55.39.121 - - [27/Oct/2022:16:08:52 -0700] "GET /princeton/prade.html HTTP/1.1" 200 9863 "-" "Mozilla/5.0 AppleWebKit/537.36 (KHTML, like Gecko; compatible; bingbot/2.0; +http://www.bing.com/bingbot.htm) Chrome/103.0.5060.134 Safari/537.36" "ysfine.com"
51.222.253.19 - - [27/Oct/2022:16:08:54 -0700] "GET /ysbio/class54/class5480/Pictures/?C=D;O=A HTTP/1.1" 200 581 "-" "Mozilla/5.0 (compatible; AhrefsBot/7.0; +http://ahrefs.com/robot/)" "www.ysfine.com"
40.77.167.27 - - [27/Oct/2022:16:08:56 -0700] "GET /ysbio/awards/iaotp/yskim.pdf HTTP/1.1" 200 670257 "-" "Mozilla/5.0 (compatible; bingbot/2.0; +http://www.bing.com/bingbot.htm)" "ysfine.com"
157.55.39.14 - - [27/Oct/2022:16:09:08 -0700] "GET /wdc/eindc02.jpg HTTP/1.1" 200 147414 "-" "Mozilla/5.0 AppleWebKit/537.36 (KHTML, like Gecko; compatible; bingbot/2.0; +http://www.bing.com/bingbot.htm) Chrome/103.0.5060.134 Safari/537.36" "ysfine.com"
40.77.167.71 - - [27/Oct/2022:16:09:25 -0700] "GET /people/baran.jpg HTTP/1.1" 200 57735 "-" "Mozilla/5.0 AppleWebKit/537.36 (KHTML, like Gecko; compatible; bingbot/2.0; +http://www.bing.com/bingbot.htm) Chrome/103.0.5060.134 Safari/537.36" "www.ysfine.com"
40.77.167.27 - - [27/Oct/2022:16:09:32 -0700] "GET /bio/eink/buybook.html HTTP/1.1" 404 88 "-" "Mozilla/5.0 AppleWebKit/537.36 (KHTML, like Gecko; compatible; bingbot/2.0; +http://www.bing.com/bingbot.htm) Chrome/103.0.5060.134 Safari/537.36" "ysfine.com"
51.222.253.8 - - [27/Oct/2022:16:09:55 -0700] "GET /ysbio/class54/class5480/Pictures/?C=M;O=A HTTP/1.1" 200 579 "-" "Mozilla/5.0 (compatible; AhrefsBot/7.0; +http://ahrefs.com/robot/)" "www.ysfine.com"
40.77.167.27 - - [27/Oct/2022:16:10:22 -0700] "GET /world/poland/polstu11.jpg HTTP/1.1" 200 104151 "-" "Mozilla/5.0 (compatible; bingbot/2.0; +http://www.bing.com/bingbot.htm)" "www.ysfine.com"
51.222.253.12 - - [27/Oct/2022:16:10:50 -0700] "GET /ysbio/class54/class5480/Pictures/?C=N;O=D HTTP/1.1" 200 579 "-" "Mozilla/5.0 (compatible; AhrefsBot/7.0; +http://ahrefs.com/robot/)" "www.ysfine.com"
157.55.39.14 - - [27/Oct/2022:16:11:39 -0700] "GET /bio/einstein/bern.html HTTP/1.1" 404 88 "-" "Mozilla/5.0 (compatible; bingbot/2.0; +http://www.bing.com/bingbot.htm)" "ysfine.com"
51.222.253.16 - - [27/Oct/2022:16:11:41 -0700] "GET /ysbio/class54/class5480/Pictures/?C=S;O=A HTTP/1.1" 200 581 "-" "Mozilla/5.0 (compatible; AhrefsBot/7.0; +http://ahrefs.com/robot/)" "www.ysfine.com"
157.55.39.121 - - [27/Oct/2022:16:11:44 -0700] "GET /kobak/kohist.html HTTP/1.1" 200 6039 "-" "Mozilla/5.0 (compatible; bingbot/2.0; +http://www.bing.com/bingbot.htm)" "ysfine.com"
157.55.39.121 - - [27/Oct/2022:16:11:44 -0700] "GET /princeton/elephant22.jpg HTTP/1.1" 200 109444 "-" "Mozilla/5.0 (compatible; bingbot/2.0; +http://www.bing.com/bingbot.htm)" "ysfine.com"
207.46.13.104 - - [27/Oct/2022:16:11:47 -0700] "GET /maga/invent/tesla11.jpg HTTP/1.1" 200 100086 "-" "Mozilla/5.0 (compatible; bingbot/2.0; +http://www.bing.com/bingbot.htm)" "www.ysfine.com"
40.77.167.27 - - [27/Oct/2022:16:11:51 -0700] "GET /world/scandi/vaxprom11.jpg HTTP/1.1" 200 98628 "-" "Mozilla/5.0 AppleWebKit/537.36 (KHTML, like Gecko; compatible; bingbot/2.0; +http://www.bing.com/bingbot.htm) Chrome/103.0.5060.134 Safari/537.36" "www.ysfine.com"
103.131.71.43 - - [27/Oct/2022:16:12:03 -0700] "GET /robots.txt HTTP/1.1" 404 88 "-" "Mozilla/5.0 (compatible; coccocbot-image/1.0; +http://help.coccoc.com/searchengine)" "ysfine.com"
103.131.71.29 - - [27/Oct/2022:16:12:08 -0700] "GET /kowar/tanks/tank07b.jpg HTTP/1.1" 200 40314 "-" "Mozilla/5.0 (compatible; coccocbot-image/1.0; +http://help.coccoc.com/searchengine)" "ysfine.com"
157.55.39.113 - - [27/Oct/2022:16:12:10 -0700] "GET /einstein/einheis05.jpg HTTP/1.1" 200 31617 "-" "Mozilla/5.0 AppleWebKit/537.36 (KHTML, like Gecko; compatible; bingbot/2.0; +http://www.bing.com/bingbot.htm) Chrome/103.0.5060.134 Safari/537.36" "ysfine.com"
103.131.71.51 - - [27/Oct/2022:16:13:01 -0700] "GET /kowar/tanks/tank07b.jpg HTTP/1.1" 200 40314 "-" "Mozilla/5.0 (compatible; coccocbot-image/1.0; +http://help.coccoc.com/searchengine)" "ysfine.com"
157.55.39.113 - - [27/Oct/2022:16:13:29 -0700] "GET /maga/copislam.html HTTP/1.1" 200 5140 "-" "Mozilla/5.0 (compatible; bingbot/2.0; +http://www.bing.com/bingbot.htm)" "ysfine.com"
167.249.25.185 - - [27/Oct/2022:16:13:45 -0700] "GET /wigner/neum/vnc01.jpg HTTP/1.1" 200 133641 "https://sites.google.com/" "Mozilla/5.0 (Windows NT 10.0; Win64; x64) AppleWebKit/537.36 (KHTML, like Gecko) Chrome/106.0.0.0 Safari/537.36" "ysfine.com"
103.131.71.48 - - [27/Oct/2022:16:13:51 -0700] "GET /kowar/tanks/tank07b.jpg HTTP/1.1" 200 40314 "-" "Mozilla/5.0 (compatible; coccocbot-image/1.0; +http://help.coccoc.com/searchengine)" "ysfine.com"
157.55.39.113 - - [27/Oct/2022:16:14:29 -0700] "GET /world/brit/newton01.jpg HTTP/1.1" 200 71355 "-" "Mozilla/5.0 (compatible; bingbot/2.0; +http://www.bing.com/bingbot.htm)" "ysfine.com"
77.75.78.172 - - [27/Oct/2022:16:15:38 -0700] "GET /robots.txt HTTP/1.1" 404 88 "-" "Mozilla/5.0 (compatible; SeznamBot/3.2; +http://napoveda.seznam.cz/en/seznambot-intro/)" "ysfine.com"
77.75.78.172 - - [27/Oct/2022:16:15:39 -0700] "GET /world/hungary/hunband01.jpg HTTP/1.1" 304 - "-" "Mozilla/5.0 (compatible; SeznamBot/3.2; +http://napoveda.seznam.cz/en/seznambot-intro/)" "ysfine.com"
77.75.78.172 - - [27/Oct/2022:16:15:40 -0700] "GET /style/cameras/fedpho01.jpg HTTP/1.1" 200 117216 "-" "Mozilla/5.0 (compatible; SeznamBot/3.2; +http://napoveda.seznam.cz/en/seznambot-intro/)" "ysfine.com"
77.75.78.172 - - [27/Oct/2022:16:15:44 -0700] "GET /style/musee/perga11.jpg HTTP/1.1" 200 110500 "-" "Mozilla/5.0 (compatible; SeznamBot/3.2; +http://napoveda.seznam.cz/en/seznambot-intro/)" "ysfine.com"
77.75.78.172 - - [27/Oct/2022:16:15:47 -0700] "GET /world/russ/kazan038.jpg HTTP/1.1" 200 84957 "-" "Mozilla/5.0 (compatible; SeznamBot/3.2; +http://napoveda.seznam.cz/en/seznambot-intro/)" "ysfine.com"
77.75.78.172 - - [27/Oct/2022:16:15:48 -0700] "GET /world/russ/masha66.jpg HTTP/1.1" 200 81472 "-" "Mozilla/5.0 (compatible; SeznamBot/3.2; +http://napoveda.seznam.cz/en/seznambot-intro/)" "ysfine.com"
77.75.78.172 - - [27/Oct/2022:16:15:50 -0700] "GET /world/brit/oxlon02.jpg HTTP/1.1" 304 - "-" "Mozilla/5.0 (compatible; SeznamBot/3.2; +http://napoveda.seznam.cz/en/seznambot-intro/)" "ysfine.com"
157.55.39.113 - - [27/Oct/2022:16:16:29 -0700] "GET /princeton/cosmic11.jpg HTTP/1.1" 200 76833 "-" "Mozilla/5.0 (compatible; bingbot/2.0; +http://www.bing.com/bingbot.htm)" "ysfine.com"
80.0.72.94 - - [27/Oct/2022:16:16:35 -0700] "GET /einstein/einbohr33.jpg HTTP/1.1" 200 87797 "https://www.google.com/" "Mozilla/5.0 (Macintosh; Intel Mac OS X 10_15_7) AppleWebKit/605.1.15 (KHTML, like Gecko) Version/15.5 Safari/605.1.15" "ysfine.com"
80.0.72.94 - - [27/Oct/2022:16:16:37 -0700] "GET /heisen/dirheisen22.jpg HTTP/1.1" 200 107372 "https://www.google.com/" "Mozilla/5.0 (Macintosh; Intel Mac OS X 10_15_7) AppleWebKit/605.1.15 (KHTML, like Gecko) Version/15.5 Safari/605.1.15" "ysfine.com"
157.55.39.121 - - [27/Oct/2022:16:17:01 -0700] "GET /kobak/swr64c.jpg HTTP/1.1" 200 28709 "-" "Mozilla/5.0 AppleWebKit/537.36 (KHTML, like Gecko; compatible; bingbot/2.0; +http://www.bing.com/bingbot.htm) Chrome/103.0.5060.134 Safari/537.36" "ysfine.com"
77.88.5.45 - - [27/Oct/2022:16:17:39 -0700] "GET /dirac/twobroth.html HTTP/1.1" 200 2887 "-" "Mozilla/5.0 (compatible; YandexBot/3.0; +http://yandex.com/bots)" "www.ysfine.com"
157.55.39.14 - - [27/Oct/2022:16:17:48 -0700] "GET /einstein/standingw.html HTTP/1.1" 200 2754 "-" "Mozilla/5.0 AppleWebKit/537.36 (KHTML, like Gecko; compatible; bingbot/2.0; +http://www.bing.com/bingbot.htm) Chrome/103.0.5060.134 Safari/537.36" "ysfine.com"
207.46.13.104 - - [27/Oct/2022:16:17:59 -0700] "GET /world/russ/kazan014.jpg HTTP/1.1" 200 72681 "-" "Mozilla/5.0 AppleWebKit/537.36 (KHTML, like Gecko; compatible; bingbot/2.0; +http://www.bing.com/bingbot.htm) Chrome/103.0.5060.134 Safari/537.36" "www.ysfine.com"
157.55.39.113 - - [27/Oct/2022:16:18:21 -0700] "GET /ysbio/einstein/einxmas.html HTTP/1.1" 200 2693 "-" "Mozilla/5.0 (compatible; bingbot/2.0; +http://www.bing.com/bingbot.htm)" "ysfine.com"
173.252.79.10 - - [27/Oct/2022:16:18:43 -0700] "GET /kobak/sl628.jpg HTTP/1.1" 200 225100 "-" "facebookexternalhit/1.1 (+http://www.facebook.com/externalhit_uatext.php)" "ysfine.com"
207.46.13.104 - - [27/Oct/2022:16:19:28 -0700] "GET /style/vienopera22.jpg HTTP/1.1" 200 125468 "-" "Mozilla/5.0 (compatible; bingbot/2.0; +http://www.bing.com/bingbot.htm)" "www.ysfine.com"
157.55.39.113 - - [27/Oct/2022:16:19:29 -0700] "GET /style/minsko11.jpg HTTP/1.1" 200 120607 "-" "Mozilla/5.0 AppleWebKit/537.36 (KHTML, like Gecko; compatible; bingbot/2.0; +http://www.bing.com/bingbot.htm) Chrome/103.0.5060.134 Safari/537.36" "ysfine.com"
195.170.202.230 - - [27/Oct/2022:16:20:00 -0700] "GET /wigner/teller.jpg HTTP/1.1" 200 98739 "-" "Mojolicious (Perl)" "ysfine.com"
66.102.9.209 - - [27/Oct/2022:16:20:07 -0700] "GET /wigner/teller.jpg HTTP/1.1" 200 98739 "-" "Mozilla/5.0 (Windows NT 5.1; rv:11.0) Gecko Firefox/11.0 (via ggpht.com GoogleImageProxy)" "ysfine.com"
207.46.13.104 - - [27/Oct/2022:16:20:18 -0700] "GET /ysbio/kobak/underw.html HTTP/1.1" 200 1382 "-" "Mozilla/5.0 AppleWebKit/537.36 (KHTML, like Gecko; compatible; bingbot/2.0; +http://www.bing.com/bingbot.htm) Chrome/103.0.5060.134 Safari/537.36" "ysfine.com"
157.55.39.113 - - [27/Oct/2022:16:20:23 -0700] "GET /ysbio/kobak/kumipo.html HTTP/1.1" 200 1149 "-" "Mozilla/5.0 AppleWebKit/537.36 (KHTML, like Gecko; compatible; bingbot/2.0; +http://www.bing.com/bingbot.htm) Chrome/103.0.5060.134 Safari/537.36" "ysfine.com"
66.249.66.93 - - [27/Oct/2022:16:20:43 -0700] "GET /ads.txt HTTP/1.1" 404 88 "-" "Google-adstxt" "ysfine.com"
40.77.167.71 - - [27/Oct/2022:16:20:47 -0700] "GET /feynman/feynart.html HTTP/1.1" 200 10277 "-" "Mozilla/5.0 (compatible; bingbot/2.0; +http://www.bing.com/bingbot.htm)" "ysfine.com"
40.77.167.71 - - [27/Oct/2022:16:21:06 -0700] "GET /feynman/feygell66b.jpg HTTP/1.1" 200 28843 "-" "Mozilla/5.0 AppleWebKit/537.36 (KHTML, like Gecko; compatible; bingbot/2.0; +http://www.bing.com/bingbot.htm) Chrome/103.0.5060.134 Safari/537.36" "ysfine.com"
187.46.122.76 - - [27/Oct/2022:16:22:01 -0700] "GET /wigner/neum/vnc01.jpg HTTP/1.1" 200 133641 "https://sites.google.com/" "Mozilla/5.0 (Linux; Android 10; moto e(7)) AppleWebKit/537.36 (KHTML, like Gecko) Chrome/106.0.0.0 Mobile Safari/537.36" "ysfine.com"
157.55.39.121 - - [27/Oct/2022:16:22:03 -0700] "GET /world/ital/romef103.jpg HTTP/1.1" 200 104167 "-" "Mozilla/5.0 AppleWebKit/537.36 (KHTML, like Gecko; compatible; bingbot/2.0; +http://www.bing.com/bingbot.htm) Chrome/103.0.5060.134 Safari/537.36" "ysfine.com"
157.55.39.14 - - [27/Oct/2022:16:22:10 -0700] "GET /home/dwf.html HTTP/1.1" 200 4126 "-" "Mozilla/5.0 AppleWebKit/537.36 (KHTML, like Gecko; compatible; bingbot/2.0; +http://www.bing.com/bingbot.htm) Chrome/103.0.5060.134 Safari/537.36" "ysfine.com"
165.231.67.17 - - [27/Oct/2022:16:22:40 -0700] "GET /einstein/einbohr33.jpg HTTP/1.1" 200 87797 "https://www.google.com/" "Mozilla/5.0 (Macintosh; Intel Mac OS X 10_15_7) AppleWebKit/537.36 (KHTML, like Gecko) Chrome/106.0.0.0 Safari/537.36" "ysfine.com"
157.55.39.14 - - [27/Oct/2022:16:22:48 -0700] "GET /wigner/gim/map01.jpg HTTP/1.1" 200 184057 "-" "Mozilla/5.0 AppleWebKit/537.36 (KHTML, like Gecko; compatible; bingbot/2.0; +http://www.bing.com/bingbot.htm) Chrome/103.0.5060.134 Safari/537.36" "ysfine.com"
157.55.39.14 - - [27/Oct/2022:16:22:59 -0700] "GET /kobak/democr.html HTTP/1.1" 200 2199 "-" "Mozilla/5.0 (compatible; bingbot/2.0; +http://www.bing.com/bingbot.htm)" "ysfine.com"
157.55.39.113 - - [27/Oct/2022:16:23:04 -0700] "GET /wigner/wigheis33.jpg HTTP/1.1" 200 120687 "-" "Mozilla/5.0 (compatible; bingbot/2.0; +http://www.bing.com/bingbot.htm)" "ysfine.com"
157.55.39.14 - - [27/Oct/2022:16:23:20 -0700] "GET /world/china/beijing002.jpg HTTP/1.1" 200 90473 "-" "Mozilla/5.0 AppleWebKit/537.36 (KHTML, like Gecko; compatible; bingbot/2.0; +http://www.bing.com/bingbot.htm) Chrome/103.0.5060.134 Safari/537.36" "ysfine.com"
157.55.39.113 - - [27/Oct/2022:16:23:23 -0700] "GET /bio/bio10.html HTTP/1.1" 404 88 "-" "Mozilla/5.0 AppleWebKit/537.36 (KHTML, like Gecko; compatible; bingbot/2.0; +http://www.bing.com/bingbot.htm) Chrome/103.0.5060.134 Safari/537.36" "ysfine.com"
40.77.167.27 - - [27/Oct/2022:16:24:42 -0700] "GET /world/russ/minskf10.jpg HTTP/1.1" 200 107672 "-" "Mozilla/5.0 (compatible; bingbot/2.0; +http://www.bing.com/bingbot.htm)" "ysfine.com"
157.55.39.113 - - [27/Oct/2022:16:25:00 -0700] "GET /kowar/tanks/tank09.jpg HTTP/1.1" 200 72713 "-" "Mozilla/5.0 AppleWebKit/537.36 (KHTML, like Gecko; compatible; bingbot/2.0; +http://www.bing.com/bingbot.htm) Chrome/103.0.5060.134 Safari/537.36" "ysfine.com"
40.77.167.71 - - [27/Oct/2022:16:25:17 -0700] "GET /world/ital/galmil.html HTTP/1.1" 200 1084 "-" "Mozilla/5.0 (compatible; bingbot/2.0; +http://www.bing.com/bingbot.htm)" "www.ysfine.com"
157.55.39.113 - - [27/Oct/2022:16:27:11 -0700] "GET /world/france/montpar10.jpg HTTP/1.1" 200 206294 "-" "Mozilla/5.0 AppleWebKit/537.36 (KHTML, like Gecko; compatible; bingbot/2.0; +http://www.bing.com/bingbot.htm) Chrome/103.0.5060.134 Safari/537.36" "www.ysfine.com"
40.77.167.27 - - [27/Oct/2022:16:27:23 -0700] "GET /world/china/dalian29.jpg HTTP/1.1" 200 81423 "-" "Mozilla/5.0 (compatible; bingbot/2.0; +http://www.bing.com/bingbot.htm)" "ysfine.com"
216.244.66.229 - - [27/Oct/2022:16:28:18 -0700] "GET /robots.txt HTTP/1.1" 404 73 "-" "Mozilla/5.0 (compatible; DotBot/1.2; +https://opensiteexplorer.org/dotbot; help@moz.com)" "www.ysfine.com"
40.77.167.71 - - [27/Oct/2022:16:28:36 -0700] "GET /world/baltic/riga22.jpg HTTP/1.1" 200 84908 "-" "Mozilla/5.0 (compatible; bingbot/2.0; +http://www.bing.com/bingbot.htm)" "ysfine.com"
157.55.39.121 - - [27/Oct/2022:16:29:02 -0700] "GET /world/brit/picca24.jpg HTTP/1.1" 200 86563 "-" "Mozilla/5.0 AppleWebKit/537.36 (KHTML, like Gecko; compatible; bingbot/2.0; +http://www.bing.com/bingbot.htm) Chrome/103.0.5060.134 Safari/537.36" "ysfine.com"
207.46.13.104 - - [27/Oct/2022:16:29:39 -0700] "GET /wigner/inokim.jpg HTTP/1.1" 200 68631 "-" "Mozilla/5.0 (compatible; bingbot/2.0; +http://www.bing.com/bingbot.htm)" "ysfine.com"
157.55.39.113 - - [27/Oct/2022:16:29:41 -0700] "GET /world/budapest.html HTTP/1.1" 200 8325 "-" "Mozilla/5.0 AppleWebKit/537.36 (KHTML, like Gecko; compatible; bingbot/2.0; +http://www.bing.com/bingbot.htm) Chrome/103.0.5060.134 Safari/537.36" "ysfine.com"
157.55.39.14 - - [27/Oct/2022:16:29:43 -0700] "GET /world/israel/jeru57.jpg HTTP/1.1" 200 246283 "-" "Mozilla/5.0 (compatible; bingbot/2.0; +http://www.bing.com/bingbot.htm)" "ysfine.com"
40.77.167.71 - - [27/Oct/2022:16:29:57 -0700] "GET /bio/style/ystyle.html HTTP/1.1" 404 88 "-" "Mozilla/5.0 (compatible; bingbot/2.0; +http://www.bing.com/bingbot.htm)" "ysfine.com"
157.55.39.113 - - [27/Oct/2022:16:30:01 -0700] "GET /dirac/dirheisen.html HTTP/1.1" 200 4650 "-" "Mozilla/5.0 (compatible; bingbot/2.0; +http://www.bing.com/bingbot.htm)" "ysfine.com"
157.55.39.14 - - [27/Oct/2022:16:30:09 -0700] "GET /world/poland/polstu07b.jpg HTTP/1.1" 200 24152 "-" "Mozilla/5.0 (compatible; bingbot/2.0; +http://www.bing.com/bingbot.htm)" "ysfine.com"
207.46.13.104 - - [27/Oct/2022:16:30:13 -0700] "GET /maga/phys/farad27b.jpg HTTP/1.1" 200 36986 "-" "Mozilla/5.0 AppleWebKit/537.36 (KHTML, like Gecko; compatible; bingbot/2.0; +http://www.bing.com/bingbot.htm) Chrome/103.0.5060.134 Safari/537.36" "ysfine.com"
146.200.113.97 - - [27/Oct/2022:16:30:16 -0700] "GET /kobak/1014c.jpg HTTP/1.1" 200 164928 "https://www.google.com/" "Mozilla/5.0 (Windows NT 10.0; Win64; x64) AppleWebKit/537.36 (KHTML, like Gecko) Chrome/105.0.0.0 Safari/537.36" "ysfine.com"
157.55.39.14 - - [27/Oct/2022:16:30:29 -0700] "GET /world/germany/berlin173.jpg HTTP/1.1" 200 261181 "-" "Mozilla/5.0 AppleWebKit/537.36 (KHTML, like Gecko; compatible; bingbot/2.0; +http://www.bing.com/bingbot.htm) Chrome/103.0.5060.134 Safari/537.36" "ysfine.com"
171.6.91.118 - - [27/Oct/2022:16:30:47 -0700] "GET /kowar/tanks/m24.jpg HTTP/1.1" 200 86947 "https://www.google.com/" "Mozilla/5.0 (Windows NT 10.0; Win64; x64) AppleWebKit/537.36 (KHTML, like Gecko) Chrome/107.0.0.0 Safari/537.36" "ysfine.com"
157.55.39.14 - - [27/Oct/2022:16:31:20 -0700] "GET /bio/world/leipzig.html HTTP/1.1" 404 88 "-" "Mozilla/5.0 (compatible; bingbot/2.0; +http://www.bing.com/bingbot.htm)" "ysfine.com"
157.55.39.113 - - [27/Oct/2022:16:32:00 -0700] "GET /wigner/gim/gimn63b.jpg HTTP/1.1" 200 31560 "-" "Mozilla/5.0 (compatible; bingbot/2.0; +http://www.bing.com/bingbot.htm)" "ysfine.com"
216.244.66.229 - - [27/Oct/2022:16:32:18 -0700] "GET /ffriends/armenstu01.jpg HTTP/1.1" 200 220473 "-" "Mozilla/5.0 (compatible; DotBot/1.2; +https://opensiteexplorer.org/dotbot; help@moz.com)" "www.ysfine.com"
157.55.39.113 - - [27/Oct/2022:16:32:22 -0700] "GET /world/ital/veronasis01.jpg HTTP/1.1" 200 125798 "-" "Mozilla/5.0 AppleWebKit/537.36 (KHTML, like Gecko; compatible; bingbot/2.0; +http://www.bing.com/bingbot.htm) Chrome/103.0.5060.134 Safari/537.36" "ysfine.com"
157.55.39.14 - - [27/Oct/2022:16:33:00 -0700] "GET /world/scandi/copenf66.jpg HTTP/1.1" 200 102608 "-" "Mozilla/5.0 AppleWebKit/537.36 (KHTML, like Gecko; compatible; bingbot/2.0; +http://www.bing.com/bingbot.htm) Chrome/103.0.5060.134 Safari/537.36" "ysfine.com"
216.244.66.229 - - [27/Oct/2022:16:33:08 -0700] "GET /ffriends/braztall.jpg HTTP/1.1" 200 75841 "-" "Mozilla/5.0 (compatible; DotBot/1.2; +https://opensiteexplorer.org/dotbot; help@moz.com)" "www.ysfine.com"
114.119.128.154 - - [27/Oct/2022:16:33:15 -0700] "GET /class54/class5470/total_data/photo_img/4-7.jpg HTTP/1.1" 200 197228 "https://ysfine.com/class54/class5470/total_data/sub_407.htm" "Mozilla/5.0 (Linux; Android 7.0;) AppleWebKit/537.36 (KHTML, like Gecko) Mobile Safari/537.36 (compatible; PetalBot;+https://webmaster.petalsearch.com/site/petalbot)" "ysfine.com"
157.55.39.14 - - [27/Oct/2022:16:33:20 -0700] "GET /world/baltic/kalinmap77.jpg HTTP/1.1" 200 46926 "-" "Mozilla/5.0 AppleWebKit/537.36 (KHTML, like Gecko; compatible; bingbot/2.0; +http://www.bing.com/bingbot.htm) Chrome/103.0.5060.134 Safari/537.36" "ysfine.com"
40.77.167.71 - - [27/Oct/2022:16:33:27 -0700] "GET /world/brit/bond02b.jpg HTTP/1.1" 200 38608 "-" "Mozilla/5.0 (compatible; bingbot/2.0; +http://www.bing.com/bingbot.htm)" "ysfine.com"
157.55.39.113 - - [27/Oct/2022:16:33:41 -0700] "GET /wigner/gim/gimn37.jpg HTTP/1.1" 200 126136 "-" "Mozilla/5.0 AppleWebKit/537.36 (KHTML, like Gecko; compatible; bingbot/2.0; +http://www.bing.com/bingbot.htm) Chrome/103.0.5060.134 Safari/537.36" "ysfine.com"
173.73.77.36 - - [27/Oct/2022:16:34:01 -0700] "GET /ys11/index.html HTTP/1.1" 304 - "-" "Mozilla/5.0 (Linux; Android 5.1.1; KFSUWI) AppleWebKit/537.36 (KHTML, like Gecko) Silk/104.3.37 like Chrome/104.0.5112.126 Safari/537.36" "www.ysfine.com"
173.73.77.36 - - [27/Oct/2022:16:34:02 -0700] "GET /favicon.ico HTTP/1.1" 404 88 "https://www.ysfine.com/ys11/index.html" "Mozilla/5.0 (Linux; Android 5.1.1; KFSUWI) AppleWebKit/537.36 (KHTML, like Gecko) Silk/104.3.37 like Chrome/104.0.5112.126 Safari/537.36" "www.ysfine.com"
207.46.13.104 - - [27/Oct/2022:16:34:10 -0700] "GET /people/goldha.html HTTP/1.1" 200 1796 "-" "Mozilla/5.0 (compatible; bingbot/2.0; +http://www.bing.com/bingbot.htm)" "ysfine.com"
157.55.39.121 - - [27/Oct/2022:16:34:14 -0700] "GET /wigner/wigspeak.html HTTP/1.1" 200 390 "-" "Mozilla/5.0 AppleWebKit/537.36 (KHTML, like Gecko; compatible; bingbot/2.0; +http://www.bing.com/bingbot.htm) Chrome/103.0.5060.134 Safari/537.36" "www.ysfine.com"
173.73.77.36 - - [27/Oct/2022:16:34:20 -0700] "GET /ysbio/bio07.html HTTP/1.1" 200 4299 "https://www.ysfine.com/ys11/index.html" "Mozilla/5.0 (Linux; Android 5.1.1; KFSUWI) AppleWebKit/537.36 (KHTML, like Gecko) Silk/104.3.37 like Chrome/104.0.5112.126 Safari/537.36" "www.ysfine.com"
173.73.77.36 - - [27/Oct/2022:16:34:20 -0700] "GET /ysbio/facu63c.jpg HTTP/1.1" 200 41710 "https://www.ysfine.com/ysbio/bio07.html" "Mozilla/5.0 (Linux; Android 5.1.1; KFSUWI) AppleWebKit/537.36 (KHTML, like Gecko) Silk/104.3.37 like Chrome/104.0.5112.126 Safari/537.36" "www.ysfine.com"
173.73.77.36 - - [27/Oct/2022:16:34:20 -0700] "GET /ysbio/wdc/capitol02c.jpg HTTP/1.1" 200 28733 "https://www.ysfine.com/ysbio/bio07.html" "Mozilla/5.0 (Linux; Android 5.1.1; KFSUWI) AppleWebKit/537.36 (KHTML, like Gecko) Silk/104.3.37 like Chrome/104.0.5112.126 Safari/537.36" "www.ysfine.com"
173.73.77.36 - - [27/Oct/2022:16:34:21 -0700] "GET /ysbio/fotos/lincoln61b.jpg HTTP/1.1" 200 27455 "https://www.ysfine.com/ysbio/bio07.html" "Mozilla/5.0 (Linux; Android 5.1.1; KFSUWI) AppleWebKit/537.36 (KHTML, like Gecko) Silk/104.3.37 like Chrome/104.0.5112.126 Safari/537.36" "www.ysfine.com"
173.73.77.36 - - [27/Oct/2022:16:34:21 -0700] "GET /ysbio/ys90b.jpg HTTP/1.1" 200 29164 "https://www.ysfine.com/ysbio/bio07.html" "Mozilla/5.0 (Linux; Android 5.1.1; KFSUWI) AppleWebKit/537.36 (KHTML, like Gecko) Silk/104.3.37 like Chrome/104.0.5112.126 Safari/537.36" "www.ysfine.com"
173.73.77.36 - - [27/Oct/2022:16:34:21 -0700] "GET /ysbio/fotos/umd38b.jpg HTTP/1.1" 200 36528 "https://www.ysfine.com/ysbio/bio07.html" "Mozilla/5.0 (Linux; Android 5.1.1; KFSUWI) AppleWebKit/537.36 (KHTML, like Gecko) Silk/104.3.37 like Chrome/104.0.5112.126 Safari/537.36" "www.ysfine.com"
173.73.77.36 - - [27/Oct/2022:16:34:21 -0700] "GET /ysbio/wdc/umdbarn01b.jpg HTTP/1.1" 200 42668 "https://www.ysfine.com/ysbio/bio07.html" "Mozilla/5.0 (Linux; Android 5.1.1; KFSUWI) AppleWebKit/537.36 (KHTML, like Gecko) Silk/104.3.37 like Chrome/104.0.5112.126 Safari/537.36" "www.ysfine.com"
173.73.77.36 - - [27/Oct/2022:16:34:21 -0700] "GET /ysbio/wdc/umd02b.jpg HTTP/1.1" 200 40335 "https://www.ysfine.com/ysbio/bio07.html" "Mozilla/5.0 (Linux; Android 5.1.1; KFSUWI) AppleWebKit/537.36 (KHTML, like Gecko) Silk/104.3.37 like Chrome/104.0.5112.126 Safari/537.36" "www.ysfine.com"
173.73.77.36 - - [27/Oct/2022:16:34:21 -0700] "GET /ysbio/wdc/umd03b.jpg HTTP/1.1" 200 34740 "https://www.ysfine.com/ysbio/bio07.html" "Mozilla/5.0 (Linux; Android 5.1.1; KFSUWI) AppleWebKit/537.36 (KHTML, like Gecko) Silk/104.3.37 like Chrome/104.0.5112.126 Safari/537.36" "www.ysfine.com"
173.73.77.36 - - [27/Oct/2022:16:34:21 -0700] "GET /ysbio/fotos/cokes22b.jpg HTTP/1.1" 200 31764 "https://www.ysfine.com/ysbio/bio07.html" "Mozilla/5.0 (Linux; Android 5.1.1; KFSUWI) AppleWebKit/537.36 (KHTML, like Gecko) Silk/104.3.37 like Chrome/104.0.5112.126 Safari/537.36" "www.ysfine.com"
173.73.77.36 - - [27/Oct/2022:16:34:21 -0700] "GET /ysbio/wdc/umd06b.jpg HTTP/1.1" 200 34590 "https://www.ysfine.com/ysbio/bio07.html" "Mozilla/5.0 (Linux; Android 5.1.1; KFSUWI) AppleWebKit/537.36 (KHTML, like Gecko) Silk/104.3.37 like Chrome/104.0.5112.126 Safari/537.36" "www.ysfine.com"
173.73.77.36 - - [27/Oct/2022:16:34:21 -0700] "GET /ysbio/fotos/stud72b.jpg HTTP/1.1" 200 31123 "https://www.ysfine.com/ysbio/bio07.html" "Mozilla/5.0 (Linux; Android 5.1.1; KFSUWI) AppleWebKit/537.36 (KHTML, like Gecko) Silk/104.3.37 like Chrome/104.0.5112.126 Safari/537.36" "www.ysfine.com"
173.73.77.36 - - [27/Oct/2022:16:34:21 -0700] "GET /ysbio/folks/towhee2.jpg HTTP/1.1" 200 32584 "https://www.ysfine.com/ysbio/bio07.html" "Mozilla/5.0 (Linux; Android 5.1.1; KFSUWI) AppleWebKit/537.36 (KHTML, like Gecko) Silk/104.3.37 like Chrome/104.0.5112.126 Safari/537.36" "www.ysfine.com"
173.73.77.36 - - [27/Oct/2022:16:34:21 -0700] "GET /ysbio/fotos/comcast11b.jpg HTTP/1.1" 200 22571 "https://www.ysfine.com/ysbio/bio07.html" "Mozilla/5.0 (Linux; Android 5.1.1; KFSUWI) AppleWebKit/537.36 (KHTML, like Gecko) Silk/104.3.37 like Chrome/104.0.5112.126 Safari/537.36" "www.ysfine.com"
173.73.77.36 - - [27/Oct/2022:16:34:21 -0700] "GET /ysbio/folks/tollwig2.jpg HTTP/1.1" 200 35067 "https://www.ysfine.com/ysbio/bio07.html" "Mozilla/5.0 (Linux; Android 5.1.1; KFSUWI) AppleWebKit/537.36 (KHTML, like Gecko) Silk/104.3.37 like Chrome/104.0.5112.126 Safari/537.36" "www.ysfine.com"
157.55.39.113 - - [27/Oct/2022:16:34:21 -0700] "GET /usca/pitt/bushhotel.jpg HTTP/1.1" 200 70900 "-" "Mozilla/5.0 (compatible; bingbot/2.0; +http://www.bing.com/bingbot.htm)" "www.ysfine.com"
173.73.77.36 - - [27/Oct/2022:16:34:35 -0700] "GET /ysbio/wdc/wasdc.html HTTP/1.1" 200 13715 "https://www.ysfine.com/ysbio/bio07.html" "Mozilla/5.0 (Linux; Android 5.1.1; KFSUWI) AppleWebKit/537.36 (KHTML, like Gecko) Silk/104.3.37 like Chrome/104.0.5112.126 Safari/537.36" "www.ysfine.com"
173.73.77.36 - - [27/Oct/2022:16:34:35 -0700] "GET /ysbio/wdc/capitol02b.jpg HTTP/1.1" 200 30351 "https://www.ysfine.com/ysbio/wdc/wasdc.html" "Mozilla/5.0 (Linux; Android 5.1.1; KFSUWI) AppleWebKit/537.36 (KHTML, like Gecko) Silk/104.3.37 like Chrome/104.0.5112.126 Safari/537.36" "www.ysfine.com"
173.73.77.36 - - [27/Oct/2022:16:34:35 -0700] "GET /ysbio/wdc/loc01b.jpg HTTP/1.1" 200 59811 "https://www.ysfine.com/ysbio/wdc/wasdc.html" "Mozilla/5.0 (Linux; Android 5.1.1; KFSUWI) AppleWebKit/537.36 (KHTML, like Gecko) Silk/104.3.37 like Chrome/104.0.5112.126 Safari/537.36" "www.ysfine.com"
173.73.77.36 - - [27/Oct/2022:16:34:35 -0700] "GET /ysbio/wdc/nga02b.jpg HTTP/1.1" 200 42789 "https://www.ysfine.com/ysbio/wdc/wasdc.html" "Mozilla/5.0 (Linux; Android 5.1.1; KFSUWI) AppleWebKit/537.36 (KHTML, like Gecko) Silk/104.3.37 like Chrome/104.0.5112.126 Safari/537.36" "www.ysfine.com"
173.73.77.36 - - [27/Oct/2022:16:34:35 -0700] "GET /ysbio/wdc/capitol07b.jpg HTTP/1.1" 200 47839 "https://www.ysfine.com/ysbio/wdc/wasdc.html" "Mozilla/5.0 (Linux; Android 5.1.1; KFSUWI) AppleWebKit/537.36 (KHTML, like Gecko) Silk/104.3.37 like Chrome/104.0.5112.126 Safari/537.36" "www.ysfine.com"
173.73.77.36 - - [27/Oct/2022:16:34:36 -0700] "GET /ysbio/wdc/nga05b.jpg HTTP/1.1" 200 40747 "https://www.ysfine.com/ysbio/wdc/wasdc.html" "Mozilla/5.0 (Linux; Android 5.1.1; KFSUWI) AppleWebKit/537.36 (KHTML, like Gecko) Silk/104.3.37 like Chrome/104.0.5112.126 Safari/537.36" "www.ysfine.com"
173.73.77.36 - - [27/Oct/2022:16:34:35 -0700] "GET /ysbio/wdc/supreme02b.jpg HTTP/1.1" 200 37198 "https://www.ysfine.com/ysbio/wdc/wasdc.html" "Mozilla/5.0 (Linux; Android 5.1.1; KFSUWI) AppleWebKit/537.36 (KHTML, like Gecko) Silk/104.3.37 like Chrome/104.0.5112.126 Safari/537.36" "www.ysfine.com"
173.73.77.36 - - [27/Oct/2022:16:34:36 -0700] "GET /ysbio/wdc/whouse02b.jpg HTTP/1.1" 200 30118 "https://www.ysfine.com/ysbio/wdc/wasdc.html" "Mozilla/5.0 (Linux; Android 5.1.1; KFSUWI) AppleWebKit/537.36 (KHTML, like Gecko) Silk/104.3.37 like Chrome/104.0.5112.126 Safari/537.36" "www.ysfine.com"
173.73.77.36 - - [27/Oct/2022:16:34:36 -0700] "GET /ysbio/wdc/lafpark05b.jpg HTTP/1.1" 200 40496 "https://www.ysfine.com/ysbio/wdc/wasdc.html" "Mozilla/5.0 (Linux; Android 5.1.1; KFSUWI) AppleWebKit/537.36 (KHTML, like Gecko) Silk/104.3.37 like Chrome/104.0.5112.126 Safari/537.36" "www.ysfine.com"
173.73.77.36 - - [27/Oct/2022:16:34:36 -0700] "GET /ysbio/wdc/pulaski01b.jpg HTTP/1.1" 200 43884 "https://www.ysfine.com/ysbio/wdc/wasdc.html" "Mozilla/5.0 (Linux; Android 5.1.1; KFSUWI) AppleWebKit/537.36 (KHTML, like Gecko) Silk/104.3.37 like Chrome/104.0.5112.126 Safari/537.36" "www.ysfine.com"
173.73.77.36 - - [27/Oct/2022:16:34:36 -0700] "GET /ysbio/wdc/lafpark02b.jpg HTTP/1.1" 200 40860 "https://www.ysfine.com/ysbio/wdc/wasdc.html" "Mozilla/5.0 (Linux; Android 5.1.1; KFSUWI) AppleWebKit/537.36 (KHTML, like Gecko) Silk/104.3.37 like Chrome/104.0.5112.126 Safari/537.36" "www.ysfine.com"
173.73.77.36 - - [27/Oct/2022:16:34:36 -0700] "GET /ysbio/wdc/sherman11b.jpg HTTP/1.1" 200 27477 "https://www.ysfine.com/ysbio/wdc/wasdc.html" "Mozilla/5.0 (Linux; Android 5.1.1; KFSUWI) AppleWebKit/537.36 (KHTML, like Gecko) Silk/104.3.37 like Chrome/104.0.5112.126 Safari/537.36" "www.ysfine.com"
173.73.77.36 - - [27/Oct/2022:16:34:36 -0700] "GET /ysbio/style/alexandrov44b.jpg HTTP/1.1" 200 38881 "https://www.ysfine.com/ysbio/wdc/wasdc.html" "Mozilla/5.0 (Linux; Android 5.1.1; KFSUWI) AppleWebKit/537.36 (KHTML, like Gecko) Silk/104.3.37 like Chrome/104.0.5112.126 Safari/537.36" "www.ysfine.com"
173.73.77.36 - - [27/Oct/2022:16:34:36 -0700] "GET /ysbio/wdc/willard33b.jpg HTTP/1.1" 200 42340 "https://www.ysfine.com/ysbio/wdc/wasdc.html" "Mozilla/5.0 (Linux; Android 5.1.1; KFSUWI) AppleWebKit/537.36 (KHTML, like Gecko) Silk/104.3.37 like Chrome/104.0.5112.126 Safari/537.36" "www.ysfine.com"
173.73.77.36 - - [27/Oct/2022:16:34:36 -0700] "GET /ysbio/wdc/corco33b.jpg HTTP/1.1" 200 31692 "https://www.ysfine.com/ysbio/wdc/wasdc.html" "Mozilla/5.0 (Linux; Android 5.1.1; KFSUWI) AppleWebKit/537.36 (KHTML, like Gecko) Silk/104.3.37 like Chrome/104.0.5112.126 Safari/537.36" "www.ysfine.com"
173.73.77.36 - - [27/Oct/2022:16:34:36 -0700] "GET /ysbio/wdc/heyadams22b.jpg HTTP/1.1" 200 40428 "https://www.ysfine.com/ysbio/wdc/wasdc.html" "Mozilla/5.0 (Linux; Android 5.1.1; KFSUWI) AppleWebKit/537.36 (KHTML, like Gecko) Silk/104.3.37 like Chrome/104.0.5112.126 Safari/537.36" "www.ysfine.com"
173.73.77.36 - - [27/Oct/2022:16:34:36 -0700] "GET /ysbio/wdc/reagan44b.jpg HTTP/1.1" 200 36340 "https://www.ysfine.com/ysbio/wdc/wasdc.html" "Mozilla/5.0 (Linux; Android 5.1.1; KFSUWI) AppleWebKit/537.36 (KHTML, like Gecko) Silk/104.3.37 like Chrome/104.0.5112.126 Safari/537.36" "www.ysfine.com"
173.73.77.36 - - [27/Oct/2022:16:34:36 -0700] "GET /ysbio/wdc/dar11b.jpg HTTP/1.1" 200 37978 "https://www.ysfine.com/ysbio/wdc/wasdc.html" "Mozilla/5.0 (Linux; Android 5.1.1; KFSUWI) AppleWebKit/537.36 (KHTML, like Gecko) Silk/104.3.37 like Chrome/104.0.5112.126 Safari/537.36" "www.ysfine.com"
173.73.77.36 - - [27/Oct/2022:16:34:36 -0700] "GET /ysbio/wdc/reagan55b.jpg HTTP/1.1" 200 32608 "https://www.ysfine.com/ysbio/wdc/wasdc.html" "Mozilla/5.0 (Linux; Android 5.1.1; KFSUWI) AppleWebKit/537.36 (KHTML, like Gecko) Silk/104.3.37 like Chrome/104.0.5112.126 Safari/537.36" "www.ysfine.com"
173.73.77.36 - - [27/Oct/2022:16:34:36 -0700] "GET /ysbio/wdc/washmo07b.jpg HTTP/1.1" 200 34166 "https://www.ysfine.com/ysbio/wdc/wasdc.html" "Mozilla/5.0 (Linux; Android 5.1.1; KFSUWI) AppleWebKit/537.36 (KHTML, like Gecko) Silk/104.3.37 like Chrome/104.0.5112.126 Safari/537.36" "www.ysfine.com"
173.73.77.36 - - [27/Oct/2022:16:34:36 -0700] "GET /ysbio/wdc/obelisk11b.jpg HTTP/1.1" 200 30019 "https://www.ysfine.com/ysbio/wdc/wasdc.html" "Mozilla/5.0 (Linux; Android 5.1.1; KFSUWI) AppleWebKit/537.36 (KHTML, like Gecko) Silk/104.3.37 like Chrome/104.0.5112.126 Safari/537.36" "www.ysfine.com"
173.73.77.36 - - [27/Oct/2022:16:34:36 -0700] "GET /ysbio/wdc/eindc03b.jpg HTTP/1.1" 200 54447 "https://www.ysfine.com/ysbio/wdc/wasdc.html" "Mozilla/5.0 (Linux; Android 5.1.1; KFSUWI) AppleWebKit/537.36 (KHTML, like Gecko) Silk/104.3.37 like Chrome/104.0.5112.126 Safari/537.36" "www.ysfine.com"
173.73.77.36 - - [27/Oct/2022:16:34:36 -0700] "GET /ysbio/wdc/lincoln02b.jpg HTTP/1.1" 200 27630 "https://www.ysfine.com/ysbio/wdc/wasdc.html" "Mozilla/5.0 (Linux; Android 5.1.1; KFSUWI) AppleWebKit/537.36 (KHTML, like Gecko) Silk/104.3.37 like Chrome/104.0.5112.126 Safari/537.36" "www.ysfine.com"
173.73.77.36 - - [27/Oct/2022:16:34:36 -0700] "GET /ysbio/wdc/jeffm02b.jpg HTTP/1.1" 200 32468 "https://www.ysfine.com/ysbio/wdc/wasdc.html" "Mozilla/5.0 (Linux; Android 5.1.1; KFSUWI) AppleWebKit/537.36 (KHTML, like Gecko) Silk/104.3.37 like Chrome/104.0.5112.126 Safari/537.36" "www.ysfine.com"
173.73.77.36 - - [27/Oct/2022:16:34:36 -0700] "GET /ysbio/wdc/ww2m66b.jpg HTTP/1.1" 200 32234 "https://www.ysfine.com/ysbio/wdc/wasdc.html" "Mozilla/5.0 (Linux; Android 5.1.1; KFSUWI) AppleWebKit/537.36 (KHTML, like Gecko) Silk/104.3.37 like Chrome/104.0.5112.126 Safari/537.36" "www.ysfine.com"
173.73.77.36 - - [27/Oct/2022:16:34:36 -0700] "GET /ysbio/wdc/koreaw33b.jpg HTTP/1.1" 200 39262 "https://www.ysfine.com/ysbio/wdc/wasdc.html" "Mozilla/5.0 (Linux; Android 5.1.1; KFSUWI) AppleWebKit/537.36 (KHTML, like Gecko) Silk/104.3.37 like Chrome/104.0.5112.126 Safari/537.36" "www.ysfine.com"
173.73.77.36 - - [27/Oct/2022:16:34:36 -0700] "GET /ysbio/maga/invent/marconi03b.jpg HTTP/1.1" 200 47650 "https://www.ysfine.com/ysbio/wdc/wasdc.html" "Mozilla/5.0 (Linux; Android 5.1.1; KFSUWI) AppleWebKit/537.36 (KHTML, like Gecko) Silk/104.3.37 like Chrome/104.0.5112.126 Safari/537.36" "www.ysfine.com"
173.73.77.36 - - [27/Oct/2022:16:34:36 -0700] "GET /ysbio/wdc/gtown15b.jpg HTTP/1.1" 200 38625 "https://www.ysfine.com/ysbio/wdc/wasdc.html" "Mozilla/5.0 (Linux; Android 5.1.1; KFSUWI) AppleWebKit/537.36 (KHTML, like Gecko) Silk/104.3.37 like Chrome/104.0.5112.126 Safari/537.36" "www.ysfine.com"
173.73.77.36 - - [27/Oct/2022:16:34:36 -0700] "GET /ysbio/wdc/washmo01b.jpg HTTP/1.1" 200 24586 "https://www.ysfine.com/ysbio/wdc/wasdc.html" "Mozilla/5.0 (Linux; Android 5.1.1; KFSUWI) AppleWebKit/537.36 (KHTML, like Gecko) Silk/104.3.37 like Chrome/104.0.5112.126 Safari/537.36" "www.ysfine.com"
173.73.77.36 - - [27/Oct/2022:16:34:36 -0700] "GET /ysbio/wdc/ndu11b.jpg HTTP/1.1" 200 33978 "https://www.ysfine.com/ysbio/wdc/wasdc.html" "Mozilla/5.0 (Linux; Android 5.1.1; KFSUWI) AppleWebKit/537.36 (KHTML, like Gecko) Silk/104.3.37 like Chrome/104.0.5112.126 Safari/537.36" "www.ysfine.com"
173.73.77.36 - - [27/Oct/2022:16:34:36 -0700] "GET /ysbio/wdc/sakura10b.jpg HTTP/1.1" 200 43136 "https://www.ysfine.com/ysbio/wdc/wasdc.html" "Mozilla/5.0 (Linux; Android 5.1.1; KFSUWI) AppleWebKit/537.36 (KHTML, like Gecko) Silk/104.3.37 like Chrome/104.0.5112.126 Safari/537.36" "www.ysfine.com"
173.73.77.36 - - [27/Oct/2022:16:34:36 -0700] "GET /ysbio/wdc/ncath11c.jpg HTTP/1.1" 200 27058 "https://www.ysfine.com/ysbio/wdc/wasdc.html" "Mozilla/5.0 (Linux; Android 5.1.1; KFSUWI) AppleWebKit/537.36 (KHTML, like Gecko) Silk/104.3.37 like Chrome/104.0.5112.126 Safari/537.36" "www.ysfine.com"
173.73.77.36 - - [27/Oct/2022:16:34:36 -0700] "GET /ysbio/wdc/gtown08b.jpg HTTP/1.1" 200 55792 "https://www.ysfine.com/ysbio/wdc/wasdc.html" "Mozilla/5.0 (Linux; Android 5.1.1; KFSUWI) AppleWebKit/537.36 (KHTML, like Gecko) Silk/104.3.37 like Chrome/104.0.5112.126 Safari/537.36" "www.ysfine.com"
173.73.77.36 - - [27/Oct/2022:16:34:36 -0700] "GET /ysbio/style/kirovken22b.jpg HTTP/1.1" 200 36856 "https://www.ysfine.com/ysbio/wdc/wasdc.html" "Mozilla/5.0 (Linux; Android 5.1.1; KFSUWI) AppleWebKit/537.36 (KHTML, like Gecko) Silk/104.3.37 like Chrome/104.0.5112.126 Safari/537.36" "www.ysfine.com"
173.73.77.36 - - [27/Oct/2022:16:34:36 -0700] "GET /ysbio/wdc/gtown37c.jpg HTTP/1.1" 200 49301 "https://www.ysfine.com/ysbio/wdc/wasdc.html" "Mozilla/5.0 (Linux; Android 5.1.1; KFSUWI) AppleWebKit/537.36 (KHTML, like Gecko) Silk/104.3.37 like Chrome/104.0.5112.126 Safari/537.36" "www.ysfine.com"
173.73.77.36 - - [27/Oct/2022:16:34:36 -0700] "GET /ysbio/wdc/kennedyc05b.jpg HTTP/1.1" 200 26902 "https://www.ysfine.com/ysbio/wdc/wasdc.html" "Mozilla/5.0 (Linux; Android 5.1.1; KFSUWI) AppleWebKit/537.36 (KHTML, like Gecko) Silk/104.3.37 like Chrome/104.0.5112.126 Safari/537.36" "www.ysfine.com"
173.73.77.36 - - [27/Oct/2022:16:34:36 -0700] "GET /ysbio/wdc/anna05b.jpg HTTP/1.1" 200 39615 "https://www.ysfine.com/ysbio/wdc/wasdc.html" "Mozilla/5.0 (Linux; Android 5.1.1; KFSUWI) AppleWebKit/537.36 (KHTML, like Gecko) Silk/104.3.37 like Chrome/104.0.5112.126 Safari/537.36" "www.ysfine.com"
173.73.77.36 - - [27/Oct/2022:16:34:36 -0700] "GET /ysbio/wdc/whxmas/whxmas01b.jpg HTTP/1.1" 200 22089 "https://www.ysfine.com/ysbio/wdc/wasdc.html" "Mozilla/5.0 (Linux; Android 5.1.1; KFSUWI) AppleWebKit/537.36 (KHTML, like Gecko) Silk/104.3.37 like Chrome/104.0.5112.126 Safari/537.36" "www.ysfine.com"
173.73.77.36 - - [27/Oct/2022:16:34:36 -0700] "GET /ysbio/wdc/gtown24b.jpg HTTP/1.1" 200 35392 "https://www.ysfine.com/ysbio/wdc/wasdc.html" "Mozilla/5.0 (Linux; Android 5.1.1; KFSUWI) AppleWebKit/537.36 (KHTML, like Gecko) Silk/104.3.37 like Chrome/104.0.5112.126 Safari/537.36" "www.ysfine.com"
173.73.77.36 - - [27/Oct/2022:16:34:36 -0700] "GET /ysbio/wdc/gtown21b.jpg HTTP/1.1" 200 46138 "https://www.ysfine.com/ysbio/wdc/wasdc.html" "Mozilla/5.0 (Linux; Android 5.1.1; KFSUWI) AppleWebKit/537.36 (KHTML, like Gecko) Silk/104.3.37 like Chrome/104.0.5112.126 Safari/537.36" "www.ysfine.com"
173.73.77.36 - - [27/Oct/2022:16:34:36 -0700] "GET /ysbio/wdc/gtown03b.jpg HTTP/1.1" 200 50421 "https://www.ysfine.com/ysbio/wdc/wasdc.html" "Mozilla/5.0 (Linux; Android 5.1.1; KFSUWI) AppleWebKit/537.36 (KHTML, like Gecko) Silk/104.3.37 like Chrome/104.0.5112.126 Safari/537.36" "www.ysfine.com"
173.73.77.36 - - [27/Oct/2022:16:34:36 -0700] "GET /ysbio/wdc/kennedyc06b.jpg HTTP/1.1" 200 32476 "https://www.ysfine.com/ysbio/wdc/wasdc.html" "Mozilla/5.0 (Linux; Android 5.1.1; KFSUWI) AppleWebKit/537.36 (KHTML, like Gecko) Silk/104.3.37 like Chrome/104.0.5112.126 Safari/537.36" "www.ysfine.com"
173.73.77.36 - - [27/Oct/2022:16:34:36 -0700] "GET /ysbio/wdc/gtown23b.jpg HTTP/1.1" 200 37749 "https://www.ysfine.com/ysbio/wdc/wasdc.html" "Mozilla/5.0 (Linux; Android 5.1.1; KFSUWI) AppleWebKit/537.36 (KHTML, like Gecko) Silk/104.3.37 like Chrome/104.0.5112.126 Safari/537.36" "www.ysfine.com"
173.73.77.36 - - [27/Oct/2022:16:34:36 -0700] "GET /ysbio/wdc/gtown32c.jpg HTTP/1.1" 200 40837 "https://www.ysfine.com/ysbio/wdc/wasdc.html" "Mozilla/5.0 (Linux; Android 5.1.1; KFSUWI) AppleWebKit/537.36 (KHTML, like Gecko) Silk/104.3.37 like Chrome/104.0.5112.126 Safari/537.36" "www.ysfine.com"
173.73.77.36 - - [27/Oct/2022:16:34:36 -0700] "GET /ysbio/wdc/kennedyc17b.jpg HTTP/1.1" 200 38708 "https://www.ysfine.com/ysbio/wdc/wasdc.html" "Mozilla/5.0 (Linux; Android 5.1.1; KFSUWI) AppleWebKit/537.36 (KHTML, like Gecko) Silk/104.3.37 like Chrome/104.0.5112.126 Safari/537.36" "www.ysfine.com"
114.119.128.142 - - [27/Oct/2022:16:34:58 -0700] "GET /home/fotos/marq22.pdf HTTP/1.1" 200 162508 "https://ysfine.com/home/bio44.html" "Mozilla/5.0 (Linux; Android 7.0;) AppleWebKit/537.36 (KHTML, like Gecko) Mobile Safari/537.36 (compatible; PetalBot;+https://webmaster.petalsearch.com/site/petalbot)" "ysfine.com"
207.46.13.104 - - [27/Oct/2022:16:35:09 -0700] "GET /style/tatyana.html HTTP/1.1" 200 8475 "-" "Mozilla/5.0 (compatible; bingbot/2.0; +http://www.bing.com/bingbot.htm)" "ysfine.com"
216.213.168.234 - - [27/Oct/2022:16:36:14 -0700] "GET /princeton/alexan22.jpg HTTP/1.1" 200 175436 "https://www.google.co.uk/" "Mozilla/5.0 (iPhone; CPU iPhone OS 15_6 like Mac OS X) AppleWebKit/605.1.15 (KHTML, like Gecko) Version/15.6 Mobile/15E148 Safari/604.1" "ysfine.com"
157.55.39.14 - - [27/Oct/2022:16:36:20 -0700] "GET /world/baltic/riga23b.jpg HTTP/1.1" 200 41389 "-" "Mozilla/5.0 AppleWebKit/537.36 (KHTML, like Gecko; compatible; bingbot/2.0; +http://www.bing.com/bingbot.htm) Chrome/103.0.5060.134 Safari/537.36" "www.ysfine.com"
157.55.39.14 - - [27/Oct/2022:16:36:20 -0700] "GET /dirac/dirackn33.jpg HTTP/1.1" 200 98181 "-" "Mozilla/5.0 (compatible; bingbot/2.0; +http://www.bing.com/bingbot.htm)" "ysfine.com"
157.55.39.14 - - [27/Oct/2022:16:36:21 -0700] "GET /style/egeor01.jpg HTTP/1.1" 200 321168 "-" "Mozilla/5.0 AppleWebKit/537.36 (KHTML, like Gecko; compatible; bingbot/2.0; +http://www.bing.com/bingbot.htm) Chrome/103.0.5060.134 Safari/537.36" "ysfine.com"
207.46.13.104 - - [27/Oct/2022:16:36:39 -0700] "GET /world/germany/vienna07.jpg HTTP/1.1" 200 96133 "-" "Mozilla/5.0 (compatible; bingbot/2.0; +http://www.bing.com/bingbot.htm)" "ysfine.com"
157.55.39.14 - - [27/Oct/2022:16:37:20 -0700] "GET /style/beetho.html HTTP/1.1" 200 3228 "-" "Mozilla/5.0 AppleWebKit/537.36 (KHTML, like Gecko; compatible; bingbot/2.0; +http://www.bing.com/bingbot.htm) Chrome/103.0.5060.134 Safari/537.36" "ysfine.com"
157.55.39.113 - - [27/Oct/2022:16:37:53 -0700] "GET /bio/maga/editesl.html HTTP/1.1" 404 88 "-" "Mozilla/5.0 AppleWebKit/537.36 (KHTML, like Gecko; compatible; bingbot/2.0; +http://www.bing.com/bingbot.htm) Chrome/103.0.5060.134 Safari/537.36" "ysfine.com"
157.55.39.113 - - [27/Oct/2022:16:37:54 -0700] "GET /kowar/war02.html HTTP/1.1" 200 9935 "-" "Mozilla/5.0 AppleWebKit/537.36 (KHTML, like Gecko; compatible; bingbot/2.0; +http://www.bing.com/bingbot.htm) Chrome/103.0.5060.134 Safari/537.36" "ysfine.com"
207.46.13.104 - - [27/Oct/2022:16:38:20 -0700] "GET /archives/proceedings/ff3/towhee2.jpg HTTP/1.1" 200 41815 "-" "Mozilla/5.0 (compatible; bingbot/2.0; +http://www.bing.com/bingbot.htm)" "ysfine.com"
40.77.167.71 - - [27/Oct/2022:16:38:49 -0700] "GET /bio/wigner/e(2).html HTTP/1.1" 404 88 "-" "Mozilla/5.0 (compatible; bingbot/2.0; +http://www.bing.com/bingbot.htm)" "ysfine.com"
40.77.167.27 - - [27/Oct/2022:16:39:05 -0700] "GET /wdc/georgetown.html HTTP/1.1" 200 3609 "-" "Mozilla/5.0 (compatible; bingbot/2.0; +http://www.bing.com/bingbot.htm)" "www.ysfine.com"
157.55.39.14 - - [27/Oct/2022:16:39:11 -0700] "GET /bio/einstein/bern.html HTTP/1.1" 404 88 "-" "Mozilla/5.0 (compatible; bingbot/2.0; +http://www.bing.com/bingbot.htm)" "ysfine.com"
157.55.39.121 - - [27/Oct/2022:16:40:14 -0700] "GET /world/china/dalian73.jpg HTTP/1.1" 200 102460 "-" "Mozilla/5.0 AppleWebKit/537.36 (KHTML, like Gecko; compatible; bingbot/2.0; +http://www.bing.com/bingbot.htm) Chrome/103.0.5060.134 Safari/537.36" "ysfine.com"
157.55.39.14 - - [27/Oct/2022:16:40:21 -0700] "GET /dirac/dirpoet.html HTTP/1.1" 200 7966 "-" "Mozilla/5.0 AppleWebKit/537.36 (KHTML, like Gecko; compatible; bingbot/2.0; +http://www.bing.com/bingbot.htm) Chrome/103.0.5060.134 Safari/537.36" "ysfine.com"
40.77.167.71 - - [27/Oct/2022:16:40:28 -0700] "GET /world/china/qingdao09.jpg HTTP/1.1" 200 258299 "-" "Mozilla/5.0 AppleWebKit/537.36 (KHTML, like Gecko; compatible; bingbot/2.0; +http://www.bing.com/bingbot.htm) Chrome/103.0.5060.134 Safari/537.36" "ysfine.com"
45.227.78.180 - - [27/Oct/2022:16:40:44 -0700] "GET /wigner/neum/vnc01.jpg HTTP/1.1" 200 133641 "https://sites.google.com/" "Mozilla/5.0 (Windows NT 10.0; Win64; x64) AppleWebKit/537.36 (KHTML, like Gecko) Chrome/106.0.0.0 Safari/537.36" "ysfine.com"
157.55.39.14 - - [27/Oct/2022:16:41:00 -0700] "GET /maga/phys/inclined11.jpg HTTP/1.1" 200 53886 "-" "Mozilla/5.0 AppleWebKit/537.36 (KHTML, like Gecko; compatible; bingbot/2.0; +http://www.bing.com/bingbot.htm) Chrome/103.0.5060.134 Safari/537.36" "ysfine.com"
207.46.13.104 - - [27/Oct/2022:16:41:05 -0700] "GET /maga/copergali.html HTTP/1.1" 200 5140 "-" "Mozilla/5.0 (compatible; bingbot/2.0; +http://www.bing.com/bingbot.htm)" "ysfine.com"
122.162.149.125 - - [27/Oct/2022:16:41:33 -0700] "GET /maga/phys/farad22.jpg HTTP/1.1" 200 68596 "https://www.google.com/" "Mozilla/5.0 (Windows NT 10.0; Win64; x64) AppleWebKit/537.36 (KHTML, like Gecko) Chrome/106.0.0.0 Safari/537.36" "ysfine.com"
216.244.66.229 - - [27/Oct/2022:16:41:42 -0700] "GET /ffriends/armen12.jpg HTTP/1.1" 200 179545 "-" "Mozilla/5.0 (compatible; DotBot/1.2; +https://opensiteexplorer.org/dotbot; help@moz.com)" "www.ysfine.com"
157.55.39.113 - - [27/Oct/2022:16:41:51 -0700] "GET /world/germany/johannstra11.jpg HTTP/1.1" 200 147737 "-" "Mozilla/5.0 AppleWebKit/537.36 (KHTML, like Gecko; compatible; bingbot/2.0; +http://www.bing.com/bingbot.htm) Chrome/103.0.5060.134 Safari/537.36" "ysfine.com"
66.249.66.93 - - [27/Oct/2022:16:41:54 -0700] "GET /maga/invent/tesla11b.jpg HTTP/1.1" 200 47570 "-" "Googlebot-Image/1.0" "ysfine.com"
66.249.66.93 - - [27/Oct/2022:16:41:54 -0700] "GET /robots.txt HTTP/1.1" 404 88 "-" "Mozilla/5.0 (compatible; Googlebot/2.1; +http://www.google.com/bot.html)" "ysfine.com"
163.172.71.24 - - [27/Oct/2022:16:42:00 -0700] "GET /robots.txt HTTP/1.1" 404 88 "-" "Mozilla/5.0 ((Windows; U; Windows NT 6.1; fr; rv:1.9.2) Gecko/20100115 Firefox/3.6)" "ysfine.com"
163.172.71.24 - - [27/Oct/2022:16:42:01 -0700] "GET /confer/conbot.html HTTP/1.1" 200 124 "-" "Mozilla/5.0 ((Windows; U; Windows NT 6.1; fr; rv:1.9.2) Gecko/20100115 Firefox/3.6)" "ysfine.com"
114.119.128.154 - - [27/Oct/2022:16:42:06 -0700] "GET /ffriends/gatti02b.jpg HTTP/1.1" 200 42291 "https://www.ysfine.com/ffriends/italian.html" "Mozilla/5.0 (Linux; Android 7.0;) AppleWebKit/537.36 (KHTML, like Gecko) Mobile Safari/537.36 (compatible; PetalBot;+https://webmaster.petalsearch.com/site/petalbot)" "www.ysfine.com"
216.244.66.229 - - [27/Oct/2022:16:42:07 -0700] "GET /ffriends/gatti02.jpg HTTP/1.1" 200 123902 "-" "Mozilla/5.0 (compatible; DotBot/1.2; +https://opensiteexplorer.org/dotbot; help@moz.com)" "www.ysfine.com"
157.55.39.121 - - [27/Oct/2022:16:42:15 -0700] "GET /eink/index.html HTTP/1.1" 200 17659 "-" "Mozilla/5.0 (compatible; bingbot/2.0; +http://www.bing.com/bingbot.htm)" "www.ysfine.com"
173.73.77.36 - - [27/Oct/2022:16:42:15 -0700] "GET /ysbio/bio09.html HTTP/1.1" 304 - "https://www.ysfine.com/ys11/index.html" "Mozilla/5.0 (Linux; Android 5.1.1; KFSUWI) AppleWebKit/537.36 (KHTML, like Gecko) Silk/104.3.37 like Chrome/104.0.5112.126 Safari/537.36" "www.ysfine.com"
122.162.149.125 - - [27/Oct/2022:16:42:40 -0700] "GET /maga/phys/farad22.jpg HTTP/1.1" 200 68596 "https://www.google.com/" "Mozilla/5.0 (Windows NT 10.0; Win64; x64) AppleWebKit/537.36 (KHTML, like Gecko) Chrome/106.0.0.0 Safari/537.36" "ysfine.com"
157.55.39.113 - - [27/Oct/2022:16:42:42 -0700] "GET /maga/naimark.html HTTP/1.1" 200 4603 "-" "Mozilla/5.0 (compatible; bingbot/2.0; +http://www.bing.com/bingbot.htm)" "ysfine.com"
122.162.149.125 - - [27/Oct/2022:16:42:45 -0700] "GET /maga/faraday.html HTTP/1.1" 200 6233 "https://www.google.com/" "Mozilla/5.0 (Windows NT 10.0; Win64; x64) AppleWebKit/537.36 (KHTML, like Gecko) Chrome/106.0.0.0 Safari/537.36" "ysfine.com"
122.162.149.125 - - [27/Oct/2022:16:42:45 -0700] "GET /world/brit/eton15b.jpg HTTP/1.1" 200 39688 "https://ysfine.com/maga/faraday.html" "Mozilla/5.0 (Windows NT 10.0; Win64; x64) AppleWebKit/537.36 (KHTML, like Gecko) Chrome/106.0.0.0 Safari/537.36" "ysfine.com"
122.162.149.125 - - [27/Oct/2022:16:42:45 -0700] "GET /maga/phys/faradm01b.jpg HTTP/1.1" 200 44946 "https://ysfine.com/maga/faraday.html" "Mozilla/5.0 (Windows NT 10.0; Win64; x64) AppleWebKit/537.36 (KHTML, like Gecko) Chrome/106.0.0.0 Safari/537.36" "ysfine.com"
122.162.149.125 - - [27/Oct/2022:16:42:45 -0700] "GET /maga/phys/farad27b.jpg HTTP/1.1" 200 36986 "https://ysfine.com/maga/faraday.html" "Mozilla/5.0 (Windows NT 10.0; Win64; x64) AppleWebKit/537.36 (KHTML, like Gecko) Chrome/106.0.0.0 Safari/537.36" "ysfine.com"
122.162.149.125 - - [27/Oct/2022:16:42:46 -0700] "GET /maga/phys/aec46b.jpg HTTP/1.1" 200 33288 "https://ysfine.com/maga/faraday.html" "Mozilla/5.0 (Windows NT 10.0; Win64; x64) AppleWebKit/537.36 (KHTML, like Gecko) Chrome/106.0.0.0 Safari/537.36" "ysfine.com"
122.162.149.125 - - [27/Oct/2022:16:42:47 -0700] "GET /wigner/tollwig11b.jpg HTTP/1.1" 200 31891 "https://ysfine.com/maga/faraday.html" "Mozilla/5.0 (Windows NT 10.0; Win64; x64) AppleWebKit/537.36 (KHTML, like Gecko) Chrome/106.0.0.0 Safari/537.36" "ysfine.com"
