173.73.77.36 - - [26/Oct/2022:22:12:11 -0700] "GET /ysbio/awards/bridge22f.jpg HTTP/1.1" 200 98225 "https://ysfine.com/ysbio/awards/index.html?fbclid=IwAR0NAHtugtT85_z_lgX1k71b5gycHY3Khc2ZnWIRxUtrn5V5NbiGaQ4URvw" "Mozilla/5.0 (Windows NT 10.0; Win64; x64) AppleWebKit/537.36 (KHTML, like Gecko) Chrome/107.0.0.0 Safari/537.36" "ysfine.com"
173.73.77.36 - - [26/Oct/2022:22:12:11 -0700] "GET /ysbio/awards/timessq11d.jpg HTTP/1.1" 200 105546 "https://ysfine.com/ysbio/awards/index.html?fbclid=IwAR0NAHtugtT85_z_lgX1k71b5gycHY3Khc2ZnWIRxUtrn5V5NbiGaQ4URvw" "Mozilla/5.0 (Windows NT 10.0; Win64; x64) AppleWebKit/537.36 (KHTML, like Gecko) Chrome/107.0.0.0 Safari/537.36" "ysfine.com"
173.73.77.36 - - [26/Oct/2022:22:12:11 -0700] "GET /ysbio/home/yspr61d.jpg HTTP/1.1" 404 88 "https://ysfine.com/ysbio/awards/index.html?fbclid=IwAR0NAHtugtT85_z_lgX1k71b5gycHY3Khc2ZnWIRxUtrn5V5NbiGaQ4URvw" "Mozilla/5.0 (Windows NT 10.0; Win64; x64) AppleWebKit/537.36 (KHTML, like Gecko) Chrome/107.0.0.0 Safari/537.36" "ysfine.com"
173.73.77.36 - - [26/Oct/2022:22:12:11 -0700] "GET /ysbio/awards/top100d.jpg HTTP/1.1" 200 74998 "https://ysfine.com/ysbio/awards/index.html?fbclid=IwAR0NAHtugtT85_z_lgX1k71b5gycHY3Khc2ZnWIRxUtrn5V5NbiGaQ4URvw" "Mozilla/5.0 (Windows NT 10.0; Win64; x64) AppleWebKit/537.36 (KHTML, like Gecko) Chrome/107.0.0.0 Safari/537.36" "ysfine.com"
173.73.77.36 - - [26/Oct/2022:22:12:11 -0700] "GET /ysbio/home/ewk86f.jpg HTTP/1.1" 404 88 "https://ysfine.com/ysbio/awards/index.html?fbclid=IwAR0NAHtugtT85_z_lgX1k71b5gycHY3Khc2ZnWIRxUtrn5V5NbiGaQ4URvw" "Mozilla/5.0 (Windows NT 10.0; Win64; x64) AppleWebKit/537.36 (KHTML, like Gecko) Chrome/107.0.0.0 Safari/537.36" "ysfine.com"
173.73.77.36 - - [26/Oct/2022:22:12:11 -0700] "GET /ysbio/awards/acs20f.jpg HTTP/1.1" 200 145842 "https://ysfine.com/ysbio/awards/index.html?fbclid=IwAR0NAHtugtT85_z_lgX1k71b5gycHY3Khc2ZnWIRxUtrn5V5NbiGaQ4URvw" "Mozilla/5.0 (Windows NT 10.0; Win64; x64) AppleWebKit/537.36 (KHTML, like Gecko) Chrome/107.0.0.0 Safari/537.36" "ysfine.com"
173.73.77.36 - - [26/Oct/2022:22:12:11 -0700] "GET /ysbio/awards/acs96f.jpg HTTP/1.1" 200 118636 "https://ysfine.com/ysbio/awards/index.html?fbclid=IwAR0NAHtugtT85_z_lgX1k71b5gycHY3Khc2ZnWIRxUtrn5V5NbiGaQ4URvw" "Mozilla/5.0 (Windows NT 10.0; Win64; x64) AppleWebKit/537.36 (KHTML, like Gecko) Chrome/107.0.0.0 Safari/537.36" "ysfine.com"
173.73.77.36 - - [26/Oct/2022:22:12:11 -0700] "GET /ysbio/awards/acs55f.jpg HTTP/1.1" 200 83340 "https://ysfine.com/ysbio/awards/index.html?fbclid=IwAR0NAHtugtT85_z_lgX1k71b5gycHY3Khc2ZnWIRxUtrn5V5NbiGaQ4URvw" "Mozilla/5.0 (Windows NT 10.0; Win64; x64) AppleWebKit/537.36 (KHTML, like Gecko) Chrome/107.0.0.0 Safari/537.36" "ysfine.com"
173.73.77.36 - - [26/Oct/2022:22:12:11 -0700] "GET /ysbio/eink/pwk450.jpg HTTP/1.1" 200 84974 "https://ysfine.com/ysbio/awards/index.html?fbclid=IwAR0NAHtugtT85_z_lgX1k71b5gycHY3Khc2ZnWIRxUtrn5V5NbiGaQ4URvw" "Mozilla/5.0 (Windows NT 10.0; Win64; x64) AppleWebKit/537.36 (KHTML, like Gecko) Chrome/107.0.0.0 Safari/537.36" "ysfine.com"
173.73.77.36 - - [26/Oct/2022:22:12:11 -0700] "GET /ysbio/awards/wsj21f.jpg HTTP/1.1" 200 172238 "https://ysfine.com/ysbio/awards/index.html?fbclid=IwAR0NAHtugtT85_z_lgX1k71b5gycHY3Khc2ZnWIRxUtrn5V5NbiGaQ4URvw" "Mozilla/5.0 (Windows NT 10.0; Win64; x64) AppleWebKit/537.36 (KHTML, like Gecko) Chrome/107.0.0.0 Safari/537.36" "ysfine.com"
173.73.77.36 - - [26/Oct/2022:22:12:11 -0700] "GET /ysbio/awards/marq/marq10d.jpg HTTP/1.1" 200 77533 "https://ysfine.com/ysbio/awards/index.html?fbclid=IwAR0NAHtugtT85_z_lgX1k71b5gycHY3Khc2ZnWIRxUtrn5V5NbiGaQ4URvw" "Mozilla/5.0 (Windows NT 10.0; Win64; x64) AppleWebKit/537.36 (KHTML, like Gecko) Chrome/107.0.0.0 Safari/537.36" "ysfine.com"
173.73.77.36 - - [26/Oct/2022:22:12:11 -0700] "GET /ysbio/awards/timeline11f.jpg HTTP/1.1" 200 169039 "https://ysfine.com/ysbio/awards/index.html?fbclid=IwAR0NAHtugtT85_z_lgX1k71b5gycHY3Khc2ZnWIRxUtrn5V5NbiGaQ4URvw" "Mozilla/5.0 (Windows NT 10.0; Win64; x64) AppleWebKit/537.36 (KHTML, like Gecko) Chrome/107.0.0.0 Safari/537.36" "ysfine.com"
173.73.77.36 - - [26/Oct/2022:22:12:11 -0700] "GET /ysbio/awards/marq/marq22f.jpg HTTP/1.1" 200 142401 "https://ysfine.com/ysbio/awards/index.html?fbclid=IwAR0NAHtugtT85_z_lgX1k71b5gycHY3Khc2ZnWIRxUtrn5V5NbiGaQ4URvw" "Mozilla/5.0 (Windows NT 10.0; Win64; x64) AppleWebKit/537.36 (KHTML, like Gecko) Chrome/107.0.0.0 Safari/537.36" "ysfine.com"
173.73.77.36 - - [26/Oct/2022:22:12:11 -0700] "GET /ysbio/awards/marq/hemis21f.jpg HTTP/1.1" 200 180095 "https://ysfine.com/ysbio/awards/index.html?fbclid=IwAR0NAHtugtT85_z_lgX1k71b5gycHY3Khc2ZnWIRxUtrn5V5NbiGaQ4URvw" "Mozilla/5.0 (Windows NT 10.0; Win64; x64) AppleWebKit/537.36 (KHTML, like Gecko) Chrome/107.0.0.0 Safari/537.36" "ysfine.com"
5.161.50.240 - - [26/Oct/2022:22:12:32 -0700] "GET /wp-content/plugins/ultimate-member/readme.txt HTTP/1.1" 404 88 "https://www.google.com" "Mozilla/5.0 (Windows NT 10.0; Win64; x64) AppleWebKit/537.36 (KHTML, like Gecko) Chrome/104.0.0.0 Safari/537.36" "ysfine.com"
157.55.39.14 - - [26/Oct/2022:22:12:56 -0700] "GET /world/france/frpolice02.jpg HTTP/1.1" 200 103238 "-" "Mozilla/5.0 (compatible; bingbot/2.0; +http://www.bing.com/bingbot.htm)" "ysfine.com"
5.161.50.240 - - [26/Oct/2022:22:12:59 -0700] "GET /wp-content/plugins/wpgateway/css/style.css HTTP/1.1" 404 88 "https://www.google.com" "Mozilla/5.0 (iPhone14,3; U; CPU iPhone OS 15_0 like Mac OS X) AppleWebKit/602.1.50 (KHTML, like Gecko) Version/10.0 Mobile/19A346 Safari/602.1" "ysfine.com"
157.55.39.127 - - [26/Oct/2022:22:13:05 -0700] "GET /princeton/nasshall07.jpg HTTP/1.1" 200 153891 "-" "Mozilla/5.0 AppleWebKit/537.36 (KHTML, like Gecko; compatible; bingbot/2.0; +http://www.bing.com/bingbot.htm) Chrome/103.0.5060.134 Safari/537.36" "ysfine.com"
173.73.77.36 - - [26/Oct/2022:22:13:10 -0700] "GET /ysbio/home/yshome.html HTTP/1.1" 404 88 "https://ysfine.com/ysbio/awards/index.html?fbclid=IwAR0NAHtugtT85_z_lgX1k71b5gycHY3Khc2ZnWIRxUtrn5V5NbiGaQ4URvw" "Mozilla/5.0 (Windows NT 10.0; Win64; x64) AppleWebKit/537.36 (KHTML, like Gecko) Chrome/107.0.0.0 Safari/537.36" "ysfine.com"
173.73.77.36 - - [26/Oct/2022:22:13:16 -0700] "GET /ysbio/world/ysworld.html HTTP/1.1" 200 3195 "https://ysfine.com/ysbio/awards/index.html?fbclid=IwAR0NAHtugtT85_z_lgX1k71b5gycHY3Khc2ZnWIRxUtrn5V5NbiGaQ4URvw" "Mozilla/5.0 (Windows NT 10.0; Win64; x64) AppleWebKit/537.36 (KHTML, like Gecko) Chrome/107.0.0.0 Safari/537.36" "ysfine.com"
173.73.77.36 - - [26/Oct/2022:22:13:16 -0700] "GET /ysbio/world/coke880.jpg HTTP/1.1" 200 61512 "https://ysfine.com/ysbio/world/ysworld.html" "Mozilla/5.0 (Windows NT 10.0; Win64; x64) AppleWebKit/537.36 (KHTML, like Gecko) Chrome/107.0.0.0 Safari/537.36" "ysfine.com"
173.73.77.36 - - [26/Oct/2022:22:13:16 -0700] "GET /ysbio/kobak/swr51c.jpg HTTP/1.1" 200 35677 "https://ysfine.com/ysbio/world/ysworld.html" "Mozilla/5.0 (Windows NT 10.0; Win64; x64) AppleWebKit/537.36 (KHTML, like Gecko) Chrome/107.0.0.0 Safari/537.36" "ysfine.com"
173.73.77.36 - - [26/Oct/2022:22:13:16 -0700] "GET /ysbio/home/taylor450.jpg HTTP/1.1" 404 88 "https://ysfine.com/ysbio/world/ysworld.html" "Mozilla/5.0 (Windows NT 10.0; Win64; x64) AppleWebKit/537.36 (KHTML, like Gecko) Chrome/107.0.0.0 Safari/537.36" "ysfine.com"
173.73.77.36 - - [26/Oct/2022:22:13:16 -0700] "GET /ysbio/home/ewk86f.jpg HTTP/1.1" 404 88 "https://ysfine.com/ysbio/world/ysworld.html" "Mozilla/5.0 (Windows NT 10.0; Win64; x64) AppleWebKit/537.36 (KHTML, like Gecko) Chrome/107.0.0.0 Safari/537.36" "ysfine.com"
173.73.77.36 - - [26/Oct/2022:22:13:16 -0700] "GET /ysbio/world/balkan/istan001c.jpg HTTP/1.1" 200 34566 "https://ysfine.com/ysbio/world/ysworld.html" "Mozilla/5.0 (Windows NT 10.0; Win64; x64) AppleWebKit/537.36 (KHTML, like Gecko) Chrome/107.0.0.0 Safari/537.36" "ysfine.com"
173.73.77.36 - - [26/Oct/2022:22:13:16 -0700] "GET /ysbio/world/ital/coloss04c.jpg HTTP/1.1" 200 37017 "https://ysfine.com/ysbio/world/ysworld.html" "Mozilla/5.0 (Windows NT 10.0; Win64; x64) AppleWebKit/537.36 (KHTML, like Gecko) Chrome/107.0.0.0 Safari/537.36" "ysfine.com"
173.73.77.36 - - [26/Oct/2022:22:13:16 -0700] "GET /ysbio/world/brit/towerbr11c.jpg HTTP/1.1" 200 31376 "https://ysfine.com/ysbio/world/ysworld.html" "Mozilla/5.0 (Windows NT 10.0; Win64; x64) AppleWebKit/537.36 (KHTML, like Gecko) Chrome/107.0.0.0 Safari/537.36" "ysfine.com"
173.73.77.36 - - [26/Oct/2022:22:13:16 -0700] "GET /ysbio/world/balkan/ath001c.jpg HTTP/1.1" 200 34419 "https://ysfine.com/ysbio/world/ysworld.html" "Mozilla/5.0 (Windows NT 10.0; Win64; x64) AppleWebKit/537.36 (KHTML, like Gecko) Chrome/107.0.0.0 Safari/537.36" "ysfine.com"
173.73.77.36 - - [26/Oct/2022:22:13:16 -0700] "GET /ysbio/style/cameras/canonp66c.jpg HTTP/1.1" 200 23047 "https://ysfine.com/ysbio/world/ysworld.html" "Mozilla/5.0 (Windows NT 10.0; Win64; x64) AppleWebKit/537.36 (KHTML, like Gecko) Chrome/107.0.0.0 Safari/537.36" "ysfine.com"
173.73.77.36 - - [26/Oct/2022:22:13:16 -0700] "GET /ysbio/eink/pawkim19c.jpg HTTP/1.1" 200 53195 "https://ysfine.com/ysbio/world/ysworld.html" "Mozilla/5.0 (Windows NT 10.0; Win64; x64) AppleWebKit/537.36 (KHTML, like Gecko) Chrome/107.0.0.0 Safari/537.36" "ysfine.com"
173.73.77.36 - - [26/Oct/2022:22:13:16 -0700] "GET /ysbio/world/china/beijing101c.jpg HTTP/1.1" 200 41830 "https://ysfine.com/ysbio/world/ysworld.html" "Mozilla/5.0 (Windows NT 10.0; Win64; x64) AppleWebKit/537.36 (KHTML, like Gecko) Chrome/107.0.0.0 Safari/537.36" "ysfine.com"
173.73.77.36 - - [26/Oct/2022:22:13:16 -0700] "GET /ysbio/world/russ/basil08c.jpg HTTP/1.1" 200 40070 "https://ysfine.com/ysbio/world/ysworld.html" "Mozilla/5.0 (Windows NT 10.0; Win64; x64) AppleWebKit/537.36 (KHTML, like Gecko) Chrome/107.0.0.0 Safari/537.36" "ysfine.com"
173.73.77.36 - - [26/Oct/2022:22:13:16 -0700] "GET /ysbio/world/france/eiffel15c.jpg HTTP/1.1" 200 36995 "https://ysfine.com/ysbio/world/ysworld.html" "Mozilla/5.0 (Windows NT 10.0; Win64; x64) AppleWebKit/537.36 (KHTML, like Gecko) Chrome/107.0.0.0 Safari/537.36" "ysfine.com"
64.124.8.45 - - [26/Oct/2022:22:13:20 -0700] "GET /robots.txt HTTP/1.1" 404 88 "-" "Mozilla/5.0 (X11; Linux x86_64) AppleWebKit/537.36 (KHTML, like Gecko) Chrome/61.0.3163.79 Safari/537.36" "www.ysfine.com"
64.124.8.45 - - [26/Oct/2022:22:13:21 -0700] "GET /world/visas.html HTTP/1.1" 200 2626 "-" "Mozilla/5.0 (X11; Linux x86_64) AppleWebKit/537.36 (KHTML, like Gecko) Chrome/61.0.3163.79 Safari/537.36" "www.ysfine.com"
173.73.77.36 - - [26/Oct/2022:22:13:21 -0700] "GET /ysbio/eink/index.html HTTP/1.1" 200 17688 "https://ysfine.com/ysbio/awards/index.html?fbclid=IwAR0NAHtugtT85_z_lgX1k71b5gycHY3Khc2ZnWIRxUtrn5V5NbiGaQ4URvw" "Mozilla/5.0 (Windows NT 10.0; Win64; x64) AppleWebKit/537.36 (KHTML, like Gecko) Chrome/107.0.0.0 Safari/537.36" "ysfine.com"
173.73.77.36 - - [26/Oct/2022:22:13:21 -0700] "GET /ysbio/eink/einhouse11c.jpg HTTP/1.1" 200 32610 "https://ysfine.com/ysbio/eink/index.html" "Mozilla/5.0 (Windows NT 10.0; Win64; x64) AppleWebKit/537.36 (KHTML, like Gecko) Chrome/107.0.0.0 Safari/537.36" "ysfine.com"
173.73.77.36 - - [26/Oct/2022:22:13:21 -0700] "GET /ysbio/einstein/einglaub01c.jpg HTTP/1.1" 200 36935 "https://ysfine.com/ysbio/eink/index.html" "Mozilla/5.0 (Windows NT 10.0; Win64; x64) AppleWebKit/537.36 (KHTML, like Gecko) Chrome/107.0.0.0 Safari/537.36" "ysfine.com"
173.73.77.36 - - [26/Oct/2022:22:13:21 -0700] "GET /ysbio/einstein/eindc33c.jpg HTTP/1.1" 200 60609 "https://ysfine.com/ysbio/eink/index.html" "Mozilla/5.0 (Windows NT 10.0; Win64; x64) AppleWebKit/537.36 (KHTML, like Gecko) Chrome/107.0.0.0 Safari/537.36" "ysfine.com"
173.73.77.36 - - [26/Oct/2022:22:13:21 -0700] "GET /ysbio/eink/iop21c.jpg HTTP/1.1" 200 31991 "https://ysfine.com/ysbio/eink/index.html" "Mozilla/5.0 (Windows NT 10.0; Win64; x64) AppleWebKit/537.36 (KHTML, like Gecko) Chrome/107.0.0.0 Safari/537.36" "ysfine.com"
173.73.77.36 - - [26/Oct/2022:22:13:21 -0700] "GET /ysbio/eink/abomb66c.jpg HTTP/1.1" 200 22350 "https://ysfine.com/ysbio/eink/index.html" "Mozilla/5.0 (Windows NT 10.0; Win64; x64) AppleWebKit/537.36 (KHTML, like Gecko) Chrome/107.0.0.0 Safari/537.36" "ysfine.com"
173.73.77.36 - - [26/Oct/2022:22:13:21 -0700] "GET /ysbio/eink/feynman43c.jpg HTTP/1.1" 200 39256 "https://ysfine.com/ysbio/eink/index.html" "Mozilla/5.0 (Windows NT 10.0; Win64; x64) AppleWebKit/537.36 (KHTML, like Gecko) Chrome/107.0.0.0 Safari/537.36" "ysfine.com"
173.73.77.36 - - [26/Oct/2022:22:13:21 -0700] "GET /ysbio/eink/einsaru22f.jpg HTTP/1.1" 200 76202 "https://ysfine.com/ysbio/eink/index.html" "Mozilla/5.0 (Windows NT 10.0; Win64; x64) AppleWebKit/537.36 (KHTML, like Gecko) Chrome/107.0.0.0 Safari/537.36" "ysfine.com"
173.73.77.36 - - [26/Oct/2022:22:13:21 -0700] "GET /ysbio/eink/weber88c.jpg HTTP/1.1" 200 24641 "https://ysfine.com/ysbio/eink/index.html" "Mozilla/5.0 (Windows NT 10.0; Win64; x64) AppleWebKit/537.36 (KHTML, like Gecko) Chrome/107.0.0.0 Safari/537.36" "ysfine.com"
173.73.77.36 - - [26/Oct/2022:22:13:21 -0700] "GET /ysbio/style/ysnr11c.jpg HTTP/1.1" 200 34793 "https://ysfine.com/ysbio/eink/index.html" "Mozilla/5.0 (Windows NT 10.0; Win64; x64) AppleWebKit/537.36 (KHTML, like Gecko) Chrome/107.0.0.0 Safari/537.36" "ysfine.com"
173.73.77.36 - - [26/Oct/2022:22:13:21 -0700] "GET /ysbio/eink/einhaus11c.jpg HTTP/1.1" 200 42522 "https://ysfine.com/ysbio/eink/index.html" "Mozilla/5.0 (Windows NT 10.0; Win64; x64) AppleWebKit/537.36 (KHTML, like Gecko) Chrome/107.0.0.0 Safari/537.36" "ysfine.com"
173.73.77.36 - - [26/Oct/2022:22:13:21 -0700] "GET /ysbio/home/eink77c.jpg HTTP/1.1" 404 88 "https://ysfine.com/ysbio/eink/index.html" "Mozilla/5.0 (Windows NT 10.0; Win64; x64) AppleWebKit/537.36 (KHTML, like Gecko) Chrome/107.0.0.0 Safari/537.36" "ysfine.com"
173.73.77.36 - - [26/Oct/2022:22:13:21 -0700] "GET /ysbio/eink/abombs11c.jpg HTTP/1.1" 200 27039 "https://ysfine.com/ysbio/eink/index.html" "Mozilla/5.0 (Windows NT 10.0; Win64; x64) AppleWebKit/537.36 (KHTML, like Gecko) Chrome/107.0.0.0 Safari/537.36" "ysfine.com"
173.73.77.36 - - [26/Oct/2022:22:13:21 -0700] "GET /ysbio/dirac/o32inho22c.jpg HTTP/1.1" 200 33038 "https://ysfine.com/ysbio/eink/index.html" "Mozilla/5.0 (Windows NT 10.0; Win64; x64) AppleWebKit/537.36 (KHTML, like Gecko) Chrome/107.0.0.0 Safari/537.36" "ysfine.com"
173.73.77.36 - - [26/Oct/2022:22:13:21 -0700] "GET /ysbio/eink/einbohr900.jpg HTTP/1.1" 200 62710 "https://ysfine.com/ysbio/eink/index.html" "Mozilla/5.0 (Windows NT 10.0; Win64; x64) AppleWebKit/537.36 (KHTML, like Gecko) Chrome/107.0.0.0 Safari/537.36" "ysfine.com"
173.73.77.36 - - [26/Oct/2022:22:13:21 -0700] "GET /ysbio/eink/dirackn900.jpg HTTP/1.1" 200 121605 "https://ysfine.com/ysbio/eink/index.html" "Mozilla/5.0 (Windows NT 10.0; Win64; x64) AppleWebKit/537.36 (KHTML, like Gecko) Chrome/107.0.0.0 Safari/537.36" "ysfine.com"
173.73.77.36 - - [26/Oct/2022:22:13:21 -0700] "GET /ysbio/eink/comet900.jpg HTTP/1.1" 200 110150 "https://ysfine.com/ysbio/eink/index.html" "Mozilla/5.0 (Windows NT 10.0; Win64; x64) AppleWebKit/537.36 (KHTML, like Gecko) Chrome/107.0.0.0 Safari/537.36" "ysfine.com"
173.73.77.36 - - [26/Oct/2022:22:13:21 -0700] "GET /ysbio/eink/einbohr11c.jpg HTTP/1.1" 200 37811 "https://ysfine.com/ysbio/eink/index.html" "Mozilla/5.0 (Windows NT 10.0; Win64; x64) AppleWebKit/537.36 (KHTML, like Gecko) Chrome/107.0.0.0 Safari/537.36" "ysfine.com"
173.73.77.36 - - [26/Oct/2022:22:13:21 -0700] "GET /ysbio/dirac/dirbust22c.jpg HTTP/1.1" 200 36029 "https://ysfine.com/ysbio/eink/index.html" "Mozilla/5.0 (Windows NT 10.0; Win64; x64) AppleWebKit/537.36 (KHTML, like Gecko) Chrome/107.0.0.0 Safari/537.36" "ysfine.com"
173.73.77.36 - - [26/Oct/2022:22:13:21 -0700] "GET /ysbio/eink/comet40f.jpg HTTP/1.1" 200 97314 "https://ysfine.com/ysbio/eink/index.html" "Mozilla/5.0 (Windows NT 10.0; Win64; x64) AppleWebKit/537.36 (KHTML, like Gecko) Chrome/107.0.0.0 Safari/537.36" "ysfine.com"
173.73.77.36 - - [26/Oct/2022:22:13:21 -0700] "GET /ysbio/eink/church06c.jpg HTTP/1.1" 200 33897 "https://ysfine.com/ysbio/eink/index.html" "Mozilla/5.0 (Windows NT 10.0; Win64; x64) AppleWebKit/537.36 (KHTML, like Gecko) Chrome/107.0.0.0 Safari/537.36" "ysfine.com"
173.73.77.36 - - [26/Oct/2022:22:13:21 -0700] "GET /ysbio/eink/kbrain11f.jpg HTTP/1.1" 200 56023 "https://ysfine.com/ysbio/eink/index.html" "Mozilla/5.0 (Windows NT 10.0; Win64; x64) AppleWebKit/537.36 (KHTML, like Gecko) Chrome/107.0.0.0 Safari/537.36" "ysfine.com"
173.73.77.36 - - [26/Oct/2022:22:13:21 -0700] "GET /ysbio/home/taylor500.jpg HTTP/1.1" 404 88 "https://ysfine.com/ysbio/eink/index.html" "Mozilla/5.0 (Windows NT 10.0; Win64; x64) AppleWebKit/537.36 (KHTML, like Gecko) Chrome/107.0.0.0 Safari/537.36" "ysfine.com"
173.73.77.36 - - [26/Oct/2022:22:13:21 -0700] "GET /ysbio/eink/further22f.jpg HTTP/1.1" 200 99099 "https://ysfine.com/ysbio/eink/index.html" "Mozilla/5.0 (Windows NT 10.0; Win64; x64) AppleWebKit/537.36 (KHTML, like Gecko) Chrome/107.0.0.0 Safari/537.36" "ysfine.com"
173.73.77.36 - - [26/Oct/2022:22:13:21 -0700] "GET /ysbio/eink/capitol05c.jpg HTTP/1.1" 200 23405 "https://ysfine.com/ysbio/eink/index.html" "Mozilla/5.0 (Windows NT 10.0; Win64; x64) AppleWebKit/537.36 (KHTML, like Gecko) Chrome/107.0.0.0 Safari/537.36" "ysfine.com"
173.73.77.36 - - [26/Oct/2022:22:13:21 -0700] "GET /ysbio/eink/emc22c.jpg HTTP/1.1" 200 32175 "https://ysfine.com/ysbio/eink/index.html" "Mozilla/5.0 (Windows NT 10.0; Win64; x64) AppleWebKit/537.36 (KHTML, like Gecko) Chrome/107.0.0.0 Safari/537.36" "ysfine.com"
173.73.77.36 - - [26/Oct/2022:22:13:21 -0700] "GET /ysbio/eink/newtein77f.jpg HTTP/1.1" 200 46322 "https://ysfine.com/ysbio/eink/index.html" "Mozilla/5.0 (Windows NT 10.0; Win64; x64) AppleWebKit/537.36 (KHTML, like Gecko) Chrome/107.0.0.0 Safari/537.36" "ysfine.com"
173.73.77.36 - - [26/Oct/2022:22:13:21 -0700] "GET /ysbio/eink/berlinmus05c.jpg HTTP/1.1" 200 33956 "https://ysfine.com/ysbio/eink/index.html" "Mozilla/5.0 (Windows NT 10.0; Win64; x64) AppleWebKit/537.36 (KHTML, like Gecko) Chrome/107.0.0.0 Safari/537.36" "ysfine.com"
173.73.77.36 - - [26/Oct/2022:22:13:21 -0700] "GET /ysbio/eink/ecitizen40c.jpg HTTP/1.1" 200 29979 "https://ysfine.com/ysbio/eink/index.html" "Mozilla/5.0 (Windows NT 10.0; Win64; x64) AppleWebKit/537.36 (KHTML, like Gecko) Chrome/107.0.0.0 Safari/537.36" "ysfine.com"
173.73.77.36 - - [26/Oct/2022:22:13:21 -0700] "GET /ysbio/wigner/wigheis11c.jpg HTTP/1.1" 200 41279 "https://ysfine.com/ysbio/eink/index.html" "Mozilla/5.0 (Windows NT 10.0; Win64; x64) AppleWebKit/537.36 (KHTML, like Gecko) Chrome/107.0.0.0 Safari/537.36" "ysfine.com"
173.73.77.36 - - [26/Oct/2022:22:13:21 -0700] "GET /ysbio/dirac/dirac39c.jpg HTTP/1.1" 200 54568 "https://ysfine.com/ysbio/eink/index.html" "Mozilla/5.0 (Windows NT 10.0; Win64; x64) AppleWebKit/537.36 (KHTML, like Gecko) Chrome/107.0.0.0 Safari/537.36" "ysfine.com"
173.73.77.36 - - [26/Oct/2022:22:13:21 -0700] "GET /ysbio/yspapers/iop19c.jpg HTTP/1.1" 200 40220 "https://ysfine.com/ysbio/eink/index.html" "Mozilla/5.0 (Windows NT 10.0; Win64; x64) AppleWebKit/537.36 (KHTML, like Gecko) Chrome/107.0.0.0 Safari/537.36" "ysfine.com"
173.73.77.36 - - [26/Oct/2022:22:13:21 -0700] "GET /ysbio/kowar/tanks/tank05c.jpg HTTP/1.1" 200 33583 "https://ysfine.com/ysbio/eink/index.html" "Mozilla/5.0 (Windows NT 10.0; Win64; x64) AppleWebKit/537.36 (KHTML, like Gecko) Chrome/107.0.0.0 Safari/537.36" "ysfine.com"
173.73.77.36 - - [26/Oct/2022:22:13:21 -0700] "GET /ysbio/eink/lorentz21c.jpg HTTP/1.1" 200 36448 "https://ysfine.com/ysbio/eink/index.html" "Mozilla/5.0 (Windows NT 10.0; Win64; x64) AppleWebKit/537.36 (KHTML, like Gecko) Chrome/107.0.0.0 Safari/537.36" "ysfine.com"
173.73.77.36 - - [26/Oct/2022:22:13:21 -0700] "GET /ysbio/eink/tollwig11c.jpg HTTP/1.1" 200 30318 "https://ysfine.com/ysbio/eink/index.html" "Mozilla/5.0 (Windows NT 10.0; Win64; x64) AppleWebKit/537.36 (KHTML, like Gecko) Chrome/107.0.0.0 Safari/537.36" "ysfine.com"
173.73.77.36 - - [26/Oct/2022:22:13:21 -0700] "GET /ysbio/feynman/feydirac300.jpg HTTP/1.1" 200 38223 "https://ysfine.com/ysbio/eink/index.html" "Mozilla/5.0 (Windows NT 10.0; Win64; x64) AppleWebKit/537.36 (KHTML, like Gecko) Chrome/107.0.0.0 Safari/537.36" "ysfine.com"
173.73.77.36 - - [26/Oct/2022:22:13:21 -0700] "GET /ysbio/eink/enterprize61c.jpg HTTP/1.1" 200 40611 "https://ysfine.com/ysbio/eink/index.html" "Mozilla/5.0 (Windows NT 10.0; Win64; x64) AppleWebKit/537.36 (KHTML, like Gecko) Chrome/107.0.0.0 Safari/537.36" "ysfine.com"
173.73.77.36 - - [26/Oct/2022:22:13:21 -0700] "GET /ysbio/eink/feyfirm66c.jpg HTTP/1.1" 200 30766 "https://ysfine.com/ysbio/eink/index.html" "Mozilla/5.0 (Windows NT 10.0; Win64; x64) AppleWebKit/537.36 (KHTML, like Gecko) Chrome/107.0.0.0 Safari/537.36" "ysfine.com"
173.73.77.36 - - [26/Oct/2022:22:13:21 -0700] "GET /ysbio/eink/timemag46c.jpg HTTP/1.1" 200 49661 "https://ysfine.com/ysbio/eink/index.html" "Mozilla/5.0 (Windows NT 10.0; Win64; x64) AppleWebKit/537.36 (KHTML, like Gecko) Chrome/107.0.0.0 Safari/537.36" "ysfine.com"
173.73.77.36 - - [26/Oct/2022:22:13:21 -0700] "GET /ysbio/eink/pwk33c.jpg HTTP/1.1" 200 30700 "https://ysfine.com/ysbio/eink/index.html" "Mozilla/5.0 (Windows NT 10.0; Win64; x64) AppleWebKit/537.36 (KHTML, like Gecko) Chrome/107.0.0.0 Safari/537.36" "ysfine.com"
173.73.77.36 - - [26/Oct/2022:22:13:21 -0700] "GET /ysbio/eink/ewk86f.jpg HTTP/1.1" 200 122173 "https://ysfine.com/ysbio/eink/index.html" "Mozilla/5.0 (Windows NT 10.0; Win64; x64) AppleWebKit/537.36 (KHTML, like Gecko) Chrome/107.0.0.0 Safari/537.36" "ysfine.com"
173.73.77.36 - - [26/Oct/2022:22:13:21 -0700] "GET /ysbio/eink/einbern66c.jpg HTTP/1.1" 200 51134 "https://ysfine.com/ysbio/eink/index.html" "Mozilla/5.0 (Windows NT 10.0; Win64; x64) AppleWebKit/537.36 (KHTML, like Gecko) Chrome/107.0.0.0 Safari/537.36" "ysfine.com"
173.73.77.36 - - [26/Oct/2022:22:13:21 -0700] "GET /ysbio/eink/parton900.jpg HTTP/1.1" 200 126652 "https://ysfine.com/ysbio/eink/index.html" "Mozilla/5.0 (Windows NT 10.0; Win64; x64) AppleWebKit/537.36 (KHTML, like Gecko) Chrome/107.0.0.0 Safari/537.36" "ysfine.com"
173.73.77.36 - - [26/Oct/2022:22:13:21 -0700] "GET /ysbio/feynman/feynman300.jpg HTTP/1.1" 200 18273 "https://ysfine.com/ysbio/eink/index.html" "Mozilla/5.0 (Windows NT 10.0; Win64; x64) AppleWebKit/537.36 (KHTML, like Gecko) Chrome/107.0.0.0 Safari/537.36" "ysfine.com"
207.46.13.104 - - [26/Oct/2022:22:13:25 -0700] "GET /bio/bio03.html HTTP/1.1" 404 88 "-" "Mozilla/5.0 (compatible; bingbot/2.0; +http://www.bing.com/bingbot.htm)" "ysfine.com"
5.161.50.240 - - [26/Oct/2022:22:13:27 -0700] "GET /wp-content/themes/workreap/style.css HTTP/1.1" 404 88 "https://www.google.com" "Mozilla/5.0 (iPhone14,3; U; CPU iPhone OS 15_0 like Mac OS X) AppleWebKit/602.1.50 (KHTML, like Gecko) Version/10.0 Mobile/19A346 Safari/602.1" "ysfine.com"
5.161.50.240 - - [26/Oct/2022:22:13:54 -0700] "GET /wp-content/plugins/scripts-organizer/plugins/meta-box/readme.txt HTTP/1.1" 404 88 "https://www.google.com" "Mozilla/5.0 (Linux; Android 11; Lenovo YT-J706X) AppleWebKit/537.36 (KHTML, like Gecko) Chrome/104.0.0.0 Safari/537.36" "ysfine.com"
5.161.50.240 - - [26/Oct/2022:22:14:21 -0700] "GET /wp-content/plugins/alphabetic-pagination/readme.txt HTTP/1.1" 404 88 "https://www.google.com" "Mozilla/5.0 (Linux; Android 11; Lenovo YT-J706X) AppleWebKit/537.36 (KHTML, like Gecko) Chrome/104.0.0.0 Safari/537.36" "ysfine.com"
216.244.66.229 - - [26/Oct/2022:22:14:38 -0700] "GET /world/baltic/lithu03.jpg HTTP/1.1" 200 104004 "-" "Mozilla/5.0 (compatible; DotBot/1.2; +https://opensiteexplorer.org/dotbot; help@moz.com)" "www.ysfine.com"
5.161.50.240 - - [26/Oct/2022:22:14:48 -0700] "GET /wp-content/plugins/all-in-one-video-gallery/readme.txt HTTP/1.1" 404 88 "https://www.google.com" "Mozilla/5.0 (Linux; Android 11; Lenovo YT-J706X) AppleWebKit/537.36 (KHTML, like Gecko) Chrome/104.0.0.0 Safari/537.36" "ysfine.com"
216.244.66.229 - - [26/Oct/2022:22:15:14 -0700] "GET /world/baltic/tallin50.jpg HTTP/1.1" 200 178208 "-" "Mozilla/5.0 (compatible; DotBot/1.2; +https://opensiteexplorer.org/dotbot; help@moz.com)" "www.ysfine.com"
5.161.50.240 - - [26/Oct/2022:22:15:15 -0700] "GET /wp-content/plugins/directorist/readme.txt HTTP/1.1" 404 88 "https://www.google.com" "Mozilla/5.0 (Linux; Android 11; Lenovo YT-J706X) AppleWebKit/537.36 (KHTML, like Gecko) Chrome/104.0.0.0 Safari/537.36" "ysfine.com"
123.125.109.127 - - [26/Oct/2022:22:15:19 -0700] "GET / HTTP/1.1" 200 5283 "-" "Sogou web spider/4.0(+http://www.sogou.com/docs/help/webmasters.htm#07)" "www.ysfine.com"
40.77.167.71 - - [26/Oct/2022:22:15:34 -0700] "GET /wdc/gtown24.jpg HTTP/1.1" 200 88013 "-" "Mozilla/5.0 AppleWebKit/537.36 (KHTML, like Gecko; compatible; bingbot/2.0; +http://www.bing.com/bingbot.htm) Chrome/103.0.5060.134 Safari/537.36" "www.ysfine.com"
66.249.66.44 - - [26/Oct/2022:22:15:36 -0700] "GET /wigner/neum/pvn03.jpg HTTP/1.1" 304 - "-" "Googlebot-Image/1.0" "ysfine.com"
17.121.114.120 - - [26/Oct/2022:22:15:38 -0700] "GET /style/digilit.html HTTP/1.1" 200 8470 "-" "Mozilla/5.0 (Macintosh; Intel Mac OS X 10_15_5) AppleWebKit/605.1.15 (KHTML, like Gecko) Version/13.1.1 Safari/605.1.15 (Applebot/0.1; +http://www.apple.com/go/applebot)" "ysfine.com"
5.161.50.240 - - [26/Oct/2022:22:15:41 -0700] "GET /wp-content/plugins/simply-schedule-appointments/readme.txt HTTP/1.1" 404 88 "https://www.google.com" "Mozilla/5.0 (iPhone14,3; U; CPU iPhone OS 15_0 like Mac OS X) AppleWebKit/602.1.50 (KHTML, like Gecko) Version/10.0 Mobile/19A346 Safari/602.1" "ysfine.com"
216.244.66.229 - - [26/Oct/2022:22:15:52 -0700] "GET /world/ital/flor052.jpg HTTP/1.1" 200 111004 "-" "Mozilla/5.0 (compatible; DotBot/1.2; +https://opensiteexplorer.org/dotbot; help@moz.com)" "www.ysfine.com"
185.191.171.11 - - [26/Oct/2022:22:15:58 -0700] "GET /ysbio/folks/admire.html HTTP/1.1" 200 408 "-" "Mozilla/5.0 (compatible; SemrushBot/7~bl; +http://www.semrush.com/bot.html)" "ysfine.com"
157.55.39.127 - - [26/Oct/2022:22:16:05 -0700] "GET /ysbio/yspapers/itep96.pdf HTTP/1.1" 200 311219 "-" "Mozilla/5.0 (compatible; bingbot/2.0; +http://www.bing.com/bingbot.htm)" "ysfine.com"
5.161.50.240 - - [26/Oct/2022:22:16:08 -0700] "GET /wp-content/themes/greyd_suite/style.css HTTP/1.1" 404 88 "https://www.google.com" "Mozilla/5.0 (Windows NT 10.0; Win64; x64) AppleWebKit/537.36 (KHTML, like Gecko) Chrome/104.0.0.0 Safari/537.36" "ysfine.com"
216.244.66.229 - - [26/Oct/2022:22:16:22 -0700] "GET /world/ital/flor090.jpg HTTP/1.1" 200 149164 "-" "Mozilla/5.0 (compatible; DotBot/1.2; +https://opensiteexplorer.org/dotbot; help@moz.com)" "www.ysfine.com"
51.222.253.11 - - [26/Oct/2022:22:16:28 -0700] "GET /einstein/einqm.html HTTP/1.1" 200 4504 "-" "Mozilla/5.0 (compatible; AhrefsBot/7.0; +http://ahrefs.com/robot/)" "ysfine.com"
216.244.66.229 - - [26/Oct/2022:22:16:59 -0700] "GET /world/ital/florf03.jpg HTTP/1.1" 200 73125 "-" "Mozilla/5.0 (compatible; DotBot/1.2; +https://opensiteexplorer.org/dotbot; help@moz.com)" "www.ysfine.com"
64.124.8.45 - - [26/Oct/2022:22:17:27 -0700] "GET /world/roma.html HTTP/1.1" 200 13994 "-" "Mozilla/5.0 (X11; Linux x86_64) AppleWebKit/537.36 (KHTML, like Gecko) Chrome/61.0.3163.79 Safari/537.36" "www.ysfine.com"
216.244.66.229 - - [26/Oct/2022:22:17:29 -0700] "GET /world/ital/termini04.jpg HTTP/1.1" 200 109733 "-" "Mozilla/5.0 (compatible; DotBot/1.2; +https://opensiteexplorer.org/dotbot; help@moz.com)" "www.ysfine.com"
17.121.112.161 - - [26/Oct/2022:22:17:42 -0700] "GET /princeton/prade.html HTTP/1.1" 200 9863 "-" "Mozilla/5.0 (Macintosh; Intel Mac OS X 10_15_5) AppleWebKit/605.1.15 (KHTML, like Gecko) Version/13.1.1 Safari/605.1.15 (Applebot/0.1; +http://www.apple.com/go/applebot)" "ysfine.com"
207.46.13.104 - - [26/Oct/2022:22:17:45 -0700] "GET /princeton/brooke04.jpg HTTP/1.1" 200 117666 "-" "Mozilla/5.0 (compatible; bingbot/2.0; +http://www.bing.com/bingbot.htm)" "ysfine.com"
157.55.39.127 - - [26/Oct/2022:22:17:49 -0700] "GET /bio/kowar/index.html HTTP/1.1" 404 88 "-" "Mozilla/5.0 AppleWebKit/537.36 (KHTML, like Gecko; compatible; bingbot/2.0; +http://www.bing.com/bingbot.htm) Chrome/103.0.5060.134 Safari/537.36" "ysfine.com"
216.244.66.229 - - [26/Oct/2022:22:17:58 -0700] "GET /world/ital/vicenza04.jpg HTTP/1.1" 200 177718 "-" "Mozilla/5.0 (compatible; DotBot/1.2; +https://opensiteexplorer.org/dotbot; help@moz.com)" "www.ysfine.com"
185.191.171.20 - - [26/Oct/2022:22:18:17 -0700] "GET /feynman/restof.html HTTP/1.1" 200 4709 "-" "Mozilla/5.0 (compatible; SemrushBot/7~bl; +http://www.semrush.com/bot.html)" "www.ysfine.com"
216.244.66.229 - - [26/Oct/2022:22:18:26 -0700] "GET /world/ital/vicenza07.jpg HTTP/1.1" 200 130554 "-" "Mozilla/5.0 (compatible; DotBot/1.2; +https://opensiteexplorer.org/dotbot; help@moz.com)" "www.ysfine.com"
17.121.114.8 - - [26/Oct/2022:22:18:42 -0700] "GET /awards/timessq11d.jpg HTTP/1.1" 200 105546 "-" "Mozilla/5.0 (Macintosh; Intel Mac OS X 10_15_5) AppleWebKit/605.1.15 (KHTML, like Gecko) Version/13.1.1 Safari/605.1.15 (Applebot/0.1; +http://www.apple.com/go/applebot)" "ysfine.com"
173.73.77.36 - - [26/Oct/2022:22:19:04 -0700] "GET /philo/table11.jpg HTTP/1.1" 200 90073 "https://www.google.com/" "Mozilla/5.0 (Windows NT 10.0; Win64; x64; rv:106.0) Gecko/20100101 Firefox/106.0" "ysfine.com"
173.73.77.36 - - [26/Oct/2022:22:19:04 -0700] "GET /philo/table55.jpg HTTP/1.1" 200 107757 "https://www.google.com/" "Mozilla/5.0 (Windows NT 10.0; Win64; x64; rv:106.0) Gecko/20100101 Firefox/106.0" "ysfine.com"
66.249.66.44 - - [26/Oct/2022:22:19:07 -0700] "GET /einstein/places/einha23b.jpg HTTP/1.1" 304 - "-" "Googlebot-Image/1.0" "ysfine.com"
157.55.39.127 - - [26/Oct/2022:22:19:15 -0700] "GET /world/brit/firew05.jpg HTTP/1.1" 200 75205 "-" "Mozilla/5.0 (compatible; bingbot/2.0; +http://www.bing.com/bingbot.htm)" "ysfine.com"
216.244.66.229 - - [26/Oct/2022:22:19:18 -0700] "GET /world/ital/murano05.jpg HTTP/1.1" 200 79130 "-" "Mozilla/5.0 (compatible; DotBot/1.2; +https://opensiteexplorer.org/dotbot; help@moz.com)" "www.ysfine.com"
216.244.66.229 - - [26/Oct/2022:22:19:43 -0700] "GET /world/ital/murano08.jpg HTTP/1.1" 200 87759 "-" "Mozilla/5.0 (compatible; DotBot/1.2; +https://opensiteexplorer.org/dotbot; help@moz.com)" "www.ysfine.com"
157.55.39.127 - - [26/Oct/2022:22:19:45 -0700] "GET /world/france/louvre13.jpg HTTP/1.1" 200 64632 "-" "Mozilla/5.0 (compatible; bingbot/2.0; +http://www.bing.com/bingbot.htm)" "www.ysfine.com"
216.244.66.229 - - [26/Oct/2022:22:20:06 -0700] "GET /world/ital/vatican06.jpg HTTP/1.1" 200 74503 "-" "Mozilla/5.0 (compatible; DotBot/1.2; +https://opensiteexplorer.org/dotbot; help@moz.com)" "www.ysfine.com"
185.191.171.2 - - [26/Oct/2022:22:20:17 -0700] "GET /ysbio/newyork/nyc.html HTTP/1.1" 200 31389 "-" "Mozilla/5.0 (compatible; SemrushBot/7~bl; +http://www.semrush.com/bot.html)" "ysfine.com"
216.244.66.229 - - [26/Oct/2022:22:20:29 -0700] "GET /world/ital/vatican15.jpg HTTP/1.1" 200 85519 "-" "Mozilla/5.0 (compatible; DotBot/1.2; +https://opensiteexplorer.org/dotbot; help@moz.com)" "www.ysfine.com"
157.55.39.127 - - [26/Oct/2022:22:21:15 -0700] "GET /bio/world/season.html HTTP/1.1" 404 88 "-" "Mozilla/5.0 (compatible; bingbot/2.0; +http://www.bing.com/bingbot.htm)" "ysfine.com"
40.77.167.27 - - [26/Oct/2022:22:21:47 -0700] "GET /world/spb.html HTTP/1.1" 200 16118 "-" "Mozilla/5.0 AppleWebKit/537.36 (KHTML, like Gecko; compatible; bingbot/2.0; +http://www.bing.com/bingbot.htm) Chrome/103.0.5060.134 Safari/537.36" "ysfine.com"
40.77.167.71 - - [26/Oct/2022:22:21:54 -0700] "GET /world/andal.html HTTP/1.1" 200 10099 "-" "Mozilla/5.0 AppleWebKit/537.36 (KHTML, like Gecko; compatible; bingbot/2.0; +http://www.bing.com/bingbot.htm) Chrome/103.0.5060.134 Safari/537.36" "ysfine.com"
40.77.167.71 - - [26/Oct/2022:22:21:54 -0700] "GET /style/shops.html HTTP/1.1" 200 2829 "-" "Mozilla/5.0 AppleWebKit/537.36 (KHTML, like Gecko; compatible; bingbot/2.0; +http://www.bing.com/bingbot.htm) Chrome/103.0.5060.134 Safari/537.36" "ysfine.com"
173.73.77.36 - - [26/Oct/2022:22:21:57 -0700] "GET / HTTP/1.1" 304 - "https://www.bing.com/" "Mozilla/5.0 (Windows NT 10.0; Win64; x64) AppleWebKit/537.36 (KHTML, like Gecko) Chrome/106.0.0.0 Safari/537.36 Edg/106.0.1370.52" "www.ysfine.com"
173.73.77.36 - - [26/Oct/2022:22:21:58 -0700] "GET /favicon.ico HTTP/1.1" 404 88 "https://www.ysfine.com/" "Mozilla/5.0 (Windows NT 10.0; Win64; x64) AppleWebKit/537.36 (KHTML, like Gecko) Chrome/106.0.0.0 Safari/537.36 Edg/106.0.1370.52" "www.ysfine.com"
207.46.13.104 - - [26/Oct/2022:22:21:59 -0700] "GET /style/restau.html HTTP/1.1" 200 2149 "-" "Mozilla/5.0 (compatible; bingbot/2.0; +http://www.bing.com/bingbot.htm)" "ysfine.com"
173.73.77.36 - - [26/Oct/2022:22:22:04 -0700] "GET /awards/index.html HTTP/1.1" 200 10086 "-" "Mozilla/5.0 (Windows NT 10.0; Win64; x64) AppleWebKit/537.36 (KHTML, like Gecko) Chrome/106.0.0.0 Safari/537.36 Edg/106.0.1370.52" "ysfine.com"
173.73.77.36 - - [26/Oct/2022:22:22:04 -0700] "GET /favicon.ico HTTP/1.1" 404 88 "https://ysfine.com/awards/index.html" "Mozilla/5.0 (Windows NT 10.0; Win64; x64) AppleWebKit/537.36 (KHTML, like Gecko) Chrome/106.0.0.0 Safari/537.36 Edg/106.0.1370.52" "ysfine.com"
216.244.66.229 - - [26/Oct/2022:22:22:06 -0700] "GET /feynman/feyprince2.jpg HTTP/1.1" 200 49143 "-" "Mozilla/5.0 (compatible; DotBot/1.2; +https://opensiteexplorer.org/dotbot; help@moz.com)" "www.ysfine.com"
157.55.39.121 - - [26/Oct/2022:22:22:20 -0700] "GET /bio/kobak/soraech.html HTTP/1.1" 404 88 "-" "Mozilla/5.0 (compatible; bingbot/2.0; +http://www.bing.com/bingbot.htm)" "ysfine.com"
216.244.66.229 - - [26/Oct/2022:22:22:22 -0700] "GET /jobs/jrg.docx HTTP/1.1" 200 24072 "-" "Mozilla/5.0 (compatible; DotBot/1.2; +https://opensiteexplorer.org/dotbot; help@moz.com)" "www.ysfine.com"
64.124.8.26 - - [26/Oct/2022:22:22:25 -0700] "GET /robots.txt HTTP/1.1" 404 88 "-" "Mozilla/5.0 (X11; Linux x86_64) AppleWebKit/537.36 (KHTML, like Gecko) Chrome/61.0.3163.79 Safari/537.36" "ysfine.com"
64.124.8.26 - - [26/Oct/2022:22:22:25 -0700] "GET /world/moscow.html HTTP/1.1" 200 21363 "-" "Mozilla/5.0 (X11; Linux x86_64) AppleWebKit/537.36 (KHTML, like Gecko) Chrome/61.0.3163.79 Safari/537.36" "ysfine.com"
216.244.66.229 - - [26/Oct/2022:22:22:38 -0700] "GET /maga/phys/landau35b.jpg HTTP/1.1" 200 26143 "-" "Mozilla/5.0 (compatible; DotBot/1.2; +https://opensiteexplorer.org/dotbot; help@moz.com)" "www.ysfine.com"
47.189.29.169 - - [26/Oct/2022:22:22:39 -0700] "GET /princeton/alexan22.jpg HTTP/1.1" 200 175436 "https://www.google.com/" "Mozilla/5.0 (iPhone; CPU iPhone OS 15_6_1 like Mac OS X) AppleWebKit/605.1.15 (KHTML, like Gecko) Version/15.6.1 Mobile/15E148 Safari/604.1" "ysfine.com"
216.244.66.229 - - [26/Oct/2022:22:22:52 -0700] "GET /usca/norl/canal16.jpg HTTP/1.1" 200 120464 "-" "Mozilla/5.0 (compatible; DotBot/1.2; +https://opensiteexplorer.org/dotbot; help@moz.com)" "www.ysfine.com"
216.244.66.229 - - [26/Oct/2022:22:23:06 -0700] "GET /world/russ/kazan092.jpg HTTP/1.1" 200 46898 "-" "Mozilla/5.0 (compatible; DotBot/1.2; +https://opensiteexplorer.org/dotbot; help@moz.com)" "www.ysfine.com"
173.73.77.36 - - [26/Oct/2022:22:23:16 -0700] "GET /ysbio/awards/index.html HTTP/1.1" 200 10079 "-" "Mozilla/5.0 (Windows NT 10.0; Win64; x64) AppleWebKit/537.36 (KHTML, like Gecko) Chrome/106.0.0.0 Safari/537.36 Edg/106.0.1370.52" "www.ysfine.com"
173.73.77.36 - - [26/Oct/2022:22:23:16 -0700] "GET /ysbio/ysnr11d.jpg HTTP/1.1" 200 61140 "https://www.ysfine.com/ysbio/awards/index.html" "Mozilla/5.0 (Windows NT 10.0; Win64; x64) AppleWebKit/537.36 (KHTML, like Gecko) Chrome/106.0.0.0 Safari/537.36 Edg/106.0.1370.52" "www.ysfine.com"
173.73.77.36 - - [26/Oct/2022:22:23:16 -0700] "GET /ysbio/awards/timeline11f.jpg HTTP/1.1" 200 169039 "https://www.ysfine.com/ysbio/awards/index.html" "Mozilla/5.0 (Windows NT 10.0; Win64; x64) AppleWebKit/537.36 (KHTML, like Gecko) Chrome/106.0.0.0 Safari/537.36 Edg/106.0.1370.52" "www.ysfine.com"
173.73.77.36 - - [26/Oct/2022:22:23:16 -0700] "GET /ysbio/awards/top100d.jpg HTTP/1.1" 200 74998 "https://www.ysfine.com/ysbio/awards/index.html" "Mozilla/5.0 (Windows NT 10.0; Win64; x64) AppleWebKit/537.36 (KHTML, like Gecko) Chrome/106.0.0.0 Safari/537.36 Edg/106.0.1370.52" "www.ysfine.com"
173.73.77.36 - - [26/Oct/2022:22:23:16 -0700] "GET /ysbio/awards/fortune21f.jpg HTTP/1.1" 200 234815 "https://www.ysfine.com/ysbio/awards/index.html" "Mozilla/5.0 (Windows NT 10.0; Win64; x64) AppleWebKit/537.36 (KHTML, like Gecko) Chrome/106.0.0.0 Safari/537.36 Edg/106.0.1370.52" "www.ysfine.com"
173.73.77.36 - - [26/Oct/2022:22:23:16 -0700] "GET /ysbio/awards/einbohr25d.jpg HTTP/1.1" 200 49476 "https://www.ysfine.com/ysbio/awards/index.html" "Mozilla/5.0 (Windows NT 10.0; Win64; x64) AppleWebKit/537.36 (KHTML, like Gecko) Chrome/106.0.0.0 Safari/537.36 Edg/106.0.1370.52" "www.ysfine.com"
173.73.77.36 - - [26/Oct/2022:22:23:16 -0700] "GET /ysbio/awards/marq/marq10d.jpg HTTP/1.1" 200 77533 "https://www.ysfine.com/ysbio/awards/index.html" "Mozilla/5.0 (Windows NT 10.0; Win64; x64) AppleWebKit/537.36 (KHTML, like Gecko) Chrome/106.0.0.0 Safari/537.36 Edg/106.0.1370.52" "www.ysfine.com"
173.73.77.36 - - [26/Oct/2022:22:23:16 -0700] "GET /ysbio/awards/timessq11d.jpg HTTP/1.1" 200 105546 "https://www.ysfine.com/ysbio/awards/index.html" "Mozilla/5.0 (Windows NT 10.0; Win64; x64) AppleWebKit/537.36 (KHTML, like Gecko) Chrome/106.0.0.0 Safari/537.36 Edg/106.0.1370.52" "www.ysfine.com"
173.73.77.36 - - [26/Oct/2022:22:23:16 -0700] "GET /ysbio/awards/wsj21f.jpg HTTP/1.1" 200 172238 "https://www.ysfine.com/ysbio/awards/index.html" "Mozilla/5.0 (Windows NT 10.0; Win64; x64) AppleWebKit/537.36 (KHTML, like Gecko) Chrome/106.0.0.0 Safari/537.36 Edg/106.0.1370.52" "www.ysfine.com"
173.73.77.36 - - [26/Oct/2022:22:23:16 -0700] "GET /ysbio/awards/truck20d.jpg HTTP/1.1" 200 43868 "https://www.ysfine.com/ysbio/awards/index.html" "Mozilla/5.0 (Windows NT 10.0; Win64; x64) AppleWebKit/537.36 (KHTML, like Gecko) Chrome/106.0.0.0 Safari/537.36 Edg/106.0.1370.52" "www.ysfine.com"
173.73.77.36 - - [26/Oct/2022:22:23:16 -0700] "GET /ysbio/awards/bridge22f.jpg HTTP/1.1" 200 98225 "https://www.ysfine.com/ysbio/awards/index.html" "Mozilla/5.0 (Windows NT 10.0; Win64; x64) AppleWebKit/537.36 (KHTML, like Gecko) Chrome/106.0.0.0 Safari/537.36 Edg/106.0.1370.52" "www.ysfine.com"
173.73.77.36 - - [26/Oct/2022:22:23:16 -0700] "GET /ysbio/awards/acs20f.jpg HTTP/1.1" 200 145842 "https://www.ysfine.com/ysbio/awards/index.html" "Mozilla/5.0 (Windows NT 10.0; Win64; x64) AppleWebKit/537.36 (KHTML, like Gecko) Chrome/106.0.0.0 Safari/537.36 Edg/106.0.1370.52" "www.ysfine.com"
173.73.77.36 - - [26/Oct/2022:22:23:16 -0700] "GET /ysbio/eink/eink54f.jpg HTTP/1.1" 200 98068 "https://www.ysfine.com/ysbio/awards/index.html" "Mozilla/5.0 (Windows NT 10.0; Win64; x64) AppleWebKit/537.36 (KHTML, like Gecko) Chrome/106.0.0.0 Safari/537.36 Edg/106.0.1370.52" "www.ysfine.com"
173.73.77.36 - - [26/Oct/2022:22:23:16 -0700] "GET /ysbio/awards/feygell01d.jpg HTTP/1.1" 200 31895 "https://www.ysfine.com/ysbio/awards/index.html" "Mozilla/5.0 (Windows NT 10.0; Win64; x64) AppleWebKit/537.36 (KHTML, like Gecko) Chrome/106.0.0.0 Safari/537.36 Edg/106.0.1370.52" "www.ysfine.com"
173.73.77.36 - - [26/Oct/2022:22:23:16 -0700] "GET /ysbio/awards/marq/marq22f.jpg HTTP/1.1" 200 142401 "https://www.ysfine.com/ysbio/awards/index.html" "Mozilla/5.0 (Windows NT 10.0; Win64; x64) AppleWebKit/537.36 (KHTML, like Gecko) Chrome/106.0.0.0 Safari/537.36 Edg/106.0.1370.52" "www.ysfine.com"
173.73.77.36 - - [26/Oct/2022:22:23:16 -0700] "GET /ysbio/awards/whoswho22f.jpg HTTP/1.1" 200 106044 "https://www.ysfine.com/ysbio/awards/index.html" "Mozilla/5.0 (Windows NT 10.0; Win64; x64) AppleWebKit/537.36 (KHTML, like Gecko) Chrome/106.0.0.0 Safari/537.36 Edg/106.0.1370.52" "www.ysfine.com"
173.73.77.36 - - [26/Oct/2022:22:23:16 -0700] "GET /ysbio/awards/acs96f.jpg HTTP/1.1" 200 118636 "https://www.ysfine.com/ysbio/awards/index.html" "Mozilla/5.0 (Windows NT 10.0; Win64; x64) AppleWebKit/537.36 (KHTML, like Gecko) Chrome/106.0.0.0 Safari/537.36 Edg/106.0.1370.52" "www.ysfine.com"
173.73.77.36 - - [26/Oct/2022:22:23:16 -0700] "GET /ysbio/awards/acs55f.jpg HTTP/1.1" 200 83340 "https://www.ysfine.com/ysbio/awards/index.html" "Mozilla/5.0 (Windows NT 10.0; Win64; x64) AppleWebKit/537.36 (KHTML, like Gecko) Chrome/106.0.0.0 Safari/537.36 Edg/106.0.1370.52" "www.ysfine.com"
173.73.77.36 - - [26/Oct/2022:22:23:16 -0700] "GET /ysbio/eink/pwk450.jpg HTTP/1.1" 200 84974 "https://www.ysfine.com/ysbio/awards/index.html" "Mozilla/5.0 (Windows NT 10.0; Win64; x64) AppleWebKit/537.36 (KHTML, like Gecko) Chrome/106.0.0.0 Safari/537.36 Edg/106.0.1370.52" "www.ysfine.com"
173.73.77.36 - - [26/Oct/2022:22:23:16 -0700] "GET /ysbio/awards/eward33f.jpg HTTP/1.1" 200 86617 "https://www.ysfine.com/ysbio/awards/index.html" "Mozilla/5.0 (Windows NT 10.0; Win64; x64) AppleWebKit/537.36 (KHTML, like Gecko) Chrome/106.0.0.0 Safari/537.36 Edg/106.0.1370.52" "www.ysfine.com"
173.73.77.36 - - [26/Oct/2022:22:23:16 -0700] "GET /ysbio/home/yspr61d.jpg HTTP/1.1" 404 88 "https://www.ysfine.com/ysbio/awards/index.html" "Mozilla/5.0 (Windows NT 10.0; Win64; x64) AppleWebKit/537.36 (KHTML, like Gecko) Chrome/106.0.0.0 Safari/537.36 Edg/106.0.1370.52" "www.ysfine.com"
173.73.77.36 - - [26/Oct/2022:22:23:16 -0700] "GET /ysbio/home/ewk86f.jpg HTTP/1.1" 404 88 "https://www.ysfine.com/ysbio/awards/index.html" "Mozilla/5.0 (Windows NT 10.0; Win64; x64) AppleWebKit/537.36 (KHTML, like Gecko) Chrome/106.0.0.0 Safari/537.36 Edg/106.0.1370.52" "www.ysfine.com"
173.73.77.36 - - [26/Oct/2022:22:23:16 -0700] "GET /ysbio/awards/marq/hemis21f.jpg HTTP/1.1" 200 180095 "https://www.ysfine.com/ysbio/awards/index.html" "Mozilla/5.0 (Windows NT 10.0; Win64; x64) AppleWebKit/537.36 (KHTML, like Gecko) Chrome/106.0.0.0 Safari/537.36 Edg/106.0.1370.52" "www.ysfine.com"
173.73.77.36 - - [26/Oct/2022:22:23:16 -0700] "GET /ysbio/kobak/taylor400.jpg HTTP/1.1" 200 56181 "https://www.ysfine.com/ysbio/awards/index.html" "Mozilla/5.0 (Windows NT 10.0; Win64; x64) AppleWebKit/537.36 (KHTML, like Gecko) Chrome/106.0.0.0 Safari/537.36 Edg/106.0.1370.52" "www.ysfine.com"
173.73.77.36 - - [26/Oct/2022:22:23:16 -0700] "GET /ysbio/awards/ewk88d.jpg HTTP/1.1" 200 96031 "https://www.ysfine.com/ysbio/awards/index.html" "Mozilla/5.0 (Windows NT 10.0; Win64; x64) AppleWebKit/537.36 (KHTML, like Gecko) Chrome/106.0.0.0 Safari/537.36 Edg/106.0.1370.52" "www.ysfine.com"
202.127.202.90 - - [26/Oct/2022:22:23:17 -0700] "GET /einstein/newtwig11.jpg HTTP/1.1" 200 99366 "https://cn.bing.com/" "Mozilla/5.0 (Windows NT 10.0; Win64; x64) AppleWebKit/537.36 (KHTML, like Gecko) Chrome/106.0.0.0 Safari/537.36" "www.ysfine.com"
216.244.66.229 - - [26/Oct/2022:22:23:19 -0700] "GET /world/russ/minsk133.jpg HTTP/1.1" 200 149143 "-" "Mozilla/5.0 (compatible; DotBot/1.2; +https://opensiteexplorer.org/dotbot; help@moz.com)" "www.ysfine.com"
173.73.77.36 - - [26/Oct/2022:22:23:22 -0700] "GET /ysbio/index.html HTTP/1.1" 200 17367 "https://www.ysfine.com/ysbio/awards/index.html" "Mozilla/5.0 (Windows NT 10.0; Win64; x64) AppleWebKit/537.36 (KHTML, like Gecko) Chrome/106.0.0.0 Safari/537.36 Edg/106.0.1370.52" "www.ysfine.com"
173.73.77.36 - - [26/Oct/2022:22:23:22 -0700] "GET /ysbio/fotos/photo00c.jpg HTTP/1.1" 200 34216 "https://www.ysfine.com/ysbio/index.html" "Mozilla/5.0 (Windows NT 10.0; Win64; x64) AppleWebKit/537.36 (KHTML, like Gecko) Chrome/106.0.0.0 Safari/537.36 Edg/106.0.1370.52" "www.ysfine.com"
173.73.77.36 - - [26/Oct/2022:22:23:22 -0700] "GET /ysbio/yskim10c.jpg HTTP/1.1" 200 88826 "https://www.ysfine.com/ysbio/index.html" "Mozilla/5.0 (Windows NT 10.0; Win64; x64) AppleWebKit/537.36 (KHTML, like Gecko) Chrome/106.0.0.0 Safari/537.36 Edg/106.0.1370.52" "www.ysfine.com"
173.73.77.36 - - [26/Oct/2022:22:23:22 -0700] "GET /ysbio/ysrhee33c.jpg HTTP/1.1" 200 26817 "https://www.ysfine.com/ysbio/index.html" "Mozilla/5.0 (Windows NT 10.0; Win64; x64) AppleWebKit/537.36 (KHTML, like Gecko) Chrome/106.0.0.0 Safari/537.36 Edg/106.0.1370.52" "www.ysfine.com"
173.73.77.36 - - [26/Oct/2022:22:23:22 -0700] "GET /ysbio/fotos/photo02c.jpg HTTP/1.1" 200 37432 "https://www.ysfine.com/ysbio/index.html" "Mozilla/5.0 (Windows NT 10.0; Win64; x64) AppleWebKit/537.36 (KHTML, like Gecko) Chrome/106.0.0.0 Safari/537.36 Edg/106.0.1370.52" "www.ysfine.com"
173.73.77.36 - - [26/Oct/2022:22:23:22 -0700] "GET /ysbio/kobak/underw03c.jpg HTTP/1.1" 200 26805 "https://www.ysfine.com/ysbio/index.html" "Mozilla/5.0 (Windows NT 10.0; Win64; x64) AppleWebKit/537.36 (KHTML, like Gecko) Chrome/106.0.0.0 Safari/537.36 Edg/106.0.1370.52" "www.ysfine.com"
173.73.77.36 - - [26/Oct/2022:22:23:22 -0700] "GET /ysbio/fotos/korjap03c.jpg HTTP/1.1" 200 24308 "https://www.ysfine.com/ysbio/index.html" "Mozilla/5.0 (Windows NT 10.0; Win64; x64) AppleWebKit/537.36 (KHTML, like Gecko) Chrome/106.0.0.0 Safari/537.36 Edg/106.0.1370.52" "www.ysfine.com"
173.73.77.36 - - [26/Oct/2022:22:23:22 -0700] "GET /ysbio/wdc/eindc03c.jpg HTTP/1.1" 200 48446 "https://www.ysfine.com/ysbio/index.html" "Mozilla/5.0 (Windows NT 10.0; Win64; x64) AppleWebKit/537.36 (KHTML, like Gecko) Chrome/106.0.0.0 Safari/537.36 Edg/106.0.1370.52" "www.ysfine.com"
173.73.77.36 - - [26/Oct/2022:22:23:22 -0700] "GET /ysbio/bew22a.jpg HTTP/1.1" 200 88415 "https://www.ysfine.com/ysbio/index.html" "Mozilla/5.0 (Windows NT 10.0; Win64; x64) AppleWebKit/537.36 (KHTML, like Gecko) Chrome/106.0.0.0 Safari/537.36 Edg/106.0.1370.52" "www.ysfine.com"
173.73.77.36 - - [26/Oct/2022:22:23:22 -0700] "GET /ysbio/fotos/dirfeyn62c.jpg HTTP/1.1" 200 52150 "https://www.ysfine.com/ysbio/index.html" "Mozilla/5.0 (Windows NT 10.0; Win64; x64) AppleWebKit/537.36 (KHTML, like Gecko) Chrome/106.0.0.0 Safari/537.36 Edg/106.0.1370.52" "www.ysfine.com"
173.73.77.36 - - [26/Oct/2022:22:23:22 -0700] "GET /ysbio/fotos/photo03c.jpg HTTP/1.1" 200 23013 "https://www.ysfine.com/ysbio/index.html" "Mozilla/5.0 (Windows NT 10.0; Win64; x64) AppleWebKit/537.36 (KHTML, like Gecko) Chrome/106.0.0.0 Safari/537.36 Edg/106.0.1370.52" "www.ysfine.com"
173.73.77.36 - - [26/Oct/2022:22:23:22 -0700] "GET /ysbio/fotos/photo06c.jpg HTTP/1.1" 200 40796 "https://www.ysfine.com/ysbio/index.html" "Mozilla/5.0 (Windows NT 10.0; Win64; x64) AppleWebKit/537.36 (KHTML, like Gecko) Chrome/106.0.0.0 Safari/537.36 Edg/106.0.1370.52" "www.ysfine.com"
173.73.77.36 - - [26/Oct/2022:22:23:22 -0700] "GET /ysbio/fotos/campus06c.jpg HTTP/1.1" 200 49136 "https://www.ysfine.com/ysbio/index.html" "Mozilla/5.0 (Windows NT 10.0; Win64; x64) AppleWebKit/537.36 (KHTML, like Gecko) Chrome/106.0.0.0 Safari/537.36 Edg/106.0.1370.52" "www.ysfine.com"
173.73.77.36 - - [26/Oct/2022:22:23:22 -0700] "GET /ysbio/fotos/photo09c.jpg HTTP/1.1" 200 25413 "https://www.ysfine.com/ysbio/index.html" "Mozilla/5.0 (Windows NT 10.0; Win64; x64) AppleWebKit/537.36 (KHTML, like Gecko) Chrome/106.0.0.0 Safari/537.36 Edg/106.0.1370.52" "www.ysfine.com"
173.73.77.36 - - [26/Oct/2022:22:23:22 -0700] "GET /ysbio/fotos/photo04c.jpg HTTP/1.1" 200 39964 "https://www.ysfine.com/ysbio/index.html" "Mozilla/5.0 (Windows NT 10.0; Win64; x64) AppleWebKit/537.36 (KHTML, like Gecko) Chrome/106.0.0.0 Safari/537.36 Edg/106.0.1370.52" "www.ysfine.com"
173.73.77.36 - - [26/Oct/2022:22:23:22 -0700] "GET /ysbio/facu63c.jpg HTTP/1.1" 200 41710 "https://www.ysfine.com/ysbio/index.html" "Mozilla/5.0 (Windows NT 10.0; Win64; x64) AppleWebKit/537.36 (KHTML, like Gecko) Chrome/106.0.0.0 Safari/537.36 Edg/106.0.1370.52" "www.ysfine.com"
173.73.77.36 - - [26/Oct/2022:22:23:22 -0700] "GET /ysbio/dirac/truck/truck18c.jpg HTTP/1.1" 200 32663 "https://www.ysfine.com/ysbio/index.html" "Mozilla/5.0 (Windows NT 10.0; Win64; x64) AppleWebKit/537.36 (KHTML, like Gecko) Chrome/106.0.0.0 Safari/537.36 Edg/106.0.1370.52" "www.ysfine.com"
173.73.77.36 - - [26/Oct/2022:22:23:22 -0700] "GET /ysbio/eward55a.jpg HTTP/1.1" 200 84523 "https://www.ysfine.com/ysbio/index.html" "Mozilla/5.0 (Windows NT 10.0; Win64; x64) AppleWebKit/537.36 (KHTML, like Gecko) Chrome/106.0.0.0 Safari/537.36 Edg/106.0.1370.52" "www.ysfine.com"
173.73.77.36 - - [26/Oct/2022:22:23:22 -0700] "GET /ysbio/sq600c.jpg HTTP/1.1" 200 18492 "https://www.ysfine.com/ysbio/index.html" "Mozilla/5.0 (Windows NT 10.0; Win64; x64) AppleWebKit/537.36 (KHTML, like Gecko) Chrome/106.0.0.0 Safari/537.36 Edg/106.0.1370.52" "www.ysfine.com"
173.73.77.36 - - [26/Oct/2022:22:23:22 -0700] "GET /ysbio/yspr61c.jpg HTTP/1.1" 200 50632 "https://www.ysfine.com/ysbio/index.html" "Mozilla/5.0 (Windows NT 10.0; Win64; x64) AppleWebKit/537.36 (KHTML, like Gecko) Chrome/106.0.0.0 Safari/537.36 Edg/106.0.1370.52" "www.ysfine.com"
173.73.77.36 - - [26/Oct/2022:22:23:22 -0700] "GET /ysbio/canal55c.jpg HTTP/1.1" 200 41665 "https://www.ysfine.com/ysbio/index.html" "Mozilla/5.0 (Windows NT 10.0; Win64; x64) AppleWebKit/537.36 (KHTML, like Gecko) Chrome/106.0.0.0 Safari/537.36 Edg/106.0.1370.52" "www.ysfine.com"
173.73.77.36 - - [26/Oct/2022:22:23:22 -0700] "GET /ysbio/eink77c.jpg HTTP/1.1" 200 47471 "https://www.ysfine.com/ysbio/index.html" "Mozilla/5.0 (Windows NT 10.0; Win64; x64) AppleWebKit/537.36 (KHTML, like Gecko) Chrome/106.0.0.0 Safari/537.36 Edg/106.0.1370.52" "www.ysfine.com"
173.73.77.36 - - [26/Oct/2022:22:23:22 -0700] "GET /ysbio/fotos/einhaus450.jpg HTTP/1.1" 200 65369 "https://www.ysfine.com/ysbio/index.html" "Mozilla/5.0 (Windows NT 10.0; Win64; x64) AppleWebKit/537.36 (KHTML, like Gecko) Chrome/106.0.0.0 Safari/537.36 Edg/106.0.1370.52" "www.ysfine.com"
173.73.77.36 - - [26/Oct/2022:22:23:22 -0700] "GET /ysbio/ewk86a.jpg HTTP/1.1" 200 86008 "https://www.ysfine.com/ysbio/index.html" "Mozilla/5.0 (Windows NT 10.0; Win64; x64) AppleWebKit/537.36 (KHTML, like Gecko) Chrome/106.0.0.0 Safari/537.36 Edg/106.0.1370.52" "www.ysfine.com"
173.73.77.36 - - [26/Oct/2022:22:23:22 -0700] "GET /ysbio/fotos/taylor33c.jpg HTTP/1.1" 200 41811 "https://www.ysfine.com/ysbio/index.html" "Mozilla/5.0 (Windows NT 10.0; Win64; x64) AppleWebKit/537.36 (KHTML, like Gecko) Chrome/106.0.0.0 Safari/537.36 Edg/106.0.1370.52" "www.ysfine.com"
