173.73.77.36 - - [26/Oct/2022:22:23:22 -0700] "GET /ysbio/family66a.jpg HTTP/1.1" 200 66365 "https://www.ysfine.com/ysbio/index.html" "Mozilla/5.0 (Windows NT 10.0; Win64; x64) AppleWebKit/537.36 (KHTML, like Gecko) Chrome/106.0.0.0 Safari/537.36 Edg/106.0.1370.52" "www.ysfine.com"
173.73.77.36 - - [26/Oct/2022:22:23:22 -0700] "GET /ysbio/wigner/tollwig11c.jpg HTTP/1.1" 200 30497 "https://www.ysfine.com/ysbio/index.html" "Mozilla/5.0 (Windows NT 10.0; Win64; x64) AppleWebKit/537.36 (KHTML, like Gecko) Chrome/106.0.0.0 Safari/537.36 Edg/106.0.1370.52" "www.ysfine.com"
173.73.77.36 - - [26/Oct/2022:22:23:22 -0700] "GET /ysbio/fotos/photo12c.jpg HTTP/1.1" 200 31719 "https://www.ysfine.com/ysbio/index.html" "Mozilla/5.0 (Windows NT 10.0; Win64; x64) AppleWebKit/537.36 (KHTML, like Gecko) Chrome/106.0.0.0 Safari/537.36 Edg/106.0.1370.52" "www.ysfine.com"
173.73.77.36 - - [26/Oct/2022:22:23:22 -0700] "GET /ysbio/fotos/seoul50k.jpg HTTP/1.1" 200 98437 "https://www.ysfine.com/ysbio/index.html" "Mozilla/5.0 (Windows NT 10.0; Win64; x64) AppleWebKit/537.36 (KHTML, like Gecko) Chrome/106.0.0.0 Safari/537.36 Edg/106.0.1370.52" "www.ysfine.com"
173.73.77.36 - - [26/Oct/2022:22:23:22 -0700] "GET /ysbio/fotos/105c.jpg HTTP/1.1" 200 41825 "https://www.ysfine.com/ysbio/index.html" "Mozilla/5.0 (Windows NT 10.0; Win64; x64) AppleWebKit/537.36 (KHTML, like Gecko) Chrome/106.0.0.0 Safari/537.36 Edg/106.0.1370.52" "www.ysfine.com"
173.73.77.36 - - [26/Oct/2022:22:23:22 -0700] "GET /ysbio/style/bstring33c.jpg HTTP/1.1" 200 28940 "https://www.ysfine.com/ysbio/index.html" "Mozilla/5.0 (Windows NT 10.0; Win64; x64) AppleWebKit/537.36 (KHTML, like Gecko) Chrome/106.0.0.0 Safari/537.36 Edg/106.0.1370.52" "www.ysfine.com"
173.73.77.36 - - [26/Oct/2022:22:23:22 -0700] "GET /ysbio/fotos/104c.jpg HTTP/1.1" 200 35089 "https://www.ysfine.com/ysbio/index.html" "Mozilla/5.0 (Windows NT 10.0; Win64; x64) AppleWebKit/537.36 (KHTML, like Gecko) Chrome/106.0.0.0 Safari/537.36 Edg/106.0.1370.52" "www.ysfine.com"
173.73.77.36 - - [26/Oct/2022:22:23:22 -0700] "GET /ysbio/fotos/103c.jpg HTTP/1.1" 200 32825 "https://www.ysfine.com/ysbio/index.html" "Mozilla/5.0 (Windows NT 10.0; Win64; x64) AppleWebKit/537.36 (KHTML, like Gecko) Chrome/106.0.0.0 Safari/537.36 Edg/106.0.1370.52" "www.ysfine.com"
173.73.77.36 - - [26/Oct/2022:22:23:22 -0700] "GET /ysbio/kobak/swr51c.jpg HTTP/1.1" 200 35677 "https://www.ysfine.com/ysbio/index.html" "Mozilla/5.0 (Windows NT 10.0; Win64; x64) AppleWebKit/537.36 (KHTML, like Gecko) Chrome/106.0.0.0 Safari/537.36 Edg/106.0.1370.52" "www.ysfine.com"
173.73.77.36 - - [26/Oct/2022:22:23:22 -0700] "GET /ysbio/fotos/photo05c.jpg HTTP/1.1" 200 39109 "https://www.ysfine.com/ysbio/index.html" "Mozilla/5.0 (Windows NT 10.0; Win64; x64) AppleWebKit/537.36 (KHTML, like Gecko) Chrome/106.0.0.0 Safari/537.36 Edg/106.0.1370.52" "www.ysfine.com"
173.73.77.36 - - [26/Oct/2022:22:23:22 -0700] "GET /ysbio/fotos/photo08c.jpg HTTP/1.1" 200 28474 "https://www.ysfine.com/ysbio/index.html" "Mozilla/5.0 (Windows NT 10.0; Win64; x64) AppleWebKit/537.36 (KHTML, like Gecko) Chrome/106.0.0.0 Safari/537.36 Edg/106.0.1370.52" "www.ysfine.com"
173.73.77.36 - - [26/Oct/2022:22:23:22 -0700] "GET /ysbio/dirac/dirbust22c.jpg HTTP/1.1" 200 36029 "https://www.ysfine.com/ysbio/index.html" "Mozilla/5.0 (Windows NT 10.0; Win64; x64) AppleWebKit/537.36 (KHTML, like Gecko) Chrome/106.0.0.0 Safari/537.36 Edg/106.0.1370.52" "www.ysfine.com"
173.73.77.36 - - [26/Oct/2022:22:23:22 -0700] "GET /ysbio/fotos/kids20a.jpg HTTP/1.1" 200 58866 "https://www.ysfine.com/ysbio/index.html" "Mozilla/5.0 (Windows NT 10.0; Win64; x64) AppleWebKit/537.36 (KHTML, like Gecko) Chrome/106.0.0.0 Safari/537.36 Edg/106.0.1370.52" "www.ysfine.com"
173.73.77.36 - - [26/Oct/2022:22:23:22 -0700] "GET /ysbio/comet40c.jpg HTTP/1.1" 200 41188 "https://www.ysfine.com/ysbio/index.html" "Mozilla/5.0 (Windows NT 10.0; Win64; x64) AppleWebKit/537.36 (KHTML, like Gecko) Chrome/106.0.0.0 Safari/537.36 Edg/106.0.1370.52" "www.ysfine.com"
173.73.77.36 - - [26/Oct/2022:22:23:22 -0700] "GET /ysbio/resonance33c.jpg HTTP/1.1" 200 36247 "https://www.ysfine.com/ysbio/index.html" "Mozilla/5.0 (Windows NT 10.0; Win64; x64) AppleWebKit/537.36 (KHTML, like Gecko) Chrome/106.0.0.0 Safari/537.36 Edg/106.0.1370.52" "www.ysfine.com"
173.73.77.36 - - [26/Oct/2022:22:23:22 -0700] "GET /ysbio/fotos/gongdae54a.jpg HTTP/1.1" 200 58026 "https://www.ysfine.com/ysbio/index.html" "Mozilla/5.0 (Windows NT 10.0; Win64; x64) AppleWebKit/537.36 (KHTML, like Gecko) Chrome/106.0.0.0 Safari/537.36 Edg/106.0.1370.52" "www.ysfine.com"
173.73.77.36 - - [26/Oct/2022:22:23:22 -0700] "GET /ysbio/yspapers/iop20c.jpg HTTP/1.1" 200 29134 "https://www.ysfine.com/ysbio/index.html" "Mozilla/5.0 (Windows NT 10.0; Win64; x64) AppleWebKit/537.36 (KHTML, like Gecko) Chrome/106.0.0.0 Safari/537.36 Edg/106.0.1370.52" "www.ysfine.com"
173.73.77.36 - - [26/Oct/2022:22:23:22 -0700] "GET /ysbio/fotos/marxlon02c.jpg HTTP/1.1" 200 47919 "https://www.ysfine.com/ysbio/index.html" "Mozilla/5.0 (Windows NT 10.0; Win64; x64) AppleWebKit/537.36 (KHTML, like Gecko) Chrome/106.0.0.0 Safari/537.36 Edg/106.0.1370.52" "www.ysfine.com"
173.73.77.36 - - [26/Oct/2022:22:23:22 -0700] "GET /ysbio/fotos/house99d.jpg HTTP/1.1" 200 38264 "https://www.ysfine.com/ysbio/index.html" "Mozilla/5.0 (Windows NT 10.0; Win64; x64) AppleWebKit/537.36 (KHTML, like Gecko) Chrome/106.0.0.0 Safari/537.36 Edg/106.0.1370.52" "www.ysfine.com"
173.73.77.36 - - [26/Oct/2022:22:23:22 -0700] "GET /ysbio/fotos/wsj450.jpg HTTP/1.1" 200 68132 "https://www.ysfine.com/ysbio/index.html" "Mozilla/5.0 (Windows NT 10.0; Win64; x64) AppleWebKit/537.36 (KHTML, like Gecko) Chrome/106.0.0.0 Safari/537.36 Edg/106.0.1370.52" "www.ysfine.com"
173.73.77.36 - - [26/Oct/2022:22:23:22 -0700] "GET /ysbio/fotos/101c.jpg HTTP/1.1" 200 37079 "https://www.ysfine.com/ysbio/index.html" "Mozilla/5.0 (Windows NT 10.0; Win64; x64) AppleWebKit/537.36 (KHTML, like Gecko) Chrome/106.0.0.0 Safari/537.36 Edg/106.0.1370.52" "www.ysfine.com"
173.73.77.36 - - [26/Oct/2022:22:23:22 -0700] "GET /ysbio/wdc/jeffm02c.jpg HTTP/1.1" 200 27659 "https://www.ysfine.com/ysbio/index.html" "Mozilla/5.0 (Windows NT 10.0; Win64; x64) AppleWebKit/537.36 (KHTML, like Gecko) Chrome/106.0.0.0 Safari/537.36 Edg/106.0.1370.52" "www.ysfine.com"
51.222.253.12 - - [26/Oct/2022:22:23:24 -0700] "GET /ysbio/kowar/tanks.html HTTP/1.1" 200 8702 "-" "Mozilla/5.0 (compatible; AhrefsBot/7.0; +http://ahrefs.com/robot/)" "www.ysfine.com"
157.55.39.127 - - [26/Oct/2022:22:23:45 -0700] "GET /people/birman.jpg HTTP/1.1" 200 69528 "-" "Mozilla/5.0 AppleWebKit/537.36 (KHTML, like Gecko; compatible; bingbot/2.0; +http://www.bing.com/bingbot.htm) Chrome/103.0.5060.134 Safari/537.36" "ysfine.com"
173.73.77.36 - - [26/Oct/2022:22:23:53 -0700] "GET /ysbio/bio03.html HTTP/1.1" 200 12296 "https://www.ysfine.com/ysbio/index.html" "Mozilla/5.0 (Windows NT 10.0; Win64; x64) AppleWebKit/537.36 (KHTML, like Gecko) Chrome/106.0.0.0 Safari/537.36 Edg/106.0.1370.52" "www.ysfine.com"
173.73.77.36 - - [26/Oct/2022:22:23:54 -0700] "GET /ysbio/fotos/acs22f.jpg HTTP/1.1" 200 107067 "https://www.ysfine.com/ysbio/bio03.html" "Mozilla/5.0 (Windows NT 10.0; Win64; x64) AppleWebKit/537.36 (KHTML, like Gecko) Chrome/106.0.0.0 Safari/537.36 Edg/106.0.1370.52" "www.ysfine.com"
173.73.77.36 - - [26/Oct/2022:22:23:54 -0700] "GET /ysbio/fotos/kazan017d.jpg HTTP/1.1" 200 51055 "https://www.ysfine.com/ysbio/bio03.html" "Mozilla/5.0 (Windows NT 10.0; Win64; x64) AppleWebKit/537.36 (KHTML, like Gecko) Chrome/106.0.0.0 Safari/537.36 Edg/106.0.1370.52" "www.ysfine.com"
173.73.77.36 - - [26/Oct/2022:22:23:54 -0700] "GET /ysbio/fotos/ys53d.jpg HTTP/1.1" 200 47161 "https://www.ysfine.com/ysbio/bio03.html" "Mozilla/5.0 (Windows NT 10.0; Win64; x64) AppleWebKit/537.36 (KHTML, like Gecko) Chrome/106.0.0.0 Safari/537.36 Edg/106.0.1370.52" "www.ysfine.com"
173.73.77.36 - - [26/Oct/2022:22:23:54 -0700] "GET /ysbio/fotos/acs96f.jpg HTTP/1.1" 200 118636 "https://www.ysfine.com/ysbio/bio03.html" "Mozilla/5.0 (Windows NT 10.0; Win64; x64) AppleWebKit/537.36 (KHTML, like Gecko) Chrome/106.0.0.0 Safari/537.36 Edg/106.0.1370.52" "www.ysfine.com"
173.73.77.36 - - [26/Oct/2022:22:23:54 -0700] "GET /ysbio/fotos/taylor54d.jpg HTTP/1.1" 200 77792 "https://www.ysfine.com/ysbio/bio03.html" "Mozilla/5.0 (Windows NT 10.0; Win64; x64) AppleWebKit/537.36 (KHTML, like Gecko) Chrome/106.0.0.0 Safari/537.36 Edg/106.0.1370.52" "www.ysfine.com"
173.73.77.36 - - [26/Oct/2022:22:23:54 -0700] "GET /ysbio/fotos/tank05d.jpg HTTP/1.1" 200 52601 "https://www.ysfine.com/ysbio/bio03.html" "Mozilla/5.0 (Windows NT 10.0; Win64; x64) AppleWebKit/537.36 (KHTML, like Gecko) Chrome/106.0.0.0 Safari/537.36 Edg/106.0.1370.52" "www.ysfine.com"
173.73.77.36 - - [26/Oct/2022:22:23:54 -0700] "GET /einstein/einbohr11c.jpg HTTP/1.1" 200 40181 "https://www.ysfine.com/ysbio/bio03.html" "Mozilla/5.0 (Windows NT 10.0; Win64; x64) AppleWebKit/537.36 (KHTML, like Gecko) Chrome/106.0.0.0 Safari/537.36 Edg/106.0.1370.52" "www.ysfine.com"
173.73.77.36 - - [26/Oct/2022:22:23:54 -0700] "GET /ysbio/ewk86f.jpg HTTP/1.1" 200 123121 "https://www.ysfine.com/ysbio/bio03.html" "Mozilla/5.0 (Windows NT 10.0; Win64; x64) AppleWebKit/537.36 (KHTML, like Gecko) Chrome/106.0.0.0 Safari/537.36 Edg/106.0.1370.52" "www.ysfine.com"
173.73.77.36 - - [26/Oct/2022:22:23:54 -0700] "GET /awards/wsj450.jpg HTTP/1.1" 200 67847 "https://www.ysfine.com/ysbio/bio03.html" "Mozilla/5.0 (Windows NT 10.0; Win64; x64) AppleWebKit/537.36 (KHTML, like Gecko) Chrome/106.0.0.0 Safari/537.36 Edg/106.0.1370.52" "www.ysfine.com"
173.73.77.36 - - [26/Oct/2022:22:23:54 -0700] "GET /ysbio/eward33f.jpg HTTP/1.1" 200 86617 "https://www.ysfine.com/ysbio/bio03.html" "Mozilla/5.0 (Windows NT 10.0; Win64; x64) AppleWebKit/537.36 (KHTML, like Gecko) Chrome/106.0.0.0 Safari/537.36 Edg/106.0.1370.52" "www.ysfine.com"
173.73.77.36 - - [26/Oct/2022:22:23:54 -0700] "GET /ysbio/tallm53f.jpg HTTP/1.1" 200 132310 "https://www.ysfine.com/ysbio/bio03.html" "Mozilla/5.0 (Windows NT 10.0; Win64; x64) AppleWebKit/537.36 (KHTML, like Gecko) Chrome/106.0.0.0 Safari/537.36 Edg/106.0.1370.52" "www.ysfine.com"
173.73.77.36 - - [26/Oct/2022:22:23:54 -0700] "GET /ysbio/kiwi86f.jpg HTTP/1.1" 200 91790 "https://www.ysfine.com/ysbio/bio03.html" "Mozilla/5.0 (Windows NT 10.0; Win64; x64) AppleWebKit/537.36 (KHTML, like Gecko) Chrome/106.0.0.0 Safari/537.36 Edg/106.0.1370.52" "www.ysfine.com"
173.73.77.36 - - [26/Oct/2022:22:23:54 -0700] "GET /ysbio/fotos/cafe33f.jpg HTTP/1.1" 200 147078 "https://www.ysfine.com/ysbio/bio03.html" "Mozilla/5.0 (Windows NT 10.0; Win64; x64) AppleWebKit/537.36 (KHTML, like Gecko) Chrome/106.0.0.0 Safari/537.36 Edg/106.0.1370.52" "www.ysfine.com"
173.73.77.36 - - [26/Oct/2022:22:23:54 -0700] "GET /ysbio/mac05f.jpg HTTP/1.1" 200 98400 "https://www.ysfine.com/ysbio/bio03.html" "Mozilla/5.0 (Windows NT 10.0; Win64; x64) AppleWebKit/537.36 (KHTML, like Gecko) Chrome/106.0.0.0 Safari/537.36 Edg/106.0.1370.52" "www.ysfine.com"
173.73.77.36 - - [26/Oct/2022:22:23:54 -0700] "GET /ysbio/fotos/busan22d.jpg HTTP/1.1" 200 35419 "https://www.ysfine.com/ysbio/bio03.html" "Mozilla/5.0 (Windows NT 10.0; Win64; x64) AppleWebKit/537.36 (KHTML, like Gecko) Chrome/106.0.0.0 Safari/537.36 Edg/106.0.1370.52" "www.ysfine.com"
173.73.77.36 - - [26/Oct/2022:22:23:54 -0700] "GET /ysbio/fotos/wigner62d.jpg HTTP/1.1" 200 82402 "https://www.ysfine.com/ysbio/bio03.html" "Mozilla/5.0 (Windows NT 10.0; Win64; x64) AppleWebKit/537.36 (KHTML, like Gecko) Chrome/106.0.0.0 Safari/537.36 Edg/106.0.1370.52" "www.ysfine.com"
173.73.77.36 - - [26/Oct/2022:22:23:54 -0700] "GET /ysbio/figs/gtown47d.jpg HTTP/1.1" 200 46996 "https://www.ysfine.com/ysbio/bio03.html" "Mozilla/5.0 (Windows NT 10.0; Win64; x64) AppleWebKit/537.36 (KHTML, like Gecko) Chrome/106.0.0.0 Safari/537.36 Edg/106.0.1370.52" "www.ysfine.com"
173.73.77.36 - - [26/Oct/2022:22:23:54 -0700] "GET /ysbio/fotos/photo05d.jpg HTTP/1.1" 200 61216 "https://www.ysfine.com/ysbio/bio03.html" "Mozilla/5.0 (Windows NT 10.0; Win64; x64) AppleWebKit/537.36 (KHTML, like Gecko) Chrome/106.0.0.0 Safari/537.36 Edg/106.0.1370.52" "www.ysfine.com"
173.73.77.36 - - [26/Oct/2022:22:23:54 -0700] "GET /ysbio/pungsin11f.jpg HTTP/1.1" 200 68536 "https://www.ysfine.com/ysbio/bio03.html" "Mozilla/5.0 (Windows NT 10.0; Win64; x64) AppleWebKit/537.36 (KHTML, like Gecko) Chrome/106.0.0.0 Safari/537.36 Edg/106.0.1370.52" "www.ysfine.com"
173.73.77.36 - - [26/Oct/2022:22:23:54 -0700] "GET /ysbio/fotos/tank03d.jpg HTTP/1.1" 200 73123 "https://www.ysfine.com/ysbio/bio03.html" "Mozilla/5.0 (Windows NT 10.0; Win64; x64) AppleWebKit/537.36 (KHTML, like Gecko) Chrome/106.0.0.0 Safari/537.36 Edg/106.0.1370.52" "www.ysfine.com"
173.73.77.36 - - [26/Oct/2022:22:23:54 -0700] "GET /ysbio/fotos/photo03d.jpg HTTP/1.1" 200 33647 "https://www.ysfine.com/ysbio/bio03.html" "Mozilla/5.0 (Windows NT 10.0; Win64; x64) AppleWebKit/537.36 (KHTML, like Gecko) Chrome/106.0.0.0 Safari/537.36 Edg/106.0.1370.52" "www.ysfine.com"
173.73.77.36 - - [26/Oct/2022:22:23:54 -0700] "GET /ysbio/fotos/photo04d.jpg HTTP/1.1" 200 61007 "https://www.ysfine.com/ysbio/bio03.html" "Mozilla/5.0 (Windows NT 10.0; Win64; x64) AppleWebKit/537.36 (KHTML, like Gecko) Chrome/106.0.0.0 Safari/537.36 Edg/106.0.1370.52" "www.ysfine.com"
173.73.77.36 - - [26/Oct/2022:22:23:54 -0700] "GET /ysbio/fotos/tallm11d.jpg HTTP/1.1" 200 32321 "https://www.ysfine.com/ysbio/bio03.html" "Mozilla/5.0 (Windows NT 10.0; Win64; x64) AppleWebKit/537.36 (KHTML, like Gecko) Chrome/106.0.0.0 Safari/537.36 Edg/106.0.1370.52" "www.ysfine.com"
173.73.77.36 - - [26/Oct/2022:22:23:54 -0700] "GET /ysbio/figs/waskor042d.jpg HTTP/1.1" 200 43502 "https://www.ysfine.com/ysbio/bio03.html" "Mozilla/5.0 (Windows NT 10.0; Win64; x64) AppleWebKit/537.36 (KHTML, like Gecko) Chrome/106.0.0.0 Safari/537.36 Edg/106.0.1370.52" "www.ysfine.com"
173.73.77.36 - - [26/Oct/2022:22:23:54 -0700] "GET /ysbio/fotos/acs73f.jpg HTTP/1.1" 200 284573 "https://www.ysfine.com/ysbio/bio03.html" "Mozilla/5.0 (Windows NT 10.0; Win64; x64) AppleWebKit/537.36 (KHTML, like Gecko) Chrome/106.0.0.0 Safari/537.36 Edg/106.0.1370.52" "www.ysfine.com"
40.77.167.71 - - [26/Oct/2022:22:24:15 -0700] "GET /beau/amkor/daria01b.jpg HTTP/1.1" 404 88 "-" "Mozilla/5.0 (compatible; bingbot/2.0; +http://www.bing.com/bingbot.htm)" "ysfine.com"
40.77.167.27 - - [26/Oct/2022:22:24:38 -0700] "GET /world/ital/panth12.jpg HTTP/1.1" 200 95859 "-" "Mozilla/5.0 AppleWebKit/537.36 (KHTML, like Gecko; compatible; bingbot/2.0; +http://www.bing.com/bingbot.htm) Chrome/103.0.5060.134 Safari/537.36" "ysfine.com"
216.244.66.229 - - [26/Oct/2022:22:24:43 -0700] "GET /einstein/bohradius11.jpg HTTP/1.1" 200 68787 "-" "Mozilla/5.0 (compatible; DotBot/1.2; +https://opensiteexplorer.org/dotbot; help@moz.com)" "www.ysfine.com"
157.55.39.121 - - [26/Oct/2022:22:24:59 -0700] "GET /kobak/draftreg11b.jpg HTTP/1.1" 200 51376 "-" "Mozilla/5.0 (compatible; bingbot/2.0; +http://www.bing.com/bingbot.htm)" "www.ysfine.com"
216.244.66.229 - - [26/Oct/2022:22:25:05 -0700] "GET /style/spbpiano.html HTTP/1.1" 200 5257 "-" "Mozilla/5.0 (compatible; DotBot/1.2; +https://opensiteexplorer.org/dotbot; help@moz.com)" "www.ysfine.com"
216.244.66.229 - - [26/Oct/2022:22:25:25 -0700] "GET /world/germany/hofbrau33.jpg HTTP/1.1" 200 97307 "-" "Mozilla/5.0 (compatible; DotBot/1.2; +https://opensiteexplorer.org/dotbot; help@moz.com)" "www.ysfine.com"
40.77.167.27 - - [26/Oct/2022:22:25:28 -0700] "GET /world/france/pantheon08.jpg HTTP/1.1" 200 83787 "-" "Mozilla/5.0 AppleWebKit/537.36 (KHTML, like Gecko; compatible; bingbot/2.0; +http://www.bing.com/bingbot.htm) Chrome/103.0.5060.134 Safari/537.36" "www.ysfine.com"
77.88.5.245 - - [26/Oct/2022:22:25:33 -0700] "GET /princeton/mudd33.jpg HTTP/1.1" 200 176719 "-" "Mozilla/5.0 (compatible; YandexImages/3.0; +http://yandex.com/bots)" "ysfine.com"
216.244.66.229 - - [26/Oct/2022:22:25:44 -0700] "GET /world/china/beijing010.jpg HTTP/1.1" 200 91941 "-" "Mozilla/5.0 (compatible; DotBot/1.2; +https://opensiteexplorer.org/dotbot; help@moz.com)" "www.ysfine.com"
216.244.66.229 - - [26/Oct/2022:22:26:03 -0700] "GET /yspapers/symmetry13.pdf HTTP/1.1" 200 303195 "-" "Mozilla/5.0 (compatible; DotBot/1.2; +https://opensiteexplorer.org/dotbot; help@moz.com)" "www.ysfine.com"
157.55.39.121 - - [26/Oct/2022:22:26:10 -0700] "GET /people/bhagat2.jpg HTTP/1.1" 200 33854 "-" "Mozilla/5.0 AppleWebKit/537.36 (KHTML, like Gecko; compatible; bingbot/2.0; +http://www.bing.com/bingbot.htm) Chrome/103.0.5060.134 Safari/537.36" "www.ysfine.com"
128.12.123.180 - - [26/Oct/2022:22:26:23 -0700] "GET /home/book91.html HTTP/1.1" 200 6339 "https://www.google.com/" "Mozilla/5.0 (Macintosh; Intel Mac OS X 10_15_7) AppleWebKit/605.1.15 (KHTML, like Gecko) Version/15.5 Safari/605.1.15" "ysfine.com"
128.12.123.180 - - [26/Oct/2022:22:26:23 -0700] "GET /home/sq66.jpg HTTP/1.1" 404 88 "https://ysfine.com/home/book91.html" "Mozilla/5.0 (Macintosh; Intel Mac OS X 10_15_7) AppleWebKit/605.1.15 (KHTML, like Gecko) Version/15.5 Safari/605.1.15" "ysfine.com"
128.12.123.180 - - [26/Oct/2022:22:26:23 -0700] "GET /favicon.ico HTTP/1.1" 404 88 "https://ysfine.com/home/book91.html" "Mozilla/5.0 (Macintosh; Intel Mac OS X 10_15_7) AppleWebKit/605.1.15 (KHTML, like Gecko) Version/15.5 Safari/605.1.15" "ysfine.com"
40.77.167.27 - - [26/Oct/2022:22:26:48 -0700] "GET /style/musee/arles06.jpg HTTP/1.1" 200 85536 "-" "Mozilla/5.0 (compatible; bingbot/2.0; +http://www.bing.com/bingbot.htm)" "ysfine.com"
216.244.66.229 - - [26/Oct/2022:22:26:52 -0700] "GET /world/hungary/liszt02.jpg HTTP/1.1" 200 149140 "-" "Mozilla/5.0 (compatible; DotBot/1.2; +https://opensiteexplorer.org/dotbot; help@moz.com)" "www.ysfine.com"
216.244.66.229 - - [26/Oct/2022:22:27:06 -0700] "GET /world/russ/kazakh01.jpg HTTP/1.1" 200 53149 "-" "Mozilla/5.0 (compatible; DotBot/1.2; +https://opensiteexplorer.org/dotbot; help@moz.com)" "www.ysfine.com"
157.55.39.14 - - [26/Oct/2022:22:27:07 -0700] "GET /bio/kobak/namdae.html HTTP/1.1" 404 88 "-" "Mozilla/5.0 (compatible; bingbot/2.0; +http://www.bing.com/bingbot.htm)" "ysfine.com"
157.55.39.127 - - [26/Oct/2022:22:27:26 -0700] "GET /kobak/sorae/church01.jpg HTTP/1.1" 200 371390 "-" "Mozilla/5.0 (compatible; bingbot/2.0; +http://www.bing.com/bingbot.htm)" "www.ysfine.com"
157.55.39.127 - - [26/Oct/2022:22:27:46 -0700] "GET /world/russ/kazan018.jpg HTTP/1.1" 200 84894 "-" "Mozilla/5.0 (compatible; bingbot/2.0; +http://www.bing.com/bingbot.htm)" "www.ysfine.com"
207.46.13.104 - - [26/Oct/2022:22:28:17 -0700] "GET /kobak/ysk54.jpg HTTP/1.1" 200 32641 "-" "Mozilla/5.0 (compatible; bingbot/2.0; +http://www.bing.com/bingbot.htm)" "ysfine.com"
157.55.39.127 - - [26/Oct/2022:22:28:45 -0700] "GET /world/ital/verona13.jpg HTTP/1.1" 200 80284 "-" "Mozilla/5.0 AppleWebKit/537.36 (KHTML, like Gecko; compatible; bingbot/2.0; +http://www.bing.com/bingbot.htm) Chrome/103.0.5060.134 Safari/537.36" "ysfine.com"
185.191.171.24 - - [26/Oct/2022:22:28:49 -0700] "GET /feynman/feyheg.html HTTP/1.1" 200 6341 "-" "Mozilla/5.0 (compatible; SemrushBot/7~bl; +http://www.semrush.com/bot.html)" "ysfine.com"
65.18.121.44 - - [26/Oct/2022:22:28:50 -0700] "GET /dongio/amkor/kgirls02a.jpg HTTP/1.1" 404 88 "https://www.google.com/blank.html" "Mozilla/5.0 (Linux; Android 10; SM-A205F Build/QP1A.190711.020; wv) AppleWebKit/537.36 (KHTML, like Gecko) Version/4.0 Chrome/81.0.4044.138 Mobile Safari/537.36 GSA/12.38.23.23.arm64" "ysfine.com"
216.244.66.229 - - [26/Oct/2022:22:28:50 -0700] "GET /confer/conbot.html HTTP/1.1" 200 169 "-" "Mozilla/5.0 (compatible; DotBot/1.2; +https://opensiteexplorer.org/dotbot; help@moz.com)" "www.ysfine.com"
216.244.66.229 - - [26/Oct/2022:22:28:51 -0700] "GET /philo/marx06.jpg HTTP/1.1" 200 168835 "-" "Mozilla/5.0 (compatible; DotBot/1.2; +https://opensiteexplorer.org/dotbot; help@moz.com)" "www.ysfine.com"
216.244.66.229 - - [26/Oct/2022:22:28:53 -0700] "GET /class54/class5470/total_data/sub_617.htm HTTP/1.1" 200 12749 "-" "Mozilla/5.0 (compatible; DotBot/1.2; +https://opensiteexplorer.org/dotbot; help@moz.com)" "www.ysfine.com"
216.244.66.229 - - [26/Oct/2022:22:28:54 -0700] "GET /class54/class5470/total_data/sub_8153.htm HTTP/1.1" 200 15748 "-" "Mozilla/5.0 (compatible; DotBot/1.2; +https://opensiteexplorer.org/dotbot; help@moz.com)" "www.ysfine.com"
216.244.66.229 - - [26/Oct/2022:22:28:55 -0700] "GET /class54/class5470/total_data/sub_817.htm HTTP/1.1" 200 16174 "-" "Mozilla/5.0 (compatible; DotBot/1.2; +https://opensiteexplorer.org/dotbot; help@moz.com)" "www.ysfine.com"
216.244.66.229 - - [26/Oct/2022:22:28:56 -0700] "GET /class54/class5470/total_data/sub_8181.htm HTTP/1.1" 200 15749 "-" "Mozilla/5.0 (compatible; DotBot/1.2; +https://opensiteexplorer.org/dotbot; help@moz.com)" "www.ysfine.com"
216.244.66.229 - - [26/Oct/2022:22:28:57 -0700] "GET /newyork/nyharbor42.jpg HTTP/1.1" 200 127037 "-" "Mozilla/5.0 (compatible; DotBot/1.2; +https://opensiteexplorer.org/dotbot; help@moz.com)" "www.ysfine.com"
93.158.161.40 - - [26/Oct/2022:22:28:57 -0700] "GET /maga/boltzmann.html HTTP/1.1" 200 6052 "-" "Mozilla/5.0 (compatible; YandexBot/3.0; +http://yandex.com/bots)" "www.ysfine.com"
216.244.66.229 - - [26/Oct/2022:22:28:58 -0700] "GET /newyork/wallst06.jpg HTTP/1.1" 200 88272 "-" "Mozilla/5.0 (compatible; DotBot/1.2; +https://opensiteexplorer.org/dotbot; help@moz.com)" "www.ysfine.com"
216.244.66.229 - - [26/Oct/2022:22:29:00 -0700] "GET /newyork/wtc75.jpg HTTP/1.1" 200 160193 "-" "Mozilla/5.0 (compatible; DotBot/1.2; +https://opensiteexplorer.org/dotbot; help@moz.com)" "www.ysfine.com"
216.244.66.229 - - [26/Oct/2022:22:29:03 -0700] "GET /wdc/obelisk22.jpg HTTP/1.1" 200 101572 "-" "Mozilla/5.0 (compatible; DotBot/1.2; +https://opensiteexplorer.org/dotbot; help@moz.com)" "www.ysfine.com"
216.244.66.229 - - [26/Oct/2022:22:29:06 -0700] "GET /wdc/willard11.jpg HTTP/1.1" 200 99348 "-" "Mozilla/5.0 (compatible; DotBot/1.2; +https://opensiteexplorer.org/dotbot; help@moz.com)" "www.ysfine.com"
216.244.66.229 - - [26/Oct/2022:22:29:08 -0700] "GET /world/france/chagall29.jpg HTTP/1.1" 200 47051 "-" "Mozilla/5.0 (compatible; DotBot/1.2; +https://opensiteexplorer.org/dotbot; help@moz.com)" "www.ysfine.com"
157.55.39.121 - - [26/Oct/2022:22:29:10 -0700] "GET /maga/phys/huy36.jpg HTTP/1.1" 200 65279 "-" "Mozilla/5.0 AppleWebKit/537.36 (KHTML, like Gecko; compatible; bingbot/2.0; +http://www.bing.com/bingbot.htm) Chrome/103.0.5060.134 Safari/537.36" "www.ysfine.com"
216.244.66.229 - - [26/Oct/2022:22:29:10 -0700] "GET /world/germany/vienna10.jpg HTTP/1.1" 200 90375 "-" "Mozilla/5.0 (compatible; DotBot/1.2; +https://opensiteexplorer.org/dotbot; help@moz.com)" "www.ysfine.com"
216.244.66.229 - - [26/Oct/2022:22:29:12 -0700] "GET /world/germany/vienna16.jpg HTTP/1.1" 200 164335 "-" "Mozilla/5.0 (compatible; DotBot/1.2; +https://opensiteexplorer.org/dotbot; help@moz.com)" "www.ysfine.com"
216.244.66.229 - - [26/Oct/2022:22:29:14 -0700] "GET /world/scandi/sto023.jpg HTTP/1.1" 200 98250 "-" "Mozilla/5.0 (compatible; DotBot/1.2; +https://opensiteexplorer.org/dotbot; help@moz.com)" "www.ysfine.com"
216.244.66.229 - - [26/Oct/2022:22:29:19 -0700] "GET /class54/class5470/total_data/sub_2106.htm HTTP/1.1" 200 14573 "-" "Mozilla/5.0 (compatible; DotBot/1.2; +https://opensiteexplorer.org/dotbot; help@moz.com)" "www.ysfine.com"
216.244.66.229 - - [26/Oct/2022:22:29:20 -0700] "GET /class54/class5470/total_data/sub_252.htm HTTP/1.1" 200 14483 "-" "Mozilla/5.0 (compatible; DotBot/1.2; +https://opensiteexplorer.org/dotbot; help@moz.com)" "www.ysfine.com"
216.244.66.229 - - [26/Oct/2022:22:29:21 -0700] "GET /class54/class5470/total_data/sub_270.htm HTTP/1.1" 200 14482 "-" "Mozilla/5.0 (compatible; DotBot/1.2; +https://opensiteexplorer.org/dotbot; help@moz.com)" "www.ysfine.com"
216.244.66.229 - - [26/Oct/2022:22:29:23 -0700] "GET /dirac/dirpoem01.jpg HTTP/1.1" 200 56320 "-" "Mozilla/5.0 (compatible; DotBot/1.2; +https://opensiteexplorer.org/dotbot; help@moz.com)" "www.ysfine.com"
216.244.66.229 - - [26/Oct/2022:22:29:24 -0700] "GET /dongio/elsal02.jpg HTTP/1.1" 404 73 "-" "Mozilla/5.0 (compatible; DotBot/1.2; +https://opensiteexplorer.org/dotbot; help@moz.com)" "www.ysfine.com"
216.244.66.229 - - [26/Oct/2022:22:29:25 -0700] "GET /kobak/kostu16.jpg HTTP/1.1" 200 118200 "-" "Mozilla/5.0 (compatible; DotBot/1.2; +https://opensiteexplorer.org/dotbot; help@moz.com)" "www.ysfine.com"
216.244.66.229 - - [26/Oct/2022:22:29:26 -0700] "GET /kobak/northk.jpg HTTP/1.1" 200 112148 "-" "Mozilla/5.0 (compatible; DotBot/1.2; +https://opensiteexplorer.org/dotbot; help@moz.com)" "www.ysfine.com"
66.249.66.43 - - [26/Oct/2022:22:29:41 -0700] "GET /usca/pitt/fortpitt08.jpg HTTP/1.1" 304 - "-" "Googlebot-Image/1.0" "ysfine.com"
216.244.66.229 - - [26/Oct/2022:22:29:46 -0700] "GET /newyork/hopen05.jpg HTTP/1.1" 200 121464 "-" "Mozilla/5.0 (compatible; DotBot/1.2; +https://opensiteexplorer.org/dotbot; help@moz.com)" "www.ysfine.com"
157.55.39.14 - - [26/Oct/2022:22:29:57 -0700] "GET /bio/einstein/bern.html HTTP/1.1" 404 88 "-" "Mozilla/5.0 (compatible; bingbot/2.0; +http://www.bing.com/bingbot.htm)" "ysfine.com"
216.244.66.229 - - [26/Oct/2022:22:30:01 -0700] "GET /newyork/madis01.jpg HTTP/1.1" 200 146745 "-" "Mozilla/5.0 (compatible; DotBot/1.2; +https://opensiteexplorer.org/dotbot; help@moz.com)" "www.ysfine.com"
216.244.66.229 - - [26/Oct/2022:22:30:15 -0700] "GET /newyork/tie33.jpg HTTP/1.1" 200 92805 "-" "Mozilla/5.0 (compatible; DotBot/1.2; +https://opensiteexplorer.org/dotbot; help@moz.com)" "www.ysfine.com"
40.77.167.71 - - [26/Oct/2022:22:30:16 -0700] "GET /bio/style/ystyle.html HTTP/1.1" 404 88 "-" "Mozilla/5.0 (compatible; bingbot/2.0; +http://www.bing.com/bingbot.htm)" "ysfine.com"
64.124.8.45 - - [26/Oct/2022:22:30:27 -0700] "GET /confer/newadd.html HTTP/1.1" 200 1741 "-" "Mozilla/5.0 (X11; Linux x86_64) AppleWebKit/537.36 (KHTML, like Gecko) Chrome/61.0.3163.79 Safari/537.36" "www.ysfine.com"
216.244.66.229 - - [26/Oct/2022:22:30:28 -0700] "GET /newyork/unionsq09.jpg HTTP/1.1" 200 252769 "-" "Mozilla/5.0 (compatible; DotBot/1.2; +https://opensiteexplorer.org/dotbot; help@moz.com)" "www.ysfine.com"
207.46.13.104 - - [26/Oct/2022:22:30:36 -0700] "GET /world/ital/stcroce18.jpg HTTP/1.1" 200 111891 "-" "Mozilla/5.0 (compatible; bingbot/2.0; +http://www.bing.com/bingbot.htm)" "www.ysfine.com"
51.222.253.1 - - [26/Oct/2022:22:30:47 -0700] "GET /class54/class5470/total_data/sub_317.htm HTTP/1.1" 200 3319 "-" "Mozilla/5.0 (compatible; AhrefsBot/7.0; +http://ahrefs.com/robot/)" "ysfine.com"
216.244.66.229 - - [26/Oct/2022:22:30:48 -0700] "GET /princeton/gcollege03.jpg HTTP/1.1" 200 135965 "-" "Mozilla/5.0 (compatible; DotBot/1.2; +https://opensiteexplorer.org/dotbot; help@moz.com)" "www.ysfine.com"
64.124.8.26 - - [26/Oct/2022:22:30:51 -0700] "GET /robots.txt HTTP/1.1" 404 88 "-" "Mozilla/5.0 (X11; Linux x86_64) AppleWebKit/537.36 (KHTML, like Gecko) Chrome/61.0.3163.79 Safari/537.36" "ysfine.com"
64.124.8.26 - - [26/Oct/2022:22:30:51 -0700] "GET /kobak/kohist.html HTTP/1.1" 200 6039 "-" "Mozilla/5.0 (X11; Linux x86_64) AppleWebKit/537.36 (KHTML, like Gecko) Chrome/61.0.3163.79 Safari/537.36" "ysfine.com"
51.222.253.20 - - [26/Oct/2022:22:30:52 -0700] "GET /class54/class5470/total_data/img/home_logo.gif HTTP/1.1" 200 4562 "-" "Mozilla/5.0 (compatible; AhrefsBot/7.0; +http://ahrefs.com/robot/)" "ysfine.com"
51.222.253.3 - - [26/Oct/2022:22:30:57 -0700] "GET /class54/class5470/total_data/photo_img/3-17.jpg HTTP/1.1" 200 88381 "-" "Mozilla/5.0 (compatible; AhrefsBot/7.0; +http://ahrefs.com/robot/)" "ysfine.com"
93.158.161.40 - - [26/Oct/2022:22:30:58 -0700] "GET /robots.txt HTTP/1.1" 404 73 "-" "Mozilla/5.0 (compatible; YandexBot/3.0; +http://yandex.com/bots)" "www.ysfine.com"
64.124.8.26 - - [26/Oct/2022:22:31:01 -0700] "GET /style/music/holycoper.html HTTP/1.1" 200 311 "-" "Mozilla/5.0 (X11; Linux x86_64) AppleWebKit/537.36 (KHTML, like Gecko) Chrome/61.0.3163.79 Safari/537.36" "ysfine.com"
216.244.66.229 - - [26/Oct/2022:22:31:03 -0700] "GET /saram/g112.jpg HTTP/1.1" 200 159550 "-" "Mozilla/5.0 (compatible; DotBot/1.2; +https://opensiteexplorer.org/dotbot; help@moz.com)" "www.ysfine.com"
51.222.253.13 - - [26/Oct/2022:22:31:03 -0700] "GET /class54/class5470/total_data/refer_img/3-16_f.jpg HTTP/1.1" 200 30897 "-" "Mozilla/5.0 (compatible; AhrefsBot/7.0; +http://ahrefs.com/robot/)" "ysfine.com"
93.158.161.40 - - [26/Oct/2022:22:31:03 -0700] "GET /feynman/index.html HTTP/1.1" 200 124 "-" "Mozilla/5.0 (compatible; YandexBot/3.0; +http://yandex.com/bots)" "www.ysfine.com"
40.77.167.71 - - [26/Oct/2022:22:31:06 -0700] "GET /maga/phys/naimar/poincs33b.jpg HTTP/1.1" 200 65195 "-" "Mozilla/5.0 AppleWebKit/537.36 (KHTML, like Gecko; compatible; bingbot/2.0; +http://www.bing.com/bingbot.htm) Chrome/103.0.5060.134 Safari/537.36" "www.ysfine.com"
77.88.5.46 - - [26/Oct/2022:22:31:06 -0700] "GET /feynman/feynbot.html HTTP/1.1" 200 138 "https://www.ysfine.com/feynman/index.html" "Mozilla/5.0 (compatible; YandexBot/3.0; +http://yandex.com/bots) AppleWebKit/537.36 (KHTML, like Gecko) Chrome/81.0.4044.268" "www.ysfine.com"
77.88.5.46 - - [26/Oct/2022:22:31:09 -0700] "GET /feynman/feyntop.html HTTP/1.1" 200 435 "https://www.ysfine.com/feynman/index.html" "Mozilla/5.0 (compatible; YandexBot/3.0; +http://yandex.com/bots) AppleWebKit/537.36 (KHTML, like Gecko) Chrome/81.0.4044.268" "www.ysfine.com"
51.222.253.6 - - [26/Oct/2022:22:31:09 -0700] "GET /class54/class5470/total_data/refer_img/3-8_f.jpg HTTP/1.1" 200 26967 "-" "Mozilla/5.0 (compatible; AhrefsBot/7.0; +http://ahrefs.com/robot/)" "ysfine.com"
157.55.39.121 - - [26/Oct/2022:22:31:10 -0700] "GET /home/landaukim11b.jpg HTTP/1.1" 200 31969 "-" "Mozilla/5.0 AppleWebKit/537.36 (KHTML, like Gecko; compatible; bingbot/2.0; +http://www.bing.com/bingbot.htm) Chrome/103.0.5060.134 Safari/537.36" "ysfine.com"
93.158.161.40 - - [26/Oct/2022:22:31:12 -0700] "GET /feynman/feynleft.html HTTP/1.1" 200 523 "https://www.ysfine.com/feynman/feynbot.html" "Mozilla/5.0 (compatible; YandexBot/3.0; +http://yandex.com/bots) AppleWebKit/537.36 (KHTML, like Gecko) Chrome/81.0.4044.268" "www.ysfine.com"
51.222.253.16 - - [26/Oct/2022:22:31:15 -0700] "GET /class54/class5470/total_data/refer_img/3-14_f.jpg HTTP/1.1" 200 21220 "-" "Mozilla/5.0 (compatible; AhrefsBot/7.0; +http://ahrefs.com/robot/)" "ysfine.com"
93.158.161.40 - - [26/Oct/2022:22:31:16 -0700] "GET /feynman/feynrigh.html HTTP/1.1" 200 2183 "https://www.ysfine.com/feynman/feynbot.html" "Mozilla/5.0 (compatible; YandexBot/3.0; +http://yandex.com/bots) AppleWebKit/537.36 (KHTML, like Gecko) Chrome/81.0.4044.268" "www.ysfine.com"
51.222.253.13 - - [26/Oct/2022:22:31:20 -0700] "GET /class54/class5470/total_data/refer_img/3-2_f.jpg HTTP/1.1" 200 26427 "-" "Mozilla/5.0 (compatible; AhrefsBot/7.0; +http://ahrefs.com/robot/)" "ysfine.com"
51.222.253.4 - - [26/Oct/2022:22:31:26 -0700] "GET /class54/class5470/total_data/refer_img/3-10_f.jpg HTTP/1.1" 200 35360 "-" "Mozilla/5.0 (compatible; AhrefsBot/7.0; +http://ahrefs.com/robot/)" "ysfine.com"
51.222.253.7 - - [26/Oct/2022:22:31:31 -0700] "GET /class54/class5470/total_data/refer_img/3-18_f.jpg HTTP/1.1" 200 22592 "-" "Mozilla/5.0 (compatible; AhrefsBot/7.0; +http://ahrefs.com/robot/)" "ysfine.com"
51.222.253.9 - - [26/Oct/2022:22:31:37 -0700] "GET /class54/class5470/total_data/refer_img/3-7_f.jpg HTTP/1.1" 200 27397 "-" "Mozilla/5.0 (compatible; AhrefsBot/7.0; +http://ahrefs.com/robot/)" "ysfine.com"
216.244.66.229 - - [26/Oct/2022:22:31:41 -0700] "GET /wdc/kobell04.jpg HTTP/1.1" 200 177288 "-" "Mozilla/5.0 (compatible; DotBot/1.2; +https://opensiteexplorer.org/dotbot; help@moz.com)" "www.ysfine.com"
51.222.253.10 - - [26/Oct/2022:22:31:42 -0700] "GET /class54/class5470/total_data/refer_img/3-20_f.jpg HTTP/1.1" 200 22984 "-" "Mozilla/5.0 (compatible; AhrefsBot/7.0; +http://ahrefs.com/robot/)" "ysfine.com"
51.222.253.6 - - [26/Oct/2022:22:31:48 -0700] "GET /class54/class5470/total_data/refer_img/3-21_f.jpg HTTP/1.1" 200 32280 "-" "Mozilla/5.0 (compatible; AhrefsBot/7.0; +http://ahrefs.com/robot/)" "ysfine.com"
51.222.253.13 - - [26/Oct/2022:22:31:53 -0700] "GET /class54/class5470/total_data/img/menu08_on.gif HTTP/1.1" 200 813 "-" "Mozilla/5.0 (compatible; AhrefsBot/7.0; +http://ahrefs.com/robot/)" "ysfine.com"
51.222.253.12 - - [26/Oct/2022:22:31:58 -0700] "GET /class54/class5470/total_data/img/menu07_on.gif HTTP/1.1" 200 578 "-" "Mozilla/5.0 (compatible; AhrefsBot/7.0; +http://ahrefs.com/robot/)" "ysfine.com"
51.222.253.11 - - [26/Oct/2022:22:31:59 -0700] "GET /class54/class5470/total_data/refer_img/3-9_f.jpg HTTP/1.1" 200 30923 "-" "Mozilla/5.0 (compatible; AhrefsBot/7.0; +http://ahrefs.com/robot/)" "ysfine.com"
51.222.253.10 - - [26/Oct/2022:22:32:04 -0700] "GET /class54/class5470/total_data/refer_img/3-5_f.jpg HTTP/1.1" 200 26723 "-" "Mozilla/5.0 (compatible; AhrefsBot/7.0; +http://ahrefs.com/robot/)" "ysfine.com"
51.222.253.18 - - [26/Oct/2022:22:32:10 -0700] "GET /class54/class5470/total_data/img/menu06_on.gif HTTP/1.1" 200 624 "-" "Mozilla/5.0 (compatible; AhrefsBot/7.0; +http://ahrefs.com/robot/)" "ysfine.com"
51.222.253.7 - - [26/Oct/2022:22:32:10 -0700] "GET /class54/class5470/total_data/img/03_title.gif HTTP/1.1" 200 5602 "-" "Mozilla/5.0 (compatible; AhrefsBot/7.0; +http://ahrefs.com/robot/)" "ysfine.com"
216.244.66.229 - - [26/Oct/2022:22:32:11 -0700] "GET /yspapers/restof11.jpg HTTP/1.1" 200 679389 "-" "Mozilla/5.0 (compatible; DotBot/1.2; +https://opensiteexplorer.org/dotbot; help@moz.com)" "www.ysfine.com"
51.222.253.19 - - [26/Oct/2022:22:32:15 -0700] "GET /class54/class5470/total_data/img/menu05_on.gif HTTP/1.1" 200 691 "-" "Mozilla/5.0 (compatible; AhrefsBot/7.0; +http://ahrefs.com/robot/)" "ysfine.com"
51.222.253.18 - - [26/Oct/2022:22:32:20 -0700] "GET /class54/class5470/total_data/refer_img/3-19_f.jpg HTTP/1.1" 200 19615 "-" "Mozilla/5.0 (compatible; AhrefsBot/7.0; +http://ahrefs.com/robot/)" "ysfine.com"
51.222.253.20 - - [26/Oct/2022:22:32:25 -0700] "GET /class54/class5470/total_data/refer_img/3-12_f.jpg HTTP/1.1" 200 29397 "-" "Mozilla/5.0 (compatible; AhrefsBot/7.0; +http://ahrefs.com/robot/)" "ysfine.com"
51.222.253.14 - - [26/Oct/2022:22:32:31 -0700] "GET /class54/class5470/total_data/refer_img/3-15_f.jpg HTTP/1.1" 200 30741 "-" "Mozilla/5.0 (compatible; AhrefsBot/7.0; +http://ahrefs.com/robot/)" "ysfine.com"
51.222.253.17 - - [26/Oct/2022:22:32:37 -0700] "GET /class54/class5470/total_data/img/03_smtitle17.gif HTTP/1.1" 200 472 "-" "Mozilla/5.0 (compatible; AhrefsBot/7.0; +http://ahrefs.com/robot/)" "ysfine.com"
51.222.253.17 - - [26/Oct/2022:22:32:37 -0700] "GET /class54/class5470/total_data/img/sm01_off.gif HTTP/1.1" 200 412 "-" "Mozilla/5.0 (compatible; AhrefsBot/7.0; +http://ahrefs.com/robot/)" "ysfine.com"
51.222.253.9 - - [26/Oct/2022:22:32:37 -0700] "GET /class54/class5470/total_data/refer_img/3-13_f.jpg HTTP/1.1" 200 21120 "-" "Mozilla/5.0 (compatible; AhrefsBot/7.0; +http://ahrefs.com/robot/)" "ysfine.com"
51.222.253.6 - - [26/Oct/2022:22:32:43 -0700] "GET /class54/class5470/total_data/refer_img/3-6_f.jpg HTTP/1.1" 200 34282 "-" "Mozilla/5.0 (compatible; AhrefsBot/7.0; +http://ahrefs.com/robot/)" "ysfine.com"
51.222.253.1 - - [26/Oct/2022:22:32:48 -0700] "GET /class54/class5470/total_data/img/sm03_on.gif HTTP/1.1" 200 405 "-" "Mozilla/5.0 (compatible; AhrefsBot/7.0; +http://ahrefs.com/robot/)" "ysfine.com"
51.222.253.8 - - [26/Oct/2022:22:32:49 -0700] "GET /class54/class5470/total_data/img/sm02_on.gif HTTP/1.1" 200 399 "-" "Mozilla/5.0 (compatible; AhrefsBot/7.0; +http://ahrefs.com/robot/)" "ysfine.com"
51.222.253.15 - - [26/Oct/2022:22:32:49 -0700] "GET /class54/class5470/total_data/img/menu03_on.gif HTTP/1.1" 200 600 "-" "Mozilla/5.0 (compatible; AhrefsBot/7.0; +http://ahrefs.com/robot/)" "ysfine.com"
51.222.253.13 - - [26/Oct/2022:22:32:49 -0700] "GET /class54/class5470/total_data/img/menu04_on.gif HTTP/1.1" 200 813 "-" "Mozilla/5.0 (compatible; AhrefsBot/7.0; +http://ahrefs.com/robot/)" "ysfine.com"
51.222.253.15 - - [26/Oct/2022:22:32:54 -0700] "GET /class54/class5470/total_data/img/03_smline.gif HTTP/1.1" 200 3214 "-" "Mozilla/5.0 (compatible; AhrefsBot/7.0; +http://ahrefs.com/robot/)" "ysfine.com"
40.77.167.71 - - [26/Oct/2022:22:32:57 -0700] "GET /bio/feynman/fphoto.html HTTP/1.1" 404 88 "-" "Mozilla/5.0 (compatible; bingbot/2.0; +http://www.bing.com/bingbot.htm)" "ysfine.com"
185.191.171.26 - - [26/Oct/2022:22:32:59 -0700] "GET /wisdom/wkwireless.html HTTP/1.1" 200 6236 "-" "Mozilla/5.0 (compatible; SemrushBot/7~bl; +http://www.semrush.com/bot.html)" "ysfine.com"
51.222.253.15 - - [26/Oct/2022:22:32:59 -0700] "GET /class54/class5470/total_data/refer_img/3-4_f.jpg HTTP/1.1" 200 29538 "-" "Mozilla/5.0 (compatible; AhrefsBot/7.0; +http://ahrefs.com/robot/)" "ysfine.com"
51.222.253.2 - - [26/Oct/2022:22:33:05 -0700] "GET /class54/class5470/total_data/refer_img/3-3_f.jpg HTTP/1.1" 200 35517 "-" "Mozilla/5.0 (compatible; AhrefsBot/7.0; +http://ahrefs.com/robot/)" "ysfine.com"
40.77.167.71 - - [26/Oct/2022:22:33:06 -0700] "GET /feynman/feychin.jpg HTTP/1.1" 200 33472 "-" "Mozilla/5.0 (compatible; bingbot/2.0; +http://www.bing.com/bingbot.htm)" "ysfine.com"
51.222.253.3 - - [26/Oct/2022:22:33:11 -0700] "GET /class54/class5470/total_data/img/02_schooldays.gif HTTP/1.1" 200 987 "-" "Mozilla/5.0 (compatible; AhrefsBot/7.0; +http://ahrefs.com/robot/)" "ysfine.com"
51.222.253.7 - - [26/Oct/2022:22:33:16 -0700] "GET /class54/class5470/total_data/img/sm04_on.gif HTTP/1.1" 200 392 "-" "Mozilla/5.0 (compatible; AhrefsBot/7.0; +http://ahrefs.com/robot/)" "ysfine.com"
51.222.253.11 - - [26/Oct/2022:22:33:16 -0700] "GET /class54/class5470/total_data/img/bottom_title.gif HTTP/1.1" 200 14467 "-" "Mozilla/5.0 (compatible; AhrefsBot/7.0; +http://ahrefs.com/robot/)" "ysfine.com"
51.222.253.17 - - [26/Oct/2022:22:33:21 -0700] "GET /class54/class5470/total_data/refer_img/3-1_f.jpg HTTP/1.1" 200 35017 "-" "Mozilla/5.0 (compatible; AhrefsBot/7.0; +http://ahrefs.com/robot/)" "ysfine.com"
51.222.253.8 - - [26/Oct/2022:22:33:27 -0700] "GET /class54/class5470/total_data/refer_img/3-11_f.jpg HTTP/1.1" 200 23582 "-" "Mozilla/5.0 (compatible; AhrefsBot/7.0; +http://ahrefs.com/robot/)" "ysfine.com"
51.222.253.15 - - [26/Oct/2022:22:33:32 -0700] "GET /class54/class5470/total_data/refer_img/3-17_f.jpg HTTP/1.1" 200 20135 "-" "Mozilla/5.0 (compatible; AhrefsBot/7.0; +http://ahrefs.com/robot/)" "ysfine.com"
51.222.253.17 - - [26/Oct/2022:22:33:34 -0700] "GET /class54/class5470/total_data/img/menu01_on.gif HTTP/1.1" 200 688 "-" "Mozilla/5.0 (compatible; AhrefsBot/7.0; +http://ahrefs.com/robot/)" "ysfine.com"
134.160.83.74 - - [26/Oct/2022:22:33:36 -0700] "GET /jobs/koreaj.html HTTP/1.1" 200 10214 "https://www.google.com/" "Mozilla/5.0 (Macintosh; Intel Mac OS X 10_15_7) AppleWebKit/605.1.15 (KHTML, like Gecko) Version/16.0 Safari/605.1.15" "ysfine.com"
134.160.83.74 - - [26/Oct/2022:22:33:36 -0700] "GET /jobs/koreaj11b.jpg HTTP/1.1" 200 67543 "https://ysfine.com/jobs/koreaj.html" "Mozilla/5.0 (Macintosh; Intel Mac OS X 10_15_7) AppleWebKit/605.1.15 (KHTML, like Gecko) Version/16.0 Safari/605.1.15" "ysfine.com"
134.160.83.74 - - [26/Oct/2022:22:33:37 -0700] "GET /favicon.ico HTTP/1.1" 404 88 "https://ysfine.com/jobs/koreaj.html" "Mozilla/5.0 (Macintosh; Intel Mac OS X 10_15_7) AppleWebKit/605.1.15 (KHTML, like Gecko) Version/16.0 Safari/605.1.15" "ysfine.com"
51.222.253.1 - - [26/Oct/2022:22:33:39 -0700] "GET /class54/class5470/total_data/img/menu02_on.gif HTTP/1.1" 200 782 "-" "Mozilla/5.0 (compatible; AhrefsBot/7.0; +http://ahrefs.com/robot/)" "ysfine.com"
216.244.66.229 - - [26/Oct/2022:22:34:28 -0700] "GET /dongio/amkor/amgreece01.jpg HTTP/1.1" 404 73 "-" "Mozilla/5.0 (compatible; DotBot/1.2; +https://opensiteexplorer.org/dotbot; help@moz.com)" "www.ysfine.com"
216.244.66.229 - - [26/Oct/2022:22:34:54 -0700] "GET /dongio/chinstu03.jpg HTTP/1.1" 404 73 "-" "Mozilla/5.0 (compatible; DotBot/1.2; +https://opensiteexplorer.org/dotbot; help@moz.com)" "www.ysfine.com"
216.244.66.229 - - [26/Oct/2022:22:35:19 -0700] "GET /dongio/lawren11.jpg HTTP/1.1" 404 73 "-" "Mozilla/5.0 (compatible; DotBot/1.2; +https://opensiteexplorer.org/dotbot; help@moz.com)" "www.ysfine.com"
157.55.39.127 - - [26/Oct/2022:22:35:26 -0700] "GET /style/musee/louvre12.jpg HTTP/1.1" 200 65388 "-" "Mozilla/5.0 (compatible; bingbot/2.0; +http://www.bing.com/bingbot.htm)" "ysfine.com"
40.77.167.71 - - [26/Oct/2022:22:35:30 -0700] "GET /style/bstring11b.jpg HTTP/1.1" 200 47537 "-" "Mozilla/5.0 (compatible; bingbot/2.0; +http://www.bing.com/bingbot.htm)" "ysfine.com"
216.244.66.229 - - [26/Oct/2022:22:35:44 -0700] "GET /dongio/peru11.jpg HTTP/1.1" 404 73 "-" "Mozilla/5.0 (compatible; DotBot/1.2; +https://opensiteexplorer.org/dotbot; help@moz.com)" "www.ysfine.com"
216.244.66.229 - - [26/Oct/2022:22:36:07 -0700] "GET /einstein/einbike11.jpg HTTP/1.1" 200 169299 "-" "Mozilla/5.0 (compatible; DotBot/1.2; +https://opensiteexplorer.org/dotbot; help@moz.com)" "www.ysfine.com"
157.55.39.14 - - [26/Oct/2022:22:36:47 -0700] "GET /home/fotos/taylor33c.jpg HTTP/1.1" 200 41811 "-" "Mozilla/5.0 (compatible; bingbot/2.0; +http://www.bing.com/bingbot.htm)" "ysfine.com"
40.77.167.71 - - [26/Oct/2022:22:36:57 -0700] "GET /bio/dirac/dirleft.html HTTP/1.1" 404 88 "-" "Mozilla/5.0 AppleWebKit/537.36 (KHTML, like Gecko; compatible; bingbot/2.0; +http://www.bing.com/bingbot.htm) Chrome/103.0.5060.134 Safari/537.36" "ysfine.com"
64.124.8.45 - - [26/Oct/2022:22:37:14 -0700] "GET /feynman/chapline.html HTTP/1.1" 200 974 "-" "Mozilla/5.0 (X11; Linux x86_64) AppleWebKit/537.36 (KHTML, like Gecko) Chrome/61.0.3163.79 Safari/537.36" "www.ysfine.com"
173.73.77.36 - - [26/Oct/2022:22:37:34 -0700] "GET /ys11/ HTTP/1.1" 304 - "-" "Mozilla/5.0 (Windows NT 10.0; Win64; x64; rv:106.0) Gecko/20100101 Firefox/106.0" "www.ysfine.com"
51.222.253.18 - - [26/Oct/2022:22:37:51 -0700] "GET /class54/class5470/total_data/sub_313.htm HTTP/1.1" 200 3303 "-" "Mozilla/5.0 (compatible; AhrefsBot/7.0; +http://ahrefs.com/robot/)" "ysfine.com"
183.171.108.81 - - [26/Oct/2022:22:37:55 -0700] "GET /feynman/feydirac.jpg HTTP/1.1" 200 98378 "https://www.google.com/" "Mozilla/5.0 (Linux; Android 12; SM-A135F) AppleWebKit/537.36 (KHTML, like Gecko) Chrome/105.0.0.0 Mobile Safari/537.36" "ysfine.com"
173.73.77.36 - - [26/Oct/2022:22:38:02 -0700] "GET /ysbio/awards/index.html HTTP/1.1" 200 10077 "-" "Mozilla/5.0 (Windows NT 10.0; Win64; x64; rv:106.0) Gecko/20100101 Firefox/106.0" "www.ysfine.com"
173.73.77.36 - - [26/Oct/2022:22:38:02 -0700] "GET /ysbio/awards/ewk88d.jpg HTTP/1.1" 200 96031 "https://www.ysfine.com/ysbio/awards/index.html" "Mozilla/5.0 (Windows NT 10.0; Win64; x64; rv:106.0) Gecko/20100101 Firefox/106.0" "www.ysfine.com"
173.73.77.36 - - [26/Oct/2022:22:38:02 -0700] "GET /ysbio/awards/timeline11f.jpg HTTP/1.1" 200 169039 "https://www.ysfine.com/ysbio/awards/index.html" "Mozilla/5.0 (Windows NT 10.0; Win64; x64; rv:106.0) Gecko/20100101 Firefox/106.0" "www.ysfine.com"
173.73.77.36 - - [26/Oct/2022:22:38:02 -0700] "GET /ysbio/home/yspr61d.jpg HTTP/1.1" 404 88 "https://www.ysfine.com/ysbio/awards/index.html" "Mozilla/5.0 (Windows NT 10.0; Win64; x64; rv:106.0) Gecko/20100101 Firefox/106.0" "www.ysfine.com"
173.73.77.36 - - [26/Oct/2022:22:38:02 -0700] "GET /ysbio/awards/fortune21f.jpg HTTP/1.1" 200 234815 "https://www.ysfine.com/ysbio/awards/index.html" "Mozilla/5.0 (Windows NT 10.0; Win64; x64; rv:106.0) Gecko/20100101 Firefox/106.0" "www.ysfine.com"
173.73.77.36 - - [26/Oct/2022:22:38:02 -0700] "GET /ysbio/awards/truck20d.jpg HTTP/1.1" 200 43868 "https://www.ysfine.com/ysbio/awards/index.html" "Mozilla/5.0 (Windows NT 10.0; Win64; x64; rv:106.0) Gecko/20100101 Firefox/106.0" "www.ysfine.com"
173.73.77.36 - - [26/Oct/2022:22:38:02 -0700] "GET /ysbio/awards/top100d.jpg HTTP/1.1" 200 74998 "https://www.ysfine.com/ysbio/awards/index.html" "Mozilla/5.0 (Windows NT 10.0; Win64; x64; rv:106.0) Gecko/20100101 Firefox/106.0" "www.ysfine.com"
173.73.77.36 - - [26/Oct/2022:22:38:02 -0700] "GET /ysbio/awards/acs20f.jpg HTTP/1.1" 200 145842 "https://www.ysfine.com/ysbio/awards/index.html" "Mozilla/5.0 (Windows NT 10.0; Win64; x64; rv:106.0) Gecko/20100101 Firefox/106.0" "www.ysfine.com"
173.73.77.36 - - [26/Oct/2022:22:38:02 -0700] "GET /ysbio/awards/feygell01d.jpg HTTP/1.1" 200 31895 "https://www.ysfine.com/ysbio/awards/index.html" "Mozilla/5.0 (Windows NT 10.0; Win64; x64; rv:106.0) Gecko/20100101 Firefox/106.0" "www.ysfine.com"
173.73.77.36 - - [26/Oct/2022:22:38:02 -0700] "GET /ysbio/awards/acs96f.jpg HTTP/1.1" 200 118636 "https://www.ysfine.com/ysbio/awards/index.html" "Mozilla/5.0 (Windows NT 10.0; Win64; x64; rv:106.0) Gecko/20100101 Firefox/106.0" "www.ysfine.com"
173.73.77.36 - - [26/Oct/2022:22:38:02 -0700] "GET /ysbio/awards/marq/marq10d.jpg HTTP/1.1" 200 77533 "https://www.ysfine.com/ysbio/awards/index.html" "Mozilla/5.0 (Windows NT 10.0; Win64; x64; rv:106.0) Gecko/20100101 Firefox/106.0" "www.ysfine.com"
173.73.77.36 - - [26/Oct/2022:22:38:02 -0700] "GET /ysbio/awards/marq/hemis21f.jpg HTTP/1.1" 200 180095 "https://www.ysfine.com/ysbio/awards/index.html" "Mozilla/5.0 (Windows NT 10.0; Win64; x64; rv:106.0) Gecko/20100101 Firefox/106.0" "www.ysfine.com"
173.73.77.36 - - [26/Oct/2022:22:38:02 -0700] "GET /ysbio/awards/timessq11d.jpg HTTP/1.1" 200 105546 "https://www.ysfine.com/ysbio/awards/index.html" "Mozilla/5.0 (Windows NT 10.0; Win64; x64; rv:106.0) Gecko/20100101 Firefox/106.0" "www.ysfine.com"
173.73.77.36 - - [26/Oct/2022:22:38:02 -0700] "GET /ysbio/awards/eward33f.jpg HTTP/1.1" 200 86617 "https://www.ysfine.com/ysbio/awards/index.html" "Mozilla/5.0 (Windows NT 10.0; Win64; x64; rv:106.0) Gecko/20100101 Firefox/106.0" "www.ysfine.com"
173.73.77.36 - - [26/Oct/2022:22:38:02 -0700] "GET /ysbio/awards/wsj21f.jpg HTTP/1.1" 200 172238 "https://www.ysfine.com/ysbio/awards/index.html" "Mozilla/5.0 (Windows NT 10.0; Win64; x64; rv:106.0) Gecko/20100101 Firefox/106.0" "www.ysfine.com"
173.73.77.36 - - [26/Oct/2022:22:38:02 -0700] "GET /ysbio/eink/eink54f.jpg HTTP/1.1" 200 98068 "https://www.ysfine.com/ysbio/awards/index.html" "Mozilla/5.0 (Windows NT 10.0; Win64; x64; rv:106.0) Gecko/20100101 Firefox/106.0" "www.ysfine.com"
173.73.77.36 - - [26/Oct/2022:22:38:02 -0700] "GET /ysbio/awards/einbohr25d.jpg HTTP/1.1" 200 49476 "https://www.ysfine.com/ysbio/awards/index.html" "Mozilla/5.0 (Windows NT 10.0; Win64; x64; rv:106.0) Gecko/20100101 Firefox/106.0" "www.ysfine.com"
173.73.77.36 - - [26/Oct/2022:22:38:02 -0700] "GET /ysbio/home/ewk86f.jpg HTTP/1.1" 404 88 "https://www.ysfine.com/ysbio/awards/index.html" "Mozilla/5.0 (Windows NT 10.0; Win64; x64; rv:106.0) Gecko/20100101 Firefox/106.0" "www.ysfine.com"
173.73.77.36 - - [26/Oct/2022:22:38:02 -0700] "GET /ysbio/eink/pwk450.jpg HTTP/1.1" 200 84974 "https://www.ysfine.com/ysbio/awards/index.html" "Mozilla/5.0 (Windows NT 10.0; Win64; x64; rv:106.0) Gecko/20100101 Firefox/106.0" "www.ysfine.com"
173.73.77.36 - - [26/Oct/2022:22:38:02 -0700] "GET /ysbio/awards/marq/marq22f.jpg HTTP/1.1" 200 142401 "https://www.ysfine.com/ysbio/awards/index.html" "Mozilla/5.0 (Windows NT 10.0; Win64; x64; rv:106.0) Gecko/20100101 Firefox/106.0" "www.ysfine.com"
173.73.77.36 - - [26/Oct/2022:22:38:02 -0700] "GET /ysbio/awards/bridge22f.jpg HTTP/1.1" 200 98225 "https://www.ysfine.com/ysbio/awards/index.html" "Mozilla/5.0 (Windows NT 10.0; Win64; x64; rv:106.0) Gecko/20100101 Firefox/106.0" "www.ysfine.com"
173.73.77.36 - - [26/Oct/2022:22:38:02 -0700] "GET /ysbio/awards/whoswho22f.jpg HTTP/1.1" 200 106044 "https://www.ysfine.com/ysbio/awards/index.html" "Mozilla/5.0 (Windows NT 10.0; Win64; x64; rv:106.0) Gecko/20100101 Firefox/106.0" "www.ysfine.com"
173.73.77.36 - - [26/Oct/2022:22:38:02 -0700] "GET /ysbio/awards/acs55f.jpg HTTP/1.1" 200 83340 "https://www.ysfine.com/ysbio/awards/index.html" "Mozilla/5.0 (Windows NT 10.0; Win64; x64; rv:106.0) Gecko/20100101 Firefox/106.0" "www.ysfine.com"
173.73.77.36 - - [26/Oct/2022:22:38:02 -0700] "GET /ysbio/kobak/taylor400.jpg HTTP/1.1" 200 56181 "https://www.ysfine.com/ysbio/awards/index.html" "Mozilla/5.0 (Windows NT 10.0; Win64; x64; rv:106.0) Gecko/20100101 Firefox/106.0" "www.ysfine.com"
173.73.77.36 - - [26/Oct/2022:22:38:03 -0700] "GET /favicon.ico HTTP/1.1" 404 88 "https://www.ysfine.com/ysbio/awards/index.html" "Mozilla/5.0 (Windows NT 10.0; Win64; x64; rv:106.0) Gecko/20100101 Firefox/106.0" "www.ysfine.com"
157.55.39.127 - - [26/Oct/2022:22:38:07 -0700] "GET /princeton/brooke22.jpg HTTP/1.1" 200 87673 "-" "Mozilla/5.0 (compatible; bingbot/2.0; +http://www.bing.com/bingbot.htm)" "www.ysfine.com"
173.73.77.36 - - [26/Oct/2022:22:38:07 -0700] "GET /ysbio/awards/marq.html HTTP/1.1" 200 3275 "https://www.ysfine.com/ysbio/awards/index.html" "Mozilla/5.0 (Windows NT 10.0; Win64; x64; rv:106.0) Gecko/20100101 Firefox/106.0" "www.ysfine.com"
173.73.77.36 - - [26/Oct/2022:22:38:08 -0700] "GET /ysbio/home/fotos/bohr11d.jpg HTTP/1.1" 404 88 "https://www.ysfine.com/ysbio/awards/marq.html" "Mozilla/5.0 (Windows NT 10.0; Win64; x64; rv:106.0) Gecko/20100101 Firefox/106.0" "www.ysfine.com"
173.73.77.36 - - [26/Oct/2022:22:38:08 -0700] "GET /ysbio/home/fotos/eins05d.jpg HTTP/1.1" 404 88 "https://www.ysfine.com/ysbio/awards/marq.html" "Mozilla/5.0 (Windows NT 10.0; Win64; x64; rv:106.0) Gecko/20100101 Firefox/106.0" "www.ysfine.com"
173.73.77.36 - - [26/Oct/2022:22:38:08 -0700] "GET /ysbio/home/family18d.jpg HTTP/1.1" 404 88 "https://www.ysfine.com/ysbio/awards/marq.html" "Mozilla/5.0 (Windows NT 10.0; Win64; x64; rv:106.0) Gecko/20100101 Firefox/106.0" "www.ysfine.com"
173.73.77.36 - - [26/Oct/2022:22:38:08 -0700] "GET /ysbio/home/handsome22f.jpg HTTP/1.1" 404 88 "https://www.ysfine.com/ysbio/awards/marq.html" "Mozilla/5.0 (Windows NT 10.0; Win64; x64; rv:106.0) Gecko/20100101 Firefox/106.0" "www.ysfine.com"
