173.73.77.36 - - [26/Oct/2022:22:38:08 -0700] "GET /ysbio/home/fotos/einhaus450.jpg HTTP/1.1" 404 88 "https://www.ysfine.com/ysbio/awards/marq.html" "Mozilla/5.0 (Windows NT 10.0; Win64; x64; rv:106.0) Gecko/20100101 Firefox/106.0" "www.ysfine.com"
173.73.77.36 - - [26/Oct/2022:22:38:08 -0700] "GET /ysbio/home/fotos/bridge11d.jpg HTTP/1.1" 404 88 "https://www.ysfine.com/ysbio/awards/marq.html" "Mozilla/5.0 (Windows NT 10.0; Win64; x64; rv:106.0) Gecko/20100101 Firefox/106.0" "www.ysfine.com"
185.191.171.34 - - [26/Oct/2022:22:39:00 -0700] "GET /world/istanbul.html HTTP/1.1" 200 11361 "-" "Mozilla/5.0 (compatible; SemrushBot/7~bl; +http://www.semrush.com/bot.html)" "www.ysfine.com"
173.73.77.36 - - [26/Oct/2022:22:39:15 -0700] "GET /ysbio/home/family18d.jpg HTTP/1.1" 404 88 "https://www.ysfine.com/ysbio/awards/marq.html" "Mozilla/5.0 (Windows NT 10.0; Win64; x64; rv:106.0) Gecko/20100101 Firefox/106.0" "www.ysfine.com"
173.73.77.36 - - [26/Oct/2022:22:39:15 -0700] "GET /ysbio/home/fotos/bohr11d.jpg HTTP/1.1" 404 88 "https://www.ysfine.com/ysbio/awards/marq.html" "Mozilla/5.0 (Windows NT 10.0; Win64; x64; rv:106.0) Gecko/20100101 Firefox/106.0" "www.ysfine.com"
173.73.77.36 - - [26/Oct/2022:22:39:15 -0700] "GET /ysbio/home/fotos/bridge11d.jpg HTTP/1.1" 404 88 "https://www.ysfine.com/ysbio/awards/marq.html" "Mozilla/5.0 (Windows NT 10.0; Win64; x64; rv:106.0) Gecko/20100101 Firefox/106.0" "www.ysfine.com"
173.73.77.36 - - [26/Oct/2022:22:39:15 -0700] "GET /ysbio/home/fotos/einhaus450.jpg HTTP/1.1" 404 88 "https://www.ysfine.com/ysbio/awards/marq.html" "Mozilla/5.0 (Windows NT 10.0; Win64; x64; rv:106.0) Gecko/20100101 Firefox/106.0" "www.ysfine.com"
173.73.77.36 - - [26/Oct/2022:22:39:15 -0700] "GET /ysbio/home/handsome22f.jpg HTTP/1.1" 404 88 "https://www.ysfine.com/ysbio/awards/marq.html" "Mozilla/5.0 (Windows NT 10.0; Win64; x64; rv:106.0) Gecko/20100101 Firefox/106.0" "www.ysfine.com"
173.73.77.36 - - [26/Oct/2022:22:39:15 -0700] "GET /ysbio/home/fotos/eins05d.jpg HTTP/1.1" 404 88 "https://www.ysfine.com/ysbio/awards/marq.html" "Mozilla/5.0 (Windows NT 10.0; Win64; x64; rv:106.0) Gecko/20100101 Firefox/106.0" "www.ysfine.com"
173.73.77.36 - - [26/Oct/2022:22:39:15 -0700] "GET /favicon.ico HTTP/1.1" 404 88 "https://www.ysfine.com/ysbio/awards/marq.html" "Mozilla/5.0 (Windows NT 10.0; Win64; x64; rv:106.0) Gecko/20100101 Firefox/106.0" "www.ysfine.com"
185.191.171.26 - - [26/Oct/2022:22:39:58 -0700] "GET /kobak/repose.html HTTP/1.1" 200 4578 "-" "Mozilla/5.0 (compatible; SemrushBot/7~bl; +http://www.semrush.com/bot.html)" "www.ysfine.com"
112.134.211.81 - - [26/Oct/2022:22:40:38 -0700] "GET /maga/phys/coperni101.jpg HTTP/1.1" 200 66037 "https://www.google.com/" "Mozilla/5.0 (Macintosh; Intel Mac OS X 10_15_7) AppleWebKit/537.36 (KHTML, like Gecko) Chrome/106.0.0.0 Safari/537.36" "ysfine.com"
207.46.13.104 - - [26/Oct/2022:22:40:48 -0700] "GET /ysbio/home/easy.html HTTP/1.1" 404 88 "-" "Mozilla/5.0 AppleWebKit/537.36 (KHTML, like Gecko; compatible; bingbot/2.0; +http://www.bing.com/bingbot.htm) Chrome/103.0.5060.134 Safari/537.36" "ysfine.com"
157.55.39.121 - - [26/Oct/2022:22:41:12 -0700] "GET /sbk/2004fra11.jpg HTTP/1.1" 200 264008 "-" "Mozilla/5.0 AppleWebKit/537.36 (KHTML, like Gecko; compatible; bingbot/2.0; +http://www.bing.com/bingbot.htm) Chrome/103.0.5060.134 Safari/537.36" "ysfine.com"
15.235.142.60 - - [26/Oct/2022:22:42:06 -0700] "GET /heisen/heisen54.html HTTP/1.1" 200 4526 "https://www.google.com.hk/" "Mozilla/5.0 (Windows NT 10.0; Win64; x64) AppleWebKit/537.36 (KHTML, like Gecko) Chrome/107.0.0.0 Safari/537.36" "ysfine.com"
64.124.8.45 - - [26/Oct/2022:22:42:07 -0700] "GET /confer/particle.html HTTP/1.1" 200 2739 "-" "Mozilla/5.0 (X11; Linux x86_64) AppleWebKit/537.36 (KHTML, like Gecko) Chrome/61.0.3163.79 Safari/537.36" "www.ysfine.com"
40.77.167.27 - - [26/Oct/2022:22:42:50 -0700] "GET /usca/pitt/scotkrk.jpg HTTP/1.1" 200 101142 "-" "Mozilla/5.0 AppleWebKit/537.36 (KHTML, like Gecko; compatible; bingbot/2.0; +http://www.bing.com/bingbot.htm) Chrome/103.0.5060.134 Safari/537.36" "www.ysfine.com"
185.191.171.19 - - [26/Oct/2022:22:43:12 -0700] "GET /dirac/posters/?C=S%3BO%3DA HTTP/1.1" 200 676 "-" "Mozilla/5.0 (compatible; SemrushBot/7~bl; +http://www.semrush.com/bot.html)" "ysfine.com"
17.121.113.177 - - [26/Oct/2022:22:43:14 -0700] "GET /dirac/index.html HTTP/1.1" 200 124 "-" "Mozilla/5.0 (Macintosh; Intel Mac OS X 10_15_5) AppleWebKit/605.1.15 (KHTML, like Gecko) Version/13.1.1 Safari/605.1.15 (Applebot/0.1; +http://www.apple.com/go/applebot)" "ysfine.com"
40.77.167.71 - - [26/Oct/2022:22:43:17 -0700] "GET /eink/underw03.jpg HTTP/1.1" 200 92395 "-" "Mozilla/5.0 AppleWebKit/537.36 (KHTML, like Gecko; compatible; bingbot/2.0; +http://www.bing.com/bingbot.htm) Chrome/103.0.5060.134 Safari/537.36" "www.ysfine.com"
64.124.8.45 - - [26/Oct/2022:22:43:22 -0700] "GET /world/polandw.html HTTP/1.1" 200 17892 "-" "Mozilla/5.0 (X11; Linux x86_64) AppleWebKit/537.36 (KHTML, like Gecko) Chrome/61.0.3163.79 Safari/537.36" "www.ysfine.com"
17.121.114.1 - - [26/Oct/2022:22:43:39 -0700] "GET /dirac/locovar.html HTTP/1.1" 200 3545 "-" "Mozilla/5.0 (Macintosh; Intel Mac OS X 10_15_5) AppleWebKit/605.1.15 (KHTML, like Gecko) Version/13.1.1 Safari/605.1.15 (Applebot/0.1; +http://www.apple.com/go/applebot)" "ysfine.com"
157.55.39.121 - - [26/Oct/2022:22:43:41 -0700] "GET /beau/amkor/kostu05.jpg HTTP/1.1" 404 88 "-" "Mozilla/5.0 (compatible; bingbot/2.0; +http://www.bing.com/bingbot.htm)" "www.ysfine.com"
64.124.8.26 - - [26/Oct/2022:22:43:42 -0700] "GET /world/paris.html HTTP/1.1" 200 18129 "-" "Mozilla/5.0 (X11; Linux x86_64) AppleWebKit/537.36 (KHTML, like Gecko) Chrome/61.0.3163.79 Safari/537.36" "ysfine.com"
40.77.167.71 - - [26/Oct/2022:22:43:46 -0700] "GET /class54/shinsm11c.jpg HTTP/1.1" 200 43567 "-" "Mozilla/5.0 (compatible; bingbot/2.0; +http://www.bing.com/bingbot.htm)" "www.ysfine.com"
51.222.253.13 - - [26/Oct/2022:22:44:08 -0700] "GET /people/wheeler.html HTTP/1.1" 200 3348 "-" "Mozilla/5.0 (compatible; AhrefsBot/7.0; +http://ahrefs.com/robot/)" "www.ysfine.com"
64.124.8.45 - - [26/Oct/2022:22:44:25 -0700] "GET /einstein/eincurie.html HTTP/1.1" 200 895 "-" "Mozilla/5.0 (X11; Linux x86_64) AppleWebKit/537.36 (KHTML, like Gecko) Chrome/61.0.3163.79 Safari/537.36" "www.ysfine.com"
185.191.171.19 - - [26/Oct/2022:22:44:42 -0700] "GET /maga/tesla.html HTTP/1.1" 200 4852 "-" "Mozilla/5.0 (compatible; SemrushBot/7~bl; +http://www.semrush.com/bot.html)" "www.ysfine.com"
157.55.39.121 - - [26/Oct/2022:22:45:43 -0700] "GET /bio/optics.html HTTP/1.1" 404 88 "-" "Mozilla/5.0 AppleWebKit/537.36 (KHTML, like Gecko; compatible; bingbot/2.0; +http://www.bing.com/bingbot.htm) Chrome/103.0.5060.134 Safari/537.36" "ysfine.com"
185.191.171.4 - - [26/Oct/2022:22:46:10 -0700] "GET /dirac/posters/Thumbs.db HTTP/1.1" 200 18944 "-" "Mozilla/5.0 (compatible; SemrushBot/7~bl; +http://www.semrush.com/bot.html)" "ysfine.com"
40.77.167.71 - - [26/Oct/2022:22:47:07 -0700] "GET /maga/phys/solvayc27c.jpg HTTP/1.1" 200 53464 "-" "Mozilla/5.0 AppleWebKit/537.36 (KHTML, like Gecko; compatible; bingbot/2.0; +http://www.bing.com/bingbot.htm) Chrome/103.0.5060.134 Safari/537.36" "ysfine.com"
207.46.13.104 - - [26/Oct/2022:22:47:39 -0700] "GET /world/hungary/hunstu24.jpg HTTP/1.1" 200 91699 "-" "Mozilla/5.0 (compatible; bingbot/2.0; +http://www.bing.com/bingbot.htm)" "www.ysfine.com"
173.73.77.36 - - [26/Oct/2022:22:48:56 -0700] "GET /home/yshome.html HTTP/1.1" 200 5704 "-" "Mozilla/5.0 (Windows NT 10.0; Win64; x64; rv:106.0) Gecko/20100101 Firefox/106.0" "ysfine.com"
173.73.77.36 - - [26/Oct/2022:22:48:56 -0700] "GET /home/facu450.jpg HTTP/1.1" 200 74535 "-" "Mozilla/5.0 (Windows NT 10.0; Win64; x64; rv:106.0) Gecko/20100101 Firefox/106.0" "ysfine.com"
173.73.77.36 - - [26/Oct/2022:22:48:56 -0700] "GET /home/goodbad450.jpg HTTP/1.1" 200 32258 "-" "Mozilla/5.0 (Windows NT 10.0; Win64; x64; rv:106.0) Gecko/20100101 Firefox/106.0" "ysfine.com"
173.73.77.36 - - [26/Oct/2022:22:48:56 -0700] "GET /home/top21d.jpg HTTP/1.1" 200 74409 "-" "Mozilla/5.0 (Windows NT 10.0; Win64; x64; rv:106.0) Gecko/20100101 Firefox/106.0" "ysfine.com"
173.73.77.36 - - [26/Oct/2022:22:48:56 -0700] "GET /eink/ewk86f.jpg HTTP/1.1" 200 122173 "-" "Mozilla/5.0 (Windows NT 10.0; Win64; x64; rv:106.0) Gecko/20100101 Firefox/106.0" "ysfine.com"
173.73.77.36 - - [26/Oct/2022:22:48:56 -0700] "GET /home/eink450.jpg HTTP/1.1" 200 66794 "-" "Mozilla/5.0 (Windows NT 10.0; Win64; x64; rv:106.0) Gecko/20100101 Firefox/106.0" "ysfine.com"
173.73.77.36 - - [26/Oct/2022:22:48:56 -0700] "GET /home/truck450.jpg HTTP/1.1" 200 42871 "-" "Mozilla/5.0 (Windows NT 10.0; Win64; x64; rv:106.0) Gecko/20100101 Firefox/106.0" "ysfine.com"
173.73.77.36 - - [26/Oct/2022:22:48:56 -0700] "GET /home/washmo23d.jpg HTTP/1.1" 200 32142 "-" "Mozilla/5.0 (Windows NT 10.0; Win64; x64; rv:106.0) Gecko/20100101 Firefox/106.0" "ysfine.com"
173.73.77.36 - - [26/Oct/2022:22:48:56 -0700] "GET /home/eindc03d.jpg HTTP/1.1" 200 95860 "-" "Mozilla/5.0 (Windows NT 10.0; Win64; x64; rv:106.0) Gecko/20100101 Firefox/106.0" "ysfine.com"
173.73.77.36 - - [26/Oct/2022:22:48:56 -0700] "GET /home/1987pr22d.jpg HTTP/1.1" 200 66428 "-" "Mozilla/5.0 (Windows NT 10.0; Win64; x64; rv:106.0) Gecko/20100101 Firefox/106.0" "ysfine.com"
173.73.77.36 - - [26/Oct/2022:22:48:56 -0700] "GET /ysbio/taylor500.jpg HTTP/1.1" 200 79197 "-" "Mozilla/5.0 (Windows NT 10.0; Win64; x64; rv:106.0) Gecko/20100101 Firefox/106.0" "ysfine.com"
173.73.77.36 - - [26/Oct/2022:22:48:56 -0700] "GET /ysbio/eink54f.jpg HTTP/1.1" 200 96332 "-" "Mozilla/5.0 (Windows NT 10.0; Win64; x64; rv:106.0) Gecko/20100101 Firefox/106.0" "ysfine.com"
173.73.77.36 - - [26/Oct/2022:22:48:56 -0700] "GET /ysbio/eink/einhaus11c.jpg HTTP/1.1" 200 42522 "-" "Mozilla/5.0 (Windows NT 10.0; Win64; x64; rv:106.0) Gecko/20100101 Firefox/106.0" "ysfine.com"
173.73.77.36 - - [26/Oct/2022:22:48:56 -0700] "GET /ysbio/eward55f.jpg HTTP/1.1" 200 122802 "-" "Mozilla/5.0 (Windows NT 10.0; Win64; x64; rv:106.0) Gecko/20100101 Firefox/106.0" "ysfine.com"
157.55.39.14 - - [26/Oct/2022:22:49:08 -0700] "GET /style/flamen3.jpg HTTP/1.1" 200 70160 "-" "Mozilla/5.0 AppleWebKit/537.36 (KHTML, like Gecko; compatible; bingbot/2.0; +http://www.bing.com/bingbot.htm) Chrome/103.0.5060.134 Safari/537.36" "ysfine.com"
157.55.39.14 - - [26/Oct/2022:22:49:09 -0700] "GET /maga/phil/tao06c.jpg HTTP/1.1" 200 59786 "-" "Mozilla/5.0 AppleWebKit/537.36 (KHTML, like Gecko; compatible; bingbot/2.0; +http://www.bing.com/bingbot.htm) Chrome/103.0.5060.134 Safari/537.36" "ysfine.com"
207.46.13.104 - - [26/Oct/2022:22:49:38 -0700] "GET /dirac/locovar.html HTTP/1.1" 200 3545 "-" "Mozilla/5.0 (compatible; bingbot/2.0; +http://www.bing.com/bingbot.htm)" "www.ysfine.com"
216.244.66.229 - - [26/Oct/2022:22:50:38 -0700] "GET /robots.txt HTTP/1.1" 404 73 "-" "Mozilla/5.0 (compatible; DotBot/1.2; +https://opensiteexplorer.org/dotbot; help@moz.com)" "www.ysfine.com"
40.77.167.27 - - [26/Oct/2022:22:50:41 -0700] "GET /world/russ/kazan027.jpg HTTP/1.1" 200 76345 "-" "Mozilla/5.0 (compatible; bingbot/2.0; +http://www.bing.com/bingbot.htm)" "www.ysfine.com"
40.77.167.71 - - [26/Oct/2022:22:50:47 -0700] "GET /wdc/kopol03.jpg HTTP/1.1" 200 87763 "-" "Mozilla/5.0 AppleWebKit/537.36 (KHTML, like Gecko; compatible; bingbot/2.0; +http://www.bing.com/bingbot.htm) Chrome/103.0.5060.134 Safari/537.36" "ysfine.com"
51.222.253.13 - - [26/Oct/2022:22:50:56 -0700] "GET /home/optics.html HTTP/1.1" 200 4947 "-" "Mozilla/5.0 (compatible; AhrefsBot/7.0; +http://ahrefs.com/robot/)" "www.ysfine.com"
157.55.39.121 - - [26/Oct/2022:22:51:01 -0700] "GET /home/index.html HTTP/1.1" 200 142 "-" "Mozilla/5.0 (compatible; bingbot/2.0; +http://www.bing.com/bingbot.htm)" "www.ysfine.com"
40.77.167.71 - - [26/Oct/2022:22:51:17 -0700] "GET /home/hmbot.html HTTP/1.1" 200 132 "-" "Mozilla/5.0 (compatible; bingbot/2.0; +http://www.bing.com/bingbot.htm)" "www.ysfine.com"
157.55.39.14 - - [26/Oct/2022:22:51:21 -0700] "GET /home/hmtop.html HTTP/1.1" 200 452 "-" "Mozilla/5.0 AppleWebKit/537.36 (KHTML, like Gecko; compatible; bingbot/2.0; +http://www.bing.com/bingbot.htm) Chrome/103.0.5060.134 Safari/537.36" "www.ysfine.com"
17.121.112.149 - - [26/Oct/2022:22:51:40 -0700] "GET /dirac/dirtop.html HTTP/1.1" 200 435 "https://ysfine.com/dirac/index.html" "Mozilla/5.0 (Macintosh; Intel Mac OS X 10_15_5) AppleWebKit/605.1.15 (KHTML, like Gecko) Version/13.1.1 Safari/605.1.15 (Applebot/0.1; +http://www.apple.com/go/applebot)" "ysfine.com"
17.121.112.167 - - [26/Oct/2022:22:51:40 -0700] "GET /dirac/dirbot.html HTTP/1.1" 200 130 "https://ysfine.com/dirac/index.html" "Mozilla/5.0 (Macintosh; Intel Mac OS X 10_15_5) AppleWebKit/605.1.15 (KHTML, like Gecko) Version/13.1.1 Safari/605.1.15 (Applebot/0.1; +http://www.apple.com/go/applebot)" "ysfine.com"
17.121.112.149 - - [26/Oct/2022:22:51:41 -0700] "GET /dirac/dirleft.html HTTP/1.1" 200 716 "https://ysfine.com/dirac/dirbot.html" "Mozilla/5.0 (Macintosh; Intel Mac OS X 10_15_5) AppleWebKit/605.1.15 (KHTML, like Gecko) Version/13.1.1 Safari/605.1.15 (Applebot/0.1; +http://www.apple.com/go/applebot)" "ysfine.com"
17.121.112.167 - - [26/Oct/2022:22:51:41 -0700] "GET /dirac/dirkim.html HTTP/1.1" 200 3690 "https://ysfine.com/dirac/dirbot.html" "Mozilla/5.0 (Macintosh; Intel Mac OS X 10_15_5) AppleWebKit/605.1.15 (KHTML, like Gecko) Version/13.1.1 Safari/605.1.15 (Applebot/0.1; +http://www.apple.com/go/applebot)" "ysfine.com"
185.191.171.14 - - [26/Oct/2022:22:51:42 -0700] "GET /awards/index.html HTTP/1.1" 200 10086 "-" "Mozilla/5.0 (compatible; SemrushBot/7~bl; +http://www.semrush.com/bot.html)" "ysfine.com"
17.121.113.246 - - [26/Oct/2022:22:51:44 -0700] "GET /mose/index.html HTTP/1.1" 404 88 "-" "Mozilla/5.0 (Macintosh; Intel Mac OS X 10_15_5) AppleWebKit/605.1.15 (KHTML, like Gecko) Version/13.1.1 Safari/605.1.15 (Applebot/0.1; +http://www.apple.com/go/applebot)" "www.ysfine.com"
77.88.5.46 - - [26/Oct/2022:22:52:15 -0700] "GET /feynman/index.html HTTP/1.1" 200 124 "-" "Mozilla/5.0 (compatible; YandexBot/3.0; +http://yandex.com/bots)" "www.ysfine.com"
40.77.167.71 - - [26/Oct/2022:22:52:27 -0700] "GET /world/russ/minsk064.jpg HTTP/1.1" 200 140714 "-" "Mozilla/5.0 AppleWebKit/537.36 (KHTML, like Gecko; compatible; bingbot/2.0; +http://www.bing.com/bingbot.htm) Chrome/103.0.5060.134 Safari/537.36" "ysfine.com"
66.249.66.43 - - [26/Oct/2022:22:52:36 -0700] "GET /feynman/restof05b.jpg HTTP/1.1" 200 20819 "-" "Googlebot-Image/1.0" "ysfine.com"
157.55.39.121 - - [26/Oct/2022:22:52:52 -0700] "GET /style/xiangran55b.jpg HTTP/1.1" 200 39739 "-" "Mozilla/5.0 (compatible; bingbot/2.0; +http://www.bing.com/bingbot.htm)" "ysfine.com"
185.191.171.11 - - [26/Oct/2022:22:53:30 -0700] "GET /feynman/feyheg.html HTTP/1.1" 200 6341 "-" "Mozilla/5.0 (compatible; SemrushBot/7~bl; +http://www.semrush.com/bot.html)" "www.ysfine.com"
216.244.66.229 - - [26/Oct/2022:22:53:49 -0700] "GET /ffriends/admire.html HTTP/1.1" 200 729 "-" "Mozilla/5.0 (compatible; DotBot/1.2; +https://opensiteexplorer.org/dotbot; help@moz.com)" "www.ysfine.com"
216.244.66.229 - - [26/Oct/2022:22:54:11 -0700] "GET /ffriends/turkstu06.jpg HTTP/1.1" 200 172475 "-" "Mozilla/5.0 (compatible; DotBot/1.2; +https://opensiteexplorer.org/dotbot; help@moz.com)" "www.ysfine.com"
64.124.8.45 - - [26/Oct/2022:22:54:21 -0700] "GET /maga/sartre.html HTTP/1.1" 200 7719 "-" "Mozilla/5.0 (X11; Linux x86_64) AppleWebKit/537.36 (KHTML, like Gecko) Chrome/61.0.3163.79 Safari/537.36" "www.ysfine.com"
185.191.171.44 - - [26/Oct/2022:22:54:21 -0700] "GET /robots.txt HTTP/1.1" 404 88 "-" "Mozilla/5.0 (compatible; SemrushBot/7~bl; +http://www.semrush.com/bot.html)" "ysfine.com"
185.191.171.33 - - [26/Oct/2022:22:54:22 -0700] "GET /philo/keigel.html HTTP/1.1" 200 7368 "-" "Mozilla/5.0 (compatible; SemrushBot/7~bl; +http://www.semrush.com/bot.html)" "ysfine.com"
185.191.171.9 - - [26/Oct/2022:22:54:51 -0700] "GET /einstein/standingw.html HTTP/1.1" 200 2754 "-" "Mozilla/5.0 (compatible; SemrushBot/7~bl; +http://www.semrush.com/bot.html)" "www.ysfine.com"
216.244.66.229 - - [26/Oct/2022:22:54:59 -0700] "GET /ffriends/aline/chinasouth05.jpg HTTP/1.1" 200 66928 "-" "Mozilla/5.0 (compatible; DotBot/1.2; +https://opensiteexplorer.org/dotbot; help@moz.com)" "www.ysfine.com"
216.244.66.229 - - [26/Oct/2022:22:55:00 -0700] "GET /ffriends/aline/quantas22.jpg HTTP/1.1" 200 69675 "-" "Mozilla/5.0 (compatible; DotBot/1.2; +https://opensiteexplorer.org/dotbot; help@moz.com)" "www.ysfine.com"
146.70.30.207 - - [26/Oct/2022:22:55:37 -0700] "GET /einstein/einplanck3.jpg HTTP/1.1" 200 37784 "https://www.google.com/" "Mozilla/5.0 (Windows NT 10.0; Win64; x64; rv:106.0) Gecko/20100101 Firefox/106.0" "ysfine.com"
216.244.66.229 - - [26/Oct/2022:22:55:46 -0700] "GET /eink/abombs11.jpg HTTP/1.1" 200 186004 "-" "Mozilla/5.0 (compatible; DotBot/1.2; +https://opensiteexplorer.org/dotbot; help@moz.com)" "www.ysfine.com"
216.244.66.229 - - [26/Oct/2022:22:55:50 -0700] "GET /ffriends/prgr10.jpg HTTP/1.1" 404 73 "-" "Mozilla/5.0 (compatible; DotBot/1.2; +https://opensiteexplorer.org/dotbot; help@moz.com)" "www.ysfine.com"
216.244.66.229 - - [26/Oct/2022:22:55:52 -0700] "GET /ffriends/tymoshenko02.jpg HTTP/1.1" 200 125219 "-" "Mozilla/5.0 (compatible; DotBot/1.2; +https://opensiteexplorer.org/dotbot; help@moz.com)" "www.ysfine.com"
216.244.66.229 - - [26/Oct/2022:22:55:54 -0700] "GET /home/tallm53.jpg HTTP/1.1" 200 211070 "-" "Mozilla/5.0 (compatible; DotBot/1.2; +https://opensiteexplorer.org/dotbot; help@moz.com)" "www.ysfine.com"
216.244.66.229 - - [26/Oct/2022:22:55:57 -0700] "GET /wdc/capitol05.jpg HTTP/1.1" 200 56636 "-" "Mozilla/5.0 (compatible; DotBot/1.2; +https://opensiteexplorer.org/dotbot; help@moz.com)" "www.ysfine.com"
216.244.66.229 - - [26/Oct/2022:22:56:12 -0700] "GET /ffriends/costarica01.jpg HTTP/1.1" 200 156623 "-" "Mozilla/5.0 (compatible; DotBot/1.2; +https://opensiteexplorer.org/dotbot; help@moz.com)" "www.ysfine.com"
116.179.32.113 - - [26/Oct/2022:22:56:24 -0700] "GET /dirac/wigsis.html HTTP/1.1" 304 - "-" "Mozilla/5.0 (compatible; Baiduspider/2.0; +http://www.baidu.com/search/spider.html)" "www.ysfine.com"
40.77.167.27 - - [26/Oct/2022:22:56:41 -0700] "GET /bio/style/proschanie.html HTTP/1.1" 404 88 "-" "Mozilla/5.0 AppleWebKit/537.36 (KHTML, like Gecko; compatible; bingbot/2.0; +http://www.bing.com/bingbot.htm) Chrome/103.0.5060.134 Safari/537.36" "ysfine.com"
216.244.66.229 - - [26/Oct/2022:22:56:50 -0700] "GET /ffriends/aline/airfr18.jpg HTTP/1.1" 200 83184 "-" "Mozilla/5.0 (compatible; DotBot/1.2; +https://opensiteexplorer.org/dotbot; help@moz.com)" "www.ysfine.com"
40.77.167.71 - - [26/Oct/2022:22:57:08 -0700] "GET /princeton/brooke56.jpg HTTP/1.1" 200 105139 "-" "Mozilla/5.0 AppleWebKit/537.36 (KHTML, like Gecko; compatible; bingbot/2.0; +http://www.bing.com/bingbot.htm) Chrome/103.0.5060.134 Safari/537.36" "ysfine.com"
157.55.39.121 - - [26/Oct/2022:22:57:42 -0700] "GET /dirac/normalc.jpg HTTP/1.1" 200 37292 "-" "Mozilla/5.0 AppleWebKit/537.36 (KHTML, like Gecko; compatible; bingbot/2.0; +http://www.bing.com/bingbot.htm) Chrome/103.0.5060.134 Safari/537.36" "ysfine.com"
157.55.39.14 - - [26/Oct/2022:22:58:00 -0700] "GET /bio/einstein/bern.html HTTP/1.1" 404 88 "-" "Mozilla/5.0 AppleWebKit/537.36 (KHTML, like Gecko; compatible; bingbot/2.0; +http://www.bing.com/bingbot.htm) Chrome/103.0.5060.134 Safari/537.36" "ysfine.com"
51.222.253.11 - - [26/Oct/2022:22:58:24 -0700] "GET /maga/sarnoff.html HTTP/1.1" 200 7540 "-" "Mozilla/5.0 (compatible; AhrefsBot/7.0; +http://ahrefs.com/robot/)" "ysfine.com"
40.77.167.71 - - [26/Oct/2022:22:59:09 -0700] "GET /bio/style/ystyle.html HTTP/1.1" 404 88 "-" "Mozilla/5.0 (compatible; bingbot/2.0; +http://www.bing.com/bingbot.htm)" "ysfine.com"
64.124.8.45 - - [26/Oct/2022:22:59:42 -0700] "GET /maga/galileo.html HTTP/1.1" 200 4725 "-" "Mozilla/5.0 (X11; Linux x86_64) AppleWebKit/537.36 (KHTML, like Gecko) Chrome/61.0.3163.79 Safari/537.36" "www.ysfine.com"
157.55.39.121 - - [26/Oct/2022:23:01:43 -0700] "GET /sbk/2007verein.jpg HTTP/1.1" 200 114552 "-" "Mozilla/5.0 (compatible; bingbot/2.0; +http://www.bing.com/bingbot.htm)" "ysfine.com"
207.46.13.104 - - [26/Oct/2022:23:02:00 -0700] "GET /world/russ/kazan028.jpg HTTP/1.1" 200 111690 "-" "Mozilla/5.0 (compatible; bingbot/2.0; +http://www.bing.com/bingbot.htm)" "www.ysfine.com"
185.191.171.3 - - [26/Oct/2022:23:03:07 -0700] "GET /world/ysworld.html HTTP/1.1" 200 3195 "-" "Mozilla/5.0 (compatible; SemrushBot/7~bl; +http://www.semrush.com/bot.html)" "ysfine.com"
40.77.167.71 - - [26/Oct/2022:23:03:49 -0700] "GET /wdc/gtown17.jpg HTTP/1.1" 200 160830 "-" "Mozilla/5.0 (compatible; bingbot/2.0; +http://www.bing.com/bingbot.htm)" "www.ysfine.com"
157.55.39.121 - - [26/Oct/2022:23:04:05 -0700] "GET /bio/dashen.html HTTP/1.1" 404 88 "-" "Mozilla/5.0 AppleWebKit/537.36 (KHTML, like Gecko; compatible; bingbot/2.0; +http://www.bing.com/bingbot.htm) Chrome/103.0.5060.134 Safari/537.36" "ysfine.com"
40.77.167.71 - - [26/Oct/2022:23:04:19 -0700] "GET /world/brit/mayfair07.jpg HTTP/1.1" 200 108789 "-" "Mozilla/5.0 (compatible; bingbot/2.0; +http://www.bing.com/bingbot.htm)" "ysfine.com"
40.77.167.27 - - [26/Oct/2022:23:04:42 -0700] "GET /sbk/2002ucla11.jpg HTTP/1.1" 200 226282 "-" "Mozilla/5.0 (compatible; bingbot/2.0; +http://www.bing.com/bingbot.htm)" "ysfine.com"
40.77.167.27 - - [26/Oct/2022:23:04:44 -0700] "GET /world/brit/harrow04.jpg HTTP/1.1" 200 118660 "-" "Mozilla/5.0 (compatible; bingbot/2.0; +http://www.bing.com/bingbot.htm)" "ysfine.com"
76.184.109.168 - - [26/Oct/2022:23:05:06 -0700] "GET /einstein/einfine21b.jpg HTTP/1.1" 200 53710 "https://www.google.com/" "Mozilla/5.0 (Macintosh; Intel Mac OS X 10_15_6) AppleWebKit/605.1.15 (KHTML, like Gecko) Version/15.6.1 Safari/605.1.15" "ysfine.com"
51.222.253.5 - - [26/Oct/2022:23:05:08 -0700] "GET /dirac/dirackn33.html HTTP/1.1" 200 438 "-" "Mozilla/5.0 (compatible; AhrefsBot/7.0; +http://ahrefs.com/robot/)" "ysfine.com"
216.244.66.229 - - [26/Oct/2022:23:05:47 -0700] "GET /maga/phys/naimar/pewk02.jpg HTTP/1.1" 200 41315 "-" "Mozilla/5.0 (compatible; DotBot/1.2; +https://opensiteexplorer.org/dotbot; help@moz.com)" "www.ysfine.com"
216.244.66.229 - - [26/Oct/2022:23:05:48 -0700] "GET /world/baltic/kalin29.jpg HTTP/1.1" 200 94643 "-" "Mozilla/5.0 (compatible; DotBot/1.2; +https://opensiteexplorer.org/dotbot; help@moz.com)" "www.ysfine.com"
216.244.66.229 - - [26/Oct/2022:23:05:50 -0700] "GET /world/baltic/kantruss.jpg HTTP/1.1" 200 106585 "-" "Mozilla/5.0 (compatible; DotBot/1.2; +https://opensiteexplorer.org/dotbot; help@moz.com)" "www.ysfine.com"
66.249.66.43 - - [26/Oct/2022:23:06:00 -0700] "GET /style/guggen33.jpg HTTP/1.1" 200 130857 "-" "Googlebot-Image/1.0" "ysfine.com"
216.244.66.229 - - [26/Oct/2022:23:06:11 -0700] "GET /world/baltic/riga35.jpg HTTP/1.1" 200 71508 "-" "Mozilla/5.0 (compatible; DotBot/1.2; +https://opensiteexplorer.org/dotbot; help@moz.com)" "www.ysfine.com"
197.211.63.79 - - [26/Oct/2022:23:06:15 -0700] "GET /einstein/einbohr33.jpg HTTP/1.1" 200 87797 "https://www.google.com/" "Mozilla/5.0 (Linux; Android 8.1.0; Infinix X624B) AppleWebKit/537.36 (KHTML, like Gecko) Chrome/70.0.3538.110 Mobile Safari/537.36" "ysfine.com"
216.244.66.229 - - [26/Oct/2022:23:06:27 -0700] "GET /world/ital/genoaf03.jpg HTTP/1.1" 200 121434 "-" "Mozilla/5.0 (compatible; DotBot/1.2; +https://opensiteexplorer.org/dotbot; help@moz.com)" "www.ysfine.com"
216.244.66.229 - - [26/Oct/2022:23:06:43 -0700] "GET /world/ital/lascala05.jpg HTTP/1.1" 200 112061 "-" "Mozilla/5.0 (compatible; DotBot/1.2; +https://opensiteexplorer.org/dotbot; help@moz.com)" "www.ysfine.com"
40.77.190.20 - - [26/Oct/2022:23:07:14 -0700] "GET /home/hmrigh.html HTTP/1.1" 200 11978 "-" "Mozilla/5.0 (Windows NT 6.1; WOW64) AppleWebKit/534+ (KHTML, like Gecko) BingPreview/1.0b" "www.ysfine.com"
40.77.188.68 - - [26/Oct/2022:23:07:14 -0700] "GET /home/hmleft.html HTTP/1.1" 200 2778 "-" "Mozilla/5.0 (Windows NT 6.1; WOW64) AppleWebKit/534+ (KHTML, like Gecko) BingPreview/1.0b" "www.ysfine.com"
185.191.171.43 - - [26/Oct/2022:23:08:11 -0700] "GET /dirac/posters/?C=M%3BO%3DA HTTP/1.1" 200 676 "-" "Mozilla/5.0 (compatible; SemrushBot/7~bl; +http://www.semrush.com/bot.html)" "ysfine.com"
216.244.66.229 - - [26/Oct/2022:23:08:23 -0700] "GET /world/ital/bologr05.jpg HTTP/1.1" 200 98997 "-" "Mozilla/5.0 (compatible; DotBot/1.2; +https://opensiteexplorer.org/dotbot; help@moz.com)" "www.ysfine.com"
216.244.66.229 - - [26/Oct/2022:23:09:00 -0700] "GET /world/ital/venice41.jpg HTTP/1.1" 200 178240 "-" "Mozilla/5.0 (compatible; DotBot/1.2; +https://opensiteexplorer.org/dotbot; help@moz.com)" "www.ysfine.com"
69.1.192.65 - - [26/Oct/2022:23:09:17 -0700] "GET /maga/phys/naimar/pewk05.jpg HTTP/1.1" 200 94458 "https://www.google.com/" "Mozilla/5.0 (Windows NT 10.0; Win64; x64) AppleWebKit/537.36 (KHTML, like Gecko) Chrome/106.0.0.0 Safari/537.36" "ysfine.com"
216.244.66.229 - - [26/Oct/2022:23:09:32 -0700] "GET /world/ital/venice71.jpg HTTP/1.1" 200 190273 "-" "Mozilla/5.0 (compatible; DotBot/1.2; +https://opensiteexplorer.org/dotbot; help@moz.com)" "www.ysfine.com"
40.77.167.71 - - [26/Oct/2022:23:10:09 -0700] "GET /usca/vegas/caesar10.jpg HTTP/1.1" 200 102896 "-" "Mozilla/5.0 (compatible; bingbot/2.0; +http://www.bing.com/bingbot.htm)" "www.ysfine.com"
77.88.5.233 - - [26/Oct/2022:23:10:36 -0700] "GET /princeton/alexan22.jpg HTTP/1.1" 200 175436 "-" "Mozilla/5.0 (compatible; YandexImages/3.0; +http://yandex.com/bots)" "www.ysfine.com"
40.77.167.71 - - [26/Oct/2022:23:10:39 -0700] "GET /wdc/jeffm05.jpg HTTP/1.1" 200 56230 "-" "Mozilla/5.0 (compatible; bingbot/2.0; +http://www.bing.com/bingbot.htm)" "ysfine.com"
207.46.13.104 - - [26/Oct/2022:23:11:11 -0700] "GET /world/germany/oktf11.jpg HTTP/1.1" 200 114734 "-" "Mozilla/5.0 (compatible; bingbot/2.0; +http://www.bing.com/bingbot.htm)" "www.ysfine.com"
40.77.167.27 - - [26/Oct/2022:23:11:22 -0700] "GET /world/ital/padova07.jpg HTTP/1.1" 200 67780 "-" "Mozilla/5.0 (compatible; bingbot/2.0; +http://www.bing.com/bingbot.htm)" "ysfine.com"
157.55.39.121 - - [26/Oct/2022:23:11:26 -0700] "GET /bio/kobak/index.html HTTP/1.1" 404 88 "-" "Mozilla/5.0 (compatible; bingbot/2.0; +http://www.bing.com/bingbot.htm)" "ysfine.com"
40.77.167.27 - - [26/Oct/2022:23:11:52 -0700] "GET /home/comet500.jpg HTTP/1.1" 200 47199 "-" "Mozilla/5.0 (compatible; bingbot/2.0; +http://www.bing.com/bingbot.htm)" "ysfine.com"
157.55.39.127 - - [26/Oct/2022:23:12:10 -0700] "GET /world/spain/cordo27.jpg HTTP/1.1" 200 269971 "-" "Mozilla/5.0 (compatible; bingbot/2.0; +http://www.bing.com/bingbot.htm)" "ysfine.com"
66.249.66.44 - - [26/Oct/2022:23:12:12 -0700] "GET /world/france/sartsq15b.jpg HTTP/1.1" 304 - "-" "Googlebot-Image/1.0" "ysfine.com"
40.77.167.71 - - [26/Oct/2022:23:12:39 -0700] "GET /awards/wsj11.jpg HTTP/1.1" 200 226629 "-" "Mozilla/5.0 AppleWebKit/537.36 (KHTML, like Gecko; compatible; bingbot/2.0; +http://www.bing.com/bingbot.htm) Chrome/103.0.5060.134 Safari/537.36" "ysfine.com"
157.55.39.121 - - [26/Oct/2022:23:12:44 -0700] "GET /world/russ/kazan050.jpg HTTP/1.1" 200 73963 "-" "Mozilla/5.0 AppleWebKit/537.36 (KHTML, like Gecko; compatible; bingbot/2.0; +http://www.bing.com/bingbot.htm) Chrome/103.0.5060.134 Safari/537.36" "www.ysfine.com"
216.244.66.229 - - [26/Oct/2022:23:13:11 -0700] "GET /style/smithonian.jpg HTTP/1.1" 200 88645 "-" "Mozilla/5.0 (compatible; DotBot/1.2; +https://opensiteexplorer.org/dotbot; help@moz.com)" "www.ysfine.com"
64.124.8.45 - - [26/Oct/2022:23:13:21 -0700] "GET /einstein/fantova/fantova2.html HTTP/1.1" 200 3126 "-" "Mozilla/5.0 (X11; Linux x86_64) AppleWebKit/537.36 (KHTML, like Gecko) Chrome/61.0.3163.79 Safari/537.36" "www.ysfine.com"
207.46.13.104 - - [26/Oct/2022:23:13:30 -0700] "GET /sbk/2008athens22.jpg HTTP/1.1" 200 202963 "-" "Mozilla/5.0 AppleWebKit/537.36 (KHTML, like Gecko; compatible; bingbot/2.0; +http://www.bing.com/bingbot.htm) Chrome/103.0.5060.134 Safari/537.36" "ysfine.com"
216.244.66.229 - - [26/Oct/2022:23:13:31 -0700] "GET /wigner/isomor66.jpg HTTP/1.1" 200 103658 "-" "Mozilla/5.0 (compatible; DotBot/1.2; +https://opensiteexplorer.org/dotbot; help@moz.com)" "www.ysfine.com"
207.46.13.104 - - [26/Oct/2022:23:13:32 -0700] "GET /world/ital/verona16.jpg HTTP/1.1" 200 116788 "-" "Mozilla/5.0 (compatible; bingbot/2.0; +http://www.bing.com/bingbot.htm)" "ysfine.com"
157.55.39.121 - - [26/Oct/2022:23:13:54 -0700] "GET /wdc/sakura21.jpg HTTP/1.1" 200 128931 "-" "Mozilla/5.0 AppleWebKit/537.36 (KHTML, like Gecko; compatible; bingbot/2.0; +http://www.bing.com/bingbot.htm) Chrome/103.0.5060.134 Safari/537.36" "www.ysfine.com"
207.46.13.104 - - [26/Oct/2022:23:14:00 -0700] "GET /awards/bridge22a.jpg HTTP/1.1" 200 78205 "-" "Mozilla/5.0 (compatible; bingbot/2.0; +http://www.bing.com/bingbot.htm)" "www.ysfine.com"
207.46.13.104 - - [26/Oct/2022:23:14:50 -0700] "GET /world/russ/volga01.jpg HTTP/1.1" 200 102852 "-" "Mozilla/5.0 (compatible; bingbot/2.0; +http://www.bing.com/bingbot.htm)" "ysfine.com"
207.46.13.104 - - [26/Oct/2022:23:15:32 -0700] "GET /wdc/gtown16.jpg HTTP/1.1" 200 200027 "-" "Mozilla/5.0 (compatible; bingbot/2.0; +http://www.bing.com/bingbot.htm)" "www.ysfine.com"
216.244.66.229 - - [26/Oct/2022:23:16:33 -0700] "GET /people/tollwig.jpg HTTP/1.1" 200 111433 "-" "Mozilla/5.0 (compatible; DotBot/1.2; +https://opensiteexplorer.org/dotbot; help@moz.com)" "www.ysfine.com"
216.158.214.177 - - [26/Oct/2022:23:16:39 -0700] "GET /world/roma.html HTTP/1.1" 200 13994 "-" "Mozilla/5.0 (X11; Ubuntu; Linux i686; rv:84.0) Gecko/20100101 Firefox/84.0" "ysfine.com"
154.22.132.79 - - [26/Oct/2022:23:16:40 -0700] "GET /world/season.html HTTP/1.1" 200 23901 "-" "Mozilla/5.0 (X11; Ubuntu; Linux x86_64; rv:84.0) Gecko/20100101 Firefox/84.0" "ysfine.com"
206.127.212.125 - - [26/Oct/2022:23:16:40 -0700] "GET /style/artlove.html HTTP/1.1" 200 16005 "-" "Mozilla/5.0 (Windows NT 10.0; WOW64) AppleWebKit/537.36 (KHTML, like Gecko) Chrome/87.0.4280.141 Safari/537.36" "ysfine.com"
40.77.167.27 - - [26/Oct/2022:23:18:34 -0700] "GET /ysbio/yspapers/hadtemp.pdf HTTP/1.1" 200 2116308 "-" "Mozilla/5.0 AppleWebKit/537.36 (KHTML, like Gecko; compatible; bingbot/2.0; +http://www.bing.com/bingbot.htm) Chrome/103.0.5060.134 Safari/537.36" "ysfine.com"
185.191.171.18 - - [26/Oct/2022:23:19:01 -0700] "GET /robots.txt HTTP/1.1" 404 88 "-" "Mozilla/5.0 (compatible; SemrushBot/7~bl; +http://www.semrush.com/bot.html)" "www.ysfine.com"
185.191.171.3 - - [26/Oct/2022:23:19:02 -0700] "GET /ysbio/folks/fdw.html HTTP/1.1" 200 45463 "-" "Mozilla/5.0 (compatible; SemrushBot/7~bl; +http://www.semrush.com/bot.html)" "www.ysfine.com"
207.46.13.104 - - [26/Oct/2022:23:19:42 -0700] "GET /maga/histo/desiree23.jpg HTTP/1.1" 200 85900 "-" "Mozilla/5.0 AppleWebKit/537.36 (KHTML, like Gecko; compatible; bingbot/2.0; +http://www.bing.com/bingbot.htm) Chrome/103.0.5060.134 Safari/537.36" "www.ysfine.com"
157.55.39.14 - - [26/Oct/2022:23:19:51 -0700] "GET /class54/kgirls55a.jpg HTTP/1.1" 200 92389 "-" "Mozilla/5.0 AppleWebKit/537.36 (KHTML, like Gecko; compatible; bingbot/2.0; +http://www.bing.com/bingbot.htm) Chrome/103.0.5060.134 Safari/537.36" "www.ysfine.com"
40.77.167.27 - - [26/Oct/2022:23:19:54 -0700] "GET /bio/dirac/bankers.html HTTP/1.1" 404 88 "-" "Mozilla/5.0 (compatible; bingbot/2.0; +http://www.bing.com/bingbot.htm)" "ysfine.com"
185.191.171.24 - - [26/Oct/2022:23:20:50 -0700] "GET /ysbio/wdc/wasdc.html HTTP/1.1" 200 13715 "-" "Mozilla/5.0 (compatible; SemrushBot/7~bl; +http://www.semrush.com/bot.html)" "ysfine.com"
40.77.167.27 - - [26/Oct/2022:23:21:33 -0700] "GET /world/scandi/copen132.jpg HTTP/1.1" 200 107530 "-" "Mozilla/5.0 (compatible; bingbot/2.0; +http://www.bing.com/bingbot.htm)" "ysfine.com"
157.55.39.14 - - [26/Oct/2022:23:22:13 -0700] "GET /usca/pitt/knee55.jpg HTTP/1.1" 200 106434 "-" "Mozilla/5.0 AppleWebKit/537.36 (KHTML, like Gecko; compatible; bingbot/2.0; +http://www.bing.com/bingbot.htm) Chrome/103.0.5060.134 Safari/537.36" "www.ysfine.com"
216.244.66.229 - - [26/Oct/2022:23:22:30 -0700] "GET /class54/class5470/total_data/sub_761.htm HTTP/1.1" 200 13297 "-" "Mozilla/5.0 (compatible; DotBot/1.2; +https://opensiteexplorer.org/dotbot; help@moz.com)" "www.ysfine.com"
40.77.167.71 - - [26/Oct/2022:23:22:51 -0700] "GET /maga/phil/adamsmith03.jpg HTTP/1.1" 200 118358 "-" "Mozilla/5.0 AppleWebKit/537.36 (KHTML, like Gecko; compatible; bingbot/2.0; +http://www.bing.com/bingbot.htm) Chrome/103.0.5060.134 Safari/537.36" "ysfine.com"
40.77.167.71 - - [26/Oct/2022:23:23:01 -0700] "GET /feynman/feyyang11b.jpg HTTP/1.1" 200 35104 "-" "Mozilla/5.0 AppleWebKit/537.36 (KHTML, like Gecko; compatible; bingbot/2.0; +http://www.bing.com/bingbot.htm) Chrome/103.0.5060.134 Safari/537.36" "ysfine.com"
157.55.39.14 - - [26/Oct/2022:23:23:01 -0700] "GET /style/firedance.jpg HTTP/1.1" 200 93742 "-" "Mozilla/5.0 (compatible; bingbot/2.0; +http://www.bing.com/bingbot.htm)" "www.ysfine.com"
157.55.39.14 - - [26/Oct/2022:23:23:06 -0700] "GET /ysbio/yspapers/dirinta.pdf HTTP/1.1" 200 11806338 "-" "Mozilla/5.0 (compatible; bingbot/2.0; +http://www.bing.com/bingbot.htm)" "ysfine.com"
157.55.39.14 - - [26/Oct/2022:23:23:22 -0700] "GET /kowar/tanks/tank08.jpg HTTP/1.1" 200 111663 "-" "Mozilla/5.0 AppleWebKit/537.36 (KHTML, like Gecko; compatible; bingbot/2.0; +http://www.bing.com/bingbot.htm) Chrome/103.0.5060.134 Safari/537.36" "www.ysfine.com"
207.46.13.104 - - [26/Oct/2022:23:23:32 -0700] "GET /wdc/kennedyc19.jpg HTTP/1.1" 200 107769 "-" "Mozilla/5.0 AppleWebKit/537.36 (KHTML, like Gecko; compatible; bingbot/2.0; +http://www.bing.com/bingbot.htm) Chrome/103.0.5060.134 Safari/537.36" "www.ysfine.com"
216.244.66.229 - - [26/Oct/2022:23:23:37 -0700] "GET /princeton/coed.jpg HTTP/1.1" 200 93633 "-" "Mozilla/5.0 (compatible; DotBot/1.2; +https://opensiteexplorer.org/dotbot; help@moz.com)" "www.ysfine.com"
216.244.66.229 - - [26/Oct/2022:23:23:50 -0700] "GET /world/russ/saratov02.jpg HTTP/1.1" 200 198202 "-" "Mozilla/5.0 (compatible; DotBot/1.2; +https://opensiteexplorer.org/dotbot; help@moz.com)" "www.ysfine.com"
157.55.39.121 - - [26/Oct/2022:23:24:15 -0700] "GET /beau/romania05c.jpg HTTP/1.1" 404 88 "-" "Mozilla/5.0 (compatible; bingbot/2.0; +http://www.bing.com/bingbot.htm)" "ysfine.com"
157.55.39.14 - - [26/Oct/2022:23:24:23 -0700] "GET /world/brit/kensington03.jpg HTTP/1.1" 200 75103 "-" "Mozilla/5.0 AppleWebKit/537.36 (KHTML, like Gecko; compatible; bingbot/2.0; +http://www.bing.com/bingbot.htm) Chrome/103.0.5060.134 Safari/537.36" "ysfine.com"
157.55.39.14 - - [26/Oct/2022:23:25:12 -0700] "GET /wdc/eindc02.jpg HTTP/1.1" 200 147414 "-" "Mozilla/5.0 (compatible; bingbot/2.0; +http://www.bing.com/bingbot.htm)" "www.ysfine.com"
66.249.66.44 - - [26/Oct/2022:23:25:34 -0700] "GET /world/ital/panth01.jpg HTTP/1.1" 304 - "-" "Googlebot-Image/1.0" "ysfine.com"
40.77.167.27 - - [26/Oct/2022:23:25:35 -0700] "GET /world/brit/dunf11.jpg HTTP/1.1" 200 85074 "-" "Mozilla/5.0 AppleWebKit/537.36 (KHTML, like Gecko; compatible; bingbot/2.0; +http://www.bing.com/bingbot.htm) Chrome/103.0.5060.134 Safari/537.36" "www.ysfine.com"
40.77.167.27 - - [26/Oct/2022:23:26:05 -0700] "GET /ysbio/yspapers/aipproc2011.pdf HTTP/1.1" 200 623300 "-" "Mozilla/5.0 AppleWebKit/537.36 (KHTML, like Gecko; compatible; bingbot/2.0; +http://www.bing.com/bingbot.htm) Chrome/103.0.5060.134 Safari/537.36" "ysfine.com"
185.191.171.13 - - [26/Oct/2022:23:26:11 -0700] "GET /wigner/wigrigh.html HTTP/1.1" 200 2476 "-" "Mozilla/5.0 (compatible; SemrushBot/7~bl; +http://www.semrush.com/bot.html)" "ysfine.com"
40.77.167.71 - - [26/Oct/2022:23:26:51 -0700] "GET /bio/style/ystyle.html HTTP/1.1" 404 88 "-" "Mozilla/5.0 AppleWebKit/537.36 (KHTML, like Gecko; compatible; bingbot/2.0; +http://www.bing.com/bingbot.htm) Chrome/103.0.5060.134 Safari/537.36" "ysfine.com"
173.73.77.36 - - [26/Oct/2022:23:26:54 -0700] "GET /ysbio/marq.html HTTP/1.1" 404 88 "-" "Mozilla/5.0 (Windows NT 10.0; Win64; x64) AppleWebKit/537.36 (KHTML, like Gecko) Chrome/106.0.0.0 Safari/537.36 Edg/106.0.1370.52" "ysfine.com"
173.73.77.36 - - [26/Oct/2022:23:26:54 -0700] "GET /favicon.ico HTTP/1.1" 404 88 "https://ysfine.com/ysbio/marq.html" "Mozilla/5.0 (Windows NT 10.0; Win64; x64) AppleWebKit/537.36 (KHTML, like Gecko) Chrome/106.0.0.0 Safari/537.36 Edg/106.0.1370.52" "ysfine.com"
157.55.39.14 - - [26/Oct/2022:23:27:12 -0700] "GET /bio/einstein/bern.html HTTP/1.1" 404 88 "-" "Mozilla/5.0 AppleWebKit/537.36 (KHTML, like Gecko; compatible; bingbot/2.0; +http://www.bing.com/bingbot.htm) Chrome/103.0.5060.134 Safari/537.36" "ysfine.com"
173.73.77.36 - - [26/Oct/2022:23:27:27 -0700] "GET /ysbio/awards/marq.html HTTP/1.1" 200 3264 "-" "Mozilla/5.0 (Windows NT 10.0; Win64; x64) AppleWebKit/537.36 (KHTML, like Gecko) Chrome/106.0.0.0 Safari/537.36 Edg/106.0.1370.52" "ysfine.com"
173.73.77.36 - - [26/Oct/2022:23:27:27 -0700] "GET /ysbio/handsome22f.jpg HTTP/1.1" 200 122334 "https://ysfine.com/ysbio/awards/marq.html" "Mozilla/5.0 (Windows NT 10.0; Win64; x64) AppleWebKit/537.36 (KHTML, like Gecko) Chrome/106.0.0.0 Safari/537.36 Edg/106.0.1370.52" "ysfine.com"
173.73.77.36 - - [26/Oct/2022:23:27:27 -0700] "GET /ysbio/fotos/bohr11d.jpg HTTP/1.1" 200 28973 "https://ysfine.com/ysbio/awards/marq.html" "Mozilla/5.0 (Windows NT 10.0; Win64; x64) AppleWebKit/537.36 (KHTML, like Gecko) Chrome/106.0.0.0 Safari/537.36 Edg/106.0.1370.52" "ysfine.com"
173.73.77.36 - - [26/Oct/2022:23:27:27 -0700] "GET /ysbio/fotos/eins05d.jpg HTTP/1.1" 200 41012 "https://ysfine.com/ysbio/awards/marq.html" "Mozilla/5.0 (Windows NT 10.0; Win64; x64) AppleWebKit/537.36 (KHTML, like Gecko) Chrome/106.0.0.0 Safari/537.36 Edg/106.0.1370.52" "ysfine.com"
173.73.77.36 - - [26/Oct/2022:23:27:27 -0700] "GET /ysbio/family18d.jpg HTTP/1.1" 304 - "https://ysfine.com/ysbio/awards/marq.html" "Mozilla/5.0 (Windows NT 10.0; Win64; x64) AppleWebKit/537.36 (KHTML, like Gecko) Chrome/106.0.0.0 Safari/537.36 Edg/106.0.1370.52" "ysfine.com"
173.73.77.36 - - [26/Oct/2022:23:27:27 -0700] "GET /ysbio/fotos/bridge11d.jpg HTTP/1.1" 200 55851 "https://ysfine.com/ysbio/awards/marq.html" "Mozilla/5.0 (Windows NT 10.0; Win64; x64) AppleWebKit/537.36 (KHTML, like Gecko) Chrome/106.0.0.0 Safari/537.36 Edg/106.0.1370.52" "ysfine.com"
157.55.39.127 - - [26/Oct/2022:23:27:42 -0700] "GET /ysbio/yspapers/standingw.pdf HTTP/1.1" 200 166004 "-" "Mozilla/5.0 AppleWebKit/537.36 (KHTML, like Gecko; compatible; bingbot/2.0; +http://www.bing.com/bingbot.htm) Chrome/103.0.5060.134 Safari/537.36" "ysfine.com"
157.55.39.127 - - [26/Oct/2022:23:27:44 -0700] "GET /kobak/nll01b.jpg HTTP/1.1" 200 30471 "-" "Mozilla/5.0 (compatible; bingbot/2.0; +http://www.bing.com/bingbot.htm)" "ysfine.com"
173.73.77.36 - - [26/Oct/2022:23:28:09 -0700] "GET /ysbio/dwf.html HTTP/1.1" 200 4126 "https://ysfine.com/ysbio/awards/marq.html" "Mozilla/5.0 (Windows NT 10.0; Win64; x64) AppleWebKit/537.36 (KHTML, like Gecko) Chrome/106.0.0.0 Safari/537.36 Edg/106.0.1370.52" "ysfine.com"
173.73.77.36 - - [26/Oct/2022:23:28:09 -0700] "GET /einstein/bohr250.jpg HTTP/1.1" 200 23884 "https://ysfine.com/ysbio/dwf.html" "Mozilla/5.0 (Windows NT 10.0; Win64; x64) AppleWebKit/537.36 (KHTML, like Gecko) Chrome/106.0.0.0 Safari/537.36 Edg/106.0.1370.52" "ysfine.com"
173.73.77.36 - - [26/Oct/2022:23:28:09 -0700] "GET /ysbio/comet30a.jpg HTTP/1.1" 200 60318 "https://ysfine.com/ysbio/dwf.html" "Mozilla/5.0 (Windows NT 10.0; Win64; x64) AppleWebKit/537.36 (KHTML, like Gecko) Chrome/106.0.0.0 Safari/537.36 Edg/106.0.1370.52" "ysfine.com"
173.73.77.36 - - [26/Oct/2022:23:28:09 -0700] "GET /dirac/dirac33.jpg HTTP/1.1" 200 32549 "https://ysfine.com/ysbio/dwf.html" "Mozilla/5.0 (Windows NT 10.0; Win64; x64) AppleWebKit/537.36 (KHTML, like Gecko) Chrome/106.0.0.0 Safari/537.36 Edg/106.0.1370.52" "ysfine.com"
173.73.77.36 - - [26/Oct/2022:23:28:09 -0700] "GET /feynman/feynman33.jpg HTTP/1.1" 200 38568 "https://ysfine.com/ysbio/dwf.html" "Mozilla/5.0 (Windows NT 10.0; Win64; x64) AppleWebKit/537.36 (KHTML, like Gecko) Chrome/106.0.0.0 Safari/537.36 Edg/106.0.1370.52" "ysfine.com"
173.73.77.36 - - [26/Oct/2022:23:28:09 -0700] "GET /ysbio/o32inho22d.jpg HTTP/1.1" 200 46316 "https://ysfine.com/ysbio/dwf.html" "Mozilla/5.0 (Windows NT 10.0; Win64; x64) AppleWebKit/537.36 (KHTML, like Gecko) Chrome/106.0.0.0 Safari/537.36 Edg/106.0.1370.52" "ysfine.com"
173.73.77.36 - - [26/Oct/2022:23:28:09 -0700] "GET /einstein/einstein33.jpg HTTP/1.1" 200 35678 "https://ysfine.com/ysbio/dwf.html" "Mozilla/5.0 (Windows NT 10.0; Win64; x64) AppleWebKit/537.36 (KHTML, like Gecko) Chrome/106.0.0.0 Safari/537.36 Edg/106.0.1370.52" "ysfine.com"
173.73.77.36 - - [26/Oct/2022:23:28:09 -0700] "GET /ysbio/pdugard22a.jpg HTTP/1.1" 200 65707 "https://ysfine.com/ysbio/dwf.html" "Mozilla/5.0 (Windows NT 10.0; Win64; x64) AppleWebKit/537.36 (KHTML, like Gecko) Chrome/106.0.0.0 Safari/537.36 Edg/106.0.1370.52" "ysfine.com"
173.73.77.36 - - [26/Oct/2022:23:28:09 -0700] "GET /wigner/wigner33.jpg HTTP/1.1" 200 39467 "https://ysfine.com/ysbio/dwf.html" "Mozilla/5.0 (Windows NT 10.0; Win64; x64) AppleWebKit/537.36 (KHTML, like Gecko) Chrome/106.0.0.0 Safari/537.36 Edg/106.0.1370.52" "ysfine.com"
173.73.77.36 - - [26/Oct/2022:23:28:24 -0700] "GET /ysbio/kobak/yskor.html HTTP/1.1" 200 9937 "https://ysfine.com/ysbio/awards/marq.html" "Mozilla/5.0 (Windows NT 10.0; Win64; x64) AppleWebKit/537.36 (KHTML, like Gecko) Chrome/106.0.0.0 Safari/537.36 Edg/106.0.1370.52" "ysfine.com"
173.73.77.36 - - [26/Oct/2022:23:28:30 -0700] "GET /ysbio/more.html HTTP/1.1" 304 - "https://ysfine.com/ysbio/awards/marq.html" "Mozilla/5.0 (Windows NT 10.0; Win64; x64) AppleWebKit/537.36 (KHTML, like Gecko) Chrome/106.0.0.0 Safari/537.36 Edg/106.0.1370.52" "ysfine.com"
114.119.128.162 - - [26/Oct/2022:23:28:38 -0700] "GET /maga/schrodein.html HTTP/1.1" 200 5672 "https://ysfine.com/maga/index.html" "Mozilla/5.0 (Linux; Android 7.0;) AppleWebKit/537.36 (KHTML, like Gecko) Mobile Safari/537.36 (compatible; PetalBot;+https://webmaster.petalsearch.com/site/petalbot)" "ysfine.com"
40.77.167.71 - - [26/Oct/2022:23:28:42 -0700] "GET /sbk/2007renai.jpg HTTP/1.1" 200 148296 "-" "Mozilla/5.0 (compatible; bingbot/2.0; +http://www.bing.com/bingbot.htm)" "ysfine.com"
40.77.167.71 - - [26/Oct/2022:23:28:51 -0700] "GET /class54/choiyk11.jpg HTTP/1.1" 200 48360 "-" "Mozilla/5.0 AppleWebKit/537.36 (KHTML, like Gecko; compatible; bingbot/2.0; +http://www.bing.com/bingbot.htm) Chrome/103.0.5060.134 Safari/537.36" "www.ysfine.com"
173.73.77.36 - - [26/Oct/2022:23:28:52 -0700] "GET /ysbio/awards/index HTTP/1.1" 200 10077 "-" "Mozilla/5.0 (Windows NT 10.0; Win64; x64) AppleWebKit/537.36 (KHTML, like Gecko) Chrome/106.0.0.0 Safari/537.36 Edg/106.0.1370.52" "ysfine.com"
173.73.77.36 - - [26/Oct/2022:23:28:52 -0700] "GET /ysbio/home/ewk86f.jpg HTTP/1.1" 404 88 "https://ysfine.com/ysbio/awards/index" "Mozilla/5.0 (Windows NT 10.0; Win64; x64) AppleWebKit/537.36 (KHTML, like Gecko) Chrome/106.0.0.0 Safari/537.36 Edg/106.0.1370.52" "ysfine.com"
173.73.77.36 - - [26/Oct/2022:23:28:52 -0700] "GET /ysbio/home/yspr61d.jpg HTTP/1.1" 404 88 "https://ysfine.com/ysbio/awards/index" "Mozilla/5.0 (Windows NT 10.0; Win64; x64) AppleWebKit/537.36 (KHTML, like Gecko) Chrome/106.0.0.0 Safari/537.36 Edg/106.0.1370.52" "ysfine.com"
173.73.77.36 - - [26/Oct/2022:23:28:58 -0700] "GET /ysbio/awards/iao.html HTTP/1.1" 200 2748 "https://ysfine.com/ysbio/awards/index" "Mozilla/5.0 (Windows NT 10.0; Win64; x64) AppleWebKit/537.36 (KHTML, like Gecko) Chrome/106.0.0.0 Safari/537.36 Edg/106.0.1370.52" "ysfine.com"
173.73.77.36 - - [26/Oct/2022:23:28:58 -0700] "GET /ysbio/home/timessq33d.jpg HTTP/1.1" 404 88 "https://ysfine.com/ysbio/awards/iao.html" "Mozilla/5.0 (Windows NT 10.0; Win64; x64) AppleWebKit/537.36 (KHTML, like Gecko) Chrome/106.0.0.0 Safari/537.36 Edg/106.0.1370.52" "ysfine.com"
173.73.77.36 - - [26/Oct/2022:23:28:58 -0700] "GET /ysbio/home/top21d.jpg HTTP/1.1" 404 88 "https://ysfine.com/ysbio/awards/iao.html" "Mozilla/5.0 (Windows NT 10.0; Win64; x64) AppleWebKit/537.36 (KHTML, like Gecko) Chrome/106.0.0.0 Safari/537.36 Edg/106.0.1370.52" "ysfine.com"
173.73.77.36 - - [26/Oct/2022:23:28:58 -0700] "GET /ysbio/home/truck/truck450.jpg HTTP/1.1" 404 88 "https://ysfine.com/ysbio/awards/iao.html" "Mozilla/5.0 (Windows NT 10.0; Win64; x64) AppleWebKit/537.36 (KHTML, like Gecko) Chrome/106.0.0.0 Safari/537.36 Edg/106.0.1370.52" "ysfine.com"
173.73.77.36 - - [26/Oct/2022:23:28:58 -0700] "GET /ysbio/home/eink54f.jpg HTTP/1.1" 404 88 "https://ysfine.com/ysbio/awards/iao.html" "Mozilla/5.0 (Windows NT 10.0; Win64; x64) AppleWebKit/537.36 (KHTML, like Gecko) Chrome/106.0.0.0 Safari/537.36 Edg/106.0.1370.52" "ysfine.com"
173.73.77.36 - - [26/Oct/2022:23:29:06 -0700] "GET /ysbio/awards/audio22.wav HTTP/1.1" 200 273581056 "https://ysfine.com/ysbio/awards/iao.html" "Mozilla/5.0 (Windows NT 10.0; Win64; x64) AppleWebKit/537.36 (KHTML, like Gecko) Chrome/106.0.0.0 Safari/537.36 Edg/106.0.1370.52" "ysfine.com"
173.73.77.36 - - [26/Oct/2022:23:29:06 -0700] "GET /ysbio/awards/audio22.wav HTTP/1.1" 206 273581056 "https://ysfine.com/ysbio/awards/audio22.wav" "Mozilla/5.0 (Windows NT 10.0; Win64; x64) AppleWebKit/537.36 (KHTML, like Gecko) Chrome/106.0.0.0 Safari/537.36 Edg/106.0.1370.52" "ysfine.com"
157.55.39.14 - - [26/Oct/2022:23:29:22 -0700] "GET /wdc/washmo05.jpg HTTP/1.1" 200 46516 "-" "Mozilla/5.0 (compatible; bingbot/2.0; +http://www.bing.com/bingbot.htm)" "ysfine.com"
157.55.39.14 - - [26/Oct/2022:23:29:24 -0700] "GET /world/russ/spbf28.jpg HTTP/1.1" 200 240532 "-" "Mozilla/5.0 (compatible; bingbot/2.0; +http://www.bing.com/bingbot.htm)" "ysfine.com"
185.191.171.41 - - [26/Oct/2022:23:29:33 -0700] "GET /einstein/fantova/fantova.html HTTP/1.1" 200 6506 "-" "Mozilla/5.0 (compatible; SemrushBot/7~bl; +http://www.semrush.com/bot.html)" "www.ysfine.com"
157.55.39.121 - - [26/Oct/2022:23:29:35 -0700] "GET /ysbio/wigner/wigpoinc.html HTTP/1.1" 200 6586 "-" "Mozilla/5.0 AppleWebKit/537.36 (KHTML, like Gecko; compatible; bingbot/2.0; +http://www.bing.com/bingbot.htm) Chrome/103.0.5060.134 Safari/537.36" "ysfine.com"
157.55.39.121 - - [26/Oct/2022:23:29:36 -0700] "GET /world/scandi/copen049.jpg HTTP/1.1" 200 102195 "-" "Mozilla/5.0 (compatible; bingbot/2.0; +http://www.bing.com/bingbot.htm)" "ysfine.com"
157.55.39.127 - - [26/Oct/2022:23:29:51 -0700] "GET /kobak/sorae/church01.jpg HTTP/1.1" 200 371390 "-" "Mozilla/5.0 (compatible; bingbot/2.0; +http://www.bing.com/bingbot.htm)" "www.ysfine.com"
40.77.167.27 - - [26/Oct/2022:23:29:54 -0700] "GET /wdc/gtown19.jpg HTTP/1.1" 200 121049 "-" "Mozilla/5.0 AppleWebKit/537.36 (KHTML, like Gecko; compatible; bingbot/2.0; +http://www.bing.com/bingbot.htm) Chrome/103.0.5060.134 Safari/537.36" "ysfine.com"
114.119.128.142 - - [26/Oct/2022:23:29:58 -0700] "GET /home/pgh/highland03d.jpg HTTP/1.1" 200 47727 "https://www.ysfine.com/home/bio44.html" "Mozilla/5.0 (Linux; Android 7.0;) AppleWebKit/537.36 (KHTML, like Gecko) Mobile Safari/537.36 (compatible; PetalBot;+https://webmaster.petalsearch.com/site/petalbot)" "www.ysfine.com"
40.77.167.71 - - [26/Oct/2022:23:30:11 -0700] "GET /world/ital/venice08cc.jpg HTTP/1.1" 200 259222 "-" "Mozilla/5.0 AppleWebKit/537.36 (KHTML, like Gecko; compatible; bingbot/2.0; +http://www.bing.com/bingbot.htm) Chrome/103.0.5060.134 Safari/537.36" "ysfine.com"
173.73.77.36 - - [26/Oct/2022:23:30:24 -0700] "GET /ysbio/home/yskim.pdf HTTP/1.1" 404 88 "https://ysfine.com/ysbio/awards/iao.html" "Mozilla/5.0 (Windows NT 10.0; Win64; x64) AppleWebKit/537.36 (KHTML, like Gecko) Chrome/106.0.0.0 Safari/537.36 Edg/106.0.1370.52" "ysfine.com"
64.124.8.47 - - [26/Oct/2022:23:31:11 -0700] "GET /robots.txt HTTP/1.1" 404 88 "-" "Mozilla/5.0 (X11; Linux x86_64) AppleWebKit/537.36 (KHTML, like Gecko) Chrome/61.0.3163.79 Safari/537.36" "www.ysfine.com"
114.119.128.142 - - [26/Oct/2022:23:31:34 -0700] "GET /einstein/einmeson.html HTTP/1.1" 200 4535 "https://www.ysfine.com/einstein/einstorie.html" "Mozilla/5.0 (Linux; Android 7.0;) AppleWebKit/537.36 (KHTML, like Gecko) Mobile Safari/537.36 (compatible; PetalBot;+https://webmaster.petalsearch.com/site/petalbot)" "www.ysfine.com"
51.222.253.11 - - [26/Oct/2022:23:32:03 -0700] "GET /class54/class5470/total_data/sub_304.htm HTTP/1.1" 200 3325 "-" "Mozilla/5.0 (compatible; AhrefsBot/7.0; +http://ahrefs.com/robot/)" "ysfine.com"
157.55.39.14 - - [26/Oct/2022:23:32:22 -0700] "GET /ysbio/einstein/dual.html HTTP/1.1" 200 950 "-" "Mozilla/5.0 (compatible; bingbot/2.0; +http://www.bing.com/bingbot.htm)" "ysfine.com"
157.55.39.14 - - [26/Oct/2022:23:32:22 -0700] "GET /ysbio/einstein/newton.html HTTP/1.1" 200 650 "-" "Mozilla/5.0 (compatible; bingbot/2.0; +http://www.bing.com/bingbot.htm)" "ysfine.com"
40.77.167.27 - - [26/Oct/2022:23:32:24 -0700] "GET /ysbio/wigner/wig39b.pdf HTTP/1.1" 200 4552146 "-" "Mozilla/5.0 (compatible; bingbot/2.0; +http://www.bing.com/bingbot.htm)" "ysfine.com"
207.46.13.104 - - [26/Oct/2022:23:32:26 -0700] "GET /ysbio/dirac/diracsq.html HTTP/1.1" 200 4447 "-" "Mozilla/5.0 AppleWebKit/537.36 (KHTML, like Gecko; compatible; bingbot/2.0; +http://www.bing.com/bingbot.htm) Chrome/103.0.5060.134 Safari/537.36" "ysfine.com"
157.55.39.127 - - [26/Oct/2022:23:32:31 -0700] "GET /ysbio/princeton/prince.html HTTP/1.1" 200 2567 "-" "Mozilla/5.0 (compatible; bingbot/2.0; +http://www.bing.com/bingbot.htm)" "ysfine.com"
157.55.39.127 - - [26/Oct/2022:23:32:31 -0700] "GET /ysbio/wigner/isomor.html HTTP/1.1" 200 359 "-" "Mozilla/5.0 AppleWebKit/537.36 (KHTML, like Gecko; compatible; bingbot/2.0; +http://www.bing.com/bingbot.htm) Chrome/103.0.5060.134 Safari/537.36" "ysfine.com"
157.55.39.127 - - [26/Oct/2022:23:32:32 -0700] "GET /ysbio/maga/naimark.html HTTP/1.1" 200 4603 "-" "Mozilla/5.0 (compatible; bingbot/2.0; +http://www.bing.com/bingbot.htm)" "ysfine.com"
40.77.167.71 - - [26/Oct/2022:23:32:32 -0700] "GET /ysbio/wigner/wig39.pdf HTTP/1.1" 200 6233437 "-" "Mozilla/5.0 (compatible; bingbot/2.0; +http://www.bing.com/bingbot.htm)" "ysfine.com"
