173.73.77.36 - - [27/Oct/2022:00:17:48 -0700] "GET /ysbio/fotos/stud72b.jpg HTTP/1.1" 200 31123 "https://www.ysfine.com/ysbio/bio07.html" "Mozilla/5.0 (Windows NT 10.0; Win64; x64) AppleWebKit/537.36 (KHTML, like Gecko) Chrome/106.0.0.0 Safari/537.36 Edg/106.0.1370.52" "www.ysfine.com"
173.73.77.36 - - [27/Oct/2022:00:17:48 -0700] "GET /ysbio/wdc/umdbarn01b.jpg HTTP/1.1" 200 42668 "https://www.ysfine.com/ysbio/bio07.html" "Mozilla/5.0 (Windows NT 10.0; Win64; x64) AppleWebKit/537.36 (KHTML, like Gecko) Chrome/106.0.0.0 Safari/537.36 Edg/106.0.1370.52" "www.ysfine.com"
173.73.77.36 - - [27/Oct/2022:00:17:48 -0700] "GET /ysbio/folks/towhee2.jpg HTTP/1.1" 200 32584 "https://www.ysfine.com/ysbio/bio07.html" "Mozilla/5.0 (Windows NT 10.0; Win64; x64) AppleWebKit/537.36 (KHTML, like Gecko) Chrome/106.0.0.0 Safari/537.36 Edg/106.0.1370.52" "www.ysfine.com"
173.73.77.36 - - [27/Oct/2022:00:17:48 -0700] "GET /ysbio/fotos/comcast11b.jpg HTTP/1.1" 200 22571 "https://www.ysfine.com/ysbio/bio07.html" "Mozilla/5.0 (Windows NT 10.0; Win64; x64) AppleWebKit/537.36 (KHTML, like Gecko) Chrome/106.0.0.0 Safari/537.36 Edg/106.0.1370.52" "www.ysfine.com"
157.55.39.14 - - [27/Oct/2022:00:17:56 -0700] "GET /wdc/pulaski01.jpg HTTP/1.1" 200 281060 "-" "Mozilla/5.0 (compatible; bingbot/2.0; +http://www.bing.com/bingbot.htm)" "www.ysfine.com"
66.249.66.44 - - [27/Oct/2022:00:17:56 -0700] "GET /wigner/neum/pvn01.jpg HTTP/1.1" 304 - "-" "Googlebot-Image/1.0" "ysfine.com"
64.124.8.22 - - [27/Oct/2022:00:18:10 -0700] "GET /robots.txt HTTP/1.1" 404 88 "-" "Mozilla/5.0 (X11; Linux x86_64) AppleWebKit/537.36 (KHTML, like Gecko) Chrome/61.0.3163.79 Safari/537.36" "ysfine.com"
64.124.8.22 - - [27/Oct/2022:00:18:10 -0700] "GET /ffriends/amkor/korcasia.html HTTP/1.1" 404 88 "-" "Mozilla/5.0 (X11; Linux x86_64) AppleWebKit/537.36 (KHTML, like Gecko) Chrome/61.0.3163.79 Safari/537.36" "ysfine.com"
77.88.5.245 - - [27/Oct/2022:00:18:18 -0700] "GET /world/russ/kazan083b.jpg HTTP/1.1" 200 27729 "-" "Mozilla/5.0 (compatible; YandexImages/3.0; +http://yandex.com/bots)" "ysfine.com"
77.88.5.245 - - [27/Oct/2022:00:18:21 -0700] "GET /world/russ/kazan084.jpg HTTP/1.1" 200 121568 "-" "Mozilla/5.0 (compatible; YandexImages/3.0; +http://yandex.com/bots)" "ysfine.com"
173.73.77.36 - - [27/Oct/2022:00:18:27 -0700] "GET /ysbio/sbk/1987pr22.jpg HTTP/1.1" 200 273963 "https://www.ysfine.com/ysbio/bio06.html" "Mozilla/5.0 (Windows NT 10.0; Win64; x64) AppleWebKit/537.36 (KHTML, like Gecko) Chrome/106.0.0.0 Safari/537.36 Edg/106.0.1370.52" "www.ysfine.com"
207.46.13.104 - - [27/Oct/2022:00:19:07 -0700] "GET /maga/phys/schrod00b.jpg HTTP/1.1" 200 49237 "-" "Mozilla/5.0 AppleWebKit/537.36 (KHTML, like Gecko; compatible; bingbot/2.0; +http://www.bing.com/bingbot.htm) Chrome/103.0.5060.134 Safari/537.36" "www.ysfine.com"
216.244.66.229 - - [27/Oct/2022:00:19:09 -0700] "GET /class54/class5470/total_data/sub_201b.htm HTTP/1.1" 200 14836 "-" "Mozilla/5.0 (compatible; DotBot/1.2; +https://opensiteexplorer.org/dotbot; help@moz.com)" "www.ysfine.com"
157.55.39.14 - - [27/Oct/2022:00:19:17 -0700] "GET /bio/kobak/rifles.html HTTP/1.1" 404 88 "-" "Mozilla/5.0 (compatible; bingbot/2.0; +http://www.bing.com/bingbot.htm)" "ysfine.com"
216.244.66.229 - - [27/Oct/2022:00:19:29 -0700] "GET /class54/class5470/total_data/sub_223.htm HTTP/1.1" 200 14846 "-" "Mozilla/5.0 (compatible; DotBot/1.2; +https://opensiteexplorer.org/dotbot; help@moz.com)" "www.ysfine.com"
40.77.167.71 - - [27/Oct/2022:00:19:38 -0700] "GET /kobak/swr95c.jpg HTTP/1.1" 200 24172 "-" "Mozilla/5.0 (compatible; adidxbot/2.0; +http://www.bing.com/bingbot.htm)" "www.ysfine.com"
216.244.66.229 - - [27/Oct/2022:00:19:47 -0700] "GET /class54/class5470/total_data/sub_273.htm HTTP/1.1" 200 14483 "-" "Mozilla/5.0 (compatible; DotBot/1.2; +https://opensiteexplorer.org/dotbot; help@moz.com)" "www.ysfine.com"
51.222.253.16 - - [27/Oct/2022:00:19:59 -0700] "GET /ysbio/ysbio/iao.html HTTP/1.1" 404 88 "-" "Mozilla/5.0 (compatible; AhrefsBot/7.0; +http://ahrefs.com/robot/)" "www.ysfine.com"
207.46.13.104 - - [27/Oct/2022:00:20:18 -0700] "GET /bio/harmoarchi.html HTTP/1.1" 404 88 "-" "Mozilla/5.0 AppleWebKit/537.36 (KHTML, like Gecko; compatible; bingbot/2.0; +http://www.bing.com/bingbot.htm) Chrome/103.0.5060.134 Safari/537.36" "ysfine.com"
64.124.8.47 - - [27/Oct/2022:00:21:05 -0700] "GET /friends/garden.html HTTP/1.1" 404 88 "-" "Mozilla/5.0 (X11; Linux x86_64) AppleWebKit/537.36 (KHTML, like Gecko) Chrome/61.0.3163.79 Safari/537.36" "www.ysfine.com"
157.55.39.121 - - [27/Oct/2022:00:21:40 -0700] "GET /world/russ/kiev002.jpg HTTP/1.1" 200 98719 "-" "Mozilla/5.0 AppleWebKit/537.36 (KHTML, like Gecko; compatible; bingbot/2.0; +http://www.bing.com/bingbot.htm) Chrome/103.0.5060.134 Safari/537.36" "ysfine.com"
207.46.13.104 - - [27/Oct/2022:00:21:48 -0700] "GET /bio/kobak/yskor.html HTTP/1.1" 404 88 "-" "Mozilla/5.0 (compatible; bingbot/2.0; +http://www.bing.com/bingbot.htm)" "ysfine.com"
157.55.39.14 - - [27/Oct/2022:00:21:58 -0700] "GET /bio/einstein/bern.html HTTP/1.1" 404 88 "-" "Mozilla/5.0 AppleWebKit/537.36 (KHTML, like Gecko; compatible; bingbot/2.0; +http://www.bing.com/bingbot.htm) Chrome/103.0.5060.134 Safari/537.36" "ysfine.com"
123.118.99.228 - - [27/Oct/2022:00:22:01 -0700] "GET /feynman/feyfirm2.jpg HTTP/1.1" 200 36742 "https://www.google.com/" "Mozilla/5.0 (Macintosh; Intel Mac OS X 10_15_7) AppleWebKit/537.36 (KHTML, like Gecko) Chrome/107.0.0.0 Safari/537.36" "ysfine.com"
185.191.171.2 - - [27/Oct/2022:00:22:58 -0700] "GET /einstein/einst06.html HTTP/1.1" 200 1773 "-" "Mozilla/5.0 (compatible; SemrushBot/7~bl; +http://www.semrush.com/bot.html)" "ysfine.com"
157.55.39.14 - - [27/Oct/2022:00:23:08 -0700] "GET /world/china/shanghai001.jpg HTTP/1.1" 200 99793 "-" "Mozilla/5.0 AppleWebKit/537.36 (KHTML, like Gecko; compatible; bingbot/2.0; +http://www.bing.com/bingbot.htm) Chrome/103.0.5060.134 Safari/537.36" "ysfine.com"
40.77.167.71 - - [27/Oct/2022:00:23:17 -0700] "GET /bio/style/ystyle.html HTTP/1.1" 404 88 "-" "Mozilla/5.0 (compatible; bingbot/2.0; +http://www.bing.com/bingbot.htm)" "ysfine.com"
40.77.167.27 - - [27/Oct/2022:00:23:59 -0700] "GET /princeton/compu22.jpg HTTP/1.1" 200 168374 "-" "Mozilla/5.0 (compatible; bingbot/2.0; +http://www.bing.com/bingbot.htm)" "www.ysfine.com"
207.46.13.104 - - [27/Oct/2022:00:24:07 -0700] "GET /kowar/tanks/bradley.jpg HTTP/1.1" 200 75135 "-" "Mozilla/5.0 AppleWebKit/537.36 (KHTML, like Gecko; compatible; bingbot/2.0; +http://www.bing.com/bingbot.htm) Chrome/103.0.5060.134 Safari/537.36" "ysfine.com"
40.77.167.27 - - [27/Oct/2022:00:24:40 -0700] "GET /world/russ/kazan002.jpg HTTP/1.1" 200 106231 "-" "Mozilla/5.0 AppleWebKit/537.36 (KHTML, like Gecko; compatible; bingbot/2.0; +http://www.bing.com/bingbot.htm) Chrome/103.0.5060.134 Safari/537.36" "ysfine.com"
157.55.39.127 - - [27/Oct/2022:00:25:26 -0700] "GET /dirac/dirbust22.jpg HTTP/1.1" 200 88173 "-" "Mozilla/5.0 (compatible; bingbot/2.0; +http://www.bing.com/bingbot.htm)" "www.ysfine.com"
157.55.39.14 - - [27/Oct/2022:00:25:38 -0700] "GET /world/ital/flor055.jpg HTTP/1.1" 200 129866 "-" "Mozilla/5.0 AppleWebKit/537.36 (KHTML, like Gecko; compatible; bingbot/2.0; +http://www.bing.com/bingbot.htm) Chrome/103.0.5060.134 Safari/537.36" "ysfine.com"
207.46.13.104 - - [27/Oct/2022:00:25:58 -0700] "GET /sbk/2005sorren11.jpg HTTP/1.1" 200 84203 "-" "Mozilla/5.0 AppleWebKit/537.36 (KHTML, like Gecko; compatible; bingbot/2.0; +http://www.bing.com/bingbot.htm) Chrome/103.0.5060.134 Safari/537.36" "ysfine.com"
157.55.39.127 - - [27/Oct/2022:00:26:36 -0700] "GET /world/germany/mucf23.jpg HTTP/1.1" 200 153257 "-" "Mozilla/5.0 (compatible; bingbot/2.0; +http://www.bing.com/bingbot.htm)" "www.ysfine.com"
207.46.13.104 - - [27/Oct/2022:00:26:47 -0700] "GET /wigner/wigheis11c.jpg HTTP/1.1" 200 41279 "-" "Mozilla/5.0 (compatible; bingbot/2.0; +http://www.bing.com/bingbot.htm)" "ysfine.com"
51.222.253.4 - - [27/Oct/2022:00:26:57 -0700] "GET /ysbio/ysbio/index.html HTTP/1.1" 404 88 "-" "Mozilla/5.0 (compatible; AhrefsBot/7.0; +http://ahrefs.com/robot/)" "www.ysfine.com"
157.55.39.14 - - [27/Oct/2022:00:27:08 -0700] "GET /world/germany/hegel01b.jpg HTTP/1.1" 200 31600 "-" "Mozilla/5.0 AppleWebKit/537.36 (KHTML, like Gecko; compatible; bingbot/2.0; +http://www.bing.com/bingbot.htm) Chrome/103.0.5060.134 Safari/537.36" "ysfine.com"
77.88.5.231 - - [27/Oct/2022:00:27:13 -0700] "GET /wdc/waskor.html HTTP/1.1" 200 7729 "-" "Mozilla/5.0 (compatible; YandexBot/3.0; +http://yandex.com/bots)" "www.ysfine.com"
157.55.39.121 - - [27/Oct/2022:00:27:51 -0700] "GET /world/china/beijing013.jpg HTTP/1.1" 200 109548 "-" "Mozilla/5.0 (compatible; bingbot/2.0; +http://www.bing.com/bingbot.htm)" "www.ysfine.com"
157.55.39.127 - - [27/Oct/2022:00:28:08 -0700] "GET /wigner/fitch.jpg HTTP/1.1" 200 43087 "-" "Mozilla/5.0 (compatible; bingbot/2.0; +http://www.bing.com/bingbot.htm)" "ysfine.com"
180.67.178.13 - - [27/Oct/2022:00:28:19 -0700] "GET /yspapers/iopbook15.pdf HTTP/1.1" 200 2962673 "https://www.google.com/" "Mozilla/5.0 (Windows NT 10.0; Win64; x64) AppleWebKit/537.36 (KHTML, like Gecko) Chrome/106.0.0.0 Safari/537.36" "ysfine.com"
14.201.36.221 - - [27/Oct/2022:00:28:19 -0700] "GET /kobak/1014c.jpg HTTP/1.1" 200 164928 "https://www.google.com/" "Mozilla/5.0 (Macintosh; Intel Mac OS X 10_15_7) AppleWebKit/537.36 (KHTML, like Gecko) Chrome/106.0.0.0 Safari/537.36" "ysfine.com"
180.67.178.13 - - [27/Oct/2022:00:28:19 -0700] "GET /favicon.ico HTTP/1.1" 404 88 "https://ysfine.com/yspapers/iopbook15.pdf" "Mozilla/5.0 (Windows NT 10.0; Win64; x64) AppleWebKit/537.36 (KHTML, like Gecko) Chrome/106.0.0.0 Safari/537.36" "ysfine.com"
103.172.41.165 - - [27/Oct/2022:00:29:21 -0700] "GET /world/ital/galileo12.jpg HTTP/1.1" 200 145442 "https://www.google.com/" "Mozilla/5.0 (Windows NT 10.0; Win64; x64) AppleWebKit/537.36 (KHTML, like Gecko) Chrome/102.0.0.0 Safari/537.36" "ysfine.com"
66.249.66.40 - - [27/Oct/2022:00:29:25 -0700] "GET /usca/pitt/knee11.jpg HTTP/1.1" 200 70926 "-" "Googlebot-Image/1.0" "ysfine.com"
157.55.39.14 - - [27/Oct/2022:00:29:29 -0700] "GET /world/germany/mucf27.jpg HTTP/1.1" 200 114997 "-" "Mozilla/5.0 (compatible; bingbot/2.0; +http://www.bing.com/bingbot.htm)" "www.ysfine.com"
157.55.39.14 - - [27/Oct/2022:00:29:38 -0700] "GET /maga/phys/solvayc27c.jpg HTTP/1.1" 200 53464 "-" "Mozilla/5.0 (compatible; bingbot/2.0; +http://www.bing.com/bingbot.htm)" "ysfine.com"
40.77.167.27 - - [27/Oct/2022:00:29:50 -0700] "GET /sbk/1964oldsmo11.jpg HTTP/1.1" 200 90456 "-" "Mozilla/5.0 (compatible; bingbot/2.0; +http://www.bing.com/bingbot.htm)" "www.ysfine.com"
157.55.39.121 - - [27/Oct/2022:00:30:31 -0700] "GET /world/ital/uffizi11.jpg HTTP/1.1" 200 116766 "-" "Mozilla/5.0 AppleWebKit/537.36 (KHTML, like Gecko; compatible; bingbot/2.0; +http://www.bing.com/bingbot.htm) Chrome/103.0.5060.134 Safari/537.36" "ysfine.com"
89.187.182.22 - - [27/Oct/2022:00:31:30 -0700] "GET /wp-login.php HTTP/1.1" 404 88 "-" "Mozilla/5.0 (Windows NT 10.0; Win64; x64) AppleWebKit/537.36 (KHTML, like Gecko) Chrome/91.0.4472.124 Safari/537.36" "ysfine.com"
157.55.39.127 - - [27/Oct/2022:00:31:57 -0700] "GET /wdc/lincoln01.jpg HTTP/1.1" 200 45179 "-" "Mozilla/5.0 (compatible; bingbot/2.0; +http://www.bing.com/bingbot.htm)" "ysfine.com"
207.46.13.104 - - [27/Oct/2022:00:32:09 -0700] "GET /world/scandi/vaxdoll33.jpg HTTP/1.1" 200 119176 "-" "Mozilla/5.0 (compatible; bingbot/2.0; +http://www.bing.com/bingbot.htm)" "ysfine.com"
51.222.253.6 - - [27/Oct/2022:00:32:09 -0700] "GET /ysbio/ysbio/marq.html HTTP/1.1" 404 88 "-" "Mozilla/5.0 (compatible; AhrefsBot/7.0; +http://ahrefs.com/robot/)" "www.ysfine.com"
77.88.5.216 - - [27/Oct/2022:00:32:13 -0700] "GET /kowar/war51.html HTTP/1.1" 200 5022 "-" "Mozilla/5.0 (compatible; YandexBot/3.0; +http://yandex.com/bots)" "www.ysfine.com"
157.55.39.14 - - [27/Oct/2022:00:32:19 -0700] "GET /wdc/gtown39.jpg HTTP/1.1" 200 89921 "-" "Mozilla/5.0 (compatible; bingbot/2.0; +http://www.bing.com/bingbot.htm)" "www.ysfine.com"
157.55.39.127 - - [27/Oct/2022:00:32:38 -0700] "GET /bio/style/shops.html HTTP/1.1" 404 88 "-" "Mozilla/5.0 (compatible; bingbot/2.0; +http://www.bing.com/bingbot.htm)" "ysfine.com"
40.77.167.71 - - [27/Oct/2022:00:32:43 -0700] "GET /world/france/stras51.jpg HTTP/1.1" 200 115399 "-" "Mozilla/5.0 AppleWebKit/537.36 (KHTML, like Gecko; compatible; bingbot/2.0; +http://www.bing.com/bingbot.htm) Chrome/103.0.5060.134 Safari/537.36" "ysfine.com"
40.77.167.71 - - [27/Oct/2022:00:32:43 -0700] "GET /bio/houses/christmas.html HTTP/1.1" 404 88 "-" "Mozilla/5.0 AppleWebKit/537.36 (KHTML, like Gecko; compatible; bingbot/2.0; +http://www.bing.com/bingbot.htm) Chrome/103.0.5060.134 Safari/537.36" "ysfine.com"
40.77.167.27 - - [27/Oct/2022:00:33:30 -0700] "GET /world/germany/augustiner11.jpg HTTP/1.1" 200 162368 "-" "Mozilla/5.0 AppleWebKit/537.36 (KHTML, like Gecko; compatible; bingbot/2.0; +http://www.bing.com/bingbot.htm) Chrome/103.0.5060.134 Safari/537.36" "ysfine.com"
173.73.77.36 - - [27/Oct/2022:00:33:43 -0700] "GET /ysbio/bio07.html HTTP/1.1" 304 - "-" "Mozilla/5.0 (Windows NT 10.0; Win64; x64) AppleWebKit/537.36 (KHTML, like Gecko) Chrome/106.0.0.0 Safari/537.36 Edg/106.0.1370.52" "www.ysfine.com"
157.55.39.127 - - [27/Oct/2022:00:33:47 -0700] "GET /style/beetho11.jpg HTTP/1.1" 200 141470 "-" "Mozilla/5.0 (compatible; bingbot/2.0; +http://www.bing.com/bingbot.htm)" "ysfine.com"
66.249.66.43 - - [27/Oct/2022:00:33:50 -0700] "GET /world/france/sartsq02.jpg HTTP/1.1" 304 - "-" "Googlebot-Image/1.0" "ysfine.com"
157.55.39.14 - - [27/Oct/2022:00:34:40 -0700] "GET /world/russ/kremtheater02.jpg HTTP/1.1" 200 89453 "-" "Mozilla/5.0 AppleWebKit/537.36 (KHTML, like Gecko; compatible; bingbot/2.0; +http://www.bing.com/bingbot.htm) Chrome/103.0.5060.134 Safari/537.36" "ysfine.com"
216.244.66.229 - - [27/Oct/2022:00:34:47 -0700] "GET /robots.txt HTTP/1.1" 404 73 "-" "Mozilla/5.0 (compatible; DotBot/1.2; +https://opensiteexplorer.org/dotbot; help@moz.com)" "www.ysfine.com"
185.191.171.25 - - [27/Oct/2022:00:34:48 -0700] "GET /robots.txt HTTP/1.1" 404 88 "-" "Mozilla/5.0 (compatible; SemrushBot/7~bl; +http://www.semrush.com/bot.html)" "www.ysfine.com"
185.191.171.15 - - [27/Oct/2022:00:34:50 -0700] "GET /einstein/eincopen.html HTTP/1.1" 200 6900 "-" "Mozilla/5.0 (compatible; SemrushBot/7~bl; +http://www.semrush.com/bot.html)" "www.ysfine.com"
66.249.66.43 - - [27/Oct/2022:00:35:03 -0700] "GET /einstein/einwheel84.jpg HTTP/1.1" 304 - "-" "Googlebot-Image/1.0" "ysfine.com"
40.77.167.71 - - [27/Oct/2022:00:35:18 -0700] "GET /feynman/page22.jpg HTTP/1.1" 200 111640 "-" "Mozilla/5.0 AppleWebKit/537.36 (KHTML, like Gecko; compatible; bingbot/2.0; +http://www.bing.com/bingbot.htm) Chrome/103.0.5060.134 Safari/537.36" "ysfine.com"
66.249.66.43 - - [27/Oct/2022:00:35:31 -0700] "GET /robots.txt HTTP/1.1" 404 88 "-" "Mozilla/5.0 (compatible; Googlebot/2.1; +http://www.google.com/bot.html)" "ysfine.com"
66.249.66.43 - - [27/Oct/2022:00:35:31 -0700] "GET /kobak/myk18.jpg HTTP/1.1" 200 48758 "-" "Googlebot-Image/1.0" "ysfine.com"
157.55.39.121 - - [27/Oct/2022:00:36:01 -0700] "GET /world/russ/basil08c.jpg HTTP/1.1" 200 40070 "-" "Mozilla/5.0 AppleWebKit/537.36 (KHTML, like Gecko; compatible; bingbot/2.0; +http://www.bing.com/bingbot.htm) Chrome/103.0.5060.134 Safari/537.36" "ysfine.com"
157.55.39.14 - - [27/Oct/2022:00:36:28 -0700] "GET /kobak/korjap03.jpg HTTP/1.1" 200 86667 "-" "Mozilla/5.0 (compatible; bingbot/2.0; +http://www.bing.com/bingbot.htm)" "www.ysfine.com"
49.7.21.114 - - [27/Oct/2022:00:36:30 -0700] "GET / HTTP/1.1" 200 5283 "-" "Sogou web spider/4.0(+http://www.sogou.com/docs/help/webmasters.htm#07)" "www.ysfine.com"
40.77.167.71 - - [27/Oct/2022:00:36:37 -0700] "GET /world/france/sartsq14.jpg HTTP/1.1" 200 90541 "-" "Mozilla/5.0 (compatible; bingbot/2.0; +http://www.bing.com/bingbot.htm)" "www.ysfine.com"
207.46.13.104 - - [27/Oct/2022:00:36:39 -0700] "GET /princeton/wilspoin.jpg HTTP/1.1" 200 84978 "-" "Mozilla/5.0 (compatible; adidxbot/2.0; +http://www.bing.com/bingbot.htm)" "ysfine.com"
216.244.66.229 - - [27/Oct/2022:00:36:54 -0700] "GET /ffriends/italparis01.jpg HTTP/1.1" 200 184748 "-" "Mozilla/5.0 (compatible; DotBot/1.2; +https://opensiteexplorer.org/dotbot; help@moz.com)" "www.ysfine.com"
40.77.167.27 - - [27/Oct/2022:00:37:00 -0700] "GET /world/baltic/tallin47.jpg HTTP/1.1" 200 138046 "-" "Mozilla/5.0 (compatible; bingbot/2.0; +http://www.bing.com/bingbot.htm)" "ysfine.com"
180.67.178.13 - - [27/Oct/2022:00:37:27 -0700] "GET /yspapers/iopbook15.pdf HTTP/1.1" 206 1 "https://www.google.com/" "Mozilla/5.0 (Windows NT 10.0; Win64; x64) AppleWebKit/537.36 (KHTML, like Gecko) Chrome/106.0.0.0 Safari/537.36" "ysfine.com"
180.67.178.13 - - [27/Oct/2022:00:37:27 -0700] "GET /yspapers/iopbook15.pdf HTTP/1.1" 206 1742466 "https://www.google.com/" "Mozilla/5.0 (Windows NT 10.0; Win64; x64) AppleWebKit/537.36 (KHTML, like Gecko) Chrome/106.0.0.0 Safari/537.36" "ysfine.com"
51.222.253.1 - - [27/Oct/2022:00:37:33 -0700] "GET /ysbio/ysbio/yshome.html HTTP/1.1" 404 88 "-" "Mozilla/5.0 (compatible; AhrefsBot/7.0; +http://ahrefs.com/robot/)" "www.ysfine.com"
216.244.66.229 - - [27/Oct/2022:00:37:36 -0700] "GET /ffriends/peru11.jpg HTTP/1.1" 200 69069 "-" "Mozilla/5.0 (compatible; DotBot/1.2; +https://opensiteexplorer.org/dotbot; help@moz.com)" "www.ysfine.com"
157.55.39.127 - - [27/Oct/2022:00:37:39 -0700] "GET /wdc/ww2m33.jpg HTTP/1.1" 200 108465 "-" "Mozilla/5.0 AppleWebKit/537.36 (KHTML, like Gecko; compatible; bingbot/2.0; +http://www.bing.com/bingbot.htm) Chrome/103.0.5060.134 Safari/537.36" "www.ysfine.com"
40.77.167.27 - - [27/Oct/2022:00:37:41 -0700] "GET /wigner/neum/ymath.jpg HTTP/1.1" 200 64930 "-" "Mozilla/5.0 (compatible; bingbot/2.0; +http://www.bing.com/bingbot.htm)" "ysfine.com"
40.77.167.27 - - [27/Oct/2022:00:37:42 -0700] "GET /world/france/lilas01.jpg HTTP/1.1" 200 109674 "-" "Mozilla/5.0 AppleWebKit/537.36 (KHTML, like Gecko; compatible; bingbot/2.0; +http://www.bing.com/bingbot.htm) Chrome/103.0.5060.134 Safari/537.36" "www.ysfine.com"
212.96.63.181 - - [27/Oct/2022:00:37:45 -0700] "GET /einstein/places/einha05.jpg HTTP/1.1" 200 138021 "https://www.google.com/" "Mozilla/5.0 (Windows NT 10.0; Win64; x64) AppleWebKit/537.36 (KHTML, like Gecko) Chrome/106.0.0.0 Safari/537.36" "ysfine.com"
157.55.39.127 - - [27/Oct/2022:00:37:48 -0700] "GET /world/poland/poznanf11.jpg HTTP/1.1" 200 81002 "-" "Mozilla/5.0 AppleWebKit/537.36 (KHTML, like Gecko; compatible; bingbot/2.0; +http://www.bing.com/bingbot.htm) Chrome/103.0.5060.134 Safari/537.36" "ysfine.com"
77.75.77.119 - - [27/Oct/2022:00:37:49 -0700] "GET /beau/amkor/kostu06.jpg HTTP/1.1" 404 88 "-" "Mozilla/5.0 (compatible; SeznamBot/4.0-RC1; +http://napoveda.seznam.cz/seznambot-intro/)" "ysfine.com"
93.231.229.112 - - [27/Oct/2022:00:38:32 -0700] "GET /world/brit/winston01b.jpg HTTP/1.1" 200 38436 "https://ysfine.com/world/brit/etonharrow.html" "Mozilla/5.0 (Linux; Android 12; SM-A715F) AppleWebKit/537.36 (KHTML, like Gecko) Chrome/106.0.0.0 Mobile Safari/537.36" "ysfine.com"
93.231.229.112 - - [27/Oct/2022:00:38:32 -0700] "GET /world/brit/nehru11b.jpg HTTP/1.1" 200 43052 "https://ysfine.com/world/brit/etonharrow.html" "Mozilla/5.0 (Linux; Android 12; SM-A715F) AppleWebKit/537.36 (KHTML, like Gecko) Chrome/106.0.0.0 Mobile Safari/537.36" "ysfine.com"
93.231.229.112 - - [27/Oct/2022:00:38:32 -0700] "GET /world/brit/eton07b.jpg HTTP/1.1" 200 36566 "https://ysfine.com/world/brit/etonharrow.html" "Mozilla/5.0 (Linux; Android 12; SM-A715F) AppleWebKit/537.36 (KHTML, like Gecko) Chrome/106.0.0.0 Mobile Safari/537.36" "ysfine.com"
93.231.229.112 - - [27/Oct/2022:00:38:32 -0700] "GET /world/brit/eton01b.jpg HTTP/1.1" 200 47771 "https://ysfine.com/world/brit/etonharrow.html" "Mozilla/5.0 (Linux; Android 12; SM-A715F) AppleWebKit/537.36 (KHTML, like Gecko) Chrome/106.0.0.0 Mobile Safari/537.36" "ysfine.com"
93.231.229.112 - - [27/Oct/2022:00:38:32 -0700] "GET /world/brit/eton02b.jpg HTTP/1.1" 200 39432 "https://ysfine.com/world/brit/etonharrow.html" "Mozilla/5.0 (Linux; Android 12; SM-A715F) AppleWebKit/537.36 (KHTML, like Gecko) Chrome/106.0.0.0 Mobile Safari/537.36" "ysfine.com"
93.231.229.112 - - [27/Oct/2022:00:38:32 -0700] "GET /world/brit/eton03b.jpg HTTP/1.1" 200 45141 "https://ysfine.com/world/brit/etonharrow.html" "Mozilla/5.0 (Linux; Android 12; SM-A715F) AppleWebKit/537.36 (KHTML, like Gecko) Chrome/106.0.0.0 Mobile Safari/537.36" "ysfine.com"
93.231.229.112 - - [27/Oct/2022:00:38:32 -0700] "GET /eink/pwk19c.jpg HTTP/1.1" 200 57759 "https://ysfine.com/world/brit/etonharrow.html" "Mozilla/5.0 (Linux; Android 12; SM-A715F) AppleWebKit/537.36 (KHTML, like Gecko) Chrome/106.0.0.0 Mobile Safari/537.36" "ysfine.com"
93.231.229.112 - - [27/Oct/2022:00:38:32 -0700] "GET /world/brit/harrow11b.jpg HTTP/1.1" 200 42533 "https://ysfine.com/world/brit/etonharrow.html" "Mozilla/5.0 (Linux; Android 12; SM-A715F) AppleWebKit/537.36 (KHTML, like Gecko) Chrome/106.0.0.0 Mobile Safari/537.36" "ysfine.com"
93.231.229.112 - - [27/Oct/2022:00:38:32 -0700] "GET /world/brit/harrow12b.jpg HTTP/1.1" 200 45104 "https://ysfine.com/world/brit/etonharrow.html" "Mozilla/5.0 (Linux; Android 12; SM-A715F) AppleWebKit/537.36 (KHTML, like Gecko) Chrome/106.0.0.0 Mobile Safari/537.36" "ysfine.com"
93.231.229.112 - - [27/Oct/2022:00:38:32 -0700] "GET /world/brit/harrow09b.jpg HTTP/1.1" 200 48797 "https://ysfine.com/world/brit/etonharrow.html" "Mozilla/5.0 (Linux; Android 12; SM-A715F) AppleWebKit/537.36 (KHTML, like Gecko) Chrome/106.0.0.0 Mobile Safari/537.36" "ysfine.com"
93.231.229.112 - - [27/Oct/2022:00:38:32 -0700] "GET /world/brit/etonharrow.html HTTP/1.1" 200 4546 "https://www.google.com/" "Mozilla/5.0 (Linux; Android 12; SM-A715F) AppleWebKit/537.36 (KHTML, like Gecko) Chrome/106.0.0.0 Mobile Safari/537.36" "ysfine.com"
93.231.229.112 - - [27/Oct/2022:00:38:32 -0700] "GET /kobak/kwk11b.jpg HTTP/1.1" 200 46888 "https://ysfine.com/world/brit/etonharrow.html" "Mozilla/5.0 (Linux; Android 12; SM-A715F) AppleWebKit/537.36 (KHTML, like Gecko) Chrome/106.0.0.0 Mobile Safari/537.36" "ysfine.com"
93.231.229.112 - - [27/Oct/2022:00:38:32 -0700] "GET /world/brit/windsor02b.jpg HTTP/1.1" 200 40724 "https://ysfine.com/world/brit/etonharrow.html" "Mozilla/5.0 (Linux; Android 12; SM-A715F) AppleWebKit/537.36 (KHTML, like Gecko) Chrome/106.0.0.0 Mobile Safari/537.36" "ysfine.com"
93.231.229.112 - - [27/Oct/2022:00:38:32 -0700] "GET /world/brit/harrow01b.jpg HTTP/1.1" 200 54632 "https://ysfine.com/world/brit/etonharrow.html" "Mozilla/5.0 (Linux; Android 12; SM-A715F) AppleWebKit/537.36 (KHTML, like Gecko) Chrome/106.0.0.0 Mobile Safari/537.36" "ysfine.com"
93.231.229.112 - - [27/Oct/2022:00:38:32 -0700] "GET /kobak/taylor33c.jpg HTTP/1.1" 200 39951 "https://ysfine.com/world/brit/etonharrow.html" "Mozilla/5.0 (Linux; Android 12; SM-A715F) AppleWebKit/537.36 (KHTML, like Gecko) Chrome/106.0.0.0 Mobile Safari/537.36" "ysfine.com"
93.231.229.112 - - [27/Oct/2022:00:38:32 -0700] "GET /world/brit/harrow04b.jpg HTTP/1.1" 200 48004 "https://ysfine.com/world/brit/etonharrow.html" "Mozilla/5.0 (Linux; Android 12; SM-A715F) AppleWebKit/537.36 (KHTML, like Gecko) Chrome/106.0.0.0 Mobile Safari/537.36" "ysfine.com"
216.244.66.229 - - [27/Oct/2022:00:38:34 -0700] "GET /ffriends/philipine09.jpg HTTP/1.1" 200 75206 "-" "Mozilla/5.0 (compatible; DotBot/1.2; +https://opensiteexplorer.org/dotbot; help@moz.com)" "www.ysfine.com"
93.231.229.112 - - [27/Oct/2022:00:38:36 -0700] "GET /favicon.ico HTTP/1.1" 404 88 "https://ysfine.com/world/brit/etonharrow.html" "Mozilla/5.0 (Linux; Android 12; SM-A715F) AppleWebKit/537.36 (KHTML, like Gecko) Chrome/106.0.0.0 Mobile Safari/537.36" "ysfine.com"
157.55.39.121 - - [27/Oct/2022:00:38:53 -0700] "GET /einstein/einqm.html HTTP/1.1" 200 4504 "-" "Mozilla/5.0 AppleWebKit/537.36 (KHTML, like Gecko; compatible; bingbot/2.0; +http://www.bing.com/bingbot.htm) Chrome/103.0.5060.134 Safari/537.36" "www.ysfine.com"
216.244.66.229 - - [27/Oct/2022:00:39:01 -0700] "GET /ffriends/russathens.jpg HTTP/1.1" 404 73 "-" "Mozilla/5.0 (compatible; DotBot/1.2; +https://opensiteexplorer.org/dotbot; help@moz.com)" "www.ysfine.com"
157.55.39.121 - - [27/Oct/2022:00:39:32 -0700] "GET /usca/pitt/yspgh55.jpg HTTP/1.1" 200 64416 "-" "Mozilla/5.0 AppleWebKit/537.36 (KHTML, like Gecko; compatible; bingbot/2.0; +http://www.bing.com/bingbot.htm) Chrome/103.0.5060.134 Safari/537.36" "www.ysfine.com"
157.55.39.127 - - [27/Oct/2022:00:39:59 -0700] "GET /world/baltic/kalin31b.jpg HTTP/1.1" 200 56139 "-" "Mozilla/5.0 (compatible; bingbot/2.0; +http://www.bing.com/bingbot.htm)" "www.ysfine.com"
216.244.66.229 - - [27/Oct/2022:00:40:17 -0700] "GET /ffriends/aline/delta01.jpg HTTP/1.1" 200 72912 "-" "Mozilla/5.0 (compatible; DotBot/1.2; +https://opensiteexplorer.org/dotbot; help@moz.com)" "www.ysfine.com"
216.244.66.229 - - [27/Oct/2022:00:40:41 -0700] "GET /ffriends/aline/northwes10.jpg HTTP/1.1" 200 163408 "-" "Mozilla/5.0 (compatible; DotBot/1.2; +https://opensiteexplorer.org/dotbot; help@moz.com)" "www.ysfine.com"
93.231.229.112 - - [27/Oct/2022:00:40:55 -0700] "GET /world/brit/eton02.jpg HTTP/1.1" 200 87821 "https://ysfine.com/world/brit/etonharrow.html" "Mozilla/5.0 (Linux; Android 12; SM-A715F) AppleWebKit/537.36 (KHTML, like Gecko) Chrome/106.0.0.0 Mobile Safari/537.36" "ysfine.com"
216.244.66.229 - - [27/Oct/2022:00:41:04 -0700] "GET /ffriends/amkor/futuresec.jpg HTTP/1.1" 200 33100 "-" "Mozilla/5.0 (compatible; DotBot/1.2; +https://opensiteexplorer.org/dotbot; help@moz.com)" "www.ysfine.com"
93.231.229.112 - - [27/Oct/2022:00:41:23 -0700] "GET /world/brit/eton07.jpg HTTP/1.1" 200 83284 "https://ysfine.com/world/brit/etonharrow.html" "Mozilla/5.0 (Linux; Android 12; SM-A715F) AppleWebKit/537.36 (KHTML, like Gecko) Chrome/106.0.0.0 Mobile Safari/537.36" "ysfine.com"
216.244.66.229 - - [27/Oct/2022:00:41:26 -0700] "GET /ffriends/amkor/kostu01.jpg HTTP/1.1" 200 176599 "-" "Mozilla/5.0 (compatible; DotBot/1.2; +https://opensiteexplorer.org/dotbot; help@moz.com)" "www.ysfine.com"
51.222.253.12 - - [27/Oct/2022:00:42:35 -0700] "GET /ysbio/ysbio/yspapers/index.html HTTP/1.1" 404 88 "-" "Mozilla/5.0 (compatible; AhrefsBot/7.0; +http://ahrefs.com/robot/)" "www.ysfine.com"
220.181.51.90 - - [27/Oct/2022:00:42:57 -0700] "GET /robots.txt HTTP/1.1" 404 88 "-" "Mozilla/5.0 (Windows NT 10.0; WOW64) AppleWebKit/537.36 (KHTML, like Gecko) Chrome/48.0.2564.116 Safari/537.36" "ysfine.com"
116.179.37.13 - - [27/Oct/2022:00:42:58 -0700] "GET /feynman/jacdrum11c.jpg HTTP/1.1" 200 39178 "https://ysfine.com/style/digilit.html" "Mozilla/5.0 (compatible; Baiduspider-render/2.0; +http://www.baidu.com/search/spider.html)" "ysfine.com"
116.179.33.80 - - [27/Oct/2022:00:42:59 -0700] "GET /robots.txt HTTP/1.1" 404 88 "-" "Mozilla/5.0 (Windows NT 10.0; WOW64) AppleWebKit/537.36 (KHTML, like Gecko) Chrome/48.0.2564.116 Safari/537.36" "ysfine.com"
116.179.33.143 - - [27/Oct/2022:00:43:12 -0700] "GET /robots.txt HTTP/1.1" 404 88 "-" "Mozilla/5.0 (Windows NT 10.0; WOW64) AppleWebKit/537.36 (KHTML, like Gecko) Chrome/48.0.2564.116 Safari/537.36" "ysfine.com"
40.77.167.27 - - [27/Oct/2022:00:43:52 -0700] "GET /world/brit/britmu31.jpg HTTP/1.1" 200 79045 "-" "Mozilla/5.0 (compatible; bingbot/2.0; +http://www.bing.com/bingbot.htm)" "www.ysfine.com"
206.127.215.181 - - [27/Oct/2022:00:43:59 -0700] "GET /world/brit/harrow09.jpg HTTP/1.1" 200 101406 "-" "Mozilla/5.0 (Windows NT 6.3; WOW64) AppleWebKit/537.36 (KHTML, like Gecko) Chrome/38.0.2125.111 Safari/537.36" "www.ysfine.com"
207.46.13.104 - - [27/Oct/2022:00:44:19 -0700] "GET /class54/class5470/total_data/refer_img/1-3_f.jpg HTTP/1.1" 200 18163 "-" "Mozilla/5.0 AppleWebKit/537.36 (KHTML, like Gecko; compatible; bingbot/2.0; +http://www.bing.com/bingbot.htm) Chrome/103.0.5060.134 Safari/537.36" "ysfine.com"
40.77.167.71 - - [27/Oct/2022:00:44:29 -0700] "GET /world/brit/stpaul07.jpg HTTP/1.1" 200 84764 "-" "Mozilla/5.0 AppleWebKit/537.36 (KHTML, like Gecko; compatible; bingbot/2.0; +http://www.bing.com/bingbot.htm) Chrome/103.0.5060.134 Safari/537.36" "ysfine.com"
40.77.167.27 - - [27/Oct/2022:00:45:21 -0700] "GET /einstein/places/einmu16b.jpg HTTP/1.1" 200 34497 "-" "Mozilla/5.0 (compatible; bingbot/2.0; +http://www.bing.com/bingbot.htm)" "ysfine.com"
40.77.167.27 - - [27/Oct/2022:00:46:13 -0700] "GET /wdc/gtown03b.jpg HTTP/1.1" 200 50421 "-" "Mozilla/5.0 AppleWebKit/537.36 (KHTML, like Gecko; compatible; bingbot/2.0; +http://www.bing.com/bingbot.htm) Chrome/103.0.5060.134 Safari/537.36" "ysfine.com"
20.219.38.107 - - [27/Oct/2022:00:46:23 -0700] "GET /xmlrpc.php?rsd HTTP/1.1" 500 5301 "-" "Mozilla/5.0 (Windows NT 10.0; Win64; x64) AppleWebKit/537.36 (KHTML, like Gecko) Chrome/95.0.4638.69 Safari/537.36" "ysfine.com"
20.219.38.107 - - [27/Oct/2022:00:46:25 -0700] "GET /web/wp-includes/wlwmanifest.xml HTTP/1.1" 404 73 "-" "Mozilla/5.0 (Windows NT 10.0; Win64; x64) AppleWebKit/537.36 (KHTML, like Gecko) Chrome/95.0.4638.69 Safari/537.36" "ysfine.com"
20.219.38.107 - - [27/Oct/2022:00:46:27 -0700] "GET /wp/wp-includes/wlwmanifest.xml HTTP/1.1" 404 73 "-" "Mozilla/5.0 (Windows NT 10.0; Win64; x64) AppleWebKit/537.36 (KHTML, like Gecko) Chrome/95.0.4638.69 Safari/537.36" "ysfine.com"
20.219.38.107 - - [27/Oct/2022:00:46:28 -0700] "GET /2019/wp-includes/wlwmanifest.xml HTTP/1.1" 404 73 "-" "Mozilla/5.0 (Windows NT 10.0; Win64; x64) AppleWebKit/537.36 (KHTML, like Gecko) Chrome/95.0.4638.69 Safari/537.36" "ysfine.com"
20.219.38.107 - - [27/Oct/2022:00:46:29 -0700] "GET /shop/wp-includes/wlwmanifest.xml HTTP/1.1" 404 73 "-" "Mozilla/5.0 (Windows NT 10.0; Win64; x64) AppleWebKit/537.36 (KHTML, like Gecko) Chrome/95.0.4638.69 Safari/537.36" "ysfine.com"
20.219.38.107 - - [27/Oct/2022:00:46:30 -0700] "GET /wp1/wp-includes/wlwmanifest.xml HTTP/1.1" 404 73 "-" "Mozilla/5.0 (Windows NT 10.0; Win64; x64) AppleWebKit/537.36 (KHTML, like Gecko) Chrome/95.0.4638.69 Safari/537.36" "ysfine.com"
20.219.38.107 - - [27/Oct/2022:00:46:31 -0700] "GET /test/wp-includes/wlwmanifest.xml HTTP/1.1" 404 73 "-" "Mozilla/5.0 (Windows NT 10.0; Win64; x64) AppleWebKit/537.36 (KHTML, like Gecko) Chrome/95.0.4638.69 Safari/537.36" "ysfine.com"
173.73.77.36 - - [27/Oct/2022:00:46:49 -0700] "GET /style/stleft.html HTTP/1.1" 200 548 "https://ysfine.com/style/stbot.html" "Mozilla/5.0 (Windows NT 10.0; Win64; x64; rv:106.0) Gecko/20100101 Firefox/106.0" "ysfine.com"
173.73.77.36 - - [27/Oct/2022:00:46:49 -0700] "GET /style/ysnr11c.jpg HTTP/1.1" 200 34793 "https://ysfine.com/style/strigh.html" "Mozilla/5.0 (Windows NT 10.0; Win64; x64; rv:106.0) Gecko/20100101 Firefox/106.0" "ysfine.com"
173.73.77.36 - - [27/Oct/2022:00:46:49 -0700] "GET /world/baltic/lithuf08c.jpg HTTP/1.1" 200 38987 "https://ysfine.com/style/strigh.html" "Mozilla/5.0 (Windows NT 10.0; Win64; x64; rv:106.0) Gecko/20100101 Firefox/106.0" "ysfine.com"
173.73.77.36 - - [27/Oct/2022:00:46:49 -0700] "GET /princeton/class2007c.jpg HTTP/1.1" 200 37045 "https://ysfine.com/style/strigh.html" "Mozilla/5.0 (Windows NT 10.0; Win64; x64; rv:106.0) Gecko/20100101 Firefox/106.0" "ysfine.com"
40.77.167.71 - - [27/Oct/2022:00:46:59 -0700] "GET /world/germany/berlin005.jpg HTTP/1.1" 200 146680 "-" "Mozilla/5.0 (compatible; bingbot/2.0; +http://www.bing.com/bingbot.htm)" "ysfine.com"
153.246.161.215 - - [27/Oct/2022:00:48:05 -0700] "GET /princeton/nasshall01.jpg HTTP/1.1" 200 169242 "https://www.google.com/" "Mozilla/5.0 (Macintosh; Intel Mac OS X 10.14; rv:106.0) Gecko/20100101 Firefox/106.0" "ysfine.com"
216.244.66.229 - - [27/Oct/2022:00:48:45 -0700] "GET /world/ital/palat11.jpg HTTP/1.1" 200 86806 "-" "Mozilla/5.0 (compatible; DotBot/1.2; +https://opensiteexplorer.org/dotbot; help@moz.com)" "www.ysfine.com"
17.121.115.218 - - [27/Oct/2022:00:48:49 -0700] "GET /manko/index.html HTTP/1.1" 200 135 "-" "Mozilla/5.0 (Macintosh; Intel Mac OS X 10_15_5) AppleWebKit/605.1.15 (KHTML, like Gecko) Version/13.1.1 Safari/605.1.15 (Applebot/0.1; +http://www.apple.com/go/applebot)" "ysfine.com"
157.55.39.127 - - [27/Oct/2022:00:49:59 -0700] "GET /world/brit/bond31.jpg HTTP/1.1" 200 99085 "-" "Mozilla/5.0 AppleWebKit/537.36 (KHTML, like Gecko; compatible; bingbot/2.0; +http://www.bing.com/bingbot.htm) Chrome/103.0.5060.134 Safari/537.36" "ysfine.com"
66.249.66.40 - - [27/Oct/2022:00:50:24 -0700] "GET /wisdom/bigpower01b.jpg HTTP/1.1" 200 57155 "-" "Googlebot-Image/1.0" "ysfine.com"
216.244.66.229 - - [27/Oct/2022:00:51:33 -0700] "GET /class54/class5470/total_data/sub_865.htm HTTP/1.1" 200 15639 "-" "Mozilla/5.0 (compatible; DotBot/1.2; +https://opensiteexplorer.org/dotbot; help@moz.com)" "www.ysfine.com"
216.244.66.229 - - [27/Oct/2022:00:52:01 -0700] "GET /world/ital/murano07.jpg HTTP/1.1" 200 102128 "-" "Mozilla/5.0 (compatible; DotBot/1.2; +https://opensiteexplorer.org/dotbot; help@moz.com)" "www.ysfine.com"
157.55.39.121 - - [27/Oct/2022:00:52:03 -0700] "GET /world/germany/berlin021.jpg HTTP/1.1" 200 106691 "-" "Mozilla/5.0 AppleWebKit/537.36 (KHTML, like Gecko; compatible; bingbot/2.0; +http://www.bing.com/bingbot.htm) Chrome/103.0.5060.134 Safari/537.36" "ysfine.com"
157.55.39.14 - - [27/Oct/2022:00:52:31 -0700] "GET /bio/einstein/bern.html HTTP/1.1" 404 88 "-" "Mozilla/5.0 AppleWebKit/537.36 (KHTML, like Gecko; compatible; bingbot/2.0; +http://www.bing.com/bingbot.htm) Chrome/103.0.5060.134 Safari/537.36" "ysfine.com"
40.77.167.71 - - [27/Oct/2022:00:52:39 -0700] "GET /world/china/hongkong16.jpg HTTP/1.1" 200 69673 "-" "Mozilla/5.0 (compatible; bingbot/2.0; +http://www.bing.com/bingbot.htm)" "ysfine.com"
207.46.13.104 - - [27/Oct/2022:00:52:50 -0700] "GET /awards/timessq33.jpg HTTP/1.1" 200 257708 "-" "Mozilla/5.0 AppleWebKit/537.36 (KHTML, like Gecko; compatible; bingbot/2.0; +http://www.bing.com/bingbot.htm) Chrome/103.0.5060.134 Safari/537.36" "ysfine.com"
207.46.13.104 - - [27/Oct/2022:00:52:51 -0700] "GET /world/russ/minsk066b.jpg HTTP/1.1" 200 28380 "-" "Mozilla/5.0 AppleWebKit/537.36 (KHTML, like Gecko; compatible; bingbot/2.0; +http://www.bing.com/bingbot.htm) Chrome/103.0.5060.134 Safari/537.36" "ysfine.com"
40.77.167.71 - - [27/Oct/2022:00:54:19 -0700] "GET /wdc/washmo17.jpg HTTP/1.1" 200 89623 "-" "Mozilla/5.0 AppleWebKit/537.36 (KHTML, like Gecko; compatible; bingbot/2.0; +http://www.bing.com/bingbot.htm) Chrome/103.0.5060.134 Safari/537.36" "ysfine.com"
216.244.66.229 - - [27/Oct/2022:00:55:13 -0700] "GET /kobak/arisaka99b.jpg HTTP/1.1" 200 48028 "-" "Mozilla/5.0 (compatible; DotBot/1.2; +https://opensiteexplorer.org/dotbot; help@moz.com)" "www.ysfine.com"
216.244.66.229 - - [27/Oct/2022:00:55:40 -0700] "GET /newyork/rocke15.jpg HTTP/1.1" 200 110523 "-" "Mozilla/5.0 (compatible; DotBot/1.2; +https://opensiteexplorer.org/dotbot; help@moz.com)" "www.ysfine.com"
40.77.167.27 - - [27/Oct/2022:00:55:43 -0700] "GET /jobs/unikij.html HTTP/1.1" 404 88 "-" "Mozilla/5.0 (compatible; bingbot/2.0; +http://www.bing.com/bingbot.htm)" "ysfine.com"
17.121.115.78 - - [27/Oct/2022:00:55:50 -0700] "GET /world/brit/loncafe.html HTTP/1.1" 200 374 "-" "Mozilla/5.0 (Macintosh; Intel Mac OS X 10_15_5) AppleWebKit/605.1.15 (KHTML, like Gecko) Version/13.1.1 Safari/605.1.15 (Applebot/0.1; +http://www.apple.com/go/applebot)" "ysfine.com"
157.55.39.14 - - [27/Oct/2022:00:55:50 -0700] "GET /wigner/neum/pvn05.jpg HTTP/1.1" 200 219501 "-" "Mozilla/5.0 (compatible; bingbot/2.0; +http://www.bing.com/bingbot.htm)" "www.ysfine.com"
77.88.5.253 - - [27/Oct/2022:00:56:08 -0700] "GET /world/russ/basil02.jpg HTTP/1.1" 200 58834 "-" "Mozilla/5.0 (compatible; YandexImages/3.0; +http://yandex.com/bots)" "ysfine.com"
40.77.167.71 - - [27/Oct/2022:00:56:11 -0700] "GET /bio/world/trier.html HTTP/1.1" 404 88 "-" "Mozilla/5.0 AppleWebKit/537.36 (KHTML, like Gecko; compatible; bingbot/2.0; +http://www.bing.com/bingbot.htm) Chrome/103.0.5060.134 Safari/537.36" "ysfine.com"
216.244.66.229 - - [27/Oct/2022:00:56:12 -0700] "GET /style/cameras/fednofr.jpg HTTP/1.1" 200 110084 "-" "Mozilla/5.0 (compatible; DotBot/1.2; +https://opensiteexplorer.org/dotbot; help@moz.com)" "www.ysfine.com"
64.124.8.47 - - [27/Oct/2022:00:56:48 -0700] "GET /robots.txt HTTP/1.1" 404 88 "-" "Mozilla/5.0 (X11; Linux x86_64) AppleWebKit/537.36 (KHTML, like Gecko) Chrome/61.0.3163.79 Safari/537.36" "www.ysfine.com"
64.124.8.47 - - [27/Oct/2022:00:56:48 -0700] "GET /feynman/fthesis.html HTTP/1.1" 200 144 "-" "Mozilla/5.0 (X11; Linux x86_64) AppleWebKit/537.36 (KHTML, like Gecko) Chrome/61.0.3163.79 Safari/537.36" "www.ysfine.com"
77.27.12.104 - - [27/Oct/2022:00:57:04 -0700] "GET /einstein/einbohr33.jpg HTTP/1.1" 200 87797 "https://www.google.com/" "Mozilla/5.0 (Windows NT 10.0; Win64; x64) AppleWebKit/537.36 (KHTML, like Gecko) Chrome/106.0.0.0 Safari/537.36" "ysfine.com"
66.249.82.17 - - [27/Oct/2022:00:57:06 -0700] "GET /kobak/somap38.jpg HTTP/1.1" 200 109622 "-" "Mozilla/5.0 (Windows NT 5.1; rv:11.0) Gecko Firefox/11.0 (via ggpht.com GoogleImageProxy)" "ysfine.com"
77.27.12.104 - - [27/Oct/2022:00:57:48 -0700] "GET /dirac/dirheisen31b.jpg HTTP/1.1" 200 39248 "https://www.google.com/" "Mozilla/5.0 (Windows NT 10.0; Win64; x64) AppleWebKit/537.36 (KHTML, like Gecko) Chrome/106.0.0.0 Safari/537.36" "ysfine.com"
64.124.8.47 - - [27/Oct/2022:00:58:24 -0700] "GET /style/songs22.html HTTP/1.1" 200 39419 "-" "Mozilla/5.0 (X11; Linux x86_64) AppleWebKit/537.36 (KHTML, like Gecko) Chrome/61.0.3163.79 Safari/537.36" "www.ysfine.com"
157.55.39.14 - - [27/Oct/2022:00:58:51 -0700] "GET /kowar/panmun03.jpg HTTP/1.1" 200 137789 "-" "Mozilla/5.0 AppleWebKit/537.36 (KHTML, like Gecko; compatible; bingbot/2.0; +http://www.bing.com/bingbot.htm) Chrome/103.0.5060.134 Safari/537.36" "ysfine.com"
116.98.172.198 - - [27/Oct/2022:00:58:58 -0700] "GET /maga/histo/oscar33.jpg HTTP/1.1" 200 140181 "https://www.google.com/" "Mozilla/5.0 (Windows NT 10.0; Win64; x64) AppleWebKit/537.36 (KHTML, like Gecko) Chrome/85.0.4183.121 Safari/537.36" "ysfine.com"
17.121.113.122 - - [27/Oct/2022:00:59:25 -0700] "GET /manko/left.html HTTP/1.1" 200 717 "https://ysfine.com/manko/index.html" "Mozilla/5.0 (Macintosh; Intel Mac OS X 10_15_5) AppleWebKit/605.1.15 (KHTML, like Gecko) Version/13.1.1 Safari/605.1.15 (Applebot/0.1; +http://www.apple.com/go/applebot)" "ysfine.com"
40.77.167.27 - - [27/Oct/2022:00:59:33 -0700] "GET /style/musee/britmu18.jpg HTTP/1.1" 200 123526 "-" "Mozilla/5.0 AppleWebKit/537.36 (KHTML, like Gecko; compatible; bingbot/2.0; +http://www.bing.com/bingbot.htm) Chrome/103.0.5060.134 Safari/537.36" "www.ysfine.com"
157.55.39.14 - - [27/Oct/2022:00:59:51 -0700] "GET /einstein/places/ulm26.jpg HTTP/1.1" 200 104983 "-" "Mozilla/5.0 AppleWebKit/537.36 (KHTML, like Gecko; compatible; bingbot/2.0; +http://www.bing.com/bingbot.htm) Chrome/103.0.5060.134 Safari/537.36" "ysfine.com"
77.88.5.46 - - [27/Oct/2022:01:00:08 -0700] "GET /world/germany/hegel09.jpg HTTP/1.1" 304 - "-" "Mozilla/5.0 (compatible; YandexImages/3.0; +http://yandex.com/bots)" "www.ysfine.com"
157.55.39.14 - - [27/Oct/2022:01:01:20 -0700] "GET /sbk/2003aa.jpg HTTP/1.1" 200 78791 "-" "Mozilla/5.0 AppleWebKit/537.36 (KHTML, like Gecko; compatible; bingbot/2.0; +http://www.bing.com/bingbot.htm) Chrome/103.0.5060.134 Safari/537.36" "ysfine.com"
157.55.39.127 - - [27/Oct/2022:01:02:11 -0700] "GET /wdc/washmo07.jpg HTTP/1.1" 200 99468 "-" "Mozilla/5.0 AppleWebKit/537.36 (KHTML, like Gecko; compatible; bingbot/2.0; +http://www.bing.com/bingbot.htm) Chrome/103.0.5060.134 Safari/537.36" "www.ysfine.com"
36.40.66.38 - - [27/Oct/2022:01:02:36 -0700] "GET / HTTP/1.1" 200 5283 "http://www.ysfine.com" "Mozilla/5.0 (iPhone; CPU iPhone OS 13_2_3 like Mac OS X) AppleWebKit/605.1.15 (KHTML, like Gecko) Version/13.0.3 Mobile/15E148 Safari/604.1" "www.ysfine.com"
64.124.8.47 - - [27/Oct/2022:01:02:57 -0700] "GET /wdc/annapolis.html HTTP/1.1" 200 3158 "-" "Mozilla/5.0 (X11; Linux x86_64) AppleWebKit/537.36 (KHTML, like Gecko) Chrome/61.0.3163.79 Safari/537.36" "www.ysfine.com"
207.46.13.104 - - [27/Oct/2022:01:03:10 -0700] "GET /world/scandi/copenf02.jpg HTTP/1.1" 200 107546 "-" "Mozilla/5.0 (compatible; bingbot/2.0; +http://www.bing.com/bingbot.htm)" "ysfine.com"
64.124.8.47 - - [27/Oct/2022:01:03:48 -0700] "GET /feynman/feynart.html HTTP/1.1" 200 10277 "-" "Mozilla/5.0 (X11; Linux x86_64) AppleWebKit/537.36 (KHTML, like Gecko) Chrome/61.0.3163.79 Safari/537.36" "www.ysfine.com"
157.55.39.14 - - [27/Oct/2022:01:04:02 -0700] "GET /bio/style/leica.html HTTP/1.1" 404 88 "-" "Mozilla/5.0 (compatible; bingbot/2.0; +http://www.bing.com/bingbot.htm)" "ysfine.com"
64.124.8.47 - - [27/Oct/2022:01:04:08 -0700] "GET /princeton/pstorie.html HTTP/1.1" 200 1462 "-" "Mozilla/5.0 (X11; Linux x86_64) AppleWebKit/537.36 (KHTML, like Gecko) Chrome/61.0.3163.79 Safari/537.36" "www.ysfine.com"
64.124.8.47 - - [27/Oct/2022:01:04:19 -0700] "GET /feynman/feypic.html HTTP/1.1" 404 88 "-" "Mozilla/5.0 (X11; Linux x86_64) AppleWebKit/537.36 (KHTML, like Gecko) Chrome/61.0.3163.79 Safari/537.36" "www.ysfine.com"
207.46.13.104 - - [27/Oct/2022:01:04:21 -0700] "GET /world/russ/dnepro22b.jpg HTTP/1.1" 200 32059 "-" "Mozilla/5.0 (compatible; bingbot/2.0; +http://www.bing.com/bingbot.htm)" "www.ysfine.com"
17.121.112.244 - - [27/Oct/2022:01:04:55 -0700] "GET /kobak/repose.html HTTP/1.1" 200 4578 "-" "Mozilla/5.0 (Macintosh; Intel Mac OS X 10_15_5) AppleWebKit/605.1.15 (KHTML, like Gecko) Version/13.1.1 Safari/605.1.15 (Applebot/0.1; +http://www.apple.com/go/applebot)" "ysfine.com"
180.67.178.13 - - [27/Oct/2022:01:05:22 -0700] "GET /yspapers/iopbook15.pdf HTTP/1.1" 206 1 "https://www.google.com/" "Mozilla/5.0 (Windows NT 10.0; Win64; x64) AppleWebKit/537.36 (KHTML, like Gecko) Chrome/106.0.0.0 Safari/537.36" "ysfine.com"
180.67.178.13 - - [27/Oct/2022:01:05:23 -0700] "GET /yspapers/iopbook15.pdf HTTP/1.1" 206 113173 "https://www.google.com/" "Mozilla/5.0 (Windows NT 10.0; Win64; x64) AppleWebKit/537.36 (KHTML, like Gecko) Chrome/106.0.0.0 Safari/537.36" "ysfine.com"
157.55.39.121 - - [27/Oct/2022:01:05:24 -0700] "GET /saram/g020.jpg HTTP/1.1" 200 85968 "-" "Mozilla/5.0 AppleWebKit/537.36 (KHTML, like Gecko; compatible; bingbot/2.0; +http://www.bing.com/bingbot.htm) Chrome/103.0.5060.134 Safari/537.36" "www.ysfine.com"
157.55.39.14 - - [27/Oct/2022:01:05:41 -0700] "GET /maga/phil/comet77c.jpg HTTP/1.1" 200 73490 "-" "Mozilla/5.0 (compatible; bingbot/2.0; +http://www.bing.com/bingbot.htm)" "ysfine.com"
40.77.167.71 - - [27/Oct/2022:01:06:01 -0700] "GET /kowar/77reg03b.jpg HTTP/1.1" 200 44793 "-" "Mozilla/5.0 AppleWebKit/537.36 (KHTML, like Gecko; compatible; bingbot/2.0; +http://www.bing.com/bingbot.htm) Chrome/103.0.5060.134 Safari/537.36" "ysfine.com"
216.244.66.229 - - [27/Oct/2022:01:06:24 -0700] "GET /archives/class5470/total_data/main.htm HTTP/1.1" 404 73 "-" "Mozilla/5.0 (compatible; DotBot/1.2; +https://opensiteexplorer.org/dotbot; help@moz.com)" "www.ysfine.com"
157.55.39.127 - - [27/Oct/2022:01:06:41 -0700] "GET /world/poland/krkf32.jpg HTTP/1.1" 200 246411 "-" "Mozilla/5.0 AppleWebKit/537.36 (KHTML, like Gecko; compatible; bingbot/2.0; +http://www.bing.com/bingbot.htm) Chrome/103.0.5060.134 Safari/537.36" "ysfine.com"
157.55.39.121 - - [27/Oct/2022:01:06:45 -0700] "GET /bio/eink/buythisbook.html HTTP/1.1" 404 88 "-" "Mozilla/5.0 (compatible; bingbot/2.0; +http://www.bing.com/bingbot.htm)" "ysfine.com"
216.244.66.229 - - [27/Oct/2022:01:06:47 -0700] "GET /people/princeton68.jpg HTTP/1.1" 200 192633 "-" "Mozilla/5.0 (compatible; DotBot/1.2; +https://opensiteexplorer.org/dotbot; help@moz.com)" "www.ysfine.com"
216.244.66.229 - - [27/Oct/2022:01:07:10 -0700] "GET /wdc/vernon.html HTTP/1.1" 200 5359 "-" "Mozilla/5.0 (compatible; DotBot/1.2; +https://opensiteexplorer.org/dotbot; help@moz.com)" "www.ysfine.com"
207.46.13.104 - - [27/Oct/2022:01:07:51 -0700] "GET /world/ital/repub03.jpg HTTP/1.1" 200 115839 "-" "Mozilla/5.0 AppleWebKit/537.36 (KHTML, like Gecko; compatible; bingbot/2.0; +http://www.bing.com/bingbot.htm) Chrome/103.0.5060.134 Safari/537.36" "ysfine.com"
64.124.8.47 - - [27/Oct/2022:01:07:58 -0700] "GET /home/hmrigh.html HTTP/1.1" 200 4214 "-" "Mozilla/5.0 (X11; Linux x86_64) AppleWebKit/537.36 (KHTML, like Gecko) Chrome/61.0.3163.79 Safari/537.36" "www.ysfine.com"
64.124.8.47 - - [27/Oct/2022:01:08:25 -0700] "GET /feynman/feykant.html HTTP/1.1" 200 3350 "-" "Mozilla/5.0 (X11; Linux x86_64) AppleWebKit/537.36 (KHTML, like Gecko) Chrome/61.0.3163.79 Safari/537.36" "www.ysfine.com"
157.55.39.127 - - [27/Oct/2022:01:08:41 -0700] "GET /world/places/ulm07.jpg HTTP/1.1" 200 114786 "-" "Mozilla/5.0 AppleWebKit/537.36 (KHTML, like Gecko; compatible; bingbot/2.0; +http://www.bing.com/bingbot.htm) Chrome/103.0.5060.134 Safari/537.36" "www.ysfine.com"
157.55.39.14 - - [27/Oct/2022:01:08:45 -0700] "GET /maga/phys/schroheisen33.jpg HTTP/1.1" 200 74235 "-" "Mozilla/5.0 (compatible; bingbot/2.0; +http://www.bing.com/bingbot.htm)" "www.ysfine.com"
64.124.8.47 - - [27/Oct/2022:01:08:53 -0700] "GET /style/tatyana.html HTTP/1.1" 200 8475 "-" "Mozilla/5.0 (X11; Linux x86_64) AppleWebKit/537.36 (KHTML, like Gecko) Chrome/61.0.3163.79 Safari/537.36" "www.ysfine.com"
216.244.66.229 - - [27/Oct/2022:01:09:02 -0700] "GET /sbk/2006aa11.jpg HTTP/1.1" 200 86354 "-" "Mozilla/5.0 (compatible; DotBot/1.2; +https://opensiteexplorer.org/dotbot; help@moz.com)" "www.ysfine.com"
216.244.66.229 - - [27/Oct/2022:01:09:18 -0700] "GET /wdc/lincoln01.jpg HTTP/1.1" 200 45179 "-" "Mozilla/5.0 (compatible; DotBot/1.2; +https://opensiteexplorer.org/dotbot; help@moz.com)" "www.ysfine.com"
216.244.66.229 - - [27/Oct/2022:01:09:32 -0700] "GET /world/poland/polstu06.jpg HTTP/1.1" 200 57353 "-" "Mozilla/5.0 (compatible; DotBot/1.2; +https://opensiteexplorer.org/dotbot; help@moz.com)" "www.ysfine.com"
216.244.66.229 - - [27/Oct/2022:01:09:58 -0700] "GET /dirac/wigsis11.jpg HTTP/1.1" 200 71741 "-" "Mozilla/5.0 (compatible; DotBot/1.2; +https://opensiteexplorer.org/dotbot; help@moz.com)" "www.ysfine.com"
216.244.66.229 - - [27/Oct/2022:01:10:10 -0700] "GET /kobak/sobeach.html HTTP/1.1" 200 2169 "-" "Mozilla/5.0 (compatible; DotBot/1.2; +https://opensiteexplorer.org/dotbot; help@moz.com)" "www.ysfine.com"
217.33.99.138 - - [27/Oct/2022:01:10:18 -0700] "GET /world/france/nice104.jpg HTTP/1.1" 200 144635 "https://www.google.com/" "Mozilla/5.0 (Macintosh; Intel Mac OS X 10_15_7) AppleWebKit/605.1.15 (KHTML, like Gecko) Version/14.1.2 Safari/605.1.15" "ysfine.com"
216.244.66.229 - - [27/Oct/2022:01:10:30 -0700] "GET /feynman/feyfirm66.jpg HTTP/1.1" 200 211924 "-" "Mozilla/5.0 (compatible; DotBot/1.2; +https://opensiteexplorer.org/dotbot; help@moz.com)" "www.ysfine.com"
157.34.142.9 - - [27/Oct/2022:01:10:55 -0700] "GET /maga/phys/yukawa00.jpg HTTP/1.1" 200 84885 "https://www.google.com/" "Mozilla/5.0 (Linux; Android 12; AC2001) AppleWebKit/537.36 (KHTML, like Gecko) Chrome/106.0.0.0 Mobile Safari/537.36" "ysfine.com"
112.133.246.140 - - [27/Oct/2022:01:11:01 -0700] "GET /einstein/evol77.jpg HTTP/1.1" 200 145608 "https://www.google.co.in/" "Mozilla/5.0 (Windows NT 10.0; Win64; x64) AppleWebKit/537.36 (KHTML, like Gecko) Chrome/106.0.0.0 Safari/537.36" "ysfine.com"
216.244.66.229 - - [27/Oct/2022:01:11:13 -0700] "GET /newyork/radioci02.jpg HTTP/1.1" 200 96971 "-" "Mozilla/5.0 (compatible; DotBot/1.2; +https://opensiteexplorer.org/dotbot; help@moz.com)" "www.ysfine.com"
64.124.8.47 - - [27/Oct/2022:01:11:33 -0700] "GET /style/rieu.html HTTP/1.1" 200 1211 "-" "Mozilla/5.0 (X11; Linux x86_64) AppleWebKit/537.36 (KHTML, like Gecko) Chrome/61.0.3163.79 Safari/537.36" "www.ysfine.com"
112.133.246.140 - - [27/Oct/2022:01:11:57 -0700] "GET /einstein/jsbell01.jpg HTTP/1.1" 200 47911 "https://www.google.co.in/" "Mozilla/5.0 (Windows NT 10.0; Win64; x64) AppleWebKit/537.36 (KHTML, like Gecko) Chrome/106.0.0.0 Safari/537.36" "ysfine.com"
65.154.226.109 - - [27/Oct/2022:01:11:58 -0700] "GET / HTTP/1.1" 200 5283 "http://ysfine.com" "Mozilla/5.0 (Windows NT 10.0) AppleWebKit/537.36 (KHTML, like Gecko) Chrome/106.0.0.0 Safari/537.36" "ysfine.com"
157.55.39.127 - - [27/Oct/2022:01:12:03 -0700] "GET /style/tatyana11.jpg HTTP/1.1" 200 146910 "-" "Mozilla/5.0 AppleWebKit/537.36 (KHTML, like Gecko; compatible; bingbot/2.0; +http://www.bing.com/bingbot.htm) Chrome/103.0.5060.134 Safari/537.36" "ysfine.com"
157.55.39.121 - - [27/Oct/2022:01:12:06 -0700] "GET /world/ital/rome133.jpg HTTP/1.1" 200 112831 "-" "Mozilla/5.0 (compatible; bingbot/2.0; +http://www.bing.com/bingbot.htm)" "ysfine.com"
118.184.177.52 - - [27/Oct/2022:01:12:27 -0700] "GET / HTTP/1.1" 200 5283 "-" "Sogou web spider/4.0(+http://www.sogou.com/docs/help/webmasters.htm#07)" "www.ysfine.com"
157.55.39.121 - - [27/Oct/2022:01:12:35 -0700] "GET /sbk/2008bru22.jpg HTTP/1.1" 200 258214 "-" "Mozilla/5.0 (compatible; bingbot/2.0; +http://www.bing.com/bingbot.htm)" "ysfine.com"
157.55.39.14 - - [27/Oct/2022:01:13:12 -0700] "GET /maga/phys/bohrheisen11.jpg HTTP/1.1" 200 104546 "-" "Mozilla/5.0 (compatible; bingbot/2.0; +http://www.bing.com/bingbot.htm)" "www.ysfine.com"
157.55.39.127 - - [27/Oct/2022:01:13:41 -0700] "GET /wisdom/mil/tank05.jpg HTTP/1.1" 200 121535 "-" "Mozilla/5.0 AppleWebKit/537.36 (KHTML, like Gecko; compatible; bingbot/2.0; +http://www.bing.com/bingbot.htm) Chrome/103.0.5060.134 Safari/537.36" "ysfine.com"
40.77.167.27 - - [27/Oct/2022:01:14:55 -0700] "GET /dirac/dirac84.jpg HTTP/1.1" 200 67390 "-" "Mozilla/5.0 (compatible; bingbot/2.0; +http://www.bing.com/bingbot.htm)" "www.ysfine.com"
157.55.39.127 - - [27/Oct/2022:01:15:23 -0700] "GET /style/cameras/hwanghae11.jpg HTTP/1.1" 200 178475 "-" "Mozilla/5.0 (compatible; bingbot/2.0; +http://www.bing.com/bingbot.htm)" "ysfine.com"
157.55.39.14 - - [27/Oct/2022:01:16:22 -0700] "GET /feynman/jf1.jpg HTTP/1.1" 200 13411 "-" "Mozilla/5.0 AppleWebKit/537.36 (KHTML, like Gecko; compatible; bingbot/2.0; +http://www.bing.com/bingbot.htm) Chrome/103.0.5060.134 Safari/537.36" "www.ysfine.com"
