64.124.8.43 - - [27/Oct/2022:12:52:51 -0700] "GET /wigner/vankam.html HTTP/1.1" 200 897 "-" "Mozilla/5.0 (X11; Linux x86_64) AppleWebKit/537.36 (KHTML, like Gecko) Chrome/61.0.3163.79 Safari/537.36" "ysfine.com"
141.70.45.131 - - [27/Oct/2022:12:53:33 -0700] "GET /einstein/einbohr33.jpg HTTP/1.1" 200 87797 "https://www.google.com/" "Mozilla/5.0 (Windows NT 10.0; Win64; x64) AppleWebKit/537.36 (KHTML, like Gecko) Chrome/106.0.0.0 Safari/537.36" "ysfine.com"
77.75.78.168 - - [27/Oct/2022:12:53:53 -0700] "GET /robots.txt HTTP/1.1" 404 88 "-" "Mozilla/5.0 (compatible; SeznamBot/3.2; +http://napoveda.seznam.cz/en/seznambot-intro/)" "ysfine.com"
77.75.78.168 - - [27/Oct/2022:12:53:54 -0700] "GET /world/russ/moschurch13.jpg HTTP/1.1" 200 79536 "-" "Mozilla/5.0 (compatible; SeznamBot/3.2; +http://napoveda.seznam.cz/en/seznambot-intro/)" "ysfine.com"
77.75.78.168 - - [27/Oct/2022:12:53:57 -0700] "GET /world/russ/mosmusic31.jpg HTTP/1.1" 200 115711 "-" "Mozilla/5.0 (compatible; SeznamBot/3.2; +http://napoveda.seznam.cz/en/seznambot-intro/)" "ysfine.com"
77.75.78.168 - - [27/Oct/2022:12:54:00 -0700] "GET /world/france/notre05.jpg HTTP/1.1" 200 246424 "-" "Mozilla/5.0 (compatible; SeznamBot/3.2; +http://napoveda.seznam.cz/en/seznambot-intro/)" "ysfine.com"
77.75.78.168 - - [27/Oct/2022:12:54:05 -0700] "GET /world/poland/krk11.jpg HTTP/1.1" 304 - "-" "Mozilla/5.0 (compatible; SeznamBot/3.2; +http://napoveda.seznam.cz/en/seznambot-intro/)" "ysfine.com"
77.75.78.168 - - [27/Oct/2022:12:54:05 -0700] "GET /princeton/goheen11.jpg HTTP/1.1" 200 282893 "-" "Mozilla/5.0 (compatible; SeznamBot/3.2; +http://napoveda.seznam.cz/en/seznambot-intro/)" "ysfine.com"
77.75.78.168 - - [27/Oct/2022:12:54:09 -0700] "GET /world/russ/spbm07.jpg HTTP/1.1" 304 - "-" "Mozilla/5.0 (compatible; SeznamBot/3.2; +http://napoveda.seznam.cz/en/seznambot-intro/)" "ysfine.com"
105.161.112.140 - - [27/Oct/2022:12:54:17 -0700] "GET /world/china/china006.gif HTTP/1.1" 200 105398 "https://www.google.com/" "Mozilla/5.0 (Windows NT 10.0; Win64; x64) AppleWebKit/537.36 (KHTML, like Gecko) Chrome/106.0.0.0 Safari/537.36" "ysfine.com"
40.77.167.71 - - [27/Oct/2022:12:54:38 -0700] "GET /bio/style/ystyle.html HTTP/1.1" 404 88 "-" "Mozilla/5.0 AppleWebKit/537.36 (KHTML, like Gecko; compatible; bingbot/2.0; +http://www.bing.com/bingbot.htm) Chrome/103.0.5060.134 Safari/537.36" "ysfine.com"
40.77.167.71 - - [27/Oct/2022:12:54:59 -0700] "GET /wdc/whx12.html HTTP/1.1" 200 1590 "-" "Mozilla/5.0 AppleWebKit/537.36 (KHTML, like Gecko; compatible; bingbot/2.0; +http://www.bing.com/bingbot.htm) Chrome/103.0.5060.134 Safari/537.36" "www.ysfine.com"
157.55.39.121 - - [27/Oct/2022:12:55:03 -0700] "GET /maga/faraday.html HTTP/1.1" 200 6233 "-" "Mozilla/5.0 (compatible; bingbot/2.0; +http://www.bing.com/bingbot.htm)" "ysfine.com"
5.124.205.94 - - [27/Oct/2022:12:55:14 -0700] "GET /wigner/neeman2.jpg HTTP/1.1" 200 36323 "https://www.google.com/" "Mozilla/5.0 (Linux; Android 12; M2012K11AG) AppleWebKit/537.36 (KHTML, like Gecko) Chrome/96.0.4664.104 Mobile Safari/537.36" "ysfine.com"
169.204.155.110 - - [27/Oct/2022:12:55:46 -0700] "GET /princeton/einpm.jpg HTTP/1.1" 200 116543 "https://www.google.com/" "Mozilla/5.0 (X11; CrOS x86_64 14989.107.0) AppleWebKit/537.36 (KHTML, like Gecko) Chrome/105.0.0.0 Safari/537.36" "ysfine.com"
66.249.66.43 - - [27/Oct/2022:12:56:19 -0700] "GET /ads.txt HTTP/1.1" 404 88 "-" "Mozilla/5.0 (compatible; Googlebot/2.1; +http://www.google.com/bot.html)" "ysfine.com"
66.249.66.44 - - [27/Oct/2022:12:56:22 -0700] "GET /ads.txt HTTP/1.1" 404 88 "-" "Mozilla/5.0 (compatible; Googlebot/2.1; +http://www.google.com/bot.html)" "ysfine.com"
216.244.66.229 - - [27/Oct/2022:12:56:33 -0700] "GET /ffriends/aline/pakis22.jpg HTTP/1.1" 200 129580 "-" "Mozilla/5.0 (compatible; DotBot/1.2; +https://opensiteexplorer.org/dotbot; help@moz.com)" "www.ysfine.com"
17.121.112.79 - - [27/Oct/2022:12:56:40 -0700] "GET /wigner/wigrigh.html HTTP/1.1" 200 2476 "-" "Mozilla/5.0 (Macintosh; Intel Mac OS X 10_15_5) AppleWebKit/605.1.15 (KHTML, like Gecko) Version/13.1.1 Safari/605.1.15 (Applebot/0.1; +http://www.apple.com/go/applebot)" "ysfine.com"
157.55.39.121 - - [27/Oct/2022:12:57:02 -0700] "GET /einstein/eink24b.jpg HTTP/1.1" 200 42003 "-" "Mozilla/5.0 AppleWebKit/537.36 (KHTML, like Gecko; compatible; bingbot/2.0; +http://www.bing.com/bingbot.htm) Chrome/103.0.5060.134 Safari/537.36" "ysfine.com"
216.244.66.229 - - [27/Oct/2022:12:57:11 -0700] "GET /ffriends/aline/singap11.jpg HTTP/1.1" 200 192936 "-" "Mozilla/5.0 (compatible; DotBot/1.2; +https://opensiteexplorer.org/dotbot; help@moz.com)" "www.ysfine.com"
40.77.167.71 - - [27/Oct/2022:12:57:48 -0700] "GET /princeton/campus.html HTTP/1.1" 200 15142 "-" "Mozilla/5.0 (compatible; bingbot/2.0; +http://www.bing.com/bingbot.htm)" "ysfine.com"
216.244.66.229 - - [27/Oct/2022:12:57:54 -0700] "GET /ffriends/croatia07.jpg HTTP/1.1" 200 106682 "-" "Mozilla/5.0 (compatible; DotBot/1.2; +https://opensiteexplorer.org/dotbot; help@moz.com)" "www.ysfine.com"
77.88.5.50 - - [27/Oct/2022:12:58:03 -0700] "GET /world/russ/mosriver02.jpg HTTP/1.1" 200 97739 "-" "Mozilla/5.0 (compatible; YandexImages/3.0; +http://yandex.com/bots)" "ysfine.com"
207.46.13.104 - - [27/Oct/2022:12:58:08 -0700] "GET /einstein/eindcmap.html HTTP/1.1" 200 1176 "-" "Mozilla/5.0 (compatible; bingbot/2.0; +http://www.bing.com/bingbot.htm)" "ysfine.com"
207.46.13.104 - - [27/Oct/2022:12:58:09 -0700] "GET /bio/style/artlove.html HTTP/1.1" 404 88 "-" "Mozilla/5.0 AppleWebKit/537.36 (KHTML, like Gecko; compatible; bingbot/2.0; +http://www.bing.com/bingbot.htm) Chrome/103.0.5060.134 Safari/537.36" "ysfine.com"
216.244.66.229 - - [27/Oct/2022:12:58:26 -0700] "GET /ffriends/latinam.html HTTP/1.1" 200 17563 "-" "Mozilla/5.0 (compatible; DotBot/1.2; +https://opensiteexplorer.org/dotbot; help@moz.com)" "www.ysfine.com"
64.124.8.43 - - [27/Oct/2022:12:58:39 -0700] "GET /dirac/dirac63.html HTTP/1.1" 404 88 "-" "Mozilla/5.0 (X11; Linux x86_64) AppleWebKit/537.36 (KHTML, like Gecko) Chrome/61.0.3163.79 Safari/537.36" "ysfine.com"
40.77.167.27 - - [27/Oct/2022:12:58:43 -0700] "GET /style/digilit.html HTTP/1.1" 200 8470 "-" "Mozilla/5.0 (compatible; bingbot/2.0; +http://www.bing.com/bingbot.htm)" "www.ysfine.com"
157.55.39.127 - - [27/Oct/2022:12:58:52 -0700] "GET /ysbio/wigner/evangel.html HTTP/1.1" 200 4831 "-" "Mozilla/5.0 (compatible; bingbot/2.0; +http://www.bing.com/bingbot.htm)" "ysfine.com"
66.249.66.43 - - [27/Oct/2022:12:59:10 -0700] "GET /home/comet10b.jpg HTTP/1.1" 304 - "-" "Googlebot-Image/1.0" "ysfine.com"
157.55.39.127 - - [27/Oct/2022:12:59:42 -0700] "GET /style/songs.html HTTP/1.1" 200 31567 "-" "Mozilla/5.0 AppleWebKit/537.36 (KHTML, like Gecko; compatible; bingbot/2.0; +http://www.bing.com/bingbot.htm) Chrome/103.0.5060.134 Safari/537.36" "ysfine.com"
40.77.167.27 - - [27/Oct/2022:12:59:46 -0700] "GET /bio/eink/buybook.html HTTP/1.1" 404 88 "-" "Mozilla/5.0 AppleWebKit/537.36 (KHTML, like Gecko; compatible; bingbot/2.0; +http://www.bing.com/bingbot.htm) Chrome/103.0.5060.134 Safari/537.36" "ysfine.com"
157.55.39.14 - - [27/Oct/2022:13:00:10 -0700] "GET /feynman/feykant.html HTTP/1.1" 200 3350 "-" "Mozilla/5.0 AppleWebKit/537.36 (KHTML, like Gecko; compatible; bingbot/2.0; +http://www.bing.com/bingbot.htm) Chrome/103.0.5060.134 Safari/537.36" "ysfine.com"
40.77.167.71 - - [27/Oct/2022:13:00:29 -0700] "GET /bio/dirac/locovar.html HTTP/1.1" 404 88 "-" "Mozilla/5.0 (compatible; bingbot/2.0; +http://www.bing.com/bingbot.htm)" "ysfine.com"
40.77.167.27 - - [27/Oct/2022:13:00:34 -0700] "GET /kobak/kimc.html HTTP/1.1" 200 4345 "-" "Mozilla/5.0 (compatible; bingbot/2.0; +http://www.bing.com/bingbot.htm)" "ysfine.com"
5.14.15.220 - - [27/Oct/2022:13:00:48 -0700] "GET /einstein/einbohr33.jpg HTTP/1.1" 200 87797 "https://www.google.ro/" "Mozilla/5.0 (iPhone; CPU iPhone OS 16_1 like Mac OS X) AppleWebKit/605.1.15 (KHTML, like Gecko) Version/16.1 Mobile/15E148 Safari/604.1" "ysfine.com"
157.55.39.14 - - [27/Oct/2022:13:01:10 -0700] "GET /ysbio/einstein/quantu11.html HTTP/1.1" 200 2586 "-" "Mozilla/5.0 AppleWebKit/537.36 (KHTML, like Gecko; compatible; bingbot/2.0; +http://www.bing.com/bingbot.htm) Chrome/103.0.5060.134 Safari/537.36" "ysfine.com"
157.55.39.14 - - [27/Oct/2022:13:01:10 -0700] "GET /ysbio/class54/classphoto.html HTTP/1.1" 200 489 "-" "Mozilla/5.0 AppleWebKit/537.36 (KHTML, like Gecko; compatible; bingbot/2.0; +http://www.bing.com/bingbot.htm) Chrome/103.0.5060.134 Safari/537.36" "ysfine.com"
157.55.39.14 - - [27/Oct/2022:13:01:10 -0700] "GET /ysbio/home/wigstu.html HTTP/1.1" 404 88 "-" "Mozilla/5.0 AppleWebKit/537.36 (KHTML, like Gecko; compatible; bingbot/2.0; +http://www.bing.com/bingbot.htm) Chrome/103.0.5060.134 Safari/537.36" "ysfine.com"
157.55.39.14 - - [27/Oct/2022:13:01:10 -0700] "GET /ysbio/wigner/gim/map05.html HTTP/1.1" 200 616 "-" "Mozilla/5.0 (compatible; bingbot/2.0; +http://www.bing.com/bingbot.htm)" "ysfine.com"
157.55.39.121 - - [27/Oct/2022:13:01:12 -0700] "GET /ysbio/world/budapest.html HTTP/1.1" 200 8325 "-" "Mozilla/5.0 (compatible; bingbot/2.0; +http://www.bing.com/bingbot.htm)" "ysfine.com"
51.222.253.10 - - [27/Oct/2022:13:01:14 -0700] "GET /ysbio/newyork/nyc.html HTTP/1.1" 200 31389 "-" "Mozilla/5.0 (compatible; AhrefsBot/7.0; +http://ahrefs.com/robot/)" "www.ysfine.com"
157.55.39.127 - - [27/Oct/2022:13:01:15 -0700] "GET /ysbio/wigner/neumann.html HTTP/1.1" 200 1332 "-" "Mozilla/5.0 (compatible; bingbot/2.0; +http://www.bing.com/bingbot.htm)" "ysfine.com"
51.222.253.6 - - [27/Oct/2022:13:01:20 -0700] "GET /ysbio/newyork/metlife01c.jpg HTTP/1.1" 200 50640 "-" "Mozilla/5.0 (compatible; AhrefsBot/7.0; +http://ahrefs.com/robot/)" "www.ysfine.com"
51.222.253.16 - - [27/Oct/2022:13:01:26 -0700] "GET /ysbio/newyork/un11c.jpg HTTP/1.1" 200 34609 "-" "Mozilla/5.0 (compatible; AhrefsBot/7.0; +http://ahrefs.com/robot/)" "www.ysfine.com"
157.55.39.14 - - [27/Oct/2022:13:01:29 -0700] "GET /ysbio/home/wigstu.html HTTP/1.1" 404 88 "-" "Mozilla/5.0 AppleWebKit/537.36 (KHTML, like Gecko; compatible; bingbot/2.0; +http://www.bing.com/bingbot.htm) Chrome/103.0.5060.134 Safari/537.36" "ysfine.com"
51.222.253.20 - - [27/Oct/2022:13:01:31 -0700] "GET /ysbio/newyork/colum23c.jpg HTTP/1.1" 200 32311 "-" "Mozilla/5.0 (compatible; AhrefsBot/7.0; +http://ahrefs.com/robot/)" "www.ysfine.com"
51.222.253.14 - - [27/Oct/2022:13:01:37 -0700] "GET /ysbio/newyork/panam01c.jpg HTTP/1.1" 200 35673 "-" "Mozilla/5.0 (compatible; AhrefsBot/7.0; +http://ahrefs.com/robot/)" "www.ysfine.com"
157.55.39.14 - - [27/Oct/2022:13:01:40 -0700] "GET /bio/einstein/bern.html HTTP/1.1" 404 88 "-" "Mozilla/5.0 (compatible; bingbot/2.0; +http://www.bing.com/bingbot.htm)" "ysfine.com"
51.222.253.18 - - [27/Oct/2022:13:01:44 -0700] "GET /ysbio/newyork/trump02c.jpg HTTP/1.1" 200 50317 "-" "Mozilla/5.0 (compatible; AhrefsBot/7.0; +http://ahrefs.com/robot/)" "www.ysfine.com"
51.222.253.17 - - [27/Oct/2022:13:01:50 -0700] "GET /ysbio/newyork/nyu03c.jpg HTTP/1.1" 200 35368 "-" "Mozilla/5.0 (compatible; AhrefsBot/7.0; +http://ahrefs.com/robot/)" "www.ysfine.com"
51.222.253.2 - - [27/Oct/2022:13:01:56 -0700] "GET /ysbio/newyork/emp05c.jpg HTTP/1.1" 200 38696 "-" "Mozilla/5.0 (compatible; AhrefsBot/7.0; +http://ahrefs.com/robot/)" "www.ysfine.com"
51.222.253.16 - - [27/Oct/2022:13:02:02 -0700] "GET /ysbio/newyork/wfc08c.jpg HTTP/1.1" 200 46799 "-" "Mozilla/5.0 (compatible; AhrefsBot/7.0; +http://ahrefs.com/robot/)" "www.ysfine.com"
40.77.167.27 - - [27/Oct/2022:13:02:04 -0700] "GET /world/nice.html HTTP/1.1" 200 7230 "-" "Mozilla/5.0 AppleWebKit/537.36 (KHTML, like Gecko; compatible; bingbot/2.0; +http://www.bing.com/bingbot.htm) Chrome/103.0.5060.134 Safari/537.36" "ysfine.com"
51.222.253.8 - - [27/Oct/2022:13:02:08 -0700] "GET /ysbio/newyork/metny00c.jpg HTTP/1.1" 200 35171 "-" "Mozilla/5.0 (compatible; AhrefsBot/7.0; +http://ahrefs.com/robot/)" "www.ysfine.com"
51.222.253.10 - - [27/Oct/2022:13:02:14 -0700] "GET /ysbio/newyork/ihouse11c.jpg HTTP/1.1" 200 27430 "-" "Mozilla/5.0 (compatible; AhrefsBot/7.0; +http://ahrefs.com/robot/)" "www.ysfine.com"
51.222.253.7 - - [27/Oct/2022:13:02:19 -0700] "GET /ysbio/newyork/chrysler11c.jpg HTTP/1.1" 200 52041 "-" "Mozilla/5.0 (compatible; AhrefsBot/7.0; +http://ahrefs.com/robot/)" "www.ysfine.com"
51.222.253.20 - - [27/Oct/2022:13:02:19 -0700] "GET /ysbio/newyork/radioci01c.jpg HTTP/1.1" 200 34214 "-" "Mozilla/5.0 (compatible; AhrefsBot/7.0; +http://ahrefs.com/robot/)" "www.ysfine.com"
51.222.253.14 - - [27/Oct/2022:13:02:25 -0700] "GET /ysbio/newyork/colum10c.jpg HTTP/1.1" 200 39355 "-" "Mozilla/5.0 (compatible; AhrefsBot/7.0; +http://ahrefs.com/robot/)" "www.ysfine.com"
51.222.253.10 - - [27/Oct/2022:13:02:31 -0700] "GET /ysbio/newyork/waldorf04c.jpg HTTP/1.1" 200 45307 "-" "Mozilla/5.0 (compatible; AhrefsBot/7.0; +http://ahrefs.com/robot/)" "www.ysfine.com"
51.222.253.15 - - [27/Oct/2022:13:02:36 -0700] "GET /ysbio/newyork/wtc00c.jpg HTTP/1.1" 200 43461 "-" "Mozilla/5.0 (compatible; AhrefsBot/7.0; +http://ahrefs.com/robot/)" "www.ysfine.com"
51.222.253.17 - - [27/Oct/2022:13:02:42 -0700] "GET /ysbio/newyork/columbus01c.jpg HTTP/1.1" 200 18329 "-" "Mozilla/5.0 (compatible; AhrefsBot/7.0; +http://ahrefs.com/robot/)" "www.ysfine.com"
51.222.253.5 - - [27/Oct/2022:13:02:48 -0700] "GET /ysbio/newyork/wtc07c.jpg HTTP/1.1" 200 27932 "-" "Mozilla/5.0 (compatible; AhrefsBot/7.0; +http://ahrefs.com/robot/)" "www.ysfine.com"
85.214.205.217 - - [27/Oct/2022:13:02:49 -0700] "GET /confer/conbot.html HTTP/1.1" 200 124 "-" "Mozilla/5.0 (Windows NT 10.0; WOW64; rv:54.0) Gecko/20100101 Firefox/54.0" "ysfine.com"
51.222.253.6 - - [27/Oct/2022:13:02:53 -0700] "GET /ysbio/newyork/nyharbor48c.jpg HTTP/1.1" 200 23801 "-" "Mozilla/5.0 (compatible; AhrefsBot/7.0; +http://ahrefs.com/robot/)" "www.ysfine.com"
51.222.253.1 - - [27/Oct/2022:13:02:59 -0700] "GET /ysbio/newyork/russtea55c.jpg HTTP/1.1" 200 41207 "-" "Mozilla/5.0 (compatible; AhrefsBot/7.0; +http://ahrefs.com/robot/)" "www.ysfine.com"
51.222.253.8 - - [27/Oct/2022:13:03:04 -0700] "GET /ysbio/newyork/penn03c.jpg HTTP/1.1" 200 42739 "-" "Mozilla/5.0 (compatible; AhrefsBot/7.0; +http://ahrefs.com/robot/)" "www.ysfine.com"
51.222.253.17 - - [27/Oct/2022:13:03:10 -0700] "GET /ysbio/newyork/wtcob22c.jpg HTTP/1.1" 200 43854 "-" "Mozilla/5.0 (compatible; AhrefsBot/7.0; +http://ahrefs.com/robot/)" "www.ysfine.com"
85.214.205.217 - - [27/Oct/2022:13:03:11 -0700] "GET /confer/conbot.html HTTP/1.1" 200 124 "-" "Mozilla/5.0 (Windows NT 10.0; WOW64; rv:54.0) Gecko/20100101 Firefox/54.0" "ysfine.com"
51.222.253.20 - - [27/Oct/2022:13:03:16 -0700] "GET /ysbio/newyork/metny77c.jpg HTTP/1.1" 200 29776 "-" "Mozilla/5.0 (compatible; AhrefsBot/7.0; +http://ahrefs.com/robot/)" "www.ysfine.com"
51.222.253.10 - - [27/Oct/2022:13:03:17 -0700] "GET /ysbio/newyork/hilton02c.jpg HTTP/1.1" 200 45303 "-" "Mozilla/5.0 (compatible; AhrefsBot/7.0; +http://ahrefs.com/robot/)" "www.ysfine.com"
51.222.253.12 - - [27/Oct/2022:13:03:23 -0700] "GET /ysbio/newyork/stuy01c.jpg HTTP/1.1" 200 34355 "-" "Mozilla/5.0 (compatible; AhrefsBot/7.0; +http://ahrefs.com/robot/)" "www.ysfine.com"
51.222.253.5 - - [27/Oct/2022:13:03:28 -0700] "GET /ysbio/newyork/ihouse22c.jpg HTTP/1.1" 200 30071 "-" "Mozilla/5.0 (compatible; AhrefsBot/7.0; +http://ahrefs.com/robot/)" "www.ysfine.com"
51.222.253.12 - - [27/Oct/2022:13:03:34 -0700] "GET /ysbio/newyork/panam05c.jpg HTTP/1.1" 200 35815 "-" "Mozilla/5.0 (compatible; AhrefsBot/7.0; +http://ahrefs.com/robot/)" "www.ysfine.com"
51.222.253.1 - - [27/Oct/2022:13:03:40 -0700] "GET /ysbio/ffriends/aline/swissair11c.jpg HTTP/1.1" 404 88 "-" "Mozilla/5.0 (compatible; AhrefsBot/7.0; +http://ahrefs.com/robot/)" "www.ysfine.com"
51.222.253.11 - - [27/Oct/2022:13:03:40 -0700] "GET /ysbio/newyork/emp09c.jpg HTTP/1.1" 200 34260 "-" "Mozilla/5.0 (compatible; AhrefsBot/7.0; +http://ahrefs.com/robot/)" "www.ysfine.com"
51.222.253.8 - - [27/Oct/2022:13:03:47 -0700] "GET /ysbio/newyork/battery37c.jpg HTTP/1.1" 200 39994 "-" "Mozilla/5.0 (compatible; AhrefsBot/7.0; +http://ahrefs.com/robot/)" "www.ysfine.com"
51.222.253.17 - - [27/Oct/2022:13:03:53 -0700] "GET /ysbio/newyork/trump35c.jpg HTTP/1.1" 200 41264 "-" "Mozilla/5.0 (compatible; AhrefsBot/7.0; +http://ahrefs.com/robot/)" "www.ysfine.com"
157.55.39.121 - - [27/Oct/2022:13:03:54 -0700] "GET /maga/poincare.html HTTP/1.1" 200 7726 "-" "Mozilla/5.0 AppleWebKit/537.36 (KHTML, like Gecko; compatible; bingbot/2.0; +http://www.bing.com/bingbot.htm) Chrome/103.0.5060.134 Safari/537.36" "ysfine.com"
51.222.253.3 - - [27/Oct/2022:13:03:59 -0700] "GET /ysbio/newyork/chinat31c.jpg HTTP/1.1" 200 62615 "-" "Mozilla/5.0 (compatible; AhrefsBot/7.0; +http://ahrefs.com/robot/)" "www.ysfine.com"
51.222.253.14 - - [27/Oct/2022:13:04:05 -0700] "GET /ysbio/newyork/stpaul33c.jpg HTTP/1.1" 200 47667 "-" "Mozilla/5.0 (compatible; AhrefsBot/7.0; +http://ahrefs.com/robot/)" "www.ysfine.com"
51.222.253.1 - - [27/Oct/2022:13:04:11 -0700] "GET /ysbio/newyork/rocke03c.jpg HTTP/1.1" 200 35745 "-" "Mozilla/5.0 (compatible; AhrefsBot/7.0; +http://ahrefs.com/robot/)" "www.ysfine.com"
51.222.253.12 - - [27/Oct/2022:13:04:16 -0700] "GET /ysbio/ffriends/aline/pakis11c.jpg HTTP/1.1" 404 88 "-" "Mozilla/5.0 (compatible; AhrefsBot/7.0; +http://ahrefs.com/robot/)" "www.ysfine.com"
51.222.253.7 - - [27/Oct/2022:13:04:17 -0700] "GET /ysbio/newyork/bryantp11c.jpg HTTP/1.1" 200 38035 "-" "Mozilla/5.0 (compatible; AhrefsBot/7.0; +http://ahrefs.com/robot/)" "www.ysfine.com"
51.222.253.9 - - [27/Oct/2022:13:04:18 -0700] "GET /ysbio/newyork/seaport12c.jpg HTTP/1.1" 200 40916 "-" "Mozilla/5.0 (compatible; AhrefsBot/7.0; +http://ahrefs.com/robot/)" "www.ysfine.com"
51.222.253.4 - - [27/Oct/2022:13:04:24 -0700] "GET /ysbio/newyork/litaly02c.jpg HTTP/1.1" 200 31186 "-" "Mozilla/5.0 (compatible; AhrefsBot/7.0; +http://ahrefs.com/robot/)" "www.ysfine.com"
51.222.253.5 - - [27/Oct/2022:13:04:29 -0700] "GET /ysbio/princeton/puband05c.jpg HTTP/1.1" 200 34279 "-" "Mozilla/5.0 (compatible; AhrefsBot/7.0; +http://ahrefs.com/robot/)" "www.ysfine.com"
51.222.253.14 - - [27/Oct/2022:13:04:35 -0700] "GET /ysbio/newyork/nyharbor05c.jpg HTTP/1.1" 200 28340 "-" "Mozilla/5.0 (compatible; AhrefsBot/7.0; +http://ahrefs.com/robot/)" "www.ysfine.com"
51.222.253.4 - - [27/Oct/2022:13:04:40 -0700] "GET /ysbio/newyork/koreaw01c.jpg HTTP/1.1" 200 50188 "-" "Mozilla/5.0 (compatible; AhrefsBot/7.0; +http://ahrefs.com/robot/)" "www.ysfine.com"
51.222.253.13 - - [27/Oct/2022:13:04:46 -0700] "GET /ysbio/newyork/trump43c.jpg HTTP/1.1" 200 42911 "-" "Mozilla/5.0 (compatible; AhrefsBot/7.0; +http://ahrefs.com/robot/)" "www.ysfine.com"
51.222.253.14 - - [27/Oct/2022:13:04:52 -0700] "GET /ysbio/newyork/wallst15c.jpg HTTP/1.1" 200 34291 "-" "Mozilla/5.0 (compatible; AhrefsBot/7.0; +http://ahrefs.com/robot/)" "www.ysfine.com"
66.249.66.43 - - [27/Oct/2022:13:04:53 -0700] "GET /style/cameras/fed39.jpg HTTP/1.1" 304 - "-" "Googlebot-Image/1.0" "ysfine.com"
51.222.253.16 - - [27/Oct/2022:13:04:53 -0700] "GET /ysbio/newyork/nyu02c.jpg HTTP/1.1" 200 46274 "-" "Mozilla/5.0 (compatible; AhrefsBot/7.0; +http://ahrefs.com/robot/)" "www.ysfine.com"
51.222.253.10 - - [27/Oct/2022:13:04:57 -0700] "GET /home/dashen.html HTTP/1.1" 200 4015 "-" "Mozilla/5.0 (compatible; AhrefsBot/7.0; +http://ahrefs.com/robot/)" "www.ysfine.com"
51.222.253.17 - - [27/Oct/2022:13:04:59 -0700] "GET /ysbio/ffriends/polnewyork01c.jpg HTTP/1.1" 404 88 "-" "Mozilla/5.0 (compatible; AhrefsBot/7.0; +http://ahrefs.com/robot/)" "www.ysfine.com"
51.222.253.5 - - [27/Oct/2022:13:04:59 -0700] "GET /ysbio/newyork/timesq01c.jpg HTTP/1.1" 200 25725 "-" "Mozilla/5.0 (compatible; AhrefsBot/7.0; +http://ahrefs.com/robot/)" "www.ysfine.com"
51.222.253.2 - - [27/Oct/2022:13:05:05 -0700] "GET /ysbio/newyork/emp15c.jpg HTTP/1.1" 200 27508 "-" "Mozilla/5.0 (compatible; AhrefsBot/7.0; +http://ahrefs.com/robot/)" "www.ysfine.com"
51.222.253.16 - - [27/Oct/2022:13:05:10 -0700] "GET /ysbio/newyork/radioci15c.jpg HTTP/1.1" 200 24021 "-" "Mozilla/5.0 (compatible; AhrefsBot/7.0; +http://ahrefs.com/robot/)" "www.ysfine.com"
51.222.253.11 - - [27/Oct/2022:13:05:16 -0700] "GET /ysbio/newyork/battery40c.jpg HTTP/1.1" 200 43991 "-" "Mozilla/5.0 (compatible; AhrefsBot/7.0; +http://ahrefs.com/robot/)" "www.ysfine.com"
51.222.253.19 - - [27/Oct/2022:13:05:21 -0700] "GET /ysbio/newyork/wallst01c.jpg HTTP/1.1" 200 53164 "-" "Mozilla/5.0 (compatible; AhrefsBot/7.0; +http://ahrefs.com/robot/)" "www.ysfine.com"
51.222.253.10 - - [27/Oct/2022:13:05:27 -0700] "GET /ysbio/newyork/battery02c.jpg HTTP/1.1" 200 33245 "-" "Mozilla/5.0 (compatible; AhrefsBot/7.0; +http://ahrefs.com/robot/)" "www.ysfine.com"
51.222.253.19 - - [27/Oct/2022:13:05:33 -0700] "GET /ysbio/newyork/grandc02c.jpg HTTP/1.1" 200 34011 "-" "Mozilla/5.0 (compatible; AhrefsBot/7.0; +http://ahrefs.com/robot/)" "www.ysfine.com"
51.222.253.14 - - [27/Oct/2022:13:05:39 -0700] "GET /ysbio/kobak/sorae/church06c.jpg HTTP/1.1" 200 34393 "-" "Mozilla/5.0 (compatible; AhrefsBot/7.0; +http://ahrefs.com/robot/)" "www.ysfine.com"
93.158.161.42 - - [27/Oct/2022:13:05:44 -0700] "GET /robots.txt HTTP/1.1" 404 73 "-" "Mozilla/5.0 (compatible; YandexBot/3.0; +http://yandex.com/bots)" "www.ysfine.com"
51.222.253.6 - - [27/Oct/2022:13:05:44 -0700] "GET /ysbio/newyork/hopen03c.jpg HTTP/1.1" 200 45710 "-" "Mozilla/5.0 (compatible; AhrefsBot/7.0; +http://ahrefs.com/robot/)" "www.ysfine.com"
77.88.5.231 - - [27/Oct/2022:13:05:48 -0700] "GET /world/russ/File%20Russie%20-%20Moscou%20-%20Novodevichy%204.jpg%20-%20Wikimedia%20Commons.htm HTTP/1.1" 200 15548 "-" "Mozilla/5.0 (compatible; YandexBot/3.0; +http://yandex.com/bots)" "www.ysfine.com"
51.222.253.10 - - [27/Oct/2022:13:05:50 -0700] "GET /ysbio/ffriends/aline/virgin03c.jpg HTTP/1.1" 404 88 "-" "Mozilla/5.0 (compatible; AhrefsBot/7.0; +http://ahrefs.com/robot/)" "www.ysfine.com"
51.222.253.8 - - [27/Oct/2022:13:05:50 -0700] "GET /ysbio/newyork/tournau22c.jpg HTTP/1.1" 200 41006 "-" "Mozilla/5.0 (compatible; AhrefsBot/7.0; +http://ahrefs.com/robot/)" "www.ysfine.com"
51.222.253.12 - - [27/Oct/2022:13:05:56 -0700] "GET /ysbio/newyork/seaport02c.jpg HTTP/1.1" 200 42025 "-" "Mozilla/5.0 (compatible; AhrefsBot/7.0; +http://ahrefs.com/robot/)" "www.ysfine.com"
216.244.66.229 - - [27/Oct/2022:13:05:58 -0700] "GET /ffriends/mexparis01.jpg HTTP/1.1" 200 133488 "-" "Mozilla/5.0 (compatible; DotBot/1.2; +https://opensiteexplorer.org/dotbot; help@moz.com)" "www.ysfine.com"
51.222.253.6 - - [27/Oct/2022:13:06:02 -0700] "GET /ysbio/newyork/wtc31c.jpg HTTP/1.1" 200 27274 "-" "Mozilla/5.0 (compatible; AhrefsBot/7.0; +http://ahrefs.com/robot/)" "www.ysfine.com"
51.222.253.14 - - [27/Oct/2022:13:06:08 -0700] "GET /ysbio/newyork/un04c.jpg HTTP/1.1" 200 28798 "-" "Mozilla/5.0 (compatible; AhrefsBot/7.0; +http://ahrefs.com/robot/)" "www.ysfine.com"
51.222.253.10 - - [27/Oct/2022:13:06:13 -0700] "GET /ysbio/newyork/unionsq08c.jpg HTTP/1.1" 200 45847 "-" "Mozilla/5.0 (compatible; AhrefsBot/7.0; +http://ahrefs.com/robot/)" "www.ysfine.com"
216.244.66.229 - - [27/Oct/2022:13:06:19 -0700] "GET /ffriends/polchica02.jpg HTTP/1.1" 200 80128 "-" "Mozilla/5.0 (compatible; DotBot/1.2; +https://opensiteexplorer.org/dotbot; help@moz.com)" "www.ysfine.com"
51.222.253.10 - - [27/Oct/2022:13:06:19 -0700] "GET /ysbio/newyork/wtc01c.jpg HTTP/1.1" 200 28654 "-" "Mozilla/5.0 (compatible; AhrefsBot/7.0; +http://ahrefs.com/robot/)" "www.ysfine.com"
216.244.66.229 - - [27/Oct/2022:13:06:55 -0700] "GET /ffriends/aline/tam01.jpg HTTP/1.1" 200 84903 "-" "Mozilla/5.0 (compatible; DotBot/1.2; +https://opensiteexplorer.org/dotbot; help@moz.com)" "www.ysfine.com"
216.244.66.229 - - [27/Oct/2022:13:06:59 -0700] "GET /ffriends/aline/united02.jpg HTTP/1.1" 200 78661 "-" "Mozilla/5.0 (compatible; DotBot/1.2; +https://opensiteexplorer.org/dotbot; help@moz.com)" "www.ysfine.com"
51.222.253.11 - - [27/Oct/2022:13:08:43 -0700] "GET /ysbio/class54/class5470/total_data/sub_419.htm HTTP/1.1" 200 3220 "-" "Mozilla/5.0 (compatible; AhrefsBot/7.0; +http://ahrefs.com/robot/)" "www.ysfine.com"
51.222.253.13 - - [27/Oct/2022:13:08:49 -0700] "GET /ysbio/class54/class5470/total_data/img/04_title.gif HTTP/1.1" 200 7489 "-" "Mozilla/5.0 (compatible; AhrefsBot/7.0; +http://ahrefs.com/robot/)" "www.ysfine.com"
51.222.253.12 - - [27/Oct/2022:13:08:54 -0700] "GET /ysbio/class54/class5470/total_data/img/04_work.gif HTTP/1.1" 200 803 "-" "Mozilla/5.0 (compatible; AhrefsBot/7.0; +http://ahrefs.com/robot/)" "www.ysfine.com"
51.222.253.1 - - [27/Oct/2022:13:09:00 -0700] "GET /ysbio/class54/class5470/total_data/refer_img/4-32_f.jpg HTTP/1.1" 200 34032 "-" "Mozilla/5.0 (compatible; AhrefsBot/7.0; +http://ahrefs.com/robot/)" "www.ysfine.com"
51.222.253.10 - - [27/Oct/2022:13:09:05 -0700] "GET /ysbio/class54/class5470/total_data/refer_img/4-20_f.jpg HTTP/1.1" 200 37137 "-" "Mozilla/5.0 (compatible; AhrefsBot/7.0; +http://ahrefs.com/robot/)" "www.ysfine.com"
51.222.253.12 - - [27/Oct/2022:13:09:11 -0700] "GET /ysbio/class54/class5470/total_data/images/mb.css HTTP/1.1" 404 88 "-" "Mozilla/5.0 (compatible; AhrefsBot/7.0; +http://ahrefs.com/robot/)" "www.ysfine.com"
51.222.253.16 - - [27/Oct/2022:13:09:11 -0700] "GET /ysbio/class54/class5470/total_data/img/sm01_on.gif HTTP/1.1" 200 382 "-" "Mozilla/5.0 (compatible; AhrefsBot/7.0; +http://ahrefs.com/robot/)" "www.ysfine.com"
51.222.253.4 - - [27/Oct/2022:13:09:12 -0700] "GET /ysbio/class54/class5470/total_data/img/menu05_on.gif HTTP/1.1" 200 691 "-" "Mozilla/5.0 (compatible; AhrefsBot/7.0; +http://ahrefs.com/robot/)" "www.ysfine.com"
40.77.167.27 - - [27/Oct/2022:13:09:15 -0700] "GET /ysbio/style/stbot.html HTTP/1.1" 200 122 "-" "Mozilla/5.0 AppleWebKit/537.36 (KHTML, like Gecko; compatible; bingbot/2.0; +http://www.bing.com/bingbot.htm) Chrome/103.0.5060.134 Safari/537.36" "ysfine.com"
51.222.253.19 - - [27/Oct/2022:13:09:17 -0700] "GET /ysbio/class54/class5470/total_data/refer_img/4-26_f.jpg HTTP/1.1" 200 49927 "-" "Mozilla/5.0 (compatible; AhrefsBot/7.0; +http://ahrefs.com/robot/)" "www.ysfine.com"
40.77.167.71 - - [27/Oct/2022:13:09:21 -0700] "GET /ysbio/princeton/prade.html HTTP/1.1" 200 9878 "-" "Mozilla/5.0 (compatible; bingbot/2.0; +http://www.bing.com/bingbot.htm)" "ysfine.com"
51.222.253.1 - - [27/Oct/2022:13:09:22 -0700] "GET /ysbio/class54/class5470/total_data/img/menu06_on.gif HTTP/1.1" 200 624 "-" "Mozilla/5.0 (compatible; AhrefsBot/7.0; +http://ahrefs.com/robot/)" "www.ysfine.com"
51.222.253.16 - - [27/Oct/2022:13:09:23 -0700] "GET /ysbio/class54/class5470/total_data/refer_img/4-25_f.jpg HTTP/1.1" 200 44994 "-" "Mozilla/5.0 (compatible; AhrefsBot/7.0; +http://ahrefs.com/robot/)" "www.ysfine.com"
51.222.253.17 - - [27/Oct/2022:13:09:26 -0700] "GET /ysbio/class54/class5470/total_data/refer_img/4-27_f.jpg HTTP/1.1" 200 55596 "-" "Mozilla/5.0 (compatible; AhrefsBot/7.0; +http://ahrefs.com/robot/)" "www.ysfine.com"
51.222.253.14 - - [27/Oct/2022:13:09:32 -0700] "GET /ysbio/class54/class5470/total_data/img/menu07_on.gif HTTP/1.1" 200 578 "-" "Mozilla/5.0 (compatible; AhrefsBot/7.0; +http://ahrefs.com/robot/)" "www.ysfine.com"
51.222.253.14 - - [27/Oct/2022:13:09:32 -0700] "GET /ysbio/class54/class5470/total_data/refer_img/4-22_f.jpg HTTP/1.1" 200 32863 "-" "Mozilla/5.0 (compatible; AhrefsBot/7.0; +http://ahrefs.com/robot/)" "www.ysfine.com"
51.222.253.18 - - [27/Oct/2022:13:09:38 -0700] "GET /ysbio/class54/class5470/total_data/img/menu08_on.gif HTTP/1.1" 200 813 "-" "Mozilla/5.0 (compatible; AhrefsBot/7.0; +http://ahrefs.com/robot/)" "www.ysfine.com"
51.222.253.6 - - [27/Oct/2022:13:09:43 -0700] "GET /ysbio/class54/class5470/total_data/img/menu02_on.gif HTTP/1.1" 200 782 "-" "Mozilla/5.0 (compatible; AhrefsBot/7.0; +http://ahrefs.com/robot/)" "www.ysfine.com"
51.222.253.9 - - [27/Oct/2022:13:09:48 -0700] "GET /ysbio/class54/class5470/total_data/refer_img/4-35_f.jpg HTTP/1.1" 200 39202 "-" "Mozilla/5.0 (compatible; AhrefsBot/7.0; +http://ahrefs.com/robot/)" "www.ysfine.com"
51.222.253.9 - - [27/Oct/2022:13:09:55 -0700] "GET /ysbio/class54/class5470/total_data/refer_img/4-28_f.jpg HTTP/1.1" 200 48798 "-" "Mozilla/5.0 (compatible; AhrefsBot/7.0; +http://ahrefs.com/robot/)" "www.ysfine.com"
51.222.253.16 - - [27/Oct/2022:13:10:01 -0700] "GET /ysbio/class54/class5470/total_data/refer_img/4-21_f.jpg HTTP/1.1" 200 33595 "-" "Mozilla/5.0 (compatible; AhrefsBot/7.0; +http://ahrefs.com/robot/)" "www.ysfine.com"
51.222.253.17 - - [27/Oct/2022:13:10:07 -0700] "GET /ysbio/class54/class5470/total_data/img/sm02_off.gif HTTP/1.1" 200 426 "-" "Mozilla/5.0 (compatible; AhrefsBot/7.0; +http://ahrefs.com/robot/)" "www.ysfine.com"
51.222.253.5 - - [27/Oct/2022:13:10:07 -0700] "GET /ysbio/class54/class5470/total_data/refer_img/4-29_f.jpg HTTP/1.1" 200 49246 "-" "Mozilla/5.0 (compatible; AhrefsBot/7.0; +http://ahrefs.com/robot/)" "www.ysfine.com"
51.222.253.6 - - [27/Oct/2022:13:10:13 -0700] "GET /ysbio/class54/class5470/total_data/refer_img/4-19_f.jpg HTTP/1.1" 200 38692 "-" "Mozilla/5.0 (compatible; AhrefsBot/7.0; +http://ahrefs.com/robot/)" "www.ysfine.com"
51.222.253.8 - - [27/Oct/2022:13:10:19 -0700] "GET /ysbio/class54/class5470/total_data/refer_img/4-30_f.jpg HTTP/1.1" 200 35955 "-" "Mozilla/5.0 (compatible; AhrefsBot/7.0; +http://ahrefs.com/robot/)" "www.ysfine.com"
51.222.253.14 - - [27/Oct/2022:13:10:24 -0700] "GET /ysbio/class54/class5470/total_data/refer_img/4-36_f.jpg HTTP/1.1" 200 18847 "-" "Mozilla/5.0 (compatible; AhrefsBot/7.0; +http://ahrefs.com/robot/)" "www.ysfine.com"
67.255.22.52 - - [27/Oct/2022:13:10:26 -0700] "GET /wdc/usna14.jpg HTTP/1.1" 200 98975 "https://images.search.yahoo.com/search/images;_ylt=AwrFDupa5VpjMMQyuxiJzbkF;_ylu=c2VjA3NlYXJjaARzbGsDYnV0dG9u;_ylc=X1MDOTYwNjI4NTcEX3IDMgRmcgN5ZnAtdC1zBGZyMgNwOnMsdjppLG06c2ItdG9wBGdwcmlkA0dneWM2Z2FvU1BPdEg5X2pGR2ZOSUEEbl9yc2x0AzAEbl9zdWdnAzAEb3JpZ2luA2ltYWdlcy5zZWFyY2gueWFob28uY29tBHBvcwMwBHBxc3RyAwRwcXN0cmwDMARxc3RybAMzMgRxdWVyeQNhbm5hcG9saXMlMjBuYXZhbCUyMGFjYWRlbXklMjBzdHVkZW50cwR0X3N0bXADMTY2NjkwMTM4OA--?p=annapolis+naval+academy+students&fr=yfp-t-s&fr2=p%3As%2Cv%3Ai%2Cm%3Asb-top&ei=UTF-8&x=wrt" "Mozilla/5.0 (Windows NT 10.0; Win64; x64) AppleWebKit/537.36 (KHTML, like Gecko) Chrome/106.0.0.0 Safari/537.36 Edg/106.0.1370.52" "www.ysfine.com"
51.222.253.6 - - [27/Oct/2022:13:10:30 -0700] "GET /ysbio/class54/class5470/total_data/img/menu01_on.gif HTTP/1.1" 200 688 "-" "Mozilla/5.0 (compatible; AhrefsBot/7.0; +http://ahrefs.com/robot/)" "www.ysfine.com"
51.222.253.2 - - [27/Oct/2022:13:10:35 -0700] "GET /ysbio/class54/class5470/total_data/refer_img/4-24_f.jpg HTTP/1.1" 200 40663 "-" "Mozilla/5.0 (compatible; AhrefsBot/7.0; +http://ahrefs.com/robot/)" "www.ysfine.com"
51.222.253.20 - - [27/Oct/2022:13:10:41 -0700] "GET /ysbio/class54/class5470/total_data/refer_img/4-34_f.jpg HTTP/1.1" 200 36546 "-" "Mozilla/5.0 (compatible; AhrefsBot/7.0; +http://ahrefs.com/robot/)" "www.ysfine.com"
51.222.253.16 - - [27/Oct/2022:13:10:46 -0700] "GET /ysbio/class54/class5470/total_data/img/menu03_on.gif HTTP/1.1" 200 600 "-" "Mozilla/5.0 (compatible; AhrefsBot/7.0; +http://ahrefs.com/robot/)" "www.ysfine.com"
51.222.253.11 - - [27/Oct/2022:13:10:47 -0700] "GET /ysbio/class54/class5470/total_data/img/04_smline.gif HTTP/1.1" 200 3843 "-" "Mozilla/5.0 (compatible; AhrefsBot/7.0; +http://ahrefs.com/robot/)" "www.ysfine.com"
51.222.253.19 - - [27/Oct/2022:13:10:52 -0700] "GET /ysbio/class54/class5470/total_data/img/bottom_title.gif HTTP/1.1" 200 14467 "-" "Mozilla/5.0 (compatible; AhrefsBot/7.0; +http://ahrefs.com/robot/)" "www.ysfine.com"
51.222.253.17 - - [27/Oct/2022:13:10:57 -0700] "GET /ysbio/class54/class5470/total_data/refer_img/4-31_f.jpg HTTP/1.1" 200 49142 "-" "Mozilla/5.0 (compatible; AhrefsBot/7.0; +http://ahrefs.com/robot/)" "www.ysfine.com"
51.222.253.19 - - [27/Oct/2022:13:11:03 -0700] "GET /ysbio/class54/class5470/total_data/photo_img/4-19.jpg HTTP/1.1" 200 250195 "-" "Mozilla/5.0 (compatible; AhrefsBot/7.0; +http://ahrefs.com/robot/)" "www.ysfine.com"
66.249.66.40 - - [27/Oct/2022:13:11:04 -0700] "GET /people/woods.jpg HTTP/1.1" 304 - "-" "Googlebot-Image/1.0" "ysfine.com"
51.222.253.7 - - [27/Oct/2022:13:11:10 -0700] "GET /ysbio/class54/class5470/total_data/refer_img/4-23_f.jpg HTTP/1.1" 200 46282 "-" "Mozilla/5.0 (compatible; AhrefsBot/7.0; +http://ahrefs.com/robot/)" "www.ysfine.com"
51.222.253.11 - - [27/Oct/2022:13:11:16 -0700] "GET /ysbio/class54/class5470/total_data/img/menu04_on.gif HTTP/1.1" 200 813 "-" "Mozilla/5.0 (compatible; AhrefsBot/7.0; +http://ahrefs.com/robot/)" "www.ysfine.com"
51.222.253.18 - - [27/Oct/2022:13:11:21 -0700] "GET /ysbio/class54/class5470/total_data/refer_img/4-33_f.jpg HTTP/1.1" 200 43743 "-" "Mozilla/5.0 (compatible; AhrefsBot/7.0; +http://ahrefs.com/robot/)" "www.ysfine.com"
40.77.167.71 - - [27/Oct/2022:13:11:49 -0700] "GET /ysbio/princeton/cleve.html HTTP/1.1" 200 570 "-" "Mozilla/5.0 (compatible; bingbot/2.0; +http://www.bing.com/bingbot.htm)" "ysfine.com"
40.77.167.71 - - [27/Oct/2022:13:11:50 -0700] "GET /ysbio/princeton/dulles.html HTTP/1.1" 200 2700 "-" "Mozilla/5.0 (compatible; bingbot/2.0; +http://www.bing.com/bingbot.htm)" "ysfine.com"
40.77.167.71 - - [27/Oct/2022:13:11:50 -0700] "GET /ysbio/princeton/prospect.html HTTP/1.1" 200 425 "-" "Mozilla/5.0 AppleWebKit/537.36 (KHTML, like Gecko; compatible; bingbot/2.0; +http://www.bing.com/bingbot.htm) Chrome/103.0.5060.134 Safari/537.36" "ysfine.com"
40.77.167.71 - - [27/Oct/2022:13:11:50 -0700] "GET /ysbio/feynman/feyprince.html HTTP/1.1" 200 440 "-" "Mozilla/5.0 (compatible; bingbot/2.0; +http://www.bing.com/bingbot.htm)" "ysfine.com"
157.55.39.14 - - [27/Oct/2022:13:11:50 -0700] "GET /ysbio/kobak/rheetr.html HTTP/1.1" 200 838 "-" "Mozilla/5.0 (compatible; bingbot/2.0; +http://www.bing.com/bingbot.htm)" "ysfine.com"
157.55.39.127 - - [27/Oct/2022:13:11:52 -0700] "GET /ysbio/newyork/index.html HTTP/1.1" 200 132 "-" "Mozilla/5.0 AppleWebKit/537.36 (KHTML, like Gecko; compatible; bingbot/2.0; +http://www.bing.com/bingbot.htm) Chrome/103.0.5060.134 Safari/537.36" "ysfine.com"
157.55.39.121 - - [27/Oct/2022:13:11:53 -0700] "GET /ysbio/wdc/index.html HTTP/1.1" 200 141 "-" "Mozilla/5.0 AppleWebKit/537.36 (KHTML, like Gecko; compatible; bingbot/2.0; +http://www.bing.com/bingbot.htm) Chrome/103.0.5060.134 Safari/537.36" "ysfine.com"
40.77.167.27 - - [27/Oct/2022:13:11:54 -0700] "GET /ysbio/princeton/morecars.html HTTP/1.1" 200 245 "-" "Mozilla/5.0 (compatible; bingbot/2.0; +http://www.bing.com/bingbot.htm)" "ysfine.com"
40.77.139.75 - - [27/Oct/2022:13:11:54 -0700] "GET /ysbio/newyork/nyleft.html HTTP/1.1" 200 905 "https://ysfine.com/ysbio/newyork/index.html" "Mozilla/5.0 (Windows NT 6.1; WOW64) AppleWebKit/534+ (KHTML, like Gecko) BingPreview/1.0b" "ysfine.com"
40.77.139.75 - - [27/Oct/2022:13:11:54 -0700] "GET /ysbio/newyork/nyc.html HTTP/1.1" 200 31389 "https://ysfine.com/ysbio/newyork/index.html" "Mozilla/5.0 (Windows NT 6.1; WOW64) AppleWebKit/534+ (KHTML, like Gecko) BingPreview/1.0b" "ysfine.com"
40.77.139.85 - - [27/Oct/2022:13:11:55 -0700] "GET /ysbio/wdc/wasdc.html HTTP/1.1" 200 13715 "https://ysfine.com/ysbio/wdc/index.html" "Mozilla/5.0 (Windows NT 6.1; WOW64) AppleWebKit/534+ (KHTML, like Gecko) BingPreview/1.0b" "ysfine.com"
40.77.139.85 - - [27/Oct/2022:13:11:55 -0700] "GET /ysbio/wdc/wasleft.html HTTP/1.1" 200 720 "https://ysfine.com/ysbio/wdc/index.html" "Mozilla/5.0 (Windows NT 6.1; WOW64) AppleWebKit/534+ (KHTML, like Gecko) BingPreview/1.0b" "ysfine.com"
157.55.39.14 - - [27/Oct/2022:13:12:01 -0700] "GET /ysbio/maga/maxedin.html HTTP/1.1" 200 6756 "-" "Mozilla/5.0 (compatible; bingbot/2.0; +http://www.bing.com/bingbot.htm)" "ysfine.com"
207.46.13.104 - - [27/Oct/2022:13:11:54 -0700] "GET /ysbio/princeton/apga13.pdf HTTP/1.1" 200 26368062 "-" "Mozilla/5.0 AppleWebKit/537.36 (KHTML, like Gecko; compatible; bingbot/2.0; +http://www.bing.com/bingbot.htm) Chrome/103.0.5060.134 Safari/537.36" "ysfine.com"
157.55.39.127 - - [27/Oct/2022:13:12:05 -0700] "GET /ysbio/princeton/prosprade.html HTTP/1.1" 200 242 "-" "Mozilla/5.0 AppleWebKit/537.36 (KHTML, like Gecko; compatible; bingbot/2.0; +http://www.bing.com/bingbot.htm) Chrome/103.0.5060.134 Safari/537.36" "ysfine.com"
157.55.39.127 - - [27/Oct/2022:13:12:06 -0700] "GET /ysbio/princeton/sambapr.html HTTP/1.1" 200 311 "-" "Mozilla/5.0 (compatible; bingbot/2.0; +http://www.bing.com/bingbot.htm)" "ysfine.com"
40.77.167.71 - - [27/Oct/2022:13:12:10 -0700] "GET /world/russ/kazan086.jpg HTTP/1.1" 200 100936 "-" "Mozilla/5.0 AppleWebKit/537.36 (KHTML, like Gecko; compatible; bingbot/2.0; +http://www.bing.com/bingbot.htm) Chrome/103.0.5060.134 Safari/537.36" "www.ysfine.com"
157.55.39.121 - - [27/Oct/2022:13:12:13 -0700] "GET /ysbio/feynman/fphoto.html HTTP/1.1" 200 3714 "-" "Mozilla/5.0 AppleWebKit/537.36 (KHTML, like Gecko; compatible; bingbot/2.0; +http://www.bing.com/bingbot.htm) Chrome/103.0.5060.134 Safari/537.36" "ysfine.com"
157.55.39.121 - - [27/Oct/2022:13:12:14 -0700] "GET /ysbio/princeton/bagpipes.html HTTP/1.1" 200 245 "-" "Mozilla/5.0 AppleWebKit/537.36 (KHTML, like Gecko; compatible; bingbot/2.0; +http://www.bing.com/bingbot.htm) Chrome/103.0.5060.134 Safari/537.36" "ysfine.com"
40.77.167.27 - - [27/Oct/2022:13:12:18 -0700] "GET /ysbio/maga/popov.html HTTP/1.1" 200 8651 "-" "Mozilla/5.0 AppleWebKit/537.36 (KHTML, like Gecko; compatible; bingbot/2.0; +http://www.bing.com/bingbot.htm) Chrome/103.0.5060.134 Safari/537.36" "ysfine.com"
51.222.253.16 - - [27/Oct/2022:13:12:28 -0700] "GET /class54/class5470/total_data/sub_740.htm HTTP/1.1" 200 3294 "-" "Mozilla/5.0 (compatible; AhrefsBot/7.0; +http://ahrefs.com/robot/)" "ysfine.com"
40.77.167.27 - - [27/Oct/2022:13:12:35 -0700] "GET /people/noz06.jpg HTTP/1.1" 200 55631 "-" "Mozilla/5.0 AppleWebKit/537.36 (KHTML, like Gecko; compatible; bingbot/2.0; +http://www.bing.com/bingbot.htm) Chrome/103.0.5060.134 Safari/537.36" "ysfine.com"
157.55.39.127 - - [27/Oct/2022:13:14:23 -0700] "GET /wdc/umdbarn.html HTTP/1.1" 200 316 "-" "Mozilla/5.0 (compatible; bingbot/2.0; +http://www.bing.com/bingbot.htm)" "ysfine.com"
157.55.39.127 - - [27/Oct/2022:13:14:54 -0700] "GET /einstein/eincurie.html HTTP/1.1" 200 895 "-" "Mozilla/5.0 AppleWebKit/537.36 (KHTML, like Gecko; compatible; bingbot/2.0; +http://www.bing.com/bingbot.htm) Chrome/103.0.5060.134 Safari/537.36" "ysfine.com"
51.222.253.3 - - [27/Oct/2022:13:15:01 -0700] "GET /class54/class5470/total_data/sub_739.htm HTTP/1.1" 200 3294 "-" "Mozilla/5.0 (compatible; AhrefsBot/7.0; +http://ahrefs.com/robot/)" "ysfine.com"
189.60.136.174 - - [27/Oct/2022:13:15:34 -0700] "GET /style/cameras/contax11.jpg HTTP/1.1" 200 101409 "https://www.google.com/" "Mozilla/5.0 (Macintosh; Intel Mac OS X 10_15_7) AppleWebKit/605.1.15 (KHTML, like Gecko) Version/15.6.1 Safari/605.1.15" "ysfine.com"
98.210.37.92 - - [27/Oct/2022:13:15:47 -0700] "GET /princeton/brooke22.jpg HTTP/1.1" 200 87673 "https://www.google.com/" "Mozilla/5.0 (Windows NT 10.0; Win64; x64) AppleWebKit/537.36 (KHTML, like Gecko) Chrome/106.0.0.0 Safari/537.36" "ysfine.com"
157.55.39.121 - - [27/Oct/2022:13:16:35 -0700] "GET /wigner/wigpoinc.html HTTP/1.1" 200 6586 "-" "Mozilla/5.0 AppleWebKit/537.36 (KHTML, like Gecko; compatible; bingbot/2.0; +http://www.bing.com/bingbot.htm) Chrome/103.0.5060.134 Safari/537.36" "ysfine.com"
51.222.253.1 - - [27/Oct/2022:13:17:08 -0700] "GET /class54/class5470/total_data/sub_293.htm HTTP/1.1" 200 3386 "-" "Mozilla/5.0 (compatible; AhrefsBot/7.0; +http://ahrefs.com/robot/)" "www.ysfine.com"
54.161.41.102 - - [27/Oct/2022:13:17:29 -0700] "GET /robots.txt HTTP/1.1" 404 88 "-" "Mozilla/5.0 (compatible; Neevabot/1.0; +https://neeva.com/neevabot)" "ysfine.com"
54.161.41.102 - - [27/Oct/2022:13:17:31 -0700] "GET /robots.txt HTTP/1.1" 404 88 "-" "Mozilla/5.0 (compatible; Neevabot/1.0; +https://neeva.com/neevabot)" "www.ysfine.com"
54.161.41.102 - - [27/Oct/2022:13:17:42 -0700] "GET /world/baltic/lithu17.jpg HTTP/1.1" 200 94916 "-" "Mozilla/5.0 (compatible; Neevabot/1.0; +https://neeva.com/neevabot)" "ysfine.com"
54.161.41.102 - - [27/Oct/2022:13:17:43 -0700] "GET /kobak/taylor.html HTTP/1.1" 200 384 "-" "Mozilla/5.0 (compatible; Neevabot/1.0; +https://neeva.com/neevabot)" "www.ysfine.com"
54.161.41.102 - - [27/Oct/2022:13:17:58 -0700] "GET /usca/pitt/steelm01.jpg HTTP/1.1" 200 36650 "-" "Mozilla/5.0 (compatible; Neevabot/1.0; +https://neeva.com/neevabot)" "ysfine.com"
54.161.41.102 - - [27/Oct/2022:13:17:59 -0700] "GET /world/russ/spbm15.jpg HTTP/1.1" 200 177673 "-" "Mozilla/5.0 (compatible; Neevabot/1.0; +https://neeva.com/neevabot)" "ysfine.com"
54.161.41.102 - - [27/Oct/2022:13:18:10 -0700] "GET /world/china/nanjing35.jpg HTTP/1.1" 200 99258 "-" "Mozilla/5.0 (compatible; Neevabot/1.0; +https://neeva.com/neevabot)" "www.ysfine.com"
54.161.41.102 - - [27/Oct/2022:13:18:10 -0700] "GET /sbk/2006aa33.jpg HTTP/1.1" 200 72896 "-" "Mozilla/5.0 (compatible; Neevabot/1.0; +https://neeva.com/neevabot)" "ysfine.com"
54.161.41.102 - - [27/Oct/2022:13:18:20 -0700] "GET /style/cameras/fedtree.jpg HTTP/1.1" 200 204561 "-" "Mozilla/5.0 (compatible; Neevabot/1.0; +https://neeva.com/neevabot)" "ysfine.com"
54.161.41.102 - - [27/Oct/2022:13:18:21 -0700] "GET /sbk/2012paris22.jpg HTTP/1.1" 200 84711 "-" "Mozilla/5.0 (compatible; Neevabot/1.0; +https://neeva.com/neevabot)" "ysfine.com"
54.161.41.102 - - [27/Oct/2022:13:18:27 -0700] "GET /world/poland/gdn26.jpg HTTP/1.1" 200 72849 "-" "Mozilla/5.0 (compatible; Neevabot/1.0; +https://neeva.com/neevabot)" "ysfine.com"
54.161.41.102 - - [27/Oct/2022:13:18:28 -0700] "GET /einstein/places/einha01.jpg HTTP/1.1" 200 75624 "-" "Mozilla/5.0 (compatible; Neevabot/1.0; +https://neeva.com/neevabot)" "ysfine.com"
54.161.41.102 - - [27/Oct/2022:13:18:32 -0700] "GET /world/germany/hegel22.jpg HTTP/1.1" 200 68698 "-" "Mozilla/5.0 (compatible; Neevabot/1.0; +https://neeva.com/neevabot)" "ysfine.com"
54.161.41.102 - - [27/Oct/2022:13:18:33 -0700] "GET /feynman/fstat72.jpg HTTP/1.1" 200 66306 "-" "Mozilla/5.0 (compatible; Neevabot/1.0; +https://neeva.com/neevabot)" "ysfine.com"
54.161.41.102 - - [27/Oct/2022:13:18:36 -0700] "GET /world/china/hongkong05.jpg HTTP/1.1" 200 114406 "-" "Mozilla/5.0 (compatible; Neevabot/1.0; +https://neeva.com/neevabot)" "www.ysfine.com"
54.161.41.102 - - [27/Oct/2022:13:18:37 -0700] "GET /wdc/usna01.jpg HTTP/1.1" 200 130518 "-" "Mozilla/5.0 (compatible; Neevabot/1.0; +https://neeva.com/neevabot)" "www.ysfine.com"
54.161.41.102 - - [27/Oct/2022:13:18:39 -0700] "GET /world/china/hongkong03.jpg HTTP/1.1" 200 82081 "-" "Mozilla/5.0 (compatible; Neevabot/1.0; +https://neeva.com/neevabot)" "www.ysfine.com"
54.161.41.102 - - [27/Oct/2022:13:18:40 -0700] "GET /world/ital/rome046.jpg HTTP/1.1" 200 106747 "-" "Mozilla/5.0 (compatible; Neevabot/1.0; +https://neeva.com/neevabot)" "ysfine.com"
65.75.92.252 - - [27/Oct/2022:13:18:41 -0700] "GET /world/poland/coperni11.jpg HTTP/1.1" 200 135649 "https://images.search.yahoo.com/search/images;_ylt=AwrEmRKC51pjC50hJ6ZXNyoA;_ylu=Y29sbwNiZjEEcG9zAzEEdnRpZAMEc2VjA3BpdnM-?p=Copernicus+Galileo&fr2=piv-web&type=E211US1274G0&fr=mcafee" "Mozilla/5.0 (Windows NT 10.0; Win64; x64) AppleWebKit/537.36 (KHTML, like Gecko) Chrome/106.0.0.0 Safari/537.36" "ysfine.com"
54.161.41.102 - - [27/Oct/2022:13:18:42 -0700] "GET /world/poland/krch03.jpg HTTP/1.1" 200 92797 "-" "Mozilla/5.0 (compatible; Neevabot/1.0; +https://neeva.com/neevabot)" "ysfine.com"
54.161.41.102 - - [27/Oct/2022:13:18:43 -0700] "GET /world/venice.html HTTP/1.1" 200 8457 "-" "Mozilla/5.0 (compatible; Neevabot/1.0; +https://neeva.com/neevabot)" "ysfine.com"
54.161.41.102 - - [27/Oct/2022:13:18:44 -0700] "GET /world/poland/gdnu09.jpg HTTP/1.1" 200 85881 "-" "Mozilla/5.0 (compatible; Neevabot/1.0; +https://neeva.com/neevabot)" "ysfine.com"
54.161.41.102 - - [27/Oct/2022:13:18:45 -0700] "GET /world/china/shanghai103.jpg HTTP/1.1" 200 100003 "-" "Mozilla/5.0 (compatible; Neevabot/1.0; +https://neeva.com/neevabot)" "ysfine.com"
54.161.41.102 - - [27/Oct/2022:13:18:46 -0700] "GET /world/poland/coperni11.jpg HTTP/1.1" 200 135649 "-" "Mozilla/5.0 (compatible; Neevabot/1.0; +https://neeva.com/neevabot)" "ysfine.com"
216.244.66.229 - - [27/Oct/2022:13:18:48 -0700] "GET /maga/phys/naimar/pewk.dvi HTTP/1.1" 200 1280 "-" "Mozilla/5.0 (compatible; DotBot/1.2; +https://opensiteexplorer.org/dotbot; help@moz.com)" "www.ysfine.com"
54.161.41.102 - - [27/Oct/2022:13:18:48 -0700] "GET /feynman/fjadwin.jpg HTTP/1.1" 200 63870 "-" "Mozilla/5.0 (compatible; Neevabot/1.0; +https://neeva.com/neevabot)" "ysfine.com"
54.161.41.102 - - [27/Oct/2022:13:18:48 -0700] "GET /sbk/2003genoa11.jpg HTTP/1.1" 200 208381 "-" "Mozilla/5.0 (compatible; Neevabot/1.0; +https://neeva.com/neevabot)" "ysfine.com"
54.161.41.102 - - [27/Oct/2022:13:18:49 -0700] "GET /princeton/prospectg33.jpg HTTP/1.1" 200 103992 "-" "Mozilla/5.0 (compatible; Neevabot/1.0; +https://neeva.com/neevabot)" "ysfine.com"
54.161.41.102 - - [27/Oct/2022:13:18:51 -0700] "GET /world/russ/spbf01.jpg HTTP/1.1" 200 118262 "-" "Mozilla/5.0 (compatible; Neevabot/1.0; +https://neeva.com/neevabot)" "ysfine.com"
54.161.41.102 - - [27/Oct/2022:13:18:52 -0700] "GET /einstein/maxwell.html HTTP/1.1" 404 88 "-" "Mozilla/5.0 (compatible; Neevabot/1.0; +https://neeva.com/neevabot)" "ysfine.com"
54.161.41.102 - - [27/Oct/2022:13:18:52 -0700] "GET /kobak/sorae/church09.jpg HTTP/1.1" 200 147592 "-" "Mozilla/5.0 (compatible; Neevabot/1.0; +https://neeva.com/neevabot)" "ysfine.com"
54.161.41.102 - - [27/Oct/2022:13:18:54 -0700] "GET /kowar/tanks/tank07.jpg HTTP/1.1" 200 76064 "-" "Mozilla/5.0 (compatible; Neevabot/1.0; +https://neeva.com/neevabot)" "ysfine.com"
54.161.41.102 - - [27/Oct/2022:13:18:54 -0700] "GET /world/brit/harrow02.jpg HTTP/1.1" 200 92363 "-" "Mozilla/5.0 (compatible; Neevabot/1.0; +https://neeva.com/neevabot)" "ysfine.com"
54.161.41.102 - - [27/Oct/2022:13:18:55 -0700] "GET /maga/fermi.html HTTP/1.1" 200 3387 "-" "Mozilla/5.0 (compatible; Neevabot/1.0; +https://neeva.com/neevabot)" "ysfine.com"
54.161.41.102 - - [27/Oct/2022:13:18:56 -0700] "GET /world/ital/veronasis02.jpg HTTP/1.1" 200 118161 "-" "Mozilla/5.0 (compatible; Neevabot/1.0; +https://neeva.com/neevabot)" "ysfine.com"
54.161.41.102 - - [27/Oct/2022:13:18:57 -0700] "GET /feynman/yuval.html HTTP/1.1" 200 9248 "-" "Mozilla/5.0 (compatible; Neevabot/1.0; +https://neeva.com/neevabot)" "ysfine.com"
54.161.41.102 - - [27/Oct/2022:13:18:58 -0700] "GET /princeton/hyatt11.jpg HTTP/1.1" 200 108218 "-" "Mozilla/5.0 (compatible; Neevabot/1.0; +https://neeva.com/neevabot)" "ysfine.com"
54.161.41.102 - - [27/Oct/2022:13:18:59 -0700] "GET /kowar/photos/eisenhower22.jpg HTTP/1.1" 200 115030 "-" "Mozilla/5.0 (compatible; Neevabot/1.0; +https://neeva.com/neevabot)" "ysfine.com"
54.161.41.102 - - [27/Oct/2022:13:19:01 -0700] "GET /princeton/undorm01.jpg HTTP/1.1" 200 183096 "-" "Mozilla/5.0 (compatible; Neevabot/1.0; +https://neeva.com/neevabot)" "ysfine.com"
54.161.41.102 - - [27/Oct/2022:13:19:01 -0700] "GET /dongio/telefon.jpg HTTP/1.1" 404 88 "-" "Mozilla/5.0 (compatible; Neevabot/1.0; +https://neeva.com/neevabot)" "ysfine.com"
54.161.41.102 - - [27/Oct/2022:13:19:02 -0700] "GET /kobak/jeep.html HTTP/1.1" 200 650 "-" "Mozilla/5.0 (compatible; Neevabot/1.0; +https://neeva.com/neevabot)" "ysfine.com"
54.161.41.102 - - [27/Oct/2022:13:19:03 -0700] "GET /world/france/flore05.jpg HTTP/1.1" 200 92160 "-" "Mozilla/5.0 (compatible; Neevabot/1.0; +https://neeva.com/neevabot)" "ysfine.com"
54.161.41.102 - - [27/Oct/2022:13:19:04 -0700] "GET /feynman/ppic/parton33.jpg HTTP/1.1" 200 116692 "-" "Mozilla/5.0 (compatible; Neevabot/1.0; +https://neeva.com/neevabot)" "ysfine.com"
54.161.41.102 - - [27/Oct/2022:13:19:05 -0700] "GET /world/russ/spb33.jpg HTTP/1.1" 200 84373 "-" "Mozilla/5.0 (compatible; Neevabot/1.0; +https://neeva.com/neevabot)" "ysfine.com"
54.161.41.102 - - [27/Oct/2022:13:19:06 -0700] "GET /world/china/shenyang14.jpg HTTP/1.1" 200 103066 "-" "Mozilla/5.0 (compatible; Neevabot/1.0; +https://neeva.com/neevabot)" "ysfine.com"
54.161.41.102 - - [27/Oct/2022:13:19:07 -0700] "GET /einstein/places/einmu61.jpg HTTP/1.1" 200 73487 "-" "Mozilla/5.0 (compatible; Neevabot/1.0; +https://neeva.com/neevabot)" "ysfine.com"
54.161.41.102 - - [27/Oct/2022:13:19:09 -0700] "GET /usca/pitt/ysk54.jpg HTTP/1.1" 200 296806 "-" "Mozilla/5.0 (compatible; Neevabot/1.0; +https://neeva.com/neevabot)" "ysfine.com"
216.244.66.229 - - [27/Oct/2022:13:19:10 -0700] "GET /world/ital/bolog11.jpg HTTP/1.1" 200 143995 "-" "Mozilla/5.0 (compatible; DotBot/1.2; +https://opensiteexplorer.org/dotbot; help@moz.com)" "www.ysfine.com"
54.161.41.102 - - [27/Oct/2022:13:19:10 -0700] "GET /people/zeilinger.jpg HTTP/1.1" 200 59186 "-" "Mozilla/5.0 (compatible; Neevabot/1.0; +https://neeva.com/neevabot)" "ysfine.com"
54.161.41.102 - - [27/Oct/2022:13:19:11 -0700] "GET /usca/pitt/yspass.jpg HTTP/1.1" 200 61834 "-" "Mozilla/5.0 (compatible; Neevabot/1.0; +https://neeva.com/neevabot)" "ysfine.com"
54.161.41.102 - - [27/Oct/2022:13:19:11 -0700] "GET /world/ital/bologsw21.jpg HTTP/1.1" 200 134558 "-" "Mozilla/5.0 (compatible; Neevabot/1.0; +https://neeva.com/neevabot)" "ysfine.com"
54.161.41.102 - - [27/Oct/2022:13:19:12 -0700] "GET /world/china/opium01.jpg HTTP/1.1" 200 166936 "-" "Mozilla/5.0 (compatible; Neevabot/1.0; +https://neeva.com/neevabot)" "ysfine.com"
54.161.41.102 - - [27/Oct/2022:13:19:13 -0700] "GET /world/china/dalian83.jpg HTTP/1.1" 200 79416 "-" "Mozilla/5.0 (compatible; Neevabot/1.0; +https://neeva.com/neevabot)" "ysfine.com"
54.161.41.102 - - [27/Oct/2022:13:19:14 -0700] "GET /world/brit/eton02.jpg HTTP/1.1" 200 87821 "-" "Mozilla/5.0 (compatible; Neevabot/1.0; +https://neeva.com/neevabot)" "ysfine.com"
54.161.41.102 - - [27/Oct/2022:13:19:15 -0700] "GET /wdc/whouse17.jpg HTTP/1.1" 200 102709 "-" "Mozilla/5.0 (compatible; Neevabot/1.0; +https://neeva.com/neevabot)" "ysfine.com"
54.161.41.102 - - [27/Oct/2022:13:19:16 -0700] "GET /princeton/yspr61.jpg HTTP/1.1" 200 217844 "-" "Mozilla/5.0 (compatible; Neevabot/1.0; +https://neeva.com/neevabot)" "ysfine.com"
