40.77.167.71 - - [26/Oct/2022:23:32:32 -0700] "GET /world/germany/tumap11.jpg HTTP/1.1" 200 658871 "-" "Mozilla/5.0 (compatible; bingbot/2.0; +http://www.bing.com/bingbot.htm)" "www.ysfine.com"
157.55.39.14 - - [26/Oct/2022:23:32:37 -0700] "GET /ysbio/world/index.html HTTP/1.1" 200 123 "-" "Mozilla/5.0 (compatible; bingbot/2.0; +http://www.bing.com/bingbot.htm)" "ysfine.com"
40.77.139.47 - - [26/Oct/2022:23:32:38 -0700] "GET /ysbio/world/wdtop.html HTTP/1.1" 200 388 "https://ysfine.com/ysbio/world/index.html" "Mozilla/5.0 (Windows NT 6.1; WOW64) AppleWebKit/534+ (KHTML, like Gecko) BingPreview/1.0b" "ysfine.com"
40.77.139.47 - - [26/Oct/2022:23:32:38 -0700] "GET /ysbio/world/wdbot.html HTTP/1.1" 200 131 "https://ysfine.com/ysbio/world/index.html" "Mozilla/5.0 (Windows NT 6.1; WOW64) AppleWebKit/534+ (KHTML, like Gecko) BingPreview/1.0b" "ysfine.com"
40.77.139.47 - - [26/Oct/2022:23:32:39 -0700] "GET /ysbio/world/wdleft.html HTTP/1.1" 200 610 "https://ysfine.com/ysbio/world/wdbot.html" "Mozilla/5.0 (Windows NT 6.1; WOW64) AppleWebKit/534+ (KHTML, like Gecko) BingPreview/1.0b" "ysfine.com"
40.77.139.47 - - [26/Oct/2022:23:32:39 -0700] "GET /ysbio/world/wdrigh.html HTTP/1.1" 200 2217 "https://ysfine.com/ysbio/world/wdbot.html" "Mozilla/5.0 (Windows NT 6.1; WOW64) AppleWebKit/534+ (KHTML, like Gecko) BingPreview/1.0b" "ysfine.com"
40.77.167.27 - - [26/Oct/2022:23:32:45 -0700] "GET /ysbio/yspapers/png86.pdf HTTP/1.1" 200 377456 "-" "Mozilla/5.0 AppleWebKit/537.36 (KHTML, like Gecko; compatible; bingbot/2.0; +http://www.bing.com/bingbot.htm) Chrome/103.0.5060.134 Safari/537.36" "ysfine.com"
114.119.128.14 - - [26/Oct/2022:23:32:57 -0700] "GET /dirac/index.html HTTP/1.1" 200 124 "https://www.ysfine.com/home/wcartoon.html" "Mozilla/5.0 (Linux; Android 7.0;) AppleWebKit/537.36 (KHTML, like Gecko) Mobile Safari/537.36 (compatible; PetalBot;+https://webmaster.petalsearch.com/site/petalbot)" "www.ysfine.com"
17.121.115.239 - - [26/Oct/2022:23:33:38 -0700] "GET /home/ysnr11d.jpg HTTP/1.1" 200 61140 "-" "Mozilla/5.0 (Macintosh; Intel Mac OS X 10_15_5) AppleWebKit/605.1.15 (KHTML, like Gecko) Version/13.1.1 Safari/605.1.15 (Applebot/0.1; +http://www.apple.com/go/applebot)" "ysfine.com"
35.222.40.206 - - [26/Oct/2022:23:34:01 -0700] "GET / HTTP/1.1" 200 5283 "-" "Mozilla/5.0 (X11; Linux x86_64) AppleWebKit/537.36 (KHTML, like Gecko) Chrome/109.0.0.0 Safari/537.36" "ysfine.com"
35.222.40.206 - - [26/Oct/2022:23:34:03 -0700] "GET /home/top21d.jpg HTTP/1.1" 200 74409 "https://ysfine.com/" "Mozilla/5.0 (X11; Linux x86_64) AppleWebKit/537.36 (KHTML, like Gecko) Chrome/109.0.0.0 Safari/537.36" "ysfine.com"
35.222.40.206 - - [26/Oct/2022:23:34:03 -0700] "GET /home/eink450.jpg HTTP/1.1" 200 66794 "https://ysfine.com/" "Mozilla/5.0 (X11; Linux x86_64) AppleWebKit/537.36 (KHTML, like Gecko) Chrome/109.0.0.0 Safari/537.36" "ysfine.com"
35.222.40.206 - - [26/Oct/2022:23:34:03 -0700] "GET /home/facu450.jpg HTTP/1.1" 200 74535 "https://ysfine.com/" "Mozilla/5.0 (X11; Linux x86_64) AppleWebKit/537.36 (KHTML, like Gecko) Chrome/109.0.0.0 Safari/537.36" "ysfine.com"
35.222.40.206 - - [26/Oct/2022:23:34:04 -0700] "GET /home/goodbad450.jpg HTTP/1.1" 200 32258 "https://ysfine.com/" "Mozilla/5.0 (X11; Linux x86_64) AppleWebKit/537.36 (KHTML, like Gecko) Chrome/109.0.0.0 Safari/537.36" "ysfine.com"
35.222.40.206 - - [26/Oct/2022:23:34:04 -0700] "GET /home/truck450.jpg HTTP/1.1" 200 42871 "https://ysfine.com/" "Mozilla/5.0 (X11; Linux x86_64) AppleWebKit/537.36 (KHTML, like Gecko) Chrome/109.0.0.0 Safari/537.36" "ysfine.com"
35.222.40.206 - - [26/Oct/2022:23:34:05 -0700] "GET /eink/ewk86f.jpg HTTP/1.1" 200 122173 "https://ysfine.com/" "Mozilla/5.0 (X11; Linux x86_64) AppleWebKit/537.36 (KHTML, like Gecko) Chrome/109.0.0.0 Safari/537.36" "ysfine.com"
35.222.40.206 - - [26/Oct/2022:23:34:05 -0700] "GET /home/washmo23d.jpg HTTP/1.1" 200 32142 "https://ysfine.com/" "Mozilla/5.0 (X11; Linux x86_64) AppleWebKit/537.36 (KHTML, like Gecko) Chrome/109.0.0.0 Safari/537.36" "ysfine.com"
35.222.40.206 - - [26/Oct/2022:23:34:05 -0700] "GET /home/eindc03d.jpg HTTP/1.1" 200 95860 "https://ysfine.com/" "Mozilla/5.0 (X11; Linux x86_64) AppleWebKit/537.36 (KHTML, like Gecko) Chrome/109.0.0.0 Safari/537.36" "ysfine.com"
35.222.40.206 - - [26/Oct/2022:23:34:06 -0700] "GET /eink/einhaus11c.jpg HTTP/1.1" 200 42522 "https://ysfine.com/" "Mozilla/5.0 (X11; Linux x86_64) AppleWebKit/537.36 (KHTML, like Gecko) Chrome/109.0.0.0 Safari/537.36" "ysfine.com"
35.222.40.206 - - [26/Oct/2022:23:34:06 -0700] "GET /home/1987pr22d.jpg HTTP/1.1" 200 66428 "https://ysfine.com/" "Mozilla/5.0 (X11; Linux x86_64) AppleWebKit/537.36 (KHTML, like Gecko) Chrome/109.0.0.0 Safari/537.36" "ysfine.com"
35.222.40.206 - - [26/Oct/2022:23:34:06 -0700] "GET /eink/einhaus33c.jpg HTTP/1.1" 200 23792 "https://ysfine.com/" "Mozilla/5.0 (X11; Linux x86_64) AppleWebKit/537.36 (KHTML, like Gecko) Chrome/109.0.0.0 Safari/537.36" "ysfine.com"
35.222.40.206 - - [26/Oct/2022:23:34:07 -0700] "GET /home/eink54f.jpg HTTP/1.1" 200 96332 "https://ysfine.com/" "Mozilla/5.0 (X11; Linux x86_64) AppleWebKit/537.36 (KHTML, like Gecko) Chrome/109.0.0.0 Safari/537.36" "ysfine.com"
35.222.40.206 - - [26/Oct/2022:23:34:07 -0700] "GET /home/taylor500.jpg HTTP/1.1" 200 79197 "https://ysfine.com/" "Mozilla/5.0 (X11; Linux x86_64) AppleWebKit/537.36 (KHTML, like Gecko) Chrome/109.0.0.0 Safari/537.36" "ysfine.com"
35.222.40.206 - - [26/Oct/2022:23:34:08 -0700] "GET /home/eward55f.jpg HTTP/1.1" 200 122802 "https://ysfine.com/" "Mozilla/5.0 (X11; Linux x86_64) AppleWebKit/537.36 (KHTML, like Gecko) Chrome/109.0.0.0 Safari/537.36" "ysfine.com"
35.222.40.206 - - [26/Oct/2022:23:34:11 -0700] "GET /favicon.ico HTTP/1.1" 404 88 "https://ysfine.com/" "Mozilla/5.0 (X11; Linux x86_64) AppleWebKit/537.36 (KHTML, like Gecko) Chrome/109.0.0.0 Safari/537.36" "ysfine.com"
64.124.8.47 - - [26/Oct/2022:23:34:21 -0700] "GET /confer/math.html HTTP/1.1" 200 2175 "-" "Mozilla/5.0 (X11; Linux x86_64) AppleWebKit/537.36 (KHTML, like Gecko) Chrome/61.0.3163.79 Safari/537.36" "www.ysfine.com"
207.46.13.104 - - [26/Oct/2022:23:34:23 -0700] "GET /bio/world/index.html HTTP/1.1" 404 88 "-" "Mozilla/5.0 AppleWebKit/537.36 (KHTML, like Gecko; compatible; bingbot/2.0; +http://www.bing.com/bingbot.htm) Chrome/103.0.5060.134 Safari/537.36" "ysfine.com"
207.46.13.104 - - [26/Oct/2022:23:35:02 -0700] "GET /style/music/nurem01.jpg HTTP/1.1" 200 85326 "-" "Mozilla/5.0 AppleWebKit/537.36 (KHTML, like Gecko; compatible; bingbot/2.0; +http://www.bing.com/bingbot.htm) Chrome/103.0.5060.134 Safari/537.36" "ysfine.com"
157.55.39.14 - - [26/Oct/2022:23:35:23 -0700] "GET /wdc/treasury22.jpg HTTP/1.1" 200 111423 "-" "Mozilla/5.0 AppleWebKit/537.36 (KHTML, like Gecko; compatible; bingbot/2.0; +http://www.bing.com/bingbot.htm) Chrome/103.0.5060.134 Safari/537.36" "www.ysfine.com"
157.55.39.14 - - [26/Oct/2022:23:35:24 -0700] "GET /world/russ/kazan020.jpg HTTP/1.1" 200 128552 "-" "Mozilla/5.0 AppleWebKit/537.36 (KHTML, like Gecko; compatible; bingbot/2.0; +http://www.bing.com/bingbot.htm) Chrome/103.0.5060.134 Safari/537.36" "www.ysfine.com"
40.77.167.71 - - [26/Oct/2022:23:35:31 -0700] "GET /world/brit/oxlon03.jpg HTTP/1.1" 200 110026 "-" "Mozilla/5.0 (compatible; bingbot/2.0; +http://www.bing.com/bingbot.htm)" "ysfine.com"
64.124.8.47 - - [26/Oct/2022:23:36:03 -0700] "GET /feynman/feynleft.html HTTP/1.1" 200 523 "-" "Mozilla/5.0 (X11; Linux x86_64) AppleWebKit/537.36 (KHTML, like Gecko) Chrome/61.0.3163.79 Safari/537.36" "www.ysfine.com"
173.73.77.36 - - [26/Oct/2022:23:36:09 -0700] "GET /ysbio/awards/iao.html HTTP/1.1" 200 2742 "https://ysfine.com/ysbio/awards/index" "Mozilla/5.0 (Windows NT 10.0; Win64; x64) AppleWebKit/537.36 (KHTML, like Gecko) Chrome/106.0.0.0 Safari/537.36 Edg/106.0.1370.52" "ysfine.com"
173.73.77.36 - - [26/Oct/2022:23:36:09 -0700] "GET /ysbio/truck/truck450.jpg HTTP/1.1" 404 88 "https://ysfine.com/ysbio/awards/iao.html" "Mozilla/5.0 (Windows NT 10.0; Win64; x64) AppleWebKit/537.36 (KHTML, like Gecko) Chrome/106.0.0.0 Safari/537.36 Edg/106.0.1370.52" "ysfine.com"
173.73.77.36 - - [26/Oct/2022:23:36:09 -0700] "GET /ysbio/eink54f.jpg HTTP/1.1" 200 96332 "https://ysfine.com/ysbio/awards/iao.html" "Mozilla/5.0 (Windows NT 10.0; Win64; x64) AppleWebKit/537.36 (KHTML, like Gecko) Chrome/106.0.0.0 Safari/537.36 Edg/106.0.1370.52" "ysfine.com"
173.73.77.36 - - [26/Oct/2022:23:36:09 -0700] "GET /ysbio/timessq33d.jpg HTTP/1.1" 200 69824 "https://ysfine.com/ysbio/awards/iao.html" "Mozilla/5.0 (Windows NT 10.0; Win64; x64) AppleWebKit/537.36 (KHTML, like Gecko) Chrome/106.0.0.0 Safari/537.36 Edg/106.0.1370.52" "ysfine.com"
207.46.13.104 - - [26/Oct/2022:23:36:12 -0700] "GET /world/baltic/riga19.jpg HTTP/1.1" 200 61857 "-" "Mozilla/5.0 AppleWebKit/537.36 (KHTML, like Gecko; compatible; bingbot/2.0; +http://www.bing.com/bingbot.htm) Chrome/103.0.5060.134 Safari/537.36" "ysfine.com"
173.73.77.36 - - [26/Oct/2022:23:36:17 -0700] "GET /ysbio/truck/truck18.jpg HTTP/1.1" 404 88 "https://ysfine.com/ysbio/awards/iao.html" "Mozilla/5.0 (Windows NT 10.0; Win64; x64) AppleWebKit/537.36 (KHTML, like Gecko) Chrome/106.0.0.0 Safari/537.36 Edg/106.0.1370.52" "ysfine.com"
40.77.167.71 - - [26/Oct/2022:23:36:22 -0700] "GET /dongio/amkor/amstoch.jpg HTTP/1.1" 404 88 "-" "Mozilla/5.0 (compatible; bingbot/2.0; +http://www.bing.com/bingbot.htm)" "www.ysfine.com"
40.77.167.27 - - [26/Oct/2022:23:36:27 -0700] "GET /world/china/beijing018.jpg HTTP/1.1" 200 86783 "-" "Mozilla/5.0 (compatible; bingbot/2.0; +http://www.bing.com/bingbot.htm)" "www.ysfine.com"
114.119.128.162 - - [26/Oct/2022:23:36:30 -0700] "GET /ffriends/italparis01b.jpg HTTP/1.1" 200 57976 "https://www.ysfine.com/ffriends/italian.html" "Mozilla/5.0 (Linux; Android 7.0;) AppleWebKit/537.36 (KHTML, like Gecko) Mobile Safari/537.36 (compatible; PetalBot;+https://webmaster.petalsearch.com/site/petalbot)" "www.ysfine.com"
51.222.253.10 - - [26/Oct/2022:23:36:46 -0700] "GET /world/kiev.html HTTP/1.1" 200 4582 "-" "Mozilla/5.0 (compatible; AhrefsBot/7.0; +http://ahrefs.com/robot/)" "ysfine.com"
185.191.171.13 - - [26/Oct/2022:23:37:03 -0700] "GET /dirac/dirpoet.html HTTP/1.1" 200 7966 "-" "Mozilla/5.0 (compatible; SemrushBot/7~bl; +http://www.semrush.com/bot.html)" "ysfine.com"
157.55.39.127 - - [26/Oct/2022:23:37:13 -0700] "GET /dirac/dirbust22b.jpg HTTP/1.1" 200 46579 "-" "Mozilla/5.0 AppleWebKit/537.36 (KHTML, like Gecko; compatible; bingbot/2.0; +http://www.bing.com/bingbot.htm) Chrome/103.0.5060.134 Safari/537.36" "www.ysfine.com"
185.191.171.15 - - [26/Oct/2022:23:38:02 -0700] "GET /world/kiev.html HTTP/1.1" 200 4582 "-" "Mozilla/5.0 (compatible; SemrushBot/7~bl; +http://www.semrush.com/bot.html)" "ysfine.com"
114.119.128.14 - - [26/Oct/2022:23:38:08 -0700] "GET /world/russ/redsq02.jpg HTTP/1.1" 200 77346 "-" "Mozilla/5.0 (Linux; Android 7.0;) AppleWebKit/537.36 (KHTML, like Gecko) Mobile Safari/537.36 (compatible; PetalBot;+https://webmaster.petalsearch.com/site/petalbot)" "ysfine.com"
85.208.98.17 - - [26/Oct/2022:23:38:22 -0700] "GET / HTTP/1.1" 200 5283 "-" "SEMrushBot" "ysfine.com"
17.121.114.74 - - [26/Oct/2022:23:38:27 -0700] "GET /einstein/einxmas.html HTTP/1.1" 200 2693 "-" "Mozilla/5.0 (Macintosh; Intel Mac OS X 10_15_5) AppleWebKit/605.1.15 (KHTML, like Gecko) Version/13.1.1 Safari/605.1.15 (Applebot/0.1; +http://www.apple.com/go/applebot)" "ysfine.com"
64.124.8.47 - - [26/Oct/2022:23:38:27 -0700] "GET /princeton/cleve.html HTTP/1.1" 200 570 "-" "Mozilla/5.0 (X11; Linux x86_64) AppleWebKit/537.36 (KHTML, like Gecko) Chrome/61.0.3163.79 Safari/537.36" "www.ysfine.com"
157.55.39.127 - - [26/Oct/2022:23:38:32 -0700] "GET /world/poland/krk73.jpg HTTP/1.1" 200 71440 "-" "Mozilla/5.0 (compatible; bingbot/2.0; +http://www.bing.com/bingbot.htm)" "ysfine.com"
76.149.206.140 - - [26/Oct/2022:23:38:55 -0700] "GET /favicon.ico HTTP/1.1" 404 88 "-" "Mozilla/5.0 (X11; Linux x86_64; rv:102.0) Gecko/20100101 Goanna/5.2 Firefox/102.0 PaleMoon/31.3.0.1" "ysfine.com"
76.149.206.140 - - [26/Oct/2022:23:38:55 -0700] "GET /favicon.ico HTTP/1.1" 404 88 "-" "Mozilla/5.0 (X11; Linux x86_64; rv:102.0) Gecko/20100101 Goanna/5.2 Firefox/102.0 PaleMoon/31.3.0.1" "ysfine.com"
64.124.8.47 - - [26/Oct/2022:23:39:22 -0700] "GET /confer/applied.html HTTP/1.1" 200 3735 "-" "Mozilla/5.0 (X11; Linux x86_64) AppleWebKit/537.36 (KHTML, like Gecko) Chrome/61.0.3163.79 Safari/537.36" "www.ysfine.com"
157.55.39.121 - - [26/Oct/2022:23:39:36 -0700] "GET /world/hungary/liszt02.jpg HTTP/1.1" 200 149140 "-" "Mozilla/5.0 (compatible; bingbot/2.0; +http://www.bing.com/bingbot.htm)" "ysfine.com"
114.119.128.154 - - [26/Oct/2022:23:39:58 -0700] "GET /class54/class5470/total_data/sub_616.htm HTTP/1.1" 200 3196 "https://ysfine.com/class54/class5470/total_data/sub_601.htm" "Mozilla/5.0 (Linux; Android 7.0;) AppleWebKit/537.36 (KHTML, like Gecko) Mobile Safari/537.36 (compatible; PetalBot;+https://webmaster.petalsearch.com/site/petalbot)" "ysfine.com"
17.121.112.246 - - [26/Oct/2022:23:40:28 -0700] "GET /einstein/eindcmap.html HTTP/1.1" 200 1176 "-" "Mozilla/5.0 (Macintosh; Intel Mac OS X 10_15_5) AppleWebKit/605.1.15 (KHTML, like Gecko) Version/13.1.1 Safari/605.1.15 (Applebot/0.1; +http://www.apple.com/go/applebot)" "www.ysfine.com"
64.124.8.47 - - [26/Oct/2022:23:41:13 -0700] "GET /world/polandw.html HTTP/1.1" 200 17892 "-" "Mozilla/5.0 (X11; Linux x86_64) AppleWebKit/537.36 (KHTML, like Gecko) Chrome/61.0.3163.79 Safari/537.36" "www.ysfine.com"
114.119.128.162 - - [26/Oct/2022:23:41:14 -0700] "GET /class54/class5470/total_data/photo_img/5-5.jpg HTTP/1.1" 200 259241 "https://ysfine.com/class54/class5470/total_data/sub_505.htm" "Mozilla/5.0 (Linux; Android 7.0;) AppleWebKit/537.36 (KHTML, like Gecko) Mobile Safari/537.36 (compatible; PetalBot;+https://webmaster.petalsearch.com/site/petalbot)" "ysfine.com"
157.55.39.127 - - [26/Oct/2022:23:41:23 -0700] "GET /world/germany/oktf14.jpg HTTP/1.1" 200 100660 "-" "Mozilla/5.0 AppleWebKit/537.36 (KHTML, like Gecko; compatible; bingbot/2.0; +http://www.bing.com/bingbot.htm) Chrome/103.0.5060.134 Safari/537.36" "www.ysfine.com"
51.222.253.19 - - [26/Oct/2022:23:41:46 -0700] "GET /princeton/sbt.html HTTP/1.1" 200 529 "-" "Mozilla/5.0 (compatible; AhrefsBot/7.0; +http://ahrefs.com/robot/)" "ysfine.com"
216.244.66.229 - - [26/Oct/2022:23:42:39 -0700] "GET /robots.txt HTTP/1.1" 404 73 "-" "Mozilla/5.0 (compatible; DotBot/1.2; +https://opensiteexplorer.org/dotbot; help@moz.com)" "www.ysfine.com"
114.119.128.158 - - [26/Oct/2022:23:42:43 -0700] "GET /world/ital/vaticanf05b.jpg HTTP/1.1" 200 35225 "http://ysfine.com/class54/emailed03.html" "Mozilla/5.0 (Linux; Android 7.0;) AppleWebKit/537.36 (KHTML, like Gecko) Mobile Safari/537.36 (compatible; PetalBot;+https://webmaster.petalsearch.com/site/petalbot)" "ysfine.com"
40.77.167.27 - - [26/Oct/2022:23:42:45 -0700] "GET /world/baltic/lithu03.jpg HTTP/1.1" 200 104004 "-" "Mozilla/5.0 AppleWebKit/537.36 (KHTML, like Gecko; compatible; bingbot/2.0; +http://www.bing.com/bingbot.htm) Chrome/103.0.5060.134 Safari/537.36" "www.ysfine.com"
157.55.39.14 - - [26/Oct/2022:23:42:53 -0700] "GET /kobak/taylor33.jpg HTTP/1.1" 200 158480 "-" "Mozilla/5.0 (compatible; bingbot/2.0; +http://www.bing.com/bingbot.htm)" "ysfine.com"
157.55.39.127 - - [26/Oct/2022:23:42:57 -0700] "GET /kobak/kangban.jpg HTTP/1.1" 200 100804 "-" "Mozilla/5.0 AppleWebKit/537.36 (KHTML, like Gecko; compatible; bingbot/2.0; +http://www.bing.com/bingbot.htm) Chrome/103.0.5060.134 Safari/537.36" "ysfine.com"
40.77.167.71 - - [26/Oct/2022:23:43:33 -0700] "GET /kobak/sorae/church03.jpg HTTP/1.1" 200 132707 "-" "Mozilla/5.0 (compatible; bingbot/2.0; +http://www.bing.com/bingbot.htm)" "ysfine.com"
157.55.39.121 - - [26/Oct/2022:23:43:37 -0700] "GET /eink/parton33a.jpg HTTP/1.1" 200 66275 "-" "Mozilla/5.0 AppleWebKit/537.36 (KHTML, like Gecko; compatible; bingbot/2.0; +http://www.bing.com/bingbot.htm) Chrome/103.0.5060.134 Safari/537.36" "ysfine.com"
157.55.39.121 - - [26/Oct/2022:23:43:37 -0700] "GET /world/places/ulm11.jpg HTTP/1.1" 200 153785 "-" "Mozilla/5.0 AppleWebKit/537.36 (KHTML, like Gecko; compatible; bingbot/2.0; +http://www.bing.com/bingbot.htm) Chrome/103.0.5060.134 Safari/537.36" "ysfine.com"
157.55.39.14 - - [26/Oct/2022:23:43:44 -0700] "GET /eink/hyperell61c.jpg HTTP/1.1" 200 26470 "-" "Mozilla/5.0 (compatible; bingbot/2.0; +http://www.bing.com/bingbot.htm)" "www.ysfine.com"
40.77.167.95 - - [26/Oct/2022:23:44:08 -0700] "GET /robots.txt HTTP/1.1" 404 88 "-" "Mozilla/5.0 (compatible; bingbot/2.0; +http://www.bing.com/bingbot.htm)" "ysfine.com"
40.77.167.71 - - [26/Oct/2022:23:44:12 -0700] "GET /wigner/martha.jpg HTTP/1.1" 200 85405 "-" "Mozilla/5.0 (compatible; bingbot/2.0; +http://www.bing.com/bingbot.htm)" "ysfine.com"
114.119.128.14 - - [26/Oct/2022:23:44:23 -0700] "GET /wdc/vernon01c.jpg HTTP/1.1" 200 34108 "https://ysfine.com/class54/emailed.html" "Mozilla/5.0 (Linux; Android 7.0;) AppleWebKit/537.36 (KHTML, like Gecko) Mobile Safari/537.36 (compatible; PetalBot;+https://webmaster.petalsearch.com/site/petalbot)" "ysfine.com"
40.77.167.27 - - [26/Oct/2022:23:44:26 -0700] "GET /world/russ/spbm23.jpg HTTP/1.1" 200 78843 "-" "Mozilla/5.0 (compatible; bingbot/2.0; +http://www.bing.com/bingbot.htm)" "ysfine.com"
157.55.39.121 - - [26/Oct/2022:23:44:58 -0700] "GET /feynman/jf1.jpg HTTP/1.1" 200 13411 "-" "Mozilla/5.0 AppleWebKit/537.36 (KHTML, like Gecko; compatible; bingbot/2.0; +http://www.bing.com/bingbot.htm) Chrome/103.0.5060.134 Safari/537.36" "ysfine.com"
157.55.39.14 - - [26/Oct/2022:23:45:15 -0700] "GET /kobak/pyres.jpg HTTP/1.1" 200 84825 "-" "Mozilla/5.0 AppleWebKit/537.36 (KHTML, like Gecko; compatible; bingbot/2.0; +http://www.bing.com/bingbot.htm) Chrome/103.0.5060.134 Safari/537.36" "www.ysfine.com"
77.88.5.46 - - [26/Oct/2022:23:45:32 -0700] "GET /robots.txt HTTP/1.1" 404 73 "-" "Mozilla/5.0 (compatible; YandexBot/3.0; +http://yandex.com/bots)" "www.ysfine.com"
77.88.5.216 - - [26/Oct/2022:23:45:36 -0700] "GET /style/leica.html HTTP/1.1" 200 17158 "-" "Mozilla/5.0 (compatible; YandexBot/3.0; +http://yandex.com/bots)" "www.ysfine.com"
66.249.66.43 - - [26/Oct/2022:23:45:50 -0700] "GET /ads.txt HTTP/1.1" 404 88 "-" "Mozilla/5.0 (compatible; Googlebot/2.1; +http://www.google.com/bot.html)" "ysfine.com"
157.55.39.14 - - [26/Oct/2022:23:45:55 -0700] "GET /world/brit/oxlon55.jpg HTTP/1.1" 200 121404 "-" "Mozilla/5.0 AppleWebKit/537.36 (KHTML, like Gecko; compatible; bingbot/2.0; +http://www.bing.com/bingbot.htm) Chrome/103.0.5060.134 Safari/537.36" "www.ysfine.com"
216.244.66.229 - - [26/Oct/2022:23:46:09 -0700] "GET /ffriends/germnice01.jpg HTTP/1.1" 200 226269 "-" "Mozilla/5.0 (compatible; DotBot/1.2; +https://opensiteexplorer.org/dotbot; help@moz.com)" "www.ysfine.com"
216.244.66.229 - - [26/Oct/2022:23:46:11 -0700] "GET /ffriends/masha33.jpg HTTP/1.1" 404 73 "-" "Mozilla/5.0 (compatible; DotBot/1.2; +https://opensiteexplorer.org/dotbot; help@moz.com)" "www.ysfine.com"
216.244.66.229 - - [26/Oct/2022:23:46:15 -0700] "GET /ffriends/aline/airchina22.jpg HTTP/1.1" 200 69582 "-" "Mozilla/5.0 (compatible; DotBot/1.2; +https://opensiteexplorer.org/dotbot; help@moz.com)" "www.ysfine.com"
216.244.66.229 - - [26/Oct/2022:23:46:17 -0700] "GET /ffriends/amkor/haeyong33.jpg HTTP/1.1" 200 107896 "-" "Mozilla/5.0 (compatible; DotBot/1.2; +https://opensiteexplorer.org/dotbot; help@moz.com)" "www.ysfine.com"
113.211.114.231 - - [26/Oct/2022:23:46:25 -0700] "GET /einstein/heisenberg.html HTTP/1.1" 200 10552 "https://www.google.com/" "Mozilla/5.0 (iPhone; CPU iPhone OS 15_5 like Mac OS X) AppleWebKit/605.1.15 (KHTML, like Gecko) Version/15.5 Mobile/15E148 Safari/604.1" "ysfine.com"
113.211.114.231 - - [26/Oct/2022:23:46:26 -0700] "GET /wigner/wigheis11c.jpg HTTP/1.1" 200 41279 "https://ysfine.com/einstein/heisenberg.html" "Mozilla/5.0 (iPhone; CPU iPhone OS 15_5 like Mac OS X) AppleWebKit/605.1.15 (KHTML, like Gecko) Version/15.5 Mobile/15E148 Safari/604.1" "ysfine.com"
113.211.114.231 - - [26/Oct/2022:23:46:26 -0700] "GET /heisen/heisen66c.jpg HTTP/1.1" 200 43543 "https://ysfine.com/einstein/heisenberg.html" "Mozilla/5.0 (iPhone; CPU iPhone OS 15_5 like Mac OS X) AppleWebKit/605.1.15 (KHTML, like Gecko) Version/15.5 Mobile/15E148 Safari/604.1" "ysfine.com"
113.211.114.231 - - [26/Oct/2022:23:46:26 -0700] "GET /heisen/bohrheisen11c.jpg HTTP/1.1" 200 41289 "https://ysfine.com/einstein/heisenberg.html" "Mozilla/5.0 (iPhone; CPU iPhone OS 15_5 like Mac OS X) AppleWebKit/605.1.15 (KHTML, like Gecko) Version/15.5 Mobile/15E148 Safari/604.1" "ysfine.com"
113.211.114.231 - - [26/Oct/2022:23:46:29 -0700] "GET /heisen/schroheisen33c.jpg HTTP/1.1" 200 47347 "https://ysfine.com/einstein/heisenberg.html" "Mozilla/5.0 (iPhone; CPU iPhone OS 15_5 like Mac OS X) AppleWebKit/605.1.15 (KHTML, like Gecko) Version/15.5 Mobile/15E148 Safari/604.1" "ysfine.com"
113.211.114.231 - - [26/Oct/2022:23:46:30 -0700] "GET /einstein/einhouse11c.jpg HTTP/1.1" 200 32610 "https://ysfine.com/einstein/heisenberg.html" "Mozilla/5.0 (iPhone; CPU iPhone OS 15_5 like Mac OS X) AppleWebKit/605.1.15 (KHTML, like Gecko) Version/15.5 Mobile/15E148 Safari/604.1" "ysfine.com"
113.211.114.231 - - [26/Oct/2022:23:46:30 -0700] "GET /einstein/fantova/fanto11c.jpg HTTP/1.1" 200 48308 "https://ysfine.com/einstein/heisenberg.html" "Mozilla/5.0 (iPhone; CPU iPhone OS 15_5 like Mac OS X) AppleWebKit/605.1.15 (KHTML, like Gecko) Version/15.5 Mobile/15E148 Safari/604.1" "ysfine.com"
113.211.114.231 - - [26/Oct/2022:23:46:30 -0700] "GET /einstein/tsepa11c.jpg HTTP/1.1" 200 28691 "https://ysfine.com/einstein/heisenberg.html" "Mozilla/5.0 (iPhone; CPU iPhone OS 15_5 like Mac OS X) AppleWebKit/605.1.15 (KHTML, like Gecko) Version/15.5 Mobile/15E148 Safari/604.1" "ysfine.com"
113.211.114.231 - - [26/Oct/2022:23:46:30 -0700] "GET /einstein/einbohr33c.jpg HTTP/1.1" 200 36410 "https://ysfine.com/einstein/heisenberg.html" "Mozilla/5.0 (iPhone; CPU iPhone OS 15_5 like Mac OS X) AppleWebKit/605.1.15 (KHTML, like Gecko) Version/15.5 Mobile/15E148 Safari/604.1" "ysfine.com"
113.211.114.231 - - [26/Oct/2022:23:46:30 -0700] "GET /dirac/2osc22c.jpg HTTP/1.1" 200 28929 "https://ysfine.com/einstein/heisenberg.html" "Mozilla/5.0 (iPhone; CPU iPhone OS 15_5 like Mac OS X) AppleWebKit/605.1.15 (KHTML, like Gecko) Version/15.5 Mobile/15E148 Safari/604.1" "ysfine.com"
113.211.114.231 - - [26/Oct/2022:23:46:30 -0700] "GET /heisen/heisen22c.jpg HTTP/1.1" 200 33300 "https://ysfine.com/einstein/heisenberg.html" "Mozilla/5.0 (iPhone; CPU iPhone OS 15_5 like Mac OS X) AppleWebKit/605.1.15 (KHTML, like Gecko) Version/15.5 Mobile/15E148 Safari/604.1" "ysfine.com"
113.211.114.231 - - [26/Oct/2022:23:46:30 -0700] "GET /einstein/texfiles/einheis02.jpg HTTP/1.1" 200 27605 "https://ysfine.com/einstein/heisenberg.html" "Mozilla/5.0 (iPhone; CPU iPhone OS 15_5 like Mac OS X) AppleWebKit/605.1.15 (KHTML, like Gecko) Version/15.5 Mobile/15E148 Safari/604.1" "ysfine.com"
113.211.114.231 - - [26/Oct/2022:23:46:30 -0700] "GET /einstein/texfiles/einheis05.jpg HTTP/1.1" 200 31679 "https://ysfine.com/einstein/heisenberg.html" "Mozilla/5.0 (iPhone; CPU iPhone OS 15_5 like Mac OS X) AppleWebKit/605.1.15 (KHTML, like Gecko) Version/15.5 Mobile/15E148 Safari/604.1" "ysfine.com"
113.211.114.231 - - [26/Oct/2022:23:46:30 -0700] "GET /dirac/o32c.jpg HTTP/1.1" 200 30707 "https://ysfine.com/einstein/heisenberg.html" "Mozilla/5.0 (iPhone; CPU iPhone OS 15_5 like Mac OS X) AppleWebKit/605.1.15 (KHTML, like Gecko) Version/15.5 Mobile/15E148 Safari/604.1" "ysfine.com"
113.211.114.231 - - [26/Oct/2022:23:46:30 -0700] "GET /maga/phys/yukadirac53c.jpg HTTP/1.1" 200 40447 "https://ysfine.com/einstein/heisenberg.html" "Mozilla/5.0 (iPhone; CPU iPhone OS 15_5 like Mac OS X) AppleWebKit/605.1.15 (KHTML, like Gecko) Version/15.5 Mobile/15E148 Safari/604.1" "ysfine.com"
113.211.114.231 - - [26/Oct/2022:23:46:30 -0700] "GET /einstein/texfiles/einheis01.jpg HTTP/1.1" 200 32456 "https://ysfine.com/einstein/heisenberg.html" "Mozilla/5.0 (iPhone; CPU iPhone OS 15_5 like Mac OS X) AppleWebKit/605.1.15 (KHTML, like Gecko) Version/15.5 Mobile/15E148 Safari/604.1" "ysfine.com"
113.211.114.231 - - [26/Oct/2022:23:46:30 -0700] "GET /dirac/dirheisen31c.jpg HTTP/1.1" 200 43569 "https://ysfine.com/einstein/heisenberg.html" "Mozilla/5.0 (iPhone; CPU iPhone OS 15_5 like Mac OS X) AppleWebKit/605.1.15 (KHTML, like Gecko) Version/15.5 Mobile/15E148 Safari/604.1" "ysfine.com"
113.211.114.231 - - [26/Oct/2022:23:46:30 -0700] "GET /home/figs/sq55c.jpg HTTP/1.1" 200 29581 "https://ysfine.com/einstein/heisenberg.html" "Mozilla/5.0 (iPhone; CPU iPhone OS 15_5 like Mac OS X) AppleWebKit/605.1.15 (KHTML, like Gecko) Version/15.5 Mobile/15E148 Safari/604.1" "ysfine.com"
113.211.114.231 - - [26/Oct/2022:23:46:30 -0700] "GET /einstein/math/sp2c.jpg HTTP/1.1" 200 29719 "https://ysfine.com/einstein/heisenberg.html" "Mozilla/5.0 (iPhone; CPU iPhone OS 15_5 like Mac OS X) AppleWebKit/605.1.15 (KHTML, like Gecko) Version/15.5 Mobile/15E148 Safari/604.1" "ysfine.com"
113.211.114.231 - - [26/Oct/2022:23:46:30 -0700] "GET /feynman/ppic/parton88a.jpg HTTP/1.1" 200 55506 "https://ysfine.com/einstein/heisenberg.html" "Mozilla/5.0 (iPhone; CPU iPhone OS 15_5 like Mac OS X) AppleWebKit/605.1.15 (KHTML, like Gecko) Version/15.5 Mobile/15E148 Safari/604.1" "ysfine.com"
113.211.114.231 - - [26/Oct/2022:23:46:30 -0700] "GET /eink/pwk19c.jpg HTTP/1.1" 200 57759 "https://ysfine.com/einstein/heisenberg.html" "Mozilla/5.0 (iPhone; CPU iPhone OS 15_5 like Mac OS X) AppleWebKit/605.1.15 (KHTML, like Gecko) Version/15.5 Mobile/15E148 Safari/604.1" "ysfine.com"
113.211.114.231 - - [26/Oct/2022:23:46:30 -0700] "GET /dirac/o32inho22c.jpg HTTP/1.1" 200 33038 "https://ysfine.com/einstein/heisenberg.html" "Mozilla/5.0 (iPhone; CPU iPhone OS 15_5 like Mac OS X) AppleWebKit/605.1.15 (KHTML, like Gecko) Version/15.5 Mobile/15E148 Safari/604.1" "ysfine.com"
113.211.114.231 - - [26/Oct/2022:23:46:30 -0700] "GET /wigner/wighome11c.jpg HTTP/1.1" 200 45648 "https://ysfine.com/einstein/heisenberg.html" "Mozilla/5.0 (iPhone; CPU iPhone OS 15_5 like Mac OS X) AppleWebKit/605.1.15 (KHTML, like Gecko) Version/15.5 Mobile/15E148 Safari/604.1" "ysfine.com"
113.211.114.231 - - [26/Oct/2022:23:46:30 -0700] "GET /wigner/wigkim11c.jpg HTTP/1.1" 200 30443 "https://ysfine.com/einstein/heisenberg.html" "Mozilla/5.0 (iPhone; CPU iPhone OS 15_5 like Mac OS X) AppleWebKit/605.1.15 (KHTML, like Gecko) Version/15.5 Mobile/15E148 Safari/604.1" "ysfine.com"
113.211.114.231 - - [26/Oct/2022:23:46:30 -0700] "GET /einstein/texfiles/einheis03.jpg HTTP/1.1" 200 46000 "https://ysfine.com/einstein/heisenberg.html" "Mozilla/5.0 (iPhone; CPU iPhone OS 15_5 like Mac OS X) AppleWebKit/605.1.15 (KHTML, like Gecko) Version/15.5 Mobile/15E148 Safari/604.1" "ysfine.com"
51.222.253.12 - - [26/Oct/2022:23:46:32 -0700] "GET /class54/class5470/total_data/sub_117.htm HTTP/1.1" 200 3303 "-" "Mozilla/5.0 (compatible; AhrefsBot/7.0; +http://ahrefs.com/robot/)" "ysfine.com"
40.77.167.71 - - [26/Oct/2022:23:46:33 -0700] "GET /world/hungary/eoto04.jpg HTTP/1.1" 200 157453 "-" "Mozilla/5.0 AppleWebKit/537.36 (KHTML, like Gecko; compatible; bingbot/2.0; +http://www.bing.com/bingbot.htm) Chrome/103.0.5060.134 Safari/537.36" "ysfine.com"
113.211.114.231 - - [26/Oct/2022:23:46:35 -0700] "GET /favicon.ico HTTP/1.1" 404 88 "https://ysfine.com/einstein/heisenberg.html" "Mozilla/5.0 (iPhone; CPU iPhone OS 15_5 like Mac OS X) AppleWebKit/605.1.15 (KHTML, like Gecko) Version/15.5 Mobile/15E148 Safari/604.1" "ysfine.com"
90.210.102.110 - - [26/Oct/2022:23:47:08 -0700] "GET /kowar/sampal01.jpg HTTP/1.1" 200 141262 "https://www.google.com/" "Mozilla/5.0 (Linux; Android 10; LYA-L09) AppleWebKit/537.36 (KHTML, like Gecko) Chrome/106.0.0.0 Mobile Safari/537.36" "ysfine.com"
114.119.128.14 - - [26/Oct/2022:23:47:19 -0700] "GET /kobak/mskim01b.jpg HTTP/1.1" 200 51469 "https://ysfine.com/kobak/soraech.html" "Mozilla/5.0 (Linux; Android 7.0;) AppleWebKit/537.36 (KHTML, like Gecko) Mobile Safari/537.36 (compatible; PetalBot;+https://webmaster.petalsearch.com/site/petalbot)" "ysfine.com"
157.55.39.127 - - [26/Oct/2022:23:47:23 -0700] "GET /wigner/wigques.jpg HTTP/1.1" 200 14216 "-" "Mozilla/5.0 AppleWebKit/537.36 (KHTML, like Gecko; compatible; bingbot/2.0; +http://www.bing.com/bingbot.htm) Chrome/103.0.5060.134 Safari/537.36" "www.ysfine.com"
64.124.8.47 - - [26/Oct/2022:23:47:54 -0700] "GET /style/webart.html HTTP/1.1" 404 88 "-" "Mozilla/5.0 (X11; Linux x86_64) AppleWebKit/537.36 (KHTML, like Gecko) Chrome/61.0.3163.79 Safari/537.36" "www.ysfine.com"
185.191.171.10 - - [26/Oct/2022:23:47:55 -0700] "GET /kobak/yskor.html HTTP/1.1" 200 9943 "-" "Mozilla/5.0 (compatible; SemrushBot/7~bl; +http://www.semrush.com/bot.html)" "ysfine.com"
72.14.201.43 - - [26/Oct/2022:23:48:09 -0700] "GET /dirac/wigsis.html HTTP/1.1" 200 10275 "-" "Mozilla/5.0 (Linux; Android 10; K) AppleWebKit/537.36 (KHTML, like Gecko) Chrome/106.0.0.0 Mobile Safari/537.36" "ysfine.com"
72.14.201.41 - - [26/Oct/2022:23:48:20 -0700] "GET /dirac/wigsis.html HTTP/1.1" 200 10275 "-" "Mozilla/5.0 (Linux; Android 10; K) AppleWebKit/537.36 (KHTML, like Gecko) Chrome/106.0.0.0 Mobile Safari/537.36" "ysfine.com"
207.46.13.104 - - [26/Oct/2022:23:48:23 -0700] "GET /world/ital/flor007.jpg HTTP/1.1" 200 83858 "-" "Mozilla/5.0 AppleWebKit/537.36 (KHTML, like Gecko; compatible; bingbot/2.0; +http://www.bing.com/bingbot.htm) Chrome/103.0.5060.134 Safari/537.36" "ysfine.com"
114.119.128.158 - - [26/Oct/2022:23:48:57 -0700] "GET /class54/kazan017d.jpg HTTP/1.1" 200 55583 "https://ysfine.com/class54/tallman.html" "Mozilla/5.0 (Linux; Android 7.0;) AppleWebKit/537.36 (KHTML, like Gecko) Mobile Safari/537.36 (compatible; PetalBot;+https://webmaster.petalsearch.com/site/petalbot)" "ysfine.com"
157.55.39.14 - - [26/Oct/2022:23:49:03 -0700] "GET /world/germany/salzmo03b.jpg HTTP/1.1" 200 52584 "-" "Mozilla/5.0 AppleWebKit/537.36 (KHTML, like Gecko; compatible; bingbot/2.0; +http://www.bing.com/bingbot.htm) Chrome/103.0.5060.134 Safari/537.36" "www.ysfine.com"
216.244.66.229 - - [26/Oct/2022:23:49:13 -0700] "GET /maga/phys/naimar/pewk14.jpg HTTP/1.1" 200 75010 "-" "Mozilla/5.0 (compatible; DotBot/1.2; +https://opensiteexplorer.org/dotbot; help@moz.com)" "www.ysfine.com"
216.244.66.229 - - [26/Oct/2022:23:49:14 -0700] "GET /maga/phys/naimar/poincs33.jpg HTTP/1.1" 200 99080 "-" "Mozilla/5.0 (compatible; DotBot/1.2; +https://opensiteexplorer.org/dotbot; help@moz.com)" "www.ysfine.com"
216.244.66.229 - - [26/Oct/2022:23:49:16 -0700] "GET /world/baltic/kalin32.jpg HTTP/1.1" 200 120599 "-" "Mozilla/5.0 (compatible; DotBot/1.2; +https://opensiteexplorer.org/dotbot; help@moz.com)" "www.ysfine.com"
216.244.66.229 - - [26/Oct/2022:23:49:17 -0700] "GET /world/baltic/kalinbeach.jpg HTTP/1.1" 200 55631 "-" "Mozilla/5.0 (compatible; DotBot/1.2; +https://opensiteexplorer.org/dotbot; help@moz.com)" "www.ysfine.com"
216.244.66.229 - - [26/Oct/2022:23:49:18 -0700] "GET /world/baltic/kalinmap99.jpg HTTP/1.1" 200 104807 "-" "Mozilla/5.0 (compatible; DotBot/1.2; +https://opensiteexplorer.org/dotbot; help@moz.com)" "www.ysfine.com"
216.244.66.229 - - [26/Oct/2022:23:49:20 -0700] "GET /world/baltic/tallin10.jpg HTTP/1.1" 200 198551 "-" "Mozilla/5.0 (compatible; DotBot/1.2; +https://opensiteexplorer.org/dotbot; help@moz.com)" "www.ysfine.com"
216.244.66.229 - - [26/Oct/2022:23:50:01 -0700] "GET /world/baltic/tallin56.jpg HTTP/1.1" 200 205339 "-" "Mozilla/5.0 (compatible; DotBot/1.2; +https://opensiteexplorer.org/dotbot; help@moz.com)" "www.ysfine.com"
216.244.66.229 - - [26/Oct/2022:23:50:36 -0700] "GET /world/ital/lascala08.jpg HTTP/1.1" 200 148073 "-" "Mozilla/5.0 (compatible; DotBot/1.2; +https://opensiteexplorer.org/dotbot; help@moz.com)" "www.ysfine.com"
157.55.39.121 - - [26/Oct/2022:23:50:38 -0700] "GET /wigner/wigheis11b.jpg HTTP/1.1" 200 38703 "-" "Mozilla/5.0 (compatible; bingbot/2.0; +http://www.bing.com/bingbot.htm)" "www.ysfine.com"
114.119.128.14 - - [26/Oct/2022:23:50:38 -0700] "GET /archives/proceedings/boston/rubin.pdf HTTP/1.1" 200 865997 "https://ysfine.com/archives/proceedings/boston/rubin.html" "Mozilla/5.0 (Linux; Android 7.0;) AppleWebKit/537.36 (KHTML, like Gecko) Mobile Safari/537.36 (compatible; PetalBot;+https://webmaster.petalsearch.com/site/petalbot)" "ysfine.com"
51.222.253.18 - - [26/Oct/2022:23:51:16 -0700] "GET /class54/class5470/total_data/sub_133.htm HTTP/1.1" 200 3288 "-" "Mozilla/5.0 (compatible; AhrefsBot/7.0; +http://ahrefs.com/robot/)" "ysfine.com"
157.55.39.127 - - [26/Oct/2022:23:51:23 -0700] "GET /wdc/whxmas12.jpg HTTP/1.1" 200 85147 "-" "Mozilla/5.0 (compatible; bingbot/2.0; +http://www.bing.com/bingbot.htm)" "ysfine.com"
173.73.77.36 - - [26/Oct/2022:23:51:27 -0700] "GET /ysbio/awards/iao.html HTTP/1.1" 304 - "https://ysfine.com/ysbio/awards/index" "Mozilla/5.0 (Windows NT 10.0; Win64; x64) AppleWebKit/537.36 (KHTML, like Gecko) Chrome/106.0.0.0 Safari/537.36 Edg/106.0.1370.52" "ysfine.com"
173.73.77.36 - - [26/Oct/2022:23:51:27 -0700] "GET /ysbio/truck/truck450.jpg HTTP/1.1" 404 88 "https://ysfine.com/ysbio/awards/iao.html" "Mozilla/5.0 (Windows NT 10.0; Win64; x64) AppleWebKit/537.36 (KHTML, like Gecko) Chrome/106.0.0.0 Safari/537.36 Edg/106.0.1370.52" "ysfine.com"
173.73.77.36 - - [26/Oct/2022:23:51:29 -0700] "GET /ysbio/truck/truck18.jpg HTTP/1.1" 404 88 "https://ysfine.com/ysbio/awards/iao.html" "Mozilla/5.0 (Windows NT 10.0; Win64; x64) AppleWebKit/537.36 (KHTML, like Gecko) Chrome/106.0.0.0 Safari/537.36 Edg/106.0.1370.52" "ysfine.com"
173.73.77.36 - - [26/Oct/2022:23:51:44 -0700] "GET /ysbio/kobak/shortw.html HTTP/1.1" 200 3128 "https://ysfine.com/ysbio/awards/iao.html" "Mozilla/5.0 (Windows NT 10.0; Win64; x64) AppleWebKit/537.36 (KHTML, like Gecko) Chrome/106.0.0.0 Safari/537.36 Edg/106.0.1370.52" "ysfine.com"
173.73.77.36 - - [26/Oct/2022:23:51:44 -0700] "GET /ysbio/kobak/repose11c.jpg HTTP/1.1" 200 32862 "https://ysfine.com/ysbio/kobak/shortw.html" "Mozilla/5.0 (Windows NT 10.0; Win64; x64) AppleWebKit/537.36 (KHTML, like Gecko) Chrome/106.0.0.0 Safari/537.36 Edg/106.0.1370.52" "ysfine.com"
173.73.77.36 - - [26/Oct/2022:23:51:44 -0700] "GET /ysbio/kobak/swr64c.jpg HTTP/1.1" 200 28709 "https://ysfine.com/ysbio/kobak/shortw.html" "Mozilla/5.0 (Windows NT 10.0; Win64; x64) AppleWebKit/537.36 (KHTML, like Gecko) Chrome/106.0.0.0 Safari/537.36 Edg/106.0.1370.52" "ysfine.com"
173.73.77.36 - - [26/Oct/2022:23:51:44 -0700] "GET /ysbio/kobak/swr57c.jpg HTTP/1.1" 200 27674 "https://ysfine.com/ysbio/kobak/shortw.html" "Mozilla/5.0 (Windows NT 10.0; Win64; x64) AppleWebKit/537.36 (KHTML, like Gecko) Chrome/106.0.0.0 Safari/537.36 Edg/106.0.1370.52" "ysfine.com"
173.73.77.36 - - [26/Oct/2022:23:51:44 -0700] "GET /ysbio/kobak/swr07c.jpg HTTP/1.1" 200 45085 "https://ysfine.com/ysbio/kobak/shortw.html" "Mozilla/5.0 (Windows NT 10.0; Win64; x64) AppleWebKit/537.36 (KHTML, like Gecko) Chrome/106.0.0.0 Safari/537.36 Edg/106.0.1370.52" "ysfine.com"
173.73.77.36 - - [26/Oct/2022:23:51:44 -0700] "GET /ysbio/kobak/swr95c.jpg HTTP/1.1" 200 24172 "https://ysfine.com/ysbio/kobak/shortw.html" "Mozilla/5.0 (Windows NT 10.0; Win64; x64) AppleWebKit/537.36 (KHTML, like Gecko) Chrome/106.0.0.0 Safari/537.36 Edg/106.0.1370.52" "ysfine.com"
94.189.42.190 - - [26/Oct/2022:23:51:46 -0700] "GET /maga/phil/marxlon01.jpg HTTP/1.1" 200 263404 "https://www.google.com/" "Mozilla/5.0 (X11; CrOS x86_64 15054.98.0) AppleWebKit/537.36 (KHTML, like Gecko) Chrome/106.0.0.0 Safari/537.36" "ysfine.com"
64.124.8.47 - - [26/Oct/2022:23:51:56 -0700] "GET /world/china/shenyang.html HTTP/1.1" 200 5154 "-" "Mozilla/5.0 (X11; Linux x86_64) AppleWebKit/537.36 (KHTML, like Gecko) Chrome/61.0.3163.79 Safari/537.36" "www.ysfine.com"
216.244.66.229 - - [26/Oct/2022:23:51:59 -0700] "GET /maga/phys/naimar/poincs33b.jpg HTTP/1.1" 200 65195 "-" "Mozilla/5.0 (compatible; DotBot/1.2; +https://opensiteexplorer.org/dotbot; help@moz.com)" "www.ysfine.com"
157.55.39.14 - - [26/Oct/2022:23:52:05 -0700] "GET /maga/phys/schrod11b.jpg HTTP/1.1" 200 36796 "-" "Mozilla/5.0 (compatible; bingbot/2.0; +http://www.bing.com/bingbot.htm)" "ysfine.com"
40.77.167.27 - - [26/Oct/2022:23:52:07 -0700] "GET /wdc/whouse11.jpg HTTP/1.1" 200 110059 "-" "Mozilla/5.0 AppleWebKit/537.36 (KHTML, like Gecko; compatible; bingbot/2.0; +http://www.bing.com/bingbot.htm) Chrome/103.0.5060.134 Safari/537.36" "www.ysfine.com"
114.119.128.154 - - [26/Oct/2022:23:52:27 -0700] "GET /world/russ/petrovbio.bak HTTP/1.1" 200 15217 "-" "Mozilla/5.0 (Linux; Android 7.0;) AppleWebKit/537.36 (KHTML, like Gecko) Mobile Safari/537.36 (compatible; PetalBot;+https://webmaster.petalsearch.com/site/petalbot)" "www.ysfine.com"
216.244.66.229 - - [26/Oct/2022:23:52:29 -0700] "GET /world/ital/termini10.jpg HTTP/1.1" 200 94658 "-" "Mozilla/5.0 (compatible; DotBot/1.2; +https://opensiteexplorer.org/dotbot; help@moz.com)" "www.ysfine.com"
40.77.167.71 - - [26/Oct/2022:23:52:53 -0700] "GET /world/ital/milan011.jpg HTTP/1.1" 200 103984 "-" "Mozilla/5.0 AppleWebKit/537.36 (KHTML, like Gecko; compatible; bingbot/2.0; +http://www.bing.com/bingbot.htm) Chrome/103.0.5060.134 Safari/537.36" "ysfine.com"
64.124.8.47 - - [26/Oct/2022:23:52:54 -0700] "GET /wigner/gcontr.html HTTP/1.1" 404 88 "-" "Mozilla/5.0 (X11; Linux x86_64) AppleWebKit/537.36 (KHTML, like Gecko) Chrome/61.0.3163.79 Safari/537.36" "www.ysfine.com"
216.244.66.229 - - [26/Oct/2022:23:52:57 -0700] "GET /world/ital/vatican02.jpg HTTP/1.1" 200 62823 "-" "Mozilla/5.0 (compatible; DotBot/1.2; +https://opensiteexplorer.org/dotbot; help@moz.com)" "www.ysfine.com"
40.77.167.27 - - [26/Oct/2022:23:52:58 -0700] "GET /ysbio/style/stbot.html HTTP/1.1" 200 122 "-" "Mozilla/5.0 AppleWebKit/537.36 (KHTML, like Gecko; compatible; bingbot/2.0; +http://www.bing.com/bingbot.htm) Chrome/103.0.5060.134 Safari/537.36" "ysfine.com"
64.124.8.47 - - [26/Oct/2022:23:53:24 -0700] "GET /world/poland/holycoper.html HTTP/1.1" 200 311 "-" "Mozilla/5.0 (X11; Linux x86_64) AppleWebKit/537.36 (KHTML, like Gecko) Chrome/61.0.3163.79 Safari/537.36" "www.ysfine.com"
64.124.8.47 - - [26/Oct/2022:23:53:26 -0700] "GET /style/chopingr.html HTTP/1.1" 200 364 "-" "Mozilla/5.0 (X11; Linux x86_64) AppleWebKit/537.36 (KHTML, like Gecko) Chrome/61.0.3163.79 Safari/537.36" "www.ysfine.com"
185.191.171.16 - - [26/Oct/2022:23:53:37 -0700] "GET /ysbio/home/chris.html HTTP/1.1" 404 88 "-" "Mozilla/5.0 (compatible; SemrushBot/7~bl; +http://www.semrush.com/bot.html)" "ysfine.com"
216.244.66.229 - - [26/Oct/2022:23:54:05 -0700] "GET /kobak/church07.jpg HTTP/1.1" 200 188352 "-" "Mozilla/5.0 (compatible; DotBot/1.2; +https://opensiteexplorer.org/dotbot; help@moz.com)" "www.ysfine.com"
216.244.66.229 - - [26/Oct/2022:23:54:43 -0700] "GET /usca/norl/napo15.jpg HTTP/1.1" 200 69359 "-" "Mozilla/5.0 (compatible; DotBot/1.2; +https://opensiteexplorer.org/dotbot; help@moz.com)" "www.ysfine.com"
157.55.39.14 - - [26/Oct/2022:23:55:04 -0700] "GET /style/owaves2.jpg HTTP/1.1" 200 55324 "-" "Mozilla/5.0 (compatible; bingbot/2.0; +http://www.bing.com/bingbot.htm)" "ysfine.com"
93.158.161.40 - - [26/Oct/2022:23:55:06 -0700] "GET /robots.txt HTTP/1.1" 404 73 "-" "Mozilla/5.0 (compatible; YandexBot/3.0; +http://yandex.com/bots)" "ysfine.com"
40.77.167.27 - - [26/Oct/2022:23:55:06 -0700] "GET /ysbio/style/stleft.html HTTP/1.1" 200 548 "-" "Mozilla/5.0 (compatible; bingbot/2.0; +http://www.bing.com/bingbot.htm)" "ysfine.com"
157.55.39.121 - - [26/Oct/2022:23:55:07 -0700] "GET /ysbio/style/strigh.html HTTP/1.1" 200 1459 "-" "Mozilla/5.0 (compatible; bingbot/2.0; +http://www.bing.com/bingbot.htm)" "ysfine.com"
40.77.167.71 - - [26/Oct/2022:23:55:08 -0700] "GET /bio/style/ystyle.html HTTP/1.1" 404 88 "-" "Mozilla/5.0 AppleWebKit/537.36 (KHTML, like Gecko; compatible; bingbot/2.0; +http://www.bing.com/bingbot.htm) Chrome/103.0.5060.134 Safari/537.36" "ysfine.com"
77.88.5.46 - - [26/Oct/2022:23:55:10 -0700] "GET /world/russ/kazan077.jpg HTTP/1.1" 200 51836 "-" "Mozilla/5.0 (compatible; YandexImages/3.0; +http://yandex.com/bots)" "ysfine.com"
66.249.66.44 - - [26/Oct/2022:23:55:12 -0700] "GET /princeton/brownh11b.jpg HTTP/1.1" 200 52347 "-" "Googlebot-Image/1.0" "ysfine.com"
216.244.66.229 - - [26/Oct/2022:23:55:13 -0700] "GET /world/europe/zurif06.jpg HTTP/1.1" 200 122972 "-" "Mozilla/5.0 (compatible; DotBot/1.2; +https://opensiteexplorer.org/dotbot; help@moz.com)" "www.ysfine.com"
157.55.39.14 - - [26/Oct/2022:23:55:25 -0700] "GET /bio/einstein/bern.html HTTP/1.1" 404 88 "-" "Mozilla/5.0 AppleWebKit/537.36 (KHTML, like Gecko; compatible; bingbot/2.0; +http://www.bing.com/bingbot.htm) Chrome/103.0.5060.134 Safari/537.36" "ysfine.com"
185.191.171.18 - - [26/Oct/2022:23:55:26 -0700] "GET /robots.txt HTTP/1.1" 404 88 "-" "Mozilla/5.0 (compatible; SemrushBot/7~bl; +http://www.semrush.com/bot.html)" "ysfine.com"
64.124.8.47 - - [26/Oct/2022:23:55:27 -0700] "GET /confer/listall.html HTTP/1.1" 200 6460 "-" "Mozilla/5.0 (X11; Linux x86_64) AppleWebKit/537.36 (KHTML, like Gecko) Chrome/61.0.3163.79 Safari/537.36" "www.ysfine.com"
185.191.171.7 - - [26/Oct/2022:23:55:28 -0700] "GET /world/polandw.html HTTP/1.1" 200 17892 "-" "Mozilla/5.0 (compatible; SemrushBot/7~bl; +http://www.semrush.com/bot.html)" "ysfine.com"
64.124.8.47 - - [26/Oct/2022:23:55:50 -0700] "GET /home/harmoarchi.html HTTP/1.1" 200 3686 "-" "Mozilla/5.0 (X11; Linux x86_64) AppleWebKit/537.36 (KHTML, like Gecko) Chrome/61.0.3163.79 Safari/537.36" "www.ysfine.com"
216.244.66.229 - - [26/Oct/2022:23:55:52 -0700] "GET /world/russ/minsk045.jpg HTTP/1.1" 200 111478 "-" "Mozilla/5.0 (compatible; DotBot/1.2; +https://opensiteexplorer.org/dotbot; help@moz.com)" "www.ysfine.com"
157.55.39.127 - - [26/Oct/2022:23:56:13 -0700] "GET /world/baltic/riga23.jpg HTTP/1.1" 200 103093 "-" "Mozilla/5.0 (compatible; bingbot/2.0; +http://www.bing.com/bingbot.htm)" "ysfine.com"
51.222.253.11 - - [26/Oct/2022:23:56:16 -0700] "GET /maga/boltzmann.html HTTP/1.1" 200 6052 "-" "Mozilla/5.0 (compatible; AhrefsBot/7.0; +http://ahrefs.com/robot/)" "www.ysfine.com"
40.77.167.71 - - [26/Oct/2022:23:56:24 -0700] "GET /world/latina/rio073.jpg HTTP/1.1" 200 96934 "-" "Mozilla/5.0 AppleWebKit/537.36 (KHTML, like Gecko; compatible; bingbot/2.0; +http://www.bing.com/bingbot.htm) Chrome/103.0.5060.134 Safari/537.36" "ysfine.com"
216.244.66.229 - - [26/Oct/2022:23:56:42 -0700] "GET /kobak/kohist.html HTTP/1.1" 200 14954 "-" "Mozilla/5.0 (compatible; DotBot/1.2; +https://opensiteexplorer.org/dotbot; help@moz.com)" "www.ysfine.com"
40.77.167.71 - - [26/Oct/2022:23:56:44 -0700] "GET /world/israel/armench11.jpg HTTP/1.1" 200 164935 "-" "Mozilla/5.0 (compatible; bingbot/2.0; +http://www.bing.com/bingbot.htm)" "ysfine.com"
185.191.171.25 - - [26/Oct/2022:23:56:53 -0700] "GET /ysbio/folks/soldiers.html HTTP/1.1" 200 4685 "-" "Mozilla/5.0 (compatible; SemrushBot/7~bl; +http://www.semrush.com/bot.html)" "ysfine.com"
114.119.128.14 - - [26/Oct/2022:23:57:47 -0700] "GET /beau/airlines.html HTTP/1.1" 404 88 "https://ysfine.com/class54/emailed04.html" "Mozilla/5.0 (Linux; Android 7.0;) AppleWebKit/537.36 (KHTML, like Gecko) Mobile Safari/537.36 (compatible; PetalBot;+https://webmaster.petalsearch.com/site/petalbot)" "ysfine.com"
64.124.8.47 - - [26/Oct/2022:23:58:07 -0700] "GET /style/tatiana.html HTTP/1.1" 200 8801 "-" "Mozilla/5.0 (X11; Linux x86_64) AppleWebKit/537.36 (KHTML, like Gecko) Chrome/61.0.3163.79 Safari/537.36" "www.ysfine.com"
66.249.66.43 - - [26/Oct/2022:23:58:21 -0700] "GET /people/bial06.jpg HTTP/1.1" 304 - "-" "Googlebot-Image/1.0" "ysfine.com"
216.244.66.229 - - [26/Oct/2022:23:58:34 -0700] "GET /style/alexandrov44.jpg HTTP/1.1" 200 92546 "-" "Mozilla/5.0 (compatible; DotBot/1.2; +https://opensiteexplorer.org/dotbot; help@moz.com)" "www.ysfine.com"
207.46.13.104 - - [26/Oct/2022:23:58:46 -0700] "GET /usca/pitt/highland05.jpg HTTP/1.1" 200 65710 "-" "Mozilla/5.0 AppleWebKit/537.36 (KHTML, like Gecko; compatible; bingbot/2.0; +http://www.bing.com/bingbot.htm) Chrome/103.0.5060.134 Safari/537.36" "ysfine.com"
216.244.66.229 - - [26/Oct/2022:23:59:01 -0700] "GET /wdc/monticello.html HTTP/1.1" 200 778 "-" "Mozilla/5.0 (compatible; DotBot/1.2; +https://opensiteexplorer.org/dotbot; help@moz.com)" "www.ysfine.com"
40.77.167.71 - - [26/Oct/2022:23:59:14 -0700] "GET /world/brit/harrow02.jpg HTTP/1.1" 200 92363 "-" "Mozilla/5.0 AppleWebKit/537.36 (KHTML, like Gecko; compatible; bingbot/2.0; +http://www.bing.com/bingbot.htm) Chrome/103.0.5060.134 Safari/537.36" "www.ysfine.com"
40.77.167.71 - - [26/Oct/2022:23:59:44 -0700] "GET /maga/phys/huy45.jpg HTTP/1.1" 200 320724 "-" "Mozilla/5.0 AppleWebKit/537.36 (KHTML, like Gecko; compatible; bingbot/2.0; +http://www.bing.com/bingbot.htm) Chrome/103.0.5060.134 Safari/537.36" "ysfine.com"
216.244.66.229 - - [26/Oct/2022:23:59:49 -0700] "GET /feynman/feydirak11.jpg HTTP/1.1" 200 102093 "-" "Mozilla/5.0 (compatible; DotBot/1.2; +https://opensiteexplorer.org/dotbot; help@moz.com)" "www.ysfine.com"
216.244.66.229 - - [27/Oct/2022:00:00:16 -0700] "GET /wdc/lincoln02.jpg HTTP/1.1" 200 67312 "-" "Mozilla/5.0 (compatible; DotBot/1.2; +https://opensiteexplorer.org/dotbot; help@moz.com)" "www.ysfine.com"
185.191.171.38 - - [27/Oct/2022:00:00:27 -0700] "GET /princeton/yspr.html HTTP/1.1" 200 5439 "-" "Mozilla/5.0 (compatible; SemrushBot/7~bl; +http://www.semrush.com/bot.html)" "www.ysfine.com"
216.244.66.229 - - [27/Oct/2022:00:00:41 -0700] "GET /maga/phys/bohr05.jpg HTTP/1.1" 200 70451 "-" "Mozilla/5.0 (compatible; DotBot/1.2; +https://opensiteexplorer.org/dotbot; help@moz.com)" "www.ysfine.com"
66.249.66.40 - - [27/Oct/2022:00:00:43 -0700] "GET /maga/phys/yukafeyn.jpg HTTP/1.1" 304 - "-" "Googlebot-Image/1.0" "ysfine.com"
216.244.66.229 - - [27/Oct/2022:00:01:02 -0700] "GET /princeton/wilson06.jpg HTTP/1.1" 200 129836 "-" "Mozilla/5.0 (compatible; DotBot/1.2; +https://opensiteexplorer.org/dotbot; help@moz.com)" "www.ysfine.com"
17.121.115.163 - - [27/Oct/2022:00:01:08 -0700] "GET /wigner/lunch.html HTTP/1.1" 200 3105 "-" "Mozilla/5.0 (Macintosh; Intel Mac OS X 10_15_5) AppleWebKit/605.1.15 (KHTML, like Gecko) Version/13.1.1 Safari/605.1.15 (Applebot/0.1; +http://www.apple.com/go/applebot)" "www.ysfine.com"
51.222.253.1 - - [27/Oct/2022:00:01:18 -0700] "GET /ffriends/fdw.html HTTP/1.1" 200 45463 "-" "Mozilla/5.0 (compatible; AhrefsBot/7.0; +http://ahrefs.com/robot/)" "www.ysfine.com"
216.244.66.229 - - [27/Oct/2022:00:01:36 -0700] "GET /wdc/washmofw.html HTTP/1.1" 200 648 "-" "Mozilla/5.0 (compatible; DotBot/1.2; +https://opensiteexplorer.org/dotbot; help@moz.com)" "www.ysfine.com"
157.55.39.121 - - [27/Oct/2022:00:01:39 -0700] "GET /world/germany/tub02.jpg HTTP/1.1" 200 262960 "-" "Mozilla/5.0 (compatible; bingbot/2.0; +http://www.bing.com/bingbot.htm)" "www.ysfine.com"
216.244.66.229 - - [27/Oct/2022:00:02:03 -0700] "GET /world/germany/hegel16.jpg HTTP/1.1" 200 66494 "-" "Mozilla/5.0 (compatible; DotBot/1.2; +https://opensiteexplorer.org/dotbot; help@moz.com)" "www.ysfine.com"
207.46.13.104 - - [27/Oct/2022:00:02:44 -0700] "GET /archives/class5470/total_data/sub_257.htm HTTP/1.1" 404 88 "-" "Mozilla/5.0 AppleWebKit/537.36 (KHTML, like Gecko; compatible; bingbot/2.0; +http://www.bing.com/bingbot.htm) Chrome/103.0.5060.134 Safari/537.36" "ysfine.com"
185.191.171.10 - - [27/Oct/2022:00:03:01 -0700] "GET /remote/wigner111/frame21.html HTTP/1.1" 200 772 "-" "Mozilla/5.0 (compatible; SemrushBot/7~bl; +http://www.semrush.com/bot.html)" "ysfine.com"
157.55.39.127 - - [27/Oct/2022:00:03:15 -0700] "GET /world/china/shenyang01.jpg HTTP/1.1" 200 106486 "-" "Mozilla/5.0 AppleWebKit/537.36 (KHTML, like Gecko; compatible; bingbot/2.0; +http://www.bing.com/bingbot.htm) Chrome/103.0.5060.134 Safari/537.36" "ysfine.com"
173.73.77.36 - - [27/Oct/2022:00:03:31 -0700] "GET /ysbio/awards/iao.html HTTP/1.1" 200 2718 "https://ysfine.com/ysbio/awards/index" "Mozilla/5.0 (Windows NT 10.0; Win64; x64) AppleWebKit/537.36 (KHTML, like Gecko) Chrome/106.0.0.0 Safari/537.36 Edg/106.0.1370.52" "ysfine.com"
157.55.39.127 - - [27/Oct/2022:00:03:35 -0700] "GET /world/france/montmar17.jpg HTTP/1.1" 200 268313 "-" "Mozilla/5.0 (compatible; bingbot/2.0; +http://www.bing.com/bingbot.htm)" "www.ysfine.com"
173.73.77.36 - - [27/Oct/2022:00:03:52 -0700] "GET /ysbio/princeton/yspr.html HTTP/1.1" 200 5435 "https://ysfine.com/ysbio/awards/iao.html" "Mozilla/5.0 (Windows NT 10.0; Win64; x64) AppleWebKit/537.36 (KHTML, like Gecko) Chrome/106.0.0.0 Safari/537.36 Edg/106.0.1370.52" "ysfine.com"
173.73.77.36 - - [27/Oct/2022:00:03:52 -0700] "GET /ysbio/princeton/feyprince11c.jpg HTTP/1.1" 200 50500 "https://ysfine.com/ysbio/princeton/yspr.html" "Mozilla/5.0 (Windows NT 10.0; Win64; x64) AppleWebKit/537.36 (KHTML, like Gecko) Chrome/106.0.0.0 Safari/537.36 Edg/106.0.1370.52" "ysfine.com"
173.73.77.36 - - [27/Oct/2022:00:03:52 -0700] "GET /ysbio/eink/further22a.jpg HTTP/1.1" 200 96140 "https://ysfine.com/ysbio/princeton/yspr.html" "Mozilla/5.0 (Windows NT 10.0; Win64; x64) AppleWebKit/537.36 (KHTML, like Gecko) Chrome/106.0.0.0 Safari/537.36 Edg/106.0.1370.52" "ysfine.com"
173.73.77.36 - - [27/Oct/2022:00:03:52 -0700] "GET /ysbio/princeton/yspr61c.jpg HTTP/1.1" 200 27257 "https://ysfine.com/ysbio/princeton/yspr.html" "Mozilla/5.0 (Windows NT 10.0; Win64; x64) AppleWebKit/537.36 (KHTML, like Gecko) Chrome/106.0.0.0 Safari/537.36 Edg/106.0.1370.52" "ysfine.com"
173.73.77.36 - - [27/Oct/2022:00:03:52 -0700] "GET /ysbio/princeton/ysrhee33c.jpg HTTP/1.1" 200 26817 "https://ysfine.com/ysbio/princeton/yspr.html" "Mozilla/5.0 (Windows NT 10.0; Win64; x64) AppleWebKit/537.36 (KHTML, like Gecko) Chrome/106.0.0.0 Safari/537.36 Edg/106.0.1370.52" "ysfine.com"
173.73.77.36 - - [27/Oct/2022:00:03:52 -0700] "GET /ysbio/princeton/pawkim19c.jpg HTTP/1.1" 200 58199 "https://ysfine.com/ysbio/princeton/yspr.html" "Mozilla/5.0 (Windows NT 10.0; Win64; x64) AppleWebKit/537.36 (KHTML, like Gecko) Chrome/106.0.0.0 Safari/537.36 Edg/106.0.1370.52" "ysfine.com"
