173.73.77.36 - - [27/Oct/2022:14:16:27 -0700] "GET /ysbio/kobak/kimjap11b.jpg HTTP/1.1" 200 63075 "https://www.ysfine.com/ysbio/bio01.html" "Mozilla/5.0 (Windows NT 10.0; Win64; x64) AppleWebKit/537.36 (KHTML, like Gecko) Chrome/106.0.0.0 Safari/537.36 Edg/106.0.1370.52" "www.ysfine.com"
173.73.77.36 - - [27/Oct/2022:14:16:27 -0700] "GET /ysbio/eink/abombs11c.jpg HTTP/1.1" 200 27039 "https://www.ysfine.com/ysbio/bio01.html" "Mozilla/5.0 (Windows NT 10.0; Win64; x64) AppleWebKit/537.36 (KHTML, like Gecko) Chrome/106.0.0.0 Safari/537.36 Edg/106.0.1370.52" "www.ysfine.com"
173.73.77.36 - - [27/Oct/2022:14:16:32 -0700] "GET /ysbio/bio02.html HTTP/1.1" 200 10044 "https://www.ysfine.com/ys11/index.html" "Mozilla/5.0 (Windows NT 10.0; Win64; x64) AppleWebKit/537.36 (KHTML, like Gecko) Chrome/106.0.0.0 Safari/537.36 Edg/106.0.1370.52" "www.ysfine.com"
173.73.77.36 - - [27/Oct/2022:14:16:32 -0700] "GET /ysbio/kobak/kcrown.jpg HTTP/1.1" 200 41579 "https://www.ysfine.com/ysbio/bio02.html" "Mozilla/5.0 (Windows NT 10.0; Win64; x64) AppleWebKit/537.36 (KHTML, like Gecko) Chrome/106.0.0.0 Safari/537.36 Edg/106.0.1370.52" "www.ysfine.com"
173.73.77.36 - - [27/Oct/2022:14:16:32 -0700] "GET /ysbio/kobak/sorae01b.jpg HTTP/1.1" 200 31668 "https://www.ysfine.com/ysbio/bio02.html" "Mozilla/5.0 (Windows NT 10.0; Win64; x64) AppleWebKit/537.36 (KHTML, like Gecko) Chrome/106.0.0.0 Safari/537.36 Edg/106.0.1370.52" "www.ysfine.com"
173.73.77.36 - - [27/Oct/2022:14:16:32 -0700] "GET /ysbio/kowar/tanks/tank05b.jpg HTTP/1.1" 200 48742 "https://www.ysfine.com/ysbio/bio02.html" "Mozilla/5.0 (Windows NT 10.0; Win64; x64) AppleWebKit/537.36 (KHTML, like Gecko) Chrome/106.0.0.0 Safari/537.36 Edg/106.0.1370.52" "www.ysfine.com"
173.73.77.36 - - [27/Oct/2022:14:16:32 -0700] "GET /ysbio/kobak/sl2009b.jpg HTTP/1.1" 200 44357 "https://www.ysfine.com/ysbio/bio02.html" "Mozilla/5.0 (Windows NT 10.0; Win64; x64) AppleWebKit/537.36 (KHTML, like Gecko) Chrome/106.0.0.0 Safari/537.36 Edg/106.0.1370.52" "www.ysfine.com"
173.73.77.36 - - [27/Oct/2022:14:16:32 -0700] "GET /ysbio/kobak/sl1975b.jpg HTTP/1.1" 200 45550 "https://www.ysfine.com/ysbio/bio02.html" "Mozilla/5.0 (Windows NT 10.0; Win64; x64) AppleWebKit/537.36 (KHTML, like Gecko) Chrome/106.0.0.0 Safari/537.36 Edg/106.0.1370.52" "www.ysfine.com"
173.73.77.36 - - [27/Oct/2022:14:16:32 -0700] "GET /ysbio/einstein/eink24b.jpg HTTP/1.1" 200 42003 "https://www.ysfine.com/ysbio/bio02.html" "Mozilla/5.0 (Windows NT 10.0; Win64; x64) AppleWebKit/537.36 (KHTML, like Gecko) Chrome/106.0.0.0 Safari/537.36 Edg/106.0.1370.52" "www.ysfine.com"
173.73.77.36 - - [27/Oct/2022:14:16:32 -0700] "GET /ysbio/world/ital/aquinas02b.jpg HTTP/1.1" 200 41436 "https://www.ysfine.com/ysbio/bio02.html" "Mozilla/5.0 (Windows NT 10.0; Win64; x64) AppleWebKit/537.36 (KHTML, like Gecko) Chrome/106.0.0.0 Safari/537.36 Edg/106.0.1370.52" "www.ysfine.com"
173.73.77.36 - - [27/Oct/2022:14:16:32 -0700] "GET /ysbio/kowar/tanks/tank03b.jpg HTTP/1.1" 200 42892 "https://www.ysfine.com/ysbio/bio02.html" "Mozilla/5.0 (Windows NT 10.0; Win64; x64) AppleWebKit/537.36 (KHTML, like Gecko) Chrome/106.0.0.0 Safari/537.36 Edg/106.0.1370.52" "www.ysfine.com"
173.73.77.36 - - [27/Oct/2022:14:16:32 -0700] "GET /ysbio/style/angelus2.jpg HTTP/1.1" 200 50409 "https://www.ysfine.com/ysbio/bio02.html" "Mozilla/5.0 (Windows NT 10.0; Win64; x64) AppleWebKit/537.36 (KHTML, like Gecko) Chrome/106.0.0.0 Safari/537.36 Edg/106.0.1370.52" "www.ysfine.com"
173.73.77.36 - - [27/Oct/2022:14:16:32 -0700] "GET /ysbio/folks/amkor/kostu16b.jpg HTTP/1.1" 200 43207 "https://www.ysfine.com/ysbio/bio02.html" "Mozilla/5.0 (Windows NT 10.0; Win64; x64) AppleWebKit/537.36 (KHTML, like Gecko) Chrome/106.0.0.0 Safari/537.36 Edg/106.0.1370.52" "www.ysfine.com"
173.73.77.36 - - [27/Oct/2022:14:16:32 -0700] "GET /ysbio/folks/amkor/kostu05b.jpg HTTP/1.1" 200 40744 "https://www.ysfine.com/ysbio/bio02.html" "Mozilla/5.0 (Windows NT 10.0; Win64; x64) AppleWebKit/537.36 (KHTML, like Gecko) Chrome/106.0.0.0 Safari/537.36 Edg/106.0.1370.52" "www.ysfine.com"
173.73.77.36 - - [27/Oct/2022:14:16:32 -0700] "GET /ysbio/kobak/nicodem22b.jpg HTTP/1.1" 200 37078 "https://www.ysfine.com/ysbio/bio02.html" "Mozilla/5.0 (Windows NT 10.0; Win64; x64) AppleWebKit/537.36 (KHTML, like Gecko) Chrome/106.0.0.0 Safari/537.36 Edg/106.0.1370.52" "www.ysfine.com"
173.73.77.36 - - [27/Oct/2022:14:16:32 -0700] "GET /ysbio/kobak/taylor11b.jpg HTTP/1.1" 200 42467 "https://www.ysfine.com/ysbio/bio02.html" "Mozilla/5.0 (Windows NT 10.0; Win64; x64) AppleWebKit/537.36 (KHTML, like Gecko) Chrome/106.0.0.0 Safari/537.36 Edg/106.0.1370.52" "www.ysfine.com"
173.73.77.36 - - [27/Oct/2022:14:16:32 -0700] "GET /ysbio/kobak/swr51b.jpg HTTP/1.1" 200 31277 "https://www.ysfine.com/ysbio/bio02.html" "Mozilla/5.0 (Windows NT 10.0; Win64; x64) AppleWebKit/537.36 (KHTML, like Gecko) Chrome/106.0.0.0 Safari/537.36 Edg/106.0.1370.52" "www.ysfine.com"
173.73.77.36 - - [27/Oct/2022:14:16:32 -0700] "GET /ysbio/wisdom/kwk11b.jpg HTTP/1.1" 200 46888 "https://www.ysfine.com/ysbio/bio02.html" "Mozilla/5.0 (Windows NT 10.0; Win64; x64) AppleWebKit/537.36 (KHTML, like Gecko) Chrome/106.0.0.0 Safari/537.36 Edg/106.0.1370.52" "www.ysfine.com"
173.73.77.36 - - [27/Oct/2022:14:16:32 -0700] "GET /ysbio/wisdom/abstrar2.jpg HTTP/1.1" 200 43834 "https://www.ysfine.com/ysbio/bio02.html" "Mozilla/5.0 (Windows NT 10.0; Win64; x64) AppleWebKit/537.36 (KHTML, like Gecko) Chrome/106.0.0.0 Safari/537.36 Edg/106.0.1370.52" "www.ysfine.com"
173.73.77.36 - - [27/Oct/2022:14:16:32 -0700] "GET /ysbio/kobak/underw03b.jpg HTTP/1.1" 200 37749 "https://www.ysfine.com/ysbio/bio02.html" "Mozilla/5.0 (Windows NT 10.0; Win64; x64) AppleWebKit/537.36 (KHTML, like Gecko) Chrome/106.0.0.0 Safari/537.36 Edg/106.0.1370.52" "www.ysfine.com"
173.73.77.36 - - [27/Oct/2022:14:16:32 -0700] "GET /ysbio/kobak/kumipo01b.jpg HTTP/1.1" 200 32923 "https://www.ysfine.com/ysbio/bio02.html" "Mozilla/5.0 (Windows NT 10.0; Win64; x64) AppleWebKit/537.36 (KHTML, like Gecko) Chrome/106.0.0.0 Safari/537.36 Edg/106.0.1370.52" "www.ysfine.com"
173.73.77.36 - - [27/Oct/2022:14:16:32 -0700] "GET /ysbio/kobak/yoonhm2.jpg HTTP/1.1" 200 40988 "https://www.ysfine.com/ysbio/bio02.html" "Mozilla/5.0 (Windows NT 10.0; Win64; x64) AppleWebKit/537.36 (KHTML, like Gecko) Chrome/106.0.0.0 Safari/537.36 Edg/106.0.1370.52" "www.ysfine.com"
173.73.77.36 - - [27/Oct/2022:14:16:32 -0700] "GET /ysbio/folks/russrio22b.jpg HTTP/1.1" 200 28891 "https://www.ysfine.com/ysbio/bio02.html" "Mozilla/5.0 (Windows NT 10.0; Win64; x64) AppleWebKit/537.36 (KHTML, like Gecko) Chrome/106.0.0.0 Safari/537.36 Edg/106.0.1370.52" "www.ysfine.com"
173.73.77.36 - - [27/Oct/2022:14:16:32 -0700] "GET /ysbio/kobak/sonja2.jpg HTTP/1.1" 200 31693 "https://www.ysfine.com/ysbio/bio02.html" "Mozilla/5.0 (Windows NT 10.0; Win64; x64) AppleWebKit/537.36 (KHTML, like Gecko) Chrome/106.0.0.0 Safari/537.36 Edg/106.0.1370.52" "www.ysfine.com"
173.73.77.36 - - [27/Oct/2022:14:16:32 -0700] "GET /ysbio/kobak/sl628b.jpg HTTP/1.1" 200 30239 "https://www.ysfine.com/ysbio/bio02.html" "Mozilla/5.0 (Windows NT 10.0; Win64; x64) AppleWebKit/537.36 (KHTML, like Gecko) Chrome/106.0.0.0 Safari/537.36 Edg/106.0.1370.52" "www.ysfine.com"
173.73.77.36 - - [27/Oct/2022:14:16:38 -0700] "GET /ysbio/bio03.html HTTP/1.1" 304 - "https://www.ysfine.com/ys11/index.html" "Mozilla/5.0 (Windows NT 10.0; Win64; x64) AppleWebKit/537.36 (KHTML, like Gecko) Chrome/106.0.0.0 Safari/537.36 Edg/106.0.1370.52" "www.ysfine.com"
157.55.39.113 - - [27/Oct/2022:14:17:08 -0700] "GET /bio/world/season.html HTTP/1.1" 404 88 "-" "Mozilla/5.0 (compatible; bingbot/2.0; +http://www.bing.com/bingbot.htm)" "ysfine.com"
216.244.66.229 - - [27/Oct/2022:14:17:10 -0700] "GET /class54/class5470/total_data/sub_714.htm HTTP/1.1" 200 13450 "-" "Mozilla/5.0 (compatible; DotBot/1.2; +https://opensiteexplorer.org/dotbot; help@moz.com)" "www.ysfine.com"
216.244.66.229 - - [27/Oct/2022:14:17:15 -0700] "GET /class54/class5470/total_data/sub_732.htm HTTP/1.1" 200 13429 "-" "Mozilla/5.0 (compatible; DotBot/1.2; +https://opensiteexplorer.org/dotbot; help@moz.com)" "www.ysfine.com"
216.244.66.229 - - [27/Oct/2022:14:17:19 -0700] "GET /class54/class5470/total_data/sub_758.htm HTTP/1.1" 200 13449 "-" "Mozilla/5.0 (compatible; DotBot/1.2; +https://opensiteexplorer.org/dotbot; help@moz.com)" "www.ysfine.com"
216.244.66.229 - - [27/Oct/2022:14:17:23 -0700] "GET /dongio/romania02.jpg HTTP/1.1" 404 73 "-" "Mozilla/5.0 (compatible; DotBot/1.2; +https://opensiteexplorer.org/dotbot; help@moz.com)" "www.ysfine.com"
216.244.66.229 - - [27/Oct/2022:14:17:26 -0700] "GET /newyork/colum04.jpg HTTP/1.1" 200 110569 "-" "Mozilla/5.0 (compatible; DotBot/1.2; +https://opensiteexplorer.org/dotbot; help@moz.com)" "www.ysfine.com"
40.77.167.71 - - [27/Oct/2022:14:18:17 -0700] "GET /bio/style/ystyle.html HTTP/1.1" 404 88 "-" "Mozilla/5.0 AppleWebKit/537.36 (KHTML, like Gecko; compatible; bingbot/2.0; +http://www.bing.com/bingbot.htm) Chrome/103.0.5060.134 Safari/537.36" "ysfine.com"
207.46.13.104 - - [27/Oct/2022:14:18:21 -0700] "GET /bio/bio03.html HTTP/1.1" 404 88 "-" "Mozilla/5.0 AppleWebKit/537.36 (KHTML, like Gecko; compatible; bingbot/2.0; +http://www.bing.com/bingbot.htm) Chrome/103.0.5060.134 Safari/537.36" "ysfine.com"
64.124.8.59 - - [27/Oct/2022:14:18:25 -0700] "GET /world/polandp.html HTTP/1.1" 200 5412 "-" "Mozilla/5.0 (X11; Linux x86_64) AppleWebKit/537.36 (KHTML, like Gecko) Chrome/61.0.3163.79 Safari/537.36" "ysfine.com"
173.73.77.36 - - [27/Oct/2022:14:19:07 -0700] "GET /favicon.ico HTTP/1.1" 404 88 "https://www.ysfine.com/ys11/index.html" "Mozilla/5.0 (Windows NT 10.0; Win64; x64) AppleWebKit/537.36 (KHTML, like Gecko) Chrome/106.0.0.0 Safari/537.36 Edg/106.0.1370.52" "www.ysfine.com"
40.77.167.27 - - [27/Oct/2022:14:19:11 -0700] "GET /maga/herod.html HTTP/1.1" 200 4341 "-" "Mozilla/5.0 (compatible; bingbot/2.0; +http://www.bing.com/bingbot.htm)" "ysfine.com"
165.140.167.146 - - [27/Oct/2022:14:19:35 -0700] "GET / HTTP/1.1" 200 5283 "-" "Mozilla/5.0 (Linux; Android 10; M2004J19C) AppleWebKit/537.36 (KHTML, like Gecko) Chrome/91.0.4472.77 Mobile Safari/537.36" "ysfine.com"
40.77.167.27 - - [27/Oct/2022:14:20:01 -0700] "GET /wigner/wigsharp.jpg HTTP/1.1" 200 123961 "-" "Mozilla/5.0 (compatible; bingbot/2.0; +http://www.bing.com/bingbot.htm)" "ysfine.com"
93.158.161.41 - - [27/Oct/2022:14:20:05 -0700] "GET /robots.txt HTTP/1.1" 404 73 "-" "Mozilla/5.0 (compatible; YandexBot/3.0; +http://yandex.com/bots)" "www.ysfine.com"
77.88.5.232 - - [27/Oct/2022:14:20:10 -0700] "GET /world/poland/copernisq.html HTTP/1.1" 200 474 "-" "Mozilla/5.0 (compatible; YandexBot/3.0; +http://yandex.com/bots)" "www.ysfine.com"
173.73.77.36 - - [27/Oct/2022:14:20:10 -0700] "GET /ys11/ HTTP/1.1" 304 - "-" "Mozilla/5.0 (Windows NT 10.0; Win64; x64; rv:106.0) Gecko/20100101 Firefox/106.0" "www.ysfine.com"
64.124.8.59 - - [27/Oct/2022:14:20:21 -0700] "GET /wigner/predaz.html HTTP/1.1" 200 2275 "-" "Mozilla/5.0 (X11; Linux x86_64) AppleWebKit/537.36 (KHTML, like Gecko) Chrome/61.0.3163.79 Safari/537.36" "ysfine.com"
157.55.39.113 - - [27/Oct/2022:14:20:48 -0700] "GET /dirac/wigsis.html HTTP/1.1" 200 10275 "-" "Mozilla/5.0 (compatible; bingbot/2.0; +http://www.bing.com/bingbot.htm)" "ysfine.com"
157.55.39.121 - - [27/Oct/2022:14:21:01 -0700] "GET /wigner/evangel.html HTTP/1.1" 200 4831 "-" "Mozilla/5.0 AppleWebKit/537.36 (KHTML, like Gecko; compatible; bingbot/2.0; +http://www.bing.com/bingbot.htm) Chrome/103.0.5060.134 Safari/537.36" "ysfine.com"
184.183.29.179 - - [27/Oct/2022:14:21:02 -0700] "GET /feynman/ HTTP/1.1" 200 124 "-" "Mozilla/5.0 (Macintosh; Intel Mac OS X 10_15_7) AppleWebKit/605.1.15 (KHTML, like Gecko) Version/16.0 Safari/605.1.15" "ysfine.com"
184.183.29.179 - - [27/Oct/2022:14:21:02 -0700] "GET /feynman/feyntop.html HTTP/1.1" 200 435 "https://ysfine.com/feynman/" "Mozilla/5.0 (Macintosh; Intel Mac OS X 10_15_7) AppleWebKit/605.1.15 (KHTML, like Gecko) Version/16.0 Safari/605.1.15" "ysfine.com"
184.183.29.179 - - [27/Oct/2022:14:21:02 -0700] "GET /feynman/feynbot.html HTTP/1.1" 200 138 "https://ysfine.com/feynman/" "Mozilla/5.0 (Macintosh; Intel Mac OS X 10_15_7) AppleWebKit/605.1.15 (KHTML, like Gecko) Version/16.0 Safari/605.1.15" "ysfine.com"
184.183.29.179 - - [27/Oct/2022:14:21:02 -0700] "GET /feynman/feynleft.html HTTP/1.1" 200 523 "https://ysfine.com/feynman/feynbot.html" "Mozilla/5.0 (Macintosh; Intel Mac OS X 10_15_7) AppleWebKit/605.1.15 (KHTML, like Gecko) Version/16.0 Safari/605.1.15" "ysfine.com"
184.183.29.179 - - [27/Oct/2022:14:21:02 -0700] "GET /feynman/feynrigh.html HTTP/1.1" 200 2183 "https://ysfine.com/feynman/feynbot.html" "Mozilla/5.0 (Macintosh; Intel Mac OS X 10_15_7) AppleWebKit/605.1.15 (KHTML, like Gecko) Version/16.0 Safari/605.1.15" "ysfine.com"
184.183.29.179 - - [27/Oct/2022:14:21:02 -0700] "GET /feynman/feyn86b.jpg HTTP/1.1" 200 26190 "https://ysfine.com/feynman/feynrigh.html" "Mozilla/5.0 (Macintosh; Intel Mac OS X 10_15_7) AppleWebKit/605.1.15 (KHTML, like Gecko) Version/16.0 Safari/605.1.15" "ysfine.com"
184.183.29.179 - - [27/Oct/2022:14:21:02 -0700] "GET /feynman/feyfirm3.jpg HTTP/1.1" 200 39603 "https://ysfine.com/feynman/feynrigh.html" "Mozilla/5.0 (Macintosh; Intel Mac OS X 10_15_7) AppleWebKit/605.1.15 (KHTML, like Gecko) Version/16.0 Safari/605.1.15" "ysfine.com"
184.183.29.179 - - [27/Oct/2022:14:21:03 -0700] "GET /feynman/jacdrum11b.jpg HTTP/1.1" 200 49846 "https://ysfine.com/feynman/feynrigh.html" "Mozilla/5.0 (Macintosh; Intel Mac OS X 10_15_7) AppleWebKit/605.1.15 (KHTML, like Gecko) Version/16.0 Safari/605.1.15" "ysfine.com"
184.183.29.179 - - [27/Oct/2022:14:21:03 -0700] "GET /favicon.ico HTTP/1.1" 404 88 "https://ysfine.com/feynman/" "Mozilla/5.0 (Macintosh; Intel Mac OS X 10_15_7) AppleWebKit/605.1.15 (KHTML, like Gecko) Version/16.0 Safari/605.1.15" "ysfine.com"
64.124.8.59 - - [27/Oct/2022:14:21:09 -0700] "GET /einstein/webars.html HTTP/1.1" 200 352 "-" "Mozilla/5.0 (X11; Linux x86_64) AppleWebKit/537.36 (KHTML, like Gecko) Chrome/61.0.3163.79 Safari/537.36" "ysfine.com"
156.3.154.2 - - [27/Oct/2022:14:21:38 -0700] "GET /world/places/ulm02.jpg HTTP/1.1" 200 135530 "https://www.google.com/" "Mozilla/5.0 (Windows NT 10.0; Win64; x64) AppleWebKit/537.36 (KHTML, like Gecko) Chrome/107.0.0.0 Safari/537.36" "ysfine.com"
40.77.167.71 - - [27/Oct/2022:14:22:17 -0700] "GET /dirac/bankers.html HTTP/1.1" 200 4453 "-" "Mozilla/5.0 AppleWebKit/537.36 (KHTML, like Gecko; compatible; bingbot/2.0; +http://www.bing.com/bingbot.htm) Chrome/103.0.5060.134 Safari/537.36" "ysfine.com"
184.183.29.179 - - [27/Oct/2022:14:22:20 -0700] "GET /home/feysavior.html HTTP/1.1" 200 2737 "https://ysfine.com/feynman/feynleft.html" "Mozilla/5.0 (Macintosh; Intel Mac OS X 10_15_7) AppleWebKit/605.1.15 (KHTML, like Gecko) Version/16.0 Safari/605.1.15" "ysfine.com"
184.183.29.179 - - [27/Oct/2022:14:22:20 -0700] "GET /kobak/taylor33c.jpg HTTP/1.1" 200 39951 "https://ysfine.com/home/feysavior.html" "Mozilla/5.0 (Macintosh; Intel Mac OS X 10_15_7) AppleWebKit/605.1.15 (KHTML, like Gecko) Version/16.0 Safari/605.1.15" "ysfine.com"
184.183.29.179 - - [27/Oct/2022:14:22:20 -0700] "GET /eink/pwk19c.jpg HTTP/1.1" 200 57759 "https://ysfine.com/home/feysavior.html" "Mozilla/5.0 (Macintosh; Intel Mac OS X 10_15_7) AppleWebKit/605.1.15 (KHTML, like Gecko) Version/16.0 Safari/605.1.15" "ysfine.com"
184.183.29.179 - - [27/Oct/2022:14:22:20 -0700] "GET /feynman/feynman300.jpg HTTP/1.1" 200 18273 "https://ysfine.com/home/feysavior.html" "Mozilla/5.0 (Macintosh; Intel Mac OS X 10_15_7) AppleWebKit/605.1.15 (KHTML, like Gecko) Version/16.0 Safari/605.1.15" "ysfine.com"
184.183.29.179 - - [27/Oct/2022:14:22:20 -0700] "GET /home/comet01c.jpg HTTP/1.1" 200 54311 "https://ysfine.com/home/feysavior.html" "Mozilla/5.0 (Macintosh; Intel Mac OS X 10_15_7) AppleWebKit/605.1.15 (KHTML, like Gecko) Version/16.0 Safari/605.1.15" "ysfine.com"
184.183.29.179 - - [27/Oct/2022:14:22:20 -0700] "GET /eink/eink54a.jpg HTTP/1.1" 200 79717 "https://ysfine.com/home/feysavior.html" "Mozilla/5.0 (Macintosh; Intel Mac OS X 10_15_7) AppleWebKit/605.1.15 (KHTML, like Gecko) Version/16.0 Safari/605.1.15" "ysfine.com"
207.46.13.104 - - [27/Oct/2022:14:22:22 -0700] "GET /wdc/mydc.html HTTP/1.1" 200 1586 "-" "Mozilla/5.0 (compatible; bingbot/2.0; +http://www.bing.com/bingbot.htm)" "ysfine.com"
174.211.43.28 - - [27/Oct/2022:14:22:23 -0700] "GET /kobak/sl628.jpg HTTP/1.1" 200 225100 "https://images.search.yahoo.com/yhs/search;_ylt=AwrhcvMP9lpjChkAEhc2nIlQ;_ylu=c2xrA3RleHQEaXQDQWxzb1RyeV9OBHNlYwNyZWwEcG9zAzY-?p=Seoul%201955&fr2=p:s,v:i,m:rs-top,ct:bing,rgn:top,pos:6&fr=uh3_news_web_gs&hsimp=yhs-att_001&hspart=att&type=sbc_dsl" "Mozilla/5.0 (Windows NT 10.0; Win64; x64) AppleWebKit/537.36 (KHTML, like Gecko) Chrome/107.0.0.0 Safari/537.36" "ysfine.com"
157.55.39.113 - - [27/Oct/2022:14:22:49 -0700] "GET /bio/kowar/index.html HTTP/1.1" 404 88 "-" "Mozilla/5.0 AppleWebKit/537.36 (KHTML, like Gecko; compatible; bingbot/2.0; +http://www.bing.com/bingbot.htm) Chrome/103.0.5060.134 Safari/537.36" "ysfine.com"
212.8.248.163 - - [27/Oct/2022:14:23:14 -0700] "HEAD /world/scandi/vaxdoll11.jpg HTTP/1.1" 200 - "-" "Mozilla/5.0 (Windows NT 6.1; WOW64) AppleWebKit/537.36 (KHTML, like Gecko) Chrome/52.0.2743.82 Safari/537.36" "ysfine.com"
184.183.29.179 - - [27/Oct/2022:14:23:32 -0700] "GET /home/bio.html HTTP/1.1" 404 88 "https://ysfine.com/home/feysavior.html" "Mozilla/5.0 (Macintosh; Intel Mac OS X 10_15_7) AppleWebKit/605.1.15 (KHTML, like Gecko) Version/16.0 Safari/605.1.15" "ysfine.com"
184.183.29.179 - - [27/Oct/2022:14:23:41 -0700] "GET /home/hmbot.html HTTP/1.1" 200 132 "https://ysfine.com/feynman/feyntop.html" "Mozilla/5.0 (Macintosh; Intel Mac OS X 10_15_7) AppleWebKit/605.1.15 (KHTML, like Gecko) Version/16.0 Safari/605.1.15" "ysfine.com"
184.183.29.179 - - [27/Oct/2022:14:23:41 -0700] "GET /home/hmleft.html HTTP/1.1" 200 861 "https://ysfine.com/home/hmbot.html" "Mozilla/5.0 (Macintosh; Intel Mac OS X 10_15_7) AppleWebKit/605.1.15 (KHTML, like Gecko) Version/16.0 Safari/605.1.15" "ysfine.com"
184.183.29.179 - - [27/Oct/2022:14:23:41 -0700] "GET /home/hmrigh.html HTTP/1.1" 200 4214 "https://ysfine.com/home/hmbot.html" "Mozilla/5.0 (Macintosh; Intel Mac OS X 10_15_7) AppleWebKit/605.1.15 (KHTML, like Gecko) Version/16.0 Safari/605.1.15" "ysfine.com"
184.183.29.179 - - [27/Oct/2022:14:23:41 -0700] "GET /ysbio/eink77c.jpg HTTP/1.1" 200 47471 "https://ysfine.com/home/hmrigh.html" "Mozilla/5.0 (Macintosh; Intel Mac OS X 10_15_7) AppleWebKit/605.1.15 (KHTML, like Gecko) Version/16.0 Safari/605.1.15" "ysfine.com"
184.183.29.179 - - [27/Oct/2022:14:23:41 -0700] "GET /ysbio/top21c.jpg HTTP/1.1" 200 53120 "https://ysfine.com/home/hmrigh.html" "Mozilla/5.0 (Macintosh; Intel Mac OS X 10_15_7) AppleWebKit/605.1.15 (KHTML, like Gecko) Version/16.0 Safari/605.1.15" "ysfine.com"
184.183.29.179 - - [27/Oct/2022:14:23:41 -0700] "GET /home/emc22a.jpg HTTP/1.1" 200 59239 "https://ysfine.com/home/hmrigh.html" "Mozilla/5.0 (Macintosh; Intel Mac OS X 10_15_7) AppleWebKit/605.1.15 (KHTML, like Gecko) Version/16.0 Safari/605.1.15" "ysfine.com"
184.183.29.179 - - [27/Oct/2022:14:23:41 -0700] "GET /home/further22a.jpg HTTP/1.1" 200 75776 "https://ysfine.com/home/hmrigh.html" "Mozilla/5.0 (Macintosh; Intel Mac OS X 10_15_7) AppleWebKit/605.1.15 (KHTML, like Gecko) Version/16.0 Safari/605.1.15" "ysfine.com"
184.183.29.179 - - [27/Oct/2022:14:23:41 -0700] "GET /ysbio/socrates55c.jpg HTTP/1.1" 200 36471 "https://ysfine.com/home/hmrigh.html" "Mozilla/5.0 (Macintosh; Intel Mac OS X 10_15_7) AppleWebKit/605.1.15 (KHTML, like Gecko) Version/16.0 Safari/605.1.15" "ysfine.com"
184.183.29.179 - - [27/Oct/2022:14:23:41 -0700] "GET /ysbio/coke300.jpg HTTP/1.1" 200 50941 "https://ysfine.com/home/hmrigh.html" "Mozilla/5.0 (Macintosh; Intel Mac OS X 10_15_7) AppleWebKit/605.1.15 (KHTML, like Gecko) Version/16.0 Safari/605.1.15" "ysfine.com"
184.183.29.179 - - [27/Oct/2022:14:23:41 -0700] "GET /home/figs/einbohr33c.jpg HTTP/1.1" 200 36413 "https://ysfine.com/home/hmrigh.html" "Mozilla/5.0 (Macintosh; Intel Mac OS X 10_15_7) AppleWebKit/605.1.15 (KHTML, like Gecko) Version/16.0 Safari/605.1.15" "ysfine.com"
184.183.29.179 - - [27/Oct/2022:14:23:41 -0700] "GET /ysbio/eward55a.jpg HTTP/1.1" 200 84523 "https://ysfine.com/home/hmrigh.html" "Mozilla/5.0 (Macintosh; Intel Mac OS X 10_15_7) AppleWebKit/605.1.15 (KHTML, like Gecko) Version/16.0 Safari/605.1.15" "ysfine.com"
184.183.29.179 - - [27/Oct/2022:14:23:41 -0700] "GET /home/tollwig11c.jpg HTTP/1.1" 200 28199 "https://ysfine.com/home/hmrigh.html" "Mozilla/5.0 (Macintosh; Intel Mac OS X 10_15_7) AppleWebKit/605.1.15 (KHTML, like Gecko) Version/16.0 Safari/605.1.15" "ysfine.com"
184.183.29.179 - - [27/Oct/2022:14:23:41 -0700] "GET /ysbio/eink/einhaus33c.jpg HTTP/1.1" 200 23792 "https://ysfine.com/home/hmrigh.html" "Mozilla/5.0 (Macintosh; Intel Mac OS X 10_15_7) AppleWebKit/605.1.15 (KHTML, like Gecko) Version/16.0 Safari/605.1.15" "ysfine.com"
184.183.29.179 - - [27/Oct/2022:14:23:41 -0700] "GET /home/comet50a.jpg HTTP/1.1" 200 52015 "https://ysfine.com/home/hmrigh.html" "Mozilla/5.0 (Macintosh; Intel Mac OS X 10_15_7) AppleWebKit/605.1.15 (KHTML, like Gecko) Version/16.0 Safari/605.1.15" "ysfine.com"
184.183.29.179 - - [27/Oct/2022:14:23:41 -0700] "GET /home/facu63c.jpg HTTP/1.1" 200 41710 "https://ysfine.com/home/hmrigh.html" "Mozilla/5.0 (Macintosh; Intel Mac OS X 10_15_7) AppleWebKit/605.1.15 (KHTML, like Gecko) Version/16.0 Safari/605.1.15" "ysfine.com"
184.183.29.179 - - [27/Oct/2022:14:23:41 -0700] "GET /ysbio/eink/einhaus11c.jpg HTTP/1.1" 200 42522 "https://ysfine.com/home/hmrigh.html" "Mozilla/5.0 (Macintosh; Intel Mac OS X 10_15_7) AppleWebKit/605.1.15 (KHTML, like Gecko) Version/16.0 Safari/605.1.15" "ysfine.com"
184.183.29.179 - - [27/Oct/2022:14:23:41 -0700] "GET /ysbio/think55c.jpg HTTP/1.1" 200 37438 "https://ysfine.com/home/hmrigh.html" "Mozilla/5.0 (Macintosh; Intel Mac OS X 10_15_7) AppleWebKit/605.1.15 (KHTML, like Gecko) Version/16.0 Safari/605.1.15" "ysfine.com"
184.183.29.179 - - [27/Oct/2022:14:23:41 -0700] "GET /ysbio/kobak/taylor33c.jpg HTTP/1.1" 200 39951 "https://ysfine.com/home/hmrigh.html" "Mozilla/5.0 (Macintosh; Intel Mac OS X 10_15_7) AppleWebKit/605.1.15 (KHTML, like Gecko) Version/16.0 Safari/605.1.15" "ysfine.com"
51.222.253.20 - - [27/Oct/2022:14:23:50 -0700] "GET /class54/class5470/total_data/sub_281.htm HTTP/1.1" 200 3372 "-" "Mozilla/5.0 (compatible; AhrefsBot/7.0; +http://ahrefs.com/robot/)" "www.ysfine.com"
51.222.253.17 - - [27/Oct/2022:14:23:57 -0700] "GET /class54/class5470/total_data/refer_img/2-87_f.jpg HTTP/1.1" 200 25117 "-" "Mozilla/5.0 (compatible; AhrefsBot/7.0; +http://ahrefs.com/robot/)" "www.ysfine.com"
40.77.167.71 - - [27/Oct/2022:14:23:57 -0700] "GET /wdc/umd.html HTTP/1.1" 200 3139 "-" "Mozilla/5.0 (compatible; bingbot/2.0; +http://www.bing.com/bingbot.htm)" "ysfine.com"
173.73.77.36 - - [27/Oct/2022:14:23:59 -0700] "GET /ysbio/style/index.html HTTP/1.1" 200 129 "https://www.ysfine.com/ys11/" "Mozilla/5.0 (Windows NT 10.0; Win64; x64; rv:106.0) Gecko/20100101 Firefox/106.0" "www.ysfine.com"
173.73.77.36 - - [27/Oct/2022:14:23:59 -0700] "GET /ysbio/style/sttop.html HTTP/1.1" 200 367 "https://www.ysfine.com/ysbio/style/index.html" "Mozilla/5.0 (Windows NT 10.0; Win64; x64; rv:106.0) Gecko/20100101 Firefox/106.0" "www.ysfine.com"
173.73.77.36 - - [27/Oct/2022:14:23:59 -0700] "GET /ysbio/style/stbot.html HTTP/1.1" 304 - "https://www.ysfine.com/ysbio/style/index.html" "Mozilla/5.0 (Windows NT 10.0; Win64; x64; rv:106.0) Gecko/20100101 Firefox/106.0" "www.ysfine.com"
173.73.77.36 - - [27/Oct/2022:14:23:59 -0700] "GET /ysbio/style/strigh.html HTTP/1.1" 304 - "https://www.ysfine.com/ysbio/style/stbot.html" "Mozilla/5.0 (Windows NT 10.0; Win64; x64; rv:106.0) Gecko/20100101 Firefox/106.0" "www.ysfine.com"
173.73.77.36 - - [27/Oct/2022:14:23:59 -0700] "GET /ysbio/style/stleft.html HTTP/1.1" 304 - "https://www.ysfine.com/ysbio/style/stbot.html" "Mozilla/5.0 (Windows NT 10.0; Win64; x64; rv:106.0) Gecko/20100101 Firefox/106.0" "www.ysfine.com"
207.46.13.104 - - [27/Oct/2022:14:24:02 -0700] "GET /kobak/shortw.html HTTP/1.1" 200 3128 "-" "Mozilla/5.0 AppleWebKit/537.36 (KHTML, like Gecko; compatible; bingbot/2.0; +http://www.bing.com/bingbot.htm) Chrome/103.0.5060.134 Safari/537.36" "ysfine.com"
51.222.253.8 - - [27/Oct/2022:14:24:03 -0700] "GET /class54/class5470/total_data/refer_img/2-84_f.jpg HTTP/1.1" 200 19681 "-" "Mozilla/5.0 (compatible; AhrefsBot/7.0; +http://ahrefs.com/robot/)" "www.ysfine.com"
51.222.253.4 - - [27/Oct/2022:14:24:08 -0700] "GET /class54/class5470/total_data/refer_img/2-86_f.jpg HTTP/1.1" 200 26825 "-" "Mozilla/5.0 (compatible; AhrefsBot/7.0; +http://ahrefs.com/robot/)" "www.ysfine.com"
51.222.253.2 - - [27/Oct/2022:14:24:08 -0700] "GET /class54/class5470/total_data/refer_img/2-90_f.jpg HTTP/1.1" 200 29436 "-" "Mozilla/5.0 (compatible; AhrefsBot/7.0; +http://ahrefs.com/robot/)" "www.ysfine.com"
51.222.253.10 - - [27/Oct/2022:14:24:14 -0700] "GET /class54/class5470/total_data/refer_img/2-91_f.jpg HTTP/1.1" 200 39923 "-" "Mozilla/5.0 (compatible; AhrefsBot/7.0; +http://ahrefs.com/robot/)" "www.ysfine.com"
51.222.253.1 - - [27/Oct/2022:14:24:20 -0700] "GET /class54/class5470/total_data/refer_img/2-78_f.jpg HTTP/1.1" 200 31444 "-" "Mozilla/5.0 (compatible; AhrefsBot/7.0; +http://ahrefs.com/robot/)" "www.ysfine.com"
51.222.253.17 - - [27/Oct/2022:14:24:25 -0700] "GET /class54/class5470/total_data/refer_img/2-88_f.jpg HTTP/1.1" 200 27306 "-" "Mozilla/5.0 (compatible; AhrefsBot/7.0; +http://ahrefs.com/robot/)" "www.ysfine.com"
51.222.253.20 - - [27/Oct/2022:14:24:31 -0700] "GET /class54/class5470/total_data/refer_img/2-97_f.jpg HTTP/1.1" 200 24378 "-" "Mozilla/5.0 (compatible; AhrefsBot/7.0; +http://ahrefs.com/robot/)" "www.ysfine.com"
51.222.253.19 - - [27/Oct/2022:14:24:37 -0700] "GET /class54/class5470/total_data/refer_img/2-76_f.jpg HTTP/1.1" 200 22411 "-" "Mozilla/5.0 (compatible; AhrefsBot/7.0; +http://ahrefs.com/robot/)" "www.ysfine.com"
51.222.253.2 - - [27/Oct/2022:14:24:42 -0700] "GET /class54/class5470/total_data/refer_img/2-99_f.jpg HTTP/1.1" 200 22300 "-" "Mozilla/5.0 (compatible; AhrefsBot/7.0; +http://ahrefs.com/robot/)" "www.ysfine.com"
51.222.253.4 - - [27/Oct/2022:14:24:43 -0700] "GET /class54/class5470/total_data/img/sm04_off.gif HTTP/1.1" 200 529 "-" "Mozilla/5.0 (compatible; AhrefsBot/7.0; +http://ahrefs.com/robot/)" "www.ysfine.com"
51.222.253.1 - - [27/Oct/2022:14:24:43 -0700] "GET /class54/class5470/total_data/refer_img/2-75_f.jpg HTTP/1.1" 200 31741 "-" "Mozilla/5.0 (compatible; AhrefsBot/7.0; +http://ahrefs.com/robot/)" "www.ysfine.com"
51.222.253.9 - - [27/Oct/2022:14:24:49 -0700] "GET /class54/class5470/total_data/refer_img/2-93_f.jpg HTTP/1.1" 200 26780 "-" "Mozilla/5.0 (compatible; AhrefsBot/7.0; +http://ahrefs.com/robot/)" "www.ysfine.com"
51.222.253.16 - - [27/Oct/2022:14:24:54 -0700] "GET /class54/class5470/total_data/photo_img/2-81.jpg HTTP/1.1" 200 200561 "-" "Mozilla/5.0 (compatible; AhrefsBot/7.0; +http://ahrefs.com/robot/)" "www.ysfine.com"
51.222.253.5 - - [27/Oct/2022:14:25:01 -0700] "GET /class54/class5470/total_data/refer_img/2-96_f.jpg HTTP/1.1" 200 25213 "-" "Mozilla/5.0 (compatible; AhrefsBot/7.0; +http://ahrefs.com/robot/)" "www.ysfine.com"
51.222.253.4 - - [27/Oct/2022:14:25:07 -0700] "GET /class54/class5470/total_data/refer_img/2-81_f.jpg HTTP/1.1" 200 33734 "-" "Mozilla/5.0 (compatible; AhrefsBot/7.0; +http://ahrefs.com/robot/)" "www.ysfine.com"
51.222.253.14 - - [27/Oct/2022:14:25:08 -0700] "GET /class54/class5470/total_data/refer_img/2-95_f.jpg HTTP/1.1" 200 38174 "-" "Mozilla/5.0 (compatible; AhrefsBot/7.0; +http://ahrefs.com/robot/)" "www.ysfine.com"
51.222.253.17 - - [27/Oct/2022:14:25:13 -0700] "GET /class54/class5470/total_data/refer_img/2-92_f.jpg HTTP/1.1" 200 28182 "-" "Mozilla/5.0 (compatible; AhrefsBot/7.0; +http://ahrefs.com/robot/)" "www.ysfine.com"
51.222.253.15 - - [27/Oct/2022:14:25:19 -0700] "GET /class54/class5470/total_data/refer_img/2-89_f.jpg HTTP/1.1" 200 30615 "-" "Mozilla/5.0 (compatible; AhrefsBot/7.0; +http://ahrefs.com/robot/)" "www.ysfine.com"
64.124.8.59 - - [27/Oct/2022:14:25:19 -0700] "GET /ysbio/bio05.html HTTP/1.1" 200 14650 "-" "Mozilla/5.0 (X11; Linux x86_64) AppleWebKit/537.36 (KHTML, like Gecko) Chrome/61.0.3163.79 Safari/537.36" "ysfine.com"
173.73.77.36 - - [27/Oct/2022:14:25:24 -0700] "GET /ysbio/bio04.html HTTP/1.1" 200 4635 "https://www.ysfine.com/ys11/" "Mozilla/5.0 (Windows NT 10.0; Win64; x64; rv:106.0) Gecko/20100101 Firefox/106.0" "www.ysfine.com"
173.73.77.36 - - [27/Oct/2022:14:25:24 -0700] "GET /ysbio/hunmin22c.jpg HTTP/1.1" 200 55235 "https://www.ysfine.com/ysbio/bio04.html" "Mozilla/5.0 (Windows NT 10.0; Win64; x64; rv:106.0) Gecko/20100101 Firefox/106.0" "www.ysfine.com"
173.73.77.36 - - [27/Oct/2022:14:25:24 -0700] "GET /ysbio/comet01d.jpg HTTP/1.1" 200 66770 "https://www.ysfine.com/ysbio/bio04.html" "Mozilla/5.0 (Windows NT 10.0; Win64; x64; rv:106.0) Gecko/20100101 Firefox/106.0" "www.ysfine.com"
173.73.77.36 - - [27/Oct/2022:14:25:24 -0700] "GET /ysbio/comet40d.jpg HTTP/1.1" 200 54378 "https://www.ysfine.com/ysbio/bio04.html" "Mozilla/5.0 (Windows NT 10.0; Win64; x64; rv:106.0) Gecko/20100101 Firefox/106.0" "www.ysfine.com"
173.73.77.36 - - [27/Oct/2022:14:25:24 -0700] "GET /ysbio/bek66aa.jpg HTTP/1.1" 200 66817 "https://www.ysfine.com/ysbio/bio04.html" "Mozilla/5.0 (Windows NT 10.0; Win64; x64; rv:106.0) Gecko/20100101 Firefox/106.0" "www.ysfine.com"
173.73.77.36 - - [27/Oct/2022:14:25:24 -0700] "GET /ysbio/bek22a.jpg HTTP/1.1" 200 50408 "https://www.ysfine.com/ysbio/bio04.html" "Mozilla/5.0 (Windows NT 10.0; Win64; x64; rv:106.0) Gecko/20100101 Firefox/106.0" "www.ysfine.com"
173.73.77.36 - - [27/Oct/2022:14:25:24 -0700] "GET /ysbio/dirac/dirac39c.jpg HTTP/1.1" 200 54568 "https://www.ysfine.com/ysbio/bio04.html" "Mozilla/5.0 (Windows NT 10.0; Win64; x64; rv:106.0) Gecko/20100101 Firefox/106.0" "www.ysfine.com"
173.73.77.36 - - [27/Oct/2022:14:25:24 -0700] "GET /ysbio/dirackn55a.jpg HTTP/1.1" 200 85505 "https://www.ysfine.com/ysbio/bio04.html" "Mozilla/5.0 (Windows NT 10.0; Win64; x64; rv:106.0) Gecko/20100101 Firefox/106.0" "www.ysfine.com"
173.73.77.36 - - [27/Oct/2022:14:25:24 -0700] "GET /ysbio/bek55c.jpg HTTP/1.1" 200 27076 "https://www.ysfine.com/ysbio/bio04.html" "Mozilla/5.0 (Windows NT 10.0; Win64; x64; rv:106.0) Gecko/20100101 Firefox/106.0" "www.ysfine.com"
51.222.253.5 - - [27/Oct/2022:14:25:25 -0700] "GET /class54/class5470/total_data/refer_img/2-77_f.jpg HTTP/1.1" 200 26669 "-" "Mozilla/5.0 (compatible; AhrefsBot/7.0; +http://ahrefs.com/robot/)" "www.ysfine.com"
51.222.253.8 - - [27/Oct/2022:14:25:31 -0700] "GET /class54/class5470/total_data/refer_img/2-85_f.jpg HTTP/1.1" 200 31871 "-" "Mozilla/5.0 (compatible; AhrefsBot/7.0; +http://ahrefs.com/robot/)" "www.ysfine.com"
157.55.39.121 - - [27/Oct/2022:14:25:31 -0700] "GET /confer/inbot.html HTTP/1.1" 200 2463 "-" "Mozilla/5.0 AppleWebKit/537.36 (KHTML, like Gecko; compatible; bingbot/2.0; +http://www.bing.com/bingbot.htm) Chrome/103.0.5060.134 Safari/537.36" "ysfine.com"
51.222.253.2 - - [27/Oct/2022:14:25:37 -0700] "GET /class54/class5470/total_data/refer_img/2-98_f.jpg HTTP/1.1" 200 33912 "-" "Mozilla/5.0 (compatible; AhrefsBot/7.0; +http://ahrefs.com/robot/)" "www.ysfine.com"
173.73.77.36 - - [27/Oct/2022:14:25:39 -0700] "GET /ysbio/bio10.html HTTP/1.1" 200 4224 "https://www.ysfine.com/ys11/" "Mozilla/5.0 (Windows NT 10.0; Win64; x64; rv:106.0) Gecko/20100101 Firefox/106.0" "www.ysfine.com"
173.73.77.36 - - [27/Oct/2022:14:25:39 -0700] "GET /ysbio/ysnr11c.jpg HTTP/1.1" 200 36964 "https://www.ysfine.com/ysbio/bio10.html" "Mozilla/5.0 (Windows NT 10.0; Win64; x64; rv:106.0) Gecko/20100101 Firefox/106.0" "www.ysfine.com"
173.73.77.36 - - [27/Oct/2022:14:25:39 -0700] "GET /ysbio/figs/pwk450.jpg HTTP/1.1" 200 84171 "https://www.ysfine.com/ysbio/bio10.html" "Mozilla/5.0 (Windows NT 10.0; Win64; x64; rv:106.0) Gecko/20100101 Firefox/106.0" "www.ysfine.com"
173.73.77.36 - - [27/Oct/2022:14:25:39 -0700] "GET /ysbio/fotos/bohr11d.jpg HTTP/1.1" 200 28973 "https://www.ysfine.com/ysbio/bio10.html" "Mozilla/5.0 (Windows NT 10.0; Win64; x64; rv:106.0) Gecko/20100101 Firefox/106.0" "www.ysfine.com"
173.73.77.36 - - [27/Oct/2022:14:25:39 -0700] "GET /ysbio/figs/evol77d.jpg HTTP/1.1" 200 66615 "https://www.ysfine.com/ysbio/bio10.html" "Mozilla/5.0 (Windows NT 10.0; Win64; x64; rv:106.0) Gecko/20100101 Firefox/106.0" "www.ysfine.com"
173.73.77.36 - - [27/Oct/2022:14:25:39 -0700] "GET /ysbio/fotos/eins05d.jpg HTTP/1.1" 200 41012 "https://www.ysfine.com/ysbio/bio10.html" "Mozilla/5.0 (Windows NT 10.0; Win64; x64; rv:106.0) Gecko/20100101 Firefox/106.0" "www.ysfine.com"
173.73.77.36 - - [27/Oct/2022:14:25:39 -0700] "GET /ysbio/fotos/einbohr11d.jpg HTTP/1.1" 200 63963 "https://www.ysfine.com/ysbio/bio10.html" "Mozilla/5.0 (Windows NT 10.0; Win64; x64; rv:106.0) Gecko/20100101 Firefox/106.0" "www.ysfine.com"
173.73.77.36 - - [27/Oct/2022:14:25:39 -0700] "GET /ysbio/ewk86f.jpg HTTP/1.1" 200 123121 "https://www.ysfine.com/ysbio/bio10.html" "Mozilla/5.0 (Windows NT 10.0; Win64; x64; rv:106.0) Gecko/20100101 Firefox/106.0" "www.ysfine.com"
173.73.77.36 - - [27/Oct/2022:14:25:39 -0700] "GET /ysbio/fotos/bridge11f.jpg HTTP/1.1" 200 104274 "https://www.ysfine.com/ysbio/bio10.html" "Mozilla/5.0 (Windows NT 10.0; Win64; x64; rv:106.0) Gecko/20100101 Firefox/106.0" "www.ysfine.com"
51.222.253.18 - - [27/Oct/2022:14:25:42 -0700] "GET /class54/class5470/total_data/refer_img/2-80_f.jpg HTTP/1.1" 200 31729 "-" "Mozilla/5.0 (compatible; AhrefsBot/7.0; +http://ahrefs.com/robot/)" "www.ysfine.com"
51.222.253.16 - - [27/Oct/2022:14:25:48 -0700] "GET /class54/class5470/total_data/refer_img/2-82_f.jpg HTTP/1.1" 200 30369 "-" "Mozilla/5.0 (compatible; AhrefsBot/7.0; +http://ahrefs.com/robot/)" "www.ysfine.com"
51.222.253.4 - - [27/Oct/2022:14:25:53 -0700] "GET /class54/class5470/total_data/refer_img/2-83_f.jpg HTTP/1.1" 200 25264 "-" "Mozilla/5.0 (compatible; AhrefsBot/7.0; +http://ahrefs.com/robot/)" "www.ysfine.com"
184.183.29.179 - - [27/Oct/2022:14:25:53 -0700] "GET /ysbio/cv/kimcv.pdf HTTP/1.1" 200 26932 "https://ysfine.com/home/hmleft.html" "Mozilla/5.0 (Macintosh; Intel Mac OS X 10_15_7) AppleWebKit/605.1.15 (KHTML, like Gecko) Version/16.0 Safari/605.1.15" "ysfine.com"
157.55.39.14 - - [27/Oct/2022:14:25:58 -0700] "GET /princeton/gcollege.html HTTP/1.1" 200 504 "-" "Mozilla/5.0 (compatible; bingbot/2.0; +http://www.bing.com/bingbot.htm)" "ysfine.com"
51.222.253.14 - - [27/Oct/2022:14:25:59 -0700] "GET /class54/class5470/total_data/refer_img/2-94_f.jpg HTTP/1.1" 200 44068 "-" "Mozilla/5.0 (compatible; AhrefsBot/7.0; +http://ahrefs.com/robot/)" "www.ysfine.com"
64.124.8.59 - - [27/Oct/2022:14:26:03 -0700] "GET /ysbio/bio08.html HTTP/1.1" 200 10491 "-" "Mozilla/5.0 (X11; Linux x86_64) AppleWebKit/537.36 (KHTML, like Gecko) Chrome/61.0.3163.79 Safari/537.36" "ysfine.com"
184.183.29.179 - - [27/Oct/2022:14:27:36 -0700] "GET /ysbio/dirac/dirk62.html HTTP/1.1" 200 3930 "https://ysfine.com/home/hmleft.html" "Mozilla/5.0 (Macintosh; Intel Mac OS X 10_15_7) AppleWebKit/605.1.15 (KHTML, like Gecko) Version/16.0 Safari/605.1.15" "ysfine.com"
184.183.29.179 - - [27/Oct/2022:14:27:36 -0700] "GET /ysbio/dirac/nicodem11d.jpg HTTP/1.1" 200 141167 "https://ysfine.com/ysbio/dirac/dirk62.html" "Mozilla/5.0 (Macintosh; Intel Mac OS X 10_15_7) AppleWebKit/605.1.15 (KHTML, like Gecko) Version/16.0 Safari/605.1.15" "ysfine.com"
184.183.29.179 - - [27/Oct/2022:14:27:36 -0700] "GET /ysbio/dirac/feydirac450.jpg HTTP/1.1" 200 40491 "https://ysfine.com/ysbio/dirac/dirk62.html" "Mozilla/5.0 (Macintosh; Intel Mac OS X 10_15_7) AppleWebKit/605.1.15 (KHTML, like Gecko) Version/16.0 Safari/605.1.15" "ysfine.com"
184.183.29.179 - - [27/Oct/2022:14:27:36 -0700] "GET /ysbio/dirac/dirk6201.jpg HTTP/1.1" 200 51283 "https://ysfine.com/ysbio/dirac/dirk62.html" "Mozilla/5.0 (Macintosh; Intel Mac OS X 10_15_7) AppleWebKit/605.1.15 (KHTML, like Gecko) Version/16.0 Safari/605.1.15" "ysfine.com"
184.183.29.179 - - [27/Oct/2022:14:27:36 -0700] "GET /ysbio/dirac/dirwig55d.jpg HTTP/1.1" 200 47442 "https://ysfine.com/ysbio/dirac/dirk62.html" "Mozilla/5.0 (Macintosh; Intel Mac OS X 10_15_7) AppleWebKit/605.1.15 (KHTML, like Gecko) Version/16.0 Safari/605.1.15" "ysfine.com"
184.183.29.179 - - [27/Oct/2022:14:27:36 -0700] "GET /ysbio/dirac/coupo02d.jpg HTTP/1.1" 200 49502 "https://ysfine.com/ysbio/dirac/dirk62.html" "Mozilla/5.0 (Macintosh; Intel Mac OS X 10_15_7) AppleWebKit/605.1.15 (KHTML, like Gecko) Version/16.0 Safari/605.1.15" "ysfine.com"
184.183.29.179 - - [27/Oct/2022:14:27:36 -0700] "GET /ysbio/dirac/dirk6202f.jpg HTTP/1.1" 200 62459 "https://ysfine.com/ysbio/dirac/dirk62.html" "Mozilla/5.0 (Macintosh; Intel Mac OS X 10_15_7) AppleWebKit/605.1.15 (KHTML, like Gecko) Version/16.0 Safari/605.1.15" "ysfine.com"
184.183.29.179 - - [27/Oct/2022:14:27:36 -0700] "GET /ysbio/dirac/dfkim11d.jpg HTTP/1.1" 200 51242 "https://ysfine.com/ysbio/dirac/dirk62.html" "Mozilla/5.0 (Macintosh; Intel Mac OS X 10_15_7) AppleWebKit/605.1.15 (KHTML, like Gecko) Version/16.0 Safari/605.1.15" "ysfine.com"
184.183.29.179 - - [27/Oct/2022:14:27:36 -0700] "GET /ysbio/dirac/diracqm11f.jpg HTTP/1.1" 200 109178 "https://ysfine.com/ysbio/dirac/dirk62.html" "Mozilla/5.0 (Macintosh; Intel Mac OS X 10_15_7) AppleWebKit/605.1.15 (KHTML, like Gecko) Version/16.0 Safari/605.1.15" "ysfine.com"
184.183.29.179 - - [27/Oct/2022:14:27:36 -0700] "GET /ysbio/eink/eink400.jpg HTTP/1.1" 200 49740 "https://ysfine.com/ysbio/dirac/dirk62.html" "Mozilla/5.0 (Macintosh; Intel Mac OS X 10_15_7) AppleWebKit/605.1.15 (KHTML, like Gecko) Version/16.0 Safari/605.1.15" "ysfine.com"
40.77.167.27 - - [27/Oct/2022:14:28:43 -0700] "GET /people/pimage.html HTTP/1.1" 200 7965 "-" "Mozilla/5.0 AppleWebKit/537.36 (KHTML, like Gecko; compatible; bingbot/2.0; +http://www.bing.com/bingbot.htm) Chrome/103.0.5060.134 Safari/537.36" "ysfine.com"
40.77.167.27 - - [27/Oct/2022:14:29:01 -0700] "GET /world/france/champ9604.jpg HTTP/1.1" 200 102875 "-" "Mozilla/5.0 AppleWebKit/537.36 (KHTML, like Gecko; compatible; bingbot/2.0; +http://www.bing.com/bingbot.htm) Chrome/103.0.5060.134 Safari/537.36" "www.ysfine.com"
207.46.13.104 - - [27/Oct/2022:14:29:07 -0700] "GET /kobak/soraech.html HTTP/1.1" 200 16670 "-" "Mozilla/5.0 (compatible; bingbot/2.0; +http://www.bing.com/bingbot.htm)" "www.ysfine.com"
157.55.39.113 - - [27/Oct/2022:14:29:08 -0700] "GET /style/songs.html HTTP/1.1" 200 31567 "-" "Mozilla/5.0 AppleWebKit/537.36 (KHTML, like Gecko; compatible; bingbot/2.0; +http://www.bing.com/bingbot.htm) Chrome/103.0.5060.134 Safari/537.36" "www.ysfine.com"
157.55.39.14 - - [27/Oct/2022:14:29:12 -0700] "GET /world/brit/etonharrow.html HTTP/1.1" 200 4546 "-" "Mozilla/5.0 (compatible; bingbot/2.0; +http://www.bing.com/bingbot.htm)" "www.ysfine.com"
40.77.167.27 - - [27/Oct/2022:14:29:12 -0700] "GET /wigner/little.html HTTP/1.1" 200 3088 "-" "Mozilla/5.0 (compatible; bingbot/2.0; +http://www.bing.com/bingbot.htm)" "www.ysfine.com"
40.77.167.27 - - [27/Oct/2022:14:29:21 -0700] "GET /home/feysavior.html HTTP/1.1" 200 2737 "-" "Mozilla/5.0 AppleWebKit/537.36 (KHTML, like Gecko; compatible; bingbot/2.0; +http://www.bing.com/bingbot.htm) Chrome/103.0.5060.134 Safari/537.36" "www.ysfine.com"
207.46.13.104 - - [27/Oct/2022:14:29:29 -0700] "GET /wdc/waskor.html HTTP/1.1" 200 7729 "-" "Mozilla/5.0 (compatible; bingbot/2.0; +http://www.bing.com/bingbot.htm)" "ysfine.com"
157.167.22.180 - - [27/Oct/2022:14:29:38 -0700] "GET /dirac/dirac44.jpg HTTP/1.1" 200 73817 "https://www.google.com/" "Mozilla/5.0 (Windows NT 10.0; Win64; x64) AppleWebKit/537.36 (KHTML, like Gecko) Chrome/106.0.0.0 Safari/537.36" "ysfine.com"
40.77.167.27 - - [27/Oct/2022:14:30:12 -0700] "GET /world/kazan.html HTTP/1.1" 200 13929 "-" "Mozilla/5.0 (compatible; bingbot/2.0; +http://www.bing.com/bingbot.htm)" "ysfine.com"
157.55.39.121 - - [27/Oct/2022:14:30:17 -0700] "GET /world/stoc.html HTTP/1.1" 200 5400 "-" "Mozilla/5.0 (compatible; bingbot/2.0; +http://www.bing.com/bingbot.htm)" "ysfine.com"
157.55.39.113 - - [27/Oct/2022:14:30:40 -0700] "GET /world/istanbul.html HTTP/1.1" 200 11361 "-" "Mozilla/5.0 AppleWebKit/537.36 (KHTML, like Gecko; compatible; bingbot/2.0; +http://www.bing.com/bingbot.htm) Chrome/103.0.5060.134 Safari/537.36" "ysfine.com"
40.77.167.71 - - [27/Oct/2022:14:30:58 -0700] "GET /princeton/pstorie.html HTTP/1.1" 200 1462 "-" "Mozilla/5.0 (compatible; bingbot/2.0; +http://www.bing.com/bingbot.htm)" "ysfine.com"
123.183.224.89 - - [27/Oct/2022:14:30:58 -0700] "GET / HTTP/1.1" 200 5283 "-" "Sogou web spider/4.0(+http://www.sogou.com/docs/help/webmasters.htm#07)" "www.ysfine.com"
207.46.13.104 - - [27/Oct/2022:14:31:39 -0700] "GET /bio/sbk/1950.html HTTP/1.1" 404 88 "-" "Mozilla/5.0 (compatible; bingbot/2.0; +http://www.bing.com/bingbot.htm)" "ysfine.com"
157.55.39.113 - - [27/Oct/2022:14:32:40 -0700] "GET /kobak/kimjap.html HTTP/1.1" 200 2410 "-" "Mozilla/5.0 AppleWebKit/537.36 (KHTML, like Gecko; compatible; bingbot/2.0; +http://www.bing.com/bingbot.htm) Chrome/103.0.5060.134 Safari/537.36" "ysfine.com"
157.55.39.14 - - [27/Oct/2022:14:32:58 -0700] "GET /world/russ/dubnaf.html HTTP/1.1" 200 1239 "-" "Mozilla/5.0 (compatible; bingbot/2.0; +http://www.bing.com/bingbot.htm)" "www.ysfine.com"
157.55.39.113 - - [27/Oct/2022:14:33:10 -0700] "GET /kobak/warstorie.html HTTP/1.1" 200 6645 "-" "Mozilla/5.0 AppleWebKit/537.36 (KHTML, like Gecko; compatible; bingbot/2.0; +http://www.bing.com/bingbot.htm) Chrome/103.0.5060.134 Safari/537.36" "ysfine.com"
207.46.13.104 - - [27/Oct/2022:14:33:29 -0700] "GET /maga/mellon.html HTTP/1.1" 200 2949 "-" "Mozilla/5.0 AppleWebKit/537.36 (KHTML, like Gecko; compatible; bingbot/2.0; +http://www.bing.com/bingbot.htm) Chrome/103.0.5060.134 Safari/537.36" "ysfine.com"
87.159.111.49 - - [27/Oct/2022:14:34:11 -0700] "GET /einstein/photoel.html HTTP/1.1" 200 6054 "https://www.ysfine.com/home/optics.html" "Mozilla/5.0 (Windows NT 10.0; Win64; x64; rv:106.0) Gecko/20100101 Firefox/106.0" "www.ysfine.com"
87.159.111.49 - - [27/Oct/2022:14:34:11 -0700] "GET /einstein/photoelb.gif HTTP/1.1" 200 6551 "https://www.ysfine.com/einstein/photoel.html" "Mozilla/5.0 (Windows NT 10.0; Win64; x64; rv:106.0) Gecko/20100101 Firefox/106.0" "www.ysfine.com"
87.159.111.49 - - [27/Oct/2022:14:34:11 -0700] "GET /einstein/photoelr.gif HTTP/1.1" 200 4549 "https://www.ysfine.com/einstein/photoel.html" "Mozilla/5.0 (Windows NT 10.0; Win64; x64; rv:106.0) Gecko/20100101 Firefox/106.0" "www.ysfine.com"
157.55.39.121 - - [27/Oct/2022:14:34:23 -0700] "GET /ysbio/usca/pgh.html HTTP/1.1" 200 13572 "-" "Mozilla/5.0 (compatible; bingbot/2.0; +http://www.bing.com/bingbot.htm)" "ysfine.com"
40.77.167.27 - - [27/Oct/2022:14:35:44 -0700] "GET /home/hepth.html HTTP/1.1" 200 2544 "-" "Mozilla/5.0 AppleWebKit/537.36 (KHTML, like Gecko; compatible; bingbot/2.0; +http://www.bing.com/bingbot.htm) Chrome/103.0.5060.134 Safari/537.36" "ysfine.com"
207.46.13.104 - - [27/Oct/2022:14:35:48 -0700] "GET /wisdom/wk03.html HTTP/1.1" 304 - "-" "Mozilla/5.0 AppleWebKit/537.36 (KHTML, like Gecko; compatible; bingbot/2.0; +http://www.bing.com/bingbot.htm) Chrome/103.0.5060.134 Safari/537.36" "ysfine.com"
216.244.66.229 - - [27/Oct/2022:14:36:31 -0700] "GET /robots.txt HTTP/1.1" 404 73 "-" "Mozilla/5.0 (compatible; DotBot/1.2; +https://opensiteexplorer.org/dotbot; help@moz.com)" "www.ysfine.com"
157.55.39.14 - - [27/Oct/2022:14:36:49 -0700] "GET /wigner/maxwig.html HTTP/1.1" 200 8080 "-" "Mozilla/5.0 AppleWebKit/537.36 (KHTML, like Gecko; compatible; bingbot/2.0; +http://www.bing.com/bingbot.htm) Chrome/103.0.5060.134 Safari/537.36" "ysfine.com"
207.46.13.104 - - [27/Oct/2022:14:36:59 -0700] "GET /usca/pitt/westifn.html HTTP/1.1" 200 1525 "-" "Mozilla/5.0 (compatible; bingbot/2.0; +http://www.bing.com/bingbot.htm)" "ysfine.com"
64.124.8.59 - - [27/Oct/2022:14:37:15 -0700] "GET /ysbio/style/stbot.html HTTP/1.1" 200 122 "-" "Mozilla/5.0 (X11; Linux x86_64) AppleWebKit/537.36 (KHTML, like Gecko) Chrome/61.0.3163.79 Safari/537.36" "ysfine.com"
207.46.13.104 - - [27/Oct/2022:14:37:18 -0700] "GET /ysbio/usca/pitt/chungho1.pdf HTTP/1.1" 200 795445 "-" "Mozilla/5.0 AppleWebKit/537.36 (KHTML, like Gecko; compatible; bingbot/2.0; +http://www.bing.com/bingbot.htm) Chrome/103.0.5060.134 Safari/537.36" "ysfine.com"
157.55.39.113 - - [27/Oct/2022:14:37:19 -0700] "GET /ysbio/sbk/index.html HTTP/1.1" 200 198 "-" "Mozilla/5.0 (compatible; bingbot/2.0; +http://www.bing.com/bingbot.htm)" "ysfine.com"
40.77.139.70 - - [27/Oct/2022:14:37:21 -0700] "GET /ysbio/sbk/sbleft.html HTTP/1.1" 200 426 "https://ysfine.com/ysbio/sbk/index.html" "Mozilla/5.0 (Windows NT 6.1; WOW64) AppleWebKit/534+ (KHTML, like Gecko) BingPreview/1.0b" "ysfine.com"
40.77.139.70 - - [27/Oct/2022:14:37:21 -0700] "GET /ysbio/sbk/1950.html HTTP/1.1" 200 5522 "https://ysfine.com/ysbio/sbk/index.html" "Mozilla/5.0 (Windows NT 6.1; WOW64) AppleWebKit/534+ (KHTML, like Gecko) BingPreview/1.0b" "ysfine.com"
40.77.167.27 - - [27/Oct/2022:14:37:22 -0700] "GET /ysbio/usca/pitt/chungho2.pdf HTTP/1.1" 200 453574 "-" "Mozilla/5.0 (compatible; bingbot/2.0; +http://www.bing.com/bingbot.htm)" "ysfine.com"
157.55.39.121 - - [27/Oct/2022:14:37:22 -0700] "GET /ysbio/usca/pitt/carnlab11.pdf HTTP/1.1" 200 590392 "-" "Mozilla/5.0 (compatible; bingbot/2.0; +http://www.bing.com/bingbot.htm)" "ysfine.com"
157.55.39.14 - - [27/Oct/2022:14:37:22 -0700] "GET /ysbio/usca/pitt/carnlab22.pdf HTTP/1.1" 200 3163068 "-" "Mozilla/5.0 AppleWebKit/537.36 (KHTML, like Gecko; compatible; bingbot/2.0; +http://www.bing.com/bingbot.htm) Chrome/103.0.5060.134 Safari/537.36" "ysfine.com"
157.55.39.113 - - [27/Oct/2022:14:37:29 -0700] "GET /ysbio/einstein/einfine.html HTTP/1.1" 200 554 "-" "Mozilla/5.0 AppleWebKit/537.36 (KHTML, like Gecko; compatible; bingbot/2.0; +http://www.bing.com/bingbot.htm) Chrome/103.0.5060.134 Safari/537.36" "ysfine.com"
157.55.39.113 - - [27/Oct/2022:14:37:29 -0700] "GET /ysbio/usca/pgh22.html HTTP/1.1" 200 11391 "-" "Mozilla/5.0 (compatible; bingbot/2.0; +http://www.bing.com/bingbot.htm)" "ysfine.com"
157.55.39.113 - - [27/Oct/2022:14:37:30 -0700] "GET /ysbio/kobak/repose.html HTTP/1.1" 200 4578 "-" "Mozilla/5.0 (compatible; bingbot/2.0; +http://www.bing.com/bingbot.htm)" "ysfine.com"
157.55.39.113 - - [27/Oct/2022:14:37:30 -0700] "GET /ysbio/yspapers/dubna96.pdf HTTP/1.1" 200 155599 "-" "Mozilla/5.0 (compatible; bingbot/2.0; +http://www.bing.com/bingbot.htm)" "ysfine.com"
40.89.243.175 - - [27/Oct/2022:14:37:50 -0700] "GET /world/russ/kazanmap22.jpg HTTP/1.1" 200 129761 "-" "DuckDuckBot/1.1; (+http://duckduckgo.com/duckduckbot.html)" "www.ysfine.com"
157.55.39.121 - - [27/Oct/2022:14:38:02 -0700] "GET /ysbio/maga/sarnoff.html HTTP/1.1" 200 7540 "-" "Mozilla/5.0 (compatible; bingbot/2.0; +http://www.bing.com/bingbot.htm)" "ysfine.com"
130.18.104.161 - - [27/Oct/2022:14:38:06 -0700] "GET /world/germany/trier14.jpg HTTP/1.1" 200 315898 "https://images.search.yahoo.com/search/images;_ylt=AwrNPHwY.lpjirEiErJXNyoA;_ylu=Y29sbwNiZjEEcG9zAzEEdnRpZANMT0NVSTA1NENfMQRzZWMDcGl2cw--?p=Basilica+of+Constantine+at+Trier+roof&fr2=piv-web&type=E211US105G0&fr=mcafee" "Mozilla/5.0 (Windows NT 10.0; Win64; x64) AppleWebKit/537.36 (KHTML, like Gecko) Chrome/106.0.0.0 Safari/537.36" "ysfine.com"
130.18.104.161 - - [27/Oct/2022:14:38:13 -0700] "GET /world/germany/trier18.jpg HTTP/1.1" 200 168383 "https://images.search.yahoo.com/search/images;_ylt=AwrNPHwY.lpjirEiErJXNyoA;_ylu=Y29sbwNiZjEEcG9zAzEEdnRpZANMT0NVSTA1NENfMQRzZWMDcGl2cw--?p=Basilica+of+Constantine+at+Trier+roof&fr2=piv-web&type=E211US105G0&fr=mcafee" "Mozilla/5.0 (Windows NT 10.0; Win64; x64) AppleWebKit/537.36 (KHTML, like Gecko) Chrome/106.0.0.0 Safari/537.36" "ysfine.com"
130.18.104.161 - - [27/Oct/2022:14:38:24 -0700] "GET /world/germany/trier15.jpg HTTP/1.1" 200 287871 "https://images.search.yahoo.com/search/images;_ylt=AwrNPHwY.lpjirEiErJXNyoA;_ylu=Y29sbwNiZjEEcG9zAzEEdnRpZANMT0NVSTA1NENfMQRzZWMDcGl2cw--?p=Basilica+of+Constantine+at+Trier+roof&fr2=piv-web&type=E211US105G0&fr=mcafee" "Mozilla/5.0 (Windows NT 10.0; Win64; x64) AppleWebKit/537.36 (KHTML, like Gecko) Chrome/106.0.0.0 Safari/537.36" "ysfine.com"
40.77.167.27 - - [27/Oct/2022:14:38:34 -0700] "GET /ysbio/princeton/campus.html HTTP/1.1" 200 15142 "-" "Mozilla/5.0 (compatible; bingbot/2.0; +http://www.bing.com/bingbot.htm)" "ysfine.com"
157.55.39.113 - - [27/Oct/2022:14:38:39 -0700] "GET /ysbio/usca/pitt/zunggul.pdf HTTP/1.1" 404 88 "-" "Mozilla/5.0 (compatible; bingbot/2.0; +http://www.bing.com/bingbot.htm)" "ysfine.com"
157.55.39.113 - - [27/Oct/2022:14:38:39 -0700] "GET /ysbio/maga/mellon.html HTTP/1.1" 200 2949 "-" "Mozilla/5.0 (compatible; bingbot/2.0; +http://www.bing.com/bingbot.htm)" "ysfine.com"
157.55.39.113 - - [27/Oct/2022:14:39:00 -0700] "GET /ysbio/usca/pitt/zunggul.pdf HTTP/1.1" 404 88 "-" "Mozilla/5.0 AppleWebKit/537.36 (KHTML, like Gecko; compatible; bingbot/2.0; +http://www.bing.com/bingbot.htm) Chrome/103.0.5060.134 Safari/537.36" "ysfine.com"
157.55.39.121 - - [27/Oct/2022:14:39:33 -0700] "GET /kowar/tanks.html HTTP/1.1" 200 8702 "-" "Mozilla/5.0 AppleWebKit/537.36 (KHTML, like Gecko; compatible; bingbot/2.0; +http://www.bing.com/bingbot.htm) Chrome/103.0.5060.134 Safari/537.36" "ysfine.com"
157.55.39.113 - - [27/Oct/2022:14:39:49 -0700] "GET /ysbio/princeton/brooke.html HTTP/1.1" 200 952 "-" "Mozilla/5.0 AppleWebKit/537.36 (KHTML, like Gecko; compatible; bingbot/2.0; +http://www.bing.com/bingbot.htm) Chrome/103.0.5060.134 Safari/537.36" "ysfine.com"
40.77.167.27 - - [27/Oct/2022:14:39:54 -0700] "GET /ysbio/einstein/einabel.html HTTP/1.1" 200 5982 "-" "Mozilla/5.0 AppleWebKit/537.36 (KHTML, like Gecko; compatible; bingbot/2.0; +http://www.bing.com/bingbot.htm) Chrome/103.0.5060.134 Safari/537.36" "ysfine.com"
