54.161.41.102 - - [27/Oct/2022:13:19:17 -0700] "GET /wdc/kobell09.jpg HTTP/1.1" 200 124249 "-" "Mozilla/5.0 (compatible; Neevabot/1.0; +https://neeva.com/neevabot)" "ysfine.com"
54.161.41.102 - - [27/Oct/2022:13:19:18 -0700] "GET /princeton/nassin06.jpg HTTP/1.1" 200 135334 "-" "Mozilla/5.0 (compatible; Neevabot/1.0; +https://neeva.com/neevabot)" "ysfine.com"
54.161.41.102 - - [27/Oct/2022:13:19:19 -0700] "GET /people/jgriffin.jpg HTTP/1.1" 200 110098 "-" "Mozilla/5.0 (compatible; Neevabot/1.0; +https://neeva.com/neevabot)" "ysfine.com"
54.161.41.102 - - [27/Oct/2022:13:19:20 -0700] "GET /wdc/sakura.html HTTP/1.1" 200 381 "-" "Mozilla/5.0 (compatible; Neevabot/1.0; +https://neeva.com/neevabot)" "ysfine.com"
54.161.41.102 - - [27/Oct/2022:13:19:21 -0700] "GET /wigner/neum/vnc06.jpg HTTP/1.1" 200 112606 "-" "Mozilla/5.0 (compatible; Neevabot/1.0; +https://neeva.com/neevabot)" "ysfine.com"
207.46.13.104 - - [27/Oct/2022:13:19:22 -0700] "GET /style/bstring.html HTTP/1.1" 200 901 "-" "Mozilla/5.0 (compatible; bingbot/2.0; +http://www.bing.com/bingbot.htm)" "www.ysfine.com"
54.161.41.102 - - [27/Oct/2022:13:19:23 -0700] "GET /usca/pitt/mtwash05.jpg HTTP/1.1" 200 74374 "-" "Mozilla/5.0 (compatible; Neevabot/1.0; +https://neeva.com/neevabot)" "www.ysfine.com"
54.161.41.102 - - [27/Oct/2022:13:19:23 -0700] "GET /usca/pitt/pitcn01.jpg HTTP/1.1" 200 82539 "-" "Mozilla/5.0 (compatible; Neevabot/1.0; +https://neeva.com/neevabot)" "ysfine.com"
54.161.41.102 - - [27/Oct/2022:13:19:25 -0700] "GET /newyork/colum20.jpg HTTP/1.1" 200 80725 "-" "Mozilla/5.0 (compatible; Neevabot/1.0; +https://neeva.com/neevabot)" "ysfine.com"
54.161.41.102 - - [27/Oct/2022:13:19:25 -0700] "GET /princeton/pseminary44.jpg HTTP/1.1" 200 93403 "-" "Mozilla/5.0 (compatible; Neevabot/1.0; +https://neeva.com/neevabot)" "ysfine.com"
51.222.253.15 - - [27/Oct/2022:13:19:26 -0700] "GET /class54/class5470/total_data/sub_734.htm HTTP/1.1" 200 3294 "-" "Mozilla/5.0 (compatible; AhrefsBot/7.0; +http://ahrefs.com/robot/)" "ysfine.com"
54.161.41.102 - - [27/Oct/2022:13:19:27 -0700] "GET /usca/pitt/donner07.jpg HTTP/1.1" 200 140442 "-" "Mozilla/5.0 (compatible; Neevabot/1.0; +https://neeva.com/neevabot)" "www.ysfine.com"
54.161.41.102 - - [27/Oct/2022:13:19:27 -0700] "GET /kowar/tanks/tank01.jpg HTTP/1.1" 200 81859 "-" "Mozilla/5.0 (compatible; Neevabot/1.0; +https://neeva.com/neevabot)" "ysfine.com"
54.161.41.102 - - [27/Oct/2022:13:19:29 -0700] "GET /world/poland/gdn82.jpg HTTP/1.1" 200 139782 "-" "Mozilla/5.0 (compatible; Neevabot/1.0; +https://neeva.com/neevabot)" "ysfine.com"
54.161.41.102 - - [27/Oct/2022:13:19:29 -0700] "GET /style/cameras/towncenter11.jpg HTTP/1.1" 200 105200 "-" "Mozilla/5.0 (compatible; Neevabot/1.0; +https://neeva.com/neevabot)" "ysfine.com"
54.161.41.102 - - [27/Oct/2022:13:19:30 -0700] "GET /world/france/stras12.jpg HTTP/1.1" 200 157118 "-" "Mozilla/5.0 (compatible; Neevabot/1.0; +https://neeva.com/neevabot)" "ysfine.com"
216.244.66.229 - - [27/Oct/2022:13:19:31 -0700] "GET /world/ital/flor009.jpg HTTP/1.1" 200 175847 "-" "Mozilla/5.0 (compatible; DotBot/1.2; +https://opensiteexplorer.org/dotbot; help@moz.com)" "www.ysfine.com"
54.161.41.102 - - [27/Oct/2022:13:19:32 -0700] "GET /world/china/suz22.jpg HTTP/1.1" 200 62474 "-" "Mozilla/5.0 (compatible; Neevabot/1.0; +https://neeva.com/neevabot)" "ysfine.com"
54.161.41.102 - - [27/Oct/2022:13:19:32 -0700] "GET /world/france/antibes02.jpg HTTP/1.1" 200 78160 "-" "Mozilla/5.0 (compatible; Neevabot/1.0; +https://neeva.com/neevabot)" "ysfine.com"
54.161.41.102 - - [27/Oct/2022:13:19:33 -0700] "GET /jobs/form22.docx HTTP/1.1" 200 25995 "-" "Mozilla/5.0 (compatible; Neevabot/1.0; +https://neeva.com/neevabot)" "ysfine.com"
54.161.41.102 - - [27/Oct/2022:13:19:34 -0700] "GET /sbk/2011ny11.jpg HTTP/1.1" 200 86662 "-" "Mozilla/5.0 (compatible; Neevabot/1.0; +https://neeva.com/neevabot)" "ysfine.com"
54.161.41.102 - - [27/Oct/2022:13:19:36 -0700] "GET /world/brit/bond31.jpg HTTP/1.1" 200 99085 "-" "Mozilla/5.0 (compatible; Neevabot/1.0; +https://neeva.com/neevabot)" "ysfine.com"
54.161.41.102 - - [27/Oct/2022:13:19:37 -0700] "GET /wisdom/mil/arisakaguns01.jpg HTTP/1.1" 200 58899 "-" "Mozilla/5.0 (compatible; Neevabot/1.0; +https://neeva.com/neevabot)" "ysfine.com"
54.161.41.102 - - [27/Oct/2022:13:19:38 -0700] "GET /world/russ/afanasiev01.jpg HTTP/1.1" 200 72839 "-" "Mozilla/5.0 (compatible; Neevabot/1.0; +https://neeva.com/neevabot)" "ysfine.com"
54.161.41.102 - - [27/Oct/2022:13:19:39 -0700] "GET /feynman/ptoday89.jpg HTTP/1.1" 200 101842 "-" "Mozilla/5.0 (compatible; Neevabot/1.0; +https://neeva.com/neevabot)" "ysfine.com"
54.161.41.102 - - [27/Oct/2022:13:19:40 -0700] "GET /world/china/shenyang23.jpg HTTP/1.1" 200 80272 "-" "Mozilla/5.0 (compatible; Neevabot/1.0; +https://neeva.com/neevabot)" "ysfine.com"
54.161.41.102 - - [27/Oct/2022:13:19:41 -0700] "GET /kobak/sonja.jpg HTTP/1.1" 200 46801 "-" "Mozilla/5.0 (compatible; Neevabot/1.0; +https://neeva.com/neevabot)" "ysfine.com"
54.161.41.102 - - [27/Oct/2022:13:19:42 -0700] "GET /world/ital/rome044.jpg HTTP/1.1" 200 74185 "-" "Mozilla/5.0 (compatible; Neevabot/1.0; +https://neeva.com/neevabot)" "ysfine.com"
54.161.41.102 - - [27/Oct/2022:13:19:43 -0700] "GET /maga/phys/naimar/resonance.eps HTTP/1.1" 200 516132 "-" "Mozilla/5.0 (compatible; Neevabot/1.0; +https://neeva.com/neevabot)" "www.ysfine.com"
54.161.41.102 - - [27/Oct/2022:13:19:44 -0700] "GET /usca/pitt/knee11.jpg HTTP/1.1" 200 70926 "-" "Mozilla/5.0 (compatible; Neevabot/1.0; +https://neeva.com/neevabot)" "ysfine.com"
54.161.41.102 - - [27/Oct/2022:13:19:45 -0700] "GET /einstein/eins54.jpg HTTP/1.1" 200 86686 "-" "Mozilla/5.0 (compatible; Neevabot/1.0; +https://neeva.com/neevabot)" "www.ysfine.com"
54.161.41.102 - - [27/Oct/2022:13:19:46 -0700] "GET /world/china/shenyang65.jpg HTTP/1.1" 200 101747 "-" "Mozilla/5.0 (compatible; Neevabot/1.0; +https://neeva.com/neevabot)" "ysfine.com"
54.161.41.102 - - [27/Oct/2022:13:19:47 -0700] "GET /beau/amkor/princelon01.jpg HTTP/1.1" 404 88 "-" "Mozilla/5.0 (compatible; Neevabot/1.0; +https://neeva.com/neevabot)" "ysfine.com"
54.161.41.102 - - [27/Oct/2022:13:19:48 -0700] "GET /feynman/restof33.jpg HTTP/1.1" 200 55468 "-" "Mozilla/5.0 (compatible; Neevabot/1.0; +https://neeva.com/neevabot)" "ysfine.com"
54.161.41.102 - - [27/Oct/2022:13:19:49 -0700] "GET /world/russ/spbm23.jpg HTTP/1.1" 200 78843 "-" "Mozilla/5.0 (compatible; Neevabot/1.0; +https://neeva.com/neevabot)" "ysfine.com"
54.161.41.102 - - [27/Oct/2022:13:19:50 -0700] "GET /world/poland/gdn70.jpg HTTP/1.1" 200 92440 "-" "Mozilla/5.0 (compatible; Neevabot/1.0; +https://neeva.com/neevabot)" "ysfine.com"
54.161.41.102 - - [27/Oct/2022:13:19:51 -0700] "GET /world/russ/spbb19.jpg HTTP/1.1" 200 134410 "-" "Mozilla/5.0 (compatible; Neevabot/1.0; +https://neeva.com/neevabot)" "ysfine.com"
54.161.41.102 - - [27/Oct/2022:13:19:52 -0700] "GET /kobak/underw.html HTTP/1.1" 200 1382 "-" "Mozilla/5.0 (compatible; Neevabot/1.0; +https://neeva.com/neevabot)" "ysfine.com"
216.244.66.229 - - [27/Oct/2022:13:19:52 -0700] "GET /world/ital/flor031.jpg HTTP/1.1" 200 128397 "-" "Mozilla/5.0 (compatible; DotBot/1.2; +https://opensiteexplorer.org/dotbot; help@moz.com)" "www.ysfine.com"
54.161.41.102 - - [27/Oct/2022:13:19:53 -0700] "GET /kowar/tanks/m01.jpg HTTP/1.1" 200 69092 "-" "Mozilla/5.0 (compatible; Neevabot/1.0; +https://neeva.com/neevabot)" "ysfine.com"
54.161.41.102 - - [27/Oct/2022:13:19:54 -0700] "GET /maga/phys/farad06.jpg HTTP/1.1" 200 108532 "-" "Mozilla/5.0 (compatible; Neevabot/1.0; +https://neeva.com/neevabot)" "ysfine.com"
54.161.41.102 - - [27/Oct/2022:13:19:55 -0700] "GET /usca/pitt/pitcn03.jpg HTTP/1.1" 200 161632 "-" "Mozilla/5.0 (compatible; Neevabot/1.0; +https://neeva.com/neevabot)" "www.ysfine.com"
54.161.41.102 - - [27/Oct/2022:13:19:56 -0700] "GET /world/france/metz33.jpg HTTP/1.1" 200 81739 "-" "Mozilla/5.0 (compatible; Neevabot/1.0; +https://neeva.com/neevabot)" "ysfine.com"
54.161.41.102 - - [27/Oct/2022:13:19:57 -0700] "GET /usca/pitt/pghrail22.jpg HTTP/1.1" 200 66352 "-" "Mozilla/5.0 (compatible; Neevabot/1.0; +https://neeva.com/neevabot)" "ysfine.com"
54.161.41.102 - - [27/Oct/2022:13:19:58 -0700] "GET /world/poland/degalle22.jpg HTTP/1.1" 200 166903 "-" "Mozilla/5.0 (compatible; Neevabot/1.0; +https://neeva.com/neevabot)" "ysfine.com"
54.161.41.102 - - [27/Oct/2022:13:19:59 -0700] "GET /wdc/usna03.jpg HTTP/1.1" 200 56319 "-" "Mozilla/5.0 (compatible; Neevabot/1.0; +https://neeva.com/neevabot)" "www.ysfine.com"
54.161.41.102 - - [27/Oct/2022:13:20:00 -0700] "GET /style/leica.html HTTP/1.1" 200 17158 "-" "Mozilla/5.0 (compatible; Neevabot/1.0; +https://neeva.com/neevabot)" "ysfine.com"
54.161.41.102 - - [27/Oct/2022:13:20:01 -0700] "GET /style/cameras/lumixzs50.jpg HTTP/1.1" 200 80120 "-" "Mozilla/5.0 (compatible; Neevabot/1.0; +https://neeva.com/neevabot)" "ysfine.com"
54.161.41.102 - - [27/Oct/2022:13:20:02 -0700] "GET /world/home/index.html HTTP/1.1" 404 88 "-" "Mozilla/5.0 (compatible; Neevabot/1.0; +https://neeva.com/neevabot)" "ysfine.com"
54.161.41.102 - - [27/Oct/2022:13:20:03 -0700] "GET /newyork/colum23.jpg HTTP/1.1" 200 82657 "-" "Mozilla/5.0 (compatible; Neevabot/1.0; +https://neeva.com/neevabot)" "ysfine.com"
54.161.41.102 - - [27/Oct/2022:13:20:04 -0700] "GET /world/brit/harrow09.jpg HTTP/1.1" 200 101406 "-" "Mozilla/5.0 (compatible; Neevabot/1.0; +https://neeva.com/neevabot)" "ysfine.com"
54.161.41.102 - - [27/Oct/2022:13:20:05 -0700] "GET /maga/histo/desiree25.jpg HTTP/1.1" 200 87347 "-" "Mozilla/5.0 (compatible; Neevabot/1.0; +https://neeva.com/neevabot)" "ysfine.com"
54.161.41.102 - - [27/Oct/2022:13:20:06 -0700] "GET /world/germany/hegel11.jpg HTTP/1.1" 200 108815 "-" "Mozilla/5.0 (compatible; Neevabot/1.0; +https://neeva.com/neevabot)" "ysfine.com"
54.161.41.102 - - [27/Oct/2022:13:20:07 -0700] "GET /world/poland/palaceof15.jpg HTTP/1.1" 200 120341 "-" "Mozilla/5.0 (compatible; Neevabot/1.0; +https://neeva.com/neevabot)" "ysfine.com"
54.161.41.102 - - [27/Oct/2022:13:20:08 -0700] "GET /einstein/places/einha26.jpg HTTP/1.1" 200 108152 "-" "Mozilla/5.0 (compatible; Neevabot/1.0; +https://neeva.com/neevabot)" "ysfine.com"
54.161.41.102 - - [27/Oct/2022:13:20:09 -0700] "GET /dirac/o32.jpg HTTP/1.1" 200 101932 "-" "Mozilla/5.0 (compatible; Neevabot/1.0; +https://neeva.com/neevabot)" "ysfine.com"
54.161.41.102 - - [27/Oct/2022:13:20:10 -0700] "GET /kowar/mil/b36bomber11.jpg HTTP/1.1" 404 88 "-" "Mozilla/5.0 (compatible; Neevabot/1.0; +https://neeva.com/neevabot)" "ysfine.com"
54.161.41.102 - - [27/Oct/2022:13:20:11 -0700] "GET /maga/phys/naimar/pewk10.jpg HTTP/1.1" 200 - "-" "Mozilla/5.0 (compatible; Neevabot/1.0; +https://neeva.com/neevabot)" "www.ysfine.com"
54.161.41.102 - - [27/Oct/2022:13:20:12 -0700] "GET /world/brit/bond32.jpg HTTP/1.1" 200 112439 "-" "Mozilla/5.0 (compatible; Neevabot/1.0; +https://neeva.com/neevabot)" "ysfine.com"
54.161.41.102 - - [27/Oct/2022:13:20:13 -0700] "GET /world/brit/windsor04.jpg HTTP/1.1" 200 94935 "-" "Mozilla/5.0 (compatible; Neevabot/1.0; +https://neeva.com/neevabot)" "ysfine.com"
54.161.41.102 - - [27/Oct/2022:13:20:14 -0700] "GET /archives/proceedings/wpro01/zuniga.html HTTP/1.1" 200 998 "-" "Mozilla/5.0 (compatible; Neevabot/1.0; +https://neeva.com/neevabot)" "ysfine.com"
54.161.41.102 - - [27/Oct/2022:13:20:15 -0700] "GET /newyork/colum21.jpg HTTP/1.1" 200 140771 "-" "Mozilla/5.0 (compatible; Neevabot/1.0; +https://neeva.com/neevabot)" "ysfine.com"
54.161.41.102 - - [27/Oct/2022:13:20:16 -0700] "GET /wisdom/mil/tank05.jpg HTTP/1.1" 200 121535 "-" "Mozilla/5.0 (compatible; Neevabot/1.0; +https://neeva.com/neevabot)" "ysfine.com"
54.161.41.102 - - [27/Oct/2022:13:20:17 -0700] "GET /maga/phil/mailto:yskim@umd.edu HTTP/1.1" 404 88 "-" "Mozilla/5.0 (compatible; Neevabot/1.0; +https://neeva.com/neevabot)" "ysfine.com"
54.161.41.102 - - [27/Oct/2022:13:20:18 -0700] "GET /world/ital/padova03.jpg HTTP/1.1" 200 114490 "-" "Mozilla/5.0 (compatible; Neevabot/1.0; +https://neeva.com/neevabot)" "ysfine.com"
54.161.41.102 - - [27/Oct/2022:13:20:19 -0700] "GET /maga/phil/conic06.jpg HTTP/1.1" 200 97658 "-" "Mozilla/5.0 (compatible; Neevabot/1.0; +https://neeva.com/neevabot)" "ysfine.com"
54.161.41.102 - - [27/Oct/2022:13:20:20 -0700] "GET /world/ital/verona18.jpg HTTP/1.1" 200 90809 "-" "Mozilla/5.0 (compatible; Neevabot/1.0; +https://neeva.com/neevabot)" "ysfine.com"
54.161.41.102 - - [27/Oct/2022:13:20:21 -0700] "GET /maga/phys/farad10.jpg HTTP/1.1" 200 165657 "-" "Mozilla/5.0 (compatible; Neevabot/1.0; +https://neeva.com/neevabot)" "ysfine.com"
54.161.41.102 - - [27/Oct/2022:13:20:22 -0700] "GET /princeton/gcollege03.jpg HTTP/1.1" 200 135965 "-" "Mozilla/5.0 (compatible; Neevabot/1.0; +https://neeva.com/neevabot)" "ysfine.com"
54.161.41.102 - - [27/Oct/2022:13:20:23 -0700] "GET /world/poland/gdn90.jpg HTTP/1.1" 200 109306 "-" "Mozilla/5.0 (compatible; Neevabot/1.0; +https://neeva.com/neevabot)" "ysfine.com"
157.55.39.127 - - [27/Oct/2022:13:20:24 -0700] "GET /einstein/heisen54.html HTTP/1.1" 200 4510 "-" "Mozilla/5.0 AppleWebKit/537.36 (KHTML, like Gecko; compatible; bingbot/2.0; +http://www.bing.com/bingbot.htm) Chrome/103.0.5060.134 Safari/537.36" "www.ysfine.com"
54.161.41.102 - - [27/Oct/2022:13:20:24 -0700] "GET /home/optics.html HTTP/1.1" 200 4947 "-" "Mozilla/5.0 (compatible; Neevabot/1.0; +https://neeva.com/neevabot)" "ysfine.com"
54.161.41.102 - - [27/Oct/2022:13:20:25 -0700] "GET /people/schweitzer00.jpg HTTP/1.1" 200 121351 "-" "Mozilla/5.0 (compatible; Neevabot/1.0; +https://neeva.com/neevabot)" "ysfine.com"
54.161.41.102 - - [27/Oct/2022:13:20:26 -0700] "GET /princeton/palmersq55.jpg HTTP/1.1" 200 162368 "-" "Mozilla/5.0 (compatible; Neevabot/1.0; +https://neeva.com/neevabot)" "ysfine.com"
54.161.41.102 - - [27/Oct/2022:13:20:27 -0700] "GET /maga/invent/popov02.jpg HTTP/1.1" 200 148886 "-" "Mozilla/5.0 (compatible; Neevabot/1.0; +https://neeva.com/neevabot)" "www.ysfine.com"
54.161.41.102 - - [27/Oct/2022:13:20:28 -0700] "GET /style/cameras/canonae11.jpg HTTP/1.1" 200 94219 "-" "Mozilla/5.0 (compatible; Neevabot/1.0; +https://neeva.com/neevabot)" "ysfine.com"
54.161.41.102 - - [27/Oct/2022:13:20:29 -0700] "GET /dirac/feydirac.jpg HTTP/1.1" 404 88 "-" "Mozilla/5.0 (compatible; Neevabot/1.0; +https://neeva.com/neevabot)" "ysfine.com"
54.161.41.102 - - [27/Oct/2022:13:20:30 -0700] "GET /einstein/eincurie.html HTTP/1.1" 200 895 "-" "Mozilla/5.0 (compatible; Neevabot/1.0; +https://neeva.com/neevabot)" "ysfine.com"
54.161.41.102 - - [27/Oct/2022:13:20:31 -0700] "GET /home/comet30.jpg HTTP/1.1" 200 134009 "-" "Mozilla/5.0 (compatible; Neevabot/1.0; +https://neeva.com/neevabot)" "ysfine.com"
54.161.41.102 - - [27/Oct/2022:13:20:32 -0700] "GET /maga/invent/tesla11.jpg HTTP/1.1" 200 100086 "-" "Mozilla/5.0 (compatible; Neevabot/1.0; +https://neeva.com/neevabot)" "ysfine.com"
207.46.13.104 - - [27/Oct/2022:13:20:32 -0700] "GET /world/cambr.html HTTP/1.1" 200 6189 "-" "Mozilla/5.0 (compatible; bingbot/2.0; +http://www.bing.com/bingbot.htm)" "ysfine.com"
54.161.41.102 - - [27/Oct/2022:13:20:33 -0700] "GET /kobak/underw3.jpg HTTP/1.1" 200 92395 "-" "Mozilla/5.0 (compatible; Neevabot/1.0; +https://neeva.com/neevabot)" "www.ysfine.com"
54.161.41.102 - - [27/Oct/2022:13:20:34 -0700] "GET /maga/phys/farad22.jpg HTTP/1.1" 200 68596 "-" "Mozilla/5.0 (compatible; Neevabot/1.0; +https://neeva.com/neevabot)" "ysfine.com"
54.161.41.102 - - [27/Oct/2022:13:20:35 -0700] "GET /feynman/jacdrum.jpg HTTP/1.1" 200 107704 "-" "Mozilla/5.0 (compatible; Neevabot/1.0; +https://neeva.com/neevabot)" "ysfine.com"
54.161.41.102 - - [27/Oct/2022:13:20:37 -0700] "GET /world/china/dalian81.jpg HTTP/1.1" 200 128563 "-" "Mozilla/5.0 (compatible; Neevabot/1.0; +https://neeva.com/neevabot)" "ysfine.com"
207.46.13.104 - - [27/Oct/2022:13:20:41 -0700] "GET /wigner/wbrill.html HTTP/1.1" 200 4163 "-" "Mozilla/5.0 (compatible; bingbot/2.0; +http://www.bing.com/bingbot.htm)" "www.ysfine.com"
51.222.253.13 - - [27/Oct/2022:13:21:26 -0700] "GET /class54/class5480/ HTTP/1.1" 200 378 "-" "Mozilla/5.0 (compatible; AhrefsBot/7.0; +http://ahrefs.com/robot/)" "www.ysfine.com"
40.77.167.71 - - [27/Oct/2022:13:21:32 -0700] "GET /ysbio/yspapers/yukawa65.pdf HTTP/1.1" 200 293173 "-" "Mozilla/5.0 AppleWebKit/537.36 (KHTML, like Gecko; compatible; bingbot/2.0; +http://www.bing.com/bingbot.htm) Chrome/103.0.5060.134 Safari/537.36" "ysfine.com"
157.55.39.127 - - [27/Oct/2022:13:21:54 -0700] "GET /style/leica.html HTTP/1.1" 200 17158 "-" "Mozilla/5.0 (compatible; bingbot/2.0; +http://www.bing.com/bingbot.htm)" "www.ysfine.com"
157.55.39.121 - - [27/Oct/2022:13:22:06 -0700] "GET /world/munich.html HTTP/1.1" 200 3101 "-" "Mozilla/5.0 AppleWebKit/537.36 (KHTML, like Gecko; compatible; bingbot/2.0; +http://www.bing.com/bingbot.htm) Chrome/103.0.5060.134 Safari/537.36" "ysfine.com"
40.77.167.71 - - [27/Oct/2022:13:22:11 -0700] "GET /bio/style/ystyle.html HTTP/1.1" 404 88 "-" "Mozilla/5.0 (compatible; bingbot/2.0; +http://www.bing.com/bingbot.htm)" "ysfine.com"
51.222.253.8 - - [27/Oct/2022:13:23:24 -0700] "GET /world/minsk.html HTTP/1.1" 200 7116 "-" "Mozilla/5.0 (compatible; AhrefsBot/7.0; +http://ahrefs.com/robot/)" "ysfine.com"
51.222.253.7 - - [27/Oct/2022:13:23:30 -0700] "GET /world/russ/minskf45b.jpg HTTP/1.1" 200 41920 "-" "Mozilla/5.0 (compatible; AhrefsBot/7.0; +http://ahrefs.com/robot/)" "ysfine.com"
157.55.39.14 - - [27/Oct/2022:13:23:32 -0700] "GET /home/wcartoon.html HTTP/1.1" 200 6127 "-" "Mozilla/5.0 AppleWebKit/537.36 (KHTML, like Gecko; compatible; bingbot/2.0; +http://www.bing.com/bingbot.htm) Chrome/103.0.5060.134 Safari/537.36" "www.ysfine.com"
51.222.253.18 - - [27/Oct/2022:13:23:36 -0700] "GET /wdc/vernon04b.jpg HTTP/1.1" 200 44297 "-" "Mozilla/5.0 (compatible; AhrefsBot/7.0; +http://ahrefs.com/robot/)" "ysfine.com"
216.244.66.229 - - [27/Oct/2022:13:23:41 -0700] "GET /world/ital/milvio13.jpg HTTP/1.1" 200 125135 "-" "Mozilla/5.0 (compatible; DotBot/1.2; +https://opensiteexplorer.org/dotbot; help@moz.com)" "www.ysfine.com"
51.222.253.6 - - [27/Oct/2022:13:23:41 -0700] "GET /world/russ/minskf08b.jpg HTTP/1.1" 200 50248 "-" "Mozilla/5.0 (compatible; AhrefsBot/7.0; +http://ahrefs.com/robot/)" "ysfine.com"
40.77.167.71 - - [27/Oct/2022:13:23:41 -0700] "GET /world/china/shenyang.html HTTP/1.1" 200 5154 "-" "Mozilla/5.0 AppleWebKit/537.36 (KHTML, like Gecko; compatible; bingbot/2.0; +http://www.bing.com/bingbot.htm) Chrome/103.0.5060.134 Safari/537.36" "ysfine.com"
51.222.253.18 - - [27/Oct/2022:13:23:47 -0700] "GET /world/russ/minsk064b.jpg HTTP/1.1" 200 42913 "-" "Mozilla/5.0 (compatible; AhrefsBot/7.0; +http://ahrefs.com/robot/)" "ysfine.com"
51.222.253.18 - - [27/Oct/2022:13:23:47 -0700] "GET /feynman/feyfirm2.jpg HTTP/1.1" 200 36742 "-" "Mozilla/5.0 (compatible; AhrefsBot/7.0; +http://ahrefs.com/robot/)" "ysfine.com"
51.222.253.11 - - [27/Oct/2022:13:23:53 -0700] "GET /world/russ/kilin101b.jpg HTTP/1.1" 200 37065 "-" "Mozilla/5.0 (compatible; AhrefsBot/7.0; +http://ahrefs.com/robot/)" "ysfine.com"
51.222.253.4 - - [27/Oct/2022:13:23:58 -0700] "GET /world/russ/minsk066b.jpg HTTP/1.1" 200 28380 "-" "Mozilla/5.0 (compatible; AhrefsBot/7.0; +http://ahrefs.com/robot/)" "ysfine.com"
51.222.253.2 - - [27/Oct/2022:13:24:04 -0700] "GET /world/russ/minsk004b.jpg HTTP/1.1" 200 35833 "-" "Mozilla/5.0 (compatible; AhrefsBot/7.0; +http://ahrefs.com/robot/)" "ysfine.com"
51.222.253.9 - - [27/Oct/2022:13:24:09 -0700] "GET /world/russ/kilin104b.jpg HTTP/1.1" 200 36895 "-" "Mozilla/5.0 (compatible; AhrefsBot/7.0; +http://ahrefs.com/robot/)" "ysfine.com"
51.222.253.15 - - [27/Oct/2022:13:24:15 -0700] "GET /world/russ/minskf23b.jpg HTTP/1.1" 200 48996 "-" "Mozilla/5.0 (compatible; AhrefsBot/7.0; +http://ahrefs.com/robot/)" "ysfine.com"
51.222.253.3 - - [27/Oct/2022:13:24:21 -0700] "GET /maga/invent/sarnoff1922b.jpg HTTP/1.1" 200 35049 "-" "Mozilla/5.0 (compatible; AhrefsBot/7.0; +http://ahrefs.com/robot/)" "ysfine.com"
51.222.253.5 - - [27/Oct/2022:13:24:25 -0700] "GET /ysbio/class54/tallman.html HTTP/1.1" 200 5912 "-" "Mozilla/5.0 (compatible; AhrefsBot/7.0; +http://ahrefs.com/robot/)" "www.ysfine.com"
51.222.253.1 - - [27/Oct/2022:13:24:27 -0700] "GET /world/russ/minsk067b.jpg HTTP/1.1" 200 40459 "-" "Mozilla/5.0 (compatible; AhrefsBot/7.0; +http://ahrefs.com/robot/)" "ysfine.com"
51.222.253.13 - - [27/Oct/2022:13:24:33 -0700] "GET /world/russ/minsk034b.jpg HTTP/1.1" 200 40968 "-" "Mozilla/5.0 (compatible; AhrefsBot/7.0; +http://ahrefs.com/robot/)" "ysfine.com"
51.222.253.11 - - [27/Oct/2022:13:24:38 -0700] "GET /style/cameras/zenit11b.jpg HTTP/1.1" 200 38496 "-" "Mozilla/5.0 (compatible; AhrefsBot/7.0; +http://ahrefs.com/robot/)" "ysfine.com"
51.222.253.3 - - [27/Oct/2022:13:24:40 -0700] "GET /ysbio/wigner/yswig.html HTTP/1.1" 200 7067 "-" "Mozilla/5.0 (compatible; AhrefsBot/7.0; +http://ahrefs.com/robot/)" "www.ysfine.com"
51.222.253.5 - - [27/Oct/2022:13:24:44 -0700] "GET /world/russ/minsk040b.jpg HTTP/1.1" 200 41302 "-" "Mozilla/5.0 (compatible; AhrefsBot/7.0; +http://ahrefs.com/robot/)" "ysfine.com"
51.222.253.13 - - [27/Oct/2022:13:24:50 -0700] "GET /world/russ/minsk002b.jpg HTTP/1.1" 200 28977 "-" "Mozilla/5.0 (compatible; AhrefsBot/7.0; +http://ahrefs.com/robot/)" "ysfine.com"
51.222.253.15 - - [27/Oct/2022:13:24:51 -0700] "GET /world/russ/minsk026b.jpg HTTP/1.1" 200 45201 "-" "Mozilla/5.0 (compatible; AhrefsBot/7.0; +http://ahrefs.com/robot/)" "ysfine.com"
51.222.253.20 - - [27/Oct/2022:13:24:57 -0700] "GET /world/russ/roskei06b.jpg HTTP/1.1" 200 48694 "-" "Mozilla/5.0 (compatible; AhrefsBot/7.0; +http://ahrefs.com/robot/)" "ysfine.com"
157.55.39.127 - - [27/Oct/2022:13:25:04 -0700] "GET /wisdom/yitol.html HTTP/1.1" 200 6261 "-" "Mozilla/5.0 AppleWebKit/537.36 (KHTML, like Gecko; compatible; bingbot/2.0; +http://www.bing.com/bingbot.htm) Chrome/103.0.5060.134 Safari/537.36" "ysfine.com"
40.77.167.27 - - [27/Oct/2022:13:25:16 -0700] "GET /ysbio/yspapers/jmp22.pdf HTTP/1.1" 200 3367329 "-" "Mozilla/5.0 AppleWebKit/537.36 (KHTML, like Gecko; compatible; bingbot/2.0; +http://www.bing.com/bingbot.htm) Chrome/103.0.5060.134 Safari/537.36" "ysfine.com"
40.77.167.27 - - [27/Oct/2022:13:25:16 -0700] "GET /style/socrates.html HTTP/1.1" 200 589 "-" "Mozilla/5.0 AppleWebKit/537.36 (KHTML, like Gecko; compatible; bingbot/2.0; +http://www.bing.com/bingbot.htm) Chrome/103.0.5060.134 Safari/537.36" "ysfine.com"
198.86.29.9 - - [27/Oct/2022:13:25:35 -0700] "GET /einstein/muon.jpg HTTP/1.1" 200 53159 "https://www.google.com/" "Mozilla/5.0 (Macintosh; Intel Mac OS X 10_15_7) AppleWebKit/605.1.15 (KHTML, like Gecko) Version/15.5 Safari/605.1.15" "ysfine.com"
207.46.13.104 - - [27/Oct/2022:13:25:43 -0700] "GET /ysbio/feynman/fthesis.html HTTP/1.1" 200 144 "-" "Mozilla/5.0 AppleWebKit/537.36 (KHTML, like Gecko; compatible; bingbot/2.0; +http://www.bing.com/bingbot.htm) Chrome/103.0.5060.134 Safari/537.36" "ysfine.com"
207.46.13.104 - - [27/Oct/2022:13:26:43 -0700] "GET /style/bdances.html HTTP/1.1" 200 1607 "-" "Mozilla/5.0 (compatible; bingbot/2.0; +http://www.bing.com/bingbot.htm)" "ysfine.com"
40.77.167.71 - - [27/Oct/2022:13:26:51 -0700] "GET /world/polandw.html HTTP/1.1" 200 17892 "-" "Mozilla/5.0 AppleWebKit/537.36 (KHTML, like Gecko; compatible; bingbot/2.0; +http://www.bing.com/bingbot.htm) Chrome/103.0.5060.134 Safari/537.36" "ysfine.com"
157.55.39.127 - - [27/Oct/2022:13:28:25 -0700] "GET /world/copen.html HTTP/1.1" 200 6582 "-" "Mozilla/5.0 (compatible; bingbot/2.0; +http://www.bing.com/bingbot.htm)" "ysfine.com"
82.24.245.200 - - [27/Oct/2022:13:28:43 -0700] "GET /world/brit/etonharrow.html HTTP/1.1" 200 4546 "https://www.google.com/" "Mozilla/5.0 (Linux; Android 12; SM-M317F) AppleWebKit/537.36 (KHTML, like Gecko) Chrome/106.0.0.0 Mobile Safari/537.36" "ysfine.com"
82.24.245.200 - - [27/Oct/2022:13:28:43 -0700] "GET /world/brit/nehru11b.jpg HTTP/1.1" 200 43052 "https://ysfine.com/world/brit/etonharrow.html" "Mozilla/5.0 (Linux; Android 12; SM-M317F) AppleWebKit/537.36 (KHTML, like Gecko) Chrome/106.0.0.0 Mobile Safari/537.36" "ysfine.com"
82.24.245.200 - - [27/Oct/2022:13:28:43 -0700] "GET /world/brit/winston01b.jpg HTTP/1.1" 200 38436 "https://ysfine.com/world/brit/etonharrow.html" "Mozilla/5.0 (Linux; Android 12; SM-M317F) AppleWebKit/537.36 (KHTML, like Gecko) Chrome/106.0.0.0 Mobile Safari/537.36" "ysfine.com"
82.24.245.200 - - [27/Oct/2022:13:28:43 -0700] "GET /kobak/kwk11b.jpg HTTP/1.1" 200 46888 "https://ysfine.com/world/brit/etonharrow.html" "Mozilla/5.0 (Linux; Android 12; SM-M317F) AppleWebKit/537.36 (KHTML, like Gecko) Chrome/106.0.0.0 Mobile Safari/537.36" "ysfine.com"
82.24.245.200 - - [27/Oct/2022:13:28:43 -0700] "GET /world/brit/eton02b.jpg HTTP/1.1" 200 39432 "https://ysfine.com/world/brit/etonharrow.html" "Mozilla/5.0 (Linux; Android 12; SM-M317F) AppleWebKit/537.36 (KHTML, like Gecko) Chrome/106.0.0.0 Mobile Safari/537.36" "ysfine.com"
82.24.245.200 - - [27/Oct/2022:13:28:43 -0700] "GET /world/brit/harrow01b.jpg HTTP/1.1" 200 54632 "https://ysfine.com/world/brit/etonharrow.html" "Mozilla/5.0 (Linux; Android 12; SM-M317F) AppleWebKit/537.36 (KHTML, like Gecko) Chrome/106.0.0.0 Mobile Safari/537.36" "ysfine.com"
82.24.245.200 - - [27/Oct/2022:13:28:43 -0700] "GET /world/brit/windsor02b.jpg HTTP/1.1" 200 40724 "https://ysfine.com/world/brit/etonharrow.html" "Mozilla/5.0 (Linux; Android 12; SM-M317F) AppleWebKit/537.36 (KHTML, like Gecko) Chrome/106.0.0.0 Mobile Safari/537.36" "ysfine.com"
82.24.245.200 - - [27/Oct/2022:13:28:43 -0700] "GET /world/brit/eton03b.jpg HTTP/1.1" 200 45141 "https://ysfine.com/world/brit/etonharrow.html" "Mozilla/5.0 (Linux; Android 12; SM-M317F) AppleWebKit/537.36 (KHTML, like Gecko) Chrome/106.0.0.0 Mobile Safari/537.36" "ysfine.com"
82.24.245.200 - - [27/Oct/2022:13:28:43 -0700] "GET /world/brit/eton01b.jpg HTTP/1.1" 200 47771 "https://ysfine.com/world/brit/etonharrow.html" "Mozilla/5.0 (Linux; Android 12; SM-M317F) AppleWebKit/537.36 (KHTML, like Gecko) Chrome/106.0.0.0 Mobile Safari/537.36" "ysfine.com"
82.24.245.200 - - [27/Oct/2022:13:28:43 -0700] "GET /world/brit/eton07b.jpg HTTP/1.1" 200 36566 "https://ysfine.com/world/brit/etonharrow.html" "Mozilla/5.0 (Linux; Android 12; SM-M317F) AppleWebKit/537.36 (KHTML, like Gecko) Chrome/106.0.0.0 Mobile Safari/537.36" "ysfine.com"
82.24.245.200 - - [27/Oct/2022:13:28:43 -0700] "GET /kobak/taylor33c.jpg HTTP/1.1" 200 39951 "https://ysfine.com/world/brit/etonharrow.html" "Mozilla/5.0 (Linux; Android 12; SM-M317F) AppleWebKit/537.36 (KHTML, like Gecko) Chrome/106.0.0.0 Mobile Safari/537.36" "ysfine.com"
82.24.245.200 - - [27/Oct/2022:13:28:43 -0700] "GET /world/brit/harrow11b.jpg HTTP/1.1" 200 42533 "https://ysfine.com/world/brit/etonharrow.html" "Mozilla/5.0 (Linux; Android 12; SM-M317F) AppleWebKit/537.36 (KHTML, like Gecko) Chrome/106.0.0.0 Mobile Safari/537.36" "ysfine.com"
82.24.245.200 - - [27/Oct/2022:13:28:43 -0700] "GET /world/brit/harrow12b.jpg HTTP/1.1" 200 45104 "https://ysfine.com/world/brit/etonharrow.html" "Mozilla/5.0 (Linux; Android 12; SM-M317F) AppleWebKit/537.36 (KHTML, like Gecko) Chrome/106.0.0.0 Mobile Safari/537.36" "ysfine.com"
82.24.245.200 - - [27/Oct/2022:13:28:43 -0700] "GET /world/brit/harrow04b.jpg HTTP/1.1" 200 48004 "https://ysfine.com/world/brit/etonharrow.html" "Mozilla/5.0 (Linux; Android 12; SM-M317F) AppleWebKit/537.36 (KHTML, like Gecko) Chrome/106.0.0.0 Mobile Safari/537.36" "ysfine.com"
82.24.245.200 - - [27/Oct/2022:13:28:43 -0700] "GET /eink/pwk19c.jpg HTTP/1.1" 200 57759 "https://ysfine.com/world/brit/etonharrow.html" "Mozilla/5.0 (Linux; Android 12; SM-M317F) AppleWebKit/537.36 (KHTML, like Gecko) Chrome/106.0.0.0 Mobile Safari/537.36" "ysfine.com"
82.24.245.200 - - [27/Oct/2022:13:28:43 -0700] "GET /world/brit/harrow09b.jpg HTTP/1.1" 200 48797 "https://ysfine.com/world/brit/etonharrow.html" "Mozilla/5.0 (Linux; Android 12; SM-M317F) AppleWebKit/537.36 (KHTML, like Gecko) Chrome/106.0.0.0 Mobile Safari/537.36" "ysfine.com"
82.24.245.200 - - [27/Oct/2022:13:29:00 -0700] "GET /favicon.ico HTTP/1.1" 404 88 "https://ysfine.com/world/brit/etonharrow.html" "Mozilla/5.0 (Linux; Android 12; SM-M317F) AppleWebKit/537.36 (KHTML, like Gecko) Chrome/106.0.0.0 Mobile Safari/537.36" "ysfine.com"
111.68.113.205 - - [27/Oct/2022:13:29:02 -0700] "HEAD /princeton/gcollege22.jpg HTTP/1.1" 200 - "https://www.grosirtutorial.com" "Mozilla/5.0 (Windows NT 10.0; Win64; x64) AppleWebKit/537.36 (KHTML, like Gecko) Chrome/70.0.3538.102 Safari/537.36" "ysfine.com"
157.55.39.14 - - [27/Oct/2022:13:29:03 -0700] "GET /bio/einstein/bern.html HTTP/1.1" 404 88 "-" "Mozilla/5.0 (compatible; bingbot/2.0; +http://www.bing.com/bingbot.htm)" "ysfine.com"
40.77.167.27 - - [27/Oct/2022:13:29:26 -0700] "GET /ysbio/feynman/fthtop.html HTTP/1.1" 200 395 "-" "Mozilla/5.0 (compatible; bingbot/2.0; +http://www.bing.com/bingbot.htm)" "ysfine.com"
40.77.167.27 - - [27/Oct/2022:13:29:26 -0700] "GET /ysbio/feynman/fthbot.html HTTP/1.1" 200 691 "-" "Mozilla/5.0 (compatible; bingbot/2.0; +http://www.bing.com/bingbot.htm)" "ysfine.com"
40.77.167.27 - - [27/Oct/2022:13:29:37 -0700] "GET /einstein/maxein.html HTTP/1.1" 200 2651 "-" "Mozilla/5.0 AppleWebKit/537.36 (KHTML, like Gecko; compatible; bingbot/2.0; +http://www.bing.com/bingbot.htm) Chrome/103.0.5060.134 Safari/537.36" "ysfine.com"
40.77.167.27 - - [27/Oct/2022:13:30:16 -0700] "GET /einstein/places/einha10.jpg HTTP/1.1" 200 99898 "-" "Mozilla/5.0 (compatible; bingbot/2.0; +http://www.bing.com/bingbot.htm)" "ysfine.com"
157.55.39.14 - - [27/Oct/2022:13:30:43 -0700] "GET /world/roma.html HTTP/1.1" 200 13994 "-" "Mozilla/5.0 (compatible; bingbot/2.0; +http://www.bing.com/bingbot.htm)" "ysfine.com"
157.55.39.121 - - [27/Oct/2022:13:31:16 -0700] "GET /dirac/dirkim.html HTTP/1.1" 200 3690 "-" "Mozilla/5.0 (compatible; bingbot/2.0; +http://www.bing.com/bingbot.htm)" "www.ysfine.com"
5.112.122.181 - - [27/Oct/2022:13:31:41 -0700] "GET /maga/histo/desiree22.jpg HTTP/1.1" 200 113561 "https://www.google.com/" "Mozilla/5.0 (Linux; Android 12; SM-A325F Build/SP1A.210812.016; wv) AppleWebKit/537.36 (KHTML, like Gecko) Version/4.0 Chrome/105.0.5195.136 Mobile Safari/537.36 GoogleApp/13.38.11.26.arm64" "ysfine.com"
40.77.167.27 - - [27/Oct/2022:13:32:06 -0700] "GET /feynman/feygell.html HTTP/1.1" 200 4714 "-" "Mozilla/5.0 AppleWebKit/537.36 (KHTML, like Gecko; compatible; bingbot/2.0; +http://www.bing.com/bingbot.htm) Chrome/103.0.5060.134 Safari/537.36" "ysfine.com"
5.112.122.181 - - [27/Oct/2022:13:32:16 -0700] "GET /maga/histo/desiree23.jpg HTTP/1.1" 200 85900 "https://www.google.com/" "Mozilla/5.0 (Linux; Android 12; SM-A325F Build/SP1A.210812.016; wv) AppleWebKit/537.36 (KHTML, like Gecko) Version/4.0 Chrome/105.0.5195.136 Mobile Safari/537.36 GoogleApp/13.38.11.26.arm64" "ysfine.com"
157.55.39.121 - - [27/Oct/2022:13:32:17 -0700] "GET /kowar/war00.html HTTP/1.1" 200 4851 "-" "Mozilla/5.0 (compatible; bingbot/2.0; +http://www.bing.com/bingbot.htm)" "ysfine.com"
157.55.39.127 - - [27/Oct/2022:13:34:04 -0700] "GET /world/sfrance.html HTTP/1.1" 200 8453 "-" "Mozilla/5.0 (compatible; bingbot/2.0; +http://www.bing.com/bingbot.htm)" "ysfine.com"
207.46.13.104 - - [27/Oct/2022:13:35:23 -0700] "GET /feynman/page55.html HTTP/1.1" 200 470 "-" "Mozilla/5.0 (compatible; bingbot/2.0; +http://www.bing.com/bingbot.htm)" "ysfine.com"
40.77.167.27 - - [27/Oct/2022:13:36:16 -0700] "GET /world/baltic/riga48.jpg HTTP/1.1" 200 124513 "-" "Mozilla/5.0 AppleWebKit/537.36 (KHTML, like Gecko; compatible; bingbot/2.0; +http://www.bing.com/bingbot.htm) Chrome/103.0.5060.134 Safari/537.36" "ysfine.com"
85.96.216.204 - - [27/Oct/2022:13:36:29 -0700] "GET /home/hyperell55a.jpg HTTP/1.1" 200 47072 "https://www.google.com/" "Mozilla/5.0 (Windows NT 10.0; Win64; x64) AppleWebKit/537.36 (KHTML, like Gecko) Chrome/106.0.0.0 Safari/537.36 Edg/106.0.1370.52" "ysfine.com"
128.4.187.248 - - [27/Oct/2022:13:36:55 -0700] "GET /feynman/illusf.pdf HTTP/1.1" 200 146979 "https://www.google.com/" "Mozilla/5.0 (Macintosh; Intel Mac OS X 10_15_6) AppleWebKit/605.1.15 (KHTML, like Gecko) Version/15.6.1 Safari/605.1.15" "ysfine.com"
128.4.187.248 - - [27/Oct/2022:13:36:56 -0700] "GET /favicon.ico HTTP/1.1" 404 88 "https://ysfine.com/feynman/illusf.pdf" "Mozilla/5.0 (Macintosh; Intel Mac OS X 10_15_6) AppleWebKit/605.1.15 (KHTML, like Gecko) Version/15.6.1 Safari/605.1.15" "ysfine.com"
40.77.167.71 - - [27/Oct/2022:13:37:03 -0700] "GET /einstein/einkim.html HTTP/1.1" 200 3731 "-" "Mozilla/5.0 AppleWebKit/537.36 (KHTML, like Gecko; compatible; bingbot/2.0; +http://www.bing.com/bingbot.htm) Chrome/103.0.5060.134 Safari/537.36" "ysfine.com"
207.46.13.104 - - [27/Oct/2022:13:37:13 -0700] "GET /ysbio/yspapers/cylin.pdf HTTP/1.1" 200 358984 "-" "Mozilla/5.0 AppleWebKit/537.36 (KHTML, like Gecko; compatible; bingbot/2.0; +http://www.bing.com/bingbot.htm) Chrome/103.0.5060.134 Safari/537.36" "ysfine.com"
128.4.187.248 - - [27/Oct/2022:13:37:51 -0700] "GET /feynman/illusf.pdf HTTP/1.1" 200 146979 "https://www.google.com/" "Mozilla/5.0 (Macintosh; Intel Mac OS X 10_15_6) AppleWebKit/605.1.15 (KHTML, like Gecko) Version/15.6.1 Safari/605.1.15" "ysfine.com"
106.69.208.254 - - [27/Oct/2022:13:37:52 -0700] "GET /world/brit/westmin16.jpg HTTP/1.1" 200 115589 "https://www.bing.com/" "Mozilla/5.0 (Windows NT 10.0; Win64; x64) AppleWebKit/537.36 (KHTML, like Gecko) Chrome/106.0.0.0 Safari/537.36 Edg/106.0.1370.52" "www.ysfine.com"
51.222.253.8 - - [27/Oct/2022:13:39:16 -0700] "GET /ysbio/class54/class5480/?C=N;O=A HTTP/1.1" 200 383 "-" "Mozilla/5.0 (compatible; AhrefsBot/7.0; +http://ahrefs.com/robot/)" "www.ysfine.com"
40.77.167.71 - - [27/Oct/2022:13:39:23 -0700] "GET /kobak/sorae.html HTTP/1.1" 200 1884 "-" "Mozilla/5.0 (compatible; bingbot/2.0; +http://www.bing.com/bingbot.htm)" "www.ysfine.com"
157.55.39.121 - - [27/Oct/2022:13:40:07 -0700] "GET /houses/styhouses.html HTTP/1.1" 200 3534 "-" "Mozilla/5.0 AppleWebKit/537.36 (KHTML, like Gecko; compatible; bingbot/2.0; +http://www.bing.com/bingbot.htm) Chrome/103.0.5060.134 Safari/537.36" "ysfine.com"
216.244.66.229 - - [27/Oct/2022:13:40:18 -0700] "GET /robots.txt HTTP/1.1" 404 73 "-" "Mozilla/5.0 (compatible; DotBot/1.2; +https://opensiteexplorer.org/dotbot; help@moz.com)" "www.ysfine.com"
73.247.140.201 - - [27/Oct/2022:13:40:19 -0700] "GET /world/poland/coperni11.jpg HTTP/1.1" 200 135649 "https://www.bing.com/" "Mozilla/5.0 (Windows NT 10.0; Win64; x64) AppleWebKit/537.36 (KHTML, like Gecko) Chrome/106.0.0.0 Safari/537.36 Edg/106.0.1370.52" "ysfine.com"
207.46.13.104 - - [27/Oct/2022:13:40:44 -0700] "GET /feynman/feyheg.html HTTP/1.1" 200 6341 "-" "Mozilla/5.0 AppleWebKit/537.36 (KHTML, like Gecko; compatible; bingbot/2.0; +http://www.bing.com/bingbot.htm) Chrome/103.0.5060.134 Safari/537.36" "www.ysfine.com"
157.55.39.14 - - [27/Oct/2022:13:40:44 -0700] "GET /maga/desiree.html HTTP/1.1" 200 2747 "-" "Mozilla/5.0 (compatible; bingbot/2.0; +http://www.bing.com/bingbot.htm)" "ysfine.com"
157.55.39.121 - - [27/Oct/2022:13:40:49 -0700] "GET /friends/russian.html HTTP/1.1" 404 88 "-" "Mozilla/5.0 AppleWebKit/537.36 (KHTML, like Gecko; compatible; bingbot/2.0; +http://www.bing.com/bingbot.htm) Chrome/103.0.5060.134 Safari/537.36" "ysfine.com"
157.55.39.121 - - [27/Oct/2022:13:40:57 -0700] "GET /dirac/lorendir.html HTTP/1.1" 200 2426 "-" "Mozilla/5.0 (compatible; bingbot/2.0; +http://www.bing.com/bingbot.htm)" "www.ysfine.com"
207.46.13.104 - - [27/Oct/2022:13:41:14 -0700] "GET /maga/kant.html HTTP/1.1" 200 8714 "-" "Mozilla/5.0 (compatible; bingbot/2.0; +http://www.bing.com/bingbot.htm)" "ysfine.com"
77.88.5.237 - - [27/Oct/2022:13:41:38 -0700] "GET /wigner/wigsharp.jpg HTTP/1.1" 304 - "-" "Mozilla/5.0 (compatible; YandexImages/3.0; +http://yandex.com/bots)" "www.ysfine.com"
73.88.120.113 - - [27/Oct/2022:13:42:45 -0700] "GET /kowar/tanks/m24.jpg HTTP/1.1" 200 86947 "https://search.aol.com/" "Mozilla/5.0 (Windows NT 10.0; Win64; x64; rv:106.0) Gecko/20100101 Firefox/106.0" "www.ysfine.com"
73.88.120.113 - - [27/Oct/2022:13:42:53 -0700] "GET /kowar/tanks/m46a.jpg HTTP/1.1" 200 150661 "https://search.aol.com/" "Mozilla/5.0 (Windows NT 10.0; Win64; x64; rv:106.0) Gecko/20100101 Firefox/106.0" "www.ysfine.com"
157.55.39.14 - - [27/Oct/2022:13:43:34 -0700] "GET /einstein/einphoto.html HTTP/1.1" 200 1970 "-" "Mozilla/5.0 AppleWebKit/537.36 (KHTML, like Gecko; compatible; bingbot/2.0; +http://www.bing.com/bingbot.htm) Chrome/103.0.5060.134 Safari/537.36" "ysfine.com"
40.77.167.27 - - [27/Oct/2022:13:44:37 -0700] "GET /style/musee/ams003.jpg HTTP/1.1" 200 143676 "-" "Mozilla/5.0 (compatible; bingbot/2.0; +http://www.bing.com/bingbot.htm)" "ysfine.com"
51.222.253.18 - - [27/Oct/2022:13:45:30 -0700] "GET /class54/class5470/total_data/sub_729.htm HTTP/1.1" 200 3303 "-" "Mozilla/5.0 (compatible; AhrefsBot/7.0; +http://ahrefs.com/robot/)" "ysfine.com"
51.222.253.3 - - [27/Oct/2022:13:45:35 -0700] "GET /class54/class5470/total_data/refer_img/7-31_f.jpg HTTP/1.1" 200 27393 "-" "Mozilla/5.0 (compatible; AhrefsBot/7.0; +http://ahrefs.com/robot/)" "ysfine.com"
51.222.253.3 - - [27/Oct/2022:13:45:42 -0700] "GET /class54/class5470/total_data/refer_img/7-38_f.jpg HTTP/1.1" 200 36030 "-" "Mozilla/5.0 (compatible; AhrefsBot/7.0; +http://ahrefs.com/robot/)" "ysfine.com"
51.222.253.1 - - [27/Oct/2022:13:45:47 -0700] "GET /class54/class5470/total_data/refer_img/7-26_f.jpg HTTP/1.1" 200 35595 "-" "Mozilla/5.0 (compatible; AhrefsBot/7.0; +http://ahrefs.com/robot/)" "ysfine.com"
51.222.253.9 - - [27/Oct/2022:13:45:53 -0700] "GET /class54/class5470/total_data/refer_img/7-40_f.jpg HTTP/1.1" 200 35063 "-" "Mozilla/5.0 (compatible; AhrefsBot/7.0; +http://ahrefs.com/robot/)" "ysfine.com"
51.222.253.1 - - [27/Oct/2022:13:45:59 -0700] "GET /class54/class5470/total_data/refer_img/7-25_f.jpg HTTP/1.1" 200 27860 "-" "Mozilla/5.0 (compatible; AhrefsBot/7.0; +http://ahrefs.com/robot/)" "ysfine.com"
132.255.59.189 - - [27/Oct/2022:13:46:00 -0700] "GET /heisen/bohrheisen11.jpg HTTP/1.1" 200 104546 "https://www.google.com/" "Mozilla/5.0 (Macintosh; Intel Mac OS X 10_15_7) AppleWebKit/537.36 (KHTML, like Gecko) Chrome/106.0.0.0 Safari/537.36" "ysfine.com"
51.222.253.13 - - [27/Oct/2022:13:46:04 -0700] "GET /class54/class5470/total_data/refer_img/7-34_f.jpg HTTP/1.1" 200 31575 "-" "Mozilla/5.0 (compatible; AhrefsBot/7.0; +http://ahrefs.com/robot/)" "ysfine.com"
51.222.253.11 - - [27/Oct/2022:13:46:10 -0700] "GET /class54/class5470/total_data/img/07_title.gif HTTP/1.1" 200 5491 "-" "Mozilla/5.0 (compatible; AhrefsBot/7.0; +http://ahrefs.com/robot/)" "ysfine.com"
51.222.253.17 - - [27/Oct/2022:13:46:15 -0700] "GET /class54/class5470/total_data/refer_img/7-39_f.jpg HTTP/1.1" 200 33581 "-" "Mozilla/5.0 (compatible; AhrefsBot/7.0; +http://ahrefs.com/robot/)" "ysfine.com"
51.222.253.15 - - [27/Oct/2022:13:46:20 -0700] "GET /class54/class5470/total_data/refer_img/7-28_f.jpg HTTP/1.1" 200 33368 "-" "Mozilla/5.0 (compatible; AhrefsBot/7.0; +http://ahrefs.com/robot/)" "ysfine.com"
51.222.253.19 - - [27/Oct/2022:13:46:21 -0700] "GET /class54/class5470/total_data/img/sm01_on.gif HTTP/1.1" 200 382 "-" "Mozilla/5.0 (compatible; AhrefsBot/7.0; +http://ahrefs.com/robot/)" "ysfine.com"
51.222.253.8 - - [27/Oct/2022:13:46:22 -0700] "GET /class54/class5470/total_data/refer_img/7-21_f.jpg HTTP/1.1" 200 32811 "-" "Mozilla/5.0 (compatible; AhrefsBot/7.0; +http://ahrefs.com/robot/)" "ysfine.com"
51.222.253.19 - - [27/Oct/2022:13:46:27 -0700] "GET /class54/class5470/total_data/img/08_friendspicuture.gif HTTP/1.1" 200 1051 "-" "Mozilla/5.0 (compatible; AhrefsBot/7.0; +http://ahrefs.com/robot/)" "ysfine.com"
51.222.253.4 - - [27/Oct/2022:13:46:32 -0700] "GET /class54/class5470/total_data/refer_img/7-22_f.jpg HTTP/1.1" 200 36609 "-" "Mozilla/5.0 (compatible; AhrefsBot/7.0; +http://ahrefs.com/robot/)" "ysfine.com"
51.222.253.8 - - [27/Oct/2022:13:46:38 -0700] "GET /class54/class5470/total_data/refer_img/7-36_f.jpg HTTP/1.1" 200 32652 "-" "Mozilla/5.0 (compatible; AhrefsBot/7.0; +http://ahrefs.com/robot/)" "ysfine.com"
51.222.253.8 - - [27/Oct/2022:13:46:43 -0700] "GET /class54/class5470/total_data/refer_img/7-35_f.jpg HTTP/1.1" 200 34715 "-" "Mozilla/5.0 (compatible; AhrefsBot/7.0; +http://ahrefs.com/robot/)" "ysfine.com"
51.222.253.11 - - [27/Oct/2022:13:46:46 -0700] "GET /class54/class5470/total_data/img/sm02_off.gif HTTP/1.1" 200 426 "-" "Mozilla/5.0 (compatible; AhrefsBot/7.0; +http://ahrefs.com/robot/)" "ysfine.com"
51.222.253.16 - - [27/Oct/2022:13:46:46 -0700] "GET /class54/class5470/total_data/img/07_smtitle29.gif HTTP/1.1" 200 595 "-" "Mozilla/5.0 (compatible; AhrefsBot/7.0; +http://ahrefs.com/robot/)" "ysfine.com"
51.222.253.11 - - [27/Oct/2022:13:46:46 -0700] "GET /class54/class5470/total_data/refer_img/7-29_f.jpg HTTP/1.1" 200 33079 "-" "Mozilla/5.0 (compatible; AhrefsBot/7.0; +http://ahrefs.com/robot/)" "ysfine.com"
51.222.253.4 - - [27/Oct/2022:13:46:52 -0700] "GET /class54/class5470/total_data/refer_img/7-23_f.jpg HTTP/1.1" 200 37428 "-" "Mozilla/5.0 (compatible; AhrefsBot/7.0; +http://ahrefs.com/robot/)" "ysfine.com"
51.222.253.18 - - [27/Oct/2022:13:46:57 -0700] "GET /class54/class5470/total_data/refer_img/7-37_f.jpg HTTP/1.1" 200 32634 "-" "Mozilla/5.0 (compatible; AhrefsBot/7.0; +http://ahrefs.com/robot/)" "ysfine.com"
51.222.253.13 - - [27/Oct/2022:13:47:03 -0700] "GET /class54/class5470/total_data/refer_img/7-33_f.jpg HTTP/1.1" 200 28140 "-" "Mozilla/5.0 (compatible; AhrefsBot/7.0; +http://ahrefs.com/robot/)" "ysfine.com"
51.222.253.7 - - [27/Oct/2022:13:47:08 -0700] "GET /class54/class5470/total_data/refer_img/7-27_f.jpg HTTP/1.1" 200 36092 "-" "Mozilla/5.0 (compatible; AhrefsBot/7.0; +http://ahrefs.com/robot/)" "ysfine.com"
51.222.253.5 - - [27/Oct/2022:13:47:14 -0700] "GET /class54/class5470/total_data/refer_img/7-24_f.jpg HTTP/1.1" 200 38321 "-" "Mozilla/5.0 (compatible; AhrefsBot/7.0; +http://ahrefs.com/robot/)" "ysfine.com"
51.222.253.3 - - [27/Oct/2022:13:47:20 -0700] "GET /class54/class5470/total_data/refer_img/7-30_f.jpg HTTP/1.1" 200 34040 "-" "Mozilla/5.0 (compatible; AhrefsBot/7.0; +http://ahrefs.com/robot/)" "ysfine.com"
40.77.167.71 - - [27/Oct/2022:13:47:23 -0700] "GET /maga/sartre.html HTTP/1.1" 200 7719 "-" "Mozilla/5.0 (compatible; bingbot/2.0; +http://www.bing.com/bingbot.htm)" "ysfine.com"
51.222.253.12 - - [27/Oct/2022:13:47:25 -0700] "GET /class54/class5470/total_data/photo_img/7-29.jpg HTTP/1.1" 200 220529 "-" "Mozilla/5.0 (compatible; AhrefsBot/7.0; +http://ahrefs.com/robot/)" "ysfine.com"
93.158.161.46 - - [27/Oct/2022:13:47:38 -0700] "GET /archives/proceedings/boston/fiurasek.pdf HTTP/1.1" 200 263582 "-" "Mozilla/5.0 (compatible; YandexBot/3.0; +http://yandex.com/bots)" "www.ysfine.com"
92.118.62.69 - - [27/Oct/2022:13:47:44 -0700] "GET /feynman/fa5.jpg HTTP/1.1" 200 9728 "https://www.google.it/" "Mozilla/5.0 (Macintosh; Intel Mac OS X 10_15_6) AppleWebKit/605.1.15 (KHTML, like Gecko) Version/14.1.2 Safari/605.1.15" "ysfine.com"
40.77.167.71 - - [27/Oct/2022:13:48:24 -0700] "GET /maga/bohrkierk.html HTTP/1.1" 200 2947 "-" "Mozilla/5.0 (compatible; bingbot/2.0; +http://www.bing.com/bingbot.htm)" "ysfine.com"
157.55.39.121 - - [27/Oct/2022:13:49:09 -0700] "GET /ysbio/feynman/feykant.html HTTP/1.1" 200 3350 "-" "Mozilla/5.0 (compatible; bingbot/2.0; +http://www.bing.com/bingbot.htm)" "ysfine.com"
216.244.66.229 - - [27/Oct/2022:13:49:18 -0700] "GET /ffriends/amkor/haeyong11.jpg HTTP/1.1" 200 106990 "-" "Mozilla/5.0 (compatible; DotBot/1.2; +https://opensiteexplorer.org/dotbot; help@moz.com)" "www.ysfine.com"
77.75.78.163 - - [27/Oct/2022:13:49:42 -0700] "GET /robots.txt HTTP/1.1" 404 88 "-" "Mozilla/5.0 (compatible; SeznamBot/3.2; +http://napoveda.seznam.cz/en/seznambot-intro/)" "ysfine.com"
77.75.78.163 - - [27/Oct/2022:13:49:43 -0700] "GET /world/germany/hofbrau11.jpg HTTP/1.1" 304 - "-" "Mozilla/5.0 (compatible; SeznamBot/3.2; +http://napoveda.seznam.cz/en/seznambot-intro/)" "ysfine.com"
77.75.78.163 - - [27/Oct/2022:13:49:45 -0700] "GET /world/scandi/copen017.jpg HTTP/1.1" 304 - "-" "Mozilla/5.0 (compatible; SeznamBot/3.2; +http://napoveda.seznam.cz/en/seznambot-intro/)" "ysfine.com"
77.75.78.163 - - [27/Oct/2022:13:49:45 -0700] "GET /world/germany/nurem01.jpg HTTP/1.1" 304 - "-" "Mozilla/5.0 (compatible; SeznamBot/3.2; +http://napoveda.seznam.cz/en/seznambot-intro/)" "ysfine.com"
77.75.78.163 - - [27/Oct/2022:13:49:45 -0700] "GET /usca/pitt/highland01.jpg HTTP/1.1" 304 - "-" "Mozilla/5.0 (compatible; SeznamBot/3.2; +http://napoveda.seznam.cz/en/seznambot-intro/)" "ysfine.com"
77.75.78.163 - - [27/Oct/2022:13:49:46 -0700] "GET /home/fotos/korjap03.jpg HTTP/1.1" 200 116882 "-" "Mozilla/5.0 (compatible; SeznamBot/3.2; +http://napoveda.seznam.cz/en/seznambot-intro/)" "ysfine.com"
157.55.39.121 - - [27/Oct/2022:13:49:48 -0700] "GET /dirac/twobroth.html HTTP/1.1" 200 2887 "-" "Mozilla/5.0 AppleWebKit/537.36 (KHTML, like Gecko; compatible; bingbot/2.0; +http://www.bing.com/bingbot.htm) Chrome/103.0.5060.134 Safari/537.36" "ysfine.com"
40.77.167.71 - - [27/Oct/2022:13:50:24 -0700] "GET /bio/style/ystyle.html HTTP/1.1" 404 88 "-" "Mozilla/5.0 (compatible; bingbot/2.0; +http://www.bing.com/bingbot.htm)" "ysfine.com"
73.63.8.179 - - [27/Oct/2022:13:50:41 -0700] "GET /favicon.ico HTTP/1.1" 404 88 "-" "Mozilla/5.0 (X11; Linux x86_64; rv:102.0) Gecko/20100101 Goanna/5.2 Firefox/102.0 PaleMoon/31.3.0.1" "ysfine.com"
73.63.8.179 - - [27/Oct/2022:13:50:41 -0700] "GET /favicon.ico HTTP/1.1" 404 88 "-" "Mozilla/5.0 (X11; Linux x86_64; rv:102.0) Gecko/20100101 Goanna/5.2 Firefox/102.0 PaleMoon/31.3.0.1" "ysfine.com"
172.56.152.111 - - [27/Oct/2022:13:50:53 -0700] "GET /wigner/wiglittle.pdf HTTP/1.1" 200 2659296 "https://www.google.com/" "Mozilla/5.0 (Linux; Android 13; Pixel 4a (5G)) AppleWebKit/537.36 (KHTML, like Gecko) Chrome/106.0.0.0 Mobile Safari/537.36" "ysfine.com"
207.46.13.104 - - [27/Oct/2022:13:51:13 -0700] "GET /einstein/einusa.html HTTP/1.1" 200 8153 "-" "Mozilla/5.0 (compatible; bingbot/2.0; +http://www.bing.com/bingbot.htm)" "ysfine.com"
172.56.152.111 - - [27/Oct/2022:13:51:17 -0700] "GET /wigner/wiglittle.pdf HTTP/1.1" 200 2659296 "https://www.google.com/" "Mozilla/5.0 (Linux; Android 13; Pixel 4a (5G)) AppleWebKit/537.36 (KHTML, like Gecko) Chrome/106.0.0.0 Mobile Safari/537.36" "ysfine.com"
172.56.152.5 - - [27/Oct/2022:13:51:27 -0700] "GET /wigner/wiglittle.pdf HTTP/1.1" 200 2659296 "https://www.google.com/" "Mozilla/5.0 (Linux; Android 13; Pixel 4a (5G)) AppleWebKit/537.36 (KHTML, like Gecko) Chrome/106.0.0.0 Mobile Safari/537.36" "ysfine.com"
40.77.167.27 - - [27/Oct/2022:13:52:09 -0700] "GET /world/venice.html HTTP/1.1" 200 8457 "-" "Mozilla/5.0 (compatible; bingbot/2.0; +http://www.bing.com/bingbot.htm)" "ysfine.com"
216.244.66.229 - - [27/Oct/2022:13:52:09 -0700] "GET /world/baltic/lithu24.jpg HTTP/1.1" 200 95279 "-" "Mozilla/5.0 (compatible; DotBot/1.2; +https://opensiteexplorer.org/dotbot; help@moz.com)" "www.ysfine.com"
216.244.66.229 - - [27/Oct/2022:13:52:11 -0700] "GET /world/baltic/tallin04.jpg HTTP/1.1" 200 215715 "-" "Mozilla/5.0 (compatible; DotBot/1.2; +https://opensiteexplorer.org/dotbot; help@moz.com)" "www.ysfine.com"
87.159.111.49 - - [27/Oct/2022:13:52:14 -0700] "GET /home/optics.html HTTP/1.1" 200 4947 "https://de.search.yahoo.com/" "Mozilla/5.0 (Windows NT 10.0; Win64; x64; rv:106.0) Gecko/20100101 Firefox/106.0" "www.ysfine.com"
87.159.111.49 - - [27/Oct/2022:13:52:14 -0700] "GET /home/resonance33b.jpg HTTP/1.1" 200 32648 "https://www.ysfine.com/home/optics.html" "Mozilla/5.0 (Windows NT 10.0; Win64; x64; rv:106.0) Gecko/20100101 Firefox/106.0" "www.ysfine.com"
87.159.111.49 - - [27/Oct/2022:13:52:14 -0700] "GET /people/noz75b.jpg HTTP/1.1" 200 38550 "https://www.ysfine.com/home/optics.html" "Mozilla/5.0 (Windows NT 10.0; Win64; x64; rv:106.0) Gecko/20100101 Firefox/106.0" "www.ysfine.com"
87.159.111.49 - - [27/Oct/2022:13:52:14 -0700] "GET /people/zeilinger05b.jpg HTTP/1.1" 200 39332 "https://www.ysfine.com/home/optics.html" "Mozilla/5.0 (Windows NT 10.0; Win64; x64; rv:106.0) Gecko/20100101 Firefox/106.0" "www.ysfine.com"
87.159.111.49 - - [27/Oct/2022:13:52:14 -0700] "GET /people/elena01b.jpg HTTP/1.1" 200 66320 "https://www.ysfine.com/home/optics.html" "Mozilla/5.0 (Windows NT 10.0; Win64; x64; rv:106.0) Gecko/20100101 Firefox/106.0" "www.ysfine.com"
87.159.111.49 - - [27/Oct/2022:13:52:14 -0700] "GET /people/noz06b.jpg HTTP/1.1" 200 31210 "https://www.ysfine.com/home/optics.html" "Mozilla/5.0 (Windows NT 10.0; Win64; x64; rv:106.0) Gecko/20100101 Firefox/106.0" "www.ysfine.com"
87.159.111.49 - - [27/Oct/2022:13:52:14 -0700] "GET /eink/pwk19c.jpg HTTP/1.1" 200 57759 "https://www.ysfine.com/home/optics.html" "Mozilla/5.0 (Windows NT 10.0; Win64; x64; rv:106.0) Gecko/20100101 Firefox/106.0" "www.ysfine.com"
87.159.111.49 - - [27/Oct/2022:13:52:14 -0700] "GET /people/glauber05b.jpg HTTP/1.1" 200 38561 "https://www.ysfine.com/home/optics.html" "Mozilla/5.0 (Windows NT 10.0; Win64; x64; rv:106.0) Gecko/20100101 Firefox/106.0" "www.ysfine.com"
87.159.111.49 - - [27/Oct/2022:13:52:14 -0700] "GET /dirac/sq66b.jpg HTTP/1.1" 200 22242 "https://www.ysfine.com/home/optics.html" "Mozilla/5.0 (Windows NT 10.0; Win64; x64; rv:106.0) Gecko/20100101 Firefox/106.0" "www.ysfine.com"
87.159.111.49 - - [27/Oct/2022:13:52:14 -0700] "GET /yspapers/iop19c.jpg HTTP/1.1" 200 40220 "https://www.ysfine.com/home/optics.html" "Mozilla/5.0 (Windows NT 10.0; Win64; x64; rv:106.0) Gecko/20100101 Firefox/106.0" "www.ysfine.com"
87.159.111.49 - - [27/Oct/2022:13:52:14 -0700] "GET /kobak/taylor33c.jpg HTTP/1.1" 200 39951 "https://www.ysfine.com/home/optics.html" "Mozilla/5.0 (Windows NT 10.0; Win64; x64; rv:106.0) Gecko/20100101 Firefox/106.0" "www.ysfine.com"
87.159.111.49 - - [27/Oct/2022:13:52:14 -0700] "GET /people/sibelbas11b.jpg HTTP/1.1" 200 51886 "https://www.ysfine.com/home/optics.html" "Mozilla/5.0 (Windows NT 10.0; Win64; x64; rv:106.0) Gecko/20100101 Firefox/106.0" "www.ysfine.com"
