216.244.66.229 - - [27/Oct/2022:06:18:48 -0700] "GET /princeton/50th.jpg HTTP/1.1" 200 105158 "-" "Mozilla/5.0 (compatible; DotBot/1.2; +https://opensiteexplorer.org/dotbot; help@moz.com)" "www.ysfine.com"
216.244.66.229 - - [27/Oct/2022:06:19:18 -0700] "GET /sbk/1971aa.jpg HTTP/1.1" 200 123500 "-" "Mozilla/5.0 (compatible; DotBot/1.2; +https://opensiteexplorer.org/dotbot; help@moz.com)" "www.ysfine.com"
40.77.167.27 - - [27/Oct/2022:06:19:34 -0700] "GET /eink/abomb66c.jpg HTTP/1.1" 200 22350 "-" "Mozilla/5.0 (compatible; bingbot/2.0; +http://www.bing.com/bingbot.htm)" "ysfine.com"
157.55.39.127 - - [27/Oct/2022:06:19:42 -0700] "GET /style/venus01.jpg HTTP/1.1" 200 96403 "-" "Mozilla/5.0 AppleWebKit/537.36 (KHTML, like Gecko; compatible; bingbot/2.0; +http://www.bing.com/bingbot.htm) Chrome/103.0.5060.134 Safari/537.36" "ysfine.com"
216.244.66.229 - - [27/Oct/2022:06:19:47 -0700] "GET /wdc/rossboro.jpg HTTP/1.1" 200 154395 "-" "Mozilla/5.0 (compatible; DotBot/1.2; +https://opensiteexplorer.org/dotbot; help@moz.com)" "www.ysfine.com"
151.188.137.187 - - [27/Oct/2022:06:20:01 -0700] "GET /princeton/alexan22.jpg HTTP/1.1" 200 175436 "https://www.google.com/" "Mozilla/5.0 (Windows NT 10.0; Win64; x64) AppleWebKit/537.36 (KHTML, like Gecko) Chrome/105.0.0.0 Safari/537.36" "ysfine.com"
216.244.66.229 - - [27/Oct/2022:06:20:16 -0700] "GET /wigner/lamb.jpg HTTP/1.1" 200 60482 "-" "Mozilla/5.0 (compatible; DotBot/1.2; +https://opensiteexplorer.org/dotbot; help@moz.com)" "www.ysfine.com"
207.46.13.104 - - [27/Oct/2022:06:20:42 -0700] "GET /wdc/dar22.jpg HTTP/1.1" 200 95374 "-" "Mozilla/5.0 AppleWebKit/537.36 (KHTML, like Gecko; compatible; bingbot/2.0; +http://www.bing.com/bingbot.htm) Chrome/103.0.5060.134 Safari/537.36" "www.ysfine.com"
123.193.165.25 - - [27/Oct/2022:06:21:20 -0700] "GET /kobak/1014b.jpg HTTP/1.1" 200 42115 "https://www.google.com/" "Mozilla/5.0 (Windows NT 10.0; Win64; x64) AppleWebKit/537.36 (KHTML, like Gecko) Chrome/106.0.0.0 Safari/537.36" "ysfine.com"
216.244.66.229 - - [27/Oct/2022:06:21:35 -0700] "GET /dongio/austra10.jpg HTTP/1.1" 404 73 "-" "Mozilla/5.0 (compatible; DotBot/1.2; +https://opensiteexplorer.org/dotbot; help@moz.com)" "www.ysfine.com"
157.55.39.14 - - [27/Oct/2022:06:21:41 -0700] "GET /einstein/places/einmu17.jpg HTTP/1.1" 200 67347 "-" "Mozilla/5.0 (compatible; bingbot/2.0; +http://www.bing.com/bingbot.htm)" "ysfine.com"
216.244.66.229 - - [27/Oct/2022:06:21:59 -0700] "GET /usca/pitt/fortpitt06.jpg HTTP/1.1" 200 172411 "-" "Mozilla/5.0 (compatible; DotBot/1.2; +https://opensiteexplorer.org/dotbot; help@moz.com)" "www.ysfine.com"
157.55.39.127 - - [27/Oct/2022:06:22:12 -0700] "GET /sbk/2015tallin11.jpg HTTP/1.1" 200 196050 "-" "Mozilla/5.0 AppleWebKit/537.36 (KHTML, like Gecko; compatible; bingbot/2.0; +http://www.bing.com/bingbot.htm) Chrome/103.0.5060.134 Safari/537.36" "www.ysfine.com"
40.77.167.27 - - [27/Oct/2022:06:22:34 -0700] "GET /einstein/heisen33.jpg HTTP/1.1" 200 501915 "-" "Mozilla/5.0 (compatible; bingbot/2.0; +http://www.bing.com/bingbot.htm)" "www.ysfine.com"
216.244.66.229 - - [27/Oct/2022:06:22:38 -0700] "GET /world/baltic/baltic03.pptx HTTP/1.1" 200 163851 "-" "Mozilla/5.0 (compatible; DotBot/1.2; +https://opensiteexplorer.org/dotbot; help@moz.com)" "www.ysfine.com"
216.244.66.229 - - [27/Oct/2022:06:23:11 -0700] "GET /world/china/china014.jpg HTTP/1.1" 200 75015 "-" "Mozilla/5.0 (compatible; DotBot/1.2; +https://opensiteexplorer.org/dotbot; help@moz.com)" "www.ysfine.com"
122.173.24.234 - - [27/Oct/2022:06:23:37 -0700] "GET /feynman/fphoto.html HTTP/1.1" 200 3714 "https://www.google.com/" "Mozilla/5.0 (Macintosh; Intel Mac OS X 10_15_7) AppleWebKit/537.36 (KHTML, like Gecko) Chrome/106.0.0.0 Safari/537.36" "ysfine.com"
122.173.24.234 - - [27/Oct/2022:06:23:37 -0700] "GET /feynman/feyn86b.jpg HTTP/1.1" 200 26190 "https://ysfine.com/feynman/fphoto.html" "Mozilla/5.0 (Macintosh; Intel Mac OS X 10_15_7) AppleWebKit/537.36 (KHTML, like Gecko) Chrome/106.0.0.0 Safari/537.36" "ysfine.com"
122.173.24.234 - - [27/Oct/2022:06:23:37 -0700] "GET /feynman/feynma2.jpg HTTP/1.1" 200 41543 "https://ysfine.com/feynman/fphoto.html" "Mozilla/5.0 (Macintosh; Intel Mac OS X 10_15_7) AppleWebKit/537.36 (KHTML, like Gecko) Chrome/106.0.0.0 Safari/537.36" "ysfine.com"
122.173.24.234 - - [27/Oct/2022:06:23:37 -0700] "GET /feynman/feybongo55b.jpg HTTP/1.1" 200 41455 "https://ysfine.com/feynman/fphoto.html" "Mozilla/5.0 (Macintosh; Intel Mac OS X 10_15_7) AppleWebKit/537.36 (KHTML, like Gecko) Chrome/106.0.0.0 Safari/537.36" "ysfine.com"
122.173.24.234 - - [27/Oct/2022:06:23:37 -0700] "GET /feynman/feyprince2.jpg HTTP/1.1" 200 49143 "https://ysfine.com/feynman/fphoto.html" "Mozilla/5.0 (Macintosh; Intel Mac OS X 10_15_7) AppleWebKit/537.36 (KHTML, like Gecko) Chrome/106.0.0.0 Safari/537.36" "ysfine.com"
122.173.24.234 - - [27/Oct/2022:06:23:37 -0700] "GET /feynman/chapline2.jpg HTTP/1.1" 200 36026 "https://ysfine.com/feynman/fphoto.html" "Mozilla/5.0 (Macintosh; Intel Mac OS X 10_15_7) AppleWebKit/537.36 (KHTML, like Gecko) Chrome/106.0.0.0 Safari/537.36" "ysfine.com"
122.173.24.234 - - [27/Oct/2022:06:23:37 -0700] "GET /world/latina/rio025b.jpg HTTP/1.1" 200 39082 "https://ysfine.com/feynman/fphoto.html" "Mozilla/5.0 (Macintosh; Intel Mac OS X 10_15_7) AppleWebKit/537.36 (KHTML, like Gecko) Chrome/106.0.0.0 Safari/537.36" "ysfine.com"
216.244.66.229 - - [27/Oct/2022:06:23:41 -0700] "GET /world/ital/napol02b.jpg HTTP/1.1" 200 44399 "-" "Mozilla/5.0 (compatible; DotBot/1.2; +https://opensiteexplorer.org/dotbot; help@moz.com)" "www.ysfine.com"
122.173.24.234 - - [27/Oct/2022:06:23:41 -0700] "GET /favicon.ico HTTP/1.1" 404 88 "https://ysfine.com/feynman/fphoto.html" "Mozilla/5.0 (Macintosh; Intel Mac OS X 10_15_7) AppleWebKit/537.36 (KHTML, like Gecko) Chrome/106.0.0.0 Safari/537.36" "ysfine.com"
122.173.24.234 - - [27/Oct/2022:06:23:45 -0700] "GET /feynman/feybongo55.jpg HTTP/1.1" 200 95645 "https://ysfine.com/feynman/fphoto.html" "Mozilla/5.0 (Macintosh; Intel Mac OS X 10_15_7) AppleWebKit/537.36 (KHTML, like Gecko) Chrome/106.0.0.0 Safari/537.36" "ysfine.com"
122.173.24.234 - - [27/Oct/2022:06:23:45 -0700] "GET /feynman/feybongo55.jpg HTTP/1.1" 200 95645 "https://ysfine.com/feynman/fphoto.html" "Mozilla/5.0 (Macintosh; Intel Mac OS X 10_15_7) AppleWebKit/537.36 (KHTML, like Gecko) Chrome/106.0.0.0 Safari/537.36" "ysfine.com"
122.173.24.234 - - [27/Oct/2022:06:23:48 -0700] "GET /feynman/feybongo55.jpg HTTP/1.1" 206 1 "https://ysfine.com/feynman/fphoto.html" "Mozilla/5.0 (Macintosh; Intel Mac OS X 10_15_7) AppleWebKit/537.36 (KHTML, like Gecko) Chrome/106.0.0.0 Safari/537.36" "ysfine.com"
122.173.24.234 - - [27/Oct/2022:06:23:48 -0700] "GET /feynman/feybongo55.jpg HTTP/1.1" 206 30620 "https://ysfine.com/feynman/fphoto.html" "Mozilla/5.0 (Macintosh; Intel Mac OS X 10_15_7) AppleWebKit/537.36 (KHTML, like Gecko) Chrome/106.0.0.0 Safari/537.36" "ysfine.com"
157.55.39.127 - - [27/Oct/2022:06:24:02 -0700] "GET /world/russ/kazan070.jpg HTTP/1.1" 200 70728 "-" "Mozilla/5.0 AppleWebKit/537.36 (KHTML, like Gecko; compatible; bingbot/2.0; +http://www.bing.com/bingbot.htm) Chrome/103.0.5060.134 Safari/537.36" "www.ysfine.com"
216.244.66.229 - - [27/Oct/2022:06:24:08 -0700] "GET /world/ital/rome026.jpg HTTP/1.1" 200 127572 "-" "Mozilla/5.0 (compatible; DotBot/1.2; +https://opensiteexplorer.org/dotbot; help@moz.com)" "www.ysfine.com"
3.84.177.117 - - [27/Oct/2022:06:24:25 -0700] "GET / HTTP/1.1" 200 5283 "-" "Pixalate.com/1.0" "ysfine.com"
3.84.177.117 - - [27/Oct/2022:06:24:25 -0700] "GET /jobs/index.html HTTP/1.1" 200 123 "-" "Pixalate.com/1.0" "ysfine.com"
3.84.177.117 - - [27/Oct/2022:06:24:26 -0700] "GET /eink/index.html HTTP/1.1" 200 17659 "-" "Pixalate.com/1.0" "ysfine.com"
3.84.177.117 - - [27/Oct/2022:06:24:27 -0700] "GET /eink/mose.html HTTP/1.1" 200 14315 "-" "Pixalate.com/1.0" "ysfine.com"
3.84.177.117 - - [27/Oct/2022:06:24:29 -0700] "GET /home/index.html HTTP/1.1" 200 142 "-" "Pixalate.com/1.0" "ysfine.com"
3.84.177.117 - - [27/Oct/2022:06:24:30 -0700] "GET /home/bio.html HTTP/1.1" 404 88 "-" "Pixalate.com/1.0" "ysfine.com"
3.84.177.117 - - [27/Oct/2022:06:24:30 -0700] "GET /world/ysworld.html HTTP/1.1" 200 3195 "-" "Pixalate.com/1.0" "ysfine.com"
3.84.177.117 - - [27/Oct/2022:06:24:32 -0700] "GET /eink/index.html HTTP/1.1" 200 17659 "-" "Pixalate.com/1.0" "ysfine.com"
3.84.177.117 - - [27/Oct/2022:06:24:33 -0700] "GET /home/bio77.html HTTP/1.1" 404 88 "-" "Pixalate.com/1.0" "ysfine.com"
3.84.177.117 - - [27/Oct/2022:06:24:33 -0700] "GET /yspapers/index.html HTTP/1.1" 200 21306 "-" "Pixalate.com/1.0" "ysfine.com"
3.84.177.117 - - [27/Oct/2022:06:24:34 -0700] "GET /awards/index.html HTTP/1.1" 200 10086 "-" "Pixalate.com/1.0" "ysfine.com"
207.46.13.104 - - [27/Oct/2022:06:24:43 -0700] "GET /yspapers/minsk19.pdf HTTP/1.1" 304 - "-" "Mozilla/5.0 (compatible; bingbot/2.0; +http://www.bing.com/bingbot.htm)" "www.ysfine.com"
122.161.94.141 - - [27/Oct/2022:06:24:49 -0700] "GET /world/china/shanghai003.jpg HTTP/1.1" 200 180049 "https://www.bing.com/" "Mozilla/5.0 (Windows NT 10.0; Win64; x64) AppleWebKit/537.36 (KHTML, like Gecko) Chrome/106.0.0.0 Safari/537.36 Edg/106.0.1370.52" "ysfine.com"
40.77.167.71 - - [27/Oct/2022:06:24:51 -0700] "GET /world/russ/kazan061b.jpg HTTP/1.1" 200 38877 "-" "Mozilla/5.0 AppleWebKit/537.36 (KHTML, like Gecko; compatible; bingbot/2.0; +http://www.bing.com/bingbot.htm) Chrome/103.0.5060.134 Safari/537.36" "www.ysfine.com"
200.17.35.91 - - [27/Oct/2022:06:25:04 -0700] "GET /wigner/wigner39.pdf HTTP/1.1" 200 1398440 "https://www.google.com/" "Mozilla/5.0 (X11; Ubuntu; Linux x86_64; rv:106.0) Gecko/20100101 Firefox/106.0" "ysfine.com"
200.17.35.91 - - [27/Oct/2022:06:25:05 -0700] "GET /favicon.ico HTTP/1.1" 404 88 "https://ysfine.com/" "Mozilla/5.0 (X11; Ubuntu; Linux x86_64; rv:106.0) Gecko/20100101 Firefox/106.0" "ysfine.com"
200.17.35.91 - - [27/Oct/2022:06:25:06 -0700] "GET /wigner/wigner39.pdf HTTP/1.1" 206 22184 "https://www.google.com/" "Mozilla/5.0 (X11; Ubuntu; Linux x86_64; rv:106.0) Gecko/20100101 Firefox/106.0" "ysfine.com"
40.77.167.27 - - [27/Oct/2022:06:25:06 -0700] "GET /dirac/dirac63.html HTTP/1.1" 404 88 "-" "Mozilla/5.0 (compatible; bingbot/2.0; +http://www.bing.com/bingbot.htm)" "www.ysfine.com"
200.17.35.91 - - [27/Oct/2022:06:25:06 -0700] "GET /wigner/wigner39.pdf HTTP/1.1" 206 65536 "https://www.google.com/" "Mozilla/5.0 (X11; Ubuntu; Linux x86_64; rv:106.0) Gecko/20100101 Firefox/106.0" "ysfine.com"
200.17.35.91 - - [27/Oct/2022:06:25:07 -0700] "GET /wigner/wigner39.pdf HTTP/1.1" 206 65536 "https://www.google.com/" "Mozilla/5.0 (X11; Ubuntu; Linux x86_64; rv:106.0) Gecko/20100101 Firefox/106.0" "ysfine.com"
200.17.35.91 - - [27/Oct/2022:06:25:07 -0700] "GET /wigner/wigner39.pdf HTTP/1.1" 206 65536 "https://www.google.com/" "Mozilla/5.0 (X11; Ubuntu; Linux x86_64; rv:106.0) Gecko/20100101 Firefox/106.0" "ysfine.com"
200.17.35.91 - - [27/Oct/2022:06:25:08 -0700] "GET /wigner/wigner39.pdf HTTP/1.1" 206 65536 "https://www.google.com/" "Mozilla/5.0 (X11; Ubuntu; Linux x86_64; rv:106.0) Gecko/20100101 Firefox/106.0" "ysfine.com"
207.46.13.104 - - [27/Oct/2022:06:25:11 -0700] "GET /world/europe/praha013b.jpg HTTP/1.1" 200 37302 "-" "Mozilla/5.0 AppleWebKit/537.36 (KHTML, like Gecko; compatible; bingbot/2.0; +http://www.bing.com/bingbot.htm) Chrome/103.0.5060.134 Safari/537.36" "ysfine.com"
40.77.167.27 - - [27/Oct/2022:06:27:35 -0700] "GET /world/germany/tub10b.jpg HTTP/1.1" 200 43201 "-" "Mozilla/5.0 AppleWebKit/537.36 (KHTML, like Gecko; compatible; bingbot/2.0; +http://www.bing.com/bingbot.htm) Chrome/103.0.5060.134 Safari/537.36" "ysfine.com"
40.77.167.27 - - [27/Oct/2022:06:27:36 -0700] "GET /world/latina/cancun23.jpg HTTP/1.1" 200 119252 "-" "Mozilla/5.0 (compatible; bingbot/2.0; +http://www.bing.com/bingbot.htm)" "www.ysfine.com"
157.55.39.121 - - [27/Oct/2022:06:27:45 -0700] "GET /world/russ/kazan054.jpg HTTP/1.1" 200 84661 "-" "Mozilla/5.0 AppleWebKit/537.36 (KHTML, like Gecko; compatible; bingbot/2.0; +http://www.bing.com/bingbot.htm) Chrome/103.0.5060.134 Safari/537.36" "ysfine.com"
40.77.167.27 - - [27/Oct/2022:06:28:05 -0700] "GET /world/ital/florf11.jpg HTTP/1.1" 200 118024 "-" "Mozilla/5.0 (compatible; bingbot/2.0; +http://www.bing.com/bingbot.htm)" "ysfine.com"
157.55.39.121 - - [27/Oct/2022:06:28:36 -0700] "GET /bio/world/kalinin22.html HTTP/1.1" 404 88 "-" "Mozilla/5.0 (compatible; bingbot/2.0; +http://www.bing.com/bingbot.htm)" "ysfine.com"
40.77.167.71 - - [27/Oct/2022:06:28:40 -0700] "GET /world/france/frstu09.jpg HTTP/1.1" 200 167728 "-" "Mozilla/5.0 AppleWebKit/537.36 (KHTML, like Gecko; compatible; bingbot/2.0; +http://www.bing.com/bingbot.htm) Chrome/103.0.5060.134 Safari/537.36" "ysfine.com"
93.41.18.217 - - [27/Oct/2022:06:28:53 -0700] "GET /dirac/dirheisen30.jpg HTTP/1.1" 200 141929 "https://www.google.com/" "Mozilla/5.0 (Windows NT 10.0; Win64; x64) AppleWebKit/537.36 (KHTML, like Gecko) Chrome/106.0.0.0 Safari/537.36" "ysfine.com"
40.77.167.71 - - [27/Oct/2022:06:29:22 -0700] "GET /bio/dirac/dirleft.html HTTP/1.1" 404 88 "-" "Mozilla/5.0 AppleWebKit/537.36 (KHTML, like Gecko; compatible; bingbot/2.0; +http://www.bing.com/bingbot.htm) Chrome/103.0.5060.134 Safari/537.36" "ysfine.com"
109.197.204.60 - - [27/Oct/2022:06:29:27 -0700] "GET /style/spbpiano.html HTTP/1.1" 200 1801 "https://www.google.com/" "Mozilla/5.0 (Linux; Android 11; SM-G970F) AppleWebKit/537.36 (KHTML, like Gecko) Chrome/103.0.0.0 Mobile Safari/537.36" "ysfine.com"
109.197.204.60 - - [27/Oct/2022:06:29:27 -0700] "GET /world/russ/spbpi01a.jpg HTTP/1.1" 200 47890 "https://ysfine.com/style/spbpiano.html" "Mozilla/5.0 (Linux; Android 11; SM-G970F) AppleWebKit/537.36 (KHTML, like Gecko) Chrome/103.0.0.0 Mobile Safari/537.36" "ysfine.com"
109.197.204.60 - - [27/Oct/2022:06:29:27 -0700] "GET /world/russ/spbpi11b.jpg HTTP/1.1" 200 44991 "https://ysfine.com/style/spbpiano.html" "Mozilla/5.0 (Linux; Android 11; SM-G970F) AppleWebKit/537.36 (KHTML, like Gecko) Chrome/103.0.0.0 Mobile Safari/537.36" "ysfine.com"
109.197.204.60 - - [27/Oct/2022:06:29:27 -0700] "GET /world/russ/spbpi02b.jpg HTTP/1.1" 200 34109 "https://ysfine.com/style/spbpiano.html" "Mozilla/5.0 (Linux; Android 11; SM-G970F) AppleWebKit/537.36 (KHTML, like Gecko) Chrome/103.0.0.0 Mobile Safari/537.36" "ysfine.com"
109.197.204.60 - - [27/Oct/2022:06:29:27 -0700] "GET /world/russ/spbpi05b.jpg HTTP/1.1" 200 31815 "https://ysfine.com/style/spbpiano.html" "Mozilla/5.0 (Linux; Android 11; SM-G970F) AppleWebKit/537.36 (KHTML, like Gecko) Chrome/103.0.0.0 Mobile Safari/537.36" "ysfine.com"
109.197.204.60 - - [27/Oct/2022:06:29:27 -0700] "GET /world/russ/spbpi08b.jpg HTTP/1.1" 200 34889 "https://ysfine.com/style/spbpiano.html" "Mozilla/5.0 (Linux; Android 11; SM-G970F) AppleWebKit/537.36 (KHTML, like Gecko) Chrome/103.0.0.0 Mobile Safari/537.36" "ysfine.com"
109.197.204.60 - - [27/Oct/2022:06:29:27 -0700] "GET /world/russ/spbpi04b.jpg HTTP/1.1" 200 40390 "https://ysfine.com/style/spbpiano.html" "Mozilla/5.0 (Linux; Android 11; SM-G970F) AppleWebKit/537.36 (KHTML, like Gecko) Chrome/103.0.0.0 Mobile Safari/537.36" "ysfine.com"
109.197.204.60 - - [27/Oct/2022:06:29:27 -0700] "GET /world/russ/spbpi03b.jpg HTTP/1.1" 200 39436 "https://ysfine.com/style/spbpiano.html" "Mozilla/5.0 (Linux; Android 11; SM-G970F) AppleWebKit/537.36 (KHTML, like Gecko) Chrome/103.0.0.0 Mobile Safari/537.36" "ysfine.com"
109.197.204.60 - - [27/Oct/2022:06:29:27 -0700] "GET /world/russ/spbpi07b.jpg HTTP/1.1" 200 44525 "https://ysfine.com/style/spbpiano.html" "Mozilla/5.0 (Linux; Android 11; SM-G970F) AppleWebKit/537.36 (KHTML, like Gecko) Chrome/103.0.0.0 Mobile Safari/537.36" "ysfine.com"
109.197.204.60 - - [27/Oct/2022:06:29:27 -0700] "GET /world/russ/spbpi06b.jpg HTTP/1.1" 200 36435 "https://ysfine.com/style/spbpiano.html" "Mozilla/5.0 (Linux; Android 11; SM-G970F) AppleWebKit/537.36 (KHTML, like Gecko) Chrome/103.0.0.0 Mobile Safari/537.36" "ysfine.com"
109.197.204.60 - - [27/Oct/2022:06:29:31 -0700] "GET /favicon.ico HTTP/1.1" 404 88 "https://ysfine.com/style/spbpiano.html" "Mozilla/5.0 (Linux; Android 11; SM-G970F) AppleWebKit/537.36 (KHTML, like Gecko) Chrome/103.0.0.0 Mobile Safari/537.36" "ysfine.com"
109.197.204.60 - - [27/Oct/2022:06:29:33 -0700] "GET /world/russ/spbpi03.jpg HTTP/1.1" 200 69547 "https://ysfine.com/style/spbpiano.html" "Mozilla/5.0 (Linux; Android 11; SM-G970F) AppleWebKit/537.36 (KHTML, like Gecko) Chrome/103.0.0.0 Mobile Safari/537.36" "ysfine.com"
109.197.204.60 - - [27/Oct/2022:06:29:39 -0700] "GET /world/russ/spbpi04.jpg HTTP/1.1" 200 96087 "https://ysfine.com/style/spbpiano.html" "Mozilla/5.0 (Linux; Android 11; SM-G970F) AppleWebKit/537.36 (KHTML, like Gecko) Chrome/103.0.0.0 Mobile Safari/537.36" "ysfine.com"
93.158.161.40 - - [27/Oct/2022:06:29:47 -0700] "GET /philo/e=mc22c.jpg HTTP/1.1" 200 33348 "-" "Mozilla/5.0 (compatible; YandexImages/3.0; +http://yandex.com/bots)" "www.ysfine.com"
207.46.13.104 - - [27/Oct/2022:06:29:51 -0700] "GET /einstein/newton22b.jpg HTTP/1.1" 200 60510 "-" "Mozilla/5.0 AppleWebKit/537.36 (KHTML, like Gecko; compatible; bingbot/2.0; +http://www.bing.com/bingbot.htm) Chrome/103.0.5060.134 Safari/537.36" "ysfine.com"
109.197.204.60 - - [27/Oct/2022:06:29:53 -0700] "GET /world/russ/spbpi06.jpg HTTP/1.1" 200 85923 "https://ysfine.com/style/spbpiano.html" "Mozilla/5.0 (Linux; Android 11; SM-G970F) AppleWebKit/537.36 (KHTML, like Gecko) Chrome/103.0.0.0 Mobile Safari/537.36" "ysfine.com"
109.197.204.60 - - [27/Oct/2022:06:30:00 -0700] "GET /world/russ/spbpi07.jpg HTTP/1.1" 200 87056 "https://ysfine.com/style/spbpiano.html" "Mozilla/5.0 (Linux; Android 11; SM-G970F) AppleWebKit/537.36 (KHTML, like Gecko) Chrome/103.0.0.0 Mobile Safari/537.36" "ysfine.com"
157.55.39.14 - - [27/Oct/2022:06:30:03 -0700] "GET /bio/einstein/bern.html HTTP/1.1" 404 88 "-" "Mozilla/5.0 (compatible; bingbot/2.0; +http://www.bing.com/bingbot.htm)" "ysfine.com"
109.197.204.60 - - [27/Oct/2022:06:30:28 -0700] "GET /world/russ/spbpi05.jpg HTTP/1.1" 200 68421 "https://ysfine.com/style/spbpiano.html" "Mozilla/5.0 (Linux; Android 11; SM-G970F) AppleWebKit/537.36 (KHTML, like Gecko) Chrome/103.0.0.0 Mobile Safari/537.36" "ysfine.com"
157.55.39.127 - - [27/Oct/2022:06:30:33 -0700] "GET /world/germany/oktf03.jpg HTTP/1.1" 200 108768 "-" "Mozilla/5.0 (compatible; bingbot/2.0; +http://www.bing.com/bingbot.htm)" "ysfine.com"
109.197.204.60 - - [27/Oct/2022:06:30:37 -0700] "GET /world/russ/spbpi08.jpg HTTP/1.1" 200 76658 "https://ysfine.com/style/spbpiano.html" "Mozilla/5.0 (Linux; Android 11; SM-G970F) AppleWebKit/537.36 (KHTML, like Gecko) Chrome/103.0.0.0 Mobile Safari/537.36" "ysfine.com"
157.55.39.127 - - [27/Oct/2022:06:30:43 -0700] "GET /world/russ/kiev027b.jpg HTTP/1.1" 200 50728 "-" "Mozilla/5.0 (compatible; bingbot/2.0; +http://www.bing.com/bingbot.htm)" "ysfine.com"
157.55.39.121 - - [27/Oct/2022:06:31:05 -0700] "GET /world/baltic/riga28.jpg HTTP/1.1" 200 82132 "-" "Mozilla/5.0 (compatible; bingbot/2.0; +http://www.bing.com/bingbot.htm)" "ysfine.com"
157.55.39.121 - - [27/Oct/2022:06:31:26 -0700] "GET /world/china/opium04.jpg HTTP/1.1" 200 95838 "-" "Mozilla/5.0 AppleWebKit/537.36 (KHTML, like Gecko; compatible; bingbot/2.0; +http://www.bing.com/bingbot.htm) Chrome/103.0.5060.134 Safari/537.36" "ysfine.com"
157.55.39.14 - - [27/Oct/2022:06:31:32 -0700] "GET /world/scandi/copen024.jpg HTTP/1.1" 200 58082 "-" "Mozilla/5.0 AppleWebKit/537.36 (KHTML, like Gecko; compatible; bingbot/2.0; +http://www.bing.com/bingbot.htm) Chrome/103.0.5060.134 Safari/537.36" "ysfine.com"
40.77.167.71 - - [27/Oct/2022:06:31:52 -0700] "GET /maga/phys/bohrheisen11.jpg HTTP/1.1" 200 104546 "-" "Mozilla/5.0 (compatible; bingbot/2.0; +http://www.bing.com/bingbot.htm)" "ysfine.com"
173.73.77.36 - - [27/Oct/2022:06:32:05 -0700] "GET /ys11/ HTTP/1.1" 304 - "-" "Mozilla/5.0 (Windows NT 10.0; Win64; x64) AppleWebKit/537.36 (KHTML, like Gecko) Chrome/106.0.0.0 Safari/537.36 Edg/106.0.1370.52" "ysfine.com"
173.73.77.36 - - [27/Oct/2022:06:32:06 -0700] "GET /favicon.ico HTTP/1.1" 404 88 "https://ysfine.com/ys11/" "Mozilla/5.0 (Windows NT 10.0; Win64; x64) AppleWebKit/537.36 (KHTML, like Gecko) Chrome/106.0.0.0 Safari/537.36 Edg/106.0.1370.52" "ysfine.com"
40.77.167.71 - - [27/Oct/2022:06:32:42 -0700] "GET /world/poland/psoldier01b.jpg HTTP/1.1" 200 43418 "-" "Mozilla/5.0 (compatible; bingbot/2.0; +http://www.bing.com/bingbot.htm)" "ysfine.com"
40.77.167.71 - - [27/Oct/2022:06:32:43 -0700] "GET /bio/style/ystyle.html HTTP/1.1" 404 88 "-" "Mozilla/5.0 (compatible; bingbot/2.0; +http://www.bing.com/bingbot.htm)" "ysfine.com"
207.46.13.104 - - [27/Oct/2022:06:33:13 -0700] "GET /einstein/places/einmu02.jpg HTTP/1.1" 200 84066 "-" "Mozilla/5.0 (compatible; bingbot/2.0; +http://www.bing.com/bingbot.htm)" "ysfine.com"
34.227.84.192 - - [27/Oct/2022:06:33:56 -0700] "GET /sitemap.xml HTTP/1.1" 304 - "https://www.google.com/" "Mozilla/5.0 (X11; Ubuntu; Linux x86_64; rv:73.0) Gecko/20100101 Firefox/73.0" "www.ysfine.com"
173.73.77.36 - - [27/Oct/2022:06:34:31 -0700] "GET /ys11/ HTTP/1.1" 304 - "-" "Mozilla/5.0 (Windows NT 10.0; Win64; x64) AppleWebKit/537.36 (KHTML, like Gecko) Chrome/106.0.5249.119 Safari/537.36" "ysfine.com"
173.73.77.36 - - [27/Oct/2022:06:34:31 -0700] "GET /favicon.ico HTTP/1.1" 404 88 "https://ysfine.com/ys11/" "Mozilla/5.0 (Windows NT 10.0; Win64; x64) AppleWebKit/537.36 (KHTML, like Gecko) Chrome/106.0.5249.119 Safari/537.36" "ysfine.com"
71.245.124.117 - - [27/Oct/2022:06:34:31 -0700] "GET /princeton/nasshall06.jpg HTTP/1.1" 200 145090 "https://www.google.com/" "Mozilla/5.0 (Windows NT 10.0; Win64; x64) AppleWebKit/537.36 (KHTML, like Gecko) Chrome/106.0.0.0 Safari/537.36" "ysfine.com"
173.73.77.36 - - [27/Oct/2022:06:34:38 -0700] "GET /ysbio/bio04.html HTTP/1.1" 200 4635 "https://ysfine.com/ys11/" "Mozilla/5.0 (Windows NT 10.0; Win64; x64) AppleWebKit/537.36 (KHTML, like Gecko) Chrome/106.0.5249.119 Safari/537.36" "ysfine.com"
173.73.77.36 - - [27/Oct/2022:06:34:38 -0700] "GET /ysbio/comet01d.jpg HTTP/1.1" 200 66770 "https://ysfine.com/ysbio/bio04.html" "Mozilla/5.0 (Windows NT 10.0; Win64; x64) AppleWebKit/537.36 (KHTML, like Gecko) Chrome/106.0.5249.119 Safari/537.36" "ysfine.com"
173.73.77.36 - - [27/Oct/2022:06:34:38 -0700] "GET /ysbio/comet40d.jpg HTTP/1.1" 200 54378 "https://ysfine.com/ysbio/bio04.html" "Mozilla/5.0 (Windows NT 10.0; Win64; x64) AppleWebKit/537.36 (KHTML, like Gecko) Chrome/106.0.5249.119 Safari/537.36" "ysfine.com"
173.73.77.36 - - [27/Oct/2022:06:34:38 -0700] "GET /ysbio/bek66aa.jpg HTTP/1.1" 200 66817 "https://ysfine.com/ysbio/bio04.html" "Mozilla/5.0 (Windows NT 10.0; Win64; x64) AppleWebKit/537.36 (KHTML, like Gecko) Chrome/106.0.5249.119 Safari/537.36" "ysfine.com"
173.73.77.36 - - [27/Oct/2022:06:34:38 -0700] "GET /ysbio/hunmin22c.jpg HTTP/1.1" 200 55235 "https://ysfine.com/ysbio/bio04.html" "Mozilla/5.0 (Windows NT 10.0; Win64; x64) AppleWebKit/537.36 (KHTML, like Gecko) Chrome/106.0.5249.119 Safari/537.36" "ysfine.com"
173.73.77.36 - - [27/Oct/2022:06:34:38 -0700] "GET /ysbio/dirac/dirac39c.jpg HTTP/1.1" 200 54568 "https://ysfine.com/ysbio/bio04.html" "Mozilla/5.0 (Windows NT 10.0; Win64; x64) AppleWebKit/537.36 (KHTML, like Gecko) Chrome/106.0.5249.119 Safari/537.36" "ysfine.com"
173.73.77.36 - - [27/Oct/2022:06:34:38 -0700] "GET /ysbio/bek55c.jpg HTTP/1.1" 200 27076 "https://ysfine.com/ysbio/bio04.html" "Mozilla/5.0 (Windows NT 10.0; Win64; x64) AppleWebKit/537.36 (KHTML, like Gecko) Chrome/106.0.5249.119 Safari/537.36" "ysfine.com"
173.73.77.36 - - [27/Oct/2022:06:34:49 -0700] "GET /ys11/ HTTP/1.1" 304 - "-" "Mozilla/5.0 (Windows NT 10.0; Win64; x64) AppleWebKit/537.36 (KHTML, like Gecko) Chrome/106.0.0.0 Safari/537.36 Edg/106.0.1370.52" "ysfine.com"
173.73.77.36 - - [27/Oct/2022:06:34:49 -0700] "GET /favicon.ico HTTP/1.1" 404 88 "https://ysfine.com/ys11/" "Mozilla/5.0 (Windows NT 10.0; Win64; x64) AppleWebKit/537.36 (KHTML, like Gecko) Chrome/106.0.0.0 Safari/537.36 Edg/106.0.1370.52" "ysfine.com"
173.73.77.36 - - [27/Oct/2022:06:35:19 -0700] "GET /ys11/ HTTP/1.1" 304 - "-" "Mozilla/5.0 (Windows NT 10.0; Win64; x64) AppleWebKit/537.36 (KHTML, like Gecko) Chrome/106.0.0.0 Safari/537.36 Edg/106.0.1370.52" "ysfine.com"
173.73.77.36 - - [27/Oct/2022:06:35:19 -0700] "GET /favicon.ico HTTP/1.1" 404 88 "https://ysfine.com/ys11/" "Mozilla/5.0 (Windows NT 10.0; Win64; x64) AppleWebKit/537.36 (KHTML, like Gecko) Chrome/106.0.0.0 Safari/537.36 Edg/106.0.1370.52" "ysfine.com"
173.73.77.36 - - [27/Oct/2022:06:35:50 -0700] "GET /ys11/ HTTP/1.1" 304 - "-" "Mozilla/5.0 (Windows NT 10.0; Win64; x64) AppleWebKit/537.36 (KHTML, like Gecko) Chrome/106.0.0.0 Safari/537.36 Edg/106.0.1370.52" "ysfine.com"
173.73.77.36 - - [27/Oct/2022:06:35:50 -0700] "GET /favicon.ico HTTP/1.1" 404 88 "https://ysfine.com/ys11/" "Mozilla/5.0 (Windows NT 10.0; Win64; x64) AppleWebKit/537.36 (KHTML, like Gecko) Chrome/106.0.0.0 Safari/537.36 Edg/106.0.1370.52" "ysfine.com"
157.55.39.14 - - [27/Oct/2022:06:36:03 -0700] "GET /world/ital/verona08b.jpg HTTP/1.1" 200 42862 "-" "Mozilla/5.0 (compatible; bingbot/2.0; +http://www.bing.com/bingbot.htm)" "ysfine.com"
157.55.39.127 - - [27/Oct/2022:06:36:14 -0700] "GET /kobak/sorae/church09b.jpg HTTP/1.1" 200 63003 "-" "Mozilla/5.0 (compatible; bingbot/2.0; +http://www.bing.com/bingbot.htm)" "www.ysfine.com"
185.191.171.41 - - [27/Oct/2022:06:36:26 -0700] "GET /robots.txt HTTP/1.1" 404 88 "-" "Mozilla/5.0 (compatible; SemrushBot/7~bl; +http://www.semrush.com/bot.html)" "ysfine.com"
185.191.171.11 - - [27/Oct/2022:06:36:29 -0700] "GET /home/wcartoon.html HTTP/1.1" 200 6127 "-" "Mozilla/5.0 (compatible; SemrushBot/7~bl; +http://www.semrush.com/bot.html)" "ysfine.com"
40.77.167.71 - - [27/Oct/2022:06:37:01 -0700] "GET /einstein/places/ulm07.jpg HTTP/1.1" 200 183075 "-" "Mozilla/5.0 AppleWebKit/537.36 (KHTML, like Gecko; compatible; bingbot/2.0; +http://www.bing.com/bingbot.htm) Chrome/103.0.5060.134 Safari/537.36" "www.ysfine.com"
157.55.39.121 - - [27/Oct/2022:06:37:17 -0700] "GET /wdc/anna04.jpg HTTP/1.1" 200 109699 "-" "Mozilla/5.0 AppleWebKit/537.36 (KHTML, like Gecko; compatible; bingbot/2.0; +http://www.bing.com/bingbot.htm) Chrome/103.0.5060.134 Safari/537.36" "ysfine.com"
51.222.253.12 - - [27/Oct/2022:06:37:20 -0700] "GET /ysbio/bio05.html HTTP/1.1" 200 14650 "-" "Mozilla/5.0 (compatible; AhrefsBot/7.0; +http://ahrefs.com/robot/)" "www.ysfine.com"
51.222.253.8 - - [27/Oct/2022:06:37:23 -0700] "GET /ysbio/eink/einhaus11c.jpg HTTP/1.1" 200 42522 "-" "Mozilla/5.0 (compatible; AhrefsBot/7.0; +http://ahrefs.com/robot/)" "www.ysfine.com"
51.222.253.9 - - [27/Oct/2022:06:37:29 -0700] "GET /ysbio/usca/pitt/yspgh58d.jpg HTTP/1.1" 404 88 "-" "Mozilla/5.0 (compatible; AhrefsBot/7.0; +http://ahrefs.com/robot/)" "www.ysfine.com"
51.222.253.8 - - [27/Oct/2022:06:37:29 -0700] "GET /ysbio/usca/pitt/highland03d.jpg HTTP/1.1" 404 88 "-" "Mozilla/5.0 (compatible; AhrefsBot/7.0; +http://ahrefs.com/robot/)" "www.ysfine.com"
51.222.253.15 - - [27/Oct/2022:06:37:29 -0700] "GET /ysbio/usca/pitt/knee11d.jpg HTTP/1.1" 404 88 "-" "Mozilla/5.0 (compatible; AhrefsBot/7.0; +http://ahrefs.com/robot/)" "www.ysfine.com"
51.222.253.19 - - [27/Oct/2022:06:37:29 -0700] "GET /ysbio/usca/pitt/heinzfld03d.jpg HTTP/1.1" 404 88 "-" "Mozilla/5.0 (compatible; AhrefsBot/7.0; +http://ahrefs.com/robot/)" "www.ysfine.com"
51.222.253.2 - - [27/Oct/2022:06:37:30 -0700] "GET /ysbio/usca/pitt/fortpitt03d.jpg HTTP/1.1" 404 88 "-" "Mozilla/5.0 (compatible; AhrefsBot/7.0; +http://ahrefs.com/robot/)" "www.ysfine.com"
51.222.253.17 - - [27/Oct/2022:06:37:30 -0700] "GET /ysbio/usca/pitt/tririver01d.jpg HTTP/1.1" 404 88 "-" "Mozilla/5.0 (compatible; AhrefsBot/7.0; +http://ahrefs.com/robot/)" "www.ysfine.com"
51.222.253.9 - - [27/Oct/2022:06:37:30 -0700] "GET /ysbio/usca/pitt/cmall57d.jpg HTTP/1.1" 404 88 "-" "Mozilla/5.0 (compatible; AhrefsBot/7.0; +http://ahrefs.com/robot/)" "www.ysfine.com"
51.222.253.17 - - [27/Oct/2022:06:37:30 -0700] "GET /ysbio/usca/pitt/yodh03d.jpg HTTP/1.1" 404 88 "-" "Mozilla/5.0 (compatible; AhrefsBot/7.0; +http://ahrefs.com/robot/)" "www.ysfine.com"
51.222.253.14 - - [27/Oct/2022:06:37:31 -0700] "GET /ysbio/usca/pitt/donner03d.jpg HTTP/1.1" 404 88 "-" "Mozilla/5.0 (compatible; AhrefsBot/7.0; +http://ahrefs.com/robot/)" "www.ysfine.com"
51.222.253.16 - - [27/Oct/2022:06:37:31 -0700] "GET /ysbio/usca/pitt/pittcath05d.jpg HTTP/1.1" 404 88 "-" "Mozilla/5.0 (compatible; AhrefsBot/7.0; +http://ahrefs.com/robot/)" "www.ysfine.com"
51.222.253.13 - - [27/Oct/2022:06:37:31 -0700] "GET /ysbio/usca/pitt/kwkpgh01d.jpg HTTP/1.1" 404 88 "-" "Mozilla/5.0 (compatible; AhrefsBot/7.0; +http://ahrefs.com/robot/)" "www.ysfine.com"
51.222.253.14 - - [27/Oct/2022:06:37:31 -0700] "GET /ysbio/usca/pitt/syriamos11d.jpg HTTP/1.1" 404 88 "-" "Mozilla/5.0 (compatible; AhrefsBot/7.0; +http://ahrefs.com/robot/)" "www.ysfine.com"
51.222.253.20 - - [27/Oct/2022:06:37:32 -0700] "GET /ysbio/usca/pitt/carnlibra03d.jpg HTTP/1.1" 404 88 "-" "Mozilla/5.0 (compatible; AhrefsBot/7.0; +http://ahrefs.com/robot/)" "www.ysfine.com"
51.222.253.16 - - [27/Oct/2022:06:37:32 -0700] "GET /ysbio/eink/einhaus33c.jpg HTTP/1.1" 200 23792 "-" "Mozilla/5.0 (compatible; AhrefsBot/7.0; +http://ahrefs.com/robot/)" "www.ysfine.com"
51.222.253.16 - - [27/Oct/2022:06:37:37 -0700] "GET /ysbio/goodbad55b.jpg HTTP/1.1" 200 34310 "-" "Mozilla/5.0 (compatible; AhrefsBot/7.0; +http://ahrefs.com/robot/)" "www.ysfine.com"
51.222.253.7 - - [27/Oct/2022:06:37:43 -0700] "GET /ysbio/usca/pitt/pitcn02d.jpg HTTP/1.1" 404 88 "-" "Mozilla/5.0 (compatible; AhrefsBot/7.0; +http://ahrefs.com/robot/)" "www.ysfine.com"
51.222.253.15 - - [27/Oct/2022:06:37:43 -0700] "GET /ysbio/eward55f.jpg HTTP/1.1" 200 122802 "-" "Mozilla/5.0 (compatible; AhrefsBot/7.0; +http://ahrefs.com/robot/)" "www.ysfine.com"
51.222.253.20 - - [27/Oct/2022:06:37:50 -0700] "GET /ysbio/usca/pitt/hugh01b.jpg HTTP/1.1" 200 629471 "-" "Mozilla/5.0 (compatible; AhrefsBot/7.0; +http://ahrefs.com/robot/)" "www.ysfine.com"
51.222.253.7 - - [27/Oct/2022:06:37:59 -0700] "GET /ysbio/usca/pitt/fortpitt01d.jpg HTTP/1.1" 404 88 "-" "Mozilla/5.0 (compatible; AhrefsBot/7.0; +http://ahrefs.com/robot/)" "www.ysfine.com"
51.222.253.5 - - [27/Oct/2022:06:37:59 -0700] "GET /ysbio/usca/pitt04f.jpg HTTP/1.1" 404 88 "-" "Mozilla/5.0 (compatible; AhrefsBot/7.0; +http://ahrefs.com/robot/)" "www.ysfine.com"
51.222.253.1 - - [27/Oct/2022:06:37:59 -0700] "GET /ysbio/usca/pitt/sliderule2.jpg HTTP/1.1" 200 26399 "-" "Mozilla/5.0 (compatible; AhrefsBot/7.0; +http://ahrefs.com/robot/)" "www.ysfine.com"
207.46.13.104 - - [27/Oct/2022:06:38:03 -0700] "GET /world/ital/venice01.jpg HTTP/1.1" 200 187595 "-" "Mozilla/5.0 AppleWebKit/537.36 (KHTML, like Gecko; compatible; bingbot/2.0; +http://www.bing.com/bingbot.htm) Chrome/103.0.5060.134 Safari/537.36" "www.ysfine.com"
51.222.253.5 - - [27/Oct/2022:06:38:05 -0700] "GET /ysbio/usca/pitt/poli33d.jpg HTTP/1.1" 404 88 "-" "Mozilla/5.0 (compatible; AhrefsBot/7.0; +http://ahrefs.com/robot/)" "www.ysfine.com"
51.222.253.14 - - [27/Oct/2022:06:38:05 -0700] "GET /ysbio/usca/pitt/pitbridge01d.jpg HTTP/1.1" 404 88 "-" "Mozilla/5.0 (compatible; AhrefsBot/7.0; +http://ahrefs.com/robot/)" "www.ysfine.com"
51.222.253.13 - - [27/Oct/2022:06:38:05 -0700] "GET /ysbio/eink54f.jpg HTTP/1.1" 200 96332 "-" "Mozilla/5.0 (compatible; AhrefsBot/7.0; +http://ahrefs.com/robot/)" "www.ysfine.com"
51.222.253.15 - - [27/Oct/2022:06:38:12 -0700] "GET /ysbio/usca/pitt/bhagat450.jpg HTTP/1.1" 404 88 "-" "Mozilla/5.0 (compatible; AhrefsBot/7.0; +http://ahrefs.com/robot/)" "www.ysfine.com"
51.222.253.18 - - [27/Oct/2022:06:38:12 -0700] "GET /ysbio/usca/pitt/pitmap03d.jpg HTTP/1.1" 404 88 "-" "Mozilla/5.0 (compatible; AhrefsBot/7.0; +http://ahrefs.com/robot/)" "www.ysfine.com"
51.222.253.15 - - [27/Oct/2022:06:38:12 -0700] "GET /ysbio/usca/pitt/donner07d.jpg HTTP/1.1" 404 88 "-" "Mozilla/5.0 (compatible; AhrefsBot/7.0; +http://ahrefs.com/robot/)" "www.ysfine.com"
51.222.253.18 - - [27/Oct/2022:06:38:12 -0700] "GET /ysbio/usca/pitt/kerry11b.jpg HTTP/1.1" 200 29670 "-" "Mozilla/5.0 (compatible; AhrefsBot/7.0; +http://ahrefs.com/robot/)" "www.ysfine.com"
51.222.253.1 - - [27/Oct/2022:06:38:18 -0700] "GET /ysbio/usca/pitt/cyclo450.jpg HTTP/1.1" 404 88 "-" "Mozilla/5.0 (compatible; AhrefsBot/7.0; +http://ahrefs.com/robot/)" "www.ysfine.com"
51.222.253.6 - - [27/Oct/2022:06:38:18 -0700] "GET /ysbio/usca/pitt/syriamos22d.jpg HTTP/1.1" 404 88 "-" "Mozilla/5.0 (compatible; AhrefsBot/7.0; +http://ahrefs.com/robot/)" "www.ysfine.com"
51.222.253.1 - - [27/Oct/2022:06:38:18 -0700] "GET /ysbio/usca/pitt/mtwash02d.jpg HTTP/1.1" 404 88 "-" "Mozilla/5.0 (compatible; AhrefsBot/7.0; +http://ahrefs.com/robot/)" "www.ysfine.com"
51.222.253.9 - - [27/Oct/2022:06:38:19 -0700] "GET /ysbio/usca/pitt/knee22d.jpg HTTP/1.1" 404 88 "-" "Mozilla/5.0 (compatible; AhrefsBot/7.0; +http://ahrefs.com/robot/)" "www.ysfine.com"
51.222.253.10 - - [27/Oct/2022:06:38:19 -0700] "GET /ysbio/usca/pitt/poli55d.jpg HTTP/1.1" 404 88 "-" "Mozilla/5.0 (compatible; AhrefsBot/7.0; +http://ahrefs.com/robot/)" "www.ysfine.com"
51.222.253.14 - - [27/Oct/2022:06:38:19 -0700] "GET /ysbio/usca/pitt/oldterm22b.jpg HTTP/1.1" 200 24276 "-" "Mozilla/5.0 (compatible; AhrefsBot/7.0; +http://ahrefs.com/robot/)" "www.ysfine.com"
51.222.253.5 - - [27/Oct/2022:06:38:25 -0700] "GET /ysbio/usca/pitt/scotam450.jpg HTTP/1.1" 404 88 "-" "Mozilla/5.0 (compatible; AhrefsBot/7.0; +http://ahrefs.com/robot/)" "www.ysfine.com"
51.222.253.6 - - [27/Oct/2022:06:38:25 -0700] "GET /ysbio/usca/pitt/carnlab11b.jpg HTTP/1.1" 200 32622 "-" "Mozilla/5.0 (compatible; AhrefsBot/7.0; +http://ahrefs.com/robot/)" "www.ysfine.com"
51.222.253.18 - - [27/Oct/2022:06:38:31 -0700] "GET /ysbio/usca/pitt/samsung11d.jpg HTTP/1.1" 404 88 "-" "Mozilla/5.0 (compatible; AhrefsBot/7.0; +http://ahrefs.com/robot/)" "www.ysfine.com"
51.222.253.7 - - [27/Oct/2022:06:38:31 -0700] "GET /ysbio/usca/pitt/machinery22d.jpg HTTP/1.1" 404 88 "-" "Mozilla/5.0 (compatible; AhrefsBot/7.0; +http://ahrefs.com/robot/)" "www.ysfine.com"
51.222.253.12 - - [27/Oct/2022:06:38:31 -0700] "GET /ysbio/usca/pitt/steelm01d.jpg HTTP/1.1" 404 88 "-" "Mozilla/5.0 (compatible; AhrefsBot/7.0; +http://ahrefs.com/robot/)" "www.ysfine.com"
51.222.253.1 - - [27/Oct/2022:06:38:31 -0700] "GET /ysbio/usca/pitt/pghrail11d.jpg HTTP/1.1" 404 88 "-" "Mozilla/5.0 (compatible; AhrefsBot/7.0; +http://ahrefs.com/robot/)" "www.ysfine.com"
51.222.253.19 - - [27/Oct/2022:06:38:32 -0700] "GET /ysbio/princeton/yspr58d.jpg HTTP/1.1" 200 62585 "-" "Mozilla/5.0 (compatible; AhrefsBot/7.0; +http://ahrefs.com/robot/)" "www.ysfine.com"
51.222.253.11 - - [27/Oct/2022:06:38:38 -0700] "GET /ysbio/usca/pitt/pitcn01d.jpg HTTP/1.1" 404 88 "-" "Mozilla/5.0 (compatible; AhrefsBot/7.0; +http://ahrefs.com/robot/)" "www.ysfine.com"
51.222.253.1 - - [27/Oct/2022:06:38:38 -0700] "GET /ysbio/usca/pitt/sbk57d.jpg HTTP/1.1" 404 88 "-" "Mozilla/5.0 (compatible; AhrefsBot/7.0; +http://ahrefs.com/robot/)" "www.ysfine.com"
51.222.253.20 - - [27/Oct/2022:06:38:38 -0700] "GET /ysbio/usca/pitt/carnlibra02d.jpg HTTP/1.1" 404 88 "-" "Mozilla/5.0 (compatible; AhrefsBot/7.0; +http://ahrefs.com/robot/)" "www.ysfine.com"
51.222.253.1 - - [27/Oct/2022:06:38:38 -0700] "GET /ysbio/usca/pitt/strcar450.jpg HTTP/1.1" 404 88 "-" "Mozilla/5.0 (compatible; AhrefsBot/7.0; +http://ahrefs.com/robot/)" "www.ysfine.com"
51.222.253.5 - - [27/Oct/2022:06:38:39 -0700] "GET /ysbio/usca/pitt/steelm02d.jpg HTTP/1.1" 404 88 "-" "Mozilla/5.0 (compatible; AhrefsBot/7.0; +http://ahrefs.com/robot/)" "www.ysfine.com"
51.222.253.2 - - [27/Oct/2022:06:38:39 -0700] "GET /ysbio/ys5458g.jpg HTTP/1.1" 200 109717 "-" "Mozilla/5.0 (compatible; AhrefsBot/7.0; +http://ahrefs.com/robot/)" "www.ysfine.com"
51.222.253.20 - - [27/Oct/2022:06:38:45 -0700] "GET /ysbio/usca/pitt/oldterm33b.jpg HTTP/1.1" 200 32151 "-" "Mozilla/5.0 (compatible; AhrefsBot/7.0; +http://ahrefs.com/robot/)" "www.ysfine.com"
51.222.253.3 - - [27/Oct/2022:06:38:51 -0700] "GET /ysbio/usca/pitt/giants55d.jpg HTTP/1.1" 200 63693 "-" "Mozilla/5.0 (compatible; AhrefsBot/7.0; +http://ahrefs.com/robot/)" "www.ysfine.com"
51.222.253.9 - - [27/Oct/2022:06:38:57 -0700] "GET /ysbio/usca/pitt/gonew450.jpg HTTP/1.1" 404 88 "-" "Mozilla/5.0 (compatible; AhrefsBot/7.0; +http://ahrefs.com/robot/)" "www.ysfine.com"
51.222.253.2 - - [27/Oct/2022:06:38:57 -0700] "GET /ysbio/usca/pitt/pittcath01d.jpg HTTP/1.1" 404 88 "-" "Mozilla/5.0 (compatible; AhrefsBot/7.0; +http://ahrefs.com/robot/)" "www.ysfine.com"
51.222.253.9 - - [27/Oct/2022:06:38:57 -0700] "GET /ysbio/taylor500.jpg HTTP/1.1" 200 79197 "-" "Mozilla/5.0 (compatible; AhrefsBot/7.0; +http://ahrefs.com/robot/)" "www.ysfine.com"
173.73.77.36 - - [27/Oct/2022:06:39:36 -0700] "GET /ys11/ HTTP/1.1" 304 - "-" "Mozilla/5.0 (Windows NT 10.0; Win64; x64) AppleWebKit/537.36 (KHTML, like Gecko) Chrome/106.0.0.0 Safari/537.36 Edg/106.0.1370.52" "ysfine.com"
173.73.77.36 - - [27/Oct/2022:06:39:36 -0700] "GET /favicon.ico HTTP/1.1" 404 88 "https://ysfine.com/ys11/" "Mozilla/5.0 (Windows NT 10.0; Win64; x64) AppleWebKit/537.36 (KHTML, like Gecko) Chrome/106.0.0.0 Safari/537.36 Edg/106.0.1370.52" "ysfine.com"
40.77.167.27 - - [27/Oct/2022:06:39:36 -0700] "GET /class54/class5470/total_data/refer_img/1-12_f.jpg HTTP/1.1" 200 16621 "-" "Mozilla/5.0 (compatible; bingbot/2.0; +http://www.bing.com/bingbot.htm)" "ysfine.com"
207.46.13.104 - - [27/Oct/2022:06:39:43 -0700] "GET /princeton/bdinner.jpg HTTP/1.1" 200 97933 "-" "Mozilla/5.0 AppleWebKit/537.36 (KHTML, like Gecko; compatible; bingbot/2.0; +http://www.bing.com/bingbot.htm) Chrome/103.0.5060.134 Safari/537.36" "ysfine.com"
18.158.106.204 - - [27/Oct/2022:06:40:04 -0700] "GET /wdc/jeffm01.jpg HTTP/1.1" 200 44578 "-" "willnorris/imageproxy" "www.ysfine.com"
157.55.39.127 - - [27/Oct/2022:06:40:04 -0700] "GET /world/baltic/kalinmap33b.jpg HTTP/1.1" 200 33290 "-" "Mozilla/5.0 (compatible; bingbot/2.0; +http://www.bing.com/bingbot.htm)" "ysfine.com"
216.244.66.229 - - [27/Oct/2022:06:41:18 -0700] "GET /robots.txt HTTP/1.1" 404 73 "-" "Mozilla/5.0 (compatible; DotBot/1.2; +https://opensiteexplorer.org/dotbot; help@moz.com)" "www.ysfine.com"
157.55.39.127 - - [27/Oct/2022:06:41:25 -0700] "GET /world/france/arusas01.jpg HTTP/1.1" 200 364636 "-" "Mozilla/5.0 AppleWebKit/537.36 (KHTML, like Gecko; compatible; bingbot/2.0; +http://www.bing.com/bingbot.htm) Chrome/103.0.5060.134 Safari/537.36" "ysfine.com"
103.199.37.140 - - [27/Oct/2022:06:41:32 -0700] "GET /princeton/brooke22.jpg HTTP/1.1" 200 87673 "https://www.google.com/" "Mozilla/5.0 (iPhone; CPU iPhone OS 15_6_1 like Mac OS X) AppleWebKit/605.1.15 (KHTML, like Gecko) Version/15.6.1 Mobile/15E148 Safari/604.1" "ysfine.com"
157.55.39.14 - - [27/Oct/2022:06:42:14 -0700] "GET /maga/phys/wentzel11.jpg HTTP/1.1" 200 64757 "-" "Mozilla/5.0 (compatible; bingbot/2.0; +http://www.bing.com/bingbot.htm)" "www.ysfine.com"
207.46.13.104 - - [27/Oct/2022:06:42:24 -0700] "GET /princeton/wilspoin.jpg HTTP/1.1" 200 84978 "-" "Mozilla/5.0 (compatible; adidxbot/2.0; +http://www.bing.com/bingbot.htm)" "ysfine.com"
157.55.39.121 - - [27/Oct/2022:06:43:27 -0700] "GET /world/scandi/norw05.jpg HTTP/1.1" 200 52232 "-" "Mozilla/5.0 (compatible; bingbot/2.0; +http://www.bing.com/bingbot.htm)" "ysfine.com"
93.158.161.40 - - [27/Oct/2022:06:44:14 -0700] "GET /world/einstein/index.html HTTP/1.1" 404 88 "-" "Mozilla/5.0 (compatible; YandexBot/3.0; +http://yandex.com/bots)" "www.ysfine.com"
173.73.77.36 - - [27/Oct/2022:06:44:34 -0700] "GET /ys11/ HTTP/1.1" 304 - "-" "Mozilla/5.0 (Windows NT 10.0; Win64; x64) AppleWebKit/537.36 (KHTML, like Gecko) Chrome/106.0.0.0 Safari/537.36 Edg/106.0.1370.52" "ysfine.com"
173.73.77.36 - - [27/Oct/2022:06:44:35 -0700] "GET /favicon.ico HTTP/1.1" 404 88 "https://ysfine.com/ys11/" "Mozilla/5.0 (Windows NT 10.0; Win64; x64) AppleWebKit/537.36 (KHTML, like Gecko) Chrome/106.0.0.0 Safari/537.36 Edg/106.0.1370.52" "ysfine.com"
157.55.39.127 - - [27/Oct/2022:06:44:54 -0700] "GET /jobs/koreaj11b.jpg HTTP/1.1" 200 67543 "-" "Mozilla/5.0 (compatible; bingbot/2.0; +http://www.bing.com/bingbot.htm)" "ysfine.com"
157.55.39.14 - - [27/Oct/2022:06:45:24 -0700] "GET /wigner/gim/gimn18.jpg HTTP/1.1" 200 130647 "-" "Mozilla/5.0 (compatible; bingbot/2.0; +http://www.bing.com/bingbot.htm)" "ysfine.com"
17.121.115.219 - - [27/Oct/2022:06:45:25 -0700] "GET /einstein/heisenberg.html HTTP/1.1" 200 10552 "-" "Mozilla/5.0 (Macintosh; Intel Mac OS X 10_15_5) AppleWebKit/605.1.15 (KHTML, like Gecko) Version/13.1.1 Safari/605.1.15 (Applebot/0.1; +http://www.apple.com/go/applebot)" "ysfine.com"
223.67.232.243 - - [27/Oct/2022:06:46:01 -0700] "GET /maga/index.html HTTP/1.1" 200 6127 "https://m.baidu.com/" "Mozilla/5.0 (Linux; Android 8.1.0; BKK-AL00 Build/HONORBKK-AL00; wv) AppleWebKit/537.36 (KHTML, like Gecko) Version/4.0 Chrome/97.0.4692.98 Mobile Safari/537.36 T7/13.19 SP-engine/2.57.0 baiduboxapp/13.19.5.10 (Baidu; P1 8.1.0) NABar/1.0" "www.ysfine.com"
117.99.250.74 - - [27/Oct/2022:06:46:54 -0700] "GET /maga/phys/yukawa00.jpg HTTP/1.1" 200 84885 "https://www.google.com/" "Mozilla/5.0 (Linux; Android 11; SM-A307FN Build/RP1A.200720.012; wv) AppleWebKit/537.36 (KHTML, like Gecko) Version/4.0 Chrome/106.0.5249.126 Mobile Safari/537.36 GoogleApp/13.39.18.26.arm64" "ysfine.com"
51.222.253.4 - - [27/Oct/2022:06:47:09 -0700] "GET /dirac/index.html HTTP/1.1" 200 124 "-" "Mozilla/5.0 (compatible; AhrefsBot/7.0; +http://ahrefs.com/robot/)" "www.ysfine.com"
40.77.167.71 - - [27/Oct/2022:06:47:53 -0700] "GET /world/russ/volga13.jpg HTTP/1.1" 200 75090 "-" "Mozilla/5.0 AppleWebKit/537.36 (KHTML, like Gecko; compatible; bingbot/2.0; +http://www.bing.com/bingbot.htm) Chrome/103.0.5060.134 Safari/537.36" "www.ysfine.com"
216.244.66.229 - - [27/Oct/2022:06:48:07 -0700] "GET /ffriends/aline/delta17.jpg HTTP/1.1" 200 93014 "-" "Mozilla/5.0 (compatible; DotBot/1.2; +https://opensiteexplorer.org/dotbot; help@moz.com)" "www.ysfine.com"
193.91.138.235 - - [27/Oct/2022:06:48:15 -0700] "GET /world/france/montpar09.jpg HTTP/1.1" 200 138558 "https://www.google.com/" "Mozilla/5.0 (iPad; CPU OS 12_5_6 like Mac OS X) AppleWebKit/605.1.15 (KHTML, like Gecko) Version/12.1.2 Mobile/15E148 Safari/604.1" "ysfine.com"
216.244.66.229 - - [27/Oct/2022:06:48:30 -0700] "GET /eink/ecitizen40.jpg HTTP/1.1" 200 224595 "-" "Mozilla/5.0 (compatible; DotBot/1.2; +https://opensiteexplorer.org/dotbot; help@moz.com)" "www.ysfine.com"
157.55.39.121 - - [27/Oct/2022:06:48:58 -0700] "GET /bio/eink/buythisbook.html HTTP/1.1" 404 88 "-" "Mozilla/5.0 (compatible; bingbot/2.0; +http://www.bing.com/bingbot.htm)" "ysfine.com"
216.244.66.229 - - [27/Oct/2022:06:49:10 -0700] "GET /ffriends/malay03.jpg HTTP/1.1" 200 127812 "-" "Mozilla/5.0 (compatible; DotBot/1.2; +https://opensiteexplorer.org/dotbot; help@moz.com)" "www.ysfine.com"
40.77.167.27 - - [27/Oct/2022:06:49:36 -0700] "GET /world/poland/mickiew01.jpg HTTP/1.1" 200 66646 "-" "Mozilla/5.0 AppleWebKit/537.36 (KHTML, like Gecko; compatible; bingbot/2.0; +http://www.bing.com/bingbot.htm) Chrome/103.0.5060.134 Safari/537.36" "www.ysfine.com"
216.244.66.229 - - [27/Oct/2022:06:49:40 -0700] "GET /ffriends/mosjeru03.jpg HTTP/1.1" 200 213687 "-" "Mozilla/5.0 (compatible; DotBot/1.2; +https://opensiteexplorer.org/dotbot; help@moz.com)" "www.ysfine.com"
40.77.167.71 - - [27/Oct/2022:06:49:45 -0700] "GET /bio/world/trier.html HTTP/1.1" 404 88 "-" "Mozilla/5.0 AppleWebKit/537.36 (KHTML, like Gecko; compatible; bingbot/2.0; +http://www.bing.com/bingbot.htm) Chrome/103.0.5060.134 Safari/537.36" "ysfine.com"
157.55.39.127 - - [27/Oct/2022:06:49:55 -0700] "GET /dirac/diracqm11b.jpg HTTP/1.1" 200 42991 "-" "Mozilla/5.0 AppleWebKit/537.36 (KHTML, like Gecko; compatible; bingbot/2.0; +http://www.bing.com/bingbot.htm) Chrome/103.0.5060.134 Safari/537.36" "www.ysfine.com"
64.233.173.236 - - [27/Oct/2022:06:50:06 -0700] "GET /kobak/somap38.jpg HTTP/1.1" 200 109622 "-" "Mozilla/5.0 (Windows NT 5.1; rv:11.0) Gecko Firefox/11.0 (via ggpht.com GoogleImageProxy)" "ysfine.com"
40.77.167.27 - - [27/Oct/2022:06:50:19 -0700] "GET /bio/bostein.html HTTP/1.1" 404 88 "-" "Mozilla/5.0 (compatible; bingbot/2.0; +http://www.bing.com/bingbot.htm)" "ysfine.com"
157.55.39.127 - - [27/Oct/2022:06:50:24 -0700] "GET /maga/phys/maxwell06b.jpg HTTP/1.1" 200 51047 "-" "Mozilla/5.0 (compatible; bingbot/2.0; +http://www.bing.com/bingbot.htm)" "ysfine.com"
40.77.167.71 - - [27/Oct/2022:06:50:54 -0700] "GET /wdc/whxmas18b.jpg HTTP/1.1" 200 46539 "-" "Mozilla/5.0 AppleWebKit/537.36 (KHTML, like Gecko; compatible; bingbot/2.0; +http://www.bing.com/bingbot.htm) Chrome/103.0.5060.134 Safari/537.36" "www.ysfine.com"
66.249.82.246 - - [27/Oct/2022:06:50:58 -0700] "GET /world/ital/venice01.jpg HTTP/1.1" 200 187595 "-" "Mozilla/5.0 (Windows NT 5.1; rv:11.0) Gecko Firefox/11.0 (via ggpht.com GoogleImageProxy)" "www.ysfine.com"
102.46.161.46 - - [27/Oct/2022:06:51:04 -0700] "GET /kobak/kimilsong11.jpg HTTP/1.1" 200 185542 "https://www.google.com/" "Mozilla/5.0 (Windows NT 10.0; Win64; x64) AppleWebKit/537.36 (KHTML, like Gecko) Chrome/106.0.0.0 Safari/537.36" "ysfine.com"
40.77.167.71 - - [27/Oct/2022:06:51:05 -0700] "GET /bio/feynman/fphoto.html HTTP/1.1" 404 88 "-" "Mozilla/5.0 AppleWebKit/537.36 (KHTML, like Gecko; compatible; bingbot/2.0; +http://www.bing.com/bingbot.htm) Chrome/103.0.5060.134 Safari/537.36" "ysfine.com"
40.77.167.71 - - [27/Oct/2022:06:52:05 -0700] "GET /bio/style/ystyle.html HTTP/1.1" 404 88 "-" "Mozilla/5.0 (compatible; bingbot/2.0; +http://www.bing.com/bingbot.htm)" "ysfine.com"
40.77.167.71 - - [27/Oct/2022:06:56:04 -0700] "GET /home/figs/o32c.jpg HTTP/1.1" 200 30707 "-" "Mozilla/5.0 AppleWebKit/537.36 (KHTML, like Gecko; compatible; bingbot/2.0; +http://www.bing.com/bingbot.htm) Chrome/103.0.5060.134 Safari/537.36" "www.ysfine.com"
157.55.39.14 - - [27/Oct/2022:06:56:35 -0700] "GET /world/china/xian16.jpg HTTP/1.1" 200 74502 "-" "Mozilla/5.0 (compatible; bingbot/2.0; +http://www.bing.com/bingbot.htm)" "www.ysfine.com"
77.75.79.17 - - [27/Oct/2022:06:56:56 -0700] "GET /einstein/places/einmu02.jpg HTTP/1.1" 200 84066 "-" "Mozilla/5.0 (compatible; SeznamBot/3.2; +http://napoveda.seznam.cz/en/seznambot-intro/)" "ysfine.com"
77.75.79.17 - - [27/Oct/2022:06:56:59 -0700] "GET /world/germany/stutt24.jpg HTTP/1.1" 304 - "-" "Mozilla/5.0 (compatible; SeznamBot/3.2; +http://napoveda.seznam.cz/en/seznambot-intro/)" "ysfine.com"
77.75.79.17 - - [27/Oct/2022:06:57:00 -0700] "GET /world/ital/lascala03.jpg HTTP/1.1" 304 - "-" "Mozilla/5.0 (compatible; SeznamBot/3.2; +http://napoveda.seznam.cz/en/seznambot-intro/)" "ysfine.com"
77.75.79.17 - - [27/Oct/2022:06:57:00 -0700] "GET /world/russ/minsk052.jpg HTTP/1.1" 200 90140 "-" "Mozilla/5.0 (compatible; SeznamBot/3.2; +http://napoveda.seznam.cz/en/seznambot-intro/)" "ysfine.com"
77.75.79.17 - - [27/Oct/2022:06:57:03 -0700] "GET /home/fotos/104.jpg HTTP/1.1" 200 161762 "-" "Mozilla/5.0 (compatible; SeznamBot/3.2; +http://napoveda.seznam.cz/en/seznambot-intro/)" "ysfine.com"
40.77.167.71 - - [27/Oct/2022:06:57:04 -0700] "GET /feynman/feyfirm270.jpg HTTP/1.1" 200 43931 "-" "Mozilla/5.0 (compatible; bingbot/2.0; +http://www.bing.com/bingbot.htm)" "ysfine.com"
51.222.253.2 - - [27/Oct/2022:06:57:14 -0700] "GET /kowar/war02.html HTTP/1.1" 200 9935 "-" "Mozilla/5.0 (compatible; AhrefsBot/7.0; +http://ahrefs.com/robot/)" "ysfine.com"
157.55.39.14 - - [27/Oct/2022:06:57:36 -0700] "GET /bio/einstein/bern.html HTTP/1.1" 404 88 "-" "Mozilla/5.0 (compatible; bingbot/2.0; +http://www.bing.com/bingbot.htm)" "ysfine.com"
50.232.248.97 - - [27/Oct/2022:06:58:35 -0700] "GET /world/brit/harrow12.jpg HTTP/1.1" 200 99510 "https://www.google.com/" "Mozilla/5.0 (Windows NT 10.0; Win64; x64) AppleWebKit/537.36 (KHTML, like Gecko) Chrome/105.0.0.0 Safari/537.36" "ysfine.com"
77.88.5.245 - - [27/Oct/2022:06:59:03 -0700] "GET /style/songs.html HTTP/1.1" 200 31567 "-" "Mozilla/5.0 (compatible; YandexBot/3.0; +http://yandex.com/bots)" "www.ysfine.com"
40.77.167.71 - - [27/Oct/2022:06:59:54 -0700] "GET /maga/phys/heisen22.jpg HTTP/1.1" 200 82807 "-" "Mozilla/5.0 (compatible; bingbot/2.0; +http://www.bing.com/bingbot.htm)" "ysfine.com"
207.46.13.104 - - [27/Oct/2022:07:00:36 -0700] "GET /bio/style/artlove.html HTTP/1.1" 404 88 "-" "Mozilla/5.0 (compatible; bingbot/2.0; +http://www.bing.com/bingbot.htm)" "ysfine.com"
77.88.5.126 - - [27/Oct/2022:07:00:38 -0700] "GET /world/russ/krem25.jpg HTTP/1.1" 200 95275 "-" "Mozilla/5.0 (compatible; YandexImages/3.0; +http://yandex.com/bots)" "ysfine.com"
65.112.8.20 - - [27/Oct/2022:07:01:31 -0700] "GET /class54/tallm02.jpg HTTP/1.1" 200 179311 "https://www.google.com/" "Mozilla/5.0 (Macintosh; Intel Mac OS X 10_15_6) AppleWebKit/605.1.15 (KHTML, like Gecko) Version/14.0.2 Safari/605.1.15" "ysfine.com"
168.70.59.83 - - [27/Oct/2022:07:01:34 -0700] "GET /einstein/einbohr33.jpg HTTP/1.1" 200 87797 "https://www.google.com/" "Mozilla/5.0 (iPhone; CPU iPhone OS 16_0 like Mac OS X) AppleWebKit/605.1.15 (KHTML, like Gecko) CriOS/73.0.3683.68 Mobile/15E148 Safari/605.1" "ysfine.com"
157.55.39.121 - - [27/Oct/2022:07:01:49 -0700] "GET /world/russ/kazan096.jpg HTTP/1.1" 200 132910 "-" "Mozilla/5.0 AppleWebKit/537.36 (KHTML, like Gecko; compatible; bingbot/2.0; +http://www.bing.com/bingbot.htm) Chrome/103.0.5060.134 Safari/537.36" "www.ysfine.com"
40.77.167.71 - - [27/Oct/2022:07:01:55 -0700] "GET /world/baltic/lithu20.jpg HTTP/1.1" 200 135004 "-" "Mozilla/5.0 (compatible; bingbot/2.0; +http://www.bing.com/bingbot.htm)" "ysfine.com"
207.46.13.104 - - [27/Oct/2022:07:02:05 -0700] "GET /world/france/notre05.jpg HTTP/1.1" 200 246424 "-" "Mozilla/5.0 AppleWebKit/537.36 (KHTML, like Gecko; compatible; bingbot/2.0; +http://www.bing.com/bingbot.htm) Chrome/103.0.5060.134 Safari/537.36" "ysfine.com"
157.55.39.14 - - [27/Oct/2022:07:02:36 -0700] "GET /kobak/hyundai86.jpg HTTP/1.1" 200 117727 "-" "Mozilla/5.0 (compatible; bingbot/2.0; +http://www.bing.com/bingbot.htm)" "www.ysfine.com"
