157.55.39.14 - - [27/Oct/2022:11:24:33 -0700] "GET /ysbio/yspapers/keigel22.pdf HTTP/1.1" 200 19875749 "-" "Mozilla/5.0 AppleWebKit/537.36 (KHTML, like Gecko; compatible; bingbot/2.0; +http://www.bing.com/bingbot.htm) Chrome/103.0.5060.134 Safari/537.36" "ysfine.com"
157.55.39.14 - - [27/Oct/2022:11:24:33 -0700] "GET /world/ital/venice47.jpg HTTP/1.1" 200 179583 "-" "Mozilla/5.0 AppleWebKit/537.36 (KHTML, like Gecko; compatible; bingbot/2.0; +http://www.bing.com/bingbot.htm) Chrome/103.0.5060.134 Safari/537.36" "ysfine.com"
157.55.39.14 - - [27/Oct/2022:11:24:37 -0700] "GET /wigner/wig60.jpg HTTP/1.1" 200 122174 "-" "Mozilla/5.0 AppleWebKit/537.36 (KHTML, like Gecko; compatible; bingbot/2.0; +http://www.bing.com/bingbot.htm) Chrome/103.0.5060.134 Safari/537.36" "ysfine.com"
163.150.149.132 - - [27/Oct/2022:11:25:29 -0700] "GET /houses/vernon02.jpg HTTP/1.1" 200 105759 "https://www.google.com/" "Mozilla/5.0 (X11; CrOS x86_64 14695.107.0) AppleWebKit/537.36 (KHTML, like Gecko) Chrome/102.0.0.0 Safari/537.36" "ysfine.com"
157.55.39.14 - - [27/Oct/2022:11:25:40 -0700] "GET /world/baltic/lithuf01b.jpg HTTP/1.1" 200 41898 "-" "Mozilla/5.0 AppleWebKit/537.36 (KHTML, like Gecko; compatible; bingbot/2.0; +http://www.bing.com/bingbot.htm) Chrome/103.0.5060.134 Safari/537.36" "ysfine.com"
40.77.167.27 - - [27/Oct/2022:11:26:24 -0700] "GET /style/musee/britmu35.jpg HTTP/1.1" 200 97577 "-" "Mozilla/5.0 (compatible; bingbot/2.0; +http://www.bing.com/bingbot.htm)" "ysfine.com"
207.46.13.104 - - [27/Oct/2022:11:26:40 -0700] "GET /wisdom/bible01c.jpg HTTP/1.1" 200 49685 "-" "Mozilla/5.0 AppleWebKit/537.36 (KHTML, like Gecko; compatible; bingbot/2.0; +http://www.bing.com/bingbot.htm) Chrome/103.0.5060.134 Safari/537.36" "ysfine.com"
51.222.253.7 - - [27/Oct/2022:11:26:51 -0700] "GET /ysbio/class54/class5480/?C=D;O=A HTTP/1.1" 200 383 "-" "Mozilla/5.0 (compatible; AhrefsBot/7.0; +http://ahrefs.com/robot/)" "www.ysfine.com"
216.244.66.229 - - [27/Oct/2022:11:27:08 -0700] "GET /style/beetho11.jpg HTTP/1.1" 200 141470 "-" "Mozilla/5.0 (compatible; DotBot/1.2; +https://opensiteexplorer.org/dotbot; help@moz.com)" "www.ysfine.com"
24.6.245.65 - - [27/Oct/2022:11:27:27 -0700] "GET /maga/invent/pupin11.jpg HTTP/1.1" 200 63825 "https://www.google.com/" "Mozilla/5.0 (X11; CrOS x86_64 14989.107.0) AppleWebKit/537.36 (KHTML, like Gecko) Chrome/105.0.0.0 Safari/537.36" "ysfine.com"
72.14.201.13 - - [27/Oct/2022:11:27:30 -0700] "GET /world/polandk.html HTTP/1.1" 200 5993 "-" "Mozilla/5.0 (Linux; Android 10; K) AppleWebKit/537.36 (KHTML, like Gecko) Chrome/106.0.0.0 Mobile Safari/537.36" "ysfine.com"
64.124.8.31 - - [27/Oct/2022:11:27:45 -0700] "GET /friends/soldiers.html HTTP/1.1" 404 88 "-" "Mozilla/5.0 (X11; Linux x86_64) AppleWebKit/537.36 (KHTML, like Gecko) Chrome/61.0.3163.79 Safari/537.36" "ysfine.com"
157.55.39.127 - - [27/Oct/2022:11:28:12 -0700] "GET /kowar/tanks/gmc01b.jpg HTTP/1.1" 200 43939 "-" "Mozilla/5.0 AppleWebKit/537.36 (KHTML, like Gecko; compatible; bingbot/2.0; +http://www.bing.com/bingbot.htm) Chrome/103.0.5060.134 Safari/537.36" "ysfine.com"
64.124.8.31 - - [27/Oct/2022:11:28:57 -0700] "GET /awards/marq.html HTTP/1.1" 200 3275 "-" "Mozilla/5.0 (X11; Linux x86_64) AppleWebKit/537.36 (KHTML, like Gecko) Chrome/61.0.3163.79 Safari/537.36" "ysfine.com"
157.55.39.121 - - [27/Oct/2022:11:29:06 -0700] "GET /ysbio/eink/mose.html HTTP/1.1" 200 14315 "-" "Mozilla/5.0 (compatible; bingbot/2.0; +http://www.bing.com/bingbot.htm)" "ysfine.com"
216.244.66.229 - - [27/Oct/2022:11:29:34 -0700] "GET /dongio/austra01.jpg HTTP/1.1" 404 73 "-" "Mozilla/5.0 (compatible; DotBot/1.2; +https://opensiteexplorer.org/dotbot; help@moz.com)" "www.ysfine.com"
40.77.167.27 - - [27/Oct/2022:11:29:44 -0700] "GET /dirac/rectangle01.jpg HTTP/1.1" 200 54958 "-" "Mozilla/5.0 AppleWebKit/537.36 (KHTML, like Gecko; compatible; bingbot/2.0; +http://www.bing.com/bingbot.htm) Chrome/103.0.5060.134 Safari/537.36" "ysfine.com"
216.244.66.229 - - [27/Oct/2022:11:29:46 -0700] "GET /home/comet.html HTTP/1.1" 200 249 "-" "Mozilla/5.0 (compatible; DotBot/1.2; +https://opensiteexplorer.org/dotbot; help@moz.com)" "www.ysfine.com"
216.244.66.229 - - [27/Oct/2022:11:29:48 -0700] "GET /wdc/washmo05.jpg HTTP/1.1" 200 46516 "-" "Mozilla/5.0 (compatible; DotBot/1.2; +https://opensiteexplorer.org/dotbot; help@moz.com)" "www.ysfine.com"
216.244.66.229 - - [27/Oct/2022:11:29:50 -0700] "GET /wdc/whchrism.html HTTP/1.1" 200 689 "-" "Mozilla/5.0 (compatible; DotBot/1.2; +https://opensiteexplorer.org/dotbot; help@moz.com)" "www.ysfine.com"
216.244.66.229 - - [27/Oct/2022:11:29:52 -0700] "GET /wigner/michel.jpg HTTP/1.1" 200 80621 "-" "Mozilla/5.0 (compatible; DotBot/1.2; +https://opensiteexplorer.org/dotbot; help@moz.com)" "www.ysfine.com"
157.55.39.121 - - [27/Oct/2022:11:29:54 -0700] "GET /world/russ/minsk036.jpg HTTP/1.1" 200 98032 "-" "Mozilla/5.0 (compatible; bingbot/2.0; +http://www.bing.com/bingbot.htm)" "www.ysfine.com"
216.244.66.229 - - [27/Oct/2022:11:29:55 -0700] "GET /world/balkan/turkmodo01.jpg HTTP/1.1" 200 244920 "-" "Mozilla/5.0 (compatible; DotBot/1.2; +https://opensiteexplorer.org/dotbot; help@moz.com)" "www.ysfine.com"
64.124.8.31 - - [27/Oct/2022:11:29:57 -0700] "GET /jobs/yst22.docx HTTP/1.1" 200 28357 "-" "Mozilla/5.0 (X11; Linux x86_64) AppleWebKit/537.36 (KHTML, like Gecko) Chrome/61.0.3163.79 Safari/537.36" "ysfine.com"
74.125.208.141 - - [27/Oct/2022:11:29:58 -0700] "GET /kobak/somap38.jpg HTTP/1.1" 200 109622 "-" "Mozilla/5.0 (Windows NT 5.1; rv:11.0) Gecko Firefox/11.0 (via ggpht.com GoogleImageProxy)" "ysfine.com"
51.222.253.2 - - [27/Oct/2022:11:30:11 -0700] "GET /ysbio/class54/class5480/?C=M;O=A HTTP/1.1" 200 383 "-" "Mozilla/5.0 (compatible; AhrefsBot/7.0; +http://ahrefs.com/robot/)" "www.ysfine.com"
51.222.253.16 - - [27/Oct/2022:11:31:07 -0700] "GET /ysbio/class54/class5480/?C=N;O=D HTTP/1.1" 200 381 "-" "Mozilla/5.0 (compatible; AhrefsBot/7.0; +http://ahrefs.com/robot/)" "www.ysfine.com"
40.77.167.27 - - [27/Oct/2022:11:31:15 -0700] "GET /world/china/shenyang08.jpg HTTP/1.1" 200 109688 "-" "Mozilla/5.0 (compatible; bingbot/2.0; +http://www.bing.com/bingbot.htm)" "ysfine.com"
40.77.167.27 - - [27/Oct/2022:11:31:25 -0700] "GET /style/vienopera11.jpg HTTP/1.1" 200 105702 "-" "Mozilla/5.0 AppleWebKit/537.36 (KHTML, like Gecko; compatible; bingbot/2.0; +http://www.bing.com/bingbot.htm) Chrome/103.0.5060.134 Safari/537.36" "ysfine.com"
51.222.253.8 - - [27/Oct/2022:11:31:31 -0700] "GET /ysbio/class54/class5480/?C=S;O=A HTTP/1.1" 200 383 "-" "Mozilla/5.0 (compatible; AhrefsBot/7.0; +http://ahrefs.com/robot/)" "www.ysfine.com"
40.77.167.71 - - [27/Oct/2022:11:31:41 -0700] "GET /bio/style/ystyle.html HTTP/1.1" 404 88 "-" "Mozilla/5.0 (compatible; bingbot/2.0; +http://www.bing.com/bingbot.htm)" "ysfine.com"
51.222.253.20 - - [27/Oct/2022:11:31:48 -0700] "GET /ysbio/class54/class5480/Pictures/ HTTP/1.1" 200 581 "-" "Mozilla/5.0 (compatible; AhrefsBot/7.0; +http://ahrefs.com/robot/)" "www.ysfine.com"
157.55.39.121 - - [27/Oct/2022:11:31:54 -0700] "GET /newyork/colum06.jpg HTTP/1.1" 200 109170 "-" "Mozilla/5.0 AppleWebKit/537.36 (KHTML, like Gecko; compatible; bingbot/2.0; +http://www.bing.com/bingbot.htm) Chrome/103.0.5060.134 Safari/537.36" "ysfine.com"
51.222.253.4 - - [27/Oct/2022:11:32:02 -0700] "GET /ysbio/class54/class5480/Videos/?C=D;O=D HTTP/1.1" 200 560 "-" "Mozilla/5.0 (compatible; AhrefsBot/7.0; +http://ahrefs.com/robot/)" "www.ysfine.com"
207.46.13.104 - - [27/Oct/2022:11:32:02 -0700] "GET /ysbio/bio03.html HTTP/1.1" 200 12296 "-" "Mozilla/5.0 (compatible; bingbot/2.0; +http://www.bing.com/bingbot.htm)" "ysfine.com"
175.122.81.75 - - [27/Oct/2022:11:32:04 -0700] "GET /jobs/koreaj.html HTTP/1.1" 200 10214 "-" "Mozilla/5.0 (Macintosh; Intel Mac OS X 10_15_7) AppleWebKit/605.1.15 (KHTML, like Gecko)" "ysfine.com"
175.122.81.75 - - [27/Oct/2022:11:32:05 -0700] "GET /apple-touch-icon-precomposed.png HTTP/1.1" 404 88 "-" "Safari/17613.3.9.1.16 CFNetwork/1335.0.3 Darwin/21.6.0" "ysfine.com"
175.122.81.75 - - [27/Oct/2022:11:32:05 -0700] "GET /apple-touch-icon.png HTTP/1.1" 404 88 "-" "Safari/17613.3.9.1.16 CFNetwork/1335.0.3 Darwin/21.6.0" "ysfine.com"
175.122.81.75 - - [27/Oct/2022:11:32:05 -0700] "GET /favicon.ico HTTP/1.1" 404 88 "-" "Safari/17613.3.9.1.16 CFNetwork/1335.0.3 Darwin/21.6.0" "ysfine.com"
175.122.81.75 - - [27/Oct/2022:11:32:06 -0700] "GET /apple-touch-icon-precomposed.png HTTP/1.1" 404 88 "-" "Safari/17613.3.9.1.16 CFNetwork/1335.0.3 Darwin/21.6.0" "ysfine.com"
175.122.81.75 - - [27/Oct/2022:11:32:06 -0700] "GET /apple-touch-icon.png HTTP/1.1" 404 88 "-" "Safari/17613.3.9.1.16 CFNetwork/1335.0.3 Darwin/21.6.0" "ysfine.com"
175.122.81.75 - - [27/Oct/2022:11:32:06 -0700] "GET /favicon.ico HTTP/1.1" 404 88 "-" "Safari/17613.3.9.1.16 CFNetwork/1335.0.3 Darwin/21.6.0" "ysfine.com"
175.122.81.75 - - [27/Oct/2022:11:32:06 -0700] "GET /jobs/koreaj.html HTTP/1.1" 200 10214 "-" "Mozilla/5.0 (iPhone; CPU iPhone OS 14_0 like Mac OS X) AppleWebKit/605.1.15 (KHTML, like Gecko) Version/14.0 Mobile/15E148 Safari/604.1" "ysfine.com"
175.122.81.75 - - [27/Oct/2022:11:32:07 -0700] "GET /apple-touch-icon-precomposed.png HTTP/1.1" 404 88 "-" "Safari/17613.3.9.1.16 CFNetwork/1335.0.3 Darwin/21.6.0" "ysfine.com"
175.122.81.75 - - [27/Oct/2022:11:32:07 -0700] "GET /apple-touch-icon.png HTTP/1.1" 404 88 "-" "Safari/17613.3.9.1.16 CFNetwork/1335.0.3 Darwin/21.6.0" "ysfine.com"
175.122.81.75 - - [27/Oct/2022:11:32:07 -0700] "GET /favicon.ico HTTP/1.1" 404 88 "-" "Safari/17613.3.9.1.16 CFNetwork/1335.0.3 Darwin/21.6.0" "ysfine.com"
175.122.81.75 - - [27/Oct/2022:11:32:07 -0700] "GET /apple-touch-icon-precomposed.png HTTP/1.1" 404 88 "-" "Safari/17613.3.9.1.16 CFNetwork/1335.0.3 Darwin/21.6.0" "ysfine.com"
175.122.81.75 - - [27/Oct/2022:11:32:08 -0700] "GET /apple-touch-icon.png HTTP/1.1" 404 88 "-" "Safari/17613.3.9.1.16 CFNetwork/1335.0.3 Darwin/21.6.0" "ysfine.com"
175.122.81.75 - - [27/Oct/2022:11:32:08 -0700] "GET /favicon.ico HTTP/1.1" 404 88 "-" "Safari/17613.3.9.1.16 CFNetwork/1335.0.3 Darwin/21.6.0" "ysfine.com"
51.222.253.15 - - [27/Oct/2022:11:32:18 -0700] "GET /ysbio/class54/class5480/Videos/?C=M;O=D HTTP/1.1" 200 562 "-" "Mozilla/5.0 (compatible; AhrefsBot/7.0; +http://ahrefs.com/robot/)" "www.ysfine.com"
216.244.66.229 - - [27/Oct/2022:11:32:29 -0700] "GET /sbk/2011rio33.jpg HTTP/1.1" 200 76177 "-" "Mozilla/5.0 (compatible; DotBot/1.2; +https://opensiteexplorer.org/dotbot; help@moz.com)" "www.ysfine.com"
51.222.253.16 - - [27/Oct/2022:11:32:38 -0700] "GET /ysbio/class54/class5480/Videos/?C=S;O=D HTTP/1.1" 200 560 "-" "Mozilla/5.0 (compatible; AhrefsBot/7.0; +http://ahrefs.com/robot/)" "www.ysfine.com"
157.55.39.14 - - [27/Oct/2022:11:32:42 -0700] "GET /wdc/obelisk44.jpg HTTP/1.1" 200 85775 "-" "Mozilla/5.0 AppleWebKit/537.36 (KHTML, like Gecko; compatible; bingbot/2.0; +http://www.bing.com/bingbot.htm) Chrome/103.0.5060.134 Safari/537.36" "www.ysfine.com"
157.55.39.127 - - [27/Oct/2022:11:32:42 -0700] "GET /world/brit/paddington07.jpg HTTP/1.1" 200 135154 "-" "Mozilla/5.0 (compatible; bingbot/2.0; +http://www.bing.com/bingbot.htm)" "ysfine.com"
216.244.66.229 - - [27/Oct/2022:11:32:57 -0700] "GET /sbk/2012lon22.jpg HTTP/1.1" 200 229089 "-" "Mozilla/5.0 (compatible; DotBot/1.2; +https://opensiteexplorer.org/dotbot; help@moz.com)" "www.ysfine.com"
207.46.13.104 - - [27/Oct/2022:11:33:23 -0700] "GET /ysbio/class54/tallman.html HTTP/1.1" 200 5912 "-" "Mozilla/5.0 AppleWebKit/537.36 (KHTML, like Gecko; compatible; bingbot/2.0; +http://www.bing.com/bingbot.htm) Chrome/103.0.5060.134 Safari/537.36" "ysfine.com"
207.46.13.104 - - [27/Oct/2022:11:33:24 -0700] "GET /ysbio/feynman/index.html HTTP/1.1" 200 124 "-" "Mozilla/5.0 (compatible; bingbot/2.0; +http://www.bing.com/bingbot.htm)" "ysfine.com"
216.244.66.229 - - [27/Oct/2022:11:33:24 -0700] "GET /wdc/usna26.jpg HTTP/1.1" 200 143743 "-" "Mozilla/5.0 (compatible; DotBot/1.2; +https://opensiteexplorer.org/dotbot; help@moz.com)" "www.ysfine.com"
40.77.167.27 - - [27/Oct/2022:11:33:27 -0700] "GET /ysbio/world/kazan.html HTTP/1.1" 200 13929 "-" "Mozilla/5.0 (compatible; bingbot/2.0; +http://www.bing.com/bingbot.htm)" "ysfine.com"
40.77.167.71 - - [27/Oct/2022:11:33:33 -0700] "GET /ysbio/wigner/yswig.html HTTP/1.1" 200 7067 "-" "Mozilla/5.0 AppleWebKit/537.36 (KHTML, like Gecko; compatible; bingbot/2.0; +http://www.bing.com/bingbot.htm) Chrome/103.0.5060.134 Safari/537.36" "ysfine.com"
157.55.39.121 - - [27/Oct/2022:11:33:37 -0700] "GET /ysbio/class54/roofless.html HTTP/1.1" 200 13341 "-" "Mozilla/5.0 AppleWebKit/537.36 (KHTML, like Gecko; compatible; bingbot/2.0; +http://www.bing.com/bingbot.htm) Chrome/103.0.5060.134 Safari/537.36" "ysfine.com"
89.11.160.131 - - [27/Oct/2022:11:33:49 -0700] "GET /princeton/alexan22.jpg HTTP/1.1" 200 175436 "https://www.google.com/" "Mozilla/5.0 (Macintosh; Intel Mac OS X 10_15_7) AppleWebKit/605.1.15 (KHTML, like Gecko) Version/16.0 Safari/605.1.15" "ysfine.com"
216.244.66.229 - - [27/Oct/2022:11:33:50 -0700] "GET /world/russ/mosf51.jpg HTTP/1.1" 200 127796 "-" "Mozilla/5.0 (compatible; DotBot/1.2; +https://opensiteexplorer.org/dotbot; help@moz.com)" "www.ysfine.com"
66.249.66.40 - - [27/Oct/2022:11:34:39 -0700] "GET /world/china/dalian38.jpg HTTP/1.1" 304 - "-" "Googlebot-Image/1.0" "ysfine.com"
216.244.66.229 - - [27/Oct/2022:11:35:01 -0700] "GET /newyork/radioci06.jpg HTTP/1.1" 200 170657 "-" "Mozilla/5.0 (compatible; DotBot/1.2; +https://opensiteexplorer.org/dotbot; help@moz.com)" "www.ysfine.com"
40.77.167.71 - - [27/Oct/2022:11:35:10 -0700] "GET /feynman/fd8.jpg HTTP/1.1" 200 78263 "-" "Mozilla/5.0 (compatible; bingbot/2.0; +http://www.bing.com/bingbot.htm)" "ysfine.com"
216.244.66.229 - - [27/Oct/2022:11:35:23 -0700] "GET /newyork/unionsq04.jpg HTTP/1.1" 200 305271 "-" "Mozilla/5.0 (compatible; DotBot/1.2; +https://opensiteexplorer.org/dotbot; help@moz.com)" "www.ysfine.com"
40.77.167.71 - - [27/Oct/2022:11:35:41 -0700] "GET /world/germany/augustiner11.jpg HTTP/1.1" 200 162368 "-" "Mozilla/5.0 (compatible; bingbot/2.0; +http://www.bing.com/bingbot.htm)" "ysfine.com"
216.244.66.229 - - [27/Oct/2022:11:35:44 -0700] "GET /remote/wigner111/frame32.html HTTP/1.1" 200 926 "-" "Mozilla/5.0 (compatible; DotBot/1.2; +https://opensiteexplorer.org/dotbot; help@moz.com)" "www.ysfine.com"
216.244.66.229 - - [27/Oct/2022:11:36:04 -0700] "GET /wigner/cylinder11.jpg HTTP/1.1" 200 71192 "-" "Mozilla/5.0 (compatible; DotBot/1.2; +https://opensiteexplorer.org/dotbot; help@moz.com)" "www.ysfine.com"
216.244.66.229 - - [27/Oct/2022:11:36:23 -0700] "GET /world/germany/hegel23.jpg HTTP/1.1" 200 43964 "-" "Mozilla/5.0 (compatible; DotBot/1.2; +https://opensiteexplorer.org/dotbot; help@moz.com)" "www.ysfine.com"
216.244.66.229 - - [27/Oct/2022:11:37:13 -0700] "GET /class54/class5470/total_data/sub_8163.htm HTTP/1.1" 200 15750 "-" "Mozilla/5.0 (compatible; DotBot/1.2; +https://opensiteexplorer.org/dotbot; help@moz.com)" "www.ysfine.com"
216.244.66.229 - - [27/Oct/2022:11:37:27 -0700] "GET /home/hmbot.html HTTP/1.1" 200 188 "-" "Mozilla/5.0 (compatible; DotBot/1.2; +https://opensiteexplorer.org/dotbot; help@moz.com)" "www.ysfine.com"
216.244.66.229 - - [27/Oct/2022:11:37:41 -0700] "GET /princeton/nassinf01.jpg HTTP/1.1" 200 74842 "-" "Mozilla/5.0 (compatible; DotBot/1.2; +https://opensiteexplorer.org/dotbot; help@moz.com)" "www.ysfine.com"
216.244.66.229 - - [27/Oct/2022:11:37:53 -0700] "GET /princeton/yspr60.jpg HTTP/1.1" 200 82357 "-" "Mozilla/5.0 (compatible; DotBot/1.2; +https://opensiteexplorer.org/dotbot; help@moz.com)" "www.ysfine.com"
216.244.66.229 - - [27/Oct/2022:11:38:05 -0700] "GET /style/cameras/sony120.jpg HTTP/1.1" 200 84161 "-" "Mozilla/5.0 (compatible; DotBot/1.2; +https://opensiteexplorer.org/dotbot; help@moz.com)" "www.ysfine.com"
216.244.66.229 - - [27/Oct/2022:11:38:16 -0700] "GET /wdc/umd03.jpg HTTP/1.1" 200 85600 "-" "Mozilla/5.0 (compatible; DotBot/1.2; +https://opensiteexplorer.org/dotbot; help@moz.com)" "www.ysfine.com"
216.244.66.229 - - [27/Oct/2022:11:38:26 -0700] "GET /world/china/dalian60.jpg HTTP/1.1" 200 103600 "-" "Mozilla/5.0 (compatible; DotBot/1.2; +https://opensiteexplorer.org/dotbot; help@moz.com)" "www.ysfine.com"
216.244.66.229 - - [27/Oct/2022:11:38:35 -0700] "GET /world/germany/salzmo13.jpg HTTP/1.1" 200 111564 "-" "Mozilla/5.0 (compatible; DotBot/1.2; +https://opensiteexplorer.org/dotbot; help@moz.com)" "www.ysfine.com"
216.244.66.229 - - [27/Oct/2022:11:38:42 -0700] "GET /world/germany/tub02.jpg HTTP/1.1" 200 262960 "-" "Mozilla/5.0 (compatible; DotBot/1.2; +https://opensiteexplorer.org/dotbot; help@moz.com)" "www.ysfine.com"
216.244.66.229 - - [27/Oct/2022:11:38:50 -0700] "GET /world/germany/tubw30.jpg HTTP/1.1" 200 86070 "-" "Mozilla/5.0 (compatible; DotBot/1.2; +https://opensiteexplorer.org/dotbot; help@moz.com)" "www.ysfine.com"
216.244.66.229 - - [27/Oct/2022:11:38:56 -0700] "GET /world/latina/sao04.jpg HTTP/1.1" 200 78961 "-" "Mozilla/5.0 (compatible; DotBot/1.2; +https://opensiteexplorer.org/dotbot; help@moz.com)" "www.ysfine.com"
77.88.5.166 - - [27/Oct/2022:11:38:56 -0700] "GET /world/russ/krem04ff.pptx HTTP/1.1" 200 352364 "-" "Mozilla/5.0 (compatible; YandexBot/3.0; +http://yandex.com/bots)" "www.ysfine.com"
35.92.137.65 - - [27/Oct/2022:11:39:11 -0700] "GET /maga/yukawa.html HTTP/1.1" 200 5658 "-" "Mozilla/5.0 (X11; Linux i686; rv:49.0) Gecko/20100101 Firefox/49.0" "ysfine.com"
157.55.39.14 - - [27/Oct/2022:11:39:12 -0700] "GET /bio/einstein/bern.html HTTP/1.1" 404 88 "-" "Mozilla/5.0 (compatible; bingbot/2.0; +http://www.bing.com/bingbot.htm)" "ysfine.com"
216.244.66.229 - - [27/Oct/2022:11:39:21 -0700] "GET /class54/kewha66.jpg HTTP/1.1" 200 59963 "-" "Mozilla/5.0 (compatible; DotBot/1.2; +https://opensiteexplorer.org/dotbot; help@moz.com)" "www.ysfine.com"
216.244.66.229 - - [27/Oct/2022:11:39:22 -0700] "GET /dongio/parthen01.jpg HTTP/1.1" 404 73 "-" "Mozilla/5.0 (compatible; DotBot/1.2; +https://opensiteexplorer.org/dotbot; help@moz.com)" "www.ysfine.com"
216.244.66.229 - - [27/Oct/2022:11:39:23 -0700] "GET /dongio/trie83.jpg HTTP/1.1" 404 73 "-" "Mozilla/5.0 (compatible; DotBot/1.2; +https://opensiteexplorer.org/dotbot; help@moz.com)" "www.ysfine.com"
216.244.66.229 - - [27/Oct/2022:11:39:24 -0700] "GET /feynman/fjadwin.jpg HTTP/1.1" 200 63870 "-" "Mozilla/5.0 (compatible; DotBot/1.2; +https://opensiteexplorer.org/dotbot; help@moz.com)" "www.ysfine.com"
216.244.66.229 - - [27/Oct/2022:11:39:25 -0700] "GET /newyork/radioci15.jpg HTTP/1.1" 200 99703 "-" "Mozilla/5.0 (compatible; DotBot/1.2; +https://opensiteexplorer.org/dotbot; help@moz.com)" "www.ysfine.com"
216.244.66.229 - - [27/Oct/2022:11:39:26 -0700] "GET /newyork/vuiton55.jpg HTTP/1.1" 200 196609 "-" "Mozilla/5.0 (compatible; DotBot/1.2; +https://opensiteexplorer.org/dotbot; help@moz.com)" "www.ysfine.com"
216.244.66.229 - - [27/Oct/2022:11:39:28 -0700] "GET /people/towhee11.jpg HTTP/1.1" 200 64342 "-" "Mozilla/5.0 (compatible; DotBot/1.2; +https://opensiteexplorer.org/dotbot; help@moz.com)" "www.ysfine.com"
216.244.66.229 - - [27/Oct/2022:11:39:30 -0700] "GET /sbk/2004dd.jpg HTTP/1.1" 200 170624 "-" "Mozilla/5.0 (compatible; DotBot/1.2; +https://opensiteexplorer.org/dotbot; help@moz.com)" "www.ysfine.com"
216.244.66.229 - - [27/Oct/2022:11:39:32 -0700] "GET /wisdom/yoonrae.jpg HTTP/1.1" 200 76341 "-" "Mozilla/5.0 (compatible; DotBot/1.2; +https://opensiteexplorer.org/dotbot; help@moz.com)" "www.ysfine.com"
216.244.66.229 - - [27/Oct/2022:11:39:33 -0700] "GET /yspapers/feyfirm03.jpg HTTP/1.1" 200 133069 "-" "Mozilla/5.0 (compatible; DotBot/1.2; +https://opensiteexplorer.org/dotbot; help@moz.com)" "www.ysfine.com"
216.244.66.229 - - [27/Oct/2022:11:39:59 -0700] "GET /dongio/chinuk22.jpg HTTP/1.1" 404 73 "-" "Mozilla/5.0 (compatible; DotBot/1.2; +https://opensiteexplorer.org/dotbot; help@moz.com)" "www.ysfine.com"
216.244.66.229 - - [27/Oct/2022:11:40:01 -0700] "GET /people/catto02.jpg HTTP/1.1" 200 95385 "-" "Mozilla/5.0 (compatible; DotBot/1.2; +https://opensiteexplorer.org/dotbot; help@moz.com)" "www.ysfine.com"
198.44.189.242 - - [27/Oct/2022:11:40:02 -0700] "GET / HTTP/1.1" 200 5283 "-" "Mozilla/4.0 (compatible; MSIE 8.0; Windows NT 5.1; Trident/4.0; .NET CLR 1.1.4322; .NET CLR 3.0.4506.2152; .NET CLR 3.5.30729; .NET CLR 2.0.50727; .NET4.0C; .NET4.0E)" "ysfine.com"
216.244.66.229 - - [27/Oct/2022:11:40:03 -0700] "GET /sbk/1973emba22.jpg HTTP/1.1" 200 168932 "-" "Mozilla/5.0 (compatible; DotBot/1.2; +https://opensiteexplorer.org/dotbot; help@moz.com)" "www.ysfine.com"
198.44.189.242 - - [27/Oct/2022:11:40:04 -0700] "GET / HTTP/1.1" 200 5283 "-" "Mozilla/4.0 (compatible; MSIE 8.0; Windows NT 5.1; Trident/4.0; .NET CLR 1.1.4322; .NET CLR 3.0.4506.2152; .NET CLR 3.5.30729; .NET CLR 2.0.50727; .NET4.0C; .NET4.0E)" "ysfine.com"
216.244.66.229 - - [27/Oct/2022:11:40:05 -0700] "GET /usca/pitt/hall01.jpg HTTP/1.1" 200 300911 "-" "Mozilla/5.0 (compatible; DotBot/1.2; +https://opensiteexplorer.org/dotbot; help@moz.com)" "www.ysfine.com"
157.55.39.121 - - [27/Oct/2022:11:40:05 -0700] "GET /world/france/montmar16.jpg HTTP/1.1" 200 193398 "-" "Mozilla/5.0 (compatible; bingbot/2.0; +http://www.bing.com/bingbot.htm)" "www.ysfine.com"
198.44.189.242 - - [27/Oct/2022:11:40:08 -0700] "GET /eink/index.html HTTP/1.1" 200 17659 "-" "Mozilla/5.0 (Windows NT 6.1; WOW64) AppleWebKit/537.36 (KHTML, like Gecko) Chrome/66.0.3359.181 Safari/537.36" "ysfine.com"
216.244.66.229 - - [27/Oct/2022:11:40:08 -0700] "GET /world/baltic/kalinhouse2.jpg HTTP/1.1" 200 45105 "-" "Mozilla/5.0 (compatible; DotBot/1.2; +https://opensiteexplorer.org/dotbot; help@moz.com)" "www.ysfine.com"
198.44.189.242 - - [27/Oct/2022:11:40:08 -0700] "GET /jobs/index.html HTTP/1.1" 200 123 "-" "Mozilla/5.0 (Windows NT 6.1; WOW64) AppleWebKit/537.36 (KHTML, like Gecko) Chrome/66.0.3359.181 Safari/537.36" "ysfine.com"
198.44.189.242 - - [27/Oct/2022:11:40:08 -0700] "GET /home/bio77.html HTTP/1.1" 404 88 "-" "Mozilla/5.0 (Windows NT 6.1; WOW64) AppleWebKit/537.36 (KHTML, like Gecko) Chrome/66.0.3359.181 Safari/537.36" "ysfine.com"
198.44.189.242 - - [27/Oct/2022:11:40:08 -0700] "GET /eink/mose.html HTTP/1.1" 200 14315 "-" "Mozilla/5.0 (Windows NT 6.1; WOW64) AppleWebKit/537.36 (KHTML, like Gecko) Chrome/66.0.3359.181 Safari/537.36" "ysfine.com"
198.44.189.242 - - [27/Oct/2022:11:40:08 -0700] "GET /world/ysworld.html HTTP/1.1" 200 3195 "-" "Mozilla/5.0 (Windows NT 6.1; WOW64) AppleWebKit/537.36 (KHTML, like Gecko) Chrome/66.0.3359.181 Safari/537.36" "ysfine.com"
198.44.189.242 - - [27/Oct/2022:11:40:08 -0700] "GET /home/bio.html HTTP/1.1" 404 88 "-" "Mozilla/5.0 (Windows NT 6.1; WOW64) AppleWebKit/537.36 (KHTML, like Gecko) Chrome/66.0.3359.181 Safari/537.36" "ysfine.com"
198.44.189.242 - - [27/Oct/2022:11:40:08 -0700] "GET /home/index.html HTTP/1.1" 200 142 "-" "Mozilla/5.0 (Windows NT 6.1; WOW64) AppleWebKit/537.36 (KHTML, like Gecko) Chrome/66.0.3359.181 Safari/537.36" "ysfine.com"
198.44.189.242 - - [27/Oct/2022:11:40:08 -0700] "GET /yspapers/index.html HTTP/1.1" 200 21306 "-" "Mozilla/5.0 (Windows NT 6.1; WOW64) AppleWebKit/537.36 (KHTML, like Gecko) Chrome/66.0.3359.181 Safari/537.36" "ysfine.com"
198.44.189.242 - - [27/Oct/2022:11:40:08 -0700] "GET /eink/index.html HTTP/1.1" 200 17659 "-" "Mozilla/5.0 (Windows NT 6.1; WOW64) AppleWebKit/537.36 (KHTML, like Gecko) Chrome/66.0.3359.181 Safari/537.36" "ysfine.com"
198.44.189.242 - - [27/Oct/2022:11:40:08 -0700] "GET /awards/index.html HTTP/1.1" 200 10086 "-" "Mozilla/5.0 (Windows NT 6.1; WOW64) AppleWebKit/537.36 (KHTML, like Gecko) Chrome/66.0.3359.181 Safari/537.36" "ysfine.com"
198.44.189.242 - - [27/Oct/2022:11:40:11 -0700] "GET /einstein/index.html HTTP/1.1" 200 135 "-" "Mozilla/5.0 (Windows NT 6.1; WOW64) AppleWebKit/537.36 (KHTML, like Gecko) Chrome/66.0.3359.181 Safari/537.36" "ysfine.com"
216.244.66.229 - - [27/Oct/2022:11:40:17 -0700] "GET /world/ital/vatican72b.jpg HTTP/1.1" 200 58634 "-" "Mozilla/5.0 (compatible; DotBot/1.2; +https://opensiteexplorer.org/dotbot; help@moz.com)" "www.ysfine.com"
216.244.66.229 - - [27/Oct/2022:11:40:24 -0700] "GET /world/ital/vatim10b.jpg HTTP/1.1" 200 35185 "-" "Mozilla/5.0 (compatible; DotBot/1.2; +https://opensiteexplorer.org/dotbot; help@moz.com)" "www.ysfine.com"
157.55.39.14 - - [27/Oct/2022:11:40:31 -0700] "GET /kowar/shintak01.jpg HTTP/1.1" 200 275742 "-" "Mozilla/5.0 (compatible; bingbot/2.0; +http://www.bing.com/bingbot.htm)" "www.ysfine.com"
216.244.66.229 - - [27/Oct/2022:11:40:29 -0700] "GET /world/ital/venice21.pptx HTTP/1.1" 200 3176358 "-" "Mozilla/5.0 (compatible; DotBot/1.2; +https://opensiteexplorer.org/dotbot; help@moz.com)" "www.ysfine.com"
18.236.21.177 - - [27/Oct/2022:11:40:33 -0700] "GET / HTTP/1.1" 200 5283 "http://ysfine.com" "Mozilla/5.0 (Macintosh; Intel Mac OS X 10_12_2) AppleWebKit/537.36 (KHTML, like Gecko) Chrome/55.0.2883.95 Safari/537.36" "ysfine.com"
63.199.42.170 - - [27/Oct/2022:11:40:35 -0700] "GET /world/poland/coperni11.jpg HTTP/1.1" 200 135649 "https://www.google.com/" "Mozilla/5.0 (X11; CrOS x86_64 15054.114.0) AppleWebKit/537.36 (KHTML, like Gecko) Chrome/106.0.0.0 Safari/537.36" "ysfine.com"
207.46.13.104 - - [27/Oct/2022:11:40:52 -0700] "GET /bio/bio04.html HTTP/1.1" 404 88 "-" "Mozilla/5.0 (compatible; bingbot/2.0; +http://www.bing.com/bingbot.htm)" "ysfine.com"
114.119.128.154 - - [27/Oct/2022:11:40:53 -0700] "GET /ffriends/gatti06b.jpg HTTP/1.1" 200 42322 "https://www.ysfine.com/ffriends/italian.html" "Mozilla/5.0 (Linux; Android 7.0;) AppleWebKit/537.36 (KHTML, like Gecko) Mobile Safari/537.36 (compatible; PetalBot;+https://webmaster.petalsearch.com/site/petalbot)" "www.ysfine.com"
157.55.39.127 - - [27/Oct/2022:11:40:56 -0700] "GET /bio/feynman/feynbot.html HTTP/1.1" 404 88 "-" "Mozilla/5.0 AppleWebKit/537.36 (KHTML, like Gecko; compatible; bingbot/2.0; +http://www.bing.com/bingbot.htm) Chrome/103.0.5060.134 Safari/537.36" "ysfine.com"
216.244.66.229 - - [27/Oct/2022:11:40:58 -0700] "GET /world/russ/bachkova22.jpg HTTP/1.1" 200 68898 "-" "Mozilla/5.0 (compatible; DotBot/1.2; +https://opensiteexplorer.org/dotbot; help@moz.com)" "www.ysfine.com"
216.244.66.229 - - [27/Oct/2022:11:41:16 -0700] "GET /world/russ/kazan054.jpg HTTP/1.1" 200 84661 "-" "Mozilla/5.0 (compatible; DotBot/1.2; +https://opensiteexplorer.org/dotbot; help@moz.com)" "www.ysfine.com"
216.244.66.229 - - [27/Oct/2022:11:41:32 -0700] "GET /world/russ/spb13.jpg HTTP/1.1" 200 87256 "-" "Mozilla/5.0 (compatible; DotBot/1.2; +https://opensiteexplorer.org/dotbot; help@moz.com)" "www.ysfine.com"
216.244.66.229 - - [27/Oct/2022:11:41:44 -0700] "GET /class54/class5470/total_data/sub_615.htm HTTP/1.1" 200 12714 "-" "Mozilla/5.0 (compatible; DotBot/1.2; +https://opensiteexplorer.org/dotbot; help@moz.com)" "www.ysfine.com"
203.123.98.4 - - [27/Oct/2022:11:41:51 -0700] "GET /security.txt HTTP/1.1" 404 88 "-" "Go-http-client/1.1" "ysfine.com"
203.123.98.4 - - [27/Oct/2022:11:41:53 -0700] "GET /security.txt HTTP/1.1" 404 88 "http://ysfine.com/security.txt" "Go-http-client/1.1" "ysfine.com"
216.244.66.229 - - [27/Oct/2022:11:41:54 -0700] "GET /kobak/sorae/somap38.jpg HTTP/1.1" 200 109622 "-" "Mozilla/5.0 (compatible; DotBot/1.2; +https://opensiteexplorer.org/dotbot; help@moz.com)" "www.ysfine.com"
40.77.167.27 - - [27/Oct/2022:11:42:16 -0700] "GET /style/trouba11b.jpg HTTP/1.1" 200 33528 "-" "Mozilla/5.0 (compatible; bingbot/2.0; +http://www.bing.com/bingbot.htm)" "www.ysfine.com"
51.222.253.5 - - [27/Oct/2022:11:42:41 -0700] "GET /remote/wigner111/goto.html HTTP/1.1" 200 632 "-" "Mozilla/5.0 (compatible; AhrefsBot/7.0; +http://ahrefs.com/robot/)" "ysfine.com"
157.55.39.127 - - [27/Oct/2022:11:43:04 -0700] "GET /einstein/runstan11.jpg HTTP/1.1" 200 132736 "-" "Mozilla/5.0 (compatible; bingbot/2.0; +http://www.bing.com/bingbot.htm)" "ysfine.com"
157.55.39.14 - - [27/Oct/2022:11:45:32 -0700] "GET /world/hungary/buda029.jpg HTTP/1.1" 200 124868 "-" "Mozilla/5.0 (compatible; bingbot/2.0; +http://www.bing.com/bingbot.htm)" "ysfine.com"
5.48.112.50 - - [27/Oct/2022:11:45:41 -0700] "GET /yspapers/iopbook15.pdf HTTP/1.1" 200 2962673 "https://www.google.com/" "Mozilla/5.0 (Linux; Android 12; M2012K11AG) AppleWebKit/537.36 (KHTML, like Gecko) Chrome/106.0.0.0 Mobile Safari/537.36" "ysfine.com"
5.48.112.50 - - [27/Oct/2022:11:45:41 -0700] "GET /yspapers/iopbook15.pdf HTTP/1.1" 206 1597340 "https://www.google.com/" "Mozilla/5.0 (Linux; Android 12; M2012K11AG) AppleWebKit/537.36 (KHTML, like Gecko) Chrome/106.0.0.0 Mobile Safari/537.36" "ysfine.com"
66.249.66.43 - - [27/Oct/2022:11:46:14 -0700] "GET /eink/eink52.jpg HTTP/1.1" 200 130573 "-" "Googlebot-Image/1.0" "ysfine.com"
74.125.212.145 - - [27/Oct/2022:11:46:40 -0700] "GET /kobak/sl628.jpg HTTP/1.1" 200 225100 "-" "Mozilla/5.0 (Windows NT 5.1; rv:11.0) Gecko Firefox/11.0 (via ggpht.com GoogleImageProxy)" "ysfine.com"
40.77.167.71 - - [27/Oct/2022:11:46:45 -0700] "GET /ysbio/feynman/feynbot.html HTTP/1.1" 200 138 "-" "Mozilla/5.0 AppleWebKit/537.36 (KHTML, like Gecko; compatible; bingbot/2.0; +http://www.bing.com/bingbot.htm) Chrome/103.0.5060.134 Safari/537.36" "ysfine.com"
207.46.13.104 - - [27/Oct/2022:11:46:51 -0700] "GET /saram/g127.jpg HTTP/1.1" 200 131701 "-" "Mozilla/5.0 AppleWebKit/537.36 (KHTML, like Gecko; compatible; bingbot/2.0; +http://www.bing.com/bingbot.htm) Chrome/103.0.5060.134 Safari/537.36" "www.ysfine.com"
149.202.82.11 - - [27/Oct/2022:11:47:23 -0700] "GET /robots.txt HTTP/1.1" 404 73 "-" "Mozilla/5.0 (compatible; MJ12bot/v1.4.8; http://mj12bot.com/)" "ysfine.com"
149.202.82.11 - - [27/Oct/2022:11:47:31 -0700] "GET /ysbio/class54/class5480/Pictures/1.%C3%AC%C2%A0%C2%91%C3%AC%C2%88%C2%98%C3%AB%C2%B0%C2%8F%C3%AD%C2%99%C2%98%C3%AB%C2%8B%C2%B4/%C3%AC%C2%A0%C2%91%C3%AC%C2%88%C2%98%C3%AB%C2%B0%C2%8F%C3%AD%C2%99%C2%98%C3%AB%C2%8B%C2%B4%20(1).jpg HTTP/1.1" 200 8337191 "-" "Mozilla/5.0 (compatible; MJ12bot/v1.4.8; http://mj12bot.com/)" "ysfine.com"
77.88.5.209 - - [27/Oct/2022:11:47:32 -0700] "GET /world/russ/spbpi01.jpg HTTP/1.1" 200 77203 "-" "Mozilla/5.0 (compatible; YandexImages/3.0; +http://yandex.com/bots)" "ysfine.com"
149.202.82.11 - - [27/Oct/2022:11:47:34 -0700] "GET /ysbio/class54/class5480/Pictures/1.%C3%AC%C2%A0%C2%91%C3%AC%C2%88%C2%98%C3%AB%C2%B0%C2%8F%C3%AD%C2%99%C2%98%C3%AB%C2%8B%C2%B4/%C3%AC%C2%A0%C2%91%C3%AC%C2%88%C2%98%C3%AB%C2%B0%C2%8F%C3%AD%C2%99%C2%98%C3%AB%C2%8B%C2%B4%20(10).jpg HTTP/1.1" 200 8730532 "-" "Mozilla/5.0 (compatible; MJ12bot/v1.4.8; http://mj12bot.com/)" "ysfine.com"
149.202.82.11 - - [27/Oct/2022:11:47:40 -0700] "GET /ysbio/class54/class5480/Pictures/1.%C3%AC%C2%A0%C2%91%C3%AC%C2%88%C2%98%C3%AB%C2%B0%C2%8F%C3%AD%C2%99%C2%98%C3%AB%C2%8B%C2%B4/%C3%AC%C2%A0%C2%91%C3%AC%C2%88%C2%98%C3%AB%C2%B0%C2%8F%C3%AD%C2%99%C2%98%C3%AB%C2%8B%C2%B4%20(11).jpg HTTP/1.1" 200 7504102 "-" "Mozilla/5.0 (compatible; MJ12bot/v1.4.8; http://mj12bot.com/)" "ysfine.com"
149.202.82.11 - - [27/Oct/2022:11:47:43 -0700] "GET /ysbio/class54/class5480/Pictures/1.%C3%AC%C2%A0%C2%91%C3%AC%C2%88%C2%98%C3%AB%C2%B0%C2%8F%C3%AD%C2%99%C2%98%C3%AB%C2%8B%C2%B4/%C3%AC%C2%A0%C2%91%C3%AC%C2%88%C2%98%C3%AB%C2%B0%C2%8F%C3%AD%C2%99%C2%98%C3%AB%C2%8B%C2%B4%20(12).jpg HTTP/1.1" 200 4954865 "-" "Mozilla/5.0 (compatible; MJ12bot/v1.4.8; http://mj12bot.com/)" "ysfine.com"
149.202.82.11 - - [27/Oct/2022:11:47:46 -0700] "GET /ysbio/class54/class5480/Pictures/1.%C3%AC%C2%A0%C2%91%C3%AC%C2%88%C2%98%C3%AB%C2%B0%C2%8F%C3%AD%C2%99%C2%98%C3%AB%C2%8B%C2%B4/%C3%AC%C2%A0%C2%91%C3%AC%C2%88%C2%98%C3%AB%C2%B0%C2%8F%C3%AD%C2%99%C2%98%C3%AB%C2%8B%C2%B4%20(13).jpg HTTP/1.1" 200 6629103 "-" "Mozilla/5.0 (compatible; MJ12bot/v1.4.8; http://mj12bot.com/)" "ysfine.com"
66.249.66.40 - - [27/Oct/2022:11:47:50 -0700] "GET /ysbio/think55c.jpg HTTP/1.1" 200 37438 "-" "Googlebot-Image/1.0" "ysfine.com"
149.202.82.11 - - [27/Oct/2022:11:47:50 -0700] "GET /ysbio/class54/class5480/Pictures/1.%C3%AC%C2%A0%C2%91%C3%AC%C2%88%C2%98%C3%AB%C2%B0%C2%8F%C3%AD%C2%99%C2%98%C3%AB%C2%8B%C2%B4/%C3%AC%C2%A0%C2%91%C3%AC%C2%88%C2%98%C3%AB%C2%B0%C2%8F%C3%AD%C2%99%C2%98%C3%AB%C2%8B%C2%B4%20(14).jpg HTTP/1.1" 200 9530042 "-" "Mozilla/5.0 (compatible; MJ12bot/v1.4.8; http://mj12bot.com/)" "ysfine.com"
149.202.82.11 - - [27/Oct/2022:11:47:54 -0700] "GET /ysbio/class54/class5480/Pictures/1.%C3%AC%C2%A0%C2%91%C3%AC%C2%88%C2%98%C3%AB%C2%B0%C2%8F%C3%AD%C2%99%C2%98%C3%AB%C2%8B%C2%B4/%C3%AC%C2%A0%C2%91%C3%AC%C2%88%C2%98%C3%AB%C2%B0%C2%8F%C3%AD%C2%99%C2%98%C3%AB%C2%8B%C2%B4%20(15).jpg HTTP/1.1" 200 7165656 "-" "Mozilla/5.0 (compatible; MJ12bot/v1.4.8; http://mj12bot.com/)" "ysfine.com"
149.202.82.11 - - [27/Oct/2022:11:48:00 -0700] "GET /ysbio/class54/class5480/Pictures/1.%C3%AC%C2%A0%C2%91%C3%AC%C2%88%C2%98%C3%AB%C2%B0%C2%8F%C3%AD%C2%99%C2%98%C3%AB%C2%8B%C2%B4/%C3%AC%C2%A0%C2%91%C3%AC%C2%88%C2%98%C3%AB%C2%B0%C2%8F%C3%AD%C2%99%C2%98%C3%AB%C2%8B%C2%B4%20(16).jpg HTTP/1.1" 200 8275937 "-" "Mozilla/5.0 (compatible; MJ12bot/v1.4.8; http://mj12bot.com/)" "ysfine.com"
149.202.82.11 - - [27/Oct/2022:11:48:03 -0700] "GET /ysbio/class54/class5480/Pictures/1.%C3%AC%C2%A0%C2%91%C3%AC%C2%88%C2%98%C3%AB%C2%B0%C2%8F%C3%AD%C2%99%C2%98%C3%AB%C2%8B%C2%B4/%C3%AC%C2%A0%C2%91%C3%AC%C2%88%C2%98%C3%AB%C2%B0%C2%8F%C3%AD%C2%99%C2%98%C3%AB%C2%8B%C2%B4%20(17).jpg HTTP/1.1" 200 6291456 "-" "Mozilla/5.0 (compatible; MJ12bot/v1.4.8; http://mj12bot.com/)" "ysfine.com"
149.202.82.11 - - [27/Oct/2022:11:48:07 -0700] "GET /ysbio/class54/class5480/Pictures/1.%C3%AC%C2%A0%C2%91%C3%AC%C2%88%C2%98%C3%AB%C2%B0%C2%8F%C3%AD%C2%99%C2%98%C3%AB%C2%8B%C2%B4/%C3%AC%C2%A0%C2%91%C3%AC%C2%88%C2%98%C3%AB%C2%B0%C2%8F%C3%AD%C2%99%C2%98%C3%AB%C2%8B%C2%B4%20(18).jpg HTTP/1.1" 200 8584100 "-" "Mozilla/5.0 (compatible; MJ12bot/v1.4.8; http://mj12bot.com/)" "ysfine.com"
149.202.82.11 - - [27/Oct/2022:11:48:13 -0700] "GET /ysbio/class54/class5480/Pictures/1.%C3%AC%C2%A0%C2%91%C3%AC%C2%88%C2%98%C3%AB%C2%B0%C2%8F%C3%AD%C2%99%C2%98%C3%AB%C2%8B%C2%B4/%C3%AC%C2%A0%C2%91%C3%AC%C2%88%C2%98%C3%AB%C2%B0%C2%8F%C3%AD%C2%99%C2%98%C3%AB%C2%8B%C2%B4%20(19).jpg HTTP/1.1" 200 7743752 "-" "Mozilla/5.0 (compatible; MJ12bot/v1.4.8; http://mj12bot.com/)" "ysfine.com"
149.202.82.11 - - [27/Oct/2022:11:48:17 -0700] "GET /ysbio/class54/class5480/Pictures/1.%C3%AC%C2%A0%C2%91%C3%AC%C2%88%C2%98%C3%AB%C2%B0%C2%8F%C3%AD%C2%99%C2%98%C3%AB%C2%8B%C2%B4/%C3%AC%C2%A0%C2%91%C3%AC%C2%88%C2%98%C3%AB%C2%B0%C2%8F%C3%AD%C2%99%C2%98%C3%AB%C2%8B%C2%B4%20(2).jpg HTTP/1.1" 200 8993368 "-" "Mozilla/5.0 (compatible; MJ12bot/v1.4.8; http://mj12bot.com/)" "ysfine.com"
149.202.82.11 - - [27/Oct/2022:11:48:24 -0700] "GET /ysbio/class54/class5480/Pictures/1.%C3%AC%C2%A0%C2%91%C3%AC%C2%88%C2%98%C3%AB%C2%B0%C2%8F%C3%AD%C2%99%C2%98%C3%AB%C2%8B%C2%B4/%C3%AC%C2%A0%C2%91%C3%AC%C2%88%C2%98%C3%AB%C2%B0%C2%8F%C3%AD%C2%99%C2%98%C3%AB%C2%8B%C2%B4%20(20).jpg HTTP/1.1" 200 7836859 "-" "Mozilla/5.0 (compatible; MJ12bot/v1.4.8; http://mj12bot.com/)" "ysfine.com"
149.202.82.11 - - [27/Oct/2022:11:48:29 -0700] "GET /ysbio/class54/class5480/Pictures/1.%C3%AC%C2%A0%C2%91%C3%AC%C2%88%C2%98%C3%AB%C2%B0%C2%8F%C3%AD%C2%99%C2%98%C3%AB%C2%8B%C2%B4/%C3%AC%C2%A0%C2%91%C3%AC%C2%88%C2%98%C3%AB%C2%B0%C2%8F%C3%AD%C2%99%C2%98%C3%AB%C2%8B%C2%B4%20(21).jpg HTTP/1.1" 200 6531184 "-" "Mozilla/5.0 (compatible; MJ12bot/v1.4.8; http://mj12bot.com/)" "ysfine.com"
149.202.82.11 - - [27/Oct/2022:11:48:32 -0700] "GET /ysbio/class54/class5480/Pictures/1.%C3%AC%C2%A0%C2%91%C3%AC%C2%88%C2%98%C3%AB%C2%B0%C2%8F%C3%AD%C2%99%C2%98%C3%AB%C2%8B%C2%B4/%C3%AC%C2%A0%C2%91%C3%AC%C2%88%C2%98%C3%AB%C2%B0%C2%8F%C3%AD%C2%99%C2%98%C3%AB%C2%8B%C2%B4%20(22).jpg HTTP/1.1" 200 6770199 "-" "Mozilla/5.0 (compatible; MJ12bot/v1.4.8; http://mj12bot.com/)" "ysfine.com"
149.202.82.11 - - [27/Oct/2022:11:48:34 -0700] "GET /ysbio/class54/class5480/Pictures/1.%C3%AC%C2%A0%C2%91%C3%AC%C2%88%C2%98%C3%AB%C2%B0%C2%8F%C3%AD%C2%99%C2%98%C3%AB%C2%8B%C2%B4/%C3%AC%C2%A0%C2%91%C3%AC%C2%88%C2%98%C3%AB%C2%B0%C2%8F%C3%AD%C2%99%C2%98%C3%AB%C2%8B%C2%B4%20(23).jpg HTTP/1.1" 200 8898965 "-" "Mozilla/5.0 (compatible; MJ12bot/v1.4.8; http://mj12bot.com/)" "ysfine.com"
149.202.82.11 - - [27/Oct/2022:11:48:39 -0700] "GET /ysbio/class54/class5480/Pictures/1.%C3%AC%C2%A0%C2%91%C3%AC%C2%88%C2%98%C3%AB%C2%B0%C2%8F%C3%AD%C2%99%C2%98%C3%AB%C2%8B%C2%B4/%C3%AC%C2%A0%C2%91%C3%AC%C2%88%C2%98%C3%AB%C2%B0%C2%8F%C3%AD%C2%99%C2%98%C3%AB%C2%8B%C2%B4%20(24).jpg HTTP/1.1" 200 6148742 "-" "Mozilla/5.0 (compatible; MJ12bot/v1.4.8; http://mj12bot.com/)" "ysfine.com"
149.202.82.11 - - [27/Oct/2022:11:48:44 -0700] "GET /ysbio/class54/class5480/Pictures/1.%C3%AC%C2%A0%C2%91%C3%AC%C2%88%C2%98%C3%AB%C2%B0%C2%8F%C3%AD%C2%99%C2%98%C3%AB%C2%8B%C2%B4/%C3%AC%C2%A0%C2%91%C3%AC%C2%88%C2%98%C3%AB%C2%B0%C2%8F%C3%AD%C2%99%C2%98%C3%AB%C2%8B%C2%B4%20(25).jpg HTTP/1.1" 200 9010356 "-" "Mozilla/5.0 (compatible; MJ12bot/v1.4.8; http://mj12bot.com/)" "ysfine.com"
149.202.82.11 - - [27/Oct/2022:11:48:47 -0700] "GET /ysbio/class54/class5480/Pictures/1.%C3%AC%C2%A0%C2%91%C3%AC%C2%88%C2%98%C3%AB%C2%B0%C2%8F%C3%AD%C2%99%C2%98%C3%AB%C2%8B%C2%B4/%C3%AC%C2%A0%C2%91%C3%AC%C2%88%C2%98%C3%AB%C2%B0%C2%8F%C3%AD%C2%99%C2%98%C3%AB%C2%8B%C2%B4%20(26).jpg HTTP/1.1" 200 8013343 "-" "Mozilla/5.0 (compatible; MJ12bot/v1.4.8; http://mj12bot.com/)" "ysfine.com"
149.202.82.11 - - [27/Oct/2022:11:48:52 -0700] "GET /ysbio/class54/class5480/Pictures/1.%C3%AC%C2%A0%C2%91%C3%AC%C2%88%C2%98%C3%AB%C2%B0%C2%8F%C3%AD%C2%99%C2%98%C3%AB%C2%8B%C2%B4/%C3%AC%C2%A0%C2%91%C3%AC%C2%88%C2%98%C3%AB%C2%B0%C2%8F%C3%AD%C2%99%C2%98%C3%AB%C2%8B%C2%B4%20(27).jpg HTTP/1.1" 200 7735101 "-" "Mozilla/5.0 (compatible; MJ12bot/v1.4.8; http://mj12bot.com/)" "ysfine.com"
157.55.39.127 - - [27/Oct/2022:11:48:54 -0700] "GET /ysbio/feynman/feynleft.html HTTP/1.1" 200 523 "-" "Mozilla/5.0 AppleWebKit/537.36 (KHTML, like Gecko; compatible; bingbot/2.0; +http://www.bing.com/bingbot.htm) Chrome/103.0.5060.134 Safari/537.36" "ysfine.com"
149.202.82.11 - - [27/Oct/2022:11:48:57 -0700] "GET /ysbio/class54/class5480/Pictures/1.%C3%AC%C2%A0%C2%91%C3%AC%C2%88%C2%98%C3%AB%C2%B0%C2%8F%C3%AD%C2%99%C2%98%C3%AB%C2%8B%C2%B4/%C3%AC%C2%A0%C2%91%C3%AC%C2%88%C2%98%C3%AB%C2%B0%C2%8F%C3%AD%C2%99%C2%98%C3%AB%C2%8B%C2%B4%20(28).jpg HTTP/1.1" 200 8408764 "-" "Mozilla/5.0 (compatible; MJ12bot/v1.4.8; http://mj12bot.com/)" "ysfine.com"
157.55.39.121 - - [27/Oct/2022:11:48:59 -0700] "GET /ysbio/feynman/feynrigh.html HTTP/1.1" 200 2183 "-" "Mozilla/5.0 AppleWebKit/537.36 (KHTML, like Gecko; compatible; bingbot/2.0; +http://www.bing.com/bingbot.htm) Chrome/103.0.5060.134 Safari/537.36" "ysfine.com"
149.202.82.11 - - [27/Oct/2022:11:49:02 -0700] "GET /ysbio/class54/class5480/Pictures/1.%C3%AC%C2%A0%C2%91%C3%AC%C2%88%C2%98%C3%AB%C2%B0%C2%8F%C3%AD%C2%99%C2%98%C3%AB%C2%8B%C2%B4/%C3%AC%C2%A0%C2%91%C3%AC%C2%88%C2%98%C3%AB%C2%B0%C2%8F%C3%AD%C2%99%C2%98%C3%AB%C2%8B%C2%B4%20(29).jpg HTTP/1.1" 200 7653144 "-" "Mozilla/5.0 (compatible; MJ12bot/v1.4.8; http://mj12bot.com/)" "ysfine.com"
157.55.39.14 - - [27/Oct/2022:11:49:03 -0700] "GET /bio/dirac/diracpol.html HTTP/1.1" 404 88 "-" "Mozilla/5.0 (compatible; bingbot/2.0; +http://www.bing.com/bingbot.htm)" "ysfine.com"
149.202.82.11 - - [27/Oct/2022:11:49:07 -0700] "GET /ysbio/class54/class5480/Pictures/1.%C3%AC%C2%A0%C2%91%C3%AC%C2%88%C2%98%C3%AB%C2%B0%C2%8F%C3%AD%C2%99%C2%98%C3%AB%C2%8B%C2%B4/%C3%AC%C2%A0%C2%91%C3%AC%C2%88%C2%98%C3%AB%C2%B0%C2%8F%C3%AD%C2%99%C2%98%C3%AB%C2%8B%C2%B4%20(3).jpg HTTP/1.1" 200 7982364 "-" "Mozilla/5.0 (compatible; MJ12bot/v1.4.8; http://mj12bot.com/)" "ysfine.com"
149.202.82.11 - - [27/Oct/2022:11:49:10 -0700] "GET /ysbio/class54/class5480/Pictures/1.%C3%AC%C2%A0%C2%91%C3%AC%C2%88%C2%98%C3%AB%C2%B0%C2%8F%C3%AD%C2%99%C2%98%C3%AB%C2%8B%C2%B4/%C3%AC%C2%A0%C2%91%C3%AC%C2%88%C2%98%C3%AB%C2%B0%C2%8F%C3%AD%C2%99%C2%98%C3%AB%C2%8B%C2%B4%20(30).jpg HTTP/1.1" 200 6021019 "-" "Mozilla/5.0 (compatible; MJ12bot/v1.4.8; http://mj12bot.com/)" "ysfine.com"
40.77.167.71 - - [27/Oct/2022:11:49:12 -0700] "GET /wdc/washmo11.jpg HTTP/1.1" 200 58948 "-" "Mozilla/5.0 (compatible; bingbot/2.0; +http://www.bing.com/bingbot.htm)" "www.ysfine.com"
149.202.82.11 - - [27/Oct/2022:11:49:14 -0700] "GET /ysbio/class54/class5480/Pictures/1.%C3%AC%C2%A0%C2%91%C3%AC%C2%88%C2%98%C3%AB%C2%B0%C2%8F%C3%AD%C2%99%C2%98%C3%AB%C2%8B%C2%B4/%C3%AC%C2%A0%C2%91%C3%AC%C2%88%C2%98%C3%AB%C2%B0%C2%8F%C3%AD%C2%99%C2%98%C3%AB%C2%8B%C2%B4%20(31).jpg HTTP/1.1" 200 7031359 "-" "Mozilla/5.0 (compatible; MJ12bot/v1.4.8; http://mj12bot.com/)" "ysfine.com"
149.202.82.11 - - [27/Oct/2022:11:49:20 -0700] "GET /ysbio/class54/class5480/Pictures/1.%C3%AC%C2%A0%C2%91%C3%AC%C2%88%C2%98%C3%AB%C2%B0%C2%8F%C3%AD%C2%99%C2%98%C3%AB%C2%8B%C2%B4/%C3%AC%C2%A0%C2%91%C3%AC%C2%88%C2%98%C3%AB%C2%B0%C2%8F%C3%AD%C2%99%C2%98%C3%AB%C2%8B%C2%B4%20(32).jpg HTTP/1.1" 200 5711555 "-" "Mozilla/5.0 (compatible; MJ12bot/v1.4.8; http://mj12bot.com/)" "ysfine.com"
149.202.82.11 - - [27/Oct/2022:11:49:23 -0700] "GET /ysbio/class54/class5480/Pictures/1.%C3%AC%C2%A0%C2%91%C3%AC%C2%88%C2%98%C3%AB%C2%B0%C2%8F%C3%AD%C2%99%C2%98%C3%AB%C2%8B%C2%B4/%C3%AC%C2%A0%C2%91%C3%AC%C2%88%C2%98%C3%AB%C2%B0%C2%8F%C3%AD%C2%99%C2%98%C3%AB%C2%8B%C2%B4%20(33).jpg HTTP/1.1" 200 6105401 "-" "Mozilla/5.0 (compatible; MJ12bot/v1.4.8; http://mj12bot.com/)" "ysfine.com"
149.202.82.11 - - [27/Oct/2022:11:49:27 -0700] "GET /ysbio/class54/class5480/Pictures/1.%C3%AC%C2%A0%C2%91%C3%AC%C2%88%C2%98%C3%AB%C2%B0%C2%8F%C3%AD%C2%99%C2%98%C3%AB%C2%8B%C2%B4/%C3%AC%C2%A0%C2%91%C3%AC%C2%88%C2%98%C3%AB%C2%B0%C2%8F%C3%AD%C2%99%C2%98%C3%AB%C2%8B%C2%B4%20(34).jpg HTTP/1.1" 200 7043047 "-" "Mozilla/5.0 (compatible; MJ12bot/v1.4.8; http://mj12bot.com/)" "ysfine.com"
149.202.82.11 - - [27/Oct/2022:11:49:31 -0700] "GET /ysbio/class54/class5480/Pictures/1.%C3%AC%C2%A0%C2%91%C3%AC%C2%88%C2%98%C3%AB%C2%B0%C2%8F%C3%AD%C2%99%C2%98%C3%AB%C2%8B%C2%B4/%C3%AC%C2%A0%C2%91%C3%AC%C2%88%C2%98%C3%AB%C2%B0%C2%8F%C3%AD%C2%99%C2%98%C3%AB%C2%8B%C2%B4%20(35).jpg HTTP/1.1" 200 8812209 "-" "Mozilla/5.0 (compatible; MJ12bot/v1.4.8; http://mj12bot.com/)" "ysfine.com"
149.202.82.11 - - [27/Oct/2022:11:49:38 -0700] "GET /ysbio/class54/class5480/Pictures/1.%C3%AC%C2%A0%C2%91%C3%AC%C2%88%C2%98%C3%AB%C2%B0%C2%8F%C3%AD%C2%99%C2%98%C3%AB%C2%8B%C2%B4/%C3%AC%C2%A0%C2%91%C3%AC%C2%88%C2%98%C3%AB%C2%B0%C2%8F%C3%AD%C2%99%C2%98%C3%AB%C2%8B%C2%B4%20(36).jpg HTTP/1.1" 200 8654218 "-" "Mozilla/5.0 (compatible; MJ12bot/v1.4.8; http://mj12bot.com/)" "ysfine.com"
149.202.82.11 - - [27/Oct/2022:11:49:40 -0700] "GET /ysbio/class54/class5480/Pictures/1.%C3%AC%C2%A0%C2%91%C3%AC%C2%88%C2%98%C3%AB%C2%B0%C2%8F%C3%AD%C2%99%C2%98%C3%AB%C2%8B%C2%B4/%C3%AC%C2%A0%C2%91%C3%AC%C2%88%C2%98%C3%AB%C2%B0%C2%8F%C3%AD%C2%99%C2%98%C3%AB%C2%8B%C2%B4%20(37).jpg HTTP/1.1" 200 8764611 "-" "Mozilla/5.0 (compatible; MJ12bot/v1.4.8; http://mj12bot.com/)" "ysfine.com"
90.126.41.194 - - [27/Oct/2022:11:49:42 -0700] "GET /world/arusas.html HTTP/1.1" 200 7838 "https://www.google.com/" "Mozilla/5.0 (Linux; Android 13; Pixel 4a) AppleWebKit/537.36 (KHTML, like Gecko) Chrome/106.0.0.0 Mobile Safari/537.36" "ysfine.com"
149.202.82.11 - - [27/Oct/2022:11:49:42 -0700] "GET /ysbio/class54/class5480/Pictures/1.%C3%AC%C2%A0%C2%91%C3%AC%C2%88%C2%98%C3%AB%C2%B0%C2%8F%C3%AD%C2%99%C2%98%C3%AB%C2%8B%C2%B4/%C3%AC%C2%A0%C2%91%C3%AC%C2%88%C2%98%C3%AB%C2%B0%C2%8F%C3%AD%C2%99%C2%98%C3%AB%C2%8B%C2%B4%20(38).jpg HTTP/1.1" 200 8617409 "-" "Mozilla/5.0 (compatible; MJ12bot/v1.4.8; http://mj12bot.com/)" "ysfine.com"
90.126.41.194 - - [27/Oct/2022:11:49:42 -0700] "GET /world/germany/aachen01b.jpg HTTP/1.1" 200 47715 "https://ysfine.com/world/arusas.html" "Mozilla/5.0 (Linux; Android 13; Pixel 4a) AppleWebKit/537.36 (KHTML, like Gecko) Chrome/106.0.0.0 Mobile Safari/537.36" "ysfine.com"
90.126.41.194 - - [27/Oct/2022:11:49:42 -0700] "GET /world/france/arusas01b.jpg HTTP/1.1" 200 78904 "https://ysfine.com/world/arusas.html" "Mozilla/5.0 (Linux; Android 13; Pixel 4a) AppleWebKit/537.36 (KHTML, like Gecko) Chrome/106.0.0.0 Mobile Safari/537.36" "ysfine.com"
90.126.41.194 - - [27/Oct/2022:11:49:42 -0700] "GET /dongio/matisse11b.jpg HTTP/1.1" 404 88 "https://ysfine.com/world/arusas.html" "Mozilla/5.0 (Linux; Android 13; Pixel 4a) AppleWebKit/537.36 (KHTML, like Gecko) Chrome/106.0.0.0 Mobile Safari/537.36" "ysfine.com"
90.126.41.194 - - [27/Oct/2022:11:49:42 -0700] "GET /world/germany/aachen11b.jpg HTTP/1.1" 200 44242 "https://ysfine.com/world/arusas.html" "Mozilla/5.0 (Linux; Android 13; Pixel 4a) AppleWebKit/537.36 (KHTML, like Gecko) Chrome/106.0.0.0 Mobile Safari/537.36" "ysfine.com"
90.126.41.194 - - [27/Oct/2022:11:49:42 -0700] "GET /world/brit/winston01b.jpg HTTP/1.1" 200 38436 "https://ysfine.com/world/arusas.html" "Mozilla/5.0 (Linux; Android 13; Pixel 4a) AppleWebKit/537.36 (KHTML, like Gecko) Chrome/106.0.0.0 Mobile Safari/537.36" "ysfine.com"
90.126.41.194 - - [27/Oct/2022:11:49:42 -0700] "GET /world/france/stras23b.jpg HTTP/1.1" 200 48141 "https://ysfine.com/world/arusas.html" "Mozilla/5.0 (Linux; Android 13; Pixel 4a) AppleWebKit/537.36 (KHTML, like Gecko) Chrome/106.0.0.0 Mobile Safari/537.36" "ysfine.com"
90.126.41.194 - - [27/Oct/2022:11:49:42 -0700] "GET /world/france/stras10b.jpg HTTP/1.1" 200 48674 "https://ysfine.com/world/arusas.html" "Mozilla/5.0 (Linux; Android 13; Pixel 4a) AppleWebKit/537.36 (KHTML, like Gecko) Chrome/106.0.0.0 Mobile Safari/537.36" "ysfine.com"
90.126.41.194 - - [27/Oct/2022:11:49:42 -0700] "GET /world/france/stras71b.jpg HTTP/1.1" 200 45191 "https://ysfine.com/world/arusas.html" "Mozilla/5.0 (Linux; Android 13; Pixel 4a) AppleWebKit/537.36 (KHTML, like Gecko) Chrome/106.0.0.0 Mobile Safari/537.36" "ysfine.com"
90.126.41.194 - - [27/Oct/2022:11:49:42 -0700] "GET /world/france/notre01b.jpg HTTP/1.1" 200 35673 "https://ysfine.com/world/arusas.html" "Mozilla/5.0 (Linux; Android 13; Pixel 4a) AppleWebKit/537.36 (KHTML, like Gecko) Chrome/106.0.0.0 Mobile Safari/537.36" "ysfine.com"
90.126.41.194 - - [27/Oct/2022:11:49:42 -0700] "GET /world/france/stras24b.jpg HTTP/1.1" 200 44660 "https://ysfine.com/world/arusas.html" "Mozilla/5.0 (Linux; Android 13; Pixel 4a) AppleWebKit/537.36 (KHTML, like Gecko) Chrome/106.0.0.0 Mobile Safari/537.36" "ysfine.com"
90.126.41.194 - - [27/Oct/2022:11:49:42 -0700] "GET /world/germany/aachen12b.jpg HTTP/1.1" 200 43230 "https://ysfine.com/world/arusas.html" "Mozilla/5.0 (Linux; Android 13; Pixel 4a) AppleWebKit/537.36 (KHTML, like Gecko) Chrome/106.0.0.0 Mobile Safari/537.36" "ysfine.com"
90.126.41.194 - - [27/Oct/2022:11:49:42 -0700] "GET /world/france/stras53b.jpg HTTP/1.1" 200 36749 "https://ysfine.com/world/arusas.html" "Mozilla/5.0 (Linux; Android 13; Pixel 4a) AppleWebKit/537.36 (KHTML, like Gecko) Chrome/106.0.0.0 Mobile Safari/537.36" "ysfine.com"
90.126.41.194 - - [27/Oct/2022:11:49:42 -0700] "GET /world/france/stras07b.jpg HTTP/1.1" 200 55365 "https://ysfine.com/world/arusas.html" "Mozilla/5.0 (Linux; Android 13; Pixel 4a) AppleWebKit/537.36 (KHTML, like Gecko) Chrome/106.0.0.0 Mobile Safari/537.36" "ysfine.com"
90.126.41.194 - - [27/Oct/2022:11:49:42 -0700] "GET /world/germany/karldergrosse01b.jpg HTTP/1.1" 200 55013 "https://ysfine.com/world/arusas.html" "Mozilla/5.0 (Linux; Android 13; Pixel 4a) AppleWebKit/537.36 (KHTML, like Gecko) Chrome/106.0.0.0 Mobile Safari/537.36" "ysfine.com"
90.126.41.194 - - [27/Oct/2022:11:49:42 -0700] "GET /world/france/stras16b.jpg HTTP/1.1" 200 53190 "https://ysfine.com/world/arusas.html" "Mozilla/5.0 (Linux; Android 13; Pixel 4a) AppleWebKit/537.36 (KHTML, like Gecko) Chrome/106.0.0.0 Mobile Safari/537.36" "ysfine.com"
90.126.41.194 - - [27/Oct/2022:11:49:42 -0700] "GET /world/france/stras30b.jpg HTTP/1.1" 200 44472 "https://ysfine.com/world/arusas.html" "Mozilla/5.0 (Linux; Android 13; Pixel 4a) AppleWebKit/537.36 (KHTML, like Gecko) Chrome/106.0.0.0 Mobile Safari/537.36" "ysfine.com"
90.126.41.194 - - [27/Oct/2022:11:49:42 -0700] "GET /world/france/stras56b.jpg HTTP/1.1" 200 47207 "https://ysfine.com/world/arusas.html" "Mozilla/5.0 (Linux; Android 13; Pixel 4a) AppleWebKit/537.36 (KHTML, like Gecko) Chrome/106.0.0.0 Mobile Safari/537.36" "ysfine.com"
90.126.41.194 - - [27/Oct/2022:11:49:42 -0700] "GET /world/france/metz08b.jpg HTTP/1.1" 200 45191 "https://ysfine.com/world/arusas.html" "Mozilla/5.0 (Linux; Android 13; Pixel 4a) AppleWebKit/537.36 (KHTML, like Gecko) Chrome/106.0.0.0 Mobile Safari/537.36" "ysfine.com"
90.126.41.194 - - [27/Oct/2022:11:49:42 -0700] "GET /world/france/metz41b.jpg HTTP/1.1" 200 48219 "https://ysfine.com/world/arusas.html" "Mozilla/5.0 (Linux; Android 13; Pixel 4a) AppleWebKit/537.36 (KHTML, like Gecko) Chrome/106.0.0.0 Mobile Safari/537.36" "ysfine.com"
90.126.41.194 - - [27/Oct/2022:11:49:42 -0700] "GET /world/france/metz52b.jpg HTTP/1.1" 200 33874 "https://ysfine.com/world/arusas.html" "Mozilla/5.0 (Linux; Android 13; Pixel 4a) AppleWebKit/537.36 (KHTML, like Gecko) Chrome/106.0.0.0 Mobile Safari/537.36" "ysfine.com"
90.126.41.194 - - [27/Oct/2022:11:49:42 -0700] "GET /kobak/taylor33c.jpg HTTP/1.1" 200 39951 "https://ysfine.com/world/arusas.html" "Mozilla/5.0 (Linux; Android 13; Pixel 4a) AppleWebKit/537.36 (KHTML, like Gecko) Chrome/106.0.0.0 Mobile Safari/537.36" "ysfine.com"
90.126.41.194 - - [27/Oct/2022:11:49:42 -0700] "GET /world/france/metz10b.jpg HTTP/1.1" 200 46323 "https://ysfine.com/world/arusas.html" "Mozilla/5.0 (Linux; Android 13; Pixel 4a) AppleWebKit/537.36 (KHTML, like Gecko) Chrome/106.0.0.0 Mobile Safari/537.36" "ysfine.com"
149.202.82.11 - - [27/Oct/2022:11:49:45 -0700] "GET /ysbio/class54/class5480/Pictures/1.%C3%AC%C2%A0%C2%91%C3%AC%C2%88%C2%98%C3%AB%C2%B0%C2%8F%C3%AD%C2%99%C2%98%C3%AB%C2%8B%C2%B4/%C3%AC%C2%A0%C2%91%C3%AC%C2%88%C2%98%C3%AB%C2%B0%C2%8F%C3%AD%C2%99%C2%98%C3%AB%C2%8B%C2%B4%20(39).jpg HTTP/1.1" 200 8150411 "-" "Mozilla/5.0 (compatible; MJ12bot/v1.4.8; http://mj12bot.com/)" "ysfine.com"
90.126.41.194 - - [27/Oct/2022:11:49:46 -0700] "GET /favicon.ico HTTP/1.1" 404 88 "https://ysfine.com/world/arusas.html" "Mozilla/5.0 (Linux; Android 13; Pixel 4a) AppleWebKit/537.36 (KHTML, like Gecko) Chrome/106.0.0.0 Mobile Safari/537.36" "ysfine.com"
