216.244.66.229 - - [27/Oct/2022:05:31:17 -0700] "GET /style/hibiya.jpg HTTP/1.1" 200 58805 "-" "Mozilla/5.0 (compatible; DotBot/1.2; +https://opensiteexplorer.org/dotbot; help@moz.com)" "www.ysfine.com"
157.55.39.121 - - [27/Oct/2022:05:31:29 -0700] "GET /world/china/xian04.jpg HTTP/1.1" 200 82865 "-" "Mozilla/5.0 (compatible; bingbot/2.0; +http://www.bing.com/bingbot.htm)" "ysfine.com"
216.244.66.229 - - [27/Oct/2022:05:31:41 -0700] "GET /wigner/monika10.jpg HTTP/1.1" 200 103244 "-" "Mozilla/5.0 (compatible; DotBot/1.2; +https://opensiteexplorer.org/dotbot; help@moz.com)" "www.ysfine.com"
157.55.39.121 - - [27/Oct/2022:05:31:50 -0700] "GET /style/gaya02.jpg HTTP/1.1" 200 76927 "-" "Mozilla/5.0 (compatible; bingbot/2.0; +http://www.bing.com/bingbot.htm)" "ysfine.com"
216.244.66.229 - - [27/Oct/2022:05:32:19 -0700] "GET /world/baltic/?D=D HTTP/1.1" 200 61601 "-" "Mozilla/5.0 (compatible; DotBot/1.2; +https://opensiteexplorer.org/dotbot; help@moz.com)" "www.ysfine.com"
216.244.66.229 - - [27/Oct/2022:05:32:51 -0700] "GET /world/china/china019.jpg HTTP/1.1" 200 70281 "-" "Mozilla/5.0 (compatible; DotBot/1.2; +https://opensiteexplorer.org/dotbot; help@moz.com)" "www.ysfine.com"
157.55.39.14 - - [27/Oct/2022:05:32:56 -0700] "GET /home/fotos/seoul50.jpg HTTP/1.1" 200 181490 "-" "Mozilla/5.0 (compatible; bingbot/2.0; +http://www.bing.com/bingbot.htm)" "ysfine.com"
216.244.66.229 - - [27/Oct/2022:05:33:20 -0700] "GET /world/ital/genova01.jpg HTTP/1.1" 200 361100 "-" "Mozilla/5.0 (compatible; DotBot/1.2; +https://opensiteexplorer.org/dotbot; help@moz.com)" "www.ysfine.com"
51.222.253.12 - - [27/Oct/2022:05:33:34 -0700] "GET /einstein/einxmas.html HTTP/1.1" 200 2693 "-" "Mozilla/5.0 (compatible; AhrefsBot/7.0; +http://ahrefs.com/robot/)" "www.ysfine.com"
40.77.167.27 - - [27/Oct/2022:05:33:49 -0700] "GET /maga/invent/marconi03.jpg HTTP/1.1" 200 152837 "-" "Mozilla/5.0 (compatible; bingbot/2.0; +http://www.bing.com/bingbot.htm)" "ysfine.com"
157.55.39.121 - - [27/Oct/2022:05:33:49 -0700] "GET /world/ital/venice07dd.jpg HTTP/1.1" 200 197353 "-" "Mozilla/5.0 (compatible; bingbot/2.0; +http://www.bing.com/bingbot.htm)" "www.ysfine.com"
157.55.39.127 - - [27/Oct/2022:05:34:08 -0700] "GET /usca/pitt/cmall04.jpg HTTP/1.1" 200 70991 "-" "Mozilla/5.0 (compatible; bingbot/2.0; +http://www.bing.com/bingbot.htm)" "www.ysfine.com"
157.55.39.14 - - [27/Oct/2022:05:34:28 -0700] "GET /bio/einstein/bern.html HTTP/1.1" 404 88 "-" "Mozilla/5.0 AppleWebKit/537.36 (KHTML, like Gecko; compatible; bingbot/2.0; +http://www.bing.com/bingbot.htm) Chrome/103.0.5060.134 Safari/537.36" "ysfine.com"
128.163.238.174 - - [27/Oct/2022:05:35:36 -0700] "GET /philo/marxlon01.jpg HTTP/1.1" 200 263404 "https://www.google.com/" "Mozilla/5.0 (Macintosh; Intel Mac OS X 10_15_7) AppleWebKit/537.36 (KHTML, like Gecko) Chrome/104.0.0.0 Safari/537.36" "ysfine.com"
157.55.39.127 - - [27/Oct/2022:05:37:08 -0700] "GET /ysbio/dirac/dirk62.html HTTP/1.1" 200 3930 "-" "Mozilla/5.0 (compatible; bingbot/2.0; +http://www.bing.com/bingbot.htm)" "ysfine.com"
124.220.161.119 - - [27/Oct/2022:05:38:58 -0700] "GET / HTTP/1.1" 200 5283 "-" "Mozilla/5.0 (Linux; Android 6.0; Nexus 5 Build/MRA58N) AppleWebKit/537.36 (KHTML, like Gecko) Chrome/81.0.4044.138 Mobile Safari/537.36" "www.ysfine.com"
157.55.39.14 - - [27/Oct/2022:05:39:07 -0700] "GET /archives/proceedings/wpro01/just.html HTTP/1.1" 200 809 "-" "Mozilla/5.0 AppleWebKit/537.36 (KHTML, like Gecko; compatible; bingbot/2.0; +http://www.bing.com/bingbot.htm) Chrome/103.0.5060.134 Safari/537.36" "ysfine.com"
82.38.85.186 - - [27/Oct/2022:05:39:16 -0700] "GET /style/guggen22.jpg HTTP/1.1" 200 74472 "https://www.google.co.uk/" "Mozilla/5.0 (Windows NT 10.0; Win64; x64) AppleWebKit/537.36 (KHTML, like Gecko) Chrome/106.0.0.0 Safari/537.36" "ysfine.com"
207.46.13.104 - - [27/Oct/2022:05:39:27 -0700] "GET /ysbio/dirac/dirheisen.html HTTP/1.1" 200 4650 "-" "Mozilla/5.0 (compatible; bingbot/2.0; +http://www.bing.com/bingbot.htm)" "ysfine.com"
157.55.39.121 - - [27/Oct/2022:05:39:31 -0700] "GET /world/hungary/hunstu08.jpg HTTP/1.1" 200 104293 "-" "Mozilla/5.0 (compatible; bingbot/2.0; +http://www.bing.com/bingbot.htm)" "www.ysfine.com"
157.55.39.121 - - [27/Oct/2022:05:39:31 -0700] "GET /ysbio/articles/entro.pdf HTTP/1.1" 404 88 "-" "Mozilla/5.0 (compatible; bingbot/2.0; +http://www.bing.com/bingbot.htm)" "ysfine.com"
157.55.39.14 - - [27/Oct/2022:05:39:31 -0700] "GET /ysbio/dirac/dircanal.html HTTP/1.1" 200 3795 "-" "Mozilla/5.0 (compatible; bingbot/2.0; +http://www.bing.com/bingbot.htm)" "ysfine.com"
157.55.39.14 - - [27/Oct/2022:05:39:31 -0700] "GET /ysbio/world/polandp.html HTTP/1.1" 200 5412 "-" "Mozilla/5.0 AppleWebKit/537.36 (KHTML, like Gecko; compatible; bingbot/2.0; +http://www.bing.com/bingbot.htm) Chrome/103.0.5060.134 Safari/537.36" "ysfine.com"
51.222.253.2 - - [27/Oct/2022:05:39:39 -0700] "GET /class54/class5470/total_data/sub_626.htm HTTP/1.1" 200 3195 "-" "Mozilla/5.0 (compatible; AhrefsBot/7.0; +http://ahrefs.com/robot/)" "www.ysfine.com"
51.222.253.9 - - [27/Oct/2022:05:39:45 -0700] "GET /class54/class5470/total_data/img/06_sportsclub.gif HTTP/1.1" 200 1017 "-" "Mozilla/5.0 (compatible; AhrefsBot/7.0; +http://ahrefs.com/robot/)" "www.ysfine.com"
157.55.39.121 - - [27/Oct/2022:05:39:50 -0700] "GET /ysbio/articles/entro.pdf HTTP/1.1" 404 88 "-" "Mozilla/5.0 (compatible; bingbot/2.0; +http://www.bing.com/bingbot.htm)" "ysfine.com"
51.222.253.6 - - [27/Oct/2022:05:39:50 -0700] "GET /class54/class5470/total_data/refer_img/6-21_f.jpg HTTP/1.1" 200 34499 "-" "Mozilla/5.0 (compatible; AhrefsBot/7.0; +http://ahrefs.com/robot/)" "www.ysfine.com"
51.222.253.15 - - [27/Oct/2022:05:39:56 -0700] "GET /class54/class5470/total_data/refer_img/6-24_f.jpg HTTP/1.1" 200 36297 "-" "Mozilla/5.0 (compatible; AhrefsBot/7.0; +http://ahrefs.com/robot/)" "www.ysfine.com"
51.222.253.19 - - [27/Oct/2022:05:40:01 -0700] "GET /class54/class5470/total_data/refer_img/6-19_f.jpg HTTP/1.1" 200 34781 "-" "Mozilla/5.0 (compatible; AhrefsBot/7.0; +http://ahrefs.com/robot/)" "www.ysfine.com"
51.222.253.19 - - [27/Oct/2022:05:40:07 -0700] "GET /class54/class5470/total_data/refer_img/6-32_f.jpg HTTP/1.1" 200 41296 "-" "Mozilla/5.0 (compatible; AhrefsBot/7.0; +http://ahrefs.com/robot/)" "www.ysfine.com"
51.222.253.16 - - [27/Oct/2022:05:40:13 -0700] "GET /class54/class5470/total_data/refer_img/6-27_f.jpg HTTP/1.1" 200 40830 "-" "Mozilla/5.0 (compatible; AhrefsBot/7.0; +http://ahrefs.com/robot/)" "www.ysfine.com"
51.222.253.13 - - [27/Oct/2022:05:40:19 -0700] "GET /class54/class5470/total_data/refer_img/6-22_f.jpg HTTP/1.1" 200 31561 "-" "Mozilla/5.0 (compatible; AhrefsBot/7.0; +http://ahrefs.com/robot/)" "www.ysfine.com"
51.222.253.19 - - [27/Oct/2022:05:40:25 -0700] "GET /class54/class5470/total_data/refer_img/6-30_f.jpg HTTP/1.1" 200 33749 "-" "Mozilla/5.0 (compatible; AhrefsBot/7.0; +http://ahrefs.com/robot/)" "www.ysfine.com"
51.222.253.16 - - [27/Oct/2022:05:40:30 -0700] "GET /class54/class5470/total_data/refer_img/6-28_f.jpg HTTP/1.1" 200 36592 "-" "Mozilla/5.0 (compatible; AhrefsBot/7.0; +http://ahrefs.com/robot/)" "www.ysfine.com"
51.222.253.10 - - [27/Oct/2022:05:40:36 -0700] "GET /class54/class5470/total_data/refer_img/6-29_f.jpg HTTP/1.1" 200 41882 "-" "Mozilla/5.0 (compatible; AhrefsBot/7.0; +http://ahrefs.com/robot/)" "www.ysfine.com"
51.222.253.11 - - [27/Oct/2022:05:40:41 -0700] "GET /class54/class5470/total_data/img/sm02_off.gif HTTP/1.1" 200 426 "-" "Mozilla/5.0 (compatible; AhrefsBot/7.0; +http://ahrefs.com/robot/)" "www.ysfine.com"
51.222.253.11 - - [27/Oct/2022:05:40:42 -0700] "GET /class54/class5470/total_data/refer_img/6-20_f.jpg HTTP/1.1" 200 38784 "-" "Mozilla/5.0 (compatible; AhrefsBot/7.0; +http://ahrefs.com/robot/)" "www.ysfine.com"
51.222.253.14 - - [27/Oct/2022:05:40:47 -0700] "GET /class54/class5470/total_data/img/06_title.gif HTTP/1.1" 200 6636 "-" "Mozilla/5.0 (compatible; AhrefsBot/7.0; +http://ahrefs.com/robot/)" "www.ysfine.com"
51.222.253.5 - - [27/Oct/2022:05:40:52 -0700] "GET /class54/class5470/total_data/refer_img/6-26_f.jpg HTTP/1.1" 200 42630 "-" "Mozilla/5.0 (compatible; AhrefsBot/7.0; +http://ahrefs.com/robot/)" "www.ysfine.com"
51.222.253.2 - - [27/Oct/2022:05:40:58 -0700] "GET /class54/class5470/total_data/refer_img/6-17_f.jpg HTTP/1.1" 200 32929 "-" "Mozilla/5.0 (compatible; AhrefsBot/7.0; +http://ahrefs.com/robot/)" "www.ysfine.com"
51.222.253.10 - - [27/Oct/2022:05:41:01 -0700] "GET /class54/class5470/total_data/refer_img/6-23_f.jpg HTTP/1.1" 200 31110 "-" "Mozilla/5.0 (compatible; AhrefsBot/7.0; +http://ahrefs.com/robot/)" "www.ysfine.com"
51.222.253.14 - - [27/Oct/2022:05:41:06 -0700] "GET /class54/class5470/total_data/refer_img/6-18_f.jpg HTTP/1.1" 200 27737 "-" "Mozilla/5.0 (compatible; AhrefsBot/7.0; +http://ahrefs.com/robot/)" "www.ysfine.com"
51.222.253.2 - - [27/Oct/2022:05:41:07 -0700] "GET /class54/class5470/total_data/refer_img/6-31_f.jpg HTTP/1.1" 200 36437 "-" "Mozilla/5.0 (compatible; AhrefsBot/7.0; +http://ahrefs.com/robot/)" "www.ysfine.com"
51.222.253.13 - - [27/Oct/2022:05:41:13 -0700] "GET /class54/class5470/total_data/img/04_smline.gif HTTP/1.1" 200 3843 "-" "Mozilla/5.0 (compatible; AhrefsBot/7.0; +http://ahrefs.com/robot/)" "www.ysfine.com"
51.222.253.20 - - [27/Oct/2022:05:41:18 -0700] "GET /class54/class5470/total_data/photo_img/6-26.jpg HTTP/1.1" 200 288451 "-" "Mozilla/5.0 (compatible; AhrefsBot/7.0; +http://ahrefs.com/robot/)" "www.ysfine.com"
157.55.39.127 - - [27/Oct/2022:05:42:28 -0700] "GET /style/music/chopin01.jpg HTTP/1.1" 200 182498 "-" "Mozilla/5.0 AppleWebKit/537.36 (KHTML, like Gecko; compatible; bingbot/2.0; +http://www.bing.com/bingbot.htm) Chrome/103.0.5060.134 Safari/537.36" "www.ysfine.com"
207.46.13.104 - - [27/Oct/2022:05:44:07 -0700] "GET /style/cocoyoc.jpg HTTP/1.1" 200 67368 "-" "Mozilla/5.0 AppleWebKit/537.36 (KHTML, like Gecko; compatible; bingbot/2.0; +http://www.bing.com/bingbot.htm) Chrome/103.0.5060.134 Safari/537.36" "ysfine.com"
157.55.39.14 - - [27/Oct/2022:05:44:12 -0700] "GET /world/ital/flor061.jpg HTTP/1.1" 200 133918 "-" "Mozilla/5.0 (compatible; bingbot/2.0; +http://www.bing.com/bingbot.htm)" "ysfine.com"
157.55.39.14 - - [27/Oct/2022:05:45:08 -0700] "GET /sbk/2015berlin22.jpg HTTP/1.1" 200 129817 "-" "Mozilla/5.0 (compatible; bingbot/2.0; +http://www.bing.com/bingbot.htm)" "www.ysfine.com"
51.222.253.6 - - [27/Oct/2022:05:45:30 -0700] "GET /robots.txt HTTP/1.1" 404 88 "-" "Mozilla/5.0 (compatible; AhrefsBot/7.0; +http://ahrefs.com/robot/)" "www.ysfine.com"
31.51.73.125 - - [27/Oct/2022:05:45:46 -0700] "GET /einstein/einbohr33.jpg HTTP/1.1" 200 87797 "https://www.google.co.uk/" "Mozilla/5.0 (iPhone; CPU iPhone OS 16_0_2 like Mac OS X) AppleWebKit/605.1.15 (KHTML, like Gecko) Version/16.0 Mobile/15E148 Safari/604.1" "ysfine.com"
51.222.253.11 - - [27/Oct/2022:05:45:51 -0700] "GET /heisen/einheisen22.html HTTP/1.1" 200 4707 "-" "Mozilla/5.0 (compatible; AhrefsBot/7.0; +http://ahrefs.com/robot/)" "www.ysfine.com"
207.46.13.104 - - [27/Oct/2022:05:45:58 -0700] "GET /wigner/gim/gimn25.jpg HTTP/1.1" 200 89283 "-" "Mozilla/5.0 (compatible; bingbot/2.0; +http://www.bing.com/bingbot.htm)" "ysfine.com"
207.46.13.104 - - [27/Oct/2022:05:45:58 -0700] "GET /home/baranger97.jpg HTTP/1.1" 200 112650 "-" "Mozilla/5.0 AppleWebKit/537.36 (KHTML, like Gecko; compatible; bingbot/2.0; +http://www.bing.com/bingbot.htm) Chrome/103.0.5060.134 Safari/537.36" "ysfine.com"
27.115.158.53 - - [27/Oct/2022:05:46:18 -0700] "GET /jobs/koreaj.html HTTP/1.1" 200 10214 "https://www.google.com/" "Mozilla/5.0 (Windows NT 10.0; Win64; x64) AppleWebKit/537.36 (KHTML, like Gecko) Chrome/106.0.0.0 Safari/537.36" "ysfine.com"
27.115.158.53 - - [27/Oct/2022:05:46:19 -0700] "GET /jobs/koreaj11b.jpg HTTP/1.1" 200 67543 "https://ysfine.com/jobs/koreaj.html" "Mozilla/5.0 (Windows NT 10.0; Win64; x64) AppleWebKit/537.36 (KHTML, like Gecko) Chrome/106.0.0.0 Safari/537.36" "ysfine.com"
27.115.158.53 - - [27/Oct/2022:05:46:20 -0700] "GET /favicon.ico HTTP/1.1" 404 88 "https://ysfine.com/jobs/koreaj.html" "Mozilla/5.0 (Windows NT 10.0; Win64; x64) AppleWebKit/537.36 (KHTML, like Gecko) Chrome/106.0.0.0 Safari/537.36" "ysfine.com"
40.77.167.71 - - [27/Oct/2022:05:46:57 -0700] "GET /wdc/gtown17.jpg HTTP/1.1" 200 160830 "-" "Mozilla/5.0 (compatible; bingbot/2.0; +http://www.bing.com/bingbot.htm)" "ysfine.com"
216.244.66.229 - - [27/Oct/2022:05:47:29 -0700] "GET /robots.txt HTTP/1.1" 404 73 "-" "Mozilla/5.0 (compatible; DotBot/1.2; +https://opensiteexplorer.org/dotbot; help@moz.com)" "www.ysfine.com"
66.103.160.50 - - [27/Oct/2022:05:48:22 -0700] "GET /wigner/maxwig44.jpg HTTP/1.1" 200 104315 "https://www.google.com/" "Mozilla/5.0 (Windows NT 10.0; Win64; x64) AppleWebKit/537.36 (KHTML, like Gecko) Chrome/106.0.0.0 Safari/537.36" "ysfine.com"
157.55.39.127 - - [27/Oct/2022:05:48:30 -0700] "GET /bio/feynman/feynbot.html HTTP/1.1" 404 88 "-" "Mozilla/5.0 AppleWebKit/537.36 (KHTML, like Gecko; compatible; bingbot/2.0; +http://www.bing.com/bingbot.htm) Chrome/103.0.5060.134 Safari/537.36" "ysfine.com"
157.55.39.121 - - [27/Oct/2022:05:49:02 -0700] "GET /heisen/heisen66.jpg HTTP/1.1" 200 82082 "-" "Mozilla/5.0 (compatible; bingbot/2.0; +http://www.bing.com/bingbot.htm)" "ysfine.com"
157.55.39.127 - - [27/Oct/2022:05:49:29 -0700] "GET /world/russ/roskei10.jpg HTTP/1.1" 200 75892 "-" "Mozilla/5.0 (compatible; bingbot/2.0; +http://www.bing.com/bingbot.htm)" "www.ysfine.com"
216.244.66.229 - - [27/Oct/2022:05:50:10 -0700] "GET /beau/russian.html HTTP/1.1" 404 73 "-" "Mozilla/5.0 (compatible; DotBot/1.2; +https://opensiteexplorer.org/dotbot; help@moz.com)" "www.ysfine.com"
216.244.66.229 - - [27/Oct/2022:05:50:10 -0700] "GET /ffriends/bari.jpg HTTP/1.1" 404 73 "-" "Mozilla/5.0 (compatible; DotBot/1.2; +https://opensiteexplorer.org/dotbot; help@moz.com)" "www.ysfine.com"
71.188.78.41 - - [27/Oct/2022:05:50:25 -0700] "GET /world/ital/venicej16.jpg HTTP/1.1" 200 228358 "https://search.aol.com/aol/image;_ylt=AwrFF2tzflpjihkAEDpjCWVH;_ylu=c2VjA3NlYXJjaARzbGsDYnV0dG9u;_ylc=X1MDMTE5NzgwMzg3NQRfcgMyBGZyA3dlYm1haWwtc2VhcmNoYm94BGZyMgNzYi10b3AEZ3ByaWQDN2pScTBqajBUcDZqMFlpS2tfYmYuQQRuX3JzbHQDMARuX3N1Z2cDMQRvcmlnaW4Dc2VhcmNoLmFvbC5jb20EcG9zAzAEcHFzdHIDBHBxc3RybAMwBHFzdHJsAzU1BHF1ZXJ5A2NpbnF1ZXRlcnJlJTIwSG91c2UlMkMlMjBWZW5pY2UlMjBkaXN0YW5jZSUyMHRvJTIwamV3aXNoJTIwZ2hldHRvJTIwbWFwBHRfc3RtcAMxNjY2ODc1MDE0?q=cinqueterre+House%2C+Venice+distance+to+jewish+ghetto+map&v_t=webmail-searchbox&s_it=sb_top&ei=UTF-8&x=wrt&s_qt=&fr2=sb-top" "Mozilla/5.0 (Windows NT 10.0; Win64; x64) AppleWebKit/537.36 (KHTML, like Gecko) Chrome/106.0.0.0 Safari/537.36" "ysfine.com"
168.184.84.253 - - [27/Oct/2022:05:50:37 -0700] "GET /world/ital/flor084.jpg HTTP/1.1" 200 114084 "https://www.google.com/" "Mozilla/5.0 (Windows NT 10.0; Win64; x64) AppleWebKit/537.36 (KHTML, like Gecko) Chrome/106.0.0.0 Safari/537.36" "ysfine.com"
216.244.66.229 - - [27/Oct/2022:05:50:39 -0700] "GET /ffriends/india02.jpg HTTP/1.1" 200 115461 "-" "Mozilla/5.0 (compatible; DotBot/1.2; +https://opensiteexplorer.org/dotbot; help@moz.com)" "www.ysfine.com"
157.55.39.127 - - [27/Oct/2022:05:51:18 -0700] "GET /style/musee/britmu14.jpg HTTP/1.1" 200 76595 "-" "Mozilla/5.0 (compatible; bingbot/2.0; +http://www.bing.com/bingbot.htm)" "ysfine.com"
77.88.5.46 - - [27/Oct/2022:05:52:00 -0700] "GET /robots.txt HTTP/1.1" 404 73 "-" "Mozilla/5.0 (compatible; YandexBot/3.0; +http://yandex.com/bots)" "www.ysfine.com"
93.158.161.40 - - [27/Oct/2022:05:52:04 -0700] "GET /world/ital/uffizi12.jpg HTTP/1.1" 304 - "-" "Mozilla/5.0 (compatible; YandexImages/3.0; +http://yandex.com/bots)" "www.ysfine.com"
54.36.148.29 - - [27/Oct/2022:05:52:08 -0700] "GET /robots.txt HTTP/1.1" 404 88 "-" "Mozilla/5.0 (compatible; AhrefsBot/7.0; +http://ahrefs.com/robot/)" "ysfine.com"
51.222.253.5 - - [27/Oct/2022:05:52:09 -0700] "GET /confer/conbot.html HTTP/1.1" 200 124 "-" "Mozilla/5.0 (compatible; AhrefsBot/7.0; +http://ahrefs.com/robot/)" "ysfine.com"
157.55.39.121 - - [27/Oct/2022:05:53:02 -0700] "GET /world/brit/dunf07.jpg HTTP/1.1" 200 134742 "-" "Mozilla/5.0 (compatible; bingbot/2.0; +http://www.bing.com/bingbot.htm)" "www.ysfine.com"
54.36.148.82 - - [27/Oct/2022:05:53:04 -0700] "GET /robots.txt HTTP/1.1" 404 88 "-" "Mozilla/5.0 (compatible; AhrefsBot/7.0; +http://ahrefs.com/robot/)" "ysfine.com"
157.55.39.121 - - [27/Oct/2022:05:54:02 -0700] "GET /eink/ecitizen40c.jpg HTTP/1.1" 200 29979 "-" "Mozilla/5.0 (compatible; bingbot/2.0; +http://www.bing.com/bingbot.htm)" "ysfine.com"
207.96.124.42 - - [27/Oct/2022:05:54:33 -0700] "GET /princeton/alexan22.jpg HTTP/1.1" 200 175436 "https://www.google.com/" "Mozilla/5.0 (iPhone; CPU iPhone OS 15_6_1 like Mac OS X) AppleWebKit/605.1.15 (KHTML, like Gecko) Version/15.6.1 Mobile/15E148 Safari/604.1" "ysfine.com"
185.69.145.53 - - [27/Oct/2022:05:54:38 -0700] "GET /feynman/feydirac.jpg HTTP/1.1" 200 98378 "https://www.google.com/" "Mozilla/5.0 (Windows NT 10.0; Win64; x64) AppleWebKit/537.36 (KHTML, like Gecko) Chrome/89.0.4389.128 Safari/537.36" "ysfine.com"
83.251.65.2 - - [27/Oct/2022:05:54:38 -0700] "GET /einstein/standingw.html HTTP/1.1" 200 2754 "https://www.google.com/" "Mozilla/5.0 (Windows NT 10.0; Win64; x64) AppleWebKit/537.36 (KHTML, like Gecko) Chrome/106.0.0.0 Safari/537.36" "ysfine.com"
83.251.65.2 - - [27/Oct/2022:05:54:38 -0700] "GET /einstein/runstan11a.jpg HTTP/1.1" 200 78925 "https://ysfine.com/einstein/standingw.html" "Mozilla/5.0 (Windows NT 10.0; Win64; x64) AppleWebKit/537.36 (KHTML, like Gecko) Chrome/106.0.0.0 Safari/537.36" "ysfine.com"
83.251.65.2 - - [27/Oct/2022:05:54:38 -0700] "GET /feynman/feyn70cc.jpg HTTP/1.1" 200 19224 "https://ysfine.com/einstein/standingw.html" "Mozilla/5.0 (Windows NT 10.0; Win64; x64) AppleWebKit/537.36 (KHTML, like Gecko) Chrome/106.0.0.0 Safari/537.36" "ysfine.com"
83.251.65.2 - - [27/Oct/2022:05:54:38 -0700] "GET /eink/eink61c.jpg HTTP/1.1" 200 34119 "https://ysfine.com/einstein/standingw.html" "Mozilla/5.0 (Windows NT 10.0; Win64; x64) AppleWebKit/537.36 (KHTML, like Gecko) Chrome/106.0.0.0 Safari/537.36" "ysfine.com"
83.251.65.2 - - [27/Oct/2022:05:54:38 -0700] "GET /home/comet50a.jpg HTTP/1.1" 200 52015 "https://ysfine.com/einstein/standingw.html" "Mozilla/5.0 (Windows NT 10.0; Win64; x64) AppleWebKit/537.36 (KHTML, like Gecko) Chrome/106.0.0.0 Safari/537.36" "ysfine.com"
83.251.65.2 - - [27/Oct/2022:05:54:38 -0700] "GET /home/comet01c.jpg HTTP/1.1" 200 54311 "https://ysfine.com/einstein/standingw.html" "Mozilla/5.0 (Windows NT 10.0; Win64; x64) AppleWebKit/537.36 (KHTML, like Gecko) Chrome/106.0.0.0 Safari/537.36" "ysfine.com"
83.251.65.2 - - [27/Oct/2022:05:54:38 -0700] "GET /einstein/chewfra11c.jpg HTTP/1.1" 200 33343 "https://ysfine.com/einstein/standingw.html" "Mozilla/5.0 (Windows NT 10.0; Win64; x64) AppleWebKit/537.36 (KHTML, like Gecko) Chrome/106.0.0.0 Safari/537.36" "ysfine.com"
83.251.65.2 - - [27/Oct/2022:05:54:40 -0700] "GET /favicon.ico HTTP/1.1" 404 88 "https://ysfine.com/einstein/standingw.html" "Mozilla/5.0 (Windows NT 10.0; Win64; x64) AppleWebKit/537.36 (KHTML, like Gecko) Chrome/106.0.0.0 Safari/537.36" "ysfine.com"
185.191.171.18 - - [27/Oct/2022:05:54:43 -0700] "GET /robots.txt HTTP/1.1" 404 88 "-" "Mozilla/5.0 (compatible; SemrushBot/7~bl; +http://www.semrush.com/bot.html)" "www.ysfine.com"
185.191.171.12 - - [27/Oct/2022:05:54:44 -0700] "GET /world/vienna.html HTTP/1.1" 200 7048 "-" "Mozilla/5.0 (compatible; SemrushBot/7~bl; +http://www.semrush.com/bot.html)" "www.ysfine.com"
83.251.65.2 - - [27/Oct/2022:05:54:53 -0700] "GET /feynman/feyn70c.jpg HTTP/1.1" 200 33448 "https://ysfine.com/einstein/standingw.html" "Mozilla/5.0 (Windows NT 10.0; Win64; x64) AppleWebKit/537.36 (KHTML, like Gecko) Chrome/106.0.0.0 Safari/537.36" "ysfine.com"
107.77.216.64 - - [27/Oct/2022:05:54:58 -0700] "GET /princeton/brooke22.jpg HTTP/1.1" 200 87673 "https://www.google.com/" "Mozilla/5.0 (iPhone; CPU iPhone OS 15_6_1 like Mac OS X) AppleWebKit/605.1.15 (KHTML, like Gecko) Version/15.6.1 Mobile/15E148 Safari/604.1" "ysfine.com"
157.55.39.121 - - [27/Oct/2022:05:55:21 -0700] "GET /world/ital/rome057.jpg HTTP/1.1" 200 109806 "-" "Mozilla/5.0 (compatible; bingbot/2.0; +http://www.bing.com/bingbot.htm)" "ysfine.com"
40.77.167.71 - - [27/Oct/2022:05:55:29 -0700] "GET /bio/style/ystyle.html HTTP/1.1" 404 88 "-" "Mozilla/5.0 (compatible; bingbot/2.0; +http://www.bing.com/bingbot.htm)" "ysfine.com"
40.77.167.71 - - [27/Oct/2022:05:55:49 -0700] "GET /sbk/2002nyc22.jpg HTTP/1.1" 200 171993 "-" "Mozilla/5.0 (compatible; bingbot/2.0; +http://www.bing.com/bingbot.htm)" "ysfine.com"
59.9.144.89 - - [27/Oct/2022:05:55:50 -0700] "GET /kowar/panmun04.jpg HTTP/1.1" 200 126386 "https://www.google.co.kr/" "Mozilla/5.0 (X11; Linux x86_64) AppleWebKit/537.36 (KHTML, like Gecko) SamsungBrowser/18.0 Chrome/99.0.4844.88 Safari/537.36" "ysfine.com"
107.77.216.64 - - [27/Oct/2022:05:56:07 -0700] "GET /princeton/brooke88.jpg HTTP/1.1" 200 82208 "https://www.google.com/" "Mozilla/5.0 (iPhone; CPU iPhone OS 15_6_1 like Mac OS X) AppleWebKit/605.1.15 (KHTML, like Gecko) Version/15.6.1 Mobile/15E148 Safari/604.1" "ysfine.com"
207.46.13.104 - - [27/Oct/2022:05:56:08 -0700] "GET /kobak/sohnwi01.jpg HTTP/1.1" 200 67716 "-" "Mozilla/5.0 (compatible; bingbot/2.0; +http://www.bing.com/bingbot.htm)" "ysfine.com"
157.55.39.14 - - [27/Oct/2022:05:56:20 -0700] "GET /style/beetho33b.jpg HTTP/1.1" 200 40829 "-" "Mozilla/5.0 AppleWebKit/537.36 (KHTML, like Gecko; compatible; bingbot/2.0; +http://www.bing.com/bingbot.htm) Chrome/103.0.5060.134 Safari/537.36" "ysfine.com"
107.77.216.64 - - [27/Oct/2022:05:56:20 -0700] "GET /princeton/sbk87.jpg HTTP/1.1" 200 174738 "https://www.google.com/" "Mozilla/5.0 (iPhone; CPU iPhone OS 15_6_1 like Mac OS X) AppleWebKit/605.1.15 (KHTML, like Gecko) Version/15.6.1 Mobile/15E148 Safari/604.1" "ysfine.com"
207.46.13.104 - - [27/Oct/2022:05:56:29 -0700] "GET /bio/awards/marq.html HTTP/1.1" 404 88 "-" "Mozilla/5.0 (compatible; bingbot/2.0; +http://www.bing.com/bingbot.htm)" "ysfine.com"
40.77.167.71 - - [27/Oct/2022:05:57:49 -0700] "GET /world/germany/berlin173.jpg HTTP/1.1" 200 261181 "-" "Mozilla/5.0 AppleWebKit/537.36 (KHTML, like Gecko; compatible; bingbot/2.0; +http://www.bing.com/bingbot.htm) Chrome/103.0.5060.134 Safari/537.36" "ysfine.com"
157.55.39.14 - - [27/Oct/2022:05:57:59 -0700] "GET /people/wheemaine.jpg HTTP/1.1" 200 98240 "-" "Mozilla/5.0 AppleWebKit/537.36 (KHTML, like Gecko; compatible; bingbot/2.0; +http://www.bing.com/bingbot.htm) Chrome/103.0.5060.134 Safari/537.36" "www.ysfine.com"
110.13.116.90 - - [27/Oct/2022:05:58:02 -0700] "GET /maga/phil/hugom11.jpg HTTP/1.1" 200 121778 "https://www.google.com/" "Mozilla/5.0 (Macintosh; Intel Mac OS X 10_15_7) AppleWebKit/537.36 (KHTML, like Gecko) Chrome/106.0.0.0 Safari/537.36" "ysfine.com"
51.222.253.18 - - [27/Oct/2022:05:58:15 -0700] "GET /wisdom/wk01.html HTTP/1.1" 200 88106 "-" "Mozilla/5.0 (compatible; AhrefsBot/7.0; +http://ahrefs.com/robot/)" "ysfine.com"
157.55.39.127 - - [27/Oct/2022:05:58:20 -0700] "GET /world/balkan/istan034.jpg HTTP/1.1" 200 112751 "-" "Mozilla/5.0 (compatible; bingbot/2.0; +http://www.bing.com/bingbot.htm)" "ysfine.com"
157.55.39.14 - - [27/Oct/2022:05:59:09 -0700] "GET /einstein/places/ulm01.jpg HTTP/1.1" 200 54884 "-" "Mozilla/5.0 (compatible; bingbot/2.0; +http://www.bing.com/bingbot.htm)" "ysfine.com"
157.55.39.121 - - [27/Oct/2022:05:59:13 -0700] "GET /world/spain/madrif02.jpg HTTP/1.1" 200 232788 "-" "Mozilla/5.0 AppleWebKit/537.36 (KHTML, like Gecko; compatible; bingbot/2.0; +http://www.bing.com/bingbot.htm) Chrome/103.0.5060.134 Safari/537.36" "ysfine.com"
216.244.66.229 - - [27/Oct/2022:05:59:43 -0700] "GET /ffriends/aline/airbaltic33.jpg HTTP/1.1" 200 70977 "-" "Mozilla/5.0 (compatible; DotBot/1.2; +https://opensiteexplorer.org/dotbot; help@moz.com)" "www.ysfine.com"
77.75.78.164 - - [27/Oct/2022:05:59:56 -0700] "GET /robots.txt HTTP/1.1" 404 88 "-" "Mozilla/5.0 (compatible; SeznamBot/3.2; +http://napoveda.seznam.cz/en/seznambot-intro/)" "ysfine.com"
216.244.66.229 - - [27/Oct/2022:05:59:57 -0700] "GET /ffriends/amkor/kostu10.jpg HTTP/1.1" 200 68293 "-" "Mozilla/5.0 (compatible; DotBot/1.2; +https://opensiteexplorer.org/dotbot; help@moz.com)" "www.ysfine.com"
77.75.78.164 - - [27/Oct/2022:05:59:58 -0700] "GET /style/musee/picassomp16.jpg HTTP/1.1" 200 72159 "-" "Mozilla/5.0 (compatible; SeznamBot/3.2; +http://napoveda.seznam.cz/en/seznambot-intro/)" "ysfine.com"
77.75.78.164 - - [27/Oct/2022:06:00:00 -0700] "GET /world/ital/sapienza02.jpg HTTP/1.1" 304 - "-" "Mozilla/5.0 (compatible; SeznamBot/3.2; +http://napoveda.seznam.cz/en/seznambot-intro/)" "ysfine.com"
77.75.78.164 - - [27/Oct/2022:06:00:01 -0700] "GET /style/cameras/japam11.jpg HTTP/1.1" 200 185069 "-" "Mozilla/5.0 (compatible; SeznamBot/3.2; +http://napoveda.seznam.cz/en/seznambot-intro/)" "ysfine.com"
77.75.78.164 - - [27/Oct/2022:06:00:05 -0700] "GET /world/russ/kazan063.jpg HTTP/1.1" 200 54782 "-" "Mozilla/5.0 (compatible; SeznamBot/3.2; +http://napoveda.seznam.cz/en/seznambot-intro/)" "ysfine.com"
77.75.78.164 - - [27/Oct/2022:06:00:06 -0700] "GET /world/baltic/riga08.jpg HTTP/1.1" 304 - "-" "Mozilla/5.0 (compatible; SeznamBot/3.2; +http://napoveda.seznam.cz/en/seznambot-intro/)" "ysfine.com"
77.75.78.164 - - [27/Oct/2022:06:00:07 -0700] "GET /newyork/colum10.jpg HTTP/1.1" 304 - "-" "Mozilla/5.0 (compatible; SeznamBot/3.2; +http://napoveda.seznam.cz/en/seznambot-intro/)" "ysfine.com"
5.124.205.94 - - [27/Oct/2022:06:00:28 -0700] "GET /feynman/feyn86b.jpg HTTP/1.1" 200 26190 "https://www.google.com/" "Mozilla/5.0 (Linux; Android 12; M2012K11AG) AppleWebKit/537.36 (KHTML, like Gecko) Chrome/96.0.4664.104 Mobile Safari/537.36" "ysfine.com"
77.88.5.245 - - [27/Oct/2022:06:01:05 -0700] "GET /usca/pgh22.html HTTP/1.1" 200 11391 "-" "Mozilla/5.0 (compatible; YandexBot/3.0; +http://yandex.com/bots)" "www.ysfine.com"
40.77.167.27 - - [27/Oct/2022:06:01:12 -0700] "GET /world/germany/leipzif06.jpg HTTP/1.1" 200 181384 "-" "Mozilla/5.0 (compatible; bingbot/2.0; +http://www.bing.com/bingbot.htm)" "www.ysfine.com"
216.244.66.229 - - [27/Oct/2022:06:01:40 -0700] "GET /world/israel/tlvf05.jpg HTTP/1.1" 200 208276 "-" "Mozilla/5.0 (compatible; DotBot/1.2; +https://opensiteexplorer.org/dotbot; help@moz.com)" "www.ysfine.com"
216.244.66.229 - - [27/Oct/2022:06:02:03 -0700] "GET /ffriends/aline/british06.jpg HTTP/1.1" 200 150796 "-" "Mozilla/5.0 (compatible; DotBot/1.2; +https://opensiteexplorer.org/dotbot; help@moz.com)" "www.ysfine.com"
157.55.39.14 - - [27/Oct/2022:06:02:41 -0700] "GET /bio/einstein/bern.html HTTP/1.1" 404 88 "-" "Mozilla/5.0 AppleWebKit/537.36 (KHTML, like Gecko; compatible; bingbot/2.0; +http://www.bing.com/bingbot.htm) Chrome/103.0.5060.134 Safari/537.36" "ysfine.com"
216.244.66.229 - - [27/Oct/2022:06:02:42 -0700] "GET /ffriends/aline/lufthan02.jpg HTTP/1.1" 200 75005 "-" "Mozilla/5.0 (compatible; DotBot/1.2; +https://opensiteexplorer.org/dotbot; help@moz.com)" "www.ysfine.com"
207.46.13.104 - - [27/Oct/2022:06:03:00 -0700] "GET /style/akiko2.jpg HTTP/1.1" 200 50482 "-" "Mozilla/5.0 AppleWebKit/537.36 (KHTML, like Gecko; compatible; bingbot/2.0; +http://www.bing.com/bingbot.htm) Chrome/103.0.5060.134 Safari/537.36" "ysfine.com"
216.244.66.229 - - [27/Oct/2022:06:03:11 -0700] "GET /ffriends/amkor/koprof01.jpg HTTP/1.1" 200 107792 "-" "Mozilla/5.0 (compatible; DotBot/1.2; +https://opensiteexplorer.org/dotbot; help@moz.com)" "www.ysfine.com"
40.77.167.71 - - [27/Oct/2022:06:03:28 -0700] "GET /einstein/ewk86a.jpg HTTP/1.1" 200 86008 "-" "Mozilla/5.0 (compatible; bingbot/2.0; +http://www.bing.com/bingbot.htm)" "ysfine.com"
216.244.66.229 - - [27/Oct/2022:06:03:40 -0700] "GET /ffriends/amkor/kostu07.jpg HTTP/1.1" 200 120071 "-" "Mozilla/5.0 (compatible; DotBot/1.2; +https://opensiteexplorer.org/dotbot; help@moz.com)" "www.ysfine.com"
216.244.66.229 - - [27/Oct/2022:06:04:13 -0700] "GET /home/figs/easy33.jpg HTTP/1.1" 200 123718 "-" "Mozilla/5.0 (compatible; DotBot/1.2; +https://opensiteexplorer.org/dotbot; help@moz.com)" "www.ysfine.com"
157.55.39.14 - - [27/Oct/2022:06:04:41 -0700] "GET /world/russ/roskei01b.jpg HTTP/1.1" 200 20978 "-" "Mozilla/5.0 AppleWebKit/537.36 (KHTML, like Gecko; compatible; bingbot/2.0; +http://www.bing.com/bingbot.htm) Chrome/103.0.5060.134 Safari/537.36" "ysfine.com"
40.77.167.71 - - [27/Oct/2022:06:05:48 -0700] "GET /wdc/gtown27.jpg HTTP/1.1" 200 197733 "-" "Mozilla/5.0 (compatible; bingbot/2.0; +http://www.bing.com/bingbot.htm)" "www.ysfine.com"
157.55.39.121 - - [27/Oct/2022:06:06:12 -0700] "GET /beau/amkor/active.jpg HTTP/1.1" 404 88 "-" "Mozilla/5.0 AppleWebKit/537.36 (KHTML, like Gecko; compatible; bingbot/2.0; +http://www.bing.com/bingbot.htm) Chrome/103.0.5060.134 Safari/537.36" "ysfine.com"
157.55.39.14 - - [27/Oct/2022:06:06:50 -0700] "GET /world/israel/jeru51.jpg HTTP/1.1" 200 261732 "-" "Mozilla/5.0 (compatible; bingbot/2.0; +http://www.bing.com/bingbot.htm)" "ysfine.com"
59.9.144.89 - - [27/Oct/2022:06:07:18 -0700] "GET /kowar/tanks/tank05.jpg HTTP/1.1" 200 222063 "https://www.google.co.kr/" "Mozilla/5.0 (X11; Linux x86_64) AppleWebKit/537.36 (KHTML, like Gecko) SamsungBrowser/18.0 Chrome/99.0.4844.88 Safari/537.36" "ysfine.com"
165.138.46.20 - - [27/Oct/2022:06:07:24 -0700] "GET /wdc/washmo02.jpg HTTP/1.1" 200 71803 "https://www.google.com/" "Mozilla/5.0 (X11; CrOS x86_64 14816.131.0) AppleWebKit/537.36 (KHTML, like Gecko) Chrome/103.0.0.0 Safari/537.36" "ysfine.com"
157.55.39.14 - - [27/Oct/2022:06:07:40 -0700] "GET /einstein/places/einha39b.jpg HTTP/1.1" 200 50120 "-" "Mozilla/5.0 (compatible; bingbot/2.0; +http://www.bing.com/bingbot.htm)" "ysfine.com"
77.88.5.45 - - [27/Oct/2022:06:08:16 -0700] "GET /class54/emailed.html HTTP/1.1" 200 8184 "-" "Mozilla/5.0 (compatible; YandexBot/3.0; +http://yandex.com/bots)" "www.ysfine.com"
157.55.39.127 - - [27/Oct/2022:06:08:20 -0700] "GET /wigner/neum/pvn02.jpg HTTP/1.1" 200 76348 "-" "Mozilla/5.0 AppleWebKit/537.36 (KHTML, like Gecko; compatible; bingbot/2.0; +http://www.bing.com/bingbot.htm) Chrome/103.0.5060.134 Safari/537.36" "ysfine.com"
207.46.13.104 - - [27/Oct/2022:06:08:40 -0700] "GET /wdc/sakura15.jpg HTTP/1.1" 200 125836 "-" "Mozilla/5.0 (compatible; bingbot/2.0; +http://www.bing.com/bingbot.htm)" "www.ysfine.com"
157.55.39.14 - - [27/Oct/2022:06:08:50 -0700] "GET /bio/folks/pimage.html HTTP/1.1" 404 88 "-" "Mozilla/5.0 (compatible; bingbot/2.0; +http://www.bing.com/bingbot.htm)" "ysfine.com"
157.55.39.121 - - [27/Oct/2022:06:09:03 -0700] "GET /newyork/macy04.jpg HTTP/1.1" 200 235502 "-" "Mozilla/5.0 (compatible; bingbot/2.0; +http://www.bing.com/bingbot.htm)" "www.ysfine.com"
85.140.2.90 - - [27/Oct/2022:06:09:15 -0700] "GET /maga/invent/amellon11.jpg HTTP/1.1" 200 21348 "https://go.mail.ru/" "Mozilla/5.0 (Linux; Android 12; SM-G780G) AppleWebKit/537.36 (KHTML, like Gecko) Chrome/106.0.0.0 Mobile Safari/537.36" "ysfine.com"
157.55.39.127 - - [27/Oct/2022:06:09:40 -0700] "GET /eink/kbrain11a.jpg HTTP/1.1" 200 46677 "-" "Mozilla/5.0 (compatible; bingbot/2.0; +http://www.bing.com/bingbot.htm)" "ysfine.com"
96.4.4.240 - - [27/Oct/2022:06:10:00 -0700] "GET /world/poland/coperni11.jpg HTTP/1.1" 200 135649 "https://www.google.com/" "Mozilla/5.0 (X11; CrOS x86_64 15054.98.0) AppleWebKit/537.36 (KHTML, like Gecko) Chrome/106.0.0.0 Safari/537.36" "ysfine.com"
157.55.39.14 - - [27/Oct/2022:06:10:41 -0700] "GET /sbk/2004bb.jpg HTTP/1.1" 200 96519 "-" "Mozilla/5.0 (compatible; bingbot/2.0; +http://www.bing.com/bingbot.htm)" "ysfine.com"
223.176.97.143 - - [27/Oct/2022:06:11:40 -0700] "GET /dirac/dirfeyn22.html HTTP/1.1" 200 2329 "https://www.google.com/" "Mozilla/5.0 (Linux; Android 12; SM-M315F) AppleWebKit/537.36 (KHTML, like Gecko) Chrome/106.0.0.0 Mobile Safari/537.36" "ysfine.com"
223.176.97.143 - - [27/Oct/2022:06:11:40 -0700] "GET /feynman/feydirac270.jpg HTTP/1.1" 200 59000 "https://ysfine.com/dirac/dirfeyn22.html" "Mozilla/5.0 (Linux; Android 12; SM-M315F) AppleWebKit/537.36 (KHTML, like Gecko) Chrome/106.0.0.0 Mobile Safari/537.36" "ysfine.com"
223.176.97.143 - - [27/Oct/2022:06:11:40 -0700] "GET /feynman/feyn86b.jpg HTTP/1.1" 200 26190 "https://ysfine.com/dirac/dirfeyn22.html" "Mozilla/5.0 (Linux; Android 12; SM-M315F) AppleWebKit/537.36 (KHTML, like Gecko) Chrome/106.0.0.0 Mobile Safari/537.36" "ysfine.com"
223.176.97.143 - - [27/Oct/2022:06:11:40 -0700] "GET /einstein/eink24b.jpg HTTP/1.1" 200 42003 "https://ysfine.com/dirac/dirfeyn22.html" "Mozilla/5.0 (Linux; Android 12; SM-M315F) AppleWebKit/537.36 (KHTML, like Gecko) Chrome/106.0.0.0 Mobile Safari/537.36" "ysfine.com"
223.176.97.143 - - [27/Oct/2022:06:11:40 -0700] "GET /dirac/diracbul2.jpg HTTP/1.1" 200 31194 "https://ysfine.com/dirac/dirfeyn22.html" "Mozilla/5.0 (Linux; Android 12; SM-M315F) AppleWebKit/537.36 (KHTML, like Gecko) Chrome/106.0.0.0 Mobile Safari/537.36" "ysfine.com"
223.176.97.143 - - [27/Oct/2022:06:11:45 -0700] "GET /favicon.ico HTTP/1.1" 404 88 "https://ysfine.com/dirac/dirfeyn22.html" "Mozilla/5.0 (Linux; Android 12; SM-M315F) AppleWebKit/537.36 (KHTML, like Gecko) Chrome/106.0.0.0 Mobile Safari/537.36" "ysfine.com"
40.77.167.27 - - [27/Oct/2022:06:11:53 -0700] "GET /maga/phys/huy01b.jpg HTTP/1.1" 200 48784 "-" "Mozilla/5.0 AppleWebKit/537.36 (KHTML, like Gecko; compatible; bingbot/2.0; +http://www.bing.com/bingbot.htm) Chrome/103.0.5060.134 Safari/537.36" "ysfine.com"
216.244.66.229 - - [27/Oct/2022:06:12:28 -0700] "GET /world/baltic/kalin17.jpg HTTP/1.1" 200 107683 "-" "Mozilla/5.0 (compatible; DotBot/1.2; +https://opensiteexplorer.org/dotbot; help@moz.com)" "www.ysfine.com"
54.249.85.140 - - [27/Oct/2022:06:12:39 -0700] "GET /maga/phys/yukaein2.jpg HTTP/1.1" 200 42863 "https://ysfine.com/maga/phys/yukaein2.jpg" "Hatena::Scissors/0.01" "ysfine.com"
216.244.66.229 - - [27/Oct/2022:06:12:48 -0700] "GET /world/baltic/tallin07.jpg HTTP/1.1" 200 145595 "-" "Mozilla/5.0 (compatible; DotBot/1.2; +https://opensiteexplorer.org/dotbot; help@moz.com)" "www.ysfine.com"
216.244.66.229 - - [27/Oct/2022:06:13:07 -0700] "GET /world/baltic/tallin16.jpg HTTP/1.1" 200 187565 "-" "Mozilla/5.0 (compatible; DotBot/1.2; +https://opensiteexplorer.org/dotbot; help@moz.com)" "www.ysfine.com"
157.55.39.127 - - [27/Oct/2022:06:13:12 -0700] "GET /bio/world/season.html HTTP/1.1" 404 88 "-" "Mozilla/5.0 (compatible; bingbot/2.0; +http://www.bing.com/bingbot.htm)" "ysfine.com"
161.156.29.33 - - [27/Oct/2022:06:13:24 -0700] "GET /robots.txt HTTP/1.1" 404 73 "-" "Mozilla/5.0 (compatible; oBot/2.3.1; http://www.xforce-security.com/crawler/)" "ysfine.com"
161.156.29.33 - - [27/Oct/2022:06:13:24 -0700] "HEAD /yspapers/entro90.pdf HTTP/1.1" 200 - "-" "Mozilla/5.0 (compatible; oBot/2.3.1; http://www.xforce-security.com/crawler/)" "ysfine.com"
161.156.29.33 - - [27/Oct/2022:06:13:24 -0700] "HEAD /kobak/ahnch.pdf HTTP/1.1" 200 - "-" "Mozilla/5.0 (compatible; oBot/2.3.1; http://www.xforce-security.com/crawler/)" "ysfine.com"
216.244.66.229 - - [27/Oct/2022:06:13:24 -0700] "GET /world/ital/flor076.jpg HTTP/1.1" 200 88830 "-" "Mozilla/5.0 (compatible; DotBot/1.2; +https://opensiteexplorer.org/dotbot; help@moz.com)" "www.ysfine.com"
161.156.29.33 - - [27/Oct/2022:06:13:25 -0700] "HEAD /kobak/sohnjd.pdf HTTP/1.1" 200 - "-" "Mozilla/5.0 (compatible; oBot/2.3.1; http://www.xforce-security.com/crawler/)" "ysfine.com"
161.156.29.33 - - [27/Oct/2022:06:13:25 -0700] "HEAD /yspapers/illusf.pdf HTTP/1.1" 200 - "-" "Mozilla/5.0 (compatible; oBot/2.3.1; http://www.xforce-security.com/crawler/)" "ysfine.com"
161.156.29.33 - - [27/Oct/2022:06:13:25 -0700] "HEAD /yspapers/kim89.pdf HTTP/1.1" 200 - "-" "Mozilla/5.0 (compatible; oBot/2.3.1; http://www.xforce-security.com/crawler/)" "ysfine.com"
161.156.29.33 - - [27/Oct/2022:06:13:25 -0700] "HEAD /maga/osc55.pdf HTTP/1.1" 200 - "-" "Mozilla/5.0 (compatible; oBot/2.3.1; http://www.xforce-security.com/crawler/)" "ysfine.com"
161.156.29.33 - - [27/Oct/2022:06:13:25 -0700] "HEAD /wigner/wigner39.pdf HTTP/1.1" 200 - "-" "Mozilla/5.0 (compatible; oBot/2.3.1; http://www.xforce-security.com/crawler/)" "ysfine.com"
216.244.66.229 - - [27/Oct/2022:06:13:41 -0700] "GET /world/ital/padova04.jpg HTTP/1.1" 200 80680 "-" "Mozilla/5.0 (compatible; DotBot/1.2; +https://opensiteexplorer.org/dotbot; help@moz.com)" "www.ysfine.com"
216.244.66.229 - - [27/Oct/2022:06:13:59 -0700] "GET /world/ital/padova21.jpg HTTP/1.1" 200 118572 "-" "Mozilla/5.0 (compatible; DotBot/1.2; +https://opensiteexplorer.org/dotbot; help@moz.com)" "www.ysfine.com"
207.46.13.104 - - [27/Oct/2022:06:14:01 -0700] "GET /bio/harmoarchi.html HTTP/1.1" 404 88 "-" "Mozilla/5.0 AppleWebKit/537.36 (KHTML, like Gecko; compatible; bingbot/2.0; +http://www.bing.com/bingbot.htm) Chrome/103.0.5060.134 Safari/537.36" "ysfine.com"
109.197.207.168 - - [27/Oct/2022:06:14:07 -0700] "GET /kobak/1014.jpg HTTP/1.1" 200 125873 "https://www.google.com/" "Mozilla/5.0 (Linux; Android 12; RMX3085) AppleWebKit/537.36 (KHTML, like Gecko) Chrome/106.0.0.0 Mobile Safari/537.36" "ysfine.com"
216.244.66.229 - - [27/Oct/2022:06:14:13 -0700] "GET /world/ital/repub09.jpg HTTP/1.1" 200 95340 "-" "Mozilla/5.0 (compatible; DotBot/1.2; +https://opensiteexplorer.org/dotbot; help@moz.com)" "www.ysfine.com"
216.244.66.229 - - [27/Oct/2022:06:14:27 -0700] "GET /world/ital/rome175.jpg HTTP/1.1" 200 84051 "-" "Mozilla/5.0 (compatible; DotBot/1.2; +https://opensiteexplorer.org/dotbot; help@moz.com)" "www.ysfine.com"
207.46.13.104 - - [27/Oct/2022:06:14:40 -0700] "GET /sbk/2006stpaul11b.jpg HTTP/1.1" 200 52339 "-" "Mozilla/5.0 (compatible; bingbot/2.0; +http://www.bing.com/bingbot.htm)" "ysfine.com"
216.244.66.229 - - [27/Oct/2022:06:14:51 -0700] "GET /world/ital/romef113.jpg HTTP/1.1" 200 106334 "-" "Mozilla/5.0 (compatible; DotBot/1.2; +https://opensiteexplorer.org/dotbot; help@moz.com)" "www.ysfine.com"
216.244.66.229 - - [27/Oct/2022:06:15:02 -0700] "GET /world/ital/vatican46.jpg HTTP/1.1" 200 114191 "-" "Mozilla/5.0 (compatible; DotBot/1.2; +https://opensiteexplorer.org/dotbot; help@moz.com)" "www.ysfine.com"
40.77.167.27 - - [27/Oct/2022:06:15:03 -0700] "GET /world/israel/jeru56.jpg HTTP/1.1" 200 185763 "-" "Mozilla/5.0 (compatible; bingbot/2.0; +http://www.bing.com/bingbot.htm)" "ysfine.com"
207.46.13.104 - - [27/Oct/2022:06:15:10 -0700] "GET /wdc/waskor22.html HTTP/1.1" 200 159 "-" "Mozilla/5.0 AppleWebKit/537.36 (KHTML, like Gecko; compatible; bingbot/2.0; +http://www.bing.com/bingbot.htm) Chrome/103.0.5060.134 Safari/537.36" "www.ysfine.com"
207.46.13.104 - - [27/Oct/2022:06:15:11 -0700] "GET /bio/kobak/yskor.html HTTP/1.1" 404 88 "-" "Mozilla/5.0 (compatible; bingbot/2.0; +http://www.bing.com/bingbot.htm)" "ysfine.com"
216.244.66.229 - - [27/Oct/2022:06:15:12 -0700] "GET /world/ital/vatican56.jpg HTTP/1.1" 200 81810 "-" "Mozilla/5.0 (compatible; DotBot/1.2; +https://opensiteexplorer.org/dotbot; help@moz.com)" "www.ysfine.com"
216.244.66.229 - - [27/Oct/2022:06:15:20 -0700] "GET /world/ital/vatican71.jpg HTTP/1.1" 200 154973 "-" "Mozilla/5.0 (compatible; DotBot/1.2; +https://opensiteexplorer.org/dotbot; help@moz.com)" "www.ysfine.com"
216.244.66.229 - - [27/Oct/2022:06:15:34 -0700] "GET /einstein/evol55.jpg HTTP/1.1" 200 93709 "-" "Mozilla/5.0 (compatible; DotBot/1.2; +https://opensiteexplorer.org/dotbot; help@moz.com)" "www.ysfine.com"
216.244.66.229 - - [27/Oct/2022:06:15:40 -0700] "GET /friends/aline/vueling12.jpg HTTP/1.1" 404 73 "-" "Mozilla/5.0 (compatible; DotBot/1.2; +https://opensiteexplorer.org/dotbot; help@moz.com)" "www.ysfine.com"
216.244.66.229 - - [27/Oct/2022:06:15:44 -0700] "GET /friends/amkor/elena04.jpg HTTP/1.1" 404 73 "-" "Mozilla/5.0 (compatible; DotBot/1.2; +https://opensiteexplorer.org/dotbot; help@moz.com)" "www.ysfine.com"
216.244.66.229 - - [27/Oct/2022:06:15:48 -0700] "GET /friends/chinuk11.jpg HTTP/1.1" 404 73 "-" "Mozilla/5.0 (compatible; DotBot/1.2; +https://opensiteexplorer.org/dotbot; help@moz.com)" "www.ysfine.com"
216.244.66.229 - - [27/Oct/2022:06:15:51 -0700] "GET /friends/lithulon05.jpg HTTP/1.1" 404 73 "-" "Mozilla/5.0 (compatible; DotBot/1.2; +https://opensiteexplorer.org/dotbot; help@moz.com)" "www.ysfine.com"
216.244.66.229 - - [27/Oct/2022:06:15:53 -0700] "GET /friends/mexmodel.jpg HTTP/1.1" 404 73 "-" "Mozilla/5.0 (compatible; DotBot/1.2; +https://opensiteexplorer.org/dotbot; help@moz.com)" "www.ysfine.com"
40.77.167.27 - - [27/Oct/2022:06:15:54 -0700] "GET /wdc/jeffm07.jpg HTTP/1.1" 200 111793 "-" "Mozilla/5.0 AppleWebKit/537.36 (KHTML, like Gecko; compatible; bingbot/2.0; +http://www.bing.com/bingbot.htm) Chrome/103.0.5060.134 Safari/537.36" "www.ysfine.com"
216.244.66.229 - - [27/Oct/2022:06:15:56 -0700] "GET /friends/monalisa11.jpg HTTP/1.1" 404 73 "-" "Mozilla/5.0 (compatible; DotBot/1.2; +https://opensiteexplorer.org/dotbot; help@moz.com)" "www.ysfine.com"
216.244.66.229 - - [27/Oct/2022:06:15:58 -0700] "GET /friends/mongo08.jpg HTTP/1.1" 404 73 "-" "Mozilla/5.0 (compatible; DotBot/1.2; +https://opensiteexplorer.org/dotbot; help@moz.com)" "www.ysfine.com"
216.244.66.229 - - [27/Oct/2022:06:15:59 -0700] "GET /friends/philipine03.jpg HTTP/1.1" 404 73 "-" "Mozilla/5.0 (compatible; DotBot/1.2; +https://opensiteexplorer.org/dotbot; help@moz.com)" "www.ysfine.com"
40.77.167.71 - - [27/Oct/2022:06:16:01 -0700] "GET /world/russ/volga19.jpg HTTP/1.1" 200 122101 "-" "Mozilla/5.0 (compatible; bingbot/2.0; +http://www.bing.com/bingbot.htm)" "www.ysfine.com"
216.244.66.229 - - [27/Oct/2022:06:16:01 -0700] "GET /style/nofrete33.jpg HTTP/1.1" 200 55386 "-" "Mozilla/5.0 (compatible; DotBot/1.2; +https://opensiteexplorer.org/dotbot; help@moz.com)" "www.ysfine.com"
216.244.66.229 - - [27/Oct/2022:06:16:02 -0700] "GET /world/france/orsaym21.jpg HTTP/1.1" 200 71551 "-" "Mozilla/5.0 (compatible; DotBot/1.2; +https://opensiteexplorer.org/dotbot; help@moz.com)" "www.ysfine.com"
216.244.66.229 - - [27/Oct/2022:06:16:06 -0700] "GET /friends/amkor/koseville01.jpg HTTP/1.1" 404 73 "-" "Mozilla/5.0 (compatible; DotBot/1.2; +https://opensiteexplorer.org/dotbot; help@moz.com)" "www.ysfine.com"
216.244.66.229 - - [27/Oct/2022:06:16:07 -0700] "GET /world/russ/twosist.html HTTP/1.1" 200 623 "-" "Mozilla/5.0 (compatible; DotBot/1.2; +https://opensiteexplorer.org/dotbot; help@moz.com)" "www.ysfine.com"
216.244.66.229 - - [27/Oct/2022:06:16:13 -0700] "GET /kobak/dabrow11.jpg HTTP/1.1" 200 130654 "-" "Mozilla/5.0 (compatible; DotBot/1.2; +https://opensiteexplorer.org/dotbot; help@moz.com)" "www.ysfine.com"
216.244.66.229 - - [27/Oct/2022:06:16:14 -0700] "GET /princeton/withers01.jpg HTTP/1.1" 200 113946 "-" "Mozilla/5.0 (compatible; DotBot/1.2; +https://opensiteexplorer.org/dotbot; help@moz.com)" "www.ysfine.com"
216.244.66.229 - - [27/Oct/2022:06:16:16 -0700] "GET /world/france/sartsq23.jpg HTTP/1.1" 200 64721 "-" "Mozilla/5.0 (compatible; DotBot/1.2; +https://opensiteexplorer.org/dotbot; help@moz.com)" "www.ysfine.com"
216.244.66.229 - - [27/Oct/2022:06:16:20 -0700] "GET /kobak/mskim01.jpg HTTP/1.1" 200 76944 "-" "Mozilla/5.0 (compatible; DotBot/1.2; +https://opensiteexplorer.org/dotbot; help@moz.com)" "www.ysfine.com"
216.244.66.229 - - [27/Oct/2022:06:16:21 -0700] "GET /princeton/wilson02.jpg HTTP/1.1" 200 104220 "-" "Mozilla/5.0 (compatible; DotBot/1.2; +https://opensiteexplorer.org/dotbot; help@moz.com)" "www.ysfine.com"
216.244.66.229 - - [27/Oct/2022:06:16:22 -0700] "GET /wdc/whouse17.jpg HTTP/1.1" 200 102709 "-" "Mozilla/5.0 (compatible; DotBot/1.2; +https://opensiteexplorer.org/dotbot; help@moz.com)" "www.ysfine.com"
216.244.66.229 - - [27/Oct/2022:06:16:24 -0700] "GET /world/scandi/wignob07.jpg HTTP/1.1" 200 103208 "-" "Mozilla/5.0 (compatible; DotBot/1.2; +https://opensiteexplorer.org/dotbot; help@moz.com)" "www.ysfine.com"
216.244.66.229 - - [27/Oct/2022:06:16:25 -0700] "GET /world/wdbot.html HTTP/1.1" 200 185 "-" "Mozilla/5.0 (compatible; DotBot/1.2; +https://opensiteexplorer.org/dotbot; help@moz.com)" "www.ysfine.com"
216.244.66.229 - - [27/Oct/2022:06:16:26 -0700] "GET /sbk/2010athens55.jpg HTTP/1.1" 200 127044 "-" "Mozilla/5.0 (compatible; DotBot/1.2; +https://opensiteexplorer.org/dotbot; help@moz.com)" "www.ysfine.com"
216.244.66.229 - - [27/Oct/2022:06:16:28 -0700] "GET /sbk/2012paris33.jpg HTTP/1.1" 200 195738 "-" "Mozilla/5.0 (compatible; DotBot/1.2; +https://opensiteexplorer.org/dotbot; help@moz.com)" "www.ysfine.com"
216.244.66.229 - - [27/Oct/2022:06:16:30 -0700] "GET /style/bstring33.jpg HTTP/1.1" 200 105412 "-" "Mozilla/5.0 (compatible; DotBot/1.2; +https://opensiteexplorer.org/dotbot; help@moz.com)" "www.ysfine.com"
216.244.66.229 - - [27/Oct/2022:06:16:33 -0700] "GET /wigner/wigbieden.jpg HTTP/1.1" 200 97738 "-" "Mozilla/5.0 (compatible; DotBot/1.2; +https://opensiteexplorer.org/dotbot; help@moz.com)" "www.ysfine.com"
216.244.66.229 - - [27/Oct/2022:06:16:35 -0700] "GET /class54/class5470/total_data/sub_804.htm HTTP/1.1" 200 16173 "-" "Mozilla/5.0 (compatible; DotBot/1.2; +https://opensiteexplorer.org/dotbot; help@moz.com)" "www.ysfine.com"
216.244.66.229 - - [27/Oct/2022:06:16:37 -0700] "GET /dongio/amkor/korhein01.jpg HTTP/1.1" 404 73 "-" "Mozilla/5.0 (compatible; DotBot/1.2; +https://opensiteexplorer.org/dotbot; help@moz.com)" "www.ysfine.com"
216.244.66.229 - - [27/Oct/2022:06:16:38 -0700] "GET /wdc/umdbarn.html HTTP/1.1" 200 1178 "-" "Mozilla/5.0 (compatible; DotBot/1.2; +https://opensiteexplorer.org/dotbot; help@moz.com)" "www.ysfine.com"
216.244.66.229 - - [27/Oct/2022:06:16:40 -0700] "GET /wigner/neum/vnc06.jpg HTTP/1.1" 200 112606 "-" "Mozilla/5.0 (compatible; DotBot/1.2; +https://opensiteexplorer.org/dotbot; help@moz.com)" "www.ysfine.com"
216.244.66.229 - - [27/Oct/2022:06:16:41 -0700] "GET /wigner/wig39b.pdf HTTP/1.1" 200 4552146 "-" "Mozilla/5.0 (compatible; DotBot/1.2; +https://opensiteexplorer.org/dotbot; help@moz.com)" "www.ysfine.com"
157.55.39.14 - - [27/Oct/2022:06:16:52 -0700] "GET /style/xiangran66b.jpg HTTP/1.1" 200 30098 "-" "Mozilla/5.0 (compatible; bingbot/2.0; +http://www.bing.com/bingbot.htm)" "www.ysfine.com"
216.244.66.229 - - [27/Oct/2022:06:17:00 -0700] "GET /world/brit/oxlon19.jpg HTTP/1.1" 200 114199 "-" "Mozilla/5.0 (compatible; DotBot/1.2; +https://opensiteexplorer.org/dotbot; help@moz.com)" "www.ysfine.com"
40.77.167.27 - - [27/Oct/2022:06:17:04 -0700] "GET /kobak/sebiro.html HTTP/1.1" 200 8966 "-" "Mozilla/5.0 (compatible; bingbot/2.0; +http://www.bing.com/bingbot.htm)" "ysfine.com"
40.77.167.71 - - [27/Oct/2022:06:17:11 -0700] "GET /confer/newsgr.html HTTP/1.1" 200 944 "-" "Mozilla/5.0 AppleWebKit/537.36 (KHTML, like Gecko; compatible; bingbot/2.0; +http://www.bing.com/bingbot.htm) Chrome/103.0.5060.134 Safari/537.36" "ysfine.com"
216.244.66.229 - - [27/Oct/2022:06:17:13 -0700] "GET /world/france/frstu05.jpg HTTP/1.1" 200 159416 "-" "Mozilla/5.0 (compatible; DotBot/1.2; +https://opensiteexplorer.org/dotbot; help@moz.com)" "www.ysfine.com"
157.55.39.127 - - [27/Oct/2022:06:17:15 -0700] "GET /home/easy.html HTTP/1.1" 200 7877 "-" "Mozilla/5.0 AppleWebKit/537.36 (KHTML, like Gecko; compatible; bingbot/2.0; +http://www.bing.com/bingbot.htm) Chrome/103.0.5060.134 Safari/537.36" "ysfine.com"
216.244.66.229 - - [27/Oct/2022:06:17:22 -0700] "GET /world/france/pariso03.jpg HTTP/1.1" 200 67883 "-" "Mozilla/5.0 (compatible; DotBot/1.2; +https://opensiteexplorer.org/dotbot; help@moz.com)" "www.ysfine.com"
216.244.66.229 - - [27/Oct/2022:06:17:29 -0700] "GET /world/scandi/nobelmap11.jpg HTTP/1.1" 200 78719 "-" "Mozilla/5.0 (compatible; DotBot/1.2; +https://opensiteexplorer.org/dotbot; help@moz.com)" "www.ysfine.com"
216.244.66.229 - - [27/Oct/2022:06:17:50 -0700] "GET /class54/class5470/total_data/sub_2122.htm HTTP/1.1" 200 14572 "-" "Mozilla/5.0 (compatible; DotBot/1.2; +https://opensiteexplorer.org/dotbot; help@moz.com)" "www.ysfine.com"
216.244.66.229 - - [27/Oct/2022:06:17:53 -0700] "GET /dongio/fromania01.jpg HTTP/1.1" 404 73 "-" "Mozilla/5.0 (compatible; DotBot/1.2; +https://opensiteexplorer.org/dotbot; help@moz.com)" "www.ysfine.com"
216.244.66.229 - - [27/Oct/2022:06:17:56 -0700] "GET /dongio/polnewyork01.jpg HTTP/1.1" 404 73 "-" "Mozilla/5.0 (compatible; DotBot/1.2; +https://opensiteexplorer.org/dotbot; help@moz.com)" "www.ysfine.com"
216.244.66.229 - - [27/Oct/2022:06:17:59 -0700] "GET /fbook/kgirls22.jpg HTTP/1.1" 200 169118 "-" "Mozilla/5.0 (compatible; DotBot/1.2; +https://opensiteexplorer.org/dotbot; help@moz.com)" "www.ysfine.com"
216.244.66.229 - - [27/Oct/2022:06:18:01 -0700] "GET /kobak/underw21.jpg HTTP/1.1" 200 132442 "-" "Mozilla/5.0 (compatible; DotBot/1.2; +https://opensiteexplorer.org/dotbot; help@moz.com)" "www.ysfine.com"
77.88.5.46 - - [27/Oct/2022:06:18:02 -0700] "GET /world/france/louvre22.jpg HTTP/1.1" 200 90347 "-" "Mozilla/5.0 (compatible; YandexImages/3.0; +http://yandex.com/bots)" "www.ysfine.com"
216.244.66.229 - - [27/Oct/2022:06:18:04 -0700] "GET /newyork/emp08.jpg HTTP/1.1" 200 199724 "-" "Mozilla/5.0 (compatible; DotBot/1.2; +https://opensiteexplorer.org/dotbot; help@moz.com)" "www.ysfine.com"
216.244.66.229 - - [27/Oct/2022:06:18:06 -0700] "GET /newyork/emp09.jpg HTTP/1.1" 200 234120 "-" "Mozilla/5.0 (compatible; DotBot/1.2; +https://opensiteexplorer.org/dotbot; help@moz.com)" "www.ysfine.com"
216.244.66.229 - - [27/Oct/2022:06:18:09 -0700] "GET /newyork/timesq10.jpg HTTP/1.1" 200 99885 "-" "Mozilla/5.0 (compatible; DotBot/1.2; +https://opensiteexplorer.org/dotbot; help@moz.com)" "www.ysfine.com"
40.77.167.71 - - [27/Oct/2022:06:18:10 -0700] "GET /people/woods.jpg HTTP/1.1" 200 59800 "-" "Mozilla/5.0 AppleWebKit/537.36 (KHTML, like Gecko; compatible; bingbot/2.0; +http://www.bing.com/bingbot.htm) Chrome/103.0.5060.134 Safari/537.36" "ysfine.com"
216.244.66.229 - - [27/Oct/2022:06:18:10 -0700] "GET /newyork/un04.jpg HTTP/1.1" 200 153225 "-" "Mozilla/5.0 (compatible; DotBot/1.2; +https://opensiteexplorer.org/dotbot; help@moz.com)" "www.ysfine.com"
157.55.39.121 - - [27/Oct/2022:06:18:15 -0700] "GET /world/france/notre25.jpg HTTP/1.1" 200 116864 "-" "Mozilla/5.0 (compatible; bingbot/2.0; +http://www.bing.com/bingbot.htm)" "www.ysfine.com"
