173.73.77.36 - - [26/Oct/2022:21:31:21 -0700] "GET /ysbio/bostein.html HTTP/1.1" 200 5519 "https://ysfine.com/ysbio/sing.html" "Mozilla/5.0 (Windows NT 10.0; Win64; x64; rv:106.0) Gecko/20100101 Firefox/106.0" "ysfine.com"
173.73.77.36 - - [26/Oct/2022:21:31:21 -0700] "GET /ysbio/einbohr99g.jpg HTTP/1.1" 200 64286 "https://ysfine.com/ysbio/bostein.html" "Mozilla/5.0 (Windows NT 10.0; Win64; x64; rv:106.0) Gecko/20100101 Firefox/106.0" "ysfine.com"
173.73.77.36 - - [26/Oct/2022:21:31:21 -0700] "GET /ysbio/ysnr11d.jpg HTTP/1.1" 200 61140 "https://ysfine.com/ysbio/bostein.html" "Mozilla/5.0 (Windows NT 10.0; Win64; x64; rv:106.0) Gecko/20100101 Firefox/106.0" "ysfine.com"
173.73.77.36 - - [26/Oct/2022:21:31:21 -0700] "GET /ysbio/eink/parton77f.jpg HTTP/1.1" 200 118383 "https://ysfine.com/ysbio/bostein.html" "Mozilla/5.0 (Windows NT 10.0; Win64; x64; rv:106.0) Gecko/20100101 Firefox/106.0" "ysfine.com"
173.73.77.36 - - [26/Oct/2022:21:31:21 -0700] "GET /ysbio/fotos/bohr11d.jpg HTTP/1.1" 200 28973 "https://ysfine.com/ysbio/bostein.html" "Mozilla/5.0 (Windows NT 10.0; Win64; x64; rv:106.0) Gecko/20100101 Firefox/106.0" "ysfine.com"
173.73.77.36 - - [26/Oct/2022:21:31:21 -0700] "GET /ysbio/ewk86f.jpg HTTP/1.1" 200 123121 "https://ysfine.com/ysbio/bostein.html" "Mozilla/5.0 (Windows NT 10.0; Win64; x64; rv:106.0) Gecko/20100101 Firefox/106.0" "ysfine.com"
173.73.77.36 - - [26/Oct/2022:21:31:21 -0700] "GET /ysbio/figs/evol77d.jpg HTTP/1.1" 200 66615 "https://ysfine.com/ysbio/bostein.html" "Mozilla/5.0 (Windows NT 10.0; Win64; x64; rv:106.0) Gecko/20100101 Firefox/106.0" "ysfine.com"
173.73.77.36 - - [26/Oct/2022:21:31:21 -0700] "GET /ysbio/fotos/eins05d.jpg HTTP/1.1" 200 41012 "https://ysfine.com/ysbio/bostein.html" "Mozilla/5.0 (Windows NT 10.0; Win64; x64; rv:106.0) Gecko/20100101 Firefox/106.0" "ysfine.com"
173.73.77.36 - - [26/Oct/2022:21:31:21 -0700] "GET /ysbio/dirackn55f.jpg HTTP/1.1" 200 107407 "https://ysfine.com/ysbio/bostein.html" "Mozilla/5.0 (Windows NT 10.0; Win64; x64; rv:106.0) Gecko/20100101 Firefox/106.0" "ysfine.com"
173.73.77.36 - - [26/Oct/2022:21:31:21 -0700] "GET /ysbio/osaka123d.jpg HTTP/1.1" 200 41542 "https://ysfine.com/ysbio/bostein.html" "Mozilla/5.0 (Windows NT 10.0; Win64; x64; rv:106.0) Gecko/20100101 Firefox/106.0" "ysfine.com"
173.73.77.36 - - [26/Oct/2022:21:31:21 -0700] "GET /ysbio/einbohr77f.jpg HTTP/1.1" 200 178507 "https://ysfine.com/ysbio/bostein.html" "Mozilla/5.0 (Windows NT 10.0; Win64; x64; rv:106.0) Gecko/20100101 Firefox/106.0" "ysfine.com"
173.73.77.36 - - [26/Oct/2022:21:31:21 -0700] "GET /ysbio/fotos/bridge11f.jpg HTTP/1.1" 200 104274 "https://ysfine.com/ysbio/bostein.html" "Mozilla/5.0 (Windows NT 10.0; Win64; x64; rv:106.0) Gecko/20100101 Firefox/106.0" "ysfine.com"
51.222.253.16 - - [26/Oct/2022:21:31:24 -0700] "GET /world/china/china019b.jpg HTTP/1.1" 200 31821 "-" "Mozilla/5.0 (compatible; AhrefsBot/7.0; +http://ahrefs.com/robot/)" "www.ysfine.com"
51.222.253.15 - - [26/Oct/2022:21:31:29 -0700] "GET /world/china/china008b.jpg HTTP/1.1" 200 35456 "-" "Mozilla/5.0 (compatible; AhrefsBot/7.0; +http://ahrefs.com/robot/)" "www.ysfine.com"
100.38.48.241 - - [26/Oct/2022:21:31:31 -0700] "GET /people/catto02b.jpg HTTP/1.1" 200 52505 "https://www.google.com/" "Mozilla/5.0 (Macintosh; Intel Mac OS X 10_15_7) AppleWebKit/537.36 (KHTML, like Gecko) Chrome/106.0.0.0 Safari/537.36" "ysfine.com"
216.244.66.229 - - [26/Oct/2022:21:31:35 -0700] "GET /newyork/vancleef02.jpg HTTP/1.1" 200 119917 "-" "Mozilla/5.0 (compatible; DotBot/1.2; +https://opensiteexplorer.org/dotbot; help@moz.com)" "www.ysfine.com"
51.222.253.2 - - [26/Oct/2022:21:31:35 -0700] "GET /world/china/china021b.jpg HTTP/1.1" 200 37835 "-" "Mozilla/5.0 (compatible; AhrefsBot/7.0; +http://ahrefs.com/robot/)" "www.ysfine.com"
51.222.253.17 - - [26/Oct/2022:21:31:41 -0700] "GET /world/china/xian15b.jpg HTTP/1.1" 200 33679 "-" "Mozilla/5.0 (compatible; AhrefsBot/7.0; +http://ahrefs.com/robot/)" "www.ysfine.com"
51.222.253.7 - - [26/Oct/2022:21:31:46 -0700] "GET /world/china/china039b.jpg HTTP/1.1" 200 66740 "-" "Mozilla/5.0 (compatible; AhrefsBot/7.0; +http://ahrefs.com/robot/)" "www.ysfine.com"
51.222.253.19 - - [26/Oct/2022:21:31:47 -0700] "GET /world/china/hangz02b.jpg HTTP/1.1" 200 33785 "-" "Mozilla/5.0 (compatible; AhrefsBot/7.0; +http://ahrefs.com/robot/)" "www.ysfine.com"
100.38.48.241 - - [26/Oct/2022:21:31:49 -0700] "GET /people/wboys.jpg HTTP/1.1" 200 223265 "https://www.google.com/" "Mozilla/5.0 (Macintosh; Intel Mac OS X 10_15_7) AppleWebKit/537.36 (KHTML, like Gecko) Chrome/106.0.0.0 Safari/537.36" "ysfine.com"
216.244.66.229 - - [26/Oct/2022:21:31:51 -0700] "GET /style/picass33.jpg HTTP/1.1" 200 101813 "-" "Mozilla/5.0 (compatible; DotBot/1.2; +https://opensiteexplorer.org/dotbot; help@moz.com)" "www.ysfine.com"
51.222.253.19 - - [26/Oct/2022:21:31:52 -0700] "GET /world/china/china027b.jpg HTTP/1.1" 200 41659 "-" "Mozilla/5.0 (compatible; AhrefsBot/7.0; +http://ahrefs.com/robot/)" "www.ysfine.com"
51.222.253.14 - - [26/Oct/2022:21:31:58 -0700] "GET /world/china/china006b.jpg HTTP/1.1" 200 46518 "-" "Mozilla/5.0 (compatible; AhrefsBot/7.0; +http://ahrefs.com/robot/)" "www.ysfine.com"
51.222.253.11 - - [26/Oct/2022:21:32:04 -0700] "GET /world/china/china037b.jpg HTTP/1.1" 200 50393 "-" "Mozilla/5.0 (compatible; AhrefsBot/7.0; +http://ahrefs.com/robot/)" "www.ysfine.com"
216.244.66.229 - - [26/Oct/2022:21:32:06 -0700] "GET /wdc/usna19.jpg HTTP/1.1" 200 64474 "-" "Mozilla/5.0 (compatible; DotBot/1.2; +https://opensiteexplorer.org/dotbot; help@moz.com)" "www.ysfine.com"
51.222.253.11 - - [26/Oct/2022:21:32:09 -0700] "GET /world/china/shenyang02b.jpg HTTP/1.1" 200 31779 "-" "Mozilla/5.0 (compatible; AhrefsBot/7.0; +http://ahrefs.com/robot/)" "www.ysfine.com"
51.222.253.14 - - [26/Oct/2022:21:32:15 -0700] "GET /world/china/beijing056b.jpg HTTP/1.1" 200 40631 "-" "Mozilla/5.0 (compatible; AhrefsBot/7.0; +http://ahrefs.com/robot/)" "www.ysfine.com"
216.244.66.229 - - [26/Oct/2022:21:32:19 -0700] "GET /world/brit/imperialc07.jpg HTTP/1.1" 200 80001 "-" "Mozilla/5.0 (compatible; DotBot/1.2; +https://opensiteexplorer.org/dotbot; help@moz.com)" "www.ysfine.com"
51.222.253.13 - - [26/Oct/2022:21:32:20 -0700] "GET /world/china/china031b.jpg HTTP/1.1" 200 54062 "-" "Mozilla/5.0 (compatible; AhrefsBot/7.0; +http://ahrefs.com/robot/)" "www.ysfine.com"
51.222.253.1 - - [26/Oct/2022:21:32:26 -0700] "GET /world/china/beijing107b.jpg HTTP/1.1" 200 43694 "-" "Mozilla/5.0 (compatible; AhrefsBot/7.0; +http://ahrefs.com/robot/)" "www.ysfine.com"
51.222.253.18 - - [26/Oct/2022:21:32:32 -0700] "GET /world/china/china014b.jpg HTTP/1.1" 200 54603 "-" "Mozilla/5.0 (compatible; AhrefsBot/7.0; +http://ahrefs.com/robot/)" "www.ysfine.com"
216.244.66.229 - - [26/Oct/2022:21:32:32 -0700] "GET /world/hungary/liszt03.jpg HTTP/1.1" 200 181663 "-" "Mozilla/5.0 (compatible; DotBot/1.2; +https://opensiteexplorer.org/dotbot; help@moz.com)" "www.ysfine.com"
51.222.253.8 - - [26/Oct/2022:21:32:37 -0700] "GET /maga/phys/yukaein2.jpg HTTP/1.1" 200 42863 "-" "Mozilla/5.0 (compatible; AhrefsBot/7.0; +http://ahrefs.com/robot/)" "www.ysfine.com"
51.222.253.7 - - [26/Oct/2022:21:32:43 -0700] "GET /world/china/andun01b.jpg HTTP/1.1" 200 35315 "-" "Mozilla/5.0 (compatible; AhrefsBot/7.0; +http://ahrefs.com/robot/)" "www.ysfine.com"
51.222.253.11 - - [26/Oct/2022:21:32:49 -0700] "GET /world/china/china033b.jpg HTTP/1.1" 200 43815 "-" "Mozilla/5.0 (compatible; AhrefsBot/7.0; +http://ahrefs.com/robot/)" "www.ysfine.com"
216.244.66.229 - - [26/Oct/2022:21:32:54 -0700] "GET /remote/wigner111/frame06.html HTTP/1.1" 200 901 "-" "Mozilla/5.0 (compatible; DotBot/1.2; +https://opensiteexplorer.org/dotbot; help@moz.com)" "www.ysfine.com"
51.222.253.7 - - [26/Oct/2022:21:32:54 -0700] "GET /world/china/beijing109b.jpg HTTP/1.1" 200 39391 "-" "Mozilla/5.0 (compatible; AhrefsBot/7.0; +http://ahrefs.com/robot/)" "www.ysfine.com"
51.222.253.2 - - [26/Oct/2022:21:33:00 -0700] "GET /world/china/hongkong02b.jpg HTTP/1.1" 200 41631 "-" "Mozilla/5.0 (compatible; AhrefsBot/7.0; +http://ahrefs.com/robot/)" "www.ysfine.com"
216.244.66.229 - - [26/Oct/2022:21:33:03 -0700] "GET /usca/pitt/fortpitt02.jpg HTTP/1.1" 200 69515 "-" "Mozilla/5.0 (compatible; DotBot/1.2; +https://opensiteexplorer.org/dotbot; help@moz.com)" "www.ysfine.com"
51.222.253.13 - - [26/Oct/2022:21:33:06 -0700] "GET /world/china/xian11b.jpg HTTP/1.1" 200 39079 "-" "Mozilla/5.0 (compatible; AhrefsBot/7.0; +http://ahrefs.com/robot/)" "www.ysfine.com"
51.222.253.19 - - [26/Oct/2022:21:33:11 -0700] "GET /world/china/china002b.jpg HTTP/1.1" 200 43618 "-" "Mozilla/5.0 (compatible; AhrefsBot/7.0; +http://ahrefs.com/robot/)" "www.ysfine.com"
216.244.66.229 - - [26/Oct/2022:21:33:12 -0700] "GET /world/france/flore01.jpg HTTP/1.1" 200 86752 "-" "Mozilla/5.0 (compatible; DotBot/1.2; +https://opensiteexplorer.org/dotbot; help@moz.com)" "www.ysfine.com"
51.222.253.3 - - [26/Oct/2022:21:33:17 -0700] "GET /world/china/beijing106b.jpg HTTP/1.1" 200 39168 "-" "Mozilla/5.0 (compatible; AhrefsBot/7.0; +http://ahrefs.com/robot/)" "www.ysfine.com"
216.244.66.229 - - [26/Oct/2022:21:33:20 -0700] "GET /class54/class5470/total_data/sub_8107.htm HTTP/1.1" 200 15733 "-" "Mozilla/5.0 (compatible; DotBot/1.2; +https://opensiteexplorer.org/dotbot; help@moz.com)" "www.ysfine.com"
173.73.77.36 - - [26/Oct/2022:21:33:23 -0700] "GET /ys11/ HTTP/1.1" 304 - "-" "Mozilla/5.0 (Windows NT 10.0; Win64; x64) AppleWebKit/537.36 (KHTML, like Gecko) Chrome/106.0.0.0 Safari/537.36 Edg/106.0.1370.52" "ysfine.com"
51.222.253.10 - - [26/Oct/2022:21:33:23 -0700] "GET /world/russ/msu01b.jpg HTTP/1.1" 200 30172 "-" "Mozilla/5.0 (compatible; AhrefsBot/7.0; +http://ahrefs.com/robot/)" "www.ysfine.com"
173.73.77.36 - - [26/Oct/2022:21:33:23 -0700] "GET /favicon.ico HTTP/1.1" 404 88 "https://ysfine.com/ys11/" "Mozilla/5.0 (Windows NT 10.0; Win64; x64) AppleWebKit/537.36 (KHTML, like Gecko) Chrome/106.0.0.0 Safari/537.36 Edg/106.0.1370.52" "ysfine.com"
173.73.77.36 - - [26/Oct/2022:21:33:27 -0700] "GET /ysbio/bio04.html HTTP/1.1" 304 - "https://ysfine.com/ys11/" "Mozilla/5.0 (Windows NT 10.0; Win64; x64) AppleWebKit/537.36 (KHTML, like Gecko) Chrome/106.0.0.0 Safari/537.36 Edg/106.0.1370.52" "ysfine.com"
173.73.77.36 - - [26/Oct/2022:21:33:27 -0700] "GET /ysbio/comet40d.jpg HTTP/1.1" 200 54378 "https://ysfine.com/ysbio/bio04.html" "Mozilla/5.0 (Windows NT 10.0; Win64; x64) AppleWebKit/537.36 (KHTML, like Gecko) Chrome/106.0.0.0 Safari/537.36 Edg/106.0.1370.52" "ysfine.com"
216.244.66.229 - - [26/Oct/2022:21:33:27 -0700] "GET /class54/class5470/total_data/sub_8123.htm HTTP/1.1" 200 15734 "-" "Mozilla/5.0 (compatible; DotBot/1.2; +https://opensiteexplorer.org/dotbot; help@moz.com)" "www.ysfine.com"
51.222.253.18 - - [26/Oct/2022:21:33:28 -0700] "GET /world/china/china015b.jpg HTTP/1.1" 200 61732 "-" "Mozilla/5.0 (compatible; AhrefsBot/7.0; +http://ahrefs.com/robot/)" "www.ysfine.com"
157.55.39.14 - - [26/Oct/2022:21:33:32 -0700] "GET /bio/einstein/bern.html HTTP/1.1" 404 88 "-" "Mozilla/5.0 AppleWebKit/537.36 (KHTML, like Gecko; compatible; bingbot/2.0; +http://www.bing.com/bingbot.htm) Chrome/103.0.5060.134 Safari/537.36" "ysfine.com"
216.244.66.229 - - [26/Oct/2022:21:33:33 -0700] "GET /class54/class5470/total_data/sub_836.htm HTTP/1.1" 200 15796 "-" "Mozilla/5.0 (compatible; DotBot/1.2; +https://opensiteexplorer.org/dotbot; help@moz.com)" "www.ysfine.com"
216.244.66.229 - - [26/Oct/2022:21:33:38 -0700] "GET /newyork/chasebank.jpg HTTP/1.1" 200 94497 "-" "Mozilla/5.0 (compatible; DotBot/1.2; +https://opensiteexplorer.org/dotbot; help@moz.com)" "www.ysfine.com"
216.244.66.229 - - [26/Oct/2022:21:33:43 -0700] "GET /newyork/nyharbor03.jpg HTTP/1.1" 200 124041 "-" "Mozilla/5.0 (compatible; DotBot/1.2; +https://opensiteexplorer.org/dotbot; help@moz.com)" "www.ysfine.com"
216.244.66.229 - - [26/Oct/2022:21:33:46 -0700] "GET /newyork/nyharbor12.jpg HTTP/1.1" 200 121872 "-" "Mozilla/5.0 (compatible; DotBot/1.2; +https://opensiteexplorer.org/dotbot; help@moz.com)" "www.ysfine.com"
173.73.77.36 - - [26/Oct/2022:21:33:49 -0700] "GET /ysbio/bostein.html HTTP/1.1" 200 5519 "-" "Mozilla/5.0 (Windows NT 10.0; Win64; x64) AppleWebKit/537.36 (KHTML, like Gecko) Chrome/106.0.0.0 Safari/537.36 Edg/106.0.1370.52" "ysfine.com"
173.73.77.36 - - [26/Oct/2022:21:33:49 -0700] "GET /ysbio/dirackn55f.jpg HTTP/1.1" 200 107407 "https://ysfine.com/ysbio/bostein.html" "Mozilla/5.0 (Windows NT 10.0; Win64; x64) AppleWebKit/537.36 (KHTML, like Gecko) Chrome/106.0.0.0 Safari/537.36 Edg/106.0.1370.52" "ysfine.com"
173.73.77.36 - - [26/Oct/2022:21:33:49 -0700] "GET /ysbio/einbohr99g.jpg HTTP/1.1" 200 64286 "https://ysfine.com/ysbio/bostein.html" "Mozilla/5.0 (Windows NT 10.0; Win64; x64) AppleWebKit/537.36 (KHTML, like Gecko) Chrome/106.0.0.0 Safari/537.36 Edg/106.0.1370.52" "ysfine.com"
173.73.77.36 - - [26/Oct/2022:21:33:49 -0700] "GET /ysbio/eink/parton77f.jpg HTTP/1.1" 200 118383 "https://ysfine.com/ysbio/bostein.html" "Mozilla/5.0 (Windows NT 10.0; Win64; x64) AppleWebKit/537.36 (KHTML, like Gecko) Chrome/106.0.0.0 Safari/537.36 Edg/106.0.1370.52" "ysfine.com"
173.73.77.36 - - [26/Oct/2022:21:33:49 -0700] "GET /ysbio/fotos/bridge11f.jpg HTTP/1.1" 200 104274 "https://ysfine.com/ysbio/bostein.html" "Mozilla/5.0 (Windows NT 10.0; Win64; x64) AppleWebKit/537.36 (KHTML, like Gecko) Chrome/106.0.0.0 Safari/537.36 Edg/106.0.1370.52" "ysfine.com"
173.73.77.36 - - [26/Oct/2022:21:33:49 -0700] "GET /ysbio/einbohr77f.jpg HTTP/1.1" 200 178507 "https://ysfine.com/ysbio/bostein.html" "Mozilla/5.0 (Windows NT 10.0; Win64; x64) AppleWebKit/537.36 (KHTML, like Gecko) Chrome/106.0.0.0 Safari/537.36 Edg/106.0.1370.52" "ysfine.com"
173.73.77.36 - - [26/Oct/2022:21:33:49 -0700] "GET /ysbio/fotos/eins05d.jpg HTTP/1.1" 200 41012 "https://ysfine.com/ysbio/bostein.html" "Mozilla/5.0 (Windows NT 10.0; Win64; x64) AppleWebKit/537.36 (KHTML, like Gecko) Chrome/106.0.0.0 Safari/537.36 Edg/106.0.1370.52" "ysfine.com"
173.73.77.36 - - [26/Oct/2022:21:33:49 -0700] "GET /ysbio/osaka123d.jpg HTTP/1.1" 200 41542 "https://ysfine.com/ysbio/bostein.html" "Mozilla/5.0 (Windows NT 10.0; Win64; x64) AppleWebKit/537.36 (KHTML, like Gecko) Chrome/106.0.0.0 Safari/537.36 Edg/106.0.1370.52" "ysfine.com"
173.73.77.36 - - [26/Oct/2022:21:33:49 -0700] "GET /ysbio/figs/evol77d.jpg HTTP/1.1" 200 66615 "https://ysfine.com/ysbio/bostein.html" "Mozilla/5.0 (Windows NT 10.0; Win64; x64) AppleWebKit/537.36 (KHTML, like Gecko) Chrome/106.0.0.0 Safari/537.36 Edg/106.0.1370.52" "ysfine.com"
173.73.77.36 - - [26/Oct/2022:21:33:49 -0700] "GET /ysbio/fotos/bohr11d.jpg HTTP/1.1" 200 28973 "https://ysfine.com/ysbio/bostein.html" "Mozilla/5.0 (Windows NT 10.0; Win64; x64) AppleWebKit/537.36 (KHTML, like Gecko) Chrome/106.0.0.0 Safari/537.36 Edg/106.0.1370.52" "ysfine.com"
216.244.66.229 - - [26/Oct/2022:21:33:50 -0700] "GET /newyork/stuy01.jpg HTTP/1.1" 200 146104 "-" "Mozilla/5.0 (compatible; DotBot/1.2; +https://opensiteexplorer.org/dotbot; help@moz.com)" "www.ysfine.com"
216.244.66.229 - - [26/Oct/2022:21:33:53 -0700] "GET /newyork/wfc08.jpg HTTP/1.1" 200 237492 "-" "Mozilla/5.0 (compatible; DotBot/1.2; +https://opensiteexplorer.org/dotbot; help@moz.com)" "www.ysfine.com"
93.158.161.40 - - [26/Oct/2022:21:33:56 -0700] "GET /bio/kobak/yalta33b.jpg HTTP/1.1" 404 88 "-" "Mozilla/5.0 (compatible; YandexImages/3.0; +http://yandex.com/bots)" "ysfine.com"
216.244.66.229 - - [26/Oct/2022:21:33:56 -0700] "GET /newyork/wtc34g.jpg HTTP/1.1" 200 185425 "-" "Mozilla/5.0 (compatible; DotBot/1.2; +https://opensiteexplorer.org/dotbot; help@moz.com)" "www.ysfine.com"
77.88.5.245 - - [26/Oct/2022:21:33:59 -0700] "GET /bio/kobak/yalta22b.jpg HTTP/1.1" 404 88 "-" "Mozilla/5.0 (compatible; YandexImages/3.0; +http://yandex.com/bots)" "ysfine.com"
216.244.66.229 - - [26/Oct/2022:21:34:21 -0700] "GET /princeton/lakecar11.jpg HTTP/1.1" 200 70377 "-" "Mozilla/5.0 (compatible; DotBot/1.2; +https://opensiteexplorer.org/dotbot; help@moz.com)" "www.ysfine.com"
216.244.66.229 - - [26/Oct/2022:21:34:40 -0700] "GET /style/3graces/raphael01.jpg HTTP/1.1" 200 74904 "-" "Mozilla/5.0 (compatible; DotBot/1.2; +https://opensiteexplorer.org/dotbot; help@moz.com)" "www.ysfine.com"
40.77.167.71 - - [26/Oct/2022:21:34:51 -0700] "GET /bio/style/ystyle.html HTTP/1.1" 404 88 "-" "Mozilla/5.0 (compatible; bingbot/2.0; +http://www.bing.com/bingbot.htm)" "ysfine.com"
40.77.167.27 - - [26/Oct/2022:21:34:52 -0700] "GET /maga/phys/canal22c.jpg HTTP/1.1" 200 30307 "-" "Mozilla/5.0 AppleWebKit/537.36 (KHTML, like Gecko; compatible; bingbot/2.0; +http://www.bing.com/bingbot.htm) Chrome/103.0.5060.134 Safari/537.36" "www.ysfine.com"
216.244.66.229 - - [26/Oct/2022:21:34:58 -0700] "GET /usca/norl/missi15.jpg HTTP/1.1" 200 90530 "-" "Mozilla/5.0 (compatible; DotBot/1.2; +https://opensiteexplorer.org/dotbot; help@moz.com)" "www.ysfine.com"
157.55.39.121 - - [26/Oct/2022:21:35:14 -0700] "GET /archives/class5470/total_data/sub_8133.htm HTTP/1.1" 404 88 "-" "Mozilla/5.0 AppleWebKit/537.36 (KHTML, like Gecko; compatible; bingbot/2.0; +http://www.bing.com/bingbot.htm) Chrome/103.0.5060.134 Safari/537.36" "www.ysfine.com"
216.244.66.229 - - [26/Oct/2022:21:35:30 -0700] "GET /wdc/capitol21.jpg HTTP/1.1" 200 129946 "-" "Mozilla/5.0 (compatible; DotBot/1.2; +https://opensiteexplorer.org/dotbot; help@moz.com)" "www.ysfine.com"
173.73.77.36 - - [26/Oct/2022:21:35:50 -0700] "GET /ysbio/bostein.html HTTP/1.1" 200 5519 "https://ysfine.com/ysbio/sing.html" "Mozilla/5.0 (Windows NT 10.0; Win64; x64; rv:106.0) Gecko/20100101 Firefox/106.0" "ysfine.com"
216.244.66.229 - - [26/Oct/2022:21:35:55 -0700] "GET /wdc/sherman11.jpg HTTP/1.1" 200 48032 "-" "Mozilla/5.0 (compatible; DotBot/1.2; +https://opensiteexplorer.org/dotbot; help@moz.com)" "www.ysfine.com"
216.244.66.229 - - [26/Oct/2022:21:36:19 -0700] "GET /world/china/xian21.jpg HTTP/1.1" 200 88892 "-" "Mozilla/5.0 (compatible; DotBot/1.2; +https://opensiteexplorer.org/dotbot; help@moz.com)" "www.ysfine.com"
173.73.77.36 - - [26/Oct/2022:21:36:36 -0700] "GET /ysbio/bostein.html HTTP/1.1" 304 - "https://ysfine.com/ysbio/sing.html" "Mozilla/5.0 (Windows NT 10.0; Win64; x64; rv:106.0) Gecko/20100101 Firefox/106.0" "ysfine.com"
216.244.66.229 - - [26/Oct/2022:21:36:42 -0700] "GET /world/germany/nurem03.jpg HTTP/1.1" 200 201556 "-" "Mozilla/5.0 (compatible; DotBot/1.2; +https://opensiteexplorer.org/dotbot; help@moz.com)" "www.ysfine.com"
173.73.77.36 - - [26/Oct/2022:21:37:01 -0700] "GET /ysbio/bostein.html HTTP/1.1" 304 - "https://ysfine.com/ysbio/sing.html" "Mozilla/5.0 (Windows NT 10.0; Win64; x64; rv:106.0) Gecko/20100101 Firefox/106.0" "ysfine.com"
157.55.39.127 - - [26/Oct/2022:21:37:20 -0700] "GET /bio/feynman/partons.html HTTP/1.1" 404 88 "-" "Mozilla/5.0 AppleWebKit/537.36 (KHTML, like Gecko; compatible; bingbot/2.0; +http://www.bing.com/bingbot.htm) Chrome/103.0.5060.134 Safari/537.36" "ysfine.com"
157.55.39.127 - - [26/Oct/2022:21:37:21 -0700] "GET /world/places/ulm07.jpg HTTP/1.1" 200 114786 "-" "Mozilla/5.0 AppleWebKit/537.36 (KHTML, like Gecko; compatible; bingbot/2.0; +http://www.bing.com/bingbot.htm) Chrome/103.0.5060.134 Safari/537.36" "ysfine.com"
216.244.66.229 - - [26/Oct/2022:21:37:21 -0700] "GET /world/russ/krem04.jpg HTTP/1.1" 200 96851 "-" "Mozilla/5.0 (compatible; DotBot/1.2; +https://opensiteexplorer.org/dotbot; help@moz.com)" "www.ysfine.com"
173.73.77.36 - - [26/Oct/2022:21:37:47 -0700] "GET /ysbio/bostein.html HTTP/1.1" 200 5518 "https://ysfine.com/ysbio/sing.html" "Mozilla/5.0 (Windows NT 10.0; Win64; x64; rv:106.0) Gecko/20100101 Firefox/106.0" "ysfine.com"
216.244.66.229 - - [26/Oct/2022:21:37:51 -0700] "GET /world/spain/granf02.jpg HTTP/1.1" 200 165671 "-" "Mozilla/5.0 (compatible; DotBot/1.2; +https://opensiteexplorer.org/dotbot; help@moz.com)" "www.ysfine.com"
52.143.241.111 - - [26/Oct/2022:21:37:52 -0700] "GET /maga/phil/conic01.jpg HTTP/1.1" 200 70533 "-" "DuckDuckBot/1.1; (+http://duckduckgo.com/duckduckbot.html)" "www.ysfine.com"
157.55.39.121 - - [26/Oct/2022:21:38:25 -0700] "GET /world/russ/mosf04.jpg HTTP/1.1" 200 77947 "-" "Mozilla/5.0 (compatible; bingbot/2.0; +http://www.bing.com/bingbot.htm)" "www.ysfine.com"
77.88.5.245 - - [26/Oct/2022:21:39:16 -0700] "GET /bio/yspapers/jmp22.pdf HTTP/1.1" 404 88 "-" "Mozilla/5.0 (compatible; YandexBot/3.0; +http://yandex.com/bots)" "www.ysfine.com"
40.77.167.71 - - [26/Oct/2022:21:40:12 -0700] "GET /bio/princeton/campus.html HTTP/1.1" 404 88 "-" "Mozilla/5.0 AppleWebKit/537.36 (KHTML, like Gecko; compatible; bingbot/2.0; +http://www.bing.com/bingbot.htm) Chrome/103.0.5060.134 Safari/537.36" "ysfine.com"
41.46.51.217 - - [26/Oct/2022:21:40:15 -0700] "GET /feynman/fphoto.html HTTP/1.1" 200 3714 "https://www.google.com/" "Mozilla/5.0 (Windows NT 10.0; Win64; x64) AppleWebKit/537.36 (KHTML, like Gecko) Chrome/106.0.0.0 Safari/537.36" "ysfine.com"
41.46.51.217 - - [26/Oct/2022:21:40:15 -0700] "GET /feynman/feyn86b.jpg HTTP/1.1" 200 26190 "https://ysfine.com/feynman/fphoto.html" "Mozilla/5.0 (Windows NT 10.0; Win64; x64) AppleWebKit/537.36 (KHTML, like Gecko) Chrome/106.0.0.0 Safari/537.36" "ysfine.com"
41.46.51.217 - - [26/Oct/2022:21:40:15 -0700] "GET /feynman/feynma2.jpg HTTP/1.1" 200 41543 "https://ysfine.com/feynman/fphoto.html" "Mozilla/5.0 (Windows NT 10.0; Win64; x64) AppleWebKit/537.36 (KHTML, like Gecko) Chrome/106.0.0.0 Safari/537.36" "ysfine.com"
41.46.51.217 - - [26/Oct/2022:21:40:15 -0700] "GET /world/latina/rio025b.jpg HTTP/1.1" 200 39082 "https://ysfine.com/feynman/fphoto.html" "Mozilla/5.0 (Windows NT 10.0; Win64; x64) AppleWebKit/537.36 (KHTML, like Gecko) Chrome/106.0.0.0 Safari/537.36" "ysfine.com"
41.46.51.217 - - [26/Oct/2022:21:40:15 -0700] "GET /feynman/feybongo55b.jpg HTTP/1.1" 200 41455 "https://ysfine.com/feynman/fphoto.html" "Mozilla/5.0 (Windows NT 10.0; Win64; x64) AppleWebKit/537.36 (KHTML, like Gecko) Chrome/106.0.0.0 Safari/537.36" "ysfine.com"
41.46.51.217 - - [26/Oct/2022:21:40:15 -0700] "GET /feynman/feyprince2.jpg HTTP/1.1" 200 49143 "https://ysfine.com/feynman/fphoto.html" "Mozilla/5.0 (Windows NT 10.0; Win64; x64) AppleWebKit/537.36 (KHTML, like Gecko) Chrome/106.0.0.0 Safari/537.36" "ysfine.com"
41.46.51.217 - - [26/Oct/2022:21:40:15 -0700] "GET /feynman/chapline2.jpg HTTP/1.1" 200 36026 "https://ysfine.com/feynman/fphoto.html" "Mozilla/5.0 (Windows NT 10.0; Win64; x64) AppleWebKit/537.36 (KHTML, like Gecko) Chrome/106.0.0.0 Safari/537.36" "ysfine.com"
41.46.51.217 - - [26/Oct/2022:21:40:18 -0700] "GET /favicon.ico HTTP/1.1" 404 88 "https://ysfine.com/feynman/fphoto.html" "Mozilla/5.0 (Windows NT 10.0; Win64; x64) AppleWebKit/537.36 (KHTML, like Gecko) Chrome/106.0.0.0 Safari/537.36" "ysfine.com"
216.244.66.229 - - [26/Oct/2022:21:40:49 -0700] "GET /class54/class5470/total_data/sub_251.htm HTTP/1.1" 200 14482 "-" "Mozilla/5.0 (compatible; DotBot/1.2; +https://opensiteexplorer.org/dotbot; help@moz.com)" "www.ysfine.com"
17.121.112.190 - - [26/Oct/2022:21:40:55 -0700] "GET /yspapers/fortune21f.jpg HTTP/1.1" 200 131858 "-" "Mozilla/5.0 (Macintosh; Intel Mac OS X 10_15_5) AppleWebKit/605.1.15 (KHTML, like Gecko) Version/13.1.1 Safari/605.1.15 (Applebot/0.1; +http://www.apple.com/go/applebot)" "ysfine.com"
51.222.253.12 - - [26/Oct/2022:21:41:03 -0700] "GET /ysbio/einstein/bern.html HTTP/1.1" 200 8314 "-" "Mozilla/5.0 (compatible; AhrefsBot/7.0; +http://ahrefs.com/robot/)" "www.ysfine.com"
51.222.253.5 - - [26/Oct/2022:21:41:10 -0700] "GET /ysbio/einstein/places/einmu16b.jpg HTTP/1.1" 200 34497 "-" "Mozilla/5.0 (compatible; AhrefsBot/7.0; +http://ahrefs.com/robot/)" "www.ysfine.com"
185.191.171.45 - - [26/Oct/2022:21:41:11 -0700] "GET /ysbio/wdc/kopol.html HTTP/1.1" 200 6514 "-" "Mozilla/5.0 (compatible; SemrushBot/7~bl; +http://www.semrush.com/bot.html)" "ysfine.com"
216.244.66.229 - - [26/Oct/2022:21:41:11 -0700] "GET /class54/class5470/total_data/sub_271.htm HTTP/1.1" 200 14482 "-" "Mozilla/5.0 (compatible; DotBot/1.2; +https://opensiteexplorer.org/dotbot; help@moz.com)" "www.ysfine.com"
51.222.253.18 - - [26/Oct/2022:21:41:16 -0700] "GET /ysbio/wigner/wigein270.jpg HTTP/1.1" 200 21005 "-" "Mozilla/5.0 (compatible; AhrefsBot/7.0; +http://ahrefs.com/robot/)" "www.ysfine.com"
51.222.253.4 - - [26/Oct/2022:21:41:21 -0700] "GET /ysbio/einstein/places/einha39b.jpg HTTP/1.1" 200 50120 "-" "Mozilla/5.0 (compatible; AhrefsBot/7.0; +http://ahrefs.com/robot/)" "www.ysfine.com"
51.222.253.1 - - [26/Oct/2022:21:41:27 -0700] "GET /ysbio/maga/phil/kanthegel22b.jpg HTTP/1.1" 200 36974 "-" "Mozilla/5.0 (compatible; AhrefsBot/7.0; +http://ahrefs.com/robot/)" "www.ysfine.com"
17.121.114.121 - - [26/Oct/2022:21:41:31 -0700] "GET /home/hepth.html HTTP/1.1" 200 2544 "-" "Mozilla/5.0 (Macintosh; Intel Mac OS X 10_15_5) AppleWebKit/605.1.15 (KHTML, like Gecko) Version/13.1.1 Safari/605.1.15 (Applebot/0.1; +http://www.apple.com/go/applebot)" "ysfine.com"
216.244.66.229 - - [26/Oct/2022:21:41:32 -0700] "GET /einstein/eingali.html HTTP/1.1" 200 7184 "-" "Mozilla/5.0 (compatible; DotBot/1.2; +https://opensiteexplorer.org/dotbot; help@moz.com)" "www.ysfine.com"
51.222.253.1 - - [26/Oct/2022:21:41:33 -0700] "GET /ysbio/einstein/places/einmu17b.jpg HTTP/1.1" 200 33255 "-" "Mozilla/5.0 (compatible; AhrefsBot/7.0; +http://ahrefs.com/robot/)" "www.ysfine.com"
51.222.253.15 - - [26/Oct/2022:21:41:38 -0700] "GET /ysbio/einstein/evol66b.jpg HTTP/1.1" 200 38577 "-" "Mozilla/5.0 (compatible; AhrefsBot/7.0; +http://ahrefs.com/robot/)" "www.ysfine.com"
51.222.253.6 - - [26/Oct/2022:21:41:44 -0700] "GET /ysbio/maga/phys/heisen33b.jpg HTTP/1.1" 200 78035 "-" "Mozilla/5.0 (compatible; AhrefsBot/7.0; +http://ahrefs.com/robot/)" "www.ysfine.com"
51.222.253.17 - - [26/Oct/2022:21:41:50 -0700] "GET /ysbio/einstein/places/einha01b.jpg HTTP/1.1" 200 41574 "-" "Mozilla/5.0 (compatible; AhrefsBot/7.0; +http://ahrefs.com/robot/)" "www.ysfine.com"
216.244.66.229 - - [26/Oct/2022:21:41:52 -0700] "GET /newyork/carnegie01.jpg HTTP/1.1" 200 172613 "-" "Mozilla/5.0 (compatible; DotBot/1.2; +https://opensiteexplorer.org/dotbot; help@moz.com)" "www.ysfine.com"
51.222.253.9 - - [26/Oct/2022:21:41:56 -0700] "GET /ysbio/maga/phys/yukaein2.jpg HTTP/1.1" 200 42863 "-" "Mozilla/5.0 (compatible; AhrefsBot/7.0; +http://ahrefs.com/robot/)" "www.ysfine.com"
51.222.253.3 - - [26/Oct/2022:21:42:02 -0700] "GET /ysbio/einstein/einhouse11b.jpg HTTP/1.1" 200 42717 "-" "Mozilla/5.0 (compatible; AhrefsBot/7.0; +http://ahrefs.com/robot/)" "www.ysfine.com"
51.222.253.18 - - [26/Oct/2022:21:42:07 -0700] "GET /ysbio/einstein/places/einmu64b.jpg HTTP/1.1" 200 42063 "-" "Mozilla/5.0 (compatible; AhrefsBot/7.0; +http://ahrefs.com/robot/)" "www.ysfine.com"
51.222.253.5 - - [26/Oct/2022:21:42:13 -0700] "GET /ysbio/einstein/places/einmu62b.jpg HTTP/1.1" 200 31976 "-" "Mozilla/5.0 (compatible; AhrefsBot/7.0; +http://ahrefs.com/robot/)" "www.ysfine.com"
51.222.253.12 - - [26/Oct/2022:21:42:18 -0700] "GET /ysbio/einstein/places/einmu12b.jpg HTTP/1.1" 200 32736 "-" "Mozilla/5.0 (compatible; AhrefsBot/7.0; +http://ahrefs.com/robot/)" "www.ysfine.com"
173.73.77.36 - - [26/Oct/2022:21:42:23 -0700] "GET /ysbio/bostein.html HTTP/1.1" 200 5532 "https://ysfine.com/ysbio/sing.html" "Mozilla/5.0 (Windows NT 10.0; Win64; x64; rv:106.0) Gecko/20100101 Firefox/106.0" "ysfine.com"
51.222.253.5 - - [26/Oct/2022:21:42:24 -0700] "GET /ysbio/einstein/places/einmu22b.jpg HTTP/1.1" 200 41361 "-" "Mozilla/5.0 (compatible; AhrefsBot/7.0; +http://ahrefs.com/robot/)" "www.ysfine.com"
51.222.253.1 - - [26/Oct/2022:21:42:29 -0700] "GET /ysbio/einstein/places/einmu08b.jpg HTTP/1.1" 200 37748 "-" "Mozilla/5.0 (compatible; AhrefsBot/7.0; +http://ahrefs.com/robot/)" "www.ysfine.com"
216.244.66.229 - - [26/Oct/2022:21:42:32 -0700] "GET /newyork/lincolnc11.jpg HTTP/1.1" 200 130879 "-" "Mozilla/5.0 (compatible; DotBot/1.2; +https://opensiteexplorer.org/dotbot; help@moz.com)" "www.ysfine.com"
51.222.253.9 - - [26/Oct/2022:21:42:35 -0700] "GET /ysbio/einstein/places/einmu41b.jpg HTTP/1.1" 200 52501 "-" "Mozilla/5.0 (compatible; AhrefsBot/7.0; +http://ahrefs.com/robot/)" "www.ysfine.com"
51.222.253.15 - - [26/Oct/2022:21:42:41 -0700] "GET /ysbio/einstein/places/einhaus450.jpg HTTP/1.1" 200 65369 "-" "Mozilla/5.0 (compatible; AhrefsBot/7.0; +http://ahrefs.com/robot/)" "www.ysfine.com"
51.222.253.10 - - [26/Oct/2022:21:42:47 -0700] "GET /ysbio/einstein/einglaub01b.jpg HTTP/1.1" 200 48405 "-" "Mozilla/5.0 (compatible; AhrefsBot/7.0; +http://ahrefs.com/robot/)" "www.ysfine.com"
51.222.253.7 - - [26/Oct/2022:21:42:54 -0700] "GET /ysbio/einstein/places/einha23b.jpg HTTP/1.1" 200 30374 "-" "Mozilla/5.0 (compatible; AhrefsBot/7.0; +http://ahrefs.com/robot/)" "www.ysfine.com"
51.222.253.5 - - [26/Oct/2022:21:42:59 -0700] "GET /ysbio/einstein/places/einmu52b.jpg HTTP/1.1" 200 38352 "-" "Mozilla/5.0 (compatible; AhrefsBot/7.0; +http://ahrefs.com/robot/)" "www.ysfine.com"
216.244.66.229 - - [26/Oct/2022:21:43:02 -0700] "GET /people/olmo.jpg HTTP/1.1" 200 79527 "-" "Mozilla/5.0 (compatible; DotBot/1.2; +https://opensiteexplorer.org/dotbot; help@moz.com)" "www.ysfine.com"
51.222.253.9 - - [26/Oct/2022:21:43:05 -0700] "GET /ysbio/einstein/einbohr11b.jpg HTTP/1.1" 200 37538 "-" "Mozilla/5.0 (compatible; AhrefsBot/7.0; +http://ahrefs.com/robot/)" "www.ysfine.com"
157.55.39.121 - - [26/Oct/2022:21:43:06 -0700] "GET /wdc/willard77.jpg HTTP/1.1" 200 126258 "-" "Mozilla/5.0 (compatible; bingbot/2.0; +http://www.bing.com/bingbot.htm)" "www.ysfine.com"
40.77.167.71 - - [26/Oct/2022:21:43:10 -0700] "GET /world/russ/basil23.jpg HTTP/1.1" 200 193006 "-" "Mozilla/5.0 AppleWebKit/537.36 (KHTML, like Gecko; compatible; bingbot/2.0; +http://www.bing.com/bingbot.htm) Chrome/103.0.5060.134 Safari/537.36" "ysfine.com"
51.222.253.15 - - [26/Oct/2022:21:43:11 -0700] "GET /ysbio/einstein/places/einmu10b.jpg HTTP/1.1" 200 63699 "-" "Mozilla/5.0 (compatible; AhrefsBot/7.0; +http://ahrefs.com/robot/)" "www.ysfine.com"
51.222.253.8 - - [26/Oct/2022:21:43:17 -0700] "GET /ysbio/einstein/places/einha36b.jpg HTTP/1.1" 200 45524 "-" "Mozilla/5.0 (compatible; AhrefsBot/7.0; +http://ahrefs.com/robot/)" "www.ysfine.com"
51.222.253.9 - - [26/Oct/2022:21:43:22 -0700] "GET /ysbio/einstein/places/einha05b.jpg HTTP/1.1" 200 51007 "-" "Mozilla/5.0 (compatible; AhrefsBot/7.0; +http://ahrefs.com/robot/)" "www.ysfine.com"
2.218.124.196 - - [26/Oct/2022:21:43:28 -0700] "GET /jobs/koreaj.html HTTP/1.1" 200 10214 "-" "Mozilla/5.0 (Macintosh; Intel Mac OS X 10_15_7) AppleWebKit/537.36 (KHTML, like Gecko) Chrome/106.0.0.0 Safari/537.36" "ysfine.com"
2.218.124.196 - - [26/Oct/2022:21:43:28 -0700] "GET /jobs/koreaj11b.jpg HTTP/1.1" 200 67543 "https://ysfine.com/jobs/koreaj.html" "Mozilla/5.0 (Macintosh; Intel Mac OS X 10_15_7) AppleWebKit/537.36 (KHTML, like Gecko) Chrome/106.0.0.0 Safari/537.36" "ysfine.com"
2.218.124.196 - - [26/Oct/2022:21:43:29 -0700] "GET /favicon.ico HTTP/1.1" 404 88 "https://ysfine.com/jobs/koreaj.html" "Mozilla/5.0 (Macintosh; Intel Mac OS X 10_15_7) AppleWebKit/537.36 (KHTML, like Gecko) Chrome/106.0.0.0 Safari/537.36" "ysfine.com"
157.55.39.14 - - [26/Oct/2022:21:43:31 -0700] "GET /world/ital/spstep05.jpg HTTP/1.1" 200 159230 "-" "Mozilla/5.0 AppleWebKit/537.36 (KHTML, like Gecko; compatible; bingbot/2.0; +http://www.bing.com/bingbot.htm) Chrome/103.0.5060.134 Safari/537.36" "ysfine.com"
216.244.66.229 - - [26/Oct/2022:21:43:37 -0700] "GET /princeton/benz.jpg HTTP/1.1" 200 132580 "-" "Mozilla/5.0 (compatible; DotBot/1.2; +https://opensiteexplorer.org/dotbot; help@moz.com)" "www.ysfine.com"
207.46.13.104 - - [26/Oct/2022:21:43:53 -0700] "GET /bio/bio07.html HTTP/1.1" 404 88 "-" "Mozilla/5.0 AppleWebKit/537.36 (KHTML, like Gecko; compatible; bingbot/2.0; +http://www.bing.com/bingbot.htm) Chrome/103.0.5060.134 Safari/537.36" "ysfine.com"
157.55.39.14 - - [26/Oct/2022:21:44:33 -0700] "GET /world/france/nice104.jpg HTTP/1.1" 200 144635 "-" "Mozilla/5.0 AppleWebKit/537.36 (KHTML, like Gecko; compatible; bingbot/2.0; +http://www.bing.com/bingbot.htm) Chrome/103.0.5060.134 Safari/537.36" "ysfine.com"
40.77.167.71 - - [26/Oct/2022:21:45:13 -0700] "GET /bio/world/trier.html HTTP/1.1" 404 88 "-" "Mozilla/5.0 AppleWebKit/537.36 (KHTML, like Gecko; compatible; bingbot/2.0; +http://www.bing.com/bingbot.htm) Chrome/103.0.5060.134 Safari/537.36" "www.ysfine.com"
207.46.13.104 - - [26/Oct/2022:21:45:22 -0700] "GET /world/russ/kazan039.jpg HTTP/1.1" 200 67150 "-" "Mozilla/5.0 AppleWebKit/537.36 (KHTML, like Gecko; compatible; bingbot/2.0; +http://www.bing.com/bingbot.htm) Chrome/103.0.5060.134 Safari/537.36" "www.ysfine.com"
40.77.167.71 - - [26/Oct/2022:21:45:31 -0700] "GET /princeton/adulles.jpg HTTP/1.1" 200 28763 "-" "Mozilla/5.0 (compatible; bingbot/2.0; +http://www.bing.com/bingbot.htm)" "ysfine.com"
157.55.39.14 - - [26/Oct/2022:21:45:42 -0700] "GET /world/china/shanghai072.jpg HTTP/1.1" 200 110481 "-" "Mozilla/5.0 (compatible; bingbot/2.0; +http://www.bing.com/bingbot.htm)" "www.ysfine.com"
173.73.77.36 - - [26/Oct/2022:21:45:47 -0700] "GET /ysbio/bostein.html HTTP/1.1" 200 5530 "https://ysfine.com/ysbio/sing.html" "Mozilla/5.0 (Windows NT 10.0; Win64; x64; rv:106.0) Gecko/20100101 Firefox/106.0" "ysfine.com"
157.55.39.127 - - [26/Oct/2022:21:46:41 -0700] "GET /world/israel/jeru16.jpg HTTP/1.1" 200 155771 "-" "Mozilla/5.0 (compatible; bingbot/2.0; +http://www.bing.com/bingbot.htm)" "ysfine.com"
173.73.77.36 - - [26/Oct/2022:21:46:45 -0700] "GET /ysbio/bostein.html HTTP/1.1" 200 5531 "https://ysfine.com/ysbio/sing.html" "Mozilla/5.0 (Windows NT 10.0; Win64; x64; rv:106.0) Gecko/20100101 Firefox/106.0" "ysfine.com"
157.55.39.127 - - [26/Oct/2022:21:46:52 -0700] "GET /world/scandi/sto017.jpg HTTP/1.1" 200 105208 "-" "Mozilla/5.0 (compatible; bingbot/2.0; +http://www.bing.com/bingbot.htm)" "ysfine.com"
140.113.181.29 - - [26/Oct/2022:21:47:08 -0700] "GET /maga/phys/landau35b.jpg HTTP/1.1" 200 26143 "https://www.google.com/" "Mozilla/5.0 (Macintosh; Intel Mac OS X 10_15_7) AppleWebKit/605.1.15 (KHTML, like Gecko) Version/15.6.1 Safari/605.1.15" "ysfine.com"
173.73.77.36 - - [26/Oct/2022:21:47:30 -0700] "GET /ysbio/bostein.html HTTP/1.1" 200 5531 "https://ysfine.com/ysbio/sing.html" "Mozilla/5.0 (Windows NT 10.0; Win64; x64; rv:106.0) Gecko/20100101 Firefox/106.0" "ysfine.com"
40.77.167.27 - - [26/Oct/2022:21:48:04 -0700] "GET /wdc/gtown32.jpg HTTP/1.1" 200 136508 "-" "Mozilla/5.0 (compatible; bingbot/2.0; +http://www.bing.com/bingbot.htm)" "ysfine.com"
157.55.39.127 - - [26/Oct/2022:21:48:22 -0700] "GET /newyork/colum25.jpg HTTP/1.1" 200 168650 "-" "Mozilla/5.0 AppleWebKit/537.36 (KHTML, like Gecko; compatible; bingbot/2.0; +http://www.bing.com/bingbot.htm) Chrome/103.0.5060.134 Safari/537.36" "www.ysfine.com"
157.55.39.14 - - [26/Oct/2022:21:48:52 -0700] "GET /home/figs/einbohr33c.jpg HTTP/1.1" 200 36413 "-" "Mozilla/5.0 AppleWebKit/537.36 (KHTML, like Gecko; compatible; bingbot/2.0; +http://www.bing.com/bingbot.htm) Chrome/103.0.5060.134 Safari/537.36" "ysfine.com"
192.0.118.148 - - [26/Oct/2022:21:49:07 -0700] "GET /world/france/sartsq11.jpg HTTP/1.1" 200 160608 "-" "Photon/1.0" "ysfine.com"
157.55.39.14 - - [26/Oct/2022:21:49:14 -0700] "GET /world/ital/napol01.jpg HTTP/1.1" 200 258202 "-" "Mozilla/5.0 (compatible; bingbot/2.0; +http://www.bing.com/bingbot.htm)" "ysfine.com"
5.161.50.240 - - [26/Oct/2022:21:49:24 -0700] "GET /wp-content/plugins/iwp-client/readme.txt HTTP/1.1" 404 88 "https://www.google.com" "Mozilla/5.0 (Windows NT 10.0; Win64; x64) AppleWebKit/537.36 (KHTML, like Gecko) Chrome/104.0.0.0 Safari/537.36" "ysfine.com"
5.161.50.240 - - [26/Oct/2022:21:49:51 -0700] "GET /wp-content/plugins/wp-time-capsule/readme.txt HTTP/1.1" 404 88 "https://www.google.com" "Mozilla/5.0 (Linux; Android 11; ONEPLUS A6013) AppleWebKit/537.36 (KHTML, like Gecko) Chrome/105.0.0.0 Mobile Safari/537.36" "ysfine.com"
40.77.167.27 - - [26/Oct/2022:21:49:55 -0700] "GET /wdc/ww2m11.jpg HTTP/1.1" 200 108182 "-" "Mozilla/5.0 AppleWebKit/537.36 (KHTML, like Gecko; compatible; bingbot/2.0; +http://www.bing.com/bingbot.htm) Chrome/103.0.5060.134 Safari/537.36" "ysfine.com"
5.161.50.240 - - [26/Oct/2022:21:50:17 -0700] "GET /wp-content/plugins/themegrill-demo-importer/readme.txt HTTP/1.1" 404 88 "https://www.google.com" "Mozilla/5.0 (Windows NT 10.0; Win64; x64) AppleWebKit/537.36 (KHTML, like Gecko) Chrome/104.0.0.0 Safari/537.36" "ysfine.com"
40.77.167.71 - - [26/Oct/2022:21:50:31 -0700] "GET /world/russ/mosmusic55.jpg HTTP/1.1" 200 170298 "-" "Mozilla/5.0 AppleWebKit/537.36 (KHTML, like Gecko; compatible; bingbot/2.0; +http://www.bing.com/bingbot.htm) Chrome/103.0.5060.134 Safari/537.36" "ysfine.com"
5.161.50.240 - - [26/Oct/2022:21:50:44 -0700] "GET /wp-content/plugins/advanced-import/readme.txt HTTP/1.1" 404 88 "https://www.google.com" "Mozilla/5.0 (Windows NT 10.0; Win64; x64) AppleWebKit/537.36 (KHTML, like Gecko) Chrome/104.0.0.0 Safari/537.36" "ysfine.com"
5.161.50.240 - - [26/Oct/2022:21:51:10 -0700] "GET /wp-content/plugins/woocommerce-jetpack/readme.txt HTTP/1.1" 404 88 "https://www.google.com" "Mozilla/5.0 (iPhone14,3; U; CPU iPhone OS 15_0 like Mac OS X) AppleWebKit/602.1.50 (KHTML, like Gecko) Version/10.0 Mobile/19A346 Safari/602.1" "ysfine.com"
5.161.50.240 - - [26/Oct/2022:21:51:36 -0700] "GET /wp-content/plugins/emails-verification-for-woocommerce/readme.txt HTTP/1.1" 404 88 "https://www.google.com" "Mozilla/5.0 (iPhone14,3; U; CPU iPhone OS 15_0 like Mac OS X) AppleWebKit/602.1.50 (KHTML, like Gecko) Version/10.0 Mobile/19A346 Safari/602.1" "ysfine.com"
51.222.253.8 - - [26/Oct/2022:21:51:37 -0700] "GET / HTTP/1.1" 200 5283 "-" "Mozilla/5.0 (compatible; AhrefsBot/7.0; +http://ahrefs.com/robot/)" "www.ysfine.com"
5.161.50.240 - - [26/Oct/2022:21:52:02 -0700] "GET /wp-content/plugins/woocommerce-upload-files/js/wcuf-admin-menu.js HTTP/1.1" 404 88 "https://www.google.com" "Mozilla/5.0 (Linux; Android 11; Lenovo YT-J706X) AppleWebKit/537.36 (KHTML, like Gecko) Chrome/104.0.0.0 Safari/537.36" "ysfine.com"
185.191.171.39 - - [26/Oct/2022:21:52:13 -0700] "GET /maga/bohr.html HTTP/1.1" 200 5125 "-" "Mozilla/5.0 (compatible; SemrushBot/7~bl; +http://www.semrush.com/bot.html)" "www.ysfine.com"
54.236.1.11 - - [26/Oct/2022:21:52:18 -0700] "GET /robots.txt HTTP/1.1" 404 88 "-" "Mozilla/5.0 (compatible; Pinterestbot/1.0; +http://www.pinterest.com/bot.html)" "ysfine.com"
54.236.1.11 - - [26/Oct/2022:21:52:18 -0700] "GET /feynman/feygell.html HTTP/1.1" 200 4714 "-" "Mozilla/5.0 (compatible; Pinterestbot/1.0; +http://www.pinterest.com/bot.html)" "ysfine.com"
207.46.13.104 - - [26/Oct/2022:21:52:23 -0700] "GET /kobak/church103.jpg HTTP/1.1" 200 131803 "-" "Mozilla/5.0 (compatible; bingbot/2.0; +http://www.bing.com/bingbot.htm)" "ysfine.com"
5.161.50.240 - - [26/Oct/2022:21:52:29 -0700] "GET /wp-content/plugins/wp-user-extra-fields/js/wpuef-configurator.js HTTP/1.1" 404 88 "https://www.google.com" "Mozilla/5.0 (Linux; Android 12; SM-S906N Build/QP1A.190711.020; wv) AppleWebKit/537.36 (KHTML, like Gecko) Version/4.0 Chrome/105.0.0.0 Mobile Safari/537.36" "ysfine.com"
40.77.167.27 - - [26/Oct/2022:21:52:35 -0700] "GET /feynman/ppic/parton33a.jpg HTTP/1.1" 200 68290 "-" "Mozilla/5.0 AppleWebKit/537.36 (KHTML, like Gecko; compatible; bingbot/2.0; +http://www.bing.com/bingbot.htm) Chrome/103.0.5060.134 Safari/537.36" "www.ysfine.com"
5.161.50.240 - - [26/Oct/2022:21:52:55 -0700] "GET /wp-content/plugins/wp-automatic/changelog HTTP/1.1" 404 88 "https://www.google.com" "Mozilla/5.0 (Macintosh; Intel Mac OS X 10_14_6) AppleWebKit/537.36 (KHTML, like Gecko) Chrome/104.0.0.0 Safari/537.36" "ysfine.com"
185.191.171.25 - - [26/Oct/2022:21:52:58 -0700] "GET /robots.txt HTTP/1.1" 404 88 "-" "Mozilla/5.0 (compatible; SemrushBot/7~bl; +http://www.semrush.com/bot.html)" "ysfine.com"
185.191.171.1 - - [26/Oct/2022:21:53:00 -0700] "GET /confer/quantum.html HTTP/1.1" 200 2560 "-" "Mozilla/5.0 (compatible; SemrushBot/7~bl; +http://www.semrush.com/bot.html)" "ysfine.com"
185.191.171.9 - - [26/Oct/2022:21:53:08 -0700] "GET /usca/pgh22.html HTTP/1.1" 200 11391 "-" "Mozilla/5.0 (compatible; SemrushBot/7~bl; +http://www.semrush.com/bot.html)" "www.ysfine.com"
40.77.167.95 - - [26/Oct/2022:21:53:11 -0700] "GET /robots.txt HTTP/1.1" 404 88 "-" "Mozilla/5.0 (compatible; bingbot/2.0; +http://www.bing.com/bingbot.htm)" "ysfine.com"
5.161.50.240 - - [26/Oct/2022:21:53:22 -0700] "GET /wp-content/plugins/wp-automatic/css/wp-automatic.css HTTP/1.1" 404 88 "https://www.google.com" "Mozilla/5.0 (Macintosh; Intel Mac OS X 10_14_6) AppleWebKit/537.36 (KHTML, like Gecko) Chrome/104.0.0.0 Safari/537.36" "ysfine.com"
5.161.50.240 - - [26/Oct/2022:21:53:48 -0700] "GET /wp-content/plugins/capability-manager-enhanced/readme.txt HTTP/1.1" 404 88 "https://www.google.com" "Mozilla/5.0 (Linux; Android 11; ONEPLUS A6013) AppleWebKit/537.36 (KHTML, like Gecko) Chrome/105.0.0.0 Mobile Safari/537.36" "ysfine.com"
157.55.39.14 - - [26/Oct/2022:21:53:54 -0700] "GET /bio/awards/iao.html HTTP/1.1" 404 88 "-" "Mozilla/5.0 (compatible; bingbot/2.0; +http://www.bing.com/bingbot.htm)" "ysfine.com"
157.55.39.127 - - [26/Oct/2022:21:54:12 -0700] "GET /world/france/champ9610.jpg HTTP/1.1" 200 109247 "-" "Mozilla/5.0 (compatible; bingbot/2.0; +http://www.bing.com/bingbot.htm)" "www.ysfine.com"
5.161.50.240 - - [26/Oct/2022:21:54:15 -0700] "GET /wp-content/plugins/capabilities-pro/readme.txt HTTP/1.1" 404 88 "https://www.google.com" "Mozilla/5.0 (Windows NT 10.0; Win64; x64) AppleWebKit/537.36 (KHTML, like Gecko) Chrome/104.0.0.0 Safari/537.36" "ysfine.com"
5.161.50.240 - - [26/Oct/2022:21:54:42 -0700] "GET /wp-content/plugins/wp-pinterest-automatic/changelog HTTP/1.1" 404 88 "https://www.google.com" "Mozilla/5.0 (Windows NT 10.0; Win64; x64) AppleWebKit/537.36 (KHTML, like Gecko) Chrome/104.0.0.0 Safari/537.36" "ysfine.com"
157.55.39.121 - - [26/Oct/2022:21:54:46 -0700] "GET /world/ital/bologr12.jpg HTTP/1.1" 200 118516 "-" "Mozilla/5.0 (compatible; bingbot/2.0; +http://www.bing.com/bingbot.htm)" "ysfine.com"
207.46.13.104 - - [26/Oct/2022:21:54:52 -0700] "GET /princeton/rheepr02.jpg HTTP/1.1" 200 69808 "-" "Mozilla/5.0 AppleWebKit/537.36 (KHTML, like Gecko; compatible; bingbot/2.0; +http://www.bing.com/bingbot.htm) Chrome/103.0.5060.134 Safari/537.36" "ysfine.com"
5.161.50.240 - - [26/Oct/2022:21:55:08 -0700] "GET /wp-content/plugins/ulisting/readme.txt HTTP/1.1" 404 88 "https://www.google.com" "Mozilla/5.0 (Windows NT 10.0; Win64; x64) AppleWebKit/537.36 (KHTML, like Gecko) Chrome/104.0.0.0 Safari/537.36" "ysfine.com"
121.4.105.222 - - [26/Oct/2022:21:55:14 -0700] "GET / HTTP/1.1" 200 5283 "-" "Mozilla/5.0 (Linux; Android 6.0; Nexus 5 Build/MRA58N) AppleWebKit/537.36 (KHTML, like Gecko) Chrome/81.0.4044.138 Mobile Safari/537.36" "www.ysfine.com"
5.161.50.240 - - [26/Oct/2022:21:55:34 -0700] "GET /wp-content/plugins/image-hover-effects-ultimate/readme.txt HTTP/1.1" 404 88 "https://www.google.com" "Mozilla/5.0 (Linux; Android 11; ONEPLUS A6013) AppleWebKit/537.36 (KHTML, like Gecko) Chrome/105.0.0.0 Mobile Safari/537.36" "ysfine.com"
5.161.50.240 - - [26/Oct/2022:21:56:00 -0700] "GET /wp-content/plugins/ait-csv-import-export/changelog.txt HTTP/1.1" 404 88 "https://www.google.com" "Mozilla/5.0 (Linux; Android 12; SM-S906N Build/QP1A.190711.020; wv) AppleWebKit/537.36 (KHTML, like Gecko) Version/4.0 Chrome/105.0.0.0 Mobile Safari/537.36" "ysfine.com"
157.55.39.14 - - [26/Oct/2022:21:56:14 -0700] "GET /world/brit/picca41.jpg HTTP/1.1" 200 98654 "-" "Mozilla/5.0 AppleWebKit/537.36 (KHTML, like Gecko; compatible; bingbot/2.0; +http://www.bing.com/bingbot.htm) Chrome/103.0.5060.134 Safari/537.36" "ysfine.com"
5.161.50.240 - - [26/Oct/2022:21:56:26 -0700] "GET /wp-content/plugins/angwp/__%20UPDATES.txt HTTP/1.1" 404 88 "https://www.google.com" "Mozilla/5.0 (Linux; Android 12; SM-S906N Build/QP1A.190711.020; wv) AppleWebKit/537.36 (KHTML, like Gecko) Version/4.0 Chrome/105.0.0.0 Mobile Safari/537.36" "ysfine.com"
157.55.39.121 - - [26/Oct/2022:21:56:27 -0700] "GET /world/scandi/copen051.jpg HTTP/1.1" 200 89457 "-" "Mozilla/5.0 (compatible; bingbot/2.0; +http://www.bing.com/bingbot.htm)" "ysfine.com"
173.73.77.36 - - [26/Oct/2022:21:56:46 -0700] "GET /ysbio/bostein.html HTTP/1.1" 200 5507 "-" "Mozilla/5.0 (Windows NT 10.0; Win64; x64; rv:106.0) Gecko/20100101 Firefox/106.0" "ysfine.com"
173.73.77.36 - - [26/Oct/2022:21:56:46 -0700] "GET /ysbio/einbohr99g.jpg HTTP/1.1" 200 64286 "https://ysfine.com/ysbio/bostein.html" "Mozilla/5.0 (Windows NT 10.0; Win64; x64; rv:106.0) Gecko/20100101 Firefox/106.0" "ysfine.com"
5.161.50.240 - - [26/Oct/2022:21:56:52 -0700] "GET /wp-content/plugins/e-signature/page-template/default/style.css HTTP/1.1" 404 88 "https://www.google.com" "Mozilla/5.0 (Windows NT 10.0; Win64; x64) AppleWebKit/537.36 (KHTML, like Gecko) Chrome/104.0.0.0 Safari/537.36" "ysfine.com"
124.221.247.200 - - [26/Oct/2022:21:56:55 -0700] "GET / HTTP/1.1" 200 5283 "http://ysfine.com" "Mozilla/5.0 (Linux; Android 6.0; Nexus 5 Build/MRA58N) AppleWebKit/537.36 (KHTML, like Gecko) Chrome/81.0.4044.138 Mobile Safari/537.36" "ysfine.com"
40.77.167.71 - - [26/Oct/2022:21:57:04 -0700] "GET /bio/pquartet.html HTTP/1.1" 404 88 "-" "Mozilla/5.0 (compatible; bingbot/2.0; +http://www.bing.com/bingbot.htm)" "ysfine.com"
5.161.50.240 - - [26/Oct/2022:21:57:20 -0700] "GET /wp-content/plugins/superstorefinder-wp/css/ssf-wp-admin.css HTTP/1.1" 404 88 "https://www.google.com" "Mozilla/5.0 (Windows NT 10.0; Win64; x64) AppleWebKit/537.36 (KHTML, like Gecko) Chrome/104.0.0.0 Safari/537.36" "ysfine.com"
157.55.39.121 - - [26/Oct/2022:21:57:27 -0700] "GET /wigner/gim/gimn22.jpg HTTP/1.1" 200 109345 "-" "Mozilla/5.0 AppleWebKit/537.36 (KHTML, like Gecko; compatible; bingbot/2.0; +http://www.bing.com/bingbot.htm) Chrome/103.0.5060.134 Safari/537.36" "ysfine.com"
173.73.77.36 - - [26/Oct/2022:21:57:34 -0700] "GET /ysbio/internal.html HTTP/1.1" 200 2294 "https://ysfine.com/ysbio/bostein.html" "Mozilla/5.0 (Windows NT 10.0; Win64; x64; rv:106.0) Gecko/20100101 Firefox/106.0" "ysfine.com"
173.73.77.36 - - [26/Oct/2022:21:57:34 -0700] "GET /ysbio/einbohr21f.jpg HTTP/1.1" 200 63190 "https://ysfine.com/ysbio/internal.html" "Mozilla/5.0 (Windows NT 10.0; Win64; x64; rv:106.0) Gecko/20100101 Firefox/106.0" "ysfine.com"
173.73.77.36 - - [26/Oct/2022:21:57:34 -0700] "GET /ysbio/fotos/einbohr11d.jpg HTTP/1.1" 200 63963 "https://ysfine.com/ysbio/internal.html" "Mozilla/5.0 (Windows NT 10.0; Win64; x64; rv:106.0) Gecko/20100101 Firefox/106.0" "ysfine.com"
173.73.77.36 - - [26/Oct/2022:21:57:34 -0700] "GET /ysbio/newtgr33f.jpg HTTP/1.1" 200 67055 "https://ysfine.com/ysbio/internal.html" "Mozilla/5.0 (Windows NT 10.0; Win64; x64; rv:106.0) Gecko/20100101 Firefox/106.0" "ysfine.com"
157.55.39.121 - - [26/Oct/2022:21:57:37 -0700] "GET /home/comet30.jpg HTTP/1.1" 200 134009 "-" "Mozilla/5.0 AppleWebKit/537.36 (KHTML, like Gecko; compatible; bingbot/2.0; +http://www.bing.com/bingbot.htm) Chrome/103.0.5060.134 Safari/537.36" "ysfine.com"
5.161.50.240 - - [26/Oct/2022:21:57:46 -0700] "GET /wp-content/plugins/super-interactive-maps/css/sim-wp-admin.css HTTP/1.1" 404 88 "https://www.google.com" "Mozilla/5.0 (Macintosh; Intel Mac OS X 10_14_6) AppleWebKit/537.36 (KHTML, like Gecko) Chrome/104.0.0.0 Safari/537.36" "ysfine.com"
5.161.50.240 - - [26/Oct/2022:21:58:14 -0700] "GET /wp-content/plugins/superlogoshowcase-wp/css/sls-wp-admin.css HTTP/1.1" 404 88 "https://www.google.com" "Mozilla/5.0 (Macintosh; Intel Mac OS X 10_14_6) AppleWebKit/537.36 (KHTML, like Gecko) Chrome/104.0.0.0 Safari/537.36" "ysfine.com"
40.77.167.27 - - [26/Oct/2022:21:58:15 -0700] "GET /sbk/2002maine22.jpg HTTP/1.1" 200 183685 "-" "Mozilla/5.0 AppleWebKit/537.36 (KHTML, like Gecko; compatible; bingbot/2.0; +http://www.bing.com/bingbot.htm) Chrome/103.0.5060.134 Safari/537.36" "ysfine.com"
40.77.167.27 - - [26/Oct/2022:21:58:16 -0700] "GET /world/china/china045.jpg HTTP/1.1" 200 193373 "-" "Mozilla/5.0 AppleWebKit/537.36 (KHTML, like Gecko; compatible; bingbot/2.0; +http://www.bing.com/bingbot.htm) Chrome/103.0.5060.134 Safari/537.36" "ysfine.com"
51.222.253.19 - - [26/Oct/2022:21:58:23 -0700] "GET /wigner/kuper76.html HTTP/1.1" 200 309 "-" "Mozilla/5.0 (compatible; AhrefsBot/7.0; +http://ahrefs.com/robot/)" "ysfine.com"
157.55.39.14 - - [26/Oct/2022:21:58:23 -0700] "GET /wdc/willard12.jpg HTTP/1.1" 200 122919 "-" "Mozilla/5.0 (compatible; bingbot/2.0; +http://www.bing.com/bingbot.htm)" "ysfine.com"
157.55.39.121 - - [26/Oct/2022:21:58:27 -0700] "GET /sbk/2014paris33.jpg HTTP/1.1" 200 171597 "-" "Mozilla/5.0 AppleWebKit/537.36 (KHTML, like Gecko; compatible; bingbot/2.0; +http://www.bing.com/bingbot.htm) Chrome/103.0.5060.134 Safari/537.36" "www.ysfine.com"
173.73.77.36 - - [26/Oct/2022:21:58:30 -0700] "GET /sing HTTP/1.1" 404 88 "-" "Mozilla/5.0 (Windows NT 10.0; Win64; x64) AppleWebKit/537.36 (KHTML, like Gecko) Chrome/106.0.0.0 Safari/537.36 Edg/106.0.1370.52" "ysfine.com"
173.73.77.36 - - [26/Oct/2022:21:58:39 -0700] "GET /sing.html HTTP/1.1" 404 88 "-" "Mozilla/5.0 (Windows NT 10.0; Win64; x64) AppleWebKit/537.36 (KHTML, like Gecko) Chrome/106.0.0.0 Safari/537.36 Edg/106.0.1370.52" "ysfine.com"
5.161.50.240 - - [26/Oct/2022:21:58:39 -0700] "GET /wp-content/plugins/mstore-api/readme.txt HTTP/1.1" 404 88 "https://www.google.com" "Mozilla/5.0 (Windows NT 10.0; Win64; x64) AppleWebKit/537.36 (KHTML, like Gecko) Chrome/104.0.0.0 Safari/537.36" "ysfine.com"
216.244.66.229 - - [26/Oct/2022:21:59:00 -0700] "GET /robots.txt HTTP/1.1" 404 73 "-" "Mozilla/5.0 (compatible; DotBot/1.2; +https://opensiteexplorer.org/dotbot; help@moz.com)" "www.ysfine.com"
173.73.77.36 - - [26/Oct/2022:21:59:00 -0700] "GET /ysbio/sing.html HTTP/1.1" 200 2958 "-" "Mozilla/5.0 (Windows NT 10.0; Win64; x64) AppleWebKit/537.36 (KHTML, like Gecko) Chrome/106.0.0.0 Safari/537.36 Edg/106.0.1370.52" "ysfine.com"
