157.55.39.14 - - [27/Oct/2022:10:03:43 -0700] "GET /world/ital/galileo12.jpg HTTP/1.1" 200 145442 "-" "Mozilla/5.0 (compatible; bingbot/2.0; +http://www.bing.com/bingbot.htm)" "ysfine.com"
40.77.167.71 - - [27/Oct/2022:10:03:52 -0700] "GET /world/russ/roskei94.jpg HTTP/1.1" 200 108504 "-" "Mozilla/5.0 AppleWebKit/537.36 (KHTML, like Gecko; compatible; bingbot/2.0; +http://www.bing.com/bingbot.htm) Chrome/103.0.5060.134 Safari/537.36" "www.ysfine.com"
207.46.13.104 - - [27/Oct/2022:10:04:02 -0700] "GET /world/france/metz57.jpg HTTP/1.1" 200 105656 "-" "Mozilla/5.0 (compatible; bingbot/2.0; +http://www.bing.com/bingbot.htm)" "www.ysfine.com"
157.55.39.127 - - [27/Oct/2022:10:04:13 -0700] "GET /world/balkan/ath027.jpg HTTP/1.1" 200 215994 "-" "Mozilla/5.0 (compatible; bingbot/2.0; +http://www.bing.com/bingbot.htm)" "ysfine.com"
157.55.39.121 - - [27/Oct/2022:10:04:15 -0700] "GET /world/poland/krk72.jpg HTTP/1.1" 200 99629 "-" "Mozilla/5.0 (compatible; bingbot/2.0; +http://www.bing.com/bingbot.htm)" "www.ysfine.com"
40.77.167.27 - - [27/Oct/2022:10:04:27 -0700] "GET /wdc/usna25.jpg HTTP/1.1" 200 115261 "-" "Mozilla/5.0 (compatible; bingbot/2.0; +http://www.bing.com/bingbot.htm)" "www.ysfine.com"
40.77.167.71 - - [27/Oct/2022:10:04:32 -0700] "GET /usca/pitt/fortpitt02b.jpg HTTP/1.1" 200 33944 "-" "Mozilla/5.0 (compatible; bingbot/2.0; +http://www.bing.com/bingbot.htm)" "www.ysfine.com"
187.36.169.211 - - [27/Oct/2022:10:04:36 -0700] "GET /world/japan/nara005.jpg HTTP/1.1" 200 144132 "https://www.gay-fetish-xxx.com/" "Mozilla/5.0 (Linux; Android 9; SM-T825) AppleWebKit/537.36 (KHTML, like Gecko) Chrome/106.0.0.0 Safari/537.36" "ysfine.com"
64.124.8.58 - - [27/Oct/2022:10:05:56 -0700] "GET /robots.txt HTTP/1.1" 404 88 "-" "Mozilla/5.0 (X11; Linux x86_64) AppleWebKit/537.36 (KHTML, like Gecko) Chrome/61.0.3163.79 Safari/537.36" "www.ysfine.com"
64.124.8.58 - - [27/Oct/2022:10:05:56 -0700] "GET /princeton/wilspoin.html HTTP/1.1" 200 658 "-" "Mozilla/5.0 (X11; Linux x86_64) AppleWebKit/537.36 (KHTML, like Gecko) Chrome/61.0.3163.79 Safari/537.36" "www.ysfine.com"
108.51.84.53 - - [27/Oct/2022:10:06:38 -0700] "GET /princeton/brooke22.jpg HTTP/1.1" 200 87673 "https://www.google.com/" "Mozilla/5.0 (Macintosh; Intel Mac OS X 10_15_7) AppleWebKit/537.36 (KHTML, like Gecko) Chrome/106.0.0.0 Safari/537.36" "ysfine.com"
108.51.84.53 - - [27/Oct/2022:10:06:52 -0700] "GET /princeton/brooke88.jpg HTTP/1.1" 200 82208 "https://www.google.com/" "Mozilla/5.0 (Macintosh; Intel Mac OS X 10_15_7) AppleWebKit/537.36 (KHTML, like Gecko) Chrome/106.0.0.0 Safari/537.36" "ysfine.com"
207.46.13.104 - - [27/Oct/2022:10:07:22 -0700] "GET /wdc/wasmap11.jpg HTTP/1.1" 200 90827 "-" "Mozilla/5.0 AppleWebKit/537.36 (KHTML, like Gecko; compatible; bingbot/2.0; +http://www.bing.com/bingbot.htm) Chrome/103.0.5060.134 Safari/537.36" "ysfine.com"
157.55.39.121 - - [27/Oct/2022:10:07:36 -0700] "GET /world/russ/spbm02b.jpg HTTP/1.1" 200 48172 "-" "Mozilla/5.0 AppleWebKit/537.36 (KHTML, like Gecko; compatible; bingbot/2.0; +http://www.bing.com/bingbot.htm) Chrome/103.0.5060.134 Safari/537.36" "ysfine.com"
157.55.39.121 - - [27/Oct/2022:10:09:27 -0700] "GET /bio/kobak/soraech.html HTTP/1.1" 404 88 "-" "Mozilla/5.0 AppleWebKit/537.36 (KHTML, like Gecko; compatible; bingbot/2.0; +http://www.bing.com/bingbot.htm) Chrome/103.0.5060.134 Safari/537.36" "ysfine.com"
40.77.167.71 - - [27/Oct/2022:10:09:34 -0700] "GET /bio/style/ystyle.html HTTP/1.1" 404 88 "-" "Mozilla/5.0 AppleWebKit/537.36 (KHTML, like Gecko; compatible; bingbot/2.0; +http://www.bing.com/bingbot.htm) Chrome/103.0.5060.134 Safari/537.36" "ysfine.com"
65.95.85.58 - - [27/Oct/2022:10:09:37 -0700] "GET /dirac/dirbust11.jpg HTTP/1.1" 200 80175 "https://www.google.com/" "Mozilla/5.0 (Linux; Android 10; LYA-L0C) AppleWebKit/537.36 (KHTML, like Gecko) Chrome/106.0.0.0 Mobile Safari/537.36" "ysfine.com"
51.222.253.3 - - [27/Oct/2022:10:09:43 -0700] "GET /class54/class5470/total_data/sub_631.htm HTTP/1.1" 200 3206 "-" "Mozilla/5.0 (compatible; AhrefsBot/7.0; +http://ahrefs.com/robot/)" "www.ysfine.com"
86.9.154.18 - - [27/Oct/2022:10:09:53 -0700] "GET /world/france/montpar01.jpg HTTP/1.1" 200 81237 "https://www.google.com/" "Mozilla/5.0 (Windows NT 10.0; Win64; x64) AppleWebKit/537.36 (KHTML, like Gecko) Chrome/105.0.0.0 Safari/537.36 OPR/91.0.4516.77" "ysfine.com"
65.95.85.58 - - [27/Oct/2022:10:09:55 -0700] "GET /dirac/dirbust22.jpg HTTP/1.1" 200 88173 "https://www.google.com/" "Mozilla/5.0 (Linux; Android 10; LYA-L0C) AppleWebKit/537.36 (KHTML, like Gecko) Chrome/106.0.0.0 Mobile Safari/537.36" "ysfine.com"
96.5.193.11 - - [27/Oct/2022:10:10:12 -0700] "GET /maga/phil/marxlon01.jpg HTTP/1.1" 200 263404 "https://www.google.com/" "Mozilla/5.0 (X11; CrOS x86_64 14092.77.0) AppleWebKit/537.36 (KHTML, like Gecko) Chrome/93.0.4577.107 Safari/537.36" "ysfine.com"
157.55.39.127 - - [27/Oct/2022:10:10:26 -0700] "GET /world/russ/kazan057.jpg HTTP/1.1" 200 86214 "-" "Mozilla/5.0 AppleWebKit/537.36 (KHTML, like Gecko; compatible; bingbot/2.0; +http://www.bing.com/bingbot.htm) Chrome/103.0.5060.134 Safari/537.36" "ysfine.com"
40.77.167.27 - - [27/Oct/2022:10:10:27 -0700] "GET /wisdom/yks11b.jpg HTTP/1.1" 200 41064 "-" "Mozilla/5.0 (compatible; bingbot/2.0; +http://www.bing.com/bingbot.htm)" "www.ysfine.com"
157.55.39.14 - - [27/Oct/2022:10:10:44 -0700] "GET /bio/einstein/bern.html HTTP/1.1" 404 88 "-" "Mozilla/5.0 AppleWebKit/537.36 (KHTML, like Gecko; compatible; bingbot/2.0; +http://www.bing.com/bingbot.htm) Chrome/103.0.5060.134 Safari/537.36" "ysfine.com"
40.77.167.27 - - [27/Oct/2022:10:10:49 -0700] "GET /newyork/radioci08c.jpg HTTP/1.1" 200 36077 "-" "Mozilla/5.0 AppleWebKit/537.36 (KHTML, like Gecko; compatible; bingbot/2.0; +http://www.bing.com/bingbot.htm) Chrome/103.0.5060.134 Safari/537.36" "ysfine.com"
157.55.39.127 - - [27/Oct/2022:10:11:55 -0700] "GET /feynman/feynman.jpg HTTP/1.1" 200 40536 "-" "Mozilla/5.0 AppleWebKit/537.36 (KHTML, like Gecko; compatible; bingbot/2.0; +http://www.bing.com/bingbot.htm) Chrome/103.0.5060.134 Safari/537.36" "ysfine.com"
157.55.39.14 - - [27/Oct/2022:10:12:04 -0700] "GET /bio/class54/classphoto.html HTTP/1.1" 404 88 "-" "Mozilla/5.0 AppleWebKit/537.36 (KHTML, like Gecko; compatible; bingbot/2.0; +http://www.bing.com/bingbot.htm) Chrome/103.0.5060.134 Safari/537.36" "ysfine.com"
81.103.230.222 - - [27/Oct/2022:10:12:57 -0700] "GET /world/japan/nara005.jpg HTTP/1.1" 200 144132 "https://www.gay-fetish-xxx.com/" "Mozilla/5.0 (X11; Linux x86_64) AppleWebKit/537.36 (KHTML, like Gecko) Chrome/101.0.0.0 Safari/537.36" "ysfine.com"
157.55.39.14 - - [27/Oct/2022:10:13:25 -0700] "GET /bio/kobak/namdae.html HTTP/1.1" 404 88 "-" "Mozilla/5.0 AppleWebKit/537.36 (KHTML, like Gecko; compatible; bingbot/2.0; +http://www.bing.com/bingbot.htm) Chrome/103.0.5060.134 Safari/537.36" "ysfine.com"
65.95.85.58 - - [27/Oct/2022:10:13:32 -0700] "GET /dirac/nicodem11c.jpg HTTP/1.1" 200 72684 "https://www.google.com/" "Mozilla/5.0 (Linux; Android 10; LYA-L0C) AppleWebKit/537.36 (KHTML, like Gecko) Chrome/106.0.0.0 Mobile Safari/537.36" "ysfine.com"
216.244.66.229 - - [27/Oct/2022:10:13:37 -0700] "GET /robots.txt HTTP/1.1" 404 73 "-" "Mozilla/5.0 (compatible; DotBot/1.2; +https://opensiteexplorer.org/dotbot; help@moz.com)" "www.ysfine.com"
51.222.253.16 - - [27/Oct/2022:10:13:40 -0700] "GET /ysbio/class54/class5480/Videos/?C=N;O=A HTTP/1.1" 200 563 "-" "Mozilla/5.0 (compatible; AhrefsBot/7.0; +http://ahrefs.com/robot/)" "www.ysfine.com"
65.95.85.58 - - [27/Oct/2022:10:14:09 -0700] "GET /home/newton33.jpg HTTP/1.1" 200 141729 "https://www.google.com/" "Mozilla/5.0 (Linux; Android 10; LYA-L0C) AppleWebKit/537.36 (KHTML, like Gecko) Chrome/106.0.0.0 Mobile Safari/537.36" "ysfine.com"
40.77.167.71 - - [27/Oct/2022:10:14:43 -0700] "GET /style/musee/pradom06.jpg HTTP/1.1" 200 252665 "-" "Mozilla/5.0 (compatible; bingbot/2.0; +http://www.bing.com/bingbot.htm)" "ysfine.com"
47.40.196.62 - - [27/Oct/2022:10:15:24 -0700] "GET /maga/phil/herod11b.jpg HTTP/1.1" 200 152001 "https://images.search.yahoo.com/search/images;_ylt=Awrijs1du1pjA94vWw2JzbkF;_ylu=c2VjA3NlYXJjaARzbGsDYnV0dG9u;_ylc=X1MDOTYwNjI4NTcEX3IDMgRmcgNjcm1hc19zZnAEZnIyA3A6cyx2OmksbTpzYi10b3AEZ3ByaWQDTE5DRG5rWUtRVk85R1JVMjNGYnBLQQRuX3JzbHQDMARuX3N1Z2cDMgRvcmlnaW4DaW1hZ2VzLnNlYXJjaC55YWhvby5jb20EcG9zAzAEcHFzdHIDBHBxc3RybAMwBHFzdHJsAzE5BHF1ZXJ5A2tpbmclMjBoZXJvZCUyMHBpY3R1cmVzBHRfc3RtcAMxNjY2ODkwMjUz?p=king+herod+pictures&fr=crmas_sfp&fr2=p%3As%2Cv%3Ai%2Cm%3Asb-top&ei=UTF-8&x=wrt" "Mozilla/5.0 (Windows NT 10.0; Win64; x64) AppleWebKit/537.36 (KHTML, like Gecko) Chrome/106.0.0.0 Safari/537.36" "ysfine.com"
157.55.39.14 - - [27/Oct/2022:10:15:44 -0700] "GET /world/poland/wierzynek3.jpg HTTP/1.1" 200 123474 "-" "Mozilla/5.0 AppleWebKit/537.36 (KHTML, like Gecko; compatible; bingbot/2.0; +http://www.bing.com/bingbot.htm) Chrome/103.0.5060.134 Safari/537.36" "ysfine.com"
132.154.51.245 - - [27/Oct/2022:10:16:56 -0700] "GET /world/kalinin.html HTTP/1.1" 200 9595 "-" "Mozilla/5.0 (Linux; Android 11; CPH1937) AppleWebKit/537.36 (KHTML, like Gecko) Chrome/105.0.0.0 Mobile Safari/537.36" "ysfine.com"
132.154.51.245 - - [27/Oct/2022:10:16:56 -0700] "GET /world/baltic/kalin30b.jpg HTTP/1.1" 200 39566 "https://ysfine.com/world/kalinin.html" "Mozilla/5.0 (Linux; Android 11; CPH1937) AppleWebKit/537.36 (KHTML, like Gecko) Chrome/105.0.0.0 Mobile Safari/537.36" "ysfine.com"
132.154.51.245 - - [27/Oct/2022:10:16:56 -0700] "GET /world/baltic/kalinmap99b.jpg HTTP/1.1" 200 50124 "https://ysfine.com/world/kalinin.html" "Mozilla/5.0 (Linux; Android 11; CPH1937) AppleWebKit/537.36 (KHTML, like Gecko) Chrome/105.0.0.0 Mobile Safari/537.36" "ysfine.com"
132.154.51.245 - - [27/Oct/2022:10:16:56 -0700] "GET /world/baltic/kalin02b.jpg HTTP/1.1" 200 46051 "https://ysfine.com/world/kalinin.html" "Mozilla/5.0 (Linux; Android 11; CPH1937) AppleWebKit/537.36 (KHTML, like Gecko) Chrome/105.0.0.0 Mobile Safari/537.36" "ysfine.com"
132.154.51.245 - - [27/Oct/2022:10:16:56 -0700] "GET /world/baltic/kalin03b.jpg HTTP/1.1" 200 47262 "https://ysfine.com/world/kalinin.html" "Mozilla/5.0 (Linux; Android 11; CPH1937) AppleWebKit/537.36 (KHTML, like Gecko) Chrome/105.0.0.0 Mobile Safari/537.36" "ysfine.com"
132.154.51.245 - - [27/Oct/2022:10:16:56 -0700] "GET /world/baltic/kalin11b.jpg HTTP/1.1" 200 32717 "https://ysfine.com/world/kalinin.html" "Mozilla/5.0 (Linux; Android 11; CPH1937) AppleWebKit/537.36 (KHTML, like Gecko) Chrome/105.0.0.0 Mobile Safari/537.36" "ysfine.com"
132.154.51.245 - - [27/Oct/2022:10:16:56 -0700] "GET /world/baltic/kalin31b.jpg HTTP/1.1" 200 56139 "https://ysfine.com/world/kalinin.html" "Mozilla/5.0 (Linux; Android 11; CPH1937) AppleWebKit/537.36 (KHTML, like Gecko) Chrome/105.0.0.0 Mobile Safari/537.36" "ysfine.com"
132.154.51.245 - - [27/Oct/2022:10:16:56 -0700] "GET /world/baltic/kantm08b.jpg HTTP/1.1" 200 32412 "https://ysfine.com/world/kalinin.html" "Mozilla/5.0 (Linux; Android 11; CPH1937) AppleWebKit/537.36 (KHTML, like Gecko) Chrome/105.0.0.0 Mobile Safari/537.36" "ysfine.com"
132.154.51.245 - - [27/Oct/2022:10:16:56 -0700] "GET /world/baltic/kantruss2.jpg HTTP/1.1" 200 49309 "https://ysfine.com/world/kalinin.html" "Mozilla/5.0 (Linux; Android 11; CPH1937) AppleWebKit/537.36 (KHTML, like Gecko) Chrome/105.0.0.0 Mobile Safari/537.36" "ysfine.com"
132.154.51.245 - - [27/Oct/2022:10:16:56 -0700] "GET /world/baltic/kantbooks11b.jpg HTTP/1.1" 200 29847 "https://ysfine.com/world/kalinin.html" "Mozilla/5.0 (Linux; Android 11; CPH1937) AppleWebKit/537.36 (KHTML, like Gecko) Chrome/105.0.0.0 Mobile Safari/537.36" "ysfine.com"
132.154.51.245 - - [27/Oct/2022:10:16:56 -0700] "GET /world/baltic/kalin01b.jpg HTTP/1.1" 200 49696 "https://ysfine.com/world/kalinin.html" "Mozilla/5.0 (Linux; Android 11; CPH1937) AppleWebKit/537.36 (KHTML, like Gecko) Chrome/105.0.0.0 Mobile Safari/537.36" "ysfine.com"
132.154.51.245 - - [27/Oct/2022:10:16:56 -0700] "GET /world/baltic/kalin05b.jpg HTTP/1.1" 200 48785 "https://ysfine.com/world/kalinin.html" "Mozilla/5.0 (Linux; Android 11; CPH1937) AppleWebKit/537.36 (KHTML, like Gecko) Chrome/105.0.0.0 Mobile Safari/537.36" "ysfine.com"
132.154.51.245 - - [27/Oct/2022:10:16:56 -0700] "GET /world/baltic/kalinstamp2.jpg HTTP/1.1" 200 43778 "https://ysfine.com/world/kalinin.html" "Mozilla/5.0 (Linux; Android 11; CPH1937) AppleWebKit/537.36 (KHTML, like Gecko) Chrome/105.0.0.0 Mobile Safari/537.36" "ysfine.com"
132.154.51.245 - - [27/Oct/2022:10:16:56 -0700] "GET /world/baltic/kantstatue2.jpg HTTP/1.1" 200 50639 "https://ysfine.com/world/kalinin.html" "Mozilla/5.0 (Linux; Android 11; CPH1937) AppleWebKit/537.36 (KHTML, like Gecko) Chrome/105.0.0.0 Mobile Safari/537.36" "ysfine.com"
132.154.51.245 - - [27/Oct/2022:10:16:56 -0700] "GET /eink/eink61c.jpg HTTP/1.1" 200 34119 "https://ysfine.com/world/kalinin.html" "Mozilla/5.0 (Linux; Android 11; CPH1937) AppleWebKit/537.36 (KHTML, like Gecko) Chrome/105.0.0.0 Mobile Safari/537.36" "ysfine.com"
132.154.51.245 - - [27/Oct/2022:10:16:56 -0700] "GET /maga/phil/marxlon01b.jpg HTTP/1.1" 200 55777 "https://ysfine.com/world/kalinin.html" "Mozilla/5.0 (Linux; Android 11; CPH1937) AppleWebKit/537.36 (KHTML, like Gecko) Chrome/105.0.0.0 Mobile Safari/537.36" "ysfine.com"
132.154.51.245 - - [27/Oct/2022:10:16:56 -0700] "GET /world/baltic/kalinhouse2.jpg HTTP/1.1" 200 45105 "https://ysfine.com/world/kalinin.html" "Mozilla/5.0 (Linux; Android 11; CPH1937) AppleWebKit/537.36 (KHTML, like Gecko) Chrome/105.0.0.0 Mobile Safari/537.36" "ysfine.com"
132.154.51.245 - - [27/Oct/2022:10:16:56 -0700] "GET /world/baltic/kalinamber01b.jpg HTTP/1.1" 200 37575 "https://ysfine.com/world/kalinin.html" "Mozilla/5.0 (Linux; Android 11; CPH1937) AppleWebKit/537.36 (KHTML, like Gecko) Chrome/105.0.0.0 Mobile Safari/537.36" "ysfine.com"
132.154.51.245 - - [27/Oct/2022:10:16:56 -0700] "GET /world/baltic/frombork2.jpg HTTP/1.1" 200 67166 "https://ysfine.com/world/kalinin.html" "Mozilla/5.0 (Linux; Android 11; CPH1937) AppleWebKit/537.36 (KHTML, like Gecko) Chrome/105.0.0.0 Mobile Safari/537.36" "ysfine.com"
132.154.51.245 - - [27/Oct/2022:10:16:56 -0700] "GET /world/baltic/kalinfamily2.jpg HTTP/1.1" 200 36963 "https://ysfine.com/world/kalinin.html" "Mozilla/5.0 (Linux; Android 11; CPH1937) AppleWebKit/537.36 (KHTML, like Gecko) Chrome/105.0.0.0 Mobile Safari/537.36" "ysfine.com"
132.154.51.245 - - [27/Oct/2022:10:16:56 -0700] "GET /world/baltic/kalinmap22b.jpg HTTP/1.1" 200 33385 "https://ysfine.com/world/kalinin.html" "Mozilla/5.0 (Linux; Android 11; CPH1937) AppleWebKit/537.36 (KHTML, like Gecko) Chrome/105.0.0.0 Mobile Safari/537.36" "ysfine.com"
157.55.39.127 - - [27/Oct/2022:10:17:07 -0700] "GET /bio/sbk/index.html HTTP/1.1" 404 88 "-" "Mozilla/5.0 AppleWebKit/537.36 (KHTML, like Gecko; compatible; bingbot/2.0; +http://www.bing.com/bingbot.htm) Chrome/103.0.5060.134 Safari/537.36" "ysfine.com"
193.186.4.143 - - [27/Oct/2022:10:17:31 -0700] "GET /world/kalinin.html HTTP/1.1" 200 9595 "-" "Mozilla/5.0 (Linux; Android 10; K) AppleWebKit/537.36 (KHTML, like Gecko) Chrome/105.0.0.0 Mobile Safari/537.36" "ysfine.com"
132.154.51.245 - - [27/Oct/2022:10:17:40 -0700] "GET /world/baltic/kalin05b.jpg HTTP/1.1" 200 48785 "https://ysfine.com/world/kalinin.html" "Mozilla/5.0 (Linux; Android 11; CPH1937) AppleWebKit/537.36 (KHTML, like Gecko) Chrome/105.0.0.0 Mobile Safari/537.36" "ysfine.com"
132.154.51.245 - - [27/Oct/2022:10:17:40 -0700] "GET /world/baltic/kantm08b.jpg HTTP/1.1" 200 32412 "https://ysfine.com/world/kalinin.html" "Mozilla/5.0 (Linux; Android 11; CPH1937) AppleWebKit/537.36 (KHTML, like Gecko) Chrome/105.0.0.0 Mobile Safari/537.36" "ysfine.com"
132.154.51.245 - - [27/Oct/2022:10:17:40 -0700] "GET /world/baltic/kantbooks11b.jpg HTTP/1.1" 200 29847 "https://ysfine.com/world/kalinin.html" "Mozilla/5.0 (Linux; Android 11; CPH1937) AppleWebKit/537.36 (KHTML, like Gecko) Chrome/105.0.0.0 Mobile Safari/537.36" "ysfine.com"
132.154.51.245 - - [27/Oct/2022:10:17:40 -0700] "GET /world/baltic/kalinfamily2.jpg HTTP/1.1" 200 36963 "https://ysfine.com/world/kalinin.html" "Mozilla/5.0 (Linux; Android 11; CPH1937) AppleWebKit/537.36 (KHTML, like Gecko) Chrome/105.0.0.0 Mobile Safari/537.36" "ysfine.com"
132.154.51.245 - - [27/Oct/2022:10:17:40 -0700] "GET /world/baltic/kalin31b.jpg HTTP/1.1" 206 1 "https://ysfine.com/world/kalinin.html" "Mozilla/5.0 (Linux; Android 11; CPH1937) AppleWebKit/537.36 (KHTML, like Gecko) Chrome/105.0.0.0 Mobile Safari/537.36" "ysfine.com"
132.154.51.245 - - [27/Oct/2022:10:17:40 -0700] "GET /world/baltic/kantstatue2.jpg HTTP/1.1" 200 50639 "https://ysfine.com/world/kalinin.html" "Mozilla/5.0 (Linux; Android 11; CPH1937) AppleWebKit/537.36 (KHTML, like Gecko) Chrome/105.0.0.0 Mobile Safari/537.36" "ysfine.com"
132.154.51.245 - - [27/Oct/2022:10:17:40 -0700] "GET /world/baltic/kantruss2.jpg HTTP/1.1" 200 49309 "https://ysfine.com/world/kalinin.html" "Mozilla/5.0 (Linux; Android 11; CPH1937) AppleWebKit/537.36 (KHTML, like Gecko) Chrome/105.0.0.0 Mobile Safari/537.36" "ysfine.com"
132.154.51.245 - - [27/Oct/2022:10:17:40 -0700] "GET /world/baltic/kalinstamp2.jpg HTTP/1.1" 200 43778 "https://ysfine.com/world/kalinin.html" "Mozilla/5.0 (Linux; Android 11; CPH1937) AppleWebKit/537.36 (KHTML, like Gecko) Chrome/105.0.0.0 Mobile Safari/537.36" "ysfine.com"
132.154.51.245 - - [27/Oct/2022:10:17:40 -0700] "GET /maga/phil/marxlon01b.jpg HTTP/1.1" 200 55777 "https://ysfine.com/world/kalinin.html" "Mozilla/5.0 (Linux; Android 11; CPH1937) AppleWebKit/537.36 (KHTML, like Gecko) Chrome/105.0.0.0 Mobile Safari/537.36" "ysfine.com"
132.154.51.245 - - [27/Oct/2022:10:17:40 -0700] "GET /world/baltic/kalin01b.jpg HTTP/1.1" 200 49696 "https://ysfine.com/world/kalinin.html" "Mozilla/5.0 (Linux; Android 11; CPH1937) AppleWebKit/537.36 (KHTML, like Gecko) Chrome/105.0.0.0 Mobile Safari/537.36" "ysfine.com"
132.154.51.245 - - [27/Oct/2022:10:17:40 -0700] "GET /world/baltic/frombork2.jpg HTTP/1.1" 200 67166 "https://ysfine.com/world/kalinin.html" "Mozilla/5.0 (Linux; Android 11; CPH1937) AppleWebKit/537.36 (KHTML, like Gecko) Chrome/105.0.0.0 Mobile Safari/537.36" "ysfine.com"
132.154.51.245 - - [27/Oct/2022:10:17:40 -0700] "GET /world/baltic/kalinhouse2.jpg HTTP/1.1" 200 45105 "https://ysfine.com/world/kalinin.html" "Mozilla/5.0 (Linux; Android 11; CPH1937) AppleWebKit/537.36 (KHTML, like Gecko) Chrome/105.0.0.0 Mobile Safari/537.36" "ysfine.com"
132.154.51.245 - - [27/Oct/2022:10:17:40 -0700] "GET /eink/eink61c.jpg HTTP/1.1" 200 34119 "https://ysfine.com/world/kalinin.html" "Mozilla/5.0 (Linux; Android 11; CPH1937) AppleWebKit/537.36 (KHTML, like Gecko) Chrome/105.0.0.0 Mobile Safari/537.36" "ysfine.com"
132.154.51.245 - - [27/Oct/2022:10:17:40 -0700] "GET /world/baltic/kalinmap22b.jpg HTTP/1.1" 200 33385 "https://ysfine.com/world/kalinin.html" "Mozilla/5.0 (Linux; Android 11; CPH1937) AppleWebKit/537.36 (KHTML, like Gecko) Chrome/105.0.0.0 Mobile Safari/537.36" "ysfine.com"
132.154.51.245 - - [27/Oct/2022:10:17:40 -0700] "GET /world/baltic/kalinamber01b.jpg HTTP/1.1" 200 37575 "https://ysfine.com/world/kalinin.html" "Mozilla/5.0 (Linux; Android 11; CPH1937) AppleWebKit/537.36 (KHTML, like Gecko) Chrome/105.0.0.0 Mobile Safari/537.36" "ysfine.com"
132.154.51.245 - - [27/Oct/2022:10:17:42 -0700] "GET /world/baltic/kalin31b.jpg HTTP/1.1" 206 40239 "https://ysfine.com/world/kalinin.html" "Mozilla/5.0 (Linux; Android 11; CPH1937) AppleWebKit/537.36 (KHTML, like Gecko) Chrome/105.0.0.0 Mobile Safari/537.36" "ysfine.com"
51.222.253.15 - - [27/Oct/2022:10:17:48 -0700] "GET /einstein/einabel.html HTTP/1.1" 200 5982 "-" "Mozilla/5.0 (compatible; AhrefsBot/7.0; +http://ahrefs.com/robot/)" "ysfine.com"
51.222.253.8 - - [27/Oct/2022:10:17:55 -0700] "GET /maga/phys/yukaheisen67b.jpg HTTP/1.1" 200 42036 "-" "Mozilla/5.0 (compatible; AhrefsBot/7.0; +http://ahrefs.com/robot/)" "ysfine.com"
51.222.253.4 - - [27/Oct/2022:10:18:00 -0700] "GET /feynman/feyprince2.jpg HTTP/1.1" 200 49143 "-" "Mozilla/5.0 (compatible; AhrefsBot/7.0; +http://ahrefs.com/robot/)" "ysfine.com"
51.222.253.20 - - [27/Oct/2022:10:18:06 -0700] "GET /einstein/jsbell02b.jpg HTTP/1.1" 200 27021 "-" "Mozilla/5.0 (compatible; AhrefsBot/7.0; +http://ahrefs.com/robot/)" "ysfine.com"
51.222.253.1 - - [27/Oct/2022:10:18:12 -0700] "GET /einstein/einwheel53b.jpg HTTP/1.1" 200 47055 "-" "Mozilla/5.0 (compatible; AhrefsBot/7.0; +http://ahrefs.com/robot/)" "ysfine.com"
51.222.253.5 - - [27/Oct/2022:10:18:13 -0700] "GET /einstein/einwalk650.jpg HTTP/1.1" 200 58253 "-" "Mozilla/5.0 (compatible; AhrefsBot/7.0; +http://ahrefs.com/robot/)" "ysfine.com"
40.77.167.71 - - [27/Oct/2022:10:18:13 -0700] "GET /world/france/nicef07.jpg HTTP/1.1" 200 96371 "-" "Mozilla/5.0 (compatible; bingbot/2.0; +http://www.bing.com/bingbot.htm)" "www.ysfine.com"
51.222.253.12 - - [27/Oct/2022:10:18:19 -0700] "GET /einstein/einbohr22b.jpg HTTP/1.1" 200 42030 "-" "Mozilla/5.0 (compatible; AhrefsBot/7.0; +http://ahrefs.com/robot/)" "ysfine.com"
64.124.8.58 - - [27/Oct/2022:10:18:19 -0700] "GET /confer/nyet.html HTTP/1.1" 200 290 "-" "Mozilla/5.0 (X11; Linux x86_64) AppleWebKit/537.36 (KHTML, like Gecko) Chrome/61.0.3163.79 Safari/537.36" "www.ysfine.com"
51.222.253.10 - - [27/Oct/2022:10:18:24 -0700] "GET /einstein/evol22b.jpg HTTP/1.1" 200 29614 "-" "Mozilla/5.0 (compatible; AhrefsBot/7.0; +http://ahrefs.com/robot/)" "ysfine.com"
77.88.5.39 - - [27/Oct/2022:10:18:30 -0700] "GET /world/china/dalian01.jpg HTTP/1.1" 304 - "-" "Mozilla/5.0 (compatible; YandexImages/3.0; +http://yandex.com/bots)" "www.ysfine.com"
51.222.253.13 - - [27/Oct/2022:10:18:30 -0700] "GET /einstein/einwheel70b.jpg HTTP/1.1" 200 38692 "-" "Mozilla/5.0 (compatible; AhrefsBot/7.0; +http://ahrefs.com/robot/)" "ysfine.com"
51.222.253.3 - - [27/Oct/2022:10:18:36 -0700] "GET /princeton/prospectg22b.jpg HTTP/1.1" 200 49786 "-" "Mozilla/5.0 (compatible; AhrefsBot/7.0; +http://ahrefs.com/robot/)" "ysfine.com"
51.222.253.1 - - [27/Oct/2022:10:18:42 -0700] "GET /einstein/dff11b.jpg HTTP/1.1" 200 20896 "-" "Mozilla/5.0 (compatible; AhrefsBot/7.0; +http://ahrefs.com/robot/)" "ysfine.com"
51.222.253.14 - - [27/Oct/2022:10:18:47 -0700] "GET /einstein/einwheel84b.jpg HTTP/1.1" 200 53278 "-" "Mozilla/5.0 (compatible; AhrefsBot/7.0; +http://ahrefs.com/robot/)" "ysfine.com"
64.124.8.58 - - [27/Oct/2022:10:18:49 -0700] "GET /people/pimage.html HTTP/1.1" 200 7965 "-" "Mozilla/5.0 (X11; Linux x86_64) AppleWebKit/537.36 (KHTML, like Gecko) Chrome/61.0.3163.79 Safari/537.36" "www.ysfine.com"
51.222.253.5 - - [27/Oct/2022:10:18:53 -0700] "GET /einstein/einhouse650.jpg HTTP/1.1" 200 43065 "-" "Mozilla/5.0 (compatible; AhrefsBot/7.0; +http://ahrefs.com/robot/)" "ysfine.com"
51.222.253.20 - - [27/Oct/2022:10:18:59 -0700] "GET /einstein/goedel54b.jpg HTTP/1.1" 200 40926 "-" "Mozilla/5.0 (compatible; AhrefsBot/7.0; +http://ahrefs.com/robot/)" "ysfine.com"
64.124.8.46 - - [27/Oct/2022:10:19:00 -0700] "GET /style/mushalls.html HTTP/1.1" 200 21398 "-" "Mozilla/5.0 (X11; Linux x86_64) AppleWebKit/537.36 (KHTML, like Gecko) Chrome/61.0.3163.79 Safari/537.36" "ysfine.com"
51.222.253.11 - - [27/Oct/2022:10:19:05 -0700] "GET /einstein/einglaub01b.jpg HTTP/1.1" 200 48405 "-" "Mozilla/5.0 (compatible; AhrefsBot/7.0; +http://ahrefs.com/robot/)" "ysfine.com"
51.222.253.7 - - [27/Oct/2022:10:19:10 -0700] "GET /dirac/sq73b.jpg HTTP/1.1" 200 49918 "-" "Mozilla/5.0 (compatible; AhrefsBot/7.0; +http://ahrefs.com/robot/)" "ysfine.com"
187.95.40.51 - - [27/Oct/2022:10:19:16 -0700] "GET /wigner/neum/vnc01.jpg HTTP/1.1" 200 133641 "https://forum.adrenaline.com.br/" "Mozilla/5.0 (Linux; Android 8.1.0; SM-J710MN) AppleWebKit/537.36 (KHTML, like Gecko) Chrome/106.0.0.0 Mobile Safari/537.36" "ysfine.com"
51.222.253.16 - - [27/Oct/2022:10:19:16 -0700] "GET /maga/phys/yukaheisen58b.jpg HTTP/1.1" 200 34699 "-" "Mozilla/5.0 (compatible; AhrefsBot/7.0; +http://ahrefs.com/robot/)" "ysfine.com"
119.160.97.129 - - [27/Oct/2022:10:19:20 -0700] "GET /world/brit/etonharrow.html HTTP/1.1" 200 4546 "https://www.google.com/" "Mozilla/5.0 (Linux; Android 12; SM-A315F) AppleWebKit/537.36 (KHTML, like Gecko) Chrome/106.0.0.0 Mobile Safari/537.36" "ysfine.com"
119.160.97.129 - - [27/Oct/2022:10:19:21 -0700] "GET /world/brit/winston01b.jpg HTTP/1.1" 200 38436 "https://ysfine.com/world/brit/etonharrow.html" "Mozilla/5.0 (Linux; Android 12; SM-A315F) AppleWebKit/537.36 (KHTML, like Gecko) Chrome/106.0.0.0 Mobile Safari/537.36" "ysfine.com"
119.160.97.129 - - [27/Oct/2022:10:19:21 -0700] "GET /world/brit/nehru11b.jpg HTTP/1.1" 200 43052 "https://ysfine.com/world/brit/etonharrow.html" "Mozilla/5.0 (Linux; Android 12; SM-A315F) AppleWebKit/537.36 (KHTML, like Gecko) Chrome/106.0.0.0 Mobile Safari/537.36" "ysfine.com"
119.160.97.129 - - [27/Oct/2022:10:19:21 -0700] "GET /kobak/kwk11b.jpg HTTP/1.1" 200 46888 "https://ysfine.com/world/brit/etonharrow.html" "Mozilla/5.0 (Linux; Android 12; SM-A315F) AppleWebKit/537.36 (KHTML, like Gecko) Chrome/106.0.0.0 Mobile Safari/537.36" "ysfine.com"
119.160.97.129 - - [27/Oct/2022:10:19:21 -0700] "GET /world/brit/eton03b.jpg HTTP/1.1" 200 45141 "https://ysfine.com/world/brit/etonharrow.html" "Mozilla/5.0 (Linux; Android 12; SM-A315F) AppleWebKit/537.36 (KHTML, like Gecko) Chrome/106.0.0.0 Mobile Safari/537.36" "ysfine.com"
119.160.97.129 - - [27/Oct/2022:10:19:21 -0700] "GET /world/brit/eton01b.jpg HTTP/1.1" 200 47771 "https://ysfine.com/world/brit/etonharrow.html" "Mozilla/5.0 (Linux; Android 12; SM-A315F) AppleWebKit/537.36 (KHTML, like Gecko) Chrome/106.0.0.0 Mobile Safari/537.36" "ysfine.com"
119.160.97.129 - - [27/Oct/2022:10:19:21 -0700] "GET /world/brit/eton07b.jpg HTTP/1.1" 200 36566 "https://ysfine.com/world/brit/etonharrow.html" "Mozilla/5.0 (Linux; Android 12; SM-A315F) AppleWebKit/537.36 (KHTML, like Gecko) Chrome/106.0.0.0 Mobile Safari/537.36" "ysfine.com"
119.160.97.129 - - [27/Oct/2022:10:19:21 -0700] "GET /world/brit/windsor02b.jpg HTTP/1.1" 200 40724 "https://ysfine.com/world/brit/etonharrow.html" "Mozilla/5.0 (Linux; Android 12; SM-A315F) AppleWebKit/537.36 (KHTML, like Gecko) Chrome/106.0.0.0 Mobile Safari/537.36" "ysfine.com"
119.160.97.129 - - [27/Oct/2022:10:19:21 -0700] "GET /world/brit/eton02b.jpg HTTP/1.1" 200 39432 "https://ysfine.com/world/brit/etonharrow.html" "Mozilla/5.0 (Linux; Android 12; SM-A315F) AppleWebKit/537.36 (KHTML, like Gecko) Chrome/106.0.0.0 Mobile Safari/537.36" "ysfine.com"
119.160.97.129 - - [27/Oct/2022:10:19:24 -0700] "GET /world/brit/harrow01b.jpg HTTP/1.1" 200 54632 "https://ysfine.com/world/brit/etonharrow.html" "Mozilla/5.0 (Linux; Android 12; SM-A315F) AppleWebKit/537.36 (KHTML, like Gecko) Chrome/106.0.0.0 Mobile Safari/537.36" "ysfine.com"
119.160.97.129 - - [27/Oct/2022:10:19:24 -0700] "GET /world/brit/harrow09b.jpg HTTP/1.1" 200 48797 "https://ysfine.com/world/brit/etonharrow.html" "Mozilla/5.0 (Linux; Android 12; SM-A315F) AppleWebKit/537.36 (KHTML, like Gecko) Chrome/106.0.0.0 Mobile Safari/537.36" "ysfine.com"
119.160.97.129 - - [27/Oct/2022:10:19:24 -0700] "GET /world/brit/harrow12b.jpg HTTP/1.1" 200 45104 "https://ysfine.com/world/brit/etonharrow.html" "Mozilla/5.0 (Linux; Android 12; SM-A315F) AppleWebKit/537.36 (KHTML, like Gecko) Chrome/106.0.0.0 Mobile Safari/537.36" "ysfine.com"
119.160.97.129 - - [27/Oct/2022:10:19:25 -0700] "GET /world/brit/harrow04b.jpg HTTP/1.1" 200 48004 "https://ysfine.com/world/brit/etonharrow.html" "Mozilla/5.0 (Linux; Android 12; SM-A315F) AppleWebKit/537.36 (KHTML, like Gecko) Chrome/106.0.0.0 Mobile Safari/537.36" "ysfine.com"
119.160.97.129 - - [27/Oct/2022:10:19:30 -0700] "GET /world/brit/harrow11b.jpg HTTP/1.1" 200 42533 "https://ysfine.com/world/brit/etonharrow.html" "Mozilla/5.0 (Linux; Android 12; SM-A315F) AppleWebKit/537.36 (KHTML, like Gecko) Chrome/106.0.0.0 Mobile Safari/537.36" "ysfine.com"
119.160.97.129 - - [27/Oct/2022:10:19:30 -0700] "GET /eink/pwk19c.jpg HTTP/1.1" 200 57759 "https://ysfine.com/world/brit/etonharrow.html" "Mozilla/5.0 (Linux; Android 12; SM-A315F) AppleWebKit/537.36 (KHTML, like Gecko) Chrome/106.0.0.0 Mobile Safari/537.36" "ysfine.com"
119.160.97.129 - - [27/Oct/2022:10:19:31 -0700] "GET /kobak/taylor33c.jpg HTTP/1.1" 200 39951 "https://ysfine.com/world/brit/etonharrow.html" "Mozilla/5.0 (Linux; Android 12; SM-A315F) AppleWebKit/537.36 (KHTML, like Gecko) Chrome/106.0.0.0 Mobile Safari/537.36" "ysfine.com"
40.77.167.95 - - [27/Oct/2022:10:19:34 -0700] "GET /robots.txt HTTP/1.1" 404 88 "-" "Mozilla/5.0 (compatible; bingbot/2.0; +http://www.bing.com/bingbot.htm)" "www.ysfine.com"
119.160.97.129 - - [27/Oct/2022:10:19:43 -0700] "GET /favicon.ico HTTP/1.1" 404 88 "https://ysfine.com/world/brit/etonharrow.html" "Mozilla/5.0 (Linux; Android 12; SM-A315F) AppleWebKit/537.36 (KHTML, like Gecko) Chrome/106.0.0.0 Mobile Safari/537.36" "ysfine.com"
64.124.8.58 - - [27/Oct/2022:10:20:15 -0700] "GET /dirac/dirbot.html HTTP/1.1" 200 130 "-" "Mozilla/5.0 (X11; Linux x86_64) AppleWebKit/537.36 (KHTML, like Gecko) Chrome/61.0.3163.79 Safari/537.36" "www.ysfine.com"
157.55.39.14 - - [27/Oct/2022:10:20:44 -0700] "GET /newyork/emp03.jpg HTTP/1.1" 200 179137 "-" "Mozilla/5.0 (compatible; bingbot/2.0; +http://www.bing.com/bingbot.htm)" "ysfine.com"
40.77.167.27 - - [27/Oct/2022:10:20:57 -0700] "GET /awards/wsj21a.jpg HTTP/1.1" 200 118092 "-" "Mozilla/5.0 (compatible; bingbot/2.0; +http://www.bing.com/bingbot.htm)" "ysfine.com"
207.46.13.104 - - [27/Oct/2022:10:21:04 -0700] "GET /world/baltic/kalin32.jpg HTTP/1.1" 200 120599 "-" "Mozilla/5.0 (compatible; bingbot/2.0; +http://www.bing.com/bingbot.htm)" "ysfine.com"
77.88.5.45 - - [27/Oct/2022:10:22:07 -0700] "GET /friends/italian.html HTTP/1.1" 404 88 "-" "Mozilla/5.0 (compatible; YandexBot/3.0; +http://yandex.com/bots)" "www.ysfine.com"
216.106.91.5 - - [27/Oct/2022:10:23:48 -0700] "GET /maga/phys/yukawa00.jpg HTTP/1.1" 200 84885 "https://www.google.com/" "Mozilla/5.0 (X11; CrOS x86_64 15054.98.0) AppleWebKit/537.36 (KHTML, like Gecko) Chrome/106.0.0.0 Safari/537.36" "ysfine.com"
36.37.195.244 - - [27/Oct/2022:10:23:57 -0700] "GET /maga/phys/landau35b.jpg HTTP/1.1" 200 26143 "https://www.google.com/" "Mozilla/5.0 (Linux; Android 12; SM-G975U1) AppleWebKit/537.36 (KHTML, like Gecko) Chrome/106.0.0.0 Mobile Safari/537.36" "ysfine.com"
216.244.66.229 - - [27/Oct/2022:10:24:47 -0700] "GET /ffriends/aline/virgin03.jpg HTTP/1.1" 200 108967 "-" "Mozilla/5.0 (compatible; DotBot/1.2; +https://opensiteexplorer.org/dotbot; help@moz.com)" "www.ysfine.com"
185.15.56.22 - - [27/Oct/2022:10:26:00 -0700] "HEAD /feynman/fphoto.html HTTP/1.1" 200 - "http://ysfine.com/feynman/fphoto.html" "IABot/2.0 (+https://meta.wikimedia.org/wiki/InternetArchiveBot/FAQ_for_sysadmins) (Checking if link from Wikipedia is broken and needs removal)" "ysfine.com"
51.222.253.19 - - [27/Oct/2022:10:26:00 -0700] "GET /dirac/dirackim62.html HTTP/1.1" 200 2970 "-" "Mozilla/5.0 (compatible; AhrefsBot/7.0; +http://ahrefs.com/robot/)" "ysfine.com"
51.222.253.3 - - [27/Oct/2022:10:26:06 -0700] "GET /kobak/nicodem11b.jpg HTTP/1.1" 200 79065 "-" "Mozilla/5.0 (compatible; AhrefsBot/7.0; +http://ahrefs.com/robot/)" "ysfine.com"
51.222.253.19 - - [27/Oct/2022:10:26:12 -0700] "GET /dirac/dirackn33b.jpg HTTP/1.1" 200 48200 "-" "Mozilla/5.0 (compatible; AhrefsBot/7.0; +http://ahrefs.com/robot/)" "ysfine.com"
157.55.39.127 - - [27/Oct/2022:10:26:16 -0700] "GET /wdc/whouse05.jpg HTTP/1.1" 200 75352 "-" "Mozilla/5.0 AppleWebKit/537.36 (KHTML, like Gecko; compatible; bingbot/2.0; +http://www.bing.com/bingbot.htm) Chrome/103.0.5060.134 Safari/537.36" "ysfine.com"
51.222.253.3 - - [27/Oct/2022:10:26:17 -0700] "GET /feynman/feydirak11b.jpg HTTP/1.1" 200 38821 "-" "Mozilla/5.0 (compatible; AhrefsBot/7.0; +http://ahrefs.com/robot/)" "ysfine.com"
51.222.253.15 - - [27/Oct/2022:10:26:23 -0700] "GET /dirac/dirk6201.jpg HTTP/1.1" 200 51283 "-" "Mozilla/5.0 (compatible; AhrefsBot/7.0; +http://ahrefs.com/robot/)" "ysfine.com"
40.77.167.71 - - [27/Oct/2022:10:26:23 -0700] "GET /style/musee/perga23.jpg HTTP/1.1" 200 87183 "-" "Mozilla/5.0 (compatible; bingbot/2.0; +http://www.bing.com/bingbot.htm)" "ysfine.com"
51.222.253.19 - - [27/Oct/2022:10:26:29 -0700] "GET /dirac/hyperell2.jpg HTTP/1.1" 200 29858 "-" "Mozilla/5.0 (compatible; AhrefsBot/7.0; +http://ahrefs.com/robot/)" "ysfine.com"
51.222.253.20 - - [27/Oct/2022:10:26:34 -0700] "GET /feynman/feydirac270.jpg HTTP/1.1" 200 59000 "-" "Mozilla/5.0 (compatible; AhrefsBot/7.0; +http://ahrefs.com/robot/)" "ysfine.com"
157.55.39.127 - - [27/Oct/2022:10:27:17 -0700] "GET /bio/dirac/index.html HTTP/1.1" 404 88 "-" "Mozilla/5.0 (compatible; bingbot/2.0; +http://www.bing.com/bingbot.htm)" "ysfine.com"
100.0.196.89 - - [27/Oct/2022:10:27:39 -0700] "GET /wigner/neeman.jpg HTTP/1.1" 200 74678 "https://www.google.com/" "Mozilla/5.0 (Windows NT 10.0; Win64; x64) AppleWebKit/537.36 (KHTML, like Gecko) Chrome/106.0.0.0 Safari/537.36" "ysfine.com"
40.77.167.27 - - [27/Oct/2022:10:27:59 -0700] "GET /bio/maga/poincare.html HTTP/1.1" 404 88 "-" "Mozilla/5.0 AppleWebKit/537.36 (KHTML, like Gecko; compatible; bingbot/2.0; +http://www.bing.com/bingbot.htm) Chrome/103.0.5060.134 Safari/537.36" "ysfine.com"
157.55.39.121 - - [27/Oct/2022:10:28:28 -0700] "GET /sbk/1987pr33.jpg HTTP/1.1" 200 152740 "-" "Mozilla/5.0 (compatible; bingbot/2.0; +http://www.bing.com/bingbot.htm)" "ysfine.com"
201.55.31.211 - - [27/Oct/2022:10:29:23 -0700] "GET /wigner/neum/vnc01.jpg HTTP/1.1" 200 133641 "-" "Mozilla/5.0 (iPhone; CPU iPhone OS 15_7 like Mac OS X) AppleWebKit/605.1.15 (KHTML, like Gecko) Version/15.6,2 Mobile/15E148 Safari/604.1" "ysfine.com"
157.55.39.14 - - [27/Oct/2022:10:30:25 -0700] "GET /style/owaves2.jpg HTTP/1.1" 200 55324 "-" "Mozilla/5.0 (compatible; bingbot/2.0; +http://www.bing.com/bingbot.htm)" "www.ysfine.com"
157.55.39.127 - - [27/Oct/2022:10:31:16 -0700] "GET /style/klauder33b.jpg HTTP/1.1" 200 48434 "-" "Mozilla/5.0 (compatible; bingbot/2.0; +http://www.bing.com/bingbot.htm)" "ysfine.com"
156.12.90.55 - - [27/Oct/2022:10:31:38 -0700] "GET /einstein/eincopen22.html HTTP/1.1" 404 88 "-" "Mozilla/5.0 (Macintosh; Intel Mac OS X 10_15_7) AppleWebKit/605.1.15 (KHTML, like Gecko)" "www.ysfine.com"
156.12.90.55 - - [27/Oct/2022:10:31:38 -0700] "GET /apple-touch-icon-precomposed.png HTTP/1.1" 404 88 "-" "Safari/16614.1.25.9.10 CFNetwork/1240.0.4 Darwin/20.6.0" "www.ysfine.com"
156.12.90.55 - - [27/Oct/2022:10:31:38 -0700] "GET /apple-touch-icon.png HTTP/1.1" 404 88 "-" "Safari/16614.1.25.9.10 CFNetwork/1240.0.4 Darwin/20.6.0" "www.ysfine.com"
156.12.90.55 - - [27/Oct/2022:10:31:38 -0700] "GET /favicon.ico HTTP/1.1" 404 88 "-" "Safari/16614.1.25.9.10 CFNetwork/1240.0.4 Darwin/20.6.0" "www.ysfine.com"
156.12.90.55 - - [27/Oct/2022:10:31:38 -0700] "GET /apple-touch-icon-precomposed.png HTTP/1.1" 404 88 "-" "Safari/16614.1.25.9.10 CFNetwork/1240.0.4 Darwin/20.6.0" "www.ysfine.com"
156.12.90.55 - - [27/Oct/2022:10:31:38 -0700] "GET /apple-touch-icon.png HTTP/1.1" 404 88 "-" "Safari/16614.1.25.9.10 CFNetwork/1240.0.4 Darwin/20.6.0" "www.ysfine.com"
156.12.90.55 - - [27/Oct/2022:10:31:38 -0700] "GET /favicon.ico HTTP/1.1" 404 88 "-" "Safari/16614.1.25.9.10 CFNetwork/1240.0.4 Darwin/20.6.0" "www.ysfine.com"
156.12.90.55 - - [27/Oct/2022:10:31:38 -0700] "GET /einstein/eincopen22.html HTTP/1.1" 404 88 "-" "Mozilla/5.0 (iPhone; CPU iPhone OS 16_0 like Mac OS X) AppleWebKit/605.1.15 (KHTML, like Gecko) Version/16.0 Mobile/15E148 Safari/604.1" "www.ysfine.com"
156.12.90.55 - - [27/Oct/2022:10:31:39 -0700] "GET /apple-touch-icon-precomposed.png HTTP/1.1" 404 88 "-" "Safari/16614.1.25.9.10 CFNetwork/1240.0.4 Darwin/20.6.0" "www.ysfine.com"
156.12.90.55 - - [27/Oct/2022:10:31:39 -0700] "GET /apple-touch-icon.png HTTP/1.1" 404 88 "-" "Safari/16614.1.25.9.10 CFNetwork/1240.0.4 Darwin/20.6.0" "www.ysfine.com"
156.12.90.55 - - [27/Oct/2022:10:31:39 -0700] "GET /favicon.ico HTTP/1.1" 404 88 "-" "Safari/16614.1.25.9.10 CFNetwork/1240.0.4 Darwin/20.6.0" "www.ysfine.com"
156.12.90.55 - - [27/Oct/2022:10:31:39 -0700] "GET /apple-touch-icon-precomposed.png HTTP/1.1" 404 88 "-" "Safari/16614.1.25.9.10 CFNetwork/1240.0.4 Darwin/20.6.0" "www.ysfine.com"
156.12.90.55 - - [27/Oct/2022:10:31:39 -0700] "GET /apple-touch-icon.png HTTP/1.1" 404 88 "-" "Safari/16614.1.25.9.10 CFNetwork/1240.0.4 Darwin/20.6.0" "www.ysfine.com"
156.12.90.55 - - [27/Oct/2022:10:31:39 -0700] "GET /favicon.ico HTTP/1.1" 404 88 "-" "Safari/16614.1.25.9.10 CFNetwork/1240.0.4 Darwin/20.6.0" "www.ysfine.com"
157.55.39.121 - - [27/Oct/2022:10:31:48 -0700] "GET /world/baltic/riga27.jpg HTTP/1.1" 200 85153 "-" "Mozilla/5.0 AppleWebKit/537.36 (KHTML, like Gecko; compatible; bingbot/2.0; +http://www.bing.com/bingbot.htm) Chrome/103.0.5060.134 Safari/537.36" "ysfine.com"
24.126.126.113 - - [27/Oct/2022:10:32:27 -0700] "GET /kobak/rheetr11.jpg HTTP/1.1" 200 184635 "https://www.google.com/" "Mozilla/5.0 (Macintosh; Intel Mac OS X 10_15_7) AppleWebKit/605.1.15 (KHTML, like Gecko) Version/16.0 Safari/605.1.15" "ysfine.com"
157.55.39.121 - - [27/Oct/2022:10:33:00 -0700] "GET /bio/optics.html HTTP/1.1" 404 88 "-" "Mozilla/5.0 (compatible; bingbot/2.0; +http://www.bing.com/bingbot.htm)" "ysfine.com"
157.55.39.127 - - [27/Oct/2022:10:33:26 -0700] "GET /world/ital/lascala01b.jpg HTTP/1.1" 200 37072 "-" "Mozilla/5.0 (compatible; bingbot/2.0; +http://www.bing.com/bingbot.htm)" "www.ysfine.com"
78.54.6.103 - - [27/Oct/2022:10:33:41 -0700] "GET /dirac/dirheisen31b.jpg HTTP/1.1" 200 39248 "https://www.google.com/" "Mozilla/5.0 (Windows NT 10.0; Win64; x64) AppleWebKit/537.36 (KHTML, like Gecko) Chrome/106.0.0.0 Safari/537.36" "ysfine.com"
78.54.6.103 - - [27/Oct/2022:10:33:43 -0700] "GET /feynman/feydirac.jpg HTTP/1.1" 200 98378 "https://www.google.com/" "Mozilla/5.0 (Windows NT 10.0; Win64; x64) AppleWebKit/537.36 (KHTML, like Gecko) Chrome/106.0.0.0 Safari/537.36" "ysfine.com"
78.54.6.103 - - [27/Oct/2022:10:33:43 -0700] "GET /dirac/dirfoc62.jpg HTTP/1.1" 200 192075 "https://www.google.com/" "Mozilla/5.0 (Windows NT 10.0; Win64; x64) AppleWebKit/537.36 (KHTML, like Gecko) Chrome/106.0.0.0 Safari/537.36" "ysfine.com"
100.0.196.89 - - [27/Oct/2022:10:34:39 -0700] "GET /feynman/feygell22.jpg HTTP/1.1" 200 61564 "https://www.google.com/" "Mozilla/5.0 (Windows NT 10.0; Win64; x64) AppleWebKit/537.36 (KHTML, like Gecko) Chrome/106.0.0.0 Safari/537.36" "ysfine.com"
51.222.253.8 - - [27/Oct/2022:10:34:46 -0700] "GET /world/florence.html HTTP/1.1" 200 9706 "-" "Mozilla/5.0 (compatible; AhrefsBot/7.0; +http://ahrefs.com/robot/)" "www.ysfine.com"
51.222.253.10 - - [27/Oct/2022:10:34:50 -0700] "GET /world/ital/stcroce05b.jpg HTTP/1.1" 200 52491 "-" "Mozilla/5.0 (compatible; AhrefsBot/7.0; +http://ahrefs.com/robot/)" "www.ysfine.com"
51.222.253.19 - - [27/Oct/2022:10:34:56 -0700] "GET /world/ital/flor062b.jpg HTTP/1.1" 200 49181 "-" "Mozilla/5.0 (compatible; AhrefsBot/7.0; +http://ahrefs.com/robot/)" "www.ysfine.com"
51.222.253.5 - - [27/Oct/2022:10:35:02 -0700] "GET /world/ital/flor023b.jpg HTTP/1.1" 200 44340 "-" "Mozilla/5.0 (compatible; AhrefsBot/7.0; +http://ahrefs.com/robot/)" "www.ysfine.com"
51.222.253.4 - - [27/Oct/2022:10:35:08 -0700] "GET /world/ital/uffizi12b.jpg HTTP/1.1" 200 49310 "-" "Mozilla/5.0 (compatible; AhrefsBot/7.0; +http://ahrefs.com/robot/)" "www.ysfine.com"
51.222.253.1 - - [27/Oct/2022:10:35:13 -0700] "GET /world/ital/medici52b.jpg HTTP/1.1" 200 57028 "-" "Mozilla/5.0 (compatible; AhrefsBot/7.0; +http://ahrefs.com/robot/)" "www.ysfine.com"
51.222.253.5 - - [27/Oct/2022:10:35:19 -0700] "GET /world/ital/florf01b.jpg HTTP/1.1" 200 38979 "-" "Mozilla/5.0 (compatible; AhrefsBot/7.0; +http://ahrefs.com/robot/)" "www.ysfine.com"
51.222.253.11 - - [27/Oct/2022:10:35:25 -0700] "GET /world/ital/florf16b.jpg HTTP/1.1" 200 51782 "-" "Mozilla/5.0 (compatible; AhrefsBot/7.0; +http://ahrefs.com/robot/)" "www.ysfine.com"
51.222.253.6 - - [27/Oct/2022:10:35:30 -0700] "GET /world/ital/flor071b.jpg HTTP/1.1" 200 44376 "-" "Mozilla/5.0 (compatible; AhrefsBot/7.0; +http://ahrefs.com/robot/)" "www.ysfine.com"
51.222.253.17 - - [27/Oct/2022:10:35:36 -0700] "GET /world/ital/flor082b.jpg HTTP/1.1" 200 50639 "-" "Mozilla/5.0 (compatible; AhrefsBot/7.0; +http://ahrefs.com/robot/)" "www.ysfine.com"
51.222.253.5 - - [27/Oct/2022:10:35:43 -0700] "GET /world/ital/flor084b.jpg HTTP/1.1" 200 40350 "-" "Mozilla/5.0 (compatible; AhrefsBot/7.0; +http://ahrefs.com/robot/)" "www.ysfine.com"
51.222.253.20 - - [27/Oct/2022:10:35:49 -0700] "GET /world/ital/flor069b.jpg HTTP/1.1" 200 44804 "-" "Mozilla/5.0 (compatible; AhrefsBot/7.0; +http://ahrefs.com/robot/)" "www.ysfine.com"
51.222.253.5 - - [27/Oct/2022:10:35:54 -0700] "GET /world/ital/medici51b.jpg HTTP/1.1" 200 41207 "-" "Mozilla/5.0 (compatible; AhrefsBot/7.0; +http://ahrefs.com/robot/)" "www.ysfine.com"
51.222.253.16 - - [27/Oct/2022:10:36:00 -0700] "GET /world/ital/stcroce14b.jpg HTTP/1.1" 200 41904 "-" "Mozilla/5.0 (compatible; AhrefsBot/7.0; +http://ahrefs.com/robot/)" "www.ysfine.com"
51.222.253.2 - - [27/Oct/2022:10:36:05 -0700] "GET /world/ital/flor087b.jpg HTTP/1.1" 200 57688 "-" "Mozilla/5.0 (compatible; AhrefsBot/7.0; +http://ahrefs.com/robot/)" "www.ysfine.com"
51.222.253.10 - - [27/Oct/2022:10:36:12 -0700] "GET /world/ital/florf17b.jpg HTTP/1.1" 200 35730 "-" "Mozilla/5.0 (compatible; AhrefsBot/7.0; +http://ahrefs.com/robot/)" "www.ysfine.com"
51.222.253.11 - - [27/Oct/2022:10:36:17 -0700] "GET /world/ital/uffizi02b.jpg HTTP/1.1" 200 53042 "-" "Mozilla/5.0 (compatible; AhrefsBot/7.0; +http://ahrefs.com/robot/)" "www.ysfine.com"
51.222.253.11 - - [27/Oct/2022:10:36:23 -0700] "GET /world/ital/stcroce16b.jpg HTTP/1.1" 200 61306 "-" "Mozilla/5.0 (compatible; AhrefsBot/7.0; +http://ahrefs.com/robot/)" "www.ysfine.com"
51.222.253.10 - - [27/Oct/2022:10:36:29 -0700] "GET /world/ital/flor092b.jpg HTTP/1.1" 200 46326 "-" "Mozilla/5.0 (compatible; AhrefsBot/7.0; +http://ahrefs.com/robot/)" "www.ysfine.com"
40.77.167.27 - - [27/Oct/2022:10:36:30 -0700] "GET /world/japan/nara005.jpg HTTP/1.1" 200 144132 "-" "Mozilla/5.0 AppleWebKit/537.36 (KHTML, like Gecko; compatible; bingbot/2.0; +http://www.bing.com/bingbot.htm) Chrome/103.0.5060.134 Safari/537.36" "ysfine.com"
51.222.253.4 - - [27/Oct/2022:10:36:34 -0700] "GET /world/ital/flor036b.jpg HTTP/1.1" 200 43002 "-" "Mozilla/5.0 (compatible; AhrefsBot/7.0; +http://ahrefs.com/robot/)" "www.ysfine.com"
51.222.253.8 - - [27/Oct/2022:10:36:40 -0700] "GET /dirac/michelan01b.jpg HTTP/1.1" 200 50306 "-" "Mozilla/5.0 (compatible; AhrefsBot/7.0; +http://ahrefs.com/robot/)" "www.ysfine.com"
207.46.13.104 - - [27/Oct/2022:10:36:46 -0700] "GET /dirac/overlap.jpg HTTP/1.1" 200 47846 "-" "Mozilla/5.0 AppleWebKit/537.36 (KHTML, like Gecko; compatible; bingbot/2.0; +http://www.bing.com/bingbot.htm) Chrome/103.0.5060.134 Safari/537.36" "ysfine.com"
51.222.253.17 - - [27/Oct/2022:10:36:47 -0700] "GET /world/ital/flor061b.jpg HTTP/1.1" 200 41082 "-" "Mozilla/5.0 (compatible; AhrefsBot/7.0; +http://ahrefs.com/robot/)" "www.ysfine.com"
157.55.39.127 - - [27/Oct/2022:10:36:50 -0700] "GET /bio/internal.html HTTP/1.1" 404 88 "-" "Mozilla/5.0 AppleWebKit/537.36 (KHTML, like Gecko; compatible; bingbot/2.0; +http://www.bing.com/bingbot.htm) Chrome/103.0.5060.134 Safari/537.36" "ysfine.com"
51.222.253.2 - - [27/Oct/2022:10:36:53 -0700] "GET /world/ital/flor026b.jpg HTTP/1.1" 200 29626 "-" "Mozilla/5.0 (compatible; AhrefsBot/7.0; +http://ahrefs.com/robot/)" "www.ysfine.com"
40.77.167.71 - - [27/Oct/2022:10:36:55 -0700] "GET /bio/style/ystyle.html HTTP/1.1" 404 88 "-" "Mozilla/5.0 AppleWebKit/537.36 (KHTML, like Gecko; compatible; bingbot/2.0; +http://www.bing.com/bingbot.htm) Chrome/103.0.5060.134 Safari/537.36" "ysfine.com"
51.222.253.7 - - [27/Oct/2022:10:36:59 -0700] "GET /world/ital/flor031b.jpg HTTP/1.1" 200 40386 "-" "Mozilla/5.0 (compatible; AhrefsBot/7.0; +http://ahrefs.com/robot/)" "www.ysfine.com"
51.222.253.4 - - [27/Oct/2022:10:37:05 -0700] "GET /world/ital/stcroce02b.jpg HTTP/1.1" 200 45226 "-" "Mozilla/5.0 (compatible; AhrefsBot/7.0; +http://ahrefs.com/robot/)" "www.ysfine.com"
51.222.253.11 - - [27/Oct/2022:10:37:10 -0700] "GET /world/ital/stcroce11b.jpg HTTP/1.1" 200 29908 "-" "Mozilla/5.0 (compatible; AhrefsBot/7.0; +http://ahrefs.com/robot/)" "www.ysfine.com"
51.222.253.9 - - [27/Oct/2022:10:37:16 -0700] "GET /princeton/sbt11b.jpg HTTP/1.1" 200 25236 "-" "Mozilla/5.0 (compatible; AhrefsBot/7.0; +http://ahrefs.com/robot/)" "www.ysfine.com"
51.222.253.11 - - [27/Oct/2022:10:37:21 -0700] "GET /world/ital/flor091b.jpg HTTP/1.1" 200 42879 "-" "Mozilla/5.0 (compatible; AhrefsBot/7.0; +http://ahrefs.com/robot/)" "www.ysfine.com"
51.222.253.5 - - [27/Oct/2022:10:37:26 -0700] "GET /world/ital/stcroce18b.jpg HTTP/1.1" 200 53514 "-" "Mozilla/5.0 (compatible; AhrefsBot/7.0; +http://ahrefs.com/robot/)" "www.ysfine.com"
51.222.253.15 - - [27/Oct/2022:10:37:32 -0700] "GET /world/ital/flor073b.jpg HTTP/1.1" 200 39590 "-" "Mozilla/5.0 (compatible; AhrefsBot/7.0; +http://ahrefs.com/robot/)" "www.ysfine.com"
51.222.253.1 - - [27/Oct/2022:10:37:38 -0700] "GET /world/ital/uffizi22b.jpg HTTP/1.1" 200 42665 "-" "Mozilla/5.0 (compatible; AhrefsBot/7.0; +http://ahrefs.com/robot/)" "www.ysfine.com"
51.222.253.15 - - [27/Oct/2022:10:37:43 -0700] "GET /world/ital/flor011b.jpg HTTP/1.1" 200 28831 "-" "Mozilla/5.0 (compatible; AhrefsBot/7.0; +http://ahrefs.com/robot/)" "www.ysfine.com"
51.222.253.7 - - [27/Oct/2022:10:37:46 -0700] "GET /world/ital/flor079b.jpg HTTP/1.1" 200 28108 "-" "Mozilla/5.0 (compatible; AhrefsBot/7.0; +http://ahrefs.com/robot/)" "www.ysfine.com"
51.222.253.9 - - [27/Oct/2022:10:37:51 -0700] "GET /world/ital/stcroce09b.jpg HTTP/1.1" 200 37576 "-" "Mozilla/5.0 (compatible; AhrefsBot/7.0; +http://ahrefs.com/robot/)" "www.ysfine.com"
204.111.26.234 - - [27/Oct/2022:10:38:26 -0700] "GET /style/beetho66.jpg HTTP/1.1" 200 83283 "https://www.google.com/" "Mozilla/5.0 (X11; CrOS x86_64 15054.98.0) AppleWebKit/537.36 (KHTML, like Gecko) Chrome/106.0.0.0 Safari/537.36" "ysfine.com"
157.55.39.127 - - [27/Oct/2022:10:38:37 -0700] "GET /wdc/pershing11.jpg HTTP/1.1" 200 112062 "-" "Mozilla/5.0 AppleWebKit/537.36 (KHTML, like Gecko; compatible; bingbot/2.0; +http://www.bing.com/bingbot.htm) Chrome/103.0.5060.134 Safari/537.36" "www.ysfine.com"
157.55.39.14 - - [27/Oct/2022:10:38:47 -0700] "GET /bio/einstein/bern.html HTTP/1.1" 404 88 "-" "Mozilla/5.0 AppleWebKit/537.36 (KHTML, like Gecko; compatible; bingbot/2.0; +http://www.bing.com/bingbot.htm) Chrome/103.0.5060.134 Safari/537.36" "ysfine.com"
157.55.39.14 - - [27/Oct/2022:10:39:27 -0700] "GET /wdc/redcross22.jpg HTTP/1.1" 200 164281 "-" "Mozilla/5.0 AppleWebKit/537.36 (KHTML, like Gecko; compatible; bingbot/2.0; +http://www.bing.com/bingbot.htm) Chrome/103.0.5060.134 Safari/537.36" "www.ysfine.com"
157.55.39.131 - - [27/Oct/2022:10:41:08 -0700] "GET /robots.txt HTTP/1.1" 404 88 "-" "Mozilla/5.0 AppleWebKit/537.36 (KHTML, like Gecko; compatible; bingbot/2.0; +http://www.bing.com/bingbot.htm) Chrome/103.0.5060.134 Safari/537.36" "ysfine.com"
93.158.161.40 - - [27/Oct/2022:10:41:42 -0700] "GET /maga/phil/marxmos02.jpg HTTP/1.1" 200 74082 "-" "Mozilla/5.0 (compatible; YandexImages/3.0; +http://yandex.com/bots)" "www.ysfine.com"
216.244.66.229 - - [27/Oct/2022:10:42:27 -0700] "GET /beau/parthen03.jpg HTTP/1.1" 404 73 "-" "Mozilla/5.0 (compatible; DotBot/1.2; +https://opensiteexplorer.org/dotbot; help@moz.com)" "www.ysfine.com"
216.244.66.229 - - [27/Oct/2022:10:42:28 -0700] "GET /fbook/further22.jpg HTTP/1.1" 200 208138 "-" "Mozilla/5.0 (compatible; DotBot/1.2; +https://opensiteexplorer.org/dotbot; help@moz.com)" "www.ysfine.com"
216.244.66.229 - - [27/Oct/2022:10:42:34 -0700] "GET /ffriends/croatia06.jpg HTTP/1.1" 200 170823 "-" "Mozilla/5.0 (compatible; DotBot/1.2; +https://opensiteexplorer.org/dotbot; help@moz.com)" "www.ysfine.com"
216.244.66.229 - - [27/Oct/2022:10:42:39 -0700] "GET /ffriends/armen10.jpg HTTP/1.1" 200 80995 "-" "Mozilla/5.0 (compatible; DotBot/1.2; +https://opensiteexplorer.org/dotbot; help@moz.com)" "www.ysfine.com"
216.244.66.229 - - [27/Oct/2022:10:42:43 -0700] "GET /ffriends/calver22.jpg HTTP/1.1" 200 85461 "-" "Mozilla/5.0 (compatible; DotBot/1.2; +https://opensiteexplorer.org/dotbot; help@moz.com)" "www.ysfine.com"
216.244.66.229 - - [27/Oct/2022:10:42:46 -0700] "GET /ffriends/israel11.jpg HTTP/1.1" 200 232962 "-" "Mozilla/5.0 (compatible; DotBot/1.2; +https://opensiteexplorer.org/dotbot; help@moz.com)" "www.ysfine.com"
51.222.253.1 - - [27/Oct/2022:10:43:20 -0700] "GET /remote/wigner111/index.html HTTP/1.1" 200 907 "-" "Mozilla/5.0 (compatible; AhrefsBot/7.0; +http://ahrefs.com/robot/)" "ysfine.com"
207.46.13.104 - - [27/Oct/2022:10:43:36 -0700] "GET /kobak/kimjap11.jpg HTTP/1.1" 200 114962 "-" "Mozilla/5.0 AppleWebKit/537.36 (KHTML, like Gecko; compatible; bingbot/2.0; +http://www.bing.com/bingbot.htm) Chrome/103.0.5060.134 Safari/537.36" "www.ysfine.com"
216.244.66.229 - - [27/Oct/2022:10:43:38 -0700] "GET /ffriends/aline/lufthan05.jpg HTTP/1.1" 200 88433 "-" "Mozilla/5.0 (compatible; DotBot/1.2; +https://opensiteexplorer.org/dotbot; help@moz.com)" "www.ysfine.com"
216.244.66.229 - - [27/Oct/2022:10:43:40 -0700] "GET /ffriends/aline/northwes02.jpg HTTP/1.1" 200 151727 "-" "Mozilla/5.0 (compatible; DotBot/1.2; +https://opensiteexplorer.org/dotbot; help@moz.com)" "www.ysfine.com"
216.244.66.229 - - [27/Oct/2022:10:43:42 -0700] "GET /ffriends/aline/unitedexp11.jpg HTTP/1.1" 200 110518 "-" "Mozilla/5.0 (compatible; DotBot/1.2; +https://opensiteexplorer.org/dotbot; help@moz.com)" "www.ysfine.com"
216.244.66.229 - - [27/Oct/2022:10:43:43 -0700] "GET /ffriends/amkor/amparis01.jpg HTTP/1.1" 200 73643 "-" "Mozilla/5.0 (compatible; DotBot/1.2; +https://opensiteexplorer.org/dotbot; help@moz.com)" "www.ysfine.com"
40.77.167.27 - - [27/Oct/2022:10:44:01 -0700] "GET /bio/style/proschanie.html HTTP/1.1" 404 88 "-" "Mozilla/5.0 (compatible; bingbot/2.0; +http://www.bing.com/bingbot.htm)" "ysfine.com"
