87.159.111.49 - - [27/Oct/2022:13:52:16 -0700] "GET /favicon.ico HTTP/1.1" 404 88 "https://www.ysfine.com/home/optics.html" "Mozilla/5.0 (Windows NT 10.0; Win64; x64; rv:106.0) Gecko/20100101 Firefox/106.0" "www.ysfine.com"
176.33.71.200 - - [27/Oct/2022:13:52:31 -0700] "GET /einstein/einbohr33.jpg HTTP/1.1" 200 87797 "https://www.google.com/" "Mozilla/5.0 (Windows NT 10.0; Win64; x64) AppleWebKit/537.36 (KHTML, like Gecko) Chrome/106.0.0.0 Safari/537.36" "ysfine.com"
216.244.66.229 - - [27/Oct/2022:13:52:33 -0700] "GET /world/ital/florf17.jpg HTTP/1.1" 200 74467 "-" "Mozilla/5.0 (compatible; DotBot/1.2; +https://opensiteexplorer.org/dotbot; help@moz.com)" "www.ysfine.com"
87.159.111.49 - - [27/Oct/2022:13:52:47 -0700] "GET /people/zeilinger05.jpg HTTP/1.1" 200 105507 "https://www.ysfine.com/home/optics.html" "Mozilla/5.0 (Windows NT 10.0; Win64; x64; rv:106.0) Gecko/20100101 Firefox/106.0" "www.ysfine.com"
40.77.167.27 - - [27/Oct/2022:13:52:49 -0700] "GET /world/moscow.html HTTP/1.1" 200 21363 "-" "Mozilla/5.0 AppleWebKit/537.36 (KHTML, like Gecko; compatible; bingbot/2.0; +http://www.bing.com/bingbot.htm) Chrome/103.0.5060.134 Safari/537.36" "ysfine.com"
216.244.66.229 - - [27/Oct/2022:13:52:57 -0700] "GET /world/ital/panth06.jpg HTTP/1.1" 200 82777 "-" "Mozilla/5.0 (compatible; DotBot/1.2; +https://opensiteexplorer.org/dotbot; help@moz.com)" "www.ysfine.com"
40.77.167.71 - - [27/Oct/2022:13:53:15 -0700] "GET /maga/kantao.html HTTP/1.1" 200 1675 "-" "Mozilla/5.0 (compatible; bingbot/2.0; +http://www.bing.com/bingbot.htm)" "ysfine.com"
40.77.167.27 - - [27/Oct/2022:13:54:19 -0700] "GET /einstein/ulm.html HTTP/1.1" 200 6713 "-" "Mozilla/5.0 AppleWebKit/537.36 (KHTML, like Gecko; compatible; bingbot/2.0; +http://www.bing.com/bingbot.htm) Chrome/103.0.5060.134 Safari/537.36" "ysfine.com"
157.55.39.14 - - [27/Oct/2022:13:54:54 -0700] "GET /sbk/photo21.html HTTP/1.1" 200 7762 "-" "Mozilla/5.0 AppleWebKit/537.36 (KHTML, like Gecko; compatible; bingbot/2.0; +http://www.bing.com/bingbot.htm) Chrome/103.0.5060.134 Safari/537.36" "ysfine.com"
40.77.167.27 - - [27/Oct/2022:13:55:09 -0700] "GET /maga/yukawa.html HTTP/1.1" 200 5658 "-" "Mozilla/5.0 AppleWebKit/537.36 (KHTML, like Gecko; compatible; bingbot/2.0; +http://www.bing.com/bingbot.htm) Chrome/103.0.5060.134 Safari/537.36" "www.ysfine.com"
216.244.66.229 - - [27/Oct/2022:13:55:18 -0700] "GET /sbk/1959aa11.jpg HTTP/1.1" 200 170393 "-" "Mozilla/5.0 (compatible; DotBot/1.2; +https://opensiteexplorer.org/dotbot; help@moz.com)" "www.ysfine.com"
77.88.5.86 - - [27/Oct/2022:13:55:42 -0700] "GET /world/poland/copernisq.html HTTP/1.1" 200 474 "-" "Mozilla/5.0 (compatible; YandexBot/3.0; +http://yandex.com/bots)" "www.ysfine.com"
216.244.66.229 - - [27/Oct/2022:13:55:48 -0700] "GET /world/ital/palermo01.jpg HTTP/1.1" 200 68486 "-" "Mozilla/5.0 (compatible; DotBot/1.2; +https://opensiteexplorer.org/dotbot; help@moz.com)" "www.ysfine.com"
195.191.219.132 - - [27/Oct/2022:13:56:05 -0700] "GET /robots.txt HTTP/1.1" 404 73 "-" "Mozilla/5.0 (compatible; MJ12bot/v1.4.8; http://mj12bot.com/)" "ysfine.com"
74.37.224.165 - - [27/Oct/2022:13:56:06 -0700] "GET /kowar/panmun04.jpg HTTP/1.1" 200 126386 "https://www.google.com/" "Mozilla/5.0 (Windows NT 10.0; Win64; x64) AppleWebKit/537.36 (KHTML, like Gecko) Chrome/106.0.0.0 Safari/537.36" "ysfine.com"
172.56.152.111 - - [27/Oct/2022:13:56:08 -0700] "GET /wigner/wiglittle.pdf HTTP/1.1" 206 1480611 "https://www.google.com/" "Mozilla/5.0 (Linux; Android 13; Pixel 4a (5G)) AppleWebKit/537.36 (KHTML, like Gecko) Chrome/106.0.0.0 Mobile Safari/537.36" "ysfine.com"
195.191.219.132 - - [27/Oct/2022:13:56:08 -0700] "GET /archives/class5470/total_data/sub_2116.htm HTTP/1.1" 404 88 "-" "Mozilla/5.0 (compatible; MJ12bot/v1.4.8; http://mj12bot.com/)" "ysfine.com"
195.191.219.132 - - [27/Oct/2022:13:56:11 -0700] "GET /archives/class5470/total_data/sub_816.htm HTTP/1.1" 404 88 "-" "Mozilla/5.0 (compatible; MJ12bot/v1.4.8; http://mj12bot.com/)" "ysfine.com"
195.191.219.132 - - [27/Oct/2022:13:56:15 -0700] "GET /archives/class5470/total_data/sub_872.htm HTTP/1.1" 404 88 "-" "Mozilla/5.0 (compatible; MJ12bot/v1.4.8; http://mj12bot.com/)" "ysfine.com"
195.191.219.132 - - [27/Oct/2022:13:56:18 -0700] "GET /archives/online.html HTTP/1.1" 200 2747 "-" "Mozilla/5.0 (compatible; MJ12bot/v1.4.8; http://mj12bot.com/)" "ysfine.com"
157.55.39.121 - - [27/Oct/2022:13:56:19 -0700] "GET /bio/style/rieu.html HTTP/1.1" 404 88 "-" "Mozilla/5.0 AppleWebKit/537.36 (KHTML, like Gecko; compatible; bingbot/2.0; +http://www.bing.com/bingbot.htm) Chrome/103.0.5060.134 Safari/537.36" "ysfine.com"
195.191.219.132 - - [27/Oct/2022:13:56:20 -0700] "GET /archives/online.html HTTP/1.1" 200 2747 "-" "Mozilla/5.0 (compatible; MJ12bot/v1.4.8; http://mj12bot.com/)" "ysfine.com"
195.191.219.132 - - [27/Oct/2022:13:56:22 -0700] "GET /archives/proceedings/boston/arun.html HTTP/1.1" 200 854 "-" "Mozilla/5.0 (compatible; MJ12bot/v1.4.8; http://mj12bot.com/)" "ysfine.com"
195.191.219.132 - - [27/Oct/2022:13:56:23 -0700] "GET /archives/proceedings/boston/atature.html HTTP/1.1" 200 1341 "-" "Mozilla/5.0 (compatible; MJ12bot/v1.4.8; http://mj12bot.com/)" "ysfine.com"
195.191.219.132 - - [27/Oct/2022:13:56:25 -0700] "GET /archives/proceedings/boston/bartle.html HTTP/1.1" 200 529 "-" "Mozilla/5.0 (compatible; MJ12bot/v1.4.8; http://mj12bot.com/)" "ysfine.com"
216.244.66.229 - - [27/Oct/2022:13:56:26 -0700] "GET /world/ital/palermo02.jpg HTTP/1.1" 200 62796 "-" "Mozilla/5.0 (compatible; DotBot/1.2; +https://opensiteexplorer.org/dotbot; help@moz.com)" "www.ysfine.com"
195.191.219.132 - - [27/Oct/2022:13:56:27 -0700] "GET /archives/proceedings/boston/barton.html HTTP/1.1" 200 758 "-" "Mozilla/5.0 (compatible; MJ12bot/v1.4.8; http://mj12bot.com/)" "ysfine.com"
195.191.219.132 - - [27/Oct/2022:13:56:28 -0700] "GET /archives/proceedings/boston/boston.html HTTP/1.1" 200 122 "-" "Mozilla/5.0 (compatible; MJ12bot/v1.4.8; http://mj12bot.com/)" "ysfine.com"
195.191.219.132 - - [27/Oct/2022:13:56:30 -0700] "GET /archives/proceedings/boston/boyer.html HTTP/1.1" 200 565 "-" "Mozilla/5.0 (compatible; MJ12bot/v1.4.8; http://mj12bot.com/)" "ysfine.com"
195.191.219.132 - - [27/Oct/2022:13:56:32 -0700] "GET /archives/proceedings/boston/bsbot.html HTTP/1.1" 200 125 "-" "Mozilla/5.0 (compatible; MJ12bot/v1.4.8; http://mj12bot.com/)" "ysfine.com"
195.191.219.132 - - [27/Oct/2022:13:56:33 -0700] "GET /archives/proceedings/boston/bsleft.html HTTP/1.1" 200 1464 "-" "Mozilla/5.0 (compatible; MJ12bot/v1.4.8; http://mj12bot.com/)" "ysfine.com"
195.191.219.132 - - [27/Oct/2022:13:56:35 -0700] "GET /archives/proceedings/boston/bsrigh.html HTTP/1.1" 200 643 "-" "Mozilla/5.0 (compatible; MJ12bot/v1.4.8; http://mj12bot.com/)" "ysfine.com"
195.191.219.132 - - [27/Oct/2022:13:56:38 -0700] "GET /archives/proceedings/boston/bstop.html HTTP/1.1" 200 334 "-" "Mozilla/5.0 (compatible; MJ12bot/v1.4.8; http://mj12bot.com/)" "ysfine.com"
195.191.219.132 - - [27/Oct/2022:13:56:40 -0700] "GET /archives/proceedings/boston/bstop.html HTTP/1.1" 200 334 "-" "Mozilla/5.0 (compatible; MJ12bot/v1.4.8; http://mj12bot.com/)" "ysfine.com"
195.191.219.132 - - [27/Oct/2022:13:56:41 -0700] "GET /archives/proceedings/boston/capizz.html HTTP/1.1" 200 746 "-" "Mozilla/5.0 (compatible; MJ12bot/v1.4.8; http://mj12bot.com/)" "ysfine.com"
195.191.219.132 - - [27/Oct/2022:13:56:43 -0700] "GET /archives/proceedings/boston/caron.html HTTP/1.1" 200 804 "-" "Mozilla/5.0 (compatible; MJ12bot/v1.4.8; http://mj12bot.com/)" "ysfine.com"
195.191.219.132 - - [27/Oct/2022:13:56:44 -0700] "GET /archives/proceedings/boston/casado.html HTTP/1.1" 200 768 "-" "Mozilla/5.0 (compatible; MJ12bot/v1.4.8; http://mj12bot.com/)" "ysfine.com"
195.191.219.132 - - [27/Oct/2022:13:56:46 -0700] "GET /archives/proceedings/boston/castel.html HTTP/1.1" 200 631 "-" "Mozilla/5.0 (compatible; MJ12bot/v1.4.8; http://mj12bot.com/)" "ysfine.com"
195.191.219.132 - - [27/Oct/2022:13:56:48 -0700] "GET /archives/proceedings/boston/chirki.html HTTP/1.1" 200 604 "-" "Mozilla/5.0 (compatible; MJ12bot/v1.4.8; http://mj12bot.com/)" "ysfine.com"
195.191.219.132 - - [27/Oct/2022:13:56:49 -0700] "GET /archives/proceedings/boston/dodono.html HTTP/1.1" 200 471 "-" "Mozilla/5.0 (compatible; MJ12bot/v1.4.8; http://mj12bot.com/)" "ysfine.com"
195.191.219.132 - - [27/Oct/2022:13:56:51 -0700] "GET /archives/proceedings/boston/dowlin.html HTTP/1.1" 200 753 "-" "Mozilla/5.0 (compatible; MJ12bot/v1.4.8; http://mj12bot.com/)" "ysfine.com"
195.191.219.132 - - [27/Oct/2022:13:56:52 -0700] "GET /archives/proceedings/boston/fabre.html HTTP/1.1" 200 848 "-" "Mozilla/5.0 (compatible; MJ12bot/v1.4.8; http://mj12bot.com/)" "ysfine.com"
195.191.219.131 - - [27/Oct/2022:13:56:53 -0700] "GET /robots.txt HTTP/1.1" 404 73 "-" "Mozilla/5.0 (compatible; MJ12bot/v1.4.8; http://mj12bot.com/)" "ysfine.com"
195.191.219.132 - - [27/Oct/2022:13:56:54 -0700] "GET /archives/proceedings/boston/fioren.html HTTP/1.1" 200 884 "-" "Mozilla/5.0 (compatible; MJ12bot/v1.4.8; http://mj12bot.com/)" "ysfine.com"
195.191.219.131 - - [27/Oct/2022:13:56:55 -0700] "GET /class54/class5470/total_data/sub_815.htm HTTP/1.1" 200 3573 "-" "Mozilla/5.0 (compatible; MJ12bot/v1.4.8; http://mj12bot.com/)" "ysfine.com"
195.191.219.132 - - [27/Oct/2022:13:56:56 -0700] "GET /archives/proceedings/boston/fiuras.html HTTP/1.1" 200 666 "-" "Mozilla/5.0 (compatible; MJ12bot/v1.4.8; http://mj12bot.com/)" "ysfine.com"
195.191.219.131 - - [27/Oct/2022:13:56:56 -0700] "GET /class54/class5470/total_data/sub_8150.htm HTTP/1.1" 200 3510 "-" "Mozilla/5.0 (compatible; MJ12bot/v1.4.8; http://mj12bot.com/)" "ysfine.com"
195.191.219.132 - - [27/Oct/2022:13:56:57 -0700] "GET /archives/proceedings/boston/ford.html HTTP/1.1" 200 666 "-" "Mozilla/5.0 (compatible; MJ12bot/v1.4.8; http://mj12bot.com/)" "ysfine.com"
195.191.219.131 - - [27/Oct/2022:13:56:58 -0700] "GET /class54/class5470/total_data/sub_8151.htm HTTP/1.1" 200 3510 "-" "Mozilla/5.0 (compatible; MJ12bot/v1.4.8; http://mj12bot.com/)" "ysfine.com"
195.191.219.132 - - [27/Oct/2022:13:56:59 -0700] "GET /archives/proceedings/boston/frankl.html HTTP/1.1" 200 671 "-" "Mozilla/5.0 (compatible; MJ12bot/v1.4.8; http://mj12bot.com/)" "ysfine.com"
195.191.219.131 - - [27/Oct/2022:13:57:00 -0700] "GET /class54/class5470/total_data/sub_8152.htm HTTP/1.1" 200 3510 "-" "Mozilla/5.0 (compatible; MJ12bot/v1.4.8; http://mj12bot.com/)" "ysfine.com"
195.191.219.132 - - [27/Oct/2022:13:57:00 -0700] "GET /archives/proceedings/boston/gatti.html HTTP/1.1" 200 1348 "-" "Mozilla/5.0 (compatible; MJ12bot/v1.4.8; http://mj12bot.com/)" "ysfine.com"
195.191.219.131 - - [27/Oct/2022:13:57:02 -0700] "GET /class54/class5470/total_data/sub_8153.htm HTTP/1.1" 200 3498 "-" "Mozilla/5.0 (compatible; MJ12bot/v1.4.8; http://mj12bot.com/)" "ysfine.com"
195.191.219.132 - - [27/Oct/2022:13:57:02 -0700] "GET /archives/proceedings/boston/hagen.html HTTP/1.1" 200 720 "-" "Mozilla/5.0 (compatible; MJ12bot/v1.4.8; http://mj12bot.com/)" "ysfine.com"
195.191.219.131 - - [27/Oct/2022:13:57:03 -0700] "GET /class54/class5470/total_data/sub_8154.htm HTTP/1.1" 200 3510 "-" "Mozilla/5.0 (compatible; MJ12bot/v1.4.8; http://mj12bot.com/)" "ysfine.com"
195.191.219.132 - - [27/Oct/2022:13:57:04 -0700] "GET /archives/proceedings/boston/hong.html HTTP/1.1" 200 469 "-" "Mozilla/5.0 (compatible; MJ12bot/v1.4.8; http://mj12bot.com/)" "ysfine.com"
195.191.219.131 - - [27/Oct/2022:13:57:05 -0700] "GET /class54/class5470/total_data/sub_8155.htm HTTP/1.1" 200 3518 "-" "Mozilla/5.0 (compatible; MJ12bot/v1.4.8; http://mj12bot.com/)" "ysfine.com"
195.191.219.131 - - [27/Oct/2022:13:57:06 -0700] "GET /class54/class5470/total_data/sub_8156.htm HTTP/1.1" 200 3519 "-" "Mozilla/5.0 (compatible; MJ12bot/v1.4.8; http://mj12bot.com/)" "ysfine.com"
195.191.219.132 - - [27/Oct/2022:13:57:07 -0700] "GET /archives/proceedings/boston/iopjob.html HTTP/1.1" 200 635 "-" "Mozilla/5.0 (compatible; MJ12bot/v1.4.8; http://mj12bot.com/)" "ysfine.com"
195.191.219.131 - - [27/Oct/2022:13:57:08 -0700] "GET /class54/class5470/total_data/sub_8157.htm HTTP/1.1" 200 3518 "-" "Mozilla/5.0 (compatible; MJ12bot/v1.4.8; http://mj12bot.com/)" "ysfine.com"
195.191.219.132 - - [27/Oct/2022:13:57:09 -0700] "GET /archives/proceedings/boston/iopjob.html HTTP/1.1" 200 635 "-" "Mozilla/5.0 (compatible; MJ12bot/v1.4.8; http://mj12bot.com/)" "ysfine.com"
195.191.219.131 - - [27/Oct/2022:13:57:09 -0700] "GET /class54/class5470/total_data/sub_8158.htm HTTP/1.1" 200 3509 "-" "Mozilla/5.0 (compatible; MJ12bot/v1.4.8; http://mj12bot.com/)" "ysfine.com"
195.191.219.132 - - [27/Oct/2022:13:57:10 -0700] "GET /archives/proceedings/boston/jakob.html HTTP/1.1" 200 631 "-" "Mozilla/5.0 (compatible; MJ12bot/v1.4.8; http://mj12bot.com/)" "ysfine.com"
195.191.219.131 - - [27/Oct/2022:13:57:11 -0700] "GET /class54/class5470/total_data/sub_8159.htm HTTP/1.1" 200 3499 "-" "Mozilla/5.0 (compatible; MJ12bot/v1.4.8; http://mj12bot.com/)" "ysfine.com"
195.191.219.132 - - [27/Oct/2022:13:57:12 -0700] "GET /archives/proceedings/boston/janszk.html HTTP/1.1" 200 689 "-" "Mozilla/5.0 (compatible; MJ12bot/v1.4.8; http://mj12bot.com/)" "ysfine.com"
195.191.219.131 - - [27/Oct/2022:13:57:13 -0700] "GET /class54/class5470/total_data/sub_816.htm HTTP/1.1" 200 3558 "-" "Mozilla/5.0 (compatible; MJ12bot/v1.4.8; http://mj12bot.com/)" "ysfine.com"
195.191.219.132 - - [27/Oct/2022:13:57:14 -0700] "GET /archives/proceedings/boston/kasai.html HTTP/1.1" 200 668 "-" "Mozilla/5.0 (compatible; MJ12bot/v1.4.8; http://mj12bot.com/)" "ysfine.com"
195.191.219.131 - - [27/Oct/2022:13:57:14 -0700] "GET /class54/class5470/total_data/sub_8160.htm HTTP/1.1" 200 3509 "-" "Mozilla/5.0 (compatible; MJ12bot/v1.4.8; http://mj12bot.com/)" "ysfine.com"
157.55.39.14 - - [27/Oct/2022:13:57:15 -0700] "GET /bio/einstein/bern.html HTTP/1.1" 404 88 "-" "Mozilla/5.0 (compatible; bingbot/2.0; +http://www.bing.com/bingbot.htm)" "ysfine.com"
195.191.219.132 - - [27/Oct/2022:13:57:15 -0700] "GET /archives/proceedings/boston/kimms.html HTTP/1.1" 200 513 "-" "Mozilla/5.0 (compatible; MJ12bot/v1.4.8; http://mj12bot.com/)" "ysfine.com"
195.191.219.131 - - [27/Oct/2022:13:57:16 -0700] "GET /class54/class5470/total_data/sub_8161.htm HTTP/1.1" 200 3509 "-" "Mozilla/5.0 (compatible; MJ12bot/v1.4.8; http://mj12bot.com/)" "ysfine.com"
195.191.219.131 - - [27/Oct/2022:13:57:18 -0700] "GET /class54/class5470/total_data/sub_8162.htm HTTP/1.1" 200 3509 "-" "Mozilla/5.0 (compatible; MJ12bot/v1.4.8; http://mj12bot.com/)" "ysfine.com"
195.191.219.132 - - [27/Oct/2022:13:57:18 -0700] "GET /archives/proceedings/boston/kimys.html HTTP/1.1" 200 810 "-" "Mozilla/5.0 (compatible; MJ12bot/v1.4.8; http://mj12bot.com/)" "ysfine.com"
195.191.219.131 - - [27/Oct/2022:13:57:19 -0700] "GET /class54/class5470/total_data/sub_8163.htm HTTP/1.1" 200 3509 "-" "Mozilla/5.0 (compatible; MJ12bot/v1.4.8; http://mj12bot.com/)" "ysfine.com"
195.191.219.132 - - [27/Oct/2022:13:57:20 -0700] "GET /archives/proceedings/boston/kimys.html HTTP/1.1" 200 810 "-" "Mozilla/5.0 (compatible; MJ12bot/v1.4.8; http://mj12bot.com/)" "ysfine.com"
195.191.219.131 - - [27/Oct/2022:13:57:21 -0700] "GET /class54/class5470/total_data/sub_8164.htm HTTP/1.1" 200 3509 "-" "Mozilla/5.0 (compatible; MJ12bot/v1.4.8; http://mj12bot.com/)" "ysfine.com"
195.191.219.132 - - [27/Oct/2022:13:57:22 -0700] "GET /archives/proceedings/boston/klaude.html HTTP/1.1" 200 624 "-" "Mozilla/5.0 (compatible; MJ12bot/v1.4.8; http://mj12bot.com/)" "ysfine.com"
195.191.219.131 - - [27/Oct/2022:13:57:22 -0700] "GET /class54/class5470/total_data/sub_8165.htm HTTP/1.1" 200 3509 "-" "Mozilla/5.0 (compatible; MJ12bot/v1.4.8; http://mj12bot.com/)" "ysfine.com"
195.191.219.132 - - [27/Oct/2022:13:57:23 -0700] "GET /archives/proceedings/boston/kozlov.html HTTP/1.1" 200 746 "-" "Mozilla/5.0 (compatible; MJ12bot/v1.4.8; http://mj12bot.com/)" "ysfine.com"
195.191.219.131 - - [27/Oct/2022:13:57:24 -0700] "GET /class54/class5470/total_data/sub_8166.htm HTTP/1.1" 200 3512 "-" "Mozilla/5.0 (compatible; MJ12bot/v1.4.8; http://mj12bot.com/)" "ysfine.com"
195.191.219.132 - - [27/Oct/2022:13:57:25 -0700] "GET /archives/proceedings/boston/krackl.html HTTP/1.1" 200 752 "-" "Mozilla/5.0 (compatible; MJ12bot/v1.4.8; http://mj12bot.com/)" "ysfine.com"
195.191.219.131 - - [27/Oct/2022:13:57:25 -0700] "GET /class54/class5470/total_data/sub_8167.htm HTTP/1.1" 200 3513 "-" "Mozilla/5.0 (compatible; MJ12bot/v1.4.8; http://mj12bot.com/)" "ysfine.com"
195.191.219.132 - - [27/Oct/2022:13:57:27 -0700] "GET /archives/proceedings/boston/kuklew.html HTTP/1.1" 200 815 "-" "Mozilla/5.0 (compatible; MJ12bot/v1.4.8; http://mj12bot.com/)" "ysfine.com"
195.191.219.131 - - [27/Oct/2022:13:57:27 -0700] "GET /class54/class5470/total_data/sub_8168.htm HTTP/1.1" 200 3513 "-" "Mozilla/5.0 (compatible; MJ12bot/v1.4.8; http://mj12bot.com/)" "ysfine.com"
195.191.219.132 - - [27/Oct/2022:13:57:28 -0700] "GET /archives/proceedings/boston/liao.html HTTP/1.1" 200 696 "-" "Mozilla/5.0 (compatible; MJ12bot/v1.4.8; http://mj12bot.com/)" "ysfine.com"
195.191.219.131 - - [27/Oct/2022:13:57:29 -0700] "GET /class54/class5470/total_data/sub_8169.htm HTTP/1.1" 200 3514 "-" "Mozilla/5.0 (compatible; MJ12bot/v1.4.8; http://mj12bot.com/)" "ysfine.com"
195.191.219.132 - - [27/Oct/2022:13:57:30 -0700] "GET /archives/proceedings/boston/maclay.html HTTP/1.1" 200 591 "-" "Mozilla/5.0 (compatible; MJ12bot/v1.4.8; http://mj12bot.com/)" "ysfine.com"
195.191.219.131 - - [27/Oct/2022:13:57:30 -0700] "GET /class54/class5470/total_data/sub_817.htm HTTP/1.1" 200 3558 "-" "Mozilla/5.0 (compatible; MJ12bot/v1.4.8; http://mj12bot.com/)" "ysfine.com"
195.191.219.132 - - [27/Oct/2022:13:57:31 -0700] "GET /archives/proceedings/boston/mancin.html HTTP/1.1" 200 529 "-" "Mozilla/5.0 (compatible; MJ12bot/v1.4.8; http://mj12bot.com/)" "ysfine.com"
195.191.219.131 - - [27/Oct/2022:13:57:32 -0700] "GET /class54/class5470/total_data/sub_8170.htm HTTP/1.1" 200 3513 "-" "Mozilla/5.0 (compatible; MJ12bot/v1.4.8; http://mj12bot.com/)" "ysfine.com"
195.191.219.132 - - [27/Oct/2022:13:57:33 -0700] "GET /archives/proceedings/boston/mankom.html HTTP/1.1" 200 540 "-" "Mozilla/5.0 (compatible; MJ12bot/v1.4.8; http://mj12bot.com/)" "ysfine.com"
195.191.219.131 - - [27/Oct/2022:13:57:34 -0700] "GET /class54/class5470/total_data/sub_8171.htm HTTP/1.1" 200 3513 "-" "Mozilla/5.0 (compatible; MJ12bot/v1.4.8; http://mj12bot.com/)" "ysfine.com"
195.191.219.132 - - [27/Oct/2022:13:57:35 -0700] "GET /archives/proceedings/boston/mista.html HTTP/1.1" 200 572 "-" "Mozilla/5.0 (compatible; MJ12bot/v1.4.8; http://mj12bot.com/)" "ysfine.com"
195.191.219.131 - - [27/Oct/2022:13:57:35 -0700] "GET /class54/class5470/total_data/sub_8172.htm HTTP/1.1" 200 3510 "-" "Mozilla/5.0 (compatible; MJ12bot/v1.4.8; http://mj12bot.com/)" "ysfine.com"
195.191.219.132 - - [27/Oct/2022:13:57:36 -0700] "GET /archives/proceedings/boston/mizrah.html HTTP/1.1" 200 647 "-" "Mozilla/5.0 (compatible; MJ12bot/v1.4.8; http://mj12bot.com/)" "ysfine.com"
195.191.219.131 - - [27/Oct/2022:13:57:37 -0700] "GET /class54/class5470/total_data/sub_8173.htm HTTP/1.1" 200 3498 "-" "Mozilla/5.0 (compatible; MJ12bot/v1.4.8; http://mj12bot.com/)" "ysfine.com"
195.191.219.131 - - [27/Oct/2022:13:57:39 -0700] "GET /class54/class5470/total_data/sub_8174.htm HTTP/1.1" 200 3496 "-" "Mozilla/5.0 (compatible; MJ12bot/v1.4.8; http://mj12bot.com/)" "ysfine.com"
195.191.219.132 - - [27/Oct/2022:13:57:40 -0700] "GET /archives/proceedings/boston/techni.html HTTP/1.1" 200 1025 "-" "Mozilla/5.0 (compatible; MJ12bot/v1.4.8; http://mj12bot.com/)" "ysfine.com"
195.191.219.131 - - [27/Oct/2022:13:57:40 -0700] "GET /class54/class5470/total_data/sub_8175.htm HTTP/1.1" 200 3498 "-" "Mozilla/5.0 (compatible; MJ12bot/v1.4.8; http://mj12bot.com/)" "ysfine.com"
195.191.219.132 - - [27/Oct/2022:13:57:41 -0700] "GET /archives/proceedings/boston/techni.html HTTP/1.1" 200 1025 "-" "Mozilla/5.0 (compatible; MJ12bot/v1.4.8; http://mj12bot.com/)" "ysfine.com"
195.191.219.131 - - [27/Oct/2022:13:57:42 -0700] "GET /class54/class5470/total_data/sub_8176.htm HTTP/1.1" 200 3496 "-" "Mozilla/5.0 (compatible; MJ12bot/v1.4.8; http://mj12bot.com/)" "ysfine.com"
195.191.219.132 - - [27/Oct/2022:13:57:43 -0700] "GET /archives/proceedings/ff1/ff1proc.html HTTP/1.1" 200 135 "-" "Mozilla/5.0 (compatible; MJ12bot/v1.4.8; http://mj12bot.com/)" "ysfine.com"
195.191.219.131 - - [27/Oct/2022:13:57:44 -0700] "GET /class54/class5470/total_data/sub_8177.htm HTTP/1.1" 200 3510 "-" "Mozilla/5.0 (compatible; MJ12bot/v1.4.8; http://mj12bot.com/)" "ysfine.com"
195.191.219.131 - - [27/Oct/2022:13:57:45 -0700] "GET /class54/class5470/total_data/sub_8178.htm HTTP/1.1" 200 3510 "-" "Mozilla/5.0 (compatible; MJ12bot/v1.4.8; http://mj12bot.com/)" "ysfine.com"
195.191.219.132 - - [27/Oct/2022:13:57:46 -0700] "GET /archives/proceedings/ff1/fp1abs.html HTTP/1.1" 200 21918 "-" "Mozilla/5.0 (compatible; MJ12bot/v1.4.8; http://mj12bot.com/)" "ysfine.com"
195.191.219.131 - - [27/Oct/2022:13:57:47 -0700] "GET /class54/class5470/total_data/sub_8179.htm HTTP/1.1" 200 3510 "-" "Mozilla/5.0 (compatible; MJ12bot/v1.4.8; http://mj12bot.com/)" "ysfine.com"
195.191.219.132 - - [27/Oct/2022:13:57:48 -0700] "GET /archives/proceedings/ff1/fp1abs.html HTTP/1.1" 200 21918 "-" "Mozilla/5.0 (compatible; MJ12bot/v1.4.8; http://mj12bot.com/)" "ysfine.com"
195.191.219.131 - - [27/Oct/2022:13:57:48 -0700] "GET /class54/class5470/total_data/sub_818.htm HTTP/1.1" 200 3566 "-" "Mozilla/5.0 (compatible; MJ12bot/v1.4.8; http://mj12bot.com/)" "ysfine.com"
195.191.219.132 - - [27/Oct/2022:13:57:50 -0700] "GET /archives/proceedings/ff1/fullpap.html HTTP/1.1" 200 885 "-" "Mozilla/5.0 (compatible; MJ12bot/v1.4.8; http://mj12bot.com/)" "ysfine.com"
195.191.219.131 - - [27/Oct/2022:13:57:50 -0700] "GET /class54/class5470/total_data/sub_8180.htm HTTP/1.1" 200 3509 "-" "Mozilla/5.0 (compatible; MJ12bot/v1.4.8; http://mj12bot.com/)" "ysfine.com"
195.191.219.131 - - [27/Oct/2022:13:57:52 -0700] "GET /class54/class5470/total_data/sub_8181.htm HTTP/1.1" 200 3496 "-" "Mozilla/5.0 (compatible; MJ12bot/v1.4.8; http://mj12bot.com/)" "ysfine.com"
195.191.219.132 - - [27/Oct/2022:13:57:53 -0700] "GET /archives/proceedings/ff2/ff2left.html HTTP/1.1" 200 441 "-" "Mozilla/5.0 (compatible; MJ12bot/v1.4.8; http://mj12bot.com/)" "ysfine.com"
195.191.219.131 - - [27/Oct/2022:13:57:53 -0700] "GET /class54/class5470/total_data/sub_8182.htm HTTP/1.1" 200 3499 "-" "Mozilla/5.0 (compatible; MJ12bot/v1.4.8; http://mj12bot.com/)" "ysfine.com"
195.191.219.132 - - [27/Oct/2022:13:57:55 -0700] "GET /archives/proceedings/ff2/ff2left.html HTTP/1.1" 200 441 "-" "Mozilla/5.0 (compatible; MJ12bot/v1.4.8; http://mj12bot.com/)" "ysfine.com"
195.191.219.131 - - [27/Oct/2022:13:57:55 -0700] "GET /class54/class5470/total_data/sub_8183.htm HTTP/1.1" 200 3509 "-" "Mozilla/5.0 (compatible; MJ12bot/v1.4.8; http://mj12bot.com/)" "ysfine.com"
195.191.219.132 - - [27/Oct/2022:13:57:56 -0700] "GET /archives/proceedings/ff2/ff2org.html HTTP/1.1" 200 802 "-" "Mozilla/5.0 (compatible; MJ12bot/v1.4.8; http://mj12bot.com/)" "ysfine.com"
195.191.219.131 - - [27/Oct/2022:13:57:57 -0700] "GET /class54/class5470/total_data/sub_8184.htm HTTP/1.1" 200 3509 "-" "Mozilla/5.0 (compatible; MJ12bot/v1.4.8; http://mj12bot.com/)" "ysfine.com"
195.191.219.132 - - [27/Oct/2022:13:57:58 -0700] "GET /archives/proceedings/ff2/ff2par.html HTTP/1.1" 200 2902 "-" "Mozilla/5.0 (compatible; MJ12bot/v1.4.8; http://mj12bot.com/)" "ysfine.com"
195.191.219.131 - - [27/Oct/2022:13:57:58 -0700] "GET /class54/class5470/total_data/sub_8185.htm HTTP/1.1" 200 3509 "-" "Mozilla/5.0 (compatible; MJ12bot/v1.4.8; http://mj12bot.com/)" "ysfine.com"
195.191.219.132 - - [27/Oct/2022:13:57:59 -0700] "GET /archives/proceedings/ff2/ff2proc.html HTTP/1.1" 200 134 "-" "Mozilla/5.0 (compatible; MJ12bot/v1.4.8; http://mj12bot.com/)" "ysfine.com"
195.191.219.131 - - [27/Oct/2022:13:58:00 -0700] "GET /class54/class5470/total_data/sub_8186.htm HTTP/1.1" 200 3509 "-" "Mozilla/5.0 (compatible; MJ12bot/v1.4.8; http://mj12bot.com/)" "ysfine.com"
195.191.219.132 - - [27/Oct/2022:13:58:01 -0700] "GET /archives/proceedings/ff2/ff2prog.html HTTP/1.1" 200 3973 "-" "Mozilla/5.0 (compatible; MJ12bot/v1.4.8; http://mj12bot.com/)" "ysfine.com"
195.191.219.131 - - [27/Oct/2022:13:58:01 -0700] "GET /class54/class5470/total_data/sub_8187.htm HTTP/1.1" 200 3509 "-" "Mozilla/5.0 (compatible; MJ12bot/v1.4.8; http://mj12bot.com/)" "ysfine.com"
195.191.219.132 - - [27/Oct/2022:13:58:03 -0700] "GET /archives/proceedings/ff2/ff2righ.html HTTP/1.1" 200 1369 "-" "Mozilla/5.0 (compatible; MJ12bot/v1.4.8; http://mj12bot.com/)" "ysfine.com"
195.191.219.131 - - [27/Oct/2022:13:58:03 -0700] "GET /class54/class5470/total_data/sub_8188.htm HTTP/1.1" 200 3496 "-" "Mozilla/5.0 (compatible; MJ12bot/v1.4.8; http://mj12bot.com/)" "ysfine.com"
195.191.219.131 - - [27/Oct/2022:13:58:05 -0700] "GET /class54/class5470/total_data/sub_819.htm HTTP/1.1" 200 3566 "-" "Mozilla/5.0 (compatible; MJ12bot/v1.4.8; http://mj12bot.com/)" "ysfine.com"
195.191.219.131 - - [27/Oct/2022:13:58:06 -0700] "GET /class54/class5470/total_data/sub_820.htm HTTP/1.1" 200 3558 "-" "Mozilla/5.0 (compatible; MJ12bot/v1.4.8; http://mj12bot.com/)" "ysfine.com"
195.191.219.132 - - [27/Oct/2022:13:58:06 -0700] "GET /archives/proceedings/ff2/fp2abs.html HTTP/1.1" 200 29930 "-" "Mozilla/5.0 (compatible; MJ12bot/v1.4.8; http://mj12bot.com/)" "ysfine.com"
195.191.219.131 - - [27/Oct/2022:13:58:08 -0700] "GET /class54/class5470/total_data/sub_821.htm HTTP/1.1" 200 3558 "-" "Mozilla/5.0 (compatible; MJ12bot/v1.4.8; http://mj12bot.com/)" "ysfine.com"
195.191.219.132 - - [27/Oct/2022:13:58:08 -0700] "GET /archives/proceedings/ff2/fp2abs.html HTTP/1.1" 200 29930 "-" "Mozilla/5.0 (compatible; MJ12bot/v1.4.8; http://mj12bot.com/)" "ysfine.com"
195.191.219.131 - - [27/Oct/2022:13:58:09 -0700] "GET /class54/class5470/total_data/sub_822.htm HTTP/1.1" 200 3558 "-" "Mozilla/5.0 (compatible; MJ12bot/v1.4.8; http://mj12bot.com/)" "ysfine.com"
195.191.219.132 - - [27/Oct/2022:13:58:10 -0700] "GET /archives/proceedings/ff2/fp2top.html HTTP/1.1" 200 356 "-" "Mozilla/5.0 (compatible; MJ12bot/v1.4.8; http://mj12bot.com/)" "ysfine.com"
195.191.219.131 - - [27/Oct/2022:13:58:11 -0700] "GET /class54/class5470/total_data/sub_823.htm HTTP/1.1" 200 3558 "-" "Mozilla/5.0 (compatible; MJ12bot/v1.4.8; http://mj12bot.com/)" "ysfine.com"
195.191.219.132 - - [27/Oct/2022:13:58:11 -0700] "GET /archives/proceedings/ff2/fullpaper.html HTTP/1.1" 200 879 "-" "Mozilla/5.0 (compatible; MJ12bot/v1.4.8; http://mj12bot.com/)" "ysfine.com"
195.191.219.131 - - [27/Oct/2022:13:58:13 -0700] "GET /class54/class5470/total_data/sub_824.htm HTTP/1.1" 200 3558 "-" "Mozilla/5.0 (compatible; MJ12bot/v1.4.8; http://mj12bot.com/)" "ysfine.com"
195.191.219.131 - - [27/Oct/2022:13:58:14 -0700] "GET /class54/class5470/total_data/sub_825.htm HTTP/1.1" 200 3558 "-" "Mozilla/5.0 (compatible; MJ12bot/v1.4.8; http://mj12bot.com/)" "ysfine.com"
195.191.219.132 - - [27/Oct/2022:13:58:14 -0700] "GET /archives/proceedings/ff3/drive.html HTTP/1.1" 200 1571 "-" "Mozilla/5.0 (compatible; MJ12bot/v1.4.8; http://mj12bot.com/)" "ysfine.com"
195.191.219.131 - - [27/Oct/2022:13:58:16 -0700] "GET /class54/class5470/total_data/sub_826.htm HTTP/1.1" 200 3558 "-" "Mozilla/5.0 (compatible; MJ12bot/v1.4.8; http://mj12bot.com/)" "ysfine.com"
195.191.219.132 - - [27/Oct/2022:13:58:16 -0700] "GET /archives/proceedings/ff3/drive.html HTTP/1.1" 200 1571 "-" "Mozilla/5.0 (compatible; MJ12bot/v1.4.8; http://mj12bot.com/)" "ysfine.com"
195.191.219.131 - - [27/Oct/2022:13:58:17 -0700] "GET /class54/class5470/total_data/sub_827.htm HTTP/1.1" 200 3558 "-" "Mozilla/5.0 (compatible; MJ12bot/v1.4.8; http://mj12bot.com/)" "ysfine.com"
157.55.39.121 - - [27/Oct/2022:13:58:19 -0700] "GET /world/paris.html HTTP/1.1" 200 18129 "-" "Mozilla/5.0 (compatible; bingbot/2.0; +http://www.bing.com/bingbot.htm)" "ysfine.com"
195.191.219.131 - - [27/Oct/2022:13:58:19 -0700] "GET /class54/class5470/total_data/sub_828.htm HTTP/1.1" 200 3561 "-" "Mozilla/5.0 (compatible; MJ12bot/v1.4.8; http://mj12bot.com/)" "ysfine.com"
195.191.219.132 - - [27/Oct/2022:13:58:19 -0700] "GET /archives/proceedings/ff3/george.html HTTP/1.1" 200 1556 "-" "Mozilla/5.0 (compatible; MJ12bot/v1.4.8; http://mj12bot.com/)" "ysfine.com"
195.191.219.131 - - [27/Oct/2022:13:58:21 -0700] "GET /class54/class5470/total_data/sub_829.htm HTTP/1.1" 200 3561 "-" "Mozilla/5.0 (compatible; MJ12bot/v1.4.8; http://mj12bot.com/)" "ysfine.com"
195.191.219.132 - - [27/Oct/2022:13:58:21 -0700] "GET /archives/proceedings/ff3/george.html HTTP/1.1" 200 1556 "-" "Mozilla/5.0 (compatible; MJ12bot/v1.4.8; http://mj12bot.com/)" "ysfine.com"
195.191.219.131 - - [27/Oct/2022:13:58:22 -0700] "GET /class54/class5470/total_data/sub_830.htm HTTP/1.1" 200 3561 "-" "Mozilla/5.0 (compatible; MJ12bot/v1.4.8; http://mj12bot.com/)" "ysfine.com"
216.244.66.229 - - [27/Oct/2022:13:58:23 -0700] "GET /dirac/dart/dirac45a.pdf HTTP/1.1" 200 2115116 "-" "Mozilla/5.0 (compatible; DotBot/1.2; +https://opensiteexplorer.org/dotbot; help@moz.com)" "www.ysfine.com"
195.191.219.131 - - [27/Oct/2022:13:58:24 -0700] "GET /class54/class5470/total_data/sub_831.htm HTTP/1.1" 200 3561 "-" "Mozilla/5.0 (compatible; MJ12bot/v1.4.8; http://mj12bot.com/)" "ysfine.com"
195.191.219.132 - - [27/Oct/2022:13:58:24 -0700] "GET /archives/proceedings/ff3/hospi.html HTTP/1.1" 200 1942 "-" "Mozilla/5.0 (compatible; MJ12bot/v1.4.8; http://mj12bot.com/)" "ysfine.com"
195.191.219.132 - - [27/Oct/2022:13:58:26 -0700] "GET /archives/proceedings/ff3/hospi.html HTTP/1.1" 200 1942 "-" "Mozilla/5.0 (compatible; MJ12bot/v1.4.8; http://mj12bot.com/)" "ysfine.com"
195.191.219.131 - - [27/Oct/2022:13:58:26 -0700] "GET /class54/class5470/total_data/sub_832.htm HTTP/1.1" 200 3561 "-" "Mozilla/5.0 (compatible; MJ12bot/v1.4.8; http://mj12bot.com/)" "ysfine.com"
195.191.219.132 - - [27/Oct/2022:13:58:27 -0700] "GET /archives/proceedings/ff3/index.html HTTP/1.1" 200 133 "-" "Mozilla/5.0 (compatible; MJ12bot/v1.4.8; http://mj12bot.com/)" "ysfine.com"
195.191.219.131 - - [27/Oct/2022:13:58:27 -0700] "GET /class54/class5470/total_data/sub_833.htm HTTP/1.1" 200 3529 "-" "Mozilla/5.0 (compatible; MJ12bot/v1.4.8; http://mj12bot.com/)" "ysfine.com"
195.191.219.131 - - [27/Oct/2022:13:58:29 -0700] "GET /class54/class5470/total_data/sub_834.htm HTTP/1.1" 200 3530 "-" "Mozilla/5.0 (compatible; MJ12bot/v1.4.8; http://mj12bot.com/)" "ysfine.com"
195.191.219.132 - - [27/Oct/2022:13:58:30 -0700] "GET /archives/proceedings/ff3/site.html HTTP/1.1" 200 646 "-" "Mozilla/5.0 (compatible; MJ12bot/v1.4.8; http://mj12bot.com/)" "ysfine.com"
195.191.219.131 - - [27/Oct/2022:13:58:31 -0700] "GET /class54/class5470/total_data/sub_835.htm HTTP/1.1" 200 3536 "-" "Mozilla/5.0 (compatible; MJ12bot/v1.4.8; http://mj12bot.com/)" "ysfine.com"
195.191.219.132 - - [27/Oct/2022:13:58:32 -0700] "GET /archives/proceedings/ff3/site.html HTTP/1.1" 200 646 "-" "Mozilla/5.0 (compatible; MJ12bot/v1.4.8; http://mj12bot.com/)" "ysfine.com"
195.191.219.131 - - [27/Oct/2022:13:58:33 -0700] "GET /class54/class5470/total_data/sub_836.htm HTTP/1.1" 200 3527 "-" "Mozilla/5.0 (compatible; MJ12bot/v1.4.8; http://mj12bot.com/)" "ysfine.com"
195.191.219.131 - - [27/Oct/2022:13:58:34 -0700] "GET /class54/class5470/total_data/sub_837.htm HTTP/1.1" 200 3527 "-" "Mozilla/5.0 (compatible; MJ12bot/v1.4.8; http://mj12bot.com/)" "ysfine.com"
195.191.219.132 - - [27/Oct/2022:13:58:35 -0700] "GET /archives/proceedings/ff3/trans.html HTTP/1.1" 200 977 "-" "Mozilla/5.0 (compatible; MJ12bot/v1.4.8; http://mj12bot.com/)" "ysfine.com"
195.191.219.131 - - [27/Oct/2022:13:58:36 -0700] "GET /class54/class5470/total_data/sub_838.htm HTTP/1.1" 200 3527 "-" "Mozilla/5.0 (compatible; MJ12bot/v1.4.8; http://mj12bot.com/)" "ysfine.com"
195.191.219.132 - - [27/Oct/2022:13:58:37 -0700] "GET /archives/proceedings/ff3/trans.html HTTP/1.1" 200 977 "-" "Mozilla/5.0 (compatible; MJ12bot/v1.4.8; http://mj12bot.com/)" "ysfine.com"
195.191.219.131 - - [27/Oct/2022:13:58:38 -0700] "GET /class54/class5470/total_data/sub_839.htm HTTP/1.1" 200 3527 "-" "Mozilla/5.0 (compatible; MJ12bot/v1.4.8; http://mj12bot.com/)" "ysfine.com"
195.191.219.131 - - [27/Oct/2022:13:58:39 -0700] "GET /class54/class5470/total_data/sub_840.htm HTTP/1.1" 200 3527 "-" "Mozilla/5.0 (compatible; MJ12bot/v1.4.8; http://mj12bot.com/)" "ysfine.com"
195.191.219.132 - - [27/Oct/2022:13:58:40 -0700] "GET /archives/proceedings/wpro01/baskal.html HTTP/1.1" 200 791 "-" "Mozilla/5.0 (compatible; MJ12bot/v1.4.8; http://mj12bot.com/)" "ysfine.com"
195.191.219.131 - - [27/Oct/2022:13:58:41 -0700] "GET /class54/class5470/total_data/sub_841.htm HTTP/1.1" 200 3527 "-" "Mozilla/5.0 (compatible; MJ12bot/v1.4.8; http://mj12bot.com/)" "ysfine.com"
195.191.219.132 - - [27/Oct/2022:13:58:42 -0700] "GET /archives/proceedings/wpro01/baskal.html HTTP/1.1" 200 791 "-" "Mozilla/5.0 (compatible; MJ12bot/v1.4.8; http://mj12bot.com/)" "ysfine.com"
195.191.219.131 - - [27/Oct/2022:13:58:42 -0700] "GET /class54/class5470/total_data/sub_842.htm HTTP/1.1" 200 3527 "-" "Mozilla/5.0 (compatible; MJ12bot/v1.4.8; http://mj12bot.com/)" "ysfine.com"
195.191.219.132 - - [27/Oct/2022:13:58:43 -0700] "GET /archives/proceedings/wpro01/casaho.html HTTP/1.1" 200 563 "-" "Mozilla/5.0 (compatible; MJ12bot/v1.4.8; http://mj12bot.com/)" "ysfine.com"
195.191.219.131 - - [27/Oct/2022:13:58:44 -0700] "GET /class54/class5470/total_data/sub_843.htm HTTP/1.1" 200 3526 "-" "Mozilla/5.0 (compatible; MJ12bot/v1.4.8; http://mj12bot.com/)" "ysfine.com"
195.191.219.132 - - [27/Oct/2022:13:58:45 -0700] "GET /archives/proceedings/wpro01/foerst.html HTTP/1.1" 200 1025 "-" "Mozilla/5.0 (compatible; MJ12bot/v1.4.8; http://mj12bot.com/)" "ysfine.com"
195.191.219.131 - - [27/Oct/2022:13:58:46 -0700] "GET /class54/class5470/total_data/sub_844.htm HTTP/1.1" 200 3526 "-" "Mozilla/5.0 (compatible; MJ12bot/v1.4.8; http://mj12bot.com/)" "ysfine.com"
195.191.219.132 - - [27/Oct/2022:13:58:47 -0700] "GET /archives/proceedings/wpro01/gaunau.html HTTP/1.1" 200 1506 "-" "Mozilla/5.0 (compatible; MJ12bot/v1.4.8; http://mj12bot.com/)" "ysfine.com"
195.191.219.131 - - [27/Oct/2022:13:58:47 -0700] "GET /class54/class5470/total_data/sub_845.htm HTTP/1.1" 200 3526 "-" "Mozilla/5.0 (compatible; MJ12bot/v1.4.8; http://mj12bot.com/)" "ysfine.com"
195.191.219.132 - - [27/Oct/2022:13:58:48 -0700] "GET /archives/proceedings/wpro01/gelman.html HTTP/1.1" 200 305 "-" "Mozilla/5.0 (compatible; MJ12bot/v1.4.8; http://mj12bot.com/)" "ysfine.com"
195.191.219.131 - - [27/Oct/2022:13:58:49 -0700] "GET /class54/class5470/total_data/sub_846.htm HTTP/1.1" 200 3526 "-" "Mozilla/5.0 (compatible; MJ12bot/v1.4.8; http://mj12bot.com/)" "ysfine.com"
195.191.219.132 - - [27/Oct/2022:13:58:50 -0700] "GET /archives/proceedings/wpro01/gomes.html HTTP/1.1" 200 522 "-" "Mozilla/5.0 (compatible; MJ12bot/v1.4.8; http://mj12bot.com/)" "ysfine.com"
195.191.219.131 - - [27/Oct/2022:13:58:50 -0700] "GET /class54/class5470/total_data/sub_847.htm HTTP/1.1" 200 3526 "-" "Mozilla/5.0 (compatible; MJ12bot/v1.4.8; http://mj12bot.com/)" "ysfine.com"
195.191.219.131 - - [27/Oct/2022:13:58:52 -0700] "GET /class54/class5470/total_data/sub_848.htm HTTP/1.1" 200 3526 "-" "Mozilla/5.0 (compatible; MJ12bot/v1.4.8; http://mj12bot.com/)" "ysfine.com"
195.191.219.132 - - [27/Oct/2022:13:58:53 -0700] "GET /archives/proceedings/wpro01/gromov.html HTTP/1.1" 200 1663 "-" "Mozilla/5.0 (compatible; MJ12bot/v1.4.8; http://mj12bot.com/)" "ysfine.com"
195.191.219.131 - - [27/Oct/2022:13:58:54 -0700] "GET /class54/class5470/total_data/sub_849.htm HTTP/1.1" 200 3526 "-" "Mozilla/5.0 (compatible; MJ12bot/v1.4.8; http://mj12bot.com/)" "ysfine.com"
195.191.219.132 - - [27/Oct/2022:13:58:55 -0700] "GET /archives/proceedings/wpro01/gromov.html HTTP/1.1" 200 1663 "-" "Mozilla/5.0 (compatible; MJ12bot/v1.4.8; http://mj12bot.com/)" "ysfine.com"
195.191.219.131 - - [27/Oct/2022:13:58:55 -0700] "GET /class54/class5470/total_data/sub_850.htm HTTP/1.1" 200 3526 "-" "Mozilla/5.0 (compatible; MJ12bot/v1.4.8; http://mj12bot.com/)" "ysfine.com"
195.191.219.132 - - [27/Oct/2022:13:58:57 -0700] "GET /archives/proceedings/wpro01/hornos.html HTTP/1.1" 200 585 "-" "Mozilla/5.0 (compatible; MJ12bot/v1.4.8; http://mj12bot.com/)" "ysfine.com"
195.191.219.131 - - [27/Oct/2022:13:58:57 -0700] "GET /class54/class5470/total_data/sub_851.htm HTTP/1.1" 200 3526 "-" "Mozilla/5.0 (compatible; MJ12bot/v1.4.8; http://mj12bot.com/)" "ysfine.com"
195.191.219.132 - - [27/Oct/2022:13:58:58 -0700] "GET /archives/proceedings/wpro01/johnso.html HTTP/1.1" 200 755 "-" "Mozilla/5.0 (compatible; MJ12bot/v1.4.8; http://mj12bot.com/)" "ysfine.com"
195.191.219.131 - - [27/Oct/2022:13:58:59 -0700] "GET /class54/class5470/total_data/sub_852.htm HTTP/1.1" 200 3526 "-" "Mozilla/5.0 (compatible; MJ12bot/v1.4.8; http://mj12bot.com/)" "ysfine.com"
195.191.219.132 - - [27/Oct/2022:13:59:00 -0700] "GET /archives/proceedings/wpro01/joyce.html HTTP/1.1" 200 722 "-" "Mozilla/5.0 (compatible; MJ12bot/v1.4.8; http://mj12bot.com/)" "ysfine.com"
195.191.219.131 - - [27/Oct/2022:13:59:01 -0700] "GET /class54/class5470/total_data/sub_853.htm HTTP/1.1" 200 3526 "-" "Mozilla/5.0 (compatible; MJ12bot/v1.4.8; http://mj12bot.com/)" "ysfine.com"
195.191.219.132 - - [27/Oct/2022:13:59:01 -0700] "GET /archives/proceedings/wpro01/just.html HTTP/1.1" 200 809 "-" "Mozilla/5.0 (compatible; MJ12bot/v1.4.8; http://mj12bot.com/)" "ysfine.com"
195.191.219.131 - - [27/Oct/2022:13:59:02 -0700] "GET /class54/class5470/total_data/sub_854.htm HTTP/1.1" 200 3526 "-" "Mozilla/5.0 (compatible; MJ12bot/v1.4.8; http://mj12bot.com/)" "ysfine.com"
165.242.97.211 - - [27/Oct/2022:13:59:03 -0700] "GET / HTTP/1.1" 200 5283 "-" "Mozilla/5.0 (Macintosh; Intel Mac OS X 10_14_6) AppleWebKit/605.1.15 (KHTML, like Gecko)" "ysfine.com"
165.242.97.211 - - [27/Oct/2022:13:59:04 -0700] "GET /apple-touch-icon-precomposed.png HTTP/1.1" 404 88 "-" "Safari/14611.3.10.1.7 CFNetwork/978.0.7 Darwin/18.7.0 (x86_64)" "ysfine.com"
165.242.97.211 - - [27/Oct/2022:13:59:04 -0700] "GET /apple-touch-icon.png HTTP/1.1" 404 88 "-" "Safari/14611.3.10.1.7 CFNetwork/978.0.7 Darwin/18.7.0 (x86_64)" "ysfine.com"
195.191.219.131 - - [27/Oct/2022:13:59:04 -0700] "GET /class54/class5470/total_data/sub_855.htm HTTP/1.1" 200 3527 "-" "Mozilla/5.0 (compatible; MJ12bot/v1.4.8; http://mj12bot.com/)" "ysfine.com"
165.242.97.211 - - [27/Oct/2022:13:59:04 -0700] "GET /favicon.ico HTTP/1.1" 404 88 "-" "Safari/14611.3.10.1.7 CFNetwork/978.0.7 Darwin/18.7.0 (x86_64)" "ysfine.com"
165.242.97.211 - - [27/Oct/2022:13:59:04 -0700] "GET /apple-touch-icon-precomposed.png HTTP/1.1" 404 88 "-" "Safari/14611.3.10.1.7 CFNetwork/978.0.7 Darwin/18.7.0 (x86_64)" "ysfine.com"
195.191.219.132 - - [27/Oct/2022:13:59:04 -0700] "GET /archives/proceedings/wpro01/ketov.html HTTP/1.1" 200 636 "-" "Mozilla/5.0 (compatible; MJ12bot/v1.4.8; http://mj12bot.com/)" "ysfine.com"
165.242.97.211 - - [27/Oct/2022:13:59:05 -0700] "GET /apple-touch-icon.png HTTP/1.1" 404 88 "-" "Safari/14611.3.10.1.7 CFNetwork/978.0.7 Darwin/18.7.0 (x86_64)" "ysfine.com"
165.242.97.254 - - [27/Oct/2022:13:59:05 -0700] "GET / HTTP/1.1" 200 5283 "-" "Mozilla/5.0 (Macintosh; Intel Mac OS X 10_15_7) AppleWebKit/605.1.15 (KHTML, like Gecko)" "ysfine.com"
165.242.97.211 - - [27/Oct/2022:13:59:05 -0700] "GET /favicon.ico HTTP/1.1" 404 88 "-" "Safari/14611.3.10.1.7 CFNetwork/978.0.7 Darwin/18.7.0 (x86_64)" "ysfine.com"
165.242.97.211 - - [27/Oct/2022:13:59:05 -0700] "GET / HTTP/1.1" 200 5283 "-" "Mozilla/5.0 (iPhone; CPU iPhone OS 14_0 like Mac OS X) AppleWebKit/605.1.15 (KHTML, like Gecko) Version/14.0 Mobile/15E148 Safari/604.1" "ysfine.com"
165.242.97.254 - - [27/Oct/2022:13:59:05 -0700] "GET /apple-touch-icon-precomposed.png HTTP/1.1" 404 88 "-" "Safari/15610.1.28.1.9 CFNetwork/1128.0.1 Darwin/19.6.0 (x86_64)" "ysfine.com"
40.77.167.71 - - [27/Oct/2022:13:59:05 -0700] "GET /people/index.html HTTP/1.1" 200 125 "-" "Mozilla/5.0 (compatible; bingbot/2.0; +http://www.bing.com/bingbot.htm)" "ysfine.com"
165.242.97.254 - - [27/Oct/2022:13:59:05 -0700] "GET /apple-touch-icon.png HTTP/1.1" 404 88 "-" "Safari/15610.1.28.1.9 CFNetwork/1128.0.1 Darwin/19.6.0 (x86_64)" "ysfine.com"
165.242.97.211 - - [27/Oct/2022:13:59:05 -0700] "GET /apple-touch-icon-precomposed.png HTTP/1.1" 404 88 "-" "Safari/14611.3.10.1.7 CFNetwork/978.0.7 Darwin/18.7.0 (x86_64)" "ysfine.com"
165.242.97.254 - - [27/Oct/2022:13:59:06 -0700] "GET /favicon.ico HTTP/1.1" 404 88 "-" "Safari/15610.1.28.1.9 CFNetwork/1128.0.1 Darwin/19.6.0 (x86_64)" "ysfine.com"
195.191.219.131 - - [27/Oct/2022:13:59:06 -0700] "GET /class54/class5470/total_data/sub_856.htm HTTP/1.1" 200 3527 "-" "Mozilla/5.0 (compatible; MJ12bot/v1.4.8; http://mj12bot.com/)" "ysfine.com"
165.242.97.211 - - [27/Oct/2022:13:59:06 -0700] "GET /apple-touch-icon.png HTTP/1.1" 404 88 "-" "Safari/14611.3.10.1.7 CFNetwork/978.0.7 Darwin/18.7.0 (x86_64)" "ysfine.com"
165.242.97.254 - - [27/Oct/2022:13:59:06 -0700] "GET /apple-touch-icon-precomposed.png HTTP/1.1" 404 88 "-" "Safari/15610.1.28.1.9 CFNetwork/1128.0.1 Darwin/19.6.0 (x86_64)" "ysfine.com"
165.242.97.211 - - [27/Oct/2022:13:59:06 -0700] "GET /favicon.ico HTTP/1.1" 404 88 "-" "Safari/14611.3.10.1.7 CFNetwork/978.0.7 Darwin/18.7.0 (x86_64)" "ysfine.com"
165.242.97.254 - - [27/Oct/2022:13:59:06 -0700] "GET /apple-touch-icon.png HTTP/1.1" 404 88 "-" "Safari/15610.1.28.1.9 CFNetwork/1128.0.1 Darwin/19.6.0 (x86_64)" "ysfine.com"
165.242.97.211 - - [27/Oct/2022:13:59:06 -0700] "GET /apple-touch-icon-precomposed.png HTTP/1.1" 404 88 "-" "Safari/14611.3.10.1.7 CFNetwork/978.0.7 Darwin/18.7.0 (x86_64)" "ysfine.com"
195.191.219.132 - - [27/Oct/2022:13:59:06 -0700] "GET /archives/proceedings/wpro01/ketov.html HTTP/1.1" 200 636 "-" "Mozilla/5.0 (compatible; MJ12bot/v1.4.8; http://mj12bot.com/)" "ysfine.com"
165.242.97.254 - - [27/Oct/2022:13:59:06 -0700] "GET /favicon.ico HTTP/1.1" 404 88 "-" "Safari/15610.1.28.1.9 CFNetwork/1128.0.1 Darwin/19.6.0 (x86_64)" "ysfine.com"
165.242.97.211 - - [27/Oct/2022:13:59:06 -0700] "GET /apple-touch-icon.png HTTP/1.1" 404 88 "-" "Safari/14611.3.10.1.7 CFNetwork/978.0.7 Darwin/18.7.0 (x86_64)" "ysfine.com"
165.242.97.211 - - [27/Oct/2022:13:59:06 -0700] "GET /favicon.ico HTTP/1.1" 404 88 "-" "Safari/14611.3.10.1.7 CFNetwork/978.0.7 Darwin/18.7.0 (x86_64)" "ysfine.com"
165.242.97.254 - - [27/Oct/2022:13:59:07 -0700] "GET / HTTP/1.1" 200 5283 "-" "Mozilla/5.0 (iPhone; CPU iPhone OS 13_1_3 like Mac OS X) AppleWebKit/605.1.15 (KHTML, like Gecko) Version/13.0.1 Mobile/15E148 Safari/604.1" "ysfine.com"
165.242.97.254 - - [27/Oct/2022:13:59:07 -0700] "GET /apple-touch-icon-precomposed.png HTTP/1.1" 404 88 "-" "Safari/15610.1.28.1.9 CFNetwork/1128.0.1 Darwin/19.6.0 (x86_64)" "ysfine.com"
165.242.97.254 - - [27/Oct/2022:13:59:07 -0700] "GET /apple-touch-icon.png HTTP/1.1" 404 88 "-" "Safari/15610.1.28.1.9 CFNetwork/1128.0.1 Darwin/19.6.0 (x86_64)" "ysfine.com"
195.191.219.131 - - [27/Oct/2022:13:59:07 -0700] "GET /class54/class5470/total_data/sub_857.htm HTTP/1.1" 200 3527 "-" "Mozilla/5.0 (compatible; MJ12bot/v1.4.8; http://mj12bot.com/)" "ysfine.com"
165.242.97.254 - - [27/Oct/2022:13:59:07 -0700] "GET /favicon.ico HTTP/1.1" 404 88 "-" "Safari/15610.1.28.1.9 CFNetwork/1128.0.1 Darwin/19.6.0 (x86_64)" "ysfine.com"
165.242.97.254 - - [27/Oct/2022:13:59:08 -0700] "GET /apple-touch-icon-precomposed.png HTTP/1.1" 404 88 "-" "Safari/15610.1.28.1.9 CFNetwork/1128.0.1 Darwin/19.6.0 (x86_64)" "ysfine.com"
165.242.97.254 - - [27/Oct/2022:13:59:08 -0700] "GET /apple-touch-icon.png HTTP/1.1" 404 88 "-" "Safari/15610.1.28.1.9 CFNetwork/1128.0.1 Darwin/19.6.0 (x86_64)" "ysfine.com"
165.242.97.254 - - [27/Oct/2022:13:59:08 -0700] "GET /favicon.ico HTTP/1.1" 404 88 "-" "Safari/15610.1.28.1.9 CFNetwork/1128.0.1 Darwin/19.6.0 (x86_64)" "ysfine.com"
195.191.219.131 - - [27/Oct/2022:13:59:09 -0700] "GET /class54/class5470/total_data/sub_858.htm HTTP/1.1" 200 3527 "-" "Mozilla/5.0 (compatible; MJ12bot/v1.4.8; http://mj12bot.com/)" "ysfine.com"
195.191.219.132 - - [27/Oct/2022:13:59:10 -0700] "GET /archives/proceedings/wpro01/klink.html HTTP/1.1" 200 516 "-" "Mozilla/5.0 (compatible; MJ12bot/v1.4.8; http://mj12bot.com/)" "ysfine.com"
195.191.219.131 - - [27/Oct/2022:13:59:10 -0700] "GET /class54/class5470/total_data/sub_859.htm HTTP/1.1" 200 3527 "-" "Mozilla/5.0 (compatible; MJ12bot/v1.4.8; http://mj12bot.com/)" "ysfine.com"
195.191.219.132 - - [27/Oct/2022:13:59:11 -0700] "GET /archives/proceedings/wpro01/klink.html HTTP/1.1" 200 516 "-" "Mozilla/5.0 (compatible; MJ12bot/v1.4.8; http://mj12bot.com/)" "ysfine.com"
195.191.219.131 - - [27/Oct/2022:13:59:12 -0700] "GET /class54/class5470/total_data/sub_860.htm HTTP/1.1" 200 3527 "-" "Mozilla/5.0 (compatible; MJ12bot/v1.4.8; http://mj12bot.com/)" "ysfine.com"
195.191.219.132 - - [27/Oct/2022:13:59:13 -0700] "GET /archives/proceedings/wpro01/kocins.html HTTP/1.1" 200 1457 "-" "Mozilla/5.0 (compatible; MJ12bot/v1.4.8; http://mj12bot.com/)" "ysfine.com"
216.244.66.229 - - [27/Oct/2022:13:59:13 -0700] "GET /dongio/mil/kmc05.jpg HTTP/1.1" 404 73 "-" "Mozilla/5.0 (compatible; DotBot/1.2; +https://opensiteexplorer.org/dotbot; help@moz.com)" "www.ysfine.com"
195.191.219.131 - - [27/Oct/2022:13:59:14 -0700] "GET /class54/class5470/total_data/sub_861.htm HTTP/1.1" 200 3513 "-" "Mozilla/5.0 (compatible; MJ12bot/v1.4.8; http://mj12bot.com/)" "ysfine.com"
195.191.219.131 - - [27/Oct/2022:13:59:16 -0700] "GET /class54/class5470/total_data/sub_862.htm HTTP/1.1" 200 3526 "-" "Mozilla/5.0 (compatible; MJ12bot/v1.4.8; http://mj12bot.com/)" "ysfine.com"
195.191.219.132 - - [27/Oct/2022:13:59:16 -0700] "GET /archives/proceedings/wpro01/legare.html HTTP/1.1" 200 529 "-" "Mozilla/5.0 (compatible; MJ12bot/v1.4.8; http://mj12bot.com/)" "ysfine.com"
195.191.219.131 - - [27/Oct/2022:13:59:17 -0700] "GET /class54/class5470/total_data/sub_863.htm HTTP/1.1" 200 3526 "-" "Mozilla/5.0 (compatible; MJ12bot/v1.4.8; http://mj12bot.com/)" "ysfine.com"
195.191.219.132 - - [27/Oct/2022:13:59:18 -0700] "GET /archives/proceedings/wpro01/legare.html HTTP/1.1" 200 529 "-" "Mozilla/5.0 (compatible; MJ12bot/v1.4.8; http://mj12bot.com/)" "ysfine.com"
195.191.219.131 - - [27/Oct/2022:13:59:19 -0700] "GET /class54/class5470/total_data/sub_864.htm HTTP/1.1" 200 3526 "-" "Mozilla/5.0 (compatible; MJ12bot/v1.4.8; http://mj12bot.com/)" "ysfine.com"
195.191.219.132 - - [27/Oct/2022:13:59:20 -0700] "GET /archives/proceedings/wpro01/licht.html HTTP/1.1" 200 406 "-" "Mozilla/5.0 (compatible; MJ12bot/v1.4.8; http://mj12bot.com/)" "ysfine.com"
195.191.219.131 - - [27/Oct/2022:13:59:20 -0700] "GET /class54/class5470/total_data/sub_865.htm HTTP/1.1" 200 3509 "-" "Mozilla/5.0 (compatible; MJ12bot/v1.4.8; http://mj12bot.com/)" "ysfine.com"
195.191.219.132 - - [27/Oct/2022:13:59:21 -0700] "GET /archives/proceedings/wpro01/losala.html HTTP/1.1" 200 672 "-" "Mozilla/5.0 (compatible; MJ12bot/v1.4.8; http://mj12bot.com/)" "ysfine.com"
51.222.253.8 - - [27/Oct/2022:13:59:22 -0700] "GET /class54/class5470/total_data/sub_733.htm HTTP/1.1" 200 3294 "-" "Mozilla/5.0 (compatible; AhrefsBot/7.0; +http://ahrefs.com/robot/)" "ysfine.com"
195.191.219.131 - - [27/Oct/2022:13:59:22 -0700] "GET /class54/class5470/total_data/sub_866.htm HTTP/1.1" 200 3510 "-" "Mozilla/5.0 (compatible; MJ12bot/v1.4.8; http://mj12bot.com/)" "ysfine.com"
195.191.219.132 - - [27/Oct/2022:13:59:23 -0700] "GET /archives/proceedings/wpro01/mann.html HTTP/1.1" 200 527 "-" "Mozilla/5.0 (compatible; MJ12bot/v1.4.8; http://mj12bot.com/)" "ysfine.com"
209.210.56.4 - - [27/Oct/2022:13:59:23 -0700] "GET /wdc/whouse03.jpg HTTP/1.1" 200 88237 "https://www.google.com/" "Mozilla/5.0 (Windows NT 10.0; Win64; x64) AppleWebKit/537.36 (KHTML, like Gecko) Chrome/106.0.0.0 Safari/537.36" "ysfine.com"
195.191.219.131 - - [27/Oct/2022:13:59:23 -0700] "GET /class54/class5470/total_data/sub_867.htm HTTP/1.1" 200 3510 "-" "Mozilla/5.0 (compatible; MJ12bot/v1.4.8; http://mj12bot.com/)" "ysfine.com"
195.191.219.132 - - [27/Oct/2022:13:59:24 -0700] "GET /archives/proceedings/wpro01/melnik.html HTTP/1.1" 200 569 "-" "Mozilla/5.0 (compatible; MJ12bot/v1.4.8; http://mj12bot.com/)" "ysfine.com"
195.191.219.131 - - [27/Oct/2022:13:59:25 -0700] "GET /class54/class5470/total_data/sub_868.htm HTTP/1.1" 200 3510 "-" "Mozilla/5.0 (compatible; MJ12bot/v1.4.8; http://mj12bot.com/)" "ysfine.com"
195.191.219.132 - - [27/Oct/2022:13:59:26 -0700] "GET /archives/proceedings/wpro01/mondra.html HTTP/1.1" 200 936 "-" "Mozilla/5.0 (compatible; MJ12bot/v1.4.8; http://mj12bot.com/)" "ysfine.com"
195.191.219.131 - - [27/Oct/2022:13:59:27 -0700] "GET /class54/class5470/total_data/sub_869.htm HTTP/1.1" 200 3510 "-" "Mozilla/5.0 (compatible; MJ12bot/v1.4.8; http://mj12bot.com/)" "ysfine.com"
195.191.219.132 - - [27/Oct/2022:13:59:28 -0700] "GET /archives/proceedings/wpro01/monzon.html HTTP/1.1" 200 885 "-" "Mozilla/5.0 (compatible; MJ12bot/v1.4.8; http://mj12bot.com/)" "ysfine.com"
195.191.219.131 - - [27/Oct/2022:13:59:28 -0700] "GET /class54/class5470/total_data/sub_870.htm HTTP/1.1" 200 3510 "-" "Mozilla/5.0 (compatible; MJ12bot/v1.4.8; http://mj12bot.com/)" "ysfine.com"
195.191.219.132 - - [27/Oct/2022:13:59:29 -0700] "GET /archives/proceedings/wpro01/mostaf.html HTTP/1.1" 200 624 "-" "Mozilla/5.0 (compatible; MJ12bot/v1.4.8; http://mj12bot.com/)" "ysfine.com"
195.191.219.131 - - [27/Oct/2022:13:59:30 -0700] "GET /class54/class5470/total_data/sub_871.htm HTTP/1.1" 200 3504 "-" "Mozilla/5.0 (compatible; MJ12bot/v1.4.8; http://mj12bot.com/)" "ysfine.com"
195.191.219.132 - - [27/Oct/2022:13:59:31 -0700] "GET /archives/proceedings/wpro01/moyace.html HTTP/1.1" 200 514 "-" "Mozilla/5.0 (compatible; MJ12bot/v1.4.8; http://mj12bot.com/)" "ysfine.com"
195.191.219.131 - - [27/Oct/2022:13:59:32 -0700] "GET /class54/class5470/total_data/sub_872.htm HTTP/1.1" 200 3510 "-" "Mozilla/5.0 (compatible; MJ12bot/v1.4.8; http://mj12bot.com/)" "ysfine.com"
