173.73.77.36 - - [26/Oct/2022:21:59:00 -0700] "GET /ysbio/eink61c.jpg HTTP/1.1" 200 30120 "https://ysfine.com/ysbio/sing.html" "Mozilla/5.0 (Windows NT 10.0; Win64; x64) AppleWebKit/537.36 (KHTML, like Gecko) Chrome/106.0.0.0 Safari/537.36 Edg/106.0.1370.52" "ysfine.com"
173.73.77.36 - - [26/Oct/2022:21:59:00 -0700] "GET /ysbio/wigner62c.jpg HTTP/1.1" 200 41727 "https://ysfine.com/ysbio/sing.html" "Mozilla/5.0 (Windows NT 10.0; Win64; x64) AppleWebKit/537.36 (KHTML, like Gecko) Chrome/106.0.0.0 Safari/537.36 Edg/106.0.1370.52" "ysfine.com"
173.73.77.36 - - [26/Oct/2022:21:59:00 -0700] "GET /ysbio/ewk86k.jpg HTTP/1.1" 200 103154 "https://ysfine.com/ysbio/sing.html" "Mozilla/5.0 (Windows NT 10.0; Win64; x64) AppleWebKit/537.36 (KHTML, like Gecko) Chrome/106.0.0.0 Safari/537.36 Edg/106.0.1370.52" "ysfine.com"
5.161.50.240 - - [26/Oct/2022:21:59:07 -0700] "GET /wp-content/plugins/dzs-zoomsounds/admin/admin.css HTTP/1.1" 404 88 "https://www.google.com" "Mozilla/5.0 (Windows NT 10.0; Win64; x64) AppleWebKit/537.36 (KHTML, like Gecko) Chrome/104.0.0.0 Safari/537.36" "ysfine.com"
5.161.50.240 - - [26/Oct/2022:21:59:32 -0700] "GET /wp-content/plugins/shortcode-addons/readme.txt HTTP/1.1" 404 88 "https://www.google.com" "Mozilla/5.0 (Windows NT 10.0; Win64; x64) AppleWebKit/537.36 (KHTML, like Gecko) Chrome/104.0.0.0 Safari/537.36" "ysfine.com"
157.55.39.127 - - [26/Oct/2022:21:59:53 -0700] "GET /world/baltic/lithu18.jpg HTTP/1.1" 200 139871 "-" "Mozilla/5.0 AppleWebKit/537.36 (KHTML, like Gecko; compatible; bingbot/2.0; +http://www.bing.com/bingbot.htm) Chrome/103.0.5060.134 Safari/537.36" "ysfine.com"
5.161.50.240 - - [26/Oct/2022:21:59:59 -0700] "GET /wp-content/plugins/vc-tabs/readme.txt HTTP/1.1" 404 88 "https://www.google.com" "Mozilla/5.0 (Linux; Android 12; SM-S906N Build/QP1A.190711.020; wv) AppleWebKit/537.36 (KHTML, like Gecko) Version/4.0 Chrome/105.0.0.0 Mobile Safari/537.36" "ysfine.com"
173.73.77.36 - - [26/Oct/2022:22:00:20 -0700] "GET /princeton/yspr.html HTTP/1.1" 200 5439 "https://ysfine.com/ysbio/sing.html" "Mozilla/5.0 (Windows NT 10.0; Win64; x64) AppleWebKit/537.36 (KHTML, like Gecko) Chrome/106.0.0.0 Safari/537.36 Edg/106.0.1370.52" "ysfine.com"
173.73.77.36 - - [26/Oct/2022:22:00:20 -0700] "GET /eink/ewk86a.jpg HTTP/1.1" 200 70895 "https://ysfine.com/princeton/yspr.html" "Mozilla/5.0 (Windows NT 10.0; Win64; x64) AppleWebKit/537.36 (KHTML, like Gecko) Chrome/106.0.0.0 Safari/537.36 Edg/106.0.1370.52" "ysfine.com"
173.73.77.36 - - [26/Oct/2022:22:00:20 -0700] "GET /princeton/yspr61c.jpg HTTP/1.1" 200 27257 "https://ysfine.com/princeton/yspr.html" "Mozilla/5.0 (Windows NT 10.0; Win64; x64) AppleWebKit/537.36 (KHTML, like Gecko) Chrome/106.0.0.0 Safari/537.36 Edg/106.0.1370.52" "ysfine.com"
173.73.77.36 - - [26/Oct/2022:22:00:20 -0700] "GET /wigner/wigheis11c.jpg HTTP/1.1" 200 41279 "https://ysfine.com/princeton/yspr.html" "Mozilla/5.0 (Windows NT 10.0; Win64; x64) AppleWebKit/537.36 (KHTML, like Gecko) Chrome/106.0.0.0 Safari/537.36 Edg/106.0.1370.52" "ysfine.com"
173.73.77.36 - - [26/Oct/2022:22:00:20 -0700] "GET /eink/eink24c.jpg HTTP/1.1" 200 45060 "https://ysfine.com/princeton/yspr.html" "Mozilla/5.0 (Windows NT 10.0; Win64; x64) AppleWebKit/537.36 (KHTML, like Gecko) Chrome/106.0.0.0 Safari/537.36 Edg/106.0.1370.52" "ysfine.com"
173.73.77.36 - - [26/Oct/2022:22:00:20 -0700] "GET /princeton/einpm300.jpg HTTP/1.1" 200 45605 "https://ysfine.com/princeton/yspr.html" "Mozilla/5.0 (Windows NT 10.0; Win64; x64) AppleWebKit/537.36 (KHTML, like Gecko) Chrome/106.0.0.0 Safari/537.36 Edg/106.0.1370.52" "ysfine.com"
173.73.77.36 - - [26/Oct/2022:22:00:20 -0700] "GET /princeton/feyprince11c.jpg HTTP/1.1" 200 50500 "https://ysfine.com/princeton/yspr.html" "Mozilla/5.0 (Windows NT 10.0; Win64; x64) AppleWebKit/537.36 (KHTML, like Gecko) Chrome/106.0.0.0 Safari/537.36 Edg/106.0.1370.52" "ysfine.com"
173.73.77.36 - - [26/Oct/2022:22:00:20 -0700] "GET /feynman/feyfirm66c.jpg HTTP/1.1" 200 36701 "https://ysfine.com/princeton/yspr.html" "Mozilla/5.0 (Windows NT 10.0; Win64; x64) AppleWebKit/537.36 (KHTML, like Gecko) Chrome/106.0.0.0 Safari/537.36 Edg/106.0.1370.52" "ysfine.com"
173.73.77.36 - - [26/Oct/2022:22:00:20 -0700] "GET /princeton/ysrhee33c.jpg HTTP/1.1" 200 26817 "https://ysfine.com/princeton/yspr.html" "Mozilla/5.0 (Windows NT 10.0; Win64; x64) AppleWebKit/537.36 (KHTML, like Gecko) Chrome/106.0.0.0 Safari/537.36 Edg/106.0.1370.52" "ysfine.com"
173.73.77.36 - - [26/Oct/2022:22:00:20 -0700] "GET /einstein/einbohr33c.jpg HTTP/1.1" 200 36410 "https://ysfine.com/princeton/yspr.html" "Mozilla/5.0 (Windows NT 10.0; Win64; x64) AppleWebKit/537.36 (KHTML, like Gecko) Chrome/106.0.0.0 Safari/537.36 Edg/106.0.1370.52" "ysfine.com"
173.73.77.36 - - [26/Oct/2022:22:00:20 -0700] "GET /princeton/rheepr01c.jpg HTTP/1.1" 200 33538 "https://ysfine.com/princeton/yspr.html" "Mozilla/5.0 (Windows NT 10.0; Win64; x64) AppleWebKit/537.36 (KHTML, like Gecko) Chrome/106.0.0.0 Safari/537.36 Edg/106.0.1370.52" "ysfine.com"
173.73.77.36 - - [26/Oct/2022:22:00:20 -0700] "GET /princeton/pawkim19c.jpg HTTP/1.1" 200 58199 "https://ysfine.com/princeton/yspr.html" "Mozilla/5.0 (Windows NT 10.0; Win64; x64) AppleWebKit/537.36 (KHTML, like Gecko) Chrome/106.0.0.0 Safari/537.36 Edg/106.0.1370.52" "ysfine.com"
173.73.77.36 - - [26/Oct/2022:22:00:20 -0700] "GET /eink/further22a.jpg HTTP/1.1" 200 96140 "https://ysfine.com/princeton/yspr.html" "Mozilla/5.0 (Windows NT 10.0; Win64; x64) AppleWebKit/537.36 (KHTML, like Gecko) Chrome/106.0.0.0 Safari/537.36 Edg/106.0.1370.52" "ysfine.com"
173.73.77.36 - - [26/Oct/2022:22:00:20 -0700] "GET /princeton/family87c.jpg HTTP/1.1" 200 41065 "https://ysfine.com/princeton/yspr.html" "Mozilla/5.0 (Windows NT 10.0; Win64; x64) AppleWebKit/537.36 (KHTML, like Gecko) Chrome/106.0.0.0 Safari/537.36 Edg/106.0.1370.52" "ysfine.com"
5.161.50.240 - - [26/Oct/2022:22:00:26 -0700] "GET /wp-content/plugins/wp-file-manager/readme.txt HTTP/1.1" 404 88 "https://www.google.com" "Mozilla/5.0 (Linux; Android 11; ONEPLUS A6013) AppleWebKit/537.36 (KHTML, like Gecko) Chrome/105.0.0.0 Mobile Safari/537.36" "ysfine.com"
207.46.13.104 - - [26/Oct/2022:22:00:34 -0700] "GET /world/russ/minsk123.jpg HTTP/1.1" 200 66285 "-" "Mozilla/5.0 (compatible; bingbot/2.0; +http://www.bing.com/bingbot.htm)" "ysfine.com"
185.191.171.5 - - [26/Oct/2022:22:00:39 -0700] "GET /home/marq.html HTTP/1.1" 200 3268 "-" "Mozilla/5.0 (compatible; SemrushBot/7~bl; +http://www.semrush.com/bot.html)" "ysfine.com"
5.161.50.240 - - [26/Oct/2022:22:00:52 -0700] "GET /wp-content/plugins/masterstudy-lms-learning-management-system/readme.txt HTTP/1.1" 404 88 "https://www.google.com" "Mozilla/5.0 (Linux; Android 12; SM-S906N Build/QP1A.190711.020; wv) AppleWebKit/537.36 (KHTML, like Gecko) Version/4.0 Chrome/105.0.0.0 Mobile Safari/537.36" "ysfine.com"
40.77.167.71 - - [26/Oct/2022:22:00:53 -0700] "GET /philo/marx02.jpg HTTP/1.1" 200 257749 "-" "Mozilla/5.0 (compatible; bingbot/2.0; +http://www.bing.com/bingbot.htm)" "www.ysfine.com"
98.47.213.51 - - [26/Oct/2022:22:00:57 -0700] "GET /feynman/feyn86b.jpg HTTP/1.1" 200 26190 "https://www.google.com/" "Mozilla/5.0 (iPhone; CPU iPhone OS 16_0_2 like Mac OS X) AppleWebKit/605.1.15 (KHTML, like Gecko) Version/16.0 Mobile/15E148 Safari/604.1" "ysfine.com"
216.244.66.229 - - [26/Oct/2022:22:01:11 -0700] "GET /ffriends/chinstu07.jpg HTTP/1.1" 200 139385 "-" "Mozilla/5.0 (compatible; DotBot/1.2; +https://opensiteexplorer.org/dotbot; help@moz.com)" "www.ysfine.com"
5.161.50.240 - - [26/Oct/2022:22:01:18 -0700] "GET /wp-content/plugins/mapsvg-lite-interactive-vector-maps/gm_download.php?file=/wp-config.php HTTP/1.1" 404 88 "https://www.google.com" "Mozilla/5.0 (Linux; Android 12; SM-S906N Build/QP1A.190711.020; wv) AppleWebKit/537.36 (KHTML, like Gecko) Version/4.0 Chrome/105.0.0.0 Mobile Safari/537.36" "ysfine.com"
157.55.39.14 - - [26/Oct/2022:22:01:25 -0700] "GET /bio/einstein/bern.html HTTP/1.1" 404 88 "-" "Mozilla/5.0 AppleWebKit/537.36 (KHTML, like Gecko; compatible; bingbot/2.0; +http://www.bing.com/bingbot.htm) Chrome/103.0.5060.134 Safari/537.36" "ysfine.com"
5.161.50.240 - - [26/Oct/2022:22:01:45 -0700] "GET /wp-content/plugins/mapsvg/gm_download.php?file=/wp-config.php HTTP/1.1" 404 88 "https://www.google.com" "Mozilla/5.0 (Linux; Android 11; ONEPLUS A6013) AppleWebKit/537.36 (KHTML, like Gecko) Chrome/105.0.0.0 Mobile Safari/537.36" "ysfine.com"
173.73.77.36 - - [26/Oct/2022:22:01:48 -0700] "GET /ysbio/wigner/wigner39.html HTTP/1.1" 200 330 "https://ysfine.com/ysbio/sing.html" "Mozilla/5.0 (Windows NT 10.0; Win64; x64) AppleWebKit/537.36 (KHTML, like Gecko) Chrome/106.0.0.0 Safari/537.36 Edg/106.0.1370.52" "ysfine.com"
173.73.77.36 - - [26/Oct/2022:22:01:48 -0700] "GET /ysbio/wigner/wig39.jpg HTTP/1.1" 200 308724 "https://ysfine.com/ysbio/wigner/wigner39.html" "Mozilla/5.0 (Windows NT 10.0; Win64; x64) AppleWebKit/537.36 (KHTML, like Gecko) Chrome/106.0.0.0 Safari/537.36 Edg/106.0.1370.52" "ysfine.com"
173.73.77.36 - - [26/Oct/2022:22:01:53 -0700] "GET /ysbio/wigner/e(2).html HTTP/1.1" 200 4288 "https://ysfine.com/ysbio/sing.html" "Mozilla/5.0 (Windows NT 10.0; Win64; x64) AppleWebKit/537.36 (KHTML, like Gecko) Chrome/106.0.0.0 Safari/537.36 Edg/106.0.1370.52" "ysfine.com"
173.73.77.36 - - [26/Oct/2022:22:01:54 -0700] "GET /ysbio/wigner/mzero03c.jpg HTTP/1.1" 200 22641 "https://ysfine.com/ysbio/wigner/e(2).html" "Mozilla/5.0 (Windows NT 10.0; Win64; x64) AppleWebKit/537.36 (KHTML, like Gecko) Chrome/106.0.0.0 Safari/537.36 Edg/106.0.1370.52" "ysfine.com"
173.73.77.36 - - [26/Oct/2022:22:01:54 -0700] "GET /ysbio/wigner/euclid05b.jpg HTTP/1.1" 200 33016 "https://ysfine.com/ysbio/wigner/e(2).html" "Mozilla/5.0 (Windows NT 10.0; Win64; x64) AppleWebKit/537.36 (KHTML, like Gecko) Chrome/106.0.0.0 Safari/537.36 Edg/106.0.1370.52" "ysfine.com"
173.73.77.36 - - [26/Oct/2022:22:01:54 -0700] "GET /ysbio/wigner/wigwein33b.jpg HTTP/1.1" 200 42269 "https://ysfine.com/ysbio/wigner/e(2).html" "Mozilla/5.0 (Windows NT 10.0; Win64; x64) AppleWebKit/537.36 (KHTML, like Gecko) Chrome/106.0.0.0 Safari/537.36 Edg/106.0.1370.52" "ysfine.com"
173.73.77.36 - - [26/Oct/2022:22:01:54 -0700] "GET /ysbio/wigner/neupol01b.jpg HTTP/1.1" 200 30797 "https://ysfine.com/ysbio/wigner/e(2).html" "Mozilla/5.0 (Windows NT 10.0; Win64; x64) AppleWebKit/537.36 (KHTML, like Gecko) Chrome/106.0.0.0 Safari/537.36 Edg/106.0.1370.52" "ysfine.com"
173.73.77.36 - - [26/Oct/2022:22:01:54 -0700] "GET /ysbio/wigner/hk88b.jpg HTTP/1.1" 200 41438 "https://ysfine.com/ysbio/wigner/e(2).html" "Mozilla/5.0 (Windows NT 10.0; Win64; x64) AppleWebKit/537.36 (KHTML, like Gecko) Chrome/106.0.0.0 Safari/537.36 Edg/106.0.1370.52" "ysfine.com"
173.73.77.36 - - [26/Oct/2022:22:01:54 -0700] "GET /ysbio/wigner/isomor77c.jpg HTTP/1.1" 200 43414 "https://ysfine.com/ysbio/wigner/e(2).html" "Mozilla/5.0 (Windows NT 10.0; Win64; x64) AppleWebKit/537.36 (KHTML, like Gecko) Chrome/106.0.0.0 Safari/537.36 Edg/106.0.1370.52" "ysfine.com"
207.46.13.104 - - [26/Oct/2022:22:02:04 -0700] "GET /princeton/westmin11.jpg HTTP/1.1" 200 147787 "-" "Mozilla/5.0 (compatible; bingbot/2.0; +http://www.bing.com/bingbot.htm)" "www.ysfine.com"
5.161.50.240 - - [26/Oct/2022:22:02:12 -0700] "GET /wp-admin/admin-ajax.php?action=duplicator_download&file=../wp-config.php HTTP/1.1" 404 88 "https://www.google.com" "Mozilla/5.0 (Linux; Android 12; SM-S906N Build/QP1A.190711.020; wv) AppleWebKit/537.36 (KHTML, like Gecko) Version/4.0 Chrome/105.0.0.0 Mobile Safari/537.36" "ysfine.com"
216.244.66.229 - - [26/Oct/2022:22:02:13 -0700] "GET /eink/taylor11.jpg HTTP/1.1" 200 83552 "-" "Mozilla/5.0 (compatible; DotBot/1.2; +https://opensiteexplorer.org/dotbot; help@moz.com)" "www.ysfine.com"
216.244.66.229 - - [26/Oct/2022:22:02:15 -0700] "GET /ffriends/israel.html HTTP/1.1" 200 6981 "-" "Mozilla/5.0 (compatible; DotBot/1.2; +https://opensiteexplorer.org/dotbot; help@moz.com)" "www.ysfine.com"
216.244.66.229 - - [26/Oct/2022:22:02:15 -0700] "GET /ffriends/safrica22.jpg HTTP/1.1" 200 178122 "-" "Mozilla/5.0 (compatible; DotBot/1.2; +https://opensiteexplorer.org/dotbot; help@moz.com)" "www.ysfine.com"
216.244.66.229 - - [26/Oct/2022:22:02:18 -0700] "GET /ffriends/daria01.jpg HTTP/1.1" 404 73 "-" "Mozilla/5.0 (compatible; DotBot/1.2; +https://opensiteexplorer.org/dotbot; help@moz.com)" "www.ysfine.com"
216.244.66.229 - - [26/Oct/2022:22:02:19 -0700] "GET /ffriends/polcolum.jpg HTTP/1.1" 200 225981 "-" "Mozilla/5.0 (compatible; DotBot/1.2; +https://opensiteexplorer.org/dotbot; help@moz.com)" "www.ysfine.com"
40.77.167.71 - - [26/Oct/2022:22:02:23 -0700] "GET /world/japan/osaka004.jpg HTTP/1.1" 200 99704 "-" "Mozilla/5.0 (compatible; bingbot/2.0; +http://www.bing.com/bingbot.htm)" "ysfine.com"
5.161.50.240 - - [26/Oct/2022:22:02:40 -0700] "GET /wp-admin/admin-ajax.php?action=revslider_show_image&img=../wp-config.php HTTP/1.1" 404 88 "https://www.google.com" "Mozilla/5.0 (Windows NT 10.0; Win64; x64) AppleWebKit/537.36 (KHTML, like Gecko) Chrome/104.0.0.0 Safari/537.36" "ysfine.com"
185.191.171.3 - - [26/Oct/2022:22:02:52 -0700] "GET /ysbio/bio05.html HTTP/1.1" 200 14650 "-" "Mozilla/5.0 (compatible; SemrushBot/7~bl; +http://www.semrush.com/bot.html)" "ysfine.com"
5.161.50.240 - - [26/Oct/2022:22:03:06 -0700] "GET /wp-content/plugins/cherry-plugin/admin/import-export/download-content.php?file=../../../../../wp-config.php HTTP/1.1" 404 88 "https://www.google.com" "Mozilla/5.0 (Windows NT 10.0; Win64; x64) AppleWebKit/537.36 (KHTML, like Gecko) Chrome/104.0.0.0 Safari/537.36" "ysfine.com"
104.51.109.116 - - [26/Oct/2022:22:03:27 -0700] "GET /maga/desiree.html HTTP/1.1" 200 2747 "https://www.google.com/" "Mozilla/5.0 (iPhone; CPU iPhone OS 14_8_1 like Mac OS X) AppleWebKit/605.1.15 (KHTML, like Gecko) Version/14.1.2 Mobile/15E148 Safari/604.1" "ysfine.com"
104.51.109.116 - - [26/Oct/2022:22:03:27 -0700] "GET /maga/histo/swedking01b.jpg HTTP/1.1" 200 41020 "https://ysfine.com/maga/desiree.html" "Mozilla/5.0 (iPhone; CPU iPhone OS 14_8_1 like Mac OS X) AppleWebKit/605.1.15 (KHTML, like Gecko) Version/14.1.2 Mobile/15E148 Safari/604.1" "ysfine.com"
104.51.109.116 - - [26/Oct/2022:22:03:27 -0700] "GET /maga/histo/desiree23b.jpg HTTP/1.1" 200 40638 "https://ysfine.com/maga/desiree.html" "Mozilla/5.0 (iPhone; CPU iPhone OS 14_8_1 like Mac OS X) AppleWebKit/605.1.15 (KHTML, like Gecko) Version/14.1.2 Mobile/15E148 Safari/604.1" "ysfine.com"
104.51.109.116 - - [26/Oct/2022:22:03:27 -0700] "GET /eink/eink61c.jpg HTTP/1.1" 200 34119 "https://ysfine.com/maga/desiree.html" "Mozilla/5.0 (iPhone; CPU iPhone OS 14_8_1 like Mac OS X) AppleWebKit/605.1.15 (KHTML, like Gecko) Version/14.1.2 Mobile/15E148 Safari/604.1" "ysfine.com"
104.51.109.116 - - [26/Oct/2022:22:03:27 -0700] "GET /maga/histo/desiree21b.jpg HTTP/1.1" 200 40810 "https://ysfine.com/maga/desiree.html" "Mozilla/5.0 (iPhone; CPU iPhone OS 14_8_1 like Mac OS X) AppleWebKit/605.1.15 (KHTML, like Gecko) Version/14.1.2 Mobile/15E148 Safari/604.1" "ysfine.com"
104.51.109.116 - - [26/Oct/2022:22:03:27 -0700] "GET /maga/histo/desiree25b.jpg HTTP/1.1" 200 38423 "https://ysfine.com/maga/desiree.html" "Mozilla/5.0 (iPhone; CPU iPhone OS 14_8_1 like Mac OS X) AppleWebKit/605.1.15 (KHTML, like Gecko) Version/14.1.2 Mobile/15E148 Safari/604.1" "ysfine.com"
104.51.109.116 - - [26/Oct/2022:22:03:27 -0700] "GET /maga/histo/oscar22b.jpg HTTP/1.1" 200 36819 "https://ysfine.com/maga/desiree.html" "Mozilla/5.0 (iPhone; CPU iPhone OS 14_8_1 like Mac OS X) AppleWebKit/605.1.15 (KHTML, like Gecko) Version/14.1.2 Mobile/15E148 Safari/604.1" "ysfine.com"
104.51.109.116 - - [26/Oct/2022:22:03:27 -0700] "GET /maga/histo/desiree22b.jpg HTTP/1.1" 200 44724 "https://ysfine.com/maga/desiree.html" "Mozilla/5.0 (iPhone; CPU iPhone OS 14_8_1 like Mac OS X) AppleWebKit/605.1.15 (KHTML, like Gecko) Version/14.1.2 Mobile/15E148 Safari/604.1" "ysfine.com"
104.51.109.116 - - [26/Oct/2022:22:03:27 -0700] "GET /maga/histo/victoria01b.jpg HTTP/1.1" 200 36748 "https://ysfine.com/maga/desiree.html" "Mozilla/5.0 (iPhone; CPU iPhone OS 14_8_1 like Mac OS X) AppleWebKit/605.1.15 (KHTML, like Gecko) Version/14.1.2 Mobile/15E148 Safari/604.1" "ysfine.com"
104.51.109.116 - - [26/Oct/2022:22:03:27 -0700] "GET /maga/histo/desiree24b.jpg HTTP/1.1" 200 44371 "https://ysfine.com/maga/desiree.html" "Mozilla/5.0 (iPhone; CPU iPhone OS 14_8_1 like Mac OS X) AppleWebKit/605.1.15 (KHTML, like Gecko) Version/14.1.2 Mobile/15E148 Safari/604.1" "ysfine.com"
104.51.109.116 - - [26/Oct/2022:22:03:27 -0700] "GET /maga/histo/oscar33a.jpg HTTP/1.1" 200 47506 "https://ysfine.com/maga/desiree.html" "Mozilla/5.0 (iPhone; CPU iPhone OS 14_8_1 like Mac OS X) AppleWebKit/605.1.15 (KHTML, like Gecko) Version/14.1.2 Mobile/15E148 Safari/604.1" "ysfine.com"
104.51.109.116 - - [26/Oct/2022:22:03:29 -0700] "GET /favicon.ico HTTP/1.1" 404 88 "https://ysfine.com/maga/desiree.html" "Mozilla/5.0 (iPhone; CPU iPhone OS 14_8_1 like Mac OS X) AppleWebKit/605.1.15 (KHTML, like Gecko) Version/14.1.2 Mobile/15E148 Safari/604.1" "ysfine.com"
5.161.50.240 - - [26/Oct/2022:22:03:33 -0700] "GET /wp-admin/admin-ajax.php?action=handle_downloads&alg_wc_pif_download_file=../../../../../wp-config.php HTTP/1.1" 404 88 "https://www.google.com" "Mozilla/5.0 (Windows NT 10.0; Win64; x64) AppleWebKit/537.36 (KHTML, like Gecko) Chrome/104.0.0.0 Safari/537.36" "ysfine.com"
173.73.77.36 - - [26/Oct/2022:22:03:42 -0700] "GET /ysbio/einstein/further.html HTTP/1.1" 200 4338 "https://ysfine.com/ysbio/sing.html" "Mozilla/5.0 (Windows NT 10.0; Win64; x64) AppleWebKit/537.36 (KHTML, like Gecko) Chrome/106.0.0.0 Safari/537.36 Edg/106.0.1370.52" "ysfine.com"
173.73.77.36 - - [26/Oct/2022:22:03:42 -0700] "GET /ysbio/einstein/eins05c.jpg HTTP/1.1" 200 52461 "https://ysfine.com/ysbio/einstein/further.html" "Mozilla/5.0 (Windows NT 10.0; Win64; x64) AppleWebKit/537.36 (KHTML, like Gecko) Chrome/106.0.0.0 Safari/537.36 Edg/106.0.1370.52" "ysfine.com"
173.73.77.36 - - [26/Oct/2022:22:03:42 -0700] "GET /ysbio/einstein/eward33f.jpg HTTP/1.1" 200 77764 "https://ysfine.com/ysbio/einstein/further.html" "Mozilla/5.0 (Windows NT 10.0; Win64; x64) AppleWebKit/537.36 (KHTML, like Gecko) Chrome/106.0.0.0 Safari/537.36 Edg/106.0.1370.52" "ysfine.com"
173.73.77.36 - - [26/Oct/2022:22:03:42 -0700] "GET /ysbio/einstein/ewk86f.jpg HTTP/1.1" 200 127172 "https://ysfine.com/ysbio/einstein/further.html" "Mozilla/5.0 (Windows NT 10.0; Win64; x64) AppleWebKit/537.36 (KHTML, like Gecko) Chrome/106.0.0.0 Safari/537.36 Edg/106.0.1370.52" "ysfine.com"
173.73.77.36 - - [26/Oct/2022:22:03:42 -0700] "GET /ysbio/einstein/newtwig11f.jpg HTTP/1.1" 200 75618 "https://ysfine.com/ysbio/einstein/further.html" "Mozilla/5.0 (Windows NT 10.0; Win64; x64) AppleWebKit/537.36 (KHTML, like Gecko) Chrome/106.0.0.0 Safari/537.36 Edg/106.0.1370.52" "ysfine.com"
173.73.77.36 - - [26/Oct/2022:22:03:42 -0700] "GET /ysbio/einstein/newtein11f.jpg HTTP/1.1" 200 75467 "https://ysfine.com/ysbio/einstein/further.html" "Mozilla/5.0 (Windows NT 10.0; Win64; x64) AppleWebKit/537.36 (KHTML, like Gecko) Chrome/106.0.0.0 Safari/537.36 Edg/106.0.1370.52" "ysfine.com"
173.73.77.36 - - [26/Oct/2022:22:03:42 -0700] "GET /ysbio/einstein/dirfeyn55f.jpg HTTP/1.1" 200 106448 "https://ysfine.com/ysbio/einstein/further.html" "Mozilla/5.0 (Windows NT 10.0; Win64; x64) AppleWebKit/537.36 (KHTML, like Gecko) Chrome/106.0.0.0 Safari/537.36 Edg/106.0.1370.52" "ysfine.com"
173.73.77.36 - - [26/Oct/2022:22:03:42 -0700] "GET /ysbio/einstein/places/einha02c.jpg HTTP/1.1" 200 23710 "https://ysfine.com/ysbio/einstein/further.html" "Mozilla/5.0 (Windows NT 10.0; Win64; x64) AppleWebKit/537.36 (KHTML, like Gecko) Chrome/106.0.0.0 Safari/537.36 Edg/106.0.1370.52" "ysfine.com"
173.73.77.36 - - [26/Oct/2022:22:03:42 -0700] "GET /ysbio/einstein/places/einha01c.jpg HTTP/1.1" 200 39982 "https://ysfine.com/ysbio/einstein/further.html" "Mozilla/5.0 (Windows NT 10.0; Win64; x64) AppleWebKit/537.36 (KHTML, like Gecko) Chrome/106.0.0.0 Safari/537.36 Edg/106.0.1370.52" "ysfine.com"
40.77.167.71 - - [26/Oct/2022:22:03:43 -0700] "GET /bio/style/ystyle.html HTTP/1.1" 404 88 "-" "Mozilla/5.0 AppleWebKit/537.36 (KHTML, like Gecko; compatible; bingbot/2.0; +http://www.bing.com/bingbot.htm) Chrome/103.0.5060.134 Safari/537.36" "ysfine.com"
5.161.50.240 - - [26/Oct/2022:22:03:59 -0700] "GET /wp-content/plugins/wp-ecommerce-shop-styling/includes/download.php?filename=../../../../wp-config.php HTTP/1.1" 404 88 "https://www.google.com" "Mozilla/5.0 (iPhone14,3; U; CPU iPhone OS 15_0 like Mac OS X) AppleWebKit/602.1.50 (KHTML, like Gecko) Version/10.0 Mobile/19A346 Safari/602.1" "ysfine.com"
185.191.171.13 - - [26/Oct/2022:22:04:14 -0700] "GET /einstein/maxein.html HTTP/1.1" 200 2651 "-" "Mozilla/5.0 (compatible; SemrushBot/7~bl; +http://www.semrush.com/bot.html)" "ysfine.com"
51.222.253.8 - - [26/Oct/2022:22:04:15 -0700] "GET /world/china11.html HTTP/1.1" 200 24682 "-" "Mozilla/5.0 (compatible; AhrefsBot/7.0; +http://ahrefs.com/robot/)" "ysfine.com"
51.222.253.5 - - [26/Oct/2022:22:04:20 -0700] "GET /kobak/taylor33c.jpg HTTP/1.1" 200 39951 "-" "Mozilla/5.0 (compatible; AhrefsBot/7.0; +http://ahrefs.com/robot/)" "ysfine.com"
51.222.253.2 - - [26/Oct/2022:22:04:26 -0700] "GET /world/china/xian15b.jpg HTTP/1.1" 200 33679 "-" "Mozilla/5.0 (compatible; AhrefsBot/7.0; +http://ahrefs.com/robot/)" "ysfine.com"
5.161.50.240 - - [26/Oct/2022:22:04:26 -0700] "GET /wp-content/plugins/web-portal-lite-client-portal-secure-file-sharing-private-messaging/includes/libs/pdf/dompdf.php?input_file=../../../../../../wp-config.php HTTP/1.1" 404 88 "https://www.google.com" "Mozilla/5.0 (Linux; Android 12; SM-S906N Build/QP1A.190711.020; wv) AppleWebKit/537.36 (KHTML, like Gecko) Version/4.0 Chrome/105.0.0.0 Mobile Safari/537.36" "ysfine.com"
173.73.77.36 - - [26/Oct/2022:22:04:26 -0700] "GET /favicon.ico HTTP/1.1" 404 88 "https://www.ysfine.com/ys11/index.html" "Mozilla/5.0 (Windows NT 10.0; Win64; x64) AppleWebKit/537.36 (KHTML, like Gecko) Chrome/106.0.0.0 Safari/537.36 Edg/106.0.1370.52" "www.ysfine.com"
51.222.253.5 - - [26/Oct/2022:22:04:31 -0700] "GET /world/china/china017b.jpg HTTP/1.1" 200 47075 "-" "Mozilla/5.0 (compatible; AhrefsBot/7.0; +http://ahrefs.com/robot/)" "ysfine.com"
51.222.253.15 - - [26/Oct/2022:22:04:37 -0700] "GET /world/china/beijing058b.jpg HTTP/1.1" 200 29133 "-" "Mozilla/5.0 (compatible; AhrefsBot/7.0; +http://ahrefs.com/robot/)" "ysfine.com"
51.222.253.3 - - [26/Oct/2022:22:04:42 -0700] "GET /world/china/china018b.jpg HTTP/1.1" 200 38858 "-" "Mozilla/5.0 (compatible; AhrefsBot/7.0; +http://ahrefs.com/robot/)" "ysfine.com"
51.222.253.11 - - [26/Oct/2022:22:04:48 -0700] "GET /world/russ/msu01b.jpg HTTP/1.1" 200 30172 "-" "Mozilla/5.0 (compatible; AhrefsBot/7.0; +http://ahrefs.com/robot/)" "ysfine.com"
5.161.50.240 - - [26/Oct/2022:22:04:53 -0700] "GET /wp-content/plugins/post-pdf-export/dompdf/dompdf.php?input_file=../../../../wp-config.php HTTP/1.1" 404 88 "https://www.google.com" "Mozilla/5.0 (Windows NT 10.0; Win64; x64) AppleWebKit/537.36 (KHTML, like Gecko) Chrome/104.0.0.0 Safari/537.36" "ysfine.com"
51.222.253.9 - - [26/Oct/2022:22:04:54 -0700] "GET /world/china/nanjing33b.jpg HTTP/1.1" 200 49824 "-" "Mozilla/5.0 (compatible; AhrefsBot/7.0; +http://ahrefs.com/robot/)" "ysfine.com"
185.191.171.3 - - [26/Oct/2022:22:04:59 -0700] "GET /dirac/wigsis.html HTTP/1.1" 200 10275 "-" "Mozilla/5.0 (compatible; SemrushBot/7~bl; +http://www.semrush.com/bot.html)" "www.ysfine.com"
51.222.253.12 - - [26/Oct/2022:22:04:59 -0700] "GET /world/china/shenyang01b.jpg HTTP/1.1" 200 36992 "-" "Mozilla/5.0 (compatible; AhrefsBot/7.0; +http://ahrefs.com/robot/)" "ysfine.com"
51.222.253.4 - - [26/Oct/2022:22:05:05 -0700] "GET /world/china/china034b.jpg HTTP/1.1" 200 30968 "-" "Mozilla/5.0 (compatible; AhrefsBot/7.0; +http://ahrefs.com/robot/)" "ysfine.com"
51.222.253.15 - - [26/Oct/2022:22:05:10 -0700] "GET /world/china/china002b.jpg HTTP/1.1" 200 43618 "-" "Mozilla/5.0 (compatible; AhrefsBot/7.0; +http://ahrefs.com/robot/)" "ysfine.com"
51.222.253.19 - - [26/Oct/2022:22:05:16 -0700] "GET /world/china/shanghai001b.jpg HTTP/1.1" 200 38685 "-" "Mozilla/5.0 (compatible; AhrefsBot/7.0; +http://ahrefs.com/robot/)" "ysfine.com"
173.73.77.36 - - [26/Oct/2022:22:05:20 -0700] "GET /ys11/ HTTP/1.1" 200 3423 "-" "Mozilla/5.0 (Windows NT 10.0; Win64; x64) AppleWebKit/537.36 (KHTML, like Gecko) Chrome/107.0.0.0 Safari/537.36" "ysfine.com"
173.73.77.36 - - [26/Oct/2022:22:05:20 -0700] "GET /favicon.ico HTTP/1.1" 404 88 "https://ysfine.com/ys11/" "Mozilla/5.0 (Windows NT 10.0; Win64; x64) AppleWebKit/537.36 (KHTML, like Gecko) Chrome/107.0.0.0 Safari/537.36" "ysfine.com"
5.161.50.240 - - [26/Oct/2022:22:05:20 -0700] "GET /wp-content/plugins/tatsu/changelog.md HTTP/1.1" 404 88 "https://www.google.com" "Mozilla/5.0 (Linux; Android 11; ONEPLUS A6013) AppleWebKit/537.36 (KHTML, like Gecko) Chrome/105.0.0.0 Mobile Safari/537.36" "ysfine.com"
51.222.253.4 - - [26/Oct/2022:22:05:22 -0700] "GET /world/china/china027b.jpg HTTP/1.1" 200 41659 "-" "Mozilla/5.0 (compatible; AhrefsBot/7.0; +http://ahrefs.com/robot/)" "ysfine.com"
51.222.253.20 - - [26/Oct/2022:22:05:27 -0700] "GET /world/china/beijing109b.jpg HTTP/1.1" 200 39391 "-" "Mozilla/5.0 (compatible; AhrefsBot/7.0; +http://ahrefs.com/robot/)" "ysfine.com"
51.222.253.5 - - [26/Oct/2022:22:05:33 -0700] "GET /world/china/beijing056b.jpg HTTP/1.1" 200 40631 "-" "Mozilla/5.0 (compatible; AhrefsBot/7.0; +http://ahrefs.com/robot/)" "ysfine.com"
51.222.253.18 - - [26/Oct/2022:22:05:38 -0700] "GET /world/china/china021b.jpg HTTP/1.1" 200 37835 "-" "Mozilla/5.0 (compatible; AhrefsBot/7.0; +http://ahrefs.com/robot/)" "ysfine.com"
185.191.171.45 - - [26/Oct/2022:22:05:42 -0700] "GET /robots.txt HTTP/1.1" 404 88 "-" "Mozilla/5.0 (compatible; SemrushBot/7~bl; +http://www.semrush.com/bot.html)" "www.ysfine.com"
185.191.171.25 - - [26/Oct/2022:22:05:42 -0700] "GET /home/more.html HTTP/1.1" 200 3126 "-" "Mozilla/5.0 (compatible; SemrushBot/7~bl; +http://www.semrush.com/bot.html)" "www.ysfine.com"
51.222.253.3 - - [26/Oct/2022:22:05:44 -0700] "GET /world/china/china038b.jpg HTTP/1.1" 200 25149 "-" "Mozilla/5.0 (compatible; AhrefsBot/7.0; +http://ahrefs.com/robot/)" "ysfine.com"
5.161.50.240 - - [26/Oct/2022:22:05:47 -0700] "GET /wp-content/plugins/udraw/readme.txt HTTP/1.1" 404 88 "https://www.google.com" "Mozilla/5.0 (Linux; Android 11; ONEPLUS A6013) AppleWebKit/537.36 (KHTML, like Gecko) Chrome/105.0.0.0 Mobile Safari/537.36" "ysfine.com"
51.222.253.17 - - [26/Oct/2022:22:05:49 -0700] "GET /world/china/hongkong02b.jpg HTTP/1.1" 200 41631 "-" "Mozilla/5.0 (compatible; AhrefsBot/7.0; +http://ahrefs.com/robot/)" "ysfine.com"
51.222.253.19 - - [26/Oct/2022:22:05:55 -0700] "GET /world/china/china028b.jpg HTTP/1.1" 200 32708 "-" "Mozilla/5.0 (compatible; AhrefsBot/7.0; +http://ahrefs.com/robot/)" "ysfine.com"
51.222.253.20 - - [26/Oct/2022:22:05:57 -0700] "GET /world/china/china103b.jpg HTTP/1.1" 200 39321 "-" "Mozilla/5.0 (compatible; AhrefsBot/7.0; +http://ahrefs.com/robot/)" "ysfine.com"
51.222.253.16 - - [26/Oct/2022:22:06:02 -0700] "GET /world/china/china019b.jpg HTTP/1.1" 200 31821 "-" "Mozilla/5.0 (compatible; AhrefsBot/7.0; +http://ahrefs.com/robot/)" "ysfine.com"
51.222.253.4 - - [26/Oct/2022:22:06:08 -0700] "GET /world/china/china008b.jpg HTTP/1.1" 200 35456 "-" "Mozilla/5.0 (compatible; AhrefsBot/7.0; +http://ahrefs.com/robot/)" "ysfine.com"
51.222.253.17 - - [26/Oct/2022:22:06:13 -0700] "GET /world/china/china007b.jpg HTTP/1.1" 200 34074 "-" "Mozilla/5.0 (compatible; AhrefsBot/7.0; +http://ahrefs.com/robot/)" "ysfine.com"
5.161.50.240 - - [26/Oct/2022:22:06:15 -0700] "GET /wp-content/plugins/woo-product-table/readme.txt HTTP/1.1" 404 88 "https://www.google.com" "Mozilla/5.0 (iPhone14,3; U; CPU iPhone OS 15_0 like Mac OS X) AppleWebKit/602.1.50 (KHTML, like Gecko) Version/10.0 Mobile/19A346 Safari/602.1" "ysfine.com"
40.77.167.27 - - [26/Oct/2022:22:06:16 -0700] "GET /world/spain/sevif17.jpg HTTP/1.1" 200 320381 "-" "Mozilla/5.0 AppleWebKit/537.36 (KHTML, like Gecko; compatible; bingbot/2.0; +http://www.bing.com/bingbot.htm) Chrome/103.0.5060.134 Safari/537.36" "ysfine.com"
51.222.253.6 - - [26/Oct/2022:22:06:19 -0700] "GET /kobak/sonja2.jpg HTTP/1.1" 200 31693 "-" "Mozilla/5.0 (compatible; AhrefsBot/7.0; +http://ahrefs.com/robot/)" "ysfine.com"
51.222.253.15 - - [26/Oct/2022:22:06:25 -0700] "GET /world/china/china030b.jpg HTTP/1.1" 200 37396 "-" "Mozilla/5.0 (compatible; AhrefsBot/7.0; +http://ahrefs.com/robot/)" "ysfine.com"
51.222.253.3 - - [26/Oct/2022:22:06:25 -0700] "GET /world/china/hongkong06b.jpg HTTP/1.1" 200 43298 "-" "Mozilla/5.0 (compatible; AhrefsBot/7.0; +http://ahrefs.com/robot/)" "ysfine.com"
51.222.253.5 - - [26/Oct/2022:22:06:31 -0700] "GET /maga/phil/zhuxi2.jpg HTTP/1.1" 200 52935 "-" "Mozilla/5.0 (compatible; AhrefsBot/7.0; +http://ahrefs.com/robot/)" "ysfine.com"
51.222.253.14 - - [26/Oct/2022:22:06:32 -0700] "GET /world/china/andun01b.jpg HTTP/1.1" 200 35315 "-" "Mozilla/5.0 (compatible; AhrefsBot/7.0; +http://ahrefs.com/robot/)" "ysfine.com"
51.222.253.7 - - [26/Oct/2022:22:06:37 -0700] "GET /world/china/china014b.jpg HTTP/1.1" 200 54603 "-" "Mozilla/5.0 (compatible; AhrefsBot/7.0; +http://ahrefs.com/robot/)" "ysfine.com"
5.161.50.240 - - [26/Oct/2022:22:06:42 -0700] "GET /wp-content/plugins/wpcargo/readme.txt HTTP/1.1" 404 88 "https://www.google.com" "Mozilla/5.0 (Linux; Android 11; ONEPLUS A6013) AppleWebKit/537.36 (KHTML, like Gecko) Chrome/105.0.0.0 Mobile Safari/537.36" "ysfine.com"
51.222.253.10 - - [26/Oct/2022:22:06:43 -0700] "GET /world/china/shanghai002b.jpg HTTP/1.1" 200 34489 "-" "Mozilla/5.0 (compatible; AhrefsBot/7.0; +http://ahrefs.com/robot/)" "ysfine.com"
207.46.13.104 - - [26/Oct/2022:22:06:45 -0700] "GET /world/germany/berlin008.jpg HTTP/1.1" 200 80991 "-" "Mozilla/5.0 AppleWebKit/537.36 (KHTML, like Gecko; compatible; bingbot/2.0; +http://www.bing.com/bingbot.htm) Chrome/103.0.5060.134 Safari/537.36" "www.ysfine.com"
51.222.253.1 - - [26/Oct/2022:22:06:49 -0700] "GET /world/china/xian09b.jpg HTTP/1.1" 200 40511 "-" "Mozilla/5.0 (compatible; AhrefsBot/7.0; +http://ahrefs.com/robot/)" "ysfine.com"
40.77.167.71 - - [26/Oct/2022:22:06:53 -0700] "GET /class54/class5470/total_data/img/menu01_on.gif HTTP/1.1" 200 688 "-" "Mozilla/5.0 (compatible; bingbot/2.0; +http://www.bing.com/bingbot.htm)" "ysfine.com"
51.222.253.1 - - [26/Oct/2022:22:06:54 -0700] "GET /world/china/china024b.jpg HTTP/1.1" 200 36370 "-" "Mozilla/5.0 (compatible; AhrefsBot/7.0; +http://ahrefs.com/robot/)" "ysfine.com"
77.88.5.45 - - [26/Oct/2022:22:06:56 -0700] "GET /world/germany/benz02.jpg HTTP/1.1" 200 122408 "-" "Mozilla/5.0 (compatible; YandexImages/3.0; +http://yandex.com/bots)" "www.ysfine.com"
51.222.253.3 - - [26/Oct/2022:22:07:00 -0700] "GET /feynman/feyyang11b.jpg HTTP/1.1" 200 35104 "-" "Mozilla/5.0 (compatible; AhrefsBot/7.0; +http://ahrefs.com/robot/)" "ysfine.com"
40.77.167.71 - - [26/Oct/2022:22:07:04 -0700] "GET /usca/pitt/machinery22.jpg HTTP/1.1" 200 93654 "-" "Mozilla/5.0 (compatible; bingbot/2.0; +http://www.bing.com/bingbot.htm)" "www.ysfine.com"
51.222.253.16 - - [26/Oct/2022:22:07:06 -0700] "GET /world/china/hangz01b.jpg HTTP/1.1" 200 34562 "-" "Mozilla/5.0 (compatible; AhrefsBot/7.0; +http://ahrefs.com/robot/)" "ysfine.com"
5.161.50.240 - - [26/Oct/2022:22:07:09 -0700] "GET /wp-content/plugins/nd-learning/readme.txt HTTP/1.1" 404 88 "https://www.google.com" "Mozilla/5.0 (Macintosh; Intel Mac OS X 10_14_6) AppleWebKit/537.36 (KHTML, like Gecko) Chrome/104.0.0.0 Safari/537.36" "ysfine.com"
51.222.253.17 - - [26/Oct/2022:22:07:11 -0700] "GET /world/china/china003b.jpg HTTP/1.1" 200 37220 "-" "Mozilla/5.0 (compatible; AhrefsBot/7.0; +http://ahrefs.com/robot/)" "ysfine.com"
51.222.253.3 - - [26/Oct/2022:22:07:17 -0700] "GET /world/china/china032b.jpg HTTP/1.1" 200 52888 "-" "Mozilla/5.0 (compatible; AhrefsBot/7.0; +http://ahrefs.com/robot/)" "ysfine.com"
51.222.253.5 - - [26/Oct/2022:22:07:23 -0700] "GET /world/china/xian11b.jpg HTTP/1.1" 200 39079 "-" "Mozilla/5.0 (compatible; AhrefsBot/7.0; +http://ahrefs.com/robot/)" "ysfine.com"
51.222.253.16 - - [26/Oct/2022:22:07:28 -0700] "GET /world/china/beijing055b.jpg HTTP/1.1" 200 33655 "-" "Mozilla/5.0 (compatible; AhrefsBot/7.0; +http://ahrefs.com/robot/)" "ysfine.com"
173.73.77.36 - - [26/Oct/2022:22:07:33 -0700] "GET /ys22/dondon.html HTTP/1.1" 401 90 "https://ysfine.com/ys11/" "Mozilla/5.0 (Windows NT 10.0; Win64; x64) AppleWebKit/537.36 (KHTML, like Gecko) Chrome/107.0.0.0 Safari/537.36" "ysfine.com"
51.222.253.12 - - [26/Oct/2022:22:07:34 -0700] "GET /world/china/xian02b.jpg HTTP/1.1" 200 29745 "-" "Mozilla/5.0 (compatible; AhrefsBot/7.0; +http://ahrefs.com/robot/)" "ysfine.com"
5.161.50.240 - - [26/Oct/2022:22:07:35 -0700] "GET /wp-content/plugins/nd-shortcodes/readme.txt HTTP/1.1" 404 88 "https://www.google.com" "Mozilla/5.0 (Windows NT 10.0; Win64; x64) AppleWebKit/537.36 (KHTML, like Gecko) Chrome/104.0.0.0 Safari/537.36" "ysfine.com"
51.222.253.17 - - [26/Oct/2022:22:07:40 -0700] "GET /eink/pwk19c.jpg HTTP/1.1" 200 57759 "-" "Mozilla/5.0 (compatible; AhrefsBot/7.0; +http://ahrefs.com/robot/)" "ysfine.com"
51.222.253.8 - - [26/Oct/2022:22:07:46 -0700] "GET /world/balkan/istan001b.jpg HTTP/1.1" 200 36438 "-" "Mozilla/5.0 (compatible; AhrefsBot/7.0; +http://ahrefs.com/robot/)" "ysfine.com"
51.222.253.6 - - [26/Oct/2022:22:07:51 -0700] "GET /world/china/nanjing63b.jpg HTTP/1.1" 200 50981 "-" "Mozilla/5.0 (compatible; AhrefsBot/7.0; +http://ahrefs.com/robot/)" "ysfine.com"
51.222.253.18 - - [26/Oct/2022:22:07:57 -0700] "GET /world/china/beijing061b.jpg HTTP/1.1" 200 26988 "-" "Mozilla/5.0 (compatible; AhrefsBot/7.0; +http://ahrefs.com/robot/)" "ysfine.com"
51.222.253.19 - - [26/Oct/2022:22:08:03 -0700] "GET /kobak/underw03b.jpg HTTP/1.1" 200 37749 "-" "Mozilla/5.0 (compatible; AhrefsBot/7.0; +http://ahrefs.com/robot/)" "ysfine.com"
5.161.50.240 - - [26/Oct/2022:22:08:03 -0700] "GET /wp-content/plugins/nd-booking/readme.txt HTTP/1.1" 404 88 "https://www.google.com" "Mozilla/5.0 (Linux; Android 11; ONEPLUS A6013) AppleWebKit/537.36 (KHTML, like Gecko) Chrome/105.0.0.0 Mobile Safari/537.36" "ysfine.com"
51.222.253.10 - - [26/Oct/2022:22:08:08 -0700] "GET /world/china/xian14b.jpg HTTP/1.1" 200 42388 "-" "Mozilla/5.0 (compatible; AhrefsBot/7.0; +http://ahrefs.com/robot/)" "ysfine.com"
51.222.253.7 - - [26/Oct/2022:22:08:14 -0700] "GET /world/china/china029b.jpg HTTP/1.1" 200 35380 "-" "Mozilla/5.0 (compatible; AhrefsBot/7.0; +http://ahrefs.com/robot/)" "ysfine.com"
173.73.77.36 - - [26/Oct/2022:22:08:17 -0700] "GET /ys11/ HTTP/1.1" 304 - "-" "Mozilla/5.0 (Windows NT 10.0; Win64; x64) AppleWebKit/537.36 (KHTML, like Gecko) Chrome/106.0.0.0 Safari/537.36 Edg/106.0.1370.52" "ysfine.com"
173.73.77.36 - - [26/Oct/2022:22:08:18 -0700] "GET /favicon.ico HTTP/1.1" 404 88 "https://ysfine.com/ys11/" "Mozilla/5.0 (Windows NT 10.0; Win64; x64) AppleWebKit/537.36 (KHTML, like Gecko) Chrome/106.0.0.0 Safari/537.36 Edg/106.0.1370.52" "ysfine.com"
51.222.253.3 - - [26/Oct/2022:22:08:20 -0700] "GET /maga/phys/yukaein2.jpg HTTP/1.1" 200 42863 "-" "Mozilla/5.0 (compatible; AhrefsBot/7.0; +http://ahrefs.com/robot/)" "ysfine.com"
51.222.253.12 - - [26/Oct/2022:22:08:25 -0700] "GET /world/china/xian01b.jpg HTTP/1.1" 200 30886 "-" "Mozilla/5.0 (compatible; AhrefsBot/7.0; +http://ahrefs.com/robot/)" "ysfine.com"
5.161.50.240 - - [26/Oct/2022:22:08:30 -0700] "GET /wp-content/plugins/nd-donations/readme.txt HTTP/1.1" 404 88 "https://www.google.com" "Mozilla/5.0 (Linux; Android 11; ONEPLUS A6013) AppleWebKit/537.36 (KHTML, like Gecko) Chrome/105.0.0.0 Mobile Safari/537.36" "ysfine.com"
51.222.253.9 - - [26/Oct/2022:22:08:31 -0700] "GET /world/china/china033b.jpg HTTP/1.1" 200 43815 "-" "Mozilla/5.0 (compatible; AhrefsBot/7.0; +http://ahrefs.com/robot/)" "ysfine.com"
51.222.253.3 - - [26/Oct/2022:22:08:37 -0700] "GET /world/china/hongkong05b.jpg HTTP/1.1" 200 44937 "-" "Mozilla/5.0 (compatible; AhrefsBot/7.0; +http://ahrefs.com/robot/)" "ysfine.com"
157.55.39.121 - - [26/Oct/2022:22:08:38 -0700] "GET /wigner/wigkim2.jpg HTTP/1.1" 200 40700 "-" "Mozilla/5.0 (compatible; bingbot/2.0; +http://www.bing.com/bingbot.htm)" "ysfine.com"
185.191.171.43 - - [26/Oct/2022:22:08:38 -0700] "GET /ysbio/home/harmony.html HTTP/1.1" 404 88 "-" "Mozilla/5.0 (compatible; SemrushBot/7~bl; +http://www.semrush.com/bot.html)" "www.ysfine.com"
51.222.253.9 - - [26/Oct/2022:22:08:42 -0700] "GET /world/china/china015b.jpg HTTP/1.1" 200 61732 "-" "Mozilla/5.0 (compatible; AhrefsBot/7.0; +http://ahrefs.com/robot/)" "ysfine.com"
51.222.253.11 - - [26/Oct/2022:22:08:48 -0700] "GET /world/china/hangz02b.jpg HTTP/1.1" 200 33785 "-" "Mozilla/5.0 (compatible; AhrefsBot/7.0; +http://ahrefs.com/robot/)" "ysfine.com"
51.222.253.20 - - [26/Oct/2022:22:08:54 -0700] "GET /world/china/beijing106b.jpg HTTP/1.1" 200 39168 "-" "Mozilla/5.0 (compatible; AhrefsBot/7.0; +http://ahrefs.com/robot/)" "ysfine.com"
5.161.50.240 - - [26/Oct/2022:22:08:58 -0700] "GET /wp-content/plugins/nd-restaurant-reservations/readme.txt HTTP/1.1" 404 88 "https://www.google.com" "Mozilla/5.0 (iPhone14,3; U; CPU iPhone OS 15_0 like Mac OS X) AppleWebKit/602.1.50 (KHTML, like Gecko) Version/10.0 Mobile/19A346 Safari/602.1" "ysfine.com"
51.222.253.7 - - [26/Oct/2022:22:08:59 -0700] "GET /world/china/shenyang02b.jpg HTTP/1.1" 200 31779 "-" "Mozilla/5.0 (compatible; AhrefsBot/7.0; +http://ahrefs.com/robot/)" "ysfine.com"
51.222.253.6 - - [26/Oct/2022:22:09:05 -0700] "GET /world/china/china039b.jpg HTTP/1.1" 200 66740 "-" "Mozilla/5.0 (compatible; AhrefsBot/7.0; +http://ahrefs.com/robot/)" "ysfine.com"
51.222.253.5 - - [26/Oct/2022:22:09:05 -0700] "GET /world/china/china006b.gif HTTP/1.1" 200 16880 "-" "Mozilla/5.0 (compatible; AhrefsBot/7.0; +http://ahrefs.com/robot/)" "ysfine.com"
208.67.106.91 - - [26/Oct/2022:22:09:09 -0700] "GET /wp-content/plugins/ioptimization/IOptimize.php?rchk HTTP/1.1" 404 88 "www.google.com" "Mozlila/5.0 (Linux; Android 7.0; SM-G892A Bulid/NRD90M; wv) AppleWebKit/537.36 (KHTML, like Gecko) Version/4.0 Chrome/60.0.3112.107 Moblie Safari/537.36" "ysfine.com"
51.222.253.7 - - [26/Oct/2022:22:09:10 -0700] "GET /world/china/china006b.jpg HTTP/1.1" 200 46518 "-" "Mozilla/5.0 (compatible; AhrefsBot/7.0; +http://ahrefs.com/robot/)" "ysfine.com"
185.191.171.40 - - [26/Oct/2022:22:09:15 -0700] "GET /world/spb.html HTTP/1.1" 200 16118 "-" "Mozilla/5.0 (compatible; SemrushBot/7~bl; +http://www.semrush.com/bot.html)" "www.ysfine.com"
51.222.253.9 - - [26/Oct/2022:22:09:16 -0700] "GET /world/china/china037b.jpg HTTP/1.1" 200 50393 "-" "Mozilla/5.0 (compatible; AhrefsBot/7.0; +http://ahrefs.com/robot/)" "ysfine.com"
173.73.77.36 - - [26/Oct/2022:22:09:18 -0700] "GET /favicon.ico HTTP/1.1" 404 88 "https://www.ysfine.com/ys11/index.html" "Mozilla/5.0 (Windows NT 10.0; Win64; x64) AppleWebKit/537.36 (KHTML, like Gecko) Chrome/106.0.0.0 Safari/537.36 Edg/106.0.1370.52" "www.ysfine.com"
5.161.50.240 - - [26/Oct/2022:22:09:26 -0700] "GET /wp-content/plugins/sitemap-by-click5/readme.txt HTTP/1.1" 404 88 "https://www.google.com" "Mozilla/5.0 (Linux; Android 11; ONEPLUS A6013) AppleWebKit/537.36 (KHTML, like Gecko) Chrome/105.0.0.0 Mobile Safari/537.36" "ysfine.com"
77.88.5.46 - - [26/Oct/2022:22:09:48 -0700] "GET /wdc/kopol.html HTTP/1.1" 200 6514 "-" "Mozilla/5.0 (compatible; YandexBot/3.0; +http://yandex.com/bots)" "www.ysfine.com"
5.161.50.240 - - [26/Oct/2022:22:09:51 -0700] "GET /wp-content/plugins/wp-user-avatar/changelog.txt HTTP/1.1" 404 88 "https://www.google.com" "Mozilla/5.0 (Linux; Android 12; SM-S906N Build/QP1A.190711.020; wv) AppleWebKit/537.36 (KHTML, like Gecko) Version/4.0 Chrome/105.0.0.0 Mobile Safari/537.36" "ysfine.com"
40.77.167.71 - - [26/Oct/2022:22:09:53 -0700] "GET /kowar/pyang01c.jpg HTTP/1.1" 200 54646 "-" "Mozilla/5.0 AppleWebKit/537.36 (KHTML, like Gecko; compatible; bingbot/2.0; +http://www.bing.com/bingbot.htm) Chrome/103.0.5060.134 Safari/537.36" "www.ysfine.com"
51.222.253.10 - - [26/Oct/2022:22:09:54 -0700] "GET /ysbio/awards/index.html HTTP/1.1" 200 10085 "-" "Mozilla/5.0 (compatible; AhrefsBot/7.0; +http://ahrefs.com/robot/)" "www.ysfine.com"
157.55.39.121 - - [26/Oct/2022:22:09:59 -0700] "GET /world/germany/vienna05.jpg HTTP/1.1" 200 183747 "-" "Mozilla/5.0 AppleWebKit/537.36 (KHTML, like Gecko; compatible; bingbot/2.0; +http://www.bing.com/bingbot.htm) Chrome/103.0.5060.134 Safari/537.36" "www.ysfine.com"
40.77.167.27 - - [26/Oct/2022:22:10:16 -0700] "GET /world/china/shenyang01b.jpg HTTP/1.1" 200 36992 "-" "Mozilla/5.0 AppleWebKit/537.36 (KHTML, like Gecko; compatible; bingbot/2.0; +http://www.bing.com/bingbot.htm) Chrome/103.0.5060.134 Safari/537.36" "www.ysfine.com"
5.161.50.240 - - [26/Oct/2022:22:10:17 -0700] "GET / HTTP/1.1" 200 5283 "https://www.google.com" "Mozilla/5.0 (Linux; Android 12; SM-S906N Build/QP1A.190711.020; wv) AppleWebKit/537.36 (KHTML, like Gecko) Version/4.0 Chrome/105.0.0.0 Mobile Safari/537.36" "ysfine.com"
185.191.171.16 - - [26/Oct/2022:22:10:21 -0700] "GET /world/ital/galmil.html HTTP/1.1" 200 1084 "-" "Mozilla/5.0 (compatible; SemrushBot/7~bl; +http://www.semrush.com/bot.html)" "www.ysfine.com"
5.161.50.240 - - [26/Oct/2022:22:10:43 -0700] "GET /wp-content/plugins/quiz-master-next/readme.txt HTTP/1.1" 404 88 "https://www.google.com" "Mozilla/5.0 (iPhone14,3; U; CPU iPhone OS 15_0 like Mac OS X) AppleWebKit/602.1.50 (KHTML, like Gecko) Version/10.0 Mobile/19A346 Safari/602.1" "ysfine.com"
40.77.167.71 - - [26/Oct/2022:22:11:03 -0700] "GET /kobak/harbin11.jpg HTTP/1.1" 200 65618 "-" "Mozilla/5.0 AppleWebKit/537.36 (KHTML, like Gecko; compatible; bingbot/2.0; +http://www.bing.com/bingbot.htm) Chrome/103.0.5060.134 Safari/537.36" "www.ysfine.com"
76.149.206.140 - - [26/Oct/2022:22:11:05 -0700] "GET /favicon.ico HTTP/1.1" 404 88 "-" "Mozilla/5.0 (X11; Linux x86_64; rv:102.0) Gecko/20100101 Goanna/5.2 Firefox/102.0 PaleMoon/31.3.0.1" "ysfine.com"
76.149.206.140 - - [26/Oct/2022:22:11:05 -0700] "GET /favicon.ico HTTP/1.1" 404 88 "-" "Mozilla/5.0 (X11; Linux x86_64; rv:102.0) Gecko/20100101 Goanna/5.2 Firefox/102.0 PaleMoon/31.3.0.1" "ysfine.com"
5.161.50.240 - - [26/Oct/2022:22:11:11 -0700] "GET /wp-content/plugins/wp-live-chat-support-pro/css/wplc_styles_pro.css HTTP/1.1" 404 88 "https://www.google.com" "Mozilla/5.0 (Linux; Android 11; Lenovo YT-J706X) AppleWebKit/537.36 (KHTML, like Gecko) Chrome/104.0.0.0 Safari/537.36" "ysfine.com"
157.55.39.14 - - [26/Oct/2022:22:11:14 -0700] "GET /world/russ/spbm03.jpg HTTP/1.1" 200 109009 "-" "Mozilla/5.0 (compatible; bingbot/2.0; +http://www.bing.com/bingbot.htm)" "www.ysfine.com"
173.73.77.36 - - [26/Oct/2022:22:11:16 -0700] "GET /ysbio/sing.html?fbclid=IwAR0nujPLq8ItEl5djDqyxb-haO316l8-tdQDMxNY_QoiTBWqiNFfBih5xqo HTTP/1.1" 200 2958 "https://l.facebook.com/" "Mozilla/5.0 (Windows NT 10.0; Win64; x64) AppleWebKit/537.36 (KHTML, like Gecko) Chrome/107.0.0.0 Safari/537.36" "ysfine.com"
173.73.77.36 - - [26/Oct/2022:22:11:16 -0700] "GET /ysbio/wigner62c.jpg HTTP/1.1" 200 41727 "https://ysfine.com/ysbio/sing.html?fbclid=IwAR0nujPLq8ItEl5djDqyxb-haO316l8-tdQDMxNY_QoiTBWqiNFfBih5xqo" "Mozilla/5.0 (Windows NT 10.0; Win64; x64) AppleWebKit/537.36 (KHTML, like Gecko) Chrome/107.0.0.0 Safari/537.36" "ysfine.com"
173.73.77.36 - - [26/Oct/2022:22:11:16 -0700] "GET /ysbio/eink61c.jpg HTTP/1.1" 200 30120 "https://ysfine.com/ysbio/sing.html?fbclid=IwAR0nujPLq8ItEl5djDqyxb-haO316l8-tdQDMxNY_QoiTBWqiNFfBih5xqo" "Mozilla/5.0 (Windows NT 10.0; Win64; x64) AppleWebKit/537.36 (KHTML, like Gecko) Chrome/107.0.0.0 Safari/537.36" "ysfine.com"
173.73.77.36 - - [26/Oct/2022:22:11:16 -0700] "GET /ysbio/fotos/einhaus450.jpg HTTP/1.1" 200 65369 "https://ysfine.com/ysbio/sing.html?fbclid=IwAR0nujPLq8ItEl5djDqyxb-haO316l8-tdQDMxNY_QoiTBWqiNFfBih5xqo" "Mozilla/5.0 (Windows NT 10.0; Win64; x64) AppleWebKit/537.36 (KHTML, like Gecko) Chrome/107.0.0.0 Safari/537.36" "ysfine.com"
173.73.77.36 - - [26/Oct/2022:22:11:16 -0700] "GET /ysbio/ewk86k.jpg HTTP/1.1" 200 103154 "https://ysfine.com/ysbio/sing.html?fbclid=IwAR0nujPLq8ItEl5djDqyxb-haO316l8-tdQDMxNY_QoiTBWqiNFfBih5xqo" "Mozilla/5.0 (Windows NT 10.0; Win64; x64) AppleWebKit/537.36 (KHTML, like Gecko) Chrome/107.0.0.0 Safari/537.36" "ysfine.com"
173.73.77.36 - - [26/Oct/2022:22:11:16 -0700] "GET /favicon.ico HTTP/1.1" 404 88 "https://ysfine.com/ysbio/sing.html?fbclid=IwAR0nujPLq8ItEl5djDqyxb-haO316l8-tdQDMxNY_QoiTBWqiNFfBih5xqo" "Mozilla/5.0 (Windows NT 10.0; Win64; x64) AppleWebKit/537.36 (KHTML, like Gecko) Chrome/107.0.0.0 Safari/537.36" "ysfine.com"
157.55.39.121 - - [26/Oct/2022:22:11:28 -0700] "GET /princeton/pcomm03.jpg HTTP/1.1" 200 98689 "-" "Mozilla/5.0 AppleWebKit/537.36 (KHTML, like Gecko; compatible; bingbot/2.0; +http://www.bing.com/bingbot.htm) Chrome/103.0.5060.134 Safari/537.36" "ysfine.com"
216.244.66.229 - - [26/Oct/2022:22:11:35 -0700] "GET /class54/class5470/total_data/sub_201.htm HTTP/1.1" 200 14400 "-" "Mozilla/5.0 (compatible; DotBot/1.2; +https://opensiteexplorer.org/dotbot; help@moz.com)" "www.ysfine.com"
216.244.66.229 - - [26/Oct/2022:22:11:36 -0700] "GET /ffriends/aline/flybe02.jpg HTTP/1.1" 200 74467 "-" "Mozilla/5.0 (compatible; DotBot/1.2; +https://opensiteexplorer.org/dotbot; help@moz.com)" "www.ysfine.com"
5.161.50.240 - - [26/Oct/2022:22:11:38 -0700] "GET /wp-content/plugins/armember-membership/readme.txt HTTP/1.1" 404 88 "https://www.google.com" "Mozilla/5.0 (Linux; Android 11; ONEPLUS A6013) AppleWebKit/537.36 (KHTML, like Gecko) Chrome/105.0.0.0 Mobile Safari/537.36" "ysfine.com"
185.191.171.12 - - [26/Oct/2022:22:11:55 -0700] "GET /kobak/sebiro.html HTTP/1.1" 200 8966 "-" "Mozilla/5.0 (compatible; SemrushBot/7~bl; +http://www.semrush.com/bot.html)" "www.ysfine.com"
157.55.39.14 - - [26/Oct/2022:22:11:56 -0700] "GET /world/france/pantheon03.jpg HTTP/1.1" 200 107105 "-" "Mozilla/5.0 (compatible; bingbot/2.0; +http://www.bing.com/bingbot.htm)" "www.ysfine.com"
5.161.50.240 - - [26/Oct/2022:22:12:05 -0700] "GET /wp-content/plugins/ninja-forms/readme.txt HTTP/1.1" 404 88 "https://www.google.com" "Mozilla/5.0 (Linux; Android 11; ONEPLUS A6013) AppleWebKit/537.36 (KHTML, like Gecko) Chrome/105.0.0.0 Mobile Safari/537.36" "ysfine.com"
173.73.77.36 - - [26/Oct/2022:22:12:11 -0700] "GET /ysbio/awards/index.html?fbclid=IwAR0NAHtugtT85_z_lgX1k71b5gycHY3Khc2ZnWIRxUtrn5V5NbiGaQ4URvw HTTP/1.1" 200 10085 "https://l.facebook.com/" "Mozilla/5.0 (Windows NT 10.0; Win64; x64) AppleWebKit/537.36 (KHTML, like Gecko) Chrome/107.0.0.0 Safari/537.36" "ysfine.com"
173.73.77.36 - - [26/Oct/2022:22:12:11 -0700] "GET /ysbio/ysnr11d.jpg HTTP/1.1" 200 61140 "https://ysfine.com/ysbio/awards/index.html?fbclid=IwAR0NAHtugtT85_z_lgX1k71b5gycHY3Khc2ZnWIRxUtrn5V5NbiGaQ4URvw" "Mozilla/5.0 (Windows NT 10.0; Win64; x64) AppleWebKit/537.36 (KHTML, like Gecko) Chrome/107.0.0.0 Safari/537.36" "ysfine.com"
173.73.77.36 - - [26/Oct/2022:22:12:11 -0700] "GET /ysbio/awards/ewk88d.jpg HTTP/1.1" 200 96031 "https://ysfine.com/ysbio/awards/index.html?fbclid=IwAR0NAHtugtT85_z_lgX1k71b5gycHY3Khc2ZnWIRxUtrn5V5NbiGaQ4URvw" "Mozilla/5.0 (Windows NT 10.0; Win64; x64) AppleWebKit/537.36 (KHTML, like Gecko) Chrome/107.0.0.0 Safari/537.36" "ysfine.com"
173.73.77.36 - - [26/Oct/2022:22:12:11 -0700] "GET /ysbio/awards/truck20d.jpg HTTP/1.1" 200 43868 "https://ysfine.com/ysbio/awards/index.html?fbclid=IwAR0NAHtugtT85_z_lgX1k71b5gycHY3Khc2ZnWIRxUtrn5V5NbiGaQ4URvw" "Mozilla/5.0 (Windows NT 10.0; Win64; x64) AppleWebKit/537.36 (KHTML, like Gecko) Chrome/107.0.0.0 Safari/537.36" "ysfine.com"
173.73.77.36 - - [26/Oct/2022:22:12:11 -0700] "GET /ysbio/kobak/taylor400.jpg HTTP/1.1" 200 56181 "https://ysfine.com/ysbio/awards/index.html?fbclid=IwAR0NAHtugtT85_z_lgX1k71b5gycHY3Khc2ZnWIRxUtrn5V5NbiGaQ4URvw" "Mozilla/5.0 (Windows NT 10.0; Win64; x64) AppleWebKit/537.36 (KHTML, like Gecko) Chrome/107.0.0.0 Safari/537.36" "ysfine.com"
173.73.77.36 - - [26/Oct/2022:22:12:11 -0700] "GET /ysbio/awards/eward33f.jpg HTTP/1.1" 200 86617 "https://ysfine.com/ysbio/awards/index.html?fbclid=IwAR0NAHtugtT85_z_lgX1k71b5gycHY3Khc2ZnWIRxUtrn5V5NbiGaQ4URvw" "Mozilla/5.0 (Windows NT 10.0; Win64; x64) AppleWebKit/537.36 (KHTML, like Gecko) Chrome/107.0.0.0 Safari/537.36" "ysfine.com"
173.73.77.36 - - [26/Oct/2022:22:12:11 -0700] "GET /ysbio/awards/feygell01d.jpg HTTP/1.1" 200 31895 "https://ysfine.com/ysbio/awards/index.html?fbclid=IwAR0NAHtugtT85_z_lgX1k71b5gycHY3Khc2ZnWIRxUtrn5V5NbiGaQ4URvw" "Mozilla/5.0 (Windows NT 10.0; Win64; x64) AppleWebKit/537.36 (KHTML, like Gecko) Chrome/107.0.0.0 Safari/537.36" "ysfine.com"
173.73.77.36 - - [26/Oct/2022:22:12:11 -0700] "GET /ysbio/awards/einbohr25d.jpg HTTP/1.1" 200 49476 "https://ysfine.com/ysbio/awards/index.html?fbclid=IwAR0NAHtugtT85_z_lgX1k71b5gycHY3Khc2ZnWIRxUtrn5V5NbiGaQ4URvw" "Mozilla/5.0 (Windows NT 10.0; Win64; x64) AppleWebKit/537.36 (KHTML, like Gecko) Chrome/107.0.0.0 Safari/537.36" "ysfine.com"
173.73.77.36 - - [26/Oct/2022:22:12:11 -0700] "GET /ysbio/eink/eink54f.jpg HTTP/1.1" 200 98068 "https://ysfine.com/ysbio/awards/index.html?fbclid=IwAR0NAHtugtT85_z_lgX1k71b5gycHY3Khc2ZnWIRxUtrn5V5NbiGaQ4URvw" "Mozilla/5.0 (Windows NT 10.0; Win64; x64) AppleWebKit/537.36 (KHTML, like Gecko) Chrome/107.0.0.0 Safari/537.36" "ysfine.com"
173.73.77.36 - - [26/Oct/2022:22:12:11 -0700] "GET /ysbio/awards/whoswho22f.jpg HTTP/1.1" 200 106044 "https://ysfine.com/ysbio/awards/index.html?fbclid=IwAR0NAHtugtT85_z_lgX1k71b5gycHY3Khc2ZnWIRxUtrn5V5NbiGaQ4URvw" "Mozilla/5.0 (Windows NT 10.0; Win64; x64) AppleWebKit/537.36 (KHTML, like Gecko) Chrome/107.0.0.0 Safari/537.36" "ysfine.com"
173.73.77.36 - - [26/Oct/2022:22:12:11 -0700] "GET /ysbio/awards/fortune21f.jpg HTTP/1.1" 200 234815 "https://ysfine.com/ysbio/awards/index.html?fbclid=IwAR0NAHtugtT85_z_lgX1k71b5gycHY3Khc2ZnWIRxUtrn5V5NbiGaQ4URvw" "Mozilla/5.0 (Windows NT 10.0; Win64; x64) AppleWebKit/537.36 (KHTML, like Gecko) Chrome/107.0.0.0 Safari/537.36" "ysfine.com"
