40.77.167.71 - - [27/Oct/2022:07:50:12 -0700] "GET /ysbio/yspapers/index.html HTTP/1.1" 200 21306 "-" "Mozilla/5.0 AppleWebKit/537.36 (KHTML, like Gecko; compatible; bingbot/2.0; +http://www.bing.com/bingbot.htm) Chrome/103.0.5060.134 Safari/537.36" "ysfine.com"
157.55.39.127 - - [27/Oct/2022:07:50:51 -0700] "GET /ysbio/yspapers/symmetry12.pdf HTTP/1.1" 200 126304 "-" "Mozilla/5.0 (compatible; bingbot/2.0; +http://www.bing.com/bingbot.htm)" "ysfine.com"
216.244.66.229 - - [27/Oct/2022:07:51:07 -0700] "GET /ffriends/aline/aal01.jpg HTTP/1.1" 200 83920 "-" "Mozilla/5.0 (compatible; DotBot/1.2; +https://opensiteexplorer.org/dotbot; help@moz.com)" "www.ysfine.com"
207.46.13.104 - - [27/Oct/2022:07:51:20 -0700] "GET /people/okubo.jpg HTTP/1.1" 200 46827 "-" "Mozilla/5.0 (compatible; bingbot/2.0; +http://www.bing.com/bingbot.htm)" "ysfine.com"
207.46.13.104 - - [27/Oct/2022:07:51:30 -0700] "GET /world/france/notre22.jpg HTTP/1.1" 200 103331 "-" "Mozilla/5.0 (compatible; bingbot/2.0; +http://www.bing.com/bingbot.htm)" "www.ysfine.com"
207.46.13.104 - - [27/Oct/2022:07:51:31 -0700] "GET /ysbio/ysworld.html HTTP/1.1" 404 88 "-" "Mozilla/5.0 (compatible; bingbot/2.0; +http://www.bing.com/bingbot.htm)" "www.ysfine.com"
40.77.167.71 - - [27/Oct/2022:07:51:40 -0700] "GET /world/russ/kazan033b.jpg HTTP/1.1" 200 45294 "-" "Mozilla/5.0 (compatible; bingbot/2.0; +http://www.bing.com/bingbot.htm)" "www.ysfine.com"
50.206.68.82 - - [27/Oct/2022:07:51:52 -0700] "GET /world/israel/jeru17.jpg HTTP/1.1" 200 241335 "https://www.google.com/" "Mozilla/5.0 (X11; CrOS x86_64 14909.100.0) AppleWebKit/537.36 (KHTML, like Gecko) Chrome/104.0.0.0 Safari/537.36" "ysfine.com"
216.244.66.229 - - [27/Oct/2022:07:52:41 -0700] "GET /ffriends/london01.jpg HTTP/1.1" 200 110579 "-" "Mozilla/5.0 (compatible; DotBot/1.2; +https://opensiteexplorer.org/dotbot; help@moz.com)" "www.ysfine.com"
216.244.66.229 - - [27/Oct/2022:07:52:43 -0700] "GET /home/taylor33.jpg HTTP/1.1" 200 206804 "-" "Mozilla/5.0 (compatible; DotBot/1.2; +https://opensiteexplorer.org/dotbot; help@moz.com)" "www.ysfine.com"
77.75.78.166 - - [27/Oct/2022:07:52:57 -0700] "GET /robots.txt HTTP/1.1" 404 88 "-" "Mozilla/5.0 (compatible; SeznamBot/3.2; +http://napoveda.seznam.cz/en/seznambot-intro/)" "ysfine.com"
77.75.78.166 - - [27/Oct/2022:07:52:59 -0700] "GET /einstein/places/einmu01.jpg HTTP/1.1" 200 76112 "-" "Mozilla/5.0 (compatible; SeznamBot/3.2; +http://napoveda.seznam.cz/en/seznambot-intro/)" "ysfine.com"
77.75.78.166 - - [27/Oct/2022:07:53:02 -0700] "GET /world/germany/salzmo04.jpg HTTP/1.1" 304 - "-" "Mozilla/5.0 (compatible; SeznamBot/3.2; +http://napoveda.seznam.cz/en/seznambot-intro/)" "ysfine.com"
77.75.78.166 - - [27/Oct/2022:07:53:02 -0700] "GET /world/france/montmar08.jpg HTTP/1.1" 200 124581 "-" "Mozilla/5.0 (compatible; SeznamBot/3.2; +http://napoveda.seznam.cz/en/seznambot-intro/)" "ysfine.com"
216.244.66.229 - - [27/Oct/2022:07:53:04 -0700] "GET /style/ysnr11.jpg HTTP/1.1" 200 141084 "-" "Mozilla/5.0 (compatible; DotBot/1.2; +https://opensiteexplorer.org/dotbot; help@moz.com)" "www.ysfine.com"
77.75.78.166 - - [27/Oct/2022:07:53:05 -0700] "GET /world/hungary/liszt06.jpg HTTP/1.1" 304 - "-" "Mozilla/5.0 (compatible; SeznamBot/3.2; +http://napoveda.seznam.cz/en/seznambot-intro/)" "ysfine.com"
77.75.78.166 - - [27/Oct/2022:07:53:06 -0700] "GET /world/baltic/tallin25.jpg HTTP/1.1" 304 - "-" "Mozilla/5.0 (compatible; SeznamBot/3.2; +http://napoveda.seznam.cz/en/seznambot-intro/)" "ysfine.com"
77.75.78.166 - - [27/Oct/2022:07:53:06 -0700] "GET /world/russ/redsq11.jpg HTTP/1.1" 200 94026 "-" "Mozilla/5.0 (compatible; SeznamBot/3.2; +http://napoveda.seznam.cz/en/seznambot-intro/)" "ysfine.com"
157.55.39.14 - - [27/Oct/2022:07:53:21 -0700] "GET /world/russ/spbm06.jpg HTTP/1.1" 200 114511 "-" "Mozilla/5.0 AppleWebKit/537.36 (KHTML, like Gecko; compatible; bingbot/2.0; +http://www.bing.com/bingbot.htm) Chrome/103.0.5060.134 Safari/537.36" "www.ysfine.com"
157.55.39.14 - - [27/Oct/2022:07:53:21 -0700] "GET /bio/einstein/bern.html HTTP/1.1" 404 88 "-" "Mozilla/5.0 (compatible; bingbot/2.0; +http://www.bing.com/bingbot.htm)" "ysfine.com"
157.55.39.121 - - [27/Oct/2022:07:53:26 -0700] "GET /world/ital/milanf05b.jpg HTTP/1.1" 200 41168 "-" "Mozilla/5.0 (compatible; bingbot/2.0; +http://www.bing.com/bingbot.htm)" "ysfine.com"
40.77.167.27 - - [27/Oct/2022:07:53:54 -0700] "GET /usca/pitt/steelm02.jpg HTTP/1.1" 200 122294 "-" "Mozilla/5.0 AppleWebKit/537.36 (KHTML, like Gecko; compatible; bingbot/2.0; +http://www.bing.com/bingbot.htm) Chrome/103.0.5060.134 Safari/537.36" "ysfine.com"
94.238.16.10 - - [27/Oct/2022:07:53:56 -0700] "GET /einstein/places/einha01.jpg HTTP/1.1" 200 75624 "https://www.bing.com/" "Mozilla/5.0 (Windows NT 10.0; Win64; x64) AppleWebKit/537.36 (KHTML, like Gecko) Chrome/106.0.0.0 Safari/537.36 Edg/106.0.1370.52" "ysfine.com"
216.244.66.229 - - [27/Oct/2022:07:54:05 -0700] "GET /ffriends/aline/delta06.jpg HTTP/1.1" 200 149999 "-" "Mozilla/5.0 (compatible; DotBot/1.2; +https://opensiteexplorer.org/dotbot; help@moz.com)" "www.ysfine.com"
40.77.167.71 - - [27/Oct/2022:07:54:09 -0700] "GET /world/scandi/fin09b.jpg HTTP/1.1" 200 46561 "-" "Mozilla/5.0 AppleWebKit/537.36 (KHTML, like Gecko; compatible; bingbot/2.0; +http://www.bing.com/bingbot.htm) Chrome/103.0.5060.134 Safari/537.36" "ysfine.com"
65.109.8.50 - - [27/Oct/2022:07:54:12 -0700] "GET /kowar/tanks/m46c.jpg HTTP/1.1" 200 74862 "https://www.google.com/" "Mozilla/5.0 (Linux; Android 12; SM-A528B) AppleWebKit/537.36 (KHTML, like Gecko) Chrome/104.0.5112.97 Mobile Safari/537.36 OPR/71.3.3718.67322" "ysfine.com"
157.55.39.127 - - [27/Oct/2022:07:54:30 -0700] "GET /sbk/gongdae.jpg HTTP/1.1" 200 196574 "-" "Mozilla/5.0 (compatible; bingbot/2.0; +http://www.bing.com/bingbot.htm)" "ysfine.com"
207.46.13.104 - - [27/Oct/2022:07:55:10 -0700] "GET /kowar/tanks/tank22b.jpg HTTP/1.1" 200 37945 "-" "Mozilla/5.0 AppleWebKit/537.36 (KHTML, like Gecko; compatible; bingbot/2.0; +http://www.bing.com/bingbot.htm) Chrome/103.0.5060.134 Safari/537.36" "ysfine.com"
40.77.167.71 - - [27/Oct/2022:07:55:19 -0700] "GET /world/ital/padova05.jpg HTTP/1.1" 200 119136 "-" "Mozilla/5.0 (compatible; bingbot/2.0; +http://www.bing.com/bingbot.htm)" "www.ysfine.com"
40.77.167.71 - - [27/Oct/2022:07:55:39 -0700] "GET /kowar/tanks/m47.jpg HTTP/1.1" 200 78683 "-" "Mozilla/5.0 (compatible; bingbot/2.0; +http://www.bing.com/bingbot.htm)" "www.ysfine.com"
157.55.39.121 - - [27/Oct/2022:07:56:33 -0700] "GET /world/brit/picca12.jpg HTTP/1.1" 200 105036 "-" "Mozilla/5.0 AppleWebKit/537.36 (KHTML, like Gecko; compatible; bingbot/2.0; +http://www.bing.com/bingbot.htm) Chrome/103.0.5060.134 Safari/537.36" "ysfine.com"
114.119.128.142 - - [27/Oct/2022:07:57:19 -0700] "GET /maga/aquinas.html HTTP/1.1" 200 3433 "https://ysfine.com/maga/index.html" "Mozilla/5.0 (Linux; Android 7.0;) AppleWebKit/537.36 (KHTML, like Gecko) Mobile Safari/537.36 (compatible; PetalBot;+https://webmaster.petalsearch.com/site/petalbot)" "ysfine.com"
40.77.167.27 - - [27/Oct/2022:07:58:14 -0700] "GET /kowar/77reg03.jpg HTTP/1.1" 200 168538 "-" "Mozilla/5.0 (compatible; bingbot/2.0; +http://www.bing.com/bingbot.htm)" "ysfine.com"
40.77.167.27 - - [27/Oct/2022:07:58:23 -0700] "GET /feynman/feynman.jpg HTTP/1.1" 200 40536 "-" "Mozilla/5.0 AppleWebKit/537.36 (KHTML, like Gecko; compatible; bingbot/2.0; +http://www.bing.com/bingbot.htm) Chrome/103.0.5060.134 Safari/537.36" "www.ysfine.com"
157.55.39.121 - - [27/Oct/2022:07:58:33 -0700] "GET /world/hungary/liszt04.jpg HTTP/1.1" 200 168754 "-" "Mozilla/5.0 (compatible; bingbot/2.0; +http://www.bing.com/bingbot.htm)" "www.ysfine.com"
66.249.66.40 - - [27/Oct/2022:07:58:54 -0700] "GET /world/china/dandongbr06.jpg HTTP/1.1" 200 140189 "-" "Googlebot-Image/1.0" "ysfine.com"
157.55.39.14 - - [27/Oct/2022:07:59:00 -0700] "GET /world/scandi/wignob02b.jpg HTTP/1.1" 200 31825 "-" "Mozilla/5.0 AppleWebKit/537.36 (KHTML, like Gecko; compatible; bingbot/2.0; +http://www.bing.com/bingbot.htm) Chrome/103.0.5060.134 Safari/537.36" "ysfine.com"
206.57.244.178 - - [27/Oct/2022:07:59:39 -0700] "GET /world/scandi/sto001.jpg HTTP/1.1" 200 111684 "https://www.google.com/" "Mozilla/5.0 (X11; CrOS x86_64 14989.107.0) AppleWebKit/537.36 (KHTML, like Gecko) Chrome/105.0.0.0 Safari/537.36" "ysfine.com"
157.55.39.121 - - [27/Oct/2022:07:59:44 -0700] "GET /bio/style/rieu.html HTTP/1.1" 404 88 "-" "Mozilla/5.0 (compatible; bingbot/2.0; +http://www.bing.com/bingbot.htm)" "ysfine.com"
121.129.21.16 - - [27/Oct/2022:08:00:38 -0700] "GET /jobs/koreaj22.jpg HTTP/1.1" 200 195155 "https://www.google.com/" "Mozilla/5.0 (Macintosh; Intel Mac OS X 10_15_7) AppleWebKit/605.1.15 (KHTML, like Gecko) Version/15.5 Safari/605.1.15" "ysfine.com"
207.46.13.104 - - [27/Oct/2022:08:00:40 -0700] "GET /world/russ/mosf52.jpg HTTP/1.1" 200 101213 "-" "Mozilla/5.0 AppleWebKit/537.36 (KHTML, like Gecko; compatible; bingbot/2.0; +http://www.bing.com/bingbot.htm) Chrome/103.0.5060.134 Safari/537.36" "www.ysfine.com"
70.55.183.227 - - [27/Oct/2022:08:02:19 -0700] "GET /princeton/alexan22.jpg HTTP/1.1" 200 175436 "https://www.google.com/" "Mozilla/5.0 (Windows NT 10.0; Win64; x64) AppleWebKit/537.36 (KHTML, like Gecko) Chrome/106.0.0.0 Safari/537.36" "ysfine.com"
93.158.161.40 - - [27/Oct/2022:08:02:47 -0700] "GET /robots.txt HTTP/1.1" 404 73 "-" "Mozilla/5.0 (compatible; YandexBot/3.0; +http://yandex.com/bots)" "ysfine.com"
216.244.66.229 - - [27/Oct/2022:08:02:48 -0700] "GET /home/marq22.html HTTP/1.1" 404 73 "-" "Mozilla/5.0 (compatible; DotBot/1.2; +https://opensiteexplorer.org/dotbot; help@moz.com)" "www.ysfine.com"
77.88.5.46 - - [27/Oct/2022:08:02:50 -0700] "GET /wigner/neum/pvn05.jpg HTTP/1.1" 304 - "-" "Mozilla/5.0 (compatible; YandexImages/3.0; +http://yandex.com/bots)" "ysfine.com"
216.244.66.229 - - [27/Oct/2022:08:03:26 -0700] "GET /ffriends/russkor01.jpg HTTP/1.1" 200 154883 "-" "Mozilla/5.0 (compatible; DotBot/1.2; +https://opensiteexplorer.org/dotbot; help@moz.com)" "www.ysfine.com"
216.244.66.229 - - [27/Oct/2022:08:03:28 -0700] "GET /ffriends/russparis02.jpg HTTP/1.1" 200 75177 "-" "Mozilla/5.0 (compatible; DotBot/1.2; +https://opensiteexplorer.org/dotbot; help@moz.com)" "www.ysfine.com"
157.38.91.228 - - [27/Oct/2022:08:03:50 -0700] "GET /maga/yukawa.html HTTP/1.1" 200 5658 "https://www.google.com/" "Mozilla/5.0 (Linux; Android 12; SM-T500) AppleWebKit/537.36 (KHTML, like Gecko) Chrome/106.0.0.0 Safari/537.36" "ysfine.com"
157.38.91.228 - - [27/Oct/2022:08:03:50 -0700] "GET /people/markov84b.jpg HTTP/1.1" 200 44106 "https://ysfine.com/maga/yukawa.html" "Mozilla/5.0 (Linux; Android 12; SM-T500) AppleWebKit/537.36 (KHTML, like Gecko) Chrome/106.0.0.0 Safari/537.36" "ysfine.com"
157.38.91.228 - - [27/Oct/2022:08:03:50 -0700] "GET /maga/phys/yukaein2.jpg HTTP/1.1" 200 42863 "https://ysfine.com/maga/yukawa.html" "Mozilla/5.0 (Linux; Android 12; SM-T500) AppleWebKit/537.36 (KHTML, like Gecko) Chrome/106.0.0.0 Safari/537.36" "ysfine.com"
157.38.91.228 - - [27/Oct/2022:08:03:50 -0700] "GET /maga/phys/yukadirac55b.jpg HTTP/1.1" 200 41758 "https://ysfine.com/maga/yukawa.html" "Mozilla/5.0 (Linux; Android 12; SM-T500) AppleWebKit/537.36 (KHTML, like Gecko) Chrome/106.0.0.0 Safari/537.36" "ysfine.com"
157.38.91.228 - - [27/Oct/2022:08:03:50 -0700] "GET /maga/phys/yukadirac53b.jpg HTTP/1.1" 200 46220 "https://ysfine.com/maga/yukawa.html" "Mozilla/5.0 (Linux; Android 12; SM-T500) AppleWebKit/537.36 (KHTML, like Gecko) Chrome/106.0.0.0 Safari/537.36" "ysfine.com"
157.38.91.228 - - [27/Oct/2022:08:03:50 -0700] "GET /maga/phys/yukafeyn3.jpg HTTP/1.1" 200 41879 "https://ysfine.com/maga/yukawa.html" "Mozilla/5.0 (Linux; Android 12; SM-T500) AppleWebKit/537.36 (KHTML, like Gecko) Chrome/106.0.0.0 Safari/537.36" "ysfine.com"
157.38.91.228 - - [27/Oct/2022:08:03:50 -0700] "GET /maga/phys/yukafeyn2.jpg HTTP/1.1" 200 36709 "https://ysfine.com/maga/yukawa.html" "Mozilla/5.0 (Linux; Android 12; SM-T500) AppleWebKit/537.36 (KHTML, like Gecko) Chrome/106.0.0.0 Safari/537.36" "ysfine.com"
157.38.91.228 - - [27/Oct/2022:08:03:50 -0700] "GET /maga/phys/yukawa00b.jpg HTTP/1.1" 200 36980 "https://ysfine.com/maga/yukawa.html" "Mozilla/5.0 (Linux; Android 12; SM-T500) AppleWebKit/537.36 (KHTML, like Gecko) Chrome/106.0.0.0 Safari/537.36" "ysfine.com"
157.55.39.121 - - [27/Oct/2022:08:04:05 -0700] "GET /wdc/sakura06.jpg HTTP/1.1" 200 83525 "-" "Mozilla/5.0 AppleWebKit/537.36 (KHTML, like Gecko; compatible; bingbot/2.0; +http://www.bing.com/bingbot.htm) Chrome/103.0.5060.134 Safari/537.36" "www.ysfine.com"
184.105.252.131 - - [27/Oct/2022:08:05:11 -0700] "GET /world/russ/kazanmap22.jpg HTTP/1.1" 200 129761 "https://www.bing.com/" "Mozilla/5.0 (Macintosh; Intel Mac OS X 10_15_6) AppleWebKit/605.1.15 (KHTML, like Gecko) Version/15.6,2 Safari/605.1.15" "www.ysfine.com"
17.121.114.28 - - [27/Oct/2022:08:06:00 -0700] "GET /feynman/index.html HTTP/1.1" 200 124 "-" "Mozilla/5.0 (Macintosh; Intel Mac OS X 10_15_5) AppleWebKit/605.1.15 (KHTML, like Gecko) Version/13.1.1 Safari/605.1.15 (Applebot/0.1; +http://www.apple.com/go/applebot)" "ysfine.com"
157.55.39.121 - - [27/Oct/2022:08:08:04 -0700] "GET /ffriends/argenwash01c.jpg HTTP/1.1" 200 36813 "-" "Mozilla/5.0 (compatible; bingbot/2.0; +http://www.bing.com/bingbot.htm)" "ysfine.com"
40.77.167.27 - - [27/Oct/2022:08:08:08 -0700] "GET /world/ital/flor020.jpg HTTP/1.1" 200 94393 "-" "Mozilla/5.0 (compatible; bingbot/2.0; +http://www.bing.com/bingbot.htm)" "ysfine.com"
207.46.13.104 - - [27/Oct/2022:08:08:21 -0700] "GET /saram/d016.jpg HTTP/1.1" 200 72040 "-" "Mozilla/5.0 AppleWebKit/537.36 (KHTML, like Gecko; compatible; bingbot/2.0; +http://www.bing.com/bingbot.htm) Chrome/103.0.5060.134 Safari/537.36" "www.ysfine.com"
207.46.13.104 - - [27/Oct/2022:08:09:11 -0700] "GET /style/musee/perga22.jpg HTTP/1.1" 200 82370 "-" "Mozilla/5.0 AppleWebKit/537.36 (KHTML, like Gecko; compatible; bingbot/2.0; +http://www.bing.com/bingbot.htm) Chrome/103.0.5060.134 Safari/537.36" "ysfine.com"
207.46.13.104 - - [27/Oct/2022:08:09:32 -0700] "GET /maga/phil/hugom33.jpg HTTP/1.1" 200 106917 "-" "Mozilla/5.0 AppleWebKit/537.36 (KHTML, like Gecko; compatible; bingbot/2.0; +http://www.bing.com/bingbot.htm) Chrome/103.0.5060.134 Safari/537.36" "www.ysfine.com"
64.28.49.138 - - [27/Oct/2022:08:09:36 -0700] "GET /world/poland/coperni11.jpg HTTP/1.1" 200 135649 "https://www.google.com/" "Mozilla/5.0 (X11; CrOS x86_64 14989.107.0) AppleWebKit/537.36 (KHTML, like Gecko) Chrome/105.0.0.0 Safari/537.36" "ysfine.com"
216.244.66.229 - - [27/Oct/2022:08:09:53 -0700] "GET /beau/amkor/prgr05.jpg HTTP/1.1" 404 73 "-" "Mozilla/5.0 (compatible; DotBot/1.2; +https://opensiteexplorer.org/dotbot; help@moz.com)" "www.ysfine.com"
216.244.66.229 - - [27/Oct/2022:08:09:54 -0700] "GET /ffriends/aline/delta08.jpg HTTP/1.1" 200 86132 "-" "Mozilla/5.0 (compatible; DotBot/1.2; +https://opensiteexplorer.org/dotbot; help@moz.com)" "www.ysfine.com"
216.244.66.229 - - [27/Oct/2022:08:09:57 -0700] "GET /ffriends/aline/malev22.jpg HTTP/1.1" 200 111045 "-" "Mozilla/5.0 (compatible; DotBot/1.2; +https://opensiteexplorer.org/dotbot; help@moz.com)" "www.ysfine.com"
216.244.66.229 - - [27/Oct/2022:08:10:28 -0700] "GET /ffriends/aline/scanair02.jpg HTTP/1.1" 200 71996 "-" "Mozilla/5.0 (compatible; DotBot/1.2; +https://opensiteexplorer.org/dotbot; help@moz.com)" "www.ysfine.com"
216.244.66.229 - - [27/Oct/2022:08:10:56 -0700] "GET /ffriends/aline/thaiair.jpg HTTP/1.1" 200 327445 "-" "Mozilla/5.0 (compatible; DotBot/1.2; +https://opensiteexplorer.org/dotbot; help@moz.com)" "www.ysfine.com"
40.77.167.71 - - [27/Oct/2022:08:11:02 -0700] "GET /bio/wigner/e(2).html HTTP/1.1" 404 88 "-" "Mozilla/5.0 (compatible; bingbot/2.0; +http://www.bing.com/bingbot.htm)" "ysfine.com"
157.55.39.14 - - [27/Oct/2022:08:11:13 -0700] "GET /bio/kobak/rifles.html HTTP/1.1" 404 88 "-" "Mozilla/5.0 (compatible; bingbot/2.0; +http://www.bing.com/bingbot.htm)" "ysfine.com"
176.233.115.231 - - [27/Oct/2022:08:13:10 -0700] "GET /jobs/koreaj22.jpg HTTP/1.1" 200 195155 "https://www.google.com/" "Mozilla/5.0 (Windows NT 6.1; Win64; x64) AppleWebKit/537.36 (KHTML, like Gecko) Chrome/106.0.0.0 Safari/537.36" "ysfine.com"
207.46.13.104 - - [27/Oct/2022:08:13:13 -0700] "GET /dirac/nicodem11b.jpg HTTP/1.1" 200 79065 "-" "Mozilla/5.0 (compatible; bingbot/2.0; +http://www.bing.com/bingbot.htm)" "ysfine.com"
40.77.167.27 - - [27/Oct/2022:08:14:06 -0700] "GET /world/germany/oktf12.jpg HTTP/1.1" 200 126223 "-" "Mozilla/5.0 (compatible; bingbot/2.0; +http://www.bing.com/bingbot.htm)" "www.ysfine.com"
157.55.39.14 - - [27/Oct/2022:08:14:22 -0700] "GET /maga/phys/landau35b.jpg HTTP/1.1" 200 26143 "-" "Mozilla/5.0 (compatible; bingbot/2.0; +http://www.bing.com/bingbot.htm)" "ysfine.com"
114.119.128.14 - - [27/Oct/2022:08:14:28 -0700] "GET /maga/minkowski.html HTTP/1.1" 200 4752 "https://ysfine.com/wigner/maxwig.html" "Mozilla/5.0 (Linux; Android 7.0;) AppleWebKit/537.36 (KHTML, like Gecko) Mobile Safari/537.36 (compatible; PetalBot;+https://webmaster.petalsearch.com/site/petalbot)" "ysfine.com"
157.55.39.121 - - [27/Oct/2022:08:14:35 -0700] "GET /einstein/places/einha39.jpg HTTP/1.1" 200 123066 "-" "Mozilla/5.0 AppleWebKit/537.36 (KHTML, like Gecko; compatible; bingbot/2.0; +http://www.bing.com/bingbot.htm) Chrome/103.0.5060.134 Safari/537.36" "www.ysfine.com"
157.55.39.121 - - [27/Oct/2022:08:14:36 -0700] "GET /dongio/india02.jpg HTTP/1.1" 404 88 "-" "Mozilla/5.0 (compatible; bingbot/2.0; +http://www.bing.com/bingbot.htm)" "ysfine.com"
157.55.39.127 - - [27/Oct/2022:08:14:53 -0700] "GET /world/germany/trier12.jpg HTTP/1.1" 200 392899 "-" "Mozilla/5.0 AppleWebKit/537.36 (KHTML, like Gecko; compatible; bingbot/2.0; +http://www.bing.com/bingbot.htm) Chrome/103.0.5060.134 Safari/537.36" "www.ysfine.com"
40.77.167.71 - - [27/Oct/2022:08:14:53 -0700] "GET /bio/style/ystyle.html HTTP/1.1" 404 88 "-" "Mozilla/5.0 AppleWebKit/537.36 (KHTML, like Gecko; compatible; bingbot/2.0; +http://www.bing.com/bingbot.htm) Chrome/103.0.5060.134 Safari/537.36" "ysfine.com"
40.77.167.27 - - [27/Oct/2022:08:15:55 -0700] "GET /einstein/einstori01.jpg HTTP/1.1" 200 40741 "-" "Mozilla/5.0 (compatible; bingbot/2.0; +http://www.bing.com/bingbot.htm)" "www.ysfine.com"
40.77.167.71 - - [27/Oct/2022:08:16:02 -0700] "GET /usca/pitt/heinzfld02.jpg HTTP/1.1" 200 39310 "-" "Mozilla/5.0 AppleWebKit/537.36 (KHTML, like Gecko; compatible; bingbot/2.0; +http://www.bing.com/bingbot.htm) Chrome/103.0.5060.134 Safari/537.36" "www.ysfine.com"
51.222.253.2 - - [27/Oct/2022:08:16:05 -0700] "GET / HTTP/1.1" 200 5283 "-" "Mozilla/5.0 (compatible; AhrefsBot/7.0; +http://ahrefs.com/robot/)" "www.ysfine.com"
40.77.167.27 - - [27/Oct/2022:08:16:06 -0700] "GET /style/kirovken44.jpg HTTP/1.1" 200 99499 "-" "Mozilla/5.0 AppleWebKit/537.36 (KHTML, like Gecko; compatible; bingbot/2.0; +http://www.bing.com/bingbot.htm) Chrome/103.0.5060.134 Safari/537.36" "www.ysfine.com"
157.55.39.121 - - [27/Oct/2022:08:16:55 -0700] "GET /people/tollwig2.jpg HTTP/1.1" 200 35067 "-" "Mozilla/5.0 (compatible; bingbot/2.0; +http://www.bing.com/bingbot.htm)" "ysfine.com"
40.77.167.27 - - [27/Oct/2022:08:17:06 -0700] "GET /world/russ/minsk019.jpg HTTP/1.1" 200 142323 "-" "Mozilla/5.0 (compatible; bingbot/2.0; +http://www.bing.com/bingbot.htm)" "ysfine.com"
40.77.167.27 - - [27/Oct/2022:08:17:25 -0700] "GET /princeton/ias11b.jpg HTTP/1.1" 200 33974 "-" "Mozilla/5.0 AppleWebKit/537.36 (KHTML, like Gecko; compatible; bingbot/2.0; +http://www.bing.com/bingbot.htm) Chrome/103.0.5060.134 Safari/537.36" "ysfine.com"
51.222.253.16 - - [27/Oct/2022:08:17:41 -0700] "GET /class54/class5470/total_data/sub_744.htm HTTP/1.1" 200 3297 "-" "Mozilla/5.0 (compatible; AhrefsBot/7.0; +http://ahrefs.com/robot/)" "ysfine.com"
114.119.128.154 - - [27/Oct/2022:08:18:08 -0700] "GET /maga/bridge22.html HTTP/1.1" 200 6587 "https://www.ysfine.com/philo/helena.html" "Mozilla/5.0 (Linux; Android 7.0;) AppleWebKit/537.36 (KHTML, like Gecko) Mobile Safari/537.36 (compatible; PetalBot;+https://webmaster.petalsearch.com/site/petalbot)" "www.ysfine.com"
67.158.81.39 - - [27/Oct/2022:08:18:26 -0700] "GET /maga/phil/marxlon01.jpg HTTP/1.1" 200 263404 "https://www.google.com/" "Mozilla/5.0 (X11; CrOS x86_64 15054.98.0) AppleWebKit/537.36 (KHTML, like Gecko) Chrome/106.0.0.0 Safari/537.36" "ysfine.com"
17.121.114.215 - - [27/Oct/2022:08:18:35 -0700] "GET /feynman/feyntop.html HTTP/1.1" 200 435 "https://ysfine.com/feynman/index.html" "Mozilla/5.0 (Macintosh; Intel Mac OS X 10_15_5) AppleWebKit/605.1.15 (KHTML, like Gecko) Version/13.1.1 Safari/605.1.15 (Applebot/0.1; +http://www.apple.com/go/applebot)" "ysfine.com"
17.121.114.14 - - [27/Oct/2022:08:18:36 -0700] "GET /feynman/feynbot.html HTTP/1.1" 200 138 "https://ysfine.com/feynman/index.html" "Mozilla/5.0 (Macintosh; Intel Mac OS X 10_15_5) AppleWebKit/605.1.15 (KHTML, like Gecko) Version/13.1.1 Safari/605.1.15 (Applebot/0.1; +http://www.apple.com/go/applebot)" "ysfine.com"
17.121.114.215 - - [27/Oct/2022:08:18:36 -0700] "GET /feynman/feynleft.html HTTP/1.1" 200 523 "https://ysfine.com/feynman/feynbot.html" "Mozilla/5.0 (Macintosh; Intel Mac OS X 10_15_5) AppleWebKit/605.1.15 (KHTML, like Gecko) Version/13.1.1 Safari/605.1.15 (Applebot/0.1; +http://www.apple.com/go/applebot)" "ysfine.com"
17.121.114.14 - - [27/Oct/2022:08:18:37 -0700] "GET /feynman/feynrigh.html HTTP/1.1" 200 2183 "https://ysfine.com/feynman/feynbot.html" "Mozilla/5.0 (Macintosh; Intel Mac OS X 10_15_5) AppleWebKit/605.1.15 (KHTML, like Gecko) Version/13.1.1 Safari/605.1.15 (Applebot/0.1; +http://www.apple.com/go/applebot)" "ysfine.com"
51.222.253.6 - - [27/Oct/2022:08:19:05 -0700] "GET /wigner/wigheisen.html HTTP/1.1" 200 3346 "-" "Mozilla/5.0 (compatible; AhrefsBot/7.0; +http://ahrefs.com/robot/)" "ysfine.com"
177.135.57.220 - - [27/Oct/2022:08:19:50 -0700] "GET /wigner/neum/vnc01.jpg HTTP/1.1" 200 133641 "https://sites.google.com/" "Mozilla/5.0 (Windows NT 10.0; Win64; x64) AppleWebKit/537.36 (KHTML, like Gecko) Chrome/106.0.0.0 Safari/537.36" "ysfine.com"
207.46.13.104 - - [27/Oct/2022:08:19:52 -0700] "GET /wdc/whxmas/whxmas05.jpg HTTP/1.1" 200 40309 "-" "Mozilla/5.0 (compatible; bingbot/2.0; +http://www.bing.com/bingbot.htm)" "ysfine.com"
157.55.39.14 - - [27/Oct/2022:08:20:23 -0700] "GET /world/ital/venice31b.jpg HTTP/1.1" 200 31258 "-" "Mozilla/5.0 AppleWebKit/537.36 (KHTML, like Gecko; compatible; bingbot/2.0; +http://www.bing.com/bingbot.htm) Chrome/103.0.5060.134 Safari/537.36" "www.ysfine.com"
51.222.253.7 - - [27/Oct/2022:08:20:48 -0700] "GET /class54/class5470/total_data/sub_316.htm HTTP/1.1" 200 3323 "-" "Mozilla/5.0 (compatible; AhrefsBot/7.0; +http://ahrefs.com/robot/)" "ysfine.com"
157.55.39.14 - - [27/Oct/2022:08:21:23 -0700] "GET /bio/einstein/bern.html HTTP/1.1" 404 88 "-" "Mozilla/5.0 AppleWebKit/537.36 (KHTML, like Gecko; compatible; bingbot/2.0; +http://www.bing.com/bingbot.htm) Chrome/103.0.5060.134 Safari/537.36" "ysfine.com"
40.77.167.71 - - [27/Oct/2022:08:21:43 -0700] "GET /kowar/paiksy05b.jpg HTTP/1.1" 200 67237 "-" "Mozilla/5.0 AppleWebKit/537.36 (KHTML, like Gecko; compatible; bingbot/2.0; +http://www.bing.com/bingbot.htm) Chrome/103.0.5060.134 Safari/537.36" "ysfine.com"
40.77.167.71 - - [27/Oct/2022:08:21:43 -0700] "GET /wdc/facu63.jpg HTTP/1.1" 200 248740 "-" "Mozilla/5.0 AppleWebKit/537.36 (KHTML, like Gecko; compatible; bingbot/2.0; +http://www.bing.com/bingbot.htm) Chrome/103.0.5060.134 Safari/537.36" "ysfine.com"
193.1.94.245 - - [27/Oct/2022:08:22:16 -0700] "GET /maga/phys/schrod11.jpg HTTP/1.1" 200 107958 "https://www.bing.com/" "Mozilla/5.0 (Windows NT 10.0; Win64; x64) AppleWebKit/537.36 (KHTML, like Gecko) Chrome/106.0.0.0 Safari/537.36 Edg/106.0.1370.52" "www.ysfine.com"
51.222.253.11 - - [27/Oct/2022:08:22:33 -0700] "GET /class54/class5470/total_data/sub_311.htm HTTP/1.1" 200 3317 "-" "Mozilla/5.0 (compatible; AhrefsBot/7.0; +http://ahrefs.com/robot/)" "ysfine.com"
51.222.253.13 - - [27/Oct/2022:08:22:38 -0700] "GET /class54/class5470/total_data/img/03_smtitle11.gif HTTP/1.1" 200 703 "-" "Mozilla/5.0 (compatible; AhrefsBot/7.0; +http://ahrefs.com/robot/)" "ysfine.com"
51.222.253.20 - - [27/Oct/2022:08:22:43 -0700] "GET /class54/class5470/total_data/photo_img/3-11.jpg HTTP/1.1" 200 95754 "-" "Mozilla/5.0 (compatible; AhrefsBot/7.0; +http://ahrefs.com/robot/)" "ysfine.com"
51.222.253.6 - - [27/Oct/2022:08:24:32 -0700] "GET /class54/class5470/total_data/sub_302.htm HTTP/1.1" 200 3324 "-" "Mozilla/5.0 (compatible; AhrefsBot/7.0; +http://ahrefs.com/robot/)" "ysfine.com"
40.77.167.71 - - [27/Oct/2022:08:24:43 -0700] "GET /bio/houses/christmas.html HTTP/1.1" 404 88 "-" "Mozilla/5.0 AppleWebKit/537.36 (KHTML, like Gecko; compatible; bingbot/2.0; +http://www.bing.com/bingbot.htm) Chrome/103.0.5060.134 Safari/537.36" "ysfine.com"
157.55.39.127 - - [27/Oct/2022:08:24:48 -0700] "GET /bio/style/shops.html HTTP/1.1" 404 88 "-" "Mozilla/5.0 (compatible; bingbot/2.0; +http://www.bing.com/bingbot.htm)" "ysfine.com"
43.239.80.76 - - [27/Oct/2022:08:24:48 -0700] "GET /feynman/feybongo.jpg HTTP/1.1" 200 47448 "https://www.google.co.in/" "Mozilla/5.0 (Windows NT 10.0; Win64; x64) AppleWebKit/537.36 (KHTML, like Gecko) Chrome/106.0.0.0 Safari/537.36 Edg/106.0.1370.52" "ysfine.com"
93.158.161.40 - - [27/Oct/2022:08:24:50 -0700] "GET /robots.txt HTTP/1.1" 404 73 "-" "Mozilla/5.0 (compatible; YandexBot/3.0; +http://yandex.com/bots)" "www.ysfine.com"
77.88.5.46 - - [27/Oct/2022:08:24:54 -0700] "GET /maga/phil/sisfa12/frame38.html HTTP/1.1" 200 319 "-" "Mozilla/5.0 (compatible; YandexBot/3.0; +http://yandex.com/bots)" "www.ysfine.com"
107.122.225.118 - - [27/Oct/2022:08:25:12 -0700] "GET /world/france/stras10.jpg HTTP/1.1" 200 105338 "https://www.google.com/" "Mozilla/5.0 (iPhone; CPU iPhone OS 15_6_1 like Mac OS X) AppleWebKit/605.1.15 (KHTML, like Gecko) Version/15.6.1 Mobile/15E148 Safari/604.1" "ysfine.com"
17.121.115.20 - - [27/Oct/2022:08:25:35 -0700] "GET /einstein/bern.html HTTP/1.1" 200 8314 "-" "Mozilla/5.0 (Macintosh; Intel Mac OS X 10_15_5) AppleWebKit/605.1.15 (KHTML, like Gecko) Version/13.1.1 Safari/605.1.15 (Applebot/0.1; +http://www.apple.com/go/applebot)" "ysfine.com"
51.222.253.12 - - [27/Oct/2022:08:26:22 -0700] "GET /class54/class5470/total_data/sub_303.htm HTTP/1.1" 200 3324 "-" "Mozilla/5.0 (compatible; AhrefsBot/7.0; +http://ahrefs.com/robot/)" "ysfine.com"
216.125.34.66 - - [27/Oct/2022:08:26:39 -0700] "GET /maga/invent/tesla11.jpg HTTP/1.1" 200 100086 "https://www.google.com/" "Mozilla/5.0 (Windows NT 10.0; Win64; x64) AppleWebKit/537.36 (KHTML, like Gecko) Chrome/106.0.0.0 Safari/537.36" "ysfine.com"
207.46.13.104 - - [27/Oct/2022:08:26:43 -0700] "GET /wigner/wigsharp2.jpg HTTP/1.1" 200 34860 "-" "Mozilla/5.0 (compatible; bingbot/2.0; +http://www.bing.com/bingbot.htm)" "www.ysfine.com"
17.121.113.66 - - [27/Oct/2022:08:26:48 -0700] "GET /people/sbt.html HTTP/1.1" 200 529 "-" "Mozilla/5.0 (Macintosh; Intel Mac OS X 10_15_5) AppleWebKit/605.1.15 (KHTML, like Gecko) Version/13.1.1 Safari/605.1.15 (Applebot/0.1; +http://www.apple.com/go/applebot)" "ysfine.com"
157.55.39.121 - - [27/Oct/2022:08:26:58 -0700] "GET /dirac/dirheisen31b.jpg HTTP/1.1" 200 39248 "-" "Mozilla/5.0 AppleWebKit/537.36 (KHTML, like Gecko; compatible; bingbot/2.0; +http://www.bing.com/bingbot.htm) Chrome/103.0.5060.134 Safari/537.36" "www.ysfine.com"
51.222.253.15 - - [27/Oct/2022:08:28:11 -0700] "GET /world/russ/minskwagon.html HTTP/1.1" 200 316 "-" "Mozilla/5.0 (compatible; AhrefsBot/7.0; +http://ahrefs.com/robot/)" "ysfine.com"
51.222.253.19 - - [27/Oct/2022:08:28:16 -0700] "GET /world/russ/minskf09.jpg HTTP/1.1" 200 114517 "-" "Mozilla/5.0 (compatible; AhrefsBot/7.0; +http://ahrefs.com/robot/)" "ysfine.com"
51.222.253.20 - - [27/Oct/2022:08:28:22 -0700] "GET /world/russ/minskf08.jpg HTTP/1.1" 200 102131 "-" "Mozilla/5.0 (compatible; AhrefsBot/7.0; +http://ahrefs.com/robot/)" "ysfine.com"
51.222.253.11 - - [27/Oct/2022:08:28:28 -0700] "GET /world/russ/minskf10.jpg HTTP/1.1" 200 107672 "-" "Mozilla/5.0 (compatible; AhrefsBot/7.0; +http://ahrefs.com/robot/)" "ysfine.com"
216.244.66.229 - - [27/Oct/2022:08:28:56 -0700] "GET /robots.txt HTTP/1.1" 404 73 "-" "Mozilla/5.0 (compatible; DotBot/1.2; +https://opensiteexplorer.org/dotbot; help@moz.com)" "www.ysfine.com"
104.28.195.189 - - [27/Oct/2022:08:28:56 -0700] "GET /princeton/alexan22.jpg HTTP/1.1" 200 175436 "https://www.google.com/" "Mozilla/5.0 (Macintosh; Intel Mac OS X 10_15_6) AppleWebKit/605.1.15 (KHTML, like Gecko) Version/15.6.1 Safari/605.1.15" "ysfine.com"
51.222.253.6 - - [27/Oct/2022:08:30:21 -0700] "GET /class54/class5470/total_data/sub_305.htm HTTP/1.1" 200 3330 "-" "Mozilla/5.0 (compatible; AhrefsBot/7.0; +http://ahrefs.com/robot/)" "ysfine.com"
157.55.39.14 - - [27/Oct/2022:08:30:44 -0700] "GET /einstein/math/sp2c.jpg HTTP/1.1" 200 29719 "-" "Mozilla/5.0 (compatible; bingbot/2.0; +http://www.bing.com/bingbot.htm)" "www.ysfine.com"
157.55.39.127 - - [27/Oct/2022:08:31:25 -0700] "GET /world/poland/jarema.html HTTP/1.1" 200 334 "-" "Mozilla/5.0 (compatible; bingbot/2.0; +http://www.bing.com/bingbot.htm)" "www.ysfine.com"
220.181.108.111 - - [27/Oct/2022:08:31:48 -0700] "GET /maga/index.html HTTP/1.1" 200 6127 "-" "Mozilla/5.0 (Linux;u;Android 4.2.2;zh-cn;) AppleWebKit/534.46 (KHTML,like Gecko) Version/5.1 Mobile Safari/10600.6.3 (compatible; Baiduspider/2.0; +http://www.baidu.com/search/spider.html)" "www.ysfine.com"
220.181.108.103 - - [27/Oct/2022:08:31:50 -0700] "GET /maga/ HTTP/1.1" 200 18467 "-" "Mozilla/5.0 (Linux;u;Android 4.2.2;zh-cn;) AppleWebKit/534.46 (KHTML,like Gecko) Version/5.1 Mobile Safari/10600.6.3 (compatible; Baiduspider/2.0; +http://www.baidu.com/search/spider.html)" "www.ysfine.com"
116.179.37.150 - - [27/Oct/2022:08:31:54 -0700] "GET /wigner/wigheis11c.jpg HTTP/1.1" 200 41279 "https://www.ysfine.com/maga/index.html" "Mozilla/5.0 (iPhone; CPU iPhone OS 9_1 like Mac OS X) AppleWebKit/601.1.46 (KHTML, like Gecko) Version/9.0 Mobile/13B143 Safari/601.1 (compatible; Baiduspider-render/2.0; +http://www.baidu.com/search/spider.html)" "www.ysfine.com"
116.179.37.229 - - [27/Oct/2022:08:31:54 -0700] "GET /world/baltic/kalin12c.jpg HTTP/1.1" 200 31031 "https://www.ysfine.com/maga/index.html" "Mozilla/5.0 (iPhone; CPU iPhone OS 9_1 like Mac OS X) AppleWebKit/601.1.46 (KHTML, like Gecko) Version/9.0 Mobile/13B143 Safari/601.1 (compatible; Baiduspider-render/2.0; +http://www.baidu.com/search/spider.html)" "www.ysfine.com"
51.222.253.1 - - [27/Oct/2022:08:32:10 -0700] "GET /class54/class5470/total_data/sub_319.htm HTTP/1.1" 200 3310 "-" "Mozilla/5.0 (compatible; AhrefsBot/7.0; +http://ahrefs.com/robot/)" "ysfine.com"
157.55.39.14 - - [27/Oct/2022:08:32:14 -0700] "GET /world/ital/flor083.jpg HTTP/1.1" 200 195439 "-" "Mozilla/5.0 AppleWebKit/537.36 (KHTML, like Gecko; compatible; bingbot/2.0; +http://www.bing.com/bingbot.htm) Chrome/103.0.5060.134 Safari/537.36" "ysfine.com"
165.140.167.146 - - [27/Oct/2022:08:32:38 -0700] "GET / HTTP/1.1" 200 5283 "-" "Mozilla/5.0 (Linux; Android 10; M2004J19C) AppleWebKit/537.36 (KHTML, like Gecko) Chrome/91.0.4472.77 Mobile Safari/537.36" "ysfine.com"
40.77.167.27 - - [27/Oct/2022:08:33:28 -0700] "GET /usca/pitt/infinite.jpg HTTP/1.1" 200 73922 "-" "Mozilla/5.0 (compatible; bingbot/2.0; +http://www.bing.com/bingbot.htm)" "ysfine.com"
187.189.88.66 - - [27/Oct/2022:08:33:54 -0700] "GET /einstein/einbohr33.jpg HTTP/1.1" 200 87797 "https://yandex.com/" "Mozilla/5.0 (Linux; arm_64; Android 10; MRX-W09) AppleWebKit/537.36 (KHTML, like Gecko) Chrome/104.0.5112.124 BroPP/1.0 SA/3 YaApp_Android/22.97.1/apad YandexSearch/22.97.1/apad YandexStart/22.97.1/apad Mobile Safari/537.36" "www.ysfine.com"
51.222.253.13 - - [27/Oct/2022:08:34:02 -0700] "GET /class54/class5470/total_data/sub_320.htm HTTP/1.1" 200 3286 "-" "Mozilla/5.0 (compatible; AhrefsBot/7.0; +http://ahrefs.com/robot/)" "ysfine.com"
40.77.167.71 - - [27/Oct/2022:08:34:13 -0700] "GET /world/balkan/ath007.jpg HTTP/1.1" 200 107474 "-" "Mozilla/5.0 (compatible; bingbot/2.0; +http://www.bing.com/bingbot.htm)" "ysfine.com"
171.96.88.89 - - [27/Oct/2022:08:34:34 -0700] "GET /kowar/panmun04.jpg HTTP/1.1" 200 126386 "https://www.google.com/" "Mozilla/5.0 (Windows NT 10.0; Win64; x64) AppleWebKit/537.36 (KHTML, like Gecko) Chrome/106.0.0.0 Safari/537.36" "ysfine.com"
162.127.0.110 - - [27/Oct/2022:08:35:46 -0700] "GET /world/baltic/kalinhouse.jpg HTTP/1.1" 200 128792 "https://www.google.com/" "Mozilla/5.0 (Windows NT 10.0; Win64; x64) AppleWebKit/537.36 (KHTML, like Gecko) Chrome/106.0.0.0 Safari/537.36 Edg/106.0.1370.42" "ysfine.com"
157.55.39.14 - - [27/Oct/2022:08:35:54 -0700] "GET /archives/proceedings/ff3/bbus.jpg HTTP/1.1" 200 66675 "-" "Mozilla/5.0 (compatible; bingbot/2.0; +http://www.bing.com/bingbot.htm)" "www.ysfine.com"
51.222.253.14 - - [27/Oct/2022:08:35:56 -0700] "GET /class54/class5470/total_data/sub_315.htm HTTP/1.1" 200 3287 "-" "Mozilla/5.0 (compatible; AhrefsBot/7.0; +http://ahrefs.com/robot/)" "ysfine.com"
51.222.253.6 - - [27/Oct/2022:08:36:01 -0700] "GET /class54/class5470/total_data/photo_img/3-15.jpg HTTP/1.1" 200 204011 "-" "Mozilla/5.0 (compatible; AhrefsBot/7.0; +http://ahrefs.com/robot/)" "ysfine.com"
157.55.39.127 - - [27/Oct/2022:08:36:26 -0700] "GET /kobak/jutlandia.jpg HTTP/1.1" 200 163063 "-" "Mozilla/5.0 AppleWebKit/537.36 (KHTML, like Gecko; compatible; bingbot/2.0; +http://www.bing.com/bingbot.htm) Chrome/103.0.5060.134 Safari/537.36" "ysfine.com"
157.55.39.127 - - [27/Oct/2022:08:36:35 -0700] "GET /world/china/qingdao08.jpg HTTP/1.1" 200 118012 "-" "Mozilla/5.0 AppleWebKit/537.36 (KHTML, like Gecko; compatible; bingbot/2.0; +http://www.bing.com/bingbot.htm) Chrome/103.0.5060.134 Safari/537.36" "ysfine.com"
40.77.167.71 - - [27/Oct/2022:08:36:43 -0700] "GET /world/russ/kiev008.jpg HTTP/1.1" 200 60978 "-" "Mozilla/5.0 (compatible; bingbot/2.0; +http://www.bing.com/bingbot.htm)" "ysfine.com"
40.77.167.71 - - [27/Oct/2022:08:37:03 -0700] "GET /dirac/dirac44.jpg HTTP/1.1" 200 73817 "-" "Mozilla/5.0 (compatible; bingbot/2.0; +http://www.bing.com/bingbot.htm)" "ysfine.com"
51.222.253.12 - - [27/Oct/2022:08:37:49 -0700] "GET /class54/class5470/total_data/sub_321.htm HTTP/1.1" 200 3323 "-" "Mozilla/5.0 (compatible; AhrefsBot/7.0; +http://ahrefs.com/robot/)" "ysfine.com"
40.77.167.71 - - [27/Oct/2022:08:37:53 -0700] "GET /home/resonance33.jpg HTTP/1.1" 200 81671 "-" "Mozilla/5.0 AppleWebKit/537.36 (KHTML, like Gecko; compatible; bingbot/2.0; +http://www.bing.com/bingbot.htm) Chrome/103.0.5060.134 Safari/537.36" "www.ysfine.com"
51.222.253.20 - - [27/Oct/2022:08:37:55 -0700] "GET /class54/class5470/total_data/photo_img/3-21.jpg HTTP/1.1" 200 185430 "-" "Mozilla/5.0 (compatible; AhrefsBot/7.0; +http://ahrefs.com/robot/)" "ysfine.com"
157.55.39.121 - - [27/Oct/2022:08:37:59 -0700] "GET /usca/pitt/cmall57.jpg HTTP/1.1" 200 81506 "-" "Mozilla/5.0 (compatible; bingbot/2.0; +http://www.bing.com/bingbot.htm)" "ysfine.com"
157.55.39.14 - - [27/Oct/2022:08:38:25 -0700] "GET /kowar/panmun04b.jpg HTTP/1.1" 200 49952 "-" "Mozilla/5.0 (compatible; bingbot/2.0; +http://www.bing.com/bingbot.htm)" "ysfine.com"
40.77.167.71 - - [27/Oct/2022:08:38:43 -0700] "GET /feynman/feychin.jpg HTTP/1.1" 200 33472 "-" "Mozilla/5.0 AppleWebKit/537.36 (KHTML, like Gecko; compatible; bingbot/2.0; +http://www.bing.com/bingbot.htm) Chrome/103.0.5060.134 Safari/537.36" "ysfine.com"
51.222.253.13 - - [27/Oct/2022:08:39:40 -0700] "GET /style/leica.html HTTP/1.1" 200 17158 "-" "Mozilla/5.0 (compatible; AhrefsBot/7.0; +http://ahrefs.com/robot/)" "ysfine.com"
122.173.24.234 - - [27/Oct/2022:08:40:30 -0700] "GET /feynman/millik.jpg HTTP/1.1" 200 79301 "https://myactivity.google.com/" "Mozilla/5.0 (Macintosh; Intel Mac OS X 10_15_7) AppleWebKit/537.36 (KHTML, like Gecko) Chrome/106.0.0.0 Safari/537.36" "ysfine.com"
207.46.13.104 - - [27/Oct/2022:08:40:34 -0700] "GET /archives/class5470/total_data/sub_529.htm HTTP/1.1" 404 88 "-" "Mozilla/5.0 (compatible; bingbot/2.0; +http://www.bing.com/bingbot.htm)" "ysfine.com"
51.222.253.16 - - [27/Oct/2022:08:41:22 -0700] "GET /einstein/einharmo.html HTTP/1.1" 200 1137 "-" "Mozilla/5.0 (compatible; AhrefsBot/7.0; +http://ahrefs.com/robot/)" "www.ysfine.com"
47.9.36.27 - - [27/Oct/2022:08:41:27 -0700] "GET /kowar/tanks/tank03.jpg HTTP/1.1" 200 106726 "https://www.google.com/" "Mozilla/5.0 (X11; Linux x86_64) AppleWebKit/537.36 (KHTML, like Gecko) Chrome/83.0.4103.106 Safari/537.36" "ysfine.com"
101.127.30.244 - - [27/Oct/2022:08:41:34 -0700] "GET /maga/phys/ellipse77a.jpg HTTP/1.1" 200 16686 "https://images.search.yahoo.com/search/images?p=how+to+make+slanted+oval+graph&fr=mcafee&type=E211US0G0&imgurl=https%3A%2F%2Fi.stack.imgur.com%2FbFUgQ.png" "Mozilla/5.0 (Windows NT 10.0; Win64; x64) AppleWebKit/537.36 (KHTML, like Gecko) Chrome/107.0.0.0 Safari/537.36" "www.ysfine.com"
72.211.68.81 - - [27/Oct/2022:08:41:54 -0700] "GET /maga/histo/desiree22.jpg HTTP/1.1" 200 113561 "https://www.google.com/" "Mozilla/5.0 (Macintosh; Intel Mac OS X 10_15_6) AppleWebKit/605.1.15 (KHTML, like Gecko) Version/15.6.1 Safari/605.1.15" "ysfine.com"
207.46.13.104 - - [27/Oct/2022:08:41:55 -0700] "GET /bio/sbk/1950.html HTTP/1.1" 404 88 "-" "Mozilla/5.0 (compatible; bingbot/2.0; +http://www.bing.com/bingbot.htm)" "ysfine.com"
72.211.68.81 - - [27/Oct/2022:08:42:13 -0700] "GET /maga/histo/desiree21.jpg HTTP/1.1" 200 91829 "https://www.google.com/" "Mozilla/5.0 (Macintosh; Intel Mac OS X 10_15_6) AppleWebKit/605.1.15 (KHTML, like Gecko) Version/15.6.1 Safari/605.1.15" "ysfine.com"
72.211.68.81 - - [27/Oct/2022:08:42:14 -0700] "GET /maga/histo/desiree23.jpg HTTP/1.1" 200 85900 "https://www.google.com/" "Mozilla/5.0 (Macintosh; Intel Mac OS X 10_15_6) AppleWebKit/605.1.15 (KHTML, like Gecko) Version/15.6.1 Safari/605.1.15" "ysfine.com"
157.55.39.121 - - [27/Oct/2022:08:42:28 -0700] "GET /style/cameras/comedians.jpg HTTP/1.1" 200 159639 "-" "Mozilla/5.0 (compatible; bingbot/2.0; +http://www.bing.com/bingbot.htm)" "ysfine.com"
207.46.13.104 - - [27/Oct/2022:08:42:55 -0700] "GET /kowar/feb8.jpg HTTP/1.1" 200 184058 "-" "Mozilla/5.0 AppleWebKit/537.36 (KHTML, like Gecko; compatible; bingbot/2.0; +http://www.bing.com/bingbot.htm) Chrome/103.0.5060.134 Safari/537.36" "www.ysfine.com"
51.222.253.4 - - [27/Oct/2022:08:43:18 -0700] "GET /class54/class5470/total_data/sub_618.htm HTTP/1.1" 200 3206 "-" "Mozilla/5.0 (compatible; AhrefsBot/7.0; +http://ahrefs.com/robot/)" "www.ysfine.com"
40.77.167.71 - - [27/Oct/2022:08:43:46 -0700] "GET /bio/style/ystyle.html HTTP/1.1" 404 88 "-" "Mozilla/5.0 (compatible; bingbot/2.0; +http://www.bing.com/bingbot.htm)" "ysfine.com"
77.75.79.31 - - [27/Oct/2022:08:43:59 -0700] "GET /awards/index.html HTTP/1.1" 200 10086 "-" "Mozilla/5.0 (compatible; SeznamBot/4.0-RC1; +http://napoveda.seznam.cz/seznambot-intro/)" "ysfine.com"
207.46.13.104 - - [27/Oct/2022:08:44:16 -0700] "GET /sbk/2003pr11.jpg HTTP/1.1" 200 192096 "-" "Mozilla/5.0 (compatible; bingbot/2.0; +http://www.bing.com/bingbot.htm)" "ysfine.com"
157.55.39.14 - - [27/Oct/2022:08:44:25 -0700] "GET /style/hamako33.jpg HTTP/1.1" 200 228788 "-" "Mozilla/5.0 (compatible; bingbot/2.0; +http://www.bing.com/bingbot.htm)" "ysfine.com"
51.222.253.2 - - [27/Oct/2022:08:45:12 -0700] "GET /class54/class5470/total_data/sub_619.htm HTTP/1.1" 200 3206 "-" "Mozilla/5.0 (compatible; AhrefsBot/7.0; +http://ahrefs.com/robot/)" "www.ysfine.com"
157.55.39.127 - - [27/Oct/2022:08:45:16 -0700] "GET /world/baltic/kalin37.jpg HTTP/1.1" 200 85104 "-" "Mozilla/5.0 (compatible; bingbot/2.0; +http://www.bing.com/bingbot.htm)" "www.ysfine.com"
77.75.79.119 - - [27/Oct/2022:08:45:42 -0700] "GET /feynman/fthesis.html HTTP/1.1" 304 - "-" "Mozilla/5.0 (compatible; SeznamBot/4.0-RC1; +http://napoveda.seznam.cz/seznambot-intro/)" "ysfine.com"
50.204.191.30 - - [27/Oct/2022:08:46:12 -0700] "GET /princeton/dulles.jpg HTTP/1.1" 200 84176 "https://www.google.com/" "Mozilla/5.0 (Windows NT 10.0; Win64; x64) AppleWebKit/537.36 (KHTML, like Gecko) Chrome/106.0.0.0 Safari/537.36" "ysfine.com"
69.58.42.112 - - [27/Oct/2022:08:46:23 -0700] "GET /style/chopingr22.jpg HTTP/1.1" 200 59814 "https://www.google.com/" "Mozilla/5.0 (Windows NT 10.0; Win64; x64) AppleWebKit/537.36 (KHTML, like Gecko) Chrome/106.0.0.0 Safari/537.36" "ysfine.com"
207.46.13.104 - - [27/Oct/2022:08:46:25 -0700] "GET /einstein/emc22.jpg HTTP/1.1" 200 126321 "-" "Mozilla/5.0 (compatible; bingbot/2.0; +http://www.bing.com/bingbot.htm)" "ysfine.com"
51.222.253.9 - - [27/Oct/2022:08:47:04 -0700] "GET /class54/class5470/total_data/sub_620.htm HTTP/1.1" 200 3206 "-" "Mozilla/5.0 (compatible; AhrefsBot/7.0; +http://ahrefs.com/robot/)" "www.ysfine.com"
51.222.253.4 - - [27/Oct/2022:08:47:07 -0700] "GET /class54/class5470/total_data/photo_img/6-20.jpg HTTP/1.1" 200 228133 "-" "Mozilla/5.0 (compatible; AhrefsBot/7.0; +http://ahrefs.com/robot/)" "www.ysfine.com"
207.46.13.104 - - [27/Oct/2022:08:48:06 -0700] "GET /world/ital/venice01cc.jpg HTTP/1.1" 200 316319 "-" "Mozilla/5.0 AppleWebKit/537.36 (KHTML, like Gecko; compatible; bingbot/2.0; +http://www.bing.com/bingbot.htm) Chrome/103.0.5060.134 Safari/537.36" "ysfine.com"
40.77.167.27 - - [27/Oct/2022:08:48:09 -0700] "GET /bio/world/berlin.html HTTP/1.1" 404 88 "-" "Mozilla/5.0 AppleWebKit/537.36 (KHTML, like Gecko; compatible; bingbot/2.0; +http://www.bing.com/bingbot.htm) Chrome/103.0.5060.134 Safari/537.36" "ysfine.com"
114.119.128.158 - - [27/Oct/2022:08:48:14 -0700] "GET /newyork/index.html HTTP/1.1" 200 132 "https://www.ysfine.com/class54/emailed06.html" "Mozilla/5.0 (Linux; Android 7.0;) AppleWebKit/537.36 (KHTML, like Gecko) Mobile Safari/537.36 (compatible; PetalBot;+https://webmaster.petalsearch.com/site/petalbot)" "ysfine.com"
51.222.253.19 - - [27/Oct/2022:08:48:59 -0700] "GET /class54/class5470/total_data/sub_627.htm HTTP/1.1" 200 3206 "-" "Mozilla/5.0 (compatible; AhrefsBot/7.0; +http://ahrefs.com/robot/)" "www.ysfine.com"
157.55.39.121 - - [27/Oct/2022:08:49:08 -0700] "GET /world/brit/cam07.jpg HTTP/1.1" 200 217690 "-" "Mozilla/5.0 (compatible; bingbot/2.0; +http://www.bing.com/bingbot.htm)" "www.ysfine.com"
157.55.39.14 - - [27/Oct/2022:08:49:36 -0700] "GET /bio/einstein/bern.html HTTP/1.1" 404 88 "-" "Mozilla/5.0 AppleWebKit/537.36 (KHTML, like Gecko; compatible; bingbot/2.0; +http://www.bing.com/bingbot.htm) Chrome/103.0.5060.134 Safari/537.36" "ysfine.com"
40.77.167.71 - - [27/Oct/2022:08:50:15 -0700] "GET /style/musee/uffizi22.jpg HTTP/1.1" 200 131191 "-" "Mozilla/5.0 (compatible; bingbot/2.0; +http://www.bing.com/bingbot.htm)" "ysfine.com"
157.55.39.14 - - [27/Oct/2022:08:50:25 -0700] "GET /world/ital/verona05.jpg HTTP/1.1" 200 110300 "-" "Mozilla/5.0 (compatible; bingbot/2.0; +http://www.bing.com/bingbot.htm)" "ysfine.com"
51.222.253.11 - - [27/Oct/2022:08:50:52 -0700] "GET /class54/class5470/total_data/sub_621.htm HTTP/1.1" 200 3216 "-" "Mozilla/5.0 (compatible; AhrefsBot/7.0; +http://ahrefs.com/robot/)" "www.ysfine.com"
51.222.253.11 - - [27/Oct/2022:08:50:59 -0700] "GET /class54/class5470/total_data/photo_img/6-21.jpg HTTP/1.1" 200 220890 "-" "Mozilla/5.0 (compatible; AhrefsBot/7.0; +http://ahrefs.com/robot/)" "www.ysfine.com"
157.55.39.121 - - [27/Oct/2022:08:51:49 -0700] "GET /style/akiko55.jpg HTTP/1.1" 200 48868 "-" "Mozilla/5.0 (compatible; bingbot/2.0; +http://www.bing.com/bingbot.htm)" "www.ysfine.com"
51.222.253.9 - - [27/Oct/2022:08:52:43 -0700] "GET /class54/class5470/total_data/sub_628.htm HTTP/1.1" 200 3206 "-" "Mozilla/5.0 (compatible; AhrefsBot/7.0; +http://ahrefs.com/robot/)" "www.ysfine.com"
40.77.167.27 - - [27/Oct/2022:08:52:49 -0700] "GET /kobak/jutlandia.jpg HTTP/1.1" 200 163063 "-" "Mozilla/5.0 AppleWebKit/537.36 (KHTML, like Gecko; compatible; bingbot/2.0; +http://www.bing.com/bingbot.htm) Chrome/103.0.5060.134 Safari/537.36" "ysfine.com"
77.75.79.11 - - [27/Oct/2022:08:52:50 -0700] "GET /robots.txt HTTP/1.1" 404 88 "-" "Mozilla/5.0 (compatible; SeznamBot/3.2; +http://napoveda.seznam.cz/en/seznambot-intro/)" "ysfine.com"
77.75.79.11 - - [27/Oct/2022:08:52:52 -0700] "GET /princeton/prospectg33.jpg HTTP/1.1" 200 103992 "-" "Mozilla/5.0 (compatible; SeznamBot/3.2; +http://napoveda.seznam.cz/en/seznambot-intro/)" "ysfine.com"
77.75.79.11 - - [27/Oct/2022:08:52:56 -0700] "GET /world/ital/flor069.jpg HTTP/1.1" 304 - "-" "Mozilla/5.0 (compatible; SeznamBot/3.2; +http://napoveda.seznam.cz/en/seznambot-intro/)" "ysfine.com"
77.75.79.11 - - [27/Oct/2022:08:52:56 -0700] "GET /world/poland/waw01.jpg HTTP/1.1" 304 - "-" "Mozilla/5.0 (compatible; SeznamBot/3.2; +http://napoveda.seznam.cz/en/seznambot-intro/)" "ysfine.com"
77.75.79.11 - - [27/Oct/2022:08:52:56 -0700] "GET /world/russ/krem31.jpg HTTP/1.1" 304 - "-" "Mozilla/5.0 (compatible; SeznamBot/3.2; +http://napoveda.seznam.cz/en/seznambot-intro/)" "ysfine.com"
77.75.79.11 - - [27/Oct/2022:08:52:57 -0700] "GET /newyork/madis03.jpg HTTP/1.1" 304 - "-" "Mozilla/5.0 (compatible; SeznamBot/3.2; +http://napoveda.seznam.cz/en/seznambot-intro/)" "ysfine.com"
77.75.79.11 - - [27/Oct/2022:08:52:57 -0700] "GET /einstein/eins54.jpg HTTP/1.1" 200 86686 "-" "Mozilla/5.0 (compatible; SeznamBot/3.2; +http://napoveda.seznam.cz/en/seznambot-intro/)" "ysfine.com"
157.55.39.14 - - [27/Oct/2022:08:54:05 -0700] "GET /maga/phys/mainichi.jpg HTTP/1.1" 200 140249 "-" "Mozilla/5.0 (compatible; bingbot/2.0; +http://www.bing.com/bingbot.htm)" "www.ysfine.com"
51.222.253.1 - - [27/Oct/2022:08:54:25 -0700] "GET /class54/class5470/total_data/sub_622.htm HTTP/1.1" 200 3215 "-" "Mozilla/5.0 (compatible; AhrefsBot/7.0; +http://ahrefs.com/robot/)" "www.ysfine.com"
207.46.13.104 - - [27/Oct/2022:08:54:25 -0700] "GET /world/ital/bologsw12.jpg HTTP/1.1" 200 117477 "-" "Mozilla/5.0 AppleWebKit/537.36 (KHTML, like Gecko; compatible; bingbot/2.0; +http://www.bing.com/bingbot.htm) Chrome/103.0.5060.134 Safari/537.36" "ysfine.com"
207.46.13.104 - - [27/Oct/2022:08:54:35 -0700] "GET /style/musee/vatican33b.jpg HTTP/1.1" 200 38167 "-" "Mozilla/5.0 AppleWebKit/537.36 (KHTML, like Gecko; compatible; bingbot/2.0; +http://www.bing.com/bingbot.htm) Chrome/103.0.5060.134 Safari/537.36" "ysfine.com"
218.239.120.35 - - [27/Oct/2022:08:55:06 -0700] "GET /kobak/1014c.jpg HTTP/1.1" 200 164928 "https://www.google.com/" "Mozilla/5.0 (Linux; Android 12; SM-N971N) AppleWebKit/537.36 (KHTML, like Gecko) Chrome/106.0.0.0 Mobile Safari/537.36" "ysfine.com"
157.55.39.121 - - [27/Oct/2022:08:55:40 -0700] "GET /style/nga22.jpg HTTP/1.1" 200 132866 "-" "Mozilla/5.0 (compatible; bingbot/2.0; +http://www.bing.com/bingbot.htm)" "ysfine.com"
157.55.39.127 - - [27/Oct/2022:08:55:47 -0700] "GET /style/musee/ath032.jpg HTTP/1.1" 200 123573 "-" "Mozilla/5.0 (compatible; bingbot/2.0; +http://www.bing.com/bingbot.htm)" "ysfine.com"
207.46.13.104 - - [27/Oct/2022:08:55:55 -0700] "GET /princeton/pumu01.jpg HTTP/1.1" 200 146489 "-" "Mozilla/5.0 AppleWebKit/537.36 (KHTML, like Gecko; compatible; bingbot/2.0; +http://www.bing.com/bingbot.htm) Chrome/103.0.5060.134 Safari/537.36" "ysfine.com"
51.222.253.11 - - [27/Oct/2022:08:56:03 -0700] "GET /class54/class5470/total_data/sub_623.htm HTTP/1.1" 200 3215 "-" "Mozilla/5.0 (compatible; AhrefsBot/7.0; +http://ahrefs.com/robot/)" "www.ysfine.com"
207.46.13.104 - - [27/Oct/2022:08:56:26 -0700] "GET /wdc/washmo20.jpg HTTP/1.1" 200 92654 "-" "Mozilla/5.0 AppleWebKit/537.36 (KHTML, like Gecko; compatible; bingbot/2.0; +http://www.bing.com/bingbot.htm) Chrome/103.0.5060.134 Safari/537.36" "ysfine.com"
77.88.5.237 - - [27/Oct/2022:08:56:41 -0700] "GET /world/germany/hegel01.jpg HTTP/1.1" 200 58859 "-" "Mozilla/5.0 (compatible; YandexImages/3.0; +http://yandex.com/bots)" "www.ysfine.com"
49.228.97.189 - - [27/Oct/2022:08:57:37 -0700] "GET /world/kor/sel803.jpg HTTP/1.1" 200 195155 "https://www.google.com/" "Mozilla/5.0 (Windows NT 10.0; Win64; x64) AppleWebKit/537.36 (KHTML, like Gecko) Chrome/106.0.0.0 Safari/537.36" "ysfine.com"
40.77.167.27 - - [27/Oct/2022:08:57:40 -0700] "GET /ysbio/awards/feature22.pdf HTTP/1.1" 200 984473 "-" "Mozilla/5.0 AppleWebKit/537.36 (KHTML, like Gecko; compatible; bingbot/2.0; +http://www.bing.com/bingbot.htm) Chrome/103.0.5060.134 Safari/537.36" "ysfine.com"
51.222.253.3 - - [27/Oct/2022:08:57:51 -0700] "GET /class54/class5470/total_data/sub_632.htm HTTP/1.1" 200 3206 "-" "Mozilla/5.0 (compatible; AhrefsBot/7.0; +http://ahrefs.com/robot/)" "www.ysfine.com"
157.55.39.127 - - [27/Oct/2022:08:58:27 -0700] "GET /wigner/neum/vnc08.jpg HTTP/1.1" 200 107974 "-" "Mozilla/5.0 AppleWebKit/537.36 (KHTML, like Gecko; compatible; bingbot/2.0; +http://www.bing.com/bingbot.htm) Chrome/103.0.5060.134 Safari/537.36" "www.ysfine.com"
157.55.39.14 - - [27/Oct/2022:08:58:47 -0700] "GET /world/france/nicef08.jpg HTTP/1.1" 200 93349 "-" "Mozilla/5.0 AppleWebKit/537.36 (KHTML, like Gecko; compatible; bingbot/2.0; +http://www.bing.com/bingbot.htm) Chrome/103.0.5060.134 Safari/537.36" "www.ysfine.com"
51.222.253.7 - - [27/Oct/2022:08:59:41 -0700] "GET /class54/class5470/total_data/sub_625.htm HTTP/1.1" 200 3206 "-" "Mozilla/5.0 (compatible; AhrefsBot/7.0; +http://ahrefs.com/robot/)" "www.ysfine.com"
157.55.39.127 - - [27/Oct/2022:08:59:57 -0700] "GET /wdc/jeffm08.jpg HTTP/1.1" 200 82292 "-" "Mozilla/5.0 AppleWebKit/537.36 (KHTML, like Gecko; compatible; bingbot/2.0; +http://www.bing.com/bingbot.htm) Chrome/103.0.5060.134 Safari/537.36" "ysfine.com"
207.46.13.104 - - [27/Oct/2022:09:00:46 -0700] "GET /people/redgreen2.jpg HTTP/1.1" 200 54064 "-" "Mozilla/5.0 (compatible; bingbot/2.0; +http://www.bing.com/bingbot.htm)" "ysfine.com"
51.222.253.7 - - [27/Oct/2022:09:01:29 -0700] "GET /class54/class5470/total_data/sub_624.htm HTTP/1.1" 200 3215 "-" "Mozilla/5.0 (compatible; AhrefsBot/7.0; +http://ahrefs.com/robot/)" "www.ysfine.com"
40.77.167.71 - - [27/Oct/2022:09:01:46 -0700] "GET /bio/maga/twobytwo.html HTTP/1.1" 404 88 "-" "Mozilla/5.0 AppleWebKit/537.36 (KHTML, like Gecko; compatible; bingbot/2.0; +http://www.bing.com/bingbot.htm) Chrome/103.0.5060.134 Safari/537.36" "ysfine.com"
