182.232.164.234 - - [19/Oct/2022:06:42:30 -0700] "GET /maga/phil/marxlon01b.jpg HTTP/1.1" 200 55777 "https://ysfine.com/" "Mozilla/5.0 (iPhone; CPU iPhone OS 16_0 like Mac OS X) AppleWebKit/605.1.15 (KHTML, like Gecko) Version/16.0 Mobile/15E148 Safari/604.1" "ysfine.com"
182.232.164.234 - - [19/Oct/2022:06:42:30 -0700] "GET /maga/invent/fordlogo2.jpg HTTP/1.1" 200 33827 "https://ysfine.com/" "Mozilla/5.0 (iPhone; CPU iPhone OS 16_0 like Mac OS X) AppleWebKit/605.1.15 (KHTML, like Gecko) Version/16.0 Mobile/15E148 Safari/604.1" "ysfine.com"
182.232.164.234 - - [19/Oct/2022:06:42:30 -0700] "GET /maga/edison.html HTTP/1.1" 200 4787 "-" "Mozilla/5.0 (iPhone; CPU iPhone OS 16_0 like Mac OS X) AppleWebKit/605.1.15 (KHTML, like Gecko) Version/16.0 Mobile/15E148 Safari/604.1" "ysfine.com"
182.232.164.234 - - [19/Oct/2022:06:42:31 -0700] "GET /apple-touch-icon-120x120-precomposed.png HTTP/1.1" 404 88 "-" "MobileSafari/8614.1.25.0.30 CFNetwork/1390 Darwin/22.0.0" "ysfine.com"
182.232.164.234 - - [19/Oct/2022:06:42:31 -0700] "GET /apple-touch-icon-120x120.png HTTP/1.1" 404 88 "-" "MobileSafari/8614.1.25.0.30 CFNetwork/1390 Darwin/22.0.0" "ysfine.com"
182.232.164.234 - - [19/Oct/2022:06:42:32 -0700] "GET /apple-touch-icon-precomposed.png HTTP/1.1" 404 88 "-" "MobileSafari/8614.1.25.0.30 CFNetwork/1390 Darwin/22.0.0" "ysfine.com"
182.232.164.234 - - [19/Oct/2022:06:42:32 -0700] "GET /apple-touch-icon.png HTTP/1.1" 404 88 "-" "MobileSafari/8614.1.25.0.30 CFNetwork/1390 Darwin/22.0.0" "ysfine.com"
182.232.164.234 - - [19/Oct/2022:06:42:32 -0700] "GET /favicon.ico HTTP/1.1" 404 88 "-" "MobileSafari/8614.1.25.0.30 CFNetwork/1390 Darwin/22.0.0" "ysfine.com"
182.232.164.234 - - [19/Oct/2022:06:42:33 -0700] "GET /apple-touch-icon-120x120-precomposed.png HTTP/1.1" 404 88 "-" "MobileSafari/8614.1.25.0.30 CFNetwork/1390 Darwin/22.0.0" "ysfine.com"
182.232.164.234 - - [19/Oct/2022:06:42:33 -0700] "GET /apple-touch-icon-120x120.png HTTP/1.1" 404 88 "-" "MobileSafari/8614.1.25.0.30 CFNetwork/1390 Darwin/22.0.0" "ysfine.com"
182.232.164.234 - - [19/Oct/2022:06:42:33 -0700] "GET /apple-touch-icon-precomposed.png HTTP/1.1" 404 88 "-" "MobileSafari/8614.1.25.0.30 CFNetwork/1390 Darwin/22.0.0" "ysfine.com"
182.232.164.234 - - [19/Oct/2022:06:42:33 -0700] "GET /apple-touch-icon.png HTTP/1.1" 404 88 "-" "MobileSafari/8614.1.25.0.30 CFNetwork/1390 Darwin/22.0.0" "ysfine.com"
182.232.164.234 - - [19/Oct/2022:06:42:34 -0700] "GET /favicon.ico HTTP/1.1" 404 88 "-" "MobileSafari/8614.1.25.0.30 CFNetwork/1390 Darwin/22.0.0" "ysfine.com"
212.219.235.184 - - [19/Oct/2022:06:43:24 -0700] "GET /maga/phil/marxlon01.jpg HTTP/1.1" 200 263404 "https://www.google.com/" "Mozilla/5.0 (X11; CrOS x86_64 14989.107.0) AppleWebKit/537.36 (KHTML, like Gecko) Chrome/105.0.0.0 Safari/537.36" "ysfine.com"
157.55.39.127 - - [19/Oct/2022:06:43:27 -0700] "GET /sbk/2006aa11.jpg HTTP/1.1" 200 86354 "-" "Mozilla/5.0 AppleWebKit/537.36 (KHTML, like Gecko; compatible; bingbot/2.0; +http://www.bing.com/bingbot.htm) Chrome/103.0.5060.134 Safari/537.36" "ysfine.com"
54.236.1.11 - - [19/Oct/2022:06:43:42 -0700] "GET /robots.txt HTTP/1.1" 404 88 "-" "Mozilla/5.0 (compatible; Pinterestbot/1.0; +http://www.pinterest.com/bot.html)" "ysfine.com"
54.236.1.11 - - [19/Oct/2022:06:43:42 -0700] "GET / HTTP/1.1" 200 5283 "-" "Mozilla/5.0 (compatible; Pinterestbot/1.0; +http://www.pinterest.com/bot.html)" "ysfine.com"
54.236.1.13 - - [19/Oct/2022:06:43:42 -0700] "GET /world/france/louvre22.jpg HTTP/1.1" 200 90347 "-" "Mozilla/5.0 (compatible; Pinterestbot/1.0; +http://www.pinterest.com/bot.html)" "ysfine.com"
86.189.237.175 - - [19/Oct/2022:06:43:44 -0700] "GET /world/brit/harrow01.jpg HTTP/1.1" 200 116031 "https://www.google.com/" "Mozilla/5.0 (Macintosh; Intel Mac OS X 10_14_6) AppleWebKit/605.1.15 (KHTML, like Gecko) Version/14.1.2 Safari/605.1.15" "ysfine.com"
157.55.39.55 - - [19/Oct/2022:06:44:12 -0700] "GET /world/germany/trier26.jpg HTTP/1.1" 200 293376 "-" "Mozilla/5.0 (compatible; bingbot/2.0; +http://www.bing.com/bingbot.htm)" "www.ysfine.com"
157.55.39.58 - - [19/Oct/2022:06:44:25 -0700] "GET /world/brit/oxlon10.jpg HTTP/1.1" 200 100881 "-" "Mozilla/5.0 AppleWebKit/537.36 (KHTML, like Gecko; compatible; bingbot/2.0; +http://www.bing.com/bingbot.htm) Chrome/103.0.5060.134 Safari/537.36" "ysfine.com"
188.153.134.156 - - [19/Oct/2022:06:44:37 -0700] "GET /dirac/wigsis.html HTTP/1.1" 200 10275 "https://www.google.com/" "Mozilla/5.0 (Windows NT 6.1; Win64; x64) AppleWebKit/537.36 (KHTML, like Gecko) Chrome/106.0.5249.103 Safari/537.36" "ysfine.com"
188.153.134.156 - - [19/Oct/2022:06:44:37 -0700] "GET /dirac/dirac63b.jpg HTTP/1.1" 200 41617 "https://ysfine.com/dirac/wigsis.html" "Mozilla/5.0 (Windows NT 6.1; Win64; x64) AppleWebKit/537.36 (KHTML, like Gecko) Chrome/106.0.5249.103 Safari/537.36" "ysfine.com"
188.153.134.156 - - [19/Oct/2022:06:44:37 -0700] "GET /dirac/wigsis22.jpg HTTP/1.1" 200 39975 "https://ysfine.com/dirac/wigsis.html" "Mozilla/5.0 (Windows NT 6.1; Win64; x64) AppleWebKit/537.36 (KHTML, like Gecko) Chrome/106.0.5249.103 Safari/537.36" "ysfine.com"
188.153.134.156 - - [19/Oct/2022:06:44:37 -0700] "GET /dirac/michaels22.jpg HTTP/1.1" 200 47473 "https://ysfine.com/dirac/wigsis.html" "Mozilla/5.0 (Windows NT 6.1; Win64; x64) AppleWebKit/537.36 (KHTML, like Gecko) Chrome/106.0.5249.103 Safari/537.36" "ysfine.com"
188.153.134.156 - - [19/Oct/2022:06:44:37 -0700] "GET /dirac/hazi22.jpg HTTP/1.1" 200 37344 "https://ysfine.com/dirac/wigsis.html" "Mozilla/5.0 (Windows NT 6.1; Win64; x64) AppleWebKit/537.36 (KHTML, like Gecko) Chrome/106.0.5249.103 Safari/537.36" "ysfine.com"
188.153.134.156 - - [19/Oct/2022:06:44:37 -0700] "GET /dirac/dirwig33b.jpg HTTP/1.1" 200 11663 "https://ysfine.com/dirac/wigsis.html" "Mozilla/5.0 (Windows NT 6.1; Win64; x64) AppleWebKit/537.36 (KHTML, like Gecko) Chrome/106.0.5249.103 Safari/537.36" "ysfine.com"
188.153.134.156 - - [19/Oct/2022:06:44:37 -0700] "GET /princeton/annex11b.jpg HTTP/1.1" 200 39639 "https://ysfine.com/dirac/wigsis.html" "Mozilla/5.0 (Windows NT 6.1; Win64; x64) AppleWebKit/537.36 (KHTML, like Gecko) Chrome/106.0.5249.103 Safari/537.36" "ysfine.com"
188.153.134.156 - - [19/Oct/2022:06:44:37 -0700] "GET /world/poland/jablo01b.jpg HTTP/1.1" 200 39801 "https://ysfine.com/dirac/wigsis.html" "Mozilla/5.0 (Windows NT 6.1; Win64; x64) AppleWebKit/537.36 (KHTML, like Gecko) Chrome/106.0.5249.103 Safari/537.36" "ysfine.com"
188.153.134.156 - - [19/Oct/2022:06:44:37 -0700] "GET /dirac/dirac84b.jpg HTTP/1.1" 200 42763 "https://ysfine.com/dirac/wigsis.html" "Mozilla/5.0 (Windows NT 6.1; Win64; x64) AppleWebKit/537.36 (KHTML, like Gecko) Chrome/106.0.5249.103 Safari/537.36" "ysfine.com"
188.153.134.156 - - [19/Oct/2022:06:44:37 -0700] "GET /world/poland/jablo08b.jpg HTTP/1.1" 200 42070 "https://ysfine.com/dirac/wigsis.html" "Mozilla/5.0 (Windows NT 6.1; Win64; x64) AppleWebKit/537.36 (KHTML, like Gecko) Chrome/106.0.5249.103 Safari/537.36" "ysfine.com"
188.153.134.156 - - [19/Oct/2022:06:44:37 -0700] "GET /dirac/dirackn33b.jpg HTTP/1.1" 200 48200 "https://ysfine.com/dirac/wigsis.html" "Mozilla/5.0 (Windows NT 6.1; Win64; x64) AppleWebKit/537.36 (KHTML, like Gecko) Chrome/106.0.5249.103 Safari/537.36" "ysfine.com"
188.153.134.156 - - [19/Oct/2022:06:44:37 -0700] "GET /dirac/dirackim6201.jpg HTTP/1.1" 200 51283 "https://ysfine.com/dirac/wigsis.html" "Mozilla/5.0 (Windows NT 6.1; Win64; x64) AppleWebKit/537.36 (KHTML, like Gecko) Chrome/106.0.5249.103 Safari/537.36" "ysfine.com"
188.153.134.156 - - [19/Oct/2022:06:44:37 -0700] "GET /dirac/hyperell2.jpg HTTP/1.1" 200 29858 "https://ysfine.com/dirac/wigsis.html" "Mozilla/5.0 (Windows NT 6.1; Win64; x64) AppleWebKit/537.36 (KHTML, like Gecko) Chrome/106.0.5249.103 Safari/537.36" "ysfine.com"
188.153.134.156 - - [19/Oct/2022:06:44:37 -0700] "GET /world/poland/jablo19b.jpg HTTP/1.1" 200 49913 "https://ysfine.com/dirac/wigsis.html" "Mozilla/5.0 (Windows NT 6.1; Win64; x64) AppleWebKit/537.36 (KHTML, like Gecko) Chrome/106.0.5249.103 Safari/537.36" "ysfine.com"
188.153.134.156 - - [19/Oct/2022:06:44:37 -0700] "GET /dirac/dirackim6202.jpg HTTP/1.1" 200 51465 "https://ysfine.com/dirac/wigsis.html" "Mozilla/5.0 (Windows NT 6.1; Win64; x64) AppleWebKit/537.36 (KHTML, like Gecko) Chrome/106.0.5249.103 Safari/537.36" "ysfine.com"
188.153.134.156 - - [19/Oct/2022:06:44:37 -0700] "GET /feynman/feydirac270.jpg HTTP/1.1" 200 59000 "https://ysfine.com/dirac/wigsis.html" "Mozilla/5.0 (Windows NT 6.1; Win64; x64) AppleWebKit/537.36 (KHTML, like Gecko) Chrome/106.0.5249.103 Safari/537.36" "ysfine.com"
188.153.134.156 - - [19/Oct/2022:06:44:37 -0700] "GET /dirac/jablo62b.jpg HTTP/1.1" 200 42817 "https://ysfine.com/dirac/wigsis.html" "Mozilla/5.0 (Windows NT 6.1; Win64; x64) AppleWebKit/537.36 (KHTML, like Gecko) Chrome/106.0.5249.103 Safari/537.36" "ysfine.com"
188.153.134.156 - - [19/Oct/2022:06:44:37 -0700] "GET /kobak/nicodem11b.jpg HTTP/1.1" 200 79065 "https://ysfine.com/dirac/wigsis.html" "Mozilla/5.0 (Windows NT 6.1; Win64; x64) AppleWebKit/537.36 (KHTML, like Gecko) Chrome/106.0.5249.103 Safari/537.36" "ysfine.com"
188.153.134.156 - - [19/Oct/2022:06:44:37 -0700] "GET /eink/eink61c.jpg HTTP/1.1" 200 34119 "https://ysfine.com/dirac/wigsis.html" "Mozilla/5.0 (Windows NT 6.1; Win64; x64) AppleWebKit/537.36 (KHTML, like Gecko) Chrome/106.0.5249.103 Safari/537.36" "ysfine.com"
188.153.134.156 - - [19/Oct/2022:06:44:37 -0700] "GET /world/poland/jablo20b.jpg HTTP/1.1" 200 41339 "https://ysfine.com/dirac/wigsis.html" "Mozilla/5.0 (Windows NT 6.1; Win64; x64) AppleWebKit/537.36 (KHTML, like Gecko) Chrome/106.0.5249.103 Safari/537.36" "ysfine.com"
188.153.134.156 - - [19/Oct/2022:06:44:41 -0700] "GET /favicon.ico HTTP/1.1" 404 88 "https://ysfine.com/dirac/wigsis.html" "Mozilla/5.0 (Windows NT 6.1; Win64; x64) AppleWebKit/537.36 (KHTML, like Gecko) Chrome/106.0.5249.103 Safari/537.36" "ysfine.com"
157.55.39.54 - - [19/Oct/2022:06:44:58 -0700] "GET /wdc/gtown18.jpg HTTP/1.1" 200 172500 "-" "Mozilla/5.0 (compatible; bingbot/2.0; +http://www.bing.com/bingbot.htm)" "www.ysfine.com"
142.132.181.104 - - [19/Oct/2022:06:45:04 -0700] "GET /world/baltic/kalin30.jpg HTTP/1.1" 200 94863 "-" "Mozilla/5.0 (X11; Fedora; Linux x86_64) AppleWebKit/537.36 (KHTML, like Gecko) Chrome/79.0.3945.117 Safari/537.36" "ysfine.com"
157.55.39.54 - - [19/Oct/2022:06:45:17 -0700] "GET /world/ital/venice19b.jpg HTTP/1.1" 200 23766 "-" "Mozilla/5.0 AppleWebKit/537.36 (KHTML, like Gecko; compatible; bingbot/2.0; +http://www.bing.com/bingbot.htm) Chrome/103.0.5060.134 Safari/537.36" "ysfine.com"
173.73.77.36 - - [19/Oct/2022:06:45:56 -0700] "GET /ysbio/bio04.html HTTP/1.1" 304 - "-" "Mozilla/5.0 (Windows NT 10.0; Win64; x64; rv:105.0) Gecko/20100101 Firefox/105.0" "ysfine.com"
173.73.77.36 - - [19/Oct/2022:06:45:56 -0700] "GET /ysbio/bek22a.jpg HTTP/1.1" 404 88 "https://ysfine.com/ysbio/bio04.html" "Mozilla/5.0 (Windows NT 10.0; Win64; x64; rv:105.0) Gecko/20100101 Firefox/105.0" "ysfine.com"
167.235.14.85 - - [19/Oct/2022:06:46:02 -0700] "GET /world/russ/protvi01b.jpg HTTP/1.1" 200 42265 "https://www.google.com/" "Mozilla/5.0 (X11; Linux x86_64) AppleWebKit/537.36 (KHTML, like Gecko) HeadlessChrome/104.0.5112.101 Safari/537.36" "ysfine.com"
167.235.14.85 - - [19/Oct/2022:06:46:02 -0700] "GET /world/russ/mosf16b.jpg HTTP/1.1" 200 42050 "https://www.google.com/" "Mozilla/5.0 (X11; Linux x86_64) AppleWebKit/537.36 (KHTML, like Gecko) HeadlessChrome/104.0.5112.101 Safari/537.36" "ysfine.com"
157.55.39.127 - - [19/Oct/2022:06:46:07 -0700] "GET /newyork/trump57b.jpg HTTP/1.1" 200 50927 "-" "Mozilla/5.0 (compatible; bingbot/2.0; +http://www.bing.com/bingbot.htm)" "ysfine.com"
157.55.39.128 - - [19/Oct/2022:06:46:10 -0700] "GET /world/russ/gum11.jpg HTTP/1.1" 200 117922 "-" "Mozilla/5.0 AppleWebKit/537.36 (KHTML, like Gecko; compatible; bingbot/2.0; +http://www.bing.com/bingbot.htm) Chrome/103.0.5060.134 Safari/537.36" "ysfine.com"
173.73.77.36 - - [19/Oct/2022:06:46:19 -0700] "GET /ysbio/bek22.jpg HTTP/1.1" 200 118574 "https://ysfine.com/ysbio/bio04.html" "Mozilla/5.0 (Windows NT 10.0; Win64; x64; rv:105.0) Gecko/20100101 Firefox/105.0" "ysfine.com"
157.55.39.58 - - [19/Oct/2022:06:46:26 -0700] "GET /newyork/colum23.jpg HTTP/1.1" 200 82657 "-" "Mozilla/5.0 AppleWebKit/537.36 (KHTML, like Gecko; compatible; bingbot/2.0; +http://www.bing.com/bingbot.htm) Chrome/103.0.5060.134 Safari/537.36" "www.ysfine.com"
157.55.39.55 - - [19/Oct/2022:06:46:32 -0700] "GET /world/china/shanghai053.jpg HTTP/1.1" 200 97058 "-" "Mozilla/5.0 AppleWebKit/537.36 (KHTML, like Gecko; compatible; bingbot/2.0; +http://www.bing.com/bingbot.htm) Chrome/103.0.5060.134 Safari/537.36" "ysfine.com"
173.73.77.36 - - [19/Oct/2022:06:47:18 -0700] "GET /ysbio/bio04.html HTTP/1.1" 304 - "-" "Mozilla/5.0 (Windows NT 10.0; Win64; x64; rv:105.0) Gecko/20100101 Firefox/105.0" "ysfine.com"
173.73.77.36 - - [19/Oct/2022:06:47:19 -0700] "GET /ysbio/bek22a.jpg HTTP/1.1" 200 50408 "https://ysfine.com/ysbio/bio04.html" "Mozilla/5.0 (Windows NT 10.0; Win64; x64; rv:105.0) Gecko/20100101 Firefox/105.0" "ysfine.com"
154.22.132.25 - - [19/Oct/2022:06:48:30 -0700] "GET /princeton/undorm02.jpg HTTP/1.1" 200 192454 "-" "Mozilla/5.0 (Windows NT 6.3; WOW64) AppleWebKit/537.36 (KHTML, like Gecko) Chrome/38.0.2125.111 Safari/537.36" "www.ysfine.com"
173.73.77.36 - - [19/Oct/2022:06:49:38 -0700] "GET /wisdom/korart03b.jpg HTTP/1.1" 200 70101 "-" "Mozilla/5.0 (Windows NT 10.0; Win64; x64; rv:105.0) Gecko/20100101 Firefox/105.0" "ysfine.com"
157.55.39.54 - - [19/Oct/2022:06:49:38 -0700] "GET /feynman/feyjad33.jpg HTTP/1.1" 200 62305 "-" "Mozilla/5.0 AppleWebKit/537.36 (KHTML, like Gecko; compatible; bingbot/2.0; +http://www.bing.com/bingbot.htm) Chrome/103.0.5060.134 Safari/537.36" "ysfine.com"
109.43.177.31 - - [19/Oct/2022:06:49:53 -0700] "GET /wigner/wiglittle.pdf HTTP/1.1" 206 2266080 "-" "Mozilla/5.0 (Android 9; Mobile; rv:105.0) Gecko/105.0 Firefox/105.0" "www.ysfine.com"
157.55.39.58 - - [19/Oct/2022:06:49:56 -0700] "GET /dirac/nicodem11b.jpg HTTP/1.1" 200 79065 "-" "Mozilla/5.0 AppleWebKit/537.36 (KHTML, like Gecko; compatible; bingbot/2.0; +http://www.bing.com/bingbot.htm) Chrome/103.0.5060.134 Safari/537.36" "www.ysfine.com"
211.36.159.46 - - [19/Oct/2022:06:50:18 -0700] "GET /kowar/panmun04.jpg HTTP/1.1" 200 126386 "https://www.google.com/" "Mozilla/5.0 (iPhone; CPU iPhone OS 16_0 like Mac OS X) AppleWebKit/605.1.15 (KHTML, like Gecko) CriOS/106.0.5249.92 Mobile/15E148 Safari/604.1" "ysfine.com"
194.117.40.204 - - [19/Oct/2022:06:51:14 -0700] "GET /maga/phys/naimar/pewk09.jpg HTTP/1.1" 200 54557 "https://www.google.com/" "Mozilla/5.0 (Macintosh; Intel Mac OS X 10_15_7) AppleWebKit/537.36 (KHTML, like Gecko) Chrome/106.0.0.0 Safari/537.36" "ysfine.com"
157.55.39.58 - - [19/Oct/2022:06:51:25 -0700] "GET /kowar/tanks/tank02b.jpg HTTP/1.1" 200 30002 "-" "Mozilla/5.0 (compatible; bingbot/2.0; +http://www.bing.com/bingbot.htm)" "www.ysfine.com"
69.194.143.140 - - [19/Oct/2022:06:51:49 -0700] "GET /ads.txt HTTP/1.1" 404 88 "-" "Mozilla/5.0 (Macintosh; Intel Mac OS X 10_15_1) AppleWebKit/537.36 (KHTML, like Gecko) Chrome/84.0.4103.61 Safari/537.37" "ysfine.com"
69.194.143.140 - - [19/Oct/2022:06:51:50 -0700] "GET /ads.txt HTTP/1.1" 404 88 "-" "Mozilla/5.0 (Macintosh; Intel Mac OS X 10_15_1) AppleWebKit/537.36 (KHTML, like Gecko) Chrome/84.0.4103.61 Safari/537.37" "ysfine.com"
40.77.167.27 - - [19/Oct/2022:06:51:52 -0700] "GET /world/russ/minsk016.jpg HTTP/1.1" 200 84472 "-" "Mozilla/5.0 AppleWebKit/537.36 (KHTML, like Gecko; compatible; bingbot/2.0; +http://www.bing.com/bingbot.htm) Chrome/103.0.5060.134 Safari/537.36" "ysfine.com"
173.73.77.36 - - [19/Oct/2022:06:52:36 -0700] "GET /ysbio/bio04.html HTTP/1.1" 200 10241 "https://ysfine.com/ys11/" "Mozilla/5.0 (Windows NT 10.0; Win64; x64; rv:105.0) Gecko/20100101 Firefox/105.0" "ysfine.com"
173.73.77.36 - - [19/Oct/2022:06:52:36 -0700] "GET /ysbio/ys54d.jpg HTTP/1.1" 200 39561 "https://ysfine.com/ysbio/bio04.html" "Mozilla/5.0 (Windows NT 10.0; Win64; x64; rv:105.0) Gecko/20100101 Firefox/105.0" "ysfine.com"
146.201.103.10 - - [19/Oct/2022:06:52:49 -0700] "GET /dirac/dirac63.jpg HTTP/1.1" 200 83306 "https://www.google.com/" "Mozilla/5.0 (Windows NT 10.0; Win64; x64; rv:105.0) Gecko/20100101 Firefox/105.0" "ysfine.com"
62.28.23.232 - - [19/Oct/2022:06:52:52 -0700] "GET /wigner/neum/vnc01.jpg HTTP/1.1" 200 133641 "https://sites.google.com/" "Mozilla/5.0 (Linux; Android 11; Lenovo TB-J706F) AppleWebKit/537.36 (KHTML, like Gecko) Chrome/106.0.0.0 Safari/537.36" "ysfine.com"
40.77.167.27 - - [19/Oct/2022:06:53:42 -0700] "GET /princeton/goheen11b.jpg HTTP/1.1" 200 41282 "-" "Mozilla/5.0 (compatible; bingbot/2.0; +http://www.bing.com/bingbot.htm)" "ysfine.com"
51.222.253.15 - - [19/Oct/2022:06:53:44 -0700] "GET /maga/desiree.html HTTP/1.1" 200 2747 "-" "Mozilla/5.0 (compatible; AhrefsBot/7.0; +http://ahrefs.com/robot/)" "ysfine.com"
157.55.39.55 - - [19/Oct/2022:06:53:46 -0700] "GET /bio/style/ystyle.html HTTP/1.1" 404 88 "-" "Mozilla/5.0 AppleWebKit/537.36 (KHTML, like Gecko; compatible; bingbot/2.0; +http://www.bing.com/bingbot.htm) Chrome/103.0.5060.134 Safari/537.36" "ysfine.com"
124.106.142.88 - - [19/Oct/2022:06:54:19 -0700] "GET /princeton/nasshall01.jpg HTTP/1.1" 200 169242 "https://www.google.com/" "Mozilla/5.0 (Windows NT 10.0; Win64; x64) AppleWebKit/537.36 (KHTML, like Gecko) Chrome/106.0.0.0 Safari/537.36" "ysfine.com"
187.19.253.165 - - [19/Oct/2022:06:54:41 -0700] "GET /wigner/neum/vnc01.jpg HTTP/1.1" 200 133641 "https://sites.google.com/" "Mozilla/5.0 (Windows NT 10.0; Win64; x64) AppleWebKit/537.36 (KHTML, like Gecko) Chrome/106.0.0.0 Safari/537.36" "ysfine.com"
40.77.167.27 - - [19/Oct/2022:06:55:03 -0700] "GET /einstein/evol22.jpg HTTP/1.1" 200 59140 "-" "Mozilla/5.0 AppleWebKit/537.36 (KHTML, like Gecko; compatible; bingbot/2.0; +http://www.bing.com/bingbot.htm) Chrome/103.0.5060.134 Safari/537.36" "ysfine.com"
157.55.39.127 - - [19/Oct/2022:06:56:07 -0700] "GET /people/bianca.jpg HTTP/1.1" 200 92204 "-" "Mozilla/5.0 (compatible; bingbot/2.0; +http://www.bing.com/bingbot.htm)" "ysfine.com"
157.55.39.58 - - [19/Oct/2022:06:56:26 -0700] "GET /world/germany/oktf12.jpg HTTP/1.1" 200 126223 "-" "Mozilla/5.0 (compatible; bingbot/2.0; +http://www.bing.com/bingbot.htm)" "www.ysfine.com"
134.6.102.70 - - [19/Oct/2022:06:56:26 -0700] "GET /kowar/tanks/tank03.jpg HTTP/1.1" 200 106726 "https://www.google.com/" "Mozilla/5.0 (Windows NT 10.0; Win64; x64) AppleWebKit/537.36 (KHTML, like Gecko) Chrome/106.0.0.0 Safari/537.36" "ysfine.com"
74.216.251.77 - - [19/Oct/2022:06:56:30 -0700] "GET /wigner/wiglittle.pdf HTTP/1.1" 200 2659296 "https://www.google.co.kr/" "Mozilla/5.0 (Macintosh; Intel Mac OS X 10_15_6) AppleWebKit/605.1.15 (KHTML, like Gecko) Version/15.6.1 Safari/605.1.15" "ysfine.com"
40.77.167.27 - - [19/Oct/2022:06:56:52 -0700] "GET /world/france/metz41.jpg HTTP/1.1" 200 109744 "-" "Mozilla/5.0 AppleWebKit/537.36 (KHTML, like Gecko; compatible; bingbot/2.0; +http://www.bing.com/bingbot.htm) Chrome/103.0.5060.134 Safari/537.36" "ysfine.com"
74.197.250.226 - - [19/Oct/2022:06:57:37 -0700] "GET /kobak/repose33.jpg HTTP/1.1" 200 66664 "https://www.bing.com/" "Mozilla/5.0 (Windows NT 10.0; Win64; x64) AppleWebKit/537.36 (KHTML, like Gecko) Chrome/106.0.0.0 Safari/537.36 Edg/106.0.1370.47" "ysfine.com"
168.194.78.237 - - [19/Oct/2022:06:57:55 -0700] "GET /wigner/neum/vnc01.jpg HTTP/1.1" 200 133641 "https://sites.google.com/" "Mozilla/5.0 (Windows NT 10.0; Win64; x64) AppleWebKit/537.36 (KHTML, like Gecko) Chrome/106.0.0.0 Safari/537.36" "ysfine.com"
74.197.250.226 - - [19/Oct/2022:06:58:00 -0700] "GET /kobak/repose77.jpg HTTP/1.1" 200 86845 "https://www.bing.com/" "Mozilla/5.0 (Windows NT 10.0; Win64; x64) AppleWebKit/537.36 (KHTML, like Gecko) Chrome/106.0.0.0 Safari/537.36 Edg/106.0.1370.47" "ysfine.com"
40.77.167.27 - - [19/Oct/2022:06:58:23 -0700] "GET /world/ital/itstu01.jpg HTTP/1.1" 200 70806 "-" "Mozilla/5.0 AppleWebKit/537.36 (KHTML, like Gecko; compatible; bingbot/2.0; +http://www.bing.com/bingbot.htm) Chrome/103.0.5060.134 Safari/537.36" "ysfine.com"
157.55.39.54 - - [19/Oct/2022:06:58:29 -0700] "GET /bio/einstein/bern.html HTTP/1.1" 404 88 "-" "Mozilla/5.0 AppleWebKit/537.36 (KHTML, like Gecko; compatible; bingbot/2.0; +http://www.bing.com/bingbot.htm) Chrome/103.0.5060.134 Safari/537.36" "ysfine.com"
40.77.167.27 - - [19/Oct/2022:06:59:03 -0700] "GET /feynman/feynrigh.html HTTP/1.1" 200 2183 "-" "Mozilla/5.0 (compatible; bingbot/2.0; +http://www.bing.com/bingbot.htm)" "www.ysfine.com"
157.55.39.55 - - [19/Oct/2022:06:59:14 -0700] "GET /style/kievopera77.jpg HTTP/1.1" 200 78160 "-" "Mozilla/5.0 AppleWebKit/537.36 (KHTML, like Gecko; compatible; bingbot/2.0; +http://www.bing.com/bingbot.htm) Chrome/103.0.5060.134 Safari/537.36" "ysfine.com"
40.77.167.27 - - [19/Oct/2022:06:59:32 -0700] "GET /style/musee/britmu12.jpg HTTP/1.1" 200 59456 "-" "Mozilla/5.0 (compatible; bingbot/2.0; +http://www.bing.com/bingbot.htm)" "ysfine.com"
77.75.79.31 - - [19/Oct/2022:06:59:40 -0700] "GET /beau/amkor/kostu06.jpg HTTP/1.1" 404 88 "-" "Mozilla/5.0 (compatible; SeznamBot/4.0-RC1; +http://napoveda.seznam.cz/seznambot-intro/)" "ysfine.com"
116.179.32.164 - - [19/Oct/2022:07:00:08 -0700] "GET /maga/weyl.html HTTP/1.1" 304 - "-" "Mozilla/5.0 (compatible; Baiduspider/2.0; +http://www.baidu.com/search/spider.html)" "www.ysfine.com"
157.55.39.54 - - [19/Oct/2022:07:01:59 -0700] "GET /dirac/dirheisen31c.jpg HTTP/1.1" 200 43569 "-" "Mozilla/5.0 AppleWebKit/537.36 (KHTML, like Gecko; compatible; bingbot/2.0; +http://www.bing.com/bingbot.htm) Chrome/103.0.5060.134 Safari/537.36" "www.ysfine.com"
157.55.39.128 - - [19/Oct/2022:07:02:38 -0700] "GET /kobak/swr51b.jpg HTTP/1.1" 200 31277 "-" "Mozilla/5.0 AppleWebKit/537.36 (KHTML, like Gecko; compatible; bingbot/2.0; +http://www.bing.com/bingbot.htm) Chrome/103.0.5060.134 Safari/537.36" "www.ysfine.com"
157.55.39.55 - - [19/Oct/2022:07:03:06 -0700] "GET /world/russ/kazan008.jpg HTTP/1.1" 200 66489 "-" "Mozilla/5.0 (compatible; bingbot/2.0; +http://www.bing.com/bingbot.htm)" "www.ysfine.com"
157.55.39.54 - - [19/Oct/2022:07:03:09 -0700] "GET /einstein/pdugard17a.jpg HTTP/1.1" 200 92931 "-" "Mozilla/5.0 AppleWebKit/537.36 (KHTML, like Gecko; compatible; bingbot/2.0; +http://www.bing.com/bingbot.htm) Chrome/103.0.5060.134 Safari/537.36" "ysfine.com"
157.55.39.54 - - [19/Oct/2022:07:03:10 -0700] "GET /dirac/sq66b.jpg HTTP/1.1" 200 22242 "-" "Mozilla/5.0 AppleWebKit/537.36 (KHTML, like Gecko; compatible; bingbot/2.0; +http://www.bing.com/bingbot.htm) Chrome/103.0.5060.134 Safari/537.36" "www.ysfine.com"
174.207.169.62 - - [19/Oct/2022:07:03:12 -0700] "GET /princeton/alexan22.jpg HTTP/1.1" 200 175436 "https://www.google.com/" "Mozilla/5.0 (Linux; Android 11; IN2017) AppleWebKit/537.36 (KHTML, like Gecko) Chrome/106.0.0.0 Mobile Safari/537.36" "ysfine.com"
157.55.39.55 - - [19/Oct/2022:07:03:15 -0700] "GET /wdc/lincoln05.jpg HTTP/1.1" 200 125799 "-" "Mozilla/5.0 AppleWebKit/537.36 (KHTML, like Gecko; compatible; bingbot/2.0; +http://www.bing.com/bingbot.htm) Chrome/103.0.5060.134 Safari/537.36" "ysfine.com"
168.194.78.237 - - [19/Oct/2022:07:03:21 -0700] "GET /wigner/neum/vnc01.jpg HTTP/1.1" 200 133641 "https://sites.google.com/" "Mozilla/5.0 (X11; CrOS x86_64 14816.131.0) AppleWebKit/537.36 (KHTML, like Gecko) Chrome/103.0.0.0 Safari/537.36" "ysfine.com"
157.55.39.127 - - [19/Oct/2022:07:03:38 -0700] "GET /world/china/hongkong75.jpg HTTP/1.1" 200 95112 "-" "Mozilla/5.0 AppleWebKit/537.36 (KHTML, like Gecko; compatible; bingbot/2.0; +http://www.bing.com/bingbot.htm) Chrome/103.0.5060.134 Safari/537.36" "ysfine.com"
1.75.241.17 - - [19/Oct/2022:07:03:49 -0700] "GET /kowar/panmun04.jpg HTTP/1.1" 200 126386 "https://www.google.com/" "Mozilla/5.0 (iPhone; CPU iPhone OS 14_4 like Mac OS X) AppleWebKit/605.1.15 (KHTML, like Gecko) GSA/219.0.457350353 Mobile/18D52 Safari/604.1" "ysfine.com"
157.55.39.55 - - [19/Oct/2022:07:05:16 -0700] "GET /bio/world/trier.html HTTP/1.1" 404 88 "-" "Mozilla/5.0 AppleWebKit/537.36 (KHTML, like Gecko; compatible; bingbot/2.0; +http://www.bing.com/bingbot.htm) Chrome/103.0.5060.134 Safari/537.36" "ysfine.com"
185.191.171.5 - - [19/Oct/2022:07:05:21 -0700] "GET /robots.txt HTTP/1.1" 404 88 "-" "Mozilla/5.0 (compatible; SemrushBot/7~bl; +http://www.semrush.com/bot.html)" "ysfine.com"
185.191.171.9 - - [19/Oct/2022:07:05:21 -0700] "GET /ysbio/world/russ/minskwagon.html HTTP/1.1" 200 316 "-" "Mozilla/5.0 (compatible; SemrushBot/7~bl; +http://www.semrush.com/bot.html)" "ysfine.com"
168.194.78.237 - - [19/Oct/2022:07:05:33 -0700] "GET /wigner/neum/vnc01.jpg HTTP/1.1" 200 133641 "https://sites.google.com/" "Mozilla/5.0 (Windows NT 10.0; Win64; x64) AppleWebKit/537.36 (KHTML, like Gecko) Chrome/106.0.0.0 Safari/537.36" "ysfine.com"
40.77.167.27 - - [19/Oct/2022:07:06:04 -0700] "GET /bio/style/proschanie.html HTTP/1.1" 404 88 "-" "Mozilla/5.0 AppleWebKit/537.36 (KHTML, like Gecko; compatible; bingbot/2.0; +http://www.bing.com/bingbot.htm) Chrome/103.0.5060.134 Safari/537.36" "ysfine.com"
40.77.167.27 - - [19/Oct/2022:07:06:22 -0700] "GET /wdc/gtown08b.jpg HTTP/1.1" 200 55792 "-" "Mozilla/5.0 AppleWebKit/537.36 (KHTML, like Gecko; compatible; bingbot/2.0; +http://www.bing.com/bingbot.htm) Chrome/103.0.5060.134 Safari/537.36" "ysfine.com"
157.55.39.55 - - [19/Oct/2022:07:06:35 -0700] "GET /wigner/gim/gimn00.jpg HTTP/1.1" 200 115301 "-" "Mozilla/5.0 (compatible; bingbot/2.0; +http://www.bing.com/bingbot.htm)" "ysfine.com"
157.55.39.127 - - [19/Oct/2022:07:06:40 -0700] "GET /world/russ/kiev039.jpg HTTP/1.1" 200 105616 "-" "Mozilla/5.0 (compatible; bingbot/2.0; +http://www.bing.com/bingbot.htm)" "ysfine.com"
157.55.39.58 - - [19/Oct/2022:07:07:17 -0700] "GET /wdc/kopol01.jpg HTTP/1.1" 200 70290 "-" "Mozilla/5.0 AppleWebKit/537.36 (KHTML, like Gecko; compatible; bingbot/2.0; +http://www.bing.com/bingbot.htm) Chrome/103.0.5060.134 Safari/537.36" "www.ysfine.com"
77.75.77.119 - - [19/Oct/2022:07:08:14 -0700] "GET /philo/helena.html HTTP/1.1" 304 - "-" "Mozilla/5.0 (compatible; SeznamBot/4.0-RC1; +http://napoveda.seznam.cz/seznambot-intro/)" "ysfine.com"
157.55.39.58 - - [19/Oct/2022:07:09:07 -0700] "GET /style/musee/britmu22.jpg HTTP/1.1" 200 121340 "-" "Mozilla/5.0 (compatible; bingbot/2.0; +http://www.bing.com/bingbot.htm)" "www.ysfine.com"
168.194.78.237 - - [19/Oct/2022:07:09:10 -0700] "GET /wigner/neum/vnc01.jpg HTTP/1.1" 200 133641 "https://sites.google.com/" "Mozilla/5.0 (X11; CrOS x86_64 14816.131.0) AppleWebKit/537.36 (KHTML, like Gecko) Chrome/103.0.0.0 Safari/537.36" "ysfine.com"
157.55.39.127 - - [19/Oct/2022:07:09:29 -0700] "GET /world/poland/jablo15.jpg HTTP/1.1" 200 70254 "-" "Mozilla/5.0 AppleWebKit/537.36 (KHTML, like Gecko; compatible; bingbot/2.0; +http://www.bing.com/bingbot.htm) Chrome/103.0.5060.134 Safari/537.36" "ysfine.com"
46.46.202.230 - - [19/Oct/2022:07:09:30 -0700] "GET /kobak/dulles.jpg HTTP/1.1" 200 106551 "https://www.google.com/" "Mozilla/5.0 (Linux; Android 10; LYA-L29) AppleWebKit/537.36 (KHTML, like Gecko) Chrome/106.0.0.0 Mobile Safari/537.36" "ysfine.com"
5.188.210.25 - - [19/Oct/2022:07:10:37 -0700] "GET /world/travel.html HTTP/1.1" 200 5186 "https://www.ysfine.com/world/travel.html" "Mozilla/5.0 (Windows NT 6.1; ) AppleWebKit/537.36 (KHTML, like Gecko) Chrome/90.0.4430.85 Safari/537.36" "www.ysfine.com"
115.143.0.50 - - [19/Oct/2022:07:10:38 -0700] "GET /wigner/neum/vnc03.jpg HTTP/1.1" 200 80421 "https://www.google.com/" "Mozilla/5.0 (Windows NT 10.0; Win64; x64) AppleWebKit/537.36 (KHTML, like Gecko) Chrome/106.0.0.0 Safari/537.36" "ysfine.com"
5.188.210.25 - - [19/Oct/2022:07:10:38 -0700] "GET / HTTP/1.1" 200 15910 "https://www.ysfine.com/" "Mozilla/5.0 (Windows NT 6.1; ) AppleWebKit/537.36 (KHTML, like Gecko) Chrome/90.0.4430.85 Safari/537.36" "www.ysfine.com"
115.143.0.50 - - [19/Oct/2022:07:10:46 -0700] "GET /wigner/neum/vnc18.jpg HTTP/1.1" 200 89614 "https://www.google.com/" "Mozilla/5.0 (Windows NT 10.0; Win64; x64) AppleWebKit/537.36 (KHTML, like Gecko) Chrome/106.0.0.0 Safari/537.36" "ysfine.com"
157.55.39.127 - - [19/Oct/2022:07:11:09 -0700] "GET /bio/bio10.html HTTP/1.1" 404 88 "-" "Mozilla/5.0 AppleWebKit/537.36 (KHTML, like Gecko; compatible; bingbot/2.0; +http://www.bing.com/bingbot.htm) Chrome/103.0.5060.134 Safari/537.36" "ysfine.com"
40.77.167.27 - - [19/Oct/2022:07:11:23 -0700] "GET /world/france/louvre64.jpg HTTP/1.1" 200 112801 "-" "Mozilla/5.0 AppleWebKit/537.36 (KHTML, like Gecko; compatible; bingbot/2.0; +http://www.bing.com/bingbot.htm) Chrome/103.0.5060.134 Safari/537.36" "ysfine.com"
157.55.39.128 - - [19/Oct/2022:07:11:39 -0700] "GET /ffriends/amkor/komos01c.jpg HTTP/1.1" 200 31682 "-" "Mozilla/5.0 AppleWebKit/537.36 (KHTML, like Gecko; compatible; bingbot/2.0; +http://www.bing.com/bingbot.htm) Chrome/103.0.5060.134 Safari/537.36" "ysfine.com"
157.55.39.128 - - [19/Oct/2022:07:12:00 -0700] "GET /usca/pitt/steelm01.jpg HTTP/1.1" 200 36650 "-" "Mozilla/5.0 (compatible; bingbot/2.0; +http://www.bing.com/bingbot.htm)" "www.ysfine.com"
157.55.39.58 - - [19/Oct/2022:07:12:17 -0700] "GET /kobak/underw01b.jpg HTTP/1.1" 200 36835 "-" "Mozilla/5.0 AppleWebKit/537.36 (KHTML, like Gecko; compatible; bingbot/2.0; +http://www.bing.com/bingbot.htm) Chrome/103.0.5060.134 Safari/537.36" "www.ysfine.com"
157.55.39.127 - - [19/Oct/2022:07:12:28 -0700] "GET /maga/phil/sartre11.jpg HTTP/1.1" 200 164394 "-" "Mozilla/5.0 (compatible; bingbot/2.0; +http://www.bing.com/bingbot.htm)" "ysfine.com"
157.55.39.58 - - [19/Oct/2022:07:15:38 -0700] "GET /world/russ/msu01b.jpg HTTP/1.1" 200 30172 "-" "Mozilla/5.0 AppleWebKit/537.36 (KHTML, like Gecko; compatible; bingbot/2.0; +http://www.bing.com/bingbot.htm) Chrome/103.0.5060.134 Safari/537.36" "ysfine.com"
157.55.39.54 - - [19/Oct/2022:07:16:41 -0700] "GET /princeton/gcollege61b.jpg HTTP/1.1" 200 31681 "-" "Mozilla/5.0 AppleWebKit/537.36 (KHTML, like Gecko; compatible; bingbot/2.0; +http://www.bing.com/bingbot.htm) Chrome/103.0.5060.134 Safari/537.36" "ysfine.com"
157.55.39.128 - - [19/Oct/2022:07:16:50 -0700] "GET /kobak/kimilsong11a.jpg HTTP/1.1" 200 63829 "-" "Mozilla/5.0 AppleWebKit/537.36 (KHTML, like Gecko; compatible; bingbot/2.0; +http://www.bing.com/bingbot.htm) Chrome/103.0.5060.134 Safari/537.36" "ysfine.com"
173.73.77.36 - - [19/Oct/2022:07:17:00 -0700] "GET /home/bio44 HTTP/1.1" 404 88 "-" "Mozilla/5.0 (Windows NT 10.0; Win64; x64) AppleWebKit/537.36 (KHTML, like Gecko) Chrome/106.0.0.0 Safari/537.36" "ysfine.com"
173.73.77.36 - - [19/Oct/2022:07:17:00 -0700] "GET /favicon.ico HTTP/1.1" 404 88 "https://ysfine.com/home/bio44" "Mozilla/5.0 (Windows NT 10.0; Win64; x64) AppleWebKit/537.36 (KHTML, like Gecko) Chrome/106.0.0.0 Safari/537.36" "ysfine.com"
173.73.77.36 - - [19/Oct/2022:07:17:51 -0700] "GET /favicon.ico HTTP/1.1" 404 88 "https://ysfine.com/home/dwf.html" "Mozilla/5.0 (Windows NT 10.0; Win64; x64) AppleWebKit/537.36 (KHTML, like Gecko) Chrome/106.0.0.0 Safari/537.36" "ysfine.com"
157.55.39.127 - - [19/Oct/2022:07:18:00 -0700] "GET /world/russ/gum32.jpg HTTP/1.1" 200 124450 "-" "Mozilla/5.0 AppleWebKit/537.36 (KHTML, like Gecko; compatible; bingbot/2.0; +http://www.bing.com/bingbot.htm) Chrome/103.0.5060.134 Safari/537.36" "ysfine.com"
67.81.253.18 - - [19/Oct/2022:07:18:08 -0700] "GET /maga/invent/tesla11b.jpg HTTP/1.1" 200 47570 "https://www.google.com/" "Mozilla/5.0 (Windows NT 10.0; Win64; x64) AppleWebKit/537.36 (KHTML, like Gecko) Chrome/106.0.0.0 Safari/537.36" "ysfine.com"
157.55.39.54 - - [19/Oct/2022:07:18:12 -0700] "GET /world/hungary/hunstu26.jpg HTTP/1.1" 200 82020 "-" "Mozilla/5.0 (compatible; bingbot/2.0; +http://www.bing.com/bingbot.htm)" "www.ysfine.com"
3.226.119.137 - - [19/Oct/2022:07:18:45 -0700] "GET /fbook/ellipse53.jpg HTTP/1.1" 200 124704 "-" "Mozilla/5.0 (Macintosh; Intel Mac OS X 10_11_6) AppleWebKit/537.36 (KHTML, like Gecko) Chrome/63.0.3239.132 Safari/537.36" "ysfine.com"
157.55.39.128 - - [19/Oct/2022:07:19:10 -0700] "GET /bio/optics.html HTTP/1.1" 404 88 "-" "Mozilla/5.0 AppleWebKit/537.36 (KHTML, like Gecko; compatible; bingbot/2.0; +http://www.bing.com/bingbot.htm) Chrome/103.0.5060.134 Safari/537.36" "ysfine.com"
157.55.39.128 - - [19/Oct/2022:07:19:11 -0700] "GET /world/scandi/norw11.jpg HTTP/1.1" 200 129684 "-" "Mozilla/5.0 (compatible; bingbot/2.0; +http://www.bing.com/bingbot.htm)" "ysfine.com"
40.77.167.27 - - [19/Oct/2022:07:19:15 -0700] "GET /bio/world/berlin.html HTTP/1.1" 404 88 "-" "Mozilla/5.0 AppleWebKit/537.36 (KHTML, like Gecko; compatible; bingbot/2.0; +http://www.bing.com/bingbot.htm) Chrome/103.0.5060.134 Safari/537.36" "ysfine.com"
173.73.77.36 - - [19/Oct/2022:07:19:56 -0700] "GET /ys11/ HTTP/1.1" 304 - "-" "Mozilla/5.0 (Windows NT 10.0; Win64; x64) AppleWebKit/537.36 (KHTML, like Gecko) Chrome/106.0.0.0 Safari/537.36 Edg/106.0.1370.47" "ysfine.com"
173.73.77.36 - - [19/Oct/2022:07:19:57 -0700] "GET /favicon.ico HTTP/1.1" 404 88 "https://ysfine.com/ys11/" "Mozilla/5.0 (Windows NT 10.0; Win64; x64) AppleWebKit/537.36 (KHTML, like Gecko) Chrome/106.0.0.0 Safari/537.36 Edg/106.0.1370.47" "ysfine.com"
173.73.77.36 - - [19/Oct/2022:07:20:02 -0700] "GET /ysbio/bio04.html HTTP/1.1" 200 10241 "https://ysfine.com/ys11/" "Mozilla/5.0 (Windows NT 10.0; Win64; x64) AppleWebKit/537.36 (KHTML, like Gecko) Chrome/106.0.0.0 Safari/537.36 Edg/106.0.1370.47" "ysfine.com"
173.73.77.36 - - [19/Oct/2022:07:20:02 -0700] "GET /ysbio/facu450.jpg HTTP/1.1" 304 - "https://ysfine.com/ysbio/bio04.html" "Mozilla/5.0 (Windows NT 10.0; Win64; x64) AppleWebKit/537.36 (KHTML, like Gecko) Chrome/106.0.0.0 Safari/537.36 Edg/106.0.1370.47" "ysfine.com"
173.73.77.36 - - [19/Oct/2022:07:20:02 -0700] "GET /ysbio/fotos/einhaus450.jpg HTTP/1.1" 304 - "https://ysfine.com/ysbio/bio04.html" "Mozilla/5.0 (Windows NT 10.0; Win64; x64) AppleWebKit/537.36 (KHTML, like Gecko) Chrome/106.0.0.0 Safari/537.36 Edg/106.0.1370.47" "ysfine.com"
173.73.77.36 - - [19/Oct/2022:07:20:02 -0700] "GET /ysbio/dirackn55a.jpg HTTP/1.1" 200 85505 "https://ysfine.com/ysbio/bio04.html" "Mozilla/5.0 (Windows NT 10.0; Win64; x64) AppleWebKit/537.36 (KHTML, like Gecko) Chrome/106.0.0.0 Safari/537.36 Edg/106.0.1370.47" "ysfine.com"
173.73.77.36 - - [19/Oct/2022:07:20:02 -0700] "GET /ysbio/bek44a.jpg HTTP/1.1" 200 45518 "https://ysfine.com/ysbio/bio04.html" "Mozilla/5.0 (Windows NT 10.0; Win64; x64) AppleWebKit/537.36 (KHTML, like Gecko) Chrome/106.0.0.0 Safari/537.36 Edg/106.0.1370.47" "ysfine.com"
173.73.77.36 - - [19/Oct/2022:07:20:02 -0700] "GET /wisdom/korart03b.jpg HTTP/1.1" 304 - "https://ysfine.com/ysbio/bio04.html" "Mozilla/5.0 (Windows NT 10.0; Win64; x64) AppleWebKit/537.36 (KHTML, like Gecko) Chrome/106.0.0.0 Safari/537.36 Edg/106.0.1370.47" "ysfine.com"
173.73.77.36 - - [19/Oct/2022:07:20:02 -0700] "GET /ysbio/bek22a.jpg HTTP/1.1" 200 50408 "https://ysfine.com/ysbio/bio04.html" "Mozilla/5.0 (Windows NT 10.0; Win64; x64) AppleWebKit/537.36 (KHTML, like Gecko) Chrome/106.0.0.0 Safari/537.36 Edg/106.0.1370.47" "ysfine.com"
116.179.32.197 - - [19/Oct/2022:07:20:06 -0700] "GET /maga/editesl.html HTTP/1.1" 304 - "-" "Mozilla/5.0 (compatible; Baiduspider/2.0; +http://www.baidu.com/search/spider.html)" "www.ysfine.com"
173.73.77.36 - - [19/Oct/2022:07:20:08 -0700] "GET /ysbio/bio04.html HTTP/1.1" 304 - "https://ysfine.com/ys11/" "Mozilla/5.0 (Windows NT 10.0; Win64; x64) AppleWebKit/537.36 (KHTML, like Gecko) Chrome/106.0.0.0 Safari/537.36 Edg/106.0.1370.47" "ysfine.com"
157.55.39.54 - - [19/Oct/2022:07:20:10 -0700] "GET /sbk/2007waw33.jpg HTTP/1.1" 200 124686 "-" "Mozilla/5.0 AppleWebKit/537.36 (KHTML, like Gecko; compatible; bingbot/2.0; +http://www.bing.com/bingbot.htm) Chrome/103.0.5060.134 Safari/537.36" "ysfine.com"
157.55.39.54 - - [19/Oct/2022:07:21:21 -0700] "GET /world/germany/salzmo15.jpg HTTP/1.1" 200 93657 "-" "Mozilla/5.0 (compatible; bingbot/2.0; +http://www.bing.com/bingbot.htm)" "ysfine.com"
77.75.79.54 - - [19/Oct/2022:07:22:10 -0700] "GET /robots.txt HTTP/1.1" 404 88 "-" "Mozilla/5.0 (compatible; SeznamBot/3.2; +http://napoveda.seznam.cz/en/seznambot-intro/)" "ysfine.com"
77.75.79.54 - - [19/Oct/2022:07:22:11 -0700] "GET /world/russ/redsq49.jpg HTTP/1.1" 200 122299 "-" "Mozilla/5.0 (compatible; SeznamBot/3.2; +http://napoveda.seznam.cz/en/seznambot-intro/)" "ysfine.com"
77.75.79.54 - - [19/Oct/2022:07:22:15 -0700] "GET /world/poland/gdn36.jpg HTTP/1.1" 304 - "-" "Mozilla/5.0 (compatible; SeznamBot/3.2; +http://napoveda.seznam.cz/en/seznambot-intro/)" "ysfine.com"
77.75.79.54 - - [19/Oct/2022:07:22:16 -0700] "GET /style/vangogh01.jpg HTTP/1.1" 200 98638 "-" "Mozilla/5.0 (compatible; SeznamBot/3.2; +http://napoveda.seznam.cz/en/seznambot-intro/)" "ysfine.com"
104.167.223.227 - - [19/Oct/2022:07:22:19 -0700] "GET /feynman/feynma2.jpg HTTP/1.1" 200 41543 "-" "-" "www.ysfine.com"
157.55.39.58 - - [19/Oct/2022:07:22:50 -0700] "GET /style/londonsym.jpg HTTP/1.1" 200 78015 "-" "Mozilla/5.0 AppleWebKit/537.36 (KHTML, like Gecko; compatible; bingbot/2.0; +http://www.bing.com/bingbot.htm) Chrome/103.0.5060.134 Safari/537.36" "www.ysfine.com"
37.119.215.144 - - [19/Oct/2022:07:22:50 -0700] "GET /kobak/sl628.jpg HTTP/1.1" 200 225100 "https://www.google.com/" "Mozilla/5.0 (Windows NT 10.0; Win64; x64) AppleWebKit/537.36 (KHTML, like Gecko) Chrome/105.0.0.0 Safari/537.36 OPR/91.0.4516.72" "ysfine.com"
157.55.39.55 - - [19/Oct/2022:07:22:57 -0700] "GET /bio/princeton/campus.html HTTP/1.1" 404 88 "-" "Mozilla/5.0 (compatible; bingbot/2.0; +http://www.bing.com/bingbot.htm)" "ysfine.com"
157.55.39.127 - - [19/Oct/2022:07:23:31 -0700] "GET /kobak/kostu01.jpg HTTP/1.1" 200 100600 "-" "Mozilla/5.0 AppleWebKit/537.36 (KHTML, like Gecko; compatible; bingbot/2.0; +http://www.bing.com/bingbot.htm) Chrome/103.0.5060.134 Safari/537.36" "ysfine.com"
157.55.39.128 - - [19/Oct/2022:07:24:11 -0700] "GET /fbook/comet50.jpg HTTP/1.1" 200 148957 "-" "Mozilla/5.0 (compatible; bingbot/2.0; +http://www.bing.com/bingbot.htm)" "ysfine.com"
157.55.39.55 - - [19/Oct/2022:07:24:37 -0700] "GET /bio/wigner/e(2).html HTTP/1.1" 404 88 "-" "Mozilla/5.0 AppleWebKit/537.36 (KHTML, like Gecko; compatible; bingbot/2.0; +http://www.bing.com/bingbot.htm) Chrome/103.0.5060.134 Safari/537.36" "www.ysfine.com"
157.55.39.128 - - [19/Oct/2022:07:25:10 -0700] "GET /style/nijubasi22b.jpg HTTP/1.1" 200 44289 "-" "Mozilla/5.0 (compatible; bingbot/2.0; +http://www.bing.com/bingbot.htm)" "ysfine.com"
157.55.39.128 - - [19/Oct/2022:07:25:11 -0700] "GET /world/germany/leipzif04.jpg HTTP/1.1" 200 170538 "-" "Mozilla/5.0 (compatible; bingbot/2.0; +http://www.bing.com/bingbot.htm)" "ysfine.com"
157.55.39.58 - - [19/Oct/2022:07:25:19 -0700] "GET /kowar/tanks/tank03.jpg HTTP/1.1" 200 106726 "-" "Mozilla/5.0 AppleWebKit/537.36 (KHTML, like Gecko; compatible; bingbot/2.0; +http://www.bing.com/bingbot.htm) Chrome/103.0.5060.134 Safari/537.36" "www.ysfine.com"
157.55.39.54 - - [19/Oct/2022:07:25:42 -0700] "GET /bio/einstein/bern.html HTTP/1.1" 404 88 "-" "Mozilla/5.0 (compatible; bingbot/2.0; +http://www.bing.com/bingbot.htm)" "ysfine.com"
73.205.172.73 - - [19/Oct/2022:07:26:07 -0700] "GET /kobak/sl628.jpg HTTP/1.1" 200 225100 "https://www.google.com/" "Mozilla/5.0 (Windows NT 10.0; Win64; x64) AppleWebKit/537.36 (KHTML, like Gecko) Chrome/106.0.0.0 Safari/537.36" "ysfine.com"
157.55.39.58 - - [19/Oct/2022:07:26:39 -0700] "GET /style/chulmo2.jpg HTTP/1.1" 200 49387 "-" "Mozilla/5.0 (compatible; bingbot/2.0; +http://www.bing.com/bingbot.htm)" "ysfine.com"
157.55.39.58 - - [19/Oct/2022:07:26:40 -0700] "GET /world/israel/jeru26.jpg HTTP/1.1" 200 242747 "-" "Mozilla/5.0 (compatible; bingbot/2.0; +http://www.bing.com/bingbot.htm)" "ysfine.com"
110.224.190.242 - - [19/Oct/2022:07:26:51 -0700] "GET /einstein/places/einha05.jpg HTTP/1.1" 200 138021 "https://www.google.com/" "Mozilla/5.0 (Windows NT 6.1; WOW64) AppleWebKit/537.36 (KHTML, like Gecko) Chrome/106.0.0.0 Safari/537.36" "ysfine.com"
40.77.167.27 - - [19/Oct/2022:07:28:36 -0700] "GET /maga/phys/yukaheisen67b.jpg HTTP/1.1" 200 42036 "-" "Mozilla/5.0 (compatible; bingbot/2.0; +http://www.bing.com/bingbot.htm)" "ysfine.com"
200.164.140.48 - - [19/Oct/2022:07:28:38 -0700] "GET /wigner/neum/vnc01.jpg HTTP/1.1" 200 133641 "https://sites.google.com/" "Mozilla/5.0 (Windows NT 10.0; Win64; x64) AppleWebKit/537.36 (KHTML, like Gecko) Chrome/106.0.0.0 Safari/537.36" "ysfine.com"
187.107.239.59 - - [19/Oct/2022:07:28:40 -0700] "GET /einstein/places/einmu17.jpg HTTP/1.1" 200 67347 "https://www.google.com/" "Mozilla/5.0 (Macintosh; Intel Mac OS X 10_11_6) AppleWebKit/537.36 (KHTML, like Gecko) Chrome/103.0.0.0 Safari/537.36" "ysfine.com"
40.77.167.27 - - [19/Oct/2022:07:28:45 -0700] "GET /jobs/newton22b.jpg HTTP/1.1" 200 60508 "-" "Mozilla/5.0 (compatible; bingbot/2.0; +http://www.bing.com/bingbot.htm)" "ysfine.com"
157.55.39.127 - - [19/Oct/2022:07:28:52 -0700] "GET /sbk/1994harv11.jpg HTTP/1.1" 200 192535 "-" "Mozilla/5.0 AppleWebKit/537.36 (KHTML, like Gecko; compatible; bingbot/2.0; +http://www.bing.com/bingbot.htm) Chrome/103.0.5060.134 Safari/537.36" "ysfine.com"
77.88.5.45 - - [19/Oct/2022:07:29:01 -0700] "GET /robots.txt HTTP/1.1" 404 73 "-" "Mozilla/5.0 (compatible; YandexBot/3.0; +http://yandex.com/bots)" "www.ysfine.com"
77.88.5.233 - - [19/Oct/2022:07:29:05 -0700] "GET /world/russ/filippov.html HTTP/1.1" 200 488 "-" "Mozilla/5.0 (compatible; YandexBot/3.0; +http://yandex.com/bots)" "www.ysfine.com"
62.47.29.129 - - [19/Oct/2022:07:29:10 -0700] "GET /maga/histo/oscar22.jpg HTTP/1.1" 200 101665 "https://www.google.com/" "Mozilla/5.0 (Linux; Android 10; SM-G965F Build/QP1A.190711.020; wv) AppleWebKit/537.36 (KHTML, like Gecko) Version/4.0 Chrome/106.0.5249.126 Mobile Safari/537.36 GoogleApp/13.39.12.26.arm64" "ysfine.com"
51.222.253.19 - - [19/Oct/2022:07:29:28 -0700] "GET /confer/conbot.html HTTP/1.1" 200 124 "-" "Mozilla/5.0 (compatible; AhrefsBot/7.0; +http://ahrefs.com/robot/)" "ysfine.com"
157.55.39.127 - - [19/Oct/2022:07:29:51 -0700] "GET /einstein/bose2.gif HTTP/1.1" 200 43133 "-" "Mozilla/5.0 AppleWebKit/537.36 (KHTML, like Gecko; compatible; bingbot/2.0; +http://www.bing.com/bingbot.htm) Chrome/103.0.5060.134 Safari/537.36" "ysfine.com"
71.233.150.55 - - [19/Oct/2022:07:30:55 -0700] "GET /princeton/alexan22.jpg HTTP/1.1" 200 175436 "https://www.google.com/" "Mozilla/5.0 (Macintosh; Intel Mac OS X 10_15_7) AppleWebKit/537.36 (KHTML, like Gecko) Chrome/106.0.0.0 Safari/537.36" "ysfine.com"
157.55.39.58 - - [19/Oct/2022:07:31:10 -0700] "GET /world/france/sartsq23.jpg HTTP/1.1" 200 64721 "-" "Mozilla/5.0 (compatible; bingbot/2.0; +http://www.bing.com/bingbot.htm)" "www.ysfine.com"
171.96.137.55 - - [19/Oct/2022:07:32:27 -0700] "GET /kowar/tanks/tank03.jpg HTTP/1.1" 200 106726 "https://www.google.com/" "Mozilla/5.0 (Windows NT 10.0; Win64; x64) AppleWebKit/537.36 (KHTML, like Gecko) Chrome/106.0.0.0 Safari/537.36" "ysfine.com"
157.55.39.128 - - [19/Oct/2022:07:32:31 -0700] "GET /sbk/2009wdc33.jpg HTTP/1.1" 200 201934 "-" "Mozilla/5.0 AppleWebKit/537.36 (KHTML, like Gecko; compatible; bingbot/2.0; +http://www.bing.com/bingbot.htm) Chrome/103.0.5060.134 Safari/537.36" "ysfine.com"
157.55.39.127 - - [19/Oct/2022:07:32:41 -0700] "GET /world/israel/armench11c.jpg HTTP/1.1" 200 26200 "-" "Mozilla/5.0 AppleWebKit/537.36 (KHTML, like Gecko; compatible; bingbot/2.0; +http://www.bing.com/bingbot.htm) Chrome/103.0.5060.134 Safari/537.36" "ysfine.com"
157.55.39.58 - - [19/Oct/2022:07:33:19 -0700] "GET /home/bio44.html HTTP/1.1" 404 88 "-" "Mozilla/5.0 (compatible; bingbot/2.0; +http://www.bing.com/bingbot.htm)" "ysfine.com"
40.77.167.27 - - [19/Oct/2022:07:33:56 -0700] "GET /princeton/prospectg22b.jpg HTTP/1.1" 200 49786 "-" "Mozilla/5.0 AppleWebKit/537.36 (KHTML, like Gecko; compatible; bingbot/2.0; +http://www.bing.com/bingbot.htm) Chrome/103.0.5060.134 Safari/537.36" "ysfine.com"
157.55.39.127 - - [19/Oct/2022:07:34:51 -0700] "GET /awards/acs20a.jpg HTTP/1.1" 200 103389 "-" "Mozilla/5.0 (compatible; bingbot/2.0; +http://www.bing.com/bingbot.htm)" "ysfine.com"
40.77.167.27 - - [19/Oct/2022:07:36:06 -0700] "GET /dongio/amkor/kosilver.jpg HTTP/1.1" 404 88 "-" "Mozilla/5.0 (compatible; bingbot/2.0; +http://www.bing.com/bingbot.htm)" "ysfine.com"
157.55.39.55 - - [19/Oct/2022:07:36:18 -0700] "GET /world/baltic/kalinamber03.jpg HTTP/1.1" 200 97209 "-" "Mozilla/5.0 (compatible; bingbot/2.0; +http://www.bing.com/bingbot.htm)" "ysfine.com"
77.88.5.216 - - [19/Oct/2022:07:36:35 -0700] "GET /world/russ/kilin102.jpg HTTP/1.1" 200 99006 "-" "Mozilla/5.0 (compatible; YandexImages/3.0; +http://yandex.com/bots)" "www.ysfine.com"
157.55.39.128 - - [19/Oct/2022:07:36:41 -0700] "GET /world/china/dalian01b.jpg HTTP/1.1" 200 70749 "-" "Mozilla/5.0 (compatible; bingbot/2.0; +http://www.bing.com/bingbot.htm)" "ysfine.com"
51.178.219.26 - - [19/Oct/2022:07:36:47 -0700] "GET /style/leica.html HTTP/1.1" 200 17158 "-" "Mozilla/5.0 (Windows NT 10.0; Win64; x64; rv:102.0) Gecko/20100101 Firefox/102.0" "ysfine.com"
157.55.39.55 - - [19/Oct/2022:07:36:49 -0700] "GET /usca/pitt/alumin02.jpg HTTP/1.1" 200 473853 "-" "Mozilla/5.0 (compatible; bingbot/2.0; +http://www.bing.com/bingbot.htm)" "www.ysfine.com"
157.55.39.127 - - [19/Oct/2022:07:37:11 -0700] "GET /dirac/dirac63c.jpg HTTP/1.1" 200 29237 "-" "Mozilla/5.0 AppleWebKit/537.36 (KHTML, like Gecko; compatible; bingbot/2.0; +http://www.bing.com/bingbot.htm) Chrome/103.0.5060.134 Safari/537.36" "www.ysfine.com"
212.9.16.109 - - [19/Oct/2022:07:38:13 -0700] "GET /world/brit/eton11.jpg HTTP/1.1" 200 107084 "https://www.bing.com/" "Mozilla/5.0 (Windows NT 10.0; Win64; x64) AppleWebKit/537.36 (KHTML, like Gecko) Chrome/106.0.0.0 Safari/537.36 Edg/106.0.1370.47" "www.ysfine.com"
157.55.39.127 - - [19/Oct/2022:07:38:32 -0700] "GET /maga/phil/kanthegel500.jpg HTTP/1.1" 200 52084 "-" "Mozilla/5.0 (compatible; bingbot/2.0; +http://www.bing.com/bingbot.htm)" "ysfine.com"
157.55.39.58 - - [19/Oct/2022:07:38:40 -0700] "GET /world/ricksteves11.jpg HTTP/1.1" 200 81952 "-" "Mozilla/5.0 AppleWebKit/537.36 (KHTML, like Gecko; compatible; bingbot/2.0; +http://www.bing.com/bingbot.htm) Chrome/103.0.5060.134 Safari/537.36" "www.ysfine.com"
40.77.167.27 - - [19/Oct/2022:07:38:55 -0700] "GET /world/hungary/buda201b.jpg HTTP/1.1" 200 47431 "-" "Mozilla/5.0 AppleWebKit/537.36 (KHTML, like Gecko; compatible; bingbot/2.0; +http://www.bing.com/bingbot.htm) Chrome/103.0.5060.134 Safari/537.36" "ysfine.com"
157.55.39.58 - - [19/Oct/2022:07:39:40 -0700] "GET /einstein/places/ulm22.jpg HTTP/1.1" 200 95004 "-" "Mozilla/5.0 AppleWebKit/537.36 (KHTML, like Gecko; compatible; bingbot/2.0; +http://www.bing.com/bingbot.htm) Chrome/103.0.5060.134 Safari/537.36" "ysfine.com"
40.77.167.27 - - [19/Oct/2022:07:40:38 -0700] "GET /feynman/feyfirm3.jpg HTTP/1.1" 200 39603 "-" "Mozilla/5.0 (compatible; bingbot/2.0; +http://www.bing.com/bingbot.htm)" "ysfine.com"
157.55.39.128 - - [19/Oct/2022:07:41:11 -0700] "GET /usca/pitt/oldterm22b.jpg HTTP/1.1" 200 24276 "-" "Mozilla/5.0 (compatible; bingbot/2.0; +http://www.bing.com/bingbot.htm)" "ysfine.com"
157.55.39.128 - - [19/Oct/2022:07:41:41 -0700] "GET /maga/phys/ellihyper05b.jpg HTTP/1.1" 200 35124 "-" "Mozilla/5.0 (compatible; bingbot/2.0; +http://www.bing.com/bingbot.htm)" "ysfine.com"
157.55.39.58 - - [19/Oct/2022:07:41:51 -0700] "GET /kowar/tanks/arisakaguns01.jpg HTTP/1.1" 200 58899 "-" "Mozilla/5.0 AppleWebKit/537.36 (KHTML, like Gecko; compatible; bingbot/2.0; +http://www.bing.com/bingbot.htm) Chrome/103.0.5060.134 Safari/537.36" "ysfine.com"
157.55.39.128 - - [19/Oct/2022:07:41:52 -0700] "GET /einstein/places/einha05.jpg HTTP/1.1" 200 138021 "-" "Mozilla/5.0 (compatible; bingbot/2.0; +http://www.bing.com/bingbot.htm)" "www.ysfine.com"
157.55.39.127 - - [19/Oct/2022:07:42:23 -0700] "GET /princeton/wilson06b.jpg HTTP/1.1" 200 36387 "-" "Mozilla/5.0 (compatible; bingbot/2.0; +http://www.bing.com/bingbot.htm)" "www.ysfine.com"
157.55.39.127 - - [19/Oct/2022:07:42:41 -0700] "GET /ffriends/amkor/barnard22.jpg HTTP/1.1" 200 109081 "-" "Mozilla/5.0 (compatible; bingbot/2.0; +http://www.bing.com/bingbot.htm)" "ysfine.com"
157.55.39.127 - - [19/Oct/2022:07:42:42 -0700] "GET /bio/feynman/partons.html HTTP/1.1" 404 88 "-" "Mozilla/5.0 AppleWebKit/537.36 (KHTML, like Gecko; compatible; bingbot/2.0; +http://www.bing.com/bingbot.htm) Chrome/103.0.5060.134 Safari/537.36" "ysfine.com"
157.55.39.128 - - [19/Oct/2022:07:42:52 -0700] "GET /world/china/china032.jpg HTTP/1.1" 200 195415 "-" "Mozilla/5.0 (compatible; bingbot/2.0; +http://www.bing.com/bingbot.htm)" "ysfine.com"
38.107.226.157 - - [19/Oct/2022:07:43:31 -0700] "GET /maga/phil/marxlon01.jpg HTTP/1.1" 200 263404 "https://www.google.com/" "Mozilla/5.0 (iPhone; CPU iPhone OS 16_0 like Mac OS X) AppleWebKit/605.1.15 (KHTML, like Gecko) Version/16.0 Mobile/15E148 Safari/604.1" "ysfine.com"
51.104.180.26 - - [19/Oct/2022:07:44:35 -0700] "GET /world/france/arusas01.jpg HTTP/1.1" 200 364636 "http://ysfine.com/world/france/arusas01.jpg" "DuckDuckBot/1.1; (+http://duckduckgo.com/duckduckbot.html)" "ysfine.com"
157.55.39.128 - - [19/Oct/2022:07:46:52 -0700] "GET /world/scandi/sto008.jpg HTTP/1.1" 200 76827 "-" "Mozilla/5.0 AppleWebKit/537.36 (KHTML, like Gecko; compatible; bingbot/2.0; +http://www.bing.com/bingbot.htm) Chrome/103.0.5060.134 Safari/537.36" "ysfine.com"
157.55.39.58 - - [19/Oct/2022:07:47:01 -0700] "GET /world/brit/picca41.jpg HTTP/1.1" 200 98654 "-" "Mozilla/5.0 (compatible; bingbot/2.0; +http://www.bing.com/bingbot.htm)" "ysfine.com"
157.55.39.58 - - [19/Oct/2022:07:47:11 -0700] "GET /dirac/wigsis22.jpg HTTP/1.1" 200 39975 "-" "Mozilla/5.0 (compatible; bingbot/2.0; +http://www.bing.com/bingbot.htm)" "ysfine.com"
157.55.39.128 - - [19/Oct/2022:07:47:23 -0700] "GET /bio/dashen.html HTTP/1.1" 404 88 "-" "Mozilla/5.0 AppleWebKit/537.36 (KHTML, like Gecko; compatible; bingbot/2.0; +http://www.bing.com/bingbot.htm) Chrome/103.0.5060.134 Safari/537.36" "ysfine.com"
