135.181.213.220 - - [19/Oct/2022:06:08:23 -0700] "GET /class54/class5480/Pictures/2.%C3%AA%C2%B8%C2%B0%C3%AB%C2%85%C2%90%C3%AD%C2%96%C2%89%C3%AC%C2%82%C2%AC/%C3%AA%C2%B8%C2%B0%C3%AB%C2%85%C2%90%C3%AD%C2%96%C2%89%C3%AC%C2%82%C2%AC%20(49).jpg HTTP/1.1" 200 3688152 "-" "Mozilla/5.0 (compatible; MJ12bot/v1.4.8; http://mj12bot.com/)" "ysfine.com"
135.181.213.220 - - [19/Oct/2022:06:08:25 -0700] "GET /class54/class5480/Pictures/2.%C3%AA%C2%B8%C2%B0%C3%AB%C2%85%C2%90%C3%AD%C2%96%C2%89%C3%AC%C2%82%C2%AC/%C3%AA%C2%B8%C2%B0%C3%AB%C2%85%C2%90%C3%AD%C2%96%C2%89%C3%AC%C2%82%C2%AC%20(5).jpg HTTP/1.1" 200 3270623 "-" "Mozilla/5.0 (compatible; MJ12bot/v1.4.8; http://mj12bot.com/)" "ysfine.com"
135.181.213.220 - - [19/Oct/2022:06:08:27 -0700] "GET /class54/class5480/Pictures/2.%C3%AA%C2%B8%C2%B0%C3%AB%C2%85%C2%90%C3%AD%C2%96%C2%89%C3%AC%C2%82%C2%AC/%C3%AA%C2%B8%C2%B0%C3%AB%C2%85%C2%90%C3%AD%C2%96%C2%89%C3%AC%C2%82%C2%AC%20(50).jpg HTTP/1.1" 200 2441548 "-" "Mozilla/5.0 (compatible; MJ12bot/v1.4.8; http://mj12bot.com/)" "ysfine.com"
135.181.213.220 - - [19/Oct/2022:06:08:29 -0700] "GET /class54/class5480/Pictures/2.%C3%AA%C2%B8%C2%B0%C3%AB%C2%85%C2%90%C3%AD%C2%96%C2%89%C3%AC%C2%82%C2%AC/%C3%AA%C2%B8%C2%B0%C3%AB%C2%85%C2%90%C3%AD%C2%96%C2%89%C3%AC%C2%82%C2%AC%20(51).jpg HTTP/1.1" 200 2356158 "-" "Mozilla/5.0 (compatible; MJ12bot/v1.4.8; http://mj12bot.com/)" "ysfine.com"
135.181.213.220 - - [19/Oct/2022:06:08:31 -0700] "GET /class54/class5480/Pictures/2.%C3%AA%C2%B8%C2%B0%C3%AB%C2%85%C2%90%C3%AD%C2%96%C2%89%C3%AC%C2%82%C2%AC/%C3%AA%C2%B8%C2%B0%C3%AB%C2%85%C2%90%C3%AD%C2%96%C2%89%C3%AC%C2%82%C2%AC%20(52).jpg HTTP/1.1" 200 4229980 "-" "Mozilla/5.0 (compatible; MJ12bot/v1.4.8; http://mj12bot.com/)" "ysfine.com"
135.181.213.220 - - [19/Oct/2022:06:08:33 -0700] "GET /class54/class5480/Pictures/2.%C3%AA%C2%B8%C2%B0%C3%AB%C2%85%C2%90%C3%AD%C2%96%C2%89%C3%AC%C2%82%C2%AC/%C3%AA%C2%B8%C2%B0%C3%AB%C2%85%C2%90%C3%AD%C2%96%C2%89%C3%AC%C2%82%C2%AC%20(53).jpg HTTP/1.1" 200 3108416 "-" "Mozilla/5.0 (compatible; MJ12bot/v1.4.8; http://mj12bot.com/)" "ysfine.com"
135.181.213.220 - - [19/Oct/2022:06:08:35 -0700] "GET /class54/class5480/Pictures/2.%C3%AA%C2%B8%C2%B0%C3%AB%C2%85%C2%90%C3%AD%C2%96%C2%89%C3%AC%C2%82%C2%AC/%C3%AA%C2%B8%C2%B0%C3%AB%C2%85%C2%90%C3%AD%C2%96%C2%89%C3%AC%C2%82%C2%AC%20(54).jpg HTTP/1.1" 200 4892023 "-" "Mozilla/5.0 (compatible; MJ12bot/v1.4.8; http://mj12bot.com/)" "ysfine.com"
135.181.213.220 - - [19/Oct/2022:06:08:37 -0700] "GET /class54/class5480/Pictures/2.%C3%AA%C2%B8%C2%B0%C3%AB%C2%85%C2%90%C3%AD%C2%96%C2%89%C3%AC%C2%82%C2%AC/%C3%AA%C2%B8%C2%B0%C3%AB%C2%85%C2%90%C3%AD%C2%96%C2%89%C3%AC%C2%82%C2%AC%20(55).jpg HTTP/1.1" 200 6155537 "-" "Mozilla/5.0 (compatible; MJ12bot/v1.4.8; http://mj12bot.com/)" "ysfine.com"
135.181.213.220 - - [19/Oct/2022:06:08:41 -0700] "GET /class54/class5480/Pictures/2.%C3%AA%C2%B8%C2%B0%C3%AB%C2%85%C2%90%C3%AD%C2%96%C2%89%C3%AC%C2%82%C2%AC/%C3%AA%C2%B8%C2%B0%C3%AB%C2%85%C2%90%C3%AD%C2%96%C2%89%C3%AC%C2%82%C2%AC%20(57).jpg HTTP/1.1" 200 3641753 "-" "Mozilla/5.0 (compatible; MJ12bot/v1.4.8; http://mj12bot.com/)" "ysfine.com"
135.181.213.220 - - [19/Oct/2022:06:08:43 -0700] "GET /class54/class5480/Pictures/2.%C3%AA%C2%B8%C2%B0%C3%AB%C2%85%C2%90%C3%AD%C2%96%C2%89%C3%AC%C2%82%C2%AC/%C3%AA%C2%B8%C2%B0%C3%AB%C2%85%C2%90%C3%AD%C2%96%C2%89%C3%AC%C2%82%C2%AC%20(58).jpg HTTP/1.1" 200 4337288 "-" "Mozilla/5.0 (compatible; MJ12bot/v1.4.8; http://mj12bot.com/)" "ysfine.com"
135.181.213.220 - - [19/Oct/2022:06:08:45 -0700] "GET /class54/class5480/Pictures/2.%C3%AA%C2%B8%C2%B0%C3%AB%C2%85%C2%90%C3%AD%C2%96%C2%89%C3%AC%C2%82%C2%AC/%C3%AA%C2%B8%C2%B0%C3%AB%C2%85%C2%90%C3%AD%C2%96%C2%89%C3%AC%C2%82%C2%AC%20(59).jpg HTTP/1.1" 200 4567493 "-" "Mozilla/5.0 (compatible; MJ12bot/v1.4.8; http://mj12bot.com/)" "ysfine.com"
135.181.213.220 - - [19/Oct/2022:06:08:47 -0700] "GET /class54/class5480/Pictures/2.%C3%AA%C2%B8%C2%B0%C3%AB%C2%85%C2%90%C3%AD%C2%96%C2%89%C3%AC%C2%82%C2%AC/%C3%AA%C2%B8%C2%B0%C3%AB%C2%85%C2%90%C3%AD%C2%96%C2%89%C3%AC%C2%82%C2%AC%20(6).jpg HTTP/1.1" 200 4646991 "-" "Mozilla/5.0 (compatible; MJ12bot/v1.4.8; http://mj12bot.com/)" "ysfine.com"
135.181.213.220 - - [19/Oct/2022:06:08:49 -0700] "GET /class54/class5480/Pictures/2.%C3%AA%C2%B8%C2%B0%C3%AB%C2%85%C2%90%C3%AD%C2%96%C2%89%C3%AC%C2%82%C2%AC/%C3%AA%C2%B8%C2%B0%C3%AB%C2%85%C2%90%C3%AD%C2%96%C2%89%C3%AC%C2%82%C2%AC%20(60).jpg HTTP/1.1" 200 3768960 "-" "Mozilla/5.0 (compatible; MJ12bot/v1.4.8; http://mj12bot.com/)" "ysfine.com"
135.181.213.220 - - [19/Oct/2022:06:08:50 -0700] "GET /class54/class5480/Pictures/2.%C3%AA%C2%B8%C2%B0%C3%AB%C2%85%C2%90%C3%AD%C2%96%C2%89%C3%AC%C2%82%C2%AC/%C3%AA%C2%B8%C2%B0%C3%AB%C2%85%C2%90%C3%AD%C2%96%C2%89%C3%AC%C2%82%C2%AC%20(61).jpg HTTP/1.1" 200 2790170 "-" "Mozilla/5.0 (compatible; MJ12bot/v1.4.8; http://mj12bot.com/)" "ysfine.com"
135.181.213.220 - - [19/Oct/2022:06:08:52 -0700] "GET /class54/class5480/Pictures/2.%C3%AA%C2%B8%C2%B0%C3%AB%C2%85%C2%90%C3%AD%C2%96%C2%89%C3%AC%C2%82%C2%AC/%C3%AA%C2%B8%C2%B0%C3%AB%C2%85%C2%90%C3%AD%C2%96%C2%89%C3%AC%C2%82%C2%AC%20(62).jpg HTTP/1.1" 200 4308173 "-" "Mozilla/5.0 (compatible; MJ12bot/v1.4.8; http://mj12bot.com/)" "ysfine.com"
135.181.213.220 - - [19/Oct/2022:06:08:54 -0700] "GET /class54/class5480/Pictures/2.%C3%AA%C2%B8%C2%B0%C3%AB%C2%85%C2%90%C3%AD%C2%96%C2%89%C3%AC%C2%82%C2%AC/%C3%AA%C2%B8%C2%B0%C3%AB%C2%85%C2%90%C3%AD%C2%96%C2%89%C3%AC%C2%82%C2%AC%20(63).jpg HTTP/1.1" 200 6793852 "-" "Mozilla/5.0 (compatible; MJ12bot/v1.4.8; http://mj12bot.com/)" "ysfine.com"
135.181.213.220 - - [19/Oct/2022:06:08:56 -0700] "GET /class54/class5480/Pictures/2.%C3%AA%C2%B8%C2%B0%C3%AB%C2%85%C2%90%C3%AD%C2%96%C2%89%C3%AC%C2%82%C2%AC/%C3%AA%C2%B8%C2%B0%C3%AB%C2%85%C2%90%C3%AD%C2%96%C2%89%C3%AC%C2%82%C2%AC%20(64).jpg HTTP/1.1" 200 5696278 "-" "Mozilla/5.0 (compatible; MJ12bot/v1.4.8; http://mj12bot.com/)" "ysfine.com"
135.181.213.220 - - [19/Oct/2022:06:08:58 -0700] "GET /class54/class5480/Pictures/2.%C3%AA%C2%B8%C2%B0%C3%AB%C2%85%C2%90%C3%AD%C2%96%C2%89%C3%AC%C2%82%C2%AC/%C3%AA%C2%B8%C2%B0%C3%AB%C2%85%C2%90%C3%AD%C2%96%C2%89%C3%AC%C2%82%C2%AC%20(65).jpg HTTP/1.1" 200 3005489 "-" "Mozilla/5.0 (compatible; MJ12bot/v1.4.8; http://mj12bot.com/)" "ysfine.com"
135.181.213.220 - - [19/Oct/2022:06:09:00 -0700] "GET /class54/class5480/Pictures/2.%C3%AA%C2%B8%C2%B0%C3%AB%C2%85%C2%90%C3%AD%C2%96%C2%89%C3%AC%C2%82%C2%AC/%C3%AA%C2%B8%C2%B0%C3%AB%C2%85%C2%90%C3%AD%C2%96%C2%89%C3%AC%C2%82%C2%AC%20(66).jpg HTTP/1.1" 200 2799836 "-" "Mozilla/5.0 (compatible; MJ12bot/v1.4.8; http://mj12bot.com/)" "ysfine.com"
135.181.213.220 - - [19/Oct/2022:06:09:02 -0700] "GET /class54/class5480/Pictures/2.%C3%AA%C2%B8%C2%B0%C3%AB%C2%85%C2%90%C3%AD%C2%96%C2%89%C3%AC%C2%82%C2%AC/%C3%AA%C2%B8%C2%B0%C3%AB%C2%85%C2%90%C3%AD%C2%96%C2%89%C3%AC%C2%82%C2%AC%20(67).jpg HTTP/1.1" 200 3895184 "-" "Mozilla/5.0 (compatible; MJ12bot/v1.4.8; http://mj12bot.com/)" "ysfine.com"
157.55.39.128 - - [19/Oct/2022:06:09:04 -0700] "GET /world/poland/sienkiew01b.jpg HTTP/1.1" 200 59395 "-" "Mozilla/5.0 AppleWebKit/537.36 (KHTML, like Gecko; compatible; bingbot/2.0; +http://www.bing.com/bingbot.htm) Chrome/103.0.5060.134 Safari/537.36" "www.ysfine.com"
135.181.213.220 - - [19/Oct/2022:06:09:04 -0700] "GET /class54/class5480/Pictures/2.%C3%AA%C2%B8%C2%B0%C3%AB%C2%85%C2%90%C3%AD%C2%96%C2%89%C3%AC%C2%82%C2%AC/%C3%AA%C2%B8%C2%B0%C3%AB%C2%85%C2%90%C3%AD%C2%96%C2%89%C3%AC%C2%82%C2%AC%20(68).jpg HTTP/1.1" 200 7052471 "-" "Mozilla/5.0 (compatible; MJ12bot/v1.4.8; http://mj12bot.com/)" "ysfine.com"
135.181.213.220 - - [19/Oct/2022:06:09:06 -0700] "GET /class54/class5480/Pictures/2.%C3%AA%C2%B8%C2%B0%C3%AB%C2%85%C2%90%C3%AD%C2%96%C2%89%C3%AC%C2%82%C2%AC/%C3%AA%C2%B8%C2%B0%C3%AB%C2%85%C2%90%C3%AD%C2%96%C2%89%C3%AC%C2%82%C2%AC%20(69).jpg HTTP/1.1" 200 6439108 "-" "Mozilla/5.0 (compatible; MJ12bot/v1.4.8; http://mj12bot.com/)" "ysfine.com"
135.181.213.220 - - [19/Oct/2022:06:09:08 -0700] "GET /class54/class5480/Pictures/2.%C3%AA%C2%B8%C2%B0%C3%AB%C2%85%C2%90%C3%AD%C2%96%C2%89%C3%AC%C2%82%C2%AC/%C3%AA%C2%B8%C2%B0%C3%AB%C2%85%C2%90%C3%AD%C2%96%C2%89%C3%AC%C2%82%C2%AC%20(7).jpg HTTP/1.1" 200 3795915 "-" "Mozilla/5.0 (compatible; MJ12bot/v1.4.8; http://mj12bot.com/)" "ysfine.com"
135.181.213.220 - - [19/Oct/2022:06:09:10 -0700] "GET /class54/class5480/Pictures/2.%C3%AA%C2%B8%C2%B0%C3%AB%C2%85%C2%90%C3%AD%C2%96%C2%89%C3%AC%C2%82%C2%AC/%C3%AA%C2%B8%C2%B0%C3%AB%C2%85%C2%90%C3%AD%C2%96%C2%89%C3%AC%C2%82%C2%AC%20(70).jpg HTTP/1.1" 200 3499593 "-" "Mozilla/5.0 (compatible; MJ12bot/v1.4.8; http://mj12bot.com/)" "ysfine.com"
135.181.213.220 - - [19/Oct/2022:06:09:12 -0700] "GET /class54/class5480/Pictures/2.%C3%AA%C2%B8%C2%B0%C3%AB%C2%85%C2%90%C3%AD%C2%96%C2%89%C3%AC%C2%82%C2%AC/%C3%AA%C2%B8%C2%B0%C3%AB%C2%85%C2%90%C3%AD%C2%96%C2%89%C3%AC%C2%82%C2%AC%20(71).jpg HTTP/1.1" 200 3001853 "-" "Mozilla/5.0 (compatible; MJ12bot/v1.4.8; http://mj12bot.com/)" "ysfine.com"
65.21.237.125 - - [19/Oct/2022:06:09:12 -0700] "GET /kobak/shortw.html HTTP/1.1" 200 3128 "https://ysfine.com/world/ysworld.html" "Mozilla/5.0 (compatible; SEOkicks; +https://www.seokicks.de/robot.html)" "ysfine.com"
65.21.237.125 - - [19/Oct/2022:06:09:14 -0700] "GET /style/rteleica.html HTTP/1.1" 404 88 "https://ysfine.com/world/ysworld.html" "Mozilla/5.0 (compatible; SEOkicks; +https://www.seokicks.de/robot.html)" "ysfine.com"
135.181.213.220 - - [19/Oct/2022:06:09:14 -0700] "GET /class54/class5480/Pictures/2.%C3%AA%C2%B8%C2%B0%C3%AB%C2%85%C2%90%C3%AD%C2%96%C2%89%C3%AC%C2%82%C2%AC/%C3%AA%C2%B8%C2%B0%C3%AB%C2%85%C2%90%C3%AD%C2%96%C2%89%C3%AC%C2%82%C2%AC%20(72).jpg HTTP/1.1" 200 3421697 "-" "Mozilla/5.0 (compatible; MJ12bot/v1.4.8; http://mj12bot.com/)" "ysfine.com"
65.21.237.125 - - [19/Oct/2022:06:09:15 -0700] "GET /style/leica.html HTTP/1.1" 200 17158 "https://ysfine.com/world/ysworld.html" "Mozilla/5.0 (compatible; SEOkicks; +https://www.seokicks.de/robot.html)" "ysfine.com"
135.181.213.220 - - [19/Oct/2022:06:09:16 -0700] "GET /class54/class5480/Pictures/2.%C3%AA%C2%B8%C2%B0%C3%AB%C2%85%C2%90%C3%AD%C2%96%C2%89%C3%AC%C2%82%C2%AC/%C3%AA%C2%B8%C2%B0%C3%AB%C2%85%C2%90%C3%AD%C2%96%C2%89%C3%AC%C2%82%C2%AC%20(73).jpg HTTP/1.1" 200 3427635 "-" "Mozilla/5.0 (compatible; MJ12bot/v1.4.8; http://mj12bot.com/)" "ysfine.com"
65.21.237.125 - - [19/Oct/2022:06:09:17 -0700] "GET /world/london.html HTTP/1.1" 200 16969 "https://ysfine.com/world/ysworld.html" "Mozilla/5.0 (compatible; SEOkicks; +https://www.seokicks.de/robot.html)" "ysfine.com"
135.181.213.220 - - [19/Oct/2022:06:09:18 -0700] "GET /class54/class5480/Pictures/2.%C3%AA%C2%B8%C2%B0%C3%AB%C2%85%C2%90%C3%AD%C2%96%C2%89%C3%AC%C2%82%C2%AC/%C3%AA%C2%B8%C2%B0%C3%AB%C2%85%C2%90%C3%AD%C2%96%C2%89%C3%AC%C2%82%C2%AC%20(74).jpg HTTP/1.1" 200 5010247 "-" "Mozilla/5.0 (compatible; MJ12bot/v1.4.8; http://mj12bot.com/)" "ysfine.com"
65.21.237.125 - - [19/Oct/2022:06:09:19 -0700] "GET /world/istanbul.html HTTP/1.1" 200 11361 "https://ysfine.com/world/ysworld.html" "Mozilla/5.0 (compatible; SEOkicks; +https://www.seokicks.de/robot.html)" "ysfine.com"
65.21.237.125 - - [19/Oct/2022:06:09:20 -0700] "GET /world/moscow.html HTTP/1.1" 200 21363 "https://ysfine.com/world/ysworld.html" "Mozilla/5.0 (compatible; SEOkicks; +https://www.seokicks.de/robot.html)" "ysfine.com"
135.181.213.220 - - [19/Oct/2022:06:09:20 -0700] "GET /class54/class5480/Pictures/2.%C3%AA%C2%B8%C2%B0%C3%AB%C2%85%C2%90%C3%AD%C2%96%C2%89%C3%AC%C2%82%C2%AC/%C3%AA%C2%B8%C2%B0%C3%AB%C2%85%C2%90%C3%AD%C2%96%C2%89%C3%AC%C2%82%C2%AC%20(75).jpg HTTP/1.1" 200 7396883 "-" "Mozilla/5.0 (compatible; MJ12bot/v1.4.8; http://mj12bot.com/)" "ysfine.com"
65.21.237.125 - - [19/Oct/2022:06:09:22 -0700] "GET /world/paris.html HTTP/1.1" 200 18129 "https://ysfine.com/world/ysworld.html" "Mozilla/5.0 (compatible; SEOkicks; +https://www.seokicks.de/robot.html)" "ysfine.com"
135.181.213.220 - - [19/Oct/2022:06:09:22 -0700] "GET /class54/class5480/Pictures/2.%C3%AA%C2%B8%C2%B0%C3%AB%C2%85%C2%90%C3%AD%C2%96%C2%89%C3%AC%C2%82%C2%AC/%C3%AA%C2%B8%C2%B0%C3%AB%C2%85%C2%90%C3%AD%C2%96%C2%89%C3%AC%C2%82%C2%AC%20(76).jpg HTTP/1.1" 200 7323979 "-" "Mozilla/5.0 (compatible; MJ12bot/v1.4.8; http://mj12bot.com/)" "ysfine.com"
65.21.237.125 - - [19/Oct/2022:06:09:24 -0700] "GET /world/china11.html HTTP/1.1" 200 24682 "https://ysfine.com/world/ysworld.html" "Mozilla/5.0 (compatible; SEOkicks; +https://www.seokicks.de/robot.html)" "ysfine.com"
135.181.213.220 - - [19/Oct/2022:06:09:24 -0700] "GET /class54/class5480/Pictures/2.%C3%AA%C2%B8%C2%B0%C3%AB%C2%85%C2%90%C3%AD%C2%96%C2%89%C3%AC%C2%82%C2%AC/%C3%AA%C2%B8%C2%B0%C3%AB%C2%85%C2%90%C3%AD%C2%96%C2%89%C3%AC%C2%82%C2%AC%20(77).jpg HTTP/1.1" 200 7092282 "-" "Mozilla/5.0 (compatible; MJ12bot/v1.4.8; http://mj12bot.com/)" "ysfine.com"
65.21.237.125 - - [19/Oct/2022:06:09:25 -0700] "GET /world/roma.html HTTP/1.1" 200 13994 "https://ysfine.com/world/ysworld.html" "Mozilla/5.0 (compatible; SEOkicks; +https://www.seokicks.de/robot.html)" "ysfine.com"
135.181.213.220 - - [19/Oct/2022:06:09:26 -0700] "GET /class54/class5480/Pictures/2.%C3%AA%C2%B8%C2%B0%C3%AB%C2%85%C2%90%C3%AD%C2%96%C2%89%C3%AC%C2%82%C2%AC/%C3%AA%C2%B8%C2%B0%C3%AB%C2%85%C2%90%C3%AD%C2%96%C2%89%C3%AC%C2%82%C2%AC%20(78).jpg HTTP/1.1" 200 4468552 "-" "Mozilla/5.0 (compatible; MJ12bot/v1.4.8; http://mj12bot.com/)" "ysfine.com"
65.21.237.125 - - [19/Oct/2022:06:09:27 -0700] "GET /world/greece.html HTTP/1.1" 200 291 "https://ysfine.com/world/ysworld.html" "Mozilla/5.0 (compatible; SEOkicks; +https://www.seokicks.de/robot.html)" "ysfine.com"
135.181.213.220 - - [19/Oct/2022:06:09:28 -0700] "GET /class54/class5480/Pictures/2.%C3%AA%C2%B8%C2%B0%C3%AB%C2%85%C2%90%C3%AD%C2%96%C2%89%C3%AC%C2%82%C2%AC/%C3%AA%C2%B8%C2%B0%C3%AB%C2%85%C2%90%C3%AD%C2%96%C2%89%C3%AC%C2%82%C2%AC%20(79).jpg HTTP/1.1" 200 7521024 "-" "Mozilla/5.0 (compatible; MJ12bot/v1.4.8; http://mj12bot.com/)" "ysfine.com"
65.21.237.125 - - [19/Oct/2022:06:09:28 -0700] "GET /style/digilit.html HTTP/1.1" 200 8470 "https://ysfine.com/world/ysworld.html" "Mozilla/5.0 (compatible; SEOkicks; +https://www.seokicks.de/robot.html)" "ysfine.com"
74.125.209.8 - - [19/Oct/2022:06:09:50 -0700] "GET /wdc/wasmap11.jpg HTTP/1.1" 200 90827 "-" "Mozilla/5.0 (Windows NT 5.1; rv:11.0) Gecko Firefox/11.0 (via ggpht.com GoogleImageProxy)" "www.ysfine.com"
95.105.189.162 - - [19/Oct/2022:06:10:04 -0700] "GET /kowar/provis01.jpg HTTP/1.1" 200 103920 "https://www.google.com/" "Mozilla/5.0 (Windows NT 6.3; Win64; x64; rv:105.0) Gecko/20100101 Firefox/105.0" "ysfine.com"
157.55.39.54 - - [19/Oct/2022:06:11:24 -0700] "GET /world/balticw.html HTTP/1.1" 200 15785 "-" "Mozilla/5.0 (compatible; bingbot/2.0; +http://www.bing.com/bingbot.htm)" "www.ysfine.com"
17.121.112.169 - - [19/Oct/2022:06:11:34 -0700] "GET /feynman/feyntop.html HTTP/1.1" 200 435 "https://ysfine.com/feynman/index.html" "Mozilla/5.0 (Macintosh; Intel Mac OS X 10_15_5) AppleWebKit/605.1.15 (KHTML, like Gecko) Version/13.1.1 Safari/605.1.15 (Applebot/0.1; +http://www.apple.com/go/applebot)" "ysfine.com"
17.121.115.136 - - [19/Oct/2022:06:11:34 -0700] "GET /feynman/feynbot.html HTTP/1.1" 200 138 "https://ysfine.com/feynman/index.html" "Mozilla/5.0 (Macintosh; Intel Mac OS X 10_15_5) AppleWebKit/605.1.15 (KHTML, like Gecko) Version/13.1.1 Safari/605.1.15 (Applebot/0.1; +http://www.apple.com/go/applebot)" "ysfine.com"
17.121.115.136 - - [19/Oct/2022:06:11:35 -0700] "GET /feynman/feynrigh.html HTTP/1.1" 200 2183 "https://ysfine.com/feynman/feynbot.html" "Mozilla/5.0 (Macintosh; Intel Mac OS X 10_15_5) AppleWebKit/605.1.15 (KHTML, like Gecko) Version/13.1.1 Safari/605.1.15 (Applebot/0.1; +http://www.apple.com/go/applebot)" "ysfine.com"
17.121.112.169 - - [19/Oct/2022:06:11:35 -0700] "GET /feynman/feynleft.html HTTP/1.1" 200 523 "https://ysfine.com/feynman/feynbot.html" "Mozilla/5.0 (Macintosh; Intel Mac OS X 10_15_5) AppleWebKit/605.1.15 (KHTML, like Gecko) Version/13.1.1 Safari/605.1.15 (Applebot/0.1; +http://www.apple.com/go/applebot)" "ysfine.com"
51.222.253.3 - - [19/Oct/2022:06:12:44 -0700] "GET /world/france/champ96.html HTTP/1.1" 200 336 "-" "Mozilla/5.0 (compatible; AhrefsBot/7.0; +http://ahrefs.com/robot/)" "www.ysfine.com"
51.222.253.20 - - [19/Oct/2022:06:12:48 -0700] "GET /world/france/champ9603.jpg HTTP/1.1" 200 107203 "-" "Mozilla/5.0 (compatible; AhrefsBot/7.0; +http://ahrefs.com/robot/)" "www.ysfine.com"
51.222.253.2 - - [19/Oct/2022:06:12:49 -0700] "GET /world/france/champ9605.jpg HTTP/1.1" 200 104970 "-" "Mozilla/5.0 (compatible; AhrefsBot/7.0; +http://ahrefs.com/robot/)" "www.ysfine.com"
51.222.253.15 - - [19/Oct/2022:06:12:49 -0700] "GET /world/france/champ9602.jpg HTTP/1.1" 200 112484 "-" "Mozilla/5.0 (compatible; AhrefsBot/7.0; +http://ahrefs.com/robot/)" "www.ysfine.com"
51.222.253.10 - - [19/Oct/2022:06:12:50 -0700] "GET /world/france/champ9606.jpg HTTP/1.1" 200 43990 "-" "Mozilla/5.0 (compatible; AhrefsBot/7.0; +http://ahrefs.com/robot/)" "www.ysfine.com"
165.155.173.6 - - [19/Oct/2022:06:12:50 -0700] "GET /princeton/alexan22.jpg HTTP/1.1" 200 175436 "https://www.google.com/" "Mozilla/5.0 (X11; CrOS aarch64 14989.107.0) AppleWebKit/537.36 (KHTML, like Gecko) Chrome/105.0.0.0 Safari/537.36" "ysfine.com"
51.222.253.14 - - [19/Oct/2022:06:12:51 -0700] "GET /world/france/champ9611.jpg HTTP/1.1" 200 83996 "-" "Mozilla/5.0 (compatible; AhrefsBot/7.0; +http://ahrefs.com/robot/)" "www.ysfine.com"
51.222.253.10 - - [19/Oct/2022:06:12:52 -0700] "GET /world/france/champ9609.jpg HTTP/1.1" 200 110755 "-" "Mozilla/5.0 (compatible; AhrefsBot/7.0; +http://ahrefs.com/robot/)" "www.ysfine.com"
51.222.253.20 - - [19/Oct/2022:06:12:52 -0700] "GET /world/france/champ9610.jpg HTTP/1.1" 200 109247 "-" "Mozilla/5.0 (compatible; AhrefsBot/7.0; +http://ahrefs.com/robot/)" "www.ysfine.com"
51.222.253.7 - - [19/Oct/2022:06:12:53 -0700] "GET /world/france/champ9601.jpg HTTP/1.1" 200 120539 "-" "Mozilla/5.0 (compatible; AhrefsBot/7.0; +http://ahrefs.com/robot/)" "www.ysfine.com"
51.222.253.16 - - [19/Oct/2022:06:12:53 -0700] "GET /world/france/champ9604.jpg HTTP/1.1" 200 102875 "-" "Mozilla/5.0 (compatible; AhrefsBot/7.0; +http://ahrefs.com/robot/)" "www.ysfine.com"
51.222.253.11 - - [19/Oct/2022:06:12:54 -0700] "GET /world/france/champ9607.jpg HTTP/1.1" 200 122780 "-" "Mozilla/5.0 (compatible; AhrefsBot/7.0; +http://ahrefs.com/robot/)" "www.ysfine.com"
157.55.39.54 - - [19/Oct/2022:06:14:04 -0700] "GET /maga/phys/doppler11.jpg HTTP/1.1" 200 84534 "-" "Mozilla/5.0 AppleWebKit/537.36 (KHTML, like Gecko; compatible; bingbot/2.0; +http://www.bing.com/bingbot.htm) Chrome/103.0.5060.134 Safari/537.36" "ysfine.com"
118.172.32.65 - - [19/Oct/2022:06:15:32 -0700] "GET /maga/phys/yukafeyn.jpg HTTP/1.1" 200 111167 "https://www.google.com/" "Mozilla/5.0 (Windows NT 10.0; Win64; x64) AppleWebKit/537.36 (KHTML, like Gecko) Chrome/106.0.0.0 Safari/537.36" "ysfine.com"
154.22.132.21 - - [19/Oct/2022:06:15:41 -0700] "GET /world/russ/pyres01.jpg HTTP/1.1" 200 84825 "-" "Mozilla/5.0 (Windows NT 6.3; WOW64) AppleWebKit/537.36 (KHTML, like Gecko) Chrome/38.0.2125.111 Safari/537.36" "www.ysfine.com"
154.92.127.6 - - [19/Oct/2022:06:15:41 -0700] "GET /kobak/pyres.jpg HTTP/1.1" 200 84825 "-" "Mozilla/5.0 (Windows NT 6.3; WOW64) AppleWebKit/537.36 (KHTML, like Gecko) Chrome/38.0.2125.111 Safari/537.36" "www.ysfine.com"
118.172.32.65 - - [19/Oct/2022:06:15:46 -0700] "GET /feynman/feydirac.jpg HTTP/1.1" 200 98378 "https://www.google.com/" "Mozilla/5.0 (Windows NT 10.0; Win64; x64) AppleWebKit/537.36 (KHTML, like Gecko) Chrome/106.0.0.0 Safari/537.36" "ysfine.com"
187.105.30.35 - - [19/Oct/2022:06:15:59 -0700] "GET /maga/phys/landau44.jpg HTTP/1.1" 200 38430 "https://www.google.com/" "Mozilla/5.0 (Linux; Android 11; SM-A307GT) AppleWebKit/537.36 (KHTML, like Gecko) Chrome/106.0.0.0 Mobile Safari/537.36" "ysfine.com"
199.212.250.155 - - [19/Oct/2022:06:16:02 -0700] "GET /maga/phys/schrod11.jpg HTTP/1.1" 200 107958 "https://www.bing.com/" "Mozilla/5.0 (Windows NT 10.0; Win64; x64) AppleWebKit/537.36 (KHTML, like Gecko) Chrome/106.0.0.0 Safari/537.36 Edg/106.0.1370.42" "www.ysfine.com"
178.218.158.59 - - [19/Oct/2022:06:16:06 -0700] "GET /kowar/tanks/tank21.jpg HTTP/1.1" 200 52329 "https://novyefoto.ru/" "Mozilla/5.0 (iPhone; CPU iPhone OS 15_6 like Mac OS X) AppleWebKit/605.1.15 (KHTML, like Gecko) Version/15.0 YaBrowser/22.9.6.529.10 SA/3 Mobile/15E148 Safari/604.1" "ysfine.com"
157.55.39.58 - - [19/Oct/2022:06:16:33 -0700] "GET /world/russ/khahi99b.jpg HTTP/1.1" 200 46503 "-" "Mozilla/5.0 AppleWebKit/537.36 (KHTML, like Gecko; compatible; bingbot/2.0; +http://www.bing.com/bingbot.htm) Chrome/103.0.5060.134 Safari/537.36" "ysfine.com"
157.55.39.55 - - [19/Oct/2022:06:16:50 -0700] "GET /world/israel/jeruf10.jpg HTTP/1.1" 200 152064 "-" "Mozilla/5.0 AppleWebKit/537.36 (KHTML, like Gecko; compatible; bingbot/2.0; +http://www.bing.com/bingbot.htm) Chrome/103.0.5060.134 Safari/537.36" "ysfine.com"
157.55.39.128 - - [19/Oct/2022:06:16:53 -0700] "GET /friends/moso01b.jpg HTTP/1.1" 404 88 "-" "Mozilla/5.0 AppleWebKit/537.36 (KHTML, like Gecko; compatible; bingbot/2.0; +http://www.bing.com/bingbot.htm) Chrome/103.0.5060.134 Safari/537.36" "www.ysfine.com"
157.55.39.55 - - [19/Oct/2022:06:18:40 -0700] "GET /confer/newsgr.html HTTP/1.1" 200 944 "-" "Mozilla/5.0 (compatible; bingbot/2.0; +http://www.bing.com/bingbot.htm)" "ysfine.com"
157.55.39.127 - - [19/Oct/2022:06:18:44 -0700] "GET /home/easy.html HTTP/1.1" 200 7877 "-" "Mozilla/5.0 AppleWebKit/537.36 (KHTML, like Gecko; compatible; bingbot/2.0; +http://www.bing.com/bingbot.htm) Chrome/103.0.5060.134 Safari/537.36" "ysfine.com"
40.77.167.27 - - [19/Oct/2022:06:18:49 -0700] "GET /kobak/sebiro.html HTTP/1.1" 200 8966 "-" "Mozilla/5.0 AppleWebKit/537.36 (KHTML, like Gecko; compatible; bingbot/2.0; +http://www.bing.com/bingbot.htm) Chrome/103.0.5060.134 Safari/537.36" "ysfine.com"
123.7.236.203 - - [19/Oct/2022:06:19:52 -0700] "GET /robots.txt HTTP/1.1" 404 88 "-" "Mozilla/5.0 (Windows NT 10.0; Win64; x64) AppleWebKit/537.36 (KHTML, like Gecko) Chrome/92.0.4515.159 Safari/537.36" "ysfine.com"
157.55.39.55 - - [19/Oct/2022:06:20:10 -0700] "GET /world/brit/harrow04.jpg HTTP/1.1" 200 118660 "-" "Mozilla/5.0 (compatible; bingbot/2.0; +http://www.bing.com/bingbot.htm)" "ysfine.com"
65.21.237.125 - - [19/Oct/2022:06:21:03 -0700] "GET /world/musplace.html HTTP/1.1" 200 22077 "https://ysfine.com/world/ysworld.html" "Mozilla/5.0 (compatible; SEOkicks; +https://www.seokicks.de/robot.html)" "ysfine.com"
65.21.237.125 - - [19/Oct/2022:06:21:04 -0700] "GET /style/artlove.html HTTP/1.1" 200 16005 "https://ysfine.com/world/ysworld.html" "Mozilla/5.0 (compatible; SEOkicks; +https://www.seokicks.de/robot.html)" "ysfine.com"
65.21.237.125 - - [19/Oct/2022:06:21:06 -0700] "GET /newyork/nyc.html HTTP/1.1" 200 31389 "https://ysfine.com/world/ysworld.html" "Mozilla/5.0 (compatible; SEOkicks; +https://www.seokicks.de/robot.html)" "ysfine.com"
65.21.237.125 - - [19/Oct/2022:06:21:08 -0700] "GET /wdc/wasdc.html HTTP/1.1" 200 13715 "https://ysfine.com/world/ysworld.html" "Mozilla/5.0 (compatible; SEOkicks; +https://www.seokicks.de/robot.html)" "ysfine.com"
65.21.237.125 - - [19/Oct/2022:06:21:09 -0700] "GET /princeton/campus.html HTTP/1.1" 200 15142 "https://ysfine.com/world/ysworld.html" "Mozilla/5.0 (compatible; SEOkicks; +https://www.seokicks.de/robot.html)" "ysfine.com"
65.21.237.125 - - [19/Oct/2022:06:21:11 -0700] "GET /usca/pgh.html HTTP/1.1" 200 13572 "https://ysfine.com/world/ysworld.html" "Mozilla/5.0 (compatible; SEOkicks; +https://www.seokicks.de/robot.html)" "ysfine.com"
65.21.237.125 - - [19/Oct/2022:06:21:12 -0700] "GET /usca/neworl.html HTTP/1.1" 200 14308 "https://ysfine.com/world/ysworld.html" "Mozilla/5.0 (compatible; SEOkicks; +https://www.seokicks.de/robot.html)" "ysfine.com"
65.21.237.125 - - [19/Oct/2022:06:21:14 -0700] "GET /world/budapest.html HTTP/1.1" 200 8325 "https://ysfine.com/world/ysworld.html" "Mozilla/5.0 (compatible; SEOkicks; +https://www.seokicks.de/robot.html)" "ysfine.com"
65.21.237.125 - - [19/Oct/2022:06:21:15 -0700] "GET /world/kiev.html HTTP/1.1" 200 4582 "https://ysfine.com/world/ysworld.html" "Mozilla/5.0 (compatible; SEOkicks; +https://www.seokicks.de/robot.html)" "ysfine.com"
65.21.237.125 - - [19/Oct/2022:06:21:16 -0700] "GET /world/minsk.html HTTP/1.1" 200 7116 "https://ysfine.com/world/ysworld.html" "Mozilla/5.0 (compatible; SEOkicks; +https://www.seokicks.de/robot.html)" "ysfine.com"
65.21.237.125 - - [19/Oct/2022:06:21:18 -0700] "GET /world/feynrio.html HTTP/1.1" 200 8831 "https://ysfine.com/world/ysworld.html" "Mozilla/5.0 (compatible; SEOkicks; +https://www.seokicks.de/robot.html)" "ysfine.com"
150.158.130.124 - - [19/Oct/2022:06:22:21 -0700] "GET /xmlrpc.php HTTP/1.1" 404 88 "-" "Mozilla/5.0 (Windows NT 6.1; WOW64; rv:45.0) Gecko/20100101 Firefox/45.0" "www.ysfine.com"
65.21.237.125 - - [19/Oct/2022:06:22:25 -0700] "GET /world/vienna.html HTTP/1.1" 200 7048 "https://ysfine.com/world/ysworld.html" "Mozilla/5.0 (compatible; SEOkicks; +https://www.seokicks.de/robot.html)" "ysfine.com"
65.21.237.125 - - [19/Oct/2022:06:22:27 -0700] "GET /world/balticw.html HTTP/1.1" 200 15785 "https://ysfine.com/world/ysworld.html" "Mozilla/5.0 (compatible; SEOkicks; +https://www.seokicks.de/robot.html)" "ysfine.com"
65.21.237.125 - - [19/Oct/2022:06:22:28 -0700] "GET /world/germany.html HTTP/1.1" 200 474 "https://ysfine.com/world/ysworld.html" "Mozilla/5.0 (compatible; SEOkicks; +https://www.seokicks.de/robot.html)" "ysfine.com"
65.21.237.125 - - [19/Oct/2022:06:22:30 -0700] "GET /world/jeru.html HTTP/1.1" 200 6991 "https://ysfine.com/world/ysworld.html" "Mozilla/5.0 (compatible; SEOkicks; +https://www.seokicks.de/robot.html)" "ysfine.com"
65.21.237.125 - - [19/Oct/2022:06:22:31 -0700] "GET /world/polandw.html HTTP/1.1" 200 17892 "https://ysfine.com/world/ysworld.html" "Mozilla/5.0 (compatible; SEOkicks; +https://www.seokicks.de/robot.html)" "ysfine.com"
65.21.237.125 - - [19/Oct/2022:06:22:33 -0700] "GET /world/scanw.html HTTP/1.1" 200 8407 "https://ysfine.com/world/ysworld.html" "Mozilla/5.0 (compatible; SEOkicks; +https://www.seokicks.de/robot.html)" "ysfine.com"
65.21.237.125 - - [19/Oct/2022:06:22:34 -0700] "GET /world/andal.html HTTP/1.1" 200 10099 "https://ysfine.com/world/ysworld.html" "Mozilla/5.0 (compatible; SEOkicks; +https://www.seokicks.de/robot.html)" "ysfine.com"
65.21.237.125 - - [19/Oct/2022:06:22:35 -0700] "GET /maga/index.html HTTP/1.1" 200 6127 "https://ysfine.com/world/ysworld.html" "Mozilla/5.0 (compatible; SEOkicks; +https://www.seokicks.de/robot.html)" "ysfine.com"
65.21.237.125 - - [19/Oct/2022:06:22:37 -0700] "GET /home/genea.html HTTP/1.1" 200 2872 "https://ysfine.com/world/ysworld.html" "Mozilla/5.0 (compatible; SEOkicks; +https://www.seokicks.de/robot.html)" "ysfine.com"
65.21.237.125 - - [19/Oct/2022:06:22:38 -0700] "GET /princeton/index.html HTTP/1.1" 200 140 "https://ysfine.com/world/ysworld.html" "Mozilla/5.0 (compatible; SEOkicks; +https://www.seokicks.de/robot.html)" "ysfine.com"
40.77.167.27 - - [19/Oct/2022:06:22:49 -0700] "GET /sbk/2006stpaul11.jpg HTTP/1.1" 200 305295 "-" "Mozilla/5.0 AppleWebKit/537.36 (KHTML, like Gecko; compatible; bingbot/2.0; +http://www.bing.com/bingbot.htm) Chrome/103.0.5060.134 Safari/537.36" "ysfine.com"
66.249.66.40 - - [19/Oct/2022:06:23:26 -0700] "GET /articles/restof.pdf HTTP/1.1" 401 90 "-" "Googlebot/2.1 (+http://www.google.com/bot.html)" "ysfine.com"
157.55.39.58 - - [19/Oct/2022:06:23:43 -0700] "GET /world/brit/oxlon56.jpg HTTP/1.1" 200 116824 "-" "Mozilla/5.0 AppleWebKit/537.36 (KHTML, like Gecko; compatible; bingbot/2.0; +http://www.bing.com/bingbot.htm) Chrome/103.0.5060.134 Safari/537.36" "ysfine.com"
40.77.167.27 - - [19/Oct/2022:06:23:49 -0700] "GET /world/ital/panth11.jpg HTTP/1.1" 200 118055 "-" "Mozilla/5.0 AppleWebKit/537.36 (KHTML, like Gecko; compatible; bingbot/2.0; +http://www.bing.com/bingbot.htm) Chrome/103.0.5060.134 Safari/537.36" "ysfine.com"
195.246.120.101 - - [19/Oct/2022:06:25:03 -0700] "GET /wisdom/wk96.html HTTP/1.1" 200 68873 "https://ysfine.com/" "Mozilla/5.0 (Windows NT 10.0; WOW64) AppleWebKit/537.36 (KHTML, like Gecko) Chrome/103.0.0.0 YaBrowser/22.7.0 Yowser/2.5 Safari/537.36" "ysfine.com"
72.10.127.194 - - [19/Oct/2022:06:25:57 -0700] "GET /maga/phys/schrod11b.jpg HTTP/1.1" 200 36796 "https://www.google.com/" "Mozilla/5.0 (X11; CrOS x86_64 14989.107.0) AppleWebKit/537.36 (KHTML, like Gecko) Chrome/105.0.0.0 Safari/537.36" "ysfine.com"
157.55.39.55 - - [19/Oct/2022:06:26:42 -0700] "GET /bio/style/ystyle.html HTTP/1.1" 404 88 "-" "Mozilla/5.0 AppleWebKit/537.36 (KHTML, like Gecko; compatible; bingbot/2.0; +http://www.bing.com/bingbot.htm) Chrome/103.0.5060.134 Safari/537.36" "ysfine.com"
173.73.77.36 - - [19/Oct/2022:06:26:49 -0700] "GET /ys11/ HTTP/1.1" 304 - "-" "Mozilla/5.0 (Windows NT 10.0; Win64; x64) AppleWebKit/537.36 (KHTML, like Gecko) Chrome/106.0.0.0 Safari/537.36" "ysfine.com"
173.73.77.36 - - [19/Oct/2022:06:26:49 -0700] "GET /favicon.ico HTTP/1.1" 404 88 "https://ysfine.com/ys11/" "Mozilla/5.0 (Windows NT 10.0; Win64; x64) AppleWebKit/537.36 (KHTML, like Gecko) Chrome/106.0.0.0 Safari/537.36" "ysfine.com"
40.77.167.27 - - [19/Oct/2022:06:27:09 -0700] "GET /home/figs/sp2.jpg HTTP/1.1" 200 80150 "-" "Mozilla/5.0 (compatible; bingbot/2.0; +http://www.bing.com/bingbot.htm)" "www.ysfine.com"
157.55.39.58 - - [19/Oct/2022:06:27:15 -0700] "GET /bio/bio07.html HTTP/1.1" 404 88 "-" "Mozilla/5.0 AppleWebKit/537.36 (KHTML, like Gecko; compatible; bingbot/2.0; +http://www.bing.com/bingbot.htm) Chrome/103.0.5060.134 Safari/537.36" "ysfine.com"
206.127.212.245 - - [19/Oct/2022:06:27:21 -0700] "GET /maga/phys/yukaheisen67.jpg HTTP/1.1" 200 92949 "-" "Mozilla/5.0 (Windows NT 6.3; WOW64) AppleWebKit/537.36 (KHTML, like Gecko) Chrome/38.0.2125.111 Safari/537.36" "www.ysfine.com"
157.55.39.55 - - [19/Oct/2022:06:27:21 -0700] "GET /world/russ/minsk046.jpg HTTP/1.1" 200 96052 "-" "Mozilla/5.0 (compatible; bingbot/2.0; +http://www.bing.com/bingbot.htm)" "ysfine.com"
157.55.39.127 - - [19/Oct/2022:06:27:54 -0700] "GET /wdc/eindc05.jpg HTTP/1.1" 200 168467 "-" "Mozilla/5.0 (compatible; bingbot/2.0; +http://www.bing.com/bingbot.htm)" "ysfine.com"
40.77.167.27 - - [19/Oct/2022:06:28:19 -0700] "GET /world/russ/masha66.jpg HTTP/1.1" 200 81472 "-" "Mozilla/5.0 (compatible; bingbot/2.0; +http://www.bing.com/bingbot.htm)" "www.ysfine.com"
157.55.39.54 - - [19/Oct/2022:06:28:36 -0700] "GET /bio/einstein/bern.html HTTP/1.1" 404 88 "-" "Mozilla/5.0 (compatible; bingbot/2.0; +http://www.bing.com/bingbot.htm)" "ysfine.com"
157.55.39.54 - - [19/Oct/2022:06:28:37 -0700] "GET /world/brit/kensington05.jpg HTTP/1.1" 200 58503 "-" "Mozilla/5.0 AppleWebKit/537.36 (KHTML, like Gecko; compatible; bingbot/2.0; +http://www.bing.com/bingbot.htm) Chrome/103.0.5060.134 Safari/537.36" "ysfine.com"
95.163.255.71 - - [19/Oct/2022:06:29:11 -0700] "GET /robots.txt HTTP/1.1" 404 73 "-" "Mozilla/5.0 (compatible; Linux x86_64; Mail.RU_Bot/Img/2.0; +https://help.mail.ru/webmaster/indexing/robots)" "ysfine.com"
95.163.255.100 - - [19/Oct/2022:06:29:13 -0700] "GET /maga/invent/popov02.jpg HTTP/1.1" 200 148886 "http://go.mail.ru/search_images" "Mozilla/5.0 (compatible; Linux x86_64; Mail.RU_Bot/Img/2.0; +https://help.mail.ru/webmaster/indexing/robots)" "ysfine.com"
157.55.39.55 - - [19/Oct/2022:06:30:01 -0700] "GET /sbk/2009rome11.jpg HTTP/1.1" 200 191357 "-" "Mozilla/5.0 (compatible; bingbot/2.0; +http://www.bing.com/bingbot.htm)" "ysfine.com"
106.227.34.64 - - [19/Oct/2022:06:30:23 -0700] "GET /template/default/common/common.css HTTP/1.1" 404 73 "http://ysfine.com/template/default/common/common.css" "Mozilla/5.0 (compatible; MSIE 9.0; Windows NT 6.1; Win64; x64; Trident/5.0)" "ysfine.com"
157.55.39.58 - - [19/Oct/2022:06:31:44 -0700] "GET /class54/nam/namrigh.html HTTP/1.1" 200 922 "-" "Mozilla/5.0 (compatible; bingbot/2.0; +http://www.bing.com/bingbot.htm)" "www.ysfine.com"
122.11.214.221 - - [19/Oct/2022:06:31:47 -0700] "GET /dirac/dirheisen31b.jpg HTTP/1.1" 200 39248 "https://www.google.com/" "Mozilla/5.0 (Linux; Android 9; SM-A505F Build/PPR1.180610.011; wv) AppleWebKit/537.36 (KHTML, like Gecko) Version/4.0 Chrome/103.0.5060.129 Mobile Safari/537.36 GoogleApp/13.30.10.26.arm64" "ysfine.com"
157.55.39.127 - - [19/Oct/2022:06:31:56 -0700] "GET /bio/style/shops.html HTTP/1.1" 404 88 "-" "Mozilla/5.0 (compatible; bingbot/2.0; +http://www.bing.com/bingbot.htm)" "ysfine.com"
157.55.39.58 - - [19/Oct/2022:06:32:33 -0700] "GET /ffriends/amkor/koprof06.jpg HTTP/1.1" 200 78282 "-" "Mozilla/5.0 (compatible; bingbot/2.0; +http://www.bing.com/bingbot.htm)" "ysfine.com"
173.73.77.36 - - [19/Oct/2022:06:33:12 -0700] "GET / HTTP/1.1" 200 5283 "https://www.google.com/" "Mozilla/5.0 (Windows NT 10.0; Win64; x64) AppleWebKit/537.36 (KHTML, like Gecko) Chrome/106.0.0.0 Safari/537.36" "ysfine.com"
188.39.160.82 - - [19/Oct/2022:06:33:24 -0700] "GET /world/france/notre01.jpg HTTP/1.1" 200 229864 "https://www.google.com/" "Mozilla/5.0 (Windows NT 10.0; Win64; x64) AppleWebKit/537.36 (KHTML, like Gecko) Chrome/106.0.0.0 Safari/537.36" "ysfine.com"
173.73.77.36 - - [19/Oct/2022:06:33:25 -0700] "GET /home/ HTTP/1.1" 200 142 "https://www.google.com/" "Mozilla/5.0 (Windows NT 10.0; Win64; x64) AppleWebKit/537.36 (KHTML, like Gecko) Chrome/106.0.0.0 Safari/537.36" "ysfine.com"
173.73.77.36 - - [19/Oct/2022:06:33:25 -0700] "GET /home/hmbot.html HTTP/1.1" 200 132 "https://ysfine.com/home/" "Mozilla/5.0 (Windows NT 10.0; Win64; x64) AppleWebKit/537.36 (KHTML, like Gecko) Chrome/106.0.0.0 Safari/537.36" "ysfine.com"
173.73.77.36 - - [19/Oct/2022:06:33:25 -0700] "GET /home/hmtop.html HTTP/1.1" 200 452 "https://ysfine.com/home/" "Mozilla/5.0 (Windows NT 10.0; Win64; x64) AppleWebKit/537.36 (KHTML, like Gecko) Chrome/106.0.0.0 Safari/537.36" "ysfine.com"
173.73.77.36 - - [19/Oct/2022:06:33:25 -0700] "GET /home/hmrigh.html HTTP/1.1" 200 4214 "https://ysfine.com/home/hmbot.html" "Mozilla/5.0 (Windows NT 10.0; Win64; x64) AppleWebKit/537.36 (KHTML, like Gecko) Chrome/106.0.0.0 Safari/537.36" "ysfine.com"
173.73.77.36 - - [19/Oct/2022:06:33:25 -0700] "GET /home/hmleft.html HTTP/1.1" 200 861 "https://ysfine.com/home/hmbot.html" "Mozilla/5.0 (Windows NT 10.0; Win64; x64) AppleWebKit/537.36 (KHTML, like Gecko) Chrome/106.0.0.0 Safari/537.36" "ysfine.com"
173.73.77.36 - - [19/Oct/2022:06:33:25 -0700] "GET /home/emc22a.jpg HTTP/1.1" 200 59239 "https://ysfine.com/home/hmrigh.html" "Mozilla/5.0 (Windows NT 10.0; Win64; x64) AppleWebKit/537.36 (KHTML, like Gecko) Chrome/106.0.0.0 Safari/537.36" "ysfine.com"
173.73.77.36 - - [19/Oct/2022:06:33:25 -0700] "GET /home/facu63c.jpg HTTP/1.1" 200 41710 "https://ysfine.com/home/hmrigh.html" "Mozilla/5.0 (Windows NT 10.0; Win64; x64) AppleWebKit/537.36 (KHTML, like Gecko) Chrome/106.0.0.0 Safari/537.36" "ysfine.com"
173.73.77.36 - - [19/Oct/2022:06:33:25 -0700] "GET /ysbio/socrates55c.jpg HTTP/1.1" 200 36471 "https://ysfine.com/home/hmrigh.html" "Mozilla/5.0 (Windows NT 10.0; Win64; x64) AppleWebKit/537.36 (KHTML, like Gecko) Chrome/106.0.0.0 Safari/537.36" "ysfine.com"
173.73.77.36 - - [19/Oct/2022:06:33:25 -0700] "GET /home/further22a.jpg HTTP/1.1" 200 75776 "https://ysfine.com/home/hmrigh.html" "Mozilla/5.0 (Windows NT 10.0; Win64; x64) AppleWebKit/537.36 (KHTML, like Gecko) Chrome/106.0.0.0 Safari/537.36" "ysfine.com"
173.73.77.36 - - [19/Oct/2022:06:33:25 -0700] "GET /eink/eink54a.jpg HTTP/1.1" 200 79717 "https://ysfine.com/home/hmrigh.html" "Mozilla/5.0 (Windows NT 10.0; Win64; x64) AppleWebKit/537.36 (KHTML, like Gecko) Chrome/106.0.0.0 Safari/537.36" "ysfine.com"
173.73.77.36 - - [19/Oct/2022:06:33:25 -0700] "GET /ysbio/coke300.jpg HTTP/1.1" 200 50941 "https://ysfine.com/home/hmrigh.html" "Mozilla/5.0 (Windows NT 10.0; Win64; x64) AppleWebKit/537.36 (KHTML, like Gecko) Chrome/106.0.0.0 Safari/537.36" "ysfine.com"
173.73.77.36 - - [19/Oct/2022:06:33:25 -0700] "GET /ysbio/think55c.jpg HTTP/1.1" 200 37438 "https://ysfine.com/home/hmrigh.html" "Mozilla/5.0 (Windows NT 10.0; Win64; x64) AppleWebKit/537.36 (KHTML, like Gecko) Chrome/106.0.0.0 Safari/537.36" "ysfine.com"
173.73.77.36 - - [19/Oct/2022:06:33:25 -0700] "GET /home/comet50a.jpg HTTP/1.1" 200 52015 "https://ysfine.com/home/hmrigh.html" "Mozilla/5.0 (Windows NT 10.0; Win64; x64) AppleWebKit/537.36 (KHTML, like Gecko) Chrome/106.0.0.0 Safari/537.36" "ysfine.com"
173.73.77.36 - - [19/Oct/2022:06:33:25 -0700] "GET /home/figs/einbohr33c.jpg HTTP/1.1" 200 36413 "https://ysfine.com/home/hmrigh.html" "Mozilla/5.0 (Windows NT 10.0; Win64; x64) AppleWebKit/537.36 (KHTML, like Gecko) Chrome/106.0.0.0 Safari/537.36" "ysfine.com"
173.73.77.36 - - [19/Oct/2022:06:33:25 -0700] "GET /home/tollwig11c.jpg HTTP/1.1" 200 28199 "https://ysfine.com/home/hmrigh.html" "Mozilla/5.0 (Windows NT 10.0; Win64; x64) AppleWebKit/537.36 (KHTML, like Gecko) Chrome/106.0.0.0 Safari/537.36" "ysfine.com"
173.73.77.36 - - [19/Oct/2022:06:33:25 -0700] "GET /ysbio/eink/einhaus33c.jpg HTTP/1.1" 200 23792 "https://ysfine.com/home/hmrigh.html" "Mozilla/5.0 (Windows NT 10.0; Win64; x64) AppleWebKit/537.36 (KHTML, like Gecko) Chrome/106.0.0.0 Safari/537.36" "ysfine.com"
111.250.7.50 - - [19/Oct/2022:06:34:06 -0700] "GET /einstein/einbohr33.jpg HTTP/1.1" 200 87797 "https://www.google.com/" "Mozilla/5.0 (Macintosh; Intel Mac OS X 10_15_7) AppleWebKit/537.36 (KHTML, like Gecko) Chrome/106.0.0.0 Safari/537.36" "ysfine.com"
40.77.167.27 - - [19/Oct/2022:06:34:20 -0700] "GET /dirac/jablo62.jpg HTTP/1.1" 200 206686 "-" "Mozilla/5.0 (compatible; bingbot/2.0; +http://www.bing.com/bingbot.htm)" "ysfine.com"
157.55.39.55 - - [19/Oct/2022:06:34:24 -0700] "GET /world/france/eiffel01.jpg HTTP/1.1" 200 81535 "-" "Mozilla/5.0 (compatible; bingbot/2.0; +http://www.bing.com/bingbot.htm)" "ysfine.com"
69.63.189.4 - - [19/Oct/2022:06:35:17 -0700] "GET /home/ HTTP/1.1" 206 142 "-" "facebookexternalhit/1.1 (+http://www.facebook.com/externalhit_uatext.php)" "ysfine.com"
173.73.77.36 - - [19/Oct/2022:06:36:52 -0700] "GET /ysbio/bio04.html HTTP/1.1" 304 - "https://ysfine.com/ys11/" "Mozilla/5.0 (Windows NT 10.0; Win64; x64; rv:105.0) Gecko/20100101 Firefox/105.0" "ysfine.com"
173.73.77.36 - - [19/Oct/2022:06:36:52 -0700] "GET /ysbio/yspr61d.jpg HTTP/1.1" 200 64126 "https://ysfine.com/ysbio/bio04.html" "Mozilla/5.0 (Windows NT 10.0; Win64; x64; rv:105.0) Gecko/20100101 Firefox/105.0" "ysfine.com"
173.73.77.36 - - [19/Oct/2022:06:36:52 -0700] "GET /ysbio/facu450.jpg HTTP/1.1" 200 74535 "https://ysfine.com/ysbio/bio04.html" "Mozilla/5.0 (Windows NT 10.0; Win64; x64; rv:105.0) Gecko/20100101 Firefox/105.0" "ysfine.com"
173.73.77.36 - - [19/Oct/2022:06:36:52 -0700] "GET /ysbio/fotos/stephens11d.jpg HTTP/1.1" 200 55455 "https://ysfine.com/ysbio/bio04.html" "Mozilla/5.0 (Windows NT 10.0; Win64; x64; rv:105.0) Gecko/20100101 Firefox/105.0" "ysfine.com"
173.73.77.36 - - [19/Oct/2022:06:36:52 -0700] "GET /ysbio/fotos/kennedy60d.jpg HTTP/1.1" 200 57844 "https://ysfine.com/ysbio/bio04.html" "Mozilla/5.0 (Windows NT 10.0; Win64; x64; rv:105.0) Gecko/20100101 Firefox/105.0" "ysfine.com"
173.73.77.36 - - [19/Oct/2022:06:36:52 -0700] "GET /ysbio/fotos/photo00d.jpg HTTP/1.1" 200 72203 "https://ysfine.com/ysbio/bio04.html" "Mozilla/5.0 (Windows NT 10.0; Win64; x64; rv:105.0) Gecko/20100101 Firefox/105.0" "ysfine.com"
173.73.77.36 - - [19/Oct/2022:06:36:52 -0700] "GET /ysbio/bek44a.jpg HTTP/1.1" 404 88 "https://ysfine.com/ysbio/bio04.html" "Mozilla/5.0 (Windows NT 10.0; Win64; x64; rv:105.0) Gecko/20100101 Firefox/105.0" "ysfine.com"
173.73.77.36 - - [19/Oct/2022:06:36:52 -0700] "GET /ysbio/fotos/einhaus450.jpg HTTP/1.1" 200 65369 "https://ysfine.com/ysbio/bio04.html" "Mozilla/5.0 (Windows NT 10.0; Win64; x64; rv:105.0) Gecko/20100101 Firefox/105.0" "ysfine.com"
173.73.77.36 - - [19/Oct/2022:06:36:52 -0700] "GET /ysbio/dirackn55a.jpg HTTP/1.1" 200 85505 "https://ysfine.com/ysbio/bio04.html" "Mozilla/5.0 (Windows NT 10.0; Win64; x64; rv:105.0) Gecko/20100101 Firefox/105.0" "ysfine.com"
173.73.77.36 - - [19/Oct/2022:06:36:52 -0700] "GET /ysbio/bek22a.jpg HTTP/1.1" 404 88 "https://ysfine.com/ysbio/bio04.html" "Mozilla/5.0 (Windows NT 10.0; Win64; x64; rv:105.0) Gecko/20100101 Firefox/105.0" "ysfine.com"
173.73.77.36 - - [19/Oct/2022:06:36:52 -0700] "GET /ysbio/fotos/beetho33d.jpg HTTP/1.1" 200 60567 "https://ysfine.com/ysbio/bio04.html" "Mozilla/5.0 (Windows NT 10.0; Win64; x64; rv:105.0) Gecko/20100101 Firefox/105.0" "ysfine.com"
173.73.77.36 - - [19/Oct/2022:06:36:52 -0700] "GET /ysbio/fotos/seoul50f.jpg HTTP/1.1" 200 127542 "https://ysfine.com/ysbio/bio04.html" "Mozilla/5.0 (Windows NT 10.0; Win64; x64; rv:105.0) Gecko/20100101 Firefox/105.0" "ysfine.com"
173.73.77.36 - - [19/Oct/2022:06:36:52 -0700] "GET /ysbio/fotos/chuseok11d.jpg HTTP/1.1" 200 70205 "https://ysfine.com/ysbio/bio04.html" "Mozilla/5.0 (Windows NT 10.0; Win64; x64; rv:105.0) Gecko/20100101 Firefox/105.0" "ysfine.com"
173.73.77.36 - - [19/Oct/2022:06:36:52 -0700] "GET /wisdom/korart03b.jpg HTTP/1.1" 200 70101 "-" "Mozilla/5.0 (Windows NT 10.0; Win64; x64; rv:105.0) Gecko/20100101 Firefox/105.0" "ysfine.com"
40.77.167.27 - - [19/Oct/2022:06:37:11 -0700] "GET /dirac/diracqm11b.jpg HTTP/1.1" 200 42991 "-" "Mozilla/5.0 AppleWebKit/537.36 (KHTML, like Gecko; compatible; bingbot/2.0; +http://www.bing.com/bingbot.htm) Chrome/103.0.5060.134 Safari/537.36" "www.ysfine.com"
157.55.39.131 - - [19/Oct/2022:06:37:33 -0700] "GET /robots.txt HTTP/1.1" 404 88 "-" "Mozilla/5.0 (compatible; bingbot/2.0; +http://www.bing.com/bingbot.htm)" "ysfine.com"
131.111.5.133 - - [19/Oct/2022:06:38:19 -0700] "GET /einstein/bern.html HTTP/1.1" 200 8314 "-" "Mozilla/5.0 (Macintosh; Intel Mac OS X 10_15_7) AppleWebKit/537.36 (KHTML, like Gecko) Chrome/105.0.0.0 Safari/537.36" "ysfine.com"
173.73.77.36 - - [19/Oct/2022:06:38:27 -0700] "GET /ysbio/bek44.jpg HTTP/1.1" 200 318093 "https://ysfine.com/ysbio/bio04.html" "Mozilla/5.0 (Windows NT 10.0; Win64; x64; rv:105.0) Gecko/20100101 Firefox/105.0" "ysfine.com"
157.55.39.54 - - [19/Oct/2022:06:39:37 -0700] "GET /ffriends/algeria03.jpg HTTP/1.1" 200 263984 "-" "Mozilla/5.0 AppleWebKit/537.36 (KHTML, like Gecko; compatible; bingbot/2.0; +http://www.bing.com/bingbot.htm) Chrome/103.0.5060.134 Safari/537.36" "ysfine.com"
173.73.77.36 - - [19/Oct/2022:06:40:03 -0700] "GET /ysbio/bio04.html HTTP/1.1" 304 - "-" "Mozilla/5.0 (Windows NT 10.0; Win64; x64; rv:105.0) Gecko/20100101 Firefox/105.0" "ysfine.com"
173.73.77.36 - - [19/Oct/2022:06:40:03 -0700] "GET /ysbio/bek44a.jpg HTTP/1.1" 200 45518 "https://ysfine.com/ysbio/bio04.html" "Mozilla/5.0 (Windows NT 10.0; Win64; x64; rv:105.0) Gecko/20100101 Firefox/105.0" "ysfine.com"
173.73.77.36 - - [19/Oct/2022:06:40:03 -0700] "GET /ysbio/bek22a.jpg HTTP/1.1" 404 88 "https://ysfine.com/ysbio/bio04.html" "Mozilla/5.0 (Windows NT 10.0; Win64; x64; rv:105.0) Gecko/20100101 Firefox/105.0" "ysfine.com"
157.55.39.55 - - [19/Oct/2022:06:40:13 -0700] "GET /bio/einstein/eincopen.html HTTP/1.1" 404 88 "-" "Mozilla/5.0 AppleWebKit/537.36 (KHTML, like Gecko; compatible; bingbot/2.0; +http://www.bing.com/bingbot.htm) Chrome/103.0.5060.134 Safari/537.36" "ysfine.com"
157.55.39.55 - - [19/Oct/2022:06:40:22 -0700] "GET /world/france/sorbonne33.jpg HTTP/1.1" 200 125876 "-" "Mozilla/5.0 AppleWebKit/537.36 (KHTML, like Gecko; compatible; bingbot/2.0; +http://www.bing.com/bingbot.htm) Chrome/103.0.5060.134 Safari/537.36" "ysfine.com"
173.73.77.36 - - [19/Oct/2022:06:40:31 -0700] "GET /ysbio/onephys.html HTTP/1.1" 200 2527 "https://ysfine.com/ysbio/bio04.html" "Mozilla/5.0 (Windows NT 10.0; Win64; x64; rv:105.0) Gecko/20100101 Firefox/105.0" "ysfine.com"
173.73.77.36 - - [19/Oct/2022:06:40:31 -0700] "GET /ysbio/comet01b.jpg HTTP/1.1" 200 53465 "https://ysfine.com/ysbio/onephys.html" "Mozilla/5.0 (Windows NT 10.0; Win64; x64; rv:105.0) Gecko/20100101 Firefox/105.0" "ysfine.com"
173.73.77.36 - - [19/Oct/2022:06:40:31 -0700] "GET /ysbio/hyper01b.jpg HTTP/1.1" 200 28008 "https://ysfine.com/ysbio/onephys.html" "Mozilla/5.0 (Windows NT 10.0; Win64; x64; rv:105.0) Gecko/20100101 Firefox/105.0" "ysfine.com"
173.73.77.36 - - [19/Oct/2022:06:40:31 -0700] "GET /ysbio/hyper02b.jpg HTTP/1.1" 200 31293 "https://ysfine.com/ysbio/onephys.html" "Mozilla/5.0 (Windows NT 10.0; Win64; x64; rv:105.0) Gecko/20100101 Firefox/105.0" "ysfine.com"
173.73.77.36 - - [19/Oct/2022:06:40:31 -0700] "GET /ysbio/comet06b.jpg HTTP/1.1" 200 39499 "https://ysfine.com/ysbio/onephys.html" "Mozilla/5.0 (Windows NT 10.0; Win64; x64; rv:105.0) Gecko/20100101 Firefox/105.0" "ysfine.com"
173.73.77.36 - - [19/Oct/2022:06:40:36 -0700] "GET /ysbio/feynman/fagenda.html HTTP/1.1" 200 2089 "https://ysfine.com/ysbio/bio04.html" "Mozilla/5.0 (Windows NT 10.0; Win64; x64; rv:105.0) Gecko/20100101 Firefox/105.0" "ysfine.com"
173.73.77.36 - - [19/Oct/2022:06:40:36 -0700] "GET /ysbio/feynman/fb200.jpg HTTP/1.1" 200 46380 "https://ysfine.com/ysbio/feynman/fagenda.html" "Mozilla/5.0 (Windows NT 10.0; Win64; x64; rv:105.0) Gecko/20100101 Firefox/105.0" "ysfine.com"
157.55.39.54 - - [19/Oct/2022:06:40:58 -0700] "GET /world/germany/goetting03.jpg HTTP/1.1" 200 100632 "-" "Mozilla/5.0 (compatible; bingbot/2.0; +http://www.bing.com/bingbot.htm)" "ysfine.com"
40.77.167.27 - - [19/Oct/2022:06:41:20 -0700] "GET /people/kibler.jpg HTTP/1.1" 200 94528 "-" "Mozilla/5.0 (compatible; bingbot/2.0; +http://www.bing.com/bingbot.htm)" "ysfine.com"
40.77.167.27 - - [19/Oct/2022:06:41:20 -0700] "GET /world/kazan.html HTTP/1.1" 200 13929 "-" "Mozilla/5.0 AppleWebKit/537.36 (KHTML, like Gecko; compatible; bingbot/2.0; +http://www.bing.com/bingbot.htm) Chrome/103.0.5060.134 Safari/537.36" "ysfine.com"
157.55.39.55 - - [19/Oct/2022:06:41:24 -0700] "GET /philo/marx.html HTTP/1.1" 200 6465 "-" "Mozilla/5.0 AppleWebKit/537.36 (KHTML, like Gecko; compatible; bingbot/2.0; +http://www.bing.com/bingbot.htm) Chrome/103.0.5060.134 Safari/537.36" "ysfine.com"
157.55.39.58 - - [19/Oct/2022:06:41:25 -0700] "GET /world/germany/tubw01.jpg HTTP/1.1" 200 78900 "-" "Mozilla/5.0 (compatible; bingbot/2.0; +http://www.bing.com/bingbot.htm)" "ysfine.com"
157.55.39.128 - - [19/Oct/2022:06:41:26 -0700] "GET /world/munich.html HTTP/1.1" 200 3101 "-" "Mozilla/5.0 AppleWebKit/537.36 (KHTML, like Gecko; compatible; bingbot/2.0; +http://www.bing.com/bingbot.htm) Chrome/103.0.5060.134 Safari/537.36" "ysfine.com"
157.55.39.127 - - [19/Oct/2022:06:41:26 -0700] "GET /style/songs.html HTTP/1.1" 200 31567 "-" "Mozilla/5.0 (compatible; bingbot/2.0; +http://www.bing.com/bingbot.htm)" "ysfine.com"
157.55.39.58 - - [19/Oct/2022:06:41:30 -0700] "GET /wigner/neupol.html HTTP/1.1" 200 1742 "-" "Mozilla/5.0 AppleWebKit/537.36 (KHTML, like Gecko; compatible; bingbot/2.0; +http://www.bing.com/bingbot.htm) Chrome/103.0.5060.134 Safari/537.36" "ysfine.com"
157.55.39.54 - - [19/Oct/2022:06:41:40 -0700] "GET /wdc/wasdc.html HTTP/1.1" 200 13715 "-" "Mozilla/5.0 (compatible; bingbot/2.0; +http://www.bing.com/bingbot.htm)" "ysfine.com"
157.55.39.54 - - [19/Oct/2022:06:41:40 -0700] "GET /world/russ/dubnaf.html HTTP/1.1" 200 1239 "-" "Mozilla/5.0 AppleWebKit/537.36 (KHTML, like Gecko; compatible; bingbot/2.0; +http://www.bing.com/bingbot.htm) Chrome/103.0.5060.134 Safari/537.36" "ysfine.com"
157.55.39.54 - - [19/Oct/2022:06:41:40 -0700] "GET /feynman/feykant.html HTTP/1.1" 200 3350 "-" "Mozilla/5.0 AppleWebKit/537.36 (KHTML, like Gecko; compatible; bingbot/2.0; +http://www.bing.com/bingbot.htm) Chrome/103.0.5060.134 Safari/537.36" "ysfine.com"
157.55.39.54 - - [19/Oct/2022:06:41:40 -0700] "GET /world/russ/dubna.html HTTP/1.1" 200 1205 "-" "Mozilla/5.0 (compatible; bingbot/2.0; +http://www.bing.com/bingbot.htm)" "ysfine.com"
157.55.39.54 - - [19/Oct/2022:06:41:40 -0700] "GET /jakella/index.html HTTP/1.1" 200 1693 "-" "Mozilla/5.0 (compatible; bingbot/2.0; +http://www.bing.com/bingbot.htm)" "ysfine.com"
157.55.39.54 - - [19/Oct/2022:06:41:40 -0700] "GET /world/paris HTTP/1.1" 200 18129 "-" "Mozilla/5.0 (compatible; bingbot/2.0; +http://www.bing.com/bingbot.htm)" "ysfine.com"
157.55.39.127 - - [19/Oct/2022:06:41:36 -0700] "GET /world/russ/?C=M;O=A HTTP/1.1" 200 17106 "-" "Mozilla/5.0 (compatible; bingbot/2.0; +http://www.bing.com/bingbot.htm)" "ysfine.com"
157.55.39.127 - - [19/Oct/2022:06:41:41 -0700] "GET /archives/proceedings/boston/castel.html HTTP/1.1" 200 631 "-" "Mozilla/5.0 (compatible; bingbot/2.0; +http://www.bing.com/bingbot.htm)" "ysfine.com"
109.43.177.31 - - [19/Oct/2022:06:41:54 -0700] "GET /wigner/wiglittle.pdf HTTP/1.1" 200 2659296 "https://duckduckgo.com/" "Mozilla/5.0 (Android 9; Mobile; rv:105.0) Gecko/105.0 Firefox/105.0" "www.ysfine.com"
157.55.39.58 - - [19/Oct/2022:06:41:56 -0700] "GET /bio/harmoarchi.html HTTP/1.1" 404 88 "-" "Mozilla/5.0 AppleWebKit/537.36 (KHTML, like Gecko; compatible; bingbot/2.0; +http://www.bing.com/bingbot.htm) Chrome/103.0.5060.134 Safari/537.36" "ysfine.com"
182.232.164.234 - - [19/Oct/2022:06:42:27 -0700] "GET /maga/edison.html HTTP/1.1" 200 4787 "https://www.google.co.th/" "Mozilla/5.0 (iPhone; CPU iPhone OS 16_0 like Mac OS X) AppleWebKit/605.1.15 (KHTML, like Gecko) Version/16.0 Mobile/15E148 Safari/604.1" "ysfine.com"
182.232.164.234 - - [19/Oct/2022:06:42:27 -0700] "GET /princeton/cosmic11b.jpg HTTP/1.1" 200 47082 "https://ysfine.com/" "Mozilla/5.0 (iPhone; CPU iPhone OS 16_0 like Mac OS X) AppleWebKit/605.1.15 (KHTML, like Gecko) Version/16.0 Mobile/15E148 Safari/604.1" "ysfine.com"
182.232.164.234 - - [19/Oct/2022:06:42:27 -0700] "GET /maga/invent/edison11b.jpg HTTP/1.1" 200 63993 "https://ysfine.com/" "Mozilla/5.0 (iPhone; CPU iPhone OS 16_0 like Mac OS X) AppleWebKit/605.1.15 (KHTML, like Gecko) Version/16.0 Mobile/15E148 Safari/604.1" "ysfine.com"
182.232.164.234 - - [19/Oct/2022:06:42:27 -0700] "GET /maga/invent/gelogo2.jpg HTTP/1.1" 200 54020 "https://ysfine.com/" "Mozilla/5.0 (iPhone; CPU iPhone OS 16_0 like Mac OS X) AppleWebKit/605.1.15 (KHTML, like Gecko) Version/16.0 Mobile/15E148 Safari/604.1" "ysfine.com"
