117.173.139.9 - - [19/Oct/2022:05:09:44 -0700] "GET /maga/editesl.html HTTP/1.1" 200 7578 "https://m.baidu.com/" "Mozilla/5.0 (Linux; Android 12; 2201123C Build/SKQ1.211006.001; wv) AppleWebKit/537.36 (KHTML, like Gecko) Version/4.0 Chrome/97.0.4692.98 Mobile Safari/537.36 T7/13.19 SP-engine/2.57.0 baiduboxapp/13.19.5.10 (Baidu; P1 12) NABar/1.0" "www.ysfine.com"
157.55.39.58 - - [19/Oct/2022:05:10:17 -0700] "GET /kobak/sorae/alexvic11b.jpg HTTP/1.1" 200 47312 "-" "Mozilla/5.0 AppleWebKit/537.36 (KHTML, like Gecko; compatible; bingbot/2.0; +http://www.bing.com/bingbot.htm) Chrome/103.0.5060.134 Safari/537.36" "www.ysfine.com"
157.55.39.54 - - [19/Oct/2022:05:10:28 -0700] "GET /world/poland/gdn56.jpg HTTP/1.1" 200 110527 "-" "Mozilla/5.0 AppleWebKit/537.36 (KHTML, like Gecko; compatible; bingbot/2.0; +http://www.bing.com/bingbot.htm) Chrome/103.0.5060.134 Safari/537.36" "www.ysfine.com"
77.88.5.46 - - [19/Oct/2022:05:10:36 -0700] "GET /world/russ/minsk038.jpg HTTP/1.1" 200 103081 "-" "Mozilla/5.0 (compatible; YandexImages/3.0; +http://yandex.com/bots)" "www.ysfine.com"
95.163.255.90 - - [19/Oct/2022:05:10:51 -0700] "GET /robots.txt HTTP/1.1" 404 73 "-" "Mozilla/5.0 (compatible; Linux x86_64; Mail.RU_Bot/Img/2.0; +https://help.mail.ru/webmaster/indexing/robots)" "ysfine.com"
161.53.180.14 - - [19/Oct/2022:05:12:16 -0700] "GET /wigner/neum/pvn05.jpg HTTP/1.1" 200 219501 "https://www.google.com/" "Mozilla/5.0 (Windows NT 10.0; Win64; x64) AppleWebKit/537.36 (KHTML, like Gecko) Chrome/106.0.0.0 Safari/537.36" "ysfine.com"
157.55.39.128 - - [19/Oct/2022:05:12:28 -0700] "GET /newyork/tournau22.jpg HTTP/1.1" 200 195874 "-" "Mozilla/5.0 (compatible; bingbot/2.0; +http://www.bing.com/bingbot.htm)" "ysfine.com"
161.53.180.104 - - [19/Oct/2022:05:12:28 -0700] "GET /wigner/neum/pvn05.jpg HTTP/1.1" 200 219501 "https://euc-powerpoint.officeapps.live.com/" "Mozilla/5.0 (Windows NT 10.0; Win64; x64) AppleWebKit/537.36 (KHTML, like Gecko) Chrome/106.0.0.0 Safari/537.36" "ysfine.com"
157.55.39.128 - - [19/Oct/2022:05:13:48 -0700] "GET /world/spain/cordoc19.jpg HTTP/1.1" 200 261289 "-" "Mozilla/5.0 (compatible; bingbot/2.0; +http://www.bing.com/bingbot.htm)" "ysfine.com"
157.55.39.55 - - [19/Oct/2022:05:13:54 -0700] "GET /world/russ/tchaikovhall03.jpg HTTP/1.1" 200 146131 "-" "Mozilla/5.0 AppleWebKit/537.36 (KHTML, like Gecko; compatible; bingbot/2.0; +http://www.bing.com/bingbot.htm) Chrome/103.0.5060.134 Safari/537.36" "www.ysfine.com"
68.117.1.99 - - [19/Oct/2022:05:14:45 -0700] "GET /wdc/whouse06.jpg HTTP/1.1" 200 87253 "https://www.google.com/" "Mozilla/5.0 (Linux; Android 8.1.0; LM-Q710(FGN) Build/OPM1.171019.019; wv) AppleWebKit/537.36 (KHTML, like Gecko) Version/4.0 Chrome/106.0.5249.126 Mobile Safari/537.36 GoogleApp/13.39.12.26.arm" "ysfine.com"
157.55.39.128 - - [19/Oct/2022:05:15:37 -0700] "GET /world/china/shanghai082.jpg HTTP/1.1" 200 111789 "-" "Mozilla/5.0 AppleWebKit/537.36 (KHTML, like Gecko; compatible; bingbot/2.0; +http://www.bing.com/bingbot.htm) Chrome/103.0.5060.134 Safari/537.36" "www.ysfine.com"
157.55.39.58 - - [19/Oct/2022:05:15:56 -0700] "GET /princeton/futurep.jpg HTTP/1.1" 200 125390 "-" "Mozilla/5.0 (compatible; bingbot/2.0; +http://www.bing.com/bingbot.htm)" "www.ysfine.com"
45.125.5.108 - - [19/Oct/2022:05:16:32 -0700] "GET /einstein/bose2.gif HTTP/1.1" 200 43133 "https://www.google.com/" "Mozilla/5.0 (Windows NT 10.0; Win64; x64) AppleWebKit/537.36 (KHTML, like Gecko) Chrome/106.0.0.0 Safari/537.36" "ysfine.com"
157.55.39.55 - - [19/Oct/2022:05:16:44 -0700] "GET /home/comet50a.jpg HTTP/1.1" 200 52015 "-" "Mozilla/5.0 (compatible; bingbot/2.0; +http://www.bing.com/bingbot.htm)" "ysfine.com"
77.75.78.172 - - [19/Oct/2022:05:17:00 -0700] "GET /robots.txt HTTP/1.1" 404 88 "-" "Mozilla/5.0 (compatible; SeznamBot/3.2; +http://napoveda.seznam.cz/en/seznambot-intro/)" "ysfine.com"
77.75.78.172 - - [19/Oct/2022:05:17:01 -0700] "GET /world/china/dandongbr06.jpg HTTP/1.1" 304 - "-" "Mozilla/5.0 (compatible; SeznamBot/3.2; +http://napoveda.seznam.cz/en/seznambot-intro/)" "ysfine.com"
77.75.78.172 - - [19/Oct/2022:05:17:02 -0700] "GET /maga/phys/poincir01.jpg HTTP/1.1" 200 70661 "-" "Mozilla/5.0 (compatible; SeznamBot/3.2; +http://napoveda.seznam.cz/en/seznambot-intro/)" "ysfine.com"
77.75.78.172 - - [19/Oct/2022:05:17:05 -0700] "GET /einstein/dirfeyn55.jpg HTTP/1.1" 200 154122 "-" "Mozilla/5.0 (compatible; SeznamBot/3.2; +http://napoveda.seznam.cz/en/seznambot-intro/)" "ysfine.com"
77.75.78.172 - - [19/Oct/2022:05:17:08 -0700] "GET /people/dhan11.jpg HTTP/1.1" 304 - "-" "Mozilla/5.0 (compatible; SeznamBot/3.2; +http://napoveda.seznam.cz/en/seznambot-intro/)" "ysfine.com"
78.190.59.91 - - [19/Oct/2022:05:17:47 -0700] "GET /yspapers/iopbook15.pdf HTTP/1.1" 304 - "https://www.google.com/" "Mozilla/5.0 (Windows NT 6.1; rv:105.0) Gecko/20100101 Firefox/105.0" "ysfine.com"
20.24.232.147 - - [19/Oct/2022:05:17:58 -0700] "GET /css/album.css HTTP/1.1" 404 88 "-" "Mozilla/5.0 (Windows NT 10.0; WOW64; rv:48.0) Gecko/20100101 Firefox/48.0" "ysfine.com"
157.55.39.127 - - [19/Oct/2022:05:18:28 -0700] "GET / HTTP/1.1" 200 5283 "-" "Mozilla/5.0 (compatible; bingbot/2.0; +http://www.bing.com/bingbot.htm)" "www.ysfine.com"
157.55.39.127 - - [19/Oct/2022:05:18:48 -0700] "GET /world/poland/krk20.jpg HTTP/1.1" 200 119247 "-" "Mozilla/5.0 (compatible; bingbot/2.0; +http://www.bing.com/bingbot.htm)" "ysfine.com"
95.163.255.110 - - [19/Oct/2022:05:19:21 -0700] "GET /wigner/neum/vnc09.jpg HTTP/1.1" 200 112484 "http://go.mail.ru/search_images" "Mozilla/5.0 (compatible; Linux x86_64; Mail.RU_Bot/Img/2.0; +https://help.mail.ru/webmaster/indexing/robots)" "ysfine.com"
78.190.59.91 - - [19/Oct/2022:05:20:36 -0700] "GET /yspapers/iopbook15.pdf HTTP/1.1" 200 2962673 "-" "Mozilla/5.0 (Windows NT 6.1; rv:105.0) Gecko/20100101 Firefox/105.0" "ysfine.com"
78.190.59.91 - - [19/Oct/2022:05:20:39 -0700] "GET /yspapers/iopbook15.pdf HTTP/1.1" 206 13553 "-" "Mozilla/5.0 (Windows NT 6.1; rv:105.0) Gecko/20100101 Firefox/105.0" "ysfine.com"
78.190.59.91 - - [19/Oct/2022:05:20:39 -0700] "GET /yspapers/iopbook15.pdf HTTP/1.1" 206 65536 "-" "Mozilla/5.0 (Windows NT 6.1; rv:105.0) Gecko/20100101 Firefox/105.0" "ysfine.com"
78.190.59.91 - - [19/Oct/2022:05:20:42 -0700] "GET /yspapers/iopbook15.pdf HTTP/1.1" 206 65536 "-" "Mozilla/5.0 (Windows NT 6.1; rv:105.0) Gecko/20100101 Firefox/105.0" "ysfine.com"
78.190.59.91 - - [19/Oct/2022:05:20:42 -0700] "GET /yspapers/iopbook15.pdf HTTP/1.1" 206 65536 "-" "Mozilla/5.0 (Windows NT 6.1; rv:105.0) Gecko/20100101 Firefox/105.0" "ysfine.com"
78.190.59.91 - - [19/Oct/2022:05:20:42 -0700] "GET /yspapers/iopbook15.pdf HTTP/1.1" 206 65536 "-" "Mozilla/5.0 (Windows NT 6.1; rv:105.0) Gecko/20100101 Firefox/105.0" "ysfine.com"
78.190.59.91 - - [19/Oct/2022:05:20:42 -0700] "GET /yspapers/iopbook15.pdf HTTP/1.1" 206 65536 "-" "Mozilla/5.0 (Windows NT 6.1; rv:105.0) Gecko/20100101 Firefox/105.0" "ysfine.com"
78.190.59.91 - - [19/Oct/2022:05:20:42 -0700] "GET /yspapers/iopbook15.pdf HTTP/1.1" 206 65536 "-" "Mozilla/5.0 (Windows NT 6.1; rv:105.0) Gecko/20100101 Firefox/105.0" "ysfine.com"
78.190.59.91 - - [19/Oct/2022:05:20:42 -0700] "GET /yspapers/iopbook15.pdf HTTP/1.1" 206 65536 "-" "Mozilla/5.0 (Windows NT 6.1; rv:105.0) Gecko/20100101 Firefox/105.0" "ysfine.com"
78.190.59.91 - - [19/Oct/2022:05:20:42 -0700] "GET /yspapers/iopbook15.pdf HTTP/1.1" 206 65536 "-" "Mozilla/5.0 (Windows NT 6.1; rv:105.0) Gecko/20100101 Firefox/105.0" "ysfine.com"
78.190.59.91 - - [19/Oct/2022:05:20:42 -0700] "GET /yspapers/iopbook15.pdf HTTP/1.1" 206 65536 "-" "Mozilla/5.0 (Windows NT 6.1; rv:105.0) Gecko/20100101 Firefox/105.0" "ysfine.com"
78.190.59.91 - - [19/Oct/2022:05:20:42 -0700] "GET /yspapers/iopbook15.pdf HTTP/1.1" 206 65536 "-" "Mozilla/5.0 (Windows NT 6.1; rv:105.0) Gecko/20100101 Firefox/105.0" "ysfine.com"
78.190.59.91 - - [19/Oct/2022:05:20:42 -0700] "GET /yspapers/iopbook15.pdf HTTP/1.1" 206 65536 "-" "Mozilla/5.0 (Windows NT 6.1; rv:105.0) Gecko/20100101 Firefox/105.0" "ysfine.com"
78.190.59.91 - - [19/Oct/2022:05:20:42 -0700] "GET /yspapers/iopbook15.pdf HTTP/1.1" 206 65536 "-" "Mozilla/5.0 (Windows NT 6.1; rv:105.0) Gecko/20100101 Firefox/105.0" "ysfine.com"
78.190.59.91 - - [19/Oct/2022:05:20:42 -0700] "GET /yspapers/iopbook15.pdf HTTP/1.1" 206 65536 "-" "Mozilla/5.0 (Windows NT 6.1; rv:105.0) Gecko/20100101 Firefox/105.0" "ysfine.com"
78.190.59.91 - - [19/Oct/2022:05:20:42 -0700] "GET /yspapers/iopbook15.pdf HTTP/1.1" 206 65536 "-" "Mozilla/5.0 (Windows NT 6.1; rv:105.0) Gecko/20100101 Firefox/105.0" "ysfine.com"
78.190.59.91 - - [19/Oct/2022:05:20:42 -0700] "GET /yspapers/iopbook15.pdf HTTP/1.1" 206 65536 "-" "Mozilla/5.0 (Windows NT 6.1; rv:105.0) Gecko/20100101 Firefox/105.0" "ysfine.com"
157.55.39.54 - - [19/Oct/2022:05:21:10 -0700] "GET /kobak/lemnitzer.jpg HTTP/1.1" 200 123112 "-" "Mozilla/5.0 (compatible; bingbot/2.0; +http://www.bing.com/bingbot.htm)" "ysfine.com"
64.62.252.176 - - [19/Oct/2022:05:21:39 -0700] "GET /robots.txt HTTP/1.1" 404 88 "-" "The Knowledge AI" "ysfine.com"
157.55.39.58 - - [19/Oct/2022:05:21:57 -0700] "GET /dirac/aspects2.jpg HTTP/1.1" 200 27429 "-" "Mozilla/5.0 (compatible; bingbot/2.0; +http://www.bing.com/bingbot.htm)" "ysfine.com"
66.160.140.184 - - [19/Oct/2022:05:22:18 -0700] "GET /robots.txt HTTP/1.1" 404 88 "-" "The Knowledge AI" "ysfine.com"
95.163.255.101 - - [19/Oct/2022:05:23:25 -0700] "GET /world/germany/hofbrau33.jpg HTTP/1.1" 200 97307 "http://go.mail.ru/search_images" "Mozilla/5.0 (compatible; Linux x86_64; Mail.RU_Bot/Img/2.0; +https://help.mail.ru/webmaster/indexing/robots)" "ysfine.com"
157.55.39.54 - - [19/Oct/2022:05:23:50 -0700] "GET /princeton/firestone22.jpg HTTP/1.1" 200 112919 "-" "Mozilla/5.0 (compatible; bingbot/2.0; +http://www.bing.com/bingbot.htm)" "ysfine.com"
157.55.39.55 - - [19/Oct/2022:05:25:46 -0700] "GET /newyork/unionsq08.jpg HTTP/1.1" 200 267379 "-" "Mozilla/5.0 AppleWebKit/537.36 (KHTML, like Gecko; compatible; bingbot/2.0; +http://www.bing.com/bingbot.htm) Chrome/103.0.5060.134 Safari/537.36" "ysfine.com"
157.55.39.127 - - [19/Oct/2022:05:25:51 -0700] "GET /newyork/hilton19.jpg HTTP/1.1" 200 111075 "-" "Mozilla/5.0 AppleWebKit/537.36 (KHTML, like Gecko; compatible; bingbot/2.0; +http://www.bing.com/bingbot.htm) Chrome/103.0.5060.134 Safari/537.36" "ysfine.com"
172.58.175.111 - - [19/Oct/2022:05:26:05 -0700] "GET /wisdom/bigpower01.jpg HTTP/1.1" 200 77902 "https://www.google.com/" "Mozilla/5.0 (iPhone; CPU iPhone OS 16_0_2 like Mac OS X) AppleWebKit/605.1.15 (KHTML, like Gecko) Version/16.0 Mobile/15E148 Safari/604.1" "ysfine.com"
157.55.39.55 - - [19/Oct/2022:05:26:26 -0700] "GET /world/russ/kazan101b.jpg HTTP/1.1" 200 26380 "-" "Mozilla/5.0 (compatible; bingbot/2.0; +http://www.bing.com/bingbot.htm)" "ysfine.com"
17.121.115.20 - - [19/Oct/2022:05:27:00 -0700] "GET /robots.txt HTTP/1.1" 404 88 "-" "Mozilla/5.0 (Macintosh; Intel Mac OS X 10_15_5) AppleWebKit/605.1.15 (KHTML, like Gecko) Version/13.1.1 Safari/605.1.15 (Applebot/0.1; +http://www.apple.com/go/applebot)" "www.ysfine.com"
17.121.115.20 - - [19/Oct/2022:05:27:00 -0700] "GET /world/index.html HTTP/1.1" 200 123 "-" "Mozilla/5.0 (Macintosh; Intel Mac OS X 10_15_5) AppleWebKit/605.1.15 (KHTML, like Gecko) Version/13.1.1 Safari/605.1.15 (Applebot/0.1; +http://www.apple.com/go/applebot)" "www.ysfine.com"
157.55.39.127 - - [19/Oct/2022:05:27:28 -0700] "GET /einstein/places/ulm11c.jpg HTTP/1.1" 200 47305 "-" "Mozilla/5.0 AppleWebKit/537.36 (KHTML, like Gecko; compatible; bingbot/2.0; +http://www.bing.com/bingbot.htm) Chrome/103.0.5060.134 Safari/537.36" "ysfine.com"
95.163.255.81 - - [19/Oct/2022:05:27:29 -0700] "GET /kowar/stalin01b.jpg HTTP/1.1" 200 43158 "http://go.mail.ru/search_images" "Mozilla/5.0 (compatible; Linux x86_64; Mail.RU_Bot/Img/2.0; +https://help.mail.ru/webmaster/indexing/robots)" "ysfine.com"
157.55.39.127 - - [19/Oct/2022:05:28:09 -0700] "GET /world/france/matisse01.jpg HTTP/1.1" 200 122873 "-" "Mozilla/5.0 (compatible; bingbot/2.0; +http://www.bing.com/bingbot.htm)" "ysfine.com"
157.55.39.128 - - [19/Oct/2022:05:28:49 -0700] "GET /world/russ/minskwagon.bak HTTP/1.1" 200 608 "-" "Mozilla/5.0 AppleWebKit/537.36 (KHTML, like Gecko; compatible; bingbot/2.0; +http://www.bing.com/bingbot.htm) Chrome/103.0.5060.134 Safari/537.36" "ysfine.com"
77.88.5.222 - - [19/Oct/2022:05:29:50 -0700] "GET /robots.txt HTTP/1.1" 404 73 "-" "Mozilla/5.0 (compatible; YandexBot/3.0; +http://yandex.com/bots)" "ysfine.com"
77.88.5.245 - - [19/Oct/2022:05:29:54 -0700] "GET /einstein/places/einha05.jpg HTTP/1.1" 304 - "-" "Mozilla/5.0 (compatible; YandexImages/3.0; +http://yandex.com/bots)" "ysfine.com"
157.55.39.127 - - [19/Oct/2022:05:30:19 -0700] "GET /dirac/2osc22b.jpg HTTP/1.1" 200 47666 "-" "Mozilla/5.0 (compatible; bingbot/2.0; +http://www.bing.com/bingbot.htm)" "ysfine.com"
185.191.171.21 - - [19/Oct/2022:05:30:50 -0700] "GET /robots.txt HTTP/1.1" 404 88 "-" "Mozilla/5.0 (compatible; SemrushBot/7~bl; +http://www.semrush.com/bot.html)" "ysfine.com"
185.191.171.9 - - [19/Oct/2022:05:30:51 -0700] "GET /ysbio/ffriends/soldiers.html HTTP/1.1" 404 88 "-" "Mozilla/5.0 (compatible; SemrushBot/7~bl; +http://www.semrush.com/bot.html)" "ysfine.com"
157.55.39.55 - - [19/Oct/2022:05:32:37 -0700] "GET /bio/style/ystyle.html HTTP/1.1" 404 88 "-" "Mozilla/5.0 AppleWebKit/537.36 (KHTML, like Gecko; compatible; bingbot/2.0; +http://www.bing.com/bingbot.htm) Chrome/103.0.5060.134 Safari/537.36" "ysfine.com"
157.55.39.128 - - [19/Oct/2022:05:32:50 -0700] "GET /world/hungary/buda011.jpg HTTP/1.1" 200 103773 "-" "Mozilla/5.0 AppleWebKit/537.36 (KHTML, like Gecko; compatible; bingbot/2.0; +http://www.bing.com/bingbot.htm) Chrome/103.0.5060.134 Safari/537.36" "www.ysfine.com"
157.55.39.54 - - [19/Oct/2022:05:33:21 -0700] "GET /bio/einstein/bern.html HTTP/1.1" 404 88 "-" "Mozilla/5.0 (compatible; bingbot/2.0; +http://www.bing.com/bingbot.htm)" "ysfine.com"
170.81.183.194 - - [19/Oct/2022:05:33:55 -0700] "GET /wigner/neum/vnc01.jpg HTTP/1.1" 200 133641 "https://sites.google.com/" "Mozilla/5.0 (Windows NT 6.1) AppleWebKit/537.36 (KHTML, like Gecko) Chrome/106.0.0.0 Safari/537.36" "ysfine.com"
118.184.177.49 - - [19/Oct/2022:05:35:07 -0700] "GET / HTTP/1.1" 200 5283 "-" "Sogou web spider/4.0(+http://www.sogou.com/docs/help/webmasters.htm#07)" "ysfine.com"
40.77.167.27 - - [19/Oct/2022:05:35:24 -0700] "GET /world/russ/kazan101.jpg HTTP/1.1" 200 100997 "-" "Mozilla/5.0 (compatible; bingbot/2.0; +http://www.bing.com/bingbot.htm)" "www.ysfine.com"
17.121.115.183 - - [19/Oct/2022:05:35:35 -0700] "GET /robots.txt HTTP/1.1" 404 88 "-" "Mozilla/5.0 (Macintosh; Intel Mac OS X 10_15_5) AppleWebKit/605.1.15 (KHTML, like Gecko) Version/13.1.1 Safari/605.1.15 (Applebot/0.1; +http://www.apple.com/go/applebot)" "ysfine.com"
17.121.115.183 - - [19/Oct/2022:05:35:35 -0700] "GET /style/sttop.html HTTP/1.1" 200 367 "https://ysfine.com/style/index.html" "Mozilla/5.0 (Macintosh; Intel Mac OS X 10_15_5) AppleWebKit/605.1.15 (KHTML, like Gecko) Version/13.1.1 Safari/605.1.15 (Applebot/0.1; +http://www.apple.com/go/applebot)" "ysfine.com"
17.121.112.83 - - [19/Oct/2022:05:35:35 -0700] "GET /robots.txt HTTP/1.1" 404 88 "-" "Mozilla/5.0 (Macintosh; Intel Mac OS X 10_15_5) AppleWebKit/605.1.15 (KHTML, like Gecko) Version/13.1.1 Safari/605.1.15 (Applebot/0.1; +http://www.apple.com/go/applebot)" "ysfine.com"
17.121.112.83 - - [19/Oct/2022:05:35:36 -0700] "GET /style/stbot.html HTTP/1.1" 200 122 "https://ysfine.com/style/index.html" "Mozilla/5.0 (Macintosh; Intel Mac OS X 10_15_5) AppleWebKit/605.1.15 (KHTML, like Gecko) Version/13.1.1 Safari/605.1.15 (Applebot/0.1; +http://www.apple.com/go/applebot)" "ysfine.com"
17.121.112.83 - - [19/Oct/2022:05:35:36 -0700] "GET /style/strigh.html HTTP/1.1" 200 1459 "https://ysfine.com/style/stbot.html" "Mozilla/5.0 (Macintosh; Intel Mac OS X 10_15_5) AppleWebKit/605.1.15 (KHTML, like Gecko) Version/13.1.1 Safari/605.1.15 (Applebot/0.1; +http://www.apple.com/go/applebot)" "ysfine.com"
17.121.115.183 - - [19/Oct/2022:05:35:37 -0700] "GET /style/stleft.html HTTP/1.1" 200 548 "https://ysfine.com/style/stbot.html" "Mozilla/5.0 (Macintosh; Intel Mac OS X 10_15_5) AppleWebKit/605.1.15 (KHTML, like Gecko) Version/13.1.1 Safari/605.1.15 (Applebot/0.1; +http://www.apple.com/go/applebot)" "ysfine.com"
13.58.65.89 - - [19/Oct/2022:05:35:53 -0700] "GET /ads.txt HTTP/1.1" 404 88 "http://ysfine.com/ads.txt" "AdsTxtCrawler/1.0; +https://github.com/InteractiveAdvertisingBureau/adstxtcrawler" "ysfine.com"
45.88.154.246 - - [19/Oct/2022:05:36:27 -0700] "GET /jobs/koreaj22.jpg HTTP/1.1" 200 195155 "https://www.google.es/" "Mozilla/5.0 (iPhone; CPU iPhone OS 14_3 like Mac OS X) AppleWebKit/605.1.15 (KHTML, like Gecko) Version/14.0.2 Mobile/15E148 Safari/604.1" "ysfine.com"
157.55.39.58 - - [19/Oct/2022:05:37:29 -0700] "GET /bio/kobak/yskor.html HTTP/1.1" 404 88 "-" "Mozilla/5.0 AppleWebKit/537.36 (KHTML, like Gecko; compatible; bingbot/2.0; +http://www.bing.com/bingbot.htm) Chrome/103.0.5060.134 Safari/537.36" "ysfine.com"
35.188.30.55 - - [19/Oct/2022:05:37:29 -0700] "GET /einstein/places/einha01.jpg HTTP/1.1" 200 75624 "-" "Mozilla/5.0 (X11; Ubuntu; Linux x86_64; rv:72.0) Gecko/20100101 Firefox/72.0" "ysfine.com"
40.77.167.27 - - [19/Oct/2022:05:37:44 -0700] "GET /kobak/1014b.jpg HTTP/1.1" 200 42115 "-" "Mozilla/5.0 AppleWebKit/537.36 (KHTML, like Gecko; compatible; bingbot/2.0; +http://www.bing.com/bingbot.htm) Chrome/103.0.5060.134 Safari/537.36" "www.ysfine.com"
157.55.39.127 - - [19/Oct/2022:05:38:20 -0700] "GET /world/ital/stcroce18.jpg HTTP/1.1" 200 111891 "-" "Mozilla/5.0 (compatible; bingbot/2.0; +http://www.bing.com/bingbot.htm)" "ysfine.com"
115.147.53.140 - - [19/Oct/2022:05:38:21 -0700] "GET /maga/phys/schrod11.jpg HTTP/1.1" 200 107958 "https://ph.images.search.yahoo.com/search/images?p=erwin+schr%C3%B6dinger&fr=mcafee&type=E210PH91213G0&imgurl=https%3A%2F%2Fwww.bbvaopenmind.com%2Fwp-content%2Fuploads%2F2016%2F01%2Fbbva-openmind-schrodinger-3.jjpg_-1.jpg" "Mozilla/5.0 (Windows NT 10.0; Win64; x64) AppleWebKit/537.36 (KHTML, like Gecko) Chrome/106.0.0.0 Safari/537.36" "www.ysfine.com"
65.21.237.125 - - [19/Oct/2022:05:38:52 -0700] "GET /style/strigh.html HTTP/1.1" 200 1459 "https://ysfine.com/style/stbot.html" "Mozilla/5.0 (compatible; SEOkicks; +https://www.seokicks.de/robot.html)" "ysfine.com"
65.21.237.125 - - [19/Oct/2022:05:38:54 -0700] "GET /eink/buythisbook.html HTTP/1.1" 200 1792 "https://ysfine.com/eink/mose.html" "Mozilla/5.0 (compatible; SEOkicks; +https://www.seokicks.de/robot.html)" "ysfine.com"
65.21.237.125 - - [19/Oct/2022:05:38:55 -0700] "GET /wigner/little.html HTTP/1.1" 200 3088 "https://ysfine.com/eink/mose.html" "Mozilla/5.0 (compatible; SEOkicks; +https://www.seokicks.de/robot.html)" "ysfine.com"
157.55.39.55 - - [19/Oct/2022:05:38:56 -0700] "GET /world/scandi/copen021.jpg HTTP/1.1" 200 60419 "-" "Mozilla/5.0 AppleWebKit/537.36 (KHTML, like Gecko; compatible; bingbot/2.0; +http://www.bing.com/bingbot.htm) Chrome/103.0.5060.134 Safari/537.36" "ysfine.com"
65.21.237.125 - - [19/Oct/2022:05:38:56 -0700] "GET /fenyman/index.html HTTP/1.1" 404 88 "https://ysfine.com/eink/mose.html" "Mozilla/5.0 (compatible; SEOkicks; +https://www.seokicks.de/robot.html)" "ysfine.com"
65.21.237.125 - - [19/Oct/2022:05:38:58 -0700] "GET /home/dashen.html HTTP/1.1" 200 4015 "https://ysfine.com/eink/mose.html" "Mozilla/5.0 (compatible; SEOkicks; +https://www.seokicks.de/robot.html)" "ysfine.com"
65.21.237.125 - - [19/Oct/2022:05:38:59 -0700] "GET /world/kalinin.html HTTP/1.1" 200 9595 "https://ysfine.com/eink/mose.html" "Mozilla/5.0 (compatible; SEOkicks; +https://www.seokicks.de/robot.html)" "ysfine.com"
157.55.39.127 - - [19/Oct/2022:05:39:00 -0700] "GET /wdc/washmo07.jpg HTTP/1.1" 200 99468 "-" "Mozilla/5.0 AppleWebKit/537.36 (KHTML, like Gecko; compatible; bingbot/2.0; +http://www.bing.com/bingbot.htm) Chrome/103.0.5060.134 Safari/537.36" "www.ysfine.com"
65.21.237.125 - - [19/Oct/2022:05:39:01 -0700] "GET /world/stuttgart.html HTTP/1.1" 200 4926 "https://ysfine.com/eink/mose.html" "Mozilla/5.0 (compatible; SEOkicks; +https://www.seokicks.de/robot.html)" "ysfine.com"
65.21.237.125 - - [19/Oct/2022:05:39:02 -0700] "GET /wigner/gcontrac.html HTTP/1.1" 200 2279 "https://ysfine.com/eink/mose.html" "Mozilla/5.0 (compatible; SEOkicks; +https://www.seokicks.de/robot.html)" "ysfine.com"
65.21.237.125 - - [19/Oct/2022:05:39:03 -0700] "GET /people/pimage.html HTTP/1.1" 200 7965 "https://ysfine.com/eink/mose.html" "Mozilla/5.0 (compatible; SEOkicks; +https://www.seokicks.de/robot.html)" "ysfine.com"
65.21.237.125 - - [19/Oct/2022:05:39:05 -0700] "GET /home/hmtop.html HTTP/1.1" 200 452 "https://ysfine.com/home/index.html" "Mozilla/5.0 (compatible; SEOkicks; +https://www.seokicks.de/robot.html)" "ysfine.com"
65.21.237.125 - - [19/Oct/2022:05:39:06 -0700] "GET /home/hmbot.html HTTP/1.1" 200 132 "https://ysfine.com/home/index.html" "Mozilla/5.0 (compatible; SEOkicks; +https://www.seokicks.de/robot.html)" "ysfine.com"
40.77.167.27 - - [19/Oct/2022:05:39:26 -0700] "GET /wigner/wigkim11.jpg HTTP/1.1" 200 231384 "-" "Mozilla/5.0 AppleWebKit/537.36 (KHTML, like Gecko; compatible; bingbot/2.0; +http://www.bing.com/bingbot.htm) Chrome/103.0.5060.134 Safari/537.36" "ysfine.com"
157.55.39.127 - - [19/Oct/2022:05:39:51 -0700] "GET /wisdom/quovadis11b.jpg HTTP/1.1" 200 81567 "-" "Mozilla/5.0 (compatible; bingbot/2.0; +http://www.bing.com/bingbot.htm)" "ysfine.com"
157.55.39.55 - - [19/Oct/2022:05:40:27 -0700] "GET /bio/pquartet.html HTTP/1.1" 404 88 "-" "Mozilla/5.0 AppleWebKit/537.36 (KHTML, like Gecko; compatible; bingbot/2.0; +http://www.bing.com/bingbot.htm) Chrome/103.0.5060.134 Safari/537.36" "ysfine.com"
157.55.39.58 - - [19/Oct/2022:05:40:29 -0700] "GET /bio/bio07.html HTTP/1.1" 404 88 "-" "Mozilla/5.0 (compatible; bingbot/2.0; +http://www.bing.com/bingbot.htm)" "www.ysfine.com"
83.244.164.242 - - [19/Oct/2022:05:40:32 -0700] "GET /world/baltic/kalinmap99.jpg HTTP/1.1" 200 104807 "https://www.google.com/" "Mozilla/5.0 (iPad; CPU OS 15_6 like Mac OS X) AppleWebKit/605.1.15 (KHTML, like Gecko) CriOS/106.0.5249.92 Mobile/15E148 Safari/604.1" "ysfine.com"
157.55.39.54 - - [19/Oct/2022:05:42:11 -0700] "GET /bio/kobak/namdae.html HTTP/1.1" 404 88 "-" "Mozilla/5.0 (compatible; bingbot/2.0; +http://www.bing.com/bingbot.htm)" "ysfine.com"
40.77.167.27 - - [19/Oct/2022:05:44:05 -0700] "GET /world/russ/redsq49.jpg HTTP/1.1" 200 122299 "-" "Mozilla/5.0 AppleWebKit/537.36 (KHTML, like Gecko; compatible; bingbot/2.0; +http://www.bing.com/bingbot.htm) Chrome/103.0.5060.134 Safari/537.36" "www.ysfine.com"
185.191.171.16 - - [19/Oct/2022:05:44:22 -0700] "GET /ysbio/home/easy.html HTTP/1.1" 404 88 "-" "Mozilla/5.0 (compatible; SemrushBot/7~bl; +http://www.semrush.com/bot.html)" "ysfine.com"
157.55.39.55 - - [19/Oct/2022:05:44:28 -0700] "GET /world/russ/moschurch06.jpg HTTP/1.1" 200 94807 "-" "Mozilla/5.0 (compatible; bingbot/2.0; +http://www.bing.com/bingbot.htm)" "ysfine.com"
40.77.167.27 - - [19/Oct/2022:05:45:45 -0700] "GET /world/ital/venice04.jpg HTTP/1.1" 200 342502 "-" "Mozilla/5.0 (compatible; bingbot/2.0; +http://www.bing.com/bingbot.htm)" "ysfine.com"
157.55.39.128 - - [19/Oct/2022:05:47:12 -0700] "GET /world/france/grandcafe06.jpg HTTP/1.1" 200 84409 "-" "Mozilla/5.0 AppleWebKit/537.36 (KHTML, like Gecko; compatible; bingbot/2.0; +http://www.bing.com/bingbot.htm) Chrome/103.0.5060.134 Safari/537.36" "ysfine.com"
17.121.113.244 - - [19/Oct/2022:05:47:41 -0700] "GET /feynman/index.html HTTP/1.1" 200 124 "-" "Mozilla/5.0 (Macintosh; Intel Mac OS X 10_15_5) AppleWebKit/605.1.15 (KHTML, like Gecko) Version/13.1.1 Safari/605.1.15 (Applebot/0.1; +http://www.apple.com/go/applebot)" "ysfine.com"
157.55.39.55 - - [19/Oct/2022:05:48:19 -0700] "GET /usca/pitt/mtwash02b.jpg HTTP/1.1" 200 24526 "-" "Mozilla/5.0 (compatible; bingbot/2.0; +http://www.bing.com/bingbot.htm)" "www.ysfine.com"
2.47.39.218 - - [19/Oct/2022:05:48:19 -0700] "GET / HTTP/1.1" 200 15910 "-" "-" "ysfine.com"
40.77.167.27 - - [19/Oct/2022:05:48:25 -0700] "GET /world/spb.html HTTP/1.1" 200 16118 "-" "Mozilla/5.0 (compatible; bingbot/2.0; +http://www.bing.com/bingbot.htm)" "ysfine.com"
157.55.39.58 - - [19/Oct/2022:05:48:29 -0700] "GET /style/restau.html HTTP/1.1" 200 2149 "-" "Mozilla/5.0 AppleWebKit/537.36 (KHTML, like Gecko; compatible; bingbot/2.0; +http://www.bing.com/bingbot.htm) Chrome/103.0.5060.134 Safari/537.36" "ysfine.com"
157.55.39.55 - - [19/Oct/2022:05:48:30 -0700] "GET /world/andal.html HTTP/1.1" 200 10099 "-" "Mozilla/5.0 AppleWebKit/537.36 (KHTML, like Gecko; compatible; bingbot/2.0; +http://www.bing.com/bingbot.htm) Chrome/103.0.5060.134 Safari/537.36" "ysfine.com"
157.55.39.55 - - [19/Oct/2022:05:48:30 -0700] "GET /style/shops.html HTTP/1.1" 200 2829 "-" "Mozilla/5.0 AppleWebKit/537.36 (KHTML, like Gecko; compatible; bingbot/2.0; +http://www.bing.com/bingbot.htm) Chrome/103.0.5060.134 Safari/537.36" "ysfine.com"
40.77.167.27 - - [19/Oct/2022:05:49:25 -0700] "GET /usca/norl/missi16.jpg HTTP/1.1" 200 138773 "-" "Mozilla/5.0 AppleWebKit/537.36 (KHTML, like Gecko; compatible; bingbot/2.0; +http://www.bing.com/bingbot.htm) Chrome/103.0.5060.134 Safari/537.36" "ysfine.com"
157.55.39.127 - - [19/Oct/2022:05:50:01 -0700] "GET /ffriends/amkor/kgirls07.jpg HTTP/1.1" 200 174753 "-" "Mozilla/5.0 (compatible; bingbot/2.0; +http://www.bing.com/bingbot.htm)" "ysfine.com"
149.56.241.193 - - [19/Oct/2022:05:50:19 -0700] "GET /robots.txt HTTP/1.1" 404 73 "-" "Mozilla/5.0 (compatible; MJ12bot/v1.4.8; http://mj12bot.com/)" "ysfine.com"
149.56.241.193 - - [19/Oct/2022:05:50:24 -0700] "GET /class54/class5480/Pictures/2.%C3%AA%C2%B8%C2%B0%C3%AB%C2%85%C2%90%C3%AD%C2%96%C2%89%C3%AC%C2%82%C2%AC/%C3%AA%C2%B8%C2%B0%C3%AB%C2%85%C2%90%C3%AD%C2%96%C2%89%C3%AC%C2%82%C2%AC%20(8).jpg HTTP/1.1" 200 3315770 "-" "Mozilla/5.0 (compatible; MJ12bot/v1.4.8; http://mj12bot.com/)" "ysfine.com"
149.56.241.193 - - [19/Oct/2022:05:50:29 -0700] "GET /class54/class5480/Pictures/2.%C3%AA%C2%B8%C2%B0%C3%AB%C2%85%C2%90%C3%AD%C2%96%C2%89%C3%AC%C2%82%C2%AC/%C3%AA%C2%B8%C2%B0%C3%AB%C2%85%C2%90%C3%AD%C2%96%C2%89%C3%AC%C2%82%C2%AC%20(80).jpg HTTP/1.1" 200 6952643 "-" "Mozilla/5.0 (compatible; MJ12bot/v1.4.8; http://mj12bot.com/)" "ysfine.com"
149.56.241.193 - - [19/Oct/2022:05:50:34 -0700] "GET /class54/class5480/Pictures/2.%C3%AA%C2%B8%C2%B0%C3%AB%C2%85%C2%90%C3%AD%C2%96%C2%89%C3%AC%C2%82%C2%AC/%C3%AA%C2%B8%C2%B0%C3%AB%C2%85%C2%90%C3%AD%C2%96%C2%89%C3%AC%C2%82%C2%AC%20(81).jpg HTTP/1.1" 200 2867655 "-" "Mozilla/5.0 (compatible; MJ12bot/v1.4.8; http://mj12bot.com/)" "ysfine.com"
149.56.241.193 - - [19/Oct/2022:05:50:37 -0700] "GET /class54/class5480/Pictures/2.%C3%AA%C2%B8%C2%B0%C3%AB%C2%85%C2%90%C3%AD%C2%96%C2%89%C3%AC%C2%82%C2%AC/%C3%AA%C2%B8%C2%B0%C3%AB%C2%85%C2%90%C3%AD%C2%96%C2%89%C3%AC%C2%82%C2%AC%20(82).jpg HTTP/1.1" 200 4083672 "-" "Mozilla/5.0 (compatible; MJ12bot/v1.4.8; http://mj12bot.com/)" "ysfine.com"
157.55.39.128 - - [19/Oct/2022:05:50:41 -0700] "GET /world/ital/florf01b.jpg HTTP/1.1" 200 38979 "-" "Mozilla/5.0 (compatible; bingbot/2.0; +http://www.bing.com/bingbot.htm)" "ysfine.com"
149.56.241.193 - - [19/Oct/2022:05:50:42 -0700] "GET /class54/class5480/Pictures/2.%C3%AA%C2%B8%C2%B0%C3%AB%C2%85%C2%90%C3%AD%C2%96%C2%89%C3%AC%C2%82%C2%AC/%C3%AA%C2%B8%C2%B0%C3%AB%C2%85%C2%90%C3%AD%C2%96%C2%89%C3%AC%C2%82%C2%AC%20(83).jpg HTTP/1.1" 200 3293852 "-" "Mozilla/5.0 (compatible; MJ12bot/v1.4.8; http://mj12bot.com/)" "ysfine.com"
149.56.241.193 - - [19/Oct/2022:05:50:45 -0700] "GET /class54/class5480/Pictures/2.%C3%AA%C2%B8%C2%B0%C3%AB%C2%85%C2%90%C3%AD%C2%96%C2%89%C3%AC%C2%82%C2%AC/%C3%AA%C2%B8%C2%B0%C3%AB%C2%85%C2%90%C3%AD%C2%96%C2%89%C3%AC%C2%82%C2%AC%20(84).jpg HTTP/1.1" 200 6102514 "-" "Mozilla/5.0 (compatible; MJ12bot/v1.4.8; http://mj12bot.com/)" "ysfine.com"
149.56.241.193 - - [19/Oct/2022:05:50:51 -0700] "GET /class54/class5480/Pictures/2.%C3%AA%C2%B8%C2%B0%C3%AB%C2%85%C2%90%C3%AD%C2%96%C2%89%C3%AC%C2%82%C2%AC/%C3%AA%C2%B8%C2%B0%C3%AB%C2%85%C2%90%C3%AD%C2%96%C2%89%C3%AC%C2%82%C2%AC%20(85).jpg HTTP/1.1" 200 6015619 "-" "Mozilla/5.0 (compatible; MJ12bot/v1.4.8; http://mj12bot.com/)" "ysfine.com"
149.56.241.193 - - [19/Oct/2022:05:50:54 -0700] "GET /class54/class5480/Pictures/2.%C3%AA%C2%B8%C2%B0%C3%AB%C2%85%C2%90%C3%AD%C2%96%C2%89%C3%AC%C2%82%C2%AC/%C3%AA%C2%B8%C2%B0%C3%AB%C2%85%C2%90%C3%AD%C2%96%C2%89%C3%AC%C2%82%C2%AC%20(86).jpg HTTP/1.1" 200 6108717 "-" "Mozilla/5.0 (compatible; MJ12bot/v1.4.8; http://mj12bot.com/)" "ysfine.com"
149.56.241.193 - - [19/Oct/2022:05:50:57 -0700] "GET /class54/class5480/Pictures/2.%C3%AA%C2%B8%C2%B0%C3%AB%C2%85%C2%90%C3%AD%C2%96%C2%89%C3%AC%C2%82%C2%AC/%C3%AA%C2%B8%C2%B0%C3%AB%C2%85%C2%90%C3%AD%C2%96%C2%89%C3%AC%C2%82%C2%AC%20(87).jpg HTTP/1.1" 200 2630838 "-" "Mozilla/5.0 (compatible; MJ12bot/v1.4.8; http://mj12bot.com/)" "ysfine.com"
149.56.241.193 - - [19/Oct/2022:05:51:01 -0700] "GET /class54/class5480/Pictures/2.%C3%AA%C2%B8%C2%B0%C3%AB%C2%85%C2%90%C3%AD%C2%96%C2%89%C3%AC%C2%82%C2%AC/%C3%AA%C2%B8%C2%B0%C3%AB%C2%85%C2%90%C3%AD%C2%96%C2%89%C3%AC%C2%82%C2%AC%20(88).jpg HTTP/1.1" 200 2763255 "-" "Mozilla/5.0 (compatible; MJ12bot/v1.4.8; http://mj12bot.com/)" "ysfine.com"
149.56.241.193 - - [19/Oct/2022:05:51:07 -0700] "GET /class54/class5480/Pictures/2.%C3%AA%C2%B8%C2%B0%C3%AB%C2%85%C2%90%C3%AD%C2%96%C2%89%C3%AC%C2%82%C2%AC/%C3%AA%C2%B8%C2%B0%C3%AB%C2%85%C2%90%C3%AD%C2%96%C2%89%C3%AC%C2%82%C2%AC%20(89).jpg HTTP/1.1" 200 3383440 "-" "Mozilla/5.0 (compatible; MJ12bot/v1.4.8; http://mj12bot.com/)" "ysfine.com"
149.56.241.193 - - [19/Oct/2022:05:51:14 -0700] "GET /class54/class5480/Pictures/2.%C3%AA%C2%B8%C2%B0%C3%AB%C2%85%C2%90%C3%AD%C2%96%C2%89%C3%AC%C2%82%C2%AC/%C3%AA%C2%B8%C2%B0%C3%AB%C2%85%C2%90%C3%AD%C2%96%C2%89%C3%AC%C2%82%C2%AC%20(9).jpg HTTP/1.1" 200 4384206 "-" "Mozilla/5.0 (compatible; MJ12bot/v1.4.8; http://mj12bot.com/)" "ysfine.com"
149.56.241.193 - - [19/Oct/2022:05:51:18 -0700] "GET /class54/class5480/Pictures/2.%C3%AA%C2%B8%C2%B0%C3%AB%C2%85%C2%90%C3%AD%C2%96%C2%89%C3%AC%C2%82%C2%AC/%C3%AA%C2%B8%C2%B0%C3%AB%C2%85%C2%90%C3%AD%C2%96%C2%89%C3%AC%C2%82%C2%AC%20(90).jpg HTTP/1.1" 200 4438733 "-" "Mozilla/5.0 (compatible; MJ12bot/v1.4.8; http://mj12bot.com/)" "ysfine.com"
149.56.241.193 - - [19/Oct/2022:05:51:22 -0700] "GET /class54/class5480/Pictures/2.%C3%AA%C2%B8%C2%B0%C3%AB%C2%85%C2%90%C3%AD%C2%96%C2%89%C3%AC%C2%82%C2%AC/%C3%AA%C2%B8%C2%B0%C3%AB%C2%85%C2%90%C3%AD%C2%96%C2%89%C3%AC%C2%82%C2%AC%20(91).jpg HTTP/1.1" 200 4760475 "-" "Mozilla/5.0 (compatible; MJ12bot/v1.4.8; http://mj12bot.com/)" "ysfine.com"
82.132.231.244 - - [19/Oct/2022:05:51:24 -0700] "GET /world/france/champ1216.jpg HTTP/1.1" 200 196639 "https://www.bing.com/" "Mozilla/5.0 (Windows NT 10.0; Win64; x64) AppleWebKit/537.36 (KHTML, like Gecko) Chrome/106.0.0.0 Safari/537.36 Edg/106.0.1370.47" "www.ysfine.com"
149.56.241.193 - - [19/Oct/2022:05:51:29 -0700] "GET /class54/class5480/Pictures/2.%C3%AA%C2%B8%C2%B0%C3%AB%C2%85%C2%90%C3%AD%C2%96%C2%89%C3%AC%C2%82%C2%AC/%C3%AA%C2%B8%C2%B0%C3%AB%C2%85%C2%90%C3%AD%C2%96%C2%89%C3%AC%C2%82%C2%AC%20(92).jpg HTTP/1.1" 200 4660948 "-" "Mozilla/5.0 (compatible; MJ12bot/v1.4.8; http://mj12bot.com/)" "ysfine.com"
149.56.241.193 - - [19/Oct/2022:05:51:36 -0700] "GET /class54/class5480/Pictures/2.%C3%AA%C2%B8%C2%B0%C3%AB%C2%85%C2%90%C3%AD%C2%96%C2%89%C3%AC%C2%82%C2%AC/%C3%AA%C2%B8%C2%B0%C3%AB%C2%85%C2%90%C3%AD%C2%96%C2%89%C3%AC%C2%82%C2%AC%20(94).jpg HTTP/1.1" 200 3957698 "-" "Mozilla/5.0 (compatible; MJ12bot/v1.4.8; http://mj12bot.com/)" "ysfine.com"
149.56.241.193 - - [19/Oct/2022:05:51:39 -0700] "GET /class54/class5480/Pictures/2.%C3%AA%C2%B8%C2%B0%C3%AB%C2%85%C2%90%C3%AD%C2%96%C2%89%C3%AC%C2%82%C2%AC/%C3%AA%C2%B8%C2%B0%C3%AB%C2%85%C2%90%C3%AD%C2%96%C2%89%C3%AC%C2%82%C2%AC%20(95).jpg HTTP/1.1" 200 4216201 "-" "Mozilla/5.0 (compatible; MJ12bot/v1.4.8; http://mj12bot.com/)" "ysfine.com"
149.56.241.193 - - [19/Oct/2022:05:51:43 -0700] "GET /class54/class5480/Pictures/2.%C3%AA%C2%B8%C2%B0%C3%AB%C2%85%C2%90%C3%AD%C2%96%C2%89%C3%AC%C2%82%C2%AC/%C3%AA%C2%B8%C2%B0%C3%AB%C2%85%C2%90%C3%AD%C2%96%C2%89%C3%AC%C2%82%C2%AC%20(96).jpg HTTP/1.1" 200 4070995 "-" "Mozilla/5.0 (compatible; MJ12bot/v1.4.8; http://mj12bot.com/)" "ysfine.com"
149.56.241.193 - - [19/Oct/2022:05:51:46 -0700] "GET /class54/class5480/Pictures/2.%C3%AA%C2%B8%C2%B0%C3%AB%C2%85%C2%90%C3%AD%C2%96%C2%89%C3%AC%C2%82%C2%AC/%C3%AA%C2%B8%C2%B0%C3%AB%C2%85%C2%90%C3%AD%C2%96%C2%89%C3%AC%C2%82%C2%AC%20(97).jpg HTTP/1.1" 200 3376923 "-" "Mozilla/5.0 (compatible; MJ12bot/v1.4.8; http://mj12bot.com/)" "ysfine.com"
149.56.241.193 - - [19/Oct/2022:05:51:51 -0700] "GET /class54/class5480/Pictures/2.%C3%AA%C2%B8%C2%B0%C3%AB%C2%85%C2%90%C3%AD%C2%96%C2%89%C3%AC%C2%82%C2%AC/%C3%AA%C2%B8%C2%B0%C3%AB%C2%85%C2%90%C3%AD%C2%96%C2%89%C3%AC%C2%82%C2%AC%20(98).jpg HTTP/1.1" 200 2897914 "-" "Mozilla/5.0 (compatible; MJ12bot/v1.4.8; http://mj12bot.com/)" "ysfine.com"
149.56.241.193 - - [19/Oct/2022:05:51:57 -0700] "GET /class54/class5480/Pictures/2.%C3%AA%C2%B8%C2%B0%C3%AB%C2%85%C2%90%C3%AD%C2%96%C2%89%C3%AC%C2%82%C2%AC/%C3%AA%C2%B8%C2%B0%C3%AB%C2%85%C2%90%C3%AD%C2%96%C2%89%C3%AC%C2%82%C2%AC%20(99).jpg HTTP/1.1" 200 2647717 "-" "Mozilla/5.0 (compatible; MJ12bot/v1.4.8; http://mj12bot.com/)" "ysfine.com"
149.56.241.193 - - [19/Oct/2022:05:52:01 -0700] "GET /class54/class5480/Pictures/2.%C3%AA%C2%B8%C2%B0%C3%AB%C2%85%C2%90%C3%AD%C2%96%C2%89%C3%AC%C2%82%C2%AC/ HTTP/1.1" 200 1718 "-" "Mozilla/5.0 (compatible; MJ12bot/v1.4.8; http://mj12bot.com/)" "ysfine.com"
149.56.241.193 - - [19/Oct/2022:05:52:04 -0700] "GET /class54/class5480/Pictures/3.%C3%AD%C2%88%C2%AC%C3%AC%C2%96%C2%B4%C3%AB%C2%B0%C2%8F%C3%AB%C2%AA%C2%A8%C3%AA%C2%B5%C2%90%C3%AB%C2%B0%C2%A9%C3%AB%C2%AC%C2%B8/ HTTP/1.1" 200 1320 "-" "Mozilla/5.0 (compatible; MJ12bot/v1.4.8; http://mj12bot.com/)" "ysfine.com"
149.56.241.193 - - [19/Oct/2022:05:52:07 -0700] "GET /class54/class5480/Pictures/4.%C3%AA%C2%B8%C2%B0%C3%AB%C2%85%C2%90%C3%AC%C2%B4%C2%AC%C3%AC%C2%98%C2%81/%C3%AA%C2%B8%C2%B0%C3%AB%C2%85%C2%90%C3%AC%C2%B4%C2%AC%C3%AC%C2%98%C2%81%20(1).jpg HTTP/1.1" 200 9230131 "-" "Mozilla/5.0 (compatible; MJ12bot/v1.4.8; http://mj12bot.com/)" "ysfine.com"
149.56.241.193 - - [19/Oct/2022:05:52:11 -0700] "GET /class54/class5480/Pictures/4.%C3%AA%C2%B8%C2%B0%C3%AB%C2%85%C2%90%C3%AC%C2%B4%C2%AC%C3%AC%C2%98%C2%81/%C3%AA%C2%B8%C2%B0%C3%AB%C2%85%C2%90%C3%AC%C2%B4%C2%AC%C3%AC%C2%98%C2%81%20(10).jpg HTTP/1.1" 200 9503000 "-" "Mozilla/5.0 (compatible; MJ12bot/v1.4.8; http://mj12bot.com/)" "ysfine.com"
149.56.241.193 - - [19/Oct/2022:05:52:14 -0700] "GET /class54/class5480/Pictures/4.%C3%AA%C2%B8%C2%B0%C3%AB%C2%85%C2%90%C3%AC%C2%B4%C2%AC%C3%AC%C2%98%C2%81/%C3%AA%C2%B8%C2%B0%C3%AB%C2%85%C2%90%C3%AC%C2%B4%C2%AC%C3%AC%C2%98%C2%81%20(11).jpg HTTP/1.1" 200 9094175 "-" "Mozilla/5.0 (compatible; MJ12bot/v1.4.8; http://mj12bot.com/)" "ysfine.com"
149.56.241.193 - - [19/Oct/2022:05:52:19 -0700] "GET /class54/class5480/Pictures/4.%C3%AA%C2%B8%C2%B0%C3%AB%C2%85%C2%90%C3%AC%C2%B4%C2%AC%C3%AC%C2%98%C2%81/%C3%AA%C2%B8%C2%B0%C3%AB%C2%85%C2%90%C3%AC%C2%B4%C2%AC%C3%AC%C2%98%C2%81%20(12).jpg HTTP/1.1" 200 8633085 "-" "Mozilla/5.0 (compatible; MJ12bot/v1.4.8; http://mj12bot.com/)" "ysfine.com"
149.56.241.193 - - [19/Oct/2022:05:52:25 -0700] "GET /class54/class5480/Pictures/4.%C3%AA%C2%B8%C2%B0%C3%AB%C2%85%C2%90%C3%AC%C2%B4%C2%AC%C3%AC%C2%98%C2%81/%C3%AA%C2%B8%C2%B0%C3%AB%C2%85%C2%90%C3%AC%C2%B4%C2%AC%C3%AC%C2%98%C2%81%20(13).jpg HTTP/1.1" 200 10162390 "-" "Mozilla/5.0 (compatible; MJ12bot/v1.4.8; http://mj12bot.com/)" "ysfine.com"
149.56.241.193 - - [19/Oct/2022:05:52:27 -0700] "GET /class54/class5480/Pictures/4.%C3%AA%C2%B8%C2%B0%C3%AB%C2%85%C2%90%C3%AC%C2%B4%C2%AC%C3%AC%C2%98%C2%81/%C3%AA%C2%B8%C2%B0%C3%AB%C2%85%C2%90%C3%AC%C2%B4%C2%AC%C3%AC%C2%98%C2%81%20(14).jpg HTTP/1.1" 200 10854631 "-" "Mozilla/5.0 (compatible; MJ12bot/v1.4.8; http://mj12bot.com/)" "ysfine.com"
157.55.39.58 - - [19/Oct/2022:05:52:30 -0700] "GET /world/baltic/riga31.jpg HTTP/1.1" 200 79386 "-" "Mozilla/5.0 (compatible; bingbot/2.0; +http://www.bing.com/bingbot.htm)" "ysfine.com"
149.56.241.193 - - [19/Oct/2022:05:52:31 -0700] "GET /class54/class5480/Pictures/4.%C3%AA%C2%B8%C2%B0%C3%AB%C2%85%C2%90%C3%AC%C2%B4%C2%AC%C3%AC%C2%98%C2%81/%C3%AA%C2%B8%C2%B0%C3%AB%C2%85%C2%90%C3%AC%C2%B4%C2%AC%C3%AC%C2%98%C2%81%20(15).jpg HTTP/1.1" 200 9859393 "-" "Mozilla/5.0 (compatible; MJ12bot/v1.4.8; http://mj12bot.com/)" "ysfine.com"
149.56.241.193 - - [19/Oct/2022:05:52:35 -0700] "GET /class54/class5480/Pictures/4.%C3%AA%C2%B8%C2%B0%C3%AB%C2%85%C2%90%C3%AC%C2%B4%C2%AC%C3%AC%C2%98%C2%81/%C3%AA%C2%B8%C2%B0%C3%AB%C2%85%C2%90%C3%AC%C2%B4%C2%AC%C3%AC%C2%98%C2%81%20(16).jpg HTTP/1.1" 200 8977620 "-" "Mozilla/5.0 (compatible; MJ12bot/v1.4.8; http://mj12bot.com/)" "ysfine.com"
149.56.241.193 - - [19/Oct/2022:05:52:38 -0700] "GET /class54/class5480/Pictures/4.%C3%AA%C2%B8%C2%B0%C3%AB%C2%85%C2%90%C3%AC%C2%B4%C2%AC%C3%AC%C2%98%C2%81/%C3%AA%C2%B8%C2%B0%C3%AB%C2%85%C2%90%C3%AC%C2%B4%C2%AC%C3%AC%C2%98%C2%81%20(17).jpg HTTP/1.1" 200 8880857 "-" "Mozilla/5.0 (compatible; MJ12bot/v1.4.8; http://mj12bot.com/)" "ysfine.com"
157.55.39.127 - - [19/Oct/2022:05:52:41 -0700] "GET /kobak/turktroops11.jpg HTTP/1.1" 200 243876 "-" "Mozilla/5.0 AppleWebKit/537.36 (KHTML, like Gecko; compatible; bingbot/2.0; +http://www.bing.com/bingbot.htm) Chrome/103.0.5060.134 Safari/537.36" "ysfine.com"
149.56.241.193 - - [19/Oct/2022:05:52:42 -0700] "GET /class54/class5480/Pictures/4.%C3%AA%C2%B8%C2%B0%C3%AB%C2%85%C2%90%C3%AC%C2%B4%C2%AC%C3%AC%C2%98%C2%81/%C3%AA%C2%B8%C2%B0%C3%AB%C2%85%C2%90%C3%AC%C2%B4%C2%AC%C3%AC%C2%98%C2%81%20(18).jpg HTTP/1.1" 200 8705986 "-" "Mozilla/5.0 (compatible; MJ12bot/v1.4.8; http://mj12bot.com/)" "ysfine.com"
149.56.241.193 - - [19/Oct/2022:05:52:46 -0700] "GET /class54/class5480/Pictures/4.%C3%AA%C2%B8%C2%B0%C3%AB%C2%85%C2%90%C3%AC%C2%B4%C2%AC%C3%AC%C2%98%C2%81/%C3%AA%C2%B8%C2%B0%C3%AB%C2%85%C2%90%C3%AC%C2%B4%C2%AC%C3%AC%C2%98%C2%81%20(19).jpg HTTP/1.1" 200 8824252 "-" "Mozilla/5.0 (compatible; MJ12bot/v1.4.8; http://mj12bot.com/)" "ysfine.com"
149.56.241.193 - - [19/Oct/2022:05:52:51 -0700] "GET /class54/class5480/Pictures/4.%C3%AA%C2%B8%C2%B0%C3%AB%C2%85%C2%90%C3%AC%C2%B4%C2%AC%C3%AC%C2%98%C2%81/%C3%AA%C2%B8%C2%B0%C3%AB%C2%85%C2%90%C3%AC%C2%B4%C2%AC%C3%AC%C2%98%C2%81%20(2).jpg HTTP/1.1" 200 9549520 "-" "Mozilla/5.0 (compatible; MJ12bot/v1.4.8; http://mj12bot.com/)" "ysfine.com"
149.56.241.193 - - [19/Oct/2022:05:52:56 -0700] "GET /class54/class5480/Pictures/4.%C3%AA%C2%B8%C2%B0%C3%AB%C2%85%C2%90%C3%AC%C2%B4%C2%AC%C3%AC%C2%98%C2%81/%C3%AA%C2%B8%C2%B0%C3%AB%C2%85%C2%90%C3%AC%C2%B4%C2%AC%C3%AC%C2%98%C2%81%20(20).jpg HTTP/1.1" 200 8639091 "-" "Mozilla/5.0 (compatible; MJ12bot/v1.4.8; http://mj12bot.com/)" "ysfine.com"
149.56.241.193 - - [19/Oct/2022:05:53:00 -0700] "GET /class54/class5480/Pictures/4.%C3%AA%C2%B8%C2%B0%C3%AB%C2%85%C2%90%C3%AC%C2%B4%C2%AC%C3%AC%C2%98%C2%81/%C3%AA%C2%B8%C2%B0%C3%AB%C2%85%C2%90%C3%AC%C2%B4%C2%AC%C3%AC%C2%98%C2%81%20(21).jpg HTTP/1.1" 200 8612602 "-" "Mozilla/5.0 (compatible; MJ12bot/v1.4.8; http://mj12bot.com/)" "ysfine.com"
149.56.241.193 - - [19/Oct/2022:05:53:05 -0700] "GET /class54/class5480/Pictures/4.%C3%AA%C2%B8%C2%B0%C3%AB%C2%85%C2%90%C3%AC%C2%B4%C2%AC%C3%AC%C2%98%C2%81/%C3%AA%C2%B8%C2%B0%C3%AB%C2%85%C2%90%C3%AC%C2%B4%C2%AC%C3%AC%C2%98%C2%81%20(22).jpg HTTP/1.1" 200 10501415 "-" "Mozilla/5.0 (compatible; MJ12bot/v1.4.8; http://mj12bot.com/)" "ysfine.com"
149.56.241.193 - - [19/Oct/2022:05:53:09 -0700] "GET /class54/class5480/Pictures/4.%C3%AA%C2%B8%C2%B0%C3%AB%C2%85%C2%90%C3%AC%C2%B4%C2%AC%C3%AC%C2%98%C2%81/%C3%AA%C2%B8%C2%B0%C3%AB%C2%85%C2%90%C3%AC%C2%B4%C2%AC%C3%AC%C2%98%C2%81%20(23).jpg HTTP/1.1" 200 9705218 "-" "Mozilla/5.0 (compatible; MJ12bot/v1.4.8; http://mj12bot.com/)" "ysfine.com"
149.56.241.193 - - [19/Oct/2022:05:53:14 -0700] "GET /class54/class5480/Pictures/4.%C3%AA%C2%B8%C2%B0%C3%AB%C2%85%C2%90%C3%AC%C2%B4%C2%AC%C3%AC%C2%98%C2%81/%C3%AA%C2%B8%C2%B0%C3%AB%C2%85%C2%90%C3%AC%C2%B4%C2%AC%C3%AC%C2%98%C2%81%20(24).jpg HTTP/1.1" 200 9344759 "-" "Mozilla/5.0 (compatible; MJ12bot/v1.4.8; http://mj12bot.com/)" "ysfine.com"
149.56.241.193 - - [19/Oct/2022:05:53:18 -0700] "GET /class54/class5480/Pictures/4.%C3%AA%C2%B8%C2%B0%C3%AB%C2%85%C2%90%C3%AC%C2%B4%C2%AC%C3%AC%C2%98%C2%81/%C3%AA%C2%B8%C2%B0%C3%AB%C2%85%C2%90%C3%AC%C2%B4%C2%AC%C3%AC%C2%98%C2%81%20(25).jpg HTTP/1.1" 200 9047444 "-" "Mozilla/5.0 (compatible; MJ12bot/v1.4.8; http://mj12bot.com/)" "ysfine.com"
149.56.241.193 - - [19/Oct/2022:05:53:22 -0700] "GET /class54/class5480/Pictures/4.%C3%AA%C2%B8%C2%B0%C3%AB%C2%85%C2%90%C3%AC%C2%B4%C2%AC%C3%AC%C2%98%C2%81/%C3%AA%C2%B8%C2%B0%C3%AB%C2%85%C2%90%C3%AC%C2%B4%C2%AC%C3%AC%C2%98%C2%81%20(26).jpg HTTP/1.1" 200 9289971 "-" "Mozilla/5.0 (compatible; MJ12bot/v1.4.8; http://mj12bot.com/)" "ysfine.com"
149.56.241.193 - - [19/Oct/2022:05:53:25 -0700] "GET /class54/class5480/Pictures/4.%C3%AA%C2%B8%C2%B0%C3%AB%C2%85%C2%90%C3%AC%C2%B4%C2%AC%C3%AC%C2%98%C2%81/%C3%AA%C2%B8%C2%B0%C3%AB%C2%85%C2%90%C3%AC%C2%B4%C2%AC%C3%AC%C2%98%C2%81%20(27).jpg HTTP/1.1" 200 11400512 "-" "Mozilla/5.0 (compatible; MJ12bot/v1.4.8; http://mj12bot.com/)" "ysfine.com"
149.56.241.193 - - [19/Oct/2022:05:53:28 -0700] "GET /class54/class5480/Pictures/4.%C3%AA%C2%B8%C2%B0%C3%AB%C2%85%C2%90%C3%AC%C2%B4%C2%AC%C3%AC%C2%98%C2%81/%C3%AA%C2%B8%C2%B0%C3%AB%C2%85%C2%90%C3%AC%C2%B4%C2%AC%C3%AC%C2%98%C2%81%20(28).jpg HTTP/1.1" 200 10667161 "-" "Mozilla/5.0 (compatible; MJ12bot/v1.4.8; http://mj12bot.com/)" "ysfine.com"
149.56.241.193 - - [19/Oct/2022:05:53:33 -0700] "GET /class54/class5480/Pictures/4.%C3%AA%C2%B8%C2%B0%C3%AB%C2%85%C2%90%C3%AC%C2%B4%C2%AC%C3%AC%C2%98%C2%81/%C3%AA%C2%B8%C2%B0%C3%AB%C2%85%C2%90%C3%AC%C2%B4%C2%AC%C3%AC%C2%98%C2%81%20(29).jpg HTTP/1.1" 200 8909914 "-" "Mozilla/5.0 (compatible; MJ12bot/v1.4.8; http://mj12bot.com/)" "ysfine.com"
149.56.241.193 - - [19/Oct/2022:05:53:39 -0700] "GET /class54/class5480/Pictures/4.%C3%AA%C2%B8%C2%B0%C3%AB%C2%85%C2%90%C3%AC%C2%B4%C2%AC%C3%AC%C2%98%C2%81/%C3%AA%C2%B8%C2%B0%C3%AB%C2%85%C2%90%C3%AC%C2%B4%C2%AC%C3%AC%C2%98%C2%81%20(3).jpg HTTP/1.1" 200 8850249 "-" "Mozilla/5.0 (compatible; MJ12bot/v1.4.8; http://mj12bot.com/)" "ysfine.com"
103.228.35.70 - - [19/Oct/2022:05:53:41 -0700] "GET /heisen/heisen66.jpg HTTP/1.1" 200 82082 "https://www.google.com/" "Mozilla/5.0 (Windows NT 10.0; Win64; x64) AppleWebKit/537.36 (KHTML, like Gecko) Chrome/106.0.0.0 Safari/537.36" "ysfine.com"
149.56.241.193 - - [19/Oct/2022:05:53:43 -0700] "GET /class54/class5480/Pictures/4.%C3%AA%C2%B8%C2%B0%C3%AB%C2%85%C2%90%C3%AC%C2%B4%C2%AC%C3%AC%C2%98%C2%81/%C3%AA%C2%B8%C2%B0%C3%AB%C2%85%C2%90%C3%AC%C2%B4%C2%AC%C3%AC%C2%98%C2%81%20(30).jpg HTTP/1.1" 200 10088031 "-" "Mozilla/5.0 (compatible; MJ12bot/v1.4.8; http://mj12bot.com/)" "ysfine.com"
103.228.35.70 - - [19/Oct/2022:05:53:46 -0700] "GET /wigner/wigheis11c.jpg HTTP/1.1" 200 41279 "https://www.google.com/" "Mozilla/5.0 (Windows NT 10.0; Win64; x64) AppleWebKit/537.36 (KHTML, like Gecko) Chrome/106.0.0.0 Safari/537.36" "ysfine.com"
149.56.241.193 - - [19/Oct/2022:05:53:47 -0700] "GET /class54/class5480/Pictures/4.%C3%AA%C2%B8%C2%B0%C3%AB%C2%85%C2%90%C3%AC%C2%B4%C2%AC%C3%AC%C2%98%C2%81/%C3%AA%C2%B8%C2%B0%C3%AB%C2%85%C2%90%C3%AC%C2%B4%C2%AC%C3%AC%C2%98%C2%81%20(31).jpg HTTP/1.1" 200 9467964 "-" "Mozilla/5.0 (compatible; MJ12bot/v1.4.8; http://mj12bot.com/)" "ysfine.com"
149.56.241.193 - - [19/Oct/2022:05:53:53 -0700] "GET /class54/class5480/Pictures/4.%C3%AA%C2%B8%C2%B0%C3%AB%C2%85%C2%90%C3%AC%C2%B4%C2%AC%C3%AC%C2%98%C2%81/%C3%AA%C2%B8%C2%B0%C3%AB%C2%85%C2%90%C3%AC%C2%B4%C2%AC%C3%AC%C2%98%C2%81%20(32).jpg HTTP/1.1" 200 9049919 "-" "Mozilla/5.0 (compatible; MJ12bot/v1.4.8; http://mj12bot.com/)" "ysfine.com"
149.56.241.193 - - [19/Oct/2022:05:53:57 -0700] "GET /class54/class5480/Pictures/4.%C3%AA%C2%B8%C2%B0%C3%AB%C2%85%C2%90%C3%AC%C2%B4%C2%AC%C3%AC%C2%98%C2%81/%C3%AA%C2%B8%C2%B0%C3%AB%C2%85%C2%90%C3%AC%C2%B4%C2%AC%C3%AC%C2%98%C2%81%20(33).jpg HTTP/1.1" 200 9604185 "-" "Mozilla/5.0 (compatible; MJ12bot/v1.4.8; http://mj12bot.com/)" "ysfine.com"
149.56.241.193 - - [19/Oct/2022:05:54:02 -0700] "GET /class54/class5480/Pictures/4.%C3%AA%C2%B8%C2%B0%C3%AB%C2%85%C2%90%C3%AC%C2%B4%C2%AC%C3%AC%C2%98%C2%81/%C3%AA%C2%B8%C2%B0%C3%AB%C2%85%C2%90%C3%AC%C2%B4%C2%AC%C3%AC%C2%98%C2%81%20(34).jpg HTTP/1.1" 200 8893046 "-" "Mozilla/5.0 (compatible; MJ12bot/v1.4.8; http://mj12bot.com/)" "ysfine.com"
149.56.241.193 - - [19/Oct/2022:05:54:06 -0700] "GET /class54/class5480/Pictures/4.%C3%AA%C2%B8%C2%B0%C3%AB%C2%85%C2%90%C3%AC%C2%B4%C2%AC%C3%AC%C2%98%C2%81/%C3%AA%C2%B8%C2%B0%C3%AB%C2%85%C2%90%C3%AC%C2%B4%C2%AC%C3%AC%C2%98%C2%81%20(35).jpg HTTP/1.1" 200 10170848 "-" "Mozilla/5.0 (compatible; MJ12bot/v1.4.8; http://mj12bot.com/)" "ysfine.com"
149.56.241.193 - - [19/Oct/2022:05:54:10 -0700] "GET /class54/class5480/Pictures/4.%C3%AA%C2%B8%C2%B0%C3%AB%C2%85%C2%90%C3%AC%C2%B4%C2%AC%C3%AC%C2%98%C2%81/%C3%AA%C2%B8%C2%B0%C3%AB%C2%85%C2%90%C3%AC%C2%B4%C2%AC%C3%AC%C2%98%C2%81%20(36).jpg HTTP/1.1" 200 11190784 "-" "Mozilla/5.0 (compatible; MJ12bot/v1.4.8; http://mj12bot.com/)" "ysfine.com"
149.56.241.193 - - [19/Oct/2022:05:54:13 -0700] "GET /class54/class5480/Pictures/4.%C3%AA%C2%B8%C2%B0%C3%AB%C2%85%C2%90%C3%AC%C2%B4%C2%AC%C3%AC%C2%98%C2%81/%C3%AA%C2%B8%C2%B0%C3%AB%C2%85%C2%90%C3%AC%C2%B4%C2%AC%C3%AC%C2%98%C2%81%20(37).jpg HTTP/1.1" 200 9486919 "-" "Mozilla/5.0 (compatible; MJ12bot/v1.4.8; http://mj12bot.com/)" "ysfine.com"
149.56.241.193 - - [19/Oct/2022:05:54:17 -0700] "GET /class54/class5480/Pictures/4.%C3%AA%C2%B8%C2%B0%C3%AB%C2%85%C2%90%C3%AC%C2%B4%C2%AC%C3%AC%C2%98%C2%81/%C3%AA%C2%B8%C2%B0%C3%AB%C2%85%C2%90%C3%AC%C2%B4%C2%AC%C3%AC%C2%98%C2%81%20(38).jpg HTTP/1.1" 200 10778737 "-" "Mozilla/5.0 (compatible; MJ12bot/v1.4.8; http://mj12bot.com/)" "ysfine.com"
17.121.114.252 - - [19/Oct/2022:05:54:19 -0700] "GET /world/wdtop.html HTTP/1.1" 200 388 "https://www.ysfine.com/world/index.html" "Mozilla/5.0 (Macintosh; Intel Mac OS X 10_15_5) AppleWebKit/605.1.15 (KHTML, like Gecko) Version/13.1.1 Safari/605.1.15 (Applebot/0.1; +http://www.apple.com/go/applebot)" "www.ysfine.com"
17.121.114.221 - - [19/Oct/2022:05:54:20 -0700] "GET /world/wdbot.html HTTP/1.1" 200 131 "https://www.ysfine.com/world/index.html" "Mozilla/5.0 (Macintosh; Intel Mac OS X 10_15_5) AppleWebKit/605.1.15 (KHTML, like Gecko) Version/13.1.1 Safari/605.1.15 (Applebot/0.1; +http://www.apple.com/go/applebot)" "www.ysfine.com"
17.121.114.252 - - [19/Oct/2022:05:54:20 -0700] "GET /world/wdleft.html HTTP/1.1" 200 610 "https://www.ysfine.com/world/wdbot.html" "Mozilla/5.0 (Macintosh; Intel Mac OS X 10_15_5) AppleWebKit/605.1.15 (KHTML, like Gecko) Version/13.1.1 Safari/605.1.15 (Applebot/0.1; +http://www.apple.com/go/applebot)" "www.ysfine.com"
17.121.114.221 - - [19/Oct/2022:05:54:21 -0700] "GET /world/wdrigh.html HTTP/1.1" 200 2217 "https://www.ysfine.com/world/wdbot.html" "Mozilla/5.0 (Macintosh; Intel Mac OS X 10_15_5) AppleWebKit/605.1.15 (KHTML, like Gecko) Version/13.1.1 Safari/605.1.15 (Applebot/0.1; +http://www.apple.com/go/applebot)" "www.ysfine.com"
149.56.241.193 - - [19/Oct/2022:05:54:21 -0700] "GET /class54/class5480/Pictures/4.%C3%AA%C2%B8%C2%B0%C3%AB%C2%85%C2%90%C3%AC%C2%B4%C2%AC%C3%AC%C2%98%C2%81/%C3%AA%C2%B8%C2%B0%C3%AB%C2%85%C2%90%C3%AC%C2%B4%C2%AC%C3%AC%C2%98%C2%81%20(39).jpg HTTP/1.1" 200 9678684 "-" "Mozilla/5.0 (compatible; MJ12bot/v1.4.8; http://mj12bot.com/)" "ysfine.com"
149.56.241.193 - - [19/Oct/2022:05:54:24 -0700] "GET /class54/class5480/Pictures/4.%C3%AA%C2%B8%C2%B0%C3%AB%C2%85%C2%90%C3%AC%C2%B4%C2%AC%C3%AC%C2%98%C2%81/%C3%AA%C2%B8%C2%B0%C3%AB%C2%85%C2%90%C3%AC%C2%B4%C2%AC%C3%AC%C2%98%C2%81%20(4).jpg HTTP/1.1" 200 10088508 "-" "Mozilla/5.0 (compatible; MJ12bot/v1.4.8; http://mj12bot.com/)" "ysfine.com"
149.56.241.193 - - [19/Oct/2022:05:54:27 -0700] "GET /class54/class5480/Pictures/4.%C3%AA%C2%B8%C2%B0%C3%AB%C2%85%C2%90%C3%AC%C2%B4%C2%AC%C3%AC%C2%98%C2%81/%C3%AA%C2%B8%C2%B0%C3%AB%C2%85%C2%90%C3%AC%C2%B4%C2%AC%C3%AC%C2%98%C2%81%20(40).jpg HTTP/1.1" 200 9484451 "-" "Mozilla/5.0 (compatible; MJ12bot/v1.4.8; http://mj12bot.com/)" "ysfine.com"
103.228.35.70 - - [19/Oct/2022:05:54:28 -0700] "GET /heisen/bohrheisen11.jpg HTTP/1.1" 200 104546 "https://www.google.com/" "Mozilla/5.0 (Windows NT 10.0; Win64; x64) AppleWebKit/537.36 (KHTML, like Gecko) Chrome/106.0.0.0 Safari/537.36" "ysfine.com"
103.228.35.70 - - [19/Oct/2022:05:54:30 -0700] "GET /einstein/einbohr33.jpg HTTP/1.1" 200 87797 "https://www.google.com/" "Mozilla/5.0 (Windows NT 10.0; Win64; x64) AppleWebKit/537.36 (KHTML, like Gecko) Chrome/106.0.0.0 Safari/537.36" "ysfine.com"
149.56.241.193 - - [19/Oct/2022:05:54:33 -0700] "GET /class54/class5480/Pictures/4.%C3%AA%C2%B8%C2%B0%C3%AB%C2%85%C2%90%C3%AC%C2%B4%C2%AC%C3%AC%C2%98%C2%81/%C3%AA%C2%B8%C2%B0%C3%AB%C2%85%C2%90%C3%AC%C2%B4%C2%AC%C3%AC%C2%98%C2%81%20(41).jpg HTTP/1.1" 200 9834148 "-" "Mozilla/5.0 (compatible; MJ12bot/v1.4.8; http://mj12bot.com/)" "ysfine.com"
149.56.241.193 - - [19/Oct/2022:05:54:36 -0700] "GET /class54/class5480/Pictures/4.%C3%AA%C2%B8%C2%B0%C3%AB%C2%85%C2%90%C3%AC%C2%B4%C2%AC%C3%AC%C2%98%C2%81/%C3%AA%C2%B8%C2%B0%C3%AB%C2%85%C2%90%C3%AC%C2%B4%C2%AC%C3%AC%C2%98%C2%81%20(42).jpg HTTP/1.1" 200 10410790 "-" "Mozilla/5.0 (compatible; MJ12bot/v1.4.8; http://mj12bot.com/)" "ysfine.com"
149.56.241.193 - - [19/Oct/2022:05:54:40 -0700] "GET /class54/class5480/Pictures/4.%C3%AA%C2%B8%C2%B0%C3%AB%C2%85%C2%90%C3%AC%C2%B4%C2%AC%C3%AC%C2%98%C2%81/%C3%AA%C2%B8%C2%B0%C3%AB%C2%85%C2%90%C3%AC%C2%B4%C2%AC%C3%AC%C2%98%C2%81%20(43).jpg HTTP/1.1" 200 9120447 "-" "Mozilla/5.0 (compatible; MJ12bot/v1.4.8; http://mj12bot.com/)" "ysfine.com"
149.56.241.193 - - [19/Oct/2022:05:54:45 -0700] "GET /class54/class5480/Pictures/4.%C3%AA%C2%B8%C2%B0%C3%AB%C2%85%C2%90%C3%AC%C2%B4%C2%AC%C3%AC%C2%98%C2%81/%C3%AA%C2%B8%C2%B0%C3%AB%C2%85%C2%90%C3%AC%C2%B4%C2%AC%C3%AC%C2%98%C2%81%20(44).jpg HTTP/1.1" 200 11273849 "-" "Mozilla/5.0 (compatible; MJ12bot/v1.4.8; http://mj12bot.com/)" "ysfine.com"
