51.222.253.1 - - [19/Oct/2022:18:06:12 -0700] "GET /ysbio/wdc/pulaski01b.jpg HTTP/1.1" 200 43884 "-" "Mozilla/5.0 (compatible; AhrefsBot/7.0; +http://ahrefs.com/robot/)" "ysfine.com"
51.222.253.1 - - [19/Oct/2022:18:06:12 -0700] "GET /ysbio/wdc/umd06b.jpg HTTP/1.1" 200 34590 "-" "Mozilla/5.0 (compatible; AhrefsBot/7.0; +http://ahrefs.com/robot/)" "ysfine.com"
51.222.253.9 - - [19/Oct/2022:18:06:13 -0700] "GET /ysbio/wdc/gtown32c.jpg HTTP/1.1" 200 40837 "-" "Mozilla/5.0 (compatible; AhrefsBot/7.0; +http://ahrefs.com/robot/)" "ysfine.com"
51.222.253.17 - - [19/Oct/2022:18:06:18 -0700] "GET /ysbio/maga/invent/marconi03b.jpg HTTP/1.1" 200 47650 "-" "Mozilla/5.0 (compatible; AhrefsBot/7.0; +http://ahrefs.com/robot/)" "ysfine.com"
51.222.253.7 - - [19/Oct/2022:18:06:18 -0700] "GET /ysbio/wdc/lincoln02b.jpg HTTP/1.1" 200 27630 "-" "Mozilla/5.0 (compatible; AhrefsBot/7.0; +http://ahrefs.com/robot/)" "ysfine.com"
51.222.253.14 - - [19/Oct/2022:18:06:19 -0700] "GET /ysbio/wdc/gtown24b.jpg HTTP/1.1" 200 35392 "-" "Mozilla/5.0 (compatible; AhrefsBot/7.0; +http://ahrefs.com/robot/)" "ysfine.com"
51.222.253.7 - - [19/Oct/2022:18:06:19 -0700] "GET /ysbio/wdc/loc01b.jpg HTTP/1.1" 200 59811 "-" "Mozilla/5.0 (compatible; AhrefsBot/7.0; +http://ahrefs.com/robot/)" "ysfine.com"
51.222.253.11 - - [19/Oct/2022:18:06:20 -0700] "GET /ysbio/style/alexandrov44b.jpg HTTP/1.1" 200 38881 "-" "Mozilla/5.0 (compatible; AhrefsBot/7.0; +http://ahrefs.com/robot/)" "ysfine.com"
51.222.253.1 - - [19/Oct/2022:18:06:21 -0700] "GET /ysbio/wdc/whouse02b.jpg HTTP/1.1" 200 30118 "-" "Mozilla/5.0 (compatible; AhrefsBot/7.0; +http://ahrefs.com/robot/)" "ysfine.com"
51.222.253.8 - - [19/Oct/2022:18:06:22 -0700] "GET /ysbio/wdc/ndu11b.jpg HTTP/1.1" 200 33978 "-" "Mozilla/5.0 (compatible; AhrefsBot/7.0; +http://ahrefs.com/robot/)" "ysfine.com"
51.222.253.17 - - [19/Oct/2022:18:06:23 -0700] "GET /ysbio/wdc/obelisk11b.jpg HTTP/1.1" 200 30019 "-" "Mozilla/5.0 (compatible; AhrefsBot/7.0; +http://ahrefs.com/robot/)" "ysfine.com"
51.222.253.5 - - [19/Oct/2022:18:06:23 -0700] "GET /ysbio/wdc/dar11b.jpg HTTP/1.1" 200 37978 "-" "Mozilla/5.0 (compatible; AhrefsBot/7.0; +http://ahrefs.com/robot/)" "ysfine.com"
51.222.253.1 - - [19/Oct/2022:18:06:23 -0700] "GET /ysbio/wdc/ww2m66b.jpg HTTP/1.1" 200 32234 "-" "Mozilla/5.0 (compatible; AhrefsBot/7.0; +http://ahrefs.com/robot/)" "ysfine.com"
51.222.253.7 - - [19/Oct/2022:18:06:24 -0700] "GET /ysbio/wdc/capitol07b.jpg HTTP/1.1" 200 47839 "-" "Mozilla/5.0 (compatible; AhrefsBot/7.0; +http://ahrefs.com/robot/)" "ysfine.com"
51.222.253.14 - - [19/Oct/2022:18:06:24 -0700] "GET /ysbio/style/kirovken22b.jpg HTTP/1.1" 200 36856 "-" "Mozilla/5.0 (compatible; AhrefsBot/7.0; +http://ahrefs.com/robot/)" "ysfine.com"
51.222.253.12 - - [19/Oct/2022:18:06:25 -0700] "GET /ysbio/wdc/eindc03b.jpg HTTP/1.1" 200 54447 "-" "Mozilla/5.0 (compatible; AhrefsBot/7.0; +http://ahrefs.com/robot/)" "ysfine.com"
51.222.253.9 - - [19/Oct/2022:18:06:25 -0700] "GET /ysbio/wdc/supreme02b.jpg HTTP/1.1" 200 37198 "-" "Mozilla/5.0 (compatible; AhrefsBot/7.0; +http://ahrefs.com/robot/)" "ysfine.com"
51.222.253.15 - - [19/Oct/2022:18:06:26 -0700] "GET /ysbio/wdc/reagan44b.jpg HTTP/1.1" 200 36340 "-" "Mozilla/5.0 (compatible; AhrefsBot/7.0; +http://ahrefs.com/robot/)" "ysfine.com"
51.222.253.4 - - [19/Oct/2022:18:06:26 -0700] "GET /ysbio/wdc/kennedyc05b.jpg HTTP/1.1" 200 26902 "-" "Mozilla/5.0 (compatible; AhrefsBot/7.0; +http://ahrefs.com/robot/)" "ysfine.com"
51.222.253.1 - - [19/Oct/2022:18:06:26 -0700] "GET /ysbio/wdc/gtown03b.jpg HTTP/1.1" 200 50421 "-" "Mozilla/5.0 (compatible; AhrefsBot/7.0; +http://ahrefs.com/robot/)" "ysfine.com"
51.222.253.14 - - [19/Oct/2022:18:06:27 -0700] "GET /ysbio/wdc/reagan55b.jpg HTTP/1.1" 200 32608 "-" "Mozilla/5.0 (compatible; AhrefsBot/7.0; +http://ahrefs.com/robot/)" "ysfine.com"
51.222.253.18 - - [19/Oct/2022:18:06:27 -0700] "GET /ysbio/wdc/whxmas/whxmas01b.jpg HTTP/1.1" 200 22089 "-" "Mozilla/5.0 (compatible; AhrefsBot/7.0; +http://ahrefs.com/robot/)" "ysfine.com"
51.222.253.6 - - [19/Oct/2022:18:06:28 -0700] "GET /ysbio/wdc/washmo01b.jpg HTTP/1.1" 200 24586 "-" "Mozilla/5.0 (compatible; AhrefsBot/7.0; +http://ahrefs.com/robot/)" "ysfine.com"
51.222.253.5 - - [19/Oct/2022:18:06:28 -0700] "GET /ysbio/wdc/gtown15b.jpg HTTP/1.1" 200 38625 "-" "Mozilla/5.0 (compatible; AhrefsBot/7.0; +http://ahrefs.com/robot/)" "ysfine.com"
51.222.253.15 - - [19/Oct/2022:18:06:28 -0700] "GET /ysbio/wdc/sherman11b.jpg HTTP/1.1" 200 27477 "-" "Mozilla/5.0 (compatible; AhrefsBot/7.0; +http://ahrefs.com/robot/)" "ysfine.com"
51.222.253.9 - - [19/Oct/2022:18:06:29 -0700] "GET /ysbio/wdc/kennedyc17b.jpg HTTP/1.1" 200 38708 "-" "Mozilla/5.0 (compatible; AhrefsBot/7.0; +http://ahrefs.com/robot/)" "ysfine.com"
51.222.253.11 - - [19/Oct/2022:18:06:29 -0700] "GET /ysbio/wdc/kennedyc06b.jpg HTTP/1.1" 200 32476 "-" "Mozilla/5.0 (compatible; AhrefsBot/7.0; +http://ahrefs.com/robot/)" "ysfine.com"
51.222.253.7 - - [19/Oct/2022:18:06:30 -0700] "GET /ysbio/wdc/lafpark05b.jpg HTTP/1.1" 200 40496 "-" "Mozilla/5.0 (compatible; AhrefsBot/7.0; +http://ahrefs.com/robot/)" "ysfine.com"
51.222.253.3 - - [19/Oct/2022:18:06:30 -0700] "GET /ysbio/wdc/lafpark02b.jpg HTTP/1.1" 200 40860 "-" "Mozilla/5.0 (compatible; AhrefsBot/7.0; +http://ahrefs.com/robot/)" "ysfine.com"
51.222.253.9 - - [19/Oct/2022:18:06:31 -0700] "GET /ysbio/wdc/anna05b.jpg HTTP/1.1" 200 39615 "-" "Mozilla/5.0 (compatible; AhrefsBot/7.0; +http://ahrefs.com/robot/)" "ysfine.com"
51.222.253.5 - - [19/Oct/2022:18:06:31 -0700] "GET /ysbio/wdc/gtown21b.jpg HTTP/1.1" 200 46138 "-" "Mozilla/5.0 (compatible; AhrefsBot/7.0; +http://ahrefs.com/robot/)" "ysfine.com"
51.222.253.20 - - [19/Oct/2022:18:06:32 -0700] "GET /ysbio/wdc/capitol02b.jpg HTTP/1.1" 200 30351 "-" "Mozilla/5.0 (compatible; AhrefsBot/7.0; +http://ahrefs.com/robot/)" "ysfine.com"
51.222.253.2 - - [19/Oct/2022:18:06:33 -0700] "GET /ysbio/wdc/nga02b.jpg HTTP/1.1" 200 42789 "-" "Mozilla/5.0 (compatible; AhrefsBot/7.0; +http://ahrefs.com/robot/)" "ysfine.com"
51.222.253.2 - - [19/Oct/2022:18:06:33 -0700] "GET /ysbio/wdc/koreaw33b.jpg HTTP/1.1" 200 39262 "-" "Mozilla/5.0 (compatible; AhrefsBot/7.0; +http://ahrefs.com/robot/)" "ysfine.com"
51.222.253.18 - - [19/Oct/2022:18:06:34 -0700] "GET /ysbio/wdc/nga05b.jpg HTTP/1.1" 200 40747 "-" "Mozilla/5.0 (compatible; AhrefsBot/7.0; +http://ahrefs.com/robot/)" "ysfine.com"
51.222.253.6 - - [19/Oct/2022:18:06:34 -0700] "GET /ysbio/wdc/jeffm02b.jpg HTTP/1.1" 200 32468 "-" "Mozilla/5.0 (compatible; AhrefsBot/7.0; +http://ahrefs.com/robot/)" "ysfine.com"
51.222.253.13 - - [19/Oct/2022:18:06:35 -0700] "GET /ysbio/wdc/sakura10b.jpg HTTP/1.1" 200 43136 "-" "Mozilla/5.0 (compatible; AhrefsBot/7.0; +http://ahrefs.com/robot/)" "ysfine.com"
51.222.253.11 - - [19/Oct/2022:18:06:35 -0700] "GET /ysbio/wdc/gtown37c.jpg HTTP/1.1" 200 49301 "-" "Mozilla/5.0 (compatible; AhrefsBot/7.0; +http://ahrefs.com/robot/)" "ysfine.com"
51.222.253.3 - - [19/Oct/2022:18:06:36 -0700] "GET /ysbio/wdc/gtown23b.jpg HTTP/1.1" 200 37749 "-" "Mozilla/5.0 (compatible; AhrefsBot/7.0; +http://ahrefs.com/robot/)" "ysfine.com"
51.222.253.9 - - [19/Oct/2022:18:06:36 -0700] "GET /ysbio/wdc/heyadams22b.jpg HTTP/1.1" 200 40428 "-" "Mozilla/5.0 (compatible; AhrefsBot/7.0; +http://ahrefs.com/robot/)" "ysfine.com"
51.222.253.15 - - [19/Oct/2022:18:06:37 -0700] "GET /ysbio/wdc/washmo07b.jpg HTTP/1.1" 200 34166 "-" "Mozilla/5.0 (compatible; AhrefsBot/7.0; +http://ahrefs.com/robot/)" "ysfine.com"
51.222.253.2 - - [19/Oct/2022:18:06:37 -0700] "GET /ysbio/wdc/willard33b.jpg HTTP/1.1" 200 42340 "-" "Mozilla/5.0 (compatible; AhrefsBot/7.0; +http://ahrefs.com/robot/)" "ysfine.com"
51.222.253.8 - - [19/Oct/2022:18:06:38 -0700] "GET /ysbio/wdc/corco33b.jpg HTTP/1.1" 200 31692 "-" "Mozilla/5.0 (compatible; AhrefsBot/7.0; +http://ahrefs.com/robot/)" "ysfine.com"
116.203.111.252 - - [19/Oct/2022:18:08:10 -0700] "GET /style/index.html HTTP/1.1" 200 180 "-" "Mozilla/5.0 (Macintosh; Intel Mac OS X 10_11_6) AppleWebKit/537.36 (KHTML, like Gecko) Chrome/83.0.4103.116 Safari/537.36" "ysfine.com"
51.222.253.9 - - [19/Oct/2022:18:09:09 -0700] "GET /ysbio/world/ysworld.html HTTP/1.1" 200 3195 "-" "Mozilla/5.0 (compatible; AhrefsBot/7.0; +http://ahrefs.com/robot/)" "ysfine.com"
51.222.253.17 - - [19/Oct/2022:18:09:13 -0700] "GET /ysbio/world/russ/basil08c.jpg HTTP/1.1" 200 40070 "-" "Mozilla/5.0 (compatible; AhrefsBot/7.0; +http://ahrefs.com/robot/)" "ysfine.com"
51.222.253.11 - - [19/Oct/2022:18:09:14 -0700] "GET /ysbio/home/ewk86f.jpg HTTP/1.1" 404 88 "-" "Mozilla/5.0 (compatible; AhrefsBot/7.0; +http://ahrefs.com/robot/)" "ysfine.com"
51.222.253.16 - - [19/Oct/2022:18:09:15 -0700] "GET /ysbio/world/france/eiffel15c.jpg HTTP/1.1" 200 36995 "-" "Mozilla/5.0 (compatible; AhrefsBot/7.0; +http://ahrefs.com/robot/)" "ysfine.com"
51.222.253.14 - - [19/Oct/2022:18:09:15 -0700] "GET /ysbio/world/ital/coloss04c.jpg HTTP/1.1" 200 37017 "-" "Mozilla/5.0 (compatible; AhrefsBot/7.0; +http://ahrefs.com/robot/)" "ysfine.com"
51.222.253.12 - - [19/Oct/2022:18:09:16 -0700] "GET /ysbio/world/balkan/istan001c.jpg HTTP/1.1" 200 34566 "-" "Mozilla/5.0 (compatible; AhrefsBot/7.0; +http://ahrefs.com/robot/)" "ysfine.com"
51.222.253.15 - - [19/Oct/2022:18:09:16 -0700] "GET /ysbio/world/brit/towerbr11c.jpg HTTP/1.1" 200 31376 "-" "Mozilla/5.0 (compatible; AhrefsBot/7.0; +http://ahrefs.com/robot/)" "ysfine.com"
51.222.253.8 - - [19/Oct/2022:18:09:17 -0700] "GET /ysbio/home/taylor450.jpg HTTP/1.1" 404 88 "-" "Mozilla/5.0 (compatible; AhrefsBot/7.0; +http://ahrefs.com/robot/)" "ysfine.com"
51.222.253.19 - - [19/Oct/2022:18:09:17 -0700] "GET /ysbio/style/cameras/canonp66c.jpg HTTP/1.1" 200 23047 "-" "Mozilla/5.0 (compatible; AhrefsBot/7.0; +http://ahrefs.com/robot/)" "ysfine.com"
51.222.253.14 - - [19/Oct/2022:18:09:18 -0700] "GET /ysbio/world/coke880.jpg HTTP/1.1" 200 61512 "-" "Mozilla/5.0 (compatible; AhrefsBot/7.0; +http://ahrefs.com/robot/)" "ysfine.com"
51.222.253.20 - - [19/Oct/2022:18:09:18 -0700] "GET /ysbio/eink/pawkim19c.jpg HTTP/1.1" 200 53195 "-" "Mozilla/5.0 (compatible; AhrefsBot/7.0; +http://ahrefs.com/robot/)" "ysfine.com"
51.222.253.4 - - [19/Oct/2022:18:09:19 -0700] "GET /ysbio/world/china/beijing101c.jpg HTTP/1.1" 200 41830 "-" "Mozilla/5.0 (compatible; AhrefsBot/7.0; +http://ahrefs.com/robot/)" "ysfine.com"
51.222.253.10 - - [19/Oct/2022:18:09:19 -0700] "GET /ysbio/world/balkan/ath001c.jpg HTTP/1.1" 200 34419 "-" "Mozilla/5.0 (compatible; AhrefsBot/7.0; +http://ahrefs.com/robot/)" "ysfine.com"
51.222.253.13 - - [19/Oct/2022:18:09:19 -0700] "GET /ysbio/kobak/swr51c.jpg HTTP/1.1" 200 35677 "-" "Mozilla/5.0 (compatible; AhrefsBot/7.0; +http://ahrefs.com/robot/)" "ysfine.com"
173.171.84.209 - - [19/Oct/2022:18:09:26 -0700] "GET /princeton/gcollege08.jpg HTTP/1.1" 200 81357 "https://images.search.yahoo.com/images/view;_ylt=AwrJ_GRdnlBjJIoFNhDBGOd_;_ylu=Y29sbwNiZjEEcG9zAzEEdnRpZAMEc2VjA3Nj?p=princeton+univ+pics&back=https%3A%2F%2Fsearch.yahoo.com%2Fsearch%3Fp%3Dprinceton%2Buniv%2Bpics%26ei%3DUTF-8&no=1&fr=ipad&h=960&w=1600&imgurl=2.bp.blogspot.com%2F-cTxiYZX7Ios%2FWXTi4eIqAtI%2FAAAAAAAAlZs%2F-JJndnWPA1MTZcSlqhrhKdA4Zw3hpbWiwCLcBGAs%2Fs1600%2Fprinceton-university-campus-2.jpg&rurl=https%3A%2F%2Fwww.hdwalle.com%2F2017%2F07%2Fprinceton-university-latest-hd.html&size=474KB&name=Princeton+University+Latest+HD+Wallpapers&oid=OIP.LeHQTaVJsIYQ-zi6mcLkOAHaEc&tt=Princeton+University+Latest+HD+Wallpapers&sigr=IvC13FYjNwfB&sigi=qiRz9X1mr6qW&sigb=Ri._UPlReGer&sign=vLNvd9tMpH0p&sigt=vLNvd9tMpH0p" "Mozilla/5.0 (iPad; CPU OS 5_1_1 like Mac OS X) AppleWebKit/534.46 (KHTML, like Gecko) Version/5.1 Mobile/9B206 Safari/7534.48.3" "ysfine.com"
108.51.44.205 - - [19/Oct/2022:18:10:41 -0700] "GET /wdc/kennedyc01.jpg HTTP/1.1" 200 90739 "https://www.google.com/" "Mozilla/5.0 (Linux; Android 12; DE2118) AppleWebKit/537.36 (KHTML, like Gecko) Chrome/106.0.0.0 Mobile Safari/537.36" "ysfine.com"
157.55.39.55 - - [19/Oct/2022:18:10:46 -0700] "GET /style/kievopera44.jpg HTTP/1.1" 200 108286 "-" "Mozilla/5.0 (compatible; bingbot/2.0; +http://www.bing.com/bingbot.htm)" "ysfine.com"
173.171.84.209 - - [19/Oct/2022:18:11:27 -0700] "GET /people/princeton68.jpg HTTP/1.1" 200 192633 "-" "Mozilla/5.0 (iPad; CPU OS 5_1_1 like Mac OS X) AppleWebKit/534.46 (KHTML, like Gecko) Version/5.1 Mobile/9B206 Safari/7534.48.3" "ysfine.com"
51.222.253.20 - - [19/Oct/2022:18:12:13 -0700] "GET /ysbio/ysworld.html HTTP/1.1" 404 88 "-" "Mozilla/5.0 (compatible; AhrefsBot/7.0; +http://ahrefs.com/robot/)" "ysfine.com"
66.249.66.40 - - [19/Oct/2022:18:12:29 -0700] "GET /world/france/chagall17.jpg HTTP/1.1" 304 - "-" "Googlebot-Image/1.0" "ysfine.com"
157.55.39.127 - - [19/Oct/2022:18:12:58 -0700] "GET / HTTP/1.1" 200 5283 "-" "Mozilla/5.0 (compatible; bingbot/2.0; +http://www.bing.com/bingbot.htm)" "www.ysfine.com"
157.55.39.54 - - [19/Oct/2022:18:14:08 -0700] "GET /bio/einstein/bern.html HTTP/1.1" 404 88 "-" "Mozilla/5.0 AppleWebKit/537.36 (KHTML, like Gecko; compatible; bingbot/2.0; +http://www.bing.com/bingbot.htm) Chrome/103.0.5060.134 Safari/537.36" "ysfine.com"
66.249.66.40 - - [19/Oct/2022:18:16:38 -0700] "GET /wdc/jeffm02b.jpg HTTP/1.1" 304 - "-" "Googlebot-Image/1.0" "ysfine.com"
173.73.77.36 - - [19/Oct/2022:18:17:38 -0700] "GET /ys22/dondon.html HTTP/1.1" 401 90 "https://ysfine.com/ys11/" "Mozilla/5.0 (Windows NT 10.0; Win64; x64; rv:105.0) Gecko/20100101 Firefox/105.0" "ysfine.com"
173.73.77.36 - jake [19/Oct/2022:18:17:40 -0700] "GET /ys22/dondon.html HTTP/1.1" 304 - "https://ysfine.com/ys11/" "Mozilla/5.0 (Windows NT 10.0; Win64; x64; rv:105.0) Gecko/20100101 Firefox/105.0" "ysfine.com"
172.58.163.69 - - [19/Oct/2022:18:18:33 -0700] "GET /world/poland/polstu13.jpg HTTP/1.1" 200 105551 "https://www.google.com/" "Mozilla/5.0 (iPhone; CPU iPhone OS 14_4_2 like Mac OS X) AppleWebKit/605.1.15 (KHTML, like Gecko) Version/14.0.3 Mobile/15E148 Safari/604.1" "ysfine.com"
173.73.77.36 - - [19/Oct/2022:18:19:16 -0700] "GET /ys11/ HTTP/1.1" 304 - "-" "Mozilla/5.0 (Windows NT 10.0; Win64; x64) AppleWebKit/537.36 (KHTML, like Gecko) Chrome/106.0.0.0 Safari/537.36" "ysfine.com"
173.73.77.36 - - [19/Oct/2022:18:19:16 -0700] "GET /favicon.ico HTTP/1.1" 404 88 "https://ysfine.com/ys11/" "Mozilla/5.0 (Windows NT 10.0; Win64; x64) AppleWebKit/537.36 (KHTML, like Gecko) Chrome/106.0.0.0 Safari/537.36" "ysfine.com"
173.73.77.36 - - [19/Oct/2022:18:19:18 -0700] "GET /ys22/dondon.html HTTP/1.1" 401 90 "https://ysfine.com/ys11/" "Mozilla/5.0 (Windows NT 10.0; Win64; x64) AppleWebKit/537.36 (KHTML, like Gecko) Chrome/106.0.0.0 Safari/537.36" "ysfine.com"
173.73.148.30 - - [19/Oct/2022:18:19:34 -0700] "GET /world/places/ulm02.jpg HTTP/1.1" 200 135530 "https://www.google.com/" "Mozilla/5.0 (Macintosh; Intel Mac OS X 10_15_7) AppleWebKit/605.1.15 (KHTML, like Gecko) Version/15.6.1 Safari/605.1.15" "ysfine.com"
77.88.5.233 - - [19/Oct/2022:18:20:26 -0700] "GET /world/russ/spbnv19.jpg HTTP/1.1" 200 111439 "-" "Mozilla/5.0 (compatible; YandexImages/3.0; +http://yandex.com/bots)" "www.ysfine.com"
173.73.77.36 - - [19/Oct/2022:18:20:45 -0700] "GET /ys11/index.html HTTP/1.1" 304 - "-" "Mozilla/5.0 (Windows NT 10.0; Win64; x64) AppleWebKit/537.36 (KHTML, like Gecko) Chrome/106.0.0.0 Safari/537.36 Edg/106.0.1370.47" "www.ysfine.com"
173.73.77.36 - - [19/Oct/2022:18:20:46 -0700] "GET /favicon.ico HTTP/1.1" 404 88 "https://www.ysfine.com/ys11/index.html" "Mozilla/5.0 (Windows NT 10.0; Win64; x64) AppleWebKit/537.36 (KHTML, like Gecko) Chrome/106.0.0.0 Safari/537.36 Edg/106.0.1370.47" "www.ysfine.com"
173.73.77.36 - - [19/Oct/2022:18:20:49 -0700] "GET /ys22/dondon.html HTTP/1.1" 401 90 "https://www.ysfine.com/ys11/index.html" "Mozilla/5.0 (Windows NT 10.0; Win64; x64) AppleWebKit/537.36 (KHTML, like Gecko) Chrome/106.0.0.0 Safari/537.36 Edg/106.0.1370.47" "www.ysfine.com"
173.73.77.36 - jake [19/Oct/2022:18:20:51 -0700] "GET /ys22/dondon.html HTTP/1.1" 200 2035 "https://www.ysfine.com/ys11/index.html" "Mozilla/5.0 (Windows NT 10.0; Win64; x64) AppleWebKit/537.36 (KHTML, like Gecko) Chrome/106.0.0.0 Safari/537.36 Edg/106.0.1370.47" "www.ysfine.com"
17.121.113.15 - - [19/Oct/2022:18:21:02 -0700] "GET /style/stbot.html HTTP/1.1" 200 122 "-" "Mozilla/5.0 (Macintosh; Intel Mac OS X 10_15_5) AppleWebKit/605.1.15 (KHTML, like Gecko) Version/13.1.1 Safari/605.1.15 (Applebot/0.1; +http://www.apple.com/go/applebot)" "www.ysfine.com"
157.55.39.127 - - [19/Oct/2022:18:21:09 -0700] "GET /bio/comet.html HTTP/1.1" 404 88 "-" "Mozilla/5.0 (compatible; bingbot/2.0; +http://www.bing.com/bingbot.htm)" "ysfine.com"
31.173.241.52 - - [19/Oct/2022:18:22:05 -0700] "GET /kobak/rhee12.jpg HTTP/1.1" 200 235392 "https://yandex.ru/images/touch/search?text=%D0%9B%D0%B8%20%D0%A1%D1%8B%D0%BD%20%D0%9C%D0%B0%D0%BD&source=tabbar&pos=5&img_url=http%3A%2F%2Fysfine.com%2Fkobak%2Frhee12.jpg&rpt=simage&lr=237" "Mozilla/5.0 (Linux; arm_64; Android 8.0.0; WAS-LX1) AppleWebKit/537.36 (KHTML, like Gecko) Chrome/93.0.4577.82 YaBrowser/21.9.0.359.00 SA/3 Mobile Safari/537.36" "www.ysfine.com"
80.253.251.8 - - [19/Oct/2022:18:22:45 -0700] "GET /world/germany/berlin036.jpg HTTP/1.1" 200 84655 "-" "Mozilla/5.0 (Windows NT 6.3; WOW64) AppleWebKit/537.36 (KHTML, like Gecko) Chrome/38.0.2125.111 Safari/537.36" "www.ysfine.com"
173.73.77.36 - - [19/Oct/2022:18:23:33 -0700] "GET /ys22/dondon.html HTTP/1.1" 401 90 "https://ysfine.com/ys11/" "Mozilla/5.0 (Windows NT 10.0; Win64; x64) AppleWebKit/537.36 (KHTML, like Gecko) Chrome/106.0.0.0 Safari/537.36" "ysfine.com"
190.218.19.56 - - [19/Oct/2022:18:24:57 -0700] "GET /princeton/brooke22.jpg HTTP/1.1" 200 87673 "https://www.google.com/" "Mozilla/5.0 (iPhone; CPU iPhone OS 16_0 like Mac OS X) AppleWebKit/605.1.15 (KHTML, like Gecko) Version/16.0 Mobile/15E148 Safari/604.1" "ysfine.com"
173.73.77.36 - - [19/Oct/2022:18:26:42 -0700] "GET /ys11/ HTTP/1.1" 304 - "-" "Mozilla/5.0 (Windows NT 10.0; Win64; x64) AppleWebKit/537.36 (KHTML, like Gecko) Chrome/106.0.0.0 Safari/537.36 Edg/106.0.1370.47" "ysfine.com"
173.73.77.36 - - [19/Oct/2022:18:26:42 -0700] "GET /favicon.ico HTTP/1.1" 404 88 "https://ysfine.com/ys11/" "Mozilla/5.0 (Windows NT 10.0; Win64; x64) AppleWebKit/537.36 (KHTML, like Gecko) Chrome/106.0.0.0 Safari/537.36 Edg/106.0.1370.47" "ysfine.com"
173.73.77.36 - - [19/Oct/2022:18:26:52 -0700] "GET /ys22/dondon.html HTTP/1.1" 401 90 "https://ysfine.com/ys11/" "Mozilla/5.0 (Windows NT 10.0; Win64; x64) AppleWebKit/537.36 (KHTML, like Gecko) Chrome/106.0.0.0 Safari/537.36 Edg/106.0.1370.47" "ysfine.com"
173.73.77.36 - jake [19/Oct/2022:18:26:54 -0700] "GET /ys22/dondon.html HTTP/1.1" 304 - "https://ysfine.com/ys11/" "Mozilla/5.0 (Windows NT 10.0; Win64; x64) AppleWebKit/537.36 (KHTML, like Gecko) Chrome/106.0.0.0 Safari/537.36 Edg/106.0.1370.47" "ysfine.com"
194.199.7.28 - - [19/Oct/2022:18:27:52 -0700] "GET /robots.txt HTTP/1.1" 404 73 "-" "Mozilla/5.0 (compatible; bnf.fr_bot; +https://www.bnf.fr/fr/capture-de-votre-site-web-par-le-robot-de-la-bnf)" "www.ysfine.com"
194.199.7.28 - - [19/Oct/2022:18:27:59 -0700] "GET /style/songs.html HTTP/1.1" 200 104804 "http://www.ysfine.com/style/songs.html" "Mozilla/5.0 (compatible; bnf.fr_bot; +https://www.bnf.fr/fr/capture-de-votre-site-web-par-le-robot-de-la-bnf)" "www.ysfine.com"
206.189.193.160 - - [19/Oct/2022:18:29:18 -0700] "GET /world/china22.html HTTP/1.1" 200 39258 "-" "Mozilla/5.0 (compatible; Pinterestbot/1.0; +http://www.pinterest.com/bot.html)', \t\t    'Iframely/1.4.0 (+https://mungfali.com)', \t\t\t'Mozilla/5.0 (Macintosh; Intel Mac OS X 10_11_6) AppleWebKit/537.36 (KHTML, like Gecko) Chrome/58.0.3029.110 Safari/537.36', \t\t\t'Mozilla/5.0 (Macintosh; Intel Mac OS X 10_11_1) AppleWebKit/601.2.7 (KHTML, like Gecko) Version/9.0.1 Safari/601.2.7', \t\t\t'Mozilla/5.0 (Macintosh; Intel Mac OS X 10_11) AppleWebKit/601.1.56 (KHTML, like Gecko) Version/9.0 Safari/601.1.56', \t\t\t'Mozilla/5.0 (Macintosh; Intel Mac OS X 10_10_5) AppleWebKit/537.36 (KHTML, like Gecko) Chrome/50.0.2661.102 Safari/537.36', \t\t\t'Mozilla/5.0 (Windows NT 10.0; WOW64) AppleWebKit/537.36 (KHTML, like Gecko) Chrome/46.0.2490.80 Safari/537.36', \t\t\t'Mozilla/5.0 (Windows NT 6.1; WOW64; rv:41.0) Gecko/20100101 Firefox/41.0', \t\t\t'Mozilla/5.0 (Windows NT 6.1; WOW64) AppleWebKit/537.36 (KHTML, like Gecko) Chrome/45.0.2454.101 Safari/537.36', \t\t\t'Mozilla/5.0 (Windows NT 6.1; WOW64) AppleWebKit/537.36 (KHTML, like Gecko) Chrome/46.0.2490.80 Safari/537.36', \t\t\t'Mozilla/5.0 (Windows NT 6.1; WOW64) AppleWebKit/537.36 (KHTML, like Gecko) Chrome/46.0.2490.71 Safari/537.36', \t\t\t'Mozilla/5.0 (Windows NT 6.1; WOW64; Trident/7.0; rv:11.0) like Gecko', \t\t\t'Mozilla/5.0 (Windows NT 6.1; WOW64; Trident/7.0; AS; rv:11.0) like Gecko', \t\t\t'Mozilla/5.0 (Windows; U; Windows NT 5.1; en-US; rv:1.8.1.13) Gecko/20080311 Firefox/2.0.0.13', \t\t\t'Mozilla/5.0 (compatible, MSIE 11, Windows NT 6.3; Trident/7.0; rv:11.0) like Gecko', \t\t\t'Mozilla/5.0 (compatible; MSIE 10.0; Windows NT 6.1; Trident/5.0)" "ysfine.com"
157.55.39.55 - - [19/Oct/2022:18:30:08 -0700] "GET /newyork/colum21.jpg HTTP/1.1" 200 140771 "-" "Mozilla/5.0 (compatible; bingbot/2.0; +http://www.bing.com/bingbot.htm)" "ysfine.com"
186.232.198.150 - - [19/Oct/2022:18:30:18 -0700] "GET /maga/phil/marxlon02.jpg HTTP/1.1" 200 167564 "-" "com.google.android.apps.searchlite/701665 (Linux; U; Android 11; pt_BR; M10_3G; Build/V5_20211215; Cronet/105.0.5195.35)" "ysfine.com"
66.249.66.44 - - [19/Oct/2022:18:30:24 -0700] "GET /articles/akhi.pdf HTTP/1.1" 401 90 "-" "Googlebot/2.1 (+http://www.google.com/bot.html)" "ysfine.com"
66.249.66.40 - - [19/Oct/2022:18:31:06 -0700] "GET /wigner/gim/gimn06.jpg HTTP/1.1" 304 - "-" "Googlebot-Image/1.0" "ysfine.com"
157.55.39.127 - - [19/Oct/2022:18:32:01 -0700] "GET /bio/bio10.html HTTP/1.1" 404 88 "-" "Mozilla/5.0 (compatible; bingbot/2.0; +http://www.bing.com/bingbot.htm)" "ysfine.com"
157.55.39.55 - - [19/Oct/2022:18:33:49 -0700] "GET /bio/style/ystyle.html HTTP/1.1" 404 88 "-" "Mozilla/5.0 (compatible; bingbot/2.0; +http://www.bing.com/bingbot.htm)" "ysfine.com"
76.233.7.251 - - [19/Oct/2022:18:35:38 -0700] "GET /princeton/alexan22.jpg HTTP/1.1" 200 175436 "https://www.google.com/" "Mozilla/5.0 (iPad; CPU OS 16_1 like Mac OS X) AppleWebKit/605.1.15 (KHTML, like Gecko) CriOS/106.0.5249.92 Mobile/15E148 Safari/604.1" "ysfine.com"
78.46.90.120 - - [19/Oct/2022:18:38:02 -0700] "GET /maga/sanchez.html HTTP/1.1" 200 1278 "-" "Mozilla/5.0 (X11; Linux x86_64) AppleWebKit/537.36 (KHTML, like Gecko) Chrome/87.0.4280.88 Safari/537.36" "ysfine.com"
66.249.66.44 - - [19/Oct/2022:18:38:21 -0700] "GET /confer/proceedings/boston/frankland.pdf HTTP/1.1" 404 88 "-" "Googlebot/2.1 (+http://www.google.com/bot.html)" "ysfine.com"
144.76.168.111 - - [19/Oct/2022:18:38:40 -0700] "GET /maga/sanchez.html HTTP/1.1" 200 1278 "-" "Mozilla/5.0 (X11; Linux x86_64) AppleWebKit/537.36 (KHTML, like Gecko) Chrome/87.0.4280.66 Safari/537.36" "ysfine.com"
40.77.167.27 - - [19/Oct/2022:18:39:38 -0700] "GET /bio/dirac/lorendir.html HTTP/1.1" 404 88 "-" "Mozilla/5.0 (compatible; bingbot/2.0; +http://www.bing.com/bingbot.htm)" "ysfine.com"
157.55.39.128 - - [19/Oct/2022:18:42:17 -0700] "GET /bio/kobak/index.html HTTP/1.1" 404 88 "-" "Mozilla/5.0 AppleWebKit/537.36 (KHTML, like Gecko; compatible; bingbot/2.0; +http://www.bing.com/bingbot.htm) Chrome/103.0.5060.134 Safari/537.36" "ysfine.com"
157.55.39.54 - - [19/Oct/2022:18:42:21 -0700] "GET /bio/einstein/bern.html HTTP/1.1" 404 88 "-" "Mozilla/5.0 AppleWebKit/537.36 (KHTML, like Gecko; compatible; bingbot/2.0; +http://www.bing.com/bingbot.htm) Chrome/103.0.5060.134 Safari/537.36" "ysfine.com"
73.218.255.134 - - [19/Oct/2022:18:42:25 -0700] "GET /kobak/sl628.jpg HTTP/1.1" 200 225100 "https://www.google.com/" "Mozilla/5.0 (Windows NT 10.0; Win64; x64) AppleWebKit/537.36 (KHTML, like Gecko) Chrome/106.0.0.0 Safari/537.36" "ysfine.com"
73.218.255.134 - - [19/Oct/2022:18:42:40 -0700] "HEAD /https://ysfine.com/ HTTP/1.1" 404 - "-" "Test Certificate Info" "ysfine.com"
151.210.99.84 - - [19/Oct/2022:18:43:09 -0700] "GET /kowar/tanks/tank05.jpg HTTP/1.1" 200 222063 "https://www.google.com/" "Mozilla/5.0 (Windows NT 10.0; Win64; x64) AppleWebKit/537.36 (KHTML, like Gecko) Chrome/105.0.0.0 Safari/537.36 OPR/91.0.4516.72" "ysfine.com"
77.88.5.233 - - [19/Oct/2022:18:43:16 -0700] "GET /robots.txt HTTP/1.1" 404 73 "-" "Mozilla/5.0 (compatible; YandexBot/3.0; +http://yandex.com/bots)" "www.ysfine.com"
93.158.161.38 - - [19/Oct/2022:18:43:20 -0700] "GET /maga/kant.html HTTP/1.1" 200 8714 "-" "Mozilla/5.0 (compatible; YandexBot/3.0; +http://yandex.com/bots)" "www.ysfine.com"
157.55.39.128 - - [19/Oct/2022:18:44:07 -0700] "GET /einstein/dirfeyn55.jpg HTTP/1.1" 200 154122 "-" "Mozilla/5.0 (compatible; bingbot/2.0; +http://www.bing.com/bingbot.htm)" "www.ysfine.com"
68.197.37.175 - - [19/Oct/2022:18:45:08 -0700] "GET /einstein/einplanck3.jpg HTTP/1.1" 200 37784 "https://www.google.com/" "Mozilla/5.0 (X11; CrOS x86_64 15054.98.0) AppleWebKit/537.36 (KHTML, like Gecko) Chrome/106.0.0.0 Safari/537.36" "ysfine.com"
23.16.31.191 - - [19/Oct/2022:18:47:15 -0700] "GET /kowar/war53.html HTTP/1.1" 200 6652 "https://www.google.com/" "Mozilla/5.0 (Macintosh; Intel Mac OS X 10_15_7) AppleWebKit/605.1.15 (KHTML, like Gecko) Version/15.5 Safari/605.1.15" "ysfine.com"
23.16.31.191 - - [19/Oct/2022:18:47:15 -0700] "GET /kowar/photos/eisenhower22b.jpg HTTP/1.1" 200 43010 "https://ysfine.com/kowar/war53.html" "Mozilla/5.0 (Macintosh; Intel Mac OS X 10_15_7) AppleWebKit/605.1.15 (KHTML, like Gecko) Version/15.5 Safari/605.1.15" "ysfine.com"
23.16.31.191 - - [19/Oct/2022:18:47:15 -0700] "GET /kobak/rhee12b.jpg HTTP/1.1" 200 49113 "https://ysfine.com/kowar/war53.html" "Mozilla/5.0 (Macintosh; Intel Mac OS X 10_15_7) AppleWebKit/605.1.15 (KHTML, like Gecko) Version/15.5 Safari/605.1.15" "ysfine.com"
23.16.31.191 - - [19/Oct/2022:18:47:16 -0700] "GET /kowar/paiksy01b.jpg HTTP/1.1" 200 54700 "https://ysfine.com/kowar/war53.html" "Mozilla/5.0 (Macintosh; Intel Mac OS X 10_15_7) AppleWebKit/605.1.15 (KHTML, like Gecko) Version/15.5 Safari/605.1.15" "ysfine.com"
23.16.31.191 - - [19/Oct/2022:18:47:16 -0700] "GET /kobak/sohnwi01b.jpg HTTP/1.1" 200 35047 "https://ysfine.com/kowar/war53.html" "Mozilla/5.0 (Macintosh; Intel Mac OS X 10_15_7) AppleWebKit/605.1.15 (KHTML, like Gecko) Version/15.5 Safari/605.1.15" "ysfine.com"
23.16.31.191 - - [19/Oct/2022:18:47:16 -0700] "GET /kowar/panmun02b.jpg HTTP/1.1" 200 51595 "https://ysfine.com/kowar/war53.html" "Mozilla/5.0 (Macintosh; Intel Mac OS X 10_15_7) AppleWebKit/605.1.15 (KHTML, like Gecko) Version/15.5 Safari/605.1.15" "ysfine.com"
23.16.31.191 - - [19/Oct/2022:18:47:16 -0700] "GET /kobak/underw12b.jpg HTTP/1.1" 200 42070 "https://ysfine.com/kowar/war53.html" "Mozilla/5.0 (Macintosh; Intel Mac OS X 10_15_7) AppleWebKit/605.1.15 (KHTML, like Gecko) Version/15.5 Safari/605.1.15" "ysfine.com"
23.16.31.191 - - [19/Oct/2022:18:47:16 -0700] "GET /kowar/panmun01b.jpg HTTP/1.1" 200 35620 "https://ysfine.com/kowar/war53.html" "Mozilla/5.0 (Macintosh; Intel Mac OS X 10_15_7) AppleWebKit/605.1.15 (KHTML, like Gecko) Version/15.5 Safari/605.1.15" "ysfine.com"
23.16.31.191 - - [19/Oct/2022:18:47:16 -0700] "GET /kowar/kimis53b.jpg HTTP/1.1" 200 44376 "https://ysfine.com/kowar/war53.html" "Mozilla/5.0 (Macintosh; Intel Mac OS X 10_15_7) AppleWebKit/605.1.15 (KHTML, like Gecko) Version/15.5 Safari/605.1.15" "ysfine.com"
23.16.31.191 - - [19/Oct/2022:18:47:16 -0700] "GET /kobak/underw06b.jpg HTTP/1.1" 200 51332 "https://ysfine.com/kowar/war53.html" "Mozilla/5.0 (Macintosh; Intel Mac OS X 10_15_7) AppleWebKit/605.1.15 (KHTML, like Gecko) Version/15.5 Safari/605.1.15" "ysfine.com"
23.16.31.191 - - [19/Oct/2022:18:47:16 -0700] "GET /kowar/tanks/b36bomber11b.jpg HTTP/1.1" 200 25249 "https://ysfine.com/kowar/war53.html" "Mozilla/5.0 (Macintosh; Intel Mac OS X 10_15_7) AppleWebKit/605.1.15 (KHTML, like Gecko) Version/15.5 Safari/605.1.15" "ysfine.com"
23.16.31.191 - - [19/Oct/2022:18:47:16 -0700] "GET /kobak/draftreg33b.jpg HTTP/1.1" 200 39377 "https://ysfine.com/kowar/war53.html" "Mozilla/5.0 (Macintosh; Intel Mac OS X 10_15_7) AppleWebKit/605.1.15 (KHTML, like Gecko) Version/15.5 Safari/605.1.15" "ysfine.com"
23.16.31.191 - - [19/Oct/2022:18:47:16 -0700] "GET /kobak/nll01b.jpg HTTP/1.1" 200 30471 "https://ysfine.com/kowar/war53.html" "Mozilla/5.0 (Macintosh; Intel Mac OS X 10_15_7) AppleWebKit/605.1.15 (KHTML, like Gecko) Version/15.5 Safari/605.1.15" "ysfine.com"
23.16.31.191 - - [19/Oct/2022:18:47:16 -0700] "GET /kobak/somap38b.jpg HTTP/1.1" 200 54149 "https://ysfine.com/kowar/war53.html" "Mozilla/5.0 (Macintosh; Intel Mac OS X 10_15_7) AppleWebKit/605.1.15 (KHTML, like Gecko) Version/15.5 Safari/605.1.15" "ysfine.com"
23.16.31.191 - - [19/Oct/2022:18:47:16 -0700] "GET /kobak/kumipo01b.jpg HTTP/1.1" 200 32923 "https://ysfine.com/kowar/war53.html" "Mozilla/5.0 (Macintosh; Intel Mac OS X 10_15_7) AppleWebKit/605.1.15 (KHTML, like Gecko) Version/15.5 Safari/605.1.15" "ysfine.com"
23.16.31.191 - - [19/Oct/2022:18:47:18 -0700] "GET /favicon.ico HTTP/1.1" 404 88 "https://ysfine.com/kowar/war53.html" "Mozilla/5.0 (Macintosh; Intel Mac OS X 10_15_7) AppleWebKit/605.1.15 (KHTML, like Gecko) Version/15.5 Safari/605.1.15" "ysfine.com"
77.88.5.234 - - [19/Oct/2022:18:47:28 -0700] "GET /heisen/heisen54.html HTTP/1.1" 200 4526 "-" "Mozilla/5.0 (compatible; YandexBot/3.0; +http://yandex.com/bots)" "www.ysfine.com"
73.211.37.213 - - [19/Oct/2022:18:49:50 -0700] "GET /maga/phys/huy36.jpg HTTP/1.1" 200 65279 "https://images.search.yahoo.com/search/images;_ylt=AwrEsUjZqFBjEegIoyuJzbkF;_ylu=c2VjA3NlYXJjaARzbGsDYXNzaXN0;_ylc=X1MDOTYwNjI4NTcEX3IDMgRmcgNtY2FmZWUEZnIyA3NhLWdwLXNlYXJjaARncHJpZAM4Y3pLRWhQMVJieTZRNVlhczNoelNBBG5fcnNsdAMwBG5fc3VnZwMxBG9yaWdpbgNpbWFnZXMuc2VhcmNoLnlhaG9vLmNvbQRwb3MDMQRwcXN0cgNob21lIG9ic2VydmF0aW9uIGZvciBtZWFzdXJlbWVudCBvZiB0aGUgZW52aXJvbm1uZXQEcHFzdHJsAzUxBHFzdHJsAzUxBHF1ZXJ5A2hvbWUlMjBvYnNlcnZhdGlvbiUyMGZvciUyMG1lYXN1cmVtZW50JTIwb2YlMjB0aGUlMjBlbnZpcm9ubWVudAR0X3N0bXADMTY2NjIzMDU2NwR1c2VfY2FzZQM-?p=home+observation+for+measurement+of+the+environment&fr=mcafee&fr2=sa-gp-search&ei=UTF-8&x=wrt&type=E211US714G0" "Mozilla/5.0 (Windows NT 10.0; Win64; x64) AppleWebKit/537.36 (KHTML, like Gecko) Chrome/106.0.0.0 Safari/537.36" "www.ysfine.com"
91.240.118.252 - - [19/Oct/2022:18:51:44 -0700] "GET /wisdom/wk04.html HTTP/1.1" 200 71581 "-" "Mozilla/5.0 (X11; Linux x86_64; rv:78.0) Gecko/20100101 Firefox/78.0" "ysfine.com"
190.77.118.96 - - [19/Oct/2022:18:51:49 -0700] "GET /heisen/schroheisen33.jpg HTTP/1.1" 200 86213 "https://www.google.com/" "Mozilla/5.0 (Windows NT 6.1) AppleWebKit/537.36 (KHTML, like Gecko) Chrome/106.0.0.0 Safari/537.36" "ysfine.com"
66.249.66.40 - - [19/Oct/2022:18:51:57 -0700] "GET /style/cameras/nikonf18.jpg HTTP/1.1" 304 - "-" "Googlebot-Image/1.0" "ysfine.com"
157.55.39.58 - - [19/Oct/2022:18:52:13 -0700] "GET /bio/bio07.html HTTP/1.1" 404 88 "-" "Mozilla/5.0 AppleWebKit/537.36 (KHTML, like Gecko; compatible; bingbot/2.0; +http://www.bing.com/bingbot.htm) Chrome/103.0.5060.134 Safari/537.36" "ysfine.com"
77.88.5.166 - - [19/Oct/2022:18:52:49 -0700] "GET /world/ital/vatican55.jpg%22 HTTP/1.1" 404 88 "-" "Mozilla/5.0 (compatible; YandexBot/3.0; +http://yandex.com/bots)" "www.ysfine.com"
3.137.185.90 - - [19/Oct/2022:18:54:36 -0700] "GET /ads.txt HTTP/1.1" 404 88 "http://ysfine.com/ads.txt" "AdsTxtCrawler/1.0; +https://github.com/InteractiveAdvertisingBureau/adstxtcrawler" "ysfine.com"
96.231.43.88 - - [19/Oct/2022:18:55:02 -0700] "GET /world/russ/koryo33.jpg HTTP/1.1" 200 85298 "https://www.google.com/" "Mozilla/5.0 (Windows NT 10.0; Win64; x64) AppleWebKit/537.36 (KHTML, like Gecko) Chrome/106.0.0.0 Safari/537.36" "ysfine.com"
17.121.115.89 - - [19/Oct/2022:18:55:32 -0700] "GET /style/stleft.html HTTP/1.1" 200 548 "https://www.ysfine.com/style/stbot.html" "Mozilla/5.0 (Macintosh; Intel Mac OS X 10_15_5) AppleWebKit/605.1.15 (KHTML, like Gecko) Version/13.1.1 Safari/605.1.15 (Applebot/0.1; +http://www.apple.com/go/applebot)" "www.ysfine.com"
17.121.114.2 - - [19/Oct/2022:18:55:33 -0700] "GET /style/strigh.html HTTP/1.1" 200 1459 "https://www.ysfine.com/style/stbot.html" "Mozilla/5.0 (Macintosh; Intel Mac OS X 10_15_5) AppleWebKit/605.1.15 (KHTML, like Gecko) Version/13.1.1 Safari/605.1.15 (Applebot/0.1; +http://www.apple.com/go/applebot)" "www.ysfine.com"
162.235.254.36 - - [19/Oct/2022:18:56:48 -0700] "GET /princeton/withers01.jpg HTTP/1.1" 200 113946 "https://www.google.com/" "Mozilla/5.0 (Macintosh; Intel Mac OS X 10_13_6) AppleWebKit/605.1.15 (KHTML, like Gecko) Version/13.1.2 Safari/605.1.15" "ysfine.com"
162.235.254.36 - - [19/Oct/2022:18:56:52 -0700] "GET /princeton/nasshall03.jpg HTTP/1.1" 200 147463 "https://www.google.com/" "Mozilla/5.0 (Macintosh; Intel Mac OS X 10_13_6) AppleWebKit/605.1.15 (KHTML, like Gecko) Version/13.1.2 Safari/605.1.15" "ysfine.com"
91.207.114.22 - - [19/Oct/2022:18:57:18 -0700] "GET / HTTP/1.1" 200 15910 "https://ysfine.com/" "Mozilla/5.0 (Windows NT 10.0) AppleWebKit/537.36 (KHTML, like Gecko) Chrome/90.0.4430.72 Safari/537.36" "ysfine.com"
157.55.39.54 - - [19/Oct/2022:18:59:22 -0700] "GET /home/wcartoon.html HTTP/1.1" 304 - "-" "Mozilla/5.0 (compatible; bingbot/2.0; +http://www.bing.com/bingbot.htm)" "www.ysfine.com"
157.55.39.55 - - [19/Oct/2022:19:01:21 -0700] "GET /bio/style/ystyle.html HTTP/1.1" 404 88 "-" "Mozilla/5.0 (compatible; bingbot/2.0; +http://www.bing.com/bingbot.htm)" "ysfine.com"
51.222.253.12 - - [19/Oct/2022:19:03:10 -0700] "GET / HTTP/1.1" 200 5283 "-" "Mozilla/5.0 (compatible; AhrefsBot/7.0; +http://ahrefs.com/robot/)" "www.ysfine.com"
38.242.214.79 - - [19/Oct/2022:19:03:11 -0700] "GET /robots.txt HTTP/1.1" 404 73 "-" "Mozilla/5.0 (compatible; MJ12bot/v1.4.8; http://mj12bot.com/)" "ysfine.com"
38.242.214.79 - - [19/Oct/2022:19:03:32 -0700] "GET /ffriends/beau.html HTTP/1.1" 200 14834 "-" "Mozilla/5.0 (compatible; MJ12bot/v1.4.8; http://mj12bot.com/)" "ysfine.com"
51.222.253.1 - - [19/Oct/2022:19:03:45 -0700] "GET / HTTP/1.1" 200 5283 "-" "Mozilla/5.0 (compatible; AhrefsBot/7.0; +http://ahrefs.com/robot/)" "ysfine.com"
77.88.31.233 - - [19/Oct/2022:19:03:47 -0700] "GET /maga/phys/schrod11.jpg HTTP/1.1" 200 107958 "-" "Mozilla/5.0 (compatible; YandexImageResizer/2.0; +http://yandex.com/bots)" "www.ysfine.com"
38.242.214.79 - - [19/Oct/2022:19:03:55 -0700] "GET /ffriends/british.html HTTP/1.1" 200 3195 "-" "Mozilla/5.0 (compatible; MJ12bot/v1.4.8; http://mj12bot.com/)" "ysfine.com"
51.222.253.11 - - [19/Oct/2022:19:04:15 -0700] "GET /beau/roskei HTTP/1.1" 404 88 "-" "Mozilla/5.0 (compatible; AhrefsBot/7.0; +http://ahrefs.com/robot/)" "ysfine.com"
38.242.214.79 - - [19/Oct/2022:19:04:20 -0700] "GET /ffriends/european.html HTTP/1.1" 200 10712 "-" "Mozilla/5.0 (compatible; MJ12bot/v1.4.8; http://mj12bot.com/)" "ysfine.com"
51.222.253.9 - - [19/Oct/2022:19:04:45 -0700] "GET /feynman/index.html HTTP/1.1" 200 124 "-" "Mozilla/5.0 (compatible; AhrefsBot/7.0; +http://ahrefs.com/robot/)" "ysfine.com"
38.242.214.79 - - [19/Oct/2022:19:04:49 -0700] "GET /ffriends/german.html HTTP/1.1" 200 8155 "-" "Mozilla/5.0 (compatible; MJ12bot/v1.4.8; http://mj12bot.com/)" "ysfine.com"
38.242.214.79 - - [19/Oct/2022:19:05:11 -0700] "GET /ffriends/israel.html HTTP/1.1" 200 2695 "-" "Mozilla/5.0 (compatible; MJ12bot/v1.4.8; http://mj12bot.com/)" "ysfine.com"
51.222.253.14 - - [19/Oct/2022:19:05:22 -0700] "GET /dirac/index.html HTTP/1.1" 200 124 "-" "Mozilla/5.0 (compatible; AhrefsBot/7.0; +http://ahrefs.com/robot/)" "ysfine.com"
38.242.214.79 - - [19/Oct/2022:19:05:24 -0700] "GET /ffriends/italian.html HTTP/1.1" 200 8442 "-" "Mozilla/5.0 (compatible; MJ12bot/v1.4.8; http://mj12bot.com/)" "ysfine.com"
38.242.214.79 - - [19/Oct/2022:19:05:36 -0700] "GET /ffriends/latinam.html HTTP/1.1" 200 5618 "-" "Mozilla/5.0 (compatible; MJ12bot/v1.4.8; http://mj12bot.com/)" "ysfine.com"
51.222.253.16 - - [19/Oct/2022:19:05:55 -0700] "GET /kobak/index.html HTTP/1.1" 200 130 "-" "Mozilla/5.0 (compatible; AhrefsBot/7.0; +http://ahrefs.com/robot/)" "ysfine.com"
38.242.214.79 - - [19/Oct/2022:19:05:58 -0700] "GET /ffriends/moso.html HTTP/1.1" 200 5334 "-" "Mozilla/5.0 (compatible; MJ12bot/v1.4.8; http://mj12bot.com/)" "ysfine.com"
38.242.214.79 - - [19/Oct/2022:19:06:12 -0700] "GET /ffriends/polish.html HTTP/1.1" 200 6819 "-" "Mozilla/5.0 (compatible; MJ12bot/v1.4.8; http://mj12bot.com/)" "ysfine.com"
51.222.253.13 - - [19/Oct/2022:19:06:21 -0700] "GET /princeton/prade.html HTTP/1.1" 200 9863 "-" "Mozilla/5.0 (compatible; AhrefsBot/7.0; +http://ahrefs.com/robot/)" "ysfine.com"
51.222.253.1 - - [19/Oct/2022:19:06:23 -0700] "GET /kowar/tanks/tank05b.jpg HTTP/1.1" 200 48742 "-" "Mozilla/5.0 (compatible; AhrefsBot/7.0; +http://ahrefs.com/robot/)" "ysfine.com"
51.222.253.2 - - [19/Oct/2022:19:06:24 -0700] "GET /princeton/bdinner11b.jpg HTTP/1.1" 200 50984 "-" "Mozilla/5.0 (compatible; AhrefsBot/7.0; +http://ahrefs.com/robot/)" "ysfine.com"
51.222.253.17 - - [19/Oct/2022:19:06:24 -0700] "GET /feynman/feyprince2.jpg HTTP/1.1" 200 49143 "-" "Mozilla/5.0 (compatible; AhrefsBot/7.0; +http://ahrefs.com/robot/)" "ysfine.com"
51.222.253.19 - - [19/Oct/2022:19:06:25 -0700] "GET /beau/amkor/prgr02b.jpg HTTP/1.1" 404 88 "-" "Mozilla/5.0 (compatible; AhrefsBot/7.0; +http://ahrefs.com/robot/)" "ysfine.com"
51.222.253.1 - - [19/Oct/2022:19:06:25 -0700] "GET /princeton/nightbefore2.jpg HTTP/1.1" 200 47729 "-" "Mozilla/5.0 (compatible; AhrefsBot/7.0; +http://ahrefs.com/robot/)" "ysfine.com"
51.222.253.20 - - [19/Oct/2022:19:06:25 -0700] "GET /princeton/prford11b.jpg HTTP/1.1" 200 52307 "-" "Mozilla/5.0 (compatible; AhrefsBot/7.0; +http://ahrefs.com/robot/)" "ysfine.com"
51.222.253.20 - - [19/Oct/2022:19:06:26 -0700] "GET /princeton/puband10b.jpg HTTP/1.1" 200 48482 "-" "Mozilla/5.0 (compatible; AhrefsBot/7.0; +http://ahrefs.com/robot/)" "ysfine.com"
51.222.253.4 - - [19/Oct/2022:19:06:26 -0700] "GET /princeton/billbo11b.jpg HTTP/1.1" 200 46283 "-" "Mozilla/5.0 (compatible; AhrefsBot/7.0; +http://ahrefs.com/robot/)" "ysfine.com"
51.222.253.20 - - [19/Oct/2022:19:06:26 -0700] "GET /princeton/puband05b.jpg HTTP/1.1" 200 46073 "-" "Mozilla/5.0 (compatible; AhrefsBot/7.0; +http://ahrefs.com/robot/)" "ysfine.com"
51.222.253.10 - - [19/Oct/2022:19:06:27 -0700] "GET /princeton/elephant11b.jpg HTTP/1.1" 200 65393 "-" "Mozilla/5.0 (compatible; AhrefsBot/7.0; +http://ahrefs.com/robot/)" "ysfine.com"
51.222.253.7 - - [19/Oct/2022:19:06:27 -0700] "GET /style/cameras/canonp66b.jpg HTTP/1.1" 200 30441 "-" "Mozilla/5.0 (compatible; AhrefsBot/7.0; +http://ahrefs.com/robot/)" "ysfine.com"
51.222.253.4 - - [19/Oct/2022:19:06:28 -0700] "GET /princeton/dulles2.jpg HTTP/1.1" 200 49555 "-" "Mozilla/5.0 (compatible; AhrefsBot/7.0; +http://ahrefs.com/robot/)" "ysfine.com"
51.222.253.17 - - [19/Oct/2022:19:06:28 -0700] "GET /princeton/eisenhower61b.jpg HTTP/1.1" 200 44675 "-" "Mozilla/5.0 (compatible; AhrefsBot/7.0; +http://ahrefs.com/robot/)" "ysfine.com"
51.222.253.13 - - [19/Oct/2022:19:06:28 -0700] "GET /princeton/78th2.jpg HTTP/1.1" 200 55224 "-" "Mozilla/5.0 (compatible; AhrefsBot/7.0; +http://ahrefs.com/robot/)" "ysfine.com"
51.222.253.5 - - [19/Oct/2022:19:06:29 -0700] "GET /princeton/tilghman07b.jpg HTTP/1.1" 200 45925 "-" "Mozilla/5.0 (compatible; AhrefsBot/7.0; +http://ahrefs.com/robot/)" "ysfine.com"
51.222.253.9 - - [19/Oct/2022:19:06:29 -0700] "GET /kowar/tanks/sherman44b.jpg HTTP/1.1" 200 34454 "-" "Mozilla/5.0 (compatible; AhrefsBot/7.0; +http://ahrefs.com/robot/)" "ysfine.com"
51.222.253.9 - - [19/Oct/2022:19:06:30 -0700] "GET /beau/amkor/prgr06b.jpg HTTP/1.1" 404 88 "-" "Mozilla/5.0 (compatible; AhrefsBot/7.0; +http://ahrefs.com/robot/)" "ysfine.com"
51.222.253.6 - - [19/Oct/2022:19:06:30 -0700] "GET /princeton/brooke87b.jpg HTTP/1.1" 200 55274 "-" "Mozilla/5.0 (compatible; AhrefsBot/7.0; +http://ahrefs.com/robot/)" "ysfine.com"
51.222.253.17 - - [19/Oct/2022:19:06:30 -0700] "GET /princeton/horsewag2.jpg HTTP/1.1" 200 56236 "-" "Mozilla/5.0 (compatible; AhrefsBot/7.0; +http://ahrefs.com/robot/)" "ysfine.com"
51.222.253.6 - - [19/Oct/2022:19:06:31 -0700] "GET /kobak/rheetr2.jpg HTTP/1.1" 200 43503 "-" "Mozilla/5.0 (compatible; AhrefsBot/7.0; +http://ahrefs.com/robot/)" "ysfine.com"
51.222.253.11 - - [19/Oct/2022:19:06:31 -0700] "GET /princeton/class2007d.jpg HTTP/1.1" 200 52536 "-" "Mozilla/5.0 (compatible; AhrefsBot/7.0; +http://ahrefs.com/robot/)" "ysfine.com"
51.222.253.14 - - [19/Oct/2022:19:06:31 -0700] "GET /princeton/goheen11b.jpg HTTP/1.1" 200 41282 "-" "Mozilla/5.0 (compatible; AhrefsBot/7.0; +http://ahrefs.com/robot/)" "ysfine.com"
51.222.253.12 - - [19/Oct/2022:19:06:32 -0700] "GET /princeton/stevenson11b.jpg HTTP/1.1" 200 42759 "-" "Mozilla/5.0 (compatible; AhrefsBot/7.0; +http://ahrefs.com/robot/)" "ysfine.com"
38.242.214.79 - - [19/Oct/2022:19:06:32 -0700] "GET /ffriends/roskei.html HTTP/1.1" 200 6121 "-" "Mozilla/5.0 (compatible; MJ12bot/v1.4.8; http://mj12bot.com/)" "ysfine.com"
51.222.253.20 - - [19/Oct/2022:19:06:32 -0700] "GET /princeton/cleve11b.jpg HTTP/1.1" 200 42431 "-" "Mozilla/5.0 (compatible; AhrefsBot/7.0; +http://ahrefs.com/robot/)" "ysfine.com"
51.222.253.3 - - [19/Oct/2022:19:06:33 -0700] "GET /princeton/governer11b.jpg HTTP/1.1" 200 44721 "-" "Mozilla/5.0 (compatible; AhrefsBot/7.0; +http://ahrefs.com/robot/)" "ysfine.com"
51.222.253.10 - - [19/Oct/2022:19:06:33 -0700] "GET /princeton/rheepr01b.jpg HTTP/1.1" 200 35236 "-" "Mozilla/5.0 (compatible; AhrefsBot/7.0; +http://ahrefs.com/robot/)" "ysfine.com"
51.222.253.14 - - [19/Oct/2022:19:06:34 -0700] "GET /kobak/swr51b.jpg HTTP/1.1" 200 31277 "-" "Mozilla/5.0 (compatible; AhrefsBot/7.0; +http://ahrefs.com/robot/)" "ysfine.com"
195.191.219.133 - - [19/Oct/2022:19:06:38 -0700] "GET /robots.txt HTTP/1.1" 404 73 "-" "Mozilla/5.0 (compatible; MJ12bot/v1.4.8; http://mj12bot.com/)" "ysfine.com"
195.191.219.133 - - [19/Oct/2022:19:06:41 -0700] "GET / HTTP/1.1" 200 5283 "-" "Mozilla/5.0 (compatible; MJ12bot/v1.4.8; http://mj12bot.com/)" "ysfine.com"
38.242.214.79 - - [19/Oct/2022:19:06:51 -0700] "GET /ffriends/russian.html HTTP/1.1" 200 33919 "-" "Mozilla/5.0 (compatible; MJ12bot/v1.4.8; http://mj12bot.com/)" "ysfine.com"
51.222.253.3 - - [19/Oct/2022:19:06:58 -0700] "GET /ysbio/dashen.html HTTP/1.1" 200 4015 "-" "Mozilla/5.0 (compatible; AhrefsBot/7.0; +http://ahrefs.com/robot/)" "ysfine.com"
38.242.214.79 - - [19/Oct/2022:19:06:59 -0700] "GET /ffriends/service.html HTTP/1.1" 200 4711 "-" "Mozilla/5.0 (compatible; MJ12bot/v1.4.8; http://mj12bot.com/)" "ysfine.com"
38.242.214.79 - - [19/Oct/2022:19:07:12 -0700] "GET /ffriends/soldiers.html HTTP/1.1" 200 4685 "-" "Mozilla/5.0 (compatible; MJ12bot/v1.4.8; http://mj12bot.com/)" "ysfine.com"
51.222.253.9 - - [19/Oct/2022:19:07:30 -0700] "GET /ysbio/eink/mose.html HTTP/1.1" 200 14315 "-" "Mozilla/5.0 (compatible; AhrefsBot/7.0; +http://ahrefs.com/robot/)" "ysfine.com"
38.242.214.79 - - [19/Oct/2022:19:07:31 -0700] "GET /ffriends/turkish.html HTTP/1.1" 200 3447 "-" "Mozilla/5.0 (compatible; MJ12bot/v1.4.8; http://mj12bot.com/)" "ysfine.com"
38.242.214.79 - - [19/Oct/2022:19:07:40 -0700] "GET /ffriends/uscan.html HTTP/1.1" 200 18155 "-" "Mozilla/5.0 (compatible; MJ12bot/v1.4.8; http://mj12bot.com/)" "ysfine.com"
38.242.214.79 - - [19/Oct/2022:19:07:58 -0700] "GET /home/bio55.html HTTP/1.1" 404 88 "-" "Mozilla/5.0 (compatible; MJ12bot/v1.4.8; http://mj12bot.com/)" "ysfine.com"
51.222.253.10 - - [19/Oct/2022:19:08:05 -0700] "GET /ysbio/feynman/partons.html HTTP/1.1" 200 5807 "-" "Mozilla/5.0 (compatible; AhrefsBot/7.0; +http://ahrefs.com/robot/)" "ysfine.com"
38.242.214.79 - - [19/Oct/2022:19:08:06 -0700] "GET /home/internal.html HTTP/1.1" 200 2294 "-" "Mozilla/5.0 (compatible; MJ12bot/v1.4.8; http://mj12bot.com/)" "ysfine.com"
38.242.214.79 - - [19/Oct/2022:19:08:21 -0700] "GET /philo/sisfa12/frame02.html HTTP/1.1" 200 320 "-" "Mozilla/5.0 (compatible; MJ12bot/v1.4.8; http://mj12bot.com/)" "ysfine.com"
51.222.253.8 - - [19/Oct/2022:19:08:34 -0700] "GET /ysbio/maga/herod.html HTTP/1.1" 200 4341 "-" "Mozilla/5.0 (compatible; AhrefsBot/7.0; +http://ahrefs.com/robot/)" "ysfine.com"
38.242.214.79 - - [19/Oct/2022:19:08:39 -0700] "GET /philo/sisfa12/frame03.html HTTP/1.1" 200 320 "-" "Mozilla/5.0 (compatible; MJ12bot/v1.4.8; http://mj12bot.com/)" "ysfine.com"
38.242.214.79 - - [19/Oct/2022:19:08:49 -0700] "GET /philo/sisfa12/frame04.html HTTP/1.1" 200 320 "-" "Mozilla/5.0 (compatible; MJ12bot/v1.4.8; http://mj12bot.com/)" "ysfine.com"
38.242.214.79 - - [19/Oct/2022:19:09:04 -0700] "GET /philo/sisfa12/frame05.html HTTP/1.1" 200 320 "-" "Mozilla/5.0 (compatible; MJ12bot/v1.4.8; http://mj12bot.com/)" "ysfine.com"
51.222.253.15 - - [19/Oct/2022:19:09:06 -0700] "GET /dirac/wigsis.html HTTP/1.1" 200 10275 "-" "Mozilla/5.0 (compatible; AhrefsBot/7.0; +http://ahrefs.com/robot/)" "ysfine.com"
40.88.21.235 - - [19/Oct/2022:19:09:14 -0700] "GET / HTTP/1.1" 200 5283 "https://www.ysfine.com/" "Mozilla/5.0 (compatible; DuckDuckGo-Favicons-Bot/1.0; +http://duckduckgo.com)" "www.ysfine.com"
40.88.21.235 - - [19/Oct/2022:19:09:14 -0700] "GET /favicon.ico HTTP/1.1" 404 88 "https://www.ysfine.com/favicon.ico" "Mozilla/5.0 (compatible; DuckDuckGo-Favicons-Bot/1.0; +http://duckduckgo.com)" "www.ysfine.com"
40.88.21.235 - - [19/Oct/2022:19:09:14 -0700] "GET /favicon.ico HTTP/1.1" 404 88 "https://www.ysfine.com/favicon.ico" "Mozilla/5.0 (compatible; DuckDuckGo-Favicons-Bot/1.0; +http://duckduckgo.com)" "www.ysfine.com"
38.242.214.79 - - [19/Oct/2022:19:09:18 -0700] "GET /philo/sisfa12/frame06.html HTTP/1.1" 200 320 "-" "Mozilla/5.0 (compatible; MJ12bot/v1.4.8; http://mj12bot.com/)" "ysfine.com"
38.242.214.79 - - [19/Oct/2022:19:09:33 -0700] "GET /philo/sisfa12/frame07.html HTTP/1.1" 200 320 "-" "Mozilla/5.0 (compatible; MJ12bot/v1.4.8; http://mj12bot.com/)" "ysfine.com"
157.55.39.54 - - [19/Oct/2022:19:09:33 -0700] "GET /feynman/feykant.html HTTP/1.1" 200 3350 "-" "Mozilla/5.0 AppleWebKit/537.36 (KHTML, like Gecko; compatible; bingbot/2.0; +http://www.bing.com/bingbot.htm) Chrome/103.0.5060.134 Safari/537.36" "ysfine.com"
51.222.253.3 - - [19/Oct/2022:19:09:37 -0700] "GET /ysbio/yshome.html HTTP/1.1" 200 5695 "-" "Mozilla/5.0 (compatible; AhrefsBot/7.0; +http://ahrefs.com/robot/)" "ysfine.com"
40.77.167.27 - - [19/Oct/2022:19:09:40 -0700] "GET /manko/ HTTP/1.1" 200 135 "-" "Mozilla/5.0 (compatible; bingbot/2.0; +http://www.bing.com/bingbot.htm)" "ysfine.com"
38.242.214.79 - - [19/Oct/2022:19:09:43 -0700] "GET /philo/sisfa12/frame08.html HTTP/1.1" 200 320 "-" "Mozilla/5.0 (compatible; MJ12bot/v1.4.8; http://mj12bot.com/)" "ysfine.com"
38.242.214.79 - - [19/Oct/2022:19:09:52 -0700] "GET /philo/sisfa12/frame09.html HTTP/1.1" 200 320 "-" "Mozilla/5.0 (compatible; MJ12bot/v1.4.8; http://mj12bot.com/)" "ysfine.com"
157.55.39.54 - - [19/Oct/2022:19:09:52 -0700] "GET /bio/einstein/bern.html HTTP/1.1" 404 88 "-" "Mozilla/5.0 AppleWebKit/537.36 (KHTML, like Gecko; compatible; bingbot/2.0; +http://www.bing.com/bingbot.htm) Chrome/103.0.5060.134 Safari/537.36" "ysfine.com"
51.222.253.12 - - [19/Oct/2022:19:10:09 -0700] "GET /ysbio/wigner/wigstu.html HTTP/1.1" 200 3194 "-" "Mozilla/5.0 (compatible; AhrefsBot/7.0; +http://ahrefs.com/robot/)" "ysfine.com"
38.242.214.79 - - [19/Oct/2022:19:10:22 -0700] "GET /philo/sisfa12/frame10.html HTTP/1.1" 200 320 "-" "Mozilla/5.0 (compatible; MJ12bot/v1.4.8; http://mj12bot.com/)" "ysfine.com"
38.242.214.79 - - [19/Oct/2022:19:10:35 -0700] "GET /philo/sisfa12/frame11.html HTTP/1.1" 200 319 "-" "Mozilla/5.0 (compatible; MJ12bot/v1.4.8; http://mj12bot.com/)" "ysfine.com"
51.222.253.17 - - [19/Oct/2022:19:10:37 -0700] "GET /ysbio/kobak/yskor.html HTTP/1.1" 200 9937 "-" "Mozilla/5.0 (compatible; AhrefsBot/7.0; +http://ahrefs.com/robot/)" "ysfine.com"
51.222.253.19 - - [19/Oct/2022:19:10:42 -0700] "GET /ysbio/eink/eink61c.jpg HTTP/1.1" 200 34119 "-" "Mozilla/5.0 (compatible; AhrefsBot/7.0; +http://ahrefs.com/robot/)" "ysfine.com"
51.222.253.8 - - [19/Oct/2022:19:10:43 -0700] "GET /ysbio/kobak/nicodem22c.jpg HTTP/1.1" 200 38853 "-" "Mozilla/5.0 (compatible; AhrefsBot/7.0; +http://ahrefs.com/robot/)" "ysfine.com"
51.222.253.19 - - [19/Oct/2022:19:10:43 -0700] "GET /ysbio/eink/pwk19c.jpg HTTP/1.1" 200 57759 "-" "Mozilla/5.0 (compatible; AhrefsBot/7.0; +http://ahrefs.com/robot/)" "ysfine.com"
51.222.253.18 - - [19/Oct/2022:19:10:44 -0700] "GET /ysbio/kowar/tanks/tank05c.jpg HTTP/1.1" 200 33583 "-" "Mozilla/5.0 (compatible; AhrefsBot/7.0; +http://ahrefs.com/robot/)" "ysfine.com"
51.222.253.3 - - [19/Oct/2022:19:10:44 -0700] "GET /ysbio/kobak/taylor11c.jpg HTTP/1.1" 200 37695 "-" "Mozilla/5.0 (compatible; AhrefsBot/7.0; +http://ahrefs.com/robot/)" "ysfine.com"
51.222.253.5 - - [19/Oct/2022:19:10:45 -0700] "GET /ysbio/kobak/kostu16c.jpg HTTP/1.1" 200 40782 "-" "Mozilla/5.0 (compatible; AhrefsBot/7.0; +http://ahrefs.com/robot/)" "ysfine.com"
50.32.86.250 - - [19/Oct/2022:19:10:45 -0700] "GET /maga/phys/schrod11.jpg HTTP/1.1" 200 107958 "https://images.search.yahoo.com/search/images;_ylt=AwrFarEarlBjli8IlDZXNyoA;_ylu=Y29sbwNiZjEEcG9zAzEEdnRpZANMT0NVSTA1NV8xBHNlYwNwaXZz?p=Erwin+Schr%C3%B6dinger&fr2=piv-web&type=E211US1451G0&fr=mcafee" "Mozilla/5.0 (Windows NT 10.0; Win64; x64) AppleWebKit/537.36 (KHTML, like Gecko) Chrome/104.0.0.0 Safari/537.36" "www.ysfine.com"
51.222.253.5 - - [19/Oct/2022:19:10:45 -0700] "GET /ysbio/kobak/abstrart11c.jpg HTTP/1.1" 200 47224 "-" "Mozilla/5.0 (compatible; AhrefsBot/7.0; +http://ahrefs.com/robot/)" "ysfine.com"
51.222.253.14 - - [19/Oct/2022:19:10:46 -0700] "GET /ysbio/kobak/sorae/kumipo01c.jpg HTTP/1.1" 200 28588 "-" "Mozilla/5.0 (compatible; AhrefsBot/7.0; +http://ahrefs.com/robot/)" "ysfine.com"
51.222.253.11 - - [19/Oct/2022:19:10:47 -0700] "GET /ysbio/kobak/kwk11c.jpg HTTP/1.1" 200 46641 "-" "Mozilla/5.0 (compatible; AhrefsBot/7.0; +http://ahrefs.com/robot/)" "ysfine.com"
51.222.253.13 - - [19/Oct/2022:19:10:47 -0700] "GET /ysbio/kobak/sl5017c.jpg HTTP/1.1" 200 74057 "-" "Mozilla/5.0 (compatible; AhrefsBot/7.0; +http://ahrefs.com/robot/)" "ysfine.com"
