157.55.39.54 - - [19/Oct/2022:03:47:40 -0700] "GET /maga/phys/bohr05.jpg HTTP/1.1" 200 70451 "-" "Mozilla/5.0 (compatible; bingbot/2.0; +http://www.bing.com/bingbot.htm)" "ysfine.com"
220.181.108.144 - - [19/Oct/2022:03:47:48 -0700] "GET /dirac/bankers.html HTTP/1.1" 200 4453 "-" "Mozilla/5.0 (Linux;u;Android 4.2.2;zh-cn;) AppleWebKit/534.46 (KHTML,like Gecko) Version/5.1 Mobile Safari/10600.6.3 (compatible; Baiduspider/2.0; +http://www.baidu.com/search/spider.html)" "www.ysfine.com"
157.55.39.127 - - [19/Oct/2022:03:47:59 -0700] "GET /world/germany/vienstdpark01.jpg HTTP/1.1" 200 136850 "-" "Mozilla/5.0 AppleWebKit/537.36 (KHTML, like Gecko; compatible; bingbot/2.0; +http://www.bing.com/bingbot.htm) Chrome/103.0.5060.134 Safari/537.36" "www.ysfine.com"
68.38.147.126 - - [19/Oct/2022:03:48:41 -0700] "GET /princeton/nasshall01.jpg HTTP/1.1" 200 169242 "https://www.google.com/" "Mozilla/5.0 (Windows NT 10.0; Win64; x64) AppleWebKit/537.36 (KHTML, like Gecko) Chrome/106.0.0.0 Safari/537.36" "ysfine.com"
85.208.98.23 - - [19/Oct/2022:03:48:43 -0700] "GET /robots.txt HTTP/1.1" 404 88 "http://www.ysfine.com/robots.txt" "Mozilla/5.0 (compatible; SemrushBot-BA; +http://www.semrush.com/bot.html)" "www.ysfine.com"
157.55.39.58 - - [19/Oct/2022:03:48:47 -0700] "GET /sbk/2003ff.jpg HTTP/1.1" 200 154874 "-" "Mozilla/5.0 (compatible; bingbot/2.0; +http://www.bing.com/bingbot.htm)" "ysfine.com"
85.208.98.23 - - [19/Oct/2022:03:48:51 -0700] "GET /robots.txt HTTP/1.1" 404 88 "http://ysfine.com/robots.txt" "Mozilla/5.0 (compatible; SemrushBot-BA; +http://www.semrush.com/bot.html)" "ysfine.com"
157.55.39.128 - - [19/Oct/2022:03:49:20 -0700] "GET /world/scandi/nbi24.jpg HTTP/1.1" 200 66167 "-" "Mozilla/5.0 (compatible; bingbot/2.0; +http://www.bing.com/bingbot.htm)" "ysfine.com"
85.208.98.16 - - [19/Oct/2022:03:49:57 -0700] "GET /style/shops.html HTTP/1.1" 200 2829 "-" "Mozilla/5.0 (compatible; SemrushBot-BA; +http://www.semrush.com/bot.html)" "ysfine.com"
157.55.39.54 - - [19/Oct/2022:03:50:11 -0700] "GET /maga/phil/kanthegel66.jpg HTTP/1.1" 200 76782 "-" "Mozilla/5.0 (compatible; bingbot/2.0; +http://www.bing.com/bingbot.htm)" "ysfine.com"
157.55.39.58 - - [19/Oct/2022:03:50:18 -0700] "GET /wdc/sakura01.jpg HTTP/1.1" 200 165019 "-" "Mozilla/5.0 AppleWebKit/537.36 (KHTML, like Gecko; compatible; bingbot/2.0; +http://www.bing.com/bingbot.htm) Chrome/103.0.5060.134 Safari/537.36" "www.ysfine.com"
85.208.98.22 - - [19/Oct/2022:03:50:40 -0700] "GET /ysbio/style/shops.html HTTP/1.1" 200 2829 "-" "Mozilla/5.0 (compatible; SemrushBot-BA; +http://www.semrush.com/bot.html)" "ysfine.com"
85.208.98.16 - - [19/Oct/2022:03:51:42 -0700] "GET /ysbio/style/shops.html HTTP/1.1" 200 2829 "-" "Mozilla/5.0 (compatible; SemrushBot-BA; +http://www.semrush.com/bot.html)" "www.ysfine.com"
40.77.167.27 - - [19/Oct/2022:03:52:23 -0700] "GET /world/baltic/riga32.jpg HTTP/1.1" 200 72804 "-" "Mozilla/5.0 (compatible; bingbot/2.0; +http://www.bing.com/bingbot.htm)" "www.ysfine.com"
157.55.39.54 - - [19/Oct/2022:03:52:31 -0700] "GET /bio/style/leica.html HTTP/1.1" 404 88 "-" "Mozilla/5.0 (compatible; bingbot/2.0; +http://www.bing.com/bingbot.htm)" "ysfine.com"
85.208.98.19 - - [19/Oct/2022:03:52:36 -0700] "GET /style/shops.html HTTP/1.1" 200 2829 "-" "Mozilla/5.0 (compatible; SemrushBot-BA; +http://www.semrush.com/bot.html)" "www.ysfine.com"
66.249.66.44 - - [19/Oct/2022:03:52:37 -0700] "GET /world/baltic/lithuf08.jpg HTTP/1.1" 200 91630 "-" "Googlebot-Image/1.0" "ysfine.com"
40.77.167.27 - - [19/Oct/2022:03:53:14 -0700] "GET /wigner/yloop33.jpg HTTP/1.1" 200 46070 "-" "Mozilla/5.0 AppleWebKit/537.36 (KHTML, like Gecko; compatible; bingbot/2.0; +http://www.bing.com/bingbot.htm) Chrome/103.0.5060.134 Safari/537.36" "ysfine.com"
66.249.66.40 - - [19/Oct/2022:03:53:14 -0700] "GET /ffriends/kostu03.jpg HTTP/1.1" 404 88 "-" "Googlebot-Image/1.0" "ysfine.com"
38.48.120.204 - - [19/Oct/2022:03:53:59 -0700] "GET /world/china/china047.jpg HTTP/1.1" 200 84133 "https://aftershock.news/" "Mozilla/5.0 (Linux; Android 12; SM-F700N) AppleWebKit/537.36 (KHTML, like Gecko) Chrome/106.0.0.0 Mobile Safari/537.36" "www.ysfine.com"
85.208.98.225 - - [19/Oct/2022:03:54:03 -0700] "GET /robots.txt HTTP/1.1" 404 88 "-" "Mozilla/5.0 (compatible; Googlebot/2.1; +http://www.google.com/bot.html)" "ysfine.com"
200.19.255.70 - - [19/Oct/2022:03:54:49 -0700] "GET /wigner/neum/pvn03.jpg HTTP/1.1" 200 83757 "https://www.google.com/" "Mozilla/5.0 (X11; Ubuntu; Linux x86_64; rv:105.0) Gecko/20100101 Firefox/105.0" "ysfine.com"
157.55.39.58 - - [19/Oct/2022:03:56:08 -0700] "GET /world/china/hongkong11.jpg HTTP/1.1" 200 75364 "-" "Mozilla/5.0 AppleWebKit/537.36 (KHTML, like Gecko; compatible; bingbot/2.0; +http://www.bing.com/bingbot.htm) Chrome/103.0.5060.134 Safari/537.36" "ysfine.com"
162.250.125.214 - - [19/Oct/2022:03:56:12 -0700] "GET /usca/norl/bour04.jpg HTTP/1.1" 200 115365 "-" "python-requests/2.22.0" "ysfine.com"
40.77.167.27 - - [19/Oct/2022:03:56:34 -0700] "GET /world/germany/oktf06.jpg HTTP/1.1" 200 116199 "-" "Mozilla/5.0 (compatible; bingbot/2.0; +http://www.bing.com/bingbot.htm)" "www.ysfine.com"
157.55.39.54 - - [19/Oct/2022:03:57:11 -0700] "GET /world/scandi/copen017.jpg HTTP/1.1" 200 84600 "-" "Mozilla/5.0 AppleWebKit/537.36 (KHTML, like Gecko; compatible; bingbot/2.0; +http://www.bing.com/bingbot.htm) Chrome/103.0.5060.134 Safari/537.36" "ysfine.com"
18.236.238.41 - - [19/Oct/2022:03:57:19 -0700] "GET / HTTP/1.1" 200 5283 "-" "Mozilla/5.0 (X11; Linux x86_64) AppleWebKit/537.36 (KHTML, like Gecko) Chrome/83.0.4103.97 Safari/537.36" "ysfine.com"
34.222.220.149 - - [19/Oct/2022:03:57:22 -0700] "GET / HTTP/1.1" 200 5283 "-" "Mozilla/5.0 (X11; Linux x86_64) AppleWebKit/537.36 (KHTML, like Gecko) Chrome/83.0.4103.97 Safari/537.36" "ysfine.com"
41.216.188.45 - - [19/Oct/2022:03:57:30 -0700] "GET /wp-content/plugins/ioptimization/IOptimize.php?rchk HTTP/1.1" 404 88 "www.google.com" "Mozlila/5.0 (Linux; Android 7.0; SM-G892A Bulid/NRD90M; wv) AppleWebKit/537.36 (KHTML, like Gecko) Version/4.0 Chrome/60.0.3112.107 Moblie Safari/537.36" "www.ysfine.com"
34.214.127.5 - - [19/Oct/2022:03:57:34 -0700] "GET /favicon.ico HTTP/1.1" 404 88 "-" "Mozilla/5.0 (X11; Linux x86_64) AppleWebKit/537.36 (KHTML, like Gecko) Chrome/83.0.4103.97 Safari/537.36" "ysfine.com"
34.214.127.5 - - [19/Oct/2022:03:57:37 -0700] "GET / HTTP/1.1" 200 5283 "-" "Mozilla/5.0 (X11; Linux x86_64) AppleWebKit/537.36 (KHTML, like Gecko) Chrome/83.0.4103.97 Safari/537.36" "ysfine.com"
35.92.62.29 - - [19/Oct/2022:03:57:51 -0700] "GET /favicon.ico HTTP/1.1" 404 88 "http://ysfine.com/favicon.ico" "Mozilla/5.0 (X11; Linux x86_64) AppleWebKit/537.36 (KHTML, like Gecko) Chrome/83.0.4103.97 Safari/537.36" "ysfine.com"
35.92.62.29 - - [19/Oct/2022:03:57:53 -0700] "GET / HTTP/1.1" 200 5283 "http://ysfine.com" "Mozilla/5.0 (X11; Linux x86_64) AppleWebKit/537.36 (KHTML, like Gecko) Chrome/83.0.4103.97 Safari/537.36" "ysfine.com"
40.77.167.27 - - [19/Oct/2022:03:59:06 -0700] "GET /style/cameras/canonp66b.jpg HTTP/1.1" 200 30441 "-" "Mozilla/5.0 (compatible; bingbot/2.0; +http://www.bing.com/bingbot.htm)" "ysfine.com"
157.55.39.55 - - [19/Oct/2022:03:59:17 -0700] "GET /world/china/xian13.jpg HTTP/1.1" 200 173889 "-" "Mozilla/5.0 AppleWebKit/537.36 (KHTML, like Gecko; compatible; bingbot/2.0; +http://www.bing.com/bingbot.htm) Chrome/103.0.5060.134 Safari/537.36" "ysfine.com"
157.55.39.128 - - [19/Oct/2022:03:59:30 -0700] "GET /beau/iran01b.jpg HTTP/1.1" 404 88 "-" "Mozilla/5.0 (compatible; bingbot/2.0; +http://www.bing.com/bingbot.htm)" "ysfine.com"
157.55.39.54 - - [19/Oct/2022:04:00:23 -0700] "GET /kobak/underw02.jpg HTTP/1.1" 200 61728 "-" "Mozilla/5.0 (compatible; bingbot/2.0; +http://www.bing.com/bingbot.htm)" "ysfine.com"
40.77.167.95 - - [19/Oct/2022:04:00:37 -0700] "GET /robots.txt HTTP/1.1" 404 88 "-" "Mozilla/5.0 (compatible; bingbot/2.0; +http://www.bing.com/bingbot.htm)" "ysfine.com"
40.77.167.27 - - [19/Oct/2022:04:00:44 -0700] "GET /world/balkan/istan007.jpg HTTP/1.1" 200 117546 "-" "Mozilla/5.0 AppleWebKit/537.36 (KHTML, like Gecko; compatible; bingbot/2.0; +http://www.bing.com/bingbot.htm) Chrome/103.0.5060.134 Safari/537.36" "ysfine.com"
50.60.154.210 - - [19/Oct/2022:04:00:55 -0700] "GET /world/poland/polstu13.jpg HTTP/1.1" 200 105551 "https://www.theapricity.com/" "Mozilla/5.0 (Linux; Android 10; SM-N960F) AppleWebKit/537.36 (KHTML, like Gecko) Chrome/106.0.0.0 Mobile Safari/537.36" "ysfine.com"
198.235.24.170 - - [19/Oct/2022:04:02:53 -0700] "GET / HTTP/1.1" 200 15910 "-" "Expanse, a Palo Alto Networks company, searches across the global IPv4 space multiple times per day to identify customers&#39; presences on the Internet. If you would like to be excluded from our scans, please send IP addresses/domains to: scaninfo@paloaltonetworks.com" "www.ysfine.com"
157.55.39.127 - - [19/Oct/2022:04:03:20 -0700] "GET /wdc/gtown37.jpg HTTP/1.1" 200 134468 "-" "Mozilla/5.0 (compatible; bingbot/2.0; +http://www.bing.com/bingbot.htm)" "ysfine.com"
157.55.39.54 - - [19/Oct/2022:04:03:24 -0700] "GET /bio/awards/iao.html HTTP/1.1" 404 88 "-" "Mozilla/5.0 (compatible; bingbot/2.0; +http://www.bing.com/bingbot.htm)" "ysfine.com"
157.55.39.128 - - [19/Oct/2022:04:03:52 -0700] "GET /world/russ/spbf35.jpg HTTP/1.1" 200 145404 "-" "Mozilla/5.0 AppleWebKit/537.36 (KHTML, like Gecko; compatible; bingbot/2.0; +http://www.bing.com/bingbot.htm) Chrome/103.0.5060.134 Safari/537.36" "www.ysfine.com"
157.55.39.128 - - [19/Oct/2022:04:05:01 -0700] "GET /world/russ/kiev026b.jpg HTTP/1.1" 200 50115 "-" "Mozilla/5.0 AppleWebKit/537.36 (KHTML, like Gecko; compatible; bingbot/2.0; +http://www.bing.com/bingbot.htm) Chrome/103.0.5060.134 Safari/537.36" "ysfine.com"
97.91.5.215 - - [19/Oct/2022:04:05:34 -0700] "GET /princeton/alexan22.jpg HTTP/1.1" 200 175436 "https://www.google.com/" "Mozilla/5.0 (iPhone; CPU iPhone OS 14_8_1 like Mac OS X) AppleWebKit/605.1.15 (KHTML, like Gecko) Version/14.1.2 Mobile/15E148 Safari/604.1" "ysfine.com"
120.23.50.161 - - [19/Oct/2022:04:05:37 -0700] "GET /kobak/1014b.jpg HTTP/1.1" 200 42115 "https://www.bing.com/" "Mozilla/5.0 (Windows NT 10.0; Win64; x64) AppleWebKit/537.36 (KHTML, like Gecko) Chrome/106.0.0.0 Safari/537.36 Edg/106.0.1370.47" "www.ysfine.com"
157.55.39.54 - - [19/Oct/2022:04:06:02 -0700] "GET /saram/g001.jpg HTTP/1.1" 200 103659 "-" "Mozilla/5.0 (compatible; bingbot/2.0; +http://www.bing.com/bingbot.htm)" "www.ysfine.com"
157.55.39.128 - - [19/Oct/2022:04:06:11 -0700] "GET /world/ital/panth04.jpg HTTP/1.1" 200 105432 "-" "Mozilla/5.0 AppleWebKit/537.36 (KHTML, like Gecko; compatible; bingbot/2.0; +http://www.bing.com/bingbot.htm) Chrome/103.0.5060.134 Safari/537.36" "ysfine.com"
96.52.49.51 - - [19/Oct/2022:04:06:45 -0700] "GET /kowar/tanks/tank02.jpg HTTP/1.1" 200 74135 "https://www.bing.com/" "Mozilla/5.0 (Linux; Android 9; KFTRWI) AppleWebKit/537.36 (KHTML, like Gecko) Silk/104.2.16 like Chrome/104.0.5112.114 Safari/537.36" "www.ysfine.com"
157.55.39.55 - - [19/Oct/2022:04:07:08 -0700] "GET /world/ital/stcroce16b.jpg HTTP/1.1" 200 61306 "-" "Mozilla/5.0 AppleWebKit/537.36 (KHTML, like Gecko; compatible; bingbot/2.0; +http://www.bing.com/bingbot.htm) Chrome/103.0.5060.134 Safari/537.36" "ysfine.com"
157.55.39.58 - - [19/Oct/2022:04:07:20 -0700] "GET /world/poland/polstu25.jpg HTTP/1.1" 200 113851 "-" "Mozilla/5.0 AppleWebKit/537.36 (KHTML, like Gecko; compatible; bingbot/2.0; +http://www.bing.com/bingbot.htm) Chrome/103.0.5060.134 Safari/537.36" "ysfine.com"
72.66.31.39 - - [19/Oct/2022:04:07:59 -0700] "GET /princeton/alexan22.jpg HTTP/1.1" 200 175436 "https://www.google.com/" "Mozilla/5.0 (iPhone; CPU iPhone OS 15_6_1 like Mac OS X) AppleWebKit/605.1.15 (KHTML, like Gecko) FxiOS/103 Mobile/15E148 Version/15.0" "ysfine.com"
157.55.39.54 - - [19/Oct/2022:04:08:12 -0700] "GET /bio/einstein/bern.html HTTP/1.1" 404 88 "-" "Mozilla/5.0 (compatible; bingbot/2.0; +http://www.bing.com/bingbot.htm)" "ysfine.com"
157.55.39.55 - - [19/Oct/2022:04:08:48 -0700] "GET /bio/style/ystyle.html HTTP/1.1" 404 88 "-" "Mozilla/5.0 AppleWebKit/537.36 (KHTML, like Gecko; compatible; bingbot/2.0; +http://www.bing.com/bingbot.htm) Chrome/103.0.5060.134 Safari/537.36" "ysfine.com"
157.55.39.55 - - [19/Oct/2022:04:08:50 -0700] "GET /style/kievopera55.jpg HTTP/1.1" 200 93047 "-" "Mozilla/5.0 AppleWebKit/537.36 (KHTML, like Gecko; compatible; bingbot/2.0; +http://www.bing.com/bingbot.htm) Chrome/103.0.5060.134 Safari/537.36" "ysfine.com"
157.55.39.128 - - [19/Oct/2022:04:09:01 -0700] "GET /style/musee/britmu32.jpg HTTP/1.1" 200 93547 "-" "Mozilla/5.0 (compatible; bingbot/2.0; +http://www.bing.com/bingbot.htm)" "www.ysfine.com"
199.231.191.214 - - [19/Oct/2022:04:11:14 -0700] "GET /usca/norl/bour04.jpg HTTP/1.1" 200 115365 "-" "python-requests/2.22.0" "ysfine.com"
157.55.39.54 - - [19/Oct/2022:04:11:33 -0700] "GET /world/france/sorbonne11.jpg HTTP/1.1" 200 189894 "-" "Mozilla/5.0 (compatible; bingbot/2.0; +http://www.bing.com/bingbot.htm)" "ysfine.com"
157.55.39.54 - - [19/Oct/2022:04:13:23 -0700] "GET /world/russ/kazan036.jpg HTTP/1.1" 200 79089 "-" "Mozilla/5.0 (compatible; bingbot/2.0; +http://www.bing.com/bingbot.htm)" "ysfine.com"
157.55.39.55 - - [19/Oct/2022:04:14:20 -0700] "GET /world/poland/hcross08.jpg HTTP/1.1" 200 93833 "-" "Mozilla/5.0 AppleWebKit/537.36 (KHTML, like Gecko; compatible; bingbot/2.0; +http://www.bing.com/bingbot.htm) Chrome/103.0.5060.134 Safari/537.36" "ysfine.com"
157.55.39.55 - - [19/Oct/2022:04:14:28 -0700] "GET /world/germany/berlin173.jpg HTTP/1.1" 200 261181 "-" "Mozilla/5.0 AppleWebKit/537.36 (KHTML, like Gecko; compatible; bingbot/2.0; +http://www.bing.com/bingbot.htm) Chrome/103.0.5060.134 Safari/537.36" "www.ysfine.com"
157.55.39.55 - - [19/Oct/2022:04:14:58 -0700] "GET /world/china/dandongbr06.jpg HTTP/1.1" 200 140189 "-" "Mozilla/5.0 (compatible; bingbot/2.0; +http://www.bing.com/bingbot.htm)" "www.ysfine.com"
40.77.167.27 - - [19/Oct/2022:04:16:06 -0700] "GET /world/baltic/rigaeisen04.jpg HTTP/1.1" 200 60260 "-" "Mozilla/5.0 AppleWebKit/537.36 (KHTML, like Gecko; compatible; bingbot/2.0; +http://www.bing.com/bingbot.htm) Chrome/103.0.5060.134 Safari/537.36" "ysfine.com"
157.55.39.127 - - [19/Oct/2022:04:16:32 -0700] "GET /world/poland/krch03.jpg HTTP/1.1" 200 92797 "-" "Mozilla/5.0 (compatible; bingbot/2.0; +http://www.bing.com/bingbot.htm)" "ysfine.com"
93.158.161.46 - - [19/Oct/2022:04:17:28 -0700] "GET /robots.txt HTTP/1.1" 404 73 "-" "Mozilla/5.0 (compatible; YandexBot/3.0; +http://yandex.com/bots)" "www.ysfine.com"
93.158.161.76 - - [19/Oct/2022:04:17:32 -0700] "GET /nework/nyrigh.html HTTP/1.1" 404 88 "-" "Mozilla/5.0 (compatible; YandexBot/3.0; +http://yandex.com/bots)" "www.ysfine.com"
51.222.253.20 - - [19/Oct/2022:04:17:37 -0700] "GET /world/russ/spbpiano.html HTTP/1.1" 200 1667 "-" "Mozilla/5.0 (compatible; AhrefsBot/7.0; +http://ahrefs.com/robot/)" "www.ysfine.com"
173.252.83.17 - - [19/Oct/2022:04:18:56 -0700] "GET /home/bostein.html HTTP/1.1" 206 5521 "-" "facebookexternalhit/1.1 (+http://www.facebook.com/externalhit_uatext.php)" "ysfine.com"
173.252.83.120 - - [19/Oct/2022:04:18:56 -0700] "GET /home/marq.html HTTP/1.1" 206 3268 "-" "facebookexternalhit/1.1 (+http://www.facebook.com/externalhit_uatext.php)" "ysfine.com"
173.252.83.120 - - [19/Oct/2022:04:18:56 -0700] "GET /kowar/sampal.html HTTP/1.1" 206 12090 "-" "facebookexternalhit/1.1 (+http://www.facebook.com/externalhit_uatext.php)" "ysfine.com"
173.252.83.23 - - [19/Oct/2022:04:18:56 -0700] "GET /awards/index.html HTTP/1.1" 206 9993 "-" "facebookexternalhit/1.1 (+http://www.facebook.com/externalhit_uatext.php)" "ysfine.com"
173.252.83.1 - - [19/Oct/2022:04:18:56 -0700] "GET /ffriends/fdw HTTP/1.1" 206 45463 "-" "facebookexternalhit/1.1 (+http://www.facebook.com/externalhit_uatext.php)" "ysfine.com"
195.234.109.68 - - [19/Oct/2022:04:19:18 -0700] "GET /wigner/neum/vnc01.jpg HTTP/1.1" 200 133641 "-" "Photon/1.0" "ysfine.com"
157.55.39.127 - - [19/Oct/2022:04:20:52 -0700] "GET /bio/sbk/index.html HTTP/1.1" 404 88 "-" "Mozilla/5.0 AppleWebKit/537.36 (KHTML, like Gecko; compatible; bingbot/2.0; +http://www.bing.com/bingbot.htm) Chrome/103.0.5060.134 Safari/537.36" "ysfine.com"
157.55.39.127 - - [19/Oct/2022:04:21:52 -0700] "GET /newyork/macy04b.jpg HTTP/1.1" 200 49978 "-" "Mozilla/5.0 (compatible; bingbot/2.0; +http://www.bing.com/bingbot.htm)" "ysfine.com"
40.77.167.27 - - [19/Oct/2022:04:22:17 -0700] "GET /maga/phys/naimar/pewk09.jpg HTTP/1.1" 200 54557 "-" "Mozilla/5.0 AppleWebKit/537.36 (KHTML, like Gecko; compatible; bingbot/2.0; +http://www.bing.com/bingbot.htm) Chrome/103.0.5060.134 Safari/537.36" "www.ysfine.com"
157.55.39.58 - - [19/Oct/2022:04:22:21 -0700] "GET /maga/phys/hydrogen01.jpg HTTP/1.1" 200 75806 "-" "Mozilla/5.0 AppleWebKit/537.36 (KHTML, like Gecko; compatible; bingbot/2.0; +http://www.bing.com/bingbot.htm) Chrome/103.0.5060.134 Safari/537.36" "ysfine.com"
154.92.127.186 - - [19/Oct/2022:04:22:23 -0700] "GET /world/germany/leipzig29.jpg HTTP/1.1" 200 284047 "-" "Mozilla/5.0 (Windows NT 6.3; WOW64) AppleWebKit/537.36 (KHTML, like Gecko) Chrome/38.0.2125.111 Safari/537.36" "www.ysfine.com"
40.77.167.27 - - [19/Oct/2022:04:23:07 -0700] "GET /world/russ/kazakh02.jpg HTTP/1.1" 200 45348 "-" "Mozilla/5.0 AppleWebKit/537.36 (KHTML, like Gecko; compatible; bingbot/2.0; +http://www.bing.com/bingbot.htm) Chrome/103.0.5060.134 Safari/537.36" "ysfine.com"
40.77.167.27 - - [19/Oct/2022:04:23:17 -0700] "GET /world/france/flore06.jpg HTTP/1.1" 200 120704 "-" "Mozilla/5.0 AppleWebKit/537.36 (KHTML, like Gecko; compatible; bingbot/2.0; +http://www.bing.com/bingbot.htm) Chrome/103.0.5060.134 Safari/537.36" "www.ysfine.com"
65.21.237.125 - - [19/Oct/2022:04:23:37 -0700] "GET /feynman/feyntop.html HTTP/1.1" 200 435 "https://ysfine.com/feynman/index.html" "Mozilla/5.0 (compatible; SEOkicks; +https://www.seokicks.de/robot.html)" "ysfine.com"
65.21.237.125 - - [19/Oct/2022:04:23:39 -0700] "GET /home/feysavior.html HTTP/1.1" 200 2737 "https://ysfine.com/eink/index.html" "Mozilla/5.0 (compatible; SEOkicks; +https://www.seokicks.de/robot.html)" "ysfine.com"
65.21.237.125 - - [19/Oct/2022:04:23:40 -0700] "GET /feynman/partons.html HTTP/1.1" 200 5807 "https://ysfine.com/eink/index.html" "Mozilla/5.0 (compatible; SEOkicks; +https://www.seokicks.de/robot.html)" "ysfine.com"
65.21.237.125 - - [19/Oct/2022:04:23:42 -0700] "GET /home/wcartoon.html HTTP/1.1" 200 6127 "https://ysfine.com/eink/index.html" "Mozilla/5.0 (compatible; SEOkicks; +https://www.seokicks.de/robot.html)" "ysfine.com"
65.21.237.125 - - [19/Oct/2022:04:23:43 -0700] "GET /wigner/wigpoinc.html HTTP/1.1" 200 6586 "https://ysfine.com/eink/index.html" "Mozilla/5.0 (compatible; SEOkicks; +https://www.seokicks.de/robot.html)" "ysfine.com"
65.21.237.125 - - [19/Oct/2022:04:23:44 -0700] "GET /wigner/e(2).html HTTP/1.1" 200 4288 "https://ysfine.com/eink/index.html" "Mozilla/5.0 (compatible; SEOkicks; +https://www.seokicks.de/robot.html)" "ysfine.com"
65.21.237.125 - - [19/Oct/2022:04:23:46 -0700] "GET /einstein/einqm.html HTTP/1.1" 200 4504 "https://ysfine.com/eink/index.html" "Mozilla/5.0 (compatible; SEOkicks; +https://www.seokicks.de/robot.html)" "ysfine.com"
65.21.237.125 - - [19/Oct/2022:04:23:47 -0700] "GET /princeton/sbt.html HTTP/1.1" 200 529 "https://ysfine.com/eink/index.html" "Mozilla/5.0 (compatible; SEOkicks; +https://www.seokicks.de/robot.html)" "ysfine.com"
209.107.196.57 - - [19/Oct/2022:04:23:48 -0700] "GET /confer/other.html HTTP/1.1" 404 88 "http://ysfine.com" "Mozilla/5.0 (Windows NT 10.0; Win64; x64) AppleWebKit/537.36 (KHTML, like Gecko) Chrome/62.0.3202.94 Safari/537.36" "ysfine.com"
196.206.114.171 - - [19/Oct/2022:04:23:48 -0700] "GET /wigner/isomor66c.jpg HTTP/1.1" 200 47632 "https://www.bing.com/" "Mozilla/5.0 (Windows NT 10.0; Win64; x64) AppleWebKit/537.36 (KHTML, like Gecko) Chrome/106.0.0.0 Safari/537.36 Edg/106.0.1370.47" "www.ysfine.com"
65.21.237.125 - - [19/Oct/2022:04:23:49 -0700] "GET /home/dwf.html HTTP/1.1" 200 4126 "https://ysfine.com/eink/index.html" "Mozilla/5.0 (compatible; SEOkicks; +https://www.seokicks.de/robot.html)" "ysfine.com"
209.107.196.57 - - [19/Oct/2022:04:23:49 -0700] "GET /confer/other.html HTTP/1.1" 404 88 "http://ysfine.com" "Mozilla/5.0 (Windows NT 10.0; Win64; x64) AppleWebKit/537.36 (KHTML, like Gecko) Chrome/62.0.3202.94 Safari/537.36" "ysfine.com"
209.107.196.57 - - [19/Oct/2022:04:23:50 -0700] "GET /confer/other.html HTTP/1.1" 404 88 "http://ysfine.com" "Mozilla/5.0 (Windows NT 10.0; Win64; x64) AppleWebKit/537.36 (KHTML, like Gecko) Chrome/62.0.3202.94 Safari/537.36" "ysfine.com"
65.21.237.125 - - [19/Oct/2022:04:23:50 -0700] "GET /home/optics.html HTTP/1.1" 200 4947 "https://ysfine.com/eink/index.html" "Mozilla/5.0 (compatible; SEOkicks; +https://www.seokicks.de/robot.html)" "ysfine.com"
209.107.196.57 - - [19/Oct/2022:04:23:51 -0700] "GET /confer/other.html HTTP/1.1" 404 88 "http://ysfine.com" "Mozilla/5.0 (Windows NT 10.0; Win64; x64) AppleWebKit/537.36 (KHTML, like Gecko) Chrome/62.0.3202.94 Safari/537.36" "ysfine.com"
65.21.237.125 - - [19/Oct/2022:04:23:52 -0700] "GET /feynman/restof.html HTTP/1.1" 200 4709 "https://ysfine.com/eink/index.html" "Mozilla/5.0 (compatible; SEOkicks; +https://www.seokicks.de/robot.html)" "ysfine.com"
157.55.39.58 - - [19/Oct/2022:04:24:22 -0700] "GET /dirac/hyperell01c.jpg HTTP/1.1" 200 24937 "-" "Mozilla/5.0 AppleWebKit/537.36 (KHTML, like Gecko; compatible; bingbot/2.0; +http://www.bing.com/bingbot.htm) Chrome/103.0.5060.134 Safari/537.36" "www.ysfine.com"
66.249.66.44 - - [19/Oct/2022:04:24:39 -0700] "GET /beau/kmc.html HTTP/1.1" 404 88 "-" "Mozilla/5.0 (Linux; Android 6.0.1; Nexus 5X Build/MMB29P) AppleWebKit/537.36 (KHTML, like Gecko) Chrome/106.0.5249.103 Mobile Safari/537.36 (compatible; Googlebot/2.1; +http://www.google.com/bot.html)" "ysfine.com"
193.236.57.152 - - [19/Oct/2022:04:25:02 -0700] "GET /wigner/neum/vnc01.jpg HTTP/1.1" 200 133641 "https://www.google.com/" "Mozilla/5.0 (Windows NT 6.1; Win64; x64) AppleWebKit/537.36 (KHTML, like Gecko) Chrome/106.0.0.0 Safari/537.36" "ysfine.com"
157.55.39.58 - - [19/Oct/2022:04:26:52 -0700] "GET /world/germany/oktf11.jpg HTTP/1.1" 200 114734 "-" "Mozilla/5.0 (compatible; bingbot/2.0; +http://www.bing.com/bingbot.htm)" "www.ysfine.com"
129.206.246.140 - - [19/Oct/2022:04:27:38 -0700] "GET /wigner/wiglittle.pdf HTTP/1.1" 200 2659296 "https://www.google.com/" "Mozilla/5.0 (Macintosh; Intel Mac OS X 10_15_7) AppleWebKit/605.1.15 (KHTML, like Gecko) Version/15.6.1 Safari/605.1.15" "ysfine.com"
129.206.246.140 - - [19/Oct/2022:04:27:43 -0700] "GET /favicon.ico HTTP/1.1" 404 88 "https://ysfine.com/wigner/wiglittle.pdf" "Mozilla/5.0 (Macintosh; Intel Mac OS X 10_15_7) AppleWebKit/605.1.15 (KHTML, like Gecko) Version/15.6.1 Safari/605.1.15" "ysfine.com"
157.55.39.127 - - [19/Oct/2022:04:27:43 -0700] "GET /world/poland/jablo20.jpg HTTP/1.1" 200 83156 "-" "Mozilla/5.0 (compatible; bingbot/2.0; +http://www.bing.com/bingbot.htm)" "ysfine.com"
157.55.39.55 - - [19/Oct/2022:04:30:31 -0700] "GET /maga/phil/hugom11b.jpg HTTP/1.1" 200 47204 "-" "Mozilla/5.0 (compatible; bingbot/2.0; +http://www.bing.com/bingbot.htm)" "ysfine.com"
157.55.39.127 - - [19/Oct/2022:04:30:42 -0700] "GET /wdc/lincoln02.jpg HTTP/1.1" 200 67312 "-" "Mozilla/5.0 AppleWebKit/537.36 (KHTML, like Gecko; compatible; bingbot/2.0; +http://www.bing.com/bingbot.htm) Chrome/103.0.5060.134 Safari/537.36" "ysfine.com"
157.55.39.55 - - [19/Oct/2022:04:32:11 -0700] "GET /sbk/2006vien11.jpg HTTP/1.1" 200 207352 "-" "Mozilla/5.0 (compatible; bingbot/2.0; +http://www.bing.com/bingbot.htm)" "ysfine.com"
157.55.39.127 - - [19/Oct/2022:04:32:13 -0700] "GET /world/china/chongking16.jpg HTTP/1.1" 200 93088 "-" "Mozilla/5.0 AppleWebKit/537.36 (KHTML, like Gecko; compatible; bingbot/2.0; +http://www.bing.com/bingbot.htm) Chrome/103.0.5060.134 Safari/537.36" "www.ysfine.com"
157.55.39.128 - - [19/Oct/2022:04:32:17 -0700] "GET /world/poland/poznanf11b.jpg HTTP/1.1" 200 48822 "-" "Mozilla/5.0 (compatible; bingbot/2.0; +http://www.bing.com/bingbot.htm)" "www.ysfine.com"
82.17.69.103 - - [19/Oct/2022:04:32:18 -0700] "GET /world/scandi/nbi26.jpg HTTP/1.1" 200 75196 "https://www.google.com/" "Mozilla/5.0 (Macintosh; Intel Mac OS X 10_15_7) AppleWebKit/537.36 (KHTML, like Gecko) Chrome/105.0.0.0 Safari/537.36" "ysfine.com"
157.55.39.55 - - [19/Oct/2022:04:32:21 -0700] "GET /maga/phys/heisen22.jpg HTTP/1.1" 200 82807 "-" "Mozilla/5.0 (compatible; bingbot/2.0; +http://www.bing.com/bingbot.htm)" "ysfine.com"
212.205.20.16 - - [19/Oct/2022:04:33:43 -0700] "GET /world/france/montpar01.jpg HTTP/1.1" 200 81237 "https://www.bing.com/" "Mozilla/5.0 (Windows NT 10.0; Win64; x64) AppleWebKit/537.36 (KHTML, like Gecko) Chrome/106.0.0.0 Safari/537.36 Edg/106.0.1370.47" "ysfine.com"
114.119.153.188 - - [19/Oct/2022:04:33:54 -0700] "GET /robots.txt HTTP/1.1" 404 88 "-" "Mozilla/5.0 (compatible;PetalBot;+https://webmaster.petalsearch.com/site/petalbot)" "ysfine.com"
157.55.39.55 - - [19/Oct/2022:04:34:31 -0700] "GET /bio/houses/christmas.html HTTP/1.1" 404 88 "-" "Mozilla/5.0 AppleWebKit/537.36 (KHTML, like Gecko; compatible; bingbot/2.0; +http://www.bing.com/bingbot.htm) Chrome/103.0.5060.134 Safari/537.36" "ysfine.com"
157.55.39.54 - - [19/Oct/2022:04:35:05 -0700] "GET /sbk/2009lon22.jpg HTTP/1.1" 200 196366 "-" "Mozilla/5.0 AppleWebKit/537.36 (KHTML, like Gecko; compatible; bingbot/2.0; +http://www.bing.com/bingbot.htm) Chrome/103.0.5060.134 Safari/537.36" "ysfine.com"
157.55.39.55 - - [19/Oct/2022:04:35:31 -0700] "GET /bio/style/ystyle.html HTTP/1.1" 404 88 "-" "Mozilla/5.0 (compatible; bingbot/2.0; +http://www.bing.com/bingbot.htm)" "ysfine.com"
114.119.128.142 - - [19/Oct/2022:04:35:45 -0700] "GET /kobak/yskor.html HTTP/1.1" 200 9943 "https://www.ysfine.com/home/backgr.html" "Mozilla/5.0 (Linux; Android 7.0;) AppleWebKit/537.36 (KHTML, like Gecko) Mobile Safari/537.36 (compatible; PetalBot;+https://webmaster.petalsearch.com/site/petalbot)" "www.ysfine.com"
157.55.39.127 - - [19/Oct/2022:04:35:53 -0700] "GET /style/verdi11b.jpg HTTP/1.1" 200 40111 "-" "Mozilla/5.0 AppleWebKit/537.36 (KHTML, like Gecko; compatible; bingbot/2.0; +http://www.bing.com/bingbot.htm) Chrome/103.0.5060.134 Safari/537.36" "ysfine.com"
157.55.39.128 - - [19/Oct/2022:04:36:04 -0700] "GET /wisdom/mil/tank05b.jpg HTTP/1.1" 200 48742 "-" "Mozilla/5.0 AppleWebKit/537.36 (KHTML, like Gecko; compatible; bingbot/2.0; +http://www.bing.com/bingbot.htm) Chrome/103.0.5060.134 Safari/537.36" "ysfine.com"
157.55.39.128 - - [19/Oct/2022:04:36:33 -0700] "GET /people/towhee.jpg HTTP/1.1" 200 64342 "-" "Mozilla/5.0 (compatible; bingbot/2.0; +http://www.bing.com/bingbot.htm)" "ysfine.com"
157.55.39.54 - - [19/Oct/2022:04:36:45 -0700] "GET /bio/einstein/bern.html HTTP/1.1" 404 88 "-" "Mozilla/5.0 AppleWebKit/537.36 (KHTML, like Gecko; compatible; bingbot/2.0; +http://www.bing.com/bingbot.htm) Chrome/103.0.5060.134 Safari/537.36" "ysfine.com"
157.55.39.127 - - [19/Oct/2022:04:37:45 -0700] "GET /wdc/jeffm08.jpg HTTP/1.1" 200 82292 "-" "Mozilla/5.0 AppleWebKit/537.36 (KHTML, like Gecko; compatible; bingbot/2.0; +http://www.bing.com/bingbot.htm) Chrome/103.0.5060.134 Safari/537.36" "ysfine.com"
157.55.39.127 - - [19/Oct/2022:04:38:35 -0700] "GET /dirac/pspace33b.jpg HTTP/1.1" 200 54758 "-" "Mozilla/5.0 (compatible; bingbot/2.0; +http://www.bing.com/bingbot.htm)" "www.ysfine.com"
51.222.253.20 - - [19/Oct/2022:04:39:19 -0700] "GET /einstein/fantova/fantova.html HTTP/1.1" 200 6506 "-" "Mozilla/5.0 (compatible; AhrefsBot/7.0; +http://ahrefs.com/robot/)" "www.ysfine.com"
51.222.253.18 - - [19/Oct/2022:04:39:24 -0700] "GET /einstein/fantova/fanto11.jpg HTTP/1.1" 200 16170 "-" "Mozilla/5.0 (compatible; AhrefsBot/7.0; +http://ahrefs.com/robot/)" "www.ysfine.com"
51.222.253.2 - - [19/Oct/2022:04:39:25 -0700] "GET /einstein/fantova/07.gif HTTP/1.1" 200 3320 "-" "Mozilla/5.0 (compatible; AhrefsBot/7.0; +http://ahrefs.com/robot/)" "www.ysfine.com"
51.222.253.8 - - [19/Oct/2022:04:39:25 -0700] "GET /einstein/fantova/Princeton%20-%20Weekly%20Bulletin%2004-26-04%20-%20Newly%20discovered%20diary%20chronicles%20Einstein's%20last%20years_files/pwb.css HTTP/1.1" 404 88 "-" "Mozilla/5.0 (compatible; AhrefsBot/7.0; +http://ahrefs.com/robot/)" "www.ysfine.com"
51.222.253.15 - - [19/Oct/2022:04:39:25 -0700] "GET /einstein/fantova/s06.gif HTTP/1.1" 200 940 "-" "Mozilla/5.0 (compatible; AhrefsBot/7.0; +http://ahrefs.com/robot/)" "www.ysfine.com"
5.90.66.216 - - [19/Oct/2022:04:40:02 -0700] "GET /dirac/wigsis11.jpg HTTP/1.1" 200 71741 "https://www.google.com/" "Mozilla/5.0 (Linux; Android 6.0; LG-H815 Build/MRA58K; wv) AppleWebKit/537.36 (KHTML, like Gecko) Version/4.0 Chrome/98.0.4758.101 Mobile Safari/537.36 GSA/13.8.11.23.arm64" "ysfine.com"
123.125.109.45 - - [19/Oct/2022:04:40:05 -0700] "GET / HTTP/1.1" 200 5283 "-" "Sogou web spider/4.0(+http://www.sogou.com/docs/help/webmasters.htm#07)" "ysfine.com"
157.55.39.54 - - [19/Oct/2022:04:40:06 -0700] "GET /feynman/feynman300.jpg HTTP/1.1" 200 18273 "-" "Mozilla/5.0 AppleWebKit/537.36 (KHTML, like Gecko; compatible; bingbot/2.0; +http://www.bing.com/bingbot.htm) Chrome/103.0.5060.134 Safari/537.36" "ysfine.com"
76.78.70.79 - - [19/Oct/2022:04:40:12 -0700] "GET /kobak/liber45.jpg HTTP/1.1" 200 141542 "https://www.google.com/" "Mozilla/5.0 (Windows NT 10.0; Win64; x64) AppleWebKit/537.36 (KHTML, like Gecko) Chrome/106.0.0.0 Safari/537.36" "ysfine.com"
157.55.39.54 - - [19/Oct/2022:04:40:45 -0700] "GET /eink/further22a.jpg HTTP/1.1" 200 96140 "-" "Mozilla/5.0 (compatible; bingbot/2.0; +http://www.bing.com/bingbot.htm)" "www.ysfine.com"
157.55.39.55 - - [19/Oct/2022:04:41:52 -0700] "GET /feynman/feyn70b.jpg HTTP/1.1" 200 17231 "-" "Mozilla/5.0 AppleWebKit/537.36 (KHTML, like Gecko; compatible; bingbot/2.0; +http://www.bing.com/bingbot.htm) Chrome/103.0.5060.134 Safari/537.36" "www.ysfine.com"
157.55.39.127 - - [19/Oct/2022:04:42:25 -0700] "GET /style/cameras/canonp11.jpg HTTP/1.1" 200 110095 "-" "Mozilla/5.0 AppleWebKit/537.36 (KHTML, like Gecko; compatible; bingbot/2.0; +http://www.bing.com/bingbot.htm) Chrome/103.0.5060.134 Safari/537.36" "ysfine.com"
157.55.39.58 - - [19/Oct/2022:04:43:43 -0700] "GET /world/baltic/estof08.jpg HTTP/1.1" 200 84539 "-" "Mozilla/5.0 AppleWebKit/537.36 (KHTML, like Gecko; compatible; bingbot/2.0; +http://www.bing.com/bingbot.htm) Chrome/103.0.5060.134 Safari/537.36" "www.ysfine.com"
157.55.39.54 - - [19/Oct/2022:04:44:26 -0700] "GET /world/russ/spbnv02b.jpg HTTP/1.1" 200 45724 "-" "Mozilla/5.0 AppleWebKit/537.36 (KHTML, like Gecko; compatible; bingbot/2.0; +http://www.bing.com/bingbot.htm) Chrome/103.0.5060.134 Safari/537.36" "ysfine.com"
193.236.57.152 - - [19/Oct/2022:04:45:07 -0700] "GET /wigner/neum/vnc01.jpg HTTP/1.1" 200 133641 "https://www.google.com/" "Mozilla/5.0 (Windows NT 6.1; Win64; x64) AppleWebKit/537.36 (KHTML, like Gecko) Chrome/106.0.0.0 Safari/537.36" "ysfine.com"
157.55.39.58 - - [19/Oct/2022:04:45:23 -0700] "GET /world/russ/spbpi05.jpg HTTP/1.1" 200 68421 "-" "Mozilla/5.0 (compatible; bingbot/2.0; +http://www.bing.com/bingbot.htm)" "ysfine.com"
157.55.39.58 - - [19/Oct/2022:04:46:54 -0700] "GET /bio/style/artlove.html HTTP/1.1" 404 88 "-" "Mozilla/5.0 (compatible; bingbot/2.0; +http://www.bing.com/bingbot.htm)" "ysfine.com"
157.55.39.58 - - [19/Oct/2022:04:46:55 -0700] "GET /world/france/sartsq01b.jpg HTTP/1.1" 200 50069 "-" "Mozilla/5.0 AppleWebKit/537.36 (KHTML, like Gecko; compatible; bingbot/2.0; +http://www.bing.com/bingbot.htm) Chrome/103.0.5060.134 Safari/537.36" "ysfine.com"
77.75.79.11 - - [19/Oct/2022:04:47:28 -0700] "GET /robots.txt HTTP/1.1" 404 88 "-" "Mozilla/5.0 (compatible; SeznamBot/3.2; +http://napoveda.seznam.cz/en/seznambot-intro/)" "ysfine.com"
77.75.79.11 - - [19/Oct/2022:04:47:30 -0700] "GET /einstein/einlorentz01.jpg HTTP/1.1" 200 117761 "-" "Mozilla/5.0 (compatible; SeznamBot/3.2; +http://napoveda.seznam.cz/en/seznambot-intro/)" "ysfine.com"
40.77.167.27 - - [19/Oct/2022:04:47:30 -0700] "GET /people/noz75.jpg HTTP/1.1" 200 77158 "-" "Mozilla/5.0 AppleWebKit/537.36 (KHTML, like Gecko; compatible; bingbot/2.0; +http://www.bing.com/bingbot.htm) Chrome/103.0.5060.134 Safari/537.36" "www.ysfine.com"
40.77.167.27 - - [19/Oct/2022:04:47:30 -0700] "GET /world/china/shenyang25b.jpg HTTP/1.1" 200 58425 "-" "Mozilla/5.0 AppleWebKit/537.36 (KHTML, like Gecko; compatible; bingbot/2.0; +http://www.bing.com/bingbot.htm) Chrome/103.0.5060.134 Safari/537.36" "ysfine.com"
77.75.79.11 - - [19/Oct/2022:04:47:33 -0700] "GET /maga/phil/marxmos01.jpg HTTP/1.1" 304 - "-" "Mozilla/5.0 (compatible; SeznamBot/3.2; +http://napoveda.seznam.cz/en/seznambot-intro/)" "ysfine.com"
77.75.79.11 - - [19/Oct/2022:04:47:34 -0700] "GET /feynman/feybial.jpg HTTP/1.1" 200 56284 "-" "Mozilla/5.0 (compatible; SeznamBot/3.2; +http://napoveda.seznam.cz/en/seznambot-intro/)" "ysfine.com"
77.75.79.11 - - [19/Oct/2022:04:47:35 -0700] "GET /newyork/emp04.jpg HTTP/1.1" 304 - "-" "Mozilla/5.0 (compatible; SeznamBot/3.2; +http://napoveda.seznam.cz/en/seznambot-intro/)" "ysfine.com"
157.55.39.54 - - [19/Oct/2022:04:47:46 -0700] "GET /ffriends/amkor/kosingers02.jpg HTTP/1.1" 200 175298 "-" "Mozilla/5.0 AppleWebKit/537.36 (KHTML, like Gecko; compatible; bingbot/2.0; +http://www.bing.com/bingbot.htm) Chrome/103.0.5060.134 Safari/537.36" "ysfine.com"
40.77.167.27 - - [19/Oct/2022:04:48:20 -0700] "GET /world/russ/kiev023.jpg HTTP/1.1" 200 69322 "-" "Mozilla/5.0 (compatible; bingbot/2.0; +http://www.bing.com/bingbot.htm)" "ysfine.com"
157.55.39.54 - - [19/Oct/2022:04:48:37 -0700] "GET /kowar/kimis53b.jpg HTTP/1.1" 200 44376 "-" "Mozilla/5.0 AppleWebKit/537.36 (KHTML, like Gecko; compatible; bingbot/2.0; +http://www.bing.com/bingbot.htm) Chrome/103.0.5060.134 Safari/537.36" "ysfine.com"
157.55.39.58 - - [19/Oct/2022:04:48:44 -0700] "GET /world/ital/venice01.jpg HTTP/1.1" 200 187595 "-" "Mozilla/5.0 AppleWebKit/537.36 (KHTML, like Gecko; compatible; bingbot/2.0; +http://www.bing.com/bingbot.htm) Chrome/103.0.5060.134 Safari/537.36" "ysfine.com"
157.55.39.58 - - [19/Oct/2022:04:48:47 -0700] "GET /world/russ/kazan040.jpg HTTP/1.1" 200 72320 "-" "Mozilla/5.0 AppleWebKit/537.36 (KHTML, like Gecko; compatible; bingbot/2.0; +http://www.bing.com/bingbot.htm) Chrome/103.0.5060.134 Safari/537.36" "ysfine.com"
93.158.161.48 - - [19/Oct/2022:04:48:50 -0700] "GET /princeton/einpm.jpg HTTP/1.1" 200 116543 "-" "Mozilla/5.0 (compatible; YandexImages/3.0; +http://yandex.com/bots)" "ysfine.com"
157.55.39.127 - - [19/Oct/2022:04:49:25 -0700] "GET /yspapers/index.html HTTP/1.1" 200 21306 "-" "Mozilla/5.0 (compatible; bingbot/2.0; +http://www.bing.com/bingbot.htm)" "www.ysfine.com"
157.55.39.55 - - [19/Oct/2022:04:49:42 -0700] "GET /ffriends/amkor/hillary97.jpg HTTP/1.1" 200 60602 "-" "Mozilla/5.0 (compatible; bingbot/2.0; +http://www.bing.com/bingbot.htm)" "ysfine.com"
157.55.39.128 - - [19/Oct/2022:04:51:57 -0700] "GET /bio/kobak/index.html HTTP/1.1" 404 88 "-" "Mozilla/5.0 AppleWebKit/537.36 (KHTML, like Gecko; compatible; bingbot/2.0; +http://www.bing.com/bingbot.htm) Chrome/103.0.5060.134 Safari/537.36" "ysfine.com"
79.237.56.66 - - [19/Oct/2022:04:52:02 -0700] "GET /einstein/einplanck3.jpg HTTP/1.1" 200 37784 "https://www.google.com/" "Mozilla/5.0 (Macintosh; Intel Mac OS X 10_15_7) AppleWebKit/537.36 (KHTML, like Gecko) Chrome/105.0.0.0 Safari/537.36" "ysfine.com"
157.55.39.55 - - [19/Oct/2022:04:52:13 -0700] "GET /world/balkan/ath001b.jpg HTTP/1.1" 200 45436 "-" "Mozilla/5.0 (compatible; bingbot/2.0; +http://www.bing.com/bingbot.htm)" "ysfine.com"
66.249.66.43 - - [19/Oct/2022:04:52:19 -0700] "GET /class54/class5470/total_data/images/mb.css HTTP/1.1" 404 88 "https://ysfine.com/class54/class5470/total_data/main.htm" "Mozilla/5.0 (Linux; Android 6.0.1; Nexus 5X Build/MMB29P) AppleWebKit/537.36 (KHTML, like Gecko) Chrome/106.0.5249.103 Mobile Safari/537.36 (compatible; Googlebot/2.1; +http://www.google.com/bot.html)" "ysfine.com"
66.249.66.40 - - [19/Oct/2022:04:52:20 -0700] "GET /class54/class5470/total_data/images/mb.css HTTP/1.1" 404 88 "https://ysfine.com/class54/class5470/total_data/main.htm" "Mozilla/5.0 (Linux; Android 6.0.1; Nexus 5X Build/MMB29P) AppleWebKit/537.36 (KHTML, like Gecko) Chrome/106.0.5249.103 Mobile Safari/537.36 (compatible; Googlebot/2.1; +http://www.google.com/bot.html)" "ysfine.com"
114.122.4.213 - - [19/Oct/2022:04:52:38 -0700] "GET /dirac/feydirac450.jpg HTTP/1.1" 200 40491 "https://www.google.com/" "Mozilla/5.0 (Linux; Android 10; vivo 2019 Build/QP1A.190711.020; wv) AppleWebKit/537.36 (KHTML, like Gecko) Version/4.0 Chrome/106.0.5249.126 Mobile Safari/537.36 GoogleApp/13.39.12.26.arm64" "ysfine.com"
40.77.167.27 - - [19/Oct/2022:04:53:00 -0700] "GET /world/ital/panth06.jpg HTTP/1.1" 200 82777 "-" "Mozilla/5.0 (compatible; bingbot/2.0; +http://www.bing.com/bingbot.htm)" "ysfine.com"
40.77.167.27 - - [19/Oct/2022:04:53:30 -0700] "GET /world/baltic/riga48.jpg HTTP/1.1" 200 124513 "-" "Mozilla/5.0 (compatible; bingbot/2.0; +http://www.bing.com/bingbot.htm)" "www.ysfine.com"
49.7.21.113 - - [19/Oct/2022:04:53:41 -0700] "GET / HTTP/1.1" 200 5283 "-" "Sogou web spider/4.0(+http://www.sogou.com/docs/help/webmasters.htm#07)" "www.ysfine.com"
157.55.39.58 - - [19/Oct/2022:04:54:14 -0700] "GET /kobak/rok48.jpg HTTP/1.1" 200 149888 "-" "Mozilla/5.0 AppleWebKit/537.36 (KHTML, like Gecko; compatible; bingbot/2.0; +http://www.bing.com/bingbot.htm) Chrome/103.0.5060.134 Safari/537.36" "ysfine.com"
93.158.161.38 - - [19/Oct/2022:04:54:26 -0700] "GET /world/israel.html HTTP/1.1" 200 333 "-" "Mozilla/5.0 (compatible; YandexBot/3.0; +http://yandex.com/bots)" "www.ysfine.com"
157.55.39.55 - - [19/Oct/2022:04:54:52 -0700] "GET /maga/tesla.html HTTP/1.1" 200 4852 "-" "Mozilla/5.0 (compatible; bingbot/2.0; +http://www.bing.com/bingbot.htm)" "www.ysfine.com"
157.55.39.128 - - [19/Oct/2022:04:54:55 -0700] "GET /world/china11.html HTTP/1.1" 200 24682 "-" "Mozilla/5.0 AppleWebKit/537.36 (KHTML, like Gecko; compatible; bingbot/2.0; +http://www.bing.com/bingbot.htm) Chrome/103.0.5060.134 Safari/537.36" "www.ysfine.com"
157.55.39.127 - - [19/Oct/2022:04:54:56 -0700] "GET /awards/index.html HTTP/1.1" 200 9993 "-" "Mozilla/5.0 AppleWebKit/537.36 (KHTML, like Gecko; compatible; bingbot/2.0; +http://www.bing.com/bingbot.htm) Chrome/103.0.5060.134 Safari/537.36" "www.ysfine.com"
40.77.167.27 - - [19/Oct/2022:04:55:02 -0700] "GET /style/mushalls.html HTTP/1.1" 200 21398 "-" "Mozilla/5.0 AppleWebKit/537.36 (KHTML, like Gecko; compatible; bingbot/2.0; +http://www.bing.com/bingbot.htm) Chrome/103.0.5060.134 Safari/537.36" "www.ysfine.com"
157.55.39.128 - - [19/Oct/2022:04:55:07 -0700] "GET /wigner/evangel.html HTTP/1.1" 200 4831 "-" "Mozilla/5.0 (compatible; bingbot/2.0; +http://www.bing.com/bingbot.htm)" "www.ysfine.com"
157.23.200.10 - - [19/Oct/2022:04:56:35 -0700] "GET /world/france/pmetro08.jpg HTTP/1.1" 200 108624 "https://www.bing.com/" "Mozilla/5.0 (Windows NT 10.0; Win64; x64) AppleWebKit/537.36 (KHTML, like Gecko) Chrome/106.0.0.0 Safari/537.36 Edg/106.0.1370.42" "www.ysfine.com"
157.55.39.127 - - [19/Oct/2022:04:56:46 -0700] "GET /maga/phys/schrod22b.jpg HTTP/1.1" 200 25954 "-" "Mozilla/5.0 AppleWebKit/537.36 (KHTML, like Gecko; compatible; bingbot/2.0; +http://www.bing.com/bingbot.htm) Chrome/103.0.5060.134 Safari/537.36" "ysfine.com"
5.188.210.84 - - [19/Oct/2022:04:56:49 -0700] "GET /world/travel.html HTTP/1.1" 200 5186 "https://www.ysfine.com/world/travel.html" "Mozilla/5.0 (Windows NT 6.1) AppleWebKit/537.36 (KHTML, like Gecko) Chrome/90.0.4430.93 Safari/537.36" "www.ysfine.com"
5.188.210.84 - - [19/Oct/2022:04:56:50 -0700] "GET / HTTP/1.1" 200 15910 "https://www.ysfine.com/" "Mozilla/5.0 (Windows NT 6.1) AppleWebKit/537.36 (KHTML, like Gecko) Chrome/90.0.4430.93 Safari/537.36" "www.ysfine.com"
157.55.39.128 - - [19/Oct/2022:04:57:15 -0700] "GET /world/israel/jeru22.jpg HTTP/1.1" 200 210034 "-" "Mozilla/5.0 (compatible; bingbot/2.0; +http://www.bing.com/bingbot.htm)" "www.ysfine.com"
84.173.61.222 - - [19/Oct/2022:04:57:21 -0700] "GET /feynman/feygell.html HTTP/1.1" 200 4714 "https://www.google.com/" "Mozilla/5.0 (Macintosh; Intel Mac OS X 10_15_7) AppleWebKit/605.1.15 (KHTML, like Gecko) Version/15.6.1 Safari/605.1.15" "ysfine.com"
84.173.61.222 - - [19/Oct/2022:04:57:21 -0700] "GET /feynman/feygell66c.jpg HTTP/1.1" 200 32056 "https://ysfine.com/feynman/feygell.html" "Mozilla/5.0 (Macintosh; Intel Mac OS X 10_15_7) AppleWebKit/605.1.15 (KHTML, like Gecko) Version/15.6.1 Safari/605.1.15" "ysfine.com"
84.173.61.222 - - [19/Oct/2022:04:57:21 -0700] "GET /feynman/feygell22c.jpg HTTP/1.1" 200 28834 "https://ysfine.com/feynman/feygell.html" "Mozilla/5.0 (Macintosh; Intel Mac OS X 10_15_7) AppleWebKit/605.1.15 (KHTML, like Gecko) Version/15.6.1 Safari/605.1.15" "ysfine.com"
84.173.61.222 - - [19/Oct/2022:04:57:22 -0700] "GET /feynman/feydirac300.jpg HTTP/1.1" 200 38223 "https://ysfine.com/feynman/feygell.html" "Mozilla/5.0 (Macintosh; Intel Mac OS X 10_15_7) AppleWebKit/605.1.15 (KHTML, like Gecko) Version/15.6.1 Safari/605.1.15" "ysfine.com"
84.173.61.222 - - [19/Oct/2022:04:57:22 -0700] "GET /home/comet01c.jpg HTTP/1.1" 200 54311 "https://ysfine.com/feynman/feygell.html" "Mozilla/5.0 (Macintosh; Intel Mac OS X 10_15_7) AppleWebKit/605.1.15 (KHTML, like Gecko) Version/15.6.1 Safari/605.1.15" "ysfine.com"
84.173.61.222 - - [19/Oct/2022:04:57:22 -0700] "GET /feynman/feydirak11c.jpg HTTP/1.1" 200 34952 "https://ysfine.com/feynman/feygell.html" "Mozilla/5.0 (Macintosh; Intel Mac OS X 10_15_7) AppleWebKit/605.1.15 (KHTML, like Gecko) Version/15.6.1 Safari/605.1.15" "ysfine.com"
84.173.61.222 - - [19/Oct/2022:04:57:22 -0700] "GET /eink/eink61c.jpg HTTP/1.1" 200 34119 "https://ysfine.com/feynman/feygell.html" "Mozilla/5.0 (Macintosh; Intel Mac OS X 10_15_7) AppleWebKit/605.1.15 (KHTML, like Gecko) Version/15.6.1 Safari/605.1.15" "ysfine.com"
84.173.61.222 - - [19/Oct/2022:04:57:22 -0700] "GET /favicon.ico HTTP/1.1" 404 88 "https://ysfine.com/feynman/feygell.html" "Mozilla/5.0 (Macintosh; Intel Mac OS X 10_15_7) AppleWebKit/605.1.15 (KHTML, like Gecko) Version/15.6.1 Safari/605.1.15" "ysfine.com"
157.55.39.54 - - [19/Oct/2022:04:57:27 -0700] "GET /world/baltic/rigaeisen05.jpg HTTP/1.1" 200 118431 "-" "Mozilla/5.0 (compatible; bingbot/2.0; +http://www.bing.com/bingbot.htm)" "www.ysfine.com"
157.55.39.128 - - [19/Oct/2022:04:57:36 -0700] "GET /feynman/feybial.jpg HTTP/1.1" 200 56284 "-" "Mozilla/5.0 (compatible; bingbot/2.0; +http://www.bing.com/bingbot.htm)" "ysfine.com"
67.181.111.59 - - [19/Oct/2022:04:57:45 -0700] "GET /world/baltic/kalin31.jpg HTTP/1.1" 200 113831 "https://www.google.com/" "Mozilla/5.0 (Linux; Android 11; SM-T220) AppleWebKit/537.36 (KHTML, like Gecko) Chrome/106.0.0.0 Safari/537.36" "ysfine.com"
157.55.39.55 - - [19/Oct/2022:04:59:33 -0700] "GET /maga/phil/adamsmith02.jpg HTTP/1.1" 200 108657 "-" "Mozilla/5.0 AppleWebKit/537.36 (KHTML, like Gecko; compatible; bingbot/2.0; +http://www.bing.com/bingbot.htm) Chrome/103.0.5060.134 Safari/537.36" "ysfine.com"
77.88.5.233 - - [19/Oct/2022:04:59:45 -0700] "GET /archives/proceedings/boston/hagen.pdf HTTP/1.1" 200 136002 "-" "Mozilla/5.0 (compatible; YandexBot/3.0; +http://yandex.com/bots)" "www.ysfine.com"
157.55.39.58 - - [19/Oct/2022:04:59:55 -0700] "GET /world/russ/kazan073.jpg HTTP/1.1" 200 82842 "-" "Mozilla/5.0 AppleWebKit/537.36 (KHTML, like Gecko; compatible; bingbot/2.0; +http://www.bing.com/bingbot.htm) Chrome/103.0.5060.134 Safari/537.36" "www.ysfine.com"
40.77.167.27 - - [19/Oct/2022:05:00:21 -0700] "GET /world/russ/mosmusic33.jpg HTTP/1.1" 200 95542 "-" "Mozilla/5.0 AppleWebKit/537.36 (KHTML, like Gecko; compatible; bingbot/2.0; +http://www.bing.com/bingbot.htm) Chrome/103.0.5060.134 Safari/537.36" "ysfine.com"
65.21.237.125 - - [19/Oct/2022:05:01:25 -0700] "GET /maga/poincare.html HTTP/1.1" 200 7726 "https://ysfine.com/eink/index.html" "Mozilla/5.0 (compatible; SEOkicks; +https://www.seokicks.de/robot.html)" "ysfine.com"
65.21.237.125 - - [19/Oct/2022:05:01:26 -0700] "GET /wigner/index.html HTTP/1.1" 200 124 "https://ysfine.com/eink/index.html" "Mozilla/5.0 (compatible; SEOkicks; +https://www.seokicks.de/robot.html)" "ysfine.com"
157.55.39.128 - - [19/Oct/2022:05:01:27 -0700] "GET /home/think55.jpg HTTP/1.1" 200 146896 "-" "Mozilla/5.0 (compatible; bingbot/2.0; +http://www.bing.com/bingbot.htm)" "ysfine.com"
65.21.237.125 - - [19/Oct/2022:05:01:28 -0700] "GET /wigner/wigtop.html HTTP/1.1" 200 422 "https://ysfine.com/wigner/index.html" "Mozilla/5.0 (compatible; SEOkicks; +https://www.seokicks.de/robot.html)" "ysfine.com"
65.21.237.125 - - [19/Oct/2022:05:01:29 -0700] "GET /wigner/wigbot.html HTTP/1.1" 200 123 "https://ysfine.com/wigner/index.html" "Mozilla/5.0 (compatible; SEOkicks; +https://www.seokicks.de/robot.html)" "ysfine.com"
65.21.237.125 - - [19/Oct/2022:05:01:31 -0700] "GET /kobak/soraech.html HTTP/1.1" 200 16670 "https://ysfine.com/eink/index.html" "Mozilla/5.0 (compatible; SEOkicks; +https://www.seokicks.de/robot.html)" "ysfine.com"
65.21.237.125 - - [19/Oct/2022:05:01:32 -0700] "GET /maga/herod.html HTTP/1.1" 200 4341 "https://ysfine.com/eink/index.html" "Mozilla/5.0 (compatible; SEOkicks; +https://www.seokicks.de/robot.html)" "ysfine.com"
157.55.39.55 - - [19/Oct/2022:05:01:32 -0700] "GET /style/hunopera.jpg HTTP/1.1" 200 111008 "-" "Mozilla/5.0 (compatible; bingbot/2.0; +http://www.bing.com/bingbot.htm)" "ysfine.com"
65.21.237.125 - - [19/Oct/2022:05:01:34 -0700] "GET /beau/garden.html HTTP/1.1" 404 88 "https://ysfine.com/eink/index.html" "Mozilla/5.0 (compatible; SEOkicks; +https://www.seokicks.de/robot.html)" "ysfine.com"
65.21.237.125 - - [19/Oct/2022:05:01:35 -0700] "GET /home/bio22.html HTTP/1.1" 404 88 "https://ysfine.com/eink/index.html" "Mozilla/5.0 (compatible; SEOkicks; +https://www.seokicks.de/robot.html)" "ysfine.com"
65.21.237.125 - - [19/Oct/2022:05:01:36 -0700] "GET /style/stbot.html HTTP/1.1" 200 122 "https://ysfine.com/eink/index.html" "Mozilla/5.0 (compatible; SEOkicks; +https://www.seokicks.de/robot.html)" "ysfine.com"
65.21.237.125 - - [19/Oct/2022:05:01:38 -0700] "GET /style/stleft.html HTTP/1.1" 200 548 "https://ysfine.com/style/stbot.html" "Mozilla/5.0 (compatible; SEOkicks; +https://www.seokicks.de/robot.html)" "ysfine.com"
157.55.39.127 - - [19/Oct/2022:05:01:47 -0700] "GET /bio/world/season.html HTTP/1.1" 404 88 "-" "Mozilla/5.0 (compatible; bingbot/2.0; +http://www.bing.com/bingbot.htm)" "ysfine.com"
40.77.167.27 - - [19/Oct/2022:05:02:10 -0700] "GET /princeton/annex11.jpg HTTP/1.1" 200 136808 "-" "Mozilla/5.0 (compatible; bingbot/2.0; +http://www.bing.com/bingbot.htm)" "ysfine.com"
51.222.253.16 - - [19/Oct/2022:05:02:45 -0700] "GET /maga/herod.html HTTP/1.1" 200 4341 "-" "Mozilla/5.0 (compatible; AhrefsBot/7.0; +http://ahrefs.com/robot/)" "ysfine.com"
157.55.39.128 - - [19/Oct/2022:05:02:47 -0700] "GET /feynman/fb18.jpg HTTP/1.1" 200 17192 "-" "Mozilla/5.0 AppleWebKit/537.36 (KHTML, like Gecko; compatible; bingbot/2.0; +http://www.bing.com/bingbot.htm) Chrome/103.0.5060.134 Safari/537.36" "ysfine.com"
18.208.201.50 - - [19/Oct/2022:05:03:13 -0700] "GET / HTTP/1.1" 200 5283 "-" "Mozilla/5.0 (iPhone; CPU iPhone OS 13_2_3 like Mac OS X) AppleWebKit/605.1.15 (KHTML, like Gecko) Version/13.0.3 Mobile/15E148 Safari/604.1" "ysfine.com"
66.249.66.214 - - [19/Oct/2022:05:03:48 -0700] "GET /sbk/nasabdg23.jpg HTTP/1.1" 200 80382 "-" "Googlebot-Image/1.0" "www.ysfine.com"
157.55.39.55 - - [19/Oct/2022:05:04:10 -0700] "GET /bio/style/ystyle.html HTTP/1.1" 404 88 "-" "Mozilla/5.0 AppleWebKit/537.36 (KHTML, like Gecko; compatible; bingbot/2.0; +http://www.bing.com/bingbot.htm) Chrome/103.0.5060.134 Safari/537.36" "ysfine.com"
157.55.39.55 - - [19/Oct/2022:05:04:43 -0700] "GET /style/nypops22.jpg HTTP/1.1" 200 156338 "-" "Mozilla/5.0 AppleWebKit/537.36 (KHTML, like Gecko; compatible; bingbot/2.0; +http://www.bing.com/bingbot.htm) Chrome/103.0.5060.134 Safari/537.36" "www.ysfine.com"
157.55.39.54 - - [19/Oct/2022:05:04:58 -0700] "GET /bio/einstein/bern.html HTTP/1.1" 404 88 "-" "Mozilla/5.0 AppleWebKit/537.36 (KHTML, like Gecko; compatible; bingbot/2.0; +http://www.bing.com/bingbot.htm) Chrome/103.0.5060.134 Safari/537.36" "ysfine.com"
157.55.39.58 - - [19/Oct/2022:05:05:56 -0700] "GET /world/hungary/hunstu06.jpg HTTP/1.1" 200 66831 "-" "Mozilla/5.0 AppleWebKit/537.36 (KHTML, like Gecko; compatible; bingbot/2.0; +http://www.bing.com/bingbot.htm) Chrome/103.0.5060.134 Safari/537.36" "www.ysfine.com"
5.188.210.80 - - [19/Oct/2022:05:06:28 -0700] "GET /world/travel.html HTTP/1.1" 200 5186 "https://www.ysfine.com/world/travel.html" "Mozilla/5.0 (Windows NT 6.3) AppleWebKit/537.36 (KHTML, like Gecko) Chrome/90.0.4430.72 Safari/537.36" "www.ysfine.com"
5.188.210.80 - - [19/Oct/2022:05:06:29 -0700] "GET / HTTP/1.1" 200 15910 "https://www.ysfine.com/" "Mozilla/5.0 (Windows NT 6.3) AppleWebKit/537.36 (KHTML, like Gecko) Chrome/90.0.4430.72 Safari/537.36" "www.ysfine.com"
157.55.39.127 - - [19/Oct/2022:05:06:46 -0700] "GET /home/pdugard22.jpg HTTP/1.1" 200 185286 "-" "Mozilla/5.0 AppleWebKit/537.36 (KHTML, like Gecko; compatible; bingbot/2.0; +http://www.bing.com/bingbot.htm) Chrome/103.0.5060.134 Safari/537.36" "ysfine.com"
157.55.39.54 - - [19/Oct/2022:05:08:28 -0700] "GET /dirac/sq500.jpg HTTP/1.1" 200 46129 "-" "Mozilla/5.0 (compatible; bingbot/2.0; +http://www.bing.com/bingbot.htm)" "ysfine.com"
40.77.167.27 - - [19/Oct/2022:05:08:41 -0700] "GET /newyork/trump49.jpg HTTP/1.1" 200 170604 "-" "Mozilla/5.0 AppleWebKit/537.36 (KHTML, like Gecko; compatible; bingbot/2.0; +http://www.bing.com/bingbot.htm) Chrome/103.0.5060.134 Safari/537.36" "ysfine.com"
17.121.113.141 - - [19/Oct/2022:05:09:41 -0700] "GET /style/index.html HTTP/1.1" 200 129 "-" "Mozilla/5.0 (Macintosh; Intel Mac OS X 10_15_5) AppleWebKit/605.1.15 (KHTML, like Gecko) Version/13.1.1 Safari/605.1.15 (Applebot/0.1; +http://www.apple.com/go/applebot)" "ysfine.com"
