157.55.39.128 - - [19/Oct/2022:03:03:56 -0700] "GET /style/nga33.jpg HTTP/1.1" 200 164263 "-" "Mozilla/5.0 (compatible; bingbot/2.0; +http://www.bing.com/bingbot.htm)" "www.ysfine.com"
157.55.39.128 - - [19/Oct/2022:03:04:05 -0700] "GET /maga/histo/desiree22.jpg HTTP/1.1" 200 113561 "-" "Mozilla/5.0 AppleWebKit/537.36 (KHTML, like Gecko; compatible; bingbot/2.0; +http://www.bing.com/bingbot.htm) Chrome/103.0.5060.134 Safari/537.36" "ysfine.com"
157.55.39.55 - - [19/Oct/2022:03:04:12 -0700] "GET /feynman/jacdrum11.jpg HTTP/1.1" 200 107704 "-" "Mozilla/5.0 AppleWebKit/537.36 (KHTML, like Gecko; compatible; bingbot/2.0; +http://www.bing.com/bingbot.htm) Chrome/103.0.5060.134 Safari/537.36" "ysfine.com"
40.77.167.27 - - [19/Oct/2022:03:04:40 -0700] "GET /world/brit/covent07.jpg HTTP/1.1" 200 110579 "-" "Mozilla/5.0 AppleWebKit/537.36 (KHTML, like Gecko; compatible; bingbot/2.0; +http://www.bing.com/bingbot.htm) Chrome/103.0.5060.134 Safari/537.36" "ysfine.com"
78.62.213.230 - - [19/Oct/2022:03:04:51 -0700] "GET /style/spbpiano.html HTTP/1.1" 200 1801 "https://www.google.lt/" "Mozilla/5.0 (Windows NT 10.0; Win64; x64; rv:105.0) Gecko/20100101 Firefox/105.0" "ysfine.com"
78.62.213.230 - - [19/Oct/2022:03:04:51 -0700] "GET /world/russ/spbpi04b.jpg HTTP/1.1" 200 40390 "https://ysfine.com/style/spbpiano.html" "Mozilla/5.0 (Windows NT 10.0; Win64; x64; rv:105.0) Gecko/20100101 Firefox/105.0" "ysfine.com"
78.62.213.230 - - [19/Oct/2022:03:04:51 -0700] "GET /world/russ/spbpi03b.jpg HTTP/1.1" 200 39436 "https://ysfine.com/style/spbpiano.html" "Mozilla/5.0 (Windows NT 10.0; Win64; x64; rv:105.0) Gecko/20100101 Firefox/105.0" "ysfine.com"
78.62.213.230 - - [19/Oct/2022:03:04:51 -0700] "GET /world/russ/spbpi08b.jpg HTTP/1.1" 200 34889 "https://ysfine.com/style/spbpiano.html" "Mozilla/5.0 (Windows NT 10.0; Win64; x64; rv:105.0) Gecko/20100101 Firefox/105.0" "ysfine.com"
78.62.213.230 - - [19/Oct/2022:03:04:51 -0700] "GET /world/russ/spbpi01a.jpg HTTP/1.1" 200 47890 "https://ysfine.com/style/spbpiano.html" "Mozilla/5.0 (Windows NT 10.0; Win64; x64; rv:105.0) Gecko/20100101 Firefox/105.0" "ysfine.com"
78.62.213.230 - - [19/Oct/2022:03:04:51 -0700] "GET /world/russ/spbpi02b.jpg HTTP/1.1" 200 34109 "https://ysfine.com/style/spbpiano.html" "Mozilla/5.0 (Windows NT 10.0; Win64; x64; rv:105.0) Gecko/20100101 Firefox/105.0" "ysfine.com"
78.62.213.230 - - [19/Oct/2022:03:04:51 -0700] "GET /world/russ/spbpi11b.jpg HTTP/1.1" 200 44991 "https://ysfine.com/style/spbpiano.html" "Mozilla/5.0 (Windows NT 10.0; Win64; x64; rv:105.0) Gecko/20100101 Firefox/105.0" "ysfine.com"
78.62.213.230 - - [19/Oct/2022:03:04:51 -0700] "GET /world/russ/spbpi06b.jpg HTTP/1.1" 200 36435 "https://ysfine.com/style/spbpiano.html" "Mozilla/5.0 (Windows NT 10.0; Win64; x64; rv:105.0) Gecko/20100101 Firefox/105.0" "ysfine.com"
78.62.213.230 - - [19/Oct/2022:03:04:51 -0700] "GET /world/russ/spbpi05b.jpg HTTP/1.1" 200 31815 "https://ysfine.com/style/spbpiano.html" "Mozilla/5.0 (Windows NT 10.0; Win64; x64; rv:105.0) Gecko/20100101 Firefox/105.0" "ysfine.com"
78.62.213.230 - - [19/Oct/2022:03:04:51 -0700] "GET /world/russ/spbpi07b.jpg HTTP/1.1" 200 44525 "https://ysfine.com/style/spbpiano.html" "Mozilla/5.0 (Windows NT 10.0; Win64; x64; rv:105.0) Gecko/20100101 Firefox/105.0" "ysfine.com"
78.62.213.230 - - [19/Oct/2022:03:04:54 -0700] "GET /favicon.ico HTTP/1.1" 404 88 "https://ysfine.com/style/spbpiano.html" "Mozilla/5.0 (Windows NT 10.0; Win64; x64; rv:105.0) Gecko/20100101 Firefox/105.0" "ysfine.com"
65.21.237.125 - - [19/Oct/2022:03:05:37 -0700] "GET /jobs/joleft.html HTTP/1.1" 200 334 "https://ysfine.com/jobs/index.html" "Mozilla/5.0 (compatible; SEOkicks; +https://www.seokicks.de/robot.html)" "ysfine.com"
65.21.237.125 - - [19/Oct/2022:03:05:38 -0700] "GET /people/peo.html HTTP/1.1" 200 13502 "http://ysfine.com/people/peo.html" "Mozilla/5.0 (compatible; SEOkicks; +https://www.seokicks.de/robot.html)" "ysfine.com"
65.21.237.125 - - [19/Oct/2022:03:05:40 -0700] "GET /kobak/index.html HTTP/1.1" 200 130 "http://ysfine.com/kobak/index.html" "Mozilla/5.0 (compatible; SEOkicks; +https://www.seokicks.de/robot.html)" "ysfine.com"
65.21.237.125 - - [19/Oct/2022:03:05:41 -0700] "GET /jobs/jorigh.html HTTP/1.1" 200 1583 "https://ysfine.com/jobs/index.html" "Mozilla/5.0 (compatible; SEOkicks; +https://www.seokicks.de/robot.html)" "ysfine.com"
65.21.237.125 - - [19/Oct/2022:03:05:43 -0700] "GET /home/yshome.html HTTP/1.1" 200 5704 "https://ysfine.com/eink/index.html" "Mozilla/5.0 (compatible; SEOkicks; +https://www.seokicks.de/robot.html)" "ysfine.com"
65.21.237.125 - - [19/Oct/2022:03:05:44 -0700] "GET /home/easy.html HTTP/1.1" 200 7877 "https://ysfine.com/eink/index.html" "Mozilla/5.0 (compatible; SEOkicks; +https://www.seokicks.de/robot.html)" "ysfine.com"
65.21.237.125 - - [19/Oct/2022:03:05:45 -0700] "GET /home/different.html HTTP/1.1" 200 2354 "https://ysfine.com/eink/index.html" "Mozilla/5.0 (compatible; SEOkicks; +https://www.seokicks.de/robot.html)" "ysfine.com"
65.21.237.125 - - [19/Oct/2022:03:05:47 -0700] "GET /princeton/yspr.html HTTP/1.1" 200 5439 "https://ysfine.com/eink/index.html" "Mozilla/5.0 (compatible; SEOkicks; +https://www.seokicks.de/robot.html)" "ysfine.com"
65.21.237.125 - - [19/Oct/2022:03:05:49 -0700] "GET /einstein/einxmas.html HTTP/1.1" 200 2693 "https://ysfine.com/eink/index.html" "Mozilla/5.0 (compatible; SEOkicks; +https://www.seokicks.de/robot.html)" "ysfine.com"
65.21.237.125 - - [19/Oct/2022:03:05:50 -0700] "GET /einstein/einwo.html HTTP/1.1" 200 4222 "https://ysfine.com/eink/index.html" "Mozilla/5.0 (compatible; SEOkicks; +https://www.seokicks.de/robot.html)" "ysfine.com"
65.21.237.125 - - [19/Oct/2022:03:05:51 -0700] "GET /einstein/bern.html HTTP/1.1" 200 8314 "https://ysfine.com/eink/index.html" "Mozilla/5.0 (compatible; SEOkicks; +https://www.seokicks.de/robot.html)" "ysfine.com"
78.62.213.230 - - [19/Oct/2022:03:05:56 -0700] "GET /world/russ/spbpi06.jpg HTTP/1.1" 200 85923 "https://ysfine.com/style/spbpiano.html" "Mozilla/5.0 (Windows NT 10.0; Win64; x64; rv:105.0) Gecko/20100101 Firefox/105.0" "ysfine.com"
82.9.137.5 - - [19/Oct/2022:03:05:56 -0700] "GET /world/brit/etonharrow.html HTTP/1.1" 200 4546 "https://www.google.com/" "Mozilla/5.0 (Windows NT 10.0; Win64; x64) AppleWebKit/537.36 (KHTML, like Gecko) Chrome/106.0.0.0 Safari/537.36" "ysfine.com"
82.9.137.5 - - [19/Oct/2022:03:05:56 -0700] "GET /world/brit/nehru11b.jpg HTTP/1.1" 200 43052 "https://ysfine.com/world/brit/etonharrow.html" "Mozilla/5.0 (Windows NT 10.0; Win64; x64) AppleWebKit/537.36 (KHTML, like Gecko) Chrome/106.0.0.0 Safari/537.36" "ysfine.com"
82.9.137.5 - - [19/Oct/2022:03:05:56 -0700] "GET /world/brit/harrow09b.jpg HTTP/1.1" 200 48797 "https://ysfine.com/world/brit/etonharrow.html" "Mozilla/5.0 (Windows NT 10.0; Win64; x64) AppleWebKit/537.36 (KHTML, like Gecko) Chrome/106.0.0.0 Safari/537.36" "ysfine.com"
82.9.137.5 - - [19/Oct/2022:03:05:56 -0700] "GET /world/brit/eton03b.jpg HTTP/1.1" 200 45141 "https://ysfine.com/world/brit/etonharrow.html" "Mozilla/5.0 (Windows NT 10.0; Win64; x64) AppleWebKit/537.36 (KHTML, like Gecko) Chrome/106.0.0.0 Safari/537.36" "ysfine.com"
82.9.137.5 - - [19/Oct/2022:03:05:56 -0700] "GET /kobak/kwk11b.jpg HTTP/1.1" 200 46888 "https://ysfine.com/world/brit/etonharrow.html" "Mozilla/5.0 (Windows NT 10.0; Win64; x64) AppleWebKit/537.36 (KHTML, like Gecko) Chrome/106.0.0.0 Safari/537.36" "ysfine.com"
82.9.137.5 - - [19/Oct/2022:03:05:56 -0700] "GET /world/brit/harrow04b.jpg HTTP/1.1" 200 48004 "https://ysfine.com/world/brit/etonharrow.html" "Mozilla/5.0 (Windows NT 10.0; Win64; x64) AppleWebKit/537.36 (KHTML, like Gecko) Chrome/106.0.0.0 Safari/537.36" "ysfine.com"
82.9.137.5 - - [19/Oct/2022:03:05:56 -0700] "GET /world/brit/harrow11b.jpg HTTP/1.1" 200 42533 "https://ysfine.com/world/brit/etonharrow.html" "Mozilla/5.0 (Windows NT 10.0; Win64; x64) AppleWebKit/537.36 (KHTML, like Gecko) Chrome/106.0.0.0 Safari/537.36" "ysfine.com"
82.9.137.5 - - [19/Oct/2022:03:05:56 -0700] "GET /kobak/taylor33c.jpg HTTP/1.1" 200 39951 "https://ysfine.com/world/brit/etonharrow.html" "Mozilla/5.0 (Windows NT 10.0; Win64; x64) AppleWebKit/537.36 (KHTML, like Gecko) Chrome/106.0.0.0 Safari/537.36" "ysfine.com"
82.9.137.5 - - [19/Oct/2022:03:05:56 -0700] "GET /world/brit/windsor02b.jpg HTTP/1.1" 200 40724 "https://ysfine.com/world/brit/etonharrow.html" "Mozilla/5.0 (Windows NT 10.0; Win64; x64) AppleWebKit/537.36 (KHTML, like Gecko) Chrome/106.0.0.0 Safari/537.36" "ysfine.com"
82.9.137.5 - - [19/Oct/2022:03:05:56 -0700] "GET /eink/pwk19c.jpg HTTP/1.1" 200 57759 "https://ysfine.com/world/brit/etonharrow.html" "Mozilla/5.0 (Windows NT 10.0; Win64; x64) AppleWebKit/537.36 (KHTML, like Gecko) Chrome/106.0.0.0 Safari/537.36" "ysfine.com"
82.9.137.5 - - [19/Oct/2022:03:05:56 -0700] "GET /world/brit/eton01b.jpg HTTP/1.1" 200 47771 "https://ysfine.com/world/brit/etonharrow.html" "Mozilla/5.0 (Windows NT 10.0; Win64; x64) AppleWebKit/537.36 (KHTML, like Gecko) Chrome/106.0.0.0 Safari/537.36" "ysfine.com"
82.9.137.5 - - [19/Oct/2022:03:05:56 -0700] "GET /world/brit/winston01b.jpg HTTP/1.1" 200 38436 "https://ysfine.com/world/brit/etonharrow.html" "Mozilla/5.0 (Windows NT 10.0; Win64; x64) AppleWebKit/537.36 (KHTML, like Gecko) Chrome/106.0.0.0 Safari/537.36" "ysfine.com"
82.9.137.5 - - [19/Oct/2022:03:05:56 -0700] "GET /world/brit/eton07b.jpg HTTP/1.1" 200 36566 "https://ysfine.com/world/brit/etonharrow.html" "Mozilla/5.0 (Windows NT 10.0; Win64; x64) AppleWebKit/537.36 (KHTML, like Gecko) Chrome/106.0.0.0 Safari/537.36" "ysfine.com"
82.9.137.5 - - [19/Oct/2022:03:05:56 -0700] "GET /world/brit/harrow12b.jpg HTTP/1.1" 200 45104 "https://ysfine.com/world/brit/etonharrow.html" "Mozilla/5.0 (Windows NT 10.0; Win64; x64) AppleWebKit/537.36 (KHTML, like Gecko) Chrome/106.0.0.0 Safari/537.36" "ysfine.com"
82.9.137.5 - - [19/Oct/2022:03:05:56 -0700] "GET /world/brit/eton02b.jpg HTTP/1.1" 200 39432 "https://ysfine.com/world/brit/etonharrow.html" "Mozilla/5.0 (Windows NT 10.0; Win64; x64) AppleWebKit/537.36 (KHTML, like Gecko) Chrome/106.0.0.0 Safari/537.36" "ysfine.com"
82.9.137.5 - - [19/Oct/2022:03:05:56 -0700] "GET /world/brit/harrow01b.jpg HTTP/1.1" 200 54632 "https://ysfine.com/world/brit/etonharrow.html" "Mozilla/5.0 (Windows NT 10.0; Win64; x64) AppleWebKit/537.36 (KHTML, like Gecko) Chrome/106.0.0.0 Safari/537.36" "ysfine.com"
82.9.137.5 - - [19/Oct/2022:03:05:59 -0700] "GET /favicon.ico HTTP/1.1" 404 88 "https://ysfine.com/world/brit/etonharrow.html" "Mozilla/5.0 (Windows NT 10.0; Win64; x64) AppleWebKit/537.36 (KHTML, like Gecko) Chrome/106.0.0.0 Safari/537.36" "ysfine.com"
78.62.213.230 - - [19/Oct/2022:03:06:09 -0700] "GET /world/russ/spbpi05.jpg HTTP/1.1" 200 68421 "https://ysfine.com/style/spbpiano.html" "Mozilla/5.0 (Windows NT 10.0; Win64; x64; rv:105.0) Gecko/20100101 Firefox/105.0" "ysfine.com"
77.88.5.245 - - [19/Oct/2022:03:06:40 -0700] "GET /maga/phil/tao06.jpg HTTP/1.1" 200 78164 "-" "Mozilla/5.0 (compatible; YandexImages/3.0; +http://yandex.com/bots)" "ysfine.com"
66.249.66.40 - - [19/Oct/2022:03:06:43 -0700] "GET /wdc/whouse11.jpg HTTP/1.1" 304 - "-" "Googlebot-Image/1.0" "ysfine.com"
157.55.39.58 - - [19/Oct/2022:03:07:14 -0700] "GET /wigner/nobel.jpg HTTP/1.1" 200 94921 "-" "Mozilla/5.0 (compatible; bingbot/2.0; +http://www.bing.com/bingbot.htm)" "ysfine.com"
77.88.5.253 - - [19/Oct/2022:03:07:24 -0700] "GET /friends/amkor/elena.html HTTP/1.1" 404 88 "-" "Mozilla/5.0 (compatible; YandexBot/3.0; +http://yandex.com/bots)" "www.ysfine.com"
157.55.39.58 - - [19/Oct/2022:03:07:34 -0700] "GET /world/poland/palaceof01.jpg HTTP/1.1" 200 66592 "-" "Mozilla/5.0 (compatible; bingbot/2.0; +http://www.bing.com/bingbot.htm)" "www.ysfine.com"
90.92.142.70 - - [19/Oct/2022:03:07:45 -0700] "GET /maga/histo/desiree22.jpg HTTP/1.1" 200 113561 "https://www.google.com/" "Mozilla/5.0 (iPad; CPU OS 15_6_1 like Mac OS X) AppleWebKit/605.1.15 (KHTML, like Gecko) GSA/233.0.478398274 Mobile/19G82 Safari/604.1" "ysfine.com"
157.55.39.128 - - [19/Oct/2022:03:08:16 -0700] "GET /feynman/feyfirm66c.jpg HTTP/1.1" 200 36701 "-" "Mozilla/5.0 (compatible; bingbot/2.0; +http://www.bing.com/bingbot.htm)" "ysfine.com"
51.222.253.17 - - [19/Oct/2022:03:09:05 -0700] "GET /maga/tesla.html HTTP/1.1" 200 4852 "-" "Mozilla/5.0 (compatible; AhrefsBot/7.0; +http://ahrefs.com/robot/)" "ysfine.com"
157.55.39.127 - - [19/Oct/2022:03:09:06 -0700] "GET /world/ital/verona06.jpg HTTP/1.1" 200 140363 "-" "Mozilla/5.0 (compatible; bingbot/2.0; +http://www.bing.com/bingbot.htm)" "ysfine.com"
51.222.253.17 - - [19/Oct/2022:03:09:10 -0700] "GET /maga/invent/mosin2.jpg HTTP/1.1" 200 51881 "-" "Mozilla/5.0 (compatible; AhrefsBot/7.0; +http://ahrefs.com/robot/)" "ysfine.com"
51.222.253.18 - - [19/Oct/2022:03:09:10 -0700] "GET /maga/invent/westing2.jpg HTTP/1.1" 200 40071 "-" "Mozilla/5.0 (compatible; AhrefsBot/7.0; +http://ahrefs.com/robot/)" "ysfine.com"
51.222.253.18 - - [19/Oct/2022:03:09:10 -0700] "GET /usca/pitt/westifn02b.jpg HTTP/1.1" 200 58594 "-" "Mozilla/5.0 (compatible; AhrefsBot/7.0; +http://ahrefs.com/robot/)" "ysfine.com"
51.222.253.19 - - [19/Oct/2022:03:09:11 -0700] "GET /maga/invent/tesla11b.jpg HTTP/1.1" 200 47570 "-" "Mozilla/5.0 (compatible; AhrefsBot/7.0; +http://ahrefs.com/robot/)" "ysfine.com"
90.92.142.70 - - [19/Oct/2022:03:09:16 -0700] "GET /maga/histo/oscar22.jpg HTTP/1.1" 200 101665 "https://www.google.com/" "Mozilla/5.0 (iPad; CPU OS 15_6_1 like Mac OS X) AppleWebKit/605.1.15 (KHTML, like Gecko) GSA/233.0.478398274 Mobile/19G82 Safari/604.1" "ysfine.com"
157.55.39.54 - - [19/Oct/2022:03:09:17 -0700] "GET /world/ital/galileo12.jpg HTTP/1.1" 200 145442 "-" "Mozilla/5.0 (compatible; bingbot/2.0; +http://www.bing.com/bingbot.htm)" "www.ysfine.com"
157.55.39.127 - - [19/Oct/2022:03:10:05 -0700] "GET /world/brit/eton01.jpg HTTP/1.1" 200 126845 "-" "Mozilla/5.0 AppleWebKit/537.36 (KHTML, like Gecko; compatible; bingbot/2.0; +http://www.bing.com/bingbot.htm) Chrome/103.0.5060.134 Safari/537.36" "ysfine.com"
66.249.66.43 - - [19/Oct/2022:03:10:20 -0700] "GET /world/ital/venice19cc.jpg HTTP/1.1" 200 186259 "-" "Googlebot-Image/1.0" "ysfine.com"
157.55.39.55 - - [19/Oct/2022:03:11:03 -0700] "GET /bio/style/ystyle.html HTTP/1.1" 404 88 "-" "Mozilla/5.0 AppleWebKit/537.36 (KHTML, like Gecko; compatible; bingbot/2.0; +http://www.bing.com/bingbot.htm) Chrome/103.0.5060.134 Safari/537.36" "ysfine.com"
157.55.39.54 - - [19/Oct/2022:03:11:17 -0700] "GET /bio/einstein/bern.html HTTP/1.1" 404 88 "-" "Mozilla/5.0 (compatible; bingbot/2.0; +http://www.bing.com/bingbot.htm)" "ysfine.com"
157.55.39.128 - - [19/Oct/2022:03:11:36 -0700] "GET /class54/ewk86c.jpg HTTP/1.1" 200 33520 "-" "Mozilla/5.0 AppleWebKit/537.36 (KHTML, like Gecko; compatible; bingbot/2.0; +http://www.bing.com/bingbot.htm) Chrome/103.0.5060.134 Safari/537.36" "www.ysfine.com"
197.210.85.144 - - [19/Oct/2022:03:11:38 -0700] "GET /jobs/koreaj.html HTTP/1.1" 200 10214 "-" "Mozilla/5.0 (Windows NT 6.1) AppleWebKit/537.36 (KHTML, like Gecko) Chrome/106.0.0.0 Safari/537.36" "ysfine.com"
157.55.39.55 - - [19/Oct/2022:03:12:03 -0700] "GET /wdc/gtown26b.jpg HTTP/1.1" 200 28183 "-" "Mozilla/5.0 (compatible; bingbot/2.0; +http://www.bing.com/bingbot.htm)" "www.ysfine.com"
157.55.39.55 - - [19/Oct/2022:03:13:03 -0700] "GET /world/china/beijing112b.jpg HTTP/1.1" 200 51176 "-" "Mozilla/5.0 AppleWebKit/537.36 (KHTML, like Gecko; compatible; bingbot/2.0; +http://www.bing.com/bingbot.htm) Chrome/103.0.5060.134 Safari/537.36" "ysfine.com"
157.55.39.55 - - [19/Oct/2022:03:13:12 -0700] "GET /ffriends/amkor/kormusic11.jpg HTTP/1.1" 200 218506 "-" "Mozilla/5.0 (compatible; bingbot/2.0; +http://www.bing.com/bingbot.htm)" "ysfine.com"
157.55.39.128 - - [19/Oct/2022:03:14:56 -0700] "GET /saram/g008.jpg HTTP/1.1" 200 113505 "-" "Mozilla/5.0 (compatible; bingbot/2.0; +http://www.bing.com/bingbot.htm)" "www.ysfine.com"
180.194.253.5 - - [19/Oct/2022:03:15:00 -0700] "GET /world/germany/vienna05.jpg HTTP/1.1" 200 183747 "https://www.bing.com/" "Mozilla/5.0 (Windows NT 10.0; Win64; x64) AppleWebKit/537.36 (KHTML, like Gecko) Chrome/106.0.0.0 Safari/537.36 Edg/106.0.1370.47" "www.ysfine.com"
72.14.201.205 - - [19/Oct/2022:03:15:04 -0700] "GET /kobak/kimilsong.html HTTP/1.1" 200 2263 "-" "Mozilla/5.0 (Linux; Android 10; K) AppleWebKit/537.36 (KHTML, like Gecko) Chrome/106.0.0.0 Mobile Safari/537.36" "ysfine.com"
157.55.39.128 - - [19/Oct/2022:03:15:36 -0700] "GET /maga/phil/yy10.jpg HTTP/1.1" 200 44890 "-" "Mozilla/5.0 (compatible; bingbot/2.0; +http://www.bing.com/bingbot.htm)" "ysfine.com"
66.249.66.44 - - [19/Oct/2022:03:15:38 -0700] "GET /sbk/1965cc11c.jpg HTTP/1.1" 200 23254 "-" "Googlebot-Image/1.0" "ysfine.com"
157.55.39.128 - - [19/Oct/2022:03:16:37 -0700] "GET /bio/kobak/soraech.html HTTP/1.1" 404 88 "-" "Mozilla/5.0 AppleWebKit/537.36 (KHTML, like Gecko; compatible; bingbot/2.0; +http://www.bing.com/bingbot.htm) Chrome/103.0.5060.134 Safari/537.36" "ysfine.com"
176.253.5.117 - - [19/Oct/2022:03:17:22 -0700] "GET /kobak/sl629.jpg HTTP/1.1" 200 141503 "https://www.google.com/" "Mozilla/5.0 (Windows NT 10.0; Win64; x64) AppleWebKit/537.36 (KHTML, like Gecko) Chrome/106.0.0.0 Safari/537.36" "ysfine.com"
220.181.108.176 - - [19/Oct/2022:03:17:48 -0700] "GET /dirac/bankers.html HTTP/1.1" 200 4453 "-" "Mozilla/5.0 (compatible; Baiduspider/2.0; +http://www.baidu.com/search/spider.html)" "www.ysfine.com"
116.179.37.91 - - [19/Oct/2022:03:17:51 -0700] "GET /dirac/gaussian33aa.jpg HTTP/1.1" 200 34798 "https://www.ysfine.com/dirac/bankers.html" "Mozilla/5.0 (compatible; Baiduspider-render/2.0; +http://www.baidu.com/search/spider.html)" "www.ysfine.com"
116.179.37.232 - - [19/Oct/2022:03:17:51 -0700] "GET /wdc/eindc02b.jpg HTTP/1.1" 200 51154 "https://www.ysfine.com/dirac/bankers.html" "Mozilla/5.0 (compatible; Baiduspider-render/2.0; +http://www.baidu.com/search/spider.html)" "www.ysfine.com"
116.179.37.58 - - [19/Oct/2022:03:17:51 -0700] "GET /wdc/fedreserv22b.jpg HTTP/1.1" 200 42221 "https://www.ysfine.com/dirac/bankers.html" "Mozilla/5.0 (compatible; Baiduspider-render/2.0; +http://www.baidu.com/search/spider.html)" "www.ysfine.com"
116.179.37.35 - - [19/Oct/2022:03:17:51 -0700] "GET /einstein/einbohr33b.jpg HTTP/1.1" 200 42636 "https://www.ysfine.com/dirac/bankers.html" "Mozilla/5.0 (compatible; Baiduspider-render/2.0; +http://www.baidu.com/search/spider.html)" "www.ysfine.com"
116.179.37.162 - - [19/Oct/2022:03:17:51 -0700] "GET /dirac/bankers11b.jpg HTTP/1.1" 200 22341 "https://www.ysfine.com/dirac/bankers.html" "Mozilla/5.0 (compatible; Baiduspider-render/2.0; +http://www.baidu.com/search/spider.html)" "www.ysfine.com"
116.179.37.85 - - [19/Oct/2022:03:17:51 -0700] "GET /maga/phys/inclined11b.jpg HTTP/1.1" 200 35417 "https://www.ysfine.com/dirac/bankers.html" "Mozilla/5.0 (compatible; Baiduspider-render/2.0; +http://www.baidu.com/search/spider.html)" "www.ysfine.com"
116.179.37.243 - - [19/Oct/2022:03:17:51 -0700] "GET /einstein/jsbell02b.jpg HTTP/1.1" 200 27021 "https://www.ysfine.com/dirac/bankers.html" "Mozilla/5.0 (compatible; Baiduspider-render/2.0; +http://www.baidu.com/search/spider.html)" "www.ysfine.com"
116.179.37.145 - - [19/Oct/2022:03:17:51 -0700] "GET /world/ital/verona25b.jpg HTTP/1.1" 200 45414 "https://www.ysfine.com/dirac/bankers.html" "Mozilla/5.0 (compatible; Baiduspider-render/2.0; +http://www.baidu.com/search/spider.html)" "www.ysfine.com"
116.179.37.180 - - [19/Oct/2022:03:17:51 -0700] "GET /world/ital/venicej02b.jpg HTTP/1.1" 200 42128 "https://www.ysfine.com/dirac/bankers.html" "Mozilla/5.0 (compatible; Baiduspider-render/2.0; +http://www.baidu.com/search/spider.html)" "www.ysfine.com"
157.55.39.55 - - [19/Oct/2022:03:18:43 -0700] "GET /world/germany/tubw30.jpg HTTP/1.1" 200 86070 "-" "Mozilla/5.0 AppleWebKit/537.36 (KHTML, like Gecko; compatible; bingbot/2.0; +http://www.bing.com/bingbot.htm) Chrome/103.0.5060.134 Safari/537.36" "ysfine.com"
157.55.39.54 - - [19/Oct/2022:03:20:29 -0700] "GET /archives/proceedings/wpro01/?M=D HTTP/1.1" 200 1636 "-" "Mozilla/5.0 (compatible; bingbot/2.0; +http://www.bing.com/bingbot.htm)" "ysfine.com"
157.55.39.58 - - [19/Oct/2022:03:20:46 -0700] "GET /wigner/wcoin11b.jpg HTTP/1.1" 200 43349 "-" "Mozilla/5.0 (compatible; bingbot/2.0; +http://www.bing.com/bingbot.htm)" "ysfine.com"
20.73.132.240 - - [19/Oct/2022:03:21:04 -0700] "GET /einstein/bose2.gif HTTP/1.1" 200 43133 "http://ysfine.com/einstein/bose2.gif" "DuckDuckBot/1.1; (+http://duckduckgo.com/duckduckbot.html)" "ysfine.com"
77.88.5.45 - - [19/Oct/2022:03:24:00 -0700] "GET /usca/norl/fq11.jpg HTTP/1.1" 200 94323 "-" "Mozilla/5.0 (compatible; YandexImages/3.0; +http://yandex.com/bots)" "www.ysfine.com"
157.55.39.127 - - [19/Oct/2022:03:24:16 -0700] "GET /dirac/diracqm11.jpg HTTP/1.1" 200 153577 "-" "Mozilla/5.0 (compatible; bingbot/2.0; +http://www.bing.com/bingbot.htm)" "ysfine.com"
157.55.39.58 - - [19/Oct/2022:03:24:25 -0700] "GET /world/ital/itstu03.jpg HTTP/1.1" 200 76851 "-" "Mozilla/5.0 AppleWebKit/537.36 (KHTML, like Gecko; compatible; bingbot/2.0; +http://www.bing.com/bingbot.htm) Chrome/103.0.5060.134 Safari/537.36" "www.ysfine.com"
188.192.136.225 - - [19/Oct/2022:03:25:05 -0700] "GET /feynman/feybongo.jpg HTTP/1.1" 200 47448 "https://www.google.com/" "Mozilla/5.0 (Windows NT 10.0; Win64; x64) AppleWebKit/537.36 (KHTML, like Gecko) Chrome/106.0.0.0 Safari/537.36" "ysfine.com"
157.55.39.58 - - [19/Oct/2022:03:25:05 -0700] "GET /world/hungary/hunstu27.jpg HTTP/1.1" 200 105364 "-" "Mozilla/5.0 AppleWebKit/537.36 (KHTML, like Gecko; compatible; bingbot/2.0; +http://www.bing.com/bingbot.htm) Chrome/103.0.5060.134 Safari/537.36" "ysfine.com"
77.88.5.46 - - [19/Oct/2022:03:25:44 -0700] "GET /world/season.html HTTP/1.1" 200 23901 "-" "Mozilla/5.0 (compatible; YandexBot/3.0; +http://yandex.com/bots)" "www.ysfine.com"
40.77.167.27 - - [19/Oct/2022:03:26:42 -0700] "GET /einstein/ulm.html HTTP/1.1" 304 - "-" "Mozilla/5.0 AppleWebKit/537.36 (KHTML, like Gecko; compatible; bingbot/2.0; +http://www.bing.com/bingbot.htm) Chrome/103.0.5060.134 Safari/537.36" "www.ysfine.com"
157.55.39.128 - - [19/Oct/2022:03:26:57 -0700] "GET /world/poland/uprise03.jpg HTTP/1.1" 200 76518 "-" "Mozilla/5.0 (compatible; bingbot/2.0; +http://www.bing.com/bingbot.htm)" "ysfine.com"
157.55.39.127 - - [19/Oct/2022:03:27:27 -0700] "GET /princeton/nassinf33.jpg HTTP/1.1" 200 182244 "-" "Mozilla/5.0 (compatible; bingbot/2.0; +http://www.bing.com/bingbot.htm)" "www.ysfine.com"
77.88.5.46 - - [19/Oct/2022:03:27:35 -0700] "GET /world/germany/hofbrau55.jpg HTTP/1.1" 200 107423 "-" "Mozilla/5.0 (compatible; YandexImages/3.0; +http://yandex.com/bots)" "www.ysfine.com"
77.88.5.46 - - [19/Oct/2022:03:27:38 -0700] "GET /world/germany/muc022b.jpg HTTP/1.1" 200 44431 "-" "Mozilla/5.0 (compatible; YandexImages/3.0; +http://yandex.com/bots)" "www.ysfine.com"
93.158.161.40 - - [19/Oct/2022:03:27:41 -0700] "GET /world/ital/vatican72.jpg HTTP/1.1" 200 134905 "-" "Mozilla/5.0 (compatible; YandexImages/3.0; +http://yandex.com/bots)" "www.ysfine.com"
77.88.5.46 - - [19/Oct/2022:03:27:43 -0700] "GET /world/germany/muc066.jpg HTTP/1.1" 200 113287 "-" "Mozilla/5.0 (compatible; YandexImages/3.0; +http://yandex.com/bots)" "www.ysfine.com"
77.88.5.46 - - [19/Oct/2022:03:27:45 -0700] "GET /newyork/rocke03.jpg HTTP/1.1" 200 172948 "-" "Mozilla/5.0 (compatible; YandexImages/3.0; +http://yandex.com/bots)" "www.ysfine.com"
93.158.161.40 - - [19/Oct/2022:03:27:47 -0700] "GET /world/germany/berlin014.jpg HTTP/1.1" 200 113267 "-" "Mozilla/5.0 (compatible; YandexImages/3.0; +http://yandex.com/bots)" "www.ysfine.com"
93.158.161.40 - - [19/Oct/2022:03:27:50 -0700] "GET /world/germany/muc014.jpg HTTP/1.1" 200 139514 "-" "Mozilla/5.0 (compatible; YandexImages/3.0; +http://yandex.com/bots)" "www.ysfine.com"
77.88.5.46 - - [19/Oct/2022:03:27:52 -0700] "GET /world/germany/muc068.jpg HTTP/1.1" 200 140286 "-" "Mozilla/5.0 (compatible; YandexImages/3.0; +http://yandex.com/bots)" "www.ysfine.com"
77.88.5.46 - - [19/Oct/2022:03:27:55 -0700] "GET /world/germany/muc010.jpg HTTP/1.1" 200 102531 "-" "Mozilla/5.0 (compatible; YandexImages/3.0; +http://yandex.com/bots)" "www.ysfine.com"
93.158.161.40 - - [19/Oct/2022:03:27:57 -0700] "GET /world/germany/hofbrau11.jpg HTTP/1.1" 200 88584 "-" "Mozilla/5.0 (compatible; YandexImages/3.0; +http://yandex.com/bots)" "www.ysfine.com"
77.88.5.46 - - [19/Oct/2022:03:27:59 -0700] "GET /newyork/nyc.html HTTP/1.1" 200 31389 "-" "Mozilla/5.0 (compatible; YandexBot/3.0; +http://yandex.com/bots)" "www.ysfine.com"
157.55.39.54 - - [19/Oct/2022:03:28:19 -0700] "GET /bio/world/leipzig.html HTTP/1.1" 404 88 "-" "Mozilla/5.0 AppleWebKit/537.36 (KHTML, like Gecko; compatible; bingbot/2.0; +http://www.bing.com/bingbot.htm) Chrome/103.0.5060.134 Safari/537.36" "ysfine.com"
157.55.39.128 - - [19/Oct/2022:03:28:27 -0700] "GET /world/israel/jeru12.jpg HTTP/1.1" 200 176438 "-" "Mozilla/5.0 AppleWebKit/537.36 (KHTML, like Gecko; compatible; bingbot/2.0; +http://www.bing.com/bingbot.htm) Chrome/103.0.5060.134 Safari/537.36" "ysfine.com"
77.88.5.46 - - [19/Oct/2022:03:28:49 -0700] "GET /world/paris.html HTTP/1.1" 200 18129 "-" "Mozilla/5.0 (compatible; YandexBot/3.0; +http://yandex.com/bots)" "www.ysfine.com"
40.77.167.27 - - [19/Oct/2022:03:28:52 -0700] "GET /kobak/taylor11c.jpg HTTP/1.1" 200 37695 "-" "Mozilla/5.0 AppleWebKit/537.36 (KHTML, like Gecko; compatible; bingbot/2.0; +http://www.bing.com/bingbot.htm) Chrome/103.0.5060.134 Safari/537.36" "www.ysfine.com"
40.77.167.27 - - [19/Oct/2022:03:28:53 -0700] "GET /kobak/kimkoo01b.jpg HTTP/1.1" 200 35261 "-" "Mozilla/5.0 AppleWebKit/537.36 (KHTML, like Gecko; compatible; bingbot/2.0; +http://www.bing.com/bingbot.htm) Chrome/103.0.5060.134 Safari/537.36" "www.ysfine.com"
66.249.66.43 - - [19/Oct/2022:03:29:19 -0700] "GET /world/ital/venice54.jpg HTTP/1.1" 200 210259 "-" "Googlebot-Image/1.0" "ysfine.com"
157.55.39.127 - - [19/Oct/2022:03:30:17 -0700] "GET /maga/phys/schrod22.jpg HTTP/1.1" 200 41352 "-" "Mozilla/5.0 AppleWebKit/537.36 (KHTML, like Gecko; compatible; bingbot/2.0; +http://www.bing.com/bingbot.htm) Chrome/103.0.5060.134 Safari/537.36" "ysfine.com"
95.217.9.24 - - [19/Oct/2022:03:30:26 -0700] "GET /wigner/gim/gimn22.jpg HTTP/1.1" 200 109345 "-" "Mozilla/5.0 (X11; Fedora; Linux x86_64) AppleWebKit/537.36 (KHTML, like Gecko) Chrome/79.0.3945.117 Safari/537.36" "www.ysfine.com"
77.88.5.46 - - [19/Oct/2022:03:30:37 -0700] "GET /dirac/dirackim62.html HTTP/1.1" 200 2970 "-" "Mozilla/5.0 (compatible; YandexBot/3.0; +http://yandex.com/bots)" "www.ysfine.com"
157.55.39.58 - - [19/Oct/2022:03:30:47 -0700] "GET /kobak/soraech.html HTTP/1.1" 200 16670 "-" "Mozilla/5.0 AppleWebKit/537.36 (KHTML, like Gecko; compatible; bingbot/2.0; +http://www.bing.com/bingbot.htm) Chrome/103.0.5060.134 Safari/537.36" "www.ysfine.com"
157.55.39.54 - - [19/Oct/2022:03:30:49 -0700] "GET /world/brit/etonharrow.html HTTP/1.1" 200 4546 "-" "Mozilla/5.0 AppleWebKit/537.36 (KHTML, like Gecko; compatible; bingbot/2.0; +http://www.bing.com/bingbot.htm) Chrome/103.0.5060.134 Safari/537.36" "www.ysfine.com"
157.55.39.127 - - [19/Oct/2022:03:30:51 -0700] "GET /style/songs.html HTTP/1.1" 200 31567 "-" "Mozilla/5.0 (compatible; bingbot/2.0; +http://www.bing.com/bingbot.htm)" "www.ysfine.com"
40.77.167.27 - - [19/Oct/2022:03:30:56 -0700] "GET /wigner/little.html HTTP/1.1" 200 3088 "-" "Mozilla/5.0 (compatible; bingbot/2.0; +http://www.bing.com/bingbot.htm)" "www.ysfine.com"
40.77.167.27 - - [19/Oct/2022:03:30:56 -0700] "GET /home/feysavior.html HTTP/1.1" 200 2737 "-" "Mozilla/5.0 (compatible; bingbot/2.0; +http://www.bing.com/bingbot.htm)" "www.ysfine.com"
157.55.39.128 - - [19/Oct/2022:03:31:18 -0700] "GET /wdc/waskor014.jpg HTTP/1.1" 200 67774 "-" "Mozilla/5.0 AppleWebKit/537.36 (KHTML, like Gecko; compatible; bingbot/2.0; +http://www.bing.com/bingbot.htm) Chrome/103.0.5060.134 Safari/537.36" "ysfine.com"
157.55.39.54 - - [19/Oct/2022:03:31:49 -0700] "GET /dirac/dirackim6200.jpg HTTP/1.1" 200 92017 "-" "Mozilla/5.0 (compatible; bingbot/2.0; +http://www.bing.com/bingbot.htm)" "ysfine.com"
40.77.167.27 - - [19/Oct/2022:03:32:23 -0700] "GET /style/chopingr22.jpg HTTP/1.1" 200 59814 "-" "Mozilla/5.0 (compatible; bingbot/2.0; +http://www.bing.com/bingbot.htm)" "ysfine.com"
51.222.253.4 - - [19/Oct/2022:03:33:32 -0700] "GET /eink/mose.html HTTP/1.1" 200 14315 "-" "Mozilla/5.0 (compatible; AhrefsBot/7.0; +http://ahrefs.com/robot/)" "ysfine.com"
51.222.253.8 - - [19/Oct/2022:03:33:35 -0700] "GET /eink/underw03d.jpg HTTP/1.1" 200 40793 "-" "Mozilla/5.0 (compatible; AhrefsBot/7.0; +http://ahrefs.com/robot/)" "ysfine.com"
51.222.253.19 - - [19/Oct/2022:03:33:36 -0700] "GET /eink/sorae01d.jpg HTTP/1.1" 200 35433 "-" "Mozilla/5.0 (compatible; AhrefsBot/7.0; +http://ahrefs.com/robot/)" "ysfine.com"
51.222.253.18 - - [19/Oct/2022:03:33:37 -0700] "GET /eink/milanf01d.jpg HTTP/1.1" 200 62371 "-" "Mozilla/5.0 (compatible; AhrefsBot/7.0; +http://ahrefs.com/robot/)" "ysfine.com"
51.222.253.11 - - [19/Oct/2022:03:33:37 -0700] "GET /eink/rheepr01d.jpg HTTP/1.1" 200 52650 "-" "Mozilla/5.0 (compatible; AhrefsBot/7.0; +http://ahrefs.com/robot/)" "ysfine.com"
51.222.253.12 - - [19/Oct/2022:03:33:38 -0700] "GET /eink/tollwig11d.jpg HTTP/1.1" 200 45634 "-" "Mozilla/5.0 (compatible; AhrefsBot/7.0; +http://ahrefs.com/robot/)" "ysfine.com"
51.222.253.8 - - [19/Oct/2022:03:33:38 -0700] "GET /eink/wigkim11d.jpg HTTP/1.1" 200 51892 "-" "Mozilla/5.0 (compatible; AhrefsBot/7.0; +http://ahrefs.com/robot/)" "ysfine.com"
51.222.253.1 - - [19/Oct/2022:03:33:38 -0700] "GET /eink/chungilk05f.jpg HTTP/1.1" 200 128213 "-" "Mozilla/5.0 (compatible; AhrefsBot/7.0; +http://ahrefs.com/robot/)" "ysfine.com"
51.222.253.6 - - [19/Oct/2022:03:33:39 -0700] "GET /eink/michwight22d.jpg HTTP/1.1" 200 47211 "-" "Mozilla/5.0 (compatible; AhrefsBot/7.0; +http://ahrefs.com/robot/)" "ysfine.com"
51.222.253.4 - - [19/Oct/2022:03:33:39 -0700] "GET /eink/tao55f.jpg HTTP/1.1" 200 128668 "-" "Mozilla/5.0 (compatible; AhrefsBot/7.0; +http://ahrefs.com/robot/)" "ysfine.com"
51.222.253.11 - - [19/Oct/2022:03:33:40 -0700] "GET /eink/moses450.jpg HTTP/1.1" 200 109858 "-" "Mozilla/5.0 (compatible; AhrefsBot/7.0; +http://ahrefs.com/robot/)" "ysfine.com"
51.222.253.17 - - [19/Oct/2022:03:33:40 -0700] "GET /eink/feygell88f.jpg HTTP/1.1" 200 96630 "-" "Mozilla/5.0 (compatible; AhrefsBot/7.0; +http://ahrefs.com/robot/)" "ysfine.com"
51.222.253.14 - - [19/Oct/2022:03:33:41 -0700] "GET /eink/ysrhee33d.jpg HTTP/1.1" 200 38065 "-" "Mozilla/5.0 (compatible; AhrefsBot/7.0; +http://ahrefs.com/robot/)" "ysfine.com"
51.222.253.14 - - [19/Oct/2022:03:33:42 -0700] "GET /eink/eintao55f.jpg HTTP/1.1" 200 110322 "-" "Mozilla/5.0 (compatible; AhrefsBot/7.0; +http://ahrefs.com/robot/)" "ysfine.com"
51.222.253.12 - - [19/Oct/2022:03:33:42 -0700] "GET /eink/eink26a.jpg HTTP/1.1" 200 48279 "-" "Mozilla/5.0 (compatible; AhrefsBot/7.0; +http://ahrefs.com/robot/)" "ysfine.com"
51.222.253.3 - - [19/Oct/2022:03:33:43 -0700] "GET /eink/kflag11c.jpg HTTP/1.1" 200 27284 "-" "Mozilla/5.0 (compatible; AhrefsBot/7.0; +http://ahrefs.com/robot/)" "ysfine.com"
51.222.253.17 - - [19/Oct/2022:03:33:43 -0700] "GET /eink/kantbooks11d.jpg HTTP/1.1" 200 39604 "-" "Mozilla/5.0 (compatible; AhrefsBot/7.0; +http://ahrefs.com/robot/)" "ysfine.com"
51.222.253.3 - - [19/Oct/2022:03:33:44 -0700] "GET /eink/eward11d.jpg HTTP/1.1" 200 76549 "-" "Mozilla/5.0 (compatible; AhrefsBot/7.0; +http://ahrefs.com/robot/)" "ysfine.com"
51.222.253.1 - - [19/Oct/2022:03:33:44 -0700] "GET /eink/inonu97d.jpg HTTP/1.1" 200 41351 "-" "Mozilla/5.0 (compatible; AhrefsBot/7.0; +http://ahrefs.com/robot/)" "ysfine.com"
51.222.253.1 - - [19/Oct/2022:03:33:45 -0700] "GET /eink/eintao55d.jpg HTTP/1.1" 200 50540 "-" "Mozilla/5.0 (compatible; AhrefsBot/7.0; +http://ahrefs.com/robot/)" "ysfine.com"
51.222.253.1 - - [19/Oct/2022:03:33:45 -0700] "GET /eink/dirbust22d.jpg HTTP/1.1" 200 52160 "-" "Mozilla/5.0 (compatible; AhrefsBot/7.0; +http://ahrefs.com/robot/)" "ysfine.com"
51.222.253.20 - - [19/Oct/2022:03:33:46 -0700] "GET /eink/isomor55d.jpg HTTP/1.1" 200 54587 "-" "Mozilla/5.0 (compatible; AhrefsBot/7.0; +http://ahrefs.com/robot/)" "ysfine.com"
51.222.253.4 - - [19/Oct/2022:03:33:46 -0700] "GET /eink/reagan01d.jpg HTTP/1.1" 200 63614 "-" "Mozilla/5.0 (compatible; AhrefsBot/7.0; +http://ahrefs.com/robot/)" "ysfine.com"
51.222.253.8 - - [19/Oct/2022:03:33:47 -0700] "GET /eink/taylor11d.jpg HTTP/1.1" 200 42097 "-" "Mozilla/5.0 (compatible; AhrefsBot/7.0; +http://ahrefs.com/robot/)" "ysfine.com"
51.222.253.11 - - [19/Oct/2022:03:33:47 -0700] "GET /eink/church06d.jpg HTTP/1.1" 200 73777 "-" "Mozilla/5.0 (compatible; AhrefsBot/7.0; +http://ahrefs.com/robot/)" "ysfine.com"
51.222.253.16 - - [19/Oct/2022:03:33:48 -0700] "GET /eink/wsj21f.jpg HTTP/1.1" 200 172238 "-" "Mozilla/5.0 (compatible; AhrefsBot/7.0; +http://ahrefs.com/robot/)" "ysfine.com"
51.222.253.19 - - [19/Oct/2022:03:33:48 -0700] "GET /eink/evol77a.jpg HTTP/1.1" 200 87188 "-" "Mozilla/5.0 (compatible; AhrefsBot/7.0; +http://ahrefs.com/robot/)" "ysfine.com"
157.55.39.128 - - [19/Oct/2022:03:33:48 -0700] "GET /world/brit/imperialc08.jpg HTTP/1.1" 200 85345 "-" "Mozilla/5.0 AppleWebKit/537.36 (KHTML, like Gecko; compatible; bingbot/2.0; +http://www.bing.com/bingbot.htm) Chrome/103.0.5060.134 Safari/537.36" "ysfine.com"
51.222.253.15 - - [19/Oct/2022:03:33:49 -0700] "GET /eink/zhuxi300.jpg HTTP/1.1" 200 49536 "-" "Mozilla/5.0 (compatible; AhrefsBot/7.0; +http://ahrefs.com/robot/)" "ysfine.com"
51.222.253.4 - - [19/Oct/2022:03:33:49 -0700] "GET /eink/bieden02d.jpg HTTP/1.1" 200 55623 "-" "Mozilla/5.0 (compatible; AhrefsBot/7.0; +http://ahrefs.com/robot/)" "ysfine.com"
51.222.253.7 - - [19/Oct/2022:03:33:49 -0700] "GET /home/facu450.jpg HTTP/1.1" 200 74535 "-" "Mozilla/5.0 (compatible; AhrefsBot/7.0; +http://ahrefs.com/robot/)" "ysfine.com"
51.222.253.20 - - [19/Oct/2022:03:33:50 -0700] "GET /eink/feyfirm55c.jpg HTTP/1.1" 200 32171 "-" "Mozilla/5.0 (compatible; AhrefsBot/7.0; +http://ahrefs.com/robot/)" "ysfine.com"
51.222.253.10 - - [19/Oct/2022:03:33:50 -0700] "GET /eink/eintao33d.jpg HTTP/1.1" 200 51097 "-" "Mozilla/5.0 (compatible; AhrefsBot/7.0; +http://ahrefs.com/robot/)" "ysfine.com"
51.222.253.14 - - [19/Oct/2022:03:33:51 -0700] "GET /eink/parton33f.jpg HTTP/1.1" 200 87862 "-" "Mozilla/5.0 (compatible; AhrefsBot/7.0; +http://ahrefs.com/robot/)" "ysfine.com"
51.222.253.10 - - [19/Oct/2022:03:33:51 -0700] "GET /eink/michwight11d.jpg HTTP/1.1" 200 57798 "-" "Mozilla/5.0 (compatible; AhrefsBot/7.0; +http://ahrefs.com/robot/)" "ysfine.com"
51.222.253.17 - - [19/Oct/2022:03:33:52 -0700] "GET /eink/hegel09d.jpg HTTP/1.1" 200 51438 "-" "Mozilla/5.0 (compatible; AhrefsBot/7.0; +http://ahrefs.com/robot/)" "ysfine.com"
157.55.39.55 - - [19/Oct/2022:03:34:55 -0700] "GET /people/redgreen.jpg HTTP/1.1" 200 128354 "-" "Mozilla/5.0 AppleWebKit/537.36 (KHTML, like Gecko; compatible; bingbot/2.0; +http://www.bing.com/bingbot.htm) Chrome/103.0.5060.134 Safari/537.36" "www.ysfine.com"
66.249.66.44 - - [19/Oct/2022:03:36:00 -0700] "GET /princeton/wightman02.jpg HTTP/1.1" 304 - "-" "Googlebot-Image/1.0" "ysfine.com"
66.249.66.43 - - [19/Oct/2022:03:36:38 -0700] "GET /wigner/gim/gimn09b.jpg HTTP/1.1" 304 - "-" "Googlebot-Image/1.0" "ysfine.com"
77.88.5.46 - - [19/Oct/2022:03:36:44 -0700] "GET /maga/marxphil.html HTTP/1.1" 404 88 "-" "Mozilla/5.0 (compatible; YandexBot/3.0; +http://yandex.com/bots)" "www.ysfine.com"
157.55.39.55 - - [19/Oct/2022:03:36:45 -0700] "GET /world/israel/armen10c.jpg HTTP/1.1" 200 25673 "-" "Mozilla/5.0 AppleWebKit/537.36 (KHTML, like Gecko; compatible; bingbot/2.0; +http://www.bing.com/bingbot.htm) Chrome/103.0.5060.134 Safari/537.36" "ysfine.com"
176.253.5.117 - - [19/Oct/2022:03:37:35 -0700] "GET /world/russ/roskei90b.jpg HTTP/1.1" 200 50111 "https://www.google.com/" "Mozilla/5.0 (Windows NT 10.0; Win64; x64) AppleWebKit/537.36 (KHTML, like Gecko) Chrome/106.0.0.0 Safari/537.36" "ysfine.com"
59.137.144.223 - - [19/Oct/2022:03:37:38 -0700] "GET /kobak/1014.jpg HTTP/1.1" 200 125873 "https://www.google.co.jp/" "Mozilla/5.0 (Macintosh; Intel Mac OS X 10_15_6) AppleWebKit/605.1.15 (KHTML, like Gecko) Version/15.6.1 Safari/605.1.15" "ysfine.com"
95.163.255.61 - - [19/Oct/2022:03:37:44 -0700] "GET /robots.txt HTTP/1.1" 404 73 "-" "Mozilla/5.0 (compatible; Linux x86_64; Mail.RU_Bot/Img/2.0; +https://help.mail.ru/webmaster/indexing/robots)" "ysfine.com"
157.55.39.128 - - [19/Oct/2022:03:37:48 -0700] "GET /people/moya.jpg HTTP/1.1" 200 43942 "-" "Mozilla/5.0 AppleWebKit/537.36 (KHTML, like Gecko; compatible; bingbot/2.0; +http://www.bing.com/bingbot.htm) Chrome/103.0.5060.134 Safari/537.36" "ysfine.com"
157.55.39.55 - - [19/Oct/2022:03:38:16 -0700] "GET /sbk/2002nasa11.jpg HTTP/1.1" 200 154346 "-" "Mozilla/5.0 (compatible; bingbot/2.0; +http://www.bing.com/bingbot.htm)" "www.ysfine.com"
157.55.39.54 - - [19/Oct/2022:03:39:00 -0700] "GET /wdc/gtown03.jpg HTTP/1.1" 200 179412 "-" "Mozilla/5.0 (compatible; bingbot/2.0; +http://www.bing.com/bingbot.htm)" "ysfine.com"
157.55.39.54 - - [19/Oct/2022:03:39:09 -0700] "GET /bio/einstein/bern.html HTTP/1.1" 404 88 "-" "Mozilla/5.0 (compatible; bingbot/2.0; +http://www.bing.com/bingbot.htm)" "ysfine.com"
65.108.217.46 - - [19/Oct/2022:03:39:15 -0700] "GET /world/poland/gdn12.jpg HTTP/1.1" 200 154151 "-" "Mozilla/5.0 (X11; Fedora; Linux x86_64) AppleWebKit/537.36 (KHTML, like Gecko) Chrome/79.0.3945.117 Safari/537.36" "ysfine.com"
157.55.39.55 - - [19/Oct/2022:03:39:15 -0700] "GET /einstein/places/einha01b.jpg HTTP/1.1" 200 41574 "-" "Mozilla/5.0 (compatible; bingbot/2.0; +http://www.bing.com/bingbot.htm)" "ysfine.com"
157.55.39.55 - - [19/Oct/2022:03:39:36 -0700] "GET /bio/style/ystyle.html HTTP/1.1" 404 88 "-" "Mozilla/5.0 AppleWebKit/537.36 (KHTML, like Gecko; compatible; bingbot/2.0; +http://www.bing.com/bingbot.htm) Chrome/103.0.5060.134 Safari/537.36" "ysfine.com"
59.137.144.223 - - [19/Oct/2022:03:39:47 -0700] "GET /kobak/1014b.jpg HTTP/1.1" 200 42115 "https://www.google.co.jp/" "Mozilla/5.0 (Macintosh; Intel Mac OS X 10_15_6) AppleWebKit/605.1.15 (KHTML, like Gecko) Version/15.6.1 Safari/605.1.15" "ysfine.com"
157.55.39.55 - - [19/Oct/2022:03:40:26 -0700] "GET /einstein/places/einha00.jpg HTTP/1.1" 200 79357 "-" "Mozilla/5.0 AppleWebKit/537.36 (KHTML, like Gecko; compatible; bingbot/2.0; +http://www.bing.com/bingbot.htm) Chrome/103.0.5060.134 Safari/537.36" "ysfine.com"
157.55.39.128 - - [19/Oct/2022:03:41:29 -0700] "GET /bio/eink/buythisbook.html HTTP/1.1" 404 88 "-" "Mozilla/5.0 (compatible; bingbot/2.0; +http://www.bing.com/bingbot.htm)" "ysfine.com"
66.249.66.40 - - [19/Oct/2022:03:41:30 -0700] "GET /world/scandi/copen038.jpg HTTP/1.1" 200 102032 "-" "Googlebot-Image/1.0" "ysfine.com"
157.55.39.54 - - [19/Oct/2022:03:41:50 -0700] "GET /world/russ/bolshoi44.jpg HTTP/1.1" 200 89808 "-" "Mozilla/5.0 AppleWebKit/537.36 (KHTML, like Gecko; compatible; bingbot/2.0; +http://www.bing.com/bingbot.htm) Chrome/103.0.5060.134 Safari/537.36" "ysfine.com"
157.55.39.55 - - [19/Oct/2022:03:41:55 -0700] "GET /maga/phys/huy27.jpg HTTP/1.1" 200 145093 "-" "Mozilla/5.0 AppleWebKit/537.36 (KHTML, like Gecko; compatible; bingbot/2.0; +http://www.bing.com/bingbot.htm) Chrome/103.0.5060.134 Safari/537.36" "ysfine.com"
95.163.255.61 - - [19/Oct/2022:03:42:12 -0700] "GET /kowar/mil/tank06.jpg HTTP/1.1" 404 88 "http://go.mail.ru/search_images" "Mozilla/5.0 (compatible; Linux x86_64; Mail.RU_Bot/Img/2.0; +https://help.mail.ru/webmaster/indexing/robots)" "ysfine.com"
157.55.39.54 - - [19/Oct/2022:03:43:00 -0700] "GET /ffriends/amkor/kboys01.jpg HTTP/1.1" 200 173063 "-" "Mozilla/5.0 AppleWebKit/537.36 (KHTML, like Gecko; compatible; bingbot/2.0; +http://www.bing.com/bingbot.htm) Chrome/103.0.5060.134 Safari/537.36" "ysfine.com"
40.77.167.27 - - [19/Oct/2022:03:43:23 -0700] "GET /world/poland/jablo13.jpg HTTP/1.1" 200 64557 "-" "Mozilla/5.0 AppleWebKit/537.36 (KHTML, like Gecko; compatible; bingbot/2.0; +http://www.bing.com/bingbot.htm) Chrome/103.0.5060.134 Safari/537.36" "ysfine.com"
40.77.167.27 - - [19/Oct/2022:03:43:24 -0700] "GET /einstein/dff11.jpg HTTP/1.1" 200 39077 "-" "Mozilla/5.0 AppleWebKit/537.36 (KHTML, like Gecko; compatible; bingbot/2.0; +http://www.bing.com/bingbot.htm) Chrome/103.0.5060.134 Safari/537.36" "ysfine.com"
157.55.39.54 - - [19/Oct/2022:03:44:20 -0700] "GET /home/resonance11.jpg HTTP/1.1" 200 55090 "-" "Mozilla/5.0 (compatible; bingbot/2.0; +http://www.bing.com/bingbot.htm)" "ysfine.com"
157.55.39.55 - - [19/Oct/2022:03:44:25 -0700] "GET /dirac/pspace11b.jpg HTTP/1.1" 200 54493 "-" "Mozilla/5.0 (compatible; bingbot/2.0; +http://www.bing.com/bingbot.htm)" "www.ysfine.com"
171.253.177.74 - - [19/Oct/2022:03:44:30 -0700] "GET /kowar/panmun04.jpg HTTP/1.1" 200 126386 "https://www.google.com/" "Mozilla/5.0 (iPad; CPU OS 15_6 like Mac OS X) AppleWebKit/605.1.15 (KHTML, like Gecko) CriOS/106.0.5249.92 Mobile/15E148 Safari/604.1" "ysfine.com"
77.75.79.95 - - [19/Oct/2022:03:45:11 -0700] "GET /robots.txt HTTP/1.1" 404 88 "-" "Mozilla/5.0 (compatible; SeznamBot/3.2; +http://napoveda.seznam.cz/en/seznambot-intro/)" "ysfine.com"
77.75.79.95 - - [19/Oct/2022:03:45:12 -0700] "GET /feynman/ppic/licone01.jpg HTTP/1.1" 200 46416 "-" "Mozilla/5.0 (compatible; SeznamBot/3.2; +http://napoveda.seznam.cz/en/seznambot-intro/)" "ysfine.com"
77.75.79.95 - - [19/Oct/2022:03:45:14 -0700] "GET /world/ital/milvio05.jpg HTTP/1.1" 304 - "-" "Mozilla/5.0 (compatible; SeznamBot/3.2; +http://napoveda.seznam.cz/en/seznambot-intro/)" "ysfine.com"
77.75.79.95 - - [19/Oct/2022:03:45:15 -0700] "GET /maga/phys/sine33.jpg HTTP/1.1" 200 72721 "-" "Mozilla/5.0 (compatible; SeznamBot/3.2; +http://napoveda.seznam.cz/en/seznambot-intro/)" "ysfine.com"
77.75.79.95 - - [19/Oct/2022:03:45:17 -0700] "GET /people/mott01.jpg HTTP/1.1" 304 - "-" "Mozilla/5.0 (compatible; SeznamBot/3.2; +http://napoveda.seznam.cz/en/seznambot-intro/)" "ysfine.com"
155.105.110.117 - - [19/Oct/2022:03:45:26 -0700] "GET /princeton/alexan22.jpg HTTP/1.1" 200 175436 "https://www.google.com/" "Mozilla/5.0 (Windows NT 10.0; WOW64) AppleWebKit/537.36 (KHTML, like Gecko) Chrome/106.0.0.0 Safari/537.36" "ysfine.com"
65.21.237.125 - - [19/Oct/2022:03:45:39 -0700] "GET /einstein/ulm22.html HTTP/1.1" 200 6581 "https://ysfine.com/eink/index.html" "Mozilla/5.0 (compatible; SEOkicks; +https://www.seokicks.de/robot.html)" "ysfine.com"
157.55.39.128 - - [19/Oct/2022:03:45:39 -0700] "GET /wdc/oas11.jpg HTTP/1.1" 200 81059 "-" "Mozilla/5.0 (compatible; bingbot/2.0; +http://www.bing.com/bingbot.htm)" "ysfine.com"
65.21.237.125 - - [19/Oct/2022:03:45:41 -0700] "GET /wdc/index.html HTTP/1.1" 200 141 "http://ysfine.com/wdc/index.html" "Mozilla/5.0 (compatible; SEOkicks; +https://www.seokicks.de/robot.html)" "ysfine.com"
65.21.237.125 - - [19/Oct/2022:03:45:42 -0700] "GET /houses/myhouse.html HTTP/1.1" 200 1473 "http://ysfine.com/houses/myhouse.html" "Mozilla/5.0 (compatible; SEOkicks; +https://www.seokicks.de/robot.html)" "ysfine.com"
65.21.237.125 - - [19/Oct/2022:03:45:43 -0700] "GET /sbk/index.html HTTP/1.1" 200 198 "http://ysfine.com/sbk/index.html" "Mozilla/5.0 (compatible; SEOkicks; +https://www.seokicks.de/robot.html)" "ysfine.com"
46.154.150.82 - - [19/Oct/2022:03:45:44 -0700] "GET /maga/phys/solvayc27c.jpg HTTP/1.1" 200 53464 "http://www.google.com/search?biw=360&bih=680&tbm=isch&sa=1&q=schrodinger+and+einstein&oq=schrodinger+and+ei&aqs=mobile-gws-lite.0.0l5" "Mozilla/5.0 (Linux; Android 10; JNY-LX1; HMSCore 6.7.0.322) AppleWebKit/537.36 (KHTML, like Gecko) Chrome/92.0.4515.105 HuaweiBrowser/12.1.2.312 Mobile Safari/537.36" "ysfine.com"
65.21.237.125 - - [19/Oct/2022:03:45:45 -0700] "GET /einstein/einbohr.html HTTP/1.1" 200 6142 "https://ysfine.com/eink/index.html" "Mozilla/5.0 (compatible; SEOkicks; +https://www.seokicks.de/robot.html)" "ysfine.com"
65.21.237.125 - - [19/Oct/2022:03:45:46 -0700] "GET /home/100yrs.html HTTP/1.1" 200 7936 "https://ysfine.com/eink/index.html" "Mozilla/5.0 (compatible; SEOkicks; +https://www.seokicks.de/robot.html)" "ysfine.com"
65.21.237.125 - - [19/Oct/2022:03:45:48 -0700] "GET /heisen/einheisen.html HTTP/1.1" 200 5142 "https://ysfine.com/eink/index.html" "Mozilla/5.0 (compatible; SEOkicks; +https://www.seokicks.de/robot.html)" "ysfine.com"
157.55.39.127 - - [19/Oct/2022:03:45:49 -0700] "GET /princeton/cosmic22.jpg HTTP/1.1" 200 103857 "-" "Mozilla/5.0 (compatible; bingbot/2.0; +http://www.bing.com/bingbot.htm)" "ysfine.com"
65.21.237.125 - - [19/Oct/2022:03:45:49 -0700] "GET /wigner/evangel.html HTTP/1.1" 200 4831 "https://ysfine.com/eink/index.html" "Mozilla/5.0 (compatible; SEOkicks; +https://www.seokicks.de/robot.html)" "ysfine.com"
65.21.237.125 - - [19/Oct/2022:03:45:50 -0700] "GET /einstein/further.html HTTP/1.1" 200 4338 "https://ysfine.com/eink/index.html" "Mozilla/5.0 (compatible; SEOkicks; +https://www.seokicks.de/robot.html)" "ysfine.com"
65.21.237.125 - - [19/Oct/2022:03:45:52 -0700] "GET /dirac/dirk62.html HTTP/1.1" 200 3930 "https://ysfine.com/eink/index.html" "Mozilla/5.0 (compatible; SEOkicks; +https://www.seokicks.de/robot.html)" "ysfine.com"
65.21.237.125 - - [19/Oct/2022:03:45:53 -0700] "GET /feynman/index.html HTTP/1.1" 200 124 "https://ysfine.com/eink/index.html" "Mozilla/5.0 (compatible; SEOkicks; +https://www.seokicks.de/robot.html)" "ysfine.com"
77.88.5.245 - - [19/Oct/2022:03:46:01 -0700] "GET /robots.txt HTTP/1.1" 404 73 "-" "Mozilla/5.0 (compatible; YandexBot/3.0; +http://yandex.com/bots)" "www.ysfine.com"
77.88.5.46 - - [19/Oct/2022:03:46:05 -0700] "GET /world/hungary/pecs02.jpg HTTP/1.1" 200 134441 "-" "Mozilla/5.0 (compatible; YandexImages/3.0; +http://yandex.com/bots)" "www.ysfine.com"
110.224.22.102 - - [19/Oct/2022:03:46:12 -0700] "GET /maga/marx.html HTTP/1.1" 200 5871 "https://www.google.com/" "Mozilla/5.0 (Linux; Android 11; M2010J19SI) AppleWebKit/537.36 (KHTML, like Gecko) Chrome/94.0.4606.85 Mobile Safari/537.36" "ysfine.com"
110.224.22.102 - - [19/Oct/2022:03:46:12 -0700] "GET /maga/phil/marxlon01b.jpg HTTP/1.1" 200 55777 "https://ysfine.com/maga/marx.html" "Mozilla/5.0 (Linux; Android 11; M2010J19SI) AppleWebKit/537.36 (KHTML, like Gecko) Chrome/94.0.4606.85 Mobile Safari/537.36" "ysfine.com"
110.224.22.102 - - [19/Oct/2022:03:46:12 -0700] "GET /favicon.ico HTTP/1.1" 404 88 "https://ysfine.com/maga/marx.html" "Mozilla/5.0 (Linux; Android 11; M2010J19SI) AppleWebKit/537.36 (KHTML, like Gecko) Chrome/94.0.4606.85 Mobile Safari/537.36" "ysfine.com"
110.224.22.102 - - [19/Oct/2022:03:46:12 -0700] "GET /maga/phil/marxmos01b.jpg HTTP/1.1" 200 26995 "https://ysfine.com/maga/marx.html" "Mozilla/5.0 (Linux; Android 11; M2010J19SI) AppleWebKit/537.36 (KHTML, like Gecko) Chrome/94.0.4606.85 Mobile Safari/537.36" "ysfine.com"
110.224.22.102 - - [19/Oct/2022:03:46:12 -0700] "GET /maga/phil/marxber22b.jpg HTTP/1.1" 200 48373 "https://ysfine.com/maga/marx.html" "Mozilla/5.0 (Linux; Android 11; M2010J19SI) AppleWebKit/537.36 (KHTML, like Gecko) Chrome/94.0.4606.85 Mobile Safari/537.36" "ysfine.com"
110.224.22.102 - - [19/Oct/2022:03:46:12 -0700] "GET /maga/phil/marxber600.jpg HTTP/1.1" 200 54098 "https://ysfine.com/maga/marx.html" "Mozilla/5.0 (Linux; Android 11; M2010J19SI) AppleWebKit/537.36 (KHTML, like Gecko) Chrome/94.0.4606.85 Mobile Safari/537.36" "ysfine.com"
110.224.22.102 - - [19/Oct/2022:03:46:12 -0700] "GET /maga/phil/marxlon600.jpg HTTP/1.1" 200 90900 "https://ysfine.com/maga/marx.html" "Mozilla/5.0 (Linux; Android 11; M2010J19SI) AppleWebKit/537.36 (KHTML, like Gecko) Chrome/94.0.4606.85 Mobile Safari/537.36" "ysfine.com"
110.224.22.102 - - [19/Oct/2022:03:46:25 -0700] "GET /maga/phil/hume02b.jpg HTTP/1.1" 200 52835 "https://ysfine.com/maga/marx.html" "Mozilla/5.0 (Linux; Android 11; M2010J19SI) AppleWebKit/537.36 (KHTML, like Gecko) Chrome/94.0.4606.85 Mobile Safari/537.36" "ysfine.com"
110.224.22.102 - - [19/Oct/2022:03:46:25 -0700] "GET /maga/phil/mao100b.jpg HTTP/1.1" 200 55761 "https://ysfine.com/maga/marx.html" "Mozilla/5.0 (Linux; Android 11; M2010J19SI) AppleWebKit/537.36 (KHTML, like Gecko) Chrome/94.0.4606.85 Mobile Safari/537.36" "ysfine.com"
110.224.22.102 - - [19/Oct/2022:03:46:27 -0700] "GET /maga/phil/chou01b.jpg HTTP/1.1" 200 45775 "https://ysfine.com/maga/marx.html" "Mozilla/5.0 (Linux; Android 11; M2010J19SI) AppleWebKit/537.36 (KHTML, like Gecko) Chrome/94.0.4606.85 Mobile Safari/537.36" "ysfine.com"
110.224.22.102 - - [19/Oct/2022:03:46:27 -0700] "GET /wisdom/mil/tank05b.jpg HTTP/1.1" 200 48742 "https://ysfine.com/maga/marx.html" "Mozilla/5.0 (Linux; Android 11; M2010J19SI) AppleWebKit/537.36 (KHTML, like Gecko) Chrome/94.0.4606.85 Mobile Safari/537.36" "ysfine.com"
110.224.22.102 - - [19/Oct/2022:03:46:27 -0700] "GET /wisdom/mil/sherman44b.jpg HTTP/1.1" 200 34454 "https://ysfine.com/maga/marx.html" "Mozilla/5.0 (Linux; Android 11; M2010J19SI) AppleWebKit/537.36 (KHTML, like Gecko) Chrome/94.0.4606.85 Mobile Safari/537.36" "ysfine.com"
110.224.22.102 - - [19/Oct/2022:03:46:29 -0700] "GET /einstein/einbohr11b.jpg HTTP/1.1" 200 37538 "https://ysfine.com/maga/marx.html" "Mozilla/5.0 (Linux; Android 11; M2010J19SI) AppleWebKit/537.36 (KHTML, like Gecko) Chrome/94.0.4606.85 Mobile Safari/537.36" "ysfine.com"
110.224.22.102 - - [19/Oct/2022:03:46:29 -0700] "GET /einstein/evol22b.jpg HTTP/1.1" 200 29614 "https://ysfine.com/maga/marx.html" "Mozilla/5.0 (Linux; Android 11; M2010J19SI) AppleWebKit/537.36 (KHTML, like Gecko) Chrome/94.0.4606.85 Mobile Safari/537.36" "ysfine.com"
110.224.22.102 - - [19/Oct/2022:03:46:29 -0700] "GET /feynman/feygell66b.jpg HTTP/1.1" 200 28843 "https://ysfine.com/maga/marx.html" "Mozilla/5.0 (Linux; Android 11; M2010J19SI) AppleWebKit/537.36 (KHTML, like Gecko) Chrome/94.0.4606.85 Mobile Safari/537.36" "ysfine.com"
169.197.142.180 - - [19/Oct/2022:03:47:12 -0700] "GET /kobak/sl628.jpg HTTP/1.1" 200 225100 "https://cn.bing.com/" "Mozilla/5.0 (Macintosh; Intel Mac OS X 10_15_7) AppleWebKit/605.1.15 (KHTML, like Gecko) Version/15.6.1 Safari/605.1.15" "ysfine.com"
