40.77.167.27 - - [09/Oct/2022:07:26:35 -0700] "GET /style/musee/perga12.jpg HTTP/1.1" 200 112089 "-" "Mozilla/5.0 AppleWebKit/537.36 (KHTML, like Gecko; compatible; bingbot/2.0; +http://www.bing.com/bingbot.htm) Chrome/103.0.5060.134 Safari/537.36" "ysfine.com"
157.55.39.55 - - [09/Oct/2022:07:27:18 -0700] "GET /maga/phys/schrod22.jpg HTTP/1.1" 200 41352 "-" "Mozilla/5.0 (compatible; bingbot/2.0; +http://www.bing.com/bingbot.htm)" "www.ysfine.com"
157.55.39.58 - - [09/Oct/2022:07:27:20 -0700] "GET /world/france/nicef09.jpg HTTP/1.1" 200 132399 "-" "Mozilla/5.0 (compatible; bingbot/2.0; +http://www.bing.com/bingbot.htm)" "ysfine.com"
5.113.141.130 - - [09/Oct/2022:07:27:32 -0700] "GET /maga/histo/desiree22.jpg HTTP/1.1" 200 113561 "https://www.google.com/" "Mozilla/5.0 (Windows NT 6.1; Win64; x64) AppleWebKit/537.36 (KHTML, like Gecko) Chrome/105.0.0.0 Safari/537.36" "ysfine.com"
108.35.17.126 - - [09/Oct/2022:07:27:38 -0700] "GET /einstein/einhouse11.jpg HTTP/1.1" 200 109026 "https://www.google.com/" "Mozilla/5.0 (Windows NT 10.0; Win64; x64) AppleWebKit/537.36 (KHTML, like Gecko) Chrome/106.0.0.0 Safari/537.36" "ysfine.com"
157.55.39.127 - - [09/Oct/2022:07:27:48 -0700] "GET /bio/yspapers/aipproc2005.pdf HTTP/1.1" 404 88 "-" "Mozilla/5.0 (compatible; bingbot/2.0; +http://www.bing.com/bingbot.htm)" "ysfine.com"
207.46.13.102 - - [09/Oct/2022:07:27:54 -0700] "GET /einstein/dual.html HTTP/1.1" 200 950 "-" "Mozilla/5.0 AppleWebKit/537.36 (KHTML, like Gecko; compatible; bingbot/2.0; +http://www.bing.com/bingbot.htm) Chrome/103.0.5060.134 Safari/537.36" "ysfine.com"
5.113.141.130 - - [09/Oct/2022:07:28:00 -0700] "GET /maga/histo/oscar22.jpg HTTP/1.1" 200 101665 "https://www.google.com/" "Mozilla/5.0 (Windows NT 6.1; Win64; x64) AppleWebKit/537.36 (KHTML, like Gecko) Chrome/105.0.0.0 Safari/537.36" "ysfine.com"
173.73.80.118 - - [09/Oct/2022:07:28:03 -0700] "GET /favicon.ico HTTP/1.1" 404 88 "https://ysfine.com/ys11/" "Mozilla/5.0 (Windows NT 10.0; Win64; x64) AppleWebKit/537.36 (KHTML, like Gecko) Chrome/105.0.0.0 Safari/537.36" "ysfine.com"
157.55.39.55 - - [09/Oct/2022:07:28:39 -0700] "GET /bio/dirac/locovar.html HTTP/1.1" 404 88 "-" "Mozilla/5.0 (compatible; bingbot/2.0; +http://www.bing.com/bingbot.htm)" "ysfine.com"
5.188.210.21 - - [09/Oct/2022:07:28:44 -0700] "GET /world/travel.html HTTP/1.1" 200 5186 "https://www.ysfine.com/world/travel.html" "Mozilla/5.0 (Windows NT 10.0; Win64; x64) AppleWebKit/537.36 (KHTML, like Gecko) Chrome/90.0.4430.85 Safari/537.36" "www.ysfine.com"
5.188.210.21 - - [09/Oct/2022:07:28:45 -0700] "GET / HTTP/1.1" 200 15910 "https://www.ysfine.com/" "Mozilla/5.0 (Windows NT 10.0; Win64; x64) AppleWebKit/537.36 (KHTML, like Gecko) Chrome/90.0.4430.85 Safari/537.36" "www.ysfine.com"
5.113.141.130 - - [09/Oct/2022:07:28:56 -0700] "GET /maga/histo/desiree21.jpg HTTP/1.1" 200 91829 "https://www.google.com/" "Mozilla/5.0 (Windows NT 6.1; Win64; x64) AppleWebKit/537.36 (KHTML, like Gecko) Chrome/105.0.0.0 Safari/537.36" "ysfine.com"
157.55.39.128 - - [09/Oct/2022:07:29:52 -0700] "GET /feynman/feyfirm66c.jpg HTTP/1.1" 200 36701 "-" "Mozilla/5.0 (compatible; bingbot/2.0; +http://www.bing.com/bingbot.htm)" "ysfine.com"
173.73.80.118 - - [09/Oct/2022:07:30:07 -0700] "GET /favicon.ico HTTP/1.1" 404 88 "https://ysfine.com/ys11/" "Mozilla/5.0 (Windows NT 10.0; Win64; x64) AppleWebKit/537.36 (KHTML, like Gecko) Chrome/105.0.0.0 Safari/537.36" "ysfine.com"
66.249.66.43 - - [09/Oct/2022:07:30:33 -0700] "GET /world/russ/spbnv06b.jpg HTTP/1.1" 200 41431 "-" "Googlebot-Image/1.0" "ysfine.com"
90.171.242.82 - - [09/Oct/2022:07:30:47 -0700] "GET /princeton/dulles.jpg HTTP/1.1" 200 84176 "http://el9ymedio.com/" "Mozilla/5.0 (iPhone; CPU iPhone OS 15_6 like Mac OS X) AppleWebKit/605.1.15 (KHTML, like Gecko) CriOS/96.0.4664.101 Mobile/15E148 Safari/604.1" "ysfine.com"
89.135.8.41 - - [09/Oct/2022:07:30:57 -0700] "GET /bio/kobak/yalta22b.jpg HTTP/1.1" 404 88 "https://www.bing.com/" "Mozilla/5.0 (Windows NT 10.0; Win64; x64) AppleWebKit/537.36 (KHTML, like Gecko) Chrome/106.0.0.0 Safari/537.36 Edg/106.0.1370.34" "ysfine.com"
89.135.8.41 - - [09/Oct/2022:07:30:57 -0700] "GET /bio/kobak/yalta33b.jpg HTTP/1.1" 404 88 "https://www.bing.com/" "Mozilla/5.0 (Windows NT 10.0; Win64; x64) AppleWebKit/537.36 (KHTML, like Gecko) Chrome/106.0.0.0 Safari/537.36 Edg/106.0.1370.34" "ysfine.com"
89.135.8.41 - - [09/Oct/2022:07:30:57 -0700] "GET /bio/kobak/yalta.jpg HTTP/1.1" 404 88 "https://www.bing.com/" "Mozilla/5.0 (Windows NT 10.0; Win64; x64) AppleWebKit/537.36 (KHTML, like Gecko) Chrome/106.0.0.0 Safari/537.36 Edg/106.0.1370.34" "www.ysfine.com"
173.73.80.118 - - [09/Oct/2022:07:31:28 -0700] "GET /ys22/dondon.html HTTP/1.1" 401 90 "https://ysfine.com/ys11/" "Mozilla/5.0 (Windows NT 10.0; Win64; x64) AppleWebKit/537.36 (KHTML, like Gecko) Chrome/105.0.0.0 Safari/537.36" "ysfine.com"
173.73.80.118 - - [09/Oct/2022:07:31:40 -0700] "GET /ys11/ HTTP/1.1" 304 - "-" "Mozilla/5.0 (Windows NT 10.0; Win64; x64) AppleWebKit/537.36 (KHTML, like Gecko) Chrome/106.0.0.0 Safari/537.36 Edg/106.0.1370.37" "ysfine.com"
173.73.80.118 - - [09/Oct/2022:07:31:40 -0700] "GET /favicon.ico HTTP/1.1" 404 88 "https://ysfine.com/ys11/" "Mozilla/5.0 (Windows NT 10.0; Win64; x64) AppleWebKit/537.36 (KHTML, like Gecko) Chrome/106.0.0.0 Safari/537.36 Edg/106.0.1370.37" "ysfine.com"
173.73.80.118 - - [09/Oct/2022:07:31:42 -0700] "GET /ys22/dondon.html HTTP/1.1" 401 90 "https://ysfine.com/ys11/" "Mozilla/5.0 (Windows NT 10.0; Win64; x64) AppleWebKit/537.36 (KHTML, like Gecko) Chrome/106.0.0.0 Safari/537.36 Edg/106.0.1370.37" "ysfine.com"
173.73.80.118 - jake [09/Oct/2022:07:31:44 -0700] "GET /ys22/dondon.html HTTP/1.1" 200 2035 "https://ysfine.com/ys11/" "Mozilla/5.0 (Windows NT 10.0; Win64; x64) AppleWebKit/537.36 (KHTML, like Gecko) Chrome/106.0.0.0 Safari/537.36 Edg/106.0.1370.37" "ysfine.com"
157.55.39.127 - - [09/Oct/2022:07:31:48 -0700] "GET /jobs/spainj.html HTTP/1.1" 200 1603 "-" "Mozilla/5.0 (compatible; bingbot/2.0; +http://www.bing.com/bingbot.htm)" "ysfine.com"
157.55.39.58 - - [09/Oct/2022:07:32:03 -0700] "GET /bio/bio10a.html HTTP/1.1" 404 88 "-" "Mozilla/5.0 (compatible; bingbot/2.0; +http://www.bing.com/bingbot.htm)" "ysfine.com"
222.186.42.120 - - [09/Oct/2022:07:32:04 -0700] "GET /include/dialog/select_soft_post.php HTTP/1.1" 404 88 "http://192.168.125.128/1.html" "Mozilla/5.0 (Windows NT 10.0; Win64; x64) AppleWebKit/537.36 (KHTML, like Gecko) Chrome/70.0.3538.110 Safari/537.36" "ysfine.com"
40.77.167.27 - - [09/Oct/2022:07:32:35 -0700] "GET /world/scandi/copen038.jpg HTTP/1.1" 200 102032 "-" "Mozilla/5.0 AppleWebKit/537.36 (KHTML, like Gecko; compatible; bingbot/2.0; +http://www.bing.com/bingbot.htm) Chrome/103.0.5060.134 Safari/537.36" "ysfine.com"
173.73.80.118 - - [09/Oct/2022:07:33:01 -0700] "GET /ys22/dondon.html HTTP/1.1" 401 90 "https://ysfine.com/ys11/" "Mozilla/5.0 (Windows NT 10.0; Win64; x64) AppleWebKit/537.36 (KHTML, like Gecko) Chrome/105.0.0.0 Safari/537.36" "ysfine.com"
173.73.80.118 - - [09/Oct/2022:07:33:10 -0700] "GET /ys22/dondon.html HTTP/1.1" 401 90 "https://ysfine.com/ys11/" "Mozilla/5.0 (Windows NT 10.0; Win64; x64) AppleWebKit/537.36 (KHTML, like Gecko) Chrome/105.0.0.0 Safari/537.36" "ysfine.com"
173.73.80.118 - - [09/Oct/2022:07:33:18 -0700] "GET /ys11/ HTTP/1.1" 200 3413 "-" "Mozilla/5.0 (Windows NT 10.0; Win64; x64) AppleWebKit/537.36 (KHTML, like Gecko) Chrome/105.0.5195.127 Safari/537.36" "ysfine.com"
173.73.80.118 - - [09/Oct/2022:07:33:18 -0700] "GET /favicon.ico HTTP/1.1" 404 88 "https://ysfine.com/ys11/" "Mozilla/5.0 (Windows NT 10.0; Win64; x64) AppleWebKit/537.36 (KHTML, like Gecko) Chrome/105.0.5195.127 Safari/537.36" "ysfine.com"
157.55.39.55 - - [09/Oct/2022:07:33:19 -0700] "GET /kobak/sobeach.html HTTP/1.1" 200 1149 "-" "Mozilla/5.0 (compatible; bingbot/2.0; +http://www.bing.com/bingbot.htm)" "ysfine.com"
173.73.80.118 - - [09/Oct/2022:07:33:20 -0700] "GET /ys22/dondon.html HTTP/1.1" 401 90 "https://ysfine.com/ys11/" "Mozilla/5.0 (Windows NT 10.0; Win64; x64) AppleWebKit/537.36 (KHTML, like Gecko) Chrome/105.0.5195.127 Safari/537.36" "ysfine.com"
173.73.80.118 - jake [09/Oct/2022:07:33:22 -0700] "GET /ys22/dondon.html HTTP/1.1" 200 2035 "https://ysfine.com/ys11/" "Mozilla/5.0 (Windows NT 10.0; Win64; x64) AppleWebKit/537.36 (KHTML, like Gecko) Chrome/105.0.5195.127 Safari/537.36" "ysfine.com"
157.55.39.127 - - [09/Oct/2022:07:33:27 -0700] "GET /princeton/wilson06b.jpg HTTP/1.1" 200 36387 "-" "Mozilla/5.0 (compatible; bingbot/2.0; +http://www.bing.com/bingbot.htm)" "www.ysfine.com"
157.55.39.55 - - [09/Oct/2022:07:33:59 -0700] "GET /bio/style/ystyle.html HTTP/1.1" 404 88 "-" "Mozilla/5.0 (compatible; bingbot/2.0; +http://www.bing.com/bingbot.htm)" "ysfine.com"
157.55.39.58 - - [09/Oct/2022:07:34:41 -0700] "GET /awards/top100f.jpg HTTP/1.1" 200 204255 "-" "Mozilla/5.0 (compatible; bingbot/2.0; +http://www.bing.com/bingbot.htm)" "www.ysfine.com"
157.55.39.128 - - [09/Oct/2022:07:34:53 -0700] "GET /world/baltic/tallin80.jpg HTTP/1.1" 200 130916 "-" "Mozilla/5.0 (compatible; bingbot/2.0; +http://www.bing.com/bingbot.htm)" "ysfine.com"
157.55.39.58 - - [09/Oct/2022:07:35:01 -0700] "GET /philo/pontdg10c.jpg HTTP/1.1" 200 48696 "-" "Mozilla/5.0 AppleWebKit/537.36 (KHTML, like Gecko; compatible; bingbot/2.0; +http://www.bing.com/bingbot.htm) Chrome/103.0.5060.134 Safari/537.36" "www.ysfine.com"
173.73.80.118 - - [09/Oct/2022:07:35:14 -0700] "GET /favicon.ico HTTP/1.1" 404 88 "https://ysfine.com/home/yshome.html" "Mozilla/5.0 (Windows NT 10.0; Win64; x64) AppleWebKit/537.36 (KHTML, like Gecko) Chrome/105.0.0.0 Safari/537.36" "ysfine.com"
173.73.80.118 - - [09/Oct/2022:07:35:22 -0700] "GET /bio/index.html HTTP/1.1" 404 88 "-" "Mozilla/5.0 (Windows NT 10.0; Win64; x64) AppleWebKit/537.36 (KHTML, like Gecko) Chrome/105.0.0.0 Safari/537.36" "ysfine.com"
157.55.39.128 - - [09/Oct/2022:07:35:25 -0700] "GET /bio/bio05.html HTTP/1.1" 404 88 "-" "Mozilla/5.0 (compatible; bingbot/2.0; +http://www.bing.com/bingbot.htm)" "ysfine.com"
173.73.80.118 - - [09/Oct/2022:07:35:32 -0700] "GET /bio/index.html HTTP/1.1" 404 88 "-" "Mozilla/5.0 (Windows NT 10.0; Win64; x64) AppleWebKit/537.36 (KHTML, like Gecko) Chrome/105.0.0.0 Safari/537.36" "ysfine.com"
173.73.80.118 - - [09/Oct/2022:07:35:36 -0700] "GET /eink/index.html HTTP/1.1" 200 17659 "-" "Mozilla/5.0 (Windows NT 10.0; Win64; x64) AppleWebKit/537.36 (KHTML, like Gecko) Chrome/105.0.0.0 Safari/537.36" "ysfine.com"
173.73.80.118 - - [09/Oct/2022:07:35:37 -0700] "GET /style/ysnr11c.jpg HTTP/1.1" 200 34793 "https://ysfine.com/eink/index.html" "Mozilla/5.0 (Windows NT 10.0; Win64; x64) AppleWebKit/537.36 (KHTML, like Gecko) Chrome/105.0.0.0 Safari/537.36" "ysfine.com"
173.73.80.118 - - [09/Oct/2022:07:35:37 -0700] "GET /eink/abombs11c.jpg HTTP/1.1" 200 27039 "https://ysfine.com/eink/index.html" "Mozilla/5.0 (Windows NT 10.0; Win64; x64) AppleWebKit/537.36 (KHTML, like Gecko) Chrome/105.0.0.0 Safari/537.36" "ysfine.com"
173.73.80.118 - - [09/Oct/2022:07:35:37 -0700] "GET /einstein/einglaub01c.jpg HTTP/1.1" 200 36935 "https://ysfine.com/eink/index.html" "Mozilla/5.0 (Windows NT 10.0; Win64; x64) AppleWebKit/537.36 (KHTML, like Gecko) Chrome/105.0.0.0 Safari/537.36" "ysfine.com"
173.73.80.118 - - [09/Oct/2022:07:35:37 -0700] "GET /eink/weber88c.jpg HTTP/1.1" 200 24641 "https://ysfine.com/eink/index.html" "Mozilla/5.0 (Windows NT 10.0; Win64; x64) AppleWebKit/537.36 (KHTML, like Gecko) Chrome/105.0.0.0 Safari/537.36" "ysfine.com"
173.73.80.118 - - [09/Oct/2022:07:35:37 -0700] "GET /eink/einhouse11c.jpg HTTP/1.1" 200 32610 "https://ysfine.com/eink/index.html" "Mozilla/5.0 (Windows NT 10.0; Win64; x64) AppleWebKit/537.36 (KHTML, like Gecko) Chrome/105.0.0.0 Safari/537.36" "ysfine.com"
173.73.80.118 - - [09/Oct/2022:07:35:37 -0700] "GET /eink/church06c.jpg HTTP/1.1" 200 33897 "https://ysfine.com/eink/index.html" "Mozilla/5.0 (Windows NT 10.0; Win64; x64) AppleWebKit/537.36 (KHTML, like Gecko) Chrome/105.0.0.0 Safari/537.36" "ysfine.com"
173.73.80.118 - - [09/Oct/2022:07:35:37 -0700] "GET /einstein/eindc33c.jpg HTTP/1.1" 200 60609 "https://ysfine.com/eink/index.html" "Mozilla/5.0 (Windows NT 10.0; Win64; x64) AppleWebKit/537.36 (KHTML, like Gecko) Chrome/105.0.0.0 Safari/537.36" "ysfine.com"
173.73.80.118 - - [09/Oct/2022:07:35:37 -0700] "GET /eink/einsaru22f.jpg HTTP/1.1" 200 76202 "https://ysfine.com/eink/index.html" "Mozilla/5.0 (Windows NT 10.0; Win64; x64) AppleWebKit/537.36 (KHTML, like Gecko) Chrome/105.0.0.0 Safari/537.36" "ysfine.com"
173.73.80.118 - - [09/Oct/2022:07:35:37 -0700] "GET /eink/lorentz21c.jpg HTTP/1.1" 200 36448 "https://ysfine.com/eink/index.html" "Mozilla/5.0 (Windows NT 10.0; Win64; x64) AppleWebKit/537.36 (KHTML, like Gecko) Chrome/105.0.0.0 Safari/537.36" "ysfine.com"
173.73.80.118 - - [09/Oct/2022:07:35:37 -0700] "GET /eink/abomb66c.jpg HTTP/1.1" 200 22350 "https://ysfine.com/eink/index.html" "Mozilla/5.0 (Windows NT 10.0; Win64; x64) AppleWebKit/537.36 (KHTML, like Gecko) Chrome/105.0.0.0 Safari/537.36" "ysfine.com"
173.73.80.118 - - [09/Oct/2022:07:35:37 -0700] "GET /eink/iop21c.jpg HTTP/1.1" 200 31991 "https://ysfine.com/eink/index.html" "Mozilla/5.0 (Windows NT 10.0; Win64; x64) AppleWebKit/537.36 (KHTML, like Gecko) Chrome/105.0.0.0 Safari/537.36" "ysfine.com"
173.73.80.118 - - [09/Oct/2022:07:35:37 -0700] "GET /eink/kbrain11f.jpg HTTP/1.1" 200 56023 "https://ysfine.com/eink/index.html" "Mozilla/5.0 (Windows NT 10.0; Win64; x64) AppleWebKit/537.36 (KHTML, like Gecko) Chrome/105.0.0.0 Safari/537.36" "ysfine.com"
173.73.80.118 - - [09/Oct/2022:07:35:37 -0700] "GET /eink/ecitizen40c.jpg HTTP/1.1" 200 29979 "https://ysfine.com/eink/index.html" "Mozilla/5.0 (Windows NT 10.0; Win64; x64) AppleWebKit/537.36 (KHTML, like Gecko) Chrome/105.0.0.0 Safari/537.36" "ysfine.com"
173.73.80.118 - - [09/Oct/2022:07:35:37 -0700] "GET /eink/pwk33c.jpg HTTP/1.1" 200 30700 "https://ysfine.com/eink/index.html" "Mozilla/5.0 (Windows NT 10.0; Win64; x64) AppleWebKit/537.36 (KHTML, like Gecko) Chrome/105.0.0.0 Safari/537.36" "ysfine.com"
173.73.80.118 - - [09/Oct/2022:07:35:37 -0700] "GET /dirac/dirac39c.jpg HTTP/1.1" 200 54568 "https://ysfine.com/eink/index.html" "Mozilla/5.0 (Windows NT 10.0; Win64; x64) AppleWebKit/537.36 (KHTML, like Gecko) Chrome/105.0.0.0 Safari/537.36" "ysfine.com"
173.73.80.118 - - [09/Oct/2022:07:35:37 -0700] "GET /eink/berlinmus05c.jpg HTTP/1.1" 200 33956 "https://ysfine.com/eink/index.html" "Mozilla/5.0 (Windows NT 10.0; Win64; x64) AppleWebKit/537.36 (KHTML, like Gecko) Chrome/105.0.0.0 Safari/537.36" "ysfine.com"
173.73.80.118 - - [09/Oct/2022:07:35:37 -0700] "GET /dirac/dirbust22c.jpg HTTP/1.1" 304 - "https://ysfine.com/eink/index.html" "Mozilla/5.0 (Windows NT 10.0; Win64; x64) AppleWebKit/537.36 (KHTML, like Gecko) Chrome/105.0.0.0 Safari/537.36" "ysfine.com"
173.73.80.118 - - [09/Oct/2022:07:35:37 -0700] "GET /dirac/o32inho22c.jpg HTTP/1.1" 200 33038 "https://ysfine.com/eink/index.html" "Mozilla/5.0 (Windows NT 10.0; Win64; x64) AppleWebKit/537.36 (KHTML, like Gecko) Chrome/105.0.0.0 Safari/537.36" "ysfine.com"
173.73.80.118 - - [09/Oct/2022:07:35:37 -0700] "GET /eink/capitol05c.jpg HTTP/1.1" 200 23405 "https://ysfine.com/eink/index.html" "Mozilla/5.0 (Windows NT 10.0; Win64; x64) AppleWebKit/537.36 (KHTML, like Gecko) Chrome/105.0.0.0 Safari/537.36" "ysfine.com"
173.73.80.118 - - [09/Oct/2022:07:35:37 -0700] "GET /feynman/feynman300.jpg HTTP/1.1" 200 18273 "https://ysfine.com/eink/index.html" "Mozilla/5.0 (Windows NT 10.0; Win64; x64) AppleWebKit/537.36 (KHTML, like Gecko) Chrome/105.0.0.0 Safari/537.36" "ysfine.com"
173.73.80.118 - - [09/Oct/2022:07:35:37 -0700] "GET /eink/timemag46c.jpg HTTP/1.1" 200 49661 "https://ysfine.com/eink/index.html" "Mozilla/5.0 (Windows NT 10.0; Win64; x64) AppleWebKit/537.36 (KHTML, like Gecko) Chrome/105.0.0.0 Safari/537.36" "ysfine.com"
173.73.80.118 - - [09/Oct/2022:07:35:37 -0700] "GET /feynman/feydirac300.jpg HTTP/1.1" 200 38223 "https://ysfine.com/eink/index.html" "Mozilla/5.0 (Windows NT 10.0; Win64; x64) AppleWebKit/537.36 (KHTML, like Gecko) Chrome/105.0.0.0 Safari/537.36" "ysfine.com"
173.73.80.118 - - [09/Oct/2022:07:35:37 -0700] "GET /eink/enterprize61c.jpg HTTP/1.1" 200 40611 "https://ysfine.com/eink/index.html" "Mozilla/5.0 (Windows NT 10.0; Win64; x64) AppleWebKit/537.36 (KHTML, like Gecko) Chrome/105.0.0.0 Safari/537.36" "ysfine.com"
173.73.80.118 - - [09/Oct/2022:07:35:37 -0700] "GET /eink/comet40f.jpg HTTP/1.1" 200 97314 "https://ysfine.com/eink/index.html" "Mozilla/5.0 (Windows NT 10.0; Win64; x64) AppleWebKit/537.36 (KHTML, like Gecko) Chrome/105.0.0.0 Safari/537.36" "ysfine.com"
173.73.80.118 - - [09/Oct/2022:07:35:37 -0700] "GET /eink/feynman43c.jpg HTTP/1.1" 200 39256 "https://ysfine.com/eink/index.html" "Mozilla/5.0 (Windows NT 10.0; Win64; x64) AppleWebKit/537.36 (KHTML, like Gecko) Chrome/105.0.0.0 Safari/537.36" "ysfine.com"
173.73.80.118 - - [09/Oct/2022:07:35:37 -0700] "GET /eink/newtein77f.jpg HTTP/1.1" 200 46322 "https://ysfine.com/eink/index.html" "Mozilla/5.0 (Windows NT 10.0; Win64; x64) AppleWebKit/537.36 (KHTML, like Gecko) Chrome/105.0.0.0 Safari/537.36" "ysfine.com"
173.73.80.118 - - [09/Oct/2022:07:35:37 -0700] "GET /home/eink77c.jpg HTTP/1.1" 304 - "https://ysfine.com/eink/index.html" "Mozilla/5.0 (Windows NT 10.0; Win64; x64) AppleWebKit/537.36 (KHTML, like Gecko) Chrome/105.0.0.0 Safari/537.36" "ysfine.com"
173.73.80.118 - - [09/Oct/2022:07:35:37 -0700] "GET /yspapers/iop19c.jpg HTTP/1.1" 200 40220 "https://ysfine.com/eink/index.html" "Mozilla/5.0 (Windows NT 10.0; Win64; x64) AppleWebKit/537.36 (KHTML, like Gecko) Chrome/105.0.0.0 Safari/537.36" "ysfine.com"
173.73.80.118 - - [09/Oct/2022:07:35:37 -0700] "GET /eink/parton900.jpg HTTP/1.1" 200 126652 "https://ysfine.com/eink/index.html" "Mozilla/5.0 (Windows NT 10.0; Win64; x64) AppleWebKit/537.36 (KHTML, like Gecko) Chrome/105.0.0.0 Safari/537.36" "ysfine.com"
173.73.80.118 - - [09/Oct/2022:07:35:37 -0700] "GET /eink/einbohr11c.jpg HTTP/1.1" 200 37811 "https://ysfine.com/eink/index.html" "Mozilla/5.0 (Windows NT 10.0; Win64; x64) AppleWebKit/537.36 (KHTML, like Gecko) Chrome/105.0.0.0 Safari/537.36" "ysfine.com"
173.73.80.118 - - [09/Oct/2022:07:35:37 -0700] "GET /wigner/wigheis11c.jpg HTTP/1.1" 200 41279 "https://ysfine.com/eink/index.html" "Mozilla/5.0 (Windows NT 10.0; Win64; x64) AppleWebKit/537.36 (KHTML, like Gecko) Chrome/105.0.0.0 Safari/537.36" "ysfine.com"
173.73.80.118 - - [09/Oct/2022:07:35:37 -0700] "GET /eink/dirackn900.jpg HTTP/1.1" 200 121605 "https://ysfine.com/eink/index.html" "Mozilla/5.0 (Windows NT 10.0; Win64; x64) AppleWebKit/537.36 (KHTML, like Gecko) Chrome/105.0.0.0 Safari/537.36" "ysfine.com"
173.73.80.118 - - [09/Oct/2022:07:35:37 -0700] "GET /eink/einbern66c.jpg HTTP/1.1" 200 51134 "https://ysfine.com/eink/index.html" "Mozilla/5.0 (Windows NT 10.0; Win64; x64) AppleWebKit/537.36 (KHTML, like Gecko) Chrome/105.0.0.0 Safari/537.36" "ysfine.com"
173.73.80.118 - - [09/Oct/2022:07:35:37 -0700] "GET /eink/tollwig11c.jpg HTTP/1.1" 200 30318 "https://ysfine.com/eink/index.html" "Mozilla/5.0 (Windows NT 10.0; Win64; x64) AppleWebKit/537.36 (KHTML, like Gecko) Chrome/105.0.0.0 Safari/537.36" "ysfine.com"
173.73.80.118 - - [09/Oct/2022:07:35:37 -0700] "GET /eink/feyfirm66c.jpg HTTP/1.1" 200 30766 "https://ysfine.com/eink/index.html" "Mozilla/5.0 (Windows NT 10.0; Win64; x64) AppleWebKit/537.36 (KHTML, like Gecko) Chrome/105.0.0.0 Safari/537.36" "ysfine.com"
173.73.80.118 - - [09/Oct/2022:07:35:37 -0700] "GET /eink/comet900.jpg HTTP/1.1" 200 110150 "https://ysfine.com/eink/index.html" "Mozilla/5.0 (Windows NT 10.0; Win64; x64) AppleWebKit/537.36 (KHTML, like Gecko) Chrome/105.0.0.0 Safari/537.36" "ysfine.com"
173.73.80.118 - - [09/Oct/2022:07:35:37 -0700] "GET /eink/einbohr900.jpg HTTP/1.1" 200 62710 "https://ysfine.com/eink/index.html" "Mozilla/5.0 (Windows NT 10.0; Win64; x64) AppleWebKit/537.36 (KHTML, like Gecko) Chrome/105.0.0.0 Safari/537.36" "ysfine.com"
173.73.80.118 - - [09/Oct/2022:07:35:37 -0700] "GET /eink/emc22c.jpg HTTP/1.1" 200 32175 "https://ysfine.com/eink/index.html" "Mozilla/5.0 (Windows NT 10.0; Win64; x64) AppleWebKit/537.36 (KHTML, like Gecko) Chrome/105.0.0.0 Safari/537.36" "ysfine.com"
207.46.13.102 - - [09/Oct/2022:07:36:05 -0700] "GET /bio/princeton/bagpipes.html HTTP/1.1" 404 88 "-" "Mozilla/5.0 (compatible; bingbot/2.0; +http://www.bing.com/bingbot.htm)" "ysfine.com"
40.77.167.27 - - [09/Oct/2022:07:36:17 -0700] "GET /world/latina/rio056b.jpg HTTP/1.1" 200 30911 "-" "Mozilla/5.0 (compatible; bingbot/2.0; +http://www.bing.com/bingbot.htm)" "ysfine.com"
157.55.39.58 - - [09/Oct/2022:07:36:21 -0700] "GET /world/brit/oxlon56.jpg HTTP/1.1" 200 116824 "-" "Mozilla/5.0 (compatible; bingbot/2.0; +http://www.bing.com/bingbot.htm)" "ysfine.com"
207.46.13.102 - - [09/Oct/2022:07:36:24 -0700] "GET /jobs/koreaj.html HTTP/1.1" 200 10214 "-" "Mozilla/5.0 (compatible; bingbot/2.0; +http://www.bing.com/bingbot.htm)" "www.ysfine.com"
5.113.81.167 - - [09/Oct/2022:07:36:33 -0700] "GET /einstein/einbohr33.jpg HTTP/1.1" 200 87797 "https://www.google.com/" "Mozilla/5.0 (iPhone; CPU iPhone OS 16_0 like Mac OS X) AppleWebKit/605.1.15 (KHTML, like Gecko) Version/16.0 Mobile/15E148 Safari/604.1" "ysfine.com"
157.55.39.58 - - [09/Oct/2022:07:36:53 -0700] "GET /bio/einstein/einqm.html HTTP/1.1" 404 88 "-" "Mozilla/5.0 AppleWebKit/537.36 (KHTML, like Gecko; compatible; bingbot/2.0; +http://www.bing.com/bingbot.htm) Chrome/103.0.5060.134 Safari/537.36" "ysfine.com"
207.46.13.102 - - [09/Oct/2022:07:37:15 -0700] "GET /world/baltic/riga35.jpg HTTP/1.1" 200 71508 "-" "Mozilla/5.0 (compatible; bingbot/2.0; +http://www.bing.com/bingbot.htm)" "ysfine.com"
157.55.39.58 - - [09/Oct/2022:07:37:32 -0700] "GET /wigner/wig270.jpg HTTP/1.1" 200 43273 "-" "Mozilla/5.0 (compatible; bingbot/2.0; +http://www.bing.com/bingbot.htm)" "ysfine.com"
187.57.73.245 - - [09/Oct/2022:07:37:43 -0700] "GET /dirac/dirac63.jpg HTTP/1.1" 200 83306 "https://www.google.com/" "Mozilla/5.0 (Windows NT 10.0; Win64; x64) AppleWebKit/537.36 (KHTML, like Gecko) Chrome/105.0.0.0 Safari/537.36" "ysfine.com"
187.57.73.245 - - [09/Oct/2022:07:37:44 -0700] "GET /dirac/wigsis11.jpg HTTP/1.1" 200 71741 "https://www.google.com/" "Mozilla/5.0 (Windows NT 10.0; Win64; x64) AppleWebKit/537.36 (KHTML, like Gecko) Chrome/105.0.0.0 Safari/537.36" "ysfine.com"
84.31.127.107 - - [09/Oct/2022:07:37:46 -0700] "GET /maga/phys/huygens01.jpg HTTP/1.1" 200 1130486 "https://www.bing.com/" "Mozilla/5.0 (Windows NT 10.0; Win64; x64) AppleWebKit/537.36 (KHTML, like Gecko) Chrome/106.0.0.0 Safari/537.36 Edg/106.0.1370.34" "www.ysfine.com"
40.77.167.27 - - [09/Oct/2022:07:37:56 -0700] "GET /style/musee/ath004.jpg HTTP/1.1" 200 108040 "-" "Mozilla/5.0 (compatible; bingbot/2.0; +http://www.bing.com/bingbot.htm)" "ysfine.com"
66.249.66.40 - - [09/Oct/2022:07:38:26 -0700] "GET /usca/pitt/kerry11b.jpg HTTP/1.1" 200 29670 "-" "Googlebot-Image/1.0" "ysfine.com"
183.136.225.44 - - [09/Oct/2022:07:38:28 -0700] "GET / HTTP/1.1" 200 15910 "-" "Mozilla/5.0 (Macintosh; Intel Mac OS X 10.11; rv:47.0) Gecko/20100101 Firefox/47.0" "www.ysfine.com"
183.136.225.44 - - [09/Oct/2022:07:38:44 -0700] "GET / HTTP/1.1" 200 15910 "-" "Mozilla/5.0 (Macintosh; Intel Mac OS X 10.11; rv:47.0) Gecko/20100101 Firefox/47.0" "www.ysfine.com"
174.240.208.129 - - [09/Oct/2022:07:38:51 -0700] "GET /maga/invent/westing.jpg HTTP/1.1" 200 89836 "https://www.google.com/" "Mozilla/5.0 (iPhone; CPU iPhone OS 15_6 like Mac OS X) AppleWebKit/605.1.15 (KHTML, like Gecko) CriOS/106.0.5249.92 Mobile/15E148 Safari/604.1" "ysfine.com"
183.136.225.44 - - [09/Oct/2022:07:38:54 -0700] "GET / HTTP/1.1" 200 5283 "-" "Mozilla/5.0 (Windows NT 6.1; WOW64) AppleWebKit/537.36 (KHTML, like Gecko) Chrome/63.0.3239.132 Safari/537.36 QIHU 360SE" "www.ysfine.com"
183.136.225.44 - - [09/Oct/2022:07:38:56 -0700] "GET /favicon.ico HTTP/1.1" 404 88 "-" "Mozilla/5.0 (Windows NT 6.1; WOW64) AppleWebKit/537.36 (KHTML, like Gecko) Chrome/63.0.3239.132 Safari/537.36 QIHU 360SE" "www.ysfine.com"
183.136.225.44 - - [09/Oct/2022:07:39:01 -0700] "GET /robots.txt HTTP/1.1" 404 88 "-" "Mozilla/5.0 (Windows NT 6.1; WOW64) AppleWebKit/537.36 (KHTML, like Gecko) Chrome/63.0.3239.132 Safari/537.36 QIHU 360SE" "www.ysfine.com"
157.55.39.127 - - [09/Oct/2022:07:39:47 -0700] "GET /home/100yrs.html HTTP/1.1" 200 7936 "-" "Mozilla/5.0 AppleWebKit/537.36 (KHTML, like Gecko; compatible; bingbot/2.0; +http://www.bing.com/bingbot.htm) Chrome/103.0.5060.134 Safari/537.36" "www.ysfine.com"
157.55.39.58 - - [09/Oct/2022:07:40:43 -0700] "GET /world/ital/capri03.jpg HTTP/1.1" 200 64534 "-" "Mozilla/5.0 (compatible; bingbot/2.0; +http://www.bing.com/bingbot.htm)" "ysfine.com"
157.55.39.127 - - [09/Oct/2022:07:40:48 -0700] "GET /world/poland/krch03.jpg HTTP/1.1" 200 92797 "-" "Mozilla/5.0 AppleWebKit/537.36 (KHTML, like Gecko; compatible; bingbot/2.0; +http://www.bing.com/bingbot.htm) Chrome/103.0.5060.134 Safari/537.36" "ysfine.com"
40.77.167.27 - - [09/Oct/2022:07:41:16 -0700] "GET /world/ital/panth06.jpg HTTP/1.1" 200 82777 "-" "Mozilla/5.0 (compatible; bingbot/2.0; +http://www.bing.com/bingbot.htm)" "ysfine.com"
46.2.56.234 - - [09/Oct/2022:07:42:06 -0700] "GET /princeton/wilspoin.jpg HTTP/1.1" 200 84978 "https://www.google.com/" "Mozilla/5.0 (Macintosh; Intel Mac OS X 10_15_7) AppleWebKit/605.1.15 (KHTML, like Gecko) Version/15.5 Safari/605.1.15" "ysfine.com"
185.69.145.100 - - [09/Oct/2022:07:42:14 -0700] "GET /class54/pics/g112.jpg HTTP/1.1" 200 91531 "https://www.google.com/" "Mozilla/5.0 (iPhone; CPU iPhone OS 15_6_1 like Mac OS X) AppleWebKit/605.1.15 (KHTML, like Gecko) Version/15.6.1 Mobile/15E148 Safari/604.1" "ysfine.com"
40.77.167.27 - - [09/Oct/2022:07:42:37 -0700] "GET /style/flamen3.jpg HTTP/1.1" 200 70160 "-" "Mozilla/5.0 (compatible; bingbot/2.0; +http://www.bing.com/bingbot.htm)" "ysfine.com"
207.46.13.102 - - [09/Oct/2022:07:42:55 -0700] "GET /world/france/frpolice02.jpg HTTP/1.1" 200 103238 "-" "Mozilla/5.0 (compatible; bingbot/2.0; +http://www.bing.com/bingbot.htm)" "www.ysfine.com"
157.55.39.127 - - [09/Oct/2022:07:43:18 -0700] "GET /dongio/amkor/koprof05.jpg HTTP/1.1" 404 88 "-" "Mozilla/5.0 (compatible; bingbot/2.0; +http://www.bing.com/bingbot.htm)" "ysfine.com"
157.55.39.127 - - [09/Oct/2022:07:45:30 -0700] "GET /bio/feynman/partons.html HTTP/1.1" 404 88 "-" "Mozilla/5.0 (compatible; bingbot/2.0; +http://www.bing.com/bingbot.htm)" "ysfine.com"
207.46.13.102 - - [09/Oct/2022:07:46:06 -0700] "GET /remote/wigner111/frame18.html HTTP/1.1" 200 1033 "-" "Mozilla/5.0 (compatible; bingbot/2.0; +http://www.bing.com/bingbot.htm)" "ysfine.com"
157.55.39.58 - - [09/Oct/2022:07:46:13 -0700] "GET /bio/yspapers/iopbook15.pdf HTTP/1.1" 404 88 "-" "Mozilla/5.0 AppleWebKit/537.36 (KHTML, like Gecko; compatible; bingbot/2.0; +http://www.bing.com/bingbot.htm) Chrome/103.0.5060.134 Safari/537.36" "ysfine.com"
157.55.39.128 - - [09/Oct/2022:07:47:15 -0700] "GET /kowar/garand02c.jpg HTTP/1.1" 200 19263 "-" "Mozilla/5.0 (compatible; bingbot/2.0; +http://www.bing.com/bingbot.htm)" "www.ysfine.com"
5.68.51.74 - - [09/Oct/2022:07:47:36 -0700] "GET /world/brit/etonharrow.html HTTP/1.1" 200 4546 "https://www.google.com/" "Mozilla/5.0 (Windows NT 10.0; Win64; x64) AppleWebKit/537.36 (KHTML, like Gecko) Chrome/106.0.0.0 Safari/537.36" "ysfine.com"
5.68.51.74 - - [09/Oct/2022:07:47:36 -0700] "GET /world/brit/winston01b.jpg HTTP/1.1" 200 38436 "https://ysfine.com/world/brit/etonharrow.html" "Mozilla/5.0 (Windows NT 10.0; Win64; x64) AppleWebKit/537.36 (KHTML, like Gecko) Chrome/106.0.0.0 Safari/537.36" "ysfine.com"
5.68.51.74 - - [09/Oct/2022:07:47:36 -0700] "GET /world/brit/eton01b.jpg HTTP/1.1" 200 47771 "https://ysfine.com/world/brit/etonharrow.html" "Mozilla/5.0 (Windows NT 10.0; Win64; x64) AppleWebKit/537.36 (KHTML, like Gecko) Chrome/106.0.0.0 Safari/537.36" "ysfine.com"
5.68.51.74 - - [09/Oct/2022:07:47:36 -0700] "GET /kobak/kwk11b.jpg HTTP/1.1" 200 46888 "https://ysfine.com/world/brit/etonharrow.html" "Mozilla/5.0 (Windows NT 10.0; Win64; x64) AppleWebKit/537.36 (KHTML, like Gecko) Chrome/106.0.0.0 Safari/537.36" "ysfine.com"
5.68.51.74 - - [09/Oct/2022:07:47:36 -0700] "GET /world/brit/nehru11b.jpg HTTP/1.1" 200 43052 "https://ysfine.com/world/brit/etonharrow.html" "Mozilla/5.0 (Windows NT 10.0; Win64; x64) AppleWebKit/537.36 (KHTML, like Gecko) Chrome/106.0.0.0 Safari/537.36" "ysfine.com"
5.68.51.74 - - [09/Oct/2022:07:47:36 -0700] "GET /world/brit/eton02b.jpg HTTP/1.1" 200 39432 "https://ysfine.com/world/brit/etonharrow.html" "Mozilla/5.0 (Windows NT 10.0; Win64; x64) AppleWebKit/537.36 (KHTML, like Gecko) Chrome/106.0.0.0 Safari/537.36" "ysfine.com"
5.68.51.74 - - [09/Oct/2022:07:47:36 -0700] "GET /world/brit/eton07b.jpg HTTP/1.1" 200 36566 "https://ysfine.com/world/brit/etonharrow.html" "Mozilla/5.0 (Windows NT 10.0; Win64; x64) AppleWebKit/537.36 (KHTML, like Gecko) Chrome/106.0.0.0 Safari/537.36" "ysfine.com"
5.68.51.74 - - [09/Oct/2022:07:47:36 -0700] "GET /world/brit/eton03b.jpg HTTP/1.1" 200 45141 "https://ysfine.com/world/brit/etonharrow.html" "Mozilla/5.0 (Windows NT 10.0; Win64; x64) AppleWebKit/537.36 (KHTML, like Gecko) Chrome/106.0.0.0 Safari/537.36" "ysfine.com"
5.68.51.74 - - [09/Oct/2022:07:47:36 -0700] "GET /world/brit/windsor02b.jpg HTTP/1.1" 200 40724 "https://ysfine.com/world/brit/etonharrow.html" "Mozilla/5.0 (Windows NT 10.0; Win64; x64) AppleWebKit/537.36 (KHTML, like Gecko) Chrome/106.0.0.0 Safari/537.36" "ysfine.com"
5.68.51.74 - - [09/Oct/2022:07:47:36 -0700] "GET /world/brit/harrow09b.jpg HTTP/1.1" 200 48797 "https://ysfine.com/world/brit/etonharrow.html" "Mozilla/5.0 (Windows NT 10.0; Win64; x64) AppleWebKit/537.36 (KHTML, like Gecko) Chrome/106.0.0.0 Safari/537.36" "ysfine.com"
5.68.51.74 - - [09/Oct/2022:07:47:36 -0700] "GET /kobak/taylor33c.jpg HTTP/1.1" 200 39951 "https://ysfine.com/world/brit/etonharrow.html" "Mozilla/5.0 (Windows NT 10.0; Win64; x64) AppleWebKit/537.36 (KHTML, like Gecko) Chrome/106.0.0.0 Safari/537.36" "ysfine.com"
5.68.51.74 - - [09/Oct/2022:07:47:36 -0700] "GET /eink/pwk19c.jpg HTTP/1.1" 200 57759 "https://ysfine.com/world/brit/etonharrow.html" "Mozilla/5.0 (Windows NT 10.0; Win64; x64) AppleWebKit/537.36 (KHTML, like Gecko) Chrome/106.0.0.0 Safari/537.36" "ysfine.com"
5.68.51.74 - - [09/Oct/2022:07:47:36 -0700] "GET /world/brit/harrow04b.jpg HTTP/1.1" 200 48004 "https://ysfine.com/world/brit/etonharrow.html" "Mozilla/5.0 (Windows NT 10.0; Win64; x64) AppleWebKit/537.36 (KHTML, like Gecko) Chrome/106.0.0.0 Safari/537.36" "ysfine.com"
5.68.51.74 - - [09/Oct/2022:07:47:36 -0700] "GET /world/brit/harrow12b.jpg HTTP/1.1" 200 45104 "https://ysfine.com/world/brit/etonharrow.html" "Mozilla/5.0 (Windows NT 10.0; Win64; x64) AppleWebKit/537.36 (KHTML, like Gecko) Chrome/106.0.0.0 Safari/537.36" "ysfine.com"
5.68.51.74 - - [09/Oct/2022:07:47:36 -0700] "GET /world/brit/harrow11b.jpg HTTP/1.1" 200 42533 "https://ysfine.com/world/brit/etonharrow.html" "Mozilla/5.0 (Windows NT 10.0; Win64; x64) AppleWebKit/537.36 (KHTML, like Gecko) Chrome/106.0.0.0 Safari/537.36" "ysfine.com"
5.68.51.74 - - [09/Oct/2022:07:47:36 -0700] "GET /world/brit/harrow01b.jpg HTTP/1.1" 200 54632 "https://ysfine.com/world/brit/etonharrow.html" "Mozilla/5.0 (Windows NT 10.0; Win64; x64) AppleWebKit/537.36 (KHTML, like Gecko) Chrome/106.0.0.0 Safari/537.36" "ysfine.com"
5.68.51.74 - - [09/Oct/2022:07:47:40 -0700] "GET /favicon.ico HTTP/1.1" 404 88 "https://ysfine.com/world/brit/etonharrow.html" "Mozilla/5.0 (Windows NT 10.0; Win64; x64) AppleWebKit/537.36 (KHTML, like Gecko) Chrome/106.0.0.0 Safari/537.36" "ysfine.com"
207.46.13.102 - - [09/Oct/2022:07:47:55 -0700] "GET /world/scandi/copen017.jpg HTTP/1.1" 200 84600 "-" "Mozilla/5.0 (compatible; bingbot/2.0; +http://www.bing.com/bingbot.htm)" "ysfine.com"
207.46.13.102 - - [09/Oct/2022:07:47:56 -0700] "GET /wdc/whxmas13.jpg HTTP/1.1" 200 122233 "-" "Mozilla/5.0 AppleWebKit/537.36 (KHTML, like Gecko; compatible; bingbot/2.0; +http://www.bing.com/bingbot.htm) Chrome/103.0.5060.134 Safari/537.36" "www.ysfine.com"
207.46.13.102 - - [09/Oct/2022:07:48:46 -0700] "GET /bio/yspapers/phpr.pdf HTTP/1.1" 404 88 "-" "Mozilla/5.0 (compatible; bingbot/2.0; +http://www.bing.com/bingbot.htm)" "ysfine.com"
173.73.80.118 - - [09/Oct/2022:07:49:37 -0700] "GET /ys11/index.html HTTP/1.1" 304 - "-" "Mozilla/5.0 (Windows NT 10.0; Win64; x64) AppleWebKit/537.36 (KHTML, like Gecko) Chrome/106.0.0.0 Safari/537.36 Edg/106.0.1370.37" "www.ysfine.com"
173.73.80.118 - - [09/Oct/2022:07:49:37 -0700] "GET /favicon.ico HTTP/1.1" 404 88 "https://www.ysfine.com/ys11/index.html" "Mozilla/5.0 (Windows NT 10.0; Win64; x64) AppleWebKit/537.36 (KHTML, like Gecko) Chrome/106.0.0.0 Safari/537.36 Edg/106.0.1370.37" "www.ysfine.com"
157.55.39.128 - - [09/Oct/2022:07:49:54 -0700] "GET /world/scandi/copen043.jpg HTTP/1.1" 200 104942 "-" "Mozilla/5.0 (compatible; bingbot/2.0; +http://www.bing.com/bingbot.htm)" "ysfine.com"
173.73.80.118 - - [09/Oct/2022:07:49:55 -0700] "GET /home/yshome HTTP/1.1" 200 13618 "-" "Mozilla/5.0 (Windows NT 10.0; Win64; x64) AppleWebKit/537.36 (KHTML, like Gecko) Chrome/106.0.0.0 Safari/537.36 Edg/106.0.1370.37" "www.ysfine.com"
157.55.39.128 - - [09/Oct/2022:07:49:55 -0700] "GET /dongio/amkor/prgr06b.jpg HTTP/1.1" 404 88 "-" "Mozilla/5.0 (compatible; bingbot/2.0; +http://www.bing.com/bingbot.htm)" "ysfine.com"
173.73.80.118 - - [09/Oct/2022:07:50:19 -0700] "GET /home/bio33.html HTTP/1.1" 404 88 "-" "Mozilla/5.0 (Windows NT 10.0; Win64; x64) AppleWebKit/537.36 (KHTML, like Gecko) Chrome/106.0.0.0 Safari/537.36 Edg/106.0.1370.37" "www.ysfine.com"
173.73.80.118 - - [09/Oct/2022:07:50:45 -0700] "GET /home/index.html HTTP/1.1" 200 142 "https://www.ysfine.com/ys11/index.html" "Mozilla/5.0 (Windows NT 10.0; Win64; x64) AppleWebKit/537.36 (KHTML, like Gecko) Chrome/106.0.0.0 Safari/537.36 Edg/106.0.1370.37" "www.ysfine.com"
173.73.80.118 - - [09/Oct/2022:07:50:45 -0700] "GET /home/hmtop.html HTTP/1.1" 200 447 "https://www.ysfine.com/home/index.html" "Mozilla/5.0 (Windows NT 10.0; Win64; x64) AppleWebKit/537.36 (KHTML, like Gecko) Chrome/106.0.0.0 Safari/537.36 Edg/106.0.1370.37" "www.ysfine.com"
173.73.80.118 - - [09/Oct/2022:07:50:45 -0700] "GET /home/hmbot.html HTTP/1.1" 200 132 "https://www.ysfine.com/home/index.html" "Mozilla/5.0 (Windows NT 10.0; Win64; x64) AppleWebKit/537.36 (KHTML, like Gecko) Chrome/106.0.0.0 Safari/537.36 Edg/106.0.1370.37" "www.ysfine.com"
173.73.80.118 - - [09/Oct/2022:07:50:45 -0700] "GET /home/hmleft.html HTTP/1.1" 200 853 "https://www.ysfine.com/home/hmbot.html" "Mozilla/5.0 (Windows NT 10.0; Win64; x64) AppleWebKit/537.36 (KHTML, like Gecko) Chrome/106.0.0.0 Safari/537.36 Edg/106.0.1370.37" "www.ysfine.com"
173.73.80.118 - - [09/Oct/2022:07:50:45 -0700] "GET /home/hmrigh.html HTTP/1.1" 200 4212 "https://www.ysfine.com/home/hmbot.html" "Mozilla/5.0 (Windows NT 10.0; Win64; x64) AppleWebKit/537.36 (KHTML, like Gecko) Chrome/106.0.0.0 Safari/537.36 Edg/106.0.1370.37" "www.ysfine.com"
173.73.80.118 - - [09/Oct/2022:07:50:45 -0700] "GET /home/top21c.jpg HTTP/1.1" 304 - "https://www.ysfine.com/home/hmrigh.html" "Mozilla/5.0 (Windows NT 10.0; Win64; x64) AppleWebKit/537.36 (KHTML, like Gecko) Chrome/106.0.0.0 Safari/537.36 Edg/106.0.1370.37" "www.ysfine.com"
173.73.80.118 - - [09/Oct/2022:07:50:45 -0700] "GET /home/tollwig11c.jpg HTTP/1.1" 200 28199 "https://www.ysfine.com/home/hmrigh.html" "Mozilla/5.0 (Windows NT 10.0; Win64; x64) AppleWebKit/537.36 (KHTML, like Gecko) Chrome/106.0.0.0 Safari/537.36 Edg/106.0.1370.37" "www.ysfine.com"
173.73.80.118 - - [09/Oct/2022:07:50:45 -0700] "GET /home/eink77c.jpg HTTP/1.1" 200 47471 "https://www.ysfine.com/home/hmrigh.html" "Mozilla/5.0 (Windows NT 10.0; Win64; x64) AppleWebKit/537.36 (KHTML, like Gecko) Chrome/106.0.0.0 Safari/537.36 Edg/106.0.1370.37" "www.ysfine.com"
173.73.80.118 - - [09/Oct/2022:07:50:45 -0700] "GET /home/comet50a.jpg HTTP/1.1" 200 52015 "https://www.ysfine.com/home/hmrigh.html" "Mozilla/5.0 (Windows NT 10.0; Win64; x64) AppleWebKit/537.36 (KHTML, like Gecko) Chrome/106.0.0.0 Safari/537.36 Edg/106.0.1370.37" "www.ysfine.com"
173.73.80.118 - - [09/Oct/2022:07:50:45 -0700] "GET /home/think55c.jpg HTTP/1.1" 200 37438 "https://www.ysfine.com/home/hmrigh.html" "Mozilla/5.0 (Windows NT 10.0; Win64; x64) AppleWebKit/537.36 (KHTML, like Gecko) Chrome/106.0.0.0 Safari/537.36 Edg/106.0.1370.37" "www.ysfine.com"
173.73.80.118 - - [09/Oct/2022:07:50:45 -0700] "GET /eink/eink54a.jpg HTTP/1.1" 200 79717 "https://www.ysfine.com/home/hmrigh.html" "Mozilla/5.0 (Windows NT 10.0; Win64; x64) AppleWebKit/537.36 (KHTML, like Gecko) Chrome/106.0.0.0 Safari/537.36 Edg/106.0.1370.37" "www.ysfine.com"
173.73.80.118 - - [09/Oct/2022:07:50:45 -0700] "GET /home/further22a.jpg HTTP/1.1" 200 75776 "https://www.ysfine.com/home/hmrigh.html" "Mozilla/5.0 (Windows NT 10.0; Win64; x64) AppleWebKit/537.36 (KHTML, like Gecko) Chrome/106.0.0.0 Safari/537.36 Edg/106.0.1370.37" "www.ysfine.com"
173.73.80.118 - - [09/Oct/2022:07:50:45 -0700] "GET /home/eward55a.jpg HTTP/1.1" 200 84523 "https://www.ysfine.com/home/hmrigh.html" "Mozilla/5.0 (Windows NT 10.0; Win64; x64) AppleWebKit/537.36 (KHTML, like Gecko) Chrome/106.0.0.0 Safari/537.36 Edg/106.0.1370.37" "www.ysfine.com"
173.73.80.118 - - [09/Oct/2022:07:50:45 -0700] "GET /home/coke300.jpg HTTP/1.1" 200 50941 "https://www.ysfine.com/home/hmrigh.html" "Mozilla/5.0 (Windows NT 10.0; Win64; x64) AppleWebKit/537.36 (KHTML, like Gecko) Chrome/106.0.0.0 Safari/537.36 Edg/106.0.1370.37" "www.ysfine.com"
173.73.80.118 - - [09/Oct/2022:07:50:45 -0700] "GET /home/socrates55c.jpg HTTP/1.1" 200 36471 "https://www.ysfine.com/home/hmrigh.html" "Mozilla/5.0 (Windows NT 10.0; Win64; x64) AppleWebKit/537.36 (KHTML, like Gecko) Chrome/106.0.0.0 Safari/537.36 Edg/106.0.1370.37" "www.ysfine.com"
173.73.80.118 - - [09/Oct/2022:07:50:45 -0700] "GET /home/facu63c.jpg HTTP/1.1" 200 41710 "https://www.ysfine.com/home/hmrigh.html" "Mozilla/5.0 (Windows NT 10.0; Win64; x64) AppleWebKit/537.36 (KHTML, like Gecko) Chrome/106.0.0.0 Safari/537.36 Edg/106.0.1370.37" "www.ysfine.com"
173.73.80.118 - - [09/Oct/2022:07:50:45 -0700] "GET /home/emc22a.jpg HTTP/1.1" 200 59239 "https://www.ysfine.com/home/hmrigh.html" "Mozilla/5.0 (Windows NT 10.0; Win64; x64) AppleWebKit/537.36 (KHTML, like Gecko) Chrome/106.0.0.0 Safari/537.36 Edg/106.0.1370.37" "www.ysfine.com"
173.73.80.118 - - [09/Oct/2022:07:50:45 -0700] "GET /home/figs/einbohr33c.jpg HTTP/1.1" 200 36413 "https://www.ysfine.com/home/hmrigh.html" "Mozilla/5.0 (Windows NT 10.0; Win64; x64) AppleWebKit/537.36 (KHTML, like Gecko) Chrome/106.0.0.0 Safari/537.36 Edg/106.0.1370.37" "www.ysfine.com"
173.73.80.118 - - [09/Oct/2022:07:51:24 -0700] "GET /ysbio/index.html HTTP/1.1" 200 17367 "-" "Mozilla/5.0 (Windows NT 10.0; Win64; x64) AppleWebKit/537.36 (KHTML, like Gecko) Chrome/106.0.0.0 Safari/537.36 Edg/106.0.1370.37" "www.ysfine.com"
173.73.80.118 - - [09/Oct/2022:07:51:24 -0700] "GET /ysbio/fotos/photo00c.jpg HTTP/1.1" 200 34216 "https://www.ysfine.com/ysbio/index.html" "Mozilla/5.0 (Windows NT 10.0; Win64; x64) AppleWebKit/537.36 (KHTML, like Gecko) Chrome/106.0.0.0 Safari/537.36 Edg/106.0.1370.37" "www.ysfine.com"
173.73.80.118 - - [09/Oct/2022:07:51:24 -0700] "GET /ysbio/yskim10c.jpg HTTP/1.1" 200 88826 "https://www.ysfine.com/ysbio/index.html" "Mozilla/5.0 (Windows NT 10.0; Win64; x64) AppleWebKit/537.36 (KHTML, like Gecko) Chrome/106.0.0.0 Safari/537.36 Edg/106.0.1370.37" "www.ysfine.com"
173.73.80.118 - - [09/Oct/2022:07:51:24 -0700] "GET /ysbio/kobak/underw03c.jpg HTTP/1.1" 200 26805 "https://www.ysfine.com/ysbio/index.html" "Mozilla/5.0 (Windows NT 10.0; Win64; x64) AppleWebKit/537.36 (KHTML, like Gecko) Chrome/106.0.0.0 Safari/537.36 Edg/106.0.1370.37" "www.ysfine.com"
173.73.80.118 - - [09/Oct/2022:07:51:24 -0700] "GET /ysbio/fotos/campus06c.jpg HTTP/1.1" 200 49136 "https://www.ysfine.com/ysbio/index.html" "Mozilla/5.0 (Windows NT 10.0; Win64; x64) AppleWebKit/537.36 (KHTML, like Gecko) Chrome/106.0.0.0 Safari/537.36 Edg/106.0.1370.37" "www.ysfine.com"
173.73.80.118 - - [09/Oct/2022:07:51:24 -0700] "GET /ysbio/dirac/dirbust22c.jpg HTTP/1.1" 200 36029 "https://www.ysfine.com/ysbio/index.html" "Mozilla/5.0 (Windows NT 10.0; Win64; x64) AppleWebKit/537.36 (KHTML, like Gecko) Chrome/106.0.0.0 Safari/537.36 Edg/106.0.1370.37" "www.ysfine.com"
173.73.80.118 - - [09/Oct/2022:07:51:24 -0700] "GET /ysbio/fotos/korjap03c.jpg HTTP/1.1" 200 24308 "https://www.ysfine.com/ysbio/index.html" "Mozilla/5.0 (Windows NT 10.0; Win64; x64) AppleWebKit/537.36 (KHTML, like Gecko) Chrome/106.0.0.0 Safari/537.36 Edg/106.0.1370.37" "www.ysfine.com"
173.73.80.118 - - [09/Oct/2022:07:51:24 -0700] "GET /ysbio/bew22a.jpg HTTP/1.1" 200 88415 "https://www.ysfine.com/ysbio/index.html" "Mozilla/5.0 (Windows NT 10.0; Win64; x64) AppleWebKit/537.36 (KHTML, like Gecko) Chrome/106.0.0.0 Safari/537.36 Edg/106.0.1370.37" "www.ysfine.com"
173.73.80.118 - - [09/Oct/2022:07:51:24 -0700] "GET /ysbio/fotos/photo02c.jpg HTTP/1.1" 200 37432 "https://www.ysfine.com/ysbio/index.html" "Mozilla/5.0 (Windows NT 10.0; Win64; x64) AppleWebKit/537.36 (KHTML, like Gecko) Chrome/106.0.0.0 Safari/537.36 Edg/106.0.1370.37" "www.ysfine.com"
173.73.80.118 - - [09/Oct/2022:07:51:24 -0700] "GET /ysbio/fotos/photo04c.jpg HTTP/1.1" 200 39964 "https://www.ysfine.com/ysbio/index.html" "Mozilla/5.0 (Windows NT 10.0; Win64; x64) AppleWebKit/537.36 (KHTML, like Gecko) Chrome/106.0.0.0 Safari/537.36 Edg/106.0.1370.37" "www.ysfine.com"
173.73.80.118 - - [09/Oct/2022:07:51:24 -0700] "GET /ysbio/fotos/photo06c.jpg HTTP/1.1" 200 40796 "https://www.ysfine.com/ysbio/index.html" "Mozilla/5.0 (Windows NT 10.0; Win64; x64) AppleWebKit/537.36 (KHTML, like Gecko) Chrome/106.0.0.0 Safari/537.36 Edg/106.0.1370.37" "www.ysfine.com"
173.73.80.118 - - [09/Oct/2022:07:51:24 -0700] "GET /ysbio/fotos/house99d.jpg HTTP/1.1" 200 38264 "https://www.ysfine.com/ysbio/index.html" "Mozilla/5.0 (Windows NT 10.0; Win64; x64) AppleWebKit/537.36 (KHTML, like Gecko) Chrome/106.0.0.0 Safari/537.36 Edg/106.0.1370.37" "www.ysfine.com"
173.73.80.118 - - [09/Oct/2022:07:51:24 -0700] "GET /ysbio/sq600c.jpg HTTP/1.1" 200 18492 "https://www.ysfine.com/ysbio/index.html" "Mozilla/5.0 (Windows NT 10.0; Win64; x64) AppleWebKit/537.36 (KHTML, like Gecko) Chrome/106.0.0.0 Safari/537.36 Edg/106.0.1370.37" "www.ysfine.com"
173.73.80.118 - - [09/Oct/2022:07:51:24 -0700] "GET /ysbio/fotos/photo08c.jpg HTTP/1.1" 200 28474 "https://www.ysfine.com/ysbio/index.html" "Mozilla/5.0 (Windows NT 10.0; Win64; x64) AppleWebKit/537.36 (KHTML, like Gecko) Chrome/106.0.0.0 Safari/537.36 Edg/106.0.1370.37" "www.ysfine.com"
173.73.80.118 - - [09/Oct/2022:07:51:24 -0700] "GET /ysbio/fotos/104c.jpg HTTP/1.1" 200 35089 "https://www.ysfine.com/ysbio/index.html" "Mozilla/5.0 (Windows NT 10.0; Win64; x64) AppleWebKit/537.36 (KHTML, like Gecko) Chrome/106.0.0.0 Safari/537.36 Edg/106.0.1370.37" "www.ysfine.com"
173.73.80.118 - - [09/Oct/2022:07:51:24 -0700] "GET /ysbio/fotos/photo03c.jpg HTTP/1.1" 200 23013 "https://www.ysfine.com/ysbio/index.html" "Mozilla/5.0 (Windows NT 10.0; Win64; x64) AppleWebKit/537.36 (KHTML, like Gecko) Chrome/106.0.0.0 Safari/537.36 Edg/106.0.1370.37" "www.ysfine.com"
173.73.80.118 - - [09/Oct/2022:07:51:24 -0700] "GET /ysbio/fotos/gongdae54a.jpg HTTP/1.1" 200 58026 "https://www.ysfine.com/ysbio/index.html" "Mozilla/5.0 (Windows NT 10.0; Win64; x64) AppleWebKit/537.36 (KHTML, like Gecko) Chrome/106.0.0.0 Safari/537.36 Edg/106.0.1370.37" "www.ysfine.com"
173.73.80.118 - - [09/Oct/2022:07:51:24 -0700] "GET /ysbio/family66a.jpg HTTP/1.1" 200 66365 "https://www.ysfine.com/ysbio/index.html" "Mozilla/5.0 (Windows NT 10.0; Win64; x64) AppleWebKit/537.36 (KHTML, like Gecko) Chrome/106.0.0.0 Safari/537.36 Edg/106.0.1370.37" "www.ysfine.com"
173.73.80.118 - - [09/Oct/2022:07:51:24 -0700] "GET /ysbio/fotos/photo09c.jpg HTTP/1.1" 200 25413 "https://www.ysfine.com/ysbio/index.html" "Mozilla/5.0 (Windows NT 10.0; Win64; x64) AppleWebKit/537.36 (KHTML, like Gecko) Chrome/106.0.0.0 Safari/537.36 Edg/106.0.1370.37" "www.ysfine.com"
173.73.80.118 - - [09/Oct/2022:07:51:24 -0700] "GET /ysbio/fotos/seoul50k.jpg HTTP/1.1" 200 98437 "https://www.ysfine.com/ysbio/index.html" "Mozilla/5.0 (Windows NT 10.0; Win64; x64) AppleWebKit/537.36 (KHTML, like Gecko) Chrome/106.0.0.0 Safari/537.36 Edg/106.0.1370.37" "www.ysfine.com"
173.73.80.118 - - [09/Oct/2022:07:51:24 -0700] "GET /ysbio/fotos/101c.jpg HTTP/1.1" 200 37079 "https://www.ysfine.com/ysbio/index.html" "Mozilla/5.0 (Windows NT 10.0; Win64; x64) AppleWebKit/537.36 (KHTML, like Gecko) Chrome/106.0.0.0 Safari/537.36 Edg/106.0.1370.37" "www.ysfine.com"
173.73.80.118 - - [09/Oct/2022:07:51:24 -0700] "GET /ysbio/fotos/103c.jpg HTTP/1.1" 200 32825 "https://www.ysfine.com/ysbio/index.html" "Mozilla/5.0 (Windows NT 10.0; Win64; x64) AppleWebKit/537.36 (KHTML, like Gecko) Chrome/106.0.0.0 Safari/537.36 Edg/106.0.1370.37" "www.ysfine.com"
173.73.80.118 - - [09/Oct/2022:07:51:24 -0700] "GET /ysbio/fotos/kids20a.jpg HTTP/1.1" 200 58866 "https://www.ysfine.com/ysbio/index.html" "Mozilla/5.0 (Windows NT 10.0; Win64; x64) AppleWebKit/537.36 (KHTML, like Gecko) Chrome/106.0.0.0 Safari/537.36 Edg/106.0.1370.37" "www.ysfine.com"
173.73.80.118 - - [09/Oct/2022:07:51:24 -0700] "GET /ysbio/dirac/truck/truck18c.jpg HTTP/1.1" 200 32663 "https://www.ysfine.com/ysbio/index.html" "Mozilla/5.0 (Windows NT 10.0; Win64; x64) AppleWebKit/537.36 (KHTML, like Gecko) Chrome/106.0.0.0 Safari/537.36 Edg/106.0.1370.37" "www.ysfine.com"
173.73.80.118 - - [09/Oct/2022:07:51:24 -0700] "GET /ysbio/wigner/tollwig11c.jpg HTTP/1.1" 200 30497 "https://www.ysfine.com/ysbio/index.html" "Mozilla/5.0 (Windows NT 10.0; Win64; x64) AppleWebKit/537.36 (KHTML, like Gecko) Chrome/106.0.0.0 Safari/537.36 Edg/106.0.1370.37" "www.ysfine.com"
173.73.80.118 - - [09/Oct/2022:07:51:24 -0700] "GET /ysbio/ysrhee33c.jpg HTTP/1.1" 200 26817 "https://www.ysfine.com/ysbio/index.html" "Mozilla/5.0 (Windows NT 10.0; Win64; x64) AppleWebKit/537.36 (KHTML, like Gecko) Chrome/106.0.0.0 Safari/537.36 Edg/106.0.1370.37" "www.ysfine.com"
173.73.80.118 - - [09/Oct/2022:07:51:24 -0700] "GET /ysbio/resonance33c.jpg HTTP/1.1" 200 36247 "https://www.ysfine.com/ysbio/index.html" "Mozilla/5.0 (Windows NT 10.0; Win64; x64) AppleWebKit/537.36 (KHTML, like Gecko) Chrome/106.0.0.0 Safari/537.36 Edg/106.0.1370.37" "www.ysfine.com"
173.73.80.118 - - [09/Oct/2022:07:51:24 -0700] "GET /ysbio/top21c.jpg HTTP/1.1" 200 53120 "https://www.ysfine.com/ysbio/index.html" "Mozilla/5.0 (Windows NT 10.0; Win64; x64) AppleWebKit/537.36 (KHTML, like Gecko) Chrome/106.0.0.0 Safari/537.36 Edg/106.0.1370.37" "www.ysfine.com"
173.73.80.118 - - [09/Oct/2022:07:51:24 -0700] "GET /ysbio/fotos/einhaus450.jpg HTTP/1.1" 200 65369 "https://www.ysfine.com/ysbio/index.html" "Mozilla/5.0 (Windows NT 10.0; Win64; x64) AppleWebKit/537.36 (KHTML, like Gecko) Chrome/106.0.0.0 Safari/537.36 Edg/106.0.1370.37" "www.ysfine.com"
173.73.80.118 - - [09/Oct/2022:07:51:24 -0700] "GET /ysbio/fotos/marxlon02c.jpg HTTP/1.1" 200 47919 "https://www.ysfine.com/ysbio/index.html" "Mozilla/5.0 (Windows NT 10.0; Win64; x64) AppleWebKit/537.36 (KHTML, like Gecko) Chrome/106.0.0.0 Safari/537.36 Edg/106.0.1370.37" "www.ysfine.com"
173.73.80.118 - - [09/Oct/2022:07:51:24 -0700] "GET /ysbio/yspapers/iop20c.jpg HTTP/1.1" 200 29134 "https://www.ysfine.com/ysbio/index.html" "Mozilla/5.0 (Windows NT 10.0; Win64; x64) AppleWebKit/537.36 (KHTML, like Gecko) Chrome/106.0.0.0 Safari/537.36 Edg/106.0.1370.37" "www.ysfine.com"
173.73.80.118 - - [09/Oct/2022:07:51:24 -0700] "GET /ysbio/fotos/dirfeyn62c.jpg HTTP/1.1" 200 52150 "https://www.ysfine.com/ysbio/index.html" "Mozilla/5.0 (Windows NT 10.0; Win64; x64) AppleWebKit/537.36 (KHTML, like Gecko) Chrome/106.0.0.0 Safari/537.36 Edg/106.0.1370.37" "www.ysfine.com"
173.73.80.118 - - [09/Oct/2022:07:51:24 -0700] "GET /ysbio/fotos/taylor33c.jpg HTTP/1.1" 200 41811 "https://www.ysfine.com/ysbio/index.html" "Mozilla/5.0 (Windows NT 10.0; Win64; x64) AppleWebKit/537.36 (KHTML, like Gecko) Chrome/106.0.0.0 Safari/537.36 Edg/106.0.1370.37" "www.ysfine.com"
173.73.80.118 - - [09/Oct/2022:07:51:24 -0700] "GET /ysbio/fotos/photo05c.jpg HTTP/1.1" 200 39109 "https://www.ysfine.com/ysbio/index.html" "Mozilla/5.0 (Windows NT 10.0; Win64; x64) AppleWebKit/537.36 (KHTML, like Gecko) Chrome/106.0.0.0 Safari/537.36 Edg/106.0.1370.37" "www.ysfine.com"
173.73.80.118 - - [09/Oct/2022:07:51:24 -0700] "GET /ysbio/eward55a.jpg HTTP/1.1" 200 84523 "https://www.ysfine.com/ysbio/index.html" "Mozilla/5.0 (Windows NT 10.0; Win64; x64) AppleWebKit/537.36 (KHTML, like Gecko) Chrome/106.0.0.0 Safari/537.36 Edg/106.0.1370.37" "www.ysfine.com"
173.73.80.118 - - [09/Oct/2022:07:51:24 -0700] "GET /ysbio/wdc/jeffm02c.jpg HTTP/1.1" 200 27659 "https://www.ysfine.com/ysbio/index.html" "Mozilla/5.0 (Windows NT 10.0; Win64; x64) AppleWebKit/537.36 (KHTML, like Gecko) Chrome/106.0.0.0 Safari/537.36 Edg/106.0.1370.37" "www.ysfine.com"
173.73.80.118 - - [09/Oct/2022:07:51:24 -0700] "GET /ysbio/wdc/eindc03c.jpg HTTP/1.1" 200 48446 "https://www.ysfine.com/ysbio/index.html" "Mozilla/5.0 (Windows NT 10.0; Win64; x64) AppleWebKit/537.36 (KHTML, like Gecko) Chrome/106.0.0.0 Safari/537.36 Edg/106.0.1370.37" "www.ysfine.com"
173.73.80.118 - - [09/Oct/2022:07:51:24 -0700] "GET /ysbio/fotos/105c.jpg HTTP/1.1" 200 41825 "https://www.ysfine.com/ysbio/index.html" "Mozilla/5.0 (Windows NT 10.0; Win64; x64) AppleWebKit/537.36 (KHTML, like Gecko) Chrome/106.0.0.0 Safari/537.36 Edg/106.0.1370.37" "www.ysfine.com"
173.73.80.118 - - [09/Oct/2022:07:51:24 -0700] "GET /ysbio/yspr61c.jpg HTTP/1.1" 200 50632 "https://www.ysfine.com/ysbio/index.html" "Mozilla/5.0 (Windows NT 10.0; Win64; x64) AppleWebKit/537.36 (KHTML, like Gecko) Chrome/106.0.0.0 Safari/537.36 Edg/106.0.1370.37" "www.ysfine.com"
