103.37.49.197 - - [08/Oct/2022:21:31:17 -0700] "GET /einstein/further.html HTTP/1.1" 200 4338 "https://ysfine.com/home/wcartoon.html" "Mozilla/5.0 (Windows NT 10.0; Win64; x64; rv:105.0) Gecko/20100101 Firefox/105.0" "ysfine.com"
103.37.49.197 - - [08/Oct/2022:21:31:18 -0700] "GET /einstein/eward33f.jpg HTTP/1.1" 200 77764 "https://ysfine.com/einstein/further.html" "Mozilla/5.0 (Windows NT 10.0; Win64; x64; rv:105.0) Gecko/20100101 Firefox/105.0" "ysfine.com"
103.37.49.197 - - [08/Oct/2022:21:31:18 -0700] "GET /einstein/eins05c.jpg HTTP/1.1" 200 52461 "https://ysfine.com/einstein/further.html" "Mozilla/5.0 (Windows NT 10.0; Win64; x64; rv:105.0) Gecko/20100101 Firefox/105.0" "ysfine.com"
103.37.49.197 - - [08/Oct/2022:21:31:18 -0700] "GET /einstein/einbohr33c.jpg HTTP/1.1" 200 36410 "https://ysfine.com/einstein/further.html" "Mozilla/5.0 (Windows NT 10.0; Win64; x64; rv:105.0) Gecko/20100101 Firefox/105.0" "ysfine.com"
103.37.49.197 - - [08/Oct/2022:21:31:18 -0700] "GET /einstein/ewk86f.jpg HTTP/1.1" 200 127172 "https://ysfine.com/einstein/further.html" "Mozilla/5.0 (Windows NT 10.0; Win64; x64; rv:105.0) Gecko/20100101 Firefox/105.0" "ysfine.com"
103.37.49.197 - - [08/Oct/2022:21:31:18 -0700] "GET /einstein/places/einha01c.jpg HTTP/1.1" 200 39982 "https://ysfine.com/einstein/further.html" "Mozilla/5.0 (Windows NT 10.0; Win64; x64; rv:105.0) Gecko/20100101 Firefox/105.0" "ysfine.com"
103.37.49.197 - - [08/Oct/2022:21:31:18 -0700] "GET /einstein/dirfeyn55f.jpg HTTP/1.1" 200 106448 "https://ysfine.com/einstein/further.html" "Mozilla/5.0 (Windows NT 10.0; Win64; x64; rv:105.0) Gecko/20100101 Firefox/105.0" "ysfine.com"
103.37.49.197 - - [08/Oct/2022:21:31:18 -0700] "GET /einstein/newtwig11f.jpg HTTP/1.1" 200 75618 "https://ysfine.com/einstein/further.html" "Mozilla/5.0 (Windows NT 10.0; Win64; x64; rv:105.0) Gecko/20100101 Firefox/105.0" "ysfine.com"
103.37.49.197 - - [08/Oct/2022:21:31:18 -0700] "GET /einstein/newtein11f.jpg HTTP/1.1" 200 75467 "https://ysfine.com/einstein/further.html" "Mozilla/5.0 (Windows NT 10.0; Win64; x64; rv:105.0) Gecko/20100101 Firefox/105.0" "ysfine.com"
103.37.49.197 - - [08/Oct/2022:21:31:18 -0700] "GET /einstein/places/einha02c.jpg HTTP/1.1" 200 23710 "https://ysfine.com/einstein/further.html" "Mozilla/5.0 (Windows NT 10.0; Win64; x64; rv:105.0) Gecko/20100101 Firefox/105.0" "ysfine.com"
114.119.128.14 - - [08/Oct/2022:21:31:21 -0700] "GET /wigner/weissk.html HTTP/1.1" 200 3299 "http://tikalon.com/blog/blog.php?article=2011/collaboration" "Mozilla/5.0 (Linux; Android 7.0;) AppleWebKit/537.36 (KHTML, like Gecko) Mobile Safari/537.36 (compatible; PetalBot;+https://webmaster.petalsearch.com/site/petalbot)" "ysfine.com"
66.249.66.40 - - [08/Oct/2022:21:31:47 -0700] "GET /einstein/einhouse11.jpg HTTP/1.1" 304 - "-" "Googlebot-Image/1.0" "ysfine.com"
114.119.128.162 - - [08/Oct/2022:21:32:53 -0700] "GET /remote/sisfa12aa/frame26.html HTTP/1.1" 200 319 "https://ysfine.com/remote/sisfa12aa/frame25.html" "Mozilla/5.0 (Linux; Android 7.0;) AppleWebKit/537.36 (KHTML, like Gecko) Mobile Safari/537.36 (compatible; PetalBot;+https://webmaster.petalsearch.com/site/petalbot)" "ysfine.com"
69.194.143.140 - - [08/Oct/2022:21:32:56 -0700] "GET /ads.txt HTTP/1.1" 404 88 "-" "Mozilla/5.0 (Macintosh; Intel Mac OS X 10_15_1) AppleWebKit/537.36 (KHTML, like Gecko) Chrome/84.0.4103.61 Safari/537.37" "ysfine.com"
69.194.143.140 - - [08/Oct/2022:21:32:56 -0700] "GET /ads.txt HTTP/1.1" 404 88 "-" "Mozilla/5.0 (Macintosh; Intel Mac OS X 10_15_1) AppleWebKit/537.36 (KHTML, like Gecko) Chrome/84.0.4103.61 Safari/537.37" "ysfine.com"
207.46.13.102 - - [08/Oct/2022:21:33:08 -0700] "GET /bio/dwf.html HTTP/1.1" 404 88 "-" "Mozilla/5.0 (compatible; bingbot/2.0; +http://www.bing.com/bingbot.htm)" "ysfine.com"
157.55.39.127 - - [08/Oct/2022:21:33:29 -0700] "GET /bio/yspapers/minsk05.pdf HTTP/1.1" 404 88 "-" "Mozilla/5.0 (compatible; bingbot/2.0; +http://www.bing.com/bingbot.htm)" "ysfine.com"
114.119.128.142 - - [08/Oct/2022:21:34:23 -0700] "GET /princeton/index.html HTTP/1.1" 200 140 "https://ysfine.com/ffriends/british.html" "Mozilla/5.0 (Linux; Android 7.0;) AppleWebKit/537.36 (KHTML, like Gecko) Mobile Safari/537.36 (compatible; PetalBot;+https://webmaster.petalsearch.com/site/petalbot)" "ysfine.com"
157.55.39.58 - - [08/Oct/2022:21:34:53 -0700] "GET /bio/awards/bio44.html HTTP/1.1" 404 88 "-" "Mozilla/5.0 (compatible; bingbot/2.0; +http://www.bing.com/bingbot.htm)" "ysfine.com"
157.55.39.58 - - [08/Oct/2022:21:36:35 -0700] "GET /bio/dwf22.html HTTP/1.1" 404 88 "-" "Mozilla/5.0 (compatible; bingbot/2.0; +http://www.bing.com/bingbot.htm)" "ysfine.com"
114.119.128.158 - - [08/Oct/2022:21:36:49 -0700] "GET /princeton/prtop.html HTTP/1.1" 200 389 "-" "Mozilla/5.0 (Linux; Android 7.0;) AppleWebKit/537.36 (KHTML, like Gecko) Mobile Safari/537.36 (compatible; PetalBot;+https://webmaster.petalsearch.com/site/petalbot)" "ysfine.com"
207.46.13.102 - - [08/Oct/2022:21:36:49 -0700] "GET /bio/dirac/dirheisen.html HTTP/1.1" 404 88 "-" "Mozilla/5.0 (compatible; bingbot/2.0; +http://www.bing.com/bingbot.htm)" "ysfine.com"
114.119.128.142 - - [08/Oct/2022:21:38:22 -0700] "GET /class54/class5470/total_data/sub_291.htm HTTP/1.1" 200 3370 "https://ysfine.com/class54/class5470/total_data/sub_275.htm" "Mozilla/5.0 (Linux; Android 7.0;) AppleWebKit/537.36 (KHTML, like Gecko) Mobile Safari/537.36 (compatible; PetalBot;+https://webmaster.petalsearch.com/site/petalbot)" "ysfine.com"
157.55.39.58 - - [08/Oct/2022:21:38:54 -0700] "GET /people/zeilinger2.jpg HTTP/1.1" 200 30410 "-" "Mozilla/5.0 (compatible; bingbot/2.0; +http://www.bing.com/bingbot.htm)" "www.ysfine.com"
40.77.167.95 - - [08/Oct/2022:21:38:55 -0700] "GET /robots.txt HTTP/1.1" 404 88 "-" "Mozilla/5.0 (compatible; bingbot/2.0; +http://www.bing.com/bingbot.htm)" "www.ysfine.com"
103.37.49.197 - - [08/Oct/2022:21:38:58 -0700] "GET /wigner/e(2).html HTTP/1.1" 200 4288 "https://ysfine.com/einstein/further.html" "Mozilla/5.0 (Windows NT 10.0; Win64; x64; rv:105.0) Gecko/20100101 Firefox/105.0" "ysfine.com"
103.37.49.197 - - [08/Oct/2022:21:38:58 -0700] "GET /wigner/hk88b.jpg HTTP/1.1" 200 41438 "https://ysfine.com/wigner/e(2).html" "Mozilla/5.0 (Windows NT 10.0; Win64; x64; rv:105.0) Gecko/20100101 Firefox/105.0" "ysfine.com"
103.37.49.197 - - [08/Oct/2022:21:38:58 -0700] "GET /eink/eink61c.jpg HTTP/1.1" 200 34119 "https://ysfine.com/wigner/e(2).html" "Mozilla/5.0 (Windows NT 10.0; Win64; x64; rv:105.0) Gecko/20100101 Firefox/105.0" "ysfine.com"
103.37.49.197 - - [08/Oct/2022:21:38:58 -0700] "GET /wigner/neupol01b.jpg HTTP/1.1" 200 30797 "https://ysfine.com/wigner/e(2).html" "Mozilla/5.0 (Windows NT 10.0; Win64; x64; rv:105.0) Gecko/20100101 Firefox/105.0" "ysfine.com"
103.37.49.197 - - [08/Oct/2022:21:38:58 -0700] "GET /wigner/euclid05b.jpg HTTP/1.1" 200 33016 "https://ysfine.com/wigner/e(2).html" "Mozilla/5.0 (Windows NT 10.0; Win64; x64; rv:105.0) Gecko/20100101 Firefox/105.0" "ysfine.com"
103.37.49.197 - - [08/Oct/2022:21:38:58 -0700] "GET /wigner/isomor77c.jpg HTTP/1.1" 200 43414 "https://ysfine.com/wigner/e(2).html" "Mozilla/5.0 (Windows NT 10.0; Win64; x64; rv:105.0) Gecko/20100101 Firefox/105.0" "ysfine.com"
103.37.49.197 - - [08/Oct/2022:21:38:58 -0700] "GET /wigner/mzero03c.jpg HTTP/1.1" 200 22641 "https://ysfine.com/wigner/e(2).html" "Mozilla/5.0 (Windows NT 10.0; Win64; x64; rv:105.0) Gecko/20100101 Firefox/105.0" "ysfine.com"
103.37.49.197 - - [08/Oct/2022:21:38:58 -0700] "GET /wigner/wigwein33b.jpg HTTP/1.1" 200 42269 "https://ysfine.com/wigner/e(2).html" "Mozilla/5.0 (Windows NT 10.0; Win64; x64; rv:105.0) Gecko/20100101 Firefox/105.0" "ysfine.com"
114.119.128.14 - - [08/Oct/2022:21:40:09 -0700] "GET /kobak/repose.html HTTP/1.1" 200 4578 "https://www.ysfine.com/home/bio44.html" "Mozilla/5.0 (Linux; Android 7.0;) AppleWebKit/537.36 (KHTML, like Gecko) Mobile Safari/537.36 (compatible; PetalBot;+https://webmaster.petalsearch.com/site/petalbot)" "www.ysfine.com"
66.249.66.40 - - [08/Oct/2022:21:40:38 -0700] "GET /world/ital/venice18b.jpg HTTP/1.1" 200 42442 "-" "Googlebot-Image/1.0" "ysfine.com"
157.55.39.55 - - [08/Oct/2022:21:41:21 -0700] "GET /style/music/johannstra55.jpg HTTP/1.1" 200 108849 "-" "Mozilla/5.0 (compatible; bingbot/2.0; +http://www.bing.com/bingbot.htm)" "www.ysfine.com"
114.119.128.142 - - [08/Oct/2022:21:41:44 -0700] "GET /yspapers/aipproc2007.pdf HTTP/1.1" 200 224501 "https://www.ysfine.com/yspapers/index.html" "Mozilla/5.0 (Linux; Android 7.0;) AppleWebKit/537.36 (KHTML, like Gecko) Mobile Safari/537.36 (compatible; PetalBot;+https://webmaster.petalsearch.com/site/petalbot)" "www.ysfine.com"
157.55.39.58 - - [08/Oct/2022:21:42:16 -0700] "GET /bio/einstein/einleft.html HTTP/1.1" 404 88 "-" "Mozilla/5.0 (compatible; bingbot/2.0; +http://www.bing.com/bingbot.htm)" "ysfine.com"
40.77.167.27 - - [08/Oct/2022:21:42:30 -0700] "GET /feynman/feyfirm3.jpg HTTP/1.1" 200 39603 "-" "Mozilla/5.0 (compatible; bingbot/2.0; +http://www.bing.com/bingbot.htm)" "ysfine.com"
103.37.49.197 - - [08/Oct/2022:21:43:00 -0700] "GET /wigner/euclid05.jpg HTTP/1.1" 200 68069 "https://ysfine.com/wigner/e(2).html" "Mozilla/5.0 (Windows NT 10.0; Win64; x64; rv:105.0) Gecko/20100101 Firefox/105.0" "ysfine.com"
157.55.39.55 - - [08/Oct/2022:21:43:02 -0700] "GET /world/poland/palaceof03.jpg HTTP/1.1" 200 123260 "-" "Mozilla/5.0 (compatible; bingbot/2.0; +http://www.bing.com/bingbot.htm)" "ysfine.com"
157.55.39.58 - - [08/Oct/2022:21:43:13 -0700] "GET /world/russ/spbm01.jpg HTTP/1.1" 200 162280 "-" "Mozilla/5.0 (compatible; bingbot/2.0; +http://www.bing.com/bingbot.htm)" "ysfine.com"
114.119.128.142 - - [08/Oct/2022:21:43:21 -0700] "GET /home/pgh/zunggul.pdf HTTP/1.1" 404 88 "https://www.ysfine.com/home/bio44.html" "Mozilla/5.0 (Linux; Android 7.0;) AppleWebKit/537.36 (KHTML, like Gecko) Mobile Safari/537.36 (compatible; PetalBot;+https://webmaster.petalsearch.com/site/petalbot)" "www.ysfine.com"
157.55.39.127 - - [08/Oct/2022:21:43:40 -0700] "GET /ffriends/aline/s722.jpg HTTP/1.1" 200 82134 "-" "Mozilla/5.0 AppleWebKit/537.36 (KHTML, like Gecko; compatible; bingbot/2.0; +http://www.bing.com/bingbot.htm) Chrome/103.0.5060.134 Safari/537.36" "ysfine.com"
77.88.5.233 - - [08/Oct/2022:21:43:56 -0700] "GET /ffriends/fdw.html HTTP/1.1" 200 45463 "-" "Mozilla/5.0 (compatible; YandexBot/3.0; +http://yandex.com/bots)" "www.ysfine.com"
77.88.5.245 - - [08/Oct/2022:21:44:03 -0700] "GET /ffriends/amkor/amparis03c.jpg HTTP/1.1" 200 21510 "-" "Mozilla/5.0 (compatible; YandexImages/3.0; +http://yandex.com/bots)" "www.ysfine.com"
77.88.5.245 - - [08/Oct/2022:21:44:05 -0700] "GET /ffriends/russstanf02.jpg HTTP/1.1" 200 146869 "-" "Mozilla/5.0 (compatible; YandexImages/3.0; +http://yandex.com/bots)" "www.ysfine.com"
77.88.5.46 - - [08/Oct/2022:21:44:08 -0700] "GET /world/balkan/athf07b.jpg HTTP/1.1" 200 54094 "-" "Mozilla/5.0 (compatible; YandexImages/3.0; +http://yandex.com/bots)" "www.ysfine.com"
77.88.5.46 - - [08/Oct/2022:21:44:09 -0700] "GET /world/russ/mosf63.jpg HTTP/1.1" 200 256950 "-" "Mozilla/5.0 (compatible; YandexImages/3.0; +http://yandex.com/bots)" "www.ysfine.com"
77.88.5.245 - - [08/Oct/2022:21:44:12 -0700] "GET /world/russ/almaty22.jpg HTTP/1.1" 200 46020 "-" "Mozilla/5.0 (compatible; YandexImages/3.0; +http://yandex.com/bots)" "www.ysfine.com"
77.88.5.245 - - [08/Oct/2022:21:44:13 -0700] "GET /world/balkan/metuguest01c.jpg HTTP/1.1" 200 33345 "-" "Mozilla/5.0 (compatible; YandexImages/3.0; +http://yandex.com/bots)" "www.ysfine.com"
77.88.5.233 - - [08/Oct/2022:21:44:16 -0700] "GET /world/europe/alps04.jpg HTTP/1.1" 200 114754 "-" "Mozilla/5.0 (compatible; YandexImages/3.0; +http://yandex.com/bots)" "www.ysfine.com"
77.88.5.233 - - [08/Oct/2022:21:44:17 -0700] "GET /ffriends/india01b.jpg HTTP/1.1" 200 44935 "-" "Mozilla/5.0 (compatible; YandexImages/3.0; +http://yandex.com/bots)" "www.ysfine.com"
77.88.5.245 - - [08/Oct/2022:21:44:19 -0700] "GET /world/ital/sicily22.jpg HTTP/1.1" 200 80014 "-" "Mozilla/5.0 (compatible; YandexImages/3.0; +http://yandex.com/bots)" "www.ysfine.com"
77.88.5.245 - - [08/Oct/2022:21:44:21 -0700] "GET /ffriends/molda06b.jpg HTTP/1.1" 200 53526 "-" "Mozilla/5.0 (compatible; YandexImages/3.0; +http://yandex.com/bots)" "www.ysfine.com"
77.88.5.245 - - [08/Oct/2022:21:44:22 -0700] "GET /ffriends/kuwait01b.jpg HTTP/1.1" 200 47955 "-" "Mozilla/5.0 (compatible; YandexImages/3.0; +http://yandex.com/bots)" "www.ysfine.com"
77.88.5.46 - - [08/Oct/2022:21:44:25 -0700] "GET /ffriends/belgistu01.jpg HTTP/1.1" 200 75917 "-" "Mozilla/5.0 (compatible; YandexImages/3.0; +http://yandex.com/bots)" "www.ysfine.com"
77.88.5.46 - - [08/Oct/2022:21:44:26 -0700] "GET /ffriends/amkor/amstu09c.jpg HTTP/1.1" 200 26729 "-" "Mozilla/5.0 (compatible; YandexImages/3.0; +http://yandex.com/bots)" "www.ysfine.com"
77.88.5.46 - - [08/Oct/2022:21:44:28 -0700] "GET /world/latina/sao03.jpg HTTP/1.1" 200 74740 "-" "Mozilla/5.0 (compatible; YandexImages/3.0; +http://yandex.com/bots)" "www.ysfine.com"
77.88.5.245 - - [08/Oct/2022:21:44:29 -0700] "GET /ffriends/croatia05b.jpg HTTP/1.1" 200 30760 "-" "Mozilla/5.0 (compatible; YandexImages/3.0; +http://yandex.com/bots)" "www.ysfine.com"
77.88.5.46 - - [08/Oct/2022:21:44:31 -0700] "GET /world/balkan/anka03.jpg HTTP/1.1" 200 92935 "-" "Mozilla/5.0 (compatible; YandexImages/3.0; +http://yandex.com/bots)" "www.ysfine.com"
93.158.161.40 - - [08/Oct/2022:21:44:33 -0700] "GET /world/latina/cancun08c.jpg HTTP/1.1" 200 29078 "-" "Mozilla/5.0 (compatible; YandexImages/3.0; +http://yandex.com/bots)" "www.ysfine.com"
77.88.5.126 - - [08/Oct/2022:21:44:35 -0700] "GET /ffriends/sadat55c.jpg HTTP/1.1" 200 29362 "-" "Mozilla/5.0 (compatible; YandexImages/3.0; +http://yandex.com/bots)" "www.ysfine.com"
77.88.5.245 - - [08/Oct/2022:21:44:36 -0700] "GET /world/europe/delft01b.jpg HTTP/1.1" 200 55370 "-" "Mozilla/5.0 (compatible; YandexImages/3.0; +http://yandex.com/bots)" "www.ysfine.com"
77.88.5.245 - - [08/Oct/2022:21:44:37 -0700] "GET /ffriends/amkor/kostu05c.jpg HTTP/1.1" 200 29557 "-" "Mozilla/5.0 (compatible; YandexImages/3.0; +http://yandex.com/bots)" "www.ysfine.com"
77.88.5.245 - - [08/Oct/2022:21:44:39 -0700] "GET /ffriends/maric11.jpg HTTP/1.1" 200 98074 "-" "Mozilla/5.0 (compatible; YandexImages/3.0; +http://yandex.com/bots)" "www.ysfine.com"
77.88.5.46 - - [08/Oct/2022:21:44:41 -0700] "GET /ffriends/croatia06.jpg HTTP/1.1" 200 170823 "-" "Mozilla/5.0 (compatible; YandexImages/3.0; +http://yandex.com/bots)" "www.ysfine.com"
195.191.219.132 - - [08/Oct/2022:21:46:15 -0700] "GET /robots.txt HTTP/1.1" 404 73 "-" "Mozilla/5.0 (compatible; MJ12bot/v1.4.8; http://mj12bot.com/)" "ysfine.com"
195.191.219.132 - - [08/Oct/2022:21:46:17 -0700] "GET /einstein/ulm.html HTTP/1.1" 200 6713 "-" "Mozilla/5.0 (compatible; MJ12bot/v1.4.8; http://mj12bot.com/)" "ysfine.com"
114.119.128.154 - - [08/Oct/2022:21:46:49 -0700] "GET /class54/class5470/total_data/photo_img/4-33.jpg HTTP/1.1" 200 280004 "https://ysfine.com/class54/class5470/total_data/sub_433.htm" "Mozilla/5.0 (Linux; Android 7.0;) AppleWebKit/537.36 (KHTML, like Gecko) Mobile Safari/537.36 (compatible; PetalBot;+https://webmaster.petalsearch.com/site/petalbot)" "ysfine.com"
157.55.39.55 - - [08/Oct/2022:21:47:13 -0700] "GET /bio/style/ystyle.html HTTP/1.1" 404 88 "-" "Mozilla/5.0 (compatible; bingbot/2.0; +http://www.bing.com/bingbot.htm)" "ysfine.com"
207.46.13.102 - - [08/Oct/2022:21:47:18 -0700] "GET /remote/sisfa12aa/keigel.pptx HTTP/1.1" 200 5596750 "-" "Mozilla/5.0 (compatible; bingbot/2.0; +http://www.bing.com/bingbot.htm)" "www.ysfine.com"
93.158.161.40 - - [08/Oct/2022:21:47:52 -0700] "GET /robots.txt HTTP/1.1" 404 73 "-" "Mozilla/5.0 (compatible; YandexBot/3.0; +http://yandex.com/bots)" "www.ysfine.com"
65.21.52.16 - - [08/Oct/2022:21:47:55 -0700] "GET /world/baltic/riga34.jpg HTTP/1.1" 200 89235 "-" "Mozilla/5.0 (X11; Fedora; Linux x86_64) AppleWebKit/537.36 (KHTML, like Gecko) Chrome/79.0.3945.117 Safari/537.36" "ysfine.com"
93.158.161.40 - - [08/Oct/2022:21:47:55 -0700] "GET /world/russ/minskf20.jpg HTTP/1.1" 404 88 "-" "Mozilla/5.0 (compatible; YandexImages/3.0; +http://yandex.com/bots)" "www.ysfine.com"
188.34.152.95 - - [08/Oct/2022:21:48:03 -0700] "GET /world/russ/spbpi02.jpg HTTP/1.1" 200 74623 "-" "Mozilla/5.0 (X11; Fedora; Linux x86_64) AppleWebKit/537.36 (KHTML, like Gecko) Chrome/79.0.3945.117 Safari/537.36" "ysfine.com"
77.88.5.46 - - [08/Oct/2022:21:48:08 -0700] "GET /ffriends/russrio33b.jpg HTTP/1.1" 200 38506 "-" "Mozilla/5.0 (compatible; YandexImages/3.0; +http://yandex.com/bots)" "www.ysfine.com"
157.55.39.55 - - [08/Oct/2022:21:48:22 -0700] "GET /world/scandi/copenf36.jpg HTTP/1.1" 200 94133 "-" "Mozilla/5.0 (compatible; bingbot/2.0; +http://www.bing.com/bingbot.htm)" "ysfine.com"
157.55.39.58 - - [08/Oct/2022:21:48:45 -0700] "GET /bio/articles/entro.pdf HTTP/1.1" 404 88 "-" "Mozilla/5.0 (compatible; bingbot/2.0; +http://www.bing.com/bingbot.htm)" "ysfine.com"
207.46.13.102 - - [08/Oct/2022:21:48:58 -0700] "GET /princeton/nassin06.jpg HTTP/1.1" 200 135334 "-" "Mozilla/5.0 (compatible; bingbot/2.0; +http://www.bing.com/bingbot.htm)" "ysfine.com"
157.55.39.128 - - [08/Oct/2022:21:49:16 -0700] "GET /world/china/china041.jpg HTTP/1.1" 200 73260 "-" "Mozilla/5.0 (compatible; bingbot/2.0; +http://www.bing.com/bingbot.htm)" "ysfine.com"
40.77.167.27 - - [08/Oct/2022:21:49:29 -0700] "GET /kobak/repose55.jpg HTTP/1.1" 200 103660 "-" "Mozilla/5.0 (compatible; bingbot/2.0; +http://www.bing.com/bingbot.htm)" "ysfine.com"
157.55.39.58 - - [08/Oct/2022:21:50:14 -0700] "GET /wdc/kennedyc05.jpg HTTP/1.1" 200 58889 "-" "Mozilla/5.0 (compatible; bingbot/2.0; +http://www.bing.com/bingbot.htm)" "ysfine.com"
157.55.39.55 - - [08/Oct/2022:21:50:34 -0700] "GET /wdc/waskor014b.jpg HTTP/1.1" 200 26478 "-" "Mozilla/5.0 (compatible; bingbot/2.0; +http://www.bing.com/bingbot.htm)" "ysfine.com"
157.55.39.55 - - [08/Oct/2022:21:50:34 -0700] "GET /bio/yspapers/dubna96.pdf HTTP/1.1" 404 88 "-" "Mozilla/5.0 AppleWebKit/537.36 (KHTML, like Gecko; compatible; bingbot/2.0; +http://www.bing.com/bingbot.htm) Chrome/103.0.5060.134 Safari/537.36" "ysfine.com"
103.37.49.197 - - [08/Oct/2022:21:51:31 -0700] "GET /yspapers/cylin.pdf HTTP/1.1" 200 358984 "https://ysfine.com/wigner/e(2).html" "Mozilla/5.0 (Windows NT 10.0; Win64; x64; rv:105.0) Gecko/20100101 Firefox/105.0" "ysfine.com"
103.37.49.197 - - [08/Oct/2022:21:51:32 -0700] "GET /yspapers/cylin.pdf HTTP/1.1" 206 65536 "https://ysfine.com/wigner/e(2).html" "Mozilla/5.0 (Windows NT 10.0; Win64; x64; rv:105.0) Gecko/20100101 Firefox/105.0" "ysfine.com"
103.37.49.197 - - [08/Oct/2022:21:51:33 -0700] "GET /yspapers/cylin.pdf HTTP/1.1" 206 31304 "https://ysfine.com/wigner/e(2).html" "Mozilla/5.0 (Windows NT 10.0; Win64; x64; rv:105.0) Gecko/20100101 Firefox/105.0" "ysfine.com"
103.37.49.197 - - [08/Oct/2022:21:51:34 -0700] "GET /yspapers/cylin.pdf HTTP/1.1" 206 65536 "https://ysfine.com/wigner/e(2).html" "Mozilla/5.0 (Windows NT 10.0; Win64; x64; rv:105.0) Gecko/20100101 Firefox/105.0" "ysfine.com"
157.55.39.55 - - [08/Oct/2022:21:52:13 -0700] "GET /world/baltic/riga18.jpg HTTP/1.1" 200 109751 "-" "Mozilla/5.0 AppleWebKit/537.36 (KHTML, like Gecko; compatible; bingbot/2.0; +http://www.bing.com/bingbot.htm) Chrome/103.0.5060.134 Safari/537.36" "www.ysfine.com"
114.119.128.162 - - [08/Oct/2022:21:52:19 -0700] "GET /maga/phil/tao15.pdf HTTP/1.1" 200 249510 "https://www.ysfine.com/maga/bohrwash.html" "Mozilla/5.0 (Linux; Android 7.0;) AppleWebKit/537.36 (KHTML, like Gecko) Mobile Safari/537.36 (compatible; PetalBot;+https://webmaster.petalsearch.com/site/petalbot)" "www.ysfine.com"
188.34.152.95 - - [08/Oct/2022:21:52:43 -0700] "GET /world/russ/spbpi06.jpg HTTP/1.1" 200 85923 "-" "Mozilla/5.0 (X11; Fedora; Linux x86_64) AppleWebKit/537.36 (KHTML, like Gecko) Chrome/79.0.3945.117 Safari/537.36" "www.ysfine.com"
173.252.83.4 - - [08/Oct/2022:21:53:18 -0700] "GET /home/comet50a.jpg HTTP/1.1" 200 52015 "-" "facebookexternalhit/1.1 (+http://www.facebook.com/externalhit_uatext.php)" "ysfine.com"
74.67.7.81 - - [08/Oct/2022:21:53:59 -0700] "GET /style/tatiana11.jpg HTTP/1.1" 200 146910 "https://www.google.com/" "Mozilla/5.0 (Windows NT 10.0; Win64; x64) AppleWebKit/537.36 (KHTML, like Gecko) Chrome/105.0.0.0 Safari/537.36" "ysfine.com"
157.55.39.128 - - [08/Oct/2022:21:54:00 -0700] "GET /bio/more.html HTTP/1.1" 404 88 "-" "Mozilla/5.0 (compatible; bingbot/2.0; +http://www.bing.com/bingbot.htm)" "ysfine.com"
69.112.191.72 - - [08/Oct/2022:21:54:06 -0700] "GET /kowar/kowar001.jpg HTTP/1.1" 200 240938 "https://www.google.com/" "Mozilla/5.0 (Macintosh; Intel Mac OS X 10_15_6) AppleWebKit/605.1.15 (KHTML, like Gecko) Version/14.1.2 Safari/605.1.15" "ysfine.com"
40.77.167.27 - - [08/Oct/2022:21:54:21 -0700] "GET /princeton/lakecar44.jpg HTTP/1.1" 200 75181 "-" "Mozilla/5.0 (compatible; bingbot/2.0; +http://www.bing.com/bingbot.htm)" "ysfine.com"
114.119.128.154 - - [08/Oct/2022:21:54:32 -0700] "GET /class54/class5470/total_data/photo_img/4-35.jpg HTTP/1.1" 200 236405 "https://ysfine.com/class54/class5470/total_data/sub_435.htm" "Mozilla/5.0 (Linux; Android 7.0;) AppleWebKit/537.36 (KHTML, like Gecko) Mobile Safari/537.36 (compatible; PetalBot;+https://webmaster.petalsearch.com/site/petalbot)" "ysfine.com"
157.55.39.58 - - [08/Oct/2022:21:54:46 -0700] "GET /style/londonsym.jpg HTTP/1.1" 200 78015 "-" "Mozilla/5.0 (compatible; bingbot/2.0; +http://www.bing.com/bingbot.htm)" "www.ysfine.com"
77.88.5.253 - - [08/Oct/2022:21:55:14 -0700] "GET /ffriends/fdw.html HTTP/1.1" 200 45463 "-" "Mozilla/5.0 (compatible; YandexBot/3.0; +http://yandex.com/bots)" "www.ysfine.com"
157.55.39.55 - - [08/Oct/2022:21:55:55 -0700] "GET /bio/feynman/index.html HTTP/1.1" 404 88 "-" "Mozilla/5.0 AppleWebKit/537.36 (KHTML, like Gecko; compatible; bingbot/2.0; +http://www.bing.com/bingbot.htm) Chrome/103.0.5060.134 Safari/537.36" "ysfine.com"
114.119.128.154 - - [08/Oct/2022:21:56:30 -0700] "GET /einstein/eindirac.html HTTP/1.1" 200 3193 "-" "Mozilla/5.0 (Linux; Android 7.0;) AppleWebKit/537.36 (KHTML, like Gecko) Mobile Safari/537.36 (compatible; PetalBot;+https://webmaster.petalsearch.com/site/petalbot)" "ysfine.com"
157.55.39.55 - - [08/Oct/2022:21:57:53 -0700] "GET /style/beetho55.jpg HTTP/1.1" 200 111702 "-" "Mozilla/5.0 (compatible; bingbot/2.0; +http://www.bing.com/bingbot.htm)" "www.ysfine.com"
207.46.13.102 - - [08/Oct/2022:21:57:59 -0700] "GET /world/israel/jeru62.jpg HTTP/1.1" 200 239617 "-" "Mozilla/5.0 (compatible; bingbot/2.0; +http://www.bing.com/bingbot.htm)" "ysfine.com"
114.119.128.142 - - [08/Oct/2022:21:58:06 -0700] "GET /class54/class5470/total_data/sub_8187.htm HTTP/1.1" 200 3509 "https://ysfine.com/class54/class5470/total_data/sub_8182.htm" "Mozilla/5.0 (Linux; Android 7.0;) AppleWebKit/537.36 (KHTML, like Gecko) Mobile Safari/537.36 (compatible; PetalBot;+https://webmaster.petalsearch.com/site/petalbot)" "ysfine.com"
157.55.39.55 - - [08/Oct/2022:21:58:14 -0700] "GET /world/poland/coperni01.jpg HTTP/1.1" 200 113338 "-" "Mozilla/5.0 (compatible; bingbot/2.0; +http://www.bing.com/bingbot.htm)" "ysfine.com"
40.77.167.27 - - [08/Oct/2022:21:58:21 -0700] "GET /bio/style/tatiana.html HTTP/1.1" 404 88 "-" "Mozilla/5.0 (compatible; bingbot/2.0; +http://www.bing.com/bingbot.htm)" "ysfine.com"
157.55.39.58 - - [08/Oct/2022:21:58:26 -0700] "GET /world/russ/mosmusic52.jpg HTTP/1.1" 200 78741 "-" "Mozilla/5.0 AppleWebKit/537.36 (KHTML, like Gecko; compatible; bingbot/2.0; +http://www.bing.com/bingbot.htm) Chrome/103.0.5060.134 Safari/537.36" "ysfine.com"
114.119.128.158 - - [08/Oct/2022:21:59:38 -0700] "GET /world/germany/hofbrau33.jpg HTTP/1.1" 200 97307 "https://ksbooredshayc.ml/hymne-a-l-amour-de-piaf" "Mozilla/5.0 (Linux; Android 7.0;) AppleWebKit/537.36 (KHTML, like Gecko) Mobile Safari/537.36 (compatible; PetalBot;+https://webmaster.petalsearch.com/site/petalbot)" "ysfine.com"
157.55.39.128 - - [08/Oct/2022:21:59:49 -0700] "GET /world/hungary/buda011.jpg HTTP/1.1" 200 103773 "-" "Mozilla/5.0 (compatible; bingbot/2.0; +http://www.bing.com/bingbot.htm)" "www.ysfine.com"
157.55.39.128 - - [08/Oct/2022:22:00:08 -0700] "GET /world/china/nanjing55b.jpg HTTP/1.1" 200 42937 "-" "Mozilla/5.0 (compatible; bingbot/2.0; +http://www.bing.com/bingbot.htm)" "ysfine.com"
86.120.249.86 - - [08/Oct/2022:22:00:45 -0700] "GET /style/tatiana11.jpg HTTP/1.1" 200 146910 "https://www.google.com/" "Mozilla/5.0 (Linux; Android 12; SM-G998B) AppleWebKit/537.36 (KHTML, like Gecko) Chrome/106.0.0.0 Mobile Safari/537.36" "ysfine.com"
157.55.39.58 - - [08/Oct/2022:22:01:05 -0700] "GET /princeton/ysrhee33.jpg HTTP/1.1" 200 112060 "-" "Mozilla/5.0 (compatible; bingbot/2.0; +http://www.bing.com/bingbot.htm)" "ysfine.com"
114.119.128.154 - - [08/Oct/2022:22:01:07 -0700] "GET /manko/left.html HTTP/1.1" 200 717 "-" "Mozilla/5.0 (Linux; Android 7.0;) AppleWebKit/537.36 (KHTML, like Gecko) Mobile Safari/537.36 (compatible; PetalBot;+https://webmaster.petalsearch.com/site/petalbot)" "ysfine.com"
157.55.39.55 - - [08/Oct/2022:22:01:34 -0700] "GET /newyork/unionsq08.jpg HTTP/1.1" 200 267379 "-" "Mozilla/5.0 (compatible; bingbot/2.0; +http://www.bing.com/bingbot.htm)" "ysfine.com"
207.46.13.102 - - [08/Oct/2022:22:01:50 -0700] "GET /eink/tao55.jpg HTTP/1.1" 200 170385 "-" "Mozilla/5.0 AppleWebKit/537.36 (KHTML, like Gecko; compatible; bingbot/2.0; +http://www.bing.com/bingbot.htm) Chrome/103.0.5060.134 Safari/537.36" "ysfine.com"
157.55.39.55 - - [08/Oct/2022:22:02:15 -0700] "GET /usca/pitt/westifn02b.jpg HTTP/1.1" 200 58594 "-" "Mozilla/5.0 (compatible; bingbot/2.0; +http://www.bing.com/bingbot.htm)" "www.ysfine.com"
157.55.39.58 - - [08/Oct/2022:22:02:35 -0700] "GET /wigner/narco.jpg HTTP/1.1" 200 95166 "-" "Mozilla/5.0 (compatible; bingbot/2.0; +http://www.bing.com/bingbot.htm)" "ysfine.com"
114.119.128.154 - - [08/Oct/2022:22:02:40 -0700] "GET /class54/class5480/Pictures/2.%C3%AA%C2%B8%C2%B0%C3%AB%C2%85%C2%90%C3%AD%C2%96%C2%89%C3%AC%C2%82%C2%AC/?C=M%3BO%3DA HTTP/1.1" 200 1718 "https://www.ysfine.com/class54/class5480/Pictures/2.%c3%aa%c2%b8%c2%b0%c3%ab%c2%85%c2%90%c3%ad%c2%96%c2%89%c3%ac%c2%82%c2%ac/" "Mozilla/5.0 (Linux; Android 7.0;) AppleWebKit/537.36 (KHTML, like Gecko) Mobile Safari/537.36 (compatible; PetalBot;+https://webmaster.petalsearch.com/site/petalbot)" "www.ysfine.com"
157.55.39.127 - - [08/Oct/2022:22:02:50 -0700] "GET /world/scandi/fin04.jpg HTTP/1.1" 200 124064 "-" "Mozilla/5.0 (compatible; bingbot/2.0; +http://www.bing.com/bingbot.htm)" "ysfine.com"
95.217.109.26 - - [08/Oct/2022:22:03:21 -0700] "GET /robots.txt HTTP/1.1" 404 73 "-" "Mozilla/5.0 (compatible; MJ12bot/v1.4.8; http://mj12bot.com/)" "ysfine.com"
95.217.109.26 - - [08/Oct/2022:22:03:23 -0700] "GET /bio/einstein/einusa.html HTTP/1.1" 404 88 "-" "Mozilla/5.0 (compatible; MJ12bot/v1.4.8; http://mj12bot.com/)" "ysfine.com"
95.217.109.26 - - [08/Oct/2022:22:03:25 -0700] "GET /bio/einstein/einwalk800.jpg HTTP/1.1" 404 88 "-" "Mozilla/5.0 (compatible; MJ12bot/v1.4.8; http://mj12bot.com/)" "ysfine.com"
95.217.109.26 - - [08/Oct/2022:22:03:27 -0700] "GET /bio/einstein/einwo.html HTTP/1.1" 404 88 "-" "Mozilla/5.0 (compatible; MJ12bot/v1.4.8; http://mj12bot.com/)" "ysfine.com"
95.217.109.26 - - [08/Oct/2022:22:03:29 -0700] "GET /bio/einstein/einxmas.html HTTP/1.1" 404 88 "-" "Mozilla/5.0 (compatible; MJ12bot/v1.4.8; http://mj12bot.com/)" "ysfine.com"
95.217.109.26 - - [08/Oct/2022:22:03:31 -0700] "GET /bio/einstein/emc/emc01.html HTTP/1.1" 404 88 "-" "Mozilla/5.0 (compatible; MJ12bot/v1.4.8; http://mj12bot.com/)" "ysfine.com"
95.217.109.26 - - [08/Oct/2022:22:03:33 -0700] "GET /bio/einstein/evol.html HTTP/1.1" 404 88 "-" "Mozilla/5.0 (compatible; MJ12bot/v1.4.8; http://mj12bot.com/)" "ysfine.com"
95.217.109.26 - - [08/Oct/2022:22:03:35 -0700] "GET /bio/einstein/eward33.jpg HTTP/1.1" 404 88 "-" "Mozilla/5.0 (compatible; MJ12bot/v1.4.8; http://mj12bot.com/)" "ysfine.com"
95.217.109.26 - - [08/Oct/2022:22:03:37 -0700] "GET /bio/einstein/ewk86.jpg HTTP/1.1" 404 88 "-" "Mozilla/5.0 (compatible; MJ12bot/v1.4.8; http://mj12bot.com/)" "ysfine.com"
95.217.109.26 - - [08/Oct/2022:22:03:38 -0700] "GET /bio/einstein/fantova/fantova.html HTTP/1.1" 404 88 "-" "Mozilla/5.0 (compatible; MJ12bot/v1.4.8; http://mj12bot.com/)" "ysfine.com"
95.217.109.26 - - [08/Oct/2022:22:03:40 -0700] "GET /bio/einstein/further.jpg HTTP/1.1" 404 88 "-" "Mozilla/5.0 (compatible; MJ12bot/v1.4.8; http://mj12bot.com/)" "ysfine.com"
95.217.109.26 - - [08/Oct/2022:22:03:42 -0700] "GET /bio/einstein/heisenberg.html HTTP/1.1" 404 88 "-" "Mozilla/5.0 (compatible; MJ12bot/v1.4.8; http://mj12bot.com/)" "ysfine.com"
95.217.109.26 - - [08/Oct/2022:22:03:44 -0700] "GET /bio/einstein/jsbell01.jpg HTTP/1.1" 404 88 "-" "Mozilla/5.0 (compatible; MJ12bot/v1.4.8; http://mj12bot.com/)" "ysfine.com"
95.217.109.26 - - [08/Oct/2022:22:03:46 -0700] "GET /bio/einstein/math/heisen54.pdf HTTP/1.1" 404 88 "-" "Mozilla/5.0 (compatible; MJ12bot/v1.4.8; http://mj12bot.com/)" "ysfine.com"
95.217.109.26 - - [08/Oct/2022:22:03:48 -0700] "GET /bio/einstein/math/sp2.jpg HTTP/1.1" 404 88 "-" "Mozilla/5.0 (compatible; MJ12bot/v1.4.8; http://mj12bot.com/)" "ysfine.com"
95.217.109.26 - - [08/Oct/2022:22:03:50 -0700] "GET /bio/einstein/math/sp2tab11.jpg HTTP/1.1" 404 88 "-" "Mozilla/5.0 (compatible; MJ12bot/v1.4.8; http://mj12bot.com/)" "ysfine.com"
95.217.109.26 - - [08/Oct/2022:22:03:52 -0700] "GET /bio/einstein/maxein.html HTTP/1.1" 404 88 "-" "Mozilla/5.0 (compatible; MJ12bot/v1.4.8; http://mj12bot.com/)" "ysfine.com"
95.217.109.26 - - [08/Oct/2022:22:03:54 -0700] "GET /bio/einstein/newtein11.jpg HTTP/1.1" 404 88 "-" "Mozilla/5.0 (compatible; MJ12bot/v1.4.8; http://mj12bot.com/)" "ysfine.com"
95.217.109.26 - - [08/Oct/2022:22:03:56 -0700] "GET /bio/einstein/newton.html HTTP/1.1" 404 88 "-" "Mozilla/5.0 (compatible; MJ12bot/v1.4.8; http://mj12bot.com/)" "ysfine.com"
95.217.109.26 - - [08/Oct/2022:22:03:58 -0700] "GET /bio/einstein/newton33.jpg HTTP/1.1" 404 88 "-" "Mozilla/5.0 (compatible; MJ12bot/v1.4.8; http://mj12bot.com/)" "ysfine.com"
95.217.109.26 - - [08/Oct/2022:22:04:00 -0700] "GET /bio/einstein/newtwig11.jpg HTTP/1.1" 404 88 "-" "Mozilla/5.0 (compatible; MJ12bot/v1.4.8; http://mj12bot.com/)" "ysfine.com"
95.217.109.26 - - [08/Oct/2022:22:04:02 -0700] "GET /bio/einstein/pics/minsk10.jpg HTTP/1.1" 404 88 "-" "Mozilla/5.0 (compatible; MJ12bot/v1.4.8; http://mj12bot.com/)" "ysfine.com"
95.217.109.26 - - [08/Oct/2022:22:04:04 -0700] "GET /bio/einstein/pics/minsk11.jpg HTTP/1.1" 404 88 "-" "Mozilla/5.0 (compatible; MJ12bot/v1.4.8; http://mj12bot.com/)" "ysfine.com"
95.217.109.26 - - [08/Oct/2022:22:04:06 -0700] "GET /bio/einstein/pics/minsk19d.jpg HTTP/1.1" 404 88 "-" "Mozilla/5.0 (compatible; MJ12bot/v1.4.8; http://mj12bot.com/)" "ysfine.com"
95.217.109.26 - - [08/Oct/2022:22:04:08 -0700] "GET /bio/einstein/pics/minsk20d.jpg HTTP/1.1" 404 88 "-" "Mozilla/5.0 (compatible; MJ12bot/v1.4.8; http://mj12bot.com/)" "ysfine.com"
114.119.128.14 - - [08/Oct/2022:22:04:10 -0700] "GET /yspapers/sincos88f.jpg HTTP/1.1" 200 43677 "https://ysfine.com/yspapers/index.html" "Mozilla/5.0 (Linux; Android 7.0;) AppleWebKit/537.36 (KHTML, like Gecko) Mobile Safari/537.36 (compatible; PetalBot;+https://webmaster.petalsearch.com/site/petalbot)" "ysfine.com"
95.217.109.26 - - [08/Oct/2022:22:04:10 -0700] "GET /bio/einstein/pics/minsk21.jpg HTTP/1.1" 404 88 "-" "Mozilla/5.0 (compatible; MJ12bot/v1.4.8; http://mj12bot.com/)" "ysfine.com"
95.217.109.26 - - [08/Oct/2022:22:04:12 -0700] "GET /bio/einstein/pics/minsk23.jpg HTTP/1.1" 404 88 "-" "Mozilla/5.0 (compatible; MJ12bot/v1.4.8; http://mj12bot.com/)" "ysfine.com"
95.217.109.26 - - [08/Oct/2022:22:04:15 -0700] "GET /bio/einstein/pics/minsk30.jpg HTTP/1.1" 404 88 "-" "Mozilla/5.0 (compatible; MJ12bot/v1.4.8; http://mj12bot.com/)" "ysfine.com"
95.217.109.26 - - [08/Oct/2022:22:04:16 -0700] "GET /bio/einstein/places/einha01.jpg HTTP/1.1" 404 88 "-" "Mozilla/5.0 (compatible; MJ12bot/v1.4.8; http://mj12bot.com/)" "ysfine.com"
95.217.109.26 - - [08/Oct/2022:22:04:18 -0700] "GET /bio/einstein/places/einha11.jpg HTTP/1.1" 404 88 "-" "Mozilla/5.0 (compatible; MJ12bot/v1.4.8; http://mj12bot.com/)" "ysfine.com"
95.217.109.26 - - [08/Oct/2022:22:04:20 -0700] "GET /bio/einstein/places/einha12.jpg HTTP/1.1" 404 88 "-" "Mozilla/5.0 (compatible; MJ12bot/v1.4.8; http://mj12bot.com/)" "ysfine.com"
95.217.109.26 - - [08/Oct/2022:22:04:22 -0700] "GET /bio/einstein/places/einha17.jpg HTTP/1.1" 404 88 "-" "Mozilla/5.0 (compatible; MJ12bot/v1.4.8; http://mj12bot.com/)" "ysfine.com"
95.217.109.26 - - [08/Oct/2022:22:04:24 -0700] "GET /bio/einstein/places/einha21.jpg HTTP/1.1" 404 88 "-" "Mozilla/5.0 (compatible; MJ12bot/v1.4.8; http://mj12bot.com/)" "ysfine.com"
157.55.39.55 - - [08/Oct/2022:22:04:25 -0700] "GET /world/brit/dunf08.jpg HTTP/1.1" 200 101008 "-" "Mozilla/5.0 (compatible; bingbot/2.0; +http://www.bing.com/bingbot.htm)" "www.ysfine.com"
95.217.109.26 - - [08/Oct/2022:22:04:26 -0700] "GET /bio/einstein/places/einha22.jpg HTTP/1.1" 404 88 "-" "Mozilla/5.0 (compatible; MJ12bot/v1.4.8; http://mj12bot.com/)" "ysfine.com"
95.217.109.26 - - [08/Oct/2022:22:04:28 -0700] "GET /bio/einstein/places/einha23.jpg HTTP/1.1" 404 88 "-" "Mozilla/5.0 (compatible; MJ12bot/v1.4.8; http://mj12bot.com/)" "ysfine.com"
95.217.109.26 - - [08/Oct/2022:22:04:30 -0700] "GET /bio/einstein/places/einha26.jpg HTTP/1.1" 404 88 "-" "Mozilla/5.0 (compatible; MJ12bot/v1.4.8; http://mj12bot.com/)" "ysfine.com"
95.217.109.26 - - [08/Oct/2022:22:04:32 -0700] "GET /bio/einstein/places/einha31.jpg HTTP/1.1" 404 88 "-" "Mozilla/5.0 (compatible; MJ12bot/v1.4.8; http://mj12bot.com/)" "ysfine.com"
95.217.109.26 - - [08/Oct/2022:22:04:34 -0700] "GET /bio/einstein/places/einha33.jpg HTTP/1.1" 404 88 "-" "Mozilla/5.0 (compatible; MJ12bot/v1.4.8; http://mj12bot.com/)" "ysfine.com"
95.217.109.26 - - [08/Oct/2022:22:04:37 -0700] "GET /bio/einstein/places/einha36.jpg HTTP/1.1" 404 88 "-" "Mozilla/5.0 (compatible; MJ12bot/v1.4.8; http://mj12bot.com/)" "ysfine.com"
95.217.109.26 - - [08/Oct/2022:22:04:38 -0700] "GET /bio/einstein/places/einha37.jpg HTTP/1.1" 404 88 "-" "Mozilla/5.0 (compatible; MJ12bot/v1.4.8; http://mj12bot.com/)" "ysfine.com"
95.217.109.26 - - [08/Oct/2022:22:04:40 -0700] "GET /bio/einstein/places/einha38.jpg HTTP/1.1" 404 88 "-" "Mozilla/5.0 (compatible; MJ12bot/v1.4.8; http://mj12bot.com/)" "ysfine.com"
95.217.109.26 - - [08/Oct/2022:22:04:42 -0700] "GET /bio/einstein/places/einha39.jpg HTTP/1.1" 404 88 "-" "Mozilla/5.0 (compatible; MJ12bot/v1.4.8; http://mj12bot.com/)" "ysfine.com"
95.217.109.26 - - [08/Oct/2022:22:04:44 -0700] "GET /bio/einstein/places/einhaus11.jpg HTTP/1.1" 404 88 "-" "Mozilla/5.0 (compatible; MJ12bot/v1.4.8; http://mj12bot.com/)" "ysfine.com"
95.217.109.26 - - [08/Oct/2022:22:04:46 -0700] "GET /bio/einstein/places/einmu01.jpg HTTP/1.1" 404 88 "-" "Mozilla/5.0 (compatible; MJ12bot/v1.4.8; http://mj12bot.com/)" "ysfine.com"
95.217.109.26 - - [08/Oct/2022:22:04:48 -0700] "GET /bio/einstein/places/einmu02.jpg HTTP/1.1" 404 88 "-" "Mozilla/5.0 (compatible; MJ12bot/v1.4.8; http://mj12bot.com/)" "ysfine.com"
95.217.109.26 - - [08/Oct/2022:22:04:50 -0700] "GET /bio/einstein/places/einmu04.jpg HTTP/1.1" 404 88 "-" "Mozilla/5.0 (compatible; MJ12bot/v1.4.8; http://mj12bot.com/)" "ysfine.com"
95.217.109.26 - - [08/Oct/2022:22:04:52 -0700] "GET /bio/einstein/places/einmu07.jpg HTTP/1.1" 404 88 "-" "Mozilla/5.0 (compatible; MJ12bot/v1.4.8; http://mj12bot.com/)" "ysfine.com"
95.217.109.26 - - [08/Oct/2022:22:04:54 -0700] "GET /bio/einstein/places/einmu08.jpg HTTP/1.1" 404 88 "-" "Mozilla/5.0 (compatible; MJ12bot/v1.4.8; http://mj12bot.com/)" "ysfine.com"
95.217.109.26 - - [08/Oct/2022:22:04:56 -0700] "GET /bio/einstein/places/einmu10.jpg HTTP/1.1" 404 88 "-" "Mozilla/5.0 (compatible; MJ12bot/v1.4.8; http://mj12bot.com/)" "ysfine.com"
157.55.39.58 - - [08/Oct/2022:22:04:56 -0700] "GET /bio/maga/sartre.html HTTP/1.1" 404 88 "-" "Mozilla/5.0 (compatible; bingbot/2.0; +http://www.bing.com/bingbot.htm)" "ysfine.com"
95.217.109.26 - - [08/Oct/2022:22:04:58 -0700] "GET /bio/einstein/places/einmu12.jpg HTTP/1.1" 404 88 "-" "Mozilla/5.0 (compatible; MJ12bot/v1.4.8; http://mj12bot.com/)" "ysfine.com"
95.217.109.26 - - [08/Oct/2022:22:05:00 -0700] "GET /bio/einstein/places/einmu15.jpg HTTP/1.1" 404 88 "-" "Mozilla/5.0 (compatible; MJ12bot/v1.4.8; http://mj12bot.com/)" "ysfine.com"
40.77.167.27 - - [08/Oct/2022:22:05:01 -0700] "GET /world/china/xian09b.jpg HTTP/1.1" 200 40511 "-" "Mozilla/5.0 (compatible; bingbot/2.0; +http://www.bing.com/bingbot.htm)" "ysfine.com"
95.217.109.26 - - [08/Oct/2022:22:05:02 -0700] "GET /bio/einstein/places/einmu16.jpg HTTP/1.1" 404 88 "-" "Mozilla/5.0 (compatible; MJ12bot/v1.4.8; http://mj12bot.com/)" "ysfine.com"
95.217.109.26 - - [08/Oct/2022:22:05:04 -0700] "GET /bio/einstein/places/einmu17.jpg HTTP/1.1" 404 88 "-" "Mozilla/5.0 (compatible; MJ12bot/v1.4.8; http://mj12bot.com/)" "ysfine.com"
95.217.109.26 - - [08/Oct/2022:22:05:06 -0700] "GET /bio/einstein/places/einmu18.jpg HTTP/1.1" 404 88 "-" "Mozilla/5.0 (compatible; MJ12bot/v1.4.8; http://mj12bot.com/)" "ysfine.com"
95.217.109.26 - - [08/Oct/2022:22:05:07 -0700] "GET /bio/einstein/places/einmu20.jpg HTTP/1.1" 404 88 "-" "Mozilla/5.0 (compatible; MJ12bot/v1.4.8; http://mj12bot.com/)" "ysfine.com"
95.217.109.26 - - [08/Oct/2022:22:05:10 -0700] "GET /bio/einstein/places/einmu21.jpg HTTP/1.1" 404 88 "-" "Mozilla/5.0 (compatible; MJ12bot/v1.4.8; http://mj12bot.com/)" "ysfine.com"
95.217.109.26 - - [08/Oct/2022:22:05:11 -0700] "GET /bio/einstein/places/einmu22.jpg HTTP/1.1" 404 88 "-" "Mozilla/5.0 (compatible; MJ12bot/v1.4.8; http://mj12bot.com/)" "ysfine.com"
95.217.109.26 - - [08/Oct/2022:22:05:13 -0700] "GET /bio/einstein/places/einmu24.jpg HTTP/1.1" 404 88 "-" "Mozilla/5.0 (compatible; MJ12bot/v1.4.8; http://mj12bot.com/)" "ysfine.com"
95.217.109.26 - - [08/Oct/2022:22:05:15 -0700] "GET /bio/einstein/places/einmu27.jpg HTTP/1.1" 404 88 "-" "Mozilla/5.0 (compatible; MJ12bot/v1.4.8; http://mj12bot.com/)" "ysfine.com"
95.217.109.26 - - [08/Oct/2022:22:05:17 -0700] "GET /bio/einstein/places/einmu28.jpg HTTP/1.1" 404 88 "-" "Mozilla/5.0 (compatible; MJ12bot/v1.4.8; http://mj12bot.com/)" "ysfine.com"
95.217.109.26 - - [08/Oct/2022:22:05:19 -0700] "GET /bio/einstein/places/einmu41.jpg HTTP/1.1" 404 88 "-" "Mozilla/5.0 (compatible; MJ12bot/v1.4.8; http://mj12bot.com/)" "ysfine.com"
95.217.109.26 - - [08/Oct/2022:22:05:21 -0700] "GET /bio/einstein/places/einmu50.jpg HTTP/1.1" 404 88 "-" "Mozilla/5.0 (compatible; MJ12bot/v1.4.8; http://mj12bot.com/)" "ysfine.com"
95.217.109.26 - - [08/Oct/2022:22:05:24 -0700] "GET /bio/einstein/places/einmu51.jpg HTTP/1.1" 404 88 "-" "Mozilla/5.0 (compatible; MJ12bot/v1.4.8; http://mj12bot.com/)" "ysfine.com"
95.217.109.26 - - [08/Oct/2022:22:05:25 -0700] "GET /bio/einstein/places/einmu52.jpg HTTP/1.1" 404 88 "-" "Mozilla/5.0 (compatible; MJ12bot/v1.4.8; http://mj12bot.com/)" "ysfine.com"
95.217.109.26 - - [08/Oct/2022:22:05:27 -0700] "GET /bio/einstein/places/einmu61.jpg HTTP/1.1" 404 88 "-" "Mozilla/5.0 (compatible; MJ12bot/v1.4.8; http://mj12bot.com/)" "ysfine.com"
95.217.109.26 - - [08/Oct/2022:22:05:29 -0700] "GET /bio/einstein/places/einmu62.jpg HTTP/1.1" 404 88 "-" "Mozilla/5.0 (compatible; MJ12bot/v1.4.8; http://mj12bot.com/)" "ysfine.com"
95.217.109.26 - - [08/Oct/2022:22:05:31 -0700] "GET /bio/einstein/places/einmu63.jpg HTTP/1.1" 404 88 "-" "Mozilla/5.0 (compatible; MJ12bot/v1.4.8; http://mj12bot.com/)" "ysfine.com"
95.217.109.26 - - [08/Oct/2022:22:05:33 -0700] "GET /bio/einstein/places/enmu64.jpg HTTP/1.1" 404 88 "-" "Mozilla/5.0 (compatible; MJ12bot/v1.4.8; http://mj12bot.com/)" "ysfine.com"
95.217.109.26 - - [08/Oct/2022:22:05:35 -0700] "GET /bio/einstein/places/ulm01.jpg HTTP/1.1" 404 88 "-" "Mozilla/5.0 (compatible; MJ12bot/v1.4.8; http://mj12bot.com/)" "ysfine.com"
157.55.39.58 - - [08/Oct/2022:22:05:36 -0700] "GET /kobak/rok48.jpg HTTP/1.1" 200 149888 "-" "Mozilla/5.0 (compatible; bingbot/2.0; +http://www.bing.com/bingbot.htm)" "www.ysfine.com"
95.217.109.26 - - [08/Oct/2022:22:05:36 -0700] "GET /bio/einstein/places/ulm02.jpg HTTP/1.1" 404 88 "-" "Mozilla/5.0 (compatible; MJ12bot/v1.4.8; http://mj12bot.com/)" "ysfine.com"
95.217.109.26 - - [08/Oct/2022:22:05:38 -0700] "GET /bio/einstein/places/ulm03.jpg HTTP/1.1" 404 88 "-" "Mozilla/5.0 (compatible; MJ12bot/v1.4.8; http://mj12bot.com/)" "ysfine.com"
95.217.109.26 - - [08/Oct/2022:22:05:40 -0700] "GET /bio/einstein/places/ulm05.jpg HTTP/1.1" 404 88 "-" "Mozilla/5.0 (compatible; MJ12bot/v1.4.8; http://mj12bot.com/)" "ysfine.com"
95.217.109.26 - - [08/Oct/2022:22:05:43 -0700] "GET /bio/einstein/places/ulm07.jpg HTTP/1.1" 404 88 "-" "Mozilla/5.0 (compatible; MJ12bot/v1.4.8; http://mj12bot.com/)" "ysfine.com"
114.119.128.14 - - [08/Oct/2022:22:05:43 -0700] "GET /eink/mose.html%23wight HTTP/1.1" 404 88 "https://ysfine.com/eink/mose.html" "Mozilla/5.0 (Linux; Android 7.0;) AppleWebKit/537.36 (KHTML, like Gecko) Mobile Safari/537.36 (compatible; PetalBot;+https://webmaster.petalsearch.com/site/petalbot)" "ysfine.com"
95.217.109.26 - - [08/Oct/2022:22:05:45 -0700] "GET /bio/einstein/places/ulm11.jpg HTTP/1.1" 404 88 "-" "Mozilla/5.0 (compatible; MJ12bot/v1.4.8; http://mj12bot.com/)" "ysfine.com"
95.217.109.26 - - [08/Oct/2022:22:05:47 -0700] "GET /bio/einstein/places/ulm21.jpg HTTP/1.1" 404 88 "-" "Mozilla/5.0 (compatible; MJ12bot/v1.4.8; http://mj12bot.com/)" "ysfine.com"
95.217.109.26 - - [08/Oct/2022:22:05:49 -0700] "GET /bio/einstein/places/ulm22.jpg HTTP/1.1" 404 88 "-" "Mozilla/5.0 (compatible; MJ12bot/v1.4.8; http://mj12bot.com/)" "ysfine.com"
95.217.109.26 - - [08/Oct/2022:22:05:51 -0700] "GET /bio/einstein/places/ulm26.jpg HTTP/1.1" 404 88 "-" "Mozilla/5.0 (compatible; MJ12bot/v1.4.8; http://mj12bot.com/)" "ysfine.com"
95.217.109.26 - - [08/Oct/2022:22:05:53 -0700] "GET /bio/einstein/places/ulm27.jpg HTTP/1.1" 404 88 "-" "Mozilla/5.0 (compatible; MJ12bot/v1.4.8; http://mj12bot.com/)" "ysfine.com"
95.217.109.26 - - [08/Oct/2022:22:05:55 -0700] "GET /bio/einstein/places/ulm28.jpg HTTP/1.1" 404 88 "-" "Mozilla/5.0 (compatible; MJ12bot/v1.4.8; http://mj12bot.com/)" "ysfine.com"
95.217.109.26 - - [08/Oct/2022:22:05:56 -0700] "GET /bio/einstein/places/ulm29.jpg HTTP/1.1" 404 88 "-" "Mozilla/5.0 (compatible; MJ12bot/v1.4.8; http://mj12bot.com/)" "ysfine.com"
95.217.109.26 - - [08/Oct/2022:22:05:58 -0700] "GET /bio/einstein/places/ulm30.jpg HTTP/1.1" 404 88 "-" "Mozilla/5.0 (compatible; MJ12bot/v1.4.8; http://mj12bot.com/)" "ysfine.com"
95.217.109.26 - - [08/Oct/2022:22:06:00 -0700] "GET /bio/einstein/places/ulm32.jpg HTTP/1.1" 404 88 "-" "Mozilla/5.0 (compatible; MJ12bot/v1.4.8; http://mj12bot.com/)" "ysfine.com"
95.217.109.26 - - [08/Oct/2022:22:06:02 -0700] "GET /bio/einstein/quantu11.html HTTP/1.1" 404 88 "-" "Mozilla/5.0 (compatible; MJ12bot/v1.4.8; http://mj12bot.com/)" "ysfine.com"
95.217.109.26 - - [08/Oct/2022:22:06:04 -0700] "GET /bio/einstein/ulm22.html HTTP/1.1" 404 88 "-" "Mozilla/5.0 (compatible; MJ12bot/v1.4.8; http://mj12bot.com/)" "ysfine.com"
157.55.39.58 - - [08/Oct/2022:22:06:06 -0700] "GET /bio/yspapers/dirinta.pdf HTTP/1.1" 404 88 "-" "Mozilla/5.0 AppleWebKit/537.36 (KHTML, like Gecko; compatible; bingbot/2.0; +http://www.bing.com/bingbot.htm) Chrome/103.0.5060.134 Safari/537.36" "ysfine.com"
95.217.109.26 - - [08/Oct/2022:22:06:06 -0700] "GET /bio/einstein/ysturner.jpg HTTP/1.1" 404 88 "-" "Mozilla/5.0 (compatible; MJ12bot/v1.4.8; http://mj12bot.com/)" "ysfine.com"
95.217.109.26 - - [08/Oct/2022:22:06:08 -0700] "GET /bio/fbook/fortune22.html HTTP/1.1" 404 88 "-" "Mozilla/5.0 (compatible; MJ12bot/v1.4.8; http://mj12bot.com/)" "ysfine.com"
95.217.109.26 - - [08/Oct/2022:22:06:10 -0700] "GET /bio/fenyman/index.html HTTP/1.1" 404 88 "-" "Mozilla/5.0 (compatible; MJ12bot/v1.4.8; http://mj12bot.com/)" "ysfine.com"
40.77.167.27 - - [08/Oct/2022:22:06:12 -0700] "GET /bio/heisen/einheisen.html HTTP/1.1" 404 88 "-" "Mozilla/5.0 (compatible; bingbot/2.0; +http://www.bing.com/bingbot.htm)" "ysfine.com"
95.217.109.26 - - [08/Oct/2022:22:06:12 -0700] "GET /bio/feynman/feybial.jpg HTTP/1.1" 404 88 "-" "Mozilla/5.0 (compatible; MJ12bot/v1.4.8; http://mj12bot.com/)" "ysfine.com"
207.46.13.102 - - [08/Oct/2022:22:06:30 -0700] "GET /kowar/tanks/tank02.jpg HTTP/1.1" 200 74135 "-" "Mozilla/5.0 (compatible; bingbot/2.0; +http://www.bing.com/bingbot.htm)" "www.ysfine.com"
207.46.13.102 - - [08/Oct/2022:22:06:32 -0700] "GET /eink/eink24b.jpg HTTP/1.1" 200 42003 "-" "Mozilla/5.0 (compatible; bingbot/2.0; +http://www.bing.com/bingbot.htm)" "www.ysfine.com"
157.55.39.55 - - [08/Oct/2022:22:06:55 -0700] "GET /world/germany/johannstra22.jpg HTTP/1.1" 200 173687 "-" "Mozilla/5.0 (compatible; bingbot/2.0; +http://www.bing.com/bingbot.htm)" "ysfine.com"
114.119.128.162 - - [08/Oct/2022:22:07:12 -0700] "GET /world/venice.html HTTP/1.1" 200 8457 "http://ysfine.com/dirac/bankers.html" "Mozilla/5.0 (Linux; Android 7.0;) AppleWebKit/537.36 (KHTML, like Gecko) Mobile Safari/537.36 (compatible; PetalBot;+https://webmaster.petalsearch.com/site/petalbot)" "ysfine.com"
158.69.246.54 - - [08/Oct/2022:22:07:52 -0700] "GET /robots.txt HTTP/1.1" 404 73 "-" "Mozilla/5.0 (compatible; MJ12bot/v1.4.8; http://mj12bot.com/)" "ysfine.com"
158.69.246.54 - - [08/Oct/2022:22:07:53 -0700] "GET /wigner/narco.jpg HTTP/1.1" 200 95166 "-" "Mozilla/5.0 (compatible; MJ12bot/v1.4.8; http://mj12bot.com/)" "ysfine.com"
158.69.246.54 - - [08/Oct/2022:22:07:55 -0700] "GET /wigner/neeman.jpg HTTP/1.1" 200 74678 "-" "Mozilla/5.0 (compatible; MJ12bot/v1.4.8; http://mj12bot.com/)" "ysfine.com"
158.69.246.54 - - [08/Oct/2022:22:07:57 -0700] "GET /wigner/neusil.jpg HTTP/1.1" 200 139772 "-" "Mozilla/5.0 (compatible; MJ12bot/v1.4.8; http://mj12bot.com/)" "ysfine.com"
158.69.246.54 - - [08/Oct/2022:22:07:58 -0700] "GET /wigner/nobel.jpg HTTP/1.1" 200 94921 "-" "Mozilla/5.0 (compatible; MJ12bot/v1.4.8; http://mj12bot.com/)" "ysfine.com"
158.69.246.54 - - [08/Oct/2022:22:08:00 -0700] "GET /wigner/parents.jpg HTTP/1.1" 200 69463 "-" "Mozilla/5.0 (compatible; MJ12bot/v1.4.8; http://mj12bot.com/)" "ysfine.com"
158.69.246.54 - - [08/Oct/2022:22:08:02 -0700] "GET /wigner/quartet.jpg HTTP/1.1" 200 83670 "-" "Mozilla/5.0 (compatible; MJ12bot/v1.4.8; http://mj12bot.com/)" "ysfine.com"
158.69.246.54 - - [08/Oct/2022:22:08:04 -0700] "GET /wigner/second.jpg HTTP/1.1" 200 104478 "-" "Mozilla/5.0 (compatible; MJ12bot/v1.4.8; http://mj12bot.com/)" "ysfine.com"
158.69.246.54 - - [08/Oct/2022:22:08:06 -0700] "GET /wigner/second2.jpg HTTP/1.1" 200 64603 "-" "Mozilla/5.0 (compatible; MJ12bot/v1.4.8; http://mj12bot.com/)" "ysfine.com"
157.55.39.58 - - [08/Oct/2022:22:08:06 -0700] "GET /wdc/gtown04.jpg HTTP/1.1" 200 154553 "-" "Mozilla/5.0 (compatible; bingbot/2.0; +http://www.bing.com/bingbot.htm)" "ysfine.com"
158.69.246.54 - - [08/Oct/2022:22:08:07 -0700] "GET /wigner/seitz.jpg HTTP/1.1" 200 56426 "-" "Mozilla/5.0 (compatible; MJ12bot/v1.4.8; http://mj12bot.com/)" "ysfine.com"
158.69.246.54 - - [08/Oct/2022:22:08:10 -0700] "GET /wigner/snow.jpg HTTP/1.1" 200 34962 "-" "Mozilla/5.0 (compatible; MJ12bot/v1.4.8; http://mj12bot.com/)" "ysfine.com"
158.69.246.54 - - [08/Oct/2022:22:08:12 -0700] "GET /wigner/taylor02.jpg HTTP/1.1" 200 100248 "-" "Mozilla/5.0 (compatible; MJ12bot/v1.4.8; http://mj12bot.com/)" "ysfine.com"
158.69.246.54 - - [08/Oct/2022:22:08:13 -0700] "GET /wigner/teller.jpg HTTP/1.1" 200 98739 "-" "Mozilla/5.0 (compatible; MJ12bot/v1.4.8; http://mj12bot.com/)" "ysfine.com"
158.69.246.54 - - [08/Oct/2022:22:08:15 -0700] "GET /wigner/tep.jpg HTTP/1.1" 200 58796 "-" "Mozilla/5.0 (compatible; MJ12bot/v1.4.8; http://mj12bot.com/)" "ysfine.com"
158.69.246.54 - - [08/Oct/2022:22:08:17 -0700] "GET /wigner/volmer.jpg HTTP/1.1" 200 88923 "-" "Mozilla/5.0 (compatible; MJ12bot/v1.4.8; http://mj12bot.com/)" "ysfine.com"
158.69.246.54 - - [08/Oct/2022:22:08:18 -0700] "GET /wigner/wbrill.jpg HTTP/1.1" 200 83776 "-" "Mozilla/5.0 (compatible; MJ12bot/v1.4.8; http://mj12bot.com/)" "ysfine.com"
158.69.246.54 - - [08/Oct/2022:22:08:20 -0700] "GET /wigner/wigbardeen.jpg HTTP/1.1" 200 66998 "-" "Mozilla/5.0 (compatible; MJ12bot/v1.4.8; http://mj12bot.com/)" "ysfine.com"
158.69.246.54 - - [08/Oct/2022:22:08:21 -0700] "GET /wigner/wigfine.jpg HTTP/1.1" 200 59178 "-" "Mozilla/5.0 (compatible; MJ12bot/v1.4.8; http://mj12bot.com/)" "ysfine.com"
157.55.39.127 - - [08/Oct/2022:22:08:23 -0700] "GET /world/russ/bolshoi22.jpg HTTP/1.1" 200 109431 "-" "Mozilla/5.0 (compatible; bingbot/2.0; +http://www.bing.com/bingbot.htm)" "ysfine.com"
158.69.246.54 - - [08/Oct/2022:22:08:23 -0700] "GET /wigner/wiggursey.jpg HTTP/1.1" 200 97493 "-" "Mozilla/5.0 (compatible; MJ12bot/v1.4.8; http://mj12bot.com/)" "ysfine.com"
158.69.246.54 - - [08/Oct/2022:22:08:24 -0700] "GET /wigner/wighouse.jpg HTTP/1.1" 200 257507 "-" "Mozilla/5.0 (compatible; MJ12bot/v1.4.8; http://mj12bot.com/)" "ysfine.com"
158.69.246.54 - - [08/Oct/2022:22:08:26 -0700] "GET /wigner/wigjad22.jpg HTTP/1.1" 200 96463 "-" "Mozilla/5.0 (compatible; MJ12bot/v1.4.8; http://mj12bot.com/)" "ysfine.com"
158.69.246.54 - - [08/Oct/2022:22:08:28 -0700] "GET /wigner/wigques.jpg HTTP/1.1" 200 14216 "-" "Mozilla/5.0 (compatible; MJ12bot/v1.4.8; http://mj12bot.com/)" "ysfine.com"
158.69.246.54 - - [08/Oct/2022:22:08:29 -0700] "GET /wigner/wigsharp.jpg HTTP/1.1" 200 123961 "-" "Mozilla/5.0 (compatible; MJ12bot/v1.4.8; http://mj12bot.com/)" "ysfine.com"
158.69.246.54 - - [08/Oct/2022:22:08:31 -0700] "GET /wigner/wigtoll.jpg HTTP/1.1" 200 78629 "-" "Mozilla/5.0 (compatible; MJ12bot/v1.4.8; http://mj12bot.com/)" "ysfine.com"
158.69.246.54 - - [08/Oct/2022:22:08:33 -0700] "GET /wigner/ys88.jpg HTTP/1.1" 200 42656 "-" "Mozilla/5.0 (compatible; MJ12bot/v1.4.8; http://mj12bot.com/)" "ysfine.com"
158.69.246.54 - - [08/Oct/2022:22:08:34 -0700] "GET /world/france/frstu09.jpg HTTP/1.1" 200 167728 "-" "Mozilla/5.0 (compatible; MJ12bot/v1.4.8; http://mj12bot.com/)" "ysfine.com"
