173.73.80.118 - - [09/Oct/2022:12:39:23 -0700] "GET /home/figs/einbohr33c.jpg HTTP/1.1" 200 36413 "https://ysfine.com/home/hmrigh.html" "Mozilla/5.0 (Linux; Android 5.1.1; KFSUWI) AppleWebKit/537.36 (KHTML, like Gecko) Silk/104.2.16 like Chrome/104.0.5112.114 Safari/537.36" "ysfine.com"
173.73.80.118 - - [09/Oct/2022:12:39:23 -0700] "GET /home/coke300.jpg HTTP/1.1" 200 50941 "https://ysfine.com/home/hmrigh.html" "Mozilla/5.0 (Linux; Android 5.1.1; KFSUWI) AppleWebKit/537.36 (KHTML, like Gecko) Silk/104.2.16 like Chrome/104.0.5112.114 Safari/537.36" "ysfine.com"
157.55.39.55 - - [09/Oct/2022:12:39:27 -0700] "GET /world/baltic/kantm08b.jpg HTTP/1.1" 200 32412 "-" "Mozilla/5.0 AppleWebKit/537.36 (KHTML, like Gecko; compatible; bingbot/2.0; +http://www.bing.com/bingbot.htm) Chrome/103.0.5060.134 Safari/537.36" "ysfine.com"
173.73.80.118 - - [09/Oct/2022:12:39:33 -0700] "GET /home/bio77.html HTTP/1.1" 404 88 "-" "Mozilla/5.0 (Linux; Android 5.1.1; KFSUWI) AppleWebKit/537.36 (KHTML, like Gecko) Silk/104.2.16 like Chrome/104.0.5112.114 Safari/537.36" "ysfine.com"
173.73.80.118 - - [09/Oct/2022:12:39:43 -0700] "GET /wigner/index.html HTTP/1.1" 200 124 "-" "Mozilla/5.0 (Linux; Android 5.1.1; KFSUWI) AppleWebKit/537.36 (KHTML, like Gecko) Silk/104.2.16 like Chrome/104.0.5112.114 Safari/537.36" "ysfine.com"
173.73.80.118 - - [09/Oct/2022:12:39:43 -0700] "GET /wigner/wigtop.html HTTP/1.1" 200 422 "https://ysfine.com/wigner/index.html" "Mozilla/5.0 (Linux; Android 5.1.1; KFSUWI) AppleWebKit/537.36 (KHTML, like Gecko) Silk/104.2.16 like Chrome/104.0.5112.114 Safari/537.36" "ysfine.com"
173.73.80.118 - - [09/Oct/2022:12:39:43 -0700] "GET /wigner/wigbot.html HTTP/1.1" 200 123 "https://ysfine.com/wigner/index.html" "Mozilla/5.0 (Linux; Android 5.1.1; KFSUWI) AppleWebKit/537.36 (KHTML, like Gecko) Silk/104.2.16 like Chrome/104.0.5112.114 Safari/537.36" "ysfine.com"
173.73.80.118 - - [09/Oct/2022:12:39:43 -0700] "GET /wigner/wigleft.html HTTP/1.1" 200 659 "https://ysfine.com/wigner/wigbot.html" "Mozilla/5.0 (Linux; Android 5.1.1; KFSUWI) AppleWebKit/537.36 (KHTML, like Gecko) Silk/104.2.16 like Chrome/104.0.5112.114 Safari/537.36" "ysfine.com"
173.73.80.118 - - [09/Oct/2022:12:39:43 -0700] "GET /wigner/wigrigh.html HTTP/1.1" 200 2476 "https://ysfine.com/wigner/wigbot.html" "Mozilla/5.0 (Linux; Android 5.1.1; KFSUWI) AppleWebKit/537.36 (KHTML, like Gecko) Silk/104.2.16 like Chrome/104.0.5112.114 Safari/537.36" "ysfine.com"
173.73.80.118 - - [09/Oct/2022:12:39:43 -0700] "GET /wigner/wigkim22b.jpg HTTP/1.1" 200 33880 "https://ysfine.com/wigner/wigrigh.html" "Mozilla/5.0 (Linux; Android 5.1.1; KFSUWI) AppleWebKit/537.36 (KHTML, like Gecko) Silk/104.2.16 like Chrome/104.0.5112.114 Safari/537.36" "ysfine.com"
173.73.80.118 - - [09/Oct/2022:12:39:43 -0700] "GET /princeton/sbt11b.jpg HTTP/1.1" 200 25236 "https://ysfine.com/wigner/wigrigh.html" "Mozilla/5.0 (Linux; Android 5.1.1; KFSUWI) AppleWebKit/537.36 (KHTML, like Gecko) Silk/104.2.16 like Chrome/104.0.5112.114 Safari/537.36" "ysfine.com"
173.73.80.118 - - [09/Oct/2022:12:39:43 -0700] "GET /wigner/isomor66b.jpg HTTP/1.1" 200 60963 "https://ysfine.com/wigner/wigrigh.html" "Mozilla/5.0 (Linux; Android 5.1.1; KFSUWI) AppleWebKit/537.36 (KHTML, like Gecko) Silk/104.2.16 like Chrome/104.0.5112.114 Safari/537.36" "ysfine.com"
66.249.66.90 - - [09/Oct/2022:12:39:46 -0700] "GET /kobak/kimjap11.jpg HTTP/1.1" 304 - "-" "Googlebot-Image/1.0" "ysfine.com"
40.77.167.27 - - [09/Oct/2022:12:39:56 -0700] "GET /world/russ/spbm04.jpg HTTP/1.1" 200 84976 "-" "Mozilla/5.0 (compatible; bingbot/2.0; +http://www.bing.com/bingbot.htm)" "www.ysfine.com"
207.46.13.102 - - [09/Oct/2022:12:40:23 -0700] "GET /feynman/ppic/ellipse53a.jpg HTTP/1.1" 200 83937 "-" "Mozilla/5.0 (compatible; bingbot/2.0; +http://www.bing.com/bingbot.htm)" "ysfine.com"
95.90.205.144 - - [09/Oct/2022:12:40:32 -0700] "GET /dirac/dirheisen31c.jpg HTTP/1.1" 200 43569 "https://www.google.com/" "Mozilla/5.0 (Linux; Android 12; SM-A715F Build/SP1A.210812.016; wv) AppleWebKit/537.36 (KHTML, like Gecko) Version/4.0 Chrome/105.0.5195.136 Mobile Safari/537.36 GoogleApp/13.38.11.26.arm64" "ysfine.com"
157.55.39.55 - - [09/Oct/2022:12:40:48 -0700] "GET /world/baltic/tallin02.jpg HTTP/1.1" 200 76857 "-" "Mozilla/5.0 (compatible; bingbot/2.0; +http://www.bing.com/bingbot.htm)" "www.ysfine.com"
54.236.1.11 - - [09/Oct/2022:12:41:39 -0700] "GET /robots.txt HTTP/1.1" 404 88 "-" "Mozilla/5.0 (compatible; Pinterestbot/1.0; +http://www.pinterest.com/bot.html)" "ysfine.com"
54.236.1.11 - - [09/Oct/2022:12:41:39 -0700] "GET / HTTP/1.1" 200 5283 "-" "Mozilla/5.0 (compatible; Pinterestbot/1.0; +http://www.pinterest.com/bot.html)" "ysfine.com"
54.236.1.11 - - [09/Oct/2022:12:41:39 -0700] "GET /feynman/feygell22b.jpg HTTP/1.1" 200 32331 "-" "Mozilla/5.0 (compatible; Pinterestbot/1.0; +http://www.pinterest.com/bot.html)" "ysfine.com"
54.236.1.13 - - [09/Oct/2022:12:41:39 -0700] "GET /feynman/feygell.html HTTP/1.1" 200 4714 "-" "Mozilla/5.0 (compatible; Pinterestbot/1.0; +http://www.pinterest.com/bot.html)" "ysfine.com"
207.46.13.102 - - [09/Oct/2022:12:41:44 -0700] "GET /world/scandi/copen037.jpg HTTP/1.1" 200 120394 "-" "Mozilla/5.0 (compatible; bingbot/2.0; +http://www.bing.com/bingbot.htm)" "ysfine.com"
157.55.39.58 - - [09/Oct/2022:12:41:51 -0700] "GET /sbk/2013buda02.jpg HTTP/1.1" 200 153760 "-" "Mozilla/5.0 (compatible; bingbot/2.0; +http://www.bing.com/bingbot.htm)" "www.ysfine.com"
157.55.39.58 - - [09/Oct/2022:12:41:52 -0700] "GET /einstein/places/bern03.jpg HTTP/1.1" 200 52268 "-" "Mozilla/5.0 (compatible; bingbot/2.0; +http://www.bing.com/bingbot.htm)" "ysfine.com"
40.88.21.235 - - [09/Oct/2022:12:42:55 -0700] "GET / HTTP/1.1" 200 5283 "https://www.ysfine.com/" "Mozilla/5.0 (compatible; DuckDuckGo-Favicons-Bot/1.0; +http://duckduckgo.com)" "www.ysfine.com"
40.88.21.235 - - [09/Oct/2022:12:42:55 -0700] "GET /favicon.ico HTTP/1.1" 404 88 "https://www.ysfine.com/favicon.ico" "Mozilla/5.0 (compatible; DuckDuckGo-Favicons-Bot/1.0; +http://duckduckgo.com)" "www.ysfine.com"
40.88.21.235 - - [09/Oct/2022:12:42:56 -0700] "GET /favicon.ico HTTP/1.1" 404 88 "https://www.ysfine.com/favicon.ico" "Mozilla/5.0 (compatible; DuckDuckGo-Favicons-Bot/1.0; +http://duckduckgo.com)" "www.ysfine.com"
157.55.39.55 - - [09/Oct/2022:12:43:18 -0700] "GET /bio/100yrs.html HTTP/1.1" 404 88 "-" "Mozilla/5.0 (compatible; bingbot/2.0; +http://www.bing.com/bingbot.htm)" "ysfine.com"
157.55.39.128 - - [09/Oct/2022:12:43:22 -0700] "GET /sbk/2004nyc33.jpg HTTP/1.1" 200 316055 "-" "Mozilla/5.0 (compatible; bingbot/2.0; +http://www.bing.com/bingbot.htm)" "ysfine.com"
65.92.185.93 - - [09/Oct/2022:12:43:49 -0700] "GET /world/france/champ1216.jpg HTTP/1.1" 200 196639 "https://www.google.ca/" "Mozilla/5.0 (iPhone; CPU iPhone OS 15_6 like Mac OS X) AppleWebKit/605.1.15 (KHTML, like Gecko) Version/15.6 Mobile/15E148 Safari/604.1" "ysfine.com"
160.39.210.113 - - [09/Oct/2022:12:44:05 -0700] "GET /wigner/little11.pdf HTTP/1.1" 200 156821 "https://www.google.com/" "Mozilla/5.0 (Macintosh; Intel Mac OS X 10_15_7) AppleWebKit/537.36 (KHTML, like Gecko) Chrome/105.0.0.0 Safari/537.36" "ysfine.com"
160.39.210.113 - - [09/Oct/2022:12:44:06 -0700] "GET /favicon.ico HTTP/1.1" 404 88 "https://ysfine.com/wigner/little11.pdf" "Mozilla/5.0 (Macintosh; Intel Mac OS X 10_15_7) AppleWebKit/537.36 (KHTML, like Gecko) Chrome/105.0.0.0 Safari/537.36" "ysfine.com"
157.55.39.128 - - [09/Oct/2022:12:46:42 -0700] "GET /newyork/unionsq08.jpg HTTP/1.1" 200 267379 "-" "Mozilla/5.0 (compatible; bingbot/2.0; +http://www.bing.com/bingbot.htm)" "ysfine.com"
106.193.102.33 - - [09/Oct/2022:12:47:38 -0700] "GET /world/japan/nara005.jpg HTTP/1.1" 200 144132 "https://www.gay-fetish-xxx.com/" "Mozilla/5.0 (Macintosh; Intel Mac OS X 10_15_6) AppleWebKit/605.1.15 (KHTML, like Gecko) Version/15.6.1 Safari/605.1.15" "ysfine.com"
66.249.66.91 - - [09/Oct/2022:12:48:21 -0700] "GET /world/ital/verona01.jpg HTTP/1.1" 200 90539 "-" "Googlebot-Image/1.0" "ysfine.com"
40.77.167.27 - - [09/Oct/2022:12:48:26 -0700] "GET /world/china/nanjing25b.jpg HTTP/1.1" 200 62305 "-" "Mozilla/5.0 (compatible; bingbot/2.0; +http://www.bing.com/bingbot.htm)" "ysfine.com"
139.5.219.212 - - [09/Oct/2022:12:49:10 -0700] "GET /kobak/sl628.jpg HTTP/1.1" 200 225100 "https://www.google.com/" "Mozilla/5.0 (Macintosh; Intel Mac OS X 10_15_7) AppleWebKit/537.36 (KHTML, like Gecko) Chrome/106.0.0.0 Safari/537.36" "ysfine.com"
173.252.83.22 - - [09/Oct/2022:12:50:50 -0700] "GET /dirac/jablo62.jpg HTTP/1.1" 200 206686 "-" "facebookexternalhit/1.1 (+http://www.facebook.com/externalhit_uatext.php)" "ysfine.com"
86.125.61.252 - - [09/Oct/2022:12:51:53 -0700] "GET /jobs/ HTTP/1.1" 200 123 "-" "Mozilla/5.0 (Windows NT 6.3; WOW64) AppleWebKit/537.36 (KHTML, like Gecko) Chrome/63.0.3239.132 Safari/537.36" "ysfine.com"
86.125.61.252 - - [09/Oct/2022:12:51:54 -0700] "GET /jobs/jorigh.html HTTP/1.1" 200 1583 "https://ysfine.com/jobs/" "Mozilla/5.0 (Windows NT 6.3; WOW64) AppleWebKit/537.36 (KHTML, like Gecko) Chrome/63.0.3239.132 Safari/537.36" "ysfine.com"
86.125.61.252 - - [09/Oct/2022:12:51:54 -0700] "GET /jobs/joleft.html HTTP/1.1" 200 334 "https://ysfine.com/jobs/" "Mozilla/5.0 (Windows NT 6.3; WOW64) AppleWebKit/537.36 (KHTML, like Gecko) Chrome/63.0.3239.132 Safari/537.36" "ysfine.com"
86.125.61.252 - - [09/Oct/2022:12:51:55 -0700] "GET /einstein/einfine21b.jpg HTTP/1.1" 200 53710 "https://ysfine.com/jobs/jorigh.html" "Mozilla/5.0 (Windows NT 6.3; WOW64) AppleWebKit/537.36 (KHTML, like Gecko) Chrome/63.0.3239.132 Safari/537.36" "ysfine.com"
86.125.61.252 - - [09/Oct/2022:12:51:55 -0700] "GET /beau/vilnius08b.jpg HTTP/1.1" 404 88 "https://ysfine.com/jobs/jorigh.html" "Mozilla/5.0 (Windows NT 6.3; WOW64) AppleWebKit/537.36 (KHTML, like Gecko) Chrome/63.0.3239.132 Safari/537.36" "ysfine.com"
86.125.61.252 - - [09/Oct/2022:12:51:55 -0700] "GET /world/poland/polstu09b.jpg HTTP/1.1" 200 51803 "https://ysfine.com/jobs/jorigh.html" "Mozilla/5.0 (Windows NT 6.3; WOW64) AppleWebKit/537.36 (KHTML, like Gecko) Chrome/63.0.3239.132 Safari/537.36" "ysfine.com"
86.125.61.252 - - [09/Oct/2022:12:51:55 -0700] "GET /princeton/class2007b.jpg HTTP/1.1" 200 40797 "https://ysfine.com/jobs/jorigh.html" "Mozilla/5.0 (Windows NT 6.3; WOW64) AppleWebKit/537.36 (KHTML, like Gecko) Chrome/63.0.3239.132 Safari/537.36" "ysfine.com"
86.125.61.252 - - [09/Oct/2022:12:51:57 -0700] "GET /favicon.ico HTTP/1.1" 404 88 "https://ysfine.com/jobs/" "Mozilla/5.0 (Windows NT 6.3; WOW64) AppleWebKit/537.36 (KHTML, like Gecko) Chrome/63.0.3239.132 Safari/537.36" "ysfine.com"
157.55.39.127 - - [09/Oct/2022:12:51:58 -0700] "GET /style/musee/ath010.jpg HTTP/1.1" 200 135911 "-" "Mozilla/5.0 (compatible; bingbot/2.0; +http://www.bing.com/bingbot.htm)" "ysfine.com"
157.55.39.58 - - [09/Oct/2022:12:52:22 -0700] "GET /kobak/father.jpg HTTP/1.1" 200 75154 "-" "Mozilla/5.0 AppleWebKit/537.36 (KHTML, like Gecko; compatible; bingbot/2.0; +http://www.bing.com/bingbot.htm) Chrome/103.0.5060.134 Safari/537.36" "ysfine.com"
173.73.80.118 - - [09/Oct/2022:12:52:56 -0700] "GET /ys11/ HTTP/1.1" 304 - "-" "Mozilla/5.0 (Windows NT 10.0; Win64; x64) AppleWebKit/537.36 (KHTML, like Gecko) Chrome/106.0.0.0 Safari/537.36 Edg/106.0.1370.37" "ysfine.com"
173.73.80.118 - - [09/Oct/2022:12:52:56 -0700] "GET /favicon.ico HTTP/1.1" 404 88 "https://ysfine.com/ys11/" "Mozilla/5.0 (Windows NT 10.0; Win64; x64) AppleWebKit/537.36 (KHTML, like Gecko) Chrome/106.0.0.0 Safari/537.36 Edg/106.0.1370.37" "ysfine.com"
207.46.13.102 - - [09/Oct/2022:12:53:05 -0700] "GET /world/ital/flor064.jpg HTTP/1.1" 200 92740 "-" "Mozilla/5.0 (compatible; bingbot/2.0; +http://www.bing.com/bingbot.htm)" "ysfine.com"
42.236.10.125 - - [09/Oct/2022:12:53:05 -0700] "GET /jobs HTTP/1.1" 301 1407 "http://baidu.com/" "Mozilla/5.0 (Linux; U; Android 8.0.0; zh-cn; Mi Note 2 Build/OPR1.170623.032) AppleWebKit/537.36 (KHTML, like Gecko) Version/4.0 Chrome/61.0.3163.128 Mobile Safari/537.36 XiaoMi/MiuiBrowser/10.1.1" "ysfine.com"
42.236.10.125 - - [09/Oct/2022:12:53:06 -0700] "GET /jobs/ HTTP/1.1" 200 123 "http://baidu.com/" "Mozilla/5.0 (Linux; U; Android 8.0.0; zh-cn; Mi Note 2 Build/OPR1.170623.032) AppleWebKit/537.36 (KHTML, like Gecko) Version/4.0 Chrome/61.0.3163.128 Mobile Safari/537.36 XiaoMi/MiuiBrowser/10.1.1" "ysfine.com"
42.236.10.125 - - [09/Oct/2022:12:53:06 -0700] "GET /jobs/joleft.html HTTP/1.1" 200 334 "https://ysfine.com/jobs/" "Mozilla/5.0 (Linux; U; Android 8.0.0; zh-cn; Mi Note 2 Build/OPR1.170623.032) AppleWebKit/537.36 (KHTML, like Gecko) Version/4.0 Chrome/61.0.3163.128 Mobile Safari/537.36 XiaoMi/MiuiBrowser/10.1.1" "ysfine.com"
42.236.10.125 - - [09/Oct/2022:12:53:06 -0700] "GET /jobs/jorigh.html HTTP/1.1" 200 1583 "https://ysfine.com/jobs/" "Mozilla/5.0 (Linux; U; Android 8.0.0; zh-cn; Mi Note 2 Build/OPR1.170623.032) AppleWebKit/537.36 (KHTML, like Gecko) Version/4.0 Chrome/61.0.3163.128 Mobile Safari/537.36 XiaoMi/MiuiBrowser/10.1.1" "ysfine.com"
42.236.10.125 - - [09/Oct/2022:12:53:06 -0700] "GET /einstein/einfine21b.jpg HTTP/1.1" 200 53710 "https://ysfine.com/jobs/jorigh.html" "Mozilla/5.0 (Linux; U; Android 8.0.0; zh-cn; Mi Note 2 Build/OPR1.170623.032) AppleWebKit/537.36 (KHTML, like Gecko) Version/4.0 Chrome/61.0.3163.128 Mobile Safari/537.36 XiaoMi/MiuiBrowser/10.1.1" "ysfine.com"
42.236.10.125 - - [09/Oct/2022:12:53:06 -0700] "GET /beau/vilnius08b.jpg HTTP/1.1" 404 88 "https://ysfine.com/jobs/jorigh.html" "Mozilla/5.0 (Linux; U; Android 8.0.0; zh-cn; Mi Note 2 Build/OPR1.170623.032) AppleWebKit/537.36 (KHTML, like Gecko) Version/4.0 Chrome/61.0.3163.128 Mobile Safari/537.36 XiaoMi/MiuiBrowser/10.1.1" "ysfine.com"
42.236.10.125 - - [09/Oct/2022:12:53:06 -0700] "GET /princeton/class2007b.jpg HTTP/1.1" 200 40797 "https://ysfine.com/jobs/jorigh.html" "Mozilla/5.0 (Linux; U; Android 8.0.0; zh-cn; Mi Note 2 Build/OPR1.170623.032) AppleWebKit/537.36 (KHTML, like Gecko) Version/4.0 Chrome/61.0.3163.128 Mobile Safari/537.36 XiaoMi/MiuiBrowser/10.1.1" "ysfine.com"
42.236.10.125 - - [09/Oct/2022:12:53:06 -0700] "GET /world/poland/polstu09b.jpg HTTP/1.1" 200 51803 "https://ysfine.com/jobs/jorigh.html" "Mozilla/5.0 (Linux; U; Android 8.0.0; zh-cn; Mi Note 2 Build/OPR1.170623.032) AppleWebKit/537.36 (KHTML, like Gecko) Version/4.0 Chrome/61.0.3163.128 Mobile Safari/537.36 XiaoMi/MiuiBrowser/10.1.1" "ysfine.com"
173.73.80.118 - - [09/Oct/2022:12:53:07 -0700] "GET /ysbio/yshome.html HTTP/1.1" 200 5691 "https://ysfine.com/ysbio/index.html" "Mozilla/5.0 (Windows NT 10.0; Win64; x64) AppleWebKit/537.36 (KHTML, like Gecko) Chrome/106.0.0.0 Safari/537.36 Edg/106.0.1370.37" "ysfine.com"
173.73.80.118 - - [09/Oct/2022:12:53:07 -0700] "GET /ysbio/top21d.jpg HTTP/1.1" 200 74409 "https://ysfine.com/ysbio/yshome.html" "Mozilla/5.0 (Windows NT 10.0; Win64; x64) AppleWebKit/537.36 (KHTML, like Gecko) Chrome/106.0.0.0 Safari/537.36 Edg/106.0.1370.37" "ysfine.com"
173.73.80.118 - - [09/Oct/2022:12:53:07 -0700] "GET /ysbio/eink450.jpg HTTP/1.1" 200 66794 "https://ysfine.com/ysbio/yshome.html" "Mozilla/5.0 (Windows NT 10.0; Win64; x64) AppleWebKit/537.36 (KHTML, like Gecko) Chrome/106.0.0.0 Safari/537.36 Edg/106.0.1370.37" "ysfine.com"
173.73.80.118 - - [09/Oct/2022:12:53:10 -0700] "GET /home/bio.html HTTP/1.1" 404 88 "-" "Mozilla/5.0 (Windows NT 10.0; Win64; x64) AppleWebKit/537.36 (KHTML, like Gecko) Chrome/106.0.0.0 Safari/537.36 Edg/106.0.1370.37" "ysfine.com"
173.73.80.118 - - [09/Oct/2022:12:53:22 -0700] "GET /home/bio77.html HTTP/1.1" 404 88 "-" "Mozilla/5.0 (Windows NT 10.0; Win64; x64) AppleWebKit/537.36 (KHTML, like Gecko) Chrome/106.0.0.0 Safari/537.36 Edg/106.0.1370.37" "ysfine.com"
71.184.137.58 - - [09/Oct/2022:12:53:27 -0700] "GET /wigner/neum/vnc03.jpg HTTP/1.1" 200 80421 "https://www.google.com/" "Mozilla/5.0 (iPhone; CPU iPhone OS 15_6_1 like Mac OS X) AppleWebKit/605.1.15 (KHTML, like Gecko) Version/15.6.1 Mobile/15E148 Safari/604.1" "ysfine.com"
93.158.161.46 - - [09/Oct/2022:12:53:29 -0700] "GET /world/germany/perga25.jpg HTTP/1.1" 200 67814 "-" "Mozilla/5.0 (compatible; YandexImages/3.0; +http://yandex.com/bots)" "www.ysfine.com"
71.184.137.58 - - [09/Oct/2022:12:53:36 -0700] "GET /wigner/neum/vnc18.jpg HTTP/1.1" 200 89614 "https://www.google.com/" "Mozilla/5.0 (iPhone; CPU iPhone OS 15_6_1 like Mac OS X) AppleWebKit/605.1.15 (KHTML, like Gecko) Version/15.6.1 Mobile/15E148 Safari/604.1" "ysfine.com"
40.77.167.27 - - [09/Oct/2022:12:53:47 -0700] "GET /people/wheejac.jpg HTTP/1.1" 200 113624 "-" "Mozilla/5.0 (compatible; bingbot/2.0; +http://www.bing.com/bingbot.htm)" "www.ysfine.com"
71.184.137.58 - - [09/Oct/2022:12:53:49 -0700] "GET /wigner/neum/vnc07.jpg HTTP/1.1" 200 95908 "https://www.google.com/" "Mozilla/5.0 (iPhone; CPU iPhone OS 15_6_1 like Mac OS X) AppleWebKit/605.1.15 (KHTML, like Gecko) Version/15.6.1 Mobile/15E148 Safari/604.1" "ysfine.com"
35.90.105.144 - - [09/Oct/2022:12:53:55 -0700] "GET /einstein/einusa.html HTTP/1.1" 200 21121 "-" "Mozilla/5.0 (Windows NT 6.1; Win64; x64) AppleWebKit/537.36 (KHTML, like Gecko) Chrome/72.0.3626.109 Safari/537.36" "ysfine.com"
27.115.124.6 - - [09/Oct/2022:12:55:25 -0700] "GET /jobs/joleft.html HTTP/1.1" 200 334 "http://baidu.com/" "Mozilla/5.0 (Linux; U; Android 8.0.0; zh-cn; Mi Note 2 Build/OPR1.170623.032) AppleWebKit/537.36 (KHTML, like Gecko) Version/4.0 Chrome/61.0.3163.128 Mobile Safari/537.36 XiaoMi/MiuiBrowser/10.1.1" "ysfine.com"
157.55.39.58 - - [09/Oct/2022:12:55:33 -0700] "GET /sbk/2008viln11.jpg HTTP/1.1" 200 123883 "-" "Mozilla/5.0 AppleWebKit/537.36 (KHTML, like Gecko; compatible; bingbot/2.0; +http://www.bing.com/bingbot.htm) Chrome/103.0.5060.134 Safari/537.36" "ysfine.com"
52.146.59.12 - - [09/Oct/2022:12:55:44 -0700] "GET /usca/pitt/syriamos11.jpg HTTP/1.1" 200 219957 "http://www.ysfine.com/usca/pitt/syriamos11.jpg" "DuckDuckBot/1.1; (+http://duckduckgo.com/duckduckbot.html)" "www.ysfine.com"
157.55.39.55 - - [09/Oct/2022:12:55:50 -0700] "GET /bio/style/ystyle.html HTTP/1.1" 404 88 "-" "Mozilla/5.0 AppleWebKit/537.36 (KHTML, like Gecko; compatible; bingbot/2.0; +http://www.bing.com/bingbot.htm) Chrome/103.0.5060.134 Safari/537.36" "ysfine.com"
157.55.39.128 - - [09/Oct/2022:12:56:24 -0700] "GET /wdc/washmo02c.jpg HTTP/1.1" 200 33146 "-" "Mozilla/5.0 (compatible; bingbot/2.0; +http://www.bing.com/bingbot.htm)" "www.ysfine.com"
27.115.124.6 - - [09/Oct/2022:12:56:56 -0700] "GET /jobs/jorigh.html HTTP/1.1" 200 1583 "http://baidu.com/" "Mozilla/5.0 (Linux; U; Android 8.0.0; zh-cn; Mi Note 2 Build/OPR1.170623.032) AppleWebKit/537.36 (KHTML, like Gecko) Version/4.0 Chrome/61.0.3163.128 Mobile Safari/537.36 XiaoMi/MiuiBrowser/10.1.1" "ysfine.com"
27.115.124.6 - - [09/Oct/2022:12:56:58 -0700] "GET /world/poland/polstu09b.jpg HTTP/1.1" 200 51803 "https://ysfine.com/jobs/jorigh.html" "Mozilla/5.0 (Linux; U; Android 8.0.0; zh-cn; Mi Note 2 Build/OPR1.170623.032) AppleWebKit/537.36 (KHTML, like Gecko) Version/4.0 Chrome/61.0.3163.128 Mobile Safari/537.36 XiaoMi/MiuiBrowser/10.1.1" "ysfine.com"
27.115.124.6 - - [09/Oct/2022:12:56:58 -0700] "GET /beau/vilnius08b.jpg HTTP/1.1" 404 88 "https://ysfine.com/jobs/jorigh.html" "Mozilla/5.0 (Linux; U; Android 8.0.0; zh-cn; Mi Note 2 Build/OPR1.170623.032) AppleWebKit/537.36 (KHTML, like Gecko) Version/4.0 Chrome/61.0.3163.128 Mobile Safari/537.36 XiaoMi/MiuiBrowser/10.1.1" "ysfine.com"
27.115.124.6 - - [09/Oct/2022:12:56:58 -0700] "GET /einstein/einfine21b.jpg HTTP/1.1" 200 53710 "https://ysfine.com/jobs/jorigh.html" "Mozilla/5.0 (Linux; U; Android 8.0.0; zh-cn; Mi Note 2 Build/OPR1.170623.032) AppleWebKit/537.36 (KHTML, like Gecko) Version/4.0 Chrome/61.0.3163.128 Mobile Safari/537.36 XiaoMi/MiuiBrowser/10.1.1" "ysfine.com"
27.115.124.6 - - [09/Oct/2022:12:56:58 -0700] "GET /princeton/class2007b.jpg HTTP/1.1" 200 40797 "https://ysfine.com/jobs/jorigh.html" "Mozilla/5.0 (Linux; U; Android 8.0.0; zh-cn; Mi Note 2 Build/OPR1.170623.032) AppleWebKit/537.36 (KHTML, like Gecko) Version/4.0 Chrome/61.0.3163.128 Mobile Safari/537.36 XiaoMi/MiuiBrowser/10.1.1" "ysfine.com"
157.55.39.58 - - [09/Oct/2022:12:57:22 -0700] "GET /einstein/places/einmu10.jpg HTTP/1.1" 200 159792 "-" "Mozilla/5.0 (compatible; bingbot/2.0; +http://www.bing.com/bingbot.htm)" "ysfine.com"
92.31.98.247 - - [09/Oct/2022:12:57:28 -0700] "GET /world/japan/nara005.jpg HTTP/1.1" 200 144132 "https://www.gay-fetish-xxx.com/boys-school-wank.html" "Mozilla/5.0 (iPad; CPU OS 10_3_3 like Mac OS X) AppleWebKit/603.1.30 (KHTML, like Gecko) GSA/68.0.234683655 Mobile/14G60 Safari/602.1" "ysfine.com"
157.55.39.58 - - [09/Oct/2022:12:58:02 -0700] "GET /world/baltic/kalin34.jpg HTTP/1.1" 200 83361 "-" "Mozilla/5.0 (compatible; bingbot/2.0; +http://www.bing.com/bingbot.htm)" "ysfine.com"
157.55.39.127 - - [09/Oct/2022:12:58:41 -0700] "GET /bio/world/russ/msukor.html HTTP/1.1" 404 88 "-" "Mozilla/5.0 (compatible; bingbot/2.0; +http://www.bing.com/bingbot.htm)" "ysfine.com"
73.115.215.232 - - [09/Oct/2022:12:58:48 -0700] "GET /maga/marx.html HTTP/1.1" 200 5871 "https://www.google.com/" "Mozilla/5.0 (iPhone; CPU iPhone OS 16_0_2 like Mac OS X) AppleWebKit/605.1.15 (KHTML, like Gecko) Version/16.0 Mobile/15E148 Safari/604.1" "ysfine.com"
73.115.215.232 - - [09/Oct/2022:12:58:48 -0700] "GET /maga/phil/marxlon01b.jpg HTTP/1.1" 200 55777 "https://ysfine.com/maga/marx.html" "Mozilla/5.0 (iPhone; CPU iPhone OS 16_0_2 like Mac OS X) AppleWebKit/605.1.15 (KHTML, like Gecko) Version/16.0 Mobile/15E148 Safari/604.1" "ysfine.com"
73.115.215.232 - - [09/Oct/2022:12:58:48 -0700] "GET /maga/phil/marxber22b.jpg HTTP/1.1" 200 48373 "https://ysfine.com/maga/marx.html" "Mozilla/5.0 (iPhone; CPU iPhone OS 16_0_2 like Mac OS X) AppleWebKit/605.1.15 (KHTML, like Gecko) Version/16.0 Mobile/15E148 Safari/604.1" "ysfine.com"
73.115.215.232 - - [09/Oct/2022:12:58:48 -0700] "GET /maga/phil/marxmos01b.jpg HTTP/1.1" 200 26995 "https://ysfine.com/maga/marx.html" "Mozilla/5.0 (iPhone; CPU iPhone OS 16_0_2 like Mac OS X) AppleWebKit/605.1.15 (KHTML, like Gecko) Version/16.0 Mobile/15E148 Safari/604.1" "ysfine.com"
73.115.215.232 - - [09/Oct/2022:12:58:49 -0700] "GET /maga/phil/marxber600.jpg HTTP/1.1" 200 54098 "https://ysfine.com/maga/marx.html" "Mozilla/5.0 (iPhone; CPU iPhone OS 16_0_2 like Mac OS X) AppleWebKit/605.1.15 (KHTML, like Gecko) Version/16.0 Mobile/15E148 Safari/604.1" "ysfine.com"
73.115.215.232 - - [09/Oct/2022:12:58:49 -0700] "GET /maga/phil/mao100b.jpg HTTP/1.1" 200 55761 "https://ysfine.com/maga/marx.html" "Mozilla/5.0 (iPhone; CPU iPhone OS 16_0_2 like Mac OS X) AppleWebKit/605.1.15 (KHTML, like Gecko) Version/16.0 Mobile/15E148 Safari/604.1" "ysfine.com"
73.115.215.232 - - [09/Oct/2022:12:58:49 -0700] "GET /maga/phil/chou01b.jpg HTTP/1.1" 200 45775 "https://ysfine.com/maga/marx.html" "Mozilla/5.0 (iPhone; CPU iPhone OS 16_0_2 like Mac OS X) AppleWebKit/605.1.15 (KHTML, like Gecko) Version/16.0 Mobile/15E148 Safari/604.1" "ysfine.com"
73.115.215.232 - - [09/Oct/2022:12:58:49 -0700] "GET /eink/eink61c.jpg HTTP/1.1" 200 34119 "https://ysfine.com/maga/marx.html" "Mozilla/5.0 (iPhone; CPU iPhone OS 16_0_2 like Mac OS X) AppleWebKit/605.1.15 (KHTML, like Gecko) Version/16.0 Mobile/15E148 Safari/604.1" "ysfine.com"
73.115.215.232 - - [09/Oct/2022:12:58:49 -0700] "GET /wisdom/mil/tank05b.jpg HTTP/1.1" 200 48742 "https://ysfine.com/maga/marx.html" "Mozilla/5.0 (iPhone; CPU iPhone OS 16_0_2 like Mac OS X) AppleWebKit/605.1.15 (KHTML, like Gecko) Version/16.0 Mobile/15E148 Safari/604.1" "ysfine.com"
73.115.215.232 - - [09/Oct/2022:12:58:49 -0700] "GET /einstein/einbohr11b.jpg HTTP/1.1" 200 37538 "https://ysfine.com/maga/marx.html" "Mozilla/5.0 (iPhone; CPU iPhone OS 16_0_2 like Mac OS X) AppleWebKit/605.1.15 (KHTML, like Gecko) Version/16.0 Mobile/15E148 Safari/604.1" "ysfine.com"
73.115.215.232 - - [09/Oct/2022:12:58:49 -0700] "GET /maga/phil/marxlon600.jpg HTTP/1.1" 200 90900 "https://ysfine.com/maga/marx.html" "Mozilla/5.0 (iPhone; CPU iPhone OS 16_0_2 like Mac OS X) AppleWebKit/605.1.15 (KHTML, like Gecko) Version/16.0 Mobile/15E148 Safari/604.1" "ysfine.com"
73.115.215.232 - - [09/Oct/2022:12:58:49 -0700] "GET /wisdom/mil/sherman44b.jpg HTTP/1.1" 200 34454 "https://ysfine.com/maga/marx.html" "Mozilla/5.0 (iPhone; CPU iPhone OS 16_0_2 like Mac OS X) AppleWebKit/605.1.15 (KHTML, like Gecko) Version/16.0 Mobile/15E148 Safari/604.1" "ysfine.com"
73.115.215.232 - - [09/Oct/2022:12:58:49 -0700] "GET /einstein/evol22b.jpg HTTP/1.1" 200 29614 "https://ysfine.com/maga/marx.html" "Mozilla/5.0 (iPhone; CPU iPhone OS 16_0_2 like Mac OS X) AppleWebKit/605.1.15 (KHTML, like Gecko) Version/16.0 Mobile/15E148 Safari/604.1" "ysfine.com"
73.115.215.232 - - [09/Oct/2022:12:58:49 -0700] "GET /feynman/feygell66b.jpg HTTP/1.1" 200 28843 "https://ysfine.com/maga/marx.html" "Mozilla/5.0 (iPhone; CPU iPhone OS 16_0_2 like Mac OS X) AppleWebKit/605.1.15 (KHTML, like Gecko) Version/16.0 Mobile/15E148 Safari/604.1" "ysfine.com"
73.115.215.232 - - [09/Oct/2022:12:58:49 -0700] "GET /maga/phil/hume02b.jpg HTTP/1.1" 200 52835 "https://ysfine.com/maga/marx.html" "Mozilla/5.0 (iPhone; CPU iPhone OS 16_0_2 like Mac OS X) AppleWebKit/605.1.15 (KHTML, like Gecko) Version/16.0 Mobile/15E148 Safari/604.1" "ysfine.com"
73.115.215.232 - - [09/Oct/2022:12:58:51 -0700] "GET /favicon.ico HTTP/1.1" 404 88 "https://ysfine.com/maga/marx.html" "Mozilla/5.0 (iPhone; CPU iPhone OS 16_0_2 like Mac OS X) AppleWebKit/605.1.15 (KHTML, like Gecko) Version/16.0 Mobile/15E148 Safari/604.1" "ysfine.com"
157.55.39.127 - - [09/Oct/2022:12:59:19 -0700] "GET /world/ital/romef110.jpg HTTP/1.1" 200 138288 "-" "Mozilla/5.0 (compatible; bingbot/2.0; +http://www.bing.com/bingbot.htm)" "ysfine.com"
77.75.78.171 - - [09/Oct/2022:13:00:00 -0700] "GET /robots.txt HTTP/1.1" 404 88 "-" "Mozilla/5.0 (compatible; SeznamBot/3.2; +http://napoveda.seznam.cz/en/seznambot-intro/)" "ysfine.com"
77.75.78.171 - - [09/Oct/2022:13:00:01 -0700] "GET /style/musee/berlinmus25.jpg HTTP/1.1" 200 102212 "-" "Mozilla/5.0 (compatible; SeznamBot/3.2; +http://napoveda.seznam.cz/en/seznambot-intro/)" "ysfine.com"
77.75.78.171 - - [09/Oct/2022:13:00:05 -0700] "GET /style/cameras/ducks.jpg HTTP/1.1" 200 93107 "-" "Mozilla/5.0 (compatible; SeznamBot/3.2; +http://napoveda.seznam.cz/en/seznambot-intro/)" "ysfine.com"
77.75.78.171 - - [09/Oct/2022:13:00:07 -0700] "GET /wigner/gim/szabo01.jpg HTTP/1.1" 304 - "-" "Mozilla/5.0 (compatible; SeznamBot/3.2; +http://napoveda.seznam.cz/en/seznambot-intro/)" "ysfine.com"
77.75.78.171 - - [09/Oct/2022:13:00:08 -0700] "GET /world/russ/tass11.jpg HTTP/1.1" 200 129523 "-" "Mozilla/5.0 (compatible; SeznamBot/3.2; +http://napoveda.seznam.cz/en/seznambot-intro/)" "ysfine.com"
173.73.80.118 - - [09/Oct/2022:13:00:23 -0700] "GET /home/bio.html HTTP/1.1" 404 88 "-" "Mozilla/5.0 (Windows NT 10.0; Win64; x64) AppleWebKit/537.36 (KHTML, like Gecko) Chrome/106.0.0.0 Safari/537.36 Edg/106.0.1370.37" "ysfine.com"
77.75.78.171 - - [09/Oct/2022:13:00:29 -0700] "GET /princeton/hyatt44.jpg HTTP/1.1" 200 84630 "-" "Mozilla/5.0 (compatible; SeznamBot/3.2; +http://napoveda.seznam.cz/en/seznambot-intro/)" "ysfine.com"
2.190.125.167 - - [09/Oct/2022:13:00:32 -0700] "GET /einstein/einfine21b.jpg HTTP/1.1" 200 53710 "https://www.google.com/" "Mozilla/5.0 (Linux; Android 7.0; SM-G950F) AppleWebKit/537.36 (KHTML, like Gecko) Chrome/105.0.0.0 Mobile Safari/537.36" "ysfine.com"
173.73.80.118 - - [09/Oct/2022:13:00:34 -0700] "GET /eink/index.html HTTP/1.1" 200 17659 "-" "Mozilla/5.0 (Windows NT 10.0; Win64; x64) AppleWebKit/537.36 (KHTML, like Gecko) Chrome/106.0.0.0 Safari/537.36 Edg/106.0.1370.37" "ysfine.com"
172.58.206.197 - - [09/Oct/2022:13:01:01 -0700] "GET /wigner/grave.jpg HTTP/1.1" 200 95974 "https://www.google.com/" "Mozilla/5.0 (Linux; Android 12; M2007J17G) AppleWebKit/537.36 (KHTML, like Gecko) Chrome/106.0.0.0 Mobile Safari/537.36" "ysfine.com"
157.55.39.127 - - [09/Oct/2022:13:01:09 -0700] "GET /wdc/lafpark01.jpg HTTP/1.1" 200 119826 "-" "Mozilla/5.0 (compatible; bingbot/2.0; +http://www.bing.com/bingbot.htm)" "ysfine.com"
157.55.39.127 - - [09/Oct/2022:13:01:10 -0700] "GET /sbk/2003geneva11.jpg HTTP/1.1" 200 135558 "-" "Mozilla/5.0 (compatible; bingbot/2.0; +http://www.bing.com/bingbot.htm)" "ysfine.com"
207.46.13.102 - - [09/Oct/2022:13:01:25 -0700] "GET /wigner/gim/gimn18.jpg HTTP/1.1" 200 130647 "-" "Mozilla/5.0 (compatible; bingbot/2.0; +http://www.bing.com/bingbot.htm)" "ysfine.com"
157.55.39.128 - - [09/Oct/2022:13:03:14 -0700] "GET /dirac/coupo06.jpg HTTP/1.1" 200 87233 "-" "Mozilla/5.0 (compatible; bingbot/2.0; +http://www.bing.com/bingbot.htm)" "ysfine.com"
167.235.144.172 - - [09/Oct/2022:13:03:19 -0700] "GET /world/germany/stutt15.jpg HTTP/1.1" 200 135800 "-" "Mozilla/5.0 (X11; Fedora; Linux x86_64) AppleWebKit/537.36 (KHTML, like Gecko) Chrome/79.0.3945.117 Safari/537.36" "ysfine.com"
207.46.13.102 - - [09/Oct/2022:13:04:35 -0700] "GET /princeton/billbo11.jpg HTTP/1.1" 200 99155 "-" "Mozilla/5.0 (compatible; bingbot/2.0; +http://www.bing.com/bingbot.htm)" "ysfine.com"
77.88.5.231 - - [09/Oct/2022:13:04:46 -0700] "GET /class54/emailed04.html HTTP/1.1" 200 16139 "-" "Mozilla/5.0 (compatible; YandexBot/3.0; +http://yandex.com/bots)" "www.ysfine.com"
157.55.39.58 - - [09/Oct/2022:13:05:13 -0700] "GET /bio/ffriends/amkor/hillary.html HTTP/1.1" 404 88 "-" "Mozilla/5.0 (compatible; bingbot/2.0; +http://www.bing.com/bingbot.htm)" "ysfine.com"
77.88.5.245 - - [09/Oct/2022:13:05:14 -0700] "GET /world/brit/oxlon07b.jpg HTTP/1.1" 200 31817 "-" "Mozilla/5.0 (compatible; YandexImages/3.0; +http://yandex.com/bots)" "www.ysfine.com"
77.88.5.237 - - [09/Oct/2022:13:05:16 -0700] "GET /world/brit/sebiro21b.jpg HTTP/1.1" 200 51428 "-" "Mozilla/5.0 (compatible; YandexImages/3.0; +http://yandex.com/bots)" "www.ysfine.com"
157.55.39.127 - - [09/Oct/2022:13:06:19 -0700] "GET /maga/phys/yukaheisen67b.jpg HTTP/1.1" 200 42036 "-" "Mozilla/5.0 (compatible; bingbot/2.0; +http://www.bing.com/bingbot.htm)" "ysfine.com"
40.77.167.27 - - [09/Oct/2022:13:07:39 -0700] "GET /sbk/2008viln22.jpg HTTP/1.1" 200 201541 "-" "Mozilla/5.0 AppleWebKit/537.36 (KHTML, like Gecko; compatible; bingbot/2.0; +http://www.bing.com/bingbot.htm) Chrome/103.0.5060.134 Safari/537.36" "ysfine.com"
220.181.108.147 - - [09/Oct/2022:13:07:41 -0700] "GET /maga/hosc.html HTTP/1.1" 200 1463 "-" "Mozilla/5.0 (compatible; Baiduspider/2.0; +http://www.baidu.com/search/spider.html)" "ysfine.com"
220.181.51.116 - - [09/Oct/2022:13:07:42 -0700] "GET /robots.txt HTTP/1.1" 404 88 "-" "Mozilla/5.0 (Windows NT 10.0; WOW64) AppleWebKit/537.36 (KHTML, like Gecko) Chrome/48.0.2564.116 Safari/537.36" "ysfine.com"
116.179.37.132 - - [09/Oct/2022:13:07:42 -0700] "GET /maga/phys/osc66.jpg HTTP/1.1" 200 36937 "https://ysfine.com/maga/hosc.html" "Mozilla/5.0 (compatible; Baiduspider-render/2.0; +http://www.baidu.com/search/spider.html)" "ysfine.com"
116.179.37.236 - - [09/Oct/2022:13:07:42 -0700] "GET /einstein/dff33.jpg HTTP/1.1" 200 13400 "https://ysfine.com/maga/hosc.html" "Mozilla/5.0 (compatible; Baiduspider-render/2.0; +http://www.baidu.com/search/spider.html)" "ysfine.com"
220.181.51.116 - - [09/Oct/2022:13:07:43 -0700] "GET /robots.txt HTTP/1.1" 404 88 "-" "Mozilla/5.0 (Windows NT 10.0; WOW64) AppleWebKit/537.36 (KHTML, like Gecko) Chrome/48.0.2564.116 Safari/537.36" "ysfine.com"
116.179.33.71 - - [09/Oct/2022:13:07:43 -0700] "GET /robots.txt HTTP/1.1" 404 88 "-" "Mozilla/5.0 (Windows NT 10.0; WOW64) AppleWebKit/537.36 (KHTML, like Gecko) Chrome/48.0.2564.116 Safari/537.36" "ysfine.com"
220.181.51.88 - - [09/Oct/2022:13:07:44 -0700] "GET /robots.txt HTTP/1.1" 404 88 "-" "Mozilla/5.0 (Windows NT 10.0; WOW64) AppleWebKit/537.36 (KHTML, like Gecko) Chrome/48.0.2564.116 Safari/537.36" "ysfine.com"
207.46.13.102 - - [09/Oct/2022:13:08:26 -0700] "GET /world/places/ulm06.jpg HTTP/1.1" 200 42744 "-" "Mozilla/5.0 (compatible; bingbot/2.0; +http://www.bing.com/bingbot.htm)" "ysfine.com"
173.252.83.116 - - [09/Oct/2022:13:10:24 -0700] "GET /home/truck/truck21a.jpg HTTP/1.1" 200 44628 "-" "facebookexternalhit/1.1 (+http://www.facebook.com/externalhit_uatext.php)" "ysfine.com"
40.77.167.27 - - [09/Oct/2022:13:11:18 -0700] "GET /world/france/magots11.jpg HTTP/1.1" 200 124224 "-" "Mozilla/5.0 AppleWebKit/537.36 (KHTML, like Gecko; compatible; bingbot/2.0; +http://www.bing.com/bingbot.htm) Chrome/103.0.5060.134 Safari/537.36" "ysfine.com"
40.77.167.27 - - [09/Oct/2022:13:11:39 -0700] "GET /confer/proceedings/boston/fiorent.pdf HTTP/1.1" 404 88 "-" "Mozilla/5.0 (compatible; bingbot/2.0; +http://www.bing.com/bingbot.htm)" "www.ysfine.com"
157.55.39.128 - - [09/Oct/2022:13:12:16 -0700] "GET /style/cameras/comedians.jpg HTTP/1.1" 200 159639 "-" "Mozilla/5.0 (compatible; bingbot/2.0; +http://www.bing.com/bingbot.htm)" "ysfine.com"
85.174.202.232 - - [09/Oct/2022:13:13:24 -0700] "GET /kowar/tanks/tank21.jpg HTTP/1.1" 200 52329 "https://yandex.ru/" "Mozilla/5.0 (Windows NT 10.0; Win64; x64; rv:105.0) Gecko/20100101 Firefox/105.0" "ysfine.com"
157.55.39.55 - - [09/Oct/2022:13:13:30 -0700] "GET /world/brit/picca14.jpg HTTP/1.1" 200 101520 "-" "Mozilla/5.0 (compatible; bingbot/2.0; +http://www.bing.com/bingbot.htm)" "ysfine.com"
40.77.167.27 - - [09/Oct/2022:13:13:59 -0700] "GET /kowar/tanks/tank54.jpg HTTP/1.1" 200 76330 "-" "Mozilla/5.0 (compatible; bingbot/2.0; +http://www.bing.com/bingbot.htm)" "www.ysfine.com"
136.243.228.179 - - [09/Oct/2022:13:14:35 -0700] "GET /robots.txt HTTP/1.1" 404 88 "-" "Mozilla/5.0 (compatible; DataForSeoBot/1.0; +https://dataforseo.com/dataforseo-bot)" "ysfine.com"
136.243.228.179 - - [09/Oct/2022:13:14:35 -0700] "GET /robots.txt HTTP/1.1" 404 88 "-" "Mozilla/5.0 (compatible; DataForSeoBot/1.0; +https://dataforseo.com/dataforseo-bot)" "ysfine.com"
136.243.228.179 - - [09/Oct/2022:13:14:36 -0700] "GET /sitemap.xml HTTP/1.1" 200 166 "-" "Mozilla/5.0 (compatible; DataForSeoBot/1.0; +https://dataforseo.com/dataforseo-bot)" "ysfine.com"
157.55.39.58 - - [09/Oct/2022:13:15:45 -0700] "GET /wdc/gtown32.jpg HTTP/1.1" 200 136508 "-" "Mozilla/5.0 (compatible; bingbot/2.0; +http://www.bing.com/bingbot.htm)" "www.ysfine.com"
157.55.39.55 - - [09/Oct/2022:13:16:01 -0700] "GET /bio/wigner/neum/compu.html HTTP/1.1" 404 88 "-" "Mozilla/5.0 (compatible; bingbot/2.0; +http://www.bing.com/bingbot.htm)" "ysfine.com"
177.124.155.222 - - [09/Oct/2022:13:16:26 -0700] "GET /wigner/neum/vnc01.jpg HTTP/1.1" 200 133641 "https://sites.google.com/" "Mozilla/5.0 (Linux; Android 12; moto g22) AppleWebKit/537.36 (KHTML, like Gecko) Chrome/106.0.0.0 Mobile Safari/537.36" "ysfine.com"
157.55.39.58 - - [09/Oct/2022:13:17:14 -0700] "GET /kobak/potsdam.jpg HTTP/1.1" 200 83597 "-" "Mozilla/5.0 (compatible; bingbot/2.0; +http://www.bing.com/bingbot.htm)" "ysfine.com"
207.46.13.102 - - [09/Oct/2022:13:17:18 -0700] "GET /style/musee/beijing058.jpg HTTP/1.1" 200 66106 "-" "Mozilla/5.0 AppleWebKit/537.36 (KHTML, like Gecko; compatible; bingbot/2.0; +http://www.bing.com/bingbot.htm) Chrome/103.0.5060.134 Safari/537.36" "ysfine.com"
157.55.39.55 - - [09/Oct/2022:13:17:23 -0700] "GET /maga/invent/transmitter11.jpg HTTP/1.1" 200 96885 "-" "Mozilla/5.0 (compatible; bingbot/2.0; +http://www.bing.com/bingbot.htm)" "ysfine.com"
157.55.39.128 - - [09/Oct/2022:13:17:56 -0700] "GET /wigner/neum/fuld.jpg HTTP/1.1" 200 172715 "-" "Mozilla/5.0 (compatible; bingbot/2.0; +http://www.bing.com/bingbot.htm)" "ysfine.com"
157.55.39.58 - - [09/Oct/2022:13:18:05 -0700] "GET /einstein/evol22.jpg HTTP/1.1" 200 59140 "-" "Mozilla/5.0 AppleWebKit/537.36 (KHTML, like Gecko; compatible; bingbot/2.0; +http://www.bing.com/bingbot.htm) Chrome/103.0.5060.134 Safari/537.36" "www.ysfine.com"
24.8.192.170 - - [09/Oct/2022:13:18:14 -0700] "GET /einstein/einhouse11.jpg HTTP/1.1" 200 109026 "https://www.google.com/" "Mozilla/5.0 (iPhone; CPU iPhone OS 15_6_1 like Mac OS X) AppleWebKit/605.1.15 (KHTML, like Gecko) Version/15.6.1 Mobile/15E148 Safari/604.1" "ysfine.com"
157.55.39.127 - - [09/Oct/2022:13:18:22 -0700] "GET /bio/sbk/index.html HTTP/1.1" 404 88 "-" "Mozilla/5.0 (compatible; bingbot/2.0; +http://www.bing.com/bingbot.htm)" "ysfine.com"
194.38.20.161 - - [09/Oct/2022:13:19:12 -0700] "GET /wp-content/themes/u-design/scripts/admin/uploadify/uploadify.css HTTP/1.1" 404 73 "-" "ALittle Client" "ysfine.com"
20.72.242.93 - - [09/Oct/2022:13:19:33 -0700] "GET /usca/pitt/donner01.jpg HTTP/1.1" 200 63157 "http://ysfine.com/usca/pitt/donner01.jpg" "DuckDuckBot/1.1; (+http://duckduckgo.com/duckduckbot.html)" "ysfine.com"
20.72.242.93 - - [09/Oct/2022:13:19:48 -0700] "GET /usca/pitt/donner02.jpg HTTP/1.1" 200 72121 "http://ysfine.com/usca/pitt/donner02.jpg" "DuckDuckBot/1.1; (+http://duckduckgo.com/duckduckbot.html)" "ysfine.com"
40.77.167.27 - - [09/Oct/2022:13:20:10 -0700] "GET /world/france/magots03.jpg HTTP/1.1" 200 100892 "-" "Mozilla/5.0 (compatible; bingbot/2.0; +http://www.bing.com/bingbot.htm)" "www.ysfine.com"
40.77.167.27 - - [09/Oct/2022:13:20:40 -0700] "GET /world/baltic/lithu06.jpg HTTP/1.1" 200 178273 "-" "Mozilla/5.0 (compatible; bingbot/2.0; +http://www.bing.com/bingbot.htm)" "ysfine.com"
5.188.210.21 - - [09/Oct/2022:13:21:06 -0700] "GET /world/travel.html HTTP/1.1" 200 5186 "https://www.ysfine.com/world/travel.html" "Mozilla/5.0 (Windows NT 10.0; Win64; x64) AppleWebKit/537.36 (KHTML, like Gecko) Chrome/90.0.4430.72 Safari/537.36 Edg/90.0.818.39" "www.ysfine.com"
5.188.210.21 - - [09/Oct/2022:13:21:07 -0700] "GET / HTTP/1.1" 200 15910 "https://www.ysfine.com/" "Mozilla/5.0 (Windows NT 10.0; Win64; x64) AppleWebKit/537.36 (KHTML, like Gecko) Chrome/90.0.4430.72 Safari/537.36 Edg/90.0.818.39" "www.ysfine.com"
66.249.66.44 - - [09/Oct/2022:13:21:19 -0700] "GET /style/venus02b.jpg HTTP/1.1" 304 - "-" "Googlebot-Image/1.0" "ysfine.com"
207.46.13.102 - - [09/Oct/2022:13:22:07 -0700] "GET /world/poland/polnobel01.jpg HTTP/1.1" 200 123761 "-" "Mozilla/5.0 AppleWebKit/537.36 (KHTML, like Gecko; compatible; bingbot/2.0; +http://www.bing.com/bingbot.htm) Chrome/103.0.5060.134 Safari/537.36" "www.ysfine.com"
105.189.36.143 - - [09/Oct/2022:13:22:34 -0700] "GET /feynman/feybongo.jpg HTTP/1.1" 200 47448 "https://www.google.com/" "Mozilla/5.0 (Windows NT 10.0; Win64; x64; rv:105.0) Gecko/20100101 Firefox/105.0" "ysfine.com"
157.55.39.55 - - [09/Oct/2022:13:24:22 -0700] "GET /bio/style/ystyle.html HTTP/1.1" 404 88 "-" "Mozilla/5.0 (compatible; bingbot/2.0; +http://www.bing.com/bingbot.htm)" "ysfine.com"
157.55.39.55 - - [09/Oct/2022:13:24:31 -0700] "GET /people/bindu.jpg HTTP/1.1" 200 61943 "-" "Mozilla/5.0 AppleWebKit/537.36 (KHTML, like Gecko; compatible; bingbot/2.0; +http://www.bing.com/bingbot.htm) Chrome/103.0.5060.134 Safari/537.36" "www.ysfine.com"
66.102.7.45 - - [09/Oct/2022:13:24:37 -0700] "GET /einstein/places/einmu27.jpg HTTP/1.1" 200 126014 "-" "Mozilla/5.0 (Windows NT 5.1; rv:11.0) Gecko Firefox/11.0 (via ggpht.com GoogleImageProxy)" "ysfine.com"
58.250.125.107 - - [09/Oct/2022:13:25:10 -0700] "GET / HTTP/1.1" 200 5283 "-" "Sogou web spider/4.0(+http://www.sogou.com/docs/help/webmasters.htm#07)" "www.ysfine.com"
157.55.39.55 - - [09/Oct/2022:13:25:53 -0700] "GET /bio/style/socrates.html HTTP/1.1" 404 88 "-" "Mozilla/5.0 (compatible; bingbot/2.0; +http://www.bing.com/bingbot.htm)" "ysfine.com"
157.55.39.127 - - [09/Oct/2022:13:27:02 -0700] "GET /bio/einstein/ewk.html HTTP/1.1" 404 88 "-" "Mozilla/5.0 (compatible; bingbot/2.0; +http://www.bing.com/bingbot.htm)" "ysfine.com"
157.55.39.55 - - [09/Oct/2022:13:27:07 -0700] "GET /bio/maga/hegel.html HTTP/1.1" 404 88 "-" "Mozilla/5.0 AppleWebKit/537.36 (KHTML, like Gecko; compatible; bingbot/2.0; +http://www.bing.com/bingbot.htm) Chrome/103.0.5060.134 Safari/537.36" "ysfine.com"
207.46.13.102 - - [09/Oct/2022:13:27:58 -0700] "GET /maga/phys/schrod34.jpg HTTP/1.1" 200 49191 "-" "Mozilla/5.0 (compatible; bingbot/2.0; +http://www.bing.com/bingbot.htm)" "ysfine.com"
157.55.39.127 - - [09/Oct/2022:13:28:12 -0700] "GET /bio/kowar/war51.html HTTP/1.1" 404 88 "-" "Mozilla/5.0 (compatible; bingbot/2.0; +http://www.bing.com/bingbot.htm)" "ysfine.com"
207.46.13.102 - - [09/Oct/2022:13:28:17 -0700] "GET /bio/home/different.html HTTP/1.1" 404 88 "-" "Mozilla/5.0 (compatible; bingbot/2.0; +http://www.bing.com/bingbot.htm)" "ysfine.com"
77.88.5.237 - - [09/Oct/2022:13:28:24 -0700] "GET /world/poland/gdn20.jpg HTTP/1.1" 200 79677 "-" "Mozilla/5.0 (compatible; YandexImages/3.0; +http://yandex.com/bots)" "ysfine.com"
40.77.167.27 - - [09/Oct/2022:13:28:51 -0700] "GET /dirac/2osc22.jpg HTTP/1.1" 200 86594 "-" "Mozilla/5.0 AppleWebKit/537.36 (KHTML, like Gecko; compatible; bingbot/2.0; +http://www.bing.com/bingbot.htm) Chrome/103.0.5060.134 Safari/537.36" "www.ysfine.com"
157.55.39.127 - - [09/Oct/2022:13:28:53 -0700] "GET /bio/feynman/feynart.html HTTP/1.1" 404 88 "-" "Mozilla/5.0 (compatible; bingbot/2.0; +http://www.bing.com/bingbot.htm)" "ysfine.com"
157.55.39.128 - - [09/Oct/2022:13:28:58 -0700] "GET /bio/awards/viaitora.pdf HTTP/1.1" 404 88 "-" "Mozilla/5.0 (compatible; bingbot/2.0; +http://www.bing.com/bingbot.htm)" "ysfine.com"
157.55.39.58 - - [09/Oct/2022:13:29:07 -0700] "GET /archives/proceedings/wpro01/catto.html HTTP/1.1" 200 385 "-" "Mozilla/5.0 AppleWebKit/537.36 (KHTML, like Gecko; compatible; bingbot/2.0; +http://www.bing.com/bingbot.htm) Chrome/103.0.5060.134 Safari/537.36" "ysfine.com"
157.55.39.128 - - [09/Oct/2022:13:30:17 -0700] "GET /world/germany/nuremf02.jpg HTTP/1.1" 200 129985 "-" "Mozilla/5.0 (compatible; bingbot/2.0; +http://www.bing.com/bingbot.htm)" "www.ysfine.com"
207.46.13.102 - - [09/Oct/2022:13:30:38 -0700] "GET /wigner/parents.jpg HTTP/1.1" 200 69463 "-" "Mozilla/5.0 (compatible; bingbot/2.0; +http://www.bing.com/bingbot.htm)" "ysfine.com"
103.80.1.10 - - [09/Oct/2022:13:31:21 -0700] "GET /dirac/dirheisen31b.jpg HTTP/1.1" 200 39248 "https://www.google.com/" "Mozilla/5.0 (Windows NT 10.0; Win64; x64) AppleWebKit/537.36 (KHTML, like Gecko) Chrome/106.0.0.0 Safari/537.36" "ysfine.com"
40.77.167.27 - - [09/Oct/2022:13:32:32 -0700] "GET /bio/wigner/gcontrac.html HTTP/1.1" 404 88 "-" "Mozilla/5.0 (compatible; bingbot/2.0; +http://www.bing.com/bingbot.htm)" "ysfine.com"
128.2.177.227 - - [09/Oct/2022:13:32:42 -0700] "GET /dirac/dirac11.jpg HTTP/1.1" 200 94245 "-" "Mozilla/5.0 (X11; Linux i686) AppleWebKit/537.17 (KHTML, like Gecko) Chrome/24.0.1312.27 Safari/537.17" "ysfine.com"
157.55.39.55 - - [09/Oct/2022:13:33:12 -0700] "GET /world/brit/dunf08.jpg HTTP/1.1" 200 101008 "-" "Mozilla/5.0 (compatible; bingbot/2.0; +http://www.bing.com/bingbot.htm)" "ysfine.com"
40.77.167.27 - - [09/Oct/2022:13:33:32 -0700] "GET /world/germany/vienopera33.jpg HTTP/1.1" 200 110637 "-" "Mozilla/5.0 (compatible; bingbot/2.0; +http://www.bing.com/bingbot.htm)" "ysfine.com"
157.55.39.128 - - [09/Oct/2022:13:33:37 -0700] "GET /bio/keigel/keigel22.pdf HTTP/1.1" 404 88 "-" "Mozilla/5.0 AppleWebKit/537.36 (KHTML, like Gecko; compatible; bingbot/2.0; +http://www.bing.com/bingbot.htm) Chrome/103.0.5060.134 Safari/537.36" "ysfine.com"
154.20.123.58 - - [09/Oct/2022:13:34:17 -0700] "GET /princeton/undorm01.jpg HTTP/1.1" 200 183096 "https://ca.images.search.yahoo.com/yhs/search;_ylt=Awr92qrvLkNjaGw7bTM.7olQ;_ylu=c2VjA3NlYXJjaARzbGsDYXNzaXN0;_ylc=X1MDMTM1MTIxNjcwMgRfcgMyBGZyA3locy1mYy0zNTYzBGZyMgNzYS1ncC1zZWFyY2gEZ3ByaWQDM3ZCbllMQmhRd3VpZ0l6X2F5eGVGQQRuX3JzbHQDMARuX3N1Z2cDMQRvcmlnaW4DY2EuaW1hZ2VzLnNlYXJjaC55YWhvby5jb20EcG9zAzEEcHFzdHIDcHJpbmNldG9uIHVuaXZlcnNpdHkgMTkwMHMgcHJpY2V0b24gdW4EcHFzdHJsAzM4BHFzdHJsAzQ3BHF1ZXJ5A3ByaW5jZXRvbiUyMHVuaXZlcnNpdHklMjAxOTAwcyUyMHByaW5jZXRvbiUyMHVuaXZlcnNpdHkEdF9zdG1wAzE2NjUzNDc2MTIEdXNlX2Nhc2UD?p=princeton+university+1900s+princeton+university&fr=yhs-fc-3563&fr2=sa-gp-search&ei=UTF-8&x=wrt&type=fc_A4AE35CAED5_s69_g_e_d_n5555_c5&hsimp=yhs-3563&hspart=fc&param1=7&param2=eJw1i8EOgjAQRH9lj5qYsi1sCeXqF3glHEqp2FAoQQzGr3dJdPcwb2dmh9A3dXu7SkRVEjaXduabeBiPiMUdDmtYGBSiNKQrQ6q4G3KIxlcSjSVlOlWQ6XQluTz4xG1nGV%2BWaUqfEKPNSCCc9jD3aX%2FCvIFEgTWwoYsa3ro4g12W6HffjWHLKC9FruE0PrYpXiCG0cPg3ZjO4B5rmnwmUQs8Fp72btfwf%2FH98MtkXqLIyy9DqUN8" "Mozilla/5.0 (Windows NT 10.0; Win64; x64) AppleWebKit/537.36 (KHTML, like Gecko) Chrome/106.0.0.0 Safari/537.36 Edg/106.0.1370.37" "ysfine.com"
66.249.66.40 - - [09/Oct/2022:13:34:34 -0700] "GET /world/russ/koryo44b.jpg HTTP/1.1" 304 - "-" "Googlebot-Image/1.0" "ysfine.com"
157.55.39.58 - - [09/Oct/2022:13:35:36 -0700] "GET /wigner/second2.jpg HTTP/1.1" 200 64603 "-" "Mozilla/5.0 (compatible; bingbot/2.0; +http://www.bing.com/bingbot.htm)" "ysfine.com"
157.55.39.55 - - [09/Oct/2022:13:35:52 -0700] "GET /world/brit/kensington12.jpg HTTP/1.1" 200 79318 "-" "Mozilla/5.0 (compatible; bingbot/2.0; +http://www.bing.com/bingbot.htm)" "ysfine.com"
157.55.39.55 - - [09/Oct/2022:13:35:52 -0700] "GET /princeton/campus.html HTTP/1.1" 200 15142 "-" "Mozilla/5.0 (compatible; bingbot/2.0; +http://www.bing.com/bingbot.htm)" "www.ysfine.com"
87.0.178.69 - - [09/Oct/2022:13:36:24 -0700] "GET /wigner/gim/gimn15.jpg HTTP/1.1" 200 79259 "https://www.google.com/" "Mozilla/5.0 (Linux; Android 11; SM-A202F Build/RP1A.200720.012; wv) AppleWebKit/537.36 (KHTML, like Gecko) Version/4.0 Chrome/105.0.5195.136 Mobile Safari/537.36 GoogleApp/13.34.12.26.arm64" "ysfine.com"
114.119.128.142 - - [09/Oct/2022:13:36:27 -0700] "GET /home/fotos/marq22.pdf HTTP/1.1" 200 162508 "https://ysfine.com/home/bio44.html" "Mozilla/5.0 (Linux; Android 7.0;) AppleWebKit/537.36 (KHTML, like Gecko) Mobile Safari/537.36 (compatible; PetalBot;+https://webmaster.petalsearch.com/site/petalbot)" "ysfine.com"
193.107.216.19 - - [09/Oct/2022:13:36:28 -0700] "GET /my-account/ HTTP/1.1" 404 73 "-" "Mozilla/5.0 (Windows NT 6.1; WOW64; rv:77.0) Gecko/20190101 Firefox/77.0" "ysfine.com"
77.75.73.26 - - [09/Oct/2022:13:37:18 -0700] "GET /ffriends/swissair11.jpg HTTP/1.1" 404 88 "-" "Mozilla/5.0 (compatible; SeznamBot/4.0-RC1; +http://napoveda.seznam.cz/seznambot-intro/)" "ysfine.com"
157.55.39.58 - - [09/Oct/2022:13:37:37 -0700] "GET /saram/d010.jpg HTTP/1.1" 200 207757 "-" "Mozilla/5.0 (compatible; bingbot/2.0; +http://www.bing.com/bingbot.htm)" "www.ysfine.com"
157.55.39.58 - - [09/Oct/2022:13:37:56 -0700] "GET /world/baltic/lithuf09.jpg HTTP/1.1" 200 85657 "-" "Mozilla/5.0 (compatible; bingbot/2.0; +http://www.bing.com/bingbot.htm)" "www.ysfine.com"
114.119.128.162 - - [09/Oct/2022:13:38:03 -0700] "GET /maga/copergali.html HTTP/1.1" 200 5140 "https://ysfine.com/maga/copislam.html" "Mozilla/5.0 (Linux; Android 7.0;) AppleWebKit/537.36 (KHTML, like Gecko) Mobile Safari/537.36 (compatible; PetalBot;+https://webmaster.petalsearch.com/site/petalbot)" "ysfine.com"
73.187.141.124 - - [09/Oct/2022:13:38:52 -0700] "GET /wisdom/wk01.html HTTP/1.1" 200 88106 "https://www.google.com/" "Mozilla/5.0 (Windows NT 6.1; Win64; x64) AppleWebKit/537.36 (KHTML, like Gecko) Chrome/106.0.0.0 Safari/537.36" "ysfine.com"
73.187.141.124 - - [09/Oct/2022:13:38:52 -0700] "GET /people/sbt2.jpg HTTP/1.1" 200 29397 "https://ysfine.com/wisdom/wk01.html" "Mozilla/5.0 (Windows NT 6.1; Win64; x64) AppleWebKit/537.36 (KHTML, like Gecko) Chrome/106.0.0.0 Safari/537.36" "ysfine.com"
73.187.141.124 - - [09/Oct/2022:13:38:52 -0700] "GET /favicon.ico HTTP/1.1" 404 88 "https://ysfine.com/wisdom/wk01.html" "Mozilla/5.0 (Windows NT 6.1; Win64; x64) AppleWebKit/537.36 (KHTML, like Gecko) Chrome/106.0.0.0 Safari/537.36" "ysfine.com"
157.55.39.127 - - [09/Oct/2022:13:39:13 -0700] "GET /world/germany/vienopera22.jpg HTTP/1.1" 200 125468 "-" "Mozilla/5.0 (compatible; bingbot/2.0; +http://www.bing.com/bingbot.htm)" "ysfine.com"
207.46.13.102 - - [09/Oct/2022:13:39:19 -0700] "GET /bio/style/bstring.html HTTP/1.1" 404 88 "-" "Mozilla/5.0 AppleWebKit/537.36 (KHTML, like Gecko; compatible; bingbot/2.0; +http://www.bing.com/bingbot.htm) Chrome/103.0.5060.134 Safari/537.36" "ysfine.com"
114.119.128.162 - - [09/Oct/2022:13:39:36 -0700] "GET /class54/class5470/total_data/photo_img/2-66.jpg HTTP/1.1" 200 198426 "https://ysfine.com/class54/class5470/total_data/sub_266.htm" "Mozilla/5.0 (Linux; Android 7.0;) AppleWebKit/537.36 (KHTML, like Gecko) Mobile Safari/537.36 (compatible; PetalBot;+https://webmaster.petalsearch.com/site/petalbot)" "ysfine.com"
40.77.167.27 - - [09/Oct/2022:13:40:12 -0700] "GET /bio/awards/iaotp/list21.pdf HTTP/1.1" 404 88 "-" "Mozilla/5.0 AppleWebKit/537.36 (KHTML, like Gecko; compatible; bingbot/2.0; +http://www.bing.com/bingbot.htm) Chrome/103.0.5060.134 Safari/537.36" "ysfine.com"
157.55.39.127 - - [09/Oct/2022:13:40:12 -0700] "GET /style/songs.html HTTP/1.1" 200 31567 "-" "Mozilla/5.0 AppleWebKit/537.36 (KHTML, like Gecko; compatible; bingbot/2.0; +http://www.bing.com/bingbot.htm) Chrome/103.0.5060.134 Safari/537.36" "www.ysfine.com"
114.119.128.154 - - [09/Oct/2022:13:41:10 -0700] "GET /wigner/wigrigh.html HTTP/1.1" 200 2476 "https://ysfine.com/einstein/heisenberg.html" "Mozilla/5.0 (Linux; Android 7.0;) AppleWebKit/537.36 (KHTML, like Gecko) Mobile Safari/537.36 (compatible; PetalBot;+https://webmaster.petalsearch.com/site/petalbot)" "ysfine.com"
157.55.39.128 - - [09/Oct/2022:13:41:58 -0700] "GET /world/ital/milanf08.jpg HTTP/1.1" 200 153986 "-" "Mozilla/5.0 (compatible; bingbot/2.0; +http://www.bing.com/bingbot.htm)" "ysfine.com"
157.55.39.58 - - [09/Oct/2022:13:42:30 -0700] "GET /bio/world/china/dalian.html HTTP/1.1" 404 88 "-" "Mozilla/5.0 AppleWebKit/537.36 (KHTML, like Gecko; compatible; bingbot/2.0; +http://www.bing.com/bingbot.htm) Chrome/103.0.5060.134 Safari/537.36" "ysfine.com"
114.119.128.142 - - [09/Oct/2022:13:42:48 -0700] "GET /class54/class5470/total_data/sub_235.htm HTTP/1.1" 200 3403 "https://ysfine.com/class54/class5470/total_data/sub_236.htm" "Mozilla/5.0 (Linux; Android 7.0;) AppleWebKit/537.36 (KHTML, like Gecko) Mobile Safari/537.36 (compatible; PetalBot;+https://webmaster.petalsearch.com/site/petalbot)" "ysfine.com"
66.249.66.44 - - [09/Oct/2022:13:44:03 -0700] "GET /wdc/waskor012.jpg HTTP/1.1" 304 - "-" "Googlebot-Image/1.0" "ysfine.com"
