157.55.39.55 - - [09/Oct/2022:13:44:22 -0700] "GET /world/russ/minsk070.jpg HTTP/1.1" 200 82431 "-" "Mozilla/5.0 AppleWebKit/537.36 (KHTML, like Gecko; compatible; bingbot/2.0; +http://www.bing.com/bingbot.htm) Chrome/103.0.5060.134 Safari/537.36" "ysfine.com"
114.119.128.14 - - [09/Oct/2022:13:44:23 -0700] "GET /maga/phil/sisfa12/roma12-38.jpg HTTP/1.1" 200 114822 "https://ysfine.com/maga/phil/sisfa12/frame38.html" "Mozilla/5.0 (Linux; Android 7.0;) AppleWebKit/537.36 (KHTML, like Gecko) Mobile Safari/537.36 (compatible; PetalBot;+https://webmaster.petalsearch.com/site/petalbot)" "ysfine.com"
207.46.13.102 - - [09/Oct/2022:13:44:50 -0700] "GET /people/bacry92.jpg HTTP/1.1" 200 63598 "-" "Mozilla/5.0 AppleWebKit/537.36 (KHTML, like Gecko; compatible; bingbot/2.0; +http://www.bing.com/bingbot.htm) Chrome/103.0.5060.134 Safari/537.36" "ysfine.com"
114.119.128.14 - - [09/Oct/2022:13:45:59 -0700] "GET /world/florence.html HTTP/1.1" 200 9706 "https://ysfine.com/world/veneto.html" "Mozilla/5.0 (Linux; Android 7.0;) AppleWebKit/537.36 (KHTML, like Gecko) Mobile Safari/537.36 (compatible; PetalBot;+https://webmaster.petalsearch.com/site/petalbot)" "ysfine.com"
157.55.39.127 - - [09/Oct/2022:13:46:54 -0700] "GET /princeton/wgrave11.jpg HTTP/1.1" 200 153616 "-" "Mozilla/5.0 (compatible; bingbot/2.0; +http://www.bing.com/bingbot.htm)" "ysfine.com"
72.14.201.65 - - [09/Oct/2022:13:47:11 -0700] "GET /einstein/heisenberg.html HTTP/1.1" 200 10552 "-" "Mozilla/5.0 (Linux; Android 10; K) AppleWebKit/537.36 (KHTML, like Gecko) Chrome/106.0.0.0 Mobile Safari/537.36" "ysfine.com"
157.55.39.128 - - [09/Oct/2022:13:47:18 -0700] "GET /world/russ/minskf45.jpg HTTP/1.1" 200 111478 "-" "Mozilla/5.0 (compatible; bingbot/2.0; +http://www.bing.com/bingbot.htm)" "ysfine.com"
81.109.243.42 - - [09/Oct/2022:13:47:28 -0700] "GET /einstein/einbohr33.jpg HTTP/1.1" 200 87797 "https://www.google.com/" "Mozilla/5.0 (Linux; Android 11; SM-A125F) AppleWebKit/537.36 (KHTML, like Gecko) Chrome/106.0.0.0 Mobile Safari/537.36" "ysfine.com"
114.119.128.158 - - [09/Oct/2022:13:47:29 -0700] "GET /confer/popular.html HTTP/1.1" 200 2351 "https://ysfine.com/confer/conleft.html" "Mozilla/5.0 (Linux; Android 7.0;) AppleWebKit/537.36 (KHTML, like Gecko) Mobile Safari/537.36 (compatible; PetalBot;+https://webmaster.petalsearch.com/site/petalbot)" "ysfine.com"
81.109.243.42 - - [09/Oct/2022:13:47:41 -0700] "GET /heisen/bohrheisen11.jpg HTTP/1.1" 200 104546 "https://www.google.com/" "Mozilla/5.0 (Linux; Android 11; SM-A125F) AppleWebKit/537.36 (KHTML, like Gecko) Chrome/106.0.0.0 Mobile Safari/537.36" "ysfine.com"
81.109.243.42 - - [09/Oct/2022:13:47:43 -0700] "GET /dirac/dirheisen31c.jpg HTTP/1.1" 200 43569 "https://www.google.com/" "Mozilla/5.0 (Linux; Android 11; SM-A125F) AppleWebKit/537.36 (KHTML, like Gecko) Chrome/106.0.0.0 Mobile Safari/537.36" "ysfine.com"
81.109.243.42 - - [09/Oct/2022:13:47:48 -0700] "GET /wigner/wigheis11c.jpg HTTP/1.1" 200 41279 "https://www.google.com/" "Mozilla/5.0 (Linux; Android 11; SM-A125F) AppleWebKit/537.36 (KHTML, like Gecko) Chrome/106.0.0.0 Mobile Safari/537.36" "ysfine.com"
157.55.39.127 - - [09/Oct/2022:13:48:43 -0700] "GET /world/brit/victoria07.jpg HTTP/1.1" 200 122008 "-" "Mozilla/5.0 (compatible; bingbot/2.0; +http://www.bing.com/bingbot.htm)" "www.ysfine.com"
108.249.215.225 - - [09/Oct/2022:13:48:45 -0700] "GET /princeton/alexan22.jpg HTTP/1.1" 200 175436 "https://www.google.com/" "Mozilla/5.0 (Macintosh; Intel Mac OS X 10_15_7) AppleWebKit/537.36 (KHTML, like Gecko) Chrome/105.0.0.0 Safari/537.36" "ysfine.com"
114.119.128.142 - - [09/Oct/2022:13:49:08 -0700] "GET /remote/sisfa12aa/frame03.html HTTP/1.1" 200 320 "https://ysfine.com/remote/sisfa12aa/frame02.html" "Mozilla/5.0 (Linux; Android 7.0;) AppleWebKit/537.36 (KHTML, like Gecko) Mobile Safari/537.36 (compatible; PetalBot;+https://webmaster.petalsearch.com/site/petalbot)" "ysfine.com"
40.77.167.27 - - [09/Oct/2022:13:51:22 -0700] "GET /people/sbt85.jpg HTTP/1.1" 200 144903 "-" "Mozilla/5.0 (compatible; bingbot/2.0; +http://www.bing.com/bingbot.htm)" "ysfine.com"
157.55.39.128 - - [09/Oct/2022:13:51:59 -0700] "GET /bio/awards/bostein.html HTTP/1.1" 404 88 "-" "Mozilla/5.0 (compatible; bingbot/2.0; +http://www.bing.com/bingbot.htm)" "ysfine.com"
157.55.39.58 - - [09/Oct/2022:13:52:03 -0700] "GET /world/poland/holycoper.html HTTP/1.1" 200 311 "-" "Mozilla/5.0 (compatible; bingbot/2.0; +http://www.bing.com/bingbot.htm)" "ysfine.com"
157.55.39.127 - - [09/Oct/2022:13:52:26 -0700] "GET /bio/maga/faraday.html HTTP/1.1" 404 88 "-" "Mozilla/5.0 (compatible; bingbot/2.0; +http://www.bing.com/bingbot.htm)" "ysfine.com"
157.55.39.55 - - [09/Oct/2022:13:52:34 -0700] "GET /world/poland/gdn55.jpg HTTP/1.1" 200 77391 "-" "Mozilla/5.0 (compatible; bingbot/2.0; +http://www.bing.com/bingbot.htm)" "ysfine.com"
108.184.6.113 - - [09/Oct/2022:13:53:03 -0700] "GET /style/smithonian.jpg HTTP/1.1" 200 88645 "https://www.google.com/" "Mozilla/5.0 (Windows NT 10.0; Win64; x64; rv:105.0) Gecko/20100101 Firefox/105.0" "ysfine.com"
157.55.39.58 - - [09/Oct/2022:13:53:08 -0700] "GET /bio/remote/wigner111/index.html HTTP/1.1" 404 88 "-" "Mozilla/5.0 (compatible; bingbot/2.0; +http://www.bing.com/bingbot.htm)" "ysfine.com"
165.242.97.211 - - [09/Oct/2022:13:53:20 -0700] "GET / HTTP/1.1" 200 5283 "-" "Mozilla/5.0 (Macintosh; Intel Mac OS X 10_14_6) AppleWebKit/605.1.15 (KHTML, like Gecko)" "ysfine.com"
165.242.97.211 - - [09/Oct/2022:13:53:21 -0700] "GET /apple-touch-icon-precomposed.png HTTP/1.1" 404 88 "-" "Safari/14611.3.10.1.7 CFNetwork/978.0.7 Darwin/18.7.0 (x86_64)" "ysfine.com"
165.242.97.211 - - [09/Oct/2022:13:53:21 -0700] "GET /apple-touch-icon.png HTTP/1.1" 404 88 "-" "Safari/14611.3.10.1.7 CFNetwork/978.0.7 Darwin/18.7.0 (x86_64)" "ysfine.com"
165.242.97.211 - - [09/Oct/2022:13:53:21 -0700] "GET /favicon.ico HTTP/1.1" 404 88 "-" "Safari/14611.3.10.1.7 CFNetwork/978.0.7 Darwin/18.7.0 (x86_64)" "ysfine.com"
165.242.97.211 - - [09/Oct/2022:13:53:22 -0700] "GET /apple-touch-icon-precomposed.png HTTP/1.1" 404 88 "-" "Safari/14611.3.10.1.7 CFNetwork/978.0.7 Darwin/18.7.0 (x86_64)" "ysfine.com"
165.242.97.211 - - [09/Oct/2022:13:53:22 -0700] "GET /apple-touch-icon.png HTTP/1.1" 404 88 "-" "Safari/14611.3.10.1.7 CFNetwork/978.0.7 Darwin/18.7.0 (x86_64)" "ysfine.com"
165.242.97.211 - - [09/Oct/2022:13:53:22 -0700] "GET /favicon.ico HTTP/1.1" 404 88 "-" "Safari/14611.3.10.1.7 CFNetwork/978.0.7 Darwin/18.7.0 (x86_64)" "ysfine.com"
165.242.97.211 - - [09/Oct/2022:13:53:22 -0700] "GET / HTTP/1.1" 200 5283 "-" "Mozilla/5.0 (iPhone; CPU iPhone OS 14_0 like Mac OS X) AppleWebKit/605.1.15 (KHTML, like Gecko) Version/14.0 Mobile/15E148 Safari/604.1" "ysfine.com"
165.242.97.211 - - [09/Oct/2022:13:53:23 -0700] "GET /apple-touch-icon-precomposed.png HTTP/1.1" 404 88 "-" "Safari/14611.3.10.1.7 CFNetwork/978.0.7 Darwin/18.7.0 (x86_64)" "ysfine.com"
165.242.97.211 - - [09/Oct/2022:13:53:23 -0700] "GET /apple-touch-icon.png HTTP/1.1" 404 88 "-" "Safari/14611.3.10.1.7 CFNetwork/978.0.7 Darwin/18.7.0 (x86_64)" "ysfine.com"
165.242.97.211 - - [09/Oct/2022:13:53:23 -0700] "GET /favicon.ico HTTP/1.1" 404 88 "-" "Safari/14611.3.10.1.7 CFNetwork/978.0.7 Darwin/18.7.0 (x86_64)" "ysfine.com"
165.242.97.211 - - [09/Oct/2022:13:53:23 -0700] "GET /apple-touch-icon-precomposed.png HTTP/1.1" 404 88 "-" "Safari/14611.3.10.1.7 CFNetwork/978.0.7 Darwin/18.7.0 (x86_64)" "ysfine.com"
165.242.97.211 - - [09/Oct/2022:13:53:23 -0700] "GET /apple-touch-icon.png HTTP/1.1" 404 88 "-" "Safari/14611.3.10.1.7 CFNetwork/978.0.7 Darwin/18.7.0 (x86_64)" "ysfine.com"
165.242.97.211 - - [09/Oct/2022:13:53:24 -0700] "GET /favicon.ico HTTP/1.1" 404 88 "-" "Safari/14611.3.10.1.7 CFNetwork/978.0.7 Darwin/18.7.0 (x86_64)" "ysfine.com"
157.55.39.55 - - [09/Oct/2022:13:53:35 -0700] "GET /bio/style/ystyle.html HTTP/1.1" 404 88 "-" "Mozilla/5.0 (compatible; bingbot/2.0; +http://www.bing.com/bingbot.htm)" "ysfine.com"
52.146.58.236 - - [09/Oct/2022:13:54:19 -0700] "GET /world/baltic/kalin01.jpg HTTP/1.1" 200 102358 "http://ysfine.com/world/baltic/kalin01.jpg" "DuckDuckBot/1.1; (+http://duckduckgo.com/duckduckbot.html)" "ysfine.com"
77.75.79.95 - - [09/Oct/2022:13:54:26 -0700] "GET /robots.txt HTTP/1.1" 404 88 "-" "Mozilla/5.0 (compatible; SeznamBot/3.2; +http://napoveda.seznam.cz/en/seznambot-intro/)" "ysfine.com"
77.75.79.95 - - [09/Oct/2022:13:54:28 -0700] "GET /world/baltic/riga23.jpg HTTP/1.1" 304 - "-" "Mozilla/5.0 (compatible; SeznamBot/3.2; +http://napoveda.seznam.cz/en/seznambot-intro/)" "ysfine.com"
77.75.79.95 - - [09/Oct/2022:13:54:29 -0700] "GET /princeton/westmin33.jpg HTTP/1.1" 200 70860 "-" "Mozilla/5.0 (compatible; SeznamBot/3.2; +http://napoveda.seznam.cz/en/seznambot-intro/)" "ysfine.com"
77.75.79.95 - - [09/Oct/2022:13:54:31 -0700] "GET /world/ital/rome024.jpg HTTP/1.1" 304 - "-" "Mozilla/5.0 (compatible; SeznamBot/3.2; +http://napoveda.seznam.cz/en/seznambot-intro/)" "ysfine.com"
77.75.79.95 - - [09/Oct/2022:13:54:31 -0700] "GET /einstein/einboy.jpg HTTP/1.1" 200 91141 "-" "Mozilla/5.0 (compatible; SeznamBot/3.2; +http://napoveda.seznam.cz/en/seznambot-intro/)" "ysfine.com"
77.75.79.95 - - [09/Oct/2022:13:54:34 -0700] "GET /style/nypops11.jpg HTTP/1.1" 200 310554 "-" "Mozilla/5.0 (compatible; SeznamBot/3.2; +http://napoveda.seznam.cz/en/seznambot-intro/)" "ysfine.com"
173.73.80.118 - - [09/Oct/2022:13:54:49 -0700] "GET /favicon.ico HTTP/1.1" 404 88 "https://www.ysfine.com/ysbio/yshome.html" "Mozilla/5.0 (Linux; Android 5.1.1; KFSUWI) AppleWebKit/537.36 (KHTML, like Gecko) Silk/104.2.16 like Chrome/104.0.5112.114 Safari/537.36" "www.ysfine.com"
173.73.80.118 - - [09/Oct/2022:13:54:53 -0700] "GET /home/bio.html HTTP/1.1" 404 88 "-" "Mozilla/5.0 (Linux; Android 5.1.1; KFSUWI) AppleWebKit/537.36 (KHTML, like Gecko) Silk/104.2.16 like Chrome/104.0.5112.114 Safari/537.36" "ysfine.com"
173.73.80.118 - - [09/Oct/2022:13:54:53 -0700] "GET /favicon.ico HTTP/1.1" 404 88 "https://ysfine.com/home/bio.html" "Mozilla/5.0 (Linux; Android 5.1.1; KFSUWI) AppleWebKit/537.36 (KHTML, like Gecko) Silk/104.2.16 like Chrome/104.0.5112.114 Safari/537.36" "ysfine.com"
191.36.184.107 - - [09/Oct/2022:13:55:21 -0700] "GET /wigner/neum/vnc01.jpg HTTP/1.1" 200 133641 "https://sites.google.com/" "Mozilla/5.0 (Linux; Android 7.0; Moto C Plus) AppleWebKit/537.36 (KHTML, like Gecko) Chrome/105.0.0.0 Mobile Safari/537.36" "ysfine.com"
81.109.243.42 - - [09/Oct/2022:13:55:21 -0700] "GET /dirac/dirheisen30.jpg HTTP/1.1" 200 141929 "https://www.google.com/" "Mozilla/5.0 (Linux; Android 11; SM-A125F) AppleWebKit/537.36 (KHTML, like Gecko) Chrome/106.0.0.0 Mobile Safari/537.36" "ysfine.com"
173.73.80.118 - - [09/Oct/2022:13:55:35 -0700] "GET /home/bio.html HTTP/1.1" 404 88 "-" "Mozilla/5.0 (Linux; Android 5.1.1; KFSUWI) AppleWebKit/537.36 (KHTML, like Gecko) Silk/104.2.16 like Chrome/104.0.5112.114 Safari/537.36" "ysfine.com"
173.73.80.118 - - [09/Oct/2022:13:55:47 -0700] "GET /home/bio.html HTTP/1.1" 404 88 "-" "Mozilla/5.0 (Linux; Android 5.1.1; KFSUWI) AppleWebKit/537.36 (KHTML, like Gecko) Silk/104.2.16 like Chrome/104.0.5112.114 Safari/537.36" "ysfine.com"
173.73.80.118 - - [09/Oct/2022:13:55:55 -0700] "GET /ysbio/yshome.html HTTP/1.1" 200 5692 "-" "Mozilla/5.0 (Linux; Android 5.1.1; KFSUWI) AppleWebKit/537.36 (KHTML, like Gecko) Silk/104.2.16 like Chrome/104.0.5112.114 Safari/537.36" "www.ysfine.com"
173.73.80.118 - - [09/Oct/2022:13:56:00 -0700] "GET /ysbio/index.html HTTP/1.1" 304 - "https://www.ysfine.com/ysbio/yshome.html" "Mozilla/5.0 (Linux; Android 5.1.1; KFSUWI) AppleWebKit/537.36 (KHTML, like Gecko) Silk/104.2.16 like Chrome/104.0.5112.114 Safari/537.36" "www.ysfine.com"
157.55.39.58 - - [09/Oct/2022:13:56:09 -0700] "GET /world/brit/windsor04.jpg HTTP/1.1" 200 94935 "-" "Mozilla/5.0 (compatible; bingbot/2.0; +http://www.bing.com/bingbot.htm)" "ysfine.com"
206.188.38.133 - - [09/Oct/2022:13:56:09 -0700] "GET /kobak/liber45.jpg HTTP/1.1" 200 141542 "https://www.google.com/" "Mozilla/5.0 (Windows NT 10.0; Win64; x64) AppleWebKit/537.36 (KHTML, like Gecko) Chrome/105.0.0.0 Safari/537.36" "ysfine.com"
157.55.39.58 - - [09/Oct/2022:13:56:18 -0700] "GET /world/ital/verona19b.jpg HTTP/1.1" 200 47863 "-" "Mozilla/5.0 (compatible; bingbot/2.0; +http://www.bing.com/bingbot.htm)" "www.ysfine.com"
93.56.168.208 - - [09/Oct/2022:13:56:20 -0700] "GET /heisen/schroheisen33.jpg HTTP/1.1" 200 86213 "https://www.google.it/" "Mozilla/5.0 (iPhone; CPU iPhone OS 14_6 like Mac OS X) AppleWebKit/605.1.15 (KHTML, like Gecko) Version/14.1.1 Mobile/15E148 Safari/604.1" "ysfine.com"
173.73.80.118 - - [09/Oct/2022:13:56:25 -0700] "GET /ysbio/index.html HTTP/1.1" 304 - "https://www.ysfine.com/ysbio/yshome.html" "Mozilla/5.0 (Linux; Android 5.1.1; KFSUWI) AppleWebKit/537.36 (KHTML, like Gecko) Silk/104.2.16 like Chrome/104.0.5112.114 Safari/537.36" "www.ysfine.com"
157.55.39.58 - - [09/Oct/2022:13:56:31 -0700] "GET /bio/dirac/dirfeyn.html HTTP/1.1" 404 88 "-" "Mozilla/5.0 (compatible; bingbot/2.0; +http://www.bing.com/bingbot.htm)" "ysfine.com"
173.73.80.118 - - [09/Oct/2022:13:57:05 -0700] "GET /ysbio/bio04.html HTTP/1.1" 200 9052 "https://www.ysfine.com/ysbio/index.html" "Mozilla/5.0 (Linux; Android 5.1.1; KFSUWI) AppleWebKit/537.36 (KHTML, like Gecko) Silk/104.2.16 like Chrome/104.0.5112.114 Safari/537.36" "www.ysfine.com"
173.73.80.118 - - [09/Oct/2022:13:57:05 -0700] "GET /ysbio/family18d.jpg HTTP/1.1" 200 69135 "https://www.ysfine.com/ysbio/bio04.html" "Mozilla/5.0 (Linux; Android 5.1.1; KFSUWI) AppleWebKit/537.36 (KHTML, like Gecko) Silk/104.2.16 like Chrome/104.0.5112.114 Safari/537.36" "www.ysfine.com"
173.73.80.118 - - [09/Oct/2022:13:57:05 -0700] "GET /ysbio/ys54d.jpg HTTP/1.1" 200 39561 "https://www.ysfine.com/ysbio/bio04.html" "Mozilla/5.0 (Linux; Android 5.1.1; KFSUWI) AppleWebKit/537.36 (KHTML, like Gecko) Silk/104.2.16 like Chrome/104.0.5112.114 Safari/537.36" "www.ysfine.com"
173.73.80.118 - - [09/Oct/2022:13:57:05 -0700] "GET /ysbio/yspr61d.jpg HTTP/1.1" 200 64126 "https://www.ysfine.com/ysbio/bio04.html" "Mozilla/5.0 (Linux; Android 5.1.1; KFSUWI) AppleWebKit/537.36 (KHTML, like Gecko) Silk/104.2.16 like Chrome/104.0.5112.114 Safari/537.36" "www.ysfine.com"
173.73.80.118 - - [09/Oct/2022:13:57:05 -0700] "GET /ysbio/facu450.jpg HTTP/1.1" 200 74535 "https://www.ysfine.com/ysbio/bio04.html" "Mozilla/5.0 (Linux; Android 5.1.1; KFSUWI) AppleWebKit/537.36 (KHTML, like Gecko) Silk/104.2.16 like Chrome/104.0.5112.114 Safari/537.36" "www.ysfine.com"
173.73.80.118 - - [09/Oct/2022:13:57:05 -0700] "GET /ysbio/fotos/kennedy60d.jpg HTTP/1.1" 200 57844 "https://www.ysfine.com/ysbio/bio04.html" "Mozilla/5.0 (Linux; Android 5.1.1; KFSUWI) AppleWebKit/537.36 (KHTML, like Gecko) Silk/104.2.16 like Chrome/104.0.5112.114 Safari/537.36" "www.ysfine.com"
173.73.80.118 - - [09/Oct/2022:13:57:05 -0700] "GET /wisdom/korart03b.jpg HTTP/1.1" 200 70101 "https://www.ysfine.com/" "Mozilla/5.0 (Linux; Android 5.1.1; KFSUWI) AppleWebKit/537.36 (KHTML, like Gecko) Silk/104.2.16 like Chrome/104.0.5112.114 Safari/537.36" "ysfine.com"
173.73.80.118 - - [09/Oct/2022:13:57:05 -0700] "GET /ysbio/fotos/chuseok11d.jpg HTTP/1.1" 200 70205 "https://www.ysfine.com/ysbio/bio04.html" "Mozilla/5.0 (Linux; Android 5.1.1; KFSUWI) AppleWebKit/537.36 (KHTML, like Gecko) Silk/104.2.16 like Chrome/104.0.5112.114 Safari/537.36" "www.ysfine.com"
173.73.80.118 - - [09/Oct/2022:13:57:05 -0700] "GET /ysbio/hyperell33c.jpg HTTP/1.1" 200 36655 "https://www.ysfine.com/ysbio/bio04.html" "Mozilla/5.0 (Linux; Android 5.1.1; KFSUWI) AppleWebKit/537.36 (KHTML, like Gecko) Silk/104.2.16 like Chrome/104.0.5112.114 Safari/537.36" "www.ysfine.com"
173.73.80.118 - - [09/Oct/2022:13:57:05 -0700] "GET /ysbio/fotos/stephens11d.jpg HTTP/1.1" 200 55455 "https://www.ysfine.com/ysbio/bio04.html" "Mozilla/5.0 (Linux; Android 5.1.1; KFSUWI) AppleWebKit/537.36 (KHTML, like Gecko) Silk/104.2.16 like Chrome/104.0.5112.114 Safari/537.36" "www.ysfine.com"
173.73.80.118 - - [09/Oct/2022:13:57:05 -0700] "GET /ysbio/fotos/seoul50f.jpg HTTP/1.1" 200 127542 "https://www.ysfine.com/ysbio/bio04.html" "Mozilla/5.0 (Linux; Android 5.1.1; KFSUWI) AppleWebKit/537.36 (KHTML, like Gecko) Silk/104.2.16 like Chrome/104.0.5112.114 Safari/537.36" "www.ysfine.com"
173.73.80.118 - - [09/Oct/2022:13:57:05 -0700] "GET /ysbio/fotos/photo00d.jpg HTTP/1.1" 200 72203 "https://www.ysfine.com/ysbio/bio04.html" "Mozilla/5.0 (Linux; Android 5.1.1; KFSUWI) AppleWebKit/537.36 (KHTML, like Gecko) Silk/104.2.16 like Chrome/104.0.5112.114 Safari/537.36" "www.ysfine.com"
173.73.80.118 - - [09/Oct/2022:13:57:05 -0700] "GET /ysbio/fotos/beetho33d.jpg HTTP/1.1" 200 60567 "https://www.ysfine.com/ysbio/bio04.html" "Mozilla/5.0 (Linux; Android 5.1.1; KFSUWI) AppleWebKit/537.36 (KHTML, like Gecko) Silk/104.2.16 like Chrome/104.0.5112.114 Safari/537.36" "www.ysfine.com"
173.73.80.118 - - [09/Oct/2022:13:57:05 -0700] "GET /ysbio/kbrain11a.jpg HTTP/1.1" 200 46007 "https://www.ysfine.com/ysbio/bio04.html" "Mozilla/5.0 (Linux; Android 5.1.1; KFSUWI) AppleWebKit/537.36 (KHTML, like Gecko) Silk/104.2.16 like Chrome/104.0.5112.114 Safari/537.36" "www.ysfine.com"
173.73.80.118 - - [09/Oct/2022:13:57:10 -0700] "GET /ysbio/bio04.html HTTP/1.1" 304 - "https://www.ysfine.com/ysbio/index.html" "Mozilla/5.0 (Linux; Android 5.1.1; KFSUWI) AppleWebKit/537.36 (KHTML, like Gecko) Silk/104.2.16 like Chrome/104.0.5112.114 Safari/537.36" "www.ysfine.com"
173.73.80.118 - - [09/Oct/2022:13:57:16 -0700] "GET /ysbio/yshome.html HTTP/1.1" 304 - "https://www.ysfine.com/ysbio/bio04.html" "Mozilla/5.0 (Linux; Android 5.1.1; KFSUWI) AppleWebKit/537.36 (KHTML, like Gecko) Silk/104.2.16 like Chrome/104.0.5112.114 Safari/537.36" "www.ysfine.com"
173.73.80.118 - - [09/Oct/2022:13:57:32 -0700] "GET /ysbio/bio04.html HTTP/1.1" 304 - "https://www.ysfine.com/ysbio/index.html" "Mozilla/5.0 (Linux; Android 5.1.1; KFSUWI) AppleWebKit/537.36 (KHTML, like Gecko) Silk/104.2.16 like Chrome/104.0.5112.114 Safari/537.36" "www.ysfine.com"
77.88.5.253 - - [09/Oct/2022:13:57:55 -0700] "GET /robots.txt HTTP/1.1" 404 73 "-" "Mozilla/5.0 (compatible; YandexBot/3.0; +http://yandex.com/bots)" "www.ysfine.com"
77.88.5.237 - - [09/Oct/2022:13:57:59 -0700] "GET /einstein/einhouse11.jpg HTTP/1.1" 304 - "-" "Mozilla/5.0 (compatible; YandexImages/3.0; +http://yandex.com/bots)" "www.ysfine.com"
173.73.80.118 - - [09/Oct/2022:13:58:13 -0700] "GET /ysbio/awards/index.html HTTP/1.1" 200 9969 "https://www.ysfine.com/ysbio/bio04.html" "Mozilla/5.0 (Linux; Android 5.1.1; KFSUWI) AppleWebKit/537.36 (KHTML, like Gecko) Silk/104.2.16 like Chrome/104.0.5112.114 Safari/537.36" "www.ysfine.com"
173.73.80.118 - - [09/Oct/2022:13:58:14 -0700] "GET /ysbio/awards/ewk88d.jpg HTTP/1.1" 200 96031 "https://www.ysfine.com/ysbio/awards/index.html" "Mozilla/5.0 (Linux; Android 5.1.1; KFSUWI) AppleWebKit/537.36 (KHTML, like Gecko) Silk/104.2.16 like Chrome/104.0.5112.114 Safari/537.36" "www.ysfine.com"
173.73.80.118 - - [09/Oct/2022:13:58:14 -0700] "GET /ysbio/awards/marq/marq10d.jpg HTTP/1.1" 200 77533 "https://www.ysfine.com/ysbio/awards/index.html" "Mozilla/5.0 (Linux; Android 5.1.1; KFSUWI) AppleWebKit/537.36 (KHTML, like Gecko) Silk/104.2.16 like Chrome/104.0.5112.114 Safari/537.36" "www.ysfine.com"
173.73.80.118 - - [09/Oct/2022:13:58:14 -0700] "GET /ysbio/awards/marq/hemis21f.jpg HTTP/1.1" 200 180095 "https://www.ysfine.com/ysbio/awards/index.html" "Mozilla/5.0 (Linux; Android 5.1.1; KFSUWI) AppleWebKit/537.36 (KHTML, like Gecko) Silk/104.2.16 like Chrome/104.0.5112.114 Safari/537.36" "www.ysfine.com"
173.73.80.118 - - [09/Oct/2022:13:58:14 -0700] "GET /ysbio/awards/feygell01d.jpg HTTP/1.1" 200 31895 "https://www.ysfine.com/ysbio/awards/index.html" "Mozilla/5.0 (Linux; Android 5.1.1; KFSUWI) AppleWebKit/537.36 (KHTML, like Gecko) Silk/104.2.16 like Chrome/104.0.5112.114 Safari/537.36" "www.ysfine.com"
173.73.80.118 - - [09/Oct/2022:13:58:14 -0700] "GET /ysbio/awards/top100d.jpg HTTP/1.1" 200 74998 "https://www.ysfine.com/ysbio/awards/index.html" "Mozilla/5.0 (Linux; Android 5.1.1; KFSUWI) AppleWebKit/537.36 (KHTML, like Gecko) Silk/104.2.16 like Chrome/104.0.5112.114 Safari/537.36" "www.ysfine.com"
173.73.80.118 - - [09/Oct/2022:13:58:14 -0700] "GET /ysbio/eink/eink54f.jpg HTTP/1.1" 200 98068 "https://www.ysfine.com/ysbio/awards/index.html" "Mozilla/5.0 (Linux; Android 5.1.1; KFSUWI) AppleWebKit/537.36 (KHTML, like Gecko) Silk/104.2.16 like Chrome/104.0.5112.114 Safari/537.36" "www.ysfine.com"
173.73.80.118 - - [09/Oct/2022:13:58:14 -0700] "GET /ysbio/awards/wsj21f.jpg HTTP/1.1" 200 172238 "https://www.ysfine.com/ysbio/awards/index.html" "Mozilla/5.0 (Linux; Android 5.1.1; KFSUWI) AppleWebKit/537.36 (KHTML, like Gecko) Silk/104.2.16 like Chrome/104.0.5112.114 Safari/537.36" "www.ysfine.com"
173.73.80.118 - - [09/Oct/2022:13:58:14 -0700] "GET /ysbio/eink/pwk450.jpg HTTP/1.1" 200 84974 "https://www.ysfine.com/ysbio/awards/index.html" "Mozilla/5.0 (Linux; Android 5.1.1; KFSUWI) AppleWebKit/537.36 (KHTML, like Gecko) Silk/104.2.16 like Chrome/104.0.5112.114 Safari/537.36" "www.ysfine.com"
173.73.80.118 - - [09/Oct/2022:13:58:14 -0700] "GET /ysbio/awards/timeline11f.jpg HTTP/1.1" 200 169039 "https://www.ysfine.com/ysbio/awards/index.html" "Mozilla/5.0 (Linux; Android 5.1.1; KFSUWI) AppleWebKit/537.36 (KHTML, like Gecko) Silk/104.2.16 like Chrome/104.0.5112.114 Safari/537.36" "www.ysfine.com"
173.73.80.118 - - [09/Oct/2022:13:58:14 -0700] "GET /ysbio/awards/acs20f.jpg HTTP/1.1" 200 145842 "https://www.ysfine.com/ysbio/awards/index.html" "Mozilla/5.0 (Linux; Android 5.1.1; KFSUWI) AppleWebKit/537.36 (KHTML, like Gecko) Silk/104.2.16 like Chrome/104.0.5112.114 Safari/537.36" "www.ysfine.com"
173.73.80.118 - - [09/Oct/2022:13:58:14 -0700] "GET /ysbio/awards/bridge22f.jpg HTTP/1.1" 200 98225 "https://www.ysfine.com/ysbio/awards/index.html" "Mozilla/5.0 (Linux; Android 5.1.1; KFSUWI) AppleWebKit/537.36 (KHTML, like Gecko) Silk/104.2.16 like Chrome/104.0.5112.114 Safari/537.36" "www.ysfine.com"
173.73.80.118 - - [09/Oct/2022:13:58:14 -0700] "GET /ysbio/awards/whoswho22f.jpg HTTP/1.1" 200 106044 "https://www.ysfine.com/ysbio/awards/index.html" "Mozilla/5.0 (Linux; Android 5.1.1; KFSUWI) AppleWebKit/537.36 (KHTML, like Gecko) Silk/104.2.16 like Chrome/104.0.5112.114 Safari/537.36" "www.ysfine.com"
173.73.80.118 - - [09/Oct/2022:13:58:14 -0700] "GET /ysbio/awards/truck20d.jpg HTTP/1.1" 200 43868 "https://www.ysfine.com/ysbio/awards/index.html" "Mozilla/5.0 (Linux; Android 5.1.1; KFSUWI) AppleWebKit/537.36 (KHTML, like Gecko) Silk/104.2.16 like Chrome/104.0.5112.114 Safari/537.36" "www.ysfine.com"
173.73.80.118 - - [09/Oct/2022:13:58:14 -0700] "GET /ysbio/awards/timessq11d.jpg HTTP/1.1" 200 105546 "https://www.ysfine.com/ysbio/awards/index.html" "Mozilla/5.0 (Linux; Android 5.1.1; KFSUWI) AppleWebKit/537.36 (KHTML, like Gecko) Silk/104.2.16 like Chrome/104.0.5112.114 Safari/537.36" "www.ysfine.com"
173.73.80.118 - - [09/Oct/2022:13:58:14 -0700] "GET /ysbio/awards/acs55f.jpg HTTP/1.1" 200 83340 "https://www.ysfine.com/ysbio/awards/index.html" "Mozilla/5.0 (Linux; Android 5.1.1; KFSUWI) AppleWebKit/537.36 (KHTML, like Gecko) Silk/104.2.16 like Chrome/104.0.5112.114 Safari/537.36" "www.ysfine.com"
173.73.80.118 - - [09/Oct/2022:13:58:14 -0700] "GET /ysbio/awards/marq/marq22f.jpg HTTP/1.1" 200 142401 "https://www.ysfine.com/ysbio/awards/index.html" "Mozilla/5.0 (Linux; Android 5.1.1; KFSUWI) AppleWebKit/537.36 (KHTML, like Gecko) Silk/104.2.16 like Chrome/104.0.5112.114 Safari/537.36" "www.ysfine.com"
173.73.80.118 - - [09/Oct/2022:13:58:14 -0700] "GET /ysbio/awards/acs96f.jpg HTTP/1.1" 200 118636 "https://www.ysfine.com/ysbio/awards/index.html" "Mozilla/5.0 (Linux; Android 5.1.1; KFSUWI) AppleWebKit/537.36 (KHTML, like Gecko) Silk/104.2.16 like Chrome/104.0.5112.114 Safari/537.36" "www.ysfine.com"
173.73.80.118 - - [09/Oct/2022:13:58:14 -0700] "GET /ysbio/awards/einbohr25d.jpg HTTP/1.1" 200 49476 "https://www.ysfine.com/ysbio/awards/index.html" "Mozilla/5.0 (Linux; Android 5.1.1; KFSUWI) AppleWebKit/537.36 (KHTML, like Gecko) Silk/104.2.16 like Chrome/104.0.5112.114 Safari/537.36" "www.ysfine.com"
173.73.80.118 - - [09/Oct/2022:13:58:14 -0700] "GET /ysbio/awards/fortune21f.jpg HTTP/1.1" 200 234815 "https://www.ysfine.com/ysbio/awards/index.html" "Mozilla/5.0 (Linux; Android 5.1.1; KFSUWI) AppleWebKit/537.36 (KHTML, like Gecko) Silk/104.2.16 like Chrome/104.0.5112.114 Safari/537.36" "www.ysfine.com"
173.73.80.118 - - [09/Oct/2022:13:58:14 -0700] "GET /ysbio/kobak/taylor400.jpg HTTP/1.1" 200 56181 "https://www.ysfine.com/ysbio/awards/index.html" "Mozilla/5.0 (Linux; Android 5.1.1; KFSUWI) AppleWebKit/537.36 (KHTML, like Gecko) Silk/104.2.16 like Chrome/104.0.5112.114 Safari/537.36" "www.ysfine.com"
173.73.80.118 - - [09/Oct/2022:13:58:14 -0700] "GET /ysbio/awards/eward33f.jpg HTTP/1.1" 200 86617 "https://www.ysfine.com/ysbio/awards/index.html" "Mozilla/5.0 (Linux; Android 5.1.1; KFSUWI) AppleWebKit/537.36 (KHTML, like Gecko) Silk/104.2.16 like Chrome/104.0.5112.114 Safari/537.36" "www.ysfine.com"
173.73.80.118 - - [09/Oct/2022:13:58:14 -0700] "GET /ysbio/home/ewk86f.jpg HTTP/1.1" 200 142 "https://www.ysfine.com/ysbio/awards/index.html" "Mozilla/5.0 (Linux; Android 5.1.1; KFSUWI) AppleWebKit/537.36 (KHTML, like Gecko) Silk/104.2.16 like Chrome/104.0.5112.114 Safari/537.36" "www.ysfine.com"
173.73.80.118 - - [09/Oct/2022:13:58:14 -0700] "GET /ysbio/home/yspr61d.jpg HTTP/1.1" 200 142 "https://www.ysfine.com/ysbio/awards/index.html" "Mozilla/5.0 (Linux; Android 5.1.1; KFSUWI) AppleWebKit/537.36 (KHTML, like Gecko) Silk/104.2.16 like Chrome/104.0.5112.114 Safari/537.36" "www.ysfine.com"
173.73.80.118 - - [09/Oct/2022:13:58:21 -0700] "GET /bio.html HTTP/1.1" 404 88 "https://www.ysfine.com/ysbio/awards/index.html" "Mozilla/5.0 (Linux; Android 5.1.1; KFSUWI) AppleWebKit/537.36 (KHTML, like Gecko) Silk/104.2.16 like Chrome/104.0.5112.114 Safari/537.36" "www.ysfine.com"
173.73.80.118 - - [09/Oct/2022:13:58:40 -0700] "GET /ysbio/easy.html HTTP/1.1" 200 7877 "https://www.ysfine.com/ysbio/awards/index.html" "Mozilla/5.0 (Linux; Android 5.1.1; KFSUWI) AppleWebKit/537.36 (KHTML, like Gecko) Silk/104.2.16 like Chrome/104.0.5112.114 Safari/537.36" "www.ysfine.com"
173.73.80.118 - - [09/Oct/2022:13:58:40 -0700] "GET /ysbio/2015c.jpg HTTP/1.1" 200 35971 "https://www.ysfine.com/ysbio/easy.html" "Mozilla/5.0 (Linux; Android 5.1.1; KFSUWI) AppleWebKit/537.36 (KHTML, like Gecko) Silk/104.2.16 like Chrome/104.0.5112.114 Safari/537.36" "www.ysfine.com"
173.73.80.118 - - [09/Oct/2022:13:58:40 -0700] "GET /ysbio/eward33a.jpg HTTP/1.1" 200 63372 "https://www.ysfine.com/ysbio/easy.html" "Mozilla/5.0 (Linux; Android 5.1.1; KFSUWI) AppleWebKit/537.36 (KHTML, like Gecko) Silk/104.2.16 like Chrome/104.0.5112.114 Safari/537.36" "www.ysfine.com"
173.73.80.118 - - [09/Oct/2022:13:58:40 -0700] "GET /philo/toyo22a.jpg HTTP/1.1" 200 73179 "https://www.ysfine.com/ysbio/easy.html" "Mozilla/5.0 (Linux; Android 5.1.1; KFSUWI) AppleWebKit/537.36 (KHTML, like Gecko) Silk/104.2.16 like Chrome/104.0.5112.114 Safari/537.36" "www.ysfine.com"
173.73.80.118 - - [09/Oct/2022:13:58:40 -0700] "GET /ysbio/einbohr21a.jpg HTTP/1.1" 200 46155 "https://www.ysfine.com/ysbio/easy.html" "Mozilla/5.0 (Linux; Android 5.1.1; KFSUWI) AppleWebKit/537.36 (KHTML, like Gecko) Silk/104.2.16 like Chrome/104.0.5112.114 Safari/537.36" "www.ysfine.com"
173.73.80.118 - - [09/Oct/2022:13:58:40 -0700] "GET /einstein/einbike11c.jpg HTTP/1.1" 200 35895 "https://www.ysfine.com/ysbio/easy.html" "Mozilla/5.0 (Linux; Android 5.1.1; KFSUWI) AppleWebKit/537.36 (KHTML, like Gecko) Silk/104.2.16 like Chrome/104.0.5112.114 Safari/537.36" "www.ysfine.com"
173.73.80.118 - - [09/Oct/2022:13:58:40 -0700] "GET /eink/eink54a.jpg HTTP/1.1" 200 79717 "https://www.ysfine.com/ysbio/easy.html" "Mozilla/5.0 (Linux; Android 5.1.1; KFSUWI) AppleWebKit/537.36 (KHTML, like Gecko) Silk/104.2.16 like Chrome/104.0.5112.114 Safari/537.36" "www.ysfine.com"
173.73.80.118 - - [09/Oct/2022:13:58:40 -0700] "GET /ysbio/fotos/moso01c.jpg HTTP/1.1" 200 44157 "https://www.ysfine.com/ysbio/easy.html" "Mozilla/5.0 (Linux; Android 5.1.1; KFSUWI) AppleWebKit/537.36 (KHTML, like Gecko) Silk/104.2.16 like Chrome/104.0.5112.114 Safari/537.36" "www.ysfine.com"
173.73.80.118 - - [09/Oct/2022:13:58:40 -0700] "GET /ysbio/figs/evol77a.jpg HTTP/1.1" 200 87556 "https://www.ysfine.com/ysbio/easy.html" "Mozilla/5.0 (Linux; Android 5.1.1; KFSUWI) AppleWebKit/537.36 (KHTML, like Gecko) Silk/104.2.16 like Chrome/104.0.5112.114 Safari/537.36" "www.ysfine.com"
173.73.80.118 - - [09/Oct/2022:13:58:40 -0700] "GET /ysbio/fotos/wheekim300.jpg HTTP/1.1" 200 42724 "https://www.ysfine.com/ysbio/easy.html" "Mozilla/5.0 (Linux; Android 5.1.1; KFSUWI) AppleWebKit/537.36 (KHTML, like Gecko) Silk/104.2.16 like Chrome/104.0.5112.114 Safari/537.36" "www.ysfine.com"
173.73.80.118 - - [09/Oct/2022:13:58:40 -0700] "GET /ysbio/pdugard17a.jpg HTTP/1.1" 200 92844 "https://www.ysfine.com/ysbio/easy.html" "Mozilla/5.0 (Linux; Android 5.1.1; KFSUWI) AppleWebKit/537.36 (KHTML, like Gecko) Silk/104.2.16 like Chrome/104.0.5112.114 Safari/537.36" "www.ysfine.com"
173.73.80.118 - - [09/Oct/2022:13:58:40 -0700] "GET /awards/marq/marq22a.jpg HTTP/1.1" 200 89693 "https://www.ysfine.com/ysbio/easy.html" "Mozilla/5.0 (Linux; Android 5.1.1; KFSUWI) AppleWebKit/537.36 (KHTML, like Gecko) Silk/104.2.16 like Chrome/104.0.5112.114 Safari/537.36" "www.ysfine.com"
173.73.80.118 - - [09/Oct/2022:13:58:40 -0700] "GET /feynman/ppic/parton33a.jpg HTTP/1.1" 200 68290 "https://www.ysfine.com/ysbio/easy.html" "Mozilla/5.0 (Linux; Android 5.1.1; KFSUWI) AppleWebKit/537.36 (KHTML, like Gecko) Silk/104.2.16 like Chrome/104.0.5112.114 Safari/537.36" "www.ysfine.com"
173.73.80.118 - - [09/Oct/2022:13:58:40 -0700] "GET /ysbio/newtein33a.jpg HTTP/1.1" 200 78077 "https://www.ysfine.com/ysbio/easy.html" "Mozilla/5.0 (Linux; Android 5.1.1; KFSUWI) AppleWebKit/537.36 (KHTML, like Gecko) Silk/104.2.16 like Chrome/104.0.5112.114 Safari/537.36" "www.ysfine.com"
173.73.80.118 - - [09/Oct/2022:13:58:40 -0700] "GET /world/japan/osaka124c.jpg HTTP/1.1" 200 34525 "https://www.ysfine.com/ysbio/easy.html" "Mozilla/5.0 (Linux; Android 5.1.1; KFSUWI) AppleWebKit/537.36 (KHTML, like Gecko) Silk/104.2.16 like Chrome/104.0.5112.114 Safari/537.36" "www.ysfine.com"
173.73.80.118 - - [09/Oct/2022:13:58:40 -0700] "GET /ysbio/figs/quapar55a.jpg HTTP/1.1" 200 76989 "https://www.ysfine.com/ysbio/easy.html" "Mozilla/5.0 (Linux; Android 5.1.1; KFSUWI) AppleWebKit/537.36 (KHTML, like Gecko) Silk/104.2.16 like Chrome/104.0.5112.114 Safari/537.36" "www.ysfine.com"
173.73.80.118 - - [09/Oct/2022:13:58:40 -0700] "GET /wigner/isomor77a.jpg HTTP/1.1" 200 53058 "https://www.ysfine.com/ysbio/easy.html" "Mozilla/5.0 (Linux; Android 5.1.1; KFSUWI) AppleWebKit/537.36 (KHTML, like Gecko) Silk/104.2.16 like Chrome/104.0.5112.114 Safari/537.36" "www.ysfine.com"
173.73.80.118 - - [09/Oct/2022:13:58:40 -0700] "GET /ysbio/kbrain11c.jpg HTTP/1.1" 200 27732 "https://www.ysfine.com/ysbio/easy.html" "Mozilla/5.0 (Linux; Android 5.1.1; KFSUWI) AppleWebKit/537.36 (KHTML, like Gecko) Silk/104.2.16 like Chrome/104.0.5112.114 Safari/537.36" "www.ysfine.com"
173.73.80.118 - - [09/Oct/2022:13:58:40 -0700] "GET /ysbio/canal77a.jpg HTTP/1.1" 200 42959 "https://www.ysfine.com/ysbio/easy.html" "Mozilla/5.0 (Linux; Android 5.1.1; KFSUWI) AppleWebKit/537.36 (KHTML, like Gecko) Silk/104.2.16 like Chrome/104.0.5112.114 Safari/537.36" "www.ysfine.com"
173.73.80.118 - - [09/Oct/2022:13:58:40 -0700] "GET /maga/phil/hegel10c.jpg HTTP/1.1" 200 591384 "https://www.ysfine.com/ysbio/easy.html" "Mozilla/5.0 (Linux; Android 5.1.1; KFSUWI) AppleWebKit/537.36 (KHTML, like Gecko) Silk/104.2.16 like Chrome/104.0.5112.114 Safari/537.36" "www.ysfine.com"
173.73.80.118 - - [09/Oct/2022:13:58:40 -0700] "GET /ysbio/fotos/moso300.jpg HTTP/1.1" 200 15386 "https://www.ysfine.com/ysbio/easy.html" "Mozilla/5.0 (Linux; Android 5.1.1; KFSUWI) AppleWebKit/537.36 (KHTML, like Gecko) Silk/104.2.16 like Chrome/104.0.5112.114 Safari/537.36" "www.ysfine.com"
173.73.80.118 - - [09/Oct/2022:13:58:40 -0700] "GET /ysbio/truck/truck21a.jpg HTTP/1.1" 404 88 "https://www.ysfine.com/ysbio/easy.html" "Mozilla/5.0 (Linux; Android 5.1.1; KFSUWI) AppleWebKit/537.36 (KHTML, like Gecko) Silk/104.2.16 like Chrome/104.0.5112.114 Safari/537.36" "www.ysfine.com"
173.73.80.118 - - [09/Oct/2022:13:58:40 -0700] "GET /einstein/einbohr55a.jpg HTTP/1.1" 200 107592 "https://www.ysfine.com/ysbio/easy.html" "Mozilla/5.0 (Linux; Android 5.1.1; KFSUWI) AppleWebKit/537.36 (KHTML, like Gecko) Silk/104.2.16 like Chrome/104.0.5112.114 Safari/537.36" "www.ysfine.com"
173.73.80.118 - - [09/Oct/2022:13:58:40 -0700] "GET /ysbio/truck/truck22a.jpg HTTP/1.1" 404 88 "https://www.ysfine.com/ysbio/easy.html" "Mozilla/5.0 (Linux; Android 5.1.1; KFSUWI) AppleWebKit/537.36 (KHTML, like Gecko) Silk/104.2.16 like Chrome/104.0.5112.114 Safari/537.36" "www.ysfine.com"
52.146.58.236 - - [09/Oct/2022:13:58:57 -0700] "GET /world/baltic/kalin34.jpg HTTP/1.1" 200 83361 "http://www.ysfine.com/world/baltic/kalin34.jpg" "DuckDuckBot/1.1; (+http://duckduckgo.com/duckduckbot.html)" "www.ysfine.com"
207.46.13.102 - - [09/Oct/2022:13:59:01 -0700] "GET /world/germany/trier04.jpg HTTP/1.1" 200 237435 "-" "Mozilla/5.0 (compatible; bingbot/2.0; +http://www.bing.com/bingbot.htm)" "www.ysfine.com"
173.73.80.118 - - [09/Oct/2022:13:59:06 -0700] "GET /ysbio/awards/iao.html HTTP/1.1" 200 2748 "https://www.ysfine.com/ysbio/awards/index.html" "Mozilla/5.0 (Linux; Android 5.1.1; KFSUWI) AppleWebKit/537.36 (KHTML, like Gecko) Silk/104.2.16 like Chrome/104.0.5112.114 Safari/537.36" "www.ysfine.com"
173.73.80.118 - - [09/Oct/2022:13:59:06 -0700] "GET /ysbio/home/top21d.jpg HTTP/1.1" 404 88 "https://www.ysfine.com/ysbio/awards/iao.html" "Mozilla/5.0 (Linux; Android 5.1.1; KFSUWI) AppleWebKit/537.36 (KHTML, like Gecko) Silk/104.2.16 like Chrome/104.0.5112.114 Safari/537.36" "www.ysfine.com"
173.73.80.118 - - [09/Oct/2022:13:59:06 -0700] "GET /ysbio/home/truck/truck450.jpg HTTP/1.1" 404 88 "https://www.ysfine.com/ysbio/awards/iao.html" "Mozilla/5.0 (Linux; Android 5.1.1; KFSUWI) AppleWebKit/537.36 (KHTML, like Gecko) Silk/104.2.16 like Chrome/104.0.5112.114 Safari/537.36" "www.ysfine.com"
173.73.80.118 - - [09/Oct/2022:13:59:06 -0700] "GET /ysbio/home/eink54f.jpg HTTP/1.1" 404 88 "https://www.ysfine.com/ysbio/awards/iao.html" "Mozilla/5.0 (Linux; Android 5.1.1; KFSUWI) AppleWebKit/537.36 (KHTML, like Gecko) Silk/104.2.16 like Chrome/104.0.5112.114 Safari/537.36" "www.ysfine.com"
173.73.80.118 - - [09/Oct/2022:13:59:06 -0700] "GET /ysbio/home/timessq33d.jpg HTTP/1.1" 404 88 "https://www.ysfine.com/ysbio/awards/iao.html" "Mozilla/5.0 (Linux; Android 5.1.1; KFSUWI) AppleWebKit/537.36 (KHTML, like Gecko) Silk/104.2.16 like Chrome/104.0.5112.114 Safari/537.36" "www.ysfine.com"
157.55.39.127 - - [09/Oct/2022:13:59:44 -0700] "GET /world/china/china006.gif HTTP/1.1" 200 105398 "-" "Mozilla/5.0 (compatible; bingbot/2.0; +http://www.bing.com/bingbot.htm)" "ysfine.com"
157.55.39.127 - - [09/Oct/2022:13:59:45 -0700] "GET /style/musee/arles03.jpg HTTP/1.1" 200 96241 "-" "Mozilla/5.0 (compatible; bingbot/2.0; +http://www.bing.com/bingbot.htm)" "ysfine.com"
213.112.185.89 - - [09/Oct/2022:14:00:45 -0700] "GET /kowar/tanks/tank21.jpg HTTP/1.1" 200 52329 "https://www.bing.com/" "Mozilla/5.0 (Windows NT 10.0; Win64; x64; rv:105.0) Gecko/20100101 Firefox/105.0" "ysfine.com"
109.129.180.100 - - [09/Oct/2022:14:01:22 -0700] "GET /world/scandi/nbi03.jpg HTTP/1.1" 200 91035 "https://www.google.com/" "Mozilla/5.0 (Windows NT 10.0; Win64; x64; rv:105.0) Gecko/20100101 Firefox/105.0" "ysfine.com"
157.55.39.127 - - [09/Oct/2022:14:03:46 -0700] "GET /princeton/puband05b.jpg HTTP/1.1" 200 46073 "-" "Mozilla/5.0 AppleWebKit/537.36 (KHTML, like Gecko; compatible; bingbot/2.0; +http://www.bing.com/bingbot.htm) Chrome/103.0.5060.134 Safari/537.36" "ysfine.com"
157.55.39.128 - - [09/Oct/2022:14:04:41 -0700] "GET /bio/yspapers/cylin.pdf HTTP/1.1" 404 88 "-" "Mozilla/5.0 (compatible; bingbot/2.0; +http://www.bing.com/bingbot.htm)" "ysfine.com"
96.224.196.126 - - [09/Oct/2022:14:05:21 -0700] "GET /maga/phys/schrod11.jpg HTTP/1.1" 200 107958 "https://www.bing.com/" "Mozilla/5.0 (Windows NT 10.0; Win64; x64) AppleWebKit/537.36 (KHTML, like Gecko) Chrome/105.0.0.0 Safari/537.36 Edg/105.0.1343.33" "www.ysfine.com"
157.55.39.127 - - [09/Oct/2022:14:05:46 -0700] "GET /kowar/war02.html HTTP/1.1" 200 9935 "-" "Mozilla/5.0 (compatible; bingbot/2.0; +http://www.bing.com/bingbot.htm)" "ysfine.com"
207.46.13.102 - - [09/Oct/2022:14:06:42 -0700] "GET /feynman/feyn70.jpg HTTP/1.1" 200 41386 "-" "Mozilla/5.0 (compatible; bingbot/2.0; +http://www.bing.com/bingbot.htm)" "www.ysfine.com"
157.55.39.127 - - [09/Oct/2022:14:06:55 -0700] "GET /style/lincolnc33.jpg HTTP/1.1" 200 140198 "-" "Mozilla/5.0 AppleWebKit/537.36 (KHTML, like Gecko; compatible; bingbot/2.0; +http://www.bing.com/bingbot.htm) Chrome/103.0.5060.134 Safari/537.36" "ysfine.com"
96.224.196.126 - - [09/Oct/2022:14:07:09 -0700] "GET /maga/phys/schrod11.jpg HTTP/1.1" 200 107958 "-" "Microsoft Office/16.0 (Microsoft Outlook 16.0.14326; Pro)" "www.ysfine.com"
13.66.139.2 - - [09/Oct/2022:14:08:23 -0700] "GET /robots.txt HTTP/1.1" 404 88 "-" "Mozilla/5.0 (compatible; bingbot/2.0; +http://www.bing.com/bingbot.htm)" "ysfine.com"
13.66.139.6 - - [09/Oct/2022:14:08:34 -0700] "GET /bio/princeton/yspage.html HTTP/1.1" 404 88 "-" "Mozilla/5.0 AppleWebKit/537.36 (KHTML, like Gecko; compatible; bingbot/2.0; +http://www.bing.com/bingbot.htm) Chrome/103.0.5060.134 Safari/537.36" "ysfine.com"
40.77.167.27 - - [09/Oct/2022:14:08:55 -0700] "GET /maga/phys/huy15.jpg HTTP/1.1" 200 266157 "-" "Mozilla/5.0 (compatible; bingbot/2.0; +http://www.bing.com/bingbot.htm)" "ysfine.com"
73.201.169.143 - - [09/Oct/2022:14:10:05 -0700] "GET /einstein/heisenberg.html HTTP/1.1" 200 10552 "https://www.google.com/" "Mozilla/5.0 (X11; CrOS x86_64 14989.107.0) AppleWebKit/537.36 (KHTML, like Gecko) Chrome/105.0.0.0 Safari/537.36" "ysfine.com"
73.201.169.143 - - [09/Oct/2022:14:10:05 -0700] "GET /wigner/wigheis11c.jpg HTTP/1.1" 200 41279 "https://ysfine.com/einstein/heisenberg.html" "Mozilla/5.0 (X11; CrOS x86_64 14989.107.0) AppleWebKit/537.36 (KHTML, like Gecko) Chrome/105.0.0.0 Safari/537.36" "ysfine.com"
73.201.169.143 - - [09/Oct/2022:14:10:05 -0700] "GET /heisen/heisen66c.jpg HTTP/1.1" 200 43543 "https://ysfine.com/einstein/heisenberg.html" "Mozilla/5.0 (X11; CrOS x86_64 14989.107.0) AppleWebKit/537.36 (KHTML, like Gecko) Chrome/105.0.0.0 Safari/537.36" "ysfine.com"
73.201.169.143 - - [09/Oct/2022:14:10:05 -0700] "GET /einstein/einhouse11c.jpg HTTP/1.1" 200 32610 "https://ysfine.com/einstein/heisenberg.html" "Mozilla/5.0 (X11; CrOS x86_64 14989.107.0) AppleWebKit/537.36 (KHTML, like Gecko) Chrome/105.0.0.0 Safari/537.36" "ysfine.com"
73.201.169.143 - - [09/Oct/2022:14:10:05 -0700] "GET /dirac/o32inho22c.jpg HTTP/1.1" 200 33038 "https://ysfine.com/einstein/heisenberg.html" "Mozilla/5.0 (X11; CrOS x86_64 14989.107.0) AppleWebKit/537.36 (KHTML, like Gecko) Chrome/105.0.0.0 Safari/537.36" "ysfine.com"
73.201.169.143 - - [09/Oct/2022:14:10:05 -0700] "GET /dirac/o32c.jpg HTTP/1.1" 200 30707 "https://ysfine.com/einstein/heisenberg.html" "Mozilla/5.0 (X11; CrOS x86_64 14989.107.0) AppleWebKit/537.36 (KHTML, like Gecko) Chrome/105.0.0.0 Safari/537.36" "ysfine.com"
73.201.169.143 - - [09/Oct/2022:14:10:05 -0700] "GET /einstein/texfiles/einheis01.jpg HTTP/1.1" 200 32456 "https://ysfine.com/einstein/heisenberg.html" "Mozilla/5.0 (X11; CrOS x86_64 14989.107.0) AppleWebKit/537.36 (KHTML, like Gecko) Chrome/105.0.0.0 Safari/537.36" "ysfine.com"
73.201.169.143 - - [09/Oct/2022:14:10:05 -0700] "GET /einstein/texfiles/einheis05.jpg HTTP/1.1" 200 31679 "https://ysfine.com/einstein/heisenberg.html" "Mozilla/5.0 (X11; CrOS x86_64 14989.107.0) AppleWebKit/537.36 (KHTML, like Gecko) Chrome/105.0.0.0 Safari/537.36" "ysfine.com"
73.201.169.143 - - [09/Oct/2022:14:10:05 -0700] "GET /einstein/texfiles/einheis02.jpg HTTP/1.1" 200 27605 "https://ysfine.com/einstein/heisenberg.html" "Mozilla/5.0 (X11; CrOS x86_64 14989.107.0) AppleWebKit/537.36 (KHTML, like Gecko) Chrome/105.0.0.0 Safari/537.36" "ysfine.com"
73.201.169.143 - - [09/Oct/2022:14:10:05 -0700] "GET /einstein/fantova/fanto11c.jpg HTTP/1.1" 200 48308 "https://ysfine.com/einstein/heisenberg.html" "Mozilla/5.0 (X11; CrOS x86_64 14989.107.0) AppleWebKit/537.36 (KHTML, like Gecko) Chrome/105.0.0.0 Safari/537.36" "ysfine.com"
73.201.169.143 - - [09/Oct/2022:14:10:05 -0700] "GET /eink/pwk19c.jpg HTTP/1.1" 200 57759 "https://ysfine.com/einstein/heisenberg.html" "Mozilla/5.0 (X11; CrOS x86_64 14989.107.0) AppleWebKit/537.36 (KHTML, like Gecko) Chrome/105.0.0.0 Safari/537.36" "ysfine.com"
73.201.169.143 - - [09/Oct/2022:14:10:05 -0700] "GET /wigner/wigkim11c.jpg HTTP/1.1" 200 30443 "https://ysfine.com/einstein/heisenberg.html" "Mozilla/5.0 (X11; CrOS x86_64 14989.107.0) AppleWebKit/537.36 (KHTML, like Gecko) Chrome/105.0.0.0 Safari/537.36" "ysfine.com"
73.201.169.143 - - [09/Oct/2022:14:10:05 -0700] "GET /wigner/wighome11c.jpg HTTP/1.1" 200 45648 "https://ysfine.com/einstein/heisenberg.html" "Mozilla/5.0 (X11; CrOS x86_64 14989.107.0) AppleWebKit/537.36 (KHTML, like Gecko) Chrome/105.0.0.0 Safari/537.36" "ysfine.com"
73.201.169.143 - - [09/Oct/2022:14:10:05 -0700] "GET /einstein/einbohr33c.jpg HTTP/1.1" 200 36410 "https://ysfine.com/einstein/heisenberg.html" "Mozilla/5.0 (X11; CrOS x86_64 14989.107.0) AppleWebKit/537.36 (KHTML, like Gecko) Chrome/105.0.0.0 Safari/537.36" "ysfine.com"
73.201.169.143 - - [09/Oct/2022:14:10:05 -0700] "GET /heisen/schroheisen33c.jpg HTTP/1.1" 200 47347 "https://ysfine.com/einstein/heisenberg.html" "Mozilla/5.0 (X11; CrOS x86_64 14989.107.0) AppleWebKit/537.36 (KHTML, like Gecko) Chrome/105.0.0.0 Safari/537.36" "ysfine.com"
73.201.169.143 - - [09/Oct/2022:14:10:05 -0700] "GET /heisen/bohrheisen11c.jpg HTTP/1.1" 200 41289 "https://ysfine.com/einstein/heisenberg.html" "Mozilla/5.0 (X11; CrOS x86_64 14989.107.0) AppleWebKit/537.36 (KHTML, like Gecko) Chrome/105.0.0.0 Safari/537.36" "ysfine.com"
73.201.169.143 - - [09/Oct/2022:14:10:05 -0700] "GET /feynman/ppic/parton88a.jpg HTTP/1.1" 200 55506 "https://ysfine.com/einstein/heisenberg.html" "Mozilla/5.0 (X11; CrOS x86_64 14989.107.0) AppleWebKit/537.36 (KHTML, like Gecko) Chrome/105.0.0.0 Safari/537.36" "ysfine.com"
73.201.169.143 - - [09/Oct/2022:14:10:05 -0700] "GET /einstein/texfiles/einheis03.jpg HTTP/1.1" 200 46000 "https://ysfine.com/einstein/heisenberg.html" "Mozilla/5.0 (X11; CrOS x86_64 14989.107.0) AppleWebKit/537.36 (KHTML, like Gecko) Chrome/105.0.0.0 Safari/537.36" "ysfine.com"
73.201.169.143 - - [09/Oct/2022:14:10:05 -0700] "GET /heisen/heisen22c.jpg HTTP/1.1" 200 33300 "https://ysfine.com/einstein/heisenberg.html" "Mozilla/5.0 (X11; CrOS x86_64 14989.107.0) AppleWebKit/537.36 (KHTML, like Gecko) Chrome/105.0.0.0 Safari/537.36" "ysfine.com"
73.201.169.143 - - [09/Oct/2022:14:10:05 -0700] "GET /dirac/dirheisen31c.jpg HTTP/1.1" 200 43569 "https://ysfine.com/einstein/heisenberg.html" "Mozilla/5.0 (X11; CrOS x86_64 14989.107.0) AppleWebKit/537.36 (KHTML, like Gecko) Chrome/105.0.0.0 Safari/537.36" "ysfine.com"
73.201.169.143 - - [09/Oct/2022:14:10:05 -0700] "GET /einstein/tsepa11c.jpg HTTP/1.1" 200 28691 "https://ysfine.com/einstein/heisenberg.html" "Mozilla/5.0 (X11; CrOS x86_64 14989.107.0) AppleWebKit/537.36 (KHTML, like Gecko) Chrome/105.0.0.0 Safari/537.36" "ysfine.com"
73.201.169.143 - - [09/Oct/2022:14:10:05 -0700] "GET /dirac/2osc22c.jpg HTTP/1.1" 200 28929 "https://ysfine.com/einstein/heisenberg.html" "Mozilla/5.0 (X11; CrOS x86_64 14989.107.0) AppleWebKit/537.36 (KHTML, like Gecko) Chrome/105.0.0.0 Safari/537.36" "ysfine.com"
73.201.169.143 - - [09/Oct/2022:14:10:05 -0700] "GET /home/figs/sq55c.jpg HTTP/1.1" 200 29581 "https://ysfine.com/einstein/heisenberg.html" "Mozilla/5.0 (X11; CrOS x86_64 14989.107.0) AppleWebKit/537.36 (KHTML, like Gecko) Chrome/105.0.0.0 Safari/537.36" "ysfine.com"
73.201.169.143 - - [09/Oct/2022:14:10:05 -0700] "GET /maga/phys/yukadirac53c.jpg HTTP/1.1" 200 40447 "https://ysfine.com/einstein/heisenberg.html" "Mozilla/5.0 (X11; CrOS x86_64 14989.107.0) AppleWebKit/537.36 (KHTML, like Gecko) Chrome/105.0.0.0 Safari/537.36" "ysfine.com"
73.201.169.143 - - [09/Oct/2022:14:10:05 -0700] "GET /einstein/math/sp2c.jpg HTTP/1.1" 200 29719 "https://ysfine.com/einstein/heisenberg.html" "Mozilla/5.0 (X11; CrOS x86_64 14989.107.0) AppleWebKit/537.36 (KHTML, like Gecko) Chrome/105.0.0.0 Safari/537.36" "ysfine.com"
18.236.21.177 - - [09/Oct/2022:14:10:05 -0700] "GET / HTTP/1.1" 200 5283 "http://ysfine.com" "Mozilla/5.0 (Macintosh; Intel Mac OS X 10_12_2) AppleWebKit/537.36 (KHTML, like Gecko) Chrome/55.0.2883.95 Safari/537.36" "ysfine.com"
73.201.169.143 - - [09/Oct/2022:14:10:06 -0700] "GET /favicon.ico HTTP/1.1" 404 88 "https://ysfine.com/einstein/heisenberg.html" "Mozilla/5.0 (X11; CrOS x86_64 14989.107.0) AppleWebKit/537.36 (KHTML, like Gecko) Chrome/105.0.0.0 Safari/537.36" "ysfine.com"
157.55.39.127 - - [09/Oct/2022:14:10:47 -0700] "GET /bio/maga/keigel.html HTTP/1.1" 404 88 "-" "Mozilla/5.0 (compatible; bingbot/2.0; +http://www.bing.com/bingbot.htm)" "ysfine.com"
193.186.4.204 - - [09/Oct/2022:14:11:22 -0700] "GET /maga/hegel.html HTTP/1.1" 200 4700 "-" "Mozilla/5.0 (Linux; Android 10; K) AppleWebKit/537.36 (KHTML, like Gecko) Chrome/106.0.0.0 Mobile Safari/537.36" "ysfine.com"
40.77.167.27 - - [09/Oct/2022:14:11:45 -0700] "GET /wdc/whouse03.jpg HTTP/1.1" 200 88237 "-" "Mozilla/5.0 (compatible; bingbot/2.0; +http://www.bing.com/bingbot.htm)" "www.ysfine.com"
45.154.98.239 - - [09/Oct/2022:14:12:18 -0700] "GET / HTTP/1.1" 200 5283 "-" "Mozilla/5.0 (Windows NT 6.1; Win64; x64; rv:100.0) Gecko/20100101 Firefox/100.0" "ysfine.com"
45.154.98.239 - - [09/Oct/2022:14:12:20 -0700] "GET / HTTP/1.1" 200 5283 "-" "Mozilla/5.0 (Windows NT 6.1; Win64; x64) AppleWebKit/537.36 (KHTML, like Gecko) Chrome/80.0.3987.132 Safari/537.36" "ysfine.com"
157.55.39.55 - - [09/Oct/2022:14:12:36 -0700] "GET /world/france/triomf08b.jpg HTTP/1.1" 200 48006 "-" "Mozilla/5.0 (compatible; bingbot/2.0; +http://www.bing.com/bingbot.htm)" "www.ysfine.com"
157.55.39.128 - - [09/Oct/2022:14:13:12 -0700] "GET /world/russ/spb02b.jpg HTTP/1.1" 200 31691 "-" "Mozilla/5.0 (compatible; bingbot/2.0; +http://www.bing.com/bingbot.htm)" "ysfine.com"
157.55.39.55 - - [09/Oct/2022:14:13:15 -0700] "GET /eink/eintao55a.jpg HTTP/1.1" 200 43359 "-" "Mozilla/5.0 (compatible; bingbot/2.0; +http://www.bing.com/bingbot.htm)" "ysfine.com"
157.55.39.128 - - [09/Oct/2022:14:13:21 -0700] "GET /world/germany/oktf10.jpg HTTP/1.1" 200 87346 "-" "Mozilla/5.0 AppleWebKit/537.36 (KHTML, like Gecko; compatible; bingbot/2.0; +http://www.bing.com/bingbot.htm) Chrome/103.0.5060.134 Safari/537.36" "ysfine.com"
157.55.39.58 - - [09/Oct/2022:14:13:50 -0700] "GET /world/russ/minsk059.jpg HTTP/1.1" 200 96289 "-" "Mozilla/5.0 AppleWebKit/537.36 (KHTML, like Gecko; compatible; bingbot/2.0; +http://www.bing.com/bingbot.htm) Chrome/103.0.5060.134 Safari/537.36" "www.ysfine.com"
157.55.39.58 - - [09/Oct/2022:14:14:40 -0700] "GET /world/poland/polstu03.html HTTP/1.1" 404 88 "-" "Mozilla/5.0 (compatible; bingbot/2.0; +http://www.bing.com/bingbot.htm)" "www.ysfine.com"
207.46.13.102 - - [09/Oct/2022:14:15:33 -0700] "GET /bio/world/russ/dnepro.html HTTP/1.1" 404 88 "-" "Mozilla/5.0 AppleWebKit/537.36 (KHTML, like Gecko; compatible; bingbot/2.0; +http://www.bing.com/bingbot.htm) Chrome/103.0.5060.134 Safari/537.36" "ysfine.com"
157.55.39.127 - - [09/Oct/2022:14:17:17 -0700] "GET /wigner/neum/vnc16.jpg HTTP/1.1" 200 107583 "-" "Mozilla/5.0 (compatible; bingbot/2.0; +http://www.bing.com/bingbot.htm)" "www.ysfine.com"
123.183.224.77 - - [09/Oct/2022:14:17:40 -0700] "GET /einstein/fantova/fantova.html HTTP/1.1" 200 6506 "-" "Sogou web spider/4.0(+http://www.sogou.com/docs/help/webmasters.htm#07)" "www.ysfine.com"
207.46.13.102 - - [09/Oct/2022:14:19:34 -0700] "GET /bio/einstein/evol.html HTTP/1.1" 404 88 "-" "Mozilla/5.0 (compatible; bingbot/2.0; +http://www.bing.com/bingbot.htm)" "ysfine.com"
157.55.39.58 - - [09/Oct/2022:14:20:03 -0700] "GET /bio/style/slavianki.html HTTP/1.1" 404 88 "-" "Mozilla/5.0 AppleWebKit/537.36 (KHTML, like Gecko; compatible; bingbot/2.0; +http://www.bing.com/bingbot.htm) Chrome/103.0.5060.134 Safari/537.36" "ysfine.com"
220.181.108.111 - - [09/Oct/2022:14:20:16 -0700] "GET /world/spb.html HTTP/1.1" 304 - "-" "Mozilla/5.0 (compatible; Baiduspider/2.0; +http://www.baidu.com/search/spider.html)" "www.ysfine.com"
157.55.39.58 - - [09/Oct/2022:14:21:32 -0700] "GET /bio/sbk/1950.html HTTP/1.1" 404 88 "-" "Mozilla/5.0 (compatible; bingbot/2.0; +http://www.bing.com/bingbot.htm)" "ysfine.com"
207.46.13.102 - - [09/Oct/2022:14:22:43 -0700] "GET /feynman/feykant.html HTTP/1.1" 200 3350 "-" "Mozilla/5.0 AppleWebKit/537.36 (KHTML, like Gecko; compatible; bingbot/2.0; +http://www.bing.com/bingbot.htm) Chrome/103.0.5060.134 Safari/537.36" "ysfine.com"
85.208.98.51 - - [09/Oct/2022:14:22:54 -0700] "GET /robots.txt HTTP/1.1" 404 88 "-" "Mozilla/5.0 (compatible; SemrushBot-BM/1.0; +http://www.semrush.com/bot.html)" "ysfine.com"
157.55.39.55 - - [09/Oct/2022:14:23:16 -0700] "GET /world/kalinin.html HTTP/1.1" 304 - "-" "Mozilla/5.0 (compatible; bingbot/2.0; +http://www.bing.com/bingbot.htm)" "www.ysfine.com"
40.77.167.27 - - [09/Oct/2022:14:23:17 -0700] "GET /bio/yspapers/madrid19.pdf HTTP/1.1" 404 88 "-" "Mozilla/5.0 (compatible; bingbot/2.0; +http://www.bing.com/bingbot.htm)" "ysfine.com"
157.55.39.55 - - [09/Oct/2022:14:23:22 -0700] "GET /bio/style/ystyle.html HTTP/1.1" 404 88 "-" "Mozilla/5.0 (compatible; bingbot/2.0; +http://www.bing.com/bingbot.htm)" "ysfine.com"
40.77.167.27 - - [09/Oct/2022:14:23:47 -0700] "GET /bio/kobak/democr.html HTTP/1.1" 404 88 "-" "Mozilla/5.0 (compatible; bingbot/2.0; +http://www.bing.com/bingbot.htm)" "ysfine.com"
