77.75.79.32 - - [09/Oct/2022:03:57:32 -0700] "GET /newyork/madis02.jpg HTTP/1.1" 304 - "-" "Mozilla/5.0 (compatible; SeznamBot/3.2; +http://napoveda.seznam.cz/en/seznambot-intro/)" "ysfine.com"
123.212.184.31 - - [09/Oct/2022:03:57:45 -0700] "GET /maga/phys/naimar/pewk08.jpg HTTP/1.1" 200 110253 "https://www.google.com/" "Mozilla/5.0 (Windows NT 10.0; Win64; x64) AppleWebKit/537.36 (KHTML, like Gecko) Chrome/106.0.0.0 Safari/537.36" "ysfine.com"
157.55.39.127 - - [09/Oct/2022:03:58:26 -0700] "GET /kobak/turktroops11.jpg HTTP/1.1" 200 243876 "-" "Mozilla/5.0 AppleWebKit/537.36 (KHTML, like Gecko; compatible; bingbot/2.0; +http://www.bing.com/bingbot.htm) Chrome/103.0.5060.134 Safari/537.36" "ysfine.com"
40.77.167.27 - - [09/Oct/2022:03:59:16 -0700] "GET /world/poland/gdn20.jpg HTTP/1.1" 200 79677 "-" "Mozilla/5.0 (compatible; bingbot/2.0; +http://www.bing.com/bingbot.htm)" "ysfine.com"
157.55.39.58 - - [09/Oct/2022:04:00:02 -0700] "GET /home/hmrigh.html HTTP/1.1" 200 4212 "-" "Mozilla/5.0 (compatible; bingbot/2.0; +http://www.bing.com/bingbot.htm)" "ysfine.com"
157.55.39.58 - - [09/Oct/2022:04:00:50 -0700] "GET /maga/phys/huy12b.jpg HTTP/1.1" 200 27490 "-" "Mozilla/5.0 (compatible; bingbot/2.0; +http://www.bing.com/bingbot.htm)" "ysfine.com"
52.20.184.229 - - [09/Oct/2022:04:01:15 -0700] "GET /einstein/heisenberg.html HTTP/1.1" 200 10552 "-" "Mediumbot-MetaTagFetcher/0.3 (+https://medium.com/)" "ysfine.com"
157.55.39.58 - - [09/Oct/2022:04:01:40 -0700] "GET /world/balkan/inonu33.jpg HTTP/1.1" 200 86800 "-" "Mozilla/5.0 (compatible; bingbot/2.0; +http://www.bing.com/bingbot.htm)" "www.ysfine.com"
217.43.33.61 - - [09/Oct/2022:04:01:42 -0700] "GET /princeton/dulles.jpg HTTP/1.1" 200 84176 "https://www.google.co.uk/" "Mozilla/5.0 (Windows NT 10.0; Win64; x64) AppleWebKit/537.36 (KHTML, like Gecko) Chrome/106.0.0.0 Safari/537.36" "ysfine.com"
173.252.83.12 - - [09/Oct/2022:04:01:52 -0700] "GET /world/israel/armench11c.jpg HTTP/1.1" 200 26200 "-" "facebookexternalhit/1.1 (+http://www.facebook.com/externalhit_uatext.php)" "ysfine.com"
40.77.167.27 - - [09/Oct/2022:04:02:16 -0700] "GET /world/china/beijing009.jpg HTTP/1.1" 200 148140 "-" "Mozilla/5.0 AppleWebKit/537.36 (KHTML, like Gecko; compatible; bingbot/2.0; +http://www.bing.com/bingbot.htm) Chrome/103.0.5060.134 Safari/537.36" "www.ysfine.com"
106.77.190.202 - - [09/Oct/2022:04:02:56 -0700] "GET /heisen/bohrheisen11.jpg HTTP/1.1" 200 104546 "-" "AndroidDownloadManager/10 (Linux; U; Android 10; Redmi 8A Build/QKQ1.191014.001)" "ysfine.com"
157.55.39.127 - - [09/Oct/2022:04:02:56 -0700] "GET /princeton/eisenhower61b.jpg HTTP/1.1" 200 44675 "-" "Mozilla/5.0 (compatible; bingbot/2.0; +http://www.bing.com/bingbot.htm)" "ysfine.com"
157.55.39.127 - - [09/Oct/2022:04:03:17 -0700] "GET /world/baltic/rigaf05.jpg HTTP/1.1" 200 64407 "-" "Mozilla/5.0 (compatible; bingbot/2.0; +http://www.bing.com/bingbot.htm)" "www.ysfine.com"
157.55.39.128 - - [09/Oct/2022:04:03:34 -0700] "GET /bio/awards/viaitora.pdf HTTP/1.1" 404 88 "-" "Mozilla/5.0 (compatible; bingbot/2.0; +http://www.bing.com/bingbot.htm)" "ysfine.com"
157.55.39.55 - - [09/Oct/2022:04:03:48 -0700] "GET /wigner/bieden02.jpg HTTP/1.1" 200 89777 "-" "Mozilla/5.0 AppleWebKit/537.36 (KHTML, like Gecko; compatible; bingbot/2.0; +http://www.bing.com/bingbot.htm) Chrome/103.0.5060.134 Safari/537.36" "ysfine.com"
45.179.33.96 - - [09/Oct/2022:04:03:57 -0700] "GET /wigner/neum/vnc01.jpg HTTP/1.1" 200 133641 "https://sites.google.com/" "Mozilla/5.0 (Windows NT 6.1) AppleWebKit/537.36 (KHTML, like Gecko) Chrome/105.0.0.0 Safari/537.36" "ysfine.com"
49.174.220.6 - - [09/Oct/2022:04:04:07 -0700] "GET /kowar/tanks/tank03.jpg HTTP/1.1" 200 106726 "https://m.blog.naver.com/jskimcalusa/222660694976" "Mozilla/5.0 (Linux; Android 12; SAMSUNG SM-G986N) AppleWebKit/537.36 (KHTML, like Gecko) SamsungBrowser/18.0 Chrome/99.0.4844.88 Mobile Safari/537.36" "ysfine.com"
157.55.39.55 - - [09/Oct/2022:04:04:19 -0700] "GET /kowar/tanks/tank05.jpg HTTP/1.1" 200 222063 "-" "Mozilla/5.0 (compatible; bingbot/2.0; +http://www.bing.com/bingbot.htm)" "ysfine.com"
157.55.39.128 - - [09/Oct/2022:04:04:53 -0700] "GET /dirac/dirheisen2.jpg HTTP/1.1" 200 44710 "-" "Mozilla/5.0 (compatible; bingbot/2.0; +http://www.bing.com/bingbot.htm)" "ysfine.com"
40.77.167.27 - - [09/Oct/2022:04:04:57 -0700] "GET /maga/okun.html HTTP/1.1" 200 883 "-" "Mozilla/5.0 (compatible; bingbot/2.0; +http://www.bing.com/bingbot.htm)" "ysfine.com"
3.90.156.68 - - [09/Oct/2022:04:05:20 -0700] "GET /sitemap.xml HTTP/1.1" 304 - "https://www.google.com/" "Mozilla/5.0 (Macintosh; Intel Mac OS X 10.13; rv:73.0) Gecko/20100101 Firefox/73.0" "www.ysfine.com"
207.46.13.102 - - [09/Oct/2022:04:05:35 -0700] "GET /newyork/colum17.jpg HTTP/1.1" 200 99132 "-" "Mozilla/5.0 (compatible; bingbot/2.0; +http://www.bing.com/bingbot.htm)" "ysfine.com"
40.77.167.27 - - [09/Oct/2022:04:05:46 -0700] "GET /awards/top100.jpg HTTP/1.1" 200 384358 "-" "Mozilla/5.0 (compatible; bingbot/2.0; +http://www.bing.com/bingbot.htm)" "ysfine.com"
143.44.145.44 - - [09/Oct/2022:04:07:15 -0700] "GET /maga/phys/schrod11.jpg HTTP/1.1" 200 107958 "https://www.bing.com/" "Mozilla/5.0 (Windows NT 10.0; Win64; x64) AppleWebKit/537.36 (KHTML, like Gecko) Chrome/106.0.0.0 Safari/537.36 Edg/106.0.1370.37" "www.ysfine.com"
157.55.39.58 - - [09/Oct/2022:04:07:41 -0700] "GET /usca/pitt/pitcn02.jpg HTTP/1.1" 200 131284 "-" "Mozilla/5.0 (compatible; bingbot/2.0; +http://www.bing.com/bingbot.htm)" "ysfine.com"
157.55.39.55 - - [09/Oct/2022:04:07:59 -0700] "GET /world/season.html HTTP/1.1" 200 23901 "-" "Mozilla/5.0 (compatible; bingbot/2.0; +http://www.bing.com/bingbot.htm)" "ysfine.com"
66.249.66.43 - - [09/Oct/2022:04:09:24 -0700] "GET /usca/pitt/sbk57.jpg HTTP/1.1" 200 193322 "-" "Googlebot-Image/1.0" "ysfine.com"
66.249.66.40 - - [09/Oct/2022:04:09:55 -0700] "GET /usca/pitt/pgh58.jpg HTTP/1.1" 200 296282 "-" "Googlebot-Image/1.0" "ysfine.com"
40.77.167.27 - - [09/Oct/2022:04:11:26 -0700] "GET /world/brit/oxlon20.jpg HTTP/1.1" 200 124699 "-" "Mozilla/5.0 (compatible; bingbot/2.0; +http://www.bing.com/bingbot.htm)" "ysfine.com"
157.55.39.58 - - [09/Oct/2022:04:11:53 -0700] "GET /dirac/diracsq22.html HTTP/1.1" 200 7395 "-" "Mozilla/5.0 (compatible; bingbot/2.0; +http://www.bing.com/bingbot.htm)" "www.ysfine.com"
51.159.188.75 - - [09/Oct/2022:04:11:58 -0700] "GET /houses/rheehouse01.jpg HTTP/1.1" 200 131099 "https://www.google.com/" "Mozilla/5.0 (Linux; Android 11; SM-M127G Build/RP1A.200720.012; wv) AppleWebKit/537.36 (KHTML, like Gecko) Version/4.0 Chrome/105.0.5195.136 Mobile Safari/537.36 GoogleApp/13.38.11.26.arm64" "ysfine.com"
157.55.39.58 - - [09/Oct/2022:04:12:32 -0700] "GET /sbk/2004nyc11.jpg HTTP/1.1" 200 135920 "-" "Mozilla/5.0 (compatible; bingbot/2.0; +http://www.bing.com/bingbot.htm)" "ysfine.com"
54.236.1.13 - - [09/Oct/2022:04:13:01 -0700] "GET /robots.txt HTTP/1.1" 404 88 "-" "Mozilla/5.0 (compatible; Pinterestbot/1.0; +http://www.pinterest.com/bot.html)" "ysfine.com"
54.236.1.13 - - [09/Oct/2022:04:13:01 -0700] "GET / HTTP/1.1" 200 5283 "-" "Mozilla/5.0 (compatible; Pinterestbot/1.0; +http://www.pinterest.com/bot.html)" "ysfine.com"
207.46.13.102 - - [09/Oct/2022:04:13:25 -0700] "GET /wigner/neum/fuld.jpg HTTP/1.1" 200 172715 "-" "Mozilla/5.0 AppleWebKit/537.36 (KHTML, like Gecko; compatible; bingbot/2.0; +http://www.bing.com/bingbot.htm) Chrome/103.0.5060.134 Safari/537.36" "ysfine.com"
185.229.144.22 - - [09/Oct/2022:04:13:26 -0700] "GET / HTTP/1.1" 200 5283 "-" "Mozilla/5.0 (compatible; MSIE 10.0; Windows NT 6.1; Trident/6.0) LinkCheck by Siteimprove.com" "ysfine.com"
40.77.167.27 - - [09/Oct/2022:04:14:37 -0700] "GET /world/poland/polstu08.jpg HTTP/1.1" 200 81595 "-" "Mozilla/5.0 (compatible; bingbot/2.0; +http://www.bing.com/bingbot.htm)" "ysfine.com"
207.46.13.102 - - [09/Oct/2022:04:15:25 -0700] "GET /bio/style/rteleica.html HTTP/1.1" 404 88 "-" "Mozilla/5.0 (compatible; bingbot/2.0; +http://www.bing.com/bingbot.htm)" "ysfine.com"
185.229.144.22 - - [09/Oct/2022:04:15:33 -0700] "GET / HTTP/1.1" 200 5283 "-" "Mozilla/5.0 (compatible; MSIE 10.0; Windows NT 6.1; Trident/6.0) LinkCheck by Siteimprove.com" "ysfine.com"
157.55.39.127 - - [09/Oct/2022:04:15:47 -0700] "GET /class54/campus07.jpg HTTP/1.1" 200 750004 "-" "Mozilla/5.0 (compatible; bingbot/2.0; +http://www.bing.com/bingbot.htm)" "www.ysfine.com"
85.208.98.18 - - [09/Oct/2022:04:15:54 -0700] "GET /robots.txt HTTP/1.1" 404 88 "http://ysfine.com/robots.txt" "Mozilla/5.0 (compatible; SemrushBot; +http://www.semrush.com/bot.html)" "ysfine.com"
85.208.98.18 - - [09/Oct/2022:04:16:00 -0700] "HEAD /style/smithonian.jpg HTTP/1.1" 200 - "http://ysfine.com/style/smithonian.jpg" "Mozilla/5.0 (compatible; SemrushBot; +http://www.semrush.com/bot.html)" "ysfine.com"
3.144.25.252 - - [09/Oct/2022:04:16:12 -0700] "GET /ads.txt HTTP/1.1" 404 88 "http://ysfine.com/ads.txt" "AdsTxtCrawler/1.0; +https://github.com/InteractiveAdvertisingBureau/adstxtcrawler" "ysfine.com"
157.55.39.127 - - [09/Oct/2022:04:16:47 -0700] "GET /ffriends/amkor/canstu03.jpg HTTP/1.1" 200 101697 "-" "Mozilla/5.0 (compatible; bingbot/2.0; +http://www.bing.com/bingbot.htm)" "ysfine.com"
157.55.39.127 - - [09/Oct/2022:04:17:48 -0700] "GET /wigner/gim/gimn08.jpg HTTP/1.1" 200 92205 "-" "Mozilla/5.0 (compatible; bingbot/2.0; +http://www.bing.com/bingbot.htm)" "ysfine.com"
207.46.13.102 - - [09/Oct/2022:04:18:35 -0700] "GET /style/flamen2.jpg HTTP/1.1" 200 46908 "-" "Mozilla/5.0 AppleWebKit/537.36 (KHTML, like Gecko; compatible; bingbot/2.0; +http://www.bing.com/bingbot.htm) Chrome/103.0.5060.134 Safari/537.36" "ysfine.com"
114.119.128.154 - - [09/Oct/2022:04:19:23 -0700] "GET /class54/class5470/total_data/photo_img/2-84.jpg HTTP/1.1" 200 78935 "https://ysfine.com/class54/class5470/total_data/sub_284.htm" "Mozilla/5.0 (Linux; Android 7.0;) AppleWebKit/537.36 (KHTML, like Gecko) Mobile Safari/537.36 (compatible; PetalBot;+https://webmaster.petalsearch.com/site/petalbot)" "ysfine.com"
157.55.39.55 - - [09/Oct/2022:04:19:31 -0700] "GET /bio/style/ystyle.html HTTP/1.1" 404 88 "-" "Mozilla/5.0 AppleWebKit/537.36 (KHTML, like Gecko; compatible; bingbot/2.0; +http://www.bing.com/bingbot.htm) Chrome/103.0.5060.134 Safari/537.36" "ysfine.com"
207.46.13.102 - - [09/Oct/2022:04:19:46 -0700] "GET /style/swanlake2.jpg HTTP/1.1" 200 28176 "-" "Mozilla/5.0 AppleWebKit/537.36 (KHTML, like Gecko; compatible; bingbot/2.0; +http://www.bing.com/bingbot.htm) Chrome/103.0.5060.134 Safari/537.36" "ysfine.com"
116.73.82.144 - - [09/Oct/2022:04:19:59 -0700] "GET /einstein/heisenberg.html HTTP/1.1" 200 10552 "-" "Mozilla/5.0 (Linux; Android 11; SM-A507FN Build/RP1A.200720.012; wv) AppleWebKit/537.36 (KHTML, like Gecko) Version/4.0 Chrome/105.0.5195.136 Mobile Safari/537.36" "ysfine.com"
116.73.82.144 - - [09/Oct/2022:04:19:59 -0700] "GET /wigner/wigheis11c.jpg HTTP/1.1" 200 41279 "https://ysfine.com/einstein/heisenberg.html" "Mozilla/5.0 (Linux; Android 11; SM-A507FN Build/RP1A.200720.012; wv) AppleWebKit/537.36 (KHTML, like Gecko) Version/4.0 Chrome/105.0.5195.136 Mobile Safari/537.36" "ysfine.com"
116.73.82.144 - - [09/Oct/2022:04:19:59 -0700] "GET /heisen/heisen66c.jpg HTTP/1.1" 200 43543 "https://ysfine.com/einstein/heisenberg.html" "Mozilla/5.0 (Linux; Android 11; SM-A507FN Build/RP1A.200720.012; wv) AppleWebKit/537.36 (KHTML, like Gecko) Version/4.0 Chrome/105.0.5195.136 Mobile Safari/537.36" "ysfine.com"
116.73.82.144 - - [09/Oct/2022:04:19:59 -0700] "GET /heisen/bohrheisen11c.jpg HTTP/1.1" 200 41289 "https://ysfine.com/einstein/heisenberg.html" "Mozilla/5.0 (Linux; Android 11; SM-A507FN Build/RP1A.200720.012; wv) AppleWebKit/537.36 (KHTML, like Gecko) Version/4.0 Chrome/105.0.5195.136 Mobile Safari/537.36" "ysfine.com"
116.73.82.144 - - [09/Oct/2022:04:19:59 -0700] "GET /einstein/einhouse11c.jpg HTTP/1.1" 200 32610 "https://ysfine.com/einstein/heisenberg.html" "Mozilla/5.0 (Linux; Android 11; SM-A507FN Build/RP1A.200720.012; wv) AppleWebKit/537.36 (KHTML, like Gecko) Version/4.0 Chrome/105.0.5195.136 Mobile Safari/537.36" "ysfine.com"
116.73.82.144 - - [09/Oct/2022:04:19:59 -0700] "GET /einstein/tsepa11c.jpg HTTP/1.1" 200 28691 "https://ysfine.com/einstein/heisenberg.html" "Mozilla/5.0 (Linux; Android 11; SM-A507FN Build/RP1A.200720.012; wv) AppleWebKit/537.36 (KHTML, like Gecko) Version/4.0 Chrome/105.0.5195.136 Mobile Safari/537.36" "ysfine.com"
116.73.82.144 - - [09/Oct/2022:04:19:59 -0700] "GET /heisen/schroheisen33c.jpg HTTP/1.1" 200 47347 "https://ysfine.com/einstein/heisenberg.html" "Mozilla/5.0 (Linux; Android 11; SM-A507FN Build/RP1A.200720.012; wv) AppleWebKit/537.36 (KHTML, like Gecko) Version/4.0 Chrome/105.0.5195.136 Mobile Safari/537.36" "ysfine.com"
116.73.82.144 - - [09/Oct/2022:04:19:59 -0700] "GET /heisen/heisen22c.jpg HTTP/1.1" 200 33300 "https://ysfine.com/einstein/heisenberg.html" "Mozilla/5.0 (Linux; Android 11; SM-A507FN Build/RP1A.200720.012; wv) AppleWebKit/537.36 (KHTML, like Gecko) Version/4.0 Chrome/105.0.5195.136 Mobile Safari/537.36" "ysfine.com"
116.73.82.144 - - [09/Oct/2022:04:19:59 -0700] "GET /einstein/fantova/fanto11c.jpg HTTP/1.1" 200 48308 "https://ysfine.com/einstein/heisenberg.html" "Mozilla/5.0 (Linux; Android 11; SM-A507FN Build/RP1A.200720.012; wv) AppleWebKit/537.36 (KHTML, like Gecko) Version/4.0 Chrome/105.0.5195.136 Mobile Safari/537.36" "ysfine.com"
116.73.82.144 - - [09/Oct/2022:04:20:00 -0700] "GET /einstein/einbohr33c.jpg HTTP/1.1" 200 36410 "https://ysfine.com/einstein/heisenberg.html" "Mozilla/5.0 (Linux; Android 11; SM-A507FN Build/RP1A.200720.012; wv) AppleWebKit/537.36 (KHTML, like Gecko) Version/4.0 Chrome/105.0.5195.136 Mobile Safari/537.36" "ysfine.com"
116.73.82.144 - - [09/Oct/2022:04:20:00 -0700] "GET /einstein/texfiles/einheis01.jpg HTTP/1.1" 200 32456 "https://ysfine.com/einstein/heisenberg.html" "Mozilla/5.0 (Linux; Android 11; SM-A507FN Build/RP1A.200720.012; wv) AppleWebKit/537.36 (KHTML, like Gecko) Version/4.0 Chrome/105.0.5195.136 Mobile Safari/537.36" "ysfine.com"
116.73.82.144 - - [09/Oct/2022:04:20:00 -0700] "GET /einstein/texfiles/einheis03.jpg HTTP/1.1" 200 46000 "https://ysfine.com/einstein/heisenberg.html" "Mozilla/5.0 (Linux; Android 11; SM-A507FN Build/RP1A.200720.012; wv) AppleWebKit/537.36 (KHTML, like Gecko) Version/4.0 Chrome/105.0.5195.136 Mobile Safari/537.36" "ysfine.com"
116.73.82.144 - - [09/Oct/2022:04:20:00 -0700] "GET /maga/phys/yukadirac53c.jpg HTTP/1.1" 200 40447 "https://ysfine.com/einstein/heisenberg.html" "Mozilla/5.0 (Linux; Android 11; SM-A507FN Build/RP1A.200720.012; wv) AppleWebKit/537.36 (KHTML, like Gecko) Version/4.0 Chrome/105.0.5195.136 Mobile Safari/537.36" "ysfine.com"
116.73.82.144 - - [09/Oct/2022:04:20:00 -0700] "GET /einstein/texfiles/einheis05.jpg HTTP/1.1" 200 31679 "https://ysfine.com/einstein/heisenberg.html" "Mozilla/5.0 (Linux; Android 11; SM-A507FN Build/RP1A.200720.012; wv) AppleWebKit/537.36 (KHTML, like Gecko) Version/4.0 Chrome/105.0.5195.136 Mobile Safari/537.36" "ysfine.com"
116.73.82.144 - - [09/Oct/2022:04:20:01 -0700] "GET /wigner/wigkim11c.jpg HTTP/1.1" 200 30443 "https://ysfine.com/einstein/heisenberg.html" "Mozilla/5.0 (Linux; Android 11; SM-A507FN Build/RP1A.200720.012; wv) AppleWebKit/537.36 (KHTML, like Gecko) Version/4.0 Chrome/105.0.5195.136 Mobile Safari/537.36" "ysfine.com"
116.73.82.144 - - [09/Oct/2022:04:20:01 -0700] "GET /dirac/dirheisen31c.jpg HTTP/1.1" 200 43569 "https://ysfine.com/einstein/heisenberg.html" "Mozilla/5.0 (Linux; Android 11; SM-A507FN Build/RP1A.200720.012; wv) AppleWebKit/537.36 (KHTML, like Gecko) Version/4.0 Chrome/105.0.5195.136 Mobile Safari/537.36" "ysfine.com"
116.73.82.144 - - [09/Oct/2022:04:20:01 -0700] "GET /feynman/ppic/parton88a.jpg HTTP/1.1" 200 55506 "https://ysfine.com/einstein/heisenberg.html" "Mozilla/5.0 (Linux; Android 11; SM-A507FN Build/RP1A.200720.012; wv) AppleWebKit/537.36 (KHTML, like Gecko) Version/4.0 Chrome/105.0.5195.136 Mobile Safari/537.36" "ysfine.com"
116.73.82.144 - - [09/Oct/2022:04:20:01 -0700] "GET /einstein/math/sp2c.jpg HTTP/1.1" 200 29719 "https://ysfine.com/einstein/heisenberg.html" "Mozilla/5.0 (Linux; Android 11; SM-A507FN Build/RP1A.200720.012; wv) AppleWebKit/537.36 (KHTML, like Gecko) Version/4.0 Chrome/105.0.5195.136 Mobile Safari/537.36" "ysfine.com"
116.73.82.144 - - [09/Oct/2022:04:20:01 -0700] "GET /dirac/2osc22c.jpg HTTP/1.1" 200 28929 "https://ysfine.com/einstein/heisenberg.html" "Mozilla/5.0 (Linux; Android 11; SM-A507FN Build/RP1A.200720.012; wv) AppleWebKit/537.36 (KHTML, like Gecko) Version/4.0 Chrome/105.0.5195.136 Mobile Safari/537.36" "ysfine.com"
116.73.82.144 - - [09/Oct/2022:04:20:01 -0700] "GET /dirac/o32c.jpg HTTP/1.1" 200 30707 "https://ysfine.com/einstein/heisenberg.html" "Mozilla/5.0 (Linux; Android 11; SM-A507FN Build/RP1A.200720.012; wv) AppleWebKit/537.36 (KHTML, like Gecko) Version/4.0 Chrome/105.0.5195.136 Mobile Safari/537.36" "ysfine.com"
116.73.82.144 - - [09/Oct/2022:04:20:02 -0700] "GET /dirac/o32inho22c.jpg HTTP/1.1" 200 33038 "https://ysfine.com/einstein/heisenberg.html" "Mozilla/5.0 (Linux; Android 11; SM-A507FN Build/RP1A.200720.012; wv) AppleWebKit/537.36 (KHTML, like Gecko) Version/4.0 Chrome/105.0.5195.136 Mobile Safari/537.36" "ysfine.com"
116.73.82.144 - - [09/Oct/2022:04:20:02 -0700] "GET /home/figs/sq55c.jpg HTTP/1.1" 200 29581 "https://ysfine.com/einstein/heisenberg.html" "Mozilla/5.0 (Linux; Android 11; SM-A507FN Build/RP1A.200720.012; wv) AppleWebKit/537.36 (KHTML, like Gecko) Version/4.0 Chrome/105.0.5195.136 Mobile Safari/537.36" "ysfine.com"
116.73.82.144 - - [09/Oct/2022:04:20:02 -0700] "GET /eink/pwk19c.jpg HTTP/1.1" 200 57759 "https://ysfine.com/einstein/heisenberg.html" "Mozilla/5.0 (Linux; Android 11; SM-A507FN Build/RP1A.200720.012; wv) AppleWebKit/537.36 (KHTML, like Gecko) Version/4.0 Chrome/105.0.5195.136 Mobile Safari/537.36" "ysfine.com"
116.73.82.144 - - [09/Oct/2022:04:20:02 -0700] "GET /wigner/wighome11c.jpg HTTP/1.1" 200 45648 "https://ysfine.com/einstein/heisenberg.html" "Mozilla/5.0 (Linux; Android 11; SM-A507FN Build/RP1A.200720.012; wv) AppleWebKit/537.36 (KHTML, like Gecko) Version/4.0 Chrome/105.0.5195.136 Mobile Safari/537.36" "ysfine.com"
116.73.82.144 - - [09/Oct/2022:04:20:02 -0700] "GET /einstein/texfiles/einheis02.jpg HTTP/1.1" 200 27605 "https://ysfine.com/einstein/heisenberg.html" "Mozilla/5.0 (Linux; Android 11; SM-A507FN Build/RP1A.200720.012; wv) AppleWebKit/537.36 (KHTML, like Gecko) Version/4.0 Chrome/105.0.5195.136 Mobile Safari/537.36" "ysfine.com"
37.238.80.44 - - [09/Oct/2022:04:20:06 -0700] "GET /einstein/einbohr33.jpg HTTP/1.1" 200 87797 "https://www.google.com/" "Mozilla/5.0 (Windows NT 10.0; Win64; x64) AppleWebKit/537.36 (KHTML, like Gecko) Chrome/106.0.0.0 Safari/537.36" "ysfine.com"
116.73.82.144 - - [09/Oct/2022:04:20:08 -0700] "GET /favicon.ico HTTP/1.1" 404 88 "https://ysfine.com/einstein/heisenberg.html" "Mozilla/5.0 (Linux; Android 11; SM-A507FN Build/RP1A.200720.012; wv) AppleWebKit/537.36 (KHTML, like Gecko) Version/4.0 Chrome/105.0.5195.136 Mobile Safari/537.36" "ysfine.com"
157.55.39.128 - - [09/Oct/2022:04:20:47 -0700] "GET /bio/bio02.html HTTP/1.1" 404 88 "-" "Mozilla/5.0 (compatible; bingbot/2.0; +http://www.bing.com/bingbot.htm)" "ysfine.com"
114.119.128.162 - - [09/Oct/2022:04:20:55 -0700] "GET /world/brit/cam39b.jpg HTTP/1.1" 200 41184 "https://ysfine.com/world/cambr.html" "Mozilla/5.0 (Linux; Android 7.0;) AppleWebKit/537.36 (KHTML, like Gecko) Mobile Safari/537.36 (compatible; PetalBot;+https://webmaster.petalsearch.com/site/petalbot)" "ysfine.com"
207.46.13.102 - - [09/Oct/2022:04:20:56 -0700] "GET /bio/style/bstring.html HTTP/1.1" 404 88 "-" "Mozilla/5.0 (compatible; bingbot/2.0; +http://www.bing.com/bingbot.htm)" "ysfine.com"
157.55.39.55 - - [09/Oct/2022:04:21:01 -0700] "GET /bio/maga/mellon.html HTTP/1.1" 404 88 "-" "Mozilla/5.0 (compatible; bingbot/2.0; +http://www.bing.com/bingbot.htm)" "ysfine.com"
37.238.80.44 - - [09/Oct/2022:04:21:47 -0700] "GET /world/scandi/nbi26.jpg HTTP/1.1" 200 75196 "https://www.google.com/" "Mozilla/5.0 (Windows NT 10.0; Win64; x64) AppleWebKit/537.36 (KHTML, like Gecko) Chrome/106.0.0.0 Safari/537.36" "ysfine.com"
40.77.167.27 - - [09/Oct/2022:04:21:49 -0700] "GET /world/russ/bachkova11.jpg HTTP/1.1" 200 66613 "-" "Mozilla/5.0 AppleWebKit/537.36 (KHTML, like Gecko; compatible; bingbot/2.0; +http://www.bing.com/bingbot.htm) Chrome/103.0.5060.134 Safari/537.36" "www.ysfine.com"
207.46.13.102 - - [09/Oct/2022:04:22:06 -0700] "GET /world/france/metz16.jpg HTTP/1.1" 200 72034 "-" "Mozilla/5.0 (compatible; bingbot/2.0; +http://www.bing.com/bingbot.htm)" "www.ysfine.com"
114.119.128.14 - - [09/Oct/2022:04:22:29 -0700] "GET /class54/class5480/Videos/?C=N%3BO%3DD HTTP/1.1" 200 560 "https://www.ysfine.com/class54/class5480/Videos?C=M%3BO%3DA" "Mozilla/5.0 (Linux; Android 7.0;) AppleWebKit/537.36 (KHTML, like Gecko) Mobile Safari/537.36 (compatible; PetalBot;+https://webmaster.petalsearch.com/site/petalbot)" "www.ysfine.com"
40.77.167.27 - - [09/Oct/2022:04:23:59 -0700] "GET /newyork/koreaw07b.jpg HTTP/1.1" 200 53070 "-" "Mozilla/5.0 AppleWebKit/537.36 (KHTML, like Gecko; compatible; bingbot/2.0; +http://www.bing.com/bingbot.htm) Chrome/103.0.5060.134 Safari/537.36" "ysfine.com"
207.46.13.102 - - [09/Oct/2022:04:24:25 -0700] "GET /world/brit/oxlon17.jpg HTTP/1.1" 200 92002 "-" "Mozilla/5.0 (compatible; bingbot/2.0; +http://www.bing.com/bingbot.htm)" "www.ysfine.com"
157.55.39.55 - - [09/Oct/2022:04:24:30 -0700] "GET /friends/tolstoy.html HTTP/1.1" 404 88 "-" "Mozilla/5.0 (compatible; bingbot/2.0; +http://www.bing.com/bingbot.htm)" "www.ysfine.com"
157.55.39.127 - - [09/Oct/2022:04:24:51 -0700] "GET /bio/internal.html HTTP/1.1" 404 88 "-" "Mozilla/5.0 (compatible; bingbot/2.0; +http://www.bing.com/bingbot.htm)" "ysfine.com"
157.55.39.127 - - [09/Oct/2022:04:25:10 -0700] "GET /world/poland/palaceof02.jpg HTTP/1.1" 200 105862 "-" "Mozilla/5.0 (compatible; bingbot/2.0; +http://www.bing.com/bingbot.htm)" "www.ysfine.com"
157.55.39.128 - - [09/Oct/2022:04:25:26 -0700] "GET /world/russ/khahi.html HTTP/1.1" 200 747 "-" "Mozilla/5.0 (compatible; bingbot/2.0; +http://www.bing.com/bingbot.htm)" "ysfine.com"
40.77.167.27 - - [09/Oct/2022:04:25:58 -0700] "GET /sbk/1990.html HTTP/1.1" 200 3990 "-" "Mozilla/5.0 AppleWebKit/537.36 (KHTML, like Gecko; compatible; bingbot/2.0; +http://www.bing.com/bingbot.htm) Chrome/103.0.5060.134 Safari/537.36" "www.ysfine.com"
157.55.39.128 - - [09/Oct/2022:04:26:05 -0700] "GET /world/balkan/istan084b.jpg HTTP/1.1" 200 39905 "-" "Mozilla/5.0 (compatible; bingbot/2.0; +http://www.bing.com/bingbot.htm)" "ysfine.com"
157.55.39.128 - - [09/Oct/2022:04:26:25 -0700] "GET /world/france/grandcafe06.jpg HTTP/1.1" 200 84409 "-" "Mozilla/5.0 (compatible; bingbot/2.0; +http://www.bing.com/bingbot.htm)" "ysfine.com"
157.55.39.127 - - [09/Oct/2022:04:26:29 -0700] "GET /bio/ffriends/twosist.html HTTP/1.1" 404 88 "-" "Mozilla/5.0 AppleWebKit/537.36 (KHTML, like Gecko; compatible; bingbot/2.0; +http://www.bing.com/bingbot.htm) Chrome/103.0.5060.134 Safari/537.36" "ysfine.com"
81.249.126.223 - - [09/Oct/2022:04:26:50 -0700] "GET /world/france/stras10.jpg HTTP/1.1" 200 105338 "https://www.google.com/" "Mozilla/5.0 (Windows NT 10.0; Win64; x64; rv:105.0) Gecko/20100101 Firefox/105.0" "ysfine.com"
157.55.39.55 - - [09/Oct/2022:04:27:01 -0700] "GET /yspapers/feynrio33.jpg HTTP/1.1" 200 237921 "-" "Mozilla/5.0 AppleWebKit/537.36 (KHTML, like Gecko; compatible; bingbot/2.0; +http://www.bing.com/bingbot.htm) Chrome/103.0.5060.134 Safari/537.36" "ysfine.com"
157.55.39.55 - - [09/Oct/2022:04:28:01 -0700] "GET /world/brit/britmu12.jpg HTTP/1.1" 200 59456 "-" "Mozilla/5.0 (compatible; bingbot/2.0; +http://www.bing.com/bingbot.htm)" "ysfine.com"
114.119.128.158 - - [09/Oct/2022:04:28:11 -0700] "GET /class54/class5470/total_data/photo_img/8-178.jpg HTTP/1.1" 200 184314 "https://ysfine.com/class54/class5470/total_data/sub_8178.htm" "Mozilla/5.0 (Linux; Android 7.0;) AppleWebKit/537.36 (KHTML, like Gecko) Mobile Safari/537.36 (compatible; PetalBot;+https://webmaster.petalsearch.com/site/petalbot)" "ysfine.com"
66.249.66.43 - - [09/Oct/2022:04:28:34 -0700] "GET /world/scandi/sto033.jpg HTTP/1.1" 304 - "-" "Googlebot-Image/1.0" "ysfine.com"
157.55.39.128 - - [09/Oct/2022:04:28:55 -0700] "GET /awards/einbohr25.jpg HTTP/1.1" 200 168583 "-" "Mozilla/5.0 AppleWebKit/537.36 (KHTML, like Gecko; compatible; bingbot/2.0; +http://www.bing.com/bingbot.htm) Chrome/103.0.5060.134 Safari/537.36" "www.ysfine.com"
157.55.39.128 - - [09/Oct/2022:04:29:16 -0700] "GET /world/scandi/sto019.jpg HTTP/1.1" 200 70236 "-" "Mozilla/5.0 (compatible; bingbot/2.0; +http://www.bing.com/bingbot.htm)" "ysfine.com"
114.119.128.14 - - [09/Oct/2022:04:29:46 -0700] "GET /class54/class5470/total_data/photo_img/8-14.jpg HTTP/1.1" 200 231719 "https://ysfine.com/class54/class5470/total_data/sub_814.htm" "Mozilla/5.0 (Linux; Android 7.0;) AppleWebKit/537.36 (KHTML, like Gecko) Mobile Safari/537.36 (compatible; PetalBot;+https://webmaster.petalsearch.com/site/petalbot)" "ysfine.com"
157.55.39.127 - - [09/Oct/2022:04:30:30 -0700] "GET /world/hungary/hunband01b.jpg HTTP/1.1" 200 46280 "-" "Mozilla/5.0 (compatible; bingbot/2.0; +http://www.bing.com/bingbot.htm)" "www.ysfine.com"
114.119.128.142 - - [09/Oct/2022:04:31:28 -0700] "GET /class54/class5470/total_data/sub_138.htm HTTP/1.1" 200 3290 "https://ysfine.com/class54/class5470/total_data/sub_139.htm" "Mozilla/5.0 (Linux; Android 7.0;) AppleWebKit/537.36 (KHTML, like Gecko) Mobile Safari/537.36 (compatible; PetalBot;+https://webmaster.petalsearch.com/site/petalbot)" "ysfine.com"
207.46.13.102 - - [09/Oct/2022:04:32:06 -0700] "GET /world/ital/rome127.jpg HTTP/1.1" 200 91213 "-" "Mozilla/5.0 (compatible; bingbot/2.0; +http://www.bing.com/bingbot.htm)" "ysfine.com"
157.55.39.55 - - [09/Oct/2022:04:33:02 -0700] "GET /usca/norl/missi04b.jpg HTTP/1.1" 200 34891 "-" "Mozilla/5.0 (compatible; bingbot/2.0; +http://www.bing.com/bingbot.htm)" "ysfine.com"
114.119.128.142 - - [09/Oct/2022:04:33:09 -0700] "GET /class54/class5470/total_data/sub_892.htm HTTP/1.1" 200 3496 "https://ysfine.com/class54/class5470/total_data/sub_870.htm" "Mozilla/5.0 (Linux; Android 7.0;) AppleWebKit/537.36 (KHTML, like Gecko) Mobile Safari/537.36 (compatible; PetalBot;+https://webmaster.petalsearch.com/site/petalbot)" "ysfine.com"
157.55.39.55 - - [09/Oct/2022:04:34:42 -0700] "GET /friends/korf.html HTTP/1.1" 404 88 "-" "Mozilla/5.0 (compatible; bingbot/2.0; +http://www.bing.com/bingbot.htm)" "ysfine.com"
90.182.252.207 - - [09/Oct/2022:04:35:05 -0700] "GET /world/brit/etonharrow.html HTTP/1.1" 200 4546 "https://www.google.com/" "Mozilla/5.0 (Linux; Android 10; SM-A600FN) AppleWebKit/537.36 (KHTML, like Gecko) Chrome/106.0.0.0 Mobile Safari/537.36" "ysfine.com"
90.182.252.207 - - [09/Oct/2022:04:35:06 -0700] "GET /world/brit/winston01b.jpg HTTP/1.1" 200 38436 "https://ysfine.com/world/brit/etonharrow.html" "Mozilla/5.0 (Linux; Android 10; SM-A600FN) AppleWebKit/537.36 (KHTML, like Gecko) Chrome/106.0.0.0 Mobile Safari/537.36" "ysfine.com"
90.182.252.207 - - [09/Oct/2022:04:35:06 -0700] "GET /world/brit/nehru11b.jpg HTTP/1.1" 200 43052 "https://ysfine.com/world/brit/etonharrow.html" "Mozilla/5.0 (Linux; Android 10; SM-A600FN) AppleWebKit/537.36 (KHTML, like Gecko) Chrome/106.0.0.0 Mobile Safari/537.36" "ysfine.com"
90.182.252.207 - - [09/Oct/2022:04:35:06 -0700] "GET /kobak/kwk11b.jpg HTTP/1.1" 200 46888 "https://ysfine.com/world/brit/etonharrow.html" "Mozilla/5.0 (Linux; Android 10; SM-A600FN) AppleWebKit/537.36 (KHTML, like Gecko) Chrome/106.0.0.0 Mobile Safari/537.36" "ysfine.com"
90.182.252.207 - - [09/Oct/2022:04:35:06 -0700] "GET /world/brit/eton01b.jpg HTTP/1.1" 200 47771 "https://ysfine.com/world/brit/etonharrow.html" "Mozilla/5.0 (Linux; Android 10; SM-A600FN) AppleWebKit/537.36 (KHTML, like Gecko) Chrome/106.0.0.0 Mobile Safari/537.36" "ysfine.com"
90.182.252.207 - - [09/Oct/2022:04:35:06 -0700] "GET /world/brit/windsor02b.jpg HTTP/1.1" 200 40724 "https://ysfine.com/world/brit/etonharrow.html" "Mozilla/5.0 (Linux; Android 10; SM-A600FN) AppleWebKit/537.36 (KHTML, like Gecko) Chrome/106.0.0.0 Mobile Safari/537.36" "ysfine.com"
90.182.252.207 - - [09/Oct/2022:04:35:06 -0700] "GET /world/brit/eton02b.jpg HTTP/1.1" 200 39432 "https://ysfine.com/world/brit/etonharrow.html" "Mozilla/5.0 (Linux; Android 10; SM-A600FN) AppleWebKit/537.36 (KHTML, like Gecko) Chrome/106.0.0.0 Mobile Safari/537.36" "ysfine.com"
90.182.252.207 - - [09/Oct/2022:04:35:06 -0700] "GET /world/brit/eton03b.jpg HTTP/1.1" 200 45141 "https://ysfine.com/world/brit/etonharrow.html" "Mozilla/5.0 (Linux; Android 10; SM-A600FN) AppleWebKit/537.36 (KHTML, like Gecko) Chrome/106.0.0.0 Mobile Safari/537.36" "ysfine.com"
90.182.252.207 - - [09/Oct/2022:04:35:06 -0700] "GET /world/brit/harrow01b.jpg HTTP/1.1" 200 54632 "https://ysfine.com/world/brit/etonharrow.html" "Mozilla/5.0 (Linux; Android 10; SM-A600FN) AppleWebKit/537.36 (KHTML, like Gecko) Chrome/106.0.0.0 Mobile Safari/537.36" "ysfine.com"
90.182.252.207 - - [09/Oct/2022:04:35:06 -0700] "GET /world/brit/eton07b.jpg HTTP/1.1" 200 36566 "https://ysfine.com/world/brit/etonharrow.html" "Mozilla/5.0 (Linux; Android 10; SM-A600FN) AppleWebKit/537.36 (KHTML, like Gecko) Chrome/106.0.0.0 Mobile Safari/537.36" "ysfine.com"
90.182.252.207 - - [09/Oct/2022:04:35:06 -0700] "GET /world/brit/harrow12b.jpg HTTP/1.1" 200 45104 "https://ysfine.com/world/brit/etonharrow.html" "Mozilla/5.0 (Linux; Android 10; SM-A600FN) AppleWebKit/537.36 (KHTML, like Gecko) Chrome/106.0.0.0 Mobile Safari/537.36" "ysfine.com"
90.182.252.207 - - [09/Oct/2022:04:35:06 -0700] "GET /kobak/taylor33c.jpg HTTP/1.1" 200 39951 "https://ysfine.com/world/brit/etonharrow.html" "Mozilla/5.0 (Linux; Android 10; SM-A600FN) AppleWebKit/537.36 (KHTML, like Gecko) Chrome/106.0.0.0 Mobile Safari/537.36" "ysfine.com"
90.182.252.207 - - [09/Oct/2022:04:35:06 -0700] "GET /world/brit/harrow11b.jpg HTTP/1.1" 200 42533 "https://ysfine.com/world/brit/etonharrow.html" "Mozilla/5.0 (Linux; Android 10; SM-A600FN) AppleWebKit/537.36 (KHTML, like Gecko) Chrome/106.0.0.0 Mobile Safari/537.36" "ysfine.com"
90.182.252.207 - - [09/Oct/2022:04:35:06 -0700] "GET /eink/pwk19c.jpg HTTP/1.1" 200 57759 "https://ysfine.com/world/brit/etonharrow.html" "Mozilla/5.0 (Linux; Android 10; SM-A600FN) AppleWebKit/537.36 (KHTML, like Gecko) Chrome/106.0.0.0 Mobile Safari/537.36" "ysfine.com"
90.182.252.207 - - [09/Oct/2022:04:35:06 -0700] "GET /world/brit/harrow04b.jpg HTTP/1.1" 200 48004 "https://ysfine.com/world/brit/etonharrow.html" "Mozilla/5.0 (Linux; Android 10; SM-A600FN) AppleWebKit/537.36 (KHTML, like Gecko) Chrome/106.0.0.0 Mobile Safari/537.36" "ysfine.com"
90.182.252.207 - - [09/Oct/2022:04:35:06 -0700] "GET /world/brit/harrow09b.jpg HTTP/1.1" 200 48797 "https://ysfine.com/world/brit/etonharrow.html" "Mozilla/5.0 (Linux; Android 10; SM-A600FN) AppleWebKit/537.36 (KHTML, like Gecko) Chrome/106.0.0.0 Mobile Safari/537.36" "ysfine.com"
90.182.252.207 - - [09/Oct/2022:04:35:09 -0700] "GET /favicon.ico HTTP/1.1" 404 88 "https://ysfine.com/world/brit/etonharrow.html" "Mozilla/5.0 (Linux; Android 10; SM-A600FN) AppleWebKit/537.36 (KHTML, like Gecko) Chrome/106.0.0.0 Mobile Safari/537.36" "ysfine.com"
157.55.39.55 - - [09/Oct/2022:04:35:51 -0700] "GET /dongio/chinstu02.jpg HTTP/1.1" 404 88 "-" "Mozilla/5.0 (compatible; bingbot/2.0; +http://www.bing.com/bingbot.htm)" "ysfine.com"
207.46.13.102 - - [09/Oct/2022:04:35:59 -0700] "GET /bio/houses/styhouses.html HTTP/1.1" 404 88 "-" "Mozilla/5.0 (compatible; bingbot/2.0; +http://www.bing.com/bingbot.htm)" "ysfine.com"
40.77.167.27 - - [09/Oct/2022:04:36:09 -0700] "GET /eink/evol77a.jpg HTTP/1.1" 200 87188 "-" "Mozilla/5.0 (compatible; bingbot/2.0; +http://www.bing.com/bingbot.htm)" "ysfine.com"
207.46.13.102 - - [09/Oct/2022:04:36:38 -0700] "GET /style/cameras/fed3b.jpg HTTP/1.1" 200 42824 "-" "Mozilla/5.0 (compatible; bingbot/2.0; +http://www.bing.com/bingbot.htm)" "ysfine.com"
157.55.39.55 - - [09/Oct/2022:04:36:53 -0700] "GET /bio/style/ystyle.html HTTP/1.1" 404 88 "-" "Mozilla/5.0 (compatible; bingbot/2.0; +http://www.bing.com/bingbot.htm)" "ysfine.com"
157.55.39.128 - - [09/Oct/2022:04:37:16 -0700] "GET /world/russ/kitaires01.jpg HTTP/1.1" 200 98831 "-" "Mozilla/5.0 (compatible; bingbot/2.0; +http://www.bing.com/bingbot.htm)" "ysfine.com"
180.190.146.79 - - [09/Oct/2022:04:37:45 -0700] "GET /maga/phys/schrod11.jpg HTTP/1.1" 200 107958 "https://www.bing.com/" "Mozilla/5.0 (Windows NT 10.0; Win64; x64) AppleWebKit/537.36 (KHTML, like Gecko) Chrome/106.0.0.0 Safari/537.36" "www.ysfine.com"
114.119.128.154 - - [09/Oct/2022:04:38:36 -0700] "GET /home/ys5458g.jpg HTTP/1.1" 200 109717 "https://www.ysfine.com/home/bio44.html" "Mozilla/5.0 (Linux; Android 7.0;) AppleWebKit/537.36 (KHTML, like Gecko) Mobile Safari/537.36 (compatible; PetalBot;+https://webmaster.petalsearch.com/site/petalbot)" "www.ysfine.com"
5.188.210.21 - - [09/Oct/2022:04:38:57 -0700] "GET /world/travel.html HTTP/1.1" 200 5186 "https://www.ysfine.com/world/travel.html" "Mozilla/5.0 (Windows NT 6.2; Win64; x64) AppleWebKit/537.36 (KHTML, like Gecko) Chrome/90.0.4430.72 Safari/537.36" "www.ysfine.com"
5.188.210.21 - - [09/Oct/2022:04:38:58 -0700] "GET / HTTP/1.1" 200 15910 "https://www.ysfine.com/" "Mozilla/5.0 (Windows NT 6.2; Win64; x64) AppleWebKit/537.36 (KHTML, like Gecko) Chrome/90.0.4430.72 Safari/537.36" "www.ysfine.com"
45.154.98.29 - - [09/Oct/2022:04:39:09 -0700] "GET / HTTP/1.1" 200 5283 "-" "Mozilla/5.0 (Windows NT 6.1; Win64; x64; rv:100.0) Gecko/20100101 Firefox/100.0" "ysfine.com"
45.154.98.29 - - [09/Oct/2022:04:39:10 -0700] "GET / HTTP/1.1" 200 5283 "-" "Mozilla/5.0 (X11; Linux x86_64) AppleWebKit/537.36 (KHTML, like Gecko) Chrome/79.0.3945.130 Safari/537.36" "ysfine.com"
157.55.39.55 - - [09/Oct/2022:04:39:21 -0700] "GET /world/poland/polstu05.jpg HTTP/1.1" 200 99880 "-" "Mozilla/5.0 AppleWebKit/537.36 (KHTML, like Gecko; compatible; bingbot/2.0; +http://www.bing.com/bingbot.htm) Chrome/103.0.5060.134 Safari/537.36" "ysfine.com"
119.92.237.157 - - [09/Oct/2022:04:39:34 -0700] "GET /world/china/shanghai003.jpg HTTP/1.1" 200 180049 "https://ph.images.search.yahoo.com/search/images?p=travel+brochure+sample+of+japan&fr=mcafee&type=E210PH91215G0&imgurl=https%3A%2F%2Fcdn.filestackcontent.com%2F5pYcFhC3QECL7Oc1oN87" "Mozilla/5.0 (Windows NT 10.0; Win64; x64) AppleWebKit/537.36 (KHTML, like Gecko) Chrome/106.0.0.0 Safari/537.36" "ysfine.com"
157.55.39.55 - - [09/Oct/2022:04:39:41 -0700] "GET /maga/bridges.html HTTP/1.1" 200 4741 "-" "Mozilla/5.0 (compatible; bingbot/2.0; +http://www.bing.com/bingbot.htm)" "www.ysfine.com"
114.119.128.143 - - [09/Oct/2022:04:40:08 -0700] "GET /home/pgh/sbk57d.jpg HTTP/1.1" 200 53989 "https://www.ysfine.com/home/bio44.html" "Mozilla/5.0 (Linux; Android 7.0;) AppleWebKit/537.36 (KHTML, like Gecko) Mobile Safari/537.36 (compatible; PetalBot;+https://webmaster.petalsearch.com/site/petalbot)" "www.ysfine.com"
77.121.81.194 - - [09/Oct/2022:04:41:09 -0700] "GET /wigner/first.jpg HTTP/1.1" 200 47549 "-" "Mozilla/5.0 (Windows NT 10.0; Win64; x64) AppleWebKit/537.36 (KHTML, like Gecko) Chrome/86.0.4240.198 Safari/537.36" "www.ysfine.com"
157.55.39.128 - - [09/Oct/2022:04:41:27 -0700] "GET /bio/style/digilit.html HTTP/1.1" 404 88 "-" "Mozilla/5.0 AppleWebKit/537.36 (KHTML, like Gecko; compatible; bingbot/2.0; +http://www.bing.com/bingbot.htm) Chrome/103.0.5060.134 Safari/537.36" "ysfine.com"
207.46.13.102 - - [09/Oct/2022:04:41:28 -0700] "GET /bio/world/leipzig.html HTTP/1.1" 404 88 "-" "Mozilla/5.0 (compatible; bingbot/2.0; +http://www.bing.com/bingbot.htm)" "ysfine.com"
157.55.39.128 - - [09/Oct/2022:04:41:29 -0700] "GET /world/russ/itep44b.jpg HTTP/1.1" 200 44429 "-" "Mozilla/5.0 AppleWebKit/537.36 (KHTML, like Gecko; compatible; bingbot/2.0; +http://www.bing.com/bingbot.htm) Chrome/103.0.5060.134 Safari/537.36" "ysfine.com"
157.55.39.55 - - [09/Oct/2022:04:41:36 -0700] "GET /home/pungsin11.jpg HTTP/1.1" 200 103591 "-" "Mozilla/5.0 (compatible; bingbot/2.0; +http://www.bing.com/bingbot.htm)" "ysfine.com"
114.119.128.14 - - [09/Oct/2022:04:41:40 -0700] "GET /sitemap.xml HTTP/1.1" 200 166 "-" "Mozilla/5.0 (Linux; Android 7.0;) AppleWebKit/537.36 (KHTML, like Gecko) Mobile Safari/537.36 (compatible; PetalBot;+https://webmaster.petalsearch.com/site/petalbot)" "ysfine.com"
40.77.167.27 - - [09/Oct/2022:04:41:50 -0700] "GET /bio/style/strigh.html HTTP/1.1" 404 88 "-" "Mozilla/5.0 (compatible; bingbot/2.0; +http://www.bing.com/bingbot.htm)" "ysfine.com"
157.55.39.55 - - [09/Oct/2022:04:42:53 -0700] "GET /bio/einstein/einusa.html HTTP/1.1" 404 88 "-" "Mozilla/5.0 AppleWebKit/537.36 (KHTML, like Gecko; compatible; bingbot/2.0; +http://www.bing.com/bingbot.htm) Chrome/103.0.5060.134 Safari/537.36" "ysfine.com"
114.119.128.154 - - [09/Oct/2022:04:44:05 -0700] "GET /maga/boltzmann.html HTTP/1.1" 200 6052 "https://ysfine.com/einstein/heisenberg.html" "Mozilla/5.0 (Linux; Android 7.0;) AppleWebKit/537.36 (KHTML, like Gecko) Mobile Safari/537.36 (compatible; PetalBot;+https://webmaster.petalsearch.com/site/petalbot)" "ysfine.com"
40.77.167.105 - - [09/Oct/2022:04:44:31 -0700] "GET /robots.txt HTTP/1.1" 404 88 "-" "Mozilla/5.0 AppleWebKit/537.36 (KHTML, like Gecko; compatible; bingbot/2.0; +http://www.bing.com/bingbot.htm) Chrome/103.0.5060.134 Safari/537.36" "ysfine.com"
157.55.39.55 - - [09/Oct/2022:04:44:52 -0700] "GET /world/ital/stcroce16b.jpg HTTP/1.1" 200 61306 "-" "Mozilla/5.0 (compatible; bingbot/2.0; +http://www.bing.com/bingbot.htm)" "ysfine.com"
157.55.39.55 - - [09/Oct/2022:04:44:53 -0700] "GET /world/scandi/copen021.jpg HTTP/1.1" 200 60419 "-" "Mozilla/5.0 (compatible; bingbot/2.0; +http://www.bing.com/bingbot.htm)" "ysfine.com"
85.65.211.138 - - [09/Oct/2022:04:45:00 -0700] "GET /world/russ/mosko01.jpg HTTP/1.1" 200 74314 "https://www.google.com/" "Mozilla/5.0 (Windows NT 10.0; Win64; x64) AppleWebKit/537.36 (KHTML, like Gecko) Chrome/105.0.0.0 Safari/537.36" "ysfine.com"
157.55.39.58 - - [09/Oct/2022:04:45:14 -0700] "GET /world/balkan/bosphorus11b.jpg HTTP/1.1" 200 61911 "-" "Mozilla/5.0 (compatible; bingbot/2.0; +http://www.bing.com/bingbot.htm)" "ysfine.com"
40.77.167.27 - - [09/Oct/2022:04:45:20 -0700] "GET /wigner/wigein270.jpg HTTP/1.1" 200 21005 "-" "Mozilla/5.0 (compatible; bingbot/2.0; +http://www.bing.com/bingbot.htm)" "ysfine.com"
85.65.211.138 - - [09/Oct/2022:04:45:21 -0700] "GET /world/russ/mosko02.jpg HTTP/1.1" 200 118440 "https://www.google.com/" "Mozilla/5.0 (Windows NT 10.0; Win64; x64) AppleWebKit/537.36 (KHTML, like Gecko) Chrome/105.0.0.0 Safari/537.36" "ysfine.com"
207.46.13.102 - - [09/Oct/2022:04:45:28 -0700] "GET /ffriends/amkor/koparis05.jpg HTTP/1.1" 200 118192 "-" "Mozilla/5.0 (compatible; bingbot/2.0; +http://www.bing.com/bingbot.htm)" "www.ysfine.com"
114.119.128.162 - - [09/Oct/2022:04:45:36 -0700] "GET /class54/class5470/total_data/sub_430.htm HTTP/1.1" 200 3252 "https://ysfine.com/class54/class5470/total_data/sub_428.htm" "Mozilla/5.0 (Linux; Android 7.0;) AppleWebKit/537.36 (KHTML, like Gecko) Mobile Safari/537.36 (compatible; PetalBot;+https://webmaster.petalsearch.com/site/petalbot)" "ysfine.com"
40.77.167.27 - - [09/Oct/2022:04:46:09 -0700] "GET /world/baltic/kalin37.jpg HTTP/1.1" 200 85104 "-" "Mozilla/5.0 (compatible; bingbot/2.0; +http://www.bing.com/bingbot.htm)" "ysfine.com"
141.98.252.168 - - [09/Oct/2022:04:46:18 -0700] "POST / HTTP/1.1" 200 5283 "-" "Mozilla/5.0 (Linux; U; Android 4.4.2; en-US; HM NOTE 1W Build/KOT49H) AppleWebKit/534.30 (KHTML, like Gecko) Version/4.0 UCBrowser/11.0.5.850 U3/0.8.0 Mobile Safari/534.30" "ysfine.com"
157.55.39.58 - - [09/Oct/2022:04:47:25 -0700] "GET /maga/phys/bohrheisen11b.jpg HTTP/1.1" 200 47511 "-" "Mozilla/5.0 AppleWebKit/537.36 (KHTML, like Gecko; compatible; bingbot/2.0; +http://www.bing.com/bingbot.htm) Chrome/103.0.5060.134 Safari/537.36" "ysfine.com"
157.55.39.128 - - [09/Oct/2022:04:47:36 -0700] "GET /saram/g008.jpg HTTP/1.1" 200 113505 "-" "Mozilla/5.0 (compatible; bingbot/2.0; +http://www.bing.com/bingbot.htm)" "www.ysfine.com"
157.55.39.58 - - [09/Oct/2022:04:48:05 -0700] "GET /world/ital/spstep01.jpg HTTP/1.1" 200 78689 "-" "Mozilla/5.0 (compatible; bingbot/2.0; +http://www.bing.com/bingbot.htm)" "ysfine.com"
157.55.39.127 - - [09/Oct/2022:04:48:10 -0700] "GET /home/pdugard22.jpg HTTP/1.1" 200 185286 "-" "Mozilla/5.0 (compatible; bingbot/2.0; +http://www.bing.com/bingbot.htm)" "ysfine.com"
157.55.39.58 - - [09/Oct/2022:04:48:25 -0700] "GET /world/russ/minsk029.jpg HTTP/1.1" 200 129969 "-" "Mozilla/5.0 AppleWebKit/537.36 (KHTML, like Gecko; compatible; bingbot/2.0; +http://www.bing.com/bingbot.htm) Chrome/103.0.5060.134 Safari/537.36" "ysfine.com"
207.46.13.102 - - [09/Oct/2022:04:49:18 -0700] "GET /maga/phys/schrod03b.jpg HTTP/1.1" 200 59475 "-" "Mozilla/5.0 (compatible; bingbot/2.0; +http://www.bing.com/bingbot.htm)" "ysfine.com"
114.119.128.162 - - [09/Oct/2022:04:49:31 -0700] "GET /eink/buythisbook.html HTTP/1.1" 200 1792 "https://www.ysfine.com/yspapers/books.html" "Mozilla/5.0 (Linux; Android 7.0;) AppleWebKit/537.36 (KHTML, like Gecko) Mobile Safari/537.36 (compatible; PetalBot;+https://webmaster.petalsearch.com/site/petalbot)" "www.ysfine.com"
157.55.39.127 - - [09/Oct/2022:04:49:42 -0700] "GET /wdc/sakura01.jpg HTTP/1.1" 200 165019 "-" "Mozilla/5.0 (compatible; bingbot/2.0; +http://www.bing.com/bingbot.htm)" "www.ysfine.com"
123.183.224.86 - - [09/Oct/2022:04:51:36 -0700] "GET / HTTP/1.1" 200 5283 "-" "Sogou web spider/4.0(+http://www.sogou.com/docs/help/webmasters.htm#07)" "ysfine.com"
78.146.146.16 - - [09/Oct/2022:04:51:44 -0700] "GET /maga/hegel.html HTTP/1.1" 200 4700 "https://www.google.co.uk/" "Mozilla/5.0 (Macintosh; Intel Mac OS X 10_15_7) AppleWebKit/605.1.15 (KHTML, like Gecko) Version/16.0 Safari/605.1.15" "ysfine.com"
78.146.146.16 - - [09/Oct/2022:04:51:44 -0700] "GET /maga/phys/maxwell02b.jpg HTTP/1.1" 200 43279 "https://ysfine.com/maga/hegel.html" "Mozilla/5.0 (Macintosh; Intel Mac OS X 10_15_7) AppleWebKit/605.1.15 (KHTML, like Gecko) Version/16.0 Safari/605.1.15" "ysfine.com"
78.146.146.16 - - [09/Oct/2022:04:51:44 -0700] "GET /world/germany/hegel03b.jpg HTTP/1.1" 200 61436 "https://ysfine.com/maga/hegel.html" "Mozilla/5.0 (Macintosh; Intel Mac OS X 10_15_7) AppleWebKit/605.1.15 (KHTML, like Gecko) Version/16.0 Safari/605.1.15" "ysfine.com"
78.146.146.16 - - [09/Oct/2022:04:51:44 -0700] "GET /einstein/eins47b.jpg HTTP/1.1" 200 48772 "https://ysfine.com/maga/hegel.html" "Mozilla/5.0 (Macintosh; Intel Mac OS X 10_15_7) AppleWebKit/605.1.15 (KHTML, like Gecko) Version/16.0 Safari/605.1.15" "ysfine.com"
157.55.39.55 - - [09/Oct/2022:04:51:44 -0700] "GET /bio/world/trier.html HTTP/1.1" 404 88 "-" "Mozilla/5.0 (compatible; bingbot/2.0; +http://www.bing.com/bingbot.htm)" "ysfine.com"
78.146.146.16 - - [09/Oct/2022:04:51:44 -0700] "GET /people/sbtwein2.jpg HTTP/1.1" 200 30398 "https://ysfine.com/maga/hegel.html" "Mozilla/5.0 (Macintosh; Intel Mac OS X 10_15_7) AppleWebKit/605.1.15 (KHTML, like Gecko) Version/16.0 Safari/605.1.15" "ysfine.com"
78.146.146.16 - - [09/Oct/2022:04:51:45 -0700] "GET /eink/eink61b.jpg HTTP/1.1" 200 28018 "https://ysfine.com/maga/hegel.html" "Mozilla/5.0 (Macintosh; Intel Mac OS X 10_15_7) AppleWebKit/605.1.15 (KHTML, like Gecko) Version/16.0 Safari/605.1.15" "ysfine.com"
78.146.146.16 - - [09/Oct/2022:04:51:45 -0700] "GET /world/germany/hegel01b.jpg HTTP/1.1" 200 31600 "https://ysfine.com/maga/hegel.html" "Mozilla/5.0 (Macintosh; Intel Mac OS X 10_15_7) AppleWebKit/605.1.15 (KHTML, like Gecko) Version/16.0 Safari/605.1.15" "ysfine.com"
78.146.146.16 - - [09/Oct/2022:04:51:45 -0700] "GET /home/comet01b.jpg HTTP/1.1" 200 53465 "https://ysfine.com/maga/hegel.html" "Mozilla/5.0 (Macintosh; Intel Mac OS X 10_15_7) AppleWebKit/605.1.15 (KHTML, like Gecko) Version/16.0 Safari/605.1.15" "ysfine.com"
78.146.146.16 - - [09/Oct/2022:04:51:45 -0700] "GET /feynman/feyn86b.jpg HTTP/1.1" 200 26190 "https://ysfine.com/maga/hegel.html" "Mozilla/5.0 (Macintosh; Intel Mac OS X 10_15_7) AppleWebKit/605.1.15 (KHTML, like Gecko) Version/16.0 Safari/605.1.15" "ysfine.com"
78.146.146.16 - - [09/Oct/2022:04:51:45 -0700] "GET /world/germany/hegel21b.jpg HTTP/1.1" 200 52348 "https://ysfine.com/maga/hegel.html" "Mozilla/5.0 (Macintosh; Intel Mac OS X 10_15_7) AppleWebKit/605.1.15 (KHTML, like Gecko) Version/16.0 Safari/605.1.15" "ysfine.com"
78.146.146.16 - - [09/Oct/2022:04:51:45 -0700] "GET /world/germany/hegel04b.jpg HTTP/1.1" 200 45635 "https://ysfine.com/maga/hegel.html" "Mozilla/5.0 (Macintosh; Intel Mac OS X 10_15_7) AppleWebKit/605.1.15 (KHTML, like Gecko) Version/16.0 Safari/605.1.15" "ysfine.com"
78.146.146.16 - - [09/Oct/2022:04:51:45 -0700] "GET /world/germany/hegel09b.jpg HTTP/1.1" 200 46010 "https://ysfine.com/maga/hegel.html" "Mozilla/5.0 (Macintosh; Intel Mac OS X 10_15_7) AppleWebKit/605.1.15 (KHTML, like Gecko) Version/16.0 Safari/605.1.15" "ysfine.com"
78.146.146.16 - - [09/Oct/2022:04:51:46 -0700] "GET /favicon.ico HTTP/1.1" 404 88 "https://ysfine.com/maga/hegel.html" "Mozilla/5.0 (Macintosh; Intel Mac OS X 10_15_7) AppleWebKit/605.1.15 (KHTML, like Gecko) Version/16.0 Safari/605.1.15" "ysfine.com"
207.46.13.102 - - [09/Oct/2022:04:52:09 -0700] "GET /world/ital/milvio07.jpg HTTP/1.1" 200 96108 "-" "Mozilla/5.0 (compatible; bingbot/2.0; +http://www.bing.com/bingbot.htm)" "ysfine.com"
157.55.39.127 - - [09/Oct/2022:04:52:11 -0700] "GET / HTTP/1.1" 200 5283 "-" "Mozilla/5.0 (compatible; bingbot/2.0; +http://www.bing.com/bingbot.htm)" "www.ysfine.com"
77.75.79.11 - - [09/Oct/2022:04:52:15 -0700] "GET /robots.txt HTTP/1.1" 404 88 "-" "Mozilla/5.0 (compatible; SeznamBot/3.2; +http://napoveda.seznam.cz/en/seznambot-intro/)" "ysfine.com"
77.75.79.11 - - [09/Oct/2022:04:52:17 -0700] "GET /world/germany/vienna07.jpg HTTP/1.1" 304 - "-" "Mozilla/5.0 (compatible; SeznamBot/3.2; +http://napoveda.seznam.cz/en/seznambot-intro/)" "ysfine.com"
77.75.79.11 - - [09/Oct/2022:04:52:18 -0700] "GET /world/baltic/tallin41.jpg HTTP/1.1" 304 - "-" "Mozilla/5.0 (compatible; SeznamBot/3.2; +http://napoveda.seznam.cz/en/seznambot-intro/)" "ysfine.com"
77.75.79.11 - - [09/Oct/2022:04:52:18 -0700] "GET /einstein/places/ulm32.jpg HTTP/1.1" 200 91482 "-" "Mozilla/5.0 (compatible; SeznamBot/3.2; +http://napoveda.seznam.cz/en/seznambot-intro/)" "ysfine.com"
77.75.79.11 - - [09/Oct/2022:04:52:21 -0700] "GET /world/ital/uffizi11.jpg HTTP/1.1" 304 - "-" "Mozilla/5.0 (compatible; SeznamBot/3.2; +http://napoveda.seznam.cz/en/seznambot-intro/)" "ysfine.com"
77.75.79.11 - - [09/Oct/2022:04:52:21 -0700] "GET /style/venus10.jpg HTTP/1.1" 200 169742 "-" "Mozilla/5.0 (compatible; SeznamBot/3.2; +http://napoveda.seznam.cz/en/seznambot-intro/)" "ysfine.com"
207.46.13.102 - - [09/Oct/2022:04:52:28 -0700] "GET /world/france/champ9609.jpg HTTP/1.1" 200 110755 "-" "Mozilla/5.0 (compatible; bingbot/2.0; +http://www.bing.com/bingbot.htm)" "www.ysfine.com"
114.119.128.162 - - [09/Oct/2022:04:53:25 -0700] "GET /class54/class5470/total_data/photo_img/7-77.jpg HTTP/1.1" 200 252086 "https://ysfine.com/class54/class5470/total_data/sub_777.htm" "Mozilla/5.0 (Linux; Android 7.0;) AppleWebKit/537.36 (KHTML, like Gecko) Mobile Safari/537.36 (compatible; PetalBot;+https://webmaster.petalsearch.com/site/petalbot)" "ysfine.com"
24.62.81.145 - - [09/Oct/2022:04:53:46 -0700] "GET /yspapers/aipproc2006.pdf HTTP/1.1" 200 173023 "https://www.google.com/" "Mozilla/5.0 (Windows NT 10.0; Win64; x64) AppleWebKit/537.36 (KHTML, like Gecko) Chrome/106.0.0.0 Safari/537.36" "ysfine.com"
24.62.81.145 - - [09/Oct/2022:04:53:47 -0700] "GET /favicon.ico HTTP/1.1" 404 88 "https://ysfine.com/yspapers/aipproc2006.pdf" "Mozilla/5.0 (Windows NT 10.0; Win64; x64) AppleWebKit/537.36 (KHTML, like Gecko) Chrome/106.0.0.0 Safari/537.36" "ysfine.com"
36.129.139.5 - - [09/Oct/2022:04:54:21 -0700] "GET /world/brit/britmu31.jpg HTTP/1.1" 200 79045 "https://cn.bing.com/" "Mozilla/5.0 (Windows NT 10.0; Win64; x64) AppleWebKit/537.36 (KHTML, like Gecko) Chrome/106.0.0.0 Safari/537.36 Edg/106.0.1370.37" "www.ysfine.com"
36.129.139.5 - - [09/Oct/2022:04:54:21 -0700] "GET /world/brit/britmu.html HTTP/1.1" 200 4897 "https://cn.bing.com/" "Mozilla/5.0 (Windows NT 10.0; Win64; x64) AppleWebKit/537.36 (KHTML, like Gecko) Chrome/106.0.0.0 Safari/537.36 Edg/106.0.1370.37" "www.ysfine.com"
36.129.139.5 - - [09/Oct/2022:04:54:23 -0700] "GET /world/brit/britmu21b.jpg HTTP/1.1" 200 30318 "https://www.ysfine.com/world/brit/britmu.html" "Mozilla/5.0 (Windows NT 10.0; Win64; x64) AppleWebKit/537.36 (KHTML, like Gecko) Chrome/106.0.0.0 Safari/537.36 Edg/106.0.1370.37" "www.ysfine.com"
36.129.139.5 - - [09/Oct/2022:04:54:23 -0700] "GET /world/brit/britmu18b.jpg HTTP/1.1" 200 56514 "https://www.ysfine.com/world/brit/britmu.html" "Mozilla/5.0 (Windows NT 10.0; Win64; x64) AppleWebKit/537.36 (KHTML, like Gecko) Chrome/106.0.0.0 Safari/537.36 Edg/106.0.1370.37" "www.ysfine.com"
36.129.139.5 - - [09/Oct/2022:04:54:23 -0700] "GET /world/balkan/ath008b.jpg HTTP/1.1" 200 45637 "https://www.ysfine.com/world/brit/britmu.html" "Mozilla/5.0 (Windows NT 10.0; Win64; x64) AppleWebKit/537.36 (KHTML, like Gecko) Chrome/106.0.0.0 Safari/537.36 Edg/106.0.1370.37" "www.ysfine.com"
36.129.139.5 - - [09/Oct/2022:04:54:23 -0700] "GET /world/ital/rome046b.jpg HTTP/1.1" 200 38586 "https://www.ysfine.com/world/brit/britmu.html" "Mozilla/5.0 (Windows NT 10.0; Win64; x64) AppleWebKit/537.36 (KHTML, like Gecko) Chrome/106.0.0.0 Safari/537.36 Edg/106.0.1370.37" "www.ysfine.com"
36.129.139.5 - - [09/Oct/2022:04:54:23 -0700] "GET /world/brit/britmu09b.jpg HTTP/1.1" 200 45628 "https://www.ysfine.com/world/brit/britmu.html" "Mozilla/5.0 (Windows NT 10.0; Win64; x64) AppleWebKit/537.36 (KHTML, like Gecko) Chrome/106.0.0.0 Safari/537.36 Edg/106.0.1370.37" "www.ysfine.com"
