207.46.13.102 - - [09/Oct/2022:01:55:02 -0700] "GET /bio/kowar/war50bot.html HTTP/1.1" 404 88 "-" "Mozilla/5.0 AppleWebKit/537.36 (KHTML, like Gecko; compatible; bingbot/2.0; +http://www.bing.com/bingbot.htm) Chrome/103.0.5060.134 Safari/537.36" "ysfine.com"
104.53.136.46 - - [09/Oct/2022:01:56:41 -0700] "GET /world/kor/sel803.jpg HTTP/1.1" 200 195155 "https://www.google.com/" "Mozilla/5.0 (iPhone; CPU iPhone OS 16_0_2 like Mac OS X) AppleWebKit/605.1.15 (KHTML, like Gecko) Version/16.0 Mobile/15E148 Safari/604.1" "ysfine.com"
157.55.39.55 - - [09/Oct/2022:01:57:56 -0700] "GET /world/poland/jablo17.jpg HTTP/1.1" 200 65815 "-" "Mozilla/5.0 (compatible; bingbot/2.0; +http://www.bing.com/bingbot.htm)" "ysfine.com"
157.55.39.58 - - [09/Oct/2022:01:59:08 -0700] "GET /philo/e=mc22.jpg HTTP/1.1" 200 190967 "-" "Mozilla/5.0 (compatible; bingbot/2.0; +http://www.bing.com/bingbot.htm)" "www.ysfine.com"
157.55.39.58 - - [09/Oct/2022:01:59:09 -0700] "GET /einstein/evol22.jpg HTTP/1.1" 200 59140 "-" "Mozilla/5.0 (compatible; bingbot/2.0; +http://www.bing.com/bingbot.htm)" "ysfine.com"
207.46.13.102 - - [09/Oct/2022:01:59:33 -0700] "GET /home/ewk86a.jpg HTTP/1.1" 200 86008 "-" "Mozilla/5.0 (compatible; bingbot/2.0; +http://www.bing.com/bingbot.htm)" "ysfine.com"
77.75.78.167 - - [09/Oct/2022:02:00:53 -0700] "GET /robots.txt HTTP/1.1" 404 88 "-" "Mozilla/5.0 (compatible; SeznamBot/3.2; +http://napoveda.seznam.cz/en/seznambot-intro/)" "ysfine.com"
77.75.78.167 - - [09/Oct/2022:02:00:54 -0700] "GET /world/france/champbenz05.jpg HTTP/1.1" 200 108562 "-" "Mozilla/5.0 (compatible; SeznamBot/3.2; +http://napoveda.seznam.cz/en/seznambot-intro/)" "ysfine.com"
77.75.78.167 - - [09/Oct/2022:02:00:58 -0700] "GET /world/baltic/lithuf01.jpg HTTP/1.1" 304 - "-" "Mozilla/5.0 (compatible; SeznamBot/3.2; +http://napoveda.seznam.cz/en/seznambot-intro/)" "ysfine.com"
77.75.78.167 - - [09/Oct/2022:02:00:58 -0700] "GET /world/baltic/tallin51.jpg HTTP/1.1" 304 - "-" "Mozilla/5.0 (compatible; SeznamBot/3.2; +http://napoveda.seznam.cz/en/seznambot-intro/)" "ysfine.com"
77.75.78.167 - - [09/Oct/2022:02:00:59 -0700] "GET /world/baltic/lithu20.jpg HTTP/1.1" 304 - "-" "Mozilla/5.0 (compatible; SeznamBot/3.2; +http://napoveda.seznam.cz/en/seznambot-intro/)" "ysfine.com"
77.75.78.167 - - [09/Oct/2022:02:00:59 -0700] "GET /eink/wsj21a.jpg HTTP/1.1" 200 117645 "-" "Mozilla/5.0 (compatible; SeznamBot/3.2; +http://napoveda.seznam.cz/en/seznambot-intro/)" "ysfine.com"
82.173.25.96 - - [09/Oct/2022:02:01:52 -0700] "GET /maga/histo/desiree22.jpg HTTP/1.1" 200 113561 "https://www.google.com/" "Mozilla/5.0 (Linux; Android 11; SM-A705FN Build/RP1A.200720.012; wv) AppleWebKit/537.36 (KHTML, like Gecko) Version/4.0 Chrome/106.0.5249.79 Mobile Safari/537.36 GoogleApp/13.38.11.26.arm64" "ysfine.com"
157.55.39.55 - - [09/Oct/2022:02:02:46 -0700] "GET /wdc/heyadams33.jpg HTTP/1.1" 200 61338 "-" "Mozilla/5.0 (compatible; bingbot/2.0; +http://www.bing.com/bingbot.htm)" "ysfine.com"
157.55.39.55 - - [09/Oct/2022:02:02:47 -0700] "GET /world/ital/panth12b.jpg HTTP/1.1" 200 35975 "-" "Mozilla/5.0 (compatible; bingbot/2.0; +http://www.bing.com/bingbot.htm)" "ysfine.com"
157.55.39.127 - - [09/Oct/2022:02:02:55 -0700] "GET /bio/philo/keigel21.html HTTP/1.1" 404 88 "-" "Mozilla/5.0 (compatible; bingbot/2.0; +http://www.bing.com/bingbot.htm)" "ysfine.com"
40.77.167.27 - - [09/Oct/2022:02:03:24 -0700] "GET /maga/phys/yukaein2.jpg HTTP/1.1" 200 42863 "-" "Mozilla/5.0 (compatible; bingbot/2.0; +http://www.bing.com/bingbot.htm)" "ysfine.com"
82.173.25.96 - - [09/Oct/2022:02:03:35 -0700] "GET /maga/histo/desiree24.jpg HTTP/1.1" 200 118503 "https://www.google.com/" "Mozilla/5.0 (Linux; Android 11; SM-A705FN Build/RP1A.200720.012; wv) AppleWebKit/537.36 (KHTML, like Gecko) Version/4.0 Chrome/106.0.5249.79 Mobile Safari/537.36 GoogleApp/13.38.11.26.arm64" "ysfine.com"
157.55.39.55 - - [09/Oct/2022:02:03:47 -0700] "GET /einstein/places/einha33.jpg HTTP/1.1" 200 102645 "-" "Mozilla/5.0 (compatible; bingbot/2.0; +http://www.bing.com/bingbot.htm)" "ysfine.com"
157.55.39.128 - - [09/Oct/2022:02:04:32 -0700] "GET /world/russ/kiev037.jpg HTTP/1.1" 200 89771 "-" "Mozilla/5.0 (compatible; bingbot/2.0; +http://www.bing.com/bingbot.htm)" "ysfine.com"
157.55.39.127 - - [09/Oct/2022:02:05:06 -0700] "GET /wdc/jeffm08.jpg HTTP/1.1" 200 82292 "-" "Mozilla/5.0 (compatible; bingbot/2.0; +http://www.bing.com/bingbot.htm)" "ysfine.com"
157.55.39.128 - - [09/Oct/2022:02:06:11 -0700] "GET /wdc/waskor014.jpg HTTP/1.1" 200 67774 "-" "Mozilla/5.0 (compatible; bingbot/2.0; +http://www.bing.com/bingbot.htm)" "ysfine.com"
40.77.167.27 - - [09/Oct/2022:02:06:35 -0700] "GET /bio/style/beetho.html HTTP/1.1" 404 88 "-" "Mozilla/5.0 AppleWebKit/537.36 (KHTML, like Gecko; compatible; bingbot/2.0; +http://www.bing.com/bingbot.htm) Chrome/103.0.5060.134 Safari/537.36" "ysfine.com"
40.77.167.27 - - [09/Oct/2022:02:06:36 -0700] "GET /bio/world/munich.html HTTP/1.1" 404 88 "-" "Mozilla/5.0 AppleWebKit/537.36 (KHTML, like Gecko; compatible; bingbot/2.0; +http://www.bing.com/bingbot.htm) Chrome/103.0.5060.134 Safari/537.36" "ysfine.com"
207.46.13.102 - - [09/Oct/2022:02:07:03 -0700] "GET /wdc/wasopera22.jpg HTTP/1.1" 200 74426 "-" "Mozilla/5.0 (compatible; bingbot/2.0; +http://www.bing.com/bingbot.htm)" "ysfine.com"
207.46.13.102 - - [09/Oct/2022:02:07:13 -0700] "GET /maga/invent/joak22.jpg HTTP/1.1" 200 192609 "-" "Mozilla/5.0 (compatible; bingbot/2.0; +http://www.bing.com/bingbot.htm)" "ysfine.com"
157.55.39.127 - - [09/Oct/2022:02:07:35 -0700] "GET /world/china/china039.jpg HTTP/1.1" 200 92484 "-" "Mozilla/5.0 (compatible; bingbot/2.0; +http://www.bing.com/bingbot.htm)" "ysfine.com"
40.77.167.27 - - [09/Oct/2022:02:07:55 -0700] "GET /world/scandi/norw01.jpg HTTP/1.1" 200 101713 "-" "Mozilla/5.0 (compatible; bingbot/2.0; +http://www.bing.com/bingbot.htm)" "ysfine.com"
40.77.167.27 - - [09/Oct/2022:02:07:55 -0700] "GET /world/ital/panth11.jpg HTTP/1.1" 200 118055 "-" "Mozilla/5.0 (compatible; bingbot/2.0; +http://www.bing.com/bingbot.htm)" "ysfine.com"
66.249.66.40 - - [09/Oct/2022:02:07:57 -0700] "GET /world/germany/vienna12.jpg HTTP/1.1" 200 102202 "-" "Googlebot-Image/1.0" "ysfine.com"
66.249.66.43 - - [09/Oct/2022:02:08:17 -0700] "GET /robots.txt HTTP/1.1" 404 88 "-" "Mozilla/5.0 (compatible; Googlebot/2.1; +http://www.google.com/bot.html)" "ysfine.com"
66.249.66.44 - - [09/Oct/2022:02:08:17 -0700] "GET /wdc/treasury22.jpg HTTP/1.1" 200 111423 "-" "Googlebot-Image/1.0" "ysfine.com"
157.55.39.58 - - [09/Oct/2022:02:09:00 -0700] "GET /world/scandi/sto004b.jpg HTTP/1.1" 200 27149 "-" "Mozilla/5.0 AppleWebKit/537.36 (KHTML, like Gecko; compatible; bingbot/2.0; +http://www.bing.com/bingbot.htm) Chrome/103.0.5060.134 Safari/537.36" "ysfine.com"
95.78.96.41 - - [09/Oct/2022:02:09:15 -0700] "GET /princeton/campus.html HTTP/1.1" 200 15142 "https://yandex.ru/" "Mozilla/5.0 (Windows NT 10.0; Win64; x64) AppleWebKit/537.36 (KHTML, like Gecko) Chrome/106.0.0.0 Safari/537.36 Edg/106.0.1370.34" "www.ysfine.com"
95.78.96.41 - - [09/Oct/2022:02:09:15 -0700] "GET /princeton/withers01b.jpg HTTP/1.1" 200 53277 "https://www.ysfine.com/princeton/campus.html" "Mozilla/5.0 (Windows NT 10.0; Win64; x64) AppleWebKit/537.36 (KHTML, like Gecko) Chrome/106.0.0.0 Safari/537.36 Edg/106.0.1370.34" "www.ysfine.com"
95.78.96.41 - - [09/Oct/2022:02:09:15 -0700] "GET /princeton/nasshall01b.jpg HTTP/1.1" 200 60879 "https://www.ysfine.com/princeton/campus.html" "Mozilla/5.0 (Windows NT 10.0; Win64; x64) AppleWebKit/537.36 (KHTML, like Gecko) Chrome/106.0.0.0 Safari/537.36 Edg/106.0.1370.34" "www.ysfine.com"
95.78.96.41 - - [09/Oct/2022:02:09:15 -0700] "GET /princeton/pcomm01b.jpg HTTP/1.1" 200 46796 "https://www.ysfine.com/princeton/campus.html" "Mozilla/5.0 (Windows NT 10.0; Win64; x64) AppleWebKit/537.36 (KHTML, like Gecko) Chrome/106.0.0.0 Safari/537.36 Edg/106.0.1370.34" "www.ysfine.com"
95.78.96.41 - - [09/Oct/2022:02:09:15 -0700] "GET /princeton/alexan22b.jpg HTTP/1.1" 200 55817 "https://www.ysfine.com/princeton/campus.html" "Mozilla/5.0 (Windows NT 10.0; Win64; x64) AppleWebKit/537.36 (KHTML, like Gecko) Chrome/106.0.0.0 Safari/537.36 Edg/106.0.1370.34" "www.ysfine.com"
95.78.96.41 - - [09/Oct/2022:02:09:15 -0700] "GET /princeton/prospectg33b.jpg HTTP/1.1" 200 39510 "https://www.ysfine.com/princeton/campus.html" "Mozilla/5.0 (Windows NT 10.0; Win64; x64) AppleWebKit/537.36 (KHTML, like Gecko) Chrome/106.0.0.0 Safari/537.36 Edg/106.0.1370.34" "www.ysfine.com"
95.78.96.41 - - [09/Oct/2022:02:09:15 -0700] "GET /princeton/firestone11b.jpg HTTP/1.1" 200 54060 "https://www.ysfine.com/princeton/campus.html" "Mozilla/5.0 (Windows NT 10.0; Win64; x64) AppleWebKit/537.36 (KHTML, like Gecko) Chrome/106.0.0.0 Safari/537.36 Edg/106.0.1370.34" "www.ysfine.com"
95.78.96.41 - - [09/Oct/2022:02:09:15 -0700] "GET /princeton/pumu11b.jpg HTTP/1.1" 200 46659 "https://www.ysfine.com/princeton/campus.html" "Mozilla/5.0 (Windows NT 10.0; Win64; x64) AppleWebKit/537.36 (KHTML, like Gecko) Chrome/106.0.0.0 Safari/537.36 Edg/106.0.1370.34" "www.ysfine.com"
95.78.96.41 - - [09/Oct/2022:02:09:15 -0700] "GET /style/picasspr22b.jpg HTTP/1.1" 200 67766 "https://www.ysfine.com/princeton/campus.html" "Mozilla/5.0 (Windows NT 10.0; Win64; x64) AppleWebKit/537.36 (KHTML, like Gecko) Chrome/106.0.0.0 Safari/537.36 Edg/106.0.1370.34" "www.ysfine.com"
95.78.96.41 - - [09/Oct/2022:02:09:15 -0700] "GET /princeton/pstadium22b.jpg HTTP/1.1" 200 40166 "https://www.ysfine.com/princeton/campus.html" "Mozilla/5.0 (Windows NT 10.0; Win64; x64) AppleWebKit/537.36 (KHTML, like Gecko) Chrome/106.0.0.0 Safari/537.36 Edg/106.0.1370.34" "www.ysfine.com"
95.78.96.41 - - [09/Oct/2022:02:09:15 -0700] "GET /princeton/cleve11b.jpg HTTP/1.1" 200 42431 "https://www.ysfine.com/princeton/campus.html" "Mozilla/5.0 (Windows NT 10.0; Win64; x64) AppleWebKit/537.36 (KHTML, like Gecko) Chrome/106.0.0.0 Safari/537.36 Edg/106.0.1370.34" "www.ysfine.com"
95.78.96.41 - - [09/Oct/2022:02:09:15 -0700] "GET /princeton/gcollege05b.jpg HTTP/1.1" 200 49944 "https://www.ysfine.com/princeton/campus.html" "Mozilla/5.0 (Windows NT 10.0; Win64; x64) AppleWebKit/537.36 (KHTML, like Gecko) Chrome/106.0.0.0 Safari/537.36 Edg/106.0.1370.34" "www.ysfine.com"
95.78.96.41 - - [09/Oct/2022:02:09:15 -0700] "GET /princeton/blair11b.jpg HTTP/1.1" 200 46260 "https://www.ysfine.com/princeton/campus.html" "Mozilla/5.0 (Windows NT 10.0; Win64; x64) AppleWebKit/537.36 (KHTML, like Gecko) Chrome/106.0.0.0 Safari/537.36 Edg/106.0.1370.34" "www.ysfine.com"
95.78.96.41 - - [09/Oct/2022:02:09:15 -0700] "GET /princeton/wilson01b.jpg HTTP/1.1" 200 39141 "https://www.ysfine.com/princeton/campus.html" "Mozilla/5.0 (Windows NT 10.0; Win64; x64) AppleWebKit/537.36 (KHTML, like Gecko) Chrome/106.0.0.0 Safari/537.36 Edg/106.0.1370.34" "www.ysfine.com"
95.78.96.41 - - [09/Oct/2022:02:09:15 -0700] "GET /princeton/gcollege21b.jpg HTTP/1.1" 200 50053 "https://www.ysfine.com/princeton/campus.html" "Mozilla/5.0 (Windows NT 10.0; Win64; x64) AppleWebKit/537.36 (KHTML, like Gecko) Chrome/106.0.0.0 Safari/537.36 Edg/106.0.1370.34" "www.ysfine.com"
95.78.96.41 - - [09/Oct/2022:02:09:15 -0700] "GET /princeton/sabat11b.jpg HTTP/1.1" 200 56760 "https://www.ysfine.com/princeton/campus.html" "Mozilla/5.0 (Windows NT 10.0; Win64; x64) AppleWebKit/537.36 (KHTML, like Gecko) Chrome/106.0.0.0 Safari/537.36 Edg/106.0.1370.34" "www.ysfine.com"
95.78.96.41 - - [09/Oct/2022:02:09:15 -0700] "GET /princeton/rheepr01b.jpg HTTP/1.1" 200 35236 "https://www.ysfine.com/princeton/campus.html" "Mozilla/5.0 (Windows NT 10.0; Win64; x64) AppleWebKit/537.36 (KHTML, like Gecko) Chrome/106.0.0.0 Safari/537.36 Edg/106.0.1370.34" "www.ysfine.com"
95.78.96.41 - - [09/Oct/2022:02:09:15 -0700] "GET /princeton/wilson02b.jpg HTTP/1.1" 200 38092 "https://www.ysfine.com/princeton/campus.html" "Mozilla/5.0 (Windows NT 10.0; Win64; x64) AppleWebKit/537.36 (KHTML, like Gecko) Chrome/106.0.0.0 Safari/537.36 Edg/106.0.1370.34" "www.ysfine.com"
95.78.96.41 - - [09/Oct/2022:02:09:15 -0700] "GET /princeton/econ11b.jpg HTTP/1.1" 200 37872 "https://www.ysfine.com/princeton/campus.html" "Mozilla/5.0 (Windows NT 10.0; Win64; x64) AppleWebKit/537.36 (KHTML, like Gecko) Chrome/106.0.0.0 Safari/537.36 Edg/106.0.1370.34" "www.ysfine.com"
95.78.96.41 - - [09/Oct/2022:02:09:15 -0700] "GET /princeton/brownh11b.jpg HTTP/1.1" 200 52347 "https://www.ysfine.com/princeton/campus.html" "Mozilla/5.0 (Windows NT 10.0; Win64; x64) AppleWebKit/537.36 (KHTML, like Gecko) Chrome/106.0.0.0 Safari/537.36 Edg/106.0.1370.34" "www.ysfine.com"
95.78.96.41 - - [09/Oct/2022:02:09:15 -0700] "GET /princeton/palmerlab11b.jpg HTTP/1.1" 200 40956 "https://www.ysfine.com/princeton/campus.html" "Mozilla/5.0 (Windows NT 10.0; Win64; x64) AppleWebKit/537.36 (KHTML, like Gecko) Chrome/106.0.0.0 Safari/537.36 Edg/106.0.1370.34" "www.ysfine.com"
95.78.96.41 - - [09/Oct/2022:02:09:15 -0700] "GET /princeton/eng01b.jpg HTTP/1.1" 200 35847 "https://www.ysfine.com/princeton/campus.html" "Mozilla/5.0 (Windows NT 10.0; Win64; x64) AppleWebKit/537.36 (KHTML, like Gecko) Chrome/106.0.0.0 Safari/537.36 Edg/106.0.1370.34" "www.ysfine.com"
95.78.96.41 - - [09/Oct/2022:02:09:15 -0700] "GET /princeton/forrestalmap2.jpg HTTP/1.1" 200 54761 "https://www.ysfine.com/princeton/campus.html" "Mozilla/5.0 (Windows NT 10.0; Win64; x64) AppleWebKit/537.36 (KHTML, like Gecko) Chrome/106.0.0.0 Safari/537.36 Edg/106.0.1370.34" "www.ysfine.com"
95.78.96.41 - - [09/Oct/2022:02:09:15 -0700] "GET /einstein/eincurie11b.jpg HTTP/1.1" 200 42944 "https://www.ysfine.com/princeton/campus.html" "Mozilla/5.0 (Windows NT 10.0; Win64; x64) AppleWebKit/537.36 (KHTML, like Gecko) Chrome/106.0.0.0 Safari/537.36 Edg/106.0.1370.34" "www.ysfine.com"
95.78.96.41 - - [09/Oct/2022:02:09:15 -0700] "GET /princeton/pseminary11b.jpg HTTP/1.1" 200 53421 "https://www.ysfine.com/princeton/campus.html" "Mozilla/5.0 (Windows NT 10.0; Win64; x64) AppleWebKit/537.36 (KHTML, like Gecko) Chrome/106.0.0.0 Safari/537.36 Edg/106.0.1370.34" "www.ysfine.com"
95.78.96.41 - - [09/Oct/2022:02:09:15 -0700] "GET /princeton/mediter22b.jpg HTTP/1.1" 200 34241 "https://www.ysfine.com/princeton/campus.html" "Mozilla/5.0 (Windows NT 10.0; Win64; x64) AppleWebKit/537.36 (KHTML, like Gecko) Chrome/106.0.0.0 Safari/537.36 Edg/106.0.1370.34" "www.ysfine.com"
95.78.96.41 - - [09/Oct/2022:02:09:15 -0700] "GET /princeton/ustore33b.jpg HTTP/1.1" 200 54240 "https://www.ysfine.com/princeton/campus.html" "Mozilla/5.0 (Windows NT 10.0; Win64; x64) AppleWebKit/537.36 (KHTML, like Gecko) Chrome/106.0.0.0 Safari/537.36 Edg/106.0.1370.34" "www.ysfine.com"
95.78.96.41 - - [09/Oct/2022:02:09:15 -0700] "GET /world/russ/kazan035b.jpg HTTP/1.1" 200 41723 "https://www.ysfine.com/princeton/campus.html" "Mozilla/5.0 (Windows NT 10.0; Win64; x64) AppleWebKit/537.36 (KHTML, like Gecko) Chrome/106.0.0.0 Safari/537.36 Edg/106.0.1370.34" "www.ysfine.com"
95.78.96.41 - - [09/Oct/2022:02:09:15 -0700] "GET /princeton/pgarden11b.jpg HTTP/1.1" 200 46683 "https://www.ysfine.com/princeton/campus.html" "Mozilla/5.0 (Windows NT 10.0; Win64; x64) AppleWebKit/537.36 (KHTML, like Gecko) Chrome/106.0.0.0 Safari/537.36 Edg/106.0.1370.34" "www.ysfine.com"
95.78.96.41 - - [09/Oct/2022:02:09:15 -0700] "GET /einstein/einhouse11b.jpg HTTP/1.1" 200 42717 "https://www.ysfine.com/princeton/campus.html" "Mozilla/5.0 (Windows NT 10.0; Win64; x64) AppleWebKit/537.36 (KHTML, like Gecko) Chrome/106.0.0.0 Safari/537.36 Edg/106.0.1370.34" "www.ysfine.com"
95.78.96.41 - - [09/Oct/2022:02:09:15 -0700] "GET /princeton/palmersq11b.jpg HTTP/1.1" 200 36231 "https://www.ysfine.com/princeton/campus.html" "Mozilla/5.0 (Windows NT 10.0; Win64; x64) AppleWebKit/537.36 (KHTML, like Gecko) Chrome/106.0.0.0 Safari/537.36 Edg/106.0.1370.34" "www.ysfine.com"
95.78.96.41 - - [09/Oct/2022:02:09:15 -0700] "GET /princeton/nassinf35b.jpg HTTP/1.1" 200 45853 "https://www.ysfine.com/princeton/campus.html" "Mozilla/5.0 (Windows NT 10.0; Win64; x64) AppleWebKit/537.36 (KHTML, like Gecko) Chrome/106.0.0.0 Safari/537.36 Edg/106.0.1370.34" "www.ysfine.com"
95.78.96.41 - - [09/Oct/2022:02:09:15 -0700] "GET /princeton/nassinf01b.jpg HTTP/1.1" 200 45562 "https://www.ysfine.com/princeton/campus.html" "Mozilla/5.0 (Windows NT 10.0; Win64; x64) AppleWebKit/537.36 (KHTML, like Gecko) Chrome/106.0.0.0 Safari/537.36 Edg/106.0.1370.34" "www.ysfine.com"
95.78.96.41 - - [09/Oct/2022:02:09:15 -0700] "GET /princeton/hamilton11b.jpg HTTP/1.1" 200 55404 "https://www.ysfine.com/princeton/campus.html" "Mozilla/5.0 (Windows NT 10.0; Win64; x64) AppleWebKit/537.36 (KHTML, like Gecko) Chrome/106.0.0.0 Safari/537.36 Edg/106.0.1370.34" "www.ysfine.com"
95.78.96.41 - - [09/Oct/2022:02:09:15 -0700] "GET /princeton/hyatt66b.jpg HTTP/1.1" 200 45208 "https://www.ysfine.com/princeton/campus.html" "Mozilla/5.0 (Windows NT 10.0; Win64; x64) AppleWebKit/537.36 (KHTML, like Gecko) Chrome/106.0.0.0 Safari/537.36 Edg/106.0.1370.34" "www.ysfine.com"
95.78.96.41 - - [09/Oct/2022:02:09:15 -0700] "GET /kobak/taylor33c.jpg HTTP/1.1" 200 39951 "https://www.ysfine.com/princeton/campus.html" "Mozilla/5.0 (Windows NT 10.0; Win64; x64) AppleWebKit/537.36 (KHTML, like Gecko) Chrome/106.0.0.0 Safari/537.36 Edg/106.0.1370.34" "www.ysfine.com"
95.78.96.41 - - [09/Oct/2022:02:09:15 -0700] "GET /princeton/annex11b.jpg HTTP/1.1" 200 39639 "https://www.ysfine.com/princeton/campus.html" "Mozilla/5.0 (Windows NT 10.0; Win64; x64) AppleWebKit/537.36 (KHTML, like Gecko) Chrome/106.0.0.0 Safari/537.36 Edg/106.0.1370.34" "www.ysfine.com"
95.78.96.41 - - [09/Oct/2022:02:09:15 -0700] "GET /maga/invent/sarnoffco11b.jpg HTTP/1.1" 200 31031 "https://www.ysfine.com/princeton/campus.html" "Mozilla/5.0 (Windows NT 10.0; Win64; x64) AppleWebKit/537.36 (KHTML, like Gecko) Chrome/106.0.0.0 Safari/537.36 Edg/106.0.1370.34" "www.ysfine.com"
95.78.96.41 - - [09/Oct/2022:02:09:15 -0700] "GET /princeton/brooke66b.jpg HTTP/1.1" 200 44674 "https://www.ysfine.com/princeton/campus.html" "Mozilla/5.0 (Windows NT 10.0; Win64; x64) AppleWebKit/537.36 (KHTML, like Gecko) Chrome/106.0.0.0 Safari/537.36 Edg/106.0.1370.34" "www.ysfine.com"
95.78.96.41 - - [09/Oct/2022:02:09:15 -0700] "GET /princeton/lahiere11b.jpg HTTP/1.1" 200 53024 "https://www.ysfine.com/princeton/campus.html" "Mozilla/5.0 (Windows NT 10.0; Win64; x64) AppleWebKit/537.36 (KHTML, like Gecko) Chrome/106.0.0.0 Safari/537.36 Edg/106.0.1370.34" "www.ysfine.com"
95.78.96.41 - - [09/Oct/2022:02:09:15 -0700] "GET /princeton/nassin08b.jpg HTTP/1.1" 200 55747 "https://www.ysfine.com/princeton/campus.html" "Mozilla/5.0 (Windows NT 10.0; Win64; x64) AppleWebKit/537.36 (KHTML, like Gecko) Chrome/106.0.0.0 Safari/537.36 Edg/106.0.1370.34" "www.ysfine.com"
95.78.96.41 - - [09/Oct/2022:02:09:15 -0700] "GET /princeton/hyatt33b.jpg HTTP/1.1" 200 34135 "https://www.ysfine.com/princeton/campus.html" "Mozilla/5.0 (Windows NT 10.0; Win64; x64) AppleWebKit/537.36 (KHTML, like Gecko) Chrome/106.0.0.0 Safari/537.36 Edg/106.0.1370.34" "www.ysfine.com"
95.78.96.41 - - [09/Oct/2022:02:09:15 -0700] "GET /princeton/nordisk11b.jpg HTTP/1.1" 200 30945 "https://www.ysfine.com/princeton/campus.html" "Mozilla/5.0 (Windows NT 10.0; Win64; x64) AppleWebKit/537.36 (KHTML, like Gecko) Chrome/106.0.0.0 Safari/537.36 Edg/106.0.1370.34" "www.ysfine.com"
95.78.96.41 - - [09/Oct/2022:02:09:15 -0700] "GET /eink/pwk19c.jpg HTTP/1.1" 200 57759 "https://www.ysfine.com/princeton/campus.html" "Mozilla/5.0 (Windows NT 10.0; Win64; x64) AppleWebKit/537.36 (KHTML, like Gecko) Chrome/106.0.0.0 Safari/537.36 Edg/106.0.1370.34" "www.ysfine.com"
95.78.96.41 - - [09/Oct/2022:02:09:15 -0700] "GET /princeton/nassinf03b.jpg HTTP/1.1" 200 33593 "https://www.ysfine.com/princeton/campus.html" "Mozilla/5.0 (Windows NT 10.0; Win64; x64) AppleWebKit/537.36 (KHTML, like Gecko) Chrome/106.0.0.0 Safari/537.36 Edg/106.0.1370.34" "www.ysfine.com"
95.78.96.41 - - [09/Oct/2022:02:09:15 -0700] "GET /princeton/nassin05b.jpg HTTP/1.1" 200 45166 "https://www.ysfine.com/princeton/campus.html" "Mozilla/5.0 (Windows NT 10.0; Win64; x64) AppleWebKit/537.36 (KHTML, like Gecko) Chrome/106.0.0.0 Safari/537.36 Edg/106.0.1370.34" "www.ysfine.com"
95.78.96.41 - - [09/Oct/2022:02:09:15 -0700] "GET /princeton/jj03b.jpg HTTP/1.1" 200 46731 "https://www.ysfine.com/princeton/campus.html" "Mozilla/5.0 (Windows NT 10.0; Win64; x64) AppleWebKit/537.36 (KHTML, like Gecko) Chrome/106.0.0.0 Safari/537.36 Edg/106.0.1370.34" "www.ysfine.com"
95.78.96.41 - - [09/Oct/2022:02:09:15 -0700] "GET /einstein/eins47b.jpg HTTP/1.1" 200 48772 "https://www.ysfine.com/princeton/campus.html" "Mozilla/5.0 (Windows NT 10.0; Win64; x64) AppleWebKit/537.36 (KHTML, like Gecko) Chrome/106.0.0.0 Safari/537.36 Edg/106.0.1370.34" "www.ysfine.com"
95.78.96.41 - - [09/Oct/2022:02:09:15 -0700] "GET /princeton/nassinf32b.jpg HTTP/1.1" 200 40214 "https://www.ysfine.com/princeton/campus.html" "Mozilla/5.0 (Windows NT 10.0; Win64; x64) AppleWebKit/537.36 (KHTML, like Gecko) Chrome/106.0.0.0 Safari/537.36 Edg/106.0.1370.34" "www.ysfine.com"
95.78.96.41 - - [09/Oct/2022:02:09:15 -0700] "GET /princeton/orren11b.jpg HTTP/1.1" 200 32972 "https://www.ysfine.com/princeton/campus.html" "Mozilla/5.0 (Windows NT 10.0; Win64; x64) AppleWebKit/537.36 (KHTML, like Gecko) Chrome/106.0.0.0 Safari/537.36 Edg/106.0.1370.34" "www.ysfine.com"
66.249.66.44 - - [09/Oct/2022:02:09:20 -0700] "GET /dirac/michelan01b.jpg HTTP/1.1" 304 - "-" "Googlebot-Image/1.0" "ysfine.com"
95.78.96.41 - - [09/Oct/2022:02:09:26 -0700] "GET /favicon.ico HTTP/1.1" 404 88 "https://www.ysfine.com/princeton/campus.html" "Mozilla/5.0 (Windows NT 10.0; Win64; x64) AppleWebKit/537.36 (KHTML, like Gecko) Chrome/106.0.0.0 Safari/537.36 Edg/106.0.1370.34" "www.ysfine.com"
157.55.39.55 - - [09/Oct/2022:02:10:08 -0700] "GET /bio/kobak/kumipo.html HTTP/1.1" 404 88 "-" "Mozilla/5.0 (compatible; bingbot/2.0; +http://www.bing.com/bingbot.htm)" "ysfine.com"
125.139.160.226 - - [09/Oct/2022:02:10:11 -0700] "GET /dongio/amkor/kgirls02a.jpg HTTP/1.1" 404 88 "https://www.google.com/" "Mozilla/5.0 (Linux; Android 12; SM-G991N) AppleWebKit/537.36 (KHTML, like Gecko) Chrome/106.0.0.0 Mobile Safari/537.36" "ysfine.com"
173.73.80.118 - - [09/Oct/2022:02:10:12 -0700] "GET /ys11/ HTTP/1.1" 304 - "-" "Mozilla/5.0 (Windows NT 10.0; Win64; x64) AppleWebKit/537.36 (KHTML, like Gecko) Chrome/106.0.0.0 Safari/537.36 Edg/106.0.1370.37" "ysfine.com"
173.73.80.118 - - [09/Oct/2022:02:10:13 -0700] "GET /favicon.ico HTTP/1.1" 404 88 "https://ysfine.com/ys11/" "Mozilla/5.0 (Windows NT 10.0; Win64; x64) AppleWebKit/537.36 (KHTML, like Gecko) Chrome/106.0.0.0 Safari/537.36 Edg/106.0.1370.37" "ysfine.com"
125.139.160.226 - - [09/Oct/2022:02:10:14 -0700] "GET /dongio/amkor/kgirls01.jpg HTTP/1.1" 404 88 "https://www.google.com/" "Mozilla/5.0 (Linux; Android 12; SM-G991N) AppleWebKit/537.36 (KHTML, like Gecko) Chrome/106.0.0.0 Mobile Safari/537.36" "ysfine.com"
125.139.160.226 - - [09/Oct/2022:02:10:14 -0700] "GET /dongio/amkor/kgirls01.jpg HTTP/1.1" 404 88 "https://www.google.com/" "Mozilla/5.0 (Linux; Android 12; SM-G991N) AppleWebKit/537.36 (KHTML, like Gecko) Chrome/106.0.0.0 Mobile Safari/537.36" "ysfine.com"
157.55.39.55 - - [09/Oct/2022:02:12:27 -0700] "GET /bio/style/ystyle.html HTTP/1.1" 404 88 "-" "Mozilla/5.0 AppleWebKit/537.36 (KHTML, like Gecko; compatible; bingbot/2.0; +http://www.bing.com/bingbot.htm) Chrome/103.0.5060.134 Safari/537.36" "ysfine.com"
66.249.66.44 - - [09/Oct/2022:02:12:31 -0700] "GET /wdc/waskor024.jpg HTTP/1.1" 304 - "-" "Googlebot-Image/1.0" "ysfine.com"
157.55.39.128 - - [09/Oct/2022:02:13:03 -0700] "GET /style/hamako11b.jpg HTTP/1.1" 200 33344 "-" "Mozilla/5.0 AppleWebKit/537.36 (KHTML, like Gecko; compatible; bingbot/2.0; +http://www.bing.com/bingbot.htm) Chrome/103.0.5060.134 Safari/537.36" "ysfine.com"
103.26.193.134 - - [09/Oct/2022:02:13:06 -0700] "GET /dirac/2osc22.jpg HTTP/1.1" 200 86594 "https://www.google.com/" "Mozilla/5.0 (Macintosh; Intel Mac OS X 10_15_7) AppleWebKit/605.1.15 (KHTML, like Gecko) Version/15.4 Safari/605.1.15" "ysfine.com"
157.55.39.127 - - [09/Oct/2022:02:13:55 -0700] "GET /world/baltic/kalin10.jpg HTTP/1.1" 200 70237 "-" "Mozilla/5.0 (compatible; bingbot/2.0; +http://www.bing.com/bingbot.htm)" "ysfine.com"
176.59.11.203 - - [09/Oct/2022:02:14:18 -0700] "GET /kowar/tanks/tank21.jpg HTTP/1.1" 200 52329 "https://novyefoto.ru/" "Mozilla/5.0 (Linux; arm_64; Android 10; RMX2020) AppleWebKit/537.36 (KHTML, like Gecko) Chrome/98.0.4758.132 YaBrowser/22.3.3.89.00 SA/3 Mobile Safari/537.36" "ysfine.com"
157.55.39.127 - - [09/Oct/2022:02:15:05 -0700] "GET /wdc/washmo15.jpg HTTP/1.1" 200 85954 "-" "Mozilla/5.0 (compatible; bingbot/2.0; +http://www.bing.com/bingbot.htm)" "ysfine.com"
207.46.13.102 - - [09/Oct/2022:02:16:05 -0700] "GET /world/poland/polstu16.jpg HTTP/1.1" 200 89524 "-" "Mozilla/5.0 AppleWebKit/537.36 (KHTML, like Gecko; compatible; bingbot/2.0; +http://www.bing.com/bingbot.htm) Chrome/103.0.5060.134 Safari/537.36" "www.ysfine.com"
157.55.39.127 - - [09/Oct/2022:02:17:36 -0700] "GET /wdc/eindc05.jpg HTTP/1.1" 200 168467 "-" "Mozilla/5.0 (compatible; bingbot/2.0; +http://www.bing.com/bingbot.htm)" "ysfine.com"
173.73.80.118 - - [09/Oct/2022:02:17:39 -0700] "GET /home/yshome.html HTTP/1.1" 304 - "-" "Mozilla/5.0 (Windows NT 10.0; Win64; x64) AppleWebKit/537.36 (KHTML, like Gecko) Chrome/105.0.0.0 Safari/537.36" "ysfine.com"
173.73.80.118 - - [09/Oct/2022:02:17:40 -0700] "GET /favicon.ico HTTP/1.1" 404 88 "https://ysfine.com/home/yshome.html" "Mozilla/5.0 (Windows NT 10.0; Win64; x64) AppleWebKit/537.36 (KHTML, like Gecko) Chrome/105.0.0.0 Safari/537.36" "ysfine.com"
185.15.56.22 - - [09/Oct/2022:02:17:52 -0700] "HEAD /feynman/fphoto.html HTTP/1.1" 200 - "http://ysfine.com/feynman/fphoto.html" "IABot/2.0 (+https://meta.wikimedia.org/wiki/InternetArchiveBot/FAQ_for_sysadmins) (Checking if link from Wikipedia is broken and needs removal)" "ysfine.com"
173.73.80.118 - - [09/Oct/2022:02:17:53 -0700] "GET /ys11/ HTTP/1.1" 304 - "-" "Mozilla/5.0 (Windows NT 10.0; Win64; x64) AppleWebKit/537.36 (KHTML, like Gecko) Chrome/105.0.0.0 Safari/537.36" "ysfine.com"
157.55.39.128 - - [09/Oct/2022:02:18:13 -0700] "GET /world/germany/leipzig01.jpg HTTP/1.1" 200 188722 "-" "Mozilla/5.0 (compatible; bingbot/2.0; +http://www.bing.com/bingbot.htm)" "www.ysfine.com"
66.249.66.40 - - [09/Oct/2022:02:19:31 -0700] "GET /kobak/rheetr11b.jpg HTTP/1.1" 200 43503 "-" "Googlebot-Image/1.0" "ysfine.com"
40.77.167.27 - - [09/Oct/2022:02:22:26 -0700] "GET /feynman/ppic/quapar55c.jpg HTTP/1.1" 200 49178 "-" "Mozilla/5.0 (compatible; bingbot/2.0; +http://www.bing.com/bingbot.htm)" "ysfine.com"
207.46.13.102 - - [09/Oct/2022:02:23:04 -0700] "GET /world/china/beijing055.jpg HTTP/1.1" 200 77577 "-" "Mozilla/5.0 AppleWebKit/537.36 (KHTML, like Gecko; compatible; bingbot/2.0; +http://www.bing.com/bingbot.htm) Chrome/103.0.5060.134 Safari/537.36" "ysfine.com"
116.73.82.144 - - [09/Oct/2022:02:23:12 -0700] "GET /eink/pwk19c.jpg HTTP/1.1" 200 57759 "https://ysfine.com/einstein/heisenberg.html" "Mozilla/5.0 (Windows NT 6.1; Win64; x64; rv:105.0) Gecko/20100101 Firefox/105.0" "ysfine.com"
116.73.82.144 - - [09/Oct/2022:02:23:12 -0700] "GET /dirac/2osc22c.jpg HTTP/1.1" 200 28929 "https://ysfine.com/einstein/heisenberg.html" "Mozilla/5.0 (Windows NT 6.1; Win64; x64; rv:105.0) Gecko/20100101 Firefox/105.0" "ysfine.com"
116.73.82.144 - - [09/Oct/2022:02:23:12 -0700] "GET /dirac/dirheisen31c.jpg HTTP/1.1" 200 43569 "https://ysfine.com/einstein/heisenberg.html" "Mozilla/5.0 (Windows NT 6.1; Win64; x64; rv:105.0) Gecko/20100101 Firefox/105.0" "ysfine.com"
116.73.82.144 - - [09/Oct/2022:02:23:12 -0700] "GET /dirac/o32c.jpg HTTP/1.1" 200 30707 "https://ysfine.com/einstein/heisenberg.html" "Mozilla/5.0 (Windows NT 6.1; Win64; x64; rv:105.0) Gecko/20100101 Firefox/105.0" "ysfine.com"
116.73.82.144 - - [09/Oct/2022:02:23:12 -0700] "GET /einstein/einbohr33c.jpg HTTP/1.1" 200 36410 "https://ysfine.com/einstein/heisenberg.html" "Mozilla/5.0 (Windows NT 6.1; Win64; x64; rv:105.0) Gecko/20100101 Firefox/105.0" "ysfine.com"
116.73.82.144 - - [09/Oct/2022:02:23:12 -0700] "GET /einstein/texfiles/einheis03.jpg HTTP/1.1" 200 46000 "https://ysfine.com/einstein/heisenberg.html" "Mozilla/5.0 (Windows NT 6.1; Win64; x64; rv:105.0) Gecko/20100101 Firefox/105.0" "ysfine.com"
116.73.82.144 - - [09/Oct/2022:02:23:12 -0700] "GET /einstein/math/sp2c.jpg HTTP/1.1" 200 29719 "https://ysfine.com/einstein/heisenberg.html" "Mozilla/5.0 (Windows NT 6.1; Win64; x64; rv:105.0) Gecko/20100101 Firefox/105.0" "ysfine.com"
116.73.82.144 - - [09/Oct/2022:02:23:12 -0700] "GET /home/figs/sq55c.jpg HTTP/1.1" 200 29581 "https://ysfine.com/einstein/heisenberg.html" "Mozilla/5.0 (Windows NT 6.1; Win64; x64; rv:105.0) Gecko/20100101 Firefox/105.0" "ysfine.com"
116.73.82.144 - - [09/Oct/2022:02:23:12 -0700] "GET /wigner/wigkim11c.jpg HTTP/1.1" 200 30443 "https://ysfine.com/einstein/heisenberg.html" "Mozilla/5.0 (Windows NT 6.1; Win64; x64; rv:105.0) Gecko/20100101 Firefox/105.0" "ysfine.com"
116.73.82.144 - - [09/Oct/2022:02:23:12 -0700] "GET /dirac/o32inho22c.jpg HTTP/1.1" 200 33038 "https://ysfine.com/einstein/heisenberg.html" "Mozilla/5.0 (Windows NT 6.1; Win64; x64; rv:105.0) Gecko/20100101 Firefox/105.0" "ysfine.com"
116.73.82.144 - - [09/Oct/2022:02:23:12 -0700] "GET /heisen/schroheisen33c.jpg HTTP/1.1" 200 47347 "https://ysfine.com/einstein/heisenberg.html" "Mozilla/5.0 (Windows NT 6.1; Win64; x64; rv:105.0) Gecko/20100101 Firefox/105.0" "ysfine.com"
116.73.82.144 - - [09/Oct/2022:02:23:12 -0700] "GET /feynman/ppic/parton88a.jpg HTTP/1.1" 200 55506 "https://ysfine.com/einstein/heisenberg.html" "Mozilla/5.0 (Windows NT 6.1; Win64; x64; rv:105.0) Gecko/20100101 Firefox/105.0" "ysfine.com"
116.73.82.144 - - [09/Oct/2022:02:23:12 -0700] "GET /einstein/texfiles/einheis01.jpg HTTP/1.1" 200 32456 "https://ysfine.com/einstein/heisenberg.html" "Mozilla/5.0 (Windows NT 6.1; Win64; x64; rv:105.0) Gecko/20100101 Firefox/105.0" "ysfine.com"
116.73.82.144 - - [09/Oct/2022:02:23:12 -0700] "GET /wigner/wighome11c.jpg HTTP/1.1" 200 45648 "https://ysfine.com/einstein/heisenberg.html" "Mozilla/5.0 (Windows NT 6.1; Win64; x64; rv:105.0) Gecko/20100101 Firefox/105.0" "ysfine.com"
116.73.82.144 - - [09/Oct/2022:02:23:12 -0700] "GET /einstein/texfiles/einheis05.jpg HTTP/1.1" 200 31679 "https://ysfine.com/einstein/heisenberg.html" "Mozilla/5.0 (Windows NT 6.1; Win64; x64; rv:105.0) Gecko/20100101 Firefox/105.0" "ysfine.com"
116.73.82.144 - - [09/Oct/2022:02:23:12 -0700] "GET /einstein/texfiles/einheis02.jpg HTTP/1.1" 200 27605 "https://ysfine.com/einstein/heisenberg.html" "Mozilla/5.0 (Windows NT 6.1; Win64; x64; rv:105.0) Gecko/20100101 Firefox/105.0" "ysfine.com"
116.73.82.144 - - [09/Oct/2022:02:23:12 -0700] "GET /heisen/heisen22c.jpg HTTP/1.1" 200 33300 "https://ysfine.com/einstein/heisenberg.html" "Mozilla/5.0 (Windows NT 6.1; Win64; x64; rv:105.0) Gecko/20100101 Firefox/105.0" "ysfine.com"
116.73.82.144 - - [09/Oct/2022:02:23:12 -0700] "GET /einstein/tsepa11c.jpg HTTP/1.1" 200 28691 "https://ysfine.com/einstein/heisenberg.html" "Mozilla/5.0 (Windows NT 6.1; Win64; x64; rv:105.0) Gecko/20100101 Firefox/105.0" "ysfine.com"
116.73.82.144 - - [09/Oct/2022:02:23:12 -0700] "GET /einstein/einhouse11c.jpg HTTP/1.1" 200 32610 "https://ysfine.com/einstein/heisenberg.html" "Mozilla/5.0 (Windows NT 6.1; Win64; x64; rv:105.0) Gecko/20100101 Firefox/105.0" "ysfine.com"
116.73.82.144 - - [09/Oct/2022:02:23:12 -0700] "GET /heisen/bohrheisen11c.jpg HTTP/1.1" 200 41289 "https://ysfine.com/einstein/heisenberg.html" "Mozilla/5.0 (Windows NT 6.1; Win64; x64; rv:105.0) Gecko/20100101 Firefox/105.0" "ysfine.com"
116.73.82.144 - - [09/Oct/2022:02:23:12 -0700] "GET /maga/phys/yukadirac53c.jpg HTTP/1.1" 200 40447 "https://ysfine.com/einstein/heisenberg.html" "Mozilla/5.0 (Windows NT 6.1; Win64; x64; rv:105.0) Gecko/20100101 Firefox/105.0" "ysfine.com"
116.73.82.144 - - [09/Oct/2022:02:23:12 -0700] "GET /einstein/fantova/fanto11c.jpg HTTP/1.1" 200 48308 "https://ysfine.com/einstein/heisenberg.html" "Mozilla/5.0 (Windows NT 6.1; Win64; x64; rv:105.0) Gecko/20100101 Firefox/105.0" "ysfine.com"
116.73.82.144 - - [09/Oct/2022:02:23:14 -0700] "GET /favicon.ico HTTP/1.1" 404 88 "https://ysfine.com/einstein/heisenberg.html" "Mozilla/5.0 (Windows NT 6.1; Win64; x64; rv:105.0) Gecko/20100101 Firefox/105.0" "ysfine.com"
208.80.154.81 - - [09/Oct/2022:02:23:58 -0700] "GET /dirac/wigsis.html HTTP/1.1" 200 10275 "-" "Citoid (Wikimedia tool; learn more at https://www.mediawiki.org/wiki/Citoid)" "ysfine.com"
208.80.154.81 - - [09/Oct/2022:02:23:59 -0700] "GET /dirac/wigsis.html HTTP/1.1" 200 10275 "-" "ZoteroTranslationServer/WMF (mailto:noc@wikimedia.org)" "ysfine.com"
157.55.39.127 - - [09/Oct/2022:02:24:07 -0700] "GET /world/scandi/fin02.jpg HTTP/1.1" 200 86061 "-" "Mozilla/5.0 (compatible; bingbot/2.0; +http://www.bing.com/bingbot.htm)" "ysfine.com"
95.78.96.41 - - [09/Oct/2022:02:24:36 -0700] "GET /princeton/nasshall01.jpg HTTP/1.1" 200 169242 "https://www.ysfine.com/princeton/campus.html" "Mozilla/5.0 (Windows NT 10.0; Win64; x64) AppleWebKit/537.36 (KHTML, like Gecko) Chrome/106.0.0.0 Safari/537.36 Edg/106.0.1370.34" "www.ysfine.com"
40.77.167.27 - - [09/Oct/2022:02:25:17 -0700] "GET /wdc/gtown38.jpg HTTP/1.1" 200 122436 "-" "Mozilla/5.0 (compatible; bingbot/2.0; +http://www.bing.com/bingbot.htm)" "www.ysfine.com"
44.203.11.113 - - [09/Oct/2022:02:25:58 -0700] "GET /robots.txt HTTP/1.1" 404 88 "-" "Apache-HttpClient/4.5.3 (Java/1.8.0_292)" "ysfine.com"
34.205.85.214 - - [09/Oct/2022:02:25:58 -0700] "GET / HTTP/1.1" 200 5283 "-" "Mozilla/5.0 (compatible; Newslitbot/0.1; +https://www.newslit.co)" "ysfine.com"
157.55.39.128 - - [09/Oct/2022:02:26:55 -0700] "GET /bio/style/songs.html HTTP/1.1" 404 88 "-" "Mozilla/5.0 (compatible; bingbot/2.0; +http://www.bing.com/bingbot.htm)" "ysfine.com"
40.77.167.27 - - [09/Oct/2022:02:27:56 -0700] "GET /princeton/class2002.jpg HTTP/1.1" 200 132587 "-" "Mozilla/5.0 (compatible; bingbot/2.0; +http://www.bing.com/bingbot.htm)" "ysfine.com"
40.77.167.27 - - [09/Oct/2022:02:27:56 -0700] "GET /newyork/trump49.jpg HTTP/1.1" 200 170604 "-" "Mozilla/5.0 AppleWebKit/537.36 (KHTML, like Gecko; compatible; bingbot/2.0; +http://www.bing.com/bingbot.htm) Chrome/103.0.5060.134 Safari/537.36" "ysfine.com"
157.55.39.127 - - [09/Oct/2022:02:28:27 -0700] "GET /sbk/2012lon55.jpg HTTP/1.1" 200 121797 "-" "Mozilla/5.0 (compatible; bingbot/2.0; +http://www.bing.com/bingbot.htm)" "www.ysfine.com"
157.55.39.128 - - [09/Oct/2022:02:28:34 -0700] "GET /einstein/places/ulm03c.jpg HTTP/1.1" 200 44718 "-" "Mozilla/5.0 (compatible; bingbot/2.0; +http://www.bing.com/bingbot.htm)" "ysfine.com"
157.55.39.58 - - [09/Oct/2022:02:29:21 -0700] "GET /world/ricksteves11.jpg HTTP/1.1" 200 81952 "-" "Mozilla/5.0 (compatible; bingbot/2.0; +http://www.bing.com/bingbot.htm)" "ysfine.com"
118.184.177.50 - - [09/Oct/2022:02:31:24 -0700] "GET / HTTP/1.1" 200 5283 "-" "Sogou web spider/4.0(+http://www.sogou.com/docs/help/webmasters.htm#07)" "ysfine.com"
157.55.39.127 - - [09/Oct/2022:02:31:48 -0700] "GET /bio/maga/sarnoff.html HTTP/1.1" 404 88 "-" "Mozilla/5.0 (compatible; bingbot/2.0; +http://www.bing.com/bingbot.htm)" "ysfine.com"
40.77.167.27 - - [09/Oct/2022:02:32:16 -0700] "GET /world/brit/cam22.jpg HTTP/1.1" 200 172995 "-" "Mozilla/5.0 AppleWebKit/537.36 (KHTML, like Gecko; compatible; bingbot/2.0; +http://www.bing.com/bingbot.htm) Chrome/103.0.5060.134 Safari/537.36" "ysfine.com"
157.55.39.58 - - [09/Oct/2022:02:32:32 -0700] "GET /newyork/wtc01.jpg HTTP/1.1" 200 215798 "-" "Mozilla/5.0 (compatible; bingbot/2.0; +http://www.bing.com/bingbot.htm)" "ysfine.com"
157.55.39.55 - - [09/Oct/2022:02:32:49 -0700] "GET /world/brit/britmu30.jpg HTTP/1.1" 200 93611 "-" "Mozilla/5.0 (compatible; bingbot/2.0; +http://www.bing.com/bingbot.htm)" "ysfine.com"
157.55.39.55 - - [09/Oct/2022:02:33:30 -0700] "GET /bio/yspapers/entro90.pdf HTTP/1.1" 404 88 "-" "Mozilla/5.0 (compatible; bingbot/2.0; +http://www.bing.com/bingbot.htm)" "ysfine.com"
207.46.13.102 - - [09/Oct/2022:02:34:26 -0700] "GET /world/poland/krk04.jpg HTTP/1.1" 200 137354 "-" "Mozilla/5.0 AppleWebKit/537.36 (KHTML, like Gecko; compatible; bingbot/2.0; +http://www.bing.com/bingbot.htm) Chrome/103.0.5060.134 Safari/537.36" "www.ysfine.com"
40.77.167.27 - - [09/Oct/2022:02:34:36 -0700] "GET /newyork/un08.jpg HTTP/1.1" 200 86561 "-" "Mozilla/5.0 (compatible; bingbot/2.0; +http://www.bing.com/bingbot.htm)" "ysfine.com"
95.78.96.41 - - [09/Oct/2022:02:34:51 -0700] "GET /princeton/firestone11.jpg HTTP/1.1" 200 219648 "https://www.ysfine.com/princeton/campus.html" "Mozilla/5.0 (Windows NT 10.0; Win64; x64) AppleWebKit/537.36 (KHTML, like Gecko) Chrome/106.0.0.0 Safari/537.36 Edg/106.0.1370.34" "www.ysfine.com"
157.55.39.128 - - [09/Oct/2022:02:34:55 -0700] "GET /archives/proceedings/ff3/pbdg.jpg HTTP/1.1" 200 54030 "-" "Mozilla/5.0 (compatible; bingbot/2.0; +http://www.bing.com/bingbot.htm)" "ysfine.com"
157.55.39.128 - - [09/Oct/2022:02:34:55 -0700] "GET /world/poland/palaceof06.jpg HTTP/1.1" 200 92316 "-" "Mozilla/5.0 (compatible; bingbot/2.0; +http://www.bing.com/bingbot.htm)" "ysfine.com"
95.78.96.41 - - [09/Oct/2022:02:35:04 -0700] "GET /princeton/firestone11.jpg HTTP/1.1" 200 219648 "https://www.bing.com/" "Mozilla/5.0 (Windows NT 10.0; Win64; x64) AppleWebKit/537.36 (KHTML, like Gecko) Chrome/106.0.0.0 Safari/537.36 Edg/106.0.1370.34 (MiniCanvas)" "www.ysfine.com"
95.78.96.41 - - [09/Oct/2022:02:35:11 -0700] "GET /princeton/firestone11.jpg HTTP/1.1" 200 219648 "https://www.bing.com/" "Mozilla/5.0 (Windows NT 10.0; Win64; x64) AppleWebKit/537.36 (KHTML, like Gecko) Chrome/106.0.0.0 Safari/537.36 Edg/106.0.1370.34" "ysfine.com"
88.217.36.156 - - [09/Oct/2022:02:35:18 -0700] "GET /kowar/tanks/tank54.jpg HTTP/1.1" 200 76330 "-" "Mozilla/5.0 (Windows NT 10.0; Win64; x64) AppleWebKit/537.36 (KHTML, like Gecko) Chrome/64.0.3282.140 Safari/537.36 Edge/17.17134" "ysfine.com"
40.77.167.27 - - [09/Oct/2022:02:36:38 -0700] "GET /world/russ/spbm07.jpg HTTP/1.1" 200 111957 "-" "Mozilla/5.0 AppleWebKit/537.36 (KHTML, like Gecko; compatible; bingbot/2.0; +http://www.bing.com/bingbot.htm) Chrome/103.0.5060.134 Safari/537.36" "www.ysfine.com"
157.55.39.127 - - [09/Oct/2022:02:36:48 -0700] "GET /maga/invent/inductmo2.jpg HTTP/1.1" 200 40426 "-" "Mozilla/5.0 (compatible; bingbot/2.0; +http://www.bing.com/bingbot.htm)" "www.ysfine.com"
40.77.167.27 - - [09/Oct/2022:02:37:27 -0700] "GET /bio/phys/wiglittle.pdf HTTP/1.1" 404 88 "-" "Mozilla/5.0 (compatible; bingbot/2.0; +http://www.bing.com/bingbot.htm)" "ysfine.com"
157.55.39.58 - - [09/Oct/2022:02:37:52 -0700] "GET /world/scandi/sto034b.jpg HTTP/1.1" 200 21538 "-" "Mozilla/5.0 (compatible; bingbot/2.0; +http://www.bing.com/bingbot.htm)" "ysfine.com"
40.77.167.27 - - [09/Oct/2022:02:39:28 -0700] "GET /dirac/dirfoc11.jpg HTTP/1.1" 200 149712 "-" "Mozilla/5.0 AppleWebKit/537.36 (KHTML, like Gecko; compatible; bingbot/2.0; +http://www.bing.com/bingbot.htm) Chrome/103.0.5060.134 Safari/537.36" "ysfine.com"
40.77.167.27 - - [09/Oct/2022:02:39:29 -0700] "GET /bio/yspapers/aipproc2011.pdf HTTP/1.1" 404 88 "-" "Mozilla/5.0 (compatible; bingbot/2.0; +http://www.bing.com/bingbot.htm)" "ysfine.com"
207.46.13.102 - - [09/Oct/2022:02:40:07 -0700] "GET /princeton/yspr60.jpg HTTP/1.1" 200 82357 "-" "Mozilla/5.0 AppleWebKit/537.36 (KHTML, like Gecko; compatible; bingbot/2.0; +http://www.bing.com/bingbot.htm) Chrome/103.0.5060.134 Safari/537.36" "www.ysfine.com"
66.249.92.43 - - [09/Oct/2022:02:40:28 -0700] "GET /princeton/pseminary99.jpg HTTP/1.1" 200 128161 "-" "Mozilla/5.0 (Macintosh; Intel Mac OS X 10_8_4) AppleWebKit/537.36 (KHTML, like Gecko) Chrome/28.0.1500.71 Safari/537.36" "ysfine.com"
66.249.92.40 - - [09/Oct/2022:02:40:28 -0700] "GET /princeton/pseminary99.jpg HTTP/1.1" 200 128161 "-" "Mozilla/5.0 (Macintosh; Intel Mac OS X 10_8_4) AppleWebKit/537.36 (KHTML, like Gecko) Chrome/28.0.1500.71 Safari/537.36" "ysfine.com"
66.249.92.43 - - [09/Oct/2022:02:40:28 -0700] "GET /princeton/forbesc11.jpg HTTP/1.1" 200 114657 "-" "Mozilla/5.0 (Macintosh; Intel Mac OS X 10_8_4) AppleWebKit/537.36 (KHTML, like Gecko) Chrome/28.0.1500.71 Safari/537.36" "ysfine.com"
66.249.92.40 - - [09/Oct/2022:02:40:28 -0700] "GET /princeton/forbesc11.jpg HTTP/1.1" 200 114657 "-" "Mozilla/5.0 (Macintosh; Intel Mac OS X 10_8_4) AppleWebKit/537.36 (KHTML, like Gecko) Chrome/28.0.1500.71 Safari/537.36" "ysfine.com"
66.249.92.40 - - [09/Oct/2022:02:40:29 -0700] "GET /princeton/forbesc11.jpg HTTP/1.1" 200 114657 "-" "Mozilla/5.0 (Macintosh; Intel Mac OS X 10_8_4) AppleWebKit/537.36 (KHTML, like Gecko) Chrome/28.0.1500.71 Safari/537.36" "ysfine.com"
66.249.92.40 - - [09/Oct/2022:02:40:29 -0700] "GET /princeton/forbesc11.jpg HTTP/1.1" 200 114657 "-" "Mozilla/5.0 (Macintosh; Intel Mac OS X 10_8_4) AppleWebKit/537.36 (KHTML, like Gecko) Chrome/28.0.1500.71 Safari/537.36" "ysfine.com"
66.249.92.45 - - [09/Oct/2022:02:40:29 -0700] "GET /princeton/pseminary99.jpg HTTP/1.1" 200 128161 "-" "Mozilla/5.0 (Macintosh; Intel Mac OS X 10_8_4) AppleWebKit/537.36 (KHTML, like Gecko) Chrome/28.0.1500.71 Safari/537.36" "ysfine.com"
66.249.92.45 - - [09/Oct/2022:02:40:29 -0700] "GET /princeton/pseminary99.jpg HTTP/1.1" 200 128161 "-" "Mozilla/5.0 (Macintosh; Intel Mac OS X 10_8_4) AppleWebKit/537.36 (KHTML, like Gecko) Chrome/28.0.1500.71 Safari/537.36" "ysfine.com"
66.249.92.40 - - [09/Oct/2022:02:40:29 -0700] "GET /princeton/prospectg11.jpg HTTP/1.1" 200 142955 "-" "Mozilla/5.0 (Macintosh; Intel Mac OS X 10_8_4) AppleWebKit/537.36 (KHTML, like Gecko) Chrome/28.0.1500.71 Safari/537.36" "ysfine.com"
66.249.92.45 - - [09/Oct/2022:02:40:29 -0700] "GET /princeton/prospectg11.jpg HTTP/1.1" 200 142955 "-" "Mozilla/5.0 (Macintosh; Intel Mac OS X 10_8_4) AppleWebKit/537.36 (KHTML, like Gecko) Chrome/28.0.1500.71 Safari/537.36" "ysfine.com"
66.249.92.43 - - [09/Oct/2022:02:40:30 -0700] "GET /princeton/forbesc11.jpg HTTP/1.1" 200 114657 "-" "Mozilla/5.0 (Macintosh; Intel Mac OS X 10_8_4) AppleWebKit/537.36 (KHTML, like Gecko) Chrome/28.0.1500.71 Safari/537.36" "ysfine.com"
66.249.92.40 - - [09/Oct/2022:02:40:30 -0700] "GET /princeton/forbesc11.jpg HTTP/1.1" 200 114657 "-" "Mozilla/5.0 (Macintosh; Intel Mac OS X 10_8_4) AppleWebKit/537.36 (KHTML, like Gecko) Chrome/28.0.1500.71 Safari/537.36" "ysfine.com"
66.249.92.40 - - [09/Oct/2022:02:40:31 -0700] "GET /princeton/pseminary99.jpg HTTP/1.1" 200 128161 "-" "Mozilla/5.0 (Macintosh; Intel Mac OS X 10_8_4) AppleWebKit/537.36 (KHTML, like Gecko) Chrome/28.0.1500.71 Safari/537.36" "ysfine.com"
66.249.92.43 - - [09/Oct/2022:02:40:31 -0700] "GET /princeton/pseminary99.jpg HTTP/1.1" 200 128161 "-" "Mozilla/5.0 (Macintosh; Intel Mac OS X 10_8_4) AppleWebKit/537.36 (KHTML, like Gecko) Chrome/28.0.1500.71 Safari/537.36" "ysfine.com"
66.249.92.214 - - [09/Oct/2022:02:40:31 -0700] "GET /princeton/pgarden11.jpg HTTP/1.1" 200 137654 "-" "Mozilla/5.0 (Macintosh; Intel Mac OS X 10_8_4) AppleWebKit/537.36 (KHTML, like Gecko) Chrome/28.0.1500.71 Safari/537.36" "www.ysfine.com"
66.249.92.216 - - [09/Oct/2022:02:40:31 -0700] "GET /princeton/pgarden11.jpg HTTP/1.1" 200 137654 "-" "Mozilla/5.0 (Macintosh; Intel Mac OS X 10_8_4) AppleWebKit/537.36 (KHTML, like Gecko) Chrome/28.0.1500.71 Safari/537.36" "www.ysfine.com"
66.249.92.43 - - [09/Oct/2022:02:40:32 -0700] "GET /princeton/prospectg11.jpg HTTP/1.1" 200 142955 "-" "Mozilla/5.0 (Macintosh; Intel Mac OS X 10_8_4) AppleWebKit/537.36 (KHTML, like Gecko) Chrome/28.0.1500.71 Safari/537.36" "ysfine.com"
66.249.92.40 - - [09/Oct/2022:02:40:32 -0700] "GET /princeton/prospectg11.jpg HTTP/1.1" 200 142955 "-" "Mozilla/5.0 (Macintosh; Intel Mac OS X 10_8_4) AppleWebKit/537.36 (KHTML, like Gecko) Chrome/28.0.1500.71 Safari/537.36" "ysfine.com"
66.249.92.40 - - [09/Oct/2022:02:40:32 -0700] "GET /princeton/prospectg11.jpg HTTP/1.1" 200 142955 "-" "Mozilla/5.0 (Macintosh; Intel Mac OS X 10_8_4) AppleWebKit/537.36 (KHTML, like Gecko) Chrome/28.0.1500.71 Safari/537.36" "ysfine.com"
66.249.92.40 - - [09/Oct/2022:02:40:32 -0700] "GET /princeton/prospectg11.jpg HTTP/1.1" 200 142955 "-" "Mozilla/5.0 (Macintosh; Intel Mac OS X 10_8_4) AppleWebKit/537.36 (KHTML, like Gecko) Chrome/28.0.1500.71 Safari/537.36" "ysfine.com"
66.249.92.214 - - [09/Oct/2022:02:40:32 -0700] "GET /princeton/nasshall01b.jpg HTTP/1.1" 200 60879 "-" "Mozilla/5.0 (Macintosh; Intel Mac OS X 10_8_4) AppleWebKit/537.36 (KHTML, like Gecko) Chrome/28.0.1500.71 Safari/537.36" "www.ysfine.com"
66.249.92.218 - - [09/Oct/2022:02:40:32 -0700] "GET /princeton/nasshall01b.jpg HTTP/1.1" 200 60879 "-" "Mozilla/5.0 (Macintosh; Intel Mac OS X 10_8_4) AppleWebKit/537.36 (KHTML, like Gecko) Chrome/28.0.1500.71 Safari/537.36" "www.ysfine.com"
66.249.92.218 - - [09/Oct/2022:02:40:32 -0700] "GET /princeton/nasshall01b.jpg HTTP/1.1" 200 60879 "-" "Mozilla/5.0 (Macintosh; Intel Mac OS X 10_8_4) AppleWebKit/537.36 (KHTML, like Gecko) Chrome/28.0.1500.71 Safari/537.36" "www.ysfine.com"
66.249.92.216 - - [09/Oct/2022:02:40:32 -0700] "GET /princeton/nasshall01b.jpg HTTP/1.1" 200 60879 "-" "Mozilla/5.0 (Macintosh; Intel Mac OS X 10_8_4) AppleWebKit/537.36 (KHTML, like Gecko) Chrome/28.0.1500.71 Safari/537.36" "www.ysfine.com"
66.249.92.216 - - [09/Oct/2022:02:40:32 -0700] "GET /princeton/pgarden11.jpg HTTP/1.1" 200 137654 "-" "Mozilla/5.0 (Macintosh; Intel Mac OS X 10_8_4) AppleWebKit/537.36 (KHTML, like Gecko) Chrome/28.0.1500.71 Safari/537.36" "www.ysfine.com"
66.249.92.218 - - [09/Oct/2022:02:40:32 -0700] "GET /princeton/pgarden11.jpg HTTP/1.1" 200 137654 "-" "Mozilla/5.0 (Macintosh; Intel Mac OS X 10_8_4) AppleWebKit/537.36 (KHTML, like Gecko) Chrome/28.0.1500.71 Safari/537.36" "www.ysfine.com"
66.249.92.214 - - [09/Oct/2022:02:40:33 -0700] "GET /princeton/pgarden11.jpg HTTP/1.1" 200 137654 "-" "Mozilla/5.0 (Macintosh; Intel Mac OS X 10_8_4) AppleWebKit/537.36 (KHTML, like Gecko) Chrome/28.0.1500.71 Safari/537.36" "www.ysfine.com"
66.249.92.214 - - [09/Oct/2022:02:40:33 -0700] "GET /princeton/pgarden11.jpg HTTP/1.1" 200 137654 "-" "Mozilla/5.0 (Macintosh; Intel Mac OS X 10_8_4) AppleWebKit/537.36 (KHTML, like Gecko) Chrome/28.0.1500.71 Safari/537.36" "www.ysfine.com"
66.249.92.214 - - [09/Oct/2022:02:40:35 -0700] "GET /princeton/nasshall01b.jpg HTTP/1.1" 200 60879 "-" "Mozilla/5.0 (Macintosh; Intel Mac OS X 10_8_4) AppleWebKit/537.36 (KHTML, like Gecko) Chrome/28.0.1500.71 Safari/537.36" "www.ysfine.com"
66.249.92.216 - - [09/Oct/2022:02:40:35 -0700] "GET /princeton/nasshall01b.jpg HTTP/1.1" 200 60879 "-" "Mozilla/5.0 (Macintosh; Intel Mac OS X 10_8_4) AppleWebKit/537.36 (KHTML, like Gecko) Chrome/28.0.1500.71 Safari/537.36" "www.ysfine.com"
20.56.197.58 - - [09/Oct/2022:02:40:46 -0700] "GET /world/baltic/tallin23.jpg HTTP/1.1" 200 245357 "-" "DuckDuckBot/1.1; (+http://duckduckgo.com/duckduckbot.html)" "www.ysfine.com"
157.55.39.55 - - [09/Oct/2022:02:40:50 -0700] "GET /wdc/whxmas/whxmas20.jpg HTTP/1.1" 200 116269 "-" "Mozilla/5.0 (compatible; bingbot/2.0; +http://www.bing.com/bingbot.htm)" "ysfine.com"
157.55.39.58 - - [09/Oct/2022:02:40:54 -0700] "GET /bio/kowar/war00.html HTTP/1.1" 404 88 "-" "Mozilla/5.0 (compatible; bingbot/2.0; +http://www.bing.com/bingbot.htm)" "ysfine.com"
66.249.92.40 - - [09/Oct/2022:02:40:59 -0700] "GET /princeton/ias11.jpg HTTP/1.1" 200 76978 "-" "Mozilla/5.0 (Macintosh; Intel Mac OS X 10_8_4) AppleWebKit/537.36 (KHTML, like Gecko) Chrome/28.0.1500.71 Safari/537.36" "ysfine.com"
66.249.92.40 - - [09/Oct/2022:02:40:59 -0700] "GET /princeton/ias11.jpg HTTP/1.1" 200 76978 "-" "Mozilla/5.0 (Macintosh; Intel Mac OS X 10_8_4) AppleWebKit/537.36 (KHTML, like Gecko) Chrome/28.0.1500.71 Safari/537.36" "ysfine.com"
66.249.92.40 - - [09/Oct/2022:02:40:59 -0700] "GET /people/princeton68.jpg HTTP/1.1" 200 192633 "-" "Mozilla/5.0 (Macintosh; Intel Mac OS X 10_8_4) AppleWebKit/537.36 (KHTML, like Gecko) Chrome/28.0.1500.71 Safari/537.36" "ysfine.com"
66.249.92.40 - - [09/Oct/2022:02:40:59 -0700] "GET /people/princeton68.jpg HTTP/1.1" 200 192633 "-" "Mozilla/5.0 (Macintosh; Intel Mac OS X 10_8_4) AppleWebKit/537.36 (KHTML, like Gecko) Chrome/28.0.1500.71 Safari/537.36" "ysfine.com"
66.249.92.40 - - [09/Oct/2022:02:41:00 -0700] "GET /people/princeton68.jpg HTTP/1.1" 200 192633 "-" "Mozilla/5.0 (Macintosh; Intel Mac OS X 10_8_4) AppleWebKit/537.36 (KHTML, like Gecko) Chrome/28.0.1500.71 Safari/537.36" "ysfine.com"
66.249.92.40 - - [09/Oct/2022:02:41:00 -0700] "GET /people/princeton68.jpg HTTP/1.1" 200 192633 "-" "Mozilla/5.0 (Macintosh; Intel Mac OS X 10_8_4) AppleWebKit/537.36 (KHTML, like Gecko) Chrome/28.0.1500.71 Safari/537.36" "ysfine.com"
66.249.92.40 - - [09/Oct/2022:02:41:00 -0700] "GET /princeton/ias11.jpg HTTP/1.1" 200 76978 "-" "Mozilla/5.0 (Macintosh; Intel Mac OS X 10_8_4) AppleWebKit/537.36 (KHTML, like Gecko) Chrome/28.0.1500.71 Safari/537.36" "ysfine.com"
66.249.92.40 - - [09/Oct/2022:02:41:00 -0700] "GET /princeton/ias11.jpg HTTP/1.1" 200 76978 "-" "Mozilla/5.0 (Macintosh; Intel Mac OS X 10_8_4) AppleWebKit/537.36 (KHTML, like Gecko) Chrome/28.0.1500.71 Safari/537.36" "ysfine.com"
157.55.39.127 - - [09/Oct/2022:02:41:00 -0700] "GET /world/france/montpar04.jpg HTTP/1.1" 200 148418 "-" "Mozilla/5.0 (compatible; bingbot/2.0; +http://www.bing.com/bingbot.htm)" "ysfine.com"
66.249.92.40 - - [09/Oct/2022:02:41:01 -0700] "GET /princeton/ias11.jpg HTTP/1.1" 200 76978 "-" "Mozilla/5.0 (Macintosh; Intel Mac OS X 10_8_4) AppleWebKit/537.36 (KHTML, like Gecko) Chrome/28.0.1500.71 Safari/537.36" "ysfine.com"
66.249.92.40 - - [09/Oct/2022:02:41:01 -0700] "GET /princeton/ias11.jpg HTTP/1.1" 200 76978 "-" "Mozilla/5.0 (Macintosh; Intel Mac OS X 10_8_4) AppleWebKit/537.36 (KHTML, like Gecko) Chrome/28.0.1500.71 Safari/537.36" "ysfine.com"
66.249.92.40 - - [09/Oct/2022:02:41:01 -0700] "GET /princeton/pterminal01.jpg HTTP/1.1" 200 112139 "-" "Mozilla/5.0 (Macintosh; Intel Mac OS X 10_8_4) AppleWebKit/537.36 (KHTML, like Gecko) Chrome/28.0.1500.71 Safari/537.36" "ysfine.com"
