173.73.80.118 - - [09/Oct/2022:14:24:01 -0700] "GET /ys11/index.html HTTP/1.1" 304 - "-" "Mozilla/5.0 (Linux; Android 5.1.1; KFSUWI) AppleWebKit/537.36 (KHTML, like Gecko) Silk/104.2.16 like Chrome/104.0.5112.114 Safari/537.36" "www.ysfine.com"
173.73.80.118 - - [09/Oct/2022:14:24:01 -0700] "GET /favicon.ico HTTP/1.1" 404 88 "https://www.ysfine.com/ys11/index.html" "Mozilla/5.0 (Linux; Android 5.1.1; KFSUWI) AppleWebKit/537.36 (KHTML, like Gecko) Silk/104.2.16 like Chrome/104.0.5112.114 Safari/537.36" "www.ysfine.com"
40.77.167.27 - - [09/Oct/2022:14:24:06 -0700] "GET /world/brit/picca29.jpg HTTP/1.1" 200 78696 "-" "Mozilla/5.0 AppleWebKit/537.36 (KHTML, like Gecko; compatible; bingbot/2.0; +http://www.bing.com/bingbot.htm) Chrome/103.0.5060.134 Safari/537.36" "ysfine.com"
157.55.39.55 - - [09/Oct/2022:14:25:27 -0700] "GET /world/china/nanjing62.jpg HTTP/1.1" 200 196569 "-" "Mozilla/5.0 (compatible; bingbot/2.0; +http://www.bing.com/bingbot.htm)" "ysfine.com"
157.55.39.128 - - [09/Oct/2022:14:25:42 -0700] "GET /world/hungary/liszt04.jpg HTTP/1.1" 200 168754 "-" "Mozilla/5.0 AppleWebKit/537.36 (KHTML, like Gecko; compatible; bingbot/2.0; +http://www.bing.com/bingbot.htm) Chrome/103.0.5060.134 Safari/537.36" "ysfine.com"
207.46.13.102 - - [09/Oct/2022:14:26:24 -0700] "GET /bio/awards/marq/marq22.pdf HTTP/1.1" 404 88 "-" "Mozilla/5.0 (compatible; bingbot/2.0; +http://www.bing.com/bingbot.htm)" "ysfine.com"
207.46.13.102 - - [09/Oct/2022:14:26:54 -0700] "GET /bio/wcartoon.html HTTP/1.1" 404 88 "-" "Mozilla/5.0 (compatible; bingbot/2.0; +http://www.bing.com/bingbot.htm)" "ysfine.com"
40.77.167.27 - - [09/Oct/2022:14:26:59 -0700] "GET /world/russ/mosko01.jpg HTTP/1.1" 200 74314 "-" "Mozilla/5.0 (compatible; bingbot/2.0; +http://www.bing.com/bingbot.htm)" "ysfine.com"
24.211.114.49 - - [09/Oct/2022:14:27:07 -0700] "GET /philo/keigel11.jpg HTTP/1.1" 200 113857 "https://www.google.com/" "Mozilla/5.0 (iPhone; CPU iPhone OS 15_6_1 like Mac OS X) AppleWebKit/605.1.15 (KHTML, like Gecko) Version/15.6.1 Mobile/15E148 Safari/604.1" "ysfine.com"
99.155.239.212 - - [09/Oct/2022:14:27:18 -0700] "GET /world/russ/kazanmap22.jpg HTTP/1.1" 200 129761 "http://www.google.com/" "Mozilla/5.0 (Linux; Android 9; KFTRWI) AppleWebKit/537.36 (KHTML, like Gecko) Silk/104.2.16 like Chrome/104.0.5112.114 Safari/537.36" "ysfine.com"
99.155.239.212 - - [09/Oct/2022:14:27:19 -0700] "GET /favicon.ico HTTP/1.1" 404 88 "https://ysfine.com/world/russ/kazanmap22.jpg" "Mozilla/5.0 (Linux; Android 9; KFTRWI) AppleWebKit/537.36 (KHTML, like Gecko) Silk/104.2.16 like Chrome/104.0.5112.114 Safari/537.36" "ysfine.com"
157.55.39.127 - - [09/Oct/2022:14:27:37 -0700] "GET /world/hungary/hunstu05.jpg HTTP/1.1" 200 71597 "-" "Mozilla/5.0 (compatible; bingbot/2.0; +http://www.bing.com/bingbot.htm)" "www.ysfine.com"
157.55.39.127 - - [09/Oct/2022:14:27:38 -0700] "GET /maga/phys/psphere01.jpg HTTP/1.1" 200 133024 "-" "Mozilla/5.0 (compatible; bingbot/2.0; +http://www.bing.com/bingbot.htm)" "ysfine.com"
157.55.39.128 - - [09/Oct/2022:14:27:44 -0700] "GET /bio/princeton/yspr.html HTTP/1.1" 404 88 "-" "Mozilla/5.0 (compatible; bingbot/2.0; +http://www.bing.com/bingbot.htm)" "ysfine.com"
173.73.80.118 - - [09/Oct/2022:14:28:44 -0700] "GET /ysbio/sing HTTP/1.1" 200 2473 "-" "Mozilla/5.0 (Linux; Android 5.1.1; KFSUWI) AppleWebKit/537.36 (KHTML, like Gecko) Silk/104.2.16 like Chrome/104.0.5112.114 Safari/537.36" "ysfine.com"
173.73.80.118 - - [09/Oct/2022:14:28:44 -0700] "GET /ysbio/wigner62c.jpg HTTP/1.1" 200 41727 "https://ysfine.com/ysbio/sing" "Mozilla/5.0 (Linux; Android 5.1.1; KFSUWI) AppleWebKit/537.36 (KHTML, like Gecko) Silk/104.2.16 like Chrome/104.0.5112.114 Safari/537.36" "ysfine.com"
173.73.80.118 - - [09/Oct/2022:14:28:44 -0700] "GET /ysbio/fotos/einhaus450.jpg HTTP/1.1" 200 65369 "https://ysfine.com/ysbio/sing" "Mozilla/5.0 (Linux; Android 5.1.1; KFSUWI) AppleWebKit/537.36 (KHTML, like Gecko) Silk/104.2.16 like Chrome/104.0.5112.114 Safari/537.36" "ysfine.com"
173.73.80.118 - - [09/Oct/2022:14:28:44 -0700] "GET /ysbio/ewk86a.jpg HTTP/1.1" 200 86008 "https://ysfine.com/ysbio/sing" "Mozilla/5.0 (Linux; Android 5.1.1; KFSUWI) AppleWebKit/537.36 (KHTML, like Gecko) Silk/104.2.16 like Chrome/104.0.5112.114 Safari/537.36" "ysfine.com"
173.73.80.118 - - [09/Oct/2022:14:28:44 -0700] "GET /favicon.ico HTTP/1.1" 404 88 "https://ysfine.com/ysbio/sing" "Mozilla/5.0 (Linux; Android 5.1.1; KFSUWI) AppleWebKit/537.36 (KHTML, like Gecko) Silk/104.2.16 like Chrome/104.0.5112.114 Safari/537.36" "ysfine.com"
157.55.39.127 - - [09/Oct/2022:14:29:57 -0700] "GET /style/musee/berlinmus31.jpg HTTP/1.1" 200 102276 "-" "Mozilla/5.0 (compatible; bingbot/2.0; +http://www.bing.com/bingbot.htm)" "ysfine.com"
157.55.39.58 - - [09/Oct/2022:14:30:01 -0700] "GET /dongio/amkor/princedc01.jpg HTTP/1.1" 404 88 "-" "Mozilla/5.0 (compatible; bingbot/2.0; +http://www.bing.com/bingbot.htm)" "www.ysfine.com"
173.73.80.118 - - [09/Oct/2022:14:30:09 -0700] "GET /ysbio/world/ysworld.html HTTP/1.1" 200 3195 "https://ysfine.com/ysbio/sing" "Mozilla/5.0 (Linux; Android 5.1.1; KFSUWI) AppleWebKit/537.36 (KHTML, like Gecko) Silk/104.2.16 like Chrome/104.0.5112.114 Safari/537.36" "ysfine.com"
173.73.80.118 - - [09/Oct/2022:14:30:09 -0700] "GET /ysbio/world/coke880.jpg HTTP/1.1" 200 61512 "https://ysfine.com/ysbio/world/ysworld.html" "Mozilla/5.0 (Linux; Android 5.1.1; KFSUWI) AppleWebKit/537.36 (KHTML, like Gecko) Silk/104.2.16 like Chrome/104.0.5112.114 Safari/537.36" "ysfine.com"
173.73.80.118 - - [09/Oct/2022:14:30:09 -0700] "GET /ysbio/kobak/swr51c.jpg HTTP/1.1" 200 35677 "https://ysfine.com/ysbio/world/ysworld.html" "Mozilla/5.0 (Linux; Android 5.1.1; KFSUWI) AppleWebKit/537.36 (KHTML, like Gecko) Silk/104.2.16 like Chrome/104.0.5112.114 Safari/537.36" "ysfine.com"
173.73.80.118 - - [09/Oct/2022:14:30:09 -0700] "GET /ysbio/world/brit/towerbr11c.jpg HTTP/1.1" 200 31376 "https://ysfine.com/ysbio/world/ysworld.html" "Mozilla/5.0 (Linux; Android 5.1.1; KFSUWI) AppleWebKit/537.36 (KHTML, like Gecko) Silk/104.2.16 like Chrome/104.0.5112.114 Safari/537.36" "ysfine.com"
173.73.80.118 - - [09/Oct/2022:14:30:09 -0700] "GET /ysbio/style/cameras/canonp66c.jpg HTTP/1.1" 200 23047 "https://ysfine.com/ysbio/world/ysworld.html" "Mozilla/5.0 (Linux; Android 5.1.1; KFSUWI) AppleWebKit/537.36 (KHTML, like Gecko) Silk/104.2.16 like Chrome/104.0.5112.114 Safari/537.36" "ysfine.com"
173.73.80.118 - - [09/Oct/2022:14:30:09 -0700] "GET /ysbio/world/balkan/istan001c.jpg HTTP/1.1" 200 34566 "https://ysfine.com/ysbio/world/ysworld.html" "Mozilla/5.0 (Linux; Android 5.1.1; KFSUWI) AppleWebKit/537.36 (KHTML, like Gecko) Silk/104.2.16 like Chrome/104.0.5112.114 Safari/537.36" "ysfine.com"
173.73.80.118 - - [09/Oct/2022:14:30:09 -0700] "GET /ysbio/eink/pawkim19c.jpg HTTP/1.1" 200 53195 "https://ysfine.com/ysbio/world/ysworld.html" "Mozilla/5.0 (Linux; Android 5.1.1; KFSUWI) AppleWebKit/537.36 (KHTML, like Gecko) Silk/104.2.16 like Chrome/104.0.5112.114 Safari/537.36" "ysfine.com"
173.73.80.118 - - [09/Oct/2022:14:30:09 -0700] "GET /ysbio/home/taylor450.jpg HTTP/1.1" 404 88 "https://ysfine.com/ysbio/world/ysworld.html" "Mozilla/5.0 (Linux; Android 5.1.1; KFSUWI) AppleWebKit/537.36 (KHTML, like Gecko) Silk/104.2.16 like Chrome/104.0.5112.114 Safari/537.36" "ysfine.com"
173.73.80.118 - - [09/Oct/2022:14:30:09 -0700] "GET /ysbio/world/china/beijing101c.jpg HTTP/1.1" 200 41830 "https://ysfine.com/ysbio/world/ysworld.html" "Mozilla/5.0 (Linux; Android 5.1.1; KFSUWI) AppleWebKit/537.36 (KHTML, like Gecko) Silk/104.2.16 like Chrome/104.0.5112.114 Safari/537.36" "ysfine.com"
173.73.80.118 - - [09/Oct/2022:14:30:09 -0700] "GET /ysbio/world/france/eiffel15c.jpg HTTP/1.1" 200 36995 "https://ysfine.com/ysbio/world/ysworld.html" "Mozilla/5.0 (Linux; Android 5.1.1; KFSUWI) AppleWebKit/537.36 (KHTML, like Gecko) Silk/104.2.16 like Chrome/104.0.5112.114 Safari/537.36" "ysfine.com"
173.73.80.118 - - [09/Oct/2022:14:30:09 -0700] "GET /ysbio/home/ewk86f.jpg HTTP/1.1" 404 88 "https://ysfine.com/ysbio/world/ysworld.html" "Mozilla/5.0 (Linux; Android 5.1.1; KFSUWI) AppleWebKit/537.36 (KHTML, like Gecko) Silk/104.2.16 like Chrome/104.0.5112.114 Safari/537.36" "ysfine.com"
173.73.80.118 - - [09/Oct/2022:14:30:09 -0700] "GET /ysbio/world/russ/basil08c.jpg HTTP/1.1" 200 40070 "https://ysfine.com/ysbio/world/ysworld.html" "Mozilla/5.0 (Linux; Android 5.1.1; KFSUWI) AppleWebKit/537.36 (KHTML, like Gecko) Silk/104.2.16 like Chrome/104.0.5112.114 Safari/537.36" "ysfine.com"
173.73.80.118 - - [09/Oct/2022:14:30:09 -0700] "GET /ysbio/world/balkan/ath001c.jpg HTTP/1.1" 200 34419 "https://ysfine.com/ysbio/world/ysworld.html" "Mozilla/5.0 (Linux; Android 5.1.1; KFSUWI) AppleWebKit/537.36 (KHTML, like Gecko) Silk/104.2.16 like Chrome/104.0.5112.114 Safari/537.36" "ysfine.com"
173.73.80.118 - - [09/Oct/2022:14:30:09 -0700] "GET /ysbio/world/ital/coloss04c.jpg HTTP/1.1" 200 37017 "https://ysfine.com/ysbio/world/ysworld.html" "Mozilla/5.0 (Linux; Android 5.1.1; KFSUWI) AppleWebKit/537.36 (KHTML, like Gecko) Silk/104.2.16 like Chrome/104.0.5112.114 Safari/537.36" "ysfine.com"
173.73.80.118 - - [09/Oct/2022:14:30:53 -0700] "GET /ysbio/kowis33.html HTTP/1.1" 200 2096 "https://ysfine.com/ysbio/sing" "Mozilla/5.0 (Linux; Android 5.1.1; KFSUWI) AppleWebKit/537.36 (KHTML, like Gecko) Silk/104.2.16 like Chrome/104.0.5112.114 Safari/537.36" "ysfine.com"
173.73.80.118 - - [09/Oct/2022:14:30:53 -0700] "GET /ysbio/wigkim11d.jpg HTTP/1.1" 200 55171 "https://ysfine.com/ysbio/kowis33.html" "Mozilla/5.0 (Linux; Android 5.1.1; KFSUWI) AppleWebKit/537.36 (KHTML, like Gecko) Silk/104.2.16 like Chrome/104.0.5112.114 Safari/537.36" "ysfine.com"
173.73.80.118 - - [09/Oct/2022:14:30:53 -0700] "GET /ysbio/rhee22c.jpg HTTP/1.1" 200 62201 "https://ysfine.com/ysbio/kowis33.html" "Mozilla/5.0 (Linux; Android 5.1.1; KFSUWI) AppleWebKit/537.36 (KHTML, like Gecko) Silk/104.2.16 like Chrome/104.0.5112.114 Safari/537.36" "ysfine.com"
207.46.13.102 - - [09/Oct/2022:14:31:14 -0700] "GET /bio/style/leica.html HTTP/1.1" 404 88 "-" "Mozilla/5.0 (compatible; bingbot/2.0; +http://www.bing.com/bingbot.htm)" "ysfine.com"
40.77.167.27 - - [09/Oct/2022:14:32:37 -0700] "GET /world/russ/stalinorg11.jpg HTTP/1.1" 200 131143 "-" "Mozilla/5.0 (compatible; bingbot/2.0; +http://www.bing.com/bingbot.htm)" "www.ysfine.com"
40.77.167.27 - - [09/Oct/2022:14:32:38 -0700] "GET /bio/dirac/twobroth.html HTTP/1.1" 404 88 "-" "Mozilla/5.0 AppleWebKit/537.36 (KHTML, like Gecko; compatible; bingbot/2.0; +http://www.bing.com/bingbot.htm) Chrome/103.0.5060.134 Safari/537.36" "ysfine.com"
157.55.39.55 - - [09/Oct/2022:14:32:42 -0700] "GET /bio/einstein/einusa.html HTTP/1.1" 404 88 "-" "Mozilla/5.0 (compatible; bingbot/2.0; +http://www.bing.com/bingbot.htm)" "ysfine.com"
207.46.13.102 - - [09/Oct/2022:14:33:13 -0700] "GET /ffriends/belgistu02.jpg HTTP/1.1" 200 131823 "-" "Mozilla/5.0 (compatible; bingbot/2.0; +http://www.bing.com/bingbot.htm)" "ysfine.com"
157.55.39.58 - - [09/Oct/2022:14:34:22 -0700] "GET /wdc/gtown47.jpg HTTP/1.1" 200 87894 "-" "Mozilla/5.0 (compatible; bingbot/2.0; +http://www.bing.com/bingbot.htm)" "www.ysfine.com"
157.55.39.55 - - [09/Oct/2022:14:34:28 -0700] "GET /world/scandi/copenf75.jpg HTTP/1.1" 200 78691 "-" "Mozilla/5.0 (compatible; bingbot/2.0; +http://www.bing.com/bingbot.htm)" "ysfine.com"
173.73.80.118 - - [09/Oct/2022:14:35:02 -0700] "GET /ysbio/einfeyn/index.html HTTP/1.1" 404 88 "https://ysfine.com/ysbio/sing" "Mozilla/5.0 (Linux; Android 5.1.1; KFSUWI) AppleWebKit/537.36 (KHTML, like Gecko) Silk/104.2.16 like Chrome/104.0.5112.114 Safari/537.36" "ysfine.com"
173.73.80.118 - - [09/Oct/2022:14:35:07 -0700] "GET /ysbio/world/ysworld.html HTTP/1.1" 304 - "https://ysfine.com/ysbio/sing" "Mozilla/5.0 (Linux; Android 5.1.1; KFSUWI) AppleWebKit/537.36 (KHTML, like Gecko) Silk/104.2.16 like Chrome/104.0.5112.114 Safari/537.36" "ysfine.com"
173.73.80.118 - - [09/Oct/2022:14:35:08 -0700] "GET /ysbio/home/ewk86f.jpg HTTP/1.1" 404 88 "https://ysfine.com/ysbio/world/ysworld.html" "Mozilla/5.0 (Linux; Android 5.1.1; KFSUWI) AppleWebKit/537.36 (KHTML, like Gecko) Silk/104.2.16 like Chrome/104.0.5112.114 Safari/537.36" "ysfine.com"
173.73.80.118 - - [09/Oct/2022:14:35:08 -0700] "GET /ysbio/home/taylor450.jpg HTTP/1.1" 404 88 "https://ysfine.com/ysbio/world/ysworld.html" "Mozilla/5.0 (Linux; Android 5.1.1; KFSUWI) AppleWebKit/537.36 (KHTML, like Gecko) Silk/104.2.16 like Chrome/104.0.5112.114 Safari/537.36" "ysfine.com"
84.69.84.120 - - [09/Oct/2022:14:35:16 -0700] "GET /wigner/neum/pvn05.jpg HTTP/1.1" 200 219501 "https://www.google.com/" "Mozilla/5.0 (Windows NT 10.0; Win64; x64) AppleWebKit/537.36 (KHTML, like Gecko) Chrome/105.0.0.0 Safari/537.36" "ysfine.com"
173.73.80.118 - - [09/Oct/2022:14:35:16 -0700] "GET /ysbio/style/ystyle.html HTTP/1.1" 200 1449 "https://ysfine.com/ysbio/sing" "Mozilla/5.0 (Linux; Android 5.1.1; KFSUWI) AppleWebKit/537.36 (KHTML, like Gecko) Silk/104.2.16 like Chrome/104.0.5112.114 Safari/537.36" "ysfine.com"
173.73.80.118 - - [09/Oct/2022:14:35:17 -0700] "GET /ysbio/style/ysnr11c.jpg HTTP/1.1" 200 34793 "https://ysfine.com/ysbio/style/ystyle.html" "Mozilla/5.0 (Linux; Android 5.1.1; KFSUWI) AppleWebKit/537.36 (KHTML, like Gecko) Silk/104.2.16 like Chrome/104.0.5112.114 Safari/537.36" "ysfine.com"
173.73.80.118 - - [09/Oct/2022:14:35:17 -0700] "GET /ysbio/world/baltic/lithuf08c.jpg HTTP/1.1" 200 38987 "https://ysfine.com/ysbio/style/ystyle.html" "Mozilla/5.0 (Linux; Android 5.1.1; KFSUWI) AppleWebKit/537.36 (KHTML, like Gecko) Silk/104.2.16 like Chrome/104.0.5112.114 Safari/537.36" "ysfine.com"
173.73.80.118 - - [09/Oct/2022:14:35:17 -0700] "GET /ysbio/princeton/class2007c.jpg HTTP/1.1" 200 37045 "https://ysfine.com/ysbio/style/ystyle.html" "Mozilla/5.0 (Linux; Android 5.1.1; KFSUWI) AppleWebKit/537.36 (KHTML, like Gecko) Silk/104.2.16 like Chrome/104.0.5112.114 Safari/537.36" "ysfine.com"
173.73.80.118 - - [09/Oct/2022:14:35:17 -0700] "GET /ysbio/world/poland/polstu09c.jpg HTTP/1.1" 200 42128 "https://ysfine.com/ysbio/style/ystyle.html" "Mozilla/5.0 (Linux; Android 5.1.1; KFSUWI) AppleWebKit/537.36 (KHTML, like Gecko) Silk/104.2.16 like Chrome/104.0.5112.114 Safari/537.36" "ysfine.com"
173.73.80.118 - - [09/Oct/2022:14:35:23 -0700] "GET /ysbio/more.html HTTP/1.1" 200 3157 "https://ysfine.com/ysbio/sing" "Mozilla/5.0 (Linux; Android 5.1.1; KFSUWI) AppleWebKit/537.36 (KHTML, like Gecko) Silk/104.2.16 like Chrome/104.0.5112.114 Safari/537.36" "ysfine.com"
173.73.80.118 - - [09/Oct/2022:14:35:23 -0700] "GET /ysbio/church06d.jpg HTTP/1.1" 200 74725 "https://ysfine.com/ysbio/more.html" "Mozilla/5.0 (Linux; Android 5.1.1; KFSUWI) AppleWebKit/537.36 (KHTML, like Gecko) Silk/104.2.16 like Chrome/104.0.5112.114 Safari/537.36" "ysfine.com"
173.73.80.118 - - [09/Oct/2022:14:35:23 -0700] "GET /ysbio/ysnr11d.jpg HTTP/1.1" 200 61140 "https://ysfine.com/ysbio/more.html" "Mozilla/5.0 (Linux; Android 5.1.1; KFSUWI) AppleWebKit/537.36 (KHTML, like Gecko) Silk/104.2.16 like Chrome/104.0.5112.114 Safari/537.36" "ysfine.com"
173.73.80.118 - - [09/Oct/2022:14:35:23 -0700] "GET /ysbio/facu450.jpg HTTP/1.1" 200 74535 "https://ysfine.com/ysbio/more.html" "Mozilla/5.0 (Linux; Android 5.1.1; KFSUWI) AppleWebKit/537.36 (KHTML, like Gecko) Silk/104.2.16 like Chrome/104.0.5112.114 Safari/537.36" "ysfine.com"
173.73.80.118 - - [09/Oct/2022:14:35:23 -0700] "GET /ysbio/kids20f.jpg HTTP/1.1" 200 103191 "https://ysfine.com/ysbio/more.html" "Mozilla/5.0 (Linux; Android 5.1.1; KFSUWI) AppleWebKit/537.36 (KHTML, like Gecko) Silk/104.2.16 like Chrome/104.0.5112.114 Safari/537.36" "ysfine.com"
173.73.80.118 - - [09/Oct/2022:14:35:23 -0700] "GET /ysbio/brooke87d.jpg HTTP/1.1" 200 102881 "https://ysfine.com/ysbio/more.html" "Mozilla/5.0 (Linux; Android 5.1.1; KFSUWI) AppleWebKit/537.36 (KHTML, like Gecko) Silk/104.2.16 like Chrome/104.0.5112.114 Safari/537.36" "ysfine.com"
173.73.80.118 - - [09/Oct/2022:14:35:23 -0700] "GET /ysbio/kobak/taylor54d.jpg HTTP/1.1" 404 88 "https://ysfine.com/ysbio/more.html" "Mozilla/5.0 (Linux; Android 5.1.1; KFSUWI) AppleWebKit/537.36 (KHTML, like Gecko) Silk/104.2.16 like Chrome/104.0.5112.114 Safari/537.36" "ysfine.com"
173.73.80.118 - - [09/Oct/2022:14:35:28 -0700] "GET /ysbio/style/ystyle.html HTTP/1.1" 304 - "https://ysfine.com/ysbio/sing" "Mozilla/5.0 (Linux; Android 5.1.1; KFSUWI) AppleWebKit/537.36 (KHTML, like Gecko) Silk/104.2.16 like Chrome/104.0.5112.114 Safari/537.36" "ysfine.com"
173.73.80.118 - - [09/Oct/2022:14:35:33 -0700] "GET /ysbio/world/ysworld.html HTTP/1.1" 304 - "https://ysfine.com/ysbio/sing" "Mozilla/5.0 (Linux; Android 5.1.1; KFSUWI) AppleWebKit/537.36 (KHTML, like Gecko) Silk/104.2.16 like Chrome/104.0.5112.114 Safari/537.36" "ysfine.com"
173.73.80.118 - - [09/Oct/2022:14:35:33 -0700] "GET /ysbio/home/ewk86f.jpg HTTP/1.1" 404 88 "https://ysfine.com/ysbio/world/ysworld.html" "Mozilla/5.0 (Linux; Android 5.1.1; KFSUWI) AppleWebKit/537.36 (KHTML, like Gecko) Silk/104.2.16 like Chrome/104.0.5112.114 Safari/537.36" "ysfine.com"
173.73.80.118 - - [09/Oct/2022:14:35:33 -0700] "GET /ysbio/home/taylor450.jpg HTTP/1.1" 404 88 "https://ysfine.com/ysbio/world/ysworld.html" "Mozilla/5.0 (Linux; Android 5.1.1; KFSUWI) AppleWebKit/537.36 (KHTML, like Gecko) Silk/104.2.16 like Chrome/104.0.5112.114 Safari/537.36" "ysfine.com"
173.73.80.118 - - [09/Oct/2022:14:35:38 -0700] "GET /ysbio/world/ysworld.html HTTP/1.1" 304 - "https://ysfine.com/ysbio/sing" "Mozilla/5.0 (Linux; Android 5.1.1; KFSUWI) AppleWebKit/537.36 (KHTML, like Gecko) Silk/104.2.16 like Chrome/104.0.5112.114 Safari/537.36" "ysfine.com"
173.73.80.118 - - [09/Oct/2022:14:35:38 -0700] "GET /ysbio/home/taylor450.jpg HTTP/1.1" 404 88 "https://ysfine.com/ysbio/world/ysworld.html" "Mozilla/5.0 (Linux; Android 5.1.1; KFSUWI) AppleWebKit/537.36 (KHTML, like Gecko) Silk/104.2.16 like Chrome/104.0.5112.114 Safari/537.36" "ysfine.com"
173.73.80.118 - - [09/Oct/2022:14:35:38 -0700] "GET /ysbio/home/ewk86f.jpg HTTP/1.1" 404 88 "https://ysfine.com/ysbio/world/ysworld.html" "Mozilla/5.0 (Linux; Android 5.1.1; KFSUWI) AppleWebKit/537.36 (KHTML, like Gecko) Silk/104.2.16 like Chrome/104.0.5112.114 Safari/537.36" "ysfine.com"
173.73.80.118 - - [09/Oct/2022:14:35:46 -0700] "GET /ysbio/yshome.html HTTP/1.1" 200 5692 "https://ysfine.com/ysbio/sing" "Mozilla/5.0 (Linux; Android 5.1.1; KFSUWI) AppleWebKit/537.36 (KHTML, like Gecko) Silk/104.2.16 like Chrome/104.0.5112.114 Safari/537.36" "ysfine.com"
173.73.80.118 - - [09/Oct/2022:14:35:46 -0700] "GET /ysbio/top21d.jpg HTTP/1.1" 200 74409 "https://ysfine.com/ysbio/yshome.html" "Mozilla/5.0 (Linux; Android 5.1.1; KFSUWI) AppleWebKit/537.36 (KHTML, like Gecko) Silk/104.2.16 like Chrome/104.0.5112.114 Safari/537.36" "ysfine.com"
173.73.80.118 - - [09/Oct/2022:14:35:46 -0700] "GET /ysbio/eink450.jpg HTTP/1.1" 200 66794 "https://ysfine.com/ysbio/yshome.html" "Mozilla/5.0 (Linux; Android 5.1.1; KFSUWI) AppleWebKit/537.36 (KHTML, like Gecko) Silk/104.2.16 like Chrome/104.0.5112.114 Safari/537.36" "ysfine.com"
207.46.13.102 - - [09/Oct/2022:14:35:54 -0700] "GET /princeton/nassinf32b.jpg HTTP/1.1" 200 40214 "-" "Mozilla/5.0 (compatible; bingbot/2.0; +http://www.bing.com/bingbot.htm)" "ysfine.com"
173.73.80.118 - - [09/Oct/2022:14:35:58 -0700] "GET /ysbio/world/ysworld.html HTTP/1.1" 304 - "https://ysfine.com/ysbio/sing" "Mozilla/5.0 (Linux; Android 5.1.1; KFSUWI) AppleWebKit/537.36 (KHTML, like Gecko) Silk/104.2.16 like Chrome/104.0.5112.114 Safari/537.36" "ysfine.com"
173.73.80.118 - - [09/Oct/2022:14:35:58 -0700] "GET /ysbio/home/ewk86f.jpg HTTP/1.1" 404 88 "https://ysfine.com/ysbio/world/ysworld.html" "Mozilla/5.0 (Linux; Android 5.1.1; KFSUWI) AppleWebKit/537.36 (KHTML, like Gecko) Silk/104.2.16 like Chrome/104.0.5112.114 Safari/537.36" "ysfine.com"
173.73.80.118 - - [09/Oct/2022:14:35:58 -0700] "GET /ysbio/home/taylor450.jpg HTTP/1.1" 404 88 "https://ysfine.com/ysbio/world/ysworld.html" "Mozilla/5.0 (Linux; Android 5.1.1; KFSUWI) AppleWebKit/537.36 (KHTML, like Gecko) Silk/104.2.16 like Chrome/104.0.5112.114 Safari/537.36" "ysfine.com"
71.142.96.80 - - [09/Oct/2022:14:36:04 -0700] "GET /princeton/alexan11.jpg HTTP/1.1" 200 118946 "https://www.google.com/" "Mozilla/5.0 (iPhone; CPU iPhone OS 15_4 like Mac OS X) AppleWebKit/605.1.15 (KHTML, like Gecko) Version/15.4 Mobile/15E148 Safari/604.1" "ysfine.com"
66.249.66.43 - - [09/Oct/2022:14:36:56 -0700] "GET /usca/pitt/syriamos55b.jpg HTTP/1.1" 200 30284 "-" "Googlebot-Image/1.0" "ysfine.com"
66.249.66.44 - - [09/Oct/2022:14:37:36 -0700] "GET /newyork/wtc04.jpg HTTP/1.1" 200 174067 "-" "Googlebot-Image/1.0" "ysfine.com"
207.46.13.102 - - [09/Oct/2022:14:38:14 -0700] "GET /wdc/whouse08.jpg HTTP/1.1" 200 56905 "-" "Mozilla/5.0 (compatible; bingbot/2.0; +http://www.bing.com/bingbot.htm)" "ysfine.com"
66.249.66.43 - - [09/Oct/2022:14:38:16 -0700] "GET /maga/phil/hegkim01.jpg HTTP/1.1" 200 329887 "-" "Googlebot-Image/1.0" "ysfine.com"
40.77.167.27 - - [09/Oct/2022:14:38:27 -0700] "GET /world/israel/jeru15.jpg HTTP/1.1" 200 108220 "-" "Mozilla/5.0 (compatible; bingbot/2.0; +http://www.bing.com/bingbot.htm)" "ysfine.com"
173.73.80.118 - - [09/Oct/2022:14:38:53 -0700] "GET /ysbio/sing HTTP/1.1" 304 - "-" "Mozilla/5.0 (Linux; Android 5.1.1; KFSUWI) AppleWebKit/537.36 (KHTML, like Gecko) Silk/104.2.16 like Chrome/104.0.5112.114 Safari/537.36" "ysfine.com"
110.235.178.171 - - [09/Oct/2022:14:39:49 -0700] "GET /einstein/places/einha01.jpg HTTP/1.1" 200 75624 "https://www.google.com/" "Mozilla/5.0 (Windows NT 10.0; Win64; x64) AppleWebKit/537.36 (KHTML, like Gecko) Chrome/105.0.0.0 Safari/537.36" "ysfine.com"
157.55.39.128 - - [09/Oct/2022:14:40:14 -0700] "GET /bio/awards/marq22.pdf HTTP/1.1" 404 88 "-" "Mozilla/5.0 (compatible; bingbot/2.0; +http://www.bing.com/bingbot.htm)" "ysfine.com"
185.54.228.25 - - [09/Oct/2022:14:41:05 -0700] "GET /kowar/panmun04.jpg HTTP/1.1" 200 126386 "https://www.google.com/" "Mozilla/5.0 (Windows NT 10.0; Win64; x64; rv:105.0) Gecko/20100101 Firefox/105.0" "ysfine.com"
185.54.228.25 - - [09/Oct/2022:14:41:07 -0700] "GET /kowar/war50.html HTTP/1.1" 200 11795 "https://www.google.com/" "Mozilla/5.0 (Windows NT 10.0; Win64; x64; rv:105.0) Gecko/20100101 Firefox/105.0" "ysfine.com"
185.54.228.25 - - [09/Oct/2022:14:41:08 -0700] "GET /kowar/mosin01c.jpg HTTP/1.1" 200 17717 "https://ysfine.com/kowar/war50.html" "Mozilla/5.0 (Windows NT 10.0; Win64; x64; rv:105.0) Gecko/20100101 Firefox/105.0" "ysfine.com"
185.54.228.25 - - [09/Oct/2022:14:41:08 -0700] "GET /kowar/changdoy01c.jpg HTTP/1.1" 200 36057 "https://ysfine.com/kowar/war50.html" "Mozilla/5.0 (Windows NT 10.0; Win64; x64; rv:105.0) Gecko/20100101 Firefox/105.0" "ysfine.com"
185.54.228.25 - - [09/Oct/2022:14:41:08 -0700] "GET /kowar/gi001c.jpg HTTP/1.1" 200 29463 "https://ysfine.com/kowar/war50.html" "Mozilla/5.0 (Windows NT 10.0; Win64; x64; rv:105.0) Gecko/20100101 Firefox/105.0" "ysfine.com"
185.54.228.25 - - [09/Oct/2022:14:41:08 -0700] "GET /kowar/feb8c.jpg HTTP/1.1" 200 30413 "https://ysfine.com/kowar/war50.html" "Mozilla/5.0 (Windows NT 10.0; Win64; x64; rv:105.0) Gecko/20100101 Firefox/105.0" "ysfine.com"
185.54.228.25 - - [09/Oct/2022:14:41:08 -0700] "GET /kowar/garand02c.jpg HTTP/1.1" 200 19263 "https://ysfine.com/kowar/war50.html" "Mozilla/5.0 (Windows NT 10.0; Win64; x64; rv:105.0) Gecko/20100101 Firefox/105.0" "ysfine.com"
185.54.228.25 - - [09/Oct/2022:14:41:08 -0700] "GET /kowar/choiyk11c.jpg HTTP/1.1" 200 32210 "https://ysfine.com/kowar/war50.html" "Mozilla/5.0 (Windows NT 10.0; Win64; x64; rv:105.0) Gecko/20100101 Firefox/105.0" "ysfine.com"
185.54.228.25 - - [09/Oct/2022:14:41:08 -0700] "GET /kowar/gi002c.jpg HTTP/1.1" 200 40441 "https://ysfine.com/kowar/war50.html" "Mozilla/5.0 (Windows NT 10.0; Win64; x64; rv:105.0) Gecko/20100101 Firefox/105.0" "ysfine.com"
185.54.228.25 - - [09/Oct/2022:14:41:08 -0700] "GET /kowar/mac05a.jpg HTTP/1.1" 200 68210 "https://ysfine.com/kowar/war50.html" "Mozilla/5.0 (Windows NT 10.0; Win64; x64; rv:105.0) Gecko/20100101 Firefox/105.0" "ysfine.com"
185.54.228.25 - - [09/Oct/2022:14:41:08 -0700] "GET /kowar/paiksy02c.jpg HTTP/1.1" 200 54750 "https://ysfine.com/kowar/war50.html" "Mozilla/5.0 (Windows NT 10.0; Win64; x64; rv:105.0) Gecko/20100101 Firefox/105.0" "ysfine.com"
185.54.228.25 - - [09/Oct/2022:14:41:08 -0700] "GET /kowar/paiksy05c.jpg HTTP/1.1" 200 60462 "https://ysfine.com/kowar/war50.html" "Mozilla/5.0 (Windows NT 10.0; Win64; x64; rv:105.0) Gecko/20100101 Firefox/105.0" "ysfine.com"
185.54.228.25 - - [09/Oct/2022:14:41:08 -0700] "GET /kowar/tanks/caval01c.jpg HTTP/1.1" 200 40632 "https://ysfine.com/kowar/war50.html" "Mozilla/5.0 (Windows NT 10.0; Win64; x64; rv:105.0) Gecko/20100101 Firefox/105.0" "ysfine.com"
185.54.228.25 - - [09/Oct/2022:14:41:08 -0700] "GET /kowar/panmun04c.jpg HTTP/1.1" 200 32797 "https://ysfine.com/kowar/war50.html" "Mozilla/5.0 (Windows NT 10.0; Win64; x64; rv:105.0) Gecko/20100101 Firefox/105.0" "ysfine.com"
185.54.228.25 - - [09/Oct/2022:14:41:08 -0700] "GET /kowar/77reg03c.jpg HTTP/1.1" 200 27891 "https://ysfine.com/kowar/war50.html" "Mozilla/5.0 (Windows NT 10.0; Win64; x64; rv:105.0) Gecko/20100101 Firefox/105.0" "ysfine.com"
185.54.228.25 - - [09/Oct/2022:14:41:08 -0700] "GET /kowar/shinsm11c.jpg HTTP/1.1" 200 43567 "https://ysfine.com/kowar/war50.html" "Mozilla/5.0 (Windows NT 10.0; Win64; x64; rv:105.0) Gecko/20100101 Firefox/105.0" "ysfine.com"
185.54.228.25 - - [09/Oct/2022:14:41:08 -0700] "GET /kowar/tanks/tank03c.jpg HTTP/1.1" 200 48323 "https://ysfine.com/kowar/war50.html" "Mozilla/5.0 (Windows NT 10.0; Win64; x64; rv:105.0) Gecko/20100101 Firefox/105.0" "ysfine.com"
185.54.228.25 - - [09/Oct/2022:14:41:08 -0700] "GET /kowar/tanks/tank05c.jpg HTTP/1.1" 200 33583 "https://ysfine.com/kowar/war50.html" "Mozilla/5.0 (Windows NT 10.0; Win64; x64; rv:105.0) Gecko/20100101 Firefox/105.0" "ysfine.com"
185.54.228.25 - - [09/Oct/2022:14:41:08 -0700] "GET /eink/pwk19c.jpg HTTP/1.1" 200 57759 "https://ysfine.com/kowar/war50.html" "Mozilla/5.0 (Windows NT 10.0; Win64; x64; rv:105.0) Gecko/20100101 Firefox/105.0" "ysfine.com"
185.54.228.25 - - [09/Oct/2022:14:41:08 -0700] "GET /kowar/pyang01c.jpg HTTP/1.1" 200 54646 "https://ysfine.com/kowar/war50.html" "Mozilla/5.0 (Windows NT 10.0; Win64; x64; rv:105.0) Gecko/20100101 Firefox/105.0" "ysfine.com"
185.54.228.25 - - [09/Oct/2022:14:41:08 -0700] "GET /kowar/tilelli01c.jpg HTTP/1.1" 200 34897 "https://ysfine.com/kowar/war50.html" "Mozilla/5.0 (Windows NT 10.0; Win64; x64; rv:105.0) Gecko/20100101 Firefox/105.0" "ysfine.com"
185.54.228.25 - - [09/Oct/2022:14:41:08 -0700] "GET /kobak/taylor11c.jpg HTTP/1.1" 200 37695 "https://ysfine.com/kowar/war50.html" "Mozilla/5.0 (Windows NT 10.0; Win64; x64; rv:105.0) Gecko/20100101 Firefox/105.0" "ysfine.com"
185.54.228.25 - - [09/Oct/2022:14:41:08 -0700] "GET /kobak/taylor33c.jpg HTTP/1.1" 200 39951 "https://ysfine.com/kowar/war50.html" "Mozilla/5.0 (Windows NT 10.0; Win64; x64; rv:105.0) Gecko/20100101 Firefox/105.0" "ysfine.com"
185.54.228.25 - - [09/Oct/2022:14:41:12 -0700] "GET /favicon.ico HTTP/1.1" 404 88 "https://ysfine.com/kowar/war50.html" "Mozilla/5.0 (Windows NT 10.0; Win64; x64; rv:105.0) Gecko/20100101 Firefox/105.0" "ysfine.com"
173.73.80.118 - - [09/Oct/2022:14:41:21 -0700] "GET /ysbio/einstein/further.html HTTP/1.1" 200 4338 "https://ysfine.com/ysbio/sing" "Mozilla/5.0 (Linux; Android 5.1.1; KFSUWI) AppleWebKit/537.36 (KHTML, like Gecko) Silk/104.2.16 like Chrome/104.0.5112.114 Safari/537.36" "ysfine.com"
173.73.80.118 - - [09/Oct/2022:14:41:22 -0700] "GET /ysbio/einstein/eward33f.jpg HTTP/1.1" 200 77764 "https://ysfine.com/ysbio/einstein/further.html" "Mozilla/5.0 (Linux; Android 5.1.1; KFSUWI) AppleWebKit/537.36 (KHTML, like Gecko) Silk/104.2.16 like Chrome/104.0.5112.114 Safari/537.36" "ysfine.com"
173.73.80.118 - - [09/Oct/2022:14:41:22 -0700] "GET /ysbio/einstein/places/einha01c.jpg HTTP/1.1" 200 39982 "https://ysfine.com/ysbio/einstein/further.html" "Mozilla/5.0 (Linux; Android 5.1.1; KFSUWI) AppleWebKit/537.36 (KHTML, like Gecko) Silk/104.2.16 like Chrome/104.0.5112.114 Safari/537.36" "ysfine.com"
173.73.80.118 - - [09/Oct/2022:14:41:22 -0700] "GET /ysbio/einstein/eins05c.jpg HTTP/1.1" 200 52461 "https://ysfine.com/ysbio/einstein/further.html" "Mozilla/5.0 (Linux; Android 5.1.1; KFSUWI) AppleWebKit/537.36 (KHTML, like Gecko) Silk/104.2.16 like Chrome/104.0.5112.114 Safari/537.36" "ysfine.com"
173.73.80.118 - - [09/Oct/2022:14:41:22 -0700] "GET /ysbio/einstein/newtwig11f.jpg HTTP/1.1" 200 75618 "https://ysfine.com/ysbio/einstein/further.html" "Mozilla/5.0 (Linux; Android 5.1.1; KFSUWI) AppleWebKit/537.36 (KHTML, like Gecko) Silk/104.2.16 like Chrome/104.0.5112.114 Safari/537.36" "ysfine.com"
173.73.80.118 - - [09/Oct/2022:14:41:22 -0700] "GET /ysbio/einstein/newtein11f.jpg HTTP/1.1" 200 75467 "https://ysfine.com/ysbio/einstein/further.html" "Mozilla/5.0 (Linux; Android 5.1.1; KFSUWI) AppleWebKit/537.36 (KHTML, like Gecko) Silk/104.2.16 like Chrome/104.0.5112.114 Safari/537.36" "ysfine.com"
173.73.80.118 - - [09/Oct/2022:14:41:22 -0700] "GET /ysbio/einstein/places/einha02c.jpg HTTP/1.1" 200 23710 "https://ysfine.com/ysbio/einstein/further.html" "Mozilla/5.0 (Linux; Android 5.1.1; KFSUWI) AppleWebKit/537.36 (KHTML, like Gecko) Silk/104.2.16 like Chrome/104.0.5112.114 Safari/537.36" "ysfine.com"
173.73.80.118 - - [09/Oct/2022:14:41:22 -0700] "GET /ysbio/eink/pwk19c.jpg HTTP/1.1" 200 57759 "https://ysfine.com/ysbio/einstein/further.html" "Mozilla/5.0 (Linux; Android 5.1.1; KFSUWI) AppleWebKit/537.36 (KHTML, like Gecko) Silk/104.2.16 like Chrome/104.0.5112.114 Safari/537.36" "ysfine.com"
173.73.80.118 - - [09/Oct/2022:14:41:22 -0700] "GET /ysbio/einstein/ewk86f.jpg HTTP/1.1" 200 127172 "https://ysfine.com/ysbio/einstein/further.html" "Mozilla/5.0 (Linux; Android 5.1.1; KFSUWI) AppleWebKit/537.36 (KHTML, like Gecko) Silk/104.2.16 like Chrome/104.0.5112.114 Safari/537.36" "ysfine.com"
173.73.80.118 - - [09/Oct/2022:14:41:22 -0700] "GET /ysbio/einstein/dirfeyn55f.jpg HTTP/1.1" 200 106448 "https://ysfine.com/ysbio/einstein/further.html" "Mozilla/5.0 (Linux; Android 5.1.1; KFSUWI) AppleWebKit/537.36 (KHTML, like Gecko) Silk/104.2.16 like Chrome/104.0.5112.114 Safari/537.36" "ysfine.com"
173.73.80.118 - - [09/Oct/2022:14:41:22 -0700] "GET /ysbio/einstein/einbohr33c.jpg HTTP/1.1" 200 36410 "https://ysfine.com/ysbio/einstein/further.html" "Mozilla/5.0 (Linux; Android 5.1.1; KFSUWI) AppleWebKit/537.36 (KHTML, like Gecko) Silk/104.2.16 like Chrome/104.0.5112.114 Safari/537.36" "ysfine.com"
207.46.13.102 - - [09/Oct/2022:14:41:26 -0700] "GET /world/ital/spstep02.jpg HTTP/1.1" 200 130708 "-" "Mozilla/5.0 (compatible; bingbot/2.0; +http://www.bing.com/bingbot.htm)" "www.ysfine.com"
173.73.80.118 - - [09/Oct/2022:14:41:34 -0700] "GET /ysbio/ewk86.jpg HTTP/1.1" 200 188473 "https://ysfine.com/ysbio/sing" "Mozilla/5.0 (Linux; Android 5.1.1; KFSUWI) AppleWebKit/537.36 (KHTML, like Gecko) Silk/104.2.16 like Chrome/104.0.5112.114 Safari/537.36" "ysfine.com"
125.209.235.180 - - [09/Oct/2022:14:41:37 -0700] "GET /robots.txt HTTP/1.1" 404 88 "-" "Mozilla/5.0 (compatible; Yeti/1.1; +https://naver.me/spd)" "ysfine.com"
125.209.235.185 - - [09/Oct/2022:14:41:40 -0700] "GET /robots.txt HTTP/1.1" 404 88 "-" "Mozilla/5.0 (compatible; Yeti/1.1; +https://naver.me/spd)" "ysfine.com"
114.111.32.195 - - [09/Oct/2022:14:41:40 -0700] "GET /people/sbt.html HTTP/1.1" 200 529 "-" "Mozilla/5.0 (compatible; Yeti/1.1; +https://naver.me/spd)" "ysfine.com"
185.54.228.25 - - [09/Oct/2022:14:41:48 -0700] "GET /kowar/paiksy02.jpg HTTP/1.1" 200 127340 "https://ysfine.com/kowar/war50.html" "Mozilla/5.0 (Windows NT 10.0; Win64; x64; rv:105.0) Gecko/20100101 Firefox/105.0" "ysfine.com"
157.55.39.128 - - [09/Oct/2022:14:41:55 -0700] "GET /world/germany/verein22.jpg HTTP/1.1" 200 128133 "-" "Mozilla/5.0 (compatible; bingbot/2.0; +http://www.bing.com/bingbot.htm)" "ysfine.com"
157.55.39.127 - - [09/Oct/2022:14:42:09 -0700] "GET /sbk/2006vien11.jpg HTTP/1.1" 200 207352 "-" "Mozilla/5.0 (compatible; bingbot/2.0; +http://www.bing.com/bingbot.htm)" "www.ysfine.com"
17.121.114.250 - - [09/Oct/2022:14:42:15 -0700] "GET /robots.txt HTTP/1.1" 404 88 "-" "Mozilla/5.0 (Macintosh; Intel Mac OS X 10_15_5) AppleWebKit/605.1.15 (KHTML, like Gecko) Version/13.1.1 Safari/605.1.15 (Applebot/0.1; +http://www.apple.com/go/applebot)" "ysfine.com"
17.121.114.250 - - [09/Oct/2022:14:42:15 -0700] "GET /eink/einhaus33c.jpg HTTP/1.1" 200 23792 "-" "Mozilla/5.0 (Macintosh; Intel Mac OS X 10_15_5) AppleWebKit/605.1.15 (KHTML, like Gecko) Version/13.1.1 Safari/605.1.15 (Applebot/0.1; +http://www.apple.com/go/applebot)" "ysfine.com"
185.191.171.2 - - [09/Oct/2022:14:42:26 -0700] "GET /robots.txt HTTP/1.1" 404 88 "-" "Mozilla/5.0 (compatible; SemrushBot/7~bl; +http://www.semrush.com/bot.html)" "www.ysfine.com"
185.191.171.4 - - [09/Oct/2022:14:42:27 -0700] "GET /heisen/heisenberg.html HTTP/1.1" 200 10535 "-" "Mozilla/5.0 (compatible; SemrushBot/7~bl; +http://www.semrush.com/bot.html)" "www.ysfine.com"
185.191.171.33 - - [09/Oct/2022:14:42:31 -0700] "GET /sitemap.xml HTTP/1.1" 200 166 "-" "Mozilla/5.0 (compatible; SemrushBot/7~bl; +http://www.semrush.com/bot.html)" "www.ysfine.com"
93.158.161.40 - - [09/Oct/2022:14:42:51 -0700] "GET /friends/proudm.html HTTP/1.1" 404 88 "-" "Mozilla/5.0 (compatible; YandexBot/3.0; +http://yandex.com/bots)" "www.ysfine.com"
40.77.167.27 - - [09/Oct/2022:14:42:58 -0700] "GET /bio/yspapers/jkps76.pdf HTTP/1.1" 404 88 "-" "Mozilla/5.0 (compatible; bingbot/2.0; +http://www.bing.com/bingbot.htm)" "ysfine.com"
157.55.39.58 - - [09/Oct/2022:14:43:04 -0700] "GET /bio/maga/bohratom.html HTTP/1.1" 404 88 "-" "Mozilla/5.0 (compatible; bingbot/2.0; +http://www.bing.com/bingbot.htm)" "ysfine.com"
157.55.39.55 - - [09/Oct/2022:14:43:19 -0700] "GET /world/poland/krk10.jpg HTTP/1.1" 200 113355 "-" "Mozilla/5.0 (compatible; bingbot/2.0; +http://www.bing.com/bingbot.htm)" "www.ysfine.com"
40.77.167.27 - - [09/Oct/2022:14:43:49 -0700] "GET /bio/feynman/feykant.html HTTP/1.1" 404 88 "-" "Mozilla/5.0 (compatible; bingbot/2.0; +http://www.bing.com/bingbot.htm)" "ysfine.com"
185.54.228.25 - - [09/Oct/2022:14:44:04 -0700] "GET /kowar/paiksy02.jpg HTTP/1.1" 200 127340 "https://ysfine.com/kowar/war50.html" "Mozilla/5.0 (Windows NT 10.0; Win64; x64; rv:105.0) Gecko/20100101 Firefox/105.0" "ysfine.com"
185.54.228.25 - - [09/Oct/2022:14:44:10 -0700] "GET /kowar/paiksy02.jpg HTTP/1.1" 200 127340 "https://ysfine.com/kowar/war50.html" "Mozilla/5.0 (Windows NT 10.0; Win64; x64; rv:105.0) Gecko/20100101 Firefox/105.0" "ysfine.com"
157.55.39.55 - - [09/Oct/2022:14:44:21 -0700] "GET /bio/bio01.html HTTP/1.1" 404 88 "-" "Mozilla/5.0 (compatible; bingbot/2.0; +http://www.bing.com/bingbot.htm)" "ysfine.com"
185.54.228.25 - - [09/Oct/2022:14:44:31 -0700] "GET /kowar/gi001.jpg HTTP/1.1" 200 142381 "https://ysfine.com/kowar/war50.html" "Mozilla/5.0 (Windows NT 10.0; Win64; x64; rv:105.0) Gecko/20100101 Firefox/105.0" "ysfine.com"
185.54.228.25 - - [09/Oct/2022:14:44:35 -0700] "GET /favicon.ico HTTP/1.1" 404 88 "https://ysfine.com/kowar/gi001.jpg" "Mozilla/5.0 (Windows NT 10.0; Win64; x64; rv:105.0) Gecko/20100101 Firefox/105.0" "ysfine.com"
40.77.167.27 - - [09/Oct/2022:14:44:50 -0700] "GET /wigner/wigkim11.jpg HTTP/1.1" 200 231384 "-" "Mozilla/5.0 (compatible; bingbot/2.0; +http://www.bing.com/bingbot.htm)" "www.ysfine.com"
185.54.228.25 - - [09/Oct/2022:14:44:58 -0700] "GET /kowar/paiksy02.jpg HTTP/1.1" 200 127340 "https://ysfine.com/kowar/war50.html" "Mozilla/5.0 (Windows NT 10.0; Win64; x64; rv:105.0) Gecko/20100101 Firefox/105.0" "ysfine.com"
185.54.228.25 - - [09/Oct/2022:14:45:52 -0700] "GET /kowar/tilelli01c.jpg HTTP/1.1" 200 34897 "https://ysfine.com/kowar/war50.html" "Mozilla/5.0 (Windows NT 10.0; Win64; x64; rv:105.0) Gecko/20100101 Firefox/105.0" "ysfine.com"
185.54.228.25 - - [09/Oct/2022:14:45:52 -0700] "GET /kowar/pyang01c.jpg HTTP/1.1" 206 22362 "https://ysfine.com/kowar/war50.html" "Mozilla/5.0 (Windows NT 10.0; Win64; x64; rv:105.0) Gecko/20100101 Firefox/105.0" "ysfine.com"
185.54.228.25 - - [09/Oct/2022:14:45:52 -0700] "GET /kobak/taylor11c.jpg HTTP/1.1" 200 37695 "https://ysfine.com/kowar/war50.html" "Mozilla/5.0 (Windows NT 10.0; Win64; x64; rv:105.0) Gecko/20100101 Firefox/105.0" "ysfine.com"
185.54.228.25 - - [09/Oct/2022:14:45:52 -0700] "GET /kowar/paiksy02c.jpg HTTP/1.1" 200 54750 "https://ysfine.com/kowar/war50.html" "Mozilla/5.0 (Windows NT 10.0; Win64; x64; rv:105.0) Gecko/20100101 Firefox/105.0" "ysfine.com"
185.54.228.25 - - [09/Oct/2022:14:45:52 -0700] "GET /kobak/taylor33c.jpg HTTP/1.1" 200 39951 "https://ysfine.com/kowar/war50.html" "Mozilla/5.0 (Windows NT 10.0; Win64; x64; rv:105.0) Gecko/20100101 Firefox/105.0" "ysfine.com"
185.54.228.25 - - [09/Oct/2022:14:45:52 -0700] "GET /eink/pwk19c.jpg HTTP/1.1" 200 57759 "https://ysfine.com/kowar/war50.html" "Mozilla/5.0 (Windows NT 10.0; Win64; x64; rv:105.0) Gecko/20100101 Firefox/105.0" "ysfine.com"
185.54.228.25 - - [09/Oct/2022:14:45:52 -0700] "GET /favicon.ico HTTP/1.1" 404 88 "https://ysfine.com/kowar/war50.html" "Mozilla/5.0 (Windows NT 10.0; Win64; x64; rv:105.0) Gecko/20100101 Firefox/105.0" "ysfine.com"
157.55.39.55 - - [09/Oct/2022:14:46:21 -0700] "GET /bio/dirac/dircanal.html HTTP/1.1" 404 88 "-" "Mozilla/5.0 (compatible; bingbot/2.0; +http://www.bing.com/bingbot.htm)" "ysfine.com"
80.108.148.237 - - [09/Oct/2022:14:46:55 -0700] "GET /kobak/1014c.jpg HTTP/1.1" 200 164928 "https://www.google.at/" "Mozilla/5.0 (Windows NT 6.3; Win64; x64) AppleWebKit/537.36 (KHTML, like Gecko) Chrome/106.0.0.0 Safari/537.36" "ysfine.com"
80.108.148.237 - - [09/Oct/2022:14:47:05 -0700] "GET /kobak/kimjap22.jpg HTTP/1.1" 200 84603 "https://www.google.at/" "Mozilla/5.0 (Windows NT 6.3; Win64; x64) AppleWebKit/537.36 (KHTML, like Gecko) Chrome/106.0.0.0 Safari/537.36" "ysfine.com"
157.55.39.58 - - [09/Oct/2022:14:47:36 -0700] "GET /bio/awards/marq.html HTTP/1.1" 404 88 "-" "Mozilla/5.0 (compatible; bingbot/2.0; +http://www.bing.com/bingbot.htm)" "ysfine.com"
157.55.39.127 - - [09/Oct/2022:14:48:51 -0700] "GET /bio/kobak/rheetr.html HTTP/1.1" 404 88 "-" "Mozilla/5.0 (compatible; bingbot/2.0; +http://www.bing.com/bingbot.htm)" "ysfine.com"
72.14.201.205 - - [09/Oct/2022:14:49:00 -0700] "GET /usca/pgh.html HTTP/1.1" 200 13572 "-" "Mozilla/5.0 (Linux; Android 10; K) AppleWebKit/537.36 (KHTML, like Gecko) Chrome/106.0.0.0 Mobile Safari/537.36" "ysfine.com"
157.55.39.128 - - [09/Oct/2022:14:49:15 -0700] "GET /bio/kobak/korart.html HTTP/1.1" 404 88 "-" "Mozilla/5.0 AppleWebKit/537.36 (KHTML, like Gecko; compatible; bingbot/2.0; +http://www.bing.com/bingbot.htm) Chrome/103.0.5060.134 Safari/537.36" "ysfine.com"
157.55.39.128 - - [09/Oct/2022:14:49:17 -0700] "GET /world/germany/schonbr02.jpg HTTP/1.1" 200 115150 "-" "Mozilla/5.0 (compatible; bingbot/2.0; +http://www.bing.com/bingbot.htm)" "ysfine.com"
173.73.80.118 - - [09/Oct/2022:14:49:36 -0700] "GET /ys11/ HTTP/1.1" 304 - "-" "Mozilla/5.0 (Windows NT 10.0; Win64; x64) AppleWebKit/537.36 (KHTML, like Gecko) Chrome/106.0.0.0 Safari/537.36 Edg/106.0.1370.37" "ysfine.com"
173.73.80.118 - - [09/Oct/2022:14:49:36 -0700] "GET /favicon.ico HTTP/1.1" 404 88 "https://ysfine.com/ys11/" "Mozilla/5.0 (Windows NT 10.0; Win64; x64) AppleWebKit/537.36 (KHTML, like Gecko) Chrome/106.0.0.0 Safari/537.36 Edg/106.0.1370.37" "ysfine.com"
173.73.80.118 - - [09/Oct/2022:14:49:58 -0700] "GET /ysbio/sing.html HTTP/1.1" 200 2473 "-" "Mozilla/5.0 (Windows NT 10.0; Win64; x64) AppleWebKit/537.36 (KHTML, like Gecko) Chrome/106.0.0.0 Safari/537.36 Edg/106.0.1370.37" "ysfine.com"
157.55.39.55 - - [09/Oct/2022:14:50:11 -0700] "GET /bio/maga/index.html HTTP/1.1" 404 88 "-" "Mozilla/5.0 (compatible; bingbot/2.0; +http://www.bing.com/bingbot.htm)" "ysfine.com"
157.55.39.58 - - [09/Oct/2022:14:50:15 -0700] "GET /bio/dwf22.html HTTP/1.1" 404 88 "-" "Mozilla/5.0 (compatible; bingbot/2.0; +http://www.bing.com/bingbot.htm)" "ysfine.com"
157.55.39.127 - - [09/Oct/2022:14:50:40 -0700] "GET /world/brit/dunf15b.jpg HTTP/1.1" 200 41554 "-" "Mozilla/5.0 (compatible; bingbot/2.0; +http://www.bing.com/bingbot.htm)" "ysfine.com"
157.55.39.127 - - [09/Oct/2022:14:50:52 -0700] "GET /bio/einstein/further.html HTTP/1.1" 404 88 "-" "Mozilla/5.0 AppleWebKit/537.36 (KHTML, like Gecko; compatible; bingbot/2.0; +http://www.bing.com/bingbot.htm) Chrome/103.0.5060.134 Safari/537.36" "ysfine.com"
173.73.80.118 - - [09/Oct/2022:14:51:39 -0700] "GET /home/yshome.html HTTP/1.1" 200 5704 "-" "Mozilla/5.0 (Windows NT 10.0; Win64; x64) AppleWebKit/537.36 (KHTML, like Gecko) Chrome/105.0.0.0 Safari/537.36" "ysfine.com"
173.73.80.118 - - [09/Oct/2022:14:51:39 -0700] "GET /ysbio/taylor500.jpg HTTP/1.1" 200 79197 "https://ysfine.com/home/yshome.html" "Mozilla/5.0 (Windows NT 10.0; Win64; x64) AppleWebKit/537.36 (KHTML, like Gecko) Chrome/105.0.0.0 Safari/537.36" "ysfine.com"
173.73.80.118 - - [09/Oct/2022:14:51:39 -0700] "GET /ysbio/eward55f.jpg HTTP/1.1" 200 122802 "https://ysfine.com/home/yshome.html" "Mozilla/5.0 (Windows NT 10.0; Win64; x64) AppleWebKit/537.36 (KHTML, like Gecko) Chrome/105.0.0.0 Safari/537.36" "ysfine.com"
173.73.80.118 - - [09/Oct/2022:14:51:39 -0700] "GET /ysbio/eink54f.jpg HTTP/1.1" 200 96332 "https://ysfine.com/home/yshome.html" "Mozilla/5.0 (Windows NT 10.0; Win64; x64) AppleWebKit/537.36 (KHTML, like Gecko) Chrome/105.0.0.0 Safari/537.36" "ysfine.com"
173.73.80.118 - - [09/Oct/2022:14:51:39 -0700] "GET /favicon.ico HTTP/1.1" 404 88 "https://ysfine.com/home/yshome.html" "Mozilla/5.0 (Windows NT 10.0; Win64; x64) AppleWebKit/537.36 (KHTML, like Gecko) Chrome/105.0.0.0 Safari/537.36" "ysfine.com"
173.73.80.118 - - [09/Oct/2022:14:51:53 -0700] "GET /ys11/ HTTP/1.1" 304 - "-" "Mozilla/5.0 (Windows NT 10.0; Win64; x64) AppleWebKit/537.36 (KHTML, like Gecko) Chrome/105.0.0.0 Safari/537.36" "ysfine.com"
157.55.39.55 - - [09/Oct/2022:14:52:10 -0700] "GET /wigner/gim/map02.jpg HTTP/1.1" 200 135793 "-" "Mozilla/5.0 (compatible; bingbot/2.0; +http://www.bing.com/bingbot.htm)" "www.ysfine.com"
157.55.39.55 - - [09/Oct/2022:14:52:21 -0700] "GET /bio/style/ystyle.html HTTP/1.1" 404 88 "-" "Mozilla/5.0 (compatible; bingbot/2.0; +http://www.bing.com/bingbot.htm)" "ysfine.com"
77.75.77.62 - - [09/Oct/2022:14:52:39 -0700] "GET /robots.txt HTTP/1.1" 404 88 "-" "Mozilla/5.0 (compatible; SeznamBot/3.2; +http://napoveda.seznam.cz/en/seznambot-intro/)" "ysfine.com"
77.75.77.62 - - [09/Oct/2022:14:52:41 -0700] "GET /world/baltic/tallin62.jpg HTTP/1.1" 304 - "-" "Mozilla/5.0 (compatible; SeznamBot/3.2; +http://napoveda.seznam.cz/en/seznambot-intro/)" "ysfine.com"
77.75.77.62 - - [09/Oct/2022:14:52:42 -0700] "GET /world/germany/benz17.jpg HTTP/1.1" 304 - "-" "Mozilla/5.0 (compatible; SeznamBot/3.2; +http://napoveda.seznam.cz/en/seznambot-intro/)" "ysfine.com"
77.75.77.62 - - [09/Oct/2022:14:52:42 -0700] "GET /world/russ/volga16.jpg HTTP/1.1" 200 107744 "-" "Mozilla/5.0 (compatible; SeznamBot/3.2; +http://napoveda.seznam.cz/en/seznambot-intro/)" "ysfine.com"
77.75.77.62 - - [09/Oct/2022:14:52:45 -0700] "GET /fbook/canal33a.jpg HTTP/1.1" 200 72942 "-" "Mozilla/5.0 (compatible; SeznamBot/3.2; +http://napoveda.seznam.cz/en/seznambot-intro/)" "ysfine.com"
77.75.77.62 - - [09/Oct/2022:14:52:47 -0700] "GET /style/egeor01.jpg HTTP/1.1" 200 321168 "-" "Mozilla/5.0 (compatible; SeznamBot/3.2; +http://napoveda.seznam.cz/en/seznambot-intro/)" "ysfine.com"
73.63.40.168 - - [09/Oct/2022:14:52:54 -0700] "GET /favicon.ico HTTP/1.1" 404 88 "-" "Mozilla/5.0 (X11; Linux x86_64; rv:102.0) Gecko/20100101 Goanna/5.2 Firefox/102.0 PaleMoon/31.3.0.1" "ysfine.com"
73.63.40.168 - - [09/Oct/2022:14:52:55 -0700] "GET /favicon.ico HTTP/1.1" 404 88 "-" "Mozilla/5.0 (X11; Linux x86_64; rv:102.0) Gecko/20100101 Goanna/5.2 Firefox/102.0 PaleMoon/31.3.0.1" "ysfine.com"
157.55.39.58 - - [09/Oct/2022:14:53:04 -0700] "GET /sbk/2007verein.jpg HTTP/1.1" 200 114552 "-" "Mozilla/5.0 (compatible; bingbot/2.0; +http://www.bing.com/bingbot.htm)" "ysfine.com"
197.218.102.144 - - [09/Oct/2022:14:53:13 -0700] "GET /wigner/neum/vnc01.jpg HTTP/1.1" 200 133641 "https://sites.google.com/" "Mozilla/5.0 (Linux; Android 11; Infinix X688B) AppleWebKit/537.36 (KHTML, like Gecko) Chrome/104.0.0.0 Mobile Safari/537.36" "ysfine.com"
40.77.167.27 - - [09/Oct/2022:14:54:29 -0700] "GET /world/ital/coloss04b.jpg HTTP/1.1" 200 42090 "-" "Mozilla/5.0 (compatible; bingbot/2.0; +http://www.bing.com/bingbot.htm)" "ysfine.com"
157.55.39.55 - - [09/Oct/2022:14:55:00 -0700] "GET /feynman/restof55.jpg HTTP/1.1" 200 72520 "-" "Mozilla/5.0 (compatible; bingbot/2.0; +http://www.bing.com/bingbot.htm)" "www.ysfine.com"
128.12.123.149 - - [09/Oct/2022:14:55:16 -0700] "GET /yspapers/iopbook15.pdf HTTP/1.1" 200 2962673 "https://www.google.com/" "Mozilla/5.0 (Macintosh; Intel Mac OS X 10_15_7) AppleWebKit/605.1.15 (KHTML, like Gecko) Version/16.0 Safari/605.1.15" "ysfine.com"
128.12.123.149 - - [09/Oct/2022:14:55:16 -0700] "GET /yspapers/iopbook15.pdf HTTP/1.1" 206 1023 "https://www.google.com/" "Mozilla/5.0 (Macintosh; Intel Mac OS X 10_15_7) AppleWebKit/605.1.15 (KHTML, like Gecko) Version/16.0 Safari/605.1.15" "ysfine.com"
128.12.123.149 - - [09/Oct/2022:14:55:25 -0700] "GET /favicon.ico HTTP/1.1" 404 88 "https://ysfine.com/yspapers/iopbook15.pdf" "Mozilla/5.0 (Macintosh; Intel Mac OS X 10_15_7) AppleWebKit/605.1.15 (KHTML, like Gecko) Version/16.0 Safari/605.1.15" "ysfine.com"
104.58.239.59 - - [09/Oct/2022:14:55:29 -0700] "GET /maga/phil/marxlon01.jpg HTTP/1.1" 200 263404 "https://www.google.com/" "Mozilla/5.0 (Windows NT 10.0; Win64; x64) AppleWebKit/537.36 (KHTML, like Gecko) Chrome/106.0.0.0 Safari/537.36" "ysfine.com"
77.88.5.233 - - [09/Oct/2022:14:55:50 -0700] "GET /maga/hermite.html HTTP/1.1" 200 4102 "-" "Mozilla/5.0 (compatible; YandexBot/3.0; +http://yandex.com/bots)" "www.ysfine.com"
192.99.0.47 - - [09/Oct/2022:14:56:59 -0700] "GET /bio/articles/kim89.pdf HTTP/1.1" 404 88 "-" "Mozilla/5.0 (compatible; MJ12bot/v1.4.8; http://mj12bot.com/)" "ysfine.com"
192.99.0.47 - - [09/Oct/2022:14:57:03 -0700] "GET /bio/articles/stg.pdf HTTP/1.1" 404 88 "-" "Mozilla/5.0 (compatible; MJ12bot/v1.4.8; http://mj12bot.com/)" "ysfine.com"
192.99.0.47 - - [09/Oct/2022:14:57:05 -0700] "GET /bio/awards/acs20.jpg HTTP/1.1" 404 88 "-" "Mozilla/5.0 (compatible; MJ12bot/v1.4.8; http://mj12bot.com/)" "ysfine.com"
192.99.0.47 - - [09/Oct/2022:14:57:11 -0700] "GET /bio/awards/bridge22.jpg HTTP/1.1" 404 88 "-" "Mozilla/5.0 (compatible; MJ12bot/v1.4.8; http://mj12bot.com/)" "ysfine.com"
157.55.39.127 - - [09/Oct/2022:14:57:12 -0700] "GET /bio/einstein/einkim.html HTTP/1.1" 404 88 "-" "Mozilla/5.0 (compatible; bingbot/2.0; +http://www.bing.com/bingbot.htm)" "ysfine.com"
192.99.0.47 - - [09/Oct/2022:14:57:21 -0700] "GET /bio/awards/iao.html HTTP/1.1" 404 88 "-" "Mozilla/5.0 (compatible; MJ12bot/v1.4.8; http://mj12bot.com/)" "ysfine.com"
192.99.0.47 - - [09/Oct/2022:14:57:24 -0700] "GET /bio/awards/iaotp/yskim.pdf HTTP/1.1" 404 88 "-" "Mozilla/5.0 (compatible; MJ12bot/v1.4.8; http://mj12bot.com/)" "ysfine.com"
192.99.0.47 - - [09/Oct/2022:14:57:26 -0700] "GET /bio/awards/marq.html HTTP/1.1" 404 88 "-" "Mozilla/5.0 (compatible; MJ12bot/v1.4.8; http://mj12bot.com/)" "ysfine.com"
192.99.0.47 - - [09/Oct/2022:14:57:29 -0700] "GET /bio/awards/marq/marq22.jpg HTTP/1.1" 404 88 "-" "Mozilla/5.0 (compatible; MJ12bot/v1.4.8; http://mj12bot.com/)" "ysfine.com"
192.99.0.47 - - [09/Oct/2022:14:57:31 -0700] "GET /bio/awards/marq/marq22.pdf HTTP/1.1" 404 88 "-" "Mozilla/5.0 (compatible; MJ12bot/v1.4.8; http://mj12bot.com/)" "ysfine.com"
192.99.0.47 - - [09/Oct/2022:14:57:33 -0700] "GET /bio/awards/marq/mille33.jpg HTTP/1.1" 404 88 "-" "Mozilla/5.0 (compatible; MJ12bot/v1.4.8; http://mj12bot.com/)" "ysfine.com"
192.99.0.47 - - [09/Oct/2022:14:57:40 -0700] "GET /bio/awards/timessq33.jpg HTTP/1.1" 404 88 "-" "Mozilla/5.0 (compatible; MJ12bot/v1.4.8; http://mj12bot.com/)" "ysfine.com"
192.99.0.47 - - [09/Oct/2022:14:57:44 -0700] "GET /bio/awards/top100f.jpg HTTP/1.1" 404 88 "-" "Mozilla/5.0 (compatible; MJ12bot/v1.4.8; http://mj12bot.com/)" "ysfine.com"
192.99.0.47 - - [09/Oct/2022:14:58:03 -0700] "GET /bio/beau/amkor/amparis04.jpg HTTP/1.1" 404 88 "-" "Mozilla/5.0 (compatible; MJ12bot/v1.4.8; http://mj12bot.com/)" "ysfine.com"
20.219.38.107 - - [09/Oct/2022:14:58:06 -0700] "GET /wp-includes/ID3/license.txt HTTP/1.1" 404 73 "-" "Mozilla/5.0 (Windows NT 10.0; Win64; x64) AppleWebKit/537.36 (KHTML, like Gecko) Chrome/95.0.4638.69 Safari/537.36" "ysfine.com"
192.99.0.47 - - [09/Oct/2022:14:58:06 -0700] "GET /bio/beau/amkor/amstu20.jpg HTTP/1.1" 404 88 "-" "Mozilla/5.0 (compatible; MJ12bot/v1.4.8; http://mj12bot.com/)" "ysfine.com"
192.99.0.47 - - [09/Oct/2022:14:58:10 -0700] "GET /bio/beau/amkor/koparis02.jpg HTTP/1.1" 404 88 "-" "Mozilla/5.0 (compatible; MJ12bot/v1.4.8; http://mj12bot.com/)" "ysfine.com"
20.219.38.107 - - [09/Oct/2022:14:58:10 -0700] "GET /wordpress/wp-includes/wlwmanifest.xml HTTP/1.1" 404 73 "-" "Mozilla/5.0 (Windows NT 10.0; Win64; x64) AppleWebKit/537.36 (KHTML, like Gecko) Chrome/95.0.4638.69 Safari/537.36" "ysfine.com"
20.219.38.107 - - [09/Oct/2022:14:58:12 -0700] "GET /2020/wp-includes/wlwmanifest.xml HTTP/1.1" 404 73 "-" "Mozilla/5.0 (Windows NT 10.0; Win64; x64) AppleWebKit/537.36 (KHTML, like Gecko) Chrome/95.0.4638.69 Safari/537.36" "ysfine.com"
192.99.0.47 - - [09/Oct/2022:14:58:13 -0700] "GET /bio/beau/amkor/kostu06.jpg HTTP/1.1" 404 88 "-" "Mozilla/5.0 (compatible; MJ12bot/v1.4.8; http://mj12bot.com/)" "ysfine.com"
20.219.38.107 - - [09/Oct/2022:14:58:14 -0700] "GET /2021/wp-includes/wlwmanifest.xml HTTP/1.1" 404 73 "-" "Mozilla/5.0 (Windows NT 10.0; Win64; x64) AppleWebKit/537.36 (KHTML, like Gecko) Chrome/95.0.4638.69 Safari/537.36" "ysfine.com"
20.219.38.107 - - [09/Oct/2022:14:58:15 -0700] "GET /shop/wp-includes/wlwmanifest.xml HTTP/1.1" 404 73 "-" "Mozilla/5.0 (Windows NT 10.0; Win64; x64) AppleWebKit/537.36 (KHTML, like Gecko) Chrome/95.0.4638.69 Safari/537.36" "ysfine.com"
