99.242.12.160 - - [09/Oct/2022:08:55:47 -0700] "GET /eink/michwight22d.jpg HTTP/1.1" 200 47211 "https://ysfine.com/eink/mose.html" "Mozilla/5.0 (Linux; Android 12; SM-P610) AppleWebKit/537.36 (KHTML, like Gecko) Chrome/106.0.0.0 Safari/537.36" "ysfine.com"
99.242.12.160 - - [09/Oct/2022:08:55:47 -0700] "GET /eink/inonu97d.jpg HTTP/1.1" 200 41351 "https://ysfine.com/eink/mose.html" "Mozilla/5.0 (Linux; Android 12; SM-P610) AppleWebKit/537.36 (KHTML, like Gecko) Chrome/106.0.0.0 Safari/537.36" "ysfine.com"
99.242.12.160 - - [09/Oct/2022:08:55:47 -0700] "GET /eink/zhuxi300.jpg HTTP/1.1" 200 49536 "https://ysfine.com/eink/mose.html" "Mozilla/5.0 (Linux; Android 12; SM-P610) AppleWebKit/537.36 (KHTML, like Gecko) Chrome/106.0.0.0 Safari/537.36" "ysfine.com"
222.95.255.235 - - [09/Oct/2022:08:55:55 -0700] "GET /maga/phys/schrod11.jpg HTTP/1.1" 200 107958 "https://cn.bing.com/" "Mozilla/5.0 (Windows NT 10.0; Win64; x64) AppleWebKit/537.36 (KHTML, like Gecko) Chrome/106.0.0.0 Safari/537.36 Edg/106.0.1370.37" "www.ysfine.com"
99.242.12.160 - - [09/Oct/2022:08:56:32 -0700] "GET /princeton/ysrhee33.jpg HTTP/1.1" 200 112060 "https://ysfine.com/eink/mose.html" "Mozilla/5.0 (Linux; Android 12; SM-P610) AppleWebKit/537.36 (KHTML, like Gecko) Chrome/106.0.0.0 Safari/537.36" "ysfine.com"
157.55.39.55 - - [09/Oct/2022:08:56:56 -0700] "GET /world/jeru.html HTTP/1.1" 200 6991 "-" "Mozilla/5.0 (compatible; bingbot/2.0; +http://www.bing.com/bingbot.htm)" "www.ysfine.com"
157.55.39.55 - - [09/Oct/2022:08:57:37 -0700] "GET /bio/style/ystyle.html HTTP/1.1" 404 88 "-" "Mozilla/5.0 (compatible; bingbot/2.0; +http://www.bing.com/bingbot.htm)" "ysfine.com"
207.46.13.102 - - [09/Oct/2022:08:57:42 -0700] "GET /sbk/2007waw33.jpg HTTP/1.1" 200 124686 "-" "Mozilla/5.0 (compatible; bingbot/2.0; +http://www.bing.com/bingbot.htm)" "ysfine.com"
207.46.13.102 - - [09/Oct/2022:08:57:43 -0700] "GET /bio/style/music.html HTTP/1.1" 404 88 "-" "Mozilla/5.0 (compatible; bingbot/2.0; +http://www.bing.com/bingbot.htm)" "ysfine.com"
157.55.39.128 - - [09/Oct/2022:08:59:02 -0700] "GET /bio/maga/yukawa.html HTTP/1.1" 404 88 "-" "Mozilla/5.0 (compatible; bingbot/2.0; +http://www.bing.com/bingbot.htm)" "ysfine.com"
157.55.39.127 - - [09/Oct/2022:08:59:45 -0700] "GET /world/poland/palaceof15.jpg HTTP/1.1" 200 120341 "-" "Mozilla/5.0 (compatible; bingbot/2.0; +http://www.bing.com/bingbot.htm)" "ysfine.com"
157.55.39.127 - - [09/Oct/2022:08:59:46 -0700] "GET /world/ital/romef108.jpg HTTP/1.1" 200 87248 "-" "Mozilla/5.0 (compatible; bingbot/2.0; +http://www.bing.com/bingbot.htm)" "ysfine.com"
61.147.15.65 - - [09/Oct/2022:08:59:49 -0700] "GET /favicon.ico HTTP/1.1" 404 88 "-" "Dalvik/2.1.0 (Linux; U; Android 9.0; ZTE BA520 Build/MRA58K)" "www.ysfine.com"
61.147.15.65 - - [09/Oct/2022:08:59:53 -0700] "GET /favicon.ico HTTP/1.1" 404 88 "-" "Dalvik/2.1.0 (Linux; U; Android 9.0; ZTE BA520 Build/MRA58K)" "www.ysfine.com"
66.249.66.43 - - [09/Oct/2022:09:00:51 -0700] "GET /world/ital/verona16.jpg HTTP/1.1" 200 116788 "-" "Googlebot-Image/1.0" "ysfine.com"
157.55.39.58 - - [09/Oct/2022:09:00:52 -0700] "GET /bio/dirac/dirkim.html HTTP/1.1" 404 88 "-" "Mozilla/5.0 (compatible; bingbot/2.0; +http://www.bing.com/bingbot.htm)" "ysfine.com"
157.55.39.55 - - [09/Oct/2022:09:01:07 -0700] "GET /bio/style/ystyle.html HTTP/1.1" 404 88 "-" "Mozilla/5.0 (compatible; bingbot/2.0; +http://www.bing.com/bingbot.htm)" "ysfine.com"
23.88.59.192 - - [09/Oct/2022:09:01:09 -0700] "GET /wdc/usna16.jpg HTTP/1.1" 200 90387 "-" "Mozilla/5.0 (X11; Fedora; Linux x86_64) AppleWebKit/537.36 (KHTML, like Gecko) Chrome/79.0.3945.117 Safari/537.36" "www.ysfine.com"
189.62.47.139 - - [09/Oct/2022:09:01:51 -0700] "GET /world/spain/cordo03.jpg HTTP/1.1" 200 336171 "https://www.google.com/" "Mozilla/5.0 (Macintosh; Intel Mac OS X 10_15_7) AppleWebKit/537.36 (KHTML, like Gecko) Chrome/105.0.0.0 Safari/537.36" "ysfine.com"
61.147.15.67 - - [09/Oct/2022:09:01:56 -0700] "GET / HTTP/1.1" 200 5283 "-" "Dalvik/2.1.0 (Linux; U; Android 9.0; ZTE BA520 Build/MRA58K)" "www.ysfine.com"
61.147.15.67 - - [09/Oct/2022:09:02:13 -0700] "GET / HTTP/1.1" 200 5283 "-" "Mozilla/5.0 (Macintosh; Intel Mac OS X 10_11) AppleWebKit/601.1.27 (KHTML, like Gecko) Chrome/47.0.2526.106 Safari/601.1.27" "www.ysfine.com"
61.147.15.65 - - [09/Oct/2022:09:02:24 -0700] "GET / HTTP/1.1" 200 5283 "-" "Mozilla/5.0 (X11; U; Linux i686; en-US; rv:1.9.0.6) Gecko/2009012700 SUSE/3.0.6-0.1 Firefox/3.0.6" "www.ysfine.com"
61.147.15.67 - - [09/Oct/2022:09:02:24 -0700] "GET / HTTP/1.1" 200 5283 "-" "Dalvik/2.1.0 (Linux; U; Android 9.0; ZTE BA520 Build/MRA58K)" "www.ysfine.com"
61.147.15.67 - - [09/Oct/2022:09:02:32 -0700] "GET / HTTP/1.1" 200 5283 "-" "Mozilla/5.0 (Macintosh; Intel Mac OS X 10_11) AppleWebKit/601.1.27 (KHTML, like Gecko) Chrome/47.0.2526.106 Safari/601.1.27" "www.ysfine.com"
98.114.61.200 - - [09/Oct/2022:09:02:53 -0700] "GET /princeton/alexan11.jpg HTTP/1.1" 200 118946 "https://www.google.com/" "Mozilla/5.0 (Macintosh; Intel Mac OS X 10_15_7) AppleWebKit/537.36 (KHTML, like Gecko) Chrome/99.0.4844.84 Safari/537.36" "ysfine.com"
157.55.39.55 - - [09/Oct/2022:09:02:57 -0700] "GET /bio/world/brit/lonstore.html HTTP/1.1" 404 88 "-" "Mozilla/5.0 (compatible; bingbot/2.0; +http://www.bing.com/bingbot.htm)" "ysfine.com"
157.55.39.127 - - [09/Oct/2022:09:03:37 -0700] "GET /bio/einstein/einstorie.html HTTP/1.1" 404 88 "-" "Mozilla/5.0 (compatible; bingbot/2.0; +http://www.bing.com/bingbot.htm)" "ysfine.com"
24.123.116.210 - - [09/Oct/2022:09:03:48 -0700] "GET /kobak/soraech.html HTTP/1.1" 200 16670 "https://www.google.com/" "Mozilla/5.0 (Macintosh; Intel Mac OS X 10_15_7) AppleWebKit/605.1.15 (KHTML, like Gecko) Version/15.5 Safari/605.1.15" "ysfine.com"
24.123.116.210 - - [09/Oct/2022:09:03:48 -0700] "GET /kobak/sorae/alexvic11b.jpg HTTP/1.1" 200 47312 "https://ysfine.com/kobak/soraech.html" "Mozilla/5.0 (Macintosh; Intel Mac OS X 10_15_7) AppleWebKit/605.1.15 (KHTML, like Gecko) Version/15.5 Safari/605.1.15" "ysfine.com"
24.123.116.210 - - [09/Oct/2022:09:03:48 -0700] "GET /kobak/sorae/church103b.jpg HTTP/1.1" 200 41194 "https://ysfine.com/kobak/soraech.html" "Mozilla/5.0 (Macintosh; Intel Mac OS X 10_15_7) AppleWebKit/605.1.15 (KHTML, like Gecko) Version/15.5 Safari/605.1.15" "ysfine.com"
24.123.116.210 - - [09/Oct/2022:09:03:48 -0700] "GET /kobak/sorae/church102b.jpg HTTP/1.1" 200 39343 "https://ysfine.com/kobak/soraech.html" "Mozilla/5.0 (Macintosh; Intel Mac OS X 10_15_7) AppleWebKit/605.1.15 (KHTML, like Gecko) Version/15.5 Safari/605.1.15" "ysfine.com"
24.123.116.210 - - [09/Oct/2022:09:03:48 -0700] "GET /kobak/underw08b.jpg HTTP/1.1" 200 48993 "https://ysfine.com/kobak/soraech.html" "Mozilla/5.0 (Macintosh; Intel Mac OS X 10_15_7) AppleWebKit/605.1.15 (KHTML, like Gecko) Version/15.5 Safari/605.1.15" "ysfine.com"
24.123.116.210 - - [09/Oct/2022:09:03:48 -0700] "GET /kobak/sorae/church05b.jpg HTTP/1.1" 200 66213 "https://ysfine.com/kobak/soraech.html" "Mozilla/5.0 (Macintosh; Intel Mac OS X 10_15_7) AppleWebKit/605.1.15 (KHTML, like Gecko) Version/15.5 Safari/605.1.15" "ysfine.com"
24.123.116.210 - - [09/Oct/2022:09:03:48 -0700] "GET /kobak/underw21b.jpg HTTP/1.1" 200 45991 "https://ysfine.com/kobak/soraech.html" "Mozilla/5.0 (Macintosh; Intel Mac OS X 10_15_7) AppleWebKit/605.1.15 (KHTML, like Gecko) Version/15.5 Safari/605.1.15" "ysfine.com"
24.123.116.210 - - [09/Oct/2022:09:03:48 -0700] "GET /kobak/mskim03b.jpg HTTP/1.1" 200 44430 "https://ysfine.com/kobak/soraech.html" "Mozilla/5.0 (Macintosh; Intel Mac OS X 10_15_7) AppleWebKit/605.1.15 (KHTML, like Gecko) Version/15.5 Safari/605.1.15" "ysfine.com"
24.123.116.210 - - [09/Oct/2022:09:03:48 -0700] "GET /kobak/underw12b.jpg HTTP/1.1" 200 42070 "https://ysfine.com/kobak/soraech.html" "Mozilla/5.0 (Macintosh; Intel Mac OS X 10_15_7) AppleWebKit/605.1.15 (KHTML, like Gecko) Version/15.5 Safari/605.1.15" "ysfine.com"
24.123.116.210 - - [09/Oct/2022:09:03:48 -0700] "GET /kobak/sorae/church03b.jpg HTTP/1.1" 200 50665 "https://ysfine.com/kobak/soraech.html" "Mozilla/5.0 (Macintosh; Intel Mac OS X 10_15_7) AppleWebKit/605.1.15 (KHTML, like Gecko) Version/15.5 Safari/605.1.15" "ysfine.com"
24.123.116.210 - - [09/Oct/2022:09:03:48 -0700] "GET /kobak/sorae/church07b.jpg HTTP/1.1" 200 55556 "https://ysfine.com/kobak/soraech.html" "Mozilla/5.0 (Macintosh; Intel Mac OS X 10_15_7) AppleWebKit/605.1.15 (KHTML, like Gecko) Version/15.5 Safari/605.1.15" "ysfine.com"
24.123.116.210 - - [09/Oct/2022:09:03:48 -0700] "GET /kobak/sohnwi01b.jpg HTTP/1.1" 200 35047 "https://ysfine.com/kobak/soraech.html" "Mozilla/5.0 (Macintosh; Intel Mac OS X 10_15_7) AppleWebKit/605.1.15 (KHTML, like Gecko) Version/15.5 Safari/605.1.15" "ysfine.com"
24.123.116.210 - - [09/Oct/2022:09:03:48 -0700] "GET /kobak/gojong01b.jpg HTTP/1.1" 200 43980 "https://ysfine.com/kobak/soraech.html" "Mozilla/5.0 (Macintosh; Intel Mac OS X 10_15_7) AppleWebKit/605.1.15 (KHTML, like Gecko) Version/15.5 Safari/605.1.15" "ysfine.com"
24.123.116.210 - - [09/Oct/2022:09:03:48 -0700] "GET /kobak/sorae01b.jpg HTTP/1.1" 200 31668 "https://ysfine.com/kobak/soraech.html" "Mozilla/5.0 (Macintosh; Intel Mac OS X 10_15_7) AppleWebKit/605.1.15 (KHTML, like Gecko) Version/15.5 Safari/605.1.15" "ysfine.com"
24.123.116.210 - - [09/Oct/2022:09:03:48 -0700] "GET /kobak/somap38b.jpg HTTP/1.1" 200 54149 "https://ysfine.com/kobak/soraech.html" "Mozilla/5.0 (Macintosh; Intel Mac OS X 10_15_7) AppleWebKit/605.1.15 (KHTML, like Gecko) Version/15.5 Safari/605.1.15" "ysfine.com"
24.123.116.210 - - [09/Oct/2022:09:03:48 -0700] "GET /kobak/underw22b.jpg HTTP/1.1" 200 68866 "https://ysfine.com/kobak/soraech.html" "Mozilla/5.0 (Macintosh; Intel Mac OS X 10_15_7) AppleWebKit/605.1.15 (KHTML, like Gecko) Version/15.5 Safari/605.1.15" "ysfine.com"
24.123.116.210 - - [09/Oct/2022:09:03:48 -0700] "GET /kobak/underw26b.jpg HTTP/1.1" 200 56057 "https://ysfine.com/kobak/soraech.html" "Mozilla/5.0 (Macintosh; Intel Mac OS X 10_15_7) AppleWebKit/605.1.15 (KHTML, like Gecko) Version/15.5 Safari/605.1.15" "ysfine.com"
24.123.116.210 - - [09/Oct/2022:09:03:48 -0700] "GET /kobak/sorae/church12b.jpg HTTP/1.1" 200 56689 "https://ysfine.com/kobak/soraech.html" "Mozilla/5.0 (Macintosh; Intel Mac OS X 10_15_7) AppleWebKit/605.1.15 (KHTML, like Gecko) Version/15.5 Safari/605.1.15" "ysfine.com"
24.123.116.210 - - [09/Oct/2022:09:03:48 -0700] "GET /kobak/sorae/church06b.jpg HTTP/1.1" 200 49022 "https://ysfine.com/kobak/soraech.html" "Mozilla/5.0 (Macintosh; Intel Mac OS X 10_15_7) AppleWebKit/605.1.15 (KHTML, like Gecko) Version/15.5 Safari/605.1.15" "ysfine.com"
24.123.116.210 - - [09/Oct/2022:09:03:48 -0700] "GET /kobak/nll01b.jpg HTTP/1.1" 200 30471 "https://ysfine.com/kobak/soraech.html" "Mozilla/5.0 (Macintosh; Intel Mac OS X 10_15_7) AppleWebKit/605.1.15 (KHTML, like Gecko) Version/15.5 Safari/605.1.15" "ysfine.com"
24.123.116.210 - - [09/Oct/2022:09:03:48 -0700] "GET /kobak/underw25b.jpg HTTP/1.1" 200 36194 "https://ysfine.com/kobak/soraech.html" "Mozilla/5.0 (Macintosh; Intel Mac OS X 10_15_7) AppleWebKit/605.1.15 (KHTML, like Gecko) Version/15.5 Safari/605.1.15" "ysfine.com"
24.123.116.210 - - [09/Oct/2022:09:03:48 -0700] "GET /kobak/underw09b.jpg HTTP/1.1" 200 60928 "https://ysfine.com/kobak/soraech.html" "Mozilla/5.0 (Macintosh; Intel Mac OS X 10_15_7) AppleWebKit/605.1.15 (KHTML, like Gecko) Version/15.5 Safari/605.1.15" "ysfine.com"
24.123.116.210 - - [09/Oct/2022:09:03:48 -0700] "GET /kowar/kimis53b.jpg HTTP/1.1" 200 44376 "https://ysfine.com/kobak/soraech.html" "Mozilla/5.0 (Macintosh; Intel Mac OS X 10_15_7) AppleWebKit/605.1.15 (KHTML, like Gecko) Version/15.5 Safari/605.1.15" "ysfine.com"
24.123.116.210 - - [09/Oct/2022:09:03:48 -0700] "GET /kobak/underw01b.jpg HTTP/1.1" 200 36835 "https://ysfine.com/kobak/soraech.html" "Mozilla/5.0 (Macintosh; Intel Mac OS X 10_15_7) AppleWebKit/605.1.15 (KHTML, like Gecko) Version/15.5 Safari/605.1.15" "ysfine.com"
24.123.116.210 - - [09/Oct/2022:09:03:48 -0700] "GET /world/russ/roskei90b.jpg HTTP/1.1" 200 50111 "https://ysfine.com/kobak/soraech.html" "Mozilla/5.0 (Macintosh; Intel Mac OS X 10_15_7) AppleWebKit/605.1.15 (KHTML, like Gecko) Version/15.5 Safari/605.1.15" "ysfine.com"
24.123.116.210 - - [09/Oct/2022:09:03:48 -0700] "GET /kobak/sorae/church09b.jpg HTTP/1.1" 200 63003 "https://ysfine.com/kobak/soraech.html" "Mozilla/5.0 (Macintosh; Intel Mac OS X 10_15_7) AppleWebKit/605.1.15 (KHTML, like Gecko) Version/15.5 Safari/605.1.15" "ysfine.com"
24.123.116.210 - - [09/Oct/2022:09:03:48 -0700] "GET /kobak/sorae/kumipo01b.jpg HTTP/1.1" 200 30861 "https://ysfine.com/kobak/soraech.html" "Mozilla/5.0 (Macintosh; Intel Mac OS X 10_15_7) AppleWebKit/605.1.15 (KHTML, like Gecko) Version/15.5 Safari/605.1.15" "ysfine.com"
24.123.116.210 - - [09/Oct/2022:09:03:48 -0700] "GET /kobak/mskim01b.jpg HTTP/1.1" 200 51469 "https://ysfine.com/kobak/soraech.html" "Mozilla/5.0 (Macintosh; Intel Mac OS X 10_15_7) AppleWebKit/605.1.15 (KHTML, like Gecko) Version/15.5 Safari/605.1.15" "ysfine.com"
24.123.116.210 - - [09/Oct/2022:09:03:48 -0700] "GET /kobak/rhee12b.jpg HTTP/1.1" 200 49113 "https://ysfine.com/kobak/soraech.html" "Mozilla/5.0 (Macintosh; Intel Mac OS X 10_15_7) AppleWebKit/605.1.15 (KHTML, like Gecko) Version/15.5 Safari/605.1.15" "ysfine.com"
24.123.116.210 - - [09/Oct/2022:09:03:48 -0700] "GET /kobak/underw06b.jpg HTTP/1.1" 200 51332 "https://ysfine.com/kobak/soraech.html" "Mozilla/5.0 (Macintosh; Intel Mac OS X 10_15_7) AppleWebKit/605.1.15 (KHTML, like Gecko) Version/15.5 Safari/605.1.15" "ysfine.com"
24.123.116.210 - - [09/Oct/2022:09:03:50 -0700] "GET /favicon.ico HTTP/1.1" 404 88 "https://ysfine.com/kobak/soraech.html" "Mozilla/5.0 (Macintosh; Intel Mac OS X 10_15_7) AppleWebKit/605.1.15 (KHTML, like Gecko) Version/15.5 Safari/605.1.15" "ysfine.com"
157.55.39.55 - - [09/Oct/2022:09:04:18 -0700] "GET /bio/world/russ/khahi.html HTTP/1.1" 404 88 "-" "Mozilla/5.0 (compatible; bingbot/2.0; +http://www.bing.com/bingbot.htm)" "ysfine.com"
93.158.161.46 - - [09/Oct/2022:09:04:37 -0700] "GET /maga/pupin.html HTTP/1.1" 200 5043 "-" "Mozilla/5.0 (compatible; YandexBot/3.0; +http://yandex.com/bots)" "www.ysfine.com"
157.55.39.58 - - [09/Oct/2022:09:05:41 -0700] "GET /bio/world/nice.html HTTP/1.1" 404 88 "-" "Mozilla/5.0 (compatible; bingbot/2.0; +http://www.bing.com/bingbot.htm)" "ysfine.com"
66.249.66.44 - - [09/Oct/2022:09:05:51 -0700] "GET /beau/japanf.html HTTP/1.1" 404 88 "-" "Mozilla/5.0 (Linux; Android 6.0.1; Nexus 5X Build/MMB29P) AppleWebKit/537.36 (KHTML, like Gecko) Chrome/105.0.5195.125 Mobile Safari/537.36 (compatible; Googlebot/2.1; +http://www.google.com/bot.html)" "ysfine.com"
24.123.116.210 - - [09/Oct/2022:09:05:53 -0700] "GET /kobak/sorae/church03.jpg HTTP/1.1" 200 132707 "https://ysfine.com/kobak/soraech.html" "Mozilla/5.0 (Macintosh; Intel Mac OS X 10_15_7) AppleWebKit/605.1.15 (KHTML, like Gecko) Version/15.5 Safari/605.1.15" "ysfine.com"
5.188.210.38 - - [09/Oct/2022:09:05:53 -0700] "GET /world/travel.html HTTP/1.1" 200 5186 "https://www.ysfine.com/world/travel.html" "Mozilla/5.0 (Windows NT 10.0; Win64; x64) AppleWebKit/537.36 (KHTML, like Gecko) Chrome/90.0.4430.72 Safari/537.36 Edg/90.0.818.39" "www.ysfine.com"
5.188.210.38 - - [09/Oct/2022:09:05:56 -0700] "GET / HTTP/1.1" 200 15910 "https://www.ysfine.com/" "Mozilla/5.0 (Windows NT 10.0; Win64; x64) AppleWebKit/537.36 (KHTML, like Gecko) Chrome/90.0.4430.72 Safari/537.36 Edg/90.0.818.39" "www.ysfine.com"
24.123.116.210 - - [09/Oct/2022:09:07:41 -0700] "GET /eink/mose.html HTTP/1.1" 200 14315 "-" "Mozilla/5.0 (Macintosh; Intel Mac OS X 10_15_7) AppleWebKit/605.1.15 (KHTML, like Gecko) Version/15.5 Safari/605.1.15" "ysfine.com"
24.123.116.210 - - [09/Oct/2022:09:07:41 -0700] "GET /eink/eink400.jpg HTTP/1.1" 200 49740 "https://ysfine.com/eink/mose.html" "Mozilla/5.0 (Macintosh; Intel Mac OS X 10_15_7) AppleWebKit/605.1.15 (KHTML, like Gecko) Version/15.5 Safari/605.1.15" "ysfine.com"
24.123.116.210 - - [09/Oct/2022:09:07:41 -0700] "GET /eink/moses450.jpg HTTP/1.1" 200 109858 "https://ysfine.com/eink/mose.html" "Mozilla/5.0 (Macintosh; Intel Mac OS X 10_15_7) AppleWebKit/605.1.15 (KHTML, like Gecko) Version/15.5 Safari/605.1.15" "ysfine.com"
24.123.116.210 - - [09/Oct/2022:09:07:41 -0700] "GET /eink/rheepr01d.jpg HTTP/1.1" 200 52650 "https://ysfine.com/eink/mose.html" "Mozilla/5.0 (Macintosh; Intel Mac OS X 10_15_7) AppleWebKit/605.1.15 (KHTML, like Gecko) Version/15.5 Safari/605.1.15" "ysfine.com"
24.123.116.210 - - [09/Oct/2022:09:07:41 -0700] "GET /eink/ysrhee33d.jpg HTTP/1.1" 200 38065 "https://ysfine.com/eink/mose.html" "Mozilla/5.0 (Macintosh; Intel Mac OS X 10_15_7) AppleWebKit/605.1.15 (KHTML, like Gecko) Version/15.5 Safari/605.1.15" "ysfine.com"
24.123.116.210 - - [09/Oct/2022:09:07:41 -0700] "GET /eink/pwk450.jpg HTTP/1.1" 200 84974 "https://ysfine.com/eink/mose.html" "Mozilla/5.0 (Macintosh; Intel Mac OS X 10_15_7) AppleWebKit/605.1.15 (KHTML, like Gecko) Version/15.5 Safari/605.1.15" "ysfine.com"
24.123.116.210 - - [09/Oct/2022:09:07:41 -0700] "GET /eink/evol77a.jpg HTTP/1.1" 200 87188 "https://ysfine.com/eink/mose.html" "Mozilla/5.0 (Macintosh; Intel Mac OS X 10_15_7) AppleWebKit/605.1.15 (KHTML, like Gecko) Version/15.5 Safari/605.1.15" "ysfine.com"
24.123.116.210 - - [09/Oct/2022:09:07:41 -0700] "GET /eink/feygell88f.jpg HTTP/1.1" 200 96630 "https://ysfine.com/eink/mose.html" "Mozilla/5.0 (Macintosh; Intel Mac OS X 10_15_7) AppleWebKit/605.1.15 (KHTML, like Gecko) Version/15.5 Safari/605.1.15" "ysfine.com"
24.123.116.210 - - [09/Oct/2022:09:07:41 -0700] "GET /eink/isomor55d.jpg HTTP/1.1" 200 54587 "https://ysfine.com/eink/mose.html" "Mozilla/5.0 (Macintosh; Intel Mac OS X 10_15_7) AppleWebKit/605.1.15 (KHTML, like Gecko) Version/15.5 Safari/605.1.15" "ysfine.com"
24.123.116.210 - - [09/Oct/2022:09:07:41 -0700] "GET /eink/eintao33d.jpg HTTP/1.1" 200 51097 "https://ysfine.com/eink/mose.html" "Mozilla/5.0 (Macintosh; Intel Mac OS X 10_15_7) AppleWebKit/605.1.15 (KHTML, like Gecko) Version/15.5 Safari/605.1.15" "ysfine.com"
24.123.116.210 - - [09/Oct/2022:09:07:41 -0700] "GET /eink/wigkim11d.jpg HTTP/1.1" 200 51892 "https://ysfine.com/eink/mose.html" "Mozilla/5.0 (Macintosh; Intel Mac OS X 10_15_7) AppleWebKit/605.1.15 (KHTML, like Gecko) Version/15.5 Safari/605.1.15" "ysfine.com"
24.123.116.210 - - [09/Oct/2022:09:07:41 -0700] "GET /eink/dirbust22d.jpg HTTP/1.1" 200 52160 "https://ysfine.com/eink/mose.html" "Mozilla/5.0 (Macintosh; Intel Mac OS X 10_15_7) AppleWebKit/605.1.15 (KHTML, like Gecko) Version/15.5 Safari/605.1.15" "ysfine.com"
24.123.116.210 - - [09/Oct/2022:09:07:41 -0700] "GET /eink/zhuxi300.jpg HTTP/1.1" 200 49536 "https://ysfine.com/eink/mose.html" "Mozilla/5.0 (Macintosh; Intel Mac OS X 10_15_7) AppleWebKit/605.1.15 (KHTML, like Gecko) Version/15.5 Safari/605.1.15" "ysfine.com"
24.123.116.210 - - [09/Oct/2022:09:07:41 -0700] "GET /eink/feyfirm55c.jpg HTTP/1.1" 200 32171 "https://ysfine.com/eink/mose.html" "Mozilla/5.0 (Macintosh; Intel Mac OS X 10_15_7) AppleWebKit/605.1.15 (KHTML, like Gecko) Version/15.5 Safari/605.1.15" "ysfine.com"
24.123.116.210 - - [09/Oct/2022:09:07:41 -0700] "GET /eink/further22f.jpg HTTP/1.1" 200 99099 "https://ysfine.com/eink/mose.html" "Mozilla/5.0 (Macintosh; Intel Mac OS X 10_15_7) AppleWebKit/605.1.15 (KHTML, like Gecko) Version/15.5 Safari/605.1.15" "ysfine.com"
24.123.116.210 - - [09/Oct/2022:09:07:41 -0700] "GET /eink/sorae01d.jpg HTTP/1.1" 200 35433 "https://ysfine.com/eink/mose.html" "Mozilla/5.0 (Macintosh; Intel Mac OS X 10_15_7) AppleWebKit/605.1.15 (KHTML, like Gecko) Version/15.5 Safari/605.1.15" "ysfine.com"
24.123.116.210 - - [09/Oct/2022:09:07:41 -0700] "GET /eink/eink54f.jpg HTTP/1.1" 200 98068 "https://ysfine.com/eink/mose.html" "Mozilla/5.0 (Macintosh; Intel Mac OS X 10_15_7) AppleWebKit/605.1.15 (KHTML, like Gecko) Version/15.5 Safari/605.1.15" "ysfine.com"
24.123.116.210 - - [09/Oct/2022:09:07:41 -0700] "GET /eink/michwight11d.jpg HTTP/1.1" 200 57798 "https://ysfine.com/eink/mose.html" "Mozilla/5.0 (Macintosh; Intel Mac OS X 10_15_7) AppleWebKit/605.1.15 (KHTML, like Gecko) Version/15.5 Safari/605.1.15" "ysfine.com"
24.123.116.210 - - [09/Oct/2022:09:07:41 -0700] "GET /eink/eintao55d.jpg HTTP/1.1" 200 50540 "https://ysfine.com/eink/mose.html" "Mozilla/5.0 (Macintosh; Intel Mac OS X 10_15_7) AppleWebKit/605.1.15 (KHTML, like Gecko) Version/15.5 Safari/605.1.15" "ysfine.com"
24.123.116.210 - - [09/Oct/2022:09:07:41 -0700] "GET /eink/underw03d.jpg HTTP/1.1" 200 40793 "https://ysfine.com/eink/mose.html" "Mozilla/5.0 (Macintosh; Intel Mac OS X 10_15_7) AppleWebKit/605.1.15 (KHTML, like Gecko) Version/15.5 Safari/605.1.15" "ysfine.com"
24.123.116.210 - - [09/Oct/2022:09:07:41 -0700] "GET /eink/parton33f.jpg HTTP/1.1" 200 87862 "https://ysfine.com/eink/mose.html" "Mozilla/5.0 (Macintosh; Intel Mac OS X 10_15_7) AppleWebKit/605.1.15 (KHTML, like Gecko) Version/15.5 Safari/605.1.15" "ysfine.com"
24.123.116.210 - - [09/Oct/2022:09:07:41 -0700] "GET /eink/ewk86f.jpg HTTP/1.1" 200 122173 "https://ysfine.com/eink/mose.html" "Mozilla/5.0 (Macintosh; Intel Mac OS X 10_15_7) AppleWebKit/605.1.15 (KHTML, like Gecko) Version/15.5 Safari/605.1.15" "ysfine.com"
24.123.116.210 - - [09/Oct/2022:09:07:41 -0700] "GET /eink/bieden02d.jpg HTTP/1.1" 200 55623 "https://ysfine.com/eink/mose.html" "Mozilla/5.0 (Macintosh; Intel Mac OS X 10_15_7) AppleWebKit/605.1.15 (KHTML, like Gecko) Version/15.5 Safari/605.1.15" "ysfine.com"
24.123.116.210 - - [09/Oct/2022:09:07:41 -0700] "GET /eink/wsj21f.jpg HTTP/1.1" 200 172238 "https://ysfine.com/eink/mose.html" "Mozilla/5.0 (Macintosh; Intel Mac OS X 10_15_7) AppleWebKit/605.1.15 (KHTML, like Gecko) Version/15.5 Safari/605.1.15" "ysfine.com"
24.123.116.210 - - [09/Oct/2022:09:07:41 -0700] "GET /eink/tollwig11d.jpg HTTP/1.1" 200 45634 "https://ysfine.com/eink/mose.html" "Mozilla/5.0 (Macintosh; Intel Mac OS X 10_15_7) AppleWebKit/605.1.15 (KHTML, like Gecko) Version/15.5 Safari/605.1.15" "ysfine.com"
24.123.116.210 - - [09/Oct/2022:09:07:41 -0700] "GET /home/facu450.jpg HTTP/1.1" 200 74535 "https://ysfine.com/eink/mose.html" "Mozilla/5.0 (Macintosh; Intel Mac OS X 10_15_7) AppleWebKit/605.1.15 (KHTML, like Gecko) Version/15.5 Safari/605.1.15" "ysfine.com"
24.123.116.210 - - [09/Oct/2022:09:07:41 -0700] "GET /eink/reagan01d.jpg HTTP/1.1" 200 63614 "https://ysfine.com/eink/mose.html" "Mozilla/5.0 (Macintosh; Intel Mac OS X 10_15_7) AppleWebKit/605.1.15 (KHTML, like Gecko) Version/15.5 Safari/605.1.15" "ysfine.com"
24.123.116.210 - - [09/Oct/2022:09:07:41 -0700] "GET /eink/kantbooks11d.jpg HTTP/1.1" 200 39604 "https://ysfine.com/eink/mose.html" "Mozilla/5.0 (Macintosh; Intel Mac OS X 10_15_7) AppleWebKit/605.1.15 (KHTML, like Gecko) Version/15.5 Safari/605.1.15" "ysfine.com"
24.123.116.210 - - [09/Oct/2022:09:07:41 -0700] "GET /eink/inonu97d.jpg HTTP/1.1" 200 41351 "https://ysfine.com/eink/mose.html" "Mozilla/5.0 (Macintosh; Intel Mac OS X 10_15_7) AppleWebKit/605.1.15 (KHTML, like Gecko) Version/15.5 Safari/605.1.15" "ysfine.com"
24.123.116.210 - - [09/Oct/2022:09:07:41 -0700] "GET /eink/eward11d.jpg HTTP/1.1" 200 76549 "https://ysfine.com/eink/mose.html" "Mozilla/5.0 (Macintosh; Intel Mac OS X 10_15_7) AppleWebKit/605.1.15 (KHTML, like Gecko) Version/15.5 Safari/605.1.15" "ysfine.com"
24.123.116.210 - - [09/Oct/2022:09:07:41 -0700] "GET /eink/eink26a.jpg HTTP/1.1" 200 48279 "https://ysfine.com/eink/mose.html" "Mozilla/5.0 (Macintosh; Intel Mac OS X 10_15_7) AppleWebKit/605.1.15 (KHTML, like Gecko) Version/15.5 Safari/605.1.15" "ysfine.com"
24.123.116.210 - - [09/Oct/2022:09:07:41 -0700] "GET /eink/michwight22d.jpg HTTP/1.1" 200 47211 "https://ysfine.com/eink/mose.html" "Mozilla/5.0 (Macintosh; Intel Mac OS X 10_15_7) AppleWebKit/605.1.15 (KHTML, like Gecko) Version/15.5 Safari/605.1.15" "ysfine.com"
24.123.116.210 - - [09/Oct/2022:09:07:41 -0700] "GET /eink/kflag11c.jpg HTTP/1.1" 200 27284 "https://ysfine.com/eink/mose.html" "Mozilla/5.0 (Macintosh; Intel Mac OS X 10_15_7) AppleWebKit/605.1.15 (KHTML, like Gecko) Version/15.5 Safari/605.1.15" "ysfine.com"
24.123.116.210 - - [09/Oct/2022:09:07:41 -0700] "GET /eink/milanf01d.jpg HTTP/1.1" 200 62371 "https://ysfine.com/eink/mose.html" "Mozilla/5.0 (Macintosh; Intel Mac OS X 10_15_7) AppleWebKit/605.1.15 (KHTML, like Gecko) Version/15.5 Safari/605.1.15" "ysfine.com"
24.123.116.210 - - [09/Oct/2022:09:07:41 -0700] "GET /eink/church06d.jpg HTTP/1.1" 200 73777 "https://ysfine.com/eink/mose.html" "Mozilla/5.0 (Macintosh; Intel Mac OS X 10_15_7) AppleWebKit/605.1.15 (KHTML, like Gecko) Version/15.5 Safari/605.1.15" "ysfine.com"
24.123.116.210 - - [09/Oct/2022:09:07:41 -0700] "GET /eink/taylor11d.jpg HTTP/1.1" 200 42097 "https://ysfine.com/eink/mose.html" "Mozilla/5.0 (Macintosh; Intel Mac OS X 10_15_7) AppleWebKit/605.1.15 (KHTML, like Gecko) Version/15.5 Safari/605.1.15" "ysfine.com"
24.123.116.210 - - [09/Oct/2022:09:07:41 -0700] "GET /eink/tao55f.jpg HTTP/1.1" 200 128668 "https://ysfine.com/eink/mose.html" "Mozilla/5.0 (Macintosh; Intel Mac OS X 10_15_7) AppleWebKit/605.1.15 (KHTML, like Gecko) Version/15.5 Safari/605.1.15" "ysfine.com"
24.123.116.210 - - [09/Oct/2022:09:07:41 -0700] "GET /eink/hegel09d.jpg HTTP/1.1" 200 51438 "https://ysfine.com/eink/mose.html" "Mozilla/5.0 (Macintosh; Intel Mac OS X 10_15_7) AppleWebKit/605.1.15 (KHTML, like Gecko) Version/15.5 Safari/605.1.15" "ysfine.com"
24.123.116.210 - - [09/Oct/2022:09:07:41 -0700] "GET /eink/eintao55f.jpg HTTP/1.1" 200 110322 "https://ysfine.com/eink/mose.html" "Mozilla/5.0 (Macintosh; Intel Mac OS X 10_15_7) AppleWebKit/605.1.15 (KHTML, like Gecko) Version/15.5 Safari/605.1.15" "ysfine.com"
24.123.116.210 - - [09/Oct/2022:09:07:41 -0700] "GET /eink/chungilk05f.jpg HTTP/1.1" 200 128213 "https://ysfine.com/eink/mose.html" "Mozilla/5.0 (Macintosh; Intel Mac OS X 10_15_7) AppleWebKit/605.1.15 (KHTML, like Gecko) Version/15.5 Safari/605.1.15" "ysfine.com"
157.55.39.128 - - [09/Oct/2022:09:09:02 -0700] "GET /sbk/2010mos22.jpg HTTP/1.1" 200 90595 "-" "Mozilla/5.0 (compatible; bingbot/2.0; +http://www.bing.com/bingbot.htm)" "ysfine.com"
205.210.31.3 - - [09/Oct/2022:09:10:07 -0700] "GET / HTTP/1.1" 200 15910 "http://67.195.197.24:80/" "Expanse, a Palo Alto Networks company, searches across the global IPv4 space multiple times per day to identify customers&#39; presences on the Internet. If you would like to be excluded from our scans, please send IP addresses/domains to: scaninfo@paloaltonetworks.com" "ysfine.com"
157.55.39.58 - - [09/Oct/2022:09:10:42 -0700] "GET /bio/maga/bohrkierk.html HTTP/1.1" 404 88 "-" "Mozilla/5.0 AppleWebKit/537.36 (KHTML, like Gecko; compatible; bingbot/2.0; +http://www.bing.com/bingbot.htm) Chrome/103.0.5060.134 Safari/537.36" "ysfine.com"
157.55.39.127 - - [09/Oct/2022:09:10:47 -0700] "GET /home/fotos/house99d.jpg HTTP/1.1" 200 38264 "-" "Mozilla/5.0 (compatible; bingbot/2.0; +http://www.bing.com/bingbot.htm)" "ysfine.com"
172.98.32.90 - - [09/Oct/2022:09:11:24 -0700] "GET /jobs/koreaj.html HTTP/1.1" 200 10214 "-" "Mozilla/5.0 (Windows NT 10.0; Win64; x64; rv:102.0) Gecko/20100101 Firefox/102.0" "ysfine.com"
157.55.39.55 - - [09/Oct/2022:09:11:58 -0700] "GET /bio/yspapers/newphys75.pdf HTTP/1.1" 404 88 "-" "Mozilla/5.0 (compatible; bingbot/2.0; +http://www.bing.com/bingbot.htm)" "ysfine.com"
40.77.167.27 - - [09/Oct/2022:09:13:26 -0700] "GET /wigner/supper650.jpg HTTP/1.1" 200 60839 "-" "Mozilla/5.0 (compatible; bingbot/2.0; +http://www.bing.com/bingbot.htm)" "ysfine.com"
157.55.39.55 - - [09/Oct/2022:09:13:47 -0700] "GET /world/germany/vienna09.jpg HTTP/1.1" 200 94484 "-" "Mozilla/5.0 (compatible; bingbot/2.0; +http://www.bing.com/bingbot.htm)" "ysfine.com"
207.46.13.102 - - [09/Oct/2022:09:14:45 -0700] "GET /world/brit/dunf10.jpg HTTP/1.1" 200 103585 "-" "Mozilla/5.0 (compatible; bingbot/2.0; +http://www.bing.com/bingbot.htm)" "www.ysfine.com"
220.64.102.250 - - [09/Oct/2022:09:14:56 -0700] "GET /world/jeru.html HTTP/1.1" 200 6991 "-" "Mozilla/5.0 (Macintosh; Intel Mac OS X 10_15_6) AppleWebKit/537.36 (KHTML, like Gecko) Chrome/85.0.4183.83 Safari/537.36" "ysfine.com"
40.64.106.11 - - [09/Oct/2022:09:15:49 -0700] "GET /world/france/nice104.jpg HTTP/1.1" 200 144635 "http://ysfine.com/world/france/nice104.jpg" "DuckDuckBot/1.1; (+http://duckduckgo.com/duckduckbot.html)" "ysfine.com"
123.183.224.89 - - [09/Oct/2022:09:16:49 -0700] "GET / HTTP/1.1" 200 5283 "-" "Sogou web spider/4.0(+http://www.sogou.com/docs/help/webmasters.htm#07)" "ysfine.com"
123.125.109.128 - - [09/Oct/2022:09:19:16 -0700] "GET / HTTP/1.1" 200 5283 "-" "Sogou web spider/4.0(+http://www.sogou.com/docs/help/webmasters.htm#07)" "ysfine.com"
40.77.167.27 - - [09/Oct/2022:09:19:27 -0700] "GET /world/poland/krk70.jpg HTTP/1.1" 200 82001 "-" "Mozilla/5.0 AppleWebKit/537.36 (KHTML, like Gecko; compatible; bingbot/2.0; +http://www.bing.com/bingbot.htm) Chrome/103.0.5060.134 Safari/537.36" "ysfine.com"
40.77.167.27 - - [09/Oct/2022:09:22:06 -0700] "GET /world/hungary/hunband01.jpg HTTP/1.1" 200 97573 "-" "Mozilla/5.0 (compatible; bingbot/2.0; +http://www.bing.com/bingbot.htm)" "ysfine.com"
207.46.13.102 - - [09/Oct/2022:09:22:35 -0700] "GET /bio/world/leipzig.html HTTP/1.1" 404 88 "-" "Mozilla/5.0 (compatible; bingbot/2.0; +http://www.bing.com/bingbot.htm)" "ysfine.com"
193.186.4.206 - - [09/Oct/2022:09:22:48 -0700] "GET /home/bio.html HTTP/1.1" 404 88 "-" "Mozilla/5.0 (Linux; Android 10; K) AppleWebKit/537.36 (KHTML, like Gecko) Chrome/106.0.0.0 Mobile Safari/537.36" "ysfine.com"
193.186.4.206 - - [09/Oct/2022:09:22:54 -0700] "GET /home/bio.html HTTP/1.1" 404 88 "-" "Mozilla/5.0 (Linux; Android 10; K) AppleWebKit/537.36 (KHTML, like Gecko) Chrome/106.0.0.0 Mobile Safari/537.36" "ysfine.com"
106.204.117.112 - - [09/Oct/2022:09:23:47 -0700] "GET /style/musee/britmu18b.jpg HTTP/1.1" 200 56514 "https://www.google.com/" "Mozilla/5.0 (Linux; Android 9; ASUS_X01AD) AppleWebKit/537.36 (KHTML, like Gecko) Chrome/91.0.4472.101 Mobile Safari/537.36" "ysfine.com"
207.46.13.102 - - [09/Oct/2022:09:24:36 -0700] "GET /bio/einstein/bern.html HTTP/1.1" 404 88 "-" "Mozilla/5.0 (compatible; bingbot/2.0; +http://www.bing.com/bingbot.htm)" "ysfine.com"
157.55.39.55 - - [09/Oct/2022:09:24:41 -0700] "GET /world/baltic/riga05.jpg HTTP/1.1" 200 64407 "-" "Mozilla/5.0 (compatible; bingbot/2.0; +http://www.bing.com/bingbot.htm)" "ysfine.com"
207.46.13.102 - - [09/Oct/2022:09:25:14 -0700] "GET /wdc/whouse02.jpg HTTP/1.1" 200 65447 "-" "Mozilla/5.0 (compatible; bingbot/2.0; +http://www.bing.com/bingbot.htm)" "www.ysfine.com"
157.55.39.58 - - [09/Oct/2022:09:25:32 -0700] "GET /dirac/aspects2.jpg HTTP/1.1" 200 27429 "-" "Mozilla/5.0 AppleWebKit/537.36 (KHTML, like Gecko; compatible; bingbot/2.0; +http://www.bing.com/bingbot.htm) Chrome/103.0.5060.134 Safari/537.36" "ysfine.com"
157.55.39.58 - - [09/Oct/2022:09:26:12 -0700] "GET /world/germany/dresdenf16b.jpg HTTP/1.1" 200 44293 "-" "Mozilla/5.0 (compatible; bingbot/2.0; +http://www.bing.com/bingbot.htm)" "www.ysfine.com"
157.55.39.128 - - [09/Oct/2022:09:26:16 -0700] "GET /world/france/pariso11.jpg HTTP/1.1" 200 71520 "-" "Mozilla/5.0 AppleWebKit/537.36 (KHTML, like Gecko; compatible; bingbot/2.0; +http://www.bing.com/bingbot.htm) Chrome/103.0.5060.134 Safari/537.36" "www.ysfine.com"
157.55.39.55 - - [09/Oct/2022:09:26:28 -0700] "GET /princeton/50th.jpg HTTP/1.1" 200 105158 "-" "Mozilla/5.0 (compatible; bingbot/2.0; +http://www.bing.com/bingbot.htm)" "ysfine.com"
207.46.13.102 - - [09/Oct/2022:09:27:04 -0700] "GET /feynman/feyjad11.jpg HTTP/1.1" 200 459525 "-" "Mozilla/5.0 (compatible; bingbot/2.0; +http://www.bing.com/bingbot.htm)" "www.ysfine.com"
157.55.39.58 - - [09/Oct/2022:09:27:12 -0700] "GET /eink/eintao55.jpg HTTP/1.1" 200 153901 "-" "Mozilla/5.0 (compatible; bingbot/2.0; +http://www.bing.com/bingbot.htm)" "ysfine.com"
157.55.39.127 - - [09/Oct/2022:09:27:18 -0700] "GET /world/germany/berlinf34.jpg HTTP/1.1" 200 101146 "-" "Mozilla/5.0 (compatible; bingbot/2.0; +http://www.bing.com/bingbot.htm)" "www.ysfine.com"
211.249.243.148 - - [09/Oct/2022:09:27:42 -0700] "GET /world/israel/jeru21.jpg HTTP/1.1" 200 263210 "https://ysfine.com/world/israel/jeru21.jpg" "Mozilla/5.0 (Windows NT 10.0; Win64; x64) AppleWebKit/537.36 (KHTML, like Gecko) Chrome/86.0.4240.75 Safari/537.36" "ysfine.com"
40.77.167.27 - - [09/Oct/2022:09:27:47 -0700] "GET /bio/einnstein/bern.html HTTP/1.1" 404 88 "-" "Mozilla/5.0 AppleWebKit/537.36 (KHTML, like Gecko; compatible; bingbot/2.0; +http://www.bing.com/bingbot.htm) Chrome/103.0.5060.134 Safari/537.36" "ysfine.com"
157.55.39.55 - - [09/Oct/2022:09:27:51 -0700] "GET /bio/yspapers/aipproc2007.pdf HTTP/1.1" 404 88 "-" "Mozilla/5.0 (compatible; bingbot/2.0; +http://www.bing.com/bingbot.htm)" "ysfine.com"
72.110.55.125 - - [09/Oct/2022:09:28:11 -0700] "GET /world/france/stras10.jpg HTTP/1.1" 200 105338 "https://www.google.com/" "Mozilla/5.0 (Macintosh; Intel Mac OS X 10_15_7) AppleWebKit/605.1.15 (KHTML, like Gecko) Version/15.5 Safari/605.1.15" "ysfine.com"
157.55.39.58 - - [09/Oct/2022:09:28:22 -0700] "GET /bio/princeton/yspage.html HTTP/1.1" 404 88 "-" "Mozilla/5.0 (compatible; bingbot/2.0; +http://www.bing.com/bingbot.htm)" "ysfine.com"
73.136.30.210 - - [09/Oct/2022:09:29:01 -0700] "GET /kobak/1014b.jpg HTTP/1.1" 200 42115 "https://www.google.com/" "Mozilla/5.0 (Linux; Android 12; SM-A125U) AppleWebKit/537.36 (KHTML, like Gecko) Chrome/106.0.0.0 Mobile Safari/537.36" "ysfine.com"
157.55.39.128 - - [09/Oct/2022:09:29:04 -0700] "GET /usca/pitt/oldterm22b.jpg HTTP/1.1" 200 24276 "-" "Mozilla/5.0 (compatible; bingbot/2.0; +http://www.bing.com/bingbot.htm)" "ysfine.com"
66.249.66.40 - - [09/Oct/2022:09:29:06 -0700] "GET /world/ital/padova14.jpg HTTP/1.1" 200 125443 "-" "Googlebot-Image/1.0" "ysfine.com"
104.53.201.172 - - [09/Oct/2022:09:29:17 -0700] "GET /wdc/capitol07.jpg HTTP/1.1" 200 138407 "https://www.google.com/" "Mozilla/5.0 (Linux; Android 10; SM-G965U Build/QP1A.190711.020; wv) AppleWebKit/537.36 (KHTML, like Gecko) Version/4.0 Chrome/105.0.5195.136 Mobile Safari/537.36 GoogleApp/13.38.11.26.arm64" "ysfine.com"
34.148.207.215 - - [09/Oct/2022:09:29:40 -0700] "GET /kobak/index.html HTTP/1.1" 200 186 "-" "Mozilla/5.0 (Windows NT 10.0; Win64; x64) AppleWebKit/537.36 (KHTML, like Gecko) Chrome/101.0.4951.54 Safari/537.36" "ysfine.com"
107.77.207.36 - - [09/Oct/2022:09:30:05 -0700] "GET /princeton/alexan22.jpg HTTP/1.1" 200 175436 "https://www.google.com/" "Mozilla/5.0 (iPhone; CPU iPhone OS 15_6_1 like Mac OS X) AppleWebKit/605.1.15 (KHTML, like Gecko) Version/15.6.1 Mobile/15E148 Safari/604.1" "ysfine.com"
207.46.13.102 - - [09/Oct/2022:09:30:26 -0700] "GET /bio/kobak/namdae.html HTTP/1.1" 404 88 "-" "Mozilla/5.0 (compatible; bingbot/2.0; +http://www.bing.com/bingbot.htm)" "ysfine.com"
157.55.39.55 - - [09/Oct/2022:09:30:31 -0700] "GET /bio/style/ystyle.html HTTP/1.1" 404 88 "-" "Mozilla/5.0 (compatible; bingbot/2.0; +http://www.bing.com/bingbot.htm)" "ysfine.com"
157.55.39.128 - - [09/Oct/2022:09:31:14 -0700] "GET /maga/phys/tsepa11b.jpg HTTP/1.1" 200 40401 "-" "Mozilla/5.0 (compatible; bingbot/2.0; +http://www.bing.com/bingbot.htm)" "ysfine.com"
157.55.39.58 - - [09/Oct/2022:09:31:33 -0700] "GET /world/russ/mosko02.jpg HTTP/1.1" 200 118440 "-" "Mozilla/5.0 (compatible; bingbot/2.0; +http://www.bing.com/bingbot.htm)" "ysfine.com"
157.55.39.127 - - [09/Oct/2022:09:32:00 -0700] "GET /bio/princeton/gcollege.html HTTP/1.1" 404 88 "-" "Mozilla/5.0 (compatible; bingbot/2.0; +http://www.bing.com/bingbot.htm)" "ysfine.com"
113.199.241.176 - - [09/Oct/2022:09:32:43 -0700] "GET /heisen/bohrheisen11.jpg HTTP/1.1" 200 104546 "https://www.google.com/" "Mozilla/5.0 (Linux; Android 10; M2006C3MII Build/QP1A.190711.020; wv) AppleWebKit/537.36 (KHTML, like Gecko) Version/4.0 Chrome/103.0.5060.129 Mobile Safari/537.36 GoogleApp/13.30.10.26.arm" "ysfine.com"
40.77.167.27 - - [09/Oct/2022:09:33:18 -0700] "GET /bio/style/musleft.html HTTP/1.1" 404 88 "-" "Mozilla/5.0 (compatible; bingbot/2.0; +http://www.bing.com/bingbot.htm)" "ysfine.com"
93.158.161.46 - - [09/Oct/2022:09:33:18 -0700] "GET /robots.txt HTTP/1.1" 404 73 "-" "Mozilla/5.0 (compatible; YandexBot/3.0; +http://yandex.com/bots)" "www.ysfine.com"
77.88.5.232 - - [09/Oct/2022:09:33:22 -0700] "GET /world/poland/polstu16.jpg HTTP/1.1" 200 89524 "-" "Mozilla/5.0 (compatible; YandexImages/3.0; +http://yandex.com/bots)" "www.ysfine.com"
157.55.39.128 - - [09/Oct/2022:09:33:26 -0700] "GET /bio/einstein/ulm22.html HTTP/1.1" 404 88 "-" "Mozilla/5.0 (compatible; bingbot/2.0; +http://www.bing.com/bingbot.htm)" "ysfine.com"
37.111.193.183 - - [09/Oct/2022:09:33:57 -0700] "GET /world/stuttgart.html HTTP/1.1" 200 4926 "https://www.google.com/" "Mozilla/5.0 (Linux; Android 11; Redmi Note 9 Pro Max) AppleWebKit/537.36 (KHTML, like Gecko) Chrome/106.0.0.0 Mobile Safari/537.36" "ysfine.com"
37.111.193.183 - - [09/Oct/2022:09:33:58 -0700] "GET /world/germany/benz09b.jpg HTTP/1.1" 200 34235 "https://ysfine.com/world/stuttgart.html" "Mozilla/5.0 (Linux; Android 11; Redmi Note 9 Pro Max) AppleWebKit/537.36 (KHTML, like Gecko) Chrome/106.0.0.0 Mobile Safari/537.36" "ysfine.com"
37.111.193.183 - - [09/Oct/2022:09:33:58 -0700] "GET /world/germany/benz17b.jpg HTTP/1.1" 200 37137 "https://ysfine.com/world/stuttgart.html" "Mozilla/5.0 (Linux; Android 11; Redmi Note 9 Pro Max) AppleWebKit/537.36 (KHTML, like Gecko) Chrome/106.0.0.0 Mobile Safari/537.36" "ysfine.com"
37.111.193.183 - - [09/Oct/2022:09:33:58 -0700] "GET /world/germany/benz13b.jpg HTTP/1.1" 200 43607 "https://ysfine.com/world/stuttgart.html" "Mozilla/5.0 (Linux; Android 11; Redmi Note 9 Pro Max) AppleWebKit/537.36 (KHTML, like Gecko) Chrome/106.0.0.0 Mobile Safari/537.36" "ysfine.com"
37.111.193.183 - - [09/Oct/2022:09:33:58 -0700] "GET /world/germany/benz10b.jpg HTTP/1.1" 200 44587 "https://ysfine.com/world/stuttgart.html" "Mozilla/5.0 (Linux; Android 11; Redmi Note 9 Pro Max) AppleWebKit/537.36 (KHTML, like Gecko) Chrome/106.0.0.0 Mobile Safari/537.36" "ysfine.com"
37.111.193.183 - - [09/Oct/2022:09:33:58 -0700] "GET /world/germany/benz22b.jpg HTTP/1.1" 200 31078 "https://ysfine.com/world/stuttgart.html" "Mozilla/5.0 (Linux; Android 11; Redmi Note 9 Pro Max) AppleWebKit/537.36 (KHTML, like Gecko) Chrome/106.0.0.0 Mobile Safari/537.36" "ysfine.com"
37.111.193.183 - - [09/Oct/2022:09:33:58 -0700] "GET /world/france/champbenz05b.jpg HTTP/1.1" 200 49074 "https://ysfine.com/world/stuttgart.html" "Mozilla/5.0 (Linux; Android 11; Redmi Note 9 Pro Max) AppleWebKit/537.36 (KHTML, like Gecko) Chrome/106.0.0.0 Mobile Safari/537.36" "ysfine.com"
37.111.193.183 - - [09/Oct/2022:09:33:58 -0700] "GET /world/germany/stutt02b.jpg HTTP/1.1" 200 43242 "https://ysfine.com/world/stuttgart.html" "Mozilla/5.0 (Linux; Android 11; Redmi Note 9 Pro Max) AppleWebKit/537.36 (KHTML, like Gecko) Chrome/106.0.0.0 Mobile Safari/537.36" "ysfine.com"
37.111.193.183 - - [09/Oct/2022:09:33:58 -0700] "GET /world/germany/benz15b.jpg HTTP/1.1" 200 46279 "https://ysfine.com/world/stuttgart.html" "Mozilla/5.0 (Linux; Android 11; Redmi Note 9 Pro Max) AppleWebKit/537.36 (KHTML, like Gecko) Chrome/106.0.0.0 Mobile Safari/537.36" "ysfine.com"
37.111.193.183 - - [09/Oct/2022:09:34:03 -0700] "GET /world/germany/stutt20b.jpg HTTP/1.1" 200 45279 "https://ysfine.com/world/stuttgart.html" "Mozilla/5.0 (Linux; Android 11; Redmi Note 9 Pro Max) AppleWebKit/537.36 (KHTML, like Gecko) Chrome/106.0.0.0 Mobile Safari/537.36" "ysfine.com"
37.111.193.183 - - [09/Oct/2022:09:34:03 -0700] "GET /world/germany/stutt23b.jpg HTTP/1.1" 200 53397 "https://ysfine.com/world/stuttgart.html" "Mozilla/5.0 (Linux; Android 11; Redmi Note 9 Pro Max) AppleWebKit/537.36 (KHTML, like Gecko) Chrome/106.0.0.0 Mobile Safari/537.36" "ysfine.com"
37.111.193.183 - - [09/Oct/2022:09:34:03 -0700] "GET /world/germany/stutt07b.jpg HTTP/1.1" 200 49021 "https://ysfine.com/world/stuttgart.html" "Mozilla/5.0 (Linux; Android 11; Redmi Note 9 Pro Max) AppleWebKit/537.36 (KHTML, like Gecko) Chrome/106.0.0.0 Mobile Safari/537.36" "ysfine.com"
207.46.13.102 - - [09/Oct/2022:09:35:16 -0700] "GET /maga/phys/bohr11.jpg HTTP/1.1" 200 113161 "-" "Mozilla/5.0 (compatible; bingbot/2.0; +http://www.bing.com/bingbot.htm)" "ysfine.com"
40.77.167.27 - - [09/Oct/2022:09:35:48 -0700] "GET /wdc/vietwar33.jpg HTTP/1.1" 200 80788 "-" "Mozilla/5.0 (compatible; bingbot/2.0; +http://www.bing.com/bingbot.htm)" "ysfine.com"
40.77.167.27 - - [09/Oct/2022:09:36:08 -0700] "GET /style/musee/britmu18.jpg HTTP/1.1" 200 123526 "-" "Mozilla/5.0 AppleWebKit/537.36 (KHTML, like Gecko; compatible; bingbot/2.0; +http://www.bing.com/bingbot.htm) Chrome/103.0.5060.134 Safari/537.36" "ysfine.com"
157.55.39.58 - - [09/Oct/2022:09:37:13 -0700] "GET /people/hartle.jpg HTTP/1.1" 200 67528 "-" "Mozilla/5.0 (compatible; bingbot/2.0; +http://www.bing.com/bingbot.htm)" "ysfine.com"
157.55.39.55 - - [09/Oct/2022:09:37:19 -0700] "GET /kowar/tanks/sherman43.jpg HTTP/1.1" 200 78963 "-" "Mozilla/5.0 (compatible; bingbot/2.0; +http://www.bing.com/bingbot.htm)" "ysfine.com"
5.161.144.64 - - [09/Oct/2022:09:37:48 -0700] "GET /world/brit/etonharrow.html HTTP/1.1" 200 4546 "-" "Mozilla/5.0 (Windows NT 10.0; Win64; x64) AppleWebKit/537.36 (KHTML, like Gecko) Chrome/84.0.4147.105 Safari/537.36" "ysfine.com"
157.55.39.127 - - [09/Oct/2022:09:38:20 -0700] "GET /bio/feynman/quark50.html HTTP/1.1" 404 88 "-" "Mozilla/5.0 (compatible; bingbot/2.0; +http://www.bing.com/bingbot.htm)" "ysfine.com"
27.34.16.84 - - [09/Oct/2022:09:38:28 -0700] "GET /world/russ/kiev046.jpg HTTP/1.1" 200 115600 "https://www.bing.com/" "Mozilla/5.0 (Windows NT 10.0; Win64; x64) AppleWebKit/537.36 (KHTML, like Gecko) Chrome/105.0.0.0 Safari/537.36 Edg/105.0.1343.42" "ysfine.com"
207.46.13.102 - - [09/Oct/2022:09:38:37 -0700] "GET /world/scandi/wignob06.jpg HTTP/1.1" 200 87630 "-" "Mozilla/5.0 (compatible; bingbot/2.0; +http://www.bing.com/bingbot.htm)" "ysfine.com"
157.55.39.55 - - [09/Oct/2022:09:39:40 -0700] "GET /bio/einstein/maxein.html HTTP/1.1" 404 88 "-" "Mozilla/5.0 (compatible; bingbot/2.0; +http://www.bing.com/bingbot.htm)" "ysfine.com"
157.55.39.128 - - [09/Oct/2022:09:40:07 -0700] "GET /bio/optics.html HTTP/1.1" 404 88 "-" "Mozilla/5.0 (compatible; bingbot/2.0; +http://www.bing.com/bingbot.htm)" "ysfine.com"
93.158.161.51 - - [09/Oct/2022:09:40:13 -0700] "GET /home/bio11.html HTTP/1.1" 404 88 "-" "Mozilla/5.0 (compatible; YandexBot/3.0; +http://yandex.com/bots)" "www.ysfine.com"
207.46.13.102 - - [09/Oct/2022:09:40:27 -0700] "GET /bio/feynman/feyprince.html HTTP/1.1" 404 88 "-" "Mozilla/5.0 (compatible; bingbot/2.0; +http://www.bing.com/bingbot.htm)" "ysfine.com"
77.88.5.46 - - [09/Oct/2022:09:42:04 -0700] "GET /robots.txt HTTP/1.1" 404 73 "-" "Mozilla/5.0 (compatible; YandexBot/3.0; +http://yandex.com/bots)" "ysfine.com"
77.88.5.231 - - [09/Oct/2022:09:42:08 -0700] "GET /einstein/places/ulm01.jpg HTTP/1.1" 200 54884 "-" "Mozilla/5.0 (compatible; YandexImages/3.0; +http://yandex.com/bots)" "ysfine.com"
157.55.39.127 - - [09/Oct/2022:09:42:21 -0700] "GET /bio/philo/hegel.html HTTP/1.1" 404 88 "-" "Mozilla/5.0 (compatible; bingbot/2.0; +http://www.bing.com/bingbot.htm)" "ysfine.com"
157.55.39.128 - - [09/Oct/2022:09:42:26 -0700] "GET /world/brit/dunf15.jpg HTTP/1.1" 200 113687 "-" "Mozilla/5.0 (compatible; bingbot/2.0; +http://www.bing.com/bingbot.htm)" "www.ysfine.com"
77.88.5.216 - - [09/Oct/2022:09:43:10 -0700] "GET /world/russ/kazanmap22.jpg HTTP/1.1" 200 129761 "-" "Mozilla/5.0 (compatible; YandexImages/3.0; +http://yandex.com/bots)" "ysfine.com"
157.55.39.128 - - [09/Oct/2022:09:43:25 -0700] "GET /world/russ/minsk075.jpg HTTP/1.1" 200 102614 "-" "Mozilla/5.0 (compatible; bingbot/2.0; +http://www.bing.com/bingbot.htm)" "ysfine.com"
61.93.137.34 - - [09/Oct/2022:09:44:32 -0700] "GET /princeton/alexan22.jpg HTTP/1.1" 200 175436 "https://www.google.com/" "Mozilla/5.0 (Windows NT 10.0; Win64; x64) AppleWebKit/537.36 (KHTML, like Gecko) Chrome/105.0.0.0 Safari/537.36" "ysfine.com"
2.184.67.138 - - [09/Oct/2022:09:45:26 -0700] "GET /wp-login.php HTTP/1.1" 404 88 "http://ysfine.com/wp-login.php" "Mozilla/5.0 (Windows NT 10.0; Win64; x64; rv:96.0) Gecko/20100101 Firefox/96" "ysfine.com"
157.55.39.127 - - [09/Oct/2022:09:45:30 -0700] "GET /wigner/wigques.jpg HTTP/1.1" 200 14216 "-" "Mozilla/5.0 (compatible; bingbot/2.0; +http://www.bing.com/bingbot.htm)" "ysfine.com"
40.77.167.27 - - [09/Oct/2022:09:45:40 -0700] "GET /world/germany/humboldt29.jpg HTTP/1.1" 200 88071 "-" "Mozilla/5.0 (compatible; bingbot/2.0; +http://www.bing.com/bingbot.htm)" "www.ysfine.com"
157.55.39.58 - - [09/Oct/2022:09:46:34 -0700] "GET /world/france/champbenz07.jpg HTTP/1.1" 200 127034 "-" "Mozilla/5.0 (compatible; bingbot/2.0; +http://www.bing.com/bingbot.htm)" "ysfine.com"
98.37.250.56 - - [09/Oct/2022:09:46:49 -0700] "GET /maga/invent/sarnoffco33.jpg HTTP/1.1" 200 57157 "https://www.google.com/" "Mozilla/5.0 (Macintosh; Intel Mac OS X 10_15_7) AppleWebKit/605.1.15 (KHTML, like Gecko) Version/16.0 Safari/605.1.15" "ysfine.com"
98.37.250.56 - - [09/Oct/2022:09:46:53 -0700] "GET /maga/invent/sarnoffco11c.jpg HTTP/1.1" 200 23780 "https://www.google.com/" "Mozilla/5.0 (Macintosh; Intel Mac OS X 10_15_7) AppleWebKit/605.1.15 (KHTML, like Gecko) Version/16.0 Safari/605.1.15" "ysfine.com"
98.37.250.56 - - [09/Oct/2022:09:47:43 -0700] "GET /maga/sarnoff.html HTTP/1.1" 200 7540 "https://www.google.com/" "Mozilla/5.0 (Macintosh; Intel Mac OS X 10_15_7) AppleWebKit/605.1.15 (KHTML, like Gecko) Version/16.0 Safari/605.1.15" "ysfine.com"
98.37.250.56 - - [09/Oct/2022:09:47:43 -0700] "GET /maga/invent/sarnoffco11c.jpg HTTP/1.1" 200 23780 "https://ysfine.com/maga/sarnoff.html" "Mozilla/5.0 (Macintosh; Intel Mac OS X 10_15_7) AppleWebKit/605.1.15 (KHTML, like Gecko) Version/16.0 Safari/605.1.15" "ysfine.com"
98.37.250.56 - - [09/Oct/2022:09:47:43 -0700] "GET /maga/invent/marconi03c.jpg HTTP/1.1" 200 55919 "https://ysfine.com/maga/sarnoff.html" "Mozilla/5.0 (Macintosh; Intel Mac OS X 10_15_7) AppleWebKit/605.1.15 (KHTML, like Gecko) Version/16.0 Safari/605.1.15" "ysfine.com"
98.37.250.56 - - [09/Oct/2022:09:47:43 -0700] "GET /maga/invent/marconi02c.jpg HTTP/1.1" 200 27154 "https://ysfine.com/maga/sarnoff.html" "Mozilla/5.0 (Macintosh; Intel Mac OS X 10_15_7) AppleWebKit/605.1.15 (KHTML, like Gecko) Version/16.0 Safari/605.1.15" "ysfine.com"
98.37.250.56 - - [09/Oct/2022:09:47:43 -0700] "GET /maga/invent/marconi01c.jpg HTTP/1.1" 200 28072 "https://ysfine.com/maga/sarnoff.html" "Mozilla/5.0 (Macintosh; Intel Mac OS X 10_15_7) AppleWebKit/605.1.15 (KHTML, like Gecko) Version/16.0 Safari/605.1.15" "ysfine.com"
98.37.250.56 - - [09/Oct/2022:09:47:44 -0700] "GET /home/ewk86f.jpg HTTP/1.1" 200 123121 "https://ysfine.com/maga/sarnoff.html" "Mozilla/5.0 (Macintosh; Intel Mac OS X 10_15_7) AppleWebKit/605.1.15 (KHTML, like Gecko) Version/16.0 Safari/605.1.15" "ysfine.com"
98.37.250.56 - - [09/Oct/2022:09:47:44 -0700] "GET /maga/invent/joak11c.jpg HTTP/1.1" 200 39212 "https://ysfine.com/maga/sarnoff.html" "Mozilla/5.0 (Macintosh; Intel Mac OS X 10_15_7) AppleWebKit/605.1.15 (KHTML, like Gecko) Version/16.0 Safari/605.1.15" "ysfine.com"
98.37.250.56 - - [09/Oct/2022:09:47:44 -0700] "GET /kobak/swr51c.jpg HTTP/1.1" 200 35677 "https://ysfine.com/maga/sarnoff.html" "Mozilla/5.0 (Macintosh; Intel Mac OS X 10_15_7) AppleWebKit/605.1.15 (KHTML, like Gecko) Version/16.0 Safari/605.1.15" "ysfine.com"
98.37.250.56 - - [09/Oct/2022:09:47:44 -0700] "GET /eink/pwk450.jpg HTTP/1.1" 200 84974 "https://ysfine.com/maga/sarnoff.html" "Mozilla/5.0 (Macintosh; Intel Mac OS X 10_15_7) AppleWebKit/605.1.15 (KHTML, like Gecko) Version/16.0 Safari/605.1.15" "ysfine.com"
98.37.250.56 - - [09/Oct/2022:09:47:44 -0700] "GET /maga/invent/kdka11c.jpg HTTP/1.1" 200 28450 "https://ysfine.com/maga/sarnoff.html" "Mozilla/5.0 (Macintosh; Intel Mac OS X 10_15_7) AppleWebKit/605.1.15 (KHTML, like Gecko) Version/16.0 Safari/605.1.15" "ysfine.com"
98.37.250.56 - - [09/Oct/2022:09:47:44 -0700] "GET /maga/invent/deforest33c.jpg HTTP/1.1" 200 47300 "https://ysfine.com/maga/sarnoff.html" "Mozilla/5.0 (Macintosh; Intel Mac OS X 10_15_7) AppleWebKit/605.1.15 (KHTML, like Gecko) Version/16.0 Safari/605.1.15" "ysfine.com"
98.37.250.56 - - [09/Oct/2022:09:47:44 -0700] "GET /style/suwa66f.jpg HTTP/1.1" 200 86057 "https://ysfine.com/maga/sarnoff.html" "Mozilla/5.0 (Macintosh; Intel Mac OS X 10_15_7) AppleWebKit/605.1.15 (KHTML, like Gecko) Version/16.0 Safari/605.1.15" "ysfine.com"
98.37.250.56 - - [09/Oct/2022:09:47:44 -0700] "GET /kobak/taylor400.jpg HTTP/1.1" 200 56181 "https://ysfine.com/maga/sarnoff.html" "Mozilla/5.0 (Macintosh; Intel Mac OS X 10_15_7) AppleWebKit/605.1.15 (KHTML, like Gecko) Version/16.0 Safari/605.1.15" "ysfine.com"
98.37.250.56 - - [09/Oct/2022:09:47:44 -0700] "GET /maga/invent/sarnoff1922c.jpg HTTP/1.1" 200 40375 "https://ysfine.com/maga/sarnoff.html" "Mozilla/5.0 (Macintosh; Intel Mac OS X 10_15_7) AppleWebKit/605.1.15 (KHTML, like Gecko) Version/16.0 Safari/605.1.15" "ysfine.com"
98.37.250.56 - - [09/Oct/2022:09:47:44 -0700] "GET /maga/invent/armstrong11c.jpg HTTP/1.1" 200 68607 "https://ysfine.com/maga/sarnoff.html" "Mozilla/5.0 (Macintosh; Intel Mac OS X 10_15_7) AppleWebKit/605.1.15 (KHTML, like Gecko) Version/16.0 Safari/605.1.15" "ysfine.com"
98.37.250.56 - - [09/Oct/2022:09:47:44 -0700] "GET /maga/invent/mcintosh11c.jpg HTTP/1.1" 200 29642 "https://ysfine.com/maga/sarnoff.html" "Mozilla/5.0 (Macintosh; Intel Mac OS X 10_15_7) AppleWebKit/605.1.15 (KHTML, like Gecko) Version/16.0 Safari/605.1.15" "ysfine.com"
98.37.250.56 - - [09/Oct/2022:09:47:47 -0700] "GET /favicon.ico HTTP/1.1" 404 88 "https://ysfine.com/maga/sarnoff.html" "Mozilla/5.0 (Macintosh; Intel Mac OS X 10_15_7) AppleWebKit/605.1.15 (KHTML, like Gecko) Version/16.0 Safari/605.1.15" "ysfine.com"
40.77.167.27 - - [09/Oct/2022:09:48:09 -0700] "GET /philo/dirhegel11f.jpg HTTP/1.1" 200 97223 "-" "Mozilla/5.0 AppleWebKit/537.36 (KHTML, like Gecko; compatible; bingbot/2.0; +http://www.bing.com/bingbot.htm) Chrome/103.0.5060.134 Safari/537.36" "ysfine.com"
