40.77.167.27 - - [09/Oct/2022:11:50:11 -0700] "GET /world/balkan/istan072.jpg HTTP/1.1" 200 76637 "-" "Mozilla/5.0 AppleWebKit/537.36 (KHTML, like Gecko; compatible; bingbot/2.0; +http://www.bing.com/bingbot.htm) Chrome/103.0.5060.134 Safari/537.36" "ysfine.com"
40.77.167.27 - - [09/Oct/2022:11:50:12 -0700] "GET /world/france/nice121.jpg HTTP/1.1" 200 91630 "-" "Mozilla/5.0 (compatible; bingbot/2.0; +http://www.bing.com/bingbot.htm)" "ysfine.com"
157.55.39.55 - - [09/Oct/2022:11:50:16 -0700] "GET /princeton/sambapr02.jpg HTTP/1.1" 200 133361 "-" "Mozilla/5.0 AppleWebKit/537.36 (KHTML, like Gecko; compatible; bingbot/2.0; +http://www.bing.com/bingbot.htm) Chrome/103.0.5060.134 Safari/537.36" "ysfine.com"
24.78.88.90 - - [09/Oct/2022:11:54:41 -0700] "GET /princeton/alexan22.jpg HTTP/1.1" 200 175436 "https://www.google.com/" "Mozilla/5.0 (Windows NT 10.0; Win64; x64) AppleWebKit/537.36 (KHTML, like Gecko) Chrome/106.0.0.0 Safari/537.36" "ysfine.com"
77.75.78.167 - - [09/Oct/2022:11:54:52 -0700] "GET /robots.txt HTTP/1.1" 404 88 "-" "Mozilla/5.0 (compatible; SeznamBot/3.2; +http://napoveda.seznam.cz/en/seznambot-intro/)" "ysfine.com"
77.75.78.167 - - [09/Oct/2022:11:54:53 -0700] "GET /world/baltic/kalin29.jpg HTTP/1.1" 304 - "-" "Mozilla/5.0 (compatible; SeznamBot/3.2; +http://napoveda.seznam.cz/en/seznambot-intro/)" "ysfine.com"
77.75.78.167 - - [09/Oct/2022:11:54:54 -0700] "GET /fbook/comet50.jpg HTTP/1.1" 200 148957 "-" "Mozilla/5.0 (compatible; SeznamBot/3.2; +http://napoveda.seznam.cz/en/seznambot-intro/)" "ysfine.com"
77.75.78.167 - - [09/Oct/2022:11:54:58 -0700] "GET /wdc/gtown08.jpg HTTP/1.1" 304 - "-" "Mozilla/5.0 (compatible; SeznamBot/3.2; +http://napoveda.seznam.cz/en/seznambot-intro/)" "ysfine.com"
77.75.78.167 - - [09/Oct/2022:11:54:59 -0700] "GET /fbook/ewk86.jpg HTTP/1.1" 200 188473 "-" "Mozilla/5.0 (compatible; SeznamBot/3.2; +http://napoveda.seznam.cz/en/seznambot-intro/)" "ysfine.com"
77.75.78.167 - - [09/Oct/2022:11:55:03 -0700] "GET /wdc/usna08.jpg HTTP/1.1" 304 - "-" "Mozilla/5.0 (compatible; SeznamBot/3.2; +http://napoveda.seznam.cz/en/seznambot-intro/)" "ysfine.com"
157.55.39.127 - - [09/Oct/2022:11:55:23 -0700] "GET /wdc/loc06.jpg HTTP/1.1" 200 155235 "-" "Mozilla/5.0 (compatible; bingbot/2.0; +http://www.bing.com/bingbot.htm)" "www.ysfine.com"
68.9.115.70 - - [09/Oct/2022:11:55:31 -0700] "GET /princeton/alexan22.jpg HTTP/1.1" 200 175436 "https://www.google.com/" "Mozilla/5.0 (iPhone; CPU iPhone OS 16_0 like Mac OS X) AppleWebKit/605.1.15 (KHTML, like Gecko) GSA/232.0.476785961 Mobile/20A362 Safari/604.1" "ysfine.com"
76.146.17.218 - - [09/Oct/2022:11:56:25 -0700] "GET /feynman/feynart.html HTTP/1.1" 200 10277 "https://www.google.com/" "Mozilla/5.0 (Linux; Android 12; SM-N986U1) AppleWebKit/537.36 (KHTML, like Gecko) Chrome/106.0.0.0 Mobile Safari/537.36" "ysfine.com"
76.146.17.218 - - [09/Oct/2022:11:56:26 -0700] "GET /feynman/ptoday89b.jpg HTTP/1.1" 200 46537 "https://ysfine.com/feynman/feynart.html" "Mozilla/5.0 (Linux; Android 12; SM-N986U1) AppleWebKit/537.36 (KHTML, like Gecko) Chrome/106.0.0.0 Mobile Safari/537.36" "ysfine.com"
76.146.17.218 - - [09/Oct/2022:11:56:26 -0700] "GET /style/telefon11b.jpg HTTP/1.1" 200 42587 "https://ysfine.com/feynman/feynart.html" "Mozilla/5.0 (Linux; Android 12; SM-N986U1) AppleWebKit/537.36 (KHTML, like Gecko) Chrome/106.0.0.0 Mobile Safari/537.36" "ysfine.com"
76.146.17.218 - - [09/Oct/2022:11:56:26 -0700] "GET /style/venus02b.jpg HTTP/1.1" 200 50071 "https://ysfine.com/feynman/feynart.html" "Mozilla/5.0 (Linux; Android 12; SM-N986U1) AppleWebKit/537.36 (KHTML, like Gecko) Chrome/106.0.0.0 Mobile Safari/537.36" "ysfine.com"
76.146.17.218 - - [09/Oct/2022:11:56:26 -0700] "GET /beau/parthen03b.jpg HTTP/1.1" 404 88 "https://ysfine.com/feynman/feynart.html" "Mozilla/5.0 (Linux; Android 12; SM-N986U1) AppleWebKit/537.36 (KHTML, like Gecko) Chrome/106.0.0.0 Mobile Safari/537.36" "ysfine.com"
76.146.17.218 - - [09/Oct/2022:11:56:26 -0700] "GET /world/scandi/vaxdoll33b.jpg HTTP/1.1" 200 56336 "https://ysfine.com/feynman/feynart.html" "Mozilla/5.0 (Linux; Android 12; SM-N986U1) AppleWebKit/537.36 (KHTML, like Gecko) Chrome/106.0.0.0 Mobile Safari/537.36" "ysfine.com"
76.146.17.218 - - [09/Oct/2022:11:56:26 -0700] "GET /world/latina/rio073b.jpg HTTP/1.1" 200 38788 "https://ysfine.com/feynman/feynart.html" "Mozilla/5.0 (Linux; Android 12; SM-N986U1) AppleWebKit/537.36 (KHTML, like Gecko) Chrome/106.0.0.0 Mobile Safari/537.36" "ysfine.com"
76.146.17.218 - - [09/Oct/2022:11:56:26 -0700] "GET /world/germany/franko11b.jpg HTTP/1.1" 200 37524 "https://ysfine.com/feynman/feynart.html" "Mozilla/5.0 (Linux; Android 12; SM-N986U1) AppleWebKit/537.36 (KHTML, like Gecko) Chrome/106.0.0.0 Mobile Safari/537.36" "ysfine.com"
76.146.17.218 - - [09/Oct/2022:11:56:26 -0700] "GET /feynman/restof05b.jpg HTTP/1.1" 200 20819 "https://ysfine.com/feynman/feynart.html" "Mozilla/5.0 (Linux; Android 12; SM-N986U1) AppleWebKit/537.36 (KHTML, like Gecko) Chrome/106.0.0.0 Mobile Safari/537.36" "ysfine.com"
76.146.17.218 - - [09/Oct/2022:11:56:26 -0700] "GET /world/russ/twosis22b.jpg HTTP/1.1" 200 23679 "https://ysfine.com/feynman/feynart.html" "Mozilla/5.0 (Linux; Android 12; SM-N986U1) AppleWebKit/537.36 (KHTML, like Gecko) Chrome/106.0.0.0 Mobile Safari/537.36" "ysfine.com"
76.146.17.218 - - [09/Oct/2022:11:56:27 -0700] "GET /favicon.ico HTTP/1.1" 404 88 "https://ysfine.com/feynman/feynart.html" "Mozilla/5.0 (Linux; Android 12; SM-N986U1) AppleWebKit/537.36 (KHTML, like Gecko) Chrome/106.0.0.0 Mobile Safari/537.36" "ysfine.com"
207.46.13.102 - - [09/Oct/2022:11:56:29 -0700] "GET /style/musee/perga01.jpg HTTP/1.1" 200 89709 "-" "Mozilla/5.0 (compatible; bingbot/2.0; +http://www.bing.com/bingbot.htm)" "www.ysfine.com"
76.146.17.218 - - [09/Oct/2022:11:56:38 -0700] "GET /dongio/twosist.html HTTP/1.1" 404 88 "https://ysfine.com/feynman/feynart.html" "Mozilla/5.0 (Linux; Android 12; SM-N986U1) AppleWebKit/537.36 (KHTML, like Gecko) Chrome/106.0.0.0 Mobile Safari/537.36" "ysfine.com"
76.146.17.218 - - [09/Oct/2022:11:56:40 -0700] "GET /world/russ/khahi.html HTTP/1.1" 200 747 "https://ysfine.com/feynman/feynart.html" "Mozilla/5.0 (Linux; Android 12; SM-N986U1) AppleWebKit/537.36 (KHTML, like Gecko) Chrome/106.0.0.0 Mobile Safari/537.36" "ysfine.com"
76.146.17.218 - - [09/Oct/2022:11:56:41 -0700] "GET /world/russ/khahi22.jpg HTTP/1.1" 200 82538 "https://ysfine.com/world/russ/khahi.html" "Mozilla/5.0 (Linux; Android 12; SM-N986U1) AppleWebKit/537.36 (KHTML, like Gecko) Chrome/106.0.0.0 Mobile Safari/537.36" "ysfine.com"
76.146.17.218 - - [09/Oct/2022:11:56:41 -0700] "GET /world/russ/khahi11.jpg HTTP/1.1" 200 123761 "https://ysfine.com/world/russ/khahi.html" "Mozilla/5.0 (Linux; Android 12; SM-N986U1) AppleWebKit/537.36 (KHTML, like Gecko) Chrome/106.0.0.0 Mobile Safari/537.36" "ysfine.com"
76.146.17.218 - - [09/Oct/2022:11:56:41 -0700] "GET /world/russ/khahi33.jpg HTTP/1.1" 200 102600 "https://ysfine.com/world/russ/khahi.html" "Mozilla/5.0 (Linux; Android 12; SM-N986U1) AppleWebKit/537.36 (KHTML, like Gecko) Chrome/106.0.0.0 Mobile Safari/537.36" "ysfine.com"
207.46.13.102 - - [09/Oct/2022:11:57:00 -0700] "GET /sbk/1999mb11.jpg HTTP/1.1" 200 157012 "-" "Mozilla/5.0 (compatible; bingbot/2.0; +http://www.bing.com/bingbot.htm)" "www.ysfine.com"
207.46.13.102 - - [09/Oct/2022:11:57:09 -0700] "GET /wigner/hazi11.jpg HTTP/1.1" 200 71634 "-" "Mozilla/5.0 (compatible; bingbot/2.0; +http://www.bing.com/bingbot.htm)" "ysfine.com"
114.119.128.162 - - [09/Oct/2022:11:57:25 -0700] "GET /wigner/index.html HTTP/1.1" 200 124 "https://ysfine.com/princeton/prade.html" "Mozilla/5.0 (Linux; Android 7.0;) AppleWebKit/537.36 (KHTML, like Gecko) Mobile Safari/537.36 (compatible; PetalBot;+https://webmaster.petalsearch.com/site/petalbot)" "ysfine.com"
76.146.17.218 - - [09/Oct/2022:11:57:38 -0700] "GET /dongio/elena01.jpg HTTP/1.1" 404 88 "https://ysfine.com/feynman/feynart.html" "Mozilla/5.0 (Linux; Android 12; SM-N986U1) AppleWebKit/537.36 (KHTML, like Gecko) Chrome/106.0.0.0 Mobile Safari/537.36" "ysfine.com"
207.46.13.102 - - [09/Oct/2022:11:57:50 -0700] "GET /bio/style/venuspics22.html HTTP/1.1" 404 88 "-" "Mozilla/5.0 AppleWebKit/537.36 (KHTML, like Gecko; compatible; bingbot/2.0; +http://www.bing.com/bingbot.htm) Chrome/103.0.5060.134 Safari/537.36" "ysfine.com"
157.55.39.55 - - [09/Oct/2022:11:57:54 -0700] "GET /bio/style/ystyle.html HTTP/1.1" 404 88 "-" "Mozilla/5.0 AppleWebKit/537.36 (KHTML, like Gecko; compatible; bingbot/2.0; +http://www.bing.com/bingbot.htm) Chrome/103.0.5060.134 Safari/537.36" "ysfine.com"
73.64.217.27 - - [09/Oct/2022:11:58:13 -0700] "GET /world/china/china006b.gif HTTP/1.1" 200 16880 "https://images.search.yahoo.com/search/images;_ylt=AwrFEIuQF0NjnLYozXaJzbkF;_ylu=c2VjA3NlYXJjaARzbGsDYXNzaXN0;_ylc=X1MDOTYwNjI4NTcEX3IDMgRmcgNtY2FmZWUEZnIyA3NhLWdwLXNlYXJjaARncHJpZAM4YzBWU0pXQ1FENkd1dUtKRk9lZ2ZBBG5fcnNsdAMwBG5fc3VnZwMxMARvcmlnaW4DaW1hZ2VzLnNlYXJjaC55YWhvby5jb20EcG9zAzcEcHFzdHIDR3JhbmQgY2FuYWwgaW4gY2hpbmEEcHFzdHJsAzIwBHFzdHJsAzI3BHF1ZXJ5A2dyYW5kJTIwY2FuYWwlMjBpbiUyMGNoaW5hJTIwb24lMjBtYXAEdF9zdG1wAzE2NjUzNDE1MDcEdXNlX2Nhc2UD?p=grand+canal+in+china+on+map&fr=mcafee&fr2=sa-gp-search&ei=UTF-8&x=wrt&type=E210US714G0" "Mozilla/5.0 (Windows NT 10.0; Win64; x64) AppleWebKit/537.36 (KHTML, like Gecko) Chrome/106.0.0.0 Safari/537.36" "ysfine.com"
157.55.39.127 - - [09/Oct/2022:11:58:23 -0700] "GET /kobak/underw31b.jpg HTTP/1.1" 200 42761 "-" "Mozilla/5.0 (compatible; bingbot/2.0; +http://www.bing.com/bingbot.htm)" "ysfine.com"
40.77.167.27 - - [09/Oct/2022:11:58:51 -0700] "GET /people/wboys.jpg HTTP/1.1" 200 223265 "-" "Mozilla/5.0 AppleWebKit/537.36 (KHTML, like Gecko; compatible; bingbot/2.0; +http://www.bing.com/bingbot.htm) Chrome/103.0.5060.134 Safari/537.36" "www.ysfine.com"
114.119.128.14 - - [09/Oct/2022:11:59:01 -0700] "GET /feynman/feygell.html HTTP/1.1" 200 4714 "https://ysfine.com/home/onephys.html" "Mozilla/5.0 (Linux; Android 7.0;) AppleWebKit/537.36 (KHTML, like Gecko) Mobile Safari/537.36 (compatible; PetalBot;+https://webmaster.petalsearch.com/site/petalbot)" "ysfine.com"
92.132.194.36 - - [09/Oct/2022:11:59:10 -0700] "GET /people/sbtwein.jpg HTTP/1.1" 200 300207 "https://www.google.com/" "Mozilla/5.0 (Macintosh; Intel Mac OS X 10_15_7) AppleWebKit/605.1.15 (KHTML, like Gecko) Version/16.0 Safari/605.1.15" "ysfine.com"
207.46.13.102 - - [09/Oct/2022:12:00:19 -0700] "GET /world/baltic/rigaf15.jpg HTTP/1.1" 200 64742 "-" "Mozilla/5.0 AppleWebKit/537.36 (KHTML, like Gecko; compatible; bingbot/2.0; +http://www.bing.com/bingbot.htm) Chrome/103.0.5060.134 Safari/537.36" "www.ysfine.com"
40.77.167.27 - - [09/Oct/2022:12:00:23 -0700] "GET /world/france/flore06.jpg HTTP/1.1" 200 120704 "-" "Mozilla/5.0 (compatible; bingbot/2.0; +http://www.bing.com/bingbot.htm)" "www.ysfine.com"
40.77.167.27 - - [09/Oct/2022:12:00:53 -0700] "GET /bio/wigner/wigleft.html HTTP/1.1" 404 88 "-" "Mozilla/5.0 AppleWebKit/537.36 (KHTML, like Gecko; compatible; bingbot/2.0; +http://www.bing.com/bingbot.htm) Chrome/103.0.5060.134 Safari/537.36" "ysfine.com"
157.55.39.128 - - [09/Oct/2022:12:00:59 -0700] "GET /kobak/rheetr11.jpg HTTP/1.1" 200 184635 "-" "Mozilla/5.0 (compatible; bingbot/2.0; +http://www.bing.com/bingbot.htm)" "www.ysfine.com"
40.77.167.27 - - [09/Oct/2022:12:01:42 -0700] "GET /world/ital/museo01b.jpg HTTP/1.1" 200 41524 "-" "Mozilla/5.0 (compatible; bingbot/2.0; +http://www.bing.com/bingbot.htm)" "ysfine.com"
93.158.161.71 - - [09/Oct/2022:12:03:50 -0700] "GET /einstein/heisenberg.html HTTP/1.1" 200 10552 "-" "Mozilla/5.0 (compatible; YandexBot/3.0; +http://yandex.com/bots)" "www.ysfine.com"
102.129.152.248 - - [09/Oct/2022:12:04:11 -0700] "GET /wp-login.php HTTP/1.1" 404 88 "-" "Mozilla/5.0 (Windows NT 10.0; Win64; x64) AppleWebKit/537.36 (KHTML, like Gecko) Chrome/91.0.4472.124 Safari/537.36" "ysfine.com"
157.55.39.55 - - [09/Oct/2022:12:04:23 -0700] "GET /style/cameras/ducks.jpg HTTP/1.1" 200 93107 "-" "Mozilla/5.0 (compatible; bingbot/2.0; +http://www.bing.com/bingbot.htm)" "www.ysfine.com"
67.140.183.84 - - [09/Oct/2022:12:05:15 -0700] "GET /princeton/alexan22.jpg HTTP/1.1" 200 175436 "https://www.google.com/" "Mozilla/5.0 (Macintosh; Intel Mac OS X 10_14_6) AppleWebKit/537.36 (KHTML, like Gecko) Chrome/104.0.0.0 Safari/537.36" "ysfine.com"
157.55.39.58 - - [09/Oct/2022:12:05:29 -0700] "GET /bio/world/brit/britmu.html HTTP/1.1" 404 88 "-" "Mozilla/5.0 (compatible; bingbot/2.0; +http://www.bing.com/bingbot.htm)" "ysfine.com"
80.187.73.97 - - [09/Oct/2022:12:06:33 -0700] "GET /dongio/amkor/kgirls02a.jpg HTTP/1.1" 404 88 "https://www.google.de/" "Mozilla/5.0 (Linux; Android 12; SAMSUNG SM-G975F) AppleWebKit/537.36 (KHTML, like Gecko) SamsungBrowser/18.0 Chrome/99.0.4844.88 Mobile Safari/537.36" "ysfine.com"
157.55.39.55 - - [09/Oct/2022:12:06:53 -0700] "GET /world/russ/spbm21.jpg HTTP/1.1" 200 88822 "-" "Mozilla/5.0 (compatible; bingbot/2.0; +http://www.bing.com/bingbot.htm)" "ysfine.com"
93.158.161.48 - - [09/Oct/2022:12:07:02 -0700] "GET /robots.txt HTTP/1.1" 404 73 "-" "Mozilla/5.0 (compatible; YandexBot/3.0; +http://yandex.com/bots)" "www.ysfine.com"
77.88.5.220 - - [09/Oct/2022:12:07:07 -0700] "GET /usca/pgh22.html HTTP/1.1" 200 11391 "-" "Mozilla/5.0 (compatible; YandexBot/3.0; +http://yandex.com/bots)" "www.ysfine.com"
93.158.161.46 - - [09/Oct/2022:12:07:42 -0700] "GET /world/brit/dunf31.jpg HTTP/1.1" 200 92683 "-" "Mozilla/5.0 (compatible; YandexImages/3.0; +http://yandex.com/bots)" "www.ysfine.com"
77.88.5.50 - - [09/Oct/2022:12:07:46 -0700] "GET /usca/pitt/cmu80.jpg HTTP/1.1" 200 114252 "-" "Mozilla/5.0 (compatible; YandexImages/3.0; +http://yandex.com/bots)" "www.ysfine.com"
93.158.161.71 - - [09/Oct/2022:12:07:49 -0700] "GET /usca/pitt/kdka01b.jpg HTTP/1.1" 200 39453 "-" "Mozilla/5.0 (compatible; YandexImages/3.0; +http://yandex.com/bots)" "www.ysfine.com"
77.88.5.86 - - [09/Oct/2022:12:07:52 -0700] "GET /usca/pitt/alumin02.jpg HTTP/1.1" 200 473853 "-" "Mozilla/5.0 (compatible; YandexImages/3.0; +http://yandex.com/bots)" "www.ysfine.com"
77.88.5.219 - - [09/Oct/2022:12:07:56 -0700] "GET /usca/pitt/gw01b.jpg HTTP/1.1" 200 21992 "-" "Mozilla/5.0 (compatible; YandexImages/3.0; +http://yandex.com/bots)" "www.ysfine.com"
77.88.5.135 - - [09/Oct/2022:12:07:59 -0700] "GET /world/brit/dunf12.jpg HTTP/1.1" 200 119023 "-" "Mozilla/5.0 (compatible; YandexImages/3.0; +http://yandex.com/bots)" "www.ysfine.com"
93.158.161.40 - - [09/Oct/2022:12:08:02 -0700] "GET /world/brit/dunf11.jpg HTTP/1.1" 200 85074 "-" "Mozilla/5.0 (compatible; YandexImages/3.0; +http://yandex.com/bots)" "www.ysfine.com"
77.88.5.245 - - [09/Oct/2022:12:08:04 -0700] "GET /usca/pitt/alumin01.jpg HTTP/1.1" 200 175734 "-" "Mozilla/5.0 (compatible; YandexImages/3.0; +http://yandex.com/bots)" "www.ysfine.com"
93.158.161.51 - - [09/Oct/2022:12:08:07 -0700] "GET /maga/invent/inductmo.jpg HTTP/1.1" 200 100995 "-" "Mozilla/5.0 (compatible; YandexImages/3.0; +http://yandex.com/bots)" "www.ysfine.com"
93.158.161.48 - - [09/Oct/2022:12:08:10 -0700] "GET /usca/pitt/westim11.jpg HTTP/1.1" 200 102989 "-" "Mozilla/5.0 (compatible; YandexImages/3.0; +http://yandex.com/bots)" "www.ysfine.com"
77.88.5.163 - - [09/Oct/2022:12:08:13 -0700] "GET /usca/pitt/westim11.jpg HTTP/1.1" 200 102989 "-" "Mozilla/5.0 (compatible; YandexBot/3.0; +http://yandex.com/bots)" "www.ysfine.com"
93.158.161.59 - - [09/Oct/2022:12:08:16 -0700] "GET /world/brit/dunf01.jpg HTTP/1.1" 200 107215 "-" "Mozilla/5.0 (compatible; YandexImages/3.0; +http://yandex.com/bots)" "www.ysfine.com"
40.77.167.27 - - [09/Oct/2022:12:08:32 -0700] "GET /world/russ/zul00.jpg HTTP/1.1" 200 242645 "-" "Mozilla/5.0 (compatible; bingbot/2.0; +http://www.bing.com/bingbot.htm)" "ysfine.com"
40.77.167.27 - - [09/Oct/2022:12:08:32 -0700] "GET /world/russ/kazan020.jpg HTTP/1.1" 200 128552 "-" "Mozilla/5.0 (compatible; bingbot/2.0; +http://www.bing.com/bingbot.htm)" "www.ysfine.com"
40.77.167.27 - - [09/Oct/2022:12:10:54 -0700] "GET /bio/maga/landau.html HTTP/1.1" 404 88 "-" "Mozilla/5.0 (compatible; bingbot/2.0; +http://www.bing.com/bingbot.htm)" "ysfine.com"
157.55.39.55 - - [09/Oct/2022:12:11:25 -0700] "GET /world/france/stras12.jpg HTTP/1.1" 200 157118 "-" "Mozilla/5.0 AppleWebKit/537.36 (KHTML, like Gecko; compatible; bingbot/2.0; +http://www.bing.com/bingbot.htm) Chrome/103.0.5060.134 Safari/537.36" "www.ysfine.com"
157.55.39.55 - - [09/Oct/2022:12:11:34 -0700] "GET /princeton/brooke88.jpg HTTP/1.1" 200 82208 "-" "Mozilla/5.0 (compatible; bingbot/2.0; +http://www.bing.com/bingbot.htm)" "www.ysfine.com"
40.77.167.27 - - [09/Oct/2022:12:12:03 -0700] "GET /people/bhagat.jpg HTTP/1.1" 200 90673 "-" "Mozilla/5.0 (compatible; bingbot/2.0; +http://www.bing.com/bingbot.htm)" "ysfine.com"
40.77.167.27 - - [09/Oct/2022:12:12:12 -0700] "GET /world/kazan.html HTTP/1.1" 200 13929 "-" "Mozilla/5.0 (compatible; bingbot/2.0; +http://www.bing.com/bingbot.htm)" "ysfine.com"
157.55.39.55 - - [09/Oct/2022:12:12:14 -0700] "GET /philo/marx.html HTTP/1.1" 200 6465 "-" "Mozilla/5.0 (compatible; bingbot/2.0; +http://www.bing.com/bingbot.htm)" "ysfine.com"
157.55.39.127 - - [09/Oct/2022:12:12:17 -0700] "GET /style/songs.html HTTP/1.1" 200 31567 "-" "Mozilla/5.0 (compatible; bingbot/2.0; +http://www.bing.com/bingbot.htm)" "ysfine.com"
157.55.39.128 - - [09/Oct/2022:12:12:21 -0700] "GET /world/munich.html HTTP/1.1" 200 3101 "-" "Mozilla/5.0 (compatible; bingbot/2.0; +http://www.bing.com/bingbot.htm)" "ysfine.com"
157.55.39.58 - - [09/Oct/2022:12:12:22 -0700] "GET /wigner/neupol.html HTTP/1.1" 200 1742 "-" "Mozilla/5.0 (compatible; bingbot/2.0; +http://www.bing.com/bingbot.htm)" "ysfine.com"
157.55.39.127 - - [09/Oct/2022:12:12:17 -0700] "GET /world/russ/?C=M;O=A HTTP/1.1" 200 17106 "-" "Mozilla/5.0 (compatible; bingbot/2.0; +http://www.bing.com/bingbot.htm)" "ysfine.com"
157.55.39.127 - - [09/Oct/2022:12:12:24 -0700] "GET /archives/proceedings/boston/castel.html HTTP/1.1" 200 631 "-" "Mozilla/5.0 (compatible; bingbot/2.0; +http://www.bing.com/bingbot.htm)" "ysfine.com"
207.46.13.102 - - [09/Oct/2022:12:12:30 -0700] "GET /wdc/wasdc.html HTTP/1.1" 200 13715 "-" "Mozilla/5.0 (compatible; bingbot/2.0; +http://www.bing.com/bingbot.htm)" "ysfine.com"
207.46.13.102 - - [09/Oct/2022:12:12:30 -0700] "GET /world/russ/dubnaf.html HTTP/1.1" 200 1239 "-" "Mozilla/5.0 (compatible; bingbot/2.0; +http://www.bing.com/bingbot.htm)" "ysfine.com"
207.46.13.102 - - [09/Oct/2022:12:12:31 -0700] "GET /feynman/feykant.html HTTP/1.1" 200 3350 "-" "Mozilla/5.0 (compatible; bingbot/2.0; +http://www.bing.com/bingbot.htm)" "ysfine.com"
207.46.13.102 - - [09/Oct/2022:12:12:31 -0700] "GET /world/russ/dubna.html HTTP/1.1" 200 1205 "-" "Mozilla/5.0 (compatible; bingbot/2.0; +http://www.bing.com/bingbot.htm)" "ysfine.com"
207.46.13.102 - - [09/Oct/2022:12:12:31 -0700] "GET /jakella/index.html HTTP/1.1" 200 1693 "-" "Mozilla/5.0 (compatible; bingbot/2.0; +http://www.bing.com/bingbot.htm)" "ysfine.com"
207.46.13.102 - - [09/Oct/2022:12:12:31 -0700] "GET /world/paris HTTP/1.1" 200 18129 "-" "Mozilla/5.0 (compatible; bingbot/2.0; +http://www.bing.com/bingbot.htm)" "ysfine.com"
20.191.45.212 - - [09/Oct/2022:12:12:37 -0700] "GET / HTTP/1.1" 200 5283 "https://www.ysfine.com/" "Mozilla/5.0 (compatible; DuckDuckGo-Favicons-Bot/1.0; +http://duckduckgo.com)" "www.ysfine.com"
20.191.45.212 - - [09/Oct/2022:12:12:37 -0700] "GET /favicon.ico HTTP/1.1" 404 88 "https://www.ysfine.com/favicon.ico" "Mozilla/5.0 (compatible; DuckDuckGo-Favicons-Bot/1.0; +http://duckduckgo.com)" "www.ysfine.com"
20.191.45.212 - - [09/Oct/2022:12:12:38 -0700] "GET /favicon.ico HTTP/1.1" 404 88 "https://www.ysfine.com/favicon.ico" "Mozilla/5.0 (compatible; DuckDuckGo-Favicons-Bot/1.0; +http://duckduckgo.com)" "www.ysfine.com"
157.55.39.128 - - [09/Oct/2022:12:13:30 -0700] "GET /world/russ/spbf28.jpg HTTP/1.1" 200 240532 "-" "Mozilla/5.0 (compatible; bingbot/2.0; +http://www.bing.com/bingbot.htm)" "ysfine.com"
69.171.249.12 - - [09/Oct/2022:12:13:47 -0700] "GET /einstein/heisenberg.html HTTP/1.1" 206 10552 "-" "facebookexternalhit/1.1 (+http://www.facebook.com/externalhit_uatext.php)" "ysfine.com"
199.195.254.34 - - [09/Oct/2022:12:14:16 -0700] "GET /dirac/dirheisen31b.jpg HTTP/1.1" 200 39248 "https://www.google.com/" "Mozilla/5.0 (Linux; Android 9; SM-G950U Build/PPR1.180610.011; wv) AppleWebKit/537.36 (KHTML, like Gecko) Version/4.0 Chrome/106.0.5249.79 Mobile Safari/537.36 GoogleApp/13.38.11.26.arm64" "ysfine.com"
157.55.39.127 - - [09/Oct/2022:12:14:26 -0700] "GET /world/germany/hofbrau22.jpg HTTP/1.1" 200 88391 "-" "Mozilla/5.0 (compatible; bingbot/2.0; +http://www.bing.com/bingbot.htm)" "www.ysfine.com"
66.102.8.49 - - [09/Oct/2022:12:14:35 -0700] "GET /princeton/nasshall01.jpg HTTP/1.1" 200 169242 "-" "Mozilla/5.0 (Windows NT 5.1; rv:11.0) Gecko Firefox/11.0 (via ggpht.com GoogleImageProxy)" "ysfine.com"
157.55.39.128 - - [09/Oct/2022:12:14:59 -0700] "GET /maga/phys/huy03.jpg HTTP/1.1" 200 236988 "-" "Mozilla/5.0 (compatible; bingbot/2.0; +http://www.bing.com/bingbot.htm)" "ysfine.com"
199.195.254.34 - - [09/Oct/2022:12:15:00 -0700] "GET /dirac/dirfoc62.jpg HTTP/1.1" 200 192075 "https://www.google.com/" "Mozilla/5.0 (Linux; Android 9; SM-G950U Build/PPR1.180610.011; wv) AppleWebKit/537.36 (KHTML, like Gecko) Version/4.0 Chrome/106.0.5249.79 Mobile Safari/537.36 GoogleApp/13.38.11.26.arm64" "ysfine.com"
40.77.167.27 - - [09/Oct/2022:12:15:34 -0700] "GET /wigner/lunch300.jpg HTTP/1.1" 200 31870 "-" "Mozilla/5.0 (compatible; bingbot/2.0; +http://www.bing.com/bingbot.htm)" "ysfine.com"
157.55.39.55 - - [09/Oct/2022:12:15:38 -0700] "GET /bio/einstein/eincopen.html HTTP/1.1" 404 88 "-" "Mozilla/5.0 (compatible; bingbot/2.0; +http://www.bing.com/bingbot.htm)" "ysfine.com"
207.46.13.102 - - [09/Oct/2022:12:16:00 -0700] "GET /style/musee/britmu08.jpg HTTP/1.1" 200 88953 "-" "Mozilla/5.0 (compatible; bingbot/2.0; +http://www.bing.com/bingbot.htm)" "www.ysfine.com"
46.99.95.121 - - [09/Oct/2022:12:16:29 -0700] "GET /world/france/stras17.jpg HTTP/1.1" 200 145827 "https://www.google.com/" "Mozilla/5.0 (iPhone; CPU iPhone OS 15_6 like Mac OS X) AppleWebKit/605.1.15 (KHTML, like Gecko) GSA/232.0.476785961 Mobile/19G71 Safari/604.1" "ysfine.com"
128.2.177.108 - - [09/Oct/2022:12:16:45 -0700] "GET /world/russ/kazanmap22.jpg HTTP/1.1" 200 129761 "-" "Mozilla/5.0 (X11; Linux i686) AppleWebKit/537.17 (KHTML, like Gecko) Chrome/24.0.1312.27 Safari/537.17" "ysfine.com"
157.55.39.55 - - [09/Oct/2022:12:17:16 -0700] "GET /bio/pquartet.html HTTP/1.1" 404 88 "-" "Mozilla/5.0 (compatible; bingbot/2.0; +http://www.bing.com/bingbot.htm)" "ysfine.com"
90.246.203.218 - - [09/Oct/2022:12:18:36 -0700] "GET /kowar/tanks/tank03.jpg HTTP/1.1" 200 106726 "https://www.google.com/" "Mozilla/5.0 (Linux; Android 10; SM-A217F) AppleWebKit/537.36 (KHTML, like Gecko) Chrome/81.0.4044.138 Mobile Safari/537.36" "ysfine.com"
157.55.39.58 - - [09/Oct/2022:12:18:49 -0700] "GET /einstein/newton55c.jpg HTTP/1.1" 200 31852 "-" "Mozilla/5.0 (compatible; bingbot/2.0; +http://www.bing.com/bingbot.htm)" "ysfine.com"
93.158.161.40 - - [09/Oct/2022:12:18:51 -0700] "GET /archives/proceedings/boston/janszky.pdf HTTP/1.1" 200 177651 "-" "Mozilla/5.0 (compatible; YandexBot/3.0; +http://yandex.com/bots)" "www.ysfine.com"
87.123.241.119 - - [09/Oct/2022:12:19:44 -0700] "GET /style/beetho22.jpg HTTP/1.1" 200 195430 "https://www.bing.com/" "Mozilla/5.0 (Windows NT 10.0; Win64; x64; rv:105.0) Gecko/20100101 Firefox/105.0" "ysfine.com"
157.55.39.128 - - [09/Oct/2022:12:19:51 -0700] "GET /bio/princeton/pstorie.html HTTP/1.1" 404 88 "-" "Mozilla/5.0 (compatible; bingbot/2.0; +http://www.bing.com/bingbot.htm)" "ysfine.com"
40.77.167.27 - - [09/Oct/2022:12:20:33 -0700] "GET /dirac/dirfoc62.jpg HTTP/1.1" 200 192075 "-" "Mozilla/5.0 (compatible; bingbot/2.0; +http://www.bing.com/bingbot.htm)" "ysfine.com"
40.77.167.27 - - [09/Oct/2022:12:20:43 -0700] "GET /world/russ/kazan031b.jpg HTTP/1.1" 200 46458 "-" "Mozilla/5.0 (compatible; bingbot/2.0; +http://www.bing.com/bingbot.htm)" "ysfine.com"
157.55.39.55 - - [09/Oct/2022:12:20:55 -0700] "GET /world/ital/padova05.jpg HTTP/1.1" 200 119136 "-" "Mozilla/5.0 (compatible; bingbot/2.0; +http://www.bing.com/bingbot.htm)" "ysfine.com"
40.77.167.27 - - [09/Oct/2022:12:21:55 -0700] "GET /bio/einstein/lawrence22.pdf HTTP/1.1" 404 88 "-" "Mozilla/5.0 (compatible; bingbot/2.0; +http://www.bing.com/bingbot.htm)" "ysfine.com"
157.55.39.127 - - [09/Oct/2022:12:22:26 -0700] "GET /sbk/2002maine11.jpg HTTP/1.1" 200 180839 "-" "Mozilla/5.0 (compatible; bingbot/2.0; +http://www.bing.com/bingbot.htm)" "www.ysfine.com"
207.46.13.102 - - [09/Oct/2022:12:22:42 -0700] "GET /sbk/2002pr11.jpg HTTP/1.1" 200 165443 "-" "Mozilla/5.0 (compatible; bingbot/2.0; +http://www.bing.com/bingbot.htm)" "ysfine.com"
40.77.167.27 - - [09/Oct/2022:12:22:55 -0700] "GET /bio/wdc/monticello.html HTTP/1.1" 404 88 "-" "Mozilla/5.0 (compatible; bingbot/2.0; +http://www.bing.com/bingbot.htm)" "ysfine.com"
58.250.125.75 - - [09/Oct/2022:12:23:03 -0700] "GET / HTTP/1.1" 200 5283 "-" "Sogou web spider/4.0(+http://www.sogou.com/docs/help/webmasters.htm#07)" "ysfine.com"
157.55.39.128 - - [09/Oct/2022:12:24:00 -0700] "GET /feynman/feygell22c.jpg HTTP/1.1" 200 28834 "-" "Mozilla/5.0 (compatible; bingbot/2.0; +http://www.bing.com/bingbot.htm)" "ysfine.com"
138.28.169.27 - - [09/Oct/2022:12:24:44 -0700] "GET /maga/desiree.html HTTP/1.1" 200 2747 "-" "Mozilla/5.0 (Macintosh; Intel Mac OS X 10_15_7) AppleWebKit/537.36 (KHTML, like Gecko) Chrome/105.0.0.0 Safari/537.36" "ysfine.com"
157.55.39.55 - - [09/Oct/2022:12:27:07 -0700] "GET /bio/style/ystyle.html HTTP/1.1" 404 88 "-" "Mozilla/5.0 (compatible; bingbot/2.0; +http://www.bing.com/bingbot.htm)" "ysfine.com"
157.55.39.58 - - [09/Oct/2022:12:27:19 -0700] "GET /world/balkan/istan103b.jpg HTTP/1.1" 200 38081 "-" "Mozilla/5.0 AppleWebKit/537.36 (KHTML, like Gecko; compatible; bingbot/2.0; +http://www.bing.com/bingbot.htm) Chrome/103.0.5060.134 Safari/537.36" "ysfine.com"
157.55.39.128 - - [09/Oct/2022:12:27:42 -0700] "GET /bio/maga/conic.html HTTP/1.1" 404 88 "-" "Mozilla/5.0 (compatible; bingbot/2.0; +http://www.bing.com/bingbot.htm)" "ysfine.com"
207.46.13.102 - - [09/Oct/2022:12:28:32 -0700] "GET /usca/pitt/westim01.jpg HTTP/1.1" 200 101749 "-" "Mozilla/5.0 AppleWebKit/537.36 (KHTML, like Gecko; compatible; bingbot/2.0; +http://www.bing.com/bingbot.htm) Chrome/103.0.5060.134 Safari/537.36" "www.ysfine.com"
87.206.148.68 - - [09/Oct/2022:12:29:12 -0700] "GET /dirac/wigsis.html HTTP/1.1" 200 10275 "https://www.google.com/" "Mozilla/5.0 (Windows NT 10.0; Win64; x64) AppleWebKit/537.36 (KHTML, like Gecko) Chrome/105.0.0.0 Safari/537.36" "ysfine.com"
87.206.148.68 - - [09/Oct/2022:12:29:12 -0700] "GET /dirac/wigsis22.jpg HTTP/1.1" 200 39975 "https://ysfine.com/dirac/wigsis.html" "Mozilla/5.0 (Windows NT 10.0; Win64; x64) AppleWebKit/537.36 (KHTML, like Gecko) Chrome/105.0.0.0 Safari/537.36" "ysfine.com"
87.206.148.68 - - [09/Oct/2022:12:29:12 -0700] "GET /dirac/dirac63b.jpg HTTP/1.1" 200 41617 "https://ysfine.com/dirac/wigsis.html" "Mozilla/5.0 (Windows NT 10.0; Win64; x64) AppleWebKit/537.36 (KHTML, like Gecko) Chrome/105.0.0.0 Safari/537.36" "ysfine.com"
87.206.148.68 - - [09/Oct/2022:12:29:12 -0700] "GET /princeton/annex11b.jpg HTTP/1.1" 200 39639 "https://ysfine.com/dirac/wigsis.html" "Mozilla/5.0 (Windows NT 10.0; Win64; x64) AppleWebKit/537.36 (KHTML, like Gecko) Chrome/105.0.0.0 Safari/537.36" "ysfine.com"
87.206.148.68 - - [09/Oct/2022:12:29:12 -0700] "GET /dirac/dirwig33b.jpg HTTP/1.1" 200 11663 "https://ysfine.com/dirac/wigsis.html" "Mozilla/5.0 (Windows NT 10.0; Win64; x64) AppleWebKit/537.36 (KHTML, like Gecko) Chrome/105.0.0.0 Safari/537.36" "ysfine.com"
87.206.148.68 - - [09/Oct/2022:12:29:12 -0700] "GET /dirac/hazi22.jpg HTTP/1.1" 200 37344 "https://ysfine.com/dirac/wigsis.html" "Mozilla/5.0 (Windows NT 10.0; Win64; x64) AppleWebKit/537.36 (KHTML, like Gecko) Chrome/105.0.0.0 Safari/537.36" "ysfine.com"
87.206.148.68 - - [09/Oct/2022:12:29:12 -0700] "GET /dirac/michaels22.jpg HTTP/1.1" 200 47473 "https://ysfine.com/dirac/wigsis.html" "Mozilla/5.0 (Windows NT 10.0; Win64; x64) AppleWebKit/537.36 (KHTML, like Gecko) Chrome/105.0.0.0 Safari/537.36" "ysfine.com"
87.206.148.68 - - [09/Oct/2022:12:29:12 -0700] "GET /dirac/dirac84b.jpg HTTP/1.1" 200 42763 "https://ysfine.com/dirac/wigsis.html" "Mozilla/5.0 (Windows NT 10.0; Win64; x64) AppleWebKit/537.36 (KHTML, like Gecko) Chrome/105.0.0.0 Safari/537.36" "ysfine.com"
87.206.148.68 - - [09/Oct/2022:12:29:12 -0700] "GET /kobak/nicodem11b.jpg HTTP/1.1" 200 79065 "https://ysfine.com/dirac/wigsis.html" "Mozilla/5.0 (Windows NT 10.0; Win64; x64) AppleWebKit/537.36 (KHTML, like Gecko) Chrome/105.0.0.0 Safari/537.36" "ysfine.com"
87.206.148.68 - - [09/Oct/2022:12:29:12 -0700] "GET /dirac/dirackn33b.jpg HTTP/1.1" 200 48200 "https://ysfine.com/dirac/wigsis.html" "Mozilla/5.0 (Windows NT 10.0; Win64; x64) AppleWebKit/537.36 (KHTML, like Gecko) Chrome/105.0.0.0 Safari/537.36" "ysfine.com"
87.206.148.68 - - [09/Oct/2022:12:29:12 -0700] "GET /dirac/dirackim6202.jpg HTTP/1.1" 200 51465 "https://ysfine.com/dirac/wigsis.html" "Mozilla/5.0 (Windows NT 10.0; Win64; x64) AppleWebKit/537.36 (KHTML, like Gecko) Chrome/105.0.0.0 Safari/537.36" "ysfine.com"
87.206.148.68 - - [09/Oct/2022:12:29:12 -0700] "GET /feynman/feydirac270.jpg HTTP/1.1" 200 59000 "https://ysfine.com/dirac/wigsis.html" "Mozilla/5.0 (Windows NT 10.0; Win64; x64) AppleWebKit/537.36 (KHTML, like Gecko) Chrome/105.0.0.0 Safari/537.36" "ysfine.com"
87.206.148.68 - - [09/Oct/2022:12:29:12 -0700] "GET /eink/eink61c.jpg HTTP/1.1" 200 34119 "https://ysfine.com/dirac/wigsis.html" "Mozilla/5.0 (Windows NT 10.0; Win64; x64) AppleWebKit/537.36 (KHTML, like Gecko) Chrome/105.0.0.0 Safari/537.36" "ysfine.com"
87.206.148.68 - - [09/Oct/2022:12:29:12 -0700] "GET /world/poland/jablo08b.jpg HTTP/1.1" 200 42070 "https://ysfine.com/dirac/wigsis.html" "Mozilla/5.0 (Windows NT 10.0; Win64; x64) AppleWebKit/537.36 (KHTML, like Gecko) Chrome/105.0.0.0 Safari/537.36" "ysfine.com"
87.206.148.68 - - [09/Oct/2022:12:29:12 -0700] "GET /dirac/jablo62b.jpg HTTP/1.1" 200 42817 "https://ysfine.com/dirac/wigsis.html" "Mozilla/5.0 (Windows NT 10.0; Win64; x64) AppleWebKit/537.36 (KHTML, like Gecko) Chrome/105.0.0.0 Safari/537.36" "ysfine.com"
87.206.148.68 - - [09/Oct/2022:12:29:12 -0700] "GET /dirac/hyperell2.jpg HTTP/1.1" 200 29858 "https://ysfine.com/dirac/wigsis.html" "Mozilla/5.0 (Windows NT 10.0; Win64; x64) AppleWebKit/537.36 (KHTML, like Gecko) Chrome/105.0.0.0 Safari/537.36" "ysfine.com"
87.206.148.68 - - [09/Oct/2022:12:29:12 -0700] "GET /world/poland/jablo20b.jpg HTTP/1.1" 200 41339 "https://ysfine.com/dirac/wigsis.html" "Mozilla/5.0 (Windows NT 10.0; Win64; x64) AppleWebKit/537.36 (KHTML, like Gecko) Chrome/105.0.0.0 Safari/537.36" "ysfine.com"
87.206.148.68 - - [09/Oct/2022:12:29:12 -0700] "GET /dirac/dirackim6201.jpg HTTP/1.1" 200 51283 "https://ysfine.com/dirac/wigsis.html" "Mozilla/5.0 (Windows NT 10.0; Win64; x64) AppleWebKit/537.36 (KHTML, like Gecko) Chrome/105.0.0.0 Safari/537.36" "ysfine.com"
87.206.148.68 - - [09/Oct/2022:12:29:12 -0700] "GET /world/poland/jablo19b.jpg HTTP/1.1" 200 49913 "https://ysfine.com/dirac/wigsis.html" "Mozilla/5.0 (Windows NT 10.0; Win64; x64) AppleWebKit/537.36 (KHTML, like Gecko) Chrome/105.0.0.0 Safari/537.36" "ysfine.com"
87.206.148.68 - - [09/Oct/2022:12:29:12 -0700] "GET /world/poland/jablo01b.jpg HTTP/1.1" 200 39801 "https://ysfine.com/dirac/wigsis.html" "Mozilla/5.0 (Windows NT 10.0; Win64; x64) AppleWebKit/537.36 (KHTML, like Gecko) Chrome/105.0.0.0 Safari/537.36" "ysfine.com"
87.206.148.68 - - [09/Oct/2022:12:29:16 -0700] "GET /favicon.ico HTTP/1.1" 404 88 "https://ysfine.com/dirac/wigsis.html" "Mozilla/5.0 (Windows NT 10.0; Win64; x64) AppleWebKit/537.36 (KHTML, like Gecko) Chrome/105.0.0.0 Safari/537.36" "ysfine.com"
80.95.71.56 - - [09/Oct/2022:12:29:26 -0700] "GET /wigner/second.jpg HTTP/1.1" 200 104478 "https://www.google.com/" "Mozilla/5.0 (Windows NT 10.0; Win64; x64) AppleWebKit/537.36 (KHTML, like Gecko) Chrome/106.0.0.0 Safari/537.36" "ysfine.com"
80.95.71.56 - - [09/Oct/2022:12:29:27 -0700] "GET /wigner/second2.jpg HTTP/1.1" 200 64603 "https://www.google.com/" "Mozilla/5.0 (Windows NT 10.0; Win64; x64) AppleWebKit/537.36 (KHTML, like Gecko) Chrome/106.0.0.0 Safari/537.36" "ysfine.com"
157.55.39.127 - - [09/Oct/2022:12:29:28 -0700] "GET /bio/dirac/dirackim62.html HTTP/1.1" 404 88 "-" "Mozilla/5.0 (compatible; bingbot/2.0; +http://www.bing.com/bingbot.htm)" "ysfine.com"
157.55.39.127 - - [09/Oct/2022:12:29:29 -0700] "GET /bio/world/veneto.html HTTP/1.1" 404 88 "-" "Mozilla/5.0 (compatible; bingbot/2.0; +http://www.bing.com/bingbot.htm)" "ysfine.com"
157.55.39.127 - - [09/Oct/2022:12:30:08 -0700] "GET /bio/bio10.html HTTP/1.1" 404 88 "-" "Mozilla/5.0 (compatible; bingbot/2.0; +http://www.bing.com/bingbot.htm)" "ysfine.com"
157.55.39.58 - - [09/Oct/2022:12:30:12 -0700] "GET /ffriends/frsp01c.jpg HTTP/1.1" 200 48142 "-" "Mozilla/5.0 (compatible; bingbot/2.0; +http://www.bing.com/bingbot.htm)" "ysfine.com"
157.55.39.127 - - [09/Oct/2022:12:30:17 -0700] "GET /bio/wigner/wiglittle.pdf HTTP/1.1" 404 88 "-" "Mozilla/5.0 AppleWebKit/537.36 (KHTML, like Gecko; compatible; bingbot/2.0; +http://www.bing.com/bingbot.htm) Chrome/103.0.5060.134 Safari/537.36" "ysfine.com"
157.55.39.128 - - [09/Oct/2022:12:30:17 -0700] "GET /bio/kowar/wartop.html HTTP/1.1" 404 88 "-" "Mozilla/5.0 (compatible; bingbot/2.0; +http://www.bing.com/bingbot.htm)" "ysfine.com"
76.103.24.59 - - [09/Oct/2022:12:30:26 -0700] "GET /princeton/alexan22.jpg HTTP/1.1" 200 175436 "https://www.google.com/" "Mozilla/5.0 (iPhone; CPU iPhone OS 16_0 like Mac OS X) AppleWebKit/605.1.15 (KHTML, like Gecko) Version/16.0 Mobile/15E148 Safari/604.1" "ysfine.com"
157.55.39.128 - - [09/Oct/2022:12:32:41 -0700] "GET /world/china/dalian28.jpg HTTP/1.1" 200 73835 "-" "Mozilla/5.0 (compatible; bingbot/2.0; +http://www.bing.com/bingbot.htm)" "ysfine.com"
66.249.66.43 - - [09/Oct/2022:12:32:55 -0700] "GET /robots.txt HTTP/1.1" 404 88 "-" "Mozilla/5.0 (compatible; Googlebot/2.1; +http://www.google.com/bot.html)" "ysfine.com"
173.73.80.118 - - [09/Oct/2022:12:33:04 -0700] "GET /ys11/index.html HTTP/1.1" 304 - "-" "Mozilla/5.0 (Windows NT 10.0; Win64; x64) AppleWebKit/537.36 (KHTML, like Gecko) Chrome/106.0.0.0 Safari/537.36 Edg/106.0.1370.37" "www.ysfine.com"
173.73.80.118 - - [09/Oct/2022:12:33:04 -0700] "GET /favicon.ico HTTP/1.1" 404 88 "https://www.ysfine.com/ys11/index.html" "Mozilla/5.0 (Windows NT 10.0; Win64; x64) AppleWebKit/537.36 (KHTML, like Gecko) Chrome/106.0.0.0 Safari/537.36 Edg/106.0.1370.37" "www.ysfine.com"
173.73.80.118 - - [09/Oct/2022:12:33:42 -0700] "GET /home/index.html HTTP/1.1" 304 - "-" "Mozilla/5.0 (Windows NT 10.0; Win64; x64) AppleWebKit/537.36 (KHTML, like Gecko) Chrome/106.0.0.0 Safari/537.36 Edg/106.0.1370.37" "www.ysfine.com"
173.73.80.118 - - [09/Oct/2022:12:34:03 -0700] "GET /home/yshome.html HTTP/1.1" 200 5704 "-" "Mozilla/5.0 (Windows NT 10.0; Win64; x64) AppleWebKit/537.36 (KHTML, like Gecko) Chrome/106.0.0.0 Safari/537.36 Edg/106.0.1370.37" "www.ysfine.com"
173.73.80.118 - - [09/Oct/2022:12:34:03 -0700] "GET /ysbio/taylor500.jpg HTTP/1.1" 200 79197 "https://www.ysfine.com/" "Mozilla/5.0 (Windows NT 10.0; Win64; x64) AppleWebKit/537.36 (KHTML, like Gecko) Chrome/106.0.0.0 Safari/537.36 Edg/106.0.1370.37" "ysfine.com"
173.73.80.118 - - [09/Oct/2022:12:34:03 -0700] "GET /ysbio/eward55f.jpg HTTP/1.1" 200 122802 "https://www.ysfine.com/" "Mozilla/5.0 (Windows NT 10.0; Win64; x64) AppleWebKit/537.36 (KHTML, like Gecko) Chrome/106.0.0.0 Safari/537.36 Edg/106.0.1370.37" "ysfine.com"
173.73.80.118 - - [09/Oct/2022:12:34:03 -0700] "GET /ysbio/eink/einhaus11c.jpg HTTP/1.1" 200 42522 "https://www.ysfine.com/" "Mozilla/5.0 (Windows NT 10.0; Win64; x64) AppleWebKit/537.36 (KHTML, like Gecko) Chrome/106.0.0.0 Safari/537.36 Edg/106.0.1370.37" "ysfine.com"
173.73.80.118 - - [09/Oct/2022:12:34:03 -0700] "GET /ysbio/eink54f.jpg HTTP/1.1" 200 96332 "https://www.ysfine.com/" "Mozilla/5.0 (Windows NT 10.0; Win64; x64) AppleWebKit/537.36 (KHTML, like Gecko) Chrome/106.0.0.0 Safari/537.36 Edg/106.0.1370.37" "ysfine.com"
173.73.80.118 - - [09/Oct/2022:12:34:10 -0700] "GET /awards/marq.html HTTP/1.1" 200 3275 "-" "Mozilla/5.0 (Windows NT 10.0; Win64; x64) AppleWebKit/537.36 (KHTML, like Gecko) Chrome/106.0.0.0 Safari/537.36 Edg/106.0.1370.37" "ysfine.com"
173.73.80.118 - - [09/Oct/2022:12:34:10 -0700] "GET /kobak/swr51c.jpg HTTP/1.1" 304 - "https://ysfine.com/awards/marq.html" "Mozilla/5.0 (Windows NT 10.0; Win64; x64) AppleWebKit/537.36 (KHTML, like Gecko) Chrome/106.0.0.0 Safari/537.36 Edg/106.0.1370.37" "ysfine.com"
173.73.80.118 - - [09/Oct/2022:12:34:10 -0700] "GET /home/handsome22f.jpg HTTP/1.1" 200 122334 "https://ysfine.com/awards/marq.html" "Mozilla/5.0 (Windows NT 10.0; Win64; x64) AppleWebKit/537.36 (KHTML, like Gecko) Chrome/106.0.0.0 Safari/537.36 Edg/106.0.1370.37" "ysfine.com"
173.73.80.118 - - [09/Oct/2022:12:34:10 -0700] "GET /home/fotos/bridge11d.jpg HTTP/1.1" 200 55851 "https://ysfine.com/awards/marq.html" "Mozilla/5.0 (Windows NT 10.0; Win64; x64) AppleWebKit/537.36 (KHTML, like Gecko) Chrome/106.0.0.0 Safari/537.36 Edg/106.0.1370.37" "ysfine.com"
173.252.83.120 - - [09/Oct/2022:12:34:12 -0700] "GET /feynman/ptoday89.jpg HTTP/1.1" 200 101842 "-" "facebookexternalhit/1.1 (+http://www.facebook.com/externalhit_uatext.php)" "ysfine.com"
173.73.80.118 - - [09/Oct/2022:12:34:23 -0700] "GET /dirac/index.html HTTP/1.1" 200 124 "-" "Mozilla/5.0 (Windows NT 10.0; Win64; x64) AppleWebKit/537.36 (KHTML, like Gecko) Chrome/106.0.0.0 Safari/537.36 Edg/106.0.1370.37" "ysfine.com"
173.73.80.118 - - [09/Oct/2022:12:34:23 -0700] "GET /dirac/dirtop.html HTTP/1.1" 200 435 "https://ysfine.com/dirac/index.html" "Mozilla/5.0 (Windows NT 10.0; Win64; x64) AppleWebKit/537.36 (KHTML, like Gecko) Chrome/106.0.0.0 Safari/537.36 Edg/106.0.1370.37" "ysfine.com"
173.73.80.118 - - [09/Oct/2022:12:34:23 -0700] "GET /dirac/dirbot.html HTTP/1.1" 200 130 "https://ysfine.com/dirac/index.html" "Mozilla/5.0 (Windows NT 10.0; Win64; x64) AppleWebKit/537.36 (KHTML, like Gecko) Chrome/106.0.0.0 Safari/537.36 Edg/106.0.1370.37" "ysfine.com"
173.73.80.118 - - [09/Oct/2022:12:34:23 -0700] "GET /dirac/dirleft.html HTTP/1.1" 200 716 "https://ysfine.com/dirac/dirbot.html" "Mozilla/5.0 (Windows NT 10.0; Win64; x64) AppleWebKit/537.36 (KHTML, like Gecko) Chrome/106.0.0.0 Safari/537.36 Edg/106.0.1370.37" "ysfine.com"
173.73.80.118 - - [09/Oct/2022:12:34:23 -0700] "GET /dirac/dirkim.html HTTP/1.1" 200 3690 "https://ysfine.com/dirac/dirbot.html" "Mozilla/5.0 (Windows NT 10.0; Win64; x64) AppleWebKit/537.36 (KHTML, like Gecko) Chrome/106.0.0.0 Safari/537.36 Edg/106.0.1370.37" "ysfine.com"
173.73.80.118 - - [09/Oct/2022:12:34:23 -0700] "GET /dirac/sq73c.jpg HTTP/1.1" 200 35501 "https://ysfine.com/dirac/dirkim.html" "Mozilla/5.0 (Windows NT 10.0; Win64; x64) AppleWebKit/537.36 (KHTML, like Gecko) Chrome/106.0.0.0 Safari/537.36 Edg/106.0.1370.37" "ysfine.com"
173.73.80.118 - - [09/Oct/2022:12:34:23 -0700] "GET /dirac/dirac11c.jpg HTTP/1.1" 200 39003 "https://ysfine.com/dirac/dirkim.html" "Mozilla/5.0 (Windows NT 10.0; Win64; x64) AppleWebKit/537.36 (KHTML, like Gecko) Chrome/106.0.0.0 Safari/537.36 Edg/106.0.1370.37" "ysfine.com"
173.73.80.118 - - [09/Oct/2022:12:34:23 -0700] "GET /dirac/nicodem11c.jpg HTTP/1.1" 200 72684 "https://ysfine.com/dirac/dirkim.html" "Mozilla/5.0 (Windows NT 10.0; Win64; x64) AppleWebKit/537.36 (KHTML, like Gecko) Chrome/106.0.0.0 Safari/537.36 Edg/106.0.1370.37" "ysfine.com"
173.73.80.118 - - [09/Oct/2022:12:34:23 -0700] "GET /eink/wsj21a.jpg HTTP/1.1" 200 117645 "https://ysfine.com/dirac/dirkim.html" "Mozilla/5.0 (Windows NT 10.0; Win64; x64) AppleWebKit/537.36 (KHTML, like Gecko) Chrome/106.0.0.0 Safari/537.36 Edg/106.0.1370.37" "ysfine.com"
173.73.80.118 - - [09/Oct/2022:12:34:27 -0700] "GET /wigner/index.html HTTP/1.1" 200 124 "-" "Mozilla/5.0 (Windows NT 10.0; Win64; x64) AppleWebKit/537.36 (KHTML, like Gecko) Chrome/106.0.0.0 Safari/537.36 Edg/106.0.1370.37" "ysfine.com"
173.73.80.118 - - [09/Oct/2022:12:34:27 -0700] "GET /wigner/wigtop.html HTTP/1.1" 200 422 "https://ysfine.com/wigner/index.html" "Mozilla/5.0 (Windows NT 10.0; Win64; x64) AppleWebKit/537.36 (KHTML, like Gecko) Chrome/106.0.0.0 Safari/537.36 Edg/106.0.1370.37" "ysfine.com"
173.73.80.118 - - [09/Oct/2022:12:34:27 -0700] "GET /wigner/wigbot.html HTTP/1.1" 200 123 "https://ysfine.com/wigner/index.html" "Mozilla/5.0 (Windows NT 10.0; Win64; x64) AppleWebKit/537.36 (KHTML, like Gecko) Chrome/106.0.0.0 Safari/537.36 Edg/106.0.1370.37" "ysfine.com"
173.73.80.118 - - [09/Oct/2022:12:34:27 -0700] "GET /wigner/wigrigh.html HTTP/1.1" 200 2476 "https://ysfine.com/wigner/wigbot.html" "Mozilla/5.0 (Windows NT 10.0; Win64; x64) AppleWebKit/537.36 (KHTML, like Gecko) Chrome/106.0.0.0 Safari/537.36 Edg/106.0.1370.37" "ysfine.com"
173.73.80.118 - - [09/Oct/2022:12:34:27 -0700] "GET /wigner/wigleft.html HTTP/1.1" 200 659 "https://ysfine.com/wigner/wigbot.html" "Mozilla/5.0 (Windows NT 10.0; Win64; x64) AppleWebKit/537.36 (KHTML, like Gecko) Chrome/106.0.0.0 Safari/537.36 Edg/106.0.1370.37" "ysfine.com"
173.73.80.118 - - [09/Oct/2022:12:34:27 -0700] "GET /wigner/wigkim22b.jpg HTTP/1.1" 200 33880 "https://ysfine.com/wigner/wigrigh.html" "Mozilla/5.0 (Windows NT 10.0; Win64; x64) AppleWebKit/537.36 (KHTML, like Gecko) Chrome/106.0.0.0 Safari/537.36 Edg/106.0.1370.37" "ysfine.com"
173.73.80.118 - - [09/Oct/2022:12:34:27 -0700] "GET /wigner/isomor66b.jpg HTTP/1.1" 200 60963 "https://ysfine.com/wigner/wigrigh.html" "Mozilla/5.0 (Windows NT 10.0; Win64; x64) AppleWebKit/537.36 (KHTML, like Gecko) Chrome/106.0.0.0 Safari/537.36 Edg/106.0.1370.37" "ysfine.com"
173.73.80.118 - - [09/Oct/2022:12:34:27 -0700] "GET /princeton/sbt11b.jpg HTTP/1.1" 200 25236 "https://ysfine.com/wigner/wigrigh.html" "Mozilla/5.0 (Windows NT 10.0; Win64; x64) AppleWebKit/537.36 (KHTML, like Gecko) Chrome/106.0.0.0 Safari/537.36 Edg/106.0.1370.37" "ysfine.com"
207.46.13.102 - - [09/Oct/2022:12:34:33 -0700] "GET /people/kilin11.jpg HTTP/1.1" 200 103596 "-" "Mozilla/5.0 (compatible; bingbot/2.0; +http://www.bing.com/bingbot.htm)" "www.ysfine.com"
207.46.13.102 - - [09/Oct/2022:12:34:35 -0700] "GET /world/russ/spbnv11.jpg HTTP/1.1" 200 89638 "-" "Mozilla/5.0 (compatible; bingbot/2.0; +http://www.bing.com/bingbot.htm)" "www.ysfine.com"
177.240.192.216 - - [09/Oct/2022:12:35:21 -0700] "GET /kowar/kowar001.jpg HTTP/1.1" 200 240938 "https://www.google.com/" "Mozilla/5.0 (Windows NT 10.0; Win64; x64) AppleWebKit/537.36 (KHTML, like Gecko) Chrome/106.0.0.0 Safari/537.36" "ysfine.com"
207.46.13.102 - - [09/Oct/2022:12:35:53 -0700] "GET /usca/pitt/machinery22b.jpg HTTP/1.1" 200 36540 "-" "Mozilla/5.0 (compatible; bingbot/2.0; +http://www.bing.com/bingbot.htm)" "www.ysfine.com"
157.55.39.127 - - [09/Oct/2022:12:35:58 -0700] "GET /world/ital/lascala03.jpg HTTP/1.1" 200 68509 "-" "Mozilla/5.0 (compatible; bingbot/2.0; +http://www.bing.com/bingbot.htm)" "www.ysfine.com"
157.55.39.128 - - [09/Oct/2022:12:36:03 -0700] "GET /bio/style/rieu.html HTTP/1.1" 404 88 "-" "Mozilla/5.0 (compatible; bingbot/2.0; +http://www.bing.com/bingbot.htm)" "ysfine.com"
207.46.13.102 - - [09/Oct/2022:12:36:54 -0700] "GET /world/russ/kremtheater02.jpg HTTP/1.1" 200 89453 "-" "Mozilla/5.0 (compatible; bingbot/2.0; +http://www.bing.com/bingbot.htm)" "ysfine.com"
173.73.80.118 - - [09/Oct/2022:12:37:34 -0700] "GET /ys11/index.html HTTP/1.1" 304 - "-" "Mozilla/5.0 (Linux; Android 5.1.1; KFSUWI) AppleWebKit/537.36 (KHTML, like Gecko) Silk/104.2.16 like Chrome/104.0.5112.114 Safari/537.36" "www.ysfine.com"
173.73.80.118 - - [09/Oct/2022:12:37:36 -0700] "GET /favicon.ico HTTP/1.1" 404 88 "https://www.ysfine.com/ys11/index.html" "Mozilla/5.0 (Linux; Android 5.1.1; KFSUWI) AppleWebKit/537.36 (KHTML, like Gecko) Silk/104.2.16 like Chrome/104.0.5112.114 Safari/537.36" "www.ysfine.com"
40.77.167.27 - - [09/Oct/2022:12:37:36 -0700] "GET /world/scandi/copen029.jpg HTTP/1.1" 200 106722 "-" "Mozilla/5.0 (compatible; bingbot/2.0; +http://www.bing.com/bingbot.htm)" "ysfine.com"
173.73.80.118 - - [09/Oct/2022:12:37:58 -0700] "GET /ysbio/index.html HTTP/1.1" 200 17367 "https://www.ysfine.com/ys11/index.html" "Mozilla/5.0 (Linux; Android 5.1.1; KFSUWI) AppleWebKit/537.36 (KHTML, like Gecko) Silk/104.2.16 like Chrome/104.0.5112.114 Safari/537.36" "www.ysfine.com"
173.73.80.118 - - [09/Oct/2022:12:38:03 -0700] "GET /ysbio/yskim10.jpg HTTP/1.1" 200 752465 "https://www.ysfine.com/ysbio/index.html" "Mozilla/5.0 (Linux; Android 5.1.1; KFSUWI) AppleWebKit/537.36 (KHTML, like Gecko) Silk/104.2.16 like Chrome/104.0.5112.114 Safari/537.36" "www.ysfine.com"
173.73.80.118 - - [09/Oct/2022:12:38:45 -0700] "GET /ysbio/yshome.html HTTP/1.1" 304 - "-" "Mozilla/5.0 (Linux; Android 5.1.1; KFSUWI) AppleWebKit/537.36 (KHTML, like Gecko) Silk/104.2.16 like Chrome/104.0.5112.114 Safari/537.36" "www.ysfine.com"
173.73.80.118 - - [09/Oct/2022:12:38:50 -0700] "GET /home/bio.html HTTP/1.1" 404 88 "-" "Mozilla/5.0 (Linux; Android 5.1.1; KFSUWI) AppleWebKit/537.36 (KHTML, like Gecko) Silk/104.2.16 like Chrome/104.0.5112.114 Safari/537.36" "ysfine.com"
173.73.80.118 - - [09/Oct/2022:12:38:50 -0700] "GET /favicon.ico HTTP/1.1" 404 88 "https://ysfine.com/home/bio.html" "Mozilla/5.0 (Linux; Android 5.1.1; KFSUWI) AppleWebKit/537.36 (KHTML, like Gecko) Silk/104.2.16 like Chrome/104.0.5112.114 Safari/537.36" "ysfine.com"
52.13.104.99 - - [09/Oct/2022:12:39:13 -0700] "GET /einstein/einusa.html HTTP/1.1" 200 21121 "-" "Mozilla/5.0 (Windows NT 10.0; Win64; x64) AppleWebKit/537.36 (KHTML, like Gecko) Chrome/105.0.0.0 Safari/537.36" "ysfine.com"
173.73.80.118 - - [09/Oct/2022:12:39:22 -0700] "GET /home/index.html HTTP/1.1" 304 - "-" "Mozilla/5.0 (Linux; Android 5.1.1; KFSUWI) AppleWebKit/537.36 (KHTML, like Gecko) Silk/104.2.16 like Chrome/104.0.5112.114 Safari/537.36" "ysfine.com"
173.73.80.118 - - [09/Oct/2022:12:39:23 -0700] "GET /home/hmbot.html HTTP/1.1" 200 132 "https://ysfine.com/home/index.html" "Mozilla/5.0 (Linux; Android 5.1.1; KFSUWI) AppleWebKit/537.36 (KHTML, like Gecko) Silk/104.2.16 like Chrome/104.0.5112.114 Safari/537.36" "ysfine.com"
173.73.80.118 - - [09/Oct/2022:12:39:23 -0700] "GET /home/hmtop.html HTTP/1.1" 200 455 "https://ysfine.com/home/index.html" "Mozilla/5.0 (Linux; Android 5.1.1; KFSUWI) AppleWebKit/537.36 (KHTML, like Gecko) Silk/104.2.16 like Chrome/104.0.5112.114 Safari/537.36" "ysfine.com"
173.73.80.118 - - [09/Oct/2022:12:39:23 -0700] "GET /home/hmrigh.html HTTP/1.1" 200 4212 "https://ysfine.com/home/hmbot.html" "Mozilla/5.0 (Linux; Android 5.1.1; KFSUWI) AppleWebKit/537.36 (KHTML, like Gecko) Silk/104.2.16 like Chrome/104.0.5112.114 Safari/537.36" "ysfine.com"
173.73.80.118 - - [09/Oct/2022:12:39:23 -0700] "GET /home/hmleft.html HTTP/1.1" 200 855 "https://ysfine.com/home/hmbot.html" "Mozilla/5.0 (Linux; Android 5.1.1; KFSUWI) AppleWebKit/537.36 (KHTML, like Gecko) Silk/104.2.16 like Chrome/104.0.5112.114 Safari/537.36" "ysfine.com"
173.73.80.118 - - [09/Oct/2022:12:39:23 -0700] "GET /home/top21c.jpg HTTP/1.1" 200 53120 "https://ysfine.com/home/hmrigh.html" "Mozilla/5.0 (Linux; Android 5.1.1; KFSUWI) AppleWebKit/537.36 (KHTML, like Gecko) Silk/104.2.16 like Chrome/104.0.5112.114 Safari/537.36" "ysfine.com"
173.73.80.118 - - [09/Oct/2022:12:39:23 -0700] "GET /home/eward55a.jpg HTTP/1.1" 200 84523 "https://ysfine.com/home/hmrigh.html" "Mozilla/5.0 (Linux; Android 5.1.1; KFSUWI) AppleWebKit/537.36 (KHTML, like Gecko) Silk/104.2.16 like Chrome/104.0.5112.114 Safari/537.36" "ysfine.com"
173.73.80.118 - - [09/Oct/2022:12:39:23 -0700] "GET /home/emc22a.jpg HTTP/1.1" 200 59239 "https://ysfine.com/home/hmrigh.html" "Mozilla/5.0 (Linux; Android 5.1.1; KFSUWI) AppleWebKit/537.36 (KHTML, like Gecko) Silk/104.2.16 like Chrome/104.0.5112.114 Safari/537.36" "ysfine.com"
173.73.80.118 - - [09/Oct/2022:12:39:23 -0700] "GET /home/think55c.jpg HTTP/1.1" 200 37438 "https://ysfine.com/home/hmrigh.html" "Mozilla/5.0 (Linux; Android 5.1.1; KFSUWI) AppleWebKit/537.36 (KHTML, like Gecko) Silk/104.2.16 like Chrome/104.0.5112.114 Safari/537.36" "ysfine.com"
173.73.80.118 - - [09/Oct/2022:12:39:23 -0700] "GET /home/tollwig11c.jpg HTTP/1.1" 200 28199 "https://ysfine.com/home/hmrigh.html" "Mozilla/5.0 (Linux; Android 5.1.1; KFSUWI) AppleWebKit/537.36 (KHTML, like Gecko) Silk/104.2.16 like Chrome/104.0.5112.114 Safari/537.36" "ysfine.com"
173.73.80.118 - - [09/Oct/2022:12:39:23 -0700] "GET /home/further22a.jpg HTTP/1.1" 200 75776 "https://ysfine.com/home/hmrigh.html" "Mozilla/5.0 (Linux; Android 5.1.1; KFSUWI) AppleWebKit/537.36 (KHTML, like Gecko) Silk/104.2.16 like Chrome/104.0.5112.114 Safari/537.36" "ysfine.com"
173.73.80.118 - - [09/Oct/2022:12:39:23 -0700] "GET /home/comet50a.jpg HTTP/1.1" 200 52015 "https://ysfine.com/home/hmrigh.html" "Mozilla/5.0 (Linux; Android 5.1.1; KFSUWI) AppleWebKit/537.36 (KHTML, like Gecko) Silk/104.2.16 like Chrome/104.0.5112.114 Safari/537.36" "ysfine.com"
173.73.80.118 - - [09/Oct/2022:12:39:23 -0700] "GET /home/socrates55c.jpg HTTP/1.1" 200 36471 "https://ysfine.com/home/hmrigh.html" "Mozilla/5.0 (Linux; Android 5.1.1; KFSUWI) AppleWebKit/537.36 (KHTML, like Gecko) Silk/104.2.16 like Chrome/104.0.5112.114 Safari/537.36" "ysfine.com"
173.73.80.118 - - [09/Oct/2022:12:39:23 -0700] "GET /kobak/taylor33c.jpg HTTP/1.1" 200 39951 "https://ysfine.com/home/hmrigh.html" "Mozilla/5.0 (Linux; Android 5.1.1; KFSUWI) AppleWebKit/537.36 (KHTML, like Gecko) Silk/104.2.16 like Chrome/104.0.5112.114 Safari/537.36" "ysfine.com"
173.73.80.118 - - [09/Oct/2022:12:39:23 -0700] "GET /home/facu63c.jpg HTTP/1.1" 200 41710 "https://ysfine.com/home/hmrigh.html" "Mozilla/5.0 (Linux; Android 5.1.1; KFSUWI) AppleWebKit/537.36 (KHTML, like Gecko) Silk/104.2.16 like Chrome/104.0.5112.114 Safari/537.36" "ysfine.com"
