20.74.246.195 - - [05/Oct/2022:19:25:02 -0700] "GET /website/wp-includes/wlwmanifest.xml HTTP/1.1" 404 73 "-" "Mozilla/5.0 (Windows NT 10.0; Win64; x64) AppleWebKit/537.36 (KHTML, like Gecko) Chrome/80.0.3987.149 Safari/537.36" "ysfine.com"
20.74.246.195 - - [05/Oct/2022:19:25:03 -0700] "GET /wp/wp-includes/wlwmanifest.xml HTTP/1.1" 404 73 "-" "Mozilla/5.0 (Windows NT 10.0; Win64; x64) AppleWebKit/537.36 (KHTML, like Gecko) Chrome/80.0.3987.149 Safari/537.36" "ysfine.com"
20.74.246.195 - - [05/Oct/2022:19:25:04 -0700] "GET /news/wp-includes/wlwmanifest.xml HTTP/1.1" 404 73 "-" "Mozilla/5.0 (Windows NT 10.0; Win64; x64) AppleWebKit/537.36 (KHTML, like Gecko) Chrome/80.0.3987.149 Safari/537.36" "ysfine.com"
20.74.246.195 - - [05/Oct/2022:19:25:05 -0700] "GET /2018/wp-includes/wlwmanifest.xml HTTP/1.1" 404 73 "-" "Mozilla/5.0 (Windows NT 10.0; Win64; x64) AppleWebKit/537.36 (KHTML, like Gecko) Chrome/80.0.3987.149 Safari/537.36" "ysfine.com"
20.74.246.195 - - [05/Oct/2022:19:25:06 -0700] "GET /2019/wp-includes/wlwmanifest.xml HTTP/1.1" 404 73 "-" "Mozilla/5.0 (Windows NT 10.0; Win64; x64) AppleWebKit/537.36 (KHTML, like Gecko) Chrome/80.0.3987.149 Safari/537.36" "ysfine.com"
20.74.246.195 - - [05/Oct/2022:19:25:07 -0700] "GET /wp1/wp-includes/wlwmanifest.xml HTTP/1.1" 404 73 "-" "Mozilla/5.0 (Windows NT 10.0; Win64; x64) AppleWebKit/537.36 (KHTML, like Gecko) Chrome/80.0.3987.149 Safari/537.36" "ysfine.com"
20.74.246.195 - - [05/Oct/2022:19:25:08 -0700] "GET /test/wp-includes/wlwmanifest.xml HTTP/1.1" 404 73 "-" "Mozilla/5.0 (Windows NT 10.0; Win64; x64) AppleWebKit/537.36 (KHTML, like Gecko) Chrome/80.0.3987.149 Safari/537.36" "ysfine.com"
20.74.246.195 - - [05/Oct/2022:19:25:08 -0700] "GET /media/wp-includes/wlwmanifest.xml HTTP/1.1" 404 73 "-" "Mozilla/5.0 (Windows NT 10.0; Win64; x64) AppleWebKit/537.36 (KHTML, like Gecko) Chrome/80.0.3987.149 Safari/537.36" "ysfine.com"
20.74.246.195 - - [05/Oct/2022:19:25:09 -0700] "GET /wp2/wp-includes/wlwmanifest.xml HTTP/1.1" 404 73 "-" "Mozilla/5.0 (Windows NT 10.0; Win64; x64) AppleWebKit/537.36 (KHTML, like Gecko) Chrome/80.0.3987.149 Safari/537.36" "ysfine.com"
20.74.246.195 - - [05/Oct/2022:19:25:10 -0700] "GET /site/wp-includes/wlwmanifest.xml HTTP/1.1" 404 73 "-" "Mozilla/5.0 (Windows NT 10.0; Win64; x64) AppleWebKit/537.36 (KHTML, like Gecko) Chrome/80.0.3987.149 Safari/537.36" "ysfine.com"
20.74.246.195 - - [05/Oct/2022:19:25:11 -0700] "GET /cms/wp-includes/wlwmanifest.xml HTTP/1.1" 404 73 "-" "Mozilla/5.0 (Windows NT 10.0; Win64; x64) AppleWebKit/537.36 (KHTML, like Gecko) Chrome/80.0.3987.149 Safari/537.36" "ysfine.com"
20.74.246.195 - - [05/Oct/2022:19:25:12 -0700] "GET /sito/wp-includes/wlwmanifest.xml HTTP/1.1" 404 73 "-" "Mozilla/5.0 (Windows NT 10.0; Win64; x64) AppleWebKit/537.36 (KHTML, like Gecko) Chrome/80.0.3987.149 Safari/537.36" "ysfine.com"
40.77.167.27 - - [05/Oct/2022:19:25:28 -0700] "GET /sbk/1974ferry.jpg HTTP/1.1" 200 104773 "-" "Mozilla/5.0 (compatible; bingbot/2.0; +http://www.bing.com/bingbot.htm)" "www.ysfine.com"
185.191.171.37 - - [05/Oct/2022:19:25:46 -0700] "GET /class54/class5470/total_data/sub_8100.htm HTTP/1.1" 200 3489 "-" "Mozilla/5.0 (compatible; SemrushBot/7~bl; +http://www.semrush.com/bot.html)" "ysfine.com"
51.222.253.10 - - [05/Oct/2022:19:26:24 -0700] "GET /home/bio77.html HTTP/1.1" 404 88 "-" "Mozilla/5.0 (compatible; AhrefsBot/7.0; +http://ahrefs.com/robot/)" "www.ysfine.com"
157.55.39.55 - - [05/Oct/2022:19:27:53 -0700] "GET /world/latina/rio073.jpg HTTP/1.1" 200 96934 "-" "Mozilla/5.0 (compatible; bingbot/2.0; +http://www.bing.com/bingbot.htm)" "ysfine.com"
207.46.13.102 - - [05/Oct/2022:19:28:05 -0700] "GET /wigner/wigques.jpg HTTP/1.1" 200 14216 "-" "Mozilla/5.0 (compatible; bingbot/2.0; +http://www.bing.com/bingbot.htm)" "ysfine.com"
51.222.253.18 - - [05/Oct/2022:19:28:08 -0700] "GET /remote/wigner111/frame02.html HTTP/1.1" 200 772 "-" "Mozilla/5.0 (compatible; AhrefsBot/7.0; +http://ahrefs.com/robot/)" "ysfine.com"
155.69.175.63 - - [05/Oct/2022:19:28:16 -0700] "GET /dirac/dirac44.jpg HTTP/1.1" 200 73817 "https://www.google.com/" "Mozilla/5.0 (Macintosh; Intel Mac OS X 10_15_7) AppleWebKit/537.36 (KHTML, like Gecko) Chrome/105.0.0.0 Safari/537.36" "ysfine.com"
157.55.39.127 - - [05/Oct/2022:19:28:23 -0700] "GET /world/ital/venice22.jpg HTTP/1.1" 200 128073 "-" "Mozilla/5.0 (compatible; bingbot/2.0; +http://www.bing.com/bingbot.htm)" "ysfine.com"
157.55.39.128 - - [05/Oct/2022:19:28:32 -0700] "GET /einstein/eink08a.jpg HTTP/1.1" 200 51852 "-" "Mozilla/5.0 (compatible; bingbot/2.0; +http://www.bing.com/bingbot.htm)" "ysfine.com"
157.55.39.58 - - [05/Oct/2022:19:29:14 -0700] "GET /world/baltic/kalin15.jpg HTTP/1.1" 200 89905 "-" "Mozilla/5.0 (compatible; bingbot/2.0; +http://www.bing.com/bingbot.htm)" "ysfine.com"
216.244.66.229 - - [05/Oct/2022:19:29:16 -0700] "GET /robots.txt HTTP/1.1" 404 73 "-" "Mozilla/5.0 (compatible; DotBot/1.2; +https://opensiteexplorer.org/dotbot; help@moz.com)" "www.ysfine.com"
157.55.39.128 - - [05/Oct/2022:19:29:33 -0700] "GET /world/munich.html HTTP/1.1" 200 3101 "-" "Mozilla/5.0 AppleWebKit/537.36 (KHTML, like Gecko; compatible; bingbot/2.0; +http://www.bing.com/bingbot.htm) Chrome/103.0.5060.134 Safari/537.36" "ysfine.com"
207.46.13.102 - - [05/Oct/2022:19:29:34 -0700] "GET /jakella/index.html HTTP/1.1" 200 1693 "-" "Mozilla/5.0 (compatible; bingbot/2.0; +http://www.bing.com/bingbot.htm)" "ysfine.com"
40.77.167.27 - - [05/Oct/2022:19:29:38 -0700] "GET /home/dwf33.html HTTP/1.1" 200 7188 "-" "Mozilla/5.0 AppleWebKit/537.36 (KHTML, like Gecko; compatible; bingbot/2.0; +http://www.bing.com/bingbot.htm) Chrome/103.0.5060.134 Safari/537.36" "ysfine.com"
157.55.39.55 - - [05/Oct/2022:19:29:38 -0700] "GET /world/andal.html HTTP/1.1" 200 10099 "-" "Mozilla/5.0 (compatible; bingbot/2.0; +http://www.bing.com/bingbot.htm)" "ysfine.com"
51.222.253.11 - - [05/Oct/2022:19:29:42 -0700] "GET /home/bostein.html HTTP/1.1" 200 5521 "-" "Mozilla/5.0 (compatible; AhrefsBot/7.0; +http://ahrefs.com/robot/)" "ysfine.com"
207.46.13.102 - - [05/Oct/2022:19:29:44 -0700] "GET /maga/hermite.html HTTP/1.1" 200 4102 "-" "Mozilla/5.0 (compatible; bingbot/2.0; +http://www.bing.com/bingbot.htm)" "ysfine.com"
77.88.5.237 - - [05/Oct/2022:19:29:46 -0700] "GET /maga/boltz/hadtemp.pdf HTTP/1.1" 404 88 "-" "Mozilla/5.0 (compatible; YandexBot/3.0; +http://yandex.com/bots)" "www.ysfine.com"
51.222.253.6 - - [05/Oct/2022:19:29:46 -0700] "GET /home/fotos/einhaus450.jpg HTTP/1.1" 200 65369 "-" "Mozilla/5.0 (compatible; AhrefsBot/7.0; +http://ahrefs.com/robot/)" "ysfine.com"
51.222.253.3 - - [05/Oct/2022:19:29:47 -0700] "GET /home/einbohr99g.jpg HTTP/1.1" 200 64286 "-" "Mozilla/5.0 (compatible; AhrefsBot/7.0; +http://ahrefs.com/robot/)" "ysfine.com"
51.222.253.18 - - [05/Oct/2022:19:29:47 -0700] "GET /home/einbohr77f.jpg HTTP/1.1" 200 178507 "-" "Mozilla/5.0 (compatible; AhrefsBot/7.0; +http://ahrefs.com/robot/)" "ysfine.com"
51.222.253.7 - - [05/Oct/2022:19:29:48 -0700] "GET /home/fotos/bridge11f.jpg HTTP/1.1" 200 104274 "-" "Mozilla/5.0 (compatible; AhrefsBot/7.0; +http://ahrefs.com/robot/)" "ysfine.com"
51.222.253.9 - - [05/Oct/2022:19:29:48 -0700] "GET /home/ewk86f.jpg HTTP/1.1" 200 123121 "-" "Mozilla/5.0 (compatible; AhrefsBot/7.0; +http://ahrefs.com/robot/)" "ysfine.com"
51.222.253.6 - - [05/Oct/2022:19:29:49 -0700] "GET /home/osaka123d.jpg HTTP/1.1" 200 41542 "-" "Mozilla/5.0 (compatible; AhrefsBot/7.0; +http://ahrefs.com/robot/)" "ysfine.com"
51.222.253.14 - - [05/Oct/2022:19:29:50 -0700] "GET /home/dirackn55f.jpg HTTP/1.1" 200 107407 "-" "Mozilla/5.0 (compatible; AhrefsBot/7.0; +http://ahrefs.com/robot/)" "ysfine.com"
51.222.253.1 - - [05/Oct/2022:19:29:51 -0700] "GET /home/fotos/eins05d.jpg HTTP/1.1" 200 41012 "-" "Mozilla/5.0 (compatible; AhrefsBot/7.0; +http://ahrefs.com/robot/)" "ysfine.com"
51.222.253.18 - - [05/Oct/2022:19:29:51 -0700] "GET /home/fig33/parton77f.jpg HTTP/1.1" 200 120094 "-" "Mozilla/5.0 (compatible; AhrefsBot/7.0; +http://ahrefs.com/robot/)" "ysfine.com"
51.222.253.2 - - [05/Oct/2022:19:29:52 -0700] "GET /home/figs/evol77d.jpg HTTP/1.1" 200 66615 "-" "Mozilla/5.0 (compatible; AhrefsBot/7.0; +http://ahrefs.com/robot/)" "ysfine.com"
51.222.253.8 - - [05/Oct/2022:19:29:53 -0700] "GET /home/fotos/bohr11d.jpg HTTP/1.1" 200 28973 "-" "Mozilla/5.0 (compatible; AhrefsBot/7.0; +http://ahrefs.com/robot/)" "ysfine.com"
95.163.255.110 - - [05/Oct/2022:19:29:57 -0700] "GET /robots.txt HTTP/1.1" 404 73 "-" "Mozilla/5.0 (compatible; Linux x86_64; Mail.RU_Bot/Img/2.0; +https://help.mail.ru/webmaster/indexing/robots)" "ysfine.com"
95.163.255.80 - - [05/Oct/2022:19:29:59 -0700] "GET /world/brit/eton.html HTTP/1.1" 404 88 "http://go.mail.ru/search_images" "Mozilla/5.0 (compatible; Linux x86_64; Mail.RU_Bot/Img/2.0; +https://help.mail.ru/webmaster/indexing/robots)" "ysfine.com"
177.141.123.177 - - [05/Oct/2022:19:31:24 -0700] "GET /world/france/sartsq06.jpg HTTP/1.1" 200 99510 "https://www.google.com/" "Mozilla/5.0 (Windows NT 10.0; Win64; x64) AppleWebKit/537.36 (KHTML, like Gecko) Chrome/106.0.0.0 Safari/537.36" "ysfine.com"
149.71.195.69 - - [05/Oct/2022:19:31:29 -0700] "GET /style/shops.html HTTP/1.1" 200 2829 "-" "Mozilla/5.0 (X11; Fedora; Linux x86_64; rv:89.0) Gecko/20100101 Firefox/89.0" "www.ysfine.com"
51.222.253.16 - - [05/Oct/2022:19:31:29 -0700] "GET /philo/keigel.html HTTP/1.1" 200 7368 "-" "Mozilla/5.0 (compatible; AhrefsBot/7.0; +http://ahrefs.com/robot/)" "www.ysfine.com"
216.244.66.229 - - [05/Oct/2022:19:31:47 -0700] "GET /ffriends/aline/pakis11.jpg HTTP/1.1" 200 156778 "-" "Mozilla/5.0 (compatible; DotBot/1.2; +https://opensiteexplorer.org/dotbot; help@moz.com)" "www.ysfine.com"
157.55.39.128 - - [05/Oct/2022:19:32:33 -0700] "GET /world/russ/kazan028.jpg HTTP/1.1" 200 111690 "-" "Mozilla/5.0 (compatible; bingbot/2.0; +http://www.bing.com/bingbot.htm)" "ysfine.com"
218.188.146.2 - - [05/Oct/2022:19:32:33 -0700] "GET /dirac/dirac84.jpg HTTP/1.1" 200 67390 "https://www.google.com/" "Mozilla/5.0 (Macintosh; Intel Mac OS X 10_15_7) AppleWebKit/537.36 (KHTML, like Gecko) Chrome/103.0.0.0 Safari/537.36" "ysfine.com"
185.191.171.8 - - [05/Oct/2022:19:32:55 -0700] "GET /class54/class5470/total_data/sub_299.htm HTTP/1.1" 200 3386 "-" "Mozilla/5.0 (compatible; SemrushBot/7~bl; +http://www.semrush.com/bot.html)" "ysfine.com"
51.222.253.18 - - [05/Oct/2022:19:33:06 -0700] "GET /kowar/war45.html HTTP/1.1" 200 12086 "-" "Mozilla/5.0 (compatible; AhrefsBot/7.0; +http://ahrefs.com/robot/)" "ysfine.com"
51.222.253.15 - - [05/Oct/2022:19:33:12 -0700] "GET /kowar/tanks/tankbt57b.jpg HTTP/1.1" 200 52672 "-" "Mozilla/5.0 (compatible; AhrefsBot/7.0; +http://ahrefs.com/robot/)" "ysfine.com"
51.222.253.18 - - [05/Oct/2022:19:33:12 -0700] "GET /kowar/tanks/tank05b.jpg HTTP/1.1" 200 48742 "-" "Mozilla/5.0 (compatible; AhrefsBot/7.0; +http://ahrefs.com/robot/)" "ysfine.com"
51.222.253.15 - - [05/Oct/2022:19:33:13 -0700] "GET /kowar/landreform01b.jpg HTTP/1.1" 200 63201 "-" "Mozilla/5.0 (compatible; AhrefsBot/7.0; +http://ahrefs.com/robot/)" "ysfine.com"
51.222.253.5 - - [05/Oct/2022:19:33:18 -0700] "GET /kowar/shintak01b.jpg HTTP/1.1" 200 42707 "-" "Mozilla/5.0 (compatible; AhrefsBot/7.0; +http://ahrefs.com/robot/)" "ysfine.com"
51.222.253.18 - - [05/Oct/2022:19:33:18 -0700] "GET /kowar/roosevelt01b.jpg HTTP/1.1" 200 30594 "-" "Mozilla/5.0 (compatible; AhrefsBot/7.0; +http://ahrefs.com/robot/)" "ysfine.com"
51.222.253.5 - - [05/Oct/2022:19:33:18 -0700] "GET /kowar/tanks/gmc01b.jpg HTTP/1.1" 200 43939 "-" "Mozilla/5.0 (compatible; AhrefsBot/7.0; +http://ahrefs.com/robot/)" "ysfine.com"
51.222.253.7 - - [05/Oct/2022:19:33:19 -0700] "GET /kowar/tanks/malaya01b.jpg HTTP/1.1" 200 50821 "-" "Mozilla/5.0 (compatible; AhrefsBot/7.0; +http://ahrefs.com/robot/)" "ysfine.com"
51.222.253.3 - - [05/Oct/2022:19:33:19 -0700] "GET /kowar/kwandong01b.jpg HTTP/1.1" 200 33688 "-" "Mozilla/5.0 (compatible; AhrefsBot/7.0; +http://ahrefs.com/robot/)" "ysfine.com"
51.222.253.2 - - [05/Oct/2022:19:33:20 -0700] "GET /kowar/ningen01b.jpg HTTP/1.1" 200 41414 "-" "Mozilla/5.0 (compatible; AhrefsBot/7.0; +http://ahrefs.com/robot/)" "ysfine.com"
51.222.253.15 - - [05/Oct/2022:19:33:20 -0700] "GET /kowar/kwandong02b.jpg HTTP/1.1" 200 55217 "-" "Mozilla/5.0 (compatible; AhrefsBot/7.0; +http://ahrefs.com/robot/)" "ysfine.com"
51.222.253.19 - - [05/Oct/2022:19:33:20 -0700] "GET /kowar/tehran43b.jpg HTTP/1.1" 200 45127 "-" "Mozilla/5.0 (compatible; AhrefsBot/7.0; +http://ahrefs.com/robot/)" "ysfine.com"
51.222.253.14 - - [05/Oct/2022:19:33:21 -0700] "GET /kobak/taylor450.jpg HTTP/1.1" 200 70219 "-" "Mozilla/5.0 (compatible; AhrefsBot/7.0; +http://ahrefs.com/robot/)" "ysfine.com"
51.222.253.2 - - [05/Oct/2022:19:33:21 -0700] "GET /kowar/yaltac02b.jpg HTTP/1.1" 200 42243 "-" "Mozilla/5.0 (compatible; AhrefsBot/7.0; +http://ahrefs.com/robot/)" "ysfine.com"
51.222.253.10 - - [05/Oct/2022:19:33:22 -0700] "GET /kowar/rusk01b.jpg HTTP/1.1" 200 42888 "-" "Mozilla/5.0 (compatible; AhrefsBot/7.0; +http://ahrefs.com/robot/)" "ysfine.com"
51.222.253.19 - - [05/Oct/2022:19:33:22 -0700] "GET /kobak/church03b.jpg HTTP/1.1" 200 50665 "-" "Mozilla/5.0 (compatible; AhrefsBot/7.0; +http://ahrefs.com/robot/)" "ysfine.com"
51.222.253.1 - - [05/Oct/2022:19:33:22 -0700] "GET /kowar/sampal03b.jpg HTTP/1.1" 200 61883 "-" "Mozilla/5.0 (compatible; AhrefsBot/7.0; +http://ahrefs.com/robot/)" "ysfine.com"
51.222.253.20 - - [05/Oct/2022:19:33:23 -0700] "GET /kowar/sampal02b.jpg HTTP/1.1" 200 39972 "-" "Mozilla/5.0 (compatible; AhrefsBot/7.0; +http://ahrefs.com/robot/)" "ysfine.com"
51.222.253.12 - - [05/Oct/2022:19:33:23 -0700] "GET /kowar/stalin01b.jpg HTTP/1.1" 200 43158 "-" "Mozilla/5.0 (compatible; AhrefsBot/7.0; +http://ahrefs.com/robot/)" "ysfine.com"
51.222.253.20 - - [05/Oct/2022:19:33:24 -0700] "GET /kowar/iwojima01b.jpg HTTP/1.1" 200 51598 "-" "Mozilla/5.0 (compatible; AhrefsBot/7.0; +http://ahrefs.com/robot/)" "ysfine.com"
51.222.253.16 - - [05/Oct/2022:19:33:24 -0700] "GET /kowar/yaltac03b.jpg HTTP/1.1" 200 33354 "-" "Mozilla/5.0 (compatible; AhrefsBot/7.0; +http://ahrefs.com/robot/)" "ysfine.com"
51.222.253.10 - - [05/Oct/2022:19:33:25 -0700] "GET /kobak/somap38b.jpg HTTP/1.1" 200 54149 "-" "Mozilla/5.0 (compatible; AhrefsBot/7.0; +http://ahrefs.com/robot/)" "ysfine.com"
51.222.253.8 - - [05/Oct/2022:19:33:25 -0700] "GET /kowar/tanks/abomb01b.jpg HTTP/1.1" 200 32937 "-" "Mozilla/5.0 (compatible; AhrefsBot/7.0; +http://ahrefs.com/robot/)" "ysfine.com"
51.222.253.20 - - [05/Oct/2022:19:33:26 -0700] "GET /home/ysnr11c.jpg HTTP/1.1" 200 36964 "-" "Mozilla/5.0 (compatible; AhrefsBot/7.0; +http://ahrefs.com/robot/)" "ysfine.com"
51.222.253.18 - - [05/Oct/2022:19:33:26 -0700] "GET /kowar/zhukov01b.jpg HTTP/1.1" 200 43906 "-" "Mozilla/5.0 (compatible; AhrefsBot/7.0; +http://ahrefs.com/robot/)" "ysfine.com"
51.222.253.19 - - [05/Oct/2022:19:33:27 -0700] "GET /kowar/pnoodle01b.jpg HTTP/1.1" 200 44990 "-" "Mozilla/5.0 (compatible; AhrefsBot/7.0; +http://ahrefs.com/robot/)" "ysfine.com"
51.222.253.18 - - [05/Oct/2022:19:33:27 -0700] "GET /kowar/tojo01b.jpg HTTP/1.1" 200 55959 "-" "Mozilla/5.0 (compatible; AhrefsBot/7.0; +http://ahrefs.com/robot/)" "ysfine.com"
51.222.253.6 - - [05/Oct/2022:19:33:27 -0700] "GET /kowar/potsdam01b.jpg HTTP/1.1" 200 47865 "-" "Mozilla/5.0 (compatible; AhrefsBot/7.0; +http://ahrefs.com/robot/)" "ysfine.com"
51.222.253.13 - - [05/Oct/2022:19:33:28 -0700] "GET /world/russ/roskei10b.jpg HTTP/1.1" 200 36598 "-" "Mozilla/5.0 (compatible; AhrefsBot/7.0; +http://ahrefs.com/robot/)" "ysfine.com"
51.222.253.19 - - [05/Oct/2022:19:33:28 -0700] "GET /kowar/yaltac01b.jpg HTTP/1.1" 200 52982 "-" "Mozilla/5.0 (compatible; AhrefsBot/7.0; +http://ahrefs.com/robot/)" "ysfine.com"
51.222.253.4 - - [05/Oct/2022:19:33:29 -0700] "GET /kowar/bonesteel01b.jpg HTTP/1.1" 200 33050 "-" "Mozilla/5.0 (compatible; AhrefsBot/7.0; +http://ahrefs.com/robot/)" "ysfine.com"
51.222.253.2 - - [05/Oct/2022:19:33:29 -0700] "GET /kowar/tanks/arisakaguns01b.jpg HTTP/1.1" 200 33229 "-" "Mozilla/5.0 (compatible; AhrefsBot/7.0; +http://ahrefs.com/robot/)" "ysfine.com"
51.222.253.6 - - [05/Oct/2022:19:33:30 -0700] "GET /kowar/tanks/gmc03b.jpg HTTP/1.1" 200 47909 "-" "Mozilla/5.0 (compatible; AhrefsBot/7.0; +http://ahrefs.com/robot/)" "ysfine.com"
185.191.171.15 - - [05/Oct/2022:19:33:49 -0700] "GET /class54/class5470/total_data/sub_311.htm HTTP/1.1" 200 3317 "-" "Mozilla/5.0 (compatible; SemrushBot/7~bl; +http://www.semrush.com/bot.html)" "ysfine.com"
40.77.167.27 - - [05/Oct/2022:19:35:18 -0700] "GET /sbk/2010paris77.jpg HTTP/1.1" 200 104029 "-" "Mozilla/5.0 (compatible; bingbot/2.0; +http://www.bing.com/bingbot.htm)" "ysfine.com"
51.222.253.11 - - [05/Oct/2022:19:36:36 -0700] "GET /maga/conic.html HTTP/1.1" 200 4049 "-" "Mozilla/5.0 (compatible; AhrefsBot/7.0; +http://ahrefs.com/robot/)" "ysfine.com"
216.244.66.229 - - [05/Oct/2022:19:36:38 -0700] "GET /eink/weber88.jpg HTTP/1.1" 200 52192 "-" "Mozilla/5.0 (compatible; DotBot/1.2; +https://opensiteexplorer.org/dotbot; help@moz.com)" "www.ysfine.com"
157.55.39.127 - - [05/Oct/2022:19:37:14 -0700] "GET /world/poland/polnobel01b.jpg HTTP/1.1" 200 42634 "-" "Mozilla/5.0 AppleWebKit/537.36 (KHTML, like Gecko; compatible; bingbot/2.0; +http://www.bing.com/bingbot.htm) Chrome/103.0.5060.134 Safari/537.36" "www.ysfine.com"
157.55.39.128 - - [05/Oct/2022:19:37:44 -0700] "GET /einstein/eindc33b.jpg HTTP/1.1" 200 54447 "-" "Mozilla/5.0 (compatible; bingbot/2.0; +http://www.bing.com/bingbot.htm)" "www.ysfine.com"
157.55.39.55 - - [05/Oct/2022:19:38:43 -0700] "GET /wigner/grandd.gif HTTP/1.1" 200 173153 "-" "Mozilla/5.0 (compatible; bingbot/2.0; +http://www.bing.com/bingbot.htm)" "ysfine.com"
157.55.39.128 - - [05/Oct/2022:19:39:24 -0700] "GET /maga/invent/transmitter11.jpg HTTP/1.1" 200 96885 "-" "Mozilla/5.0 (compatible; bingbot/2.0; +http://www.bing.com/bingbot.htm)" "ysfine.com"
40.77.167.27 - - [05/Oct/2022:19:39:40 -0700] "GET /world/brit/cam12.jpg HTTP/1.1" 200 130855 "-" "Mozilla/5.0 AppleWebKit/537.36 (KHTML, like Gecko; compatible; bingbot/2.0; +http://www.bing.com/bingbot.htm) Chrome/103.0.5060.134 Safari/537.36" "ysfine.com"
51.222.253.1 - - [05/Oct/2022:19:40:23 -0700] "GET /philo/keigel22.html HTTP/1.1" 200 4990 "-" "Mozilla/5.0 (compatible; AhrefsBot/7.0; +http://ahrefs.com/robot/)" "ysfine.com"
51.222.253.5 - - [05/Oct/2022:19:40:27 -0700] "GET /world/brit/dunf15b.jpg HTTP/1.1" 200 41554 "-" "Mozilla/5.0 (compatible; AhrefsBot/7.0; +http://ahrefs.com/robot/)" "ysfine.com"
51.222.253.18 - - [05/Oct/2022:19:40:27 -0700] "GET /philo/kanthegel66b.jpg HTTP/1.1" 200 33524 "-" "Mozilla/5.0 (compatible; AhrefsBot/7.0; +http://ahrefs.com/robot/)" "ysfine.com"
51.222.253.4 - - [05/Oct/2022:19:40:28 -0700] "GET /home/goodbad2.jpg HTTP/1.1" 200 17488 "-" "Mozilla/5.0 (compatible; AhrefsBot/7.0; +http://ahrefs.com/robot/)" "ysfine.com"
51.222.253.3 - - [05/Oct/2022:19:40:28 -0700] "GET /people/logunov22b.jpg HTTP/1.1" 200 40102 "-" "Mozilla/5.0 (compatible; AhrefsBot/7.0; +http://ahrefs.com/robot/)" "ysfine.com"
51.222.253.3 - - [05/Oct/2022:19:40:28 -0700] "GET /philo/tao07b.jpg HTTP/1.1" 200 52158 "-" "Mozilla/5.0 (compatible; AhrefsBot/7.0; +http://ahrefs.com/robot/)" "ysfine.com"
51.222.253.5 - - [05/Oct/2022:19:40:29 -0700] "GET /ffriends/albania99b.jpg HTTP/1.1" 200 26603 "-" "Mozilla/5.0 (compatible; AhrefsBot/7.0; +http://ahrefs.com/robot/)" "ysfine.com"
51.222.253.12 - - [05/Oct/2022:19:40:29 -0700] "GET /philo/kanthegel270.jpg HTTP/1.1" 200 35631 "-" "Mozilla/5.0 (compatible; AhrefsBot/7.0; +http://ahrefs.com/robot/)" "ysfine.com"
51.222.253.15 - - [05/Oct/2022:19:40:29 -0700] "GET /philo/kanthegel55b.jpg HTTP/1.1" 200 58397 "-" "Mozilla/5.0 (compatible; AhrefsBot/7.0; +http://ahrefs.com/robot/)" "ysfine.com"
157.55.39.55 - - [05/Oct/2022:19:41:34 -0700] "GET /einstein/eins47b.jpg HTTP/1.1" 200 48772 "-" "Mozilla/5.0 (compatible; bingbot/2.0; +http://www.bing.com/bingbot.htm)" "ysfine.com"
157.55.39.58 - - [05/Oct/2022:19:42:04 -0700] "GET /kobak/1014c270.jpg HTTP/1.1" 200 56853 "-" "Mozilla/5.0 (compatible; bingbot/2.0; +http://www.bing.com/bingbot.htm)" "www.ysfine.com"
40.77.167.27 - - [05/Oct/2022:19:42:10 -0700] "GET /sbk/2007waw33.jpg HTTP/1.1" 200 124686 "-" "Mozilla/5.0 (compatible; bingbot/2.0; +http://www.bing.com/bingbot.htm)" "ysfine.com"
51.222.253.3 - - [05/Oct/2022:19:42:11 -0700] "GET /heisen/heisen54.html HTTP/1.1" 200 4526 "-" "Mozilla/5.0 (compatible; AhrefsBot/7.0; +http://ahrefs.com/robot/)" "www.ysfine.com"
51.222.253.5 - - [05/Oct/2022:19:42:57 -0700] "GET /wdc/washmo.html HTTP/1.1" 200 1374 "-" "Mozilla/5.0 (compatible; AhrefsBot/7.0; +http://ahrefs.com/robot/)" "ysfine.com"
51.222.253.15 - - [05/Oct/2022:19:43:24 -0700] "GET /class54/class5470/total_data/sub_286.htm HTTP/1.1" 200 3386 "-" "Mozilla/5.0 (compatible; AhrefsBot/7.0; +http://ahrefs.com/robot/)" "www.ysfine.com"
199.47.82.18 - - [05/Oct/2022:19:43:44 -0700] "GET /robots.txt HTTP/1.1" 404 88 "-" "Turnitin (https://bit.ly/2UvnfoQ)" "ysfine.com"
199.47.82.18 - - [05/Oct/2022:19:43:44 -0700] "GET /robots.txt HTTP/1.1" 404 88 "-" "Turnitin (https://bit.ly/2UvnfoQ)" "ysfine.com"
199.47.82.18 - - [05/Oct/2022:19:43:44 -0700] "GET /kobak/dongio/students.html HTTP/1.1" 404 88 "-" "Turnitin (https://bit.ly/2UvnfoQ)" "ysfine.com"
199.47.82.18 - - [05/Oct/2022:19:43:45 -0700] "GET /kobak/friends/garden.html HTTP/1.1" 404 88 "-" "Turnitin (https://bit.ly/2UvnfoQ)" "ysfine.com"
199.47.82.18 - - [05/Oct/2022:19:43:45 -0700] "GET /kobak/friends/korcasia.html HTTP/1.1" 404 88 "-" "Turnitin (https://bit.ly/2UvnfoQ)" "ysfine.com"
199.47.82.18 - - [05/Oct/2022:19:43:46 -0700] "GET /kobak/home/bio22.html HTTP/1.1" 404 88 "-" "Turnitin (https://bit.ly/2UvnfoQ)" "ysfine.com"
199.47.82.18 - - [05/Oct/2022:19:43:46 -0700] "GET /kobak/maga/deforest.html HTTP/1.1" 404 88 "-" "Turnitin (https://bit.ly/2UvnfoQ)" "ysfine.com"
199.47.82.18 - - [05/Oct/2022:19:43:47 -0700] "GET /kobak/maga/marxphil.html HTTP/1.1" 404 88 "-" "Turnitin (https://bit.ly/2UvnfoQ)" "ysfine.com"
199.47.82.18 - - [05/Oct/2022:19:43:47 -0700] "GET /kobak/maga/phil/marxphil.html HTTP/1.1" 404 88 "-" "Turnitin (https://bit.ly/2UvnfoQ)" "ysfine.com"
199.47.82.18 - - [05/Oct/2022:19:43:48 -0700] "GET /kobak/princeton/prince.html HTTP/1.1" 404 88 "-" "Turnitin (https://bit.ly/2UvnfoQ)" "ysfine.com"
51.222.253.9 - - [05/Oct/2022:19:43:48 -0700] "GET /class54/class5470/total_data/sub_288.htm HTTP/1.1" 200 3386 "-" "Mozilla/5.0 (compatible; AhrefsBot/7.0; +http://ahrefs.com/robot/)" "www.ysfine.com"
199.47.82.18 - - [05/Oct/2022:19:43:48 -0700] "GET /kobak/sbk/index.html HTTP/1.1" 404 88 "-" "Turnitin (https://bit.ly/2UvnfoQ)" "ysfine.com"
199.47.82.18 - - [05/Oct/2022:19:43:49 -0700] "GET /kobak/style/music.html HTTP/1.1" 404 88 "-" "Turnitin (https://bit.ly/2UvnfoQ)" "ysfine.com"
199.47.82.18 - - [05/Oct/2022:19:43:49 -0700] "GET /kobak/wigner/evangel.html HTTP/1.1" 404 88 "-" "Turnitin (https://bit.ly/2UvnfoQ)" "ysfine.com"
199.47.82.18 - - [05/Oct/2022:19:43:50 -0700] "GET /kobak/world/moscow.html HTTP/1.1" 404 88 "-" "Turnitin (https://bit.ly/2UvnfoQ)" "ysfine.com"
199.47.82.18 - - [05/Oct/2022:19:43:50 -0700] "GET /kobak/world/russ/khahi.html HTTP/1.1" 404 88 "-" "Turnitin (https://bit.ly/2UvnfoQ)" "ysfine.com"
199.47.82.18 - - [05/Oct/2022:19:43:51 -0700] "GET /maga/ewk.html HTTP/1.1" 404 88 "-" "Turnitin (https://bit.ly/2UvnfoQ)" "ysfine.com"
199.47.82.18 - - [05/Oct/2022:19:43:51 -0700] "GET /maga/feynman/restof.html HTTP/1.1" 404 88 "-" "Turnitin (https://bit.ly/2UvnfoQ)" "ysfine.com"
199.47.82.18 - - [05/Oct/2022:19:43:52 -0700] "GET /maga/phys/naimar/pewk07.pdf HTTP/1.1" 200 22988 "-" "Turnitin (https://bit.ly/2UvnfoQ)" "ysfine.com"
199.47.82.18 - - [05/Oct/2022:19:43:52 -0700] "GET /maga/phys/naimar/pewk12.pdf HTTP/1.1" 200 22148 "-" "Turnitin (https://bit.ly/2UvnfoQ)" "ysfine.com"
199.47.82.18 - - [05/Oct/2022:19:43:53 -0700] "GET /maga/phys/naimar/pewk13.pdf HTTP/1.1" 200 19994 "-" "Turnitin (https://bit.ly/2UvnfoQ)" "ysfine.com"
199.47.82.18 - - [05/Oct/2022:19:43:53 -0700] "GET /maga/phys/naimar/pewk15.pdf HTTP/1.1" 200 20340 "-" "Turnitin (https://bit.ly/2UvnfoQ)" "ysfine.com"
199.47.82.18 - - [05/Oct/2022:19:43:54 -0700] "GET /maga/princeton/wightman60.pdf HTTP/1.1" 404 88 "-" "Turnitin (https://bit.ly/2UvnfoQ)" "ysfine.com"
199.47.82.18 - - [05/Oct/2022:19:43:54 -0700] "GET /maga/world/france/champ12.html HTTP/1.1" 404 88 "-" "Turnitin (https://bit.ly/2UvnfoQ)" "ysfine.com"
199.47.82.18 - - [05/Oct/2022:19:43:55 -0700] "GET /maga/world/france/champ96.html HTTP/1.1" 404 88 "-" "Turnitin (https://bit.ly/2UvnfoQ)" "ysfine.com"
51.222.253.11 - - [05/Oct/2022:19:44:13 -0700] "GET /class54/class5470/total_data/sub_282.htm HTTP/1.1" 200 3374 "-" "Mozilla/5.0 (compatible; AhrefsBot/7.0; +http://ahrefs.com/robot/)" "www.ysfine.com"
40.77.167.27 - - [05/Oct/2022:19:44:29 -0700] "GET /world/baltic/riga26.jpg HTTP/1.1" 200 54095 "-" "Mozilla/5.0 (compatible; bingbot/2.0; +http://www.bing.com/bingbot.htm)" "ysfine.com"
64.233.172.57 - - [05/Oct/2022:19:44:44 -0700] "GET /einstein/photoelr.gif HTTP/1.1" 200 4549 "-" "Mozilla/5.0 (Windows NT 5.1; rv:11.0) Gecko Firefox/11.0 (via ggpht.com GoogleImageProxy)" "www.ysfine.com"
64.233.172.55 - - [05/Oct/2022:19:44:49 -0700] "GET /einstein/photoelr.gif HTTP/1.1" 200 4549 "-" "Mozilla/5.0 (Windows NT 5.1; rv:11.0) Gecko Firefox/11.0 (via ggpht.com GoogleImageProxy)" "www.ysfine.com"
64.233.172.55 - - [05/Oct/2022:19:44:49 -0700] "GET /einstein/photoelb.gif HTTP/1.1" 200 6551 "-" "Mozilla/5.0 (Windows NT 5.1; rv:11.0) Gecko Firefox/11.0 (via ggpht.com GoogleImageProxy)" "www.ysfine.com"
51.222.253.17 - - [05/Oct/2022:19:45:02 -0700] "GET /class54/class5470/total_data/sub_296.htm HTTP/1.1" 200 3386 "-" "Mozilla/5.0 (compatible; AhrefsBot/7.0; +http://ahrefs.com/robot/)" "www.ysfine.com"
150.158.141.219 - - [05/Oct/2022:19:45:39 -0700] "GET /xmlrpc.php HTTP/1.1" 404 88 "-" "Mozilla/5.0 (Windows NT 6.1; WOW64; rv:45.0) Gecko/20100101 Firefox/45.0" "www.ysfine.com"
120.18.220.243 - - [05/Oct/2022:19:46:17 -0700] "GET /princeton/brooke88.jpg HTTP/1.1" 200 82208 "https://www.google.com.au/" "Mozilla/5.0 (iPhone; CPU iPhone OS 11_2_1 like Mac OS X) AppleWebKit/604.4.7 (KHTML, like Gecko) Version/11.0 Mobile/15C153 Safari/604.1" "ysfine.com"
185.191.171.14 - - [05/Oct/2022:19:46:24 -0700] "GET /robots.txt HTTP/1.1" 404 88 "-" "Mozilla/5.0 (compatible; SemrushBot/7~bl; +http://www.semrush.com/bot.html)" "ysfine.com"
185.191.171.14 - - [05/Oct/2022:19:46:24 -0700] "GET /class54/class5470/total_data/sub_227.htm HTTP/1.1" 200 3411 "-" "Mozilla/5.0 (compatible; SemrushBot/7~bl; +http://www.semrush.com/bot.html)" "ysfine.com"
120.18.220.243 - - [05/Oct/2022:19:46:34 -0700] "GET /princeton/brooke22.jpg HTTP/1.1" 200 87673 "https://www.google.com.au/" "Mozilla/5.0 (iPhone; CPU iPhone OS 11_2_1 like Mac OS X) AppleWebKit/604.4.7 (KHTML, like Gecko) Version/11.0 Mobile/15C153 Safari/604.1" "ysfine.com"
51.222.253.17 - - [05/Oct/2022:19:46:38 -0700] "GET /class54/class5470/total_data/sub_289.htm HTTP/1.1" 200 3386 "-" "Mozilla/5.0 (compatible; AhrefsBot/7.0; +http://ahrefs.com/robot/)" "www.ysfine.com"
157.55.39.128 - - [05/Oct/2022:19:47:34 -0700] "GET /world/poland/curiep01.jpg HTTP/1.1" 200 60156 "-" "Mozilla/5.0 (compatible; bingbot/2.0; +http://www.bing.com/bingbot.htm)" "ysfine.com"
157.55.39.55 - - [05/Oct/2022:19:49:05 -0700] "GET /world/russ/stalinorg11b.jpg HTTP/1.1" 200 47741 "-" "Mozilla/5.0 (compatible; bingbot/2.0; +http://www.bing.com/bingbot.htm)" "ysfine.com"
157.55.39.55 - - [05/Oct/2022:19:49:35 -0700] "GET /kobak/dprk.jpg HTTP/1.1" 200 88014 "-" "Mozilla/5.0 (compatible; bingbot/2.0; +http://www.bing.com/bingbot.htm)" "ysfine.com"
157.55.39.55 - - [05/Oct/2022:19:49:54 -0700] "GET /maga/invent/sarnoff1922.jpg HTTP/1.1" 200 48416 "-" "Mozilla/5.0 AppleWebKit/537.36 (KHTML, like Gecko; compatible; bingbot/2.0; +http://www.bing.com/bingbot.htm) Chrome/103.0.5060.134 Safari/537.36" "www.ysfine.com"
51.222.253.15 - - [05/Oct/2022:19:49:55 -0700] "GET /class54/class5470/total_data/sub_291.htm HTTP/1.1" 200 3370 "-" "Mozilla/5.0 (compatible; AhrefsBot/7.0; +http://ahrefs.com/robot/)" "www.ysfine.com"
207.46.13.102 - - [05/Oct/2022:19:50:06 -0700] "GET /dirac/dirac63.jpg HTTP/1.1" 200 83306 "-" "Mozilla/5.0 (compatible; bingbot/2.0; +http://www.bing.com/bingbot.htm)" "www.ysfine.com"
74.77.76.38 - - [05/Oct/2022:19:51:17 -0700] "GET /kobak/1014b.jpg HTTP/1.1" 200 42115 "https://www.google.com/" "Mozilla/5.0 (Linux; Android 12; SM-G781U) AppleWebKit/537.36 (KHTML, like Gecko) Chrome/103.0.0.0 Mobile Safari/537.36" "ysfine.com"
157.55.39.128 - - [05/Oct/2022:19:51:56 -0700] "GET /world/germany/karldergrosse01.jpg HTTP/1.1" 200 150218 "-" "Mozilla/5.0 (compatible; bingbot/2.0; +http://www.bing.com/bingbot.htm)" "ysfine.com"
157.55.39.127 - - [05/Oct/2022:19:52:05 -0700] "GET /people/kocinski.jpg HTTP/1.1" 200 81177 "-" "Mozilla/5.0 (compatible; bingbot/2.0; +http://www.bing.com/bingbot.htm)" "ysfine.com"
185.191.171.8 - - [05/Oct/2022:19:52:16 -0700] "GET /remote/wigner111/frame26.html HTTP/1.1" 200 1173 "-" "Mozilla/5.0 (compatible; SemrushBot/7~bl; +http://www.semrush.com/bot.html)" "ysfine.com"
65.108.2.171 - - [05/Oct/2022:19:52:42 -0700] "GET /robots.txt HTTP/1.1" 404 73 "-" "Mozilla/5.0 (compatible; MJ12bot/v1.4.8; http://mj12bot.com/)" "ysfine.com"
65.108.2.171 - - [05/Oct/2022:19:52:44 -0700] "GET /world/london.html HTTP/1.1" 200 16969 "-" "Mozilla/5.0 (compatible; MJ12bot/v1.4.8; http://mj12bot.com/)" "ysfine.com"
119.197.206.127 - - [05/Oct/2022:19:52:50 -0700] "GET /home/eink77c.jpg HTTP/1.1" 200 47471 "http://www2.physics.umd.edu/" "Mozilla/5.0 (Windows NT 10.0; Win64; x64) AppleWebKit/537.36 (KHTML, like Gecko) Chrome/105.0.0.0 Safari/537.36" "ysfine.com"
119.197.206.127 - - [05/Oct/2022:19:52:50 -0700] "GET /home/facu63c.jpg HTTP/1.1" 200 41710 "http://www2.physics.umd.edu/" "Mozilla/5.0 (Windows NT 10.0; Win64; x64) AppleWebKit/537.36 (KHTML, like Gecko) Chrome/105.0.0.0 Safari/537.36" "ysfine.com"
119.197.206.127 - - [05/Oct/2022:19:52:50 -0700] "GET /home/goodbad55c.jpg HTTP/1.1" 200 24415 "http://www2.physics.umd.edu/" "Mozilla/5.0 (Windows NT 10.0; Win64; x64) AppleWebKit/537.36 (KHTML, like Gecko) Chrome/105.0.0.0 Safari/537.36" "ysfine.com"
119.197.206.127 - - [05/Oct/2022:19:52:50 -0700] "GET /home/top21c.jpg HTTP/1.1" 200 53120 "http://www2.physics.umd.edu/" "Mozilla/5.0 (Windows NT 10.0; Win64; x64) AppleWebKit/537.36 (KHTML, like Gecko) Chrome/105.0.0.0 Safari/537.36" "ysfine.com"
119.197.206.127 - - [05/Oct/2022:19:52:50 -0700] "GET /home/eward55f.jpg HTTP/1.1" 200 122802 "http://www2.physics.umd.edu/" "Mozilla/5.0 (Windows NT 10.0; Win64; x64) AppleWebKit/537.36 (KHTML, like Gecko) Chrome/105.0.0.0 Safari/537.36" "ysfine.com"
119.197.206.127 - - [05/Oct/2022:19:52:50 -0700] "GET /home/truck/truck20c.jpg HTTP/1.1" 200 29999 "http://www2.physics.umd.edu/" "Mozilla/5.0 (Windows NT 10.0; Win64; x64) AppleWebKit/537.36 (KHTML, like Gecko) Chrome/105.0.0.0 Safari/537.36" "ysfine.com"
119.197.206.127 - - [05/Oct/2022:19:52:51 -0700] "GET /eink/ewk86a.jpg HTTP/1.1" 200 70895 "http://www2.physics.umd.edu/" "Mozilla/5.0 (Windows NT 10.0; Win64; x64) AppleWebKit/537.36 (KHTML, like Gecko) Chrome/105.0.0.0 Safari/537.36" "ysfine.com"
119.197.206.127 - - [05/Oct/2022:19:52:52 -0700] "GET /wdc/washmo23c.jpg HTTP/1.1" 200 21217 "http://www2.physics.umd.edu/" "Mozilla/5.0 (Windows NT 10.0; Win64; x64) AppleWebKit/537.36 (KHTML, like Gecko) Chrome/105.0.0.0 Safari/537.36" "ysfine.com"
119.197.206.127 - - [05/Oct/2022:19:52:52 -0700] "GET /wdc/eindc03c.jpg HTTP/1.1" 200 48446 "http://www2.physics.umd.edu/" "Mozilla/5.0 (Windows NT 10.0; Win64; x64) AppleWebKit/537.36 (KHTML, like Gecko) Chrome/105.0.0.0 Safari/537.36" "ysfine.com"
119.197.206.127 - - [05/Oct/2022:19:52:52 -0700] "GET /sbk/1987pr22c.jpg HTTP/1.1" 200 40964 "http://www2.physics.umd.edu/" "Mozilla/5.0 (Windows NT 10.0; Win64; x64) AppleWebKit/537.36 (KHTML, like Gecko) Chrome/105.0.0.0 Safari/537.36" "ysfine.com"
119.197.206.127 - - [05/Oct/2022:19:52:53 -0700] "GET /eink/einhaus11c.jpg HTTP/1.1" 200 42522 "http://www2.physics.umd.edu/" "Mozilla/5.0 (Windows NT 10.0; Win64; x64) AppleWebKit/537.36 (KHTML, like Gecko) Chrome/105.0.0.0 Safari/537.36" "ysfine.com"
119.197.206.127 - - [05/Oct/2022:19:52:54 -0700] "GET /eink/einhaus33c.jpg HTTP/1.1" 200 23792 "http://www2.physics.umd.edu/" "Mozilla/5.0 (Windows NT 10.0; Win64; x64) AppleWebKit/537.36 (KHTML, like Gecko) Chrome/105.0.0.0 Safari/537.36" "ysfine.com"
119.197.206.127 - - [05/Oct/2022:19:52:54 -0700] "GET /kobak/taylor33c.jpg HTTP/1.1" 200 39951 "http://www2.physics.umd.edu/" "Mozilla/5.0 (Windows NT 10.0; Win64; x64) AppleWebKit/537.36 (KHTML, like Gecko) Chrome/105.0.0.0 Safari/537.36" "ysfine.com"
119.197.206.127 - - [05/Oct/2022:19:52:54 -0700] "GET /eink/eink54a.jpg HTTP/1.1" 200 79717 "http://www2.physics.umd.edu/" "Mozilla/5.0 (Windows NT 10.0; Win64; x64) AppleWebKit/537.36 (KHTML, like Gecko) Chrome/105.0.0.0 Safari/537.36" "ysfine.com"
207.46.13.102 - - [05/Oct/2022:19:52:56 -0700] "GET /kowar/gi001.jpg HTTP/1.1" 200 142381 "-" "Mozilla/5.0 (compatible; bingbot/2.0; +http://www.bing.com/bingbot.htm)" "ysfine.com"
115.56.189.79 - - [05/Oct/2022:19:52:57 -0700] "GET /favicon.ico HTTP/1.1" 404 88 "-" "Mozilla/5.0 (Windows NT 10.0; Win64; x64) AppleWebKit/537.36 (KHTML, like Gecko) Chrome/95.0.4638.69 Safari/537.36" "ysfine.com"
157.55.39.128 - - [05/Oct/2022:19:53:26 -0700] "GET /newyork/nyu12.jpg HTTP/1.1" 200 64133 "-" "Mozilla/5.0 (compatible; bingbot/2.0; +http://www.bing.com/bingbot.htm)" "ysfine.com"
119.197.206.127 - - [05/Oct/2022:19:53:37 -0700] "GET /kobak/index.html HTTP/1.1" 200 130 "http://www2.physics.umd.edu/" "Mozilla/5.0 (Windows NT 10.0; Win64; x64) AppleWebKit/537.36 (KHTML, like Gecko) Chrome/105.0.0.0 Safari/537.36" "ysfine.com"
119.197.206.127 - - [05/Oct/2022:19:53:37 -0700] "GET /kobak/kobtop.html HTTP/1.1" 200 467 "https://ysfine.com/kobak/index.html" "Mozilla/5.0 (Windows NT 10.0; Win64; x64) AppleWebKit/537.36 (KHTML, like Gecko) Chrome/105.0.0.0 Safari/537.36" "ysfine.com"
119.197.206.127 - - [05/Oct/2022:19:53:37 -0700] "GET /kobak/kobbot.html HTTP/1.1" 200 137 "https://ysfine.com/kobak/index.html" "Mozilla/5.0 (Windows NT 10.0; Win64; x64) AppleWebKit/537.36 (KHTML, like Gecko) Chrome/105.0.0.0 Safari/537.36" "ysfine.com"
119.197.206.127 - - [05/Oct/2022:19:53:37 -0700] "GET /kobak/kobleft.html HTTP/1.1" 200 641 "https://ysfine.com/kobak/kobbot.html" "Mozilla/5.0 (Windows NT 10.0; Win64; x64) AppleWebKit/537.36 (KHTML, like Gecko) Chrome/105.0.0.0 Safari/537.36" "ysfine.com"
119.197.206.127 - - [05/Oct/2022:19:53:37 -0700] "GET /kobak/yskor.html HTTP/1.1" 200 9943 "https://ysfine.com/kobak/kobbot.html" "Mozilla/5.0 (Windows NT 10.0; Win64; x64) AppleWebKit/537.36 (KHTML, like Gecko) Chrome/105.0.0.0 Safari/537.36" "ysfine.com"
119.197.206.127 - - [05/Oct/2022:19:53:38 -0700] "GET /kobak/kostu05c.jpg HTTP/1.1" 200 29563 "https://ysfine.com/kobak/yskor.html" "Mozilla/5.0 (Windows NT 10.0; Win64; x64) AppleWebKit/537.36 (KHTML, like Gecko) Chrome/105.0.0.0 Safari/537.36" "ysfine.com"
119.197.206.127 - - [05/Oct/2022:19:53:38 -0700] "GET /kobak/kcrown.jpg HTTP/1.1" 200 41579 "https://ysfine.com/kobak/yskor.html" "Mozilla/5.0 (Windows NT 10.0; Win64; x64) AppleWebKit/537.36 (KHTML, like Gecko) Chrome/105.0.0.0 Safari/537.36" "ysfine.com"
119.197.206.127 - - [05/Oct/2022:19:53:38 -0700] "GET /kobak/sorae01c.jpg HTTP/1.1" 200 23295 "https://ysfine.com/kobak/yskor.html" "Mozilla/5.0 (Windows NT 10.0; Win64; x64) AppleWebKit/537.36 (KHTML, like Gecko) Chrome/105.0.0.0 Safari/537.36" "ysfine.com"
119.197.206.127 - - [05/Oct/2022:19:53:38 -0700] "GET /kobak/kostu16c.jpg HTTP/1.1" 200 40782 "https://ysfine.com/kobak/yskor.html" "Mozilla/5.0 (Windows NT 10.0; Win64; x64) AppleWebKit/537.36 (KHTML, like Gecko) Chrome/105.0.0.0 Safari/537.36" "ysfine.com"
119.197.206.127 - - [05/Oct/2022:19:53:38 -0700] "GET /kobak/nicodem22c.jpg HTTP/1.1" 200 38853 "https://ysfine.com/kobak/yskor.html" "Mozilla/5.0 (Windows NT 10.0; Win64; x64) AppleWebKit/537.36 (KHTML, like Gecko) Chrome/105.0.0.0 Safari/537.36" "ysfine.com"
119.197.206.127 - - [05/Oct/2022:19:53:38 -0700] "GET /kobak/sorae/kumipo01c.jpg HTTP/1.1" 200 28588 "https://ysfine.com/kobak/yskor.html" "Mozilla/5.0 (Windows NT 10.0; Win64; x64) AppleWebKit/537.36 (KHTML, like Gecko) Chrome/105.0.0.0 Safari/537.36" "ysfine.com"
119.197.206.127 - - [05/Oct/2022:19:53:38 -0700] "GET /kobak/abstrart11c.jpg HTTP/1.1" 200 47224 "https://ysfine.com/kobak/yskor.html" "Mozilla/5.0 (Windows NT 10.0; Win64; x64) AppleWebKit/537.36 (KHTML, like Gecko) Chrome/105.0.0.0 Safari/537.36" "ysfine.com"
119.197.206.127 - - [05/Oct/2022:19:53:38 -0700] "GET /eink/eink61c.jpg HTTP/1.1" 200 34119 "https://ysfine.com/kobak/yskor.html" "Mozilla/5.0 (Windows NT 10.0; Win64; x64) AppleWebKit/537.36 (KHTML, like Gecko) Chrome/105.0.0.0 Safari/537.36" "ysfine.com"
119.197.206.127 - - [05/Oct/2022:19:53:38 -0700] "GET /kobak/swr51c.jpg HTTP/1.1" 200 35677 "https://ysfine.com/kobak/yskor.html" "Mozilla/5.0 (Windows NT 10.0; Win64; x64) AppleWebKit/537.36 (KHTML, like Gecko) Chrome/105.0.0.0 Safari/537.36" "ysfine.com"
119.197.206.127 - - [05/Oct/2022:19:53:38 -0700] "GET /kobak/angelus11c.jpg HTTP/1.1" 200 33985 "https://ysfine.com/kobak/yskor.html" "Mozilla/5.0 (Windows NT 10.0; Win64; x64) AppleWebKit/537.36 (KHTML, like Gecko) Chrome/105.0.0.0 Safari/537.36" "ysfine.com"
119.197.206.127 - - [05/Oct/2022:19:53:38 -0700] "GET /world/ital/aquinas02c.jpg HTTP/1.1" 200 48806 "https://ysfine.com/kobak/yskor.html" "Mozilla/5.0 (Windows NT 10.0; Win64; x64) AppleWebKit/537.36 (KHTML, like Gecko) Chrome/105.0.0.0 Safari/537.36" "ysfine.com"
119.197.206.127 - - [05/Oct/2022:19:53:38 -0700] "GET /kowar/tanks/tank03c.jpg HTTP/1.1" 200 48323 "https://ysfine.com/kobak/yskor.html" "Mozilla/5.0 (Windows NT 10.0; Win64; x64) AppleWebKit/537.36 (KHTML, like Gecko) Chrome/105.0.0.0 Safari/537.36" "ysfine.com"
119.197.206.127 - - [05/Oct/2022:19:53:38 -0700] "GET /kobak/sl5017c.jpg HTTP/1.1" 200 74057 "https://ysfine.com/kobak/yskor.html" "Mozilla/5.0 (Windows NT 10.0; Win64; x64) AppleWebKit/537.36 (KHTML, like Gecko) Chrome/105.0.0.0 Safari/537.36" "ysfine.com"
119.197.206.127 - - [05/Oct/2022:19:53:38 -0700] "GET /kobak/taylor450.jpg HTTP/1.1" 200 70219 "https://ysfine.com/kobak/yskor.html" "Mozilla/5.0 (Windows NT 10.0; Win64; x64) AppleWebKit/537.36 (KHTML, like Gecko) Chrome/105.0.0.0 Safari/537.36" "ysfine.com"
119.197.206.127 - - [05/Oct/2022:19:53:38 -0700] "GET /world/russ/roskei90c.jpg HTTP/1.1" 200 40535 "https://ysfine.com/kobak/yskor.html" "Mozilla/5.0 (Windows NT 10.0; Win64; x64) AppleWebKit/537.36 (KHTML, like Gecko) Chrome/105.0.0.0 Safari/537.36" "ysfine.com"
119.197.206.127 - - [05/Oct/2022:19:53:38 -0700] "GET /kobak/underw03c.jpg HTTP/1.1" 200 26805 "https://ysfine.com/kobak/yskor.html" "Mozilla/5.0 (Windows NT 10.0; Win64; x64) AppleWebKit/537.36 (KHTML, like Gecko) Chrome/105.0.0.0 Safari/537.36" "ysfine.com"
119.197.206.127 - - [05/Oct/2022:19:53:38 -0700] "GET /kowar/tanks/tank05c.jpg HTTP/1.1" 200 33583 "https://ysfine.com/kobak/yskor.html" "Mozilla/5.0 (Windows NT 10.0; Win64; x64) AppleWebKit/537.36 (KHTML, like Gecko) Chrome/105.0.0.0 Safari/537.36" "ysfine.com"
119.197.206.127 - - [05/Oct/2022:19:53:38 -0700] "GET /kobak/yoonhm11c.jpg HTTP/1.1" 200 34967 "https://ysfine.com/kobak/yskor.html" "Mozilla/5.0 (Windows NT 10.0; Win64; x64) AppleWebKit/537.36 (KHTML, like Gecko) Chrome/105.0.0.0 Safari/537.36" "ysfine.com"
119.197.206.127 - - [05/Oct/2022:19:53:38 -0700] "GET /kobak/samsung11c.jpg HTTP/1.1" 200 34928 "https://ysfine.com/kobak/yskor.html" "Mozilla/5.0 (Windows NT 10.0; Win64; x64) AppleWebKit/537.36 (KHTML, like Gecko) Chrome/105.0.0.0 Safari/537.36" "ysfine.com"
119.197.206.127 - - [05/Oct/2022:19:53:38 -0700] "GET /kobak/sonja11c.jpg HTTP/1.1" 200 33899 "https://ysfine.com/kobak/yskor.html" "Mozilla/5.0 (Windows NT 10.0; Win64; x64) AppleWebKit/537.36 (KHTML, like Gecko) Chrome/105.0.0.0 Safari/537.36" "ysfine.com"
119.197.206.127 - - [05/Oct/2022:19:53:38 -0700] "GET /world/ital/milanf01c.jpg HTTP/1.1" 200 37826 "https://ysfine.com/kobak/yskor.html" "Mozilla/5.0 (Windows NT 10.0; Win64; x64) AppleWebKit/537.36 (KHTML, like Gecko) Chrome/105.0.0.0 Safari/537.36" "ysfine.com"
119.197.206.127 - - [05/Oct/2022:19:53:38 -0700] "GET /world/russ/roskei10c.jpg HTTP/1.1" 200 33216 "https://ysfine.com/kobak/yskor.html" "Mozilla/5.0 (Windows NT 10.0; Win64; x64) AppleWebKit/537.36 (KHTML, like Gecko) Chrome/105.0.0.0 Safari/537.36" "ysfine.com"
119.197.206.127 - - [05/Oct/2022:19:53:38 -0700] "GET /kobak/taylor11c.jpg HTTP/1.1" 200 37695 "https://ysfine.com/kobak/yskor.html" "Mozilla/5.0 (Windows NT 10.0; Win64; x64) AppleWebKit/537.36 (KHTML, like Gecko) Chrome/105.0.0.0 Safari/537.36" "ysfine.com"
119.197.206.127 - - [05/Oct/2022:19:53:38 -0700] "GET /kobak/kwk11c.jpg HTTP/1.1" 200 46641 "https://ysfine.com/kobak/yskor.html" "Mozilla/5.0 (Windows NT 10.0; Win64; x64) AppleWebKit/537.36 (KHTML, like Gecko) Chrome/105.0.0.0 Safari/537.36" "ysfine.com"
119.197.206.127 - - [05/Oct/2022:19:53:38 -0700] "GET /eink/pwk19c.jpg HTTP/1.1" 200 57759 "https://ysfine.com/kobak/yskor.html" "Mozilla/5.0 (Windows NT 10.0; Win64; x64) AppleWebKit/537.36 (KHTML, like Gecko) Chrome/105.0.0.0 Safari/537.36" "ysfine.com"
51.222.253.7 - - [05/Oct/2022:19:53:39 -0700] "GET /class54/class5470/total_data/sub_292.htm HTTP/1.1" 200 3386 "-" "Mozilla/5.0 (compatible; AhrefsBot/7.0; +http://ahrefs.com/robot/)" "www.ysfine.com"
119.197.206.127 - - [05/Oct/2022:19:53:43 -0700] "GET /favicon.ico HTTP/1.1" 404 88 "https://ysfine.com/kobak/index.html" "Mozilla/5.0 (Windows NT 10.0; Win64; x64) AppleWebKit/537.36 (KHTML, like Gecko) Chrome/105.0.0.0 Safari/537.36" "ysfine.com"
40.77.167.27 - - [05/Oct/2022:19:55:21 -0700] "GET /world/france/stras41.jpg HTTP/1.1" 200 124970 "-" "Mozilla/5.0 (compatible; bingbot/2.0; +http://www.bing.com/bingbot.htm)" "ysfine.com"
40.77.167.27 - - [05/Oct/2022:19:55:22 -0700] "GET /ffriends/amkor/jashopen11.jpg HTTP/1.1" 200 101276 "-" "Mozilla/5.0 (compatible; bingbot/2.0; +http://www.bing.com/bingbot.htm)" "ysfine.com"
185.191.171.10 - - [05/Oct/2022:19:55:32 -0700] "GET /class54/class5470/total_data/sub_252.htm HTTP/1.1" 200 3375 "-" "Mozilla/5.0 (compatible; SemrushBot/7~bl; +http://www.semrush.com/bot.html)" "ysfine.com"
17.121.113.226 - - [05/Oct/2022:19:55:41 -0700] "GET /einstein/fantova/fantova.html HTTP/1.1" 200 6506 "-" "Mozilla/5.0 (Macintosh; Intel Mac OS X 10_15_5) AppleWebKit/605.1.15 (KHTML, like Gecko) Version/13.1.1 Safari/605.1.15 (Applebot/0.1; +http://www.apple.com/go/applebot)" "ysfine.com"
65.109.63.252 - - [05/Oct/2022:19:56:38 -0700] "GET /robots.txt HTTP/1.1" 404 73 "-" "Mozilla/5.0 (compatible; MJ12bot/v1.4.8; http://mj12bot.com/)" "ysfine.com"
65.109.63.252 - - [05/Oct/2022:19:56:44 -0700] "GET /confer/http%C3%84://medres.online/materialsscience/2020 HTTP/1.1" 404 88 "-" "Mozilla/5.0 (compatible; MJ12bot/v1.4.8; http://mj12bot.com/)" "ysfine.com"
119.197.206.127 - - [05/Oct/2022:19:57:27 -0700] "GET /kobak/kostu05.jpg HTTP/1.1" 200 94476 "https://ysfine.com/kobak/yskor.html" "Mozilla/5.0 (Windows NT 10.0; Win64; x64) AppleWebKit/537.36 (KHTML, like Gecko) Chrome/105.0.0.0 Safari/537.36" "ysfine.com"
35.162.134.71 - - [05/Oct/2022:19:57:40 -0700] "GET /wigner/neum/vnc09.jpg HTTP/1.1" 200 112484 "-" "Mozilla/5.0 (X11; Linux x86_64) AppleWebKit/537.11 (KHTML, like Gecko) Chrome/23.0.1271.64 Safari/537.11" "ysfine.com"
185.191.171.17 - - [05/Oct/2022:19:57:41 -0700] "GET /class54/class5470/total_data/sub_112.htm HTTP/1.1" 200 3292 "-" "Mozilla/5.0 (compatible; SemrushBot/7~bl; +http://www.semrush.com/bot.html)" "ysfine.com"
40.88.21.235 - - [05/Oct/2022:19:57:59 -0700] "GET / HTTP/1.1" 200 5283 "https://www.ysfine.com/" "Mozilla/5.0 (compatible; DuckDuckGo-Favicons-Bot/1.0; +http://duckduckgo.com)" "www.ysfine.com"
40.88.21.235 - - [05/Oct/2022:19:57:59 -0700] "GET /favicon.ico HTTP/1.1" 404 88 "https://www.ysfine.com/favicon.ico" "Mozilla/5.0 (compatible; DuckDuckGo-Favicons-Bot/1.0; +http://duckduckgo.com)" "www.ysfine.com"
40.88.21.235 - - [05/Oct/2022:19:57:59 -0700] "GET /favicon.ico HTTP/1.1" 404 88 "https://www.ysfine.com/favicon.ico" "Mozilla/5.0 (compatible; DuckDuckGo-Favicons-Bot/1.0; +http://duckduckgo.com)" "www.ysfine.com"
174.244.176.20 - - [05/Oct/2022:19:58:37 -0700] "GET /newyork/colum01.jpg HTTP/1.1" 200 99832 "https://www.google.com/" "Mozilla/5.0 (iPhone; CPU iPhone OS 15_6_1 like Mac OS X) AppleWebKit/605.1.15 (KHTML, like Gecko) Version/15.6.1 Mobile/15E148 Safari/604.1" "ysfine.com"
35.162.134.71 - - [05/Oct/2022:19:58:55 -0700] "GET /wigner/neum/ymath.jpg HTTP/1.1" 200 64930 "-" "Mozilla/5.0 (X11; Linux x86_64) AppleWebKit/537.11 (KHTML, like Gecko) Chrome/23.0.1271.64 Safari/537.11" "ysfine.com"
51.222.253.17 - - [05/Oct/2022:20:00:35 -0700] "GET /class54/class5470/total_data/sub_294.htm HTTP/1.1" 200 3371 "-" "Mozilla/5.0 (compatible; AhrefsBot/7.0; +http://ahrefs.com/robot/)" "www.ysfine.com"
207.46.13.102 - - [05/Oct/2022:20:00:37 -0700] "GET /ffriends/aline/jal24.jpg HTTP/1.1" 200 215504 "-" "Mozilla/5.0 (compatible; bingbot/2.0; +http://www.bing.com/bingbot.htm)" "ysfine.com"
119.197.206.127 - - [05/Oct/2022:20:01:12 -0700] "GET /kobak/samsung11.jpg HTTP/1.1" 200 82148 "https://ysfine.com/kobak/yskor.html" "Mozilla/5.0 (Windows NT 10.0; Win64; x64) AppleWebKit/537.36 (KHTML, like Gecko) Chrome/105.0.0.0 Safari/537.36" "ysfine.com"
98.32.44.248 - - [05/Oct/2022:20:02:46 -0700] "GET /princeton/dulles.html HTTP/1.1" 200 2700 "https://duckduckgo.com/" "Mozilla/5.0 (Macintosh; Intel Mac OS X 10_15_7) AppleWebKit/605.1.15 (KHTML, like Gecko) Version/16.0 Safari/605.1.15" "www.ysfine.com"
98.32.44.248 - - [05/Oct/2022:20:02:47 -0700] "GET /kobak/eisenhower33b.jpg HTTP/1.1" 200 49308 "https://www.ysfine.com/princeton/dulles.html" "Mozilla/5.0 (Macintosh; Intel Mac OS X 10_15_7) AppleWebKit/605.1.15 (KHTML, like Gecko) Version/16.0 Safari/605.1.15" "www.ysfine.com"
98.32.44.248 - - [05/Oct/2022:20:02:47 -0700] "GET /princeton/dulles2.jpg HTTP/1.1" 200 49555 "https://www.ysfine.com/princeton/dulles.html" "Mozilla/5.0 (Macintosh; Intel Mac OS X 10_15_7) AppleWebKit/605.1.15 (KHTML, like Gecko) Version/16.0 Safari/605.1.15" "www.ysfine.com"
98.32.44.248 - - [05/Oct/2022:20:02:47 -0700] "GET /princeton/adulles2.jpg HTTP/1.1" 200 51260 "https://www.ysfine.com/princeton/dulles.html" "Mozilla/5.0 (Macintosh; Intel Mac OS X 10_15_7) AppleWebKit/605.1.15 (KHTML, like Gecko) Version/16.0 Safari/605.1.15" "www.ysfine.com"
98.32.44.248 - - [05/Oct/2022:20:02:47 -0700] "GET /favicon.ico HTTP/1.1" 404 88 "https://www.ysfine.com/princeton/dulles.html" "Mozilla/5.0 (Macintosh; Intel Mac OS X 10_15_7) AppleWebKit/605.1.15 (KHTML, like Gecko) Version/16.0 Safari/605.1.15" "www.ysfine.com"
185.191.171.12 - - [05/Oct/2022:20:03:34 -0700] "GET /robots.txt HTTP/1.1" 404 88 "-" "Mozilla/5.0 (compatible; SemrushBot/7~bl; +http://www.semrush.com/bot.html)" "www.ysfine.com"
185.191.171.25 - - [05/Oct/2022:20:03:35 -0700] "GET /remote/wigner111/frame17.html HTTP/1.1" 200 397 "-" "Mozilla/5.0 (compatible; SemrushBot/7~bl; +http://www.semrush.com/bot.html)" "www.ysfine.com"
185.191.171.18 - - [05/Oct/2022:20:05:24 -0700] "GET /world/ital/tuscany.html HTTP/1.1" 200 455 "-" "Mozilla/5.0 (compatible; SemrushBot/7~bl; +http://www.semrush.com/bot.html)" "ysfine.com"
157.55.39.128 - - [05/Oct/2022:20:06:06 -0700] "GET /kobak/draftreg11b.jpg HTTP/1.1" 200 51376 "-" "Mozilla/5.0 (compatible; bingbot/2.0; +http://www.bing.com/bingbot.htm)" "www.ysfine.com"
157.55.39.128 - - [05/Oct/2022:20:06:06 -0700] "GET /world/baltic/estof03.jpg HTTP/1.1" 200 118061 "-" "Mozilla/5.0 (compatible; bingbot/2.0; +http://www.bing.com/bingbot.htm)" "www.ysfine.com"
138.88.217.68 - - [05/Oct/2022:20:06:18 -0700] "GET /yspapers/kim89.pdf HTTP/1.1" 200 304160 "-" "Mozilla/5.0 (iPhone; CPU iPhone OS 15_1 like Mac OS X) AppleWebKit/605.1.15 (KHTML, like Gecko) Version/15.1 Mobile/15E148 Safari/604.1" "www.ysfine.com"
157.55.39.58 - - [05/Oct/2022:20:06:27 -0700] "GET /maga/phil/hugom33.jpg HTTP/1.1" 200 106917 "-" "Mozilla/5.0 AppleWebKit/537.36 (KHTML, like Gecko; compatible; bingbot/2.0; +http://www.bing.com/bingbot.htm) Chrome/103.0.5060.134 Safari/537.36" "ysfine.com"
51.75.241.40 - - [05/Oct/2022:20:06:34 -0700] "GET /robots.txt HTTP/1.1" 404 88 "-" "INETDEX-BOT/1.5 (Mozilla/5.0; https://inetdex.com/bot.html; info at inetdex dot com)" "ysfine.com"
51.75.241.40 - - [05/Oct/2022:20:06:34 -0700] "GET /wigner/wigner39.html HTTP/1.1" 200 330 "-" "INETDEX-BOT/1.5 (Mozilla/5.0; https://inetdex.com/bot.html; info at inetdex dot com)" "ysfine.com"
157.55.39.58 - - [05/Oct/2022:20:06:37 -0700] "GET /einstein/places/ulm03.jpg HTTP/1.1" 200 145594 "-" "Mozilla/5.0 (compatible; bingbot/2.0; +http://www.bing.com/bingbot.htm)" "www.ysfine.com"
157.55.39.58 - - [05/Oct/2022:20:06:48 -0700] "GET /world/russ/minsk059.jpg HTTP/1.1" 200 96289 "-" "Mozilla/5.0 (compatible; bingbot/2.0; +http://www.bing.com/bingbot.htm)" "www.ysfine.com"
185.191.171.25 - - [05/Oct/2022:20:06:56 -0700] "GET /jobs/taiwanj.html HTTP/1.1" 200 1290 "-" "Mozilla/5.0 (compatible; SemrushBot/7~bl; +http://www.semrush.com/bot.html)" "ysfine.com"
114.119.128.154 - - [05/Oct/2022:20:07:35 -0700] "GET /maga/faraday.html%23faradm HTTP/1.1" 404 88 "-" "Mozilla/5.0 (Linux; Android 7.0;) AppleWebKit/537.36 (KHTML, like Gecko) Mobile Safari/537.36 (compatible; PetalBot;+https://webmaster.petalsearch.com/site/petalbot)" "ysfine.com"
157.55.39.128 - - [05/Oct/2022:20:08:16 -0700] "GET /world/france/sartsq12.jpg HTTP/1.1" 200 366975 "-" "Mozilla/5.0 (compatible; bingbot/2.0; +http://www.bing.com/bingbot.htm)" "ysfine.com"
