185.191.171.35 - - [05/Oct/2022:18:40:13 -0700] "GET /class54/class5470/total_data/sub_248.htm HTTP/1.1" 200 3388 "-" "Mozilla/5.0 (compatible; SemrushBot/7~bl; +http://www.semrush.com/bot.html)" "ysfine.com"
40.77.167.27 - - [05/Oct/2022:18:40:34 -0700] "GET /wdc/whouse11.jpg HTTP/1.1" 200 110059 "-" "Mozilla/5.0 AppleWebKit/537.36 (KHTML, like Gecko; compatible; bingbot/2.0; +http://www.bing.com/bingbot.htm) Chrome/103.0.5060.134 Safari/537.36" "ysfine.com"
157.55.39.55 - - [05/Oct/2022:18:40:38 -0700] "GET /einstein/eingali.html HTTP/1.1" 200 2762 "-" "Mozilla/5.0 AppleWebKit/537.36 (KHTML, like Gecko; compatible; bingbot/2.0; +http://www.bing.com/bingbot.htm) Chrome/103.0.5060.134 Safari/537.36" "ysfine.com"
73.235.213.220 - - [05/Oct/2022:18:40:45 -0700] "GET /princeton/alexan22.jpg HTTP/1.1" 200 175436 "https://www.google.com/" "Mozilla/5.0 (Macintosh; Intel Mac OS X 10_15_6) AppleWebKit/537.36 (KHTML, like Gecko) Chrome/105.0.0.0 Safari/537.36" "ysfine.com"
207.46.13.102 - - [05/Oct/2022:18:41:20 -0700] "GET /world/israel/jeruf01.jpg HTTP/1.1" 200 221371 "-" "Mozilla/5.0 AppleWebKit/537.36 (KHTML, like Gecko; compatible; bingbot/2.0; +http://www.bing.com/bingbot.htm) Chrome/103.0.5060.134 Safari/537.36" "ysfine.com"
157.55.39.127 - - [05/Oct/2022:18:41:48 -0700] "GET /world/baltic/kantm08.jpg HTTP/1.1" 200 111853 "-" "Mozilla/5.0 AppleWebKit/537.36 (KHTML, like Gecko; compatible; bingbot/2.0; +http://www.bing.com/bingbot.htm) Chrome/103.0.5060.134 Safari/537.36" "ysfine.com"
216.244.66.229 - - [05/Oct/2022:18:41:55 -0700] "GET /robots.txt HTTP/1.1" 404 73 "-" "Mozilla/5.0 (compatible; DotBot/1.2; +https://opensiteexplorer.org/dotbot; help@moz.com)" "www.ysfine.com"
157.55.39.58 - - [05/Oct/2022:18:42:08 -0700] "GET /dongio/mongo04b.jpg HTTP/1.1" 404 88 "-" "Mozilla/5.0 (compatible; bingbot/2.0; +http://www.bing.com/bingbot.htm)" "ysfine.com"
157.55.39.127 - - [05/Oct/2022:18:43:28 -0700] "GET /kobak/kangban.jpg HTTP/1.1" 200 100804 "-" "Mozilla/5.0 (compatible; bingbot/2.0; +http://www.bing.com/bingbot.htm)" "www.ysfine.com"
40.77.167.27 - - [05/Oct/2022:18:43:32 -0700] "GET /home/comet55.jpg HTTP/1.1" 200 130274 "-" "Mozilla/5.0 (compatible; bingbot/2.0; +http://www.bing.com/bingbot.htm)" "ysfine.com"
71.38.126.148 - - [05/Oct/2022:18:44:41 -0700] "GET /kowar/tanks/tank11c.jpg HTTP/1.1" 200 43471 "https://images.search.yahoo.com/yhs/search?p=1950+battle+tanks+ww2&fr=yhs-iba-syn&type=asbw_8923_CHW_US_tid20072&hspart=iba&hsimp=yhs-syn&imgurl=https%3A%2F%2Fi.redd.it%2Fj6g5sxwrvt311.jpg" "Mozilla/5.0 (Windows NT 10.0; Win64; x64) AppleWebKit/537.36 (KHTML, like Gecko) Chrome/105.0.0.0 Safari/537.36" "www.ysfine.com"
216.244.66.229 - - [05/Oct/2022:18:44:57 -0700] "GET /class54/class5470/total_data/sub_501.htm HTTP/1.1" 200 12875 "-" "Mozilla/5.0 (compatible; DotBot/1.2; +https://opensiteexplorer.org/dotbot; help@moz.com)" "www.ysfine.com"
216.244.66.229 - - [05/Oct/2022:18:45:48 -0700] "GET /ffriends/aline/lot22.jpg HTTP/1.1" 200 192988 "-" "Mozilla/5.0 (compatible; DotBot/1.2; +https://opensiteexplorer.org/dotbot; help@moz.com)" "www.ysfine.com"
73.212.166.200 - - [05/Oct/2022:18:46:00 -0700] "GET /feynman/standardmo01.jpg HTTP/1.1" 200 94736 "https://www.bing.com/" "Mozilla/5.0 (Windows NT 10.0; Win64; x64) AppleWebKit/537.36 (KHTML, like Gecko) Chrome/105.0.0.0 Safari/537.36 Edg/105.0.1343.42" "www.ysfine.com"
185.33.85.101 - - [05/Oct/2022:18:46:15 -0700] "GET / HTTP/1.1" 200 15910 "https://ysfine.com/" "Mozilla/5.0 (Windows NT 6.3) AppleWebKit/537.36 (KHTML, like Gecko) Chrome/90.0.4430.72 Safari/537.36" "ysfine.com"
157.55.39.55 - - [05/Oct/2022:18:46:58 -0700] "GET /style/musee/ams007.jpg HTTP/1.1" 200 173921 "-" "Mozilla/5.0 (compatible; bingbot/2.0; +http://www.bing.com/bingbot.htm)" "ysfine.com"
185.191.171.17 - - [05/Oct/2022:18:47:01 -0700] "GET /class54/class5470/total_data/sub_737.htm HTTP/1.1" 200 3294 "-" "Mozilla/5.0 (compatible; SemrushBot/7~bl; +http://www.semrush.com/bot.html)" "ysfine.com"
216.244.66.229 - - [05/Oct/2022:18:47:41 -0700] "GET /ffriends/aline/lufthan18.jpg HTTP/1.1" 200 100241 "-" "Mozilla/5.0 (compatible; DotBot/1.2; +https://opensiteexplorer.org/dotbot; help@moz.com)" "www.ysfine.com"
157.55.39.55 - - [05/Oct/2022:18:48:00 -0700] "GET /wdc/kopol05.jpg HTTP/1.1" 200 77273 "-" "Mozilla/5.0 AppleWebKit/537.36 (KHTML, like Gecko; compatible; bingbot/2.0; +http://www.bing.com/bingbot.htm) Chrome/103.0.5060.134 Safari/537.36" "ysfine.com"
17.121.113.21 - - [05/Oct/2022:18:48:19 -0700] "GET /maga/sarnoff.html HTTP/1.1" 200 7540 "-" "Mozilla/5.0 (Macintosh; Intel Mac OS X 10_15_5) AppleWebKit/605.1.15 (KHTML, like Gecko) Version/13.1.1 Safari/605.1.15 (Applebot/0.1; +http://www.apple.com/go/applebot)" "ysfine.com"
51.222.253.7 - - [05/Oct/2022:18:49:20 -0700] "GET /einstein/einwo.html HTTP/1.1" 200 4222 "-" "Mozilla/5.0 (compatible; AhrefsBot/7.0; +http://ahrefs.com/robot/)" "ysfine.com"
51.222.253.4 - - [05/Oct/2022:18:49:24 -0700] "GET /einstein/einpm22c.jpg HTTP/1.1" 200 36172 "-" "Mozilla/5.0 (compatible; AhrefsBot/7.0; +http://ahrefs.com/robot/)" "ysfine.com"
51.222.253.7 - - [05/Oct/2022:18:49:25 -0700] "GET /einstein/einwife66c.jpg HTTP/1.1" 200 20213 "-" "Mozilla/5.0 (compatible; AhrefsBot/7.0; +http://ahrefs.com/robot/)" "ysfine.com"
51.222.253.1 - - [05/Oct/2022:18:49:25 -0700] "GET /einstein/maric11c.jpg HTTP/1.1" 200 27741 "-" "Mozilla/5.0 (compatible; AhrefsBot/7.0; +http://ahrefs.com/robot/)" "ysfine.com"
51.222.253.17 - - [05/Oct/2022:18:49:26 -0700] "GET /einstein/places/einmu52c.jpg HTTP/1.1" 200 46514 "-" "Mozilla/5.0 (compatible; AhrefsBot/7.0; +http://ahrefs.com/robot/)" "ysfine.com"
51.222.253.2 - - [05/Oct/2022:18:49:26 -0700] "GET /einstein/eincurie300.jpg HTTP/1.1" 200 28924 "-" "Mozilla/5.0 (compatible; AhrefsBot/7.0; +http://ahrefs.com/robot/)" "ysfine.com"
51.222.253.19 - - [05/Oct/2022:18:49:26 -0700] "GET /einstein/maric22c.jpg HTTP/1.1" 200 37172 "-" "Mozilla/5.0 (compatible; AhrefsBot/7.0; +http://ahrefs.com/robot/)" "ysfine.com"
51.222.253.6 - - [05/Oct/2022:18:49:27 -0700] "GET /einstein/eindc33c.jpg HTTP/1.1" 200 60609 "-" "Mozilla/5.0 (compatible; AhrefsBot/7.0; +http://ahrefs.com/robot/)" "ysfine.com"
207.46.13.102 - - [05/Oct/2022:18:49:31 -0700] "GET /world/china/shanghai001.jpg HTTP/1.1" 200 99793 "-" "Mozilla/5.0 (compatible; bingbot/2.0; +http://www.bing.com/bingbot.htm)" "ysfine.com"
77.75.78.166 - - [05/Oct/2022:18:50:02 -0700] "GET /robots.txt HTTP/1.1" 404 88 "-" "Mozilla/5.0 (compatible; SeznamBot/3.2; +http://napoveda.seznam.cz/en/seznambot-intro/)" "ysfine.com"
77.75.78.166 - - [05/Oct/2022:18:50:03 -0700] "GET /world/baltic/tallin49.jpg HTTP/1.1" 304 - "-" "Mozilla/5.0 (compatible; SeznamBot/3.2; +http://napoveda.seznam.cz/en/seznambot-intro/)" "ysfine.com"
77.75.78.166 - - [05/Oct/2022:18:50:04 -0700] "GET /world/ital/padova32.jpg HTTP/1.1" 304 - "-" "Mozilla/5.0 (compatible; SeznamBot/3.2; +http://napoveda.seznam.cz/en/seznambot-intro/)" "ysfine.com"
77.75.78.166 - - [05/Oct/2022:18:50:05 -0700] "GET /world/ital/florf22.jpg HTTP/1.1" 304 - "-" "Mozilla/5.0 (compatible; SeznamBot/3.2; +http://napoveda.seznam.cz/en/seznambot-intro/)" "ysfine.com"
77.75.78.166 - - [05/Oct/2022:18:50:05 -0700] "GET /newyork/centralp01.jpg HTTP/1.1" 304 - "-" "Mozilla/5.0 (compatible; SeznamBot/3.2; +http://napoveda.seznam.cz/en/seznambot-intro/)" "ysfine.com"
185.191.171.21 - - [05/Oct/2022:18:50:09 -0700] "GET /class54/class5470/total_data/sub_428.htm HTTP/1.1" 200 3208 "-" "Mozilla/5.0 (compatible; SemrushBot/7~bl; +http://www.semrush.com/bot.html)" "www.ysfine.com"
170.81.211.98 - - [05/Oct/2022:18:50:45 -0700] "GET /wigner/neum/vnc01.jpg HTTP/1.1" 200 133641 "https://www.google.com/" "Mozilla/5.0 (iPhone; CPU iPhone OS 15_6 like Mac OS X) AppleWebKit/605.1.15 (KHTML, like Gecko) CriOS/105.0.5195.147 Mobile/15E148 Safari/604.1" "ysfine.com"
40.77.167.27 - - [05/Oct/2022:18:51:15 -0700] "GET /world/spain/sevif17.jpg HTTP/1.1" 200 320381 "-" "Mozilla/5.0 (compatible; bingbot/2.0; +http://www.bing.com/bingbot.htm)" "ysfine.com"
207.46.13.102 - - [05/Oct/2022:18:52:01 -0700] "GET /world/germany/bisma03.jpg HTTP/1.1" 200 137948 "-" "Mozilla/5.0 (compatible; bingbot/2.0; +http://www.bing.com/bingbot.htm)" "www.ysfine.com"
157.55.39.58 - - [05/Oct/2022:18:52:11 -0700] "GET /world/china/shanghai001b.jpg HTTP/1.1" 200 38685 "-" "Mozilla/5.0 (compatible; bingbot/2.0; +http://www.bing.com/bingbot.htm)" "ysfine.com"
216.244.66.229 - - [05/Oct/2022:18:52:20 -0700] "GET /world/ital/bolog17.jpg HTTP/1.1" 200 120976 "-" "Mozilla/5.0 (compatible; DotBot/1.2; +https://opensiteexplorer.org/dotbot; help@moz.com)" "www.ysfine.com"
216.244.66.229 - - [05/Oct/2022:18:53:10 -0700] "GET /world/ital/florf16.jpg HTTP/1.1" 200 99594 "-" "Mozilla/5.0 (compatible; DotBot/1.2; +https://opensiteexplorer.org/dotbot; help@moz.com)" "www.ysfine.com"
157.55.39.127 - - [05/Oct/2022:18:53:29 -0700] "GET /feynman/ppic/parton88d.jpg HTTP/1.1" 200 32065 "-" "Mozilla/5.0 AppleWebKit/537.36 (KHTML, like Gecko; compatible; bingbot/2.0; +http://www.bing.com/bingbot.htm) Chrome/103.0.5060.134 Safari/537.36" "ysfine.com"
157.55.39.55 - - [05/Oct/2022:18:53:39 -0700] "GET /dongio/frchef01.jpg HTTP/1.1" 404 88 "-" "Mozilla/5.0 (compatible; bingbot/2.0; +http://www.bing.com/bingbot.htm)" "ysfine.com"
207.46.13.102 - - [05/Oct/2022:18:54:01 -0700] "GET /world/russ/roskei01b.jpg HTTP/1.1" 200 20978 "-" "Mozilla/5.0 (compatible; bingbot/2.0; +http://www.bing.com/bingbot.htm)" "ysfine.com"
207.46.13.102 - - [05/Oct/2022:18:54:32 -0700] "GET /world/china/chongking22.jpg HTTP/1.1" 200 100366 "-" "Mozilla/5.0 (compatible; bingbot/2.0; +http://www.bing.com/bingbot.htm)" "ysfine.com"
216.244.66.229 - - [05/Oct/2022:18:54:48 -0700] "GET /world/ital/rome023.jpg HTTP/1.1" 200 177299 "-" "Mozilla/5.0 (compatible; DotBot/1.2; +https://opensiteexplorer.org/dotbot; help@moz.com)" "www.ysfine.com"
103.26.194.130 - - [05/Oct/2022:18:54:59 -0700] "GET /world/baltic/kalin30.jpg HTTP/1.1" 200 94863 "https://www.google.com/" "Mozilla/5.0 (Linux; Android 12; SM-F916N Build/SP2A.220305.013; wv) AppleWebKit/537.36 (KHTML, like Gecko) Version/4.0 Chrome/105.0.5195.136 Mobile Safari/537.36 GSA/13.38.11.26.arm64" "ysfine.com"
67.163.150.122 - - [05/Oct/2022:18:55:13 -0700] "GET /usca/pitt/pittcath01.jpg HTTP/1.1" 200 61310 "https://www.google.com/" "Mozilla/5.0 (Macintosh; Intel Mac OS X 10_15_7) AppleWebKit/605.1.15 (KHTML, like Gecko) Version/15.6.1 Safari/605.1.15" "ysfine.com"
216.244.66.229 - - [05/Oct/2022:18:55:28 -0700] "GET /world/ital/venice06.jpg HTTP/1.1" 200 197735 "-" "Mozilla/5.0 (compatible; DotBot/1.2; +https://opensiteexplorer.org/dotbot; help@moz.com)" "www.ysfine.com"
51.222.253.16 - - [05/Oct/2022:18:55:39 -0700] "GET /maga/sartre.html HTTP/1.1" 200 7719 "-" "Mozilla/5.0 (compatible; AhrefsBot/7.0; +http://ahrefs.com/robot/)" "ysfine.com"
51.222.253.9 - - [05/Oct/2022:18:55:42 -0700] "GET /maga/phil/childrenof11b.jpg HTTP/1.1" 200 73491 "-" "Mozilla/5.0 (compatible; AhrefsBot/7.0; +http://ahrefs.com/robot/)" "ysfine.com"
51.222.253.13 - - [05/Oct/2022:18:55:43 -0700] "GET /world/france/magots07b.jpg HTTP/1.1" 200 38319 "-" "Mozilla/5.0 (compatible; AhrefsBot/7.0; +http://ahrefs.com/robot/)" "ysfine.com"
51.222.253.6 - - [05/Oct/2022:18:55:43 -0700] "GET /world/france/montpar09b.jpg HTTP/1.1" 200 51581 "-" "Mozilla/5.0 (compatible; AhrefsBot/7.0; +http://ahrefs.com/robot/)" "ysfine.com"
51.222.253.13 - - [05/Oct/2022:18:55:44 -0700] "GET /world/france/sartsq01b.jpg HTTP/1.1" 200 50069 "-" "Mozilla/5.0 (compatible; AhrefsBot/7.0; +http://ahrefs.com/robot/)" "ysfine.com"
51.222.253.13 - - [05/Oct/2022:18:55:45 -0700] "GET /maga/phil/sartre66b.jpg HTTP/1.1" 200 66175 "-" "Mozilla/5.0 (compatible; AhrefsBot/7.0; +http://ahrefs.com/robot/)" "ysfine.com"
51.222.253.19 - - [05/Oct/2022:18:55:45 -0700] "GET /maga/phil/sartre11b.jpg HTTP/1.1" 200 57563 "-" "Mozilla/5.0 (compatible; AhrefsBot/7.0; +http://ahrefs.com/robot/)" "ysfine.com"
51.222.253.9 - - [05/Oct/2022:18:55:46 -0700] "GET /world/france/magots01b.jpg HTTP/1.1" 200 54026 "-" "Mozilla/5.0 (compatible; AhrefsBot/7.0; +http://ahrefs.com/robot/)" "ysfine.com"
51.222.253.19 - - [05/Oct/2022:18:55:46 -0700] "GET /world/france/sartsq10b.jpg HTTP/1.1" 200 53635 "-" "Mozilla/5.0 (compatible; AhrefsBot/7.0; +http://ahrefs.com/robot/)" "ysfine.com"
51.222.253.9 - - [05/Oct/2022:18:55:47 -0700] "GET /world/france/sartsq18b.jpg HTTP/1.1" 200 60144 "-" "Mozilla/5.0 (compatible; AhrefsBot/7.0; +http://ahrefs.com/robot/)" "ysfine.com"
51.222.253.16 - - [05/Oct/2022:18:55:47 -0700] "GET /world/france/flore01b.jpg HTTP/1.1" 200 40093 "-" "Mozilla/5.0 (compatible; AhrefsBot/7.0; +http://ahrefs.com/robot/)" "ysfine.com"
51.222.253.11 - - [05/Oct/2022:18:55:47 -0700] "GET /world/france/sartsq09b.jpg HTTP/1.1" 200 35405 "-" "Mozilla/5.0 (compatible; AhrefsBot/7.0; +http://ahrefs.com/robot/)" "ysfine.com"
51.222.253.17 - - [05/Oct/2022:18:55:48 -0700] "GET /world/france/sartsq21b.jpg HTTP/1.1" 200 49758 "-" "Mozilla/5.0 (compatible; AhrefsBot/7.0; +http://ahrefs.com/robot/)" "ysfine.com"
51.222.253.4 - - [05/Oct/2022:18:55:49 -0700] "GET /world/france/sartsq06b.jpg HTTP/1.1" 200 40585 "-" "Mozilla/5.0 (compatible; AhrefsBot/7.0; +http://ahrefs.com/robot/)" "ysfine.com"
51.222.253.15 - - [05/Oct/2022:18:55:49 -0700] "GET /world/france/sartremap11b.jpg HTTP/1.1" 200 64726 "-" "Mozilla/5.0 (compatible; AhrefsBot/7.0; +http://ahrefs.com/robot/)" "ysfine.com"
51.222.253.1 - - [05/Oct/2022:18:55:50 -0700] "GET /world/france/flore10b.jpg HTTP/1.1" 200 37285 "-" "Mozilla/5.0 (compatible; AhrefsBot/7.0; +http://ahrefs.com/robot/)" "ysfine.com"
51.222.253.2 - - [05/Oct/2022:18:55:50 -0700] "GET /world/france/sartsq15b.jpg HTTP/1.1" 200 46621 "-" "Mozilla/5.0 (compatible; AhrefsBot/7.0; +http://ahrefs.com/robot/)" "ysfine.com"
51.222.253.15 - - [05/Oct/2022:18:55:51 -0700] "GET /world/france/montpar01b.jpg HTTP/1.1" 200 31891 "-" "Mozilla/5.0 (compatible; AhrefsBot/7.0; +http://ahrefs.com/robot/)" "ysfine.com"
51.222.253.4 - - [05/Oct/2022:18:55:52 -0700] "GET /world/france/flore07b.jpg HTTP/1.1" 200 52304 "-" "Mozilla/5.0 (compatible; AhrefsBot/7.0; +http://ahrefs.com/robot/)" "ysfine.com"
51.222.253.13 - - [05/Oct/2022:18:55:52 -0700] "GET /world/france/lipp03b.jpg HTTP/1.1" 200 40655 "-" "Mozilla/5.0 (compatible; AhrefsBot/7.0; +http://ahrefs.com/robot/)" "ysfine.com"
157.55.39.55 - - [05/Oct/2022:18:56:09 -0700] "GET /world/russ/spbm05.jpg HTTP/1.1" 200 115998 "-" "Mozilla/5.0 AppleWebKit/537.36 (KHTML, like Gecko; compatible; bingbot/2.0; +http://www.bing.com/bingbot.htm) Chrome/103.0.5060.134 Safari/537.36" "ysfine.com"
216.244.66.229 - - [05/Oct/2022:18:56:32 -0700] "GET /usca/norl/jazz02.jpg HTTP/1.1" 200 99097 "-" "Mozilla/5.0 (compatible; DotBot/1.2; +https://opensiteexplorer.org/dotbot; help@moz.com)" "www.ysfine.com"
77.88.5.39 - - [05/Oct/2022:18:56:43 -0700] "GET /world/russ/?C=N;O=A HTTP/1.1" 200 17034 "-" "Mozilla/5.0 (compatible; YandexBot/3.0; +http://yandex.com/bots)" "www.ysfine.com"
216.244.66.229 - - [05/Oct/2022:18:57:05 -0700] "GET /world/ital/venice03ee.jpg HTTP/1.1" 200 246868 "-" "Mozilla/5.0 (compatible; DotBot/1.2; +https://opensiteexplorer.org/dotbot; help@moz.com)" "www.ysfine.com"
185.191.171.20 - - [05/Oct/2022:18:57:23 -0700] "GET /class54/class5470/total_data/sub_244.htm HTTP/1.1" 200 3403 "-" "Mozilla/5.0 (compatible; SemrushBot/7~bl; +http://www.semrush.com/bot.html)" "ysfine.com"
157.55.39.58 - - [05/Oct/2022:18:57:31 -0700] "GET /world/germany/benz22b.jpg HTTP/1.1" 200 31078 "-" "Mozilla/5.0 (compatible; bingbot/2.0; +http://www.bing.com/bingbot.htm)" "ysfine.com"
185.191.171.21 - - [05/Oct/2022:18:57:59 -0700] "GET /robots.txt HTTP/1.1" 404 88 "-" "Mozilla/5.0 (compatible; SemrushBot/7~bl; +http://www.semrush.com/bot.html)" "www.ysfine.com"
185.191.171.40 - - [05/Oct/2022:18:57:59 -0700] "GET /class54/class5470/total_data/sub_111.htm HTTP/1.1" 200 3292 "-" "Mozilla/5.0 (compatible; SemrushBot/7~bl; +http://www.semrush.com/bot.html)" "www.ysfine.com"
99.251.127.122 - - [05/Oct/2022:18:58:05 -0700] "GET /heisen/bohrheisen11.jpg HTTP/1.1" 200 104546 "https://www.google.com/" "Mozilla/5.0 (Windows NT 10.0; Win64; x64) AppleWebKit/537.36 (KHTML, like Gecko) Chrome/106.0.0.0 Safari/537.36" "ysfine.com"
185.191.171.15 - - [05/Oct/2022:18:59:24 -0700] "GET /class54/class5470/total_data/sub_275.htm HTTP/1.1" 200 3370 "-" "Mozilla/5.0 (compatible; SemrushBot/7~bl; +http://www.semrush.com/bot.html)" "ysfine.com"
162.55.221.151 - - [05/Oct/2022:19:00:02 -0700] "GET /style/bstring33.jpg HTTP/1.1" 200 105412 "-" "Mozilla/5.0 (X11; Fedora; Linux x86_64) AppleWebKit/537.36 (KHTML, like Gecko) Chrome/79.0.3945.117 Safari/537.36" "ysfine.com"
177.224.181.249 - - [05/Oct/2022:19:00:15 -0700] "GET /maga/phys/solvayc27c.jpg HTTP/1.1" 200 53464 "https://www.google.com/" "Mozilla/5.0 (Windows NT 10.0; Win64; x64) AppleWebKit/537.36 (KHTML, like Gecko) Chrome/106.0.0.0 Safari/537.36" "ysfine.com"
216.244.66.229 - - [05/Oct/2022:19:00:17 -0700] "GET /class54/class5470/total_data/sub_833.htm HTTP/1.1" 200 15819 "-" "Mozilla/5.0 (compatible; DotBot/1.2; +https://opensiteexplorer.org/dotbot; help@moz.com)" "www.ysfine.com"
207.46.13.102 - - [05/Oct/2022:19:01:12 -0700] "GET /world/latina/sambario10b.jpg HTTP/1.1" 200 33490 "-" "Mozilla/5.0 (compatible; bingbot/2.0; +http://www.bing.com/bingbot.htm)" "ysfine.com"
157.55.39.127 - - [05/Oct/2022:19:01:30 -0700] "GET /world/brit/picca51.jpg HTTP/1.1" 200 115505 "-" "Mozilla/5.0 (compatible; bingbot/2.0; +http://www.bing.com/bingbot.htm)" "ysfine.com"
40.77.167.27 - - [05/Oct/2022:19:01:44 -0700] "GET /feynman/feynman.jpg HTTP/1.1" 200 40536 "-" "Mozilla/5.0 (compatible; bingbot/2.0; +http://www.bing.com/bingbot.htm)" "ysfine.com"
210.236.187.136 - - [05/Oct/2022:19:01:50 -0700] "GET /kobak/1014c.jpg HTTP/1.1" 200 164928 "https://www.google.co.jp/" "Mozilla/5.0 (Windows NT 10.0; Win64; x64) AppleWebKit/537.36 (KHTML, like Gecko) Chrome/105.0.0.0 Safari/537.36 Edg/105.0.1343.53" "ysfine.com"
157.55.39.58 - - [05/Oct/2022:19:02:01 -0700] "GET /phil/kantao.html HTTP/1.1" 404 88 "-" "Mozilla/5.0 (compatible; bingbot/2.0; +http://www.bing.com/bingbot.htm)" "www.ysfine.com"
51.222.253.18 - - [05/Oct/2022:19:02:03 -0700] "GET /einstein/brownian.html HTTP/1.1" 200 1175 "-" "Mozilla/5.0 (compatible; AhrefsBot/7.0; +http://ahrefs.com/robot/)" "ysfine.com"
51.222.253.2 - - [05/Oct/2022:19:02:06 -0700] "GET /einstein/avogadro2.jpg HTTP/1.1" 200 34577 "-" "Mozilla/5.0 (compatible; AhrefsBot/7.0; +http://ahrefs.com/robot/)" "ysfine.com"
216.244.66.229 - - [05/Oct/2022:19:02:08 -0700] "GET /wdc/kennedyc01.jpg HTTP/1.1" 200 90739 "-" "Mozilla/5.0 (compatible; DotBot/1.2; +https://opensiteexplorer.org/dotbot; help@moz.com)" "www.ysfine.com"
185.191.171.24 - - [05/Oct/2022:19:02:19 -0700] "GET /class54/class5470/total_data/sub_832.htm HTTP/1.1" 200 3561 "-" "Mozilla/5.0 (compatible; SemrushBot/7~bl; +http://www.semrush.com/bot.html)" "ysfine.com"
157.55.39.128 - - [05/Oct/2022:19:02:40 -0700] "GET /dongio/india02.jpg HTTP/1.1" 404 88 "-" "Mozilla/5.0 AppleWebKit/537.36 (KHTML, like Gecko; compatible; bingbot/2.0; +http://www.bing.com/bingbot.htm) Chrome/103.0.5060.134 Safari/537.36" "ysfine.com"
207.46.13.102 - - [05/Oct/2022:19:02:51 -0700] "GET /style/owaves2.jpg HTTP/1.1" 200 55324 "-" "Mozilla/5.0 AppleWebKit/537.36 (KHTML, like Gecko; compatible; bingbot/2.0; +http://www.bing.com/bingbot.htm) Chrome/103.0.5060.134 Safari/537.36" "ysfine.com"
72.14.201.64 - - [05/Oct/2022:19:03:05 -0700] "GET /maga/tesla.html HTTP/1.1" 200 4852 "-" "Mozilla/5.0 (Linux; Android 10; K) AppleWebKit/537.36 (KHTML, like Gecko) Chrome/106.0.0.0 Mobile Safari/537.36" "ysfine.com"
157.55.39.128 - - [05/Oct/2022:19:03:20 -0700] "GET /world/ital/venice01cc.jpg HTTP/1.1" 200 316319 "-" "Mozilla/5.0 (compatible; bingbot/2.0; +http://www.bing.com/bingbot.htm)" "ysfine.com"
23.119.250.81 - - [05/Oct/2022:19:04:01 -0700] "GET /wigner/supper650.jpg HTTP/1.1" 200 60839 "https://www.google.com/" "Mozilla/5.0 (iPhone; CPU iPhone OS 16_0 like Mac OS X) AppleWebKit/605.1.15 (KHTML, like Gecko) Version/16.0 Mobile/15E148 Safari/604.1" "ysfine.com"
157.55.39.58 - - [05/Oct/2022:19:05:01 -0700] "GET /kowar/panmun04.jpg HTTP/1.1" 200 126386 "-" "Mozilla/5.0 (compatible; bingbot/2.0; +http://www.bing.com/bingbot.htm)" "www.ysfine.com"
207.46.13.102 - - [05/Oct/2022:19:05:13 -0700] "GET /world/russ/spbnv11.jpg HTTP/1.1" 200 89638 "-" "Mozilla/5.0 (compatible; bingbot/2.0; +http://www.bing.com/bingbot.htm)" "www.ysfine.com"
216.244.66.229 - - [05/Oct/2022:19:06:42 -0700] "GET /newyork/hopen01.jpg HTTP/1.1" 200 154001 "-" "Mozilla/5.0 (compatible; DotBot/1.2; +https://opensiteexplorer.org/dotbot; help@moz.com)" "www.ysfine.com"
69.63.189.120 - - [05/Oct/2022:19:06:48 -0700] "GET /heisen/heisen54.html HTTP/1.1" 206 4526 "-" "facebookexternalhit/1.1 (+http://www.facebook.com/externalhit_uatext.php)" "ysfine.com"
216.244.66.229 - - [05/Oct/2022:19:07:13 -0700] "GET /philo/helena11.jpg HTTP/1.1" 200 276020 "-" "Mozilla/5.0 (compatible; DotBot/1.2; +https://opensiteexplorer.org/dotbot; help@moz.com)" "www.ysfine.com"
210.236.187.136 - - [05/Oct/2022:19:07:16 -0700] "GET /kobak/kimc.html HTTP/1.1" 200 4345 "https://www.google.co.jp/" "Mozilla/5.0 (Windows NT 10.0; Win64; x64) AppleWebKit/537.36 (KHTML, like Gecko) Chrome/105.0.0.0 Safari/537.36 Edg/105.0.1343.53" "ysfine.com"
210.236.187.136 - - [05/Oct/2022:19:07:16 -0700] "GET /kobak/feb8b.jpg HTTP/1.1" 200 37892 "https://ysfine.com/kobak/kimc.html" "Mozilla/5.0 (Windows NT 10.0; Win64; x64) AppleWebKit/537.36 (KHTML, like Gecko) Chrome/105.0.0.0 Safari/537.36 Edg/105.0.1343.53" "ysfine.com"
210.236.187.136 - - [05/Oct/2022:19:07:16 -0700] "GET /kobak/kimjap11b.jpg HTTP/1.1" 200 63075 "https://ysfine.com/kobak/kimc.html" "Mozilla/5.0 (Windows NT 10.0; Win64; x64) AppleWebKit/537.36 (KHTML, like Gecko) Chrome/105.0.0.0 Safari/537.36 Edg/105.0.1343.53" "ysfine.com"
210.236.187.136 - - [05/Oct/2022:19:07:16 -0700] "GET /kobak/chomansik11b.jpg HTTP/1.1" 200 36831 "https://ysfine.com/kobak/kimc.html" "Mozilla/5.0 (Windows NT 10.0; Win64; x64) AppleWebKit/537.36 (KHTML, like Gecko) Chrome/105.0.0.0 Safari/537.36 Edg/105.0.1343.53" "ysfine.com"
210.236.187.136 - - [05/Oct/2022:19:07:16 -0700] "GET /kobak/kimjap22b.jpg HTTP/1.1" 200 48280 "https://ysfine.com/kobak/kimc.html" "Mozilla/5.0 (Windows NT 10.0; Win64; x64) AppleWebKit/537.36 (KHTML, like Gecko) Chrome/105.0.0.0 Safari/537.36 Edg/105.0.1343.53" "ysfine.com"
210.236.187.136 - - [05/Oct/2022:19:07:16 -0700] "GET /kobak/1014c270.jpg HTTP/1.1" 200 56853 "https://ysfine.com/kobak/kimc.html" "Mozilla/5.0 (Windows NT 10.0; Win64; x64) AppleWebKit/537.36 (KHTML, like Gecko) Chrome/105.0.0.0 Safari/537.36 Edg/105.0.1343.53" "ysfine.com"
210.236.187.136 - - [05/Oct/2022:19:07:16 -0700] "GET /kobak/1014b.jpg HTTP/1.1" 200 42115 "https://ysfine.com/kobak/kimc.html" "Mozilla/5.0 (Windows NT 10.0; Win64; x64) AppleWebKit/537.36 (KHTML, like Gecko) Chrome/105.0.0.0 Safari/537.36 Edg/105.0.1343.53" "ysfine.com"
210.236.187.136 - - [05/Oct/2022:19:07:16 -0700] "GET /kobak/dabrow11b.jpg HTTP/1.1" 200 58281 "https://ysfine.com/kobak/kimc.html" "Mozilla/5.0 (Windows NT 10.0; Win64; x64) AppleWebKit/537.36 (KHTML, like Gecko) Chrome/105.0.0.0 Safari/537.36 Edg/105.0.1343.53" "ysfine.com"
210.236.187.136 - - [05/Oct/2022:19:07:16 -0700] "GET /eink/eink61c.jpg HTTP/1.1" 200 34119 "https://ysfine.com/kobak/kimc.html" "Mozilla/5.0 (Windows NT 10.0; Win64; x64) AppleWebKit/537.36 (KHTML, like Gecko) Chrome/105.0.0.0 Safari/537.36 Edg/105.0.1343.53" "ysfine.com"
210.236.187.136 - - [05/Oct/2022:19:07:18 -0700] "GET /favicon.ico HTTP/1.1" 404 88 "https://ysfine.com/kobak/kimc.html" "Mozilla/5.0 (Windows NT 10.0; Win64; x64) AppleWebKit/537.36 (KHTML, like Gecko) Chrome/105.0.0.0 Safari/537.36 Edg/105.0.1343.53" "ysfine.com"
173.73.80.118 - - [05/Oct/2022:19:07:24 -0700] "GET /bio/bio09.html?fbclid=IwAR3mAHvRV2iAFvgKqPyZgZSzXdhWBuBbr589meVzI0G-a7B3JSZoX4BRCAY HTTP/1.1" 200 3621 "https://m.facebook.com/" "Mozilla/5.0 (Linux; Android 5.1.1; KFSUWI) AppleWebKit/537.36 (KHTML, like Gecko) Silk/104.2.16 like Chrome/104.0.5112.114 Safari/537.36" "ysfine.com"
173.73.80.118 - - [05/Oct/2022:19:07:24 -0700] "GET /bio/fotos/reagan52c.jpg HTTP/1.1" 200 32391 "https://ysfine.com/bio/bio09.html?fbclid=IwAR3mAHvRV2iAFvgKqPyZgZSzXdhWBuBbr589meVzI0G-a7B3JSZoX4BRCAY" "Mozilla/5.0 (Linux; Android 5.1.1; KFSUWI) AppleWebKit/537.36 (KHTML, like Gecko) Silk/104.2.16 like Chrome/104.0.5112.114 Safari/537.36" "ysfine.com"
173.73.80.118 - - [05/Oct/2022:19:07:24 -0700] "GET /bio/princeton/yspr61c.jpg HTTP/1.1" 200 27257 "https://ysfine.com/bio/bio09.html?fbclid=IwAR3mAHvRV2iAFvgKqPyZgZSzXdhWBuBbr589meVzI0G-a7B3JSZoX4BRCAY" "Mozilla/5.0 (Linux; Android 5.1.1; KFSUWI) AppleWebKit/537.36 (KHTML, like Gecko) Silk/104.2.16 like Chrome/104.0.5112.114 Safari/537.36" "ysfine.com"
173.73.80.118 - - [05/Oct/2022:19:07:24 -0700] "GET /bio/figs/keigel66a.jpg HTTP/1.1" 200 46958 "https://ysfine.com/bio/bio09.html?fbclid=IwAR3mAHvRV2iAFvgKqPyZgZSzXdhWBuBbr589meVzI0G-a7B3JSZoX4BRCAY" "Mozilla/5.0 (Linux; Android 5.1.1; KFSUWI) AppleWebKit/537.36 (KHTML, like Gecko) Silk/104.2.16 like Chrome/104.0.5112.114 Safari/537.36" "ysfine.com"
173.73.80.118 - - [05/Oct/2022:19:07:24 -0700] "GET /bio/philo/hegelhaus11c.jpg HTTP/1.1" 200 37063 "https://ysfine.com/bio/bio09.html?fbclid=IwAR3mAHvRV2iAFvgKqPyZgZSzXdhWBuBbr589meVzI0G-a7B3JSZoX4BRCAY" "Mozilla/5.0 (Linux; Android 5.1.1; KFSUWI) AppleWebKit/537.36 (KHTML, like Gecko) Silk/104.2.16 like Chrome/104.0.5112.114 Safari/537.36" "ysfine.com"
173.73.80.118 - - [05/Oct/2022:19:07:24 -0700] "GET /bio/philo/kant33c.jpg HTTP/1.1" 200 47218 "https://ysfine.com/bio/bio09.html?fbclid=IwAR3mAHvRV2iAFvgKqPyZgZSzXdhWBuBbr589meVzI0G-a7B3JSZoX4BRCAY" "Mozilla/5.0 (Linux; Android 5.1.1; KFSUWI) AppleWebKit/537.36 (KHTML, like Gecko) Silk/104.2.16 like Chrome/104.0.5112.114 Safari/537.36" "ysfine.com"
173.73.80.118 - - [05/Oct/2022:19:07:24 -0700] "GET /bio/fotos/einhaus450.jpg HTTP/1.1" 200 65369 "https://ysfine.com/bio/bio09.html?fbclid=IwAR3mAHvRV2iAFvgKqPyZgZSzXdhWBuBbr589meVzI0G-a7B3JSZoX4BRCAY" "Mozilla/5.0 (Linux; Android 5.1.1; KFSUWI) AppleWebKit/537.36 (KHTML, like Gecko) Silk/104.2.16 like Chrome/104.0.5112.114 Safari/537.36" "ysfine.com"
210.236.187.136 - - [05/Oct/2022:19:07:25 -0700] "GET /kobak/1014c.jpg HTTP/1.1" 200 164928 "https://ysfine.com/kobak/kimc.html" "Mozilla/5.0 (Windows NT 10.0; Win64; x64) AppleWebKit/537.36 (KHTML, like Gecko) Chrome/105.0.0.0 Safari/537.36 Edg/105.0.1343.53" "ysfine.com"
173.73.80.118 - - [05/Oct/2022:19:07:25 -0700] "GET /favicon.ico HTTP/1.1" 404 88 "https://ysfine.com/bio/bio09.html?fbclid=IwAR3mAHvRV2iAFvgKqPyZgZSzXdhWBuBbr589meVzI0G-a7B3JSZoX4BRCAY" "Mozilla/5.0 (Linux; Android 5.1.1; KFSUWI) AppleWebKit/537.36 (KHTML, like Gecko) Silk/104.2.16 like Chrome/104.0.5112.114 Safari/537.36" "ysfine.com"
173.73.80.118 - - [05/Oct/2022:19:07:32 -0700] "GET /bio/fotos/reagan52.jpg HTTP/1.1" 200 142748 "https://ysfine.com/bio/bio09.html?fbclid=IwAR3mAHvRV2iAFvgKqPyZgZSzXdhWBuBbr589meVzI0G-a7B3JSZoX4BRCAY" "Mozilla/5.0 (Linux; Android 5.1.1; KFSUWI) AppleWebKit/537.36 (KHTML, like Gecko) Silk/104.2.16 like Chrome/104.0.5112.114 Safari/537.36" "ysfine.com"
216.244.66.229 - - [05/Oct/2022:19:07:52 -0700] "GET /princeton/nassin04.jpg HTTP/1.1" 200 218562 "-" "Mozilla/5.0 (compatible; DotBot/1.2; +https://opensiteexplorer.org/dotbot; help@moz.com)" "www.ysfine.com"
216.244.66.229 - - [05/Oct/2022:19:08:27 -0700] "GET /world/russ/kazan002.jpg HTTP/1.1" 200 106231 "-" "Mozilla/5.0 (compatible; DotBot/1.2; +https://opensiteexplorer.org/dotbot; help@moz.com)" "www.ysfine.com"
157.55.39.128 - - [05/Oct/2022:19:09:01 -0700] "GET /world/russ/volga16.jpg HTTP/1.1" 200 107744 "-" "Mozilla/5.0 (compatible; bingbot/2.0; +http://www.bing.com/bingbot.htm)" "www.ysfine.com"
216.244.66.229 - - [05/Oct/2022:19:09:23 -0700] "GET /dongio/armen01.jpg HTTP/1.1" 404 73 "-" "Mozilla/5.0 (compatible; DotBot/1.2; +https://opensiteexplorer.org/dotbot; help@moz.com)" "www.ysfine.com"
173.73.80.118 - - [05/Oct/2022:19:09:32 -0700] "GET /bio/philo/kant33.jpg HTTP/1.1" 200 166965 "https://ysfine.com/bio/bio09.html?fbclid=IwAR3mAHvRV2iAFvgKqPyZgZSzXdhWBuBbr589meVzI0G-a7B3JSZoX4BRCAY" "Mozilla/5.0 (Linux; Android 5.1.1; KFSUWI) AppleWebKit/537.36 (KHTML, like Gecko) Silk/104.2.16 like Chrome/104.0.5112.114 Safari/537.36" "ysfine.com"
51.222.253.9 - - [05/Oct/2022:19:09:33 -0700] "GET /home/harmoarchi.html HTTP/1.1" 200 3686 "-" "Mozilla/5.0 (compatible; AhrefsBot/7.0; +http://ahrefs.com/robot/)" "www.ysfine.com"
173.73.80.118 - - [05/Oct/2022:19:09:54 -0700] "GET /bio/yshome.html HTTP/1.1" 200 5699 "https://ysfine.com/bio/bio09.html?fbclid=IwAR3mAHvRV2iAFvgKqPyZgZSzXdhWBuBbr589meVzI0G-a7B3JSZoX4BRCAY" "Mozilla/5.0 (Linux; Android 5.1.1; KFSUWI) AppleWebKit/537.36 (KHTML, like Gecko) Silk/104.2.16 like Chrome/104.0.5112.114 Safari/537.36" "ysfine.com"
157.55.39.58 - - [05/Oct/2022:19:10:02 -0700] "GET /kowar/tanks/tank22b.jpg HTTP/1.1" 200 37945 "-" "Mozilla/5.0 AppleWebKit/537.36 (KHTML, like Gecko; compatible; bingbot/2.0; +http://www.bing.com/bingbot.htm) Chrome/103.0.5060.134 Safari/537.36" "ysfine.com"
216.244.66.229 - - [05/Oct/2022:19:10:20 -0700] "GET /kobak/sorae/church05.jpg HTTP/1.1" 200 210503 "-" "Mozilla/5.0 (compatible; DotBot/1.2; +https://opensiteexplorer.org/dotbot; help@moz.com)" "www.ysfine.com"
157.55.39.58 - - [05/Oct/2022:19:10:51 -0700] "GET /world/brit/mayfair05.jpg HTTP/1.1" 200 94306 "-" "Mozilla/5.0 (compatible; bingbot/2.0; +http://www.bing.com/bingbot.htm)" "ysfine.com"
216.244.66.229 - - [05/Oct/2022:19:11:21 -0700] "GET /world/germany/berlino04.jpg HTTP/1.1" 200 224990 "-" "Mozilla/5.0 (compatible; DotBot/1.2; +https://opensiteexplorer.org/dotbot; help@moz.com)" "www.ysfine.com"
157.55.39.55 - - [05/Oct/2022:19:11:21 -0700] "GET /style/nypops22.jpg HTTP/1.1" 200 156338 "-" "Mozilla/5.0 (compatible; bingbot/2.0; +http://www.bing.com/bingbot.htm)" "ysfine.com"
216.244.66.229 - - [05/Oct/2022:19:11:56 -0700] "GET /world/japan/osakaf06.jpg HTTP/1.1" 200 119748 "-" "Mozilla/5.0 (compatible; DotBot/1.2; +https://opensiteexplorer.org/dotbot; help@moz.com)" "www.ysfine.com"
216.244.66.229 - - [05/Oct/2022:19:12:24 -0700] "GET /maga/phil/sartre11.jpg HTTP/1.1" 200 164394 "-" "Mozilla/5.0 (compatible; DotBot/1.2; +https://opensiteexplorer.org/dotbot; help@moz.com)" "www.ysfine.com"
129.236.236.142 - - [05/Oct/2022:19:13:00 -0700] "GET /princeton/alexan22.jpg HTTP/1.1" 200 175436 "https://www.google.com/" "Mozilla/5.0 (Macintosh; Intel Mac OS X 10_15_7) AppleWebKit/605.1.15 (KHTML, like Gecko) Version/15.5 Safari/605.1.15" "ysfine.com"
216.244.66.229 - - [05/Oct/2022:19:13:14 -0700] "GET /maga/phys/bohr22.jpg HTTP/1.1" 200 102695 "-" "Mozilla/5.0 (compatible; DotBot/1.2; +https://opensiteexplorer.org/dotbot; help@moz.com)" "www.ysfine.com"
51.222.253.11 - - [05/Oct/2022:19:13:23 -0700] "GET /wdc/vernon.html HTTP/1.1" 200 1958 "-" "Mozilla/5.0 (compatible; AhrefsBot/7.0; +http://ahrefs.com/robot/)" "www.ysfine.com"
216.244.66.229 - - [05/Oct/2022:19:13:46 -0700] "GET /wigner/inonu.jpg HTTP/1.1" 200 68717 "-" "Mozilla/5.0 (compatible; DotBot/1.2; +https://opensiteexplorer.org/dotbot; help@moz.com)" "www.ysfine.com"
17.121.115.91 - - [05/Oct/2022:19:14:08 -0700] "GET /wisdom/kwk.html HTTP/1.1" 200 5252 "-" "Mozilla/5.0 (Macintosh; Intel Mac OS X 10_15_5) AppleWebKit/605.1.15 (KHTML, like Gecko) Version/13.1.1 Safari/605.1.15 (Applebot/0.1; +http://www.apple.com/go/applebot)" "ysfine.com"
216.244.66.229 - - [05/Oct/2022:19:14:19 -0700] "GET /world/france/parisf16.jpg HTTP/1.1" 200 115483 "-" "Mozilla/5.0 (compatible; DotBot/1.2; +https://opensiteexplorer.org/dotbot; help@moz.com)" "www.ysfine.com"
216.244.66.229 - - [05/Oct/2022:19:14:47 -0700] "GET /world/russ/volga04.jpg HTTP/1.1" 200 91515 "-" "Mozilla/5.0 (compatible; DotBot/1.2; +https://opensiteexplorer.org/dotbot; help@moz.com)" "www.ysfine.com"
95.163.255.81 - - [05/Oct/2022:19:15:51 -0700] "GET /world/israel/jeru57c.jpg HTTP/1.1" 200 37074 "http://go.mail.ru/search_images" "Mozilla/5.0 (compatible; Linux x86_64; Mail.RU_Bot/Img/2.0; +https://help.mail.ru/webmaster/indexing/robots)" "www.ysfine.com"
216.244.66.229 - - [05/Oct/2022:19:16:18 -0700] "GET /newyork/battery03.jpg HTTP/1.1" 200 153764 "-" "Mozilla/5.0 (compatible; DotBot/1.2; +https://opensiteexplorer.org/dotbot; help@moz.com)" "www.ysfine.com"
220.134.146.110 - - [05/Oct/2022:19:16:20 -0700] "GET /maga/phys/naimar/pewk09.jpg HTTP/1.1" 200 54557 "https://www.google.com/" "Mozilla/5.0 (Windows NT 10.0; Win64; x64) AppleWebKit/537.36 (KHTML, like Gecko) Chrome/105.0.0.0 Safari/537.36" "ysfine.com"
157.55.39.58 - - [05/Oct/2022:19:16:52 -0700] "GET /usca/norl/bour15.jpg HTTP/1.1" 200 92912 "-" "Mozilla/5.0 (compatible; bingbot/2.0; +http://www.bing.com/bingbot.htm)" "ysfine.com"
163.152.3.171 - - [05/Oct/2022:19:17:05 -0700] "GET /jobs/koreaj22.jpg HTTP/1.1" 200 195155 "https://www.google.com/" "Mozilla/5.0 (Macintosh; Intel Mac OS X 10_15_7) AppleWebKit/605.1.15 (KHTML, like Gecko) Version/15.6 Safari/605.1.15" "ysfine.com"
51.222.253.16 - - [05/Oct/2022:19:17:10 -0700] "GET /class54/class5470/total_data/sub_863.htm HTTP/1.1" 200 3526 "-" "Mozilla/5.0 (compatible; AhrefsBot/7.0; +http://ahrefs.com/robot/)" "www.ysfine.com"
216.244.66.229 - - [05/Oct/2022:19:17:22 -0700] "GET /people/gold55.jpg HTTP/1.1" 200 51097 "-" "Mozilla/5.0 (compatible; DotBot/1.2; +https://opensiteexplorer.org/dotbot; help@moz.com)" "www.ysfine.com"
40.77.167.27 - - [05/Oct/2022:19:17:26 -0700] "GET /saram/g117.jpg HTTP/1.1" 200 104759 "-" "Mozilla/5.0 (compatible; bingbot/2.0; +http://www.bing.com/bingbot.htm)" "www.ysfine.com"
173.252.107.2 - - [05/Oct/2022:19:18:28 -0700] "GET /einstein/bern.html HTTP/1.1" 206 8314 "-" "facebookexternalhit/1.1 (+http://www.facebook.com/externalhit_uatext.php)" "ysfine.com"
173.252.107.118 - - [05/Oct/2022:19:18:28 -0700] "GET /einstein/further.html HTTP/1.1" 206 4338 "-" "facebookexternalhit/1.1 (+http://www.facebook.com/externalhit_uatext.php)" "ysfine.com"
173.252.107.10 - - [05/Oct/2022:19:18:51 -0700] "GET /philo/keigel.html HTTP/1.1" 206 7368 "-" "facebookexternalhit/1.1 (+http://www.facebook.com/externalhit_uatext.php)" "ysfine.com"
216.244.66.229 - - [05/Oct/2022:19:18:52 -0700] "GET /wigner/neum/vnc16.jpg HTTP/1.1" 200 107583 "-" "Mozilla/5.0 (compatible; DotBot/1.2; +https://opensiteexplorer.org/dotbot; help@moz.com)" "www.ysfine.com"
157.55.39.55 - - [05/Oct/2022:19:19:11 -0700] "GET /world/poland/polstu06.jpg HTTP/1.1" 200 57353 "-" "Mozilla/5.0 (compatible; bingbot/2.0; +http://www.bing.com/bingbot.htm)" "ysfine.com"
185.191.171.13 - - [05/Oct/2022:19:19:26 -0700] "GET /class54/class5470/total_data/sub_853.htm HTTP/1.1" 200 3526 "-" "Mozilla/5.0 (compatible; SemrushBot/7~bl; +http://www.semrush.com/bot.html)" "ysfine.com"
185.191.171.24 - - [05/Oct/2022:19:19:42 -0700] "GET /class54/class5470/total_data/sub_527.htm HTTP/1.1" 200 3212 "-" "Mozilla/5.0 (compatible; SemrushBot/7~bl; +http://www.semrush.com/bot.html)" "www.ysfine.com"
3.84.24.248 - - [05/Oct/2022:19:20:00 -0700] "GET /explore HTTP/1.1" 404 88 "-" "Mozilla/5.0 (Windows NT 10.0; WOW64) AppleWebKit/537.36 (KHTML, like Gecko) Chrome/60.0.3112.78 Safari/537.36 OPR/47.0.2631.55" "ysfine.com"
207.46.13.102 - - [05/Oct/2022:19:20:04 -0700] "GET /feynman/feydirak11c.jpg HTTP/1.1" 200 34952 "-" "Mozilla/5.0 AppleWebKit/537.36 (KHTML, like Gecko; compatible; bingbot/2.0; +http://www.bing.com/bingbot.htm) Chrome/103.0.5060.134 Safari/537.36" "ysfine.com"
77.88.5.231 - - [05/Oct/2022:19:20:43 -0700] "GET /robots.txt HTTP/1.1" 404 73 "-" "Mozilla/5.0 (compatible; YandexBot/3.0; +http://yandex.com/bots)" "www.ysfine.com"
77.88.5.46 - - [05/Oct/2022:19:20:47 -0700] "GET /world/einstein/emc/emc01.html HTTP/1.1" 404 88 "-" "Mozilla/5.0 (compatible; YandexBot/3.0; +http://yandex.com/bots)" "www.ysfine.com"
51.222.253.6 - - [05/Oct/2022:19:20:55 -0700] "GET /class54/class5470/total_data/sub_411.htm HTTP/1.1" 200 3214 "-" "Mozilla/5.0 (compatible; AhrefsBot/7.0; +http://ahrefs.com/robot/)" "ysfine.com"
51.222.253.10 - - [05/Oct/2022:19:20:58 -0700] "GET /class54/class5470/total_data/img/home_logo.gif HTTP/1.1" 200 4562 "-" "Mozilla/5.0 (compatible; AhrefsBot/7.0; +http://ahrefs.com/robot/)" "ysfine.com"
51.222.253.12 - - [05/Oct/2022:19:20:58 -0700] "GET /class54/class5470/total_data/refer_img/4-12_f.jpg HTTP/1.1" 200 36604 "-" "Mozilla/5.0 (compatible; AhrefsBot/7.0; +http://ahrefs.com/robot/)" "ysfine.com"
51.222.253.6 - - [05/Oct/2022:19:20:59 -0700] "GET /class54/class5470/total_data/photo_img/4-11.jpg HTTP/1.1" 200 220800 "-" "Mozilla/5.0 (compatible; AhrefsBot/7.0; +http://ahrefs.com/robot/)" "ysfine.com"
51.222.253.1 - - [05/Oct/2022:19:21:00 -0700] "GET /class54/class5470/total_data/refer_img/4-14_f.jpg HTTP/1.1" 200 44175 "-" "Mozilla/5.0 (compatible; AhrefsBot/7.0; +http://ahrefs.com/robot/)" "ysfine.com"
51.222.253.5 - - [05/Oct/2022:19:21:00 -0700] "GET /class54/class5470/total_data/refer_img/4-4_f.jpg HTTP/1.1" 200 35405 "-" "Mozilla/5.0 (compatible; AhrefsBot/7.0; +http://ahrefs.com/robot/)" "ysfine.com"
51.222.253.9 - - [05/Oct/2022:19:21:00 -0700] "GET /class54/class5470/total_data/refer_img/4-6_f.jpg HTTP/1.1" 200 37835 "-" "Mozilla/5.0 (compatible; AhrefsBot/7.0; +http://ahrefs.com/robot/)" "ysfine.com"
51.222.253.1 - - [05/Oct/2022:19:21:01 -0700] "GET /class54/class5470/total_data/refer_img/4-17_f.jpg HTTP/1.1" 200 32658 "-" "Mozilla/5.0 (compatible; AhrefsBot/7.0; +http://ahrefs.com/robot/)" "ysfine.com"
51.222.253.16 - - [05/Oct/2022:19:21:01 -0700] "GET /class54/class5470/total_data/img/menu08_on.gif HTTP/1.1" 200 813 "-" "Mozilla/5.0 (compatible; AhrefsBot/7.0; +http://ahrefs.com/robot/)" "ysfine.com"
51.222.253.9 - - [05/Oct/2022:19:21:01 -0700] "GET /class54/class5470/total_data/refer_img/4-16_f.jpg HTTP/1.1" 200 47358 "-" "Mozilla/5.0 (compatible; AhrefsBot/7.0; +http://ahrefs.com/robot/)" "ysfine.com"
51.222.253.8 - - [05/Oct/2022:19:21:02 -0700] "GET /class54/class5470/total_data/img/menu07_on.gif HTTP/1.1" 200 578 "-" "Mozilla/5.0 (compatible; AhrefsBot/7.0; +http://ahrefs.com/robot/)" "ysfine.com"
51.222.253.15 - - [05/Oct/2022:19:21:02 -0700] "GET /class54/class5470/total_data/img/menu06_on.gif HTTP/1.1" 200 624 "-" "Mozilla/5.0 (compatible; AhrefsBot/7.0; +http://ahrefs.com/robot/)" "ysfine.com"
51.222.253.10 - - [05/Oct/2022:19:21:02 -0700] "GET /class54/class5470/total_data/img/menu05_on.gif HTTP/1.1" 200 691 "-" "Mozilla/5.0 (compatible; AhrefsBot/7.0; +http://ahrefs.com/robot/)" "ysfine.com"
51.222.253.12 - - [05/Oct/2022:19:21:03 -0700] "GET /class54/class5470/total_data/refer_img/4-2_f.jpg HTTP/1.1" 200 53142 "-" "Mozilla/5.0 (compatible; AhrefsBot/7.0; +http://ahrefs.com/robot/)" "ysfine.com"
51.222.253.5 - - [05/Oct/2022:19:21:03 -0700] "GET /class54/class5470/total_data/img/sm01_off.gif HTTP/1.1" 200 412 "-" "Mozilla/5.0 (compatible; AhrefsBot/7.0; +http://ahrefs.com/robot/)" "ysfine.com"
51.222.253.1 - - [05/Oct/2022:19:21:03 -0700] "GET /class54/class5470/total_data/refer_img/4-10_f.jpg HTTP/1.1" 200 36419 "-" "Mozilla/5.0 (compatible; AhrefsBot/7.0; +http://ahrefs.com/robot/)" "ysfine.com"
51.222.253.11 - - [05/Oct/2022:19:21:04 -0700] "GET /class54/class5470/total_data/refer_img/4-8_f.jpg HTTP/1.1" 200 31593 "-" "Mozilla/5.0 (compatible; AhrefsBot/7.0; +http://ahrefs.com/robot/)" "ysfine.com"
51.222.253.8 - - [05/Oct/2022:19:21:05 -0700] "GET /class54/class5470/total_data/refer_img/4-7_f.jpg HTTP/1.1" 200 32961 "-" "Mozilla/5.0 (compatible; AhrefsBot/7.0; +http://ahrefs.com/robot/)" "ysfine.com"
51.222.253.5 - - [05/Oct/2022:19:21:05 -0700] "GET /class54/class5470/total_data/img/04_smline.gif HTTP/1.1" 200 3843 "-" "Mozilla/5.0 (compatible; AhrefsBot/7.0; +http://ahrefs.com/robot/)" "ysfine.com"
51.222.253.15 - - [05/Oct/2022:19:21:06 -0700] "GET /class54/class5470/total_data/img/04_work.gif HTTP/1.1" 200 803 "-" "Mozilla/5.0 (compatible; AhrefsBot/7.0; +http://ahrefs.com/robot/)" "ysfine.com"
51.222.253.16 - - [05/Oct/2022:19:21:06 -0700] "GET /class54/class5470/total_data/images/mb.css HTTP/1.1" 404 88 "-" "Mozilla/5.0 (compatible; AhrefsBot/7.0; +http://ahrefs.com/robot/)" "ysfine.com"
51.222.253.14 - - [05/Oct/2022:19:21:07 -0700] "GET /class54/class5470/total_data/img/sm02_on.gif HTTP/1.1" 200 399 "-" "Mozilla/5.0 (compatible; AhrefsBot/7.0; +http://ahrefs.com/robot/)" "ysfine.com"
51.222.253.10 - - [05/Oct/2022:19:21:07 -0700] "GET /class54/class5470/total_data/img/menu03_on.gif HTTP/1.1" 200 600 "-" "Mozilla/5.0 (compatible; AhrefsBot/7.0; +http://ahrefs.com/robot/)" "ysfine.com"
51.222.253.10 - - [05/Oct/2022:19:21:07 -0700] "GET /class54/class5470/total_data/refer_img/4-15_f.jpg HTTP/1.1" 200 52769 "-" "Mozilla/5.0 (compatible; AhrefsBot/7.0; +http://ahrefs.com/robot/)" "ysfine.com"
51.222.253.16 - - [05/Oct/2022:19:21:08 -0700] "GET /class54/class5470/total_data/img/menu04_on.gif HTTP/1.1" 200 813 "-" "Mozilla/5.0 (compatible; AhrefsBot/7.0; +http://ahrefs.com/robot/)" "ysfine.com"
51.222.253.14 - - [05/Oct/2022:19:21:08 -0700] "GET /class54/class5470/total_data/refer_img/4-13_f.jpg HTTP/1.1" 200 50807 "-" "Mozilla/5.0 (compatible; AhrefsBot/7.0; +http://ahrefs.com/robot/)" "ysfine.com"
51.222.253.2 - - [05/Oct/2022:19:21:09 -0700] "GET /class54/class5470/total_data/refer_img/4-18_f.jpg HTTP/1.1" 200 48937 "-" "Mozilla/5.0 (compatible; AhrefsBot/7.0; +http://ahrefs.com/robot/)" "ysfine.com"
51.222.253.10 - - [05/Oct/2022:19:21:10 -0700] "GET /class54/class5470/total_data/img/bottom_title.gif HTTP/1.1" 200 14467 "-" "Mozilla/5.0 (compatible; AhrefsBot/7.0; +http://ahrefs.com/robot/)" "ysfine.com"
51.222.253.15 - - [05/Oct/2022:19:21:10 -0700] "GET /class54/class5470/total_data/refer_img/4-5_f.jpg HTTP/1.1" 200 32780 "-" "Mozilla/5.0 (compatible; AhrefsBot/7.0; +http://ahrefs.com/robot/)" "ysfine.com"
51.222.253.10 - - [05/Oct/2022:19:21:10 -0700] "GET /class54/class5470/total_data/refer_img/4-11_f.jpg HTTP/1.1" 200 33823 "-" "Mozilla/5.0 (compatible; AhrefsBot/7.0; +http://ahrefs.com/robot/)" "ysfine.com"
51.222.253.13 - - [05/Oct/2022:19:21:11 -0700] "GET /class54/class5470/total_data/refer_img/4-1_f.jpg HTTP/1.1" 200 33160 "-" "Mozilla/5.0 (compatible; AhrefsBot/7.0; +http://ahrefs.com/robot/)" "ysfine.com"
51.222.253.16 - - [05/Oct/2022:19:21:11 -0700] "GET /class54/class5470/total_data/refer_img/4-3_f.jpg HTTP/1.1" 200 55483 "-" "Mozilla/5.0 (compatible; AhrefsBot/7.0; +http://ahrefs.com/robot/)" "ysfine.com"
51.222.253.15 - - [05/Oct/2022:19:21:12 -0700] "GET /class54/class5470/total_data/img/menu01_on.gif HTTP/1.1" 200 688 "-" "Mozilla/5.0 (compatible; AhrefsBot/7.0; +http://ahrefs.com/robot/)" "ysfine.com"
51.222.253.7 - - [05/Oct/2022:19:21:12 -0700] "GET /class54/class5470/total_data/img/04_title.gif HTTP/1.1" 200 7489 "-" "Mozilla/5.0 (compatible; AhrefsBot/7.0; +http://ahrefs.com/robot/)" "ysfine.com"
51.222.253.20 - - [05/Oct/2022:19:21:12 -0700] "GET /class54/class5470/total_data/img/menu02_on.gif HTTP/1.1" 200 782 "-" "Mozilla/5.0 (compatible; AhrefsBot/7.0; +http://ahrefs.com/robot/)" "ysfine.com"
99.16.89.129 - - [05/Oct/2022:19:22:07 -0700] "GET /apple-touch-icon-precomposed.png HTTP/1.1" 404 88 "-" "Mozilla/5.0 (Macintosh; Intel Mac OS X 10_11_1) AppleWebKit/601.2.4 (KHTML, like Gecko) Version/9.0.1 Safari/601.2.4 facebookexternalhit/1.1 Facebot Twitterbot/1.0" "ysfine.com"
99.16.89.129 - - [05/Oct/2022:19:22:07 -0700] "GET /favicon.ico HTTP/1.1" 404 88 "-" "Mozilla/5.0 (Macintosh; Intel Mac OS X 10_11_1) AppleWebKit/601.2.4 (KHTML, like Gecko) Version/9.0.1 Safari/601.2.4 facebookexternalhit/1.1 Facebot Twitterbot/1.0" "ysfine.com"
99.16.89.129 - - [05/Oct/2022:19:22:07 -0700] "GET /apple-touch-icon.png HTTP/1.1" 404 88 "-" "Mozilla/5.0 (Macintosh; Intel Mac OS X 10_11_1) AppleWebKit/601.2.4 (KHTML, like Gecko) Version/9.0.1 Safari/601.2.4 facebookexternalhit/1.1 Facebot Twitterbot/1.0" "ysfine.com"
99.16.89.129 - - [05/Oct/2022:19:22:07 -0700] "GET /usca/pgh22.html HTTP/1.1" 200 11391 "-" "Mozilla/5.0 (Macintosh; Intel Mac OS X 10_11_1) AppleWebKit/601.2.4 (KHTML, like Gecko) Version/9.0.1 Safari/601.2.4 facebookexternalhit/1.1 Facebot Twitterbot/1.0" "ysfine.com"
99.16.89.129 - - [05/Oct/2022:19:22:07 -0700] "GET /favicon.ico HTTP/1.1" 404 88 "-" "Mozilla/5.0 (Macintosh; Intel Mac OS X 10_11_1) AppleWebKit/601.2.4 (KHTML, like Gecko) Version/9.0.1 Safari/601.2.4 facebookexternalhit/1.1 Facebot Twitterbot/1.0" "ysfine.com"
99.16.89.129 - - [05/Oct/2022:19:22:07 -0700] "GET /apple-touch-icon-precomposed.png HTTP/1.1" 404 88 "-" "Mozilla/5.0 (Macintosh; Intel Mac OS X 10_11_1) AppleWebKit/601.2.4 (KHTML, like Gecko) Version/9.0.1 Safari/601.2.4 facebookexternalhit/1.1 Facebot Twitterbot/1.0" "ysfine.com"
99.16.89.129 - - [05/Oct/2022:19:22:07 -0700] "GET /apple-touch-icon.png HTTP/1.1" 404 88 "-" "Mozilla/5.0 (Macintosh; Intel Mac OS X 10_11_1) AppleWebKit/601.2.4 (KHTML, like Gecko) Version/9.0.1 Safari/601.2.4 facebookexternalhit/1.1 Facebot Twitterbot/1.0" "ysfine.com"
99.16.89.129 - - [05/Oct/2022:19:22:07 -0700] "GET /maga/tesla.html HTTP/1.1" 200 4852 "-" "Mozilla/5.0 (Macintosh; Intel Mac OS X 10_11_1) AppleWebKit/601.2.4 (KHTML, like Gecko) Version/9.0.1 Safari/601.2.4 facebookexternalhit/1.1 Facebot Twitterbot/1.0" "ysfine.com"
99.16.89.129 - - [05/Oct/2022:19:22:07 -0700] "GET /apple-touch-icon.png HTTP/1.1" 404 88 "-" "Mozilla/5.0 (Macintosh; Intel Mac OS X 10_11_1) AppleWebKit/601.2.4 (KHTML, like Gecko) Version/9.0.1 Safari/601.2.4 facebookexternalhit/1.1 Facebot Twitterbot/1.0" "ysfine.com"
99.16.89.129 - - [05/Oct/2022:19:22:07 -0700] "GET /apple-touch-icon-precomposed.png HTTP/1.1" 404 88 "-" "Mozilla/5.0 (Macintosh; Intel Mac OS X 10_11_1) AppleWebKit/601.2.4 (KHTML, like Gecko) Version/9.0.1 Safari/601.2.4 facebookexternalhit/1.1 Facebot Twitterbot/1.0" "ysfine.com"
99.16.89.129 - - [05/Oct/2022:19:22:07 -0700] "GET /favicon.ico HTTP/1.1" 404 88 "-" "Mozilla/5.0 (Macintosh; Intel Mac OS X 10_11_1) AppleWebKit/601.2.4 (KHTML, like Gecko) Version/9.0.1 Safari/601.2.4 facebookexternalhit/1.1 Facebot Twitterbot/1.0" "ysfine.com"
99.16.89.129 - - [05/Oct/2022:19:22:07 -0700] "GET /maga/sarnoff.html HTTP/1.1" 200 7540 "-" "Mozilla/5.0 (Macintosh; Intel Mac OS X 10_11_1) AppleWebKit/601.2.4 (KHTML, like Gecko) Version/9.0.1 Safari/601.2.4 facebookexternalhit/1.1 Facebot Twitterbot/1.0" "ysfine.com"
99.16.89.129 - - [05/Oct/2022:19:22:07 -0700] "GET /apple-touch-icon.png HTTP/1.1" 404 88 "-" "Mozilla/5.0 (Macintosh; Intel Mac OS X 10_11_1) AppleWebKit/601.2.4 (KHTML, like Gecko) Version/9.0.1 Safari/601.2.4 facebookexternalhit/1.1 Facebot Twitterbot/1.0" "ysfine.com"
99.16.89.129 - - [05/Oct/2022:19:22:07 -0700] "GET /apple-touch-icon-precomposed.png HTTP/1.1" 404 88 "-" "Mozilla/5.0 (Macintosh; Intel Mac OS X 10_11_1) AppleWebKit/601.2.4 (KHTML, like Gecko) Version/9.0.1 Safari/601.2.4 facebookexternalhit/1.1 Facebot Twitterbot/1.0" "ysfine.com"
99.16.89.129 - - [05/Oct/2022:19:22:07 -0700] "GET /usca/pgh22.html HTTP/1.1" 200 11391 "-" "Mozilla/5.0 (Macintosh; Intel Mac OS X 10_11_1) AppleWebKit/601.2.4 (KHTML, like Gecko) Version/9.0.1 Safari/601.2.4 facebookexternalhit/1.1 Facebot Twitterbot/1.0" "ysfine.com"
99.16.89.129 - - [05/Oct/2022:19:22:07 -0700] "GET /favicon.ico HTTP/1.1" 404 88 "-" "Mozilla/5.0 (Macintosh; Intel Mac OS X 10_11_1) AppleWebKit/601.2.4 (KHTML, like Gecko) Version/9.0.1 Safari/601.2.4 facebookexternalhit/1.1 Facebot Twitterbot/1.0" "ysfine.com"
157.55.39.127 - - [05/Oct/2022:19:22:42 -0700] "GET /wigner/isomor77.jpg HTTP/1.1" 200 106571 "-" "Mozilla/5.0 (compatible; bingbot/2.0; +http://www.bing.com/bingbot.htm)" "ysfine.com"
66.249.70.3 - - [05/Oct/2022:19:24:22 -0700] "GET /people/froissart.jpg HTTP/1.1" 200 83055 "-" "Googlebot-Image/1.0" "ysfine.com"
27.59.51.155 - - [05/Oct/2022:19:24:25 -0700] "GET /kobak/1014c.jpg HTTP/1.1" 200 164928 "https://www.google.com/" "Mozilla/5.0 (Linux; Android 10; SM-J810G Build/QP1A.190711.020; wv) AppleWebKit/537.36 (KHTML, like Gecko) Version/4.0 Chrome/105.0.5195.136 Mobile Safari/537.36 GoogleApp/13.14.9.23.arm" "ysfine.com"
51.222.253.20 - - [05/Oct/2022:19:24:43 -0700] "GET /wdc/mydc.html HTTP/1.1" 200 1586 "-" "Mozilla/5.0 (compatible; AhrefsBot/7.0; +http://ahrefs.com/robot/)" "www.ysfine.com"
20.74.246.195 - - [05/Oct/2022:19:24:56 -0700] "GET / HTTP/1.1" 200 15910 "-" "Mozilla/5.0 (Windows NT 10.0; Win64; x64) AppleWebKit/537.36 (KHTML, like Gecko) Chrome/80.0.3987.149 Safari/537.36" "ysfine.com"
20.74.246.195 - - [05/Oct/2022:19:24:57 -0700] "GET /wp-includes/wlwmanifest.xml HTTP/1.1" 404 73 "-" "Mozilla/5.0 (Windows NT 10.0; Win64; x64) AppleWebKit/537.36 (KHTML, like Gecko) Chrome/80.0.3987.149 Safari/537.36" "ysfine.com"
20.74.246.195 - - [05/Oct/2022:19:24:58 -0700] "GET /xmlrpc.php?rsd HTTP/1.1" 404 73 "-" "Mozilla/5.0 (Windows NT 10.0; Win64; x64) AppleWebKit/537.36 (KHTML, like Gecko) Chrome/80.0.3987.149 Safari/537.36" "ysfine.com"
20.74.246.195 - - [05/Oct/2022:19:24:59 -0700] "GET / HTTP/1.1" 200 15910 "-" "Mozilla/5.0 (Windows NT 10.0; Win64; x64) AppleWebKit/537.36 (KHTML, like Gecko) Chrome/80.0.3987.149 Safari/537.36" "ysfine.com"
20.74.246.195 - - [05/Oct/2022:19:25:00 -0700] "GET /blog/wp-includes/wlwmanifest.xml HTTP/1.1" 404 73 "-" "Mozilla/5.0 (Windows NT 10.0; Win64; x64) AppleWebKit/537.36 (KHTML, like Gecko) Chrome/80.0.3987.149 Safari/537.36" "ysfine.com"
20.74.246.195 - - [05/Oct/2022:19:25:00 -0700] "GET /web/wp-includes/wlwmanifest.xml HTTP/1.1" 404 73 "-" "Mozilla/5.0 (Windows NT 10.0; Win64; x64) AppleWebKit/537.36 (KHTML, like Gecko) Chrome/80.0.3987.149 Safari/537.36" "ysfine.com"
20.74.246.195 - - [05/Oct/2022:19:25:01 -0700] "GET /wordpress/wp-includes/wlwmanifest.xml HTTP/1.1" 404 73 "-" "Mozilla/5.0 (Windows NT 10.0; Win64; x64) AppleWebKit/537.36 (KHTML, like Gecko) Chrome/80.0.3987.149 Safari/537.36" "ysfine.com"
