89.185.76.65 - - [05/Oct/2022:10:49:18 -0700] "GET /fbook/einstein.html HTTP/1.1" 200 3545 "-" "Mozilla/5.0 (Macintosh; Intel Mac OS X 10_13_6) AppleWebKit/537.36 (KHTML, like Gecko) Chrome/97.0.4692.99 Safari/537.36" "ysfine.com"
194.110.89.107 - - [05/Oct/2022:10:49:18 -0700] "GET /eink/index.html HTTP/1.1" 200 17659 "-" "Mozilla/5.0 (Macintosh; Intel Mac OS X 10.15; rv:91.0) Gecko/20100101 Firefox/91.0" "ysfine.com"
157.55.39.127 - - [05/Oct/2022:10:49:21 -0700] "GET /world/brit/oxlon26.jpg HTTP/1.1" 200 126010 "-" "Mozilla/5.0 (compatible; bingbot/2.0; +http://www.bing.com/bingbot.htm)" "ysfine.com"
207.46.13.102 - - [05/Oct/2022:10:49:26 -0700] "GET /world/ital/spstep05.jpg HTTP/1.1" 200 159230 "-" "Mozilla/5.0 (compatible; bingbot/2.0; +http://www.bing.com/bingbot.htm)" "ysfine.com"
23.25.20.129 - - [05/Oct/2022:10:49:43 -0700] "GET /houses/etaylor.jpg HTTP/1.1" 200 81116 "https://www.bing.com/" "Mozilla/5.0 (Windows NT 10.0; Win64; x64) AppleWebKit/537.36 (KHTML, like Gecko) Chrome/106.0.0.0 Safari/537.36 Edg/106.0.1370.34" "ysfine.com"
77.75.77.101 - - [05/Oct/2022:10:50:32 -0700] "GET /robots.txt HTTP/1.1" 404 88 "-" "Mozilla/5.0 (compatible; SeznamBot/3.2; +http://napoveda.seznam.cz/en/seznambot-intro/)" "ysfine.com"
77.75.77.101 - - [05/Oct/2022:10:50:33 -0700] "GET /newyork/centralp05.jpg HTTP/1.1" 304 - "-" "Mozilla/5.0 (compatible; SeznamBot/3.2; +http://napoveda.seznam.cz/en/seznambot-intro/)" "ysfine.com"
77.75.77.101 - - [05/Oct/2022:10:50:34 -0700] "GET /world/ital/palat27.jpg HTTP/1.1" 304 - "-" "Mozilla/5.0 (compatible; SeznamBot/3.2; +http://napoveda.seznam.cz/en/seznambot-intro/)" "ysfine.com"
77.75.77.101 - - [05/Oct/2022:10:50:35 -0700] "GET /newyork/greenw05.jpg HTTP/1.1" 304 - "-" "Mozilla/5.0 (compatible; SeznamBot/3.2; +http://napoveda.seznam.cz/en/seznambot-intro/)" "ysfine.com"
77.75.77.101 - - [05/Oct/2022:10:50:35 -0700] "GET /world/brit/cam15.jpg HTTP/1.1" 304 - "-" "Mozilla/5.0 (compatible; SeznamBot/3.2; +http://napoveda.seznam.cz/en/seznambot-intro/)" "ysfine.com"
40.77.167.27 - - [05/Oct/2022:10:51:19 -0700] "GET /world/germany/trier04c.jpg HTTP/1.1" 200 38856 "-" "Mozilla/5.0 (compatible; bingbot/2.0; +http://www.bing.com/bingbot.htm)" "www.ysfine.com"
93.158.161.40 - - [05/Oct/2022:10:52:17 -0700] "GET /friends/european.html HTTP/1.1" 404 88 "-" "Mozilla/5.0 (compatible; YandexBot/3.0; +http://yandex.com/bots)" "www.ysfine.com"
157.55.39.58 - - [05/Oct/2022:10:53:33 -0700] "GET /world/russ/moschurch13.jpg HTTP/1.1" 200 79536 "-" "Mozilla/5.0 (compatible; bingbot/2.0; +http://www.bing.com/bingbot.htm)" "ysfine.com"
157.55.39.127 - - [05/Oct/2022:10:54:02 -0700] "GET /sbk/2009helsinki11.jpg HTTP/1.1" 200 217550 "-" "Mozilla/5.0 (compatible; bingbot/2.0; +http://www.bing.com/bingbot.htm)" "ysfine.com"
157.55.39.58 - - [05/Oct/2022:10:54:43 -0700] "GET /dirac/nicodem11b.jpg HTTP/1.1" 200 79065 "-" "Mozilla/5.0 (compatible; bingbot/2.0; +http://www.bing.com/bingbot.htm)" "ysfine.com"
122.177.11.174 - - [05/Oct/2022:10:54:56 -0700] "GET /world/ital/verona08.jpg HTTP/1.1" 200 120909 "https://www.google.co.in/" "Mozilla/5.0 (iPhone; CPU iPhone OS 16_0 like Mac OS X) AppleWebKit/605.1.15 (KHTML, like Gecko) Version/16.0 Mobile/15E148 Safari/604.1" "ysfine.com"
40.77.167.27 - - [05/Oct/2022:10:55:40 -0700] "GET /einstein/evol22b.jpg HTTP/1.1" 200 29614 "-" "Mozilla/5.0 (compatible; bingbot/2.0; +http://www.bing.com/bingbot.htm)" "ysfine.com"
157.55.39.128 - - [05/Oct/2022:10:56:03 -0700] "GET /houses/house22.jpg HTTP/1.1" 200 112513 "-" "Mozilla/5.0 (compatible; bingbot/2.0; +http://www.bing.com/bingbot.htm)" "www.ysfine.com"
17.121.114.100 - - [05/Oct/2022:10:56:44 -0700] "GET /style/stbot.html HTTP/1.1" 200 122 "-" "Mozilla/5.0 (Macintosh; Intel Mac OS X 10_15_5) AppleWebKit/605.1.15 (KHTML, like Gecko) Version/13.1.1 Safari/605.1.15 (Applebot/0.1; +http://www.apple.com/go/applebot)" "ysfine.com"
157.55.39.58 - - [05/Oct/2022:10:57:13 -0700] "GET /world/russ/kiev061.jpg HTTP/1.1" 200 103322 "-" "Mozilla/5.0 (compatible; bingbot/2.0; +http://www.bing.com/bingbot.htm)" "ysfine.com"
114.119.128.142 - - [05/Oct/2022:10:57:30 -0700] "GET /world/israel/tlv23c.jpg HTTP/1.1" 200 27789 "https://ysfine.com/world/jeru.html" "Mozilla/5.0 (Linux; Android 7.0;) AppleWebKit/537.36 (KHTML, like Gecko) Mobile Safari/537.36 (compatible; PetalBot;+https://webmaster.petalsearch.com/site/petalbot)" "ysfine.com"
157.55.39.55 - - [05/Oct/2022:10:57:34 -0700] "GET /world/russ/minsk028.jpg HTTP/1.1" 200 73000 "-" "Mozilla/5.0 (compatible; bingbot/2.0; +http://www.bing.com/bingbot.htm)" "ysfine.com"
157.55.39.55 - - [05/Oct/2022:10:57:46 -0700] "GET /home/ys2011.jpg HTTP/1.1" 200 74560 "-" "Mozilla/5.0 (compatible; bingbot/2.0; +http://www.bing.com/bingbot.htm)" "ysfine.com"
207.46.13.102 - - [05/Oct/2022:10:58:26 -0700] "GET /world/germany/trier15.jpg HTTP/1.1" 200 287871 "-" "Mozilla/5.0 (compatible; bingbot/2.0; +http://www.bing.com/bingbot.htm)" "ysfine.com"
157.55.39.127 - - [05/Oct/2022:10:58:52 -0700] "GET /world/russ/minsk072.jpg HTTP/1.1" 200 88033 "-" "Mozilla/5.0 (compatible; bingbot/2.0; +http://www.bing.com/bingbot.htm)" "ysfine.com"
157.55.39.128 - - [05/Oct/2022:10:58:56 -0700] "GET /maga/phil/marxlon08.jpg HTTP/1.1" 200 155783 "-" "Mozilla/5.0 (compatible; bingbot/2.0; +http://www.bing.com/bingbot.htm)" "ysfine.com"
66.249.70.3 - - [05/Oct/2022:10:59:01 -0700] "GET /usca/pitt/pitcn01.jpg HTTP/1.1" 200 82539 "-" "Googlebot-Image/1.0" "ysfine.com"
40.77.167.27 - - [05/Oct/2022:11:00:08 -0700] "GET /archives/proceedings/boston/kasai.html HTTP/1.1" 304 - "-" "Mozilla/5.0 (compatible; bingbot/2.0; +http://www.bing.com/bingbot.htm)" "ysfine.com"
157.55.39.128 - - [05/Oct/2022:11:00:14 -0700] "GET /feynman/ppic/licone01c.jpg HTTP/1.1" 200 28712 "-" "Mozilla/5.0 AppleWebKit/537.36 (KHTML, like Gecko; compatible; bingbot/2.0; +http://www.bing.com/bingbot.htm) Chrome/103.0.5060.134 Safari/537.36" "ysfine.com"
207.46.13.102 - - [05/Oct/2022:11:01:46 -0700] "GET /style/musee/britmu20.jpg HTTP/1.1" 200 76232 "-" "Mozilla/5.0 (compatible; bingbot/2.0; +http://www.bing.com/bingbot.htm)" "www.ysfine.com"
66.249.70.4 - - [05/Oct/2022:11:03:09 -0700] "GET /maga/phys/naimar/pewk02.jpg HTTP/1.1" 200 41315 "-" "Googlebot-Image/1.0" "ysfine.com"
157.55.39.55 - - [05/Oct/2022:11:03:25 -0700] "GET /style/music/salzmo13.jpg HTTP/1.1" 200 111564 "-" "Mozilla/5.0 (compatible; bingbot/2.0; +http://www.bing.com/bingbot.htm)" "www.ysfine.com"
40.77.167.27 - - [05/Oct/2022:11:03:59 -0700] "GET /world/russ/minsk025.jpg HTTP/1.1" 200 92361 "-" "Mozilla/5.0 (compatible; bingbot/2.0; +http://www.bing.com/bingbot.htm)" "www.ysfine.com"
157.48.250.156 - - [05/Oct/2022:11:04:32 -0700] "GET /feynman/page44.jpg HTTP/1.1" 200 106223 "https://www.google.com/" "Mozilla/5.0 (Linux; Android 11; RMX2027 Build/RP1A.200720.011; wv) AppleWebKit/537.36 (KHTML, like Gecko) Version/4.0 Chrome/103.0.5060.129 Mobile Safari/537.36 GoogleApp/13.25.7.26.arm64" "ysfine.com"
157.55.39.127 - - [05/Oct/2022:11:04:35 -0700] "GET /world/latina/cancun15.jpg HTTP/1.1" 200 110425 "-" "Mozilla/5.0 (compatible; bingbot/2.0; +http://www.bing.com/bingbot.htm)" "ysfine.com"
157.48.250.156 - - [05/Oct/2022:11:04:39 -0700] "GET /feynman/feyprince.jpg HTTP/1.1" 200 62002 "https://www.google.com/" "Mozilla/5.0 (Linux; Android 11; RMX2027 Build/RP1A.200720.011; wv) AppleWebKit/537.36 (KHTML, like Gecko) Version/4.0 Chrome/103.0.5060.129 Mobile Safari/537.36 GoogleApp/13.25.7.26.arm64" "ysfine.com"
157.55.39.55 - - [05/Oct/2022:11:04:47 -0700] "GET /confer/newsgr.html HTTP/1.1" 200 944 "-" "Mozilla/5.0 AppleWebKit/537.36 (KHTML, like Gecko; compatible; bingbot/2.0; +http://www.bing.com/bingbot.htm) Chrome/103.0.5060.134 Safari/537.36" "ysfine.com"
216.244.66.229 - - [05/Oct/2022:11:05:16 -0700] "GET /robots.txt HTTP/1.1" 404 73 "-" "Mozilla/5.0 (compatible; DotBot/1.2; +https://opensiteexplorer.org/dotbot; help@moz.com)" "www.ysfine.com"
40.77.167.27 - - [05/Oct/2022:11:06:02 -0700] "GET /maga/phys/inclined11b.jpg HTTP/1.1" 200 35417 "-" "Mozilla/5.0 AppleWebKit/537.36 (KHTML, like Gecko; compatible; bingbot/2.0; +http://www.bing.com/bingbot.htm) Chrome/103.0.5060.134 Safari/537.36" "ysfine.com"
173.161.197.9 - - [05/Oct/2022:11:06:05 -0700] "GET /world/scandi/sto001.jpg HTTP/1.1" 200 111684 "https://images.search.yahoo.com/search/images;_ylt=AwrFdpGlxD1jQ5gEkxKJzbkF;_ylu=c2xrA3RleHQEaXQDQWxzb1RyeV9OBHNlYwNyZWwEcG9zAzEx?p=Crown%20Princess%20Mary%20Before%20Marriage&fr2=p:s,v:i,m:rs-top,ct:bing,rgn:top,pos:11&fr=yfp-t-s" "Mozilla/5.0 (Windows NT 10.0; Win64; x64) AppleWebKit/537.36 (KHTML, like Gecko) Chrome/106.0.0.0 Safari/537.36" "www.ysfine.com"
157.55.39.128 - - [05/Oct/2022:11:06:26 -0700] "GET /world/russ/kazan095.jpg HTTP/1.1" 200 247950 "-" "Mozilla/5.0 (compatible; bingbot/2.0; +http://www.bing.com/bingbot.htm)" "www.ysfine.com"
66.249.70.4 - - [05/Oct/2022:11:06:27 -0700] "GET /maga/phys/naimar/pewk03.jpg HTTP/1.1" 304 - "-" "Googlebot-Image/1.0" "ysfine.com"
95.163.255.101 - - [05/Oct/2022:11:07:48 -0700] "GET /robots.txt HTTP/1.1" 404 73 "-" "Mozilla/5.0 (compatible; Linux x86_64; Mail.RU_Bot/Img/2.0; +https://help.mail.ru/webmaster/indexing/robots)" "www.ysfine.com"
106.66.211.81 - - [05/Oct/2022:11:08:40 -0700] "GET /einstein/heisenberg.html HTTP/1.1" 200 10552 "https://www.google.com/" "Mozilla/5.0 (iPhone; CPU iPhone OS 16_0 like Mac OS X) AppleWebKit/605.1.15 (KHTML, like Gecko) CriOS/105.0.5195.147 Mobile/15E148 Safari/604.1" "ysfine.com"
106.66.211.81 - - [05/Oct/2022:11:08:41 -0700] "GET /wigner/wigheis11c.jpg HTTP/1.1" 200 41279 "https://ysfine.com/einstein/heisenberg.html" "Mozilla/5.0 (iPhone; CPU iPhone OS 16_0 like Mac OS X) AppleWebKit/605.1.15 (KHTML, like Gecko) CriOS/105.0.5195.147 Mobile/15E148 Safari/604.1" "ysfine.com"
106.66.211.81 - - [05/Oct/2022:11:08:41 -0700] "GET /heisen/bohrheisen11c.jpg HTTP/1.1" 200 41289 "https://ysfine.com/einstein/heisenberg.html" "Mozilla/5.0 (iPhone; CPU iPhone OS 16_0 like Mac OS X) AppleWebKit/605.1.15 (KHTML, like Gecko) CriOS/105.0.5195.147 Mobile/15E148 Safari/604.1" "ysfine.com"
106.66.211.81 - - [05/Oct/2022:11:08:41 -0700] "GET /heisen/heisen66c.jpg HTTP/1.1" 200 43543 "https://ysfine.com/einstein/heisenberg.html" "Mozilla/5.0 (iPhone; CPU iPhone OS 16_0 like Mac OS X) AppleWebKit/605.1.15 (KHTML, like Gecko) CriOS/105.0.5195.147 Mobile/15E148 Safari/604.1" "ysfine.com"
106.66.220.62 - - [05/Oct/2022:11:08:42 -0700] "GET /favicon.ico HTTP/1.1" 404 88 "-" "Mozilla/5.0 (iPhone; CPU iPhone OS 16_0 like Mac OS X) AppleWebKit/605.1.15 (KHTML, like Gecko) CriOS/105.0.5195.147 Mobile/15E148 Safari/604.1" "ysfine.com"
106.66.211.81 - - [05/Oct/2022:11:08:43 -0700] "GET /heisen/schroheisen33c.jpg HTTP/1.1" 200 47347 "https://ysfine.com/einstein/heisenberg.html" "Mozilla/5.0 (iPhone; CPU iPhone OS 16_0 like Mac OS X) AppleWebKit/605.1.15 (KHTML, like Gecko) CriOS/105.0.5195.147 Mobile/15E148 Safari/604.1" "ysfine.com"
106.66.211.81 - - [05/Oct/2022:11:08:44 -0700] "GET /einstein/einhouse11c.jpg HTTP/1.1" 200 32610 "https://ysfine.com/einstein/heisenberg.html" "Mozilla/5.0 (iPhone; CPU iPhone OS 16_0 like Mac OS X) AppleWebKit/605.1.15 (KHTML, like Gecko) CriOS/105.0.5195.147 Mobile/15E148 Safari/604.1" "ysfine.com"
106.66.211.81 - - [05/Oct/2022:11:08:44 -0700] "GET /einstein/tsepa11c.jpg HTTP/1.1" 200 28691 "https://ysfine.com/einstein/heisenberg.html" "Mozilla/5.0 (iPhone; CPU iPhone OS 16_0 like Mac OS X) AppleWebKit/605.1.15 (KHTML, like Gecko) CriOS/105.0.5195.147 Mobile/15E148 Safari/604.1" "ysfine.com"
106.66.211.81 - - [05/Oct/2022:11:08:44 -0700] "GET /heisen/heisen22c.jpg HTTP/1.1" 200 33300 "https://ysfine.com/einstein/heisenberg.html" "Mozilla/5.0 (iPhone; CPU iPhone OS 16_0 like Mac OS X) AppleWebKit/605.1.15 (KHTML, like Gecko) CriOS/105.0.5195.147 Mobile/15E148 Safari/604.1" "ysfine.com"
106.66.211.81 - - [05/Oct/2022:11:08:44 -0700] "GET /wigner/wigkim11c.jpg HTTP/1.1" 200 30443 "https://ysfine.com/einstein/heisenberg.html" "Mozilla/5.0 (iPhone; CPU iPhone OS 16_0 like Mac OS X) AppleWebKit/605.1.15 (KHTML, like Gecko) CriOS/105.0.5195.147 Mobile/15E148 Safari/604.1" "ysfine.com"
106.66.211.81 - - [05/Oct/2022:11:08:44 -0700] "GET /einstein/einbohr33c.jpg HTTP/1.1" 200 36410 "https://ysfine.com/einstein/heisenberg.html" "Mozilla/5.0 (iPhone; CPU iPhone OS 16_0 like Mac OS X) AppleWebKit/605.1.15 (KHTML, like Gecko) CriOS/105.0.5195.147 Mobile/15E148 Safari/604.1" "ysfine.com"
106.66.211.81 - - [05/Oct/2022:11:08:44 -0700] "GET /einstein/texfiles/einheis03.jpg HTTP/1.1" 200 46000 "https://ysfine.com/einstein/heisenberg.html" "Mozilla/5.0 (iPhone; CPU iPhone OS 16_0 like Mac OS X) AppleWebKit/605.1.15 (KHTML, like Gecko) CriOS/105.0.5195.147 Mobile/15E148 Safari/604.1" "ysfine.com"
106.66.211.81 - - [05/Oct/2022:11:08:44 -0700] "GET /dirac/2osc22c.jpg HTTP/1.1" 200 28929 "https://ysfine.com/einstein/heisenberg.html" "Mozilla/5.0 (iPhone; CPU iPhone OS 16_0 like Mac OS X) AppleWebKit/605.1.15 (KHTML, like Gecko) CriOS/105.0.5195.147 Mobile/15E148 Safari/604.1" "ysfine.com"
106.66.211.81 - - [05/Oct/2022:11:08:44 -0700] "GET /dirac/dirheisen31c.jpg HTTP/1.1" 200 43569 "https://ysfine.com/einstein/heisenberg.html" "Mozilla/5.0 (iPhone; CPU iPhone OS 16_0 like Mac OS X) AppleWebKit/605.1.15 (KHTML, like Gecko) CriOS/105.0.5195.147 Mobile/15E148 Safari/604.1" "ysfine.com"
106.66.211.81 - - [05/Oct/2022:11:08:44 -0700] "GET /einstein/texfiles/einheis05.jpg HTTP/1.1" 200 31679 "https://ysfine.com/einstein/heisenberg.html" "Mozilla/5.0 (iPhone; CPU iPhone OS 16_0 like Mac OS X) AppleWebKit/605.1.15 (KHTML, like Gecko) CriOS/105.0.5195.147 Mobile/15E148 Safari/604.1" "ysfine.com"
106.66.211.81 - - [05/Oct/2022:11:08:44 -0700] "GET /einstein/math/sp2c.jpg HTTP/1.1" 200 29719 "https://ysfine.com/einstein/heisenberg.html" "Mozilla/5.0 (iPhone; CPU iPhone OS 16_0 like Mac OS X) AppleWebKit/605.1.15 (KHTML, like Gecko) CriOS/105.0.5195.147 Mobile/15E148 Safari/604.1" "ysfine.com"
106.66.211.81 - - [05/Oct/2022:11:08:44 -0700] "GET /wigner/wighome11c.jpg HTTP/1.1" 200 45648 "https://ysfine.com/einstein/heisenberg.html" "Mozilla/5.0 (iPhone; CPU iPhone OS 16_0 like Mac OS X) AppleWebKit/605.1.15 (KHTML, like Gecko) CriOS/105.0.5195.147 Mobile/15E148 Safari/604.1" "ysfine.com"
106.66.211.81 - - [05/Oct/2022:11:08:44 -0700] "GET /home/figs/sq55c.jpg HTTP/1.1" 200 29581 "https://ysfine.com/einstein/heisenberg.html" "Mozilla/5.0 (iPhone; CPU iPhone OS 16_0 like Mac OS X) AppleWebKit/605.1.15 (KHTML, like Gecko) CriOS/105.0.5195.147 Mobile/15E148 Safari/604.1" "ysfine.com"
106.66.211.81 - - [05/Oct/2022:11:08:44 -0700] "GET /dirac/o32c.jpg HTTP/1.1" 200 30707 "https://ysfine.com/einstein/heisenberg.html" "Mozilla/5.0 (iPhone; CPU iPhone OS 16_0 like Mac OS X) AppleWebKit/605.1.15 (KHTML, like Gecko) CriOS/105.0.5195.147 Mobile/15E148 Safari/604.1" "ysfine.com"
106.66.211.81 - - [05/Oct/2022:11:08:44 -0700] "GET /einstein/texfiles/einheis02.jpg HTTP/1.1" 200 27605 "https://ysfine.com/einstein/heisenberg.html" "Mozilla/5.0 (iPhone; CPU iPhone OS 16_0 like Mac OS X) AppleWebKit/605.1.15 (KHTML, like Gecko) CriOS/105.0.5195.147 Mobile/15E148 Safari/604.1" "ysfine.com"
106.66.211.81 - - [05/Oct/2022:11:08:44 -0700] "GET /dirac/o32inho22c.jpg HTTP/1.1" 200 33038 "https://ysfine.com/einstein/heisenberg.html" "Mozilla/5.0 (iPhone; CPU iPhone OS 16_0 like Mac OS X) AppleWebKit/605.1.15 (KHTML, like Gecko) CriOS/105.0.5195.147 Mobile/15E148 Safari/604.1" "ysfine.com"
106.66.211.81 - - [05/Oct/2022:11:08:44 -0700] "GET /eink/pwk19c.jpg HTTP/1.1" 200 57759 "https://ysfine.com/einstein/heisenberg.html" "Mozilla/5.0 (iPhone; CPU iPhone OS 16_0 like Mac OS X) AppleWebKit/605.1.15 (KHTML, like Gecko) CriOS/105.0.5195.147 Mobile/15E148 Safari/604.1" "ysfine.com"
106.66.211.81 - - [05/Oct/2022:11:08:44 -0700] "GET /einstein/fantova/fanto11c.jpg HTTP/1.1" 200 48308 "https://ysfine.com/einstein/heisenberg.html" "Mozilla/5.0 (iPhone; CPU iPhone OS 16_0 like Mac OS X) AppleWebKit/605.1.15 (KHTML, like Gecko) CriOS/105.0.5195.147 Mobile/15E148 Safari/604.1" "ysfine.com"
106.66.211.81 - - [05/Oct/2022:11:08:44 -0700] "GET /einstein/texfiles/einheis01.jpg HTTP/1.1" 200 32456 "https://ysfine.com/einstein/heisenberg.html" "Mozilla/5.0 (iPhone; CPU iPhone OS 16_0 like Mac OS X) AppleWebKit/605.1.15 (KHTML, like Gecko) CriOS/105.0.5195.147 Mobile/15E148 Safari/604.1" "ysfine.com"
106.66.211.81 - - [05/Oct/2022:11:08:44 -0700] "GET /maga/phys/yukadirac53c.jpg HTTP/1.1" 200 40447 "https://ysfine.com/einstein/heisenberg.html" "Mozilla/5.0 (iPhone; CPU iPhone OS 16_0 like Mac OS X) AppleWebKit/605.1.15 (KHTML, like Gecko) CriOS/105.0.5195.147 Mobile/15E148 Safari/604.1" "ysfine.com"
106.66.211.81 - - [05/Oct/2022:11:08:44 -0700] "GET /feynman/ppic/parton88a.jpg HTTP/1.1" 200 55506 "https://ysfine.com/einstein/heisenberg.html" "Mozilla/5.0 (iPhone; CPU iPhone OS 16_0 like Mac OS X) AppleWebKit/605.1.15 (KHTML, like Gecko) CriOS/105.0.5195.147 Mobile/15E148 Safari/604.1" "ysfine.com"
40.77.167.27 - - [05/Oct/2022:11:09:19 -0700] "GET /world/scandi/copen021b.jpg HTTP/1.1" 200 33385 "-" "Mozilla/5.0 (compatible; bingbot/2.0; +http://www.bing.com/bingbot.htm)" "ysfine.com"
157.55.39.55 - - [05/Oct/2022:11:09:46 -0700] "GET /world/andal.html HTTP/1.1" 200 10099 "-" "Mozilla/5.0 (compatible; bingbot/2.0; +http://www.bing.com/bingbot.htm)" "ysfine.com"
66.249.70.3 - - [05/Oct/2022:11:10:17 -0700] "GET /maga/phil/marxber22b.jpg HTTP/1.1" 200 48373 "-" "Googlebot-Image/1.0" "ysfine.com"
185.191.171.37 - - [05/Oct/2022:11:10:20 -0700] "GET /class54/class5470/total_data/sub_839.htm HTTP/1.1" 200 3527 "-" "Mozilla/5.0 (compatible; SemrushBot/7~bl; +http://www.semrush.com/bot.html)" "ysfine.com"
37.79.229.191 - - [05/Oct/2022:11:10:25 -0700] "GET /maga/phys/heisen22.jpg HTTP/1.1" 200 82807 "https://yandex.ru/images/search?text=%D0%B3%D0%B2%D0%B5%D1%80%D0%BD%D0%B5%D1%80%20%D0%B5%D0%B9%D0%B7%D0%B5%D0%BD%D0%B1%D0%B5%D1%80%D0%B3&from=tabbar&pos=20&img_url=http%3A%2F%2Fysfine.com%2Fmaga%2Fphys%2Fheisen22.jpg&rpt=simage&lr=20248" "Mozilla/5.0 (Windows NT 10.0; Win64; x64) AppleWebKit/537.36 (KHTML, like Gecko) Chrome/104.0.5112.124 YaBrowser/22.9.2.1495 Yowser/2.5 Safari/537.36" "ysfine.com"
212.98.122.70 - - [05/Oct/2022:11:10:30 -0700] "GET /einstein/heisenberg.html HTTP/1.1" 200 10552 "-" "Mozilla/5.0 (Windows NT 10.0; Win64; x64) AppleWebKit/537.36 (KHTML, like Gecko) Chrome/106.0.0.0 Safari/537.36" "ysfine.com"
157.55.39.55 - - [05/Oct/2022:11:11:25 -0700] "GET /eink/ecitizen40.jpg HTTP/1.1" 200 224595 "-" "Mozilla/5.0 (compatible; bingbot/2.0; +http://www.bing.com/bingbot.htm)" "ysfine.com"
93.158.161.40 - - [05/Oct/2022:11:12:02 -0700] "GET /robots.txt HTTP/1.1" 404 73 "-" "Mozilla/5.0 (compatible; YandexBot/3.0; +http://yandex.com/bots)" "ysfine.com"
93.158.161.40 - - [05/Oct/2022:11:12:06 -0700] "GET /world/russ/krem36b.jpg HTTP/1.1" 200 42913 "-" "Mozilla/5.0 (compatible; YandexImages/3.0; +http://yandex.com/bots)" "ysfine.com"
54.236.1.13 - - [05/Oct/2022:11:12:10 -0700] "GET /robots.txt HTTP/1.1" 404 88 "-" "Mozilla/5.0 (compatible; Pinterestbot/1.0; +http://www.pinterest.com/bot.html)" "ysfine.com"
54.236.1.13 - - [05/Oct/2022:11:12:10 -0700] "GET /feynman/feygell.html HTTP/1.1" 200 4714 "-" "Mozilla/5.0 (compatible; Pinterestbot/1.0; +http://www.pinterest.com/bot.html)" "ysfine.com"
54.236.1.13 - - [05/Oct/2022:11:12:11 -0700] "GET /feynman/feydirac270.jpg HTTP/1.1" 200 59000 "-" "Mozilla/5.0 (compatible; Pinterestbot/1.0; +http://www.pinterest.com/bot.html)" "ysfine.com"
157.55.39.128 - - [05/Oct/2022:11:12:35 -0700] "GET /world/china/xian04.jpg HTTP/1.1" 200 82865 "-" "Mozilla/5.0 (compatible; bingbot/2.0; +http://www.bing.com/bingbot.htm)" "ysfine.com"
197.89.111.244 - - [05/Oct/2022:11:13:31 -0700] "GET /yspapers/iopbook15.pdf HTTP/1.1" 200 2962673 "-" "Mozilla/5.0 (Macintosh; Intel Mac OS X 10_15_7) AppleWebKit/537.36 (KHTML, like Gecko) Chrome/106.0.0.0 Safari/537.36" "ysfine.com"
17.121.113.8 - - [05/Oct/2022:11:13:46 -0700] "GET /style/stleft.html HTTP/1.1" 200 548 "https://ysfine.com/style/stbot.html" "Mozilla/5.0 (Macintosh; Intel Mac OS X 10_15_5) AppleWebKit/605.1.15 (KHTML, like Gecko) Version/13.1.1 Safari/605.1.15 (Applebot/0.1; +http://www.apple.com/go/applebot)" "ysfine.com"
17.121.113.60 - - [05/Oct/2022:11:13:47 -0700] "GET /style/strigh.html HTTP/1.1" 200 1459 "https://ysfine.com/style/stbot.html" "Mozilla/5.0 (Macintosh; Intel Mac OS X 10_15_5) AppleWebKit/605.1.15 (KHTML, like Gecko) Version/13.1.1 Safari/605.1.15 (Applebot/0.1; +http://www.apple.com/go/applebot)" "ysfine.com"
45.179.9.52 - - [05/Oct/2022:11:13:49 -0700] "GET /wigner/neum/vnc01.jpg HTTP/1.1" 200 133641 "https://sites.google.com/" "Mozilla/5.0 (Linux; Android 11; M2101K7BL) AppleWebKit/537.36 (KHTML, like Gecko) Chrome/105.0.0.0 Mobile Safari/537.36" "ysfine.com"
157.55.39.128 - - [05/Oct/2022:11:15:15 -0700] "GET /world/china/dalian81b.jpg HTTP/1.1" 200 46290 "-" "Mozilla/5.0 (compatible; bingbot/2.0; +http://www.bing.com/bingbot.htm)" "ysfine.com"
157.55.39.55 - - [05/Oct/2022:11:15:37 -0700] "GET /world/france/chagall29b.jpg HTTP/1.1" 200 47051 "-" "Mozilla/5.0 (compatible; bingbot/2.0; +http://www.bing.com/bingbot.htm)" "ysfine.com"
128.186.185.12 - - [05/Oct/2022:11:18:09 -0700] "GET /dirac/dirac63.jpg HTTP/1.1" 200 83306 "https://www.google.com/" "Mozilla/5.0 (X11; Ubuntu; Linux x86_64; rv:105.0) Gecko/20100101 Firefox/105.0" "ysfine.com"
157.55.39.128 - - [05/Oct/2022:11:18:27 -0700] "GET /world/europe/alps04.jpg HTTP/1.1" 200 114754 "-" "Mozilla/5.0 (compatible; bingbot/2.0; +http://www.bing.com/bingbot.htm)" "ysfine.com"
92.40.198.71 - - [05/Oct/2022:11:18:42 -0700] "GET /princeton/brooke22.jpg HTTP/1.1" 200 87673 "https://www.google.co.uk/" "Mozilla/5.0 (iPhone; CPU iPhone OS 14_8_1 like Mac OS X) AppleWebKit/605.1.15 (KHTML, like Gecko) Version/14.1.2 Mobile/15E148 Safari/604.1" "ysfine.com"
114.119.128.14 - - [05/Oct/2022:11:19:13 -0700] "GET /class54/class5470/total_data/photo_img/4-31.jpg HTTP/1.1" 200 386497 "https://ysfine.com/class54/class5470/total_data/sub_431.htm" "Mozilla/5.0 (Linux; Android 7.0;) AppleWebKit/537.36 (KHTML, like Gecko) Mobile Safari/537.36 (compatible; PetalBot;+https://webmaster.petalsearch.com/site/petalbot)" "ysfine.com"
157.55.39.55 - - [05/Oct/2022:11:20:16 -0700] "GET /world/scandi/vaxfree33.jpg HTTP/1.1" 200 93579 "-" "Mozilla/5.0 (compatible; bingbot/2.0; +http://www.bing.com/bingbot.htm)" "www.ysfine.com"
64.183.41.146 - - [05/Oct/2022:11:21:29 -0700] "GET /world/france/stras10.jpg HTTP/1.1" 200 105338 "https://www.google.com/" "Mozilla/5.0 (Windows NT 10.0; Win64; x64) AppleWebKit/537.36 (KHTML, like Gecko) Chrome/105.0.0.0 Safari/537.36" "ysfine.com"
157.55.39.55 - - [05/Oct/2022:11:23:16 -0700] "GET /archives/class5470/total_data/refer_img/2-63_f.jpg HTTP/1.1" 404 88 "-" "Mozilla/5.0 (compatible; bingbot/2.0; +http://www.bing.com/bingbot.htm)" "www.ysfine.com"
40.77.167.27 - - [05/Oct/2022:11:23:31 -0700] "GET /wdc/usna14.jpg HTTP/1.1" 200 98975 "-" "Mozilla/5.0 AppleWebKit/537.36 (KHTML, like Gecko; compatible; bingbot/2.0; +http://www.bing.com/bingbot.htm) Chrome/103.0.5060.134 Safari/537.36" "www.ysfine.com"
66.249.70.30 - - [05/Oct/2022:11:24:53 -0700] "GET /usca/pitt/fortpitt07b.jpg HTTP/1.1" 200 54745 "-" "Googlebot-Image/1.0" "ysfine.com"
34.71.61.56 - - [05/Oct/2022:11:24:53 -0700] "GET /feynman/feybongo.jpg HTTP/1.1" 200 47448 "-" "Mozilla/5.0 (X11; Ubuntu; Linux x86_64; rv:72.0) Gecko/20100101 Firefox/72.0" "ysfine.com"
157.55.39.55 - - [05/Oct/2022:11:25:37 -0700] "GET /maga/phys/bohrheisen11.jpg HTTP/1.1" 200 104546 "-" "Mozilla/5.0 (compatible; bingbot/2.0; +http://www.bing.com/bingbot.htm)" "ysfine.com"
207.46.13.102 - - [05/Oct/2022:11:25:39 -0700] "GET /usca/pitt/machinery11.jpg HTTP/1.1" 200 99617 "-" "Mozilla/5.0 AppleWebKit/537.36 (KHTML, like Gecko; compatible; bingbot/2.0; +http://www.bing.com/bingbot.htm) Chrome/103.0.5060.134 Safari/537.36" "www.ysfine.com"
40.77.167.27 - - [05/Oct/2022:11:25:42 -0700] "GET /home/comet10b.jpg HTTP/1.1" 200 63249 "-" "Mozilla/5.0 (compatible; bingbot/2.0; +http://www.bing.com/bingbot.htm)" "ysfine.com"
157.55.39.128 - - [05/Oct/2022:11:26:57 -0700] "GET /world/hungary/liszt02.jpg HTTP/1.1" 200 149140 "-" "Mozilla/5.0 AppleWebKit/537.36 (KHTML, like Gecko; compatible; bingbot/2.0; +http://www.bing.com/bingbot.htm) Chrome/103.0.5060.134 Safari/537.36" "ysfine.com"
157.55.39.55 - - [05/Oct/2022:11:27:07 -0700] "GET /people/smirnov.jpg HTTP/1.1" 200 80968 "-" "Mozilla/5.0 (compatible; bingbot/2.0; +http://www.bing.com/bingbot.htm)" "ysfine.com"
66.249.70.30 - - [05/Oct/2022:11:27:43 -0700] "GET /beau/ukrainian.html HTTP/1.1" 404 88 "-" "Mozilla/5.0 (compatible; Googlebot/2.1; +http://www.google.com/bot.html)" "ysfine.com"
66.249.70.3 - - [05/Oct/2022:11:27:48 -0700] "GET /beau/ukrainian.html HTTP/1.1" 404 88 "-" "Mozilla/5.0 (Linux; Android 6.0.1; Nexus 5X Build/MMB29P) AppleWebKit/537.36 (KHTML, like Gecko) Chrome/105.0.5195.125 Mobile Safari/537.36 (compatible; Googlebot/2.1; +http://www.google.com/bot.html)" "ysfine.com"
93.158.161.42 - - [05/Oct/2022:11:27:50 -0700] "GET /robots.txt HTTP/1.1" 404 73 "-" "Mozilla/5.0 (compatible; YandexBot/3.0; +http://yandex.com/bots)" "www.ysfine.com"
93.158.161.71 - - [05/Oct/2022:11:27:54 -0700] "GET /maga/invent/popov01.jpg HTTP/1.1" 200 34982 "-" "Mozilla/5.0 (compatible; YandexImages/3.0; +http://yandex.com/bots)" "www.ysfine.com"
95.163.255.71 - - [05/Oct/2022:11:28:15 -0700] "GET /home/fotos/taylor33.jpg HTTP/1.1" 200 206804 "http://go.mail.ru/search_images" "Mozilla/5.0 (compatible; Linux x86_64; Mail.RU_Bot/Img/2.0; +https://help.mail.ru/webmaster/indexing/robots)" "www.ysfine.com"
95.163.255.61 - - [05/Oct/2022:11:28:20 -0700] "GET /einstein/bohrkierk.html HTTP/1.1" 404 88 "http://go.mail.ru/search_images" "Mozilla/5.0 (compatible; Linux x86_64; Mail.RU_Bot/Img/2.0; +https://help.mail.ru/webmaster/indexing/robots)" "www.ysfine.com"
103.72.79.36 - - [05/Oct/2022:11:28:55 -0700] "GET /wp-login.php HTTP/1.1" 404 88 "http://ysfine.com/wp-login.php" "Mozilla/5.0 (X11; Ubuntu; Linux x86_64; rv:62.0) Gecko/20100101 Firefox/62.0" "ysfine.com"
185.191.171.15 - - [05/Oct/2022:11:29:46 -0700] "GET /robots.txt HTTP/1.1" 404 88 "-" "Mozilla/5.0 (compatible; SemrushBot/7~bl; +http://www.semrush.com/bot.html)" "ysfine.com"
185.191.171.7 - - [05/Oct/2022:11:29:47 -0700] "GET /class54/class5470/total_data/sub_8126.htm HTTP/1.1" 200 3489 "-" "Mozilla/5.0 (compatible; SemrushBot/7~bl; +http://www.semrush.com/bot.html)" "ysfine.com"
157.55.39.55 - - [05/Oct/2022:11:29:48 -0700] "GET /friends/sl2017.html HTTP/1.1" 404 88 "-" "Mozilla/5.0 (compatible; bingbot/2.0; +http://www.bing.com/bingbot.htm)" "www.ysfine.com"
157.55.39.55 - - [05/Oct/2022:11:31:07 -0700] "GET /yspapers/qboil17a.jpg HTTP/1.1" 200 31474 "-" "Mozilla/5.0 (compatible; bingbot/2.0; +http://www.bing.com/bingbot.htm)" "ysfine.com"
157.55.39.128 - - [05/Oct/2022:11:32:18 -0700] "GET /wdc/vietwar33.jpg HTTP/1.1" 200 80788 "-" "Mozilla/5.0 (compatible; bingbot/2.0; +http://www.bing.com/bingbot.htm)" "www.ysfine.com"
207.46.13.102 - - [05/Oct/2022:11:32:19 -0700] "GET /maga/phys/farad15b.jpg HTTP/1.1" 200 30917 "-" "Mozilla/5.0 (compatible; bingbot/2.0; +http://www.bing.com/bingbot.htm)" "ysfine.com"
207.46.13.102 - - [05/Oct/2022:11:33:00 -0700] "GET /world/germany/mucf27.jpg HTTP/1.1" 200 114997 "-" "Mozilla/5.0 (compatible; bingbot/2.0; +http://www.bing.com/bingbot.htm)" "www.ysfine.com"
128.92.153.3 - - [05/Oct/2022:11:34:01 -0700] "GET /maga/phys/schrod11.jpg HTTP/1.1" 200 107958 "https://www.google.com/" "Mozilla/5.0 (X11; CrOS x86_64 14989.107.0) AppleWebKit/537.36 (KHTML, like Gecko) Chrome/105.0.0.0 Safari/537.36" "ysfine.com"
62.74.19.190 - - [05/Oct/2022:11:34:09 -0700] "GET /jobs/index.html HTTP/1.1" 200 123 "-" "Mozilla/5.0 (Windows NT 10.0; Win64; x64) AppleWebKit/537.36 (KHTML, like Gecko) Chrome/105.0.0.0 Safari/537.36" "ysfine.com"
62.74.19.190 - - [05/Oct/2022:11:34:10 -0700] "GET /jobs/koreaj.html HTTP/1.1" 200 10214 "https://ysfine.com/jobs/joleft.html" "Mozilla/5.0 (Windows NT 10.0; Win64; x64) AppleWebKit/537.36 (KHTML, like Gecko) Chrome/105.0.0.0 Safari/537.36" "ysfine.com"
62.74.19.190 - - [05/Oct/2022:11:34:10 -0700] "GET /jobs/joleft.html HTTP/1.1" 200 334 "https://ysfine.com/jobs/index.html" "Mozilla/5.0 (Windows NT 10.0; Win64; x64) AppleWebKit/537.36 (KHTML, like Gecko) Chrome/105.0.0.0 Safari/537.36" "ysfine.com"
62.74.19.190 - - [05/Oct/2022:11:34:10 -0700] "GET /jobs/koreaj11b.jpg HTTP/1.1" 200 67543 "https://ysfine.com/jobs/koreaj.html" "Mozilla/5.0 (Windows NT 10.0; Win64; x64) AppleWebKit/537.36 (KHTML, like Gecko) Chrome/105.0.0.0 Safari/537.36" "ysfine.com"
62.74.19.190 - - [05/Oct/2022:11:34:11 -0700] "GET /favicon.ico HTTP/1.1" 404 88 "https://ysfine.com/jobs/index.html" "Mozilla/5.0 (Windows NT 10.0; Win64; x64) AppleWebKit/537.36 (KHTML, like Gecko) Chrome/105.0.0.0 Safari/537.36" "ysfine.com"
194.26.192.186 - - [05/Oct/2022:11:34:57 -0700] "GET /usca/pitt/pnc02.jpg HTTP/1.1" 200 103935 "-" "Mozilla/5.0 (Windows NT 10.0; rv:91.0) Gecko/20100101 Firefox/91.0" "ysfine.com"
3.84.24.248 - - [05/Oct/2022:11:35:27 -0700] "GET /explore HTTP/1.1" 404 88 "-" "Mozilla/5.0 (Linux; U; Android 1.5; de-de; HTC Magic Build/PLAT-RC33) AppleWebKit/528.5  (KHTML, like Gecko) Version/3.1.2 Mobile Safari/525.20.1 FirePHP/0.3" "ysfine.com"
157.55.39.128 - - [05/Oct/2022:11:36:07 -0700] "GET /maga/phil/kanthegel55.jpg HTTP/1.1" 200 163134 "-" "Mozilla/5.0 AppleWebKit/537.36 (KHTML, like Gecko; compatible; bingbot/2.0; +http://www.bing.com/bingbot.htm) Chrome/103.0.5060.134 Safari/537.36" "ysfine.com"
66.249.70.30 - - [05/Oct/2022:11:36:51 -0700] "GET /robots.txt HTTP/1.1" 404 88 "-" "Mozilla/5.0 (compatible; Googlebot/2.1; +http://www.google.com/bot.html)" "ysfine.com"
5.107.148.106 - - [05/Oct/2022:11:36:57 -0700] "GET /world/ital/vicenza04.jpg HTTP/1.1" 200 177718 "https://www.google.co.kr/" "Mozilla/5.0 (Linux; Android 8.0.0; SAMSUNG SM-G935S) AppleWebKit/537.36 (KHTML, like Gecko) SamsungBrowser/18.0 Chrome/99.0.4844.88 Mobile Safari/537.36" "ysfine.com"
125.123.138.209 - - [05/Oct/2022:11:37:20 -0700] "GET / HTTP/1.1" 200 5283 "-" "Mozilla/5.0 (Windows NT 5.0) AppleWebKit/537.36 (KHTML like Gecko) Chrome/50.0.2661.102 Safari/537.36" "ysfine.com"
125.123.138.209 - - [05/Oct/2022:11:37:22 -0700] "GET / HTTP/1.1" 200 5283 "-" "Mozilla/5.0 (Windows NT 5.0) AppleWebKit/537.36 (KHTML like Gecko) Chrome/50.0.2661.102 Safari/537.36" "ysfine.com"
125.123.138.209 - - [05/Oct/2022:11:37:23 -0700] "GET /jobs/index.html HTTP/1.1" 200 123 "-" "Mozilla/5.0 (Windows NT 6.1; WOW64) AppleWebKit/537.36 (KHTML, like Gecko) Chrome/66.0.3359.181 Safari/537.36" "ysfine.com"
125.123.138.209 - - [05/Oct/2022:11:37:26 -0700] "GET /yspapers/index.html HTTP/1.1" 200 21306 "-" "Mozilla/5.0 (Windows NT 6.1; WOW64) AppleWebKit/537.36 (KHTML, like Gecko) Chrome/66.0.3359.181 Safari/537.36" "ysfine.com"
125.123.138.209 - - [05/Oct/2022:11:37:26 -0700] "GET /eink/index.html HTTP/1.1" 200 17659 "-" "Mozilla/5.0 (Windows NT 6.1; WOW64) AppleWebKit/537.36 (KHTML, like Gecko) Chrome/66.0.3359.181 Safari/537.36" "ysfine.com"
125.123.138.209 - - [05/Oct/2022:11:37:26 -0700] "GET /world/ysworld.html HTTP/1.1" 200 3195 "-" "Mozilla/5.0 (Windows NT 6.1; WOW64) AppleWebKit/537.36 (KHTML, like Gecko) Chrome/66.0.3359.181 Safari/537.36" "ysfine.com"
125.123.138.209 - - [05/Oct/2022:11:37:26 -0700] "GET /home/index.html HTTP/1.1" 200 142 "-" "Mozilla/5.0 (Windows NT 6.1; WOW64) AppleWebKit/537.36 (KHTML, like Gecko) Chrome/66.0.3359.181 Safari/537.36" "ysfine.com"
125.123.138.209 - - [05/Oct/2022:11:37:27 -0700] "GET /home/bio.html HTTP/1.1" 404 88 "-" "Mozilla/5.0 (Windows NT 6.1; WOW64) AppleWebKit/537.36 (KHTML, like Gecko) Chrome/66.0.3359.181 Safari/537.36" "ysfine.com"
125.123.138.209 - - [05/Oct/2022:11:37:27 -0700] "GET /eink/mose.html HTTP/1.1" 200 14315 "-" "Mozilla/5.0 (Windows NT 6.1; WOW64) AppleWebKit/537.36 (KHTML, like Gecko) Chrome/66.0.3359.181 Safari/537.36" "ysfine.com"
125.123.138.209 - - [05/Oct/2022:11:37:27 -0700] "GET /eink/index.html HTTP/1.1" 200 17659 "-" "Mozilla/5.0 (Windows NT 6.1; WOW64) AppleWebKit/537.36 (KHTML, like Gecko) Chrome/66.0.3359.181 Safari/537.36" "ysfine.com"
125.123.138.209 - - [05/Oct/2022:11:37:27 -0700] "GET /home/bio77.html HTTP/1.1" 404 88 "-" "Mozilla/5.0 (Windows NT 6.1; WOW64) AppleWebKit/537.36 (KHTML, like Gecko) Chrome/66.0.3359.181 Safari/537.36" "ysfine.com"
125.123.138.209 - - [05/Oct/2022:11:37:27 -0700] "GET /awards/index.html HTTP/1.1" 200 9993 "-" "Mozilla/5.0 (Windows NT 6.1; WOW64) AppleWebKit/537.36 (KHTML, like Gecko) Chrome/66.0.3359.181 Safari/537.36" "ysfine.com"
125.123.138.209 - - [05/Oct/2022:11:37:28 -0700] "GET /einstein/index.html HTTP/1.1" 200 135 "-" "Mozilla/5.0 (Windows NT 6.1; WOW64) AppleWebKit/537.36 (KHTML, like Gecko) Chrome/66.0.3359.181 Safari/537.36" "ysfine.com"
93.158.161.40 - - [05/Oct/2022:11:38:13 -0700] "GET /heisen/heisen22.jpg HTTP/1.1" 200 82807 "-" "Mozilla/5.0 (compatible; YandexImages/3.0; +http://yandex.com/bots)" "www.ysfine.com"
79.161.243.9 - - [05/Oct/2022:11:38:40 -0700] "GET /kobak/1014c.jpg HTTP/1.1" 200 164928 "https://www.google.com/" "Mozilla/5.0 (Linux; Android 12; SM-G975F Build/SP1A.210812.016; wv) AppleWebKit/537.36 (KHTML, like Gecko) Version/4.0 Chrome/105.0.5195.136 Mobile Safari/537.36 GoogleApp/13.38.11.26.arm64" "ysfine.com"
157.55.39.58 - - [05/Oct/2022:11:39:57 -0700] "GET /world/germany/hegel19.jpg HTTP/1.1" 200 99357 "-" "Mozilla/5.0 (compatible; bingbot/2.0; +http://www.bing.com/bingbot.htm)" "ysfine.com"
5.197.219.239 - - [05/Oct/2022:11:40:42 -0700] "GET /einstein/einbohr33.jpg HTTP/1.1" 200 87797 "https://www.google.com/" "Mozilla/5.0 (Linux; Android 10; Redmi Note 9S) AppleWebKit/537.36 (KHTML, like Gecko) Chrome/105.0.0.0 Mobile Safari/537.36" "ysfine.com"
62.158.166.174 - - [05/Oct/2022:11:41:21 -0700] "GET /feynman/feychin.jpg HTTP/1.1" 200 33472 "https://www.google.com/" "Mozilla/5.0 (Windows NT 10.0; Win64; x64; rv:105.0) Gecko/20100101 Firefox/105.0" "ysfine.com"
157.55.39.58 - - [05/Oct/2022:11:43:18 -0700] "GET /princeton/brooke04.jpg HTTP/1.1" 200 117666 "-" "Mozilla/5.0 (compatible; bingbot/2.0; +http://www.bing.com/bingbot.htm)" "www.ysfine.com"
157.55.39.128 - - [05/Oct/2022:11:43:28 -0700] "GET /beau/aline/pakis22.jpg HTTP/1.1" 404 88 "-" "Mozilla/5.0 (compatible; bingbot/2.0; +http://www.bing.com/bingbot.htm)" "ysfine.com"
20.191.45.212 - - [05/Oct/2022:11:44:59 -0700] "GET / HTTP/1.1" 200 5283 "https://www.ysfine.com/" "Mozilla/5.0 (compatible; DuckDuckGo-Favicons-Bot/1.0; +http://duckduckgo.com)" "www.ysfine.com"
20.191.45.212 - - [05/Oct/2022:11:44:59 -0700] "GET /favicon.ico HTTP/1.1" 404 88 "https://www.ysfine.com/favicon.ico" "Mozilla/5.0 (compatible; DuckDuckGo-Favicons-Bot/1.0; +http://duckduckgo.com)" "www.ysfine.com"
20.191.45.212 - - [05/Oct/2022:11:45:00 -0700] "GET /favicon.ico HTTP/1.1" 404 88 "https://www.ysfine.com/favicon.ico" "Mozilla/5.0 (compatible; DuckDuckGo-Favicons-Bot/1.0; +http://duckduckgo.com)" "www.ysfine.com"
157.55.39.127 - - [05/Oct/2022:11:45:57 -0700] "GET /kowar/war02.html HTTP/1.1" 304 - "-" "Mozilla/5.0 (compatible; bingbot/2.0; +http://www.bing.com/bingbot.htm)" "ysfine.com"
17.121.112.63 - - [05/Oct/2022:11:45:58 -0700] "GET /dirac/dirfeyn.html HTTP/1.1" 200 6341 "-" "Mozilla/5.0 (Macintosh; Intel Mac OS X 10_15_5) AppleWebKit/605.1.15 (KHTML, like Gecko) Version/13.1.1 Safari/605.1.15 (Applebot/0.1; +http://www.apple.com/go/applebot)" "ysfine.com"
82.65.251.37 - - [05/Oct/2022:11:46:22 -0700] "GET /maga/phys/yukafeyn.jpg HTTP/1.1" 200 111167 "https://www.google.com/" "Mozilla/5.0 (Windows NT 10.0; Win64; x64; rv:105.0) Gecko/20100101 Firefox/105.0" "ysfine.com"
5.107.148.106 - - [05/Oct/2022:11:47:24 -0700] "GET /world/ital/vicenza04.jpg HTTP/1.1" 200 177718 "https://www.google.co.kr/" "Mozilla/5.0 (Linux; Android 8.0.0; SAMSUNG SM-G935S) AppleWebKit/537.36 (KHTML, like Gecko) SamsungBrowser/18.0 Chrome/99.0.4844.88 Mobile Safari/537.36" "ysfine.com"
157.55.39.128 - - [05/Oct/2022:11:47:59 -0700] "GET /world/ital/rome174.jpg HTTP/1.1" 200 168321 "-" "Mozilla/5.0 (compatible; bingbot/2.0; +http://www.bing.com/bingbot.htm)" "www.ysfine.com"
222.229.195.191 - - [05/Oct/2022:11:48:59 -0700] "GET /einstein/einbohr33.jpg HTTP/1.1" 200 87797 "https://www.google.com/" "Mozilla/5.0 (Windows NT 10.0; Win64; x64; rv:105.0) Gecko/20100101 Firefox/105.0" "ysfine.com"
77.75.78.167 - - [05/Oct/2022:11:49:53 -0700] "GET /robots.txt HTTP/1.1" 404 88 "-" "Mozilla/5.0 (compatible; SeznamBot/3.2; +http://napoveda.seznam.cz/en/seznambot-intro/)" "ysfine.com"
77.75.78.167 - - [05/Oct/2022:11:49:54 -0700] "GET /princeton/nasshall01.jpg HTTP/1.1" 200 169242 "-" "Mozilla/5.0 (compatible; SeznamBot/3.2; +http://napoveda.seznam.cz/en/seznambot-intro/)" "ysfine.com"
77.75.78.167 - - [05/Oct/2022:11:50:05 -0700] "GET /maga/phys/coperni101.jpg HTTP/1.1" 200 66037 "-" "Mozilla/5.0 (compatible; SeznamBot/3.2; +http://napoveda.seznam.cz/en/seznambot-intro/)" "ysfine.com"
77.75.78.167 - - [05/Oct/2022:11:50:07 -0700] "GET /style/musee/vatim05.jpg HTTP/1.1" 200 63084 "-" "Mozilla/5.0 (compatible; SeznamBot/3.2; +http://napoveda.seznam.cz/en/seznambot-intro/)" "ysfine.com"
77.75.78.167 - - [05/Oct/2022:11:50:09 -0700] "GET /princeton/nassin08.jpg HTTP/1.1" 200 191776 "-" "Mozilla/5.0 (compatible; SeznamBot/3.2; +http://napoveda.seznam.cz/en/seznambot-intro/)" "ysfine.com"
157.55.39.127 - - [05/Oct/2022:11:50:38 -0700] "GET /world/ital/rome052.jpg HTTP/1.1" 200 79709 "-" "Mozilla/5.0 (compatible; bingbot/2.0; +http://www.bing.com/bingbot.htm)" "ysfine.com"
17.121.115.12 - - [05/Oct/2022:11:51:35 -0700] "GET /feynman/fphoto.html HTTP/1.1" 200 3714 "-" "Mozilla/5.0 (Macintosh; Intel Mac OS X 10_15_5) AppleWebKit/605.1.15 (KHTML, like Gecko) Version/13.1.1 Safari/605.1.15 (Applebot/0.1; +http://www.apple.com/go/applebot)" "ysfine.com"
157.55.39.58 - - [05/Oct/2022:11:54:40 -0700] "GET /world/balkan/ath002c.jpg HTTP/1.1" 200 44714 "-" "Mozilla/5.0 (compatible; bingbot/2.0; +http://www.bing.com/bingbot.htm)" "www.ysfine.com"
207.46.13.102 - - [05/Oct/2022:11:54:45 -0700] "GET /world/russ/kazan078.jpg HTTP/1.1" 200 110344 "-" "Mozilla/5.0 (compatible; bingbot/2.0; +http://www.bing.com/bingbot.htm)" "www.ysfine.com"
157.55.39.127 - - [05/Oct/2022:11:54:59 -0700] "GET /world/russ/spbf29.jpg HTTP/1.1" 200 191163 "-" "Mozilla/5.0 (compatible; bingbot/2.0; +http://www.bing.com/bingbot.htm)" "ysfine.com"
162.55.168.42 - - [05/Oct/2022:11:56:00 -0700] "GET /princeton/westmin33b.jpg HTTP/1.1" 200 52200 "-" "Mozilla/5.0 (X11; Fedora; Linux x86_64) AppleWebKit/537.36 (KHTML, like Gecko) Chrome/79.0.3945.117 Safari/537.36" "www.ysfine.com"
77.88.5.245 - - [05/Oct/2022:11:56:20 -0700] "GET /people/facu63b.jpg HTTP/1.1" 200 47712 "-" "Mozilla/5.0 (compatible; YandexImages/3.0; +http://yandex.com/bots)" "www.ysfine.com"
157.55.39.55 - - [05/Oct/2022:11:56:59 -0700] "GET /world/brit/harrow02.jpg HTTP/1.1" 200 92363 "-" "Mozilla/5.0 (compatible; bingbot/2.0; +http://www.bing.com/bingbot.htm)" "www.ysfine.com"
216.244.66.229 - - [05/Oct/2022:11:57:02 -0700] "GET /robots.txt HTTP/1.1" 404 73 "-" "Mozilla/5.0 (compatible; DotBot/1.2; +https://opensiteexplorer.org/dotbot; help@moz.com)" "www.ysfine.com"
157.55.39.58 - - [05/Oct/2022:11:57:22 -0700] "GET /kobak/rhee12b.jpg HTTP/1.1" 200 49113 "-" "Mozilla/5.0 AppleWebKit/537.36 (KHTML, like Gecko; compatible; bingbot/2.0; +http://www.bing.com/bingbot.htm) Chrome/103.0.5060.134 Safari/537.36" "ysfine.com"
40.77.167.27 - - [05/Oct/2022:11:58:34 -0700] "GET /world/ital/flor020.jpg HTTP/1.1" 200 94393 "-" "Mozilla/5.0 (compatible; bingbot/2.0; +http://www.bing.com/bingbot.htm)" "ysfine.com"
207.46.13.102 - - [05/Oct/2022:11:59:02 -0700] "GET /wigner/wigwein00.jpg HTTP/1.1" 200 89514 "-" "Mozilla/5.0 (compatible; bingbot/2.0; +http://www.bing.com/bingbot.htm)" "ysfine.com"
157.55.39.55 - - [05/Oct/2022:11:59:10 -0700] "GET /world/russ/volga12.jpg HTTP/1.1" 200 112593 "-" "Mozilla/5.0 (compatible; bingbot/2.0; +http://www.bing.com/bingbot.htm)" "ysfine.com"
216.244.66.229 - - [05/Oct/2022:11:59:11 -0700] "GET /feynman/feyphil.html HTTP/1.1" 200 7777 "-" "Mozilla/5.0 (compatible; DotBot/1.2; +https://opensiteexplorer.org/dotbot; help@moz.com)" "www.ysfine.com"
216.244.66.229 - - [05/Oct/2022:11:59:16 -0700] "GET /wisdom/wk03.html HTTP/1.1" 200 237557 "-" "Mozilla/5.0 (compatible; DotBot/1.2; +https://opensiteexplorer.org/dotbot; help@moz.com)" "www.ysfine.com"
157.55.39.58 - - [05/Oct/2022:11:59:40 -0700] "GET /world/france/chagall30b.jpg HTTP/1.1" 200 51086 "-" "Mozilla/5.0 AppleWebKit/537.36 (KHTML, like Gecko; compatible; bingbot/2.0; +http://www.bing.com/bingbot.htm) Chrome/103.0.5060.134 Safari/537.36" "www.ysfine.com"
157.55.39.127 - - [05/Oct/2022:11:59:49 -0700] "GET /eink/kbrain11a.jpg HTTP/1.1" 200 46677 "-" "Mozilla/5.0 (compatible; bingbot/2.0; +http://www.bing.com/bingbot.htm)" "ysfine.com"
157.55.39.128 - - [05/Oct/2022:11:59:49 -0700] "GET /world/russ/mosmusic53b.jpg HTTP/1.1" 200 36509 "-" "Mozilla/5.0 (compatible; bingbot/2.0; +http://www.bing.com/bingbot.htm)" "www.ysfine.com"
207.46.13.102 - - [05/Oct/2022:12:00:12 -0700] "GET /wigner/isomor66b.jpg HTTP/1.1" 200 60963 "-" "Mozilla/5.0 (compatible; bingbot/2.0; +http://www.bing.com/bingbot.htm)" "ysfine.com"
157.55.39.55 - - [05/Oct/2022:12:00:21 -0700] "GET /sbk/2013waw01.jpg HTTP/1.1" 200 108703 "-" "Mozilla/5.0 (compatible; bingbot/2.0; +http://www.bing.com/bingbot.htm)" "ysfine.com"
157.55.39.58 - - [05/Oct/2022:12:00:40 -0700] "GET /world/israel/tlv24.jpg HTTP/1.1" 200 239484 "-" "Mozilla/5.0 (compatible; bingbot/2.0; +http://www.bing.com/bingbot.htm)" "ysfine.com"
17.121.112.125 - - [05/Oct/2022:12:01:12 -0700] "GET /einstein/einbohr.html HTTP/1.1" 200 6142 "-" "Mozilla/5.0 (Macintosh; Intel Mac OS X 10_15_5) AppleWebKit/605.1.15 (KHTML, like Gecko) Version/13.1.1 Safari/605.1.15 (Applebot/0.1; +http://www.apple.com/go/applebot)" "ysfine.com"
216.244.66.229 - - [05/Oct/2022:12:01:22 -0700] "GET /maga/yukawa.html HTTP/1.1" 200 14202 "-" "Mozilla/5.0 (compatible; DotBot/1.2; +https://opensiteexplorer.org/dotbot; help@moz.com)" "www.ysfine.com"
157.55.39.128 - - [05/Oct/2022:12:01:50 -0700] "GET /wdc/nga07.jpg HTTP/1.1" 200 92170 "-" "Mozilla/5.0 (compatible; bingbot/2.0; +http://www.bing.com/bingbot.htm)" "ysfine.com"
216.244.66.229 - - [05/Oct/2022:12:01:53 -0700] "GET /dirac/dirpoet.html HTTP/1.1" 200 22386 "-" "Mozilla/5.0 (compatible; DotBot/1.2; +https://opensiteexplorer.org/dotbot; help@moz.com)" "www.ysfine.com"
216.244.66.229 - - [05/Oct/2022:12:02:24 -0700] "GET /class54/oldr.html HTTP/1.1" 200 12904 "-" "Mozilla/5.0 (compatible; DotBot/1.2; +https://opensiteexplorer.org/dotbot; help@moz.com)" "www.ysfine.com"
157.55.39.128 - - [05/Oct/2022:12:03:10 -0700] "GET /maga/phys/faradm05.jpg HTTP/1.1" 200 80986 "-" "Mozilla/5.0 (compatible; bingbot/2.0; +http://www.bing.com/bingbot.htm)" "ysfine.com"
157.55.39.58 - - [05/Oct/2022:12:03:11 -0700] "GET /princeton/rheepr02.jpg HTTP/1.1" 200 69808 "-" "Mozilla/5.0 AppleWebKit/537.36 (KHTML, like Gecko; compatible; bingbot/2.0; +http://www.bing.com/bingbot.htm) Chrome/103.0.5060.134 Safari/537.36" "www.ysfine.com"
192.203.137.242 - - [05/Oct/2022:12:03:15 -0700] "GET /princeton/alexan22.jpg HTTP/1.1" 200 175436 "https://www.google.com/" "Mozilla/5.0 (iPhone; CPU iPhone OS 15_6_1 like Mac OS X) AppleWebKit/605.1.15 (KHTML, like Gecko) Version/15.6.1 Mobile/15E148 Safari/604.1" "ysfine.com"
157.55.39.127 - - [05/Oct/2022:12:03:29 -0700] "GET /world/scandi/copen055.jpg HTTP/1.1" 200 92915 "-" "Mozilla/5.0 AppleWebKit/537.36 (KHTML, like Gecko; compatible; bingbot/2.0; +http://www.bing.com/bingbot.htm) Chrome/103.0.5060.134 Safari/537.36" "ysfine.com"
157.55.39.127 - - [05/Oct/2022:12:04:30 -0700] "GET /world/ital/romef101.jpg HTTP/1.1" 200 72537 "-" "Mozilla/5.0 AppleWebKit/537.36 (KHTML, like Gecko; compatible; bingbot/2.0; +http://www.bing.com/bingbot.htm) Chrome/103.0.5060.134 Safari/537.36" "ysfine.com"
86.43.198.107 - - [05/Oct/2022:12:04:59 -0700] "GET /world/germany/vienna05.jpg HTTP/1.1" 200 183747 "https://www.bing.com/" "Mozilla/5.0 (Windows NT 10.0; Win64; x64) AppleWebKit/537.36 (KHTML, like Gecko) Chrome/105.0.0.0 Safari/537.36 Edg/105.0.1343.53" "www.ysfine.com"
207.46.13.102 - - [05/Oct/2022:12:05:03 -0700] "GET /usca/pitt/pghrail33.jpg HTTP/1.1" 200 118198 "-" "Mozilla/5.0 (compatible; bingbot/2.0; +http://www.bing.com/bingbot.htm)" "www.ysfine.com"
207.46.13.102 - - [05/Oct/2022:12:07:02 -0700] "GET /world/russ/minsk079.jpg HTTP/1.1" 200 103300 "-" "Mozilla/5.0 AppleWebKit/537.36 (KHTML, like Gecko; compatible; bingbot/2.0; +http://www.bing.com/bingbot.htm) Chrome/103.0.5060.134 Safari/537.36" "ysfine.com"
17.121.114.76 - - [05/Oct/2022:12:08:07 -0700] "GET /wigner/index.html HTTP/1.1" 200 124 "-" "Mozilla/5.0 (Macintosh; Intel Mac OS X 10_15_5) AppleWebKit/605.1.15 (KHTML, like Gecko) Version/13.1.1 Safari/605.1.15 (Applebot/0.1; +http://www.apple.com/go/applebot)" "ysfine.com"
157.55.39.128 - - [05/Oct/2022:12:08:21 -0700] "GET /world/ital/romef103.jpg HTTP/1.1" 200 104167 "-" "Mozilla/5.0 (compatible; bingbot/2.0; +http://www.bing.com/bingbot.htm)" "www.ysfine.com"
157.40.88.37 - - [05/Oct/2022:12:08:42 -0700] "GET /wigner/little11.pdf HTTP/1.1" 200 156821 "-" "Dalvik/2.1.0 (Linux; U; Android 11; RMX2081 Build/RKQ1.200928.002)" "ysfine.com"
185.191.171.34 - - [05/Oct/2022:12:08:44 -0700] "GET /robots.txt HTTP/1.1" 404 88 "-" "Mozilla/5.0 (compatible; SemrushBot/7~bl; +http://www.semrush.com/bot.html)" "www.ysfine.com"
185.191.171.44 - - [05/Oct/2022:12:08:44 -0700] "GET /world/latina/feynplate.html HTTP/1.1" 200 1525 "-" "Mozilla/5.0 (compatible; SemrushBot/7~bl; +http://www.semrush.com/bot.html)" "www.ysfine.com"
173.73.80.118 - - [05/Oct/2022:12:08:44 -0700] "GET /ys11/index.html HTTP/1.1" 304 - "https://www.bing.com/" "Mozilla/5.0 (Windows NT 10.0; Win64; x64) AppleWebKit/537.36 (KHTML, like Gecko) Chrome/106.0.0.0 Safari/537.36 Edg/106.0.1370.34" "www.ysfine.com"
173.73.80.118 - - [05/Oct/2022:12:08:44 -0700] "GET /favicon.ico HTTP/1.1" 404 88 "https://www.ysfine.com/ys11/index.html" "Mozilla/5.0 (Windows NT 10.0; Win64; x64) AppleWebKit/537.36 (KHTML, like Gecko) Chrome/106.0.0.0 Safari/537.36 Edg/106.0.1370.34" "www.ysfine.com"
173.73.80.118 - - [05/Oct/2022:12:10:08 -0700] "GET /ys11/ HTTP/1.1" 304 - "-" "Mozilla/5.0 (Windows NT 10.0; Win64; x64) AppleWebKit/537.36 (KHTML, like Gecko) Chrome/105.0.5195.127 Safari/537.36" "ysfine.com"
173.73.80.118 - - [05/Oct/2022:12:10:08 -0700] "GET /favicon.ico HTTP/1.1" 404 88 "https://ysfine.com/ys11/" "Mozilla/5.0 (Windows NT 10.0; Win64; x64) AppleWebKit/537.36 (KHTML, like Gecko) Chrome/105.0.5195.127 Safari/537.36" "ysfine.com"
157.55.39.58 - - [05/Oct/2022:12:10:11 -0700] "GET /princeton/nasshall15.jpg HTTP/1.1" 200 142415 "-" "Mozilla/5.0 (compatible; bingbot/2.0; +http://www.bing.com/bingbot.htm)" "ysfine.com"
207.46.13.102 - - [05/Oct/2022:12:10:53 -0700] "GET /world/ital/milvio02.jpg HTTP/1.1" 200 92951 "-" "Mozilla/5.0 (compatible; bingbot/2.0; +http://www.bing.com/bingbot.htm)" "www.ysfine.com"
119.18.77.97 - - [05/Oct/2022:12:10:57 -0700] "GET /dirac/wigsis11.jpg HTTP/1.1" 200 71741 "https://www.google.com/" "Mozilla/5.0 (Windows NT 10.0; Win64; x64) AppleWebKit/537.36 (KHTML, like Gecko) Chrome/106.0.0.0 Safari/537.36" "ysfine.com"
157.55.39.127 - - [05/Oct/2022:12:11:40 -0700] "GET /wdc/whouse05.jpg HTTP/1.1" 200 75352 "-" "Mozilla/5.0 AppleWebKit/537.36 (KHTML, like Gecko; compatible; bingbot/2.0; +http://www.bing.com/bingbot.htm) Chrome/103.0.5060.134 Safari/537.36" "ysfine.com"
157.55.39.128 - - [05/Oct/2022:12:12:10 -0700] "GET /newyork/trump56b.jpg HTTP/1.1" 200 45669 "-" "Mozilla/5.0 AppleWebKit/537.36 (KHTML, like Gecko; compatible; bingbot/2.0; +http://www.bing.com/bingbot.htm) Chrome/103.0.5060.134 Safari/537.36" "ysfine.com"
157.55.39.128 - - [05/Oct/2022:12:12:11 -0700] "GET /world/ital/medici51.jpg HTTP/1.1" 200 121536 "-" "Mozilla/5.0 (compatible; bingbot/2.0; +http://www.bing.com/bingbot.htm)" "ysfine.com"
40.77.167.27 - - [05/Oct/2022:12:12:37 -0700] "GET /usca/pitt/steelm01.jpg HTTP/1.1" 200 36650 "-" "Mozilla/5.0 (compatible; bingbot/2.0; +http://www.bing.com/bingbot.htm)" "ysfine.com"
99.195.147.16 - - [05/Oct/2022:12:12:50 -0700] "GET /world/baltic/kalinmap99.jpg HTTP/1.1" 200 104807 "https://www.google.com/" "Mozilla/5.0 (Linux; Android 9; SM-S767VL) AppleWebKit/537.36 (KHTML, like Gecko) Chrome/105.0.0.0 Mobile Safari/537.36" "ysfine.com"
3.68.30.145 - - [05/Oct/2022:12:13:07 -0700] "GET /einstein/heisenberg.html HTTP/1.1" 200 10552 "-" "Mozilla/5.0 (Macintosh; Intel Mac OS X 10_13_6) AppleWebKit/537.36 (KHTML, like Gecko) Chrome/67.0.3396.99 Safari/537.36" "ysfine.com"
17.121.114.166 - - [05/Oct/2022:12:16:09 -0700] "GET /world/ysworld.html HTTP/1.1" 200 3195 "-" "Mozilla/5.0 (Macintosh; Intel Mac OS X 10_15_5) AppleWebKit/605.1.15 (KHTML, like Gecko) Version/13.1.1 Safari/605.1.15 (Applebot/0.1; +http://www.apple.com/go/applebot)" "ysfine.com"
77.88.5.245 - - [05/Oct/2022:12:17:16 -0700] "GET /world/france/luxem08b.jpg HTTP/1.1" 200 65172 "-" "Mozilla/5.0 (compatible; YandexImages/3.0; +http://yandex.com/bots)" "ysfine.com"
40.77.167.27 - - [05/Oct/2022:12:17:27 -0700] "GET /style/musee/britmu30.jpg HTTP/1.1" 200 93611 "-" "Mozilla/5.0 (compatible; bingbot/2.0; +http://www.bing.com/bingbot.htm)" "ysfine.com"
40.77.167.27 - - [05/Oct/2022:12:17:29 -0700] "GET /newyork/colum01.jpg HTTP/1.1" 200 99832 "-" "Mozilla/5.0 (compatible; bingbot/2.0; +http://www.bing.com/bingbot.htm)" "ysfine.com"
157.55.39.55 - - [05/Oct/2022:12:17:33 -0700] "GET /maga/maxedin.html HTTP/1.1" 200 6756 "-" "Mozilla/5.0 AppleWebKit/537.36 (KHTML, like Gecko; compatible; bingbot/2.0; +http://www.bing.com/bingbot.htm) Chrome/103.0.5060.134 Safari/537.36" "www.ysfine.com"
