89.139.224.186 - - [05/Oct/2022:03:36:02 -0700] "GET /beau/parthen03b.jpg HTTP/1.1" 404 88 "https://ysfine.com/feynman/feynart.html" "Mozilla/5.0 (Linux; Android 11; SM-A725F) AppleWebKit/537.36 (KHTML, like Gecko) Chrome/105.0.0.0 Mobile Safari/537.36" "ysfine.com"
89.139.224.186 - - [05/Oct/2022:03:36:02 -0700] "GET /feynman/restof05b.jpg HTTP/1.1" 200 20819 "https://ysfine.com/feynman/feynart.html" "Mozilla/5.0 (Linux; Android 11; SM-A725F) AppleWebKit/537.36 (KHTML, like Gecko) Chrome/105.0.0.0 Mobile Safari/537.36" "ysfine.com"
89.139.224.186 - - [05/Oct/2022:03:36:02 -0700] "GET /style/venus02b.jpg HTTP/1.1" 200 50071 "https://ysfine.com/feynman/feynart.html" "Mozilla/5.0 (Linux; Android 11; SM-A725F) AppleWebKit/537.36 (KHTML, like Gecko) Chrome/105.0.0.0 Mobile Safari/537.36" "ysfine.com"
89.139.224.186 - - [05/Oct/2022:03:36:02 -0700] "GET /world/scandi/vaxdoll33b.jpg HTTP/1.1" 200 56336 "https://ysfine.com/feynman/feynart.html" "Mozilla/5.0 (Linux; Android 11; SM-A725F) AppleWebKit/537.36 (KHTML, like Gecko) Chrome/105.0.0.0 Mobile Safari/537.36" "ysfine.com"
89.139.224.186 - - [05/Oct/2022:03:36:03 -0700] "GET /favicon.ico HTTP/1.1" 404 88 "https://ysfine.com/feynman/feynart.html" "Mozilla/5.0 (Linux; Android 11; SM-A725F) AppleWebKit/537.36 (KHTML, like Gecko) Chrome/105.0.0.0 Mobile Safari/537.36" "ysfine.com"
157.55.39.58 - - [05/Oct/2022:03:36:32 -0700] "GET /world/russ/gum31.jpg HTTP/1.1" 200 96215 "-" "Mozilla/5.0 AppleWebKit/537.36 (KHTML, like Gecko; compatible; bingbot/2.0; +http://www.bing.com/bingbot.htm) Chrome/103.0.5060.134 Safari/537.36" "ysfine.com"
157.55.39.127 - - [05/Oct/2022:03:36:50 -0700] "GET /world/germany/oktf05.jpg HTTP/1.1" 200 89155 "-" "Mozilla/5.0 AppleWebKit/537.36 (KHTML, like Gecko; compatible; bingbot/2.0; +http://www.bing.com/bingbot.htm) Chrome/103.0.5060.134 Safari/537.36" "www.ysfine.com"
201.55.31.189 - - [05/Oct/2022:03:36:53 -0700] "GET /wigner/neum/vnc01.jpg HTTP/1.1" 200 133641 "https://www.google.com/" "Mozilla/5.0 (Windows NT 10.0; Win64; x64) AppleWebKit/537.36 (KHTML, like Gecko) Chrome/105.0.0.0 Safari/537.36" "ysfine.com"
157.55.39.127 - - [05/Oct/2022:03:37:00 -0700] "GET /style/lincolnc33.jpg HTTP/1.1" 200 140198 "-" "Mozilla/5.0 (compatible; bingbot/2.0; +http://www.bing.com/bingbot.htm)" "ysfine.com"
207.46.13.102 - - [05/Oct/2022:03:37:04 -0700] "GET /home/resonance33c.jpg HTTP/1.1" 200 36247 "-" "Mozilla/5.0 AppleWebKit/537.36 (KHTML, like Gecko; compatible; bingbot/2.0; +http://www.bing.com/bingbot.htm) Chrome/103.0.5060.134 Safari/537.36" "ysfine.com"
157.55.39.55 - - [05/Oct/2022:03:37:12 -0700] "GET /people/wheemaine.jpg HTTP/1.1" 200 98240 "-" "Mozilla/5.0 (compatible; bingbot/2.0; +http://www.bing.com/bingbot.htm)" "ysfine.com"
157.55.39.127 - - [05/Oct/2022:03:37:30 -0700] "GET /world/germany/humboldt02.jpg HTTP/1.1" 200 103974 "-" "Mozilla/5.0 (compatible; bingbot/2.0; +http://www.bing.com/bingbot.htm)" "www.ysfine.com"
157.55.39.128 - - [05/Oct/2022:03:37:53 -0700] "GET /kobak/rhee28.jpg HTTP/1.1" 200 216656 "-" "Mozilla/5.0 (compatible; bingbot/2.0; +http://www.bing.com/bingbot.htm)" "ysfine.com"
157.55.39.55 - - [05/Oct/2022:03:38:02 -0700] "GET /world/brit/dunf08.jpg HTTP/1.1" 200 101008 "-" "Mozilla/5.0 (compatible; bingbot/2.0; +http://www.bing.com/bingbot.htm)" "ysfine.com"
93.158.161.40 - - [05/Oct/2022:03:39:08 -0700] "GET /robots.txt HTTP/1.1" 404 73 "-" "Mozilla/5.0 (compatible; YandexBot/3.0; +http://yandex.com/bots)" "www.ysfine.com"
77.88.5.233 - - [05/Oct/2022:03:39:18 -0700] "GET /robots.txt HTTP/1.1" 404 73 "-" "Mozilla/5.0 (compatible; YandexBot/3.0; +http://yandex.com/bots)" "www.ysfine.com"
93.158.161.40 - - [05/Oct/2022:03:39:22 -0700] "GET /kowar/sampal01.jpg HTTP/1.1" 200 141262 "-" "Mozilla/5.0 (compatible; YandexImages/3.0; +http://yandex.com/bots)" "www.ysfine.com"
77.88.5.245 - - [05/Oct/2022:03:39:26 -0700] "GET /kowar/sampal01.jpg HTTP/1.1" 200 141262 "-" "Mozilla/5.0 (compatible; YandexImages/3.0; +http://yandex.com/bots)" "www.ysfine.com"
157.55.39.58 - - [05/Oct/2022:03:39:31 -0700] "GET /usca/pitt/westifn.html HTTP/1.1" 200 1525 "-" "Mozilla/5.0 (compatible; bingbot/2.0; +http://www.bing.com/bingbot.htm)" "ysfine.com"
40.77.167.27 - - [05/Oct/2022:03:39:35 -0700] "GET /world/brit/picca29.jpg HTTP/1.1" 200 78696 "-" "Mozilla/5.0 (compatible; bingbot/2.0; +http://www.bing.com/bingbot.htm)" "ysfine.com"
157.55.39.127 - - [05/Oct/2022:03:40:20 -0700] "GET /world/russ/kazan066.jpg HTTP/1.1" 200 44197 "-" "Mozilla/5.0 AppleWebKit/537.36 (KHTML, like Gecko; compatible; bingbot/2.0; +http://www.bing.com/bingbot.htm) Chrome/103.0.5060.134 Safari/537.36" "ysfine.com"
173.89.149.44 - - [05/Oct/2022:03:40:31 -0700] "GET /kowar/panmun04.jpg HTTP/1.1" 200 126386 "https://www.google.com/" "Mozilla/5.0 (iPhone; CPU iPhone OS 16_0 like Mac OS X) AppleWebKit/605.1.15 (KHTML, like Gecko) GSA/231.0.475926209 Mobile/20A362 Safari/604.1" "ysfine.com"
66.249.66.40 - - [05/Oct/2022:03:42:47 -0700] "GET /feynman/feynman33.jpg HTTP/1.1" 200 38568 "-" "Googlebot-Image/1.0" "ysfine.com"
157.55.39.128 - - [05/Oct/2022:03:43:32 -0700] "GET /kowar/tanks.html HTTP/1.1" 304 - "-" "Mozilla/5.0 (compatible; bingbot/2.0; +http://www.bing.com/bingbot.htm)" "www.ysfine.com"
66.249.66.44 - - [05/Oct/2022:03:44:25 -0700] "GET /home/comet05.jpg HTTP/1.1" 200 59607 "-" "Googlebot-Image/1.0" "ysfine.com"
77.88.5.253 - - [05/Oct/2022:03:44:26 -0700] "GET /world/france/nice302b.jpg HTTP/1.1" 200 52446 "-" "Mozilla/5.0 (compatible; YandexImages/3.0; +http://yandex.com/bots)" "www.ysfine.com"
182.216.114.145 - - [05/Oct/2022:03:44:45 -0700] "GET /einstein/einbohr22b.jpg HTTP/1.1" 200 42030 "https://myactivity.google.com/" "Mozilla/5.0 (Linux; Android 12; SM-A516N Build/SP1A.210812.016; wv) AppleWebKit/537.36 (KHTML, like Gecko) Version/4.0 Chrome/90.0.4430.232 Whale/1.0.0.0 Crosswalk/26.90.3.29 Mobile Safari/537.36 NAVER(inapp; search; 1010; 11.16.1)" "ysfine.com"
182.216.114.145 - - [05/Oct/2022:03:44:45 -0700] "GET /heisen/bohrheisen11.jpg HTTP/1.1" 200 104546 "https://myactivity.google.com/" "Mozilla/5.0 (Linux; Android 12; SM-A516N Build/SP1A.210812.016; wv) AppleWebKit/537.36 (KHTML, like Gecko) Version/4.0 Chrome/90.0.4430.232 Whale/1.0.0.0 Crosswalk/26.90.3.29 Mobile Safari/537.36 NAVER(inapp; search; 1010; 11.16.1)" "ysfine.com"
114.119.128.154 - - [05/Oct/2022:03:46:53 -0700] "GET /yspapers/kno79add.pdf HTTP/1.1" 200 286502 "https://ysfine.com/maga/boltzmann.html" "Mozilla/5.0 (Linux; Android 7.0;) AppleWebKit/537.36 (KHTML, like Gecko) Mobile Safari/537.36 (compatible; PetalBot;+https://webmaster.petalsearch.com/site/petalbot)" "ysfine.com"
95.163.255.70 - - [05/Oct/2022:03:47:41 -0700] "GET /world/france/hugobes01b.jpg HTTP/1.1" 200 64439 "http://go.mail.ru/search_images" "Mozilla/5.0 (compatible; Linux x86_64; Mail.RU_Bot/Img/2.0; +https://help.mail.ru/webmaster/indexing/robots)" "www.ysfine.com"
95.163.255.81 - - [05/Oct/2022:03:47:43 -0700] "GET /fbook/further22a.jpg HTTP/1.1" 200 94030 "http://go.mail.ru/search_images" "Mozilla/5.0 (compatible; Linux x86_64; Mail.RU_Bot/Img/2.0; +https://help.mail.ru/webmaster/indexing/robots)" "ysfine.com"
157.55.39.58 - - [05/Oct/2022:03:48:13 -0700] "GET /world/russ/togo11b.jpg HTTP/1.1" 200 47383 "-" "Mozilla/5.0 AppleWebKit/537.36 (KHTML, like Gecko; compatible; bingbot/2.0; +http://www.bing.com/bingbot.htm) Chrome/103.0.5060.134 Safari/537.36" "ysfine.com"
157.55.39.127 - - [05/Oct/2022:03:48:31 -0700] "GET /dirac/dirpoems.html HTTP/1.1" 200 5773 "-" "Mozilla/5.0 (compatible; bingbot/2.0; +http://www.bing.com/bingbot.htm)" "www.ysfine.com"
157.55.39.127 - - [05/Oct/2022:03:48:32 -0700] "GET /home/100yrs.html HTTP/1.1" 200 7936 "-" "Mozilla/5.0 (compatible; bingbot/2.0; +http://www.bing.com/bingbot.htm)" "www.ysfine.com"
157.55.39.128 - - [05/Oct/2022:03:48:34 -0700] "GET /maga/poincare.html HTTP/1.1" 200 7726 "-" "Mozilla/5.0 (compatible; bingbot/2.0; +http://www.bing.com/bingbot.htm)" "www.ysfine.com"
207.46.13.102 - - [05/Oct/2022:03:48:34 -0700] "GET /world/berlin.html HTTP/1.1" 200 16173 "-" "Mozilla/5.0 (compatible; bingbot/2.0; +http://www.bing.com/bingbot.htm)" "www.ysfine.com"
157.55.39.55 - - [05/Oct/2022:03:48:34 -0700] "GET /world/polandk.html HTTP/1.1" 200 5993 "-" "Mozilla/5.0 AppleWebKit/537.36 (KHTML, like Gecko; compatible; bingbot/2.0; +http://www.bing.com/bingbot.htm) Chrome/103.0.5060.134 Safari/537.36" "www.ysfine.com"
157.55.39.58 - - [05/Oct/2022:03:48:35 -0700] "GET /kobak/soraech.html HTTP/1.1" 200 16670 "-" "Mozilla/5.0 (compatible; bingbot/2.0; +http://www.bing.com/bingbot.htm)" "www.ysfine.com"
157.55.39.58 - - [05/Oct/2022:03:48:35 -0700] "GET /maga/boltzmann.html HTTP/1.1" 200 6052 "-" "Mozilla/5.0 AppleWebKit/537.36 (KHTML, like Gecko; compatible; bingbot/2.0; +http://www.bing.com/bingbot.htm) Chrome/103.0.5060.134 Safari/537.36" "www.ysfine.com"
40.77.167.27 - - [05/Oct/2022:03:48:41 -0700] "GET /houses/myhouse.html HTTP/1.1" 200 1473 "-" "Mozilla/5.0 (compatible; bingbot/2.0; +http://www.bing.com/bingbot.htm)" "www.ysfine.com"
40.77.167.27 - - [05/Oct/2022:03:48:41 -0700] "GET /einstein/further.html HTTP/1.1" 200 4338 "-" "Mozilla/5.0 (compatible; bingbot/2.0; +http://www.bing.com/bingbot.htm)" "www.ysfine.com"
40.77.167.27 - - [05/Oct/2022:03:48:41 -0700] "GET /einstein/maxein.html HTTP/1.1" 200 2651 "-" "Mozilla/5.0 (compatible; bingbot/2.0; +http://www.bing.com/bingbot.htm)" "www.ysfine.com"
157.55.39.128 - - [05/Oct/2022:03:48:46 -0700] "GET /wigner/wigpoinc.html HTTP/1.1" 200 6586 "-" "Mozilla/5.0 (compatible; bingbot/2.0; +http://www.bing.com/bingbot.htm)" "www.ysfine.com"
157.55.39.128 - - [05/Oct/2022:03:48:46 -0700] "GET /world/minsk.html HTTP/1.1" 200 7116 "-" "Mozilla/5.0 (compatible; bingbot/2.0; +http://www.bing.com/bingbot.htm)" "www.ysfine.com"
157.55.39.128 - - [05/Oct/2022:03:48:46 -0700] "GET /dirac/dirfeyn.html HTTP/1.1" 200 6341 "-" "Mozilla/5.0 (compatible; bingbot/2.0; +http://www.bing.com/bingbot.htm)" "www.ysfine.com"
2.56.189.121 - - [05/Oct/2022:03:48:50 -0700] "GET /wp-content/ HTTP/1.1" 404 88 "-" "Mozilla/5.0 (Macintosh; Intel Mac OS X 10.15; rv:77.0) Gecko/20100101 Firefox/77.0" "ysfine.com"
217.181.23.114 - - [05/Oct/2022:03:48:53 -0700] "GET /wigner/neum/pvn05.jpg HTTP/1.1" 200 219501 "https://www.google.com/" "Mozilla/5.0 (Windows NT 10.0; Win64; x64) AppleWebKit/537.36 (KHTML, like Gecko) Chrome/106.0.0.0 Safari/537.36" "ysfine.com"
51.222.253.14 - - [05/Oct/2022:03:48:58 -0700] "GET /robots.txt HTTP/1.1" 404 88 "-" "Mozilla/5.0 (compatible; AhrefsBot/7.0; +http://ahrefs.com/robot/)" "www.ysfine.com"
54.236.1.13 - - [05/Oct/2022:03:49:01 -0700] "GET /robots.txt HTTP/1.1" 404 88 "-" "Mozilla/5.0 (compatible; Pinterestbot/1.0; +http://www.pinterest.com/bot.html)" "ysfine.com"
54.236.1.13 - - [05/Oct/2022:03:49:01 -0700] "GET / HTTP/1.1" 200 5283 "-" "Mozilla/5.0 (compatible; Pinterestbot/1.0; +http://www.pinterest.com/bot.html)" "ysfine.com"
84.17.45.112 - - [05/Oct/2022:03:49:49 -0700] "GET / HTTP/1.1" 200 5283 "-" "Mozilla/5.0 (Windows; U; Windows NT 6.1; en-US; rv:1.9.1.5) Gecko/20091102 Firefox/3.5.5 (.NET CLR 3.5.30729)" "ysfine.com"
207.46.13.102 - - [05/Oct/2022:03:50:35 -0700] "GET /wdc/whouse08.jpg HTTP/1.1" 200 56905 "-" "Mozilla/5.0 (compatible; bingbot/2.0; +http://www.bing.com/bingbot.htm)" "ysfine.com"
185.191.171.7 - - [05/Oct/2022:03:50:51 -0700] "GET /robots.txt HTTP/1.1" 404 88 "-" "Mozilla/5.0 (compatible; SemrushBot/7~bl; +http://www.semrush.com/bot.html)" "www.ysfine.com"
185.191.171.26 - - [05/Oct/2022:03:50:51 -0700] "GET /maga/index.html HTTP/1.1" 200 6127 "-" "Mozilla/5.0 (compatible; SemrushBot/7~bl; +http://www.semrush.com/bot.html)" "www.ysfine.com"
114.119.128.154 - - [05/Oct/2022:03:51:08 -0700] "GET /dirac/dirk62.html HTTP/1.1" 200 3930 "https://ysfine.com/heisen/einheisen22.html" "Mozilla/5.0 (Linux; Android 7.0;) AppleWebKit/537.36 (KHTML, like Gecko) Mobile Safari/537.36 (compatible; PetalBot;+https://webmaster.petalsearch.com/site/petalbot)" "ysfine.com"
185.191.171.23 - - [05/Oct/2022:03:51:29 -0700] "GET /class54/class5470/total_data/sub_2116.htm HTTP/1.1" 200 3385 "-" "Mozilla/5.0 (compatible; SemrushBot/7~bl; +http://www.semrush.com/bot.html)" "ysfine.com"
93.158.161.42 - - [05/Oct/2022:03:51:30 -0700] "GET /world/russ/spb08.jpg HTTP/1.1" 200 65799 "-" "Mozilla/5.0 (compatible; YandexImages/3.0; +http://yandex.com/bots)" "ysfine.com"
157.55.39.128 - - [05/Oct/2022:03:52:33 -0700] "GET /world/brit/towerbr11b.jpg HTTP/1.1" 200 32741 "-" "Mozilla/5.0 (compatible; bingbot/2.0; +http://www.bing.com/bingbot.htm)" "www.ysfine.com"
157.55.39.128 - - [05/Oct/2022:03:53:13 -0700] "GET /feynman/feybongo55b.jpg HTTP/1.1" 200 41455 "-" "Mozilla/5.0 (compatible; bingbot/2.0; +http://www.bing.com/bingbot.htm)" "ysfine.com"
207.46.13.102 - - [05/Oct/2022:03:53:25 -0700] "GET /kobak/namdae01a.jpg HTTP/1.1" 200 74504 "-" "Mozilla/5.0 (compatible; bingbot/2.0; +http://www.bing.com/bingbot.htm)" "www.ysfine.com"
40.77.167.27 - - [05/Oct/2022:03:53:38 -0700] "GET /wigner/lorentzgr01b.jpg HTTP/1.1" 200 33834 "-" "Mozilla/5.0 (compatible; bingbot/2.0; +http://www.bing.com/bingbot.htm)" "ysfine.com"
207.46.13.102 - - [05/Oct/2022:03:54:46 -0700] "GET /wdc/gtown19b.jpg HTTP/1.1" 200 42238 "-" "Mozilla/5.0 (compatible; bingbot/2.0; +http://www.bing.com/bingbot.htm)" "www.ysfine.com"
157.55.39.55 - - [05/Oct/2022:03:56:14 -0700] "GET /world/russ/minsk033.jpg HTTP/1.1" 200 70762 "-" "Mozilla/5.0 (compatible; bingbot/2.0; +http://www.bing.com/bingbot.htm)" "ysfine.com"
207.46.13.102 - - [05/Oct/2022:03:56:47 -0700] "GET /sbk/2006nice22.jpg HTTP/1.1" 200 202023 "-" "Mozilla/5.0 (compatible; bingbot/2.0; +http://www.bing.com/bingbot.htm)" "ysfine.com"
157.55.39.127 - - [05/Oct/2022:03:57:01 -0700] "GET /world/russ/mosko04.jpg HTTP/1.1" 200 75311 "-" "Mozilla/5.0 (compatible; bingbot/2.0; +http://www.bing.com/bingbot.htm)" "ysfine.com"
207.46.13.102 - - [05/Oct/2022:03:57:36 -0700] "GET /sbk/1999mb11.jpg HTTP/1.1" 200 157012 "-" "Mozilla/5.0 (compatible; bingbot/2.0; +http://www.bing.com/bingbot.htm)" "www.ysfine.com"
128.39.111.71 - - [05/Oct/2022:03:58:40 -0700] "GET /maga/phil/sisfa12/kanthegel01.jpg HTTP/1.1" 200 77614 "https://www.google.com/" "Mozilla/5.0 (Windows NT 10.0; Win64; x64; rv:102.0) Gecko/20100101 Firefox/102.0" "ysfine.com"
157.55.39.58 - - [05/Oct/2022:03:58:53 -0700] "GET /world/germany/leipzig28.jpg HTTP/1.1" 200 207399 "-" "Mozilla/5.0 (compatible; bingbot/2.0; +http://www.bing.com/bingbot.htm)" "www.ysfine.com"
157.55.39.55 - - [05/Oct/2022:03:59:35 -0700] "GET /world/baltic/tallin02.jpg HTTP/1.1" 200 76857 "-" "Mozilla/5.0 (compatible; bingbot/2.0; +http://www.bing.com/bingbot.htm)" "www.ysfine.com"
157.55.39.128 - - [05/Oct/2022:04:00:34 -0700] "GET /style/musee/berlinmus24.jpg HTTP/1.1" 200 120816 "-" "Mozilla/5.0 (compatible; bingbot/2.0; +http://www.bing.com/bingbot.htm)" "ysfine.com"
207.46.13.102 - - [05/Oct/2022:04:00:38 -0700] "GET /wigner/neum/pvn05.jpg HTTP/1.1" 200 219501 "-" "Mozilla/5.0 (compatible; bingbot/2.0; +http://www.bing.com/bingbot.htm)" "ysfine.com"
207.46.13.102 - - [05/Oct/2022:04:01:36 -0700] "GET /usca/pitt/machinery22b.jpg HTTP/1.1" 200 36540 "-" "Mozilla/5.0 AppleWebKit/537.36 (KHTML, like Gecko; compatible; bingbot/2.0; +http://www.bing.com/bingbot.htm) Chrome/103.0.5060.134 Safari/537.36" "www.ysfine.com"
157.55.39.58 - - [05/Oct/2022:04:01:53 -0700] "GET /saram/m09.jpg HTTP/1.1" 200 48758 "-" "Mozilla/5.0 (compatible; bingbot/2.0; +http://www.bing.com/bingbot.htm)" "www.ysfine.com"
157.55.39.58 - - [05/Oct/2022:04:02:44 -0700] "GET /style/suwa66a.jpg HTTP/1.1" 200 58597 "-" "Mozilla/5.0 AppleWebKit/537.36 (KHTML, like Gecko; compatible; bingbot/2.0; +http://www.bing.com/bingbot.htm) Chrome/103.0.5060.134 Safari/537.36" "ysfine.com"
72.14.201.167 - - [05/Oct/2022:04:02:54 -0700] "GET /maga/yukawa.html HTTP/1.1" 200 5658 "-" "Mozilla/5.0 (Linux; Android 10; K) AppleWebKit/537.36 (KHTML, like Gecko) Chrome/105.0.0.0 Mobile Safari/537.36" "ysfine.com"
183.103.39.186 - - [05/Oct/2022:04:02:56 -0700] "GET /maga/phys/yukafeyn2.jpg HTTP/1.1" 200 36709 "https://ysfine.com/maga/yukawa.html" "Mozilla/5.0 (Linux; Android 12; SM-S901N) AppleWebKit/537.36 (KHTML, like Gecko) Chrome/105.0.0.0 Mobile Safari/537.36" "ysfine.com"
183.103.39.186 - - [05/Oct/2022:04:02:56 -0700] "GET /maga/phys/yukadirac55b.jpg HTTP/1.1" 200 41758 "https://ysfine.com/maga/yukawa.html" "Mozilla/5.0 (Linux; Android 12; SM-S901N) AppleWebKit/537.36 (KHTML, like Gecko) Chrome/105.0.0.0 Mobile Safari/537.36" "ysfine.com"
183.103.39.186 - - [05/Oct/2022:04:02:56 -0700] "GET /maga/phys/yukaein2.jpg HTTP/1.1" 200 42863 "https://ysfine.com/maga/yukawa.html" "Mozilla/5.0 (Linux; Android 12; SM-S901N) AppleWebKit/537.36 (KHTML, like Gecko) Chrome/105.0.0.0 Mobile Safari/537.36" "ysfine.com"
183.103.39.186 - - [05/Oct/2022:04:02:56 -0700] "GET /maga/phys/yukadirac53b.jpg HTTP/1.1" 200 46220 "https://ysfine.com/maga/yukawa.html" "Mozilla/5.0 (Linux; Android 12; SM-S901N) AppleWebKit/537.36 (KHTML, like Gecko) Chrome/105.0.0.0 Mobile Safari/537.36" "ysfine.com"
183.103.39.186 - - [05/Oct/2022:04:02:56 -0700] "GET /people/markov84b.jpg HTTP/1.1" 200 44106 "https://ysfine.com/maga/yukawa.html" "Mozilla/5.0 (Linux; Android 12; SM-S901N) AppleWebKit/537.36 (KHTML, like Gecko) Chrome/105.0.0.0 Mobile Safari/537.36" "ysfine.com"
183.103.39.186 - - [05/Oct/2022:04:02:56 -0700] "GET /maga/phys/yukawa00b.jpg HTTP/1.1" 200 36980 "https://ysfine.com/maga/yukawa.html" "Mozilla/5.0 (Linux; Android 12; SM-S901N) AppleWebKit/537.36 (KHTML, like Gecko) Chrome/105.0.0.0 Mobile Safari/537.36" "ysfine.com"
183.103.39.186 - - [05/Oct/2022:04:02:57 -0700] "GET /maga/phys/yukafeyn3.jpg HTTP/1.1" 200 41879 "https://ysfine.com/maga/yukawa.html" "Mozilla/5.0 (Linux; Android 12; SM-S901N) AppleWebKit/537.36 (KHTML, like Gecko) Chrome/105.0.0.0 Mobile Safari/537.36" "ysfine.com"
183.103.39.186 - - [05/Oct/2022:04:03:01 -0700] "GET /favicon.ico HTTP/1.1" 404 88 "https://ysfine.com/maga/yukawa.html" "Mozilla/5.0 (Linux; Android 12; SM-S901N) AppleWebKit/537.36 (KHTML, like Gecko) Chrome/105.0.0.0 Mobile Safari/537.36" "ysfine.com"
157.55.39.55 - - [05/Oct/2022:04:03:14 -0700] "GET /world/scandi/fin05.jpg HTTP/1.1" 200 116386 "-" "Mozilla/5.0 (compatible; bingbot/2.0; +http://www.bing.com/bingbot.htm)" "ysfine.com"
157.55.39.128 - - [05/Oct/2022:04:03:25 -0700] "GET /world/russ/bolshoi44.jpg HTTP/1.1" 200 89808 "-" "Mozilla/5.0 AppleWebKit/537.36 (KHTML, like Gecko; compatible; bingbot/2.0; +http://www.bing.com/bingbot.htm) Chrome/103.0.5060.134 Safari/537.36" "ysfine.com"
207.46.13.102 - - [05/Oct/2022:04:03:27 -0700] "GET /world/russ/khabarovsk22.jpg HTTP/1.1" 200 50067 "-" "Mozilla/5.0 (compatible; bingbot/2.0; +http://www.bing.com/bingbot.htm)" "www.ysfine.com"
157.55.39.58 - - [05/Oct/2022:04:03:55 -0700] "GET /usca/pitt/syriamos55b.jpg HTTP/1.1" 200 30284 "-" "Mozilla/5.0 (compatible; bingbot/2.0; +http://www.bing.com/bingbot.htm)" "www.ysfine.com"
207.46.13.102 - - [05/Oct/2022:04:04:27 -0700] "GET /people/yodh03b.jpg HTTP/1.1" 200 30154 "-" "Mozilla/5.0 (compatible; bingbot/2.0; +http://www.bing.com/bingbot.htm)" "ysfine.com"
77.88.5.233 - - [05/Oct/2022:04:04:28 -0700] "GET /world/china/china030b.jpg HTTP/1.1" 200 37396 "-" "Mozilla/5.0 (compatible; YandexImages/3.0; +http://yandex.com/bots)" "www.ysfine.com"
182.216.114.145 - - [05/Oct/2022:04:04:50 -0700] "GET /heisen/bohrheisen11.jpg HTTP/1.1" 200 104546 "https://myactivity.google.com/" "Mozilla/5.0 (Linux; Android 12; SM-A516N Build/SP1A.210812.016; wv) AppleWebKit/537.36 (KHTML, like Gecko) Version/4.0 Chrome/90.0.4430.232 Whale/1.0.0.0 Crosswalk/26.90.3.29 Mobile Safari/537.36 NAVER(inapp; search; 1010; 11.16.1)" "ysfine.com"
20.249.74.71 - - [05/Oct/2022:04:05:07 -0700] "POST / HTTP/1.1" 200 5283 "-" "Mozilla/5.0 (X11; Linux x86_64) AppleWebKit/537.36 (KHTML, like Gecko) Chrome/81.0.4044.129 Safari/537.36" "ysfine.com"
20.249.74.71 - - [05/Oct/2022:04:05:08 -0700] "POST / HTTP/1.1" 200 5283 "-" "Mozilla/5.0 (X11; Linux x86_64) AppleWebKit/537.36 (KHTML, like Gecko) Chrome/81.0.4044.129 Safari/537.36" "www.ysfine.com"
20.249.74.71 - - [05/Oct/2022:04:05:08 -0700] "GET /_profiler/phpinfo HTTP/1.1" 404 88 "-" "Mozilla/5.0 (Linux; Android 7.0; SM-G892A Bulid/NRD90M; wv) AppleWebKit/537.36 (KHTML, like Gecko) Version/4.0 Chrome/60.0.3112.107 Moblie Safari/537.36" "ysfine.com"
20.249.74.71 - - [05/Oct/2022:04:05:08 -0700] "GET /_profiler/phpinfo HTTP/1.1" 404 88 "-" "Mozilla/5.0 (Linux; Android 7.0; SM-G892A Bulid/NRD90M; wv) AppleWebKit/537.36 (KHTML, like Gecko) Version/4.0 Chrome/60.0.3112.107 Moblie Safari/537.36" "www.ysfine.com"
20.249.74.71 - - [05/Oct/2022:04:05:08 -0700] "GET /_profiler/phpinfo HTTP/1.1" 404 88 "-" "Mozilla/5.0 (Linux; Android 7.0; SM-G892A Bulid/NRD90M; wv) AppleWebKit/537.36 (KHTML, like Gecko) Version/4.0 Chrome/60.0.3112.107 Moblie Safari/537.36" "www.ysfine.com"
20.249.74.71 - - [05/Oct/2022:04:05:09 -0700] "GET /phpinfo.php HTTP/1.1" 404 88 "-" "Mozilla/5.0 (Linux; Android 7.0; SM-G892A Bulid/NRD90M; wv) AppleWebKit/537.36 (KHTML, like Gecko) Version/4.0 Chrome/60.0.3112.107 Moblie Safari/537.36" "ysfine.com"
20.249.74.71 - - [05/Oct/2022:04:05:09 -0700] "GET /phpinfo.php HTTP/1.1" 404 88 "-" "Mozilla/5.0 (Linux; Android 7.0; SM-G892A Bulid/NRD90M; wv) AppleWebKit/537.36 (KHTML, like Gecko) Version/4.0 Chrome/60.0.3112.107 Moblie Safari/537.36" "www.ysfine.com"
20.249.74.71 - - [05/Oct/2022:04:05:09 -0700] "GET /phpinfo.php HTTP/1.1" 404 88 "-" "Mozilla/5.0 (Linux; Android 7.0; SM-G892A Bulid/NRD90M; wv) AppleWebKit/537.36 (KHTML, like Gecko) Version/4.0 Chrome/60.0.3112.107 Moblie Safari/537.36" "www.ysfine.com"
20.249.74.71 - - [05/Oct/2022:04:05:09 -0700] "GET /phpinfo HTTP/1.1" 404 88 "-" "Mozilla/5.0 (Linux; Android 7.0; SM-G892A Bulid/NRD90M; wv) AppleWebKit/537.36 (KHTML, like Gecko) Version/4.0 Chrome/60.0.3112.107 Moblie Safari/537.36" "ysfine.com"
20.249.74.71 - - [05/Oct/2022:04:05:10 -0700] "GET /phpinfo HTTP/1.1" 404 88 "-" "Mozilla/5.0 (Linux; Android 7.0; SM-G892A Bulid/NRD90M; wv) AppleWebKit/537.36 (KHTML, like Gecko) Version/4.0 Chrome/60.0.3112.107 Moblie Safari/537.36" "www.ysfine.com"
20.249.74.71 - - [05/Oct/2022:04:05:10 -0700] "GET /aws.yml HTTP/1.1" 404 88 "-" "Mozilla/5.0 (Linux; Android 7.0; SM-G892A Bulid/NRD90M; wv) AppleWebKit/537.36 (KHTML, like Gecko) Version/4.0 Chrome/60.0.3112.107 Moblie Safari/537.36" "ysfine.com"
20.249.74.71 - - [05/Oct/2022:04:05:10 -0700] "GET /aws.yml HTTP/1.1" 404 88 "-" "Mozilla/5.0 (Linux; Android 7.0; SM-G892A Bulid/NRD90M; wv) AppleWebKit/537.36 (KHTML, like Gecko) Version/4.0 Chrome/60.0.3112.107 Moblie Safari/537.36" "www.ysfine.com"
20.249.74.71 - - [05/Oct/2022:04:05:10 -0700] "GET /phpinfo HTTP/1.1" 404 88 "-" "Mozilla/5.0 (Linux; Android 7.0; SM-G892A Bulid/NRD90M; wv) AppleWebKit/537.36 (KHTML, like Gecko) Version/4.0 Chrome/60.0.3112.107 Moblie Safari/537.36" "www.ysfine.com"
20.249.74.71 - - [05/Oct/2022:04:05:11 -0700] "GET /info.php HTTP/1.1" 404 88 "-" "Mozilla/5.0 (Linux; Android 7.0; SM-G892A Bulid/NRD90M; wv) AppleWebKit/537.36 (KHTML, like Gecko) Version/4.0 Chrome/60.0.3112.107 Moblie Safari/537.36" "ysfine.com"
20.249.74.71 - - [05/Oct/2022:04:05:11 -0700] "GET /aws.yml HTTP/1.1" 404 88 "-" "Mozilla/5.0 (Linux; Android 7.0; SM-G892A Bulid/NRD90M; wv) AppleWebKit/537.36 (KHTML, like Gecko) Version/4.0 Chrome/60.0.3112.107 Moblie Safari/537.36" "www.ysfine.com"
20.249.74.71 - - [05/Oct/2022:04:05:12 -0700] "GET /info.php HTTP/1.1" 404 88 "-" "Mozilla/5.0 (Linux; Android 7.0; SM-G892A Bulid/NRD90M; wv) AppleWebKit/537.36 (KHTML, like Gecko) Version/4.0 Chrome/60.0.3112.107 Moblie Safari/537.36" "www.ysfine.com"
20.249.74.71 - - [05/Oct/2022:04:05:13 -0700] "GET / HTTP/1.1" 200 5283 "-" "Mozilla/5.0 (Linux; Android 7.0; SM-G892A Bulid/NRD90M; wv) AppleWebKit/537.36 (KHTML, like Gecko) Version/4.0 Chrome/60.0.3112.107 Moblie Safari/537.36" "ysfine.com"
20.249.74.71 - - [05/Oct/2022:04:05:13 -0700] "GET / HTTP/1.1" 200 5283 "-" "Mozilla/5.0 (Linux; Android 7.0; SM-G892A Bulid/NRD90M; wv) AppleWebKit/537.36 (KHTML, like Gecko) Version/4.0 Chrome/60.0.3112.107 Moblie Safari/537.36" "www.ysfine.com"
20.249.74.71 - - [05/Oct/2022:04:05:13 -0700] "GET /config/aws.yml HTTP/1.1" 404 88 "-" "Mozilla/5.0 (Linux; Android 7.0; SM-G892A Bulid/NRD90M; wv) AppleWebKit/537.36 (KHTML, like Gecko) Version/4.0 Chrome/60.0.3112.107 Moblie Safari/537.36" "ysfine.com"
20.249.74.71 - - [05/Oct/2022:04:05:14 -0700] "GET /info.php HTTP/1.1" 404 88 "-" "Mozilla/5.0 (Linux; Android 7.0; SM-G892A Bulid/NRD90M; wv) AppleWebKit/537.36 (KHTML, like Gecko) Version/4.0 Chrome/60.0.3112.107 Moblie Safari/537.36" "www.ysfine.com"
20.249.74.71 - - [05/Oct/2022:04:05:14 -0700] "GET /config/aws.yml HTTP/1.1" 404 88 "-" "Mozilla/5.0 (Linux; Android 7.0; SM-G892A Bulid/NRD90M; wv) AppleWebKit/537.36 (KHTML, like Gecko) Version/4.0 Chrome/60.0.3112.107 Moblie Safari/537.36" "www.ysfine.com"
20.249.74.71 - - [05/Oct/2022:04:05:14 -0700] "GET / HTTP/1.1" 200 5283 "-" "Mozilla/5.0 (Linux; Android 7.0; SM-G892A Bulid/NRD90M; wv) AppleWebKit/537.36 (KHTML, like Gecko) Version/4.0 Chrome/60.0.3112.107 Moblie Safari/537.36" "ysfine.com"
20.249.74.71 - - [05/Oct/2022:04:05:14 -0700] "GET / HTTP/1.1" 200 5283 "-" "Mozilla/5.0 (Linux; Android 7.0; SM-G892A Bulid/NRD90M; wv) AppleWebKit/537.36 (KHTML, like Gecko) Version/4.0 Chrome/60.0.3112.107 Moblie Safari/537.36" "www.ysfine.com"
20.249.74.71 - - [05/Oct/2022:04:05:15 -0700] "GET /config.js HTTP/1.1" 404 88 "-" "Mozilla/5.0 (Linux; Android 7.0; SM-G892A Bulid/NRD90M; wv) AppleWebKit/537.36 (KHTML, like Gecko) Version/4.0 Chrome/60.0.3112.107 Moblie Safari/537.36" "ysfine.com"
20.249.74.71 - - [05/Oct/2022:04:05:15 -0700] "GET /config.js HTTP/1.1" 404 88 "-" "Mozilla/5.0 (Linux; Android 7.0; SM-G892A Bulid/NRD90M; wv) AppleWebKit/537.36 (KHTML, like Gecko) Version/4.0 Chrome/60.0.3112.107 Moblie Safari/537.36" "www.ysfine.com"
20.249.74.71 - - [05/Oct/2022:04:05:16 -0700] "GET / HTTP/1.1" 200 5283 "-" "Mozilla/5.0 (Linux; Android 7.0; SM-G892A Bulid/NRD90M; wv) AppleWebKit/537.36 (KHTML, like Gecko) Version/4.0 Chrome/60.0.3112.107 Moblie Safari/537.36" "www.ysfine.com"
20.249.74.71 - - [05/Oct/2022:04:05:17 -0700] "GET /config/aws.yml HTTP/1.1" 404 88 "-" "Mozilla/5.0 (Linux; Android 7.0; SM-G892A Bulid/NRD90M; wv) AppleWebKit/537.36 (KHTML, like Gecko) Version/4.0 Chrome/60.0.3112.107 Moblie Safari/537.36" "www.ysfine.com"
20.249.74.71 - - [05/Oct/2022:04:05:18 -0700] "GET / HTTP/1.1" 200 5283 "-" "Mozilla/5.0 (Linux; Android 7.0; SM-G892A Bulid/NRD90M; wv) AppleWebKit/537.36 (KHTML, like Gecko) Version/4.0 Chrome/60.0.3112.107 Moblie Safari/537.36" "www.ysfine.com"
20.249.74.71 - - [05/Oct/2022:04:05:19 -0700] "GET /config.js HTTP/1.1" 404 88 "-" "Mozilla/5.0 (Linux; Android 7.0; SM-G892A Bulid/NRD90M; wv) AppleWebKit/537.36 (KHTML, like Gecko) Version/4.0 Chrome/60.0.3112.107 Moblie Safari/537.36" "www.ysfine.com"
157.55.39.55 - - [05/Oct/2022:04:05:55 -0700] "GET /world/scandi/sto031.jpg HTTP/1.1" 200 67994 "-" "Mozilla/5.0 (compatible; bingbot/2.0; +http://www.bing.com/bingbot.htm)" "ysfine.com"
40.77.167.27 - - [05/Oct/2022:04:06:21 -0700] "GET /people/wboys.jpg HTTP/1.1" 200 223265 "-" "Mozilla/5.0 (compatible; bingbot/2.0; +http://www.bing.com/bingbot.htm)" "www.ysfine.com"
114.119.128.154 - - [05/Oct/2022:04:07:03 -0700] "GET /wisdom/wkpoland.html HTTP/1.1" 404 88 "https://ysfine.com/wisdom/wk07.html" "Mozilla/5.0 (Linux; Android 7.0;) AppleWebKit/537.36 (KHTML, like Gecko) Mobile Safari/537.36 (compatible; PetalBot;+https://webmaster.petalsearch.com/site/petalbot)" "ysfine.com"
40.77.167.27 - - [05/Oct/2022:04:07:39 -0700] "GET /style/proschanie.html HTTP/1.1" 200 4801 "-" "Mozilla/5.0 AppleWebKit/537.36 (KHTML, like Gecko; compatible; bingbot/2.0; +http://www.bing.com/bingbot.htm) Chrome/103.0.5060.134 Safari/537.36" "www.ysfine.com"
185.191.171.37 - - [05/Oct/2022:04:08:52 -0700] "GET /maga/twobytwo.html HTTP/1.1" 200 1998 "-" "Mozilla/5.0 (compatible; SemrushBot/7~bl; +http://www.semrush.com/bot.html)" "www.ysfine.com"
207.46.13.102 - - [05/Oct/2022:04:09:27 -0700] "GET /home/ellipse53.jpg HTTP/1.1" 200 124704 "-" "Mozilla/5.0 AppleWebKit/537.36 (KHTML, like Gecko; compatible; bingbot/2.0; +http://www.bing.com/bingbot.htm) Chrome/103.0.5060.134 Safari/537.36" "www.ysfine.com"
18.116.72.38 - - [05/Oct/2022:04:09:40 -0700] "GET /ads.txt HTTP/1.1" 404 88 "http://ysfine.com/ads.txt" "AdsTxtCrawler/1.0; +https://github.com/InteractiveAdvertisingBureau/adstxtcrawler" "ysfine.com"
93.158.161.40 - - [05/Oct/2022:04:09:55 -0700] "GET /world/russ/gum16.jpg HTTP/1.1" 200 112306 "-" "Mozilla/5.0 (compatible; YandexImages/3.0; +http://yandex.com/bots)" "ysfine.com"
77.88.5.46 - - [05/Oct/2022:04:09:58 -0700] "GET /world/russ/gum10b.jpg HTTP/1.1" 200 42080 "-" "Mozilla/5.0 (compatible; YandexImages/3.0; +http://yandex.com/bots)" "ysfine.com"
207.46.13.102 - - [05/Oct/2022:04:11:27 -0700] "GET /world/latina/sambario02.jpg HTTP/1.1" 200 170674 "-" "Mozilla/5.0 (compatible; bingbot/2.0; +http://www.bing.com/bingbot.htm)" "ysfine.com"
40.77.167.27 - - [05/Oct/2022:04:13:20 -0700] "GET /maga/phil/marxlon01b.jpg HTTP/1.1" 200 55777 "-" "Mozilla/5.0 AppleWebKit/537.36 (KHTML, like Gecko; compatible; bingbot/2.0; +http://www.bing.com/bingbot.htm) Chrome/103.0.5060.134 Safari/537.36" "www.ysfine.com"
40.77.167.27 - - [05/Oct/2022:04:13:28 -0700] "GET /world/russ/kazanmap11b.jpg HTTP/1.1" 200 29396 "-" "Mozilla/5.0 (compatible; bingbot/2.0; +http://www.bing.com/bingbot.htm)" "ysfine.com"
157.55.39.127 - - [05/Oct/2022:04:14:13 -0700] "GET /wigner/neusil.jpg HTTP/1.1" 200 139772 "-" "Mozilla/5.0 (compatible; bingbot/2.0; +http://www.bing.com/bingbot.htm)" "ysfine.com"
3.89.212.50 - - [05/Oct/2022:04:15:15 -0700] "GET /sitemap.xml HTTP/1.1" 304 - "https://www.google.com/" "Mozilla/5.0 (Windows NT 10.0; Win64; x64; rv:68.0) Gecko/20100101 Firefox/68.0" "www.ysfine.com"
157.55.39.128 - - [05/Oct/2022:04:15:45 -0700] "GET /heisen/heisen66.jpg HTTP/1.1" 200 82082 "-" "Mozilla/5.0 (compatible; bingbot/2.0; +http://www.bing.com/bingbot.htm)" "ysfine.com"
157.55.39.55 - - [05/Oct/2022:04:16:06 -0700] "GET /sbk/2012wdc11.jpg HTTP/1.1" 200 181185 "-" "Mozilla/5.0 (compatible; bingbot/2.0; +http://www.bing.com/bingbot.htm)" "www.ysfine.com"
185.191.171.39 - - [05/Oct/2022:04:17:01 -0700] "GET /class54/class5470/total_data/sub_2114.htm HTTP/1.1" 200 3382 "-" "Mozilla/5.0 (compatible; SemrushBot/7~bl; +http://www.semrush.com/bot.html)" "ysfine.com"
49.150.108.57 - - [05/Oct/2022:04:17:25 -0700] "GET /kobak/korjap03.jpg HTTP/1.1" 200 86667 "https://www.google.com/" "Mozilla/5.0 (Windows NT 10.0; Win64; x64) AppleWebKit/537.36 (KHTML, like Gecko) Chrome/105.0.0.0 Safari/537.36" "ysfine.com"
157.55.39.128 - - [05/Oct/2022:04:17:26 -0700] "GET /world/israel/jeru18.jpg HTTP/1.1" 200 240106 "-" "Mozilla/5.0 (compatible; bingbot/2.0; +http://www.bing.com/bingbot.htm)" "ysfine.com"
207.46.13.102 - - [05/Oct/2022:04:18:28 -0700] "GET /kobak/lemnitzer.jpg HTTP/1.1" 200 123112 "-" "Mozilla/5.0 (compatible; bingbot/2.0; +http://www.bing.com/bingbot.htm)" "www.ysfine.com"
66.249.66.43 - - [05/Oct/2022:04:18:31 -0700] "GET /usca/pitt/christmas.jpg HTTP/1.1" 200 94041 "-" "Googlebot-Image/1.0" "ysfine.com"
77.88.5.245 - - [05/Oct/2022:04:18:56 -0700] "GET /world/russ/gum01.jpg HTTP/1.1" 200 130934 "-" "Mozilla/5.0 (compatible; YandexImages/3.0; +http://yandex.com/bots)" "ysfine.com"
207.46.13.102 - - [05/Oct/2022:04:18:57 -0700] "GET /wdc/umd05.jpg HTTP/1.1" 200 64777 "-" "Mozilla/5.0 (compatible; bingbot/2.0; +http://www.bing.com/bingbot.htm)" "ysfine.com"
66.249.66.43 - - [05/Oct/2022:04:19:07 -0700] "GET /feynman/feybongo77b.jpg HTTP/1.1" 200 29724 "-" "Googlebot-Image/1.0" "ysfine.com"
77.88.5.46 - - [05/Oct/2022:04:19:40 -0700] "GET /world/russ/kazan041.jpg HTTP/1.1" 200 64820 "-" "Mozilla/5.0 (compatible; YandexImages/3.0; +http://yandex.com/bots)" "ysfine.com"
157.55.39.127 - - [05/Oct/2022:04:19:54 -0700] "GET /wigner/wignobel.html HTTP/1.1" 200 4026 "-" "Mozilla/5.0 (compatible; bingbot/2.0; +http://www.bing.com/bingbot.htm)" "ysfine.com"
66.249.66.40 - - [05/Oct/2022:04:20:09 -0700] "GET /feynman/feyfirm3.jpg HTTP/1.1" 200 39603 "-" "Googlebot-Image/1.0" "ysfine.com"
157.55.39.58 - - [05/Oct/2022:04:20:24 -0700] "GET /world/poland/chopin05.jpg HTTP/1.1" 200 77552 "-" "Mozilla/5.0 (compatible; bingbot/2.0; +http://www.bing.com/bingbot.htm)" "www.ysfine.com"
77.75.79.31 - - [05/Oct/2022:04:20:38 -0700] "GET /world/stuttgart.html HTTP/1.1" 304 - "-" "Mozilla/5.0 (compatible; SeznamBot/4.0-RC1; +http://napoveda.seznam.cz/seznambot-intro/)" "ysfine.com"
115.27.194.129 - - [05/Oct/2022:04:21:15 -0700] "GET /wigner/neum/pvn05.jpg HTTP/1.1" 200 219501 "https://www.google.com.hk/" "Mozilla/5.0 (Macintosh; Intel Mac OS X 10_15_7) AppleWebKit/605.1.15 (KHTML, like Gecko) Version/15.6.1 Safari/605.1.15" "ysfine.com"
5.172.0.115 - - [05/Oct/2022:04:21:28 -0700] "GET /maga/histo/desiree21.jpg HTTP/1.1" 200 91829 "https://yandex.ru/images/search?text=%D0%94%D0%B5%D0%B7%D0%B8%D1%80%D0%B5%20%D0%9A%D0%BB%D0%B0%D1%80%D0%B8%20%D0%B8%20%D0%B1%D0%B5%D1%80%D0%BD%D0%B0%D0%B4%D0%BE%D1%82%D1%82&from=tabbar&pos=6&img_url=http%3A%2F%2Fysfine.com%2Fmaga%2Fhisto%2Fdesiree21.jpg&rpt=simage&lr=54" "Mozilla/5.0 (Windows NT 6.1; Win64; x64) AppleWebKit/537.36 (KHTML, like Gecko) Chrome/104.0.5112.124 YaBrowser/22.9.2.1495 Yowser/2.5 Safari/537.36" "www.ysfine.com"
5.172.0.115 - - [05/Oct/2022:04:21:39 -0700] "GET /maga/histo/desiree21.jpg HTTP/1.1" 200 91829 "-" "Mozilla/4.0 (compatible; MSIE 7.0; Windows NT 6.1; WOW64; Trident/7.0; SLCC2; .NET CLR 2.0.50727; .NET CLR 3.5.30729; .NET CLR 3.0.30729; Media Center PC 6.0; .NET4.0C; .NET4.0E; InfoPath.3; Zoom 3.6.0; ms-office; MSOffice 14)" "www.ysfine.com"
196.81.14.157 - - [05/Oct/2022:04:21:45 -0700] "GET /wigner/neum/pvn03.jpg HTTP/1.1" 200 83757 "https://www.google.com/" "Mozilla/5.0 (Linux; Android 12; SM-A217F) AppleWebKit/537.36 (KHTML, like Gecko) Chrome/103.0.0.0 Mobile Safari/537.36" "ysfine.com"
157.55.39.58 - - [05/Oct/2022:04:22:05 -0700] "GET /world/china/china007b.jpg HTTP/1.1" 200 34074 "-" "Mozilla/5.0 AppleWebKit/537.36 (KHTML, like Gecko; compatible; bingbot/2.0; +http://www.bing.com/bingbot.htm) Chrome/103.0.5060.134 Safari/537.36" "ysfine.com"
157.55.39.128 - - [05/Oct/2022:04:22:16 -0700] "GET /maga/phys/coperni103.jpg HTTP/1.1" 200 672308 "-" "Mozilla/5.0 (compatible; bingbot/2.0; +http://www.bing.com/bingbot.htm)" "ysfine.com"
157.55.39.127 - - [05/Oct/2022:04:23:24 -0700] "GET /dongio/amkor/victork22.jpg HTTP/1.1" 404 88 "-" "Mozilla/5.0 (compatible; bingbot/2.0; +http://www.bing.com/bingbot.htm)" "ysfine.com"
216.244.66.229 - - [05/Oct/2022:04:24:51 -0700] "GET /robots.txt HTTP/1.1" 404 73 "-" "Mozilla/5.0 (compatible; DotBot/1.2; +https://opensiteexplorer.org/dotbot; help@moz.com)" "www.ysfine.com"
157.55.39.127 - - [05/Oct/2022:04:26:15 -0700] "GET /maga/bohrdc.html HTTP/1.1" 200 4181 "-" "Mozilla/5.0 (compatible; bingbot/2.0; +http://www.bing.com/bingbot.htm)" "ysfine.com"
213.14.255.20 - - [05/Oct/2022:04:27:39 -0700] "GET /world/germany/benz22.jpg HTTP/1.1" 200 84366 "https://www.google.com/" "Mozilla/5.0 (Macintosh; Intel Mac OS X 10_15_7) AppleWebKit/605.1.15 (KHTML, like Gecko) Version/15.6.1 Safari/605.1.15" "ysfine.com"
157.55.39.55 - - [05/Oct/2022:04:27:48 -0700] "GET /maga/invent/joak11.jpg HTTP/1.1" 200 82986 "-" "Mozilla/5.0 (compatible; bingbot/2.0; +http://www.bing.com/bingbot.htm)" "ysfine.com"
207.46.13.102 - - [05/Oct/2022:04:29:09 -0700] "GET /world/ital/venice29b.jpg HTTP/1.1" 200 34034 "-" "Mozilla/5.0 (compatible; bingbot/2.0; +http://www.bing.com/bingbot.htm)" "ysfine.com"
104.154.224.247 - - [05/Oct/2022:04:29:28 -0700] "GET /maga/invent/wright01.jpg HTTP/1.1" 200 176029 "-" "Mozilla/5.0 (X11; Ubuntu; Linux x86_64; rv:72.0) Gecko/20100101 Firefox/72.0" "ysfine.com"
40.77.167.27 - - [05/Oct/2022:04:29:51 -0700] "GET /style/musee/berlinmus13.jpg HTTP/1.1" 200 129101 "-" "Mozilla/5.0 (compatible; bingbot/2.0; +http://www.bing.com/bingbot.htm)" "ysfine.com"
157.55.39.55 - - [05/Oct/2022:04:29:57 -0700] "GET /style/smetana.jpg HTTP/1.1" 200 70089 "-" "Mozilla/5.0 (compatible; bingbot/2.0; +http://www.bing.com/bingbot.htm)" "ysfine.com"
157.55.39.58 - - [05/Oct/2022:04:30:05 -0700] "GET /kobak/rheeh.jpg HTTP/1.1" 200 268963 "-" "Mozilla/5.0 (compatible; bingbot/2.0; +http://www.bing.com/bingbot.htm)" "ysfine.com"
217.196.23.233 - - [05/Oct/2022:04:30:09 -0700] "GET /world/russ/spbm03.jpg HTTP/1.1" 200 109009 "https://www.bing.com/" "Mozilla/5.0 (Windows NT 10.0; Win64; x64) AppleWebKit/537.36 (KHTML, like Gecko) Chrome/105.0.0.0 Safari/537.36 Edg/105.0.1343.53" "www.ysfine.com"
157.55.39.127 - - [05/Oct/2022:04:30:25 -0700] "GET /wdc/kopol.html HTTP/1.1" 200 6514 "-" "Mozilla/5.0 (compatible; bingbot/2.0; +http://www.bing.com/bingbot.htm)" "ysfine.com"
207.46.13.102 - - [05/Oct/2022:04:30:48 -0700] "GET /eink/hyperell61.jpg HTTP/1.1" 200 51720 "-" "Mozilla/5.0 (compatible; bingbot/2.0; +http://www.bing.com/bingbot.htm)" "ysfine.com"
185.57.29.134 - - [05/Oct/2022:04:31:13 -0700] "GET /kobak/sohnwi01.jpg HTTP/1.1" 200 67716 "https://www.google.com/" "Mozilla/5.0 (Windows NT 10.0; Win64; x64) AppleWebKit/537.36 (KHTML, like Gecko) Chrome/105.0.0.0 Safari/537.36" "ysfine.com"
93.23.104.200 - - [05/Oct/2022:04:31:35 -0700] "GET /world/kor/sel803.jpg HTTP/1.1" 200 195155 "https://www.google.fr/" "Mozilla/5.0 (iPhone; CPU iPhone OS 15_6 like Mac OS X) AppleWebKit/605.1.15 (KHTML, like Gecko) Version/15.6 Mobile/15E148 Safari/604.1" "ysfine.com"
157.55.39.128 - - [05/Oct/2022:04:32:08 -0700] "GET /world/scandi/vaxfree11.jpg HTTP/1.1" 200 66239 "-" "Mozilla/5.0 AppleWebKit/537.36 (KHTML, like Gecko; compatible; bingbot/2.0; +http://www.bing.com/bingbot.htm) Chrome/103.0.5060.134 Safari/537.36" "www.ysfine.com"
157.55.39.127 - - [05/Oct/2022:04:32:54 -0700] "GET /people/zeilinger2.jpg HTTP/1.1" 200 30410 "-" "Mozilla/5.0 (compatible; bingbot/2.0; +http://www.bing.com/bingbot.htm)" "ysfine.com"
93.158.161.40 - - [05/Oct/2022:04:33:02 -0700] "GET /world/baltic/riga12.jpg HTTP/1.1" 200 89059 "-" "Mozilla/5.0 (compatible; YandexImages/3.0; +http://yandex.com/bots)" "ysfine.com"
77.75.79.54 - - [05/Oct/2022:04:34:34 -0700] "GET /robots.txt HTTP/1.1" 404 88 "-" "Mozilla/5.0 (compatible; SeznamBot/3.2; +http://napoveda.seznam.cz/en/seznambot-intro/)" "ysfine.com"
77.75.79.54 - - [05/Oct/2022:04:34:36 -0700] "GET /world/brit/westmin16.jpg HTTP/1.1" 304 - "-" "Mozilla/5.0 (compatible; SeznamBot/3.2; +http://napoveda.seznam.cz/en/seznambot-intro/)" "ysfine.com"
77.75.79.54 - - [05/Oct/2022:04:34:37 -0700] "GET /world/ital/termini08.jpg HTTP/1.1" 304 - "-" "Mozilla/5.0 (compatible; SeznamBot/3.2; +http://napoveda.seznam.cz/en/seznambot-intro/)" "ysfine.com"
77.75.79.54 - - [05/Oct/2022:04:34:37 -0700] "GET /kobak/sorae/sorae01.jpg HTTP/1.1" 304 - "-" "Mozilla/5.0 (compatible; SeznamBot/3.2; +http://napoveda.seznam.cz/en/seznambot-intro/)" "ysfine.com"
77.75.79.54 - - [05/Oct/2022:04:34:38 -0700] "GET /world/russ/kazan067.jpg HTTP/1.1" 200 81040 "-" "Mozilla/5.0 (compatible; SeznamBot/3.2; +http://napoveda.seznam.cz/en/seznambot-intro/)" "ysfine.com"
157.55.39.128 - - [05/Oct/2022:04:34:47 -0700] "GET /world/israel/tlv23.jpg HTTP/1.1" 200 123995 "-" "Mozilla/5.0 (compatible; bingbot/2.0; +http://www.bing.com/bingbot.htm)" "www.ysfine.com"
157.55.39.127 - - [05/Oct/2022:04:36:45 -0700] "GET /people/aqui.jpg HTTP/1.1" 200 58124 "-" "Mozilla/5.0 (compatible; bingbot/2.0; +http://www.bing.com/bingbot.htm)" "ysfine.com"
157.55.39.128 - - [05/Oct/2022:04:37:17 -0700] "GET /saram/g010.jpg HTTP/1.1" 200 147763 "-" "Mozilla/5.0 (compatible; bingbot/2.0; +http://www.bing.com/bingbot.htm)" "www.ysfine.com"
93.158.161.51 - - [05/Oct/2022:04:37:24 -0700] "GET /usca/pitt/gonew.jpg HTTP/1.1" 304 - "-" "Mozilla/5.0 (compatible; YandexImages/3.0; +http://yandex.com/bots)" "www.ysfine.com"
157.55.39.55 - - [05/Oct/2022:04:37:38 -0700] "GET /princeton/yspr61c.jpg HTTP/1.1" 200 27257 "-" "Mozilla/5.0 (compatible; bingbot/2.0; +http://www.bing.com/bingbot.htm)" "www.ysfine.com"
40.77.167.27 - - [05/Oct/2022:04:38:12 -0700] "GET /wigner/neum/ymath.jpg HTTP/1.1" 200 64930 "-" "Mozilla/5.0 (compatible; bingbot/2.0; +http://www.bing.com/bingbot.htm)" "www.ysfine.com"
157.55.39.127 - - [05/Oct/2022:04:38:16 -0700] "GET /world/israel/tlv12.jpg HTTP/1.1" 200 243504 "-" "Mozilla/5.0 (compatible; bingbot/2.0; +http://www.bing.com/bingbot.htm)" "ysfine.com"
51.104.146.225 - - [05/Oct/2022:04:38:24 -0700] "GET /maga/phil/sartre11.jpg HTTP/1.1" 200 164394 "-" "DuckDuckBot/1.1; (+http://duckduckgo.com/duckduckbot.html)" "ysfine.com"
157.55.39.127 - - [05/Oct/2022:04:38:45 -0700] "GET /world/brit/victoria01.jpg HTTP/1.1" 200 104049 "-" "Mozilla/5.0 (compatible; bingbot/2.0; +http://www.bing.com/bingbot.htm)" "ysfine.com"
157.55.39.127 - - [05/Oct/2022:04:39:36 -0700] "GET /maga/phil/tao07.jpg HTTP/1.1" 200 63473 "-" "Mozilla/5.0 (compatible; bingbot/2.0; +http://www.bing.com/bingbot.htm)" "ysfine.com"
185.184.157.102 - - [05/Oct/2022:04:42:40 -0700] "GET /world/travel.html HTTP/1.1" 200 1633 "-" "Mozilla/5.0 (compatible; linkdexbot/2.0; +http://www.linkdex.com/bots/)" "ysfine.com"
185.184.157.102 - - [05/Oct/2022:04:42:40 -0700] "GET /robots.txt HTTP/1.1" 404 88 "-" "Mozilla/5.0 (compatible; linkdexbot/2.0; +http://www.linkdex.com/bots/)" "ysfine.com"
185.184.157.102 - - [05/Oct/2022:04:42:41 -0700] "GET /robots.txt HTTP/1.1" 404 88 "-" "Mozilla/5.0 (compatible; linkdexbot/2.0; +http://www.linkdex.com/bots/)" "www.ysfine.com"
157.55.39.128 - - [05/Oct/2022:04:42:48 -0700] "GET /maga/phys/farad01b.jpg HTTP/1.1" 200 49737 "-" "Mozilla/5.0 (compatible; bingbot/2.0; +http://www.bing.com/bingbot.htm)" "ysfine.com"
157.55.39.55 - - [05/Oct/2022:04:43:18 -0700] "GET /kowar/tanks/sherman43.jpg HTTP/1.1" 200 78963 "-" "Mozilla/5.0 (compatible; bingbot/2.0; +http://www.bing.com/bingbot.htm)" "ysfine.com"
93.158.161.40 - - [05/Oct/2022:04:44:12 -0700] "GET /world/china/china024b.jpg HTTP/1.1" 200 36370 "-" "Mozilla/5.0 (compatible; YandexImages/3.0; +http://yandex.com/bots)" "www.ysfine.com"
40.77.167.27 - - [05/Oct/2022:04:44:32 -0700] "GET /wigner/wigwein3.jpg HTTP/1.1" 200 86483 "-" "Mozilla/5.0 (compatible; bingbot/2.0; +http://www.bing.com/bingbot.htm)" "ysfine.com"
157.55.39.128 - - [05/Oct/2022:04:45:08 -0700] "GET /people/accardi02.jpg HTTP/1.1" 200 83010 "-" "Mozilla/5.0 (compatible; bingbot/2.0; +http://www.bing.com/bingbot.htm)" "ysfine.com"
157.55.39.55 - - [05/Oct/2022:04:45:59 -0700] "GET /maga/invent/sarnoffco11c.jpg HTTP/1.1" 200 23780 "-" "Mozilla/5.0 (compatible; bingbot/2.0; +http://www.bing.com/bingbot.htm)" "ysfine.com"
116.179.32.27 - - [05/Oct/2022:04:46:18 -0700] "GET /einstein/index.html HTTP/1.1" 200 135 "-" "Mozilla/5.0 (compatible; Baiduspider/2.0; +http://www.baidu.com/search/spider.html)" "www.ysfine.com"
116.179.32.13 - - [05/Oct/2022:04:46:19 -0700] "GET /einstein/ HTTP/1.1" 200 200 "-" "Mozilla/5.0 (compatible; Baiduspider/2.0; +http://www.baidu.com/search/spider.html)" "www.ysfine.com"
116.179.37.54 - - [05/Oct/2022:04:46:23 -0700] "GET /einstein/eintop.html HTTP/1.1" 200 431 "https://www.ysfine.com/einstein/index.html" "Mozilla/5.0 (compatible; Baiduspider-render/2.0; +http://www.baidu.com/search/spider.html)" "www.ysfine.com"
116.179.37.229 - - [05/Oct/2022:04:46:23 -0700] "GET /einstein/einbot.html HTTP/1.1" 200 126 "https://www.ysfine.com/einstein/index.html" "Mozilla/5.0 (compatible; Baiduspider-render/2.0; +http://www.baidu.com/search/spider.html)" "www.ysfine.com"
116.179.37.194 - - [05/Oct/2022:04:46:24 -0700] "GET /einstein/einleft.html HTTP/1.1" 200 735 "https://www.ysfine.com/einstein/einbot.html" "Mozilla/5.0 (compatible; Baiduspider-render/2.0; +http://www.baidu.com/search/spider.html)" "www.ysfine.com"
116.179.37.40 - - [05/Oct/2022:04:46:24 -0700] "GET /einstein/einkim.html HTTP/1.1" 200 3731 "https://www.ysfine.com/einstein/einbot.html" "Mozilla/5.0 (compatible; Baiduspider-render/2.0; +http://www.baidu.com/search/spider.html)" "www.ysfine.com"
116.179.37.187 - - [05/Oct/2022:04:46:25 -0700] "GET /einstein/orren11c.jpg HTTP/1.1" 200 21314 "https://www.ysfine.com/einstein/einkim.html" "Mozilla/5.0 (compatible; Baiduspider-render/2.0; +http://www.baidu.com/search/spider.html)" "www.ysfine.com"
116.179.37.38 - - [05/Oct/2022:04:46:25 -0700] "GET /home/resonance33c.jpg HTTP/1.1" 200 36247 "https://www.ysfine.com/einstein/einkim.html" "Mozilla/5.0 (compatible; Baiduspider-render/2.0; +http://www.baidu.com/search/spider.html)" "www.ysfine.com"
116.179.37.109 - - [05/Oct/2022:04:46:25 -0700] "GET /einstein/eins47c.jpg HTTP/1.1" 200 43054 "https://www.ysfine.com/einstein/einkim.html" "Mozilla/5.0 (compatible; Baiduspider-render/2.0; +http://www.baidu.com/search/spider.html)" "www.ysfine.com"
116.179.37.241 - - [05/Oct/2022:04:46:25 -0700] "GET /home/dwf55a.jpg HTTP/1.1" 200 54743 "https://www.ysfine.com/einstein/einkim.html" "Mozilla/5.0 (compatible; Baiduspider-render/2.0; +http://www.baidu.com/search/spider.html)" "www.ysfine.com"
116.179.37.55 - - [05/Oct/2022:04:46:25 -0700] "GET /einstein/ysturner11c.jpg HTTP/1.1" 200 39604 "https://www.ysfine.com/einstein/einkim.html" "Mozilla/5.0 (compatible; Baiduspider-render/2.0; +http://www.baidu.com/search/spider.html)" "www.ysfine.com"
116.179.37.144 - - [05/Oct/2022:04:46:25 -0700] "GET /einstein/keigel77a.jpg HTTP/1.1" 200 59466 "https://www.ysfine.com/einstein/einkim.html" "Mozilla/5.0 (compatible; Baiduspider-render/2.0; +http://www.baidu.com/search/spider.html)" "www.ysfine.com"
116.179.37.230 - - [05/Oct/2022:04:46:25 -0700] "GET /einstein/pdugard17a.jpg HTTP/1.1" 200 92931 "https://www.ysfine.com/einstein/einkim.html" "Mozilla/5.0 (compatible; Baiduspider-render/2.0; +http://www.baidu.com/search/spider.html)" "www.ysfine.com"
116.179.37.107 - - [05/Oct/2022:04:46:25 -0700] "GET /einstein/eward33d.jpg HTTP/1.1" 200 61786 "https://www.ysfine.com/einstein/einkim.html" "Mozilla/5.0 (compatible; Baiduspider-render/2.0; +http://www.baidu.com/search/spider.html)" "www.ysfine.com"
157.55.39.55 - - [05/Oct/2022:04:47:30 -0700] "GET /world/ital/vicenza07.jpg HTTP/1.1" 200 130554 "-" "Mozilla/5.0 AppleWebKit/537.36 (KHTML, like Gecko; compatible; bingbot/2.0; +http://www.bing.com/bingbot.htm) Chrome/103.0.5060.134 Safari/537.36" "ysfine.com"
157.55.39.55 - - [05/Oct/2022:04:48:09 -0700] "GET /world/spain/sevif07.jpg HTTP/1.1" 200 190498 "-" "Mozilla/5.0 (compatible; bingbot/2.0; +http://www.bing.com/bingbot.htm)" "ysfine.com"
114.119.128.162 - - [05/Oct/2022:04:48:35 -0700] "GET /kobak/rifles.html HTTP/1.1" 200 1360 "http://www.ysfine.com/style/songs.html" "Mozilla/5.0 (Linux; Android 7.0;) AppleWebKit/537.36 (KHTML, like Gecko) Mobile Safari/537.36 (compatible; PetalBot;+https://webmaster.petalsearch.com/site/petalbot)" "www.ysfine.com"
40.77.167.27 - - [05/Oct/2022:04:49:12 -0700] "GET /people/towhee.jpg HTTP/1.1" 200 64342 "-" "Mozilla/5.0 (compatible; bingbot/2.0; +http://www.bing.com/bingbot.htm)" "ysfine.com"
40.77.167.27 - - [05/Oct/2022:04:49:32 -0700] "GET /world/canonp66c.jpg HTTP/1.1" 200 21845 "-" "Mozilla/5.0 (compatible; bingbot/2.0; +http://www.bing.com/bingbot.htm)" "www.ysfine.com"
123.125.109.45 - - [05/Oct/2022:04:49:37 -0700] "GET / HTTP/1.1" 200 5283 "-" "Sogou web spider/4.0(+http://www.sogou.com/docs/help/webmasters.htm#07)" "www.ysfine.com"
49.7.21.113 - - [05/Oct/2022:04:50:11 -0700] "GET / HTTP/1.1" 200 5283 "-" "Sogou web spider/4.0(+http://www.sogou.com/docs/help/webmasters.htm#07)" "ysfine.com"
40.77.167.27 - - [05/Oct/2022:04:50:45 -0700] "GET /eink/eink61c.jpg HTTP/1.1" 200 34119 "-" "Mozilla/5.0 AppleWebKit/537.36 (KHTML, like Gecko; compatible; bingbot/2.0; +http://www.bing.com/bingbot.htm) Chrome/103.0.5060.134 Safari/537.36" "ysfine.com"
157.55.39.127 - - [05/Oct/2022:04:51:27 -0700] "GET /sbk/2004fra11.jpg HTTP/1.1" 200 264008 "-" "Mozilla/5.0 (compatible; bingbot/2.0; +http://www.bing.com/bingbot.htm)" "ysfine.com"
157.55.39.55 - - [05/Oct/2022:04:51:43 -0700] "GET /maga/maxedin.html HTTP/1.1" 200 6756 "-" "Mozilla/5.0 AppleWebKit/537.36 (KHTML, like Gecko; compatible; bingbot/2.0; +http://www.bing.com/bingbot.htm) Chrome/103.0.5060.134 Safari/537.36" "www.ysfine.com"
207.46.13.102 - - [05/Oct/2022:04:51:44 -0700] "GET /jobs/koreaj.html HTTP/1.1" 200 10214 "-" "Mozilla/5.0 (compatible; bingbot/2.0; +http://www.bing.com/bingbot.htm)" "www.ysfine.com"
157.55.39.127 - - [05/Oct/2022:04:51:49 -0700] "GET /dirac/dirheisen.html HTTP/1.1" 200 4650 "-" "Mozilla/5.0 AppleWebKit/537.36 (KHTML, like Gecko; compatible; bingbot/2.0; +http://www.bing.com/bingbot.htm) Chrome/103.0.5060.134 Safari/537.36" "www.ysfine.com"
40.77.167.27 - - [05/Oct/2022:04:52:22 -0700] "GET /world/china/dalian81.jpg HTTP/1.1" 200 128563 "-" "Mozilla/5.0 AppleWebKit/537.36 (KHTML, like Gecko; compatible; bingbot/2.0; +http://www.bing.com/bingbot.htm) Chrome/103.0.5060.134 Safari/537.36" "ysfine.com"
5.188.210.21 - - [05/Oct/2022:04:52:24 -0700] "GET /world/travel.html HTTP/1.1" 200 5186 "https://www.ysfine.com/world/travel.html" "Mozilla/5.0 (Windows NT 6.1; ) AppleWebKit/537.36 (KHTML, like Gecko) Chrome/90.0.4430.72 Safari/537.36" "www.ysfine.com"
5.188.210.21 - - [05/Oct/2022:04:52:25 -0700] "GET / HTTP/1.1" 200 15910 "https://www.ysfine.com/" "Mozilla/5.0 (Windows NT 6.1; ) AppleWebKit/537.36 (KHTML, like Gecko) Chrome/90.0.4430.72 Safari/537.36" "www.ysfine.com"
157.55.39.55 - - [05/Oct/2022:04:53:20 -0700] "GET /world/brit/lontaxi14.jpg HTTP/1.1" 200 64877 "-" "Mozilla/5.0 (compatible; bingbot/2.0; +http://www.bing.com/bingbot.htm)" "www.ysfine.com"
110.76.98.82 - - [05/Oct/2022:04:53:35 -0700] "GET /jobs/koreaj.html HTTP/1.1" 200 10214 "https://www.google.com/" "Mozilla/5.0 (Windows NT 10.0; Win64; x64) AppleWebKit/537.36 (KHTML, like Gecko) Chrome/106.0.0.0 Safari/537.36" "ysfine.com"
