24.189.106.242 - - [05/Oct/2022:17:39:13 -0700] "GET /eink/eink61b.jpg HTTP/1.1" 200 28018 "https://ysfine.com/einstein/einusa.html" "Mozilla/5.0 (Linux; Android 12; SM-G973U) AppleWebKit/537.36 (KHTML, like Gecko) Chrome/105.0.0.0 Mobile Safari/537.36" "ysfine.com"
24.189.106.242 - - [05/Oct/2022:17:39:13 -0700] "GET /einstein/eindc11b.jpg HTTP/1.1" 200 51489 "https://ysfine.com/einstein/einusa.html" "Mozilla/5.0 (Linux; Android 12; SM-G973U) AppleWebKit/537.36 (KHTML, like Gecko) Chrome/105.0.0.0 Mobile Safari/537.36" "ysfine.com"
24.189.106.242 - - [05/Oct/2022:17:39:13 -0700] "GET /einstein/lawrence22b.jpg HTTP/1.1" 200 44062 "https://ysfine.com/einstein/einusa.html" "Mozilla/5.0 (Linux; Android 12; SM-G973U) AppleWebKit/537.36 (KHTML, like Gecko) Chrome/105.0.0.0 Mobile Safari/537.36" "ysfine.com"
24.189.106.242 - - [05/Oct/2022:17:39:13 -0700] "GET /einstein/lawrence11b.jpg HTTP/1.1" 200 35431 "https://ysfine.com/einstein/einusa.html" "Mozilla/5.0 (Linux; Android 12; SM-G973U) AppleWebKit/537.36 (KHTML, like Gecko) Chrome/105.0.0.0 Mobile Safari/537.36" "ysfine.com"
24.189.106.242 - - [05/Oct/2022:17:39:13 -0700] "GET /wdc/whouse02b.jpg HTTP/1.1" 200 30118 "https://ysfine.com/einstein/einusa.html" "Mozilla/5.0 (Linux; Android 12; SM-G973U) AppleWebKit/537.36 (KHTML, like Gecko) Chrome/105.0.0.0 Mobile Safari/537.36" "ysfine.com"
24.189.106.242 - - [05/Oct/2022:17:39:13 -0700] "GET /world/baltic/kalinmap99b.jpg HTTP/1.1" 200 50124 "https://ysfine.com/einstein/einusa.html" "Mozilla/5.0 (Linux; Android 12; SM-G973U) AppleWebKit/537.36 (KHTML, like Gecko) Chrome/105.0.0.0 Mobile Safari/537.36" "ysfine.com"
24.189.106.242 - - [05/Oct/2022:17:39:13 -0700] "GET /people/wheekim91b.jpg HTTP/1.1" 200 40842 "https://ysfine.com/einstein/einusa.html" "Mozilla/5.0 (Linux; Android 12; SM-G973U) AppleWebKit/537.36 (KHTML, like Gecko) Chrome/105.0.0.0 Mobile Safari/537.36" "ysfine.com"
24.189.106.242 - - [05/Oct/2022:17:39:13 -0700] "GET /einstein/michelson11b.jpg HTTP/1.1" 200 35505 "https://ysfine.com/einstein/einusa.html" "Mozilla/5.0 (Linux; Android 12; SM-G973U) AppleWebKit/537.36 (KHTML, like Gecko) Chrome/105.0.0.0 Mobile Safari/537.36" "ysfine.com"
24.189.106.242 - - [05/Oct/2022:17:39:13 -0700] "GET /wigner/wigkim2.jpg HTTP/1.1" 200 40700 "https://ysfine.com/einstein/einusa.html" "Mozilla/5.0 (Linux; Android 12; SM-G973U) AppleWebKit/537.36 (KHTML, like Gecko) Chrome/105.0.0.0 Mobile Safari/537.36" "ysfine.com"
24.189.106.242 - - [05/Oct/2022:17:39:13 -0700] "GET /usca/pitt/cyclo2.jpg HTTP/1.1" 200 37426 "https://ysfine.com/einstein/einusa.html" "Mozilla/5.0 (Linux; Android 12; SM-G973U) AppleWebKit/537.36 (KHTML, like Gecko) Chrome/105.0.0.0 Mobile Safari/537.36" "ysfine.com"
24.189.106.242 - - [05/Oct/2022:17:39:13 -0700] "GET /people/jweber2.jpg HTTP/1.1" 200 36994 "https://ysfine.com/einstein/einusa.html" "Mozilla/5.0 (Linux; Android 12; SM-G973U) AppleWebKit/537.36 (KHTML, like Gecko) Chrome/105.0.0.0 Mobile Safari/537.36" "ysfine.com"
24.189.106.242 - - [05/Oct/2022:17:39:13 -0700] "GET /eink/ewk86a.jpg HTTP/1.1" 200 70895 "https://ysfine.com/einstein/einusa.html" "Mozilla/5.0 (Linux; Android 12; SM-G973U) AppleWebKit/537.36 (KHTML, like Gecko) Chrome/105.0.0.0 Mobile Safari/537.36" "ysfine.com"
207.46.13.102 - - [05/Oct/2022:17:39:13 -0700] "GET /wigner/gim/gimn05.jpg HTTP/1.1" 200 80658 "-" "Mozilla/5.0 (compatible; bingbot/2.0; +http://www.bing.com/bingbot.htm)" "ysfine.com"
24.189.106.242 - - [05/Oct/2022:17:39:13 -0700] "GET /favicon.ico HTTP/1.1" 404 88 "https://ysfine.com/einstein/einusa.html" "Mozilla/5.0 (Linux; Android 12; SM-G973U) AppleWebKit/537.36 (KHTML, like Gecko) Chrome/105.0.0.0 Mobile Safari/537.36" "ysfine.com"
68.35.2.255 - - [05/Oct/2022:17:39:33 -0700] "GET /yspapers/iopbook15.pdf HTTP/1.1" 200 2962673 "https://www.google.com/" "Mozilla/5.0 (Windows NT 10.0; Win64; x64) AppleWebKit/537.36 (KHTML, like Gecko) Chrome/105.0.0.0 Safari/537.36" "ysfine.com"
68.35.2.255 - - [05/Oct/2022:17:39:34 -0700] "GET /favicon.ico HTTP/1.1" 404 88 "https://ysfine.com/yspapers/iopbook15.pdf" "Mozilla/5.0 (Windows NT 10.0; Win64; x64) AppleWebKit/537.36 (KHTML, like Gecko) Chrome/105.0.0.0 Safari/537.36" "ysfine.com"
185.191.171.1 - - [05/Oct/2022:17:39:59 -0700] "GET /robots.txt HTTP/1.1" 404 88 "-" "Mozilla/5.0 (compatible; SemrushBot/7~bl; +http://www.semrush.com/bot.html)" "ysfine.com"
185.191.171.25 - - [05/Oct/2022:17:39:59 -0700] "GET /class54/class5470/total_data/sub_749.htm HTTP/1.1" 200 3297 "-" "Mozilla/5.0 (compatible; SemrushBot/7~bl; +http://www.semrush.com/bot.html)" "ysfine.com"
207.46.13.102 - - [05/Oct/2022:17:41:15 -0700] "GET /wdc/kennedyc17.jpg HTTP/1.1" 200 101334 "-" "Mozilla/5.0 (compatible; bingbot/2.0; +http://www.bing.com/bingbot.htm)" "www.ysfine.com"
40.77.167.27 - - [05/Oct/2022:17:41:29 -0700] "GET /world/ital/veronasis02.jpg HTTP/1.1" 200 118161 "-" "Mozilla/5.0 (compatible; bingbot/2.0; +http://www.bing.com/bingbot.htm)" "ysfine.com"
157.55.39.127 - - [05/Oct/2022:17:41:42 -0700] "GET / HTTP/1.1" 200 5283 "-" "Mozilla/5.0 (compatible; bingbot/2.0; +http://www.bing.com/bingbot.htm)" "www.ysfine.com"
157.55.39.55 - - [05/Oct/2022:17:41:53 -0700] "GET /feynman/ppic/parton01.jpg HTTP/1.1" 200 64327 "-" "Mozilla/5.0 (compatible; bingbot/2.0; +http://www.bing.com/bingbot.htm)" "ysfine.com"
95.163.255.100 - - [05/Oct/2022:17:42:01 -0700] "GET /world/ricksteves11c.jpg HTTP/1.1" 200 42537 "http://go.mail.ru/search_images" "Mozilla/5.0 (compatible; Linux x86_64; Mail.RU_Bot/Img/2.0; +https://help.mail.ru/webmaster/indexing/robots)" "www.ysfine.com"
173.73.80.118 - - [05/Oct/2022:17:42:42 -0700] "GET /favicon.ico HTTP/1.1" 404 88 "https://www.ysfine.com/ys22/dondon.html" "Mozilla/5.0 (Linux; Android 5.1.1; KFSUWI) AppleWebKit/537.36 (KHTML, like Gecko) Silk/104.2.16 like Chrome/104.0.5112.114 Safari/537.36" "www.ysfine.com"
172.76.227.95 - - [05/Oct/2022:17:43:27 -0700] "GET /einstein/einbohr33.jpg HTTP/1.1" 200 87797 "https://www.google.com/" "Mozilla/5.0 (Windows NT 10.0; Win64; x64) AppleWebKit/537.36 (KHTML, like Gecko) Chrome/106.0.0.0 Safari/537.36" "ysfine.com"
157.55.39.55 - - [05/Oct/2022:17:44:12 -0700] "GET /world/china/hongkong02b.jpg HTTP/1.1" 200 41631 "-" "Mozilla/5.0 (compatible; bingbot/2.0; +http://www.bing.com/bingbot.htm)" "ysfine.com"
192.157.113.234 - - [05/Oct/2022:17:44:36 -0700] "GET /heisen/bohrheisen11.jpg HTTP/1.1" 200 104546 "https://www.google.com/" "Mozilla/5.0 (Linux; Android 9; LG-H873 Build/PKQ1.190522.001; wv) AppleWebKit/537.36 (KHTML, like Gecko) Version/4.0 Chrome/106.0.5249.79 Mobile Safari/537.36 GoogleApp/13.38.11.26.arm64" "ysfine.com"
173.73.44.136 - - [05/Oct/2022:17:45:05 -0700] "GET /feynman/gfchew11c.jpg HTTP/1.1" 200 27337 "https://www.google.com/" "Mozilla/5.0 (Macintosh; Intel Mac OS X 10_15_7) AppleWebKit/605.1.15 (KHTML, like Gecko) Version/16.0 Safari/605.1.15" "ysfine.com"
40.77.167.27 - - [05/Oct/2022:17:45:48 -0700] "GET /einstein/einhouse11.jpg HTTP/1.1" 200 109026 "-" "Mozilla/5.0 (compatible; bingbot/2.0; +http://www.bing.com/bingbot.htm)" "ysfine.com"
114.119.128.162 - - [05/Oct/2022:17:46:24 -0700] "GET /class54/class5470/total_data/sub_502.htm HTTP/1.1" 200 3207 "https://ysfine.com/class54/class5470/total_data/sub_503.htm" "Mozilla/5.0 (Linux; Android 7.0;) AppleWebKit/537.36 (KHTML, like Gecko) Mobile Safari/537.36 (compatible; PetalBot;+https://webmaster.petalsearch.com/site/petalbot)" "ysfine.com"
157.55.39.128 - - [05/Oct/2022:17:47:12 -0700] "GET /world/brit/britmu14.jpg HTTP/1.1" 200 76595 "-" "Mozilla/5.0 (compatible; bingbot/2.0; +http://www.bing.com/bingbot.htm)" "ysfine.com"
77.75.79.54 - - [05/Oct/2022:17:47:17 -0700] "GET /robots.txt HTTP/1.1" 404 88 "-" "Mozilla/5.0 (compatible; SeznamBot/3.2; +http://napoveda.seznam.cz/en/seznambot-intro/)" "ysfine.com"
77.75.79.54 - - [05/Oct/2022:17:47:19 -0700] "GET /world/russ/kiev026.jpg HTTP/1.1" 304 - "-" "Mozilla/5.0 (compatible; SeznamBot/3.2; +http://napoveda.seznam.cz/en/seznambot-intro/)" "ysfine.com"
77.75.79.54 - - [05/Oct/2022:17:47:20 -0700] "GET /einstein/wigein600.jpg HTTP/1.1" 200 38831 "-" "Mozilla/5.0 (compatible; SeznamBot/3.2; +http://napoveda.seznam.cz/en/seznambot-intro/)" "ysfine.com"
77.75.79.54 - - [05/Oct/2022:17:47:21 -0700] "GET /world/russ/kiev036.jpg HTTP/1.1" 200 71703 "-" "Mozilla/5.0 (compatible; SeznamBot/3.2; +http://napoveda.seznam.cz/en/seznambot-intro/)" "ysfine.com"
157.55.39.55 - - [05/Oct/2022:17:47:23 -0700] "GET /sbk/2005pomp11.jpg HTTP/1.1" 200 236856 "-" "Mozilla/5.0 (compatible; bingbot/2.0; +http://www.bing.com/bingbot.htm)" "ysfine.com"
77.75.79.54 - - [05/Oct/2022:17:47:23 -0700] "GET /world/russ/kiev035.jpg HTTP/1.1" 200 149229 "-" "Mozilla/5.0 (compatible; SeznamBot/3.2; +http://napoveda.seznam.cz/en/seznambot-intro/)" "ysfine.com"
157.55.39.55 - - [05/Oct/2022:17:47:24 -0700] "GET /world/russ/minsk040b.jpg HTTP/1.1" 200 41302 "-" "Mozilla/5.0 (compatible; bingbot/2.0; +http://www.bing.com/bingbot.htm)" "ysfine.com"
77.75.79.31 - - [05/Oct/2022:17:47:24 -0700] "GET /kobak/index.html HTTP/1.1" 304 - "-" "Mozilla/5.0 (compatible; SeznamBot/4.0-RC1; +http://napoveda.seznam.cz/seznambot-intro/)" "ysfine.com"
157.55.39.127 - - [05/Oct/2022:17:47:27 -0700] "GET /world/china/dalian31.jpg HTTP/1.1" 200 78744 "-" "Mozilla/5.0 AppleWebKit/537.36 (KHTML, like Gecko; compatible; bingbot/2.0; +http://www.bing.com/bingbot.htm) Chrome/103.0.5060.134 Safari/537.36" "ysfine.com"
157.55.39.128 - - [05/Oct/2022:17:48:03 -0700] "GET /usca/pitt/fortpitt06.jpg HTTP/1.1" 200 172411 "-" "Mozilla/5.0 AppleWebKit/537.36 (KHTML, like Gecko; compatible; bingbot/2.0; +http://www.bing.com/bingbot.htm) Chrome/103.0.5060.134 Safari/537.36" "ysfine.com"
207.46.13.102 - - [05/Oct/2022:17:48:08 -0700] "GET /world/france/nice104.jpg HTTP/1.1" 200 144635 "-" "Mozilla/5.0 (compatible; bingbot/2.0; +http://www.bing.com/bingbot.htm)" "ysfine.com"
157.55.39.128 - - [05/Oct/2022:17:49:23 -0700] "GET /dirac/hideyosi11.jpg HTTP/1.1" 200 76791 "-" "Mozilla/5.0 (compatible; bingbot/2.0; +http://www.bing.com/bingbot.htm)" "www.ysfine.com"
95.163.255.71 - - [05/Oct/2022:17:49:39 -0700] "GET /einstein/landau.html HTTP/1.1" 404 88 "http://go.mail.ru/search_images" "Mozilla/5.0 (compatible; Linux x86_64; Mail.RU_Bot/Img/2.0; +https://help.mail.ru/webmaster/indexing/robots)" "www.ysfine.com"
157.55.39.128 - - [05/Oct/2022:17:49:43 -0700] "GET /world/russ/kazan066.jpg HTTP/1.1" 200 44197 "-" "Mozilla/5.0 (compatible; bingbot/2.0; +http://www.bing.com/bingbot.htm)" "www.ysfine.com"
157.55.39.128 - - [05/Oct/2022:17:50:03 -0700] "GET /world/russ/basil08c.jpg HTTP/1.1" 200 40070 "-" "Mozilla/5.0 (compatible; bingbot/2.0; +http://www.bing.com/bingbot.htm)" "ysfine.com"
173.73.80.118 - - [05/Oct/2022:17:50:14 -0700] "GET /bio/bio01.html HTTP/1.1" 304 - "https://www.ysfine.com/ys11/index.html" "Mozilla/5.0 (Linux; Android 5.1.1; KFSUWI) AppleWebKit/537.36 (KHTML, like Gecko) Silk/104.2.16 like Chrome/104.0.5112.114 Safari/537.36" "www.ysfine.com"
70.44.77.169 - - [05/Oct/2022:17:50:26 -0700] "GET /world/poland/polstu13.jpg HTTP/1.1" 200 105551 "https://www.bing.com/" "Mozilla/5.0 (Windows NT 10.0; Win64; x64) AppleWebKit/537.36 (KHTML, like Gecko) Chrome/106.0.0.0 Safari/537.36 Edg/106.0.1370.34" "ysfine.com"
157.55.39.128 - - [05/Oct/2022:17:50:34 -0700] "GET /world/spain/sevi026c.jpg HTTP/1.1" 200 33190 "-" "Mozilla/5.0 (compatible; bingbot/2.0; +http://www.bing.com/bingbot.htm)" "www.ysfine.com"
40.77.167.27 - - [05/Oct/2022:17:50:38 -0700] "GET /world/russ/krem06.jpg HTTP/1.1" 200 75234 "-" "Mozilla/5.0 (compatible; bingbot/2.0; +http://www.bing.com/bingbot.htm)" "ysfine.com"
173.73.80.118 - - [05/Oct/2022:17:51:26 -0700] "GET /bio/bio02.html HTTP/1.1" 304 - "https://www.ysfine.com/ys11/index.html" "Mozilla/5.0 (Linux; Android 5.1.1; KFSUWI) AppleWebKit/537.36 (KHTML, like Gecko) Silk/104.2.16 like Chrome/104.0.5112.114 Safari/537.36" "www.ysfine.com"
51.222.253.13 - - [05/Oct/2022:17:51:44 -0700] "GET /maga/keigel22.html HTTP/1.1" 200 4929 "-" "Mozilla/5.0 (compatible; AhrefsBot/7.0; +http://ahrefs.com/robot/)" "www.ysfine.com"
173.73.80.118 - - [05/Oct/2022:17:51:45 -0700] "GET /bio/bio03.html HTTP/1.1" 304 - "https://www.ysfine.com/ys11/index.html" "Mozilla/5.0 (Linux; Android 5.1.1; KFSUWI) AppleWebKit/537.36 (KHTML, like Gecko) Silk/104.2.16 like Chrome/104.0.5112.114 Safari/537.36" "www.ysfine.com"
173.73.80.118 - - [05/Oct/2022:17:51:46 -0700] "GET /bio/figs/gtown47d.jpg HTTP/1.1" 200 46996 "https://www.ysfine.com/bio/bio03.html" "Mozilla/5.0 (Linux; Android 5.1.1; KFSUWI) AppleWebKit/537.36 (KHTML, like Gecko) Silk/104.2.16 like Chrome/104.0.5112.114 Safari/537.36" "www.ysfine.com"
173.73.80.118 - - [05/Oct/2022:17:51:46 -0700] "GET /bio/figs/waskor042d.jpg HTTP/1.1" 200 43502 "https://www.ysfine.com/bio/bio03.html" "Mozilla/5.0 (Linux; Android 5.1.1; KFSUWI) AppleWebKit/537.36 (KHTML, like Gecko) Silk/104.2.16 like Chrome/104.0.5112.114 Safari/537.36" "www.ysfine.com"
157.55.39.128 - - [05/Oct/2022:17:51:53 -0700] "GET /fbook/blakely11c.jpg HTTP/1.1" 200 41950 "-" "Mozilla/5.0 (compatible; bingbot/2.0; +http://www.bing.com/bingbot.htm)" "www.ysfine.com"
173.73.80.118 - - [05/Oct/2022:17:51:54 -0700] "GET /bio/bio04.html HTTP/1.1" 200 10471 "https://www.ysfine.com/ys11/index.html" "Mozilla/5.0 (Linux; Android 5.1.1; KFSUWI) AppleWebKit/537.36 (KHTML, like Gecko) Silk/104.2.16 like Chrome/104.0.5112.114 Safari/537.36" "www.ysfine.com"
157.55.39.58 - - [05/Oct/2022:17:52:04 -0700] "GET /world/germany/vienna15.jpg HTTP/1.1" 200 138576 "-" "Mozilla/5.0 (compatible; bingbot/2.0; +http://www.bing.com/bingbot.htm)" "ysfine.com"
185.191.171.40 - - [05/Oct/2022:17:52:39 -0700] "GET /class54/class5470/total_data/sub_321.htm HTTP/1.1" 200 3323 "-" "Mozilla/5.0 (compatible; SemrushBot/7~bl; +http://www.semrush.com/bot.html)" "ysfine.com"
73.91.43.53 - - [05/Oct/2022:17:52:46 -0700] "GET /world/france/arusas01.jpg HTTP/1.1" 200 364636 "https://images.search.yahoo.com/search/images;_ylt=AwrFPZFLJj5jjkQCSDWJzbkF;_ylu=c2VjA3NlYXJjaARzbGsDYnV0dG9u;_ylc=X1MDOTYwNjI4NTcEX3IDMgRmcgN5c2V0X2Nocl9zeWNfaHAEZnIyA3A6cyx2OmksbTpzYi10b3AEZ3ByaWQDNnZYR045djRRUkdzQzZkZTZ3ekguQQRuX3JzbHQDMARuX3N1Z2cDMARvcmlnaW4DaW1hZ2VzLnNlYXJjaC55YWhvby5jb20EcG9zAzAEcHFzdHIDBHBxc3RybAMwBHFzdHJsAzM4BHF1ZXJ5A21hcCUyMG9mJTIwZGFudWJlJTIwcml2ZXIlMjBpbiUyMGFsc2FjZSUyMGxvcnJhaW5lBHRfc3RtcAMxNjY1MDE3NDky?p=map+of+danube+river+in+alsace+lorraine&fr=yset_chr_syc_hp&fr2=p%3As%2Cv%3Ai%2Cm%3Asb-top&ei=UTF-8&x=wrt&type=hpsetv2Aug27" "Mozilla/5.0 (Windows NT 10.0; Win64; x64) AppleWebKit/537.36 (KHTML, like Gecko) Chrome/106.0.0.0 Safari/537.36" "ysfine.com"
173.73.80.118 - - [05/Oct/2022:17:52:48 -0700] "GET /bio/bio05.html HTTP/1.1" 200 14624 "https://www.ysfine.com/ys11/index.html" "Mozilla/5.0 (Linux; Android 5.1.1; KFSUWI) AppleWebKit/537.36 (KHTML, like Gecko) Silk/104.2.16 like Chrome/104.0.5112.114 Safari/537.36" "www.ysfine.com"
173.73.80.118 - - [05/Oct/2022:17:52:48 -0700] "GET /bio/pgh/hugh01b.jpg HTTP/1.1" 200 629471 "https://www.ysfine.com/bio/bio05.html" "Mozilla/5.0 (Linux; Android 5.1.1; KFSUWI) AppleWebKit/537.36 (KHTML, like Gecko) Silk/104.2.16 like Chrome/104.0.5112.114 Safari/537.36" "www.ysfine.com"
173.73.80.118 - - [05/Oct/2022:17:53:06 -0700] "GET /bio/bio06.html HTTP/1.1" 200 5226 "https://www.ysfine.com/ys11/index.html" "Mozilla/5.0 (Linux; Android 5.1.1; KFSUWI) AppleWebKit/537.36 (KHTML, like Gecko) Silk/104.2.16 like Chrome/104.0.5112.114 Safari/537.36" "www.ysfine.com"
173.73.80.118 - - [05/Oct/2022:17:53:07 -0700] "GET /bio/fotos/sbtwein11d.jpg HTTP/1.1" 200 61469 "https://www.ysfine.com/bio/bio06.html" "Mozilla/5.0 (Linux; Android 5.1.1; KFSUWI) AppleWebKit/537.36 (KHTML, like Gecko) Silk/104.2.16 like Chrome/104.0.5112.114 Safari/537.36" "www.ysfine.com"
173.73.80.118 - - [05/Oct/2022:17:53:07 -0700] "GET /bio/wigein11d.jpg HTTP/1.1" 200 38446 "https://www.ysfine.com/bio/bio06.html" "Mozilla/5.0 (Linux; Android 5.1.1; KFSUWI) AppleWebKit/537.36 (KHTML, like Gecko) Silk/104.2.16 like Chrome/104.0.5112.114 Safari/537.36" "www.ysfine.com"
173.73.80.118 - - [05/Oct/2022:17:53:07 -0700] "GET /bio/sbt11d.jpg HTTP/1.1" 200 41029 "https://www.ysfine.com/bio/bio06.html" "Mozilla/5.0 (Linux; Android 5.1.1; KFSUWI) AppleWebKit/537.36 (KHTML, like Gecko) Silk/104.2.16 like Chrome/104.0.5112.114 Safari/537.36" "www.ysfine.com"
173.73.80.118 - - [05/Oct/2022:17:53:07 -0700] "GET /bio/figs/pwk450.jpg HTTP/1.1" 200 84171 "https://www.ysfine.com/bio/bio06.html" "Mozilla/5.0 (Linux; Android 5.1.1; KFSUWI) AppleWebKit/537.36 (KHTML, like Gecko) Silk/104.2.16 like Chrome/104.0.5112.114 Safari/537.36" "www.ysfine.com"
173.73.80.118 - - [05/Oct/2022:17:53:07 -0700] "GET /bio/truck/truck18f.jpg HTTP/1.1" 404 88 "https://www.ysfine.com/bio/bio06.html" "Mozilla/5.0 (Linux; Android 5.1.1; KFSUWI) AppleWebKit/537.36 (KHTML, like Gecko) Silk/104.2.16 like Chrome/104.0.5112.114 Safari/537.36" "www.ysfine.com"
173.73.80.118 - - [05/Oct/2022:17:53:53 -0700] "GET /bio/kowar/index.html HTTP/1.1" 200 135 "https://www.ysfine.com/bio/bio01.html" "Mozilla/5.0 (Linux; Android 5.1.1; KFSUWI) AppleWebKit/537.36 (KHTML, like Gecko) Silk/104.2.16 like Chrome/104.0.5112.114 Safari/537.36" "www.ysfine.com"
173.73.80.118 - - [05/Oct/2022:17:53:54 -0700] "GET /bio/kowar/wartop.html HTTP/1.1" 200 443 "https://www.ysfine.com/bio/kowar/index.html" "Mozilla/5.0 (Linux; Android 5.1.1; KFSUWI) AppleWebKit/537.36 (KHTML, like Gecko) Silk/104.2.16 like Chrome/104.0.5112.114 Safari/537.36" "www.ysfine.com"
173.73.80.118 - - [05/Oct/2022:17:53:54 -0700] "GET /bio/kowar/warbot.html HTTP/1.1" 200 127 "https://www.ysfine.com/bio/kowar/index.html" "Mozilla/5.0 (Linux; Android 5.1.1; KFSUWI) AppleWebKit/537.36 (KHTML, like Gecko) Silk/104.2.16 like Chrome/104.0.5112.114 Safari/537.36" "www.ysfine.com"
173.73.80.118 - - [05/Oct/2022:17:53:54 -0700] "GET /bio/kowar/war00left.html HTTP/1.1" 200 397 "https://www.ysfine.com/bio/kowar/warbot.html" "Mozilla/5.0 (Linux; Android 5.1.1; KFSUWI) AppleWebKit/537.36 (KHTML, like Gecko) Silk/104.2.16 like Chrome/104.0.5112.114 Safari/537.36" "www.ysfine.com"
173.73.80.118 - - [05/Oct/2022:17:53:54 -0700] "GET /bio/kowar/war00.html HTTP/1.1" 200 4851 "https://www.ysfine.com/bio/kowar/warbot.html" "Mozilla/5.0 (Linux; Android 5.1.1; KFSUWI) AppleWebKit/537.36 (KHTML, like Gecko) Silk/104.2.16 like Chrome/104.0.5112.114 Safari/537.36" "www.ysfine.com"
173.73.80.118 - - [05/Oct/2022:17:53:54 -0700] "GET /bio/kowar/myname01b.jpg HTTP/1.1" 200 32552 "https://www.ysfine.com/bio/kowar/war00.html" "Mozilla/5.0 (Linux; Android 5.1.1; KFSUWI) AppleWebKit/537.36 (KHTML, like Gecko) Silk/104.2.16 like Chrome/104.0.5112.114 Safari/537.36" "www.ysfine.com"
173.73.80.118 - - [05/Oct/2022:17:53:54 -0700] "GET /bio/kowar/kowar001b.jpg HTTP/1.1" 200 80152 "https://www.ysfine.com/bio/kowar/war00.html" "Mozilla/5.0 (Linux; Android 5.1.1; KFSUWI) AppleWebKit/537.36 (KHTML, like Gecko) Silk/104.2.16 like Chrome/104.0.5112.114 Safari/537.36" "www.ysfine.com"
173.73.80.118 - - [05/Oct/2022:17:53:54 -0700] "GET /bio/kowar/panmun01b.jpg HTTP/1.1" 200 35620 "https://www.ysfine.com/bio/kowar/war00.html" "Mozilla/5.0 (Linux; Android 5.1.1; KFSUWI) AppleWebKit/537.36 (KHTML, like Gecko) Silk/104.2.16 like Chrome/104.0.5112.114 Safari/537.36" "www.ysfine.com"
173.73.80.118 - - [05/Oct/2022:17:53:54 -0700] "GET /bio/kowar/panmun03b.jpg HTTP/1.1" 200 50667 "https://www.ysfine.com/bio/kowar/war00.html" "Mozilla/5.0 (Linux; Android 5.1.1; KFSUWI) AppleWebKit/537.36 (KHTML, like Gecko) Silk/104.2.16 like Chrome/104.0.5112.114 Safari/537.36" "www.ysfine.com"
173.73.80.118 - - [05/Oct/2022:17:53:54 -0700] "GET /bio/kowar/gi002b.jpg HTTP/1.1" 200 42820 "https://www.ysfine.com/bio/kowar/war00.html" "Mozilla/5.0 (Linux; Android 5.1.1; KFSUWI) AppleWebKit/537.36 (KHTML, like Gecko) Silk/104.2.16 like Chrome/104.0.5112.114 Safari/537.36" "www.ysfine.com"
173.73.80.118 - - [05/Oct/2022:17:53:54 -0700] "GET /bio/kowar/panmun04b.jpg HTTP/1.1" 200 49952 "https://www.ysfine.com/bio/kowar/war00.html" "Mozilla/5.0 (Linux; Android 5.1.1; KFSUWI) AppleWebKit/537.36 (KHTML, like Gecko) Silk/104.2.16 like Chrome/104.0.5112.114 Safari/537.36" "www.ysfine.com"
173.73.80.118 - - [05/Oct/2022:17:53:54 -0700] "GET /bio/kowar/mac01b.jpg HTTP/1.1" 200 45952 "https://www.ysfine.com/bio/kowar/war00.html" "Mozilla/5.0 (Linux; Android 5.1.1; KFSUWI) AppleWebKit/537.36 (KHTML, like Gecko) Silk/104.2.16 like Chrome/104.0.5112.114 Safari/537.36" "www.ysfine.com"
173.73.80.118 - - [05/Oct/2022:17:53:54 -0700] "GET /bio/kobak/rheetr11b.jpg HTTP/1.1" 200 43503 "https://www.ysfine.com/bio/kowar/war00.html" "Mozilla/5.0 (Linux; Android 5.1.1; KFSUWI) AppleWebKit/537.36 (KHTML, like Gecko) Silk/104.2.16 like Chrome/104.0.5112.114 Safari/537.36" "www.ysfine.com"
173.73.80.118 - - [05/Oct/2022:17:53:54 -0700] "GET /bio/kowar/tanks/tank03b.jpg HTTP/1.1" 200 42892 "https://www.ysfine.com/bio/kowar/war00.html" "Mozilla/5.0 (Linux; Android 5.1.1; KFSUWI) AppleWebKit/537.36 (KHTML, like Gecko) Silk/104.2.16 like Chrome/104.0.5112.114 Safari/537.36" "www.ysfine.com"
173.73.80.118 - - [05/Oct/2022:17:54:34 -0700] "GET /awards/index.html HTTP/1.1" 200 9993 "https://www.ysfine.com/ys11/index.html" "Mozilla/5.0 (Linux; Android 5.1.1; KFSUWI) AppleWebKit/537.36 (KHTML, like Gecko) Silk/104.2.16 like Chrome/104.0.5112.114 Safari/537.36" "www.ysfine.com"
173.73.80.118 - - [05/Oct/2022:17:54:34 -0700] "GET /awards/ewk88d.jpg HTTP/1.1" 200 96031 "https://www.ysfine.com/awards/index.html" "Mozilla/5.0 (Linux; Android 5.1.1; KFSUWI) AppleWebKit/537.36 (KHTML, like Gecko) Silk/104.2.16 like Chrome/104.0.5112.114 Safari/537.36" "www.ysfine.com"
173.73.80.118 - - [05/Oct/2022:17:54:34 -0700] "GET /home/ysnr11d.jpg HTTP/1.1" 200 61140 "https://www.ysfine.com/awards/index.html" "Mozilla/5.0 (Linux; Android 5.1.1; KFSUWI) AppleWebKit/537.36 (KHTML, like Gecko) Silk/104.2.16 like Chrome/104.0.5112.114 Safari/537.36" "www.ysfine.com"
173.73.80.118 - - [05/Oct/2022:17:54:34 -0700] "GET /awards/marq/marq10d.jpg HTTP/1.1" 200 77533 "https://www.ysfine.com/awards/index.html" "Mozilla/5.0 (Linux; Android 5.1.1; KFSUWI) AppleWebKit/537.36 (KHTML, like Gecko) Silk/104.2.16 like Chrome/104.0.5112.114 Safari/537.36" "www.ysfine.com"
173.73.80.118 - - [05/Oct/2022:17:54:34 -0700] "GET /awards/marq/marq22f.jpg HTTP/1.1" 200 142401 "https://www.ysfine.com/awards/index.html" "Mozilla/5.0 (Linux; Android 5.1.1; KFSUWI) AppleWebKit/537.36 (KHTML, like Gecko) Silk/104.2.16 like Chrome/104.0.5112.114 Safari/537.36" "www.ysfine.com"
173.73.80.118 - - [05/Oct/2022:17:54:34 -0700] "GET /awards/timessq11d.jpg HTTP/1.1" 200 105546 "https://www.ysfine.com/awards/index.html" "Mozilla/5.0 (Linux; Android 5.1.1; KFSUWI) AppleWebKit/537.36 (KHTML, like Gecko) Silk/104.2.16 like Chrome/104.0.5112.114 Safari/537.36" "www.ysfine.com"
173.73.80.118 - - [05/Oct/2022:17:54:34 -0700] "GET /awards/eward33f.jpg HTTP/1.1" 200 86617 "https://www.ysfine.com/awards/index.html" "Mozilla/5.0 (Linux; Android 5.1.1; KFSUWI) AppleWebKit/537.36 (KHTML, like Gecko) Silk/104.2.16 like Chrome/104.0.5112.114 Safari/537.36" "www.ysfine.com"
173.73.80.118 - - [05/Oct/2022:17:54:34 -0700] "GET /awards/truck20d.jpg HTTP/1.1" 200 43868 "https://www.ysfine.com/awards/index.html" "Mozilla/5.0 (Linux; Android 5.1.1; KFSUWI) AppleWebKit/537.36 (KHTML, like Gecko) Silk/104.2.16 like Chrome/104.0.5112.114 Safari/537.36" "www.ysfine.com"
173.73.80.118 - - [05/Oct/2022:17:54:34 -0700] "GET /awards/top100d.jpg HTTP/1.1" 200 74998 "https://www.ysfine.com/awards/index.html" "Mozilla/5.0 (Linux; Android 5.1.1; KFSUWI) AppleWebKit/537.36 (KHTML, like Gecko) Silk/104.2.16 like Chrome/104.0.5112.114 Safari/537.36" "www.ysfine.com"
173.73.80.118 - - [05/Oct/2022:17:54:34 -0700] "GET /awards/feygell01d.jpg HTTP/1.1" 200 31895 "https://www.ysfine.com/awards/index.html" "Mozilla/5.0 (Linux; Android 5.1.1; KFSUWI) AppleWebKit/537.36 (KHTML, like Gecko) Silk/104.2.16 like Chrome/104.0.5112.114 Safari/537.36" "www.ysfine.com"
173.73.80.118 - - [05/Oct/2022:17:54:34 -0700] "GET /awards/marq/hemis21f.jpg HTTP/1.1" 200 180095 "https://www.ysfine.com/awards/index.html" "Mozilla/5.0 (Linux; Android 5.1.1; KFSUWI) AppleWebKit/537.36 (KHTML, like Gecko) Silk/104.2.16 like Chrome/104.0.5112.114 Safari/537.36" "www.ysfine.com"
173.73.80.118 - - [05/Oct/2022:17:54:34 -0700] "GET /awards/wsj21f.jpg HTTP/1.1" 200 172238 "https://www.ysfine.com/awards/index.html" "Mozilla/5.0 (Linux; Android 5.1.1; KFSUWI) AppleWebKit/537.36 (KHTML, like Gecko) Silk/104.2.16 like Chrome/104.0.5112.114 Safari/537.36" "www.ysfine.com"
173.73.80.118 - - [05/Oct/2022:17:54:34 -0700] "GET /awards/acs55f.jpg HTTP/1.1" 200 83340 "https://www.ysfine.com/awards/index.html" "Mozilla/5.0 (Linux; Android 5.1.1; KFSUWI) AppleWebKit/537.36 (KHTML, like Gecko) Silk/104.2.16 like Chrome/104.0.5112.114 Safari/537.36" "www.ysfine.com"
173.73.80.118 - - [05/Oct/2022:17:54:34 -0700] "GET /awards/timeline11f.jpg HTTP/1.1" 200 169039 "https://www.ysfine.com/awards/index.html" "Mozilla/5.0 (Linux; Android 5.1.1; KFSUWI) AppleWebKit/537.36 (KHTML, like Gecko) Silk/104.2.16 like Chrome/104.0.5112.114 Safari/537.36" "www.ysfine.com"
173.73.80.118 - - [05/Oct/2022:17:54:34 -0700] "GET /awards/einbohr25d.jpg HTTP/1.1" 200 49476 "https://www.ysfine.com/awards/index.html" "Mozilla/5.0 (Linux; Android 5.1.1; KFSUWI) AppleWebKit/537.36 (KHTML, like Gecko) Silk/104.2.16 like Chrome/104.0.5112.114 Safari/537.36" "www.ysfine.com"
173.73.80.118 - - [05/Oct/2022:17:54:34 -0700] "GET /kobak/taylor400.jpg HTTP/1.1" 200 56181 "https://www.ysfine.com/awards/index.html" "Mozilla/5.0 (Linux; Android 5.1.1; KFSUWI) AppleWebKit/537.36 (KHTML, like Gecko) Silk/104.2.16 like Chrome/104.0.5112.114 Safari/537.36" "www.ysfine.com"
173.73.80.118 - - [05/Oct/2022:17:54:34 -0700] "GET /awards/whoswho22f.jpg HTTP/1.1" 200 106044 "https://www.ysfine.com/awards/index.html" "Mozilla/5.0 (Linux; Android 5.1.1; KFSUWI) AppleWebKit/537.36 (KHTML, like Gecko) Silk/104.2.16 like Chrome/104.0.5112.114 Safari/537.36" "www.ysfine.com"
173.73.80.118 - - [05/Oct/2022:17:54:34 -0700] "GET /awards/fortune21f.jpg HTTP/1.1" 200 234815 "https://www.ysfine.com/awards/index.html" "Mozilla/5.0 (Linux; Android 5.1.1; KFSUWI) AppleWebKit/537.36 (KHTML, like Gecko) Silk/104.2.16 like Chrome/104.0.5112.114 Safari/537.36" "www.ysfine.com"
173.73.80.118 - - [05/Oct/2022:17:54:34 -0700] "GET /awards/bridge22f.jpg HTTP/1.1" 200 98225 "https://www.ysfine.com/awards/index.html" "Mozilla/5.0 (Linux; Android 5.1.1; KFSUWI) AppleWebKit/537.36 (KHTML, like Gecko) Silk/104.2.16 like Chrome/104.0.5112.114 Safari/537.36" "www.ysfine.com"
173.73.80.118 - - [05/Oct/2022:17:54:34 -0700] "GET /home/ewk86f.jpg HTTP/1.1" 200 123121 "https://www.ysfine.com/awards/index.html" "Mozilla/5.0 (Linux; Android 5.1.1; KFSUWI) AppleWebKit/537.36 (KHTML, like Gecko) Silk/104.2.16 like Chrome/104.0.5112.114 Safari/537.36" "www.ysfine.com"
173.73.80.118 - - [05/Oct/2022:17:54:34 -0700] "GET /home/yspr61d.jpg HTTP/1.1" 200 64126 "https://www.ysfine.com/awards/index.html" "Mozilla/5.0 (Linux; Android 5.1.1; KFSUWI) AppleWebKit/537.36 (KHTML, like Gecko) Silk/104.2.16 like Chrome/104.0.5112.114 Safari/537.36" "www.ysfine.com"
173.73.80.118 - - [05/Oct/2022:17:54:34 -0700] "GET /awards/acs96f.jpg HTTP/1.1" 200 118636 "https://www.ysfine.com/awards/index.html" "Mozilla/5.0 (Linux; Android 5.1.1; KFSUWI) AppleWebKit/537.36 (KHTML, like Gecko) Silk/104.2.16 like Chrome/104.0.5112.114 Safari/537.36" "www.ysfine.com"
173.73.80.118 - - [05/Oct/2022:17:54:34 -0700] "GET /awards/acs20f.jpg HTTP/1.1" 200 145842 "https://www.ysfine.com/awards/index.html" "Mozilla/5.0 (Linux; Android 5.1.1; KFSUWI) AppleWebKit/537.36 (KHTML, like Gecko) Silk/104.2.16 like Chrome/104.0.5112.114 Safari/537.36" "www.ysfine.com"
173.73.80.118 - - [05/Oct/2022:17:54:45 -0700] "GET /bio/index.html HTTP/1.1" 304 - "https://www.ysfine.com/ys11/index.html" "Mozilla/5.0 (Linux; Android 5.1.1; KFSUWI) AppleWebKit/537.36 (KHTML, like Gecko) Silk/104.2.16 like Chrome/104.0.5112.114 Safari/537.36" "www.ysfine.com"
173.73.80.118 - - [05/Oct/2022:17:54:45 -0700] "GET /bio/sbk/1987pr22c.jpg HTTP/1.1" 200 40964 "https://www.ysfine.com/bio/index.html" "Mozilla/5.0 (Linux; Android 5.1.1; KFSUWI) AppleWebKit/537.36 (KHTML, like Gecko) Silk/104.2.16 like Chrome/104.0.5112.114 Safari/537.36" "www.ysfine.com"
54.90.139.196 - - [05/Oct/2022:17:54:46 -0700] "GET /sitemap.xml HTTP/1.1" 304 - "https://www.google.com/" "Mozilla/5.0 (Windows NT 6.1; Win64; x64) AppleWebKit/537.36 (KHTML, like Gecko) Chrome/79.0.3945.130 Safari/537.36" "www.ysfine.com"
72.104.26.217 - - [05/Oct/2022:17:54:48 -0700] "GET /wisdom/yks11b.jpg HTTP/1.1" 200 41064 "https://www.google.com/" "Mozilla/5.0 (Macintosh; Intel Mac OS X 10_15_7) AppleWebKit/537.36 (KHTML, like Gecko) Chrome/105.0.0.0 Safari/537.36" "ysfine.com"
157.55.39.128 - - [05/Oct/2022:17:55:15 -0700] "GET /world/baltic/frombork.jpg HTTP/1.1" 200 147887 "-" "Mozilla/5.0 AppleWebKit/537.36 (KHTML, like Gecko; compatible; bingbot/2.0; +http://www.bing.com/bingbot.htm) Chrome/103.0.5060.134 Safari/537.36" "ysfine.com"
185.191.171.20 - - [05/Oct/2022:17:55:42 -0700] "GET /robots.txt HTTP/1.1" 404 88 "-" "Mozilla/5.0 (compatible; SemrushBot/7~bl; +http://www.semrush.com/bot.html)" "www.ysfine.com"
185.191.171.2 - - [05/Oct/2022:17:55:43 -0700] "GET /class54/class5470/total_data/sub_8169.htm HTTP/1.1" 200 3514 "-" "Mozilla/5.0 (compatible; SemrushBot/7~bl; +http://www.semrush.com/bot.html)" "ysfine.com"
185.191.171.38 - - [05/Oct/2022:17:55:43 -0700] "GET /wdc/whx.html HTTP/1.1" 200 366 "-" "Mozilla/5.0 (compatible; SemrushBot/7~bl; +http://www.semrush.com/bot.html)" "www.ysfine.com"
40.77.167.27 - - [05/Oct/2022:17:56:00 -0700] "GET /world/ital/verona21.jpg HTTP/1.1" 200 83828 "-" "Mozilla/5.0 (compatible; bingbot/2.0; +http://www.bing.com/bingbot.htm)" "www.ysfine.com"
157.55.39.127 - - [05/Oct/2022:17:56:45 -0700] "GET /world/germany/berlin171.jpg HTTP/1.1" 200 163978 "-" "Mozilla/5.0 (compatible; bingbot/2.0; +http://www.bing.com/bingbot.htm)" "www.ysfine.com"
173.73.80.118 - - [05/Oct/2022:17:57:09 -0700] "GET /bio/bio02.html HTTP/1.1" 304 - "https://www.ysfine.com/bio/index.html" "Mozilla/5.0 (Linux; Android 5.1.1; KFSUWI) AppleWebKit/537.36 (KHTML, like Gecko) Silk/104.2.16 like Chrome/104.0.5112.114 Safari/537.36" "www.ysfine.com"
24.218.18.139 - - [05/Oct/2022:17:57:52 -0700] "GET /home/figs/einbohr77.jpg HTTP/1.1" 200 180952 "https://www.google.com/" "Mozilla/5.0 (Windows NT 10.0; Win64; x64) AppleWebKit/537.36 (KHTML, like Gecko) Chrome/105.0.0.0 Safari/537.36 Edg/105.0.1343.53" "ysfine.com"
173.73.80.118 - - [05/Oct/2022:17:58:10 -0700] "GET /bio/truck/truck18f.jpg HTTP/1.1" 404 88 "https://www.ysfine.com/bio/bio06.html" "Mozilla/5.0 (Linux; Android 5.1.1; KFSUWI) AppleWebKit/537.36 (KHTML, like Gecko) Silk/104.2.16 like Chrome/104.0.5112.114 Safari/537.36" "www.ysfine.com"
185.191.171.25 - - [05/Oct/2022:17:58:43 -0700] "GET /class54/class5470/total_data/sub_8101.htm HTTP/1.1" 200 3485 "-" "Mozilla/5.0 (compatible; SemrushBot/7~bl; +http://www.semrush.com/bot.html)" "ysfine.com"
185.191.171.9 - - [05/Oct/2022:17:59:24 -0700] "GET /class54/class5470/total_data/sub_424.htm HTTP/1.1" 200 3207 "-" "Mozilla/5.0 (compatible; SemrushBot/7~bl; +http://www.semrush.com/bot.html)" "www.ysfine.com"
157.55.39.58 - - [05/Oct/2022:17:59:45 -0700] "GET /world/baltic/rigaeisen07.jpg HTTP/1.1" 200 140915 "-" "Mozilla/5.0 (compatible; bingbot/2.0; +http://www.bing.com/bingbot.htm)" "www.ysfine.com"
157.55.39.58 - - [05/Oct/2022:18:00:16 -0700] "GET /einstein/einbohr33.jpg HTTP/1.1" 200 87797 "-" "Mozilla/5.0 (compatible; bingbot/2.0; +http://www.bing.com/bingbot.htm)" "ysfine.com"
5.161.50.70 - - [05/Oct/2022:18:00:33 -0700] "GET /yspapers/newphys75.pdf HTTP/1.1" 200 264527 "-" "Mozilla/5.0 (Windows NT 10.0; Win64; x64) AppleWebKit/537.36 (KHTML, like Gecko) Chrome/84.0.4147.105 Safari/537.36" "ysfine.com"
73.93.18.229 - - [05/Oct/2022:18:00:56 -0700] "GET /style/vienopera11.jpg HTTP/1.1" 200 105702 "https://www.google.com/" "Mozilla/5.0 (iPhone; CPU iPhone OS 15_5 like Mac OS X) AppleWebKit/605.1.15 (KHTML, like Gecko) CriOS/105.0.5195.147 Mobile/15E148 Safari/604.1" "ysfine.com"
73.93.18.229 - - [05/Oct/2022:18:00:59 -0700] "GET /style/jstrauss.jpg HTTP/1.1" 200 137743 "https://www.google.com/" "Mozilla/5.0 (iPhone; CPU iPhone OS 15_5 like Mac OS X) AppleWebKit/605.1.15 (KHTML, like Gecko) CriOS/105.0.5195.147 Mobile/15E148 Safari/604.1" "ysfine.com"
73.93.18.229 - - [05/Oct/2022:18:01:02 -0700] "GET /world/germany/vienna16.jpg HTTP/1.1" 200 164335 "https://www.google.com/" "Mozilla/5.0 (iPhone; CPU iPhone OS 15_5 like Mac OS X) AppleWebKit/605.1.15 (KHTML, like Gecko) CriOS/105.0.5195.147 Mobile/15E148 Safari/604.1" "ysfine.com"
210.119.101.11 - - [05/Oct/2022:18:01:03 -0700] "GET /kowar/panmun04.jpg HTTP/1.1" 200 126386 "https://www.google.com/" "Mozilla/5.0 (Windows NT 10.0; Win64; x64) AppleWebKit/537.36 (KHTML, like Gecko) Chrome/106.0.0.0 Safari/537.36" "ysfine.com"
73.93.18.229 - - [05/Oct/2022:18:01:13 -0700] "GET /world/germany/vienna11.jpg HTTP/1.1" 200 166505 "https://www.google.com/" "Mozilla/5.0 (iPhone; CPU iPhone OS 15_5 like Mac OS X) AppleWebKit/605.1.15 (KHTML, like Gecko) CriOS/105.0.5195.147 Mobile/15E148 Safari/604.1" "ysfine.com"
73.93.18.229 - - [05/Oct/2022:18:01:13 -0700] "GET /style/verein.jpg HTTP/1.1" 200 83100 "https://www.google.com/" "Mozilla/5.0 (iPhone; CPU iPhone OS 15_5 like Mac OS X) AppleWebKit/605.1.15 (KHTML, like Gecko) CriOS/105.0.5195.147 Mobile/15E148 Safari/604.1" "ysfine.com"
73.93.18.229 - - [05/Oct/2022:18:01:18 -0700] "GET /maga/phys/schrod11.jpg HTTP/1.1" 200 107958 "https://www.google.com/" "Mozilla/5.0 (iPhone; CPU iPhone OS 15_5 like Mac OS X) AppleWebKit/605.1.15 (KHTML, like Gecko) CriOS/105.0.5195.147 Mobile/15E148 Safari/604.1" "ysfine.com"
207.46.13.102 - - [05/Oct/2022:18:01:36 -0700] "GET /newyork/colum12.jpg HTTP/1.1" 200 105871 "-" "Mozilla/5.0 (compatible; bingbot/2.0; +http://www.bing.com/bingbot.htm)" "ysfine.com"
108.29.172.21 - - [05/Oct/2022:18:01:37 -0700] "GET /newyork/colum10.jpg HTTP/1.1" 200 186959 "https://www.google.com/" "Mozilla/5.0 (Macintosh; Intel Mac OS X 10_15_7) AppleWebKit/537.36 (KHTML, like Gecko) Chrome/105.0.0.0 Safari/537.36" "ysfine.com"
207.46.13.102 - - [05/Oct/2022:18:01:37 -0700] "GET /maga/phys/landau35b.jpg HTTP/1.1" 200 26143 "-" "Mozilla/5.0 (compatible; bingbot/2.0; +http://www.bing.com/bingbot.htm)" "ysfine.com"
157.55.39.58 - - [05/Oct/2022:18:01:46 -0700] "GET /world/china/shanghai075.jpg HTTP/1.1" 200 99283 "-" "Mozilla/5.0 (compatible; bingbot/2.0; +http://www.bing.com/bingbot.htm)" "www.ysfine.com"
108.29.172.21 - - [05/Oct/2022:18:01:47 -0700] "GET /newyork/colum14.jpg HTTP/1.1" 200 96034 "https://www.google.com/" "Mozilla/5.0 (Macintosh; Intel Mac OS X 10_15_7) AppleWebKit/537.36 (KHTML, like Gecko) Chrome/105.0.0.0 Safari/537.36" "ysfine.com"
77.88.5.46 - - [05/Oct/2022:18:01:55 -0700] "GET /robots.txt HTTP/1.1" 404 73 "-" "Mozilla/5.0 (compatible; YandexBot/3.0; +http://yandex.com/bots)" "www.ysfine.com"
93.158.161.40 - - [05/Oct/2022:18:01:59 -0700] "GET /awards/marq/marq20.jpg HTTP/1.1" 200 280201 "-" "Mozilla/5.0 (compatible; YandexImages/3.0; +http://yandex.com/bots)" "www.ysfine.com"
185.191.171.38 - - [05/Oct/2022:18:02:52 -0700] "GET /class54/class5470/total_data/sub_277.htm HTTP/1.1" 200 3372 "-" "Mozilla/5.0 (compatible; SemrushBot/7~bl; +http://www.semrush.com/bot.html)" "ysfine.com"
157.55.39.58 - - [05/Oct/2022:18:03:16 -0700] "GET /world/scandi/sto005.jpg HTTP/1.1" 200 68283 "-" "Mozilla/5.0 (compatible; bingbot/2.0; +http://www.bing.com/bingbot.htm)" "ysfine.com"
23.241.108.46 - - [05/Oct/2022:18:03:25 -0700] "GET /people/bhagat.jpg HTTP/1.1" 200 90673 "https://www.google.com/" "Mozilla/5.0 (Linux; Android 13; Pixel 5 Build/TP1A.220905.004; wv) AppleWebKit/537.36 (KHTML, like Gecko) Version/4.0 Chrome/105.0.5195.136 Mobile Safari/537.36 GoogleApp/13.38.11.29.arm64" "ysfine.com"
73.147.177.213 - - [05/Oct/2022:18:04:36 -0700] "GET /wigner/neum/vnc16.jpg HTTP/1.1" 200 107583 "https://www.google.com/" "Mozilla/5.0 (X11; Linux x86_64; rv:91.0) Gecko/20100101 Firefox/91.0" "ysfine.com"
189.203.137.206 - - [05/Oct/2022:18:05:28 -0700] "GET /world/germany/leipzig41.jpg HTTP/1.1" 200 247799 "https://mx.images.search.yahoo.com/yhs/search;_ylt=AwrC3RvIKD5jkVQA8Bvv8wt.;_ylu=Y29sbwNiZjEEcG9zAzEEdnRpZAMEc2VjA3BpdnM-?p=leipzig+alemania&type=nt_123010001_727_0&param1=sid%3D727%3Aaid%3D123010001%3Aver%3D0%3Asrc%3Dnt%3Alng%3Des%3Aitype%3De%3Ainstd%3D0%3Auip%3D3184232910%3Aup%3D&hsimp=yhs-default&hspart=blp&ei=UTF-8&fr=yhs-blp-default" "Mozilla/5.0 (Windows NT 10.0; Win64; x64) AppleWebKit/537.36 (KHTML, like Gecko) Chrome/105.0.0.0 Safari/537.36" "www.ysfine.com"
17.121.114.125 - - [05/Oct/2022:18:05:30 -0700] "GET /maga/yukawa.html HTTP/1.1" 200 5658 "-" "Mozilla/5.0 (Macintosh; Intel Mac OS X 10_15_5) AppleWebKit/605.1.15 (KHTML, like Gecko) Version/13.1.1 Safari/605.1.15 (Applebot/0.1; +http://www.apple.com/go/applebot)" "ysfine.com"
51.222.253.20 - - [05/Oct/2022:18:05:36 -0700] "GET /maga/edison.html HTTP/1.1" 200 4787 "-" "Mozilla/5.0 (compatible; AhrefsBot/7.0; +http://ahrefs.com/robot/)" "ysfine.com"
77.88.5.245 - - [05/Oct/2022:18:06:11 -0700] "GET /usca/pitt/carnlab11.pdf HTTP/1.1" 200 590392 "-" "Mozilla/5.0 (compatible; YandexBot/3.0; +http://yandex.com/bots)" "www.ysfine.com"
17.121.114.221 - - [05/Oct/2022:18:06:43 -0700] "GET /einstein/ HTTP/1.1" 200 135 "-" "Mozilla/5.0 (Macintosh; Intel Mac OS X 10_15_5) AppleWebKit/605.1.15 (KHTML, like Gecko) Version/13.1.1 Safari/605.1.15 (Applebot/0.1; +http://www.apple.com/go/applebot)" "ysfine.com"
184.55.8.200 - - [05/Oct/2022:18:09:07 -0700] "GET /kobak/repose11.jpg HTTP/1.1" 200 78530 "https://www.google.com/" "Mozilla/5.0 (Windows NT 10.0; Win64; x64) AppleWebKit/537.36 (KHTML, like Gecko) Chrome/105.0.0.0 Safari/537.36" "ysfine.com"
157.55.39.128 - - [05/Oct/2022:18:09:54 -0700] "GET /newyork/colum05.jpg HTTP/1.1" 200 116037 "-" "Mozilla/5.0 AppleWebKit/537.36 (KHTML, like Gecko; compatible; bingbot/2.0; +http://www.bing.com/bingbot.htm) Chrome/103.0.5060.134 Safari/537.36" "ysfine.com"
185.191.171.25 - - [05/Oct/2022:18:10:00 -0700] "GET /class54/class5470/total_data/sub_401.htm HTTP/1.1" 200 3223 "-" "Mozilla/5.0 (compatible; SemrushBot/7~bl; +http://www.semrush.com/bot.html)" "ysfine.com"
157.55.39.128 - - [05/Oct/2022:18:10:15 -0700] "GET /world/scandi/copen051.jpg HTTP/1.1" 200 89457 "-" "Mozilla/5.0 (compatible; bingbot/2.0; +http://www.bing.com/bingbot.htm)" "ysfine.com"
123.183.224.89 - - [05/Oct/2022:18:10:20 -0700] "GET / HTTP/1.1" 200 5283 "-" "Sogou web spider/4.0(+http://www.sogou.com/docs/help/webmasters.htm#07)" "ysfine.com"
157.55.39.58 - - [05/Oct/2022:18:11:07 -0700] "GET /einstein/newtein22.jpg HTTP/1.1" 200 81969 "-" "Mozilla/5.0 AppleWebKit/537.36 (KHTML, like Gecko; compatible; bingbot/2.0; +http://www.bing.com/bingbot.htm) Chrome/103.0.5060.134 Safari/537.36" "ysfine.com"
157.55.39.127 - - [05/Oct/2022:18:12:45 -0700] "GET /dongio/tymoshenko02.jpg HTTP/1.1" 404 88 "-" "Mozilla/5.0 (compatible; bingbot/2.0; +http://www.bing.com/bingbot.htm)" "ysfine.com"
185.191.171.38 - - [05/Oct/2022:18:13:09 -0700] "GET /home/different.html HTTP/1.1" 200 2354 "-" "Mozilla/5.0 (compatible; SemrushBot/7~bl; +http://www.semrush.com/bot.html)" "ysfine.com"
185.191.171.26 - - [05/Oct/2022:18:13:23 -0700] "GET /class54/class5470/total_data/sub_2119.htm HTTP/1.1" 200 3367 "-" "Mozilla/5.0 (compatible; SemrushBot/7~bl; +http://www.semrush.com/bot.html)" "ysfine.com"
40.77.167.27 - - [05/Oct/2022:18:15:00 -0700] "GET /awards.index.html HTTP/1.1" 404 88 "-" "Mozilla/5.0 AppleWebKit/537.36 (KHTML, like Gecko; compatible; bingbot/2.0; +http://www.bing.com/bingbot.htm) Chrome/103.0.5060.134 Safari/537.36" "ysfine.com"
17.121.114.23 - - [05/Oct/2022:18:15:01 -0700] "GET /confer/conbot.html HTTP/1.1" 200 124 "-" "Mozilla/5.0 (Macintosh; Intel Mac OS X 10_15_5) AppleWebKit/605.1.15 (KHTML, like Gecko) Version/13.1.1 Safari/605.1.15 (Applebot/0.1; +http://www.apple.com/go/applebot)" "www.ysfine.com"
40.77.167.27 - - [05/Oct/2022:18:15:01 -0700] "GET /style/venus.jpg HTTP/1.1" 200 96403 "-" "Mozilla/5.0 (compatible; bingbot/2.0; +http://www.bing.com/bingbot.htm)" "ysfine.com"
207.46.13.102 - - [05/Oct/2022:18:15:08 -0700] "GET /world/france/louvre11.jpg HTTP/1.1" 200 90911 "-" "Mozilla/5.0 (compatible; bingbot/2.0; +http://www.bing.com/bingbot.htm)" "www.ysfine.com"
66.249.70.3 - - [05/Oct/2022:18:16:17 -0700] "GET /articles/restof.pdf HTTP/1.1" 401 90 "-" "Googlebot/2.1 (+http://www.google.com/bot.html)" "ysfine.com"
17.121.115.42 - - [05/Oct/2022:18:16:48 -0700] "GET /einstein/eintop.html HTTP/1.1" 200 431 "https://ysfine.com/einstein/" "Mozilla/5.0 (Macintosh; Intel Mac OS X 10_15_5) AppleWebKit/605.1.15 (KHTML, like Gecko) Version/13.1.1 Safari/605.1.15 (Applebot/0.1; +http://www.apple.com/go/applebot)" "ysfine.com"
17.121.113.92 - - [05/Oct/2022:18:16:48 -0700] "GET /einstein/einbot.html HTTP/1.1" 200 126 "https://ysfine.com/einstein/" "Mozilla/5.0 (Macintosh; Intel Mac OS X 10_15_5) AppleWebKit/605.1.15 (KHTML, like Gecko) Version/13.1.1 Safari/605.1.15 (Applebot/0.1; +http://www.apple.com/go/applebot)" "ysfine.com"
17.121.115.42 - - [05/Oct/2022:18:16:49 -0700] "GET /einstein/einleft.html HTTP/1.1" 200 735 "https://ysfine.com/einstein/einbot.html" "Mozilla/5.0 (Macintosh; Intel Mac OS X 10_15_5) AppleWebKit/605.1.15 (KHTML, like Gecko) Version/13.1.1 Safari/605.1.15 (Applebot/0.1; +http://www.apple.com/go/applebot)" "ysfine.com"
185.191.171.14 - - [05/Oct/2022:18:18:48 -0700] "GET /remote/wigner111/goto.html HTTP/1.1" 200 632 "-" "Mozilla/5.0 (compatible; SemrushBot/7~bl; +http://www.semrush.com/bot.html)" "ysfine.com"
207.46.13.102 - - [05/Oct/2022:18:19:27 -0700] "GET /world/china/xian16.jpg HTTP/1.1" 200 74502 "-" "Mozilla/5.0 (compatible; bingbot/2.0; +http://www.bing.com/bingbot.htm)" "www.ysfine.com"
157.55.39.58 - - [05/Oct/2022:18:20:07 -0700] "GET /wdc/kennedyc17.jpg HTTP/1.1" 200 101334 "-" "Mozilla/5.0 (compatible; bingbot/2.0; +http://www.bing.com/bingbot.htm)" "ysfine.com"
185.191.171.43 - - [05/Oct/2022:18:20:09 -0700] "GET /class54/class5470/total_data/sub_114.htm HTTP/1.1" 200 3292 "-" "Mozilla/5.0 (compatible; SemrushBot/7~bl; +http://www.semrush.com/bot.html)" "www.ysfine.com"
157.55.39.127 - - [05/Oct/2022:18:20:56 -0700] "GET /world/scandi/nbi26.jpg HTTP/1.1" 200 75196 "-" "Mozilla/5.0 (compatible; bingbot/2.0; +http://www.bing.com/bingbot.htm)" "ysfine.com"
188.243.12.148 - - [05/Oct/2022:18:21:30 -0700] "GET /yspapers/iopbook15.pdf HTTP/1.1" 200 2962673 "https://www.google.ru/" "Mozilla/5.0 (Linux; Android 12; SM-M215F) AppleWebKit/537.36 (KHTML, like Gecko) Chrome/105.0.0.0 Mobile Safari/537.36" "ysfine.com"
188.243.12.148 - - [05/Oct/2022:18:21:30 -0700] "GET /yspapers/iopbook15.pdf HTTP/1.1" 206 1597340 "https://www.google.ru/" "Mozilla/5.0 (Linux; Android 12; SM-M215F) AppleWebKit/537.36 (KHTML, like Gecko) Chrome/105.0.0.0 Mobile Safari/537.36" "ysfine.com"
3.84.24.248 - - [05/Oct/2022:18:21:35 -0700] "GET /explore HTTP/1.1" 404 88 "-" "Mozilla/5.0 (Windows; U; Windows NT 6.0; en-GB; rv:1.9.0.11) Gecko/2009060215 Firefox/3.0.11 (.NET CLR 3.5.30729)" "ysfine.com"
157.55.39.128 - - [05/Oct/2022:18:21:37 -0700] "GET /wdc/usna14.jpg HTTP/1.1" 200 98975 "-" "Mozilla/5.0 (compatible; bingbot/2.0; +http://www.bing.com/bingbot.htm)" "ysfine.com"
17.121.114.104 - - [05/Oct/2022:18:21:50 -0700] "GET /confer/conleft.html HTTP/1.1" 200 546 "https://www.ysfine.com/confer/conbot.html" "Mozilla/5.0 (Macintosh; Intel Mac OS X 10_15_5) AppleWebKit/605.1.15 (KHTML, like Gecko) Version/13.1.1 Safari/605.1.15 (Applebot/0.1; +http://www.apple.com/go/applebot)" "www.ysfine.com"
17.121.113.151 - - [05/Oct/2022:18:21:50 -0700] "GET /confer/conrigh.html HTTP/1.1" 200 1964 "https://www.ysfine.com/confer/conbot.html" "Mozilla/5.0 (Macintosh; Intel Mac OS X 10_15_5) AppleWebKit/605.1.15 (KHTML, like Gecko) Version/13.1.1 Safari/605.1.15 (Applebot/0.1; +http://www.apple.com/go/applebot)" "www.ysfine.com"
201.8.72.9 - - [05/Oct/2022:18:22:04 -0700] "GET /dirac/dirheisen31c.jpg HTTP/1.1" 200 43569 "https://www.google.com.br/" "Mozilla/5.0 (Windows NT 10.0; Win64; x64) AppleWebKit/537.36 (KHTML, like Gecko) Chrome/105.0.0.0 Safari/537.36 Edg/105.0.1343.50" "ysfine.com"
201.8.72.9 - - [05/Oct/2022:18:22:05 -0700] "GET /heisen/bohrheisen11.jpg HTTP/1.1" 200 104546 "https://www.google.com.br/" "Mozilla/5.0 (Windows NT 10.0; Win64; x64) AppleWebKit/537.36 (KHTML, like Gecko) Chrome/105.0.0.0 Safari/537.36 Edg/105.0.1343.50" "ysfine.com"
93.158.161.40 - - [05/Oct/2022:18:22:24 -0700] "GET /robots.txt HTTP/1.1" 404 73 "-" "Mozilla/5.0 (compatible; YandexBot/3.0; +http://yandex.com/bots)" "ysfine.com"
77.88.5.46 - - [05/Oct/2022:18:22:28 -0700] "GET /world/russ/mosf64.jpg HTTP/1.1" 200 200493 "-" "Mozilla/5.0 (compatible; YandexImages/3.0; +http://yandex.com/bots)" "ysfine.com"
157.55.39.127 - - [05/Oct/2022:18:23:57 -0700] "GET /world/ital/spstep01b.jpg HTTP/1.1" 200 34624 "-" "Mozilla/5.0 AppleWebKit/537.36 (KHTML, like Gecko; compatible; bingbot/2.0; +http://www.bing.com/bingbot.htm) Chrome/103.0.5060.134 Safari/537.36" "ysfine.com"
157.55.39.127 - - [05/Oct/2022:18:24:36 -0700] "GET /dirac/dirbust22.jpg HTTP/1.1" 200 88173 "-" "Mozilla/5.0 (compatible; bingbot/2.0; +http://www.bing.com/bingbot.htm)" "www.ysfine.com"
40.77.167.27 - - [05/Oct/2022:18:25:32 -0700] "GET /world/latina/rio058.jpg HTTP/1.1" 200 102907 "-" "Mozilla/5.0 (compatible; bingbot/2.0; +http://www.bing.com/bingbot.htm)" "ysfine.com"
185.191.171.11 - - [05/Oct/2022:18:26:56 -0700] "GET /class54/class5470/total_data/sub_102.htm HTTP/1.1" 200 3289 "-" "Mozilla/5.0 (compatible; SemrushBot/7~bl; +http://www.semrush.com/bot.html)" "www.ysfine.com"
185.191.171.4 - - [05/Oct/2022:18:27:06 -0700] "GET /einstein/einphoto.html HTTP/1.1" 200 1970 "-" "Mozilla/5.0 (compatible; SemrushBot/7~bl; +http://www.semrush.com/bot.html)" "ysfine.com"
157.55.39.127 - - [05/Oct/2022:18:27:37 -0700] "GET /houses/house46.jpg HTTP/1.1" 200 60849 "-" "Mozilla/5.0 AppleWebKit/537.36 (KHTML, like Gecko; compatible; bingbot/2.0; +http://www.bing.com/bingbot.htm) Chrome/103.0.5060.134 Safari/537.36" "www.ysfine.com"
207.46.13.102 - - [05/Oct/2022:18:27:58 -0700] "GET /sbk/2013buda03.jpg HTTP/1.1" 200 79391 "-" "Mozilla/5.0 (compatible; bingbot/2.0; +http://www.bing.com/bingbot.htm)" "ysfine.com"
185.191.171.3 - - [05/Oct/2022:18:28:08 -0700] "GET /class54/class5470/total_data/sub_239.htm HTTP/1.1" 200 3391 "-" "Mozilla/5.0 (compatible; SemrushBot/7~bl; +http://www.semrush.com/bot.html)" "ysfine.com"
157.55.39.58 - - [05/Oct/2022:18:28:28 -0700] "GET /wdc/wasmap11.jpg HTTP/1.1" 200 90827 "-" "Mozilla/5.0 (compatible; bingbot/2.0; +http://www.bing.com/bingbot.htm)" "ysfine.com"
40.77.167.27 - - [05/Oct/2022:18:28:53 -0700] "GET /world/russ/kilin105.jpg HTTP/1.1" 200 87546 "-" "Mozilla/5.0 (compatible; bingbot/2.0; +http://www.bing.com/bingbot.htm)" "ysfine.com"
157.55.39.127 - - [05/Oct/2022:18:33:07 -0700] "GET /wigner/cylin.jpg HTTP/1.1" 200 98610 "-" "Mozilla/5.0 (compatible; bingbot/2.0; +http://www.bing.com/bingbot.htm)" "ysfine.com"
185.191.171.43 - - [05/Oct/2022:18:33:23 -0700] "GET /world/nice.html HTTP/1.1" 200 7230 "-" "Mozilla/5.0 (compatible; SemrushBot/7~bl; +http://www.semrush.com/bot.html)" "www.ysfine.com"
185.191.171.10 - - [05/Oct/2022:18:33:30 -0700] "GET /maga/phys/poinsf/frame06.html HTTP/1.1" 200 324 "-" "Mozilla/5.0 (compatible; SemrushBot/7~bl; +http://www.semrush.com/bot.html)" "www.ysfine.com"
85.128.143.27 - - [05/Oct/2022:18:33:48 -0700] "HEAD /princeton/gcollege22.jpg HTTP/1.1" 200 - "https://ekolaczki.pl" "Mozilla/5.0 (Windows NT 10.0; Win64; x64) AppleWebKit/537.36 (KHTML, like Gecko) Chrome/70.0.3538.102 Safari/537.36" "ysfine.com"
85.128.143.27 - - [05/Oct/2022:18:33:48 -0700] "GET /princeton/gcollege22.jpg HTTP/1.1" 206 2049 "https://ekolaczki.pl" "Mozilla/5.0 (Windows NT 10.0; Win64; x64) AppleWebKit/537.36 (KHTML, like Gecko) Chrome/70.0.3538.102 Safari/537.36" "ysfine.com"
51.222.253.14 - - [05/Oct/2022:18:35:32 -0700] "GET /wigner/wigpoinc.html HTTP/1.1" 200 6586 "-" "Mozilla/5.0 (compatible; AhrefsBot/7.0; +http://ahrefs.com/robot/)" "ysfine.com"
207.46.13.102 - - [05/Oct/2022:18:35:39 -0700] "GET /world/latina/sao01.jpg HTTP/1.1" 200 102202 "-" "Mozilla/5.0 (compatible; bingbot/2.0; +http://www.bing.com/bingbot.htm)" "ysfine.com"
157.55.39.127 - - [05/Oct/2022:18:35:58 -0700] "GET /wigner/wigheis11.jpg HTTP/1.1" 200 96481 "-" "Mozilla/5.0 (compatible; bingbot/2.0; +http://www.bing.com/bingbot.htm)" "www.ysfine.com"
69.237.8.60 - - [05/Oct/2022:18:37:11 -0700] "GET /world/poland/coperni11.jpg HTTP/1.1" 200 135649 "https://www.google.com/" "Mozilla/5.0 (Windows NT 10.0; Win64; x64) AppleWebKit/537.36 (KHTML, like Gecko) Chrome/105.0.0.0 Safari/537.36" "ysfine.com"
157.55.39.127 - - [05/Oct/2022:18:37:49 -0700] "GET /newyork/waldorf03.jpg HTTP/1.1" 200 225703 "-" "Mozilla/5.0 (compatible; bingbot/2.0; +http://www.bing.com/bingbot.htm)" "ysfine.com"
118.93.0.181 - - [05/Oct/2022:18:38:40 -0700] "GET /heisen/schroheisen33.jpg HTTP/1.1" 200 86213 "https://www.google.com/" "Mozilla/5.0 (Windows NT 10.0; Win64; x64) AppleWebKit/537.36 (KHTML, like Gecko) Chrome/105.0.0.0 Safari/537.36" "ysfine.com"
185.191.171.38 - - [05/Oct/2022:18:39:35 -0700] "GET /class54/class5470/total_data/sub_254.htm HTTP/1.1" 200 3375 "-" "Mozilla/5.0 (compatible; SemrushBot/7~bl; +http://www.semrush.com/bot.html)" "ysfine.com"
185.191.171.34 - - [05/Oct/2022:18:40:13 -0700] "GET /robots.txt HTTP/1.1" 404 88 "-" "Mozilla/5.0 (compatible; SemrushBot/7~bl; +http://www.semrush.com/bot.html)" "ysfine.com"
