110.76.98.82 - - [05/Oct/2022:04:53:35 -0700] "GET /jobs/koreaj11b.jpg HTTP/1.1" 200 67543 "https://ysfine.com/jobs/koreaj.html" "Mozilla/5.0 (Windows NT 10.0; Win64; x64) AppleWebKit/537.36 (KHTML, like Gecko) Chrome/106.0.0.0 Safari/537.36" "ysfine.com"
110.76.98.82 - - [05/Oct/2022:04:53:36 -0700] "GET /favicon.ico HTTP/1.1" 404 88 "https://ysfine.com/jobs/koreaj.html" "Mozilla/5.0 (Windows NT 10.0; Win64; x64) AppleWebKit/537.36 (KHTML, like Gecko) Chrome/106.0.0.0 Safari/537.36" "ysfine.com"
114.119.128.14 - - [05/Oct/2022:04:54:05 -0700] "GET /awards/marq/marq22.pdf HTTP/1.1" 200 162508 "https://ysfine.com/awards/index.html" "Mozilla/5.0 (Linux; Android 7.0;) AppleWebKit/537.36 (KHTML, like Gecko) Mobile Safari/537.36 (compatible; PetalBot;+https://webmaster.petalsearch.com/site/petalbot)" "ysfine.com"
104.28.135.80 - - [05/Oct/2022:04:54:22 -0700] "GET /einstein/einbohr33.jpg HTTP/1.1" 200 87797 "https://www.google.ch/" "Mozilla/5.0 (Macintosh; Intel Mac OS X 10_15_6) AppleWebKit/605.1.15 (KHTML, like Gecko) Version/15.6.1 Safari/605.1.15" "ysfine.com"
62.118.86.195 - - [05/Oct/2022:04:55:08 -0700] "GET /kobak/draftreg33.jpg HTTP/1.1" 200 218222 "https://yandex.ru/" "Mozilla/5.0 (Linux; arm_64; Android 11; M2101K7BNY) AppleWebKit/537.36 (KHTML, like Gecko) Chrome/94.0.4606.85 YaApp_Android/21.112.1 YaSearchBrowser/21.112.1 BroPP/1.0 SA/3 Mobile Safari/537.36" "www.ysfine.com"
157.55.39.128 - - [05/Oct/2022:04:55:19 -0700] "GET /class54/tallm08.jpg HTTP/1.1" 200 161243 "-" "Mozilla/5.0 (compatible; bingbot/2.0; +http://www.bing.com/bingbot.htm)" "www.ysfine.com"
157.55.39.58 - - [05/Oct/2022:04:57:19 -0700] "GET /einstein/einstring.html HTTP/1.1" 200 653 "-" "Mozilla/5.0 (compatible; bingbot/2.0; +http://www.bing.com/bingbot.htm)" "ysfine.com"
207.46.13.102 - - [05/Oct/2022:04:57:51 -0700] "GET /maga/phil/tao07b.jpg HTTP/1.1" 200 52158 "-" "Mozilla/5.0 AppleWebKit/537.36 (KHTML, like Gecko; compatible; bingbot/2.0; +http://www.bing.com/bingbot.htm) Chrome/103.0.5060.134 Safari/537.36" "ysfine.com"
157.55.39.127 - - [05/Oct/2022:04:57:57 -0700] "GET /people/wheemaine2.jpg HTTP/1.1" 200 34617 "-" "Mozilla/5.0 (compatible; bingbot/2.0; +http://www.bing.com/bingbot.htm)" "ysfine.com"
40.77.167.27 - - [05/Oct/2022:04:59:54 -0700] "GET /world/brit/bond02.jpg HTTP/1.1" 200 99716 "-" "Mozilla/5.0 (compatible; bingbot/2.0; +http://www.bing.com/bingbot.htm)" "ysfine.com"
185.191.171.9 - - [05/Oct/2022:05:00:25 -0700] "GET /robots.txt HTTP/1.1" 404 88 "-" "Mozilla/5.0 (compatible; SemrushBot/7~bl; +http://www.semrush.com/bot.html)" "www.ysfine.com"
185.191.171.2 - - [05/Oct/2022:05:00:25 -0700] "GET /maga/phys/poinsf/frame05.html HTTP/1.1" 200 323 "-" "Mozilla/5.0 (compatible; SemrushBot/7~bl; +http://www.semrush.com/bot.html)" "www.ysfine.com"
40.77.167.27 - - [05/Oct/2022:05:01:05 -0700] "GET /wigner/isomor77a.jpg HTTP/1.1" 200 53058 "-" "Mozilla/5.0 (compatible; bingbot/2.0; +http://www.bing.com/bingbot.htm)" "www.ysfine.com"
207.46.13.102 - - [05/Oct/2022:05:01:43 -0700] "GET /world/ital/florf02.jpg HTTP/1.1" 200 98475 "-" "Mozilla/5.0 (compatible; bingbot/2.0; +http://www.bing.com/bingbot.htm)" "ysfine.com"
157.55.39.127 - - [05/Oct/2022:05:02:18 -0700] "GET /world/brit/dunf12.jpg HTTP/1.1" 200 119023 "-" "Mozilla/5.0 (compatible; bingbot/2.0; +http://www.bing.com/bingbot.htm)" "ysfine.com"
157.55.39.127 - - [05/Oct/2022:05:04:29 -0700] "GET /world/russ/proudm.html HTTP/1.1" 200 696 "-" "Mozilla/5.0 (compatible; bingbot/2.0; +http://www.bing.com/bingbot.htm)" "ysfine.com"
157.55.39.128 - - [05/Oct/2022:05:04:51 -0700] "GET /style/cotton11.jpg HTTP/1.1" 200 84007 "-" "Mozilla/5.0 (compatible; bingbot/2.0; +http://www.bing.com/bingbot.htm)" "ysfine.com"
157.55.39.55 - - [05/Oct/2022:05:05:23 -0700] "GET /world/russ/kazan081.jpg HTTP/1.1" 200 75486 "-" "Mozilla/5.0 (compatible; bingbot/2.0; +http://www.bing.com/bingbot.htm)" "www.ysfine.com"
157.55.39.128 - - [05/Oct/2022:05:07:50 -0700] "GET /world/scandi/copen058.jpg HTTP/1.1" 200 72784 "-" "Mozilla/5.0 (compatible; bingbot/2.0; +http://www.bing.com/bingbot.htm)" "ysfine.com"
157.55.39.55 - - [05/Oct/2022:05:08:10 -0700] "GET /world/poland/krk10.jpg HTTP/1.1" 200 113355 "-" "Mozilla/5.0 (compatible; bingbot/2.0; +http://www.bing.com/bingbot.htm)" "www.ysfine.com"
185.191.171.9 - - [05/Oct/2022:05:08:39 -0700] "GET /robots.txt HTTP/1.1" 404 88 "-" "Mozilla/5.0 (compatible; SemrushBot/7~bl; +http://www.semrush.com/bot.html)" "ysfine.com"
185.191.171.26 - - [05/Oct/2022:05:08:40 -0700] "GET /class54/class5470/total_data/sub_519.htm HTTP/1.1" 200 3212 "-" "Mozilla/5.0 (compatible; SemrushBot/7~bl; +http://www.semrush.com/bot.html)" "ysfine.com"
116.179.32.83 - - [05/Oct/2022:05:10:23 -0700] "GET /dirac/dirbot.html HTTP/1.1" 200 130 "-" "Mozilla/5.0 (compatible; Baiduspider/2.0; +http://www.baidu.com/search/spider.html)" "www.ysfine.com"
116.179.37.167 - - [05/Oct/2022:05:10:27 -0700] "GET /dirac/dirleft.html HTTP/1.1" 200 716 "https://www.ysfine.com/dirac/dirbot.html" "Mozilla/5.0 (compatible; Baiduspider-render/2.0; +http://www.baidu.com/search/spider.html)" "www.ysfine.com"
116.179.37.118 - - [05/Oct/2022:05:10:27 -0700] "GET /dirac/dirkim.html HTTP/1.1" 200 3690 "https://www.ysfine.com/dirac/dirbot.html" "Mozilla/5.0 (compatible; Baiduspider-render/2.0; +http://www.baidu.com/search/spider.html)" "www.ysfine.com"
116.179.37.195 - - [05/Oct/2022:05:10:28 -0700] "GET /dirac/nicodem11c.jpg HTTP/1.1" 200 72684 "https://www.ysfine.com/dirac/dirkim.html" "Mozilla/5.0 (compatible; Baiduspider-render/2.0; +http://www.baidu.com/search/spider.html)" "www.ysfine.com"
116.179.37.80 - - [05/Oct/2022:05:10:28 -0700] "GET /dirac/dirbust22c.jpg HTTP/1.1" 200 36029 "https://www.ysfine.com/dirac/dirkim.html" "Mozilla/5.0 (compatible; Baiduspider-render/2.0; +http://www.baidu.com/search/spider.html)" "www.ysfine.com"
116.179.37.233 - - [05/Oct/2022:05:10:28 -0700] "GET /dirac/dirac11c.jpg HTTP/1.1" 200 39003 "https://www.ysfine.com/dirac/dirkim.html" "Mozilla/5.0 (compatible; Baiduspider-render/2.0; +http://www.baidu.com/search/spider.html)" "www.ysfine.com"
116.179.37.56 - - [05/Oct/2022:05:10:28 -0700] "GET /dirac/sq73c.jpg HTTP/1.1" 200 35501 "https://www.ysfine.com/dirac/dirkim.html" "Mozilla/5.0 (compatible; Baiduspider-render/2.0; +http://www.baidu.com/search/spider.html)" "www.ysfine.com"
116.179.37.234 - - [05/Oct/2022:05:10:28 -0700] "GET /feynman/feydirac300.jpg HTTP/1.1" 200 38223 "https://www.ysfine.com/dirac/dirkim.html" "Mozilla/5.0 (compatible; Baiduspider-render/2.0; +http://www.baidu.com/search/spider.html)" "www.ysfine.com"
116.179.37.48 - - [05/Oct/2022:05:10:28 -0700] "GET /home/goodbad11c.jpg HTTP/1.1" 200 18799 "https://www.ysfine.com/dirac/dirkim.html" "Mozilla/5.0 (compatible; Baiduspider-render/2.0; +http://www.baidu.com/search/spider.html)" "www.ysfine.com"
116.179.37.159 - - [05/Oct/2022:05:10:28 -0700] "GET /eink/wsj21a.jpg HTTP/1.1" 200 117645 "https://www.ysfine.com/dirac/dirkim.html" "Mozilla/5.0 (compatible; Baiduspider-render/2.0; +http://www.baidu.com/search/spider.html)" "www.ysfine.com"
157.55.39.128 - - [05/Oct/2022:05:10:31 -0700] "GET /home/sbt11.jpg HTTP/1.1" 200 166706 "-" "Mozilla/5.0 (compatible; bingbot/2.0; +http://www.bing.com/bingbot.htm)" "ysfine.com"
183.12.100.88 - - [05/Oct/2022:05:10:57 -0700] "GET /favicon.ico HTTP/1.1" 404 88 "https://ysfine.com/wigner/wiglittle.pdf" "Mozilla/5.0 (Macintosh; Intel Mac OS X 10_15_7) AppleWebKit/537.36 (KHTML, like Gecko) Chrome/105.0.0.0 Safari/537.36" "ysfine.com"
122.161.68.224 - - [05/Oct/2022:05:11:20 -0700] "GET /princeton/alexan22.jpg HTTP/1.1" 200 175436 "https://www.google.com/" "Mozilla/5.0 (iPhone; CPU iPhone OS 16_0 like Mac OS X) AppleWebKit/605.1.15 (KHTML, like Gecko) CriOS/105.0.5195.147 Mobile/15E148 Safari/604.1" "ysfine.com"
222.118.194.145 - - [05/Oct/2022:05:11:31 -0700] "GET /maga/phil/sartre66.jpg HTTP/1.1" 200 239329 "https://www.google.com/" "Mozilla/5.0 (Windows NT 10.0; Win64; x64) AppleWebKit/537.36 (KHTML, like Gecko) Chrome/105.0.0.0 Safari/537.36" "ysfine.com"
207.46.13.102 - - [05/Oct/2022:05:11:32 -0700] "GET /maga/phys/sommerfeld11.jpg HTTP/1.1" 200 57843 "-" "Mozilla/5.0 AppleWebKit/537.36 (KHTML, like Gecko; compatible; bingbot/2.0; +http://www.bing.com/bingbot.htm) Chrome/103.0.5060.134 Safari/537.36" "ysfine.com"
40.77.167.27 - - [05/Oct/2022:05:12:45 -0700] "GET /people/sbt85.jpg HTTP/1.1" 200 144903 "-" "Mozilla/5.0 (compatible; bingbot/2.0; +http://www.bing.com/bingbot.htm)" "ysfine.com"
40.77.167.27 - - [05/Oct/2022:05:12:45 -0700] "GET /people/bhagat.jpg HTTP/1.1" 200 90673 "-" "Mozilla/5.0 AppleWebKit/537.36 (KHTML, like Gecko; compatible; bingbot/2.0; +http://www.bing.com/bingbot.htm) Chrome/103.0.5060.134 Safari/537.36" "ysfine.com"
114.119.128.158 - - [05/Oct/2022:05:13:14 -0700] "GET /world/bologna.html HTTP/1.1" 200 6357 "https://www.ysfine.com/world/roma.html" "Mozilla/5.0 (Linux; Android 7.0;) AppleWebKit/537.36 (KHTML, like Gecko) Mobile Safari/537.36 (compatible; PetalBot;+https://webmaster.petalsearch.com/site/petalbot)" "www.ysfine.com"
216.244.66.229 - - [05/Oct/2022:05:13:25 -0700] "GET /robots.txt HTTP/1.1" 404 73 "-" "Mozilla/5.0 (compatible; DotBot/1.2; +https://opensiteexplorer.org/dotbot; help@moz.com)" "www.ysfine.com"
176.35.165.39 - - [05/Oct/2022:05:14:32 -0700] "GET / HTTP/1.1" 304 - "-" "Mozilla/5.0 (iPhone; CPU iPhone OS 15_6_1 like Mac OS X) AppleWebKit/605.1.15 (KHTML, like Gecko) Version/15.6.1 Mobile/15E148 Safari/604.1" "ysfine.com"
176.35.165.39 - - [05/Oct/2022:05:14:32 -0700] "GET /home/top21d.jpg HTTP/1.1" 200 74409 "-" "Mozilla/5.0 (iPhone; CPU iPhone OS 15_6_1 like Mac OS X) AppleWebKit/605.1.15 (KHTML, like Gecko) Version/15.6.1 Mobile/15E148 Safari/604.1" "ysfine.com"
176.35.165.39 - - [05/Oct/2022:05:14:32 -0700] "GET /home/goodbad450.jpg HTTP/1.1" 200 32258 "-" "Mozilla/5.0 (iPhone; CPU iPhone OS 15_6_1 like Mac OS X) AppleWebKit/605.1.15 (KHTML, like Gecko) Version/15.6.1 Mobile/15E148 Safari/604.1" "ysfine.com"
176.35.165.39 - - [05/Oct/2022:05:14:32 -0700] "GET /home/eink450.jpg HTTP/1.1" 200 66794 "-" "Mozilla/5.0 (iPhone; CPU iPhone OS 15_6_1 like Mac OS X) AppleWebKit/605.1.15 (KHTML, like Gecko) Version/15.6.1 Mobile/15E148 Safari/604.1" "ysfine.com"
58.184.130.154 - - [05/Oct/2022:05:14:43 -0700] "GET /kobak/sohnwi01.jpg HTTP/1.1" 200 67716 "https://www.google.com/" "Mozilla/5.0 (Windows NT 10.0; Win64; x64) AppleWebKit/537.36 (KHTML, like Gecko) Chrome/106.0.0.0 Safari/537.36" "ysfine.com"
37.188.226.181 - - [05/Oct/2022:05:14:56 -0700] "GET /world/japan/nara005.jpg HTTP/1.1" 200 144132 "https://www.google.com/" "Mozilla/5.0 (Linux; Android 12; SM-A526B) AppleWebKit/537.36 (KHTML, like Gecko) Chrome/104.0.0.0 Mobile Safari/537.36" "ysfine.com"
40.77.167.27 - - [05/Oct/2022:05:16:06 -0700] "GET /world/brit/oxlon60.jpg HTTP/1.1" 200 108264 "-" "Mozilla/5.0 (compatible; bingbot/2.0; +http://www.bing.com/bingbot.htm)" "ysfine.com"
207.46.13.102 - - [05/Oct/2022:05:17:03 -0700] "GET /wigner/neum/compu.html HTTP/1.1" 200 2267 "-" "Mozilla/5.0 (compatible; bingbot/2.0; +http://www.bing.com/bingbot.htm)" "www.ysfine.com"
40.77.167.27 - - [05/Oct/2022:05:17:08 -0700] "GET /sbk/2010berlin22.jpg HTTP/1.1" 200 80891 "-" "Mozilla/5.0 (compatible; bingbot/2.0; +http://www.bing.com/bingbot.htm)" "www.ysfine.com"
40.77.167.27 - - [05/Oct/2022:05:17:08 -0700] "GET /world/kazan.html HTTP/1.1" 200 13929 "-" "Mozilla/5.0 (compatible; bingbot/2.0; +http://www.bing.com/bingbot.htm)" "www.ysfine.com"
40.77.167.27 - - [05/Oct/2022:05:17:08 -0700] "GET /dirac/dirk62.html HTTP/1.1" 200 3930 "-" "Mozilla/5.0 AppleWebKit/537.36 (KHTML, like Gecko; compatible; bingbot/2.0; +http://www.bing.com/bingbot.htm) Chrome/103.0.5060.134 Safari/537.36" "www.ysfine.com"
40.77.167.27 - - [05/Oct/2022:05:17:08 -0700] "GET /maga/yukawa.html HTTP/1.1" 200 5658 "-" "Mozilla/5.0 (compatible; bingbot/2.0; +http://www.bing.com/bingbot.htm)" "www.ysfine.com"
40.77.167.27 - - [05/Oct/2022:05:17:08 -0700] "GET /style/mushalls.html HTTP/1.1" 200 21398 "-" "Mozilla/5.0 (compatible; bingbot/2.0; +http://www.bing.com/bingbot.htm)" "www.ysfine.com"
157.55.39.55 - - [05/Oct/2022:05:17:11 -0700] "GET /class54/emailed.html HTTP/1.1" 200 8184 "-" "Mozilla/5.0 (compatible; bingbot/2.0; +http://www.bing.com/bingbot.htm)" "www.ysfine.com"
157.55.39.127 - - [05/Oct/2022:05:17:13 -0700] "GET /class54/weheard.html HTTP/1.1" 200 5818 "-" "Mozilla/5.0 (compatible; bingbot/2.0; +http://www.bing.com/bingbot.htm)" "www.ysfine.com"
157.55.39.127 - - [05/Oct/2022:05:17:13 -0700] "GET /style/songs.html HTTP/1.1" 200 31567 "-" "Mozilla/5.0 (compatible; bingbot/2.0; +http://www.bing.com/bingbot.htm)" "www.ysfine.com"
157.55.39.55 - - [05/Oct/2022:05:17:22 -0700] "GET /princeton/campus.html HTTP/1.1" 200 15142 "-" "Mozilla/5.0 (compatible; bingbot/2.0; +http://www.bing.com/bingbot.htm)" "www.ysfine.com"
40.77.167.27 - - [05/Oct/2022:05:18:05 -0700] "GET /world/hungary/liszt02.jpg HTTP/1.1" 200 149140 "-" "Mozilla/5.0 (compatible; bingbot/2.0; +http://www.bing.com/bingbot.htm)" "ysfine.com"
157.55.39.128 - - [05/Oct/2022:05:18:41 -0700] "GET /sbk/2008viln22.jpg HTTP/1.1" 200 201541 "-" "Mozilla/5.0 (compatible; bingbot/2.0; +http://www.bing.com/bingbot.htm)" "ysfine.com"
185.191.171.23 - - [05/Oct/2022:05:18:46 -0700] "GET /class54/class5470/total_data/sub_287.htm HTTP/1.1" 200 3386 "-" "Mozilla/5.0 (compatible; SemrushBot/7~bl; +http://www.semrush.com/bot.html)" "ysfine.com"
157.55.39.58 - - [05/Oct/2022:05:20:00 -0700] "GET /feynman/fa4.jpg HTTP/1.1" 200 14936 "-" "Mozilla/5.0 AppleWebKit/537.36 (KHTML, like Gecko; compatible; bingbot/2.0; +http://www.bing.com/bingbot.htm) Chrome/103.0.5060.134 Safari/537.36" "ysfine.com"
157.55.39.127 - - [05/Oct/2022:05:20:09 -0700] "GET /style/egeor02.jpg HTTP/1.1" 200 276109 "-" "Mozilla/5.0 (compatible; bingbot/2.0; +http://www.bing.com/bingbot.htm)" "ysfine.com"
157.55.39.55 - - [05/Oct/2022:05:20:12 -0700] "GET /world/france/eiffel03.jpg HTTP/1.1" 200 88155 "-" "Mozilla/5.0 (compatible; bingbot/2.0; +http://www.bing.com/bingbot.htm)" "www.ysfine.com"
157.55.39.55 - - [05/Oct/2022:05:20:13 -0700] "GET /people/bindu.jpg HTTP/1.1" 200 61943 "-" "Mozilla/5.0 (compatible; bingbot/2.0; +http://www.bing.com/bingbot.htm)" "www.ysfine.com"
157.55.39.128 - - [05/Oct/2022:05:20:14 -0700] "GET /dirac/dirac63b.jpg HTTP/1.1" 200 41617 "-" "Mozilla/5.0 AppleWebKit/537.36 (KHTML, like Gecko; compatible; bingbot/2.0; +http://www.bing.com/bingbot.htm) Chrome/103.0.5060.134 Safari/537.36" "ysfine.com"
114.119.128.162 - - [05/Oct/2022:05:20:47 -0700] "GET /class54/class5470/total_data/sub_840.htm HTTP/1.1" 200 3527 "https://ysfine.com/class54/class5470/total_data/sub_834.htm" "Mozilla/5.0 (Linux; Android 7.0;) AppleWebKit/537.36 (KHTML, like Gecko) Mobile Safari/537.36 (compatible; PetalBot;+https://webmaster.petalsearch.com/site/petalbot)" "ysfine.com"
157.55.39.128 - - [05/Oct/2022:05:21:51 -0700] "GET /world/russ/spbnv06b.jpg HTTP/1.1" 200 41431 "-" "Mozilla/5.0 (compatible; bingbot/2.0; +http://www.bing.com/bingbot.htm)" "ysfine.com"
216.244.66.229 - - [05/Oct/2022:05:23:34 -0700] "GET /ffriends/amkor/kostu36.jpg HTTP/1.1" 200 94757 "-" "Mozilla/5.0 (compatible; DotBot/1.2; +https://opensiteexplorer.org/dotbot; help@moz.com)" "www.ysfine.com"
185.191.171.39 - - [05/Oct/2022:05:24:26 -0700] "GET /class54/class5470/total_data/sub_306.htm HTTP/1.1" 200 3333 "-" "Mozilla/5.0 (compatible; SemrushBot/7~bl; +http://www.semrush.com/bot.html)" "ysfine.com"
207.46.13.102 - - [05/Oct/2022:05:24:34 -0700] "GET /style/musee/arles08.jpg HTTP/1.1" 200 95208 "-" "Mozilla/5.0 (compatible; bingbot/2.0; +http://www.bing.com/bingbot.htm)" "ysfine.com"
207.46.13.102 - - [05/Oct/2022:05:24:35 -0700] "GET /maga/phil/marxber33.jpg HTTP/1.1" 200 76742 "-" "Mozilla/5.0 (compatible; bingbot/2.0; +http://www.bing.com/bingbot.htm)" "ysfine.com"
66.249.70.30 - - [05/Oct/2022:05:24:39 -0700] "GET /princeton/nasshall07.jpg HTTP/1.1" 200 153891 "-" "Googlebot-Image/1.0" "ysfine.com"
157.55.39.127 - - [05/Oct/2022:05:26:01 -0700] "GET /wigner/isomor66.jpg HTTP/1.1" 200 103658 "-" "Mozilla/5.0 AppleWebKit/537.36 (KHTML, like Gecko; compatible; bingbot/2.0; +http://www.bing.com/bingbot.htm) Chrome/103.0.5060.134 Safari/537.36" "ysfine.com"
157.55.39.58 - - [05/Oct/2022:05:26:11 -0700] "GET /kowar/panmun02b.jpg HTTP/1.1" 200 51595 "-" "Mozilla/5.0 (compatible; bingbot/2.0; +http://www.bing.com/bingbot.htm)" "www.ysfine.com"
157.55.39.58 - - [05/Oct/2022:05:26:21 -0700] "GET /world/ital/repub12.jpg HTTP/1.1" 200 108538 "-" "Mozilla/5.0 AppleWebKit/537.36 (KHTML, like Gecko; compatible; bingbot/2.0; +http://www.bing.com/bingbot.htm) Chrome/103.0.5060.134 Safari/537.36" "ysfine.com"
185.191.171.34 - - [05/Oct/2022:05:26:21 -0700] "GET /ffriends/kmc.html HTTP/1.1" 200 2186 "-" "Mozilla/5.0 (compatible; SemrushBot/7~bl; +http://www.semrush.com/bot.html)" "ysfine.com"
218.26.34.67 - - [05/Oct/2022:05:26:30 -0700] "GET /feynman/feyheg11.jpg HTTP/1.1" 200 185393 "https://cn.bing.com/" "Mozilla/5.0 (Windows NT 10.0; WOW64) AppleWebKit/537.36 (KHTML, like Gecko) Chrome/86.0.4240.198 Safari/537.36" "www.ysfine.com"
218.26.34.67 - - [05/Oct/2022:05:26:32 -0700] "GET /philo/keigel11a.jpg HTTP/1.1" 200 59235 "https://cn.bing.com/" "Mozilla/5.0 (Windows NT 10.0; WOW64) AppleWebKit/537.36 (KHTML, like Gecko) Chrome/86.0.4240.198 Safari/537.36" "ysfine.com"
157.55.39.127 - - [05/Oct/2022:05:26:50 -0700] "GET /feynman/feynma2.jpg HTTP/1.1" 200 41543 "-" "Mozilla/5.0 (compatible; bingbot/2.0; +http://www.bing.com/bingbot.htm)" "www.ysfine.com"
70.113.99.5 - - [05/Oct/2022:05:26:56 -0700] "GET /feynman/feychin.jpg HTTP/1.1" 200 33472 "https://www.google.com/" "Mozilla/5.0 (Windows NT 10.0; Win64; x64) AppleWebKit/537.36 (KHTML, like Gecko) Chrome/106.0.0.0 Safari/537.36" "ysfine.com"
37.76.26.139 - - [05/Oct/2022:05:26:57 -0700] "GET /princeton/wilsonpr.html HTTP/1.1" 200 2777 "https://www.google.com/" "Mozilla/5.0 (Macintosh; Intel Mac OS X 10_15_7) AppleWebKit/537.36 (KHTML, like Gecko) Chrome/105.0.0.0 Safari/537.36" "ysfine.com"
37.76.26.139 - - [05/Oct/2022:05:26:57 -0700] "GET /einstein/einfine2.jpg HTTP/1.1" 200 53710 "https://ysfine.com/princeton/wilsonpr.html" "Mozilla/5.0 (Macintosh; Intel Mac OS X 10_15_7) AppleWebKit/537.36 (KHTML, like Gecko) Chrome/105.0.0.0 Safari/537.36" "ysfine.com"
37.76.26.139 - - [05/Oct/2022:05:26:57 -0700] "GET /kobak/rheetr2.jpg HTTP/1.1" 200 43503 "https://ysfine.com/princeton/wilsonpr.html" "Mozilla/5.0 (Macintosh; Intel Mac OS X 10_15_7) AppleWebKit/537.36 (KHTML, like Gecko) Chrome/105.0.0.0 Safari/537.36" "ysfine.com"
37.76.26.139 - - [05/Oct/2022:05:26:59 -0700] "GET /favicon.ico HTTP/1.1" 404 88 "https://ysfine.com/princeton/wilsonpr.html" "Mozilla/5.0 (Macintosh; Intel Mac OS X 10_15_7) AppleWebKit/537.36 (KHTML, like Gecko) Chrome/105.0.0.0 Safari/537.36" "ysfine.com"
20.169.83.151 - - [05/Oct/2022:05:27:39 -0700] "GET /_profiler/phpinfo HTTP/1.1" 404 88 "-" "Mozlila/5.0 (Linux; Android 7.0; SM-G892A Bulid/NRD90M; wv) AppleWebKit/537.36 (KHTML, like Gecko) Version/4.0 Chrome/60.0.3112.107 Moblie Safari/537.36" "www.ysfine.com"
20.169.83.151 - - [05/Oct/2022:05:27:39 -0700] "GET /phpinfo.php HTTP/1.1" 404 88 "-" "Mozlila/5.0 (Linux; Android 7.0; SM-G892A Bulid/NRD90M; wv) AppleWebKit/537.36 (KHTML, like Gecko) Version/4.0 Chrome/60.0.3112.107 Moblie Safari/537.36" "www.ysfine.com"
20.169.83.151 - - [05/Oct/2022:05:27:39 -0700] "GET /phpinfo HTTP/1.1" 404 88 "-" "Mozlila/5.0 (Linux; Android 7.0; SM-G892A Bulid/NRD90M; wv) AppleWebKit/537.36 (KHTML, like Gecko) Version/4.0 Chrome/60.0.3112.107 Moblie Safari/537.36" "www.ysfine.com"
20.169.83.151 - - [05/Oct/2022:05:27:40 -0700] "GET /aws.yml HTTP/1.1" 404 88 "-" "Mozlila/5.0 (Linux; Android 7.0; SM-G892A Bulid/NRD90M; wv) AppleWebKit/537.36 (KHTML, like Gecko) Version/4.0 Chrome/60.0.3112.107 Moblie Safari/537.36" "www.ysfine.com"
20.169.83.151 - - [05/Oct/2022:05:27:40 -0700] "GET /info.php HTTP/1.1" 404 88 "-" "Mozlila/5.0 (Linux; Android 7.0; SM-G892A Bulid/NRD90M; wv) AppleWebKit/537.36 (KHTML, like Gecko) Version/4.0 Chrome/60.0.3112.107 Moblie Safari/537.36" "www.ysfine.com"
20.169.83.151 - - [05/Oct/2022:05:27:41 -0700] "GET /config/aws.yml HTTP/1.1" 404 88 "-" "Mozlila/5.0 (Linux; Android 7.0; SM-G892A Bulid/NRD90M; wv) AppleWebKit/537.36 (KHTML, like Gecko) Version/4.0 Chrome/60.0.3112.107 Moblie Safari/537.36" "www.ysfine.com"
20.169.83.151 - - [05/Oct/2022:05:27:41 -0700] "GET / HTTP/1.1" 200 5283 "-" "Mozlila/5.0 (Linux; Android 7.0; SM-G892A Bulid/NRD90M; wv) AppleWebKit/537.36 (KHTML, like Gecko) Version/4.0 Chrome/60.0.3112.107 Moblie Safari/537.36" "www.ysfine.com"
20.169.83.151 - - [05/Oct/2022:05:27:41 -0700] "GET /config.js HTTP/1.1" 404 88 "-" "Mozlila/5.0 (Linux; Android 7.0; SM-G892A Bulid/NRD90M; wv) AppleWebKit/537.36 (KHTML, like Gecko) Version/4.0 Chrome/60.0.3112.107 Moblie Safari/537.36" "www.ysfine.com"
146.164.138.112 - - [05/Oct/2022:05:27:44 -0700] "GET /yspapers/iopbook22.pdf HTTP/1.1" 200 2950375 "https://scholar.google.com.br/" "Mozilla/5.0 (Windows NT 10.0; Win64; x64) AppleWebKit/537.36 (KHTML, like Gecko) Chrome/106.0.0.0 Safari/537.36" "ysfine.com"
146.164.138.112 - - [05/Oct/2022:05:27:45 -0700] "GET /favicon.ico HTTP/1.1" 404 88 "https://ysfine.com/yspapers/iopbook22.pdf" "Mozilla/5.0 (Windows NT 10.0; Win64; x64) AppleWebKit/537.36 (KHTML, like Gecko) Chrome/106.0.0.0 Safari/537.36" "ysfine.com"
70.113.99.5 - - [05/Oct/2022:05:27:51 -0700] "GET /feynman/feybongo.jpg HTTP/1.1" 200 47448 "https://www.google.com/" "Mozilla/5.0 (Windows NT 10.0; Win64; x64) AppleWebKit/537.36 (KHTML, like Gecko) Chrome/106.0.0.0 Safari/537.36" "ysfine.com"
37.76.26.139 - - [05/Oct/2022:05:27:52 -0700] "GET /princeton/einpm.jpg HTTP/1.1" 200 116543 "https://ysfine.com/princeton/wilsonpr.html" "Mozilla/5.0 (Macintosh; Intel Mac OS X 10_15_7) AppleWebKit/537.36 (KHTML, like Gecko) Chrome/105.0.0.0 Safari/537.36" "ysfine.com"
218.26.34.67 - - [05/Oct/2022:05:28:10 -0700] "GET /einstein/einphil.html HTTP/1.1" 200 2312 "https://cn.bing.com/" "Mozilla/5.0 (Windows NT 10.0; WOW64) AppleWebKit/537.36 (KHTML, like Gecko) Chrome/86.0.4240.198 Safari/537.36" "ysfine.com"
218.26.34.67 - - [05/Oct/2022:05:28:10 -0700] "GET /einstein/newtmax02b.jpg HTTP/1.1" 200 46066 "https://ysfine.com/einstein/einphil.html" "Mozilla/5.0 (Windows NT 10.0; WOW64) AppleWebKit/537.36 (KHTML, like Gecko) Chrome/86.0.4240.198 Safari/537.36" "ysfine.com"
218.26.34.67 - - [05/Oct/2022:05:28:10 -0700] "GET /maga/phil/keigel500.jpg HTTP/1.1" 200 44688 "https://ysfine.com/einstein/einphil.html" "Mozilla/5.0 (Windows NT 10.0; WOW64) AppleWebKit/537.36 (KHTML, like Gecko) Chrome/86.0.4240.198 Safari/537.36" "ysfine.com"
218.26.34.67 - - [05/Oct/2022:05:28:10 -0700] "GET /maga/phil/further08b.jpg HTTP/1.1" 200 58023 "https://ysfine.com/einstein/einphil.html" "Mozilla/5.0 (Windows NT 10.0; WOW64) AppleWebKit/537.36 (KHTML, like Gecko) Chrome/86.0.4240.198 Safari/537.36" "ysfine.com"
218.26.34.67 - - [05/Oct/2022:05:28:11 -0700] "GET /eink/eink61c.jpg HTTP/1.1" 200 34119 "https://ysfine.com/einstein/einphil.html" "Mozilla/5.0 (Windows NT 10.0; WOW64) AppleWebKit/537.36 (KHTML, like Gecko) Chrome/86.0.4240.198 Safari/537.36" "ysfine.com"
218.26.34.67 - - [05/Oct/2022:05:28:13 -0700] "GET /favicon.ico HTTP/1.1" 404 88 "https://ysfine.com/einstein/einphil.html" "Mozilla/5.0 (Windows NT 10.0; WOW64) AppleWebKit/537.36 (KHTML, like Gecko) Chrome/86.0.4240.198 Safari/537.36" "ysfine.com"
40.77.167.27 - - [05/Oct/2022:05:28:16 -0700] "GET /world/germany/goetting01.jpg HTTP/1.1" 200 94025 "-" "Mozilla/5.0 (compatible; bingbot/2.0; +http://www.bing.com/bingbot.htm)" "ysfine.com"
180.163.220.67 - - [05/Oct/2022:05:28:28 -0700] "GET /einstein/einphil.html HTTP/1.1" 200 2312 "http://baidu.com/" "Mozilla/5.0 (Windows NT 10.0; Win64; x64) AppleWebKit/537.36 (KHTML, like Gecko) Chrome/77.0.3865.120 Safari/537.36" "ysfine.com"
180.163.220.67 - - [05/Oct/2022:05:28:28 -0700] "GET /maga/phil/keigel500.jpg HTTP/1.1" 200 44688 "https://ysfine.com/einstein/einphil.html" "Mozilla/5.0 (Windows NT 10.0; Win64; x64) AppleWebKit/537.36 (KHTML, like Gecko) Chrome/77.0.3865.120 Safari/537.36" "ysfine.com"
180.163.220.67 - - [05/Oct/2022:05:28:28 -0700] "GET /maga/phil/further08b.jpg HTTP/1.1" 200 58023 "https://ysfine.com/einstein/einphil.html" "Mozilla/5.0 (Windows NT 10.0; Win64; x64) AppleWebKit/537.36 (KHTML, like Gecko) Chrome/77.0.3865.120 Safari/537.36" "ysfine.com"
180.163.220.67 - - [05/Oct/2022:05:28:28 -0700] "GET /einstein/newtmax02b.jpg HTTP/1.1" 200 46066 "https://ysfine.com/einstein/einphil.html" "Mozilla/5.0 (Windows NT 10.0; Win64; x64) AppleWebKit/537.36 (KHTML, like Gecko) Chrome/77.0.3865.120 Safari/537.36" "ysfine.com"
180.163.220.67 - - [05/Oct/2022:05:28:28 -0700] "GET /eink/eink61c.jpg HTTP/1.1" 200 34119 "https://ysfine.com/einstein/einphil.html" "Mozilla/5.0 (Windows NT 10.0; Win64; x64) AppleWebKit/537.36 (KHTML, like Gecko) Chrome/77.0.3865.120 Safari/537.36" "ysfine.com"
185.184.157.102 - - [05/Oct/2022:05:29:17 -0700] "GET /world/travel.html HTTP/1.1" 200 1633 "-" "Mozilla/5.0 (compatible; linkdexbot/2.0; +http://www.linkdex.com/bots/)" "www.ysfine.com"
185.184.157.102 - - [05/Oct/2022:05:29:18 -0700] "GET /robots.txt HTTP/1.1" 404 88 "-" "Mozilla/5.0 (compatible; linkdexbot/2.0; +http://www.linkdex.com/bots/)" "ysfine.com"
185.184.157.102 - - [05/Oct/2022:05:29:18 -0700] "GET /robots.txt HTTP/1.1" 404 88 "-" "Mozilla/5.0 (compatible; linkdexbot/2.0; +http://www.linkdex.com/bots/)" "www.ysfine.com"
42.236.10.93 - - [05/Oct/2022:05:29:38 -0700] "GET /einstein/einphil.html HTTP/1.1" 200 2312 "http://baidu.com/" "Mozilla/5.0 (Windows NT 10.0; Win64; x64) AppleWebKit/537.36 (KHTML, like Gecko) Chrome/77.0.3865.120 Safari/537.36" "ysfine.com"
42.236.10.93 - - [05/Oct/2022:05:29:39 -0700] "GET /einstein/newtmax02b.jpg HTTP/1.1" 200 46066 "https://ysfine.com/einstein/einphil.html" "Mozilla/5.0 (Windows NT 10.0; Win64; x64) AppleWebKit/537.36 (KHTML, like Gecko) Chrome/77.0.3865.120 Safari/537.36" "ysfine.com"
42.236.10.93 - - [05/Oct/2022:05:29:39 -0700] "GET /eink/eink61c.jpg HTTP/1.1" 200 34119 "https://ysfine.com/einstein/einphil.html" "Mozilla/5.0 (Windows NT 10.0; Win64; x64) AppleWebKit/537.36 (KHTML, like Gecko) Chrome/77.0.3865.120 Safari/537.36" "ysfine.com"
42.236.10.93 - - [05/Oct/2022:05:29:39 -0700] "GET /maga/phil/keigel500.jpg HTTP/1.1" 200 44688 "https://ysfine.com/einstein/einphil.html" "Mozilla/5.0 (Windows NT 10.0; Win64; x64) AppleWebKit/537.36 (KHTML, like Gecko) Chrome/77.0.3865.120 Safari/537.36" "ysfine.com"
42.236.10.93 - - [05/Oct/2022:05:29:39 -0700] "GET /maga/phil/further08b.jpg HTTP/1.1" 200 58023 "https://ysfine.com/einstein/einphil.html" "Mozilla/5.0 (Windows NT 10.0; Win64; x64) AppleWebKit/537.36 (KHTML, like Gecko) Chrome/77.0.3865.120 Safari/537.36" "ysfine.com"
27.115.124.70 - - [05/Oct/2022:05:29:48 -0700] "GET /einstein/einphil.html HTTP/1.1" 200 2312 "http://baidu.com/" "Mozilla/5.0 (Linux; U; Android 8.0.0; zh-cn; Mi Note 2 Build/OPR1.170623.032) AppleWebKit/537.36 (KHTML, like Gecko) Version/4.0 Chrome/61.0.3163.128 Mobile Safari/537.36 XiaoMi/MiuiBrowser/10.1.1" "ysfine.com"
27.115.124.70 - - [05/Oct/2022:05:29:48 -0700] "GET /einstein/newtmax02b.jpg HTTP/1.1" 200 46066 "https://ysfine.com/einstein/einphil.html" "Mozilla/5.0 (Linux; U; Android 8.0.0; zh-cn; Mi Note 2 Build/OPR1.170623.032) AppleWebKit/537.36 (KHTML, like Gecko) Version/4.0 Chrome/61.0.3163.128 Mobile Safari/537.36 XiaoMi/MiuiBrowser/10.1.1" "ysfine.com"
27.115.124.70 - - [05/Oct/2022:05:29:48 -0700] "GET /maga/phil/keigel500.jpg HTTP/1.1" 200 44688 "https://ysfine.com/einstein/einphil.html" "Mozilla/5.0 (Linux; U; Android 8.0.0; zh-cn; Mi Note 2 Build/OPR1.170623.032) AppleWebKit/537.36 (KHTML, like Gecko) Version/4.0 Chrome/61.0.3163.128 Mobile Safari/537.36 XiaoMi/MiuiBrowser/10.1.1" "ysfine.com"
27.115.124.70 - - [05/Oct/2022:05:29:48 -0700] "GET /eink/eink61c.jpg HTTP/1.1" 200 34119 "https://ysfine.com/einstein/einphil.html" "Mozilla/5.0 (Linux; U; Android 8.0.0; zh-cn; Mi Note 2 Build/OPR1.170623.032) AppleWebKit/537.36 (KHTML, like Gecko) Version/4.0 Chrome/61.0.3163.128 Mobile Safari/537.36 XiaoMi/MiuiBrowser/10.1.1" "ysfine.com"
27.115.124.70 - - [05/Oct/2022:05:29:48 -0700] "GET /maga/phil/further08b.jpg HTTP/1.1" 200 58023 "https://ysfine.com/einstein/einphil.html" "Mozilla/5.0 (Linux; U; Android 8.0.0; zh-cn; Mi Note 2 Build/OPR1.170623.032) AppleWebKit/537.36 (KHTML, like Gecko) Version/4.0 Chrome/61.0.3163.128 Mobile Safari/537.36 XiaoMi/MiuiBrowser/10.1.1" "ysfine.com"
40.77.167.27 - - [05/Oct/2022:05:29:56 -0700] "GET /style/musee/louvre17.jpg HTTP/1.1" 200 85697 "-" "Mozilla/5.0 (compatible; bingbot/2.0; +http://www.bing.com/bingbot.htm)" "ysfine.com"
157.55.39.58 - - [05/Oct/2022:05:30:02 -0700] "GET /style/cameras/lumixsys22b.jpg HTTP/1.1" 200 33822 "-" "Mozilla/5.0 (compatible; bingbot/2.0; +http://www.bing.com/bingbot.htm)" "www.ysfine.com"
116.179.32.160 - - [05/Oct/2022:05:30:26 -0700] "GET /world/minsk.html HTTP/1.1" 304 - "-" "Mozilla/5.0 (compatible; Baiduspider/2.0; +http://www.baidu.com/search/spider.html)" "www.ysfine.com"
180.163.220.5 - - [05/Oct/2022:05:30:58 -0700] "GET / HTTP/1.1" 200 5283 "http://baidu.com/" "Mozilla/5.0 (Linux; U; Android 8.0.0; zh-cn; Mi Note 2 Build/OPR1.170623.032) AppleWebKit/537.36 (KHTML, like Gecko) Version/4.0 Chrome/61.0.3163.128 Mobile Safari/537.36 XiaoMi/MiuiBrowser/10.1.1" "ysfine.com"
73.145.182.143 - - [05/Oct/2022:05:30:59 -0700] "GET /world/russ/minsk038.jpg HTTP/1.1" 200 103081 "https://images.search.yahoo.com/yhs/search;_ylt=AwrErKOhdz1jOY4AOo42nIlQ;_ylu=c2VjA3NlYXJjaARzbGsDYnV0dG9u;_ylc=X1MDMTM1MTE5NTcwMgRfcgMyBGZyA3locy1mYy0yMjEyBGZyMgNwOnMsdjppLG06c2ItdG9wBGdwcmlkAzh4eGVPWDcuVHA2NmJoeDc1WFlGbkEEbl9yc2x0AzAEbl9zdWdnAzAEb3JpZ2luA2ltYWdlcy5zZWFyY2gueWFob28uY29tBHBvcwMwBHBxc3RyAwRwcXN0cmwDMARxc3RybAMyNQRxdWVyeQNydXNzaWFuJTIwd29ybGQlMjB3YXIlMjAxJTIwbXVzZW0EdF9zdG1wAzE2NjQ5NzI3Nzk-?p=russian+world+war+1+musem&fr=yhs-fc-2212&fr2=p%3As%2Cv%3Ai%2Cm%3Asb-top&ei=UTF-8&x=wrt&type=fc_A30C76C6185_s58_g_e_d010122_n1009_c25&hsimp=yhs-2212&hspart=fc&param1=7&param2=eJw1i0GKwzAMRa%2BiZQvFkSzHmTrHmNVQunATNzVx4tCkpPT0I8MM4sN7%2BtIQ%2B0t7%2Ff4hRGbDl9N1Fhc7C5YKCUlrkU5E1wJxKWSRnJFQSaPR3dGSY3vT7ov47LSuy%2FEQsly%2FVsGXF5ryJ6bkq1ohHPY493lfYd6AUGELsrCmhbc1R%2FDLksIebmPcqpobxRYO42Ob0glSHAMMoRvzEbrHM0%2BhIrQKy8Dq7%2F4Z%2F19CP%2Fx1xA0qNr8zekQx" "Mozilla/5.0 (Windows NT 10.0; Win64; x64) AppleWebKit/537.36 (KHTML, like Gecko) Chrome/106.0.0.0 Safari/537.36 Edg/106.0.1370.34" "ysfine.com"
180.163.220.5 - - [05/Oct/2022:05:30:59 -0700] "GET /home/eink450.jpg HTTP/1.1" 200 66794 "-" "Mozilla/5.0 (Linux; U; Android 8.0.0; zh-cn; Mi Note 2 Build/OPR1.170623.032) AppleWebKit/537.36 (KHTML, like Gecko) Version/4.0 Chrome/61.0.3163.128 Mobile Safari/537.36 XiaoMi/MiuiBrowser/10.1.1" "ysfine.com"
180.163.220.5 - - [05/Oct/2022:05:30:59 -0700] "GET /home/top21d.jpg HTTP/1.1" 200 74409 "-" "Mozilla/5.0 (Linux; U; Android 8.0.0; zh-cn; Mi Note 2 Build/OPR1.170623.032) AppleWebKit/537.36 (KHTML, like Gecko) Version/4.0 Chrome/61.0.3163.128 Mobile Safari/537.36 XiaoMi/MiuiBrowser/10.1.1" "ysfine.com"
180.163.220.5 - - [05/Oct/2022:05:30:59 -0700] "GET /home/goodbad450.jpg HTTP/1.1" 200 32258 "-" "Mozilla/5.0 (Linux; U; Android 8.0.0; zh-cn; Mi Note 2 Build/OPR1.170623.032) AppleWebKit/537.36 (KHTML, like Gecko) Version/4.0 Chrome/61.0.3163.128 Mobile Safari/537.36 XiaoMi/MiuiBrowser/10.1.1" "ysfine.com"
180.163.220.5 - - [05/Oct/2022:05:30:59 -0700] "GET /home/facu450.jpg HTTP/1.1" 200 74535 "-" "Mozilla/5.0 (Linux; U; Android 8.0.0; zh-cn; Mi Note 2 Build/OPR1.170623.032) AppleWebKit/537.36 (KHTML, like Gecko) Version/4.0 Chrome/61.0.3163.128 Mobile Safari/537.36 XiaoMi/MiuiBrowser/10.1.1" "ysfine.com"
180.163.220.5 - - [05/Oct/2022:05:30:59 -0700] "GET /home/truck450.jpg HTTP/1.1" 200 42871 "-" "Mozilla/5.0 (Linux; U; Android 8.0.0; zh-cn; Mi Note 2 Build/OPR1.170623.032) AppleWebKit/537.36 (KHTML, like Gecko) Version/4.0 Chrome/61.0.3163.128 Mobile Safari/537.36 XiaoMi/MiuiBrowser/10.1.1" "ysfine.com"
180.163.220.5 - - [05/Oct/2022:05:30:59 -0700] "GET /eink/ewk86f.jpg HTTP/1.1" 200 122173 "-" "Mozilla/5.0 (Linux; U; Android 8.0.0; zh-cn; Mi Note 2 Build/OPR1.170623.032) AppleWebKit/537.36 (KHTML, like Gecko) Version/4.0 Chrome/61.0.3163.128 Mobile Safari/537.36 XiaoMi/MiuiBrowser/10.1.1" "ysfine.com"
180.163.220.5 - - [05/Oct/2022:05:31:00 -0700] "GET /home/washmo23d.jpg HTTP/1.1" 200 32142 "-" "Mozilla/5.0 (Linux; U; Android 8.0.0; zh-cn; Mi Note 2 Build/OPR1.170623.032) AppleWebKit/537.36 (KHTML, like Gecko) Version/4.0 Chrome/61.0.3163.128 Mobile Safari/537.36 XiaoMi/MiuiBrowser/10.1.1" "ysfine.com"
180.163.220.5 - - [05/Oct/2022:05:31:02 -0700] "GET /home/eindc03d.jpg HTTP/1.1" 200 95860 "-" "Mozilla/5.0 (Linux; U; Android 8.0.0; zh-cn; Mi Note 2 Build/OPR1.170623.032) AppleWebKit/537.36 (KHTML, like Gecko) Version/4.0 Chrome/61.0.3163.128 Mobile Safari/537.36 XiaoMi/MiuiBrowser/10.1.1" "ysfine.com"
180.163.220.5 - - [05/Oct/2022:05:31:02 -0700] "GET /home/1987pr22d.jpg HTTP/1.1" 200 66428 "-" "Mozilla/5.0 (Linux; U; Android 8.0.0; zh-cn; Mi Note 2 Build/OPR1.170623.032) AppleWebKit/537.36 (KHTML, like Gecko) Version/4.0 Chrome/61.0.3163.128 Mobile Safari/537.36 XiaoMi/MiuiBrowser/10.1.1" "ysfine.com"
180.163.220.5 - - [05/Oct/2022:05:31:03 -0700] "GET /eink/einhaus11c.jpg HTTP/1.1" 200 42522 "-" "Mozilla/5.0 (Linux; U; Android 8.0.0; zh-cn; Mi Note 2 Build/OPR1.170623.032) AppleWebKit/537.36 (KHTML, like Gecko) Version/4.0 Chrome/61.0.3163.128 Mobile Safari/537.36 XiaoMi/MiuiBrowser/10.1.1" "ysfine.com"
180.163.220.5 - - [05/Oct/2022:05:31:03 -0700] "GET /eink/einhaus33c.jpg HTTP/1.1" 200 23792 "-" "Mozilla/5.0 (Linux; U; Android 8.0.0; zh-cn; Mi Note 2 Build/OPR1.170623.032) AppleWebKit/537.36 (KHTML, like Gecko) Version/4.0 Chrome/61.0.3163.128 Mobile Safari/537.36 XiaoMi/MiuiBrowser/10.1.1" "ysfine.com"
180.163.220.5 - - [05/Oct/2022:05:31:04 -0700] "GET /home/taylor500.jpg HTTP/1.1" 200 79197 "-" "Mozilla/5.0 (Linux; U; Android 8.0.0; zh-cn; Mi Note 2 Build/OPR1.170623.032) AppleWebKit/537.36 (KHTML, like Gecko) Version/4.0 Chrome/61.0.3163.128 Mobile Safari/537.36 XiaoMi/MiuiBrowser/10.1.1" "ysfine.com"
180.163.220.5 - - [05/Oct/2022:05:31:04 -0700] "GET /home/eink54f.jpg HTTP/1.1" 200 96332 "-" "Mozilla/5.0 (Linux; U; Android 8.0.0; zh-cn; Mi Note 2 Build/OPR1.170623.032) AppleWebKit/537.36 (KHTML, like Gecko) Version/4.0 Chrome/61.0.3163.128 Mobile Safari/537.36 XiaoMi/MiuiBrowser/10.1.1" "ysfine.com"
180.163.220.5 - - [05/Oct/2022:05:31:05 -0700] "GET /home/eward55f.jpg HTTP/1.1" 200 122802 "-" "Mozilla/5.0 (Linux; U; Android 8.0.0; zh-cn; Mi Note 2 Build/OPR1.170623.032) AppleWebKit/537.36 (KHTML, like Gecko) Version/4.0 Chrome/61.0.3163.128 Mobile Safari/537.36 XiaoMi/MiuiBrowser/10.1.1" "ysfine.com"
173.252.111.7 - - [05/Oct/2022:05:31:06 -0700] "GET /feynman/feydirac.jpg HTTP/1.1" 206 98378 "-" "facebookexternalhit/1.1 (+http://www.facebook.com/externalhit_uatext.php)" "www.ysfine.com"
51.104.180.47 - - [05/Oct/2022:05:31:24 -0700] "GET /people/siegel.jpg HTTP/1.1" 200 65710 "-" "DuckDuckBot/1.1; (+http://duckduckgo.com/duckduckbot.html)" "www.ysfine.com"
163.1.18.112 - - [05/Oct/2022:05:31:32 -0700] "GET /people/siegel.jpg HTTP/1.1" 200 65710 "https://duckduckgo.com/" "Mozilla/5.0 (Macintosh; Intel Mac OS X 10_15_7) AppleWebKit/537.36 (KHTML, like Gecko) Chrome/105.0.0.0 Safari/537.36" "www.ysfine.com"
163.1.18.112 - - [05/Oct/2022:05:31:32 -0700] "GET /favicon.ico HTTP/1.1" 404 88 "https://www.ysfine.com/people/siegel.jpg" "Mozilla/5.0 (Macintosh; Intel Mac OS X 10_15_7) AppleWebKit/537.36 (KHTML, like Gecko) Chrome/105.0.0.0 Safari/537.36" "www.ysfine.com"
40.77.167.27 - - [05/Oct/2022:05:31:36 -0700] "GET /kowar/changdoy02c.jpg HTTP/1.1" 200 29586 "-" "Mozilla/5.0 (compatible; bingbot/2.0; +http://www.bing.com/bingbot.htm)" "www.ysfine.com"
27.115.124.6 - - [05/Oct/2022:05:31:40 -0700] "GET /einstein/einphil.html HTTP/1.1" 200 2312 "http://baidu.com/" "Mozilla/5.0 (Linux; U; Android 8.0.0; zh-cn; Mi Note 2 Build/OPR1.170623.032) AppleWebKit/537.36 (KHTML, like Gecko) Version/4.0 Chrome/61.0.3163.128 Mobile Safari/537.36 XiaoMi/MiuiBrowser/10.1.1" "ysfine.com"
27.115.124.6 - - [05/Oct/2022:05:31:40 -0700] "GET /einstein/newtmax02b.jpg HTTP/1.1" 200 46066 "https://ysfine.com/einstein/einphil.html" "Mozilla/5.0 (Linux; U; Android 8.0.0; zh-cn; Mi Note 2 Build/OPR1.170623.032) AppleWebKit/537.36 (KHTML, like Gecko) Version/4.0 Chrome/61.0.3163.128 Mobile Safari/537.36 XiaoMi/MiuiBrowser/10.1.1" "ysfine.com"
27.115.124.6 - - [05/Oct/2022:05:31:40 -0700] "GET /eink/eink61c.jpg HTTP/1.1" 200 34119 "https://ysfine.com/einstein/einphil.html" "Mozilla/5.0 (Linux; U; Android 8.0.0; zh-cn; Mi Note 2 Build/OPR1.170623.032) AppleWebKit/537.36 (KHTML, like Gecko) Version/4.0 Chrome/61.0.3163.128 Mobile Safari/537.36 XiaoMi/MiuiBrowser/10.1.1" "ysfine.com"
27.115.124.6 - - [05/Oct/2022:05:31:40 -0700] "GET /maga/phil/keigel500.jpg HTTP/1.1" 200 44688 "https://ysfine.com/einstein/einphil.html" "Mozilla/5.0 (Linux; U; Android 8.0.0; zh-cn; Mi Note 2 Build/OPR1.170623.032) AppleWebKit/537.36 (KHTML, like Gecko) Version/4.0 Chrome/61.0.3163.128 Mobile Safari/537.36 XiaoMi/MiuiBrowser/10.1.1" "ysfine.com"
27.115.124.6 - - [05/Oct/2022:05:31:40 -0700] "GET /maga/phil/further08b.jpg HTTP/1.1" 200 58023 "https://ysfine.com/einstein/einphil.html" "Mozilla/5.0 (Linux; U; Android 8.0.0; zh-cn; Mi Note 2 Build/OPR1.170623.032) AppleWebKit/537.36 (KHTML, like Gecko) Version/4.0 Chrome/61.0.3163.128 Mobile Safari/537.36 XiaoMi/MiuiBrowser/10.1.1" "ysfine.com"
180.163.220.67 - - [05/Oct/2022:05:31:56 -0700] "GET / HTTP/1.1" 200 5283 "http://baidu.com/" "Mozilla/5.0 (Linux; U; Android 8.0.0; zh-cn; Mi Note 2 Build/OPR1.170623.032) AppleWebKit/537.36 (KHTML, like Gecko) Version/4.0 Chrome/61.0.3163.128 Mobile Safari/537.36 XiaoMi/MiuiBrowser/10.1.1" "ysfine.com"
180.163.220.67 - - [05/Oct/2022:05:31:57 -0700] "GET /home/top21d.jpg HTTP/1.1" 200 74409 "-" "Mozilla/5.0 (Linux; U; Android 8.0.0; zh-cn; Mi Note 2 Build/OPR1.170623.032) AppleWebKit/537.36 (KHTML, like Gecko) Version/4.0 Chrome/61.0.3163.128 Mobile Safari/537.36 XiaoMi/MiuiBrowser/10.1.1" "ysfine.com"
180.163.220.67 - - [05/Oct/2022:05:31:57 -0700] "GET /home/eink450.jpg HTTP/1.1" 200 66794 "-" "Mozilla/5.0 (Linux; U; Android 8.0.0; zh-cn; Mi Note 2 Build/OPR1.170623.032) AppleWebKit/537.36 (KHTML, like Gecko) Version/4.0 Chrome/61.0.3163.128 Mobile Safari/537.36 XiaoMi/MiuiBrowser/10.1.1" "ysfine.com"
180.163.220.67 - - [05/Oct/2022:05:31:57 -0700] "GET /home/facu450.jpg HTTP/1.1" 200 74535 "-" "Mozilla/5.0 (Linux; U; Android 8.0.0; zh-cn; Mi Note 2 Build/OPR1.170623.032) AppleWebKit/537.36 (KHTML, like Gecko) Version/4.0 Chrome/61.0.3163.128 Mobile Safari/537.36 XiaoMi/MiuiBrowser/10.1.1" "ysfine.com"
180.163.220.67 - - [05/Oct/2022:05:31:57 -0700] "GET /home/goodbad450.jpg HTTP/1.1" 200 32258 "-" "Mozilla/5.0 (Linux; U; Android 8.0.0; zh-cn; Mi Note 2 Build/OPR1.170623.032) AppleWebKit/537.36 (KHTML, like Gecko) Version/4.0 Chrome/61.0.3163.128 Mobile Safari/537.36 XiaoMi/MiuiBrowser/10.1.1" "ysfine.com"
180.163.220.67 - - [05/Oct/2022:05:31:57 -0700] "GET /home/truck450.jpg HTTP/1.1" 200 42871 "-" "Mozilla/5.0 (Linux; U; Android 8.0.0; zh-cn; Mi Note 2 Build/OPR1.170623.032) AppleWebKit/537.36 (KHTML, like Gecko) Version/4.0 Chrome/61.0.3163.128 Mobile Safari/537.36 XiaoMi/MiuiBrowser/10.1.1" "ysfine.com"
180.163.220.67 - - [05/Oct/2022:05:31:57 -0700] "GET /eink/ewk86f.jpg HTTP/1.1" 200 122173 "-" "Mozilla/5.0 (Linux; U; Android 8.0.0; zh-cn; Mi Note 2 Build/OPR1.170623.032) AppleWebKit/537.36 (KHTML, like Gecko) Version/4.0 Chrome/61.0.3163.128 Mobile Safari/537.36 XiaoMi/MiuiBrowser/10.1.1" "ysfine.com"
180.163.220.67 - - [05/Oct/2022:05:31:58 -0700] "GET /home/washmo23d.jpg HTTP/1.1" 200 32142 "-" "Mozilla/5.0 (Linux; U; Android 8.0.0; zh-cn; Mi Note 2 Build/OPR1.170623.032) AppleWebKit/537.36 (KHTML, like Gecko) Version/4.0 Chrome/61.0.3163.128 Mobile Safari/537.36 XiaoMi/MiuiBrowser/10.1.1" "ysfine.com"
180.163.220.67 - - [05/Oct/2022:05:31:59 -0700] "GET /home/eindc03d.jpg HTTP/1.1" 200 95860 "-" "Mozilla/5.0 (Linux; U; Android 8.0.0; zh-cn; Mi Note 2 Build/OPR1.170623.032) AppleWebKit/537.36 (KHTML, like Gecko) Version/4.0 Chrome/61.0.3163.128 Mobile Safari/537.36 XiaoMi/MiuiBrowser/10.1.1" "ysfine.com"
180.163.220.67 - - [05/Oct/2022:05:32:00 -0700] "GET /home/1987pr22d.jpg HTTP/1.1" 200 66428 "-" "Mozilla/5.0 (Linux; U; Android 8.0.0; zh-cn; Mi Note 2 Build/OPR1.170623.032) AppleWebKit/537.36 (KHTML, like Gecko) Version/4.0 Chrome/61.0.3163.128 Mobile Safari/537.36 XiaoMi/MiuiBrowser/10.1.1" "ysfine.com"
180.163.220.67 - - [05/Oct/2022:05:32:00 -0700] "GET /eink/einhaus11c.jpg HTTP/1.1" 200 42522 "-" "Mozilla/5.0 (Linux; U; Android 8.0.0; zh-cn; Mi Note 2 Build/OPR1.170623.032) AppleWebKit/537.36 (KHTML, like Gecko) Version/4.0 Chrome/61.0.3163.128 Mobile Safari/537.36 XiaoMi/MiuiBrowser/10.1.1" "ysfine.com"
180.163.220.67 - - [05/Oct/2022:05:32:01 -0700] "GET /eink/einhaus33c.jpg HTTP/1.1" 200 23792 "-" "Mozilla/5.0 (Linux; U; Android 8.0.0; zh-cn; Mi Note 2 Build/OPR1.170623.032) AppleWebKit/537.36 (KHTML, like Gecko) Version/4.0 Chrome/61.0.3163.128 Mobile Safari/537.36 XiaoMi/MiuiBrowser/10.1.1" "ysfine.com"
180.163.220.67 - - [05/Oct/2022:05:32:02 -0700] "GET /home/taylor500.jpg HTTP/1.1" 200 79197 "-" "Mozilla/5.0 (Linux; U; Android 8.0.0; zh-cn; Mi Note 2 Build/OPR1.170623.032) AppleWebKit/537.36 (KHTML, like Gecko) Version/4.0 Chrome/61.0.3163.128 Mobile Safari/537.36 XiaoMi/MiuiBrowser/10.1.1" "ysfine.com"
180.163.220.67 - - [05/Oct/2022:05:32:02 -0700] "GET /home/eink54f.jpg HTTP/1.1" 200 96332 "-" "Mozilla/5.0 (Linux; U; Android 8.0.0; zh-cn; Mi Note 2 Build/OPR1.170623.032) AppleWebKit/537.36 (KHTML, like Gecko) Version/4.0 Chrome/61.0.3163.128 Mobile Safari/537.36 XiaoMi/MiuiBrowser/10.1.1" "ysfine.com"
180.163.220.67 - - [05/Oct/2022:05:32:03 -0700] "GET /home/eward55f.jpg HTTP/1.1" 200 122802 "-" "Mozilla/5.0 (Linux; U; Android 8.0.0; zh-cn; Mi Note 2 Build/OPR1.170623.032) AppleWebKit/537.36 (KHTML, like Gecko) Version/4.0 Chrome/61.0.3163.128 Mobile Safari/537.36 XiaoMi/MiuiBrowser/10.1.1" "ysfine.com"
157.55.39.127 - - [05/Oct/2022:05:33:31 -0700] "GET /dirac/dirac84b.jpg HTTP/1.1" 200 42763 "-" "Mozilla/5.0 (compatible; bingbot/2.0; +http://www.bing.com/bingbot.htm)" "ysfine.com"
12.208.105.98 - - [05/Oct/2022:05:33:44 -0700] "GET /maga/phys/schrod07.jpg HTTP/1.1" 200 83845 "https://www.bing.com/" "Mozilla/5.0 (Windows NT 10.0; Win64; x64) AppleWebKit/537.36 (KHTML, like Gecko) Chrome/106.0.0.0 Safari/537.36 Edg/106.0.1370.34" "www.ysfine.com"
157.55.39.58 - - [05/Oct/2022:05:34:42 -0700] "GET /usca/pitt/carnlibra02b.jpg HTTP/1.1" 200 45947 "-" "Mozilla/5.0 (compatible; bingbot/2.0; +http://www.bing.com/bingbot.htm)" "ysfine.com"
45.165.97.131 - - [05/Oct/2022:05:35:11 -0700] "GET /wigner/neum/vnc01.jpg HTTP/1.1" 200 133641 "-" "Mozilla/5.0 (Windows NT 10.0; Win64; x64; rv:105.0) Gecko/20100101 Firefox/105.0" "ysfine.com"
134.1.1.80 - - [05/Oct/2022:05:35:17 -0700] "GET /feynman/feydirac.jpg HTTP/1.1" 200 98378 "https://www.google.com/" "Mozilla/5.0 (Macintosh; Intel Mac OS X 10_15_7) AppleWebKit/605.1.15 (KHTML, like Gecko) Version/15.6.1 Safari/605.1.15" "ysfine.com"
77.75.78.172 - - [05/Oct/2022:05:35:23 -0700] "GET /robots.txt HTTP/1.1" 404 88 "-" "Mozilla/5.0 (compatible; SeznamBot/3.2; +http://napoveda.seznam.cz/en/seznambot-intro/)" "ysfine.com"
77.75.78.172 - - [05/Oct/2022:05:35:25 -0700] "GET /world/germany/hegel06.jpg HTTP/1.1" 304 - "-" "Mozilla/5.0 (compatible; SeznamBot/3.2; +http://napoveda.seznam.cz/en/seznambot-intro/)" "ysfine.com"
77.75.78.172 - - [05/Oct/2022:05:35:26 -0700] "GET /world/germany/stutt22.jpg HTTP/1.1" 304 - "-" "Mozilla/5.0 (compatible; SeznamBot/3.2; +http://napoveda.seznam.cz/en/seznambot-intro/)" "ysfine.com"
77.75.78.172 - - [05/Oct/2022:05:35:26 -0700] "GET /world/scandi/copen038.jpg HTTP/1.1" 304 - "-" "Mozilla/5.0 (compatible; SeznamBot/3.2; +http://napoveda.seznam.cz/en/seznambot-intro/)" "ysfine.com"
77.75.78.172 - - [05/Oct/2022:05:35:27 -0700] "GET /world/ital/sapienza13.jpg HTTP/1.1" 304 - "-" "Mozilla/5.0 (compatible; SeznamBot/3.2; +http://napoveda.seznam.cz/en/seznambot-intro/)" "ysfine.com"
180.246.42.27 - - [05/Oct/2022:05:35:51 -0700] "GET /maga/phys/inclined22.jpg HTTP/1.1" 200 49333 "https://www.google.com/" "Mozilla/5.0 (Windows NT 10.0; Win64; x64) AppleWebKit/537.36 (KHTML, like Gecko) Chrome/105.0.0.0 Safari/537.36" "ysfine.com"
180.246.42.27 - - [05/Oct/2022:05:35:51 -0700] "GET /maga/galtime.html HTTP/1.1" 200 1944 "https://www.google.com/" "Mozilla/5.0 (Windows NT 10.0; Win64; x64) AppleWebKit/537.36 (KHTML, like Gecko) Chrome/105.0.0.0 Safari/537.36" "ysfine.com"
180.246.42.27 - - [05/Oct/2022:05:35:53 -0700] "GET /maga/phys/inclined11b.jpg HTTP/1.1" 200 35417 "https://ysfine.com/maga/galtime.html" "Mozilla/5.0 (Windows NT 10.0; Win64; x64) AppleWebKit/537.36 (KHTML, like Gecko) Chrome/105.0.0.0 Safari/537.36" "ysfine.com"
180.246.42.27 - - [05/Oct/2022:05:35:53 -0700] "GET /world/ital/museo.jpg HTTP/1.1" 200 41524 "https://ysfine.com/maga/galtime.html" "Mozilla/5.0 (Windows NT 10.0; Win64; x64) AppleWebKit/537.36 (KHTML, like Gecko) Chrome/105.0.0.0 Safari/537.36" "ysfine.com"
180.246.42.27 - - [05/Oct/2022:05:35:57 -0700] "GET /favicon.ico HTTP/1.1" 404 88 "https://ysfine.com/maga/galtime.html" "Mozilla/5.0 (Windows NT 10.0; Win64; x64) AppleWebKit/537.36 (KHTML, like Gecko) Chrome/105.0.0.0 Safari/537.36" "ysfine.com"
157.55.39.58 - - [05/Oct/2022:05:36:11 -0700] "GET /kobak/rheetr2.jpg HTTP/1.1" 200 43503 "-" "Mozilla/5.0 AppleWebKit/537.36 (KHTML, like Gecko; compatible; bingbot/2.0; +http://www.bing.com/bingbot.htm) Chrome/103.0.5060.134 Safari/537.36" "ysfine.com"
157.55.39.127 - - [05/Oct/2022:05:38:32 -0700] "GET /einstein/pdugard17.jpg HTTP/1.1" 200 203570 "-" "Mozilla/5.0 (compatible; bingbot/2.0; +http://www.bing.com/bingbot.htm)" "ysfine.com"
157.55.39.58 - - [05/Oct/2022:05:40:02 -0700] "GET /princeton/pcomm01.jpg HTTP/1.1" 200 131847 "-" "Mozilla/5.0 AppleWebKit/537.36 (KHTML, like Gecko; compatible; bingbot/2.0; +http://www.bing.com/bingbot.htm) Chrome/103.0.5060.134 Safari/537.36" "www.ysfine.com"
185.165.160.211 - - [05/Oct/2022:05:40:44 -0700] "GET /world/russ/roskei10.jpg HTTP/1.1" 200 75892 "https://www.google.ru/" "Mozilla/5.0 (iPhone; CPU iPhone OS 16_0 like Mac OS X) AppleWebKit/605.1.15 (KHTML, like Gecko) Version/16.0 Mobile/15E148 Safari/604.1" "ysfine.com"
1.164.114.26 - - [05/Oct/2022:05:40:50 -0700] "GET /yspapers/iopbook15.pdf HTTP/1.1" 200 2962673 "https://www.google.com/" "Mozilla/5.0 (Windows NT 10.0; Win64; x64) AppleWebKit/537.36 (KHTML, like Gecko) Chrome/105.0.0.0 Safari/537.36" "ysfine.com"
1.164.114.26 - - [05/Oct/2022:05:40:52 -0700] "GET /favicon.ico HTTP/1.1" 404 88 "https://ysfine.com/yspapers/iopbook15.pdf" "Mozilla/5.0 (Windows NT 10.0; Win64; x64) AppleWebKit/537.36 (KHTML, like Gecko) Chrome/105.0.0.0 Safari/537.36" "ysfine.com"
40.77.167.27 - - [05/Oct/2022:05:41:38 -0700] "GET /world/russ/novik66.jpg HTTP/1.1" 200 160025 "-" "Mozilla/5.0 (compatible; bingbot/2.0; +http://www.bing.com/bingbot.htm)" "ysfine.com"
180.246.42.27 - - [05/Oct/2022:05:42:37 -0700] "GET /maga/phys/inclined.html HTTP/1.1" 200 349 "https://www.google.com/" "Mozilla/5.0 (Windows NT 10.0; Win64; x64) AppleWebKit/537.36 (KHTML, like Gecko) Chrome/105.0.0.0 Safari/537.36" "ysfine.com"
180.246.42.27 - - [05/Oct/2022:05:42:37 -0700] "GET /maga/phys/inclined11.jpg HTTP/1.1" 200 53886 "https://ysfine.com/maga/phys/inclined.html" "Mozilla/5.0 (Windows NT 10.0; Win64; x64) AppleWebKit/537.36 (KHTML, like Gecko) Chrome/105.0.0.0 Safari/537.36" "ysfine.com"
180.246.42.27 - - [05/Oct/2022:05:42:37 -0700] "GET /maga/phys/inclined22.jpg HTTP/1.1" 200 49333 "https://ysfine.com/maga/phys/inclined.html" "Mozilla/5.0 (Windows NT 10.0; Win64; x64) AppleWebKit/537.36 (KHTML, like Gecko) Chrome/105.0.0.0 Safari/537.36" "ysfine.com"
157.55.39.128 - - [05/Oct/2022:05:42:44 -0700] "GET /maga/phys/huy03.jpg HTTP/1.1" 200 236988 "-" "Mozilla/5.0 (compatible; bingbot/2.0; +http://www.bing.com/bingbot.htm)" "ysfine.com"
157.55.39.127 - - [05/Oct/2022:05:42:51 -0700] "GET /style/hibari22.jpg HTTP/1.1" 200 72859 "-" "Mozilla/5.0 (compatible; bingbot/2.0; +http://www.bing.com/bingbot.htm)" "www.ysfine.com"
157.55.39.58 - - [05/Oct/2022:05:44:13 -0700] "GET /newyork/wtc31.jpg HTTP/1.1" 200 130649 "-" "Mozilla/5.0 (compatible; bingbot/2.0; +http://www.bing.com/bingbot.htm)" "www.ysfine.com"
157.55.39.55 - - [05/Oct/2022:05:47:04 -0700] "GET /world/russ/basil10.jpg HTTP/1.1" 200 86935 "-" "Mozilla/5.0 (compatible; bingbot/2.0; +http://www.bing.com/bingbot.htm)" "ysfine.com"
185.191.171.11 - - [05/Oct/2022:05:47:32 -0700] "GET /class54/class5480/Pictures/3.%C3%AD%C2%88%C2%AC%C3%AC%C2%96%C2%B4%C3%AB%C2%B0%C2%8F%C3%AB%C2%AA%C2%A8%C3%AA%C2%B5%C2%90%C3%AB%C2%B0%C2%A9%C3%AB%C2%AC%C2%B8/ HTTP/1.1" 200 1320 "-" "Mozilla/5.0 (compatible; SemrushBot/7~bl; +http://www.semrush.com/bot.html)" "ysfine.com"
50.231.67.142 - - [05/Oct/2022:05:49:52 -0700] "GET /world/china/hongkong03.jpg HTTP/1.1" 200 82081 "https://guideofgreece.com/" "Mozilla/5.0 (X11; CrOS x86_64 14469.59.0) AppleWebKit/537.36 (KHTML, like Gecko) Chrome/99.0.4844.94 Safari/537.36" "ysfine.com"
157.55.39.55 - - [05/Oct/2022:05:52:05 -0700] "GET /world/russ/czar03.jpg HTTP/1.1" 200 140308 "-" "Mozilla/5.0 AppleWebKit/537.36 (KHTML, like Gecko; compatible; bingbot/2.0; +http://www.bing.com/bingbot.htm) Chrome/103.0.5060.134 Safari/537.36" "ysfine.com"
40.77.167.27 - - [05/Oct/2022:05:52:10 -0700] "GET /world/scandi/sto021.jpg HTTP/1.1" 200 57589 "-" "Mozilla/5.0 AppleWebKit/537.36 (KHTML, like Gecko; compatible; bingbot/2.0; +http://www.bing.com/bingbot.htm) Chrome/103.0.5060.134 Safari/537.36" "ysfine.com"
