157.55.39.55 - - [04/Oct/2022:21:41:08 -0700] "GET /style/nypops11.jpg HTTP/1.1" 200 310554 "-" "Mozilla/5.0 (compatible; bingbot/2.0; +http://www.bing.com/bingbot.htm)" "www.ysfine.com"
73.51.75.180 - - [04/Oct/2022:21:41:17 -0700] "GET /kowar/tanks/tank05.jpg HTTP/1.1" 200 222063 "https://www.google.com/" "Mozilla/5.0 (Macintosh; Intel Mac OS X 10_15_7) AppleWebKit/537.36 (KHTML, like Gecko) Chrome/105.0.0.0 Safari/537.36" "ysfine.com"
157.55.39.58 - - [04/Oct/2022:21:41:25 -0700] "GET /home/fotos/korjap03.jpg HTTP/1.1" 200 116882 "-" "Mozilla/5.0 (compatible; bingbot/2.0; +http://www.bing.com/bingbot.htm)" "ysfine.com"
84.115.225.96 - - [04/Oct/2022:21:41:36 -0700] "GET /style/vienopera11.jpg HTTP/1.1" 200 105702 "https://www.google.com/" "Mozilla/5.0 (Linux; Android 12; SAMSUNG SM-F721B) AppleWebKit/537.36 (KHTML, like Gecko) SamsungBrowser/18.0 Chrome/99.0.4844.88 Mobile Safari/537.36" "ysfine.com"
73.51.75.180 - - [04/Oct/2022:21:41:38 -0700] "GET /kowar/tanks/tank02.jpg HTTP/1.1" 200 74135 "https://www.google.com/" "Mozilla/5.0 (Macintosh; Intel Mac OS X 10_15_7) AppleWebKit/537.36 (KHTML, like Gecko) Chrome/105.0.0.0 Safari/537.36" "ysfine.com"
114.119.128.154 - - [04/Oct/2022:21:41:55 -0700] "GET /home/kiev11.pdf HTTP/1.1" 404 88 "-" "Mozilla/5.0 (Linux; Android 7.0;) AppleWebKit/537.36 (KHTML, like Gecko) Mobile Safari/537.36 (compatible; PetalBot;+https://webmaster.petalsearch.com/site/petalbot)" "ysfine.com"
103.86.155.94 - - [04/Oct/2022:21:41:56 -0700] "GET /feynman/feychin.jpg HTTP/1.1" 200 33472 "https://www.google.com/" "Mozilla/5.0 (Windows NT 10.0; Win64; x64) AppleWebKit/537.36 (KHTML, like Gecko) Chrome/105.0.0.0 Safari/537.36" "ysfine.com"
73.51.75.180 - - [04/Oct/2022:21:41:59 -0700] "GET /kowar/tanks/tank10.jpg HTTP/1.1" 200 76703 "https://www.google.com/" "Mozilla/5.0 (Macintosh; Intel Mac OS X 10_15_7) AppleWebKit/537.36 (KHTML, like Gecko) Chrome/105.0.0.0 Safari/537.36" "ysfine.com"
216.244.66.229 - - [04/Oct/2022:21:42:02 -0700] "GET /world/ital/venicef05.jpg HTTP/1.1" 200 199159 "-" "Mozilla/5.0 (compatible; DotBot/1.2; +https://opensiteexplorer.org/dotbot; help@moz.com)" "www.ysfine.com"
103.86.155.94 - - [04/Oct/2022:21:42:02 -0700] "GET /feynman/feychin.jpg HTTP/1.1" 200 33472 "https://www.google.com/" "Mozilla/5.0 (Windows NT 10.0; Win64; x64) AppleWebKit/537.36 (KHTML, like Gecko) Chrome/105.0.0.0 Safari/537.36" "ysfine.com"
103.86.155.94 - - [04/Oct/2022:21:42:03 -0700] "GET /favicon.ico HTTP/1.1" 404 88 "https://ysfine.com/feynman/feychin.jpg" "Mozilla/5.0 (Windows NT 10.0; Win64; x64) AppleWebKit/537.36 (KHTML, like Gecko) Chrome/105.0.0.0 Safari/537.36" "ysfine.com"
173.73.80.118 - - [04/Oct/2022:21:42:31 -0700] "GET /wisdom/korart03.jpg HTTP/1.1" 200 222876 "-" "Mozilla/5.0 (Windows NT 10.0; Win64; x64; rv:105.0) Gecko/20100101 Firefox/105.0" "ysfine.com"
173.73.80.118 - - [04/Oct/2022:21:42:37 -0700] "GET /style/korart04.jpg HTTP/1.1" 200 92096 "-" "Mozilla/5.0 (Windows NT 10.0; Win64; x64; rv:105.0) Gecko/20100101 Firefox/105.0" "ysfine.com"
157.55.39.127 - - [04/Oct/2022:21:42:55 -0700] "GET /wigner/wigques.jpg HTTP/1.1" 200 14216 "-" "Mozilla/5.0 (compatible; bingbot/2.0; +http://www.bing.com/bingbot.htm)" "ysfine.com"
157.45.33.237 - - [04/Oct/2022:21:43:18 -0700] "GET /style/musee/britmu18b.jpg HTTP/1.1" 200 56514 "https://www.google.com/blank.html" "Mozilla/5.0 (Linux; Android 9; Redmi Y2 Build/PKQ1.181203.001; wv) AppleWebKit/537.36 (KHTML, like Gecko) Version/4.0 Chrome/80.0.3987.99 Mobile Safari/537.36 GoogleApp/13.38.11.26.arm" "ysfine.com"
114.119.128.142 - - [04/Oct/2022:21:43:34 -0700] "GET /class54/class5470/total_data/photo_img/7-66.jpg HTTP/1.1" 200 249370 "https://ysfine.com/class54/class5470/total_data/sub_766.htm" "Mozilla/5.0 (Linux; Android 7.0;) AppleWebKit/537.36 (KHTML, like Gecko) Mobile Safari/537.36 (compatible; PetalBot;+https://webmaster.petalsearch.com/site/petalbot)" "ysfine.com"
115.78.229.60 - - [04/Oct/2022:21:44:27 -0700] "GET /kowar/sampal01.jpg HTTP/1.1" 200 141262 "https://www.google.com.vn/" "Mozilla/5.0 (Windows NT 10.0; Win64; x64) AppleWebKit/537.36 (KHTML, like Gecko) Chrome/105.0.0.0 Safari/537.36" "ysfine.com"
157.55.39.128 - - [04/Oct/2022:21:45:38 -0700] "GET /kowar/tanks/sherman52.jpg HTTP/1.1" 200 99286 "-" "Mozilla/5.0 AppleWebKit/537.36 (KHTML, like Gecko; compatible; bingbot/2.0; +http://www.bing.com/bingbot.htm) Chrome/103.0.5060.134 Safari/537.36" "ysfine.com"
207.46.13.102 - - [04/Oct/2022:21:46:10 -0700] "GET /class54/acs/cafe33a.jpg HTTP/1.1" 200 103391 "-" "Mozilla/5.0 AppleWebKit/537.36 (KHTML, like Gecko; compatible; bingbot/2.0; +http://www.bing.com/bingbot.htm) Chrome/103.0.5060.134 Safari/537.36" "www.ysfine.com"
157.55.39.127 - - [04/Oct/2022:21:48:25 -0700] "GET /dongio/amkor/amstu08.jpg HTTP/1.1" 404 88 "-" "Mozilla/5.0 (compatible; bingbot/2.0; +http://www.bing.com/bingbot.htm)" "ysfine.com"
157.55.39.55 - - [04/Oct/2022:21:48:39 -0700] "GET /einstein/newtmax02b.jpg HTTP/1.1" 200 46066 "-" "Mozilla/5.0 (compatible; bingbot/2.0; +http://www.bing.com/bingbot.htm)" "ysfine.com"
93.158.161.40 - - [04/Oct/2022:21:49:10 -0700] "GET /kobak/yskor.html HTTP/1.1" 200 9943 "-" "Mozilla/5.0 (compatible; YandexBot/3.0; +http://yandex.com/bots)" "www.ysfine.com"
77.88.5.46 - - [04/Oct/2022:21:49:47 -0700] "GET /kowar/index.html HTTP/1.1" 200 135 "-" "Mozilla/5.0 (compatible; YandexBot/3.0; +http://yandex.com/bots)" "www.ysfine.com"
207.46.13.102 - - [04/Oct/2022:21:50:20 -0700] "GET /dirac/sq66b.jpg HTTP/1.1" 200 22242 "-" "Mozilla/5.0 (compatible; bingbot/2.0; +http://www.bing.com/bingbot.htm)" "ysfine.com"
207.46.13.102 - - [04/Oct/2022:21:50:21 -0700] "GET /maga/phys/bohr11.jpg HTTP/1.1" 200 113161 "-" "Mozilla/5.0 (compatible; bingbot/2.0; +http://www.bing.com/bingbot.htm)" "ysfine.com"
40.77.167.27 - - [04/Oct/2022:21:50:22 -0700] "GET /einstein/eimaga.html HTTP/1.1" 404 88 "-" "Mozilla/5.0 (compatible; bingbot/2.0; +http://www.bing.com/bingbot.htm)" "www.ysfine.com"
114.119.128.154 - - [04/Oct/2022:21:51:42 -0700] "GET /class54/class5470/total_data/sub_773.htm HTTP/1.1" 200 3289 "https://ysfine.com/class54/class5470/total_data/sub_774.htm" "Mozilla/5.0 (Linux; Android 7.0;) AppleWebKit/537.36 (KHTML, like Gecko) Mobile Safari/537.36 (compatible; PetalBot;+https://webmaster.petalsearch.com/site/petalbot)" "ysfine.com"
73.51.75.180 - - [04/Oct/2022:21:52:01 -0700] "GET /kowar/tanks/sherman51.jpg HTTP/1.1" 200 110942 "https://www.google.com/" "Mozilla/5.0 (Macintosh; Intel Mac OS X 10_15_7) AppleWebKit/537.36 (KHTML, like Gecko) Chrome/105.0.0.0 Safari/537.36" "ysfine.com"
157.55.39.58 - - [04/Oct/2022:21:52:26 -0700] "GET /people/zeilinger.jpg HTTP/1.1" 200 59186 "-" "Mozilla/5.0 (compatible; bingbot/2.0; +http://www.bing.com/bingbot.htm)" "ysfine.com"
216.244.66.229 - - [04/Oct/2022:21:54:13 -0700] "GET /eink/further22.jpg HTTP/1.1" 200 207087 "-" "Mozilla/5.0 (compatible; DotBot/1.2; +https://opensiteexplorer.org/dotbot; help@moz.com)" "www.ysfine.com"
185.184.157.102 - - [04/Oct/2022:21:54:54 -0700] "GET / HTTP/1.1" 200 5283 "-" "Mozilla/5.0 (compatible; linkdexbot/2.0; +http://www.linkdex.com/bots/)" "ysfine.com"
216.244.66.229 - - [04/Oct/2022:21:54:54 -0700] "GET /world/poland/polstu03.jpg HTTP/1.1" 200 83478 "-" "Mozilla/5.0 (compatible; DotBot/1.2; +https://opensiteexplorer.org/dotbot; help@moz.com)" "www.ysfine.com"
114.119.128.14 - - [04/Oct/2022:21:55:59 -0700] "GET /jobs/jrg.pdf HTTP/1.1" 200 109664 "http://ysfine.com/jobs/koreaj.html" "Mozilla/5.0 (Linux; Android 7.0;) AppleWebKit/537.36 (KHTML, like Gecko) Mobile Safari/537.36 (compatible; PetalBot;+https://webmaster.petalsearch.com/site/petalbot)" "ysfine.com"
203.135.44.0 - - [04/Oct/2022:21:57:09 -0700] "GET /world/france/stras10.jpg HTTP/1.1" 200 105338 "https://www.google.com/" "Mozilla/5.0 (Linux; U; Android 10; ART-L29 Build/HUAWEIART-L29; wv) AppleWebKit/537.36 (KHTML, like Gecko) Version/4.0 Chrome/88.0.4324.93 Mobile Safari/537.36 OPR/63.0.2254.62316" "ysfine.com"
209.164.189.74 - - [04/Oct/2022:21:57:19 -0700] "GET /wdc/capitol07.jpg HTTP/1.1" 200 138407 "https://www.google.com/" "Mozilla/5.0 (Windows NT 10.0; Win64; x64) AppleWebKit/537.36 (KHTML, like Gecko) Chrome/105.0.0.0 Safari/537.36" "ysfine.com"
216.244.66.229 - - [04/Oct/2022:21:59:00 -0700] "GET /kobak/underw31.jpg HTTP/1.1" 200 125758 "-" "Mozilla/5.0 (compatible; DotBot/1.2; +https://opensiteexplorer.org/dotbot; help@moz.com)" "www.ysfine.com"
216.244.66.229 - - [04/Oct/2022:21:59:27 -0700] "GET /usca/pitt/gonew.jpg HTTP/1.1" 200 128226 "-" "Mozilla/5.0 (compatible; DotBot/1.2; +https://opensiteexplorer.org/dotbot; help@moz.com)" "www.ysfine.com"
93.158.161.40 - - [04/Oct/2022:22:00:16 -0700] "GET /robots.txt HTTP/1.1" 404 73 "-" "Mozilla/5.0 (compatible; YandexBot/3.0; +http://yandex.com/bots)" "ysfine.com"
93.158.161.40 - - [04/Oct/2022:22:00:19 -0700] "GET /world/russ/redsq57.jpg HTTP/1.1" 200 113851 "-" "Mozilla/5.0 (compatible; YandexImages/3.0; +http://yandex.com/bots)" "ysfine.com"
156.155.190.184 - - [04/Oct/2022:22:00:38 -0700] "GET /world/brit/etonharrow.html HTTP/1.1" 200 4546 "https://www.google.com/" "Mozilla/5.0 (Linux; Android 9; TA-1033) AppleWebKit/537.36 (KHTML, like Gecko) Chrome/106.0.0.0 Mobile Safari/537.36" "ysfine.com"
156.155.190.184 - - [04/Oct/2022:22:00:38 -0700] "GET /world/brit/winston01b.jpg HTTP/1.1" 200 38436 "https://ysfine.com/world/brit/etonharrow.html" "Mozilla/5.0 (Linux; Android 9; TA-1033) AppleWebKit/537.36 (KHTML, like Gecko) Chrome/106.0.0.0 Mobile Safari/537.36" "ysfine.com"
156.155.190.184 - - [04/Oct/2022:22:00:38 -0700] "GET /world/brit/nehru11b.jpg HTTP/1.1" 200 43052 "https://ysfine.com/world/brit/etonharrow.html" "Mozilla/5.0 (Linux; Android 9; TA-1033) AppleWebKit/537.36 (KHTML, like Gecko) Chrome/106.0.0.0 Mobile Safari/537.36" "ysfine.com"
156.155.190.184 - - [04/Oct/2022:22:00:38 -0700] "GET /world/brit/windsor02b.jpg HTTP/1.1" 200 40724 "https://ysfine.com/world/brit/etonharrow.html" "Mozilla/5.0 (Linux; Android 9; TA-1033) AppleWebKit/537.36 (KHTML, like Gecko) Chrome/106.0.0.0 Mobile Safari/537.36" "ysfine.com"
156.155.190.184 - - [04/Oct/2022:22:00:38 -0700] "GET /world/brit/eton03b.jpg HTTP/1.1" 200 45141 "https://ysfine.com/world/brit/etonharrow.html" "Mozilla/5.0 (Linux; Android 9; TA-1033) AppleWebKit/537.36 (KHTML, like Gecko) Chrome/106.0.0.0 Mobile Safari/537.36" "ysfine.com"
156.155.190.184 - - [04/Oct/2022:22:00:38 -0700] "GET /world/brit/eton01b.jpg HTTP/1.1" 200 47771 "https://ysfine.com/world/brit/etonharrow.html" "Mozilla/5.0 (Linux; Android 9; TA-1033) AppleWebKit/537.36 (KHTML, like Gecko) Chrome/106.0.0.0 Mobile Safari/537.36" "ysfine.com"
156.155.190.184 - - [04/Oct/2022:22:00:38 -0700] "GET /eink/pwk19c.jpg HTTP/1.1" 200 57759 "https://ysfine.com/world/brit/etonharrow.html" "Mozilla/5.0 (Linux; Android 9; TA-1033) AppleWebKit/537.36 (KHTML, like Gecko) Chrome/106.0.0.0 Mobile Safari/537.36" "ysfine.com"
156.155.190.184 - - [04/Oct/2022:22:00:38 -0700] "GET /world/brit/harrow12b.jpg HTTP/1.1" 200 45104 "https://ysfine.com/world/brit/etonharrow.html" "Mozilla/5.0 (Linux; Android 9; TA-1033) AppleWebKit/537.36 (KHTML, like Gecko) Chrome/106.0.0.0 Mobile Safari/537.36" "ysfine.com"
156.155.190.184 - - [04/Oct/2022:22:00:38 -0700] "GET /kobak/taylor33c.jpg HTTP/1.1" 200 39951 "https://ysfine.com/world/brit/etonharrow.html" "Mozilla/5.0 (Linux; Android 9; TA-1033) AppleWebKit/537.36 (KHTML, like Gecko) Chrome/106.0.0.0 Mobile Safari/537.36" "ysfine.com"
156.155.190.184 - - [04/Oct/2022:22:00:38 -0700] "GET /world/brit/harrow04b.jpg HTTP/1.1" 200 48004 "https://ysfine.com/world/brit/etonharrow.html" "Mozilla/5.0 (Linux; Android 9; TA-1033) AppleWebKit/537.36 (KHTML, like Gecko) Chrome/106.0.0.0 Mobile Safari/537.36" "ysfine.com"
156.155.190.184 - - [04/Oct/2022:22:00:38 -0700] "GET /world/brit/eton07b.jpg HTTP/1.1" 200 36566 "https://ysfine.com/world/brit/etonharrow.html" "Mozilla/5.0 (Linux; Android 9; TA-1033) AppleWebKit/537.36 (KHTML, like Gecko) Chrome/106.0.0.0 Mobile Safari/537.36" "ysfine.com"
156.155.190.184 - - [04/Oct/2022:22:00:38 -0700] "GET /kobak/kwk11b.jpg HTTP/1.1" 200 46888 "https://ysfine.com/world/brit/etonharrow.html" "Mozilla/5.0 (Linux; Android 9; TA-1033) AppleWebKit/537.36 (KHTML, like Gecko) Chrome/106.0.0.0 Mobile Safari/537.36" "ysfine.com"
156.155.190.184 - - [04/Oct/2022:22:00:38 -0700] "GET /world/brit/harrow01b.jpg HTTP/1.1" 200 54632 "https://ysfine.com/world/brit/etonharrow.html" "Mozilla/5.0 (Linux; Android 9; TA-1033) AppleWebKit/537.36 (KHTML, like Gecko) Chrome/106.0.0.0 Mobile Safari/537.36" "ysfine.com"
156.155.190.184 - - [04/Oct/2022:22:00:38 -0700] "GET /world/brit/eton02b.jpg HTTP/1.1" 200 39432 "https://ysfine.com/world/brit/etonharrow.html" "Mozilla/5.0 (Linux; Android 9; TA-1033) AppleWebKit/537.36 (KHTML, like Gecko) Chrome/106.0.0.0 Mobile Safari/537.36" "ysfine.com"
156.155.190.184 - - [04/Oct/2022:22:00:38 -0700] "GET /world/brit/harrow11b.jpg HTTP/1.1" 200 42533 "https://ysfine.com/world/brit/etonharrow.html" "Mozilla/5.0 (Linux; Android 9; TA-1033) AppleWebKit/537.36 (KHTML, like Gecko) Chrome/106.0.0.0 Mobile Safari/537.36" "ysfine.com"
156.155.190.184 - - [04/Oct/2022:22:00:38 -0700] "GET /world/brit/harrow09b.jpg HTTP/1.1" 200 48797 "https://ysfine.com/world/brit/etonharrow.html" "Mozilla/5.0 (Linux; Android 9; TA-1033) AppleWebKit/537.36 (KHTML, like Gecko) Chrome/106.0.0.0 Mobile Safari/537.36" "ysfine.com"
156.155.190.184 - - [04/Oct/2022:22:00:46 -0700] "GET /favicon.ico HTTP/1.1" 404 88 "https://ysfine.com/world/brit/etonharrow.html" "Mozilla/5.0 (Linux; Android 9; TA-1033) AppleWebKit/537.36 (KHTML, like Gecko) Chrome/106.0.0.0 Mobile Safari/537.36" "ysfine.com"
216.244.66.229 - - [04/Oct/2022:22:00:55 -0700] "GET /sbk/2008cp11.jpg HTTP/1.1" 200 147240 "-" "Mozilla/5.0 (compatible; DotBot/1.2; +https://opensiteexplorer.org/dotbot; help@moz.com)" "www.ysfine.com"
216.244.66.229 - - [04/Oct/2022:22:01:25 -0700] "GET /sbk/2012paris66.jpg HTTP/1.1" 200 124670 "-" "Mozilla/5.0 (compatible; DotBot/1.2; +https://opensiteexplorer.org/dotbot; help@moz.com)" "www.ysfine.com"
216.244.66.229 - - [04/Oct/2022:22:01:54 -0700] "GET /world/germany/leipzig02.jpg HTTP/1.1" 200 122245 "-" "Mozilla/5.0 (compatible; DotBot/1.2; +https://opensiteexplorer.org/dotbot; help@moz.com)" "www.ysfine.com"
216.244.66.229 - - [04/Oct/2022:22:02:22 -0700] "GET /world/germany/verein11.jpg HTTP/1.1" 200 83100 "-" "Mozilla/5.0 (compatible; DotBot/1.2; +https://opensiteexplorer.org/dotbot; help@moz.com)" "www.ysfine.com"
216.244.66.229 - - [04/Oct/2022:22:02:48 -0700] "GET /world/russ/khahi99.jpg HTTP/1.1" 200 93021 "-" "Mozilla/5.0 (compatible; DotBot/1.2; +https://opensiteexplorer.org/dotbot; help@moz.com)" "www.ysfine.com"
157.55.39.58 - - [04/Oct/2022:22:03:27 -0700] "GET /people/nambu.jpg HTTP/1.1" 200 78563 "-" "Mozilla/5.0 (compatible; bingbot/2.0; +http://www.bing.com/bingbot.htm)" "ysfine.com"
157.55.39.128 - - [04/Oct/2022:22:03:32 -0700] "GET /wdc/gtown24.jpg HTTP/1.1" 200 88013 "-" "Mozilla/5.0 (compatible; bingbot/2.0; +http://www.bing.com/bingbot.htm)" "ysfine.com"
207.46.13.102 - - [04/Oct/2022:22:03:51 -0700] "GET /sbk/2011muc22.jpg HTTP/1.1" 200 115854 "-" "Mozilla/5.0 (compatible; bingbot/2.0; +http://www.bing.com/bingbot.htm)" "www.ysfine.com"
157.55.39.55 - - [04/Oct/2022:22:04:11 -0700] "GET /world/israel/jeru05.jpg HTTP/1.1" 200 244713 "-" "Mozilla/5.0 (compatible; bingbot/2.0; +http://www.bing.com/bingbot.htm)" "ysfine.com"
157.55.39.55 - - [04/Oct/2022:22:05:21 -0700] "GET /world/russ/arbat35.jpg HTTP/1.1" 200 129788 "-" "Mozilla/5.0 AppleWebKit/537.36 (KHTML, like Gecko; compatible; bingbot/2.0; +http://www.bing.com/bingbot.htm) Chrome/103.0.5060.134 Safari/537.36" "ysfine.com"
207.46.13.102 - - [04/Oct/2022:22:05:26 -0700] "GET /style/cameras/deer11.jpg HTTP/1.1" 200 75896 "-" "Mozilla/5.0 AppleWebKit/537.36 (KHTML, like Gecko; compatible; bingbot/2.0; +http://www.bing.com/bingbot.htm) Chrome/103.0.5060.134 Safari/537.36" "ysfine.com"
157.55.39.55 - - [04/Oct/2022:22:06:02 -0700] "GET /einstein/newton22b.jpg HTTP/1.1" 200 60510 "-" "Mozilla/5.0 (compatible; bingbot/2.0; +http://www.bing.com/bingbot.htm)" "ysfine.com"
157.55.39.55 - - [04/Oct/2022:22:06:04 -0700] "GET /world/brit/eton15b.jpg HTTP/1.1" 200 39688 "-" "Mozilla/5.0 (compatible; bingbot/2.0; +http://www.bing.com/bingbot.htm)" "ysfine.com"
216.244.66.229 - - [04/Oct/2022:22:06:14 -0700] "GET /dongio/mongo06.jpg HTTP/1.1" 404 73 "-" "Mozilla/5.0 (compatible; DotBot/1.2; +https://opensiteexplorer.org/dotbot; help@moz.com)" "www.ysfine.com"
114.119.128.158 - - [04/Oct/2022:22:07:28 -0700] "GET /family/index.html HTTP/1.1" 401 90 "-" "Mozilla/5.0 (Linux; Android 7.0;) AppleWebKit/537.36 (KHTML, like Gecko) Mobile Safari/537.36 (compatible; PetalBot;+https://webmaster.petalsearch.com/site/petalbot)" "ysfine.com"
216.244.66.229 - - [04/Oct/2022:22:07:44 -0700] "GET /newyork/stpaul66.jpg HTTP/1.1" 200 125709 "-" "Mozilla/5.0 (compatible; DotBot/1.2; +https://opensiteexplorer.org/dotbot; help@moz.com)" "www.ysfine.com"
216.244.66.229 - - [04/Oct/2022:22:08:16 -0700] "GET /newyork/un08.jpg HTTP/1.1" 200 86561 "-" "Mozilla/5.0 (compatible; DotBot/1.2; +https://opensiteexplorer.org/dotbot; help@moz.com)" "www.ysfine.com"
157.55.39.127 - - [04/Oct/2022:22:08:48 -0700] "GET /world/ital/rome044.jpg HTTP/1.1" 200 74185 "-" "Mozilla/5.0 (compatible; bingbot/2.0; +http://www.bing.com/bingbot.htm)" "ysfine.com"
216.244.66.229 - - [04/Oct/2022:22:09:15 -0700] "GET /people/gold11.jpg HTTP/1.1" 200 82815 "-" "Mozilla/5.0 (compatible; DotBot/1.2; +https://opensiteexplorer.org/dotbot; help@moz.com)" "www.ysfine.com"
216.244.66.229 - - [04/Oct/2022:22:09:45 -0700] "GET /wdc/ww2m44.jpg HTTP/1.1" 200 99147 "-" "Mozilla/5.0 (compatible; DotBot/1.2; +https://opensiteexplorer.org/dotbot; help@moz.com)" "www.ysfine.com"
157.55.39.127 - - [04/Oct/2022:22:09:58 -0700] "GET /dirac/dirheisen.html HTTP/1.1" 200 4650 "-" "Mozilla/5.0 (compatible; bingbot/2.0; +http://www.bing.com/bingbot.htm)" "www.ysfine.com"
157.55.39.127 - - [04/Oct/2022:22:10:07 -0700] "GET /world/russ/bolshoi11.jpg HTTP/1.1" 200 108077 "-" "Mozilla/5.0 (compatible; bingbot/2.0; +http://www.bing.com/bingbot.htm)" "ysfine.com"
157.55.39.127 - - [04/Oct/2022:22:10:08 -0700] "GET /world/russ/moschurch16.jpg HTTP/1.1" 200 88216 "-" "Mozilla/5.0 (compatible; bingbot/2.0; +http://www.bing.com/bingbot.htm)" "ysfine.com"
207.46.13.102 - - [04/Oct/2022:22:10:33 -0700] "GET /usca/pitt/westim01.jpg HTTP/1.1" 200 101749 "-" "Mozilla/5.0 AppleWebKit/537.36 (KHTML, like Gecko; compatible; bingbot/2.0; +http://www.bing.com/bingbot.htm) Chrome/103.0.5060.134 Safari/537.36" "www.ysfine.com"
216.244.66.229 - - [04/Oct/2022:22:10:48 -0700] "GET /world/israel/jeru17.jpg HTTP/1.1" 200 241335 "-" "Mozilla/5.0 (compatible; DotBot/1.2; +https://opensiteexplorer.org/dotbot; help@moz.com)" "www.ysfine.com"
123.125.109.129 - - [04/Oct/2022:22:11:27 -0700] "GET / HTTP/1.1" 200 5283 "-" "Sogou web spider/4.0(+http://www.sogou.com/docs/help/webmasters.htm#07)" "www.ysfine.com"
157.55.39.128 - - [04/Oct/2022:22:12:01 -0700] "GET /maga/phil/marx55.jpg HTTP/1.1" 200 244771 "-" "Mozilla/5.0 (compatible; bingbot/2.0; +http://www.bing.com/bingbot.htm)" "ysfine.com"
157.55.39.127 - - [04/Oct/2022:22:12:48 -0700] "GET /world/ital/sapienza01.jpg HTTP/1.1" 200 140820 "-" "Mozilla/5.0 AppleWebKit/537.36 (KHTML, like Gecko; compatible; bingbot/2.0; +http://www.bing.com/bingbot.htm) Chrome/103.0.5060.134 Safari/537.36" "ysfine.com"
77.88.5.46 - - [04/Oct/2022:22:12:55 -0700] "GET /bio/bio01a.html HTTP/1.1" 200 12278 "-" "Mozilla/5.0 (compatible; YandexBot/3.0; +http://yandex.com/bots)" "www.ysfine.com"
77.88.5.46 - - [04/Oct/2022:22:13:30 -0700] "GET /home/yshome.html HTTP/1.1" 200 5702 "-" "Mozilla/5.0 (compatible; YandexBot/3.0; +http://yandex.com/bots)" "www.ysfine.com"
93.158.161.40 - - [04/Oct/2022:22:13:31 -0700] "GET /bio/kobak/underw81.pdf HTTP/1.1" 200 2013682 "-" "Mozilla/5.0 (compatible; YandexBot/3.0; +http://yandex.com/bots)" "www.ysfine.com"
93.158.161.40 - - [04/Oct/2022:22:13:39 -0700] "GET /robots.txt HTTP/1.1" 404 73 "-" "Mozilla/5.0 (compatible; YandexBot/3.0; +http://yandex.com/bots)" "www.ysfine.com"
93.158.161.40 - - [04/Oct/2022:22:13:41 -0700] "GET /bio/kobak/underw81.pdf HTTP/1.1" 200 2013682 "-" "Mozilla/5.0 (compatible; YandexBot/3.0; +http://yandex.com/bots)" "www.ysfine.com"
77.88.5.245 - - [04/Oct/2022:22:13:46 -0700] "GET /style/ystyle.html HTTP/1.1" 200 1449 "-" "Mozilla/5.0 (compatible; YandexBot/3.0; +http://yandex.com/bots)" "www.ysfine.com"
93.158.161.40 - - [04/Oct/2022:22:13:47 -0700] "GET /eink/mose.html HTTP/1.1" 200 14315 "-" "Mozilla/5.0 (compatible; YandexBot/3.0; +http://yandex.com/bots)" "www.ysfine.com"
93.158.161.40 - - [04/Oct/2022:22:13:49 -0700] "GET /bio/bio05.html HTTP/1.1" 200 14624 "-" "Mozilla/5.0 (compatible; YandexBot/3.0; +http://yandex.com/bots)" "www.ysfine.com"
77.88.5.46 - - [04/Oct/2022:22:13:51 -0700] "GET /bio/ffriends/russian.html HTTP/1.1" 404 88 "-" "Mozilla/5.0 (compatible; YandexBot/3.0; +http://yandex.com/bots)" "www.ysfine.com"
77.88.5.46 - - [04/Oct/2022:22:13:52 -0700] "GET /bio/kowar/roostalin.html HTTP/1.1" 200 1180 "-" "Mozilla/5.0 (compatible; YandexBot/3.0; +http://yandex.com/bots)" "www.ysfine.com"
77.88.5.46 - - [04/Oct/2022:22:13:53 -0700] "GET /bio/tanks.html HTTP/1.1" 404 88 "-" "Mozilla/5.0 (compatible; YandexBot/3.0; +http://yandex.com/bots)" "www.ysfine.com"
77.88.5.245 - - [04/Oct/2022:22:13:54 -0700] "GET /bio/ffriends/russian.html HTTP/1.1" 404 88 "-" "Mozilla/5.0 (compatible; YandexBot/3.0; +http://yandex.com/bots)" "www.ysfine.com"
93.158.161.40 - - [04/Oct/2022:22:13:56 -0700] "GET /bio/roostalin.html HTTP/1.1" 404 88 "-" "Mozilla/5.0 (compatible; YandexBot/3.0; +http://yandex.com/bots)" "www.ysfine.com"
93.158.161.40 - - [04/Oct/2022:22:13:57 -0700] "GET /bio/ffriends/soldiers.html HTTP/1.1" 404 88 "-" "Mozilla/5.0 (compatible; YandexBot/3.0; +http://yandex.com/bots)" "www.ysfine.com"
77.88.5.245 - - [04/Oct/2022:22:13:59 -0700] "GET /bio/index.html HTTP/1.1" 200 17438 "-" "Mozilla/5.0 (compatible; YandexBot/3.0; +http://yandex.com/bots)" "www.ysfine.com"
77.88.5.46 - - [04/Oct/2022:22:14:00 -0700] "GET /bio/tanks.html HTTP/1.1" 404 88 "-" "Mozilla/5.0 (compatible; YandexBot/3.0; +http://yandex.com/bots)" "www.ysfine.com"
157.55.39.128 - - [04/Oct/2022:22:14:01 -0700] "GET /world/germany/hegel05.jpg HTTP/1.1" 200 109346 "-" "Mozilla/5.0 (compatible; bingbot/2.0; +http://www.bing.com/bingbot.htm)" "ysfine.com"
114.119.128.14 - - [04/Oct/2022:22:14:04 -0700] "GET /class54/class5470/total_data/photo_img/8-129.jpg HTTP/1.1" 200 210811 "https://ysfine.com/class54/class5470/total_data/sub_8129.htm" "Mozilla/5.0 (Linux; Android 7.0;) AppleWebKit/537.36 (KHTML, like Gecko) Mobile Safari/537.36 (compatible; PetalBot;+https://webmaster.petalsearch.com/site/petalbot)" "ysfine.com"
194.93.0.40 - - [04/Oct/2022:22:14:32 -0700] "GET /robots.txt HTTP/1.1" 404 73 "-" "Mozilla/4.0 (compatible; fluid/0.0; +http://www.leak.info/bot.html)" "ysfine.com"
157.55.39.55 - - [04/Oct/2022:22:15:02 -0700] "GET /world/china/suz52.jpg HTTP/1.1" 200 97798 "-" "Mozilla/5.0 (compatible; bingbot/2.0; +http://www.bing.com/bingbot.htm)" "ysfine.com"
40.77.167.105 - - [04/Oct/2022:22:16:51 -0700] "GET /robots.txt HTTP/1.1" 404 88 "-" "Mozilla/5.0 AppleWebKit/537.36 (KHTML, like Gecko; compatible; bingbot/2.0; +http://www.bing.com/bingbot.htm) Chrome/103.0.5060.134 Safari/537.36" "www.ysfine.com"
77.225.228.109 - - [04/Oct/2022:22:16:51 -0700] "GET /dirac/dirheisen31b.jpg HTTP/1.1" 200 39248 "https://www.google.com/" "Mozilla/5.0 (Linux; Android 12; KB2003) AppleWebKit/537.36 (KHTML, like Gecko) Chrome/106.0.0.0 Mobile Safari/537.36" "ysfine.com"
69.194.143.140 - - [04/Oct/2022:22:16:58 -0700] "GET /ads.txt HTTP/1.1" 404 88 "-" "Mozilla/5.0 (Macintosh; Intel Mac OS X 10_15_1) AppleWebKit/537.36 (KHTML, like Gecko) Chrome/84.0.4103.61 Safari/537.37" "ysfine.com"
69.194.143.140 - - [04/Oct/2022:22:16:59 -0700] "GET /ads.txt HTTP/1.1" 404 88 "-" "Mozilla/5.0 (Macintosh; Intel Mac OS X 10_15_1) AppleWebKit/537.36 (KHTML, like Gecko) Chrome/84.0.4103.61 Safari/537.37" "ysfine.com"
207.46.13.102 - - [04/Oct/2022:22:19:23 -0700] "GET /twobytwo.html HTTP/1.1" 404 88 "-" "Mozilla/5.0 (compatible; bingbot/2.0; +http://www.bing.com/bingbot.htm)" "ysfine.com"
195.191.219.131 - - [04/Oct/2022:22:19:36 -0700] "GET /robots.txt HTTP/1.1" 404 73 "-" "Mozilla/5.0 (compatible; MJ12bot/v1.4.8; http://mj12bot.com/)" "www.ysfine.com"
195.191.219.131 - - [04/Oct/2022:22:19:37 -0700] "GET / HTTP/1.1" 200 5283 "-" "Mozilla/5.0 (compatible; MJ12bot/v1.4.8; http://mj12bot.com/)" "www.ysfine.com"
157.55.39.128 - - [04/Oct/2022:22:20:52 -0700] "GET /world/china/shanghai004.jpg HTTP/1.1" 200 366748 "-" "Mozilla/5.0 (compatible; bingbot/2.0; +http://www.bing.com/bingbot.htm)" "www.ysfine.com"
157.55.39.58 - - [04/Oct/2022:22:23:09 -0700] "GET /world/russ/masha11.jpg HTTP/1.1" 200 178810 "-" "Mozilla/5.0 AppleWebKit/537.36 (KHTML, like Gecko; compatible; bingbot/2.0; +http://www.bing.com/bingbot.htm) Chrome/103.0.5060.134 Safari/537.36" "www.ysfine.com"
157.55.39.127 - - [04/Oct/2022:22:23:13 -0700] "GET /world/baltic/estof07.jpg HTTP/1.1" 200 101495 "-" "Mozilla/5.0 (compatible; bingbot/2.0; +http://www.bing.com/bingbot.htm)" "www.ysfine.com"
157.55.39.127 - - [04/Oct/2022:22:23:14 -0700] "GET /world/russ/kazan056.jpg HTTP/1.1" 200 149705 "-" "Mozilla/5.0 (compatible; bingbot/2.0; +http://www.bing.com/bingbot.htm)" "www.ysfine.com"
77.88.5.46 - - [04/Oct/2022:22:24:50 -0700] "GET /bio/ffriends/russian.html HTTP/1.1" 404 88 "-" "Mozilla/5.0 (compatible; YandexBot/3.0; +http://yandex.com/bots)" "www.ysfine.com"
77.88.5.46 - - [04/Oct/2022:22:25:18 -0700] "GET /einstein/einphoto.html HTTP/1.1" 200 1970 "-" "Mozilla/5.0 (compatible; YandexBot/3.0; +http://yandex.com/bots)" "www.ysfine.com"
157.55.39.127 - - [04/Oct/2022:22:25:59 -0700] "GET /world/france/matisse05b.jpg HTTP/1.1" 200 29140 "-" "Mozilla/5.0 (compatible; bingbot/2.0; +http://www.bing.com/bingbot.htm)" "ysfine.com"
93.158.161.40 - - [04/Oct/2022:22:26:04 -0700] "GET /eink/kbrain11.jpg HTTP/1.1" 200 68880 "-" "Mozilla/5.0 (compatible; YandexImages/3.0; +http://yandex.com/bots)" "www.ysfine.com"
216.244.66.229 - - [04/Oct/2022:22:26:06 -0700] "GET /robots.txt HTTP/1.1" 404 73 "-" "Mozilla/5.0 (compatible; DotBot/1.2; +https://opensiteexplorer.org/dotbot; help@moz.com)" "www.ysfine.com"
185.191.171.45 - - [04/Oct/2022:22:26:31 -0700] "GET /class54/class5470/total_data/sub_122.htm HTTP/1.1" 200 3311 "-" "Mozilla/5.0 (compatible; SemrushBot/7~bl; +http://www.semrush.com/bot.html)" "www.ysfine.com"
157.55.39.58 - - [04/Oct/2022:22:27:20 -0700] "GET /world/france/chagall01.jpg HTTP/1.1" 200 108241 "-" "Mozilla/5.0 (compatible; bingbot/2.0; +http://www.bing.com/bingbot.htm)" "www.ysfine.com"
93.158.161.40 - - [04/Oct/2022:22:27:33 -0700] "GET /robots.txt HTTP/1.1" 404 73 "-" "Mozilla/5.0 (compatible; YandexBot/3.0; +http://yandex.com/bots)" "www.ysfine.com"
77.88.5.46 - - [04/Oct/2022:22:27:37 -0700] "GET /world/russ/roskei10.jpg HTTP/1.1" 200 75892 "-" "Mozilla/5.0 (compatible; YandexImages/3.0; +http://yandex.com/bots)" "www.ysfine.com"
157.55.39.127 - - [04/Oct/2022:22:27:39 -0700] "GET /home/fig33/parton01.jpg HTTP/1.1" 200 64327 "-" "Mozilla/5.0 AppleWebKit/537.36 (KHTML, like Gecko; compatible; bingbot/2.0; +http://www.bing.com/bingbot.htm) Chrome/103.0.5060.134 Safari/537.36" "ysfine.com"
157.55.39.55 - - [04/Oct/2022:22:27:52 -0700] "GET /world/germany/salz23.jpg HTTP/1.1" 200 132227 "-" "Mozilla/5.0 (compatible; bingbot/2.0; +http://www.bing.com/bingbot.htm)" "www.ysfine.com"
77.88.5.46 - - [04/Oct/2022:22:28:25 -0700] "GET /bio/tanks.html HTTP/1.1" 404 88 "-" "Mozilla/5.0 (compatible; YandexBot/3.0; +http://yandex.com/bots)" "www.ysfine.com"
157.55.39.128 - - [04/Oct/2022:22:29:23 -0700] "GET /world/russ/minsk002b.jpg HTTP/1.1" 200 28977 "-" "Mozilla/5.0 (compatible; bingbot/2.0; +http://www.bing.com/bingbot.htm)" "ysfine.com"
40.77.167.27 - - [04/Oct/2022:22:29:25 -0700] "GET /world/poland/coperni06.jpg HTTP/1.1" 200 143716 "-" "Mozilla/5.0 (compatible; bingbot/2.0; +http://www.bing.com/bingbot.htm)" "www.ysfine.com"
77.88.5.46 - - [04/Oct/2022:22:30:14 -0700] "GET /style/tatiana11b.jpg HTTP/1.1" 200 29416 "-" "Mozilla/5.0 (compatible; YandexImages/3.0; +http://yandex.com/bots)" "www.ysfine.com"
77.88.5.46 - - [04/Oct/2022:22:32:27 -0700] "GET /wigner/hargittai.htm HTTP/1.1" 200 21502 "-" "Mozilla/5.0 (compatible; YandexBot/3.0; +http://yandex.com/bots)" "www.ysfine.com"
45.90.69.128 - - [04/Oct/2022:22:32:31 -0700] "GET /maga/phys/schrod11b.jpg HTTP/1.1" 200 36796 "https://www.google.com/" "Mozilla/5.0 (Macintosh; Intel Mac OS X 10_15_7) AppleWebKit/605.1.15 (KHTML, like Gecko) Version/14.1.1 Safari/605.1.15" "ysfine.com"
40.77.167.27 - - [04/Oct/2022:22:32:57 -0700] "GET /world/russ/kazan020.jpg HTTP/1.1" 200 128552 "-" "Mozilla/5.0 AppleWebKit/537.36 (KHTML, like Gecko; compatible; bingbot/2.0; +http://www.bing.com/bingbot.htm) Chrome/103.0.5060.134 Safari/537.36" "www.ysfine.com"
157.55.39.128 - - [04/Oct/2022:22:34:13 -0700] "GET /world/baltic/riga03.jpg HTTP/1.1" 200 104704 "-" "Mozilla/5.0 (compatible; bingbot/2.0; +http://www.bing.com/bingbot.htm)" "ysfine.com"
157.55.39.55 - - [04/Oct/2022:22:34:24 -0700] "GET /world/baltic/lithu20.jpg HTTP/1.1" 200 135004 "-" "Mozilla/5.0 (compatible; bingbot/2.0; +http://www.bing.com/bingbot.htm)" "www.ysfine.com"
157.55.39.128 - - [04/Oct/2022:22:35:03 -0700] "GET /usca/pitt/cyclo.jpg HTTP/1.1" 200 102829 "-" "Mozilla/5.0 (compatible; bingbot/2.0; +http://www.bing.com/bingbot.htm)" "www.ysfine.com"
157.55.39.58 - - [04/Oct/2022:22:36:22 -0700] "GET /world/poland/gdn01.jpg HTTP/1.1" 200 92586 "-" "Mozilla/5.0 (compatible; bingbot/2.0; +http://www.bing.com/bingbot.htm)" "ysfine.com"
147.226.228.195 - - [04/Oct/2022:22:37:16 -0700] "GET /maga/invent/edison22.jpg HTTP/1.1" 200 46515 "https://www.google.com/" "Mozilla/5.0 (X11; CrOS x86_64 14989.107.0) AppleWebKit/537.36 (KHTML, like Gecko) Chrome/105.0.0.0 Safari/537.36" "ysfine.com"
40.77.167.27 - - [04/Oct/2022:22:38:06 -0700] "GET /home/figs/dirwig55.jpg HTTP/1.1" 200 136785 "-" "Mozilla/5.0 AppleWebKit/537.36 (KHTML, like Gecko; compatible; bingbot/2.0; +http://www.bing.com/bingbot.htm) Chrome/103.0.5060.134 Safari/537.36" "ysfine.com"
157.55.39.58 - - [04/Oct/2022:22:38:20 -0700] "GET /world/russ/kiev064.jpg HTTP/1.1" 200 164845 "-" "Mozilla/5.0 AppleWebKit/537.36 (KHTML, like Gecko; compatible; bingbot/2.0; +http://www.bing.com/bingbot.htm) Chrome/103.0.5060.134 Safari/537.36" "www.ysfine.com"
40.77.167.27 - - [04/Oct/2022:22:38:37 -0700] "GET /kobak/swr95.jpg HTTP/1.1" 200 61768 "-" "Mozilla/5.0 AppleWebKit/537.36 (KHTML, like Gecko; compatible; bingbot/2.0; +http://www.bing.com/bingbot.htm) Chrome/103.0.5060.134 Safari/537.36" "ysfine.com"
157.55.39.127 - - [04/Oct/2022:22:38:50 -0700] "GET /maga/phys/yukaheisen67b.jpg HTTP/1.1" 200 42036 "-" "Mozilla/5.0 (compatible; bingbot/2.0; +http://www.bing.com/bingbot.htm)" "ysfine.com"
185.191.171.18 - - [04/Oct/2022:22:39:11 -0700] "GET /robots.txt HTTP/1.1" 404 88 "-" "Mozilla/5.0 (compatible; SemrushBot/7~bl; +http://www.semrush.com/bot.html)" "www.ysfine.com"
185.191.171.7 - - [04/Oct/2022:22:39:12 -0700] "GET /houses/styhouses.html HTTP/1.1" 200 3534 "-" "Mozilla/5.0 (compatible; SemrushBot/7~bl; +http://www.semrush.com/bot.html)" "www.ysfine.com"
40.77.167.27 - - [04/Oct/2022:22:39:37 -0700] "GET /world/germany/tumap11b.jpg HTTP/1.1" 200 609155 "-" "Mozilla/5.0 (compatible; bingbot/2.0; +http://www.bing.com/bingbot.htm)" "ysfine.com"
207.46.13.102 - - [04/Oct/2022:22:39:45 -0700] "GET /dongio/fromania01b.jpg HTTP/1.1" 404 88 "-" "Mozilla/5.0 (compatible; bingbot/2.0; +http://www.bing.com/bingbot.htm)" "ysfine.com"
207.46.13.102 - - [04/Oct/2022:22:40:56 -0700] "GET /wdc/gtown32b.jpg HTTP/1.1" 200 49261 "-" "Mozilla/5.0 (compatible; bingbot/2.0; +http://www.bing.com/bingbot.htm)" "www.ysfine.com"
118.221.28.142 - - [04/Oct/2022:22:41:08 -0700] "GET /wisdom/bigpower01.jpg HTTP/1.1" 200 77902 "https://www.google.co.kr/" "Mozilla/5.0 (Linux; Android 12; SAMSUNG SM-G973N) AppleWebKit/537.36 (KHTML, like Gecko) SamsungBrowser/18.0 Chrome/99.0.4844.88 Mobile Safari/537.36" "ysfine.com"
40.77.167.27 - - [04/Oct/2022:22:41:47 -0700] "GET /world/russ/bolshoi22.jpg HTTP/1.1" 200 109431 "-" "Mozilla/5.0 AppleWebKit/537.36 (KHTML, like Gecko; compatible; bingbot/2.0; +http://www.bing.com/bingbot.htm) Chrome/103.0.5060.134 Safari/537.36" "www.ysfine.com"
185.191.171.7 - - [04/Oct/2022:22:41:55 -0700] "GET /robots.txt HTTP/1.1" 404 88 "-" "Mozilla/5.0 (compatible; SemrushBot/7~bl; +http://www.semrush.com/bot.html)" "ysfine.com"
185.191.171.40 - - [04/Oct/2022:22:41:56 -0700] "GET /class54/class5470/total_data/sub_8172.htm HTTP/1.1" 200 3510 "-" "Mozilla/5.0 (compatible; SemrushBot/7~bl; +http://www.semrush.com/bot.html)" "ysfine.com"
157.55.39.128 - - [04/Oct/2022:22:42:43 -0700] "GET /world/hungary/liszt04.jpg HTTP/1.1" 200 168754 "-" "Mozilla/5.0 (compatible; bingbot/2.0; +http://www.bing.com/bingbot.htm)" "ysfine.com"
40.77.167.27 - - [04/Oct/2022:22:42:48 -0700] "GET /world/poland/krk27.jpg HTTP/1.1" 200 49430 "-" "Mozilla/5.0 (compatible; bingbot/2.0; +http://www.bing.com/bingbot.htm)" "ysfine.com"
77.88.5.245 - - [04/Oct/2022:22:43:05 -0700] "GET /sbk/index.html HTTP/1.1" 200 198 "-" "Mozilla/5.0 (compatible; YandexBot/3.0; +http://yandex.com/bots)" "www.ysfine.com"
157.55.39.128 - - [04/Oct/2022:22:43:25 -0700] "GET /saram/d041.jpg HTTP/1.1" 200 69968 "-" "Mozilla/5.0 (compatible; bingbot/2.0; +http://www.bing.com/bingbot.htm)" "www.ysfine.com"
114.119.128.14 - - [04/Oct/2022:22:43:33 -0700] "GET /ffriends/index.html HTTP/1.1" 200 151 "-" "Mozilla/5.0 (Linux; Android 7.0;) AppleWebKit/537.36 (KHTML, like Gecko) Mobile Safari/537.36 (compatible; PetalBot;+https://webmaster.petalsearch.com/site/petalbot)" "ysfine.com"
157.55.39.58 - - [04/Oct/2022:22:44:31 -0700] "GET /kobak/father.jpg HTTP/1.1" 200 75154 "-" "Mozilla/5.0 (compatible; bingbot/2.0; +http://www.bing.com/bingbot.htm)" "ysfine.com"
157.55.39.127 - - [04/Oct/2022:22:44:51 -0700] "GET / HTTP/1.1" 200 5283 "-" "Mozilla/5.0 (compatible; bingbot/2.0; +http://www.bing.com/bingbot.htm)" "www.ysfine.com"
185.191.171.26 - - [04/Oct/2022:22:45:15 -0700] "GET /class54/class5470/total_data/sub_307.htm HTTP/1.1" 200 3332 "-" "Mozilla/5.0 (compatible; SemrushBot/7~bl; +http://www.semrush.com/bot.html)" "www.ysfine.com"
185.191.171.6 - - [04/Oct/2022:22:46:36 -0700] "GET /class54/class5470/total_data/sub_140.htm HTTP/1.1" 200 3289 "-" "Mozilla/5.0 (compatible; SemrushBot/7~bl; +http://www.semrush.com/bot.html)" "ysfine.com"
170.84.9.174 - - [04/Oct/2022:22:46:40 -0700] "GET /world/brit/eton02.jpg HTTP/1.1" 200 87821 "https://www.google.com/" "Mozilla/5.0 (Linux; Android 12; SM-T970 Build/SP2A.220305.013; wv) AppleWebKit/537.36 (KHTML, like Gecko) Version/4.0 Chrome/105.0.5195.136 Safari/537.36 GoogleApp/13.38.11.26.arm64" "ysfine.com"
207.46.13.102 - - [04/Oct/2022:22:46:47 -0700] "GET /world/china/nanjing33b.jpg HTTP/1.1" 200 49824 "-" "Mozilla/5.0 (compatible; bingbot/2.0; +http://www.bing.com/bingbot.htm)" "ysfine.com"
17.121.113.187 - - [04/Oct/2022:22:49:02 -0700] "GET /dirac/wigsis.html HTTP/1.1" 200 10275 "-" "Mozilla/5.0 (Macintosh; Intel Mac OS X 10_15_5) AppleWebKit/605.1.15 (KHTML, like Gecko) Version/13.1.1 Safari/605.1.15 (Applebot/0.1; +http://www.apple.com/go/applebot)" "ysfine.com"
114.119.128.162 - - [04/Oct/2022:22:49:36 -0700] "GET /world/lithuw.html HTTP/1.1" 404 88 "-" "Mozilla/5.0 (Linux; Android 7.0;) AppleWebKit/537.36 (KHTML, like Gecko) Mobile Safari/537.36 (compatible; PetalBot;+https://webmaster.petalsearch.com/site/petalbot)" "ysfine.com"
47.94.243.250 - - [04/Oct/2022:22:49:59 -0700] "GET /feynman/feynman.jpg HTTP/1.1" 200 40536 "-" "Mozilla/5.0 (Macintosh; Intel Mac OS X 10_15_7) AppleWebKit/537.36 (KHTML, like Gecko) Chrome/105.0.0.0 Safari/537.36" "ysfine.com"
191.96.106.174 - - [04/Oct/2022:22:50:50 -0700] "GET /confer/other.html HTTP/1.1" 404 88 "http://ysfine.com" "Mozilla/5.0 (Windows NT 10.0; Win64; x64) AppleWebKit/537.36 (KHTML, like Gecko) Chrome/62.0.3202.94 Safari/537.36" "ysfine.com"
191.96.106.174 - - [04/Oct/2022:22:50:51 -0700] "GET /confer/other.html HTTP/1.1" 404 88 "http://ysfine.com" "Mozilla/5.0 (Windows NT 10.0; Win64; x64) AppleWebKit/537.36 (KHTML, like Gecko) Chrome/62.0.3202.94 Safari/537.36" "ysfine.com"
191.96.106.174 - - [04/Oct/2022:22:50:53 -0700] "GET /confer/other.html HTTP/1.1" 404 88 "http://ysfine.com" "Mozilla/5.0 (Windows NT 10.0; Win64; x64) AppleWebKit/537.36 (KHTML, like Gecko) Chrome/62.0.3202.94 Safari/537.36" "ysfine.com"
191.96.106.174 - - [04/Oct/2022:22:50:54 -0700] "GET /confer/other.html HTTP/1.1" 404 88 "http://ysfine.com" "Mozilla/5.0 (Windows NT 10.0; Win64; x64) AppleWebKit/537.36 (KHTML, like Gecko) Chrome/62.0.3202.94 Safari/537.36" "ysfine.com"
185.191.171.15 - - [04/Oct/2022:22:51:01 -0700] "GET /class54/class5470/total_data/sub_297.htm HTTP/1.1" 200 3386 "-" "Mozilla/5.0 (compatible; SemrushBot/7~bl; +http://www.semrush.com/bot.html)" "ysfine.com"
157.55.39.58 - - [04/Oct/2022:22:51:02 -0700] "GET /wdc/koreaw11.jpg HTTP/1.1" 200 81220 "-" "Mozilla/5.0 (compatible; bingbot/2.0; +http://www.bing.com/bingbot.htm)" "ysfine.com"
95.163.255.61 - - [04/Oct/2022:22:51:22 -0700] "GET /robots.txt HTTP/1.1" 404 73 "-" "Mozilla/5.0 (compatible; Linux x86_64; Mail.RU_Bot/Img/2.0; +https://help.mail.ru/webmaster/indexing/robots)" "ysfine.com"
157.55.39.55 - - [04/Oct/2022:22:51:46 -0700] "GET /saram/d017.jpg HTTP/1.1" 200 77986 "-" "Mozilla/5.0 AppleWebKit/537.36 (KHTML, like Gecko; compatible; bingbot/2.0; +http://www.bing.com/bingbot.htm) Chrome/103.0.5060.134 Safari/537.36" "www.ysfine.com"
207.46.13.102 - - [04/Oct/2022:22:52:06 -0700] "GET /world/scandi/norw24.jpg HTTP/1.1" 200 97560 "-" "Mozilla/5.0 (compatible; bingbot/2.0; +http://www.bing.com/bingbot.htm)" "ysfine.com"
40.77.167.27 - - [04/Oct/2022:22:52:08 -0700] "GET /kobak/mskim06.jpg HTTP/1.1" 200 60654 "-" "Mozilla/5.0 AppleWebKit/537.36 (KHTML, like Gecko; compatible; bingbot/2.0; +http://www.bing.com/bingbot.htm) Chrome/103.0.5060.134 Safari/537.36" "www.ysfine.com"
157.55.39.58 - - [04/Oct/2022:22:52:11 -0700] "GET /ffriends/frchina01.jpg HTTP/1.1" 200 60517 "-" "Mozilla/5.0 (compatible; bingbot/2.0; +http://www.bing.com/bingbot.htm)" "ysfine.com"
114.119.128.162 - - [04/Oct/2022:22:52:52 -0700] "GET /wisdom/kowar31.html HTTP/1.1" 404 88 "-" "Mozilla/5.0 (Linux; Android 7.0;) AppleWebKit/537.36 (KHTML, like Gecko) Mobile Safari/537.36 (compatible; PetalBot;+https://webmaster.petalsearch.com/site/petalbot)" "ysfine.com"
44.228.64.221 - - [04/Oct/2022:22:53:03 -0700] "HEAD /world/feynrio.html HTTP/1.1" 200 - "-" "python-requests/2.22.0" "ysfine.com"
44.228.64.221 - - [04/Oct/2022:22:53:03 -0700] "GET /world/feynrio.html HTTP/1.1" 200 8831 "-" "python-requests/2.22.0" "ysfine.com"
157.55.39.58 - - [04/Oct/2022:22:53:21 -0700] "GET /wigner/isomor66c.jpg HTTP/1.1" 200 47632 "-" "Mozilla/5.0 (compatible; bingbot/2.0; +http://www.bing.com/bingbot.htm)" "ysfine.com"
114.119.128.158 - - [04/Oct/2022:22:54:29 -0700] "GET /usca/pitt/zunggul.pdf HTTP/1.1" 404 88 "-" "Mozilla/5.0 (Linux; Android 7.0;) AppleWebKit/537.36 (KHTML, like Gecko) Mobile Safari/537.36 (compatible; PetalBot;+https://webmaster.petalsearch.com/site/petalbot)" "ysfine.com"
157.55.39.58 - - [04/Oct/2022:22:54:53 -0700] "GET /world/russ/minsk124.jpg HTTP/1.1" 200 59831 "-" "Mozilla/5.0 (compatible; bingbot/2.0; +http://www.bing.com/bingbot.htm)" "ysfine.com"
212.114.20.125 - - [04/Oct/2022:22:54:53 -0700] "GET /world/china/hangz02.jpg HTTP/1.1" 200 85046 "https://www.bing.com/" "Mozilla/5.0 (Windows NT 10.0; Win64; x64) AppleWebKit/537.36 (KHTML, like Gecko) Chrome/105.0.0.0 Safari/537.36 Edg/105.0.1343.53" "www.ysfine.com"
157.55.39.128 - - [04/Oct/2022:22:56:05 -0700] "GET /einstein/places/einha02b.jpg HTTP/1.1" 200 35565 "-" "Mozilla/5.0 (compatible; bingbot/2.0; +http://www.bing.com/bingbot.htm)" "ysfine.com"
40.77.167.27 - - [04/Oct/2022:22:56:19 -0700] "GET /world/germany/tubw10.jpg HTTP/1.1" 200 113690 "-" "Mozilla/5.0 (compatible; bingbot/2.0; +http://www.bing.com/bingbot.htm)" "www.ysfine.com"
119.94.245.101 - - [04/Oct/2022:22:56:27 -0700] "GET /kowar/panmun04.jpg HTTP/1.1" 200 126386 "https://www.google.com/" "Mozilla/5.0 (Windows NT 10.0; Win64; x64) AppleWebKit/537.36 (KHTML, like Gecko) Chrome/105.0.0.0 Safari/537.36" "ysfine.com"
93.158.161.40 - - [04/Oct/2022:22:56:42 -0700] "GET /home/dwf33.html HTTP/1.1" 200 7188 "-" "Mozilla/5.0 (compatible; YandexBot/3.0; +http://yandex.com/bots)" "www.ysfine.com"
157.55.39.127 - - [04/Oct/2022:22:56:52 -0700] "GET /world/russ/minskf32.jpg HTTP/1.1" 200 196773 "-" "Mozilla/5.0 (compatible; bingbot/2.0; +http://www.bing.com/bingbot.htm)" "ysfine.com"
111.68.113.205 - - [04/Oct/2022:22:57:47 -0700] "HEAD /princeton/gcollege22.jpg HTTP/1.1" 200 - "http://www.grosirtutorial.com" "Mozilla/5.0 (Windows NT 10.0; Win64; x64) AppleWebKit/537.36 (KHTML, like Gecko) Chrome/70.0.3538.102 Safari/537.36" "ysfine.com"
49.37.235.82 - - [04/Oct/2022:22:58:03 -0700] "GET /kowar/panmun04.jpg HTTP/1.1" 200 126386 "https://www.google.com/" "Mozilla/5.0 (Linux; Android 11; SM-T510 Build/RP1A.200720.012; wv) AppleWebKit/537.36 (KHTML, like Gecko) Version/4.0 Chrome/105.0.5195.136 Safari/537.36 GoogleApp/13.38.11.26.arm" "ysfine.com"
92.75.71.119 - - [04/Oct/2022:22:58:59 -0700] "GET /wigner/wigner39.pdf HTTP/1.1" 200 1398440 "https://www.google.com/" "Mozilla/5.0 (Macintosh; Intel Mac OS X 10_13_6) AppleWebKit/605.1.15 (KHTML, like Gecko) Version/13.1.2 Safari/605.1.15" "ysfine.com"
92.75.71.119 - - [04/Oct/2022:22:59:06 -0700] "GET /favicon.ico HTTP/1.1" 404 88 "https://ysfine.com/wigner/wigner39.pdf" "Mozilla/5.0 (Macintosh; Intel Mac OS X 10_13_6) AppleWebKit/605.1.15 (KHTML, like Gecko) Version/13.1.2 Safari/605.1.15" "ysfine.com"
157.55.39.55 - - [04/Oct/2022:22:59:57 -0700] "GET /world/baltic/tallin12.jpg HTTP/1.1" 200 187661 "-" "Mozilla/5.0 (compatible; bingbot/2.0; +http://www.bing.com/bingbot.htm)" "ysfine.com"
173.252.83.8 - - [04/Oct/2022:23:01:46 -0700] "GET /awards/fortune22a.jpg HTTP/1.1" 200 158845 "-" "facebookexternalhit/1.1 (+http://www.facebook.com/externalhit_uatext.php)" "ysfine.com"
118.107.141.62 - - [04/Oct/2022:23:01:58 -0700] "GET /wigner/neupol.html HTTP/1.1" 200 1742 "https://www.google.com/" "Mozilla/5.0 (Linux; Android 9; CPH1923) AppleWebKit/537.36 (KHTML, like Gecko) Chrome/101.0.0.0 Mobile Safari/537.36" "ysfine.com"
118.107.141.62 - - [04/Oct/2022:23:02:00 -0700] "GET /wigner/neupol01b.jpg HTTP/1.1" 200 30797 "https://ysfine.com/wigner/neupol.html" "Mozilla/5.0 (Linux; Android 9; CPH1923) AppleWebKit/537.36 (KHTML, like Gecko) Chrome/101.0.0.0 Mobile Safari/537.36" "ysfine.com"
118.107.141.62 - - [04/Oct/2022:23:02:00 -0700] "GET /wigner/hk88b.jpg HTTP/1.1" 200 41438 "https://ysfine.com/wigner/neupol.html" "Mozilla/5.0 (Linux; Android 9; CPH1923) AppleWebKit/537.36 (KHTML, like Gecko) Chrome/101.0.0.0 Mobile Safari/537.36" "ysfine.com"
118.107.141.62 - - [04/Oct/2022:23:02:04 -0700] "GET /favicon.ico HTTP/1.1" 404 88 "https://ysfine.com/wigner/neupol.html" "Mozilla/5.0 (Linux; Android 9; CPH1923) AppleWebKit/537.36 (KHTML, like Gecko) Chrome/101.0.0.0 Mobile Safari/537.36" "ysfine.com"
118.107.141.62 - - [04/Oct/2022:23:02:06 -0700] "GET /wigner/hk88b.jpg HTTP/1.1" 200 41438 "-" "Mozilla/5.0 (Linux; Android 9; CPH1923) AppleWebKit/537.36 (KHTML, like Gecko) Chrome/101.0.0.0 Mobile Safari/537.36" "ysfine.com"
118.107.141.62 - - [04/Oct/2022:23:02:06 -0700] "GET /wigner/neupol01b.jpg HTTP/1.1" 200 30797 "-" "Mozilla/5.0 (Linux; Android 9; CPH1923) AppleWebKit/537.36 (KHTML, like Gecko) Chrome/101.0.0.0 Mobile Safari/537.36" "ysfine.com"
95.163.255.81 - - [04/Oct/2022:23:02:32 -0700] "GET /world/baltic/tallin96c.jpg HTTP/1.1" 200 32765 "http://go.mail.ru/search_images" "Mozilla/5.0 (compatible; Linux x86_64; Mail.RU_Bot/Img/2.0; +https://help.mail.ru/webmaster/indexing/robots)" "ysfine.com"
114.119.128.142 - - [04/Oct/2022:23:03:40 -0700] "GET /home/awards/index.html HTTP/1.1" 404 88 "-" "Mozilla/5.0 (Linux; Android 7.0;) AppleWebKit/537.36 (KHTML, like Gecko) Mobile Safari/537.36 (compatible; PetalBot;+https://webmaster.petalsearch.com/site/petalbot)" "ysfine.com"
93.158.161.40 - - [04/Oct/2022:23:03:47 -0700] "GET /heisen/einheisen22.html HTTP/1.1" 200 4707 "-" "Mozilla/5.0 (compatible; YandexBot/3.0; +http://yandex.com/bots)" "www.ysfine.com"
207.46.13.102 - - [04/Oct/2022:23:04:39 -0700] "GET /world/germany/mucf27.jpg HTTP/1.1" 200 114997 "-" "Mozilla/5.0 AppleWebKit/537.36 (KHTML, like Gecko; compatible; bingbot/2.0; +http://www.bing.com/bingbot.htm) Chrome/103.0.5060.134 Safari/537.36" "ysfine.com"
73.10.187.210 - - [04/Oct/2022:23:07:03 -0700] "GET /princeton/annex11b.jpg HTTP/1.1" 200 39639 "https://www.google.com/" "Mozilla/5.0 (iPhone; CPU iPhone OS 16_0 like Mac OS X) AppleWebKit/605.1.15 (KHTML, like Gecko) Version/16.0 Mobile/15E148 Safari/604.1" "ysfine.com"
66.102.8.49 - - [04/Oct/2022:23:07:41 -0700] "GET /maga/invent/popov02.jpg HTTP/1.1" 200 148886 "-" "Mozilla/5.0 (Windows NT 5.1; rv:11.0) Gecko Firefox/11.0 (via ggpht.com GoogleImageProxy)" "ysfine.com"
157.48.229.36 - - [04/Oct/2022:23:09:02 -0700] "GET /feynman/page44.jpg HTTP/1.1" 200 106223 "https://www.google.com/" "Mozilla/5.0 (Linux; Android 11; RMX2027 Build/RP1A.200720.011; wv) AppleWebKit/537.36 (KHTML, like Gecko) Version/4.0 Chrome/103.0.5060.129 Mobile Safari/537.36 GoogleApp/13.25.7.26.arm64" "ysfine.com"
157.48.229.36 - - [04/Oct/2022:23:09:06 -0700] "GET /feynman/page11.jpg HTTP/1.1" 200 39160 "https://www.google.com/" "Mozilla/5.0 (Linux; Android 11; RMX2027 Build/RP1A.200720.011; wv) AppleWebKit/537.36 (KHTML, like Gecko) Version/4.0 Chrome/103.0.5060.129 Mobile Safari/537.36 GoogleApp/13.25.7.26.arm64" "ysfine.com"
157.55.39.128 - - [04/Oct/2022:23:09:07 -0700] "GET /eink/church06.jpg HTTP/1.1" 200 175170 "-" "Mozilla/5.0 (compatible; bingbot/2.0; +http://www.bing.com/bingbot.htm)" "ysfine.com"
157.55.39.55 - - [04/Oct/2022:23:09:47 -0700] "GET /world/scandi/sto023.jpg HTTP/1.1" 200 98250 "-" "Mozilla/5.0 (compatible; bingbot/2.0; +http://www.bing.com/bingbot.htm)" "ysfine.com"
157.48.229.36 - - [04/Oct/2022:23:10:10 -0700] "GET /feynman/feyprince.jpg HTTP/1.1" 200 62002 "https://www.google.com/" "Mozilla/5.0 (Linux; Android 11; RMX2027 Build/RP1A.200720.011; wv) AppleWebKit/537.36 (KHTML, like Gecko) Version/4.0 Chrome/103.0.5060.129 Mobile Safari/537.36 GoogleApp/13.25.7.26.arm64" "ysfine.com"
85.5.121.149 - - [04/Oct/2022:23:10:37 -0700] "GET /kowar/kowar001.jpg HTTP/1.1" 200 240938 "https://www.google.de/" "Mozilla/5.0 (Macintosh; Intel Mac OS X 10_12_6) AppleWebKit/605.1.15 (KHTML, like Gecko) Version/12.1.2 Safari/605.1.15" "ysfine.com"
85.5.121.149 - - [04/Oct/2022:23:10:43 -0700] "GET /kowar/index.html HTTP/1.1" 200 135 "https://www.google.de/" "Mozilla/5.0 (Macintosh; Intel Mac OS X 10_12_6) AppleWebKit/605.1.15 (KHTML, like Gecko) Version/12.1.2 Safari/605.1.15" "ysfine.com"
85.5.121.149 - - [04/Oct/2022:23:10:43 -0700] "GET /kowar/warbot.html HTTP/1.1" 200 127 "https://ysfine.com/kowar/index.html" "Mozilla/5.0 (Macintosh; Intel Mac OS X 10_12_6) AppleWebKit/605.1.15 (KHTML, like Gecko) Version/12.1.2 Safari/605.1.15" "ysfine.com"
85.5.121.149 - - [04/Oct/2022:23:10:43 -0700] "GET /kowar/wartop.html HTTP/1.1" 200 443 "https://ysfine.com/kowar/index.html" "Mozilla/5.0 (Macintosh; Intel Mac OS X 10_12_6) AppleWebKit/605.1.15 (KHTML, like Gecko) Version/12.1.2 Safari/605.1.15" "ysfine.com"
85.5.121.149 - - [04/Oct/2022:23:10:43 -0700] "GET /kowar/war00left.html HTTP/1.1" 200 397 "https://ysfine.com/kowar/warbot.html" "Mozilla/5.0 (Macintosh; Intel Mac OS X 10_12_6) AppleWebKit/605.1.15 (KHTML, like Gecko) Version/12.1.2 Safari/605.1.15" "ysfine.com"
85.5.121.149 - - [04/Oct/2022:23:10:43 -0700] "GET /kowar/war00.html HTTP/1.1" 200 4851 "https://ysfine.com/kowar/warbot.html" "Mozilla/5.0 (Macintosh; Intel Mac OS X 10_12_6) AppleWebKit/605.1.15 (KHTML, like Gecko) Version/12.1.2 Safari/605.1.15" "ysfine.com"
85.5.121.149 - - [04/Oct/2022:23:10:43 -0700] "GET /kowar/kowar001b.jpg HTTP/1.1" 200 80152 "https://ysfine.com/kowar/war00.html" "Mozilla/5.0 (Macintosh; Intel Mac OS X 10_12_6) AppleWebKit/605.1.15 (KHTML, like Gecko) Version/12.1.2 Safari/605.1.15" "ysfine.com"
85.5.121.149 - - [04/Oct/2022:23:10:43 -0700] "GET /kowar/tanks/tank03b.jpg HTTP/1.1" 200 42892 "https://ysfine.com/kowar/war00.html" "Mozilla/5.0 (Macintosh; Intel Mac OS X 10_12_6) AppleWebKit/605.1.15 (KHTML, like Gecko) Version/12.1.2 Safari/605.1.15" "ysfine.com"
85.5.121.149 - - [04/Oct/2022:23:10:43 -0700] "GET /kowar/mac01b.jpg HTTP/1.1" 200 45952 "https://ysfine.com/kowar/war00.html" "Mozilla/5.0 (Macintosh; Intel Mac OS X 10_12_6) AppleWebKit/605.1.15 (KHTML, like Gecko) Version/12.1.2 Safari/605.1.15" "ysfine.com"
85.5.121.149 - - [04/Oct/2022:23:10:43 -0700] "GET /kowar/gi002b.jpg HTTP/1.1" 200 42820 "https://ysfine.com/kowar/war00.html" "Mozilla/5.0 (Macintosh; Intel Mac OS X 10_12_6) AppleWebKit/605.1.15 (KHTML, like Gecko) Version/12.1.2 Safari/605.1.15" "ysfine.com"
85.5.121.149 - - [04/Oct/2022:23:10:43 -0700] "GET /kowar/panmun03b.jpg HTTP/1.1" 200 50667 "https://ysfine.com/kowar/war00.html" "Mozilla/5.0 (Macintosh; Intel Mac OS X 10_12_6) AppleWebKit/605.1.15 (KHTML, like Gecko) Version/12.1.2 Safari/605.1.15" "ysfine.com"
85.5.121.149 - - [04/Oct/2022:23:10:43 -0700] "GET /kowar/panmun04b.jpg HTTP/1.1" 200 49952 "https://ysfine.com/kowar/war00.html" "Mozilla/5.0 (Macintosh; Intel Mac OS X 10_12_6) AppleWebKit/605.1.15 (KHTML, like Gecko) Version/12.1.2 Safari/605.1.15" "ysfine.com"
