95.163.255.80 - - [05/Oct/2022:16:21:37 -0700] "GET /usca/pitt/carnlibra03.jpg HTTP/1.1" 200 168827 "http://go.mail.ru/search_images" "Mozilla/5.0 (compatible; Linux x86_64; Mail.RU_Bot/Img/2.0; +https://help.mail.ru/webmaster/indexing/robots)" "ysfine.com"
114.119.128.142 - - [05/Oct/2022:16:22:49 -0700] "GET /class54/class5470/total_data/photo_img/7-40.jpg HTTP/1.1" 200 203181 "https://ysfine.com/class54/class5470/total_data/sub_740.htm" "Mozilla/5.0 (Linux; Android 7.0;) AppleWebKit/537.36 (KHTML, like Gecko) Mobile Safari/537.36 (compatible; PetalBot;+https://webmaster.petalsearch.com/site/petalbot)" "ysfine.com"
216.244.66.229 - - [05/Oct/2022:16:23:21 -0700] "GET /robots.txt HTTP/1.1" 404 73 "-" "Mozilla/5.0 (compatible; DotBot/1.2; +https://opensiteexplorer.org/dotbot; help@moz.com)" "www.ysfine.com"
157.55.39.58 - - [05/Oct/2022:16:23:46 -0700] "GET /dirac/dirac.jpg HTTP/1.1" 200 94245 "-" "Mozilla/5.0 AppleWebKit/537.36 (KHTML, like Gecko; compatible; bingbot/2.0; +http://www.bing.com/bingbot.htm) Chrome/103.0.5060.134 Safari/537.36" "ysfine.com"
3.84.24.248 - - [05/Oct/2022:16:24:14 -0700] "GET /explore HTTP/1.1" 404 88 "-" "Lynx/2.8.7dev.4 libwww-FM/2.14 SSL-MM/1.4.1 OpenSSL/0.9.8d" "ysfine.com"
147.222.35.100 - - [05/Oct/2022:16:24:49 -0700] "GET /feynman/feyheg11.jpg HTTP/1.1" 200 185393 "https://images.search.yahoo.com/search/images;_ylt=Awr91lwhEj5jt8oEwwlXNyoA;_ylu=Y29sbwNncTEEcG9zAzEEdnRpZANMT0NVSTA1M0NfMQRzZWMDcGl2cw--?p=young+hegel&fr2=piv-web&fr=yfp-t" "Mozilla/5.0 (Windows NT 10.0; Win64; x64) AppleWebKit/537.36 (KHTML, like Gecko) Chrome/106.0.0.0 Safari/537.36 Edg/106.0.1370.34" "www.ysfine.com"
20.0.215.90 - - [05/Oct/2022:16:25:15 -0700] "GET / HTTP/1.1" 200 5283 "http://ysfine.com" "Mozilla/5.0 (Macintosh; Intel Mac OS X 12.5; rv:102.0) Gecko/20100101 Firefox/102.0" "ysfine.com"
216.244.66.229 - - [05/Oct/2022:16:25:37 -0700] "GET /feynman/partons.html HTTP/1.1" 200 17203 "-" "Mozilla/5.0 (compatible; DotBot/1.2; +https://opensiteexplorer.org/dotbot; help@moz.com)" "www.ysfine.com"
216.244.66.229 - - [05/Oct/2022:16:25:43 -0700] "GET /philo/hegel.html HTTP/1.1" 200 14256 "-" "Mozilla/5.0 (compatible; DotBot/1.2; +https://opensiteexplorer.org/dotbot; help@moz.com)" "www.ysfine.com"
73.47.27.133 - - [05/Oct/2022:16:25:46 -0700] "GET /princeton/alexan22.jpg HTTP/1.1" 200 175436 "https://www.google.com/" "Mozilla/5.0 (iPhone; CPU iPhone OS 15_6_1 like Mac OS X) AppleWebKit/605.1.15 (KHTML, like Gecko) GSA/231.0.475926209 Mobile/19G82 Safari/604.1" "ysfine.com"
93.158.161.40 - - [05/Oct/2022:16:25:50 -0700] "GET /robots.txt HTTP/1.1" 404 73 "-" "Mozilla/5.0 (compatible; YandexBot/3.0; +http://yandex.com/bots)" "www.ysfine.com"
77.88.5.126 - - [05/Oct/2022:16:25:54 -0700] "GET /beau/kmc.html HTTP/1.1" 404 88 "-" "Mozilla/5.0 (compatible; YandexBot/3.0; +http://yandex.com/bots)" "www.ysfine.com"
40.77.167.27 - - [05/Oct/2022:16:26:10 -0700] "GET /princeton/compu22.jpg HTTP/1.1" 200 168374 "-" "Mozilla/5.0 (compatible; bingbot/2.0; +http://www.bing.com/bingbot.htm)" "ysfine.com"
95.217.134.156 - - [05/Oct/2022:16:26:12 -0700] "GET /robots.txt HTTP/1.1" 404 73 "-" "Mozilla/5.0 (Windows NT 10.0; rv:55.0) Gecko/20100101 Firefox/55.0" "ysfine.com"
157.55.39.58 - - [05/Oct/2022:16:26:36 -0700] "GET /world/france/picassomp06.jpg HTTP/1.1" 200 119124 "-" "Mozilla/5.0 (compatible; bingbot/2.0; +http://www.bing.com/bingbot.htm)" "ysfine.com"
157.55.39.58 - - [05/Oct/2022:16:27:37 -0700] "GET /wdc/lafpark03.jpg HTTP/1.1" 200 124804 "-" "Mozilla/5.0 (compatible; bingbot/2.0; +http://www.bing.com/bingbot.htm)" "www.ysfine.com"
157.55.39.127 - - [05/Oct/2022:16:28:56 -0700] "GET /world/scandi/norw08b.jpg HTTP/1.1" 200 57238 "-" "Mozilla/5.0 AppleWebKit/537.36 (KHTML, like Gecko; compatible; bingbot/2.0; +http://www.bing.com/bingbot.htm) Chrome/103.0.5060.134 Safari/537.36" "ysfine.com"
157.55.39.55 - - [05/Oct/2022:16:29:25 -0700] "GET /dongio/amkor/kostu03.jpg HTTP/1.1" 404 88 "-" "Mozilla/5.0 (compatible; bingbot/2.0; +http://www.bing.com/bingbot.htm)" "ysfine.com"
114.119.128.142 - - [05/Oct/2022:16:31:32 -0700] "GET /sbk/1989ogun11c.jpg HTTP/1.1" 200 47447 "https://ysfine.com/sbk/1950.html" "Mozilla/5.0 (Linux; Android 7.0;) AppleWebKit/537.36 (KHTML, like Gecko) Mobile Safari/537.36 (compatible; PetalBot;+https://webmaster.petalsearch.com/site/petalbot)" "ysfine.com"
157.55.39.58 - - [05/Oct/2022:16:32:07 -0700] "GET /world/russ/redsq50.jpg HTTP/1.1" 200 97893 "-" "Mozilla/5.0 (compatible; bingbot/2.0; +http://www.bing.com/bingbot.htm)" "ysfine.com"
99.16.89.129 - - [05/Oct/2022:16:34:30 -0700] "GET /favicon.ico HTTP/1.1" 404 88 "-" "Mozilla/5.0 (Macintosh; Intel Mac OS X 10_11_1) AppleWebKit/601.2.4 (KHTML, like Gecko) Version/9.0.1 Safari/601.2.4 facebookexternalhit/1.1 Facebot Twitterbot/1.0" "ysfine.com"
99.16.89.129 - - [05/Oct/2022:16:34:30 -0700] "GET /apple-touch-icon-precomposed.png HTTP/1.1" 404 88 "-" "Mozilla/5.0 (Macintosh; Intel Mac OS X 10_11_1) AppleWebKit/601.2.4 (KHTML, like Gecko) Version/9.0.1 Safari/601.2.4 facebookexternalhit/1.1 Facebot Twitterbot/1.0" "ysfine.com"
99.16.89.129 - - [05/Oct/2022:16:34:30 -0700] "GET /apple-touch-icon.png HTTP/1.1" 404 88 "-" "Mozilla/5.0 (Macintosh; Intel Mac OS X 10_11_1) AppleWebKit/601.2.4 (KHTML, like Gecko) Version/9.0.1 Safari/601.2.4 facebookexternalhit/1.1 Facebot Twitterbot/1.0" "ysfine.com"
99.16.89.129 - - [05/Oct/2022:16:34:30 -0700] "GET /usca/pgh22.html HTTP/1.1" 200 11391 "-" "Mozilla/5.0 (Macintosh; Intel Mac OS X 10_11_1) AppleWebKit/601.2.4 (KHTML, like Gecko) Version/9.0.1 Safari/601.2.4 facebookexternalhit/1.1 Facebot Twitterbot/1.0" "ysfine.com"
99.16.89.129 - - [05/Oct/2022:16:34:30 -0700] "GET /apple-touch-icon.png HTTP/1.1" 404 88 "-" "Mozilla/5.0 (Macintosh; Intel Mac OS X 10_11_1) AppleWebKit/601.2.4 (KHTML, like Gecko) Version/9.0.1 Safari/601.2.4 facebookexternalhit/1.1 Facebot Twitterbot/1.0" "ysfine.com"
99.16.89.129 - - [05/Oct/2022:16:34:30 -0700] "GET /apple-touch-icon-precomposed.png HTTP/1.1" 404 88 "-" "Mozilla/5.0 (Macintosh; Intel Mac OS X 10_11_1) AppleWebKit/601.2.4 (KHTML, like Gecko) Version/9.0.1 Safari/601.2.4 facebookexternalhit/1.1 Facebot Twitterbot/1.0" "ysfine.com"
99.16.89.129 - - [05/Oct/2022:16:34:30 -0700] "GET /favicon.ico HTTP/1.1" 404 88 "-" "Mozilla/5.0 (Macintosh; Intel Mac OS X 10_11_1) AppleWebKit/601.2.4 (KHTML, like Gecko) Version/9.0.1 Safari/601.2.4 facebookexternalhit/1.1 Facebot Twitterbot/1.0" "ysfine.com"
99.16.89.129 - - [05/Oct/2022:16:34:30 -0700] "GET /usca/pgh22.html HTTP/1.1" 200 11391 "-" "Mozilla/5.0 (Macintosh; Intel Mac OS X 10_11_1) AppleWebKit/601.2.4 (KHTML, like Gecko) Version/9.0.1 Safari/601.2.4 facebookexternalhit/1.1 Facebot Twitterbot/1.0" "ysfine.com"
99.16.89.129 - - [05/Oct/2022:16:34:31 -0700] "GET /favicon.ico HTTP/1.1" 404 88 "-" "Mozilla/5.0 (Macintosh; Intel Mac OS X 10_11_1) AppleWebKit/601.2.4 (KHTML, like Gecko) Version/9.0.1 Safari/601.2.4 facebookexternalhit/1.1 Facebot Twitterbot/1.0" "ysfine.com"
99.16.89.129 - - [05/Oct/2022:16:34:31 -0700] "GET /maga/tesla.html HTTP/1.1" 200 4852 "-" "Mozilla/5.0 (Macintosh; Intel Mac OS X 10_11_1) AppleWebKit/601.2.4 (KHTML, like Gecko) Version/9.0.1 Safari/601.2.4 facebookexternalhit/1.1 Facebot Twitterbot/1.0" "ysfine.com"
99.16.89.129 - - [05/Oct/2022:16:34:31 -0700] "GET /apple-touch-icon-precomposed.png HTTP/1.1" 404 88 "-" "Mozilla/5.0 (Macintosh; Intel Mac OS X 10_11_1) AppleWebKit/601.2.4 (KHTML, like Gecko) Version/9.0.1 Safari/601.2.4 facebookexternalhit/1.1 Facebot Twitterbot/1.0" "ysfine.com"
99.16.89.129 - - [05/Oct/2022:16:34:31 -0700] "GET /apple-touch-icon.png HTTP/1.1" 404 88 "-" "Mozilla/5.0 (Macintosh; Intel Mac OS X 10_11_1) AppleWebKit/601.2.4 (KHTML, like Gecko) Version/9.0.1 Safari/601.2.4 facebookexternalhit/1.1 Facebot Twitterbot/1.0" "ysfine.com"
99.16.89.129 - - [05/Oct/2022:16:34:31 -0700] "GET /apple-touch-icon-precomposed.png HTTP/1.1" 404 88 "-" "Mozilla/5.0 (Macintosh; Intel Mac OS X 10_11_1) AppleWebKit/601.2.4 (KHTML, like Gecko) Version/9.0.1 Safari/601.2.4 facebookexternalhit/1.1 Facebot Twitterbot/1.0" "ysfine.com"
99.16.89.129 - - [05/Oct/2022:16:34:31 -0700] "GET /apple-touch-icon.png HTTP/1.1" 404 88 "-" "Mozilla/5.0 (Macintosh; Intel Mac OS X 10_11_1) AppleWebKit/601.2.4 (KHTML, like Gecko) Version/9.0.1 Safari/601.2.4 facebookexternalhit/1.1 Facebot Twitterbot/1.0" "ysfine.com"
99.16.89.129 - - [05/Oct/2022:16:34:31 -0700] "GET /favicon.ico HTTP/1.1" 404 88 "-" "Mozilla/5.0 (Macintosh; Intel Mac OS X 10_11_1) AppleWebKit/601.2.4 (KHTML, like Gecko) Version/9.0.1 Safari/601.2.4 facebookexternalhit/1.1 Facebot Twitterbot/1.0" "ysfine.com"
99.16.89.129 - - [05/Oct/2022:16:34:31 -0700] "GET /maga/sarnoff.html HTTP/1.1" 200 7540 "-" "Mozilla/5.0 (Macintosh; Intel Mac OS X 10_11_1) AppleWebKit/601.2.4 (KHTML, like Gecko) Version/9.0.1 Safari/601.2.4 facebookexternalhit/1.1 Facebot Twitterbot/1.0" "ysfine.com"
157.55.39.55 - - [05/Oct/2022:16:34:57 -0700] "GET /world/russ/masha77.jpg HTTP/1.1" 200 86545 "-" "Mozilla/5.0 (compatible; bingbot/2.0; +http://www.bing.com/bingbot.htm)" "www.ysfine.com"
157.55.39.55 - - [05/Oct/2022:16:35:16 -0700] "GET /style/yamato2.jpg HTTP/1.1" 200 33922 "-" "Mozilla/5.0 AppleWebKit/537.36 (KHTML, like Gecko; compatible; bingbot/2.0; +http://www.bing.com/bingbot.htm) Chrome/103.0.5060.134 Safari/537.36" "ysfine.com"
207.46.13.102 - - [05/Oct/2022:16:36:09 -0700] "GET /usca/pitt/fortpitt03.jpg HTTP/1.1" 200 83489 "-" "Mozilla/5.0 (compatible; bingbot/2.0; +http://www.bing.com/bingbot.htm)" "www.ysfine.com"
184.161.42.217 - - [05/Oct/2022:16:36:44 -0700] "GET /wigner/neum/pvn05.jpg HTTP/1.1" 200 219501 "https://www.google.com/" "Mozilla/5.0 (Macintosh; Intel Mac OS X 10_15_7) AppleWebKit/537.36 (KHTML, like Gecko) Chrome/105.0.0.0 Safari/537.36" "ysfine.com"
76.119.156.78 - - [05/Oct/2022:16:37:25 -0700] "GET /einstein/bose2.gif HTTP/1.1" 200 43133 "https://www.google.com/" "Mozilla/5.0 (iPhone; CPU iPhone OS 15_6_1 like Mac OS X) AppleWebKit/605.1.15 (KHTML, like Gecko) Version/15.6.1 Mobile/15E148 Safari/604.1" "ysfine.com"
157.55.39.127 - - [05/Oct/2022:16:37:35 -0700] "GET /archives/class5470/total_data/refer_img/7-13_f.jpg HTTP/1.1" 404 88 "-" "Mozilla/5.0 (compatible; bingbot/2.0; +http://www.bing.com/bingbot.htm)" "www.ysfine.com"
73.95.237.219 - - [05/Oct/2022:16:37:55 -0700] "GET /princeton/alexan22.jpg HTTP/1.1" 200 175436 "https://www.google.com/" "Mozilla/5.0 (iPhone; CPU iPhone OS 15_6_1 like Mac OS X) AppleWebKit/605.1.15 (KHTML, like Gecko) Version/15.6.1 Mobile/15E148 Safari/604.1" "ysfine.com"
157.55.39.55 - - [05/Oct/2022:16:37:56 -0700] "GET /princeton/brooke87b.jpg HTTP/1.1" 200 55274 "-" "Mozilla/5.0 (compatible; bingbot/2.0; +http://www.bing.com/bingbot.htm)" "ysfine.com"
114.119.128.158 - - [05/Oct/2022:16:38:14 -0700] "GET /yspapers/bound22.pdf HTTP/1.1" 200 5587576 "https://www.semanticscholar.org/paper/ab9892da5ee47c29a9c25db41665a5d622644589" "Mozilla/5.0 (Linux; Android 7.0;) AppleWebKit/537.36 (KHTML, like Gecko) Mobile Safari/537.36 (compatible; PetalBot;+https://webmaster.petalsearch.com/site/petalbot)" "ysfine.com"
185.191.171.8 - - [05/Oct/2022:16:38:32 -0700] "GET /robots.txt HTTP/1.1" 404 88 "-" "Mozilla/5.0 (compatible; SemrushBot/7~bl; +http://www.semrush.com/bot.html)" "ysfine.com"
185.191.171.26 - - [05/Oct/2022:16:38:33 -0700] "GET /class54/class5470/total_data/sub_719.htm HTTP/1.1" 200 3294 "-" "Mozilla/5.0 (compatible; SemrushBot/7~bl; +http://www.semrush.com/bot.html)" "ysfine.com"
157.55.39.128 - - [05/Oct/2022:16:38:46 -0700] "GET /world/russ/basil08c.jpg HTTP/1.1" 200 40070 "-" "Mozilla/5.0 (compatible; bingbot/2.0; +http://www.bing.com/bingbot.htm)" "www.ysfine.com"
40.77.167.27 - - [05/Oct/2022:16:39:02 -0700] "GET /wdc/waskor001b.jpg HTTP/1.1" 200 38381 "-" "Mozilla/5.0 (compatible; bingbot/2.0; +http://www.bing.com/bingbot.htm)" "ysfine.com"
157.55.39.128 - - [05/Oct/2022:16:39:16 -0700] "GET /wdc/washmofw33.jpg HTTP/1.1" 200 92760 "-" "Mozilla/5.0 AppleWebKit/537.36 (KHTML, like Gecko; compatible; bingbot/2.0; +http://www.bing.com/bingbot.htm) Chrome/103.0.5060.134 Safari/537.36" "ysfine.com"
157.55.39.128 - - [05/Oct/2022:16:39:17 -0700] "GET /world/brit/westmin16.jpg HTTP/1.1" 200 115589 "-" "Mozilla/5.0 AppleWebKit/537.36 (KHTML, like Gecko; compatible; bingbot/2.0; +http://www.bing.com/bingbot.htm) Chrome/103.0.5060.134 Safari/537.36" "ysfine.com"
65.108.2.171 - - [05/Oct/2022:16:39:35 -0700] "GET /robots.txt HTTP/1.1" 404 73 "-" "Mozilla/5.0 (compatible; MJ12bot/v1.4.8; http://mj12bot.com/)" "ysfine.com"
65.108.2.171 - - [05/Oct/2022:16:39:37 -0700] "GET /class54/acs/acs68.jpg HTTP/1.1" 200 155491 "-" "Mozilla/5.0 (compatible; MJ12bot/v1.4.8; http://mj12bot.com/)" "ysfine.com"
65.108.2.171 - - [05/Oct/2022:16:39:39 -0700] "GET /home/tables/tab11.jpg HTTP/1.1" 200 103557 "-" "Mozilla/5.0 (compatible; MJ12bot/v1.4.8; http://mj12bot.com/)" "ysfine.com"
65.108.2.171 - - [05/Oct/2022:16:39:41 -0700] "GET /home/tables/tab33.jpg HTTP/1.1" 200 139951 "-" "Mozilla/5.0 (compatible; MJ12bot/v1.4.8; http://mj12bot.com/)" "ysfine.com"
65.108.2.171 - - [05/Oct/2022:16:39:43 -0700] "GET /kowar/kowar001.jpg HTTP/1.1" 200 240938 "-" "Mozilla/5.0 (compatible; MJ12bot/v1.4.8; http://mj12bot.com/)" "ysfine.com"
65.108.2.171 - - [05/Oct/2022:16:39:45 -0700] "GET /world/brit/cam27.pdf HTTP/1.1" 200 149978 "-" "Mozilla/5.0 (compatible; MJ12bot/v1.4.8; http://mj12bot.com/)" "ysfine.com"
65.108.2.171 - - [05/Oct/2022:16:39:47 -0700] "GET /class54/acs/acs17.jpg HTTP/1.1" 200 213767 "-" "Mozilla/5.0 (compatible; MJ12bot/v1.4.8; http://mj12bot.com/)" "ysfine.com"
65.108.2.171 - - [05/Oct/2022:16:39:49 -0700] "GET /class54/acs/acs68.jpg HTTP/1.1" 200 155491 "-" "Mozilla/5.0 (compatible; MJ12bot/v1.4.8; http://mj12bot.com/)" "ysfine.com"
114.119.128.154 - - [05/Oct/2022:16:39:50 -0700] "GET /class54/class5470/total_data/photo_img/4-16.jpg HTTP/1.1" 200 411152 "https://ysfine.com/class54/class5470/total_data/sub_416.htm" "Mozilla/5.0 (Linux; Android 7.0;) AppleWebKit/537.36 (KHTML, like Gecko) Mobile Safari/537.36 (compatible; PetalBot;+https://webmaster.petalsearch.com/site/petalbot)" "ysfine.com"
65.108.2.171 - - [05/Oct/2022:16:39:51 -0700] "GET /class54/acs/acs75.jpg HTTP/1.1" 200 350922 "-" "Mozilla/5.0 (compatible; MJ12bot/v1.4.8; http://mj12bot.com/)" "ysfine.com"
65.108.2.171 - - [05/Oct/2022:16:39:53 -0700] "GET /class54/acs/acs96.jpg HTTP/1.1" 200 174599 "-" "Mozilla/5.0 (compatible; MJ12bot/v1.4.8; http://mj12bot.com/)" "ysfine.com"
65.108.2.171 - - [05/Oct/2022:16:39:55 -0700] "GET /class54/stcars/se09.jpg HTTP/1.1" 200 93276 "-" "Mozilla/5.0 (compatible; MJ12bot/v1.4.8; http://mj12bot.com/)" "ysfine.com"
157.55.39.58 - - [05/Oct/2022:16:39:56 -0700] "GET /einstein/chewfra11c.jpg HTTP/1.1" 200 33343 "-" "Mozilla/5.0 (compatible; bingbot/2.0; +http://www.bing.com/bingbot.htm)" "ysfine.com"
65.108.2.171 - - [05/Oct/2022:16:39:57 -0700] "GET /confer/http%C3%84://medres.online/materialsscience/2020 HTTP/1.1" 404 88 "-" "Mozilla/5.0 (compatible; MJ12bot/v1.4.8; http://mj12bot.com/)" "ysfine.com"
65.108.2.171 - - [05/Oct/2022:16:39:59 -0700] "GET /home/tables/tab33.jpg HTTP/1.1" 200 139951 "-" "Mozilla/5.0 (compatible; MJ12bot/v1.4.8; http://mj12bot.com/)" "ysfine.com"
207.46.13.102 - - [05/Oct/2022:16:40:18 -0700] "GET /kobak/taylor11b.jpg HTTP/1.1" 200 42467 "-" "Mozilla/5.0 (compatible; bingbot/2.0; +http://www.bing.com/bingbot.htm)" "ysfine.com"
157.55.39.58 - - [05/Oct/2022:16:40:26 -0700] "GET /world/baltic/riga26b.jpg HTTP/1.1" 200 27065 "-" "Mozilla/5.0 (compatible; bingbot/2.0; +http://www.bing.com/bingbot.htm)" "ysfine.com"
77.88.5.245 - - [05/Oct/2022:16:41:03 -0700] "GET /maga/phys/yukawa.html HTTP/1.1" 404 88 "-" "Mozilla/5.0 (compatible; YandexBot/3.0; +http://yandex.com/bots)" "www.ysfine.com"
185.191.171.12 - - [05/Oct/2022:16:41:24 -0700] "GET /wigner/wbrill.html HTTP/1.1" 200 4163 "-" "Mozilla/5.0 (compatible; SemrushBot/7~bl; +http://www.semrush.com/bot.html)" "www.ysfine.com"
185.191.171.33 - - [05/Oct/2022:16:41:24 -0700] "GET /robots.txt HTTP/1.1" 404 88 "-" "Mozilla/5.0 (compatible; SemrushBot/7~bl; +http://www.semrush.com/bot.html)" "www.ysfine.com"
40.77.167.27 - - [05/Oct/2022:16:41:42 -0700] "GET /world/ital/venice12.jpg HTTP/1.1" 200 137615 "-" "Mozilla/5.0 AppleWebKit/537.36 (KHTML, like Gecko; compatible; bingbot/2.0; +http://www.bing.com/bingbot.htm) Chrome/103.0.5060.134 Safari/537.36" "ysfine.com"
173.252.83.6 - - [05/Oct/2022:16:42:35 -0700] "GET /beau/omsk11.jpg HTTP/1.1" 404 88 "-" "facebookexternalhit/1.1 (+http://www.facebook.com/externalhit_uatext.php)" "ysfine.com"
157.55.39.55 - - [05/Oct/2022:16:43:07 -0700] "GET /maga/phys/poinsf/slide-27.jpg HTTP/1.1" 200 45778 "-" "Mozilla/5.0 (compatible; bingbot/2.0; +http://www.bing.com/bingbot.htm)" "ysfine.com"
142.120.181.59 - - [05/Oct/2022:16:43:44 -0700] "GET /yspapers/iopbook15.pdf HTTP/1.1" 200 2962673 "https://www.google.com/" "Mozilla/5.0 (Macintosh; Intel Mac OS X 10_15_7) AppleWebKit/605.1.15 (KHTML, like Gecko) Version/15.1 Safari/605.1.15" "ysfine.com"
142.120.181.59 - - [05/Oct/2022:16:43:44 -0700] "GET /yspapers/iopbook15.pdf HTTP/1.1" 206 1023 "https://www.google.com/" "Mozilla/5.0 (Macintosh; Intel Mac OS X 10_15_7) AppleWebKit/605.1.15 (KHTML, like Gecko) Version/15.1 Safari/605.1.15" "ysfine.com"
142.120.181.59 - - [05/Oct/2022:16:43:47 -0700] "GET /favicon.ico HTTP/1.1" 404 88 "https://ysfine.com/yspapers/iopbook15.pdf" "Mozilla/5.0 (Macintosh; Intel Mac OS X 10_15_7) AppleWebKit/605.1.15 (KHTML, like Gecko) Version/15.1 Safari/605.1.15" "ysfine.com"
40.77.167.27 - - [05/Oct/2022:16:44:32 -0700] "GET /world/europe/alps01.jpg HTTP/1.1" 200 196153 "-" "Mozilla/5.0 (compatible; bingbot/2.0; +http://www.bing.com/bingbot.htm)" "www.ysfine.com"
114.119.128.154 - - [05/Oct/2022:16:45:22 -0700] "GET /archives/proceedings/wpro01/sciarr.html HTTP/1.1" 200 506 "-" "Mozilla/5.0 (Linux; Android 7.0;) AppleWebKit/537.36 (KHTML, like Gecko) Mobile Safari/537.36 (compatible; PetalBot;+https://webmaster.petalsearch.com/site/petalbot)" "ysfine.com"
200.36.255.208 - - [05/Oct/2022:16:46:24 -0700] "GET /world/russ/kazanmap22.jpg HTTP/1.1" 200 129761 "https://www.bing.com/" "Mozilla/5.0 (Windows NT 10.0; Win64; x64) AppleWebKit/537.36 (KHTML, like Gecko) Chrome/106.0.0.0 Safari/537.36 Edg/106.0.1370.34" "www.ysfine.com"
207.46.13.102 - - [05/Oct/2022:16:46:49 -0700] "GET /world/france/pontdg03b.jpg HTTP/1.1" 200 37525 "-" "Mozilla/5.0 (compatible; bingbot/2.0; +http://www.bing.com/bingbot.htm)" "ysfine.com"
114.119.128.154 - - [05/Oct/2022:16:46:52 -0700] "GET /class54/class5470/total_data/photo_img/7-79.jpg HTTP/1.1" 200 274775 "https://ysfine.com/class54/class5470/total_data/sub_779.htm" "Mozilla/5.0 (Linux; Android 7.0;) AppleWebKit/537.36 (KHTML, like Gecko) Mobile Safari/537.36 (compatible; PetalBot;+https://webmaster.petalsearch.com/site/petalbot)" "ysfine.com"
40.77.167.27 - - [05/Oct/2022:16:47:23 -0700] "GET /newyork/emp07.jpg HTTP/1.1" 200 179631 "-" "Mozilla/5.0 (compatible; bingbot/2.0; +http://www.bing.com/bingbot.htm)" "www.ysfine.com"
114.119.128.162 - - [05/Oct/2022:16:48:25 -0700] "GET /heisen/math/heisen54.pdf HTTP/1.1" 200 41258 "https://www.ysfine.com/heisen/einheisen54.html" "Mozilla/5.0 (Linux; Android 7.0;) AppleWebKit/537.36 (KHTML, like Gecko) Mobile Safari/537.36 (compatible; PetalBot;+https://webmaster.petalsearch.com/site/petalbot)" "www.ysfine.com"
185.191.171.18 - - [05/Oct/2022:16:48:25 -0700] "GET /class54/class5470/total_data/sub_856.htm HTTP/1.1" 200 3527 "-" "Mozilla/5.0 (compatible; SemrushBot/7~bl; +http://www.semrush.com/bot.html)" "ysfine.com"
185.191.171.9 - - [05/Oct/2022:16:48:43 -0700] "GET /class54/class5470/total_data/sub_831.htm HTTP/1.1" 200 3561 "-" "Mozilla/5.0 (compatible; SemrushBot/7~bl; +http://www.semrush.com/bot.html)" "ysfine.com"
47.15.20.12 - - [05/Oct/2022:16:49:45 -0700] "GET /dirac/dirfeyn.html HTTP/1.1" 200 6341 "https://www.google.com/" "Mozilla/5.0 (Linux; Android 5.1.1; vivo Y51L) AppleWebKit/537.36 (KHTML, like Gecko) Chrome/95.0.4638.74 Mobile Safari/537.36" "ysfine.com"
47.15.20.12 - - [05/Oct/2022:16:49:46 -0700] "GET /dirac/dirackn33c.jpg HTTP/1.1" 200 50420 "https://ysfine.com/dirac/dirfeyn.html" "Mozilla/5.0 (Linux; Android 5.1.1; vivo Y51L) AppleWebKit/537.36 (KHTML, like Gecko) Chrome/95.0.4638.74 Mobile Safari/537.36" "ysfine.com"
47.15.20.12 - - [05/Oct/2022:16:49:46 -0700] "GET /dirac/sq73c.jpg HTTP/1.1" 200 35501 "https://ysfine.com/dirac/dirfeyn.html" "Mozilla/5.0 (Linux; Android 5.1.1; vivo Y51L) AppleWebKit/537.36 (KHTML, like Gecko) Chrome/95.0.4638.74 Mobile Safari/537.36" "ysfine.com"
47.15.20.12 - - [05/Oct/2022:16:49:46 -0700] "GET /dirac/feydirac300.jpg HTTP/1.1" 200 38223 "https://ysfine.com/dirac/dirfeyn.html" "Mozilla/5.0 (Linux; Android 5.1.1; vivo Y51L) AppleWebKit/537.36 (KHTML, like Gecko) Chrome/95.0.4638.74 Mobile Safari/537.36" "ysfine.com"
47.15.20.12 - - [05/Oct/2022:16:49:48 -0700] "GET /dirac/dfkim11c.jpg HTTP/1.1" 200 34801 "https://ysfine.com/dirac/dirfeyn.html" "Mozilla/5.0 (Linux; Android 5.1.1; vivo Y51L) AppleWebKit/537.36 (KHTML, like Gecko) Chrome/95.0.4638.74 Mobile Safari/537.36" "ysfine.com"
47.15.20.12 - - [05/Oct/2022:16:49:48 -0700] "GET /dirac/nicodem11c.jpg HTTP/1.1" 200 72684 "https://ysfine.com/dirac/dirfeyn.html" "Mozilla/5.0 (Linux; Android 5.1.1; vivo Y51L) AppleWebKit/537.36 (KHTML, like Gecko) Chrome/95.0.4638.74 Mobile Safari/537.36" "ysfine.com"
47.15.20.12 - - [05/Oct/2022:16:49:49 -0700] "GET /dirac/2osc22c.jpg HTTP/1.1" 200 28929 "https://ysfine.com/dirac/dirfeyn.html" "Mozilla/5.0 (Linux; Android 5.1.1; vivo Y51L) AppleWebKit/537.36 (KHTML, like Gecko) Chrome/95.0.4638.74 Mobile Safari/537.36" "ysfine.com"
47.15.20.12 - - [05/Oct/2022:16:49:49 -0700] "GET /feynman/jacdrum11c.jpg HTTP/1.1" 200 39178 "https://ysfine.com/dirac/dirfeyn.html" "Mozilla/5.0 (Linux; Android 5.1.1; vivo Y51L) AppleWebKit/537.36 (KHTML, like Gecko) Chrome/95.0.4638.74 Mobile Safari/537.36" "ysfine.com"
47.15.20.12 - - [05/Oct/2022:16:49:50 -0700] "GET /wigner/wigkim11c.jpg HTTP/1.1" 200 30443 "https://ysfine.com/dirac/dirfeyn.html" "Mozilla/5.0 (Linux; Android 5.1.1; vivo Y51L) AppleWebKit/537.36 (KHTML, like Gecko) Chrome/95.0.4638.74 Mobile Safari/537.36" "ysfine.com"
47.15.20.12 - - [05/Oct/2022:16:49:50 -0700] "GET /people/sbt11c.jpg HTTP/1.1" 200 31479 "https://ysfine.com/dirac/dirfeyn.html" "Mozilla/5.0 (Linux; Android 5.1.1; vivo Y51L) AppleWebKit/537.36 (KHTML, like Gecko) Chrome/95.0.4638.74 Mobile Safari/537.36" "ysfine.com"
47.15.20.12 - - [05/Oct/2022:16:49:51 -0700] "GET /wigner/isomor66c.jpg HTTP/1.1" 200 47632 "https://ysfine.com/dirac/dirfeyn.html" "Mozilla/5.0 (Linux; Android 5.1.1; vivo Y51L) AppleWebKit/537.36 (KHTML, like Gecko) Chrome/95.0.4638.74 Mobile Safari/537.36" "ysfine.com"
47.15.20.12 - - [05/Oct/2022:16:49:51 -0700] "GET /eink/eink61c.jpg HTTP/1.1" 200 34119 "https://ysfine.com/dirac/dirfeyn.html" "Mozilla/5.0 (Linux; Android 5.1.1; vivo Y51L) AppleWebKit/537.36 (KHTML, like Gecko) Chrome/95.0.4638.74 Mobile Safari/537.36" "ysfine.com"
47.15.20.12 - - [05/Oct/2022:16:49:52 -0700] "GET /favicon.ico HTTP/1.1" 404 88 "https://ysfine.com/dirac/dirfeyn.html" "Mozilla/5.0 (Linux; Android 5.1.1; vivo Y51L) AppleWebKit/537.36 (KHTML, like Gecko) Chrome/95.0.4638.74 Mobile Safari/537.36" "ysfine.com"
157.55.39.127 - - [05/Oct/2022:16:49:57 -0700] "GET /kowar/tanks/tank21.jpg HTTP/1.1" 200 52329 "-" "Mozilla/5.0 (compatible; bingbot/2.0; +http://www.bing.com/bingbot.htm)" "www.ysfine.com"
114.119.128.158 - - [05/Oct/2022:16:49:57 -0700] "GET /people/eastman01b.jpg HTTP/1.1" 200 42893 "https://www.ysfine.com/people/peo.html" "Mozilla/5.0 (Linux; Android 7.0;) AppleWebKit/537.36 (KHTML, like Gecko) Mobile Safari/537.36 (compatible; PetalBot;+https://webmaster.petalsearch.com/site/petalbot)" "www.ysfine.com"
40.77.167.27 - - [05/Oct/2022:16:50:53 -0700] "GET /wdc/ww2m11.jpg HTTP/1.1" 200 108182 "-" "Mozilla/5.0 (compatible; bingbot/2.0; +http://www.bing.com/bingbot.htm)" "ysfine.com"
114.119.128.162 - - [05/Oct/2022:16:51:30 -0700] "GET /jobs/koreaj.html HTTP/1.1" 200 10214 "https://cartonal.ch/wglawech/phd-position-in-south-korea-2021" "Mozilla/5.0 (Linux; Android 7.0;) AppleWebKit/537.36 (KHTML, like Gecko) Mobile Safari/537.36 (compatible; PetalBot;+https://webmaster.petalsearch.com/site/petalbot)" "www.ysfine.com"
168.150.107.59 - - [05/Oct/2022:16:51:37 -0700] "GET /wigner/little11.pdf HTTP/1.1" 200 156821 "https://www.google.com/" "Mozilla/5.0 (Macintosh; Intel Mac OS X 10.15; rv:104.0) Gecko/20100101 Firefox/104.0" "ysfine.com"
168.150.107.59 - - [05/Oct/2022:16:51:38 -0700] "GET /wigner/little11.pdf HTTP/1.1" 206 25749 "https://www.google.com/" "Mozilla/5.0 (Macintosh; Intel Mac OS X 10.15; rv:104.0) Gecko/20100101 Firefox/104.0" "ysfine.com"
157.55.39.58 - - [05/Oct/2022:16:52:08 -0700] "GET /wdc/gtown16.jpg HTTP/1.1" 200 200027 "-" "Mozilla/5.0 AppleWebKit/537.36 (KHTML, like Gecko; compatible; bingbot/2.0; +http://www.bing.com/bingbot.htm) Chrome/103.0.5060.134 Safari/537.36" "www.ysfine.com"
114.119.128.142 - - [05/Oct/2022:16:53:00 -0700] "GET /kobak/sorae/kumipo.html HTTP/1.1" 200 1148 "https://www.ysfine.com/kobak/yskor.html" "Mozilla/5.0 (Linux; Android 7.0;) AppleWebKit/537.36 (KHTML, like Gecko) Mobile Safari/537.36 (compatible; PetalBot;+https://webmaster.petalsearch.com/site/petalbot)" "www.ysfine.com"
114.119.128.154 - - [05/Oct/2022:16:54:34 -0700] "GET /class54/class5470/total_data/photo_img/2-85.jpg HTTP/1.1" 200 138422 "https://ysfine.com/class54/class5470/total_data/sub_285.htm" "Mozilla/5.0 (Linux; Android 7.0;) AppleWebKit/537.36 (KHTML, like Gecko) Mobile Safari/537.36 (compatible; PetalBot;+https://webmaster.petalsearch.com/site/petalbot)" "ysfine.com"
157.55.39.58 - - [05/Oct/2022:16:54:50 -0700] "GET /world/china/hongkong18.jpg HTTP/1.1" 200 82546 "-" "Mozilla/5.0 (compatible; bingbot/2.0; +http://www.bing.com/bingbot.htm)" "ysfine.com"
114.119.128.14 - - [05/Oct/2022:16:56:09 -0700] "GET /wdc/kopol.html HTTP/1.1" 200 6514 "http://ysfine.com/wdc/waskor.html" "Mozilla/5.0 (Linux; Android 7.0;) AppleWebKit/537.36 (KHTML, like Gecko) Mobile Safari/537.36 (compatible; PetalBot;+https://webmaster.petalsearch.com/site/petalbot)" "ysfine.com"
157.55.39.128 - - [05/Oct/2022:16:57:18 -0700] "GET /usca/pitt/pgh58a.jpg HTTP/1.1" 200 124020 "-" "Mozilla/5.0 (compatible; bingbot/2.0; +http://www.bing.com/bingbot.htm)" "ysfine.com"
157.55.39.55 - - [05/Oct/2022:16:57:28 -0700] "GET /feynman/feychin.jpg HTTP/1.1" 200 33472 "-" "Mozilla/5.0 AppleWebKit/537.36 (KHTML, like Gecko; compatible; bingbot/2.0; +http://www.bing.com/bingbot.htm) Chrome/103.0.5060.134 Safari/537.36" "www.ysfine.com"
157.55.39.58 - - [05/Oct/2022:16:57:28 -0700] "GET /world/germany/hegel15.jpg HTTP/1.1" 200 77130 "-" "Mozilla/5.0 (compatible; bingbot/2.0; +http://www.bing.com/bingbot.htm)" "ysfine.com"
114.119.128.154 - - [05/Oct/2022:16:57:41 -0700] "GET /ffriends/aline/kal04c.jpg HTTP/1.1" 200 27514 "https://ysfine.com/ffriends/korean.html" "Mozilla/5.0 (Linux; Android 7.0;) AppleWebKit/537.36 (KHTML, like Gecko) Mobile Safari/537.36 (compatible; PetalBot;+https://webmaster.petalsearch.com/site/petalbot)" "ysfine.com"
157.55.39.58 - - [05/Oct/2022:16:58:20 -0700] "GET /world/france/metz57.jpg HTTP/1.1" 200 105656 "-" "Mozilla/5.0 AppleWebKit/537.36 (KHTML, like Gecko; compatible; bingbot/2.0; +http://www.bing.com/bingbot.htm) Chrome/103.0.5060.134 Safari/537.36" "www.ysfine.com"
114.119.128.142 - - [05/Oct/2022:16:59:11 -0700] "GET /class54/class5470/total_data/photo_img/2-38.jpg HTTP/1.1" 200 187945 "https://ysfine.com/class54/class5470/total_data/sub_238.htm" "Mozilla/5.0 (Linux; Android 7.0;) AppleWebKit/537.36 (KHTML, like Gecko) Mobile Safari/537.36 (compatible; PetalBot;+https://webmaster.petalsearch.com/site/petalbot)" "ysfine.com"
185.191.171.18 - - [05/Oct/2022:16:59:31 -0700] "GET /class54/class5470/total_data/sub_8163.htm HTTP/1.1" 200 3509 "-" "Mozilla/5.0 (compatible; SemrushBot/7~bl; +http://www.semrush.com/bot.html)" "ysfine.com"
157.55.39.58 - - [05/Oct/2022:16:59:39 -0700] "GET /newyork/penn01.jpg HTTP/1.1" 200 193561 "-" "Mozilla/5.0 (compatible; bingbot/2.0; +http://www.bing.com/bingbot.htm)" "ysfine.com"
157.55.39.58 - - [05/Oct/2022:17:00:19 -0700] "GET /style/songs22.html HTTP/1.1" 304 - "-" "Mozilla/5.0 AppleWebKit/537.36 (KHTML, like Gecko; compatible; bingbot/2.0; +http://www.bing.com/bingbot.htm) Chrome/103.0.5060.134 Safari/537.36" "www.ysfine.com"
203.214.84.182 - - [05/Oct/2022:17:01:30 -0700] "GET /einstein/fantova/fantova.html HTTP/1.1" 200 6506 "https://en.wikiquote.org/wiki/Albert_Einstein" "yacybot (/global; amd64 Linux 4.19.0-22-amd64; java 17.0.4.1; Australia/en) http://yacy.net/bot.html" "ysfine.com"
207.46.13.102 - - [05/Oct/2022:17:01:42 -0700] "GET /wigner/michwight22c.jpg HTTP/1.1" 200 32821 "-" "Mozilla/5.0 AppleWebKit/537.36 (KHTML, like Gecko; compatible; bingbot/2.0; +http://www.bing.com/bingbot.htm) Chrome/103.0.5060.134 Safari/537.36" "ysfine.com"
114.119.128.154 - - [05/Oct/2022:17:02:18 -0700] "GET /home/pgh/sliderule2.jpg HTTP/1.1" 200 26399 "https://www.ysfine.com/home/bio44.html" "Mozilla/5.0 (Linux; Android 7.0;) AppleWebKit/537.36 (KHTML, like Gecko) Mobile Safari/537.36 (compatible; PetalBot;+https://webmaster.petalsearch.com/site/petalbot)" "www.ysfine.com"
185.191.171.1 - - [05/Oct/2022:17:05:31 -0700] "GET /class54/class5470/total_data/sub_8174.htm HTTP/1.1" 200 3496 "-" "Mozilla/5.0 (compatible; SemrushBot/7~bl; +http://www.semrush.com/bot.html)" "ysfine.com"
77.75.77.119 - - [05/Oct/2022:17:06:21 -0700] "GET /world/russ/kiev047.jpg HTTP/1.1" 200 108827 "-" "Mozilla/5.0 (compatible; SeznamBot/3.2; +http://napoveda.seznam.cz/en/seznambot-intro/)" "ysfine.com"
77.75.77.119 - - [05/Oct/2022:17:06:25 -0700] "GET /world/russ/kiev031.jpg HTTP/1.1" 200 81634 "-" "Mozilla/5.0 (compatible; SeznamBot/3.2; +http://napoveda.seznam.cz/en/seznambot-intro/)" "ysfine.com"
140.114.127.247 - - [05/Oct/2022:17:06:45 -0700] "GET /favicon.ico HTTP/1.1" 404 88 "https://ysfine.com/yspapers/iopbook15.pdf" "Mozilla/5.0 (Macintosh; Intel Mac OS X 10_15_7) AppleWebKit/537.36 (KHTML, like Gecko) Chrome/105.0.0.0 Safari/537.36 Edg/105.0.1343.53" "ysfine.com"
40.77.167.27 - - [05/Oct/2022:17:07:44 -0700] "GET /world/china/beijing018.jpg HTTP/1.1" 200 86783 "-" "Mozilla/5.0 (compatible; bingbot/2.0; +http://www.bing.com/bingbot.htm)" "www.ysfine.com"
63.141.27.165 - - [05/Oct/2022:17:08:31 -0700] "GET /world/poland/polstu13.jpg HTTP/1.1" 200 105551 "https://www.google.com/" "Mozilla/5.0 (Linux; Android 12; SM-A526U1 Build/SP1A.210812.016; wv) AppleWebKit/537.36 (KHTML, like Gecko) Version/4.0 Chrome/105.0.5195.136 Mobile Safari/537.36 GoogleApp/13.38.11.26.arm64" "ysfine.com"
157.55.39.127 - - [05/Oct/2022:17:09:39 -0700] "GET /world/scandi/fin10.jpg HTTP/1.1" 200 121187 "-" "Mozilla/5.0 (compatible; bingbot/2.0; +http://www.bing.com/bingbot.htm)" "www.ysfine.com"
207.46.13.102 - - [05/Oct/2022:17:09:51 -0700] "GET /jobs/koreaj.html HTTP/1.1" 200 10214 "-" "Mozilla/5.0 (compatible; bingbot/2.0; +http://www.bing.com/bingbot.htm)" "www.ysfine.com"
157.55.39.55 - - [05/Oct/2022:17:09:59 -0700] "GET /maga/maxedin.html HTTP/1.1" 200 6756 "-" "Mozilla/5.0 (compatible; bingbot/2.0; +http://www.bing.com/bingbot.htm)" "www.ysfine.com"
157.55.39.127 - - [05/Oct/2022:17:10:04 -0700] "GET /dirac/dirheisen.html HTTP/1.1" 200 4650 "-" "Mozilla/5.0 (compatible; bingbot/2.0; +http://www.bing.com/bingbot.htm)" "www.ysfine.com"
40.77.167.27 - - [05/Oct/2022:17:10:55 -0700] "GET /world/russ/kazan027.jpg HTTP/1.1" 200 76345 "-" "Mozilla/5.0 AppleWebKit/537.36 (KHTML, like Gecko; compatible; bingbot/2.0; +http://www.bing.com/bingbot.htm) Chrome/103.0.5060.134 Safari/537.36" "www.ysfine.com"
157.55.39.128 - - [05/Oct/2022:17:11:39 -0700] "GET /world/france/montmar16.jpg HTTP/1.1" 200 193398 "-" "Mozilla/5.0 AppleWebKit/537.36 (KHTML, like Gecko; compatible; bingbot/2.0; +http://www.bing.com/bingbot.htm) Chrome/103.0.5060.134 Safari/537.36" "www.ysfine.com"
51.222.253.14 - - [05/Oct/2022:17:12:52 -0700] "GET / HTTP/1.1" 200 5283 "-" "Mozilla/5.0 (compatible; AhrefsBot/7.0; +http://ahrefs.com/robot/)" "ysfine.com"
77.88.5.237 - - [05/Oct/2022:17:15:01 -0700] "GET /world/brit/picca25.jpg HTTP/1.1" 200 129141 "-" "Mozilla/5.0 (compatible; YandexImages/3.0; +http://yandex.com/bots)" "www.ysfine.com"
40.77.167.27 - - [05/Oct/2022:17:15:15 -0700] "GET /philo/marxphil55c.jpg HTTP/1.1" 200 35954 "-" "Mozilla/5.0 (compatible; bingbot/2.0; +http://www.bing.com/bingbot.htm)" "www.ysfine.com"
51.222.253.4 - - [05/Oct/2022:17:16:08 -0700] "GET /maga/eisenstein.html HTTP/1.1" 200 8460 "-" "Mozilla/5.0 (compatible; AhrefsBot/7.0; +http://ahrefs.com/robot/)" "www.ysfine.com"
157.55.39.127 - - [05/Oct/2022:17:16:10 -0700] "GET /dirac/dirac44.jpg HTTP/1.1" 200 73817 "-" "Mozilla/5.0 (compatible; bingbot/2.0; +http://www.bing.com/bingbot.htm)" "www.ysfine.com"
157.55.39.55 - - [05/Oct/2022:17:16:39 -0700] "GET /wigner/wigwein33.jpg HTTP/1.1" 200 83104 "-" "Mozilla/5.0 (compatible; bingbot/2.0; +http://www.bing.com/bingbot.htm)" "www.ysfine.com"
157.55.39.55 - - [05/Oct/2022:17:16:40 -0700] "GET /wigner/wigkim22b.jpg HTTP/1.1" 200 33880 "-" "Mozilla/5.0 (compatible; bingbot/2.0; +http://www.bing.com/bingbot.htm)" "ysfine.com"
157.55.39.55 - - [05/Oct/2022:17:16:49 -0700] "GET /world/polandk.html HTTP/1.1" 200 5993 "-" "Mozilla/5.0 AppleWebKit/537.36 (KHTML, like Gecko; compatible; bingbot/2.0; +http://www.bing.com/bingbot.htm) Chrome/103.0.5060.134 Safari/537.36" "www.ysfine.com"
157.55.39.128 - - [05/Oct/2022:17:16:50 -0700] "GET /maga/poincare.html HTTP/1.1" 200 7726 "-" "Mozilla/5.0 AppleWebKit/537.36 (KHTML, like Gecko; compatible; bingbot/2.0; +http://www.bing.com/bingbot.htm) Chrome/103.0.5060.134 Safari/537.36" "www.ysfine.com"
157.55.39.58 - - [05/Oct/2022:17:16:50 -0700] "GET /kobak/soraech.html HTTP/1.1" 200 16670 "-" "Mozilla/5.0 (compatible; bingbot/2.0; +http://www.bing.com/bingbot.htm)" "www.ysfine.com"
207.46.13.102 - - [05/Oct/2022:17:16:52 -0700] "GET /world/berlin.html HTTP/1.1" 200 16173 "-" "Mozilla/5.0 (compatible; bingbot/2.0; +http://www.bing.com/bingbot.htm)" "www.ysfine.com"
157.55.39.127 - - [05/Oct/2022:17:16:54 -0700] "GET /dirac/dirpoems.html HTTP/1.1" 200 5773 "-" "Mozilla/5.0 AppleWebKit/537.36 (KHTML, like Gecko; compatible; bingbot/2.0; +http://www.bing.com/bingbot.htm) Chrome/103.0.5060.134 Safari/537.36" "www.ysfine.com"
157.55.39.127 - - [05/Oct/2022:17:16:54 -0700] "GET /home/100yrs.html HTTP/1.1" 200 7936 "-" "Mozilla/5.0 (compatible; bingbot/2.0; +http://www.bing.com/bingbot.htm)" "www.ysfine.com"
40.77.167.27 - - [05/Oct/2022:17:16:58 -0700] "GET /houses/myhouse.html HTTP/1.1" 200 1473 "-" "Mozilla/5.0 (compatible; bingbot/2.0; +http://www.bing.com/bingbot.htm)" "www.ysfine.com"
40.77.167.27 - - [05/Oct/2022:17:16:59 -0700] "GET /einstein/further.html HTTP/1.1" 200 4338 "-" "Mozilla/5.0 (compatible; bingbot/2.0; +http://www.bing.com/bingbot.htm)" "www.ysfine.com"
40.77.167.27 - - [05/Oct/2022:17:16:59 -0700] "GET /einstein/maxein.html HTTP/1.1" 200 2651 "-" "Mozilla/5.0 (compatible; bingbot/2.0; +http://www.bing.com/bingbot.htm)" "www.ysfine.com"
157.55.39.128 - - [05/Oct/2022:17:17:04 -0700] "GET /wigner/wigpoinc.html HTTP/1.1" 200 6586 "-" "Mozilla/5.0 (compatible; bingbot/2.0; +http://www.bing.com/bingbot.htm)" "www.ysfine.com"
157.55.39.128 - - [05/Oct/2022:17:17:04 -0700] "GET /world/minsk.html HTTP/1.1" 200 7116 "-" "Mozilla/5.0 AppleWebKit/537.36 (KHTML, like Gecko; compatible; bingbot/2.0; +http://www.bing.com/bingbot.htm) Chrome/103.0.5060.134 Safari/537.36" "www.ysfine.com"
157.55.39.128 - - [05/Oct/2022:17:17:04 -0700] "GET /dirac/dirfeyn.html HTTP/1.1" 200 6341 "-" "Mozilla/5.0 AppleWebKit/537.36 (KHTML, like Gecko; compatible; bingbot/2.0; +http://www.bing.com/bingbot.htm) Chrome/103.0.5060.134 Safari/537.36" "www.ysfine.com"
157.55.39.127 - - [05/Oct/2022:17:17:10 -0700] "GET /kowar/tanks/gmc01b.jpg HTTP/1.1" 200 43939 "-" "Mozilla/5.0 (compatible; bingbot/2.0; +http://www.bing.com/bingbot.htm)" "ysfine.com"
157.55.39.58 - - [05/Oct/2022:17:17:12 -0700] "GET /maga/boltzmann.html HTTP/1.1" 200 6052 "-" "Mozilla/5.0 (compatible; bingbot/2.0; +http://www.bing.com/bingbot.htm)" "www.ysfine.com"
157.55.39.58 - - [05/Oct/2022:17:17:41 -0700] "GET /world/baltic/riga08.jpg HTTP/1.1" 200 103075 "-" "Mozilla/5.0 (compatible; bingbot/2.0; +http://www.bing.com/bingbot.htm)" "ysfine.com"
51.75.241.40 - - [05/Oct/2022:17:17:43 -0700] "GET /robots.txt HTTP/1.1" 404 88 "-" "INETDEX-BOT/1.5 (Mozilla/5.0; https://inetdex.com/bot.html; info at inetdex dot com)" "ysfine.com"
51.75.241.40 - - [05/Oct/2022:17:17:43 -0700] "GET /home/easy.html HTTP/1.1" 200 7877 "-" "INETDEX-BOT/1.5 (Mozilla/5.0; https://inetdex.com/bot.html; info at inetdex dot com)" "ysfine.com"
185.191.171.33 - - [05/Oct/2022:17:18:43 -0700] "GET /class54/class5470/total_data/sub_8147.htm HTTP/1.1" 200 3520 "-" "Mozilla/5.0 (compatible; SemrushBot/7~bl; +http://www.semrush.com/bot.html)" "ysfine.com"
51.222.253.4 - - [05/Oct/2022:17:19:23 -0700] "GET /maga/edison.html HTTP/1.1" 200 4787 "-" "Mozilla/5.0 (compatible; AhrefsBot/7.0; +http://ahrefs.com/robot/)" "www.ysfine.com"
107.77.236.111 - - [05/Oct/2022:17:19:26 -0700] "GET /maga/phys/yukafeyn2.jpg HTTP/1.1" 200 36709 "https://www.google.com/" "Mozilla/5.0 (Linux; Android 11; SM-A115A) AppleWebKit/537.36 (KHTML, like Gecko) Chrome/104.0.0.0 Mobile Safari/537.36" "ysfine.com"
107.77.236.111 - - [05/Oct/2022:17:19:44 -0700] "GET /maga/phys/yukafeyn.jpg HTTP/1.1" 200 111167 "https://www.google.com/" "Mozilla/5.0 (Linux; Android 11; SM-A115A) AppleWebKit/537.36 (KHTML, like Gecko) Chrome/104.0.0.0 Mobile Safari/537.36" "ysfine.com"
157.55.39.128 - - [05/Oct/2022:17:20:11 -0700] "GET /world/russ/kazanmap22.jpg HTTP/1.1" 200 129761 "-" "Mozilla/5.0 (compatible; bingbot/2.0; +http://www.bing.com/bingbot.htm)" "ysfine.com"
157.55.39.127 - - [05/Oct/2022:17:20:30 -0700] "GET /feynman/ppic/tdil01c.jpg HTTP/1.1" 200 43765 "-" "Mozilla/5.0 (compatible; bingbot/2.0; +http://www.bing.com/bingbot.htm)" "ysfine.com"
157.55.39.127 - - [05/Oct/2022:17:21:00 -0700] "GET /world/russ/krem06.jpg HTTP/1.1" 200 75234 "-" "Mozilla/5.0 (compatible; bingbot/2.0; +http://www.bing.com/bingbot.htm)" "www.ysfine.com"
157.55.39.128 - - [05/Oct/2022:17:21:04 -0700] "GET /world/germany/tub12b.jpg HTTP/1.1" 200 43175 "-" "Mozilla/5.0 (compatible; bingbot/2.0; +http://www.bing.com/bingbot.htm)" "www.ysfine.com"
107.139.140.85 - - [05/Oct/2022:17:21:57 -0700] "GET /maga/phil/herod33.jpg HTTP/1.1" 200 435450 "https://www.google.com/" "Mozilla/5.0 (Windows NT 10.0; Win64; x64) AppleWebKit/537.36 (KHTML, like Gecko) Chrome/105.0.0.0 Safari/537.36" "ysfine.com"
107.139.140.85 - - [05/Oct/2022:17:22:04 -0700] "GET /maga/phil/herod11c.jpg HTTP/1.1" 200 76011 "https://www.google.com/" "Mozilla/5.0 (Windows NT 10.0; Win64; x64) AppleWebKit/537.36 (KHTML, like Gecko) Chrome/105.0.0.0 Safari/537.36" "ysfine.com"
207.46.13.102 - - [05/Oct/2022:17:22:11 -0700] "GET /world/france/metz08b.jpg HTTP/1.1" 200 45191 "-" "Mozilla/5.0 AppleWebKit/537.36 (KHTML, like Gecko; compatible; bingbot/2.0; +http://www.bing.com/bingbot.htm) Chrome/103.0.5060.134 Safari/537.36" "ysfine.com"
211.245.254.22 - - [05/Oct/2022:17:22:27 -0700] "GET /jobs/koreaj22.jpg HTTP/1.1" 200 195155 "https://www.google.co.kr/" "Mozilla/5.0 (Windows NT 10.0; Win64; x64) AppleWebKit/537.36 (KHTML, like Gecko) Chrome/105.0.0.0 Safari/537.36 Edg/105.0.1343.53" "ysfine.com"
3.84.24.248 - - [05/Oct/2022:17:22:33 -0700] "GET /explore HTTP/1.1" 404 88 "-" "Mozilla/5.0 (Windows NT 10.0; WOW64) AppleWebKit/537.36 (KHTML, like Gecko) Chrome/101.0.4951.64 Safari/537.36" "ysfine.com"
95.163.255.90 - - [05/Oct/2022:17:22:52 -0700] "GET /robots.txt HTTP/1.1" 404 73 "-" "Mozilla/5.0 (compatible; Linux x86_64; Mail.RU_Bot/Img/2.0; +https://help.mail.ru/webmaster/indexing/robots)" "www.ysfine.com"
51.222.253.5 - - [05/Oct/2022:17:23:01 -0700] "GET /maga/tesla.html HTTP/1.1" 200 4852 "-" "Mozilla/5.0 (compatible; AhrefsBot/7.0; +http://ahrefs.com/robot/)" "www.ysfine.com"
40.77.167.27 - - [05/Oct/2022:17:24:36 -0700] "GET /feynman/feygell22.jpg HTTP/1.1" 200 61564 "-" "Mozilla/5.0 (compatible; bingbot/2.0; +http://www.bing.com/bingbot.htm)" "ysfine.com"
185.191.171.18 - - [05/Oct/2022:17:25:06 -0700] "GET /style/index.html HTTP/1.1" 200 129 "-" "Mozilla/5.0 (compatible; SemrushBot/7~bl; +http://www.semrush.com/bot.html)" "ysfine.com"
157.55.39.55 - - [05/Oct/2022:17:25:51 -0700] "GET /wdc/usna01.jpg HTTP/1.1" 200 130518 "-" "Mozilla/5.0 (compatible; bingbot/2.0; +http://www.bing.com/bingbot.htm)" "ysfine.com"
157.55.39.55 - - [05/Oct/2022:17:26:11 -0700] "GET /philo/marx02.jpg HTTP/1.1" 200 257749 "-" "Mozilla/5.0 AppleWebKit/537.36 (KHTML, like Gecko; compatible; bingbot/2.0; +http://www.bing.com/bingbot.htm) Chrome/103.0.5060.134 Safari/537.36" "www.ysfine.com"
157.55.39.127 - - [05/Oct/2022:17:26:42 -0700] "GET /world/ital/padova06.jpg HTTP/1.1" 200 106864 "-" "Mozilla/5.0 (compatible; bingbot/2.0; +http://www.bing.com/bingbot.htm)" "ysfine.com"
40.77.167.27 - - [05/Oct/2022:17:27:37 -0700] "GET /world/scandi/nbi04.jpg HTTP/1.1" 200 86389 "-" "Mozilla/5.0 (compatible; bingbot/2.0; +http://www.bing.com/bingbot.htm)" "ysfine.com"
157.55.39.127 - - [05/Oct/2022:17:28:01 -0700] "GET /wigner/wigques.jpg HTTP/1.1" 200 14216 "-" "Mozilla/5.0 (compatible; bingbot/2.0; +http://www.bing.com/bingbot.htm)" "www.ysfine.com"
51.222.253.8 - - [05/Oct/2022:17:30:19 -0700] "GET /world/ysworld.html HTTP/1.1" 200 3195 "-" "Mozilla/5.0 (compatible; AhrefsBot/7.0; +http://ahrefs.com/robot/)" "www.ysfine.com"
157.55.39.58 - - [05/Oct/2022:17:30:52 -0700] "GET /sbk/2009lon44.jpg HTTP/1.1" 200 161528 "-" "Mozilla/5.0 (compatible; bingbot/2.0; +http://www.bing.com/bingbot.htm)" "ysfine.com"
157.55.39.127 - - [05/Oct/2022:17:31:41 -0700] "GET /world/brit/lonchin06.jpg HTTP/1.1" 200 92233 "-" "Mozilla/5.0 AppleWebKit/537.36 (KHTML, like Gecko; compatible; bingbot/2.0; +http://www.bing.com/bingbot.htm) Chrome/103.0.5060.134 Safari/537.36" "ysfine.com"
96.73.46.1 - - [05/Oct/2022:17:31:47 -0700] "GET /wigner/neum/pvn05.jpg HTTP/1.1" 200 219501 "https://www.google.com/" "Mozilla/5.0 (Windows NT 10.0; Win64; x64) AppleWebKit/537.36 (KHTML, like Gecko) Chrome/105.0.0.0 Safari/537.36" "ysfine.com"
3.84.24.248 - - [05/Oct/2022:17:32:57 -0700] "GET /:/db.sql HTTP/1.1" 404 88 "-" "Mozilla/5.0 (Linux; Android 10; ONEPLUS A5010) AppleWebKit/537.36 (KHTML, like Gecko) Chrome/101.0.4951.61 Mobile Safari/537.36" "ysfine.com"
3.84.24.248 - - [05/Oct/2022:17:32:57 -0700] "GET /:/users.sql HTTP/1.1" 404 88 "-" "Mozilla/5.0 (Linux; Android 7.0; SAMSUNG SM-G925R6 Build/NRD90M) AppleWebKit/537.36 (KHTML, like Gecko) SamsungBrowser/5.4 Chrome/51.0.2704.106 Mobile Safari/537.36" "ysfine.com"
3.84.24.248 - - [05/Oct/2022:17:32:57 -0700] "GET /:/1.sql HTTP/1.1" 404 88 "-" "Mozilla/5.0 (Linux; Android 11; SAMSUNG SM-A5070) AppleWebKit/537.36 (KHTML, like Gecko) SamsungBrowser/17.0 Chrome/96.0.4664.104 Mobile Safari/537.36" "ysfine.com"
3.84.24.248 - - [05/Oct/2022:17:32:57 -0700] "GET /:/sql.sql HTTP/1.1" 404 88 "-" "Mozilla/5.0 (Macintosh; Intel Mac OS X 10_6_8) AppleWebKit/537.13+ (KHTML, like Gecko) Version/5.1.7 Safari/534.57.2" "ysfine.com"
3.84.24.248 - - [05/Oct/2022:17:32:57 -0700] "GET /:/backup.sql HTTP/1.1" 404 88 "-" "Mozilla/4.0 (compatible; MSIE 8.0; Windows NT 6.0; Trident/4.0)" "ysfine.com"
3.84.24.248 - - [05/Oct/2022:17:32:57 -0700] "GET /:/dump.sql HTTP/1.1" 404 88 "-" "Opera/9.80 (J2ME/MIDP; Opera Mini/8.0.35626/37.8918; U; en) Presto/2.12.423 Version/12.16" "ysfine.com"
3.84.24.248 - - [05/Oct/2022:17:32:58 -0700] "GET /:/database.txt HTTP/1.1" 404 88 "-" "Mozilla/5.0 (X11; Linux i686; rv:32.0) Gecko/20100101 Firefox/32.0" "ysfine.com"
157.55.39.55 - - [05/Oct/2022:17:33:12 -0700] "GET /wdc/usna18.jpg HTTP/1.1" 200 96787 "-" "Mozilla/5.0 AppleWebKit/537.36 (KHTML, like Gecko; compatible; bingbot/2.0; +http://www.bing.com/bingbot.htm) Chrome/103.0.5060.134 Safari/537.36" "ysfine.com"
157.55.39.55 - - [05/Oct/2022:17:33:32 -0700] "GET /newyork/colum22.jpg HTTP/1.1" 200 110685 "-" "Mozilla/5.0 (compatible; bingbot/2.0; +http://www.bing.com/bingbot.htm)" "ysfine.com"
157.55.39.127 - - [05/Oct/2022:17:33:51 -0700] "GET /world/scandi/wignob05.jpg HTTP/1.1" 200 68401 "-" "Mozilla/5.0 (compatible; bingbot/2.0; +http://www.bing.com/bingbot.htm)" "ysfine.com"
54.36.148.107 - - [05/Oct/2022:17:34:05 -0700] "GET /robots.txt HTTP/1.1" 404 88 "-" "Mozilla/5.0 (compatible; AhrefsBot/7.0; +http://ahrefs.com/robot/)" "www.ysfine.com"
185.191.171.8 - - [05/Oct/2022:17:34:15 -0700] "GET /class54/class5470/total_data/sub_8157.htm HTTP/1.1" 200 3518 "-" "Mozilla/5.0 (compatible; SemrushBot/7~bl; +http://www.semrush.com/bot.html)" "ysfine.com"
13.58.64.88 - - [05/Oct/2022:17:34:49 -0700] "GET /ads.txt HTTP/1.1" 404 88 "http://ysfine.com/ads.txt" "AdsTxtCrawler/1.0; +https://github.com/InteractiveAdvertisingBureau/adstxtcrawler" "ysfine.com"
23.236.204.19 - - [05/Oct/2022:17:35:02 -0700] "GET /jobs/index.html HTTP/1.1" 200 123 "-" "Mozilla/5.0 (X11; Linux x86_64) AppleWebKit/537.36 (KHTML, like Gecko) Chrome/103.0.5060.53 Safari/537.36" "ysfine.com"
23.236.204.19 - - [05/Oct/2022:17:35:02 -0700] "GET /jobs/joleft.html HTTP/1.1" 200 334 "https://ysfine.com/jobs/index.html" "Mozilla/5.0 (X11; Linux x86_64) AppleWebKit/537.36 (KHTML, like Gecko) Chrome/103.0.5060.53 Safari/537.36" "ysfine.com"
23.236.204.19 - - [05/Oct/2022:17:35:02 -0700] "GET /jobs/jorigh.html HTTP/1.1" 200 1583 "https://ysfine.com/jobs/index.html" "Mozilla/5.0 (X11; Linux x86_64) AppleWebKit/537.36 (KHTML, like Gecko) Chrome/103.0.5060.53 Safari/537.36" "ysfine.com"
157.55.39.58 - - [05/Oct/2022:17:35:11 -0700] "GET /wigner/gim/gimn26.jpg HTTP/1.1" 200 127498 "-" "Mozilla/5.0 AppleWebKit/537.36 (KHTML, like Gecko; compatible; bingbot/2.0; +http://www.bing.com/bingbot.htm) Chrome/103.0.5060.134 Safari/537.36" "ysfine.com"
185.191.171.19 - - [05/Oct/2022:17:36:08 -0700] "GET /remote/wigner111/frame30.html HTTP/1.1" 200 408 "-" "Mozilla/5.0 (compatible; SemrushBot/7~bl; +http://www.semrush.com/bot.html)" "www.ysfine.com"
157.55.39.128 - - [05/Oct/2022:17:37:02 -0700] "GET /world/ital/coloss12.jpg HTTP/1.1" 200 95128 "-" "Mozilla/5.0 (compatible; bingbot/2.0; +http://www.bing.com/bingbot.htm)" "ysfine.com"
157.55.39.128 - - [05/Oct/2022:17:37:04 -0700] "GET /princeton/alexan11.jpg HTTP/1.1" 200 118946 "-" "Mozilla/5.0 (compatible; bingbot/2.0; +http://www.bing.com/bingbot.htm)" "ysfine.com"
157.55.39.55 - - [05/Oct/2022:17:37:11 -0700] "GET /world/poland/psoldier01b.jpg HTTP/1.1" 200 43418 "-" "Mozilla/5.0 AppleWebKit/537.36 (KHTML, like Gecko; compatible; bingbot/2.0; +http://www.bing.com/bingbot.htm) Chrome/103.0.5060.134 Safari/537.36" "ysfine.com"
157.55.39.58 - - [05/Oct/2022:17:37:17 -0700] "GET /world/hungary/buda031.jpg HTTP/1.1" 200 110069 "-" "Mozilla/5.0 (compatible; bingbot/2.0; +http://www.bing.com/bingbot.htm)" "ysfine.com"
157.55.39.55 - - [05/Oct/2022:17:37:22 -0700] "GET /world/france/sorbonne33.jpg HTTP/1.1" 200 125876 "-" "Mozilla/5.0 AppleWebKit/537.36 (KHTML, like Gecko; compatible; bingbot/2.0; +http://www.bing.com/bingbot.htm) Chrome/103.0.5060.134 Safari/537.36" "www.ysfine.com"
51.222.253.7 - - [05/Oct/2022:17:37:25 -0700] "GET /feynman/feykant.html HTTP/1.1" 200 3350 "-" "Mozilla/5.0 (compatible; AhrefsBot/7.0; +http://ahrefs.com/robot/)" "www.ysfine.com"
40.77.167.27 - - [05/Oct/2022:17:37:38 -0700] "GET /wdc/gtown03b.jpg HTTP/1.1" 200 50421 "-" "Mozilla/5.0 (compatible; bingbot/2.0; +http://www.bing.com/bingbot.htm)" "ysfine.com"
157.55.39.55 - - [05/Oct/2022:17:38:23 -0700] "GET /world/china/chongking21.jpg HTTP/1.1" 200 107240 "-" "Mozilla/5.0 AppleWebKit/537.36 (KHTML, like Gecko; compatible; bingbot/2.0; +http://www.bing.com/bingbot.htm) Chrome/103.0.5060.134 Safari/537.36" "ysfine.com"
24.189.106.242 - - [05/Oct/2022:17:39:13 -0700] "GET /einstein/einusa.html HTTP/1.1" 200 8153 "https://www.google.com/" "Mozilla/5.0 (Linux; Android 12; SM-G973U) AppleWebKit/537.36 (KHTML, like Gecko) Chrome/105.0.0.0 Mobile Safari/537.36" "ysfine.com"
24.189.106.242 - - [05/Oct/2022:17:39:13 -0700] "GET /einstein/einfine21b.jpg HTTP/1.1" 200 53710 "https://ysfine.com/einstein/einusa.html" "Mozilla/5.0 (Linux; Android 12; SM-G973U) AppleWebKit/537.36 (KHTML, like Gecko) Chrome/105.0.0.0 Mobile Safari/537.36" "ysfine.com"
24.189.106.242 - - [05/Oct/2022:17:39:13 -0700] "GET /princeton/ias11b.jpg HTTP/1.1" 200 33974 "https://ysfine.com/einstein/einusa.html" "Mozilla/5.0 (Linux; Android 12; SM-G973U) AppleWebKit/537.36 (KHTML, like Gecko) Chrome/105.0.0.0 Mobile Safari/537.36" "ysfine.com"
24.189.106.242 - - [05/Oct/2022:17:39:13 -0700] "GET /einstein/einhouse11b.jpg HTTP/1.1" 200 42717 "https://ysfine.com/einstein/einusa.html" "Mozilla/5.0 (Linux; Android 12; SM-G973U) AppleWebKit/537.36 (KHTML, like Gecko) Chrome/105.0.0.0 Mobile Safari/537.36" "ysfine.com"
24.189.106.242 - - [05/Oct/2022:17:39:13 -0700] "GET /einstein/eincurie11b.jpg HTTP/1.1" 200 42944 "https://ysfine.com/einstein/einusa.html" "Mozilla/5.0 (Linux; Android 12; SM-G973U) AppleWebKit/537.36 (KHTML, like Gecko) Chrome/105.0.0.0 Mobile Safari/537.36" "ysfine.com"
24.189.106.242 - - [05/Oct/2022:17:39:13 -0700] "GET /eink/pwk19c.jpg HTTP/1.1" 200 57759 "https://ysfine.com/einstein/einusa.html" "Mozilla/5.0 (Linux; Android 12; SM-G973U) AppleWebKit/537.36 (KHTML, like Gecko) Chrome/105.0.0.0 Mobile Safari/537.36" "ysfine.com"
24.189.106.242 - - [05/Oct/2022:17:39:13 -0700] "GET /kobak/taylor33c.jpg HTTP/1.1" 200 39951 "https://ysfine.com/einstein/einusa.html" "Mozilla/5.0 (Linux; Android 12; SM-G973U) AppleWebKit/537.36 (KHTML, like Gecko) Chrome/105.0.0.0 Mobile Safari/537.36" "ysfine.com"
