51.222.253.5 - - [03/Oct/2022:22:57:00 -0700] "GET /world/israel/tlv23c.jpg HTTP/1.1" 200 27789 "-" "Mozilla/5.0 (compatible; AhrefsBot/7.0; +http://ahrefs.com/robot/)" "ysfine.com"
51.222.253.4 - - [03/Oct/2022:22:57:01 -0700] "GET /world/israel/armen10c.jpg HTTP/1.1" 200 25673 "-" "Mozilla/5.0 (compatible; AhrefsBot/7.0; +http://ahrefs.com/robot/)" "ysfine.com"
51.222.253.5 - - [03/Oct/2022:22:57:01 -0700] "GET /world/israel/jeru19c.jpg HTTP/1.1" 200 28248 "-" "Mozilla/5.0 (compatible; AhrefsBot/7.0; +http://ahrefs.com/robot/)" "ysfine.com"
51.222.253.10 - - [03/Oct/2022:22:57:01 -0700] "GET /world/israel/jeru42c.jpg HTTP/1.1" 200 36333 "-" "Mozilla/5.0 (compatible; AhrefsBot/7.0; +http://ahrefs.com/robot/)" "ysfine.com"
51.222.253.7 - - [03/Oct/2022:22:57:02 -0700] "GET /world/israel/armench11c.jpg HTTP/1.1" 200 26200 "-" "Mozilla/5.0 (compatible; AhrefsBot/7.0; +http://ahrefs.com/robot/)" "ysfine.com"
51.222.253.20 - - [03/Oct/2022:22:57:02 -0700] "GET /world/israel/jeru21c.jpg HTTP/1.1" 200 32219 "-" "Mozilla/5.0 (compatible; AhrefsBot/7.0; +http://ahrefs.com/robot/)" "ysfine.com"
51.222.253.1 - - [03/Oct/2022:22:57:03 -0700] "GET /world/israel/tlv03c.jpg HTTP/1.1" 200 37144 "-" "Mozilla/5.0 (compatible; AhrefsBot/7.0; +http://ahrefs.com/robot/)" "ysfine.com"
40.77.167.27 - - [03/Oct/2022:22:57:49 -0700] "GET /world/poland/curiep01.jpg HTTP/1.1" 200 60156 "-" "Mozilla/5.0 AppleWebKit/537.36 (KHTML, like Gecko; compatible; bingbot/2.0; +http://www.bing.com/bingbot.htm) Chrome/103.0.5060.134 Safari/537.36" "www.ysfine.com"
40.77.167.105 - - [03/Oct/2022:22:57:54 -0700] "GET /robots.txt HTTP/1.1" 404 88 "-" "Mozilla/5.0 AppleWebKit/537.36 (KHTML, like Gecko; compatible; bingbot/2.0; +http://www.bing.com/bingbot.htm) Chrome/103.0.5060.134 Safari/537.36" "ysfine.com"
172.58.24.239 - - [03/Oct/2022:22:57:57 -0700] "GET /style/tatiana11.jpg HTTP/1.1" 200 146910 "https://www.google.com/" "Mozilla/5.0 (Linux; Android 12; Pixel 3a Build/SP2A.220505.008; wv) AppleWebKit/537.36 (KHTML, like Gecko) Version/4.0 Chrome/105.0.5195.136 Mobile Safari/537.36 GoogleApp/13.36.12.26.arm64" "ysfine.com"
157.55.39.128 - - [03/Oct/2022:22:58:25 -0700] "GET /style/sicily22.jpg HTTP/1.1" 200 80014 "-" "Mozilla/5.0 (compatible; bingbot/2.0; +http://www.bing.com/bingbot.htm)" "www.ysfine.com"
51.222.253.10 - - [03/Oct/2022:22:58:28 -0700] "GET /class54/class5470/total_data/sub_114.htm HTTP/1.1" 200 3292 "-" "Mozilla/5.0 (compatible; AhrefsBot/7.0; +http://ahrefs.com/robot/)" "www.ysfine.com"
51.222.253.8 - - [03/Oct/2022:22:58:38 -0700] "GET /class54/class5470/total_data/refer_img/1-16_f.jpg HTTP/1.1" 200 20257 "-" "Mozilla/5.0 (compatible; AhrefsBot/7.0; +http://ahrefs.com/robot/)" "www.ysfine.com"
51.222.253.14 - - [03/Oct/2022:22:58:38 -0700] "GET /class54/class5470/total_data/refer_img/1-2_f.jpg HTTP/1.1" 200 14500 "-" "Mozilla/5.0 (compatible; AhrefsBot/7.0; +http://ahrefs.com/robot/)" "www.ysfine.com"
51.222.253.2 - - [03/Oct/2022:22:58:39 -0700] "GET /class54/class5470/total_data/refer_img/1-3_f.jpg HTTP/1.1" 200 18163 "-" "Mozilla/5.0 (compatible; AhrefsBot/7.0; +http://ahrefs.com/robot/)" "www.ysfine.com"
51.222.253.11 - - [03/Oct/2022:22:58:39 -0700] "GET /class54/class5470/total_data/refer_img/1-10_f.jpg HTTP/1.1" 200 22258 "-" "Mozilla/5.0 (compatible; AhrefsBot/7.0; +http://ahrefs.com/robot/)" "www.ysfine.com"
51.222.253.7 - - [03/Oct/2022:22:58:39 -0700] "GET /class54/class5470/total_data/refer_img/1-11_f.jpg HTTP/1.1" 200 19072 "-" "Mozilla/5.0 (compatible; AhrefsBot/7.0; +http://ahrefs.com/robot/)" "www.ysfine.com"
51.222.253.14 - - [03/Oct/2022:22:58:40 -0700] "GET /class54/class5470/total_data/refer_img/1-15_f.jpg HTTP/1.1" 200 14231 "-" "Mozilla/5.0 (compatible; AhrefsBot/7.0; +http://ahrefs.com/robot/)" "www.ysfine.com"
51.222.253.2 - - [03/Oct/2022:22:58:40 -0700] "GET /class54/class5470/total_data/img/01_smtitle14.gif HTTP/1.1" 200 272 "-" "Mozilla/5.0 (compatible; AhrefsBot/7.0; +http://ahrefs.com/robot/)" "www.ysfine.com"
51.222.253.2 - - [03/Oct/2022:22:58:40 -0700] "GET /class54/class5470/total_data/img/01_st_campus.gif HTTP/1.1" 200 616 "-" "Mozilla/5.0 (compatible; AhrefsBot/7.0; +http://ahrefs.com/robot/)" "www.ysfine.com"
51.222.253.9 - - [03/Oct/2022:22:58:41 -0700] "GET /class54/class5470/total_data/refer_img/1-12_f.jpg HTTP/1.1" 200 16621 "-" "Mozilla/5.0 (compatible; AhrefsBot/7.0; +http://ahrefs.com/robot/)" "www.ysfine.com"
51.222.253.19 - - [03/Oct/2022:22:58:41 -0700] "GET /class54/class5470/total_data/refer_img/1-4_f.jpg HTTP/1.1" 200 27550 "-" "Mozilla/5.0 (compatible; AhrefsBot/7.0; +http://ahrefs.com/robot/)" "www.ysfine.com"
51.222.253.20 - - [03/Oct/2022:22:58:41 -0700] "GET /class54/class5470/total_data/refer_img/1-9_f.jpg HTTP/1.1" 200 20629 "-" "Mozilla/5.0 (compatible; AhrefsBot/7.0; +http://ahrefs.com/robot/)" "www.ysfine.com"
51.222.253.18 - - [03/Oct/2022:22:58:42 -0700] "GET /class54/class5470/total_data/refer_img/1-7_f.jpg HTTP/1.1" 200 20322 "-" "Mozilla/5.0 (compatible; AhrefsBot/7.0; +http://ahrefs.com/robot/)" "www.ysfine.com"
51.222.253.15 - - [03/Oct/2022:22:58:42 -0700] "GET /class54/class5470/total_data/refer_img/1-13_f.jpg HTTP/1.1" 200 9871 "-" "Mozilla/5.0 (compatible; AhrefsBot/7.0; +http://ahrefs.com/robot/)" "www.ysfine.com"
51.222.253.14 - - [03/Oct/2022:22:58:42 -0700] "GET /class54/class5470/total_data/refer_img/1-5_f.jpg HTTP/1.1" 200 12010 "-" "Mozilla/5.0 (compatible; AhrefsBot/7.0; +http://ahrefs.com/robot/)" "www.ysfine.com"
51.222.253.9 - - [03/Oct/2022:22:58:43 -0700] "GET /class54/class5470/total_data/refer_img/1-6_f.jpg HTTP/1.1" 200 28598 "-" "Mozilla/5.0 (compatible; AhrefsBot/7.0; +http://ahrefs.com/robot/)" "www.ysfine.com"
51.222.253.6 - - [03/Oct/2022:22:58:43 -0700] "GET /class54/class5470/total_data/refer_img/1-14_f.jpg HTTP/1.1" 200 18101 "-" "Mozilla/5.0 (compatible; AhrefsBot/7.0; +http://ahrefs.com/robot/)" "www.ysfine.com"
51.222.253.1 - - [03/Oct/2022:22:58:43 -0700] "GET /class54/class5470/total_data/photo_img/1-14.jpg HTTP/1.1" 200 244211 "-" "Mozilla/5.0 (compatible; AhrefsBot/7.0; +http://ahrefs.com/robot/)" "www.ysfine.com"
51.222.253.18 - - [03/Oct/2022:22:58:44 -0700] "GET /class54/class5470/total_data/refer_img/1-8_f.jpg HTTP/1.1" 200 24172 "-" "Mozilla/5.0 (compatible; AhrefsBot/7.0; +http://ahrefs.com/robot/)" "www.ysfine.com"
40.77.167.27 - - [03/Oct/2022:22:58:47 -0700] "GET /kobak/underw02.jpg HTTP/1.1" 200 61728 "-" "Mozilla/5.0 (compatible; bingbot/2.0; +http://www.bing.com/bingbot.htm)" "ysfine.com"
114.119.128.14 - - [03/Oct/2022:22:59:10 -0700] "GET /dirac/minsk19.pdf HTTP/1.1" 404 88 "-" "Mozilla/5.0 (Linux; Android 7.0;) AppleWebKit/537.36 (KHTML, like Gecko) Mobile Safari/537.36 (compatible; PetalBot;+https://webmaster.petalsearch.com/site/petalbot)" "ysfine.com"
51.222.253.8 - - [03/Oct/2022:23:00:11 -0700] "GET /world/china/shenyang.html HTTP/1.1" 200 5154 "-" "Mozilla/5.0 (compatible; AhrefsBot/7.0; +http://ahrefs.com/robot/)" "www.ysfine.com"
157.55.39.55 - - [03/Oct/2022:23:00:22 -0700] "GET /people/tollwig2.jpg HTTP/1.1" 200 35067 "-" "Mozilla/5.0 (compatible; bingbot/2.0; +http://www.bing.com/bingbot.htm)" "www.ysfine.com"
40.77.167.27 - - [03/Oct/2022:23:00:29 -0700] "GET /maga/phys/boltz11b.jpg HTTP/1.1" 200 33536 "-" "Mozilla/5.0 (compatible; bingbot/2.0; +http://www.bing.com/bingbot.htm)" "ysfine.com"
51.222.253.17 - - [03/Oct/2022:23:01:51 -0700] "GET /einstein/further.html HTTP/1.1" 200 4338 "-" "Mozilla/5.0 (compatible; AhrefsBot/7.0; +http://ahrefs.com/robot/)" "ysfine.com"
114.119.128.142 - - [03/Oct/2022:23:01:52 -0700] "GET /world/russ/dnepro.html HTTP/1.1" 200 439 "https://ysfine.com/class54/emailed.html" "Mozilla/5.0 (Linux; Android 7.0;) AppleWebKit/537.36 (KHTML, like Gecko) Mobile Safari/537.36 (compatible; PetalBot;+https://webmaster.petalsearch.com/site/petalbot)" "ysfine.com"
51.222.253.16 - - [03/Oct/2022:23:01:59 -0700] "GET /einstein/dirfeyn55f.jpg HTTP/1.1" 200 106448 "-" "Mozilla/5.0 (compatible; AhrefsBot/7.0; +http://ahrefs.com/robot/)" "ysfine.com"
51.222.253.9 - - [03/Oct/2022:23:02:00 -0700] "GET /einstein/eward33f.jpg HTTP/1.1" 200 77764 "-" "Mozilla/5.0 (compatible; AhrefsBot/7.0; +http://ahrefs.com/robot/)" "ysfine.com"
51.222.253.10 - - [03/Oct/2022:23:02:00 -0700] "GET /einstein/newtein11f.jpg HTTP/1.1" 200 75467 "-" "Mozilla/5.0 (compatible; AhrefsBot/7.0; +http://ahrefs.com/robot/)" "ysfine.com"
51.222.253.12 - - [03/Oct/2022:23:02:01 -0700] "GET /einstein/places/einha02c.jpg HTTP/1.1" 200 23710 "-" "Mozilla/5.0 (compatible; AhrefsBot/7.0; +http://ahrefs.com/robot/)" "ysfine.com"
51.222.253.10 - - [03/Oct/2022:23:02:01 -0700] "GET /einstein/ewk86f.jpg HTTP/1.1" 200 127172 "-" "Mozilla/5.0 (compatible; AhrefsBot/7.0; +http://ahrefs.com/robot/)" "ysfine.com"
51.222.253.9 - - [03/Oct/2022:23:02:02 -0700] "GET /einstein/places/einha01c.jpg HTTP/1.1" 200 39982 "-" "Mozilla/5.0 (compatible; AhrefsBot/7.0; +http://ahrefs.com/robot/)" "ysfine.com"
157.55.39.127 - - [03/Oct/2022:23:02:12 -0700] "GET /world/russ/tolstoyf.html HTTP/1.1" 200 1421 "-" "Mozilla/5.0 (compatible; bingbot/2.0; +http://www.bing.com/bingbot.htm)" "ysfine.com"
116.179.32.22 - - [03/Oct/2022:23:03:29 -0700] "GET /einstein/standingw.html HTTP/1.1" 304 - "-" "Mozilla/5.0 (compatible; Baiduspider/2.0; +http://www.baidu.com/search/spider.html)" "www.ysfine.com"
173.73.80.118 - - [03/Oct/2022:23:03:53 -0700] "GET /ys11/ HTTP/1.1" 304 - "-" "Mozilla/5.0 (Windows NT 10.0; Win64; x64) AppleWebKit/537.36 (KHTML, like Gecko) Chrome/105.0.0.0 Safari/537.36 Edg/105.0.1343.53" "ysfine.com"
173.73.80.118 - - [03/Oct/2022:23:03:53 -0700] "GET /favicon.ico HTTP/1.1" 404 88 "https://ysfine.com/ys11/" "Mozilla/5.0 (Windows NT 10.0; Win64; x64) AppleWebKit/537.36 (KHTML, like Gecko) Chrome/105.0.0.0 Safari/537.36 Edg/105.0.1343.53" "ysfine.com"
173.73.80.118 - - [03/Oct/2022:23:04:13 -0700] "GET /bio/index.html HTTP/1.1" 200 17488 "-" "Mozilla/5.0 (Windows NT 10.0; Win64; x64) AppleWebKit/537.36 (KHTML, like Gecko) Chrome/105.0.0.0 Safari/537.36 Edg/105.0.1343.53" "ysfine.com"
173.73.80.118 - - [03/Oct/2022:23:04:13 -0700] "GET /sbk/1987pr22c.jpg HTTP/1.1" 200 40964 "https://ysfine.com/bio/index.html" "Mozilla/5.0 (Windows NT 10.0; Win64; x64) AppleWebKit/537.36 (KHTML, like Gecko) Chrome/105.0.0.0 Safari/537.36 Edg/105.0.1343.53" "ysfine.com"
173.73.80.118 - - [03/Oct/2022:23:04:13 -0700] "GET /bio/yskim10c.jpg HTTP/1.1" 200 88826 "https://ysfine.com/bio/index.html" "Mozilla/5.0 (Windows NT 10.0; Win64; x64) AppleWebKit/537.36 (KHTML, like Gecko) Chrome/105.0.0.0 Safari/537.36 Edg/105.0.1343.53" "ysfine.com"
173.73.80.118 - - [03/Oct/2022:23:04:13 -0700] "GET /bio/yspr61c.jpg HTTP/1.1" 200 50632 "https://ysfine.com/bio/index.html" "Mozilla/5.0 (Windows NT 10.0; Win64; x64) AppleWebKit/537.36 (KHTML, like Gecko) Chrome/105.0.0.0 Safari/537.36 Edg/105.0.1343.53" "ysfine.com"
173.73.80.118 - - [03/Oct/2022:23:04:13 -0700] "GET /bio/fotos/taylor33c.jpg HTTP/1.1" 404 88 "https://ysfine.com/bio/index.html" "Mozilla/5.0 (Windows NT 10.0; Win64; x64) AppleWebKit/537.36 (KHTML, like Gecko) Chrome/105.0.0.0 Safari/537.36 Edg/105.0.1343.53" "ysfine.com"
173.73.80.118 - - [03/Oct/2022:23:04:13 -0700] "GET /bio/facu63c.jpg HTTP/1.1" 200 41710 "https://ysfine.com/bio/index.html" "Mozilla/5.0 (Windows NT 10.0; Win64; x64) AppleWebKit/537.36 (KHTML, like Gecko) Chrome/105.0.0.0 Safari/537.36 Edg/105.0.1343.53" "ysfine.com"
173.73.80.118 - - [03/Oct/2022:23:04:13 -0700] "GET /bio/fotos/seoul50k.jpg HTTP/1.1" 404 88 "https://ysfine.com/bio/index.html" "Mozilla/5.0 (Windows NT 10.0; Win64; x64) AppleWebKit/537.36 (KHTML, like Gecko) Chrome/105.0.0.0 Safari/537.36 Edg/105.0.1343.53" "ysfine.com"
173.73.80.118 - - [03/Oct/2022:23:04:13 -0700] "GET /bio/fotos/photo03c.jpg HTTP/1.1" 404 88 "https://ysfine.com/bio/index.html" "Mozilla/5.0 (Windows NT 10.0; Win64; x64) AppleWebKit/537.36 (KHTML, like Gecko) Chrome/105.0.0.0 Safari/537.36 Edg/105.0.1343.53" "ysfine.com"
173.73.80.118 - - [03/Oct/2022:23:04:13 -0700] "GET /bio/fotos/photo00c.jpg HTTP/1.1" 404 88 "https://ysfine.com/bio/index.html" "Mozilla/5.0 (Windows NT 10.0; Win64; x64) AppleWebKit/537.36 (KHTML, like Gecko) Chrome/105.0.0.0 Safari/537.36 Edg/105.0.1343.53" "ysfine.com"
173.73.80.118 - - [03/Oct/2022:23:04:13 -0700] "GET /bio/fotos/marxlon02c.jpg HTTP/1.1" 404 88 "https://ysfine.com/bio/index.html" "Mozilla/5.0 (Windows NT 10.0; Win64; x64) AppleWebKit/537.36 (KHTML, like Gecko) Chrome/105.0.0.0 Safari/537.36 Edg/105.0.1343.53" "ysfine.com"
173.73.80.118 - - [03/Oct/2022:23:04:13 -0700] "GET /bio/fotos/dirfeyn62c.jpg HTTP/1.1" 404 88 "https://ysfine.com/bio/index.html" "Mozilla/5.0 (Windows NT 10.0; Win64; x64) AppleWebKit/537.36 (KHTML, like Gecko) Chrome/105.0.0.0 Safari/537.36 Edg/105.0.1343.53" "ysfine.com"
173.73.80.118 - - [03/Oct/2022:23:04:13 -0700] "GET /bio/fotos/korjap03c.jpg HTTP/1.1" 404 88 "https://ysfine.com/bio/index.html" "Mozilla/5.0 (Windows NT 10.0; Win64; x64) AppleWebKit/537.36 (KHTML, like Gecko) Chrome/105.0.0.0 Safari/537.36 Edg/105.0.1343.53" "ysfine.com"
173.73.80.118 - - [03/Oct/2022:23:04:13 -0700] "GET /bio/fotos/einhaus450.jpg HTTP/1.1" 404 88 "https://ysfine.com/bio/index.html" "Mozilla/5.0 (Windows NT 10.0; Win64; x64) AppleWebKit/537.36 (KHTML, like Gecko) Chrome/105.0.0.0 Safari/537.36 Edg/105.0.1343.53" "ysfine.com"
173.73.80.118 - - [03/Oct/2022:23:04:13 -0700] "GET /bio/eward55a.jpg HTTP/1.1" 200 84523 "https://ysfine.com/bio/index.html" "Mozilla/5.0 (Windows NT 10.0; Win64; x64) AppleWebKit/537.36 (KHTML, like Gecko) Chrome/105.0.0.0 Safari/537.36 Edg/105.0.1343.53" "ysfine.com"
173.73.80.118 - - [03/Oct/2022:23:04:13 -0700] "GET /bio/fotos/photo12c.jpg HTTP/1.1" 404 88 "https://ysfine.com/bio/index.html" "Mozilla/5.0 (Windows NT 10.0; Win64; x64) AppleWebKit/537.36 (KHTML, like Gecko) Chrome/105.0.0.0 Safari/537.36 Edg/105.0.1343.53" "ysfine.com"
173.73.80.118 - - [03/Oct/2022:23:04:13 -0700] "GET /bio/canal55c.jpg HTTP/1.1" 200 41665 "https://ysfine.com/bio/index.html" "Mozilla/5.0 (Windows NT 10.0; Win64; x64) AppleWebKit/537.36 (KHTML, like Gecko) Chrome/105.0.0.0 Safari/537.36 Edg/105.0.1343.53" "ysfine.com"
173.73.80.118 - - [03/Oct/2022:23:04:13 -0700] "GET /bio/ewk86a.jpg HTTP/1.1" 200 86008 "https://ysfine.com/bio/index.html" "Mozilla/5.0 (Windows NT 10.0; Win64; x64) AppleWebKit/537.36 (KHTML, like Gecko) Chrome/105.0.0.0 Safari/537.36 Edg/105.0.1343.53" "ysfine.com"
173.73.80.118 - - [03/Oct/2022:23:04:13 -0700] "GET /bio/fotos/gongdae54a.jpg HTTP/1.1" 404 88 "https://ysfine.com/bio/index.html" "Mozilla/5.0 (Windows NT 10.0; Win64; x64) AppleWebKit/537.36 (KHTML, like Gecko) Chrome/105.0.0.0 Safari/537.36 Edg/105.0.1343.53" "ysfine.com"
173.73.80.118 - - [03/Oct/2022:23:04:13 -0700] "GET /bio/comet40c.jpg HTTP/1.1" 200 41188 "https://ysfine.com/bio/index.html" "Mozilla/5.0 (Windows NT 10.0; Win64; x64) AppleWebKit/537.36 (KHTML, like Gecko) Chrome/105.0.0.0 Safari/537.36 Edg/105.0.1343.53" "ysfine.com"
173.73.80.118 - - [03/Oct/2022:23:04:13 -0700] "GET /bio/bew22a.jpg HTTP/1.1" 200 88415 "https://ysfine.com/bio/index.html" "Mozilla/5.0 (Windows NT 10.0; Win64; x64) AppleWebKit/537.36 (KHTML, like Gecko) Chrome/105.0.0.0 Safari/537.36 Edg/105.0.1343.53" "ysfine.com"
173.73.80.118 - - [03/Oct/2022:23:04:13 -0700] "GET /bio/family66a.jpg HTTP/1.1" 200 66365 "https://ysfine.com/bio/index.html" "Mozilla/5.0 (Windows NT 10.0; Win64; x64) AppleWebKit/537.36 (KHTML, like Gecko) Chrome/105.0.0.0 Safari/537.36 Edg/105.0.1343.53" "ysfine.com"
173.73.80.118 - - [03/Oct/2022:23:04:13 -0700] "GET /bio/fotos/photo04c.jpg HTTP/1.1" 404 88 "https://ysfine.com/bio/index.html" "Mozilla/5.0 (Windows NT 10.0; Win64; x64) AppleWebKit/537.36 (KHTML, like Gecko) Chrome/105.0.0.0 Safari/537.36 Edg/105.0.1343.53" "ysfine.com"
173.73.80.118 - - [03/Oct/2022:23:04:13 -0700] "GET /bio/resonance33c.jpg HTTP/1.1" 200 36247 "https://ysfine.com/bio/index.html" "Mozilla/5.0 (Windows NT 10.0; Win64; x64) AppleWebKit/537.36 (KHTML, like Gecko) Chrome/105.0.0.0 Safari/537.36 Edg/105.0.1343.53" "ysfine.com"
173.73.80.118 - - [03/Oct/2022:23:04:13 -0700] "GET /bio/top21c.jpg HTTP/1.1" 200 53120 "https://ysfine.com/bio/index.html" "Mozilla/5.0 (Windows NT 10.0; Win64; x64) AppleWebKit/537.36 (KHTML, like Gecko) Chrome/105.0.0.0 Safari/537.36 Edg/105.0.1343.53" "ysfine.com"
173.73.80.118 - - [03/Oct/2022:23:04:13 -0700] "GET /bio/sq600c.jpg HTTP/1.1" 200 18492 "https://ysfine.com/bio/index.html" "Mozilla/5.0 (Windows NT 10.0; Win64; x64) AppleWebKit/537.36 (KHTML, like Gecko) Chrome/105.0.0.0 Safari/537.36 Edg/105.0.1343.53" "ysfine.com"
173.73.80.118 - - [03/Oct/2022:23:04:13 -0700] "GET /bio/fotos/101c.jpg HTTP/1.1" 404 88 "https://ysfine.com/bio/index.html" "Mozilla/5.0 (Windows NT 10.0; Win64; x64) AppleWebKit/537.36 (KHTML, like Gecko) Chrome/105.0.0.0 Safari/537.36 Edg/105.0.1343.53" "ysfine.com"
173.73.80.118 - - [03/Oct/2022:23:04:13 -0700] "GET /bio/ysrhee33c.jpg HTTP/1.1" 200 26817 "https://ysfine.com/bio/index.html" "Mozilla/5.0 (Windows NT 10.0; Win64; x64) AppleWebKit/537.36 (KHTML, like Gecko) Chrome/105.0.0.0 Safari/537.36 Edg/105.0.1343.53" "ysfine.com"
173.73.80.118 - - [03/Oct/2022:23:04:13 -0700] "GET /bio/fotos/photo02c.jpg HTTP/1.1" 404 88 "https://ysfine.com/bio/index.html" "Mozilla/5.0 (Windows NT 10.0; Win64; x64) AppleWebKit/537.36 (KHTML, like Gecko) Chrome/105.0.0.0 Safari/537.36 Edg/105.0.1343.53" "ysfine.com"
173.73.80.118 - - [03/Oct/2022:23:04:13 -0700] "GET /bio/fotos/campus06c.jpg HTTP/1.1" 404 88 "https://ysfine.com/bio/index.html" "Mozilla/5.0 (Windows NT 10.0; Win64; x64) AppleWebKit/537.36 (KHTML, like Gecko) Chrome/105.0.0.0 Safari/537.36 Edg/105.0.1343.53" "ysfine.com"
173.73.80.118 - - [03/Oct/2022:23:04:13 -0700] "GET /bio/fotos/photo05c.jpg HTTP/1.1" 404 88 "https://ysfine.com/bio/index.html" "Mozilla/5.0 (Windows NT 10.0; Win64; x64) AppleWebKit/537.36 (KHTML, like Gecko) Chrome/105.0.0.0 Safari/537.36 Edg/105.0.1343.53" "ysfine.com"
173.73.80.118 - - [03/Oct/2022:23:04:13 -0700] "GET /bio/fotos/105c.jpg HTTP/1.1" 404 88 "https://ysfine.com/bio/index.html" "Mozilla/5.0 (Windows NT 10.0; Win64; x64) AppleWebKit/537.36 (KHTML, like Gecko) Chrome/105.0.0.0 Safari/537.36 Edg/105.0.1343.53" "ysfine.com"
173.73.80.118 - - [03/Oct/2022:23:04:13 -0700] "GET /bio/eink77c.jpg HTTP/1.1" 200 47471 "https://ysfine.com/bio/index.html" "Mozilla/5.0 (Windows NT 10.0; Win64; x64) AppleWebKit/537.36 (KHTML, like Gecko) Chrome/105.0.0.0 Safari/537.36 Edg/105.0.1343.53" "ysfine.com"
173.73.80.118 - - [03/Oct/2022:23:04:13 -0700] "GET /bio/truck/truck20c.jpg HTTP/1.1" 404 88 "https://ysfine.com/bio/index.html" "Mozilla/5.0 (Windows NT 10.0; Win64; x64) AppleWebKit/537.36 (KHTML, like Gecko) Chrome/105.0.0.0 Safari/537.36 Edg/105.0.1343.53" "ysfine.com"
173.73.80.118 - - [03/Oct/2022:23:04:13 -0700] "GET /bio/fotos/103c.jpg HTTP/1.1" 404 88 "https://ysfine.com/bio/index.html" "Mozilla/5.0 (Windows NT 10.0; Win64; x64) AppleWebKit/537.36 (KHTML, like Gecko) Chrome/105.0.0.0 Safari/537.36 Edg/105.0.1343.53" "ysfine.com"
173.73.80.118 - - [03/Oct/2022:23:04:13 -0700] "GET /bio/fotos/house99d.jpg HTTP/1.1" 404 88 "https://ysfine.com/bio/index.html" "Mozilla/5.0 (Windows NT 10.0; Win64; x64) AppleWebKit/537.36 (KHTML, like Gecko) Chrome/105.0.0.0 Safari/537.36 Edg/105.0.1343.53" "ysfine.com"
173.73.80.118 - - [03/Oct/2022:23:04:13 -0700] "GET /bio/fotos/photo06c.jpg HTTP/1.1" 404 88 "https://ysfine.com/bio/index.html" "Mozilla/5.0 (Windows NT 10.0; Win64; x64) AppleWebKit/537.36 (KHTML, like Gecko) Chrome/105.0.0.0 Safari/537.36 Edg/105.0.1343.53" "ysfine.com"
173.73.80.118 - - [03/Oct/2022:23:04:13 -0700] "GET /bio/fotos/photo09c.jpg HTTP/1.1" 404 88 "https://ysfine.com/bio/index.html" "Mozilla/5.0 (Windows NT 10.0; Win64; x64) AppleWebKit/537.36 (KHTML, like Gecko) Chrome/105.0.0.0 Safari/537.36 Edg/105.0.1343.53" "ysfine.com"
173.73.80.118 - - [03/Oct/2022:23:04:13 -0700] "GET /bio/fotos/kids20a.jpg HTTP/1.1" 404 88 "https://ysfine.com/bio/index.html" "Mozilla/5.0 (Windows NT 10.0; Win64; x64) AppleWebKit/537.36 (KHTML, like Gecko) Chrome/105.0.0.0 Safari/537.36 Edg/105.0.1343.53" "ysfine.com"
173.73.80.118 - - [03/Oct/2022:23:04:13 -0700] "GET /bio/fotos/wsj450.jpg HTTP/1.1" 404 88 "https://ysfine.com/bio/index.html" "Mozilla/5.0 (Windows NT 10.0; Win64; x64) AppleWebKit/537.36 (KHTML, like Gecko) Chrome/105.0.0.0 Safari/537.36 Edg/105.0.1343.53" "ysfine.com"
173.73.80.118 - - [03/Oct/2022:23:04:13 -0700] "GET /bio/fotos/photo08c.jpg HTTP/1.1" 404 88 "https://ysfine.com/bio/index.html" "Mozilla/5.0 (Windows NT 10.0; Win64; x64) AppleWebKit/537.36 (KHTML, like Gecko) Chrome/105.0.0.0 Safari/537.36 Edg/105.0.1343.53" "ysfine.com"
173.73.80.118 - - [03/Oct/2022:23:04:13 -0700] "GET /bio/fotos/104c.jpg HTTP/1.1" 404 88 "https://ysfine.com/bio/index.html" "Mozilla/5.0 (Windows NT 10.0; Win64; x64) AppleWebKit/537.36 (KHTML, like Gecko) Chrome/105.0.0.0 Safari/537.36 Edg/105.0.1343.53" "ysfine.com"
173.73.80.118 - - [03/Oct/2022:23:04:17 -0700] "GET /bio/fotos/seoul50.jpg HTTP/1.1" 404 88 "https://ysfine.com/bio/index.html" "Mozilla/5.0 (Windows NT 10.0; Win64; x64) AppleWebKit/537.36 (KHTML, like Gecko) Chrome/105.0.0.0 Safari/537.36 Edg/105.0.1343.53" "ysfine.com"
173.73.80.118 - - [03/Oct/2022:23:04:28 -0700] "GET /bio/fotos/seoul50.jpg HTTP/1.1" 404 88 "https://ysfine.com/bio/index.html" "Mozilla/5.0 (Windows NT 10.0; Win64; x64) AppleWebKit/537.36 (KHTML, like Gecko) Chrome/105.0.0.0 Safari/537.36 Edg/105.0.1343.53" "ysfine.com"
114.119.128.158 - - [03/Oct/2022:23:04:36 -0700] "GET /class54/chods02.pdf HTTP/1.1" 200 103782 "https://www.ysfine.com/class54/emailed05.html" "Mozilla/5.0 (Linux; Android 7.0;) AppleWebKit/537.36 (KHTML, like Gecko) Mobile Safari/537.36 (compatible; PetalBot;+https://webmaster.petalsearch.com/site/petalbot)" "ysfine.com"
173.73.80.118 - - [03/Oct/2022:23:04:37 -0700] "GET /bio/fotos/photo03.jpg HTTP/1.1" 404 88 "https://ysfine.com/bio/index.html" "Mozilla/5.0 (Windows NT 10.0; Win64; x64) AppleWebKit/537.36 (KHTML, like Gecko) Chrome/105.0.0.0 Safari/537.36 Edg/105.0.1343.53" "ysfine.com"
173.73.80.118 - - [03/Oct/2022:23:04:50 -0700] "GET /bio/yshome.html HTTP/1.1" 200 5699 "https://ysfine.com/bio/index.html" "Mozilla/5.0 (Windows NT 10.0; Win64; x64) AppleWebKit/537.36 (KHTML, like Gecko) Chrome/105.0.0.0 Safari/537.36 Edg/105.0.1343.53" "ysfine.com"
51.222.253.1 - - [03/Oct/2022:23:05:24 -0700] "GET /dirac/dirkim.html HTTP/1.1" 200 3690 "-" "Mozilla/5.0 (compatible; AhrefsBot/7.0; +http://ahrefs.com/robot/)" "ysfine.com"
51.222.253.1 - - [03/Oct/2022:23:05:36 -0700] "GET /dirac/dirac11c.jpg HTTP/1.1" 200 39003 "-" "Mozilla/5.0 (compatible; AhrefsBot/7.0; +http://ahrefs.com/robot/)" "ysfine.com"
51.222.253.8 - - [03/Oct/2022:23:05:37 -0700] "GET /dirac/nicodem11c.jpg HTTP/1.1" 200 72684 "-" "Mozilla/5.0 (compatible; AhrefsBot/7.0; +http://ahrefs.com/robot/)" "ysfine.com"
51.222.253.6 - - [03/Oct/2022:23:05:38 -0700] "GET /eink/wsj21a.jpg HTTP/1.1" 200 117645 "-" "Mozilla/5.0 (compatible; AhrefsBot/7.0; +http://ahrefs.com/robot/)" "ysfine.com"
51.222.253.7 - - [03/Oct/2022:23:05:38 -0700] "GET /home/goodbad11c.jpg HTTP/1.1" 200 18799 "-" "Mozilla/5.0 (compatible; AhrefsBot/7.0; +http://ahrefs.com/robot/)" "ysfine.com"
93.158.161.38 - - [03/Oct/2022:23:05:53 -0700] "GET /robots.txt HTTP/1.1" 404 73 "-" "Mozilla/5.0 (compatible; YandexBot/3.0; +http://yandex.com/bots)" "www.ysfine.com"
93.158.161.41 - - [03/Oct/2022:23:05:57 -0700] "GET /maga/phys/yukadirac53.jpg HTTP/1.1" 200 72355 "-" "Mozilla/5.0 (compatible; YandexImages/3.0; +http://yandex.com/bots)" "www.ysfine.com"
157.55.39.128 - - [03/Oct/2022:23:07:27 -0700] "GET /world/france/metz41.jpg HTTP/1.1" 200 109744 "-" "Mozilla/5.0 (compatible; bingbot/2.0; +http://www.bing.com/bingbot.htm)" "www.ysfine.com"
157.55.39.55 - - [03/Oct/2022:23:07:30 -0700] "GET /world/brit/britmu30.jpg HTTP/1.1" 200 93611 "-" "Mozilla/5.0 (compatible; bingbot/2.0; +http://www.bing.com/bingbot.htm)" "www.ysfine.com"
157.55.39.55 - - [03/Oct/2022:23:08:32 -0700] "GET /world/ital/stcroce16.jpg HTTP/1.1" 200 114486 "-" "Mozilla/5.0 (compatible; bingbot/2.0; +http://www.bing.com/bingbot.htm)" "ysfine.com"
51.222.253.6 - - [03/Oct/2022:23:08:42 -0700] "GET /princeton/yspr.html HTTP/1.1" 200 5439 "-" "Mozilla/5.0 (compatible; AhrefsBot/7.0; +http://ahrefs.com/robot/)" "www.ysfine.com"
51.222.253.12 - - [03/Oct/2022:23:08:47 -0700] "GET /eink/further22a.jpg HTTP/1.1" 200 96140 "-" "Mozilla/5.0 (compatible; AhrefsBot/7.0; +http://ahrefs.com/robot/)" "www.ysfine.com"
51.222.253.8 - - [03/Oct/2022:23:08:47 -0700] "GET /princeton/pawkim19c.jpg HTTP/1.1" 200 58199 "-" "Mozilla/5.0 (compatible; AhrefsBot/7.0; +http://ahrefs.com/robot/)" "www.ysfine.com"
51.222.253.1 - - [03/Oct/2022:23:08:48 -0700] "GET /princeton/yspr61c.jpg HTTP/1.1" 200 27257 "-" "Mozilla/5.0 (compatible; AhrefsBot/7.0; +http://ahrefs.com/robot/)" "www.ysfine.com"
51.222.253.3 - - [03/Oct/2022:23:08:49 -0700] "GET /eink/ewk86a.jpg HTTP/1.1" 200 70895 "-" "Mozilla/5.0 (compatible; AhrefsBot/7.0; +http://ahrefs.com/robot/)" "www.ysfine.com"
51.222.253.8 - - [03/Oct/2022:23:08:49 -0700] "GET /einstein/einbohr33c.jpg HTTP/1.1" 200 36410 "-" "Mozilla/5.0 (compatible; AhrefsBot/7.0; +http://ahrefs.com/robot/)" "www.ysfine.com"
51.222.253.2 - - [03/Oct/2022:23:08:49 -0700] "GET /princeton/ysrhee33c.jpg HTTP/1.1" 200 26817 "-" "Mozilla/5.0 (compatible; AhrefsBot/7.0; +http://ahrefs.com/robot/)" "www.ysfine.com"
51.222.253.7 - - [03/Oct/2022:23:08:50 -0700] "GET /princeton/family87c.jpg HTTP/1.1" 200 41065 "-" "Mozilla/5.0 (compatible; AhrefsBot/7.0; +http://ahrefs.com/robot/)" "www.ysfine.com"
40.77.167.27 - - [03/Oct/2022:23:08:50 -0700] "GET /kowar/tanks/southhorse.jpg HTTP/1.1" 200 96149 "-" "Mozilla/5.0 (compatible; bingbot/2.0; +http://www.bing.com/bingbot.htm)" "ysfine.com"
51.222.253.11 - - [03/Oct/2022:23:08:50 -0700] "GET /princeton/feyprince11c.jpg HTTP/1.1" 200 50500 "-" "Mozilla/5.0 (compatible; AhrefsBot/7.0; +http://ahrefs.com/robot/)" "www.ysfine.com"
51.222.253.4 - - [03/Oct/2022:23:08:51 -0700] "GET /princeton/rheepr01c.jpg HTTP/1.1" 200 33538 "-" "Mozilla/5.0 (compatible; AhrefsBot/7.0; +http://ahrefs.com/robot/)" "www.ysfine.com"
51.222.253.4 - - [03/Oct/2022:23:08:51 -0700] "GET /eink/eink24c.jpg HTTP/1.1" 200 45060 "-" "Mozilla/5.0 (compatible; AhrefsBot/7.0; +http://ahrefs.com/robot/)" "www.ysfine.com"
51.222.253.8 - - [03/Oct/2022:23:08:51 -0700] "GET /feynman/feyfirm66c.jpg HTTP/1.1" 200 36701 "-" "Mozilla/5.0 (compatible; AhrefsBot/7.0; +http://ahrefs.com/robot/)" "www.ysfine.com"
51.222.253.4 - - [03/Oct/2022:23:08:52 -0700] "GET /princeton/einpm300.jpg HTTP/1.1" 200 45605 "-" "Mozilla/5.0 (compatible; AhrefsBot/7.0; +http://ahrefs.com/robot/)" "www.ysfine.com"
173.73.80.118 - - [03/Oct/2022:23:08:56 -0700] "GET /favicon.ico HTTP/1.1" 404 88 "https://ysfine.com/ys11/" "Mozilla/5.0 (Windows NT 10.0; Win64; x64) AppleWebKit/537.36 (KHTML, like Gecko) Chrome/105.0.0.0 Safari/537.36 Edg/105.0.1343.53" "ysfine.com"
40.77.167.27 - - [03/Oct/2022:23:09:29 -0700] "GET /world/ital/venice26.jpg HTTP/1.1" 200 212413 "-" "Mozilla/5.0 (compatible; bingbot/2.0; +http://www.bing.com/bingbot.htm)" "ysfine.com"
40.77.167.27 - - [03/Oct/2022:23:09:39 -0700] "GET /world/ital/padova15.jpg HTTP/1.1" 200 75285 "-" "Mozilla/5.0 (compatible; bingbot/2.0; +http://www.bing.com/bingbot.htm)" "ysfine.com"
114.119.128.162 - - [03/Oct/2022:23:09:50 -0700] "GET /ffriends/japanese.html HTTP/1.1" 200 6424 "https://www.ysfine.com/class54/emailed06.html" "Mozilla/5.0 (Linux; Android 7.0;) AppleWebKit/537.36 (KHTML, like Gecko) Mobile Safari/537.36 (compatible; PetalBot;+https://webmaster.petalsearch.com/site/petalbot)" "www.ysfine.com"
103.195.201.44 - - [03/Oct/2022:23:10:00 -0700] "GET / HTTP/1.1" 200 5283 "-" "Mozilla/5.0 (Macintosh; Intel Mac OS X 10_10_5) AppleWebKit/603.3.8 (KHTML, like Gecko)" "www.ysfine.com"
157.55.39.55 - - [03/Oct/2022:23:10:01 -0700] "GET /home/resonance11.jpg HTTP/1.1" 200 55090 "-" "Mozilla/5.0 (compatible; bingbot/2.0; +http://www.bing.com/bingbot.htm)" "www.ysfine.com"
103.195.201.44 - - [03/Oct/2022:23:10:01 -0700] "GET /apple-touch-icon-precomposed.png HTTP/1.1" 404 88 "-" "Safari/10603.3.8 CFNetwork/720.5.7 Darwin/14.5.0 (x86_64)" "www.ysfine.com"
103.195.201.44 - - [03/Oct/2022:23:10:02 -0700] "GET /apple-touch-icon.png HTTP/1.1" 404 88 "-" "Safari/10603.3.8 CFNetwork/720.5.7 Darwin/14.5.0 (x86_64)" "www.ysfine.com"
103.195.201.44 - - [03/Oct/2022:23:10:02 -0700] "GET /favicon.ico HTTP/1.1" 404 88 "-" "Safari/10603.3.8 CFNetwork/720.5.7 Darwin/14.5.0 (x86_64)" "www.ysfine.com"
103.195.201.44 - - [03/Oct/2022:23:10:02 -0700] "GET /apple-touch-icon-precomposed.png HTTP/1.1" 404 88 "-" "Safari/10603.3.8 CFNetwork/720.5.7 Darwin/14.5.0 (x86_64)" "www.ysfine.com"
103.195.201.44 - - [03/Oct/2022:23:10:02 -0700] "GET /apple-touch-icon.png HTTP/1.1" 404 88 "-" "Safari/10603.3.8 CFNetwork/720.5.7 Darwin/14.5.0 (x86_64)" "www.ysfine.com"
103.195.201.44 - - [03/Oct/2022:23:10:03 -0700] "GET /favicon.ico HTTP/1.1" 404 88 "-" "Safari/10603.3.8 CFNetwork/720.5.7 Darwin/14.5.0 (x86_64)" "www.ysfine.com"
157.55.39.55 - - [03/Oct/2022:23:11:11 -0700] "GET /world/poland/coperni01.jpg HTTP/1.1" 200 113338 "-" "Mozilla/5.0 (compatible; bingbot/2.0; +http://www.bing.com/bingbot.htm)" "ysfine.com"
40.77.167.27 - - [03/Oct/2022:23:11:31 -0700] "GET /world/france/metz41.jpg HTTP/1.1" 200 109744 "-" "Mozilla/5.0 (compatible; bingbot/2.0; +http://www.bing.com/bingbot.htm)" "ysfine.com"
45.20.92.185 - - [03/Oct/2022:23:12:23 -0700] "GET /wigner/wiglittle.pdf HTTP/1.1" 200 2659296 "https://www.google.com/" "Mozilla/5.0 (X11; Linux x86_64) AppleWebKit/537.36 (KHTML, like Gecko) Chrome/103.0.0.0 Safari/537.36" "ysfine.com"
45.20.92.185 - - [03/Oct/2022:23:12:23 -0700] "GET /favicon.ico HTTP/1.1" 404 88 "https://ysfine.com/wigner/wiglittle.pdf" "Mozilla/5.0 (X11; Linux x86_64) AppleWebKit/537.36 (KHTML, like Gecko) Chrome/103.0.0.0 Safari/537.36" "ysfine.com"
114.119.128.158 - - [03/Oct/2022:23:12:26 -0700] "GET /wdc/whchrism.html HTTP/1.1" 200 358 "https://www.ysfine.com/houses/styhouses.html" "Mozilla/5.0 (Linux; Android 7.0;) AppleWebKit/537.36 (KHTML, like Gecko) Mobile Safari/537.36 (compatible; PetalBot;+https://webmaster.petalsearch.com/site/petalbot)" "www.ysfine.com"
45.20.92.185 - - [03/Oct/2022:23:12:29 -0700] "GET /wigner/wiglittle.pdf HTTP/1.1" 206 1 "https://www.google.com/" "Mozilla/5.0 (X11; Linux x86_64) AppleWebKit/537.36 (KHTML, like Gecko) Chrome/103.0.0.0 Safari/537.36" "ysfine.com"
45.20.92.185 - - [03/Oct/2022:23:12:30 -0700] "GET /wigner/wiglittle.pdf HTTP/1.1" 206 2348506 "https://www.google.com/" "Mozilla/5.0 (X11; Linux x86_64) AppleWebKit/537.36 (KHTML, like Gecko) Chrome/103.0.0.0 Safari/537.36" "ysfine.com"
45.20.92.185 - - [03/Oct/2022:23:12:30 -0700] "GET /favicon.ico HTTP/1.1" 404 88 "https://ysfine.com/wigner/wiglittle.pdf" "Mozilla/5.0 (X11; Linux x86_64) AppleWebKit/537.36 (KHTML, like Gecko) Chrome/103.0.0.0 Safari/537.36" "ysfine.com"
173.73.80.118 - - [03/Oct/2022:23:12:32 -0700] "GET /eink/einhaus11c.jpg HTTP/1.1" 304 - "-" "Mozilla/5.0 (Windows NT 10.0; Win64; x64; rv:105.0) Gecko/20100101 Firefox/105.0" "ysfine.com"
173.73.80.118 - - [03/Oct/2022:23:12:32 -0700] "GET /eink/einhaus33c.jpg HTTP/1.1" 304 - "-" "Mozilla/5.0 (Windows NT 10.0; Win64; x64; rv:105.0) Gecko/20100101 Firefox/105.0" "ysfine.com"
173.73.80.118 - - [03/Oct/2022:23:12:32 -0700] "GET /home/eward55f.jpg HTTP/1.1" 200 122802 "-" "Mozilla/5.0 (Windows NT 10.0; Win64; x64; rv:105.0) Gecko/20100101 Firefox/105.0" "ysfine.com"
173.73.80.118 - - [03/Oct/2022:23:12:32 -0700] "GET /home/eink54f.jpg HTTP/1.1" 304 - "-" "Mozilla/5.0 (Windows NT 10.0; Win64; x64; rv:105.0) Gecko/20100101 Firefox/105.0" "ysfine.com"
40.77.167.27 - - [03/Oct/2022:23:12:50 -0700] "GET /world/russ/mosf51.jpg HTTP/1.1" 200 127796 "-" "Mozilla/5.0 (compatible; bingbot/2.0; +http://www.bing.com/bingbot.htm)" "www.ysfine.com"
51.222.253.9 - - [03/Oct/2022:23:13:30 -0700] "GET /maga/yukawa.html HTTP/1.1" 200 5658 "-" "Mozilla/5.0 (compatible; AhrefsBot/7.0; +http://ahrefs.com/robot/)" "www.ysfine.com"
51.222.253.19 - - [03/Oct/2022:23:13:56 -0700] "GET /maga/phys/yukadirac53b.jpg HTTP/1.1" 200 46220 "-" "Mozilla/5.0 (compatible; AhrefsBot/7.0; +http://ahrefs.com/robot/)" "www.ysfine.com"
51.222.253.16 - - [03/Oct/2022:23:13:56 -0700] "GET /maga/phys/yukafeyn3.jpg HTTP/1.1" 200 41879 "-" "Mozilla/5.0 (compatible; AhrefsBot/7.0; +http://ahrefs.com/robot/)" "www.ysfine.com"
51.222.253.7 - - [03/Oct/2022:23:13:57 -0700] "GET /people/markov84b.jpg HTTP/1.1" 200 44106 "-" "Mozilla/5.0 (compatible; AhrefsBot/7.0; +http://ahrefs.com/robot/)" "www.ysfine.com"
51.222.253.20 - - [03/Oct/2022:23:13:57 -0700] "GET /maga/phys/yukafeyn2.jpg HTTP/1.1" 200 36709 "-" "Mozilla/5.0 (compatible; AhrefsBot/7.0; +http://ahrefs.com/robot/)" "www.ysfine.com"
51.222.253.8 - - [03/Oct/2022:23:13:57 -0700] "GET /maga/phys/yukaein2.jpg HTTP/1.1" 200 42863 "-" "Mozilla/5.0 (compatible; AhrefsBot/7.0; +http://ahrefs.com/robot/)" "www.ysfine.com"
51.222.253.18 - - [03/Oct/2022:23:13:58 -0700] "GET /maga/phys/yukawa00b.jpg HTTP/1.1" 200 36980 "-" "Mozilla/5.0 (compatible; AhrefsBot/7.0; +http://ahrefs.com/robot/)" "www.ysfine.com"
119.8.57.70 - - [03/Oct/2022:23:14:25 -0700] "GET /feynman/feybongo.jpg HTTP/1.1" 200 47448 "-" "Mozilla/5.0 (X11; Ubuntu; Linux x86_64; rv:72.0) Gecko/20100101 Firefox/72.0" "ysfine.com"
119.8.57.70 - - [03/Oct/2022:23:14:51 -0700] "GET /feynman/feybongo.jpg HTTP/1.1" 200 47448 "-" "Mozilla/5.0 (X11; Ubuntu; Linux x86_64; rv:72.0) Gecko/20100101 Firefox/72.0" "ysfine.com"
114.119.128.162 - - [03/Oct/2022:23:15:01 -0700] "GET /ffriends/russwas05c.jpg HTTP/1.1" 200 42723 "https://www.ysfine.com/ffriends/garden.html" "Mozilla/5.0 (Linux; Android 7.0;) AppleWebKit/537.36 (KHTML, like Gecko) Mobile Safari/537.36 (compatible; PetalBot;+https://webmaster.petalsearch.com/site/petalbot)" "www.ysfine.com"
157.55.39.58 - - [03/Oct/2022:23:15:03 -0700] "GET /style/swanlake.jpg HTTP/1.1" 200 50322 "-" "Mozilla/5.0 (compatible; bingbot/2.0; +http://www.bing.com/bingbot.htm)" "ysfine.com"
119.8.57.70 - - [03/Oct/2022:23:15:23 -0700] "GET /feynman/feybongo.jpg HTTP/1.1" 200 47448 "-" "Mozilla/5.0 (X11; Ubuntu; Linux x86_64; rv:72.0) Gecko/20100101 Firefox/72.0" "ysfine.com"
157.55.39.128 - - [03/Oct/2022:23:15:47 -0700] "GET /world/poland/palaceof06.jpg HTTP/1.1" 200 92316 "-" "Mozilla/5.0 AppleWebKit/537.36 (KHTML, like Gecko; compatible; bingbot/2.0; +http://www.bing.com/bingbot.htm) Chrome/103.0.5060.134 Safari/537.36" "ysfine.com"
157.55.39.127 - - [03/Oct/2022:23:15:53 -0700] "GET /maga/phys/schrod22.jpg HTTP/1.1" 200 41352 "-" "Mozilla/5.0 (compatible; bingbot/2.0; +http://www.bing.com/bingbot.htm)" "ysfine.com"
66.249.66.40 - - [03/Oct/2022:23:16:27 -0700] "GET /robots.txt HTTP/1.1" 404 88 "-" "Mozilla/5.0 (compatible; Googlebot/2.1; +http://www.google.com/bot.html)" "ysfine.com"
66.249.66.44 - - [03/Oct/2022:23:16:28 -0700] "GET /ads.txt HTTP/1.1" 404 88 "-" "Mozilla/5.0 (compatible; Googlebot/2.1; +http://www.google.com/bot.html)" "ysfine.com"
188.157.167.50 - - [03/Oct/2022:23:17:13 -0700] "GET /dirac/wigsis.html HTTP/1.1" 200 10275 "https://www.google.com/" "Mozilla/5.0 (Linux; Android 11; Redmi Note 9 Pro) AppleWebKit/537.36 (KHTML, like Gecko) Chrome/106.0.0.0 Mobile Safari/537.36" "ysfine.com"
188.157.167.50 - - [03/Oct/2022:23:17:13 -0700] "GET /dirac/dirac63b.jpg HTTP/1.1" 200 41617 "https://ysfine.com/dirac/wigsis.html" "Mozilla/5.0 (Linux; Android 11; Redmi Note 9 Pro) AppleWebKit/537.36 (KHTML, like Gecko) Chrome/106.0.0.0 Mobile Safari/537.36" "ysfine.com"
188.157.167.50 - - [03/Oct/2022:23:17:13 -0700] "GET /dirac/michaels22.jpg HTTP/1.1" 200 47473 "https://ysfine.com/dirac/wigsis.html" "Mozilla/5.0 (Linux; Android 11; Redmi Note 9 Pro) AppleWebKit/537.36 (KHTML, like Gecko) Chrome/106.0.0.0 Mobile Safari/537.36" "ysfine.com"
188.157.167.50 - - [03/Oct/2022:23:17:13 -0700] "GET /princeton/annex11b.jpg HTTP/1.1" 200 39639 "https://ysfine.com/dirac/wigsis.html" "Mozilla/5.0 (Linux; Android 11; Redmi Note 9 Pro) AppleWebKit/537.36 (KHTML, like Gecko) Chrome/106.0.0.0 Mobile Safari/537.36" "ysfine.com"
188.157.167.50 - - [03/Oct/2022:23:17:13 -0700] "GET /dirac/hazi22.jpg HTTP/1.1" 200 37344 "https://ysfine.com/dirac/wigsis.html" "Mozilla/5.0 (Linux; Android 11; Redmi Note 9 Pro) AppleWebKit/537.36 (KHTML, like Gecko) Chrome/106.0.0.0 Mobile Safari/537.36" "ysfine.com"
188.157.167.50 - - [03/Oct/2022:23:17:13 -0700] "GET /world/poland/jablo08b.jpg HTTP/1.1" 200 42070 "https://ysfine.com/dirac/wigsis.html" "Mozilla/5.0 (Linux; Android 11; Redmi Note 9 Pro) AppleWebKit/537.36 (KHTML, like Gecko) Chrome/106.0.0.0 Mobile Safari/537.36" "ysfine.com"
188.157.167.50 - - [03/Oct/2022:23:17:13 -0700] "GET /world/poland/jablo01b.jpg HTTP/1.1" 200 39801 "https://ysfine.com/dirac/wigsis.html" "Mozilla/5.0 (Linux; Android 11; Redmi Note 9 Pro) AppleWebKit/537.36 (KHTML, like Gecko) Chrome/106.0.0.0 Mobile Safari/537.36" "ysfine.com"
188.157.167.50 - - [03/Oct/2022:23:17:13 -0700] "GET /dirac/dirwig33b.jpg HTTP/1.1" 200 11663 "https://ysfine.com/dirac/wigsis.html" "Mozilla/5.0 (Linux; Android 11; Redmi Note 9 Pro) AppleWebKit/537.36 (KHTML, like Gecko) Chrome/106.0.0.0 Mobile Safari/537.36" "ysfine.com"
188.157.167.50 - - [03/Oct/2022:23:17:13 -0700] "GET /dirac/wigsis22.jpg HTTP/1.1" 200 39975 "https://ysfine.com/dirac/wigsis.html" "Mozilla/5.0 (Linux; Android 11; Redmi Note 9 Pro) AppleWebKit/537.36 (KHTML, like Gecko) Chrome/106.0.0.0 Mobile Safari/537.36" "ysfine.com"
188.157.167.50 - - [03/Oct/2022:23:17:13 -0700] "GET /feynman/feydirac270.jpg HTTP/1.1" 200 59000 "https://ysfine.com/dirac/wigsis.html" "Mozilla/5.0 (Linux; Android 11; Redmi Note 9 Pro) AppleWebKit/537.36 (KHTML, like Gecko) Chrome/106.0.0.0 Mobile Safari/537.36" "ysfine.com"
188.157.167.50 - - [03/Oct/2022:23:17:13 -0700] "GET /dirac/dirac84b.jpg HTTP/1.1" 200 42763 "https://ysfine.com/dirac/wigsis.html" "Mozilla/5.0 (Linux; Android 11; Redmi Note 9 Pro) AppleWebKit/537.36 (KHTML, like Gecko) Chrome/106.0.0.0 Mobile Safari/537.36" "ysfine.com"
188.157.167.50 - - [03/Oct/2022:23:17:13 -0700] "GET /dirac/dirackn33b.jpg HTTP/1.1" 200 48200 "https://ysfine.com/dirac/wigsis.html" "Mozilla/5.0 (Linux; Android 11; Redmi Note 9 Pro) AppleWebKit/537.36 (KHTML, like Gecko) Chrome/106.0.0.0 Mobile Safari/537.36" "ysfine.com"
188.157.167.50 - - [03/Oct/2022:23:17:13 -0700] "GET /dirac/dirackim6201.jpg HTTP/1.1" 200 51283 "https://ysfine.com/dirac/wigsis.html" "Mozilla/5.0 (Linux; Android 11; Redmi Note 9 Pro) AppleWebKit/537.36 (KHTML, like Gecko) Chrome/106.0.0.0 Mobile Safari/537.36" "ysfine.com"
188.157.167.50 - - [03/Oct/2022:23:17:13 -0700] "GET /dirac/jablo62b.jpg HTTP/1.1" 200 42817 "https://ysfine.com/dirac/wigsis.html" "Mozilla/5.0 (Linux; Android 11; Redmi Note 9 Pro) AppleWebKit/537.36 (KHTML, like Gecko) Chrome/106.0.0.0 Mobile Safari/537.36" "ysfine.com"
188.157.167.50 - - [03/Oct/2022:23:17:13 -0700] "GET /dirac/dirackim6202.jpg HTTP/1.1" 200 51465 "https://ysfine.com/dirac/wigsis.html" "Mozilla/5.0 (Linux; Android 11; Redmi Note 9 Pro) AppleWebKit/537.36 (KHTML, like Gecko) Chrome/106.0.0.0 Mobile Safari/537.36" "ysfine.com"
188.157.167.50 - - [03/Oct/2022:23:17:13 -0700] "GET /world/poland/jablo20b.jpg HTTP/1.1" 200 41339 "https://ysfine.com/dirac/wigsis.html" "Mozilla/5.0 (Linux; Android 11; Redmi Note 9 Pro) AppleWebKit/537.36 (KHTML, like Gecko) Chrome/106.0.0.0 Mobile Safari/537.36" "ysfine.com"
188.157.167.50 - - [03/Oct/2022:23:17:13 -0700] "GET /kobak/nicodem11b.jpg HTTP/1.1" 200 79065 "https://ysfine.com/dirac/wigsis.html" "Mozilla/5.0 (Linux; Android 11; Redmi Note 9 Pro) AppleWebKit/537.36 (KHTML, like Gecko) Chrome/106.0.0.0 Mobile Safari/537.36" "ysfine.com"
188.157.167.50 - - [03/Oct/2022:23:17:13 -0700] "GET /dirac/hyperell2.jpg HTTP/1.1" 200 29858 "https://ysfine.com/dirac/wigsis.html" "Mozilla/5.0 (Linux; Android 11; Redmi Note 9 Pro) AppleWebKit/537.36 (KHTML, like Gecko) Chrome/106.0.0.0 Mobile Safari/537.36" "ysfine.com"
188.157.167.50 - - [03/Oct/2022:23:17:13 -0700] "GET /eink/eink61c.jpg HTTP/1.1" 200 34119 "https://ysfine.com/dirac/wigsis.html" "Mozilla/5.0 (Linux; Android 11; Redmi Note 9 Pro) AppleWebKit/537.36 (KHTML, like Gecko) Chrome/106.0.0.0 Mobile Safari/537.36" "ysfine.com"
188.157.167.50 - - [03/Oct/2022:23:17:13 -0700] "GET /world/poland/jablo19b.jpg HTTP/1.1" 200 49913 "https://ysfine.com/dirac/wigsis.html" "Mozilla/5.0 (Linux; Android 11; Redmi Note 9 Pro) AppleWebKit/537.36 (KHTML, like Gecko) Chrome/106.0.0.0 Mobile Safari/537.36" "ysfine.com"
188.157.167.50 - - [03/Oct/2022:23:17:18 -0700] "GET /favicon.ico HTTP/1.1" 404 88 "https://ysfine.com/dirac/wigsis.html" "Mozilla/5.0 (Linux; Android 11; Redmi Note 9 Pro) AppleWebKit/537.36 (KHTML, like Gecko) Chrome/106.0.0.0 Mobile Safari/537.36" "ysfine.com"
51.222.253.9 - - [03/Oct/2022:23:17:23 -0700] "GET /fbook/phys.html HTTP/1.1" 200 3425 "-" "Mozilla/5.0 (compatible; AhrefsBot/7.0; +http://ahrefs.com/robot/)" "ysfine.com"
51.222.253.19 - - [03/Oct/2022:23:17:31 -0700] "GET /eink/pwk19a.jpg HTTP/1.1" 200 219122 "-" "Mozilla/5.0 (compatible; AhrefsBot/7.0; +http://ahrefs.com/robot/)" "ysfine.com"
51.222.253.15 - - [03/Oct/2022:23:17:31 -0700] "GET /fbook/rheepr01c.jpg HTTP/1.1" 200 33538 "-" "Mozilla/5.0 (compatible; AhrefsBot/7.0; +http://ahrefs.com/robot/)" "ysfine.com"
51.222.253.6 - - [03/Oct/2022:23:17:32 -0700] "GET /awards/marq20a.jpg HTTP/1.1" 200 108224 "-" "Mozilla/5.0 (compatible; AhrefsBot/7.0; +http://ahrefs.com/robot/)" "ysfine.com"
51.222.253.10 - - [03/Oct/2022:23:17:32 -0700] "GET /fbook/pdugard17a.jpg HTTP/1.1" 200 92844 "-" "Mozilla/5.0 (compatible; AhrefsBot/7.0; +http://ahrefs.com/robot/)" "ysfine.com"
51.222.253.5 - - [03/Oct/2022:23:17:33 -0700] "GET /einstein/einbohr55a.jpg HTTP/1.1" 200 107592 "-" "Mozilla/5.0 (compatible; AhrefsBot/7.0; +http://ahrefs.com/robot/)" "ysfine.com"
51.222.253.20 - - [03/Oct/2022:23:17:33 -0700] "GET /fbook/feygell66c.jpg HTTP/1.1" 200 34134 "-" "Mozilla/5.0 (compatible; AhrefsBot/7.0; +http://ahrefs.com/robot/)" "ysfine.com"
51.222.253.16 - - [03/Oct/2022:23:17:33 -0700] "GET /eink/parton33a.jpg HTTP/1.1" 200 66275 "-" "Mozilla/5.0 (compatible; AhrefsBot/7.0; +http://ahrefs.com/robot/)" "ysfine.com"
51.222.253.9 - - [03/Oct/2022:23:17:34 -0700] "GET /awards/top100a.jpg HTTP/1.1" 200 134592 "-" "Mozilla/5.0 (compatible; AhrefsBot/7.0; +http://ahrefs.com/robot/)" "ysfine.com"
51.222.253.7 - - [03/Oct/2022:23:17:35 -0700] "GET /fbook/ysrhee33c.jpg HTTP/1.1" 200 26817 "-" "Mozilla/5.0 (compatible; AhrefsBot/7.0; +http://ahrefs.com/robot/)" "ysfine.com"
51.222.253.19 - - [03/Oct/2022:23:17:35 -0700] "GET /fbook/comet50a.jpg HTTP/1.1" 200 75456 "-" "Mozilla/5.0 (compatible; AhrefsBot/7.0; +http://ahrefs.com/robot/)" "ysfine.com"
51.222.253.17 - - [03/Oct/2022:23:17:35 -0700] "GET /fbook/eintao33a.jpg HTTP/1.1" 200 60488 "-" "Mozilla/5.0 (compatible; AhrefsBot/7.0; +http://ahrefs.com/robot/)" "ysfine.com"
51.222.253.18 - - [03/Oct/2022:23:17:36 -0700] "GET /eink/evol77c.jpg HTTP/1.1" 200 51514 "-" "Mozilla/5.0 (compatible; AhrefsBot/7.0; +http://ahrefs.com/robot/)" "ysfine.com"
51.222.253.5 - - [03/Oct/2022:23:17:36 -0700] "GET /fbook/ewk86a.jpg HTTP/1.1" 200 86008 "-" "Mozilla/5.0 (compatible; AhrefsBot/7.0; +http://ahrefs.com/robot/)" "ysfine.com"
120.244.123.130 - - [03/Oct/2022:23:17:36 -0700] "GET /robots.txt HTTP/1.1" 404 88 "-" "Mozilla/5.0 (Windows NT 10.0; Win64; x64) AppleWebKit/537.36 (KHTML, like Gecko) Chrome/92.0.4515.159 Safari/537.36" "www.ysfine.com"
51.222.253.1 - - [03/Oct/2022:23:17:37 -0700] "GET /fbook/dirhegel11c.jpg HTTP/1.1" 200 35400 "-" "Mozilla/5.0 (compatible; AhrefsBot/7.0; +http://ahrefs.com/robot/)" "ysfine.com"
51.222.253.2 - - [03/Oct/2022:23:17:37 -0700] "GET /fbook/canal33a.jpg HTTP/1.1" 200 72942 "-" "Mozilla/5.0 (compatible; AhrefsBot/7.0; +http://ahrefs.com/robot/)" "ysfine.com"
51.222.253.9 - - [03/Oct/2022:23:17:38 -0700] "GET /fbook/further22a.jpg HTTP/1.1" 200 94030 "-" "Mozilla/5.0 (compatible; AhrefsBot/7.0; +http://ahrefs.com/robot/)" "ysfine.com"
51.222.253.4 - - [03/Oct/2022:23:17:38 -0700] "GET /fbook/osaka128c.jpg HTTP/1.1" 200 45106 "-" "Mozilla/5.0 (compatible; AhrefsBot/7.0; +http://ahrefs.com/robot/)" "ysfine.com"
157.55.39.127 - - [03/Oct/2022:23:17:53 -0700] "GET /friends/uscaf.html HTTP/1.1" 404 88 "-" "Mozilla/5.0 (compatible; bingbot/2.0; +http://www.bing.com/bingbot.htm)" "www.ysfine.com"
114.119.128.162 - - [03/Oct/2022:23:17:56 -0700] "GET /style/physmusic.html%23lascala HTTP/1.1" 404 88 "-" "Mozilla/5.0 (Linux; Android 7.0;) AppleWebKit/537.36 (KHTML, like Gecko) Mobile Safari/537.36 (compatible; PetalBot;+https://webmaster.petalsearch.com/site/petalbot)" "ysfine.com"
157.55.39.128 - - [03/Oct/2022:23:18:39 -0700] "GET /einstein/wigein600.jpg HTTP/1.1" 200 38831 "-" "Mozilla/5.0 (compatible; bingbot/2.0; +http://www.bing.com/bingbot.htm)" "ysfine.com"
157.55.39.127 - - [03/Oct/2022:23:19:13 -0700] "GET /wdc/eindc05.jpg HTTP/1.1" 200 168467 "-" "Mozilla/5.0 (compatible; bingbot/2.0; +http://www.bing.com/bingbot.htm)" "ysfine.com"
157.55.39.127 - - [03/Oct/2022:23:19:14 -0700] "GET /kowar/sampal02b.jpg HTTP/1.1" 200 39972 "-" "Mozilla/5.0 (compatible; bingbot/2.0; +http://www.bing.com/bingbot.htm)" "ysfine.com"
157.55.39.127 - - [03/Oct/2022:23:20:13 -0700] "GET /world/russ/minskf12.pptx HTTP/1.1" 200 341571 "-" "Mozilla/5.0 (compatible; bingbot/2.0; +http://www.bing.com/bingbot.htm)" "ysfine.com"
114.119.128.154 - - [03/Oct/2022:23:20:23 -0700] "GET /articles/o33.pdf HTTP/1.1" 401 90 "https://www.ysfine.com/dirac/dirpoet.html" "Mozilla/5.0 (Linux; Android 7.0;) AppleWebKit/537.36 (KHTML, like Gecko) Mobile Safari/537.36 (compatible; PetalBot;+https://webmaster.petalsearch.com/site/petalbot)" "www.ysfine.com"
207.46.13.102 - - [03/Oct/2022:23:20:32 -0700] "GET /dongio/amkor/haeyong33.jpg HTTP/1.1" 404 88 "-" "Mozilla/5.0 (compatible; bingbot/2.0; +http://www.bing.com/bingbot.htm)" "ysfine.com"
173.73.80.118 - - [03/Oct/2022:23:21:13 -0700] "GET /favicon.ico HTTP/1.1" 404 88 "https://ysfine.com/ys11/" "Mozilla/5.0 (Windows NT 10.0; Win64; x64) AppleWebKit/537.36 (KHTML, like Gecko) Chrome/105.0.0.0 Safari/537.36 Edg/105.0.1343.53" "ysfine.com"
173.73.80.118 - - [03/Oct/2022:23:21:20 -0700] "GET /home/bio.html HTTP/1.1" 404 88 "https://ysfine.com/ys11/" "Mozilla/5.0 (Windows NT 10.0; Win64; x64) AppleWebKit/537.36 (KHTML, like Gecko) Chrome/105.0.0.0 Safari/537.36 Edg/105.0.1343.53" "ysfine.com"
173.73.80.118 - - [03/Oct/2022:23:21:32 -0700] "GET /home/bio01.html HTTP/1.1" 404 88 "https://ysfine.com/ys11/" "Mozilla/5.0 (Windows NT 10.0; Win64; x64) AppleWebKit/537.36 (KHTML, like Gecko) Chrome/105.0.0.0 Safari/537.36 Edg/105.0.1343.53" "ysfine.com"
40.77.167.27 - - [03/Oct/2022:23:22:30 -0700] "GET /kobak/yalta33b.jpg HTTP/1.1" 200 33354 "-" "Mozilla/5.0 (compatible; bingbot/2.0; +http://www.bing.com/bingbot.htm)" "www.ysfine.com"
114.119.128.162 - - [03/Oct/2022:23:23:03 -0700] "GET /feynman/feynart.html HTTP/1.1" 200 10277 "http://ysfine.com/maga/hegel.html" "Mozilla/5.0 (Linux; Android 7.0;) AppleWebKit/537.36 (KHTML, like Gecko) Mobile Safari/537.36 (compatible; PetalBot;+https://webmaster.petalsearch.com/site/petalbot)" "ysfine.com"
64.62.252.163 - - [03/Oct/2022:23:23:45 -0700] "GET /robots.txt HTTP/1.1" 404 88 "-" "The Knowledge AI" "ysfine.com"
157.55.39.128 - - [03/Oct/2022:23:23:59 -0700] "GET /maga/phys/deforest.html HTTP/1.1" 404 88 "-" "Mozilla/5.0 (compatible; bingbot/2.0; +http://www.bing.com/bingbot.htm)" "ysfine.com"
173.73.80.118 - - [03/Oct/2022:23:24:24 -0700] "GET /home/bio.html HTTP/1.1" 404 88 "https://ysfine.com/ys11/" "Mozilla/5.0 (Windows NT 10.0; Win64; x64) AppleWebKit/537.36 (KHTML, like Gecko) Chrome/105.0.0.0 Safari/537.36 Edg/105.0.1343.53" "ysfine.com"
61.19.58.139 - - [03/Oct/2022:23:24:26 -0700] "GET /maga/phys/heisen22.jpg HTTP/1.1" 200 82807 "https://images.search.yahoo.com/search/images;_ylt=AwrjZvv_yztjf9cS.G2JzbkF;_ylu=c2VjA3NlYXJjaARzbGsDYnV0dG9u;_ylc=X1MDOTYwNjI4NTcEX3IDMgRmcgN5ZnAtdARmcjIDcDpzLHY6aSxtOnNiLXRvcARncHJpZANjUVJ2M0I3NFR1Q2xYYW05Vzc5a3FBBG5fcnNsdAMwBG5fc3VnZwMxMARvcmlnaW4DaW1hZ2VzLnNlYXJjaC55YWhvby5jb20EcG9zAzAEcHFzdHIDBHBxc3RybAMwBHFzdHJsAzEwBHF1ZXJ5A2hlaXNlbmJlcmcEdF9zdG1wAzE2NjQ4NjQ2Mjc-?p=heisenberg&fr=yfp-t&fr2=p%3As%2Cv%3Ai%2Cm%3Asb-top&ei=UTF-8&x=wrt" "Mozilla/5.0 (Windows NT 10.0; Win64; x64) AppleWebKit/537.36 (KHTML, like Gecko) Chrome/105.0.0.0 Safari/537.36" "ysfine.com"
173.73.80.118 - - [03/Oct/2022:23:24:34 -0700] "GET /home/bio.html HTTP/1.1" 404 88 "https://ysfine.com/ys11/" "Mozilla/5.0 (Windows NT 10.0; Win64; x64) AppleWebKit/537.36 (KHTML, like Gecko) Chrome/105.0.0.0 Safari/537.36 Edg/105.0.1343.53" "ysfine.com"
207.46.13.102 - - [03/Oct/2022:23:24:43 -0700] "GET /einstein/places/einha12.jpg HTTP/1.1" 200 118952 "-" "Mozilla/5.0 (compatible; bingbot/2.0; +http://www.bing.com/bingbot.htm)" "ysfine.com"
95.163.255.90 - - [03/Oct/2022:23:24:44 -0700] "GET /robots.txt HTTP/1.1" 404 73 "-" "Mozilla/5.0 (compatible; Linux x86_64; Mail.RU_Bot/Img/2.0; +https://help.mail.ru/webmaster/indexing/robots)" "ysfine.com"
167.235.19.111 - - [03/Oct/2022:23:24:47 -0700] "GET /maga/phys/schrod07.jpg HTTP/1.1" 200 83845 "-" "Mozilla/5.0 (X11; Fedora; Linux x86_64) AppleWebKit/537.36 (KHTML, like Gecko) Chrome/79.0.3945.117 Safari/537.36" "ysfine.com"
173.73.80.118 - - [03/Oct/2022:23:24:49 -0700] "GET /home/bio09.html HTTP/1.1" 404 88 "https://ysfine.com/ys11/" "Mozilla/5.0 (Windows NT 10.0; Win64; x64) AppleWebKit/537.36 (KHTML, like Gecko) Chrome/105.0.0.0 Safari/537.36 Edg/105.0.1343.53" "ysfine.com"
157.55.39.55 - - [03/Oct/2022:23:25:12 -0700] "GET /princeton/ias22.jpg HTTP/1.1" 200 145580 "-" "Mozilla/5.0 (compatible; bingbot/2.0; +http://www.bing.com/bingbot.htm)" "ysfine.com"
