157.55.39.58 - - [04/Oct/2022:02:17:11 -0700] "GET /wisdom/koelectric.html HTTP/1.1" 200 5212 "-" "Mozilla/5.0 AppleWebKit/537.36 (KHTML, like Gecko; compatible; bingbot/2.0; +http://www.bing.com/bingbot.htm) Chrome/103.0.5060.134 Safari/537.36" "ysfine.com"
51.222.253.3 - - [04/Oct/2022:02:17:43 -0700] "GET /princeton/prade.html HTTP/1.1" 200 9863 "-" "Mozilla/5.0 (compatible; AhrefsBot/7.0; +http://ahrefs.com/robot/)" "www.ysfine.com"
157.55.39.128 - - [04/Oct/2022:02:18:35 -0700] "GET /world/russ/kiev025.jpg HTTP/1.1" 200 66194 "-" "Mozilla/5.0 (compatible; bingbot/2.0; +http://www.bing.com/bingbot.htm)" "ysfine.com"
77.48.31.202 - - [04/Oct/2022:02:18:44 -0700] "GET /einstein/einfine21b.jpg HTTP/1.1" 200 53710 "https://www.google.com/" "Mozilla/5.0 (Windows NT 10.0) AppleWebKit/537.36 (KHTML, like Gecko) Chrome/106.0.0.0 Safari/537.36" "ysfine.com"
157.55.39.55 - - [04/Oct/2022:02:18:50 -0700] "GET /usca/neworl.html HTTP/1.1" 200 14308 "-" "Mozilla/5.0 (compatible; bingbot/2.0; +http://www.bing.com/bingbot.htm)" "ysfine.com"
192.0.101.218 - - [04/Oct/2022:02:18:53 -0700] "GET /einstein/einplanck3.jpg HTTP/1.1" 200 37784 "-" "Photon/1.0" "ysfine.com"
51.222.253.16 - - [04/Oct/2022:02:18:58 -0700] "GET /class54/class5470/total_data/sub_745.htm HTTP/1.1" 200 3297 "-" "Mozilla/5.0 (compatible; AhrefsBot/7.0; +http://ahrefs.com/robot/)" "ysfine.com"
40.77.167.27 - - [04/Oct/2022:02:19:57 -0700] "GET /world/russ/basil05.jpg HTTP/1.1" 200 80836 "-" "Mozilla/5.0 (compatible; bingbot/2.0; +http://www.bing.com/bingbot.htm)" "ysfine.com"
157.55.39.58 - - [04/Oct/2022:02:20:42 -0700] "GET /archives/proceedings/wpro01/ketov.html HTTP/1.1" 304 - "-" "Mozilla/5.0 AppleWebKit/537.36 (KHTML, like Gecko; compatible; bingbot/2.0; +http://www.bing.com/bingbot.htm) Chrome/103.0.5060.134 Safari/537.36" "ysfine.com"
51.222.253.16 - - [04/Oct/2022:02:21:52 -0700] "GET /class54/class5470/total_data/sub_751.htm HTTP/1.1" 200 3297 "-" "Mozilla/5.0 (compatible; AhrefsBot/7.0; +http://ahrefs.com/robot/)" "ysfine.com"
157.55.39.58 - - [04/Oct/2022:02:22:10 -0700] "GET /wigner/wigwein33b.jpg HTTP/1.1" 200 42269 "-" "Mozilla/5.0 AppleWebKit/537.36 (KHTML, like Gecko; compatible; bingbot/2.0; +http://www.bing.com/bingbot.htm) Chrome/103.0.5060.134 Safari/537.36" "ysfine.com"
51.222.253.3 - - [04/Oct/2022:02:22:13 -0700] "GET /class54/class5470/total_data/photo_img/7-51.jpg HTTP/1.1" 200 222884 "-" "Mozilla/5.0 (compatible; AhrefsBot/7.0; +http://ahrefs.com/robot/)" "ysfine.com"
40.77.167.27 - - [04/Oct/2022:02:23:38 -0700] "GET /world/hungary/hunband01.jpg HTTP/1.1" 200 97573 "-" "Mozilla/5.0 (compatible; bingbot/2.0; +http://www.bing.com/bingbot.htm)" "ysfine.com"
51.222.253.2 - - [04/Oct/2022:02:24:41 -0700] "GET /class54/class5470/total_data/sub_731.htm HTTP/1.1" 200 3294 "-" "Mozilla/5.0 (compatible; AhrefsBot/7.0; +http://ahrefs.com/robot/)" "ysfine.com"
157.55.39.58 - - [04/Oct/2022:02:24:42 -0700] "GET /sbk/1959aa11.jpg HTTP/1.1" 200 170393 "-" "Mozilla/5.0 (compatible; bingbot/2.0; +http://www.bing.com/bingbot.htm)" "www.ysfine.com"
207.46.13.102 - - [04/Oct/2022:02:25:20 -0700] "GET /houses/vernon.html HTTP/1.1" 200 1478 "-" "Mozilla/5.0 (compatible; bingbot/2.0; +http://www.bing.com/bingbot.htm)" "ysfine.com"
51.222.253.19 - - [04/Oct/2022:02:26:52 -0700] "GET /class54/class5470/total_data/sub_752.htm HTTP/1.1" 200 3297 "-" "Mozilla/5.0 (compatible; AhrefsBot/7.0; +http://ahrefs.com/robot/)" "ysfine.com"
116.220.208.201 - - [04/Oct/2022:02:27:10 -0700] "GET /wigner/neum/ymath.jpg HTTP/1.1" 200 64930 "https://www.bing.com/" "Mozilla/5.0 (Windows NT 10.0; Win64; x64) AppleWebKit/537.36 (KHTML, like Gecko) Chrome/105.0.0.0 Safari/537.36 Edg/105.0.1343.53" "ysfine.com"
157.55.39.58 - - [04/Oct/2022:02:27:21 -0700] "GET /style/jpchildren2.jpg HTTP/1.1" 200 46718 "-" "Mozilla/5.0 (compatible; bingbot/2.0; +http://www.bing.com/bingbot.htm)" "ysfine.com"
66.249.66.44 - - [04/Oct/2022:02:28:28 -0700] "GET /wigner/wigsharp2.jpg HTTP/1.1" 200 34860 "-" "Googlebot-Image/1.0" "ysfine.com"
17.121.115.232 - - [04/Oct/2022:02:28:40 -0700] "GET /usca/pgh.html HTTP/1.1" 200 13572 "-" "Mozilla/5.0 (Macintosh; Intel Mac OS X 10_15_5) AppleWebKit/605.1.15 (KHTML, like Gecko) Version/13.1.1 Safari/605.1.15 (Applebot/0.1; +http://www.apple.com/go/applebot)" "ysfine.com"
40.77.167.27 - - [04/Oct/2022:02:29:09 -0700] "GET /world/poland/krk70.jpg HTTP/1.1" 200 82001 "-" "Mozilla/5.0 (compatible; bingbot/2.0; +http://www.bing.com/bingbot.htm)" "ysfine.com"
51.222.253.7 - - [04/Oct/2022:02:29:22 -0700] "GET /class54/class5470/total_data/sub_742.htm HTTP/1.1" 200 3297 "-" "Mozilla/5.0 (compatible; AhrefsBot/7.0; +http://ahrefs.com/robot/)" "ysfine.com"
157.55.39.58 - - [04/Oct/2022:02:29:32 -0700] "GET /dirac/dirackim62.html HTTP/1.1" 200 2970 "-" "Mozilla/5.0 (compatible; bingbot/2.0; +http://www.bing.com/bingbot.htm)" "ysfine.com"
157.55.39.55 - - [04/Oct/2022:02:29:39 -0700] "GET /saram/g104.jpg HTTP/1.1" 200 57423 "-" "Mozilla/5.0 (compatible; bingbot/2.0; +http://www.bing.com/bingbot.htm)" "www.ysfine.com"
77.88.5.46 - - [04/Oct/2022:02:31:04 -0700] "GET /houses/mitchell.jpg HTTP/1.1" 304 - "-" "Mozilla/5.0 (compatible; YandexImages/3.0; +http://yandex.com/bots)" "www.ysfine.com"
157.55.39.128 - - [04/Oct/2022:02:31:25 -0700] "GET /kowar/bonesteel01b.jpg HTTP/1.1" 200 33050 "-" "Mozilla/5.0 (compatible; bingbot/2.0; +http://www.bing.com/bingbot.htm)" "ysfine.com"
66.249.66.40 - - [04/Oct/2022:02:31:50 -0700] "GET /world/china/hongkong16b.jpg HTTP/1.1" 200 33548 "-" "Googlebot-Image/1.0" "ysfine.com"
157.55.39.128 - - [04/Oct/2022:02:31:56 -0700] "GET /dongio/amkor/jpmos16.jpg HTTP/1.1" 404 88 "-" "Mozilla/5.0 (compatible; bingbot/2.0; +http://www.bing.com/bingbot.htm)" "ysfine.com"
51.222.253.10 - - [04/Oct/2022:02:32:13 -0700] "GET /class54/class5470/total_data/sub_748.htm HTTP/1.1" 200 3297 "-" "Mozilla/5.0 (compatible; AhrefsBot/7.0; +http://ahrefs.com/robot/)" "ysfine.com"
157.55.39.128 - - [04/Oct/2022:02:32:57 -0700] "GET /wdc/waskor005b.jpg HTTP/1.1" 200 38155 "-" "Mozilla/5.0 AppleWebKit/537.36 (KHTML, like Gecko; compatible; bingbot/2.0; +http://www.bing.com/bingbot.htm) Chrome/103.0.5060.134 Safari/537.36" "ysfine.com"
157.55.39.58 - - [04/Oct/2022:02:33:12 -0700] "GET /world/russ/roskei90b.jpg HTTP/1.1" 200 50111 "-" "Mozilla/5.0 (compatible; bingbot/2.0; +http://www.bing.com/bingbot.htm)" "ysfine.com"
185.166.124.10 - - [04/Oct/2022:02:33:32 -0700] "GET /maga/invent/hertz.jpg HTTP/1.1" 200 67080 "https://www.google.com/" "Mozilla/5.0 (Windows NT 6.1; Win64; x64) AppleWebKit/537.36 (KHTML, like Gecko) Chrome/105.0.0.0 Safari/537.36" "ysfine.com"
216.244.66.229 - - [04/Oct/2022:02:33:57 -0700] "GET /robots.txt HTTP/1.1" 404 73 "-" "Mozilla/5.0 (compatible; DotBot/1.2; +https://opensiteexplorer.org/dotbot; help@moz.com)" "www.ysfine.com"
51.222.253.18 - - [04/Oct/2022:02:35:29 -0700] "GET /class54/class5470/total_data/sub_759.htm HTTP/1.1" 200 3306 "-" "Mozilla/5.0 (compatible; AhrefsBot/7.0; +http://ahrefs.com/robot/)" "ysfine.com"
51.222.253.17 - - [04/Oct/2022:02:35:34 -0700] "GET /class54/class5470/total_data/photo_img/7-59.jpg HTTP/1.1" 200 250114 "-" "Mozilla/5.0 (compatible; AhrefsBot/7.0; +http://ahrefs.com/robot/)" "ysfine.com"
157.55.39.128 - - [04/Oct/2022:02:35:36 -0700] "GET /home/fotos/photo04c.jpg HTTP/1.1" 200 39964 "-" "Mozilla/5.0 (compatible; bingbot/2.0; +http://www.bing.com/bingbot.htm)" "ysfine.com"
77.88.5.46 - - [04/Oct/2022:02:35:52 -0700] "GET /world/china/shanghai002b.jpg HTTP/1.1" 200 34489 "-" "Mozilla/5.0 (compatible; YandexImages/3.0; +http://yandex.com/bots)" "www.ysfine.com"
157.55.39.58 - - [04/Oct/2022:02:36:02 -0700] "GET /wdc/willard13.jpg HTTP/1.1" 200 88961 "-" "Mozilla/5.0 (compatible; bingbot/2.0; +http://www.bing.com/bingbot.htm)" "ysfine.com"
157.55.39.58 - - [04/Oct/2022:02:36:12 -0700] "GET /world/scandi/vaxdoll33.jpg HTTP/1.1" 200 119176 "-" "Mozilla/5.0 AppleWebKit/537.36 (KHTML, like Gecko; compatible; bingbot/2.0; +http://www.bing.com/bingbot.htm) Chrome/103.0.5060.134 Safari/537.36" "www.ysfine.com"
91.2.10.248 - - [04/Oct/2022:02:36:16 -0700] "GET /einstein/bern.html HTTP/1.1" 200 8314 "https://www.google.com/" "Mozilla/5.0 (Macintosh; Intel Mac OS X 10_15_6) AppleWebKit/605.1.15 (KHTML, like Gecko) Version/15.6,2 Safari/605.1.15" "ysfine.com"
91.2.10.248 - - [04/Oct/2022:02:36:21 -0700] "GET /einstein/places/einha01b.jpg HTTP/1.1" 200 41574 "https://ysfine.com/einstein/bern.html" "Mozilla/5.0 (Macintosh; Intel Mac OS X 10_15_6) AppleWebKit/605.1.15 (KHTML, like Gecko) Version/15.6,2 Safari/605.1.15" "ysfine.com"
91.2.10.248 - - [04/Oct/2022:02:36:21 -0700] "GET /einstein/places/einha02b.jpg HTTP/1.1" 200 35565 "https://ysfine.com/einstein/bern.html" "Mozilla/5.0 (Macintosh; Intel Mac OS X 10_15_6) AppleWebKit/605.1.15 (KHTML, like Gecko) Version/15.6,2 Safari/605.1.15" "ysfine.com"
91.2.10.248 - - [04/Oct/2022:02:36:21 -0700] "GET /einstein/places/einha05b.jpg HTTP/1.1" 200 51007 "https://ysfine.com/einstein/bern.html" "Mozilla/5.0 (Macintosh; Intel Mac OS X 10_15_6) AppleWebKit/605.1.15 (KHTML, like Gecko) Version/15.6,2 Safari/605.1.15" "ysfine.com"
91.2.10.248 - - [04/Oct/2022:02:36:38 -0700] "GET /einstein/evol66b.jpg HTTP/1.1" 200 38577 "https://ysfine.com/einstein/bern.html" "Mozilla/5.0 (Macintosh; Intel Mac OS X 10_15_6) AppleWebKit/605.1.15 (KHTML, like Gecko) Version/15.6,2 Safari/605.1.15" "ysfine.com"
91.2.10.248 - - [04/Oct/2022:02:36:38 -0700] "GET /einstein/places/einmu64b.jpg HTTP/1.1" 200 42063 "https://ysfine.com/einstein/bern.html" "Mozilla/5.0 (Macintosh; Intel Mac OS X 10_15_6) AppleWebKit/605.1.15 (KHTML, like Gecko) Version/15.6,2 Safari/605.1.15" "ysfine.com"
91.2.10.248 - - [04/Oct/2022:02:36:38 -0700] "GET /einstein/places/einha23b.jpg HTTP/1.1" 200 30374 "https://ysfine.com/einstein/bern.html" "Mozilla/5.0 (Macintosh; Intel Mac OS X 10_15_6) AppleWebKit/605.1.15 (KHTML, like Gecko) Version/15.6,2 Safari/605.1.15" "ysfine.com"
91.2.10.248 - - [04/Oct/2022:02:36:38 -0700] "GET /wigner/wigein270.jpg HTTP/1.1" 200 21005 "https://ysfine.com/einstein/bern.html" "Mozilla/5.0 (Macintosh; Intel Mac OS X 10_15_6) AppleWebKit/605.1.15 (KHTML, like Gecko) Version/15.6,2 Safari/605.1.15" "ysfine.com"
91.2.10.248 - - [04/Oct/2022:02:36:38 -0700] "GET /einstein/places/einha39b.jpg HTTP/1.1" 200 50120 "https://ysfine.com/einstein/bern.html" "Mozilla/5.0 (Macintosh; Intel Mac OS X 10_15_6) AppleWebKit/605.1.15 (KHTML, like Gecko) Version/15.6,2 Safari/605.1.15" "ysfine.com"
91.2.10.248 - - [04/Oct/2022:02:36:38 -0700] "GET /einstein/einbohr11b.jpg HTTP/1.1" 200 37538 "https://ysfine.com/einstein/bern.html" "Mozilla/5.0 (Macintosh; Intel Mac OS X 10_15_6) AppleWebKit/605.1.15 (KHTML, like Gecko) Version/15.6,2 Safari/605.1.15" "ysfine.com"
91.2.10.248 - - [04/Oct/2022:02:36:38 -0700] "GET /einstein/places/einmu22b.jpg HTTP/1.1" 200 41361 "https://ysfine.com/einstein/bern.html" "Mozilla/5.0 (Macintosh; Intel Mac OS X 10_15_6) AppleWebKit/605.1.15 (KHTML, like Gecko) Version/15.6,2 Safari/605.1.15" "ysfine.com"
91.2.10.248 - - [04/Oct/2022:02:36:38 -0700] "GET /maga/phys/heisen33b.jpg HTTP/1.1" 200 78035 "https://ysfine.com/einstein/bern.html" "Mozilla/5.0 (Macintosh; Intel Mac OS X 10_15_6) AppleWebKit/605.1.15 (KHTML, like Gecko) Version/15.6,2 Safari/605.1.15" "ysfine.com"
91.2.10.248 - - [04/Oct/2022:02:36:38 -0700] "GET /einstein/places/einmu52b.jpg HTTP/1.1" 200 38352 "https://ysfine.com/einstein/bern.html" "Mozilla/5.0 (Macintosh; Intel Mac OS X 10_15_6) AppleWebKit/605.1.15 (KHTML, like Gecko) Version/15.6,2 Safari/605.1.15" "ysfine.com"
91.2.10.248 - - [04/Oct/2022:02:36:38 -0700] "GET /einstein/einhouse11b.jpg HTTP/1.1" 200 42717 "https://ysfine.com/einstein/bern.html" "Mozilla/5.0 (Macintosh; Intel Mac OS X 10_15_6) AppleWebKit/605.1.15 (KHTML, like Gecko) Version/15.6,2 Safari/605.1.15" "ysfine.com"
91.2.10.248 - - [04/Oct/2022:02:36:38 -0700] "GET /einstein/places/einmu16b.jpg HTTP/1.1" 200 34497 "https://ysfine.com/einstein/bern.html" "Mozilla/5.0 (Macintosh; Intel Mac OS X 10_15_6) AppleWebKit/605.1.15 (KHTML, like Gecko) Version/15.6,2 Safari/605.1.15" "ysfine.com"
91.2.10.248 - - [04/Oct/2022:02:36:38 -0700] "GET /einstein/places/einmu17b.jpg HTTP/1.1" 200 33255 "https://ysfine.com/einstein/bern.html" "Mozilla/5.0 (Macintosh; Intel Mac OS X 10_15_6) AppleWebKit/605.1.15 (KHTML, like Gecko) Version/15.6,2 Safari/605.1.15" "ysfine.com"
91.2.10.248 - - [04/Oct/2022:02:36:38 -0700] "GET /einstein/places/einmu62b.jpg HTTP/1.1" 200 31976 "https://ysfine.com/einstein/bern.html" "Mozilla/5.0 (Macintosh; Intel Mac OS X 10_15_6) AppleWebKit/605.1.15 (KHTML, like Gecko) Version/15.6,2 Safari/605.1.15" "ysfine.com"
91.2.10.248 - - [04/Oct/2022:02:36:38 -0700] "GET /einstein/places/einmu41b.jpg HTTP/1.1" 200 52501 "https://ysfine.com/einstein/bern.html" "Mozilla/5.0 (Macintosh; Intel Mac OS X 10_15_6) AppleWebKit/605.1.15 (KHTML, like Gecko) Version/15.6,2 Safari/605.1.15" "ysfine.com"
91.2.10.248 - - [04/Oct/2022:02:36:38 -0700] "GET /einstein/places/einhaus450.jpg HTTP/1.1" 200 65369 "https://ysfine.com/einstein/bern.html" "Mozilla/5.0 (Macintosh; Intel Mac OS X 10_15_6) AppleWebKit/605.1.15 (KHTML, like Gecko) Version/15.6,2 Safari/605.1.15" "ysfine.com"
91.2.10.248 - - [04/Oct/2022:02:36:38 -0700] "GET /einstein/places/einmu08b.jpg HTTP/1.1" 200 37748 "https://ysfine.com/einstein/bern.html" "Mozilla/5.0 (Macintosh; Intel Mac OS X 10_15_6) AppleWebKit/605.1.15 (KHTML, like Gecko) Version/15.6,2 Safari/605.1.15" "ysfine.com"
91.2.10.248 - - [04/Oct/2022:02:36:38 -0700] "GET /einstein/places/einha36b.jpg HTTP/1.1" 200 45524 "https://ysfine.com/einstein/bern.html" "Mozilla/5.0 (Macintosh; Intel Mac OS X 10_15_6) AppleWebKit/605.1.15 (KHTML, like Gecko) Version/15.6,2 Safari/605.1.15" "ysfine.com"
91.2.10.248 - - [04/Oct/2022:02:36:38 -0700] "GET /einstein/places/einmu12b.jpg HTTP/1.1" 200 32736 "https://ysfine.com/einstein/bern.html" "Mozilla/5.0 (Macintosh; Intel Mac OS X 10_15_6) AppleWebKit/605.1.15 (KHTML, like Gecko) Version/15.6,2 Safari/605.1.15" "ysfine.com"
91.2.10.248 - - [04/Oct/2022:02:36:38 -0700] "GET /maga/phys/yukaein2.jpg HTTP/1.1" 200 42863 "https://ysfine.com/einstein/bern.html" "Mozilla/5.0 (Macintosh; Intel Mac OS X 10_15_6) AppleWebKit/605.1.15 (KHTML, like Gecko) Version/15.6,2 Safari/605.1.15" "ysfine.com"
91.2.10.248 - - [04/Oct/2022:02:36:38 -0700] "GET /einstein/einglaub01b.jpg HTTP/1.1" 200 48405 "https://ysfine.com/einstein/bern.html" "Mozilla/5.0 (Macintosh; Intel Mac OS X 10_15_6) AppleWebKit/605.1.15 (KHTML, like Gecko) Version/15.6,2 Safari/605.1.15" "ysfine.com"
91.2.10.248 - - [04/Oct/2022:02:36:38 -0700] "GET /einstein/places/einmu10b.jpg HTTP/1.1" 200 63699 "https://ysfine.com/einstein/bern.html" "Mozilla/5.0 (Macintosh; Intel Mac OS X 10_15_6) AppleWebKit/605.1.15 (KHTML, like Gecko) Version/15.6,2 Safari/605.1.15" "ysfine.com"
91.2.10.248 - - [04/Oct/2022:02:36:38 -0700] "GET /maga/phil/kanthegel22b.jpg HTTP/1.1" 200 36974 "https://ysfine.com/einstein/bern.html" "Mozilla/5.0 (Macintosh; Intel Mac OS X 10_15_6) AppleWebKit/605.1.15 (KHTML, like Gecko) Version/15.6,2 Safari/605.1.15" "ysfine.com"
157.55.39.55 - - [04/Oct/2022:02:37:49 -0700] "GET /world/scandi/copenf36.jpg HTTP/1.1" 200 94133 "-" "Mozilla/5.0 AppleWebKit/537.36 (KHTML, like Gecko; compatible; bingbot/2.0; +http://www.bing.com/bingbot.htm) Chrome/103.0.5060.134 Safari/537.36" "ysfine.com"
207.46.13.102 - - [04/Oct/2022:02:37:50 -0700] "GET /wdc/eindc02.jpg HTTP/1.1" 200 147414 "-" "Mozilla/5.0 AppleWebKit/537.36 (KHTML, like Gecko; compatible; bingbot/2.0; +http://www.bing.com/bingbot.htm) Chrome/103.0.5060.134 Safari/537.36" "www.ysfine.com"
217.126.125.12 - - [04/Oct/2022:02:37:56 -0700] "GET /wigner/neum/pvn05.jpg HTTP/1.1" 200 219501 "https://www.google.com/" "Mozilla/5.0 (X11; CrOS x86_64 14695.85.0) AppleWebKit/537.36 (KHTML, like Gecko) Chrome/102.0.0.0 Safari/537.36" "ysfine.com"
207.46.13.102 - - [04/Oct/2022:02:38:01 -0700] "GET /world/israel/jeru62.jpg HTTP/1.1" 200 239617 "-" "Mozilla/5.0 (compatible; bingbot/2.0; +http://www.bing.com/bingbot.htm)" "ysfine.com"
77.88.5.46 - - [04/Oct/2022:02:38:10 -0700] "GET /robots.txt HTTP/1.1" 404 73 "-" "Mozilla/5.0 (compatible; YandexBot/3.0; +http://yandex.com/bots)" "ysfine.com"
77.88.5.45 - - [04/Oct/2022:02:38:14 -0700] "GET /world/baltic/kalin11b.jpg HTTP/1.1" 200 32717 "-" "Mozilla/5.0 (compatible; YandexImages/3.0; +http://yandex.com/bots)" "ysfine.com"
54.201.98.215 - - [04/Oct/2022:02:38:25 -0700] "GET /einstein/einst06.html HTTP/1.1" 200 1773 "-" "Mozilla/5.0 (X11; Linux i686; rv:47.0) Gecko/20100101 Firefox/47.0" "ysfine.com"
40.77.167.27 - - [04/Oct/2022:02:38:29 -0700] "GET /dirac/jablo62.jpg HTTP/1.1" 200 206686 "-" "Mozilla/5.0 (compatible; bingbot/2.0; +http://www.bing.com/bingbot.htm)" "ysfine.com"
34.214.203.160 - - [04/Oct/2022:02:38:32 -0700] "GET /princeton/leigh.jpg HTTP/1.1" 404 88 "-" "Mozilla/5.0 (Windows NT 6.1; WOW64; rv:55.0) Gecko/20100101 Firefox/55.0" "ysfine.com"
35.87.45.123 - - [04/Oct/2022:02:38:34 -0700] "GET /wisdom/wk01.html HTTP/1.1" 200 88106 "-" "Mozilla/5.0 (X11; Linux i686 on x86_64; rv:49.0) Gecko/20100101 Firefox/49.0" "ysfine.com"
52.37.18.186 - - [04/Oct/2022:02:38:37 -0700] "GET /dirac/wigsis.html HTTP/1.1" 200 10275 "-" "Mozilla/5.0 (X11; Linux i686 on x86_64; rv:51.0) Gecko/20100101 Firefox/51.0" "ysfine.com"
216.244.66.229 - - [04/Oct/2022:02:38:41 -0700] "GET /ffriends/aline/chinaeast01.jpg HTTP/1.1" 200 104079 "-" "Mozilla/5.0 (compatible; DotBot/1.2; +https://opensiteexplorer.org/dotbot; help@moz.com)" "www.ysfine.com"
35.91.217.191 - - [04/Oct/2022:02:38:42 -0700] "GET / HTTP/1.1" 200 5283 "-" "Mozilla/5.0 (Windows NT 6.1; WOW64; rv:53.0) Gecko/20100101 Firefox/53.0" "ysfine.com"
35.91.107.38 - - [04/Oct/2022:02:38:44 -0700] "GET /confer/conbot.html HTTP/1.1" 200 124 "-" "Mozilla/5.0 (Macintosh; PPC Mac OS X 10.11; rv:47.0) Gecko/20100101 Firefox/47.0" "www.ysfine.com"
54.244.0.22 - - [04/Oct/2022:02:38:48 -0700] "GET / HTTP/1.1" 200 5283 "-" "Mozilla/5.0 (Windows NT 6.1; WOW64; rv:50.0) Gecko/20100101 Firefox/50.0" "www.ysfine.com"
216.244.66.229 - - [04/Oct/2022:02:38:57 -0700] "GET /ffriends/romania02.jpg HTTP/1.1" 200 241790 "-" "Mozilla/5.0 (compatible; DotBot/1.2; +https://opensiteexplorer.org/dotbot; help@moz.com)" "www.ysfine.com"
157.55.39.128 - - [04/Oct/2022:02:39:07 -0700] "GET /world/places/ulm11b.jpg HTTP/1.1" 200 35828 "-" "Mozilla/5.0 (compatible; bingbot/2.0; +http://www.bing.com/bingbot.htm)" "ysfine.com"
51.222.253.1 - - [04/Oct/2022:02:39:35 -0700] "GET /class54/class5470/total_data/sub_760.htm HTTP/1.1" 200 3322 "-" "Mozilla/5.0 (compatible; AhrefsBot/7.0; +http://ahrefs.com/robot/)" "ysfine.com"
77.88.5.245 - - [04/Oct/2022:02:40:09 -0700] "GET /class54/roofless.html HTTP/1.1" 200 13341 "-" "Mozilla/5.0 (compatible; YandexBot/3.0; +http://yandex.com/bots)" "www.ysfine.com"
17.121.115.93 - - [04/Oct/2022:02:40:42 -0700] "GET /einstein/wallis.html HTTP/1.1" 200 5621 "-" "Mozilla/5.0 (Macintosh; Intel Mac OS X 10_15_5) AppleWebKit/605.1.15 (KHTML, like Gecko) Version/13.1.1 Safari/605.1.15 (Applebot/0.1; +http://www.apple.com/go/applebot)" "ysfine.com"
207.46.13.102 - - [04/Oct/2022:02:41:11 -0700] "GET /style/kievopera55.jpg HTTP/1.1" 200 93047 "-" "Mozilla/5.0 (compatible; bingbot/2.0; +http://www.bing.com/bingbot.htm)" "ysfine.com"
207.46.13.102 - - [04/Oct/2022:02:41:31 -0700] "GET /einstein/places/einmu51.jpg HTTP/1.1" 200 206897 "-" "Mozilla/5.0 (compatible; bingbot/2.0; +http://www.bing.com/bingbot.htm)" "ysfine.com"
17.121.115.45 - - [04/Oct/2022:02:41:37 -0700] "GET /feynman/feykant.html HTTP/1.1" 200 3350 "-" "Mozilla/5.0 (Macintosh; Intel Mac OS X 10_15_5) AppleWebKit/605.1.15 (KHTML, like Gecko) Version/13.1.1 Safari/605.1.15 (Applebot/0.1; +http://www.apple.com/go/applebot)" "ysfine.com"
77.88.5.126 - - [04/Oct/2022:02:41:44 -0700] "GET /world/baltic/kalin11b.jpg HTTP/1.1" 304 - "-" "Mozilla/5.0 (compatible; YandexImages/3.0; +http://yandex.com/bots)" "ysfine.com"
157.55.39.55 - - [04/Oct/2022:02:42:00 -0700] "GET /einstein/places/einha01b.jpg HTTP/1.1" 200 41574 "-" "Mozilla/5.0 (compatible; bingbot/2.0; +http://www.bing.com/bingbot.htm)" "ysfine.com"
157.55.39.58 - - [04/Oct/2022:02:42:23 -0700] "GET /sbk/2004nyc11.jpg HTTP/1.1" 200 135920 "-" "Mozilla/5.0 (compatible; bingbot/2.0; +http://www.bing.com/bingbot.htm)" "ysfine.com"
77.75.79.31 - - [04/Oct/2022:02:42:30 -0700] "GET /dirac/wigsis.html HTTP/1.1" 304 - "-" "Mozilla/5.0 (compatible; SeznamBot/4.0-RC1; +http://napoveda.seznam.cz/seznambot-intro/)" "ysfine.com"
157.55.39.58 - - [04/Oct/2022:02:43:03 -0700] "GET /wigner/martha11.jpg HTTP/1.1" 200 170660 "-" "Mozilla/5.0 (compatible; bingbot/2.0; +http://www.bing.com/bingbot.htm)" "ysfine.com"
95.163.255.71 - - [04/Oct/2022:02:43:05 -0700] "GET /robots.txt HTTP/1.1" 404 73 "-" "Mozilla/5.0 (compatible; Linux x86_64; Mail.RU_Bot/Img/2.0; +https://help.mail.ru/webmaster/indexing/robots)" "www.ysfine.com"
103.144.157.93 - - [04/Oct/2022:02:43:05 -0700] "GET /maga/phil/conic01.jpg HTTP/1.1" 200 70533 "https://www.bing.com/" "Mozilla/5.0 (Windows NT 10.0; Win64; x64) AppleWebKit/537.36 (KHTML, like Gecko) Chrome/105.0.0.0 Safari/537.36 Edg/105.0.1343.53" "www.ysfine.com"
157.55.39.58 - - [04/Oct/2022:02:43:13 -0700] "GET /feynman/chapline2.jpg HTTP/1.1" 200 36026 "-" "Mozilla/5.0 (compatible; bingbot/2.0; +http://www.bing.com/bingbot.htm)" "www.ysfine.com"
157.55.39.127 - - [04/Oct/2022:02:43:13 -0700] "GET /world/balkan/istan053.jpg HTTP/1.1" 200 149734 "-" "Mozilla/5.0 (compatible; bingbot/2.0; +http://www.bing.com/bingbot.htm)" "ysfine.com"
95.163.255.80 - - [04/Oct/2022:02:43:14 -0700] "GET /robots.txt HTTP/1.1" 404 73 "-" "Mozilla/5.0 (compatible; Linux x86_64; Mail.RU_Bot/Img/2.0; +https://help.mail.ru/webmaster/indexing/robots)" "ysfine.com"
51.222.253.4 - - [04/Oct/2022:02:43:50 -0700] "GET /class54/class5470/total_data/sub_754.htm HTTP/1.1" 200 3297 "-" "Mozilla/5.0 (compatible; AhrefsBot/7.0; +http://ahrefs.com/robot/)" "ysfine.com"
157.55.39.128 - - [04/Oct/2022:02:44:58 -0700] "GET /maga/histo/desiree21.jpg HTTP/1.1" 200 91829 "-" "Mozilla/5.0 AppleWebKit/537.36 (KHTML, like Gecko; compatible; bingbot/2.0; +http://www.bing.com/bingbot.htm) Chrome/103.0.5060.134 Safari/537.36" "www.ysfine.com"
157.55.39.55 - - [04/Oct/2022:02:45:01 -0700] "GET /world/france/chagall02b.jpg HTTP/1.1" 200 38394 "-" "Mozilla/5.0 (compatible; bingbot/2.0; +http://www.bing.com/bingbot.htm)" "ysfine.com"
207.46.13.102 - - [04/Oct/2022:02:46:02 -0700] "GET /world/balkan/ath108.jpg HTTP/1.1" 200 106821 "-" "Mozilla/5.0 (compatible; bingbot/2.0; +http://www.bing.com/bingbot.htm)" "ysfine.com"
77.88.5.46 - - [04/Oct/2022:02:46:55 -0700] "GET /home/mathrev.html HTTP/1.1" 200 1802 "-" "Mozilla/5.0 (compatible; YandexBot/3.0; +http://yandex.com/bots)" "www.ysfine.com"
51.222.253.15 - - [04/Oct/2022:02:47:51 -0700] "GET /class54/class5470/total_data/sub_755.htm HTTP/1.1" 200 3297 "-" "Mozilla/5.0 (compatible; AhrefsBot/7.0; +http://ahrefs.com/robot/)" "ysfine.com"
51.222.253.10 - - [04/Oct/2022:02:47:56 -0700] "GET /class54/class5470/total_data/photo_img/7-55.jpg HTTP/1.1" 200 190343 "-" "Mozilla/5.0 (compatible; AhrefsBot/7.0; +http://ahrefs.com/robot/)" "ysfine.com"
103.180.200.167 - - [04/Oct/2022:02:48:09 -0700] "GET /maga/phys/schrod11.jpg HTTP/1.1" 200 107958 "https://www.bing.com/" "Mozilla/5.0 (Windows NT 10.0; Win64; x64) AppleWebKit/537.36 (KHTML, like Gecko) Chrome/105.0.0.0 Safari/537.36 Edg/105.0.1343.53" "www.ysfine.com"
157.55.39.128 - - [04/Oct/2022:02:48:09 -0700] "GET /wigner/neum/fuld.jpg HTTP/1.1" 200 172715 "-" "Mozilla/5.0 (compatible; bingbot/2.0; +http://www.bing.com/bingbot.htm)" "www.ysfine.com"
40.77.167.27 - - [04/Oct/2022:02:49:42 -0700] "GET /world/brit/oxlon20.jpg HTTP/1.1" 200 124699 "-" "Mozilla/5.0 (compatible; bingbot/2.0; +http://www.bing.com/bingbot.htm)" "ysfine.com"
40.77.167.27 - - [04/Oct/2022:02:49:43 -0700] "GET /world/france/champ9610.jpg HTTP/1.1" 200 109247 "-" "Mozilla/5.0 (compatible; bingbot/2.0; +http://www.bing.com/bingbot.htm)" "ysfine.com"
83.233.138.161 - - [04/Oct/2022:02:50:25 -0700] "GET /feynman/feybongo.jpg HTTP/1.1" 200 47448 "https://www.google.com/" "Mozilla/5.0 (Windows NT 10.0; Win64; x64) AppleWebKit/537.36 (KHTML, like Gecko) Chrome/106.0.0.0 Safari/537.36" "ysfine.com"
95.163.255.110 - - [04/Oct/2022:02:50:53 -0700] "GET /kobak/kimkoo02b.jpg HTTP/1.1" 200 49056 "http://go.mail.ru/search_images" "Mozilla/5.0 (compatible; Linux x86_64; Mail.RU_Bot/Img/2.0; +https://help.mail.ru/webmaster/indexing/robots)" "www.ysfine.com"
40.77.167.27 - - [04/Oct/2022:02:51:00 -0700] "GET /confer/conbot.html HTTP/1.1" 200 124 "-" "Mozilla/5.0 (compatible; bingbot/2.0; +http://www.bing.com/bingbot.htm)" "ysfine.com"
40.77.202.45 - - [04/Oct/2022:02:51:01 -0700] "GET /confer/conleft.html HTTP/1.1" 200 1423 "-" "Mozilla/5.0 (Windows NT 6.1; WOW64) AppleWebKit/534+ (KHTML, like Gecko) BingPreview/1.0b" "ysfine.com"
40.77.202.49 - - [04/Oct/2022:02:51:02 -0700] "GET /confer/conrigh.html HTTP/1.1" 200 4715 "-" "Mozilla/5.0 (Windows NT 6.1; WOW64) AppleWebKit/534+ (KHTML, like Gecko) BingPreview/1.0b" "ysfine.com"
40.77.167.27 - - [04/Oct/2022:02:51:10 -0700] "GET /world/china/xian09b.jpg HTTP/1.1" 200 40511 "-" "Mozilla/5.0 (compatible; bingbot/2.0; +http://www.bing.com/bingbot.htm)" "ysfine.com"
157.55.39.58 - - [04/Oct/2022:02:51:35 -0700] "GET /dirac/diracsq22.html HTTP/1.1" 200 7395 "-" "Mozilla/5.0 (compatible; bingbot/2.0; +http://www.bing.com/bingbot.htm)" "www.ysfine.com"
51.222.253.9 - - [04/Oct/2022:02:52:17 -0700] "GET /class54/class5470/total_data/sub_756.htm HTTP/1.1" 200 3297 "-" "Mozilla/5.0 (compatible; AhrefsBot/7.0; +http://ahrefs.com/robot/)" "ysfine.com"
51.222.253.16 - - [04/Oct/2022:02:52:28 -0700] "GET /class54/class5470/total_data/photo_img/7-56.jpg HTTP/1.1" 200 266464 "-" "Mozilla/5.0 (compatible; AhrefsBot/7.0; +http://ahrefs.com/robot/)" "ysfine.com"
95.163.255.71 - - [04/Oct/2022:02:52:40 -0700] "GET /world/baltic/tallin50c.jpg HTTP/1.1" 200 40939 "http://go.mail.ru/search_images" "Mozilla/5.0 (compatible; Linux x86_64; Mail.RU_Bot/Img/2.0; +https://help.mail.ru/webmaster/indexing/robots)" "ysfine.com"
77.88.5.46 - - [04/Oct/2022:02:52:40 -0700] "GET /class54/roofless.html HTTP/1.1" 200 13341 "-" "Mozilla/5.0 (compatible; YandexBot/3.0; +http://yandex.com/bots)" "www.ysfine.com"
173.73.80.118 - - [04/Oct/2022:02:52:47 -0700] "GET /ys11/ HTTP/1.1" 304 - "-" "Mozilla/5.0 (Windows NT 10.0; Win64; x64) AppleWebKit/537.36 (KHTML, like Gecko) Chrome/105.0.0.0 Safari/537.36 Edg/105.0.1343.53" "ysfine.com"
173.73.80.118 - - [04/Oct/2022:02:52:47 -0700] "GET /favicon.ico HTTP/1.1" 404 88 "https://ysfine.com/ys11/" "Mozilla/5.0 (Windows NT 10.0; Win64; x64) AppleWebKit/537.36 (KHTML, like Gecko) Chrome/105.0.0.0 Safari/537.36 Edg/105.0.1343.53" "ysfine.com"
207.46.13.102 - - [04/Oct/2022:02:52:52 -0700] "GET /maga/hermite.html HTTP/1.1" 200 4102 "-" "Mozilla/5.0 (compatible; bingbot/2.0; +http://www.bing.com/bingbot.htm)" "ysfine.com"
138.201.11.237 - - [04/Oct/2022:02:52:59 -0700] "GET /maga/sanchez.html HTTP/1.1" 200 1278 "-" "Mozilla/5.0 (X11; Linux x86_64) AppleWebKit/537.36 (KHTML, like Gecko) Chrome/86.0.4240.111 Safari/537.36" "ysfine.com"
157.55.39.128 - - [04/Oct/2022:02:52:59 -0700] "GET /world/china/shanghai082.jpg HTTP/1.1" 200 111789 "-" "Mozilla/5.0 (compatible; bingbot/2.0; +http://www.bing.com/bingbot.htm)" "www.ysfine.com"
168.119.69.91 - - [04/Oct/2022:02:53:02 -0700] "GET /maga/sanchez.html HTTP/1.1" 200 1278 "-" "Mozilla/5.0 (Macintosh; Intel Mac OS X 10_15_6) AppleWebKit/605.1.15 (KHTML, like Gecko) Version/14.0.2 Safari/605.1.15" "www.ysfine.com"
157.55.39.58 - - [04/Oct/2022:02:53:04 -0700] "GET /wisdom/quovadis.html HTTP/1.1" 200 3582 "-" "Mozilla/5.0 AppleWebKit/537.36 (KHTML, like Gecko; compatible; bingbot/2.0; +http://www.bing.com/bingbot.htm) Chrome/103.0.5060.134 Safari/537.36" "ysfine.com"
95.163.255.80 - - [04/Oct/2022:02:53:34 -0700] "GET /maga/world/roma.html HTTP/1.1" 404 88 "http://go.mail.ru/search_images" "Mozilla/5.0 (compatible; Linux x86_64; Mail.RU_Bot/Img/2.0; +https://help.mail.ru/webmaster/indexing/robots)" "www.ysfine.com"
185.229.144.22 - - [04/Oct/2022:02:53:47 -0700] "GET / HTTP/1.1" 200 5283 "-" "Mozilla/5.0 (compatible; MSIE 10.0; Windows NT 6.1; Trident/6.0) LinkCheck by Siteimprove.com" "ysfine.com"
173.73.80.118 - - [04/Oct/2022:02:53:54 -0700] "GET /favicon.ico HTTP/1.1" 404 88 "https://ysfine.com/ys11/" "Mozilla/5.0 (Windows NT 10.0; Win64; x64) AppleWebKit/537.36 (KHTML, like Gecko) Chrome/105.0.0.0 Safari/537.36 Edg/105.0.1343.53" "ysfine.com"
86.148.76.88 - - [04/Oct/2022:02:53:55 -0700] "GET /remote/wigner111/kim-15.jpg HTTP/1.1" 200 121012 "https://www.google.co.uk/" "Mozilla/5.0 (iPhone; CPU iPhone OS 15_7 like Mac OS X) AppleWebKit/605.1.15 (KHTML, like Gecko) Version/15.6,2 Mobile/15E148 Safari/604.1" "ysfine.com"
51.222.253.16 - - [04/Oct/2022:02:53:57 -0700] "GET /class54/class5470/total_data/sub_757.htm HTTP/1.1" 200 3297 "-" "Mozilla/5.0 (compatible; AhrefsBot/7.0; +http://ahrefs.com/robot/)" "ysfine.com"
40.77.167.27 - - [04/Oct/2022:02:54:03 -0700] "GET /style/kievopera33.jpg HTTP/1.1" 200 73484 "-" "Mozilla/5.0 AppleWebKit/537.36 (KHTML, like Gecko; compatible; bingbot/2.0; +http://www.bing.com/bingbot.htm) Chrome/103.0.5060.134 Safari/537.36" "www.ysfine.com"
157.55.39.55 - - [04/Oct/2022:02:54:41 -0700] "GET /world/scandi/copenf74b.jpg HTTP/1.1" 200 41265 "-" "Mozilla/5.0 (compatible; bingbot/2.0; +http://www.bing.com/bingbot.htm)" "ysfine.com"
66.249.84.49 - - [04/Oct/2022:02:55:03 -0700] "GET /kobak/somap38.jpg HTTP/1.1" 200 109622 "-" "Mozilla/5.0 (Windows NT 5.1; rv:11.0) Gecko Firefox/11.0 (via ggpht.com GoogleImageProxy)" "ysfine.com"
157.55.39.128 - - [04/Oct/2022:02:55:19 -0700] "GET /sbk/2006kdw11.jpg HTTP/1.1" 200 70370 "-" "Mozilla/5.0 (compatible; bingbot/2.0; +http://www.bing.com/bingbot.htm)" "ysfine.com"
51.222.253.13 - - [04/Oct/2022:02:55:31 -0700] "GET /class54/class5470/total_data/sub_128.htm HTTP/1.1" 200 3312 "-" "Mozilla/5.0 (compatible; AhrefsBot/7.0; +http://ahrefs.com/robot/)" "www.ysfine.com"
51.222.253.11 - - [04/Oct/2022:02:55:39 -0700] "GET /class54/class5470/total_data/img/01_smtitle28.gif HTTP/1.1" 200 793 "-" "Mozilla/5.0 (compatible; AhrefsBot/7.0; +http://ahrefs.com/robot/)" "www.ysfine.com"
51.222.253.4 - - [04/Oct/2022:02:55:39 -0700] "GET /class54/class5470/total_data/photo_img/1-28.jpg HTTP/1.1" 200 209442 "-" "Mozilla/5.0 (compatible; AhrefsBot/7.0; +http://ahrefs.com/robot/)" "www.ysfine.com"
157.55.39.127 - - [04/Oct/2022:02:55:45 -0700] "GET /kobak/underw22b.jpg HTTP/1.1" 200 68866 "-" "Mozilla/5.0 (compatible; bingbot/2.0; +http://www.bing.com/bingbot.htm)" "www.ysfine.com"
173.73.80.118 - - [04/Oct/2022:02:55:51 -0700] "GET /ys11/index.html HTTP/1.1" 304 - "-" "Mozilla/5.0 (Windows NT 10.0; Win64; x64) AppleWebKit/537.36 (KHTML, like Gecko) Chrome/105.0.0.0 Safari/537.36 Edg/105.0.1343.53" "www.ysfine.com"
173.73.80.118 - - [04/Oct/2022:02:55:52 -0700] "GET /favicon.ico HTTP/1.1" 404 88 "https://www.ysfine.com/ys11/index.html" "Mozilla/5.0 (Windows NT 10.0; Win64; x64) AppleWebKit/537.36 (KHTML, like Gecko) Chrome/105.0.0.0 Safari/537.36 Edg/105.0.1343.53" "www.ysfine.com"
65.108.241.130 - - [04/Oct/2022:02:56:00 -0700] "GET /philo/hume02.jpg HTTP/1.1" 200 131923 "-" "Mozilla/5.0 (X11; Fedora; Linux x86_64) AppleWebKit/537.36 (KHTML, like Gecko) Chrome/79.0.3945.117 Safari/537.36" "ysfine.com"
40.77.167.27 - - [04/Oct/2022:02:56:02 -0700] "GET /wigner/gim/gimn13.jpg HTTP/1.1" 200 129305 "-" "Mozilla/5.0 (compatible; bingbot/2.0; +http://www.bing.com/bingbot.htm)" "ysfine.com"
157.55.39.55 - - [04/Oct/2022:02:56:32 -0700] "GET /world/brit/imperialc07.jpg HTTP/1.1" 200 80001 "-" "Mozilla/5.0 (compatible; bingbot/2.0; +http://www.bing.com/bingbot.htm)" "ysfine.com"
157.55.39.55 - - [04/Oct/2022:02:56:36 -0700] "GET /store-locator HTTP/1.1" 404 88 "-" "Mozilla/5.0 (compatible; bingbot/2.0; +http://www.bing.com/bingbot.htm)" "ysfine.com"
45.78.11.221 - - [04/Oct/2022:02:56:46 -0700] "GET /world/germany/hegel03.jpg HTTP/1.1" 200 211480 "-" "python-requests/2.22.0" "ysfine.com"
51.222.253.5 - - [04/Oct/2022:02:56:52 -0700] "GET /class54/class5470/total_data/sub_722.htm HTTP/1.1" 200 3295 "-" "Mozilla/5.0 (compatible; AhrefsBot/7.0; +http://ahrefs.com/robot/)" "ysfine.com"
185.229.144.22 - - [04/Oct/2022:02:56:59 -0700] "GET / HTTP/1.1" 200 5283 "-" "Mozilla/5.0 (compatible; MSIE 10.0; Windows NT 6.1; Trident/6.0) LinkCheck by Siteimprove.com" "ysfine.com"
51.222.253.4 - - [04/Oct/2022:02:57:05 -0700] "GET /class54/class5470/total_data/photo_img/7-22.jpg HTTP/1.1" 200 243325 "-" "Mozilla/5.0 (compatible; AhrefsBot/7.0; +http://ahrefs.com/robot/)" "ysfine.com"
207.46.13.102 - - [04/Oct/2022:02:57:22 -0700] "GET /princeton/cleve.html HTTP/1.1" 200 570 "-" "Mozilla/5.0 AppleWebKit/537.36 (KHTML, like Gecko; compatible; bingbot/2.0; +http://www.bing.com/bingbot.htm) Chrome/103.0.5060.134 Safari/537.36" "ysfine.com"
207.46.13.102 - - [04/Oct/2022:02:57:23 -0700] "GET /wigner/gcontrac.html HTTP/1.1" 200 2279 "-" "Mozilla/5.0 (compatible; bingbot/2.0; +http://www.bing.com/bingbot.htm)" "ysfine.com"
65.108.241.130 - - [04/Oct/2022:02:57:29 -0700] "GET /maga/phil/hume03.jpg HTTP/1.1" 200 119650 "-" "Mozilla/5.0 (X11; Fedora; Linux x86_64) AppleWebKit/537.36 (KHTML, like Gecko) Chrome/79.0.3945.117 Safari/537.36" "ysfine.com"
40.77.167.27 - - [04/Oct/2022:02:58:01 -0700] "GET /home/feysavior.html HTTP/1.1" 200 2737 "-" "Mozilla/5.0 AppleWebKit/537.36 (KHTML, like Gecko; compatible; bingbot/2.0; +http://www.bing.com/bingbot.htm) Chrome/103.0.5060.134 Safari/537.36" "ysfine.com"
51.222.253.6 - - [04/Oct/2022:02:58:06 -0700] "GET /class54/class5470/total_data/sub_758.htm HTTP/1.1" 200 3297 "-" "Mozilla/5.0 (compatible; AhrefsBot/7.0; +http://ahrefs.com/robot/)" "ysfine.com"
51.222.253.6 - - [04/Oct/2022:02:58:11 -0700] "GET /class54/class5470/total_data/photo_img/7-58.jpg HTTP/1.1" 200 243391 "-" "Mozilla/5.0 (compatible; AhrefsBot/7.0; +http://ahrefs.com/robot/)" "ysfine.com"
157.55.39.127 - - [04/Oct/2022:02:58:45 -0700] "GET /world/ital/rome047.jpg HTTP/1.1" 200 108139 "-" "Mozilla/5.0 (compatible; bingbot/2.0; +http://www.bing.com/bingbot.htm)" "ysfine.com"
77.88.5.46 - - [04/Oct/2022:02:59:15 -0700] "GET /home/mathrev.html HTTP/1.1" 200 1802 "-" "Mozilla/5.0 (compatible; YandexBot/3.0; +http://yandex.com/bots)" "www.ysfine.com"
51.222.253.11 - - [04/Oct/2022:02:59:19 -0700] "GET /class54/class5470/total_data/sub_723.htm HTTP/1.1" 200 3295 "-" "Mozilla/5.0 (compatible; AhrefsBot/7.0; +http://ahrefs.com/robot/)" "ysfine.com"
51.222.253.13 - - [04/Oct/2022:02:59:23 -0700] "GET /class54/class5470/total_data/photo_img/7-23.jpg HTTP/1.1" 200 253820 "-" "Mozilla/5.0 (compatible; AhrefsBot/7.0; +http://ahrefs.com/robot/)" "ysfine.com"
157.55.39.58 - - [04/Oct/2022:03:00:15 -0700] "GET /world/germany/oktf10b.jpg HTTP/1.1" 200 46446 "-" "Mozilla/5.0 (compatible; bingbot/2.0; +http://www.bing.com/bingbot.htm)" "ysfine.com"
157.55.39.55 - - [04/Oct/2022:03:00:16 -0700] "GET /wdc/vernon.html HTTP/1.1" 200 1958 "-" "Mozilla/5.0 (compatible; bingbot/2.0; +http://www.bing.com/bingbot.htm)" "www.ysfine.com"
157.55.39.55 - - [04/Oct/2022:03:00:23 -0700] "GET /einstein/places/einha00.jpg HTTP/1.1" 200 79357 "-" "Mozilla/5.0 AppleWebKit/537.36 (KHTML, like Gecko; compatible; bingbot/2.0; +http://www.bing.com/bingbot.htm) Chrome/103.0.5060.134 Safari/537.36" "ysfine.com"
51.222.253.12 - - [04/Oct/2022:03:00:30 -0700] "GET /maga/schroedinger.html HTTP/1.1" 200 6325 "-" "Mozilla/5.0 (compatible; AhrefsBot/7.0; +http://ahrefs.com/robot/)" "www.ysfine.com"
66.249.66.40 - - [04/Oct/2022:03:00:46 -0700] "GET /kobak/father.jpg HTTP/1.1" 304 - "-" "Googlebot-Image/1.0" "ysfine.com"
51.222.253.13 - - [04/Oct/2022:03:01:33 -0700] "GET /class54/class5470/total_data/sub_724.htm HTTP/1.1" 200 3295 "-" "Mozilla/5.0 (compatible; AhrefsBot/7.0; +http://ahrefs.com/robot/)" "ysfine.com"
51.222.253.4 - - [04/Oct/2022:03:01:36 -0700] "GET /class54/class5470/total_data/photo_img/7-24.jpg HTTP/1.1" 200 252973 "-" "Mozilla/5.0 (compatible; AhrefsBot/7.0; +http://ahrefs.com/robot/)" "ysfine.com"
157.55.39.127 - - [04/Oct/2022:03:01:45 -0700] "GET /world/baltic/frombork2.jpg HTTP/1.1" 200 67166 "-" "Mozilla/5.0 AppleWebKit/537.36 (KHTML, like Gecko; compatible; bingbot/2.0; +http://www.bing.com/bingbot.htm) Chrome/103.0.5060.134 Safari/537.36" "ysfine.com"
157.55.39.55 - - [04/Oct/2022:03:02:12 -0700] "GET /maga/phys/standardmo11b.jpg HTTP/1.1" 200 52388 "-" "Mozilla/5.0 (compatible; bingbot/2.0; +http://www.bing.com/bingbot.htm)" "www.ysfine.com"
207.46.13.102 - - [04/Oct/2022:03:02:13 -0700] "GET /home/resonance11.jpg HTTP/1.1" 200 55090 "-" "Mozilla/5.0 AppleWebKit/537.36 (KHTML, like Gecko; compatible; bingbot/2.0; +http://www.bing.com/bingbot.htm) Chrome/103.0.5060.134 Safari/537.36" "ysfine.com"
40.77.167.27 - - [04/Oct/2022:03:02:32 -0700] "GET /world/poland/polstu08.jpg HTTP/1.1" 200 81595 "-" "Mozilla/5.0 AppleWebKit/537.36 (KHTML, like Gecko; compatible; bingbot/2.0; +http://www.bing.com/bingbot.htm) Chrome/103.0.5060.134 Safari/537.36" "ysfine.com"
65.108.241.130 - - [04/Oct/2022:03:02:44 -0700] "GET /maga/phil/hume02b.jpg HTTP/1.1" 200 52835 "-" "Mozilla/5.0 (X11; Fedora; Linux x86_64) AppleWebKit/537.36 (KHTML, like Gecko) Chrome/79.0.3945.117 Safari/537.36" "ysfine.com"
207.46.13.102 - - [04/Oct/2022:03:03:24 -0700] "GET /world/brit/dunf10.jpg HTTP/1.1" 200 103585 "-" "Mozilla/5.0 (compatible; bingbot/2.0; +http://www.bing.com/bingbot.htm)" "www.ysfine.com"
51.222.253.12 - - [04/Oct/2022:03:03:43 -0700] "GET /class54/class5470/total_data/sub_725.htm HTTP/1.1" 200 3295 "-" "Mozilla/5.0 (compatible; AhrefsBot/7.0; +http://ahrefs.com/robot/)" "ysfine.com"
207.46.13.102 - - [04/Oct/2022:03:04:53 -0700] "GET /jobs/koreaj.html HTTP/1.1" 200 10214 "-" "Mozilla/5.0 AppleWebKit/537.36 (KHTML, like Gecko; compatible; bingbot/2.0; +http://www.bing.com/bingbot.htm) Chrome/103.0.5060.134 Safari/537.36" "www.ysfine.com"
73.98.243.62 - - [04/Oct/2022:03:05:47 -0700] "GET /favicon.ico HTTP/1.1" 404 88 "-" "Mozilla/5.0 (X11; Linux x86_64; rv:102.0) Gecko/20100101 Goanna/5.2 Firefox/102.0 PaleMoon/31.3.0.1" "ysfine.com"
73.98.243.62 - - [04/Oct/2022:03:05:47 -0700] "GET /favicon.ico HTTP/1.1" 404 88 "-" "Mozilla/5.0 (X11; Linux x86_64; rv:102.0) Gecko/20100101 Goanna/5.2 Firefox/102.0 PaleMoon/31.3.0.1" "ysfine.com"
157.55.39.128 - - [04/Oct/2022:03:05:50 -0700] "GET /usca/pitt/cyclo.jpg HTTP/1.1" 200 102829 "-" "Mozilla/5.0 (compatible; bingbot/2.0; +http://www.bing.com/bingbot.htm)" "ysfine.com"
51.222.253.10 - - [04/Oct/2022:03:05:56 -0700] "GET /wdc/annapolis.html HTTP/1.1" 200 3158 "-" "Mozilla/5.0 (compatible; AhrefsBot/7.0; +http://ahrefs.com/robot/)" "ysfine.com"
51.222.253.14 - - [04/Oct/2022:03:06:00 -0700] "GET /wdc/usna17b.jpg HTTP/1.1" 200 44847 "-" "Mozilla/5.0 (compatible; AhrefsBot/7.0; +http://ahrefs.com/robot/)" "ysfine.com"
51.222.253.13 - - [04/Oct/2022:03:06:00 -0700] "GET /wdc/usna14b.jpg HTTP/1.1" 200 37900 "-" "Mozilla/5.0 (compatible; AhrefsBot/7.0; +http://ahrefs.com/robot/)" "ysfine.com"
51.222.253.16 - - [04/Oct/2022:03:06:01 -0700] "GET /wdc/anna05b.jpg HTTP/1.1" 200 39615 "-" "Mozilla/5.0 (compatible; AhrefsBot/7.0; +http://ahrefs.com/robot/)" "ysfine.com"
51.222.253.12 - - [04/Oct/2022:03:06:01 -0700] "GET /wdc/nato11b.jpg HTTP/1.1" 200 41360 "-" "Mozilla/5.0 (compatible; AhrefsBot/7.0; +http://ahrefs.com/robot/)" "ysfine.com"
40.77.167.27 - - [04/Oct/2022:03:06:12 -0700] "GET /sbk/1990.html HTTP/1.1" 200 3990 "-" "Mozilla/5.0 (compatible; bingbot/2.0; +http://www.bing.com/bingbot.htm)" "www.ysfine.com"
157.55.39.55 - - [04/Oct/2022:03:06:42 -0700] "GET /style/kievopera44.jpg HTTP/1.1" 200 108286 "-" "Mozilla/5.0 (compatible; bingbot/2.0; +http://www.bing.com/bingbot.htm)" "ysfine.com"
157.55.39.127 - - [04/Oct/2022:03:07:45 -0700] "GET /world/france/chagall04.jpg HTTP/1.1" 200 118222 "-" "Mozilla/5.0 (compatible; bingbot/2.0; +http://www.bing.com/bingbot.htm)" "www.ysfine.com"
51.222.253.4 - - [04/Oct/2022:03:08:12 -0700] "GET /class54/class5470/total_data/sub_746.htm HTTP/1.1" 200 3297 "-" "Mozilla/5.0 (compatible; AhrefsBot/7.0; +http://ahrefs.com/robot/)" "ysfine.com"
51.222.253.19 - - [04/Oct/2022:03:08:18 -0700] "GET /class54/class5470/total_data/photo_img/7-46.jpg HTTP/1.1" 200 208826 "-" "Mozilla/5.0 (compatible; AhrefsBot/7.0; +http://ahrefs.com/robot/)" "ysfine.com"
157.55.39.128 - - [04/Oct/2022:03:08:19 -0700] "GET /maga/phys/ellihyper05b.jpg HTTP/1.1" 200 35124 "-" "Mozilla/5.0 (compatible; bingbot/2.0; +http://www.bing.com/bingbot.htm)" "ysfine.com"
128.2.177.5 - - [04/Oct/2022:03:08:22 -0700] "GET /wigner/neeman.jpg HTTP/1.1" 200 74678 "-" "Mozilla/5.0 (X11; Linux i686) AppleWebKit/537.17 (KHTML, like Gecko) Chrome/24.0.1312.27 Safari/537.17" "ysfine.com"
157.55.39.128 - - [04/Oct/2022:03:09:30 -0700] "GET /princeton/ustore55.jpg HTTP/1.1" 200 116756 "-" "Mozilla/5.0 (compatible; bingbot/2.0; +http://www.bing.com/bingbot.htm)" "ysfine.com"
40.77.167.27 - - [04/Oct/2022:03:09:32 -0700] "GET /world/baltic/riga32.jpg HTTP/1.1" 200 72804 "-" "Mozilla/5.0 (compatible; bingbot/2.0; +http://www.bing.com/bingbot.htm)" "www.ysfine.com"
157.55.39.55 - - [04/Oct/2022:03:09:55 -0700] "GET /world/brit/dunf01.jpg HTTP/1.1" 200 107215 "-" "Mozilla/5.0 (compatible; bingbot/2.0; +http://www.bing.com/bingbot.htm)" "www.ysfine.com"
157.55.39.127 - - [04/Oct/2022:03:10:06 -0700] "GET /world/germany/tub10.jpg HTTP/1.1" 200 89188 "-" "Mozilla/5.0 (compatible; bingbot/2.0; +http://www.bing.com/bingbot.htm)" "ysfine.com"
51.222.253.13 - - [04/Oct/2022:03:10:33 -0700] "GET /class54/class5470/total_data/sub_747.htm HTTP/1.1" 200 3297 "-" "Mozilla/5.0 (compatible; AhrefsBot/7.0; +http://ahrefs.com/robot/)" "ysfine.com"
40.77.167.27 - - [04/Oct/2022:03:11:04 -0700] "GET /feynman/krz.jpg HTTP/1.1" 200 38441 "-" "Mozilla/5.0 AppleWebKit/537.36 (KHTML, like Gecko; compatible; bingbot/2.0; +http://www.bing.com/bingbot.htm) Chrome/103.0.5060.134 Safari/537.36" "www.ysfine.com"
51.222.253.9 - - [04/Oct/2022:03:12:42 -0700] "GET /kobak/namdae.html HTTP/1.1" 200 5295 "-" "Mozilla/5.0 (compatible; AhrefsBot/7.0; +http://ahrefs.com/robot/)" "www.ysfine.com"
14.246.249.254 - - [04/Oct/2022:03:12:43 -0700] "GET /einstein/einhouse11.jpg HTTP/1.1" 200 109026 "https://www.google.com/" "Mozilla/5.0 (Windows NT 10.0; Win64; x64) AppleWebKit/537.36 (KHTML, like Gecko) Chrome/105.0.0.0 Safari/537.36 Edg/105.0.1343.53" "ysfine.com"
207.46.13.102 - - [04/Oct/2022:03:12:43 -0700] "GET /world/germany/salzmo15.jpg HTTP/1.1" 200 93657 "-" "Mozilla/5.0 (compatible; bingbot/2.0; +http://www.bing.com/bingbot.htm)" "ysfine.com"
40.77.167.27 - - [04/Oct/2022:03:13:03 -0700] "GET /world/france/flore06.jpg HTTP/1.1" 200 120704 "-" "Mozilla/5.0 (compatible; bingbot/2.0; +http://www.bing.com/bingbot.htm)" "www.ysfine.com"
66.249.66.40 - - [04/Oct/2022:03:13:10 -0700] "GET /world/russ/kazan027.jpg HTTP/1.1" 304 - "-" "Googlebot-Image/1.0" "ysfine.com"
157.55.39.58 - - [04/Oct/2022:03:13:17 -0700] "GET /dirac/nicodem11b.jpg HTTP/1.1" 200 79065 "-" "Mozilla/5.0 (compatible; bingbot/2.0; +http://www.bing.com/bingbot.htm)" "www.ysfine.com"
157.55.39.55 - - [04/Oct/2022:03:13:33 -0700] "GET /wigner/cylinder11b.jpg HTTP/1.1" 200 38614 "-" "Mozilla/5.0 (compatible; bingbot/2.0; +http://www.bing.com/bingbot.htm)" "ysfine.com"
193.170.218.10 - - [04/Oct/2022:03:13:44 -0700] "GET /feynman/standardmo01.jpg HTTP/1.1" 200 94736 "https://www.bing.com/" "Mozilla/5.0 (Windows NT 10.0; Win64; x64) AppleWebKit/537.36 (KHTML, like Gecko) Chrome/105.0.0.0 Safari/537.36 Edg/105.0.1343.53" "www.ysfine.com"
157.55.39.128 - - [04/Oct/2022:03:14:00 -0700] "GET /world/israel/jeru12.jpg HTTP/1.1" 200 176438 "-" "Mozilla/5.0 (compatible; bingbot/2.0; +http://www.bing.com/bingbot.htm)" "ysfine.com"
157.55.39.127 - - [04/Oct/2022:03:14:26 -0700] "GET /world/germany/hofbrau11.jpg HTTP/1.1" 200 88584 "-" "Mozilla/5.0 (compatible; bingbot/2.0; +http://www.bing.com/bingbot.htm)" "www.ysfine.com"
77.75.77.32 - - [04/Oct/2022:03:14:29 -0700] "GET /robots.txt HTTP/1.1" 404 88 "-" "Mozilla/5.0 (compatible; SeznamBot/3.2; +http://napoveda.seznam.cz/en/seznambot-intro/)" "ysfine.com"
77.75.77.32 - - [04/Oct/2022:03:14:31 -0700] "GET /yspapers/parton66a.jpg HTTP/1.1" 200 63749 "-" "Mozilla/5.0 (compatible; SeznamBot/3.2; +http://napoveda.seznam.cz/en/seznambot-intro/)" "ysfine.com"
77.75.77.32 - - [04/Oct/2022:03:14:34 -0700] "GET /princeton/shapiro.jpg HTTP/1.1" 200 53951 "-" "Mozilla/5.0 (compatible; SeznamBot/3.2; +http://napoveda.seznam.cz/en/seznambot-intro/)" "ysfine.com"
77.75.77.32 - - [04/Oct/2022:03:14:35 -0700] "GET /princeton/cleve11.jpg HTTP/1.1" 200 58959 "-" "Mozilla/5.0 (compatible; SeznamBot/3.2; +http://napoveda.seznam.cz/en/seznambot-intro/)" "ysfine.com"
77.75.77.32 - - [04/Oct/2022:03:14:37 -0700] "GET /manko/wash91.jpg HTTP/1.1" 304 - "-" "Mozilla/5.0 (compatible; SeznamBot/3.2; +http://napoveda.seznam.cz/en/seznambot-intro/)" "ysfine.com"
157.55.39.58 - - [04/Oct/2022:03:14:47 -0700] "GET /world/hungary/liszt07.jpg HTTP/1.1" 200 137500 "-" "Mozilla/5.0 (compatible; bingbot/2.0; +http://www.bing.com/bingbot.htm)" "ysfine.com"
34.205.85.214 - - [04/Oct/2022:03:14:49 -0700] "GET /robots.txt HTTP/1.1" 404 88 "-" "Apache-HttpClient/4.5.3 (Java/1.8.0_292)" "ysfine.com"
18.234.76.148 - - [04/Oct/2022:03:14:50 -0700] "GET / HTTP/1.1" 200 5283 "-" "Mozilla/5.0 (compatible; Newslitbot/0.1; +https://www.newslit.co)" "ysfine.com"
157.55.39.55 - - [04/Oct/2022:03:15:14 -0700] "GET /wigner/snow.jpg HTTP/1.1" 200 34962 "-" "Mozilla/5.0 (compatible; bingbot/2.0; +http://www.bing.com/bingbot.htm)" "ysfine.com"
94.234.102.241 - - [04/Oct/2022:03:15:25 -0700] "GET /world/places/ulm11.jpg HTTP/1.1" 200 153785 "https://www.google.com/" "Mozilla/5.0 (Macintosh; Intel Mac OS X 10_15_7) AppleWebKit/605.1.15 (KHTML, like Gecko) Version/15.6 Safari/605.1.15" "ysfine.com"
14.192.209.11 - - [04/Oct/2022:03:15:31 -0700] "GET /kobak/kimilsong11.jpg HTTP/1.1" 200 185542 "https://www.google.com/" "Mozilla/5.0 (Linux; Android 11; CPH2059 Build/RKQ1.200903.002; wv) AppleWebKit/537.36 (KHTML, like Gecko) Version/4.0 Chrome/106.0.5249.79 Mobile Safari/537.36 GoogleApp/13.38.11.26.arm64" "ysfine.com"
62.11.177.99 - - [04/Oct/2022:03:15:46 -0700] "GET /dirac/michelan01.jpg HTTP/1.1" 200 100928 "https://www.google.com/" "Mozilla/5.0 (Macintosh; Intel Mac OS X 10.15; rv:104.0) Gecko/20100101 Firefox/104.0" "ysfine.com"
62.11.177.99 - - [04/Oct/2022:03:15:52 -0700] "GET /dirac/dirbust22.jpg HTTP/1.1" 200 88173 "https://www.google.com/" "Mozilla/5.0 (Macintosh; Intel Mac OS X 10.15; rv:104.0) Gecko/20100101 Firefox/104.0" "ysfine.com"
157.55.39.58 - - [04/Oct/2022:03:16:47 -0700] "GET /world/russ/kazan011.jpg HTTP/1.1" 200 64940 "-" "Mozilla/5.0 (compatible; bingbot/2.0; +http://www.bing.com/bingbot.htm)" "www.ysfine.com"
157.55.39.128 - - [04/Oct/2022:03:18:21 -0700] "GET /maga/histo/desiree21.jpg HTTP/1.1" 200 91829 "-" "Mozilla/5.0 (compatible; bingbot/2.0; +http://www.bing.com/bingbot.htm)" "ysfine.com"
66.249.66.43 - - [04/Oct/2022:03:18:28 -0700] "GET /maga/phil/kanthegel270.jpg HTTP/1.1" 304 - "-" "Googlebot-Image/1.0" "ysfine.com"
20.73.132.240 - - [04/Oct/2022:03:19:00 -0700] "GET /world/germany/franko11.jpg HTTP/1.1" 200 71379 "-" "DuckDuckBot/1.1; (+http://duckduckgo.com/duckduckbot.html)" "www.ysfine.com"
51.222.253.19 - - [04/Oct/2022:03:20:06 -0700] "GET /einstein/einusa.html HTTP/1.1" 200 8153 "-" "Mozilla/5.0 (compatible; AhrefsBot/7.0; +http://ahrefs.com/robot/)" "ysfine.com"
51.222.253.15 - - [04/Oct/2022:03:20:11 -0700] "GET /einstein/eindc11b.jpg HTTP/1.1" 200 51489 "-" "Mozilla/5.0 (compatible; AhrefsBot/7.0; +http://ahrefs.com/robot/)" "ysfine.com"
51.222.253.20 - - [04/Oct/2022:03:20:12 -0700] "GET /wigner/wigkim2.jpg HTTP/1.1" 200 40700 "-" "Mozilla/5.0 (compatible; AhrefsBot/7.0; +http://ahrefs.com/robot/)" "ysfine.com"
51.222.253.20 - - [04/Oct/2022:03:20:12 -0700] "GET /einstein/lawrence11b.jpg HTTP/1.1" 200 35431 "-" "Mozilla/5.0 (compatible; AhrefsBot/7.0; +http://ahrefs.com/robot/)" "ysfine.com"
51.222.253.14 - - [04/Oct/2022:03:20:13 -0700] "GET /einstein/lawrence22b.jpg HTTP/1.1" 200 44062 "-" "Mozilla/5.0 (compatible; AhrefsBot/7.0; +http://ahrefs.com/robot/)" "ysfine.com"
51.222.253.12 - - [04/Oct/2022:03:20:13 -0700] "GET /einstein/eincurie11b.jpg HTTP/1.1" 200 42944 "-" "Mozilla/5.0 (compatible; AhrefsBot/7.0; +http://ahrefs.com/robot/)" "ysfine.com"
51.222.253.11 - - [04/Oct/2022:03:20:13 -0700] "GET /people/wheekim91b.jpg HTTP/1.1" 200 40842 "-" "Mozilla/5.0 (compatible; AhrefsBot/7.0; +http://ahrefs.com/robot/)" "ysfine.com"
51.222.253.19 - - [04/Oct/2022:03:20:14 -0700] "GET /world/baltic/kalinmap99b.jpg HTTP/1.1" 200 50124 "-" "Mozilla/5.0 (compatible; AhrefsBot/7.0; +http://ahrefs.com/robot/)" "ysfine.com"
51.222.253.18 - - [04/Oct/2022:03:20:14 -0700] "GET /princeton/ias11b.jpg HTTP/1.1" 200 33974 "-" "Mozilla/5.0 (compatible; AhrefsBot/7.0; +http://ahrefs.com/robot/)" "ysfine.com"
207.46.13.102 - - [04/Oct/2022:03:20:15 -0700] "GET /kowar/tanks/tank05c.jpg HTTP/1.1" 200 33583 "-" "Mozilla/5.0 AppleWebKit/537.36 (KHTML, like Gecko; compatible; bingbot/2.0; +http://www.bing.com/bingbot.htm) Chrome/103.0.5060.134 Safari/537.36" "www.ysfine.com"
51.222.253.10 - - [04/Oct/2022:03:20:15 -0700] "GET /einstein/einfine21b.jpg HTTP/1.1" 200 53710 "-" "Mozilla/5.0 (compatible; AhrefsBot/7.0; +http://ahrefs.com/robot/)" "ysfine.com"
51.222.253.3 - - [04/Oct/2022:03:20:16 -0700] "GET /usca/pitt/cyclo2.jpg HTTP/1.1" 200 37426 "-" "Mozilla/5.0 (compatible; AhrefsBot/7.0; +http://ahrefs.com/robot/)" "ysfine.com"
51.222.253.15 - - [04/Oct/2022:03:20:17 -0700] "GET /wdc/whouse02b.jpg HTTP/1.1" 200 30118 "-" "Mozilla/5.0 (compatible; AhrefsBot/7.0; +http://ahrefs.com/robot/)" "ysfine.com"
