157.55.39.58 - - [04/Oct/2022:11:28:05 -0700] "GET /maga/phys/norrma.abs.htm HTTP/1.1" 200 1817 "-" "Mozilla/5.0 AppleWebKit/537.36 (KHTML, like Gecko; compatible; bingbot/2.0; +http://www.bing.com/bingbot.htm) Chrome/103.0.5060.134 Safari/537.36" "ysfine.com"
157.55.39.55 - - [04/Oct/2022:11:28:40 -0700] "GET /wigner/neum/vnc03.jpg HTTP/1.1" 200 80421 "-" "Mozilla/5.0 (compatible; bingbot/2.0; +http://www.bing.com/bingbot.htm)" "www.ysfine.com"
157.55.39.55 - - [04/Oct/2022:11:28:40 -0700] "GET /princeton/sbk87.jpg HTTP/1.1" 200 174738 "-" "Mozilla/5.0 (compatible; bingbot/2.0; +http://www.bing.com/bingbot.htm)" "www.ysfine.com"
157.55.39.58 - - [04/Oct/2022:11:28:45 -0700] "GET /kobak/potsdam.jpg HTTP/1.1" 200 83597 "-" "Mozilla/5.0 (compatible; bingbot/2.0; +http://www.bing.com/bingbot.htm)" "ysfine.com"
207.46.13.102 - - [04/Oct/2022:11:28:51 -0700] "GET /dirac/dirac84.jpg HTTP/1.1" 200 67390 "-" "Mozilla/5.0 (compatible; bingbot/2.0; +http://www.bing.com/bingbot.htm)" "ysfine.com"
170.0.155.89 - - [04/Oct/2022:11:29:51 -0700] "GET /wigner/neum/vnc01.jpg HTTP/1.1" 200 133641 "https://sites.google.com/" "Mozilla/5.0 (Windows NT 10.0; Win64; x64) AppleWebKit/537.36 (KHTML, like Gecko) Chrome/106.0.0.0 Safari/537.36" "ysfine.com"
157.55.39.127 - - [04/Oct/2022:11:29:54 -0700] "GET /world/israel/tlv05.jpg HTTP/1.1" 200 179243 "-" "Mozilla/5.0 AppleWebKit/537.36 (KHTML, like Gecko; compatible; bingbot/2.0; +http://www.bing.com/bingbot.htm) Chrome/103.0.5060.134 Safari/537.36" "ysfine.com"
139.59.115.171 - - [04/Oct/2022:11:30:07 -0700] "GET /administrator/index.php HTTP/1.1" 404 88 "-" "Mozilla/5.0 (Windows NT 10.0; Win64; x64; rv:64.0) Gecko/20100101 Firefox/64.0" "ysfine.com"
139.59.115.171 - - [04/Oct/2022:11:30:09 -0700] "GET / HTTP/1.1" 200 5283 "-" "Mozilla/5.0 (Windows NT 10.0; Win64; x64; rv:64.0) Gecko/20100101 Firefox/64.0" "ysfine.com"
149.249.9.62 - - [04/Oct/2022:11:30:10 -0700] "GET /world/baltic/lithu11.jpg HTTP/1.1" 200 115376 "https://www.google.de/" "Mozilla/5.0 (Windows NT 10.0; Win64; x64) AppleWebKit/537.36 (KHTML, like Gecko) Chrome/100.0.4896.127 Safari/537.36 Edg/100.0.1185.44" "ysfine.com"
207.46.13.102 - - [04/Oct/2022:11:30:33 -0700] "GET /wdc/vernon05.jpg HTTP/1.1" 200 151864 "-" "Mozilla/5.0 (compatible; bingbot/2.0; +http://www.bing.com/bingbot.htm)" "www.ysfine.com"
84.192.187.60 - - [04/Oct/2022:11:31:52 -0700] "GET /people/sbtwein.jpg HTTP/1.1" 200 300207 "https://www.google.com/" "Mozilla/5.0 (Linux; Android 11; SM-A505FN Build/RP1A.200720.012; wv) AppleWebKit/537.36 (KHTML, like Gecko) Version/4.0 Chrome/105.0.5195.136 Mobile Safari/537.36 GoogleApp/13.37.10.26.arm64" "ysfine.com"
154.210.4.41 - - [04/Oct/2022:11:32:19 -0700] "GET / HTTP/1.1" 200 5283 "-" "Mozilla/5.0 (Windows NT 6.1; WOW64) AppleWebKit/537.36 (KHTML like Gecko) Chrome/35.0.1916.153 Safari/537.36 SE 2.X MetaSr 1.0" "ysfine.com"
154.210.4.41 - - [04/Oct/2022:11:32:21 -0700] "GET / HTTP/1.1" 200 5283 "-" "Mozilla/5.0 (Windows NT 6.1; WOW64) AppleWebKit/537.36 (KHTML like Gecko) Chrome/35.0.1916.153 Safari/537.36 SE 2.X MetaSr 1.0" "ysfine.com"
154.210.4.41 - - [04/Oct/2022:11:32:23 -0700] "GET /home/index.html HTTP/1.1" 200 142 "-" "Mozilla/5.0 (Windows NT 6.1; WOW64) AppleWebKit/537.36 (KHTML, like Gecko) Chrome/66.0.3359.181 Safari/537.36" "ysfine.com"
154.210.4.41 - - [04/Oct/2022:11:32:24 -0700] "GET /yspapers/index.html HTTP/1.1" 200 21306 "-" "Mozilla/5.0 (Windows NT 6.1; WOW64) AppleWebKit/537.36 (KHTML, like Gecko) Chrome/66.0.3359.181 Safari/537.36" "ysfine.com"
154.210.4.41 - - [04/Oct/2022:11:32:25 -0700] "GET /jobs/index.html HTTP/1.1" 200 123 "-" "Mozilla/5.0 (Windows NT 6.1; WOW64) AppleWebKit/537.36 (KHTML, like Gecko) Chrome/66.0.3359.181 Safari/537.36" "ysfine.com"
154.210.4.41 - - [04/Oct/2022:11:32:25 -0700] "GET /eink/mose.html HTTP/1.1" 200 14315 "-" "Mozilla/5.0 (Windows NT 6.1; WOW64) AppleWebKit/537.36 (KHTML, like Gecko) Chrome/66.0.3359.181 Safari/537.36" "ysfine.com"
154.210.4.41 - - [04/Oct/2022:11:32:25 -0700] "GET /world/ysworld.html HTTP/1.1" 200 3195 "-" "Mozilla/5.0 (Windows NT 6.1; WOW64) AppleWebKit/537.36 (KHTML, like Gecko) Chrome/66.0.3359.181 Safari/537.36" "ysfine.com"
154.210.4.41 - - [04/Oct/2022:11:32:25 -0700] "GET /home/bio.html HTTP/1.1" 404 88 "-" "Mozilla/5.0 (Windows NT 6.1; WOW64) AppleWebKit/537.36 (KHTML, like Gecko) Chrome/66.0.3359.181 Safari/537.36" "ysfine.com"
154.210.4.41 - - [04/Oct/2022:11:32:25 -0700] "GET /eink/index.html HTTP/1.1" 200 17659 "-" "Mozilla/5.0 (Windows NT 6.1; WOW64) AppleWebKit/537.36 (KHTML, like Gecko) Chrome/66.0.3359.181 Safari/537.36" "ysfine.com"
154.210.4.41 - - [04/Oct/2022:11:32:25 -0700] "GET /awards/index.html HTTP/1.1" 200 9993 "-" "Mozilla/5.0 (Windows NT 6.1; WOW64) AppleWebKit/537.36 (KHTML, like Gecko) Chrome/66.0.3359.181 Safari/537.36" "ysfine.com"
154.210.4.41 - - [04/Oct/2022:11:32:26 -0700] "GET /eink/index.html HTTP/1.1" 200 17659 "-" "Mozilla/5.0 (Windows NT 6.1; WOW64) AppleWebKit/537.36 (KHTML, like Gecko) Chrome/66.0.3359.181 Safari/537.36" "ysfine.com"
157.55.39.58 - - [04/Oct/2022:11:32:26 -0700] "GET /world/ital/verona19b.jpg HTTP/1.1" 200 47863 "-" "Mozilla/5.0 (compatible; bingbot/2.0; +http://www.bing.com/bingbot.htm)" "www.ysfine.com"
154.210.4.41 - - [04/Oct/2022:11:32:26 -0700] "GET /home/bio77.html HTTP/1.1" 404 88 "-" "Mozilla/5.0 (Windows NT 6.1; WOW64) AppleWebKit/537.36 (KHTML, like Gecko) Chrome/66.0.3359.181 Safari/537.36" "ysfine.com"
154.210.4.41 - - [04/Oct/2022:11:32:28 -0700] "GET /dirac/index.html HTTP/1.1" 200 124 "-" "Mozilla/5.0 (Windows NT 6.1; WOW64) AppleWebKit/537.36 (KHTML, like Gecko) Chrome/66.0.3359.181 Safari/537.36" "ysfine.com"
66.249.66.156 - - [04/Oct/2022:11:32:35 -0700] "GET /robots.txt HTTP/1.1" 404 88 "-" "Mozilla/5.0 (compatible; Googlebot/2.1; +http://www.google.com/bot.html)" "ysfine.com"
66.249.66.40 - - [04/Oct/2022:11:32:35 -0700] "GET /feynman/restof55.jgp HTTP/1.1" 404 88 "-" "Mozilla/5.0 (Linux; Android 6.0.1; Nexus 5X Build/MMB29P) AppleWebKit/537.36 (KHTML, like Gecko) Chrome/105.0.5195.125 Mobile Safari/537.36 (compatible; Googlebot/2.1; +http://www.google.com/bot.html)" "ysfine.com"
70.64.84.108 - - [04/Oct/2022:11:32:47 -0700] "GET /world/china/opium01.jpg HTTP/1.1" 200 166936 "https://www.google.com/" "Mozilla/5.0 (Windows NT 10.0; Win64; x64) AppleWebKit/537.36 (KHTML, like Gecko) Chrome/106.0.0.0 Safari/537.36" "ysfine.com"
157.55.39.55 - - [04/Oct/2022:11:34:01 -0700] "GET /world/germany/leipzig02.jpg HTTP/1.1" 200 122245 "-" "Mozilla/5.0 AppleWebKit/537.36 (KHTML, like Gecko; compatible; bingbot/2.0; +http://www.bing.com/bingbot.htm) Chrome/103.0.5060.134 Safari/537.36" "www.ysfine.com"
157.55.39.55 - - [04/Oct/2022:11:34:04 -0700] "GET /world/france/stras12.jpg HTTP/1.1" 200 157118 "-" "Mozilla/5.0 (compatible; bingbot/2.0; +http://www.bing.com/bingbot.htm)" "www.ysfine.com"
157.55.39.55 - - [04/Oct/2022:11:35:13 -0700] "GET /world/latina/guada33.jpg HTTP/1.1" 200 116149 "-" "Mozilla/5.0 (compatible; bingbot/2.0; +http://www.bing.com/bingbot.htm)" "www.ysfine.com"
207.235.132.131 - - [04/Oct/2022:11:38:12 -0700] "GET /world/france/montpar11.jpg HTTP/1.1" 200 191109 "https://www.google.com/" "Mozilla/5.0 (X11; CrOS x86_64 14989.107.0) AppleWebKit/537.36 (KHTML, like Gecko) Chrome/105.0.0.0 Safari/537.36" "ysfine.com"
66.249.66.43 - - [04/Oct/2022:11:39:42 -0700] "GET /wigner/neeman2.jpg HTTP/1.1" 200 36323 "-" "Googlebot-Image/1.0" "ysfine.com"
157.55.39.128 - - [04/Oct/2022:11:39:48 -0700] "GET /world/russ/kazan050.jpg HTTP/1.1" 200 73963 "-" "Mozilla/5.0 (compatible; bingbot/2.0; +http://www.bing.com/bingbot.htm)" "www.ysfine.com"
157.55.39.127 - - [04/Oct/2022:11:40:06 -0700] "GET /sbk/2013lon05.jpg HTTP/1.1" 200 113566 "-" "Mozilla/5.0 (compatible; bingbot/2.0; +http://www.bing.com/bingbot.htm)" "ysfine.com"
77.75.79.31 - - [04/Oct/2022:11:40:32 -0700] "GET /maga/marx.html HTTP/1.1" 304 - "-" "Mozilla/5.0 (compatible; SeznamBot/4.0-RC1; +http://napoveda.seznam.cz/seznambot-intro/)" "ysfine.com"
187.25.61.88 - - [04/Oct/2022:11:40:35 -0700] "GET /wigner/neum/vnc01.jpg HTTP/1.1" 200 133641 "-" "Mozilla/5.0 (iPhone; CPU iPhone OS 15_4_1 like Mac OS X) AppleWebKit/605.1.15 (KHTML, like Gecko) Version/15.4 Mobile/15E148 Safari/604.1" "ysfine.com"
194.140.115.74 - - [04/Oct/2022:11:40:42 -0700] "GET /world/places/ulm02.jpg HTTP/1.1" 200 135530 "https://www.google.com/" "Mozilla/5.0 (Linux; Android 12; SAMSUNG SM-A515F) AppleWebKit/537.36 (KHTML, like Gecko) SamsungBrowser/18.0 Chrome/99.0.4844.88 Mobile Safari/537.36" "ysfine.com"
86.162.74.144 - - [04/Oct/2022:11:40:51 -0700] "GET /world/brit/harrow12.jpg HTTP/1.1" 200 99510 "https://www.theapricity.com/" "Mozilla/5.0 (Windows NT 10.0; Win64; x64) AppleWebKit/537.36 (KHTML, like Gecko) Chrome/105.0.0.0 Safari/537.36 Edg/105.0.1343.53" "ysfine.com"
207.46.13.102 - - [04/Oct/2022:11:41:33 -0700] "GET /world/poland/krkf32.jpg HTTP/1.1" 200 246411 "-" "Mozilla/5.0 (compatible; bingbot/2.0; +http://www.bing.com/bingbot.htm)" "www.ysfine.com"
157.55.39.55 - - [04/Oct/2022:11:43:04 -0700] "GET /maga/phys/schrod22b.jpg HTTP/1.1" 200 25954 "-" "Mozilla/5.0 (compatible; bingbot/2.0; +http://www.bing.com/bingbot.htm)" "www.ysfine.com"
157.55.39.127 - - [04/Oct/2022:11:43:58 -0700] "GET /kowar/tanks/tank02.jpg HTTP/1.1" 200 74135 "-" "Mozilla/5.0 AppleWebKit/537.36 (KHTML, like Gecko; compatible; bingbot/2.0; +http://www.bing.com/bingbot.htm) Chrome/103.0.5060.134 Safari/537.36" "ysfine.com"
157.55.39.55 - - [04/Oct/2022:11:46:23 -0700] "GET /world/andal.html HTTP/1.1" 200 10099 "-" "Mozilla/5.0 (compatible; bingbot/2.0; +http://www.bing.com/bingbot.htm)" "ysfine.com"
207.46.13.102 - - [04/Oct/2022:11:46:27 -0700] "GET /jakella/index.html HTTP/1.1" 200 1693 "-" "Mozilla/5.0 AppleWebKit/537.36 (KHTML, like Gecko; compatible; bingbot/2.0; +http://www.bing.com/bingbot.htm) Chrome/103.0.5060.134 Safari/537.36" "ysfine.com"
207.46.13.102 - - [04/Oct/2022:11:46:27 -0700] "GET /maga/hermite.html HTTP/1.1" 200 4102 "-" "Mozilla/5.0 (compatible; bingbot/2.0; +http://www.bing.com/bingbot.htm)" "ysfine.com"
40.77.167.27 - - [04/Oct/2022:11:46:32 -0700] "GET /home/dwf33.html HTTP/1.1" 200 7188 "-" "Mozilla/5.0 (compatible; bingbot/2.0; +http://www.bing.com/bingbot.htm)" "ysfine.com"
157.55.39.128 - - [04/Oct/2022:11:46:35 -0700] "GET /kowar/sampal03b.jpg HTTP/1.1" 200 61883 "-" "Mozilla/5.0 (compatible; bingbot/2.0; +http://www.bing.com/bingbot.htm)" "ysfine.com"
157.55.39.128 - - [04/Oct/2022:11:46:36 -0700] "GET /world/munich.html HTTP/1.1" 200 3101 "-" "Mozilla/5.0 (compatible; bingbot/2.0; +http://www.bing.com/bingbot.htm)" "ysfine.com"
157.55.39.127 - - [04/Oct/2022:11:47:17 -0700] "GET /usca/pitt/christmas.jpg HTTP/1.1" 200 94041 "-" "Mozilla/5.0 (compatible; bingbot/2.0; +http://www.bing.com/bingbot.htm)" "www.ysfine.com"
157.55.39.58 - - [04/Oct/2022:11:47:36 -0700] "GET /eink/eintao55.jpg HTTP/1.1" 200 153901 "-" "Mozilla/5.0 (compatible; bingbot/2.0; +http://www.bing.com/bingbot.htm)" "www.ysfine.com"
40.77.167.27 - - [04/Oct/2022:11:48:24 -0700] "GET /world/baltic/lithu06.jpg HTTP/1.1" 200 178273 "-" "Mozilla/5.0 (compatible; bingbot/2.0; +http://www.bing.com/bingbot.htm)" "ysfine.com"
157.55.39.58 - - [04/Oct/2022:11:50:27 -0700] "GET /world/scandi/copen008.jpg HTTP/1.1" 200 92954 "-" "Mozilla/5.0 (compatible; bingbot/2.0; +http://www.bing.com/bingbot.htm)" "ysfine.com"
157.55.39.128 - - [04/Oct/2022:11:50:39 -0700] "GET /kowar/tanks/tank11c.jpg HTTP/1.1" 200 43471 "-" "Mozilla/5.0 AppleWebKit/537.36 (KHTML, like Gecko; compatible; bingbot/2.0; +http://www.bing.com/bingbot.htm) Chrome/103.0.5060.134 Safari/537.36" "www.ysfine.com"
205.220.219.2 - - [04/Oct/2022:11:51:20 -0700] "GET /kobak/sl628.jpg HTTP/1.1" 200 225100 "https://www.google.com/" "Mozilla/5.0 (X11; CrOS x86_64 14989.85.0) AppleWebKit/537.36 (KHTML, like Gecko) Chrome/105.0.0.0 Safari/537.36" "ysfine.com"
157.55.39.127 - - [04/Oct/2022:11:51:37 -0700] "GET /home/facu63c.jpg HTTP/1.1" 200 41710 "-" "Mozilla/5.0 (compatible; bingbot/2.0; +http://www.bing.com/bingbot.htm)" "ysfine.com"
157.55.39.128 - - [04/Oct/2022:11:51:51 -0700] "GET /style/music/spbm01.jpg HTTP/1.1" 200 162280 "-" "Mozilla/5.0 (compatible; bingbot/2.0; +http://www.bing.com/bingbot.htm)" "ysfine.com"
178.91.91.12 - - [04/Oct/2022:11:52:12 -0700] "GET /feynman/feychin.jpg HTTP/1.1" 200 33472 "https://www.google.com/" "Mozilla/5.0 (Windows NT 10.0; Win64; x64) AppleWebKit/537.36 (KHTML, like Gecko) Chrome/105.0.0.0 Safari/537.36" "ysfine.com"
157.55.39.55 - - [04/Oct/2022:11:54:04 -0700] "GET /people/giacobino01.jpg HTTP/1.1" 200 60385 "-" "Mozilla/5.0 AppleWebKit/537.36 (KHTML, like Gecko; compatible; bingbot/2.0; +http://www.bing.com/bingbot.htm) Chrome/103.0.5060.134 Safari/537.36" "ysfine.com"
207.46.13.102 - - [04/Oct/2022:11:55:24 -0700] "GET /dirac/dart/dirac27a HTTP/1.1" 304 - "-" "Mozilla/5.0 (compatible; bingbot/2.0; +http://www.bing.com/bingbot.htm)" "ysfine.com"
114.119.128.154 - - [04/Oct/2022:11:57:10 -0700] "GET /kobak/moscowk.html HTTP/1.1" 200 3683 "https://www.ysfine.com/kobak/yskor.html" "Mozilla/5.0 (Linux; Android 7.0;) AppleWebKit/537.36 (KHTML, like Gecko) Mobile Safari/537.36 (compatible; PetalBot;+https://webmaster.petalsearch.com/site/petalbot)" "www.ysfine.com"
84.65.34.12 - - [04/Oct/2022:11:57:16 -0700] "GET /princeton/alexan22.jpg HTTP/1.1" 200 175436 "https://www.google.com/" "Mozilla/5.0 (Macintosh; Intel Mac OS X 10_14_6) AppleWebKit/537.36 (KHTML, like Gecko) Chrome/105.0.0.0 Safari/537.36" "ysfine.com"
84.65.34.12 - - [04/Oct/2022:11:57:48 -0700] "GET /princeton/alexan11.jpg HTTP/1.1" 200 118946 "https://www.google.com/" "Mozilla/5.0 (Macintosh; Intel Mac OS X 10_14_6) AppleWebKit/537.36 (KHTML, like Gecko) Chrome/105.0.0.0 Safari/537.36" "ysfine.com"
66.249.66.56 - - [04/Oct/2022:11:58:47 -0700] "GET /class54/tallm53.jpg HTTP/1.1" 200 211070 "-" "Googlebot-Image/1.0" "ysfine.com"
51.104.180.26 - - [04/Oct/2022:11:59:31 -0700] "GET /dirac/dirac63.jpg HTTP/1.1" 200 83306 "-" "DuckDuckBot/1.1; (+http://duckduckgo.com/duckduckbot.html)" "ysfine.com"
51.104.180.26 - - [04/Oct/2022:11:59:44 -0700] "GET /dirac/dirac84b.jpg HTTP/1.1" 200 42763 "http://ysfine.com/dirac/dirac84b.jpg" "DuckDuckBot/1.1; (+http://duckduckgo.com/duckduckbot.html)" "ysfine.com"
51.104.180.26 - - [04/Oct/2022:11:59:46 -0700] "GET /maga/phys/yukadirac55.jpg HTTP/1.1" 200 92994 "http://www.ysfine.com/maga/phys/yukadirac55.jpg" "DuckDuckBot/1.1; (+http://duckduckgo.com/duckduckbot.html)" "www.ysfine.com"
51.104.180.26 - - [04/Oct/2022:11:59:58 -0700] "GET /dirac/dirfoc62.jpg HTTP/1.1" 200 192075 "-" "DuckDuckBot/1.1; (+http://duckduckgo.com/duckduckbot.html)" "www.ysfine.com"
51.104.180.26 - - [04/Oct/2022:12:00:03 -0700] "GET /dirac/dirac84.jpg HTTP/1.1" 200 67390 "-" "DuckDuckBot/1.1; (+http://duckduckgo.com/duckduckbot.html)" "www.ysfine.com"
51.104.180.26 - - [04/Oct/2022:12:00:05 -0700] "GET /dirac/dirwig33b.jpg HTTP/1.1" 200 11663 "-" "DuckDuckBot/1.1; (+http://duckduckgo.com/duckduckbot.html)" "www.ysfine.com"
51.104.180.26 - - [04/Oct/2022:12:00:07 -0700] "GET /dirac/wigsis11.jpg HTTP/1.1" 200 71741 "http://ysfine.com/dirac/wigsis11.jpg" "DuckDuckBot/1.1; (+http://duckduckgo.com/duckduckbot.html)" "ysfine.com"
40.77.167.27 - - [04/Oct/2022:12:00:55 -0700] "GET /world/france/nice121.jpg HTTP/1.1" 200 91630 "-" "Mozilla/5.0 (compatible; bingbot/2.0; +http://www.bing.com/bingbot.htm)" "ysfine.com"
157.55.39.55 - - [04/Oct/2022:12:01:07 -0700] "GET /einstein/emc/fparton.html HTTP/1.1" 404 88 "-" "Mozilla/5.0 (compatible; bingbot/2.0; +http://www.bing.com/bingbot.htm)" "www.ysfine.com"
77.88.5.46 - - [04/Oct/2022:12:01:38 -0700] "GET /robots.txt HTTP/1.1" 404 73 "-" "Mozilla/5.0 (compatible; YandexBot/3.0; +http://yandex.com/bots)" "www.ysfine.com"
93.158.161.40 - - [04/Oct/2022:12:01:42 -0700] "GET /maga/sarnoff.html HTTP/1.1" 200 7540 "-" "Mozilla/5.0 (compatible; YandexBot/3.0; +http://yandex.com/bots)" "www.ysfine.com"
31.0.79.83 - - [04/Oct/2022:12:02:05 -0700] "GET /dirac/dirheisen31b.jpg HTTP/1.1" 200 39248 "https://www.google.com/" "Mozilla/5.0 (Linux; Android 11; SM-A515F) AppleWebKit/537.36 (KHTML, like Gecko) Chrome/105.0.0.0 Mobile Safari/537.36" "ysfine.com"
207.46.13.102 - - [04/Oct/2022:12:02:14 -0700] "GET /maga/phil/zhuxi2.jpg HTTP/1.1" 200 52935 "-" "Mozilla/5.0 (compatible; bingbot/2.0; +http://www.bing.com/bingbot.htm)" "ysfine.com"
207.46.13.102 - - [04/Oct/2022:12:02:25 -0700] "GET /world/france/champ9611.jpg HTTP/1.1" 200 83996 "-" "Mozilla/5.0 (compatible; bingbot/2.0; +http://www.bing.com/bingbot.htm)" "www.ysfine.com"
157.55.39.128 - - [04/Oct/2022:12:02:33 -0700] "GET /world/russ/tolstoy11b.jpg HTTP/1.1" 200 33457 "-" "Mozilla/5.0 (compatible; bingbot/2.0; +http://www.bing.com/bingbot.htm)" "www.ysfine.com"
86.201.176.16 - - [04/Oct/2022:12:02:42 -0700] "GET /einstein/einbohr33.jpg HTTP/1.1" 200 87797 "https://www.google.fr/" "Mozilla/5.0 (iPhone; CPU iPhone OS 14_8_1 like Mac OS X) AppleWebKit/605.1.15 (KHTML, like Gecko) Version/14.1.2 Mobile/15E148 Safari/604.1" "ysfine.com"
157.55.39.55 - - [04/Oct/2022:12:03:24 -0700] "GET /world/china/shenyang13b.jpg HTTP/1.1" 200 42952 "-" "Mozilla/5.0 AppleWebKit/537.36 (KHTML, like Gecko; compatible; bingbot/2.0; +http://www.bing.com/bingbot.htm) Chrome/103.0.5060.134 Safari/537.36" "ysfine.com"
86.130.145.237 - - [04/Oct/2022:12:04:12 -0700] "GET /world/poland/polnobel01.jpg HTTP/1.1" 200 123761 "https://www.google.com/" "Mozilla/5.0 (Windows NT 10.0; Win64; x64) AppleWebKit/537.36 (KHTML, like Gecko) Chrome/106.0.0.0 Safari/537.36" "ysfine.com"
40.77.167.27 - - [04/Oct/2022:12:04:17 -0700] "GET /newyork/colum01.jpg HTTP/1.1" 200 99832 "-" "Mozilla/5.0 (compatible; bingbot/2.0; +http://www.bing.com/bingbot.htm)" "www.ysfine.com"
114.119.128.14 - - [04/Oct/2022:12:04:25 -0700] "GET /wigner/seth.html HTTP/1.1" 200 1244 "https://ysfine.com/wigner/wstorie.html" "Mozilla/5.0 (Linux; Android 7.0;) AppleWebKit/537.36 (KHTML, like Gecko) Mobile Safari/537.36 (compatible; PetalBot;+https://webmaster.petalsearch.com/site/petalbot)" "ysfine.com"
77.88.5.245 - - [04/Oct/2022:12:05:08 -0700] "GET /maga/phys/tsepa11b.jpg HTTP/1.1" 200 40401 "-" "Mozilla/5.0 (compatible; YandexImages/3.0; +http://yandex.com/bots)" "www.ysfine.com"
77.88.5.126 - - [04/Oct/2022:12:05:12 -0700] "GET /einstein/tsepa11.jpg HTTP/1.1" 200 55053 "-" "Mozilla/5.0 (compatible; YandexImages/3.0; +http://yandex.com/bots)" "www.ysfine.com"
157.55.39.127 - - [04/Oct/2022:12:05:28 -0700] "GET /maga/phys/poinsf/slide-01.gif HTTP/1.1" 200 13290 "-" "Mozilla/5.0 (compatible; bingbot/2.0; +http://www.bing.com/bingbot.htm)" "ysfine.com"
74.129.16.161 - - [04/Oct/2022:12:05:29 -0700] "GET /wdc/lafpark03b.jpg HTTP/1.1" 200 48025 "https://www.bing.com/" "Mozilla/5.0 (Windows NT 10.0; Win64; x64) AppleWebKit/537.36 (KHTML, like Gecko) Chrome/106.0.0.0 Safari/537.36 Edg/106.0.1370.34" "ysfine.com"
140.248.0.163 - - [04/Oct/2022:12:05:37 -0700] "GET /princeton/alexan22.jpg HTTP/1.1" 200 175436 "https://www.google.com/" "Mozilla/5.0 (iPhone; CPU iPhone OS 16_0_2 like Mac OS X) AppleWebKit/605.1.15 (KHTML, like Gecko) Version/16.0 Mobile/15E148 Safari/604.1" "ysfine.com"
140.248.0.163 - - [04/Oct/2022:12:06:10 -0700] "GET /princeton/withers01.jpg HTTP/1.1" 200 113946 "https://www.google.com/" "Mozilla/5.0 (iPhone; CPU iPhone OS 16_0_2 like Mac OS X) AppleWebKit/605.1.15 (KHTML, like Gecko) Version/16.0 Mobile/15E148 Safari/604.1" "ysfine.com"
46.25.3.171 - - [04/Oct/2022:12:06:13 -0700] "GET /maga/invent/popov03.jpg HTTP/1.1" 200 85311 "https://www.google.es/" "Mozilla/5.0 (Windows NT 10.0; Win64; x64) AppleWebKit/537.36 (KHTML, like Gecko) Chrome/106.0.0.0 Safari/537.36" "ysfine.com"
92.96.124.132 - - [04/Oct/2022:12:07:13 -0700] "GET /maga/phil/marxlon02.jpg HTTP/1.1" 200 167564 "https://www.google.com/" "Mozilla/5.0 (Windows NT 10.0; Win64; x64) AppleWebKit/537.36 (KHTML, like Gecko) Chrome/105.0.0.0 Safari/537.36" "ysfine.com"
157.55.39.128 - - [04/Oct/2022:12:07:23 -0700] "GET /world/scandi/norw01b.jpg HTTP/1.1" 200 46798 "-" "Mozilla/5.0 (compatible; bingbot/2.0; +http://www.bing.com/bingbot.htm)" "ysfine.com"
157.55.39.55 - - [04/Oct/2022:12:08:45 -0700] "GET /kobak/sorae01b.jpg HTTP/1.1" 200 31668 "-" "Mozilla/5.0 (compatible; bingbot/2.0; +http://www.bing.com/bingbot.htm)" "www.ysfine.com"
114.119.128.158 - - [04/Oct/2022:12:08:57 -0700] "GET /class54/class5470/total_data/sub_268.htm HTTP/1.1" 200 3374 "https://ysfine.com/class54/class5470/total_data/sub_265.htm" "Mozilla/5.0 (Linux; Android 7.0;) AppleWebKit/537.36 (KHTML, like Gecko) Mobile Safari/537.36 (compatible; PetalBot;+https://webmaster.petalsearch.com/site/petalbot)" "ysfine.com"
59.153.1.104 - - [04/Oct/2022:12:09:25 -0700] "GET /princeton/brooke22.jpg HTTP/1.1" 200 87673 "https://www.google.com/" "Mozilla/5.0 (Linux; Android 12; SM-A037F Build/SP1A.210812.016; wv) AppleWebKit/537.36 (KHTML, like Gecko) Version/4.0 Chrome/105.0.5195.136 Mobile Safari/537.36 GoogleApp/13.37.10.26.arm64" "ysfine.com"
157.55.39.58 - - [04/Oct/2022:12:09:39 -0700] "GET /people/yuen01b.jpg HTTP/1.1" 200 24922 "-" "Mozilla/5.0 AppleWebKit/537.36 (KHTML, like Gecko; compatible; bingbot/2.0; +http://www.bing.com/bingbot.htm) Chrome/103.0.5060.134 Safari/537.36" "ysfine.com"
157.55.39.128 - - [04/Oct/2022:12:09:53 -0700] "GET /usca/pitt/pgh58.jpg HTTP/1.1" 200 296282 "-" "Mozilla/5.0 (compatible; bingbot/2.0; +http://www.bing.com/bingbot.htm)" "ysfine.com"
177.22.40.63 - - [04/Oct/2022:12:10:47 -0700] "GET /wigner/neum/vnc01.jpg HTTP/1.1" 200 133641 "https://sites.google.com/" "Mozilla/5.0 (Windows NT 10.0; Win64; x64) AppleWebKit/537.36 (KHTML, like Gecko) Chrome/105.0.0.0 Safari/537.36" "ysfine.com"
157.55.39.128 - - [04/Oct/2022:12:11:13 -0700] "GET /world/russ/minskf08b.jpg HTTP/1.1" 200 50248 "-" "Mozilla/5.0 AppleWebKit/537.36 (KHTML, like Gecko; compatible; bingbot/2.0; +http://www.bing.com/bingbot.htm) Chrome/103.0.5060.134 Safari/537.36" "ysfine.com"
114.119.128.142 - - [04/Oct/2022:12:11:18 -0700] "GET /kowar/shintak01b.jpg HTTP/1.1" 200 42707 "https://ysfine.com/kowar/war45.html" "Mozilla/5.0 (Linux; Android 7.0;) AppleWebKit/537.36 (KHTML, like Gecko) Mobile Safari/537.36 (compatible; PetalBot;+https://webmaster.petalsearch.com/site/petalbot)" "ysfine.com"
20.190.0.45 - - [04/Oct/2022:12:11:36 -0700] "GET /world/balkan/inokim77.jpg HTTP/1.1" 200 160442 "https://www.google.com/" "Mozilla/5.0 (X11; Linux x86_64) AppleWebKit/537.36 (KHTML, like Gecko) HeadlessChrome/101.0.4950.0 Safari/537.36" "ysfine.com"
20.190.0.45 - - [04/Oct/2022:12:11:48 -0700] "GET /world/balkan/inokim77.jpg HTTP/1.1" 200 160442 "https://www.google.com/" "Mozilla/5.0 (X11; Linux x86_64) AppleWebKit/537.36 (KHTML, like Gecko) HeadlessChrome/101.0.4950.0 Safari/537.36" "ysfine.com"
45.161.95.104 - - [04/Oct/2022:12:12:02 -0700] "GET /maga/phys/inclined22.jpg HTTP/1.1" 200 49333 "https://www.google.com/" "Mozilla/5.0 (Windows NT 10.0; Win64; x64) AppleWebKit/537.36 (KHTML, like Gecko) Chrome/106.0.0.0 Safari/537.36" "ysfine.com"
207.46.13.102 - - [04/Oct/2022:12:12:16 -0700] "GET /kobak/yoonhm2.jpg HTTP/1.1" 200 40988 "-" "Mozilla/5.0 (compatible; bingbot/2.0; +http://www.bing.com/bingbot.htm)" "ysfine.com"
207.46.13.102 - - [04/Oct/2022:12:13:05 -0700] "GET /world/baltic/rigaeisen05.jpg HTTP/1.1" 200 118431 "-" "Mozilla/5.0 (compatible; bingbot/2.0; +http://www.bing.com/bingbot.htm)" "ysfine.com"
77.88.5.233 - - [04/Oct/2022:12:14:57 -0700] "GET /world/france/laliq01.jpg HTTP/1.1" 200 59779 "-" "Mozilla/5.0 (compatible; YandexImages/3.0; +http://yandex.com/bots)" "www.ysfine.com"
58.250.125.113 - - [04/Oct/2022:12:15:38 -0700] "GET / HTTP/1.1" 200 5283 "-" "Sogou web spider/4.0(+http://www.sogou.com/docs/help/webmasters.htm#07)" "ysfine.com"
114.119.128.142 - - [04/Oct/2022:12:15:54 -0700] "GET /class54/class5470/total_data/sub_8139.htm HTTP/1.1" 200 3511 "https://ysfine.com/class54/class5470/total_data/sub_8128.htm" "Mozilla/5.0 (Linux; Android 7.0;) AppleWebKit/537.36 (KHTML, like Gecko) Mobile Safari/537.36 (compatible; PetalBot;+https://webmaster.petalsearch.com/site/petalbot)" "ysfine.com"
40.77.167.27 - - [04/Oct/2022:12:16:05 -0700] "GET /wigner/wigtoll.jpg HTTP/1.1" 200 78629 "-" "Mozilla/5.0 (compatible; bingbot/2.0; +http://www.bing.com/bingbot.htm)" "ysfine.com"
40.77.167.27 - - [04/Oct/2022:12:16:07 -0700] "GET /world/germany/oktf09b.jpg HTTP/1.1" 200 39021 "-" "Mozilla/5.0 (compatible; bingbot/2.0; +http://www.bing.com/bingbot.htm)" "www.ysfine.com"
157.55.39.127 - - [04/Oct/2022:12:16:49 -0700] "GET /wisdom/mil/arisakaguns01b.jpg HTTP/1.1" 200 33229 "-" "Mozilla/5.0 (compatible; bingbot/2.0; +http://www.bing.com/bingbot.htm)" "ysfine.com"
223.166.96.244 - - [04/Oct/2022:12:17:04 -0700] "GET /yspapers/stg90.pdf HTTP/1.1" 200 86318 "-" "Mozilla/5.0 (Windows NT 10.0; WOW64; Trident/7.0; rv:11.0) like Gecko Internet Explorer 11" "ysfine.com"
114.119.128.162 - - [04/Oct/2022:12:17:31 -0700] "GET /einstein/einhouse650.jpg HTTP/1.1" 200 43065 "https://ysfine.com/einstein/einabel.html" "Mozilla/5.0 (Linux; Android 7.0;) AppleWebKit/537.36 (KHTML, like Gecko) Mobile Safari/537.36 (compatible; PetalBot;+https://webmaster.petalsearch.com/site/petalbot)" "ysfine.com"
66.249.66.93 - - [04/Oct/2022:12:17:51 -0700] "GET /kobak/taylor33c.jpg HTTP/1.1" 200 39951 "-" "Googlebot-Image/1.0" "ysfine.com"
174.100.211.227 - - [04/Oct/2022:12:17:58 -0700] "GET /dirac/dirac63.jpg HTTP/1.1" 200 83306 "https://www.google.com/" "Mozilla/5.0 (iPhone; CPU iPhone OS 15_6_1 like Mac OS X) AppleWebKit/605.1.15 (KHTML, like Gecko) Version/15.6.1 Mobile/15E148 Safari/604.1" "ysfine.com"
20.190.0.45 - - [04/Oct/2022:12:18:53 -0700] "GET /world/balkan/istan005.jpg HTTP/1.1" 200 103444 "https://www.google.com/" "Mozilla/5.0 (X11; Linux x86_64) AppleWebKit/537.36 (KHTML, like Gecko) HeadlessChrome/101.0.4950.0 Safari/537.36" "ysfine.com"
114.119.128.142 - - [04/Oct/2022:12:19:05 -0700] "GET /class54/class5480/Videos?C=N%3BO%3DD HTTP/1.1" 301 1430 "https://www.ysfine.com/class54/class5480/Videos?C=D%3BO%3DA" "Mozilla/5.0 (Linux; Android 7.0;) AppleWebKit/537.36 (KHTML, like Gecko) Mobile Safari/537.36 (compatible; PetalBot;+https://webmaster.petalsearch.com/site/petalbot)" "www.ysfine.com"
114.119.128.142 - - [04/Oct/2022:12:19:06 -0700] "GET /class54/class5480/Videos/?C=N%3BO%3DD HTTP/1.1" 200 560 "https://www.ysfine.com/class54/class5480/Videos?C=D%3BO%3DA" "Mozilla/5.0 (Linux; Android 7.0;) AppleWebKit/537.36 (KHTML, like Gecko) Mobile Safari/537.36 (compatible; PetalBot;+https://webmaster.petalsearch.com/site/petalbot)" "www.ysfine.com"
20.190.0.45 - - [04/Oct/2022:12:19:29 -0700] "GET /world/balkan/istan005.jpg HTTP/1.1" 200 103444 "https://www.google.com/" "Mozilla/5.0 (X11; Linux x86_64) AppleWebKit/537.36 (KHTML, like Gecko) HeadlessChrome/101.0.4950.0 Safari/537.36" "ysfine.com"
157.55.39.55 - - [04/Oct/2022:12:19:35 -0700] "GET /einstein/einstein33.jpg HTTP/1.1" 200 35678 "-" "Mozilla/5.0 (compatible; bingbot/2.0; +http://www.bing.com/bingbot.htm)" "www.ysfine.com"
114.119.128.142 - - [04/Oct/2022:12:20:56 -0700] "GET /sbk/2000.html HTTP/1.1" 200 10573 "https://ysfine.com/sbk/1990.html" "Mozilla/5.0 (Linux; Android 7.0;) AppleWebKit/537.36 (KHTML, like Gecko) Mobile Safari/537.36 (compatible; PetalBot;+https://webmaster.petalsearch.com/site/petalbot)" "ysfine.com"
157.55.39.55 - - [04/Oct/2022:12:21:26 -0700] "GET /world/germany/vienna12.jpg HTTP/1.1" 200 102202 "-" "Mozilla/5.0 (compatible; bingbot/2.0; +http://www.bing.com/bingbot.htm)" "www.ysfine.com"
207.46.13.102 - - [04/Oct/2022:12:21:46 -0700] "GET /world/places/ulm06.jpg HTTP/1.1" 200 42744 "-" "Mozilla/5.0 (compatible; bingbot/2.0; +http://www.bing.com/bingbot.htm)" "ysfine.com"
159.138.137.41 - - [04/Oct/2022:12:21:58 -0700] "GET /style/lincolnc.jpg HTTP/1.1" 200 85474 "-" "Mozilla/5.0 (X11; Ubuntu; Linux x86_64; rv:72.0) Gecko/20100101 Firefox/72.0" "ysfine.com"
207.46.13.102 - - [04/Oct/2022:12:22:18 -0700] "GET /world/brit/2013lon01.jpg HTTP/1.1" 200 113747 "-" "Mozilla/5.0 (compatible; bingbot/2.0; +http://www.bing.com/bingbot.htm)" "www.ysfine.com"
178.199.68.185 - - [04/Oct/2022:12:23:18 -0700] "GET /maga/bohrkierk.html HTTP/1.1" 200 2947 "https://www.google.com/" "Mozilla/5.0 (Linux; Android 12; SM-S908B) AppleWebKit/537.36 (KHTML, like Gecko) Chrome/106.0.0.0 Mobile Safari/537.36" "ysfine.com"
178.199.68.185 - - [04/Oct/2022:12:23:18 -0700] "GET /maga/phys/bohr11b.jpg HTTP/1.1" 200 30607 "https://ysfine.com/maga/bohrkierk.html" "Mozilla/5.0 (Linux; Android 12; SM-S908B) AppleWebKit/537.36 (KHTML, like Gecko) Chrome/106.0.0.0 Mobile Safari/537.36" "ysfine.com"
178.199.68.185 - - [04/Oct/2022:12:23:18 -0700] "GET /world/france/magots03b.jpg HTTP/1.1" 200 48195 "https://ysfine.com/maga/bohrkierk.html" "Mozilla/5.0 (Linux; Android 12; SM-S908B) AppleWebKit/537.36 (KHTML, like Gecko) Chrome/106.0.0.0 Mobile Safari/537.36" "ysfine.com"
178.199.68.185 - - [04/Oct/2022:12:23:18 -0700] "GET /einstein/evol22b.jpg HTTP/1.1" 200 29614 "https://ysfine.com/maga/bohrkierk.html" "Mozilla/5.0 (Linux; Android 12; SM-S908B) AppleWebKit/537.36 (KHTML, like Gecko) Chrome/106.0.0.0 Mobile Safari/537.36" "ysfine.com"
178.199.68.185 - - [04/Oct/2022:12:23:18 -0700] "GET /eink/eink61c.jpg HTTP/1.1" 200 34119 "https://ysfine.com/maga/bohrkierk.html" "Mozilla/5.0 (Linux; Android 12; SM-S908B) AppleWebKit/537.36 (KHTML, like Gecko) Chrome/106.0.0.0 Mobile Safari/537.36" "ysfine.com"
178.199.68.185 - - [04/Oct/2022:12:23:18 -0700] "GET /maga/phys/bohr22b.jpg HTTP/1.1" 200 31482 "https://ysfine.com/maga/bohrkierk.html" "Mozilla/5.0 (Linux; Android 12; SM-S908B) AppleWebKit/537.36 (KHTML, like Gecko) Chrome/106.0.0.0 Mobile Safari/537.36" "ysfine.com"
178.199.68.185 - - [04/Oct/2022:12:23:18 -0700] "GET /feynman/chewfra2.jpg HTTP/1.1" 200 40458 "https://ysfine.com/maga/bohrkierk.html" "Mozilla/5.0 (Linux; Android 12; SM-S908B) AppleWebKit/537.36 (KHTML, like Gecko) Chrome/106.0.0.0 Mobile Safari/537.36" "ysfine.com"
178.199.68.185 - - [04/Oct/2022:12:23:18 -0700] "GET /maga/phil/kierke11b.jpg HTTP/1.1" 200 32163 "https://ysfine.com/maga/bohrkierk.html" "Mozilla/5.0 (Linux; Android 12; SM-S908B) AppleWebKit/537.36 (KHTML, like Gecko) Chrome/106.0.0.0 Mobile Safari/537.36" "ysfine.com"
178.199.68.185 - - [04/Oct/2022:12:23:20 -0700] "GET /favicon.ico HTTP/1.1" 404 88 "https://ysfine.com/maga/bohrkierk.html" "Mozilla/5.0 (Linux; Android 12; SM-S908B) AppleWebKit/537.36 (KHTML, like Gecko) Chrome/106.0.0.0 Mobile Safari/537.36" "ysfine.com"
114.119.128.158 - - [04/Oct/2022:12:23:52 -0700] "GET /dongio/korf.html HTTP/1.1" 404 88 "https://ysfine.com/class54/emailed02.html" "Mozilla/5.0 (Linux; Android 7.0;) AppleWebKit/537.36 (KHTML, like Gecko) Mobile Safari/537.36 (compatible; PetalBot;+https://webmaster.petalsearch.com/site/petalbot)" "ysfine.com"
100.19.61.75 - - [04/Oct/2022:12:24:26 -0700] "GET /dirac/dirosc.pdf HTTP/1.1" 200 41985 "-" "Mozilla/5.0 (X11; Linux x86_64; rv:105.0) Gecko/20100101 Firefox/105.0" "ysfine.com"
100.19.61.75 - - [04/Oct/2022:12:24:26 -0700] "GET /favicon.ico HTTP/1.1" 404 88 "https://ysfine.com/" "Mozilla/5.0 (X11; Linux x86_64; rv:105.0) Gecko/20100101 Firefox/105.0" "ysfine.com"
172.58.38.152 - - [04/Oct/2022:12:24:28 -0700] "GET /maga/phys/yukawa00.jpg HTTP/1.1" 200 84885 "https://www.google.com/" "Mozilla/5.0 (Macintosh; Intel Mac OS X 10_15_6) AppleWebKit/605.1.15 (KHTML, like Gecko) Version/14.1.2 Safari/605.1.15" "ysfine.com"
114.119.128.154 - - [04/Oct/2022:12:25:28 -0700] "GET /awards/marq00.pdf HTTP/1.1" 200 173794 "https://www.ysfine.com/awards/index.html" "Mozilla/5.0 (Linux; Android 7.0;) AppleWebKit/537.36 (KHTML, like Gecko) Mobile Safari/537.36 (compatible; PetalBot;+https://webmaster.petalsearch.com/site/petalbot)" "www.ysfine.com"
66.249.66.157 - - [04/Oct/2022:12:25:45 -0700] "GET /princeton/undorm01.jpg HTTP/1.1" 200 183096 "-" "Googlebot-Image/1.0" "ysfine.com"
157.55.39.55 - - [04/Oct/2022:12:26:26 -0700] "GET /class54/pics/chat33b.jpg HTTP/1.1" 200 28923 "-" "Mozilla/5.0 (compatible; bingbot/2.0; +http://www.bing.com/bingbot.htm)" "www.ysfine.com"
40.77.167.27 - - [04/Oct/2022:12:26:26 -0700] "GET /world/balkan/istan072.jpg HTTP/1.1" 200 76637 "-" "Mozilla/5.0 (compatible; bingbot/2.0; +http://www.bing.com/bingbot.htm)" "ysfine.com"
157.55.39.55 - - [04/Oct/2022:12:26:29 -0700] "GET /world/ital/genoa11.jpg HTTP/1.1" 200 139570 "-" "Mozilla/5.0 AppleWebKit/537.36 (KHTML, like Gecko; compatible; bingbot/2.0; +http://www.bing.com/bingbot.htm) Chrome/103.0.5060.134 Safari/537.36" "www.ysfine.com"
114.119.128.158 - - [04/Oct/2022:12:26:58 -0700] "GET /jobs/index.html HTTP/1.1" 200 123 "http://www.ysfine.com/" "Mozilla/5.0 (Linux; Android 7.0;) AppleWebKit/537.36 (KHTML, like Gecko) Mobile Safari/537.36 (compatible; PetalBot;+https://webmaster.petalsearch.com/site/petalbot)" "ysfine.com"
45.89.242.148 - - [04/Oct/2022:12:27:18 -0700] "GET /awards/timessq33.jpg HTTP/1.1" 200 257708 "https://www.google.co.uk/" "Mozilla/5.0 (iPhone; CPU iPhone OS 15_6_1 like Mac OS X) AppleWebKit/605.1.15 (KHTML, like Gecko) Version/15.6.1 Mobile/15E148 Safari/604.1" "ysfine.com"
45.89.242.148 - - [04/Oct/2022:12:27:18 -0700] "GET /princeton/yspr61.jpg HTTP/1.1" 200 217844 "https://www.google.co.uk/" "Mozilla/5.0 (iPhone; CPU iPhone OS 15_6_1 like Mac OS X) AppleWebKit/605.1.15 (KHTML, like Gecko) Version/15.6.1 Mobile/15E148 Safari/604.1" "ysfine.com"
45.89.242.148 - - [04/Oct/2022:12:27:19 -0700] "GET /yspapers/fortune21.jpg HTTP/1.1" 200 194117 "https://www.google.co.uk/" "Mozilla/5.0 (iPhone; CPU iPhone OS 15_6_1 like Mac OS X) AppleWebKit/605.1.15 (KHTML, like Gecko) Version/15.6.1 Mobile/15E148 Safari/604.1" "ysfine.com"
40.77.167.27 - - [04/Oct/2022:12:27:28 -0700] "GET /wdc/gtown23b.jpg HTTP/1.1" 200 37749 "-" "Mozilla/5.0 (compatible; bingbot/2.0; +http://www.bing.com/bingbot.htm)" "www.ysfine.com"
157.55.39.55 - - [04/Oct/2022:12:28:06 -0700] "GET /world/scandi/fin05.jpg HTTP/1.1" 200 116386 "-" "Mozilla/5.0 (compatible; bingbot/2.0; +http://www.bing.com/bingbot.htm)" "www.ysfine.com"
114.119.128.162 - - [04/Oct/2022:12:28:31 -0700] "GET /ffriends/fdw.html HTTP/1.1" 200 45463 "https://ysfine.com/awards/marq.html" "Mozilla/5.0 (Linux; Android 7.0;) AppleWebKit/537.36 (KHTML, like Gecko) Mobile Safari/537.36 (compatible; PetalBot;+https://webmaster.petalsearch.com/site/petalbot)" "ysfine.com"
104.244.79.187 - - [04/Oct/2022:12:28:39 -0700] "GET /people/siegel.jpg HTTP/1.1" 200 65710 "-" "Mozilla/5.0 (Windows NT 10.0; rv:91.0) Gecko/20100101 Firefox/91.0" "www.ysfine.com"
128.172.245.173 - - [04/Oct/2022:12:28:43 -0700] "GET /style/tatiana11.jpg HTTP/1.1" 200 146910 "https://www.google.com/" "Mozilla/5.0 (Macintosh; Intel Mac OS X 10_15_7) AppleWebKit/537.36 (KHTML, like Gecko) Chrome/105.0.0.0 Safari/537.36" "ysfine.com"
157.55.39.128 - - [04/Oct/2022:12:28:46 -0700] "GET /world/france/champ1227.jpg HTTP/1.1" 200 111202 "-" "Mozilla/5.0 (compatible; bingbot/2.0; +http://www.bing.com/bingbot.htm)" "www.ysfine.com"
20.190.0.45 - - [04/Oct/2022:12:28:55 -0700] "GET /world/balkan/inokim77b.jpg HTTP/1.1" 200 32620 "https://www.google.com/" "Mozilla/5.0 (X11; Linux x86_64) AppleWebKit/537.36 (KHTML, like Gecko) HeadlessChrome/101.0.4950.0 Safari/537.36" "ysfine.com"
157.55.39.55 - - [04/Oct/2022:12:28:56 -0700] "GET /einstein/einwalk650.jpg HTTP/1.1" 200 58253 "-" "Mozilla/5.0 (compatible; bingbot/2.0; +http://www.bing.com/bingbot.htm)" "ysfine.com"
20.190.0.45 - - [04/Oct/2022:12:28:58 -0700] "GET /world/balkan/inokim77b.jpg HTTP/1.1" 200 32620 "-" "axios/0.21.4" "ysfine.com"
173.252.83.118 - - [04/Oct/2022:12:29:05 -0700] "GET /people/noz75b.jpg HTTP/1.1" 200 38550 "-" "facebookexternalhit/1.1 (+http://www.facebook.com/externalhit_uatext.php)" "ysfine.com"
157.55.39.127 - - [04/Oct/2022:12:29:21 -0700] "GET /newyork/trump04c.jpg HTTP/1.1" 200 35707 "-" "Mozilla/5.0 (compatible; bingbot/2.0; +http://www.bing.com/bingbot.htm)" "ysfine.com"
114.119.128.142 - - [04/Oct/2022:12:30:10 -0700] "GET /class54/class5470/total_data/photo_img/8-27.jpg HTTP/1.1" 200 210402 "https://ysfine.com/class54/class5470/total_data/sub_827.htm" "Mozilla/5.0 (Linux; Android 7.0;) AppleWebKit/537.36 (KHTML, like Gecko) Mobile Safari/537.36 (compatible; PetalBot;+https://webmaster.petalsearch.com/site/petalbot)" "ysfine.com"
40.77.167.27 - - [04/Oct/2022:12:30:28 -0700] "GET /usca/pitt/steelm01.jpg HTTP/1.1" 200 36650 "-" "Mozilla/5.0 (compatible; bingbot/2.0; +http://www.bing.com/bingbot.htm)" "www.ysfine.com"
207.46.13.102 - - [04/Oct/2022:12:31:17 -0700] "GET /dirac/dirackn33c.jpg HTTP/1.1" 200 50420 "-" "Mozilla/5.0 (compatible; bingbot/2.0; +http://www.bing.com/bingbot.htm)" "ysfine.com"
114.119.128.158 - - [04/Oct/2022:12:31:45 -0700] "GET /archives/proceedings/wpro01/wpro01.html HTTP/1.1" 200 119 "https://ysfine.com/archives/online.html" "Mozilla/5.0 (Linux; Android 7.0;) AppleWebKit/537.36 (KHTML, like Gecko) Mobile Safari/537.36 (compatible; PetalBot;+https://webmaster.petalsearch.com/site/petalbot)" "ysfine.com"
20.190.0.45 - - [04/Oct/2022:12:31:58 -0700] "GET /world/balkan/inokim77b.jpg HTTP/1.1" 200 32620 "https://www.google.com/" "Mozilla/5.0 (X11; Linux x86_64) AppleWebKit/537.36 (KHTML, like Gecko) HeadlessChrome/101.0.4950.0 Safari/537.36" "ysfine.com"
152.75.210.136 - - [04/Oct/2022:12:33:14 -0700] "GET /world/brit/parlia09.jpg HTTP/1.1" 200 123817 "https://www.bing.com/" "Mozilla/5.0 (Windows NT 10.0; Win64; x64) AppleWebKit/537.36 (KHTML, like Gecko) Chrome/105.0.0.0 Safari/537.36 Edg/105.0.1343.53" "ysfine.com"
114.119.128.158 - - [04/Oct/2022:12:33:15 -0700] "GET /maga/phil/sisfa12/frame49.html HTTP/1.1" 200 320 "https://www.ysfine.com/maga/phil/sisfa12/frame50.html" "Mozilla/5.0 (Linux; Android 7.0;) AppleWebKit/537.36 (KHTML, like Gecko) Mobile Safari/537.36 (compatible; PetalBot;+https://webmaster.petalsearch.com/site/petalbot)" "www.ysfine.com"
154.21.208.173 - - [04/Oct/2022:12:33:21 -0700] "GET /wp-login.php HTTP/1.1" 404 88 "-" "Mozilla/5.0 (Windows NT 10.0; Win64; x64) AppleWebKit/537.36 (KHTML, like Gecko) Chrome/91.0.4472.124 Safari/537.36" "ysfine.com"
157.55.39.58 - - [04/Oct/2022:12:34:21 -0700] "GET /world/china/beijing009.jpg HTTP/1.1" 200 148140 "-" "Mozilla/5.0 (compatible; bingbot/2.0; +http://www.bing.com/bingbot.htm)" "www.ysfine.com"
114.119.128.142 - - [04/Oct/2022:12:34:51 -0700] "GET /class54/class5470/total_data/photo_img/2-76.jpg HTTP/1.1" 200 109950 "https://ysfine.com/class54/class5470/total_data/sub_276.htm" "Mozilla/5.0 (Linux; Android 7.0;) AppleWebKit/537.36 (KHTML, like Gecko) Mobile Safari/537.36 (compatible; PetalBot;+https://webmaster.petalsearch.com/site/petalbot)" "ysfine.com"
86.131.12.183 - - [04/Oct/2022:12:35:30 -0700] "GET /world/brit/etonharrow.html HTTP/1.1" 200 4546 "-" "Mozilla/5.0 (Linux; Android 12; SAMSUNG SM-N970F) AppleWebKit/537.36 (KHTML, like Gecko) SamsungBrowser/18.0 Chrome/99.0.4844.88 Mobile Safari/537.36" "ysfine.com"
86.131.12.183 - - [04/Oct/2022:12:35:31 -0700] "GET /world/brit/eton02b.jpg HTTP/1.1" 200 39432 "https://ysfine.com/world/brit/etonharrow.html" "Mozilla/5.0 (Linux; Android 12; SAMSUNG SM-N970F) AppleWebKit/537.36 (KHTML, like Gecko) SamsungBrowser/18.0 Chrome/99.0.4844.88 Mobile Safari/537.36" "ysfine.com"
86.131.12.183 - - [04/Oct/2022:12:35:31 -0700] "GET /world/brit/nehru11b.jpg HTTP/1.1" 200 43052 "https://ysfine.com/world/brit/etonharrow.html" "Mozilla/5.0 (Linux; Android 12; SAMSUNG SM-N970F) AppleWebKit/537.36 (KHTML, like Gecko) SamsungBrowser/18.0 Chrome/99.0.4844.88 Mobile Safari/537.36" "ysfine.com"
86.131.12.183 - - [04/Oct/2022:12:35:31 -0700] "GET /world/brit/winston01b.jpg HTTP/1.1" 200 38436 "https://ysfine.com/world/brit/etonharrow.html" "Mozilla/5.0 (Linux; Android 12; SAMSUNG SM-N970F) AppleWebKit/537.36 (KHTML, like Gecko) SamsungBrowser/18.0 Chrome/99.0.4844.88 Mobile Safari/537.36" "ysfine.com"
86.131.12.183 - - [04/Oct/2022:12:35:31 -0700] "GET /kobak/kwk11b.jpg HTTP/1.1" 200 46888 "https://ysfine.com/world/brit/etonharrow.html" "Mozilla/5.0 (Linux; Android 12; SAMSUNG SM-N970F) AppleWebKit/537.36 (KHTML, like Gecko) SamsungBrowser/18.0 Chrome/99.0.4844.88 Mobile Safari/537.36" "ysfine.com"
86.131.12.183 - - [04/Oct/2022:12:35:31 -0700] "GET /world/brit/eton01b.jpg HTTP/1.1" 200 47771 "https://ysfine.com/world/brit/etonharrow.html" "Mozilla/5.0 (Linux; Android 12; SAMSUNG SM-N970F) AppleWebKit/537.36 (KHTML, like Gecko) SamsungBrowser/18.0 Chrome/99.0.4844.88 Mobile Safari/537.36" "ysfine.com"
86.131.12.183 - - [04/Oct/2022:12:35:31 -0700] "GET /world/brit/windsor02b.jpg HTTP/1.1" 200 40724 "https://ysfine.com/world/brit/etonharrow.html" "Mozilla/5.0 (Linux; Android 12; SAMSUNG SM-N970F) AppleWebKit/537.36 (KHTML, like Gecko) SamsungBrowser/18.0 Chrome/99.0.4844.88 Mobile Safari/537.36" "ysfine.com"
86.131.12.183 - - [04/Oct/2022:12:35:31 -0700] "GET /world/brit/eton03b.jpg HTTP/1.1" 200 45141 "https://ysfine.com/world/brit/etonharrow.html" "Mozilla/5.0 (Linux; Android 12; SAMSUNG SM-N970F) AppleWebKit/537.36 (KHTML, like Gecko) SamsungBrowser/18.0 Chrome/99.0.4844.88 Mobile Safari/537.36" "ysfine.com"
86.131.12.183 - - [04/Oct/2022:12:35:31 -0700] "GET /world/brit/eton07b.jpg HTTP/1.1" 200 36566 "https://ysfine.com/world/brit/etonharrow.html" "Mozilla/5.0 (Linux; Android 12; SAMSUNG SM-N970F) AppleWebKit/537.36 (KHTML, like Gecko) SamsungBrowser/18.0 Chrome/99.0.4844.88 Mobile Safari/537.36" "ysfine.com"
86.131.12.183 - - [04/Oct/2022:12:35:31 -0700] "GET /world/brit/harrow01b.jpg HTTP/1.1" 200 54632 "https://ysfine.com/world/brit/etonharrow.html" "Mozilla/5.0 (Linux; Android 12; SAMSUNG SM-N970F) AppleWebKit/537.36 (KHTML, like Gecko) SamsungBrowser/18.0 Chrome/99.0.4844.88 Mobile Safari/537.36" "ysfine.com"
86.131.12.183 - - [04/Oct/2022:12:35:31 -0700] "GET /eink/pwk19c.jpg HTTP/1.1" 200 57759 "https://ysfine.com/world/brit/etonharrow.html" "Mozilla/5.0 (Linux; Android 12; SAMSUNG SM-N970F) AppleWebKit/537.36 (KHTML, like Gecko) SamsungBrowser/18.0 Chrome/99.0.4844.88 Mobile Safari/537.36" "ysfine.com"
86.131.12.183 - - [04/Oct/2022:12:35:31 -0700] "GET /world/brit/harrow09b.jpg HTTP/1.1" 200 48797 "https://ysfine.com/world/brit/etonharrow.html" "Mozilla/5.0 (Linux; Android 12; SAMSUNG SM-N970F) AppleWebKit/537.36 (KHTML, like Gecko) SamsungBrowser/18.0 Chrome/99.0.4844.88 Mobile Safari/537.36" "ysfine.com"
86.131.12.183 - - [04/Oct/2022:12:35:31 -0700] "GET /world/brit/harrow12b.jpg HTTP/1.1" 200 45104 "https://ysfine.com/world/brit/etonharrow.html" "Mozilla/5.0 (Linux; Android 12; SAMSUNG SM-N970F) AppleWebKit/537.36 (KHTML, like Gecko) SamsungBrowser/18.0 Chrome/99.0.4844.88 Mobile Safari/537.36" "ysfine.com"
86.131.12.183 - - [04/Oct/2022:12:35:31 -0700] "GET /world/brit/harrow11b.jpg HTTP/1.1" 200 42533 "https://ysfine.com/world/brit/etonharrow.html" "Mozilla/5.0 (Linux; Android 12; SAMSUNG SM-N970F) AppleWebKit/537.36 (KHTML, like Gecko) SamsungBrowser/18.0 Chrome/99.0.4844.88 Mobile Safari/537.36" "ysfine.com"
86.131.12.183 - - [04/Oct/2022:12:35:31 -0700] "GET /kobak/taylor33c.jpg HTTP/1.1" 200 39951 "https://ysfine.com/world/brit/etonharrow.html" "Mozilla/5.0 (Linux; Android 12; SAMSUNG SM-N970F) AppleWebKit/537.36 (KHTML, like Gecko) SamsungBrowser/18.0 Chrome/99.0.4844.88 Mobile Safari/537.36" "ysfine.com"
86.131.12.183 - - [04/Oct/2022:12:35:31 -0700] "GET /world/brit/harrow04b.jpg HTTP/1.1" 200 48004 "https://ysfine.com/world/brit/etonharrow.html" "Mozilla/5.0 (Linux; Android 12; SAMSUNG SM-N970F) AppleWebKit/537.36 (KHTML, like Gecko) SamsungBrowser/18.0 Chrome/99.0.4844.88 Mobile Safari/537.36" "ysfine.com"
189.193.87.59 - - [04/Oct/2022:12:35:33 -0700] "GET /maga/phil/conic01b.jpg HTTP/1.1" 200 38724 "https://www.bing.com/" "Mozilla/5.0 (Windows NT 10.0; Win64; x64) AppleWebKit/537.36 (KHTML, like Gecko) Chrome/105.0.0.0 Safari/537.36 Edg/105.0.1343.53" "www.ysfine.com"
86.131.12.183 - - [04/Oct/2022:12:35:34 -0700] "GET /favicon.ico HTTP/1.1" 404 88 "https://ysfine.com/world/brit/etonharrow.html" "Mozilla/5.0 (Linux; Android 12; SAMSUNG SM-N970F) AppleWebKit/537.36 (KHTML, like Gecko) SamsungBrowser/18.0 Chrome/99.0.4844.88 Mobile Safari/537.36" "ysfine.com"
173.73.80.118 - - [04/Oct/2022:12:35:49 -0700] "GET /ys11/ HTTP/1.1" 304 - "-" "Mozilla/5.0 (Windows NT 10.0; Win64; x64) AppleWebKit/537.36 (KHTML, like Gecko) Chrome/105.0.0.0 Safari/537.36 Edg/105.0.1343.53" "ysfine.com"
173.73.80.118 - - [04/Oct/2022:12:35:49 -0700] "GET /favicon.ico HTTP/1.1" 404 88 "https://ysfine.com/ys11/" "Mozilla/5.0 (Windows NT 10.0; Win64; x64) AppleWebKit/537.36 (KHTML, like Gecko) Chrome/105.0.0.0 Safari/537.36 Edg/105.0.1343.53" "ysfine.com"
67.8.147.93 - - [04/Oct/2022:12:36:05 -0700] "GET /einstein/goedel54b.jpg HTTP/1.1" 200 40926 "https://www.google.com/" "Mozilla/5.0 (Macintosh; Intel Mac OS X 10_15_6) AppleWebKit/605.1.15 (KHTML, like Gecko) Version/15.6 Safari/605.1.15" "ysfine.com"
173.252.83.4 - - [04/Oct/2022:12:36:15 -0700] "GET /usca/pitt/pgh58a.jpg HTTP/1.1" 200 124020 "-" "facebookexternalhit/1.1 (+http://www.facebook.com/externalhit_uatext.php)" "ysfine.com"
114.119.128.162 - - [04/Oct/2022:12:36:28 -0700] "GET /maga/invent/wright18.jpg HTTP/1.1" 200 59928 "https://ysfine.com/maga/wright.html" "Mozilla/5.0 (Linux; Android 7.0;) AppleWebKit/537.36 (KHTML, like Gecko) Mobile Safari/537.36 (compatible; PetalBot;+https://webmaster.petalsearch.com/site/petalbot)" "ysfine.com"
157.55.39.58 - - [04/Oct/2022:12:36:41 -0700] "GET /world/poland/waw03.jpg HTTP/1.1" 200 75886 "-" "Mozilla/5.0 (compatible; bingbot/2.0; +http://www.bing.com/bingbot.htm)" "ysfine.com"
207.46.13.102 - - [04/Oct/2022:12:37:48 -0700] "GET /world/france/metz16.jpg HTTP/1.1" 200 72034 "-" "Mozilla/5.0 AppleWebKit/537.36 (KHTML, like Gecko; compatible; bingbot/2.0; +http://www.bing.com/bingbot.htm) Chrome/103.0.5060.134 Safari/537.36" "www.ysfine.com"
166.113.16.35 - - [04/Oct/2022:12:37:58 -0700] "GET /princeton/alexan22.jpg HTTP/1.1" 200 175436 "https://www.google.com/" "Mozilla/5.0 (iPhone; CPU iPhone OS 15_6_1 like Mac OS X) AppleWebKit/605.1.15 (KHTML, like Gecko) Version/15.6.1 Mobile/15E148 Safari/604.1" "ysfine.com"
173.73.80.118 - - [04/Oct/2022:12:38:00 -0700] "GET /jobs/index.html HTTP/1.1" 200 123 "-" "Mozilla/5.0 (Windows NT 10.0; Win64; x64) AppleWebKit/537.36 (KHTML, like Gecko) Chrome/105.0.0.0 Safari/537.36 Edg/105.0.1343.53" "ysfine.com"
173.73.80.118 - - [04/Oct/2022:12:38:00 -0700] "GET /jobs/jorigh.html HTTP/1.1" 200 1583 "https://ysfine.com/jobs/index.html" "Mozilla/5.0 (Windows NT 10.0; Win64; x64) AppleWebKit/537.36 (KHTML, like Gecko) Chrome/105.0.0.0 Safari/537.36 Edg/105.0.1343.53" "ysfine.com"
173.73.80.118 - - [04/Oct/2022:12:38:00 -0700] "GET /jobs/joleft.html HTTP/1.1" 200 334 "https://ysfine.com/jobs/index.html" "Mozilla/5.0 (Windows NT 10.0; Win64; x64) AppleWebKit/537.36 (KHTML, like Gecko) Chrome/105.0.0.0 Safari/537.36 Edg/105.0.1343.53" "ysfine.com"
173.73.80.118 - - [04/Oct/2022:12:38:00 -0700] "GET /einstein/einfine21b.jpg HTTP/1.1" 200 53710 "https://ysfine.com/jobs/jorigh.html" "Mozilla/5.0 (Windows NT 10.0; Win64; x64) AppleWebKit/537.36 (KHTML, like Gecko) Chrome/105.0.0.0 Safari/537.36 Edg/105.0.1343.53" "ysfine.com"
173.73.80.118 - - [04/Oct/2022:12:38:00 -0700] "GET /princeton/class2007b.jpg HTTP/1.1" 200 40797 "https://ysfine.com/jobs/jorigh.html" "Mozilla/5.0 (Windows NT 10.0; Win64; x64) AppleWebKit/537.36 (KHTML, like Gecko) Chrome/105.0.0.0 Safari/537.36 Edg/105.0.1343.53" "ysfine.com"
173.73.80.118 - - [04/Oct/2022:12:38:00 -0700] "GET /beau/vilnius08b.jpg HTTP/1.1" 404 88 "https://ysfine.com/jobs/jorigh.html" "Mozilla/5.0 (Windows NT 10.0; Win64; x64) AppleWebKit/537.36 (KHTML, like Gecko) Chrome/105.0.0.0 Safari/537.36 Edg/105.0.1343.53" "ysfine.com"
173.73.80.118 - - [04/Oct/2022:12:38:00 -0700] "GET /world/poland/polstu09b.jpg HTTP/1.1" 200 51803 "https://ysfine.com/jobs/jorigh.html" "Mozilla/5.0 (Windows NT 10.0; Win64; x64) AppleWebKit/537.36 (KHTML, like Gecko) Chrome/105.0.0.0 Safari/537.36 Edg/105.0.1343.53" "ysfine.com"
114.119.128.14 - - [04/Oct/2022:12:38:01 -0700] "GET /remote/wigner111/frame23.html HTTP/1.1" 200 460 "https://www.ysfine.com/remote/wigner111/goto.html" "Mozilla/5.0 (Linux; Android 7.0;) AppleWebKit/537.36 (KHTML, like Gecko) Mobile Safari/537.36 (compatible; PetalBot;+https://webmaster.petalsearch.com/site/petalbot)" "www.ysfine.com"
157.55.39.58 - - [04/Oct/2022:12:38:11 -0700] "GET /world/france/antibes03.jpg HTTP/1.1" 200 147752 "-" "Mozilla/5.0 (compatible; bingbot/2.0; +http://www.bing.com/bingbot.htm)" "ysfine.com"
207.46.13.102 - - [04/Oct/2022:12:38:38 -0700] "GET /feynman/feykant.html HTTP/1.1" 200 3350 "-" "Mozilla/5.0 (compatible; bingbot/2.0; +http://www.bing.com/bingbot.htm)" "ysfine.com"
114.119.128.154 - - [04/Oct/2022:12:39:34 -0700] "GET /world/baltic/arana.html HTTP/1.1" 200 3961 "https://www.ysfine.com/maga/keigel22.html" "Mozilla/5.0 (Linux; Android 7.0;) AppleWebKit/537.36 (KHTML, like Gecko) Mobile Safari/537.36 (compatible; PetalBot;+https://webmaster.petalsearch.com/site/petalbot)" "www.ysfine.com"
89.144.207.217 - - [04/Oct/2022:12:39:40 -0700] "GET /maga/histo/oscar22.jpg HTTP/1.1" 200 101665 "https://www.google.com/" "Mozilla/5.0 (Linux; Android 11; M2101K6G) AppleWebKit/537.36 (KHTML, like Gecko) Chrome/106.0.0.0 Mobile Safari/537.36" "ysfine.com"
89.144.207.217 - - [04/Oct/2022:12:39:58 -0700] "GET /maga/histo/desiree22.jpg HTTP/1.1" 200 113561 "https://www.google.com/" "Mozilla/5.0 (Linux; Android 11; M2101K6G) AppleWebKit/537.36 (KHTML, like Gecko) Chrome/106.0.0.0 Mobile Safari/537.36" "ysfine.com"
77.75.73.26 - - [04/Oct/2022:12:40:37 -0700] "GET /philo/kant.html HTTP/1.1" 304 - "-" "Mozilla/5.0 (compatible; SeznamBot/4.0-RC1; +http://napoveda.seznam.cz/seznambot-intro/)" "ysfine.com"
173.73.80.118 - - [04/Oct/2022:12:40:47 -0700] "GET /dirac/index.html HTTP/1.1" 200 124 "-" "Mozilla/5.0 (Windows NT 10.0; Win64; x64) AppleWebKit/537.36 (KHTML, like Gecko) Chrome/105.0.0.0 Safari/537.36 Edg/105.0.1343.53" "ysfine.com"
