172.58.229.223 - - [04/Oct/2022:18:25:09 -0700] "GET /world/russ/roskei06b.jpg HTTP/1.1" 200 48694 "https://ysfine.com/world/minsk.html" "Mozilla/5.0 (Linux; Android 13; Pixel 6) AppleWebKit/537.36 (KHTML, like Gecko) Chrome/106.0.0.0 Mobile Safari/537.36" "ysfine.com"
172.58.229.223 - - [04/Oct/2022:18:25:09 -0700] "GET /style/cameras/zenit11b.jpg HTTP/1.1" 200 38496 "https://ysfine.com/world/minsk.html" "Mozilla/5.0 (Linux; Android 13; Pixel 6) AppleWebKit/537.36 (KHTML, like Gecko) Chrome/106.0.0.0 Mobile Safari/537.36" "ysfine.com"
172.58.229.223 - - [04/Oct/2022:18:25:09 -0700] "GET /world/russ/minsk067b.jpg HTTP/1.1" 200 40459 "https://ysfine.com/world/minsk.html" "Mozilla/5.0 (Linux; Android 13; Pixel 6) AppleWebKit/537.36 (KHTML, like Gecko) Chrome/106.0.0.0 Mobile Safari/537.36" "ysfine.com"
172.58.229.223 - - [04/Oct/2022:18:25:09 -0700] "GET /wdc/vernon04b.jpg HTTP/1.1" 200 44297 "https://ysfine.com/world/minsk.html" "Mozilla/5.0 (Linux; Android 13; Pixel 6) AppleWebKit/537.36 (KHTML, like Gecko) Chrome/106.0.0.0 Mobile Safari/537.36" "ysfine.com"
172.58.229.223 - - [04/Oct/2022:18:25:09 -0700] "GET /world/russ/minsk040b.jpg HTTP/1.1" 200 41302 "https://ysfine.com/world/minsk.html" "Mozilla/5.0 (Linux; Android 13; Pixel 6) AppleWebKit/537.36 (KHTML, like Gecko) Chrome/106.0.0.0 Mobile Safari/537.36" "ysfine.com"
172.58.229.223 - - [04/Oct/2022:18:25:09 -0700] "GET /world/russ/minsk034b.jpg HTTP/1.1" 200 40968 "https://ysfine.com/world/minsk.html" "Mozilla/5.0 (Linux; Android 13; Pixel 6) AppleWebKit/537.36 (KHTML, like Gecko) Chrome/106.0.0.0 Mobile Safari/537.36" "ysfine.com"
172.58.229.223 - - [04/Oct/2022:18:25:09 -0700] "GET /feynman/feyfirm2.jpg HTTP/1.1" 200 36742 "https://ysfine.com/world/minsk.html" "Mozilla/5.0 (Linux; Android 13; Pixel 6) AppleWebKit/537.36 (KHTML, like Gecko) Chrome/106.0.0.0 Mobile Safari/537.36" "ysfine.com"
172.58.229.223 - - [04/Oct/2022:18:25:09 -0700] "GET /world/russ/minsk026b.jpg HTTP/1.1" 200 45201 "https://ysfine.com/world/minsk.html" "Mozilla/5.0 (Linux; Android 13; Pixel 6) AppleWebKit/537.36 (KHTML, like Gecko) Chrome/106.0.0.0 Mobile Safari/537.36" "ysfine.com"
172.58.229.223 - - [04/Oct/2022:18:25:09 -0700] "GET /world/russ/kilin104b.jpg HTTP/1.1" 200 36895 "https://ysfine.com/world/minsk.html" "Mozilla/5.0 (Linux; Android 13; Pixel 6) AppleWebKit/537.36 (KHTML, like Gecko) Chrome/106.0.0.0 Mobile Safari/537.36" "ysfine.com"
172.58.229.223 - - [04/Oct/2022:18:25:09 -0700] "GET /world/russ/kilin101b.jpg HTTP/1.1" 200 37065 "https://ysfine.com/world/minsk.html" "Mozilla/5.0 (Linux; Android 13; Pixel 6) AppleWebKit/537.36 (KHTML, like Gecko) Chrome/106.0.0.0 Mobile Safari/537.36" "ysfine.com"
172.58.229.223 - - [04/Oct/2022:18:25:09 -0700] "GET /world/russ/minsk004b.jpg HTTP/1.1" 200 35833 "https://ysfine.com/world/minsk.html" "Mozilla/5.0 (Linux; Android 13; Pixel 6) AppleWebKit/537.36 (KHTML, like Gecko) Chrome/106.0.0.0 Mobile Safari/537.36" "ysfine.com"
172.58.229.223 - - [04/Oct/2022:18:25:09 -0700] "GET /world/russ/minskf08b.jpg HTTP/1.1" 200 50248 "https://ysfine.com/world/minsk.html" "Mozilla/5.0 (Linux; Android 13; Pixel 6) AppleWebKit/537.36 (KHTML, like Gecko) Chrome/106.0.0.0 Mobile Safari/537.36" "ysfine.com"
172.58.229.223 - - [04/Oct/2022:18:25:09 -0700] "GET /world/russ/minsk066b.jpg HTTP/1.1" 200 28380 "https://ysfine.com/world/minsk.html" "Mozilla/5.0 (Linux; Android 13; Pixel 6) AppleWebKit/537.36 (KHTML, like Gecko) Chrome/106.0.0.0 Mobile Safari/537.36" "ysfine.com"
172.58.229.223 - - [04/Oct/2022:18:25:09 -0700] "GET /world/russ/minskf14b.jpg HTTP/1.1" 200 34560 "https://ysfine.com/world/minsk.html" "Mozilla/5.0 (Linux; Android 13; Pixel 6) AppleWebKit/537.36 (KHTML, like Gecko) Chrome/106.0.0.0 Mobile Safari/537.36" "ysfine.com"
172.58.229.223 - - [04/Oct/2022:18:25:09 -0700] "GET /world/russ/minskf45b.jpg HTTP/1.1" 200 41920 "https://ysfine.com/world/minsk.html" "Mozilla/5.0 (Linux; Android 13; Pixel 6) AppleWebKit/537.36 (KHTML, like Gecko) Chrome/106.0.0.0 Mobile Safari/537.36" "ysfine.com"
172.58.229.223 - - [04/Oct/2022:18:25:09 -0700] "GET /world/russ/minskf23b.jpg HTTP/1.1" 200 48996 "https://ysfine.com/world/minsk.html" "Mozilla/5.0 (Linux; Android 13; Pixel 6) AppleWebKit/537.36 (KHTML, like Gecko) Chrome/106.0.0.0 Mobile Safari/537.36" "ysfine.com"
172.58.229.223 - - [04/Oct/2022:18:25:09 -0700] "GET /world/russ/minsk064b.jpg HTTP/1.1" 200 42913 "https://ysfine.com/world/minsk.html" "Mozilla/5.0 (Linux; Android 13; Pixel 6) AppleWebKit/537.36 (KHTML, like Gecko) Chrome/106.0.0.0 Mobile Safari/537.36" "ysfine.com"
172.58.229.223 - - [04/Oct/2022:18:25:24 -0700] "GET /favicon.ico HTTP/1.1" 404 88 "https://ysfine.com/world/minsk.html" "Mozilla/5.0 (Linux; Android 13; Pixel 6) AppleWebKit/537.36 (KHTML, like Gecko) Chrome/106.0.0.0 Mobile Safari/537.36" "ysfine.com"
172.58.229.223 - - [04/Oct/2022:18:25:42 -0700] "GET /world/russ/kilin104.jpg HTTP/1.1" 200 111146 "https://ysfine.com/world/minsk.html" "Mozilla/5.0 (Linux; Android 13; Pixel 6) AppleWebKit/537.36 (KHTML, like Gecko) Chrome/106.0.0.0 Mobile Safari/537.36" "ysfine.com"
157.55.39.58 - - [04/Oct/2022:18:25:57 -0700] "GET /maga/phys/naimar/pewk09.jpg HTTP/1.1" 200 54557 "-" "Mozilla/5.0 AppleWebKit/537.36 (KHTML, like Gecko; compatible; bingbot/2.0; +http://www.bing.com/bingbot.htm) Chrome/103.0.5060.134 Safari/537.36" "ysfine.com"
157.55.39.58 - - [04/Oct/2022:18:26:36 -0700] "GET /world/baltic/riga60.jpg HTTP/1.1" 200 93540 "-" "Mozilla/5.0 AppleWebKit/537.36 (KHTML, like Gecko; compatible; bingbot/2.0; +http://www.bing.com/bingbot.htm) Chrome/103.0.5060.134 Safari/537.36" "ysfine.com"
185.191.171.34 - - [04/Oct/2022:18:27:27 -0700] "GET /class54/class5470/total_data/sub_419.htm HTTP/1.1" 200 3220 "-" "Mozilla/5.0 (compatible; SemrushBot/7~bl; +http://www.semrush.com/bot.html)" "ysfine.com"
157.55.39.128 - - [04/Oct/2022:18:28:50 -0700] "GET /world/baltic/riga58.jpg HTTP/1.1" 200 68424 "-" "Mozilla/5.0 (compatible; bingbot/2.0; +http://www.bing.com/bingbot.htm)" "ysfine.com"
185.191.171.16 - - [04/Oct/2022:18:28:58 -0700] "GET /class54/class5470/total_data/sub_532.htm HTTP/1.1" 200 3228 "-" "Mozilla/5.0 (compatible; SemrushBot/7~bl; +http://www.semrush.com/bot.html)" "ysfine.com"
17.121.114.156 - - [04/Oct/2022:18:29:14 -0700] "GET /wdc/wasleft.html HTTP/1.1" 200 720 "https://ysfine.com/wdc/index.html" "Mozilla/5.0 (Macintosh; Intel Mac OS X 10_15_5) AppleWebKit/605.1.15 (KHTML, like Gecko) Version/13.1.1 Safari/605.1.15 (Applebot/0.1; +http://www.apple.com/go/applebot)" "ysfine.com"
17.121.113.195 - - [04/Oct/2022:18:29:15 -0700] "GET /wdc/wasdc.html HTTP/1.1" 200 13715 "https://ysfine.com/wdc/index.html" "Mozilla/5.0 (Macintosh; Intel Mac OS X 10_15_5) AppleWebKit/605.1.15 (KHTML, like Gecko) Version/13.1.1 Safari/605.1.15 (Applebot/0.1; +http://www.apple.com/go/applebot)" "ysfine.com"
195.191.219.131 - - [04/Oct/2022:18:29:18 -0700] "GET /robots.txt HTTP/1.1" 404 73 "-" "Mozilla/5.0 (compatible; MJ12bot/v1.4.8; http://mj12bot.com/)" "ysfine.com"
195.191.219.131 - - [04/Oct/2022:18:29:21 -0700] "GET / HTTP/1.1" 200 5283 "-" "Mozilla/5.0 (compatible; MJ12bot/v1.4.8; http://mj12bot.com/)" "ysfine.com"
157.55.39.128 - - [04/Oct/2022:18:30:00 -0700] "GET /world/russ/mosf56.jpg HTTP/1.1" 200 168025 "-" "Mozilla/5.0 (compatible; bingbot/2.0; +http://www.bing.com/bingbot.htm)" "ysfine.com"
128.2.177.108 - - [04/Oct/2022:18:30:47 -0700] "GET /wigner/neum/ymath.jpg HTTP/1.1" 200 64930 "-" "Mozilla/5.0 (X11; Linux i686) AppleWebKit/537.17 (KHTML, like Gecko) Chrome/24.0.1312.27 Safari/537.17" "ysfine.com"
128.2.177.108 - - [04/Oct/2022:18:30:53 -0700] "GET /wigner/neum/pvn03.jpg HTTP/1.1" 200 83757 "-" "Mozilla/5.0 (X11; Linux i686) AppleWebKit/537.17 (KHTML, like Gecko) Chrome/24.0.1312.27 Safari/537.17" "ysfine.com"
185.191.171.7 - - [04/Oct/2022:18:31:34 -0700] "GET /robots.txt HTTP/1.1" 404 88 "-" "Mozilla/5.0 (compatible; SemrushBot/7~bl; +http://www.semrush.com/bot.html)" "ysfine.com"
185.191.171.1 - - [04/Oct/2022:18:31:34 -0700] "GET /class54/class5470/total_data/sub_871.htm HTTP/1.1" 200 3504 "-" "Mozilla/5.0 (compatible; SemrushBot/7~bl; +http://www.semrush.com/bot.html)" "ysfine.com"
157.55.39.58 - - [04/Oct/2022:18:31:46 -0700] "GET /wdc/yswash06.jpg HTTP/1.1" 200 81458 "-" "Mozilla/5.0 (compatible; bingbot/2.0; +http://www.bing.com/bingbot.htm)" "ysfine.com"
184.166.156.8 - - [04/Oct/2022:18:32:03 -0700] "GET /maga/phys/heisen22.jpg HTTP/1.1" 200 82807 "https://images.search.yahoo.com/yhs/search;_ylt=AwrUieWI3jxjVjcApAMPxQt.;_ylu=Y29sbwNncTEEcG9zAzEEdnRpZAMEc2VjA3BpdnM-?p=heisenberg&type=fc_A4AE35CAED5_s69_g_e_d_n5555_c1&param1=7&param2=eJw1jEsOgzAMRK%2FiJUjIJM0HJLY9QbeIRQppiBII4iOqnr5Gau3FPM9o7PzQNt3jzhm7VYq1RTfTrWgIr4ikJ%2BGkfrmglsi1Rq401mQ6m8g9NsLDEE3p42M0pUIG2ennIZ0bzDtwhqwBMrRs4K1lDmZZoj3tM%2Fi9VKJCoSEL4z7FAqIPFpztQ8qhH9c02ZIz%2BngtbOZlVv%2Bv2MH9Mi6kQCW%2B2mc9dA%3D%3D&hsimp=yhs-3563&hspart=fc&ei=UTF-8&fr=yhs-fc-3563" "Mozilla/5.0 (Windows NT 10.0; Win64; x64) AppleWebKit/537.36 (KHTML, like Gecko) Chrome/105.0.0.0 Safari/537.36 Edg/105.0.1343.53" "ysfine.com"
77.88.5.46 - - [04/Oct/2022:18:32:05 -0700] "GET /robots.txt HTTP/1.1" 404 73 "-" "Mozilla/5.0 (compatible; YandexBot/3.0; +http://yandex.com/bots)" "ysfine.com"
77.88.5.46 - - [04/Oct/2022:18:32:08 -0700] "GET /maga/phys/heisen22.jpg HTTP/1.1" 304 - "-" "Mozilla/5.0 (compatible; YandexImages/3.0; +http://yandex.com/bots)" "ysfine.com"
77.88.5.245 - - [04/Oct/2022:18:32:13 -0700] "GET /einstein/heisen66.jpg HTTP/1.1" 200 82082 "-" "Mozilla/5.0 (compatible; YandexImages/3.0; +http://yandex.com/bots)" "ysfine.com"
207.46.13.102 - - [04/Oct/2022:18:33:51 -0700] "GET /world/china/hongkong16b.jpg HTTP/1.1" 200 33548 "-" "Mozilla/5.0 (compatible; bingbot/2.0; +http://www.bing.com/bingbot.htm)" "ysfine.com"
68.10.7.177 - - [04/Oct/2022:18:34:05 -0700] "GET /princeton/alexan22.jpg HTTP/1.1" 200 175436 "https://www.google.com/" "Mozilla/5.0 (Macintosh; Intel Mac OS X 10_15_6) AppleWebKit/537.36 (KHTML, like Gecko) Chrome/105.0.0.0 Safari/537.36" "ysfine.com"
91.4.32.22 - - [04/Oct/2022:18:34:18 -0700] "GET /world/russ/mosko02.jpg HTTP/1.1" 200 118440 "https://www.google.de/" "Mozilla/5.0 (Linux; Android 12; SM-G990B) AppleWebKit/537.36 (KHTML, like Gecko) Chrome/105.0.0.0 Mobile Safari/537.36" "ysfine.com"
157.55.39.58 - - [04/Oct/2022:18:34:39 -0700] "GET /sbk/2010berlin11.jpg HTTP/1.1" 200 121298 "-" "Mozilla/5.0 AppleWebKit/537.36 (KHTML, like Gecko; compatible; bingbot/2.0; +http://www.bing.com/bingbot.htm) Chrome/103.0.5060.134 Safari/537.36" "ysfine.com"
157.55.39.58 - - [04/Oct/2022:18:34:47 -0700] "GET /maga/phys/schrod21.jpg HTTP/1.1" 200 84591 "-" "Mozilla/5.0 (compatible; bingbot/2.0; +http://www.bing.com/bingbot.htm)" "ysfine.com"
40.77.167.27 - - [04/Oct/2022:18:34:53 -0700] "GET /awards/fortune11.jpg HTTP/1.1" 200 270524 "-" "Mozilla/5.0 (compatible; bingbot/2.0; +http://www.bing.com/bingbot.htm)" "ysfine.com"
185.191.171.41 - - [04/Oct/2022:18:35:38 -0700] "GET /remote/wigner111/frame44.html HTTP/1.1" 200 373 "-" "Mozilla/5.0 (compatible; SemrushBot/7~bl; +http://www.semrush.com/bot.html)" "www.ysfine.com"
66.249.66.94 - - [04/Oct/2022:18:35:53 -0700] "GET /kobak/repose22.jpg HTTP/1.1" 200 126234 "-" "Googlebot-Image/1.0" "ysfine.com"
207.46.13.102 - - [04/Oct/2022:18:37:32 -0700] "GET /feynman/ppic/entro33a.jpg HTTP/1.1" 200 36917 "-" "Mozilla/5.0 AppleWebKit/537.36 (KHTML, like Gecko; compatible; bingbot/2.0; +http://www.bing.com/bingbot.htm) Chrome/103.0.5060.134 Safari/537.36" "ysfine.com"
207.46.13.102 - - [04/Oct/2022:18:37:32 -0700] "GET /einstein/places/einmu62b.jpg HTTP/1.1" 200 31976 "-" "Mozilla/5.0 (compatible; bingbot/2.0; +http://www.bing.com/bingbot.htm)" "ysfine.com"
40.77.167.27 - - [04/Oct/2022:18:37:52 -0700] "GET /world/kazan.html HTTP/1.1" 200 13929 "-" "Mozilla/5.0 AppleWebKit/537.36 (KHTML, like Gecko; compatible; bingbot/2.0; +http://www.bing.com/bingbot.htm) Chrome/103.0.5060.134 Safari/537.36" "ysfine.com"
189.92.229.20 - - [04/Oct/2022:18:37:55 -0700] "GET /world/latina/sambario11.jpg HTTP/1.1" 200 84975 "https://www.google.com/" "Mozilla/5.0 (Windows NT 10.0; Win64; x64; rv:105.0) Gecko/20100101 Firefox/105.0" "ysfine.com"
157.55.39.127 - - [04/Oct/2022:18:37:57 -0700] "GET /style/songs.html HTTP/1.1" 200 31567 "-" "Mozilla/5.0 (compatible; bingbot/2.0; +http://www.bing.com/bingbot.htm)" "ysfine.com"
157.55.39.58 - - [04/Oct/2022:18:37:57 -0700] "GET /people/hartle.jpg HTTP/1.1" 200 67528 "-" "Mozilla/5.0 (compatible; bingbot/2.0; +http://www.bing.com/bingbot.htm)" "ysfine.com"
116.179.32.172 - - [04/Oct/2022:18:38:01 -0700] "GET /maga/phys/naimar/pewk13.pdf HTTP/1.1" 304 - "-" "Mozilla/5.0 (compatible; Baiduspider/2.0; +http://www.baidu.com/search/spider.html)" "ysfine.com"
157.55.39.58 - - [04/Oct/2022:18:40:07 -0700] "GET /world/spain/madrif05.jpg HTTP/1.1" 200 243297 "-" "Mozilla/5.0 (compatible; bingbot/2.0; +http://www.bing.com/bingbot.htm)" "www.ysfine.com"
157.55.39.127 - - [04/Oct/2022:18:40:07 -0700] "GET /world/brit/britmu09b.jpg HTTP/1.1" 200 45628 "-" "Mozilla/5.0 (compatible; bingbot/2.0; +http://www.bing.com/bingbot.htm)" "ysfine.com"
40.77.167.27 - - [04/Oct/2022:18:41:34 -0700] "GET /sbk/2008orlando11.jpg HTTP/1.1" 200 126190 "-" "Mozilla/5.0 (compatible; bingbot/2.0; +http://www.bing.com/bingbot.htm)" "ysfine.com"
185.191.171.21 - - [04/Oct/2022:18:41:37 -0700] "GET /class54/class5470/total_data/sub_425.htm HTTP/1.1" 200 3208 "-" "Mozilla/5.0 (compatible; SemrushBot/7~bl; +http://www.semrush.com/bot.html)" "www.ysfine.com"
207.46.13.102 - - [04/Oct/2022:18:42:43 -0700] "GET /wisdom/palman22.jpg HTTP/1.1" 200 133122 "-" "Mozilla/5.0 (compatible; bingbot/2.0; +http://www.bing.com/bingbot.htm)" "ysfine.com"
157.55.39.55 - - [04/Oct/2022:18:43:02 -0700] "GET /world/brit/imperialc10.jpg HTTP/1.1" 200 58053 "-" "Mozilla/5.0 (compatible; bingbot/2.0; +http://www.bing.com/bingbot.htm)" "ysfine.com"
157.55.39.127 - - [04/Oct/2022:18:44:38 -0700] "GET /usca/pitt/yspgh57.jpg HTTP/1.1" 200 31028 "-" "Mozilla/5.0 (compatible; bingbot/2.0; +http://www.bing.com/bingbot.htm)" "www.ysfine.com"
185.191.171.12 - - [04/Oct/2022:18:44:59 -0700] "GET /world/brit/firew.html HTTP/1.1" 200 315 "-" "Mozilla/5.0 (compatible; SemrushBot/7~bl; +http://www.semrush.com/bot.html)" "www.ysfine.com"
157.55.39.128 - - [04/Oct/2022:18:45:12 -0700] "GET /maga/phys/landau44.jpg HTTP/1.1" 200 38430 "-" "Mozilla/5.0 AppleWebKit/537.36 (KHTML, like Gecko; compatible; bingbot/2.0; +http://www.bing.com/bingbot.htm) Chrome/103.0.5060.134 Safari/537.36" "ysfine.com"
157.55.39.128 - - [04/Oct/2022:18:45:21 -0700] "GET /sbk/2010gdn11.jpg HTTP/1.1" 200 151040 "-" "Mozilla/5.0 (compatible; bingbot/2.0; +http://www.bing.com/bingbot.htm)" "ysfine.com"
185.191.171.5 - - [04/Oct/2022:18:45:25 -0700] "GET /class54/nam/index.html HTTP/1.1" 200 130 "-" "Mozilla/5.0 (compatible; SemrushBot/7~bl; +http://www.semrush.com/bot.html)" "ysfine.com"
75.100.90.129 - - [04/Oct/2022:18:45:27 -0700] "GET /princeton/alexan22.jpg HTTP/1.1" 200 175436 "https://www.google.com/" "Mozilla/5.0 (iPhone; CPU iPhone OS 15_6 like Mac OS X) AppleWebKit/605.1.15 (KHTML, like Gecko) Version/15.6 Mobile/15E148 Safari/604.1" "ysfine.com"
157.55.39.128 - - [04/Oct/2022:18:46:01 -0700] "GET /world/germany/mucf22.jpg HTTP/1.1" 200 113670 "-" "Mozilla/5.0 (compatible; bingbot/2.0; +http://www.bing.com/bingbot.htm)" "www.ysfine.com"
185.191.171.38 - - [04/Oct/2022:18:47:26 -0700] "GET /class54/class5470/total_data/sub_724.htm HTTP/1.1" 200 3295 "-" "Mozilla/5.0 (compatible; SemrushBot/7~bl; +http://www.semrush.com/bot.html)" "ysfine.com"
157.55.39.127 - - [04/Oct/2022:18:47:38 -0700] "GET /archives/proceedings/ff3/keybr.jpg HTTP/1.1" 200 34655 "-" "Mozilla/5.0 (compatible; bingbot/2.0; +http://www.bing.com/bingbot.htm)" "ysfine.com"
77.88.5.234 - - [04/Oct/2022:18:47:45 -0700] "GET /kobak/severance.jpg HTTP/1.1" 304 - "-" "Mozilla/5.0 (compatible; YandexImages/3.0; +http://yandex.com/bots)" "www.ysfine.com"
174.239.80.112 - - [04/Oct/2022:18:48:20 -0700] "GET /dirac/dirheisen31b.jpg HTTP/1.1" 200 39248 "https://www.google.com/" "Mozilla/5.0 (Linux; Android 11; moto g power) AppleWebKit/537.36 (KHTML, like Gecko) Chrome/86.0.4240.185 Mobile Safari/537.36" "ysfine.com"
157.55.39.55 - - [04/Oct/2022:18:48:31 -0700] "GET /maga/invent/transmitter11.jpg HTTP/1.1" 200 96885 "-" "Mozilla/5.0 (compatible; bingbot/2.0; +http://www.bing.com/bingbot.htm)" "ysfine.com"
24.251.171.141 - - [04/Oct/2022:18:48:54 -0700] "GET /princeton/alexan22.jpg HTTP/1.1" 200 175436 "https://www.google.com/" "Mozilla/5.0 (Windows NT 10.0; Win64; x64) AppleWebKit/537.36 (KHTML, like Gecko) Chrome/106.0.0.0 Safari/537.36" "ysfine.com"
157.55.39.55 - - [04/Oct/2022:18:49:03 -0700] "GET /maga/phys/yukafeyn3.jpg HTTP/1.1" 200 41879 "-" "Mozilla/5.0 (compatible; bingbot/2.0; +http://www.bing.com/bingbot.htm)" "www.ysfine.com"
114.70.8.207 - - [04/Oct/2022:18:50:18 -0700] "GET /jobs/koreaj.html HTTP/1.1" 200 10214 "https://www.google.com/" "Mozilla/5.0 (Windows NT 10.0; Win64; x64) AppleWebKit/537.36 (KHTML, like Gecko) Chrome/105.0.5195.127 Safari/537.36" "ysfine.com"
114.70.8.207 - - [04/Oct/2022:18:50:18 -0700] "GET /jobs/koreaj11b.jpg HTTP/1.1" 200 67543 "https://ysfine.com/jobs/koreaj.html" "Mozilla/5.0 (Windows NT 10.0; Win64; x64) AppleWebKit/537.36 (KHTML, like Gecko) Chrome/105.0.5195.127 Safari/537.36" "ysfine.com"
40.77.167.27 - - [04/Oct/2022:18:51:06 -0700] "GET /world/russ/spbm07.jpg HTTP/1.1" 200 111957 "-" "Mozilla/5.0 AppleWebKit/537.36 (KHTML, like Gecko; compatible; bingbot/2.0; +http://www.bing.com/bingbot.htm) Chrome/103.0.5060.134 Safari/537.36" "ysfine.com"
174.239.80.112 - - [04/Oct/2022:18:51:28 -0700] "GET /dirac/dirfeyn22.html HTTP/1.1" 200 2329 "https://www.google.com/" "Mozilla/5.0 (Linux; Android 11; moto g power) AppleWebKit/537.36 (KHTML, like Gecko) Chrome/86.0.4240.185 Mobile Safari/537.36" "ysfine.com"
174.239.80.112 - - [04/Oct/2022:18:51:29 -0700] "GET /feynman/feydirac270.jpg HTTP/1.1" 200 59000 "https://ysfine.com/dirac/dirfeyn22.html" "Mozilla/5.0 (Linux; Android 11; moto g power) AppleWebKit/537.36 (KHTML, like Gecko) Chrome/86.0.4240.185 Mobile Safari/537.36" "ysfine.com"
174.239.80.112 - - [04/Oct/2022:18:51:29 -0700] "GET /dirac/diracbul2.jpg HTTP/1.1" 200 31194 "https://ysfine.com/dirac/dirfeyn22.html" "Mozilla/5.0 (Linux; Android 11; moto g power) AppleWebKit/537.36 (KHTML, like Gecko) Chrome/86.0.4240.185 Mobile Safari/537.36" "ysfine.com"
174.239.80.112 - - [04/Oct/2022:18:51:29 -0700] "GET /feynman/feyn86b.jpg HTTP/1.1" 200 26190 "https://ysfine.com/dirac/dirfeyn22.html" "Mozilla/5.0 (Linux; Android 11; moto g power) AppleWebKit/537.36 (KHTML, like Gecko) Chrome/86.0.4240.185 Mobile Safari/537.36" "ysfine.com"
174.239.80.112 - - [04/Oct/2022:18:51:29 -0700] "GET /einstein/eink24b.jpg HTTP/1.1" 200 42003 "https://ysfine.com/dirac/dirfeyn22.html" "Mozilla/5.0 (Linux; Android 11; moto g power) AppleWebKit/537.36 (KHTML, like Gecko) Chrome/86.0.4240.185 Mobile Safari/537.36" "ysfine.com"
174.239.80.112 - - [04/Oct/2022:18:51:29 -0700] "GET /favicon.ico HTTP/1.1" 404 88 "https://ysfine.com/dirac/dirfeyn22.html" "Mozilla/5.0 (Linux; Android 11; moto g power) AppleWebKit/537.36 (KHTML, like Gecko) Chrome/86.0.4240.185 Mobile Safari/537.36" "ysfine.com"
207.46.13.102 - - [04/Oct/2022:18:51:44 -0700] "GET /wigner/wigwein00.jpg HTTP/1.1" 200 89514 "-" "Mozilla/5.0 (compatible; bingbot/2.0; +http://www.bing.com/bingbot.htm)" "www.ysfine.com"
40.77.167.27 - - [04/Oct/2022:18:51:49 -0700] "GET /feynman/feygell22.jpg HTTP/1.1" 200 61564 "-" "Mozilla/5.0 (compatible; bingbot/2.0; +http://www.bing.com/bingbot.htm)" "www.ysfine.com"
185.191.171.7 - - [04/Oct/2022:18:52:11 -0700] "GET /remote/wigner111/frame45.html HTTP/1.1" 200 373 "-" "Mozilla/5.0 (compatible; SemrushBot/7~bl; +http://www.semrush.com/bot.html)" "www.ysfine.com"
66.249.66.216 - - [04/Oct/2022:18:54:44 -0700] "GET /world/russ/ihousem22b.jpg HTTP/1.1" 404 88 "-" "Googlebot-Image/1.0" "ysfine.com"
40.77.167.27 - - [04/Oct/2022:18:55:19 -0700] "GET /world/germany/leipzig03.jpg HTTP/1.1" 200 105008 "-" "Mozilla/5.0 (compatible; bingbot/2.0; +http://www.bing.com/bingbot.htm)" "ysfine.com"
40.77.167.27 - - [04/Oct/2022:18:55:56 -0700] "GET /people/zeilinger01.jpg HTTP/1.1" 200 59186 "-" "Mozilla/5.0 AppleWebKit/537.36 (KHTML, like Gecko; compatible; bingbot/2.0; +http://www.bing.com/bingbot.htm) Chrome/103.0.5060.134 Safari/537.36" "ysfine.com"
77.88.5.237 - - [04/Oct/2022:18:56:01 -0700] "GET /princeton/wilcox.jpg HTTP/1.1" 200 220928 "-" "Mozilla/5.0 (compatible; YandexImages/3.0; +http://yandex.com/bots)" "ysfine.com"
93.158.161.40 - - [04/Oct/2022:18:56:29 -0700] "GET /princeton/forbesc11.jpg HTTP/1.1" 200 114657 "-" "Mozilla/5.0 (compatible; YandexImages/3.0; +http://yandex.com/bots)" "ysfine.com"
173.252.83.119 - - [04/Oct/2022:18:57:52 -0700] "GET /home/ewk86f.jpg HTTP/1.1" 200 123121 "-" "facebookexternalhit/1.1 (+http://www.facebook.com/externalhit_uatext.php)" "ysfine.com"
157.55.39.128 - - [04/Oct/2022:18:59:23 -0700] "GET /maga/phys/huy36.jpg HTTP/1.1" 200 65279 "-" "Mozilla/5.0 (compatible; bingbot/2.0; +http://www.bing.com/bingbot.htm)" "ysfine.com"
157.55.39.127 - - [04/Oct/2022:18:59:38 -0700] "GET /world/poland/polnobel01b.jpg HTTP/1.1" 200 42634 "-" "Mozilla/5.0 (compatible; bingbot/2.0; +http://www.bing.com/bingbot.htm)" "ysfine.com"
207.46.13.102 - - [04/Oct/2022:19:01:05 -0700] "GET /ffriends/aline/airfr09.jpg HTTP/1.1" 200 142132 "-" "Mozilla/5.0 (compatible; bingbot/2.0; +http://www.bing.com/bingbot.htm)" "ysfine.com"
207.46.13.102 - - [04/Oct/2022:19:01:05 -0700] "GET /wdc/washmo14.jpg HTTP/1.1" 200 100379 "-" "Mozilla/5.0 (compatible; bingbot/2.0; +http://www.bing.com/bingbot.htm)" "ysfine.com"
64.189.46.103 - - [04/Oct/2022:19:01:38 -0700] "GET /heisen/heisen66c.jpg HTTP/1.1" 200 43543 "https://ysfine.com/einstein/heisenberg.html" "Mozilla/5.0 (Macintosh; Intel Mac OS X 10_15_7) AppleWebKit/537.36 (KHTML, like Gecko) Chrome/105.0.0.0 Safari/537.36" "ysfine.com"
64.189.46.103 - - [04/Oct/2022:19:01:38 -0700] "GET /wigner/wigheis11c.jpg HTTP/1.1" 200 41279 "https://ysfine.com/einstein/heisenberg.html" "Mozilla/5.0 (Macintosh; Intel Mac OS X 10_15_7) AppleWebKit/537.36 (KHTML, like Gecko) Chrome/105.0.0.0 Safari/537.36" "ysfine.com"
64.189.46.103 - - [04/Oct/2022:19:01:39 -0700] "GET /heisen/schroheisen33c.jpg HTTP/1.1" 200 47347 "https://ysfine.com/einstein/heisenberg.html" "Mozilla/5.0 (Macintosh; Intel Mac OS X 10_15_7) AppleWebKit/537.36 (KHTML, like Gecko) Chrome/105.0.0.0 Safari/537.36" "ysfine.com"
64.189.46.103 - - [04/Oct/2022:19:01:39 -0700] "GET /heisen/heisen22c.jpg HTTP/1.1" 200 33300 "https://ysfine.com/einstein/heisenberg.html" "Mozilla/5.0 (Macintosh; Intel Mac OS X 10_15_7) AppleWebKit/537.36 (KHTML, like Gecko) Chrome/105.0.0.0 Safari/537.36" "ysfine.com"
64.189.46.103 - - [04/Oct/2022:19:01:39 -0700] "GET /wigner/wighome11c.jpg HTTP/1.1" 200 45648 "https://ysfine.com/einstein/heisenberg.html" "Mozilla/5.0 (Macintosh; Intel Mac OS X 10_15_7) AppleWebKit/537.36 (KHTML, like Gecko) Chrome/105.0.0.0 Safari/537.36" "ysfine.com"
64.189.46.103 - - [04/Oct/2022:19:01:39 -0700] "GET /wigner/wigkim11c.jpg HTTP/1.1" 200 30443 "https://ysfine.com/einstein/heisenberg.html" "Mozilla/5.0 (Macintosh; Intel Mac OS X 10_15_7) AppleWebKit/537.36 (KHTML, like Gecko) Chrome/105.0.0.0 Safari/537.36" "ysfine.com"
64.189.46.103 - - [04/Oct/2022:19:01:39 -0700] "GET /eink/pwk19c.jpg HTTP/1.1" 200 57759 "https://ysfine.com/einstein/heisenberg.html" "Mozilla/5.0 (Macintosh; Intel Mac OS X 10_15_7) AppleWebKit/537.36 (KHTML, like Gecko) Chrome/105.0.0.0 Safari/537.36" "ysfine.com"
64.189.46.103 - - [04/Oct/2022:19:01:39 -0700] "GET /einstein/einbohr33c.jpg HTTP/1.1" 200 36410 "https://ysfine.com/einstein/heisenberg.html" "Mozilla/5.0 (Macintosh; Intel Mac OS X 10_15_7) AppleWebKit/537.36 (KHTML, like Gecko) Chrome/105.0.0.0 Safari/537.36" "ysfine.com"
64.189.46.103 - - [04/Oct/2022:19:01:39 -0700] "GET /einstein/texfiles/einheis02.jpg HTTP/1.1" 200 27605 "https://ysfine.com/einstein/heisenberg.html" "Mozilla/5.0 (Macintosh; Intel Mac OS X 10_15_7) AppleWebKit/537.36 (KHTML, like Gecko) Chrome/105.0.0.0 Safari/537.36" "ysfine.com"
64.189.46.103 - - [04/Oct/2022:19:01:39 -0700] "GET /home/figs/sq55c.jpg HTTP/1.1" 200 29581 "https://ysfine.com/einstein/heisenberg.html" "Mozilla/5.0 (Macintosh; Intel Mac OS X 10_15_7) AppleWebKit/537.36 (KHTML, like Gecko) Chrome/105.0.0.0 Safari/537.36" "ysfine.com"
64.189.46.103 - - [04/Oct/2022:19:01:39 -0700] "GET /dirac/o32c.jpg HTTP/1.1" 200 30707 "https://ysfine.com/einstein/heisenberg.html" "Mozilla/5.0 (Macintosh; Intel Mac OS X 10_15_7) AppleWebKit/537.36 (KHTML, like Gecko) Chrome/105.0.0.0 Safari/537.36" "ysfine.com"
64.189.46.103 - - [04/Oct/2022:19:01:39 -0700] "GET /dirac/o32inho22c.jpg HTTP/1.1" 200 33038 "https://ysfine.com/einstein/heisenberg.html" "Mozilla/5.0 (Macintosh; Intel Mac OS X 10_15_7) AppleWebKit/537.36 (KHTML, like Gecko) Chrome/105.0.0.0 Safari/537.36" "ysfine.com"
64.189.46.103 - - [04/Oct/2022:19:01:39 -0700] "GET /einstein/texfiles/einheis05.jpg HTTP/1.1" 200 31679 "https://ysfine.com/einstein/heisenberg.html" "Mozilla/5.0 (Macintosh; Intel Mac OS X 10_15_7) AppleWebKit/537.36 (KHTML, like Gecko) Chrome/105.0.0.0 Safari/537.36" "ysfine.com"
64.189.46.103 - - [04/Oct/2022:19:01:39 -0700] "GET /einstein/texfiles/einheis01.jpg HTTP/1.1" 200 32456 "https://ysfine.com/einstein/heisenberg.html" "Mozilla/5.0 (Macintosh; Intel Mac OS X 10_15_7) AppleWebKit/537.36 (KHTML, like Gecko) Chrome/105.0.0.0 Safari/537.36" "ysfine.com"
64.189.46.103 - - [04/Oct/2022:19:01:39 -0700] "GET /maga/phys/yukadirac53c.jpg HTTP/1.1" 200 40447 "https://ysfine.com/einstein/heisenberg.html" "Mozilla/5.0 (Macintosh; Intel Mac OS X 10_15_7) AppleWebKit/537.36 (KHTML, like Gecko) Chrome/105.0.0.0 Safari/537.36" "ysfine.com"
64.189.46.103 - - [04/Oct/2022:19:01:39 -0700] "GET /einstein/fantova/fanto11c.jpg HTTP/1.1" 200 48308 "https://ysfine.com/einstein/heisenberg.html" "Mozilla/5.0 (Macintosh; Intel Mac OS X 10_15_7) AppleWebKit/537.36 (KHTML, like Gecko) Chrome/105.0.0.0 Safari/537.36" "ysfine.com"
64.189.46.103 - - [04/Oct/2022:19:01:39 -0700] "GET /dirac/2osc22c.jpg HTTP/1.1" 200 28929 "https://ysfine.com/einstein/heisenberg.html" "Mozilla/5.0 (Macintosh; Intel Mac OS X 10_15_7) AppleWebKit/537.36 (KHTML, like Gecko) Chrome/105.0.0.0 Safari/537.36" "ysfine.com"
64.189.46.103 - - [04/Oct/2022:19:01:39 -0700] "GET /einstein/tsepa11c.jpg HTTP/1.1" 200 28691 "https://ysfine.com/einstein/heisenberg.html" "Mozilla/5.0 (Macintosh; Intel Mac OS X 10_15_7) AppleWebKit/537.36 (KHTML, like Gecko) Chrome/105.0.0.0 Safari/537.36" "ysfine.com"
64.189.46.103 - - [04/Oct/2022:19:01:38 -0700] "GET /einstein/heisenberg.html HTTP/1.1" 200 10552 "https://www.google.com/" "Mozilla/5.0 (Macintosh; Intel Mac OS X 10_15_7) AppleWebKit/537.36 (KHTML, like Gecko) Chrome/105.0.0.0 Safari/537.36" "ysfine.com"
64.189.46.103 - - [04/Oct/2022:19:01:39 -0700] "GET /heisen/bohrheisen11c.jpg HTTP/1.1" 200 41289 "https://ysfine.com/einstein/heisenberg.html" "Mozilla/5.0 (Macintosh; Intel Mac OS X 10_15_7) AppleWebKit/537.36 (KHTML, like Gecko) Chrome/105.0.0.0 Safari/537.36" "ysfine.com"
64.189.46.103 - - [04/Oct/2022:19:01:39 -0700] "GET /einstein/einhouse11c.jpg HTTP/1.1" 200 32610 "https://ysfine.com/einstein/heisenberg.html" "Mozilla/5.0 (Macintosh; Intel Mac OS X 10_15_7) AppleWebKit/537.36 (KHTML, like Gecko) Chrome/105.0.0.0 Safari/537.36" "ysfine.com"
64.189.46.103 - - [04/Oct/2022:19:01:39 -0700] "GET /dirac/dirheisen31c.jpg HTTP/1.1" 200 43569 "https://ysfine.com/einstein/heisenberg.html" "Mozilla/5.0 (Macintosh; Intel Mac OS X 10_15_7) AppleWebKit/537.36 (KHTML, like Gecko) Chrome/105.0.0.0 Safari/537.36" "ysfine.com"
64.189.46.103 - - [04/Oct/2022:19:01:39 -0700] "GET /einstein/texfiles/einheis03.jpg HTTP/1.1" 200 46000 "https://ysfine.com/einstein/heisenberg.html" "Mozilla/5.0 (Macintosh; Intel Mac OS X 10_15_7) AppleWebKit/537.36 (KHTML, like Gecko) Chrome/105.0.0.0 Safari/537.36" "ysfine.com"
64.189.46.103 - - [04/Oct/2022:19:01:39 -0700] "GET /feynman/ppic/parton88a.jpg HTTP/1.1" 200 55506 "https://ysfine.com/einstein/heisenberg.html" "Mozilla/5.0 (Macintosh; Intel Mac OS X 10_15_7) AppleWebKit/537.36 (KHTML, like Gecko) Chrome/105.0.0.0 Safari/537.36" "ysfine.com"
64.189.46.103 - - [04/Oct/2022:19:01:39 -0700] "GET /einstein/math/sp2c.jpg HTTP/1.1" 200 29719 "https://ysfine.com/einstein/heisenberg.html" "Mozilla/5.0 (Macintosh; Intel Mac OS X 10_15_7) AppleWebKit/537.36 (KHTML, like Gecko) Chrome/105.0.0.0 Safari/537.36" "ysfine.com"
64.189.46.103 - - [04/Oct/2022:19:01:39 -0700] "GET /favicon.ico HTTP/1.1" 404 88 "https://ysfine.com/einstein/heisenberg.html" "Mozilla/5.0 (Macintosh; Intel Mac OS X 10_15_7) AppleWebKit/537.36 (KHTML, like Gecko) Chrome/105.0.0.0 Safari/537.36" "ysfine.com"
207.46.13.102 - - [04/Oct/2022:19:02:04 -0700] "GET /sbk/2006merm11.jpg HTTP/1.1" 200 288277 "-" "Mozilla/5.0 (compatible; bingbot/2.0; +http://www.bing.com/bingbot.htm)" "www.ysfine.com"
185.191.171.25 - - [04/Oct/2022:19:02:32 -0700] "GET /class54/class5470/total_data/sub_117.htm HTTP/1.1" 200 3303 "-" "Mozilla/5.0 (compatible; SemrushBot/7~bl; +http://www.semrush.com/bot.html)" "ysfine.com"
93.158.161.48 - - [04/Oct/2022:19:02:41 -0700] "GET /world/china/china047.jpg HTTP/1.1" 304 - "-" "Mozilla/5.0 (compatible; YandexImages/3.0; +http://yandex.com/bots)" "www.ysfine.com"
40.77.167.27 - - [04/Oct/2022:19:03:16 -0700] "GET /world/israel/jeru15.jpg HTTP/1.1" 200 108220 "-" "Mozilla/5.0 (compatible; bingbot/2.0; +http://www.bing.com/bingbot.htm)" "ysfine.com"
64.124.8.45 - - [04/Oct/2022:19:03:46 -0700] "GET /robots.txt HTTP/1.1" 404 88 "-" "Mozilla/5.0 (X11; Linux x86_64) AppleWebKit/537.36 (KHTML, like Gecko) Chrome/61.0.3163.79 Safari/537.36" "ysfine.com"
64.124.8.45 - - [04/Oct/2022:19:03:47 -0700] "GET /einstein/eins47.jpg HTTP/1.1" 200 108796 "-" "Mozilla/5.0 (X11; Linux x86_64) AppleWebKit/537.36 (KHTML, like Gecko) Chrome/61.0.3163.79 Safari/537.36" "ysfine.com"
207.46.13.102 - - [04/Oct/2022:19:03:54 -0700] "GET /world/russ/kazan087b.jpg HTTP/1.1" 200 20172 "-" "Mozilla/5.0 AppleWebKit/537.36 (KHTML, like Gecko; compatible; bingbot/2.0; +http://www.bing.com/bingbot.htm) Chrome/103.0.5060.134 Safari/537.36" "ysfine.com"
40.77.167.27 - - [04/Oct/2022:19:04:18 -0700] "GET /world/russ/mosko01.jpg HTTP/1.1" 200 74314 "-" "Mozilla/5.0 (compatible; bingbot/2.0; +http://www.bing.com/bingbot.htm)" "ysfine.com"
157.55.39.58 - - [04/Oct/2022:19:06:01 -0700] "GET /world/poland/krk17.jpg HTTP/1.1" 200 85934 "-" "Mozilla/5.0 (compatible; bingbot/2.0; +http://www.bing.com/bingbot.htm)" "www.ysfine.com"
157.55.39.127 - - [04/Oct/2022:19:06:10 -0700] "GET /world/russ/russtea11b.jpg HTTP/1.1" 200 32818 "-" "Mozilla/5.0 (compatible; bingbot/2.0; +http://www.bing.com/bingbot.htm)" "www.ysfine.com"
157.55.39.127 - - [04/Oct/2022:19:08:19 -0700] "GET /maga/boltz/restof11.jpg HTTP/1.1" 200 39679 "-" "Mozilla/5.0 AppleWebKit/537.36 (KHTML, like Gecko; compatible; bingbot/2.0; +http://www.bing.com/bingbot.htm) Chrome/103.0.5060.134 Safari/537.36" "ysfine.com"
185.191.171.39 - - [04/Oct/2022:19:08:53 -0700] "GET /einstein/ulm22.html HTTP/1.1" 200 6581 "-" "Mozilla/5.0 (compatible; SemrushBot/7~bl; +http://www.semrush.com/bot.html)" "www.ysfine.com"
93.158.161.40 - - [04/Oct/2022:19:09:18 -0700] "GET /friends/amkor/elena.html HTTP/1.1" 404 88 "-" "Mozilla/5.0 (compatible; YandexBot/3.0; +http://yandex.com/bots)" "www.ysfine.com"
207.46.13.102 - - [04/Oct/2022:19:09:35 -0700] "GET /world/russ/kazakh05.jpg HTTP/1.1" 200 70001 "-" "Mozilla/5.0 (compatible; bingbot/2.0; +http://www.bing.com/bingbot.htm)" "ysfine.com"
173.252.83.17 - - [04/Oct/2022:19:09:58 -0700] "GET /beau/molda06c.jpg HTTP/1.1" 404 88 "-" "facebookexternalhit/1.1 (+http://www.facebook.com/externalhit_uatext.php)" "ysfine.com"
157.55.39.58 - - [04/Oct/2022:19:10:10 -0700] "GET /world/spain/madrif05.jpg HTTP/1.1" 200 243297 "-" "Mozilla/5.0 AppleWebKit/537.36 (KHTML, like Gecko; compatible; bingbot/2.0; +http://www.bing.com/bingbot.htm) Chrome/103.0.5060.134 Safari/537.36" "ysfine.com"
17.121.115.116 - - [04/Oct/2022:19:10:13 -0700] "GET /einstein/fantova/fantova.html HTTP/1.1" 200 6506 "-" "Mozilla/5.0 (Macintosh; Intel Mac OS X 10_15_5) AppleWebKit/605.1.15 (KHTML, like Gecko) Version/13.1.1 Safari/605.1.15 (Applebot/0.1; +http://www.apple.com/go/applebot)" "ysfine.com"
157.55.39.128 - - [04/Oct/2022:19:10:24 -0700] "GET /style/cameras/deer11.jpg HTTP/1.1" 200 75896 "-" "Mozilla/5.0 (compatible; bingbot/2.0; +http://www.bing.com/bingbot.htm)" "ysfine.com"
123.183.224.89 - - [04/Oct/2022:19:10:30 -0700] "GET / HTTP/1.1" 200 5283 "-" "Sogou web spider/4.0(+http://www.sogou.com/docs/help/webmasters.htm#07)" "ysfine.com"
157.55.39.58 - - [04/Oct/2022:19:10:41 -0700] "GET /world/ital/constantine11b.jpg HTTP/1.1" 200 27393 "-" "Mozilla/5.0 AppleWebKit/537.36 (KHTML, like Gecko; compatible; bingbot/2.0; +http://www.bing.com/bingbot.htm) Chrome/103.0.5060.134 Safari/537.36" "ysfine.com"
114.119.128.162 - - [04/Oct/2022:19:11:14 -0700] "GET /class54/class5480/Pictures/1.%C3%AC%C2%A0%C2%91%C3%AC%C2%88%C2%98%C3%AB%C2%B0%C2%8F%C3%AD%C2%99%C2%98%C3%AB%C2%8B%C2%B4/ HTTP/1.1" 200 869 "https://ysfine.com/class54/class5480/Pictures/?C=N%3BO%3DD" "Mozilla/5.0 (Linux; Android 7.0;) AppleWebKit/537.36 (KHTML, like Gecko) Mobile Safari/537.36 (compatible; PetalBot;+https://webmaster.petalsearch.com/site/petalbot)" "ysfine.com"
157.55.39.128 - - [04/Oct/2022:19:11:24 -0700] "GET /wdc/kopol06b.jpg HTTP/1.1" 200 40915 "-" "Mozilla/5.0 (compatible; bingbot/2.0; +http://www.bing.com/bingbot.htm)" "ysfine.com"
157.55.39.128 - - [04/Oct/2022:19:11:35 -0700] "GET /wdc/gtown22.jpg HTTP/1.1" 200 153624 "-" "Mozilla/5.0 (compatible; bingbot/2.0; +http://www.bing.com/bingbot.htm)" "www.ysfine.com"
97.125.254.228 - - [04/Oct/2022:19:12:09 -0700] "GET /newyork/colum23.jpg HTTP/1.1" 200 82657 "https://www.google.com/" "Mozilla/5.0 (Windows NT 10.0; Win64; x64) AppleWebKit/537.36 (KHTML, like Gecko) Chrome/105.0.0.0 Safari/537.36" "ysfine.com"
157.55.39.128 - - [04/Oct/2022:19:12:14 -0700] "GET /dongio/amkor/dmipak01.jpg HTTP/1.1" 404 88 "-" "Mozilla/5.0 (compatible; bingbot/2.0; +http://www.bing.com/bingbot.htm)" "ysfine.com"
103.104.24.8 - - [04/Oct/2022:19:12:28 -0700] "GET /princeton/alexan22.jpg HTTP/1.1" 200 175436 "https://www.google.com/" "Mozilla/5.0 (Macintosh; Intel Mac OS X 10_15_7) AppleWebKit/537.36 (KHTML, like Gecko) Chrome/106.0.0.0 Safari/537.36" "ysfine.com"
114.119.128.154 - - [04/Oct/2022:19:15:07 -0700] "GET /world/poland/krk03b.jpg HTTP/1.1" 200 42810 "https://www.ysfine.com/world/polandw.html" "Mozilla/5.0 (Linux; Android 7.0;) AppleWebKit/537.36 (KHTML, like Gecko) Mobile Safari/537.36 (compatible; PetalBot;+https://webmaster.petalsearch.com/site/petalbot)" "www.ysfine.com"
157.55.39.55 - - [04/Oct/2022:19:16:25 -0700] "GET /world/scandi/copen045.jpg HTTP/1.1" 200 84486 "-" "Mozilla/5.0 AppleWebKit/537.36 (KHTML, like Gecko; compatible; bingbot/2.0; +http://www.bing.com/bingbot.htm) Chrome/103.0.5060.134 Safari/537.36" "www.ysfine.com"
185.191.171.38 - - [04/Oct/2022:19:16:59 -0700] "GET /class54/classphoto.html HTTP/1.1" 200 489 "-" "Mozilla/5.0 (compatible; SemrushBot/7~bl; +http://www.semrush.com/bot.html)" "www.ysfine.com"
220.181.108.144 - - [04/Oct/2022:19:17:09 -0700] "GET /world/cambr.html HTTP/1.1" 304 - "-" "Mozilla/5.0 (compatible; Baiduspider/2.0; +http://www.baidu.com/search/spider.html)" "www.ysfine.com"
136.175.168.230 - - [04/Oct/2022:19:17:13 -0700] "GET /maga/sartre.html HTTP/1.1" 200 7719 "https://www.google.com/" "Mozilla/5.0 (Macintosh; Intel Mac OS X 10_15_7) AppleWebKit/537.36 (KHTML, like Gecko) Chrome/105.0.0.0 Safari/537.36" "ysfine.com"
136.175.168.230 - - [04/Oct/2022:19:17:13 -0700] "GET /maga/phil/childrenof11b.jpg HTTP/1.1" 200 73491 "https://ysfine.com/maga/sartre.html" "Mozilla/5.0 (Macintosh; Intel Mac OS X 10_15_7) AppleWebKit/537.36 (KHTML, like Gecko) Chrome/105.0.0.0 Safari/537.36" "ysfine.com"
136.175.168.230 - - [04/Oct/2022:19:17:13 -0700] "GET /maga/phil/sartre11b.jpg HTTP/1.1" 200 57563 "https://ysfine.com/maga/sartre.html" "Mozilla/5.0 (Macintosh; Intel Mac OS X 10_15_7) AppleWebKit/537.36 (KHTML, like Gecko) Chrome/105.0.0.0 Safari/537.36" "ysfine.com"
136.175.168.230 - - [04/Oct/2022:19:17:13 -0700] "GET /eink/eink61c.jpg HTTP/1.1" 200 34119 "https://ysfine.com/maga/sartre.html" "Mozilla/5.0 (Macintosh; Intel Mac OS X 10_15_7) AppleWebKit/537.36 (KHTML, like Gecko) Chrome/105.0.0.0 Safari/537.36" "ysfine.com"
136.175.168.230 - - [04/Oct/2022:19:17:13 -0700] "GET /world/france/sartsq09b.jpg HTTP/1.1" 200 35405 "https://ysfine.com/maga/sartre.html" "Mozilla/5.0 (Macintosh; Intel Mac OS X 10_15_7) AppleWebKit/537.36 (KHTML, like Gecko) Chrome/105.0.0.0 Safari/537.36" "ysfine.com"
136.175.168.230 - - [04/Oct/2022:19:17:13 -0700] "GET /world/france/magots01b.jpg HTTP/1.1" 200 54026 "https://ysfine.com/maga/sartre.html" "Mozilla/5.0 (Macintosh; Intel Mac OS X 10_15_7) AppleWebKit/537.36 (KHTML, like Gecko) Chrome/105.0.0.0 Safari/537.36" "ysfine.com"
136.175.168.230 - - [04/Oct/2022:19:17:13 -0700] "GET /world/france/sartsq01b.jpg HTTP/1.1" 200 50069 "https://ysfine.com/maga/sartre.html" "Mozilla/5.0 (Macintosh; Intel Mac OS X 10_15_7) AppleWebKit/537.36 (KHTML, like Gecko) Chrome/105.0.0.0 Safari/537.36" "ysfine.com"
136.175.168.230 - - [04/Oct/2022:19:17:13 -0700] "GET /world/france/montpar09b.jpg HTTP/1.1" 200 51581 "https://ysfine.com/maga/sartre.html" "Mozilla/5.0 (Macintosh; Intel Mac OS X 10_15_7) AppleWebKit/537.36 (KHTML, like Gecko) Chrome/105.0.0.0 Safari/537.36" "ysfine.com"
136.175.168.230 - - [04/Oct/2022:19:17:13 -0700] "GET /world/france/magots04b.jpg HTTP/1.1" 200 53873 "https://ysfine.com/maga/sartre.html" "Mozilla/5.0 (Macintosh; Intel Mac OS X 10_15_7) AppleWebKit/537.36 (KHTML, like Gecko) Chrome/105.0.0.0 Safari/537.36" "ysfine.com"
136.175.168.230 - - [04/Oct/2022:19:17:13 -0700] "GET /world/france/sartsq06b.jpg HTTP/1.1" 200 40585 "https://ysfine.com/maga/sartre.html" "Mozilla/5.0 (Macintosh; Intel Mac OS X 10_15_7) AppleWebKit/537.36 (KHTML, like Gecko) Chrome/105.0.0.0 Safari/537.36" "ysfine.com"
136.175.168.230 - - [04/Oct/2022:19:17:13 -0700] "GET /world/france/flore07b.jpg HTTP/1.1" 200 52304 "https://ysfine.com/maga/sartre.html" "Mozilla/5.0 (Macintosh; Intel Mac OS X 10_15_7) AppleWebKit/537.36 (KHTML, like Gecko) Chrome/105.0.0.0 Safari/537.36" "ysfine.com"
136.175.168.230 - - [04/Oct/2022:19:17:13 -0700] "GET /world/france/magots07b.jpg HTTP/1.1" 200 38319 "https://ysfine.com/maga/sartre.html" "Mozilla/5.0 (Macintosh; Intel Mac OS X 10_15_7) AppleWebKit/537.36 (KHTML, like Gecko) Chrome/105.0.0.0 Safari/537.36" "ysfine.com"
136.175.168.230 - - [04/Oct/2022:19:17:13 -0700] "GET /world/france/sartsq21b.jpg HTTP/1.1" 200 49758 "https://ysfine.com/maga/sartre.html" "Mozilla/5.0 (Macintosh; Intel Mac OS X 10_15_7) AppleWebKit/537.36 (KHTML, like Gecko) Chrome/105.0.0.0 Safari/537.36" "ysfine.com"
136.175.168.230 - - [04/Oct/2022:19:17:13 -0700] "GET /world/france/flore10b.jpg HTTP/1.1" 200 37285 "https://ysfine.com/maga/sartre.html" "Mozilla/5.0 (Macintosh; Intel Mac OS X 10_15_7) AppleWebKit/537.36 (KHTML, like Gecko) Chrome/105.0.0.0 Safari/537.36" "ysfine.com"
136.175.168.230 - - [04/Oct/2022:19:17:13 -0700] "GET /world/france/sartsq18b.jpg HTTP/1.1" 200 60144 "https://ysfine.com/maga/sartre.html" "Mozilla/5.0 (Macintosh; Intel Mac OS X 10_15_7) AppleWebKit/537.36 (KHTML, like Gecko) Chrome/105.0.0.0 Safari/537.36" "ysfine.com"
136.175.168.230 - - [04/Oct/2022:19:17:13 -0700] "GET /maga/phil/sartre66b.jpg HTTP/1.1" 200 66175 "https://ysfine.com/maga/sartre.html" "Mozilla/5.0 (Macintosh; Intel Mac OS X 10_15_7) AppleWebKit/537.36 (KHTML, like Gecko) Chrome/105.0.0.0 Safari/537.36" "ysfine.com"
136.175.168.230 - - [04/Oct/2022:19:17:13 -0700] "GET /world/france/sartsq10b.jpg HTTP/1.1" 200 53635 "https://ysfine.com/maga/sartre.html" "Mozilla/5.0 (Macintosh; Intel Mac OS X 10_15_7) AppleWebKit/537.36 (KHTML, like Gecko) Chrome/105.0.0.0 Safari/537.36" "ysfine.com"
136.175.168.230 - - [04/Oct/2022:19:17:13 -0700] "GET /world/france/montpar01b.jpg HTTP/1.1" 200 31891 "https://ysfine.com/maga/sartre.html" "Mozilla/5.0 (Macintosh; Intel Mac OS X 10_15_7) AppleWebKit/537.36 (KHTML, like Gecko) Chrome/105.0.0.0 Safari/537.36" "ysfine.com"
136.175.168.230 - - [04/Oct/2022:19:17:13 -0700] "GET /world/france/flore01b.jpg HTTP/1.1" 200 40093 "https://ysfine.com/maga/sartre.html" "Mozilla/5.0 (Macintosh; Intel Mac OS X 10_15_7) AppleWebKit/537.36 (KHTML, like Gecko) Chrome/105.0.0.0 Safari/537.36" "ysfine.com"
136.175.168.230 - - [04/Oct/2022:19:17:13 -0700] "GET /world/france/sartremap11b.jpg HTTP/1.1" 200 64726 "https://ysfine.com/maga/sartre.html" "Mozilla/5.0 (Macintosh; Intel Mac OS X 10_15_7) AppleWebKit/537.36 (KHTML, like Gecko) Chrome/105.0.0.0 Safari/537.36" "ysfine.com"
136.175.168.230 - - [04/Oct/2022:19:17:13 -0700] "GET /world/france/lipp03b.jpg HTTP/1.1" 200 40655 "https://ysfine.com/maga/sartre.html" "Mozilla/5.0 (Macintosh; Intel Mac OS X 10_15_7) AppleWebKit/537.36 (KHTML, like Gecko) Chrome/105.0.0.0 Safari/537.36" "ysfine.com"
136.175.168.230 - - [04/Oct/2022:19:17:13 -0700] "GET /world/france/sartsq15b.jpg HTTP/1.1" 200 46621 "https://ysfine.com/maga/sartre.html" "Mozilla/5.0 (Macintosh; Intel Mac OS X 10_15_7) AppleWebKit/537.36 (KHTML, like Gecko) Chrome/105.0.0.0 Safari/537.36" "ysfine.com"
136.175.168.230 - - [04/Oct/2022:19:17:16 -0700] "GET /favicon.ico HTTP/1.1" 404 88 "https://ysfine.com/maga/sartre.html" "Mozilla/5.0 (Macintosh; Intel Mac OS X 10_15_7) AppleWebKit/537.36 (KHTML, like Gecko) Chrome/105.0.0.0 Safari/537.36" "ysfine.com"
207.46.13.102 - - [04/Oct/2022:19:17:46 -0700] "GET /kowar/gi001c.jpg HTTP/1.1" 200 29463 "-" "Mozilla/5.0 (compatible; bingbot/2.0; +http://www.bing.com/bingbot.htm)" "www.ysfine.com"
73.211.172.187 - - [04/Oct/2022:19:18:01 -0700] "GET /houses/vernon02.jpg HTTP/1.1" 200 105759 "https://www.google.com/" "Mozilla/5.0 (iPhone; CPU iPhone OS 16_0 like Mac OS X) AppleWebKit/605.1.15 (KHTML, like Gecko) FxiOS/105.0  Mobile/15E148 Safari/605.1.15" "ysfine.com"
24.200.159.229 - - [04/Oct/2022:19:18:01 -0700] "GET /einstein/einbohr33.jpg HTTP/1.1" 200 87797 "https://www.google.com/" "Mozilla/5.0 (Linux; Android 12; SM-G973F Build/SP1A.210812.016; wv) AppleWebKit/537.36 (KHTML, like Gecko) Version/4.0 Chrome/105.0.5195.136 Mobile Safari/537.36 GoogleApp/13.38.11.26.arm64" "ysfine.com"
24.57.189.18 - - [04/Oct/2022:19:18:16 -0700] "GET /kowar/tanks/sherman50.jpg HTTP/1.1" 200 69232 "https://www.google.com/" "Mozilla/5.0 (Linux; Android 10; Lenovo TB-X606F Build/QP1A.190711.020; wv) AppleWebKit/537.36 (KHTML, like Gecko) Version/4.0 Chrome/105.0.5195.136 Safari/537.36 GoogleApp/13.38.11.26.arm64" "ysfine.com"
157.55.39.128 - - [04/Oct/2022:19:18:55 -0700] "GET /style/chulmo.jpg HTTP/1.1" 200 96048 "-" "Mozilla/5.0 (compatible; bingbot/2.0; +http://www.bing.com/bingbot.htm)" "ysfine.com"
157.55.39.127 - - [04/Oct/2022:19:19:00 -0700] "GET /people/bender.jpg HTTP/1.1" 200 71257 "-" "Mozilla/5.0 AppleWebKit/537.36 (KHTML, like Gecko; compatible; bingbot/2.0; +http://www.bing.com/bingbot.htm) Chrome/103.0.5060.134 Safari/537.36" "ysfine.com"
77.88.5.46 - - [04/Oct/2022:19:19:18 -0700] "GET /robots.txt HTTP/1.1" 404 73 "-" "Mozilla/5.0 (compatible; YandexBot/3.0; +http://yandex.com/bots)" "www.ysfine.com"
93.158.161.40 - - [04/Oct/2022:19:19:22 -0700] "GET /jobs/index.html HTTP/1.1" 200 123 "-" "Mozilla/5.0 (compatible; YandexBot/3.0; +http://yandex.com/bots)" "www.ysfine.com"
185.191.171.20 - - [04/Oct/2022:19:20:38 -0700] "GET /class54/class5470/total_data/sub_8124.htm HTTP/1.1" 200 3499 "-" "Mozilla/5.0 (compatible; SemrushBot/7~bl; +http://www.semrush.com/bot.html)" "ysfine.com"
189.113.85.199 - - [04/Oct/2022:19:21:27 -0700] "GET /wigner/neum/vnc01.jpg HTTP/1.1" 200 133641 "https://sites.google.com/" "Mozilla/5.0 (Windows NT 10.0; Win64; x64) AppleWebKit/537.36 (KHTML, like Gecko) Chrome/105.0.0.0 Safari/537.36 OPR/91.0.4516.36" "ysfine.com"
157.55.39.128 - - [04/Oct/2022:19:21:45 -0700] "GET /wdc/gtown27.jpg HTTP/1.1" 200 197733 "-" "Mozilla/5.0 AppleWebKit/537.36 (KHTML, like Gecko; compatible; bingbot/2.0; +http://www.bing.com/bingbot.htm) Chrome/103.0.5060.134 Safari/537.36" "www.ysfine.com"
17.121.113.115 - - [04/Oct/2022:19:21:45 -0700] "GET /robots.txt HTTP/1.1" 404 88 "-" "Mozilla/5.0 (Macintosh; Intel Mac OS X 10_15_5) AppleWebKit/605.1.15 (KHTML, like Gecko) Version/13.1.1 Safari/605.1.15 (Applebot/0.1; +http://www.apple.com/go/applebot)" "www.ysfine.com"
17.121.113.115 - - [04/Oct/2022:19:21:46 -0700] "GET / HTTP/1.1" 200 5283 "-" "Mozilla/5.0 (Macintosh; Intel Mac OS X 10_15_5) AppleWebKit/605.1.15 (KHTML, like Gecko) Version/13.1.1 Safari/605.1.15 (Applebot/0.1; +http://www.apple.com/go/applebot)" "www.ysfine.com"
157.55.39.127 - - [04/Oct/2022:19:21:51 -0700] "GET /usca/norl/fm16.jpg HTTP/1.1" 200 110454 "-" "Mozilla/5.0 (compatible; bingbot/2.0; +http://www.bing.com/bingbot.htm)" "ysfine.com"
207.46.13.102 - - [04/Oct/2022:19:22:16 -0700] "GET /people/curtrigh.jpg HTTP/1.1" 200 45655 "-" "Mozilla/5.0 (compatible; bingbot/2.0; +http://www.bing.com/bingbot.htm)" "ysfine.com"
193.186.4.206 - - [04/Oct/2022:19:22:21 -0700] "GET /dirac/wigsis.html HTTP/1.1" 200 10275 "-" "Mozilla/5.0 (Linux; Android 10; K) AppleWebKit/537.36 (KHTML, like Gecko) Chrome/105.0.0.0 Mobile Safari/537.36" "ysfine.com"
185.191.171.20 - - [04/Oct/2022:19:22:34 -0700] "GET /class54/class5470/total_data/sub_2106.htm HTTP/1.1" 200 3382 "-" "Mozilla/5.0 (compatible; SemrushBot/7~bl; +http://www.semrush.com/bot.html)" "ysfine.com"
114.119.128.154 - - [04/Oct/2022:19:23:20 -0700] "GET /class54/class5470/total_data/sub_806.htm HTTP/1.1" 200 3564 "https://ysfine.com/class54/class5470/total_data/sub_826.htm" "Mozilla/5.0 (Linux; Android 7.0;) AppleWebKit/537.36 (KHTML, like Gecko) Mobile Safari/537.36 (compatible; PetalBot;+https://webmaster.petalsearch.com/site/petalbot)" "ysfine.com"
207.46.13.102 - - [04/Oct/2022:19:23:47 -0700] "GET /style/musee/ath017.jpg HTTP/1.1" 200 164305 "-" "Mozilla/5.0 (compatible; bingbot/2.0; +http://www.bing.com/bingbot.htm)" "ysfine.com"
185.191.171.10 - - [04/Oct/2022:19:24:49 -0700] "GET /robots.txt HTTP/1.1" 404 88 "-" "Mozilla/5.0 (compatible; SemrushBot/7~bl; +http://www.semrush.com/bot.html)" "www.ysfine.com"
185.191.171.42 - - [04/Oct/2022:19:24:49 -0700] "GET /newyork/index.html HTTP/1.1" 200 132 "-" "Mozilla/5.0 (compatible; SemrushBot/7~bl; +http://www.semrush.com/bot.html)" "www.ysfine.com"
95.163.255.70 - - [04/Oct/2022:19:25:27 -0700] "GET /robots.txt HTTP/1.1" 404 73 "-" "Mozilla/5.0 (compatible; Linux x86_64; Mail.RU_Bot/Img/2.0; +https://help.mail.ru/webmaster/indexing/robots)" "ysfine.com"
172.56.35.170 - - [04/Oct/2022:19:26:28 -0700] "GET /favicon.ico HTTP/1.1" 404 88 "https://ysfine.com/world/russ/kilin104.jpg" "Mozilla/5.0 (Linux; Android 13; Pixel 6) AppleWebKit/537.36 (KHTML, like Gecko) Chrome/106.0.0.0 Mobile Safari/537.36" "ysfine.com"
172.56.35.170 - - [04/Oct/2022:19:26:33 -0700] "GET /world/russ/kilin104.jpg HTTP/1.1" 304 - "https://ysfine.com/world/minsk.html" "Mozilla/5.0 (Linux; Android 13; Pixel 6) AppleWebKit/537.36 (KHTML, like Gecko) Chrome/106.0.0.0 Mobile Safari/537.36" "ysfine.com"
185.191.171.16 - - [04/Oct/2022:19:27:00 -0700] "GET /class54/class5470/total_data/sub_8178.htm HTTP/1.1" 200 3510 "-" "Mozilla/5.0 (compatible; SemrushBot/7~bl; +http://www.semrush.com/bot.html)" "ysfine.com"
69.248.56.99 - - [04/Oct/2022:19:27:39 -0700] "GET /einstein/eins54.jpg HTTP/1.1" 200 86686 "https://www.google.com/" "Mozilla/5.0 (iPad; CPU OS 15_6_1 like Mac OS X) AppleWebKit/605.1.15 (KHTML, like Gecko) GSA/231.0.475926209 Mobile/19G82 Safari/604.1" "ysfine.com"
157.55.39.127 - - [04/Oct/2022:19:27:51 -0700] "GET /style/musee/ath010.jpg HTTP/1.1" 200 135911 "-" "Mozilla/5.0 (compatible; bingbot/2.0; +http://www.bing.com/bingbot.htm)" "ysfine.com"
203.249.80.23 - - [04/Oct/2022:19:28:11 -0700] "GET /wigner/little11.pdf HTTP/1.1" 200 156821 "https://www.google.com/" "Mozilla/5.0 (Windows NT 10.0; Win64; x64) AppleWebKit/537.36 (KHTML, like Gecko) Chrome/106.0.0.0 Safari/537.36" "ysfine.com"
203.249.80.23 - - [04/Oct/2022:19:28:11 -0700] "GET /favicon.ico HTTP/1.1" 404 88 "https://ysfine.com/wigner/little11.pdf" "Mozilla/5.0 (Windows NT 10.0; Win64; x64) AppleWebKit/537.36 (KHTML, like Gecko) Chrome/106.0.0.0 Safari/537.36" "ysfine.com"
157.55.39.127 - - [04/Oct/2022:19:28:23 -0700] "GET /world/russ/arbat21.jpg HTTP/1.1" 200 151513 "-" "Mozilla/5.0 (compatible; bingbot/2.0; +http://www.bing.com/bingbot.htm)" "ysfine.com"
207.46.13.102 - - [04/Oct/2022:19:28:47 -0700] "GET /einstein/muon.jpg HTTP/1.1" 200 53159 "-" "Mozilla/5.0 (compatible; bingbot/2.0; +http://www.bing.com/bingbot.htm)" "ysfine.com"
157.55.39.58 - - [04/Oct/2022:19:29:02 -0700] "GET /world/baltic/tallin69.jpg HTTP/1.1" 200 1857748 "-" "Mozilla/5.0 (compatible; bingbot/2.0; +http://www.bing.com/bingbot.htm)" "ysfine.com"
110.93.146.36 - - [04/Oct/2022:19:29:04 -0700] "GET /wigner/little11.pdf HTTP/1.1" 200 156821 "-" "facebookexternalhit/1.1 (compatible; Blueno/1.0; +https://naver.me/scrap)" "ysfine.com"
110.93.154.114 - - [04/Oct/2022:19:29:07 -0700] "GET /wigner/little11.pdf HTTP/1.1" 200 156821 "-" "Mozilla/5.0 (Linux; Android 6.0.1; SM-G920V Build/MMB29K) AppleWebKit/537.36 (KHTML, like Gecko) Chrome/52.0.2743.98 Mobile Safari/537.36" "ysfine.com"
110.93.154.114 - - [04/Oct/2022:19:29:07 -0700] "GET /wigner/little11.pdf HTTP/1.1" 200 156821 "-" "Mozilla/5.0 (Linux; Android 7.0; SM-G892A Build/NRD90M; wv) AppleWebKit/537.36 (KHTML, like Gecko) Version/4.0 Chrome/60.0.3112.107 Mobile Safari/537.36" "ysfine.com"
