173.73.80.118 - - [03/Oct/2022:21:53:39 -0700] "GET /favicon.ico HTTP/1.1" 404 88 "https://ysfine.com/ys11/" "Mozilla/5.0 (Windows NT 10.0; Win64; x64) AppleWebKit/537.36 (KHTML, like Gecko) Chrome/105.0.0.0 Safari/537.36" "ysfine.com"
51.222.253.4 - - [03/Oct/2022:21:53:43 -0700] "GET /houses/house44c.jpg HTTP/1.1" 200 36128 "-" "Mozilla/5.0 (compatible; AhrefsBot/7.0; +http://ahrefs.com/robot/)" "www.ysfine.com"
51.222.253.11 - - [03/Oct/2022:21:53:44 -0700] "GET /houses/house34c.jpg HTTP/1.1" 200 22712 "-" "Mozilla/5.0 (compatible; AhrefsBot/7.0; +http://ahrefs.com/robot/)" "www.ysfine.com"
51.222.253.8 - - [03/Oct/2022:21:53:44 -0700] "GET /houses/capitol33c.jpg HTTP/1.1" 200 32326 "-" "Mozilla/5.0 (compatible; AhrefsBot/7.0; +http://ahrefs.com/robot/)" "www.ysfine.com"
51.222.253.3 - - [03/Oct/2022:21:53:45 -0700] "GET /houses/house11c.jpg HTTP/1.1" 200 30925 "-" "Mozilla/5.0 (compatible; AhrefsBot/7.0; +http://ahrefs.com/robot/)" "www.ysfine.com"
157.55.39.55 - - [03/Oct/2022:21:54:04 -0700] "GET /style/cameras/canonae11b.jpg HTTP/1.1" 200 41801 "-" "Mozilla/5.0 (compatible; bingbot/2.0; +http://www.bing.com/bingbot.htm)" "www.ysfine.com"
95.163.255.80 - - [03/Oct/2022:21:54:56 -0700] "GET /robots.txt HTTP/1.1" 404 73 "-" "Mozilla/5.0 (compatible; Linux x86_64; Mail.RU_Bot/Img/2.0; +https://help.mail.ru/webmaster/indexing/robots)" "ysfine.com"
66.249.66.43 - - [03/Oct/2022:21:55:18 -0700] "GET /kowar/tanks/sherman44b.jpg HTTP/1.1" 304 - "-" "Googlebot-Image/1.0" "ysfine.com"
157.55.39.127 - - [03/Oct/2022:21:55:26 -0700] "GET /einstein/places/einha23.jpg HTTP/1.1" 200 78773 "-" "Mozilla/5.0 (compatible; bingbot/2.0; +http://www.bing.com/bingbot.htm)" "ysfine.com"
114.119.128.14 - - [03/Oct/2022:21:55:29 -0700] "GET /dongio/germanf.html HTTP/1.1" 404 88 "-" "Mozilla/5.0 (Linux; Android 7.0;) AppleWebKit/537.36 (KHTML, like Gecko) Mobile Safari/537.36 (compatible; PetalBot;+https://webmaster.petalsearch.com/site/petalbot)" "ysfine.com"
218.235.241.23 - - [03/Oct/2022:21:55:59 -0700] "GET /kobak/sl628.jpg HTTP/1.1" 200 225100 "https://www.google.com/" "Mozilla/5.0 (Windows NT 10.0; Win64; x64) AppleWebKit/537.36 (KHTML, like Gecko) Chrome/106.0.0.0 Safari/537.36" "ysfine.com"
93.158.161.51 - - [03/Oct/2022:21:56:24 -0700] "GET /world/brit/kensington09.jpg HTTP/1.1" 200 169563 "-" "Mozilla/5.0 (compatible; YandexImages/3.0; +http://yandex.com/bots)" "ysfine.com"
157.55.39.127 - - [03/Oct/2022:21:56:46 -0700] "GET /kobak/sorae/church01.jpg HTTP/1.1" 200 371390 "-" "Mozilla/5.0 (compatible; bingbot/2.0; +http://www.bing.com/bingbot.htm)" "ysfine.com"
5.188.210.84 - - [03/Oct/2022:21:57:04 -0700] "GET /world/travel.html HTTP/1.1" 200 5186 "https://www.ysfine.com/world/travel.html" "Mozilla/5.0 (Windows NT 6.1) AppleWebKit/537.36 (KHTML, like Gecko) Chrome/90.0.4430.93 Safari/537.36" "www.ysfine.com"
5.188.210.84 - - [03/Oct/2022:21:57:05 -0700] "GET / HTTP/1.1" 200 15910 "https://www.ysfine.com/" "Mozilla/5.0 (Windows NT 6.1) AppleWebKit/537.36 (KHTML, like Gecko) Chrome/90.0.4430.93 Safari/537.36" "www.ysfine.com"
207.46.13.102 - - [03/Oct/2022:21:59:35 -0700] "GET /world/france/sorbonne11.jpg HTTP/1.1" 200 189894 "-" "Mozilla/5.0 (compatible; bingbot/2.0; +http://www.bing.com/bingbot.htm)" "ysfine.com"
157.55.39.58 - - [03/Oct/2022:21:59:55 -0700] "GET /wigner/gim/gimn00b.jpg HTTP/1.1" 200 47023 "-" "Mozilla/5.0 (compatible; bingbot/2.0; +http://www.bing.com/bingbot.htm)" "ysfine.com"
40.77.167.27 - - [03/Oct/2022:22:00:52 -0700] "GET /newyork/trump43b.jpg HTTP/1.1" 200 47074 "-" "Mozilla/5.0 (compatible; bingbot/2.0; +http://www.bing.com/bingbot.htm)" "ysfine.com"
157.55.39.55 - - [03/Oct/2022:22:01:04 -0700] "GET /einstein/kant/kant.html HTTP/1.1" 404 88 "-" "Mozilla/5.0 (compatible; bingbot/2.0; +http://www.bing.com/bingbot.htm)" "ysfine.com"
114.119.128.14 - - [03/Oct/2022:22:01:05 -0700] "GET /wdc/whx.html HTTP/1.1" 200 366 "https://ysfine.com/wdc/whx18.html" "Mozilla/5.0 (Linux; Android 7.0;) AppleWebKit/537.36 (KHTML, like Gecko) Mobile Safari/537.36 (compatible; PetalBot;+https://webmaster.petalsearch.com/site/petalbot)" "ysfine.com"
157.55.39.55 - - [03/Oct/2022:22:02:25 -0700] "GET /einstein/places/ulm04.jpg HTTP/1.1" 200 119116 "-" "Mozilla/5.0 (compatible; bingbot/2.0; +http://www.bing.com/bingbot.htm)" "ysfine.com"
157.55.39.55 - - [03/Oct/2022:22:02:44 -0700] "GET /sbk/2006nofre22.jpg HTTP/1.1" 200 58687 "-" "Mozilla/5.0 (compatible; bingbot/2.0; +http://www.bing.com/bingbot.htm)" "www.ysfine.com"
157.55.39.58 - - [03/Oct/2022:22:02:45 -0700] "GET /world/germany/hegel13.jpg HTTP/1.1" 200 66979 "-" "Mozilla/5.0 (compatible; bingbot/2.0; +http://www.bing.com/bingbot.htm)" "ysfine.com"
114.119.128.142 - - [03/Oct/2022:22:03:45 -0700] "GET /world/china22.html HTTP/1.1" 200 12827 "https://www.ysfine.com/world/china11.html" "Mozilla/5.0 (Linux; Android 7.0;) AppleWebKit/537.36 (KHTML, like Gecko) Mobile Safari/537.36 (compatible; PetalBot;+https://webmaster.petalsearch.com/site/petalbot)" "www.ysfine.com"
157.55.39.127 - - [03/Oct/2022:22:03:47 -0700] "GET /world/baltic/kalinamber02.jpg HTTP/1.1" 200 40685 "-" "Mozilla/5.0 AppleWebKit/537.36 (KHTML, like Gecko; compatible; bingbot/2.0; +http://www.bing.com/bingbot.htm) Chrome/103.0.5060.134 Safari/537.36" "ysfine.com"
135.181.30.26 - - [03/Oct/2022:22:04:57 -0700] "GET /world/france/montpar02.jpg HTTP/1.1" 200 153728 "-" "Mozilla/5.0 (X11; Fedora; Linux x86_64) AppleWebKit/537.36 (KHTML, like Gecko) Chrome/79.0.3945.117 Safari/537.36" "ysfine.com"
207.46.13.102 - - [03/Oct/2022:22:05:05 -0700] "GET /world/paris HTTP/1.1" 200 18129 "-" "Mozilla/5.0 (compatible; bingbot/2.0; +http://www.bing.com/bingbot.htm)" "ysfine.com"
157.55.39.127 - - [03/Oct/2022:22:05:10 -0700] "GET /kowar/war02.html HTTP/1.1" 200 9935 "-" "Mozilla/5.0 AppleWebKit/537.36 (KHTML, like Gecko; compatible; bingbot/2.0; +http://www.bing.com/bingbot.htm) Chrome/103.0.5060.134 Safari/537.36" "ysfine.com"
157.55.39.128 - - [03/Oct/2022:22:05:10 -0700] "GET /world/china22.html HTTP/1.1" 200 12827 "-" "Mozilla/5.0 (compatible; bingbot/2.0; +http://www.bing.com/bingbot.htm)" "ysfine.com"
157.55.39.55 - - [03/Oct/2022:22:05:15 -0700] "GET /class54/emailed05.html HTTP/1.1" 200 16866 "-" "Mozilla/5.0 (compatible; bingbot/2.0; +http://www.bing.com/bingbot.htm)" "ysfine.com"
157.55.39.128 - - [03/Oct/2022:22:05:20 -0700] "GET /home/wigstu.html HTTP/1.1" 200 4212 "-" "Mozilla/5.0 (compatible; bingbot/2.0; +http://www.bing.com/bingbot.htm)" "ysfine.com"
207.46.13.102 - - [03/Oct/2022:22:06:34 -0700] "GET /world/china/dandongbr03.jpg HTTP/1.1" 200 103186 "-" "Mozilla/5.0 AppleWebKit/537.36 (KHTML, like Gecko; compatible; bingbot/2.0; +http://www.bing.com/bingbot.htm) Chrome/103.0.5060.134 Safari/537.36" "www.ysfine.com"
95.163.255.91 - - [03/Oct/2022:22:06:48 -0700] "GET /wdc/ndu11.html HTTP/1.1" 404 88 "http://go.mail.ru/search_images" "Mozilla/5.0 (compatible; Linux x86_64; Mail.RU_Bot/Img/2.0; +https://help.mail.ru/webmaster/indexing/robots)" "ysfine.com"
77.75.73.26 - - [03/Oct/2022:22:07:00 -0700] "GET /home/hmrigh.html HTTP/1.1" 304 - "-" "Mozilla/5.0 (compatible; SeznamBot/4.0-RC1; +http://napoveda.seznam.cz/seznambot-intro/)" "ysfine.com"
216.244.66.229 - - [03/Oct/2022:22:07:31 -0700] "GET /robots.txt HTTP/1.1" 404 73 "-" "Mozilla/5.0 (compatible; DotBot/1.2; +https://opensiteexplorer.org/dotbot; help@moz.com)" "www.ysfine.com"
51.222.253.19 - - [03/Oct/2022:22:07:32 -0700] "GET /class54/class5470/total_data/sub_299.htm HTTP/1.1" 200 3386 "-" "Mozilla/5.0 (compatible; AhrefsBot/7.0; +http://ahrefs.com/robot/)" "www.ysfine.com"
157.55.39.58 - - [03/Oct/2022:22:07:47 -0700] "GET /kowar/provis01.jpg HTTP/1.1" 200 103920 "-" "Mozilla/5.0 (compatible; bingbot/2.0; +http://www.bing.com/bingbot.htm)" "ysfine.com"
157.55.39.127 - - [03/Oct/2022:22:08:07 -0700] "GET /world/france/montpar04.jpg HTTP/1.1" 200 148418 "-" "Mozilla/5.0 AppleWebKit/537.36 (KHTML, like Gecko; compatible; bingbot/2.0; +http://www.bing.com/bingbot.htm) Chrome/103.0.5060.134 Safari/537.36" "ysfine.com"
158.51.81.42 - - [03/Oct/2022:22:08:14 -0700] "GET /princeton/alexan22.jpg HTTP/1.1" 200 175436 "https://www.google.com/" "Mozilla/5.0 (iPhone; CPU iPhone OS 15_6 like Mac OS X) AppleWebKit/605.1.15 (KHTML, like Gecko) Version/15.6 Mobile/15E148 Safari/604.1" "ysfine.com"
157.55.39.128 - - [03/Oct/2022:22:08:50 -0700] "GET /world/germany/leipzig51b.jpg HTTP/1.1" 200 60267 "-" "Mozilla/5.0 AppleWebKit/537.36 (KHTML, like Gecko; compatible; bingbot/2.0; +http://www.bing.com/bingbot.htm) Chrome/103.0.5060.134 Safari/537.36" "www.ysfine.com"
114.119.128.142 - - [03/Oct/2022:22:09:00 -0700] "GET /kowar/war00bot.html HTTP/1.1" 200 131 "-" "Mozilla/5.0 (Linux; Android 7.0;) AppleWebKit/537.36 (KHTML, like Gecko) Mobile Safari/537.36 (compatible; PetalBot;+https://webmaster.petalsearch.com/site/petalbot)" "ysfine.com"
216.244.66.229 - - [03/Oct/2022:22:09:44 -0700] "GET /dongio/russian.html HTTP/1.1" 404 73 "-" "Mozilla/5.0 (compatible; DotBot/1.2; +https://opensiteexplorer.org/dotbot; help@moz.com)" "www.ysfine.com"
114.119.128.162 - - [03/Oct/2022:22:11:48 -0700] "GET /maga/invent/eisenstein.html HTTP/1.1" 404 88 "-" "Mozilla/5.0 (Linux; Android 7.0;) AppleWebKit/537.36 (KHTML, like Gecko) Mobile Safari/537.36 (compatible; PetalBot;+https://webmaster.petalsearch.com/site/petalbot)" "ysfine.com"
123.125.109.94 - - [03/Oct/2022:22:11:50 -0700] "GET / HTTP/1.1" 200 5283 "-" "Sogou web spider/4.0(+http://www.sogou.com/docs/help/webmasters.htm#07)" "www.ysfine.com"
157.55.39.127 - - [03/Oct/2022:22:13:37 -0700] "GET /world/hungary/buda125.jpg HTTP/1.1" 200 170963 "-" "Mozilla/5.0 AppleWebKit/537.36 (KHTML, like Gecko; compatible; bingbot/2.0; +http://www.bing.com/bingbot.htm) Chrome/103.0.5060.134 Safari/537.36" "www.ysfine.com"
207.46.13.102 - - [03/Oct/2022:22:14:05 -0700] "GET /world/russ/kilin101.jpg HTTP/1.1" 200 107792 "-" "Mozilla/5.0 (compatible; bingbot/2.0; +http://www.bing.com/bingbot.htm)" "ysfine.com"
114.119.128.142 - - [03/Oct/2022:22:14:17 -0700] "GET /class54/class5470/total_data/photo_img/5-12.jpg HTTP/1.1" 200 419787 "https://ysfine.com/class54/class5470/total_data/sub_512.htm" "Mozilla/5.0 (Linux; Android 7.0;) AppleWebKit/537.36 (KHTML, like Gecko) Mobile Safari/537.36 (compatible; PetalBot;+https://webmaster.petalsearch.com/site/petalbot)" "ysfine.com"
157.55.39.58 - - [03/Oct/2022:22:16:16 -0700] "GET /maga/phys/maclaurin01.jpg HTTP/1.1" 200 166877 "-" "Mozilla/5.0 (compatible; bingbot/2.0; +http://www.bing.com/bingbot.htm)" "ysfine.com"
114.119.128.158 - - [03/Oct/2022:22:16:56 -0700] "GET /world/poland/coperni.html HTTP/1.1" 404 88 "https://www.ysfine.com/maga/galileo.html" "Mozilla/5.0 (Linux; Android 7.0;) AppleWebKit/537.36 (KHTML, like Gecko) Mobile Safari/537.36 (compatible; PetalBot;+https://webmaster.petalsearch.com/site/petalbot)" "www.ysfine.com"
116.179.32.160 - - [03/Oct/2022:22:17:11 -0700] "GET /dirac/dirk62.html HTTP/1.1" 304 - "-" "Mozilla/5.0 (compatible; Baiduspider/2.0; +http://www.baidu.com/search/spider.html)" "ysfine.com"
207.46.13.102 - - [03/Oct/2022:22:19:16 -0700] "GET /world/germany/mucf28.jpg HTTP/1.1" 200 111505 "-" "Mozilla/5.0 (compatible; bingbot/2.0; +http://www.bing.com/bingbot.htm)" "www.ysfine.com"
116.179.32.175 - - [03/Oct/2022:22:20:29 -0700] "GET /world/tdrome.html HTTP/1.1" 304 - "-" "Mozilla/5.0 (compatible; Baiduspider/2.0; +http://www.baidu.com/search/spider.html)" "ysfine.com"
157.55.39.55 - - [03/Oct/2022:22:20:56 -0700] "GET /world/france/sorbonne33.jpg HTTP/1.1" 200 125876 "-" "Mozilla/5.0 (compatible; bingbot/2.0; +http://www.bing.com/bingbot.htm)" "ysfine.com"
51.222.253.17 - - [03/Oct/2022:22:21:08 -0700] "GET /class54/class5470/total_data/sub_419.htm HTTP/1.1" 200 3220 "-" "Mozilla/5.0 (compatible; AhrefsBot/7.0; +http://ahrefs.com/robot/)" "ysfine.com"
114.119.128.14 - - [03/Oct/2022:22:22:07 -0700] "GET /princeton/pwilson2.html HTTP/1.1" 404 88 "-" "Mozilla/5.0 (Linux; Android 7.0;) AppleWebKit/537.36 (KHTML, like Gecko) Mobile Safari/537.36 (compatible; PetalBot;+https://webmaster.petalsearch.com/site/petalbot)" "ysfine.com"
1.200.64.233 - - [03/Oct/2022:22:23:33 -0700] "GET /home/comet01.jpg HTTP/1.1" 200 89790 "https://myactivity.google.com/" "Mozilla/5.0 (iPhone; CPU iPhone OS 16_0 like Mac OS X) AppleWebKit/605.1.15 (KHTML, like Gecko) Version/16.0 Mobile/15E148 Safari/604.1" "ysfine.com"
157.55.39.55 - - [03/Oct/2022:22:23:46 -0700] "GET /kowar/tanks/m24b.jpg HTTP/1.1" 200 37948 "-" "Mozilla/5.0 AppleWebKit/537.36 (KHTML, like Gecko; compatible; bingbot/2.0; +http://www.bing.com/bingbot.htm) Chrome/103.0.5060.134 Safari/537.36" "ysfine.com"
157.55.39.127 - - [03/Oct/2022:22:23:58 -0700] "GET /awards/acs20a.jpg HTTP/1.1" 200 103389 "-" "Mozilla/5.0 AppleWebKit/537.36 (KHTML, like Gecko; compatible; bingbot/2.0; +http://www.bing.com/bingbot.htm) Chrome/103.0.5060.134 Safari/537.36" "ysfine.com"
157.55.39.128 - - [03/Oct/2022:22:24:42 -0700] "GET /world/russ/kitaires01.jpg HTTP/1.1" 200 98831 "-" "Mozilla/5.0 AppleWebKit/537.36 (KHTML, like Gecko; compatible; bingbot/2.0; +http://www.bing.com/bingbot.htm) Chrome/103.0.5060.134 Safari/537.36" "ysfine.com"
114.119.128.142 - - [03/Oct/2022:22:24:49 -0700] "GET /beau/proudm.html HTTP/1.1" 404 88 "-" "Mozilla/5.0 (Linux; Android 7.0;) AppleWebKit/537.36 (KHTML, like Gecko) Mobile Safari/537.36 (compatible; PetalBot;+https://webmaster.petalsearch.com/site/petalbot)" "ysfine.com"
116.203.133.118 - - [03/Oct/2022:22:24:54 -0700] "GET /world/france/montpar03.jpg HTTP/1.1" 200 108206 "-" "Mozilla/5.0 (X11; Fedora; Linux x86_64) AppleWebKit/537.36 (KHTML, like Gecko) Chrome/79.0.3945.117 Safari/537.36" "ysfine.com"
157.55.39.55 - - [03/Oct/2022:22:25:07 -0700] "GET /einstein/einstein33.jpg HTTP/1.1" 200 35678 "-" "Mozilla/5.0 (compatible; bingbot/2.0; +http://www.bing.com/bingbot.htm)" "ysfine.com"
51.222.253.9 - - [03/Oct/2022:22:27:46 -0700] "GET /class54/class5470/total_data/sub_283.htm HTTP/1.1" 200 3386 "-" "Mozilla/5.0 (compatible; AhrefsBot/7.0; +http://ahrefs.com/robot/)" "www.ysfine.com"
93.158.161.41 - - [03/Oct/2022:22:27:47 -0700] "GET /feynman/fstat72.jpg HTTP/1.1" 200 66306 "-" "Mozilla/5.0 (compatible; YandexImages/3.0; +http://yandex.com/bots)" "www.ysfine.com"
157.55.39.58 - - [03/Oct/2022:22:27:48 -0700] "GET /world/hungary/hunstu06.jpg HTTP/1.1" 200 66831 "-" "Mozilla/5.0 AppleWebKit/537.36 (KHTML, like Gecko; compatible; bingbot/2.0; +http://www.bing.com/bingbot.htm) Chrome/103.0.5060.134 Safari/537.36" "www.ysfine.com"
157.55.39.128 - - [03/Oct/2022:22:27:54 -0700] "GET /wigner/neum/vnc09.jpg HTTP/1.1" 200 112484 "-" "Mozilla/5.0 (compatible; bingbot/2.0; +http://www.bing.com/bingbot.htm)" "ysfine.com"
51.222.253.4 - - [03/Oct/2022:22:27:59 -0700] "GET /class54/class5470/total_data/photo_img/2-83.jpg HTTP/1.1" 200 115595 "-" "Mozilla/5.0 (compatible; AhrefsBot/7.0; +http://ahrefs.com/robot/)" "www.ysfine.com"
40.77.167.27 - - [03/Oct/2022:22:28:47 -0700] "GET /world/russ/basil23.jpg HTTP/1.1" 200 193006 "-" "Mozilla/5.0 AppleWebKit/537.36 (KHTML, like Gecko; compatible; bingbot/2.0; +http://www.bing.com/bingbot.htm) Chrome/103.0.5060.134 Safari/537.36" "ysfine.com"
40.77.167.27 - - [03/Oct/2022:22:28:48 -0700] "GET /feynman/ppic/quapar55c.jpg HTTP/1.1" 200 49178 "-" "Mozilla/5.0 (compatible; bingbot/2.0; +http://www.bing.com/bingbot.htm)" "ysfine.com"
157.55.39.58 - - [03/Oct/2022:22:29:08 -0700] "GET /wigner/wcoin11b.jpg HTTP/1.1" 200 43349 "-" "Mozilla/5.0 (compatible; bingbot/2.0; +http://www.bing.com/bingbot.htm)" "ysfine.com"
207.46.13.102 - - [03/Oct/2022:22:29:16 -0700] "GET /einstein/places/ulm01.jpg HTTP/1.1" 200 54884 "-" "Mozilla/5.0 (compatible; bingbot/2.0; +http://www.bing.com/bingbot.htm)" "ysfine.com"
157.55.39.127 - - [03/Oct/2022:22:29:48 -0700] "GET /world/poland/palaceof15.jpg HTTP/1.1" 200 120341 "-" "Mozilla/5.0 (compatible; bingbot/2.0; +http://www.bing.com/bingbot.htm)" "ysfine.com"
116.179.32.102 - - [03/Oct/2022:22:30:07 -0700] "GET /maga/bohratom.html HTTP/1.1" 304 - "-" "Mozilla/5.0 (compatible; Baiduspider/2.0; +http://www.baidu.com/search/spider.html)" "www.ysfine.com"
207.46.13.102 - - [03/Oct/2022:22:30:37 -0700] "GET /world/france/notre02.jpg HTTP/1.1" 200 123411 "-" "Mozilla/5.0 (compatible; bingbot/2.0; +http://www.bing.com/bingbot.htm)" "ysfine.com"
157.55.39.58 - - [03/Oct/2022:22:30:38 -0700] "GET /world/ital/itstu03.jpg HTTP/1.1" 200 76851 "-" "Mozilla/5.0 (compatible; bingbot/2.0; +http://www.bing.com/bingbot.htm)" "www.ysfine.com"
157.55.39.127 - - [03/Oct/2022:22:31:20 -0700] "GET /newyork/trump57b.jpg HTTP/1.1" 200 50927 "-" "Mozilla/5.0 (compatible; bingbot/2.0; +http://www.bing.com/bingbot.htm)" "ysfine.com"
114.119.128.14 - - [03/Oct/2022:22:32:42 -0700] "GET /articles/inonu.pdf HTTP/1.1" 401 90 "-" "Mozilla/5.0 (Linux; Android 7.0;) AppleWebKit/537.36 (KHTML, like Gecko) Mobile Safari/537.36 (compatible; PetalBot;+https://webmaster.petalsearch.com/site/petalbot)" "ysfine.com"
40.77.167.27 - - [03/Oct/2022:22:32:46 -0700] "GET /world/israel/jeru10c.jpg HTTP/1.1" 200 35427 "-" "Mozilla/5.0 (compatible; bingbot/2.0; +http://www.bing.com/bingbot.htm)" "ysfine.com"
51.222.253.12 - - [03/Oct/2022:22:34:30 -0700] "GET /maga/galileo.html HTTP/1.1" 200 4725 "-" "Mozilla/5.0 (compatible; AhrefsBot/7.0; +http://ahrefs.com/robot/)" "ysfine.com"
51.222.253.10 - - [03/Oct/2022:22:34:35 -0700] "GET /world/ital/stcroce01b.jpg HTTP/1.1" 200 42968 "-" "Mozilla/5.0 (compatible; AhrefsBot/7.0; +http://ahrefs.com/robot/)" "ysfine.com"
51.222.253.2 - - [03/Oct/2022:22:34:35 -0700] "GET /world/ital/murano09b.jpg HTTP/1.1" 200 28446 "-" "Mozilla/5.0 (compatible; AhrefsBot/7.0; +http://ahrefs.com/robot/)" "ysfine.com"
51.222.253.7 - - [03/Oct/2022:22:34:36 -0700] "GET /world/ital/museo01b.jpg HTTP/1.1" 200 41524 "-" "Mozilla/5.0 (compatible; AhrefsBot/7.0; +http://ahrefs.com/robot/)" "ysfine.com"
51.222.253.10 - - [03/Oct/2022:22:34:36 -0700] "GET /world/ital/pisa2.jpg HTTP/1.1" 200 37000 "-" "Mozilla/5.0 (compatible; AhrefsBot/7.0; +http://ahrefs.com/robot/)" "ysfine.com"
51.222.253.9 - - [03/Oct/2022:22:34:36 -0700] "GET /world/ital/medici01.jpg HTTP/1.1" 200 34231 "-" "Mozilla/5.0 (compatible; AhrefsBot/7.0; +http://ahrefs.com/robot/)" "ysfine.com"
114.119.128.14 - - [03/Oct/2022:22:35:19 -0700] "GET /archives/proceedings/wpro01/szocs.html HTTP/1.1" 200 972 "-" "Mozilla/5.0 (Linux; Android 7.0;) AppleWebKit/537.36 (KHTML, like Gecko) Mobile Safari/537.36 (compatible; PetalBot;+https://webmaster.petalsearch.com/site/petalbot)" "ysfine.com"
157.55.39.58 - - [03/Oct/2022:22:36:18 -0700] "GET /philo/pontdg10c.jpg HTTP/1.1" 200 48696 "-" "Mozilla/5.0 AppleWebKit/537.36 (KHTML, like Gecko; compatible; bingbot/2.0; +http://www.bing.com/bingbot.htm) Chrome/103.0.5060.134 Safari/537.36" "www.ysfine.com"
74.133.164.159 - - [03/Oct/2022:22:36:49 -0700] "GET /princeton/alexan22.jpg HTTP/1.1" 200 175436 "https://www.google.com/" "Mozilla/5.0 (Macintosh; Intel Mac OS X 10_15_7) AppleWebKit/537.36 (KHTML, like Gecko) Chrome/104.0.0.0 Safari/537.36" "ysfine.com"
69.194.143.140 - - [03/Oct/2022:22:37:28 -0700] "GET /ads.txt HTTP/1.1" 404 88 "-" "Mozilla/5.0 (Macintosh; Intel Mac OS X 10_15_1) AppleWebKit/537.36 (KHTML, like Gecko) Chrome/84.0.4103.61 Safari/537.37" "ysfine.com"
69.194.143.140 - - [03/Oct/2022:22:37:28 -0700] "GET /ads.txt HTTP/1.1" 404 88 "-" "Mozilla/5.0 (Macintosh; Intel Mac OS X 10_15_1) AppleWebKit/537.36 (KHTML, like Gecko) Chrome/84.0.4103.61 Safari/537.37" "ysfine.com"
51.222.253.14 - - [03/Oct/2022:22:37:46 -0700] "GET /maga/bridge22.html HTTP/1.1" 200 6587 "-" "Mozilla/5.0 (compatible; AhrefsBot/7.0; +http://ahrefs.com/robot/)" "ysfine.com"
51.222.253.14 - - [03/Oct/2022:22:37:59 -0700] "GET /world/france/pontdg05b.jpg HTTP/1.1" 200 31046 "-" "Mozilla/5.0 (compatible; AhrefsBot/7.0; +http://ahrefs.com/robot/)" "ysfine.com"
114.119.128.14 - - [03/Oct/2022:22:37:59 -0700] "GET /style/musleft.html HTTP/1.1" 200 473 "-" "Mozilla/5.0 (Linux; Android 7.0;) AppleWebKit/537.36 (KHTML, like Gecko) Mobile Safari/537.36 (compatible; PetalBot;+https://webmaster.petalsearch.com/site/petalbot)" "ysfine.com"
51.222.253.12 - - [03/Oct/2022:22:37:59 -0700] "GET /usca/pitt/pitbridge01c.jpg HTTP/1.1" 200 38929 "-" "Mozilla/5.0 (compatible; AhrefsBot/7.0; +http://ahrefs.com/robot/)" "ysfine.com"
51.222.253.6 - - [03/Oct/2022:22:38:00 -0700] "GET /world/china/dandongbr03b.jpg HTTP/1.1" 200 33589 "-" "Mozilla/5.0 (compatible; AhrefsBot/7.0; +http://ahrefs.com/robot/)" "ysfine.com"
51.222.253.2 - - [03/Oct/2022:22:38:00 -0700] "GET /dirac/dirac63c.jpg HTTP/1.1" 200 29237 "-" "Mozilla/5.0 (compatible; AhrefsBot/7.0; +http://ahrefs.com/robot/)" "ysfine.com"
51.222.253.10 - - [03/Oct/2022:22:38:01 -0700] "GET /maga/pics/bridge01a.jpg HTTP/1.1" 200 90151 "-" "Mozilla/5.0 (compatible; AhrefsBot/7.0; +http://ahrefs.com/robot/)" "ysfine.com"
51.222.253.10 - - [03/Oct/2022:22:38:01 -0700] "GET /heisen/dirheisen22c.jpg HTTP/1.1" 200 43569 "-" "Mozilla/5.0 (compatible; AhrefsBot/7.0; +http://ahrefs.com/robot/)" "ysfine.com"
51.222.253.11 - - [03/Oct/2022:22:38:01 -0700] "GET /usca/calif/sdiego02c.jpg HTTP/1.1" 200 22338 "-" "Mozilla/5.0 (compatible; AhrefsBot/7.0; +http://ahrefs.com/robot/)" "ysfine.com"
51.222.253.1 - - [03/Oct/2022:22:38:02 -0700] "GET /yspapers/o32inho22c.jpg HTTP/1.1" 200 33092 "-" "Mozilla/5.0 (compatible; AhrefsBot/7.0; +http://ahrefs.com/robot/)" "ysfine.com"
51.222.253.6 - - [03/Oct/2022:22:38:02 -0700] "GET /world/france/pontdg03b.jpg HTTP/1.1" 200 37525 "-" "Mozilla/5.0 (compatible; AhrefsBot/7.0; +http://ahrefs.com/robot/)" "ysfine.com"
51.222.253.3 - - [03/Oct/2022:22:38:03 -0700] "GET /world/ital/flor055c.jpg HTTP/1.1" 200 40301 "-" "Mozilla/5.0 (compatible; AhrefsBot/7.0; +http://ahrefs.com/robot/)" "ysfine.com"
51.222.253.6 - - [03/Oct/2022:22:38:03 -0700] "GET /dirac/truck/truck16a.jpg HTTP/1.1" 200 51497 "-" "Mozilla/5.0 (compatible; AhrefsBot/7.0; +http://ahrefs.com/robot/)" "ysfine.com"
51.222.253.11 - - [03/Oct/2022:22:38:03 -0700] "GET /home/canal11c.jpg HTTP/1.1" 200 31848 "-" "Mozilla/5.0 (compatible; AhrefsBot/7.0; +http://ahrefs.com/robot/)" "ysfine.com"
51.222.253.1 - - [03/Oct/2022:22:38:04 -0700] "GET /feynman/ppic/parton88a.jpg HTTP/1.1" 200 55506 "-" "Mozilla/5.0 (compatible; AhrefsBot/7.0; +http://ahrefs.com/robot/)" "ysfine.com"
51.222.253.1 - - [03/Oct/2022:22:38:04 -0700] "GET /world/china/dandongbr05b.jpg HTTP/1.1" 200 47196 "-" "Mozilla/5.0 (compatible; AhrefsBot/7.0; +http://ahrefs.com/robot/)" "ysfine.com"
51.222.253.12 - - [03/Oct/2022:22:38:05 -0700] "GET /world/brit/thames13b.jpg HTTP/1.1" 200 27214 "-" "Mozilla/5.0 (compatible; AhrefsBot/7.0; +http://ahrefs.com/robot/)" "ysfine.com"
157.55.39.55 - - [03/Oct/2022:22:38:28 -0700] "GET /world/germany/tubw30.jpg HTTP/1.1" 200 86070 "-" "Mozilla/5.0 (compatible; bingbot/2.0; +http://www.bing.com/bingbot.htm)" "ysfine.com"
157.55.39.55 - - [03/Oct/2022:22:38:38 -0700] "GET /newyork/trump04b.jpg HTTP/1.1" 200 38881 "-" "Mozilla/5.0 (compatible; bingbot/2.0; +http://www.bing.com/bingbot.htm)" "ysfine.com"
77.88.5.216 - - [03/Oct/2022:22:39:02 -0700] "GET /wdc/bohrdc.html HTTP/1.1" 200 17456 "-" "Mozilla/5.0 (compatible; YandexBot/3.0; +http://yandex.com/bots)" "www.ysfine.com"
85.208.98.23 - - [03/Oct/2022:22:40:01 -0700] "GET /robots.txt HTTP/1.1" 404 88 "http://ysfine.com/robots.txt" "Mozilla/5.0 (compatible; SemrushBot-BA; +http://www.semrush.com/bot.html)" "ysfine.com"
85.208.98.23 - - [03/Oct/2022:22:40:01 -0700] "GET /robots.txt HTTP/1.1" 404 88 "http://www.ysfine.com/robots.txt" "Mozilla/5.0 (compatible; SemrushBot-BA; +http://www.semrush.com/bot.html)" "www.ysfine.com"
157.55.39.58 - - [03/Oct/2022:22:40:09 -0700] "GET /world/china/hongkong11.jpg HTTP/1.1" 200 75364 "-" "Mozilla/5.0 AppleWebKit/537.36 (KHTML, like Gecko; compatible; bingbot/2.0; +http://www.bing.com/bingbot.htm) Chrome/103.0.5060.134 Safari/537.36" "ysfine.com"
157.55.39.55 - - [03/Oct/2022:22:40:17 -0700] "GET /wigner/gim/gimn00.jpg HTTP/1.1" 200 115301 "-" "Mozilla/5.0 (compatible; bingbot/2.0; +http://www.bing.com/bingbot.htm)" "ysfine.com"
85.208.98.19 - - [03/Oct/2022:22:40:20 -0700] "GET /style/restau.html HTTP/1.1" 200 2149 "-" "Mozilla/5.0 (compatible; SemrushBot-BA; +http://www.semrush.com/bot.html)" "ysfine.com"
85.208.98.24 - - [03/Oct/2022:22:40:22 -0700] "GET /style/restau.html HTTP/1.1" 200 2149 "-" "Mozilla/5.0 (compatible; SemrushBot-BA; +http://www.semrush.com/bot.html)" "www.ysfine.com"
114.119.128.158 - - [03/Oct/2022:22:40:35 -0700] "GET /class54/class5470/total_data/sub_330.htm HTTP/1.1" 200 3334 "-" "Mozilla/5.0 (Linux; Android 7.0;) AppleWebKit/537.36 (KHTML, like Gecko) Mobile Safari/537.36 (compatible; PetalBot;+https://webmaster.petalsearch.com/site/petalbot)" "ysfine.com"
173.73.80.118 - - [03/Oct/2022:22:40:47 -0700] "GET /einstein/bern.html HTTP/1.1" 304 - "-" "Mozilla/5.0 (Windows NT 10.0; Win64; x64) AppleWebKit/537.36 (KHTML, like Gecko) Chrome/105.0.0.0 Safari/537.36" "ysfine.com"
173.73.80.118 - - [03/Oct/2022:22:40:47 -0700] "GET /einstein/places/einha01b.jpg HTTP/1.1" 304 - "https://ysfine.com/einstein/bern.html" "Mozilla/5.0 (Windows NT 10.0; Win64; x64) AppleWebKit/537.36 (KHTML, like Gecko) Chrome/105.0.0.0 Safari/537.36" "ysfine.com"
173.73.80.118 - - [03/Oct/2022:22:40:47 -0700] "GET /einstein/places/einha05b.jpg HTTP/1.1" 304 - "https://ysfine.com/einstein/bern.html" "Mozilla/5.0 (Windows NT 10.0; Win64; x64) AppleWebKit/537.36 (KHTML, like Gecko) Chrome/105.0.0.0 Safari/537.36" "ysfine.com"
173.73.80.118 - - [03/Oct/2022:22:40:47 -0700] "GET /einstein/places/einha36b.jpg HTTP/1.1" 304 - "https://ysfine.com/einstein/bern.html" "Mozilla/5.0 (Windows NT 10.0; Win64; x64) AppleWebKit/537.36 (KHTML, like Gecko) Chrome/105.0.0.0 Safari/537.36" "ysfine.com"
173.73.80.118 - - [03/Oct/2022:22:40:47 -0700] "GET /einstein/einbohr11b.jpg HTTP/1.1" 304 - "https://ysfine.com/einstein/bern.html" "Mozilla/5.0 (Windows NT 10.0; Win64; x64) AppleWebKit/537.36 (KHTML, like Gecko) Chrome/105.0.0.0 Safari/537.36" "ysfine.com"
173.73.80.118 - - [03/Oct/2022:22:40:47 -0700] "GET /einstein/places/einha02b.jpg HTTP/1.1" 304 - "https://ysfine.com/einstein/bern.html" "Mozilla/5.0 (Windows NT 10.0; Win64; x64) AppleWebKit/537.36 (KHTML, like Gecko) Chrome/105.0.0.0 Safari/537.36" "ysfine.com"
173.73.80.118 - - [03/Oct/2022:22:40:47 -0700] "GET /einstein/places/einmu62b.jpg HTTP/1.1" 304 - "https://ysfine.com/einstein/bern.html" "Mozilla/5.0 (Windows NT 10.0; Win64; x64) AppleWebKit/537.36 (KHTML, like Gecko) Chrome/105.0.0.0 Safari/537.36" "ysfine.com"
173.73.80.118 - - [03/Oct/2022:22:40:47 -0700] "GET /einstein/places/einmu41b.jpg HTTP/1.1" 304 - "https://ysfine.com/einstein/bern.html" "Mozilla/5.0 (Windows NT 10.0; Win64; x64) AppleWebKit/537.36 (KHTML, like Gecko) Chrome/105.0.0.0 Safari/537.36" "ysfine.com"
173.73.80.118 - - [03/Oct/2022:22:40:47 -0700] "GET /einstein/places/einmu12b.jpg HTTP/1.1" 304 - "https://ysfine.com/einstein/bern.html" "Mozilla/5.0 (Windows NT 10.0; Win64; x64) AppleWebKit/537.36 (KHTML, like Gecko) Chrome/105.0.0.0 Safari/537.36" "ysfine.com"
173.73.80.118 - - [03/Oct/2022:22:40:47 -0700] "GET /einstein/einglaub01b.jpg HTTP/1.1" 304 - "https://ysfine.com/einstein/bern.html" "Mozilla/5.0 (Windows NT 10.0; Win64; x64) AppleWebKit/537.36 (KHTML, like Gecko) Chrome/105.0.0.0 Safari/537.36" "ysfine.com"
173.73.80.118 - - [03/Oct/2022:22:40:47 -0700] "GET /maga/phys/heisen33b.jpg HTTP/1.1" 304 - "https://ysfine.com/einstein/bern.html" "Mozilla/5.0 (Windows NT 10.0; Win64; x64) AppleWebKit/537.36 (KHTML, like Gecko) Chrome/105.0.0.0 Safari/537.36" "ysfine.com"
173.73.80.118 - - [03/Oct/2022:22:40:47 -0700] "GET /einstein/places/einmu10b.jpg HTTP/1.1" 304 - "https://ysfine.com/einstein/bern.html" "Mozilla/5.0 (Windows NT 10.0; Win64; x64) AppleWebKit/537.36 (KHTML, like Gecko) Chrome/105.0.0.0 Safari/537.36" "ysfine.com"
173.73.80.118 - - [03/Oct/2022:22:40:47 -0700] "GET /einstein/evol66b.jpg HTTP/1.1" 304 - "https://ysfine.com/einstein/bern.html" "Mozilla/5.0 (Windows NT 10.0; Win64; x64) AppleWebKit/537.36 (KHTML, like Gecko) Chrome/105.0.0.0 Safari/537.36" "ysfine.com"
173.73.80.118 - - [03/Oct/2022:22:40:47 -0700] "GET /einstein/places/einmu52b.jpg HTTP/1.1" 304 - "https://ysfine.com/einstein/bern.html" "Mozilla/5.0 (Windows NT 10.0; Win64; x64) AppleWebKit/537.36 (KHTML, like Gecko) Chrome/105.0.0.0 Safari/537.36" "ysfine.com"
173.73.80.118 - - [03/Oct/2022:22:40:47 -0700] "GET /einstein/places/einmu08b.jpg HTTP/1.1" 304 - "https://ysfine.com/einstein/bern.html" "Mozilla/5.0 (Windows NT 10.0; Win64; x64) AppleWebKit/537.36 (KHTML, like Gecko) Chrome/105.0.0.0 Safari/537.36" "ysfine.com"
173.73.80.118 - - [03/Oct/2022:22:40:47 -0700] "GET /einstein/places/einha23b.jpg HTTP/1.1" 304 - "https://ysfine.com/einstein/bern.html" "Mozilla/5.0 (Windows NT 10.0; Win64; x64) AppleWebKit/537.36 (KHTML, like Gecko) Chrome/105.0.0.0 Safari/537.36" "ysfine.com"
173.73.80.118 - - [03/Oct/2022:22:40:47 -0700] "GET /einstein/places/einmu16b.jpg HTTP/1.1" 304 - "https://ysfine.com/einstein/bern.html" "Mozilla/5.0 (Windows NT 10.0; Win64; x64) AppleWebKit/537.36 (KHTML, like Gecko) Chrome/105.0.0.0 Safari/537.36" "ysfine.com"
173.73.80.118 - - [03/Oct/2022:22:40:47 -0700] "GET /einstein/places/einmu17b.jpg HTTP/1.1" 304 - "https://ysfine.com/einstein/bern.html" "Mozilla/5.0 (Windows NT 10.0; Win64; x64) AppleWebKit/537.36 (KHTML, like Gecko) Chrome/105.0.0.0 Safari/537.36" "ysfine.com"
173.73.80.118 - - [03/Oct/2022:22:40:47 -0700] "GET /maga/phil/kanthegel22b.jpg HTTP/1.1" 304 - "https://ysfine.com/einstein/bern.html" "Mozilla/5.0 (Windows NT 10.0; Win64; x64) AppleWebKit/537.36 (KHTML, like Gecko) Chrome/105.0.0.0 Safari/537.36" "ysfine.com"
173.73.80.118 - - [03/Oct/2022:22:40:47 -0700] "GET /einstein/places/einmu64b.jpg HTTP/1.1" 304 - "https://ysfine.com/einstein/bern.html" "Mozilla/5.0 (Windows NT 10.0; Win64; x64) AppleWebKit/537.36 (KHTML, like Gecko) Chrome/105.0.0.0 Safari/537.36" "ysfine.com"
173.73.80.118 - - [03/Oct/2022:22:40:47 -0700] "GET /einstein/einhouse11b.jpg HTTP/1.1" 304 - "https://ysfine.com/einstein/bern.html" "Mozilla/5.0 (Windows NT 10.0; Win64; x64) AppleWebKit/537.36 (KHTML, like Gecko) Chrome/105.0.0.0 Safari/537.36" "ysfine.com"
173.73.80.118 - - [03/Oct/2022:22:40:47 -0700] "GET /wigner/wigein270.jpg HTTP/1.1" 304 - "https://ysfine.com/einstein/bern.html" "Mozilla/5.0 (Windows NT 10.0; Win64; x64) AppleWebKit/537.36 (KHTML, like Gecko) Chrome/105.0.0.0 Safari/537.36" "ysfine.com"
173.73.80.118 - - [03/Oct/2022:22:40:47 -0700] "GET /einstein/places/einhaus450.jpg HTTP/1.1" 304 - "https://ysfine.com/einstein/bern.html" "Mozilla/5.0 (Windows NT 10.0; Win64; x64) AppleWebKit/537.36 (KHTML, like Gecko) Chrome/105.0.0.0 Safari/537.36" "ysfine.com"
173.73.80.118 - - [03/Oct/2022:22:40:47 -0700] "GET /einstein/places/einha39b.jpg HTTP/1.1" 304 - "https://ysfine.com/einstein/bern.html" "Mozilla/5.0 (Windows NT 10.0; Win64; x64) AppleWebKit/537.36 (KHTML, like Gecko) Chrome/105.0.0.0 Safari/537.36" "ysfine.com"
173.73.80.118 - - [03/Oct/2022:22:40:47 -0700] "GET /maga/phys/yukaein2.jpg HTTP/1.1" 304 - "https://ysfine.com/einstein/bern.html" "Mozilla/5.0 (Windows NT 10.0; Win64; x64) AppleWebKit/537.36 (KHTML, like Gecko) Chrome/105.0.0.0 Safari/537.36" "ysfine.com"
173.73.80.118 - - [03/Oct/2022:22:40:47 -0700] "GET /einstein/places/einmu22b.jpg HTTP/1.1" 304 - "https://ysfine.com/einstein/bern.html" "Mozilla/5.0 (Windows NT 10.0; Win64; x64) AppleWebKit/537.36 (KHTML, like Gecko) Chrome/105.0.0.0 Safari/537.36" "ysfine.com"
173.73.80.118 - - [03/Oct/2022:22:40:47 -0700] "GET /favicon.ico HTTP/1.1" 404 88 "https://ysfine.com/einstein/bern.html" "Mozilla/5.0 (Windows NT 10.0; Win64; x64) AppleWebKit/537.36 (KHTML, like Gecko) Chrome/105.0.0.0 Safari/537.36" "ysfine.com"
173.73.80.118 - - [03/Oct/2022:22:41:12 -0700] "GET /ys11/ HTTP/1.1" 304 - "-" "Mozilla/5.0 (Windows NT 10.0; Win64; x64) AppleWebKit/537.36 (KHTML, like Gecko) Chrome/105.0.0.0 Safari/537.36" "ysfine.com"
51.222.253.13 - - [03/Oct/2022:22:41:12 -0700] "GET /wigner/neumann.html HTTP/1.1" 200 1332 "-" "Mozilla/5.0 (compatible; AhrefsBot/7.0; +http://ahrefs.com/robot/)" "ysfine.com"
173.73.80.118 - - [03/Oct/2022:22:41:20 -0700] "GET /ys22/dondon.html HTTP/1.1" 401 90 "https://ysfine.com/ys11/" "Mozilla/5.0 (Windows NT 10.0; Win64; x64) AppleWebKit/537.36 (KHTML, like Gecko) Chrome/105.0.0.0 Safari/537.36" "ysfine.com"
51.222.253.15 - - [03/Oct/2022:22:41:20 -0700] "GET /wigner/neum/vnc01b.jpg HTTP/1.1" 200 47516 "-" "Mozilla/5.0 (compatible; AhrefsBot/7.0; +http://ahrefs.com/robot/)" "ysfine.com"
173.73.80.118 - - [03/Oct/2022:22:41:46 -0700] "GET /ys11/index.html HTTP/1.1" 304 - "-" "Mozilla/5.0 (Windows NT 10.0; Win64; x64) AppleWebKit/537.36 (KHTML, like Gecko) Chrome/105.0.0.0 Safari/537.36 Edg/105.0.1343.53" "www.ysfine.com"
157.55.39.55 - - [03/Oct/2022:22:41:49 -0700] "GET /world/ital/rome102.jpg HTTP/1.1" 200 117928 "-" "Mozilla/5.0 (compatible; bingbot/2.0; +http://www.bing.com/bingbot.htm)" "ysfine.com"
114.119.128.142 - - [03/Oct/2022:22:43:17 -0700] "GET /wigner/neupol01.html HTTP/1.1" 404 88 "-" "Mozilla/5.0 (Linux; Android 7.0;) AppleWebKit/537.36 (KHTML, like Gecko) Mobile Safari/537.36 (compatible; PetalBot;+https://webmaster.petalsearch.com/site/petalbot)" "ysfine.com"
93.158.161.48 - - [03/Oct/2022:22:43:26 -0700] "GET /maga/phil/sisfa12/frame34.html HTTP/1.1" 200 319 "-" "Mozilla/5.0 (compatible; YandexBot/3.0; +http://yandex.com/bots)" "www.ysfine.com"
157.55.39.58 - - [03/Oct/2022:22:44:30 -0700] "GET /newyork/wtc01.jpg HTTP/1.1" 200 215798 "-" "Mozilla/5.0 (compatible; bingbot/2.0; +http://www.bing.com/bingbot.htm)" "ysfine.com"
51.222.253.20 - - [03/Oct/2022:22:44:33 -0700] "GET /feynman/index.html HTTP/1.1" 200 124 "-" "Mozilla/5.0 (compatible; AhrefsBot/7.0; +http://ahrefs.com/robot/)" "www.ysfine.com"
207.46.13.102 - - [03/Oct/2022:22:45:08 -0700] "GET /world/brit/oxlon17.jpg HTTP/1.1" 200 92002 "-" "Mozilla/5.0 (compatible; bingbot/2.0; +http://www.bing.com/bingbot.htm)" "www.ysfine.com"
157.55.39.127 - - [03/Oct/2022:22:45:13 -0700] "GET /world/germany/vienstdpark01.jpg HTTP/1.1" 200 136850 "-" "Mozilla/5.0 (compatible; bingbot/2.0; +http://www.bing.com/bingbot.htm)" "www.ysfine.com"
157.55.39.55 - - [03/Oct/2022:22:47:28 -0700] "GET /princeton/annex11b.jpg HTTP/1.1" 200 39639 "-" "Mozilla/5.0 AppleWebKit/537.36 (KHTML, like Gecko; compatible; bingbot/2.0; +http://www.bing.com/bingbot.htm) Chrome/103.0.5060.134 Safari/537.36" "ysfine.com"
157.55.39.127 - - [03/Oct/2022:22:47:30 -0700] "GET /world/russ/spb21.jpg HTTP/1.1" 200 78971 "-" "Mozilla/5.0 AppleWebKit/537.36 (KHTML, like Gecko; compatible; bingbot/2.0; +http://www.bing.com/bingbot.htm) Chrome/103.0.5060.134 Safari/537.36" "www.ysfine.com"
157.55.39.55 - - [03/Oct/2022:22:47:39 -0700] "GET /feynman/feyn70b.jpg HTTP/1.1" 200 17231 "-" "Mozilla/5.0 AppleWebKit/537.36 (KHTML, like Gecko; compatible; bingbot/2.0; +http://www.bing.com/bingbot.htm) Chrome/103.0.5060.134 Safari/537.36" "www.ysfine.com"
51.222.253.15 - - [03/Oct/2022:22:47:59 -0700] "GET /einstein/maxein.html HTTP/1.1" 200 2651 "-" "Mozilla/5.0 (compatible; AhrefsBot/7.0; +http://ahrefs.com/robot/)" "ysfine.com"
51.222.253.10 - - [03/Oct/2022:22:48:11 -0700] "GET /home/resonance11b.jpg HTTP/1.1" 200 37228 "-" "Mozilla/5.0 (compatible; AhrefsBot/7.0; +http://ahrefs.com/robot/)" "ysfine.com"
51.222.253.16 - - [03/Oct/2022:22:48:12 -0700] "GET /einstein/further08b.jpg HTTP/1.1" 200 58023 "-" "Mozilla/5.0 (compatible; AhrefsBot/7.0; +http://ahrefs.com/robot/)" "ysfine.com"
51.222.253.2 - - [03/Oct/2022:22:48:12 -0700] "GET /einstein/newtmax02b.jpg HTTP/1.1" 200 46066 "-" "Mozilla/5.0 (compatible; AhrefsBot/7.0; +http://ahrefs.com/robot/)" "ysfine.com"
114.119.128.14 - - [03/Oct/2022:22:48:42 -0700] "GET /dirac/o32inho22jpg HTTP/1.1" 404 88 "-" "Mozilla/5.0 (Linux; Android 7.0;) AppleWebKit/537.36 (KHTML, like Gecko) Mobile Safari/537.36 (compatible; PetalBot;+https://webmaster.petalsearch.com/site/petalbot)" "ysfine.com"
37.46.115.29 - - [03/Oct/2022:22:48:43 -0700] "GET /confer/other.html HTTP/1.1" 404 88 "http://ysfine.com" "Mozilla/5.0 (Windows NT 10.0; Win64; x64) AppleWebKit/537.36 (KHTML, like Gecko) Chrome/62.0.3202.94 Safari/537.36" "ysfine.com"
37.46.115.29 - - [03/Oct/2022:22:48:43 -0700] "GET /confer/other.html HTTP/1.1" 404 88 "http://ysfine.com" "Mozilla/5.0 (Windows NT 10.0; Win64; x64) AppleWebKit/537.36 (KHTML, like Gecko) Chrome/62.0.3202.94 Safari/537.36" "ysfine.com"
37.46.115.29 - - [03/Oct/2022:22:48:44 -0700] "GET /confer/other.html HTTP/1.1" 404 88 "http://ysfine.com" "Mozilla/5.0 (Windows NT 10.0; Win64; x64) AppleWebKit/537.36 (KHTML, like Gecko) Chrome/62.0.3202.94 Safari/537.36" "ysfine.com"
37.46.115.29 - - [03/Oct/2022:22:48:45 -0700] "GET /confer/other.html HTTP/1.1" 404 88 "http://ysfine.com" "Mozilla/5.0 (Windows NT 10.0; Win64; x64) AppleWebKit/537.36 (KHTML, like Gecko) Chrome/62.0.3202.94 Safari/537.36" "ysfine.com"
185.191.171.21 - - [03/Oct/2022:22:49:22 -0700] "GET /robots.txt HTTP/1.1" 404 88 "-" "Mozilla/5.0 (compatible; SemrushBot/7~bl; +http://www.semrush.com/bot.html)" "ysfine.com"
185.191.171.36 - - [03/Oct/2022:22:49:23 -0700] "GET /maga/keigel22.html HTTP/1.1" 200 4929 "-" "Mozilla/5.0 (compatible; SemrushBot/7~bl; +http://www.semrush.com/bot.html)" "ysfine.com"
157.55.39.58 - - [03/Oct/2022:22:50:00 -0700] "GET /style/cameras/zenit22.jpg HTTP/1.1" 200 89105 "-" "Mozilla/5.0 (compatible; bingbot/2.0; +http://www.bing.com/bingbot.htm)" "www.ysfine.com"
157.55.39.127 - - [03/Oct/2022:22:50:10 -0700] "GET /kobak/sorae/church02.jpg HTTP/1.1" 200 89726 "-" "Mozilla/5.0 (compatible; bingbot/2.0; +http://www.bing.com/bingbot.htm)" "www.ysfine.com"
114.119.128.142 - - [03/Oct/2022:22:51:23 -0700] "GET /archives/proceedings/wpro01/shirok.pdf HTTP/1.1" 200 167258 "-" "Mozilla/5.0 (Linux; Android 7.0;) AppleWebKit/537.36 (KHTML, like Gecko) Mobile Safari/537.36 (compatible; PetalBot;+https://webmaster.petalsearch.com/site/petalbot)" "ysfine.com"
51.222.253.1 - - [03/Oct/2022:22:51:39 -0700] "GET /maga/tesla.html HTTP/1.1" 200 4852 "-" "Mozilla/5.0 (compatible; AhrefsBot/7.0; +http://ahrefs.com/robot/)" "ysfine.com"
51.222.253.10 - - [03/Oct/2022:22:51:58 -0700] "GET /maga/invent/mosin2.jpg HTTP/1.1" 200 51881 "-" "Mozilla/5.0 (compatible; AhrefsBot/7.0; +http://ahrefs.com/robot/)" "ysfine.com"
51.222.253.3 - - [03/Oct/2022:22:51:58 -0700] "GET /maga/invent/tesla11b.jpg HTTP/1.1" 200 47570 "-" "Mozilla/5.0 (compatible; AhrefsBot/7.0; +http://ahrefs.com/robot/)" "ysfine.com"
207.46.13.102 - - [03/Oct/2022:22:52:19 -0700] "GET /yspapers/resonance33c.jpg HTTP/1.1" 200 31778 "-" "Mozilla/5.0 AppleWebKit/537.36 (KHTML, like Gecko; compatible; bingbot/2.0; +http://www.bing.com/bingbot.htm) Chrome/103.0.5060.134 Safari/537.36" "ysfine.com"
40.77.167.27 - - [03/Oct/2022:22:53:58 -0700] "GET /world/scandi/vaxjo03b.jpg HTTP/1.1" 200 27348 "-" "Mozilla/5.0 (compatible; bingbot/2.0; +http://www.bing.com/bingbot.htm)" "www.ysfine.com"
104.172.20.148 - - [03/Oct/2022:22:54:16 -0700] "GET /princeton/brooke22.jpg HTTP/1.1" 200 87673 "https://www.google.com/" "Mozilla/5.0 (iPhone; CPU iPhone OS 15_5 like Mac OS X) AppleWebKit/605.1.15 (KHTML, like Gecko) CriOS/104.0.5112.99 Mobile/15E148 Safari/604.1" "ysfine.com"
157.55.39.128 - - [03/Oct/2022:22:54:56 -0700] "GET /world/ital/stcroce31.jpg HTTP/1.1" 200 121728 "-" "Mozilla/5.0 (compatible; bingbot/2.0; +http://www.bing.com/bingbot.htm)" "ysfine.com"
51.222.253.4 - - [03/Oct/2022:22:55:05 -0700] "GET /dirac/wigsis.html HTTP/1.1" 200 10275 "-" "Mozilla/5.0 (compatible; AhrefsBot/7.0; +http://ahrefs.com/robot/)" "ysfine.com"
157.55.39.58 - - [03/Oct/2022:22:55:12 -0700] "GET /newyork/emp03.jpg HTTP/1.1" 200 179137 "-" "Mozilla/5.0 (compatible; bingbot/2.0; +http://www.bing.com/bingbot.htm)" "ysfine.com"
51.222.253.3 - - [03/Oct/2022:22:55:12 -0700] "GET /dirac/michaels22.jpg HTTP/1.1" 200 47473 "-" "Mozilla/5.0 (compatible; AhrefsBot/7.0; +http://ahrefs.com/robot/)" "ysfine.com"
51.222.253.7 - - [03/Oct/2022:22:55:12 -0700] "GET /kobak/nicodem11b.jpg HTTP/1.1" 200 79065 "-" "Mozilla/5.0 (compatible; AhrefsBot/7.0; +http://ahrefs.com/robot/)" "ysfine.com"
51.222.253.3 - - [03/Oct/2022:22:55:13 -0700] "GET /world/poland/jablo01b.jpg HTTP/1.1" 200 39801 "-" "Mozilla/5.0 (compatible; AhrefsBot/7.0; +http://ahrefs.com/robot/)" "ysfine.com"
51.222.253.19 - - [03/Oct/2022:22:55:13 -0700] "GET /dirac/dirac84b.jpg HTTP/1.1" 200 42763 "-" "Mozilla/5.0 (compatible; AhrefsBot/7.0; +http://ahrefs.com/robot/)" "ysfine.com"
51.222.253.13 - - [03/Oct/2022:22:55:13 -0700] "GET /world/poland/jablo20b.jpg HTTP/1.1" 200 41339 "-" "Mozilla/5.0 (compatible; AhrefsBot/7.0; +http://ahrefs.com/robot/)" "ysfine.com"
51.222.253.17 - - [03/Oct/2022:22:55:14 -0700] "GET /world/poland/jablo08b.jpg HTTP/1.1" 200 42070 "-" "Mozilla/5.0 (compatible; AhrefsBot/7.0; +http://ahrefs.com/robot/)" "ysfine.com"
51.222.253.18 - - [03/Oct/2022:22:55:14 -0700] "GET /dirac/dirackim6202.jpg HTTP/1.1" 200 51465 "-" "Mozilla/5.0 (compatible; AhrefsBot/7.0; +http://ahrefs.com/robot/)" "ysfine.com"
51.222.253.20 - - [03/Oct/2022:22:55:15 -0700] "GET /dirac/jablo62b.jpg HTTP/1.1" 200 42817 "-" "Mozilla/5.0 (compatible; AhrefsBot/7.0; +http://ahrefs.com/robot/)" "ysfine.com"
51.222.253.11 - - [03/Oct/2022:22:55:15 -0700] "GET /dirac/dirackn33b.jpg HTTP/1.1" 200 48200 "-" "Mozilla/5.0 (compatible; AhrefsBot/7.0; +http://ahrefs.com/robot/)" "ysfine.com"
51.222.253.6 - - [03/Oct/2022:22:55:15 -0700] "GET /dirac/wigsis22.jpg HTTP/1.1" 200 39975 "-" "Mozilla/5.0 (compatible; AhrefsBot/7.0; +http://ahrefs.com/robot/)" "ysfine.com"
51.222.253.9 - - [03/Oct/2022:22:55:16 -0700] "GET /princeton/annex11b.jpg HTTP/1.1" 200 39639 "-" "Mozilla/5.0 (compatible; AhrefsBot/7.0; +http://ahrefs.com/robot/)" "ysfine.com"
51.222.253.12 - - [03/Oct/2022:22:55:16 -0700] "GET /dirac/hyperell2.jpg HTTP/1.1" 200 29858 "-" "Mozilla/5.0 (compatible; AhrefsBot/7.0; +http://ahrefs.com/robot/)" "ysfine.com"
51.222.253.9 - - [03/Oct/2022:22:55:17 -0700] "GET /dirac/dirac63b.jpg HTTP/1.1" 200 41617 "-" "Mozilla/5.0 (compatible; AhrefsBot/7.0; +http://ahrefs.com/robot/)" "ysfine.com"
51.222.253.20 - - [03/Oct/2022:22:55:17 -0700] "GET /feynman/feydirac270.jpg HTTP/1.1" 200 59000 "-" "Mozilla/5.0 (compatible; AhrefsBot/7.0; +http://ahrefs.com/robot/)" "ysfine.com"
51.222.253.3 - - [03/Oct/2022:22:55:17 -0700] "GET /dirac/dirackim6201.jpg HTTP/1.1" 200 51283 "-" "Mozilla/5.0 (compatible; AhrefsBot/7.0; +http://ahrefs.com/robot/)" "ysfine.com"
51.222.253.4 - - [03/Oct/2022:22:55:18 -0700] "GET /world/poland/jablo19b.jpg HTTP/1.1" 200 49913 "-" "Mozilla/5.0 (compatible; AhrefsBot/7.0; +http://ahrefs.com/robot/)" "ysfine.com"
51.222.253.7 - - [03/Oct/2022:22:55:18 -0700] "GET /dirac/hazi22.jpg HTTP/1.1" 200 37344 "-" "Mozilla/5.0 (compatible; AhrefsBot/7.0; +http://ahrefs.com/robot/)" "ysfine.com"
93.158.161.59 - - [03/Oct/2022:22:55:19 -0700] "GET /world/germany/mucf20.jpg HTTP/1.1" 200 109924 "-" "Mozilla/5.0 (compatible; YandexImages/3.0; +http://yandex.com/bots)" "www.ysfine.com"
195.191.219.133 - - [03/Oct/2022:22:55:23 -0700] "GET /robots.txt HTTP/1.1" 404 73 "-" "Mozilla/5.0 (compatible; MJ12bot/v1.4.8; http://mj12bot.com/)" "ysfine.com"
195.191.219.133 - - [03/Oct/2022:22:55:28 -0700] "GET / HTTP/1.1" 200 5283 "-" "Mozilla/5.0 (compatible; MJ12bot/v1.4.8; http://mj12bot.com/)" "ysfine.com"
173.73.80.118 - - [03/Oct/2022:22:55:34 -0700] "GET /home/bio01.html HTTP/1.1" 200 6099 "https://ysfine.com/ys11/" "Mozilla/5.0 (Windows NT 10.0; Win64; x64) AppleWebKit/537.36 (KHTML, like Gecko) Chrome/105.0.0.0 Safari/537.36" "ysfine.com"
173.73.80.118 - - [03/Oct/2022:22:55:42 -0700] "GET /home/bio10.html HTTP/1.1" 200 4200 "https://ysfine.com/ys11/" "Mozilla/5.0 (Windows NT 10.0; Win64; x64) AppleWebKit/537.36 (KHTML, like Gecko) Chrome/105.0.0.0 Safari/537.36" "ysfine.com"
173.73.80.118 - - [03/Oct/2022:22:55:42 -0700] "GET /home/fotos/bridge11f.jpg HTTP/1.1" 200 104274 "https://ysfine.com/home/bio10.html" "Mozilla/5.0 (Windows NT 10.0; Win64; x64) AppleWebKit/537.36 (KHTML, like Gecko) Chrome/105.0.0.0 Safari/537.36" "ysfine.com"
173.73.80.118 - - [03/Oct/2022:22:55:42 -0700] "GET /home/figs/pwk450.jpg HTTP/1.1" 304 - "https://ysfine.com/home/bio10.html" "Mozilla/5.0 (Windows NT 10.0; Win64; x64) AppleWebKit/537.36 (KHTML, like Gecko) Chrome/105.0.0.0 Safari/537.36" "ysfine.com"
173.73.80.118 - - [03/Oct/2022:22:55:42 -0700] "GET /home/fotos/einbohr11d.jpg HTTP/1.1" 200 63963 "https://ysfine.com/home/bio10.html" "Mozilla/5.0 (Windows NT 10.0; Win64; x64) AppleWebKit/537.36 (KHTML, like Gecko) Chrome/105.0.0.0 Safari/537.36" "ysfine.com"
173.73.80.118 - - [03/Oct/2022:22:55:42 -0700] "GET /home/figs/evol77d.jpg HTTP/1.1" 200 66615 "https://ysfine.com/home/bio10.html" "Mozilla/5.0 (Windows NT 10.0; Win64; x64) AppleWebKit/537.36 (KHTML, like Gecko) Chrome/105.0.0.0 Safari/537.36" "ysfine.com"
157.55.39.58 - - [03/Oct/2022:22:55:51 -0700] "GET /sbk/2007verein.jpg HTTP/1.1" 200 114552 "-" "Mozilla/5.0 (compatible; bingbot/2.0; +http://www.bing.com/bingbot.htm)" "ysfine.com"
172.58.227.40 - - [03/Oct/2022:22:56:03 -0700] "GET /dirac/diracbul.jpg HTTP/1.1" 200 130193 "https://www.google.com/" "Mozilla/5.0 (Linux; Android 12; SM-M315F) AppleWebKit/537.36 (KHTML, like Gecko) Chrome/105.0.0.0 Mobile Safari/537.36" "ysfine.com"
172.58.227.40 - - [03/Oct/2022:22:56:14 -0700] "GET /dirac/dirac11.jpg HTTP/1.1" 200 94245 "https://www.google.com/" "Mozilla/5.0 (Linux; Android 12; SM-M315F) AppleWebKit/537.36 (KHTML, like Gecko) Chrome/105.0.0.0 Mobile Safari/537.36" "ysfine.com"
157.55.39.58 - - [03/Oct/2022:22:56:30 -0700] "GET /dirac/wigsis22.jpg HTTP/1.1" 200 39975 "-" "Mozilla/5.0 (compatible; bingbot/2.0; +http://www.bing.com/bingbot.htm)" "ysfine.com"
114.119.128.142 - - [03/Oct/2022:22:56:36 -0700] "GET /class54/class5470/total_data/photo_img/1-11.jpg HTTP/1.1" 200 238620 "https://ysfine.com/class54/class5470/total_data/sub_111.htm" "Mozilla/5.0 (Linux; Android 7.0;) AppleWebKit/537.36 (KHTML, like Gecko) Mobile Safari/537.36 (compatible; PetalBot;+https://webmaster.petalsearch.com/site/petalbot)" "ysfine.com"
51.222.253.5 - - [03/Oct/2022:22:56:49 -0700] "GET /world/jeru.html HTTP/1.1" 200 6991 "-" "Mozilla/5.0 (compatible; AhrefsBot/7.0; +http://ahrefs.com/robot/)" "ysfine.com"
51.222.253.4 - - [03/Oct/2022:22:56:53 -0700] "GET /world/israel/jeruf02c.jpg HTTP/1.1" 200 45756 "-" "Mozilla/5.0 (compatible; AhrefsBot/7.0; +http://ahrefs.com/robot/)" "ysfine.com"
51.222.253.19 - - [03/Oct/2022:22:56:53 -0700] "GET /world/israel/jeru26c.jpg HTTP/1.1" 200 41762 "-" "Mozilla/5.0 (compatible; AhrefsBot/7.0; +http://ahrefs.com/robot/)" "ysfine.com"
51.222.253.8 - - [03/Oct/2022:22:56:54 -0700] "GET /world/israel/jeru10c.jpg HTTP/1.1" 200 35427 "-" "Mozilla/5.0 (compatible; AhrefsBot/7.0; +http://ahrefs.com/robot/)" "ysfine.com"
51.222.253.13 - - [03/Oct/2022:22:56:54 -0700] "GET /world/israel/jeru64c.jpg HTTP/1.1" 200 44655 "-" "Mozilla/5.0 (compatible; AhrefsBot/7.0; +http://ahrefs.com/robot/)" "ysfine.com"
51.222.253.15 - - [03/Oct/2022:22:56:55 -0700] "GET /world/israel/jeru43c.jpg HTTP/1.1" 200 40941 "-" "Mozilla/5.0 (compatible; AhrefsBot/7.0; +http://ahrefs.com/robot/)" "ysfine.com"
51.222.253.4 - - [03/Oct/2022:22:56:55 -0700] "GET /world/israel/tlvf01c.jpg HTTP/1.1" 200 33230 "-" "Mozilla/5.0 (compatible; AhrefsBot/7.0; +http://ahrefs.com/robot/)" "ysfine.com"
51.222.253.18 - - [03/Oct/2022:22:56:55 -0700] "GET /world/israel/jeru57c.jpg HTTP/1.1" 200 37074 "-" "Mozilla/5.0 (compatible; AhrefsBot/7.0; +http://ahrefs.com/robot/)" "ysfine.com"
51.222.253.9 - - [03/Oct/2022:22:56:56 -0700] "GET /world/israel/jeru05c.jpg HTTP/1.1" 200 38846 "-" "Mozilla/5.0 (compatible; AhrefsBot/7.0; +http://ahrefs.com/robot/)" "ysfine.com"
157.55.39.128 - - [03/Oct/2022:22:56:56 -0700] "GET /world/scandi/copen062.jpg HTTP/1.1" 200 79353 "-" "Mozilla/5.0 (compatible; bingbot/2.0; +http://www.bing.com/bingbot.htm)" "ysfine.com"
51.222.253.16 - - [03/Oct/2022:22:56:56 -0700] "GET /world/israel/tlv01c.jpg HTTP/1.1" 200 36724 "-" "Mozilla/5.0 (compatible; AhrefsBot/7.0; +http://ahrefs.com/robot/)" "ysfine.com"
51.222.253.11 - - [03/Oct/2022:22:56:57 -0700] "GET /world/israel/tlv22c.jpg HTTP/1.1" 200 37242 "-" "Mozilla/5.0 (compatible; AhrefsBot/7.0; +http://ahrefs.com/robot/)" "ysfine.com"
51.222.253.2 - - [03/Oct/2022:22:56:57 -0700] "GET /world/israel/helena11c.jpg HTTP/1.1" 200 63919 "-" "Mozilla/5.0 (compatible; AhrefsBot/7.0; +http://ahrefs.com/robot/)" "ysfine.com"
51.222.253.17 - - [03/Oct/2022:22:56:58 -0700] "GET /world/israel/jeru45c.jpg HTTP/1.1" 200 49227 "-" "Mozilla/5.0 (compatible; AhrefsBot/7.0; +http://ahrefs.com/robot/)" "ysfine.com"
51.222.253.12 - - [03/Oct/2022:22:56:58 -0700] "GET /world/israel/tlv11c.jpg HTTP/1.1" 200 34147 "-" "Mozilla/5.0 (compatible; AhrefsBot/7.0; +http://ahrefs.com/robot/)" "ysfine.com"
51.222.253.10 - - [03/Oct/2022:22:56:58 -0700] "GET /world/ricksteves11c.jpg HTTP/1.1" 200 42537 "-" "Mozilla/5.0 (compatible; AhrefsBot/7.0; +http://ahrefs.com/robot/)" "ysfine.com"
51.222.253.14 - - [03/Oct/2022:22:56:59 -0700] "GET /world/israel/tlvf11c.jpg HTTP/1.1" 200 47896 "-" "Mozilla/5.0 (compatible; AhrefsBot/7.0; +http://ahrefs.com/robot/)" "ysfine.com"
51.222.253.14 - - [03/Oct/2022:22:56:59 -0700] "GET /dongio/israel02c.jpg HTTP/1.1" 404 88 "-" "Mozilla/5.0 (compatible; AhrefsBot/7.0; +http://ahrefs.com/robot/)" "ysfine.com"
51.222.253.6 - - [03/Oct/2022:22:56:59 -0700] "GET /world/israel/jeru65c.jpg HTTP/1.1" 200 43723 "-" "Mozilla/5.0 (compatible; AhrefsBot/7.0; +http://ahrefs.com/robot/)" "ysfine.com"
51.222.253.6 - - [03/Oct/2022:22:57:00 -0700] "GET /world/israel/jeru12c.jpg HTTP/1.1" 200 30503 "-" "Mozilla/5.0 (compatible; AhrefsBot/7.0; +http://ahrefs.com/robot/)" "ysfine.com"
