88.99.251.222 - - [04/Oct/2022:16:50:02 -0700] "GET /wigner/yswig.html HTTP/1.1" 200 7067 "-" "Mozilla/5.0 (compatible; BLEXBot/1.0; +http://webmeup-crawler.com/)" "www.ysfine.com"
88.99.251.222 - - [04/Oct/2022:16:50:07 -0700] "GET /wisdom/koelectric.html HTTP/1.1" 200 5212 "-" "Mozilla/5.0 (compatible; BLEXBot/1.0; +http://webmeup-crawler.com/)" "ysfine.com"
88.99.251.222 - - [04/Oct/2022:16:50:10 -0700] "GET /wisdom/wkstorie.html HTTP/1.1" 200 954 "-" "Mozilla/5.0 (compatible; BLEXBot/1.0; +http://webmeup-crawler.com/)" "ysfine.com"
88.99.251.222 - - [04/Oct/2022:16:50:13 -0700] "GET /world/andal.html HTTP/1.1" 200 10099 "-" "Mozilla/5.0 (compatible; BLEXBot/1.0; +http://webmeup-crawler.com/)" "www.ysfine.com"
88.99.251.222 - - [04/Oct/2022:16:50:20 -0700] "GET /world/balticw.html HTTP/1.1" 200 15785 "-" "Mozilla/5.0 (compatible; BLEXBot/1.0; +http://webmeup-crawler.com/)" "www.ysfine.com"
88.99.251.222 - - [04/Oct/2022:16:50:26 -0700] "GET /world/brit/etonharrow.html HTTP/1.1" 200 4546 "-" "Mozilla/5.0 (compatible; BLEXBot/1.0; +http://webmeup-crawler.com/)" "www.ysfine.com"
88.99.251.222 - - [04/Oct/2022:16:50:43 -0700] "GET /world/budapest.html HTTP/1.1" 200 8325 "-" "Mozilla/5.0 (compatible; BLEXBot/1.0; +http://webmeup-crawler.com/)" "www.ysfine.com"
88.99.251.222 - - [04/Oct/2022:16:50:53 -0700] "GET /world/cambr.html HTTP/1.1" 200 6189 "-" "Mozilla/5.0 (compatible; BLEXBot/1.0; +http://webmeup-crawler.com/)" "www.ysfine.com"
88.99.251.222 - - [04/Oct/2022:16:50:59 -0700] "GET /world/china/hongkong.html HTTP/1.1" 200 4914 "-" "Mozilla/5.0 (compatible; BLEXBot/1.0; +http://webmeup-crawler.com/)" "ysfine.com"
88.99.251.222 - - [04/Oct/2022:16:51:07 -0700] "GET /world/china11.html HTTP/1.1" 200 24682 "-" "Mozilla/5.0 (compatible; BLEXBot/1.0; +http://webmeup-crawler.com/)" "www.ysfine.com"
88.99.251.222 - - [04/Oct/2022:16:51:11 -0700] "GET /world/chinaw.html HTTP/1.1" 404 88 "-" "Mozilla/5.0 (compatible; BLEXBot/1.0; +http://webmeup-crawler.com/)" "ysfine.com"
88.99.251.222 - - [04/Oct/2022:16:51:18 -0700] "GET /world/feynrio.html HTTP/1.1" 200 8831 "-" "Mozilla/5.0 (compatible; BLEXBot/1.0; +http://webmeup-crawler.com/)" "www.ysfine.com"
88.99.251.222 - - [04/Oct/2022:16:51:24 -0700] "GET /world/florence.html HTTP/1.1" 200 9706 "-" "Mozilla/5.0 (compatible; BLEXBot/1.0; +http://webmeup-crawler.com/)" "www.ysfine.com"
157.55.39.58 - - [04/Oct/2022:16:51:26 -0700] "GET /kobak/1014.jpg HTTP/1.1" 200 125873 "-" "Mozilla/5.0 (compatible; bingbot/2.0; +http://www.bing.com/bingbot.htm)" "www.ysfine.com"
88.99.251.222 - - [04/Oct/2022:16:51:29 -0700] "GET /world/france/metz51.html HTTP/1.1" 404 88 "-" "Mozilla/5.0 (compatible; BLEXBot/1.0; +http://webmeup-crawler.com/)" "ysfine.com"
88.99.251.222 - - [04/Oct/2022:16:51:36 -0700] "GET /world/germany.html HTTP/1.1" 200 474 "-" "Mozilla/5.0 (compatible; BLEXBot/1.0; +http://webmeup-crawler.com/)" "www.ysfine.com"
157.55.39.127 - - [04/Oct/2022:16:51:36 -0700] "GET /world/germany/nuremf03.jpg HTTP/1.1" 200 123246 "-" "Mozilla/5.0 (compatible; bingbot/2.0; +http://www.bing.com/bingbot.htm)" "www.ysfine.com"
88.99.251.222 - - [04/Oct/2022:16:51:39 -0700] "GET /world/greece.html HTTP/1.1" 200 291 "-" "Mozilla/5.0 (compatible; BLEXBot/1.0; +http://webmeup-crawler.com/)" "www.ysfine.com"
88.99.251.222 - - [04/Oct/2022:16:51:41 -0700] "GET /world/home/index.html HTTP/1.1" 404 88 "-" "Mozilla/5.0 (compatible; BLEXBot/1.0; +http://webmeup-crawler.com/)" "ysfine.com"
88.99.251.222 - - [04/Oct/2022:16:51:44 -0700] "GET /world/index.html HTTP/1.1" 200 123 "-" "Mozilla/5.0 (compatible; BLEXBot/1.0; +http://webmeup-crawler.com/)" "www.ysfine.com"
88.99.251.222 - - [04/Oct/2022:16:51:53 -0700] "GET /world/istanbul.html HTTP/1.1" 200 11361 "-" "Mozilla/5.0 (compatible; BLEXBot/1.0; +http://webmeup-crawler.com/)" "www.ysfine.com"
88.99.251.222 - - [04/Oct/2022:16:51:59 -0700] "GET /world/jeru.html HTTP/1.1" 200 6991 "-" "Mozilla/5.0 (compatible; BLEXBot/1.0; +http://webmeup-crawler.com/)" "www.ysfine.com"
40.77.167.27 - - [04/Oct/2022:16:52:03 -0700] "GET /dirac/westmin12c.jpg HTTP/1.1" 200 50280 "-" "Mozilla/5.0 (compatible; bingbot/2.0; +http://www.bing.com/bingbot.htm)" "ysfine.com"
88.99.251.222 - - [04/Oct/2022:16:52:08 -0700] "GET /world/kalinin.html HTTP/1.1" 200 9595 "-" "Mozilla/5.0 (compatible; BLEXBot/1.0; +http://webmeup-crawler.com/)" "www.ysfine.com"
88.99.251.222 - - [04/Oct/2022:16:52:14 -0700] "GET /world/kazan.html HTTP/1.1" 200 13929 "-" "Mozilla/5.0 (compatible; BLEXBot/1.0; +http://webmeup-crawler.com/)" "www.ysfine.com"
88.99.251.222 - - [04/Oct/2022:16:52:24 -0700] "GET /world/kiev.html HTTP/1.1" 200 4582 "-" "Mozilla/5.0 (compatible; BLEXBot/1.0; +http://webmeup-crawler.com/)" "www.ysfine.com"
88.99.251.222 - - [04/Oct/2022:16:52:32 -0700] "GET /world/london.html HTTP/1.1" 200 16969 "-" "Mozilla/5.0 (compatible; BLEXBot/1.0; +http://webmeup-crawler.com/)" "www.ysfine.com"
88.99.251.222 - - [04/Oct/2022:16:52:36 -0700] "GET /world/minsk.html HTTP/1.1" 200 7116 "-" "Mozilla/5.0 (compatible; BLEXBot/1.0; +http://webmeup-crawler.com/)" "www.ysfine.com"
88.99.251.222 - - [04/Oct/2022:16:52:45 -0700] "GET /world/moscow.html HTTP/1.1" 200 21363 "-" "Mozilla/5.0 (compatible; BLEXBot/1.0; +http://webmeup-crawler.com/)" "www.ysfine.com"
88.99.251.222 - - [04/Oct/2022:16:52:55 -0700] "GET /world/musplace.html HTTP/1.1" 200 22077 "-" "Mozilla/5.0 (compatible; BLEXBot/1.0; +http://webmeup-crawler.com/)" "www.ysfine.com"
88.99.251.222 - - [04/Oct/2022:16:53:02 -0700] "GET /world/paris.html HTTP/1.1" 200 18129 "-" "Mozilla/5.0 (compatible; BLEXBot/1.0; +http://webmeup-crawler.com/)" "www.ysfine.com"
88.99.251.222 - - [04/Oct/2022:16:53:06 -0700] "GET /world/polandk.html HTTP/1.1" 200 5993 "-" "Mozilla/5.0 (compatible; BLEXBot/1.0; +http://webmeup-crawler.com/)" "www.ysfine.com"
88.99.251.222 - - [04/Oct/2022:16:53:09 -0700] "GET /world/polandw.html HTTP/1.1" 200 17892 "-" "Mozilla/5.0 (compatible; BLEXBot/1.0; +http://webmeup-crawler.com/)" "www.ysfine.com"
18.191.37.105 - - [04/Oct/2022:16:53:10 -0700] "GET /ads.txt HTTP/1.1" 404 88 "http://ysfine.com/ads.txt" "AdsTxtCrawler/1.0; +https://github.com/InteractiveAdvertisingBureau/adstxtcrawler" "ysfine.com"
88.99.251.222 - - [04/Oct/2022:16:53:15 -0700] "GET /world/roma.html HTTP/1.1" 200 13994 "-" "Mozilla/5.0 (compatible; BLEXBot/1.0; +http://webmeup-crawler.com/)" "www.ysfine.com"
88.99.251.222 - - [04/Oct/2022:16:53:24 -0700] "GET /world/scanw.html HTTP/1.1" 200 8407 "-" "Mozilla/5.0 (compatible; BLEXBot/1.0; +http://webmeup-crawler.com/)" "www.ysfine.com"
88.99.251.222 - - [04/Oct/2022:16:53:28 -0700] "GET /world/spb.html HTTP/1.1" 200 16118 "-" "Mozilla/5.0 (compatible; BLEXBot/1.0; +http://webmeup-crawler.com/)" "www.ysfine.com"
88.99.251.222 - - [04/Oct/2022:16:53:33 -0700] "GET /world/stuttgart.html HTTP/1.1" 200 4926 "-" "Mozilla/5.0 (compatible; BLEXBot/1.0; +http://webmeup-crawler.com/)" "www.ysfine.com"
88.99.251.222 - - [04/Oct/2022:16:53:40 -0700] "GET /world/tdrome.html HTTP/1.1" 200 5611 "-" "Mozilla/5.0 (compatible; BLEXBot/1.0; +http://webmeup-crawler.com/)" "www.ysfine.com"
88.99.251.222 - - [04/Oct/2022:16:53:44 -0700] "GET /world/travel.html HTTP/1.1" 200 1633 "-" "Mozilla/5.0 (compatible; BLEXBot/1.0; +http://webmeup-crawler.com/)" "www.ysfine.com"
88.99.251.222 - - [04/Oct/2022:16:53:48 -0700] "GET /world/travel.html HTTP/1.1" 200 1633 "-" "Mozilla/5.0 (compatible; BLEXBot/1.0; +http://webmeup-crawler.com/)" "www.ysfine.com"
88.99.251.222 - - [04/Oct/2022:16:53:53 -0700] "GET /world/vienna.html HTTP/1.1" 200 7048 "-" "Mozilla/5.0 (compatible; BLEXBot/1.0; +http://webmeup-crawler.com/)" "www.ysfine.com"
88.99.251.222 - - [04/Oct/2022:16:54:00 -0700] "GET /world/wdrigh.html HTTP/1.1" 200 2217 "-" "Mozilla/5.0 (compatible; BLEXBot/1.0; +http://webmeup-crawler.com/)" "ysfine.com"
88.99.251.222 - - [04/Oct/2022:16:54:05 -0700] "GET /ys11/ht?tps://www.linkedin.com/in/young-kim-8a512014/ HTTP/1.1" 404 88 "-" "Mozilla/5.0 (compatible; BLEXBot/1.0; +http://webmeup-crawler.com/)" "www.ysfine.com"
88.99.251.222 - - [04/Oct/2022:16:54:12 -0700] "GET /ys11/index.html HTTP/1.1" 200 3410 "-" "Mozilla/5.0 (compatible; BLEXBot/1.0; +http://webmeup-crawler.com/)" "ysfine.com"
88.99.251.222 - - [04/Oct/2022:16:54:17 -0700] "GET /ys11/index.html HTTP/1.1" 200 3410 "-" "Mozilla/5.0 (compatible; BLEXBot/1.0; +http://webmeup-crawler.com/)" "www.ysfine.com"
88.99.251.222 - - [04/Oct/2022:16:54:27 -0700] "GET /ys11/onetime.html HTTP/1.1" 200 403 "-" "Mozilla/5.0 (compatible; BLEXBot/1.0; +http://webmeup-crawler.com/)" "www.ysfine.com"
88.99.251.222 - - [04/Oct/2022:16:54:32 -0700] "GET /ys22/dondon.html HTTP/1.1" 401 90 "-" "Mozilla/5.0 (compatible; BLEXBot/1.0; +http://webmeup-crawler.com/)" "www.ysfine.com"
88.99.251.222 - - [04/Oct/2022:16:54:36 -0700] "GET /ys22/index.html HTTP/1.1" 401 90 "-" "Mozilla/5.0 (compatible; BLEXBot/1.0; +http://webmeup-crawler.com/)" "www.ysfine.com"
89.34.98.79 - - [04/Oct/2022:16:55:02 -0700] "GET /world/brit/eton01.jpg HTTP/1.1" 200 126845 "https://www.google.com/" "Mozilla/5.0 (Windows NT 10.0; Win64; x64; rv:105.0) Gecko/20100101 Firefox/105.0" "ysfine.com"
40.77.167.27 - - [04/Oct/2022:16:55:22 -0700] "GET /world/germany/tub10b.jpg HTTP/1.1" 200 43201 "-" "Mozilla/5.0 (compatible; bingbot/2.0; +http://www.bing.com/bingbot.htm)" "ysfine.com"
121.53.181.255 - - [04/Oct/2022:16:55:49 -0700] "GET /wisdom HTTP/1.1" 301 1407 "http://ysfine.com/wisdom" "facebookexternalhit/1.1; kakaotalk-scrap/1.0; +https://devtalk.kakao.com/t/scrap/33984" "ysfine.com"
121.53.181.255 - - [04/Oct/2022:16:55:49 -0700] "GET /wisdom/ HTTP/1.1" 200 129 "https://ysfine.com/wisdom" "facebookexternalhit/1.1; kakaotalk-scrap/1.0; +https://devtalk.kakao.com/t/scrap/33984" "ysfine.com"
157.55.39.127 - - [04/Oct/2022:16:57:07 -0700] "GET /world/france/montpar07.jpg HTTP/1.1" 200 144729 "-" "Mozilla/5.0 AppleWebKit/537.36 (KHTML, like Gecko; compatible; bingbot/2.0; +http://www.bing.com/bingbot.htm) Chrome/103.0.5060.134 Safari/537.36" "ysfine.com"
157.55.39.58 - - [04/Oct/2022:16:57:27 -0700] "GET /dirac/dirackn33b.jpg HTTP/1.1" 200 48200 "-" "Mozilla/5.0 (compatible; bingbot/2.0; +http://www.bing.com/bingbot.htm)" "ysfine.com"
157.55.39.55 - - [04/Oct/2022:16:58:51 -0700] "GET /sbk/2010paris89.jpg HTTP/1.1" 200 118413 "-" "Mozilla/5.0 (compatible; bingbot/2.0; +http://www.bing.com/bingbot.htm)" "www.ysfine.com"
207.46.13.102 - - [04/Oct/2022:16:59:23 -0700] "GET /world/ital/rome103b.jpg HTTP/1.1" 200 47660 "-" "Mozilla/5.0 (compatible; bingbot/2.0; +http://www.bing.com/bingbot.htm)" "ysfine.com"
82.22.164.168 - - [04/Oct/2022:17:02:08 -0700] "GET /wigner/wiglittle.pdf HTTP/1.1" 206 1025 "-" "Mozilla/5.0 (Windows NT 10.0; Win64; x64) AppleWebKit/537.36 (KHTML, like Gecko) Chrome/105.0.0.0 Safari/537.36" "ysfine.com"
82.22.164.168 - - [04/Oct/2022:17:02:08 -0700] "GET /wigner/wiglittle.pdf HTTP/1.1" 200 2659296 "-" "Mozilla/5.0 (Windows NT 10.0; Win64; x64) AppleWebKit/537.36 (KHTML, like Gecko) Chrome/105.0.0.0 Safari/537.36" "ysfine.com"
157.55.39.127 - - [04/Oct/2022:17:04:27 -0700] "GET /world/baltic/riga57b.jpg HTTP/1.1" 200 34801 "-" "Mozilla/5.0 (compatible; bingbot/2.0; +http://www.bing.com/bingbot.htm)" "ysfine.com"
107.184.138.48 - - [04/Oct/2022:17:05:43 -0700] "GET /maga/phys/yukafeyn.jpg HTTP/1.1" 200 111167 "https://www.google.com/" "Mozilla/5.0 (Windows NT 10.0; Win64; x64) AppleWebKit/537.36 (KHTML, like Gecko) Chrome/105.0.0.0 Safari/537.36" "ysfine.com"
24.49.37.101 - - [04/Oct/2022:17:08:54 -0700] "GET /wdc/lafpark01.jpg HTTP/1.1" 200 119826 "https://www.google.com/" "Mozilla/5.0 (Macintosh; Intel Mac OS X 10_15_6) AppleWebKit/605.1.15 (KHTML, like Gecko) Version/15.6.1 Safari/605.1.15" "ysfine.com"
207.46.13.102 - - [04/Oct/2022:17:09:33 -0700] "GET /princeton/billbo11.jpg HTTP/1.1" 200 99155 "-" "Mozilla/5.0 (compatible; bingbot/2.0; +http://www.bing.com/bingbot.htm)" "ysfine.com"
40.77.167.27 - - [04/Oct/2022:17:10:54 -0700] "GET /people/facu63b.jpg HTTP/1.1" 200 47712 "-" "Mozilla/5.0 AppleWebKit/537.36 (KHTML, like Gecko; compatible; bingbot/2.0; +http://www.bing.com/bingbot.htm) Chrome/103.0.5060.134 Safari/537.36" "www.ysfine.com"
123.125.109.111 - - [04/Oct/2022:17:11:40 -0700] "GET / HTTP/1.1" 200 5283 "-" "Sogou web spider/4.0(+http://www.sogou.com/docs/help/webmasters.htm#07)" "www.ysfine.com"
198.235.24.173 - - [04/Oct/2022:17:12:26 -0700] "GET / HTTP/1.1" 200 15910 "-" "Expanse, a Palo Alto Networks company, searches across the global IPv4 space multiple times per day to identify customers&#39; presences on the Internet. If you would like to be excluded from our scans, please send IP addresses/domains to: scaninfo@paloaltonetworks.com" "ysfine.com"
207.46.13.102 - - [04/Oct/2022:17:12:44 -0700] "GET /fbook/rhee34.jpg HTTP/1.1" 200 211543 "-" "Mozilla/5.0 (compatible; bingbot/2.0; +http://www.bing.com/bingbot.htm)" "ysfine.com"
157.55.39.128 - - [04/Oct/2022:17:13:02 -0700] "GET /world/brit/dunf07.jpg HTTP/1.1" 200 134742 "-" "Mozilla/5.0 (compatible; bingbot/2.0; +http://www.bing.com/bingbot.htm)" "www.ysfine.com"
216.244.66.229 - - [04/Oct/2022:17:13:24 -0700] "GET /robots.txt HTTP/1.1" 404 73 "-" "Mozilla/5.0 (compatible; DotBot/1.2; +https://opensiteexplorer.org/dotbot; help@moz.com)" "www.ysfine.com"
207.46.13.102 - - [04/Oct/2022:17:13:35 -0700] "GET /world/russ/basil22.jpg HTTP/1.1" 200 134130 "-" "Mozilla/5.0 (compatible; bingbot/2.0; +http://www.bing.com/bingbot.htm)" "www.ysfine.com"
216.244.66.229 - - [04/Oct/2022:17:15:38 -0700] "GET /ffriends/erico11.jpg HTTP/1.1" 404 73 "-" "Mozilla/5.0 (compatible; DotBot/1.2; +https://opensiteexplorer.org/dotbot; help@moz.com)" "www.ysfine.com"
216.244.66.229 - - [04/Oct/2022:17:15:47 -0700] "GET /ffriends/ukravenice02.jpg HTTP/1.1" 200 82489 "-" "Mozilla/5.0 (compatible; DotBot/1.2; +https://opensiteexplorer.org/dotbot; help@moz.com)" "www.ysfine.com"
216.244.66.229 - - [04/Oct/2022:17:18:59 -0700] "GET /ffriends/aline/northwes18.jpg HTTP/1.1" 200 163785 "-" "Mozilla/5.0 (compatible; DotBot/1.2; +https://opensiteexplorer.org/dotbot; help@moz.com)" "www.ysfine.com"
216.244.66.229 - - [04/Oct/2022:17:19:37 -0700] "GET /ffriends/aline/pakis77.jpg HTTP/1.1" 200 102368 "-" "Mozilla/5.0 (compatible; DotBot/1.2; +https://opensiteexplorer.org/dotbot; help@moz.com)" "www.ysfine.com"
73.189.36.239 - - [04/Oct/2022:17:20:12 -0700] "GET /wigner/neum/slide2.jpg HTTP/1.1" 200 38569 "-" "Python-urllib/3.8" "ysfine.com"
200.68.165.20 - - [04/Oct/2022:17:22:21 -0700] "GET /princeton/dulles.jpg HTTP/1.1" 200 84176 "http://el9ymedio.com/" "Mozilla/5.0 (iPhone; CPU iPhone OS 15_6_1 like Mac OS X) AppleWebKit/605.1.15 (KHTML, like Gecko) Version/15.6.1 Mobile/15E148 Safari/604.1" "ysfine.com"
207.46.13.102 - - [04/Oct/2022:17:22:35 -0700] "GET /world/ital/venice29ff.jpg HTTP/1.1" 200 126317 "-" "Mozilla/5.0 (compatible; bingbot/2.0; +http://www.bing.com/bingbot.htm)" "ysfine.com"
157.55.39.128 - - [04/Oct/2022:17:24:05 -0700] "GET /world/russ/kazan056.jpg HTTP/1.1" 200 149705 "-" "Mozilla/5.0 (compatible; bingbot/2.0; +http://www.bing.com/bingbot.htm)" "www.ysfine.com"
45.161.1.119 - - [04/Oct/2022:17:24:16 -0700] "GET /wigner/neum/vnc01.jpg HTTP/1.1" 200 133641 "https://sites.google.com/" "Mozilla/5.0 (Linux; Android 9; moto g(6) play) AppleWebKit/537.36 (KHTML, like Gecko) Chrome/106.0.0.0 Mobile Safari/537.36" "ysfine.com"
157.55.39.58 - - [04/Oct/2022:17:24:20 -0700] "GET /world/germany/dresdenf16b.jpg HTTP/1.1" 200 44293 "-" "Mozilla/5.0 (compatible; bingbot/2.0; +http://www.bing.com/bingbot.htm)" "www.ysfine.com"
68.183.93.28 - - [04/Oct/2022:17:24:42 -0700] "GET /wp-22.php?sfilename=on.php&sfilecontent=<%3F%3D409723%2A20%3B&supfiles=on.php HTTP/1.1" 404 73 "-" "Mozilla/5.0 (Linux; Android 9; SAMSUNG SM-G950F) AppleWebKit/537.36 (KHTML, like Gecko) SamsungBrowser/12.1 Chrome/79.0.3945.136 Mobile Safari/537.36" "ysfine.com"
157.55.39.55 - - [04/Oct/2022:17:24:44 -0700] "GET /wdc/whxmas/whxmas15.jpg HTTP/1.1" 200 62841 "-" "Mozilla/5.0 (compatible; bingbot/2.0; +http://www.bing.com/bingbot.htm)" "ysfine.com"
207.46.13.102 - - [04/Oct/2022:17:25:35 -0700] "GET /wdc/pulaski01.jpg HTTP/1.1" 200 281060 "-" "Mozilla/5.0 (compatible; bingbot/2.0; +http://www.bing.com/bingbot.htm)" "ysfine.com"
24.120.176.68 - - [04/Oct/2022:17:25:45 -0700] "GET /world/brit/parlia09.jpg HTTP/1.1" 200 123817 "https://www.bing.com/" "Mozilla/5.0 (Linux; Android 9; KFKAWI) AppleWebKit/537.36 (KHTML, like Gecko) Silk/104.2.16 like Chrome/104.0.5112.114 Safari/537.36" "ysfine.com"
157.55.39.58 - - [04/Oct/2022:17:25:52 -0700] "GET /wdc/kennedyc17b.jpg HTTP/1.1" 200 38708 "-" "Mozilla/5.0 (compatible; bingbot/2.0; +http://www.bing.com/bingbot.htm)" "www.ysfine.com"
216.244.66.229 - - [04/Oct/2022:17:26:54 -0700] "GET /people/sbtwein.html HTTP/1.1" 200 424 "-" "Mozilla/5.0 (compatible; DotBot/1.2; +https://opensiteexplorer.org/dotbot; help@moz.com)" "www.ysfine.com"
207.46.13.102 - - [04/Oct/2022:17:27:06 -0700] "GET /people/kilin11.jpg HTTP/1.1" 200 103596 "-" "Mozilla/5.0 (compatible; bingbot/2.0; +http://www.bing.com/bingbot.htm)" "www.ysfine.com"
157.55.39.127 - - [04/Oct/2022:17:27:41 -0700] "GET /kobak/jeep33.jpg HTTP/1.1" 200 76715 "-" "Mozilla/5.0 AppleWebKit/537.36 (KHTML, like Gecko; compatible; bingbot/2.0; +http://www.bing.com/bingbot.htm) Chrome/103.0.5060.134 Safari/537.36" "ysfine.com"
216.244.66.229 - - [04/Oct/2022:17:27:54 -0700] "GET /world/germany/dresdenf16.jpg HTTP/1.1" 200 286901 "-" "Mozilla/5.0 (compatible; DotBot/1.2; +https://opensiteexplorer.org/dotbot; help@moz.com)" "www.ysfine.com"
40.77.167.27 - - [04/Oct/2022:17:28:36 -0700] "GET /world/israel/jeru08.jpg HTTP/1.1" 200 179588 "-" "Mozilla/5.0 (compatible; bingbot/2.0; +http://www.bing.com/bingbot.htm)" "ysfine.com"
216.244.66.229 - - [04/Oct/2022:17:28:38 -0700] "GET /world/russ/minsk067.jpg HTTP/1.1" 200 105004 "-" "Mozilla/5.0 (compatible; DotBot/1.2; +https://opensiteexplorer.org/dotbot; help@moz.com)" "www.ysfine.com"
216.244.66.229 - - [04/Oct/2022:17:29:09 -0700] "GET /world/russ/mosf36.jpg HTTP/1.1" 200 131282 "-" "Mozilla/5.0 (compatible; DotBot/1.2; +https://opensiteexplorer.org/dotbot; help@moz.com)" "www.ysfine.com"
216.244.66.229 - - [04/Oct/2022:17:29:38 -0700] "GET /world/russ/spbpi05.jpg HTTP/1.1" 200 68421 "-" "Mozilla/5.0 (compatible; DotBot/1.2; +https://opensiteexplorer.org/dotbot; help@moz.com)" "www.ysfine.com"
40.88.21.235 - - [04/Oct/2022:17:29:39 -0700] "GET / HTTP/1.1" 200 5283 "https://ysfine.com/" "Mozilla/5.0 (compatible; DuckDuckGo-Favicons-Bot/1.0; +http://duckduckgo.com)" "ysfine.com"
40.88.21.235 - - [04/Oct/2022:17:29:39 -0700] "GET /favicon.ico HTTP/1.1" 404 88 "https://ysfine.com/favicon.ico" "Mozilla/5.0 (compatible; DuckDuckGo-Favicons-Bot/1.0; +http://duckduckgo.com)" "ysfine.com"
40.88.21.235 - - [04/Oct/2022:17:29:39 -0700] "GET /favicon.ico HTTP/1.1" 404 88 "https://ysfine.com/favicon.ico" "Mozilla/5.0 (compatible; DuckDuckGo-Favicons-Bot/1.0; +http://duckduckgo.com)" "ysfine.com"
216.244.66.229 - - [04/Oct/2022:17:31:02 -0700] "GET /dongio/amkor/amkor01.jpg HTTP/1.1" 404 73 "-" "Mozilla/5.0 (compatible; DotBot/1.2; +https://opensiteexplorer.org/dotbot; help@moz.com)" "www.ysfine.com"
185.191.171.5 - - [04/Oct/2022:17:31:16 -0700] "GET /robots.txt HTTP/1.1" 404 88 "-" "Mozilla/5.0 (compatible; SemrushBot/7~bl; +http://www.semrush.com/bot.html)" "ysfine.com"
185.191.171.33 - - [04/Oct/2022:17:31:16 -0700] "GET /class54/class5470/total_data/sub_715.htm HTTP/1.1" 200 3294 "-" "Mozilla/5.0 (compatible; SemrushBot/7~bl; +http://www.semrush.com/bot.html)" "ysfine.com"
216.244.66.229 - - [04/Oct/2022:17:31:32 -0700] "GET /home/fotos/photo09.jpg HTTP/1.1" 200 102606 "-" "Mozilla/5.0 (compatible; DotBot/1.2; +https://opensiteexplorer.org/dotbot; help@moz.com)" "www.ysfine.com"
216.244.66.229 - - [04/Oct/2022:17:32:31 -0700] "GET /newyork/wtcob20.jpg HTTP/1.1" 200 177263 "-" "Mozilla/5.0 (compatible; DotBot/1.2; +https://opensiteexplorer.org/dotbot; help@moz.com)" "www.ysfine.com"
216.244.66.229 - - [04/Oct/2022:17:33:11 -0700] "GET /princeton/butler.html HTTP/1.1" 200 778 "-" "Mozilla/5.0 (compatible; DotBot/1.2; +https://opensiteexplorer.org/dotbot; help@moz.com)" "www.ysfine.com"
207.46.13.102 - - [04/Oct/2022:17:33:46 -0700] "GET /wdc/umd03b.jpg HTTP/1.1" 200 34740 "-" "Mozilla/5.0 (compatible; bingbot/2.0; +http://www.bing.com/bingbot.htm)" "ysfine.com"
157.55.39.128 - - [04/Oct/2022:17:33:56 -0700] "GET /maga/invent/marconi02b.jpg HTTP/1.1" 200 39480 "-" "Mozilla/5.0 (compatible; bingbot/2.0; +http://www.bing.com/bingbot.htm)" "ysfine.com"
157.55.39.58 - - [04/Oct/2022:17:34:21 -0700] "GET /usca/pitt/pitcn02.jpg HTTP/1.1" 200 131284 "-" "Mozilla/5.0 (compatible; bingbot/2.0; +http://www.bing.com/bingbot.htm)" "ysfine.com"
157.55.39.128 - - [04/Oct/2022:17:34:24 -0700] "GET /sbk/1969kang11.jpg HTTP/1.1" 200 81718 "-" "Mozilla/5.0 AppleWebKit/537.36 (KHTML, like Gecko; compatible; bingbot/2.0; +http://www.bing.com/bingbot.htm) Chrome/103.0.5060.134 Safari/537.36" "www.ysfine.com"
40.77.167.27 - - [04/Oct/2022:17:35:17 -0700] "GET /usca/pitt/knee22b.jpg HTTP/1.1" 200 43403 "-" "Mozilla/5.0 (compatible; bingbot/2.0; +http://www.bing.com/bingbot.htm)" "www.ysfine.com"
157.55.39.58 - - [04/Oct/2022:17:35:31 -0700] "GET /world/russ/minsk034b.jpg HTTP/1.1" 200 40968 "-" "Mozilla/5.0 (compatible; bingbot/2.0; +http://www.bing.com/bingbot.htm)" "ysfine.com"
216.244.66.229 - - [04/Oct/2022:17:35:41 -0700] "GET /world/france/sorbonnef05.jpg HTTP/1.1" 200 162619 "-" "Mozilla/5.0 (compatible; DotBot/1.2; +https://opensiteexplorer.org/dotbot; help@moz.com)" "www.ysfine.com"
172.58.176.67 - - [04/Oct/2022:17:35:52 -0700] "GET /world/france/stras17.jpg HTTP/1.1" 200 145827 "https://www.google.com/" "Mozilla/5.0 (Linux; Android 12; TMAF025G Build/SP1A.210812.016; wv) AppleWebKit/537.36 (KHTML, like Gecko) Version/4.0 Chrome/99.0.4844.88 Mobile Safari/537.36 GoogleApp/13.16.8.23.arm64" "ysfine.com"
216.244.66.229 - - [04/Oct/2022:17:36:11 -0700] "GET /world/germany/mucf22.jpg HTTP/1.1" 200 113670 "-" "Mozilla/5.0 (compatible; DotBot/1.2; +https://opensiteexplorer.org/dotbot; help@moz.com)" "www.ysfine.com"
157.55.39.58 - - [04/Oct/2022:17:36:41 -0700] "GET /world/germany/nuremf05.jpg HTTP/1.1" 200 131290 "-" "Mozilla/5.0 (compatible; bingbot/2.0; +http://www.bing.com/bingbot.htm)" "www.ysfine.com"
157.55.39.58 - - [04/Oct/2022:17:36:42 -0700] "GET /world/poland/coperni11.jpg HTTP/1.1" 200 135649 "-" "Mozilla/5.0 (compatible; bingbot/2.0; +http://www.bing.com/bingbot.htm)" "ysfine.com"
216.244.66.229 - - [04/Oct/2022:17:36:42 -0700] "GET /world/germany/salzmo15.jpg HTTP/1.1" 200 93657 "-" "Mozilla/5.0 (compatible; DotBot/1.2; +https://opensiteexplorer.org/dotbot; help@moz.com)" "www.ysfine.com"
157.55.39.127 - - [04/Oct/2022:17:37:01 -0700] "GET /world/russ/kazan056.jpg HTTP/1.1" 200 149705 "-" "Mozilla/5.0 (compatible; bingbot/2.0; +http://www.bing.com/bingbot.htm)" "ysfine.com"
216.244.66.229 - - [04/Oct/2022:17:37:18 -0700] "GET /world/hungary/buda014.jpg HTTP/1.1" 200 91720 "-" "Mozilla/5.0 (compatible; DotBot/1.2; +https://opensiteexplorer.org/dotbot; help@moz.com)" "www.ysfine.com"
17.121.112.159 - - [04/Oct/2022:17:38:13 -0700] "GET /maga/yukawa.html HTTP/1.1" 200 5658 "-" "Mozilla/5.0 (Macintosh; Intel Mac OS X 10_15_5) AppleWebKit/605.1.15 (KHTML, like Gecko) Version/13.1.1 Safari/605.1.15 (Applebot/0.1; +http://www.apple.com/go/applebot)" "www.ysfine.com"
216.244.66.229 - - [04/Oct/2022:17:38:18 -0700] "GET /world/japan/kyoto024.jpg HTTP/1.1" 200 143249 "-" "Mozilla/5.0 (compatible; DotBot/1.2; +https://opensiteexplorer.org/dotbot; help@moz.com)" "www.ysfine.com"
216.244.66.229 - - [04/Oct/2022:17:38:48 -0700] "GET /world/russ/novik44.jpg HTTP/1.1" 200 182168 "-" "Mozilla/5.0 (compatible; DotBot/1.2; +https://opensiteexplorer.org/dotbot; help@moz.com)" "www.ysfine.com"
207.46.13.102 - - [04/Oct/2022:17:39:26 -0700] "GET /wigner/wigwein33c.jpg HTTP/1.1" 200 47176 "-" "Mozilla/5.0 (compatible; bingbot/2.0; +http://www.bing.com/bingbot.htm)" "ysfine.com"
216.244.66.229 - - [04/Oct/2022:17:40:28 -0700] "GET /dongio/amkor/kostu18.jpg HTTP/1.1" 404 73 "-" "Mozilla/5.0 (compatible; DotBot/1.2; +https://opensiteexplorer.org/dotbot; help@moz.com)" "www.ysfine.com"
207.46.13.102 - - [04/Oct/2022:17:40:37 -0700] "GET /wigner/wigheis11b.jpg HTTP/1.1" 200 38703 "-" "Mozilla/5.0 (compatible; bingbot/2.0; +http://www.bing.com/bingbot.htm)" "www.ysfine.com"
185.191.171.6 - - [04/Oct/2022:17:40:44 -0700] "GET /class54/class5470/total_data/sub_138.htm HTTP/1.1" 200 3290 "-" "Mozilla/5.0 (compatible; SemrushBot/7~bl; +http://www.semrush.com/bot.html)" "ysfine.com"
216.244.66.229 - - [04/Oct/2022:17:40:57 -0700] "GET /dongio/omsk11.jpg HTTP/1.1" 404 73 "-" "Mozilla/5.0 (compatible; DotBot/1.2; +https://opensiteexplorer.org/dotbot; help@moz.com)" "www.ysfine.com"
40.77.167.27 - - [04/Oct/2022:17:41:17 -0700] "GET /newyork/trump49.jpg HTTP/1.1" 200 170604 "-" "Mozilla/5.0 (compatible; bingbot/2.0; +http://www.bing.com/bingbot.htm)" "ysfine.com"
185.191.171.34 - - [04/Oct/2022:17:41:37 -0700] "GET /class54/class5470/total_data/sub_114.htm HTTP/1.1" 200 3292 "-" "Mozilla/5.0 (compatible; SemrushBot/7~bl; +http://www.semrush.com/bot.html)" "ysfine.com"
157.55.39.127 - - [04/Oct/2022:17:41:41 -0700] "GET /kobak/sorae/grandpa11b.jpg HTTP/1.1" 200 20714 "-" "Mozilla/5.0 (compatible; bingbot/2.0; +http://www.bing.com/bingbot.htm)" "www.ysfine.com"
216.244.66.229 - - [04/Oct/2022:17:41:55 -0700] "GET /dongio/russny08.jpg HTTP/1.1" 404 73 "-" "Mozilla/5.0 (compatible; DotBot/1.2; +https://opensiteexplorer.org/dotbot; help@moz.com)" "www.ysfine.com"
216.244.66.229 - - [04/Oct/2022:17:42:25 -0700] "GET /newyork/carnegie04.jpg HTTP/1.1" 200 121336 "-" "Mozilla/5.0 (compatible; DotBot/1.2; +https://opensiteexplorer.org/dotbot; help@moz.com)" "www.ysfine.com"
207.46.13.102 - - [04/Oct/2022:17:42:48 -0700] "GET /newyork/seaport04.jpg HTTP/1.1" 200 198426 "-" "Mozilla/5.0 AppleWebKit/537.36 (KHTML, like Gecko; compatible; bingbot/2.0; +http://www.bing.com/bingbot.htm) Chrome/103.0.5060.134 Safari/537.36" "www.ysfine.com"
216.244.66.229 - - [04/Oct/2022:17:42:53 -0700] "GET /newyork/un11.jpg HTTP/1.1" 200 183963 "-" "Mozilla/5.0 (compatible; DotBot/1.2; +https://opensiteexplorer.org/dotbot; help@moz.com)" "www.ysfine.com"
157.55.39.55 - - [04/Oct/2022:17:42:56 -0700] "GET /people/princeton68b.jpg HTTP/1.1" 200 40218 "-" "Mozilla/5.0 AppleWebKit/537.36 (KHTML, like Gecko; compatible; bingbot/2.0; +http://www.bing.com/bingbot.htm) Chrome/103.0.5060.134 Safari/537.36" "ysfine.com"
185.191.171.33 - - [04/Oct/2022:17:43:16 -0700] "GET /class54/class5470/total_data/sub_238.htm HTTP/1.1" 200 3386 "-" "Mozilla/5.0 (compatible; SemrushBot/7~bl; +http://www.semrush.com/bot.html)" "ysfine.com"
207.46.13.102 - - [04/Oct/2022:17:43:17 -0700] "GET /princeton/nphd.jpg HTTP/1.1" 200 92709 "-" "Mozilla/5.0 (compatible; bingbot/2.0; +http://www.bing.com/bingbot.htm)" "ysfine.com"
216.244.66.229 - - [04/Oct/2022:17:43:25 -0700] "GET /princeton/govern.jpg HTTP/1.1" 200 114871 "-" "Mozilla/5.0 (compatible; DotBot/1.2; +https://opensiteexplorer.org/dotbot; help@moz.com)" "www.ysfine.com"
76.64.133.245 - - [04/Oct/2022:17:43:36 -0700] "GET /maga/phys/heisen22.jpg HTTP/1.1" 200 82807 "https://ca.images.search.yahoo.com/search/images;_ylt=AwrFefkw0zxjMhkHPsLrFAx.;_ylu=Y29sbwNiZjEEcG9zAzEEdnRpZAMEc2VjA3BpdnM-?p=heisenberg&fr2=piv-web&type=E211CA714G0&fr=mcafee" "Mozilla/5.0 (Windows NT 10.0; Win64; x64) AppleWebKit/537.36 (KHTML, like Gecko) Chrome/105.0.0.0 Safari/537.36" "ysfine.com"
40.77.167.27 - - [04/Oct/2022:17:43:49 -0700] "GET /world/russ/stalinorg11.jpg HTTP/1.1" 200 131143 "-" "Mozilla/5.0 (compatible; bingbot/2.0; +http://www.bing.com/bingbot.htm)" "www.ysfine.com"
216.244.66.229 - - [04/Oct/2022:17:44:23 -0700] "GET /wdc/usna21.jpg HTTP/1.1" 200 72602 "-" "Mozilla/5.0 (compatible; DotBot/1.2; +https://opensiteexplorer.org/dotbot; help@moz.com)" "www.ysfine.com"
34.132.71.103 - - [04/Oct/2022:17:45:30 -0700] "GET /feynman/feynman.jpg HTTP/1.1" 200 40536 "-" "Mozilla/5.0 (X11; Ubuntu; Linux x86_64; rv:72.0) Gecko/20100101 Firefox/72.0" "ysfine.com"
216.244.66.229 - - [04/Oct/2022:17:45:52 -0700] "GET /class54/class5470/total_data/sub_8170.htm HTTP/1.1" 200 15774 "-" "Mozilla/5.0 (compatible; DotBot/1.2; +https://opensiteexplorer.org/dotbot; help@moz.com)" "www.ysfine.com"
199.111.212.157 - - [04/Oct/2022:17:46:34 -0700] "GET /princeton/alexan22.jpg HTTP/1.1" 200 175436 "https://www.google.com/" "Mozilla/5.0 (Macintosh; Intel Mac OS X 10_15_7) AppleWebKit/537.36 (KHTML, like Gecko) Chrome/105.0.0.0 Safari/537.36" "ysfine.com"
216.244.66.229 - - [04/Oct/2022:17:47:22 -0700] "GET /sbk/1964aa.jpg HTTP/1.1" 200 72349 "-" "Mozilla/5.0 (compatible; DotBot/1.2; +https://opensiteexplorer.org/dotbot; help@moz.com)" "www.ysfine.com"
157.55.39.127 - - [04/Oct/2022:17:47:32 -0700] "GET /world/baltic/tallin48.jpg HTTP/1.1" 200 121140 "-" "Mozilla/5.0 AppleWebKit/537.36 (KHTML, like Gecko; compatible; bingbot/2.0; +http://www.bing.com/bingbot.htm) Chrome/103.0.5060.134 Safari/537.36" "ysfine.com"
42.72.183.199 - - [04/Oct/2022:17:47:41 -0700] "GET /yspapers/iopbook15.pdf HTTP/1.1" 200 2962673 "https://www.google.com/" "Mozilla/5.0 (Linux; Android 13; Pixel 6) AppleWebKit/537.36 (KHTML, like Gecko) Chrome/106.0.0.0 Mobile Safari/537.36" "ysfine.com"
42.72.183.199 - - [04/Oct/2022:17:47:41 -0700] "GET /yspapers/iopbook15.pdf HTTP/1.1" 206 1597340 "https://www.google.com/" "Mozilla/5.0 (Linux; Android 13; Pixel 6) AppleWebKit/537.36 (KHTML, like Gecko) Chrome/106.0.0.0 Mobile Safari/537.36" "ysfine.com"
157.55.39.127 - - [04/Oct/2022:17:48:23 -0700] "GET /kobak/underw31b.jpg HTTP/1.1" 200 42761 "-" "Mozilla/5.0 (compatible; bingbot/2.0; +http://www.bing.com/bingbot.htm)" "ysfine.com"
216.244.66.229 - - [04/Oct/2022:17:48:53 -0700] "GET /class54/class5470/total_data/sub_2116.htm HTTP/1.1" 200 14577 "-" "Mozilla/5.0 (compatible; DotBot/1.2; +https://opensiteexplorer.org/dotbot; help@moz.com)" "www.ysfine.com"
185.191.171.40 - - [04/Oct/2022:17:49:13 -0700] "GET /class54/class5470/total_data/sub_891.htm HTTP/1.1" 200 3497 "-" "Mozilla/5.0 (compatible; SemrushBot/7~bl; +http://www.semrush.com/bot.html)" "ysfine.com"
216.244.66.229 - - [04/Oct/2022:17:49:20 -0700] "GET /usca/pitt/chungho2.pdf HTTP/1.1" 200 453574 "-" "Mozilla/5.0 (compatible; DotBot/1.2; +https://opensiteexplorer.org/dotbot; help@moz.com)" "www.ysfine.com"
157.55.39.127 - - [04/Oct/2022:17:49:32 -0700] "GET /wigner/gim/gimn08.jpg HTTP/1.1" 200 92205 "-" "Mozilla/5.0 AppleWebKit/537.36 (KHTML, like Gecko; compatible; bingbot/2.0; +http://www.bing.com/bingbot.htm) Chrome/103.0.5060.134 Safari/537.36" "ysfine.com"
207.46.13.102 - - [04/Oct/2022:17:50:37 -0700] "GET /style/bstring33c.jpg HTTP/1.1" 200 28940 "-" "Mozilla/5.0 (compatible; bingbot/2.0; +http://www.bing.com/bingbot.htm)" "www.ysfine.com"
5.188.210.47 - - [04/Oct/2022:17:50:41 -0700] "GET /world/travel.html HTTP/1.1" 200 5186 "https://www.ysfine.com/world/travel.html" "Mozilla/5.0 (Windows NT 6.2; Win64; x64) AppleWebKit/537.36 (KHTML, like Gecko) Chrome/90.0.4430.72 Safari/537.36" "www.ysfine.com"
5.188.210.47 - - [04/Oct/2022:17:50:42 -0700] "GET / HTTP/1.1" 200 15910 "https://www.ysfine.com/" "Mozilla/5.0 (Windows NT 6.2; Win64; x64) AppleWebKit/537.36 (KHTML, like Gecko) Chrome/90.0.4430.72 Safari/537.36" "www.ysfine.com"
95.163.255.110 - - [04/Oct/2022:17:51:13 -0700] "GET /robots.txt HTTP/1.1" 404 73 "-" "Mozilla/5.0 (compatible; Linux x86_64; Mail.RU_Bot/Img/2.0; +https://help.mail.ru/webmaster/indexing/robots)" "ysfine.com"
40.77.167.27 - - [04/Oct/2022:17:51:29 -0700] "GET /style/cameras/sony120.jpg HTTP/1.1" 200 84161 "-" "Mozilla/5.0 AppleWebKit/537.36 (KHTML, like Gecko; compatible; bingbot/2.0; +http://www.bing.com/bingbot.htm) Chrome/103.0.5060.134 Safari/537.36" "www.ysfine.com"
40.77.167.27 - - [04/Oct/2022:17:52:28 -0700] "GET /world/poland/jablo13.jpg HTTP/1.1" 200 64557 "-" "Mozilla/5.0 (compatible; bingbot/2.0; +http://www.bing.com/bingbot.htm)" "ysfine.com"
151.80.20.26 - - [04/Oct/2022:17:52:32 -0700] "GET /wp-login.php HTTP/1.1" 404 88 "http://ysfine.com/wp-login.php" "Mozilla/5.0 (Windows NT 10.0; Win64; x64; rv:96.0) Gecko/20100101 Firefox/96" "ysfine.com"
207.46.13.102 - - [04/Oct/2022:17:54:19 -0700] "GET /style/johannstra11.jpg HTTP/1.1" 200 147737 "-" "Mozilla/5.0 (compatible; bingbot/2.0; +http://www.bing.com/bingbot.htm)" "ysfine.com"
40.77.167.27 - - [04/Oct/2022:17:54:41 -0700] "GET /kobak/arisaka99b.jpg HTTP/1.1" 200 48028 "-" "Mozilla/5.0 (compatible; bingbot/2.0; +http://www.bing.com/bingbot.htm)" "www.ysfine.com"
40.77.167.27 - - [04/Oct/2022:17:55:19 -0700] "GET /world/france/pariso15b.jpg HTTP/1.1" 200 37033 "-" "Mozilla/5.0 (compatible; bingbot/2.0; +http://www.bing.com/bingbot.htm)" "www.ysfine.com"
157.55.39.55 - - [04/Oct/2022:17:55:20 -0700] "GET /world/latina/guada33.jpg HTTP/1.1" 200 116149 "-" "Mozilla/5.0 (compatible; bingbot/2.0; +http://www.bing.com/bingbot.htm)" "ysfine.com"
157.55.39.127 - - [04/Oct/2022:17:56:43 -0700] "GET /world/ital/repub07b.jpg HTTP/1.1" 200 41690 "-" "Mozilla/5.0 AppleWebKit/537.36 (KHTML, like Gecko; compatible; bingbot/2.0; +http://www.bing.com/bingbot.htm) Chrome/103.0.5060.134 Safari/537.36" "ysfine.com"
185.191.171.23 - - [04/Oct/2022:17:58:02 -0700] "GET /class54/class5470/total_data/sub_8173.htm HTTP/1.1" 200 3498 "-" "Mozilla/5.0 (compatible; SemrushBot/7~bl; +http://www.semrush.com/bot.html)" "ysfine.com"
95.163.255.91 - - [04/Oct/2022:17:58:35 -0700] "GET /world/ital/panth05.jpg HTTP/1.1" 304 - "http://go.mail.ru/search_images" "Mozilla/5.0 (compatible; Linux x86_64; Mail.RU_Bot/Img/2.0; +https://help.mail.ru/webmaster/indexing/robots)" "ysfine.com"
157.55.39.58 - - [04/Oct/2022:17:59:04 -0700] "GET /world/germany/salzmo05.jpg HTTP/1.1" 200 115254 "-" "Mozilla/5.0 (compatible; bingbot/2.0; +http://www.bing.com/bingbot.htm)" "ysfine.com"
157.55.39.128 - - [04/Oct/2022:18:02:27 -0700] "GET /maga/phys/psphere01.jpg HTTP/1.1" 200 133024 "-" "Mozilla/5.0 (compatible; bingbot/2.0; +http://www.bing.com/bingbot.htm)" "ysfine.com"
157.55.39.128 - - [04/Oct/2022:18:02:29 -0700] "GET /wdc/wasopera11.jpg HTTP/1.1" 200 70236 "-" "Mozilla/5.0 (compatible; bingbot/2.0; +http://www.bing.com/bingbot.htm)" "ysfine.com"
40.77.167.27 - - [04/Oct/2022:18:03:29 -0700] "GET /people/wheejac.jpg HTTP/1.1" 200 113624 "-" "Mozilla/5.0 (compatible; bingbot/2.0; +http://www.bing.com/bingbot.htm)" "www.ysfine.com"
123.183.224.86 - - [04/Oct/2022:18:05:07 -0700] "GET / HTTP/1.1" 200 5283 "-" "Sogou web spider/4.0(+http://www.sogou.com/docs/help/webmasters.htm#07)" "ysfine.com"
216.244.66.229 - - [04/Oct/2022:18:05:13 -0700] "GET /robots.txt HTTP/1.1" 404 73 "-" "Mozilla/5.0 (compatible; DotBot/1.2; +https://opensiteexplorer.org/dotbot; help@moz.com)" "www.ysfine.com"
40.77.167.27 - - [04/Oct/2022:18:05:41 -0700] "GET /world/scandi/sto033.jpg HTTP/1.1" 200 83103 "-" "Mozilla/5.0 (compatible; bingbot/2.0; +http://www.bing.com/bingbot.htm)" "ysfine.com"
136.32.24.197 - - [04/Oct/2022:18:06:43 -0700] "GET /newyork/wtc14.jpg HTTP/1.1" 200 91909 "https://www.google.com/" "Mozilla/5.0 (Windows NT 10.0; Win64; x64; rv:105.0) Gecko/20100101 Firefox/105.0" "ysfine.com"
66.249.66.92 - - [04/Oct/2022:18:06:49 -0700] "GET /articles/akhi.pdf HTTP/1.1" 401 90 "-" "Googlebot/2.1 (+http://www.google.com/bot.html)" "ysfine.com"
157.55.39.58 - - [04/Oct/2022:18:07:05 -0700] "GET /einstein/jsbell01.jpg HTTP/1.1" 200 47911 "-" "Mozilla/5.0 (compatible; bingbot/2.0; +http://www.bing.com/bingbot.htm)" "www.ysfine.com"
77.88.5.46 - - [04/Oct/2022:18:07:49 -0700] "GET /robots.txt HTTP/1.1" 404 73 "-" "Mozilla/5.0 (compatible; YandexBot/3.0; +http://yandex.com/bots)" "www.ysfine.com"
216.244.66.229 - - [04/Oct/2022:18:07:51 -0700] "GET /ffriends/russrio33.jpg HTTP/1.1" 200 103210 "-" "Mozilla/5.0 (compatible; DotBot/1.2; +https://opensiteexplorer.org/dotbot; help@moz.com)" "www.ysfine.com"
93.158.161.40 - - [04/Oct/2022:18:07:53 -0700] "GET /wigner/inonu.pdf HTTP/1.1" 200 87394 "-" "Mozilla/5.0 (compatible; YandexBot/3.0; +http://yandex.com/bots)" "www.ysfine.com"
157.55.39.58 - - [04/Oct/2022:18:07:54 -0700] "GET /sbk/2010paris55.jpg HTTP/1.1" 200 132096 "-" "Mozilla/5.0 (compatible; bingbot/2.0; +http://www.bing.com/bingbot.htm)" "ysfine.com"
77.88.5.245 - - [04/Oct/2022:18:07:57 -0700] "GET /wigner/wigbot.html HTTP/1.1" 200 123 "-" "Mozilla/5.0 (compatible; YandexBot/3.0; +http://yandex.com/bots)" "www.ysfine.com"
77.88.5.46 - - [04/Oct/2022:18:08:06 -0700] "GET / HTTP/1.1" 200 5283 "-" "Mozilla/5.0 (compatible; YandexBot/3.0; +http://yandex.com/bots)" "www.ysfine.com"
17.121.115.111 - - [04/Oct/2022:18:08:29 -0700] "GET /home/index.html HTTP/1.1" 200 142 "-" "Mozilla/5.0 (Macintosh; Intel Mac OS X 10_15_5) AppleWebKit/605.1.15 (KHTML, like Gecko) Version/13.1.1 Safari/605.1.15 (Applebot/0.1; +http://www.apple.com/go/applebot)" "ysfine.com"
93.158.161.40 - - [04/Oct/2022:18:08:52 -0700] "GET /philo/sisfa12/frame49.html HTTP/1.1" 200 320 "-" "Mozilla/5.0 (compatible; YandexBot/3.0; +http://yandex.com/bots)" "www.ysfine.com"
136.158.17.180 - - [04/Oct/2022:18:09:15 -0700] "GET /maga/phys/naimar/pewk02.jpg HTTP/1.1" 200 41315 "https://www.google.com/" "Mozilla/5.0 (Windows NT 10.0; Win64; x64) AppleWebKit/537.36 (KHTML, like Gecko) Chrome/106.0.0.0 Safari/537.36" "ysfine.com"
192.99.160.200 - - [04/Oct/2022:18:09:22 -0700] "GET /robots.txt HTTP/1.1" 404 73 "-" "Mozilla/5.0 (compatible; MJ12bot/v1.4.8; http://mj12bot.com/)" "ysfine.com"
136.158.17.180 - - [04/Oct/2022:18:09:26 -0700] "GET /maga/phys/naimar/pewk09.jpg HTTP/1.1" 200 54557 "https://www.google.com/" "Mozilla/5.0 (Windows NT 10.0; Win64; x64) AppleWebKit/537.36 (KHTML, like Gecko) Chrome/106.0.0.0 Safari/537.36" "ysfine.com"
177.227.20.165 - - [04/Oct/2022:18:09:31 -0700] "GET /maga/invent/pupin33.jpg HTTP/1.1" 200 52653 "https://www.bing.com/" "Mozilla/5.0 (Windows NT 10.0; Win64; x64) AppleWebKit/537.36 (KHTML, like Gecko) Chrome/105.0.0.0 Safari/537.36 Edg/105.0.1343.53" "www.ysfine.com"
136.158.17.180 - - [04/Oct/2022:18:09:38 -0700] "GET /remote/wigner111/kim-29.jpg HTTP/1.1" 200 50548 "https://www.google.com/" "Mozilla/5.0 (Windows NT 10.0; Win64; x64) AppleWebKit/537.36 (KHTML, like Gecko) Chrome/106.0.0.0 Safari/537.36" "ysfine.com"
192.99.160.200 - - [04/Oct/2022:18:09:59 -0700] "GET /feynman/feybot.html HTTP/1.1" 404 88 "-" "Mozilla/5.0 (compatible; MJ12bot/v1.4.8; http://mj12bot.com/)" "ysfine.com"
64.231.154.212 - - [04/Oct/2022:18:10:05 -0700] "GET /wigner/tollwig11.jpg HTTP/1.1" 200 124000 "https://www.google.ca/" "Mozilla/5.0 (iPhone; CPU iPhone OS 15_6_1 like Mac OS X) AppleWebKit/605.1.15 (KHTML, like Gecko) Version/15.6.1 Mobile/15E148 Safari/604.1" "ysfine.com"
192.99.160.200 - - [04/Oct/2022:18:10:37 -0700] "GET /kobak/leica.html HTTP/1.1" 404 88 "-" "Mozilla/5.0 (compatible; MJ12bot/v1.4.8; http://mj12bot.com/)" "ysfine.com"
192.99.160.200 - - [04/Oct/2022:18:10:50 -0700] "GET /maga/kant.html HTTP/1.1" 200 8714 "-" "Mozilla/5.0 (compatible; MJ12bot/v1.4.8; http://mj12bot.com/)" "ysfine.com"
192.99.160.200 - - [04/Oct/2022:18:11:28 -0700] "GET /world/kazanw.html HTTP/1.1" 404 88 "-" "Mozilla/5.0 (compatible; MJ12bot/v1.4.8; http://mj12bot.com/)" "ysfine.com"
95.163.255.81 - - [04/Oct/2022:18:11:40 -0700] "GET /princeton/car06.jpg HTTP/1.1" 200 72390 "http://go.mail.ru/search_images" "Mozilla/5.0 (compatible; Linux x86_64; Mail.RU_Bot/Img/2.0; +https://help.mail.ru/webmaster/indexing/robots)" "ysfine.com"
192.99.160.200 - - [04/Oct/2022:18:12:03 -0700] "GET /world/marx.html HTTP/1.1" 404 88 "-" "Mozilla/5.0 (compatible; MJ12bot/v1.4.8; http://mj12bot.com/)" "ysfine.com"
17.121.115.9 - - [04/Oct/2022:18:12:19 -0700] "GET /home/hmtop.html HTTP/1.1" 200 447 "https://ysfine.com/home/index.html" "Mozilla/5.0 (Macintosh; Intel Mac OS X 10_15_5) AppleWebKit/605.1.15 (KHTML, like Gecko) Version/13.1.1 Safari/605.1.15 (Applebot/0.1; +http://www.apple.com/go/applebot)" "ysfine.com"
17.121.114.50 - - [04/Oct/2022:18:12:19 -0700] "GET /home/hmbot.html HTTP/1.1" 200 132 "https://ysfine.com/home/index.html" "Mozilla/5.0 (Macintosh; Intel Mac OS X 10_15_5) AppleWebKit/605.1.15 (KHTML, like Gecko) Version/13.1.1 Safari/605.1.15 (Applebot/0.1; +http://www.apple.com/go/applebot)" "ysfine.com"
17.121.115.9 - - [04/Oct/2022:18:12:20 -0700] "GET /home/hmleft.html HTTP/1.1" 200 853 "https://ysfine.com/home/hmbot.html" "Mozilla/5.0 (Macintosh; Intel Mac OS X 10_15_5) AppleWebKit/605.1.15 (KHTML, like Gecko) Version/13.1.1 Safari/605.1.15 (Applebot/0.1; +http://www.apple.com/go/applebot)" "ysfine.com"
17.121.114.50 - - [04/Oct/2022:18:12:20 -0700] "GET /home/hmrigh.html HTTP/1.1" 200 4212 "https://ysfine.com/home/hmbot.html" "Mozilla/5.0 (Macintosh; Intel Mac OS X 10_15_5) AppleWebKit/605.1.15 (KHTML, like Gecko) Version/13.1.1 Safari/605.1.15 (Applebot/0.1; +http://www.apple.com/go/applebot)" "ysfine.com"
99.192.59.12 - - [04/Oct/2022:18:13:32 -0700] "GET /kowar/tanks/gmc03.jpg HTTP/1.1" 200 121801 "https://www.google.ca/" "Mozilla/5.0 (iPhone; CPU iPhone OS 12_5_6 like Mac OS X) AppleWebKit/605.1.15 (KHTML, like Gecko) Version/12.1.2 Mobile/15E148 Safari/604.1" "ysfine.com"
17.121.115.196 - - [04/Oct/2022:18:13:33 -0700] "GET /people/sbt.html HTTP/1.1" 200 529 "-" "Mozilla/5.0 (Macintosh; Intel Mac OS X 10_15_5) AppleWebKit/605.1.15 (KHTML, like Gecko) Version/13.1.1 Safari/605.1.15 (Applebot/0.1; +http://www.apple.com/go/applebot)" "ysfine.com"
185.191.171.15 - - [04/Oct/2022:18:13:57 -0700] "GET /class54/class5470/total_data/sub_512.htm HTTP/1.1" 200 3198 "-" "Mozilla/5.0 (compatible; SemrushBot/7~bl; +http://www.semrush.com/bot.html)" "ysfine.com"
24.0.248.197 - - [04/Oct/2022:18:14:21 -0700] "GET /world/france/stras10.jpg HTTP/1.1" 200 105338 "https://www.google.com/" "Mozilla/5.0 (iPhone; CPU iPhone OS 15_6_1 like Mac OS X) AppleWebKit/605.1.15 (KHTML, like Gecko) Version/15.6.1 Mobile/15E148 Safari/604.1" "ysfine.com"
157.55.39.55 - - [04/Oct/2022:18:14:50 -0700] "GET /kobak/underw26.jpg HTTP/1.1" 200 214978 "-" "Mozilla/5.0 (compatible; bingbot/2.0; +http://www.bing.com/bingbot.htm)" "ysfine.com"
157.55.39.58 - - [04/Oct/2022:18:14:55 -0700] "GET /world/russ/mosko02.jpg HTTP/1.1" 200 118440 "-" "Mozilla/5.0 AppleWebKit/537.36 (KHTML, like Gecko; compatible; bingbot/2.0; +http://www.bing.com/bingbot.htm) Chrome/103.0.5060.134 Safari/537.36" "ysfine.com"
89.204.189.204 - - [04/Oct/2022:18:15:05 -0700] "GET /wigner/neum/pvn05.jpg HTTP/1.1" 200 219501 "https://www.google.com/" "Mozilla/5.0 (Windows NT 10.0; Win64; x64; rv:105.0) Gecko/20100101 Firefox/105.0" "ysfine.com"
89.204.189.204 - - [04/Oct/2022:18:15:13 -0700] "GET /wigner/neum/vnc03.jpg HTTP/1.1" 200 80421 "https://www.google.com/" "Mozilla/5.0 (Windows NT 10.0; Win64; x64; rv:105.0) Gecko/20100101 Firefox/105.0" "ysfine.com"
40.77.167.27 - - [04/Oct/2022:18:16:21 -0700] "GET /yspapers/parton66a.jpg HTTP/1.1" 200 63749 "-" "Mozilla/5.0 (compatible; bingbot/2.0; +http://www.bing.com/bingbot.htm)" "ysfine.com"
157.55.39.55 - - [04/Oct/2022:18:16:29 -0700] "GET /wigner/birth.jpg HTTP/1.1" 200 124354 "-" "Mozilla/5.0 AppleWebKit/537.36 (KHTML, like Gecko; compatible; bingbot/2.0; +http://www.bing.com/bingbot.htm) Chrome/103.0.5060.134 Safari/537.36" "ysfine.com"
17.121.114.196 - - [04/Oct/2022:18:16:39 -0700] "GET /wdc/index.html HTTP/1.1" 200 141 "-" "Mozilla/5.0 (Macintosh; Intel Mac OS X 10_15_5) AppleWebKit/605.1.15 (KHTML, like Gecko) Version/13.1.1 Safari/605.1.15 (Applebot/0.1; +http://www.apple.com/go/applebot)" "ysfine.com"
207.46.13.102 - - [04/Oct/2022:18:16:41 -0700] "GET /world/germany/oktf07.jpg HTTP/1.1" 200 95069 "-" "Mozilla/5.0 (compatible; bingbot/2.0; +http://www.bing.com/bingbot.htm)" "www.ysfine.com"
66.249.66.158 - - [04/Oct/2022:18:16:48 -0700] "GET /maga/invent/sarnoffco11b.jpg HTTP/1.1" 304 - "-" "Googlebot-Image/1.0" "ysfine.com"
157.55.39.128 - - [04/Oct/2022:18:16:49 -0700] "GET /wigner/neum/fuld.jpg HTTP/1.1" 200 172715 "-" "Mozilla/5.0 (compatible; bingbot/2.0; +http://www.bing.com/bingbot.htm)" "ysfine.com"
185.191.171.5 - - [04/Oct/2022:18:17:11 -0700] "GET /robots.txt HTTP/1.1" 404 88 "-" "Mozilla/5.0 (compatible; SemrushBot/7~bl; +http://www.semrush.com/bot.html)" "www.ysfine.com"
185.191.171.40 - - [04/Oct/2022:18:17:11 -0700] "GET /class54/class5470/total_data/sub_128.htm HTTP/1.1" 200 3312 "-" "Mozilla/5.0 (compatible; SemrushBot/7~bl; +http://www.semrush.com/bot.html)" "www.ysfine.com"
185.191.171.39 - - [04/Oct/2022:18:18:50 -0700] "GET /einstein/einfine.html HTTP/1.1" 200 554 "-" "Mozilla/5.0 (compatible; SemrushBot/7~bl; +http://www.semrush.com/bot.html)" "www.ysfine.com"
207.46.13.102 - - [04/Oct/2022:18:19:01 -0700] "GET /home/wcartoon.html HTTP/1.1" 304 - "-" "Mozilla/5.0 AppleWebKit/537.36 (KHTML, like Gecko; compatible; bingbot/2.0; +http://www.bing.com/bingbot.htm) Chrome/103.0.5060.134 Safari/537.36" "www.ysfine.com"
150.209.43.158 - - [04/Oct/2022:18:19:01 -0700] "GET /kobak/rheetr2.jpg HTTP/1.1" 200 43503 "https://www.google.com/" "Mozilla/5.0 (Windows NT 10.0; Win64; x64) AppleWebKit/537.36 (KHTML, like Gecko) Chrome/105.0.0.0 Safari/537.36" "ysfine.com"
157.55.39.58 - - [04/Oct/2022:18:19:05 -0700] "GET /world/russ/minsk004.jpg HTTP/1.1" 200 116449 "-" "Mozilla/5.0 (compatible; bingbot/2.0; +http://www.bing.com/bingbot.htm)" "ysfine.com"
185.191.171.4 - - [04/Oct/2022:18:19:20 -0700] "GET /class54/class5470/total_data/sub_8135.htm HTTP/1.1" 200 3511 "-" "Mozilla/5.0 (compatible; SemrushBot/7~bl; +http://www.semrush.com/bot.html)" "ysfine.com"
173.252.83.118 - - [04/Oct/2022:18:19:23 -0700] "GET /robots.txt HTTP/1.1" 404 88 "-" "facebookexternalhit/1.1 (+http://www.facebook.com/externalhit_uatext.php)" "ysfine.com"
185.191.171.25 - - [04/Oct/2022:18:20:19 -0700] "GET /kowar/roostalin.html HTTP/1.1" 200 1180 "-" "Mozilla/5.0 (compatible; SemrushBot/7~bl; +http://www.semrush.com/bot.html)" "www.ysfine.com"
103.131.71.223 - - [04/Oct/2022:18:21:16 -0700] "GET /robots.txt HTTP/1.1" 404 88 "-" "Mozilla/5.0 (compatible; coccocbot-web/1.0; +http://help.coccoc.com/searchengine)" "ysfine.com"
103.131.71.107 - - [04/Oct/2022:18:21:19 -0700] "GET / HTTP/1.1" 304 - "-" "Mozilla/5.0 (compatible; coccocbot-web/1.0; +http://help.coccoc.com/searchengine)" "ysfine.com"
103.131.71.107 - - [04/Oct/2022:18:21:30 -0700] "GET /world/ulm.html HTTP/1.1" 304 - "-" "Mozilla/5.0 (compatible; coccocbot-web/1.0; +http://help.coccoc.com/searchengine)" "ysfine.com"
162.210.247.205 - - [04/Oct/2022:18:21:33 -0700] "GET /kowar/panmun04.jpg HTTP/1.1" 200 126386 "https://www.google.com/" "Mozilla/5.0 (Macintosh; Intel Mac OS X 10_15_6) AppleWebKit/605.1.15 (KHTML, like Gecko) Version/15.6,2 Safari/605.1.15" "ysfine.com"
173.252.83.118 - - [04/Oct/2022:18:21:52 -0700] "GET /world/europe/alps06a.jpg HTTP/1.1" 200 52405 "-" "facebookexternalhit/1.1 (+http://www.facebook.com/externalhit_uatext.php)" "ysfine.com"
157.55.39.55 - - [04/Oct/2022:18:22:20 -0700] "GET /world/europe/praha013.jpg HTTP/1.1" 200 176501 "-" "Mozilla/5.0 AppleWebKit/537.36 (KHTML, like Gecko; compatible; bingbot/2.0; +http://www.bing.com/bingbot.htm) Chrome/103.0.5060.134 Safari/537.36" "ysfine.com"
40.77.167.27 - - [04/Oct/2022:18:22:23 -0700] "GET /world/china/dalian84.jpg HTTP/1.1" 200 93425 "-" "Mozilla/5.0 (compatible; bingbot/2.0; +http://www.bing.com/bingbot.htm)" "ysfine.com"
157.55.39.128 - - [04/Oct/2022:18:23:00 -0700] "GET /wdc/kennedyc05b.jpg HTTP/1.1" 200 26902 "-" "Mozilla/5.0 (compatible; bingbot/2.0; +http://www.bing.com/bingbot.htm)" "www.ysfine.com"
114.119.143.174 - - [04/Oct/2022:18:23:04 -0700] "GET /robots.txt HTTP/1.1" 404 88 "-" "Mozilla/5.0 (compatible;PetalBot;+https://webmaster.petalsearch.com/site/petalbot)" "ysfine.com"
66.249.66.93 - - [04/Oct/2022:18:23:28 -0700] "GET /confer/proceedings/boston/frankland.pdf HTTP/1.1" 404 88 "-" "Googlebot/2.1 (+http://www.google.com/bot.html)" "ysfine.com"
157.55.39.55 - - [04/Oct/2022:18:23:39 -0700] "GET /world/china/nanjing04.jpg HTTP/1.1" 200 129583 "-" "Mozilla/5.0 (compatible; bingbot/2.0; +http://www.bing.com/bingbot.htm)" "www.ysfine.com"
157.55.39.55 - - [04/Oct/2022:18:23:51 -0700] "GET /einstein/eingali.html HTTP/1.1" 200 2762 "-" "Mozilla/5.0 (compatible; bingbot/2.0; +http://www.bing.com/bingbot.htm)" "ysfine.com"
185.191.171.26 - - [04/Oct/2022:18:24:23 -0700] "GET /class54/class5470/total_data/sub_8167.htm HTTP/1.1" 200 3513 "-" "Mozilla/5.0 (compatible; SemrushBot/7~bl; +http://www.semrush.com/bot.html)" "ysfine.com"
185.191.171.42 - - [04/Oct/2022:18:24:24 -0700] "GET /class54/class5470/total_data/sub_320.htm HTTP/1.1" 200 3286 "-" "Mozilla/5.0 (compatible; SemrushBot/7~bl; +http://www.semrush.com/bot.html)" "ysfine.com"
172.58.229.223 - - [04/Oct/2022:18:25:06 -0700] "GET /world/russ/kilin104.jpg HTTP/1.1" 200 111146 "https://www.google.com/" "Mozilla/5.0 (Linux; Android 13; Pixel 6) AppleWebKit/537.36 (KHTML, like Gecko) Chrome/106.0.0.0 Mobile Safari/537.36" "ysfine.com"
172.58.229.223 - - [04/Oct/2022:18:25:07 -0700] "GET /world/minsk.html HTTP/1.1" 200 7116 "https://www.google.com/" "Mozilla/5.0 (Linux; Android 13; Pixel 6) AppleWebKit/537.36 (KHTML, like Gecko) Chrome/106.0.0.0 Mobile Safari/537.36" "ysfine.com"
172.58.229.223 - - [04/Oct/2022:18:25:09 -0700] "GET /maga/invent/sarnoff1922b.jpg HTTP/1.1" 200 35049 "https://ysfine.com/world/minsk.html" "Mozilla/5.0 (Linux; Android 13; Pixel 6) AppleWebKit/537.36 (KHTML, like Gecko) Chrome/106.0.0.0 Mobile Safari/537.36" "ysfine.com"
172.58.229.223 - - [04/Oct/2022:18:25:09 -0700] "GET /world/russ/minsk002b.jpg HTTP/1.1" 200 28977 "https://ysfine.com/world/minsk.html" "Mozilla/5.0 (Linux; Android 13; Pixel 6) AppleWebKit/537.36 (KHTML, like Gecko) Chrome/106.0.0.0 Mobile Safari/537.36" "ysfine.com"
