199.47.82.20 - - [04/Oct/2022:05:39:39 -0700] "GET /style/world/musplace.html HTTP/1.1" 404 88 "-" "Turnitin (https://bit.ly/2UvnfoQ)" "www.ysfine.com"
199.47.82.20 - - [04/Oct/2022:05:39:40 -0700] "GET /style/world/paris.html HTTP/1.1" 404 88 "-" "Turnitin (https://bit.ly/2UvnfoQ)" "www.ysfine.com"
199.47.82.20 - - [04/Oct/2022:05:39:40 -0700] "GET /style/world/polandw.html HTTP/1.1" 404 88 "-" "Turnitin (https://bit.ly/2UvnfoQ)" "www.ysfine.com"
199.47.82.20 - - [04/Oct/2022:05:39:41 -0700] "GET /style/world/scanw.html HTTP/1.1" 404 88 "-" "Turnitin (https://bit.ly/2UvnfoQ)" "www.ysfine.com"
199.47.82.20 - - [04/Oct/2022:05:39:41 -0700] "GET /style/ys11/index.html HTTP/1.1" 404 88 "-" "Turnitin (https://bit.ly/2UvnfoQ)" "www.ysfine.com"
199.47.82.20 - - [04/Oct/2022:05:39:42 -0700] "GET /ys11/awards/iao.html HTTP/1.1" 404 88 "-" "Turnitin (https://bit.ly/2UvnfoQ)" "www.ysfine.com"
199.47.82.20 - - [04/Oct/2022:05:39:42 -0700] "GET /ys11/awards/index.html HTTP/1.1" 404 88 "-" "Turnitin (https://bit.ly/2UvnfoQ)" "www.ysfine.com"
199.47.82.20 - - [04/Oct/2022:05:39:43 -0700] "GET /ys11/awards/marq.html HTTP/1.1" 404 88 "-" "Turnitin (https://bit.ly/2UvnfoQ)" "www.ysfine.com"
199.47.82.20 - - [04/Oct/2022:05:39:43 -0700] "GET /ys11/class54/index.html HTTP/1.1" 404 88 "-" "Turnitin (https://bit.ly/2UvnfoQ)" "www.ysfine.com"
199.47.82.20 - - [04/Oct/2022:05:39:44 -0700] "GET /ys11/eink/index.html HTTP/1.1" 404 88 "-" "Turnitin (https://bit.ly/2UvnfoQ)" "www.ysfine.com"
199.47.82.20 - - [04/Oct/2022:05:39:44 -0700] "GET /ys11/eink/mose.html HTTP/1.1" 404 88 "-" "Turnitin (https://bit.ly/2UvnfoQ)" "www.ysfine.com"
199.47.82.20 - - [04/Oct/2022:05:39:45 -0700] "GET /ys11/einstein/index.html HTTP/1.1" 404 88 "-" "Turnitin (https://bit.ly/2UvnfoQ)" "www.ysfine.com"
199.47.82.20 - - [04/Oct/2022:05:39:45 -0700] "GET /ys11/family/index.html HTTP/1.1" 404 88 "-" "Turnitin (https://bit.ly/2UvnfoQ)" "www.ysfine.com"
199.47.82.20 - - [04/Oct/2022:05:39:46 -0700] "GET /ys11/fdx/index.html HTTP/1.1" 404 88 "-" "Turnitin (https://bit.ly/2UvnfoQ)" "www.ysfine.com"
199.47.82.20 - - [04/Oct/2022:05:39:46 -0700] "GET /ys11/ffriends/fdw.html HTTP/1.1" 404 88 "-" "Turnitin (https://bit.ly/2UvnfoQ)" "www.ysfine.com"
199.47.82.20 - - [04/Oct/2022:05:39:47 -0700] "GET /ys11/ffriends/index.html HTTP/1.1" 404 88 "-" "Turnitin (https://bit.ly/2UvnfoQ)" "www.ysfine.com"
199.47.82.20 - - [04/Oct/2022:05:39:47 -0700] "GET /ys11/home/bio.html HTTP/1.1" 404 88 "-" "Turnitin (https://bit.ly/2UvnfoQ)" "www.ysfine.com"
199.47.82.20 - - [04/Oct/2022:05:39:48 -0700] "GET /ys11/home/bio01.html HTTP/1.1" 404 88 "-" "Turnitin (https://bit.ly/2UvnfoQ)" "www.ysfine.com"
199.47.82.20 - - [04/Oct/2022:05:39:48 -0700] "GET /ys11/home/bio02.html HTTP/1.1" 404 88 "-" "Turnitin (https://bit.ly/2UvnfoQ)" "www.ysfine.com"
199.47.82.20 - - [04/Oct/2022:05:39:49 -0700] "GET /ys11/home/bio03.html HTTP/1.1" 404 88 "-" "Turnitin (https://bit.ly/2UvnfoQ)" "www.ysfine.com"
199.47.82.20 - - [04/Oct/2022:05:39:49 -0700] "GET /ys11/home/bio04.html HTTP/1.1" 404 88 "-" "Turnitin (https://bit.ly/2UvnfoQ)" "www.ysfine.com"
199.47.82.20 - - [04/Oct/2022:05:39:50 -0700] "GET /ys11/home/bio05.html HTTP/1.1" 404 88 "-" "Turnitin (https://bit.ly/2UvnfoQ)" "www.ysfine.com"
199.47.82.20 - - [04/Oct/2022:05:39:50 -0700] "GET /ys11/home/bio06.html HTTP/1.1" 404 88 "-" "Turnitin (https://bit.ly/2UvnfoQ)" "www.ysfine.com"
199.47.82.20 - - [04/Oct/2022:05:39:51 -0700] "GET /ys11/home/bio07.html HTTP/1.1" 404 88 "-" "Turnitin (https://bit.ly/2UvnfoQ)" "www.ysfine.com"
199.47.82.20 - - [04/Oct/2022:05:39:51 -0700] "GET /ys11/home/bio08.html HTTP/1.1" 404 88 "-" "Turnitin (https://bit.ly/2UvnfoQ)" "www.ysfine.com"
95.163.255.100 - - [04/Oct/2022:05:39:52 -0700] "GET /robots.txt HTTP/1.1" 404 73 "-" "Mozilla/5.0 (compatible; Linux x86_64; Mail.RU_Bot/Img/2.0; +https://help.mail.ru/webmaster/indexing/robots)" "www.ysfine.com"
199.47.82.20 - - [04/Oct/2022:05:39:52 -0700] "GET /ys11/home/bio09.html HTTP/1.1" 404 88 "-" "Turnitin (https://bit.ly/2UvnfoQ)" "www.ysfine.com"
199.47.82.20 - - [04/Oct/2022:05:39:52 -0700] "GET /ys11/home/bio10.html HTTP/1.1" 404 88 "-" "Turnitin (https://bit.ly/2UvnfoQ)" "www.ysfine.com"
199.47.82.20 - - [04/Oct/2022:05:39:53 -0700] "GET /ys11/home/index.html HTTP/1.1" 404 88 "-" "Turnitin (https://bit.ly/2UvnfoQ)" "www.ysfine.com"
199.47.82.20 - - [04/Oct/2022:05:39:53 -0700] "GET /ys11/home/kowis33.html HTTP/1.1" 404 88 "-" "Turnitin (https://bit.ly/2UvnfoQ)" "www.ysfine.com"
199.47.82.20 - - [04/Oct/2022:05:39:54 -0700] "GET /ys11/home/yshome.html HTTP/1.1" 404 88 "-" "Turnitin (https://bit.ly/2UvnfoQ)" "www.ysfine.com"
199.47.82.20 - - [04/Oct/2022:05:39:54 -0700] "GET /ys11/houses/myhouse.html HTTP/1.1" 404 88 "-" "Turnitin (https://bit.ly/2UvnfoQ)" "www.ysfine.com"
199.47.82.20 - - [04/Oct/2022:05:39:55 -0700] "GET /ys11/ht?tps%3A%2F%2Fwww.linkedin.com%2Fin%2Fyoung-kim-8a512014%2F= HTTP/1.1" 404 88 "-" "Turnitin (https://bit.ly/2UvnfoQ)" "www.ysfine.com"
199.47.82.20 - - [04/Oct/2022:05:39:55 -0700] "GET /ys11/kobak/index.html HTTP/1.1" 404 88 "-" "Turnitin (https://bit.ly/2UvnfoQ)" "www.ysfine.com"
199.47.82.20 - - [04/Oct/2022:05:39:56 -0700] "GET /ys11/kowar/index.html HTTP/1.1" 404 88 "-" "Turnitin (https://bit.ly/2UvnfoQ)" "www.ysfine.com"
199.47.82.20 - - [04/Oct/2022:05:39:56 -0700] "GET /ys11/maga/index.html HTTP/1.1" 404 88 "-" "Turnitin (https://bit.ly/2UvnfoQ)" "www.ysfine.com"
199.47.82.20 - - [04/Oct/2022:05:39:57 -0700] "GET /ys11/onetime.html HTTP/1.1" 200 403 "-" "Turnitin (https://bit.ly/2UvnfoQ)" "www.ysfine.com"
199.47.82.20 - - [04/Oct/2022:05:39:57 -0700] "GET /ys11/people/index.html HTTP/1.1" 404 88 "-" "Turnitin (https://bit.ly/2UvnfoQ)" "www.ysfine.com"
199.47.82.20 - - [04/Oct/2022:05:39:58 -0700] "GET /ys11/princeton/yspr.html HTTP/1.1" 404 88 "-" "Turnitin (https://bit.ly/2UvnfoQ)" "www.ysfine.com"
199.47.82.20 - - [04/Oct/2022:05:39:58 -0700] "GET /ys11/saram/index.html HTTP/1.1" 404 88 "-" "Turnitin (https://bit.ly/2UvnfoQ)" "www.ysfine.com"
199.47.82.20 - - [04/Oct/2022:05:39:59 -0700] "GET /ys11/sbk/index.html HTTP/1.1" 404 88 "-" "Turnitin (https://bit.ly/2UvnfoQ)" "www.ysfine.com"
199.47.82.20 - - [04/Oct/2022:05:39:59 -0700] "GET /ys11/style/index.html HTTP/1.1" 404 88 "-" "Turnitin (https://bit.ly/2UvnfoQ)" "www.ysfine.com"
199.47.82.20 - - [04/Oct/2022:05:40:00 -0700] "GET /ys11/style/restau.html HTTP/1.1" 404 88 "-" "Turnitin (https://bit.ly/2UvnfoQ)" "www.ysfine.com"
199.47.82.20 - - [04/Oct/2022:05:40:00 -0700] "GET /ys11/style/songs.html HTTP/1.1" 404 88 "-" "Turnitin (https://bit.ly/2UvnfoQ)" "www.ysfine.com"
199.47.82.20 - - [04/Oct/2022:05:40:01 -0700] "GET /ys11/trips/index.html HTTP/1.1" 404 88 "-" "Turnitin (https://bit.ly/2UvnfoQ)" "www.ysfine.com"
199.47.82.20 - - [04/Oct/2022:05:40:01 -0700] "GET /ys11/trips/itiner.html HTTP/1.1" 404 88 "-" "Turnitin (https://bit.ly/2UvnfoQ)" "www.ysfine.com"
199.47.82.20 - - [04/Oct/2022:05:40:02 -0700] "GET /ys11/trips/numbers.html HTTP/1.1" 404 88 "-" "Turnitin (https://bit.ly/2UvnfoQ)" "www.ysfine.com"
199.47.82.20 - - [04/Oct/2022:05:40:02 -0700] "GET /ys11/usca/pgh.html HTTP/1.1" 404 88 "-" "Turnitin (https://bit.ly/2UvnfoQ)" "www.ysfine.com"
199.47.82.20 - - [04/Oct/2022:05:40:03 -0700] "GET /ys11/vip/index.html HTTP/1.1" 404 88 "-" "Turnitin (https://bit.ly/2UvnfoQ)" "www.ysfine.com"
199.47.82.20 - - [04/Oct/2022:05:40:03 -0700] "GET /ys11/wd22/index.html HTTP/1.1" 404 88 "-" "Turnitin (https://bit.ly/2UvnfoQ)" "www.ysfine.com"
199.47.82.20 - - [04/Oct/2022:05:40:04 -0700] "GET /ys11/wdc/mydc.html HTTP/1.1" 404 88 "-" "Turnitin (https://bit.ly/2UvnfoQ)" "www.ysfine.com"
199.47.82.20 - - [04/Oct/2022:05:40:04 -0700] "GET /ys11/world/index.html HTTP/1.1" 404 88 "-" "Turnitin (https://bit.ly/2UvnfoQ)" "www.ysfine.com"
199.47.82.20 - - [04/Oct/2022:05:40:05 -0700] "GET /ys11/world/travel.html HTTP/1.1" 404 88 "-" "Turnitin (https://bit.ly/2UvnfoQ)" "www.ysfine.com"
199.47.82.20 - - [04/Oct/2022:05:40:05 -0700] "GET /ys11/world/ysworld.html HTTP/1.1" 404 88 "-" "Turnitin (https://bit.ly/2UvnfoQ)" "www.ysfine.com"
199.47.82.20 - - [04/Oct/2022:05:40:06 -0700] "GET /ys11/ys22/dondon.html HTTP/1.1" 404 88 "-" "Turnitin (https://bit.ly/2UvnfoQ)" "www.ysfine.com"
199.47.82.20 - - [04/Oct/2022:05:40:06 -0700] "GET /ys11/ys22/index.html HTTP/1.1" 404 88 "-" "Turnitin (https://bit.ly/2UvnfoQ)" "www.ysfine.com"
199.47.82.20 - - [04/Oct/2022:05:40:07 -0700] "GET /ys11/yspapers/index.html HTTP/1.1" 404 88 "-" "Turnitin (https://bit.ly/2UvnfoQ)" "www.ysfine.com"
157.55.39.58 - - [04/Oct/2022:05:41:30 -0700] "GET /maga/phys/bohr22b.jpg HTTP/1.1" 200 31482 "-" "Mozilla/5.0 AppleWebKit/537.36 (KHTML, like Gecko; compatible; bingbot/2.0; +http://www.bing.com/bingbot.htm) Chrome/103.0.5060.134 Safari/537.36" "ysfine.com"
157.55.39.127 - - [04/Oct/2022:05:41:35 -0700] "GET /einstein/eins05c.jpg HTTP/1.1" 200 52461 "-" "Mozilla/5.0 (compatible; bingbot/2.0; +http://www.bing.com/bingbot.htm)" "ysfine.com"
140.114.127.247 - - [04/Oct/2022:05:42:23 -0700] "GET /yspapers/iopbook15.pdf HTTP/1.1" 200 2962673 "https://www.google.com/" "Mozilla/5.0 (X11; Linux x86_64) AppleWebKit/537.36 (KHTML, like Gecko) Chrome/106.0.0.0 Safari/537.36" "ysfine.com"
140.114.127.247 - - [04/Oct/2022:05:42:23 -0700] "GET /favicon.ico HTTP/1.1" 404 88 "https://ysfine.com/yspapers/iopbook15.pdf" "Mozilla/5.0 (X11; Linux x86_64) AppleWebKit/537.36 (KHTML, like Gecko) Chrome/106.0.0.0 Safari/537.36" "ysfine.com"
114.119.128.142 - - [04/Oct/2022:05:42:32 -0700] "GET /ffriends/beau.html HTTP/1.1" 200 14834 "https://ysfine.com/ffriends/fdw.html" "Mozilla/5.0 (Linux; Android 7.0;) AppleWebKit/537.36 (KHTML, like Gecko) Mobile Safari/537.36 (compatible; PetalBot;+https://webmaster.petalsearch.com/site/petalbot)" "ysfine.com"
157.55.39.55 - - [04/Oct/2022:05:42:38 -0700] "GET /yspapers/feynrio33.jpg HTTP/1.1" 200 237921 "-" "Mozilla/5.0 (compatible; bingbot/2.0; +http://www.bing.com/bingbot.htm)" "ysfine.com"
104.28.104.29 - - [04/Oct/2022:05:42:57 -0700] "GET /dirac/dirheisen31b.jpg HTTP/1.1" 200 39248 "-" "Safari/17614.1.25.9.10 CFNetwork/1335.0.3 Darwin/21.6.0" "ysfine.com"
157.55.39.58 - - [04/Oct/2022:05:43:21 -0700] "GET /einstein/places/ulm03.jpg HTTP/1.1" 200 145594 "-" "Mozilla/5.0 (compatible; bingbot/2.0; +http://www.bing.com/bingbot.htm)" "ysfine.com"
157.55.39.127 - - [04/Oct/2022:05:43:30 -0700] "GET /feynman/chewfrau.html HTTP/1.1" 200 3075 "-" "Mozilla/5.0 (compatible; bingbot/2.0; +http://www.bing.com/bingbot.htm)" "ysfine.com"
157.55.39.127 - - [04/Oct/2022:05:45:11 -0700] "GET /world/germany/vienvolkart11.jpg HTTP/1.1" 200 103450 "-" "Mozilla/5.0 (compatible; bingbot/2.0; +http://www.bing.com/bingbot.htm)" "ysfine.com"
114.119.128.158 - - [04/Oct/2022:05:45:11 -0700] "GET /remote/sisfa12aa/frame18.html HTTP/1.1" 200 320 "https://ysfine.com/remote/sisfa12aa/frame17.html" "Mozilla/5.0 (Linux; Android 7.0;) AppleWebKit/537.36 (KHTML, like Gecko) Mobile Safari/537.36 (compatible; PetalBot;+https://webmaster.petalsearch.com/site/petalbot)" "ysfine.com"
134.21.145.50 - - [04/Oct/2022:05:45:24 -0700] "GET /wigner/neum/pvn05.jpg HTTP/1.1" 200 219501 "https://www.google.com/" "Mozilla/5.0 (Windows NT 10.0; Win64; x64; rv:105.0) Gecko/20100101 Firefox/105.0" "ysfine.com"
157.55.39.58 - - [04/Oct/2022:05:46:21 -0700] "GET /einstein/lawrence22b.jpg HTTP/1.1" 200 44062 "-" "Mozilla/5.0 (compatible; bingbot/2.0; +http://www.bing.com/bingbot.htm)" "ysfine.com"
157.55.39.55 - - [04/Oct/2022:05:46:39 -0700] "GET /world/china/dalian06.jpg HTTP/1.1" 200 117350 "-" "Mozilla/5.0 AppleWebKit/537.36 (KHTML, like Gecko; compatible; bingbot/2.0; +http://www.bing.com/bingbot.htm) Chrome/103.0.5060.134 Safari/537.36" "ysfine.com"
8.20.178.226 - - [04/Oct/2022:05:47:00 -0700] "GET /princeton/campus.html HTTP/1.1" 200 15142 "https://www.google.com/" "Mozilla/5.0 (Macintosh; Intel Mac OS X 10_14_6) AppleWebKit/537.36 (KHTML, like Gecko) Chrome/102.0.5005.61 Safari/537.36" "ysfine.com"
8.20.178.226 - - [04/Oct/2022:05:47:00 -0700] "GET /princeton/nasshall01b.jpg HTTP/1.1" 200 60879 "https://ysfine.com/princeton/campus.html" "Mozilla/5.0 (Macintosh; Intel Mac OS X 10_14_6) AppleWebKit/537.36 (KHTML, like Gecko) Chrome/102.0.5005.61 Safari/537.36" "ysfine.com"
8.20.178.226 - - [04/Oct/2022:05:47:00 -0700] "GET /princeton/withers01b.jpg HTTP/1.1" 200 53277 "https://ysfine.com/princeton/campus.html" "Mozilla/5.0 (Macintosh; Intel Mac OS X 10_14_6) AppleWebKit/537.36 (KHTML, like Gecko) Chrome/102.0.5005.61 Safari/537.36" "ysfine.com"
8.20.178.226 - - [04/Oct/2022:05:47:00 -0700] "GET /princeton/firestone11b.jpg HTTP/1.1" 200 54060 "https://ysfine.com/princeton/campus.html" "Mozilla/5.0 (Macintosh; Intel Mac OS X 10_14_6) AppleWebKit/537.36 (KHTML, like Gecko) Chrome/102.0.5005.61 Safari/537.36" "ysfine.com"
8.20.178.226 - - [04/Oct/2022:05:47:00 -0700] "GET /princeton/alexan22b.jpg HTTP/1.1" 200 55817 "https://ysfine.com/princeton/campus.html" "Mozilla/5.0 (Macintosh; Intel Mac OS X 10_14_6) AppleWebKit/537.36 (KHTML, like Gecko) Chrome/102.0.5005.61 Safari/537.36" "ysfine.com"
8.20.178.226 - - [04/Oct/2022:05:47:00 -0700] "GET /princeton/prospectg33b.jpg HTTP/1.1" 200 39510 "https://ysfine.com/princeton/campus.html" "Mozilla/5.0 (Macintosh; Intel Mac OS X 10_14_6) AppleWebKit/537.36 (KHTML, like Gecko) Chrome/102.0.5005.61 Safari/537.36" "ysfine.com"
8.20.178.226 - - [04/Oct/2022:05:47:00 -0700] "GET /style/picasspr22b.jpg HTTP/1.1" 200 67766 "https://ysfine.com/princeton/campus.html" "Mozilla/5.0 (Macintosh; Intel Mac OS X 10_14_6) AppleWebKit/537.36 (KHTML, like Gecko) Chrome/102.0.5005.61 Safari/537.36" "ysfine.com"
8.20.178.226 - - [04/Oct/2022:05:47:00 -0700] "GET /princeton/pcomm01b.jpg HTTP/1.1" 200 46796 "https://ysfine.com/princeton/campus.html" "Mozilla/5.0 (Macintosh; Intel Mac OS X 10_14_6) AppleWebKit/537.36 (KHTML, like Gecko) Chrome/102.0.5005.61 Safari/537.36" "ysfine.com"
8.20.178.226 - - [04/Oct/2022:05:47:00 -0700] "GET /princeton/gcollege05b.jpg HTTP/1.1" 200 49944 "https://ysfine.com/princeton/campus.html" "Mozilla/5.0 (Macintosh; Intel Mac OS X 10_14_6) AppleWebKit/537.36 (KHTML, like Gecko) Chrome/102.0.5005.61 Safari/537.36" "ysfine.com"
8.20.178.226 - - [04/Oct/2022:05:47:00 -0700] "GET /princeton/sabat11b.jpg HTTP/1.1" 200 56760 "https://ysfine.com/princeton/campus.html" "Mozilla/5.0 (Macintosh; Intel Mac OS X 10_14_6) AppleWebKit/537.36 (KHTML, like Gecko) Chrome/102.0.5005.61 Safari/537.36" "ysfine.com"
8.20.178.226 - - [04/Oct/2022:05:47:00 -0700] "GET /princeton/gcollege21b.jpg HTTP/1.1" 200 50053 "https://ysfine.com/princeton/campus.html" "Mozilla/5.0 (Macintosh; Intel Mac OS X 10_14_6) AppleWebKit/537.36 (KHTML, like Gecko) Chrome/102.0.5005.61 Safari/537.36" "ysfine.com"
8.20.178.226 - - [04/Oct/2022:05:47:00 -0700] "GET /princeton/pstadium22b.jpg HTTP/1.1" 200 40166 "https://ysfine.com/princeton/campus.html" "Mozilla/5.0 (Macintosh; Intel Mac OS X 10_14_6) AppleWebKit/537.36 (KHTML, like Gecko) Chrome/102.0.5005.61 Safari/537.36" "ysfine.com"
8.20.178.226 - - [04/Oct/2022:05:47:00 -0700] "GET /princeton/blair11b.jpg HTTP/1.1" 200 46260 "https://ysfine.com/princeton/campus.html" "Mozilla/5.0 (Macintosh; Intel Mac OS X 10_14_6) AppleWebKit/537.36 (KHTML, like Gecko) Chrome/102.0.5005.61 Safari/537.36" "ysfine.com"
8.20.178.226 - - [04/Oct/2022:05:47:00 -0700] "GET /princeton/cleve11b.jpg HTTP/1.1" 200 42431 "https://ysfine.com/princeton/campus.html" "Mozilla/5.0 (Macintosh; Intel Mac OS X 10_14_6) AppleWebKit/537.36 (KHTML, like Gecko) Chrome/102.0.5005.61 Safari/537.36" "ysfine.com"
8.20.178.226 - - [04/Oct/2022:05:47:00 -0700] "GET /princeton/pumu11b.jpg HTTP/1.1" 200 46659 "https://ysfine.com/princeton/campus.html" "Mozilla/5.0 (Macintosh; Intel Mac OS X 10_14_6) AppleWebKit/537.36 (KHTML, like Gecko) Chrome/102.0.5005.61 Safari/537.36" "ysfine.com"
8.20.178.226 - - [04/Oct/2022:05:47:00 -0700] "GET /princeton/rheepr01b.jpg HTTP/1.1" 200 35236 "https://ysfine.com/princeton/campus.html" "Mozilla/5.0 (Macintosh; Intel Mac OS X 10_14_6) AppleWebKit/537.36 (KHTML, like Gecko) Chrome/102.0.5005.61 Safari/537.36" "ysfine.com"
8.20.178.226 - - [04/Oct/2022:05:47:00 -0700] "GET /princeton/wilson01b.jpg HTTP/1.1" 200 39141 "https://ysfine.com/princeton/campus.html" "Mozilla/5.0 (Macintosh; Intel Mac OS X 10_14_6) AppleWebKit/537.36 (KHTML, like Gecko) Chrome/102.0.5005.61 Safari/537.36" "ysfine.com"
8.20.178.226 - - [04/Oct/2022:05:47:00 -0700] "GET /princeton/forrestalmap2.jpg HTTP/1.1" 200 54761 "https://ysfine.com/princeton/campus.html" "Mozilla/5.0 (Macintosh; Intel Mac OS X 10_14_6) AppleWebKit/537.36 (KHTML, like Gecko) Chrome/102.0.5005.61 Safari/537.36" "ysfine.com"
8.20.178.226 - - [04/Oct/2022:05:47:00 -0700] "GET /princeton/wilson02b.jpg HTTP/1.1" 200 38092 "https://ysfine.com/princeton/campus.html" "Mozilla/5.0 (Macintosh; Intel Mac OS X 10_14_6) AppleWebKit/537.36 (KHTML, like Gecko) Chrome/102.0.5005.61 Safari/537.36" "ysfine.com"
8.20.178.226 - - [04/Oct/2022:05:47:00 -0700] "GET /einstein/eincurie11b.jpg HTTP/1.1" 200 42944 "https://ysfine.com/princeton/campus.html" "Mozilla/5.0 (Macintosh; Intel Mac OS X 10_14_6) AppleWebKit/537.36 (KHTML, like Gecko) Chrome/102.0.5005.61 Safari/537.36" "ysfine.com"
8.20.178.226 - - [04/Oct/2022:05:47:00 -0700] "GET /princeton/brooke66b.jpg HTTP/1.1" 200 44674 "https://ysfine.com/princeton/campus.html" "Mozilla/5.0 (Macintosh; Intel Mac OS X 10_14_6) AppleWebKit/537.36 (KHTML, like Gecko) Chrome/102.0.5005.61 Safari/537.36" "ysfine.com"
8.20.178.226 - - [04/Oct/2022:05:47:00 -0700] "GET /princeton/pgarden11b.jpg HTTP/1.1" 200 46683 "https://ysfine.com/princeton/campus.html" "Mozilla/5.0 (Macintosh; Intel Mac OS X 10_14_6) AppleWebKit/537.36 (KHTML, like Gecko) Chrome/102.0.5005.61 Safari/537.36" "ysfine.com"
8.20.178.226 - - [04/Oct/2022:05:47:00 -0700] "GET /princeton/nassinf35b.jpg HTTP/1.1" 200 45853 "https://ysfine.com/princeton/campus.html" "Mozilla/5.0 (Macintosh; Intel Mac OS X 10_14_6) AppleWebKit/537.36 (KHTML, like Gecko) Chrome/102.0.5005.61 Safari/537.36" "ysfine.com"
8.20.178.226 - - [04/Oct/2022:05:47:00 -0700] "GET /princeton/palmerlab11b.jpg HTTP/1.1" 200 40956 "https://ysfine.com/princeton/campus.html" "Mozilla/5.0 (Macintosh; Intel Mac OS X 10_14_6) AppleWebKit/537.36 (KHTML, like Gecko) Chrome/102.0.5005.61 Safari/537.36" "ysfine.com"
8.20.178.226 - - [04/Oct/2022:05:47:00 -0700] "GET /princeton/hamilton11b.jpg HTTP/1.1" 200 55404 "https://ysfine.com/princeton/campus.html" "Mozilla/5.0 (Macintosh; Intel Mac OS X 10_14_6) AppleWebKit/537.36 (KHTML, like Gecko) Chrome/102.0.5005.61 Safari/537.36" "ysfine.com"
8.20.178.226 - - [04/Oct/2022:05:47:00 -0700] "GET /princeton/eng01b.jpg HTTP/1.1" 200 35847 "https://ysfine.com/princeton/campus.html" "Mozilla/5.0 (Macintosh; Intel Mac OS X 10_14_6) AppleWebKit/537.36 (KHTML, like Gecko) Chrome/102.0.5005.61 Safari/537.36" "ysfine.com"
8.20.178.226 - - [04/Oct/2022:05:47:00 -0700] "GET /einstein/eins47b.jpg HTTP/1.1" 200 48772 "https://ysfine.com/princeton/campus.html" "Mozilla/5.0 (Macintosh; Intel Mac OS X 10_14_6) AppleWebKit/537.36 (KHTML, like Gecko) Chrome/102.0.5005.61 Safari/537.36" "ysfine.com"
8.20.178.226 - - [04/Oct/2022:05:47:00 -0700] "GET /eink/pwk19c.jpg HTTP/1.1" 200 57759 "https://ysfine.com/princeton/campus.html" "Mozilla/5.0 (Macintosh; Intel Mac OS X 10_14_6) AppleWebKit/537.36 (KHTML, like Gecko) Chrome/102.0.5005.61 Safari/537.36" "ysfine.com"
8.20.178.226 - - [04/Oct/2022:05:47:00 -0700] "GET /princeton/orren11b.jpg HTTP/1.1" 200 32972 "https://ysfine.com/princeton/campus.html" "Mozilla/5.0 (Macintosh; Intel Mac OS X 10_14_6) AppleWebKit/537.36 (KHTML, like Gecko) Chrome/102.0.5005.61 Safari/537.36" "ysfine.com"
8.20.178.226 - - [04/Oct/2022:05:47:00 -0700] "GET /princeton/nassinf32b.jpg HTTP/1.1" 200 40214 "https://ysfine.com/princeton/campus.html" "Mozilla/5.0 (Macintosh; Intel Mac OS X 10_14_6) AppleWebKit/537.36 (KHTML, like Gecko) Chrome/102.0.5005.61 Safari/537.36" "ysfine.com"
8.20.178.226 - - [04/Oct/2022:05:47:00 -0700] "GET /princeton/mediter22b.jpg HTTP/1.1" 200 34241 "https://ysfine.com/princeton/campus.html" "Mozilla/5.0 (Macintosh; Intel Mac OS X 10_14_6) AppleWebKit/537.36 (KHTML, like Gecko) Chrome/102.0.5005.61 Safari/537.36" "ysfine.com"
8.20.178.226 - - [04/Oct/2022:05:47:00 -0700] "GET /princeton/lahiere11b.jpg HTTP/1.1" 200 53024 "https://ysfine.com/princeton/campus.html" "Mozilla/5.0 (Macintosh; Intel Mac OS X 10_14_6) AppleWebKit/537.36 (KHTML, like Gecko) Chrome/102.0.5005.61 Safari/537.36" "ysfine.com"
8.20.178.226 - - [04/Oct/2022:05:47:00 -0700] "GET /world/russ/kazan035b.jpg HTTP/1.1" 200 41723 "https://ysfine.com/princeton/campus.html" "Mozilla/5.0 (Macintosh; Intel Mac OS X 10_14_6) AppleWebKit/537.36 (KHTML, like Gecko) Chrome/102.0.5005.61 Safari/537.36" "ysfine.com"
8.20.178.226 - - [04/Oct/2022:05:47:00 -0700] "GET /princeton/nassin08b.jpg HTTP/1.1" 200 55747 "https://ysfine.com/princeton/campus.html" "Mozilla/5.0 (Macintosh; Intel Mac OS X 10_14_6) AppleWebKit/537.36 (KHTML, like Gecko) Chrome/102.0.5005.61 Safari/537.36" "ysfine.com"
8.20.178.226 - - [04/Oct/2022:05:47:00 -0700] "GET /princeton/nordisk11b.jpg HTTP/1.1" 200 30945 "https://ysfine.com/princeton/campus.html" "Mozilla/5.0 (Macintosh; Intel Mac OS X 10_14_6) AppleWebKit/537.36 (KHTML, like Gecko) Chrome/102.0.5005.61 Safari/537.36" "ysfine.com"
8.20.178.226 - - [04/Oct/2022:05:47:00 -0700] "GET /princeton/nassinf01b.jpg HTTP/1.1" 200 45562 "https://ysfine.com/princeton/campus.html" "Mozilla/5.0 (Macintosh; Intel Mac OS X 10_14_6) AppleWebKit/537.36 (KHTML, like Gecko) Chrome/102.0.5005.61 Safari/537.36" "ysfine.com"
8.20.178.226 - - [04/Oct/2022:05:47:00 -0700] "GET /princeton/hyatt33b.jpg HTTP/1.1" 200 34135 "https://ysfine.com/princeton/campus.html" "Mozilla/5.0 (Macintosh; Intel Mac OS X 10_14_6) AppleWebKit/537.36 (KHTML, like Gecko) Chrome/102.0.5005.61 Safari/537.36" "ysfine.com"
8.20.178.226 - - [04/Oct/2022:05:47:00 -0700] "GET /princeton/hyatt66b.jpg HTTP/1.1" 200 45208 "https://ysfine.com/princeton/campus.html" "Mozilla/5.0 (Macintosh; Intel Mac OS X 10_14_6) AppleWebKit/537.36 (KHTML, like Gecko) Chrome/102.0.5005.61 Safari/537.36" "ysfine.com"
8.20.178.226 - - [04/Oct/2022:05:47:00 -0700] "GET /kobak/taylor33c.jpg HTTP/1.1" 200 39951 "https://ysfine.com/princeton/campus.html" "Mozilla/5.0 (Macintosh; Intel Mac OS X 10_14_6) AppleWebKit/537.36 (KHTML, like Gecko) Chrome/102.0.5005.61 Safari/537.36" "ysfine.com"
8.20.178.226 - - [04/Oct/2022:05:47:00 -0700] "GET /princeton/annex11b.jpg HTTP/1.1" 200 39639 "https://ysfine.com/princeton/campus.html" "Mozilla/5.0 (Macintosh; Intel Mac OS X 10_14_6) AppleWebKit/537.36 (KHTML, like Gecko) Chrome/102.0.5005.61 Safari/537.36" "ysfine.com"
8.20.178.226 - - [04/Oct/2022:05:47:00 -0700] "GET /princeton/brownh11b.jpg HTTP/1.1" 200 52347 "https://ysfine.com/princeton/campus.html" "Mozilla/5.0 (Macintosh; Intel Mac OS X 10_14_6) AppleWebKit/537.36 (KHTML, like Gecko) Chrome/102.0.5005.61 Safari/537.36" "ysfine.com"
8.20.178.226 - - [04/Oct/2022:05:47:00 -0700] "GET /princeton/palmersq11b.jpg HTTP/1.1" 200 36231 "https://ysfine.com/princeton/campus.html" "Mozilla/5.0 (Macintosh; Intel Mac OS X 10_14_6) AppleWebKit/537.36 (KHTML, like Gecko) Chrome/102.0.5005.61 Safari/537.36" "ysfine.com"
8.20.178.226 - - [04/Oct/2022:05:47:00 -0700] "GET /einstein/einhouse11b.jpg HTTP/1.1" 200 42717 "https://ysfine.com/princeton/campus.html" "Mozilla/5.0 (Macintosh; Intel Mac OS X 10_14_6) AppleWebKit/537.36 (KHTML, like Gecko) Chrome/102.0.5005.61 Safari/537.36" "ysfine.com"
8.20.178.226 - - [04/Oct/2022:05:47:00 -0700] "GET /princeton/econ11b.jpg HTTP/1.1" 200 37872 "https://ysfine.com/princeton/campus.html" "Mozilla/5.0 (Macintosh; Intel Mac OS X 10_14_6) AppleWebKit/537.36 (KHTML, like Gecko) Chrome/102.0.5005.61 Safari/537.36" "ysfine.com"
8.20.178.226 - - [04/Oct/2022:05:47:00 -0700] "GET /princeton/nassinf03b.jpg HTTP/1.1" 200 33593 "https://ysfine.com/princeton/campus.html" "Mozilla/5.0 (Macintosh; Intel Mac OS X 10_14_6) AppleWebKit/537.36 (KHTML, like Gecko) Chrome/102.0.5005.61 Safari/537.36" "ysfine.com"
8.20.178.226 - - [04/Oct/2022:05:47:00 -0700] "GET /princeton/nassin05b.jpg HTTP/1.1" 200 45166 "https://ysfine.com/princeton/campus.html" "Mozilla/5.0 (Macintosh; Intel Mac OS X 10_14_6) AppleWebKit/537.36 (KHTML, like Gecko) Chrome/102.0.5005.61 Safari/537.36" "ysfine.com"
8.20.178.226 - - [04/Oct/2022:05:47:00 -0700] "GET /princeton/pseminary11b.jpg HTTP/1.1" 200 53421 "https://ysfine.com/princeton/campus.html" "Mozilla/5.0 (Macintosh; Intel Mac OS X 10_14_6) AppleWebKit/537.36 (KHTML, like Gecko) Chrome/102.0.5005.61 Safari/537.36" "ysfine.com"
8.20.178.226 - - [04/Oct/2022:05:47:00 -0700] "GET /maga/invent/sarnoffco11b.jpg HTTP/1.1" 200 31031 "https://ysfine.com/princeton/campus.html" "Mozilla/5.0 (Macintosh; Intel Mac OS X 10_14_6) AppleWebKit/537.36 (KHTML, like Gecko) Chrome/102.0.5005.61 Safari/537.36" "ysfine.com"
8.20.178.226 - - [04/Oct/2022:05:47:00 -0700] "GET /princeton/jj03b.jpg HTTP/1.1" 200 46731 "https://ysfine.com/princeton/campus.html" "Mozilla/5.0 (Macintosh; Intel Mac OS X 10_14_6) AppleWebKit/537.36 (KHTML, like Gecko) Chrome/102.0.5005.61 Safari/537.36" "ysfine.com"
8.20.178.226 - - [04/Oct/2022:05:47:00 -0700] "GET /princeton/ustore33b.jpg HTTP/1.1" 200 54240 "https://ysfine.com/princeton/campus.html" "Mozilla/5.0 (Macintosh; Intel Mac OS X 10_14_6) AppleWebKit/537.36 (KHTML, like Gecko) Chrome/102.0.5005.61 Safari/537.36" "ysfine.com"
157.55.39.55 - - [04/Oct/2022:05:47:00 -0700] "GET /friends/korf.html HTTP/1.1" 404 88 "-" "Mozilla/5.0 (compatible; bingbot/2.0; +http://www.bing.com/bingbot.htm)" "ysfine.com"
8.20.178.226 - - [04/Oct/2022:05:47:04 -0700] "GET /princeton/alexan22.jpg HTTP/1.1" 200 175436 "https://www.google.com/" "Mozilla/5.0 (Macintosh; Intel Mac OS X 10_14_6) AppleWebKit/537.36 (KHTML, like Gecko) Chrome/102.0.5005.61 Safari/537.36" "ysfine.com"
114.119.128.14 - - [04/Oct/2022:05:47:41 -0700] "GET /wigner/vankam.html HTTP/1.1" 200 897 "https://ysfine.com/wigner/wstorie.html" "Mozilla/5.0 (Linux; Android 7.0;) AppleWebKit/537.36 (KHTML, like Gecko) Mobile Safari/537.36 (compatible; PetalBot;+https://webmaster.petalsearch.com/site/petalbot)" "ysfine.com"
44.228.64.221 - - [04/Oct/2022:05:47:48 -0700] "HEAD /wdc/bohrdc.html HTTP/1.1" 200 - "-" "python-requests/2.22.0" "ysfine.com"
44.228.64.221 - - [04/Oct/2022:05:47:48 -0700] "GET /wdc/bohrdc.html HTTP/1.1" 200 17456 "-" "python-requests/2.22.0" "ysfine.com"
157.55.39.128 - - [04/Oct/2022:05:48:15 -0700] "GET /wigner/wbrill.jpg HTTP/1.1" 200 83776 "-" "Mozilla/5.0 AppleWebKit/537.36 (KHTML, like Gecko; compatible; bingbot/2.0; +http://www.bing.com/bingbot.htm) Chrome/103.0.5060.134 Safari/537.36" "www.ysfine.com"
207.46.13.102 - - [04/Oct/2022:05:49:20 -0700] "GET /wisdom/korart03b.jpg HTTP/1.1" 200 70101 "-" "Mozilla/5.0 (compatible; bingbot/2.0; +http://www.bing.com/bingbot.htm)" "www.ysfine.com"
157.55.39.128 - - [04/Oct/2022:05:49:56 -0700] "GET /world/france/magots03.jpg HTTP/1.1" 200 100892 "-" "Mozilla/5.0 (compatible; bingbot/2.0; +http://www.bing.com/bingbot.htm)" "www.ysfine.com"
157.55.39.58 - - [04/Oct/2022:05:50:01 -0700] "GET /philo/marx06.jpg HTTP/1.1" 200 168835 "-" "Mozilla/5.0 (compatible; bingbot/2.0; +http://www.bing.com/bingbot.htm)" "www.ysfine.com"
40.77.167.27 - - [04/Oct/2022:05:50:20 -0700] "GET /kobak/kimilsong.html HTTP/1.1" 200 2263 "-" "Mozilla/5.0 AppleWebKit/537.36 (KHTML, like Gecko; compatible; bingbot/2.0; +http://www.bing.com/bingbot.htm) Chrome/103.0.5060.134 Safari/537.36" "ysfine.com"
114.119.128.158 - - [04/Oct/2022:05:50:22 -0700] "GET /class54/class5470/total_data/sub_8132.htm HTTP/1.1" 200 3511 "https://ysfine.com/class54/class5470/total_data/sub_8128.htm" "Mozilla/5.0 (Linux; Android 7.0;) AppleWebKit/537.36 (KHTML, like Gecko) Mobile Safari/537.36 (compatible; PetalBot;+https://webmaster.petalsearch.com/site/petalbot)" "ysfine.com"
157.55.39.127 - - [04/Oct/2022:05:50:32 -0700] "GET /world/ital/palat28.jpg HTTP/1.1" 200 86594 "-" "Mozilla/5.0 (compatible; bingbot/2.0; +http://www.bing.com/bingbot.htm)" "ysfine.com"
40.77.167.27 - - [04/Oct/2022:05:51:08 -0700] "GET /world/scandi/copen038.jpg HTTP/1.1" 200 102032 "-" "Mozilla/5.0 (compatible; bingbot/2.0; +http://www.bing.com/bingbot.htm)" "ysfine.com"
24.8.174.236 - - [04/Oct/2022:05:52:33 -0700] "GET /wigner/wighome11.jpg HTTP/1.1" 200 201679 "https://www.google.com/" "Mozilla/5.0 (iPhone; CPU iPhone OS 16_0_2 like Mac OS X) AppleWebKit/605.1.15 (KHTML, like Gecko) Version/16.0 Mobile/15E148 Safari/604.1" "ysfine.com"
69.194.143.140 - - [04/Oct/2022:05:52:42 -0700] "GET /ads.txt HTTP/1.1" 404 88 "-" "Mozilla/5.0 (Macintosh; Intel Mac OS X 10_15_1) AppleWebKit/537.36 (KHTML, like Gecko) Chrome/84.0.4103.61 Safari/537.37" "ysfine.com"
69.194.143.140 - - [04/Oct/2022:05:52:42 -0700] "GET /ads.txt HTTP/1.1" 404 88 "-" "Mozilla/5.0 (Macintosh; Intel Mac OS X 10_15_1) AppleWebKit/537.36 (KHTML, like Gecko) Chrome/84.0.4103.61 Safari/537.37" "ysfine.com"
170.133.65.163 - - [04/Oct/2022:05:54:12 -0700] "GET /princeton/gcollege02.jpg HTTP/1.1" 200 69104 "https://www.google.com/" "Mozilla/5.0 (iPhone; CPU iPhone OS 16_0 like Mac OS X) AppleWebKit/605.1.15 (KHTML, like Gecko) GSA/231.0.475926209 Mobile/20A362 Safari/604.1" "ysfine.com"
157.55.39.128 - - [04/Oct/2022:05:56:16 -0700] "GET /feynman/feyfirm66c.jpg HTTP/1.1" 200 36701 "-" "Mozilla/5.0 (compatible; bingbot/2.0; +http://www.bing.com/bingbot.htm)" "ysfine.com"
157.55.39.58 - - [04/Oct/2022:05:56:22 -0700] "GET /einstein/einstring.html HTTP/1.1" 200 653 "-" "Mozilla/5.0 (compatible; bingbot/2.0; +http://www.bing.com/bingbot.htm)" "www.ysfine.com"
40.77.167.27 - - [04/Oct/2022:05:57:09 -0700] "GET /princeton/firestone22.jpg HTTP/1.1" 200 112919 "-" "Mozilla/5.0 (compatible; bingbot/2.0; +http://www.bing.com/bingbot.htm)" "ysfine.com"
114.119.128.14 - - [04/Oct/2022:05:57:41 -0700] "GET /friends/amkor/kosilver01c.jpg HTTP/1.1" 404 88 "https://ysfine.com/friends/fdw.html" "Mozilla/5.0 (Linux; Android 7.0;) AppleWebKit/537.36 (KHTML, like Gecko) Mobile Safari/537.36 (compatible; PetalBot;+https://webmaster.petalsearch.com/site/petalbot)" "ysfine.com"
77.75.73.26 - - [04/Oct/2022:05:58:13 -0700] "GET /kowar/index.html HTTP/1.1" 304 - "-" "Mozilla/5.0 (compatible; SeznamBot/4.0-RC1; +http://napoveda.seznam.cz/seznambot-intro/)" "ysfine.com"
157.55.39.128 - - [04/Oct/2022:05:59:26 -0700] "GET /world/scandi/norw11.jpg HTTP/1.1" 200 129684 "-" "Mozilla/5.0 (compatible; bingbot/2.0; +http://www.bing.com/bingbot.htm)" "ysfine.com"
157.55.39.128 - - [04/Oct/2022:05:59:27 -0700] "GET /usca/pitt/steelm01.jpg HTTP/1.1" 200 36650 "-" "Mozilla/5.0 (compatible; bingbot/2.0; +http://www.bing.com/bingbot.htm)" "ysfine.com"
157.55.39.128 - - [04/Oct/2022:05:59:30 -0700] "GET /world/scandi/sto019.jpg HTTP/1.1" 200 70236 "-" "Mozilla/5.0 AppleWebKit/537.36 (KHTML, like Gecko; compatible; bingbot/2.0; +http://www.bing.com/bingbot.htm) Chrome/103.0.5060.134 Safari/537.36" "ysfine.com"
114.119.128.142 - - [04/Oct/2022:06:00:15 -0700] "GET /friends/russvenice01b.jpg HTTP/1.1" 404 88 "https://ysfine.com/friends/garden.html" "Mozilla/5.0 (Linux; Android 7.0;) AppleWebKit/537.36 (KHTML, like Gecko) Mobile Safari/537.36 (compatible; PetalBot;+https://webmaster.petalsearch.com/site/petalbot)" "ysfine.com"
95.163.255.71 - - [04/Oct/2022:06:00:19 -0700] "GET /maga/schrodinger.html HTTP/1.1" 404 88 "http://go.mail.ru/search_images" "Mozilla/5.0 (compatible; Linux x86_64; Mail.RU_Bot/Img/2.0; +https://help.mail.ru/webmaster/indexing/robots)" "www.ysfine.com"
157.55.39.58 - - [04/Oct/2022:06:00:52 -0700] "GET /world/baltic/tallin72.jpg HTTP/1.1" 200 135109 "-" "Mozilla/5.0 (compatible; bingbot/2.0; +http://www.bing.com/bingbot.htm)" "ysfine.com"
50.202.200.42 - - [04/Oct/2022:06:01:22 -0700] "GET /princeton/alexan22.jpg HTTP/1.1" 200 175436 "https://www.google.com/" "Mozilla/5.0 (Macintosh; Intel Mac OS X 10_16_0) AppleWebKit/537.36 (KHTML, like Gecko) Chrome/83.0.4103.97 Safari/537.36" "ysfine.com"
157.55.39.58 - - [04/Oct/2022:06:03:22 -0700] "GET /sbk/2004bb.jpg HTTP/1.1" 200 96519 "-" "Mozilla/5.0 (compatible; bingbot/2.0; +http://www.bing.com/bingbot.htm)" "ysfine.com"
40.77.167.27 - - [04/Oct/2022:06:03:51 -0700] "GET /einstein/places/einha26.jpg HTTP/1.1" 200 108152 "-" "Mozilla/5.0 (compatible; bingbot/2.0; +http://www.bing.com/bingbot.htm)" "ysfine.com"
114.119.128.142 - - [04/Oct/2022:06:04:26 -0700] "GET /maga/phil/sisfa12/frame05.html HTTP/1.1" 200 320 "https://ysfine.com/maga/phil/sisfa12/frame04.html" "Mozilla/5.0 (Linux; Android 7.0;) AppleWebKit/537.36 (KHTML, like Gecko) Mobile Safari/537.36 (compatible; PetalBot;+https://webmaster.petalsearch.com/site/petalbot)" "ysfine.com"
157.55.39.58 - - [04/Oct/2022:06:04:32 -0700] "GET /world/china/hangz02.jpg HTTP/1.1" 200 85046 "-" "Mozilla/5.0 (compatible; bingbot/2.0; +http://www.bing.com/bingbot.htm)" "ysfine.com"
69.14.169.155 - - [04/Oct/2022:06:04:56 -0700] "GET /kowar/panmun04.jpg HTTP/1.1" 200 126386 "https://www.google.com/" "Mozilla/5.0 (Linux; Android 12; SM-A526U) AppleWebKit/537.36 (KHTML, like Gecko) Chrome/106.0.0.0 Mobile Safari/537.36" "ysfine.com"
157.55.39.55 - - [04/Oct/2022:06:05:30 -0700] "GET /usca/calif/sanfr021b.jpg HTTP/1.1" 200 47196 "-" "Mozilla/5.0 (compatible; bingbot/2.0; +http://www.bing.com/bingbot.htm)" "ysfine.com"
157.55.39.128 - - [04/Oct/2022:06:06:16 -0700] "GET /wdc/loc06.jpg HTTP/1.1" 200 155235 "-" "Mozilla/5.0 AppleWebKit/537.36 (KHTML, like Gecko; compatible; bingbot/2.0; +http://www.bing.com/bingbot.htm) Chrome/103.0.5060.134 Safari/537.36" "ysfine.com"
54.236.1.11 - - [04/Oct/2022:06:06:47 -0700] "GET /robots.txt HTTP/1.1" 404 88 "-" "Mozilla/5.0 (compatible; Pinterestbot/1.0; +http://www.pinterest.com/bot.html)" "ysfine.com"
54.236.1.11 - - [04/Oct/2022:06:06:48 -0700] "GET / HTTP/1.1" 200 5283 "-" "Mozilla/5.0 (compatible; Pinterestbot/1.0; +http://www.pinterest.com/bot.html)" "ysfine.com"
54.236.1.13 - - [04/Oct/2022:06:06:48 -0700] "GET /feynman/feygell.html HTTP/1.1" 200 4714 "-" "Mozilla/5.0 (compatible; Pinterestbot/1.0; +http://www.pinterest.com/bot.html)" "ysfine.com"
114.119.128.14 - - [04/Oct/2022:06:07:12 -0700] "GET /class54/class5470/total_data/photo_img/7-70.71.jpg HTTP/1.1" 200 242093 "https://ysfine.com/class54/class5470/total_data/sub_770.htm" "Mozilla/5.0 (Linux; Android 7.0;) AppleWebKit/537.36 (KHTML, like Gecko) Mobile Safari/537.36 (compatible; PetalBot;+https://webmaster.petalsearch.com/site/petalbot)" "ysfine.com"
157.55.39.128 - - [04/Oct/2022:06:08:08 -0700] "GET /dirac/diracbul270.jpg HTTP/1.1" 200 37621 "-" "Mozilla/5.0 (compatible; bingbot/2.0; +http://www.bing.com/bingbot.htm)" "www.ysfine.com"
167.206.72.70 - - [04/Oct/2022:06:08:24 -0700] "GET /kobak/dprk.jpg HTTP/1.1" 200 88014 "https://www.google.com/" "Mozilla/5.0 (Macintosh; Intel Mac OS X 10_15_7) AppleWebKit/605.1.15 (KHTML, like Gecko) Version/15.4 Safari/605.1.15" "ysfine.com"
40.77.167.27 - - [04/Oct/2022:06:08:31 -0700] "GET /kobak/kimilsong11.jpg HTTP/1.1" 200 185542 "-" "Mozilla/5.0 (compatible; bingbot/2.0; +http://www.bing.com/bingbot.htm)" "ysfine.com"
157.55.39.58 - - [04/Oct/2022:06:08:33 -0700] "GET /kowar/tanks/tank03.jpg HTTP/1.1" 200 106726 "-" "Mozilla/5.0 (compatible; bingbot/2.0; +http://www.bing.com/bingbot.htm)" "www.ysfine.com"
162.55.85.225 - - [04/Oct/2022:06:09:12 -0700] "GET /robots.txt HTTP/1.1" 404 88 "-" "Mozilla/5.0 (compatible; BLEXBot/1.0; +http://webmeup-crawler.com/)" "ysfine.com"
162.55.85.225 - - [04/Oct/2022:06:09:15 -0700] "GET /robots.txt HTTP/1.1" 404 88 "-" "Mozilla/5.0 (compatible; BLEXBot/1.0; +http://webmeup-crawler.com/)" "ysfine.com"
162.55.85.225 - - [04/Oct/2022:06:09:17 -0700] "GET /sitemap.txt HTTP/1.1" 404 88 "-" "Mozilla/5.0 (compatible; BLEXBot/1.0; +http://webmeup-crawler.com/)" "ysfine.com"
162.55.85.225 - - [04/Oct/2022:06:09:20 -0700] "GET /robots.txt HTTP/1.1" 404 88 "-" "Mozilla/5.0 (compatible; BLEXBot/1.0; +http://webmeup-crawler.com/)" "www.ysfine.com"
162.55.85.225 - - [04/Oct/2022:06:09:22 -0700] "GET /robots.txt HTTP/1.1" 404 88 "-" "Mozilla/5.0 (compatible; BLEXBot/1.0; +http://webmeup-crawler.com/)" "www.ysfine.com"
162.55.85.225 - - [04/Oct/2022:06:09:22 -0700] "GET /sitemap.txt HTTP/1.1" 404 88 "-" "Mozilla/5.0 (compatible; BLEXBot/1.0; +http://webmeup-crawler.com/)" "www.ysfine.com"
162.55.85.225 - - [04/Oct/2022:06:09:24 -0700] "GET /sitemap.txt HTTP/1.1" 404 88 "-" "Mozilla/5.0 (compatible; BLEXBot/1.0; +http://webmeup-crawler.com/)" "ysfine.com"
162.55.85.225 - - [04/Oct/2022:06:09:30 -0700] "GET /sitemap.txt HTTP/1.1" 404 88 "-" "Mozilla/5.0 (compatible; BLEXBot/1.0; +http://webmeup-crawler.com/)" "www.ysfine.com"
162.55.85.225 - - [04/Oct/2022:06:09:39 -0700] "GET /class54/class5470/total_data/sub_268.htm HTTP/1.1" 200 3374 "-" "Mozilla/5.0 (compatible; BLEXBot/1.0; +http://webmeup-crawler.com/)" "www.ysfine.com"
162.55.85.225 - - [04/Oct/2022:06:09:43 -0700] "GET /class54/class5480/Pictures/1.%C3%AC%C2%A0%C2%91%C3%AC%C2%88%C2%98%C3%AB%C2%B0%C2%8F%C3%AD%C2%99%C2%98%C3%AB%C2%8B%C2%B4/?C=D;O=A HTTP/1.1" 200 869 "-" "Mozilla/5.0 (compatible; BLEXBot/1.0; +http://webmeup-crawler.com/)" "www.ysfine.com"
162.55.85.225 - - [04/Oct/2022:06:09:45 -0700] "GET /class54/class5480/Pictures/1.%C3%AC%C2%A0%C2%91%C3%AC%C2%88%C2%98%C3%AB%C2%B0%C2%8F%C3%AD%C2%99%C2%98%C3%AB%C2%8B%C2%B4/?C=D;O=D HTTP/1.1" 200 858 "-" "Mozilla/5.0 (compatible; BLEXBot/1.0; +http://webmeup-crawler.com/)" "ysfine.com"
162.55.85.225 - - [04/Oct/2022:06:09:47 -0700] "GET /class54/class5480/Pictures/1.%C3%AC%C2%A0%C2%91%C3%AC%C2%88%C2%98%C3%AB%C2%B0%C2%8F%C3%AD%C2%99%C2%98%C3%AB%C2%8B%C2%B4/?C=M;O=A HTTP/1.1" 200 869 "-" "Mozilla/5.0 (compatible; BLEXBot/1.0; +http://webmeup-crawler.com/)" "www.ysfine.com"
162.55.85.225 - - [04/Oct/2022:06:09:50 -0700] "GET /class54/class5480/Pictures/1.%C3%AC%C2%A0%C2%91%C3%AC%C2%88%C2%98%C3%AB%C2%B0%C2%8F%C3%AD%C2%99%C2%98%C3%AB%C2%8B%C2%B4/?C=M;O=D HTTP/1.1" 200 858 "-" "Mozilla/5.0 (compatible; BLEXBot/1.0; +http://webmeup-crawler.com/)" "ysfine.com"
162.55.85.225 - - [04/Oct/2022:06:09:52 -0700] "GET /class54/class5480/Pictures/1.%C3%AC%C2%A0%C2%91%C3%AC%C2%88%C2%98%C3%AB%C2%B0%C2%8F%C3%AD%C2%99%C2%98%C3%AB%C2%8B%C2%B4/?C=N;O=A HTTP/1.1" 200 869 "-" "Mozilla/5.0 (compatible; BLEXBot/1.0; +http://webmeup-crawler.com/)" "ysfine.com"
114.119.128.154 - - [04/Oct/2022:06:09:54 -0700] "GET /world/season.html HTTP/1.1" 200 23901 "https://www.ysfine.com/world/london.html" "Mozilla/5.0 (Linux; Android 7.0;) AppleWebKit/537.36 (KHTML, like Gecko) Mobile Safari/537.36 (compatible; PetalBot;+https://webmaster.petalsearch.com/site/petalbot)" "www.ysfine.com"
162.55.85.225 - - [04/Oct/2022:06:09:57 -0700] "GET /class54/class5480/Pictures/1.%C3%AC%C2%A0%C2%91%C3%AC%C2%88%C2%98%C3%AB%C2%B0%C2%8F%C3%AD%C2%99%C2%98%C3%AB%C2%8B%C2%B4/?C=N;O=D HTTP/1.1" 200 858 "-" "Mozilla/5.0 (compatible; BLEXBot/1.0; +http://webmeup-crawler.com/)" "www.ysfine.com"
162.55.85.225 - - [04/Oct/2022:06:10:03 -0700] "GET /class54/class5480/Pictures/1.%C3%AC%C2%A0%C2%91%C3%AC%C2%88%C2%98%C3%AB%C2%B0%C2%8F%C3%AD%C2%99%C2%98%C3%AB%C2%8B%C2%B4/?C=S;O=A HTTP/1.1" 200 861 "-" "Mozilla/5.0 (compatible; BLEXBot/1.0; +http://webmeup-crawler.com/)" "www.ysfine.com"
66.249.66.92 - - [04/Oct/2022:06:10:04 -0700] "GET /articles/restof.pdf HTTP/1.1" 401 90 "-" "Googlebot/2.1 (+http://www.google.com/bot.html)" "ysfine.com"
162.55.85.225 - - [04/Oct/2022:06:10:06 -0700] "GET /class54/class5480/Pictures/1.%C3%AC%C2%A0%C2%91%C3%AC%C2%88%C2%98%C3%AB%C2%B0%C2%8F%C3%AD%C2%99%C2%98%C3%AB%C2%8B%C2%B4/?C=S;O=D HTTP/1.1" 200 852 "-" "Mozilla/5.0 (compatible; BLEXBot/1.0; +http://webmeup-crawler.com/)" "ysfine.com"
162.55.85.225 - - [04/Oct/2022:06:10:08 -0700] "GET /class54/class5480/Pictures/2.%C3%AA%C2%B8%C2%B0%C3%AB%C2%85%C2%90%C3%AD%C2%96%C2%89%C3%AC%C2%82%C2%AC/?C=D;O=A HTTP/1.1" 200 1718 "-" "Mozilla/5.0 (compatible; BLEXBot/1.0; +http://webmeup-crawler.com/)" "www.ysfine.com"
162.55.85.225 - - [04/Oct/2022:06:10:11 -0700] "GET /class54/class5480/Pictures/2.%C3%AA%C2%B8%C2%B0%C3%AB%C2%85%C2%90%C3%AD%C2%96%C2%89%C3%AC%C2%82%C2%AC/?C=D;O=D HTTP/1.1" 200 1762 "-" "Mozilla/5.0 (compatible; BLEXBot/1.0; +http://webmeup-crawler.com/)" "ysfine.com"
162.55.85.225 - - [04/Oct/2022:06:10:15 -0700] "GET /class54/class5480/Pictures/2.%C3%AA%C2%B8%C2%B0%C3%AB%C2%85%C2%90%C3%AD%C2%96%C2%89%C3%AC%C2%82%C2%AC/?C=M;O=A HTTP/1.1" 200 1721 "-" "Mozilla/5.0 (compatible; BLEXBot/1.0; +http://webmeup-crawler.com/)" "www.ysfine.com"
162.55.85.225 - - [04/Oct/2022:06:10:17 -0700] "GET /class54/class5480/Pictures/2.%C3%AA%C2%B8%C2%B0%C3%AB%C2%85%C2%90%C3%AD%C2%96%C2%89%C3%AC%C2%82%C2%AC/?C=M;O=D HTTP/1.1" 200 1767 "-" "Mozilla/5.0 (compatible; BLEXBot/1.0; +http://webmeup-crawler.com/)" "ysfine.com"
162.55.85.225 - - [04/Oct/2022:06:10:20 -0700] "GET /class54/class5480/Pictures/2.%C3%AA%C2%B8%C2%B0%C3%AB%C2%85%C2%90%C3%AD%C2%96%C2%89%C3%AC%C2%82%C2%AC/?C=N;O=A HTTP/1.1" 200 1718 "-" "Mozilla/5.0 (compatible; BLEXBot/1.0; +http://webmeup-crawler.com/)" "ysfine.com"
162.55.85.225 - - [04/Oct/2022:06:10:23 -0700] "GET /class54/class5480/Pictures/2.%C3%AA%C2%B8%C2%B0%C3%AB%C2%85%C2%90%C3%AD%C2%96%C2%89%C3%AC%C2%82%C2%AC/?C=N;O=D HTTP/1.1" 200 1762 "-" "Mozilla/5.0 (compatible; BLEXBot/1.0; +http://webmeup-crawler.com/)" "www.ysfine.com"
162.55.85.225 - - [04/Oct/2022:06:10:26 -0700] "GET /class54/class5480/Pictures/2.%C3%AA%C2%B8%C2%B0%C3%AB%C2%85%C2%90%C3%AD%C2%96%C2%89%C3%AC%C2%82%C2%AC/?C=S;O=A HTTP/1.1" 200 1681 "-" "Mozilla/5.0 (compatible; BLEXBot/1.0; +http://webmeup-crawler.com/)" "www.ysfine.com"
162.55.85.225 - - [04/Oct/2022:06:10:29 -0700] "GET /class54/class5480/Pictures/2.%C3%AA%C2%B8%C2%B0%C3%AB%C2%85%C2%90%C3%AD%C2%96%C2%89%C3%AC%C2%82%C2%AC/?C=S;O=D HTTP/1.1" 200 1688 "-" "Mozilla/5.0 (compatible; BLEXBot/1.0; +http://webmeup-crawler.com/)" "ysfine.com"
162.55.85.225 - - [04/Oct/2022:06:10:34 -0700] "GET /class54/class5480/Pictures/3.%C3%AD%C2%88%C2%AC%C3%AC%C2%96%C2%B4%C3%AB%C2%B0%C2%8F%C3%AB%C2%AA%C2%A8%C3%AA%C2%B5%C2%90%C3%AB%C2%B0%C2%A9%C3%AB%C2%AC%C2%B8/?C=D;O=A HTTP/1.1" 200 1320 "-" "Mozilla/5.0 (compatible; BLEXBot/1.0; +http://webmeup-crawler.com/)" "www.ysfine.com"
162.55.85.225 - - [04/Oct/2022:06:10:38 -0700] "GET /class54/class5480/Pictures/3.%C3%AD%C2%88%C2%AC%C3%AC%C2%96%C2%B4%C3%AB%C2%B0%C2%8F%C3%AB%C2%AA%C2%A8%C3%AA%C2%B5%C2%90%C3%AB%C2%B0%C2%A9%C3%AB%C2%AC%C2%B8/?C=D;O=D HTTP/1.1" 200 1331 "-" "Mozilla/5.0 (compatible; BLEXBot/1.0; +http://webmeup-crawler.com/)" "ysfine.com"
162.55.85.225 - - [04/Oct/2022:06:10:43 -0700] "GET /class54/class5480/Pictures/3.%C3%AD%C2%88%C2%AC%C3%AC%C2%96%C2%B4%C3%AB%C2%B0%C2%8F%C3%AB%C2%AA%C2%A8%C3%AA%C2%B5%C2%90%C3%AB%C2%B0%C2%A9%C3%AB%C2%AC%C2%B8/?C=M;O=A HTTP/1.1" 200 1326 "-" "Mozilla/5.0 (compatible; BLEXBot/1.0; +http://webmeup-crawler.com/)" "www.ysfine.com"
162.55.85.225 - - [04/Oct/2022:06:10:49 -0700] "GET /class54/class5480/Pictures/3.%C3%AD%C2%88%C2%AC%C3%AC%C2%96%C2%B4%C3%AB%C2%B0%C2%8F%C3%AB%C2%AA%C2%A8%C3%AA%C2%B5%C2%90%C3%AB%C2%B0%C2%A9%C3%AB%C2%AC%C2%B8/?C=M;O=D HTTP/1.1" 200 1335 "-" "Mozilla/5.0 (compatible; BLEXBot/1.0; +http://webmeup-crawler.com/)" "ysfine.com"
157.55.39.55 - - [04/Oct/2022:06:10:52 -0700] "GET /style/hamako11.jpg HTTP/1.1" 200 187536 "-" "Mozilla/5.0 (compatible; bingbot/2.0; +http://www.bing.com/bingbot.htm)" "ysfine.com"
162.55.85.225 - - [04/Oct/2022:06:10:52 -0700] "GET /class54/class5480/Pictures/3.%C3%AD%C2%88%C2%AC%C3%AC%C2%96%C2%B4%C3%AB%C2%B0%C2%8F%C3%AB%C2%AA%C2%A8%C3%AA%C2%B5%C2%90%C3%AB%C2%B0%C2%A9%C3%AB%C2%AC%C2%B8/?C=N;O=A HTTP/1.1" 200 1320 "-" "Mozilla/5.0 (compatible; BLEXBot/1.0; +http://webmeup-crawler.com/)" "ysfine.com"
162.55.85.225 - - [04/Oct/2022:06:10:59 -0700] "GET /class54/class5480/Pictures/3.%C3%AD%C2%88%C2%AC%C3%AC%C2%96%C2%B4%C3%AB%C2%B0%C2%8F%C3%AB%C2%AA%C2%A8%C3%AA%C2%B5%C2%90%C3%AB%C2%B0%C2%A9%C3%AB%C2%AC%C2%B8/?C=N;O=D HTTP/1.1" 200 1331 "-" "Mozilla/5.0 (compatible; BLEXBot/1.0; +http://webmeup-crawler.com/)" "www.ysfine.com"
162.55.85.225 - - [04/Oct/2022:06:11:03 -0700] "GET /class54/class5480/Pictures/3.%C3%AD%C2%88%C2%AC%C3%AC%C2%96%C2%B4%C3%AB%C2%B0%C2%8F%C3%AB%C2%AA%C2%A8%C3%AA%C2%B5%C2%90%C3%AB%C2%B0%C2%A9%C3%AB%C2%AC%C2%B8/?C=S;O=A HTTP/1.1" 200 1329 "-" "Mozilla/5.0 (compatible; BLEXBot/1.0; +http://webmeup-crawler.com/)" "www.ysfine.com"
162.55.85.225 - - [04/Oct/2022:06:11:07 -0700] "GET /class54/class5480/Pictures/3.%C3%AD%C2%88%C2%AC%C3%AC%C2%96%C2%B4%C3%AB%C2%B0%C2%8F%C3%AB%C2%AA%C2%A8%C3%AA%C2%B5%C2%90%C3%AB%C2%B0%C2%A9%C3%AB%C2%AC%C2%B8/?C=S;O=D HTTP/1.1" 200 1333 "-" "Mozilla/5.0 (compatible; BLEXBot/1.0; +http://webmeup-crawler.com/)" "ysfine.com"
162.55.85.225 - - [04/Oct/2022:06:11:11 -0700] "GET /class54/class5480/Pictures/4.%C3%AA%C2%B8%C2%B0%C3%AB%C2%85%C2%90%C3%AC%C2%B4%C2%AC%C3%AC%C2%98%C2%81/?C=D;O=A HTTP/1.1" 200 995 "-" "Mozilla/5.0 (compatible; BLEXBot/1.0; +http://webmeup-crawler.com/)" "www.ysfine.com"
162.55.85.225 - - [04/Oct/2022:06:11:15 -0700] "GET /class54/class5480/Pictures/4.%C3%AA%C2%B8%C2%B0%C3%AB%C2%85%C2%90%C3%AC%C2%B4%C2%AC%C3%AC%C2%98%C2%81/?C=D;O=D HTTP/1.1" 200 985 "-" "Mozilla/5.0 (compatible; BLEXBot/1.0; +http://webmeup-crawler.com/)" "ysfine.com"
162.55.85.225 - - [04/Oct/2022:06:11:18 -0700] "GET /class54/class5480/Pictures/4.%C3%AA%C2%B8%C2%B0%C3%AB%C2%85%C2%90%C3%AC%C2%B4%C2%AC%C3%AC%C2%98%C2%81/?C=M;O=A HTTP/1.1" 200 995 "-" "Mozilla/5.0 (compatible; BLEXBot/1.0; +http://webmeup-crawler.com/)" "www.ysfine.com"
162.55.85.225 - - [04/Oct/2022:06:11:20 -0700] "GET /class54/class5480/Pictures/4.%C3%AA%C2%B8%C2%B0%C3%AB%C2%85%C2%90%C3%AC%C2%B4%C2%AC%C3%AC%C2%98%C2%81/?C=M;O=D HTTP/1.1" 200 985 "-" "Mozilla/5.0 (compatible; BLEXBot/1.0; +http://webmeup-crawler.com/)" "ysfine.com"
75.67.64.111 - - [04/Oct/2022:06:11:24 -0700] "GET /feynman/ppic/parton88a.jpg HTTP/1.1" 200 55506 "https://www.google.com/" "Mozilla/5.0 (Macintosh; Intel Mac OS X 10_15_7) AppleWebKit/605.1.15 (KHTML, like Gecko) Version/15.6.1 Safari/605.1.15" "ysfine.com"
162.55.85.225 - - [04/Oct/2022:06:11:23 -0700] "GET /class54/class5480/Pictures/4.%C3%AA%C2%B8%C2%B0%C3%AB%C2%85%C2%90%C3%AC%C2%B4%C2%AC%C3%AC%C2%98%C2%81/?C=N;O=A HTTP/1.1" 200 995 "-" "Mozilla/5.0 (compatible; BLEXBot/1.0; +http://webmeup-crawler.com/)" "ysfine.com"
162.55.85.225 - - [04/Oct/2022:06:11:25 -0700] "GET /class54/class5480/Pictures/4.%C3%AA%C2%B8%C2%B0%C3%AB%C2%85%C2%90%C3%AC%C2%B4%C2%AC%C3%AC%C2%98%C2%81/?C=N;O=D HTTP/1.1" 200 985 "-" "Mozilla/5.0 (compatible; BLEXBot/1.0; +http://webmeup-crawler.com/)" "www.ysfine.com"
40.77.167.27 - - [04/Oct/2022:06:11:31 -0700] "GET /feynman/feyfirm3.jpg HTTP/1.1" 200 39603 "-" "Mozilla/5.0 (compatible; bingbot/2.0; +http://www.bing.com/bingbot.htm)" "ysfine.com"
157.55.39.127 - - [04/Oct/2022:06:11:54 -0700] "GET /world/ital/venice30a.jpg HTTP/1.1" 200 85709 "-" "Mozilla/5.0 (compatible; bingbot/2.0; +http://www.bing.com/bingbot.htm)" "ysfine.com"
157.55.39.58 - - [04/Oct/2022:06:11:54 -0700] "GET /home/comet01b.jpg HTTP/1.1" 200 53465 "-" "Mozilla/5.0 (compatible; bingbot/2.0; +http://www.bing.com/bingbot.htm)" "www.ysfine.com"
162.55.85.225 - - [04/Oct/2022:06:11:58 -0700] "GET /class54/class5480/Pictures/4.%C3%AA%C2%B8%C2%B0%C3%AB%C2%85%C2%90%C3%AC%C2%B4%C2%AC%C3%AC%C2%98%C2%81/?C=S;O=A HTTP/1.1" 200 967 "-" "Mozilla/5.0 (compatible; BLEXBot/1.0; +http://webmeup-crawler.com/)" "www.ysfine.com"
162.55.85.225 - - [04/Oct/2022:06:12:02 -0700] "GET /class54/class5480/Pictures/4.%C3%AA%C2%B8%C2%B0%C3%AB%C2%85%C2%90%C3%AC%C2%B4%C2%AC%C3%AC%C2%98%C2%81/?C=S;O=D HTTP/1.1" 200 962 "-" "Mozilla/5.0 (compatible; BLEXBot/1.0; +http://webmeup-crawler.com/)" "ysfine.com"
162.55.85.225 - - [04/Oct/2022:06:12:04 -0700] "GET /class54/class5480/Pictures/?C=D;O=D HTTP/1.1" 200 575 "-" "Mozilla/5.0 (compatible; BLEXBot/1.0; +http://webmeup-crawler.com/)" "www.ysfine.com"
162.55.85.225 - - [04/Oct/2022:06:12:06 -0700] "GET /class54/class5480/Pictures/?C=M;O=D HTTP/1.1" 200 575 "-" "Mozilla/5.0 (compatible; BLEXBot/1.0; +http://webmeup-crawler.com/)" "www.ysfine.com"
46.161.27.156 - - [04/Oct/2022:06:12:11 -0700] "GET /wp-login.php HTTP/1.1" 404 88 "http://ysfine.com/wp-login.php" "Mozilla/5.0 (Windows NT 10.0; Win64; x64) AppleWebKit/537.36 (KHTML, like Gecko) Chrome/64.0.3282.140 Safari/537.36 Edge/18.17763" "ysfine.com"
162.55.85.225 - - [04/Oct/2022:06:12:11 -0700] "GET /class54/class5480/Pictures/?C=N;O=A HTTP/1.1" 200 578 "-" "Mozilla/5.0 (compatible; BLEXBot/1.0; +http://webmeup-crawler.com/)" "www.ysfine.com"
162.55.85.225 - - [04/Oct/2022:06:12:15 -0700] "GET /class54/class5480/Pictures/?C=S;O=D HTTP/1.1" 200 575 "-" "Mozilla/5.0 (compatible; BLEXBot/1.0; +http://webmeup-crawler.com/)" "www.ysfine.com"
162.55.85.225 - - [04/Oct/2022:06:12:18 -0700] "GET /ffriends/korf.html HTTP/1.1" 404 88 "-" "Mozilla/5.0 (compatible; BLEXBot/1.0; +http://webmeup-crawler.com/)" "www.ysfine.com"
162.55.85.225 - - [04/Oct/2022:06:12:21 -0700] "GET /friends/index.html HTTP/1.1" 404 88 "-" "Mozilla/5.0 (compatible; BLEXBot/1.0; +http://webmeup-crawler.com/)" "www.ysfine.com"
207.46.13.102 - - [04/Oct/2022:06:12:21 -0700] "GET /newyork/colum17.jpg HTTP/1.1" 200 99132 "-" "Mozilla/5.0 (compatible; bingbot/2.0; +http://www.bing.com/bingbot.htm)" "ysfine.com"
162.55.85.225 - - [04/Oct/2022:06:12:23 -0700] "GET /philo/helena.html HTTP/1.1" 200 6350 "-" "Mozilla/5.0 (compatible; BLEXBot/1.0; +http://webmeup-crawler.com/)" "www.ysfine.com"
162.55.85.225 - - [04/Oct/2022:06:12:25 -0700] "GET /remote/wigner111/frame04.html HTTP/1.1" 200 941 "-" "Mozilla/5.0 (compatible; BLEXBot/1.0; +http://webmeup-crawler.com/)" "www.ysfine.com"
162.55.85.225 - - [04/Oct/2022:06:12:29 -0700] "GET /remote/wigner111/frame08.html HTTP/1.1" 200 487 "-" "Mozilla/5.0 (compatible; BLEXBot/1.0; +http://webmeup-crawler.com/)" "ysfine.com"
