178.128.219.183 - - [29/Sep/2022:22:35:01 -0700] "GET /wp1/wp-includes/wlwmanifest.xml HTTP/1.1" 404 73 "-" "Mozilla/5.0 (Windows NT 10.0; Win64; x64) AppleWebKit/537.36 (KHTML, like Gecko) Chrome/95.0.4638.69 Safari/537.36" "ysfine.com"
178.128.219.183 - - [29/Sep/2022:22:35:02 -0700] "GET /test/wp-includes/wlwmanifest.xml HTTP/1.1" 404 73 "-" "Mozilla/5.0 (Windows NT 10.0; Win64; x64) AppleWebKit/537.36 (KHTML, like Gecko) Chrome/95.0.4638.69 Safari/537.36" "ysfine.com"
178.128.219.183 - - [29/Sep/2022:22:35:03 -0700] "GET /site/wp-includes/wlwmanifest.xml HTTP/1.1" 404 73 "-" "Mozilla/5.0 (Windows NT 10.0; Win64; x64) AppleWebKit/537.36 (KHTML, like Gecko) Chrome/95.0.4638.69 Safari/537.36" "ysfine.com"
178.128.219.183 - - [29/Sep/2022:22:35:04 -0700] "GET /cms/wp-includes/wlwmanifest.xml HTTP/1.1" 404 73 "-" "Mozilla/5.0 (Windows NT 10.0; Win64; x64) AppleWebKit/537.36 (KHTML, like Gecko) Chrome/95.0.4638.69 Safari/537.36" "ysfine.com"
167.99.234.226 - - [29/Sep/2022:22:35:26 -0700] "GET / HTTP/1.1" 200 15910 "-" "Mozilla/5.0 (Windows NT 10.0; Win64; x64) AppleWebKit/537.36 (KHTML, like Gecko) Chrome/78.0.3904.108 Safari/537.36" "ysfine.com"
167.99.234.226 - - [29/Sep/2022:22:35:26 -0700] "GET /wp-includes/wlwmanifest.xml HTTP/1.1" 404 73 "-" "Mozilla/5.0 (Windows NT 10.0; Win64; x64) AppleWebKit/537.36 (KHTML, like Gecko) Chrome/78.0.3904.108 Safari/537.36" "ysfine.com"
167.99.234.226 - - [29/Sep/2022:22:35:27 -0700] "GET /xmlrpc.php?rsd HTTP/1.1" 404 73 "-" "Mozilla/5.0 (Windows NT 10.0; Win64; x64) AppleWebKit/537.36 (KHTML, like Gecko) Chrome/78.0.3904.108 Safari/537.36" "ysfine.com"
167.99.234.226 - - [29/Sep/2022:22:35:27 -0700] "GET / HTTP/1.1" 200 15910 "-" "Mozilla/5.0 (Windows NT 10.0; Win64; x64) AppleWebKit/537.36 (KHTML, like Gecko) Chrome/78.0.3904.108 Safari/537.36" "ysfine.com"
167.99.234.226 - - [29/Sep/2022:22:35:27 -0700] "GET /blog/wp-includes/wlwmanifest.xml HTTP/1.1" 404 73 "-" "Mozilla/5.0 (Windows NT 10.0; Win64; x64) AppleWebKit/537.36 (KHTML, like Gecko) Chrome/78.0.3904.108 Safari/537.36" "ysfine.com"
167.99.234.226 - - [29/Sep/2022:22:35:27 -0700] "GET /web/wp-includes/wlwmanifest.xml HTTP/1.1" 404 73 "-" "Mozilla/5.0 (Windows NT 10.0; Win64; x64) AppleWebKit/537.36 (KHTML, like Gecko) Chrome/78.0.3904.108 Safari/537.36" "ysfine.com"
167.99.234.226 - - [29/Sep/2022:22:35:27 -0700] "GET /wordpress/wp-includes/wlwmanifest.xml HTTP/1.1" 404 73 "-" "Mozilla/5.0 (Windows NT 10.0; Win64; x64) AppleWebKit/537.36 (KHTML, like Gecko) Chrome/78.0.3904.108 Safari/537.36" "ysfine.com"
167.99.234.226 - - [29/Sep/2022:22:35:27 -0700] "GET /website/wp-includes/wlwmanifest.xml HTTP/1.1" 404 73 "-" "Mozilla/5.0 (Windows NT 10.0; Win64; x64) AppleWebKit/537.36 (KHTML, like Gecko) Chrome/78.0.3904.108 Safari/537.36" "ysfine.com"
167.99.234.226 - - [29/Sep/2022:22:35:27 -0700] "GET /wp/wp-includes/wlwmanifest.xml HTTP/1.1" 404 73 "-" "Mozilla/5.0 (Windows NT 10.0; Win64; x64) AppleWebKit/537.36 (KHTML, like Gecko) Chrome/78.0.3904.108 Safari/537.36" "ysfine.com"
167.99.234.226 - - [29/Sep/2022:22:35:27 -0700] "GET /2018/wp-includes/wlwmanifest.xml HTTP/1.1" 404 73 "-" "Mozilla/5.0 (Windows NT 10.0; Win64; x64) AppleWebKit/537.36 (KHTML, like Gecko) Chrome/78.0.3904.108 Safari/537.36" "ysfine.com"
167.99.234.226 - - [29/Sep/2022:22:35:28 -0700] "GET /2019/wp-includes/wlwmanifest.xml HTTP/1.1" 404 73 "-" "Mozilla/5.0 (Windows NT 10.0; Win64; x64) AppleWebKit/537.36 (KHTML, like Gecko) Chrome/78.0.3904.108 Safari/537.36" "ysfine.com"
167.99.234.226 - - [29/Sep/2022:22:35:28 -0700] "GET /shop/wp-includes/wlwmanifest.xml HTTP/1.1" 404 73 "-" "Mozilla/5.0 (Windows NT 10.0; Win64; x64) AppleWebKit/537.36 (KHTML, like Gecko) Chrome/78.0.3904.108 Safari/537.36" "ysfine.com"
167.99.234.226 - - [29/Sep/2022:22:35:28 -0700] "GET /wp1/wp-includes/wlwmanifest.xml HTTP/1.1" 404 73 "-" "Mozilla/5.0 (Windows NT 10.0; Win64; x64) AppleWebKit/537.36 (KHTML, like Gecko) Chrome/78.0.3904.108 Safari/537.36" "ysfine.com"
167.99.234.226 - - [29/Sep/2022:22:35:28 -0700] "GET /test/wp-includes/wlwmanifest.xml HTTP/1.1" 404 73 "-" "Mozilla/5.0 (Windows NT 10.0; Win64; x64) AppleWebKit/537.36 (KHTML, like Gecko) Chrome/78.0.3904.108 Safari/537.36" "ysfine.com"
167.99.234.226 - - [29/Sep/2022:22:35:28 -0700] "GET /media/wp-includes/wlwmanifest.xml HTTP/1.1" 404 73 "-" "Mozilla/5.0 (Windows NT 10.0; Win64; x64) AppleWebKit/537.36 (KHTML, like Gecko) Chrome/78.0.3904.108 Safari/537.36" "ysfine.com"
167.99.234.226 - - [29/Sep/2022:22:35:28 -0700] "GET /wp2/wp-includes/wlwmanifest.xml HTTP/1.1" 404 73 "-" "Mozilla/5.0 (Windows NT 10.0; Win64; x64) AppleWebKit/537.36 (KHTML, like Gecko) Chrome/78.0.3904.108 Safari/537.36" "ysfine.com"
167.99.234.226 - - [29/Sep/2022:22:35:28 -0700] "GET /site/wp-includes/wlwmanifest.xml HTTP/1.1" 404 73 "-" "Mozilla/5.0 (Windows NT 10.0; Win64; x64) AppleWebKit/537.36 (KHTML, like Gecko) Chrome/78.0.3904.108 Safari/537.36" "ysfine.com"
167.99.234.226 - - [29/Sep/2022:22:35:28 -0700] "GET /cms/wp-includes/wlwmanifest.xml HTTP/1.1" 404 73 "-" "Mozilla/5.0 (Windows NT 10.0; Win64; x64) AppleWebKit/537.36 (KHTML, like Gecko) Chrome/78.0.3904.108 Safari/537.36" "ysfine.com"
167.99.234.226 - - [29/Sep/2022:22:35:28 -0700] "GET /sito/wp-includes/wlwmanifest.xml HTTP/1.1" 404 73 "-" "Mozilla/5.0 (Windows NT 10.0; Win64; x64) AppleWebKit/537.36 (KHTML, like Gecko) Chrome/78.0.3904.108 Safari/537.36" "ysfine.com"
216.244.66.229 - - [29/Sep/2022:22:35:44 -0700] "GET /friends/aline/northwes12.jpg HTTP/1.1" 404 73 "-" "Mozilla/5.0 (compatible; DotBot/1.2; +https://opensiteexplorer.org/dotbot; help@moz.com)" "www.ysfine.com"
77.88.5.46 - - [29/Sep/2022:22:36:13 -0700] "GET /class54/einmanga.html HTTP/1.1" 200 176 "-" "Mozilla/5.0 (compatible; YandexBot/3.0; +http://yandex.com/bots)" "www.ysfine.com"
216.244.66.229 - - [29/Sep/2022:22:37:14 -0700] "GET /friends/amkor/amkor02.jpg HTTP/1.1" 404 73 "-" "Mozilla/5.0 (compatible; DotBot/1.2; +https://opensiteexplorer.org/dotbot; help@moz.com)" "www.ysfine.com"
77.75.79.31 - - [29/Sep/2022:22:37:23 -0700] "GET /maga/boltzmann.html HTTP/1.1" 304 - "-" "Mozilla/5.0 (compatible; SeznamBot/4.0-RC1; +http://napoveda.seznam.cz/seznambot-intro/)" "ysfine.com"
216.244.66.229 - - [29/Sep/2022:22:37:43 -0700] "GET /friends/amkor/jprome01.jpg HTTP/1.1" 404 73 "-" "Mozilla/5.0 (compatible; DotBot/1.2; +https://opensiteexplorer.org/dotbot; help@moz.com)" "www.ysfine.com"
207.46.13.102 - - [29/Sep/2022:22:38:39 -0700] "GET /world/germany/vienna12.jpg HTTP/1.1" 200 102202 "-" "Mozilla/5.0 (compatible; bingbot/2.0; +http://www.bing.com/bingbot.htm)" "ysfine.com"
216.244.66.229 - - [29/Sep/2022:22:39:12 -0700] "GET /usca/norl/canal05.jpg HTTP/1.1" 200 129711 "-" "Mozilla/5.0 (compatible; DotBot/1.2; +https://opensiteexplorer.org/dotbot; help@moz.com)" "www.ysfine.com"
216.244.66.229 - - [29/Sep/2022:22:39:42 -0700] "GET /world/ital/stcroce01.jpg HTTP/1.1" 200 107651 "-" "Mozilla/5.0 (compatible; DotBot/1.2; +https://opensiteexplorer.org/dotbot; help@moz.com)" "www.ysfine.com"
216.244.66.229 - - [29/Sep/2022:22:40:13 -0700] "GET /world/ital/venice06cc.jpg HTTP/1.1" 200 128430 "-" "Mozilla/5.0 (compatible; DotBot/1.2; +https://opensiteexplorer.org/dotbot; help@moz.com)" "www.ysfine.com"
216.244.66.229 - - [29/Sep/2022:22:40:41 -0700] "GET /world/ital/venice19.jpg HTTP/1.1" 200 204955 "-" "Mozilla/5.0 (compatible; DotBot/1.2; +https://opensiteexplorer.org/dotbot; help@moz.com)" "www.ysfine.com"
75.115.103.104 - - [29/Sep/2022:22:41:21 -0700] "GET /princeton/withers01.jpg HTTP/1.1" 200 113946 "https://www.google.com/" "Mozilla/5.0 (Macintosh; Intel Mac OS X 10_15_7) AppleWebKit/605.1.15 (KHTML, like Gecko) Version/13.1.3 Safari/605.1.15" "ysfine.com"
40.77.167.27 - - [29/Sep/2022:22:41:26 -0700] "GET /people/logunov11b.jpg HTTP/1.1" 200 26659 "-" "Mozilla/5.0 (compatible; bingbot/2.0; +http://www.bing.com/bingbot.htm)" "www.ysfine.com"
216.244.66.229 - - [29/Sep/2022:22:41:53 -0700] "GET /world/latina/puebla01.jpg HTTP/1.1" 200 109146 "-" "Mozilla/5.0 (compatible; DotBot/1.2; +https://opensiteexplorer.org/dotbot; help@moz.com)" "www.ysfine.com"
73.205.58.114 - - [29/Sep/2022:22:41:55 -0700] "GET /jobs/koreaj22.jpg HTTP/1.1" 200 195155 "https://www.google.com/" "Mozilla/5.0 (Macintosh; Intel Mac OS X 10_15_7) AppleWebKit/537.36 (KHTML, like Gecko) Chrome/105.0.0.0 Safari/537.36" "ysfine.com"
157.55.39.128 - - [29/Sep/2022:22:41:56 -0700] "GET /world/poland/poznanf11b.jpg HTTP/1.1" 200 48822 "-" "Mozilla/5.0 (compatible; bingbot/2.0; +http://www.bing.com/bingbot.htm)" "www.ysfine.com"
77.88.5.126 - - [29/Sep/2022:22:42:09 -0700] "GET /world/russ/kazan077.jpg HTTP/1.1" 200 51836 "-" "Mozilla/5.0 (compatible; YandexImages/3.0; +http://yandex.com/bots)" "ysfine.com"
140.114.127.247 - - [29/Sep/2022:22:42:52 -0700] "GET /yspapers/iopbook15.pdf HTTP/1.1" 200 2962673 "https://www.google.com/" "Mozilla/5.0 (Macintosh; Intel Mac OS X 10_15_7) AppleWebKit/537.36 (KHTML, like Gecko) Chrome/105.0.0.0 Safari/537.36" "ysfine.com"
140.114.127.247 - - [29/Sep/2022:22:42:52 -0700] "GET /favicon.ico HTTP/1.1" 404 88 "https://ysfine.com/yspapers/iopbook15.pdf" "Mozilla/5.0 (Macintosh; Intel Mac OS X 10_15_7) AppleWebKit/537.36 (KHTML, like Gecko) Chrome/105.0.0.0 Safari/537.36" "ysfine.com"
216.244.66.229 - - [29/Sep/2022:22:42:55 -0700] "GET /world/france/montpar02.jpg HTTP/1.1" 200 153728 "-" "Mozilla/5.0 (compatible; DotBot/1.2; +https://opensiteexplorer.org/dotbot; help@moz.com)" "www.ysfine.com"
157.55.39.128 - - [29/Sep/2022:22:42:56 -0700] "GET /world/scandi/norw01b.jpg HTTP/1.1" 200 46798 "-" "Mozilla/5.0 AppleWebKit/537.36 (KHTML, like Gecko; compatible; bingbot/2.0; +http://www.bing.com/bingbot.htm) Chrome/103.0.5060.134 Safari/537.36" "ysfine.com"
216.244.66.229 - - [29/Sep/2022:22:44:35 -0700] "GET /style/ukfolk.jpg HTTP/1.1" 200 77206 "-" "Mozilla/5.0 (compatible; DotBot/1.2; +https://opensiteexplorer.org/dotbot; help@moz.com)" "www.ysfine.com"
66.249.70.4 - - [29/Sep/2022:22:44:40 -0700] "GET /ffriends/stephens11.jpg HTTP/1.1" 404 88 "-" "Googlebot-Image/1.0" "ysfine.com"
157.55.39.55 - - [29/Sep/2022:22:45:03 -0700] "GET /maga/phil/marxmos01.jpg HTTP/1.1" 200 65113 "-" "Mozilla/5.0 (compatible; bingbot/2.0; +http://www.bing.com/bingbot.htm)" "ysfine.com"
157.55.39.127 - - [29/Sep/2022:22:45:06 -0700] "GET /kowar/gi002b.jpg HTTP/1.1" 200 42820 "-" "Mozilla/5.0 (compatible; bingbot/2.0; +http://www.bing.com/bingbot.htm)" "www.ysfine.com"
76.87.202.112 - - [29/Sep/2022:22:45:35 -0700] "GET /feynman/feydirac.jpg HTTP/1.1" 200 98378 "https://www.google.com/" "Mozilla/5.0 (iPhone; CPU iPhone OS 16_0 like Mac OS X) AppleWebKit/605.1.15 (KHTML, like Gecko) Version/16.0 Mobile/15E148 Safari/604.1" "ysfine.com"
216.244.66.229 - - [29/Sep/2022:22:45:42 -0700] "GET /einstein/eins54.jpg HTTP/1.1" 200 86686 "-" "Mozilla/5.0 (compatible; DotBot/1.2; +https://opensiteexplorer.org/dotbot; help@moz.com)" "www.ysfine.com"
207.46.13.102 - - [29/Sep/2022:22:46:01 -0700] "GET /feynman/feyn70.jpg HTTP/1.1" 200 41386 "-" "Mozilla/5.0 (compatible; bingbot/2.0; +http://www.bing.com/bingbot.htm)" "www.ysfine.com"
216.244.66.229 - - [29/Sep/2022:22:46:15 -0700] "GET /kobak/kimkoo01.jpg HTTP/1.1" 200 92628 "-" "Mozilla/5.0 (compatible; DotBot/1.2; +https://opensiteexplorer.org/dotbot; help@moz.com)" "www.ysfine.com"
216.244.66.229 - - [29/Sep/2022:22:46:47 -0700] "GET /newyork/battery33.jpg HTTP/1.1" 200 175886 "-" "Mozilla/5.0 (compatible; DotBot/1.2; +https://opensiteexplorer.org/dotbot; help@moz.com)" "www.ysfine.com"
173.252.83.8 - - [29/Sep/2022:22:46:59 -0700] "GET /feynman/feynman.jpg HTTP/1.1" 200 40536 "-" "facebookexternalhit/1.1 (+http://www.facebook.com/externalhit_uatext.php)" "ysfine.com"
216.244.66.229 - - [29/Sep/2022:22:47:37 -0700] "GET /newyork/nyharbor17.jpg HTTP/1.1" 200 178805 "-" "Mozilla/5.0 (compatible; DotBot/1.2; +https://opensiteexplorer.org/dotbot; help@moz.com)" "www.ysfine.com"
40.77.167.27 - - [29/Sep/2022:22:47:47 -0700] "GET /world/russ/kiev014.jpg HTTP/1.1" 200 114364 "-" "Mozilla/5.0 (compatible; bingbot/2.0; +http://www.bing.com/bingbot.htm)" "ysfine.com"
173.73.80.118 - - [29/Sep/2022:22:47:59 -0700] "GET /ys11/ HTTP/1.1" 304 - "-" "Mozilla/5.0 (Windows NT 10.0; Win64; x64) AppleWebKit/537.36 (KHTML, like Gecko) Chrome/105.0.5195.127 Safari/537.36" "ysfine.com"
173.73.80.118 - - [29/Sep/2022:22:47:59 -0700] "GET /favicon.ico HTTP/1.1" 404 88 "https://ysfine.com/ys11/" "Mozilla/5.0 (Windows NT 10.0; Win64; x64) AppleWebKit/537.36 (KHTML, like Gecko) Chrome/105.0.5195.127 Safari/537.36" "ysfine.com"
123.183.224.86 - - [29/Sep/2022:22:48:39 -0700] "GET / HTTP/1.1" 200 5283 "-" "Sogou web spider/4.0(+http://www.sogou.com/docs/help/webmasters.htm#07)" "ysfine.com"
216.244.66.229 - - [29/Sep/2022:22:48:51 -0700] "GET /people/schweitzer61.jpg HTTP/1.1" 200 129162 "-" "Mozilla/5.0 (compatible; DotBot/1.2; +https://opensiteexplorer.org/dotbot; help@moz.com)" "www.ysfine.com"
66.75.243.148 - - [29/Sep/2022:22:49:05 -0700] "GET /kowar/tanks/tank03.jpg HTTP/1.1" 200 106726 "https://www.google.com/" "Mozilla/5.0 (Windows NT 10.0; Win64; x64) AppleWebKit/537.36 (KHTML, like Gecko) Chrome/105.0.0.0 Safari/537.36" "ysfine.com"
216.244.66.229 - - [29/Sep/2022:22:49:56 -0700] "GET /world/russ/kazan015.jpg HTTP/1.1" 200 91779 "-" "Mozilla/5.0 (compatible; DotBot/1.2; +https://opensiteexplorer.org/dotbot; help@moz.com)" "www.ysfine.com"
173.73.80.118 - - [29/Sep/2022:22:50:07 -0700] "GET /kowar/shinsm11c.jpg HTTP/1.1" 200 43567 "https://www.google.com/" "Mozilla/5.0 (Windows NT 10.0; Win64; x64) AppleWebKit/537.36 (KHTML, like Gecko) Chrome/105.0.5195.127 Safari/537.36 Avast/105.0.18469.127" "ysfine.com"
205.210.31.46 - - [29/Sep/2022:22:50:12 -0700] "GET / HTTP/1.1" 200 15910 "-" "Expanse, a Palo Alto Networks company, searches across the global IPv4 space multiple times per day to identify customers&#39; presences on the Internet. If you would like to be excluded from our scans, please send IP addresses/domains to: scaninfo@paloaltonetworks.com" "www.ysfine.com"
216.244.66.229 - - [29/Sep/2022:22:50:32 -0700] "GET /world/russ/mosmusic51.jpg HTTP/1.1" 200 91662 "-" "Mozilla/5.0 (compatible; DotBot/1.2; +https://opensiteexplorer.org/dotbot; help@moz.com)" "www.ysfine.com"
40.77.167.27 - - [29/Sep/2022:22:50:56 -0700] "GET /awards/fortune11.jpg HTTP/1.1" 200 270524 "-" "Mozilla/5.0 (compatible; bingbot/2.0; +http://www.bing.com/bingbot.htm)" "ysfine.com"
206.127.212.10 - - [29/Sep/2022:22:51:32 -0700] "GET /world/ital/uffizi02.jpg HTTP/1.1" 200 122588 "-" "Mozilla/5.0 (Windows NT 6.3; WOW64) AppleWebKit/537.36 (KHTML, like Gecko) Chrome/38.0.2125.111 Safari/537.36" "www.ysfine.com"
216.244.66.229 - - [29/Sep/2022:22:51:34 -0700] "GET /dirac/dirackim6201.jpg HTTP/1.1" 200 51283 "-" "Mozilla/5.0 (compatible; DotBot/1.2; +https://opensiteexplorer.org/dotbot; help@moz.com)" "www.ysfine.com"
157.55.39.127 - - [29/Sep/2022:22:51:37 -0700] "GET /saram/g021.jpg HTTP/1.1" 200 99036 "-" "Mozilla/5.0 AppleWebKit/537.36 (KHTML, like Gecko; compatible; bingbot/2.0; +http://www.bing.com/bingbot.htm) Chrome/103.0.5060.134 Safari/537.36" "www.ysfine.com"
173.73.80.118 - - [29/Sep/2022:22:51:45 -0700] "GET /kowar/war50.html HTTP/1.1" 200 11795 "https://www.google.com/" "Mozilla/5.0 (Windows NT 10.0; Win64; x64) AppleWebKit/537.36 (KHTML, like Gecko) Chrome/105.0.5195.127 Safari/537.36" "ysfine.com"
173.73.80.118 - - [29/Sep/2022:22:51:45 -0700] "GET /kowar/garand02c.jpg HTTP/1.1" 200 19263 "https://ysfine.com/kowar/war50.html" "Mozilla/5.0 (Windows NT 10.0; Win64; x64) AppleWebKit/537.36 (KHTML, like Gecko) Chrome/105.0.5195.127 Safari/537.36" "ysfine.com"
173.73.80.118 - - [29/Sep/2022:22:51:45 -0700] "GET /kowar/feb8c.jpg HTTP/1.1" 200 30413 "https://ysfine.com/kowar/war50.html" "Mozilla/5.0 (Windows NT 10.0; Win64; x64) AppleWebKit/537.36 (KHTML, like Gecko) Chrome/105.0.5195.127 Safari/537.36" "ysfine.com"
173.73.80.118 - - [29/Sep/2022:22:51:45 -0700] "GET /kowar/paiksy05c.jpg HTTP/1.1" 200 60462 "https://ysfine.com/kowar/war50.html" "Mozilla/5.0 (Windows NT 10.0; Win64; x64) AppleWebKit/537.36 (KHTML, like Gecko) Chrome/105.0.5195.127 Safari/537.36" "ysfine.com"
173.73.80.118 - - [29/Sep/2022:22:51:45 -0700] "GET /kowar/77reg03c.jpg HTTP/1.1" 200 27891 "https://ysfine.com/kowar/war50.html" "Mozilla/5.0 (Windows NT 10.0; Win64; x64) AppleWebKit/537.36 (KHTML, like Gecko) Chrome/105.0.5195.127 Safari/537.36" "ysfine.com"
173.73.80.118 - - [29/Sep/2022:22:51:45 -0700] "GET /kowar/mosin01c.jpg HTTP/1.1" 200 17717 "https://ysfine.com/kowar/war50.html" "Mozilla/5.0 (Windows NT 10.0; Win64; x64) AppleWebKit/537.36 (KHTML, like Gecko) Chrome/105.0.5195.127 Safari/537.36" "ysfine.com"
173.73.80.118 - - [29/Sep/2022:22:51:45 -0700] "GET /kowar/panmun04c.jpg HTTP/1.1" 200 32797 "https://ysfine.com/kowar/war50.html" "Mozilla/5.0 (Windows NT 10.0; Win64; x64) AppleWebKit/537.36 (KHTML, like Gecko) Chrome/105.0.5195.127 Safari/537.36" "ysfine.com"
173.73.80.118 - - [29/Sep/2022:22:51:45 -0700] "GET /kowar/changdoy01c.jpg HTTP/1.1" 200 36057 "https://ysfine.com/kowar/war50.html" "Mozilla/5.0 (Windows NT 10.0; Win64; x64) AppleWebKit/537.36 (KHTML, like Gecko) Chrome/105.0.5195.127 Safari/537.36" "ysfine.com"
173.73.80.118 - - [29/Sep/2022:22:51:45 -0700] "GET /kowar/tanks/tank03c.jpg HTTP/1.1" 200 48323 "https://ysfine.com/kowar/war50.html" "Mozilla/5.0 (Windows NT 10.0; Win64; x64) AppleWebKit/537.36 (KHTML, like Gecko) Chrome/105.0.5195.127 Safari/537.36" "ysfine.com"
173.73.80.118 - - [29/Sep/2022:22:51:45 -0700] "GET /kowar/gi002c.jpg HTTP/1.1" 200 40441 "https://ysfine.com/kowar/war50.html" "Mozilla/5.0 (Windows NT 10.0; Win64; x64) AppleWebKit/537.36 (KHTML, like Gecko) Chrome/105.0.5195.127 Safari/537.36" "ysfine.com"
173.73.80.118 - - [29/Sep/2022:22:51:45 -0700] "GET /kowar/pyang01c.jpg HTTP/1.1" 200 54646 "https://ysfine.com/kowar/war50.html" "Mozilla/5.0 (Windows NT 10.0; Win64; x64) AppleWebKit/537.36 (KHTML, like Gecko) Chrome/105.0.5195.127 Safari/537.36" "ysfine.com"
173.73.80.118 - - [29/Sep/2022:22:51:45 -0700] "GET /kowar/tanks/caval01c.jpg HTTP/1.1" 200 40632 "https://ysfine.com/kowar/war50.html" "Mozilla/5.0 (Windows NT 10.0; Win64; x64) AppleWebKit/537.36 (KHTML, like Gecko) Chrome/105.0.5195.127 Safari/537.36" "ysfine.com"
173.73.80.118 - - [29/Sep/2022:22:51:45 -0700] "GET /kowar/paiksy02c.jpg HTTP/1.1" 200 54750 "https://ysfine.com/kowar/war50.html" "Mozilla/5.0 (Windows NT 10.0; Win64; x64) AppleWebKit/537.36 (KHTML, like Gecko) Chrome/105.0.5195.127 Safari/537.36" "ysfine.com"
173.73.80.118 - - [29/Sep/2022:22:51:45 -0700] "GET /kowar/mac05a.jpg HTTP/1.1" 200 68210 "https://ysfine.com/kowar/war50.html" "Mozilla/5.0 (Windows NT 10.0; Win64; x64) AppleWebKit/537.36 (KHTML, like Gecko) Chrome/105.0.5195.127 Safari/537.36" "ysfine.com"
173.73.80.118 - - [29/Sep/2022:22:51:45 -0700] "GET /kowar/tilelli01c.jpg HTTP/1.1" 200 34897 "https://ysfine.com/kowar/war50.html" "Mozilla/5.0 (Windows NT 10.0; Win64; x64) AppleWebKit/537.36 (KHTML, like Gecko) Chrome/105.0.5195.127 Safari/537.36" "ysfine.com"
173.73.80.118 - - [29/Sep/2022:22:51:45 -0700] "GET /kowar/choiyk11c.jpg HTTP/1.1" 200 32210 "https://ysfine.com/kowar/war50.html" "Mozilla/5.0 (Windows NT 10.0; Win64; x64) AppleWebKit/537.36 (KHTML, like Gecko) Chrome/105.0.5195.127 Safari/537.36" "ysfine.com"
173.73.80.118 - - [29/Sep/2022:22:51:45 -0700] "GET /kowar/tanks/tank05c.jpg HTTP/1.1" 200 33583 "https://ysfine.com/kowar/war50.html" "Mozilla/5.0 (Windows NT 10.0; Win64; x64) AppleWebKit/537.36 (KHTML, like Gecko) Chrome/105.0.5195.127 Safari/537.36" "ysfine.com"
157.55.39.127 - - [29/Sep/2022:22:52:16 -0700] "GET /style/bruecke.jpg HTTP/1.1" 200 92067 "-" "Mozilla/5.0 (compatible; bingbot/2.0; +http://www.bing.com/bingbot.htm)" "ysfine.com"
185.191.171.1 - - [29/Sep/2022:22:52:43 -0700] "GET /robots.txt HTTP/1.1" 404 88 "-" "Mozilla/5.0 (compatible; SemrushBot/7~bl; +http://www.semrush.com/bot.html)" "www.ysfine.com"
185.191.171.42 - - [29/Sep/2022:22:52:43 -0700] "GET /world/istanbul.html HTTP/1.1" 200 11361 "-" "Mozilla/5.0 (compatible; SemrushBot/7~bl; +http://www.semrush.com/bot.html)" "www.ysfine.com"
66.249.70.8 - - [29/Sep/2022:22:53:45 -0700] "GET /style/telefon11b.jpg HTTP/1.1" 200 42587 "-" "Googlebot-Image/1.0" "www.ysfine.com"
157.55.39.127 - - [29/Sep/2022:22:53:57 -0700] "GET /style/palmusic22.jpg HTTP/1.1" 200 94171 "-" "Mozilla/5.0 (compatible; bingbot/2.0; +http://www.bing.com/bingbot.htm)" "www.ysfine.com"
216.244.66.229 - - [29/Sep/2022:22:54:01 -0700] "GET /maga/phil/tao15.pdf HTTP/1.1" 200 249510 "-" "Mozilla/5.0 (compatible; DotBot/1.2; +https://opensiteexplorer.org/dotbot; help@moz.com)" "www.ysfine.com"
66.249.70.8 - - [29/Sep/2022:22:54:10 -0700] "GET /world/brit/mayfair01.jpg HTTP/1.1" 200 80124 "-" "Googlebot-Image/1.0" "www.ysfine.com"
207.46.13.102 - - [29/Sep/2022:22:54:22 -0700] "GET /world/russ/roskei01b.jpg HTTP/1.1" 200 20978 "-" "Mozilla/5.0 (compatible; bingbot/2.0; +http://www.bing.com/bingbot.htm)" "ysfine.com"
216.244.66.229 - - [29/Sep/2022:22:54:31 -0700] "GET /remote/wigner111/frame05.html HTTP/1.1" 200 931 "-" "Mozilla/5.0 (compatible; DotBot/1.2; +https://opensiteexplorer.org/dotbot; help@moz.com)" "www.ysfine.com"
216.244.66.229 - - [29/Sep/2022:22:55:00 -0700] "GET /world/china/china104.jpg HTTP/1.1" 200 100091 "-" "Mozilla/5.0 (compatible; DotBot/1.2; +https://opensiteexplorer.org/dotbot; help@moz.com)" "www.ysfine.com"
207.46.13.102 - - [29/Sep/2022:22:55:31 -0700] "GET /world/ital/spstep14.jpg HTTP/1.1" 200 121868 "-" "Mozilla/5.0 (compatible; bingbot/2.0; +http://www.bing.com/bingbot.htm)" "ysfine.com"
216.244.66.229 - - [29/Sep/2022:22:56:00 -0700] "GET /world/russ/spbpi08.jpg HTTP/1.1" 200 76658 "-" "Mozilla/5.0 (compatible; DotBot/1.2; +https://opensiteexplorer.org/dotbot; help@moz.com)" "www.ysfine.com"
77.75.79.31 - - [29/Sep/2022:22:56:24 -0700] "GET /feynman/fthbot.html HTTP/1.1" 304 - "-" "Mozilla/5.0 (compatible; SeznamBot/4.0-RC1; +http://napoveda.seznam.cz/seznambot-intro/)" "ysfine.com"
216.244.66.229 - - [29/Sep/2022:22:56:56 -0700] "GET /people/papa99.jpg HTTP/1.1" 200 94023 "-" "Mozilla/5.0 (compatible; DotBot/1.2; +https://opensiteexplorer.org/dotbot; help@moz.com)" "www.ysfine.com"
157.55.39.58 - - [29/Sep/2022:22:56:57 -0700] "GET /eink/parton77a.jpg HTTP/1.1" 200 89323 "-" "Mozilla/5.0 (compatible; bingbot/2.0; +http://www.bing.com/bingbot.htm)" "ysfine.com"
157.55.39.58 - - [29/Sep/2022:22:56:57 -0700] "GET /wdc/whxmas/whxmas14.jpg HTTP/1.1" 200 53215 "-" "Mozilla/5.0 (compatible; bingbot/2.0; +http://www.bing.com/bingbot.htm)" "ysfine.com"
207.46.13.102 - - [29/Sep/2022:22:57:31 -0700] "GET /world/france/frpolice02.jpg HTTP/1.1" 200 103238 "-" "Mozilla/5.0 (compatible; bingbot/2.0; +http://www.bing.com/bingbot.htm)" "www.ysfine.com"
222.122.190.84 - - [29/Sep/2022:22:57:57 -0700] "GET / HTTP/1.1" 200 15910 "-" "Mozilla/5.0 (Windows NT 10.0; ZumBot/1.0; Win64; x64) AppleWebKit/537.36 (KHTML, like Gecko) Chrome/79.0.3945.130 Safari/537.36" "ysfine.com"
222.122.190.84 - - [29/Sep/2022:22:57:59 -0700] "GET / HTTP/1.1" 200 15910 "-" "Mozilla/5.0 (Windows NT 10.0; ZumBot/1.0; Win64; x64) AppleWebKit/537.36 (KHTML, like Gecko) Chrome/79.0.3945.130 Safari/537.36" "ysfine.com"
207.46.13.102 - - [29/Sep/2022:22:58:01 -0700] "GET /world/baltic/lithu07b.jpg HTTP/1.1" 200 44778 "-" "Mozilla/5.0 AppleWebKit/537.36 (KHTML, like Gecko; compatible; bingbot/2.0; +http://www.bing.com/bingbot.htm) Chrome/103.0.5060.134 Safari/537.36" "ysfine.com"
216.244.66.229 - - [29/Sep/2022:22:58:26 -0700] "GET /world/france/sorbonne15.jpg HTTP/1.1" 200 102545 "-" "Mozilla/5.0 (compatible; DotBot/1.2; +https://opensiteexplorer.org/dotbot; help@moz.com)" "www.ysfine.com"
216.244.66.229 - - [29/Sep/2022:22:58:56 -0700] "GET /world/germany/salzmo03.jpg HTTP/1.1" 200 118743 "-" "Mozilla/5.0 (compatible; DotBot/1.2; +https://opensiteexplorer.org/dotbot; help@moz.com)" "www.ysfine.com"
216.244.66.229 - - [29/Sep/2022:22:59:25 -0700] "GET /world/germany/vienna07.jpg HTTP/1.1" 200 96133 "-" "Mozilla/5.0 (compatible; DotBot/1.2; +https://opensiteexplorer.org/dotbot; help@moz.com)" "www.ysfine.com"
77.88.5.126 - - [29/Sep/2022:22:59:35 -0700] "GET /robots.txt HTTP/1.1" 404 73 "-" "Mozilla/5.0 (compatible; YandexBot/3.0; +http://yandex.com/bots)" "www.ysfine.com"
93.158.161.40 - - [29/Sep/2022:22:59:39 -0700] "GET /class54/einmanga.html HTTP/1.1" 200 176 "-" "Mozilla/5.0 (compatible; YandexBot/3.0; +http://yandex.com/bots)" "www.ysfine.com"
216.244.66.229 - - [29/Sep/2022:23:00:22 -0700] "GET /world/poland/krkf52.jpg HTTP/1.1" 200 89350 "-" "Mozilla/5.0 (compatible; DotBot/1.2; +https://opensiteexplorer.org/dotbot; help@moz.com)" "www.ysfine.com"
40.77.167.27 - - [29/Sep/2022:23:00:27 -0700] "GET /einstein/evol77b.jpg HTTP/1.1" 200 52737 "-" "Mozilla/5.0 AppleWebKit/537.36 (KHTML, like Gecko; compatible; bingbot/2.0; +http://www.bing.com/bingbot.htm) Chrome/103.0.5060.134 Safari/537.36" "ysfine.com"
216.244.66.229 - - [29/Sep/2022:23:00:52 -0700] "GET /world/russ/kiev043.jpg HTTP/1.1" 200 132240 "-" "Mozilla/5.0 (compatible; DotBot/1.2; +https://opensiteexplorer.org/dotbot; help@moz.com)" "www.ysfine.com"
216.244.66.229 - - [29/Sep/2022:23:01:21 -0700] "GET /dirac/normalc.jpg HTTP/1.1" 200 37292 "-" "Mozilla/5.0 (compatible; DotBot/1.2; +https://opensiteexplorer.org/dotbot; help@moz.com)" "www.ysfine.com"
54.153.73.149 - - [29/Sep/2022:23:01:46 -0700] "GET /favicon.ico HTTP/1.1" 404 73 "ysfine.com" "Mozilla/5.0 (Windows NT 10.0; Win64; x64) AppleWebKit/537.36 (KHTML, like Gecko) Chrome/87.0.4280.141 Safari/537.36 OPR/73.0.3856.344 (Edition Yx 05)" "ysfine.com"
54.153.73.149 - - [29/Sep/2022:23:01:46 -0700] "GET / HTTP/1.1" 200 15910 "ysfine.com" "Mozilla/5.0 (X11; Linux x86_64; rv:84.0) Gecko/20100101 Firefox/84.0" "ysfine.com"
216.244.66.229 - - [29/Sep/2022:23:01:49 -0700] "GET /dongio/polkor01.jpg HTTP/1.1" 404 73 "-" "Mozilla/5.0 (compatible; DotBot/1.2; +https://opensiteexplorer.org/dotbot; help@moz.com)" "www.ysfine.com"
216.244.66.229 - - [29/Sep/2022:23:02:15 -0700] "GET /dongio/russwas03.jpg HTTP/1.1" 404 73 "-" "Mozilla/5.0 (compatible; DotBot/1.2; +https://opensiteexplorer.org/dotbot; help@moz.com)" "www.ysfine.com"
216.244.66.229 - - [29/Sep/2022:23:02:40 -0700] "GET /einstein/citizen11.jpg HTTP/1.1" 200 651589 "-" "Mozilla/5.0 (compatible; DotBot/1.2; +https://opensiteexplorer.org/dotbot; help@moz.com)" "www.ysfine.com"
40.77.167.27 - - [29/Sep/2022:23:03:08 -0700] "GET /kobak/swr07.jpg HTTP/1.1" 200 126530 "-" "Mozilla/5.0 (compatible; bingbot/2.0; +http://www.bing.com/bingbot.htm)" "ysfine.com"
157.55.39.128 - - [29/Sep/2022:23:03:37 -0700] "GET /einstein/places/ulm32.jpg HTTP/1.1" 200 91482 "-" "Mozilla/5.0 AppleWebKit/537.36 (KHTML, like Gecko; compatible; bingbot/2.0; +http://www.bing.com/bingbot.htm) Chrome/103.0.5060.134 Safari/537.36" "ysfine.com"
216.244.66.229 - - [29/Sep/2022:23:04:07 -0700] "GET /newyork/bryantp33.jpg HTTP/1.1" 200 290352 "-" "Mozilla/5.0 (compatible; DotBot/1.2; +https://opensiteexplorer.org/dotbot; help@moz.com)" "www.ysfine.com"
216.244.66.229 - - [29/Sep/2022:23:04:41 -0700] "GET /newyork/timesq05.jpg HTTP/1.1" 200 187614 "-" "Mozilla/5.0 (compatible; DotBot/1.2; +https://opensiteexplorer.org/dotbot; help@moz.com)" "www.ysfine.com"
216.244.66.229 - - [29/Sep/2022:23:05:10 -0700] "GET /newyork/un10.jpg HTTP/1.1" 200 130319 "-" "Mozilla/5.0 (compatible; DotBot/1.2; +https://opensiteexplorer.org/dotbot; help@moz.com)" "www.ysfine.com"
40.77.167.27 - - [29/Sep/2022:23:05:18 -0700] "GET /world/brit/dunf21.jpg HTTP/1.1" 200 125073 "-" "Mozilla/5.0 (compatible; bingbot/2.0; +http://www.bing.com/bingbot.htm)" "www.ysfine.com"
207.46.13.102 - - [29/Sep/2022:23:05:33 -0700] "GET /world/brit/2013lon01.jpg HTTP/1.1" 200 113747 "-" "Mozilla/5.0 (compatible; bingbot/2.0; +http://www.bing.com/bingbot.htm)" "www.ysfine.com"
157.55.39.127 - - [29/Sep/2022:23:05:49 -0700] "GET /feynman/ppic/temp33b.jpg HTTP/1.1" 200 15237 "-" "Mozilla/5.0 (compatible; bingbot/2.0; +http://www.bing.com/bingbot.htm)" "www.ysfine.com"
216.244.66.229 - - [29/Sep/2022:23:06:18 -0700] "GET /princeton/lahiere22.jpg HTTP/1.1" 200 89913 "-" "Mozilla/5.0 (compatible; DotBot/1.2; +https://opensiteexplorer.org/dotbot; help@moz.com)" "www.ysfine.com"
216.244.66.229 - - [29/Sep/2022:23:06:48 -0700] "GET /princeton/stevenson22.jpg HTTP/1.1" 200 86862 "-" "Mozilla/5.0 (compatible; DotBot/1.2; +https://opensiteexplorer.org/dotbot; help@moz.com)" "www.ysfine.com"
81.17.57.144 - - [29/Sep/2022:23:07:53 -0700] "GET /robots.txt HTTP/1.1" 404 73 "-" "Mozilla/5.0 (compatible; MJ12bot/v1.4.8; http://mj12bot.com/)" "ysfine.com"
188.26.104.115 - - [29/Sep/2022:23:08:12 -0700] "GET /style/tatiana11.jpg HTTP/1.1" 200 146910 "https://www.google.com/" "Mozilla/5.0 (Windows NT 6.1) AppleWebKit/537.36 (KHTML, like Gecko) Chrome/105.0.0.0 Safari/537.36" "ysfine.com"
40.77.167.27 - - [29/Sep/2022:23:08:18 -0700] "GET /world/germany/tumap11b.jpg HTTP/1.1" 200 609155 "-" "Mozilla/5.0 (compatible; bingbot/2.0; +http://www.bing.com/bingbot.htm)" "ysfine.com"
71.47.232.28 - - [29/Sep/2022:23:09:38 -0700] "GET /princeton/brooke22.jpg HTTP/1.1" 200 87673 "https://www.google.com/" "Mozilla/5.0 (Macintosh; Intel Mac OS X 10_15_7) AppleWebKit/537.36 (KHTML, like Gecko) Chrome/105.0.0.0 Safari/537.36" "ysfine.com"
71.47.232.28 - - [29/Sep/2022:23:09:43 -0700] "GET /princeton/brooke88.jpg HTTP/1.1" 200 82208 "https://www.google.com/" "Mozilla/5.0 (Macintosh; Intel Mac OS X 10_15_7) AppleWebKit/537.36 (KHTML, like Gecko) Chrome/105.0.0.0 Safari/537.36" "ysfine.com"
157.55.39.58 - - [29/Sep/2022:23:09:49 -0700] "GET /world/china/qingdao03.jpg HTTP/1.1" 200 163329 "-" "Mozilla/5.0 (compatible; bingbot/2.0; +http://www.bing.com/bingbot.htm)" "www.ysfine.com"
77.88.5.233 - - [29/Sep/2022:23:10:26 -0700] "GET /world/germany/hegel05.jpg HTTP/1.1" 304 - "-" "Mozilla/5.0 (compatible; YandexImages/3.0; +http://yandex.com/bots)" "www.ysfine.com"
206.232.13.41 - - [29/Sep/2022:23:10:39 -0700] "GET /style/musee/uffizi02.jpg HTTP/1.1" 200 122588 "-" "Mozilla/5.0 (Windows NT 6.3; WOW64) AppleWebKit/537.36 (KHTML, like Gecko) Chrome/38.0.2125.111 Safari/537.36" "www.ysfine.com"
40.77.167.27 - - [29/Sep/2022:23:11:50 -0700] "GET /wigner/mgm.jpg HTTP/1.1" 200 76875 "-" "Mozilla/5.0 (compatible; bingbot/2.0; +http://www.bing.com/bingbot.htm)" "www.ysfine.com"
40.77.167.27 - - [29/Sep/2022:23:13:09 -0700] "GET /princeton/family87.jpg HTTP/1.1" 200 273963 "-" "Mozilla/5.0 (compatible; bingbot/2.0; +http://www.bing.com/bingbot.htm)" "www.ysfine.com"
40.77.167.27 - - [29/Sep/2022:23:13:39 -0700] "GET /sbk/2013kids02.jpg HTTP/1.1" 200 127551 "-" "Mozilla/5.0 (compatible; bingbot/2.0; +http://www.bing.com/bingbot.htm)" "www.ysfine.com"
157.55.39.58 - - [29/Sep/2022:23:14:00 -0700] "GET /world/poland/jablo10.jpg HTTP/1.1" 200 81357 "-" "Mozilla/5.0 (compatible; bingbot/2.0; +http://www.bing.com/bingbot.htm)" "ysfine.com"
207.46.13.102 - - [29/Sep/2022:23:14:14 -0700] "GET /feynman/ptoday89.jpg HTTP/1.1" 200 101842 "-" "Mozilla/5.0 (compatible; bingbot/2.0; +http://www.bing.com/bingbot.htm)" "ysfine.com"
157.55.39.128 - - [29/Sep/2022:23:14:29 -0700] "GET /saram/d041.jpg HTTP/1.1" 200 69968 "-" "Mozilla/5.0 (compatible; bingbot/2.0; +http://www.bing.com/bingbot.htm)" "www.ysfine.com"
40.77.167.27 - - [29/Sep/2022:23:14:33 -0700] "GET /saram/d008.jpg HTTP/1.1" 200 97161 "-" "Mozilla/5.0 (compatible; bingbot/2.0; +http://www.bing.com/bingbot.htm)" "www.ysfine.com"
150.249.254.146 - - [29/Sep/2022:23:14:54 -0700] "GET /style/cameras/contax.html HTTP/1.1" 200 3773 "https://www.google.com/" "Mozilla/5.0 (Windows NT 10.0; Win64; x64) AppleWebKit/537.36 (KHTML, like Gecko) Chrome/71.0.3578.98 Safari/537.36" "ysfine.com"
150.249.254.146 - - [29/Sep/2022:23:14:54 -0700] "GET /style/cameras/contax11c.jpg HTTP/1.1" 200 28745 "https://ysfine.com/style/cameras/contax.html" "Mozilla/5.0 (Windows NT 10.0; Win64; x64) AppleWebKit/537.36 (KHTML, like Gecko) Chrome/71.0.3578.98 Safari/537.36" "ysfine.com"
150.249.254.146 - - [29/Sep/2022:23:14:54 -0700] "GET /style/cameras/sony7c.jpg HTTP/1.1" 200 37298 "https://ysfine.com/style/cameras/contax.html" "Mozilla/5.0 (Windows NT 10.0; Win64; x64) AppleWebKit/537.36 (KHTML, like Gecko) Chrome/71.0.3578.98 Safari/537.36" "ysfine.com"
150.249.254.146 - - [29/Sep/2022:23:14:54 -0700] "GET /style/cameras/minolta11c.jpg HTTP/1.1" 200 25687 "https://ysfine.com/style/cameras/contax.html" "Mozilla/5.0 (Windows NT 10.0; Win64; x64) AppleWebKit/537.36 (KHTML, like Gecko) Chrome/71.0.3578.98 Safari/537.36" "ysfine.com"
150.249.254.146 - - [29/Sep/2022:23:14:54 -0700] "GET /style/cameras/sony120c.jpg HTTP/1.1" 200 38427 "https://ysfine.com/style/cameras/contax.html" "Mozilla/5.0 (Windows NT 10.0; Win64; x64) AppleWebKit/537.36 (KHTML, like Gecko) Chrome/71.0.3578.98 Safari/537.36" "ysfine.com"
150.249.254.146 - - [29/Sep/2022:23:14:54 -0700] "GET /style/cameras/sonywx9c.jpg HTTP/1.1" 200 28053 "https://ysfine.com/style/cameras/contax.html" "Mozilla/5.0 (Windows NT 10.0; Win64; x64) AppleWebKit/537.36 (KHTML, like Gecko) Chrome/71.0.3578.98 Safari/537.36" "ysfine.com"
150.249.254.146 - - [29/Sep/2022:23:14:54 -0700] "GET /style/cameras/yashica11c.jpg HTTP/1.1" 200 38348 "https://ysfine.com/style/cameras/contax.html" "Mozilla/5.0 (Windows NT 10.0; Win64; x64) AppleWebKit/537.36 (KHTML, like Gecko) Chrome/71.0.3578.98 Safari/537.36" "ysfine.com"
150.249.254.146 - - [29/Sep/2022:23:14:54 -0700] "GET /style/cameras/zenit33c.jpg HTTP/1.1" 200 31294 "https://ysfine.com/style/cameras/contax.html" "Mozilla/5.0 (Windows NT 10.0; Win64; x64) AppleWebKit/537.36 (KHTML, like Gecko) Chrome/71.0.3578.98 Safari/537.36" "ysfine.com"
150.249.254.146 - - [29/Sep/2022:23:14:54 -0700] "GET /style/cameras/contax22c.jpg HTTP/1.1" 200 29041 "https://ysfine.com/style/cameras/contax.html" "Mozilla/5.0 (Windows NT 10.0; Win64; x64) AppleWebKit/537.36 (KHTML, like Gecko) Chrome/71.0.3578.98 Safari/537.36" "ysfine.com"
150.249.254.146 - - [29/Sep/2022:23:14:55 -0700] "GET /favicon.ico HTTP/1.1" 404 88 "https://ysfine.com/style/cameras/contax.html" "Mozilla/5.0 (Windows NT 10.0; Win64; x64) AppleWebKit/537.36 (KHTML, like Gecko) Chrome/71.0.3578.98 Safari/537.36" "ysfine.com"
157.55.39.55 - - [29/Sep/2022:23:16:26 -0700] "GET /people/giacobino03.jpg HTTP/1.1" 200 65213 "-" "Mozilla/5.0 (compatible; bingbot/2.0; +http://www.bing.com/bingbot.htm)" "ysfine.com"
173.252.95.116 - - [29/Sep/2022:23:17:06 -0700] "GET /home/index.html HTTP/1.1" 206 142 "-" "facebookexternalhit/1.1 (+http://www.facebook.com/externalhit_uatext.php)" "ysfine.com"
157.55.39.127 - - [29/Sep/2022:23:18:09 -0700] "GET /style/lincolnc33.jpg HTTP/1.1" 200 140198 "-" "Mozilla/5.0 (compatible; bingbot/2.0; +http://www.bing.com/bingbot.htm)" "ysfine.com"
157.55.39.58 - - [29/Sep/2022:23:18:10 -0700] "GET /dongio/amkor/princedc01.jpg HTTP/1.1" 404 88 "-" "Mozilla/5.0 (compatible; bingbot/2.0; +http://www.bing.com/bingbot.htm)" "www.ysfine.com"
157.55.39.128 - - [29/Sep/2022:23:18:48 -0700] "GET /dirac/truck/truck16.jpg HTTP/1.1" 200 95504 "-" "Mozilla/5.0 (compatible; bingbot/2.0; +http://www.bing.com/bingbot.htm)" "www.ysfine.com"
40.77.167.27 - - [29/Sep/2022:23:18:49 -0700] "GET /world/china/china003.jpg HTTP/1.1" 200 91437 "-" "Mozilla/5.0 (compatible; bingbot/2.0; +http://www.bing.com/bingbot.htm)" "ysfine.com"
157.55.39.58 - - [29/Sep/2022:23:19:40 -0700] "GET /philo/table55.jpg HTTP/1.1" 200 107757 "-" "Mozilla/5.0 (compatible; bingbot/2.0; +http://www.bing.com/bingbot.htm)" "ysfine.com"
121.53.180.254 - - [29/Sep/2022:23:19:50 -0700] "GET /princeton/campus.html HTTP/1.1" 200 15142 "-" "Mozilla/5.0 (Macintosh; Intel Mac OS X 10_15_6) AppleWebKit/537.36 (KHTML, like Gecko) Chrome/85.0.4183.83 Safari/537.36" "ysfine.com"
77.88.5.245 - - [29/Sep/2022:23:19:54 -0700] "GET /sbk/2000.html HTTP/1.1" 200 10573 "-" "Mozilla/5.0 (compatible; YandexBot/3.0; +http://yandex.com/bots)" "www.ysfine.com"
157.55.39.58 - - [29/Sep/2022:23:22:00 -0700] "GET /maga/invent/sarnoff1922c.jpg HTTP/1.1" 200 40375 "-" "Mozilla/5.0 AppleWebKit/537.36 (KHTML, like Gecko; compatible; bingbot/2.0; +http://www.bing.com/bingbot.htm) Chrome/103.0.5060.134 Safari/537.36" "ysfine.com"
157.55.39.127 - - [29/Sep/2022:23:23:50 -0700] "GET /world/russ/minksf32.pdf HTTP/1.1" 200 171090 "-" "Mozilla/5.0 AppleWebKit/537.36 (KHTML, like Gecko; compatible; bingbot/2.0; +http://www.bing.com/bingbot.htm) Chrome/103.0.5060.134 Safari/537.36" "ysfine.com"
157.55.39.55 - - [29/Sep/2022:23:24:46 -0700] "GET /class54/kgirls55.jpg HTTP/1.1" 200 197534 "-" "Mozilla/5.0 (compatible; bingbot/2.0; +http://www.bing.com/bingbot.htm)" "www.ysfine.com"
93.158.161.76 - - [29/Sep/2022:23:25:06 -0700] "GET /archives/proceedings/boston/semiao.pdf HTTP/1.1" 200 132907 "-" "Mozilla/5.0 (compatible; YandexBot/3.0; +http://yandex.com/bots)" "www.ysfine.com"
157.55.39.58 - - [29/Sep/2022:23:25:41 -0700] "GET /world/brit/covent01b.jpg HTTP/1.1" 200 31592 "-" "Mozilla/5.0 (compatible; bingbot/2.0; +http://www.bing.com/bingbot.htm)" "www.ysfine.com"
207.46.13.102 - - [29/Sep/2022:23:26:34 -0700] "GET /wdc/whxmas/whxmas01.jpg HTTP/1.1" 200 32973 "-" "Mozilla/5.0 (compatible; bingbot/2.0; +http://www.bing.com/bingbot.htm)" "ysfine.com"
103.206.105.89 - - [29/Sep/2022:23:27:56 -0700] "GET /jobs/koreaj.html HTTP/1.1" 200 10214 "https://www.google.com/" "Mozilla/5.0 (Windows NT 10.0; Win64; x64) AppleWebKit/537.36 (KHTML, like Gecko) Chrome/105.0.0.0 Safari/537.36" "ysfine.com"
103.206.105.89 - - [29/Sep/2022:23:27:57 -0700] "GET /jobs/koreaj11b.jpg HTTP/1.1" 200 67543 "https://ysfine.com/jobs/koreaj.html" "Mozilla/5.0 (Windows NT 10.0; Win64; x64) AppleWebKit/537.36 (KHTML, like Gecko) Chrome/105.0.0.0 Safari/537.36" "ysfine.com"
103.206.105.89 - - [29/Sep/2022:23:27:57 -0700] "GET /favicon.ico HTTP/1.1" 404 88 "https://ysfine.com/jobs/koreaj.html" "Mozilla/5.0 (Windows NT 10.0; Win64; x64) AppleWebKit/537.36 (KHTML, like Gecko) Chrome/105.0.0.0 Safari/537.36" "ysfine.com"
157.55.39.128 - - [29/Sep/2022:23:28:01 -0700] "GET /feynman/page22.html HTTP/1.1" 200 468 "-" "Mozilla/5.0 (compatible; bingbot/2.0; +http://www.bing.com/bingbot.htm)" "ysfine.com"
157.55.39.58 - - [29/Sep/2022:23:28:11 -0700] "GET /einstein/newton55.jpg HTTP/1.1" 200 43959 "-" "Mozilla/5.0 (compatible; bingbot/2.0; +http://www.bing.com/bingbot.htm)" "ysfine.com"
207.46.13.102 - - [29/Sep/2022:23:29:34 -0700] "GET /world/ital/rome103b.jpg HTTP/1.1" 200 47660 "-" "Mozilla/5.0 (compatible; bingbot/2.0; +http://www.bing.com/bingbot.htm)" "ysfine.com"
85.208.98.17 - - [29/Sep/2022:23:29:45 -0700] "GET / HTTP/1.1" 200 5283 "http://ysfine.com/" "SEMrushBot" "ysfine.com"
157.55.39.128 - - [29/Sep/2022:23:30:11 -0700] "GET /world/china/beijing019.jpg HTTP/1.1" 200 83664 "-" "Mozilla/5.0 (compatible; bingbot/2.0; +http://www.bing.com/bingbot.htm)" "ysfine.com"
40.77.167.27 - - [29/Sep/2022:23:31:01 -0700] "GET /dongio/polish.html HTTP/1.1" 404 88 "-" "Mozilla/5.0 (compatible; bingbot/2.0; +http://www.bing.com/bingbot.htm)" "ysfine.com"
157.55.39.128 - - [29/Sep/2022:23:32:31 -0700] "GET /world/poland/polstu07.jpg HTTP/1.1" 200 43155 "-" "Mozilla/5.0 AppleWebKit/537.36 (KHTML, like Gecko; compatible; bingbot/2.0; +http://www.bing.com/bingbot.htm) Chrome/103.0.5060.134 Safari/537.36" "www.ysfine.com"
157.55.39.127 - - [29/Sep/2022:23:32:52 -0700] "GET /people/jweber2.jpg HTTP/1.1" 200 36994 "-" "Mozilla/5.0 (compatible; bingbot/2.0; +http://www.bing.com/bingbot.htm)" "www.ysfine.com"
40.77.167.27 - - [29/Sep/2022:23:33:11 -0700] "GET /wdc/kobell07.jpg HTTP/1.1" 200 124326 "-" "Mozilla/5.0 (compatible; bingbot/2.0; +http://www.bing.com/bingbot.htm)" "ysfine.com"
40.77.167.27 - - [29/Sep/2022:23:35:31 -0700] "GET /yspapers/hosc2by2c.jpg HTTP/1.1" 200 34523 "-" "Mozilla/5.0 (compatible; bingbot/2.0; +http://www.bing.com/bingbot.htm)" "ysfine.com"
157.55.39.127 - - [29/Sep/2022:23:35:53 -0700] "GET /world/russ/gatf04.jpg HTTP/1.1" 200 84406 "-" "Mozilla/5.0 (compatible; bingbot/2.0; +http://www.bing.com/bingbot.htm)" "ysfine.com"
157.55.39.127 - - [29/Sep/2022:23:39:01 -0700] "GET /style/hibari22.jpg HTTP/1.1" 200 72859 "-" "Mozilla/5.0 AppleWebKit/537.36 (KHTML, like Gecko; compatible; bingbot/2.0; +http://www.bing.com/bingbot.htm) Chrome/103.0.5060.134 Safari/537.36" "www.ysfine.com"
64.125.71.6 - - [29/Sep/2022:23:39:17 -0700] "GET /princeton/alexan22.jpg HTTP/1.1" 200 175436 "https://www.google.com/" "Mozilla/5.0 (Macintosh; Intel Mac OS X 10_15_7) AppleWebKit/537.36 (KHTML, like Gecko) Chrome/104.0.0.0 Safari/537.36" "ysfine.com"
157.55.39.128 - - [29/Sep/2022:23:39:20 -0700] "GET /dongio/aline/lufthan12.jpg HTTP/1.1" 404 88 "-" "Mozilla/5.0 (compatible; bingbot/2.0; +http://www.bing.com/bingbot.htm)" "ysfine.com"
147.78.47.249 - - [29/Sep/2022:23:39:35 -0700] "GET /_ignition/health-check/ HTTP/1.1" 404 88 "http://ysfine.com/_ignition/health-check/" "Mozilla/5.0 (Windows NT 10.0; Win64; x64) AppleWebKit/537.36 (KHTML, like Gecko) Chrome/105.0.0.0 Safari/537.36" "ysfine.com"
147.78.47.249 - - [29/Sep/2022:23:39:38 -0700] "GET /public/_ignition/health-check/ HTTP/1.1" 404 88 "http://ysfine.com/public/_ignition/health-check/" "Mozilla/5.0 (Windows NT 10.0; Win64; x64) AppleWebKit/537.36 (KHTML, like Gecko) Chrome/105.0.0.0 Safari/537.36" "ysfine.com"
147.78.47.249 - - [29/Sep/2022:23:39:40 -0700] "GET /wp-includes/wlwmanifest.xml HTTP/1.1" 404 88 "http://ysfine.com/wp-includes/wlwmanifest.xml" "Mozilla/5.0 (Windows NT 10.0; Win64; x64) AppleWebKit/537.36 (KHTML, like Gecko) Chrome/105.0.0.0 Safari/537.36" "ysfine.com"
20.187.250.7 - - [29/Sep/2022:23:39:47 -0700] "GET /e/data/js/ajax.js HTTP/1.1" 404 88 "-" "Mozilla/5.0 (Windows NT 10.0; WOW64; rv:48.0) Gecko/20100101 Firefox/48.0" "ysfine.com"
66.249.70.3 - - [29/Sep/2022:23:41:07 -0700] "GET /world/germany/vienna12.jpg HTTP/1.1" 304 - "-" "Googlebot-Image/1.0" "ysfine.com"
207.46.13.102 - - [29/Sep/2022:23:43:06 -0700] "GET /style/yerevano33.jpg HTTP/1.1" 200 121959 "-" "Mozilla/5.0 (compatible; bingbot/2.0; +http://www.bing.com/bingbot.htm)" "ysfine.com"
185.191.171.33 - - [29/Sep/2022:23:43:58 -0700] "GET /jobs/koreaj.html HTTP/1.1" 200 10214 "-" "Mozilla/5.0 (compatible; SemrushBot/7~bl; +http://www.semrush.com/bot.html)" "www.ysfine.com"
40.77.167.27 - - [29/Sep/2022:23:45:51 -0700] "GET /world/china/nanjing25b.jpg HTTP/1.1" 200 62305 "-" "Mozilla/5.0 AppleWebKit/537.36 (KHTML, like Gecko; compatible; bingbot/2.0; +http://www.bing.com/bingbot.htm) Chrome/103.0.5060.134 Safari/537.36" "ysfine.com"
142.255.87.112 - - [29/Sep/2022:23:46:11 -0700] "GET /wigner/wiglittle.pdf HTTP/1.1" 200 2659296 "https://www.google.com/" "Mozilla/5.0 (Windows NT 10.0; Win64; x64) AppleWebKit/537.36 (KHTML, like Gecko) Chrome/103.0.0.0 Safari/537.36" "ysfine.com"
142.255.87.112 - - [29/Sep/2022:23:46:11 -0700] "GET /favicon.ico HTTP/1.1" 404 88 "https://ysfine.com/wigner/wiglittle.pdf" "Mozilla/5.0 (Windows NT 10.0; Win64; x64) AppleWebKit/537.36 (KHTML, like Gecko) Chrome/103.0.0.0 Safari/537.36" "ysfine.com"
103.131.71.102 - - [29/Sep/2022:23:46:50 -0700] "GET /robots.txt HTTP/1.1" 404 88 "-" "Mozilla/5.0 (compatible; coccocbot-web/1.0; +http://help.coccoc.com/searchengine)" "ysfine.com"
103.131.71.99 - - [29/Sep/2022:23:46:57 -0700] "GET / HTTP/1.1" 304 - "-" "Mozilla/5.0 (compatible; coccocbot-web/1.0; +http://help.coccoc.com/searchengine)" "ysfine.com"
40.77.167.27 - - [29/Sep/2022:23:47:01 -0700] "GET /sbk/2007swan11.jpg HTTP/1.1" 200 230151 "-" "Mozilla/5.0 (compatible; bingbot/2.0; +http://www.bing.com/bingbot.htm)" "ysfine.com"
103.131.71.99 - - [29/Sep/2022:23:47:08 -0700] "GET /world/china/hongkong.html HTTP/1.1" 304 - "-" "Mozilla/5.0 (compatible; coccocbot-web/1.0; +http://help.coccoc.com/searchengine)" "ysfine.com"
157.55.39.58 - - [29/Sep/2022:23:48:02 -0700] "GET /wigner/neum/ararat.jpg HTTP/1.1" 200 26256 "-" "Mozilla/5.0 AppleWebKit/537.36 (KHTML, like Gecko; compatible; bingbot/2.0; +http://www.bing.com/bingbot.htm) Chrome/103.0.5060.134 Safari/537.36" "www.ysfine.com"
157.55.39.127 - - [29/Sep/2022:23:49:52 -0700] "GET /world/germany/berlinf34.jpg HTTP/1.1" 200 101146 "-" "Mozilla/5.0 AppleWebKit/537.36 (KHTML, like Gecko; compatible; bingbot/2.0; +http://www.bing.com/bingbot.htm) Chrome/103.0.5060.134 Safari/537.36" "www.ysfine.com"
93.158.161.40 - - [29/Sep/2022:23:52:13 -0700] "GET /philo/sisfa12/frame34.html HTTP/1.1" 200 319 "-" "Mozilla/5.0 (compatible; YandexBot/3.0; +http://yandex.com/bots)" "www.ysfine.com"
80.232.252.105 - - [29/Sep/2022:23:52:41 -0700] "GET /world/places/ulm26.jpg HTTP/1.1" 200 104983 "https://www.google.com/" "Mozilla/5.0 (Windows NT 10.0; Win64; x64) AppleWebKit/537.36 (KHTML, like Gecko) Chrome/106.0.0.0 Safari/537.36" "ysfine.com"
207.46.13.102 - - [29/Sep/2022:23:53:06 -0700] "GET /world/baltic/riga17.jpg HTTP/1.1" 200 94192 "-" "Mozilla/5.0 (compatible; bingbot/2.0; +http://www.bing.com/bingbot.htm)" "ysfine.com"
193.186.4.201 - - [29/Sep/2022:23:53:24 -0700] "GET /world/brit/etonharrow.html HTTP/1.1" 200 4546 "-" "Mozilla/5.0 (Linux; Android 10; K) AppleWebKit/537.36 (KHTML, like Gecko) Chrome/106.0.0.0 Mobile Safari/537.36" "ysfine.com"
173.73.80.118 - - [29/Sep/2022:23:56:50 -0700] "GET /favicon.ico HTTP/1.1" 404 88 "https://ysfine.com/style/proschanie.html" "Mozilla/5.0 (Windows NT 10.0; Win64; x64) AppleWebKit/537.36 (KHTML, like Gecko) Chrome/105.0.0.0 Safari/537.36 Edg/105.0.1343.53" "ysfine.com"
173.73.80.118 - - [29/Sep/2022:23:56:53 -0700] "GET /ys11/ HTTP/1.1" 304 - "-" "Mozilla/5.0 (Windows NT 10.0; Win64; x64) AppleWebKit/537.36 (KHTML, like Gecko) Chrome/105.0.0.0 Safari/537.36 Edg/105.0.1343.53" "ysfine.com"
173.73.80.118 - - [29/Sep/2022:23:56:57 -0700] "GET /home/bio11.html HTTP/1.1" 200 12284 "https://ysfine.com/ys11/" "Mozilla/5.0 (Windows NT 10.0; Win64; x64) AppleWebKit/537.36 (KHTML, like Gecko) Chrome/105.0.0.0 Safari/537.36 Edg/105.0.1343.53" "ysfine.com"
173.73.80.118 - - [29/Sep/2022:23:56:57 -0700] "GET /kowar/roosevelt01b.jpg HTTP/1.1" 200 30594 "https://ysfine.com/home/bio11.html" "Mozilla/5.0 (Windows NT 10.0; Win64; x64) AppleWebKit/537.36 (KHTML, like Gecko) Chrome/105.0.0.0 Safari/537.36 Edg/105.0.1343.53" "ysfine.com"
173.73.80.118 - - [29/Sep/2022:23:56:57 -0700] "GET /kobak/somap38b.jpg HTTP/1.1" 200 54149 "https://ysfine.com/home/bio11.html" "Mozilla/5.0 (Windows NT 10.0; Win64; x64) AppleWebKit/537.36 (KHTML, like Gecko) Chrome/105.0.0.0 Safari/537.36 Edg/105.0.1343.53" "ysfine.com"
173.73.80.118 - - [29/Sep/2022:23:56:57 -0700] "GET /kowar/sampal02b.jpg HTTP/1.1" 200 39972 "https://ysfine.com/home/bio11.html" "Mozilla/5.0 (Windows NT 10.0; Win64; x64) AppleWebKit/537.36 (KHTML, like Gecko) Chrome/105.0.0.0 Safari/537.36 Edg/105.0.1343.53" "ysfine.com"
173.73.80.118 - - [29/Sep/2022:23:56:57 -0700] "GET /kowar/shintak01b.jpg HTTP/1.1" 200 42707 "https://ysfine.com/home/bio11.html" "Mozilla/5.0 (Windows NT 10.0; Win64; x64) AppleWebKit/537.36 (KHTML, like Gecko) Chrome/105.0.0.0 Safari/537.36 Edg/105.0.1343.53" "ysfine.com"
173.73.80.118 - - [29/Sep/2022:23:56:57 -0700] "GET /kowar/tanks/abomb01b.jpg HTTP/1.1" 200 32937 "https://ysfine.com/home/bio11.html" "Mozilla/5.0 (Windows NT 10.0; Win64; x64) AppleWebKit/537.36 (KHTML, like Gecko) Chrome/105.0.0.0 Safari/537.36 Edg/105.0.1343.53" "ysfine.com"
173.73.80.118 - - [29/Sep/2022:23:56:57 -0700] "GET /kowar/pnoodle01b.jpg HTTP/1.1" 200 44990 "https://ysfine.com/home/bio11.html" "Mozilla/5.0 (Windows NT 10.0; Win64; x64) AppleWebKit/537.36 (KHTML, like Gecko) Chrome/105.0.0.0 Safari/537.36 Edg/105.0.1343.53" "ysfine.com"
173.73.80.118 - - [29/Sep/2022:23:56:57 -0700] "GET /kowar/rusk01b.jpg HTTP/1.1" 200 42888 "https://ysfine.com/home/bio11.html" "Mozilla/5.0 (Windows NT 10.0; Win64; x64) AppleWebKit/537.36 (KHTML, like Gecko) Chrome/105.0.0.0 Safari/537.36 Edg/105.0.1343.53" "ysfine.com"
173.73.80.118 - - [29/Sep/2022:23:56:57 -0700] "GET /kowar/tehran43b.jpg HTTP/1.1" 200 45127 "https://ysfine.com/home/bio11.html" "Mozilla/5.0 (Windows NT 10.0; Win64; x64) AppleWebKit/537.36 (KHTML, like Gecko) Chrome/105.0.0.0 Safari/537.36 Edg/105.0.1343.53" "ysfine.com"
173.73.80.118 - - [29/Sep/2022:23:56:57 -0700] "GET /kowar/ningen01b.jpg HTTP/1.1" 200 41414 "https://ysfine.com/home/bio11.html" "Mozilla/5.0 (Windows NT 10.0; Win64; x64) AppleWebKit/537.36 (KHTML, like Gecko) Chrome/105.0.0.0 Safari/537.36 Edg/105.0.1343.53" "ysfine.com"
173.73.80.118 - - [29/Sep/2022:23:56:57 -0700] "GET /kowar/tanks/tank05b.jpg HTTP/1.1" 200 48742 "https://ysfine.com/home/bio11.html" "Mozilla/5.0 (Windows NT 10.0; Win64; x64) AppleWebKit/537.36 (KHTML, like Gecko) Chrome/105.0.0.0 Safari/537.36 Edg/105.0.1343.53" "ysfine.com"
173.73.80.118 - - [29/Sep/2022:23:56:57 -0700] "GET /kowar/zhukov01b.jpg HTTP/1.1" 200 43906 "https://ysfine.com/home/bio11.html" "Mozilla/5.0 (Windows NT 10.0; Win64; x64) AppleWebKit/537.36 (KHTML, like Gecko) Chrome/105.0.0.0 Safari/537.36 Edg/105.0.1343.53" "ysfine.com"
173.73.80.118 - - [29/Sep/2022:23:56:57 -0700] "GET /kowar/yaltac03b.jpg HTTP/1.1" 200 33354 "https://ysfine.com/home/bio11.html" "Mozilla/5.0 (Windows NT 10.0; Win64; x64) AppleWebKit/537.36 (KHTML, like Gecko) Chrome/105.0.0.0 Safari/537.36 Edg/105.0.1343.53" "ysfine.com"
173.73.80.118 - - [29/Sep/2022:23:56:57 -0700] "GET /kowar/tanks/tankbt57b.jpg HTTP/1.1" 200 52672 "https://ysfine.com/home/bio11.html" "Mozilla/5.0 (Windows NT 10.0; Win64; x64) AppleWebKit/537.36 (KHTML, like Gecko) Chrome/105.0.0.0 Safari/537.36 Edg/105.0.1343.53" "ysfine.com"
173.73.80.118 - - [29/Sep/2022:23:56:57 -0700] "GET /kowar/potsdam01b.jpg HTTP/1.1" 200 47865 "https://ysfine.com/home/bio11.html" "Mozilla/5.0 (Windows NT 10.0; Win64; x64) AppleWebKit/537.36 (KHTML, like Gecko) Chrome/105.0.0.0 Safari/537.36 Edg/105.0.1343.53" "ysfine.com"
