27.115.124.101 - - [30/Sep/2022:16:49:23 -0700] "GET /kowar/tanks/m01b.jpg HTTP/1.1" 200 28921 "https://www.ysfine.com/kowar/tanks.html" "Mozilla/5.0 (Linux; U; Android 8.0.0; zh-cn; Mi Note 2 Build/OPR1.170623.032) AppleWebKit/537.36 (KHTML, like Gecko) Version/4.0 Chrome/61.0.3163.128 Mobile Safari/537.36 XiaoMi/MiuiBrowser/10.1.1" "www.ysfine.com"
61.147.15.67 - - [30/Sep/2022:16:49:37 -0700] "GET / HTTP/1.1" 200 5283 "-" "Dalvik/2.1.0 (Linux; U; Android 9.0; ZTE BA520 Build/MRA58K)" "www.ysfine.com"
61.147.15.67 - - [30/Sep/2022:16:49:45 -0700] "GET / HTTP/1.1" 200 5283 "-" "Mozilla/5.0 (Macintosh; Intel Mac OS X 10_11) AppleWebKit/601.1.27 (KHTML, like Gecko) Chrome/47.0.2526.106 Safari/601.1.27" "www.ysfine.com"
61.147.15.67 - - [30/Sep/2022:16:49:48 -0700] "GET / HTTP/1.1" 200 5283 "-" "Mozilla/5.0 (Macintosh; Intel Mac OS X 10_11) AppleWebKit/601.1.27 (KHTML, like Gecko) Chrome/47.0.2526.106 Safari/601.1.27" "www.ysfine.com"
173.73.80.118 - - [30/Sep/2022:16:49:50 -0700] "GET /home/bio99.html HTTP/1.1" 304 - "https://www.ysfine.com/ys11/index.html" "Mozilla/5.0 (Linux; Android 5.1.1; KFSUWI) AppleWebKit/537.36 (KHTML, like Gecko) Silk/104.2.16 like Chrome/104.0.5112.114 Safari/537.36" "www.ysfine.com"
173.73.80.118 - - [30/Sep/2022:16:49:50 -0700] "GET /home/ysnr11c.jpg HTTP/1.1" 200 36964 "https://www.ysfine.com/home/bio99.html" "Mozilla/5.0 (Linux; Android 5.1.1; KFSUWI) AppleWebKit/537.36 (KHTML, like Gecko) Silk/104.2.16 like Chrome/104.0.5112.114 Safari/537.36" "www.ysfine.com"
173.73.80.118 - - [30/Sep/2022:16:49:50 -0700] "GET /home/fotos/bridge11f.jpg HTTP/1.1" 200 104274 "https://www.ysfine.com/home/bio99.html" "Mozilla/5.0 (Linux; Android 5.1.1; KFSUWI) AppleWebKit/537.36 (KHTML, like Gecko) Silk/104.2.16 like Chrome/104.0.5112.114 Safari/537.36" "www.ysfine.com"
173.73.80.118 - - [30/Sep/2022:16:49:50 -0700] "GET /home/fotos/eins05d.jpg HTTP/1.1" 200 41012 "https://www.ysfine.com/home/bio99.html" "Mozilla/5.0 (Linux; Android 5.1.1; KFSUWI) AppleWebKit/537.36 (KHTML, like Gecko) Silk/104.2.16 like Chrome/104.0.5112.114 Safari/537.36" "www.ysfine.com"
173.73.80.118 - - [30/Sep/2022:16:49:50 -0700] "GET /home/fotos/einbohr11d.jpg HTTP/1.1" 200 63963 "https://www.ysfine.com/home/bio99.html" "Mozilla/5.0 (Linux; Android 5.1.1; KFSUWI) AppleWebKit/537.36 (KHTML, like Gecko) Silk/104.2.16 like Chrome/104.0.5112.114 Safari/537.36" "www.ysfine.com"
173.73.80.118 - - [30/Sep/2022:16:49:50 -0700] "GET /home/fotos/bohr11d.jpg HTTP/1.1" 200 28973 "https://www.ysfine.com/home/bio99.html" "Mozilla/5.0 (Linux; Android 5.1.1; KFSUWI) AppleWebKit/537.36 (KHTML, like Gecko) Silk/104.2.16 like Chrome/104.0.5112.114 Safari/537.36" "www.ysfine.com"
173.73.80.118 - - [30/Sep/2022:16:49:50 -0700] "GET /home/figs/pwk450.jpg HTTP/1.1" 200 84171 "https://www.ysfine.com/home/bio99.html" "Mozilla/5.0 (Linux; Android 5.1.1; KFSUWI) AppleWebKit/537.36 (KHTML, like Gecko) Silk/104.2.16 like Chrome/104.0.5112.114 Safari/537.36" "www.ysfine.com"
173.73.80.118 - - [30/Sep/2022:16:49:50 -0700] "GET /home/figs/evol77d.jpg HTTP/1.1" 200 66615 "https://www.ysfine.com/home/bio99.html" "Mozilla/5.0 (Linux; Android 5.1.1; KFSUWI) AppleWebKit/537.36 (KHTML, like Gecko) Silk/104.2.16 like Chrome/104.0.5112.114 Safari/537.36" "www.ysfine.com"
173.73.80.118 - - [30/Sep/2022:16:49:50 -0700] "GET /home/ewk86f.jpg HTTP/1.1" 200 123121 "https://www.ysfine.com/home/bio99.html" "Mozilla/5.0 (Linux; Android 5.1.1; KFSUWI) AppleWebKit/537.36 (KHTML, like Gecko) Silk/104.2.16 like Chrome/104.0.5112.114 Safari/537.36" "www.ysfine.com"
61.147.15.65 - - [30/Sep/2022:16:50:01 -0700] "GET /favicon.ico HTTP/1.1" 404 88 "-" "Dalvik/2.1.0 (Linux; U; Android 9.0; ZTE BA520 Build/MRA58K)" "www.ysfine.com"
61.147.15.67 - - [30/Sep/2022:16:50:09 -0700] "GET / HTTP/1.1" 200 5283 "-" "Dalvik/2.1.0 (Linux; U; Android 9.0; ZTE BA520 Build/MRA58K)" "www.ysfine.com"
61.147.15.65 - - [30/Sep/2022:16:51:18 -0700] "GET / HTTP/1.1" 200 5283 "-" "Mozilla/5.0 (X11; U; x86_64 Linux; en_US; rv:1.8.16) Gecko/20071015 Firefox/2.0.0.8" "www.ysfine.com"
27.115.124.6 - - [30/Sep/2022:16:51:18 -0700] "GET / HTTP/1.1" 200 5283 "http://baidu.com/" "Mozilla/5.0 (Linux; U; Android 8.0.0; zh-cn; Mi Note 2 Build/OPR1.170623.032) AppleWebKit/537.36 (KHTML, like Gecko) Version/4.0 Chrome/61.0.3163.128 Mobile Safari/537.36 XiaoMi/MiuiBrowser/10.1.1" "www.ysfine.com"
27.115.124.45 - - [30/Sep/2022:16:51:20 -0700] "GET /home/truck450.jpg HTTP/1.1" 200 42871 "-" "Mozilla/5.0 (Linux; U; Android 8.0.0; zh-cn; Mi Note 2 Build/OPR1.170623.032) AppleWebKit/537.36 (KHTML, like Gecko) Version/4.0 Chrome/61.0.3163.128 Mobile Safari/537.36 XiaoMi/MiuiBrowser/10.1.1" "ysfine.com"
27.115.124.45 - - [30/Sep/2022:16:51:20 -0700] "GET /eink/ewk86f.jpg HTTP/1.1" 200 122173 "-" "Mozilla/5.0 (Linux; U; Android 8.0.0; zh-cn; Mi Note 2 Build/OPR1.170623.032) AppleWebKit/537.36 (KHTML, like Gecko) Version/4.0 Chrome/61.0.3163.128 Mobile Safari/537.36 XiaoMi/MiuiBrowser/10.1.1" "ysfine.com"
27.115.124.45 - - [30/Sep/2022:16:51:20 -0700] "GET /home/facu450.jpg HTTP/1.1" 200 74535 "-" "Mozilla/5.0 (Linux; U; Android 8.0.0; zh-cn; Mi Note 2 Build/OPR1.170623.032) AppleWebKit/537.36 (KHTML, like Gecko) Version/4.0 Chrome/61.0.3163.128 Mobile Safari/537.36 XiaoMi/MiuiBrowser/10.1.1" "ysfine.com"
27.115.124.45 - - [30/Sep/2022:16:51:20 -0700] "GET /home/top21d.jpg HTTP/1.1" 200 74409 "-" "Mozilla/5.0 (Linux; U; Android 8.0.0; zh-cn; Mi Note 2 Build/OPR1.170623.032) AppleWebKit/537.36 (KHTML, like Gecko) Version/4.0 Chrome/61.0.3163.128 Mobile Safari/537.36 XiaoMi/MiuiBrowser/10.1.1" "ysfine.com"
27.115.124.45 - - [30/Sep/2022:16:51:20 -0700] "GET /home/goodbad450.jpg HTTP/1.1" 200 32258 "-" "Mozilla/5.0 (Linux; U; Android 8.0.0; zh-cn; Mi Note 2 Build/OPR1.170623.032) AppleWebKit/537.36 (KHTML, like Gecko) Version/4.0 Chrome/61.0.3163.128 Mobile Safari/537.36 XiaoMi/MiuiBrowser/10.1.1" "ysfine.com"
27.115.124.45 - - [30/Sep/2022:16:51:20 -0700] "GET /home/eink450.jpg HTTP/1.1" 200 66794 "-" "Mozilla/5.0 (Linux; U; Android 8.0.0; zh-cn; Mi Note 2 Build/OPR1.170623.032) AppleWebKit/537.36 (KHTML, like Gecko) Version/4.0 Chrome/61.0.3163.128 Mobile Safari/537.36 XiaoMi/MiuiBrowser/10.1.1" "ysfine.com"
27.115.124.45 - - [30/Sep/2022:16:51:21 -0700] "GET /home/washmo23d.jpg HTTP/1.1" 200 32142 "-" "Mozilla/5.0 (Linux; U; Android 8.0.0; zh-cn; Mi Note 2 Build/OPR1.170623.032) AppleWebKit/537.36 (KHTML, like Gecko) Version/4.0 Chrome/61.0.3163.128 Mobile Safari/537.36 XiaoMi/MiuiBrowser/10.1.1" "ysfine.com"
27.115.124.45 - - [30/Sep/2022:16:51:21 -0700] "GET /home/eindc03d.jpg HTTP/1.1" 200 95860 "-" "Mozilla/5.0 (Linux; U; Android 8.0.0; zh-cn; Mi Note 2 Build/OPR1.170623.032) AppleWebKit/537.36 (KHTML, like Gecko) Version/4.0 Chrome/61.0.3163.128 Mobile Safari/537.36 XiaoMi/MiuiBrowser/10.1.1" "ysfine.com"
27.115.124.45 - - [30/Sep/2022:16:51:21 -0700] "GET /home/1987pr22d.jpg HTTP/1.1" 200 66428 "-" "Mozilla/5.0 (Linux; U; Android 8.0.0; zh-cn; Mi Note 2 Build/OPR1.170623.032) AppleWebKit/537.36 (KHTML, like Gecko) Version/4.0 Chrome/61.0.3163.128 Mobile Safari/537.36 XiaoMi/MiuiBrowser/10.1.1" "ysfine.com"
27.115.124.45 - - [30/Sep/2022:16:51:22 -0700] "GET /eink/einhaus11c.jpg HTTP/1.1" 200 42522 "-" "Mozilla/5.0 (Linux; U; Android 8.0.0; zh-cn; Mi Note 2 Build/OPR1.170623.032) AppleWebKit/537.36 (KHTML, like Gecko) Version/4.0 Chrome/61.0.3163.128 Mobile Safari/537.36 XiaoMi/MiuiBrowser/10.1.1" "ysfine.com"
27.115.124.45 - - [30/Sep/2022:16:51:22 -0700] "GET /eink/einhaus33c.jpg HTTP/1.1" 200 23792 "-" "Mozilla/5.0 (Linux; U; Android 8.0.0; zh-cn; Mi Note 2 Build/OPR1.170623.032) AppleWebKit/537.36 (KHTML, like Gecko) Version/4.0 Chrome/61.0.3163.128 Mobile Safari/537.36 XiaoMi/MiuiBrowser/10.1.1" "ysfine.com"
27.115.124.45 - - [30/Sep/2022:16:51:22 -0700] "GET /home/taylor500.jpg HTTP/1.1" 200 79197 "-" "Mozilla/5.0 (Linux; U; Android 8.0.0; zh-cn; Mi Note 2 Build/OPR1.170623.032) AppleWebKit/537.36 (KHTML, like Gecko) Version/4.0 Chrome/61.0.3163.128 Mobile Safari/537.36 XiaoMi/MiuiBrowser/10.1.1" "ysfine.com"
27.115.124.45 - - [30/Sep/2022:16:51:22 -0700] "GET /home/eink54f.jpg HTTP/1.1" 200 96332 "-" "Mozilla/5.0 (Linux; U; Android 8.0.0; zh-cn; Mi Note 2 Build/OPR1.170623.032) AppleWebKit/537.36 (KHTML, like Gecko) Version/4.0 Chrome/61.0.3163.128 Mobile Safari/537.36 XiaoMi/MiuiBrowser/10.1.1" "ysfine.com"
27.115.124.45 - - [30/Sep/2022:16:51:23 -0700] "GET /home/eward55f.jpg HTTP/1.1" 200 122802 "-" "Mozilla/5.0 (Linux; U; Android 8.0.0; zh-cn; Mi Note 2 Build/OPR1.170623.032) AppleWebKit/537.36 (KHTML, like Gecko) Version/4.0 Chrome/61.0.3163.128 Mobile Safari/537.36 XiaoMi/MiuiBrowser/10.1.1" "ysfine.com"
20.191.45.212 - - [30/Sep/2022:16:51:23 -0700] "GET / HTTP/1.1" 200 5283 "https://www.ysfine.com/" "Mozilla/5.0 (compatible; DuckDuckGo-Favicons-Bot/1.0; +http://duckduckgo.com)" "www.ysfine.com"
20.191.45.212 - - [30/Sep/2022:16:51:23 -0700] "GET /favicon.ico HTTP/1.1" 404 88 "https://www.ysfine.com/favicon.ico" "Mozilla/5.0 (compatible; DuckDuckGo-Favicons-Bot/1.0; +http://duckduckgo.com)" "www.ysfine.com"
20.191.45.212 - - [30/Sep/2022:16:51:23 -0700] "GET /favicon.ico HTTP/1.1" 404 88 "https://www.ysfine.com/favicon.ico" "Mozilla/5.0 (compatible; DuckDuckGo-Favicons-Bot/1.0; +http://duckduckgo.com)" "www.ysfine.com"
180.163.220.4 - - [30/Sep/2022:16:52:13 -0700] "GET / HTTP/1.1" 200 5283 "http://baidu.com/" "Mozilla/5.0 (Linux; U; Android 8.0.0; zh-cn; Mi Note 2 Build/OPR1.170623.032) AppleWebKit/537.36 (KHTML, like Gecko) Version/4.0 Chrome/61.0.3163.128 Mobile Safari/537.36 XiaoMi/MiuiBrowser/10.1.1" "ysfine.com"
180.163.220.4 - - [30/Sep/2022:16:52:18 -0700] "GET /home/top21d.jpg HTTP/1.1" 200 74409 "-" "Mozilla/5.0 (Linux; U; Android 8.0.0; zh-cn; Mi Note 2 Build/OPR1.170623.032) AppleWebKit/537.36 (KHTML, like Gecko) Version/4.0 Chrome/61.0.3163.128 Mobile Safari/537.36 XiaoMi/MiuiBrowser/10.1.1" "ysfine.com"
180.163.220.4 - - [30/Sep/2022:16:52:20 -0700] "GET /home/eink450.jpg HTTP/1.1" 200 66794 "-" "Mozilla/5.0 (Linux; U; Android 8.0.0; zh-cn; Mi Note 2 Build/OPR1.170623.032) AppleWebKit/537.36 (KHTML, like Gecko) Version/4.0 Chrome/61.0.3163.128 Mobile Safari/537.36 XiaoMi/MiuiBrowser/10.1.1" "ysfine.com"
180.163.220.4 - - [30/Sep/2022:16:52:20 -0700] "GET /home/facu450.jpg HTTP/1.1" 200 74535 "-" "Mozilla/5.0 (Linux; U; Android 8.0.0; zh-cn; Mi Note 2 Build/OPR1.170623.032) AppleWebKit/537.36 (KHTML, like Gecko) Version/4.0 Chrome/61.0.3163.128 Mobile Safari/537.36 XiaoMi/MiuiBrowser/10.1.1" "ysfine.com"
180.163.220.4 - - [30/Sep/2022:16:52:20 -0700] "GET /home/goodbad450.jpg HTTP/1.1" 200 32258 "-" "Mozilla/5.0 (Linux; U; Android 8.0.0; zh-cn; Mi Note 2 Build/OPR1.170623.032) AppleWebKit/537.36 (KHTML, like Gecko) Version/4.0 Chrome/61.0.3163.128 Mobile Safari/537.36 XiaoMi/MiuiBrowser/10.1.1" "ysfine.com"
180.163.220.4 - - [30/Sep/2022:16:52:20 -0700] "GET /eink/ewk86f.jpg HTTP/1.1" 200 122173 "-" "Mozilla/5.0 (Linux; U; Android 8.0.0; zh-cn; Mi Note 2 Build/OPR1.170623.032) AppleWebKit/537.36 (KHTML, like Gecko) Version/4.0 Chrome/61.0.3163.128 Mobile Safari/537.36 XiaoMi/MiuiBrowser/10.1.1" "ysfine.com"
180.163.220.4 - - [30/Sep/2022:16:52:20 -0700] "GET /home/truck450.jpg HTTP/1.1" 200 42871 "-" "Mozilla/5.0 (Linux; U; Android 8.0.0; zh-cn; Mi Note 2 Build/OPR1.170623.032) AppleWebKit/537.36 (KHTML, like Gecko) Version/4.0 Chrome/61.0.3163.128 Mobile Safari/537.36 XiaoMi/MiuiBrowser/10.1.1" "ysfine.com"
187.71.142.229 - - [30/Sep/2022:16:52:22 -0700] "GET /wigner/neum/vnc01.jpg HTTP/1.1" 200 133641 "https://sites.google.com/" "Mozilla/5.0 (Linux; Android 11; SM-A025M) AppleWebKit/537.36 (KHTML, like Gecko) Chrome/105.0.0.0 Mobile Safari/537.36" "ysfine.com"
180.163.220.4 - - [30/Sep/2022:16:52:24 -0700] "GET /home/washmo23d.jpg HTTP/1.1" 200 32142 "-" "Mozilla/5.0 (Linux; U; Android 8.0.0; zh-cn; Mi Note 2 Build/OPR1.170623.032) AppleWebKit/537.36 (KHTML, like Gecko) Version/4.0 Chrome/61.0.3163.128 Mobile Safari/537.36 XiaoMi/MiuiBrowser/10.1.1" "ysfine.com"
180.163.220.4 - - [30/Sep/2022:16:52:25 -0700] "GET /home/eindc03d.jpg HTTP/1.1" 200 95860 "-" "Mozilla/5.0 (Linux; U; Android 8.0.0; zh-cn; Mi Note 2 Build/OPR1.170623.032) AppleWebKit/537.36 (KHTML, like Gecko) Version/4.0 Chrome/61.0.3163.128 Mobile Safari/537.36 XiaoMi/MiuiBrowser/10.1.1" "ysfine.com"
61.147.15.65 - - [30/Sep/2022:16:52:26 -0700] "GET /favicon.ico HTTP/1.1" 404 88 "-" "Dalvik/2.1.0 (Linux; U; Android 9.0; ZTE BA520 Build/MRA58K)" "www.ysfine.com"
180.163.220.4 - - [30/Sep/2022:16:52:26 -0700] "GET /home/1987pr22d.jpg HTTP/1.1" 200 66428 "-" "Mozilla/5.0 (Linux; U; Android 8.0.0; zh-cn; Mi Note 2 Build/OPR1.170623.032) AppleWebKit/537.36 (KHTML, like Gecko) Version/4.0 Chrome/61.0.3163.128 Mobile Safari/537.36 XiaoMi/MiuiBrowser/10.1.1" "ysfine.com"
180.163.220.4 - - [30/Sep/2022:16:52:28 -0700] "GET /eink/einhaus11c.jpg HTTP/1.1" 200 42522 "-" "Mozilla/5.0 (Linux; U; Android 8.0.0; zh-cn; Mi Note 2 Build/OPR1.170623.032) AppleWebKit/537.36 (KHTML, like Gecko) Version/4.0 Chrome/61.0.3163.128 Mobile Safari/537.36 XiaoMi/MiuiBrowser/10.1.1" "ysfine.com"
180.163.220.4 - - [30/Sep/2022:16:52:29 -0700] "GET /eink/einhaus33c.jpg HTTP/1.1" 200 23792 "-" "Mozilla/5.0 (Linux; U; Android 8.0.0; zh-cn; Mi Note 2 Build/OPR1.170623.032) AppleWebKit/537.36 (KHTML, like Gecko) Version/4.0 Chrome/61.0.3163.128 Mobile Safari/537.36 XiaoMi/MiuiBrowser/10.1.1" "ysfine.com"
180.163.220.4 - - [30/Sep/2022:16:52:29 -0700] "GET /home/taylor500.jpg HTTP/1.1" 200 79197 "-" "Mozilla/5.0 (Linux; U; Android 8.0.0; zh-cn; Mi Note 2 Build/OPR1.170623.032) AppleWebKit/537.36 (KHTML, like Gecko) Version/4.0 Chrome/61.0.3163.128 Mobile Safari/537.36 XiaoMi/MiuiBrowser/10.1.1" "ysfine.com"
180.163.220.4 - - [30/Sep/2022:16:52:30 -0700] "GET /home/eink54f.jpg HTTP/1.1" 200 96332 "-" "Mozilla/5.0 (Linux; U; Android 8.0.0; zh-cn; Mi Note 2 Build/OPR1.170623.032) AppleWebKit/537.36 (KHTML, like Gecko) Version/4.0 Chrome/61.0.3163.128 Mobile Safari/537.36 XiaoMi/MiuiBrowser/10.1.1" "ysfine.com"
180.163.220.4 - - [30/Sep/2022:16:52:33 -0700] "GET /home/eward55f.jpg HTTP/1.1" 200 122802 "-" "Mozilla/5.0 (Linux; U; Android 8.0.0; zh-cn; Mi Note 2 Build/OPR1.170623.032) AppleWebKit/537.36 (KHTML, like Gecko) Version/4.0 Chrome/61.0.3163.128 Mobile Safari/537.36 XiaoMi/MiuiBrowser/10.1.1" "ysfine.com"
61.147.15.67 - - [30/Sep/2022:16:52:57 -0700] "GET / HTTP/1.1" 200 5283 "-" "Mozilla/5.0 (Macintosh; Intel Mac OS X 10_11) AppleWebKit/601.1.27 (KHTML, like Gecko) Chrome/47.0.2526.106 Safari/601.1.27" "www.ysfine.com"
195.191.219.131 - - [30/Sep/2022:16:53:13 -0700] "GET /robots.txt HTTP/1.1" 404 73 "-" "Mozilla/5.0 (compatible; MJ12bot/v1.4.8; http://mj12bot.com/)" "ysfine.com"
195.191.219.131 - - [30/Sep/2022:16:53:16 -0700] "GET / HTTP/1.1" 200 5283 "-" "Mozilla/5.0 (compatible; MJ12bot/v1.4.8; http://mj12bot.com/)" "ysfine.com"
207.46.13.102 - - [30/Sep/2022:16:53:23 -0700] "GET /world/israel/jeruf01.jpg HTTP/1.1" 200 221371 "-" "Mozilla/5.0 (compatible; bingbot/2.0; +http://www.bing.com/bingbot.htm)" "ysfine.com"
157.55.39.128 - - [30/Sep/2022:16:53:58 -0700] "GET /world/ital/coloss12.jpg HTTP/1.1" 200 95128 "-" "Mozilla/5.0 AppleWebKit/537.36 (KHTML, like Gecko; compatible; bingbot/2.0; +http://www.bing.com/bingbot.htm) Chrome/103.0.5060.134 Safari/537.36" "ysfine.com"
157.55.39.128 - - [30/Sep/2022:16:55:00 -0700] "GET /style/accodion.jpg HTTP/1.1" 200 106811 "-" "Mozilla/5.0 AppleWebKit/537.36 (KHTML, like Gecko; compatible; bingbot/2.0; +http://www.bing.com/bingbot.htm) Chrome/103.0.5060.134 Safari/537.36" "ysfine.com"
114.119.128.14 - - [30/Sep/2022:16:55:31 -0700] "GET /class54/class5470/total_data/photo_img/2-28.jpg HTTP/1.1" 200 106710 "https://ysfine.com/class54/class5470/total_data/sub_228.htm" "Mozilla/5.0 (Linux; Android 7.0;) AppleWebKit/537.36 (KHTML, like Gecko) Mobile Safari/537.36 (compatible; PetalBot;+https://webmaster.petalsearch.com/site/petalbot)" "ysfine.com"
157.55.39.58 - - [30/Sep/2022:16:56:15 -0700] "GET /world/brit/picca25.jpg HTTP/1.1" 200 129141 "-" "Mozilla/5.0 (compatible; bingbot/2.0; +http://www.bing.com/bingbot.htm)" "www.ysfine.com"
72.14.201.64 - - [30/Sep/2022:16:56:20 -0700] "GET /world/brit/etonharrow.html HTTP/1.1" 200 4546 "-" "Mozilla/5.0 (Linux; Android 10; K) AppleWebKit/537.36 (KHTML, like Gecko) Chrome/105.0.0.0 Mobile Safari/537.36" "ysfine.com"
83.33.48.146 - - [30/Sep/2022:16:56:26 -0700] "GET /maga/phys/schrod07.jpg HTTP/1.1" 200 83845 "https://www.taringa.net/+ciencia_educacion/erwin-schrodinger-y-la-mecanica-ondulatoria_1ej2lo" "Mozilla/5.0 (Windows NT 6.1; Win64; x64) AppleWebKit/537.36 (KHTML, like Gecko) Chrome/105.0.0.0 Safari/537.36" "ysfine.com"
40.77.167.27 - - [30/Sep/2022:16:56:42 -0700] "GET /world/scandi/nobelmap11b.jpg HTTP/1.1" 200 54549 "-" "Mozilla/5.0 (compatible; bingbot/2.0; +http://www.bing.com/bingbot.htm)" "ysfine.com"
157.55.39.58 - - [30/Sep/2022:16:56:55 -0700] "GET /world/brit/lontaxi07.jpg HTTP/1.1" 200 69239 "-" "Mozilla/5.0 (compatible; bingbot/2.0; +http://www.bing.com/bingbot.htm)" "www.ysfine.com"
157.55.39.127 - - [30/Sep/2022:16:58:04 -0700] "GET /world/ital/padova19.jpg HTTP/1.1" 200 107936 "-" "Mozilla/5.0 (compatible; bingbot/2.0; +http://www.bing.com/bingbot.htm)" "www.ysfine.com"
157.55.39.128 - - [30/Sep/2022:16:58:31 -0700] "GET /wigner/second2.jpg HTTP/1.1" 200 64603 "-" "Mozilla/5.0 (compatible; bingbot/2.0; +http://www.bing.com/bingbot.htm)" "ysfine.com"
157.55.39.127 - - [30/Sep/2022:16:58:54 -0700] "GET /style/cameras/hwanghae11.jpg HTTP/1.1" 200 178475 "-" "Mozilla/5.0 (compatible; bingbot/2.0; +http://www.bing.com/bingbot.htm)" "ysfine.com"
207.46.13.102 - - [30/Sep/2022:16:59:14 -0700] "GET /world/israel/jeru57.jpg HTTP/1.1" 200 246283 "-" "Mozilla/5.0 (compatible; bingbot/2.0; +http://www.bing.com/bingbot.htm)" "ysfine.com"
200.97.51.166 - - [30/Sep/2022:16:59:24 -0700] "GET /kowar/photos/eisenhower22.jpg HTTP/1.1" 200 115030 "https://www.google.com/" "Mozilla/5.0 (Windows NT 6.3; Win64; x64) AppleWebKit/537.36 (KHTML, like Gecko) Chrome/105.0.0.0 Safari/537.36" "ysfine.com"
93.158.161.40 - - [30/Sep/2022:16:59:53 -0700] "GET /home/fotos/kazan017.jpg HTTP/1.1" 200 185979 "-" "Mozilla/5.0 (compatible; YandexImages/3.0; +http://yandex.com/bots)" "www.ysfine.com"
173.73.80.118 - - [30/Sep/2022:17:01:31 -0700] "GET /home/bio11.html HTTP/1.1" 200 12284 "https://www.ysfine.com/ys11/index.html" "Mozilla/5.0 (Linux; Android 5.1.1; KFSUWI) AppleWebKit/537.36 (KHTML, like Gecko) Silk/104.2.16 like Chrome/104.0.5112.114 Safari/537.36" "www.ysfine.com"
40.77.167.27 - - [30/Sep/2022:17:01:52 -0700] "GET /home/newtgr33.jpg HTTP/1.1" 200 91706 "-" "Mozilla/5.0 (compatible; bingbot/2.0; +http://www.bing.com/bingbot.htm)" "ysfine.com"
66.249.66.214 - - [30/Sep/2022:17:02:10 -0700] "GET /world/scandi/norw26.jpg HTTP/1.1" 304 - "-" "Googlebot-Image/1.0" "ysfine.com"
207.46.13.102 - - [30/Sep/2022:17:02:15 -0700] "GET /feynman/millik.jpg HTTP/1.1" 200 79301 "-" "Mozilla/5.0 (compatible; bingbot/2.0; +http://www.bing.com/bingbot.htm)" "ysfine.com"
220.181.108.147 - - [30/Sep/2022:17:02:20 -0700] "GET /home/feysavior.html HTTP/1.1" 200 2737 "-" "Mozilla/5.0 (compatible; Baiduspider/2.0; +http://www.baidu.com/search/spider.html)" "ysfine.com"
40.64.105.247 - - [30/Sep/2022:17:02:47 -0700] "GET /feynman/feychin.jpg HTTP/1.1" 200 33472 "-" "DuckDuckBot/1.1; (+http://duckduckgo.com/duckduckbot.html)" "www.ysfine.com"
173.73.80.118 - - [30/Sep/2022:17:02:53 -0700] "GET /ffriends/fdw.html HTTP/1.1" 200 45463 "https://www.ysfine.com/ys11/index.html" "Mozilla/5.0 (Linux; Android 5.1.1; KFSUWI) AppleWebKit/537.36 (KHTML, like Gecko) Silk/104.2.16 like Chrome/104.0.5112.114 Safari/537.36" "www.ysfine.com"
173.73.80.118 - - [30/Sep/2022:17:02:53 -0700] "GET /ffriends/dongio22c.jpg HTTP/1.1" 200 64550 "https://www.ysfine.com/ffriends/fdw.html" "Mozilla/5.0 (Linux; Android 5.1.1; KFSUWI) AppleWebKit/537.36 (KHTML, like Gecko) Silk/104.2.16 like Chrome/104.0.5112.114 Safari/537.36" "www.ysfine.com"
173.73.80.118 - - [30/Sep/2022:17:02:53 -0700] "GET /ffriends/qinshi11c.jpg HTTP/1.1" 200 41459 "https://www.ysfine.com/ffriends/fdw.html" "Mozilla/5.0 (Linux; Android 5.1.1; KFSUWI) AppleWebKit/537.36 (KHTML, like Gecko) Silk/104.2.16 like Chrome/104.0.5112.114 Safari/537.36" "www.ysfine.com"
173.73.80.118 - - [30/Sep/2022:17:02:53 -0700] "GET /world/russ/twosis11b.jpg HTTP/1.1" 200 35693 "https://www.ysfine.com/ffriends/fdw.html" "Mozilla/5.0 (Linux; Android 5.1.1; KFSUWI) AppleWebKit/537.36 (KHTML, like Gecko) Silk/104.2.16 like Chrome/104.0.5112.114 Safari/537.36" "www.ysfine.com"
173.73.80.118 - - [30/Sep/2022:17:02:53 -0700] "GET /world/baltic/kalin02b.jpg HTTP/1.1" 200 46051 "https://www.ysfine.com/ffriends/fdw.html" "Mozilla/5.0 (Linux; Android 5.1.1; KFSUWI) AppleWebKit/537.36 (KHTML, like Gecko) Silk/104.2.16 like Chrome/104.0.5112.114 Safari/537.36" "www.ysfine.com"
173.73.80.118 - - [30/Sep/2022:17:02:53 -0700] "GET /world/baltic/kalin17b.jpg HTTP/1.1" 200 38317 "https://www.ysfine.com/ffriends/fdw.html" "Mozilla/5.0 (Linux; Android 5.1.1; KFSUWI) AppleWebKit/537.36 (KHTML, like Gecko) Silk/104.2.16 like Chrome/104.0.5112.114 Safari/537.36" "www.ysfine.com"
173.73.80.118 - - [30/Sep/2022:17:02:53 -0700] "GET /world/brit/harrow01c.jpg HTTP/1.1" 200 38166 "https://www.ysfine.com/ffriends/fdw.html" "Mozilla/5.0 (Linux; Android 5.1.1; KFSUWI) AppleWebKit/537.36 (KHTML, like Gecko) Silk/104.2.16 like Chrome/104.0.5112.114 Safari/537.36" "www.ysfine.com"
173.73.80.118 - - [30/Sep/2022:17:02:53 -0700] "GET /world/brit/2013lon01c.jpg HTTP/1.1" 200 40166 "https://www.ysfine.com/ffriends/fdw.html" "Mozilla/5.0 (Linux; Android 5.1.1; KFSUWI) AppleWebKit/537.36 (KHTML, like Gecko) Silk/104.2.16 like Chrome/104.0.5112.114 Safari/537.36" "www.ysfine.com"
173.73.80.118 - - [30/Sep/2022:17:02:53 -0700] "GET /ffriends/serbian44b.jpg HTTP/1.1" 200 43178 "https://www.ysfine.com/ffriends/fdw.html" "Mozilla/5.0 (Linux; Android 5.1.1; KFSUWI) AppleWebKit/537.36 (KHTML, like Gecko) Silk/104.2.16 like Chrome/104.0.5112.114 Safari/537.36" "www.ysfine.com"
173.73.80.118 - - [30/Sep/2022:17:02:53 -0700] "GET /ffriends/euro01b.jpg HTTP/1.1" 200 39730 "https://www.ysfine.com/ffriends/fdw.html" "Mozilla/5.0 (Linux; Android 5.1.1; KFSUWI) AppleWebKit/537.36 (KHTML, like Gecko) Silk/104.2.16 like Chrome/104.0.5112.114 Safari/537.36" "www.ysfine.com"
173.73.80.118 - - [30/Sep/2022:17:02:53 -0700] "GET /world/france/metz17c.jpg HTTP/1.1" 200 42665 "https://www.ysfine.com/ffriends/fdw.html" "Mozilla/5.0 (Linux; Android 5.1.1; KFSUWI) AppleWebKit/537.36 (KHTML, like Gecko) Silk/104.2.16 like Chrome/104.0.5112.114 Safari/537.36" "www.ysfine.com"
173.73.80.118 - - [30/Sep/2022:17:02:53 -0700] "GET /world/france/matisse11c.jpg HTTP/1.1" 200 31489 "https://www.ysfine.com/ffriends/fdw.html" "Mozilla/5.0 (Linux; Android 5.1.1; KFSUWI) AppleWebKit/537.36 (KHTML, like Gecko) Silk/104.2.16 like Chrome/104.0.5112.114 Safari/537.36" "www.ysfine.com"
173.73.80.118 - - [30/Sep/2022:17:02:53 -0700] "GET /world/israel/tlvf01b.jpg HTTP/1.1" 200 29500 "https://www.ysfine.com/ffriends/fdw.html" "Mozilla/5.0 (Linux; Android 5.1.1; KFSUWI) AppleWebKit/537.36 (KHTML, like Gecko) Silk/104.2.16 like Chrome/104.0.5112.114 Safari/537.36" "www.ysfine.com"
173.73.80.118 - - [30/Sep/2022:17:02:53 -0700] "GET /world/france/metz41c.jpg HTTP/1.1" 200 38449 "https://www.ysfine.com/ffriends/fdw.html" "Mozilla/5.0 (Linux; Android 5.1.1; KFSUWI) AppleWebKit/537.36 (KHTML, like Gecko) Silk/104.2.16 like Chrome/104.0.5112.114 Safari/537.36" "www.ysfine.com"
173.73.80.118 - - [30/Sep/2022:17:02:53 -0700] "GET /ffriends/armenstu01c.jpg HTTP/1.1" 200 38859 "https://www.ysfine.com/ffriends/fdw.html" "Mozilla/5.0 (Linux; Android 5.1.1; KFSUWI) AppleWebKit/537.36 (KHTML, like Gecko) Silk/104.2.16 like Chrome/104.0.5112.114 Safari/537.36" "www.ysfine.com"
173.73.80.118 - - [30/Sep/2022:17:02:53 -0700] "GET /ffriends/turklawyer02c.jpg HTTP/1.1" 200 46730 "https://www.ysfine.com/ffriends/fdw.html" "Mozilla/5.0 (Linux; Android 5.1.1; KFSUWI) AppleWebKit/537.36 (KHTML, like Gecko) Silk/104.2.16 like Chrome/104.0.5112.114 Safari/537.36" "www.ysfine.com"
173.73.80.118 - - [30/Sep/2022:17:02:53 -0700] "GET /ffriends/amkor/jasvie11c.jpg HTTP/1.1" 200 36829 "https://www.ysfine.com/ffriends/fdw.html" "Mozilla/5.0 (Linux; Android 5.1.1; KFSUWI) AppleWebKit/537.36 (KHTML, like Gecko) Silk/104.2.16 like Chrome/104.0.5112.114 Safari/537.36" "www.ysfine.com"
173.73.80.118 - - [30/Sep/2022:17:02:53 -0700] "GET /ffriends/amkor/jpmos18c.jpg HTTP/1.1" 200 45594 "https://www.ysfine.com/ffriends/fdw.html" "Mozilla/5.0 (Linux; Android 5.1.1; KFSUWI) AppleWebKit/537.36 (KHTML, like Gecko) Silk/104.2.16 like Chrome/104.0.5112.114 Safari/537.36" "www.ysfine.com"
173.73.80.118 - - [30/Sep/2022:17:02:53 -0700] "GET /ffriends/iraida11b.jpg HTTP/1.1" 200 50961 "https://www.ysfine.com/ffriends/fdw.html" "Mozilla/5.0 (Linux; Android 5.1.1; KFSUWI) AppleWebKit/537.36 (KHTML, like Gecko) Silk/104.2.16 like Chrome/104.0.5112.114 Safari/537.36" "www.ysfine.com"
173.73.80.118 - - [30/Sep/2022:17:02:53 -0700] "GET /world/china/beijing009c.jpg HTTP/1.1" 200 44381 "https://www.ysfine.com/ffriends/fdw.html" "Mozilla/5.0 (Linux; Android 5.1.1; KFSUWI) AppleWebKit/537.36 (KHTML, like Gecko) Silk/104.2.16 like Chrome/104.0.5112.114 Safari/537.36" "www.ysfine.com"
173.73.80.118 - - [30/Sep/2022:17:02:53 -0700] "GET /world/latina/cancun02c.jpg HTTP/1.1" 200 36849 "https://www.ysfine.com/ffriends/fdw.html" "Mozilla/5.0 (Linux; Android 5.1.1; KFSUWI) AppleWebKit/537.36 (KHTML, like Gecko) Silk/104.2.16 like Chrome/104.0.5112.114 Safari/537.36" "www.ysfine.com"
173.73.80.118 - - [30/Sep/2022:17:02:53 -0700] "GET /ffriends/amkor/lewitt11c.jpg HTTP/1.1" 200 46868 "https://www.ysfine.com/ffriends/fdw.html" "Mozilla/5.0 (Linux; Android 5.1.1; KFSUWI) AppleWebKit/537.36 (KHTML, like Gecko) Silk/104.2.16 like Chrome/104.0.5112.114 Safari/537.36" "www.ysfine.com"
173.73.80.118 - - [30/Sep/2022:17:02:54 -0700] "GET /ffriends/amkor/lawren22c.jpg HTTP/1.1" 200 30537 "https://www.ysfine.com/ffriends/fdw.html" "Mozilla/5.0 (Linux; Android 5.1.1; KFSUWI) AppleWebKit/537.36 (KHTML, like Gecko) Silk/104.2.16 like Chrome/104.0.5112.114 Safari/537.36" "www.ysfine.com"
173.73.80.118 - - [30/Sep/2022:17:02:54 -0700] "GET /style/trouba11c.jpg HTTP/1.1" 200 26775 "https://www.ysfine.com/ffriends/fdw.html" "Mozilla/5.0 (Linux; Android 5.1.1; KFSUWI) AppleWebKit/537.36 (KHTML, like Gecko) Silk/104.2.16 like Chrome/104.0.5112.114 Safari/537.36" "www.ysfine.com"
173.73.80.118 - - [30/Sep/2022:17:02:54 -0700] "GET /ffriends/amkor/amgermany01c.jpg HTTP/1.1" 200 50215 "https://www.ysfine.com/ffriends/fdw.html" "Mozilla/5.0 (Linux; Android 5.1.1; KFSUWI) AppleWebKit/537.36 (KHTML, like Gecko) Silk/104.2.16 like Chrome/104.0.5112.114 Safari/537.36" "www.ysfine.com"
173.73.80.118 - - [30/Sep/2022:17:02:54 -0700] "GET /ffriends/amkor/amstu14c.jpg HTTP/1.1" 200 41167 "https://www.ysfine.com/ffriends/fdw.html" "Mozilla/5.0 (Linux; Android 5.1.1; KFSUWI) AppleWebKit/537.36 (KHTML, like Gecko) Silk/104.2.16 like Chrome/104.0.5112.114 Safari/537.36" "www.ysfine.com"
173.73.80.118 - - [30/Sep/2022:17:02:54 -0700] "GET /ffriends/amkor/amstu02c.jpg HTTP/1.1" 200 41520 "https://www.ysfine.com/ffriends/fdw.html" "Mozilla/5.0 (Linux; Android 5.1.1; KFSUWI) AppleWebKit/537.36 (KHTML, like Gecko) Silk/104.2.16 like Chrome/104.0.5112.114 Safari/537.36" "www.ysfine.com"
173.73.80.118 - - [30/Sep/2022:17:02:54 -0700] "GET /ffriends/amkor/barnard11c.jpg HTTP/1.1" 200 36206 "https://www.ysfine.com/ffriends/fdw.html" "Mozilla/5.0 (Linux; Android 5.1.1; KFSUWI) AppleWebKit/537.36 (KHTML, like Gecko) Silk/104.2.16 like Chrome/104.0.5112.114 Safari/537.36" "www.ysfine.com"
173.73.80.118 - - [30/Sep/2022:17:02:54 -0700] "GET /ffriends/amkor/amstu11c.jpg HTTP/1.1" 200 47983 "https://www.ysfine.com/ffriends/fdw.html" "Mozilla/5.0 (Linux; Android 5.1.1; KFSUWI) AppleWebKit/537.36 (KHTML, like Gecko) Silk/104.2.16 like Chrome/104.0.5112.114 Safari/537.36" "www.ysfine.com"
173.73.80.118 - - [30/Sep/2022:17:02:54 -0700] "GET /ffriends/aline/aal06c.jpg HTTP/1.1" 200 27436 "https://www.ysfine.com/ffriends/fdw.html" "Mozilla/5.0 (Linux; Android 5.1.1; KFSUWI) AppleWebKit/537.36 (KHTML, like Gecko) Silk/104.2.16 like Chrome/104.0.5112.114 Safari/537.36" "www.ysfine.com"
173.73.80.118 - - [30/Sep/2022:17:02:54 -0700] "GET /ffriends/aline/united01c.jpg HTTP/1.1" 200 32651 "https://www.ysfine.com/ffriends/fdw.html" "Mozilla/5.0 (Linux; Android 5.1.1; KFSUWI) AppleWebKit/537.36 (KHTML, like Gecko) Silk/104.2.16 like Chrome/104.0.5112.114 Safari/537.36" "www.ysfine.com"
173.73.80.118 - - [30/Sep/2022:17:02:54 -0700] "GET /ffriends/amkor/koseville01c.jpg HTTP/1.1" 200 37876 "https://www.ysfine.com/ffriends/fdw.html" "Mozilla/5.0 (Linux; Android 5.1.1; KFSUWI) AppleWebKit/537.36 (KHTML, like Gecko) Silk/104.2.16 like Chrome/104.0.5112.114 Safari/537.36" "www.ysfine.com"
173.73.80.118 - - [30/Sep/2022:17:02:54 -0700] "GET /ffriends/amkor/defectors01c.jpg HTTP/1.1" 200 34776 "https://www.ysfine.com/ffriends/fdw.html" "Mozilla/5.0 (Linux; Android 5.1.1; KFSUWI) AppleWebKit/537.36 (KHTML, like Gecko) Silk/104.2.16 like Chrome/104.0.5112.114 Safari/537.36" "www.ysfine.com"
173.73.80.118 - - [30/Sep/2022:17:02:54 -0700] "GET /kobak/taylor33c.jpg HTTP/1.1" 200 39951 "https://www.ysfine.com/ffriends/fdw.html" "Mozilla/5.0 (Linux; Android 5.1.1; KFSUWI) AppleWebKit/537.36 (KHTML, like Gecko) Silk/104.2.16 like Chrome/104.0.5112.114 Safari/537.36" "www.ysfine.com"
173.73.80.118 - - [30/Sep/2022:17:02:54 -0700] "GET /world/russ/saratov02b.jpg HTTP/1.1" 200 57117 "https://www.ysfine.com/ffriends/fdw.html" "Mozilla/5.0 (Linux; Android 5.1.1; KFSUWI) AppleWebKit/537.36 (KHTML, like Gecko) Silk/104.2.16 like Chrome/104.0.5112.114 Safari/537.36" "www.ysfine.com"
173.73.80.118 - - [30/Sep/2022:17:02:54 -0700] "GET /ffriends/parthen03c.jpg HTTP/1.1" 200 46139 "https://www.ysfine.com/ffriends/fdw.html" "Mozilla/5.0 (Linux; Android 5.1.1; KFSUWI) AppleWebKit/537.36 (KHTML, like Gecko) Silk/104.2.16 like Chrome/104.0.5112.114 Safari/537.36" "www.ysfine.com"
173.73.80.118 - - [30/Sep/2022:17:02:54 -0700] "GET /ffriends/aline/delta03c.jpg HTTP/1.1" 200 28047 "https://www.ysfine.com/ffriends/fdw.html" "Mozilla/5.0 (Linux; Android 5.1.1; KFSUWI) AppleWebKit/537.36 (KHTML, like Gecko) Silk/104.2.16 like Chrome/104.0.5112.114 Safari/537.36" "www.ysfine.com"
173.73.80.118 - - [30/Sep/2022:17:02:54 -0700] "GET /world/japan/kyoto010c.jpg HTTP/1.1" 200 45412 "https://www.ysfine.com/ffriends/fdw.html" "Mozilla/5.0 (Linux; Android 5.1.1; KFSUWI) AppleWebKit/537.36 (KHTML, like Gecko) Silk/104.2.16 like Chrome/104.0.5112.114 Safari/537.36" "www.ysfine.com"
173.73.80.118 - - [30/Sep/2022:17:03:35 -0700] "GET /awards/audio22.wav HTTP/1.1" 206 273581056 "https://www.ysfine.com/awards/audio22.wav" "Mozilla/5.0 (Linux; Android 5.1.1; KFSUWI) AppleWebKit/537.36 (KHTML, like Gecko) Silk/104.2.16 like Chrome/104.0.5112.114 Safari/537.36" "www.ysfine.com"
107.10.231.206 - - [30/Sep/2022:17:04:35 -0700] "GET /favicon.ico HTTP/1.1" 404 88 "-" "Mozilla/5.0 (Macintosh; Intel Mac OS X 10_11_1) AppleWebKit/601.2.4 (KHTML, like Gecko) Version/9.0.1 Safari/601.2.4 facebookexternalhit/1.1 Facebot Twitterbot/1.0" "ysfine.com"
107.10.231.206 - - [30/Sep/2022:17:04:35 -0700] "GET /eink/mose.html HTTP/1.1" 200 14315 "-" "Mozilla/5.0 (Macintosh; Intel Mac OS X 10_11_1) AppleWebKit/601.2.4 (KHTML, like Gecko) Version/9.0.1 Safari/601.2.4 facebookexternalhit/1.1 Facebot Twitterbot/1.0" "ysfine.com"
121.5.231.252 - - [30/Sep/2022:17:05:19 -0700] "GET / HTTP/1.1" 200 5283 "-" "Mozilla/5.0 (Linux; Android 6.0; Nexus 5 Build/MRA58N) AppleWebKit/537.36 (KHTML, like Gecko) Chrome/81.0.4044.138 Mobile Safari/537.36" "www.ysfine.com"
114.119.128.162 - - [30/Sep/2022:17:05:58 -0700] "GET /class54/class5470/total_data/photo_img/2-93.jpg HTTP/1.1" 200 171021 "https://ysfine.com/class54/class5470/total_data/sub_293.htm" "Mozilla/5.0 (Linux; Android 7.0;) AppleWebKit/537.36 (KHTML, like Gecko) Mobile Safari/537.36 (compatible; PetalBot;+https://webmaster.petalsearch.com/site/petalbot)" "ysfine.com"
40.77.167.27 - - [30/Sep/2022:17:08:54 -0700] "GET /style/rigaopera11b.jpg HTTP/1.1" 200 40758 "-" "Mozilla/5.0 (compatible; bingbot/2.0; +http://www.bing.com/bingbot.htm)" "www.ysfine.com"
157.55.39.128 - - [30/Sep/2022:17:09:00 -0700] "GET /einstein/einbohr55.jpg HTTP/1.1" 200 227851 "-" "Mozilla/5.0 (compatible; bingbot/2.0; +http://www.bing.com/bingbot.htm)" "ysfine.com"
157.55.39.58 - - [30/Sep/2022:17:10:36 -0700] "GET /world/russ/kiev061.jpg HTTP/1.1" 200 103322 "-" "Mozilla/5.0 AppleWebKit/537.36 (KHTML, like Gecko; compatible; bingbot/2.0; +http://www.bing.com/bingbot.htm) Chrome/103.0.5060.134 Safari/537.36" "ysfine.com"
77.75.73.26 - - [30/Sep/2022:17:11:10 -0700] "GET /maga/minkowski.html HTTP/1.1" 304 - "-" "Mozilla/5.0 (compatible; SeznamBot/4.0-RC1; +http://napoveda.seznam.cz/seznambot-intro/)" "ysfine.com"
66.249.66.93 - - [30/Sep/2022:17:11:38 -0700] "GET /wdc/whouse15b.jpg HTTP/1.1" 304 - "-" "Googlebot-Image/1.0" "ysfine.com"
207.46.13.102 - - [30/Sep/2022:17:11:56 -0700] "GET /eink/evol77.jpg HTTP/1.1" 200 145608 "-" "Mozilla/5.0 (compatible; bingbot/2.0; +http://www.bing.com/bingbot.htm)" "ysfine.com"
157.55.39.55 - - [30/Sep/2022:17:12:37 -0700] "GET /wdc/kopol03.jpg HTTP/1.1" 200 87763 "-" "Mozilla/5.0 (compatible; bingbot/2.0; +http://www.bing.com/bingbot.htm)" "ysfine.com"
157.55.39.128 - - [30/Sep/2022:17:13:01 -0700] "GET /world/russ/kazan033.jpg HTTP/1.1" 200 109620 "-" "Mozilla/5.0 (compatible; bingbot/2.0; +http://www.bing.com/bingbot.htm)" "ysfine.com"
222.95.65.107 - - [30/Sep/2022:17:15:22 -0700] "GET /kobak/sl629.jpg HTTP/1.1" 200 141503 "https://cn.bing.com/" "Mozilla/5.0 (Windows NT 6.1; WOW64) AppleWebKit/537.36 (KHTML, like Gecko) Chrome/86.0.4240.198 Safari/537.36" "ysfine.com"
49.7.21.184 - - [30/Sep/2022:17:15:26 -0700] "GET / HTTP/1.1" 200 5283 "http://www.sogou.com/web?query=site%3Awww.ysfine.com" "Mozilla/5.0 (Windows NT 6.1; Win64; x64) AppleWebKit/537.36 (KHTML, like Gecko) Chrome/74.0.3729.169 Safari/537.36" "www.ysfine.com"
61.147.15.65 - - [30/Sep/2022:17:18:23 -0700] "GET /favicon.ico HTTP/1.1" 404 88 "-" "Dalvik/2.1.0 (Linux; U; Android 9.0; ZTE BA520 Build/MRA58K)" "ysfine.com"
61.147.15.65 - - [30/Sep/2022:17:19:05 -0700] "GET / HTTP/1.1" 200 5283 "-" "Mozilla/5.0 (Linux; Android 7.0; SM-G9350 Build/NRD90M; wv) AppleWebKit/537.36 (KHTML, like Gecko) Version/4.0 Chrome/55.0.2883.91 Mobile Safari/537.36 baiduboxapp/8.1 (Baidu; P1 7.0)" "ysfine.com"
61.147.15.67 - - [30/Sep/2022:17:19:41 -0700] "GET / HTTP/1.1" 200 5283 "-" "Dalvik/2.1.0 (Linux; U; Android 9.0; ZTE BA520 Build/MRA58K)" "ysfine.com"
61.147.15.67 - - [30/Sep/2022:17:19:41 -0700] "GET / HTTP/1.1" 200 5283 "-" "Mozilla/5.0 (Macintosh; Intel Mac OS X 10_11) AppleWebKit/601.1.27 (KHTML, like Gecko) Chrome/47.0.2526.106 Safari/601.1.27" "ysfine.com"
61.147.15.65 - - [30/Sep/2022:17:19:41 -0700] "GET /favicon.ico HTTP/1.1" 404 88 "-" "Dalvik/2.1.0 (Linux; U; Android 9.0; ZTE BA520 Build/MRA58K)" "ysfine.com"
61.147.15.67 - - [30/Sep/2022:17:19:52 -0700] "GET / HTTP/1.1" 200 5283 "-" "Dalvik/2.1.0 (Linux; U; Android 9.0; ZTE BA520 Build/MRA58K)" "ysfine.com"
61.147.15.67 - - [30/Sep/2022:17:20:00 -0700] "GET / HTTP/1.1" 200 5283 "-" "Mozilla/5.0 (Macintosh; Intel Mac OS X 10_11) AppleWebKit/601.1.27 (KHTML, like Gecko) Chrome/47.0.2526.106 Safari/601.1.27" "ysfine.com"
207.46.13.102 - - [30/Sep/2022:17:21:17 -0700] "GET /people/facu63b.jpg HTTP/1.1" 200 47712 "-" "Mozilla/5.0 (compatible; bingbot/2.0; +http://www.bing.com/bingbot.htm)" "ysfine.com"
207.46.13.102 - - [30/Sep/2022:17:21:26 -0700] "GET /einstein/einbohr88.jpg HTTP/1.1" 200 391498 "-" "Mozilla/5.0 AppleWebKit/537.36 (KHTML, like Gecko; compatible; bingbot/2.0; +http://www.bing.com/bingbot.htm) Chrome/103.0.5060.134 Safari/537.36" "ysfine.com"
107.77.228.153 - - [30/Sep/2022:17:22:00 -0700] "GET /princeton/alexan22.jpg HTTP/1.1" 200 175436 "https://www.google.com/" "Mozilla/5.0 (iPhone; CPU iPhone OS 16_0 like Mac OS X) AppleWebKit/605.1.15 (KHTML, like Gecko) Version/16.0 Mobile/15E148 Safari/604.1" "ysfine.com"
107.77.228.153 - - [30/Sep/2022:17:22:03 -0700] "GET /princeton/alexan11.jpg HTTP/1.1" 200 118946 "https://www.google.com/" "Mozilla/5.0 (iPhone; CPU iPhone OS 16_0 like Mac OS X) AppleWebKit/605.1.15 (KHTML, like Gecko) Version/16.0 Mobile/15E148 Safari/604.1" "ysfine.com"
157.55.39.128 - - [30/Sep/2022:17:22:52 -0700] "GET /world/russ/kazan066.jpg HTTP/1.1" 200 44197 "-" "Mozilla/5.0 (compatible; bingbot/2.0; +http://www.bing.com/bingbot.htm)" "www.ysfine.com"
157.55.39.58 - - [30/Sep/2022:17:24:18 -0700] "GET /wdc/kennedyc10.jpg HTTP/1.1" 200 77673 "-" "Mozilla/5.0 (compatible; bingbot/2.0; +http://www.bing.com/bingbot.htm)" "www.ysfine.com"
207.46.13.102 - - [30/Sep/2022:17:24:57 -0700] "GET /maga/phys/fermi02b.jpg HTTP/1.1" 200 32118 "-" "Mozilla/5.0 (compatible; bingbot/2.0; +http://www.bing.com/bingbot.htm)" "ysfine.com"
157.55.39.127 - - [30/Sep/2022:17:25:16 -0700] "GET /people/kocinski.jpg HTTP/1.1" 200 81177 "-" "Mozilla/5.0 AppleWebKit/537.36 (KHTML, like Gecko; compatible; bingbot/2.0; +http://www.bing.com/bingbot.htm) Chrome/103.0.5060.134 Safari/537.36" "ysfine.com"
40.77.167.27 - - [30/Sep/2022:17:25:25 -0700] "GET /style/socrates11.jpg HTTP/1.1" 200 81464 "-" "Mozilla/5.0 (compatible; bingbot/2.0; +http://www.bing.com/bingbot.htm)" "ysfine.com"
187.122.158.104 - - [30/Sep/2022:17:25:27 -0700] "GET /wigner/neum/vnc01.jpg HTTP/1.1" 200 133641 "https://sites.google.com/" "Mozilla/5.0 (Windows NT 10.0; Win64; x64) AppleWebKit/537.36 (KHTML, like Gecko) Chrome/106.0.0.0 Safari/537.36" "ysfine.com"
114.119.128.142 - - [30/Sep/2022:17:25:40 -0700] "GET /class54/class5470/total_data/photo_img/7-77.jpg HTTP/1.1" 200 252086 "https://ysfine.com/class54/class5470/total_data/sub_777.htm" "Mozilla/5.0 (Linux; Android 7.0;) AppleWebKit/537.36 (KHTML, like Gecko) Mobile Safari/537.36 (compatible; PetalBot;+https://webmaster.petalsearch.com/site/petalbot)" "ysfine.com"
157.55.39.55 - - [30/Sep/2022:17:27:50 -0700] "GET /world/ital/rome008.jpg HTTP/1.1" 200 134995 "-" "Mozilla/5.0 (compatible; bingbot/2.0; +http://www.bing.com/bingbot.htm)" "ysfine.com"
207.46.13.102 - - [30/Sep/2022:17:28:17 -0700] "GET /style/swanlake.jpg HTTP/1.1" 200 50322 "-" "Mozilla/5.0 (compatible; bingbot/2.0; +http://www.bing.com/bingbot.htm)" "ysfine.com"
114.119.128.154 - - [30/Sep/2022:17:29:10 -0700] "GET /wigner/wiglittle.pdf HTTP/1.1" 200 2659296 "https://www.ysfine.com/einstein/ewk.html" "Mozilla/5.0 (Linux; Android 7.0;) AppleWebKit/537.36 (KHTML, like Gecko) Mobile Safari/537.36 (compatible; PetalBot;+https://webmaster.petalsearch.com/site/petalbot)" "www.ysfine.com"
207.46.13.102 - - [30/Sep/2022:17:29:17 -0700] "GET /einstein/places/ulm26.jpg HTTP/1.1" 200 104983 "-" "Mozilla/5.0 (compatible; bingbot/2.0; +http://www.bing.com/bingbot.htm)" "ysfine.com"
157.55.39.55 - - [30/Sep/2022:17:29:39 -0700] "GET /world/russ/gatf05.jpg HTTP/1.1" 200 92443 "-" "Mozilla/5.0 AppleWebKit/537.36 (KHTML, like Gecko; compatible; bingbot/2.0; +http://www.bing.com/bingbot.htm) Chrome/103.0.5060.134 Safari/537.36" "ysfine.com"
112.165.94.179 - - [30/Sep/2022:17:32:48 -0700] "GET /kobak/sorae/church07.jpg HTTP/1.1" 200 188352 "https://www.google.co.kr/" "Mozilla/5.0 (Windows NT 10.0; Win64; x64) AppleWebKit/537.36 (KHTML, like Gecko) Chrome/104.0.5112.122 Whale/3.16.138.27 Safari/537.36" "ysfine.com"
157.55.39.128 - - [30/Sep/2022:17:35:04 -0700] "GET /world/russ/almaty22.jpg HTTP/1.1" 200 46020 "-" "Mozilla/5.0 AppleWebKit/537.36 (KHTML, like Gecko; compatible; bingbot/2.0; +http://www.bing.com/bingbot.htm) Chrome/103.0.5060.134 Safari/537.36" "ysfine.com"
220.181.108.157 - - [30/Sep/2022:17:35:40 -0700] "GET /maga/twobytwo.html HTTP/1.1" 200 1998 "-" "Mozilla/5.0 (compatible; Baiduspider/2.0; +http://www.baidu.com/search/spider.html)" "www.ysfine.com"
116.179.37.184 - - [30/Sep/2022:17:35:46 -0700] "GET /maga/phys/ellipse77a.jpg HTTP/1.1" 200 16686 "https://www.ysfine.com/maga/twobytwo.html" "Mozilla/5.0 (compatible; Baiduspider-render/2.0; +http://www.baidu.com/search/spider.html)" "www.ysfine.com"
116.179.37.162 - - [30/Sep/2022:17:35:46 -0700] "GET /maga/phys/rectan.jpg HTTP/1.1" 200 21089 "https://www.ysfine.com/maga/twobytwo.html" "Mozilla/5.0 (compatible; Baiduspider-render/2.0; +http://www.baidu.com/search/spider.html)" "www.ysfine.com"
116.179.37.89 - - [30/Sep/2022:17:35:46 -0700] "GET /maga/phys/ellipse77c.jpg HTTP/1.1" 200 15950 "https://www.ysfine.com/maga/twobytwo.html" "Mozilla/5.0 (compatible; Baiduspider-render/2.0; +http://www.baidu.com/search/spider.html)" "www.ysfine.com"
116.179.37.57 - - [30/Sep/2022:17:35:46 -0700] "GET /maga/phys/ellipse77b.jpg HTTP/1.1" 200 16161 "https://www.ysfine.com/maga/twobytwo.html" "Mozilla/5.0 (compatible; Baiduspider-render/2.0; +http://www.baidu.com/search/spider.html)" "www.ysfine.com"
114.119.128.154 - - [30/Sep/2022:17:36:18 -0700] "GET /class54/class5470/total_data/sub_527.htm HTTP/1.1" 200 3212 "https://ysfine.com/class54/class5470/total_data/sub_525.htm" "Mozilla/5.0 (Linux; Android 7.0;) AppleWebKit/537.36 (KHTML, like Gecko) Mobile Safari/537.36 (compatible; PetalBot;+https://webmaster.petalsearch.com/site/petalbot)" "ysfine.com"
40.77.167.27 - - [30/Sep/2022:17:37:07 -0700] "GET /world/china/shenyang06b.jpg HTTP/1.1" 200 42889 "-" "Mozilla/5.0 (compatible; bingbot/2.0; +http://www.bing.com/bingbot.htm)" "ysfine.com"
66.249.66.216 - - [30/Sep/2022:17:37:33 -0700] "GET /world/places/ulm07b.jpg HTTP/1.1" 304 - "-" "Googlebot-Image/1.0" "ysfine.com"
66.249.66.8 - - [30/Sep/2022:17:39:39 -0700] "GET /newyork/colum16.jpg HTTP/1.1" 200 103369 "-" "Googlebot-Image/1.0" "ysfine.com"
207.46.13.102 - - [30/Sep/2022:17:39:58 -0700] "GET /world/brit/oxlon14.jpg HTTP/1.1" 200 136837 "-" "Mozilla/5.0 (compatible; bingbot/2.0; +http://www.bing.com/bingbot.htm)" "ysfine.com"
114.119.128.14 - - [30/Sep/2022:17:40:09 -0700] "GET /dongio/korcasia.html HTTP/1.1" 404 88 "https://ysfine.com/kobak/yskor.html" "Mozilla/5.0 (Linux; Android 7.0;) AppleWebKit/537.36 (KHTML, like Gecko) Mobile Safari/537.36 (compatible; PetalBot;+https://webmaster.petalsearch.com/site/petalbot)" "ysfine.com"
207.46.13.102 - - [30/Sep/2022:17:41:29 -0700] "GET /world/france/nice104.jpg HTTP/1.1" 200 144635 "-" "Mozilla/5.0 (compatible; bingbot/2.0; +http://www.bing.com/bingbot.htm)" "ysfine.com"
35.178.205.138 - - [30/Sep/2022:17:43:34 -0700] "GET /einstein/eincurie11.jpg HTTP/1.1" 200 71229 "https://www.google.co.uk/" "Mozilla/5.0 (Windows NT 10.0; Win64; x64) AppleWebKit/537.36 (KHTML, like Gecko) Chrome/105.0.0.0 Safari/537.36" "ysfine.com"
40.77.167.27 - - [30/Sep/2022:17:43:57 -0700] "GET /einstein/evol22b.jpg HTTP/1.1" 200 29614 "-" "Mozilla/5.0 (compatible; bingbot/2.0; +http://www.bing.com/bingbot.htm)" "ysfine.com"
93.158.161.40 - - [30/Sep/2022:17:45:29 -0700] "GET /robots.txt HTTP/1.1" 404 73 "-" "Mozilla/5.0 (compatible; YandexBot/3.0; +http://yandex.com/bots)" "www.ysfine.com"
93.158.161.40 - - [30/Sep/2022:17:45:32 -0700] "GET /usca/pitt/highland01.jpg HTTP/1.1" 200 56080 "-" "Mozilla/5.0 (compatible; YandexImages/3.0; +http://yandex.com/bots)" "www.ysfine.com"
66.249.66.214 - - [30/Sep/2022:17:45:52 -0700] "GET /world/china/shenyang14.jpg HTTP/1.1" 304 - "-" "Googlebot-Image/1.0" "ysfine.com"
207.46.13.102 - - [30/Sep/2022:17:48:38 -0700] "GET /wigner/gim/gimn18.jpg HTTP/1.1" 200 130647 "-" "Mozilla/5.0 (compatible; bingbot/2.0; +http://www.bing.com/bingbot.htm)" "ysfine.com"
157.55.39.58 - - [30/Sep/2022:17:49:10 -0700] "GET /feynman/fb4.jpg HTTP/1.1" 200 55951 "-" "Mozilla/5.0 AppleWebKit/537.36 (KHTML, like Gecko; compatible; bingbot/2.0; +http://www.bing.com/bingbot.htm) Chrome/103.0.5060.134 Safari/537.36" "ysfine.com"
157.55.39.55 - - [30/Sep/2022:17:49:21 -0700] "GET /wdc/jeffm05.jpg HTTP/1.1" 200 56230 "-" "Mozilla/5.0 (compatible; bingbot/2.0; +http://www.bing.com/bingbot.htm)" "ysfine.com"
40.77.167.27 - - [30/Sep/2022:17:50:37 -0700] "GET /world/china/china003.jpg HTTP/1.1" 200 91437 "-" "Mozilla/5.0 (compatible; bingbot/2.0; +http://www.bing.com/bingbot.htm)" "www.ysfine.com"
170.246.202.194 - - [30/Sep/2022:17:52:35 -0700] "GET /wigner/neum/vnc01.jpg HTTP/1.1" 200 133641 "-" "Mozilla/5.0 (iPhone; CPU iPhone OS 15_5 like Mac OS X) AppleWebKit/605.1.15 (KHTML, like Gecko) Version/15.5 Mobile/15E148 Safari/604.1" "ysfine.com"
66.249.66.3 - - [30/Sep/2022:17:52:41 -0700] "GET /home/fotos/101c.jpg HTTP/1.1" 304 - "-" "Googlebot-Image/1.0" "ysfine.com"
66.249.66.58 - - [30/Sep/2022:17:53:39 -0700] "GET /world/ital/padova22.jpg HTTP/1.1" 304 - "-" "Googlebot-Image/1.0" "ysfine.com"
157.55.39.55 - - [30/Sep/2022:17:54:01 -0700] "GET /world/france/sorbonne21.jpg HTTP/1.1" 200 78323 "-" "Mozilla/5.0 (compatible; bingbot/2.0; +http://www.bing.com/bingbot.htm)" "ysfine.com"
207.46.13.102 - - [30/Sep/2022:17:54:11 -0700] "GET /maga/phys/schrod11b.jpg HTTP/1.1" 200 36796 "-" "Mozilla/5.0 (compatible; bingbot/2.0; +http://www.bing.com/bingbot.htm)" "ysfine.com"
40.77.167.27 - - [30/Sep/2022:17:54:29 -0700] "GET /world/germany/stutt08.jpg HTTP/1.1" 200 117766 "-" "Mozilla/5.0 (compatible; bingbot/2.0; +http://www.bing.com/bingbot.htm)" "ysfine.com"
114.119.128.14 - - [30/Sep/2022:17:54:52 -0700] "GET /maga/aquinas.html HTTP/1.1" 200 3433 "https://www.ysfine.com/maga/index.html" "Mozilla/5.0 (Linux; Android 7.0;) AppleWebKit/537.36 (KHTML, like Gecko) Mobile Safari/537.36 (compatible; PetalBot;+https://webmaster.petalsearch.com/site/petalbot)" "www.ysfine.com"
157.55.39.128 - - [30/Sep/2022:17:54:55 -0700] "GET /world/france/sorbonne22.jpg HTTP/1.1" 200 107271 "-" "Mozilla/5.0 (compatible; bingbot/2.0; +http://www.bing.com/bingbot.htm)" "ysfine.com"
40.77.167.27 - - [30/Sep/2022:17:55:39 -0700] "GET /world/ital/vatican15b.jpg HTTP/1.1" 200 36200 "-" "Mozilla/5.0 AppleWebKit/537.36 (KHTML, like Gecko; compatible; bingbot/2.0; +http://www.bing.com/bingbot.htm) Chrome/103.0.5060.134 Safari/537.36" "ysfine.com"
207.46.13.102 - - [30/Sep/2022:17:56:10 -0700] "GET /world/germany/hegel09b.jpg HTTP/1.1" 200 46010 "-" "Mozilla/5.0 AppleWebKit/537.36 (KHTML, like Gecko; compatible; bingbot/2.0; +http://www.bing.com/bingbot.htm) Chrome/103.0.5060.134 Safari/537.36" "ysfine.com"
114.119.128.14 - - [30/Sep/2022:17:56:22 -0700] "GET /dirac/dirfeyn22.html HTTP/1.1" 200 2329 "https://www.ysfine.com/einstein/einstorie.html" "Mozilla/5.0 (Linux; Android 7.0;) AppleWebKit/537.36 (KHTML, like Gecko) Mobile Safari/537.36 (compatible; PetalBot;+https://webmaster.petalsearch.com/site/petalbot)" "www.ysfine.com"
114.250.180.226 - - [30/Sep/2022:17:56:28 -0700] "GET /wigner/wigpoinc.html HTTP/1.1" 200 6586 "-" "Mozilla/5.0 (Macintosh; Intel Mac OS X 10.15; rv:105.0) Gecko/20100101 Firefox/105.0" "ysfine.com"
114.250.180.226 - - [30/Sep/2022:17:56:29 -0700] "GET /wigner/wigsharp2.jpg HTTP/1.1" 200 34860 "https://ysfine.com/wigner/wigpoinc.html" "Mozilla/5.0 (Macintosh; Intel Mac OS X 10.15; rv:105.0) Gecko/20100101 Firefox/105.0" "ysfine.com"
114.250.180.226 - - [30/Sep/2022:17:56:29 -0700] "GET /dirac/sq66b.jpg HTTP/1.1" 200 22242 "https://ysfine.com/wigner/wigpoinc.html" "Mozilla/5.0 (Macintosh; Intel Mac OS X 10.15; rv:105.0) Gecko/20100101 Firefox/105.0" "ysfine.com"
114.250.180.226 - - [30/Sep/2022:17:56:29 -0700] "GET /wigner/isomor66b.jpg HTTP/1.1" 200 60963 "https://ysfine.com/wigner/wigpoinc.html" "Mozilla/5.0 (Macintosh; Intel Mac OS X 10.15; rv:105.0) Gecko/20100101 Firefox/105.0" "ysfine.com"
114.250.180.226 - - [30/Sep/2022:17:56:29 -0700] "GET /maga/phys/psphere01b.jpg HTTP/1.1" 200 55011 "https://ysfine.com/wigner/wigpoinc.html" "Mozilla/5.0 (Macintosh; Intel Mac OS X 10.15; rv:105.0) Gecko/20100101 Firefox/105.0" "ysfine.com"
114.250.180.226 - - [30/Sep/2022:17:56:29 -0700] "GET /wigner/michel2.jpg HTTP/1.1" 200 72183 "https://ysfine.com/wigner/wigpoinc.html" "Mozilla/5.0 (Macintosh; Intel Mac OS X 10.15; rv:105.0) Gecko/20100101 Firefox/105.0" "ysfine.com"
114.250.180.226 - - [30/Sep/2022:17:56:29 -0700] "GET /eink/eink61c.jpg HTTP/1.1" 200 34119 "https://ysfine.com/wigner/wigpoinc.html" "Mozilla/5.0 (Macintosh; Intel Mac OS X 10.15; rv:105.0) Gecko/20100101 Firefox/105.0" "ysfine.com"
114.250.180.226 - - [30/Sep/2022:17:56:29 -0700] "GET /wigner/neupol01b.jpg HTTP/1.1" 200 30797 "https://ysfine.com/wigner/wigpoinc.html" "Mozilla/5.0 (Macintosh; Intel Mac OS X 10.15; rv:105.0) Gecko/20100101 Firefox/105.0" "ysfine.com"
114.250.180.226 - - [30/Sep/2022:17:56:29 -0700] "GET /wigner/lorentzgr01b.jpg HTTP/1.1" 200 33834 "https://ysfine.com/wigner/wigpoinc.html" "Mozilla/5.0 (Macintosh; Intel Mac OS X 10.15; rv:105.0) Gecko/20100101 Firefox/105.0" "ysfine.com"
114.250.180.226 - - [30/Sep/2022:17:56:30 -0700] "GET /favicon.ico HTTP/1.1" 404 88 "https://ysfine.com/wigner/wigpoinc.html" "Mozilla/5.0 (Macintosh; Intel Mac OS X 10.15; rv:105.0) Gecko/20100101 Firefox/105.0" "ysfine.com"
108.51.76.135 - - [30/Sep/2022:17:56:38 -0700] "GET /kobak/sl628.jpg HTTP/1.1" 200 225100 "https://images.search.yahoo.com/search/images;_ylt=AwrFDPrYjTdj2PQQJk5XNyoA;_ylu=Y29sbwNiZjEEcG9zAzEEdnRpZANMT0NVSTA1NV8xBHNlYwNwaXZz?p=korean+war&fr2=piv-web&type=E211US105G0&fr=mcafee" "Mozilla/5.0 (Windows NT 10.0; Win64; x64) AppleWebKit/537.36 (KHTML, like Gecko) Chrome/105.0.0.0 Safari/537.36" "ysfine.com"
66.249.66.93 - - [30/Sep/2022:17:56:49 -0700] "GET /world/ital/padova17.jpg HTTP/1.1" 304 - "-" "Googlebot-Image/1.0" "ysfine.com"
104.191.82.252 - - [30/Sep/2022:17:57:26 -0700] "GET /style/smithonian.jpg HTTP/1.1" 200 88645 "https://www.google.com/" "Mozilla/5.0 (iPhone; CPU iPhone OS 15_6_1 like Mac OS X) AppleWebKit/605.1.15 (KHTML, like Gecko) GSA/230.1.475637890 Mobile/19G82 Safari/604.1" "ysfine.com"
