66.249.66.8 - - [30/Sep/2022:09:32:55 -0700] "GET /sbk/1965aa33.jpg HTTP/1.1" 200 78573 "-" "Googlebot-Image/1.0" "www.ysfine.com"
172.58.222.175 - - [30/Sep/2022:09:33:06 -0700] "GET /dirac/dirmatrix22.jpg HTTP/1.1" 200 67897 "https://www.google.com/" "Mozilla/5.0 (Linux; Android 11; ONEPLUS A6003) AppleWebKit/537.36 (KHTML, like Gecko) Chrome/105.0.0.0 Mobile Safari/537.36" "ysfine.com"
37.103.168.255 - - [30/Sep/2022:09:34:39 -0700] "GET /einstein/einhouse11.jpg HTTP/1.1" 200 109026 "https://www.google.com/" "Mozilla/5.0 (Linux; Android 12; SM-A536B Build/SP1A.210812.016; wv) AppleWebKit/537.36 (KHTML, like Gecko) Version/4.0 Chrome/105.0.5195.136 Mobile Safari/537.36 GoogleApp/13.37.10.26.arm64" "ysfine.com"
66.249.66.156 - - [30/Sep/2022:09:34:41 -0700] "GET /wigner/supper650.jpg HTTP/1.1" 200 60839 "-" "Googlebot-Image/1.0" "ysfine.com"
157.55.39.127 - - [30/Sep/2022:09:35:51 -0700] "GET /people/morningstar.jpg HTTP/1.1" 200 82131 "-" "Mozilla/5.0 (compatible; bingbot/2.0; +http://www.bing.com/bingbot.htm)" "www.ysfine.com"
157.55.39.55 - - [30/Sep/2022:09:37:45 -0700] "GET /world/ital/bolog02.jpg HTTP/1.1" 200 116705 "-" "Mozilla/5.0 (compatible; bingbot/2.0; +http://www.bing.com/bingbot.htm)" "ysfine.com"
157.55.39.127 - - [30/Sep/2022:09:38:40 -0700] "GET /world/poland/gdn33.jpg HTTP/1.1" 200 123846 "-" "Mozilla/5.0 (compatible; bingbot/2.0; +http://www.bing.com/bingbot.htm)" "ysfine.com"
157.55.39.58 - - [30/Sep/2022:09:39:31 -0700] "GET /world/baltic/tallin82.jpg HTTP/1.1" 200 163811 "-" "Mozilla/5.0 (compatible; bingbot/2.0; +http://www.bing.com/bingbot.htm)" "ysfine.com"
66.249.66.43 - - [30/Sep/2022:09:41:28 -0700] "GET /home/comet40.jpg HTTP/1.1" 304 - "-" "Googlebot-Image/1.0" "ysfine.com"
157.55.39.127 - - [30/Sep/2022:09:43:21 -0700] "GET /world/sfrance.html HTTP/1.1" 304 - "-" "Mozilla/5.0 (compatible; bingbot/2.0; +http://www.bing.com/bingbot.htm)" "www.ysfine.com"
207.46.13.102 - - [30/Sep/2022:09:43:23 -0700] "GET /world/russ/kiev023.jpg HTTP/1.1" 200 69322 "-" "Mozilla/5.0 (compatible; bingbot/2.0; +http://www.bing.com/bingbot.htm)" "ysfine.com"
157.55.39.127 - - [30/Sep/2022:09:44:10 -0700] "GET /class54/weheard.html HTTP/1.1" 200 5818 "-" "Mozilla/5.0 (compatible; bingbot/2.0; +http://www.bing.com/bingbot.htm)" "www.ysfine.com"
157.55.39.127 - - [30/Sep/2022:09:44:11 -0700] "GET /style/songs.html HTTP/1.1" 200 31567 "-" "Mozilla/5.0 AppleWebKit/537.36 (KHTML, like Gecko; compatible; bingbot/2.0; +http://www.bing.com/bingbot.htm) Chrome/103.0.5060.134 Safari/537.36" "www.ysfine.com"
207.46.13.102 - - [30/Sep/2022:09:44:15 -0700] "GET /wigner/neum/compu.html HTTP/1.1" 200 2267 "-" "Mozilla/5.0 (compatible; bingbot/2.0; +http://www.bing.com/bingbot.htm)" "www.ysfine.com"
40.77.167.27 - - [30/Sep/2022:09:44:20 -0700] "GET /world/kazan.html HTTP/1.1" 200 13929 "-" "Mozilla/5.0 (compatible; bingbot/2.0; +http://www.bing.com/bingbot.htm)" "www.ysfine.com"
157.55.39.55 - - [30/Sep/2022:09:44:21 -0700] "GET /class54/emailed.html HTTP/1.1" 200 8184 "-" "Mozilla/5.0 (compatible; bingbot/2.0; +http://www.bing.com/bingbot.htm)" "www.ysfine.com"
157.55.39.55 - - [30/Sep/2022:09:44:21 -0700] "GET /princeton/campus.html HTTP/1.1" 200 15142 "-" "Mozilla/5.0 (compatible; bingbot/2.0; +http://www.bing.com/bingbot.htm)" "www.ysfine.com"
40.77.167.27 - - [30/Sep/2022:09:44:30 -0700] "GET /dirac/dirk62.html HTTP/1.1" 200 3930 "-" "Mozilla/5.0 (compatible; bingbot/2.0; +http://www.bing.com/bingbot.htm)" "www.ysfine.com"
40.77.167.27 - - [30/Sep/2022:09:44:30 -0700] "GET /maga/yukawa.html HTTP/1.1" 200 5658 "-" "Mozilla/5.0 (compatible; bingbot/2.0; +http://www.bing.com/bingbot.htm)" "www.ysfine.com"
40.77.167.27 - - [30/Sep/2022:09:44:30 -0700] "GET /style/mushalls.html HTTP/1.1" 200 21398 "-" "Mozilla/5.0 (compatible; bingbot/2.0; +http://www.bing.com/bingbot.htm)" "www.ysfine.com"
44.228.64.221 - - [30/Sep/2022:09:46:27 -0700] "HEAD /maga/marx.html HTTP/1.1" 200 - "-" "python-requests/2.28.1" "ysfine.com"
44.228.64.221 - - [30/Sep/2022:09:46:27 -0700] "GET /maga/marx.html HTTP/1.1" 200 5871 "-" "python-requests/2.28.1" "ysfine.com"
77.74.177.119 - - [30/Sep/2022:09:48:34 -0700] "GET / HTTP/1.1" 200 5283 "-" "Mozilla/5.0 (Windows NT 10.0; Win64; x64) AppleWebKit/537.36 (KHTML, like Gecko) Chrome/71.0.3578.98 Safari/537.36" "ysfine.com"
66.249.66.158 - - [30/Sep/2022:09:48:34 -0700] "GET /dongio/aline/northwes03.jpg HTTP/1.1" 404 88 "-" "Googlebot-Image/1.0" "ysfine.com"
123.183.224.89 - - [30/Sep/2022:09:48:53 -0700] "GET / HTTP/1.1" 200 5283 "-" "Sogou web spider/4.0(+http://www.sogou.com/docs/help/webmasters.htm#07)" "www.ysfine.com"
97.64.58.44 - - [30/Sep/2022:09:48:55 -0700] "GET /heisen/schroheisen33.jpg HTTP/1.1" 200 86213 "https://www.google.com/" "Mozilla/5.0 (Macintosh; Intel Mac OS X 10_15_6) AppleWebKit/605.1.15 (KHTML, like Gecko) Version/15.6.1 Safari/605.1.15" "ysfine.com"
104.192.9.105 - - [30/Sep/2022:09:49:08 -0700] "GET /wdc/capitol07.jpg HTTP/1.1" 200 138407 "https://www.google.com/" "Mozilla/5.0 (Macintosh; Intel Mac OS X 10_15_7) AppleWebKit/605.1.15 (KHTML, like Gecko) Version/15.4 Safari/605.1.15" "ysfine.com"
40.77.167.27 - - [30/Sep/2022:09:50:21 -0700] "GET /world/baltic/kalin02.jpg HTTP/1.1" 200 89989 "-" "Mozilla/5.0 (compatible; bingbot/2.0; +http://www.bing.com/bingbot.htm)" "ysfine.com"
157.55.39.127 - - [30/Sep/2022:09:50:22 -0700] "GET /wdc/kennedyc04.jpg HTTP/1.1" 200 76587 "-" "Mozilla/5.0 (compatible; bingbot/2.0; +http://www.bing.com/bingbot.htm)" "www.ysfine.com"
222.1.245.232 - - [30/Sep/2022:09:51:47 -0700] "GET /yspapers/iopbook15.pdf HTTP/1.1" 200 2962673 "https://www.google.co.jp/" "Mozilla/5.0 (Windows NT 10.0; Win64; x64) AppleWebKit/537.36 (KHTML, like Gecko) Chrome/105.0.0.0 Safari/537.36 Edg/105.0.1343.53" "ysfine.com"
222.1.245.232 - - [30/Sep/2022:09:51:47 -0700] "GET /favicon.ico HTTP/1.1" 404 88 "https://ysfine.com/yspapers/iopbook15.pdf" "Mozilla/5.0 (Windows NT 10.0; Win64; x64) AppleWebKit/537.36 (KHTML, like Gecko) Chrome/105.0.0.0 Safari/537.36 Edg/105.0.1343.53" "ysfine.com"
66.249.66.92 - - [30/Sep/2022:09:52:12 -0700] "GET /world/russ/mosf52b.jpg HTTP/1.1" 304 - "-" "Googlebot-Image/1.0" "ysfine.com"
157.55.39.127 - - [30/Sep/2022:09:54:22 -0700] "GET /world/france/stras38.jpg HTTP/1.1" 200 99407 "-" "Mozilla/5.0 (compatible; bingbot/2.0; +http://www.bing.com/bingbot.htm)" "ysfine.com"
157.55.39.127 - - [30/Sep/2022:09:55:22 -0700] "GET /world/scandi/nbi26.jpg HTTP/1.1" 200 75196 "-" "Mozilla/5.0 AppleWebKit/537.36 (KHTML, like Gecko; compatible; bingbot/2.0; +http://www.bing.com/bingbot.htm) Chrome/103.0.5060.134 Safari/537.36" "ysfine.com"
66.249.66.44 - - [30/Sep/2022:09:55:32 -0700] "GET /world/scandi/bernadotte.jpg HTTP/1.1" 200 126812 "-" "Googlebot-Image/1.0" "ysfine.com"
70.113.182.246 - - [30/Sep/2022:09:55:51 -0700] "GET /einstein/eins54.jpg HTTP/1.1" 200 86686 "https://www.google.com/" "Mozilla/5.0 (Windows NT 10.0; Win64; x64) AppleWebKit/537.36 (KHTML, like Gecko) Chrome/105.0.0.0 Safari/537.36" "ysfine.com"
157.55.39.58 - - [30/Sep/2022:09:57:23 -0700] "GET /dirac/nicodem11b.jpg HTTP/1.1" 200 79065 "-" "Mozilla/5.0 (compatible; bingbot/2.0; +http://www.bing.com/bingbot.htm)" "ysfine.com"
157.55.39.55 - - [30/Sep/2022:09:57:36 -0700] "GET /world/ital/vicenza04.jpg HTTP/1.1" 200 177718 "-" "Mozilla/5.0 (compatible; bingbot/2.0; +http://www.bing.com/bingbot.htm)" "www.ysfine.com"
207.46.13.102 - - [30/Sep/2022:09:57:45 -0700] "GET /wdc/obelisk44.jpg HTTP/1.1" 200 85775 "-" "Mozilla/5.0 (compatible; bingbot/2.0; +http://www.bing.com/bingbot.htm)" "www.ysfine.com"
182.226.42.182 - - [30/Sep/2022:09:58:19 -0700] "GET /yspapers/iopbook15.pdf HTTP/1.1" 200 2962673 "https://www.google.co.kr/" "Mozilla/5.0 (Macintosh; Intel Mac OS X 10_15_6) AppleWebKit/605.1.15 (KHTML, like Gecko) Version/15.6.1 Safari/605.1.15" "ysfine.com"
182.226.42.182 - - [30/Sep/2022:09:58:30 -0700] "GET /favicon.ico HTTP/1.1" 404 88 "https://ysfine.com/yspapers/iopbook15.pdf" "Mozilla/5.0 (Macintosh; Intel Mac OS X 10_15_6) AppleWebKit/605.1.15 (KHTML, like Gecko) Version/15.6.1 Safari/605.1.15" "ysfine.com"
103.131.71.222 - - [30/Sep/2022:09:58:42 -0700] "GET /robots.txt HTTP/1.1" 404 88 "-" "Mozilla/5.0 (compatible; coccocbot-web/1.0; +http://help.coccoc.com/searchengine)" "ysfine.com"
114.119.128.162 - - [30/Sep/2022:09:59:02 -0700] "GET /princeton/butler2011.html HTTP/1.1" 200 405 "https://ysfine.com/princeton/butler.html" "Mozilla/5.0 (Linux; Android 7.0;) AppleWebKit/537.36 (KHTML, like Gecko) Mobile Safari/537.36 (compatible; PetalBot;+https://webmaster.petalsearch.com/site/petalbot)" "ysfine.com"
103.131.71.160 - - [30/Sep/2022:09:59:03 -0700] "GET /kobak/warstorie.html HTTP/1.1" 304 - "-" "Mozilla/5.0 (compatible; coccocbot-web/1.0; +http://help.coccoc.com/searchengine)" "ysfine.com"
103.131.71.236 - - [30/Sep/2022:09:59:13 -0700] "GET / HTTP/1.1" 200 5283 "-" "Mozilla/5.0 (compatible; coccocbot-web/1.0; +http://help.coccoc.com/searchengine)" "ysfine.com"
66.249.66.30 - - [30/Sep/2022:09:59:53 -0700] "GET /princeton/meditor11.jpg HTTP/1.1" 404 88 "-" "Googlebot-Image/1.0" "ysfine.com"
181.66.176.80 - - [30/Sep/2022:10:00:04 -0700] "GET /feynman/page55.jpg HTTP/1.1" 200 98479 "https://www.google.com/" "Mozilla/5.0 (Linux; Android 6.0; LG-X230) AppleWebKit/537.36 (KHTML, like Gecko) Chrome/105.0.0.0 Mobile Safari/537.36" "ysfine.com"
207.46.13.102 - - [30/Sep/2022:10:00:25 -0700] "GET /maga/phys/yukasumi22.jpg HTTP/1.1" 200 58419 "-" "Mozilla/5.0 AppleWebKit/537.36 (KHTML, like Gecko; compatible; bingbot/2.0; +http://www.bing.com/bingbot.htm) Chrome/103.0.5060.134 Safari/537.36" "ysfine.com"
142.169.16.60 - - [30/Sep/2022:10:00:52 -0700] "GET /dirac/hwk58.jpg HTTP/1.1" 200 72870 "https://www.google.com/" "Mozilla/5.0 (Linux; Android 9; SM-G950W) AppleWebKit/537.36 (KHTML, like Gecko) Chrome/106.0.0.0 Mobile Safari/537.36" "ysfine.com"
207.46.13.102 - - [30/Sep/2022:10:01:14 -0700] "GET /maga/phys/bohrheisen11.jpg HTTP/1.1" 200 104546 "-" "Mozilla/5.0 (compatible; bingbot/2.0; +http://www.bing.com/bingbot.htm)" "www.ysfine.com"
157.55.39.58 - - [30/Sep/2022:10:01:23 -0700] "GET /world/balkan/istan025.jpg HTTP/1.1" 200 183314 "-" "Mozilla/5.0 (compatible; bingbot/2.0; +http://www.bing.com/bingbot.htm)" "ysfine.com"
34.208.23.237 - - [30/Sep/2022:10:01:47 -0700] "GET /yspapers/iopbook15.pdf HTTP/1.1" 200 2962673 "-" "Mozilla/5.0 (Windows NT 6.1; Win64; x64) AppleWebKit/537.36 (KHTML, like Gecko) Chrome/72.0.3626.109 Safari/537.36" "ysfine.com"
66.249.66.214 - - [30/Sep/2022:10:02:00 -0700] "GET /people/sibelbas11.jpg HTTP/1.1" 200 82120 "-" "Googlebot-Image/1.0" "ysfine.com"
40.77.167.27 - - [30/Sep/2022:10:02:11 -0700] "GET /sbk/2010paris44.jpg HTTP/1.1" 200 95078 "-" "Mozilla/5.0 (compatible; bingbot/2.0; +http://www.bing.com/bingbot.htm)" "ysfine.com"
157.55.39.55 - - [30/Sep/2022:10:03:08 -0700] "GET /wdc/usna05.jpg HTTP/1.1" 200 120420 "-" "Mozilla/5.0 (compatible; bingbot/2.0; +http://www.bing.com/bingbot.htm)" "ysfine.com"
72.76.182.212 - - [30/Sep/2022:10:03:10 -0700] "GET /feynman/cooper.jpg HTTP/1.1" 200 70013 "https://www.google.com/" "Mozilla/5.0 (Windows NT 10.0; Win64; x64) AppleWebKit/537.36 (KHTML, like Gecko) Chrome/105.0.0.0 Safari/537.36" "ysfine.com"
157.55.39.128 - - [30/Sep/2022:10:03:50 -0700] "GET /einstein/places/einmu51.jpg HTTP/1.1" 200 206897 "-" "Mozilla/5.0 AppleWebKit/537.36 (KHTML, like Gecko; compatible; bingbot/2.0; +http://www.bing.com/bingbot.htm) Chrome/103.0.5060.134 Safari/537.36" "ysfine.com"
77.88.5.245 - - [30/Sep/2022:10:04:33 -0700] "GET /friends/japanese.html HTTP/1.1" 404 88 "-" "Mozilla/5.0 (compatible; YandexBot/3.0; +http://yandex.com/bots)" "www.ysfine.com"
206.127.215.22 - - [30/Sep/2022:10:04:50 -0700] "GET /world/germany/hegel04.jpg HTTP/1.1" 200 119879 "-" "Mozilla/5.0 (Windows NT 6.3; WOW64) AppleWebKit/537.36 (KHTML, like Gecko) Chrome/38.0.2125.111 Safari/537.36" "www.ysfine.com"
154.194.9.204 - - [30/Sep/2022:10:04:50 -0700] "GET /world/germany/hegel04.jpg HTTP/1.1" 200 119879 "-" "Mozilla/5.0 (Windows NT 6.3; WOW64) AppleWebKit/537.36 (KHTML, like Gecko) Chrome/38.0.2125.111 Safari/537.36" "www.ysfine.com"
157.55.39.128 - - [30/Sep/2022:10:05:50 -0700] "GET /einstein/gfchew11.jpg HTTP/1.1" 200 25694 "-" "Mozilla/5.0 (compatible; bingbot/2.0; +http://www.bing.com/bingbot.htm)" "ysfine.com"
40.77.167.105 - - [30/Sep/2022:10:05:50 -0700] "GET /robots.txt HTTP/1.1" 404 88 "-" "Mozilla/5.0 (compatible; bingbot/2.0; +http://www.bing.com/bingbot.htm)" "ysfine.com"
157.55.39.128 - - [30/Sep/2022:10:06:51 -0700] "GET /maga/phys/poinsf/slide-28.jpg HTTP/1.1" 200 47594 "-" "Mozilla/5.0 (compatible; bingbot/2.0; +http://www.bing.com/bingbot.htm)" "ysfine.com"
157.55.39.127 - - [30/Sep/2022:10:06:52 -0700] "GET /world/france/champ9610.jpg HTTP/1.1" 200 109247 "-" "Mozilla/5.0 (compatible; bingbot/2.0; +http://www.bing.com/bingbot.htm)" "www.ysfine.com"
72.76.182.212 - - [30/Sep/2022:10:07:15 -0700] "GET /feynman/feyn86b.jpg HTTP/1.1" 200 26190 "https://www.google.com/" "Mozilla/5.0 (Windows NT 10.0; Win64; x64) AppleWebKit/537.36 (KHTML, like Gecko) Chrome/105.0.0.0 Safari/537.36" "ysfine.com"
40.77.167.27 - - [30/Sep/2022:10:08:12 -0700] "GET /fbook/kimilsong55a.jpg HTTP/1.1" 200 71042 "-" "Mozilla/5.0 (compatible; bingbot/2.0; +http://www.bing.com/bingbot.htm)" "ysfine.com"
157.55.39.58 - - [30/Sep/2022:10:09:44 -0700] "GET /world/france/picassomp06.jpg HTTP/1.1" 200 119124 "-" "Mozilla/5.0 (compatible; bingbot/2.0; +http://www.bing.com/bingbot.htm)" "ysfine.com"
123.183.224.89 - - [30/Sep/2022:10:09:52 -0700] "GET / HTTP/1.1" 200 5283 "-" "Sogou web spider/4.0(+http://www.sogou.com/docs/help/webmasters.htm#07)" "www.ysfine.com"
77.88.5.253 - - [30/Sep/2022:10:09:54 -0700] "GET /maga/phil/adamsmith03.jpg HTTP/1.1" 200 118358 "-" "Mozilla/5.0 (compatible; YandexImages/3.0; +http://yandex.com/bots)" "ysfine.com"
185.191.171.37 - - [30/Sep/2022:10:10:46 -0700] "GET /home/bio99a.html HTTP/1.1" 200 12112 "-" "Mozilla/5.0 (compatible; SemrushBot/7~bl; +http://www.semrush.com/bot.html)" "www.ysfine.com"
185.191.171.9 - - [30/Sep/2022:10:10:46 -0700] "GET /robots.txt HTTP/1.1" 404 88 "-" "Mozilla/5.0 (compatible; SemrushBot/7~bl; +http://www.semrush.com/bot.html)" "www.ysfine.com"
190.234.75.223 - - [30/Sep/2022:10:11:14 -0700] "GET /wigner/neum/vnc03.jpg HTTP/1.1" 200 80421 "https://www.google.com/" "Mozilla/5.0 (Windows NT 10.0; Win64; x64) AppleWebKit/537.36 (KHTML, like Gecko) Chrome/105.0.0.0 Safari/537.36 Edg/105.0.1343.53" "ysfine.com"
66.249.66.156 - - [30/Sep/2022:10:11:54 -0700] "GET /world/china/guang03.jpg HTTP/1.1" 200 158605 "-" "Googlebot-Image/1.0" "ysfine.com"
66.249.66.157 - - [30/Sep/2022:10:11:57 -0700] "GET /maga/histo/desiree24.jpg HTTP/1.1" 200 118503 "-" "Googlebot-Image/1.0" "ysfine.com"
40.77.167.27 - - [30/Sep/2022:10:12:13 -0700] "GET /dongio/polish.html HTTP/1.1" 404 88 "-" "Mozilla/5.0 (compatible; bingbot/2.0; +http://www.bing.com/bingbot.htm)" "ysfine.com"
40.77.167.27 - - [30/Sep/2022:10:12:13 -0700] "GET /world/baltic/riga48.jpg HTTP/1.1" 200 124513 "-" "Mozilla/5.0 (compatible; bingbot/2.0; +http://www.bing.com/bingbot.htm)" "ysfine.com"
157.55.39.58 - - [30/Sep/2022:10:12:17 -0700] "GET /kobak/rhee48.jpg HTTP/1.1" 200 340529 "-" "Mozilla/5.0 (compatible; bingbot/2.0; +http://www.bing.com/bingbot.htm)" "ysfine.com"
66.249.66.43 - - [30/Sep/2022:10:12:20 -0700] "GET /world/china/shenyang30.jpg HTTP/1.1" 200 110631 "-" "Googlebot-Image/1.0" "ysfine.com"
157.55.39.127 - - [30/Sep/2022:10:12:34 -0700] "GET /world/brit/paddington07.jpg HTTP/1.1" 200 135154 "-" "Mozilla/5.0 (compatible; bingbot/2.0; +http://www.bing.com/bingbot.htm)" "ysfine.com"
104.53.209.214 - - [30/Sep/2022:10:13:28 -0700] "GET /world/russ/kazanmap22.jpg HTTP/1.1" 200 129761 "https://images.search.yahoo.com/search/images;_ylt=AwrEbh6TIzdjS6Qi9n6JzbkF;_ylu=c2VjA3NlYXJjaARzbGsDYnV0dG9u;_ylc=X1MDOTYwNjI4NTcEX3IDMgRmcgNtY2FmZWUEZnIyA3A6cyx2OmksbTpzYi10b3AEZ3ByaWQDUDk2T09sMmtRX1dpNTJackFRTi5TQQRuX3JzbHQDMARuX3N1Z2cDMARvcmlnaW4DaW1hZ2VzLnNlYXJjaC55YWhvby5jb20EcG9zAzAEcHFzdHIDBHBxc3RybAMwBHFzdHJsAzI0BHF1ZXJ5A2xvY2F0aW9uJTIwb2YlMjBrYXphbiUyMG9uJTIwbWFwBHRfc3RtcAMxNjY0NTU3OTk4?p=location+of+kazan+on+map&fr=mcafee&fr2=p%3As%2Cv%3Ai%2Cm%3Asb-top&ei=UTF-8&x=wrt&type=E211US0G0" "Mozilla/5.0 (Windows NT 10.0; Win64; x64) AppleWebKit/537.36 (KHTML, like Gecko) Chrome/106.0.0.0 Safari/537.36" "www.ysfine.com"
157.55.39.55 - - [30/Sep/2022:10:13:59 -0700] "GET /world/russ/masha77.jpg HTTP/1.1" 200 86545 "-" "Mozilla/5.0 AppleWebKit/537.36 (KHTML, like Gecko; compatible; bingbot/2.0; +http://www.bing.com/bingbot.htm) Chrome/103.0.5060.134 Safari/537.36" "www.ysfine.com"
66.249.66.4 - - [30/Sep/2022:10:14:07 -0700] "GET /world/france/arles01.jpg HTTP/1.1" 200 91930 "-" "Googlebot-Image/1.0" "ysfine.com"
207.46.13.102 - - [30/Sep/2022:10:15:15 -0700] "GET /eink/emc22c.jpg HTTP/1.1" 200 32175 "-" "Mozilla/5.0 AppleWebKit/537.36 (KHTML, like Gecko; compatible; bingbot/2.0; +http://www.bing.com/bingbot.htm) Chrome/103.0.5060.134 Safari/537.36" "ysfine.com"
157.55.39.127 - - [30/Sep/2022:10:15:33 -0700] "GET /kobak/carbine11.jpg HTTP/1.1" 200 23508 "-" "Mozilla/5.0 (compatible; bingbot/2.0; +http://www.bing.com/bingbot.htm)" "ysfine.com"
121.53.180.255 - - [30/Sep/2022:10:17:19 -0700] "GET /einstein/eindcmap.html HTTP/1.1" 200 1176 "-" "Mozilla/5.0 (Macintosh; Intel Mac OS X 10_15_6) AppleWebKit/537.36 (KHTML, like Gecko) Chrome/85.0.4183.83 Safari/537.36" "ysfine.com"
207.46.13.102 - - [30/Sep/2022:10:18:06 -0700] "GET /world/russ/khahi33.jpg HTTP/1.1" 200 102600 "-" "Mozilla/5.0 AppleWebKit/537.36 (KHTML, like Gecko; compatible; bingbot/2.0; +http://www.bing.com/bingbot.htm) Chrome/103.0.5060.134 Safari/537.36" "ysfine.com"
66.249.66.92 - - [30/Sep/2022:10:18:10 -0700] "GET /einstein/eincurie11b.jpg HTTP/1.1" 304 - "-" "Googlebot-Image/1.0" "ysfine.com"
114.119.128.162 - - [30/Sep/2022:10:18:19 -0700] "GET /class54/class5470/total_data/photo_img/8-140.jpg HTTP/1.1" 200 245518 "https://ysfine.com/class54/class5470/total_data/sub_8140.htm" "Mozilla/5.0 (Linux; Android 7.0;) AppleWebKit/537.36 (KHTML, like Gecko) Mobile Safari/537.36 (compatible; PetalBot;+https://webmaster.petalsearch.com/site/petalbot)" "ysfine.com"
157.55.39.127 - - [30/Sep/2022:10:18:45 -0700] "GET /houses/house46.jpg HTTP/1.1" 200 60849 "-" "Mozilla/5.0 AppleWebKit/537.36 (KHTML, like Gecko; compatible; bingbot/2.0; +http://www.bing.com/bingbot.htm) Chrome/103.0.5060.134 Safari/537.36" "www.ysfine.com"
157.55.39.128 - - [30/Sep/2022:10:19:52 -0700] "GET /world/russ/arbat43.jpg HTTP/1.1" 200 103923 "-" "Mozilla/5.0 (compatible; bingbot/2.0; +http://www.bing.com/bingbot.htm)" "ysfine.com"
157.55.39.55 - - [30/Sep/2022:10:20:28 -0700] "GET /world/brit/picca45.jpg HTTP/1.1" 200 145612 "-" "Mozilla/5.0 (compatible; bingbot/2.0; +http://www.bing.com/bingbot.htm)" "ysfine.com"
176.234.224.184 - - [30/Sep/2022:10:20:29 -0700] "GET /heisen/bohrheisen11.jpg HTTP/1.1" 200 104546 "https://www.google.com/" "Mozilla/5.0 (Windows NT 10.0; Win64; x64) AppleWebKit/537.36 (KHTML, like Gecko) Chrome/105.0.0.0 Safari/537.36" "ysfine.com"
157.55.39.55 - - [30/Sep/2022:10:20:31 -0700] "GET /world/china/hongkong02b.jpg HTTP/1.1" 200 41631 "-" "Mozilla/5.0 AppleWebKit/537.36 (KHTML, like Gecko; compatible; bingbot/2.0; +http://www.bing.com/bingbot.htm) Chrome/103.0.5060.134 Safari/537.36" "ysfine.com"
77.88.5.233 - - [30/Sep/2022:10:21:54 -0700] "GET /maga/phil/adamsmith03.jpg HTTP/1.1" 200 118358 "-" "Mozilla/5.0 (compatible; YandexImages/3.0; +http://yandex.com/bots)" "ysfine.com"
157.55.39.128 - - [30/Sep/2022:10:22:33 -0700] "GET /world/ital/palat03.jpg HTTP/1.1" 200 93668 "-" "Mozilla/5.0 AppleWebKit/537.36 (KHTML, like Gecko; compatible; bingbot/2.0; +http://www.bing.com/bingbot.htm) Chrome/103.0.5060.134 Safari/537.36" "ysfine.com"
157.55.39.55 - - [30/Sep/2022:10:22:48 -0700] "GET /dongio/amkor/jpmilan11.jpg HTTP/1.1" 404 88 "-" "Mozilla/5.0 (compatible; bingbot/2.0; +http://www.bing.com/bingbot.htm)" "ysfine.com"
70.182.88.79 - - [30/Sep/2022:10:23:50 -0700] "GET /world/germany/leipzig04.jpg HTTP/1.1" 200 298470 "https://www.google.com/" "Mozilla/5.0 (Windows NT 10.0; Win64; x64) AppleWebKit/537.36 (KHTML, like Gecko) Chrome/105.0.0.0 Safari/537.36" "ysfine.com"
157.55.39.58 - - [30/Sep/2022:10:25:04 -0700] "GET /feynman/jacdrum2.jpg HTTP/1.1" 200 49846 "-" "Mozilla/5.0 AppleWebKit/537.36 (KHTML, like Gecko; compatible; bingbot/2.0; +http://www.bing.com/bingbot.htm) Chrome/103.0.5060.134 Safari/537.36" "ysfine.com"
83.29.45.8 - - [30/Sep/2022:10:25:21 -0700] "GET /wigner/wiglittle.pdf HTTP/1.1" 200 2659296 "https://www.google.com/" "Mozilla/5.0 (Linux; Android 11; CPH1941) AppleWebKit/537.36 (KHTML, like Gecko) Chrome/105.0.0.0 Mobile Safari/537.36" "ysfine.com"
176.44.115.91 - - [30/Sep/2022:10:25:21 -0700] "GET /wigner/neum/vnc16.jpg HTTP/1.1" 200 107583 "https://www.google.com/" "Mozilla/5.0 (Macintosh; Intel Mac OS X 10_15_6) AppleWebKit/605.1.15 (KHTML, like Gecko) Version/15.5 Safari/605.1.15" "ysfine.com"
176.44.115.91 - - [30/Sep/2022:10:25:41 -0700] "GET /wigner/neum/pvn05.jpg HTTP/1.1" 200 219501 "https://www.google.com/" "Mozilla/5.0 (Macintosh; Intel Mac OS X 10_15_6) AppleWebKit/605.1.15 (KHTML, like Gecko) Version/15.5 Safari/605.1.15" "ysfine.com"
176.44.115.91 - - [30/Sep/2022:10:25:45 -0700] "GET /wigner/neum/pvn03.jpg HTTP/1.1" 200 83757 "https://www.google.com/" "Mozilla/5.0 (Macintosh; Intel Mac OS X 10_15_6) AppleWebKit/605.1.15 (KHTML, like Gecko) Version/15.5 Safari/605.1.15" "ysfine.com"
177.131.236.10 - - [30/Sep/2022:10:25:47 -0700] "GET /wigner/neum/vnc01.jpg HTTP/1.1" 200 133641 "https://sites.google.com/" "Mozilla/5.0 (Windows NT 10.0; Win64; x64) AppleWebKit/537.36 (KHTML, like Gecko) Chrome/105.0.0.0 Safari/537.36" "ysfine.com"
207.46.13.102 - - [30/Sep/2022:10:25:57 -0700] "GET /feynman/standardmo01.jpg HTTP/1.1" 200 94736 "-" "Mozilla/5.0 (compatible; bingbot/2.0; +http://www.bing.com/bingbot.htm)" "www.ysfine.com"
196.51.243.81 - - [30/Sep/2022:10:26:56 -0700] "GET /dirac/dirfeyn.html HTTP/1.1" 200 6341 "-" "Mozilla/5.0 (Windows NT 10.0; Win64; x64) AppleWebKit/537.36 (KHTML, like Gecko) Chrome/104.0.5112.102 Safari/537.36" "ysfine.com"
196.51.243.81 - - [30/Sep/2022:10:26:56 -0700] "GET /dirac/sq73c.jpg HTTP/1.1" 200 35501 "https://ysfine.com/dirac/dirfeyn.html" "Mozilla/5.0 (Windows NT 10.0; Win64; x64) AppleWebKit/537.36 (KHTML, like Gecko) Chrome/104.0.5112.102 Safari/537.36" "ysfine.com"
196.51.243.81 - - [30/Sep/2022:10:26:56 -0700] "GET /dirac/feydirac300.jpg HTTP/1.1" 200 38223 "https://ysfine.com/dirac/dirfeyn.html" "Mozilla/5.0 (Windows NT 10.0; Win64; x64) AppleWebKit/537.36 (KHTML, like Gecko) Chrome/104.0.5112.102 Safari/537.36" "ysfine.com"
196.51.243.81 - - [30/Sep/2022:10:26:56 -0700] "GET /wigner/isomor66c.jpg HTTP/1.1" 200 47632 "https://ysfine.com/dirac/dirfeyn.html" "Mozilla/5.0 (Windows NT 10.0; Win64; x64) AppleWebKit/537.36 (KHTML, like Gecko) Chrome/104.0.5112.102 Safari/537.36" "ysfine.com"
196.51.243.81 - - [30/Sep/2022:10:26:56 -0700] "GET /people/sbt11c.jpg HTTP/1.1" 200 31479 "https://ysfine.com/dirac/dirfeyn.html" "Mozilla/5.0 (Windows NT 10.0; Win64; x64) AppleWebKit/537.36 (KHTML, like Gecko) Chrome/104.0.5112.102 Safari/537.36" "ysfine.com"
196.51.243.81 - - [30/Sep/2022:10:26:56 -0700] "GET /dirac/dirackn33c.jpg HTTP/1.1" 200 50420 "https://ysfine.com/dirac/dirfeyn.html" "Mozilla/5.0 (Windows NT 10.0; Win64; x64) AppleWebKit/537.36 (KHTML, like Gecko) Chrome/104.0.5112.102 Safari/537.36" "ysfine.com"
196.51.243.81 - - [30/Sep/2022:10:26:56 -0700] "GET /eink/eink61c.jpg HTTP/1.1" 200 34119 "https://ysfine.com/dirac/dirfeyn.html" "Mozilla/5.0 (Windows NT 10.0; Win64; x64) AppleWebKit/537.36 (KHTML, like Gecko) Chrome/104.0.5112.102 Safari/537.36" "ysfine.com"
196.51.243.81 - - [30/Sep/2022:10:26:56 -0700] "GET /dirac/dfkim11c.jpg HTTP/1.1" 200 34801 "https://ysfine.com/dirac/dirfeyn.html" "Mozilla/5.0 (Windows NT 10.0; Win64; x64) AppleWebKit/537.36 (KHTML, like Gecko) Chrome/104.0.5112.102 Safari/537.36" "ysfine.com"
196.51.243.81 - - [30/Sep/2022:10:26:56 -0700] "GET /wigner/wigkim11c.jpg HTTP/1.1" 200 30443 "https://ysfine.com/dirac/dirfeyn.html" "Mozilla/5.0 (Windows NT 10.0; Win64; x64) AppleWebKit/537.36 (KHTML, like Gecko) Chrome/104.0.5112.102 Safari/537.36" "ysfine.com"
196.51.243.81 - - [30/Sep/2022:10:26:56 -0700] "GET /dirac/nicodem11c.jpg HTTP/1.1" 200 72684 "https://ysfine.com/dirac/dirfeyn.html" "Mozilla/5.0 (Windows NT 10.0; Win64; x64) AppleWebKit/537.36 (KHTML, like Gecko) Chrome/104.0.5112.102 Safari/537.36" "ysfine.com"
196.51.243.81 - - [30/Sep/2022:10:26:56 -0700] "GET /dirac/2osc22c.jpg HTTP/1.1" 200 28929 "https://ysfine.com/dirac/dirfeyn.html" "Mozilla/5.0 (Windows NT 10.0; Win64; x64) AppleWebKit/537.36 (KHTML, like Gecko) Chrome/104.0.5112.102 Safari/537.36" "ysfine.com"
196.51.243.81 - - [30/Sep/2022:10:26:56 -0700] "GET /feynman/jacdrum11c.jpg HTTP/1.1" 200 39178 "https://ysfine.com/dirac/dirfeyn.html" "Mozilla/5.0 (Windows NT 10.0; Win64; x64) AppleWebKit/537.36 (KHTML, like Gecko) Chrome/104.0.5112.102 Safari/537.36" "ysfine.com"
64.62.158.119 - - [30/Sep/2022:10:26:57 -0700] "GET /dirac/dirfeyn.html HTTP/1.1" 200 6341 "-" "Mozilla/5.0 (X11; Linux x86_64) AppleWebKit/537.36 (KHTML, like Gecko) Chrome/104.0.5112.79 Safari/537.36" "ysfine.com"
64.62.158.119 - - [30/Sep/2022:10:26:57 -0700] "GET /dirac/feydirac300.jpg HTTP/1.1" 200 38223 "https://ysfine.com/dirac/dirfeyn.html" "Mozilla/5.0 (X11; Linux x86_64) AppleWebKit/537.36 (KHTML, like Gecko) Chrome/104.0.5112.79 Safari/537.36" "ysfine.com"
64.62.158.119 - - [30/Sep/2022:10:26:57 -0700] "GET /dirac/2osc22c.jpg HTTP/1.1" 200 28929 "https://ysfine.com/dirac/dirfeyn.html" "Mozilla/5.0 (X11; Linux x86_64) AppleWebKit/537.36 (KHTML, like Gecko) Chrome/104.0.5112.79 Safari/537.36" "ysfine.com"
64.62.158.119 - - [30/Sep/2022:10:26:57 -0700] "GET /wigner/isomor66c.jpg HTTP/1.1" 200 47632 "https://ysfine.com/dirac/dirfeyn.html" "Mozilla/5.0 (X11; Linux x86_64) AppleWebKit/537.36 (KHTML, like Gecko) Chrome/104.0.5112.79 Safari/537.36" "ysfine.com"
64.62.158.119 - - [30/Sep/2022:10:26:57 -0700] "GET /dirac/dfkim11c.jpg HTTP/1.1" 200 34801 "https://ysfine.com/dirac/dirfeyn.html" "Mozilla/5.0 (X11; Linux x86_64) AppleWebKit/537.36 (KHTML, like Gecko) Chrome/104.0.5112.79 Safari/537.36" "ysfine.com"
64.62.158.119 - - [30/Sep/2022:10:26:57 -0700] "GET /wigner/wigkim11c.jpg HTTP/1.1" 200 30443 "https://ysfine.com/dirac/dirfeyn.html" "Mozilla/5.0 (X11; Linux x86_64) AppleWebKit/537.36 (KHTML, like Gecko) Chrome/104.0.5112.79 Safari/537.36" "ysfine.com"
64.62.158.119 - - [30/Sep/2022:10:26:57 -0700] "GET /dirac/sq73c.jpg HTTP/1.1" 200 35501 "https://ysfine.com/dirac/dirfeyn.html" "Mozilla/5.0 (X11; Linux x86_64) AppleWebKit/537.36 (KHTML, like Gecko) Chrome/104.0.5112.79 Safari/537.36" "ysfine.com"
64.62.158.119 - - [30/Sep/2022:10:26:57 -0700] "GET /feynman/jacdrum11c.jpg HTTP/1.1" 200 39178 "https://ysfine.com/dirac/dirfeyn.html" "Mozilla/5.0 (X11; Linux x86_64) AppleWebKit/537.36 (KHTML, like Gecko) Chrome/104.0.5112.79 Safari/537.36" "ysfine.com"
64.62.158.119 - - [30/Sep/2022:10:26:57 -0700] "GET /dirac/nicodem11c.jpg HTTP/1.1" 200 72684 "https://ysfine.com/dirac/dirfeyn.html" "Mozilla/5.0 (X11; Linux x86_64) AppleWebKit/537.36 (KHTML, like Gecko) Chrome/104.0.5112.79 Safari/537.36" "ysfine.com"
64.62.158.119 - - [30/Sep/2022:10:26:57 -0700] "GET /dirac/dirackn33c.jpg HTTP/1.1" 200 50420 "https://ysfine.com/dirac/dirfeyn.html" "Mozilla/5.0 (X11; Linux x86_64) AppleWebKit/537.36 (KHTML, like Gecko) Chrome/104.0.5112.79 Safari/537.36" "ysfine.com"
64.62.158.119 - - [30/Sep/2022:10:26:57 -0700] "GET /people/sbt11c.jpg HTTP/1.1" 200 31479 "https://ysfine.com/dirac/dirfeyn.html" "Mozilla/5.0 (X11; Linux x86_64) AppleWebKit/537.36 (KHTML, like Gecko) Chrome/104.0.5112.79 Safari/537.36" "ysfine.com"
64.62.158.119 - - [30/Sep/2022:10:26:57 -0700] "GET /eink/eink61c.jpg HTTP/1.1" 200 34119 "https://ysfine.com/dirac/dirfeyn.html" "Mozilla/5.0 (X11; Linux x86_64) AppleWebKit/537.36 (KHTML, like Gecko) Chrome/104.0.5112.79 Safari/537.36" "ysfine.com"
157.55.39.127 - - [30/Sep/2022:10:28:46 -0700] "GET /kobak/kangban.jpg HTTP/1.1" 200 100804 "-" "Mozilla/5.0 (compatible; bingbot/2.0; +http://www.bing.com/bingbot.htm)" "www.ysfine.com"
45.11.168.75 - - [30/Sep/2022:10:29:35 -0700] "GET /dirac/dirheisen31b.jpg HTTP/1.1" 200 39248 "https://www.google.com/" "Mozilla/5.0 (iPhone; CPU iPhone OS 15_5 like Mac OS X) AppleWebKit/605.1.15 (KHTML, like Gecko) GSA/228.0.471065565 Mobile/19F77 Safari/604.1" "ysfine.com"
157.55.39.55 - - [30/Sep/2022:10:29:51 -0700] "GET /world/hungary/eoto04.jpg HTTP/1.1" 200 157453 "-" "Mozilla/5.0 (compatible; bingbot/2.0; +http://www.bing.com/bingbot.htm)" "ysfine.com"
157.55.39.58 - - [30/Sep/2022:10:31:46 -0700] "GET /world/china/china007b.jpg HTTP/1.1" 200 34074 "-" "Mozilla/5.0 AppleWebKit/537.36 (KHTML, like Gecko; compatible; bingbot/2.0; +http://www.bing.com/bingbot.htm) Chrome/103.0.5060.134 Safari/537.36" "ysfine.com"
207.46.13.102 - - [30/Sep/2022:10:32:48 -0700] "GET /class54/acs/cafe33a.jpg HTTP/1.1" 200 103391 "-" "Mozilla/5.0 (compatible; bingbot/2.0; +http://www.bing.com/bingbot.htm)" "www.ysfine.com"
75.111.22.183 - - [30/Sep/2022:10:34:04 -0700] "GET /style/venus01.jpg HTTP/1.1" 200 96403 "https://www.google.com/" "Mozilla/5.0 (X11; CrOS x86_64 14989.107.0) AppleWebKit/537.36 (KHTML, like Gecko) Chrome/105.0.0.0 Safari/537.36" "ysfine.com"
185.13.92.21 - - [30/Sep/2022:10:34:16 -0700] "GET /dirac/dirac11.jpg HTTP/1.1" 200 94245 "https://www.google.com/" "Mozilla/5.0 (Windows NT 10.0; Win64; x64) AppleWebKit/537.36 (KHTML, like Gecko) Chrome/105.0.0.0 Safari/537.36" "ysfine.com"
75.111.22.183 - - [30/Sep/2022:10:35:41 -0700] "GET /style/venus02b.jpg HTTP/1.1" 200 50071 "https://www.google.com/" "Mozilla/5.0 (X11; CrOS x86_64 14989.107.0) AppleWebKit/537.36 (KHTML, like Gecko) Chrome/105.0.0.0 Safari/537.36" "ysfine.com"
152.44.153.204 - - [30/Sep/2022:10:37:21 -0700] "GET /maga/histo/oscar33.jpg HTTP/1.1" 200 140181 "https://www.google.com/" "Mozilla/5.0 (X11; CrOS x86_64 14695.85.0) AppleWebKit/537.36 (KHTML, like Gecko) Chrome/102.0.0.0 Safari/537.36" "ysfine.com"
51.81.200.142 - - [30/Sep/2022:10:37:53 -0700] "GET /kobak/draftreg33.jpg HTTP/1.1" 200 218222 "https://yandex.ru/images/search?text=%D0%BB%D0%B8%20%D1%81%D1%8B%D0%BD%20%D0%BC%D0%B0%D0%BD%20%D0%B1%D0%B0%D0%BD%D0%BA%D0%BD%D0%BE%D1%82%D1%8B&from=tabbar&pos=0&img_url=http%3A%2F%2Fitemimg.com%2Fi%2F36366230.0.208x208.jpg%3F2&rpt=simage&lr=43" "Mozilla/5.0 (Windows NT 10.0; WOW64) AppleWebKit/537.36 (KHTML, like Gecko) Chrome/104.0.5112.114 YaBrowser/22.9.1.1094 Yowser/2.5 Safari/537.36" "www.ysfine.com"
157.55.39.55 - - [30/Sep/2022:10:39:11 -0700] "GET /class54/emailed.html HTTP/1.1" 304 - "-" "Mozilla/5.0 (compatible; bingbot/2.0; +http://www.bing.com/bingbot.htm)" "www.ysfine.com"
114.119.128.142 - - [30/Sep/2022:10:39:20 -0700] "GET /class54/class5470/total_data/sub_305.htm HTTP/1.1" 200 3330 "https://ysfine.com/class54/class5470/total_data/sub_320.htm" "Mozilla/5.0 (Linux; Android 7.0;) AppleWebKit/537.36 (KHTML, like Gecko) Mobile Safari/537.36 (compatible; PetalBot;+https://webmaster.petalsearch.com/site/petalbot)" "ysfine.com"
14.139.98.164 - - [30/Sep/2022:10:39:23 -0700] "GET /wigner/lorentzgr01b.jpg HTTP/1.1" 200 33834 "https://www.google.com/" "Mozilla/5.0 (Macintosh; Intel Mac OS X 10_15_7) AppleWebKit/605.1.15 (KHTML, like Gecko) Version/15.1 Safari/605.1.15" "ysfine.com"
40.77.167.27 - - [30/Sep/2022:10:39:45 -0700] "GET /wdc/whouse11.jpg HTTP/1.1" 200 110059 "-" "Mozilla/5.0 AppleWebKit/537.36 (KHTML, like Gecko; compatible; bingbot/2.0; +http://www.bing.com/bingbot.htm) Chrome/103.0.5060.134 Safari/537.36" "www.ysfine.com"
157.55.39.55 - - [30/Sep/2022:10:39:51 -0700] "GET /home/resonance33.jpg HTTP/1.1" 200 81671 "-" "Mozilla/5.0 AppleWebKit/537.36 (KHTML, like Gecko; compatible; bingbot/2.0; +http://www.bing.com/bingbot.htm) Chrome/103.0.5060.134 Safari/537.36" "www.ysfine.com"
157.55.39.58 - - [30/Sep/2022:10:40:27 -0700] "GET /world/china/shanghai002b.jpg HTTP/1.1" 200 34489 "-" "Mozilla/5.0 AppleWebKit/537.36 (KHTML, like Gecko; compatible; bingbot/2.0; +http://www.bing.com/bingbot.htm) Chrome/103.0.5060.134 Safari/537.36" "ysfine.com"
40.77.167.27 - - [30/Sep/2022:10:40:36 -0700] "GET /wigner/wigkim11.jpg HTTP/1.1" 200 231384 "-" "Mozilla/5.0 AppleWebKit/537.36 (KHTML, like Gecko; compatible; bingbot/2.0; +http://www.bing.com/bingbot.htm) Chrome/103.0.5060.134 Safari/537.36" "www.ysfine.com"
114.119.128.154 - - [30/Sep/2022:10:40:42 -0700] "GET /remote/sisfa12aa/frame56.html HTTP/1.1" 200 319 "https://ysfine.com/remote/sisfa12aa/frame55.html" "Mozilla/5.0 (Linux; Android 7.0;) AppleWebKit/537.36 (KHTML, like Gecko) Mobile Safari/537.36 (compatible; PetalBot;+https://webmaster.petalsearch.com/site/petalbot)" "ysfine.com"
173.73.80.118 - - [30/Sep/2022:10:40:56 -0700] "GET /home/bio33 HTTP/1.1" 200 10485 "-" "Mozilla/5.0 (Windows NT 10.0; Win64; x64; rv:105.0) Gecko/20100101 Firefox/105.0" "ysfine.com"
173.73.80.118 - - [30/Sep/2022:10:40:56 -0700] "GET /home/wigner62c.jpg HTTP/1.1" 200 41727 "https://ysfine.com/home/bio33" "Mozilla/5.0 (Windows NT 10.0; Win64; x64; rv:105.0) Gecko/20100101 Firefox/105.0" "ysfine.com"
173.73.80.118 - - [30/Sep/2022:10:40:56 -0700] "GET /home/ewk86f.jpg HTTP/1.1" 200 123121 "https://ysfine.com/home/bio33" "Mozilla/5.0 (Windows NT 10.0; Win64; x64; rv:105.0) Gecko/20100101 Firefox/105.0" "ysfine.com"
173.73.80.118 - - [30/Sep/2022:10:40:56 -0700] "GET /home/fotos/photo00d.jpg HTTP/1.1" 200 72203 "https://ysfine.com/home/bio33" "Mozilla/5.0 (Windows NT 10.0; Win64; x64; rv:105.0) Gecko/20100101 Firefox/105.0" "ysfine.com"
173.73.80.118 - - [30/Sep/2022:10:40:56 -0700] "GET /home/fotos/einhaus450.jpg HTTP/1.1" 200 65369 "https://ysfine.com/home/bio33" "Mozilla/5.0 (Windows NT 10.0; Win64; x64; rv:105.0) Gecko/20100101 Firefox/105.0" "ysfine.com"
173.73.80.118 - - [30/Sep/2022:10:40:56 -0700] "GET /home/fotos/chuseok11d.jpg HTTP/1.1" 200 70205 "https://ysfine.com/home/bio33" "Mozilla/5.0 (Windows NT 10.0; Win64; x64; rv:105.0) Gecko/20100101 Firefox/105.0" "ysfine.com"
173.73.80.118 - - [30/Sep/2022:10:40:56 -0700] "GET /home/kbrain11a.jpg HTTP/1.1" 200 46007 "https://ysfine.com/home/bio33" "Mozilla/5.0 (Windows NT 10.0; Win64; x64; rv:105.0) Gecko/20100101 Firefox/105.0" "ysfine.com"
173.73.80.118 - - [30/Sep/2022:10:40:56 -0700] "GET /home/fotos/beetho33d.jpg HTTP/1.1" 200 60567 "https://ysfine.com/home/bio33" "Mozilla/5.0 (Windows NT 10.0; Win64; x64; rv:105.0) Gecko/20100101 Firefox/105.0" "ysfine.com"
157.32.2.39 - - [30/Sep/2022:10:40:59 -0700] "GET /style/musee/britmu18b.jpg HTTP/1.1" 200 56514 "https://www.google.com/" "Mozilla/5.0 (Linux; Android 8.1.0; CPH1803) AppleWebKit/537.36 (KHTML, like Gecko) Chrome/104.0.0.0 Mobile Safari/537.36" "ysfine.com"
173.73.80.118 - - [30/Sep/2022:10:41:37 -0700] "GET /home/top21c.jpg HTTP/1.1" 200 53120 "http://www2.physics.umd.edu/" "Mozilla/5.0 (Windows NT 10.0; Win64; x64; rv:105.0) Gecko/20100101 Firefox/105.0" "ysfine.com"
173.73.80.118 - - [30/Sep/2022:10:41:37 -0700] "GET /home/facu63c.jpg HTTP/1.1" 200 41710 "http://www2.physics.umd.edu/" "Mozilla/5.0 (Windows NT 10.0; Win64; x64; rv:105.0) Gecko/20100101 Firefox/105.0" "ysfine.com"
173.73.80.118 - - [30/Sep/2022:10:41:37 -0700] "GET /wdc/eindc03c.jpg HTTP/1.1" 200 48446 "http://www2.physics.umd.edu/" "Mozilla/5.0 (Windows NT 10.0; Win64; x64; rv:105.0) Gecko/20100101 Firefox/105.0" "ysfine.com"
173.73.80.118 - - [30/Sep/2022:10:41:37 -0700] "GET /eink/einhaus11c.jpg HTTP/1.1" 200 42522 "http://www2.physics.umd.edu/" "Mozilla/5.0 (Windows NT 10.0; Win64; x64; rv:105.0) Gecko/20100101 Firefox/105.0" "ysfine.com"
173.73.80.118 - - [30/Sep/2022:10:41:37 -0700] "GET /sbk/1987pr22c.jpg HTTP/1.1" 200 40964 "http://www2.physics.umd.edu/" "Mozilla/5.0 (Windows NT 10.0; Win64; x64; rv:105.0) Gecko/20100101 Firefox/105.0" "ysfine.com"
173.73.80.118 - - [30/Sep/2022:10:41:37 -0700] "GET /kobak/taylor33c.jpg HTTP/1.1" 200 39951 "http://www2.physics.umd.edu/" "Mozilla/5.0 (Windows NT 10.0; Win64; x64; rv:105.0) Gecko/20100101 Firefox/105.0" "ysfine.com"
173.73.80.118 - - [30/Sep/2022:10:41:37 -0700] "GET /eink/ewk86a.jpg HTTP/1.1" 200 70895 "http://www2.physics.umd.edu/" "Mozilla/5.0 (Windows NT 10.0; Win64; x64; rv:105.0) Gecko/20100101 Firefox/105.0" "ysfine.com"
173.73.80.118 - - [30/Sep/2022:10:41:37 -0700] "GET /eink/eink54a.jpg HTTP/1.1" 200 79717 "http://www2.physics.umd.edu/" "Mozilla/5.0 (Windows NT 10.0; Win64; x64; rv:105.0) Gecko/20100101 Firefox/105.0" "ysfine.com"
173.73.80.118 - - [30/Sep/2022:10:41:37 -0700] "GET /wdc/washmo23c.jpg HTTP/1.1" 200 21217 "http://www2.physics.umd.edu/" "Mozilla/5.0 (Windows NT 10.0; Win64; x64; rv:105.0) Gecko/20100101 Firefox/105.0" "ysfine.com"
173.73.80.118 - - [30/Sep/2022:10:41:37 -0700] "GET /eink/einhaus33c.jpg HTTP/1.1" 200 23792 "http://www2.physics.umd.edu/" "Mozilla/5.0 (Windows NT 10.0; Win64; x64; rv:105.0) Gecko/20100101 Firefox/105.0" "ysfine.com"
173.73.80.118 - - [30/Sep/2022:10:41:37 -0700] "GET /home/eward55f.jpg HTTP/1.1" 200 122802 "http://www2.physics.umd.edu/" "Mozilla/5.0 (Windows NT 10.0; Win64; x64; rv:105.0) Gecko/20100101 Firefox/105.0" "ysfine.com"
173.73.80.118 - - [30/Sep/2022:10:41:37 -0700] "GET /home/eink77c.jpg HTTP/1.1" 200 47471 "http://www2.physics.umd.edu/" "Mozilla/5.0 (Windows NT 10.0; Win64; x64; rv:105.0) Gecko/20100101 Firefox/105.0" "ysfine.com"
173.73.80.118 - - [30/Sep/2022:10:41:37 -0700] "GET /home/truck/truck20c.jpg HTTP/1.1" 200 29999 "http://www2.physics.umd.edu/" "Mozilla/5.0 (Windows NT 10.0; Win64; x64; rv:105.0) Gecko/20100101 Firefox/105.0" "ysfine.com"
173.73.80.118 - - [30/Sep/2022:10:41:37 -0700] "GET /home/goodbad55c.jpg HTTP/1.1" 200 24415 "http://www2.physics.umd.edu/" "Mozilla/5.0 (Windows NT 10.0; Win64; x64; rv:105.0) Gecko/20100101 Firefox/105.0" "ysfine.com"
207.46.13.102 - - [30/Sep/2022:10:41:39 -0700] "GET /world/ital/venice29ff.jpg HTTP/1.1" 200 126317 "-" "Mozilla/5.0 (compatible; bingbot/2.0; +http://www.bing.com/bingbot.htm)" "ysfine.com"
173.73.80.118 - - [30/Sep/2022:10:42:16 -0700] "GET /ys11/index.html HTTP/1.1" 200 3421 "https://search.yahoo.com/" "Mozilla/5.0 (Windows NT 10.0; Win64; x64; rv:105.0) Gecko/20100101 Firefox/105.0" "www.ysfine.com"
154.16.49.14 - - [30/Sep/2022:10:42:45 -0700] "GET /wp-login.php HTTP/1.1" 404 88 "-" "Mozilla/5.0 (Windows NT 10.0; Win64; x64) AppleWebKit/537.36 (KHTML, like Gecko) Chrome/91.0.4472.124 Safari/537.36" "ysfine.com"
51.81.200.142 - - [30/Sep/2022:10:43:00 -0700] "GET /kowar/war53.html HTTP/1.1" 200 6652 "https://yandex.ru/images/search?text=%D0%BB%D0%B8%20%D1%81%D1%8B%D0%BD%20%D0%BC%D0%B0%D0%BD%20%D0%B1%D0%B0%D0%BD%D0%BA%D0%BD%D0%BE%D1%82%D1%8B&from=tabbar&pos=2&img_url=http%3A%2F%2Fysfine.com%2Fkobak%2Fdraftreg33.jpg&rpt=simage&lr=43" "Mozilla/5.0 (Windows NT 10.0; WOW64) AppleWebKit/537.36 (KHTML, like Gecko) Chrome/104.0.5112.114 YaBrowser/22.9.1.1094 Yowser/2.5 Safari/537.36" "www.ysfine.com"
51.81.200.142 - - [30/Sep/2022:10:43:01 -0700] "GET /kowar/photos/eisenhower22b.jpg HTTP/1.1" 200 43010 "https://www.ysfine.com/kowar/war53.html" "Mozilla/5.0 (Windows NT 10.0; WOW64) AppleWebKit/537.36 (KHTML, like Gecko) Chrome/104.0.5112.114 YaBrowser/22.9.1.1094 Yowser/2.5 Safari/537.36" "www.ysfine.com"
51.81.200.142 - - [30/Sep/2022:10:43:02 -0700] "GET /kobak/rhee12b.jpg HTTP/1.1" 200 49113 "https://www.ysfine.com/kowar/war53.html" "Mozilla/5.0 (Windows NT 10.0; WOW64) AppleWebKit/537.36 (KHTML, like Gecko) Chrome/104.0.5112.114 YaBrowser/22.9.1.1094 Yowser/2.5 Safari/537.36" "www.ysfine.com"
51.81.200.142 - - [30/Sep/2022:10:43:02 -0700] "GET /kowar/paiksy01b.jpg HTTP/1.1" 200 54700 "https://www.ysfine.com/kowar/war53.html" "Mozilla/5.0 (Windows NT 10.0; WOW64) AppleWebKit/537.36 (KHTML, like Gecko) Chrome/104.0.5112.114 YaBrowser/22.9.1.1094 Yowser/2.5 Safari/537.36" "www.ysfine.com"
51.81.200.142 - - [30/Sep/2022:10:43:02 -0700] "GET /kobak/sohnwi01b.jpg HTTP/1.1" 200 35047 "https://www.ysfine.com/kowar/war53.html" "Mozilla/5.0 (Windows NT 10.0; WOW64) AppleWebKit/537.36 (KHTML, like Gecko) Chrome/104.0.5112.114 YaBrowser/22.9.1.1094 Yowser/2.5 Safari/537.36" "www.ysfine.com"
51.81.200.142 - - [30/Sep/2022:10:43:02 -0700] "GET /kobak/draftreg33b.jpg HTTP/1.1" 200 39377 "https://www.ysfine.com/kowar/war53.html" "Mozilla/5.0 (Windows NT 10.0; WOW64) AppleWebKit/537.36 (KHTML, like Gecko) Chrome/104.0.5112.114 YaBrowser/22.9.1.1094 Yowser/2.5 Safari/537.36" "www.ysfine.com"
51.81.200.142 - - [30/Sep/2022:10:43:02 -0700] "GET /kowar/panmun02b.jpg HTTP/1.1" 200 51595 "https://www.ysfine.com/kowar/war53.html" "Mozilla/5.0 (Windows NT 10.0; WOW64) AppleWebKit/537.36 (KHTML, like Gecko) Chrome/104.0.5112.114 YaBrowser/22.9.1.1094 Yowser/2.5 Safari/537.36" "www.ysfine.com"
51.81.200.142 - - [30/Sep/2022:10:43:03 -0700] "GET /kowar/tanks/b36bomber11b.jpg HTTP/1.1" 200 25249 "https://www.ysfine.com/kowar/war53.html" "Mozilla/5.0 (Windows NT 10.0; WOW64) AppleWebKit/537.36 (KHTML, like Gecko) Chrome/104.0.5112.114 YaBrowser/22.9.1.1094 Yowser/2.5 Safari/537.36" "www.ysfine.com"
51.81.200.142 - - [30/Sep/2022:10:43:03 -0700] "GET /kowar/panmun01b.jpg HTTP/1.1" 200 35620 "https://www.ysfine.com/kowar/war53.html" "Mozilla/5.0 (Windows NT 10.0; WOW64) AppleWebKit/537.36 (KHTML, like Gecko) Chrome/104.0.5112.114 YaBrowser/22.9.1.1094 Yowser/2.5 Safari/537.36" "www.ysfine.com"
51.81.200.142 - - [30/Sep/2022:10:43:03 -0700] "GET /kowar/kimis53b.jpg HTTP/1.1" 200 44376 "https://www.ysfine.com/kowar/war53.html" "Mozilla/5.0 (Windows NT 10.0; WOW64) AppleWebKit/537.36 (KHTML, like Gecko) Chrome/104.0.5112.114 YaBrowser/22.9.1.1094 Yowser/2.5 Safari/537.36" "www.ysfine.com"
51.81.200.142 - - [30/Sep/2022:10:43:03 -0700] "GET /kobak/kumipo01b.jpg HTTP/1.1" 200 32923 "https://www.ysfine.com/kowar/war53.html" "Mozilla/5.0 (Windows NT 10.0; WOW64) AppleWebKit/537.36 (KHTML, like Gecko) Chrome/104.0.5112.114 YaBrowser/22.9.1.1094 Yowser/2.5 Safari/537.36" "www.ysfine.com"
51.81.200.142 - - [30/Sep/2022:10:43:03 -0700] "GET /kobak/underw06b.jpg HTTP/1.1" 200 51332 "https://www.ysfine.com/kowar/war53.html" "Mozilla/5.0 (Windows NT 10.0; WOW64) AppleWebKit/537.36 (KHTML, like Gecko) Chrome/104.0.5112.114 YaBrowser/22.9.1.1094 Yowser/2.5 Safari/537.36" "www.ysfine.com"
51.81.200.142 - - [30/Sep/2022:10:43:04 -0700] "GET /kobak/nll01b.jpg HTTP/1.1" 200 30471 "https://www.ysfine.com/kowar/war53.html" "Mozilla/5.0 (Windows NT 10.0; WOW64) AppleWebKit/537.36 (KHTML, like Gecko) Chrome/104.0.5112.114 YaBrowser/22.9.1.1094 Yowser/2.5 Safari/537.36" "www.ysfine.com"
51.81.200.142 - - [30/Sep/2022:10:43:04 -0700] "GET /kobak/underw12b.jpg HTTP/1.1" 200 42070 "https://www.ysfine.com/kowar/war53.html" "Mozilla/5.0 (Windows NT 10.0; WOW64) AppleWebKit/537.36 (KHTML, like Gecko) Chrome/104.0.5112.114 YaBrowser/22.9.1.1094 Yowser/2.5 Safari/537.36" "www.ysfine.com"
51.81.200.142 - - [30/Sep/2022:10:43:04 -0700] "GET /kobak/somap38b.jpg HTTP/1.1" 200 54149 "https://www.ysfine.com/kowar/war53.html" "Mozilla/5.0 (Windows NT 10.0; WOW64) AppleWebKit/537.36 (KHTML, like Gecko) Chrome/104.0.5112.114 YaBrowser/22.9.1.1094 Yowser/2.5 Safari/537.36" "www.ysfine.com"
51.81.200.142 - - [30/Sep/2022:10:43:04 -0700] "GET /favicon.ico HTTP/1.1" 404 88 "https://www.ysfine.com/kowar/war53.html" "Mozilla/5.0 (Windows NT 10.0; WOW64) AppleWebKit/537.36 (KHTML, like Gecko) Chrome/104.0.5112.114 YaBrowser/22.9.1.1094 Yowser/2.5 Safari/537.36" "www.ysfine.com"
173.73.80.118 - - [30/Sep/2022:10:43:37 -0700] "GET /favicon.ico HTTP/1.1" 404 88 "https://ysfine.com/einstein/bern.html" "Mozilla/5.0 (Windows NT 10.0; Win64; x64) AppleWebKit/537.36 (KHTML, like Gecko) Chrome/105.0.0.0 Safari/537.36" "ysfine.com"
173.73.80.118 - - [30/Sep/2022:10:44:26 -0700] "GET /fdx/index.html HTTP/1.1" 401 90 "https://www.ysfine.com/ys11/index.html" "Mozilla/5.0 (Windows NT 10.0; Win64; x64; rv:105.0) Gecko/20100101 Firefox/105.0" "www.ysfine.com"
173.73.80.118 - jake [30/Sep/2022:10:44:28 -0700] "GET /fdx/index.html HTTP/1.1" 200 129 "https://www.ysfine.com/ys11/index.html" "Mozilla/5.0 (Windows NT 10.0; Win64; x64; rv:105.0) Gecko/20100101 Firefox/105.0" "www.ysfine.com"
173.73.80.118 - jake [30/Sep/2022:10:44:29 -0700] "GET /fdx/fdxbot.html HTTP/1.1" 200 141 "https://www.ysfine.com/fdx/index.html" "Mozilla/5.0 (Windows NT 10.0; Win64; x64; rv:105.0) Gecko/20100101 Firefox/105.0" "www.ysfine.com"
173.73.80.118 - jake [30/Sep/2022:10:44:29 -0700] "GET /fdx/fdxtop.html HTTP/1.1" 200 400 "https://www.ysfine.com/fdx/index.html" "Mozilla/5.0 (Windows NT 10.0; Win64; x64; rv:105.0) Gecko/20100101 Firefox/105.0" "www.ysfine.com"
173.73.80.118 - jake [30/Sep/2022:10:44:29 -0700] "GET /fdx/extra.html HTTP/1.1" 200 6659 "https://www.ysfine.com/fdx/fdxbot.html" "Mozilla/5.0 (Windows NT 10.0; Win64; x64; rv:105.0) Gecko/20100101 Firefox/105.0" "www.ysfine.com"
173.73.80.118 - jake [30/Sep/2022:10:44:29 -0700] "GET /fdx/fdxleft.html HTTP/1.1" 200 743 "https://www.ysfine.com/fdx/fdxbot.html" "Mozilla/5.0 (Windows NT 10.0; Win64; x64; rv:105.0) Gecko/20100101 Firefox/105.0" "www.ysfine.com"
173.73.80.118 - - [30/Sep/2022:10:44:29 -0700] "GET /ffriends/fromania01c.jpg HTTP/1.1" 200 40417 "https://www.ysfine.com/fdx/extra.html" "Mozilla/5.0 (Windows NT 10.0; Win64; x64; rv:105.0) Gecko/20100101 Firefox/105.0" "www.ysfine.com"
173.73.80.118 - jake [30/Sep/2022:10:44:29 -0700] "GET /fdx/lebanon01c.jpg HTTP/1.1" 200 36334 "https://www.ysfine.com/fdx/extra.html" "Mozilla/5.0 (Windows NT 10.0; Win64; x64; rv:105.0) Gecko/20100101 Firefox/105.0" "www.ysfine.com"
173.73.80.118 - jake [30/Sep/2022:10:44:29 -0700] "GET /fdx/novikx66c.jpg HTTP/1.1" 200 34620 "https://www.ysfine.com/fdx/extra.html" "Mozilla/5.0 (Windows NT 10.0; Win64; x64; rv:105.0) Gecko/20100101 Firefox/105.0" "www.ysfine.com"
173.73.80.118 - jake [30/Sep/2022:10:44:29 -0700] "GET /fdx/strasx32c.jpg HTTP/1.1" 200 39739 "https://www.ysfine.com/fdx/extra.html" "Mozilla/5.0 (Windows NT 10.0; Win64; x64; rv:105.0) Gecko/20100101 Firefox/105.0" "www.ysfine.com"
173.73.80.118 - jake [30/Sep/2022:10:44:29 -0700] "GET /fdx/polcolum01c.jpg HTTP/1.1" 200 38994 "https://www.ysfine.com/fdx/extra.html" "Mozilla/5.0 (Windows NT 10.0; Win64; x64; rv:105.0) Gecko/20100101 Firefox/105.0" "www.ysfine.com"
173.73.80.118 - jake [30/Sep/2022:10:44:29 -0700] "GET /fdx/1230c.jpg HTTP/1.1" 200 37821 "https://www.ysfine.com/fdx/extra.html" "Mozilla/5.0 (Windows NT 10.0; Win64; x64; rv:105.0) Gecko/20100101 Firefox/105.0" "www.ysfine.com"
173.73.80.118 - jake [30/Sep/2022:10:44:29 -0700] "GET /fdx/russvegas01c.jpg HTTP/1.1" 200 45094 "https://www.ysfine.com/fdx/extra.html" "Mozilla/5.0 (Windows NT 10.0; Win64; x64; rv:105.0) Gecko/20100101 Firefox/105.0" "www.ysfine.com"
173.73.80.118 - jake [30/Sep/2022:10:44:29 -0700] "GET /fdx/buda023c.jpg HTTP/1.1" 200 29672 "https://www.ysfine.com/fdx/extra.html" "Mozilla/5.0 (Windows NT 10.0; Win64; x64; rv:105.0) Gecko/20100101 Firefox/105.0" "www.ysfine.com"
173.73.80.118 - jake [30/Sep/2022:10:44:29 -0700] "GET /fdx/pariscafe22c.jpg HTTP/1.1" 200 41855 "https://www.ysfine.com/fdx/extra.html" "Mozilla/5.0 (Windows NT 10.0; Win64; x64; rv:105.0) Gecko/20100101 Firefox/105.0" "www.ysfine.com"
173.73.80.118 - jake [30/Sep/2022:10:44:29 -0700] "GET /fdx/metuguest11c.jpg HTTP/1.1" 200 34297 "https://www.ysfine.com/fdx/extra.html" "Mozilla/5.0 (Windows NT 10.0; Win64; x64; rv:105.0) Gecko/20100101 Firefox/105.0" "www.ysfine.com"
173.73.80.118 - jake [30/Sep/2022:10:44:29 -0700] "GET /fdx/deltax15c.jpg HTTP/1.1" 200 38876 "https://www.ysfine.com/fdx/extra.html" "Mozilla/5.0 (Windows NT 10.0; Win64; x64; rv:105.0) Gecko/20100101 Firefox/105.0" "www.ysfine.com"
173.73.80.118 - jake [30/Sep/2022:10:44:29 -0700] "GET /fdx/gattix66c.jpg HTTP/1.1" 200 35589 "https://www.ysfine.com/fdx/extra.html" "Mozilla/5.0 (Windows NT 10.0; Win64; x64; rv:105.0) Gecko/20100101 Firefox/105.0" "www.ysfine.com"
173.73.80.118 - jake [30/Sep/2022:10:44:29 -0700] "GET /fdx/kiss01c.jpg HTTP/1.1" 200 31615 "https://www.ysfine.com/fdx/extra.html" "Mozilla/5.0 (Windows NT 10.0; Win64; x64; rv:105.0) Gecko/20100101 Firefox/105.0" "www.ysfine.com"
173.73.80.118 - jake [30/Sep/2022:10:44:29 -0700] "GET /fdx/russhz01c.jpg HTTP/1.1" 200 44588 "https://www.ysfine.com/fdx/extra.html" "Mozilla/5.0 (Windows NT 10.0; Win64; x64; rv:105.0) Gecko/20100101 Firefox/105.0" "www.ysfine.com"
173.73.80.118 - jake [30/Sep/2022:10:44:29 -0700] "GET /fdx/unitedx66c.jpg HTTP/1.1" 200 37259 "https://www.ysfine.com/fdx/extra.html" "Mozilla/5.0 (Windows NT 10.0; Win64; x64; rv:105.0) Gecko/20100101 Firefox/105.0" "www.ysfine.com"
173.73.80.118 - jake [30/Sep/2022:10:44:29 -0700] "GET /fdx/saudix05c.jpg HTTP/1.1" 200 41925 "https://www.ysfine.com/fdx/extra.html" "Mozilla/5.0 (Windows NT 10.0; Win64; x64; rv:105.0) Gecko/20100101 Firefox/105.0" "www.ysfine.com"
173.73.80.118 - jake [30/Sep/2022:10:44:29 -0700] "GET /fdx/kuwaitf11c.jpg HTTP/1.1" 200 37977 "https://www.ysfine.com/fdx/extra.html" "Mozilla/5.0 (Windows NT 10.0; Win64; x64; rv:105.0) Gecko/20100101 Firefox/105.0" "www.ysfine.com"
173.73.80.118 - jake [30/Sep/2022:10:44:29 -0700] "GET /fdx/spbf35c.jpg HTTP/1.1" 200 29160 "https://www.ysfine.com/fdx/extra.html" "Mozilla/5.0 (Windows NT 10.0; Win64; x64; rv:105.0) Gecko/20100101 Firefox/105.0" "www.ysfine.com"
173.73.80.118 - - [30/Sep/2022:10:44:29 -0700] "GET /ffriends/amkor/amstu06c.jpg HTTP/1.1" 200 44945 "https://www.ysfine.com/fdx/extra.html" "Mozilla/5.0 (Windows NT 10.0; Win64; x64; rv:105.0) Gecko/20100101 Firefox/105.0" "www.ysfine.com"
173.73.80.118 - jake [30/Sep/2022:10:44:29 -0700] "GET /fdx/amcunx33c.jpg HTTP/1.1" 200 28050 "https://www.ysfine.com/fdx/extra.html" "Mozilla/5.0 (Windows NT 10.0; Win64; x64; rv:105.0) Gecko/20100101 Firefox/105.0" "www.ysfine.com"
