157.55.39.55 - - [30/Sep/2022:06:33:18 -0700] "GET /world/poland/krk10.jpg HTTP/1.1" 200 113355 "-" "Mozilla/5.0 AppleWebKit/537.36 (KHTML, like Gecko; compatible; bingbot/2.0; +http://www.bing.com/bingbot.htm) Chrome/103.0.5060.134 Safari/537.36" "www.ysfine.com"
157.55.39.58 - - [30/Sep/2022:06:35:02 -0700] "GET /manko/bacoli.jpg HTTP/1.1" 200 54484 "-" "Mozilla/5.0 AppleWebKit/537.36 (KHTML, like Gecko; compatible; bingbot/2.0; +http://www.bing.com/bingbot.htm) Chrome/103.0.5060.134 Safari/537.36" "ysfine.com"
207.46.13.102 - - [30/Sep/2022:06:35:25 -0700] "GET /archives/class5470/total_data/refer_img/1-9_f.jpg HTTP/1.1" 404 88 "-" "Mozilla/5.0 AppleWebKit/537.36 (KHTML, like Gecko; compatible; bingbot/2.0; +http://www.bing.com/bingbot.htm) Chrome/103.0.5060.134 Safari/537.36" "www.ysfine.com"
219.77.59.139 - - [30/Sep/2022:06:36:12 -0700] "GET /einstein/fantova/fanto11c.jpg HTTP/1.1" 200 48308 "https://www.google.com.hk/" "Mozilla/5.0 (Macintosh; Intel Mac OS X 10_15_6) AppleWebKit/605.1.15 (KHTML, like Gecko) Version/15.6.1 Safari/605.1.15" "ysfine.com"
89.153.95.26 - - [30/Sep/2022:06:36:45 -0700] "GET /style/picass55b.jpg HTTP/1.1" 200 45890 "https://www.google.com/" "Mozilla/5.0 (Macintosh; Intel Mac OS X 10_15_7) AppleWebKit/605.1.15 (KHTML, like Gecko) Version/13.1.3 Safari/605.1.15" "ysfine.com"
17.121.114.30 - - [30/Sep/2022:06:37:07 -0700] "GET /wigner/wigtop.html HTTP/1.1" 200 422 "https://ysfine.com/wigner/index.html" "Mozilla/5.0 (Macintosh; Intel Mac OS X 10_15_5) AppleWebKit/605.1.15 (KHTML, like Gecko) Version/13.1.1 Safari/605.1.15 (Applebot/0.1; +http://www.apple.com/go/applebot)" "ysfine.com"
17.121.115.27 - - [30/Sep/2022:06:37:07 -0700] "GET /wigner/wigbot.html HTTP/1.1" 200 123 "https://ysfine.com/wigner/index.html" "Mozilla/5.0 (Macintosh; Intel Mac OS X 10_15_5) AppleWebKit/605.1.15 (KHTML, like Gecko) Version/13.1.1 Safari/605.1.15 (Applebot/0.1; +http://www.apple.com/go/applebot)" "ysfine.com"
17.121.114.30 - - [30/Sep/2022:06:37:08 -0700] "GET /wigner/wigleft.html HTTP/1.1" 200 659 "https://ysfine.com/wigner/wigbot.html" "Mozilla/5.0 (Macintosh; Intel Mac OS X 10_15_5) AppleWebKit/605.1.15 (KHTML, like Gecko) Version/13.1.1 Safari/605.1.15 (Applebot/0.1; +http://www.apple.com/go/applebot)" "ysfine.com"
17.121.115.27 - - [30/Sep/2022:06:37:08 -0700] "GET /wigner/wigrigh.html HTTP/1.1" 200 2476 "https://ysfine.com/wigner/wigbot.html" "Mozilla/5.0 (Macintosh; Intel Mac OS X 10_15_5) AppleWebKit/605.1.15 (KHTML, like Gecko) Version/13.1.1 Safari/605.1.15 (Applebot/0.1; +http://www.apple.com/go/applebot)" "ysfine.com"
40.77.167.27 - - [30/Sep/2022:06:37:32 -0700] "GET /einstein/maxein.html HTTP/1.1" 200 2651 "-" "Mozilla/5.0 (compatible; bingbot/2.0; +http://www.bing.com/bingbot.htm)" "www.ysfine.com"
93.159.230.88 - - [30/Sep/2022:06:41:23 -0700] "GET / HTTP/1.1" 200 5283 "-" "Mozilla/5.0 (Windows NT 10.0; Win64; x64) AppleWebKit/537.36 (KHTML, like Gecko) Chrome/71.0.3578.98 Safari/537.36" "ysfine.com"
174.59.25.180 - - [30/Sep/2022:06:41:38 -0700] "GET /world/scandi/sto001.jpg HTTP/1.1" 200 111684 "https://www.bing.com/" "Mozilla/5.0 (Windows NT 10.0; Win64; x64) AppleWebKit/537.36 (KHTML, like Gecko) Chrome/105.0.0.0 Safari/537.36 Edg/105.0.1343.42" "www.ysfine.com"
192.0.118.148 - - [30/Sep/2022:06:42:05 -0700] "GET /world/france/sartsq11.jpg HTTP/1.1" 200 160608 "-" "Photon/1.0" "ysfine.com"
108.88.122.73 - - [30/Sep/2022:06:43:06 -0700] "GET /kobak/sl628.jpg HTTP/1.1" 200 225100 "https://images.search.yahoo.com/yhs/search;_ylt=AwrFFPoP8jZjsnABaqI2nIlQ;_ylu=c2VjA3NlYXJjaARzbGsDYnV0dG9u;_ylc=X1MDMTM1MTE5NTcwMgRfcgMyBGZyA3locy1pbWEtMDAxBGZyMgNwOnMsdjppLG06c2ItdG9wBGdwcmlkA0VzQmcyUXJSVFkyZzNwRFhxMWVJQUEEbl9yc2x0AzAEbl9zdWdnAzAEb3JpZ2luA2ltYWdlcy5zZWFyY2gueWFob28uY29tBHBvcwMwBHBxc3RyAwRwcXN0cmwDMARxc3RybAM2MQRxdWVyeQN1cmJhbml6YXRpb24lMjBpbiUyMHRoZSUyMHVuaXRlZCUyMHN0YXRlcyUyMHBob3RvZ3JhcGglMjBiZWZvcmUlMjBhbmQlMjBhZnRlcgR0X3N0bXADMTY2NDU0NTMyMQ--?p=urbanization+in+the+united+states+photograph+before+and+after&fr=yhs-ima-001&fr2=p%3As%2Cv%3Ai%2Cm%3Asb-top&ei=UTF-8&x=wrt&type=q3060_A2G2U_ext_bcrq&hsimp=yhs-001&hspart=ima" "Mozilla/5.0 (Macintosh; Intel Mac OS X 10_15_7) AppleWebKit/537.36 (KHTML, like Gecko) Chrome/105.0.0.0 Safari/537.36" "ysfine.com"
157.55.39.55 - - [30/Sep/2022:06:43:28 -0700] "GET /world/brit/imperialc10.jpg HTTP/1.1" 200 58053 "-" "Mozilla/5.0 (compatible; bingbot/2.0; +http://www.bing.com/bingbot.htm)" "ysfine.com"
185.191.171.14 - - [30/Sep/2022:06:43:31 -0700] "GET /robots.txt HTTP/1.1" 404 88 "-" "Mozilla/5.0 (compatible; SemrushBot/7~bl; +http://www.semrush.com/bot.html)" "www.ysfine.com"
185.191.171.9 - - [30/Sep/2022:06:43:31 -0700] "GET /kobak/kimjap.html HTTP/1.1" 200 2410 "-" "Mozilla/5.0 (compatible; SemrushBot/7~bl; +http://www.semrush.com/bot.html)" "www.ysfine.com"
104.167.221.158 - - [30/Sep/2022:06:44:14 -0700] "GET /world/balkan/turkmodo02.jpg HTTP/1.1" 200 92914 "-" "-" "www.ysfine.com"
157.55.39.55 - - [30/Sep/2022:06:44:48 -0700] "GET /world/germany/hofbrau55.jpg HTTP/1.1" 200 107423 "-" "Mozilla/5.0 (compatible; bingbot/2.0; +http://www.bing.com/bingbot.htm)" "www.ysfine.com"
157.55.39.127 - - [30/Sep/2022:06:45:23 -0700] "GET /style/musee/beijing059.jpg HTTP/1.1" 200 77113 "-" "Mozilla/5.0 AppleWebKit/537.36 (KHTML, like Gecko; compatible; bingbot/2.0; +http://www.bing.com/bingbot.htm) Chrome/103.0.5060.134 Safari/537.36" "ysfine.com"
216.244.66.229 - - [30/Sep/2022:06:47:14 -0700] "GET /robots.txt HTTP/1.1" 404 73 "-" "Mozilla/5.0 (compatible; DotBot/1.2; +https://opensiteexplorer.org/dotbot; help@moz.com)" "www.ysfine.com"
157.55.39.55 - - [30/Sep/2022:06:47:19 -0700] "GET /world/france/stras12.jpg HTTP/1.1" 200 157118 "-" "Mozilla/5.0 (compatible; bingbot/2.0; +http://www.bing.com/bingbot.htm)" "www.ysfine.com"
157.55.39.58 - - [30/Sep/2022:06:47:25 -0700] "GET /kobak/repose33.jpg HTTP/1.1" 200 66664 "-" "Mozilla/5.0 AppleWebKit/537.36 (KHTML, like Gecko; compatible; bingbot/2.0; +http://www.bing.com/bingbot.htm) Chrome/103.0.5060.134 Safari/537.36" "ysfine.com"
157.55.39.55 - - [30/Sep/2022:06:47:31 -0700] "GET /world/germany/salz23.jpg HTTP/1.1" 200 132227 "-" "Mozilla/5.0 AppleWebKit/537.36 (KHTML, like Gecko; compatible; bingbot/2.0; +http://www.bing.com/bingbot.htm) Chrome/103.0.5060.134 Safari/537.36" "www.ysfine.com"
173.73.80.118 - - [30/Sep/2022:06:48:53 -0700] "GET /ys11/ HTTP/1.1" 200 3421 "-" "Mozilla/5.0 (Windows NT 10.0; Win64; x64) AppleWebKit/537.36 (KHTML, like Gecko) Chrome/105.0.5195.127 Safari/537.36" "ysfine.com"
173.73.80.118 - - [30/Sep/2022:06:48:53 -0700] "GET /favicon.ico HTTP/1.1" 404 88 "https://ysfine.com/ys11/" "Mozilla/5.0 (Windows NT 10.0; Win64; x64) AppleWebKit/537.36 (KHTML, like Gecko) Chrome/105.0.5195.127 Safari/537.36" "ysfine.com"
216.244.66.229 - - [30/Sep/2022:06:49:36 -0700] "GET /dirac/dircanal.html HTTP/1.1" 200 10551 "-" "Mozilla/5.0 (compatible; DotBot/1.2; +https://opensiteexplorer.org/dotbot; help@moz.com)" "www.ysfine.com"
207.46.13.102 - - [30/Sep/2022:06:49:36 -0700] "GET /world/baltic/riga23b.jpg HTTP/1.1" 200 41389 "-" "Mozilla/5.0 (compatible; bingbot/2.0; +http://www.bing.com/bingbot.htm)" "ysfine.com"
216.244.66.229 - - [30/Sep/2022:06:49:50 -0700] "GET /world/china/shenyang.html HTTP/1.1" 200 14473 "-" "Mozilla/5.0 (compatible; DotBot/1.2; +https://opensiteexplorer.org/dotbot; help@moz.com)" "www.ysfine.com"
161.11.160.39 - - [30/Sep/2022:06:50:01 -0700] "GET /einstein/places/einha01.jpg HTTP/1.1" 200 75624 "https://www.bing.com/" "Mozilla/5.0 (Windows NT 10.0; Win64; x64) AppleWebKit/537.36 (KHTML, like Gecko) Chrome/105.0.0.0 Safari/537.36 Edg/105.0.1343.53" "ysfine.com"
40.77.167.27 - - [30/Sep/2022:06:50:34 -0700] "GET /wdc/gtown34.jpg HTTP/1.1" 200 89523 "-" "Mozilla/5.0 (compatible; bingbot/2.0; +http://www.bing.com/bingbot.htm)" "www.ysfine.com"
157.55.39.55 - - [30/Sep/2022:06:51:10 -0700] "GET /eink/eintao55a.jpg HTTP/1.1" 200 43359 "-" "Mozilla/5.0 (compatible; bingbot/2.0; +http://www.bing.com/bingbot.htm)" "ysfine.com"
207.46.13.102 - - [30/Sep/2022:06:51:26 -0700] "GET /people/kilin11.jpg HTTP/1.1" 200 103596 "-" "Mozilla/5.0 AppleWebKit/537.36 (KHTML, like Gecko; compatible; bingbot/2.0; +http://www.bing.com/bingbot.htm) Chrome/103.0.5060.134 Safari/537.36" "www.ysfine.com"
157.55.39.58 - - [30/Sep/2022:06:53:35 -0700] "GET /world/germany/dresdenf16b.jpg HTTP/1.1" 200 44293 "-" "Mozilla/5.0 AppleWebKit/537.36 (KHTML, like Gecko; compatible; bingbot/2.0; +http://www.bing.com/bingbot.htm) Chrome/103.0.5060.134 Safari/537.36" "www.ysfine.com"
77.88.5.216 - - [30/Sep/2022:06:53:54 -0700] "GET /world/brit/picca10.jpg HTTP/1.1" 200 140956 "-" "Mozilla/5.0 (compatible; YandexImages/3.0; +http://yandex.com/bots)" "www.ysfine.com"
157.55.39.127 - - [30/Sep/2022:06:54:04 -0700] "GET /yspapers/yukawa65.pdf HTTP/1.1" 304 - "-" "Mozilla/5.0 (compatible; bingbot/2.0; +http://www.bing.com/bingbot.htm)" "www.ysfine.com"
151.227.219.152 - - [30/Sep/2022:06:54:20 -0700] "GET /einstein/einbohr33c.jpg HTTP/1.1" 200 36410 "https://www.google.com/" "Mozilla/5.0 (Windows NT 6.1; Win64; x64) AppleWebKit/537.36 (KHTML, like Gecko) Chrome/105.0.0.0 Safari/537.36" "ysfine.com"
115.135.214.124 - - [30/Sep/2022:06:54:43 -0700] "GET /wisdom/bigpower01.jpg HTTP/1.1" 200 77902 "https://www.google.com/" "Mozilla/5.0 (Linux; Android 10; CPH1823) AppleWebKit/537.36 (KHTML, like Gecko) Chrome/105.0.0.0 Mobile Safari/537.36" "ysfine.com"
123.183.224.89 - - [30/Sep/2022:06:55:00 -0700] "GET / HTTP/1.1" 200 5283 "-" "Sogou web spider/4.0(+http://www.sogou.com/docs/help/webmasters.htm#07)" "www.ysfine.com"
185.191.171.17 - - [30/Sep/2022:06:56:19 -0700] "GET /wigner/neupol.html HTTP/1.1" 200 1742 "-" "Mozilla/5.0 (compatible; SemrushBot/7~bl; +http://www.semrush.com/bot.html)" "www.ysfine.com"
216.244.66.229 - - [30/Sep/2022:06:58:16 -0700] "GET /class54/class5470/total_data/sub_401.htm HTTP/1.1" 200 13056 "-" "Mozilla/5.0 (compatible; DotBot/1.2; +https://opensiteexplorer.org/dotbot; help@moz.com)" "www.ysfine.com"
40.77.167.27 - - [30/Sep/2022:06:59:45 -0700] "GET /usca/pitt/knee22b.jpg HTTP/1.1" 200 43403 "-" "Mozilla/5.0 (compatible; bingbot/2.0; +http://www.bing.com/bingbot.htm)" "www.ysfine.com"
147.235.199.169 - - [30/Sep/2022:07:00:15 -0700] "GET /world/brit/eton11.jpg HTTP/1.1" 200 107084 "https://www.google.com/" "Mozilla/5.0 (Windows NT 10.0; Win64; x64) AppleWebKit/537.36 (KHTML, like Gecko) Chrome/106.0.0.0 Safari/537.36" "ysfine.com"
207.46.13.102 - - [30/Sep/2022:07:00:18 -0700] "GET /world/brit/lonstore13.jpg HTTP/1.1" 200 65255 "-" "Mozilla/5.0 (compatible; bingbot/2.0; +http://www.bing.com/bingbot.htm)" "ysfine.com"
17.121.113.176 - - [30/Sep/2022:07:01:27 -0700] "GET /home/index.html HTTP/1.1" 200 142 "-" "Mozilla/5.0 (Macintosh; Intel Mac OS X 10_15_5) AppleWebKit/605.1.15 (KHTML, like Gecko) Version/13.1.1 Safari/605.1.15 (Applebot/0.1; +http://www.apple.com/go/applebot)" "ysfine.com"
216.244.66.229 - - [30/Sep/2022:07:01:40 -0700] "GET /world/ital/padova06.jpg HTTP/1.1" 200 106864 "-" "Mozilla/5.0 (compatible; DotBot/1.2; +https://opensiteexplorer.org/dotbot; help@moz.com)" "www.ysfine.com"
123.254.164.136 - - [30/Sep/2022:07:02:51 -0700] "GET /feynman/feybial.jpg HTTP/1.1" 200 56284 "https://www.google.com/" "Mozilla/5.0 (Windows NT 10.0; Win64; x64) AppleWebKit/537.36 (KHTML, like Gecko) Chrome/106.0.0.0 Safari/537.36" "ysfine.com"
157.55.39.127 - - [30/Sep/2022:07:03:55 -0700] "GET /maga/einstein/dual.html HTTP/1.1" 404 88 "-" "Mozilla/5.0 (compatible; bingbot/2.0; +http://www.bing.com/bingbot.htm)" "ysfine.com"
157.55.39.58 - - [30/Sep/2022:07:04:05 -0700] "GET /philo/e=mc11.jpg HTTP/1.1" 200 101467 "-" "Mozilla/5.0 (compatible; bingbot/2.0; +http://www.bing.com/bingbot.htm)" "www.ysfine.com"
199.127.223.226 - - [30/Sep/2022:07:04:11 -0700] "GET /maga/phys/yukawa00.jpg HTTP/1.1" 200 84885 "https://www.google.com/" "Mozilla/5.0 (X11; CrOS x86_64 14989.107.0) AppleWebKit/537.36 (KHTML, like Gecko) Chrome/105.0.0.0 Safari/537.36" "ysfine.com"
157.55.39.127 - - [30/Sep/2022:07:04:45 -0700] "GET /maga/phys/yukaheisen67b.jpg HTTP/1.1" 200 42036 "-" "Mozilla/5.0 (compatible; bingbot/2.0; +http://www.bing.com/bingbot.htm)" "ysfine.com"
207.46.13.102 - - [30/Sep/2022:07:05:28 -0700] "GET /einstein/places/einha36.jpg HTTP/1.1" 200 86437 "-" "Mozilla/5.0 (compatible; bingbot/2.0; +http://www.bing.com/bingbot.htm)" "www.ysfine.com"
157.55.39.127 - - [30/Sep/2022:07:05:35 -0700] "GET /world/germany/hegel10.jpg HTTP/1.1" 200 78856 "-" "Mozilla/5.0 (compatible; bingbot/2.0; +http://www.bing.com/bingbot.htm)" "www.ysfine.com"
40.77.167.27 - - [30/Sep/2022:07:05:55 -0700] "GET /wdc/vietwar33.jpg HTTP/1.1" 200 80788 "-" "Mozilla/5.0 AppleWebKit/537.36 (KHTML, like Gecko; compatible; bingbot/2.0; +http://www.bing.com/bingbot.htm) Chrome/103.0.5060.134 Safari/537.36" "ysfine.com"
123.254.164.136 - - [30/Sep/2022:07:05:56 -0700] "GET /dirac/dfkim11.jpg HTTP/1.1" 200 102093 "https://www.google.com/" "Mozilla/5.0 (Windows NT 10.0; Win64; x64) AppleWebKit/537.36 (KHTML, like Gecko) Chrome/106.0.0.0 Safari/537.36" "ysfine.com"
157.55.39.128 - - [30/Sep/2022:07:07:53 -0700] "GET /sbk/2010gdn11.jpg HTTP/1.1" 200 151040 "-" "Mozilla/5.0 AppleWebKit/537.36 (KHTML, like Gecko; compatible; bingbot/2.0; +http://www.bing.com/bingbot.htm) Chrome/103.0.5060.134 Safari/537.36" "ysfine.com"
40.77.167.27 - - [30/Sep/2022:07:08:05 -0700] "GET /wigner/wighome2.jpg HTTP/1.1" 200 48701 "-" "Mozilla/5.0 (compatible; bingbot/2.0; +http://www.bing.com/bingbot.htm)" "ysfine.com"
157.55.39.128 - - [30/Sep/2022:07:08:44 -0700] "GET /sbk/2005ritz11.jpg HTTP/1.1" 200 93361 "-" "Mozilla/5.0 AppleWebKit/537.36 (KHTML, like Gecko; compatible; bingbot/2.0; +http://www.bing.com/bingbot.htm) Chrome/103.0.5060.134 Safari/537.36" "ysfine.com"
83.26.160.240 - - [30/Sep/2022:07:09:20 -0700] "GET /dirac/dirac63.jpg HTTP/1.1" 200 83306 "https://www.google.pl/" "Mozilla/5.0 (Windows NT 10.0; WOW64) AppleWebKit/537.36 (KHTML, like Gecko) Chrome/105.0.0.0 Safari/537.36" "ysfine.com"
40.77.167.27 - - [30/Sep/2022:07:09:45 -0700] "GET /world/ital/verona01.jpg HTTP/1.1" 200 90539 "-" "Mozilla/5.0 (compatible; bingbot/2.0; +http://www.bing.com/bingbot.htm)" "ysfine.com"
34.239.45.220 - - [30/Sep/2022:07:10:09 -0700] "GET /sitemap.xml HTTP/1.1" 304 - "https://www.google.com/" "Mozilla/5.0 (Macintosh; Intel Mac OS X 10_15_1) AppleWebKit/605.1.15 (KHTML, like Gecko) Version/13.0.3 Safari/605.1.15" "ysfine.com"
157.55.39.127 - - [30/Sep/2022:07:10:35 -0700] "GET /style/egeor02.jpg HTTP/1.1" 200 276109 "-" "Mozilla/5.0 (compatible; bingbot/2.0; +http://www.bing.com/bingbot.htm)" "ysfine.com"
58.11.43.4 - - [30/Sep/2022:07:10:44 -0700] "GET /dirac/dfkim11.jpg HTTP/1.1" 200 102093 "https://www.google.com/" "Mozilla/5.0 (Macintosh; Intel Mac OS X 10_13_6) AppleWebKit/537.36 (KHTML, like Gecko) Chrome/105.0.0.0 Safari/537.36" "ysfine.com"
216.244.66.229 - - [30/Sep/2022:07:10:57 -0700] "GET /friends/belgistu01.jpg HTTP/1.1" 404 73 "-" "Mozilla/5.0 (compatible; DotBot/1.2; +https://opensiteexplorer.org/dotbot; help@moz.com)" "www.ysfine.com"
216.244.66.229 - - [30/Sep/2022:07:11:21 -0700] "GET /friends/gatti11.jpg HTTP/1.1" 404 73 "-" "Mozilla/5.0 (compatible; DotBot/1.2; +https://opensiteexplorer.org/dotbot; help@moz.com)" "www.ysfine.com"
216.244.66.229 - - [30/Sep/2022:07:11:44 -0700] "GET /wigner/maxmink11.jpg HTTP/1.1" 200 64411 "-" "Mozilla/5.0 (compatible; DotBot/1.2; +https://opensiteexplorer.org/dotbot; help@moz.com)" "www.ysfine.com"
77.88.5.245 - - [30/Sep/2022:07:11:54 -0700] "GET /sbk/ HTTP/1.1" 200 198 "-" "Mozilla/5.0 (compatible; YandexBot/3.0; +http://yandex.com/bots)" "www.ysfine.com"
216.244.66.229 - - [30/Sep/2022:07:12:07 -0700] "GET /world/baltic/lithu09.jpg HTTP/1.1" 200 119974 "-" "Mozilla/5.0 (compatible; DotBot/1.2; +https://opensiteexplorer.org/dotbot; help@moz.com)" "www.ysfine.com"
207.46.13.102 - - [30/Sep/2022:07:12:08 -0700] "GET /sbk/2002pr11.jpg HTTP/1.1" 200 165443 "-" "Mozilla/5.0 (compatible; bingbot/2.0; +http://www.bing.com/bingbot.htm)" "ysfine.com"
109.67.44.176 - - [30/Sep/2022:07:12:12 -0700] "GET /usca/pgh22.html HTTP/1.1" 200 11391 "https://www.google.com/" "Mozilla/5.0 (Windows NT 10.0; Win64; x64) AppleWebKit/537.36 (KHTML, like Gecko) Chrome/97.0.4692.99 Safari/537.36" "ysfine.com"
109.67.44.176 - - [30/Sep/2022:07:12:12 -0700] "GET /usca/pitt/gw01b.jpg HTTP/1.1" 200 21992 "https://ysfine.com/usca/pgh22.html" "Mozilla/5.0 (Windows NT 10.0; Win64; x64) AppleWebKit/537.36 (KHTML, like Gecko) Chrome/97.0.4692.99 Safari/537.36" "ysfine.com"
109.67.44.176 - - [30/Sep/2022:07:12:12 -0700] "GET /usca/pitt/giants55d.jpg HTTP/1.1" 200 63693 "https://ysfine.com/usca/pgh22.html" "Mozilla/5.0 (Windows NT 10.0; Win64; x64) AppleWebKit/537.36 (KHTML, like Gecko) Chrome/97.0.4692.99 Safari/537.36" "ysfine.com"
109.67.44.176 - - [30/Sep/2022:07:12:12 -0700] "GET /usca/pitt/pitmap02b.jpg HTTP/1.1" 200 21396 "https://ysfine.com/usca/pgh22.html" "Mozilla/5.0 (Windows NT 10.0; Win64; x64) AppleWebKit/537.36 (KHTML, like Gecko) Chrome/97.0.4692.99 Safari/537.36" "ysfine.com"
109.67.44.176 - - [30/Sep/2022:07:12:12 -0700] "GET /usca/pitt/fortpitt06b.jpg HTTP/1.1" 200 52725 "https://ysfine.com/usca/pgh22.html" "Mozilla/5.0 (Windows NT 10.0; Win64; x64) AppleWebKit/537.36 (KHTML, like Gecko) Chrome/97.0.4692.99 Safari/537.36" "ysfine.com"
109.67.44.176 - - [30/Sep/2022:07:12:12 -0700] "GET /wdc/nga12b.jpg HTTP/1.1" 200 37109 "https://ysfine.com/usca/pgh22.html" "Mozilla/5.0 (Windows NT 10.0; Win64; x64) AppleWebKit/537.36 (KHTML, like Gecko) Chrome/97.0.4692.99 Safari/537.36" "ysfine.com"
109.67.44.176 - - [30/Sep/2022:07:12:12 -0700] "GET /wdc/jfk01b.jpg HTTP/1.1" 200 32933 "https://ysfine.com/usca/pgh22.html" "Mozilla/5.0 (Windows NT 10.0; Win64; x64) AppleWebKit/537.36 (KHTML, like Gecko) Chrome/97.0.4692.99 Safari/537.36" "ysfine.com"
109.67.44.176 - - [30/Sep/2022:07:12:12 -0700] "GET /wdc/washmo12b.jpg HTTP/1.1" 200 29326 "https://ysfine.com/usca/pgh22.html" "Mozilla/5.0 (Windows NT 10.0; Win64; x64) AppleWebKit/537.36 (KHTML, like Gecko) Chrome/97.0.4692.99 Safari/537.36" "ysfine.com"
109.67.44.176 - - [30/Sep/2022:07:12:12 -0700] "GET /wdc/treasury01b.jpg HTTP/1.1" 200 36911 "https://ysfine.com/usca/pgh22.html" "Mozilla/5.0 (Windows NT 10.0; Win64; x64) AppleWebKit/537.36 (KHTML, like Gecko) Chrome/97.0.4692.99 Safari/537.36" "ysfine.com"
109.67.44.176 - - [30/Sep/2022:07:12:12 -0700] "GET /wdc/nga07b.jpg HTTP/1.1" 200 31781 "https://ysfine.com/usca/pgh22.html" "Mozilla/5.0 (Windows NT 10.0; Win64; x64) AppleWebKit/537.36 (KHTML, like Gecko) Chrome/97.0.4692.99 Safari/537.36" "ysfine.com"
109.67.44.176 - - [30/Sep/2022:07:12:12 -0700] "GET /wdc/vernon01b.jpg HTTP/1.1" 200 35297 "https://ysfine.com/usca/pgh22.html" "Mozilla/5.0 (Windows NT 10.0; Win64; x64) AppleWebKit/537.36 (KHTML, like Gecko) Chrome/97.0.4692.99 Safari/537.36" "ysfine.com"
109.67.44.176 - - [30/Sep/2022:07:12:12 -0700] "GET /world/brit/dunf12b.jpg HTTP/1.1" 200 52267 "https://ysfine.com/usca/pgh22.html" "Mozilla/5.0 (Windows NT 10.0; Win64; x64) AppleWebKit/537.36 (KHTML, like Gecko) Chrome/97.0.4692.99 Safari/537.36" "ysfine.com"
109.67.44.176 - - [30/Sep/2022:07:12:12 -0700] "GET /usca/pitt/westing01b.jpg HTTP/1.1" 200 22462 "https://ysfine.com/usca/pgh22.html" "Mozilla/5.0 (Windows NT 10.0; Win64; x64) AppleWebKit/537.36 (KHTML, like Gecko) Chrome/97.0.4692.99 Safari/537.36" "ysfine.com"
109.67.44.176 - - [30/Sep/2022:07:12:12 -0700] "GET /wdc/capitol01b.jpg HTTP/1.1" 200 24723 "https://ysfine.com/usca/pgh22.html" "Mozilla/5.0 (Windows NT 10.0; Win64; x64) AppleWebKit/537.36 (KHTML, like Gecko) Chrome/97.0.4692.99 Safari/537.36" "ysfine.com"
109.67.44.176 - - [30/Sep/2022:07:12:12 -0700] "GET /world/brit/dunf15b.jpg HTTP/1.1" 200 41554 "https://ysfine.com/usca/pgh22.html" "Mozilla/5.0 (Windows NT 10.0; Win64; x64) AppleWebKit/537.36 (KHTML, like Gecko) Chrome/97.0.4692.99 Safari/537.36" "ysfine.com"
109.67.44.176 - - [30/Sep/2022:07:12:12 -0700] "GET /usca/pitt/carnegie01b.jpg HTTP/1.1" 200 29768 "https://ysfine.com/usca/pgh22.html" "Mozilla/5.0 (Windows NT 10.0; Win64; x64) AppleWebKit/537.36 (KHTML, like Gecko) Chrome/97.0.4692.99 Safari/537.36" "ysfine.com"
109.67.44.176 - - [30/Sep/2022:07:12:12 -0700] "GET /usca/pitt/mtwash02b.jpg HTTP/1.1" 200 24526 "https://ysfine.com/usca/pgh22.html" "Mozilla/5.0 (Windows NT 10.0; Win64; x64) AppleWebKit/537.36 (KHTML, like Gecko) Chrome/97.0.4692.99 Safari/537.36" "ysfine.com"
109.67.44.176 - - [30/Sep/2022:07:12:12 -0700] "GET /usca/pitt/emblem01b.jpg HTTP/1.1" 200 61751 "https://ysfine.com/usca/pgh22.html" "Mozilla/5.0 (Windows NT 10.0; Win64; x64) AppleWebKit/537.36 (KHTML, like Gecko) Chrome/97.0.4692.99 Safari/537.36" "ysfine.com"
109.67.44.176 - - [30/Sep/2022:07:12:12 -0700] "GET /usca/pitt/westim09b.jpg HTTP/1.1" 200 51881 "https://ysfine.com/usca/pgh22.html" "Mozilla/5.0 (Windows NT 10.0; Win64; x64) AppleWebKit/537.36 (KHTML, like Gecko) Chrome/97.0.4692.99 Safari/537.36" "ysfine.com"
109.67.44.176 - - [30/Sep/2022:07:12:12 -0700] "GET /usca/pitt/cmu80b.jpg HTTP/1.1" 200 36137 "https://ysfine.com/usca/pgh22.html" "Mozilla/5.0 (Windows NT 10.0; Win64; x64) AppleWebKit/537.36 (KHTML, like Gecko) Chrome/97.0.4692.99 Safari/537.36" "ysfine.com"
109.67.44.176 - - [30/Sep/2022:07:12:12 -0700] "GET /usca/pitt/fortpitt08b.jpg HTTP/1.1" 200 55961 "https://ysfine.com/usca/pgh22.html" "Mozilla/5.0 (Windows NT 10.0; Win64; x64) AppleWebKit/537.36 (KHTML, like Gecko) Chrome/97.0.4692.99 Safari/537.36" "ysfine.com"
109.67.44.176 - - [30/Sep/2022:07:12:12 -0700] "GET /usca/pitt/fortpitt03b.jpg HTTP/1.1" 200 34700 "https://ysfine.com/usca/pgh22.html" "Mozilla/5.0 (Windows NT 10.0; Win64; x64) AppleWebKit/537.36 (KHTML, like Gecko) Chrome/97.0.4692.99 Safari/537.36" "ysfine.com"
109.67.44.176 - - [30/Sep/2022:07:12:12 -0700] "GET /usca/pitt/westim01b.jpg HTTP/1.1" 200 39928 "https://ysfine.com/usca/pgh22.html" "Mozilla/5.0 (Windows NT 10.0; Win64; x64) AppleWebKit/537.36 (KHTML, like Gecko) Chrome/97.0.4692.99 Safari/537.36" "ysfine.com"
109.67.44.176 - - [30/Sep/2022:07:12:12 -0700] "GET /usca/pitt/alumin02b.jpg HTTP/1.1" 200 50569 "https://ysfine.com/usca/pgh22.html" "Mozilla/5.0 (Windows NT 10.0; Win64; x64) AppleWebKit/537.36 (KHTML, like Gecko) Chrome/97.0.4692.99 Safari/537.36" "ysfine.com"
109.67.44.176 - - [30/Sep/2022:07:12:12 -0700] "GET /usca/pitt/westim03b.jpg HTTP/1.1" 200 45776 "https://ysfine.com/usca/pgh22.html" "Mozilla/5.0 (Windows NT 10.0; Win64; x64) AppleWebKit/537.36 (KHTML, like Gecko) Chrome/97.0.4692.99 Safari/537.36" "ysfine.com"
109.67.44.176 - - [30/Sep/2022:07:12:12 -0700] "GET /world/europe/peacepal02b.jpg HTTP/1.1" 200 36456 "https://ysfine.com/usca/pgh22.html" "Mozilla/5.0 (Windows NT 10.0; Win64; x64) AppleWebKit/537.36 (KHTML, like Gecko) Chrome/97.0.4692.99 Safari/537.36" "ysfine.com"
109.67.44.176 - - [30/Sep/2022:07:12:12 -0700] "GET /usca/pitt/westim02b.jpg HTTP/1.1" 200 37091 "https://ysfine.com/usca/pgh22.html" "Mozilla/5.0 (Windows NT 10.0; Win64; x64) AppleWebKit/537.36 (KHTML, like Gecko) Chrome/97.0.4692.99 Safari/537.36" "ysfine.com"
109.67.44.176 - - [30/Sep/2022:07:12:12 -0700] "GET /usca/pitt/hall01b.jpg HTTP/1.1" 200 36397 "https://ysfine.com/usca/pgh22.html" "Mozilla/5.0 (Windows NT 10.0; Win64; x64) AppleWebKit/537.36 (KHTML, like Gecko) Chrome/97.0.4692.99 Safari/537.36" "ysfine.com"
109.67.44.176 - - [30/Sep/2022:07:12:12 -0700] "GET /usca/pitt/mellon21b.jpg HTTP/1.1" 200 41063 "https://ysfine.com/usca/pgh22.html" "Mozilla/5.0 (Windows NT 10.0; Win64; x64) AppleWebKit/537.36 (KHTML, like Gecko) Chrome/97.0.4692.99 Safari/537.36" "ysfine.com"
109.67.44.176 - - [30/Sep/2022:07:12:12 -0700] "GET /eink/eink61c.jpg HTTP/1.1" 200 34119 "https://ysfine.com/usca/pgh22.html" "Mozilla/5.0 (Windows NT 10.0; Win64; x64) AppleWebKit/537.36 (KHTML, like Gecko) Chrome/97.0.4692.99 Safari/537.36" "ysfine.com"
109.67.44.176 - - [30/Sep/2022:07:12:12 -0700] "GET /usca/pitt/mellon35b.jpg HTTP/1.1" 200 39498 "https://ysfine.com/usca/pgh22.html" "Mozilla/5.0 (Windows NT 10.0; Win64; x64) AppleWebKit/537.36 (KHTML, like Gecko) Chrome/97.0.4692.99 Safari/537.36" "ysfine.com"
109.67.44.176 - - [30/Sep/2022:07:12:12 -0700] "GET /usca/pitt/mellon11b.jpg HTTP/1.1" 200 27862 "https://ysfine.com/usca/pgh22.html" "Mozilla/5.0 (Windows NT 10.0; Win64; x64) AppleWebKit/537.36 (KHTML, like Gecko) Chrome/97.0.4692.99 Safari/537.36" "ysfine.com"
109.67.44.176 - - [30/Sep/2022:07:12:12 -0700] "GET /usca/pitt/westim11b.jpg HTTP/1.1" 200 39786 "https://ysfine.com/usca/pgh22.html" "Mozilla/5.0 (Windows NT 10.0; Win64; x64) AppleWebKit/537.36 (KHTML, like Gecko) Chrome/97.0.4692.99 Safari/537.36" "ysfine.com"
109.67.44.176 - - [30/Sep/2022:07:12:12 -0700] "GET /usca/pitt/mellon32b.jpg HTTP/1.1" 200 34672 "https://ysfine.com/usca/pgh22.html" "Mozilla/5.0 (Windows NT 10.0; Win64; x64) AppleWebKit/537.36 (KHTML, like Gecko) Chrome/97.0.4692.99 Safari/537.36" "ysfine.com"
109.67.44.176 - - [30/Sep/2022:07:12:12 -0700] "GET /usca/pitt/fortpitt09b.jpg HTTP/1.1" 200 35987 "https://ysfine.com/usca/pgh22.html" "Mozilla/5.0 (Windows NT 10.0; Win64; x64) AppleWebKit/537.36 (KHTML, like Gecko) Chrome/97.0.4692.99 Safari/537.36" "ysfine.com"
109.67.44.176 - - [30/Sep/2022:07:12:12 -0700] "GET /maga/invent/inductmo2.jpg HTTP/1.1" 200 40426 "https://ysfine.com/usca/pgh22.html" "Mozilla/5.0 (Windows NT 10.0; Win64; x64) AppleWebKit/537.36 (KHTML, like Gecko) Chrome/97.0.4692.99 Safari/537.36" "ysfine.com"
109.67.44.176 - - [30/Sep/2022:07:12:12 -0700] "GET /usca/pitt/machinery22b.jpg HTTP/1.1" 200 36540 "https://ysfine.com/usca/pgh22.html" "Mozilla/5.0 (Windows NT 10.0; Win64; x64) AppleWebKit/537.36 (KHTML, like Gecko) Chrome/97.0.4692.99 Safari/537.36" "ysfine.com"
109.67.44.176 - - [30/Sep/2022:07:12:12 -0700] "GET /usca/pitt/kdka01b.jpg HTTP/1.1" 200 39453 "https://ysfine.com/usca/pgh22.html" "Mozilla/5.0 (Windows NT 10.0; Win64; x64) AppleWebKit/537.36 (KHTML, like Gecko) Chrome/97.0.4692.99 Safari/537.36" "ysfine.com"
109.67.44.176 - - [30/Sep/2022:07:12:12 -0700] "GET /usca/pitt/westifn02b.jpg HTTP/1.1" 200 58594 "https://ysfine.com/usca/pgh22.html" "Mozilla/5.0 (Windows NT 10.0; Win64; x64) AppleWebKit/537.36 (KHTML, like Gecko) Chrome/97.0.4692.99 Safari/537.36" "ysfine.com"
157.55.39.58 - - [30/Sep/2022:07:12:16 -0700] "GET /world/ital/verona19b.jpg HTTP/1.1" 200 47863 "-" "Mozilla/5.0 (compatible; bingbot/2.0; +http://www.bing.com/bingbot.htm)" "www.ysfine.com"
216.244.66.229 - - [30/Sep/2022:07:12:29 -0700] "GET /world/baltic/lithu25.jpg HTTP/1.1" 200 77162 "-" "Mozilla/5.0 (compatible; DotBot/1.2; +https://opensiteexplorer.org/dotbot; help@moz.com)" "www.ysfine.com"
40.77.167.27 - - [30/Sep/2022:07:12:45 -0700] "GET /home/further22a.jpg HTTP/1.1" 200 75776 "-" "Mozilla/5.0 AppleWebKit/537.36 (KHTML, like Gecko; compatible; bingbot/2.0; +http://www.bing.com/bingbot.htm) Chrome/103.0.5060.134 Safari/537.36" "ysfine.com"
216.244.66.229 - - [30/Sep/2022:07:12:49 -0700] "GET /world/baltic/tallin03.jpg HTTP/1.1" 200 156362 "-" "Mozilla/5.0 (compatible; DotBot/1.2; +https://opensiteexplorer.org/dotbot; help@moz.com)" "www.ysfine.com"
216.244.66.229 - - [30/Sep/2022:07:13:10 -0700] "GET /world/ital/bologu01.jpg HTTP/1.1" 200 171806 "-" "Mozilla/5.0 (compatible; DotBot/1.2; +https://opensiteexplorer.org/dotbot; help@moz.com)" "www.ysfine.com"
216.244.66.229 - - [30/Sep/2022:07:13:29 -0700] "GET /world/ital/bologu17.jpg HTTP/1.1" 200 128236 "-" "Mozilla/5.0 (compatible; DotBot/1.2; +https://opensiteexplorer.org/dotbot; help@moz.com)" "www.ysfine.com"
157.55.39.128 - - [30/Sep/2022:07:13:36 -0700] "GET /wdc/washmobird.html HTTP/1.1" 200 367 "-" "Mozilla/5.0 (compatible; bingbot/2.0; +http://www.bing.com/bingbot.htm)" "ysfine.com"
72.10.122.97 - - [30/Sep/2022:07:13:58 -0700] "GET /kowar/tanks/tank03.jpg HTTP/1.1" 200 106726 "https://www.google.com/" "Mozilla/5.0 (X11; CrOS x86_64 14989.85.0) AppleWebKit/537.36 (KHTML, like Gecko) Chrome/105.0.0.0 Safari/537.36" "ysfine.com"
216.244.66.229 - - [30/Sep/2022:07:14:17 -0700] "GET /world/ital/palat29.jpg HTTP/1.1" 200 171848 "-" "Mozilla/5.0 (compatible; DotBot/1.2; +https://opensiteexplorer.org/dotbot; help@moz.com)" "www.ysfine.com"
216.244.66.229 - - [30/Sep/2022:07:14:47 -0700] "GET /world/ital/rome125.jpg HTTP/1.1" 200 98963 "-" "Mozilla/5.0 (compatible; DotBot/1.2; +https://opensiteexplorer.org/dotbot; help@moz.com)" "www.ysfine.com"
157.55.39.58 - - [30/Sep/2022:07:14:47 -0700] "GET /world/china/dalian29.jpg HTTP/1.1" 200 81423 "-" "Mozilla/5.0 (compatible; bingbot/2.0; +http://www.bing.com/bingbot.htm)" "ysfine.com"
216.244.66.229 - - [30/Sep/2022:07:15:16 -0700] "GET /world/ital/verona18.jpg HTTP/1.1" 200 90809 "-" "Mozilla/5.0 (compatible; DotBot/1.2; +https://opensiteexplorer.org/dotbot; help@moz.com)" "www.ysfine.com"
77.75.79.31 - - [30/Sep/2022:07:15:17 -0700] "GET /maga/copislam.html HTTP/1.1" 304 - "-" "Mozilla/5.0 (compatible; SeznamBot/4.0-RC1; +http://napoveda.seznam.cz/seznambot-intro/)" "ysfine.com"
216.162.115.6 - - [30/Sep/2022:07:15:43 -0700] "GET /maga/histo/oscar33.jpg HTTP/1.1" 200 140181 "https://www.bing.com/" "Mozilla/5.0 (Windows NT 10.0; Win64; x64) AppleWebKit/537.36 (KHTML, like Gecko) Chrome/105.0.0.0 Safari/537.36" "www.ysfine.com"
87.116.163.85 - - [30/Sep/2022:07:15:49 -0700] "GET /maga/phys/huy01.jpg HTTP/1.1" 200 348190 "https://www.google.com/" "Mozilla/5.0 (Linux; Android 12; SM-A135F Build/SP1A.210812.016; wv) AppleWebKit/537.36 (KHTML, like Gecko) Version/4.0 Chrome/105.0.5195.136 Mobile Safari/537.36 GoogleApp/13.37.10.26.arm" "ysfine.com"
216.244.66.229 - - [30/Sep/2022:07:16:41 -0700] "GET /friends/aline/panam33.jpg HTTP/1.1" 404 73 "-" "Mozilla/5.0 (compatible; DotBot/1.2; +https://opensiteexplorer.org/dotbot; help@moz.com)" "www.ysfine.com"
157.55.39.128 - - [30/Sep/2022:07:16:44 -0700] "GET /style/musee/berlinmus24.jpg HTTP/1.1" 200 120816 "-" "Mozilla/5.0 (compatible; bingbot/2.0; +http://www.bing.com/bingbot.htm)" "ysfine.com"
216.244.66.229 - - [30/Sep/2022:07:17:10 -0700] "GET /friends/amkor/ewha05.jpg HTTP/1.1" 404 73 "-" "Mozilla/5.0 (compatible; DotBot/1.2; +https://opensiteexplorer.org/dotbot; help@moz.com)" "www.ysfine.com"
49.145.43.35 - - [30/Sep/2022:07:18:37 -0700] "GET /wigner/neum/ymath.jpg HTTP/1.1" 200 64930 "https://www.bing.com/" "Mozilla/5.0 (Windows NT 10.0; Win64; x64) AppleWebKit/537.36 (KHTML, like Gecko) Chrome/105.0.0.0 Safari/537.36 Edg/105.0.1343.53" "ysfine.com"
216.244.66.229 - - [30/Sep/2022:07:18:39 -0700] "GET /world/china/beijing056.jpg HTTP/1.1" 200 88022 "-" "Mozilla/5.0 (compatible; DotBot/1.2; +https://opensiteexplorer.org/dotbot; help@moz.com)" "www.ysfine.com"
216.244.66.229 - - [30/Sep/2022:07:19:09 -0700] "GET /world/ital/vatican42.jpg HTTP/1.1" 200 127513 "-" "Mozilla/5.0 (compatible; DotBot/1.2; +https://opensiteexplorer.org/dotbot; help@moz.com)" "www.ysfine.com"
216.244.66.229 - - [30/Sep/2022:07:19:38 -0700] "GET /world/russ/minsk023.jpg HTTP/1.1" 200 166605 "-" "Mozilla/5.0 (compatible; DotBot/1.2; +https://opensiteexplorer.org/dotbot; help@moz.com)" "www.ysfine.com"
157.55.39.55 - - [30/Sep/2022:07:20:12 -0700] "GET /kobak/rok48b.jpg HTTP/1.1" 200 66570 "-" "Mozilla/5.0 (compatible; bingbot/2.0; +http://www.bing.com/bingbot.htm)" "ysfine.com"
157.55.39.127 - - [30/Sep/2022:07:20:36 -0700] "GET /wdc/washmo26.jpg HTTP/1.1" 200 71627 "-" "Mozilla/5.0 (compatible; bingbot/2.0; +http://www.bing.com/bingbot.htm)" "www.ysfine.com"
207.46.13.102 - - [30/Sep/2022:07:21:41 -0700] "GET /wdc/vernon05.jpg HTTP/1.1" 200 151864 "-" "Mozilla/5.0 (compatible; bingbot/2.0; +http://www.bing.com/bingbot.htm)" "www.ysfine.com"
157.55.39.55 - - [30/Sep/2022:07:22:02 -0700] "GET /saram/d017.jpg HTTP/1.1" 200 77986 "-" "Mozilla/5.0 AppleWebKit/537.36 (KHTML, like Gecko; compatible; bingbot/2.0; +http://www.bing.com/bingbot.htm) Chrome/103.0.5060.134 Safari/537.36" "www.ysfine.com"
216.244.66.229 - - [30/Sep/2022:07:22:13 -0700] "GET /princeton/cleve.html HTTP/1.1" 200 1111 "-" "Mozilla/5.0 (compatible; DotBot/1.2; +https://opensiteexplorer.org/dotbot; help@moz.com)" "www.ysfine.com"
17.121.112.146 - - [30/Sep/2022:07:23:14 -0700] "GET /home/hmtop.html HTTP/1.1" 200 447 "https://ysfine.com/home/index.html" "Mozilla/5.0 (Macintosh; Intel Mac OS X 10_15_5) AppleWebKit/605.1.15 (KHTML, like Gecko) Version/13.1.1 Safari/605.1.15 (Applebot/0.1; +http://www.apple.com/go/applebot)" "ysfine.com"
17.121.112.15 - - [30/Sep/2022:07:23:15 -0700] "GET /home/hmbot.html HTTP/1.1" 200 132 "https://ysfine.com/home/index.html" "Mozilla/5.0 (Macintosh; Intel Mac OS X 10_15_5) AppleWebKit/605.1.15 (KHTML, like Gecko) Version/13.1.1 Safari/605.1.15 (Applebot/0.1; +http://www.apple.com/go/applebot)" "ysfine.com"
216.244.66.229 - - [30/Sep/2022:07:23:15 -0700] "GET /class54/tallm02.jpg HTTP/1.1" 200 179311 "-" "Mozilla/5.0 (compatible; DotBot/1.2; +https://opensiteexplorer.org/dotbot; help@moz.com)" "www.ysfine.com"
17.121.112.15 - - [30/Sep/2022:07:23:15 -0700] "GET /home/hmrigh.html HTTP/1.1" 200 4212 "https://ysfine.com/home/hmbot.html" "Mozilla/5.0 (Macintosh; Intel Mac OS X 10_15_5) AppleWebKit/605.1.15 (KHTML, like Gecko) Version/13.1.1 Safari/605.1.15 (Applebot/0.1; +http://www.apple.com/go/applebot)" "ysfine.com"
17.121.112.146 - - [30/Sep/2022:07:23:16 -0700] "GET /home/hmleft.html HTTP/1.1" 200 853 "https://ysfine.com/home/hmbot.html" "Mozilla/5.0 (Macintosh; Intel Mac OS X 10_15_5) AppleWebKit/605.1.15 (KHTML, like Gecko) Version/13.1.1 Safari/605.1.15 (Applebot/0.1; +http://www.apple.com/go/applebot)" "ysfine.com"
216.244.66.229 - - [30/Sep/2022:07:23:35 -0700] "GET /wdc/corco11.jpg HTTP/1.1" 200 106128 "-" "Mozilla/5.0 (compatible; DotBot/1.2; +https://opensiteexplorer.org/dotbot; help@moz.com)" "www.ysfine.com"
66.249.66.44 - - [30/Sep/2022:07:23:43 -0700] "GET /princeton/pcomm01.jpg HTTP/1.1" 304 - "-" "Googlebot-Image/1.0" "ysfine.com"
173.73.80.118 - - [30/Sep/2022:07:23:43 -0700] "GET /ys11/ HTTP/1.1" 304 - "-" "Mozilla/5.0 (Windows NT 10.0; Win64; x64) AppleWebKit/537.36 (KHTML, like Gecko) Chrome/105.0.0.0 Safari/537.36 Edg/105.0.1343.53" "ysfine.com"
173.73.80.118 - - [30/Sep/2022:07:23:43 -0700] "GET /favicon.ico HTTP/1.1" 404 88 "https://ysfine.com/ys11/" "Mozilla/5.0 (Windows NT 10.0; Win64; x64) AppleWebKit/537.36 (KHTML, like Gecko) Chrome/105.0.0.0 Safari/537.36 Edg/105.0.1343.53" "ysfine.com"
216.244.66.229 - - [30/Sep/2022:07:24:09 -0700] "GET /kobak/nicodem11.jpg HTTP/1.1" 200 240297 "-" "Mozilla/5.0 (compatible; DotBot/1.2; +https://opensiteexplorer.org/dotbot; help@moz.com)" "www.ysfine.com"
40.77.167.27 - - [30/Sep/2022:07:25:57 -0700] "GET /world/france/nice121.jpg HTTP/1.1" 200 91630 "-" "Mozilla/5.0 AppleWebKit/537.36 (KHTML, like Gecko; compatible; bingbot/2.0; +http://www.bing.com/bingbot.htm) Chrome/103.0.5060.134 Safari/537.36" "ysfine.com"
66.249.66.93 - - [30/Sep/2022:07:26:00 -0700] "GET /kobak/sorae/grandpa.jpg HTTP/1.1" 304 - "-" "Googlebot-Image/1.0" "ysfine.com"
157.55.39.128 - - [30/Sep/2022:07:26:06 -0700] "GET /world/russ/minsk002b.jpg HTTP/1.1" 200 28977 "-" "Mozilla/5.0 (compatible; bingbot/2.0; +http://www.bing.com/bingbot.htm)" "ysfine.com"
157.55.39.127 - - [30/Sep/2022:07:26:07 -0700] "GET /world/france/lilas07.jpg HTTP/1.1" 200 80169 "-" "Mozilla/5.0 (compatible; bingbot/2.0; +http://www.bing.com/bingbot.htm)" "www.ysfine.com"
123.183.224.89 - - [30/Sep/2022:07:26:38 -0700] "GET / HTTP/1.1" 200 5283 "-" "Sogou web spider/4.0(+http://www.sogou.com/docs/help/webmasters.htm#07)" "www.ysfine.com"
136.226.73.113 - - [30/Sep/2022:07:27:24 -0700] "GET /feynman/feyn86b.jpg HTTP/1.1" 200 26190 "https://www.google.com/" "Mozilla/5.0 (Windows NT 10.0; Win64; x64) AppleWebKit/537.36 (KHTML, like Gecko) Chrome/105.0.0.0 Safari/537.36" "ysfine.com"
157.55.39.127 - - [30/Sep/2022:07:27:27 -0700] "GET /dirac/dirac84b.jpg HTTP/1.1" 200 42763 "-" "Mozilla/5.0 (compatible; bingbot/2.0; +http://www.bing.com/bingbot.htm)" "ysfine.com"
157.55.39.55 - - [30/Sep/2022:07:27:44 -0700] "GET /maga/phys/schrod22b.jpg HTTP/1.1" 200 25954 "-" "Mozilla/5.0 AppleWebKit/537.36 (KHTML, like Gecko; compatible; bingbot/2.0; +http://www.bing.com/bingbot.htm) Chrome/103.0.5060.134 Safari/537.36" "www.ysfine.com"
66.249.66.43 - - [30/Sep/2022:07:28:47 -0700] "GET /eink/dirackn900.jpg HTTP/1.1" 200 121605 "-" "Googlebot-Image/1.0" "ysfine.com"
173.73.80.118 - - [30/Sep/2022:07:29:27 -0700] "GET /ys11/index.html HTTP/1.1" 304 - "-" "Mozilla/5.0 (Windows NT 10.0; Win64; x64) AppleWebKit/537.36 (KHTML, like Gecko) Chrome/105.0.0.0 Safari/537.36 Edg/105.0.1343.53" "www.ysfine.com"
173.73.80.118 - - [30/Sep/2022:07:29:27 -0700] "GET /favicon.ico HTTP/1.1" 404 88 "https://www.ysfine.com/ys11/index.html" "Mozilla/5.0 (Windows NT 10.0; Win64; x64) AppleWebKit/537.36 (KHTML, like Gecko) Chrome/105.0.0.0 Safari/537.36 Edg/105.0.1343.53" "www.ysfine.com"
66.249.66.30 - - [30/Sep/2022:07:30:44 -0700] "GET /kobak/underw12.jpg HTTP/1.1" 200 105170 "-" "Googlebot-Image/1.0" "ysfine.com"
157.55.39.127 - - [30/Sep/2022:07:31:59 -0700] "GET /sbk/index.html HTTP/1.1" 200 198 "-" "Mozilla/5.0 (compatible; bingbot/2.0; +http://www.bing.com/bingbot.htm)" "www.ysfine.com"
173.18.109.129 - - [30/Sep/2022:07:32:58 -0700] "GET /princeton/dulles.jpg HTTP/1.1" 200 84176 "https://www.google.com/" "Mozilla/5.0 (iPhone; CPU iPhone OS 15_6 like Mac OS X) AppleWebKit/605.1.15 (KHTML, like Gecko) CriOS/105.0.5195.147 Mobile/15E148 Safari/604.1" "ysfine.com"
173.18.109.129 - - [30/Sep/2022:07:33:01 -0700] "GET /princeton/dulles.jpg HTTP/1.1" 200 84176 "https://www.google.com/search?q=john+foster+dulles+korea&rlz=1CDGOYI_enUS783US784&hl=en-US&prmd=inmv&source=lnms&tbm=isch&sa=X&ved=2ahUKEwiuit_u3bz6AhVZLkQIHTo5AWcQ_AUoAXoECAMQAQ&biw=390&bih=669&dpr=3" "Mozilla/5.0 (iPhone; CPU iPhone OS 15_6 like Mac OS X) AppleWebKit/605.1.15 (KHTML, like Gecko) CriOS/105.0.5195.147 Mobile/15E148 Safari/604.1" "ysfine.com"
116.206.137.44 - - [30/Sep/2022:07:34:15 -0700] "GET /kobak/1014c.jpg HTTP/1.1" 200 164928 "https://www.google.com/" "Mozilla/5.0 (Linux; Android 9; Redmi 6) AppleWebKit/537.36 (KHTML, like Gecko) Chrome/105.0.0.0 Mobile Safari/537.36" "ysfine.com"
157.55.39.127 - - [30/Sep/2022:07:34:48 -0700] "GET /wdc/kopol.html HTTP/1.1" 200 6514 "-" "Mozilla/5.0 (compatible; bingbot/2.0; +http://www.bing.com/bingbot.htm)" "ysfine.com"
157.39.32.154 - - [30/Sep/2022:07:34:53 -0700] "GET /einstein/heisenberg.html HTTP/1.1" 200 10552 "https://www.google.com/" "Mozilla/5.0 (Linux; Android 11; M2003J15SC) AppleWebKit/537.36 (KHTML, like Gecko) Chrome/94.0.4606.85 Mobile Safari/537.36" "ysfine.com"
157.39.32.154 - - [30/Sep/2022:07:34:54 -0700] "GET /wigner/wigheis11c.jpg HTTP/1.1" 200 41279 "https://ysfine.com/einstein/heisenberg.html" "Mozilla/5.0 (Linux; Android 11; M2003J15SC) AppleWebKit/537.36 (KHTML, like Gecko) Chrome/94.0.4606.85 Mobile Safari/537.36" "ysfine.com"
157.39.32.154 - - [30/Sep/2022:07:34:54 -0700] "GET /heisen/heisen66c.jpg HTTP/1.1" 200 43543 "https://ysfine.com/einstein/heisenberg.html" "Mozilla/5.0 (Linux; Android 11; M2003J15SC) AppleWebKit/537.36 (KHTML, like Gecko) Chrome/94.0.4606.85 Mobile Safari/537.36" "ysfine.com"
157.39.32.154 - - [30/Sep/2022:07:34:54 -0700] "GET /heisen/bohrheisen11c.jpg HTTP/1.1" 200 41289 "https://ysfine.com/einstein/heisenberg.html" "Mozilla/5.0 (Linux; Android 11; M2003J15SC) AppleWebKit/537.36 (KHTML, like Gecko) Chrome/94.0.4606.85 Mobile Safari/537.36" "ysfine.com"
157.39.32.154 - - [30/Sep/2022:07:34:54 -0700] "GET /heisen/schroheisen33c.jpg HTTP/1.1" 200 47347 "https://ysfine.com/einstein/heisenberg.html" "Mozilla/5.0 (Linux; Android 11; M2003J15SC) AppleWebKit/537.36 (KHTML, like Gecko) Chrome/94.0.4606.85 Mobile Safari/537.36" "ysfine.com"
157.39.32.154 - - [30/Sep/2022:07:34:54 -0700] "GET /einstein/einhouse11c.jpg HTTP/1.1" 200 32610 "https://ysfine.com/einstein/heisenberg.html" "Mozilla/5.0 (Linux; Android 11; M2003J15SC) AppleWebKit/537.36 (KHTML, like Gecko) Chrome/94.0.4606.85 Mobile Safari/537.36" "ysfine.com"
157.39.32.154 - - [30/Sep/2022:07:34:54 -0700] "GET /einstein/fantova/fanto11c.jpg HTTP/1.1" 200 48308 "https://ysfine.com/einstein/heisenberg.html" "Mozilla/5.0 (Linux; Android 11; M2003J15SC) AppleWebKit/537.36 (KHTML, like Gecko) Chrome/94.0.4606.85 Mobile Safari/537.36" "ysfine.com"
157.39.32.154 - - [30/Sep/2022:07:34:54 -0700] "GET /einstein/einbohr33c.jpg HTTP/1.1" 200 36410 "https://ysfine.com/einstein/heisenberg.html" "Mozilla/5.0 (Linux; Android 11; M2003J15SC) AppleWebKit/537.36 (KHTML, like Gecko) Chrome/94.0.4606.85 Mobile Safari/537.36" "ysfine.com"
157.39.32.154 - - [30/Sep/2022:07:34:54 -0700] "GET /einstein/tsepa11c.jpg HTTP/1.1" 200 28691 "https://ysfine.com/einstein/heisenberg.html" "Mozilla/5.0 (Linux; Android 11; M2003J15SC) AppleWebKit/537.36 (KHTML, like Gecko) Chrome/94.0.4606.85 Mobile Safari/537.36" "ysfine.com"
157.39.32.154 - - [30/Sep/2022:07:34:54 -0700] "GET /dirac/2osc22c.jpg HTTP/1.1" 200 28929 "https://ysfine.com/einstein/heisenberg.html" "Mozilla/5.0 (Linux; Android 11; M2003J15SC) AppleWebKit/537.36 (KHTML, like Gecko) Chrome/94.0.4606.85 Mobile Safari/537.36" "ysfine.com"
157.39.32.154 - - [30/Sep/2022:07:34:54 -0700] "GET /eink/pwk19c.jpg HTTP/1.1" 200 57759 "https://ysfine.com/einstein/heisenberg.html" "Mozilla/5.0 (Linux; Android 11; M2003J15SC) AppleWebKit/537.36 (KHTML, like Gecko) Chrome/94.0.4606.85 Mobile Safari/537.36" "ysfine.com"
157.39.32.154 - - [30/Sep/2022:07:34:54 -0700] "GET /dirac/o32c.jpg HTTP/1.1" 200 30707 "https://ysfine.com/einstein/heisenberg.html" "Mozilla/5.0 (Linux; Android 11; M2003J15SC) AppleWebKit/537.36 (KHTML, like Gecko) Chrome/94.0.4606.85 Mobile Safari/537.36" "ysfine.com"
157.39.32.154 - - [30/Sep/2022:07:34:54 -0700] "GET /wigner/wigkim11c.jpg HTTP/1.1" 200 30443 "https://ysfine.com/einstein/heisenberg.html" "Mozilla/5.0 (Linux; Android 11; M2003J15SC) AppleWebKit/537.36 (KHTML, like Gecko) Chrome/94.0.4606.85 Mobile Safari/537.36" "ysfine.com"
157.39.32.154 - - [30/Sep/2022:07:34:54 -0700] "GET /dirac/dirheisen31c.jpg HTTP/1.1" 200 43569 "https://ysfine.com/einstein/heisenberg.html" "Mozilla/5.0 (Linux; Android 11; M2003J15SC) AppleWebKit/537.36 (KHTML, like Gecko) Chrome/94.0.4606.85 Mobile Safari/537.36" "ysfine.com"
157.39.32.154 - - [30/Sep/2022:07:34:54 -0700] "GET /einstein/texfiles/einheis01.jpg HTTP/1.1" 200 32456 "https://ysfine.com/einstein/heisenberg.html" "Mozilla/5.0 (Linux; Android 11; M2003J15SC) AppleWebKit/537.36 (KHTML, like Gecko) Chrome/94.0.4606.85 Mobile Safari/537.36" "ysfine.com"
157.39.32.154 - - [30/Sep/2022:07:34:54 -0700] "GET /heisen/heisen22c.jpg HTTP/1.1" 200 33300 "https://ysfine.com/einstein/heisenberg.html" "Mozilla/5.0 (Linux; Android 11; M2003J15SC) AppleWebKit/537.36 (KHTML, like Gecko) Chrome/94.0.4606.85 Mobile Safari/537.36" "ysfine.com"
157.39.32.154 - - [30/Sep/2022:07:34:54 -0700] "GET /einstein/texfiles/einheis03.jpg HTTP/1.1" 200 46000 "https://ysfine.com/einstein/heisenberg.html" "Mozilla/5.0 (Linux; Android 11; M2003J15SC) AppleWebKit/537.36 (KHTML, like Gecko) Chrome/94.0.4606.85 Mobile Safari/537.36" "ysfine.com"
157.39.32.154 - - [30/Sep/2022:07:34:54 -0700] "GET /maga/phys/yukadirac53c.jpg HTTP/1.1" 200 40447 "https://ysfine.com/einstein/heisenberg.html" "Mozilla/5.0 (Linux; Android 11; M2003J15SC) AppleWebKit/537.36 (KHTML, like Gecko) Chrome/94.0.4606.85 Mobile Safari/537.36" "ysfine.com"
157.39.32.154 - - [30/Sep/2022:07:34:54 -0700] "GET /wigner/wighome11c.jpg HTTP/1.1" 200 45648 "https://ysfine.com/einstein/heisenberg.html" "Mozilla/5.0 (Linux; Android 11; M2003J15SC) AppleWebKit/537.36 (KHTML, like Gecko) Chrome/94.0.4606.85 Mobile Safari/537.36" "ysfine.com"
157.39.32.154 - - [30/Sep/2022:07:34:54 -0700] "GET /einstein/math/sp2c.jpg HTTP/1.1" 200 29719 "https://ysfine.com/einstein/heisenberg.html" "Mozilla/5.0 (Linux; Android 11; M2003J15SC) AppleWebKit/537.36 (KHTML, like Gecko) Chrome/94.0.4606.85 Mobile Safari/537.36" "ysfine.com"
157.39.32.154 - - [30/Sep/2022:07:34:54 -0700] "GET /einstein/texfiles/einheis02.jpg HTTP/1.1" 200 27605 "https://ysfine.com/einstein/heisenberg.html" "Mozilla/5.0 (Linux; Android 11; M2003J15SC) AppleWebKit/537.36 (KHTML, like Gecko) Chrome/94.0.4606.85 Mobile Safari/537.36" "ysfine.com"
157.39.32.154 - - [30/Sep/2022:07:34:54 -0700] "GET /dirac/o32inho22c.jpg HTTP/1.1" 200 33038 "https://ysfine.com/einstein/heisenberg.html" "Mozilla/5.0 (Linux; Android 11; M2003J15SC) AppleWebKit/537.36 (KHTML, like Gecko) Chrome/94.0.4606.85 Mobile Safari/537.36" "ysfine.com"
157.39.32.154 - - [30/Sep/2022:07:34:54 -0700] "GET /einstein/texfiles/einheis05.jpg HTTP/1.1" 200 31679 "https://ysfine.com/einstein/heisenberg.html" "Mozilla/5.0 (Linux; Android 11; M2003J15SC) AppleWebKit/537.36 (KHTML, like Gecko) Chrome/94.0.4606.85 Mobile Safari/537.36" "ysfine.com"
157.39.32.154 - - [30/Sep/2022:07:34:54 -0700] "GET /home/figs/sq55c.jpg HTTP/1.1" 200 29581 "https://ysfine.com/einstein/heisenberg.html" "Mozilla/5.0 (Linux; Android 11; M2003J15SC) AppleWebKit/537.36 (KHTML, like Gecko) Chrome/94.0.4606.85 Mobile Safari/537.36" "ysfine.com"
157.39.32.154 - - [30/Sep/2022:07:34:54 -0700] "GET /feynman/ppic/parton88a.jpg HTTP/1.1" 200 55506 "https://ysfine.com/einstein/heisenberg.html" "Mozilla/5.0 (Linux; Android 11; M2003J15SC) AppleWebKit/537.36 (KHTML, like Gecko) Chrome/94.0.4606.85 Mobile Safari/537.36" "ysfine.com"
157.39.32.154 - - [30/Sep/2022:07:35:03 -0700] "GET /favicon.ico HTTP/1.1" 404 88 "https://ysfine.com/einstein/heisenberg.html" "Mozilla/5.0 (Linux; Android 11; M2003J15SC) AppleWebKit/537.36 (KHTML, like Gecko) Chrome/94.0.4606.85 Mobile Safari/537.36" "ysfine.com"
207.46.13.102 - - [30/Sep/2022:07:35:21 -0700] "GET /wigner/neum/neuim.jpg HTTP/1.1" 200 75456 "-" "Mozilla/5.0 (compatible; bingbot/2.0; +http://www.bing.com/bingbot.htm)" "ysfine.com"
66.249.66.3 - - [30/Sep/2022:07:36:02 -0700] "GET /kobak/rhee12.jpg HTTP/1.1" 200 235392 "-" "Googlebot-Image/1.0" "ysfine.com"
220.64.105.254 - - [30/Sep/2022:07:37:02 -0700] "GET /princeton/campus.html HTTP/1.1" 200 15142 "-" "Mozilla/5.0 (Macintosh; Intel Mac OS X 10_15_6) AppleWebKit/537.36 (KHTML, like Gecko) Chrome/85.0.4183.83 Safari/537.36" "ysfine.com"
77.88.5.253 - - [30/Sep/2022:07:38:16 -0700] "GET /world/russ/mosgov11.jpg HTTP/1.1" 200 85756 "-" "Mozilla/5.0 (compatible; YandexImages/3.0; +http://yandex.com/bots)" "ysfine.com"
66.249.66.30 - - [30/Sep/2022:07:38:37 -0700] "GET /eink/church06.jpg HTTP/1.1" 200 175170 "-" "Googlebot-Image/1.0" "ysfine.com"
66.249.66.3 - - [30/Sep/2022:07:38:59 -0700] "GET /kobak/underw06b.jpg HTTP/1.1" 200 51332 "-" "Googlebot-Image/1.0" "ysfine.com"
157.55.39.128 - - [30/Sep/2022:07:39:17 -0700] "GET /world/poland/degalle33.jpg HTTP/1.1" 200 91700 "-" "Mozilla/5.0 AppleWebKit/537.36 (KHTML, like Gecko; compatible; bingbot/2.0; +http://www.bing.com/bingbot.htm) Chrome/103.0.5060.134 Safari/537.36" "www.ysfine.com"
66.249.66.214 - - [30/Sep/2022:07:39:21 -0700] "GET /eink/comet40f.jpg HTTP/1.1" 200 97314 "-" "Googlebot-Image/1.0" "ysfine.com"
223.62.212.148 - - [30/Sep/2022:07:40:15 -0700] "GET /heisen/heisen54.html?fbclid=IwAR3YMjBhf7DgaaEazdRTNPKjE_S5DBhhGKt_xVHvL6SG01VcshVVu7HfYMo HTTP/1.1" 200 4526 "https://m.facebook.com/" "Mozilla/5.0 (Linux; Android 9; SM-N935S) AppleWebKit/537.36 (KHTML, like Gecko) Chrome/105.0.0.0 Mobile Safari/537.36" "ysfine.com"
223.62.212.148 - - [30/Sep/2022:07:40:16 -0700] "GET /heisen/heisen33b.jpg HTTP/1.1" 200 78035 "https://ysfine.com/heisen/heisen54.html?fbclid=IwAR3YMjBhf7DgaaEazdRTNPKjE_S5DBhhGKt_xVHvL6SG01VcshVVu7HfYMo" "Mozilla/5.0 (Linux; Android 9; SM-N935S) AppleWebKit/537.36 (KHTML, like Gecko) Chrome/105.0.0.0 Mobile Safari/537.36" "ysfine.com"
223.62.212.148 - - [30/Sep/2022:07:40:16 -0700] "GET /wigner/wigkim11b.jpg HTTP/1.1" 200 38616 "https://ysfine.com/heisen/heisen54.html?fbclid=IwAR3YMjBhf7DgaaEazdRTNPKjE_S5DBhhGKt_xVHvL6SG01VcshVVu7HfYMo" "Mozilla/5.0 (Linux; Android 9; SM-N935S) AppleWebKit/537.36 (KHTML, like Gecko) Chrome/105.0.0.0 Mobile Safari/537.36" "ysfine.com"
223.62.212.148 - - [30/Sep/2022:07:40:16 -0700] "GET /einstein/math/sp2b.jpg HTTP/1.1" 200 27631 "https://ysfine.com/heisen/heisen54.html?fbclid=IwAR3YMjBhf7DgaaEazdRTNPKjE_S5DBhhGKt_xVHvL6SG01VcshVVu7HfYMo" "Mozilla/5.0 (Linux; Android 9; SM-N935S) AppleWebKit/537.36 (KHTML, like Gecko) Chrome/105.0.0.0 Mobile Safari/537.36" "ysfine.com"
223.62.212.148 - - [30/Sep/2022:07:40:16 -0700] "GET /einstein/pics/minsk10b.jpg HTTP/1.1" 200 14905 "https://ysfine.com/heisen/heisen54.html?fbclid=IwAR3YMjBhf7DgaaEazdRTNPKjE_S5DBhhGKt_xVHvL6SG01VcshVVu7HfYMo" "Mozilla/5.0 (Linux; Android 9; SM-N935S) AppleWebKit/537.36 (KHTML, like Gecko) Chrome/105.0.0.0 Mobile Safari/537.36" "ysfine.com"
223.62.212.148 - - [30/Sep/2022:07:40:16 -0700] "GET /einstein/pics/minsk11b.jpg HTTP/1.1" 200 19923 "https://ysfine.com/heisen/heisen54.html?fbclid=IwAR3YMjBhf7DgaaEazdRTNPKjE_S5DBhhGKt_xVHvL6SG01VcshVVu7HfYMo" "Mozilla/5.0 (Linux; Android 9; SM-N935S) AppleWebKit/537.36 (KHTML, like Gecko) Chrome/105.0.0.0 Mobile Safari/537.36" "ysfine.com"
223.62.212.148 - - [30/Sep/2022:07:40:16 -0700] "GET /einstein/pics/minsk21d.jpg HTTP/1.1" 200 45622 "https://ysfine.com/heisen/heisen54.html?fbclid=IwAR3YMjBhf7DgaaEazdRTNPKjE_S5DBhhGKt_xVHvL6SG01VcshVVu7HfYMo" "Mozilla/5.0 (Linux; Android 9; SM-N935S) AppleWebKit/537.36 (KHTML, like Gecko) Chrome/105.0.0.0 Mobile Safari/537.36" "ysfine.com"
223.62.212.148 - - [30/Sep/2022:07:40:16 -0700] "GET /dirac/2osc22c.jpg HTTP/1.1" 200 28929 "https://ysfine.com/heisen/heisen54.html?fbclid=IwAR3YMjBhf7DgaaEazdRTNPKjE_S5DBhhGKt_xVHvL6SG01VcshVVu7HfYMo" "Mozilla/5.0 (Linux; Android 9; SM-N935S) AppleWebKit/537.36 (KHTML, like Gecko) Chrome/105.0.0.0 Mobile Safari/537.36" "ysfine.com"
