165.73.242.13 - - [30/Sep/2022:13:59:47 -0700] "GET /kobak/taylor400.jpg HTTP/1.1" 200 56181 "https://ysfine.com/awards/index.html" "Mozilla/5.0 (Macintosh; Intel Mac OS X 10_15_7) AppleWebKit/537.36 (KHTML, like Gecko) Chrome/103.0.0.0 Safari/537.36" "ysfine.com"
173.252.83.116 - - [30/Sep/2022:13:59:50 -0700] "GET /eink/ewk86f.jpg HTTP/1.1" 200 122173 "-" "facebookexternalhit/1.1 (+http://www.facebook.com/externalhit_uatext.php)" "ysfine.com"
165.73.242.13 - - [30/Sep/2022:13:59:51 -0700] "GET /favicon.ico HTTP/1.1" 404 88 "https://ysfine.com/awards/index.html" "Mozilla/5.0 (Macintosh; Intel Mac OS X 10_15_7) AppleWebKit/537.36 (KHTML, like Gecko) Chrome/103.0.0.0 Safari/537.36" "ysfine.com"
165.73.242.13 - - [30/Sep/2022:14:00:00 -0700] "GET /awards/top100f.jpg HTTP/1.1" 200 204255 "https://ysfine.com/awards/index.html" "Mozilla/5.0 (Macintosh; Intel Mac OS X 10_15_7) AppleWebKit/537.36 (KHTML, like Gecko) Chrome/103.0.0.0 Safari/537.36" "ysfine.com"
165.73.242.13 - - [30/Sep/2022:14:00:18 -0700] "GET /awards/eward33.jpg HTTP/1.1" 200 118028 "https://www.google.com/" "Mozilla/5.0 (Macintosh; Intel Mac OS X 10_15_7) AppleWebKit/537.36 (KHTML, like Gecko) Chrome/103.0.0.0 Safari/537.36" "ysfine.com"
165.73.242.13 - - [30/Sep/2022:14:00:59 -0700] "GET /eink/index.html HTTP/1.1" 200 17659 "https://ysfine.com/awards/index.html" "Mozilla/5.0 (Macintosh; Intel Mac OS X 10_15_7) AppleWebKit/537.36 (KHTML, like Gecko) Chrome/103.0.0.0 Safari/537.36" "ysfine.com"
165.73.242.13 - - [30/Sep/2022:14:01:01 -0700] "GET /eink/lorentz21c.jpg HTTP/1.1" 200 36448 "https://ysfine.com/eink/index.html" "Mozilla/5.0 (Macintosh; Intel Mac OS X 10_15_7) AppleWebKit/537.36 (KHTML, like Gecko) Chrome/103.0.0.0 Safari/537.36" "ysfine.com"
165.73.242.13 - - [30/Sep/2022:14:01:01 -0700] "GET /einstein/einglaub01c.jpg HTTP/1.1" 200 36935 "https://ysfine.com/eink/index.html" "Mozilla/5.0 (Macintosh; Intel Mac OS X 10_15_7) AppleWebKit/537.36 (KHTML, like Gecko) Chrome/103.0.0.0 Safari/537.36" "ysfine.com"
165.73.242.13 - - [30/Sep/2022:14:01:01 -0700] "GET /style/ysnr11c.jpg HTTP/1.1" 200 34793 "https://ysfine.com/eink/index.html" "Mozilla/5.0 (Macintosh; Intel Mac OS X 10_15_7) AppleWebKit/537.36 (KHTML, like Gecko) Chrome/103.0.0.0 Safari/537.36" "ysfine.com"
165.73.242.13 - - [30/Sep/2022:14:01:01 -0700] "GET /eink/einhouse11c.jpg HTTP/1.1" 200 32610 "https://ysfine.com/eink/index.html" "Mozilla/5.0 (Macintosh; Intel Mac OS X 10_15_7) AppleWebKit/537.36 (KHTML, like Gecko) Chrome/103.0.0.0 Safari/537.36" "ysfine.com"
165.73.242.13 - - [30/Sep/2022:14:01:01 -0700] "GET /eink/iop21c.jpg HTTP/1.1" 200 31991 "https://ysfine.com/eink/index.html" "Mozilla/5.0 (Macintosh; Intel Mac OS X 10_15_7) AppleWebKit/537.36 (KHTML, like Gecko) Chrome/103.0.0.0 Safari/537.36" "ysfine.com"
165.73.242.13 - - [30/Sep/2022:14:01:01 -0700] "GET /eink/weber88c.jpg HTTP/1.1" 200 24641 "https://ysfine.com/eink/index.html" "Mozilla/5.0 (Macintosh; Intel Mac OS X 10_15_7) AppleWebKit/537.36 (KHTML, like Gecko) Chrome/103.0.0.0 Safari/537.36" "ysfine.com"
165.73.242.13 - - [30/Sep/2022:14:01:01 -0700] "GET /eink/einsaru22f.jpg HTTP/1.1" 200 76202 "https://ysfine.com/eink/index.html" "Mozilla/5.0 (Macintosh; Intel Mac OS X 10_15_7) AppleWebKit/537.36 (KHTML, like Gecko) Chrome/103.0.0.0 Safari/537.36" "ysfine.com"
165.73.242.13 - - [30/Sep/2022:14:01:02 -0700] "GET /eink/einhaus11c.jpg HTTP/1.1" 200 42522 "https://ysfine.com/eink/index.html" "Mozilla/5.0 (Macintosh; Intel Mac OS X 10_15_7) AppleWebKit/537.36 (KHTML, like Gecko) Chrome/103.0.0.0 Safari/537.36" "ysfine.com"
165.73.242.13 - - [30/Sep/2022:14:01:02 -0700] "GET /eink/ecitizen40c.jpg HTTP/1.1" 200 29979 "https://ysfine.com/eink/index.html" "Mozilla/5.0 (Macintosh; Intel Mac OS X 10_15_7) AppleWebKit/537.36 (KHTML, like Gecko) Chrome/103.0.0.0 Safari/537.36" "ysfine.com"
165.73.242.13 - - [30/Sep/2022:14:01:02 -0700] "GET /eink/abomb66c.jpg HTTP/1.1" 200 22350 "https://ysfine.com/eink/index.html" "Mozilla/5.0 (Macintosh; Intel Mac OS X 10_15_7) AppleWebKit/537.36 (KHTML, like Gecko) Chrome/103.0.0.0 Safari/537.36" "ysfine.com"
165.73.242.13 - - [30/Sep/2022:14:01:02 -0700] "GET /eink/abombs11c.jpg HTTP/1.1" 200 27039 "https://ysfine.com/eink/index.html" "Mozilla/5.0 (Macintosh; Intel Mac OS X 10_15_7) AppleWebKit/537.36 (KHTML, like Gecko) Chrome/103.0.0.0 Safari/537.36" "ysfine.com"
165.73.242.13 - - [30/Sep/2022:14:01:03 -0700] "GET /wigner/wigheis11c.jpg HTTP/1.1" 200 41279 "https://ysfine.com/eink/index.html" "Mozilla/5.0 (Macintosh; Intel Mac OS X 10_15_7) AppleWebKit/537.36 (KHTML, like Gecko) Chrome/103.0.0.0 Safari/537.36" "ysfine.com"
165.73.242.13 - - [30/Sep/2022:14:01:03 -0700] "GET /eink/einbern66c.jpg HTTP/1.1" 200 51134 "https://ysfine.com/eink/index.html" "Mozilla/5.0 (Macintosh; Intel Mac OS X 10_15_7) AppleWebKit/537.36 (KHTML, like Gecko) Chrome/103.0.0.0 Safari/537.36" "ysfine.com"
165.73.242.13 - - [30/Sep/2022:14:01:03 -0700] "GET /eink/pwk33c.jpg HTTP/1.1" 200 30700 "https://ysfine.com/eink/index.html" "Mozilla/5.0 (Macintosh; Intel Mac OS X 10_15_7) AppleWebKit/537.36 (KHTML, like Gecko) Chrome/103.0.0.0 Safari/537.36" "ysfine.com"
165.73.242.13 - - [30/Sep/2022:14:01:03 -0700] "GET /eink/timemag46c.jpg HTTP/1.1" 200 49661 "https://ysfine.com/eink/index.html" "Mozilla/5.0 (Macintosh; Intel Mac OS X 10_15_7) AppleWebKit/537.36 (KHTML, like Gecko) Chrome/103.0.0.0 Safari/537.36" "ysfine.com"
165.73.242.13 - - [30/Sep/2022:14:01:03 -0700] "GET /kowar/tanks/tank05c.jpg HTTP/1.1" 200 33583 "https://ysfine.com/eink/index.html" "Mozilla/5.0 (Macintosh; Intel Mac OS X 10_15_7) AppleWebKit/537.36 (KHTML, like Gecko) Chrome/103.0.0.0 Safari/537.36" "ysfine.com"
165.73.242.13 - - [30/Sep/2022:14:01:04 -0700] "GET /eink/enterprize61c.jpg HTTP/1.1" 200 40611 "https://ysfine.com/eink/index.html" "Mozilla/5.0 (Macintosh; Intel Mac OS X 10_15_7) AppleWebKit/537.36 (KHTML, like Gecko) Chrome/103.0.0.0 Safari/537.36" "ysfine.com"
165.73.242.13 - - [30/Sep/2022:14:01:04 -0700] "GET /eink/berlinmus05c.jpg HTTP/1.1" 200 33956 "https://ysfine.com/eink/index.html" "Mozilla/5.0 (Macintosh; Intel Mac OS X 10_15_7) AppleWebKit/537.36 (KHTML, like Gecko) Chrome/103.0.0.0 Safari/537.36" "ysfine.com"
165.73.242.13 - - [30/Sep/2022:14:01:04 -0700] "GET /eink/emc22c.jpg HTTP/1.1" 200 32175 "https://ysfine.com/eink/index.html" "Mozilla/5.0 (Macintosh; Intel Mac OS X 10_15_7) AppleWebKit/537.36 (KHTML, like Gecko) Chrome/103.0.0.0 Safari/537.36" "ysfine.com"
165.73.242.13 - - [30/Sep/2022:14:01:04 -0700] "GET /eink/feyfirm66c.jpg HTTP/1.1" 200 30766 "https://ysfine.com/eink/index.html" "Mozilla/5.0 (Macintosh; Intel Mac OS X 10_15_7) AppleWebKit/537.36 (KHTML, like Gecko) Chrome/103.0.0.0 Safari/537.36" "ysfine.com"
165.73.242.13 - - [30/Sep/2022:14:01:04 -0700] "GET /eink/feynman43c.jpg HTTP/1.1" 200 39256 "https://ysfine.com/eink/index.html" "Mozilla/5.0 (Macintosh; Intel Mac OS X 10_15_7) AppleWebKit/537.36 (KHTML, like Gecko) Chrome/103.0.0.0 Safari/537.36" "ysfine.com"
165.73.242.13 - - [30/Sep/2022:14:01:04 -0700] "GET /feynman/feynman300.jpg HTTP/1.1" 200 18273 "https://ysfine.com/eink/index.html" "Mozilla/5.0 (Macintosh; Intel Mac OS X 10_15_7) AppleWebKit/537.36 (KHTML, like Gecko) Chrome/103.0.0.0 Safari/537.36" "ysfine.com"
165.73.242.13 - - [30/Sep/2022:14:01:05 -0700] "GET /feynman/feydirac300.jpg HTTP/1.1" 200 38223 "https://ysfine.com/eink/index.html" "Mozilla/5.0 (Macintosh; Intel Mac OS X 10_15_7) AppleWebKit/537.36 (KHTML, like Gecko) Chrome/103.0.0.0 Safari/537.36" "ysfine.com"
165.73.242.13 - - [30/Sep/2022:14:01:05 -0700] "GET /eink/comet40f.jpg HTTP/1.1" 200 97314 "https://ysfine.com/eink/index.html" "Mozilla/5.0 (Macintosh; Intel Mac OS X 10_15_7) AppleWebKit/537.36 (KHTML, like Gecko) Chrome/103.0.0.0 Safari/537.36" "ysfine.com"
165.73.242.13 - - [30/Sep/2022:14:01:05 -0700] "GET /eink/newtein77f.jpg HTTP/1.1" 200 46322 "https://ysfine.com/eink/index.html" "Mozilla/5.0 (Macintosh; Intel Mac OS X 10_15_7) AppleWebKit/537.36 (KHTML, like Gecko) Chrome/103.0.0.0 Safari/537.36" "ysfine.com"
165.73.242.13 - - [30/Sep/2022:14:01:05 -0700] "GET /eink/einbohr900.jpg HTTP/1.1" 200 62710 "https://ysfine.com/eink/index.html" "Mozilla/5.0 (Macintosh; Intel Mac OS X 10_15_7) AppleWebKit/537.36 (KHTML, like Gecko) Chrome/103.0.0.0 Safari/537.36" "ysfine.com"
165.73.242.13 - - [30/Sep/2022:14:01:05 -0700] "GET /eink/einbohr11c.jpg HTTP/1.1" 200 37811 "https://ysfine.com/eink/index.html" "Mozilla/5.0 (Macintosh; Intel Mac OS X 10_15_7) AppleWebKit/537.36 (KHTML, like Gecko) Chrome/103.0.0.0 Safari/537.36" "ysfine.com"
165.73.242.13 - - [30/Sep/2022:14:01:05 -0700] "GET /eink/parton900.jpg HTTP/1.1" 200 126652 "https://ysfine.com/eink/index.html" "Mozilla/5.0 (Macintosh; Intel Mac OS X 10_15_7) AppleWebKit/537.36 (KHTML, like Gecko) Chrome/103.0.0.0 Safari/537.36" "ysfine.com"
165.73.242.13 - - [30/Sep/2022:14:01:06 -0700] "GET /eink/comet900.jpg HTTP/1.1" 200 110150 "https://ysfine.com/eink/index.html" "Mozilla/5.0 (Macintosh; Intel Mac OS X 10_15_7) AppleWebKit/537.36 (KHTML, like Gecko) Chrome/103.0.0.0 Safari/537.36" "ysfine.com"
165.73.242.13 - - [30/Sep/2022:14:01:07 -0700] "GET /dirac/dirbust22c.jpg HTTP/1.1" 200 36029 "https://ysfine.com/eink/index.html" "Mozilla/5.0 (Macintosh; Intel Mac OS X 10_15_7) AppleWebKit/537.36 (KHTML, like Gecko) Chrome/103.0.0.0 Safari/537.36" "ysfine.com"
165.73.242.13 - - [30/Sep/2022:14:01:07 -0700] "GET /dirac/o32inho22c.jpg HTTP/1.1" 200 33038 "https://ysfine.com/eink/index.html" "Mozilla/5.0 (Macintosh; Intel Mac OS X 10_15_7) AppleWebKit/537.36 (KHTML, like Gecko) Chrome/103.0.0.0 Safari/537.36" "ysfine.com"
165.73.242.13 - - [30/Sep/2022:14:01:07 -0700] "GET /eink/ewk86f.jpg HTTP/1.1" 200 122173 "https://ysfine.com/eink/index.html" "Mozilla/5.0 (Macintosh; Intel Mac OS X 10_15_7) AppleWebKit/537.36 (KHTML, like Gecko) Chrome/103.0.0.0 Safari/537.36" "ysfine.com"
165.73.242.13 - - [30/Sep/2022:14:01:07 -0700] "GET /eink/further22f.jpg HTTP/1.1" 200 99099 "https://ysfine.com/eink/index.html" "Mozilla/5.0 (Macintosh; Intel Mac OS X 10_15_7) AppleWebKit/537.36 (KHTML, like Gecko) Chrome/103.0.0.0 Safari/537.36" "ysfine.com"
165.73.242.13 - - [30/Sep/2022:14:01:07 -0700] "GET /yspapers/iop19c.jpg HTTP/1.1" 200 40220 "https://ysfine.com/eink/index.html" "Mozilla/5.0 (Macintosh; Intel Mac OS X 10_15_7) AppleWebKit/537.36 (KHTML, like Gecko) Chrome/103.0.0.0 Safari/537.36" "ysfine.com"
165.73.242.13 - - [30/Sep/2022:14:01:08 -0700] "GET /eink/ewk86f.jpg HTTP/1.1" 200 122173 "https://ysfine.com/eink/index.html" "Mozilla/5.0 (Macintosh; Intel Mac OS X 10_15_7) AppleWebKit/537.36 (KHTML, like Gecko) Chrome/103.0.0.0 Safari/537.36" "ysfine.com"
165.73.242.13 - - [30/Sep/2022:14:01:08 -0700] "GET /eink/further22f.jpg HTTP/1.1" 200 99099 "https://ysfine.com/eink/index.html" "Mozilla/5.0 (Macintosh; Intel Mac OS X 10_15_7) AppleWebKit/537.36 (KHTML, like Gecko) Chrome/103.0.0.0 Safari/537.36" "ysfine.com"
165.73.242.13 - - [30/Sep/2022:14:01:08 -0700] "GET /eink/parton900.jpg HTTP/1.1" 200 126652 "https://ysfine.com/eink/index.html" "Mozilla/5.0 (Macintosh; Intel Mac OS X 10_15_7) AppleWebKit/537.36 (KHTML, like Gecko) Chrome/103.0.0.0 Safari/537.36" "ysfine.com"
165.73.242.13 - - [30/Sep/2022:14:01:08 -0700] "GET /dirac/o32inho22c.jpg HTTP/1.1" 200 33038 "https://ysfine.com/eink/index.html" "Mozilla/5.0 (Macintosh; Intel Mac OS X 10_15_7) AppleWebKit/537.36 (KHTML, like Gecko) Chrome/103.0.0.0 Safari/537.36" "ysfine.com"
165.73.242.13 - - [30/Sep/2022:14:01:08 -0700] "GET /eink/tollwig11c.jpg HTTP/1.1" 200 30318 "https://ysfine.com/eink/index.html" "Mozilla/5.0 (Macintosh; Intel Mac OS X 10_15_7) AppleWebKit/537.36 (KHTML, like Gecko) Chrome/103.0.0.0 Safari/537.36" "ysfine.com"
165.73.242.13 - - [30/Sep/2022:14:01:08 -0700] "GET /dirac/dirbust22c.jpg HTTP/1.1" 200 36029 "https://ysfine.com/eink/index.html" "Mozilla/5.0 (Macintosh; Intel Mac OS X 10_15_7) AppleWebKit/537.36 (KHTML, like Gecko) Chrome/103.0.0.0 Safari/537.36" "ysfine.com"
157.55.39.55 - - [30/Sep/2022:14:01:11 -0700] "GET /princeton/palmerlab22.jpg HTTP/1.1" 200 53885 "-" "Mozilla/5.0 AppleWebKit/537.36 (KHTML, like Gecko; compatible; bingbot/2.0; +http://www.bing.com/bingbot.htm) Chrome/103.0.5060.134 Safari/537.36" "ysfine.com"
83.25.155.90 - - [30/Sep/2022:14:01:24 -0700] "GET /world/poland/uprise01.jpg HTTP/1.1" 200 115822 "https://www.google.pl/" "Mozilla/5.0 (Windows NT 10.0; Win64; x64) AppleWebKit/537.36 (KHTML, like Gecko) Chrome/104.0.5112.102 Safari/537.36 OPR/90.0.4480.117" "ysfine.com"
54.236.1.13 - - [30/Sep/2022:14:01:47 -0700] "GET /robots.txt HTTP/1.1" 404 88 "-" "Mozilla/5.0 (compatible; Pinterestbot/1.0; +http://www.pinterest.com/bot.html)" "ysfine.com"
54.236.1.13 - - [30/Sep/2022:14:01:47 -0700] "GET /feynman/feydirac.jpg HTTP/1.1" 200 98378 "-" "Mozilla/5.0 (compatible; Pinterestbot/1.0; +http://www.pinterest.com/bot.html)" "ysfine.com"
165.73.242.13 - - [30/Sep/2022:14:02:11 -0700] "GET /awards/top100.jpg HTTP/1.1" 200 384358 "https://www.google.com/" "Mozilla/5.0 (Macintosh; Intel Mac OS X 10_15_7) AppleWebKit/537.36 (KHTML, like Gecko) Chrome/103.0.0.0 Safari/537.36" "ysfine.com"
165.73.242.13 - - [30/Sep/2022:14:02:21 -0700] "GET /home/top21.jpg HTTP/1.1" 200 181796 "https://www.google.com/" "Mozilla/5.0 (Macintosh; Intel Mac OS X 10_15_7) AppleWebKit/537.36 (KHTML, like Gecko) Chrome/103.0.0.0 Safari/537.36" "ysfine.com"
165.73.242.13 - - [30/Sep/2022:14:02:27 -0700] "GET /home/top21c.jpg HTTP/1.1" 200 53120 "http://www2.physics.umd.edu/" "Mozilla/5.0 (Macintosh; Intel Mac OS X 10_15_7) AppleWebKit/537.36 (KHTML, like Gecko) Chrome/103.0.0.0 Safari/537.36" "ysfine.com"
165.73.242.13 - - [30/Sep/2022:14:02:27 -0700] "GET /home/goodbad55c.jpg HTTP/1.1" 200 24415 "http://www2.physics.umd.edu/" "Mozilla/5.0 (Macintosh; Intel Mac OS X 10_15_7) AppleWebKit/537.36 (KHTML, like Gecko) Chrome/103.0.0.0 Safari/537.36" "ysfine.com"
165.73.242.13 - - [30/Sep/2022:14:02:27 -0700] "GET /home/eward55f.jpg HTTP/1.1" 200 122802 "http://www2.physics.umd.edu/" "Mozilla/5.0 (Macintosh; Intel Mac OS X 10_15_7) AppleWebKit/537.36 (KHTML, like Gecko) Chrome/103.0.0.0 Safari/537.36" "ysfine.com"
165.73.242.13 - - [30/Sep/2022:14:02:27 -0700] "GET /home/facu63c.jpg HTTP/1.1" 200 41710 "http://www2.physics.umd.edu/" "Mozilla/5.0 (Macintosh; Intel Mac OS X 10_15_7) AppleWebKit/537.36 (KHTML, like Gecko) Chrome/103.0.0.0 Safari/537.36" "ysfine.com"
165.73.242.13 - - [30/Sep/2022:14:02:27 -0700] "GET /home/eink77c.jpg HTTP/1.1" 200 47471 "http://www2.physics.umd.edu/" "Mozilla/5.0 (Macintosh; Intel Mac OS X 10_15_7) AppleWebKit/537.36 (KHTML, like Gecko) Chrome/103.0.0.0 Safari/537.36" "ysfine.com"
165.73.242.13 - - [30/Sep/2022:14:02:27 -0700] "GET /home/truck/truck20c.jpg HTTP/1.1" 200 29999 "http://www2.physics.umd.edu/" "Mozilla/5.0 (Macintosh; Intel Mac OS X 10_15_7) AppleWebKit/537.36 (KHTML, like Gecko) Chrome/103.0.0.0 Safari/537.36" "ysfine.com"
165.73.242.13 - - [30/Sep/2022:14:02:29 -0700] "GET /wdc/eindc03c.jpg HTTP/1.1" 200 48446 "http://www2.physics.umd.edu/" "Mozilla/5.0 (Macintosh; Intel Mac OS X 10_15_7) AppleWebKit/537.36 (KHTML, like Gecko) Chrome/103.0.0.0 Safari/537.36" "ysfine.com"
165.73.242.13 - - [30/Sep/2022:14:02:29 -0700] "GET /eink/ewk86a.jpg HTTP/1.1" 200 70895 "http://www2.physics.umd.edu/" "Mozilla/5.0 (Macintosh; Intel Mac OS X 10_15_7) AppleWebKit/537.36 (KHTML, like Gecko) Chrome/103.0.0.0 Safari/537.36" "ysfine.com"
165.73.242.13 - - [30/Sep/2022:14:02:29 -0700] "GET /sbk/1987pr22c.jpg HTTP/1.1" 200 40964 "http://www2.physics.umd.edu/" "Mozilla/5.0 (Macintosh; Intel Mac OS X 10_15_7) AppleWebKit/537.36 (KHTML, like Gecko) Chrome/103.0.0.0 Safari/537.36" "ysfine.com"
165.73.242.13 - - [30/Sep/2022:14:02:29 -0700] "GET /eink/einhaus11c.jpg HTTP/1.1" 200 42522 "http://www2.physics.umd.edu/" "Mozilla/5.0 (Macintosh; Intel Mac OS X 10_15_7) AppleWebKit/537.36 (KHTML, like Gecko) Chrome/103.0.0.0 Safari/537.36" "ysfine.com"
165.73.242.13 - - [30/Sep/2022:14:02:29 -0700] "GET /eink/einhaus33c.jpg HTTP/1.1" 200 23792 "http://www2.physics.umd.edu/" "Mozilla/5.0 (Macintosh; Intel Mac OS X 10_15_7) AppleWebKit/537.36 (KHTML, like Gecko) Chrome/103.0.0.0 Safari/537.36" "ysfine.com"
165.73.242.13 - - [30/Sep/2022:14:02:30 -0700] "GET /kobak/taylor33c.jpg HTTP/1.1" 200 39951 "http://www2.physics.umd.edu/" "Mozilla/5.0 (Macintosh; Intel Mac OS X 10_15_7) AppleWebKit/537.36 (KHTML, like Gecko) Chrome/103.0.0.0 Safari/537.36" "ysfine.com"
165.73.242.13 - - [30/Sep/2022:14:02:34 -0700] "GET /home/top21.jpg HTTP/1.1" 200 181796 "http://www2.physics.umd.edu/" "Mozilla/5.0 (Macintosh; Intel Mac OS X 10_15_7) AppleWebKit/537.36 (KHTML, like Gecko) Chrome/103.0.0.0 Safari/537.36" "ysfine.com"
157.55.39.127 - - [30/Sep/2022:14:03:16 -0700] "GET /wdc/corco22.jpg HTTP/1.1" 200 85105 "-" "Mozilla/5.0 (compatible; bingbot/2.0; +http://www.bing.com/bingbot.htm)" "www.ysfine.com"
93.158.161.59 - - [30/Sep/2022:14:04:15 -0700] "GET /feynman/fb19.jpg HTTP/1.1" 200 10915 "-" "Mozilla/5.0 (compatible; YandexImages/3.0; +http://yandex.com/bots)" "www.ysfine.com"
37.161.159.76 - - [30/Sep/2022:14:04:16 -0700] "GET /world/germany/hegel05.jpg HTTP/1.1" 200 109346 "http://semsiotaws.3m.com/" "Mozilla/5.0 (Linux; Android 10) AppleWebKit/537.36 (KHTML, like Gecko) Version/4.0 Chrome/104.0.5112.97 Mobile DuckDuckGo/5 Safari/537.36" "www.ysfine.com"
157.55.39.127 - - [30/Sep/2022:14:04:46 -0700] "GET /eink/kbrain11a.jpg HTTP/1.1" 200 46677 "-" "Mozilla/5.0 (compatible; bingbot/2.0; +http://www.bing.com/bingbot.htm)" "ysfine.com"
75.192.197.197 - - [30/Sep/2022:14:04:58 -0700] "GET /princeton/alexan22.jpg HTTP/1.1" 200 175436 "https://www.google.com/" "Mozilla/5.0 (iPhone; CPU iPhone OS 14_6 like Mac OS X) AppleWebKit/605.1.15 (KHTML, like Gecko) Version/14.1.1 Mobile/15E148 Safari/604.1" "ysfine.com"
66.249.66.35 - - [30/Sep/2022:14:05:18 -0700] "GET /sbk/1963ee.jpg HTTP/1.1" 200 57965 "-" "Googlebot-Image/1.0" "www.ysfine.com"
157.55.39.58 - - [30/Sep/2022:14:05:27 -0700] "GET /world/ital/verona16.jpg HTTP/1.1" 200 116788 "-" "Mozilla/5.0 (compatible; bingbot/2.0; +http://www.bing.com/bingbot.htm)" "ysfine.com"
93.158.161.59 - - [30/Sep/2022:14:07:59 -0700] "GET /maga/phys/schrod11b.jpg HTTP/1.1" 200 36796 "-" "Mozilla/5.0 (compatible; YandexImages/3.0; +http://yandex.com/bots)" "www.ysfine.com"
40.77.167.27 - - [30/Sep/2022:14:08:07 -0700] "GET /world/latina/cancun23.jpg HTTP/1.1" 200 119252 "-" "Mozilla/5.0 (compatible; bingbot/2.0; +http://www.bing.com/bingbot.htm)" "www.ysfine.com"
157.55.39.58 - - [30/Sep/2022:14:08:08 -0700] "GET /maga/phys/farad27b.jpg HTTP/1.1" 200 36986 "-" "Mozilla/5.0 (compatible; bingbot/2.0; +http://www.bing.com/bingbot.htm)" "ysfine.com"
157.55.39.55 - - [30/Sep/2022:14:08:50 -0700] "GET /world/baltic/lithuf10.jpg HTTP/1.1" 200 96321 "-" "Mozilla/5.0 (compatible; bingbot/2.0; +http://www.bing.com/bingbot.htm)" "www.ysfine.com"
157.55.39.127 - - [30/Sep/2022:14:09:57 -0700] "GET /style/musee/britmu17.jpg HTTP/1.1" 200 113884 "-" "Mozilla/5.0 AppleWebKit/537.36 (KHTML, like Gecko; compatible; bingbot/2.0; +http://www.bing.com/bingbot.htm) Chrome/103.0.5060.134 Safari/537.36" "ysfine.com"
157.55.39.58 - - [30/Sep/2022:14:10:02 -0700] "GET /wigner/wigjad11.jpg HTTP/1.1" 200 105835 "-" "Mozilla/5.0 AppleWebKit/537.36 (KHTML, like Gecko; compatible; bingbot/2.0; +http://www.bing.com/bingbot.htm) Chrome/103.0.5060.134 Safari/537.36" "ysfine.com"
40.77.167.27 - - [30/Sep/2022:14:11:57 -0700] "GET /world/germany/vienstdpark04.jpg HTTP/1.1" 200 161578 "-" "Mozilla/5.0 (compatible; bingbot/2.0; +http://www.bing.com/bingbot.htm)" "www.ysfine.com"
66.249.66.158 - - [30/Sep/2022:14:12:32 -0700] "GET /yspapers/iop21c.jpg HTTP/1.1" 200 30227 "-" "Googlebot-Image/1.0" "ysfine.com"
136.243.228.179 - - [30/Sep/2022:14:12:33 -0700] "GET /einstein/heisenberg.html HTTP/1.1" 304 - "-" "Mozilla/5.0 (compatible; DataForSeoBot/1.0; +https://dataforseo.com/dataforseo-bot)" "ysfine.com"
207.46.13.102 - - [30/Sep/2022:14:12:40 -0700] "GET /archives/proceedings/ff3/bbus.jpg HTTP/1.1" 200 66675 "-" "Mozilla/5.0 (compatible; bingbot/2.0; +http://www.bing.com/bingbot.htm)" "www.ysfine.com"
40.77.167.27 - - [30/Sep/2022:14:13:17 -0700] "GET /world/ital/veronasis02.jpg HTTP/1.1" 200 118161 "-" "Mozilla/5.0 AppleWebKit/537.36 (KHTML, like Gecko; compatible; bingbot/2.0; +http://www.bing.com/bingbot.htm) Chrome/103.0.5060.134 Safari/537.36" "ysfine.com"
77.88.5.39 - - [30/Sep/2022:14:13:39 -0700] "GET /yspapers/psphere11.jpg HTTP/1.1" 200 88489 "-" "Mozilla/5.0 (compatible; YandexImages/3.0; +http://yandex.com/bots)" "www.ysfine.com"
157.55.39.55 - - [30/Sep/2022:14:15:01 -0700] "GET /world/latina/rio073.jpg HTTP/1.1" 200 96934 "-" "Mozilla/5.0 AppleWebKit/537.36 (KHTML, like Gecko; compatible; bingbot/2.0; +http://www.bing.com/bingbot.htm) Chrome/103.0.5060.134 Safari/537.36" "ysfine.com"
157.55.39.127 - - [30/Sep/2022:14:15:37 -0700] "GET /home/fotos/106c.jpg HTTP/1.1" 200 33663 "-" "Mozilla/5.0 (compatible; bingbot/2.0; +http://www.bing.com/bingbot.htm)" "ysfine.com"
157.55.39.128 - - [30/Sep/2022:14:15:54 -0700] "GET /kowar/tanks/sherman44.jpg HTTP/1.1" 200 75411 "-" "Mozilla/5.0 AppleWebKit/537.36 (KHTML, like Gecko; compatible; bingbot/2.0; +http://www.bing.com/bingbot.htm) Chrome/103.0.5060.134 Safari/537.36" "ysfine.com"
66.249.66.44 - - [30/Sep/2022:14:16:35 -0700] "GET /home/fotos/house99c.jpg HTTP/1.1" 304 - "-" "Googlebot-Image/1.0" "ysfine.com"
157.55.39.127 - - [30/Sep/2022:14:17:18 -0700] "GET /world/germany/muc002.jpg HTTP/1.1" 200 87121 "-" "Mozilla/5.0 (compatible; bingbot/2.0; +http://www.bing.com/bingbot.htm)" "ysfine.com"
185.191.171.4 - - [30/Sep/2022:14:17:25 -0700] "GET /robots.txt HTTP/1.1" 404 88 "-" "Mozilla/5.0 (compatible; SemrushBot/7~bl; +http://www.semrush.com/bot.html)" "www.ysfine.com"
185.191.171.12 - - [30/Sep/2022:14:17:26 -0700] "GET /maga/mellon.html HTTP/1.1" 200 2949 "-" "Mozilla/5.0 (compatible; SemrushBot/7~bl; +http://www.semrush.com/bot.html)" "www.ysfine.com"
17.149.210.105 - - [30/Sep/2022:14:18:18 -0700] "GET /wigner/neum/vnc02.jpg HTTP/1.1" 200 122957 "https://www.google.com/" "Mozilla/5.0 (Macintosh; Intel Mac OS X 10_15_7) AppleWebKit/605.1.15 (KHTML, like Gecko) Version/16.0 Safari/605.1.15" "ysfine.com"
17.149.210.105 - - [30/Sep/2022:14:18:27 -0700] "GET /wigner/neum/vnc08.jpg HTTP/1.1" 200 107974 "https://www.google.com/" "Mozilla/5.0 (Macintosh; Intel Mac OS X 10_15_7) AppleWebKit/605.1.15 (KHTML, like Gecko) Version/16.0 Safari/605.1.15" "ysfine.com"
17.149.210.105 - - [30/Sep/2022:14:18:28 -0700] "GET /wigner/neum/vnc03.jpg HTTP/1.1" 200 80421 "https://www.google.com/" "Mozilla/5.0 (Macintosh; Intel Mac OS X 10_15_7) AppleWebKit/605.1.15 (KHTML, like Gecko) Version/16.0 Safari/605.1.15" "ysfine.com"
17.149.210.105 - - [30/Sep/2022:14:18:31 -0700] "GET /wigner/neumann.html HTTP/1.1" 200 1332 "https://www.google.com/" "Mozilla/5.0 (Macintosh; Intel Mac OS X 10_15_7) AppleWebKit/605.1.15 (KHTML, like Gecko) Version/16.0 Safari/605.1.15" "ysfine.com"
17.149.210.105 - - [30/Sep/2022:14:18:32 -0700] "GET /wigner/neum/pvn05b.jpg HTTP/1.1" 200 45464 "https://ysfine.com/wigner/neumann.html" "Mozilla/5.0 (Macintosh; Intel Mac OS X 10_15_7) AppleWebKit/605.1.15 (KHTML, like Gecko) Version/16.0 Safari/605.1.15" "ysfine.com"
17.149.210.105 - - [30/Sep/2022:14:18:32 -0700] "GET /wigner/neum/vnc01b.jpg HTTP/1.1" 200 47516 "https://ysfine.com/wigner/neumann.html" "Mozilla/5.0 (Macintosh; Intel Mac OS X 10_15_7) AppleWebKit/605.1.15 (KHTML, like Gecko) Version/16.0 Safari/605.1.15" "ysfine.com"
17.149.210.105 - - [30/Sep/2022:14:18:32 -0700] "GET /favicon.ico HTTP/1.1" 404 88 "https://ysfine.com/wigner/neumann.html" "Mozilla/5.0 (Macintosh; Intel Mac OS X 10_15_7) AppleWebKit/605.1.15 (KHTML, like Gecko) Version/16.0 Safari/605.1.15" "ysfine.com"
40.77.167.27 - - [30/Sep/2022:14:18:47 -0700] "GET /world/scandi/copen132.jpg HTTP/1.1" 200 107530 "-" "Mozilla/5.0 (compatible; bingbot/2.0; +http://www.bing.com/bingbot.htm)" "ysfine.com"
66.249.66.44 - - [30/Sep/2022:14:19:03 -0700] "GET /kowar/panmun08.jpg HTTP/1.1" 200 183301 "-" "Googlebot-Image/1.0" "ysfine.com"
157.55.39.127 - - [30/Sep/2022:14:19:18 -0700] "GET /maga/phil/hegplanck01.jpg HTTP/1.1" 200 310114 "-" "Mozilla/5.0 (compatible; bingbot/2.0; +http://www.bing.com/bingbot.htm)" "www.ysfine.com"
40.77.167.95 - - [30/Sep/2022:14:20:05 -0700] "GET /robots.txt HTTP/1.1" 404 88 "-" "Mozilla/5.0 (compatible; bingbot/2.0; +http://www.bing.com/bingbot.htm)" "www.ysfine.com"
157.55.39.127 - - [30/Sep/2022:14:20:09 -0700] "GET /world/germany/hofbrau22.jpg HTTP/1.1" 200 88391 "-" "Mozilla/5.0 (compatible; bingbot/2.0; +http://www.bing.com/bingbot.htm)" "www.ysfine.com"
85.208.98.51 - - [30/Sep/2022:14:20:40 -0700] "GET /robots.txt HTTP/1.1" 404 88 "-" "Mozilla/5.0 (compatible; SemrushBot-BM/1.0; +http://www.semrush.com/bot.html)" "ysfine.com"
157.55.39.58 - - [30/Sep/2022:14:20:59 -0700] "GET /kobak/yalta33.jpg HTTP/1.1" 200 133643 "-" "Mozilla/5.0 (compatible; bingbot/2.0; +http://www.bing.com/bingbot.htm)" "ysfine.com"
173.252.83.112 - - [30/Sep/2022:14:22:12 -0700] "GET /kobak/taylor33c.jpg HTTP/1.1" 200 39951 "-" "facebookexternalhit/1.1 (+http://www.facebook.com/externalhit_uatext.php)" "ysfine.com"
157.55.39.127 - - [30/Sep/2022:14:22:39 -0700] "GET /home/wheestat11.jpg HTTP/1.1" 200 80309 "-" "Mozilla/5.0 (compatible; bingbot/2.0; +http://www.bing.com/bingbot.htm)" "www.ysfine.com"
173.73.80.118 - - [30/Sep/2022:14:23:39 -0700] "GET /home/index.html HTTP/1.1" 304 - "-" "Mozilla/5.0 (Windows NT 10.0; Win64; x64) AppleWebKit/537.36 (KHTML, like Gecko) Chrome/105.0.0.0 Safari/537.36" "ysfine.com"
173.73.80.118 - - [30/Sep/2022:14:23:39 -0700] "GET /home/hmtop.html HTTP/1.1" 304 - "https://ysfine.com/home/index.html" "Mozilla/5.0 (Windows NT 10.0; Win64; x64) AppleWebKit/537.36 (KHTML, like Gecko) Chrome/105.0.0.0 Safari/537.36" "ysfine.com"
173.73.80.118 - - [30/Sep/2022:14:23:39 -0700] "GET /home/hmbot.html HTTP/1.1" 304 - "https://ysfine.com/home/index.html" "Mozilla/5.0 (Windows NT 10.0; Win64; x64) AppleWebKit/537.36 (KHTML, like Gecko) Chrome/105.0.0.0 Safari/537.36" "ysfine.com"
173.73.80.118 - - [30/Sep/2022:14:23:39 -0700] "GET /home/hmrigh.html HTTP/1.1" 304 - "https://ysfine.com/home/hmbot.html" "Mozilla/5.0 (Windows NT 10.0; Win64; x64) AppleWebKit/537.36 (KHTML, like Gecko) Chrome/105.0.0.0 Safari/537.36" "ysfine.com"
173.73.80.118 - - [30/Sep/2022:14:23:39 -0700] "GET /home/hmleft.html HTTP/1.1" 304 - "https://ysfine.com/home/hmbot.html" "Mozilla/5.0 (Windows NT 10.0; Win64; x64) AppleWebKit/537.36 (KHTML, like Gecko) Chrome/105.0.0.0 Safari/537.36" "ysfine.com"
173.73.80.118 - - [30/Sep/2022:14:24:27 -0700] "GET /ys11/index.html HTTP/1.1" 304 - "https://search.yahoo.com/" "Mozilla/5.0 (Windows NT 10.0; Win64; x64; rv:105.0) Gecko/20100101 Firefox/105.0" "www.ysfine.com"
90.255.241.223 - - [30/Sep/2022:14:25:08 -0700] "GET /dirac/dirheisen30.jpg HTTP/1.1" 200 141929 "https://www.google.com/" "Mozilla/5.0 (X11; Linux x86_64) AppleWebKit/537.36 (KHTML, like Gecko) Chrome/105.0.0.0 Safari/537.36" "ysfine.com"
188.170.72.100 - - [30/Sep/2022:14:25:30 -0700] "GET /jobs/koreaj.html HTTP/1.1" 200 10214 "https://www.google.com/" "Mozilla/5.0 (Windows NT 6.3; Win64; x64) AppleWebKit/537.36 (KHTML, like Gecko) Chrome/105.0.0.0 Safari/537.36" "ysfine.com"
188.170.72.100 - - [30/Sep/2022:14:25:31 -0700] "GET /jobs/koreaj11b.jpg HTTP/1.1" 200 67543 "https://ysfine.com/jobs/koreaj.html" "Mozilla/5.0 (Windows NT 6.3; Win64; x64) AppleWebKit/537.36 (KHTML, like Gecko) Chrome/105.0.0.0 Safari/537.36" "ysfine.com"
188.170.72.100 - - [30/Sep/2022:14:25:32 -0700] "GET /favicon.ico HTTP/1.1" 404 88 "https://ysfine.com/jobs/koreaj.html" "Mozilla/5.0 (Windows NT 6.3; Win64; x64) AppleWebKit/537.36 (KHTML, like Gecko) Chrome/105.0.0.0 Safari/537.36" "ysfine.com"
77.75.79.31 - - [30/Sep/2022:14:26:13 -0700] "GET /world/wdrigh.html HTTP/1.1" 304 - "-" "Mozilla/5.0 (compatible; SeznamBot/4.0-RC1; +http://napoveda.seznam.cz/seznambot-intro/)" "ysfine.com"
173.73.80.118 - - [30/Sep/2022:14:26:44 -0700] "GET /ys11/ HTTP/1.1" 304 - "-" "Mozilla/5.0 (Windows NT 10.0; Win64; x64) AppleWebKit/537.36 (KHTML, like Gecko) Chrome/105.0.0.0 Safari/537.36 Edg/105.0.1343.53" "ysfine.com"
173.73.80.118 - - [30/Sep/2022:14:26:45 -0700] "GET /favicon.ico HTTP/1.1" 404 88 "https://ysfine.com/ys11/" "Mozilla/5.0 (Windows NT 10.0; Win64; x64) AppleWebKit/537.36 (KHTML, like Gecko) Chrome/105.0.0.0 Safari/537.36 Edg/105.0.1343.53" "ysfine.com"
66.249.66.92 - - [30/Sep/2022:14:27:06 -0700] "GET /world/russ/kazan035.jpg HTTP/1.1" 304 - "-" "Googlebot-Image/1.0" "ysfine.com"
217.244.217.218 - - [30/Sep/2022:14:27:14 -0700] "GET /world/places/ulm02.jpg HTTP/1.1" 200 135530 "https://www.google.com/" "Mozilla/5.0 (Linux; Android 11; Redmi Note 9 Pro Build/RKQ1.200826.002; wv) AppleWebKit/537.36 (KHTML, like Gecko) Version/4.0 Chrome/105.0.5195.136 Mobile Safari/537.36 GoogleLens/13.37.10.26.arm64" "ysfine.com"
106.39.217.154 - - [30/Sep/2022:14:28:10 -0700] "GET /world/germany/hegel03.jpg HTTP/1.1" 200 211480 "-" "Mozilla/5.0 (X11; Ubuntu; Linux x86_64; rv:72.0) Gecko/20100101 Firefox/72.0" "ysfine.com"
157.55.39.128 - - [30/Sep/2022:14:28:25 -0700] "GET /maga/phil/marxber22.jpg HTTP/1.1" 200 106927 "-" "Mozilla/5.0 (compatible; bingbot/2.0; +http://www.bing.com/bingbot.htm)" "ysfine.com"
173.252.83.10 - - [30/Sep/2022:14:28:35 -0700] "GET /dongio/polish.html HTTP/1.1" 404 88 "-" "facebookexternalhit/1.1 (+http://www.facebook.com/externalhit_uatext.php)" "ysfine.com"
217.244.217.218 - - [30/Sep/2022:14:29:06 -0700] "GET /world/places/ulm03.jpg HTTP/1.1" 200 145594 "https://www.google.com/" "Mozilla/5.0 (Linux; Android 11; Redmi Note 9 Pro Build/RKQ1.200826.002; wv) AppleWebKit/537.36 (KHTML, like Gecko) Version/4.0 Chrome/105.0.5195.136 Mobile Safari/537.36 GoogleLens/13.37.10.26.arm64" "ysfine.com"
217.244.217.218 - - [30/Sep/2022:14:30:14 -0700] "GET /world/ulm.html HTTP/1.1" 200 6784 "android-app://com.google.android.googlequicksearchbox/" "Mozilla/5.0 (Linux; Android 11; Redmi Note 9 Pro) AppleWebKit/537.36 (KHTML, like Gecko) Chrome/105.0.0.0 Mobile Safari/537.36" "ysfine.com"
217.244.217.218 - - [30/Sep/2022:14:30:14 -0700] "GET /world/places/ulm02b.jpg HTTP/1.1" 200 54087 "https://ysfine.com/world/ulm.html" "Mozilla/5.0 (Linux; Android 11; Redmi Note 9 Pro) AppleWebKit/537.36 (KHTML, like Gecko) Chrome/105.0.0.0 Mobile Safari/537.36" "ysfine.com"
217.244.217.218 - - [30/Sep/2022:14:30:14 -0700] "GET /world/places/ulm01b.jpg HTTP/1.1" 200 32131 "https://ysfine.com/world/ulm.html" "Mozilla/5.0 (Linux; Android 11; Redmi Note 9 Pro) AppleWebKit/537.36 (KHTML, like Gecko) Chrome/105.0.0.0 Mobile Safari/537.36" "ysfine.com"
217.244.217.218 - - [30/Sep/2022:14:30:14 -0700] "GET /world/places/ulm03b.jpg HTTP/1.1" 200 34473 "https://ysfine.com/world/ulm.html" "Mozilla/5.0 (Linux; Android 11; Redmi Note 9 Pro) AppleWebKit/537.36 (KHTML, like Gecko) Chrome/105.0.0.0 Mobile Safari/537.36" "ysfine.com"
217.244.217.218 - - [30/Sep/2022:14:30:14 -0700] "GET /world/places/ulm07b.jpg HTTP/1.1" 200 47767 "https://ysfine.com/world/ulm.html" "Mozilla/5.0 (Linux; Android 11; Redmi Note 9 Pro) AppleWebKit/537.36 (KHTML, like Gecko) Chrome/105.0.0.0 Mobile Safari/537.36" "ysfine.com"
217.244.217.218 - - [30/Sep/2022:14:30:14 -0700] "GET /world/places/ulm04b.jpg HTTP/1.1" 200 38533 "https://ysfine.com/world/ulm.html" "Mozilla/5.0 (Linux; Android 11; Redmi Note 9 Pro) AppleWebKit/537.36 (KHTML, like Gecko) Chrome/105.0.0.0 Mobile Safari/537.36" "ysfine.com"
217.244.217.218 - - [30/Sep/2022:14:30:14 -0700] "GET /world/places/ulm05b.jpg HTTP/1.1" 200 40932 "https://ysfine.com/world/ulm.html" "Mozilla/5.0 (Linux; Android 11; Redmi Note 9 Pro) AppleWebKit/537.36 (KHTML, like Gecko) Chrome/105.0.0.0 Mobile Safari/537.36" "ysfine.com"
217.244.217.218 - - [30/Sep/2022:14:30:14 -0700] "GET /world/places/ulm06b.jpg HTTP/1.1" 200 28818 "https://ysfine.com/world/ulm.html" "Mozilla/5.0 (Linux; Android 11; Redmi Note 9 Pro) AppleWebKit/537.36 (KHTML, like Gecko) Chrome/105.0.0.0 Mobile Safari/537.36" "ysfine.com"
217.244.217.218 - - [30/Sep/2022:14:30:14 -0700] "GET /world/places/ulm11b.jpg HTTP/1.1" 200 35828 "https://ysfine.com/world/ulm.html" "Mozilla/5.0 (Linux; Android 11; Redmi Note 9 Pro) AppleWebKit/537.36 (KHTML, like Gecko) Chrome/105.0.0.0 Mobile Safari/537.36" "ysfine.com"
217.244.217.218 - - [30/Sep/2022:14:30:14 -0700] "GET /world/places/ulm26b.jpg HTTP/1.1" 200 55611 "https://ysfine.com/world/ulm.html" "Mozilla/5.0 (Linux; Android 11; Redmi Note 9 Pro) AppleWebKit/537.36 (KHTML, like Gecko) Chrome/105.0.0.0 Mobile Safari/537.36" "ysfine.com"
217.244.217.218 - - [30/Sep/2022:14:30:14 -0700] "GET /eink/eink61c.jpg HTTP/1.1" 200 34119 "https://ysfine.com/world/ulm.html" "Mozilla/5.0 (Linux; Android 11; Redmi Note 9 Pro) AppleWebKit/537.36 (KHTML, like Gecko) Chrome/105.0.0.0 Mobile Safari/537.36" "ysfine.com"
217.244.217.218 - - [30/Sep/2022:14:30:16 -0700] "GET /favicon.ico HTTP/1.1" 404 88 "https://ysfine.com/world/ulm.html" "Mozilla/5.0 (Linux; Android 11; Redmi Note 9 Pro) AppleWebKit/537.36 (KHTML, like Gecko) Chrome/105.0.0.0 Mobile Safari/537.36" "ysfine.com"
217.244.217.218 - - [30/Sep/2022:14:30:17 -0700] "GET /world/ulm.html HTTP/1.1" 304 - "android-app://com.google.android.googlequicksearchbox/" "Mozilla/5.0 (Linux; Android 11; Redmi Note 9 Pro) AppleWebKit/537.36 (KHTML, like Gecko) Chrome/105.0.0.0 Mobile Safari/537.36" "ysfine.com"
157.55.39.58 - - [30/Sep/2022:14:30:50 -0700] "GET /world/brit/lontaxi02.jpg HTTP/1.1" 200 70445 "-" "Mozilla/5.0 (compatible; bingbot/2.0; +http://www.bing.com/bingbot.htm)" "www.ysfine.com"
217.244.217.218 - - [30/Sep/2022:14:31:17 -0700] "GET /world/places/ulm04.jpg HTTP/1.1" 200 119116 "https://ysfine.com/world/ulm.html" "Mozilla/5.0 (Linux; Android 11; Redmi Note 9 Pro) AppleWebKit/537.36 (KHTML, like Gecko) Chrome/105.0.0.0 Mobile Safari/537.36" "ysfine.com"
52.146.59.154 - - [30/Sep/2022:14:32:05 -0700] "GET /newyork/wtc23.jpg HTTP/1.1" 200 141231 "http://www.ysfine.com/newyork/wtc23.jpg" "DuckDuckBot/1.1; (+http://duckduckgo.com/duckduckbot.html)" "www.ysfine.com"
68.191.61.33 - - [30/Sep/2022:14:32:20 -0700] "GET /home/dyson63c.jpg HTTP/1.1" 200 32101 "https://www.google.com/" "Mozilla/5.0 (iPhone; CPU iPhone OS 15_6_1 like Mac OS X) AppleWebKit/605.1.15 (KHTML, like Gecko) GSA/58.0.212077146 Mobile/19G82 Safari/604.1" "ysfine.com"
93.158.161.40 - - [30/Sep/2022:14:33:58 -0700] "GET /kowar/war51.html HTTP/1.1" 200 5022 "-" "Mozilla/5.0 (compatible; YandexBot/3.0; +http://yandex.com/bots)" "www.ysfine.com"
40.77.167.27 - - [30/Sep/2022:14:34:48 -0700] "GET /world/ital/panth03.jpg HTTP/1.1" 200 103350 "-" "Mozilla/5.0 (compatible; bingbot/2.0; +http://www.bing.com/bingbot.htm)" "ysfine.com"
93.158.161.40 - - [30/Sep/2022:14:34:51 -0700] "GET /ffriends/russian.html HTTP/1.1" 200 33919 "-" "Mozilla/5.0 (compatible; YandexBot/3.0; +http://yandex.com/bots)" "www.ysfine.com"
40.77.167.27 - - [30/Sep/2022:14:35:18 -0700] "GET /people/sakharov01.jpg HTTP/1.1" 200 107028 "-" "Mozilla/5.0 (compatible; bingbot/2.0; +http://www.bing.com/bingbot.htm)" "ysfine.com"
40.77.167.27 - - [30/Sep/2022:14:35:19 -0700] "GET /maga/phys/huygens01.jpg HTTP/1.1" 200 1130486 "-" "Mozilla/5.0 (compatible; bingbot/2.0; +http://www.bing.com/bingbot.htm)" "www.ysfine.com"
93.158.161.40 - - [30/Sep/2022:14:35:30 -0700] "GET /ffriends/russparis02b.jpg HTTP/1.1" 200 34964 "-" "Mozilla/5.0 (compatible; YandexImages/3.0; +http://yandex.com/bots)" "www.ysfine.com"
77.88.5.46 - - [30/Sep/2022:14:35:31 -0700] "GET /ffriends/kamchatka22b.jpg HTTP/1.1" 200 32977 "-" "Mozilla/5.0 (compatible; YandexImages/3.0; +http://yandex.com/bots)" "www.ysfine.com"
77.75.77.72 - - [30/Sep/2022:14:35:32 -0700] "GET /robots.txt HTTP/1.1" 404 88 "-" "Mozilla/5.0 (compatible; SeznamBot/3.2; +http://napoveda.seznam.cz/en/seznambot-intro/)" "ysfine.com"
77.88.5.245 - - [30/Sep/2022:14:35:32 -0700] "GET /world/russ/twosis11b.jpg HTTP/1.1" 200 35693 "-" "Mozilla/5.0 (compatible; YandexImages/3.0; +http://yandex.com/bots)" "www.ysfine.com"
77.88.5.46 - - [30/Sep/2022:14:35:33 -0700] "GET /ffriends/russny03b.jpg HTTP/1.1" 200 51082 "-" "Mozilla/5.0 (compatible; YandexImages/3.0; +http://yandex.com/bots)" "www.ysfine.com"
77.88.5.46 - - [30/Sep/2022:14:35:34 -0700] "GET /ffriends/russlon03b.jpg HTTP/1.1" 200 53196 "-" "Mozilla/5.0 (compatible; YandexImages/3.0; +http://yandex.com/bots)" "www.ysfine.com"
77.75.77.72 - - [30/Sep/2022:14:35:34 -0700] "GET /ffriends/amkor/leshalles22.jpg HTTP/1.1" 200 149370 "-" "Mozilla/5.0 (compatible; SeznamBot/3.2; +http://napoveda.seznam.cz/en/seznambot-intro/)" "ysfine.com"
77.88.5.46 - - [30/Sep/2022:14:35:34 -0700] "GET /ffriends/aline/panam11b.jpg HTTP/1.1" 200 36943 "-" "Mozilla/5.0 (compatible; YandexImages/3.0; +http://yandex.com/bots)" "www.ysfine.com"
77.88.5.233 - - [30/Sep/2022:14:35:35 -0700] "GET /ffriends/russny06b.jpg HTTP/1.1" 200 34131 "-" "Mozilla/5.0 (compatible; YandexImages/3.0; +http://yandex.com/bots)" "www.ysfine.com"
77.88.5.245 - - [30/Sep/2022:14:35:36 -0700] "GET /ffriends/russwas03b.jpg HTTP/1.1" 200 39253 "-" "Mozilla/5.0 (compatible; YandexImages/3.0; +http://yandex.com/bots)" "www.ysfine.com"
93.158.161.40 - - [30/Sep/2022:14:35:37 -0700] "GET /world/russ/mosf22b.jpg HTTP/1.1" 200 41020 "-" "Mozilla/5.0 (compatible; YandexImages/3.0; +http://yandex.com/bots)" "www.ysfine.com"
77.88.5.245 - - [30/Sep/2022:14:35:37 -0700] "GET /ffriends/russlon01b.jpg HTTP/1.1" 200 39564 "-" "Mozilla/5.0 (compatible; YandexImages/3.0; +http://yandex.com/bots)" "www.ysfine.com"
77.88.5.46 - - [30/Sep/2022:14:35:38 -0700] "GET /ffriends/russzuri01b.jpg HTTP/1.1" 200 42106 "-" "Mozilla/5.0 (compatible; YandexImages/3.0; +http://yandex.com/bots)" "www.ysfine.com"
77.75.77.72 - - [30/Sep/2022:14:35:38 -0700] "GET /ffriends/swissair11.jpg HTTP/1.1" 404 88 "-" "Mozilla/5.0 (compatible; SeznamBot/3.2; +http://napoveda.seznam.cz/en/seznambot-intro/)" "ysfine.com"
77.75.77.72 - - [30/Sep/2022:14:35:39 -0700] "GET /newyork/wtc24c.jpg HTTP/1.1" 200 52205 "-" "Mozilla/5.0 (compatible; SeznamBot/3.2; +http://napoveda.seznam.cz/en/seznambot-intro/)" "ysfine.com"
77.75.77.72 - - [30/Sep/2022:14:35:41 -0700] "GET /robots.txt HTTP/1.1" 404 88 "-" "Mozilla/5.0 (compatible; SeznamBot/3.2; +http://napoveda.seznam.cz/en/seznambot-intro/)" "www.ysfine.com"
77.75.77.72 - - [30/Sep/2022:14:35:42 -0700] "GET /sbk/2007verein.jpg HTTP/1.1" 200 114552 "-" "Mozilla/5.0 (compatible; SeznamBot/3.2; +http://napoveda.seznam.cz/en/seznambot-intro/)" "www.ysfine.com"
142.129.113.243 - - [30/Sep/2022:14:36:02 -0700] "GET /maga/histo/oscar33.jpg HTTP/1.1" 200 140181 "https://www.google.com/" "Mozilla/5.0 (Macintosh; Intel Mac OS X 10_15_6) AppleWebKit/605.1.15 (KHTML, like Gecko) Version/14.1.2 Safari/605.1.15" "ysfine.com"
157.55.39.55 - - [30/Sep/2022:14:36:02 -0700] "GET /wdc/stud72.jpg HTTP/1.1" 200 113626 "-" "Mozilla/5.0 (compatible; bingbot/2.0; +http://www.bing.com/bingbot.htm)" "ysfine.com"
157.55.39.55 - - [30/Sep/2022:14:36:05 -0700] "GET /world/ital/milan011.jpg HTTP/1.1" 200 103984 "-" "Mozilla/5.0 AppleWebKit/537.36 (KHTML, like Gecko; compatible; bingbot/2.0; +http://www.bing.com/bingbot.htm) Chrome/103.0.5060.134 Safari/537.36" "ysfine.com"
90.183.80.3 - - [30/Sep/2022:14:36:15 -0700] "GET /maga/histo/oscar22.jpg HTTP/1.1" 200 101665 "https://www.google.com/" "Mozilla/5.0 (Linux; Android 6.0.1; Lenovo YT3-X50F Build/MMB29M; wv) AppleWebKit/537.36 (KHTML, like Gecko) Version/4.0 Chrome/105.0.5195.136 Safari/537.36 GSA/13.20.11.23.arm" "ysfine.com"
207.46.13.102 - - [30/Sep/2022:14:36:31 -0700] "GET /world/china/xian16.jpg HTTP/1.1" 200 74502 "-" "Mozilla/5.0 AppleWebKit/537.36 (KHTML, like Gecko; compatible; bingbot/2.0; +http://www.bing.com/bingbot.htm) Chrome/103.0.5060.134 Safari/537.36" "www.ysfine.com"
173.73.80.118 - - [30/Sep/2022:14:37:53 -0700] "GET /favicon.ico HTTP/1.1" 404 88 "https://ysfine.com/home/yshome.html" "Mozilla/5.0 (Windows NT 10.0; Win64; x64) AppleWebKit/537.36 (KHTML, like Gecko) Chrome/105.0.0.0 Safari/537.36" "ysfine.com"
173.73.80.118 - - [30/Sep/2022:14:38:03 -0700] "GET /home/bio.html HTTP/1.1" 200 15246 "-" "Mozilla/5.0 (Windows NT 10.0; Win64; x64) AppleWebKit/537.36 (KHTML, like Gecko) Chrome/105.0.0.0 Safari/537.36" "ysfine.com"
173.73.80.118 - - [30/Sep/2022:14:38:03 -0700] "GET /home/fotos/house99d.jpg HTTP/1.1" 200 38264 "https://ysfine.com/home/bio.html" "Mozilla/5.0 (Windows NT 10.0; Win64; x64) AppleWebKit/537.36 (KHTML, like Gecko) Chrome/105.0.0.0 Safari/537.36" "ysfine.com"
220.181.108.82 - - [30/Sep/2022:14:38:41 -0700] "GET /sbk/1950.html HTTP/1.1" 200 5522 "-" "Mozilla/5.0 (compatible; Baiduspider/2.0; +http://www.baidu.com/search/spider.html)" "ysfine.com"
173.73.80.118 - - [30/Sep/2022:14:39:23 -0700] "GET /dirac/canal55.jpg HTTP/1.1" 200 138189 "https://ysfine.com/home/bio.html" "Mozilla/5.0 (Windows NT 10.0; Win64; x64) AppleWebKit/537.36 (KHTML, like Gecko) Chrome/105.0.0.0 Safari/537.36" "ysfine.com"
173.73.80.118 - - [30/Sep/2022:14:40:24 -0700] "GET /home/fotos/house99.jpg HTTP/1.1" 200 161302 "https://ysfine.com/home/bio.html" "Mozilla/5.0 (Windows NT 10.0; Win64; x64) AppleWebKit/537.36 (KHTML, like Gecko) Chrome/105.0.0.0 Safari/537.36" "ysfine.com"
157.55.39.55 - - [30/Sep/2022:14:40:35 -0700] "GET /world/china/chongking17.jpg HTTP/1.1" 200 112288 "-" "Mozilla/5.0 (compatible; bingbot/2.0; +http://www.bing.com/bingbot.htm)" "www.ysfine.com"
86.67.226.112 - - [30/Sep/2022:14:41:17 -0700] "GET /maga/phil/kanthegel66.jpg HTTP/1.1" 200 76782 "https://www.google.com/" "Mozilla/5.0 (Windows NT 10.0; Win64; x64; rv:105.0) Gecko/20100101 Firefox/105.0" "ysfine.com"
77.88.5.46 - - [30/Sep/2022:14:41:59 -0700] "GET /usca/pitt/sbk57.jpg HTTP/1.1" 200 193322 "-" "Mozilla/5.0 (compatible; YandexImages/3.0; +http://yandex.com/bots)" "www.ysfine.com"
66.249.66.43 - - [30/Sep/2022:14:43:13 -0700] "GET /home/fotos/105c.jpg HTTP/1.1" 304 - "-" "Googlebot-Image/1.0" "ysfine.com"
157.55.39.127 - - [30/Sep/2022:14:44:40 -0700] "GET /princeton/pgarden11.jpg HTTP/1.1" 200 137654 "-" "Mozilla/5.0 AppleWebKit/537.36 (KHTML, like Gecko; compatible; bingbot/2.0; +http://www.bing.com/bingbot.htm) Chrome/103.0.5060.134 Safari/537.36" "ysfine.com"
157.55.39.58 - - [30/Sep/2022:14:44:52 -0700] "GET /world/russ/kazan014.jpg HTTP/1.1" 200 72681 "-" "Mozilla/5.0 (compatible; bingbot/2.0; +http://www.bing.com/bingbot.htm)" "www.ysfine.com"
207.46.13.102 - - [30/Sep/2022:14:45:02 -0700] "GET /maga/invent/mosin.jpg HTTP/1.1" 200 64407 "-" "Mozilla/5.0 (compatible; bingbot/2.0; +http://www.bing.com/bingbot.htm)" "ysfine.com"
157.55.39.55 - - [30/Sep/2022:14:47:14 -0700] "GET /yspapers/qboil17a.jpg HTTP/1.1" 200 31474 "-" "Mozilla/5.0 (compatible; bingbot/2.0; +http://www.bing.com/bingbot.htm)" "ysfine.com"
157.55.39.127 - - [30/Sep/2022:14:47:51 -0700] "GET /confer/listall.html HTTP/1.1" 304 - "-" "Mozilla/5.0 (compatible; bingbot/2.0; +http://www.bing.com/bingbot.htm)" "www.ysfine.com"
66.249.66.3 - - [30/Sep/2022:14:48:09 -0700] "GET /world/germany/leipzig22.jpg HTTP/1.1" 304 - "-" "Googlebot-Image/1.0" "ysfine.com"
207.46.13.102 - - [30/Sep/2022:14:48:22 -0700] "GET /world/russ/minsk052.jpg HTTP/1.1" 200 90140 "-" "Mozilla/5.0 (compatible; bingbot/2.0; +http://www.bing.com/bingbot.htm)" "ysfine.com"
93.159.230.89 - - [30/Sep/2022:14:48:50 -0700] "GET / HTTP/1.1" 200 5283 "-" "Mozilla/5.0 (Windows NT 10.0; Win64; x64) AppleWebKit/537.36 (KHTML, like Gecko) Chrome/71.0.3578.98 Safari/537.36" "ysfine.com"
40.77.167.27 - - [30/Sep/2022:14:49:19 -0700] "GET /princeton/ias11b.jpg HTTP/1.1" 200 33974 "-" "Mozilla/5.0 (compatible; bingbot/2.0; +http://www.bing.com/bingbot.htm)" "ysfine.com"
24.49.27.101 - - [30/Sep/2022:14:51:16 -0700] "GET /maga/phys/schrod11.jpg HTTP/1.1" 200 107958 "https://images.search.yahoo.com/search/images;_ylt=AwrFPg3KZDdjcB8OydRXNyoA;_ylu=Y29sbwNiZjEEcG9zAzEEdnRpZANMT0NVSTA1NENfMQRzZWMDcGl2cw--?p=erwin+schrodinger&fr2=piv-web&type=E210US91088G0&fr=mcafee" "Mozilla/5.0 (Windows NT 10.0; Win64; x64) AppleWebKit/537.36 (KHTML, like Gecko) Chrome/105.0.0.0 Safari/537.36" "www.ysfine.com"
104.159.148.9 - - [30/Sep/2022:14:53:29 -0700] "GET /kowar/tanks/m47.jpg HTTP/1.1" 200 78683 "https://www.google.com/" "Mozilla/5.0 (Linux; Android 10; SM-G960U1) AppleWebKit/537.36 (KHTML, like Gecko) Chrome/105.0.0.0 Mobile Safari/537.36" "ysfine.com"
157.55.39.55 - - [30/Sep/2022:14:54:14 -0700] "GET /world/baltic/tallin61.jpg HTTP/1.1" 200 172472 "-" "Mozilla/5.0 (compatible; bingbot/2.0; +http://www.bing.com/bingbot.htm)" "www.ysfine.com"
157.55.39.127 - - [30/Sep/2022:14:54:31 -0700] "GET /world/poland/gdn52.jpg HTTP/1.1" 200 128799 "-" "Mozilla/5.0 (compatible; bingbot/2.0; +http://www.bing.com/bingbot.htm)" "ysfine.com"
66.249.66.212 - - [30/Sep/2022:14:54:43 -0700] "GET /world/france/stras41.jpg HTTP/1.1" 304 - "-" "Googlebot-Image/1.0" "ysfine.com"
154.22.132.42 - - [30/Sep/2022:14:56:14 -0700] "GET /world/baltic/lithu08.jpg HTTP/1.1" 200 82637 "-" "Mozilla/5.0 (Windows NT 6.3; WOW64) AppleWebKit/537.36 (KHTML, like Gecko) Chrome/38.0.2125.111 Safari/537.36" "www.ysfine.com"
154.92.127.37 - - [30/Sep/2022:14:56:14 -0700] "GET /world/baltic/lithu08.jpg HTTP/1.1" 200 82637 "-" "Mozilla/5.0 (Windows NT 6.3; WOW64) AppleWebKit/537.36 (KHTML, like Gecko) Chrome/38.0.2125.111 Safari/537.36" "www.ysfine.com"
185.32.182.6 - - [30/Sep/2022:14:56:22 -0700] "GET /maga/histo/oscar33.jpg HTTP/1.1" 200 140181 "https://www.google.cz/" "Mozilla/5.0 (Windows NT 10.0; Win64; x64) AppleWebKit/537.36 (KHTML, like Gecko) Chrome/106.0.0.0 Safari/537.36" "ysfine.com"
106.52.131.116 - - [30/Sep/2022:14:57:05 -0700] "GET /world/baltic/kalin22.jpg HTTP/1.1" 200 152819 "-" "Mozilla/5.0 (X11; Ubuntu; Linux x86_64; rv:72.0) Gecko/20100101 Firefox/72.0" "ysfine.com"
157.55.39.127 - - [30/Sep/2022:14:57:12 -0700] "GET /sbk/2011rio33.jpg HTTP/1.1" 200 76177 "-" "Mozilla/5.0 (compatible; bingbot/2.0; +http://www.bing.com/bingbot.htm)" "ysfine.com"
157.55.39.55 - - [30/Sep/2022:14:58:44 -0700] "GET /maga/phys/naimar/poincs33b.jpg HTTP/1.1" 200 65195 "-" "Mozilla/5.0 (compatible; bingbot/2.0; +http://www.bing.com/bingbot.htm)" "www.ysfine.com"
77.88.5.126 - - [30/Sep/2022:14:58:59 -0700] "GET /world/russ/mosriver31.jpg HTTP/1.1" 200 106271 "-" "Mozilla/5.0 (compatible; YandexImages/3.0; +http://yandex.com/bots)" "ysfine.com"
157.55.39.55 - - [30/Sep/2022:14:59:26 -0700] "GET /wisdom/bible01.jpg HTTP/1.1" 200 271888 "-" "Mozilla/5.0 (compatible; bingbot/2.0; +http://www.bing.com/bingbot.htm)" "www.ysfine.com"
179.6.198.68 - - [30/Sep/2022:14:59:41 -0700] "GET /kobak/repose11.jpg HTTP/1.1" 200 78530 "https://www.google.com/" "Mozilla/5.0 (Macintosh; Intel Mac OS X 10_15_7) AppleWebKit/537.36 (KHTML, like Gecko) Chrome/106.0.0.0 Safari/537.36" "ysfine.com"
173.73.80.118 - - [30/Sep/2022:15:01:17 -0700] "GET /home/bio.html HTTP/1.1" 304 - "-" "Mozilla/5.0 (Windows NT 10.0; Win64; x64) AppleWebKit/537.36 (KHTML, like Gecko) Chrome/105.0.0.0 Safari/537.36" "ysfine.com"
173.73.80.118 - - [30/Sep/2022:15:01:22 -0700] "GET /home/comet40.jpg HTTP/1.1" 200 131225 "https://ysfine.com/home/bio.html" "Mozilla/5.0 (Windows NT 10.0; Win64; x64) AppleWebKit/537.36 (KHTML, like Gecko) Chrome/105.0.0.0 Safari/537.36" "ysfine.com"
157.46.131.178 - - [30/Sep/2022:15:01:35 -0700] "GET /feynman/feynart.html HTTP/1.1" 200 10277 "https://www.google.com/" "Mozilla/5.0 (Linux; Android 9; Lenovo YT-X705X) AppleWebKit/537.36 (KHTML, like Gecko) Chrome/74.0.3729.136 Safari/537.36" "ysfine.com"
157.46.131.178 - - [30/Sep/2022:15:01:36 -0700] "GET /feynman/ptoday89b.jpg HTTP/1.1" 200 46537 "https://ysfine.com/feynman/feynart.html" "Mozilla/5.0 (Linux; Android 9; Lenovo YT-X705X) AppleWebKit/537.36 (KHTML, like Gecko) Chrome/74.0.3729.136 Safari/537.36" "ysfine.com"
157.46.131.178 - - [30/Sep/2022:15:01:36 -0700] "GET /style/venus02b.jpg HTTP/1.1" 200 50071 "https://ysfine.com/feynman/feynart.html" "Mozilla/5.0 (Linux; Android 9; Lenovo YT-X705X) AppleWebKit/537.36 (KHTML, like Gecko) Chrome/74.0.3729.136 Safari/537.36" "ysfine.com"
157.46.131.178 - - [30/Sep/2022:15:01:36 -0700] "GET /beau/parthen03b.jpg HTTP/1.1" 404 88 "https://ysfine.com/feynman/feynart.html" "Mozilla/5.0 (Linux; Android 9; Lenovo YT-X705X) AppleWebKit/537.36 (KHTML, like Gecko) Chrome/74.0.3729.136 Safari/537.36" "ysfine.com"
157.46.131.178 - - [30/Sep/2022:15:01:36 -0700] "GET /style/telefon11b.jpg HTTP/1.1" 200 42587 "https://ysfine.com/feynman/feynart.html" "Mozilla/5.0 (Linux; Android 9; Lenovo YT-X705X) AppleWebKit/537.36 (KHTML, like Gecko) Chrome/74.0.3729.136 Safari/537.36" "ysfine.com"
157.46.131.178 - - [30/Sep/2022:15:01:36 -0700] "GET /world/latina/rio073b.jpg HTTP/1.1" 200 38788 "https://ysfine.com/feynman/feynart.html" "Mozilla/5.0 (Linux; Android 9; Lenovo YT-X705X) AppleWebKit/537.36 (KHTML, like Gecko) Chrome/74.0.3729.136 Safari/537.36" "ysfine.com"
157.46.131.178 - - [30/Sep/2022:15:01:36 -0700] "GET /world/russ/twosis22b.jpg HTTP/1.1" 200 23679 "https://ysfine.com/feynman/feynart.html" "Mozilla/5.0 (Linux; Android 9; Lenovo YT-X705X) AppleWebKit/537.36 (KHTML, like Gecko) Chrome/74.0.3729.136 Safari/537.36" "ysfine.com"
157.46.131.178 - - [30/Sep/2022:15:01:36 -0700] "GET /feynman/restof05b.jpg HTTP/1.1" 200 20819 "https://ysfine.com/feynman/feynart.html" "Mozilla/5.0 (Linux; Android 9; Lenovo YT-X705X) AppleWebKit/537.36 (KHTML, like Gecko) Chrome/74.0.3729.136 Safari/537.36" "ysfine.com"
157.46.131.178 - - [30/Sep/2022:15:01:36 -0700] "GET /world/germany/franko11b.jpg HTTP/1.1" 200 37524 "https://ysfine.com/feynman/feynart.html" "Mozilla/5.0 (Linux; Android 9; Lenovo YT-X705X) AppleWebKit/537.36 (KHTML, like Gecko) Chrome/74.0.3729.136 Safari/537.36" "ysfine.com"
