69.194.143.140 - - [30/Sep/2022:19:27:02 -0700] "GET /ads.txt HTTP/1.1" 404 88 "-" "Mozilla/5.0 (Macintosh; Intel Mac OS X 10_15_1) AppleWebKit/537.36 (KHTML, like Gecko) Chrome/84.0.4103.61 Safari/537.37" "ysfine.com"
114.119.128.162 - - [30/Sep/2022:19:27:58 -0700] "GET /feynman/feyn70.html HTTP/1.1" 200 329 "https://ysfine.com/home/feysavior.html" "Mozilla/5.0 (Linux; Android 7.0;) AppleWebKit/537.36 (KHTML, like Gecko) Mobile Safari/537.36 (compatible; PetalBot;+https://webmaster.petalsearch.com/site/petalbot)" "ysfine.com"
207.46.13.102 - - [30/Sep/2022:19:29:48 -0700] "GET /einstein/places/einha12.jpg HTTP/1.1" 200 118952 "-" "Mozilla/5.0 (compatible; bingbot/2.0; +http://www.bing.com/bingbot.htm)" "www.ysfine.com"
66.249.66.40 - - [30/Sep/2022:19:31:12 -0700] "GET /home/eink77.jpg HTTP/1.1" 304 - "-" "Googlebot-Image/1.0" "ysfine.com"
220.64.106.253 - - [30/Sep/2022:19:32:25 -0700] "GET /world/vienna.html HTTP/1.1" 200 7048 "-" "Mozilla/5.0 (Macintosh; Intel Mac OS X 10_15_6) AppleWebKit/537.36 (KHTML, like Gecko) Chrome/85.0.4183.83 Safari/537.36" "www.ysfine.com"
58.167.160.218 - - [30/Sep/2022:19:32:53 -0700] "GET /kobak/sorae/grandpa.jpg HTTP/1.1" 200 70401 "https://www.google.com/" "Mozilla/5.0 (iPad; CPU OS 15_5 like Mac OS X) AppleWebKit/605.1.15 (KHTML, like Gecko) GSA/231.0.475926209 Mobile/19F77 Safari/604.1" "ysfine.com"
66.249.66.157 - - [30/Sep/2022:19:32:57 -0700] "GET /world/ital/venice29cc.jpg HTTP/1.1" 200 189950 "-" "Googlebot-Image/1.0" "ysfine.com"
157.55.39.127 - - [30/Sep/2022:19:33:08 -0700] "GET /kobak/sorae/kumipo01.jpg HTTP/1.1" 200 111414 "-" "Mozilla/5.0 (compatible; bingbot/2.0; +http://www.bing.com/bingbot.htm)" "www.ysfine.com"
66.249.66.92 - - [30/Sep/2022:19:33:39 -0700] "GET /home/fotos/campus06.jpg HTTP/1.1" 304 - "-" "Googlebot-Image/1.0" "ysfine.com"
40.77.167.27 - - [30/Sep/2022:19:34:18 -0700] "GET /wigner/neum/ymath.jpg HTTP/1.1" 200 64930 "-" "Mozilla/5.0 (compatible; bingbot/2.0; +http://www.bing.com/bingbot.htm)" "ysfine.com"
157.55.39.58 - - [30/Sep/2022:19:34:32 -0700] "GET /dirac/dirac.jpg HTTP/1.1" 200 94245 "-" "Mozilla/5.0 (compatible; bingbot/2.0; +http://www.bing.com/bingbot.htm)" "ysfine.com"
157.55.39.58 - - [30/Sep/2022:19:34:50 -0700] "GET /eink/further22f.jpg HTTP/1.1" 200 99099 "-" "Mozilla/5.0 (compatible; bingbot/2.0; +http://www.bing.com/bingbot.htm)" "www.ysfine.com"
77.88.5.168 - - [30/Sep/2022:19:35:24 -0700] "GET /robots.txt HTTP/1.1" 404 73 "-" "Mozilla/5.0 (compatible; YandexBot/3.0; +http://yandex.com/bots)" "ysfine.com"
77.88.5.86 - - [30/Sep/2022:19:35:28 -0700] "GET /world/russ/redsq48.jpg HTTP/1.1" 200 92715 "-" "Mozilla/5.0 (compatible; YandexImages/3.0; +http://yandex.com/bots)" "ysfine.com"
157.55.39.128 - - [30/Sep/2022:19:35:55 -0700] "GET /world/russ/kazanmap22.jpg HTTP/1.1" 200 129761 "-" "Mozilla/5.0 AppleWebKit/537.36 (KHTML, like Gecko; compatible; bingbot/2.0; +http://www.bing.com/bingbot.htm) Chrome/103.0.5060.134 Safari/537.36" "ysfine.com"
157.55.39.127 - - [30/Sep/2022:19:36:09 -0700] "GET /world/germany/hegel10.jpg HTTP/1.1" 200 78856 "-" "Mozilla/5.0 (compatible; bingbot/2.0; +http://www.bing.com/bingbot.htm)" "ysfine.com"
157.55.39.128 - - [30/Sep/2022:19:36:15 -0700] "GET /world/scandi/norw22.jpg HTTP/1.1" 200 82723 "-" "Mozilla/5.0 (compatible; bingbot/2.0; +http://www.bing.com/bingbot.htm)" "www.ysfine.com"
66.249.66.156 - - [30/Sep/2022:19:37:14 -0700] "GET /home/baranger97c.jpg HTTP/1.1" 200 25248 "-" "Googlebot-Image/1.0" "ysfine.com"
93.158.161.40 - - [30/Sep/2022:19:37:29 -0700] "GET /saram/d098.jpg HTTP/1.1" 404 88 "-" "Mozilla/5.0 (compatible; YandexImages/3.0; +http://yandex.com/bots)" "www.ysfine.com"
66.249.66.212 - - [30/Sep/2022:19:37:41 -0700] "GET /kowar/tanks/m01.jpg HTTP/1.1" 304 - "-" "Googlebot-Image/1.0" "ysfine.com"
157.55.39.58 - - [30/Sep/2022:19:37:52 -0700] "GET /maga/phys/sommerfeld11b.jpg HTTP/1.1" 200 30801 "-" "Mozilla/5.0 (compatible; bingbot/2.0; +http://www.bing.com/bingbot.htm)" "www.ysfine.com"
66.249.66.56 - - [30/Sep/2022:19:39:43 -0700] "GET /world/scandi/sto006.jpg HTTP/1.1" 304 - "-" "Googlebot-Image/1.0" "ysfine.com"
49.7.21.113 - - [30/Sep/2022:19:39:57 -0700] "GET / HTTP/1.1" 200 5283 "-" "Sogou web spider/4.0(+http://www.sogou.com/docs/help/webmasters.htm#07)" "www.ysfine.com"
91.188.246.61 - - [30/Sep/2022:19:41:00 -0700] "GET /world/london.html HTTP/1.1" 200 16969 "http://papasearch.net/The_Lion_King/TheLionKing39.html" "Mozilla/5.0 (Windows NT 10.0; Win64; x64) AppleWebKit/537.36 (KHTML, like Gecko) Chrome/91.0.805.187 Safari/537.36" "www.ysfine.com"
157.55.39.128 - - [30/Sep/2022:19:41:25 -0700] "GET /saram/g020.jpg HTTP/1.1" 200 85968 "-" "Mozilla/5.0 (compatible; bingbot/2.0; +http://www.bing.com/bingbot.htm)" "www.ysfine.com"
77.88.5.46 - - [30/Sep/2022:19:41:52 -0700] "GET /world/russ/redsq38.jpg HTTP/1.1" 200 104160 "-" "Mozilla/5.0 (compatible; YandexImages/3.0; +http://yandex.com/bots)" "ysfine.com"
77.88.5.233 - - [30/Sep/2022:19:42:23 -0700] "GET /world/russ/moschurch02.jpg HTTP/1.1" 200 74959 "-" "Mozilla/5.0 (compatible; YandexImages/3.0; +http://yandex.com/bots)" "ysfine.com"
123.125.109.45 - - [30/Sep/2022:19:42:27 -0700] "GET / HTTP/1.1" 200 5283 "-" "Sogou web spider/4.0(+http://www.sogou.com/docs/help/webmasters.htm#07)" "ysfine.com"
66.249.66.94 - - [30/Sep/2022:19:42:46 -0700] "GET /home/sq600c.jpg HTTP/1.1" 304 - "-" "Googlebot-Image/1.0" "ysfine.com"
66.249.66.30 - - [30/Sep/2022:19:43:33 -0700] "GET /world/germany/trier12.jpg HTTP/1.1" 200 392899 "-" "Googlebot-Image/1.0" "ysfine.com"
45.67.213.135 - - [30/Sep/2022:19:43:43 -0700] "GET /princeton/prade.html HTTP/1.1" 200 9863 "http://ysfine.com/princeton/prade.html" "Mozilla/5.0 (Windows NT 10.0; Win64; x64) AppleWebKit/537.36 (KHTML, like Gecko) Chrome/91.0.76.99 Safari/537.36" "ysfine.com"
66.249.66.56 - - [30/Sep/2022:19:43:52 -0700] "GET /home/fotos/kids20.jpg HTTP/1.1" 304 - "-" "Googlebot-Image/1.0" "ysfine.com"
157.55.39.55 - - [30/Sep/2022:19:44:02 -0700] "GET /world/ital/rome128.jpg HTTP/1.1" 200 151231 "-" "Mozilla/5.0 (compatible; bingbot/2.0; +http://www.bing.com/bingbot.htm)" "ysfine.com"
207.46.13.102 - - [30/Sep/2022:19:44:50 -0700] "GET /world/ital/venice29b.jpg HTTP/1.1" 200 34034 "-" "Mozilla/5.0 (compatible; bingbot/2.0; +http://www.bing.com/bingbot.htm)" "ysfine.com"
157.55.39.127 - - [30/Sep/2022:19:45:09 -0700] "GET /world/russ/kiev045.jpg HTTP/1.1" 200 86599 "-" "Mozilla/5.0 (compatible; bingbot/2.0; +http://www.bing.com/bingbot.htm)" "ysfine.com"
157.55.39.55 - - [30/Sep/2022:19:45:22 -0700] "GET /world/ital/cosimo11.jpg HTTP/1.1" 200 34231 "-" "Mozilla/5.0 (compatible; bingbot/2.0; +http://www.bing.com/bingbot.htm)" "ysfine.com"
150.109.62.110 - - [30/Sep/2022:19:45:24 -0700] "GET /kowar/mil/tank03.jpg HTTP/1.1" 404 88 "-" "Mozilla/5.0 (Linux; Android 12; SM-A715F) AppleWebKit/537.36 (KHTML, like Gecko) Chrome/105.0.0.0 Mobile Safari/537.36" "ysfine.com"
77.88.5.237 - - [30/Sep/2022:19:46:15 -0700] "GET /wigner/narco.jpg HTTP/1.1" 200 95166 "-" "Mozilla/5.0 (compatible; YandexImages/3.0; +http://yandex.com/bots)" "www.ysfine.com"
66.249.66.214 - - [30/Sep/2022:19:46:35 -0700] "GET /style/schonbr22.jpg HTTP/1.1" 304 - "-" "Googlebot-Image/1.0" "ysfine.com"
157.55.39.55 - - [30/Sep/2022:19:47:22 -0700] "GET /dirac/dirac44.jpg HTTP/1.1" 200 73817 "-" "Mozilla/5.0 (compatible; bingbot/2.0; +http://www.bing.com/bingbot.htm)" "ysfine.com"
93.159.230.83 - - [30/Sep/2022:19:49:24 -0700] "GET / HTTP/1.1" 200 5283 "-" "Mozilla/5.0 (Windows NT 10.0; Win64; x64) AppleWebKit/537.36 (KHTML, like Gecko) Chrome/71.0.3578.98 Safari/537.36" "ysfine.com"
173.196.252.164 - - [30/Sep/2022:19:51:03 -0700] "GET /maga/histo/oscar22.jpg HTTP/1.1" 200 101665 "https://images.search.yahoo.com/search/images;_ylt=Awrg0dByqTdjq5YIKBGJzbkF;_ylu=c2VjA3NlYXJjaARzbGsDYnV0dG9u;_ylc=X1MDOTYwNjI4NTcEX3IDMgRmcgNsaWZlc3R5bGUEZnIyA3A6cyx2OmksbTpzYi10b3AEZ3ByaWQDT2ZQWnlYb1NUZ2VMTU4uTTZGdlhVQQRuX3JzbHQDMARuX3N1Z2cDMARvcmlnaW4DaW1hZ2VzLnNlYXJjaC55YWhvby5jb20EcG9zAzAEcHFzdHIDBHBxc3RybAMwBHFzdHJsAzQ0BHF1ZXJ5A1dobyUyMGRpZCUyMEdlbmVyYWwlMjBCZXJuYWRvdHRlJTIwb2YlMjBTd2VkZW4lMjBtYXJyeSUzRiUyMAR0X3N0bXADMTY2NDU5MjYyNw--?p=Who+did+General+Bernadotte+of+Sweden+marry%3F+&fr=lifestyle&fr2=p%3As%2Cv%3Ai%2Cm%3Asb-top&ei=UTF-8&x=wrt&vm=r" "Mozilla/5.0 (Windows NT 10.0; Win64; x64) AppleWebKit/537.36 (KHTML, like Gecko) Chrome/105.0.0.0 Safari/537.36 Edg/105.0.1343.53" "www.ysfine.com"
173.196.252.164 - - [30/Sep/2022:19:51:03 -0700] "GET /maga/histo/desiree22.jpg HTTP/1.1" 200 113561 "https://images.search.yahoo.com/search/images;_ylt=Awrg0dByqTdjq5YIKBGJzbkF;_ylu=c2VjA3NlYXJjaARzbGsDYnV0dG9u;_ylc=X1MDOTYwNjI4NTcEX3IDMgRmcgNsaWZlc3R5bGUEZnIyA3A6cyx2OmksbTpzYi10b3AEZ3ByaWQDT2ZQWnlYb1NUZ2VMTU4uTTZGdlhVQQRuX3JzbHQDMARuX3N1Z2cDMARvcmlnaW4DaW1hZ2VzLnNlYXJjaC55YWhvby5jb20EcG9zAzAEcHFzdHIDBHBxc3RybAMwBHFzdHJsAzQ0BHF1ZXJ5A1dobyUyMGRpZCUyMEdlbmVyYWwlMjBCZXJuYWRvdHRlJTIwb2YlMjBTd2VkZW4lMjBtYXJyeSUzRiUyMAR0X3N0bXADMTY2NDU5MjYyNw--?p=Who+did+General+Bernadotte+of+Sweden+marry%3F+&fr=lifestyle&fr2=p%3As%2Cv%3Ai%2Cm%3Asb-top&ei=UTF-8&x=wrt&vm=r" "Mozilla/5.0 (Windows NT 10.0; Win64; x64) AppleWebKit/537.36 (KHTML, like Gecko) Chrome/105.0.0.0 Safari/537.36 Edg/105.0.1343.53" "www.ysfine.com"
173.196.252.164 - - [30/Sep/2022:19:51:03 -0700] "GET /maga/histo/oscar33.jpg HTTP/1.1" 200 140181 "https://images.search.yahoo.com/search/images;_ylt=Awrg0dByqTdjq5YIKBGJzbkF;_ylu=c2VjA3NlYXJjaARzbGsDYnV0dG9u;_ylc=X1MDOTYwNjI4NTcEX3IDMgRmcgNsaWZlc3R5bGUEZnIyA3A6cyx2OmksbTpzYi10b3AEZ3ByaWQDT2ZQWnlYb1NUZ2VMTU4uTTZGdlhVQQRuX3JzbHQDMARuX3N1Z2cDMARvcmlnaW4DaW1hZ2VzLnNlYXJjaC55YWhvby5jb20EcG9zAzAEcHFzdHIDBHBxc3RybAMwBHFzdHJsAzQ0BHF1ZXJ5A1dobyUyMGRpZCUyMEdlbmVyYWwlMjBCZXJuYWRvdHRlJTIwb2YlMjBTd2VkZW4lMjBtYXJyeSUzRiUyMAR0X3N0bXADMTY2NDU5MjYyNw--?p=Who+did+General+Bernadotte+of+Sweden+marry%3F+&fr=lifestyle&fr2=p%3As%2Cv%3Ai%2Cm%3Asb-top&ei=UTF-8&x=wrt&vm=r" "Mozilla/5.0 (Windows NT 10.0; Win64; x64) AppleWebKit/537.36 (KHTML, like Gecko) Chrome/105.0.0.0 Safari/537.36 Edg/105.0.1343.53" "www.ysfine.com"
114.119.128.158 - - [30/Sep/2022:19:51:32 -0700] "GET /beau/japanese.html HTTP/1.1" 404 88 "https://ysfine.com/class54/emailed06.html" "Mozilla/5.0 (Linux; Android 7.0;) AppleWebKit/537.36 (KHTML, like Gecko) Mobile Safari/537.36 (compatible; PetalBot;+https://webmaster.petalsearch.com/site/petalbot)" "ysfine.com"
157.55.39.55 - - [30/Sep/2022:19:51:33 -0700] "GET /world/poland/psoldier01b.jpg HTTP/1.1" 200 43418 "-" "Mozilla/5.0 AppleWebKit/537.36 (KHTML, like Gecko; compatible; bingbot/2.0; +http://www.bing.com/bingbot.htm) Chrome/103.0.5060.134 Safari/537.36" "ysfine.com"
66.249.66.30 - - [30/Sep/2022:19:51:33 -0700] "GET /people/catto02b.jpg HTTP/1.1" 304 - "-" "Googlebot-Image/1.0" "ysfine.com"
157.55.39.55 - - [30/Sep/2022:19:51:43 -0700] "GET /home/canal11c.jpg HTTP/1.1" 200 31848 "-" "Mozilla/5.0 (compatible; bingbot/2.0; +http://www.bing.com/bingbot.htm)" "ysfine.com"
157.55.39.58 - - [30/Sep/2022:19:53:44 -0700] "GET /feynman/feynma2.jpg HTTP/1.1" 200 41543 "-" "Mozilla/5.0 (compatible; bingbot/2.0; +http://www.bing.com/bingbot.htm)" "ysfine.com"
76.241.53.134 - - [30/Sep/2022:19:55:14 -0700] "GET /world/france/arusas01.jpg HTTP/1.1" 200 364636 "https://images.search.yahoo.com/yhs/search?p=where+is+alsace+region+of+france+history&hspart=att&hsimp=yhs-att_001&imgurl=http%3A%2F%2Fen.wikipedia.org%2Fwiki%2FSpecial%3AFilePath%2FCarte_Alsace_2018.png" "Mozilla/5.0 (Windows NT 10.0; Win64; x64) AppleWebKit/537.36 (KHTML, like Gecko) Chrome/106.0.0.0 Safari/537.36" "ysfine.com"
40.77.167.27 - - [30/Sep/2022:19:56:00 -0700] "GET /kowar/tanks/m01b.jpg HTTP/1.1" 200 28921 "-" "Mozilla/5.0 (compatible; bingbot/2.0; +http://www.bing.com/bingbot.htm)" "ysfine.com"
157.55.39.128 - - [30/Sep/2022:19:56:26 -0700] "GET /einstein/eindc33b.jpg HTTP/1.1" 200 54447 "-" "Mozilla/5.0 (compatible; bingbot/2.0; +http://www.bing.com/bingbot.htm)" "www.ysfine.com"
157.55.39.58 - - [30/Sep/2022:19:56:32 -0700] "GET /einstein/emc22.jpg HTTP/1.1" 200 126321 "-" "Mozilla/5.0 (compatible; bingbot/2.0; +http://www.bing.com/bingbot.htm)" "ysfine.com"
45.66.209.238 - - [30/Sep/2022:19:57:37 -0700] "GET /princeton/apga13.pdf HTTP/1.1" 200 26368062 "https://ysfine.com/princeton/prade.html" "Mozilla/5.0 (Windows NT 10.0; Win64; x64) AppleWebKit/537.36 (KHTML, like Gecko) Chrome/91.0.1511.75 Safari/537.36" "ysfine.com"
157.55.39.58 - - [30/Sep/2022:19:57:53 -0700] "GET /people/okubo.jpg HTTP/1.1" 200 46827 "-" "Mozilla/5.0 (compatible; bingbot/2.0; +http://www.bing.com/bingbot.htm)" "ysfine.com"
157.55.39.128 - - [30/Sep/2022:19:58:17 -0700] "GET /world/ital/flor071b.jpg HTTP/1.1" 200 44376 "-" "Mozilla/5.0 (compatible; bingbot/2.0; +http://www.bing.com/bingbot.htm)" "ysfine.com"
69.127.77.147 - - [30/Sep/2022:19:59:03 -0700] "GET /wigner/neum/pvn03.jpg HTTP/1.1" 200 83757 "https://www.google.com/" "Mozilla/5.0 (Windows NT 10.0; Win64; x64) AppleWebKit/537.36 (KHTML, like Gecko) Chrome/105.0.0.0 Safari/537.36" "ysfine.com"
157.55.39.128 - - [30/Sep/2022:19:59:08 -0700] "GET /world/germany/karldergrosse01.jpg HTTP/1.1" 200 150218 "-" "Mozilla/5.0 (compatible; bingbot/2.0; +http://www.bing.com/bingbot.htm)" "ysfine.com"
69.127.77.147 - - [30/Sep/2022:19:59:32 -0700] "GET /wigner/neum/vnc03.jpg HTTP/1.1" 200 80421 "https://www.google.com/" "Mozilla/5.0 (Windows NT 10.0; Win64; x64) AppleWebKit/537.36 (KHTML, like Gecko) Chrome/105.0.0.0 Safari/537.36" "ysfine.com"
157.55.39.128 - - [30/Sep/2022:20:00:07 -0700] "GET /wdc/kennedyc10.jpg HTTP/1.1" 200 77673 "-" "Mozilla/5.0 (compatible; bingbot/2.0; +http://www.bing.com/bingbot.htm)" "ysfine.com"
69.127.77.147 - - [30/Sep/2022:20:00:25 -0700] "GET /wigner/neum/vnc02.jpg HTTP/1.1" 200 122957 "https://www.google.com/" "Mozilla/5.0 (Windows NT 10.0; Win64; x64) AppleWebKit/537.36 (KHTML, like Gecko) Chrome/105.0.0.0 Safari/537.36" "ysfine.com"
157.55.39.128 - - [30/Sep/2022:20:00:27 -0700] "GET /style/music/johannstra66.jpg HTTP/1.1" 200 152314 "-" "Mozilla/5.0 (compatible; bingbot/2.0; +http://www.bing.com/bingbot.htm)" "ysfine.com"
157.55.39.128 - - [30/Sep/2022:20:03:08 -0700] "GET /dirac/hyperell01.jpg HTTP/1.1" 200 42675 "-" "Mozilla/5.0 (compatible; bingbot/2.0; +http://www.bing.com/bingbot.htm)" "www.ysfine.com"
223.240.99.104 - - [30/Sep/2022:20:03:14 -0700] "GET / HTTP/1.1" 200 5283 "http://www.ysfine.com" "Mozilla/5.0 (iPhone; CPU iPhone OS 13_2_3 like Mac OS X) AppleWebKit/605.1.15 (KHTML, like Gecko) Version/13.0.3 Mobile/15E148 Safari/604.1" "www.ysfine.com"
40.77.167.27 - - [30/Sep/2022:20:03:21 -0700] "GET /sbk/2002maine22.jpg HTTP/1.1" 200 183685 "-" "Mozilla/5.0 (compatible; bingbot/2.0; +http://www.bing.com/bingbot.htm)" "ysfine.com"
157.55.39.55 - - [30/Sep/2022:20:04:05 -0700] "GET /kobak/roskei90.jpg HTTP/1.1" 200 110306 "-" "Mozilla/5.0 AppleWebKit/537.36 (KHTML, like Gecko; compatible; bingbot/2.0; +http://www.bing.com/bingbot.htm) Chrome/103.0.5060.134 Safari/537.36" "ysfine.com"
207.46.13.102 - - [30/Sep/2022:20:04:13 -0700] "GET /wdc/supreme01.jpg HTTP/1.1" 200 94516 "-" "Mozilla/5.0 (compatible; bingbot/2.0; +http://www.bing.com/bingbot.htm)" "www.ysfine.com"
54.158.27.129 - - [30/Sep/2022:20:05:28 -0700] "GET /sitemap.xml HTTP/1.1" 304 - "https://www.google.com/" "Mozilla/5.0 (Macintosh; Intel Mac OS X 10_15_2) AppleWebKit/537.36 (KHTML, like Gecko) Chrome/79.0.3945.130 Safari/537.36" "ysfine.com"
223.188.49.193 - - [30/Sep/2022:20:06:26 -0700] "GET /maga/phil/marxlon02.jpg HTTP/1.1" 200 167564 "https://www.google.com/" "Mozilla/5.0 (Linux; Android 12; SM-A226B Build/SP1A.210812.016; wv) AppleWebKit/537.36 (KHTML, like Gecko) Version/4.0 Chrome/105.0.5195.79 Mobile Safari/537.36 GoogleApp/13.35.12.26.arm64" "ysfine.com"
114.119.128.154 - - [30/Sep/2022:20:07:28 -0700] "GET /class54/class5470/total_data/sub_336.htm HTTP/1.1" 200 3327 "https://ysfine.com/class54/class5470/total_data/sub_339.htm" "Mozilla/5.0 (Linux; Android 7.0;) AppleWebKit/537.36 (KHTML, like Gecko) Mobile Safari/537.36 (compatible; PetalBot;+https://webmaster.petalsearch.com/site/petalbot)" "ysfine.com"
40.77.167.27 - - [30/Sep/2022:20:09:01 -0700] "GET /world/germany/leipzig27.jpg HTTP/1.1" 200 201611 "-" "Mozilla/5.0 (compatible; bingbot/2.0; +http://www.bing.com/bingbot.htm)" "www.ysfine.com"
157.55.39.58 - - [30/Sep/2022:20:10:04 -0700] "GET /wdc/wasmap11.jpg HTTP/1.1" 200 90827 "-" "Mozilla/5.0 (compatible; bingbot/2.0; +http://www.bing.com/bingbot.htm)" "ysfine.com"
157.55.39.127 - - [30/Sep/2022:20:10:12 -0700] "GET /princeton/alexan11.jpg HTTP/1.1" 200 118946 "-" "Mozilla/5.0 AppleWebKit/537.36 (KHTML, like Gecko; compatible; bingbot/2.0; +http://www.bing.com/bingbot.htm) Chrome/103.0.5060.134 Safari/537.36" "ysfine.com"
157.55.39.128 - - [30/Sep/2022:20:11:58 -0700] "GET /world/russ/spb01.jpg HTTP/1.1" 200 100038 "-" "Mozilla/5.0 AppleWebKit/537.36 (KHTML, like Gecko; compatible; bingbot/2.0; +http://www.bing.com/bingbot.htm) Chrome/103.0.5060.134 Safari/537.36" "ysfine.com"
66.249.66.156 - - [30/Sep/2022:20:12:20 -0700] "GET /wdc/corco33.jpg HTTP/1.1" 304 - "-" "Googlebot-Image/1.0" "ysfine.com"
45.79.187.112 - - [30/Sep/2022:20:13:10 -0700] "GET /maga/sanchez.html HTTP/1.1" 200 1278 "-" "Mozilla/5.0 (Macintosh; Intel Mac OS X 10_10_5) AppleWebKit/537.36 (KHTML, like Gecko) Chrome/49.0.2623.87 Safari/537.36" "ysfine.com"
40.77.167.27 - - [30/Sep/2022:20:13:12 -0700] "GET /world/brit/harrow04.jpg HTTP/1.1" 200 118660 "-" "Mozilla/5.0 (compatible; bingbot/2.0; +http://www.bing.com/bingbot.htm)" "ysfine.com"
93.158.161.48 - - [30/Sep/2022:20:16:34 -0700] "GET /world/sfrance.html HTTP/1.1" 200 8453 "-" "Mozilla/5.0 (compatible; YandexBot/3.0; +http://yandex.com/bots)" "www.ysfine.com"
40.77.167.27 - - [30/Sep/2022:20:17:02 -0700] "GET /maga/phil/sisfa12/roma12-54.jpg HTTP/1.1" 200 68590 "-" "Mozilla/5.0 (compatible; bingbot/2.0; +http://www.bing.com/bingbot.htm)" "ysfine.com"
40.77.167.27 - - [30/Sep/2022:20:17:22 -0700] "GET /world/brit/eton08.jpg HTTP/1.1" 200 122783 "-" "Mozilla/5.0 (compatible; bingbot/2.0; +http://www.bing.com/bingbot.htm)" "ysfine.com"
66.249.66.157 - - [30/Sep/2022:20:17:32 -0700] "GET /wdc/whxmas/whxmas01b.jpg HTTP/1.1" 304 - "-" "Googlebot-Image/1.0" "ysfine.com"
207.46.13.102 - - [30/Sep/2022:20:19:24 -0700] "GET /wdc/gtown19b.jpg HTTP/1.1" 200 42238 "-" "Mozilla/5.0 (compatible; bingbot/2.0; +http://www.bing.com/bingbot.htm)" "www.ysfine.com"
157.55.39.58 - - [30/Sep/2022:20:19:55 -0700] "GET /saram/g127.jpg HTTP/1.1" 200 131701 "-" "Mozilla/5.0 (compatible; bingbot/2.0; +http://www.bing.com/bingbot.htm)" "www.ysfine.com"
66.249.66.40 - - [30/Sep/2022:20:20:21 -0700] "GET /home/fotos/105.jpg HTTP/1.1" 304 - "-" "Googlebot-Image/1.0" "ysfine.com"
192.0.100.83 - - [30/Sep/2022:20:20:28 -0700] "GET /einstein/places/einha02.jpg HTTP/1.1" 200 77905 "-" "Photon/1.0" "www.ysfine.com"
66.249.66.44 - - [30/Sep/2022:20:21:01 -0700] "GET /home/fotos/campus06c.jpg HTTP/1.1" 304 - "-" "Googlebot-Image/1.0" "ysfine.com"
66.249.66.30 - - [30/Sep/2022:20:21:11 -0700] "GET /home/bew22.jpg HTTP/1.1" 304 - "-" "Googlebot-Image/1.0" "ysfine.com"
64.124.8.27 - - [30/Sep/2022:20:21:18 -0700] "GET /robots.txt HTTP/1.1" 404 88 "-" "Mozilla/5.0 (X11; Linux x86_64) AppleWebKit/537.36 (KHTML, like Gecko) Chrome/61.0.3163.79 Safari/537.36" "ysfine.com"
77.75.79.31 - - [30/Sep/2022:20:21:29 -0700] "GET /people/peobot.html HTTP/1.1" 304 - "-" "Mozilla/5.0 (compatible; SeznamBot/4.0-RC1; +http://napoveda.seznam.cz/seznambot-intro/)" "ysfine.com"
66.249.66.156 - - [30/Sep/2022:20:22:32 -0700] "GET /world/china/shenyang23.jpg HTTP/1.1" 200 80272 "-" "Googlebot-Image/1.0" "ysfine.com"
65.99.38.250 - - [30/Sep/2022:20:23:28 -0700] "GET /wigner/neum/vnc08.jpg HTTP/1.1" 200 107974 "https://www.google.com/" "Mozilla/5.0 (Windows NT 10.0; Win64; x64) AppleWebKit/537.36 (KHTML, like Gecko) Chrome/105.0.0.0 Safari/537.36" "ysfine.com"
34.67.96.123 - - [30/Sep/2022:20:23:50 -0700] "GET /world/germany/hegel03.jpg HTTP/1.1" 200 211480 "-" "Mozilla/5.0 (X11; Ubuntu; Linux x86_64; rv:72.0) Gecko/20100101 Firefox/72.0" "ysfine.com"
157.55.39.58 - - [30/Sep/2022:20:24:55 -0700] "GET /style/jstrauss.jpg HTTP/1.1" 200 137743 "-" "Mozilla/5.0 (compatible; bingbot/2.0; +http://www.bing.com/bingbot.htm)" "www.ysfine.com"
66.249.66.3 - - [30/Sep/2022:20:25:37 -0700] "GET /home/yskim10c.jpg HTTP/1.1" 304 - "-" "Googlebot-Image/1.0" "ysfine.com"
207.46.13.102 - - [30/Sep/2022:20:25:54 -0700] "GET /usca/pitt/mellon21b.jpg HTTP/1.1" 200 41063 "-" "Mozilla/5.0 AppleWebKit/537.36 (KHTML, like Gecko; compatible; bingbot/2.0; +http://www.bing.com/bingbot.htm) Chrome/103.0.5060.134 Safari/537.36" "www.ysfine.com"
207.46.13.102 - - [30/Sep/2022:20:26:04 -0700] "GET /wdc/willard11.jpg HTTP/1.1" 200 99348 "-" "Mozilla/5.0 AppleWebKit/537.36 (KHTML, like Gecko; compatible; bingbot/2.0; +http://www.bing.com/bingbot.htm) Chrome/103.0.5060.134 Safari/537.36" "ysfine.com"
157.55.39.55 - - [30/Sep/2022:20:26:38 -0700] "GET /world/russ/petergr01.jpg HTTP/1.1" 200 94667 "-" "Mozilla/5.0 (compatible; bingbot/2.0; +http://www.bing.com/bingbot.htm)" "www.ysfine.com"
66.249.66.30 - - [30/Sep/2022:20:27:00 -0700] "GET /world/ital/venice45.jpg HTTP/1.1" 200 232216 "-" "Googlebot-Image/1.0" "ysfine.com"
157.55.39.128 - - [30/Sep/2022:20:29:50 -0700] "GET /sbk/1987pr33.jpg HTTP/1.1" 200 152740 "-" "Mozilla/5.0 (compatible; bingbot/2.0; +http://www.bing.com/bingbot.htm)" "ysfine.com"
66.249.66.30 - - [30/Sep/2022:20:30:39 -0700] "GET /wigner/cylinder11b.jpg HTTP/1.1" 200 38614 "-" "Googlebot-Image/1.0" "ysfine.com"
64.124.8.27 - - [30/Sep/2022:20:30:51 -0700] "GET /robots.txt HTTP/1.1" 404 88 "-" "Mozilla/5.0 (X11; Linux x86_64) AppleWebKit/537.36 (KHTML, like Gecko) Chrome/61.0.3163.79 Safari/537.36" "ysfine.com"
64.124.8.27 - - [30/Sep/2022:20:30:51 -0700] "GET /dirac/index.html HTTP/1.1" 304 - "-" "Mozilla/5.0 (X11; Linux x86_64) AppleWebKit/537.36 (KHTML, like Gecko) Chrome/61.0.3163.79 Safari/537.36" "ysfine.com"
207.46.13.102 - - [30/Sep/2022:20:31:05 -0700] "GET /world/brit/oxlon18.jpg HTTP/1.1" 200 124389 "-" "Mozilla/5.0 (compatible; bingbot/2.0; +http://www.bing.com/bingbot.htm)" "ysfine.com"
157.55.39.128 - - [30/Sep/2022:20:32:20 -0700] "GET /wigner/euclid05.jpg HTTP/1.1" 200 68069 "-" "Mozilla/5.0 (compatible; bingbot/2.0; +http://www.bing.com/bingbot.htm)" "ysfine.com"
114.119.128.142 - - [30/Sep/2022:20:32:31 -0700] "GET /princeton/wilsonvers.html HTTP/1.1" 200 2207 "https://ysfine.com/maga/poincare.html" "Mozilla/5.0 (Linux; Android 7.0;) AppleWebKit/537.36 (KHTML, like Gecko) Mobile Safari/537.36 (compatible; PetalBot;+https://webmaster.petalsearch.com/site/petalbot)" "ysfine.com"
40.77.167.27 - - [30/Sep/2022:20:32:43 -0700] "GET /world/russ/mosriver07.jpg HTTP/1.1" 200 78336 "-" "Mozilla/5.0 (compatible; bingbot/2.0; +http://www.bing.com/bingbot.htm)" "ysfine.com"
64.124.8.27 - - [30/Sep/2022:20:33:33 -0700] "GET /wigner/wbrill.html HTTP/1.1" 304 - "-" "Mozilla/5.0 (X11; Linux x86_64) AppleWebKit/537.36 (KHTML, like Gecko) Chrome/61.0.3163.79 Safari/537.36" "ysfine.com"
64.124.8.27 - - [30/Sep/2022:20:34:01 -0700] "GET /einstein/einphil.html HTTP/1.1" 304 - "-" "Mozilla/5.0 (X11; Linux x86_64) AppleWebKit/537.36 (KHTML, like Gecko) Chrome/61.0.3163.79 Safari/537.36" "ysfine.com"
64.124.8.27 - - [30/Sep/2022:20:34:23 -0700] "GET /wigner/pitman.html HTTP/1.1" 304 - "-" "Mozilla/5.0 (X11; Linux x86_64) AppleWebKit/537.36 (KHTML, like Gecko) Chrome/61.0.3163.79 Safari/537.36" "ysfine.com"
157.55.39.58 - - [30/Sep/2022:20:34:26 -0700] "GET /einstein/einbohr33.jpg HTTP/1.1" 200 87797 "-" "Mozilla/5.0 (compatible; bingbot/2.0; +http://www.bing.com/bingbot.htm)" "ysfine.com"
64.124.8.27 - - [30/Sep/2022:20:35:05 -0700] "GET /feynman/partons.html HTTP/1.1" 304 - "-" "Mozilla/5.0 (X11; Linux x86_64) AppleWebKit/537.36 (KHTML, like Gecko) Chrome/61.0.3163.79 Safari/537.36" "ysfine.com"
207.46.13.102 - - [30/Sep/2022:20:35:45 -0700] "GET /world/paris HTTP/1.1" 200 18129 "-" "Mozilla/5.0 (compatible; bingbot/2.0; +http://www.bing.com/bingbot.htm)" "ysfine.com"
157.55.39.55 - - [30/Sep/2022:20:35:50 -0700] "GET /class54/emailed05.html HTTP/1.1" 200 16866 "-" "Mozilla/5.0 (compatible; bingbot/2.0; +http://www.bing.com/bingbot.htm)" "ysfine.com"
157.55.39.127 - - [30/Sep/2022:20:35:54 -0700] "GET /kowar/war02.html HTTP/1.1" 200 9935 "-" "Mozilla/5.0 (compatible; bingbot/2.0; +http://www.bing.com/bingbot.htm)" "ysfine.com"
157.55.39.128 - - [30/Sep/2022:20:35:55 -0700] "GET /world/china22.html HTTP/1.1" 200 12827 "-" "Mozilla/5.0 (compatible; bingbot/2.0; +http://www.bing.com/bingbot.htm)" "ysfine.com"
157.55.39.128 - - [30/Sep/2022:20:35:55 -0700] "GET /home/wigstu.html HTTP/1.1" 200 4212 "-" "Mozilla/5.0 AppleWebKit/537.36 (KHTML, like Gecko; compatible; bingbot/2.0; +http://www.bing.com/bingbot.htm) Chrome/103.0.5060.134 Safari/537.36" "ysfine.com"
207.46.13.102 - - [30/Sep/2022:20:36:04 -0700] "GET /world/germany/mucf21.jpg HTTP/1.1" 200 116134 "-" "Mozilla/5.0 (compatible; bingbot/2.0; +http://www.bing.com/bingbot.htm)" "www.ysfine.com"
64.124.8.27 - - [30/Sep/2022:20:36:05 -0700] "GET /confer/particle.html HTTP/1.1" 304 - "-" "Mozilla/5.0 (X11; Linux x86_64) AppleWebKit/537.36 (KHTML, like Gecko) Chrome/61.0.3163.79 Safari/537.36" "ysfine.com"
66.249.66.92 - - [30/Sep/2022:20:36:45 -0700] "GET /home/fotos/photo08.jpg HTTP/1.1" 304 - "-" "Googlebot-Image/1.0" "ysfine.com"
64.124.8.27 - - [30/Sep/2022:20:36:49 -0700] "GET /home/optics.html HTTP/1.1" 200 4947 "-" "Mozilla/5.0 (X11; Linux x86_64) AppleWebKit/537.36 (KHTML, like Gecko) Chrome/61.0.3163.79 Safari/537.36" "ysfine.com"
66.249.66.43 - - [30/Sep/2022:20:37:23 -0700] "GET /fbook/kgirls22.jpg HTTP/1.1" 304 - "-" "Googlebot-Image/1.0" "ysfine.com"
64.124.8.27 - - [30/Sep/2022:20:37:24 -0700] "GET /wigner/wigpoinc.html HTTP/1.1" 304 - "-" "Mozilla/5.0 (X11; Linux x86_64) AppleWebKit/537.36 (KHTML, like Gecko) Chrome/61.0.3163.79 Safari/537.36" "ysfine.com"
66.249.66.92 - - [30/Sep/2022:20:37:27 -0700] "GET /home/ysrhee33.jpg HTTP/1.1" 304 - "-" "Googlebot-Image/1.0" "ysfine.com"
72.14.201.142 - - [30/Sep/2022:20:37:29 -0700] "GET /einstein/heisenberg.html HTTP/1.1" 200 10552 "-" "Mozilla/5.0 (Linux; Android 10; K) AppleWebKit/537.36 (KHTML, like Gecko) Chrome/105.0.0.0 Mobile Safari/537.36" "ysfine.com"
107.127.49.111 - - [30/Sep/2022:20:37:53 -0700] "GET /maga/histo/desiree22.jpg HTTP/1.1" 200 113561 "https://www.google.com/" "Mozilla/5.0 (iPhone; CPU iPhone OS 15_6_1 like Mac OS X) AppleWebKit/605.1.15 (KHTML, like Gecko) Version/15.6.1 Mobile/15E148 Safari/604.1" "ysfine.com"
173.196.252.164 - - [30/Sep/2022:20:37:59 -0700] "GET /maga/histo/desiree23.jpg HTTP/1.1" 200 85900 "https://images.search.yahoo.com/search/images;_ylt=Awrg0dByqTdjq5YIKBGJzbkF;_ylu=c2VjA3NlYXJjaARzbGsDYnV0dG9u;_ylc=X1MDOTYwNjI4NTcEX3IDMgRmcgNsaWZlc3R5bGUEZnIyA3A6cyx2OmksbTpzYi10b3AEZ3ByaWQDT2ZQWnlYb1NUZ2VMTU4uTTZGdlhVQQRuX3JzbHQDMARuX3N1Z2cDMARvcmlnaW4DaW1hZ2VzLnNlYXJjaC55YWhvby5jb20EcG9zAzAEcHFzdHIDBHBxc3RybAMwBHFzdHJsAzQ0BHF1ZXJ5A1dobyUyMGRpZCUyMEdlbmVyYWwlMjBCZXJuYWRvdHRlJTIwb2YlMjBTd2VkZW4lMjBtYXJyeSUzRiUyMAR0X3N0bXADMTY2NDU5MjYyNw--?p=Who+did+General+Bernadotte+of+Sweden+marry%3F+&fr=lifestyle&fr2=p%3As%2Cv%3Ai%2Cm%3Asb-top&ei=UTF-8&x=wrt&vm=r" "Mozilla/5.0 (Windows NT 10.0; Win64; x64) AppleWebKit/537.36 (KHTML, like Gecko) Chrome/105.0.0.0 Safari/537.36 Edg/105.0.1343.53" "www.ysfine.com"
173.196.252.164 - - [30/Sep/2022:20:37:59 -0700] "GET /maga/histo/swedking01.jpg HTTP/1.1" 200 150012 "https://images.search.yahoo.com/search/images;_ylt=Awrg0dByqTdjq5YIKBGJzbkF;_ylu=c2VjA3NlYXJjaARzbGsDYnV0dG9u;_ylc=X1MDOTYwNjI4NTcEX3IDMgRmcgNsaWZlc3R5bGUEZnIyA3A6cyx2OmksbTpzYi10b3AEZ3ByaWQDT2ZQWnlYb1NUZ2VMTU4uTTZGdlhVQQRuX3JzbHQDMARuX3N1Z2cDMARvcmlnaW4DaW1hZ2VzLnNlYXJjaC55YWhvby5jb20EcG9zAzAEcHFzdHIDBHBxc3RybAMwBHFzdHJsAzQ0BHF1ZXJ5A1dobyUyMGRpZCUyMEdlbmVyYWwlMjBCZXJuYWRvdHRlJTIwb2YlMjBTd2VkZW4lMjBtYXJyeSUzRiUyMAR0X3N0bXADMTY2NDU5MjYyNw--?p=Who+did+General+Bernadotte+of+Sweden+marry%3F+&fr=lifestyle&fr2=p%3As%2Cv%3Ai%2Cm%3Asb-top&ei=UTF-8&x=wrt&vm=r" "Mozilla/5.0 (Windows NT 10.0; Win64; x64) AppleWebKit/537.36 (KHTML, like Gecko) Chrome/105.0.0.0 Safari/537.36 Edg/105.0.1343.53" "www.ysfine.com"
107.127.49.111 - - [30/Sep/2022:20:38:04 -0700] "GET /maga/histo/desiree21.jpg HTTP/1.1" 200 91829 "https://www.google.com/" "Mozilla/5.0 (iPhone; CPU iPhone OS 15_6_1 like Mac OS X) AppleWebKit/605.1.15 (KHTML, like Gecko) Version/15.6.1 Mobile/15E148 Safari/604.1" "ysfine.com"
107.127.49.111 - - [30/Sep/2022:20:38:08 -0700] "GET /maga/histo/oscar22.jpg HTTP/1.1" 200 101665 "https://www.google.com/" "Mozilla/5.0 (iPhone; CPU iPhone OS 15_6_1 like Mac OS X) AppleWebKit/605.1.15 (KHTML, like Gecko) Version/15.6.1 Mobile/15E148 Safari/604.1" "ysfine.com"
107.127.49.111 - - [30/Sep/2022:20:38:11 -0700] "GET /maga/histo/desiree23.jpg HTTP/1.1" 200 85900 "https://www.google.com/" "Mozilla/5.0 (iPhone; CPU iPhone OS 15_6_1 like Mac OS X) AppleWebKit/605.1.15 (KHTML, like Gecko) Version/15.6.1 Mobile/15E148 Safari/604.1" "ysfine.com"
157.55.39.58 - - [30/Sep/2022:20:38:17 -0700] "GET /dongio/amkor/korkhar11.jpg HTTP/1.1" 404 88 "-" "Mozilla/5.0 (compatible; bingbot/2.0; +http://www.bing.com/bingbot.htm)" "ysfine.com"
66.249.66.3 - - [30/Sep/2022:20:38:23 -0700] "GET /home/fotos/101.jpg HTTP/1.1" 304 - "-" "Googlebot-Image/1.0" "ysfine.com"
157.55.39.128 - - [30/Sep/2022:20:38:30 -0700] "GET /einstein/places/einha39.jpg HTTP/1.1" 200 123066 "-" "Mozilla/5.0 (compatible; bingbot/2.0; +http://www.bing.com/bingbot.htm)" "www.ysfine.com"
207.46.13.102 - - [30/Sep/2022:20:38:36 -0700] "GET /maga/phys/solvayc27c.jpg HTTP/1.1" 200 53464 "-" "Mozilla/5.0 AppleWebKit/537.36 (KHTML, like Gecko; compatible; bingbot/2.0; +http://www.bing.com/bingbot.htm) Chrome/103.0.5060.134 Safari/537.36" "ysfine.com"
64.124.8.27 - - [30/Sep/2022:20:38:39 -0700] "GET /home/wcartoon.html HTTP/1.1" 200 6127 "-" "Mozilla/5.0 (X11; Linux x86_64) AppleWebKit/537.36 (KHTML, like Gecko) Chrome/61.0.3163.79 Safari/537.36" "ysfine.com"
157.55.39.127 - - [30/Sep/2022:20:38:39 -0700] "GET /world/balkan/istan034.jpg HTTP/1.1" 200 112751 "-" "Mozilla/5.0 (compatible; bingbot/2.0; +http://www.bing.com/bingbot.htm)" "ysfine.com"
173.196.252.164 - - [30/Sep/2022:20:38:42 -0700] "GET /maga/histo/desiree21.jpg HTTP/1.1" 200 91829 "https://images.search.yahoo.com/search/images;_ylt=Awrg0dByqTdjq5YIKBGJzbkF;_ylu=c2VjA3NlYXJjaARzbGsDYnV0dG9u;_ylc=X1MDOTYwNjI4NTcEX3IDMgRmcgNsaWZlc3R5bGUEZnIyA3A6cyx2OmksbTpzYi10b3AEZ3ByaWQDT2ZQWnlYb1NUZ2VMTU4uTTZGdlhVQQRuX3JzbHQDMARuX3N1Z2cDMARvcmlnaW4DaW1hZ2VzLnNlYXJjaC55YWhvby5jb20EcG9zAzAEcHFzdHIDBHBxc3RybAMwBHFzdHJsAzQ0BHF1ZXJ5A1dobyUyMGRpZCUyMEdlbmVyYWwlMjBCZXJuYWRvdHRlJTIwb2YlMjBTd2VkZW4lMjBtYXJyeSUzRiUyMAR0X3N0bXADMTY2NDU5MjYyNw--?p=Who+did+General+Bernadotte+of+Sweden+marry%3F+&fr=lifestyle&fr2=p%3As%2Cv%3Ai%2Cm%3Asb-top&ei=UTF-8&x=wrt&vm=r" "Mozilla/5.0 (Windows NT 10.0; Win64; x64) AppleWebKit/537.36 (KHTML, like Gecko) Chrome/105.0.0.0 Safari/537.36 Edg/105.0.1343.53" "www.ysfine.com"
66.249.66.214 - - [30/Sep/2022:20:39:52 -0700] "GET /home/fotos/photo12c.jpg HTTP/1.1" 304 - "-" "Googlebot-Image/1.0" "ysfine.com"
77.88.5.46 - - [30/Sep/2022:20:40:15 -0700] "GET /robots.txt HTTP/1.1" 404 73 "-" "Mozilla/5.0 (compatible; YandexBot/3.0; +http://yandex.com/bots)" "www.ysfine.com"
77.88.5.126 - - [30/Sep/2022:20:40:18 -0700] "GET /princeton/butler2011.html HTTP/1.1" 200 405 "-" "Mozilla/5.0 (compatible; YandexBot/3.0; +http://yandex.com/bots)" "www.ysfine.com"
66.249.66.30 - - [30/Sep/2022:20:40:47 -0700] "GET /home/fotos/dirfeyn62c.jpg HTTP/1.1" 304 - "-" "Googlebot-Image/1.0" "ysfine.com"
173.252.83.119 - - [30/Sep/2022:20:41:41 -0700] "GET /eink/lorentz21c.jpg HTTP/1.1" 200 36448 "-" "facebookexternalhit/1.1 (+http://www.facebook.com/externalhit_uatext.php)" "ysfine.com"
77.88.5.233 - - [30/Sep/2022:20:41:41 -0700] "GET /world/poland/gdn33.jpg HTTP/1.1" 200 123846 "-" "Mozilla/5.0 (compatible; YandexImages/3.0; +http://yandex.com/bots)" "www.ysfine.com"
157.55.39.127 - - [30/Sep/2022:20:42:16 -0700] "GET /newyork/colum25.jpg HTTP/1.1" 200 168650 "-" "Mozilla/5.0 (compatible; bingbot/2.0; +http://www.bing.com/bingbot.htm)" "www.ysfine.com"
137.229.243.22 - - [30/Sep/2022:20:42:37 -0700] "GET /maga/phil/marxber22.jpg HTTP/1.1" 200 106927 "https://www.google.com/" "Mozilla/5.0 (Windows NT 10.0; Win64; x64) AppleWebKit/537.36 (KHTML, like Gecko) Chrome/105.0.0.0 Safari/537.36" "ysfine.com"
71.201.167.206 - - [30/Sep/2022:20:43:11 -0700] "GET /wdc/usna14.jpg HTTP/1.1" 200 98975 "-" "Mozilla/5.0 (Macintosh; Intel Mac OS X 10_15_6) AppleWebKit/605.1.15 (KHTML, like Gecko) Version/15.6.1 Safari/605.1.15" "ysfine.com"
96.19.218.5 - - [30/Sep/2022:20:43:24 -0700] "GET /kowar/tanks/tank03.jpg HTTP/1.1" 200 106726 "https://www.google.com/" "Mozilla/5.0 (Macintosh; Intel Mac OS X 10_15_7) AppleWebKit/537.36 (KHTML, like Gecko) Chrome/105.0.0.0 Safari/537.36" "ysfine.com"
66.249.66.44 - - [30/Sep/2022:20:44:02 -0700] "GET /home/fotos/photo09c.jpg HTTP/1.1" 304 - "-" "Googlebot-Image/1.0" "ysfine.com"
157.55.39.128 - - [30/Sep/2022:20:44:02 -0700] "GET /wdc/corco44.jpg HTTP/1.1" 200 63238 "-" "Mozilla/5.0 (compatible; bingbot/2.0; +http://www.bing.com/bingbot.htm)" "www.ysfine.com"
157.55.39.55 - - [30/Sep/2022:20:44:18 -0700] "GET /world/ital/marcus11.jpg HTTP/1.1" 200 112744 "-" "Mozilla/5.0 (compatible; bingbot/2.0; +http://www.bing.com/bingbot.htm)" "ysfine.com"
157.55.39.127 - - [30/Sep/2022:20:45:15 -0700] "GET /home/ys2011c.jpg HTTP/1.1" 200 27028 "-" "Mozilla/5.0 (compatible; bingbot/2.0; +http://www.bing.com/bingbot.htm)" "ysfine.com"
207.46.13.102 - - [30/Sep/2022:20:45:35 -0700] "GET /maga/boltz/boltz11.jpg HTTP/1.1" 200 56934 "-" "Mozilla/5.0 AppleWebKit/537.36 (KHTML, like Gecko; compatible; bingbot/2.0; +http://www.bing.com/bingbot.htm) Chrome/103.0.5060.134 Safari/537.36" "ysfine.com"
157.55.39.58 - - [30/Sep/2022:20:46:16 -0700] "GET /kowar/tanks/m60b.jpg HTTP/1.1" 200 31548 "-" "Mozilla/5.0 (compatible; bingbot/2.0; +http://www.bing.com/bingbot.htm)" "ysfine.com"
157.55.39.128 - - [30/Sep/2022:20:46:32 -0700] "GET /kowar/tanks/tank21.jpg HTTP/1.1" 200 52329 "-" "Mozilla/5.0 (compatible; bingbot/2.0; +http://www.bing.com/bingbot.htm)" "ysfine.com"
96.19.218.5 - - [30/Sep/2022:20:47:05 -0700] "GET /kowar/tanks.html HTTP/1.1" 200 8702 "https://www.google.com/" "Mozilla/5.0 (Macintosh; Intel Mac OS X 10_15_7) AppleWebKit/537.36 (KHTML, like Gecko) Chrome/105.0.0.0 Safari/537.36" "ysfine.com"
96.19.218.5 - - [30/Sep/2022:20:47:05 -0700] "GET /kowar/tanks/tank01b.jpg HTTP/1.1" 200 43748 "https://ysfine.com/kowar/tanks.html" "Mozilla/5.0 (Macintosh; Intel Mac OS X 10_15_7) AppleWebKit/537.36 (KHTML, like Gecko) Chrome/105.0.0.0 Safari/537.36" "ysfine.com"
96.19.218.5 - - [30/Sep/2022:20:47:05 -0700] "GET /kowar/tanks/tank02b.jpg HTTP/1.1" 200 30002 "https://ysfine.com/kowar/tanks.html" "Mozilla/5.0 (Macintosh; Intel Mac OS X 10_15_7) AppleWebKit/537.36 (KHTML, like Gecko) Chrome/105.0.0.0 Safari/537.36" "ysfine.com"
96.19.218.5 - - [30/Sep/2022:20:47:05 -0700] "GET /kowar/tanks/tank05b.jpg HTTP/1.1" 200 48742 "https://ysfine.com/kowar/tanks.html" "Mozilla/5.0 (Macintosh; Intel Mac OS X 10_15_7) AppleWebKit/537.36 (KHTML, like Gecko) Chrome/105.0.0.0 Safari/537.36" "ysfine.com"
96.19.218.5 - - [30/Sep/2022:20:47:05 -0700] "GET /kowar/tanks/tank03b.jpg HTTP/1.1" 200 42892 "https://ysfine.com/kowar/tanks.html" "Mozilla/5.0 (Macintosh; Intel Mac OS X 10_15_7) AppleWebKit/537.36 (KHTML, like Gecko) Chrome/105.0.0.0 Safari/537.36" "ysfine.com"
96.19.218.5 - - [30/Sep/2022:20:47:05 -0700] "GET /kowar/tanks/sherman58b.jpg HTTP/1.1" 200 37300 "https://ysfine.com/kowar/tanks.html" "Mozilla/5.0 (Macintosh; Intel Mac OS X 10_15_7) AppleWebKit/537.36 (KHTML, like Gecko) Chrome/105.0.0.0 Safari/537.36" "ysfine.com"
96.19.218.5 - - [30/Sep/2022:20:47:05 -0700] "GET /kowar/tanks/stalinorg2.jpg HTTP/1.1" 200 50939 "https://ysfine.com/kowar/tanks.html" "Mozilla/5.0 (Macintosh; Intel Mac OS X 10_15_7) AppleWebKit/537.36 (KHTML, like Gecko) Chrome/105.0.0.0 Safari/537.36" "ysfine.com"
96.19.218.5 - - [30/Sep/2022:20:47:05 -0700] "GET /kowar/tanks/m46cb.jpg HTTP/1.1" 200 35273 "https://ysfine.com/kowar/tanks.html" "Mozilla/5.0 (Macintosh; Intel Mac OS X 10_15_7) AppleWebKit/537.36 (KHTML, like Gecko) Chrome/105.0.0.0 Safari/537.36" "ysfine.com"
96.19.218.5 - - [30/Sep/2022:20:47:05 -0700] "GET /kowar/tanks/southhorse2.jpg HTTP/1.1" 200 51359 "https://ysfine.com/kowar/tanks.html" "Mozilla/5.0 (Macintosh; Intel Mac OS X 10_15_7) AppleWebKit/537.36 (KHTML, like Gecko) Chrome/105.0.0.0 Safari/537.36" "ysfine.com"
96.19.218.5 - - [30/Sep/2022:20:47:05 -0700] "GET /kowar/tanks/tank07b.jpg HTTP/1.1" 200 40314 "https://ysfine.com/kowar/tanks.html" "Mozilla/5.0 (Macintosh; Intel Mac OS X 10_15_7) AppleWebKit/537.36 (KHTML, like Gecko) Chrome/105.0.0.0 Safari/537.36" "ysfine.com"
96.19.218.5 - - [30/Sep/2022:20:47:05 -0700] "GET /kowar/tanks/tank54b.jpg HTTP/1.1" 200 38354 "https://ysfine.com/kowar/tanks.html" "Mozilla/5.0 (Macintosh; Intel Mac OS X 10_15_7) AppleWebKit/537.36 (KHTML, like Gecko) Chrome/105.0.0.0 Safari/537.36" "ysfine.com"
96.19.218.5 - - [30/Sep/2022:20:47:05 -0700] "GET /kowar/tanks/m01b.jpg HTTP/1.1" 200 28921 "https://ysfine.com/kowar/tanks.html" "Mozilla/5.0 (Macintosh; Intel Mac OS X 10_15_7) AppleWebKit/537.36 (KHTML, like Gecko) Chrome/105.0.0.0 Safari/537.36" "ysfine.com"
96.19.218.5 - - [30/Sep/2022:20:47:05 -0700] "GET /kowar/tanks/sherman43b.jpg HTTP/1.1" 200 28142 "https://ysfine.com/kowar/tanks.html" "Mozilla/5.0 (Macintosh; Intel Mac OS X 10_15_7) AppleWebKit/537.36 (KHTML, like Gecko) Chrome/105.0.0.0 Safari/537.36" "ysfine.com"
96.19.218.5 - - [30/Sep/2022:20:47:05 -0700] "GET /kowar/tanks/tank21b.jpg HTTP/1.1" 200 26768 "https://ysfine.com/kowar/tanks.html" "Mozilla/5.0 (Macintosh; Intel Mac OS X 10_15_7) AppleWebKit/537.36 (KHTML, like Gecko) Chrome/105.0.0.0 Safari/537.36" "ysfine.com"
96.19.218.5 - - [30/Sep/2022:20:47:05 -0700] "GET /kowar/tanks/sherman44b.jpg HTTP/1.1" 200 34454 "https://ysfine.com/kowar/tanks.html" "Mozilla/5.0 (Macintosh; Intel Mac OS X 10_15_7) AppleWebKit/537.36 (KHTML, like Gecko) Chrome/105.0.0.0 Safari/537.36" "ysfine.com"
96.19.218.5 - - [30/Sep/2022:20:47:05 -0700] "GET /kowar/tanks/tank04b.jpg HTTP/1.1" 200 48757 "https://ysfine.com/kowar/tanks.html" "Mozilla/5.0 (Macintosh; Intel Mac OS X 10_15_7) AppleWebKit/537.36 (KHTML, like Gecko) Chrome/105.0.0.0 Safari/537.36" "ysfine.com"
96.19.218.5 - - [30/Sep/2022:20:47:05 -0700] "GET /kowar/tanks/m60b.jpg HTTP/1.1" 200 31548 "https://ysfine.com/kowar/tanks.html" "Mozilla/5.0 (Macintosh; Intel Mac OS X 10_15_7) AppleWebKit/537.36 (KHTML, like Gecko) Chrome/105.0.0.0 Safari/537.36" "ysfine.com"
96.19.218.5 - - [30/Sep/2022:20:47:05 -0700] "GET /kowar/tanks/m24b.jpg HTTP/1.1" 200 37948 "https://ysfine.com/kowar/tanks.html" "Mozilla/5.0 (Macintosh; Intel Mac OS X 10_15_7) AppleWebKit/537.36 (KHTML, like Gecko) Chrome/105.0.0.0 Safari/537.36" "ysfine.com"
96.19.218.5 - - [30/Sep/2022:20:47:05 -0700] "GET /kowar/tanks/tank22b.jpg HTTP/1.1" 200 37945 "https://ysfine.com/kowar/tanks.html" "Mozilla/5.0 (Macintosh; Intel Mac OS X 10_15_7) AppleWebKit/537.36 (KHTML, like Gecko) Chrome/105.0.0.0 Safari/537.36" "ysfine.com"
173.252.83.8 - - [30/Sep/2022:20:49:04 -0700] "GET /robots.txt HTTP/1.1" 404 88 "-" "facebookexternalhit/1.1 (+http://www.facebook.com/externalhit_uatext.php)" "www.ysfine.com"
207.46.13.102 - - [30/Sep/2022:20:49:27 -0700] "GET /usca/pitt/pghrail33.jpg HTTP/1.1" 200 118198 "-" "Mozilla/5.0 (compatible; bingbot/2.0; +http://www.bing.com/bingbot.htm)" "www.ysfine.com"
173.252.83.8 - - [30/Sep/2022:20:49:51 -0700] "GET /kobak/taylor33c.jpg HTTP/1.1" 200 39951 "-" "facebookexternalhit/1.1 (+http://www.facebook.com/externalhit_uatext.php)" "www.ysfine.com"
77.74.177.119 - - [30/Sep/2022:20:49:51 -0700] "GET / HTTP/1.1" 200 5283 "-" "Mozilla/5.0 (Windows NT 10.0; Win64; x64) AppleWebKit/537.36 (KHTML, like Gecko) Chrome/71.0.3578.98 Safari/537.36" "ysfine.com"
73.63.9.18 - - [30/Sep/2022:20:50:51 -0700] "GET /favicon.ico HTTP/1.1" 404 88 "-" "Mozilla/5.0 (X11; Linux x86_64; rv:102.0) Gecko/20100101 Goanna/5.2 Firefox/102.0 PaleMoon/31.3.0.1" "ysfine.com"
73.63.9.18 - - [30/Sep/2022:20:50:52 -0700] "GET /favicon.ico HTTP/1.1" 404 88 "-" "Mozilla/5.0 (X11; Linux x86_64; rv:102.0) Gecko/20100101 Goanna/5.2 Firefox/102.0 PaleMoon/31.3.0.1" "ysfine.com"
207.46.13.102 - - [30/Sep/2022:20:51:06 -0700] "GET /newyork/lincolnc66.jpg HTTP/1.1" 200 69884 "-" "Mozilla/5.0 AppleWebKit/537.36 (KHTML, like Gecko; compatible; bingbot/2.0; +http://www.bing.com/bingbot.htm) Chrome/103.0.5060.134 Safari/537.36" "www.ysfine.com"
40.77.167.27 - - [30/Sep/2022:20:51:55 -0700] "GET /princeton/wightman02.jpg HTTP/1.1" 200 101151 "-" "Mozilla/5.0 (compatible; bingbot/2.0; +http://www.bing.com/bingbot.htm)" "ysfine.com"
173.196.252.164 - - [30/Sep/2022:20:52:23 -0700] "GET /world/scandi/sto002b.jpg HTTP/1.1" 200 42293 "https://images.search.yahoo.com/search/images;_ylt=Awrg0dByqTdjq5YIKBGJzbkF;_ylu=c2VjA3NlYXJjaARzbGsDYnV0dG9u;_ylc=X1MDOTYwNjI4NTcEX3IDMgRmcgNsaWZlc3R5bGUEZnIyA3A6cyx2OmksbTpzYi10b3AEZ3ByaWQDT2ZQWnlYb1NUZ2VMTU4uTTZGdlhVQQRuX3JzbHQDMARuX3N1Z2cDMARvcmlnaW4DaW1hZ2VzLnNlYXJjaC55YWhvby5jb20EcG9zAzAEcHFzdHIDBHBxc3RybAMwBHFzdHJsAzQ0BHF1ZXJ5A1dobyUyMGRpZCUyMEdlbmVyYWwlMjBCZXJuYWRvdHRlJTIwb2YlMjBTd2VkZW4lMjBtYXJyeSUzRiUyMAR0X3N0bXADMTY2NDU5MjYyNw--?p=Who+did+General+Bernadotte+of+Sweden+marry%3F+&fr=lifestyle&fr2=p%3As%2Cv%3Ai%2Cm%3Asb-top&ei=UTF-8&x=wrt&vm=r" "Mozilla/5.0 (Windows NT 10.0; Win64; x64) AppleWebKit/537.36 (KHTML, like Gecko) Chrome/105.0.0.0 Safari/537.36 Edg/105.0.1343.53" "ysfine.com"
93.158.161.38 - - [30/Sep/2022:20:52:33 -0700] "GET /world/china/shenyang.html HTTP/1.1" 200 5154 "-" "Mozilla/5.0 (compatible; YandexBot/3.0; +http://yandex.com/bots)" "www.ysfine.com"
157.55.39.58 - - [30/Sep/2022:20:52:49 -0700] "GET /kobak/rhee12b.jpg HTTP/1.1" 200 49113 "-" "Mozilla/5.0 (compatible; bingbot/2.0; +http://www.bing.com/bingbot.htm)" "ysfine.com"
157.55.39.58 - - [30/Sep/2022:20:52:50 -0700] "GET /world/spain/sevi017.jpg HTTP/1.1" 200 295478 "-" "Mozilla/5.0 (compatible; bingbot/2.0; +http://www.bing.com/bingbot.htm)" "ysfine.com"
23.88.63.57 - - [30/Sep/2022:20:53:04 -0700] "GET /wdc/umdbarn08.jpg HTTP/1.1" 200 94302 "-" "Mozilla/5.0 (X11; Fedora; Linux x86_64) AppleWebKit/537.36 (KHTML, like Gecko) Chrome/79.0.3945.117 Safari/537.36" "ysfine.com"
66.249.66.3 - - [30/Sep/2022:20:54:37 -0700] "GET /wdc/treasury01.jpg HTTP/1.1" 304 - "-" "Googlebot-Image/1.0" "ysfine.com"
207.46.13.102 - - [30/Sep/2022:20:55:08 -0700] "GET /world/russ/kazan078.jpg HTTP/1.1" 200 110344 "-" "Mozilla/5.0 AppleWebKit/537.36 (KHTML, like Gecko; compatible; bingbot/2.0; +http://www.bing.com/bingbot.htm) Chrome/103.0.5060.134 Safari/537.36" "www.ysfine.com"
23.88.63.57 - - [30/Sep/2022:20:55:26 -0700] "GET /wdc/umdbarn02.jpg HTTP/1.1" 200 95806 "-" "Mozilla/5.0 (X11; Fedora; Linux x86_64) AppleWebKit/537.36 (KHTML, like Gecko) Chrome/79.0.3945.117 Safari/537.36" "ysfine.com"
64.124.8.25 - - [30/Sep/2022:20:55:55 -0700] "GET /robots.txt HTTP/1.1" 404 88 "-" "Mozilla/5.0 (X11; Linux x86_64) AppleWebKit/537.36 (KHTML, like Gecko) Chrome/61.0.3163.79 Safari/537.36" "ysfine.com"
64.124.8.25 - - [30/Sep/2022:20:55:55 -0700] "GET /home/ HTTP/1.1" 200 142 "-" "Mozilla/5.0 (X11; Linux x86_64) AppleWebKit/537.36 (KHTML, like Gecko) Chrome/61.0.3163.79 Safari/537.36" "ysfine.com"
157.55.39.55 - - [30/Sep/2022:20:55:59 -0700] "GET /einstein/newtmax02b.jpg HTTP/1.1" 200 46066 "-" "Mozilla/5.0 (compatible; bingbot/2.0; +http://www.bing.com/bingbot.htm)" "ysfine.com"
66.249.66.4 - - [30/Sep/2022:20:56:02 -0700] "GET /wdc/whouse05.jpg HTTP/1.1" 200 75352 "-" "Googlebot-Image/1.0" "ysfine.com"
157.55.39.128 - - [30/Sep/2022:20:56:23 -0700] "GET /world/france/montpar11.jpg HTTP/1.1" 200 191109 "-" "Mozilla/5.0 (compatible; bingbot/2.0; +http://www.bing.com/bingbot.htm)" "ysfine.com"
207.46.13.102 - - [30/Sep/2022:20:56:36 -0700] "GET /maga/phys/landau35b.jpg HTTP/1.1" 200 26143 "-" "Mozilla/5.0 (compatible; bingbot/2.0; +http://www.bing.com/bingbot.htm)" "ysfine.com"
95.70.207.131 - - [30/Sep/2022:20:57:41 -0700] "GET /dirac/dirpoet.html HTTP/1.1" 200 7966 "https://www.google.com/" "Mozilla/5.0 (Linux; Android 12; SM-N985F) AppleWebKit/537.36 (KHTML, like Gecko) Chrome/105.0.0.0 Mobile Safari/537.36" "ysfine.com"
95.70.207.131 - - [30/Sep/2022:20:57:41 -0700] "GET /dirac/dirac84b.jpg HTTP/1.1" 200 42763 "https://ysfine.com/dirac/dirpoet.html" "Mozilla/5.0 (Linux; Android 12; SM-N985F) AppleWebKit/537.36 (KHTML, like Gecko) Chrome/105.0.0.0 Mobile Safari/537.36" "ysfine.com"
95.70.207.131 - - [30/Sep/2022:20:57:41 -0700] "GET /feynman/feyjad33b.jpg HTTP/1.1" 200 32306 "https://ysfine.com/dirac/dirpoet.html" "Mozilla/5.0 (Linux; Android 12; SM-N985F) AppleWebKit/537.36 (KHTML, like Gecko) Chrome/105.0.0.0 Mobile Safari/537.36" "ysfine.com"
95.70.207.131 - - [30/Sep/2022:20:57:41 -0700] "GET /world/france/metz51b.jpg HTTP/1.1" 200 49138 "https://ysfine.com/dirac/dirpoet.html" "Mozilla/5.0 (Linux; Android 12; SM-N985F) AppleWebKit/537.36 (KHTML, like Gecko) Chrome/105.0.0.0 Mobile Safari/537.36" "ysfine.com"
95.70.207.131 - - [30/Sep/2022:20:57:41 -0700] "GET /maga/phys/pauli01b.jpg HTTP/1.1" 200 39444 "https://ysfine.com/dirac/dirpoet.html" "Mozilla/5.0 (Linux; Android 12; SM-N985F) AppleWebKit/537.36 (KHTML, like Gecko) Chrome/105.0.0.0 Mobile Safari/537.36" "ysfine.com"
95.70.207.131 - - [30/Sep/2022:20:57:41 -0700] "GET /maga/phys/maxwell55b.jpg HTTP/1.1" 200 36378 "https://ysfine.com/dirac/dirpoet.html" "Mozilla/5.0 (Linux; Android 12; SM-N985F) AppleWebKit/537.36 (KHTML, like Gecko) Chrome/105.0.0.0 Mobile Safari/537.36" "ysfine.com"
95.70.207.131 - - [30/Sep/2022:20:57:41 -0700] "GET /dirac/2osc22b.jpg HTTP/1.1" 200 47666 "https://ysfine.com/dirac/dirpoet.html" "Mozilla/5.0 (Linux; Android 12; SM-N985F) AppleWebKit/537.36 (KHTML, like Gecko) Chrome/105.0.0.0 Mobile Safari/537.36" "ysfine.com"
95.70.207.131 - - [30/Sep/2022:20:57:41 -0700] "GET /dirac/dirac44b.jpg HTTP/1.1" 200 36136 "https://ysfine.com/dirac/dirpoet.html" "Mozilla/5.0 (Linux; Android 12; SM-N985F) AppleWebKit/537.36 (KHTML, like Gecko) Chrome/105.0.0.0 Mobile Safari/537.36" "ysfine.com"
95.70.207.131 - - [30/Sep/2022:20:57:41 -0700] "GET /dirac/diracbul270.jpg HTTP/1.1" 200 37621 "https://ysfine.com/dirac/dirpoet.html" "Mozilla/5.0 (Linux; Android 12; SM-N985F) AppleWebKit/537.36 (KHTML, like Gecko) Chrome/105.0.0.0 Mobile Safari/537.36" "ysfine.com"
95.70.207.131 - - [30/Sep/2022:20:57:41 -0700] "GET /maga/phys/yukadirac53b.jpg HTTP/1.1" 200 46220 "https://ysfine.com/dirac/dirpoet.html" "Mozilla/5.0 (Linux; Android 12; SM-N985F) AppleWebKit/537.36 (KHTML, like Gecko) Chrome/105.0.0.0 Mobile Safari/537.36" "ysfine.com"
95.70.207.131 - - [30/Sep/2022:20:57:41 -0700] "GET /dirac/dirwig33b.jpg HTTP/1.1" 200 11663 "https://ysfine.com/dirac/dirpoet.html" "Mozilla/5.0 (Linux; Android 12; SM-N985F) AppleWebKit/537.36 (KHTML, like Gecko) Chrome/105.0.0.0 Mobile Safari/537.36" "ysfine.com"
95.70.207.131 - - [30/Sep/2022:20:57:41 -0700] "GET /dirac/dirpoem01b.jpg HTTP/1.1" 200 28386 "https://ysfine.com/dirac/dirpoet.html" "Mozilla/5.0 (Linux; Android 12; SM-N985F) AppleWebKit/537.36 (KHTML, like Gecko) Chrome/105.0.0.0 Mobile Safari/537.36" "ysfine.com"
95.70.207.131 - - [30/Sep/2022:20:57:41 -0700] "GET /dirac/rectangle01b.jpg HTTP/1.1" 200 46417 "https://ysfine.com/dirac/dirpoet.html" "Mozilla/5.0 (Linux; Android 12; SM-N985F) AppleWebKit/537.36 (KHTML, like Gecko) Chrome/105.0.0.0 Mobile Safari/537.36" "ysfine.com"
95.70.207.131 - - [30/Sep/2022:20:57:41 -0700] "GET /kobak/nicodem22b.jpg HTTP/1.1" 200 37078 "https://ysfine.com/dirac/dirpoet.html" "Mozilla/5.0 (Linux; Android 12; SM-N985F) AppleWebKit/537.36 (KHTML, like Gecko) Chrome/105.0.0.0 Mobile Safari/537.36" "ysfine.com"
95.70.207.131 - - [30/Sep/2022:20:57:41 -0700] "GET /home/marquis21a.jpg HTTP/1.1" 404 88 "https://ysfine.com/dirac/dirpoet.html" "Mozilla/5.0 (Linux; Android 12; SM-N985F) AppleWebKit/537.36 (KHTML, like Gecko) Chrome/105.0.0.0 Mobile Safari/537.36" "ysfine.com"
95.70.207.131 - - [30/Sep/2022:20:57:41 -0700] "GET /dirac/michelan01b.jpg HTTP/1.1" 200 50306 "https://ysfine.com/dirac/dirpoet.html" "Mozilla/5.0 (Linux; Android 12; SM-N985F) AppleWebKit/537.36 (KHTML, like Gecko) Chrome/105.0.0.0 Mobile Safari/537.36" "ysfine.com"
95.70.207.131 - - [30/Sep/2022:20:57:41 -0700] "GET /eink/eink61c.jpg HTTP/1.1" 200 34119 "https://ysfine.com/dirac/dirpoet.html" "Mozilla/5.0 (Linux; Android 12; SM-N985F) AppleWebKit/537.36 (KHTML, like Gecko) Chrome/105.0.0.0 Mobile Safari/537.36" "ysfine.com"
95.70.207.131 - - [30/Sep/2022:20:57:41 -0700] "GET /dirac/pspace33b.jpg HTTP/1.1" 200 54758 "https://ysfine.com/dirac/dirpoet.html" "Mozilla/5.0 (Linux; Android 12; SM-N985F) AppleWebKit/537.36 (KHTML, like Gecko) Chrome/105.0.0.0 Mobile Safari/537.36" "ysfine.com"
95.70.207.131 - - [30/Sep/2022:20:57:41 -0700] "GET /feynman/feydirac270.jpg HTTP/1.1" 200 59000 "https://ysfine.com/dirac/dirpoet.html" "Mozilla/5.0 (Linux; Android 12; SM-N985F) AppleWebKit/537.36 (KHTML, like Gecko) Chrome/105.0.0.0 Mobile Safari/537.36" "ysfine.com"
95.70.207.131 - - [30/Sep/2022:20:57:41 -0700] "GET /maga/phys/yukadirac55b.jpg HTTP/1.1" 200 41758 "https://ysfine.com/dirac/dirpoet.html" "Mozilla/5.0 (Linux; Android 12; SM-N985F) AppleWebKit/537.36 (KHTML, like Gecko) Chrome/105.0.0.0 Mobile Safari/537.36" "ysfine.com"
95.70.207.131 - - [30/Sep/2022:20:57:43 -0700] "GET /favicon.ico HTTP/1.1" 404 88 "https://ysfine.com/dirac/dirpoet.html" "Mozilla/5.0 (Linux; Android 12; SM-N985F) AppleWebKit/537.36 (KHTML, like Gecko) Chrome/105.0.0.0 Mobile Safari/537.36" "ysfine.com"
