161.69.101.128 - - [30/Sep/2022:17:58:33 -0700] "GET /wigner/neum/vnc01.jpg HTTP/1.1" 200 133641 "https://sites.google.com/" "Mozilla/5.0 (Windows NT 10.0; Win64; x64) AppleWebKit/537.36 (KHTML, like Gecko) Chrome/105.0.0.0 Safari/537.36" "ysfine.com"
114.119.128.14 - - [30/Sep/2022:17:58:53 -0700] "GET /yspapers/plb83.pdf HTTP/1.1" 200 195268 "https://www.ysfine.com/home/wigstu.html" "Mozilla/5.0 (Linux; Android 7.0;) AppleWebKit/537.36 (KHTML, like Gecko) Mobile Safari/537.36 (compatible; PetalBot;+https://webmaster.petalsearch.com/site/petalbot)" "www.ysfine.com"
157.55.39.127 - - [30/Sep/2022:17:59:09 -0700] "GET /style/hibari22.jpg HTTP/1.1" 200 72859 "-" "Mozilla/5.0 AppleWebKit/537.36 (KHTML, like Gecko; compatible; bingbot/2.0; +http://www.bing.com/bingbot.htm) Chrome/103.0.5060.134 Safari/537.36" "ysfine.com"
66.249.66.212 - - [30/Sep/2022:17:59:15 -0700] "GET /world/ital/padova14.jpg HTTP/1.1" 304 - "-" "Googlebot-Image/1.0" "ysfine.com"
150.158.135.119 - - [30/Sep/2022:17:59:34 -0700] "GET /xmlrpc.php HTTP/1.1" 404 88 "-" "Mozilla/5.0 (Windows NT 6.1; WOW64; rv:45.0) Gecko/20100101 Firefox/45.0" "www.ysfine.com"
157.55.39.55 - - [30/Sep/2022:18:02:42 -0700] "GET /jobs/brazilj2.jpg HTTP/1.1" 200 40281 "-" "Mozilla/5.0 (compatible; bingbot/2.0; +http://www.bing.com/bingbot.htm)" "ysfine.com"
40.77.167.27 - - [30/Sep/2022:18:03:19 -0700] "GET /world/france/stras41.jpg HTTP/1.1" 200 124970 "-" "Mozilla/5.0 AppleWebKit/537.36 (KHTML, like Gecko; compatible; bingbot/2.0; +http://www.bing.com/bingbot.htm) Chrome/103.0.5060.134 Safari/537.36" "ysfine.com"
40.77.167.27 - - [30/Sep/2022:18:04:59 -0700] "GET /princeton/nightbefore2.jpg HTTP/1.1" 200 47729 "-" "Mozilla/5.0 AppleWebKit/537.36 (KHTML, like Gecko; compatible; bingbot/2.0; +http://www.bing.com/bingbot.htm) Chrome/103.0.5060.134 Safari/537.36" "ysfine.com"
136.243.17.161 - - [30/Sep/2022:18:08:15 -0700] "GET /dirac/twobroth.html HTTP/1.1" 200 2887 "-" "Mozilla/5.0 (Windows NT 10.0; WOW64) AppleWebKit/537.36 (KHTML, like Gecko) Chrome/86.0.4240.198 Safari/537.36" "ysfine.com"
157.55.39.55 - - [30/Sep/2022:18:10:13 -0700] "GET /style/musee/ath035.jpg HTTP/1.1" 200 70870 "-" "Mozilla/5.0 (compatible; bingbot/2.0; +http://www.bing.com/bingbot.htm)" "www.ysfine.com"
66.249.66.60 - - [30/Sep/2022:18:11:27 -0700] "GET /world/ital/vicenza07.jpg HTTP/1.1" 304 - "-" "Googlebot-Image/1.0" "ysfine.com"
207.46.13.102 - - [30/Sep/2022:18:12:11 -0700] "GET /world/china/shanghai001.jpg HTTP/1.1" 200 99793 "-" "Mozilla/5.0 (compatible; bingbot/2.0; +http://www.bing.com/bingbot.htm)" "ysfine.com"
157.55.39.55 - - [30/Sep/2022:18:12:33 -0700] "GET /princeton/eisenhower61.jpg HTTP/1.1" 200 74015 "-" "Mozilla/5.0 (compatible; bingbot/2.0; +http://www.bing.com/bingbot.htm)" "ysfine.com"
157.55.39.127 - - [30/Sep/2022:18:14:02 -0700] "GET /world/balkan/istan006.jpg HTTP/1.1" 200 95748 "-" "Mozilla/5.0 (compatible; bingbot/2.0; +http://www.bing.com/bingbot.htm)" "ysfine.com"
114.119.128.154 - - [30/Sep/2022:18:14:20 -0700] "GET /class54/class5470/total_data/photo_img/3-2.jpg HTTP/1.1" 200 145096 "https://ysfine.com/class54/class5470/total_data/sub_302.htm" "Mozilla/5.0 (Linux; Android 7.0;) AppleWebKit/537.36 (KHTML, like Gecko) Mobile Safari/537.36 (compatible; PetalBot;+https://webmaster.petalsearch.com/site/petalbot)" "ysfine.com"
66.249.66.58 - - [30/Sep/2022:18:14:54 -0700] "GET /articles/restof.pdf HTTP/1.1" 401 90 "-" "Googlebot/2.1 (+http://www.google.com/bot.html)" "ysfine.com"
207.46.13.102 - - [30/Sep/2022:18:16:21 -0700] "GET /dongio/french.html HTTP/1.1" 404 88 "-" "Mozilla/5.0 AppleWebKit/537.36 (KHTML, like Gecko; compatible; bingbot/2.0; +http://www.bing.com/bingbot.htm) Chrome/103.0.5060.134 Safari/537.36" "ysfine.com"
66.249.66.212 - - [30/Sep/2022:18:17:05 -0700] "GET /kobak/hyundai86.jpg HTTP/1.1" 200 117727 "-" "Googlebot-Image/1.0" "ysfine.com"
217.194.137.166 - - [30/Sep/2022:18:18:25 -0700] "GET /heisen/einheisen00.html HTTP/1.1" 200 5149 "-" "Mozilla/5.0 (Windows NT 6.1; Win64; x64; rv:101.0) Gecko/20100101 Firefox/101.0" "www.ysfine.com"
103.84.121.1 - - [30/Sep/2022:18:18:26 -0700] "GET /heisen/heisen54.html HTTP/1.1" 200 4526 "-" "Mozilla/5.0 (Windows NT 10.0; WOW64) AppleWebKit/537.36 (KHTML, like Gecko) Chrome/86.0.4240.198 Safari/537.36" "www.ysfine.com"
157.55.39.127 - - [30/Sep/2022:18:19:51 -0700] "GET / HTTP/1.1" 200 5283 "-" "Mozilla/5.0 (compatible; bingbot/2.0; +http://www.bing.com/bingbot.htm)" "www.ysfine.com"
207.46.13.102 - - [30/Sep/2022:18:20:02 -0700] "GET /world/france/montpar11.jpg HTTP/1.1" 200 191109 "-" "Mozilla/5.0 (compatible; bingbot/2.0; +http://www.bing.com/bingbot.htm)" "www.ysfine.com"
66.249.66.40 - - [30/Sep/2022:18:20:17 -0700] "GET /world/brit/tower12.jpg HTTP/1.1" 404 88 "-" "Googlebot-Image/1.0" "ysfine.com"
77.88.5.245 - - [30/Sep/2022:18:20:27 -0700] "GET /beau/french.html HTTP/1.1" 404 88 "-" "Mozilla/5.0 (compatible; YandexBot/3.0; +http://yandex.com/bots)" "www.ysfine.com"
157.55.39.127 - - [30/Sep/2022:18:20:41 -0700] "GET /world/russ/kazan023.jpg HTTP/1.1" 200 95500 "-" "Mozilla/5.0 AppleWebKit/537.36 (KHTML, like Gecko; compatible; bingbot/2.0; +http://www.bing.com/bingbot.htm) Chrome/103.0.5060.134 Safari/537.36" "ysfine.com"
191.101.138.140 - - [30/Sep/2022:18:20:58 -0700] "GET /heisen/einheisen00.html HTTP/1.1" 200 5149 "-" "Mozilla/5.0 (Windows NT 10.0; Win64; x64) AppleWebKit/537.36 (KHTML, like Gecko) Chrome/99.0.4844.51 Safari/537.36 Edg/99.0.1150.39" "www.ysfine.com"
181.214.38.47 - - [30/Sep/2022:18:20:58 -0700] "GET /heisen/heisen54.html HTTP/1.1" 200 4526 "-" "Mozilla/5.0 (Macintosh; Intel Mac OS X 10.15; rv:104.0) Gecko/20100101 Firefox/104.0" "www.ysfine.com"
207.46.13.102 - - [30/Sep/2022:18:21:52 -0700] "GET /world/ital/flor089.jpg HTTP/1.1" 200 166837 "-" "Mozilla/5.0 (compatible; bingbot/2.0; +http://www.bing.com/bingbot.htm)" "ysfine.com"
157.55.39.128 - - [30/Sep/2022:18:21:57 -0700] "GET /maga/phil/marxlon08.jpg HTTP/1.1" 200 155783 "-" "Mozilla/5.0 (compatible; bingbot/2.0; +http://www.bing.com/bingbot.htm)" "ysfine.com"
40.88.21.235 - - [30/Sep/2022:18:22:00 -0700] "GET / HTTP/1.1" 200 5283 "https://www.ysfine.com/" "Mozilla/5.0 (compatible; DuckDuckGo-Favicons-Bot/1.0; +http://duckduckgo.com)" "www.ysfine.com"
40.88.21.235 - - [30/Sep/2022:18:22:00 -0700] "GET /favicon.ico HTTP/1.1" 404 88 "https://www.ysfine.com/favicon.ico" "Mozilla/5.0 (compatible; DuckDuckGo-Favicons-Bot/1.0; +http://duckduckgo.com)" "www.ysfine.com"
40.88.21.235 - - [30/Sep/2022:18:22:00 -0700] "GET /favicon.ico HTTP/1.1" 404 88 "https://www.ysfine.com/favicon.ico" "Mozilla/5.0 (compatible; DuckDuckGo-Favicons-Bot/1.0; +http://duckduckgo.com)" "www.ysfine.com"
66.249.66.44 - - [30/Sep/2022:18:22:31 -0700] "GET /philo/tank66.jpg HTTP/1.1" 200 181359 "-" "Googlebot-Image/1.0" "ysfine.com"
40.77.167.27 - - [30/Sep/2022:18:23:41 -0700] "GET /wdc/whouse11.jpg HTTP/1.1" 200 110059 "-" "Mozilla/5.0 (compatible; bingbot/2.0; +http://www.bing.com/bingbot.htm)" "ysfine.com"
157.55.39.58 - - [30/Sep/2022:18:23:44 -0700] "GET /world/germany/humboldt08.jpg HTTP/1.1" 200 80094 "-" "Mozilla/5.0 AppleWebKit/537.36 (KHTML, like Gecko; compatible; bingbot/2.0; +http://www.bing.com/bingbot.htm) Chrome/103.0.5060.134 Safari/537.36" "www.ysfine.com"
207.46.13.102 - - [30/Sep/2022:18:23:46 -0700] "GET /sbk/2003aa.jpg HTTP/1.1" 200 78791 "-" "Mozilla/5.0 (compatible; bingbot/2.0; +http://www.bing.com/bingbot.htm)" "ysfine.com"
207.46.13.102 - - [30/Sep/2022:18:25:12 -0700] "GET /world/russ/spb06b.jpg HTTP/1.1" 200 29124 "-" "Mozilla/5.0 (compatible; bingbot/2.0; +http://www.bing.com/bingbot.htm)" "ysfine.com"
194.71.217.73 - - [30/Sep/2022:18:25:20 -0700] "HEAD / HTTP/1.1" 200 - "-" "-" "ysfine.com"
194.71.217.73 - - [30/Sep/2022:18:25:20 -0700] "GET / HTTP/1.1" 200 15910 "-" "-" "ysfine.com"
157.55.39.127 - - [30/Sep/2022:18:25:52 -0700] "GET /style/picass33.jpg HTTP/1.1" 200 101813 "-" "Mozilla/5.0 (compatible; bingbot/2.0; +http://www.bing.com/bingbot.htm)" "ysfine.com"
157.55.39.128 - - [30/Sep/2022:18:26:38 -0700] "GET /usca/pitt/pgh58.jpg HTTP/1.1" 200 296282 "-" "Mozilla/5.0 (compatible; bingbot/2.0; +http://www.bing.com/bingbot.htm)" "ysfine.com"
157.55.39.128 - - [30/Sep/2022:18:26:57 -0700] "GET /maga/phys/naimar/poincs33.jpg HTTP/1.1" 200 99080 "-" "Mozilla/5.0 (compatible; bingbot/2.0; +http://www.bing.com/bingbot.htm)" "ysfine.com"
157.55.39.58 - - [30/Sep/2022:18:27:22 -0700] "GET /usca/norl/bour15.jpg HTTP/1.1" 200 92912 "-" "Mozilla/5.0 (compatible; bingbot/2.0; +http://www.bing.com/bingbot.htm)" "ysfine.com"
179.127.251.193 - - [30/Sep/2022:18:27:58 -0700] "GET /wigner/neum/vnc01.jpg HTTP/1.1" 200 133641 "https://sites.google.com/" "Mozilla/5.0 (X11; CrOS x86_64 14989.107.0) AppleWebKit/537.36 (KHTML, like Gecko) Chrome/105.0.0.0 Safari/537.36" "ysfine.com"
207.46.13.102 - - [30/Sep/2022:18:28:03 -0700] "GET /ffriends/kaznyc11.jpg HTTP/1.1" 200 298171 "-" "Mozilla/5.0 (compatible; bingbot/2.0; +http://www.bing.com/bingbot.htm)" "ysfine.com"
114.119.128.142 - - [30/Sep/2022:18:28:30 -0700] "GET /class54/class5470/total_data/photo_img/2-27.jpg HTTP/1.1" 200 123057 "https://ysfine.com/class54/class5470/total_data/sub_227.htm" "Mozilla/5.0 (Linux; Android 7.0;) AppleWebKit/537.36 (KHTML, like Gecko) Mobile Safari/537.36 (compatible; PetalBot;+https://webmaster.petalsearch.com/site/petalbot)" "ysfine.com"
157.55.39.55 - - [30/Sep/2022:18:29:45 -0700] "GET /home/gongdae54f.jpg HTTP/1.1" 200 88096 "-" "Mozilla/5.0 (compatible; bingbot/2.0; +http://www.bing.com/bingbot.htm)" "ysfine.com"
207.46.13.102 - - [30/Sep/2022:18:30:03 -0700] "GET /style/music/salzmo07.jpg HTTP/1.1" 200 82295 "-" "Mozilla/5.0 (compatible; bingbot/2.0; +http://www.bing.com/bingbot.htm)" "ysfine.com"
114.119.128.162 - - [30/Sep/2022:18:31:25 -0700] "GET /wisdom/wk00.html HTTP/1.1" 200 85964 "-" "Mozilla/5.0 (Linux; Android 7.0;) AppleWebKit/537.36 (KHTML, like Gecko) Mobile Safari/537.36 (compatible; PetalBot;+https://webmaster.petalsearch.com/site/petalbot)" "ysfine.com"
157.55.39.127 - - [30/Sep/2022:18:31:52 -0700] "GET /dirac/dirbust22.jpg HTTP/1.1" 200 88173 "-" "Mozilla/5.0 (compatible; bingbot/2.0; +http://www.bing.com/bingbot.htm)" "www.ysfine.com"
128.2.177.227 - - [30/Sep/2022:18:32:51 -0700] "GET /wigner/neum/pvn05.jpg HTTP/1.1" 200 219501 "-" "Mozilla/5.0 (X11; Linux i686) AppleWebKit/537.17 (KHTML, like Gecko) Chrome/24.0.1312.27 Safari/537.17" "ysfine.com"
163.220.128.41 - - [30/Sep/2022:18:33:55 -0700] "GET /world/baltic/kalinho22.jpg HTTP/1.1" 200 145864 "-" "Mozilla/5.0 (X11; Ubuntu; Linux x86_64; rv:72.0) Gecko/20100101 Firefox/72.0" "ysfine.com"
5.102.173.71 - - [30/Sep/2022:18:34:52 -0700] "GET /robots.txt HTTP/1.1" 404 88 "-" "Mozilla/5.0 (compatible; MojeekBot/0.11; +https://www.mojeek.com/bot.html)" "ysfine.com"
5.102.173.71 - - [30/Sep/2022:18:34:52 -0700] "GET /world/brit/lontaxi.html HTTP/1.1" 200 359 "-" "Mozilla/5.0 (compatible; MojeekBot/0.11; +https://www.mojeek.com/bot.html)" "ysfine.com"
157.55.39.128 - - [30/Sep/2022:18:34:59 -0700] "GET /world/brit/westmin16.jpg HTTP/1.1" 200 115589 "-" "Mozilla/5.0 (compatible; bingbot/2.0; +http://www.bing.com/bingbot.htm)" "ysfine.com"
151.192.229.206 - - [30/Sep/2022:18:35:35 -0700] "GET /world/latina/rio004b.jpg HTTP/1.1" 200 40739 "https://www.google.com/" "Mozilla/5.0 (Linux; Android 12; SM-A326B Build/SP1A.210812.016; wv) AppleWebKit/537.36 (KHTML, like Gecko) Version/4.0 Chrome/105.0.5195.136 Mobile Safari/537.36 GoogleApp/13.37.15.26.arm64" "ysfine.com"
40.77.167.27 - - [30/Sep/2022:18:36:32 -0700] "GET /world/france/lilas01.jpg HTTP/1.1" 200 109674 "-" "Mozilla/5.0 AppleWebKit/537.36 (KHTML, like Gecko; compatible; bingbot/2.0; +http://www.bing.com/bingbot.htm) Chrome/103.0.5060.134 Safari/537.36" "www.ysfine.com"
173.73.80.118 - - [30/Sep/2022:18:38:39 -0700] "GET /ys11/ HTTP/1.1" 304 - "-" "Mozilla/5.0 (Windows NT 10.0; Win64; x64) AppleWebKit/537.36 (KHTML, like Gecko) Chrome/105.0.5195.127 Safari/537.36" "ysfine.com"
173.73.80.118 - - [30/Sep/2022:18:38:39 -0700] "GET /favicon.ico HTTP/1.1" 404 88 "https://ysfine.com/ys11/" "Mozilla/5.0 (Windows NT 10.0; Win64; x64) AppleWebKit/537.36 (KHTML, like Gecko) Chrome/105.0.5195.127 Safari/537.36" "ysfine.com"
66.249.66.30 - - [30/Sep/2022:18:40:12 -0700] "GET /world/ital/venicej06b.jpg HTTP/1.1" 200 30900 "-" "Googlebot-Image/1.0" "ysfine.com"
157.55.39.58 - - [30/Sep/2022:18:40:15 -0700] "GET /world/germany/dresdenf01b.jpg HTTP/1.1" 200 31080 "-" "Mozilla/5.0 (compatible; bingbot/2.0; +http://www.bing.com/bingbot.htm)" "www.ysfine.com"
66.249.66.156 - - [30/Sep/2022:18:40:54 -0700] "GET /princeton/prospectg33.jpg HTTP/1.1" 304 - "-" "Googlebot-Image/1.0" "ysfine.com"
50.93.15.126 - - [30/Sep/2022:18:40:59 -0700] "GET /jobs/koreaj.html HTTP/1.1" 200 10214 "https://www.google.com/" "Mozilla/5.0 (Linux; Android 12; SM-G996W) AppleWebKit/537.36 (KHTML, like Gecko) Chrome/105.0.0.0 Mobile Safari/537.36" "ysfine.com"
50.93.15.126 - - [30/Sep/2022:18:40:59 -0700] "GET /jobs/koreaj11b.jpg HTTP/1.1" 200 67543 "https://ysfine.com/jobs/koreaj.html" "Mozilla/5.0 (Linux; Android 12; SM-G996W) AppleWebKit/537.36 (KHTML, like Gecko) Chrome/105.0.0.0 Mobile Safari/537.36" "ysfine.com"
50.93.15.126 - - [30/Sep/2022:18:41:00 -0700] "GET /favicon.ico HTTP/1.1" 404 88 "https://ysfine.com/jobs/koreaj.html" "Mozilla/5.0 (Linux; Android 12; SM-G996W) AppleWebKit/537.36 (KHTML, like Gecko) Chrome/105.0.0.0 Mobile Safari/537.36" "ysfine.com"
40.77.167.27 - - [30/Sep/2022:18:41:13 -0700] "GET /wdc/ww2m11.jpg HTTP/1.1" 200 108182 "-" "Mozilla/5.0 AppleWebKit/537.36 (KHTML, like Gecko; compatible; bingbot/2.0; +http://www.bing.com/bingbot.htm) Chrome/103.0.5060.134 Safari/537.36" "ysfine.com"
207.46.13.102 - - [30/Sep/2022:18:41:15 -0700] "GET /usca/pitt/fortpitt03.jpg HTTP/1.1" 200 83489 "-" "Mozilla/5.0 AppleWebKit/537.36 (KHTML, like Gecko; compatible; bingbot/2.0; +http://www.bing.com/bingbot.htm) Chrome/103.0.5060.134 Safari/537.36" "www.ysfine.com"
157.55.39.55 - - [30/Sep/2022:18:41:18 -0700] "GET /style/musee/arles07.jpg HTTP/1.1" 200 91217 "-" "Mozilla/5.0 (compatible; bingbot/2.0; +http://www.bing.com/bingbot.htm)" "ysfine.com"
114.119.128.14 - - [30/Sep/2022:18:43:03 -0700] "GET /maga/schrodein.html HTTP/1.1" 200 5672 "https://ysfine.com/maga/index.html" "Mozilla/5.0 (Linux; Android 7.0;) AppleWebKit/537.36 (KHTML, like Gecko) Mobile Safari/537.36 (compatible; PetalBot;+https://webmaster.petalsearch.com/site/petalbot)" "ysfine.com"
185.191.171.7 - - [30/Sep/2022:18:43:09 -0700] "GET /robots.txt HTTP/1.1" 404 88 "-" "Mozilla/5.0 (compatible; SemrushBot/7~bl; +http://www.semrush.com/bot.html)" "ysfine.com"
185.191.171.8 - - [30/Sep/2022:18:43:10 -0700] "GET /home/onephys.html HTTP/1.1" 200 2527 "-" "Mozilla/5.0 (compatible; SemrushBot/7~bl; +http://www.semrush.com/bot.html)" "ysfine.com"
157.55.39.127 - - [30/Sep/2022:18:44:04 -0700] "GET /world/baltic/kalin16.jpg HTTP/1.1" 200 89716 "-" "Mozilla/5.0 (compatible; bingbot/2.0; +http://www.bing.com/bingbot.htm)" "ysfine.com"
157.55.39.58 - - [30/Sep/2022:18:44:15 -0700] "GET /world/russ/redsq50.jpg HTTP/1.1" 200 97893 "-" "Mozilla/5.0 AppleWebKit/537.36 (KHTML, like Gecko; compatible; bingbot/2.0; +http://www.bing.com/bingbot.htm) Chrome/103.0.5060.134 Safari/537.36" "ysfine.com"
136.226.64.82 - - [30/Sep/2022:18:44:37 -0700] "GET /maga/histo/nobel02.jpg HTTP/1.1" 200 120828 "https://images.search.yahoo.com/search/images;_ylt=Awr90WVJmTdj5S4IF4GJzbkF;_ylu=c2VjA3NlYXJjaARzbGsDYnV0dG9u;_ylc=X1MDOTYwNjI4NTcEX3IDMgRmcgNsaWZlc3R5bGUEZnIyA3A6cyx2OmksbTpzYi10b3AEZ3ByaWQDY2RId2RmSl9RNWlwR19yV3QuekFyQQRuX3JzbHQDMARuX3N1Z2cDMARvcmlnaW4DaW1hZ2VzLnNlYXJjaC55YWhvby5jb20EcG9zAzAEcHFzdHIDBHBxc3RybAMwBHFzdHJsAzQ2BHF1ZXJ5A1doYXQlMjBOYXBvbGVvbmljJTIwR2VuZXJhbCUyMGJlY2FtZSUyMGtpbmclMjBvZiUyMFN3ZWRlbiUzRgR0X3N0bXADMTY2NDU4ODY2Mw--?p=What+Napoleonic+General+became+king+of+Sweden%3F&fr=lifestyle&fr2=p%3As%2Cv%3Ai%2Cm%3Asb-top&ei=UTF-8&x=wrt&vm=r" "Mozilla/5.0 (Windows NT 10.0; Win64; x64) AppleWebKit/537.36 (KHTML, like Gecko) Chrome/105.0.0.0 Safari/537.36 Edg/105.0.1343.53" "ysfine.com"
20.239.41.208 - - [30/Sep/2022:18:44:57 -0700] "GET /data/admin/allowurl.txt HTTP/1.1" 404 88 "-" "Mozilla/5.0 (Windows NT 10.0; WOW64; rv:48.0) Gecko/20100101 Firefox/48.0" "ysfine.com"
90.200.105.170 - - [30/Sep/2022:18:45:03 -0700] "GET /maga/phys/canal22.jpg HTTP/1.1" 200 72978 "https://www.ysfine.com/maga/huygens.html" "webcollage/1.183" "www.ysfine.com"
185.191.171.40 - - [30/Sep/2022:18:45:34 -0700] "GET /maga/bridge22.html HTTP/1.1" 200 6587 "-" "Mozilla/5.0 (compatible; SemrushBot/7~bl; +http://www.semrush.com/bot.html)" "ysfine.com"
157.55.39.127 - - [30/Sep/2022:18:45:53 -0700] "GET /maga/phil/sartre11.jpg HTTP/1.1" 200 164394 "-" "Mozilla/5.0 (compatible; bingbot/2.0; +http://www.bing.com/bingbot.htm)" "www.ysfine.com"
85.208.98.23 - - [30/Sep/2022:18:46:17 -0700] "GET /robots.txt HTTP/1.1" 404 88 "http://ysfine.com/robots.txt" "Mozilla/5.0 (compatible; SemrushBot-BA; +http://www.semrush.com/bot.html)" "ysfine.com"
85.208.98.23 - - [30/Sep/2022:18:46:17 -0700] "GET /robots.txt HTTP/1.1" 404 88 "http://www.ysfine.com/robots.txt" "Mozilla/5.0 (compatible; SemrushBot-BA; +http://www.semrush.com/bot.html)" "www.ysfine.com"
85.208.98.16 - - [30/Sep/2022:18:46:31 -0700] "GET /world/season.html HTTP/1.1" 200 23901 "-" "Mozilla/5.0 (compatible; SemrushBot-BA; +http://www.semrush.com/bot.html)" "ysfine.com"
85.208.98.22 - - [30/Sep/2022:18:46:37 -0700] "GET /maga/sartre.html HTTP/1.1" 200 7719 "-" "Mozilla/5.0 (compatible; SemrushBot-BA; +http://www.semrush.com/bot.html)" "www.ysfine.com"
85.208.98.31 - - [30/Sep/2022:18:46:38 -0700] "GET /philo/sartre.html HTTP/1.1" 200 7721 "-" "Mozilla/5.0 (compatible; SemrushBot-BA; +http://www.semrush.com/bot.html)" "ysfine.com"
85.208.98.22 - - [30/Sep/2022:18:46:40 -0700] "GET /maga/sartre.html HTTP/1.1" 200 7719 "-" "Mozilla/5.0 (compatible; SemrushBot-BA; +http://www.semrush.com/bot.html)" "ysfine.com"
85.208.98.16 - - [30/Sep/2022:18:46:42 -0700] "GET /philo/sartre.html HTTP/1.1" 200 7721 "-" "Mozilla/5.0 (compatible; SemrushBot-BA; +http://www.semrush.com/bot.html)" "www.ysfine.com"
157.55.39.58 - - [30/Sep/2022:18:46:45 -0700] "GET /einstein/newtein22.jpg HTTP/1.1" 200 81969 "-" "Mozilla/5.0 (compatible; bingbot/2.0; +http://www.bing.com/bingbot.htm)" "ysfine.com"
85.208.98.22 - - [30/Sep/2022:18:46:45 -0700] "GET /world/season.html HTTP/1.1" 200 23901 "-" "Mozilla/5.0 (compatible; SemrushBot-BA; +http://www.semrush.com/bot.html)" "www.ysfine.com"
157.55.39.128 - - [30/Sep/2022:18:47:19 -0700] "GET /world/ital/rome133.jpg HTTP/1.1" 200 112831 "-" "Mozilla/5.0 AppleWebKit/537.36 (KHTML, like Gecko; compatible; bingbot/2.0; +http://www.bing.com/bingbot.htm) Chrome/103.0.5060.134 Safari/537.36" "ysfine.com"
40.77.167.27 - - [30/Sep/2022:18:48:23 -0700] "GET /home/comet55.jpg HTTP/1.1" 200 130274 "-" "Mozilla/5.0 AppleWebKit/537.36 (KHTML, like Gecko; compatible; bingbot/2.0; +http://www.bing.com/bingbot.htm) Chrome/103.0.5060.134 Safari/537.36" "ysfine.com"
173.252.83.7 - - [30/Sep/2022:18:49:15 -0700] "GET /wdc/gtown47c.jpg HTTP/1.1" 200 36384 "-" "facebookexternalhit/1.1 (+http://www.facebook.com/externalhit_uatext.php)" "ysfine.com"
93.159.230.88 - - [30/Sep/2022:18:49:38 -0700] "GET / HTTP/1.1" 200 5283 "-" "Mozilla/5.0 (Windows NT 10.0; Win64; x64) AppleWebKit/537.36 (KHTML, like Gecko) Chrome/71.0.3578.98 Safari/537.36" "ysfine.com"
207.46.13.102 - - [30/Sep/2022:18:51:14 -0700] "GET /style/ysnr11.jpg HTTP/1.1" 200 141084 "-" "Mozilla/5.0 (compatible; bingbot/2.0; +http://www.bing.com/bingbot.htm)" "www.ysfine.com"
40.77.167.27 - - [30/Sep/2022:18:51:14 -0700] "GET /usca/pitt/stadium01.jpg HTTP/1.1" 200 89106 "-" "Mozilla/5.0 (compatible; bingbot/2.0; +http://www.bing.com/bingbot.htm)" "ysfine.com"
207.46.13.102 - - [30/Sep/2022:18:51:24 -0700] "GET /kobak/korjap03.jpg HTTP/1.1" 200 86667 "-" "Mozilla/5.0 AppleWebKit/537.36 (KHTML, like Gecko; compatible; bingbot/2.0; +http://www.bing.com/bingbot.htm) Chrome/103.0.5060.134 Safari/537.36" "www.ysfine.com"
157.55.39.127 - - [30/Sep/2022:18:54:04 -0700] "GET /world/ital/termini10.jpg HTTP/1.1" 200 94658 "-" "Mozilla/5.0 (compatible; bingbot/2.0; +http://www.bing.com/bingbot.htm)" "ysfine.com"
185.184.157.102 - - [30/Sep/2022:18:54:24 -0700] "GET / HTTP/1.1" 200 5283 "-" "Mozilla/5.0 (compatible; linkdexbot/2.0; +http://www.linkdex.com/bots/)" "ysfine.com"
157.55.39.58 - - [30/Sep/2022:18:54:27 -0700] "GET /world/russ/volga01.jpg HTTP/1.1" 200 102852 "-" "Mozilla/5.0 (compatible; bingbot/2.0; +http://www.bing.com/bingbot.htm)" "ysfine.com"
40.77.167.27 - - [30/Sep/2022:18:54:33 -0700] "GET /style/trouba11b.jpg HTTP/1.1" 200 33528 "-" "Mozilla/5.0 (compatible; bingbot/2.0; +http://www.bing.com/bingbot.htm)" "www.ysfine.com"
40.77.167.27 - - [30/Sep/2022:18:55:05 -0700] "GET /feynman/feygell66b.jpg HTTP/1.1" 200 28843 "-" "Mozilla/5.0 (compatible; bingbot/2.0; +http://www.bing.com/bingbot.htm)" "ysfine.com"
66.249.66.30 - - [30/Sep/2022:18:55:31 -0700] "GET /robots.txt HTTP/1.1" 404 88 "-" "Mozilla/5.0 (compatible; Googlebot/2.1; +http://www.google.com/bot.html)" "www.ysfine.com"
66.249.66.216 - - [30/Sep/2022:18:55:39 -0700] "GET /ads.txt HTTP/1.1" 404 88 "-" "Mozilla/5.0 (compatible; Googlebot/2.1; +http://www.google.com/bot.html)" "www.ysfine.com"
157.55.39.58 - - [30/Sep/2022:18:57:27 -0700] "GET /world/baltic/lithuf01.jpg HTTP/1.1" 200 105949 "-" "Mozilla/5.0 (compatible; bingbot/2.0; +http://www.bing.com/bingbot.htm)" "ysfine.com"
207.46.13.102 - - [30/Sep/2022:18:58:25 -0700] "GET /world/ital/galileo12.jpg HTTP/1.1" 200 145442 "-" "Mozilla/5.0 AppleWebKit/537.36 (KHTML, like Gecko; compatible; bingbot/2.0; +http://www.bing.com/bingbot.htm) Chrome/103.0.5060.134 Safari/537.36" "ysfine.com"
66.249.66.58 - - [30/Sep/2022:18:58:29 -0700] "GET /world/china/shanghai050b.jpg HTTP/1.1" 200 28856 "-" "Googlebot-Image/1.0" "ysfine.com"
157.55.39.127 - - [30/Sep/2022:18:58:55 -0700] "GET /world/china/china038b.jpg HTTP/1.1" 200 25149 "-" "Mozilla/5.0 (compatible; bingbot/2.0; +http://www.bing.com/bingbot.htm)" "ysfine.com"
40.77.167.27 - - [30/Sep/2022:19:00:45 -0700] "GET /newyork/trump64.jpg HTTP/1.1" 200 112702 "-" "Mozilla/5.0 (compatible; bingbot/2.0; +http://www.bing.com/bingbot.htm)" "ysfine.com"
65.108.124.153 - - [30/Sep/2022:19:00:53 -0700] "GET /robots.txt HTTP/1.1" 404 73 "-" "Mozilla/5.0 (compatible; MJ12bot/v1.4.8; http://mj12bot.com/)" "ysfine.com"
65.108.124.153 - - [30/Sep/2022:19:00:57 -0700] "GET /class54/roofless.html HTTP/1.1" 200 13341 "-" "Mozilla/5.0 (compatible; MJ12bot/v1.4.8; http://mj12bot.com/)" "ysfine.com"
65.108.124.153 - - [30/Sep/2022:19:01:02 -0700] "GET /class54/tallman.html HTTP/1.1" 200 5912 "-" "Mozilla/5.0 (compatible; MJ12bot/v1.4.8; http://mj12bot.com/)" "ysfine.com"
65.108.124.153 - - [30/Sep/2022:19:01:07 -0700] "GET /robots.txt HTTP/1.1" 404 73 "-" "Mozilla/5.0 (compatible; MJ12bot/v1.4.8; http://mj12bot.com/)" "ysfine.com"
83.83.209.203 - - [30/Sep/2022:19:01:09 -0700] "GET /maga/invent/mosin.jpg HTTP/1.1" 200 64407 "https://www.google.com/" "Mozilla/5.0 (Windows NT 10.0; Win64; x64) AppleWebKit/537.36 (KHTML, like Gecko) Chrome/105.0.0.0 Safari/537.36" "ysfine.com"
65.108.124.153 - - [30/Sep/2022:19:01:13 -0700] "GET /home/bio.html HTTP/1.1" 200 15246 "-" "Mozilla/5.0 (compatible; MJ12bot/v1.4.8; http://mj12bot.com/)" "ysfine.com"
192.99.36.126 - - [30/Sep/2022:19:01:13 -0700] "GET /robots.txt HTTP/1.1" 404 73 "-" "Mozilla/5.0 (compatible; MJ12bot/v1.4.8; http://mj12bot.com/)" "ysfine.com"
192.99.36.126 - - [30/Sep/2022:19:01:17 -0700] "GET /einstein/heisenberg.html HTTP/1.1" 200 10552 "-" "Mozilla/5.0 (compatible; MJ12bot/v1.4.8; http://mj12bot.com/)" "ysfine.com"
65.108.124.153 - - [30/Sep/2022:19:01:17 -0700] "GET /home/bio.html HTTP/1.1" 200 15246 "-" "Mozilla/5.0 (compatible; MJ12bot/v1.4.8; http://mj12bot.com/)" "ysfine.com"
192.99.36.126 - - [30/Sep/2022:19:01:20 -0700] "GET /einstein/heisenberg.html HTTP/1.1" 200 10552 "-" "Mozilla/5.0 (compatible; MJ12bot/v1.4.8; http://mj12bot.com/)" "ysfine.com"
65.108.124.153 - - [30/Sep/2022:19:01:23 -0700] "GET /home/bio22.html HTTP/1.1" 200 12870 "-" "Mozilla/5.0 (compatible; MJ12bot/v1.4.8; http://mj12bot.com/)" "ysfine.com"
192.99.36.126 - - [30/Sep/2022:19:01:25 -0700] "GET /world/travel.html HTTP/1.1" 200 1633 "-" "Mozilla/5.0 (compatible; MJ12bot/v1.4.8; http://mj12bot.com/)" "ysfine.com"
192.99.36.126 - - [30/Sep/2022:19:01:27 -0700] "GET /world/travel.html HTTP/1.1" 200 1633 "-" "Mozilla/5.0 (compatible; MJ12bot/v1.4.8; http://mj12bot.com/)" "ysfine.com"
65.108.124.153 - - [30/Sep/2022:19:01:27 -0700] "GET /home/bio22.html HTTP/1.1" 200 12870 "-" "Mozilla/5.0 (compatible; MJ12bot/v1.4.8; http://mj12bot.com/)" "ysfine.com"
192.99.36.126 - - [30/Sep/2022:19:01:28 -0700] "GET /robots.txt HTTP/1.1" 404 73 "-" "Mozilla/5.0 (compatible; MJ12bot/v1.4.8; http://mj12bot.com/)" "www.ysfine.com"
192.99.36.126 - - [30/Sep/2022:19:01:30 -0700] "GET /usca/neworl.html HTTP/1.1" 200 14308 "-" "Mozilla/5.0 (compatible; MJ12bot/v1.4.8; http://mj12bot.com/)" "www.ysfine.com"
192.99.36.126 - - [30/Sep/2022:19:01:32 -0700] "GET /wdc/wasplaces.html HTTP/1.1" 200 2307 "-" "Mozilla/5.0 (compatible; MJ12bot/v1.4.8; http://mj12bot.com/)" "www.ysfine.com"
65.108.124.153 - - [30/Sep/2022:19:01:35 -0700] "GET /home/hmrigh.html HTTP/1.1" 200 4212 "-" "Mozilla/5.0 (compatible; MJ12bot/v1.4.8; http://mj12bot.com/)" "ysfine.com"
207.46.13.102 - - [30/Sep/2022:19:01:37 -0700] "GET /princeton/gcollege11.jpg HTTP/1.1" 200 66253 "-" "Mozilla/5.0 (compatible; bingbot/2.0; +http://www.bing.com/bingbot.htm)" "ysfine.com"
54.189.128.241 - - [30/Sep/2022:19:01:38 -0700] "GET /world/russ/roskei10.jpg HTTP/1.1" 200 75892 "-" "Mozilla/5.0 (Windows NT 10.0; Win64; x64) AppleWebKit/537.36 (KHTML, like Gecko) Chrome/89.0.4389.114 Safari/537.36" "ysfine.com"
157.55.39.58 - - [30/Sep/2022:19:01:41 -0700] "GET /world/ital/milanf09.jpg HTTP/1.1" 200 391734 "-" "Mozilla/5.0 (compatible; bingbot/2.0; +http://www.bing.com/bingbot.htm)" "ysfine.com"
65.108.124.153 - - [30/Sep/2022:19:01:43 -0700] "GET /home/hmrigh.html HTTP/1.1" 200 4212 "-" "Mozilla/5.0 (compatible; MJ12bot/v1.4.8; http://mj12bot.com/)" "ysfine.com"
65.108.124.153 - - [30/Sep/2022:19:01:46 -0700] "GET /people/pimage.html HTTP/1.1" 200 7965 "-" "Mozilla/5.0 (compatible; MJ12bot/v1.4.8; http://mj12bot.com/)" "ysfine.com"
65.108.124.153 - - [30/Sep/2022:19:01:50 -0700] "GET /style/beetho.html HTTP/1.1" 200 3228 "-" "Mozilla/5.0 (compatible; MJ12bot/v1.4.8; http://mj12bot.com/)" "ysfine.com"
65.108.124.153 - - [30/Sep/2022:19:01:53 -0700] "GET /wigner/little.html HTTP/1.1" 200 3088 "-" "Mozilla/5.0 (compatible; MJ12bot/v1.4.8; http://mj12bot.com/)" "ysfine.com"
157.55.39.55 - - [30/Sep/2022:19:02:09 -0700] "GET /style/musee/britmu19.jpg HTTP/1.1" 200 95820 "-" "Mozilla/5.0 (compatible; bingbot/2.0; +http://www.bing.com/bingbot.htm)" "ysfine.com"
65.108.124.153 - - [30/Sep/2022:19:02:17 -0700] "GET /robots.txt HTTP/1.1" 404 73 "-" "Mozilla/5.0 (compatible; MJ12bot/v1.4.8; http://mj12bot.com/)" "www.ysfine.com"
65.108.124.153 - - [30/Sep/2022:19:02:21 -0700] "GET /dirac/dirackim62.html HTTP/1.1" 200 2970 "-" "Mozilla/5.0 (compatible; MJ12bot/v1.4.8; http://mj12bot.com/)" "www.ysfine.com"
65.108.124.153 - - [30/Sep/2022:19:02:24 -0700] "GET /dirac/dirackn33.html HTTP/1.1" 200 438 "-" "Mozilla/5.0 (compatible; MJ12bot/v1.4.8; http://mj12bot.com/)" "www.ysfine.com"
78.163.101.91 - - [30/Sep/2022:19:02:27 -0700] "GET /newyork/colum08.jpg HTTP/1.1" 200 135570 "https://www.google.com/" "Mozilla/5.0 (Windows NT 10.0; Win64; x64) AppleWebKit/537.36 (KHTML, like Gecko) Chrome/106.0.0.0 Safari/537.36" "ysfine.com"
65.108.124.153 - - [30/Sep/2022:19:02:27 -0700] "GET /dirac/dirfeyn.html HTTP/1.1" 200 6341 "-" "Mozilla/5.0 (compatible; MJ12bot/v1.4.8; http://mj12bot.com/)" "www.ysfine.com"
65.108.124.153 - - [30/Sep/2022:19:02:35 -0700] "GET /dirac/index.html HTTP/1.1" 200 124 "-" "Mozilla/5.0 (compatible; MJ12bot/v1.4.8; http://mj12bot.com/)" "www.ysfine.com"
65.108.124.153 - - [30/Sep/2022:19:02:42 -0700] "GET /home/mathrev.html HTTP/1.1" 200 1802 "-" "Mozilla/5.0 (compatible; MJ12bot/v1.4.8; http://mj12bot.com/)" "www.ysfine.com"
65.108.124.153 - - [30/Sep/2022:19:02:46 -0700] "GET /maga/desiree.html HTTP/1.1" 200 2747 "-" "Mozilla/5.0 (compatible; MJ12bot/v1.4.8; http://mj12bot.com/)" "www.ysfine.com"
65.108.124.153 - - [30/Sep/2022:19:02:52 -0700] "GET /feynman/restof.html HTTP/1.1" 200 4709 "-" "Mozilla/5.0 (compatible; MJ12bot/v1.4.8; http://mj12bot.com/)" "www.ysfine.com"
65.108.124.153 - - [30/Sep/2022:19:02:59 -0700] "GET /robots.txt HTTP/1.1" 404 73 "-" "Mozilla/5.0 (compatible; MJ12bot/v1.4.8; http://mj12bot.com/)" "www.ysfine.com"
65.108.124.153 - - [30/Sep/2022:19:03:10 -0700] "GET /maga/kant.html HTTP/1.1" 200 8714 "-" "Mozilla/5.0 (compatible; MJ12bot/v1.4.8; http://mj12bot.com/)" "www.ysfine.com"
65.108.124.153 - - [30/Sep/2022:19:03:17 -0700] "GET /maga/kant.html HTTP/1.1" 200 8714 "-" "Mozilla/5.0 (compatible; MJ12bot/v1.4.8; http://mj12bot.com/)" "www.ysfine.com"
65.108.124.153 - - [30/Sep/2022:19:03:27 -0700] "GET /maga/kantao.html HTTP/1.1" 200 1675 "-" "Mozilla/5.0 (compatible; MJ12bot/v1.4.8; http://mj12bot.com/)" "www.ysfine.com"
65.108.124.153 - - [30/Sep/2022:19:03:34 -0700] "GET /maga/kantao.html HTTP/1.1" 200 1675 "-" "Mozilla/5.0 (compatible; MJ12bot/v1.4.8; http://mj12bot.com/)" "www.ysfine.com"
65.108.124.153 - - [30/Sep/2022:19:03:38 -0700] "GET /maga/landau.html HTTP/1.1" 200 6658 "-" "Mozilla/5.0 (compatible; MJ12bot/v1.4.8; http://mj12bot.com/)" "www.ysfine.com"
65.108.124.153 - - [30/Sep/2022:19:03:42 -0700] "GET /maga/lorenuni.html HTTP/1.1" 200 2365 "-" "Mozilla/5.0 (compatible; MJ12bot/v1.4.8; http://mj12bot.com/)" "www.ysfine.com"
65.108.124.153 - - [30/Sep/2022:19:03:51 -0700] "GET /maga/marx.html HTTP/1.1" 200 5871 "-" "Mozilla/5.0 (compatible; MJ12bot/v1.4.8; http://mj12bot.com/)" "www.ysfine.com"
157.55.39.128 - - [30/Sep/2022:19:04:02 -0700] "GET /sbk/2004dd.jpg HTTP/1.1" 200 170624 "-" "Mozilla/5.0 (compatible; bingbot/2.0; +http://www.bing.com/bingbot.htm)" "ysfine.com"
65.108.124.153 - - [30/Sep/2022:19:04:02 -0700] "GET /maga/marxphil.html HTTP/1.1" 404 88 "-" "Mozilla/5.0 (compatible; MJ12bot/v1.4.8; http://mj12bot.com/)" "www.ysfine.com"
65.108.124.153 - - [30/Sep/2022:19:04:06 -0700] "GET /maga/maxedin.html HTTP/1.1" 200 6756 "-" "Mozilla/5.0 (compatible; MJ12bot/v1.4.8; http://mj12bot.com/)" "www.ysfine.com"
65.108.124.153 - - [30/Sep/2022:19:04:20 -0700] "GET /maga/mellon.html HTTP/1.1" 200 2949 "-" "Mozilla/5.0 (compatible; MJ12bot/v1.4.8; http://mj12bot.com/)" "www.ysfine.com"
65.108.124.153 - - [30/Sep/2022:19:04:30 -0700] "GET /maga/mellon.html HTTP/1.1" 200 2949 "-" "Mozilla/5.0 (compatible; MJ12bot/v1.4.8; http://mj12bot.com/)" "www.ysfine.com"
65.108.124.153 - - [30/Sep/2022:19:04:50 -0700] "GET /maga/minkowski.html HTTP/1.1" 200 4752 "-" "Mozilla/5.0 (compatible; MJ12bot/v1.4.8; http://mj12bot.com/)" "www.ysfine.com"
65.108.124.153 - - [30/Sep/2022:19:05:02 -0700] "GET /maga/minkowski.html HTTP/1.1" 200 4752 "-" "Mozilla/5.0 (compatible; MJ12bot/v1.4.8; http://mj12bot.com/)" "www.ysfine.com"
65.108.124.153 - - [30/Sep/2022:19:05:23 -0700] "GET /maga/naimark.html HTTP/1.1" 200 4603 "-" "Mozilla/5.0 (compatible; MJ12bot/v1.4.8; http://mj12bot.com/)" "www.ysfine.com"
157.55.39.58 - - [30/Sep/2022:19:05:38 -0700] "GET /einstein/maxwell55b.jpg HTTP/1.1" 200 36378 "-" "Mozilla/5.0 (compatible; bingbot/2.0; +http://www.bing.com/bingbot.htm)" "www.ysfine.com"
65.108.124.153 - - [30/Sep/2022:19:05:56 -0700] "GET /maga/okun.html HTTP/1.1" 200 883 "-" "Mozilla/5.0 (compatible; MJ12bot/v1.4.8; http://mj12bot.com/)" "www.ysfine.com"
65.108.124.153 - - [30/Sep/2022:19:06:03 -0700] "GET /maga/okun.html HTTP/1.1" 200 883 "-" "Mozilla/5.0 (compatible; MJ12bot/v1.4.8; http://mj12bot.com/)" "www.ysfine.com"
65.108.124.153 - - [30/Sep/2022:19:06:21 -0700] "GET /maga/osc22.html HTTP/1.1" 200 523 "-" "Mozilla/5.0 (compatible; MJ12bot/v1.4.8; http://mj12bot.com/)" "www.ysfine.com"
65.108.124.153 - - [30/Sep/2022:19:06:37 -0700] "GET /world/polandp.html HTTP/1.1" 200 5412 "-" "Mozilla/5.0 (compatible; MJ12bot/v1.4.8; http://mj12bot.com/)" "www.ysfine.com"
157.55.39.128 - - [30/Sep/2022:19:06:52 -0700] "GET /sbk/charlesbr11.jpg HTTP/1.1" 200 76050 "-" "Mozilla/5.0 (compatible; bingbot/2.0; +http://www.bing.com/bingbot.htm)" "ysfine.com"
157.55.39.58 - - [30/Sep/2022:19:06:59 -0700] "GET /world/russ/krem22.jpg HTTP/1.1" 200 119935 "-" "Mozilla/5.0 (compatible; bingbot/2.0; +http://www.bing.com/bingbot.htm)" "ysfine.com"
172.58.204.123 - - [30/Sep/2022:19:07:25 -0700] "GET /princeton/alexan22.jpg HTTP/1.1" 200 175436 "https://www.google.com/" "Mozilla/5.0 (iPhone; CPU iPhone OS 16_0 like Mac OS X) AppleWebKit/605.1.15 (KHTML, like Gecko) Version/16.0 Mobile/15E148 Safari/604.1" "ysfine.com"
181.118.72.125 - - [30/Sep/2022:19:08:47 -0700] "GET /kowar/tanks/tank05.jpg HTTP/1.1" 200 222063 "https://www.google.com/" "Mozilla/5.0 (Windows NT 10.0; Win64; x64) AppleWebKit/537.36 (KHTML, like Gecko) Chrome/105.0.0.0 Safari/537.36" "ysfine.com"
157.55.39.55 - - [30/Sep/2022:19:08:48 -0700] "GET /people/janszky01.jpg HTTP/1.1" 200 83960 "-" "Mozilla/5.0 (compatible; bingbot/2.0; +http://www.bing.com/bingbot.htm)" "ysfine.com"
40.77.167.27 - - [30/Sep/2022:19:08:55 -0700] "GET /princeton/compu22.jpg HTTP/1.1" 200 168374 "-" "Mozilla/5.0 (compatible; bingbot/2.0; +http://www.bing.com/bingbot.htm)" "ysfine.com"
207.46.13.102 - - [30/Sep/2022:19:09:47 -0700] "GET /style/nga11.jpg HTTP/1.1" 200 157953 "-" "Mozilla/5.0 (compatible; bingbot/2.0; +http://www.bing.com/bingbot.htm)" "ysfine.com"
186.105.47.2 - - [30/Sep/2022:19:09:53 -0700] "GET /maga/phys/landau35b.jpg HTTP/1.1" 200 26143 "https://www.google.com/" "Mozilla/5.0 (X11; Linux x86_64) AppleWebKit/537.36 (KHTML, like Gecko) Chrome/105.0.0.0 Safari/537.36" "ysfine.com"
130.202.96.41 - - [30/Sep/2022:19:10:15 -0700] "GET /people/sbt.html HTTP/1.1" 200 529 "-" "Mozilla/5.0 (Macintosh; Intel Mac OS X 10.15; rv:104.0) Gecko/20100101 Firefox/104.0" "ysfine.com"
130.202.96.41 - - [30/Sep/2022:19:10:15 -0700] "GET /people/sbt11a.jpg HTTP/1.1" 200 109936 "https://ysfine.com/people/sbt.html" "Mozilla/5.0 (Macintosh; Intel Mac OS X 10.15; rv:104.0) Gecko/20100101 Firefox/104.0" "ysfine.com"
130.202.96.41 - - [30/Sep/2022:19:10:15 -0700] "GET /favicon.ico HTTP/1.1" 404 88 "https://ysfine.com/people/sbt.html" "Mozilla/5.0 (Macintosh; Intel Mac OS X 10.15; rv:104.0) Gecko/20100101 Firefox/104.0" "ysfine.com"
40.77.167.27 - - [30/Sep/2022:19:10:26 -0700] "GET /world/hungary/hunstu21.jpg HTTP/1.1" 200 114547 "-" "Mozilla/5.0 (compatible; bingbot/2.0; +http://www.bing.com/bingbot.htm)" "www.ysfine.com"
157.55.39.58 - - [30/Sep/2022:19:10:30 -0700] "GET /world/france/stras15.jpg HTTP/1.1" 200 96475 "-" "Mozilla/5.0 (compatible; bingbot/2.0; +http://www.bing.com/bingbot.htm)" "www.ysfine.com"
130.202.96.41 - - [30/Sep/2022:19:10:36 -0700] "GET /home/index.html HTTP/1.1" 200 142 "-" "Mozilla/5.0 (Macintosh; Intel Mac OS X 10.15; rv:104.0) Gecko/20100101 Firefox/104.0" "ysfine.com"
130.202.96.41 - - [30/Sep/2022:19:10:37 -0700] "GET /home/hmbot.html HTTP/1.1" 200 132 "https://ysfine.com/home/index.html" "Mozilla/5.0 (Macintosh; Intel Mac OS X 10.15; rv:104.0) Gecko/20100101 Firefox/104.0" "ysfine.com"
130.202.96.41 - - [30/Sep/2022:19:10:37 -0700] "GET /home/hmtop.html HTTP/1.1" 200 447 "https://ysfine.com/home/index.html" "Mozilla/5.0 (Macintosh; Intel Mac OS X 10.15; rv:104.0) Gecko/20100101 Firefox/104.0" "ysfine.com"
130.202.96.41 - - [30/Sep/2022:19:10:37 -0700] "GET /home/hmrigh.html HTTP/1.1" 200 4212 "https://ysfine.com/home/hmbot.html" "Mozilla/5.0 (Macintosh; Intel Mac OS X 10.15; rv:104.0) Gecko/20100101 Firefox/104.0" "ysfine.com"
130.202.96.41 - - [30/Sep/2022:19:10:37 -0700] "GET /home/hmleft.html HTTP/1.1" 200 853 "https://ysfine.com/home/hmbot.html" "Mozilla/5.0 (Macintosh; Intel Mac OS X 10.15; rv:104.0) Gecko/20100101 Firefox/104.0" "ysfine.com"
130.202.96.41 - - [30/Sep/2022:19:10:37 -0700] "GET /home/eward55a.jpg HTTP/1.1" 200 84523 "https://ysfine.com/home/hmrigh.html" "Mozilla/5.0 (Macintosh; Intel Mac OS X 10.15; rv:104.0) Gecko/20100101 Firefox/104.0" "ysfine.com"
130.202.96.41 - - [30/Sep/2022:19:10:37 -0700] "GET /home/top21c.jpg HTTP/1.1" 200 53120 "https://ysfine.com/home/hmrigh.html" "Mozilla/5.0 (Macintosh; Intel Mac OS X 10.15; rv:104.0) Gecko/20100101 Firefox/104.0" "ysfine.com"
130.202.96.41 - - [30/Sep/2022:19:10:37 -0700] "GET /home/think55c.jpg HTTP/1.1" 200 37438 "https://ysfine.com/home/hmrigh.html" "Mozilla/5.0 (Macintosh; Intel Mac OS X 10.15; rv:104.0) Gecko/20100101 Firefox/104.0" "ysfine.com"
130.202.96.41 - - [30/Sep/2022:19:10:37 -0700] "GET /home/socrates55c.jpg HTTP/1.1" 200 36471 "https://ysfine.com/home/hmrigh.html" "Mozilla/5.0 (Macintosh; Intel Mac OS X 10.15; rv:104.0) Gecko/20100101 Firefox/104.0" "ysfine.com"
130.202.96.41 - - [30/Sep/2022:19:10:37 -0700] "GET /home/further22a.jpg HTTP/1.1" 200 75776 "https://ysfine.com/home/hmrigh.html" "Mozilla/5.0 (Macintosh; Intel Mac OS X 10.15; rv:104.0) Gecko/20100101 Firefox/104.0" "ysfine.com"
130.202.96.41 - - [30/Sep/2022:19:10:37 -0700] "GET /home/tollwig11c.jpg HTTP/1.1" 200 28199 "https://ysfine.com/home/hmrigh.html" "Mozilla/5.0 (Macintosh; Intel Mac OS X 10.15; rv:104.0) Gecko/20100101 Firefox/104.0" "ysfine.com"
130.202.96.41 - - [30/Sep/2022:19:10:37 -0700] "GET /home/eink77c.jpg HTTP/1.1" 200 47471 "https://ysfine.com/home/hmrigh.html" "Mozilla/5.0 (Macintosh; Intel Mac OS X 10.15; rv:104.0) Gecko/20100101 Firefox/104.0" "ysfine.com"
130.202.96.41 - - [30/Sep/2022:19:10:37 -0700] "GET /eink/eink54a.jpg HTTP/1.1" 200 79717 "https://ysfine.com/home/hmrigh.html" "Mozilla/5.0 (Macintosh; Intel Mac OS X 10.15; rv:104.0) Gecko/20100101 Firefox/104.0" "ysfine.com"
130.202.96.41 - - [30/Sep/2022:19:10:37 -0700] "GET /home/facu63c.jpg HTTP/1.1" 200 41710 "https://ysfine.com/home/hmrigh.html" "Mozilla/5.0 (Macintosh; Intel Mac OS X 10.15; rv:104.0) Gecko/20100101 Firefox/104.0" "ysfine.com"
130.202.96.41 - - [30/Sep/2022:19:10:37 -0700] "GET /home/emc22a.jpg HTTP/1.1" 200 59239 "https://ysfine.com/home/hmrigh.html" "Mozilla/5.0 (Macintosh; Intel Mac OS X 10.15; rv:104.0) Gecko/20100101 Firefox/104.0" "ysfine.com"
130.202.96.41 - - [30/Sep/2022:19:10:37 -0700] "GET /home/coke300.jpg HTTP/1.1" 200 50941 "https://ysfine.com/home/hmrigh.html" "Mozilla/5.0 (Macintosh; Intel Mac OS X 10.15; rv:104.0) Gecko/20100101 Firefox/104.0" "ysfine.com"
130.202.96.41 - - [30/Sep/2022:19:10:37 -0700] "GET /home/comet50a.jpg HTTP/1.1" 200 52015 "https://ysfine.com/home/hmrigh.html" "Mozilla/5.0 (Macintosh; Intel Mac OS X 10.15; rv:104.0) Gecko/20100101 Firefox/104.0" "ysfine.com"
130.202.96.41 - - [30/Sep/2022:19:10:37 -0700] "GET /home/figs/einbohr33c.jpg HTTP/1.1" 200 36413 "https://ysfine.com/home/hmrigh.html" "Mozilla/5.0 (Macintosh; Intel Mac OS X 10.15; rv:104.0) Gecko/20100101 Firefox/104.0" "ysfine.com"
130.202.96.41 - - [30/Sep/2022:19:10:37 -0700] "GET /eink/einhaus11c.jpg HTTP/1.1" 200 42522 "-" "Mozilla/5.0 (Macintosh; Intel Mac OS X 10.15; rv:104.0) Gecko/20100101 Firefox/104.0" "ysfine.com"
130.202.96.41 - - [30/Sep/2022:19:10:37 -0700] "GET /kobak/taylor33c.jpg HTTP/1.1" 200 39951 "-" "Mozilla/5.0 (Macintosh; Intel Mac OS X 10.15; rv:104.0) Gecko/20100101 Firefox/104.0" "ysfine.com"
130.202.96.41 - - [30/Sep/2022:19:10:37 -0700] "GET /eink/einhaus33c.jpg HTTP/1.1" 200 23792 "-" "Mozilla/5.0 (Macintosh; Intel Mac OS X 10.15; rv:104.0) Gecko/20100101 Firefox/104.0" "ysfine.com"
157.55.39.127 - - [30/Sep/2022:19:10:47 -0700] "GET /sbk/2014kids03.jpg HTTP/1.1" 200 133090 "-" "Mozilla/5.0 (compatible; bingbot/2.0; +http://www.bing.com/bingbot.htm)" "www.ysfine.com"
157.55.39.128 - - [30/Sep/2022:19:11:33 -0700] "GET /usca/pitt/syriamos11.jpg HTTP/1.1" 200 219957 "-" "Mozilla/5.0 AppleWebKit/537.36 (KHTML, like Gecko; compatible; bingbot/2.0; +http://www.bing.com/bingbot.htm) Chrome/103.0.5060.134 Safari/537.36" "ysfine.com"
66.249.66.44 - - [30/Sep/2022:19:11:58 -0700] "GET /dirac/diracqm11b.jpg HTTP/1.1" 200 42991 "-" "Googlebot-Image/1.0" "ysfine.com"
40.77.167.27 - - [30/Sep/2022:19:12:15 -0700] "GET /world/wdleft.html HTTP/1.1" 200 610 "-" "Mozilla/5.0 (compatible; bingbot/2.0; +http://www.bing.com/bingbot.htm)" "ysfine.com"
64.71.131.243 - - [30/Sep/2022:19:12:16 -0700] "GET / HTTP/1.1" 200 15910 "-" "Mozilla/5.0 (compatible; ev-crawler/1.0; +https://headline.com/legal/crawler)" "ysfine.com"
207.46.13.102 - - [30/Sep/2022:19:12:17 -0700] "GET /world/russ/dubna.html HTTP/1.1" 200 1205 "-" "Mozilla/5.0 (compatible; bingbot/2.0; +http://www.bing.com/bingbot.htm)" "ysfine.com"
157.55.39.127 - - [30/Sep/2022:19:12:20 -0700] "GET /world/russ/?C=M;O=A HTTP/1.1" 200 17106 "-" "Mozilla/5.0 (compatible; bingbot/2.0; +http://www.bing.com/bingbot.htm)" "ysfine.com"
157.55.39.127 - - [30/Sep/2022:19:12:26 -0700] "GET /home/easy.html HTTP/1.1" 200 7877 "-" "Mozilla/5.0 (compatible; bingbot/2.0; +http://www.bing.com/bingbot.htm)" "ysfine.com"
207.46.13.102 - - [30/Sep/2022:19:12:27 -0700] "GET /world/russ/dubnaf.html HTTP/1.1" 200 1239 "-" "Mozilla/5.0 AppleWebKit/537.36 (KHTML, like Gecko; compatible; bingbot/2.0; +http://www.bing.com/bingbot.htm) Chrome/103.0.5060.134 Safari/537.36" "ysfine.com"
185.191.171.3 - - [30/Sep/2022:19:13:55 -0700] "GET /sbk/photo21.html HTTP/1.1" 200 7762 "-" "Mozilla/5.0 (compatible; SemrushBot/7~bl; +http://www.semrush.com/bot.html)" "ysfine.com"
157.55.39.127 - - [30/Sep/2022:19:14:36 -0700] "GET /world/russ/arbat13.jpg HTTP/1.1" 200 129530 "-" "Mozilla/5.0 (compatible; bingbot/2.0; +http://www.bing.com/bingbot.htm)" "ysfine.com"
24.48.214.24 - - [30/Sep/2022:19:14:52 -0700] "GET /world/brit/kensington09.jpg HTTP/1.1" 200 169563 "https://images.search.yahoo.com/search/images;_ylt=AwrEssaDojdjoWgpbHWJzbkF;_ylu=c2VjA3NlYXJjaARzbGsDYnV0dG9u;_ylc=X1MDOTYwNjI4NTcEX3IDMgRmcgNjcm1hc19zZnAEZnIyA3A6cyx2OmksbTpzYi10b3AEZ3ByaWQDd09ubmJYa3hSVDZKdG5waHFtX2xPQQRuX3JzbHQDMARuX3N1Z2cDMARvcmlnaW4DaW1hZ2VzLnNlYXJjaC55YWhvby5jb20EcG9zAzAEcHFzdHIDBHBxc3RybAMwBHFzdHJsAzI3BHF1ZXJ5A0tJTkdTVE9ORSUyMFBBTEFDRSUyMEdBUkRFTiUyME1BUAR0X3N0bXADMTY2NDU5MDQ4Mw--?p=KINGSTONE+PALACE+GARDEN+MAP&fr=crmas_sfp&fr2=p%3As%2Cv%3Ai%2Cm%3Asb-top&ei=UTF-8&x=wrt" "Mozilla/5.0 (Macintosh; Intel Mac OS X 10_11_6) AppleWebKit/537.36 (KHTML, like Gecko) Chrome/103.0.0.0 Safari/537.36" "ysfine.com"
40.77.167.27 - - [30/Sep/2022:19:14:56 -0700] "GET /world/latina/rio051.jpg HTTP/1.1" 200 119338 "-" "Mozilla/5.0 AppleWebKit/537.36 (KHTML, like Gecko; compatible; bingbot/2.0; +http://www.bing.com/bingbot.htm) Chrome/103.0.5060.134 Safari/537.36" "ysfine.com"
77.88.5.233 - - [30/Sep/2022:19:15:00 -0700] "GET /robots.txt HTTP/1.1" 404 73 "-" "Mozilla/5.0 (compatible; YandexBot/3.0; +http://yandex.com/bots)" "www.ysfine.com"
77.88.5.46 - - [30/Sep/2022:19:15:04 -0700] "GET /kobak/taylor.jpg HTTP/1.1" 404 88 "-" "Mozilla/5.0 (compatible; YandexImages/3.0; +http://yandex.com/bots)" "www.ysfine.com"
99.111.72.159 - - [30/Sep/2022:19:15:33 -0700] "GET /einstein/einusa.html HTTP/1.1" 200 8153 "https://www.google.com/" "Mozilla/5.0 (Windows NT 10.0; Win64; x64) AppleWebKit/537.36 (KHTML, like Gecko) Chrome/105.0.0.0 Safari/537.36" "ysfine.com"
99.111.72.159 - - [30/Sep/2022:19:15:33 -0700] "GET /einstein/einhouse11b.jpg HTTP/1.1" 200 42717 "https://ysfine.com/einstein/einusa.html" "Mozilla/5.0 (Windows NT 10.0; Win64; x64) AppleWebKit/537.36 (KHTML, like Gecko) Chrome/105.0.0.0 Safari/537.36" "ysfine.com"
99.111.72.159 - - [30/Sep/2022:19:15:33 -0700] "GET /princeton/ias11b.jpg HTTP/1.1" 200 33974 "https://ysfine.com/einstein/einusa.html" "Mozilla/5.0 (Windows NT 10.0; Win64; x64) AppleWebKit/537.36 (KHTML, like Gecko) Chrome/105.0.0.0 Safari/537.36" "ysfine.com"
99.111.72.159 - - [30/Sep/2022:19:15:33 -0700] "GET /einstein/einfine21b.jpg HTTP/1.1" 200 53710 "https://ysfine.com/einstein/einusa.html" "Mozilla/5.0 (Windows NT 10.0; Win64; x64) AppleWebKit/537.36 (KHTML, like Gecko) Chrome/105.0.0.0 Safari/537.36" "ysfine.com"
99.111.72.159 - - [30/Sep/2022:19:15:34 -0700] "GET /einstein/michelson11b.jpg HTTP/1.1" 200 35505 "https://ysfine.com/einstein/einusa.html" "Mozilla/5.0 (Windows NT 10.0; Win64; x64) AppleWebKit/537.36 (KHTML, like Gecko) Chrome/105.0.0.0 Safari/537.36" "ysfine.com"
99.111.72.159 - - [30/Sep/2022:19:15:34 -0700] "GET /eink/eink61b.jpg HTTP/1.1" 200 28018 "https://ysfine.com/einstein/einusa.html" "Mozilla/5.0 (Windows NT 10.0; Win64; x64) AppleWebKit/537.36 (KHTML, like Gecko) Chrome/105.0.0.0 Safari/537.36" "ysfine.com"
99.111.72.159 - - [30/Sep/2022:19:15:37 -0700] "GET /favicon.ico HTTP/1.1" 404 88 "https://ysfine.com/einstein/einusa.html" "Mozilla/5.0 (Windows NT 10.0; Win64; x64) AppleWebKit/537.36 (KHTML, like Gecko) Chrome/105.0.0.0 Safari/537.36" "ysfine.com"
130.226.228.76 - - [30/Sep/2022:19:15:52 -0700] "GET /robots.txt HTTP/1.1" 404 73 "-" "Mozilla/5.0 (compatible; heritrix/3.4.0 +https://www.kb.dk/netarkivindsamling/) Firefox/57" "ysfine.com"
130.226.228.76 - - [30/Sep/2022:19:15:54 -0700] "GET /favicon.ico HTTP/1.1" 404 73 "https://ysfine.com/princeton/gcollege22.jpg" "Mozilla/5.0 (compatible; heritrix/3.4.0 +https://www.kb.dk/netarkivindsamling/) Firefox/57" "ysfine.com"
85.208.98.23 - - [30/Sep/2022:19:16:36 -0700] "GET /robots.txt HTTP/1.1" 404 88 "http://www.ysfine.com/robots.txt" "Mozilla/5.0 (compatible; SemrushBot-BA; +http://www.semrush.com/bot.html)" "www.ysfine.com"
85.208.98.23 - - [30/Sep/2022:19:16:36 -0700] "GET /robots.txt HTTP/1.1" 404 88 "http://ysfine.com/robots.txt" "Mozilla/5.0 (compatible; SemrushBot-BA; +http://www.semrush.com/bot.html)" "ysfine.com"
85.208.98.19 - - [30/Sep/2022:19:16:53 -0700] "GET /maga/sartre.html HTTP/1.1" 200 7719 "http://www.ysfine.com/maga/sartre.html" "Mozilla/5.0 (compatible; SemrushBot-BA; +http://www.semrush.com/bot.html)" "www.ysfine.com"
85.208.98.20 - - [30/Sep/2022:19:16:54 -0700] "GET /maga/sartre.html HTTP/1.1" 200 7719 "http://ysfine.com/maga/sartre.html" "Mozilla/5.0 (compatible; SemrushBot-BA; +http://www.semrush.com/bot.html)" "ysfine.com"
85.208.98.19 - - [30/Sep/2022:19:17:18 -0700] "GET /world/season.html HTTP/1.1" 200 23901 "http://www.ysfine.com/world/season.html" "Mozilla/5.0 (compatible; SemrushBot-BA; +http://www.semrush.com/bot.html)" "www.ysfine.com"
157.55.39.128 - - [30/Sep/2022:19:17:23 -0700] "GET /home/fotos/kazan017d.jpg HTTP/1.1" 200 51055 "-" "Mozilla/5.0 (compatible; bingbot/2.0; +http://www.bing.com/bingbot.htm)" "ysfine.com"
42.194.215.216 - - [30/Sep/2022:19:17:25 -0700] "GET /feynman/feygell66b.jpg HTTP/1.1" 200 28843 "-" "Mozilla/5.0 (X11; Ubuntu; Linux x86_64; rv:72.0) Gecko/20100101 Firefox/72.0" "ysfine.com"
85.208.98.31 - - [30/Sep/2022:19:17:27 -0700] "GET /world/season.html HTTP/1.1" 200 23901 "http://ysfine.com/world/season.html" "Mozilla/5.0 (compatible; SemrushBot-BA; +http://www.semrush.com/bot.html)" "ysfine.com"
157.55.39.127 - - [30/Sep/2022:19:17:37 -0700] "GET /newyork/radioci09.jpg HTTP/1.1" 200 97492 "-" "Mozilla/5.0 (compatible; bingbot/2.0; +http://www.bing.com/bingbot.htm)" "ysfine.com"
40.77.167.27 - - [30/Sep/2022:19:18:57 -0700] "GET /wdc/gtown03b.jpg HTTP/1.1" 200 50421 "-" "Mozilla/5.0 (compatible; bingbot/2.0; +http://www.bing.com/bingbot.htm)" "ysfine.com"
157.55.39.55 - - [30/Sep/2022:19:19:50 -0700] "GET /world/russ/spbpi02.jpg HTTP/1.1" 200 74623 "-" "Mozilla/5.0 (compatible; bingbot/2.0; +http://www.bing.com/bingbot.htm)" "ysfine.com"
157.55.39.55 - - [30/Sep/2022:19:21:00 -0700] "GET /kobak/repose33.jpg HTTP/1.1" 200 66664 "-" "Mozilla/5.0 (compatible; bingbot/2.0; +http://www.bing.com/bingbot.htm)" "ysfine.com"
173.252.83.17 - - [30/Sep/2022:19:21:10 -0700] "GET /fbook/ewk86a.jpg HTTP/1.1" 200 86008 "-" "facebookexternalhit/1.1 (+http://www.facebook.com/externalhit_uatext.php)" "ysfine.com"
207.46.13.102 - - [30/Sep/2022:19:22:18 -0700] "GET /world/israel/jeru45.jpg HTTP/1.1" 200 278904 "-" "Mozilla/5.0 (compatible; bingbot/2.0; +http://www.bing.com/bingbot.htm)" "ysfine.com"
114.119.128.154 - - [30/Sep/2022:19:23:02 -0700] "GET /class54/class5470/total_data/sub_618.htm HTTP/1.1" 200 3206 "https://ysfine.com/class54/class5470/total_data/sub_630.htm" "Mozilla/5.0 (Linux; Android 7.0;) AppleWebKit/537.36 (KHTML, like Gecko) Mobile Safari/537.36 (compatible; PetalBot;+https://webmaster.petalsearch.com/site/petalbot)" "ysfine.com"
157.55.39.55 - - [30/Sep/2022:19:23:30 -0700] "GET /philo/marx02.jpg HTTP/1.1" 200 257749 "-" "Mozilla/5.0 (compatible; bingbot/2.0; +http://www.bing.com/bingbot.htm)" "www.ysfine.com"
157.55.39.55 - - [30/Sep/2022:19:24:30 -0700] "GET /wdc/treasury01.jpg HTTP/1.1" 200 112562 "-" "Mozilla/5.0 (compatible; bingbot/2.0; +http://www.bing.com/bingbot.htm)" "ysfine.com"
185.191.171.39 - - [30/Sep/2022:19:24:55 -0700] "GET /world/tdrome.html HTTP/1.1" 200 5611 "-" "Mozilla/5.0 (compatible; SemrushBot/7~bl; +http://www.semrush.com/bot.html)" "ysfine.com"
114.119.128.142 - - [30/Sep/2022:19:25:01 -0700] "GET /wdc/christmas.html HTTP/1.1" 404 88 "https://ysfine.com/world/istanbul.html" "Mozilla/5.0 (Linux; Android 7.0;) AppleWebKit/537.36 (KHTML, like Gecko) Mobile Safari/537.36 (compatible; PetalBot;+https://webmaster.petalsearch.com/site/petalbot)" "ysfine.com"
5.161.144.16 - - [30/Sep/2022:19:25:42 -0700] "GET /yspapers/einh.pdf HTTP/1.1" 200 270732 "-" "Mozilla/5.0 (Windows NT 10.0; Win64; x64) AppleWebKit/537.36 (KHTML, like Gecko) Chrome/84.0.4147.105 Safari/537.36" "ysfine.com"
157.55.39.58 - - [30/Sep/2022:19:26:00 -0700] "GET /world/scandi/copenf03b.jpg HTTP/1.1" 200 48862 "-" "Mozilla/5.0 (compatible; bingbot/2.0; +http://www.bing.com/bingbot.htm)" "ysfine.com"
69.194.143.140 - - [30/Sep/2022:19:27:02 -0700] "GET /ads.txt HTTP/1.1" 404 88 "-" "Mozilla/5.0 (Macintosh; Intel Mac OS X 10_15_1) AppleWebKit/537.36 (KHTML, like Gecko) Chrome/84.0.4103.61 Safari/537.37" "ysfine.com"
