157.55.39.128 - - [30/Sep/2022:00:29:05 -0700] "GET /world/russ/khahi11.jpg HTTP/1.1" 200 123761 "-" "Mozilla/5.0 (compatible; bingbot/2.0; +http://www.bing.com/bingbot.htm)" "ysfine.com"
198.89.92.22 - - [30/Sep/2022:00:29:23 -0700] "GET /world/russ/spbpi06.jpg HTTP/1.1" 200 85923 "https://www.google.com/" "Mozilla/5.0 (Windows NT 10.0; Win64; x64) AppleWebKit/537.36 (KHTML, like Gecko) Chrome/105.0.0.0 Safari/537.36" "ysfine.com"
157.55.39.127 - - [30/Sep/2022:00:29:37 -0700] "GET /world/russ/kazan056.jpg HTTP/1.1" 200 149705 "-" "Mozilla/5.0 (compatible; bingbot/2.0; +http://www.bing.com/bingbot.htm)" "www.ysfine.com"
173.73.80.118 - - [30/Sep/2022:00:29:47 -0700] "GET /home/bio22.html HTTP/1.1" 200 12869 "https://ysfine.com/ys11/" "Mozilla/5.0 (Windows NT 10.0; Win64; x64) AppleWebKit/537.36 (KHTML, like Gecko) Chrome/105.0.0.0 Safari/537.36 Edg/105.0.1343.53" "ysfine.com"
157.55.39.127 - - [30/Sep/2022:00:29:57 -0700] "GET /world/baltic/tallin48.jpg HTTP/1.1" 200 121140 "-" "Mozilla/5.0 (compatible; bingbot/2.0; +http://www.bing.com/bingbot.htm)" "ysfine.com"
66.249.70.8 - - [30/Sep/2022:00:31:18 -0700] "GET /robots.txt HTTP/1.1" 404 88 "-" "Mozilla/5.0 (compatible; Googlebot/2.1; +http://www.google.com/bot.html)" "www.ysfine.com"
66.249.70.8 - - [30/Sep/2022:00:31:18 -0700] "GET /sbk/1975nassau22.jpg HTTP/1.1" 200 140562 "-" "Googlebot-Image/1.0" "www.ysfine.com"
93.158.161.46 - - [30/Sep/2022:00:31:25 -0700] "GET /robots.txt HTTP/1.1" 404 73 "-" "Mozilla/5.0 (compatible; YandexBot/3.0; +http://yandex.com/bots)" "www.ysfine.com"
77.88.5.126 - - [30/Sep/2022:00:31:29 -0700] "GET /philo/sisfa12/frame02.html HTTP/1.1" 200 320 "-" "Mozilla/5.0 (compatible; YandexBot/3.0; +http://yandex.com/bots)" "www.ysfine.com"
173.73.80.118 - - [30/Sep/2022:00:31:44 -0700] "GET /home/bio22.html HTTP/1.1" 200 12872 "https://ysfine.com/ys11/" "Mozilla/5.0 (Windows NT 10.0; Win64; x64) AppleWebKit/537.36 (KHTML, like Gecko) Chrome/105.0.0.0 Safari/537.36 Edg/105.0.1343.53" "ysfine.com"
173.73.80.118 - - [30/Sep/2022:00:31:46 -0700] "GET /home/bio22.html HTTP/1.1" 304 - "https://ysfine.com/ys11/" "Mozilla/5.0 (Windows NT 10.0; Win64; x64) AppleWebKit/537.36 (KHTML, like Gecko) Chrome/105.0.0.0 Safari/537.36 Edg/105.0.1343.53" "ysfine.com"
66.249.70.12 - - [30/Sep/2022:00:32:15 -0700] "GET /sbk/1970nyc11c.jpg HTTP/1.1" 200 31503 "-" "Googlebot-Image/1.0" "www.ysfine.com"
157.55.39.128 - - [30/Sep/2022:00:32:57 -0700] "GET /sbk/2006nice11.jpg HTTP/1.1" 200 238304 "-" "Mozilla/5.0 (compatible; bingbot/2.0; +http://www.bing.com/bingbot.htm)" "ysfine.com"
207.46.13.102 - - [30/Sep/2022:00:33:20 -0700] "GET /world/baltic/rigaf15.jpg HTTP/1.1" 200 64742 "-" "Mozilla/5.0 (compatible; bingbot/2.0; +http://www.bing.com/bingbot.htm)" "www.ysfine.com"
173.73.80.118 - - [30/Sep/2022:00:33:37 -0700] "GET /home/bio22 HTTP/1.1" 200 12872 "-" "Mozilla/5.0 (Windows NT 10.0; Win64; x64) AppleWebKit/537.36 (KHTML, like Gecko) Chrome/105.0.0.0 Safari/537.36" "ysfine.com"
173.73.80.118 - - [30/Sep/2022:00:33:47 -0700] "GET /home/bio22 HTTP/1.1" 304 - "-" "Mozilla/5.0 (Windows NT 10.0; Win64; x64) AppleWebKit/537.36 (KHTML, like Gecko) Chrome/105.0.0.0 Safari/537.36" "ysfine.com"
173.73.80.118 - - [30/Sep/2022:00:33:48 -0700] "GET /home/bio22 HTTP/1.1" 304 - "-" "Mozilla/5.0 (Windows NT 10.0; Win64; x64) AppleWebKit/537.36 (KHTML, like Gecko) Chrome/105.0.0.0 Safari/537.36" "ysfine.com"
173.73.80.118 - - [30/Sep/2022:00:33:49 -0700] "GET /home/bio22 HTTP/1.1" 304 - "-" "Mozilla/5.0 (Windows NT 10.0; Win64; x64) AppleWebKit/537.36 (KHTML, like Gecko) Chrome/105.0.0.0 Safari/537.36" "ysfine.com"
173.73.80.118 - - [30/Sep/2022:00:33:51 -0700] "GET /home/bio22 HTTP/1.1" 304 - "-" "Mozilla/5.0 (Windows NT 10.0; Win64; x64) AppleWebKit/537.36 (KHTML, like Gecko) Chrome/105.0.0.0 Safari/537.36" "ysfine.com"
40.77.167.27 - - [30/Sep/2022:00:34:06 -0700] "GET /people/wheemos2.jpg HTTP/1.1" 200 46241 "-" "Mozilla/5.0 (compatible; bingbot/2.0; +http://www.bing.com/bingbot.htm)" "ysfine.com"
157.55.39.55 - - [30/Sep/2022:00:35:43 -0700] "GET /world/russ/arbat35.jpg HTTP/1.1" 200 129788 "-" "Mozilla/5.0 (compatible; bingbot/2.0; +http://www.bing.com/bingbot.htm)" "ysfine.com"
123.125.109.45 - - [30/Sep/2022:00:35:56 -0700] "GET / HTTP/1.1" 200 5283 "-" "Sogou web spider/4.0(+http://www.sogou.com/docs/help/webmasters.htm#07)" "www.ysfine.com"
157.55.39.58 - - [30/Sep/2022:00:35:59 -0700] "GET /sbk/2008viln11.jpg HTTP/1.1" 200 123883 "-" "Mozilla/5.0 (compatible; bingbot/2.0; +http://www.bing.com/bingbot.htm)" "ysfine.com"
173.73.80.118 - - [30/Sep/2022:00:36:13 -0700] "GET /home/bio22.html HTTP/1.1" 200 12869 "https://ysfine.com/ys11/" "Mozilla/5.0 (Windows NT 10.0; Win64; x64) AppleWebKit/537.36 (KHTML, like Gecko) Chrome/105.0.0.0 Safari/537.36 Edg/105.0.1343.53" "ysfine.com"
27.55.75.140 - - [30/Sep/2022:00:36:24 -0700] "GET /wisdom/wkbot.html HTTP/1.1" 200 130 "https://www.google.com/" "Mozilla/5.0 (iPhone; CPU iPhone OS 15_5 like Mac OS X) AppleWebKit/605.1.15 (KHTML, like Gecko) Version/15.5 Mobile/15E148 Safari/604.1" "ysfine.com"
27.55.75.140 - - [30/Sep/2022:00:36:24 -0700] "GET /wisdom/wkrigh.html HTTP/1.1" 200 4130 "https://ysfine.com/wisdom/wkbot.html" "Mozilla/5.0 (iPhone; CPU iPhone OS 15_5 like Mac OS X) AppleWebKit/605.1.15 (KHTML, like Gecko) Version/15.5 Mobile/15E148 Safari/604.1" "ysfine.com"
27.55.75.140 - - [30/Sep/2022:00:36:24 -0700] "GET /wisdom/wkleft.html HTTP/1.1" 200 596 "https://ysfine.com/wisdom/wkbot.html" "Mozilla/5.0 (iPhone; CPU iPhone OS 15_5 like Mac OS X) AppleWebKit/605.1.15 (KHTML, like Gecko) Version/15.5 Mobile/15E148 Safari/604.1" "ysfine.com"
27.55.75.140 - - [30/Sep/2022:00:36:24 -0700] "GET /wisdom/creak.jpg HTTP/1.1" 200 56561 "https://ysfine.com/wisdom/wkrigh.html" "Mozilla/5.0 (iPhone; CPU iPhone OS 15_5 like Mac OS X) AppleWebKit/605.1.15 (KHTML, like Gecko) Version/15.5 Mobile/15E148 Safari/604.1" "ysfine.com"
27.55.75.140 - - [30/Sep/2022:00:36:24 -0700] "GET /maga/phil/childrenof11b.jpg HTTP/1.1" 200 73491 "https://ysfine.com/wisdom/wkrigh.html" "Mozilla/5.0 (iPhone; CPU iPhone OS 15_5 like Mac OS X) AppleWebKit/605.1.15 (KHTML, like Gecko) Version/15.5 Mobile/15E148 Safari/604.1" "ysfine.com"
27.55.75.140 - - [30/Sep/2022:00:36:25 -0700] "GET /maga/phil/sartre11b.jpg HTTP/1.1" 200 57563 "https://ysfine.com/wisdom/wkrigh.html" "Mozilla/5.0 (iPhone; CPU iPhone OS 15_5 like Mac OS X) AppleWebKit/605.1.15 (KHTML, like Gecko) Version/15.5 Mobile/15E148 Safari/604.1" "ysfine.com"
27.55.75.140 - - [30/Sep/2022:00:36:27 -0700] "GET /wisdom/maginot11b.jpg HTTP/1.1" 200 39527 "https://ysfine.com/wisdom/wkrigh.html" "Mozilla/5.0 (iPhone; CPU iPhone OS 15_5 like Mac OS X) AppleWebKit/605.1.15 (KHTML, like Gecko) Version/15.5 Mobile/15E148 Safari/604.1" "ysfine.com"
27.55.75.140 - - [30/Sep/2022:00:36:27 -0700] "GET /wisdom/maginot22b.jpg HTTP/1.1" 200 56068 "https://ysfine.com/wisdom/wkrigh.html" "Mozilla/5.0 (iPhone; CPU iPhone OS 15_5 like Mac OS X) AppleWebKit/605.1.15 (KHTML, like Gecko) Version/15.5 Mobile/15E148 Safari/604.1" "ysfine.com"
27.55.75.140 - - [30/Sep/2022:00:36:28 -0700] "GET /eink/eink61c.jpg HTTP/1.1" 200 34119 "https://ysfine.com/wisdom/wkrigh.html" "Mozilla/5.0 (iPhone; CPU iPhone OS 15_5 like Mac OS X) AppleWebKit/605.1.15 (KHTML, like Gecko) Version/15.5 Mobile/15E148 Safari/604.1" "ysfine.com"
27.55.75.140 - - [30/Sep/2022:00:36:30 -0700] "GET /favicon.ico HTTP/1.1" 404 88 "https://ysfine.com/wisdom/wkbot.html" "Mozilla/5.0 (iPhone; CPU iPhone OS 15_5 like Mac OS X) AppleWebKit/605.1.15 (KHTML, like Gecko) Version/15.5 Mobile/15E148 Safari/604.1" "ysfine.com"
66.249.70.8 - - [30/Sep/2022:00:38:27 -0700] "GET /sbk/1973emba11.jpg HTTP/1.1" 200 121920 "-" "Googlebot-Image/1.0" "www.ysfine.com"
213.207.193.125 - - [30/Sep/2022:00:40:31 -0700] "GET /maga/histo/oscar22.jpg HTTP/1.1" 200 101665 "https://www.google.com/" "Mozilla/5.0 (Windows NT 10.0; Win64; x64; rv:105.0) Gecko/20100101 Firefox/105.0" "ysfine.com"
213.207.193.125 - - [30/Sep/2022:00:40:33 -0700] "GET /maga/histo/desiree21.jpg HTTP/1.1" 200 91829 "https://www.google.com/" "Mozilla/5.0 (Windows NT 10.0; Win64; x64; rv:105.0) Gecko/20100101 Firefox/105.0" "ysfine.com"
157.55.39.58 - - [30/Sep/2022:00:40:37 -0700] "GET /world/ital/termini08.jpg HTTP/1.1" 200 124583 "-" "Mozilla/5.0 (compatible; bingbot/2.0; +http://www.bing.com/bingbot.htm)" "ysfine.com"
157.55.39.127 - - [30/Sep/2022:00:41:37 -0700] "GET /world/germany/nuremf03.jpg HTTP/1.1" 200 123246 "-" "Mozilla/5.0 AppleWebKit/537.36 (KHTML, like Gecko; compatible; bingbot/2.0; +http://www.bing.com/bingbot.htm) Chrome/103.0.5060.134 Safari/537.36" "www.ysfine.com"
157.55.39.58 - - [30/Sep/2022:00:41:48 -0700] "GET /world/france/flore11.jpg HTTP/1.1" 200 141461 "-" "Mozilla/5.0 (compatible; bingbot/2.0; +http://www.bing.com/bingbot.htm)" "ysfine.com"
92.184.96.194 - - [30/Sep/2022:00:41:55 -0700] "GET /maga/phys/schrod31.jpg HTTP/1.1" 200 117115 "https://www.google.com/" "Mozilla/5.0 (Linux; Android 12; SM-G991B Build/SP1A.210812.016; wv) AppleWebKit/537.36 (KHTML, like Gecko) Version/4.0 Chrome/105.0.5195.136 Mobile Safari/537.36 GoogleApp/13.37.10.26.arm64" "ysfine.com"
157.55.39.128 - - [30/Sep/2022:00:41:57 -0700] "GET /world/latina/cancun22.jpg HTTP/1.1" 200 83082 "-" "Mozilla/5.0 AppleWebKit/537.36 (KHTML, like Gecko; compatible; bingbot/2.0; +http://www.bing.com/bingbot.htm) Chrome/103.0.5060.134 Safari/537.36" "ysfine.com"
157.55.39.58 - - [30/Sep/2022:00:42:38 -0700] "GET /world/china/china042b.jpg HTTP/1.1" 200 43611 "-" "Mozilla/5.0 (compatible; bingbot/2.0; +http://www.bing.com/bingbot.htm)" "ysfine.com"
157.55.39.55 - - [30/Sep/2022:00:43:34 -0700] "GET /world/germany/berlinf09.jpg HTTP/1.1" 200 97062 "-" "Mozilla/5.0 (compatible; bingbot/2.0; +http://www.bing.com/bingbot.htm)" "www.ysfine.com"
142.162.185.23 - - [30/Sep/2022:00:44:02 -0700] "GET /feynman/ptoday89.jpg HTTP/1.1" 200 101842 "-" "Mozilla/5.0 (X11; Linux x86_64) AppleWebKit/537.11 (KHTML, like Gecko) Chrome/23.0.1271.64 Safari/537.11" "ysfine.com"
216.244.66.229 - - [30/Sep/2022:00:46:07 -0700] "GET /kobak/namdae.jpg HTTP/1.1" 200 127750 "-" "Mozilla/5.0 (compatible; DotBot/1.2; +https://opensiteexplorer.org/dotbot; help@moz.com)" "www.ysfine.com"
216.244.66.229 - - [30/Sep/2022:00:46:42 -0700] "GET /wigner/euclid.jpg HTTP/1.1" 200 62245 "-" "Mozilla/5.0 (compatible; DotBot/1.2; +https://opensiteexplorer.org/dotbot; help@moz.com)" "www.ysfine.com"
122.161.51.70 - - [30/Sep/2022:00:46:56 -0700] "GET /feynman/feydirac.jpg HTTP/1.1" 200 98378 "https://www.google.com/" "Mozilla/5.0 (Windows NT 10.0; Win64; x64) AppleWebKit/537.36 (KHTML, like Gecko) Chrome/105.0.0.0 Safari/537.36" "ysfine.com"
173.73.80.118 - - [30/Sep/2022:00:47:00 -0700] "GET /home/bio22.html HTTP/1.1" 200 12868 "https://ysfine.com/ys11/" "Mozilla/5.0 (Windows NT 10.0; Win64; x64) AppleWebKit/537.36 (KHTML, like Gecko) Chrome/105.0.0.0 Safari/537.36 Edg/105.0.1343.53" "ysfine.com"
157.55.39.58 - - [30/Sep/2022:00:47:08 -0700] "GET /wigner/second2.jpg HTTP/1.1" 200 64603 "-" "Mozilla/5.0 AppleWebKit/537.36 (KHTML, like Gecko; compatible; bingbot/2.0; +http://www.bing.com/bingbot.htm) Chrome/103.0.5060.134 Safari/537.36" "ysfine.com"
173.73.80.118 - - [30/Sep/2022:00:47:52 -0700] "GET /princeton/yspr.html HTTP/1.1" 200 5439 "https://ysfine.com/home/bio22.html" "Mozilla/5.0 (Windows NT 10.0; Win64; x64) AppleWebKit/537.36 (KHTML, like Gecko) Chrome/105.0.0.0 Safari/537.36 Edg/105.0.1343.53" "ysfine.com"
173.73.80.118 - - [30/Sep/2022:00:47:52 -0700] "GET /einstein/einbohr33c.jpg HTTP/1.1" 200 36410 "https://ysfine.com/princeton/yspr.html" "Mozilla/5.0 (Windows NT 10.0; Win64; x64) AppleWebKit/537.36 (KHTML, like Gecko) Chrome/105.0.0.0 Safari/537.36 Edg/105.0.1343.53" "ysfine.com"
173.73.80.118 - - [30/Sep/2022:00:47:52 -0700] "GET /princeton/yspr61c.jpg HTTP/1.1" 200 27257 "https://ysfine.com/princeton/yspr.html" "Mozilla/5.0 (Windows NT 10.0; Win64; x64) AppleWebKit/537.36 (KHTML, like Gecko) Chrome/105.0.0.0 Safari/537.36 Edg/105.0.1343.53" "ysfine.com"
173.73.80.118 - - [30/Sep/2022:00:47:52 -0700] "GET /princeton/family87c.jpg HTTP/1.1" 200 41065 "https://ysfine.com/princeton/yspr.html" "Mozilla/5.0 (Windows NT 10.0; Win64; x64) AppleWebKit/537.36 (KHTML, like Gecko) Chrome/105.0.0.0 Safari/537.36 Edg/105.0.1343.53" "ysfine.com"
173.73.80.118 - - [30/Sep/2022:00:47:52 -0700] "GET /princeton/einpm300.jpg HTTP/1.1" 200 45605 "https://ysfine.com/princeton/yspr.html" "Mozilla/5.0 (Windows NT 10.0; Win64; x64) AppleWebKit/537.36 (KHTML, like Gecko) Chrome/105.0.0.0 Safari/537.36 Edg/105.0.1343.53" "ysfine.com"
173.73.80.118 - - [30/Sep/2022:00:47:52 -0700] "GET /princeton/rheepr01c.jpg HTTP/1.1" 200 33538 "https://ysfine.com/princeton/yspr.html" "Mozilla/5.0 (Windows NT 10.0; Win64; x64) AppleWebKit/537.36 (KHTML, like Gecko) Chrome/105.0.0.0 Safari/537.36 Edg/105.0.1343.53" "ysfine.com"
173.73.80.118 - - [30/Sep/2022:00:47:52 -0700] "GET /wigner/wigheis11c.jpg HTTP/1.1" 200 41279 "https://ysfine.com/princeton/yspr.html" "Mozilla/5.0 (Windows NT 10.0; Win64; x64) AppleWebKit/537.36 (KHTML, like Gecko) Chrome/105.0.0.0 Safari/537.36 Edg/105.0.1343.53" "ysfine.com"
173.73.80.118 - - [30/Sep/2022:00:47:52 -0700] "GET /princeton/ysrhee33c.jpg HTTP/1.1" 200 26817 "https://ysfine.com/princeton/yspr.html" "Mozilla/5.0 (Windows NT 10.0; Win64; x64) AppleWebKit/537.36 (KHTML, like Gecko) Chrome/105.0.0.0 Safari/537.36 Edg/105.0.1343.53" "ysfine.com"
173.73.80.118 - - [30/Sep/2022:00:47:52 -0700] "GET /eink/eink24c.jpg HTTP/1.1" 200 45060 "https://ysfine.com/princeton/yspr.html" "Mozilla/5.0 (Windows NT 10.0; Win64; x64) AppleWebKit/537.36 (KHTML, like Gecko) Chrome/105.0.0.0 Safari/537.36 Edg/105.0.1343.53" "ysfine.com"
173.73.80.118 - - [30/Sep/2022:00:47:52 -0700] "GET /eink/ewk86a.jpg HTTP/1.1" 200 70895 "https://ysfine.com/princeton/yspr.html" "Mozilla/5.0 (Windows NT 10.0; Win64; x64) AppleWebKit/537.36 (KHTML, like Gecko) Chrome/105.0.0.0 Safari/537.36 Edg/105.0.1343.53" "ysfine.com"
173.73.80.118 - - [30/Sep/2022:00:47:52 -0700] "GET /princeton/feyprince11c.jpg HTTP/1.1" 200 50500 "https://ysfine.com/princeton/yspr.html" "Mozilla/5.0 (Windows NT 10.0; Win64; x64) AppleWebKit/537.36 (KHTML, like Gecko) Chrome/105.0.0.0 Safari/537.36 Edg/105.0.1343.53" "ysfine.com"
173.73.80.118 - - [30/Sep/2022:00:47:52 -0700] "GET /princeton/pawkim19c.jpg HTTP/1.1" 200 58199 "https://ysfine.com/princeton/yspr.html" "Mozilla/5.0 (Windows NT 10.0; Win64; x64) AppleWebKit/537.36 (KHTML, like Gecko) Chrome/105.0.0.0 Safari/537.36 Edg/105.0.1343.53" "ysfine.com"
173.73.80.118 - - [30/Sep/2022:00:47:52 -0700] "GET /eink/further22a.jpg HTTP/1.1" 200 96140 "https://ysfine.com/princeton/yspr.html" "Mozilla/5.0 (Windows NT 10.0; Win64; x64) AppleWebKit/537.36 (KHTML, like Gecko) Chrome/105.0.0.0 Safari/537.36 Edg/105.0.1343.53" "ysfine.com"
216.244.66.229 - - [30/Sep/2022:00:47:55 -0700] "GET /world/baltic/lithu12.jpg HTTP/1.1" 200 104024 "-" "Mozilla/5.0 (compatible; DotBot/1.2; +https://opensiteexplorer.org/dotbot; help@moz.com)" "www.ysfine.com"
114.119.146.94 - - [30/Sep/2022:00:48:15 -0700] "GET /robots.txt HTTP/1.1" 404 88 "-" "Mozilla/5.0 (compatible;PetalBot;+https://webmaster.petalsearch.com/site/petalbot)" "ysfine.com"
216.244.66.229 - - [30/Sep/2022:00:48:26 -0700] "GET /world/baltic/tallin70.jpg HTTP/1.1" 200 125618 "-" "Mozilla/5.0 (compatible; DotBot/1.2; +https://opensiteexplorer.org/dotbot; help@moz.com)" "www.ysfine.com"
173.73.80.118 - - [30/Sep/2022:00:48:30 -0700] "GET /dirac/dirk62.html HTTP/1.1" 200 3930 "https://ysfine.com/home/bio22.html" "Mozilla/5.0 (Windows NT 10.0; Win64; x64) AppleWebKit/537.36 (KHTML, like Gecko) Chrome/105.0.0.0 Safari/537.36 Edg/105.0.1343.53" "ysfine.com"
173.73.80.118 - - [30/Sep/2022:00:48:30 -0700] "GET /dirac/dirwig55d.jpg HTTP/1.1" 200 47442 "https://ysfine.com/dirac/dirk62.html" "Mozilla/5.0 (Windows NT 10.0; Win64; x64) AppleWebKit/537.36 (KHTML, like Gecko) Chrome/105.0.0.0 Safari/537.36 Edg/105.0.1343.53" "ysfine.com"
173.73.80.118 - - [30/Sep/2022:00:48:30 -0700] "GET /dirac/dirk6201.jpg HTTP/1.1" 200 51283 "https://ysfine.com/dirac/dirk62.html" "Mozilla/5.0 (Windows NT 10.0; Win64; x64) AppleWebKit/537.36 (KHTML, like Gecko) Chrome/105.0.0.0 Safari/537.36 Edg/105.0.1343.53" "ysfine.com"
173.73.80.118 - - [30/Sep/2022:00:48:30 -0700] "GET /dirac/coupo02d.jpg HTTP/1.1" 200 49502 "https://ysfine.com/dirac/dirk62.html" "Mozilla/5.0 (Windows NT 10.0; Win64; x64) AppleWebKit/537.36 (KHTML, like Gecko) Chrome/105.0.0.0 Safari/537.36 Edg/105.0.1343.53" "ysfine.com"
173.73.80.118 - - [30/Sep/2022:00:48:30 -0700] "GET /dirac/feydirac450.jpg HTTP/1.1" 200 40491 "https://ysfine.com/dirac/dirk62.html" "Mozilla/5.0 (Windows NT 10.0; Win64; x64) AppleWebKit/537.36 (KHTML, like Gecko) Chrome/105.0.0.0 Safari/537.36 Edg/105.0.1343.53" "ysfine.com"
173.73.80.118 - - [30/Sep/2022:00:48:30 -0700] "GET /dirac/dfkim11d.jpg HTTP/1.1" 200 51242 "https://ysfine.com/dirac/dirk62.html" "Mozilla/5.0 (Windows NT 10.0; Win64; x64) AppleWebKit/537.36 (KHTML, like Gecko) Chrome/105.0.0.0 Safari/537.36 Edg/105.0.1343.53" "ysfine.com"
173.73.80.118 - - [30/Sep/2022:00:48:30 -0700] "GET /dirac/dirk6202f.jpg HTTP/1.1" 200 62459 "https://ysfine.com/dirac/dirk62.html" "Mozilla/5.0 (Windows NT 10.0; Win64; x64) AppleWebKit/537.36 (KHTML, like Gecko) Chrome/105.0.0.0 Safari/537.36 Edg/105.0.1343.53" "ysfine.com"
173.73.80.118 - - [30/Sep/2022:00:48:30 -0700] "GET /dirac/nicodem11d.jpg HTTP/1.1" 200 141167 "https://ysfine.com/dirac/dirk62.html" "Mozilla/5.0 (Windows NT 10.0; Win64; x64) AppleWebKit/537.36 (KHTML, like Gecko) Chrome/105.0.0.0 Safari/537.36 Edg/105.0.1343.53" "ysfine.com"
173.73.80.118 - - [30/Sep/2022:00:48:30 -0700] "GET /dirac/diracqm11f.jpg HTTP/1.1" 200 109178 "https://ysfine.com/dirac/dirk62.html" "Mozilla/5.0 (Windows NT 10.0; Win64; x64) AppleWebKit/537.36 (KHTML, like Gecko) Chrome/105.0.0.0 Safari/537.36 Edg/105.0.1343.53" "ysfine.com"
173.73.80.118 - - [30/Sep/2022:00:48:38 -0700] "GET /yspapers/kno79.pdf HTTP/1.1" 200 176844 "https://ysfine.com/home/bio22.html" "Mozilla/5.0 (Windows NT 10.0; Win64; x64) AppleWebKit/537.36 (KHTML, like Gecko) Chrome/105.0.0.0 Safari/537.36 Edg/105.0.1343.53" "ysfine.com"
207.46.13.102 - - [30/Sep/2022:00:48:42 -0700] "GET /world/poland/degalle11.jpg HTTP/1.1" 200 80284 "-" "Mozilla/5.0 (compatible; bingbot/2.0; +http://www.bing.com/bingbot.htm)" "ysfine.com"
157.55.39.127 - - [30/Sep/2022:00:48:48 -0700] "GET /world/france/champbenz02.jpg HTTP/1.1" 200 92350 "-" "Mozilla/5.0 (compatible; bingbot/2.0; +http://www.bing.com/bingbot.htm)" "ysfine.com"
198.235.24.182 - - [30/Sep/2022:00:49:24 -0700] "GET / HTTP/1.1" 200 15910 "-" "Expanse, a Palo Alto Networks company, searches across the global IPv4 space multiple times per day to identify customers&#39; presences on the Internet. If you would like to be excluded from our scans, please send IP addresses/domains to: scaninfo@paloaltonetworks.com" "ysfine.com"
173.73.80.118 - - [30/Sep/2022:00:49:26 -0700] "GET /favicon.ico HTTP/1.1" 404 88 "https://ysfine.com/style/proschanie.html" "Mozilla/5.0 (Windows NT 10.0; Win64; x64) AppleWebKit/537.36 (KHTML, like Gecko) Chrome/105.0.0.0 Safari/537.36 Edg/105.0.1343.53" "ysfine.com"
173.73.80.118 - - [30/Sep/2022:00:49:30 -0700] "GET /ys11/ HTTP/1.1" 304 - "-" "Mozilla/5.0 (Windows NT 10.0; Win64; x64) AppleWebKit/537.36 (KHTML, like Gecko) Chrome/105.0.0.0 Safari/537.36 Edg/105.0.1343.53" "ysfine.com"
173.73.80.118 - - [30/Sep/2022:00:49:36 -0700] "GET /home/bio22.html HTTP/1.1" 304 - "https://ysfine.com/ys11/" "Mozilla/5.0 (Windows NT 10.0; Win64; x64) AppleWebKit/537.36 (KHTML, like Gecko) Chrome/105.0.0.0 Safari/537.36 Edg/105.0.1343.53" "ysfine.com"
24.68.113.19 - - [30/Sep/2022:00:49:55 -0700] "GET /wigner/neum/pvn05.jpg HTTP/1.1" 200 219501 "https://www.google.com/" "Mozilla/5.0 (Macintosh; Intel Mac OS X 10_15_7) AppleWebKit/537.36 (KHTML, like Gecko) Chrome/105.0.0.0 Safari/537.36" "ysfine.com"
40.77.167.27 - - [30/Sep/2022:00:49:59 -0700] "GET /eink/eink61c.jpg HTTP/1.1" 200 34119 "-" "Mozilla/5.0 (compatible; bingbot/2.0; +http://www.bing.com/bingbot.htm)" "ysfine.com"
173.73.80.118 - - [30/Sep/2022:00:50:26 -0700] "GET /awards/marq/timeline11.jpg HTTP/1.1" 200 279624 "https://ysfine.com/home/bio22.html" "Mozilla/5.0 (Windows NT 10.0; Win64; x64) AppleWebKit/537.36 (KHTML, like Gecko) Chrome/105.0.0.0 Safari/537.36 Edg/105.0.1343.53" "ysfine.com"
173.73.80.118 - - [30/Sep/2022:00:50:31 -0700] "GET /awards/marq/amway21.jpg HTTP/1.1" 200 201972 "https://ysfine.com/home/bio22.html" "Mozilla/5.0 (Windows NT 10.0; Win64; x64) AppleWebKit/537.36 (KHTML, like Gecko) Chrome/105.0.0.0 Safari/537.36 Edg/105.0.1343.53" "ysfine.com"
24.68.113.19 - - [30/Sep/2022:00:50:34 -0700] "GET /wigner/neum/pvn03.jpg HTTP/1.1" 200 83757 "https://www.google.com/" "Mozilla/5.0 (Macintosh; Intel Mac OS X 10_15_7) AppleWebKit/537.36 (KHTML, like Gecko) Chrome/105.0.0.0 Safari/537.36" "ysfine.com"
173.73.80.118 - - [30/Sep/2022:00:50:36 -0700] "GET /awards/hemis21.jpg HTTP/1.1" 200 285117 "https://ysfine.com/home/bio22.html" "Mozilla/5.0 (Windows NT 10.0; Win64; x64) AppleWebKit/537.36 (KHTML, like Gecko) Chrome/105.0.0.0 Safari/537.36 Edg/105.0.1343.53" "ysfine.com"
173.73.80.118 - - [30/Sep/2022:00:50:43 -0700] "GET /awards/index.html HTTP/1.1" 200 9993 "https://ysfine.com/home/bio22.html" "Mozilla/5.0 (Windows NT 10.0; Win64; x64) AppleWebKit/537.36 (KHTML, like Gecko) Chrome/105.0.0.0 Safari/537.36 Edg/105.0.1343.53" "ysfine.com"
173.73.80.118 - - [30/Sep/2022:00:50:43 -0700] "GET /awards/ewk88d.jpg HTTP/1.1" 200 96031 "https://ysfine.com/awards/index.html" "Mozilla/5.0 (Windows NT 10.0; Win64; x64) AppleWebKit/537.36 (KHTML, like Gecko) Chrome/105.0.0.0 Safari/537.36 Edg/105.0.1343.53" "ysfine.com"
173.73.80.118 - - [30/Sep/2022:00:50:43 -0700] "GET /awards/marq/marq22f.jpg HTTP/1.1" 200 142401 "https://ysfine.com/awards/index.html" "Mozilla/5.0 (Windows NT 10.0; Win64; x64) AppleWebKit/537.36 (KHTML, like Gecko) Chrome/105.0.0.0 Safari/537.36 Edg/105.0.1343.53" "ysfine.com"
173.73.80.118 - - [30/Sep/2022:00:50:43 -0700] "GET /awards/acs96f.jpg HTTP/1.1" 200 118636 "https://ysfine.com/awards/index.html" "Mozilla/5.0 (Windows NT 10.0; Win64; x64) AppleWebKit/537.36 (KHTML, like Gecko) Chrome/105.0.0.0 Safari/537.36 Edg/105.0.1343.53" "ysfine.com"
173.73.80.118 - - [30/Sep/2022:00:50:43 -0700] "GET /awards/timeline11f.jpg HTTP/1.1" 200 169039 "https://ysfine.com/awards/index.html" "Mozilla/5.0 (Windows NT 10.0; Win64; x64) AppleWebKit/537.36 (KHTML, like Gecko) Chrome/105.0.0.0 Safari/537.36 Edg/105.0.1343.53" "ysfine.com"
173.73.80.118 - - [30/Sep/2022:00:50:43 -0700] "GET /awards/einbohr25d.jpg HTTP/1.1" 200 49476 "https://ysfine.com/awards/index.html" "Mozilla/5.0 (Windows NT 10.0; Win64; x64) AppleWebKit/537.36 (KHTML, like Gecko) Chrome/105.0.0.0 Safari/537.36 Edg/105.0.1343.53" "ysfine.com"
173.73.80.118 - - [30/Sep/2022:00:50:43 -0700] "GET /awards/timessq11d.jpg HTTP/1.1" 200 105546 "https://ysfine.com/awards/index.html" "Mozilla/5.0 (Windows NT 10.0; Win64; x64) AppleWebKit/537.36 (KHTML, like Gecko) Chrome/105.0.0.0 Safari/537.36 Edg/105.0.1343.53" "ysfine.com"
173.73.80.118 - - [30/Sep/2022:00:50:43 -0700] "GET /awards/eward33f.jpg HTTP/1.1" 200 86617 "https://ysfine.com/awards/index.html" "Mozilla/5.0 (Windows NT 10.0; Win64; x64) AppleWebKit/537.36 (KHTML, like Gecko) Chrome/105.0.0.0 Safari/537.36 Edg/105.0.1343.53" "ysfine.com"
173.73.80.118 - - [30/Sep/2022:00:50:43 -0700] "GET /awards/truck20d.jpg HTTP/1.1" 200 43868 "https://ysfine.com/awards/index.html" "Mozilla/5.0 (Windows NT 10.0; Win64; x64) AppleWebKit/537.36 (KHTML, like Gecko) Chrome/105.0.0.0 Safari/537.36 Edg/105.0.1343.53" "ysfine.com"
173.73.80.118 - - [30/Sep/2022:00:50:43 -0700] "GET /awards/acs55f.jpg HTTP/1.1" 200 83340 "https://ysfine.com/awards/index.html" "Mozilla/5.0 (Windows NT 10.0; Win64; x64) AppleWebKit/537.36 (KHTML, like Gecko) Chrome/105.0.0.0 Safari/537.36 Edg/105.0.1343.53" "ysfine.com"
173.73.80.118 - - [30/Sep/2022:00:50:43 -0700] "GET /awards/marq/hemis21f.jpg HTTP/1.1" 200 180095 "https://ysfine.com/awards/index.html" "Mozilla/5.0 (Windows NT 10.0; Win64; x64) AppleWebKit/537.36 (KHTML, like Gecko) Chrome/105.0.0.0 Safari/537.36 Edg/105.0.1343.53" "ysfine.com"
173.73.80.118 - - [30/Sep/2022:00:50:43 -0700] "GET /awards/wsj21f.jpg HTTP/1.1" 200 172238 "https://ysfine.com/awards/index.html" "Mozilla/5.0 (Windows NT 10.0; Win64; x64) AppleWebKit/537.36 (KHTML, like Gecko) Chrome/105.0.0.0 Safari/537.36 Edg/105.0.1343.53" "ysfine.com"
173.73.80.118 - - [30/Sep/2022:00:50:43 -0700] "GET /awards/fortune21f.jpg HTTP/1.1" 200 234815 "https://ysfine.com/awards/index.html" "Mozilla/5.0 (Windows NT 10.0; Win64; x64) AppleWebKit/537.36 (KHTML, like Gecko) Chrome/105.0.0.0 Safari/537.36 Edg/105.0.1343.53" "ysfine.com"
173.73.80.118 - - [30/Sep/2022:00:50:43 -0700] "GET /home/ysnr11d.jpg HTTP/1.1" 200 61140 "https://ysfine.com/awards/index.html" "Mozilla/5.0 (Windows NT 10.0; Win64; x64) AppleWebKit/537.36 (KHTML, like Gecko) Chrome/105.0.0.0 Safari/537.36 Edg/105.0.1343.53" "ysfine.com"
173.73.80.118 - - [30/Sep/2022:00:50:43 -0700] "GET /awards/bridge22f.jpg HTTP/1.1" 200 98225 "https://ysfine.com/awards/index.html" "Mozilla/5.0 (Windows NT 10.0; Win64; x64) AppleWebKit/537.36 (KHTML, like Gecko) Chrome/105.0.0.0 Safari/537.36 Edg/105.0.1343.53" "ysfine.com"
173.73.80.118 - - [30/Sep/2022:00:50:43 -0700] "GET /awards/whoswho22f.jpg HTTP/1.1" 200 106044 "https://ysfine.com/awards/index.html" "Mozilla/5.0 (Windows NT 10.0; Win64; x64) AppleWebKit/537.36 (KHTML, like Gecko) Chrome/105.0.0.0 Safari/537.36 Edg/105.0.1343.53" "ysfine.com"
173.73.80.118 - - [30/Sep/2022:00:50:43 -0700] "GET /awards/feygell01d.jpg HTTP/1.1" 200 31895 "https://ysfine.com/awards/index.html" "Mozilla/5.0 (Windows NT 10.0; Win64; x64) AppleWebKit/537.36 (KHTML, like Gecko) Chrome/105.0.0.0 Safari/537.36 Edg/105.0.1343.53" "ysfine.com"
173.73.80.118 - - [30/Sep/2022:00:50:43 -0700] "GET /awards/acs20f.jpg HTTP/1.1" 200 145842 "https://ysfine.com/awards/index.html" "Mozilla/5.0 (Windows NT 10.0; Win64; x64) AppleWebKit/537.36 (KHTML, like Gecko) Chrome/105.0.0.0 Safari/537.36 Edg/105.0.1343.53" "ysfine.com"
173.73.80.118 - - [30/Sep/2022:00:50:43 -0700] "GET /awards/top100d.jpg HTTP/1.1" 200 74998 "https://ysfine.com/awards/index.html" "Mozilla/5.0 (Windows NT 10.0; Win64; x64) AppleWebKit/537.36 (KHTML, like Gecko) Chrome/105.0.0.0 Safari/537.36 Edg/105.0.1343.53" "ysfine.com"
173.73.80.118 - - [30/Sep/2022:00:50:43 -0700] "GET /awards/marq/marq10d.jpg HTTP/1.1" 200 77533 "https://ysfine.com/awards/index.html" "Mozilla/5.0 (Windows NT 10.0; Win64; x64) AppleWebKit/537.36 (KHTML, like Gecko) Chrome/105.0.0.0 Safari/537.36 Edg/105.0.1343.53" "ysfine.com"
157.55.39.128 - - [30/Sep/2022:00:50:57 -0700] "GET /world/hungary/buda219.jpg HTTP/1.1" 200 329890 "-" "Mozilla/5.0 (compatible; bingbot/2.0; +http://www.bing.com/bingbot.htm)" "www.ysfine.com"
173.73.80.118 - - [30/Sep/2022:00:51:12 -0700] "GET /home/bio99.html HTTP/1.1" 200 4178 "https://ysfine.com/awards/index.html" "Mozilla/5.0 (Windows NT 10.0; Win64; x64) AppleWebKit/537.36 (KHTML, like Gecko) Chrome/105.0.0.0 Safari/537.36 Edg/105.0.1343.53" "ysfine.com"
173.73.80.118 - - [30/Sep/2022:00:51:12 -0700] "GET /home/ysnr11c.jpg HTTP/1.1" 200 36964 "https://ysfine.com/home/bio99.html" "Mozilla/5.0 (Windows NT 10.0; Win64; x64) AppleWebKit/537.36 (KHTML, like Gecko) Chrome/105.0.0.0 Safari/537.36 Edg/105.0.1343.53" "ysfine.com"
173.73.80.118 - - [30/Sep/2022:00:51:12 -0700] "GET /home/figs/evol77d.jpg HTTP/1.1" 200 66615 "https://ysfine.com/home/bio99.html" "Mozilla/5.0 (Windows NT 10.0; Win64; x64) AppleWebKit/537.36 (KHTML, like Gecko) Chrome/105.0.0.0 Safari/537.36 Edg/105.0.1343.53" "ysfine.com"
173.73.80.118 - - [30/Sep/2022:00:51:12 -0700] "GET /home/fotos/bridge11f.jpg HTTP/1.1" 200 104274 "https://ysfine.com/home/bio99.html" "Mozilla/5.0 (Windows NT 10.0; Win64; x64) AppleWebKit/537.36 (KHTML, like Gecko) Chrome/105.0.0.0 Safari/537.36 Edg/105.0.1343.53" "ysfine.com"
173.73.80.118 - - [30/Sep/2022:00:51:12 -0700] "GET /home/fotos/einbohr11d.jpg HTTP/1.1" 200 63963 "https://ysfine.com/home/bio99.html" "Mozilla/5.0 (Windows NT 10.0; Win64; x64) AppleWebKit/537.36 (KHTML, like Gecko) Chrome/105.0.0.0 Safari/537.36 Edg/105.0.1343.53" "ysfine.com"
173.73.80.118 - - [30/Sep/2022:00:51:12 -0700] "GET /home/figs/pwk450.jpg HTTP/1.1" 200 84171 "https://ysfine.com/home/bio99.html" "Mozilla/5.0 (Windows NT 10.0; Win64; x64) AppleWebKit/537.36 (KHTML, like Gecko) Chrome/105.0.0.0 Safari/537.36 Edg/105.0.1343.53" "ysfine.com"
173.73.80.118 - - [30/Sep/2022:00:51:21 -0700] "GET /home/easy.html HTTP/1.1" 200 7877 "https://ysfine.com/awards/index.html" "Mozilla/5.0 (Windows NT 10.0; Win64; x64) AppleWebKit/537.36 (KHTML, like Gecko) Chrome/105.0.0.0 Safari/537.36 Edg/105.0.1343.53" "ysfine.com"
173.73.80.118 - - [30/Sep/2022:00:51:21 -0700] "GET /einstein/einbike11c.jpg HTTP/1.1" 200 35895 "https://ysfine.com/home/easy.html" "Mozilla/5.0 (Windows NT 10.0; Win64; x64) AppleWebKit/537.36 (KHTML, like Gecko) Chrome/105.0.0.0 Safari/537.36 Edg/105.0.1343.53" "ysfine.com"
173.73.80.118 - - [30/Sep/2022:00:51:21 -0700] "GET /home/eward33a.jpg HTTP/1.1" 200 63372 "https://ysfine.com/home/easy.html" "Mozilla/5.0 (Windows NT 10.0; Win64; x64) AppleWebKit/537.36 (KHTML, like Gecko) Chrome/105.0.0.0 Safari/537.36 Edg/105.0.1343.53" "ysfine.com"
173.73.80.118 - - [30/Sep/2022:00:51:21 -0700] "GET /philo/toyo22a.jpg HTTP/1.1" 200 73179 "https://ysfine.com/home/easy.html" "Mozilla/5.0 (Windows NT 10.0; Win64; x64) AppleWebKit/537.36 (KHTML, like Gecko) Chrome/105.0.0.0 Safari/537.36 Edg/105.0.1343.53" "ysfine.com"
173.73.80.118 - - [30/Sep/2022:00:51:21 -0700] "GET /home/2015c.jpg HTTP/1.1" 200 35971 "https://ysfine.com/home/easy.html" "Mozilla/5.0 (Windows NT 10.0; Win64; x64) AppleWebKit/537.36 (KHTML, like Gecko) Chrome/105.0.0.0 Safari/537.36 Edg/105.0.1343.53" "ysfine.com"
173.73.80.118 - - [30/Sep/2022:00:51:21 -0700] "GET /world/japan/osaka124c.jpg HTTP/1.1" 200 34525 "https://ysfine.com/home/easy.html" "Mozilla/5.0 (Windows NT 10.0; Win64; x64) AppleWebKit/537.36 (KHTML, like Gecko) Chrome/105.0.0.0 Safari/537.36 Edg/105.0.1343.53" "ysfine.com"
173.73.80.118 - - [30/Sep/2022:00:51:21 -0700] "GET /home/kbrain11c.jpg HTTP/1.1" 200 27732 "https://ysfine.com/home/easy.html" "Mozilla/5.0 (Windows NT 10.0; Win64; x64) AppleWebKit/537.36 (KHTML, like Gecko) Chrome/105.0.0.0 Safari/537.36 Edg/105.0.1343.53" "ysfine.com"
173.73.80.118 - - [30/Sep/2022:00:51:21 -0700] "GET /eink/eink54a.jpg HTTP/1.1" 200 79717 "https://ysfine.com/home/easy.html" "Mozilla/5.0 (Windows NT 10.0; Win64; x64) AppleWebKit/537.36 (KHTML, like Gecko) Chrome/105.0.0.0 Safari/537.36 Edg/105.0.1343.53" "ysfine.com"
173.73.80.118 - - [30/Sep/2022:00:51:21 -0700] "GET /home/einbohr21a.jpg HTTP/1.1" 200 46155 "https://ysfine.com/home/easy.html" "Mozilla/5.0 (Windows NT 10.0; Win64; x64) AppleWebKit/537.36 (KHTML, like Gecko) Chrome/105.0.0.0 Safari/537.36 Edg/105.0.1343.53" "ysfine.com"
173.73.80.118 - - [30/Sep/2022:00:51:21 -0700] "GET /home/newtein33a.jpg HTTP/1.1" 200 78077 "https://ysfine.com/home/easy.html" "Mozilla/5.0 (Windows NT 10.0; Win64; x64) AppleWebKit/537.36 (KHTML, like Gecko) Chrome/105.0.0.0 Safari/537.36 Edg/105.0.1343.53" "ysfine.com"
173.73.80.118 - - [30/Sep/2022:00:51:21 -0700] "GET /home/canal77a.jpg HTTP/1.1" 200 42959 "https://ysfine.com/home/easy.html" "Mozilla/5.0 (Windows NT 10.0; Win64; x64) AppleWebKit/537.36 (KHTML, like Gecko) Chrome/105.0.0.0 Safari/537.36 Edg/105.0.1343.53" "ysfine.com"
173.73.80.118 - - [30/Sep/2022:00:51:21 -0700] "GET /einstein/einbohr55a.jpg HTTP/1.1" 200 107592 "https://ysfine.com/home/easy.html" "Mozilla/5.0 (Windows NT 10.0; Win64; x64) AppleWebKit/537.36 (KHTML, like Gecko) Chrome/105.0.0.0 Safari/537.36 Edg/105.0.1343.53" "ysfine.com"
173.73.80.118 - - [30/Sep/2022:00:51:21 -0700] "GET /home/pdugard17a.jpg HTTP/1.1" 200 92844 "https://ysfine.com/home/easy.html" "Mozilla/5.0 (Windows NT 10.0; Win64; x64) AppleWebKit/537.36 (KHTML, like Gecko) Chrome/105.0.0.0 Safari/537.36 Edg/105.0.1343.53" "ysfine.com"
173.73.80.118 - - [30/Sep/2022:00:51:21 -0700] "GET /wigner/isomor77a.jpg HTTP/1.1" 200 53058 "https://ysfine.com/home/easy.html" "Mozilla/5.0 (Windows NT 10.0; Win64; x64) AppleWebKit/537.36 (KHTML, like Gecko) Chrome/105.0.0.0 Safari/537.36 Edg/105.0.1343.53" "ysfine.com"
173.73.80.118 - - [30/Sep/2022:00:51:21 -0700] "GET /home/fotos/wheekim300.jpg HTTP/1.1" 200 42724 "https://ysfine.com/home/easy.html" "Mozilla/5.0 (Windows NT 10.0; Win64; x64) AppleWebKit/537.36 (KHTML, like Gecko) Chrome/105.0.0.0 Safari/537.36 Edg/105.0.1343.53" "ysfine.com"
173.73.80.118 - - [30/Sep/2022:00:51:21 -0700] "GET /kobak/taylor33c.jpg HTTP/1.1" 200 39951 "https://ysfine.com/home/easy.html" "Mozilla/5.0 (Windows NT 10.0; Win64; x64) AppleWebKit/537.36 (KHTML, like Gecko) Chrome/105.0.0.0 Safari/537.36 Edg/105.0.1343.53" "ysfine.com"
173.73.80.118 - - [30/Sep/2022:00:51:21 -0700] "GET /home/truck/truck22a.jpg HTTP/1.1" 200 42431 "https://ysfine.com/home/easy.html" "Mozilla/5.0 (Windows NT 10.0; Win64; x64) AppleWebKit/537.36 (KHTML, like Gecko) Chrome/105.0.0.0 Safari/537.36 Edg/105.0.1343.53" "ysfine.com"
173.73.80.118 - - [30/Sep/2022:00:51:21 -0700] "GET /home/fotos/dirac1939c.jpg HTTP/1.1" 200 55599 "https://ysfine.com/home/easy.html" "Mozilla/5.0 (Windows NT 10.0; Win64; x64) AppleWebKit/537.36 (KHTML, like Gecko) Chrome/105.0.0.0 Safari/537.36 Edg/105.0.1343.53" "ysfine.com"
173.73.80.118 - - [30/Sep/2022:00:51:21 -0700] "GET /home/ewk86a.jpg HTTP/1.1" 200 86008 "https://ysfine.com/home/easy.html" "Mozilla/5.0 (Windows NT 10.0; Win64; x64) AppleWebKit/537.36 (KHTML, like Gecko) Chrome/105.0.0.0 Safari/537.36 Edg/105.0.1343.53" "ysfine.com"
173.73.80.118 - - [30/Sep/2022:00:51:21 -0700] "GET /home/figs/quapar55a.jpg HTTP/1.1" 200 76989 "https://ysfine.com/home/easy.html" "Mozilla/5.0 (Windows NT 10.0; Win64; x64) AppleWebKit/537.36 (KHTML, like Gecko) Chrome/105.0.0.0 Safari/537.36 Edg/105.0.1343.53" "ysfine.com"
173.73.80.118 - - [30/Sep/2022:00:51:21 -0700] "GET /home/truck/truck21a.jpg HTTP/1.1" 200 44628 "https://ysfine.com/home/easy.html" "Mozilla/5.0 (Windows NT 10.0; Win64; x64) AppleWebKit/537.36 (KHTML, like Gecko) Chrome/105.0.0.0 Safari/537.36 Edg/105.0.1343.53" "ysfine.com"
173.73.80.118 - - [30/Sep/2022:00:51:21 -0700] "GET /home/fotos/moso01c.jpg HTTP/1.1" 200 44157 "https://ysfine.com/home/easy.html" "Mozilla/5.0 (Windows NT 10.0; Win64; x64) AppleWebKit/537.36 (KHTML, like Gecko) Chrome/105.0.0.0 Safari/537.36 Edg/105.0.1343.53" "ysfine.com"
173.73.80.118 - - [30/Sep/2022:00:51:21 -0700] "GET /awards/marq/marq22a.jpg HTTP/1.1" 200 89693 "https://ysfine.com/home/easy.html" "Mozilla/5.0 (Windows NT 10.0; Win64; x64) AppleWebKit/537.36 (KHTML, like Gecko) Chrome/105.0.0.0 Safari/537.36 Edg/105.0.1343.53" "ysfine.com"
173.73.80.118 - - [30/Sep/2022:00:51:21 -0700] "GET /home/fotos/moso300.jpg HTTP/1.1" 200 15386 "https://ysfine.com/home/easy.html" "Mozilla/5.0 (Windows NT 10.0; Win64; x64) AppleWebKit/537.36 (KHTML, like Gecko) Chrome/105.0.0.0 Safari/537.36 Edg/105.0.1343.53" "ysfine.com"
173.73.80.118 - - [30/Sep/2022:00:51:21 -0700] "GET /home/figs/evol77a.jpg HTTP/1.1" 200 87556 "https://ysfine.com/home/easy.html" "Mozilla/5.0 (Windows NT 10.0; Win64; x64) AppleWebKit/537.36 (KHTML, like Gecko) Chrome/105.0.0.0 Safari/537.36 Edg/105.0.1343.53" "ysfine.com"
173.73.80.118 - - [30/Sep/2022:00:51:21 -0700] "GET /feynman/ppic/parton33a.jpg HTTP/1.1" 200 68290 "https://ysfine.com/home/easy.html" "Mozilla/5.0 (Windows NT 10.0; Win64; x64) AppleWebKit/537.36 (KHTML, like Gecko) Chrome/105.0.0.0 Safari/537.36 Edg/105.0.1343.53" "ysfine.com"
173.73.80.118 - - [30/Sep/2022:00:51:21 -0700] "GET /maga/phil/hegel10c.jpg HTTP/1.1" 200 591384 "https://ysfine.com/home/easy.html" "Mozilla/5.0 (Windows NT 10.0; Win64; x64) AppleWebKit/537.36 (KHTML, like Gecko) Chrome/105.0.0.0 Safari/537.36 Edg/105.0.1343.53" "ysfine.com"
173.73.80.118 - - [30/Sep/2022:00:51:53 -0700] "GET /awards/fortune21.jpg HTTP/1.1" 200 282757 "https://ysfine.com/awards/index.html" "Mozilla/5.0 (Windows NT 10.0; Win64; x64) AppleWebKit/537.36 (KHTML, like Gecko) Chrome/105.0.0.0 Safari/537.36 Edg/105.0.1343.53" "ysfine.com"
49.7.21.113 - - [30/Sep/2022:00:52:02 -0700] "GET / HTTP/1.1" 200 5283 "-" "Sogou web spider/4.0(+http://www.sogou.com/docs/help/webmasters.htm#07)" "ysfine.com"
173.73.80.118 - - [30/Sep/2022:00:52:04 -0700] "GET /awards/fortune22r.jpg HTTP/1.1" 200 279167 "https://ysfine.com/awards/index.html" "Mozilla/5.0 (Windows NT 10.0; Win64; x64) AppleWebKit/537.36 (KHTML, like Gecko) Chrome/105.0.0.0 Safari/537.36 Edg/105.0.1343.53" "ysfine.com"
54.36.148.148 - - [30/Sep/2022:00:52:31 -0700] "GET /robots.txt HTTP/1.1" 404 88 "-" "Mozilla/5.0 (compatible; AhrefsBot/7.0; +http://ahrefs.com/robot/)" "ysfine.com"
5.189.39.20 - - [30/Sep/2022:00:52:40 -0700] "GET /world/poland/sienkiew07.jpg HTTP/1.1" 200 173287 "https://www.bing.com/" "Mozilla/5.0 (Windows NT 10.0; Win64; x64) AppleWebKit/537.36 (KHTML, like Gecko) Chrome/105.0.0.0 Safari/537.36 Edg/105.0.1343.53" "www.ysfine.com"
40.77.167.27 - - [30/Sep/2022:00:53:09 -0700] "GET /wdc/ep73.jpg HTTP/1.1" 200 79089 "-" "Mozilla/5.0 (compatible; bingbot/2.0; +http://www.bing.com/bingbot.htm)" "ysfine.com"
207.46.13.102 - - [30/Sep/2022:00:54:42 -0700] "GET /dirac/dirpoet.html HTTP/1.1" 304 - "-" "Mozilla/5.0 (compatible; bingbot/2.0; +http://www.bing.com/bingbot.htm)" "www.ysfine.com"
157.55.39.55 - - [30/Sep/2022:00:55:06 -0700] "GET /world/latina/guada33.jpg HTTP/1.1" 200 116149 "-" "Mozilla/5.0 (compatible; bingbot/2.0; +http://www.bing.com/bingbot.htm)" "www.ysfine.com"
64.71.166.37 - - [30/Sep/2022:00:55:23 -0700] "GET /princeton/gcollege22.jpg HTTP/1.1" 200 75914 "http://www.jplay.eu/" "Mozilla/5.0 (X11; Linux x86_64) AppleWebKit/537.36 (KHTML, like Gecko) Chrome/104.0.5112.79 Safari/537.36" "ysfine.com"
207.46.13.102 - - [30/Sep/2022:00:55:42 -0700] "GET /wdc/whouse02.jpg HTTP/1.1" 200 65447 "-" "Mozilla/5.0 (compatible; bingbot/2.0; +http://www.bing.com/bingbot.htm)" "www.ysfine.com"
40.77.167.27 - - [30/Sep/2022:00:56:30 -0700] "GET /feynman/fc3.jpg HTTP/1.1" 200 89365 "-" "Mozilla/5.0 (compatible; bingbot/2.0; +http://www.bing.com/bingbot.htm)" "www.ysfine.com"
157.55.39.128 - - [30/Sep/2022:00:56:38 -0700] "GET /world/germany/nuremf02.jpg HTTP/1.1" 200 129985 "-" "Mozilla/5.0 (compatible; bingbot/2.0; +http://www.bing.com/bingbot.htm)" "www.ysfine.com"
173.73.80.118 - - [30/Sep/2022:00:57:23 -0700] "GET /home/bio22 HTTP/1.1" 200 12868 "-" "Mozilla/5.0 (Windows NT 10.0; Win64; x64) AppleWebKit/537.36 (KHTML, like Gecko) Chrome/105.0.0.0 Safari/537.36" "ysfine.com"
157.55.39.127 - - [30/Sep/2022:00:57:59 -0700] "GET /world/russ/kazan056.jpg HTTP/1.1" 200 149705 "-" "Mozilla/5.0 (compatible; bingbot/2.0; +http://www.bing.com/bingbot.htm)" "ysfine.com"
157.55.39.128 - - [30/Sep/2022:00:58:48 -0700] "GET /world/russ/moschurch35.jpg HTTP/1.1" 200 128919 "-" "Mozilla/5.0 (compatible; bingbot/2.0; +http://www.bing.com/bingbot.htm)" "ysfine.com"
207.46.13.102 - - [30/Sep/2022:00:59:33 -0700] "GET /world/germany/aachen11b.jpg HTTP/1.1" 200 44242 "-" "Mozilla/5.0 (compatible; bingbot/2.0; +http://www.bing.com/bingbot.htm)" "ysfine.com"
173.73.80.118 - - [30/Sep/2022:00:59:41 -0700] "GET /home/bio22 HTTP/1.1" 200 12868 "-" "Mozilla/5.0 (Windows NT 10.0; Win64; x64) AppleWebKit/537.36 (KHTML, like Gecko) Chrome/105.0.0.0 Safari/537.36 Edg/105.0.1343.53" "ysfine.com"
173.73.80.118 - - [30/Sep/2022:01:00:19 -0700] "GET /home/bio22 HTTP/1.1" 200 12874 "-" "Mozilla/5.0 (Windows NT 10.0; Win64; x64) AppleWebKit/537.36 (KHTML, like Gecko) Chrome/105.0.0.0 Safari/537.36 Edg/105.0.1343.53" "ysfine.com"
157.55.39.58 - - [30/Sep/2022:01:01:31 -0700] "GET /wdc/gtown08.jpg HTTP/1.1" 200 101216 "-" "Mozilla/5.0 (compatible; bingbot/2.0; +http://www.bing.com/bingbot.htm)" "ysfine.com"
173.73.80.118 - - [30/Sep/2022:01:01:35 -0700] "GET /home/bio22 HTTP/1.1" 200 12870 "-" "Mozilla/5.0 (Windows NT 10.0; Win64; x64) AppleWebKit/537.36 (KHTML, like Gecko) Chrome/105.0.0.0 Safari/537.36 Edg/105.0.1343.53" "ysfine.com"
173.73.80.118 - - [30/Sep/2022:01:02:19 -0700] "GET /home/bio22 HTTP/1.1" 200 12870 "-" "Mozilla/5.0 (Windows NT 10.0; Win64; x64) AppleWebKit/537.36 (KHTML, like Gecko) Chrome/105.0.0.0 Safari/537.36" "ysfine.com"
173.73.80.118 - - [30/Sep/2022:01:02:35 -0700] "GET /home/bio33 HTTP/1.1" 200 10365 "-" "Mozilla/5.0 (Windows NT 10.0; Win64; x64) AppleWebKit/537.36 (KHTML, like Gecko) Chrome/105.0.0.0 Safari/537.36" "ysfine.com"
173.73.80.118 - - [30/Sep/2022:01:02:35 -0700] "GET /home/family18d.jpg HTTP/1.1" 304 - "https://ysfine.com/home/bio33" "Mozilla/5.0 (Windows NT 10.0; Win64; x64) AppleWebKit/537.36 (KHTML, like Gecko) Chrome/105.0.0.0 Safari/537.36" "ysfine.com"
173.73.80.118 - - [30/Sep/2022:01:02:35 -0700] "GET /home/hyperell33c.jpg HTTP/1.1" 200 36655 "https://ysfine.com/home/bio33" "Mozilla/5.0 (Windows NT 10.0; Win64; x64) AppleWebKit/537.36 (KHTML, like Gecko) Chrome/105.0.0.0 Safari/537.36" "ysfine.com"
173.73.80.118 - - [30/Sep/2022:01:02:35 -0700] "GET /home/fotos/kennedy60d.jpg HTTP/1.1" 200 57844 "https://ysfine.com/home/bio33" "Mozilla/5.0 (Windows NT 10.0; Win64; x64) AppleWebKit/537.36 (KHTML, like Gecko) Chrome/105.0.0.0 Safari/537.36" "ysfine.com"
173.73.80.118 - - [30/Sep/2022:01:02:35 -0700] "GET /home/ys54d.jpg HTTP/1.1" 200 39561 "https://ysfine.com/home/bio33" "Mozilla/5.0 (Windows NT 10.0; Win64; x64) AppleWebKit/537.36 (KHTML, like Gecko) Chrome/105.0.0.0 Safari/537.36" "ysfine.com"
173.73.80.118 - - [30/Sep/2022:01:02:35 -0700] "GET /home/fotos/stephens11d.jpg HTTP/1.1" 200 55455 "https://ysfine.com/home/bio33" "Mozilla/5.0 (Windows NT 10.0; Win64; x64) AppleWebKit/537.36 (KHTML, like Gecko) Chrome/105.0.0.0 Safari/537.36" "ysfine.com"
173.73.80.118 - - [30/Sep/2022:01:02:35 -0700] "GET /home/kbrain11a.jpg HTTP/1.1" 200 46007 "https://ysfine.com/home/bio33" "Mozilla/5.0 (Windows NT 10.0; Win64; x64) AppleWebKit/537.36 (KHTML, like Gecko) Chrome/105.0.0.0 Safari/537.36" "ysfine.com"
173.73.80.118 - - [30/Sep/2022:01:02:35 -0700] "GET /home/wigner62c.jpg HTTP/1.1" 200 41727 "https://ysfine.com/home/bio33" "Mozilla/5.0 (Windows NT 10.0; Win64; x64) AppleWebKit/537.36 (KHTML, like Gecko) Chrome/105.0.0.0 Safari/537.36" "ysfine.com"
173.73.80.118 - - [30/Sep/2022:01:02:35 -0700] "GET /home/fotos/seoul50f.jpg HTTP/1.1" 200 127542 "https://ysfine.com/home/bio33" "Mozilla/5.0 (Windows NT 10.0; Win64; x64) AppleWebKit/537.36 (KHTML, like Gecko) Chrome/105.0.0.0 Safari/537.36" "ysfine.com"
173.73.80.118 - - [30/Sep/2022:01:02:35 -0700] "GET /wisdom/korart03b.jpg HTTP/1.1" 200 70101 "https://ysfine.com/home/bio33" "Mozilla/5.0 (Windows NT 10.0; Win64; x64) AppleWebKit/537.36 (KHTML, like Gecko) Chrome/105.0.0.0 Safari/537.36" "ysfine.com"
173.73.80.118 - - [30/Sep/2022:01:02:35 -0700] "GET /home/fotos/photo00d.jpg HTTP/1.1" 200 72203 "https://ysfine.com/home/bio33" "Mozilla/5.0 (Windows NT 10.0; Win64; x64) AppleWebKit/537.36 (KHTML, like Gecko) Chrome/105.0.0.0 Safari/537.36" "ysfine.com"
173.73.80.118 - - [30/Sep/2022:01:02:35 -0700] "GET /home/fotos/chuseok11d.jpg HTTP/1.1" 200 70205 "https://ysfine.com/home/bio33" "Mozilla/5.0 (Windows NT 10.0; Win64; x64) AppleWebKit/537.36 (KHTML, like Gecko) Chrome/105.0.0.0 Safari/537.36" "ysfine.com"
173.73.80.118 - - [30/Sep/2022:01:02:35 -0700] "GET /home/fotos/beetho33d.jpg HTTP/1.1" 200 60567 "https://ysfine.com/home/bio33" "Mozilla/5.0 (Windows NT 10.0; Win64; x64) AppleWebKit/537.36 (KHTML, like Gecko) Chrome/105.0.0.0 Safari/537.36" "ysfine.com"
157.55.39.128 - - [30/Sep/2022:01:02:38 -0700] "GET /dirac/hyperell01.jpg HTTP/1.1" 200 42675 "-" "Mozilla/5.0 (compatible; bingbot/2.0; +http://www.bing.com/bingbot.htm)" "ysfine.com"
157.55.39.128 - - [30/Sep/2022:01:02:39 -0700] "GET /wdc/gtown24.jpg HTTP/1.1" 200 88013 "-" "Mozilla/5.0 (compatible; bingbot/2.0; +http://www.bing.com/bingbot.htm)" "ysfine.com"
207.46.13.102 - - [30/Sep/2022:01:03:03 -0700] "GET /world/ital/panth08.jpg HTTP/1.1" 200 95554 "-" "Mozilla/5.0 AppleWebKit/537.36 (KHTML, like Gecko; compatible; bingbot/2.0; +http://www.bing.com/bingbot.htm) Chrome/103.0.5060.134 Safari/537.36" "ysfine.com"
142.255.87.112 - - [30/Sep/2022:01:03:26 -0700] "GET /wigner/little.html HTTP/1.1" 200 3088 "https://www.google.com/" "Mozilla/5.0 (Windows NT 10.0; Win64; x64) AppleWebKit/537.36 (KHTML, like Gecko) Chrome/103.0.0.0 Safari/537.36" "ysfine.com"
142.255.87.112 - - [30/Sep/2022:01:03:26 -0700] "GET /einstein/newton55b.jpg HTTP/1.1" 200 20261 "https://ysfine.com/wigner/little.html" "Mozilla/5.0 (Windows NT 10.0; Win64; x64) AppleWebKit/537.36 (KHTML, like Gecko) Chrome/103.0.0.0 Safari/537.36" "ysfine.com"
142.255.87.112 - - [30/Sep/2022:01:03:26 -0700] "GET /einstein/newtein11a.jpg HTTP/1.1" 200 58594 "https://ysfine.com/wigner/little.html" "Mozilla/5.0 (Windows NT 10.0; Win64; x64) AppleWebKit/537.36 (KHTML, like Gecko) Chrome/103.0.0.0 Safari/537.36" "ysfine.com"
142.255.87.112 - - [30/Sep/2022:01:03:26 -0700] "GET /einstein/newtwig11a.jpg HTTP/1.1" 200 62939 "https://ysfine.com/wigner/little.html" "Mozilla/5.0 (Windows NT 10.0; Win64; x64) AppleWebKit/537.36 (KHTML, like Gecko) Chrome/103.0.0.0 Safari/537.36" "ysfine.com"
142.255.87.112 - - [30/Sep/2022:01:03:26 -0700] "GET /wigner/isomor33b.jpg HTTP/1.1" 200 42438 "https://ysfine.com/wigner/little.html" "Mozilla/5.0 (Windows NT 10.0; Win64; x64) AppleWebKit/537.36 (KHTML, like Gecko) Chrome/103.0.0.0 Safari/537.36" "ysfine.com"
142.255.87.112 - - [30/Sep/2022:01:03:26 -0700] "GET /wigner/isomor66b.jpg HTTP/1.1" 200 60963 "https://ysfine.com/wigner/little.html" "Mozilla/5.0 (Windows NT 10.0; Win64; x64) AppleWebKit/537.36 (KHTML, like Gecko) Chrome/103.0.0.0 Safari/537.36" "ysfine.com"
142.255.87.112 - - [30/Sep/2022:01:03:26 -0700] "GET /wigner/gim/gimn63b.jpg HTTP/1.1" 200 31560 "https://ysfine.com/wigner/little.html" "Mozilla/5.0 (Windows NT 10.0; Win64; x64) AppleWebKit/537.36 (KHTML, like Gecko) Chrome/103.0.0.0 Safari/537.36" "ysfine.com"
142.255.87.112 - - [30/Sep/2022:01:03:27 -0700] "GET /wigner/wigein11a.jpg HTTP/1.1" 200 58036 "https://ysfine.com/wigner/little.html" "Mozilla/5.0 (Windows NT 10.0; Win64; x64) AppleWebKit/537.36 (KHTML, like Gecko) Chrome/103.0.0.0 Safari/537.36" "ysfine.com"
207.46.13.102 - - [30/Sep/2022:01:03:34 -0700] "GET /world/ital/tdlee01b.jpg HTTP/1.1" 200 37170 "-" "Mozilla/5.0 (compatible; bingbot/2.0; +http://www.bing.com/bingbot.htm)" "ysfine.com"
173.73.80.118 - - [30/Sep/2022:01:04:27 -0700] "GET /heisen/einheisen22.html HTTP/1.1" 200 4707 "https://ysfine.com/home/bio33" "Mozilla/5.0 (Windows NT 10.0; Win64; x64) AppleWebKit/537.36 (KHTML, like Gecko) Chrome/105.0.0.0 Safari/537.36" "ysfine.com"
173.73.80.118 - - [30/Sep/2022:01:04:28 -0700] "GET /eink/eink61c.jpg HTTP/1.1" 304 - "https://ysfine.com/heisen/einheisen22.html" "Mozilla/5.0 (Windows NT 10.0; Win64; x64) AppleWebKit/537.36 (KHTML, like Gecko) Chrome/105.0.0.0 Safari/537.36" "ysfine.com"
173.73.80.118 - - [30/Sep/2022:01:04:28 -0700] "GET /dirac/dirheisen31c.jpg HTTP/1.1" 200 43569 "https://ysfine.com/heisen/einheisen22.html" "Mozilla/5.0 (Windows NT 10.0; Win64; x64) AppleWebKit/537.36 (KHTML, like Gecko) Chrome/105.0.0.0 Safari/537.36" "ysfine.com"
173.73.80.118 - - [30/Sep/2022:01:04:28 -0700] "GET /wigner/wigheis11c.jpg HTTP/1.1" 200 41279 "https://ysfine.com/heisen/einheisen22.html" "Mozilla/5.0 (Windows NT 10.0; Win64; x64) AppleWebKit/537.36 (KHTML, like Gecko) Chrome/105.0.0.0 Safari/537.36" "ysfine.com"
173.73.80.118 - - [30/Sep/2022:01:04:28 -0700] "GET /einstein/einhouse11c.jpg HTTP/1.1" 200 32610 "https://ysfine.com/heisen/einheisen22.html" "Mozilla/5.0 (Windows NT 10.0; Win64; x64) AppleWebKit/537.36 (KHTML, like Gecko) Chrome/105.0.0.0 Safari/537.36" "ysfine.com"
173.73.80.118 - - [30/Sep/2022:01:04:28 -0700] "GET /heisen/math/sp2c.jpg HTTP/1.1" 200 30418 "https://ysfine.com/heisen/einheisen22.html" "Mozilla/5.0 (Windows NT 10.0; Win64; x64) AppleWebKit/537.36 (KHTML, like Gecko) Chrome/105.0.0.0 Safari/537.36" "ysfine.com"
157.55.39.128 - - [30/Sep/2022:01:04:39 -0700] "GET /world/russ/kazan056.jpg HTTP/1.1" 200 149705 "-" "Mozilla/5.0 (compatible; bingbot/2.0; +http://www.bing.com/bingbot.htm)" "www.ysfine.com"
194.166.139.66 - - [30/Sep/2022:01:05:06 -0700] "GET /world/france/arusas01.jpg HTTP/1.1" 200 364636 "https://www.google.com/" "Mozilla/5.0 (Windows NT 10.0; Win64; x64) AppleWebKit/537.36 (KHTML, like Gecko) Chrome/106.0.0.0 Safari/537.36" "ysfine.com"
51.104.180.53 - - [30/Sep/2022:01:05:13 -0700] "GET /dirac/hwk58.jpg HTTP/1.1" 200 72870 "-" "DuckDuckBot/1.1; (+http://duckduckgo.com/duckduckbot.html)" "www.ysfine.com"
157.55.39.55 - - [30/Sep/2022:01:06:06 -0700] "GET /world/poland/palaceof03.jpg HTTP/1.1" 200 123260 "-" "Mozilla/5.0 (compatible; bingbot/2.0; +http://www.bing.com/bingbot.htm)" "www.ysfine.com"
207.46.13.102 - - [30/Sep/2022:01:06:53 -0700] "GET /wigner/wigein11c.jpg HTTP/1.1" 200 25010 "-" "Mozilla/5.0 (compatible; bingbot/2.0; +http://www.bing.com/bingbot.htm)" "www.ysfine.com"
40.77.167.27 - - [30/Sep/2022:01:07:10 -0700] "GET /wdc/gtown23b.jpg HTTP/1.1" 200 37749 "-" "Mozilla/5.0 (compatible; bingbot/2.0; +http://www.bing.com/bingbot.htm)" "www.ysfine.com"
207.46.13.102 - - [30/Sep/2022:01:07:34 -0700] "GET /style/musee/arles08.jpg HTTP/1.1" 200 95208 "-" "Mozilla/5.0 AppleWebKit/537.36 (KHTML, like Gecko; compatible; bingbot/2.0; +http://www.bing.com/bingbot.htm) Chrome/103.0.5060.134 Safari/537.36" "ysfine.com"
173.73.80.118 - - [30/Sep/2022:01:07:37 -0700] "GET /home/bio33 HTTP/1.1" 200 10365 "-" "Mozilla/5.0 (Windows NT 10.0; Win64; x64) AppleWebKit/537.36 (KHTML, like Gecko) Chrome/105.0.0.0 Safari/537.36 Edg/105.0.1343.53" "ysfine.com"
