77.88.5.46 - - [29/Sep/2022:21:00:05 -0700] "GET /usca/pitt/gonew2.jpg HTTP/1.1" 200 50575 "-" "Mozilla/5.0 (compatible; YandexImages/3.0; +http://yandex.com/bots)" "www.ysfine.com"
66.249.70.4 - - [29/Sep/2022:21:01:20 -0700] "GET /home/fotos/103c.jpg HTTP/1.1" 304 - "-" "Googlebot-Image/1.0" "ysfine.com"
157.55.39.128 - - [29/Sep/2022:21:01:35 -0700] "GET /class54/tallm06b.jpg HTTP/1.1" 200 55344 "-" "Mozilla/5.0 (compatible; bingbot/2.0; +http://www.bing.com/bingbot.htm)" "ysfine.com"
157.55.39.58 - - [29/Sep/2022:21:01:47 -0700] "GET /world/israel/tlvf18.jpg HTTP/1.1" 200 189865 "-" "Mozilla/5.0 (compatible; bingbot/2.0; +http://www.bing.com/bingbot.htm)" "ysfine.com"
77.88.5.245 - - [29/Sep/2022:21:02:52 -0700] "GET /yspapers/keigel.pdf HTTP/1.1" 200 2048226 "-" "Mozilla/5.0 (compatible; YandexBot/3.0; +http://yandex.com/bots)" "www.ysfine.com"
185.191.171.23 - - [29/Sep/2022:21:03:09 -0700] "GET /robots.txt HTTP/1.1" 404 88 "-" "Mozilla/5.0 (compatible; SemrushBot/7~bl; +http://www.semrush.com/bot.html)" "www.ysfine.com"
66.81.185.154 - - [29/Sep/2022:21:03:14 -0700] "GET /wigner/neum/pvn03.jpg HTTP/1.1" 200 83757 "https://www.google.com/" "Mozilla/5.0 (Linux; Android 12; SM-A226B) AppleWebKit/537.36 (KHTML, like Gecko) Chrome/105.0.0.0 Mobile Safari/537.36" "ysfine.com"
66.81.185.154 - - [29/Sep/2022:21:03:21 -0700] "GET /wigner/neum/vnc03.jpg HTTP/1.1" 200 80421 "https://www.google.com/" "Mozilla/5.0 (Linux; Android 12; SM-A226B) AppleWebKit/537.36 (KHTML, like Gecko) Chrome/105.0.0.0 Mobile Safari/537.36" "ysfine.com"
222.252.21.74 - - [29/Sep/2022:21:03:43 -0700] "GET /wigner/supper650.jpg HTTP/1.1" 200 60839 "https://www.google.com/" "Mozilla/5.0 (Windows NT 10.0; Win64; x64) AppleWebKit/537.36 (KHTML, like Gecko) Chrome/105.0.0.0 Safari/537.36" "ysfine.com"
157.55.39.127 - - [29/Sep/2022:21:03:46 -0700] "GET /world/france/sorbonne20.jpg HTTP/1.1" 200 67718 "-" "Mozilla/5.0 (compatible; bingbot/2.0; +http://www.bing.com/bingbot.htm)" "ysfine.com"
76.226.164.5 - - [29/Sep/2022:21:03:50 -0700] "GET /maga/invent/marconi01.jpg HTTP/1.1" 200 79311 "https://www.google.com/" "Mozilla/5.0 (X11; CrOS x86_64 14695.128.0) AppleWebKit/537.36 (KHTML, like Gecko) Chrome/102.0.0.0 Safari/537.36" "ysfine.com"
3.93.40.91 - - [29/Sep/2022:21:05:00 -0700] "GET /kobak/index.html HTTP/1.1" 200 130 "-" "Mozilla/5.0 (Macintosh; Intel Mac OS X 10_10_4) AppleWebKit/600.7.12 (KHTML, like Gecko) Version/8.0.7 Safari/600.7.12" "ysfine.com"
77.88.5.46 - - [29/Sep/2022:21:05:34 -0700] "GET /home/marquis/fortune22.jpg\" HTTP/1.1" 404 88 "-" "Mozilla/5.0 (compatible; YandexBot/3.0; +http://yandex.com/bots)" "www.ysfine.com"
157.55.39.127 - - [29/Sep/2022:21:05:47 -0700] "GET /world/baltic/kalinamber02.jpg HTTP/1.1" 200 40685 "-" "Mozilla/5.0 (compatible; bingbot/2.0; +http://www.bing.com/bingbot.htm)" "ysfine.com"
157.55.39.55 - - [29/Sep/2022:21:07:04 -0700] "GET /world/brit/harrow09.jpg HTTP/1.1" 200 101406 "-" "Mozilla/5.0 AppleWebKit/537.36 (KHTML, like Gecko; compatible; bingbot/2.0; +http://www.bing.com/bingbot.htm) Chrome/103.0.5060.134 Safari/537.36" "ysfine.com"
157.55.39.128 - - [29/Sep/2022:21:07:06 -0700] "GET /world/china/shanghai004.jpg HTTP/1.1" 200 366748 "-" "Mozilla/5.0 (compatible; bingbot/2.0; +http://www.bing.com/bingbot.htm)" "www.ysfine.com"
157.55.39.127 - - [29/Sep/2022:21:08:07 -0700] "GET /world/poland/polnobel01b.jpg HTTP/1.1" 200 42634 "-" "Mozilla/5.0 AppleWebKit/537.36 (KHTML, like Gecko; compatible; bingbot/2.0; +http://www.bing.com/bingbot.htm) Chrome/103.0.5060.134 Safari/537.36" "ysfine.com"
157.55.39.58 - - [29/Sep/2022:21:08:17 -0700] "GET /world/germany/berlin020.jpg HTTP/1.1" 200 80879 "-" "Mozilla/5.0 (compatible; bingbot/2.0; +http://www.bing.com/bingbot.htm)" "www.ysfine.com"
157.55.39.55 - - [29/Sep/2022:21:08:43 -0700] "GET /style/jpsingap01b.jpg HTTP/1.1" 200 52443 "-" "Mozilla/5.0 (compatible; bingbot/2.0; +http://www.bing.com/bingbot.htm)" "ysfine.com"
66.249.84.49 - - [29/Sep/2022:21:08:58 -0700] "GET /kobak/sl628.jpg HTTP/1.1" 200 225100 "-" "Mozilla/5.0 (Windows NT 5.1; rv:11.0) Gecko Firefox/11.0 (via ggpht.com GoogleImageProxy)" "ysfine.com"
68.234.232.22 - - [29/Sep/2022:21:09:29 -0700] "GET /maga/hegel.html HTTP/1.1" 200 4700 "https://www.google.com/" "Mozilla/5.0 (Macintosh; Intel Mac OS X 10_15_7) AppleWebKit/537.36 (KHTML, like Gecko) Chrome/103.0.0.0 Safari/537.36" "ysfine.com"
68.234.232.22 - - [29/Sep/2022:21:09:29 -0700] "GET /world/germany/hegel03b.jpg HTTP/1.1" 200 61436 "https://ysfine.com/maga/hegel.html" "Mozilla/5.0 (Macintosh; Intel Mac OS X 10_15_7) AppleWebKit/537.36 (KHTML, like Gecko) Chrome/103.0.0.0 Safari/537.36" "ysfine.com"
68.234.232.22 - - [29/Sep/2022:21:09:29 -0700] "GET /maga/phys/maxwell02b.jpg HTTP/1.1" 200 43279 "https://ysfine.com/maga/hegel.html" "Mozilla/5.0 (Macintosh; Intel Mac OS X 10_15_7) AppleWebKit/537.36 (KHTML, like Gecko) Chrome/103.0.0.0 Safari/537.36" "ysfine.com"
68.234.232.22 - - [29/Sep/2022:21:09:29 -0700] "GET /einstein/eins47b.jpg HTTP/1.1" 200 48772 "https://ysfine.com/maga/hegel.html" "Mozilla/5.0 (Macintosh; Intel Mac OS X 10_15_7) AppleWebKit/537.36 (KHTML, like Gecko) Chrome/103.0.0.0 Safari/537.36" "ysfine.com"
68.234.232.22 - - [29/Sep/2022:21:09:29 -0700] "GET /people/sbtwein2.jpg HTTP/1.1" 200 30398 "https://ysfine.com/maga/hegel.html" "Mozilla/5.0 (Macintosh; Intel Mac OS X 10_15_7) AppleWebKit/537.36 (KHTML, like Gecko) Chrome/103.0.0.0 Safari/537.36" "ysfine.com"
68.234.232.22 - - [29/Sep/2022:21:09:29 -0700] "GET /feynman/feyn86b.jpg HTTP/1.1" 200 26190 "https://ysfine.com/maga/hegel.html" "Mozilla/5.0 (Macintosh; Intel Mac OS X 10_15_7) AppleWebKit/537.36 (KHTML, like Gecko) Chrome/103.0.0.0 Safari/537.36" "ysfine.com"
68.234.232.22 - - [29/Sep/2022:21:09:29 -0700] "GET /home/comet01b.jpg HTTP/1.1" 200 53465 "https://ysfine.com/maga/hegel.html" "Mozilla/5.0 (Macintosh; Intel Mac OS X 10_15_7) AppleWebKit/537.36 (KHTML, like Gecko) Chrome/103.0.0.0 Safari/537.36" "ysfine.com"
68.234.232.22 - - [29/Sep/2022:21:09:29 -0700] "GET /eink/eink61b.jpg HTTP/1.1" 200 28018 "https://ysfine.com/maga/hegel.html" "Mozilla/5.0 (Macintosh; Intel Mac OS X 10_15_7) AppleWebKit/537.36 (KHTML, like Gecko) Chrome/103.0.0.0 Safari/537.36" "ysfine.com"
68.234.232.22 - - [29/Sep/2022:21:09:29 -0700] "GET /world/germany/hegel04b.jpg HTTP/1.1" 200 45635 "https://ysfine.com/maga/hegel.html" "Mozilla/5.0 (Macintosh; Intel Mac OS X 10_15_7) AppleWebKit/537.36 (KHTML, like Gecko) Chrome/103.0.0.0 Safari/537.36" "ysfine.com"
68.234.232.22 - - [29/Sep/2022:21:09:29 -0700] "GET /world/germany/hegel01b.jpg HTTP/1.1" 200 31600 "https://ysfine.com/maga/hegel.html" "Mozilla/5.0 (Macintosh; Intel Mac OS X 10_15_7) AppleWebKit/537.36 (KHTML, like Gecko) Chrome/103.0.0.0 Safari/537.36" "ysfine.com"
68.234.232.22 - - [29/Sep/2022:21:09:29 -0700] "GET /world/germany/hegel21b.jpg HTTP/1.1" 200 52348 "https://ysfine.com/maga/hegel.html" "Mozilla/5.0 (Macintosh; Intel Mac OS X 10_15_7) AppleWebKit/537.36 (KHTML, like Gecko) Chrome/103.0.0.0 Safari/537.36" "ysfine.com"
68.234.232.22 - - [29/Sep/2022:21:09:29 -0700] "GET /world/germany/hegel09b.jpg HTTP/1.1" 200 46010 "https://ysfine.com/maga/hegel.html" "Mozilla/5.0 (Macintosh; Intel Mac OS X 10_15_7) AppleWebKit/537.36 (KHTML, like Gecko) Chrome/103.0.0.0 Safari/537.36" "ysfine.com"
68.234.232.22 - - [29/Sep/2022:21:09:31 -0700] "GET /favicon.ico HTTP/1.1" 404 88 "https://ysfine.com/maga/hegel.html" "Mozilla/5.0 (Macintosh; Intel Mac OS X 10_15_7) AppleWebKit/537.36 (KHTML, like Gecko) Chrome/103.0.0.0 Safari/537.36" "ysfine.com"
40.77.167.27 - - [29/Sep/2022:21:10:27 -0700] "GET /world/france/stras20.jpg HTTP/1.1" 200 101030 "-" "Mozilla/5.0 (compatible; bingbot/2.0; +http://www.bing.com/bingbot.htm)" "ysfine.com"
20.187.250.7 - - [29/Sep/2022:21:11:37 -0700] "GET /css/album.css HTTP/1.1" 404 88 "-" "Mozilla/5.0 (Windows NT 10.0; WOW64; rv:48.0) Gecko/20100101 Firefox/48.0" "ysfine.com"
20.187.250.7 - - [29/Sep/2022:21:11:38 -0700] "GET /data/admin/allowurl.txt HTTP/1.1" 404 88 "-" "Mozilla/5.0 (Windows NT 10.0; WOW64; rv:48.0) Gecko/20100101 Firefox/48.0" "ysfine.com"
174.215.119.206 - - [29/Sep/2022:21:12:27 -0700] "GET /world/scanw.html HTTP/1.1" 200 8407 "https://www.google.com/" "Mozilla/5.0 (Linux; Android 10; moto g fast) AppleWebKit/537.36 (KHTML, like Gecko) Chrome/103.0.0.0 Mobile Safari/537.36" "ysfine.com"
174.215.119.206 - - [29/Sep/2022:21:12:27 -0700] "GET /world/scandi/bernadotte2.jpg HTTP/1.1" 200 57227 "https://ysfine.com/world/scanw.html" "Mozilla/5.0 (Linux; Android 10; moto g fast) AppleWebKit/537.36 (KHTML, like Gecko) Chrome/103.0.0.0 Mobile Safari/537.36" "ysfine.com"
174.215.119.206 - - [29/Sep/2022:21:12:27 -0700] "GET /world/scandi/nobelmap11b.jpg HTTP/1.1" 200 54549 "https://ysfine.com/world/scanw.html" "Mozilla/5.0 (Linux; Android 10; moto g fast) AppleWebKit/537.36 (KHTML, like Gecko) Chrome/103.0.0.0 Mobile Safari/537.36" "ysfine.com"
174.215.119.206 - - [29/Sep/2022:21:12:28 -0700] "GET /world/scandi/sto037b.jpg HTTP/1.1" 200 32753 "https://ysfine.com/world/scanw.html" "Mozilla/5.0 (Linux; Android 10; moto g fast) AppleWebKit/537.36 (KHTML, like Gecko) Chrome/103.0.0.0 Mobile Safari/537.36" "ysfine.com"
174.215.119.206 - - [29/Sep/2022:21:12:28 -0700] "GET /world/scandi/sto002b.jpg HTTP/1.1" 200 42293 "https://ysfine.com/world/scanw.html" "Mozilla/5.0 (Linux; Android 10; moto g fast) AppleWebKit/537.36 (KHTML, like Gecko) Chrome/103.0.0.0 Mobile Safari/537.36" "ysfine.com"
174.215.119.206 - - [29/Sep/2022:21:12:28 -0700] "GET /world/scandi/sto026b.jpg HTTP/1.1" 200 32104 "https://ysfine.com/world/scanw.html" "Mozilla/5.0 (Linux; Android 10; moto g fast) AppleWebKit/537.36 (KHTML, like Gecko) Chrome/103.0.0.0 Mobile Safari/537.36" "ysfine.com"
174.215.119.206 - - [29/Sep/2022:21:12:28 -0700] "GET /world/scandi/sto030b.jpg HTTP/1.1" 200 36294 "https://ysfine.com/world/scanw.html" "Mozilla/5.0 (Linux; Android 10; moto g fast) AppleWebKit/537.36 (KHTML, like Gecko) Chrome/103.0.0.0 Mobile Safari/537.36" "ysfine.com"
174.215.119.206 - - [29/Sep/2022:21:12:28 -0700] "GET /world/scandi/fin08b.jpg HTTP/1.1" 200 42031 "https://ysfine.com/world/scanw.html" "Mozilla/5.0 (Linux; Android 10; moto g fast) AppleWebKit/537.36 (KHTML, like Gecko) Chrome/103.0.0.0 Mobile Safari/537.36" "ysfine.com"
174.215.119.206 - - [29/Sep/2022:21:12:28 -0700] "GET /world/scandi/norw01b.jpg HTTP/1.1" 200 46798 "https://ysfine.com/world/scanw.html" "Mozilla/5.0 (Linux; Android 10; moto g fast) AppleWebKit/537.36 (KHTML, like Gecko) Chrome/103.0.0.0 Mobile Safari/537.36" "ysfine.com"
174.215.119.206 - - [29/Sep/2022:21:12:28 -0700] "GET /world/scandi/norw07b.jpg HTTP/1.1" 200 42517 "https://ysfine.com/world/scanw.html" "Mozilla/5.0 (Linux; Android 10; moto g fast) AppleWebKit/537.36 (KHTML, like Gecko) Chrome/103.0.0.0 Mobile Safari/537.36" "ysfine.com"
174.215.119.206 - - [29/Sep/2022:21:12:28 -0700] "GET /world/scandi/sto004b.jpg HTTP/1.1" 200 27149 "https://ysfine.com/world/scanw.html" "Mozilla/5.0 (Linux; Android 10; moto g fast) AppleWebKit/537.36 (KHTML, like Gecko) Chrome/103.0.0.0 Mobile Safari/537.36" "ysfine.com"
174.215.119.206 - - [29/Sep/2022:21:12:28 -0700] "GET /world/scandi/wignob01b.jpg HTTP/1.1" 200 40093 "https://ysfine.com/world/scanw.html" "Mozilla/5.0 (Linux; Android 10; moto g fast) AppleWebKit/537.36 (KHTML, like Gecko) Chrome/103.0.0.0 Mobile Safari/537.36" "ysfine.com"
174.215.119.206 - - [29/Sep/2022:21:12:28 -0700] "GET /world/scandi/sto040b.jpg HTTP/1.1" 200 38064 "https://ysfine.com/world/scanw.html" "Mozilla/5.0 (Linux; Android 10; moto g fast) AppleWebKit/537.36 (KHTML, like Gecko) Chrome/103.0.0.0 Mobile Safari/537.36" "ysfine.com"
174.215.119.206 - - [29/Sep/2022:21:12:28 -0700] "GET /world/scandi/norw08b.jpg HTTP/1.1" 200 57238 "https://ysfine.com/world/scanw.html" "Mozilla/5.0 (Linux; Android 10; moto g fast) AppleWebKit/537.36 (KHTML, like Gecko) Chrome/103.0.0.0 Mobile Safari/537.36" "ysfine.com"
174.215.119.206 - - [29/Sep/2022:21:12:28 -0700] "GET /world/scandi/norw22b.jpg HTTP/1.1" 200 43510 "https://ysfine.com/world/scanw.html" "Mozilla/5.0 (Linux; Android 10; moto g fast) AppleWebKit/537.36 (KHTML, like Gecko) Chrome/103.0.0.0 Mobile Safari/537.36" "ysfine.com"
174.215.119.206 - - [29/Sep/2022:21:12:28 -0700] "GET /world/scandi/sto034b.jpg HTTP/1.1" 200 21538 "https://ysfine.com/world/scanw.html" "Mozilla/5.0 (Linux; Android 10; moto g fast) AppleWebKit/537.36 (KHTML, like Gecko) Chrome/103.0.0.0 Mobile Safari/537.36" "ysfine.com"
174.215.119.206 - - [29/Sep/2022:21:12:28 -0700] "GET /world/scandi/sto024b.jpg HTTP/1.1" 200 34817 "https://ysfine.com/world/scanw.html" "Mozilla/5.0 (Linux; Android 10; moto g fast) AppleWebKit/537.36 (KHTML, like Gecko) Chrome/103.0.0.0 Mobile Safari/537.36" "ysfine.com"
174.215.119.206 - - [29/Sep/2022:21:12:28 -0700] "GET /world/scandi/fin06b.jpg HTTP/1.1" 200 40788 "https://ysfine.com/world/scanw.html" "Mozilla/5.0 (Linux; Android 10; moto g fast) AppleWebKit/537.36 (KHTML, like Gecko) Chrome/103.0.0.0 Mobile Safari/537.36" "ysfine.com"
174.215.119.206 - - [29/Sep/2022:21:12:28 -0700] "GET /world/scandi/wignob02b.jpg HTTP/1.1" 200 31825 "https://ysfine.com/world/scanw.html" "Mozilla/5.0 (Linux; Android 10; moto g fast) AppleWebKit/537.36 (KHTML, like Gecko) Chrome/103.0.0.0 Mobile Safari/537.36" "ysfine.com"
174.215.119.206 - - [29/Sep/2022:21:12:28 -0700] "GET /world/scandi/norw05b.jpg HTTP/1.1" 200 34269 "https://ysfine.com/world/scanw.html" "Mozilla/5.0 (Linux; Android 10; moto g fast) AppleWebKit/537.36 (KHTML, like Gecko) Chrome/103.0.0.0 Mobile Safari/537.36" "ysfine.com"
174.215.119.206 - - [29/Sep/2022:21:12:28 -0700] "GET /world/scandi/fin04b.jpg HTTP/1.1" 200 51772 "https://ysfine.com/world/scanw.html" "Mozilla/5.0 (Linux; Android 10; moto g fast) AppleWebKit/537.36 (KHTML, like Gecko) Chrome/103.0.0.0 Mobile Safari/537.36" "ysfine.com"
174.215.119.206 - - [29/Sep/2022:21:12:28 -0700] "GET /world/scandi/fin01b.jpg HTTP/1.1" 200 50331 "https://ysfine.com/world/scanw.html" "Mozilla/5.0 (Linux; Android 10; moto g fast) AppleWebKit/537.36 (KHTML, like Gecko) Chrome/103.0.0.0 Mobile Safari/537.36" "ysfine.com"
174.215.119.206 - - [29/Sep/2022:21:12:28 -0700] "GET /world/scandi/norw20b.jpg HTTP/1.1" 200 51063 "https://ysfine.com/world/scanw.html" "Mozilla/5.0 (Linux; Android 10; moto g fast) AppleWebKit/537.36 (KHTML, like Gecko) Chrome/103.0.0.0 Mobile Safari/537.36" "ysfine.com"
157.55.39.127 - - [29/Sep/2022:21:13:57 -0700] "GET /style/cameras/leicavlux33.jpg HTTP/1.1" 200 93926 "-" "Mozilla/5.0 (compatible; bingbot/2.0; +http://www.bing.com/bingbot.htm)" "www.ysfine.com"
66.249.70.3 - - [29/Sep/2022:21:15:06 -0700] "GET /ads.txt HTTP/1.1" 404 88 "-" "Mozilla/5.0 (compatible; Googlebot/2.1; +http://www.google.com/bot.html)" "ysfine.com"
109.95.34.216 - - [29/Sep/2022:21:16:03 -0700] "GET /philo/marxlon01.jpg HTTP/1.1" 200 263404 "https://www.google.com/" "Mozilla/5.0 (Linux; Android 11; SM-A022G Build/RP1A.200720.012; wv) AppleWebKit/537.36 (KHTML, like Gecko) Version/4.0 Chrome/105.0.5195.136 Mobile Safari/537.36 GoogleApp/13.37.10.26.arm" "ysfine.com"
157.55.39.127 - - [29/Sep/2022:21:16:48 -0700] "GET /world/israel/tlv12.jpg HTTP/1.1" 200 243504 "-" "Mozilla/5.0 (compatible; bingbot/2.0; +http://www.bing.com/bingbot.htm)" "ysfine.com"
157.55.39.58 - - [29/Sep/2022:21:17:38 -0700] "GET /world/poland/waw03.jpg HTTP/1.1" 200 75886 "-" "Mozilla/5.0 (compatible; bingbot/2.0; +http://www.bing.com/bingbot.htm)" "ysfine.com"
40.77.167.27 - - [29/Sep/2022:21:17:58 -0700] "GET /style/jpchildren.jpg HTTP/1.1" 200 86620 "-" "Mozilla/5.0 (compatible; bingbot/2.0; +http://www.bing.com/bingbot.htm)" "ysfine.com"
157.55.39.127 - - [29/Sep/2022:21:18:27 -0700] "GET /ffriends/amkor/canstu03.jpg HTTP/1.1" 200 101697 "-" "Mozilla/5.0 (compatible; bingbot/2.0; +http://www.bing.com/bingbot.htm)" "ysfine.com"
157.55.39.55 - - [29/Sep/2022:21:20:15 -0700] "GET /maga/phil/kant00b.jpg HTTP/1.1" 200 51853 "-" "Mozilla/5.0 (compatible; bingbot/2.0; +http://www.bing.com/bingbot.htm)" "ysfine.com"
116.179.32.161 - - [29/Sep/2022:21:22:39 -0700] "GET /heisen/einheisen11.html HTTP/1.1" 200 3870 "-" "Mozilla/5.0 (compatible; Baiduspider/2.0; +http://www.baidu.com/search/spider.html)" "www.ysfine.com"
116.179.37.131 - - [29/Sep/2022:21:22:47 -0700] "GET /maga/phys/yukadirac53c.jpg HTTP/1.1" 200 40447 "https://www.ysfine.com/heisen/einheisen11.html" "Mozilla/5.0 (compatible; Baiduspider-render/2.0; +http://www.baidu.com/search/spider.html)" "www.ysfine.com"
116.179.37.123 - - [29/Sep/2022:21:22:47 -0700] "GET /einstein/tsepa11c.jpg HTTP/1.1" 200 28691 "https://www.ysfine.com/heisen/einheisen11.html" "Mozilla/5.0 (compatible; Baiduspider-render/2.0; +http://www.baidu.com/search/spider.html)" "www.ysfine.com"
116.179.37.123 - - [29/Sep/2022:21:22:47 -0700] "GET /heisen/texfiles/einheis03.jpg HTTP/1.1" 200 46000 "https://www.ysfine.com/heisen/einheisen11.html" "Mozilla/5.0 (compatible; Baiduspider-render/2.0; +http://www.baidu.com/search/spider.html)" "www.ysfine.com"
116.179.37.8 - - [29/Sep/2022:21:22:47 -0700] "GET /einstein/einbohr33c.jpg HTTP/1.1" 200 36410 "https://www.ysfine.com/heisen/einheisen11.html" "Mozilla/5.0 (compatible; Baiduspider-render/2.0; +http://www.baidu.com/search/spider.html)" "www.ysfine.com"
116.179.37.235 - - [29/Sep/2022:21:22:47 -0700] "GET /feynman/ppic/parton66a.jpg HTTP/1.1" 200 63902 "https://www.ysfine.com/heisen/einheisen11.html" "Mozilla/5.0 (compatible; Baiduspider-render/2.0; +http://www.baidu.com/search/spider.html)" "www.ysfine.com"
116.179.37.132 - - [29/Sep/2022:21:22:47 -0700] "GET /heisen/heisen22c.jpg HTTP/1.1" 200 33300 "https://www.ysfine.com/heisen/einheisen11.html" "Mozilla/5.0 (compatible; Baiduspider-render/2.0; +http://www.baidu.com/search/spider.html)" "www.ysfine.com"
116.179.37.219 - - [29/Sep/2022:21:22:47 -0700] "GET /wigner/wighome11c.jpg HTTP/1.1" 200 45648 "https://www.ysfine.com/heisen/einheisen11.html" "Mozilla/5.0 (compatible; Baiduspider-render/2.0; +http://www.baidu.com/search/spider.html)" "www.ysfine.com"
116.179.37.110 - - [29/Sep/2022:21:22:47 -0700] "GET /heisen/texfiles/einheis02.jpg HTTP/1.1" 200 27711 "https://www.ysfine.com/heisen/einheisen11.html" "Mozilla/5.0 (compatible; Baiduspider-render/2.0; +http://www.baidu.com/search/spider.html)" "www.ysfine.com"
116.179.37.69 - - [29/Sep/2022:21:22:47 -0700] "GET /heisen/texfiles/einheis01.jpg HTTP/1.1" 200 32462 "https://www.ysfine.com/heisen/einheisen11.html" "Mozilla/5.0 (compatible; Baiduspider-render/2.0; +http://www.baidu.com/search/spider.html)" "www.ysfine.com"
116.179.37.118 - - [29/Sep/2022:21:22:47 -0700] "GET /heisen/texfiles/einheis05.jpg HTTP/1.1" 200 31787 "https://www.ysfine.com/heisen/einheisen11.html" "Mozilla/5.0 (compatible; Baiduspider-render/2.0; +http://www.baidu.com/search/spider.html)" "www.ysfine.com"
157.55.39.128 - - [29/Sep/2022:21:22:57 -0700] "GET /world/poland/sopotf07.jpg HTTP/1.1" 200 117888 "-" "Mozilla/5.0 (compatible; bingbot/2.0; +http://www.bing.com/bingbot.htm)" "ysfine.com"
207.46.13.102 - - [29/Sep/2022:21:23:13 -0700] "GET /archives/class5470/total_data/refer_img/2-35_f.jpg HTTP/1.1" 404 88 "-" "Mozilla/5.0 (compatible; bingbot/2.0; +http://www.bing.com/bingbot.htm)" "www.ysfine.com"
77.88.5.46 - - [29/Sep/2022:21:24:01 -0700] "GET /world/brit/bank11.jpg HTTP/1.1" 200 96308 "-" "Mozilla/5.0 (compatible; YandexImages/3.0; +http://yandex.com/bots)" "www.ysfine.com"
185.191.171.43 - - [29/Sep/2022:21:25:15 -0700] "GET /robots.txt HTTP/1.1" 404 88 "-" "Mozilla/5.0 (compatible; SemrushBot/7~bl; +http://www.semrush.com/bot.html)" "ysfine.com"
173.252.83.1 - - [29/Sep/2022:21:25:28 -0700] "GET /wdc/jeffm02c.jpg HTTP/1.1" 200 27659 "-" "facebookexternalhit/1.1 (+http://www.facebook.com/externalhit_uatext.php)" "ysfine.com"
157.55.39.55 - - [29/Sep/2022:21:26:25 -0700] "GET /world/russ/spb34.jpg HTTP/1.1" 200 130531 "-" "Mozilla/5.0 AppleWebKit/537.36 (KHTML, like Gecko; compatible; bingbot/2.0; +http://www.bing.com/bingbot.htm) Chrome/103.0.5060.134 Safari/537.36" "ysfine.com"
157.55.39.128 - - [29/Sep/2022:21:26:48 -0700] "GET /world/latina/cancun11.jpg HTTP/1.1" 200 107098 "-" "Mozilla/5.0 (compatible; bingbot/2.0; +http://www.bing.com/bingbot.htm)" "ysfine.com"
109.40.240.131 - - [29/Sep/2022:21:27:33 -0700] "GET /world/france/arusas01.jpg HTTP/1.1" 200 364636 "https://www.google.com/" "Mozilla/5.0 (X11; Linux x86_64) AppleWebKit/537.36 (KHTML, like Gecko) SamsungBrowser/19.0 Chrome/102.0.5005.125 Safari/537.36" "ysfine.com"
109.40.240.131 - - [29/Sep/2022:21:27:37 -0700] "GET /world/france/arusas01.jpg HTTP/1.1" 200 364636 "-" "Mozilla/5.0 (X11; Linux x86_64) AppleWebKit/537.36 (KHTML, like Gecko) SamsungBrowser/19.0 Chrome/102.0.5005.125 Safari/537.36" "ysfine.com"
109.40.240.131 - - [29/Sep/2022:21:27:38 -0700] "GET /favicon.ico HTTP/1.1" 404 88 "https://ysfine.com/world/france/arusas01.jpg" "Mozilla/5.0 (X11; Linux x86_64) AppleWebKit/537.36 (KHTML, like Gecko) SamsungBrowser/19.0 Chrome/102.0.5005.125 Safari/537.36" "ysfine.com"
157.55.39.127 - - [29/Sep/2022:21:27:39 -0700] "GET /world/russ/kazan066.jpg HTTP/1.1" 200 44197 "-" "Mozilla/5.0 AppleWebKit/537.36 (KHTML, like Gecko; compatible; bingbot/2.0; +http://www.bing.com/bingbot.htm) Chrome/103.0.5060.134 Safari/537.36" "ysfine.com"
211.33.204.172 - - [29/Sep/2022:21:28:18 -0700] "GET /world/kor/sel803.jpg HTTP/1.1" 200 195155 "https://www.google.com/" "Mozilla/5.0 (Linux; Android 10; SAMSUNG SM-N960N) AppleWebKit/537.36 (KHTML, like Gecko) SamsungBrowser/18.0 Chrome/99.0.4844.88 Mobile Safari/537.36" "ysfine.com"
157.55.39.127 - - [29/Sep/2022:21:28:49 -0700] "GET /wigner/neusil.jpg HTTP/1.1" 200 139772 "-" "Mozilla/5.0 AppleWebKit/537.36 (KHTML, like Gecko; compatible; bingbot/2.0; +http://www.bing.com/bingbot.htm) Chrome/103.0.5060.134 Safari/537.36" "ysfine.com"
207.46.13.102 - - [29/Sep/2022:21:30:43 -0700] "GET /dirac/dirac84.jpg HTTP/1.1" 200 67390 "-" "Mozilla/5.0 (compatible; bingbot/2.0; +http://www.bing.com/bingbot.htm)" "ysfine.com"
157.55.39.55 - - [29/Sep/2022:21:31:15 -0700] "GET /wigner/birth.jpg HTTP/1.1" 200 124354 "-" "Mozilla/5.0 AppleWebKit/537.36 (KHTML, like Gecko; compatible; bingbot/2.0; +http://www.bing.com/bingbot.htm) Chrome/103.0.5060.134 Safari/537.36" "ysfine.com"
40.77.167.27 - - [29/Sep/2022:21:32:29 -0700] "GET /world/germany/franko11.jpg HTTP/1.1" 200 71379 "-" "Mozilla/5.0 (compatible; bingbot/2.0; +http://www.bing.com/bingbot.htm)" "ysfine.com"
207.46.13.102 - - [29/Sep/2022:21:32:33 -0700] "GET /world/russ/spbnv07.jpg HTTP/1.1" 200 110843 "-" "Mozilla/5.0 AppleWebKit/537.36 (KHTML, like Gecko; compatible; bingbot/2.0; +http://www.bing.com/bingbot.htm) Chrome/103.0.5060.134 Safari/537.36" "www.ysfine.com"
157.55.39.58 - - [29/Sep/2022:21:32:50 -0700] "GET /world/brit/cam30.jpg HTTP/1.1" 200 134654 "-" "Mozilla/5.0 AppleWebKit/537.36 (KHTML, like Gecko; compatible; bingbot/2.0; +http://www.bing.com/bingbot.htm) Chrome/103.0.5060.134 Safari/537.36" "ysfine.com"
157.55.39.55 - - [29/Sep/2022:21:33:27 -0700] "GET /kobak/repose11b.jpg HTTP/1.1" 200 32052 "-" "Mozilla/5.0 (compatible; bingbot/2.0; +http://www.bing.com/bingbot.htm)" "www.ysfine.com"
40.77.167.27 - - [29/Sep/2022:21:34:09 -0700] "GET /wisdom/yks22.jpg HTTP/1.1" 200 114777 "-" "Mozilla/5.0 (compatible; bingbot/2.0; +http://www.bing.com/bingbot.htm)" "ysfine.com"
207.46.13.102 - - [29/Sep/2022:21:34:14 -0700] "GET /wisdom/palman22.jpg HTTP/1.1" 200 133122 "-" "Mozilla/5.0 (compatible; bingbot/2.0; +http://www.bing.com/bingbot.htm)" "ysfine.com"
77.88.5.46 - - [29/Sep/2022:21:35:44 -0700] "GET /princeton/pcomm03.jpg HTTP/1.1" 200 98689 "-" "Mozilla/5.0 (compatible; YandexImages/3.0; +http://yandex.com/bots)" "www.ysfine.com"
18.236.77.8 - - [29/Sep/2022:21:37:29 -0700] "GET / HTTP/1.1" 200 5283 "-" "Mozilla/5.0 (X11; Linux x86_64) AppleWebKit/537.36 (KHTML, like Gecko) Chrome/83.0.4103.97 Safari/537.36" "ysfine.com"
40.77.167.27 - - [29/Sep/2022:21:37:39 -0700] "GET /yspapers/parton66a.jpg HTTP/1.1" 200 63749 "-" "Mozilla/5.0 (compatible; bingbot/2.0; +http://www.bing.com/bingbot.htm)" "ysfine.com"
35.163.175.202 - - [29/Sep/2022:21:37:56 -0700] "GET /favicon.ico HTTP/1.1" 404 88 "-" "Mozilla/5.0 (X11; Linux x86_64) AppleWebKit/537.36 (KHTML, like Gecko) Chrome/83.0.4103.97 Safari/537.36" "ysfine.com"
35.163.175.202 - - [29/Sep/2022:21:37:59 -0700] "GET / HTTP/1.1" 200 5283 "-" "Mozilla/5.0 (X11; Linux x86_64) AppleWebKit/537.36 (KHTML, like Gecko) Chrome/83.0.4103.97 Safari/537.36" "ysfine.com"
216.244.66.229 - - [29/Sep/2022:21:38:20 -0700] "GET /robots.txt HTTP/1.1" 404 73 "-" "Mozilla/5.0 (compatible; DotBot/1.2; +https://opensiteexplorer.org/dotbot; help@moz.com)" "www.ysfine.com"
40.77.167.27 - - [29/Sep/2022:21:38:50 -0700] "GET /people/zeilinger01.jpg HTTP/1.1" 200 59186 "-" "Mozilla/5.0 AppleWebKit/537.36 (KHTML, like Gecko; compatible; bingbot/2.0; +http://www.bing.com/bingbot.htm) Chrome/103.0.5060.134 Safari/537.36" "ysfine.com"
54.71.103.53 - - [29/Sep/2022:21:40:17 -0700] "GET / HTTP/1.1" 200 5283 "-" "Mozilla/5.0 (X11; Linux x86_64) AppleWebKit/537.36 (KHTML, like Gecko) Chrome/83.0.4103.97 Safari/537.36" "ysfine.com"
93.158.161.40 - - [29/Sep/2022:21:40:31 -0700] "GET /einstein/einwalk800.jpg HTTP/1.1" 200 84517 "-" "Mozilla/5.0 (compatible; YandexImages/3.0; +http://yandex.com/bots)" "www.ysfine.com"
35.86.80.110 - - [29/Sep/2022:21:40:33 -0700] "GET / HTTP/1.1" 200 5283 "http://ysfine.com" "Mozilla/5.0 (X11; Linux x86_64) AppleWebKit/537.36 (KHTML, like Gecko) Chrome/83.0.4103.97 Safari/537.36" "ysfine.com"
157.55.39.128 - - [29/Sep/2022:21:42:50 -0700] "GET /world/israel/jeru21c.jpg HTTP/1.1" 200 32219 "-" "Mozilla/5.0 (compatible; bingbot/2.0; +http://www.bing.com/bingbot.htm)" "ysfine.com"
185.191.171.4 - - [29/Sep/2022:21:43:00 -0700] "GET /philo/keigel.html HTTP/1.1" 200 7368 "-" "Mozilla/5.0 (compatible; SemrushBot/7~bl; +http://www.semrush.com/bot.html)" "ysfine.com"
40.77.167.27 - - [29/Sep/2022:21:45:30 -0700] "GET /world/ital/tdlee01b.jpg HTTP/1.1" 200 37170 "-" "Mozilla/5.0 (compatible; bingbot/2.0; +http://www.bing.com/bingbot.htm)" "ysfine.com"
40.77.167.27 - - [29/Sep/2022:21:46:21 -0700] "GET /world/russ/kiev011.jpg HTTP/1.1" 200 103918 "-" "Mozilla/5.0 (compatible; bingbot/2.0; +http://www.bing.com/bingbot.htm)" "ysfine.com"
73.78.107.199 - - [29/Sep/2022:21:46:37 -0700] "GET /princeton/alexan22.jpg HTTP/1.1" 200 175436 "https://www.google.com/" "Mozilla/5.0 (iPhone; CPU iPhone OS 15_5 like Mac OS X) AppleWebKit/605.1.15 (KHTML, like Gecko) Version/15.5 Mobile/15E148 Safari/604.1" "ysfine.com"
157.55.39.58 - - [29/Sep/2022:21:47:30 -0700] "GET /world/balkan/ath002c.jpg HTTP/1.1" 200 44714 "-" "Mozilla/5.0 (compatible; bingbot/2.0; +http://www.bing.com/bingbot.htm)" "www.ysfine.com"
40.77.167.27 - - [29/Sep/2022:21:47:31 -0700] "GET /sbk/2008viln22.jpg HTTP/1.1" 200 201541 "-" "Mozilla/5.0 (compatible; bingbot/2.0; +http://www.bing.com/bingbot.htm)" "ysfine.com"
185.191.171.9 - - [29/Sep/2022:21:47:40 -0700] "GET /remote/wigner111/frame21.html HTTP/1.1" 200 772 "-" "Mozilla/5.0 (compatible; SemrushBot/7~bl; +http://www.semrush.com/bot.html)" "ysfine.com"
157.55.39.127 - - [29/Sep/2022:21:48:20 -0700] "GET /style/musee/ath010.jpg HTTP/1.1" 200 135911 "-" "Mozilla/5.0 (compatible; bingbot/2.0; +http://www.bing.com/bingbot.htm)" "ysfine.com"
66.249.84.49 - - [29/Sep/2022:21:52:57 -0700] "GET /kobak/somap38.jpg HTTP/1.1" 200 109622 "-" "Mozilla/5.0 (Windows NT 5.1; rv:11.0) Gecko Firefox/11.0 (via ggpht.com GoogleImageProxy)" "ysfine.com"
157.55.39.128 - - [29/Sep/2022:21:53:21 -0700] "GET /style/telefon11b.jpg HTTP/1.1" 200 42587 "-" "Mozilla/5.0 AppleWebKit/537.36 (KHTML, like Gecko; compatible; bingbot/2.0; +http://www.bing.com/bingbot.htm) Chrome/103.0.5060.134 Safari/537.36" "ysfine.com"
116.179.32.135 - - [29/Sep/2022:21:54:35 -0700] "GET /confer/gift.html HTTP/1.1" 200 748 "-" "Mozilla/5.0 (compatible; Baiduspider/2.0; +http://www.baidu.com/search/spider.html)" "ysfine.com"
207.46.13.102 - - [29/Sep/2022:21:56:05 -0700] "GET /world/russ/arbat18.jpg HTTP/1.1" 200 72539 "-" "Mozilla/5.0 AppleWebKit/537.36 (KHTML, like Gecko; compatible; bingbot/2.0; +http://www.bing.com/bingbot.htm) Chrome/103.0.5060.134 Safari/537.36" "ysfine.com"
207.46.13.102 - - [29/Sep/2022:21:56:06 -0700] "GET /world/hungary/hunstu08.jpg HTTP/1.1" 200 104293 "-" "Mozilla/5.0 (compatible; bingbot/2.0; +http://www.bing.com/bingbot.htm)" "www.ysfine.com"
114.119.130.30 - - [29/Sep/2022:21:56:25 -0700] "GET /robots.txt HTTP/1.1" 404 88 "-" "Mozilla/5.0 (compatible;PetalBot;+https://webmaster.petalsearch.com/site/petalbot)" "www.ysfine.com"
157.55.39.58 - - [29/Sep/2022:21:57:42 -0700] "GET /world/russ/gum31.jpg HTTP/1.1" 200 96215 "-" "Mozilla/5.0 (compatible; bingbot/2.0; +http://www.bing.com/bingbot.htm)" "ysfine.com"
77.88.5.245 - - [29/Sep/2022:21:58:19 -0700] "GET /world/russ/kazan035b.jpg HTTP/1.1" 200 41723 "-" "Mozilla/5.0 (compatible; YandexImages/3.0; +http://yandex.com/bots)" "ysfine.com"
207.46.13.102 - - [29/Sep/2022:21:58:45 -0700] "GET /people/prosku11.jpg HTTP/1.1" 200 95265 "-" "Mozilla/5.0 (compatible; bingbot/2.0; +http://www.bing.com/bingbot.htm)" "ysfine.com"
157.55.39.55 - - [29/Sep/2022:21:59:22 -0700] "GET /kobak/rhee28b.jpg HTTP/1.1" 200 58445 "-" "Mozilla/5.0 (compatible; bingbot/2.0; +http://www.bing.com/bingbot.htm)" "ysfine.com"
66.249.70.4 - - [29/Sep/2022:21:59:57 -0700] "GET /einstein/emc/covar.html HTTP/1.1" 404 88 "-" "Mozilla/5.0 (Linux; Android 6.0.1; Nexus 5X Build/MMB29P) AppleWebKit/537.36 (KHTML, like Gecko) Chrome/105.0.5195.125 Mobile Safari/537.36 (compatible; Googlebot/2.1; +http://www.google.com/bot.html)" "ysfine.com"
65.21.232.254 - - [29/Sep/2022:22:02:04 -0700] "GET /robots.txt HTTP/1.1" 404 73 "-" "Mozilla/5.0 (compatible; MJ12bot/v1.4.8; http://mj12bot.com/)" "ysfine.com"
157.55.39.128 - - [29/Sep/2022:22:02:23 -0700] "GET /wdc/washmo02c.jpg HTTP/1.1" 200 33146 "-" "Mozilla/5.0 (compatible; bingbot/2.0; +http://www.bing.com/bingbot.htm)" "www.ysfine.com"
65.21.232.254 - - [29/Sep/2022:22:02:37 -0700] "GET /class54/class5480/Videos/3.%C3%AC%C2%A1%C2%B8%C3%AC%C2%97%C2%8560%C3%AC%C2%A3%C2%BC%C3%AB%C2%85%C2%84%C3%AB%C2%AC%C2%B8%C3%AC%C2%A7%C2%91%202%C3%AB%C2%B6%C2%80.wmv HTTP/1.1" 200 37680666 "-" "Mozilla/5.0 (compatible; MJ12bot/v1.4.8; http://mj12bot.com/)" "ysfine.com"
65.21.232.254 - - [29/Sep/2022:22:02:38 -0700] "GET /robots.txt HTTP/1.1" 404 73 "-" "Mozilla/5.0 (compatible; MJ12bot/v1.4.8; http://mj12bot.com/)" "www.ysfine.com"
65.21.232.254 - - [29/Sep/2022:22:02:40 -0700] "GET /world/kor/sel803.jpg HTTP/1.1" 200 195155 "-" "Mozilla/5.0 (compatible; MJ12bot/v1.4.8; http://mj12bot.com/)" "www.ysfine.com"
207.46.13.102 - - [29/Sep/2022:22:02:56 -0700] "GET /wdc/heyadams22.jpg HTTP/1.1" 200 113085 "-" "Mozilla/5.0 (compatible; bingbot/2.0; +http://www.bing.com/bingbot.htm)" "www.ysfine.com"
157.55.39.58 - - [29/Sep/2022:22:04:42 -0700] "GET /world/israel/jeru45c.jpg HTTP/1.1" 200 49227 "-" "Mozilla/5.0 (compatible; bingbot/2.0; +http://www.bing.com/bingbot.htm)" "ysfine.com"
207.46.13.102 - - [29/Sep/2022:22:05:56 -0700] "GET /world/ital/venicef05b.jpg HTTP/1.1" 200 40037 "-" "Mozilla/5.0 (compatible; bingbot/2.0; +http://www.bing.com/bingbot.htm)" "ysfine.com"
157.55.39.55 - - [29/Sep/2022:22:06:08 -0700] "GET /kowar/tanks/sherman43.jpg HTTP/1.1" 200 78963 "-" "Mozilla/5.0 (compatible; bingbot/2.0; +http://www.bing.com/bingbot.htm)" "ysfine.com"
77.88.5.46 - - [29/Sep/2022:22:06:11 -0700] "GET /world/roma.html HTTP/1.1" 200 13994 "-" "Mozilla/5.0 (compatible; YandexBot/3.0; +http://yandex.com/bots)" "www.ysfine.com"
77.88.5.46 - - [29/Sep/2022:22:06:41 -0700] "GET /world/ital/panth02.jpg HTTP/1.1" 200 55206 "-" "Mozilla/5.0 (compatible; YandexImages/3.0; +http://yandex.com/bots)" "www.ysfine.com"
40.77.167.27 - - [29/Sep/2022:22:06:42 -0700] "GET /world/israel/jeru42c.jpg HTTP/1.1" 200 36333 "-" "Mozilla/5.0 (compatible; bingbot/2.0; +http://www.bing.com/bingbot.htm)" "ysfine.com"
93.158.161.40 - - [29/Sep/2022:22:06:42 -0700] "GET /world/ital/termini03.jpg HTTP/1.1" 200 107130 "-" "Mozilla/5.0 (compatible; YandexImages/3.0; +http://yandex.com/bots)" "www.ysfine.com"
77.88.5.245 - - [29/Sep/2022:22:06:44 -0700] "GET /world/ital/vatican15b.jpg HTTP/1.1" 200 36200 "-" "Mozilla/5.0 (compatible; YandexImages/3.0; +http://yandex.com/bots)" "www.ysfine.com"
77.88.5.245 - - [29/Sep/2022:22:06:45 -0700] "GET /world/ital/rome049.jpg HTTP/1.1" 200 172955 "-" "Mozilla/5.0 (compatible; YandexImages/3.0; +http://yandex.com/bots)" "www.ysfine.com"
77.88.5.245 - - [29/Sep/2022:22:06:46 -0700] "GET /world/ital/panth01.jpg HTTP/1.1" 200 100632 "-" "Mozilla/5.0 (compatible; YandexImages/3.0; +http://yandex.com/bots)" "www.ysfine.com"
77.88.5.46 - - [29/Sep/2022:22:06:47 -0700] "GET /world/ital/repub02b.jpg HTTP/1.1" 200 42223 "-" "Mozilla/5.0 (compatible; YandexImages/3.0; +http://yandex.com/bots)" "www.ysfine.com"
93.158.161.40 - - [29/Sep/2022:22:06:48 -0700] "GET /world/ital/panth12.jpg HTTP/1.1" 200 95859 "-" "Mozilla/5.0 (compatible; YandexImages/3.0; +http://yandex.com/bots)" "www.ysfine.com"
77.88.5.46 - - [29/Sep/2022:22:06:49 -0700] "GET /world/ital/sapienza14.jpg HTTP/1.1" 200 78118 "-" "Mozilla/5.0 (compatible; YandexImages/3.0; +http://yandex.com/bots)" "www.ysfine.com"
77.88.5.245 - - [29/Sep/2022:22:06:50 -0700] "GET /world/ital/coloss05.jpg HTTP/1.1" 200 124467 "-" "Mozilla/5.0 (compatible; YandexImages/3.0; +http://yandex.com/bots)" "www.ysfine.com"
77.88.5.46 - - [29/Sep/2022:22:06:51 -0700] "GET /world/ital/palat11.jpg HTTP/1.1" 200 86806 "-" "Mozilla/5.0 (compatible; YandexImages/3.0; +http://yandex.com/bots)" "www.ysfine.com"
93.158.161.40 - - [29/Sep/2022:22:06:52 -0700] "GET /world/ital/termini07.jpg HTTP/1.1" 200 111393 "-" "Mozilla/5.0 (compatible; YandexImages/3.0; +http://yandex.com/bots)" "www.ysfine.com"
66.249.70.3 - - [29/Sep/2022:22:07:32 -0700] "GET /maga/phys/schrod22.jpg HTTP/1.1" 304 - "-" "Googlebot-Image/1.0" "ysfine.com"
173.73.80.118 - - [29/Sep/2022:22:08:26 -0700] "GET /ys11/ HTTP/1.1" 200 3421 "-" "Mozilla/5.0 (Windows NT 10.0; Win64; x64) AppleWebKit/537.36 (KHTML, like Gecko) Chrome/105.0.5195.127 Safari/537.36" "ysfine.com"
173.73.80.118 - - [29/Sep/2022:22:08:26 -0700] "GET /favicon.ico HTTP/1.1" 404 88 "https://ysfine.com/ys11/" "Mozilla/5.0 (Windows NT 10.0; Win64; x64) AppleWebKit/537.36 (KHTML, like Gecko) Chrome/105.0.5195.127 Safari/537.36" "ysfine.com"
40.77.167.27 - - [29/Sep/2022:22:08:32 -0700] "GET /world/baltic/tallin44.jpg HTTP/1.1" 200 135314 "-" "Mozilla/5.0 (compatible; bingbot/2.0; +http://www.bing.com/bingbot.htm)" "ysfine.com"
104.175.29.155 - - [29/Sep/2022:22:10:54 -0700] "GET /wdc/wasmap11.jpg HTTP/1.1" 200 90827 "https://www.google.com/" "Mozilla/5.0 (Macintosh; Intel Mac OS X 10_15_6) AppleWebKit/605.1.15 (KHTML, like Gecko) Version/15.6.1 Safari/605.1.15" "ysfine.com"
40.77.167.27 - - [29/Sep/2022:22:11:44 -0700] "GET /world/russ/spbm04.jpg HTTP/1.1" 200 84976 "-" "Mozilla/5.0 (compatible; bingbot/2.0; +http://www.bing.com/bingbot.htm)" "www.ysfine.com"
116.220.90.132 - - [29/Sep/2022:22:11:57 -0700] "GET /maga/phil/marxlon01.jpg HTTP/1.1" 200 263404 "https://www.google.com/" "Mozilla/5.0 (Windows NT 10.0; Win64; x64; rv:104.0) Gecko/20100101 Firefox/104.0" "ysfine.com"
123.125.109.120 - - [29/Sep/2022:22:12:03 -0700] "GET / HTTP/1.1" 200 5283 "-" "Sogou web spider/4.0(+http://www.sogou.com/docs/help/webmasters.htm#07)" "www.ysfine.com"
116.220.90.132 - - [29/Sep/2022:22:12:07 -0700] "GET /maga/phil/marxlon02.jpg HTTP/1.1" 200 167564 "https://www.google.com/" "Mozilla/5.0 (Windows NT 10.0; Win64; x64; rv:104.0) Gecko/20100101 Firefox/104.0" "ysfine.com"
93.158.161.40 - - [29/Sep/2022:22:12:27 -0700] "GET /world/wdrigh.html HTTP/1.1" 200 2217 "-" "Mozilla/5.0 (compatible; YandexBot/3.0; +http://yandex.com/bots)" "www.ysfine.com"
66.249.70.3 - - [29/Sep/2022:22:12:39 -0700] "GET /world/ital/padova04.jpg HTTP/1.1" 304 - "-" "Googlebot-Image/1.0" "ysfine.com"
40.77.167.27 - - [29/Sep/2022:22:12:44 -0700] "GET /maga/phys/inclined11b.jpg HTTP/1.1" 200 35417 "-" "Mozilla/5.0 AppleWebKit/537.36 (KHTML, like Gecko; compatible; bingbot/2.0; +http://www.bing.com/bingbot.htm) Chrome/103.0.5060.134 Safari/537.36" "ysfine.com"
73.69.141.23 - - [29/Sep/2022:22:13:51 -0700] "GET /princeton/alexan22.jpg HTTP/1.1" 200 175436 "https://www.google.com/" "Mozilla/5.0 (Macintosh; Intel Mac OS X 10_15_6) AppleWebKit/605.1.15 (KHTML, like Gecko) Version/15.6.1 Safari/605.1.15" "ysfine.com"
207.46.13.102 - - [29/Sep/2022:22:14:37 -0700] "GET /wdc/gtown03.jpg HTTP/1.1" 200 179412 "-" "Mozilla/5.0 AppleWebKit/537.36 (KHTML, like Gecko; compatible; bingbot/2.0; +http://www.bing.com/bingbot.htm) Chrome/103.0.5060.134 Safari/537.36" "ysfine.com"
157.55.39.55 - - [29/Sep/2022:22:16:00 -0700] "GET /sbk/2001toledo11.jpg HTTP/1.1" 200 210588 "-" "Mozilla/5.0 (compatible; bingbot/2.0; +http://www.bing.com/bingbot.htm)" "ysfine.com"
207.46.13.102 - - [29/Sep/2022:22:16:07 -0700] "GET /princeton/lakecar44.jpg HTTP/1.1" 200 75181 "-" "Mozilla/5.0 (compatible; bingbot/2.0; +http://www.bing.com/bingbot.htm)" "ysfine.com"
126.21.244.28 - - [29/Sep/2022:22:17:49 -0700] "GET /confer/math.html HTTP/1.1" 200 2175 "-" "Mozilla/5.0 (Macintosh; Intel Mac OS X 10_15_7) AppleWebKit/537.36 (KHTML, like Gecko) Chrome/106.0.0.0 Safari/537.36" "ysfine.com"
126.21.244.28 - - [29/Sep/2022:22:17:50 -0700] "GET /favicon.ico HTTP/1.1" 404 88 "https://ysfine.com/confer/math.html" "Mozilla/5.0 (Macintosh; Intel Mac OS X 10_15_7) AppleWebKit/537.36 (KHTML, like Gecko) Chrome/106.0.0.0 Safari/537.36" "ysfine.com"
157.55.39.128 - - [29/Sep/2022:22:17:53 -0700] "GET /usca/pitt/sliderule.jpg HTTP/1.1" 200 73500 "-" "Mozilla/5.0 (compatible; bingbot/2.0; +http://www.bing.com/bingbot.htm)" "ysfine.com"
157.55.39.127 - - [29/Sep/2022:22:19:14 -0700] "GET /world/scandi/copen055.jpg HTTP/1.1" 200 92915 "-" "Mozilla/5.0 AppleWebKit/537.36 (KHTML, like Gecko; compatible; bingbot/2.0; +http://www.bing.com/bingbot.htm) Chrome/103.0.5060.134 Safari/537.36" "ysfine.com"
96.38.112.141 - - [29/Sep/2022:22:19:16 -0700] "GET /princeton/ias11.jpg HTTP/1.1" 200 76978 "https://www.google.com/" "Mozilla/5.0 (Windows NT 10.0; Win64; x64; rv:105.0) Gecko/20100101 Firefox/105.0" "ysfine.com"
103.255.7.31 - - [29/Sep/2022:22:19:39 -0700] "GET /princeton/gcollege22.jpg HTTP/1.1" 200 75914 "http://india-buddhism.com/" "Mozilla/5.0 (Windows NT 10.0; Win64; x64) AppleWebKit/537.36 (KHTML, like Gecko) Chrome/105.0.0.0 Safari/537.36" "ysfine.com"
14.142.151.22 - - [29/Sep/2022:22:20:56 -0700] "GET /princeton/nasshall06.jpg HTTP/1.1" 200 145090 "https://www.google.com/" "Mozilla/5.0 (Windows NT 10.0; Win64; x64) AppleWebKit/537.36 (KHTML, like Gecko) Chrome/105.0.0.0 Safari/537.36" "ysfine.com"
65.128.5.112 - - [29/Sep/2022:22:21:37 -0700] "GET /kowar/panmun04.jpg HTTP/1.1" 200 126386 "https://www.google.com/" "Mozilla/5.0 (Windows NT 10.0; Win64; x64) AppleWebKit/537.36 (KHTML, like Gecko) Chrome/105.0.0.0 Safari/537.36" "ysfine.com"
157.55.39.127 - - [29/Sep/2022:22:21:54 -0700] "GET /sbk/2004fra11.jpg HTTP/1.1" 200 264008 "-" "Mozilla/5.0 (compatible; bingbot/2.0; +http://www.bing.com/bingbot.htm)" "ysfine.com"
157.55.39.128 - - [29/Sep/2022:22:22:33 -0700] "GET /kowar/tanks/sherman58.jpg HTTP/1.1" 200 98388 "-" "Mozilla/5.0 (compatible; bingbot/2.0; +http://www.bing.com/bingbot.htm)" "ysfine.com"
157.55.39.58 - - [29/Sep/2022:22:22:35 -0700] "GET /world/germany/berlinf02.jpg HTTP/1.1" 200 99175 "-" "Mozilla/5.0 (compatible; bingbot/2.0; +http://www.bing.com/bingbot.htm)" "www.ysfine.com"
157.55.39.128 - - [29/Sep/2022:22:23:04 -0700] "GET /wdc/wasopera11.jpg HTTP/1.1" 200 70236 "-" "Mozilla/5.0 (compatible; bingbot/2.0; +http://www.bing.com/bingbot.htm)" "ysfine.com"
157.55.39.128 - - [29/Sep/2022:22:23:24 -0700] "GET /world/scandi/vaxfree11.jpg HTTP/1.1" 200 66239 "-" "Mozilla/5.0 AppleWebKit/537.36 (KHTML, like Gecko; compatible; bingbot/2.0; +http://www.bing.com/bingbot.htm) Chrome/103.0.5060.134 Safari/537.36" "www.ysfine.com"
66.249.70.30 - - [29/Sep/2022:22:23:34 -0700] "GET /robots.txt HTTP/1.1" 404 88 "-" "Mozilla/5.0 (compatible; Googlebot/2.1; +http://www.google.com/bot.html)" "ysfine.com"
77.88.5.253 - - [29/Sep/2022:22:24:23 -0700] "GET /saram/d039.jpg HTTP/1.1" 200 80648 "-" "Mozilla/5.0 (compatible; YandexImages/3.0; +http://yandex.com/bots)" "www.ysfine.com"
157.55.39.127 - - [29/Sep/2022:22:24:54 -0700] "GET /einstein/runstan11a.jpg HTTP/1.1" 200 78925 "-" "Mozilla/5.0 (compatible; bingbot/2.0; +http://www.bing.com/bingbot.htm)" "ysfine.com"
157.55.39.127 - - [29/Sep/2022:22:24:55 -0700] "GET /princeton/brooke66.jpg HTTP/1.1" 200 135510 "-" "Mozilla/5.0 (compatible; bingbot/2.0; +http://www.bing.com/bingbot.htm)" "www.ysfine.com"
157.55.39.58 - - [29/Sep/2022:22:24:58 -0700] "GET /saram/g018.jpg HTTP/1.1" 200 61323 "-" "Mozilla/5.0 AppleWebKit/537.36 (KHTML, like Gecko; compatible; bingbot/2.0; +http://www.bing.com/bingbot.htm) Chrome/103.0.5060.134 Safari/537.36" "www.ysfine.com"
173.73.80.118 - - [29/Sep/2022:22:25:11 -0700] "GET /ys11/ HTTP/1.1" 200 3421 "-" "Mozilla/5.0 (Windows NT 10.0; Win64; x64) AppleWebKit/537.36 (KHTML, like Gecko) Chrome/105.0.0.0 Safari/537.36 Edg/105.0.1343.53" "ysfine.com"
40.77.167.27 - - [29/Sep/2022:22:25:44 -0700] "GET /world/china/shanghai054.jpg HTTP/1.1" 200 92830 "-" "Mozilla/5.0 (compatible; bingbot/2.0; +http://www.bing.com/bingbot.htm)" "www.ysfine.com"
73.101.12.186 - - [29/Sep/2022:22:26:37 -0700] "GET /feynman/feynma2.jpg HTTP/1.1" 200 41543 "http://www.ysfine.com/feynman/fphoto.html" "webcollage/1.183" "ysfine.com"
173.73.80.118 - - [29/Sep/2022:22:27:52 -0700] "GET /home/dashen.html HTTP/1.1" 200 4015 "https://www.google.com/" "Mozilla/5.0 (Windows NT 10.0; Win64; x64) AppleWebKit/537.36 (KHTML, like Gecko) Chrome/105.0.0.0 Safari/537.36 Edg/105.0.1343.53" "ysfine.com"
173.73.80.118 - - [29/Sep/2022:22:27:52 -0700] "GET /feynman/feyfirm66c.jpg HTTP/1.1" 200 36701 "https://ysfine.com/home/dashen.html" "Mozilla/5.0 (Windows NT 10.0; Win64; x64) AppleWebKit/537.36 (KHTML, like Gecko) Chrome/105.0.0.0 Safari/537.36 Edg/105.0.1343.53" "ysfine.com"
173.73.80.118 - - [29/Sep/2022:22:27:52 -0700] "GET /home/goodbad11c.jpg HTTP/1.1" 200 18799 "https://ysfine.com/home/dashen.html" "Mozilla/5.0 (Windows NT 10.0; Win64; x64) AppleWebKit/537.36 (KHTML, like Gecko) Chrome/105.0.0.0 Safari/537.36 Edg/105.0.1343.53" "ysfine.com"
173.73.80.118 - - [29/Sep/2022:22:27:52 -0700] "GET /home/dyson63c.jpg HTTP/1.1" 200 32101 "https://ysfine.com/home/dashen.html" "Mozilla/5.0 (Windows NT 10.0; Win64; x64) AppleWebKit/537.36 (KHTML, like Gecko) Chrome/105.0.0.0 Safari/537.36 Edg/105.0.1343.53" "ysfine.com"
173.73.80.118 - - [29/Sep/2022:22:27:52 -0700] "GET /home/baranger97c.jpg HTTP/1.1" 200 25248 "https://ysfine.com/home/dashen.html" "Mozilla/5.0 (Windows NT 10.0; Win64; x64) AppleWebKit/537.36 (KHTML, like Gecko) Chrome/105.0.0.0 Safari/537.36 Edg/105.0.1343.53" "ysfine.com"
77.88.5.43 - - [29/Sep/2022:22:28:00 -0700] "GET /world/russ/kazan028.jpg HTTP/1.1" 200 111690 "-" "Mozilla/5.0 (compatible; YandexImages/3.0; +http://yandex.com/bots)" "www.ysfine.com"
77.88.5.173 - - [29/Sep/2022:22:28:02 -0700] "GET /world/russ/kazan028.jpg HTTP/1.1" 200 111690 "-" "Mozilla/5.0 (compatible; YandexBot/3.0; +http://yandex.com/bots)" "www.ysfine.com"
157.55.39.55 - - [29/Sep/2022:22:28:11 -0700] "GET /maga/phil/herod11c.jpg HTTP/1.1" 200 76011 "-" "Mozilla/5.0 AppleWebKit/537.36 (KHTML, like Gecko; compatible; bingbot/2.0; +http://www.bing.com/bingbot.htm) Chrome/103.0.5060.134 Safari/537.36" "www.ysfine.com"
157.55.39.127 - - [29/Sep/2022:22:28:24 -0700] "GET /world/baltic/tallin23.jpg HTTP/1.1" 200 245357 "-" "Mozilla/5.0 (compatible; bingbot/2.0; +http://www.bing.com/bingbot.htm)" "ysfine.com"
66.249.70.12 - - [29/Sep/2022:22:28:48 -0700] "GET /maga/phys/poinsf/slide-05.jpg HTTP/1.1" 200 44421 "-" "Googlebot-Image/1.0" "www.ysfine.com"
54.68.244.239 - - [29/Sep/2022:22:29:03 -0700] "HEAD /style/britmu.html HTTP/1.1" 200 - "-" "-" "ysfine.com"
39.124.240.121 - - [29/Sep/2022:22:29:06 -0700] "GET /style/britmu.html HTTP/1.1" 200 15189 "-" "Mozilla/5.0 (Macintosh; Intel Mac OS X 10_12_2) AppleWebKit/537.36 (KHTML, like Gecko) Chrome/56.0.2924.87 Safari/537.36" "ysfine.com"
157.55.39.58 - - [29/Sep/2022:22:29:35 -0700] "GET /world/russ/minsk036.jpg HTTP/1.1" 200 98032 "-" "Mozilla/5.0 (compatible; bingbot/2.0; +http://www.bing.com/bingbot.htm)" "ysfine.com"
216.244.66.229 - - [29/Sep/2022:22:29:57 -0700] "GET /robots.txt HTTP/1.1" 404 73 "-" "Mozilla/5.0 (compatible; DotBot/1.2; +https://opensiteexplorer.org/dotbot; help@moz.com)" "www.ysfine.com"
173.73.80.118 - - [29/Sep/2022:22:30:06 -0700] "GET /people/sbt11.jpg HTTP/1.1" 200 166706 "https://www.google.com/" "Mozilla/5.0 (Windows NT 10.0; Win64; x64) AppleWebKit/537.36 (KHTML, like Gecko) Chrome/105.0.0.0 Safari/537.36 Edg/105.0.1343.53" "ysfine.com"
173.73.80.118 - - [29/Sep/2022:22:30:20 -0700] "GET /remote/wigner111/kim-13a.jpg HTTP/1.1" 200 64605 "https://www.google.com/" "Mozilla/5.0 (Windows NT 10.0; Win64; x64) AppleWebKit/537.36 (KHTML, like Gecko) Chrome/105.0.0.0 Safari/537.36 Edg/105.0.1343.53" "ysfine.com"
173.73.80.118 - - [29/Sep/2022:22:31:38 -0700] "GET /favicon.ico HTTP/1.1" 404 88 "https://ysfine.com/style/proschanie.html" "Mozilla/5.0 (Windows NT 10.0; Win64; x64) AppleWebKit/537.36 (KHTML, like Gecko) Chrome/105.0.0.0 Safari/537.36 Edg/105.0.1343.53" "ysfine.com"
216.244.66.229 - - [29/Sep/2022:22:32:48 -0700] "GET /friends/haeyong22.jpg HTTP/1.1" 404 73 "-" "Mozilla/5.0 (compatible; DotBot/1.2; +https://opensiteexplorer.org/dotbot; help@moz.com)" "www.ysfine.com"
216.244.66.229 - - [29/Sep/2022:22:33:09 -0700] "GET /friends/ukrapol01.jpg HTTP/1.1" 404 73 "-" "Mozilla/5.0 (compatible; DotBot/1.2; +https://opensiteexplorer.org/dotbot; help@moz.com)" "www.ysfine.com"
157.55.39.58 - - [29/Sep/2022:22:33:16 -0700] "GET /wigner/isomor66c.jpg HTTP/1.1" 200 47632 "-" "Mozilla/5.0 (compatible; bingbot/2.0; +http://www.bing.com/bingbot.htm)" "ysfine.com"
216.244.66.229 - - [29/Sep/2022:22:33:22 -0700] "GET /kobak/church09.jpg HTTP/1.1" 200 147592 "-" "Mozilla/5.0 (compatible; DotBot/1.2; +https://opensiteexplorer.org/dotbot; help@moz.com)" "www.ysfine.com"
216.244.66.229 - - [29/Sep/2022:22:33:35 -0700] "GET /world/baltic/tallin08.jpg HTTP/1.1" 200 185940 "-" "Mozilla/5.0 (compatible; DotBot/1.2; +https://opensiteexplorer.org/dotbot; help@moz.com)" "www.ysfine.com"
193.169.254.211 - - [29/Sep/2022:22:33:49 -0700] "GET / HTTP/1.1" 200 15910 "-" "firefox" "ysfine.com"
40.77.167.27 - - [29/Sep/2022:22:33:55 -0700] "GET /newyork/radioci06.jpg HTTP/1.1" 200 170657 "-" "Mozilla/5.0 (compatible; bingbot/2.0; +http://www.bing.com/bingbot.htm)" "ysfine.com"
66.249.70.30 - - [29/Sep/2022:22:34:04 -0700] "GET /world/china/dandongbr03b.jpg HTTP/1.1" 304 - "-" "Googlebot-Image/1.0" "ysfine.com"
157.55.39.127 - - [29/Sep/2022:22:34:45 -0700] "GET /home/facu63c.jpg HTTP/1.1" 200 41710 "-" "Mozilla/5.0 AppleWebKit/537.36 (KHTML, like Gecko; compatible; bingbot/2.0; +http://www.bing.com/bingbot.htm) Chrome/103.0.5060.134 Safari/537.36" "ysfine.com"
207.46.13.102 - - [29/Sep/2022:22:34:50 -0700] "GET /wigner/parents.jpg HTTP/1.1" 200 69463 "-" "Mozilla/5.0 (compatible; bingbot/2.0; +http://www.bing.com/bingbot.htm)" "ysfine.com"
178.128.219.183 - - [29/Sep/2022:22:34:50 -0700] "GET /wp-includes/ID3/license.txt HTTP/1.1" 404 73 "-" "Mozilla/5.0 (Windows NT 10.0; Win64; x64) AppleWebKit/537.36 (KHTML, like Gecko) Chrome/95.0.4638.69 Safari/537.36" "ysfine.com"
178.128.219.183 - - [29/Sep/2022:22:34:52 -0700] "GET /xmlrpc.php?rsd HTTP/1.1" 500 5629 "-" "Mozilla/5.0 (Windows NT 10.0; Win64; x64) AppleWebKit/537.36 (KHTML, like Gecko) Chrome/95.0.4638.69 Safari/537.36" "ysfine.com"
178.128.219.183 - - [29/Sep/2022:22:34:53 -0700] "GET /blog/wp-includes/wlwmanifest.xml HTTP/1.1" 404 73 "-" "Mozilla/5.0 (Windows NT 10.0; Win64; x64) AppleWebKit/537.36 (KHTML, like Gecko) Chrome/95.0.4638.69 Safari/537.36" "ysfine.com"
178.128.219.183 - - [29/Sep/2022:22:34:54 -0700] "GET /web/wp-includes/wlwmanifest.xml HTTP/1.1" 404 73 "-" "Mozilla/5.0 (Windows NT 10.0; Win64; x64) AppleWebKit/537.36 (KHTML, like Gecko) Chrome/95.0.4638.69 Safari/537.36" "ysfine.com"
178.128.219.183 - - [29/Sep/2022:22:34:55 -0700] "GET /wordpress/wp-includes/wlwmanifest.xml HTTP/1.1" 404 73 "-" "Mozilla/5.0 (Windows NT 10.0; Win64; x64) AppleWebKit/537.36 (KHTML, like Gecko) Chrome/95.0.4638.69 Safari/537.36" "ysfine.com"
178.128.219.183 - - [29/Sep/2022:22:34:56 -0700] "GET /wp/wp-includes/wlwmanifest.xml HTTP/1.1" 404 73 "-" "Mozilla/5.0 (Windows NT 10.0; Win64; x64) AppleWebKit/537.36 (KHTML, like Gecko) Chrome/95.0.4638.69 Safari/537.36" "ysfine.com"
178.128.219.183 - - [29/Sep/2022:22:34:57 -0700] "GET /2020/wp-includes/wlwmanifest.xml HTTP/1.1" 404 73 "-" "Mozilla/5.0 (Windows NT 10.0; Win64; x64) AppleWebKit/537.36 (KHTML, like Gecko) Chrome/95.0.4638.69 Safari/537.36" "ysfine.com"
178.128.219.183 - - [29/Sep/2022:22:34:58 -0700] "GET /2019/wp-includes/wlwmanifest.xml HTTP/1.1" 404 73 "-" "Mozilla/5.0 (Windows NT 10.0; Win64; x64) AppleWebKit/537.36 (KHTML, like Gecko) Chrome/95.0.4638.69 Safari/537.36" "ysfine.com"
178.128.219.183 - - [29/Sep/2022:22:34:59 -0700] "GET /2021/wp-includes/wlwmanifest.xml HTTP/1.1" 404 73 "-" "Mozilla/5.0 (Windows NT 10.0; Win64; x64) AppleWebKit/537.36 (KHTML, like Gecko) Chrome/95.0.4638.69 Safari/537.36" "ysfine.com"
178.128.219.183 - - [29/Sep/2022:22:35:00 -0700] "GET /shop/wp-includes/wlwmanifest.xml HTTP/1.1" 404 73 "-" "Mozilla/5.0 (Windows NT 10.0; Win64; x64) AppleWebKit/537.36 (KHTML, like Gecko) Chrome/95.0.4638.69 Safari/537.36" "ysfine.com"
