173.73.80.118 - - [30/Sep/2022:01:07:37 -0700] "GET /home/ys54d.jpg HTTP/1.1" 200 39561 "https://ysfine.com/home/bio33" "Mozilla/5.0 (Windows NT 10.0; Win64; x64) AppleWebKit/537.36 (KHTML, like Gecko) Chrome/105.0.0.0 Safari/537.36 Edg/105.0.1343.53" "ysfine.com"
173.73.80.118 - - [30/Sep/2022:01:07:37 -0700] "GET /home/fotos/seoul50f.jpg HTTP/1.1" 200 127542 "https://ysfine.com/home/bio33" "Mozilla/5.0 (Windows NT 10.0; Win64; x64) AppleWebKit/537.36 (KHTML, like Gecko) Chrome/105.0.0.0 Safari/537.36 Edg/105.0.1343.53" "ysfine.com"
173.73.80.118 - - [30/Sep/2022:01:07:37 -0700] "GET /home/fotos/photo00d.jpg HTTP/1.1" 200 72203 "https://ysfine.com/home/bio33" "Mozilla/5.0 (Windows NT 10.0; Win64; x64) AppleWebKit/537.36 (KHTML, like Gecko) Chrome/105.0.0.0 Safari/537.36 Edg/105.0.1343.53" "ysfine.com"
173.73.80.118 - - [30/Sep/2022:01:07:37 -0700] "GET /home/fotos/beetho33d.jpg HTTP/1.1" 200 60567 "https://ysfine.com/home/bio33" "Mozilla/5.0 (Windows NT 10.0; Win64; x64) AppleWebKit/537.36 (KHTML, like Gecko) Chrome/105.0.0.0 Safari/537.36 Edg/105.0.1343.53" "ysfine.com"
173.73.80.118 - - [30/Sep/2022:01:07:37 -0700] "GET /home/hyperell33c.jpg HTTP/1.1" 200 36655 "https://ysfine.com/home/bio33" "Mozilla/5.0 (Windows NT 10.0; Win64; x64) AppleWebKit/537.36 (KHTML, like Gecko) Chrome/105.0.0.0 Safari/537.36 Edg/105.0.1343.53" "ysfine.com"
173.73.80.118 - - [30/Sep/2022:01:07:37 -0700] "GET /home/kbrain11a.jpg HTTP/1.1" 200 46007 "https://ysfine.com/home/bio33" "Mozilla/5.0 (Windows NT 10.0; Win64; x64) AppleWebKit/537.36 (KHTML, like Gecko) Chrome/105.0.0.0 Safari/537.36 Edg/105.0.1343.53" "ysfine.com"
173.73.80.118 - - [30/Sep/2022:01:07:37 -0700] "GET /home/wigner62c.jpg HTTP/1.1" 200 41727 "https://ysfine.com/home/bio33" "Mozilla/5.0 (Windows NT 10.0; Win64; x64) AppleWebKit/537.36 (KHTML, like Gecko) Chrome/105.0.0.0 Safari/537.36 Edg/105.0.1343.53" "ysfine.com"
173.73.80.118 - - [30/Sep/2022:01:07:37 -0700] "GET /home/fotos/stephens11d.jpg HTTP/1.1" 200 55455 "https://ysfine.com/home/bio33" "Mozilla/5.0 (Windows NT 10.0; Win64; x64) AppleWebKit/537.36 (KHTML, like Gecko) Chrome/105.0.0.0 Safari/537.36 Edg/105.0.1343.53" "ysfine.com"
173.73.80.118 - - [30/Sep/2022:01:07:37 -0700] "GET /home/fotos/chuseok11d.jpg HTTP/1.1" 200 70205 "https://ysfine.com/home/bio33" "Mozilla/5.0 (Windows NT 10.0; Win64; x64) AppleWebKit/537.36 (KHTML, like Gecko) Chrome/105.0.0.0 Safari/537.36 Edg/105.0.1343.53" "ysfine.com"
173.73.80.118 - - [30/Sep/2022:01:07:37 -0700] "GET /home/fotos/kennedy60d.jpg HTTP/1.1" 200 57844 "https://ysfine.com/home/bio33" "Mozilla/5.0 (Windows NT 10.0; Win64; x64) AppleWebKit/537.36 (KHTML, like Gecko) Chrome/105.0.0.0 Safari/537.36 Edg/105.0.1343.53" "ysfine.com"
157.55.39.58 - - [30/Sep/2022:01:08:41 -0700] "GET /princeton/brooke87.jpg HTTP/1.1" 200 174753 "-" "Mozilla/5.0 (compatible; bingbot/2.0; +http://www.bing.com/bingbot.htm)" "www.ysfine.com"
157.55.39.58 - - [30/Sep/2022:01:09:00 -0700] "GET /world/spain/madrif05.jpg HTTP/1.1" 200 243297 "-" "Mozilla/5.0 (compatible; bingbot/2.0; +http://www.bing.com/bingbot.htm)" "ysfine.com"
157.55.39.127 - - [30/Sep/2022:01:09:10 -0700] "GET /world/russ/kiev008b.jpg HTTP/1.1" 200 29921 "-" "Mozilla/5.0 AppleWebKit/537.36 (KHTML, like Gecko; compatible; bingbot/2.0; +http://www.bing.com/bingbot.htm) Chrome/103.0.5060.134 Safari/537.36" "ysfine.com"
157.55.39.128 - - [30/Sep/2022:01:09:50 -0700] "GET /world/brit/eton05.jpg HTTP/1.1" 200 130056 "-" "Mozilla/5.0 (compatible; bingbot/2.0; +http://www.bing.com/bingbot.htm)" "ysfine.com"
40.77.167.27 - - [30/Sep/2022:01:10:19 -0700] "GET /wisdom/yksgrave2.jpg HTTP/1.1" 200 41493 "-" "Mozilla/5.0 (compatible; bingbot/2.0; +http://www.bing.com/bingbot.htm)" "www.ysfine.com"
207.46.13.102 - - [30/Sep/2022:01:11:14 -0700] "GET /world/israel/jeru40.jpg HTTP/1.1" 200 261652 "-" "Mozilla/5.0 (compatible; bingbot/2.0; +http://www.bing.com/bingbot.htm)" "ysfine.com"
157.55.39.128 - - [30/Sep/2022:01:11:19 -0700] "GET /world/russ/minskf45.jpg HTTP/1.1" 200 111478 "-" "Mozilla/5.0 (compatible; bingbot/2.0; +http://www.bing.com/bingbot.htm)" "ysfine.com"
157.55.39.55 - - [30/Sep/2022:01:16:58 -0700] "GET /wigner/tep.jpg HTTP/1.1" 200 58796 "-" "Mozilla/5.0 (compatible; bingbot/2.0; +http://www.bing.com/bingbot.htm)" "ysfine.com"
40.77.167.27 - - [30/Sep/2022:01:17:50 -0700] "GET /wdc/gtown07.jpg HTTP/1.1" 200 134771 "-" "Mozilla/5.0 (compatible; bingbot/2.0; +http://www.bing.com/bingbot.htm)" "ysfine.com"
157.55.39.58 - - [30/Sep/2022:01:18:52 -0700] "GET /world/scandi/copen057.jpg HTTP/1.1" 200 134099 "-" "Mozilla/5.0 (compatible; bingbot/2.0; +http://www.bing.com/bingbot.htm)" "ysfine.com"
77.75.72.26 - - [30/Sep/2022:01:18:57 -0700] "GET /feynman/fthbot.html HTTP/1.1" 304 - "-" "Mozilla/5.0 (compatible; SeznamBot/4.0-RC1; +http://napoveda.seznam.cz/seznambot-intro/)" "ysfine.com"
114.119.128.162 - - [30/Sep/2022:01:20:27 -0700] "GET /maga/popov.html&sa=U&ved=2ahUKEwj_6ciFoOz0AhUSi8MKHbzZB18QFnoECAAQAg&usg=AOvVaw3WMvPVvporncxERkOkMzua HTTP/1.1" 404 88 "https://anarim.az/img/search.php?newwindow=1&safe=off&hl=ru&q=who%2Binvented%2Bradio%2Bpopov" "Mozilla/5.0 (Linux; Android 7.0;) AppleWebKit/537.36 (KHTML, like Gecko) Mobile Safari/537.36 (compatible; PetalBot;+https://webmaster.petalsearch.com/site/petalbot)" "ysfine.com"
207.46.13.102 - - [30/Sep/2022:01:21:35 -0700] "GET /world/germany/trier04.jpg HTTP/1.1" 200 237435 "-" "Mozilla/5.0 (compatible; bingbot/2.0; +http://www.bing.com/bingbot.htm)" "www.ysfine.com"
157.55.39.55 - - [30/Sep/2022:01:22:08 -0700] "GET /usca/vegas/caesar10.jpg HTTP/1.1" 200 102896 "-" "Mozilla/5.0 (compatible; bingbot/2.0; +http://www.bing.com/bingbot.htm)" "ysfine.com"
114.119.128.14 - - [30/Sep/2022:01:22:34 -0700] "GET /princeton/psrigh.html HTTP/1.1" 404 88 "https://ysfine.com/style/songs54.html" "Mozilla/5.0 (Linux; Android 7.0;) AppleWebKit/537.36 (KHTML, like Gecko) Mobile Safari/537.36 (compatible; PetalBot;+https://webmaster.petalsearch.com/site/petalbot)" "ysfine.com"
173.73.80.118 - - [30/Sep/2022:01:22:51 -0700] "GET /home/bio33 HTTP/1.1" 200 10485 "-" "Mozilla/5.0 (Windows NT 10.0; Win64; x64) AppleWebKit/537.36 (KHTML, like Gecko) Chrome/105.0.0.0 Safari/537.36 Edg/105.0.1343.53" "ysfine.com"
77.88.5.233 - - [30/Sep/2022:01:23:07 -0700] "GET /people/wheeler.html HTTP/1.1" 200 3348 "-" "Mozilla/5.0 (compatible; YandexBot/3.0; +http://yandex.com/bots)" "www.ysfine.com"
66.249.70.8 - - [30/Sep/2022:01:23:11 -0700] "GET /sbk/1976wdc11.jpg HTTP/1.1" 200 174125 "-" "Googlebot-Image/1.0" "www.ysfine.com"
40.77.167.27 - - [30/Sep/2022:01:24:22 -0700] "GET /world/ital/bologsw21b.jpg HTTP/1.1" 200 48117 "-" "Mozilla/5.0 AppleWebKit/537.36 (KHTML, like Gecko; compatible; bingbot/2.0; +http://www.bing.com/bingbot.htm) Chrome/103.0.5060.134 Safari/537.36" "ysfine.com"
173.73.80.118 - - [30/Sep/2022:01:24:37 -0700] "GET /heisen/einheisen22.html HTTP/1.1" 200 4707 "https://ysfine.com/home/bio33" "Mozilla/5.0 (Windows NT 10.0; Win64; x64) AppleWebKit/537.36 (KHTML, like Gecko) Chrome/105.0.0.0 Safari/537.36 Edg/105.0.1343.53" "ysfine.com"
173.73.80.118 - - [30/Sep/2022:01:24:37 -0700] "GET /dirac/dirheisen31c.jpg HTTP/1.1" 200 43569 "https://ysfine.com/heisen/einheisen22.html" "Mozilla/5.0 (Windows NT 10.0; Win64; x64) AppleWebKit/537.36 (KHTML, like Gecko) Chrome/105.0.0.0 Safari/537.36 Edg/105.0.1343.53" "ysfine.com"
173.73.80.118 - - [30/Sep/2022:01:24:37 -0700] "GET /einstein/einhouse11c.jpg HTTP/1.1" 200 32610 "https://ysfine.com/heisen/einheisen22.html" "Mozilla/5.0 (Windows NT 10.0; Win64; x64) AppleWebKit/537.36 (KHTML, like Gecko) Chrome/105.0.0.0 Safari/537.36 Edg/105.0.1343.53" "ysfine.com"
173.73.80.118 - - [30/Sep/2022:01:24:37 -0700] "GET /dirac/2osc22c.jpg HTTP/1.1" 200 28929 "https://ysfine.com/heisen/einheisen22.html" "Mozilla/5.0 (Windows NT 10.0; Win64; x64) AppleWebKit/537.36 (KHTML, like Gecko) Chrome/105.0.0.0 Safari/537.36 Edg/105.0.1343.53" "ysfine.com"
173.73.80.118 - - [30/Sep/2022:01:24:37 -0700] "GET /heisen/math/sp2c.jpg HTTP/1.1" 200 30418 "https://ysfine.com/heisen/einheisen22.html" "Mozilla/5.0 (Windows NT 10.0; Win64; x64) AppleWebKit/537.36 (KHTML, like Gecko) Chrome/105.0.0.0 Safari/537.36 Edg/105.0.1343.53" "ysfine.com"
114.119.128.162 - - [30/Sep/2022:01:26:08 -0700] "GET /class54/class5470/total_data/photo_img/2-72.jpg HTTP/1.1" 200 93981 "https://ysfine.com/class54/class5470/total_data/sub_272.htm" "Mozilla/5.0 (Linux; Android 7.0;) AppleWebKit/537.36 (KHTML, like Gecko) Mobile Safari/537.36 (compatible; PetalBot;+https://webmaster.petalsearch.com/site/petalbot)" "ysfine.com"
49.70.251.26 - - [30/Sep/2022:01:26:31 -0700] "GET /einstein/heisen33b.jpg HTTP/1.1" 200 78035 "-" "Mozilla/5.0 (Windows NT 6.1) AppleWebKit/537.36 (KHTML, like Gecko) Chrome/86.0.4240.198 Safari/537.36" "ysfine.com"
172.102.211.208 - - [30/Sep/2022:01:26:57 -0700] "GET /world/germany/leipzig42.jpg HTTP/1.1" 200 380501 "-" "Mozilla/5.0 (Windows NT 6.3; WOW64) AppleWebKit/537.36 (KHTML, like Gecko) Chrome/38.0.2125.111 Safari/537.36" "www.ysfine.com"
157.55.39.55 - - [30/Sep/2022:01:27:10 -0700] "GET /world/germany/johannstra11.jpg HTTP/1.1" 200 147737 "-" "Mozilla/5.0 (compatible; bingbot/2.0; +http://www.bing.com/bingbot.htm)" "ysfine.com"
124.223.196.50 - - [30/Sep/2022:01:27:30 -0700] "GET / HTTP/1.1" 200 5283 "http://ysfine.com" "Mozilla/5.0 (Linux; Android 6.0; Nexus 5 Build/MRA58N) AppleWebKit/537.36 (KHTML, like Gecko) Chrome/81.0.4044.138 Mobile Safari/537.36" "ysfine.com"
64.62.158.114 - - [30/Sep/2022:01:27:52 -0700] "GET /princeton/gcollege22.jpg HTTP/1.1" 200 75914 "http://www.jplay.eu/" "Mozilla/5.0 (X11; Linux x86_64) AppleWebKit/537.36 (KHTML, like Gecko) Chrome/104.0.5112.79 Safari/537.36" "ysfine.com"
173.73.80.118 - - [30/Sep/2022:01:28:10 -0700] "GET /ys11/ HTTP/1.1" 304 - "-" "Mozilla/5.0 (Windows NT 10.0; Win64; x64) AppleWebKit/537.36 (KHTML, like Gecko) Chrome/105.0.0.0 Safari/537.36 Edg/105.0.1343.53" "ysfine.com"
173.73.80.118 - - [30/Sep/2022:01:28:10 -0700] "GET /favicon.ico HTTP/1.1" 404 88 "https://ysfine.com/ys11/" "Mozilla/5.0 (Windows NT 10.0; Win64; x64) AppleWebKit/537.36 (KHTML, like Gecko) Chrome/105.0.0.0 Safari/537.36 Edg/105.0.1343.53" "ysfine.com"
173.73.80.118 - - [30/Sep/2022:01:28:15 -0700] "GET /home/bio44.html HTTP/1.1" 200 14624 "https://ysfine.com/ys11/" "Mozilla/5.0 (Windows NT 10.0; Win64; x64) AppleWebKit/537.36 (KHTML, like Gecko) Chrome/105.0.0.0 Safari/537.36 Edg/105.0.1343.53" "ysfine.com"
173.73.80.118 - - [30/Sep/2022:01:28:15 -0700] "GET /home/ys5458g.jpg HTTP/1.1" 200 109717 "https://ysfine.com/home/bio44.html" "Mozilla/5.0 (Windows NT 10.0; Win64; x64) AppleWebKit/537.36 (KHTML, like Gecko) Chrome/105.0.0.0 Safari/537.36 Edg/105.0.1343.53" "ysfine.com"
173.73.80.118 - - [30/Sep/2022:01:28:15 -0700] "GET /home/pgh/pghrail11d.jpg HTTP/1.1" 200 45999 "https://ysfine.com/home/bio44.html" "Mozilla/5.0 (Windows NT 10.0; Win64; x64) AppleWebKit/537.36 (KHTML, like Gecko) Chrome/105.0.0.0 Safari/537.36 Edg/105.0.1343.53" "ysfine.com"
173.73.80.118 - - [30/Sep/2022:01:28:15 -0700] "GET /home/pgh/kwkpgh01d.jpg HTTP/1.1" 200 82297 "https://ysfine.com/home/bio44.html" "Mozilla/5.0 (Windows NT 10.0; Win64; x64) AppleWebKit/537.36 (KHTML, like Gecko) Chrome/105.0.0.0 Safari/537.36 Edg/105.0.1343.53" "ysfine.com"
173.73.80.118 - - [30/Sep/2022:01:28:15 -0700] "GET /home/pgh/oldterm22b.jpg HTTP/1.1" 200 24276 "https://ysfine.com/home/bio44.html" "Mozilla/5.0 (Windows NT 10.0; Win64; x64) AppleWebKit/537.36 (KHTML, like Gecko) Chrome/105.0.0.0 Safari/537.36 Edg/105.0.1343.53" "ysfine.com"
173.73.80.118 - - [30/Sep/2022:01:28:15 -0700] "GET /home/pgh/steelm01d.jpg HTTP/1.1" 200 30155 "https://ysfine.com/home/bio44.html" "Mozilla/5.0 (Windows NT 10.0; Win64; x64) AppleWebKit/537.36 (KHTML, like Gecko) Chrome/105.0.0.0 Safari/537.36 Edg/105.0.1343.53" "ysfine.com"
173.73.80.118 - - [30/Sep/2022:01:28:15 -0700] "GET /home/pgh/kerry11b.jpg HTTP/1.1" 200 29670 "https://ysfine.com/home/bio44.html" "Mozilla/5.0 (Windows NT 10.0; Win64; x64) AppleWebKit/537.36 (KHTML, like Gecko) Chrome/105.0.0.0 Safari/537.36 Edg/105.0.1343.53" "ysfine.com"
173.73.80.118 - - [30/Sep/2022:01:28:15 -0700] "GET /home/pgh04f.jpg HTTP/1.1" 200 111691 "https://ysfine.com/home/bio44.html" "Mozilla/5.0 (Windows NT 10.0; Win64; x64) AppleWebKit/537.36 (KHTML, like Gecko) Chrome/105.0.0.0 Safari/537.36 Edg/105.0.1343.53" "ysfine.com"
173.73.80.118 - - [30/Sep/2022:01:28:15 -0700] "GET /home/pgh/syriamos22d.jpg HTTP/1.1" 200 59190 "https://ysfine.com/home/bio44.html" "Mozilla/5.0 (Windows NT 10.0; Win64; x64) AppleWebKit/537.36 (KHTML, like Gecko) Chrome/105.0.0.0 Safari/537.36 Edg/105.0.1343.53" "ysfine.com"
173.73.80.118 - - [30/Sep/2022:01:28:15 -0700] "GET /home/pgh/steelm02d.jpg HTTP/1.1" 200 32938 "https://ysfine.com/home/bio44.html" "Mozilla/5.0 (Windows NT 10.0; Win64; x64) AppleWebKit/537.36 (KHTML, like Gecko) Chrome/105.0.0.0 Safari/537.36 Edg/105.0.1343.53" "ysfine.com"
173.73.80.118 - - [30/Sep/2022:01:28:15 -0700] "GET /home/pgh/oldterm33b.jpg HTTP/1.1" 200 32151 "https://ysfine.com/home/bio44.html" "Mozilla/5.0 (Windows NT 10.0; Win64; x64) AppleWebKit/537.36 (KHTML, like Gecko) Chrome/105.0.0.0 Safari/537.36 Edg/105.0.1343.53" "ysfine.com"
173.73.80.118 - - [30/Sep/2022:01:28:15 -0700] "GET /home/pgh/strcar450.jpg HTTP/1.1" 200 53773 "https://ysfine.com/home/bio44.html" "Mozilla/5.0 (Windows NT 10.0; Win64; x64) AppleWebKit/537.36 (KHTML, like Gecko) Chrome/105.0.0.0 Safari/537.36 Edg/105.0.1343.53" "ysfine.com"
173.73.80.118 - - [30/Sep/2022:01:28:15 -0700] "GET /home/pgh/pittcath05d.jpg HTTP/1.1" 200 71771 "https://ysfine.com/home/bio44.html" "Mozilla/5.0 (Windows NT 10.0; Win64; x64) AppleWebKit/537.36 (KHTML, like Gecko) Chrome/105.0.0.0 Safari/537.36 Edg/105.0.1343.53" "ysfine.com"
173.73.80.118 - - [30/Sep/2022:01:28:15 -0700] "GET /home/pgh/sliderule2.jpg HTTP/1.1" 200 26399 "https://ysfine.com/home/bio44.html" "Mozilla/5.0 (Windows NT 10.0; Win64; x64) AppleWebKit/537.36 (KHTML, like Gecko) Chrome/105.0.0.0 Safari/537.36 Edg/105.0.1343.53" "ysfine.com"
173.73.80.118 - - [30/Sep/2022:01:28:15 -0700] "GET /home/pgh/carnlibra02d.jpg HTTP/1.1" 200 62461 "https://ysfine.com/home/bio44.html" "Mozilla/5.0 (Windows NT 10.0; Win64; x64) AppleWebKit/537.36 (KHTML, like Gecko) Chrome/105.0.0.0 Safari/537.36 Edg/105.0.1343.53" "ysfine.com"
173.73.80.118 - - [30/Sep/2022:01:28:15 -0700] "GET /home/pgh/gonew450.jpg HTTP/1.1" 200 58216 "https://ysfine.com/home/bio44.html" "Mozilla/5.0 (Windows NT 10.0; Win64; x64) AppleWebKit/537.36 (KHTML, like Gecko) Chrome/105.0.0.0 Safari/537.36 Edg/105.0.1343.53" "ysfine.com"
173.73.80.118 - - [30/Sep/2022:01:28:15 -0700] "GET /home/pgh/sbk57d.jpg HTTP/1.1" 200 53989 "https://ysfine.com/home/bio44.html" "Mozilla/5.0 (Windows NT 10.0; Win64; x64) AppleWebKit/537.36 (KHTML, like Gecko) Chrome/105.0.0.0 Safari/537.36 Edg/105.0.1343.53" "ysfine.com"
173.73.80.118 - - [30/Sep/2022:01:28:15 -0700] "GET /home/pgh/donner07d.jpg HTTP/1.1" 200 74437 "https://ysfine.com/home/bio44.html" "Mozilla/5.0 (Windows NT 10.0; Win64; x64) AppleWebKit/537.36 (KHTML, like Gecko) Chrome/105.0.0.0 Safari/537.36 Edg/105.0.1343.53" "ysfine.com"
173.73.80.118 - - [30/Sep/2022:01:28:15 -0700] "GET /home/pgh/poli55d.jpg HTTP/1.1" 200 40614 "https://ysfine.com/home/bio44.html" "Mozilla/5.0 (Windows NT 10.0; Win64; x64) AppleWebKit/537.36 (KHTML, like Gecko) Chrome/105.0.0.0 Safari/537.36 Edg/105.0.1343.53" "ysfine.com"
173.73.80.118 - - [30/Sep/2022:01:28:15 -0700] "GET /home/pgh/carnlab11b.jpg HTTP/1.1" 200 32622 "https://ysfine.com/home/bio44.html" "Mozilla/5.0 (Windows NT 10.0; Win64; x64) AppleWebKit/537.36 (KHTML, like Gecko) Chrome/105.0.0.0 Safari/537.36 Edg/105.0.1343.53" "ysfine.com"
173.73.80.118 - - [30/Sep/2022:01:28:15 -0700] "GET /home/pgh/yodh03d.jpg HTTP/1.1" 200 34647 "https://ysfine.com/home/bio44.html" "Mozilla/5.0 (Windows NT 10.0; Win64; x64) AppleWebKit/537.36 (KHTML, like Gecko) Chrome/105.0.0.0 Safari/537.36 Edg/105.0.1343.53" "ysfine.com"
173.73.80.118 - - [30/Sep/2022:01:28:15 -0700] "GET /home/pgh/bhagat450.jpg HTTP/1.1" 200 50718 "https://ysfine.com/home/bio44.html" "Mozilla/5.0 (Windows NT 10.0; Win64; x64) AppleWebKit/537.36 (KHTML, like Gecko) Chrome/105.0.0.0 Safari/537.36 Edg/105.0.1343.53" "ysfine.com"
173.73.80.118 - - [30/Sep/2022:01:28:15 -0700] "GET /home/pgh/samsung11d.jpg HTTP/1.1" 200 49550 "https://ysfine.com/home/bio44.html" "Mozilla/5.0 (Windows NT 10.0; Win64; x64) AppleWebKit/537.36 (KHTML, like Gecko) Chrome/105.0.0.0 Safari/537.36 Edg/105.0.1343.53" "ysfine.com"
173.73.80.118 - - [30/Sep/2022:01:28:15 -0700] "GET /home/pgh/pittcath01d.jpg HTTP/1.1" 200 46866 "https://ysfine.com/home/bio44.html" "Mozilla/5.0 (Windows NT 10.0; Win64; x64) AppleWebKit/537.36 (KHTML, like Gecko) Chrome/105.0.0.0 Safari/537.36 Edg/105.0.1343.53" "ysfine.com"
173.73.80.118 - - [30/Sep/2022:01:28:15 -0700] "GET /home/pgh/carnlibra03d.jpg HTTP/1.1" 200 71885 "https://ysfine.com/home/bio44.html" "Mozilla/5.0 (Windows NT 10.0; Win64; x64) AppleWebKit/537.36 (KHTML, like Gecko) Chrome/105.0.0.0 Safari/537.36 Edg/105.0.1343.53" "ysfine.com"
173.73.80.118 - - [30/Sep/2022:01:28:15 -0700] "GET /home/pgh/fortpitt01d.jpg HTTP/1.1" 200 50191 "https://ysfine.com/home/bio44.html" "Mozilla/5.0 (Windows NT 10.0; Win64; x64) AppleWebKit/537.36 (KHTML, like Gecko) Chrome/105.0.0.0 Safari/537.36 Edg/105.0.1343.53" "ysfine.com"
173.73.80.118 - - [30/Sep/2022:01:28:15 -0700] "GET /home/pgh/knee22d.jpg HTTP/1.1" 200 67107 "https://ysfine.com/home/bio44.html" "Mozilla/5.0 (Windows NT 10.0; Win64; x64) AppleWebKit/537.36 (KHTML, like Gecko) Chrome/105.0.0.0 Safari/537.36 Edg/105.0.1343.53" "ysfine.com"
173.73.80.118 - - [30/Sep/2022:01:28:15 -0700] "GET /home/pgh/knee11d.jpg HTTP/1.1" 200 57092 "https://ysfine.com/home/bio44.html" "Mozilla/5.0 (Windows NT 10.0; Win64; x64) AppleWebKit/537.36 (KHTML, like Gecko) Chrome/105.0.0.0 Safari/537.36 Edg/105.0.1343.53" "ysfine.com"
173.73.80.118 - - [30/Sep/2022:01:28:15 -0700] "GET /home/pgh/cmall57d.jpg HTTP/1.1" 200 45539 "https://ysfine.com/home/bio44.html" "Mozilla/5.0 (Windows NT 10.0; Win64; x64) AppleWebKit/537.36 (KHTML, like Gecko) Chrome/105.0.0.0 Safari/537.36 Edg/105.0.1343.53" "ysfine.com"
173.73.80.118 - - [30/Sep/2022:01:28:15 -0700] "GET /home/pgh/pitbridge01d.jpg HTTP/1.1" 200 61787 "https://ysfine.com/home/bio44.html" "Mozilla/5.0 (Windows NT 10.0; Win64; x64) AppleWebKit/537.36 (KHTML, like Gecko) Chrome/105.0.0.0 Safari/537.36 Edg/105.0.1343.53" "ysfine.com"
173.73.80.118 - - [30/Sep/2022:01:28:15 -0700] "GET /home/pgh/pitmap03d.jpg HTTP/1.1" 200 63254 "https://ysfine.com/home/bio44.html" "Mozilla/5.0 (Windows NT 10.0; Win64; x64) AppleWebKit/537.36 (KHTML, like Gecko) Chrome/105.0.0.0 Safari/537.36 Edg/105.0.1343.53" "ysfine.com"
173.73.80.118 - - [30/Sep/2022:01:28:15 -0700] "GET /home/pgh/mtwash02d.jpg HTTP/1.1" 200 41270 "https://ysfine.com/home/bio44.html" "Mozilla/5.0 (Windows NT 10.0; Win64; x64) AppleWebKit/537.36 (KHTML, like Gecko) Chrome/105.0.0.0 Safari/537.36 Edg/105.0.1343.53" "ysfine.com"
173.73.80.118 - - [30/Sep/2022:01:28:15 -0700] "GET /home/pgh/highland03d.jpg HTTP/1.1" 200 47727 "https://ysfine.com/home/bio44.html" "Mozilla/5.0 (Windows NT 10.0; Win64; x64) AppleWebKit/537.36 (KHTML, like Gecko) Chrome/105.0.0.0 Safari/537.36 Edg/105.0.1343.53" "ysfine.com"
173.73.80.118 - - [30/Sep/2022:01:28:15 -0700] "GET /home/pgh/pitcn02d.jpg HTTP/1.1" 200 61760 "https://ysfine.com/home/bio44.html" "Mozilla/5.0 (Windows NT 10.0; Win64; x64) AppleWebKit/537.36 (KHTML, like Gecko) Chrome/105.0.0.0 Safari/537.36 Edg/105.0.1343.53" "ysfine.com"
173.73.80.118 - - [30/Sep/2022:01:28:15 -0700] "GET /home/pgh/heinzfld03d.jpg HTTP/1.1" 200 48914 "https://ysfine.com/home/bio44.html" "Mozilla/5.0 (Windows NT 10.0; Win64; x64) AppleWebKit/537.36 (KHTML, like Gecko) Chrome/105.0.0.0 Safari/537.36 Edg/105.0.1343.53" "ysfine.com"
173.73.80.118 - - [30/Sep/2022:01:28:15 -0700] "GET /home/pgh/hugh01b.jpg HTTP/1.1" 200 629471 "https://ysfine.com/home/bio44.html" "Mozilla/5.0 (Windows NT 10.0; Win64; x64) AppleWebKit/537.36 (KHTML, like Gecko) Chrome/105.0.0.0 Safari/537.36 Edg/105.0.1343.53" "ysfine.com"
173.73.80.118 - - [30/Sep/2022:01:28:15 -0700] "GET /home/pgh/yspgh58d.jpg HTTP/1.1" 200 57149 "https://ysfine.com/home/bio44.html" "Mozilla/5.0 (Windows NT 10.0; Win64; x64) AppleWebKit/537.36 (KHTML, like Gecko) Chrome/105.0.0.0 Safari/537.36 Edg/105.0.1343.53" "ysfine.com"
173.73.80.118 - - [30/Sep/2022:01:28:15 -0700] "GET /princeton/yspr58d.jpg HTTP/1.1" 200 62585 "https://ysfine.com/home/bio44.html" "Mozilla/5.0 (Windows NT 10.0; Win64; x64) AppleWebKit/537.36 (KHTML, like Gecko) Chrome/105.0.0.0 Safari/537.36 Edg/105.0.1343.53" "ysfine.com"
173.73.80.118 - - [30/Sep/2022:01:28:15 -0700] "GET /home/goodbad55b.jpg HTTP/1.1" 200 34310 "https://ysfine.com/home/bio44.html" "Mozilla/5.0 (Windows NT 10.0; Win64; x64) AppleWebKit/537.36 (KHTML, like Gecko) Chrome/105.0.0.0 Safari/537.36 Edg/105.0.1343.53" "ysfine.com"
173.73.80.118 - - [30/Sep/2022:01:28:15 -0700] "GET /kobak/taylor450.jpg HTTP/1.1" 200 70219 "https://ysfine.com/home/bio44.html" "Mozilla/5.0 (Windows NT 10.0; Win64; x64) AppleWebKit/537.36 (KHTML, like Gecko) Chrome/105.0.0.0 Safari/537.36 Edg/105.0.1343.53" "ysfine.com"
173.73.80.118 - - [30/Sep/2022:01:28:15 -0700] "GET /home/pgh/giants55d.jpg HTTP/1.1" 200 63685 "https://ysfine.com/home/bio44.html" "Mozilla/5.0 (Windows NT 10.0; Win64; x64) AppleWebKit/537.36 (KHTML, like Gecko) Chrome/105.0.0.0 Safari/537.36 Edg/105.0.1343.53" "ysfine.com"
173.73.80.118 - - [30/Sep/2022:01:28:15 -0700] "GET /home/pgh/scotam450.jpg HTTP/1.1" 200 54833 "https://ysfine.com/home/bio44.html" "Mozilla/5.0 (Windows NT 10.0; Win64; x64) AppleWebKit/537.36 (KHTML, like Gecko) Chrome/105.0.0.0 Safari/537.36 Edg/105.0.1343.53" "ysfine.com"
173.73.80.118 - - [30/Sep/2022:01:28:15 -0700] "GET /home/pgh/machinery22d.jpg HTTP/1.1" 200 41869 "https://ysfine.com/home/bio44.html" "Mozilla/5.0 (Windows NT 10.0; Win64; x64) AppleWebKit/537.36 (KHTML, like Gecko) Chrome/105.0.0.0 Safari/537.36 Edg/105.0.1343.53" "ysfine.com"
173.73.80.118 - - [30/Sep/2022:01:28:15 -0700] "GET /home/pgh/pitcn01d.jpg HTTP/1.1" 200 63302 "https://ysfine.com/home/bio44.html" "Mozilla/5.0 (Windows NT 10.0; Win64; x64) AppleWebKit/537.36 (KHTML, like Gecko) Chrome/105.0.0.0 Safari/537.36 Edg/105.0.1343.53" "ysfine.com"
173.73.80.118 - - [30/Sep/2022:01:28:15 -0700] "GET /home/pgh/donner03d.jpg HTTP/1.1" 200 38841 "https://ysfine.com/home/bio44.html" "Mozilla/5.0 (Windows NT 10.0; Win64; x64) AppleWebKit/537.36 (KHTML, like Gecko) Chrome/105.0.0.0 Safari/537.36 Edg/105.0.1343.53" "ysfine.com"
173.73.80.118 - - [30/Sep/2022:01:28:15 -0700] "GET /home/pgh/fortpitt03d.jpg HTTP/1.1" 200 44027 "https://ysfine.com/home/bio44.html" "Mozilla/5.0 (Windows NT 10.0; Win64; x64) AppleWebKit/537.36 (KHTML, like Gecko) Chrome/105.0.0.0 Safari/537.36 Edg/105.0.1343.53" "ysfine.com"
173.73.80.118 - - [30/Sep/2022:01:28:15 -0700] "GET /home/pgh/cyclo450.jpg HTTP/1.1" 200 56827 "https://ysfine.com/home/bio44.html" "Mozilla/5.0 (Windows NT 10.0; Win64; x64) AppleWebKit/537.36 (KHTML, like Gecko) Chrome/105.0.0.0 Safari/537.36 Edg/105.0.1343.53" "ysfine.com"
173.73.80.118 - - [30/Sep/2022:01:28:15 -0700] "GET /home/pgh/syriamos11d.jpg HTTP/1.1" 200 58783 "https://ysfine.com/home/bio44.html" "Mozilla/5.0 (Windows NT 10.0; Win64; x64) AppleWebKit/537.36 (KHTML, like Gecko) Chrome/105.0.0.0 Safari/537.36 Edg/105.0.1343.53" "ysfine.com"
173.73.80.118 - - [30/Sep/2022:01:28:15 -0700] "GET /home/pgh/poli33d.jpg HTTP/1.1" 200 46829 "https://ysfine.com/home/bio44.html" "Mozilla/5.0 (Windows NT 10.0; Win64; x64) AppleWebKit/537.36 (KHTML, like Gecko) Chrome/105.0.0.0 Safari/537.36 Edg/105.0.1343.53" "ysfine.com"
173.73.80.118 - - [30/Sep/2022:01:28:15 -0700] "GET /home/pgh/tririver01d.jpg HTTP/1.1" 200 43527 "https://ysfine.com/home/bio44.html" "Mozilla/5.0 (Windows NT 10.0; Win64; x64) AppleWebKit/537.36 (KHTML, like Gecko) Chrome/105.0.0.0 Safari/537.36 Edg/105.0.1343.53" "ysfine.com"
173.73.80.118 - - [30/Sep/2022:01:28:21 -0700] "GET /home/bio77.html HTTP/1.1" 304 - "https://ysfine.com/ys11/" "Mozilla/5.0 (Windows NT 10.0; Win64; x64) AppleWebKit/537.36 (KHTML, like Gecko) Chrome/105.0.0.0 Safari/537.36 Edg/105.0.1343.53" "ysfine.com"
157.55.39.127 - - [30/Sep/2022:01:28:22 -0700] "GET /kowar/war02.html HTTP/1.1" 200 9935 "-" "Mozilla/5.0 (compatible; bingbot/2.0; +http://www.bing.com/bingbot.htm)" "ysfine.com"
207.46.13.102 - - [30/Sep/2022:01:28:26 -0700] "GET /world/paris HTTP/1.1" 200 18129 "-" "Mozilla/5.0 (compatible; bingbot/2.0; +http://www.bing.com/bingbot.htm)" "ysfine.com"
157.55.39.55 - - [30/Sep/2022:01:28:33 -0700] "GET /class54/emailed05.html HTTP/1.1" 200 16866 "-" "Mozilla/5.0 AppleWebKit/537.36 (KHTML, like Gecko; compatible; bingbot/2.0; +http://www.bing.com/bingbot.htm) Chrome/103.0.5060.134 Safari/537.36" "ysfine.com"
46.223.163.239 - - [30/Sep/2022:01:28:33 -0700] "GET /people/redgreen300.jpg HTTP/1.1" 200 40144 "https://www.google.com/" "Mozilla/5.0 (X11; Linux x86_64) AppleWebKit/537.36 (KHTML, like Gecko) Chrome/104.0.0.0 Safari/537.36" "ysfine.com"
157.55.39.128 - - [30/Sep/2022:01:28:37 -0700] "GET /world/china22.html HTTP/1.1" 200 12827 "-" "Mozilla/5.0 (compatible; bingbot/2.0; +http://www.bing.com/bingbot.htm)" "ysfine.com"
157.55.39.128 - - [30/Sep/2022:01:28:37 -0700] "GET /home/wigstu.html HTTP/1.1" 200 4212 "-" "Mozilla/5.0 AppleWebKit/537.36 (KHTML, like Gecko; compatible; bingbot/2.0; +http://www.bing.com/bingbot.htm) Chrome/103.0.5060.134 Safari/537.36" "ysfine.com"
114.119.128.158 - - [30/Sep/2022:01:28:51 -0700] "GET /friends/wosist.html HTTP/1.1" 404 88 "http://ysfine.com/world/kazan22.html" "Mozilla/5.0 (Linux; Android 7.0;) AppleWebKit/537.36 (KHTML, like Gecko) Mobile Safari/537.36 (compatible; PetalBot;+https://webmaster.petalsearch.com/site/petalbot)" "ysfine.com"
157.55.39.58 - - [30/Sep/2022:01:30:33 -0700] "GET /feynman/ppic/quapar55.jpg HTTP/1.1" 200 113966 "-" "Mozilla/5.0 (compatible; bingbot/2.0; +http://www.bing.com/bingbot.htm)" "www.ysfine.com"
157.55.39.128 - - [30/Sep/2022:01:30:41 -0700] "GET /world/scandi/sto016.jpg HTTP/1.1" 200 84725 "-" "Mozilla/5.0 AppleWebKit/537.36 (KHTML, like Gecko; compatible; bingbot/2.0; +http://www.bing.com/bingbot.htm) Chrome/103.0.5060.134 Safari/537.36" "ysfine.com"
157.55.39.127 - - [30/Sep/2022:01:30:46 -0700] "GET /eink/learn22.jpg HTTP/1.1" 200 111061 "-" "Mozilla/5.0 (compatible; bingbot/2.0; +http://www.bing.com/bingbot.htm)" "ysfine.com"
207.46.13.102 - - [30/Sep/2022:01:30:56 -0700] "GET /newyork/seaport04.jpg HTTP/1.1" 200 198426 "-" "Mozilla/5.0 AppleWebKit/537.36 (KHTML, like Gecko; compatible; bingbot/2.0; +http://www.bing.com/bingbot.htm) Chrome/103.0.5060.134 Safari/537.36" "www.ysfine.com"
40.77.167.27 - - [30/Sep/2022:01:31:12 -0700] "GET /world/russ/spbf34.jpg HTTP/1.1" 200 112353 "-" "Mozilla/5.0 (compatible; bingbot/2.0; +http://www.bing.com/bingbot.htm)" "www.ysfine.com"
77.88.5.126 - - [30/Sep/2022:01:31:16 -0700] "GET /world/kazan22.html HTTP/1.1" 200 13776 "-" "Mozilla/5.0 (compatible; YandexBot/3.0; +http://yandex.com/bots)" "www.ysfine.com"
77.88.5.46 - - [30/Sep/2022:01:32:05 -0700] "GET /world/russ/kazan002.jpg HTTP/1.1" 200 106231 "-" "Mozilla/5.0 (compatible; YandexImages/3.0; +http://yandex.com/bots)" "www.ysfine.com"
77.88.5.245 - - [30/Sep/2022:01:32:08 -0700] "GET /world/russ/bachkova22b.jpg HTTP/1.1" 200 28646 "-" "Mozilla/5.0 (compatible; YandexImages/3.0; +http://yandex.com/bots)" "www.ysfine.com"
77.88.5.46 - - [30/Sep/2022:01:32:11 -0700] "GET /world/russ/masha11.jpg HTTP/1.1" 200 178810 "-" "Mozilla/5.0 (compatible; YandexImages/3.0; +http://yandex.com/bots)" "www.ysfine.com"
77.88.5.233 - - [30/Sep/2022:01:32:14 -0700] "GET /world/russ/kazan101b.jpg HTTP/1.1" 200 26380 "-" "Mozilla/5.0 (compatible; YandexImages/3.0; +http://yandex.com/bots)" "www.ysfine.com"
77.88.5.245 - - [30/Sep/2022:01:32:16 -0700] "GET /world/russ/kazan036b.jpg HTTP/1.1" 200 28082 "-" "Mozilla/5.0 (compatible; YandexImages/3.0; +http://yandex.com/bots)" "www.ysfine.com"
77.88.5.233 - - [30/Sep/2022:01:32:18 -0700] "GET /world/russ/kazan069.jpg HTTP/1.1" 200 75261 "-" "Mozilla/5.0 (compatible; YandexImages/3.0; +http://yandex.com/bots)" "www.ysfine.com"
93.158.161.40 - - [30/Sep/2022:01:32:21 -0700] "GET /world/russ/volga05.jpg HTTP/1.1" 200 91640 "-" "Mozilla/5.0 (compatible; YandexImages/3.0; +http://yandex.com/bots)" "www.ysfine.com"
77.88.5.46 - - [30/Sep/2022:01:32:23 -0700] "GET /world/russ/kazan004.jpg HTTP/1.1" 200 120550 "-" "Mozilla/5.0 (compatible; YandexImages/3.0; +http://yandex.com/bots)" "www.ysfine.com"
93.158.161.40 - - [30/Sep/2022:01:32:26 -0700] "GET /world/russ/masha77.jpg HTTP/1.1" 200 86545 "-" "Mozilla/5.0 (compatible; YandexImages/3.0; +http://yandex.com/bots)" "www.ysfine.com"
93.158.161.40 - - [30/Sep/2022:01:32:29 -0700] "GET /world/russ/kazan075b.jpg HTTP/1.1" 200 22249 "-" "Mozilla/5.0 (compatible; YandexImages/3.0; +http://yandex.com/bots)" "www.ysfine.com"
77.88.5.233 - - [30/Sep/2022:01:32:31 -0700] "GET /world/russ/kazan058b.jpg HTTP/1.1" 200 35328 "-" "Mozilla/5.0 (compatible; YandexImages/3.0; +http://yandex.com/bots)" "www.ysfine.com"
197.210.226.42 - - [30/Sep/2022:01:32:40 -0700] "GET /wigner/isomor77.jpg HTTP/1.1" 200 106571 "https://www.google.com/" "Mozilla/5.0 (Windows NT 10.0; Win64; x64) AppleWebKit/537.36 (KHTML, like Gecko) Chrome/106.0.0.0 Safari/537.36" "ysfine.com"
157.55.39.55 - - [30/Sep/2022:01:33:38 -0700] "GET /people/wboys2.jpg HTTP/1.1" 200 40344 "-" "Mozilla/5.0 (compatible; bingbot/2.0; +http://www.bing.com/bingbot.htm)" "ysfine.com"
207.46.13.102 - - [30/Sep/2022:01:35:17 -0700] "GET /wdc/kennedyc17.jpg HTTP/1.1" 200 101334 "-" "Mozilla/5.0 (compatible; bingbot/2.0; +http://www.bing.com/bingbot.htm)" "www.ysfine.com"
124.223.196.50 - - [30/Sep/2022:01:35:18 -0700] "GET / HTTP/1.1" 200 5283 "-" "Mozilla/5.0 (Linux; Android 6.0; Nexus 5 Build/MRA58N) AppleWebKit/537.36 (KHTML, like Gecko) Chrome/81.0.4044.138 Mobile Safari/537.36" "ysfine.com"
93.158.161.40 - - [30/Sep/2022:01:36:15 -0700] "GET /ffriends/germanf.html HTTP/1.1" 404 88 "-" "Mozilla/5.0 (compatible; YandexBot/3.0; +http://yandex.com/bots)" "www.ysfine.com"
114.119.128.142 - - [30/Sep/2022:01:36:54 -0700] "GET /einstein/einfine.html HTTP/1.1" 200 554 "https://www.ysfine.com/home/bio44.html" "Mozilla/5.0 (Linux; Android 7.0;) AppleWebKit/537.36 (KHTML, like Gecko) Mobile Safari/537.36 (compatible; PetalBot;+https://webmaster.petalsearch.com/site/petalbot)" "www.ysfine.com"
157.55.39.58 - - [30/Sep/2022:01:38:14 -0700] "GET /wigner/maxwig44c.jpg HTTP/1.1" 200 44966 "-" "Mozilla/5.0 (compatible; bingbot/2.0; +http://www.bing.com/bingbot.htm)" "ysfine.com"
114.119.128.142 - - [30/Sep/2022:01:39:04 -0700] "GET /home/yshome.html HTTP/1.1" 200 5699 "https://ysfine.com/class54/index.html" "Mozilla/5.0 (Linux; Android 7.0;) AppleWebKit/537.36 (KHTML, like Gecko) Mobile Safari/537.36 (compatible; PetalBot;+https://webmaster.petalsearch.com/site/petalbot)" "ysfine.com"
173.73.80.118 - - [30/Sep/2022:01:39:18 -0700] "GET /ys11/ HTTP/1.1" 304 - "-" "Mozilla/5.0 (Windows NT 10.0; Win64; x64) AppleWebKit/537.36 (KHTML, like Gecko) Chrome/105.0.0.0 Safari/537.36 Edg/105.0.1343.53" "ysfine.com"
173.73.80.118 - - [30/Sep/2022:01:39:18 -0700] "GET /favicon.ico HTTP/1.1" 404 88 "https://ysfine.com/ys11/" "Mozilla/5.0 (Windows NT 10.0; Win64; x64) AppleWebKit/537.36 (KHTML, like Gecko) Chrome/105.0.0.0 Safari/537.36 Edg/105.0.1343.53" "ysfine.com"
173.73.80.118 - - [30/Sep/2022:01:39:41 -0700] "GET /ys11/index.html HTTP/1.1" 200 3421 "https://ysfine.com/ys22/dondon.html" "Mozilla/5.0 (Windows NT 10.0; Win64; x64) AppleWebKit/537.36 (KHTML, like Gecko) Chrome/105.0.0.0 Safari/537.36 Edg/105.0.1343.53" "ysfine.com"
157.55.39.127 - - [30/Sep/2022:01:40:54 -0700] "GET /style/rieu02b.jpg HTTP/1.1" 200 52217 "-" "Mozilla/5.0 (compatible; bingbot/2.0; +http://www.bing.com/bingbot.htm)" "www.ysfine.com"
114.119.128.142 - - [30/Sep/2022:01:41:32 -0700] "GET /friends/turkstu06b.jpg HTTP/1.1" 404 88 "http://ysfine.com/friends/moslems.html" "Mozilla/5.0 (Linux; Android 7.0;) AppleWebKit/537.36 (KHTML, like Gecko) Mobile Safari/537.36 (compatible; PetalBot;+https://webmaster.petalsearch.com/site/petalbot)" "ysfine.com"
40.77.167.27 - - [30/Sep/2022:01:42:03 -0700] "GET /world/germany/goetting01.jpg HTTP/1.1" 200 94025 "-" "Mozilla/5.0 (compatible; bingbot/2.0; +http://www.bing.com/bingbot.htm)" "ysfine.com"
114.119.128.14 - - [30/Sep/2022:01:43:45 -0700] "GET /people/wheeler.html HTTP/1.1" 200 3348 "https://www.ysfine.com/people/peo.html" "Mozilla/5.0 (Linux; Android 7.0;) AppleWebKit/537.36 (KHTML, like Gecko) Mobile Safari/537.36 (compatible; PetalBot;+https://webmaster.petalsearch.com/site/petalbot)" "www.ysfine.com"
136.243.17.161 - - [30/Sep/2022:01:43:48 -0700] "GET /maga/sanchez.html HTTP/1.1" 200 1278 "-" "Mozilla/5.0 (Windows NT 6.1; Win64; x64) AppleWebKit/537.36 (KHTML, like Gecko) Chrome/87.0.4280.66 Safari/537.36" "ysfine.com"
62.226.56.233 - - [30/Sep/2022:01:44:01 -0700] "GET /world/japan/nara005.jpg HTTP/1.1" 200 144132 "https://www.gay-fetish-xxx.com/" "Mozilla/5.0 (Windows NT 6.3; Win64; x64; rv:105.0) Gecko/20100101 Firefox/105.0" "ysfine.com"
77.88.5.46 - - [30/Sep/2022:01:44:23 -0700] "GET /robots.txt HTTP/1.1" 404 73 "-" "Mozilla/5.0 (compatible; YandexBot/3.0; +http://yandex.com/bots)" "www.ysfine.com"
77.88.5.245 - - [30/Sep/2022:01:44:27 -0700] "GET /world/visas.html HTTP/1.1" 200 2626 "-" "Mozilla/5.0 (compatible; YandexBot/3.0; +http://yandex.com/bots)" "www.ysfine.com"
194.83.175.2 - - [30/Sep/2022:01:44:44 -0700] "GET /world/brit/eton01.jpg HTTP/1.1" 200 126845 "https://www.google.com/" "Mozilla/5.0 (X11; CrOS x86_64 14989.107.0) AppleWebKit/537.36 (KHTML, like Gecko) Chrome/105.0.0.0 Safari/537.36" "ysfine.com"
207.46.13.102 - - [30/Sep/2022:01:46:08 -0700] "GET /wigner/neum/pvn05.jpg HTTP/1.1" 200 219501 "-" "Mozilla/5.0 (compatible; bingbot/2.0; +http://www.bing.com/bingbot.htm)" "ysfine.com"
114.119.128.14 - - [30/Sep/2022:01:46:13 -0700] "GET /robot/jobs/jobmenu.html HTTP/1.1" 404 88 "https://www.fuw.edu.pl/~ajduk/PHYS/physjob.html" "Mozilla/5.0 (Linux; Android 7.0;) AppleWebKit/537.36 (KHTML, like Gecko) Mobile Safari/537.36 (compatible; PetalBot;+https://webmaster.petalsearch.com/site/petalbot)" "ysfine.com"
93.47.69.18 - - [30/Sep/2022:01:46:56 -0700] "GET /wigner/neum/vnc03.jpg HTTP/1.1" 200 80421 "https://www.google.com/" "Mozilla/5.0 (Windows NT 6.1; Win64; x64) AppleWebKit/537.36 (KHTML, like Gecko) Chrome/100.0.4896.127 Safari/537.36" "ysfine.com"
207.46.13.102 - - [30/Sep/2022:01:46:57 -0700] "GET /style/beetho.html HTTP/1.1" 200 3228 "-" "Mozilla/5.0 (compatible; bingbot/2.0; +http://www.bing.com/bingbot.htm)" "ysfine.com"
157.55.39.55 - - [30/Sep/2022:01:47:01 -0700] "GET /confer/newsgr.html HTTP/1.1" 200 944 "-" "Mozilla/5.0 (compatible; bingbot/2.0; +http://www.bing.com/bingbot.htm)" "ysfine.com"
157.55.39.55 - - [30/Sep/2022:01:47:02 -0700] "GET /philo/marx.html HTTP/1.1" 200 6465 "-" "Mozilla/5.0 (compatible; bingbot/2.0; +http://www.bing.com/bingbot.htm)" "ysfine.com"
157.55.39.58 - - [30/Sep/2022:01:47:05 -0700] "GET /style/restau.html HTTP/1.1" 200 2149 "-" "Mozilla/5.0 AppleWebKit/537.36 (KHTML, like Gecko; compatible; bingbot/2.0; +http://www.bing.com/bingbot.htm) Chrome/103.0.5060.134 Safari/537.36" "ysfine.com"
40.77.167.27 - - [30/Sep/2022:01:47:07 -0700] "GET /feynman/feygell.html HTTP/1.1" 200 4714 "-" "Mozilla/5.0 (compatible; bingbot/2.0; +http://www.bing.com/bingbot.htm)" "ysfine.com"
66.249.70.3 - - [30/Sep/2022:01:47:13 -0700] "GET /world/latina/rio024b.jpg HTTP/1.1" 304 - "-" "Googlebot-Image/1.0" "ysfine.com"
66.249.70.30 - - [30/Sep/2022:01:48:00 -0700] "GET /world/brit/sebiro01.jpg HTTP/1.1" 200 89832 "-" "Googlebot-Image/1.0" "ysfine.com"
114.119.128.158 - - [30/Sep/2022:01:48:21 -0700] "GET /kowar/war00.html HTTP/1.1" 200 4851 "https://ysfine.com/maga/popov.html" "Mozilla/5.0 (Linux; Android 7.0;) AppleWebKit/537.36 (KHTML, like Gecko) Mobile Safari/537.36 (compatible; PetalBot;+https://webmaster.petalsearch.com/site/petalbot)" "ysfine.com"
77.88.5.233 - - [30/Sep/2022:01:48:28 -0700] "GET /einstein/einabel.html HTTP/1.1" 200 5982 "-" "Mozilla/5.0 (compatible; YandexBot/3.0; +http://yandex.com/bots)" "www.ysfine.com"
157.55.39.58 - - [30/Sep/2022:01:48:54 -0700] "GET /world/scandi/copen008.jpg HTTP/1.1" 200 92954 "-" "Mozilla/5.0 (compatible; bingbot/2.0; +http://www.bing.com/bingbot.htm)" "ysfine.com"
103.213.209.148 - - [30/Sep/2022:01:49:17 -0700] "GET /princeton/alexan22.jpg HTTP/1.1" 200 175436 "https://www.google.com/" "Mozilla/5.0 (Windows NT 10.0; Win64; x64) AppleWebKit/537.36 (KHTML, like Gecko) Chrome/105.0.0.0 Safari/537.36" "ysfine.com"
157.55.39.58 - - [30/Sep/2022:01:49:35 -0700] "GET /home/fotos/korjap03.jpg HTTP/1.1" 200 116882 "-" "Mozilla/5.0 (compatible; bingbot/2.0; +http://www.bing.com/bingbot.htm)" "ysfine.com"
114.119.128.162 - - [30/Sep/2022:01:50:31 -0700] "GET /maga/phys/poinsf/frame05.html HTTP/1.1" 200 323 "https://www.ysfine.com/maga/phys/poinsf/frame04.html" "Mozilla/5.0 (Linux; Android 7.0;) AppleWebKit/537.36 (KHTML, like Gecko) Mobile Safari/537.36 (compatible; PetalBot;+https://webmaster.petalsearch.com/site/petalbot)" "www.ysfine.com"
157.55.39.128 - - [30/Sep/2022:01:50:44 -0700] "GET /world/russ/tolstoy11b.jpg HTTP/1.1" 200 33457 "-" "Mozilla/5.0 (compatible; bingbot/2.0; +http://www.bing.com/bingbot.htm)" "www.ysfine.com"
54.236.1.13 - - [30/Sep/2022:01:51:03 -0700] "GET /robots.txt HTTP/1.1" 404 88 "-" "Mozilla/5.0 (compatible; Pinterestbot/1.0; +http://www.pinterest.com/bot.html)" "ysfine.com"
54.236.1.13 - - [30/Sep/2022:01:51:03 -0700] "GET /feynman/feydirac270.jpg HTTP/1.1" 200 59000 "-" "Mozilla/5.0 (compatible; Pinterestbot/1.0; +http://www.pinterest.com/bot.html)" "ysfine.com"
77.88.5.233 - - [30/Sep/2022:01:52:08 -0700] "GET /world/russ/bolshoi66.jpg HTTP/1.1" 200 79376 "-" "Mozilla/5.0 (compatible; YandexImages/3.0; +http://yandex.com/bots)" "www.ysfine.com"
44.203.11.113 - - [30/Sep/2022:01:52:15 -0700] "GET / HTTP/1.1" 200 5283 "-" "Mozilla/5.0 (compatible; Newslitbot/0.1; +https://www.newslit.co)" "ysfine.com"
75.142.150.100 - - [30/Sep/2022:01:52:17 -0700] "GET /style/3graces/indilis01.jpg HTTP/1.1" 200 415747 "https://www.google.com/" "Mozilla/5.0 (iPhone; CPU iPhone OS 16_0 like Mac OS X) AppleWebKit/605.1.15 (KHTML, like Gecko) Version/16.0 Mobile/15E148 Safari/604.1" "ysfine.com"
157.55.39.58 - - [30/Sep/2022:01:52:25 -0700] "GET /usca/pitt/carnlibra02b.jpg HTTP/1.1" 200 45947 "-" "Mozilla/5.0 AppleWebKit/537.36 (KHTML, like Gecko; compatible; bingbot/2.0; +http://www.bing.com/bingbot.htm) Chrome/103.0.5060.134 Safari/537.36" "www.ysfine.com"
18.208.202.150 - - [30/Sep/2022:01:52:38 -0700] "GET /robots.txt HTTP/1.1" 404 88 "-" "Apache-HttpClient/4.5.3 (Java/1.8.0_292)" "ysfine.com"
157.55.39.55 - - [30/Sep/2022:01:52:41 -0700] "GET /world/germany/salz23.jpg HTTP/1.1" 200 132227 "-" "Mozilla/5.0 (compatible; bingbot/2.0; +http://www.bing.com/bingbot.htm)" "www.ysfine.com"
157.55.39.127 - - [30/Sep/2022:01:52:45 -0700] "GET /ffriends/italstulon01.jpg HTTP/1.1" 200 174568 "-" "Mozilla/5.0 (compatible; bingbot/2.0; +http://www.bing.com/bingbot.htm)" "ysfine.com"
114.119.128.154 - - [30/Sep/2022:01:53:20 -0700] "GET /archives/proceedings/boston/klauder.pdf HTTP/1.1" 200 177158 "-" "Mozilla/5.0 (Linux; Android 7.0;) AppleWebKit/537.36 (KHTML, like Gecko) Mobile Safari/537.36 (compatible; PetalBot;+https://webmaster.petalsearch.com/site/petalbot)" "www.ysfine.com"
112.210.230.189 - - [30/Sep/2022:01:54:18 -0700] "GET /awards/bridge22.jpg HTTP/1.1" 200 173371 "https://www.google.com/" "Mozilla/5.0 (Windows NT 10.0; Win64; x64) AppleWebKit/537.36 (KHTML, like Gecko) Chrome/105.0.0.0 Safari/537.36" "ysfine.com"
49.36.104.25 - - [30/Sep/2022:01:54:53 -0700] "GET /kobak/rok48.jpg HTTP/1.1" 200 149888 "https://www.google.com/" "Mozilla/5.0 (Windows NT 10.0; Win64; x64) AppleWebKit/537.36 (KHTML, like Gecko) Chrome/105.0.0.0 Safari/537.36" "ysfine.com"
49.36.104.25 - - [30/Sep/2022:01:55:02 -0700] "GET /kobak/rok48b.jpg HTTP/1.1" 200 66570 "https://www.google.com/" "Mozilla/5.0 (Windows NT 10.0; Win64; x64) AppleWebKit/537.36 (KHTML, like Gecko) Chrome/105.0.0.0 Safari/537.36" "ysfine.com"
173.73.80.118 - - [30/Sep/2022:01:55:19 -0700] "GET /ys11/index.html HTTP/1.1" 200 3421 "-" "Mozilla/5.0 (Windows NT 10.0; Win64; x64) AppleWebKit/537.36 (KHTML, like Gecko) Chrome/105.0.0.0 Safari/537.36 Edg/105.0.1343.53" "www.ysfine.com"
173.73.80.118 - - [30/Sep/2022:01:55:19 -0700] "GET /favicon.ico HTTP/1.1" 404 88 "https://www.ysfine.com/ys11/index.html" "Mozilla/5.0 (Windows NT 10.0; Win64; x64) AppleWebKit/537.36 (KHTML, like Gecko) Chrome/105.0.0.0 Safari/537.36 Edg/105.0.1343.53" "www.ysfine.com"
173.73.80.118 - - [30/Sep/2022:01:55:22 -0700] "GET /index.html HTTP/1.1" 200 5283 "-" "Mozilla/5.0 (Windows NT 10.0; Win64; x64) AppleWebKit/537.36 (KHTML, like Gecko) Chrome/105.0.0.0 Safari/537.36 Edg/105.0.1343.53" "ysfine.com"
173.73.80.118 - - [30/Sep/2022:01:55:22 -0700] "GET /home/goodbad450.jpg HTTP/1.1" 200 32258 "https://ysfine.com/index.html" "Mozilla/5.0 (Windows NT 10.0; Win64; x64) AppleWebKit/537.36 (KHTML, like Gecko) Chrome/105.0.0.0 Safari/537.36 Edg/105.0.1343.53" "ysfine.com"
173.73.80.118 - - [30/Sep/2022:01:55:22 -0700] "GET /home/truck450.jpg HTTP/1.1" 200 42871 "https://ysfine.com/index.html" "Mozilla/5.0 (Windows NT 10.0; Win64; x64) AppleWebKit/537.36 (KHTML, like Gecko) Chrome/105.0.0.0 Safari/537.36 Edg/105.0.1343.53" "ysfine.com"
173.73.80.118 - - [30/Sep/2022:01:55:22 -0700] "GET /home/top21d.jpg HTTP/1.1" 200 74409 "https://ysfine.com/index.html" "Mozilla/5.0 (Windows NT 10.0; Win64; x64) AppleWebKit/537.36 (KHTML, like Gecko) Chrome/105.0.0.0 Safari/537.36 Edg/105.0.1343.53" "ysfine.com"
173.73.80.118 - - [30/Sep/2022:01:55:22 -0700] "GET /home/washmo23d.jpg HTTP/1.1" 200 32142 "https://ysfine.com/index.html" "Mozilla/5.0 (Windows NT 10.0; Win64; x64) AppleWebKit/537.36 (KHTML, like Gecko) Chrome/105.0.0.0 Safari/537.36 Edg/105.0.1343.53" "ysfine.com"
173.73.80.118 - - [30/Sep/2022:01:55:22 -0700] "GET /home/1987pr22d.jpg HTTP/1.1" 200 66428 "https://ysfine.com/index.html" "Mozilla/5.0 (Windows NT 10.0; Win64; x64) AppleWebKit/537.36 (KHTML, like Gecko) Chrome/105.0.0.0 Safari/537.36 Edg/105.0.1343.53" "ysfine.com"
173.73.80.118 - - [30/Sep/2022:01:55:22 -0700] "GET /home/eindc03d.jpg HTTP/1.1" 200 95860 "https://ysfine.com/index.html" "Mozilla/5.0 (Windows NT 10.0; Win64; x64) AppleWebKit/537.36 (KHTML, like Gecko) Chrome/105.0.0.0 Safari/537.36 Edg/105.0.1343.53" "ysfine.com"
173.73.80.118 - - [30/Sep/2022:01:55:22 -0700] "GET /favicon.ico HTTP/1.1" 404 88 "https://ysfine.com/index.html" "Mozilla/5.0 (Windows NT 10.0; Win64; x64) AppleWebKit/537.36 (KHTML, like Gecko) Chrome/105.0.0.0 Safari/537.36 Edg/105.0.1343.53" "ysfine.com"
114.119.128.14 - - [30/Sep/2022:01:55:29 -0700] "GET /class54/class5470/total_data/photo_img/4-26.jpg HTTP/1.1" 200 394044 "https://ysfine.com/class54/class5470/total_data/sub_426.htm" "Mozilla/5.0 (Linux; Android 7.0;) AppleWebKit/537.36 (KHTML, like Gecko) Mobile Safari/537.36 (compatible; PetalBot;+https://webmaster.petalsearch.com/site/petalbot)" "ysfine.com"
207.46.13.102 - - [30/Sep/2022:01:55:29 -0700] "GET /world/brit/picca13.jpg HTTP/1.1" 200 127083 "-" "Mozilla/5.0 (compatible; bingbot/2.0; +http://www.bing.com/bingbot.htm)" "ysfine.com"
173.73.80.118 - - [30/Sep/2022:01:55:37 -0700] "GET /home/bio.html HTTP/1.1" 200 15246 "-" "Mozilla/5.0 (Windows NT 10.0; Win64; x64) AppleWebKit/537.36 (KHTML, like Gecko) Chrome/105.0.0.0 Safari/537.36 Edg/105.0.1343.53" "ysfine.com"
173.73.80.118 - - [30/Sep/2022:01:55:37 -0700] "GET /home/yskim10c.jpg HTTP/1.1" 200 88826 "https://ysfine.com/home/bio.html" "Mozilla/5.0 (Windows NT 10.0; Win64; x64) AppleWebKit/537.36 (KHTML, like Gecko) Chrome/105.0.0.0 Safari/537.36 Edg/105.0.1343.53" "ysfine.com"
173.73.80.118 - - [30/Sep/2022:01:55:37 -0700] "GET /home/fotos/photo00c.jpg HTTP/1.1" 200 34216 "https://ysfine.com/home/bio.html" "Mozilla/5.0 (Windows NT 10.0; Win64; x64) AppleWebKit/537.36 (KHTML, like Gecko) Chrome/105.0.0.0 Safari/537.36 Edg/105.0.1343.53" "ysfine.com"
173.73.80.118 - - [30/Sep/2022:01:55:37 -0700] "GET /home/bew22f.jpg HTTP/1.1" 200 124596 "https://ysfine.com/home/bio.html" "Mozilla/5.0 (Windows NT 10.0; Win64; x64) AppleWebKit/537.36 (KHTML, like Gecko) Chrome/105.0.0.0 Safari/537.36 Edg/105.0.1343.53" "ysfine.com"
173.73.80.118 - - [30/Sep/2022:01:55:37 -0700] "GET /home/ysrhee33c.jpg HTTP/1.1" 200 26817 "https://ysfine.com/home/bio.html" "Mozilla/5.0 (Windows NT 10.0; Win64; x64) AppleWebKit/537.36 (KHTML, like Gecko) Chrome/105.0.0.0 Safari/537.36 Edg/105.0.1343.53" "ysfine.com"
173.73.80.118 - - [30/Sep/2022:01:55:37 -0700] "GET /home/fotos/photo03c.jpg HTTP/1.1" 200 23013 "https://ysfine.com/home/bio.html" "Mozilla/5.0 (Windows NT 10.0; Win64; x64) AppleWebKit/537.36 (KHTML, like Gecko) Chrome/105.0.0.0 Safari/537.36 Edg/105.0.1343.53" "ysfine.com"
173.73.80.118 - - [30/Sep/2022:01:55:37 -0700] "GET /home/fotos/photo04c.jpg HTTP/1.1" 200 39964 "https://ysfine.com/home/bio.html" "Mozilla/5.0 (Windows NT 10.0; Win64; x64) AppleWebKit/537.36 (KHTML, like Gecko) Chrome/105.0.0.0 Safari/537.36 Edg/105.0.1343.53" "ysfine.com"
173.73.80.118 - - [30/Sep/2022:01:55:37 -0700] "GET /home/fotos/photo06c.jpg HTTP/1.1" 200 40796 "https://ysfine.com/home/bio.html" "Mozilla/5.0 (Windows NT 10.0; Win64; x64) AppleWebKit/537.36 (KHTML, like Gecko) Chrome/105.0.0.0 Safari/537.36 Edg/105.0.1343.53" "ysfine.com"
173.73.80.118 - - [30/Sep/2022:01:55:37 -0700] "GET /home/fotos/korjap03c.jpg HTTP/1.1" 200 24308 "https://ysfine.com/home/bio.html" "Mozilla/5.0 (Windows NT 10.0; Win64; x64) AppleWebKit/537.36 (KHTML, like Gecko) Chrome/105.0.0.0 Safari/537.36 Edg/105.0.1343.53" "ysfine.com"
173.73.80.118 - - [30/Sep/2022:01:55:37 -0700] "GET /home/fotos/photo02c.jpg HTTP/1.1" 200 37432 "https://ysfine.com/home/bio.html" "Mozilla/5.0 (Windows NT 10.0; Win64; x64) AppleWebKit/537.36 (KHTML, like Gecko) Chrome/105.0.0.0 Safari/537.36 Edg/105.0.1343.53" "ysfine.com"
173.73.80.118 - - [30/Sep/2022:01:55:37 -0700] "GET /wdc/eindc03c.jpg HTTP/1.1" 200 48446 "https://ysfine.com/home/bio.html" "Mozilla/5.0 (Windows NT 10.0; Win64; x64) AppleWebKit/537.36 (KHTML, like Gecko) Chrome/105.0.0.0 Safari/537.36 Edg/105.0.1343.53" "ysfine.com"
173.73.80.118 - - [30/Sep/2022:01:55:37 -0700] "GET /kobak/underw03c.jpg HTTP/1.1" 200 26805 "https://ysfine.com/home/bio.html" "Mozilla/5.0 (Windows NT 10.0; Win64; x64) AppleWebKit/537.36 (KHTML, like Gecko) Chrome/105.0.0.0 Safari/537.36 Edg/105.0.1343.53" "ysfine.com"
173.73.80.118 - - [30/Sep/2022:01:55:37 -0700] "GET /home/sq600c.jpg HTTP/1.1" 200 18492 "https://ysfine.com/home/bio.html" "Mozilla/5.0 (Windows NT 10.0; Win64; x64) AppleWebKit/537.36 (KHTML, like Gecko) Chrome/105.0.0.0 Safari/537.36 Edg/105.0.1343.53" "ysfine.com"
173.73.80.118 - - [30/Sep/2022:01:55:37 -0700] "GET /home/resonance33c.jpg HTTP/1.1" 200 36247 "https://ysfine.com/home/bio.html" "Mozilla/5.0 (Windows NT 10.0; Win64; x64) AppleWebKit/537.36 (KHTML, like Gecko) Chrome/105.0.0.0 Safari/537.36 Edg/105.0.1343.53" "ysfine.com"
173.73.80.118 - - [30/Sep/2022:01:55:37 -0700] "GET /wdc/jeffm02c.jpg HTTP/1.1" 200 27659 "https://ysfine.com/home/bio.html" "Mozilla/5.0 (Windows NT 10.0; Win64; x64) AppleWebKit/537.36 (KHTML, like Gecko) Chrome/105.0.0.0 Safari/537.36 Edg/105.0.1343.53" "ysfine.com"
173.73.80.118 - - [30/Sep/2022:01:55:37 -0700] "GET /wigner/tollwig11c.jpg HTTP/1.1" 200 30497 "https://ysfine.com/home/bio.html" "Mozilla/5.0 (Windows NT 10.0; Win64; x64) AppleWebKit/537.36 (KHTML, like Gecko) Chrome/105.0.0.0 Safari/537.36 Edg/105.0.1343.53" "ysfine.com"
173.73.80.118 - - [30/Sep/2022:01:55:37 -0700] "GET /home/canal22c.jpg HTTP/1.1" 200 29939 "https://ysfine.com/home/bio.html" "Mozilla/5.0 (Windows NT 10.0; Win64; x64) AppleWebKit/537.36 (KHTML, like Gecko) Chrome/105.0.0.0 Safari/537.36 Edg/105.0.1343.53" "ysfine.com"
173.73.80.118 - - [30/Sep/2022:01:55:37 -0700] "GET /home/family66f.jpg HTTP/1.1" 200 102254 "https://ysfine.com/home/bio.html" "Mozilla/5.0 (Windows NT 10.0; Win64; x64) AppleWebKit/537.36 (KHTML, like Gecko) Chrome/105.0.0.0 Safari/537.36 Edg/105.0.1343.53" "ysfine.com"
173.73.80.118 - - [30/Sep/2022:01:55:37 -0700] "GET /home/fotos/house99d.jpg HTTP/1.1" 200 38264 "https://ysfine.com/home/bio.html" "Mozilla/5.0 (Windows NT 10.0; Win64; x64) AppleWebKit/537.36 (KHTML, like Gecko) Chrome/105.0.0.0 Safari/537.36 Edg/105.0.1343.53" "ysfine.com"
173.73.80.118 - - [30/Sep/2022:01:55:37 -0700] "GET /home/fotos/kids20f.jpg HTTP/1.1" 200 103189 "https://ysfine.com/home/bio.html" "Mozilla/5.0 (Windows NT 10.0; Win64; x64) AppleWebKit/537.36 (KHTML, like Gecko) Chrome/105.0.0.0 Safari/537.36 Edg/105.0.1343.53" "ysfine.com"
173.73.80.118 - - [30/Sep/2022:01:55:37 -0700] "GET /yspapers/iop20c.jpg HTTP/1.1" 200 29134 "https://ysfine.com/home/bio.html" "Mozilla/5.0 (Windows NT 10.0; Win64; x64) AppleWebKit/537.36 (KHTML, like Gecko) Chrome/105.0.0.0 Safari/537.36 Edg/105.0.1343.53" "ysfine.com"
173.73.80.118 - - [30/Sep/2022:01:55:37 -0700] "GET /home/fotos/101c.jpg HTTP/1.1" 200 37079 "https://ysfine.com/home/bio.html" "Mozilla/5.0 (Windows NT 10.0; Win64; x64) AppleWebKit/537.36 (KHTML, like Gecko) Chrome/105.0.0.0 Safari/537.36 Edg/105.0.1343.53" "ysfine.com"
173.73.80.118 - - [30/Sep/2022:01:55:37 -0700] "GET /style/bstring33c.jpg HTTP/1.1" 200 28940 "https://ysfine.com/home/bio.html" "Mozilla/5.0 (Windows NT 10.0; Win64; x64) AppleWebKit/537.36 (KHTML, like Gecko) Chrome/105.0.0.0 Safari/537.36 Edg/105.0.1343.53" "ysfine.com"
