51.222.253.13 - - [27/Sep/2022:07:48:22 -0700] "GET /remote/wigner111/frame13.html HTTP/1.1" 200 987 "-" "Mozilla/5.0 (compatible; AhrefsBot/7.0; +http://ahrefs.com/robot/)" "ysfine.com"
51.222.253.12 - - [27/Sep/2022:07:48:25 -0700] "GET /remote/wigner111/kim-13b.jpg HTTP/1.1" 200 54052 "-" "Mozilla/5.0 (compatible; AhrefsBot/7.0; +http://ahrefs.com/robot/)" "ysfine.com"
40.77.167.61 - - [27/Sep/2022:07:48:49 -0700] "GET /kobak/namdae.html HTTP/1.1" 200 5295 "-" "Mozilla/5.0 (compatible; bingbot/2.0; +http://www.bing.com/bingbot.htm)" "www.ysfine.com"
64.124.8.39 - - [27/Sep/2022:07:48:58 -0700] "GET /wigner/wigphoto.html HTTP/1.1" 304 - "-" "Mozilla/5.0 (X11; Linux x86_64) AppleWebKit/537.36 (KHTML, like Gecko) Chrome/61.0.3163.79 Safari/537.36" "ysfine.com"
207.46.13.102 - - [27/Sep/2022:07:49:01 -0700] "GET /einstein/einxmas.html HTTP/1.1" 200 2693 "-" "Mozilla/5.0 (compatible; bingbot/2.0; +http://www.bing.com/bingbot.htm)" "www.ysfine.com"
157.55.39.58 - - [27/Sep/2022:07:50:25 -0700] "GET /maga/lorenuni.html HTTP/1.1" 200 2365 "-" "Mozilla/5.0 (compatible; bingbot/2.0; +http://www.bing.com/bingbot.htm)" "www.ysfine.com"
77.88.5.46 - - [27/Sep/2022:07:51:48 -0700] "GET /robots.txt HTTP/1.1" 404 73 "-" "Mozilla/5.0 (compatible; YandexBot/3.0; +http://yandex.com/bots)" "www.ysfine.com"
37.204.2.111 - - [27/Sep/2022:07:51:53 -0700] "GET /maga/poincare.html HTTP/1.1" 200 7726 "https://yandex.ru/" "Mozilla/5.0 (Windows NT 10.0; Win64; x64) AppleWebKit/537.36 (KHTML, like Gecko) Chrome/104.0.5112.102 Safari/537.36 OPR/90.0.4480.100 (Edition Yx GX)" "www.ysfine.com"
77.88.5.46 - - [27/Sep/2022:07:51:54 -0700] "GET /kowar/war50bot.html HTTP/1.1" 200 131 "-" "Mozilla/5.0 (compatible; YandexBot/3.0; +http://yandex.com/bots)" "www.ysfine.com"
37.204.2.111 - - [27/Sep/2022:07:51:54 -0700] "GET /princeton/gcollege61b.jpg HTTP/1.1" 200 31681 "https://www.ysfine.com/maga/poincare.html" "Mozilla/5.0 (Windows NT 10.0; Win64; x64) AppleWebKit/537.36 (KHTML, like Gecko) Chrome/104.0.5112.102 Safari/537.36 OPR/90.0.4480.100 (Edition Yx GX)" "www.ysfine.com"
37.204.2.111 - - [27/Sep/2022:07:51:54 -0700] "GET /world/france/montpar01b.jpg HTTP/1.1" 200 31891 "https://www.ysfine.com/maga/poincare.html" "Mozilla/5.0 (Windows NT 10.0; Win64; x64) AppleWebKit/537.36 (KHTML, like Gecko) Chrome/104.0.5112.102 Safari/537.36 OPR/90.0.4480.100 (Edition Yx GX)" "www.ysfine.com"
37.204.2.111 - - [27/Sep/2022:07:51:54 -0700] "GET /einstein/further08b.jpg HTTP/1.1" 200 58023 "https://www.ysfine.com/maga/poincare.html" "Mozilla/5.0 (Windows NT 10.0; Win64; x64) AppleWebKit/537.36 (KHTML, like Gecko) Chrome/104.0.5112.102 Safari/537.36 OPR/90.0.4480.100 (Edition Yx GX)" "www.ysfine.com"
37.204.2.111 - - [27/Sep/2022:07:51:54 -0700] "GET /world/france/montpar17b.jpg HTTP/1.1" 200 41233 "https://www.ysfine.com/maga/poincare.html" "Mozilla/5.0 (Windows NT 10.0; Win64; x64) AppleWebKit/537.36 (KHTML, like Gecko) Chrome/104.0.5112.102 Safari/537.36 OPR/90.0.4480.100 (Edition Yx GX)" "www.ysfine.com"
37.204.2.111 - - [27/Sep/2022:07:51:54 -0700] "GET /wigner/wigein270.jpg HTTP/1.1" 200 21005 "https://www.ysfine.com/maga/poincare.html" "Mozilla/5.0 (Windows NT 10.0; Win64; x64) AppleWebKit/537.36 (KHTML, like Gecko) Chrome/104.0.5112.102 Safari/537.36 OPR/90.0.4480.100 (Edition Yx GX)" "www.ysfine.com"
37.204.2.111 - - [27/Sep/2022:07:51:54 -0700] "GET /wigner/wigkim11b.jpg HTTP/1.1" 200 38616 "https://www.ysfine.com/maga/poincare.html" "Mozilla/5.0 (Windows NT 10.0; Win64; x64) AppleWebKit/537.36 (KHTML, like Gecko) Chrome/104.0.5112.102 Safari/537.36 OPR/90.0.4480.100 (Edition Yx GX)" "www.ysfine.com"
37.204.2.111 - - [27/Sep/2022:07:51:54 -0700] "GET /einstein/newtmax02b.jpg HTTP/1.1" 200 46066 "https://www.ysfine.com/maga/poincare.html" "Mozilla/5.0 (Windows NT 10.0; Win64; x64) AppleWebKit/537.36 (KHTML, like Gecko) Chrome/104.0.5112.102 Safari/537.36 OPR/90.0.4480.100 (Edition Yx GX)" "www.ysfine.com"
37.204.2.111 - - [27/Sep/2022:07:51:54 -0700] "GET /world/france/montpar19b.jpg HTTP/1.1" 200 59887 "https://www.ysfine.com/maga/poincare.html" "Mozilla/5.0 (Windows NT 10.0; Win64; x64) AppleWebKit/537.36 (KHTML, like Gecko) Chrome/104.0.5112.102 Safari/537.36 OPR/90.0.4480.100 (Edition Yx GX)" "www.ysfine.com"
37.204.2.111 - - [27/Sep/2022:07:51:54 -0700] "GET /dirac/hyperell2.jpg HTTP/1.1" 200 29858 "https://www.ysfine.com/maga/poincare.html" "Mozilla/5.0 (Windows NT 10.0; Win64; x64) AppleWebKit/537.36 (KHTML, like Gecko) Chrome/104.0.5112.102 Safari/537.36 OPR/90.0.4480.100 (Edition Yx GX)" "www.ysfine.com"
37.204.2.111 - - [27/Sep/2022:07:51:54 -0700] "GET /maga/phys/ellihyper05b.jpg HTTP/1.1" 200 35124 "https://www.ysfine.com/maga/poincare.html" "Mozilla/5.0 (Windows NT 10.0; Win64; x64) AppleWebKit/537.36 (KHTML, like Gecko) Chrome/104.0.5112.102 Safari/537.36 OPR/90.0.4480.100 (Edition Yx GX)" "www.ysfine.com"
37.204.2.111 - - [27/Sep/2022:07:51:54 -0700] "GET /maga/phys/poincir01b.jpg HTTP/1.1" 200 51381 "https://www.ysfine.com/maga/poincare.html" "Mozilla/5.0 (Windows NT 10.0; Win64; x64) AppleWebKit/537.36 (KHTML, like Gecko) Chrome/104.0.5112.102 Safari/537.36 OPR/90.0.4480.100 (Edition Yx GX)" "www.ysfine.com"
37.204.2.111 - - [27/Sep/2022:07:51:54 -0700] "GET /world/france/montpar10b.jpg HTTP/1.1" 200 56609 "https://www.ysfine.com/maga/poincare.html" "Mozilla/5.0 (Windows NT 10.0; Win64; x64) AppleWebKit/537.36 (KHTML, like Gecko) Chrome/104.0.5112.102 Safari/537.36 OPR/90.0.4480.100 (Edition Yx GX)" "www.ysfine.com"
37.204.2.111 - - [27/Sep/2022:07:51:54 -0700] "GET /maga/phys/henri01b.jpg HTTP/1.1" 200 46226 "https://www.ysfine.com/maga/poincare.html" "Mozilla/5.0 (Windows NT 10.0; Win64; x64) AppleWebKit/537.36 (KHTML, like Gecko) Chrome/104.0.5112.102 Safari/537.36 OPR/90.0.4480.100 (Edition Yx GX)" "www.ysfine.com"
37.204.2.111 - - [27/Sep/2022:07:51:54 -0700] "GET /home/resonance11b.jpg HTTP/1.1" 200 37228 "https://www.ysfine.com/maga/poincare.html" "Mozilla/5.0 (Windows NT 10.0; Win64; x64) AppleWebKit/537.36 (KHTML, like Gecko) Chrome/104.0.5112.102 Safari/537.36 OPR/90.0.4480.100 (Edition Yx GX)" "www.ysfine.com"
37.204.2.111 - - [27/Sep/2022:07:51:54 -0700] "GET /maga/phil/tao07b.jpg HTTP/1.1" 200 52158 "https://www.ysfine.com/maga/poincare.html" "Mozilla/5.0 (Windows NT 10.0; Win64; x64) AppleWebKit/537.36 (KHTML, like Gecko) Chrome/104.0.5112.102 Safari/537.36 OPR/90.0.4480.100 (Edition Yx GX)" "www.ysfine.com"
37.204.2.111 - - [27/Sep/2022:07:51:54 -0700] "GET /maga/phys/psphere01b.jpg HTTP/1.1" 200 55011 "https://www.ysfine.com/maga/poincare.html" "Mozilla/5.0 (Windows NT 10.0; Win64; x64) AppleWebKit/537.36 (KHTML, like Gecko) Chrome/104.0.5112.102 Safari/537.36 OPR/90.0.4480.100 (Edition Yx GX)" "www.ysfine.com"
37.204.2.111 - - [27/Sep/2022:07:51:54 -0700] "GET /eink/eink61c.jpg HTTP/1.1" 200 34119 "https://www.ysfine.com/maga/poincare.html" "Mozilla/5.0 (Windows NT 10.0; Win64; x64) AppleWebKit/537.36 (KHTML, like Gecko) Chrome/104.0.5112.102 Safari/537.36 OPR/90.0.4480.100 (Edition Yx GX)" "www.ysfine.com"
37.204.2.111 - - [27/Sep/2022:07:51:54 -0700] "GET /world/france/louvre11b.jpg HTTP/1.1" 200 40544 "https://www.ysfine.com/maga/poincare.html" "Mozilla/5.0 (Windows NT 10.0; Win64; x64) AppleWebKit/537.36 (KHTML, like Gecko) Chrome/104.0.5112.102 Safari/537.36 OPR/90.0.4480.100 (Edition Yx GX)" "www.ysfine.com"
157.55.39.55 - - [27/Sep/2022:07:51:57 -0700] "GET /einstein/einkim.html HTTP/1.1" 200 3731 "-" "Mozilla/5.0 AppleWebKit/537.36 (KHTML, like Gecko; compatible; bingbot/2.0; +http://www.bing.com/bingbot.htm) Chrome/103.0.5060.134 Safari/537.36" "ysfine.com"
157.55.39.128 - - [27/Sep/2022:07:52:26 -0700] "GET /world/brit/loncafe19.jpg HTTP/1.1" 200 81058 "-" "Mozilla/5.0 (compatible; bingbot/2.0; +http://www.bing.com/bingbot.htm)" "ysfine.com"
64.124.8.39 - - [27/Sep/2022:07:53:16 -0700] "GET /wigner/wstorie.html HTTP/1.1" 304 - "-" "Mozilla/5.0 (X11; Linux x86_64) AppleWebKit/537.36 (KHTML, like Gecko) Chrome/61.0.3163.79 Safari/537.36" "ysfine.com"
157.55.39.128 - - [27/Sep/2022:07:53:18 -0700] "GET /wigner/evangel.html HTTP/1.1" 304 - "-" "Mozilla/5.0 AppleWebKit/537.36 (KHTML, like Gecko; compatible; bingbot/2.0; +http://www.bing.com/bingbot.htm) Chrome/103.0.5060.134 Safari/537.36" "www.ysfine.com"
66.249.70.30 - - [27/Sep/2022:07:53:24 -0700] "GET /world/baltic/kalin22.jpg HTTP/1.1" 200 152819 "-" "Googlebot-Image/1.0" "ysfine.com"
195.191.219.131 - - [27/Sep/2022:07:53:37 -0700] "GET /robots.txt HTTP/1.1" 404 73 "-" "Mozilla/5.0 (compatible; MJ12bot/v1.4.8; http://mj12bot.com/)" "ysfine.com"
157.55.39.128 - - [27/Sep/2022:07:53:37 -0700] "GET /princeton/nphd2.jpg HTTP/1.1" 200 42916 "-" "Mozilla/5.0 (compatible; bingbot/2.0; +http://www.bing.com/bingbot.htm)" "ysfine.com"
195.191.219.131 - - [27/Sep/2022:07:53:40 -0700] "GET / HTTP/1.1" 200 5283 "-" "Mozilla/5.0 (compatible; MJ12bot/v1.4.8; http://mj12bot.com/)" "ysfine.com"
207.46.13.180 - - [27/Sep/2022:07:54:19 -0700] "GET /world/budapest.html HTTP/1.1" 200 8325 "-" "Mozilla/5.0 AppleWebKit/537.36 (KHTML, like Gecko; compatible; bingbot/2.0; +http://www.bing.com/bingbot.htm) Chrome/103.0.5060.134 Safari/537.36" "ysfine.com"
157.55.39.128 - - [27/Sep/2022:07:54:28 -0700] "GET /maga/fermi.html HTTP/1.1" 200 3387 "-" "Mozilla/5.0 (compatible; bingbot/2.0; +http://www.bing.com/bingbot.htm)" "ysfine.com"
64.124.8.39 - - [27/Sep/2022:07:54:55 -0700] "GET /style/stbot.html HTTP/1.1" 304 - "-" "Mozilla/5.0 (X11; Linux x86_64) AppleWebKit/537.36 (KHTML, like Gecko) Chrome/61.0.3163.79 Safari/537.36" "ysfine.com"
114.119.128.158 - - [27/Sep/2022:07:54:58 -0700] "GET /class54/class5470/total_data/sub_876.htm HTTP/1.1" 200 3510 "https://ysfine.com/class54/class5470/total_data/sub_893.htm" "Mozilla/5.0 (Linux; Android 7.0;) AppleWebKit/537.36 (KHTML, like Gecko) Mobile Safari/537.36 (compatible; PetalBot;+https://webmaster.petalsearch.com/site/petalbot)" "ysfine.com"
64.124.8.39 - - [27/Sep/2022:07:55:24 -0700] "GET /princeton/prince.html HTTP/1.1" 304 - "-" "Mozilla/5.0 (X11; Linux x86_64) AppleWebKit/537.36 (KHTML, like Gecko) Chrome/61.0.3163.79 Safari/537.36" "ysfine.com"
207.46.13.180 - - [27/Sep/2022:07:56:00 -0700] "GET /wdc/umdbarn.html HTTP/1.1" 200 316 "-" "Mozilla/5.0 (compatible; bingbot/2.0; +http://www.bing.com/bingbot.htm)" "ysfine.com"
64.124.8.39 - - [27/Sep/2022:07:56:14 -0700] "GET /einstein/eintop.html HTTP/1.1" 304 - "-" "Mozilla/5.0 (X11; Linux x86_64) AppleWebKit/537.36 (KHTML, like Gecko) Chrome/61.0.3163.79 Safari/537.36" "ysfine.com"
207.46.13.180 - - [27/Sep/2022:07:56:19 -0700] "GET /archives/class5470/total_data/refer_img/8-86_f.jpg HTTP/1.1" 404 88 "-" "Mozilla/5.0 (compatible; bingbot/2.0; +http://www.bing.com/bingbot.htm)" "www.ysfine.com"
51.222.253.17 - - [27/Sep/2022:07:56:31 -0700] "GET /class54/class5470/total_data/sub_2121.htm HTTP/1.1" 200 3367 "-" "Mozilla/5.0 (compatible; AhrefsBot/7.0; +http://ahrefs.com/robot/)" "www.ysfine.com"
51.222.253.8 - - [27/Sep/2022:07:56:33 -0700] "GET /class54/class5470/total_data/refer_img/2-113_f.jpg HTTP/1.1" 200 25761 "-" "Mozilla/5.0 (compatible; AhrefsBot/7.0; +http://ahrefs.com/robot/)" "www.ysfine.com"
51.222.253.9 - - [27/Sep/2022:07:56:34 -0700] "GET /class54/class5470/total_data/refer_img/2-106_f.jpg HTTP/1.1" 200 30968 "-" "Mozilla/5.0 (compatible; AhrefsBot/7.0; +http://ahrefs.com/robot/)" "www.ysfine.com"
51.222.253.5 - - [27/Sep/2022:07:56:34 -0700] "GET /class54/class5470/total_data/refer_img/2-114_f.jpg HTTP/1.1" 200 29358 "-" "Mozilla/5.0 (compatible; AhrefsBot/7.0; +http://ahrefs.com/robot/)" "www.ysfine.com"
51.222.253.10 - - [27/Sep/2022:07:56:34 -0700] "GET /class54/class5470/total_data/photo_img/2-121.jpg HTTP/1.1" 200 120123 "-" "Mozilla/5.0 (compatible; AhrefsBot/7.0; +http://ahrefs.com/robot/)" "www.ysfine.com"
51.222.253.18 - - [27/Sep/2022:07:56:35 -0700] "GET /class54/class5470/total_data/refer_img/2-123_f.jpg HTTP/1.1" 200 43997 "-" "Mozilla/5.0 (compatible; AhrefsBot/7.0; +http://ahrefs.com/robot/)" "www.ysfine.com"
51.222.253.2 - - [27/Sep/2022:07:56:35 -0700] "GET /class54/class5470/total_data/refer_img/2-122_f.jpg HTTP/1.1" 200 33725 "-" "Mozilla/5.0 (compatible; AhrefsBot/7.0; +http://ahrefs.com/robot/)" "www.ysfine.com"
51.222.253.17 - - [27/Sep/2022:07:56:36 -0700] "GET /class54/class5470/total_data/refer_img/2-118_f.jpg HTTP/1.1" 200 26111 "-" "Mozilla/5.0 (compatible; AhrefsBot/7.0; +http://ahrefs.com/robot/)" "www.ysfine.com"
51.222.253.8 - - [27/Sep/2022:07:56:36 -0700] "GET /class54/class5470/total_data/refer_img/2-119_f.jpg HTTP/1.1" 200 32788 "-" "Mozilla/5.0 (compatible; AhrefsBot/7.0; +http://ahrefs.com/robot/)" "www.ysfine.com"
51.222.253.19 - - [27/Sep/2022:07:56:36 -0700] "GET /class54/class5470/total_data/refer_img/2-104_f.jpg HTTP/1.1" 200 29498 "-" "Mozilla/5.0 (compatible; AhrefsBot/7.0; +http://ahrefs.com/robot/)" "www.ysfine.com"
51.222.253.12 - - [27/Sep/2022:07:56:37 -0700] "GET /class54/class5470/total_data/refer_img/2-110_f.jpg HTTP/1.1" 200 46637 "-" "Mozilla/5.0 (compatible; AhrefsBot/7.0; +http://ahrefs.com/robot/)" "www.ysfine.com"
51.222.253.5 - - [27/Sep/2022:07:56:38 -0700] "GET /class54/class5470/total_data/refer_img/2-109_f.jpg HTTP/1.1" 200 29094 "-" "Mozilla/5.0 (compatible; AhrefsBot/7.0; +http://ahrefs.com/robot/)" "www.ysfine.com"
51.222.253.8 - - [27/Sep/2022:07:56:39 -0700] "GET /class54/class5470/total_data/refer_img/2-120_f.jpg HTTP/1.1" 200 32623 "-" "Mozilla/5.0 (compatible; AhrefsBot/7.0; +http://ahrefs.com/robot/)" "www.ysfine.com"
51.222.253.7 - - [27/Sep/2022:07:56:39 -0700] "GET /class54/class5470/total_data/refer_img/2-112_f.jpg HTTP/1.1" 200 26477 "-" "Mozilla/5.0 (compatible; AhrefsBot/7.0; +http://ahrefs.com/robot/)" "www.ysfine.com"
51.222.253.12 - - [27/Sep/2022:07:56:40 -0700] "GET /class54/class5470/total_data/refer_img/2-102_f.jpg HTTP/1.1" 200 41609 "-" "Mozilla/5.0 (compatible; AhrefsBot/7.0; +http://ahrefs.com/robot/)" "www.ysfine.com"
51.222.253.13 - - [27/Sep/2022:07:56:40 -0700] "GET /class54/class5470/total_data/refer_img/2-100_f.jpg HTTP/1.1" 200 30216 "-" "Mozilla/5.0 (compatible; AhrefsBot/7.0; +http://ahrefs.com/robot/)" "www.ysfine.com"
51.222.253.20 - - [27/Sep/2022:07:56:41 -0700] "GET /class54/class5470/total_data/refer_img/2-103_f.jpg HTTP/1.1" 200 29992 "-" "Mozilla/5.0 (compatible; AhrefsBot/7.0; +http://ahrefs.com/robot/)" "www.ysfine.com"
51.222.253.20 - - [27/Sep/2022:07:56:42 -0700] "GET /class54/class5470/total_data/refer_img/2-105_f.jpg HTTP/1.1" 200 38971 "-" "Mozilla/5.0 (compatible; AhrefsBot/7.0; +http://ahrefs.com/robot/)" "www.ysfine.com"
51.222.253.13 - - [27/Sep/2022:07:56:42 -0700] "GET /class54/class5470/total_data/refer_img/2-108_f.jpg HTTP/1.1" 200 26886 "-" "Mozilla/5.0 (compatible; AhrefsBot/7.0; +http://ahrefs.com/robot/)" "www.ysfine.com"
51.222.253.12 - - [27/Sep/2022:07:56:43 -0700] "GET /class54/class5470/total_data/img/sm05_off.gif HTTP/1.1" 200 542 "-" "Mozilla/5.0 (compatible; AhrefsBot/7.0; +http://ahrefs.com/robot/)" "www.ysfine.com"
51.222.253.1 - - [27/Sep/2022:07:56:43 -0700] "GET /class54/class5470/total_data/refer_img/2-101_f.jpg HTTP/1.1" 200 44986 "-" "Mozilla/5.0 (compatible; AhrefsBot/7.0; +http://ahrefs.com/robot/)" "www.ysfine.com"
51.222.253.18 - - [27/Sep/2022:07:56:43 -0700] "GET /class54/class5470/total_data/refer_img/2-115_f.jpg HTTP/1.1" 200 29218 "-" "Mozilla/5.0 (compatible; AhrefsBot/7.0; +http://ahrefs.com/robot/)" "www.ysfine.com"
51.222.253.5 - - [27/Sep/2022:07:56:44 -0700] "GET /class54/class5470/total_data/refer_img/2-121_f.jpg HTTP/1.1" 200 35514 "-" "Mozilla/5.0 (compatible; AhrefsBot/7.0; +http://ahrefs.com/robot/)" "www.ysfine.com"
51.222.253.2 - - [27/Sep/2022:07:56:44 -0700] "GET /class54/class5470/total_data/refer_img/2-117_f.jpg HTTP/1.1" 200 39146 "-" "Mozilla/5.0 (compatible; AhrefsBot/7.0; +http://ahrefs.com/robot/)" "www.ysfine.com"
51.222.253.3 - - [27/Sep/2022:07:56:45 -0700] "GET /class54/class5470/total_data/refer_img/2-107_f.jpg HTTP/1.1" 200 28394 "-" "Mozilla/5.0 (compatible; AhrefsBot/7.0; +http://ahrefs.com/robot/)" "www.ysfine.com"
51.222.253.1 - - [27/Sep/2022:07:56:45 -0700] "GET /class54/class5470/total_data/refer_img/2-111_f.jpg HTTP/1.1" 200 30927 "-" "Mozilla/5.0 (compatible; AhrefsBot/7.0; +http://ahrefs.com/robot/)" "www.ysfine.com"
51.222.253.10 - - [27/Sep/2022:07:56:51 -0700] "GET /class54/class5470/total_data/refer_img/2-116_f.jpg HTTP/1.1" 200 28335 "-" "Mozilla/5.0 (compatible; AhrefsBot/7.0; +http://ahrefs.com/robot/)" "www.ysfine.com"
152.22.97.24 - - [27/Sep/2022:07:56:54 -0700] "GET /world/ital/panth01.jpg HTTP/1.1" 200 100632 "https://www.google.com/" "Mozilla/5.0 (iPhone; CPU iPhone OS 16_0 like Mac OS X) AppleWebKit/605.1.15 (KHTML, like Gecko) Version/16.0 Mobile/15E148 Safari/604.1" "ysfine.com"
157.55.39.58 - - [27/Sep/2022:07:57:06 -0700] "GET /feynman/page55.html HTTP/1.1" 200 470 "-" "Mozilla/5.0 (compatible; bingbot/2.0; +http://www.bing.com/bingbot.htm)" "ysfine.com"
157.55.39.58 - - [27/Sep/2022:07:57:36 -0700] "GET /home/optics.html HTTP/1.1" 200 4947 "-" "Mozilla/5.0 (compatible; bingbot/2.0; +http://www.bing.com/bingbot.htm)" "www.ysfine.com"
157.55.39.128 - - [27/Sep/2022:07:57:48 -0700] "GET /dirac/dirfeyn22.html HTTP/1.1" 200 2329 "-" "Mozilla/5.0 (compatible; bingbot/2.0; +http://www.bing.com/bingbot.htm)" "ysfine.com"
5.181.106.75 - - [27/Sep/2022:07:58:27 -0700] "GET /world/brit/harrow01.jpg HTTP/1.1" 200 116031 "https://www.google.co.uk/" "Mozilla/5.0 (Macintosh; Intel Mac OS X 10_15_7) AppleWebKit/537.36 (KHTML, like Gecko) Chrome/105.0.0.0 Safari/537.36" "ysfine.com"
157.55.39.128 - - [27/Sep/2022:07:59:48 -0700] "GET /home/wigstu.html HTTP/1.1" 200 4212 "-" "Mozilla/5.0 AppleWebKit/537.36 (KHTML, like Gecko; compatible; bingbot/2.0; +http://www.bing.com/bingbot.htm) Chrome/103.0.5060.134 Safari/537.36" "ysfine.com"
157.55.39.58 - - [27/Sep/2022:08:01:57 -0700] "GET /einstein/bern.html HTTP/1.1" 200 8314 "-" "Mozilla/5.0 (compatible; bingbot/2.0; +http://www.bing.com/bingbot.htm)" "ysfine.com"
77.75.73.26 - - [27/Sep/2022:08:02:14 -0700] "GET /robots.txt HTTP/1.1" 404 88 "-" "Mozilla/5.0 (compatible; SeznamBot/4.0-RC1; +http://napoveda.seznam.cz/seznambot-intro/)" "ysfine.com"
157.55.39.55 - - [27/Sep/2022:08:02:37 -0700] "GET /maga/phil/marxmos01b.jpg HTTP/1.1" 200 26995 "-" "Mozilla/5.0 (compatible; bingbot/2.0; +http://www.bing.com/bingbot.htm)" "ysfine.com"
157.55.39.55 - - [27/Sep/2022:08:02:40 -0700] "GET /world/ital/venice08cc.jpg HTTP/1.1" 200 259222 "-" "Mozilla/5.0 (compatible; bingbot/2.0; +http://www.bing.com/bingbot.htm)" "ysfine.com"
157.55.39.55 - - [27/Sep/2022:08:02:41 -0700] "GET /maga/landau.html HTTP/1.1" 200 6658 "-" "Mozilla/5.0 (compatible; bingbot/2.0; +http://www.bing.com/bingbot.htm)" "ysfine.com"
40.77.167.95 - - [27/Sep/2022:08:02:53 -0700] "GET /robots.txt HTTP/1.1" 404 88 "-" "Mozilla/5.0 AppleWebKit/537.36 (KHTML, like Gecko; compatible; bingbot/2.0; +http://www.bing.com/bingbot.htm) Chrome/103.0.5060.134 Safari/537.36" "www.ysfine.com"
207.46.13.180 - - [27/Sep/2022:08:03:00 -0700] "GET /usca/pitt/carnlibra03.jpg HTTP/1.1" 200 168827 "-" "Mozilla/5.0 (compatible; bingbot/2.0; +http://www.bing.com/bingbot.htm)" "www.ysfine.com"
157.55.39.58 - - [27/Sep/2022:08:03:16 -0700] "GET /world/scandi/fin08b.jpg HTTP/1.1" 200 42031 "-" "Mozilla/5.0 AppleWebKit/537.36 (KHTML, like Gecko; compatible; bingbot/2.0; +http://www.bing.com/bingbot.htm) Chrome/103.0.5060.134 Safari/537.36" "ysfine.com"
77.75.72.26 - - [27/Sep/2022:08:04:17 -0700] "GET /kobak/kobtop.html HTTP/1.1" 304 - "-" "Mozilla/5.0 (compatible; SeznamBot/4.0-RC1; +http://napoveda.seznam.cz/seznambot-intro/)" "ysfine.com"
64.124.8.39 - - [27/Sep/2022:08:04:28 -0700] "GET /feynman/feygell.html HTTP/1.1" 304 - "-" "Mozilla/5.0 (X11; Linux x86_64) AppleWebKit/537.36 (KHTML, like Gecko) Chrome/61.0.3163.79 Safari/537.36" "ysfine.com"
157.55.39.55 - - [27/Sep/2022:08:04:28 -0700] "GET /wdc/sakura.html HTTP/1.1" 200 381 "-" "Mozilla/5.0 (compatible; bingbot/2.0; +http://www.bing.com/bingbot.htm)" "www.ysfine.com"
51.222.253.1 - - [27/Sep/2022:08:05:18 -0700] "GET /class54/class5470/total_data/sub_2122.htm HTTP/1.1" 200 3366 "-" "Mozilla/5.0 (compatible; AhrefsBot/7.0; +http://ahrefs.com/robot/)" "www.ysfine.com"
64.124.8.39 - - [27/Sep/2022:08:05:24 -0700] "GET /wigner/evangel.html HTTP/1.1" 304 - "-" "Mozilla/5.0 (X11; Linux x86_64) AppleWebKit/537.36 (KHTML, like Gecko) Chrome/61.0.3163.79 Safari/537.36" "ysfine.com"
64.124.8.39 - - [27/Sep/2022:08:06:02 -0700] "GET /dirac/wigsis.html HTTP/1.1" 304 - "-" "Mozilla/5.0 (X11; Linux x86_64) AppleWebKit/537.36 (KHTML, like Gecko) Chrome/61.0.3163.79 Safari/537.36" "ysfine.com"
64.124.8.39 - - [27/Sep/2022:08:06:25 -0700] "GET /style/admire.html HTTP/1.1" 304 - "-" "Mozilla/5.0 (X11; Linux x86_64) AppleWebKit/537.36 (KHTML, like Gecko) Chrome/61.0.3163.79 Safari/537.36" "ysfine.com"
157.55.39.58 - - [27/Sep/2022:08:06:27 -0700] "GET /princeton/dulles.html HTTP/1.1" 200 2700 "-" "Mozilla/5.0 (compatible; bingbot/2.0; +http://www.bing.com/bingbot.htm)" "ysfine.com"
157.55.39.55 - - [27/Sep/2022:08:07:47 -0700] "GET /usca/pitt/cyclo2.jpg HTTP/1.1" 200 37426 "-" "Mozilla/5.0 AppleWebKit/537.36 (KHTML, like Gecko; compatible; bingbot/2.0; +http://www.bing.com/bingbot.htm) Chrome/103.0.5060.134 Safari/537.36" "www.ysfine.com"
177.27.3.141 - - [27/Sep/2022:08:07:53 -0700] "GET /wigner/neum/vnc01.jpg HTTP/1.1" 200 133641 "https://sites.google.com/" "Mozilla/5.0 (Linux; Android 12; SM-A325M) AppleWebKit/537.36 (KHTML, like Gecko) Chrome/105.0.0.0 Mobile Safari/537.36" "ysfine.com"
27.55.76.123 - - [27/Sep/2022:08:08:19 -0700] "GET /world/russ/roskei90b.jpg HTTP/1.1" 200 50111 "https://www.google.com/" "Mozilla/5.0 (Macintosh; Intel Mac OS X 10_14_6) AppleWebKit/537.36 (KHTML, like Gecko) Chrome/105.0.0.0 Safari/537.36" "ysfine.com"
148.6.178.195 - - [27/Sep/2022:08:08:26 -0700] "GET /dirac/wigsis.html HTTP/1.1" 200 10275 "-" "Mozilla/5.0 (Windows NT 10.0; Win64; x64) AppleWebKit/537.36 (KHTML, like Gecko) Chrome/105.0.0.0 Safari/537.36" "ysfine.com"
74.125.208.145 - - [27/Sep/2022:08:08:26 -0700] "GET /dirac/wigsis.html HTTP/1.1" 200 10275 "-" "Mozilla/5.0 (Windows NT 10.0; Win64; x64) AppleWebKit/537.36 (KHTML, like Gecko) Chrome/105.0.0.0 Safari/537.36,gzip(gfe)" "ysfine.com"
207.46.13.180 - - [27/Sep/2022:08:08:31 -0700] "GET /world/ital/verona25.jpg HTTP/1.1" 200 140347 "-" "Mozilla/5.0 (compatible; bingbot/2.0; +http://www.bing.com/bingbot.htm)" "ysfine.com"
40.77.167.61 - - [27/Sep/2022:08:08:55 -0700] "GET /feynman/jf0.jpg HTTP/1.1" 200 16765 "-" "Mozilla/5.0 (compatible; bingbot/2.0; +http://www.bing.com/bingbot.htm)" "www.ysfine.com"
40.77.167.61 - - [27/Sep/2022:08:09:15 -0700] "GET /princeton/prospectg22b.jpg HTTP/1.1" 200 49786 "-" "Mozilla/5.0 (compatible; bingbot/2.0; +http://www.bing.com/bingbot.htm)" "ysfine.com"
40.77.167.61 - - [27/Sep/2022:08:09:16 -0700] "GET /world/kazan.html HTTP/1.1" 200 13929 "-" "Mozilla/5.0 AppleWebKit/537.36 (KHTML, like Gecko; compatible; bingbot/2.0; +http://www.bing.com/bingbot.htm) Chrome/103.0.5060.134 Safari/537.36" "ysfine.com"
157.55.39.55 - - [27/Sep/2022:08:10:10 -0700] "GET /beau/romania03.jpg HTTP/1.1" 404 88 "-" "Mozilla/5.0 (compatible; bingbot/2.0; +http://www.bing.com/bingbot.htm)" "ysfine.com"
157.55.39.55 - - [27/Sep/2022:08:10:10 -0700] "GET /world/brit/oxlon54.jpg HTTP/1.1" 200 79831 "-" "Mozilla/5.0 (compatible; bingbot/2.0; +http://www.bing.com/bingbot.htm)" "ysfine.com"
157.55.39.58 - - [27/Sep/2022:08:10:15 -0700] "GET /world/russ/arbat01.jpg HTTP/1.1" 200 107338 "-" "Mozilla/5.0 AppleWebKit/537.36 (KHTML, like Gecko; compatible; bingbot/2.0; +http://www.bing.com/bingbot.htm) Chrome/103.0.5060.134 Safari/537.36" "ysfine.com"
207.46.13.102 - - [27/Sep/2022:08:10:33 -0700] "GET /world/france/pontdg03.jpg HTTP/1.1" 200 231960 "-" "Mozilla/5.0 (compatible; bingbot/2.0; +http://www.bing.com/bingbot.htm)" "www.ysfine.com"
157.55.39.58 - - [27/Sep/2022:08:10:55 -0700] "GET /style/musee/britmu11.jpg HTTP/1.1" 200 90469 "-" "Mozilla/5.0 (compatible; bingbot/2.0; +http://www.bing.com/bingbot.htm)" "www.ysfine.com"
49.228.49.37 - - [27/Sep/2022:08:11:04 -0700] "GET /kowar/panmun04.jpg HTTP/1.1" 200 126386 "https://www.google.com/" "Mozilla/5.0 (Windows NT 10.0; Win64; x64) AppleWebKit/537.36 (KHTML, like Gecko) Chrome/105.0.0.0 Safari/537.36" "ysfine.com"
66.249.70.3 - - [27/Sep/2022:08:11:15 -0700] "GET /home/emc22a.jpg HTTP/1.1" 200 59239 "-" "Googlebot-Image/1.0" "ysfine.com"
157.55.39.128 - - [27/Sep/2022:08:11:59 -0700] "GET /maga/galtime.html HTTP/1.1" 200 1944 "-" "Mozilla/5.0 AppleWebKit/537.36 (KHTML, like Gecko; compatible; bingbot/2.0; +http://www.bing.com/bingbot.htm) Chrome/103.0.5060.134 Safari/537.36" "ysfine.com"
157.55.39.55 - - [27/Sep/2022:08:12:38 -0700] "GET /wdc/ww2m55.jpg HTTP/1.1" 200 72629 "-" "Mozilla/5.0 (compatible; bingbot/2.0; +http://www.bing.com/bingbot.htm)" "www.ysfine.com"
51.222.253.1 - - [27/Sep/2022:08:13:37 -0700] "GET /class54/class5480/Pictures/2.%C3%AA%C2%B8%C2%B0%C3%AB%C2%85%C2%90%C3%AD%C2%96%C2%89%C3%AC%C2%82%C2%AC/ HTTP/1.1" 200 1718 "-" "Mozilla/5.0 (compatible; AhrefsBot/7.0; +http://ahrefs.com/robot/)" "www.ysfine.com"
157.55.39.55 - - [27/Sep/2022:08:14:48 -0700] "GET /home/fotos/package11f.jpg HTTP/1.1" 200 60942 "-" "Mozilla/5.0 AppleWebKit/537.36 (KHTML, like Gecko; compatible; bingbot/2.0; +http://www.bing.com/bingbot.htm) Chrome/103.0.5060.134 Safari/537.36" "ysfine.com"
207.46.13.102 - - [27/Sep/2022:08:14:53 -0700] "GET /usca/norl/bour31b.jpg HTTP/1.1" 200 47837 "-" "Mozilla/5.0 (compatible; bingbot/2.0; +http://www.bing.com/bingbot.htm)" "ysfine.com"
207.46.13.180 - - [27/Sep/2022:08:16:10 -0700] "GET /people/princeton68.jpg HTTP/1.1" 200 192633 "-" "Mozilla/5.0 AppleWebKit/537.36 (KHTML, like Gecko; compatible; bingbot/2.0; +http://www.bing.com/bingbot.htm) Chrome/103.0.5060.134 Safari/537.36" "www.ysfine.com"
157.55.39.55 - - [27/Sep/2022:08:16:27 -0700] "GET /princeton/prospectg22.jpg HTTP/1.1" 200 97787 "-" "Mozilla/5.0 AppleWebKit/537.36 (KHTML, like Gecko; compatible; bingbot/2.0; +http://www.bing.com/bingbot.htm) Chrome/103.0.5060.134 Safari/537.36" "ysfine.com"
178.176.213.17 - - [27/Sep/2022:08:17:48 -0700] "GET /confer/newadd.html HTTP/1.1" 200 4182 "https://www.ysfine.com/confer/newadd.html" "Mozilla/5.0 (Windows NT 6.3; Win64; x64) AppleWebKit/537.36 (KHTML, like Gecko) Chrome/90.0.4430.85 Safari/537.36 Edg/90.0.818.49" "www.ysfine.com"
197.239.91.126 - - [27/Sep/2022:08:17:53 -0700] "GET /kobak/kohist.html HTTP/1.1" 200 6039 "-" "Mozilla/5.0 (Windows NT 10.0; Win64; x64; rv:102.0) Gecko/20100101 Firefox/102.0" "www.ysfine.com"
40.77.167.61 - - [27/Sep/2022:08:17:55 -0700] "GET /world/ital/venice61b.jpg HTTP/1.1" 200 29108 "-" "Mozilla/5.0 (compatible; bingbot/2.0; +http://www.bing.com/bingbot.htm)" "ysfine.com"
207.46.13.102 - - [27/Sep/2022:08:18:24 -0700] "GET /wdc/kopol05b.jpg HTTP/1.1" 200 33796 "-" "Mozilla/5.0 (compatible; bingbot/2.0; +http://www.bing.com/bingbot.htm)" "ysfine.com"
207.46.13.180 - - [27/Sep/2022:08:18:32 -0700] "GET /world/germany/berlinf01.jpg HTTP/1.1" 200 103478 "-" "Mozilla/5.0 (compatible; bingbot/2.0; +http://www.bing.com/bingbot.htm)" "www.ysfine.com"
157.55.39.58 - - [27/Sep/2022:08:18:59 -0700] "GET /wigner/e(2).html HTTP/1.1" 200 4288 "-" "Mozilla/5.0 AppleWebKit/537.36 (KHTML, like Gecko; compatible; bingbot/2.0; +http://www.bing.com/bingbot.htm) Chrome/103.0.5060.134 Safari/537.36" "ysfine.com"
37.35.43.184 - - [27/Sep/2022:08:19:10 -0700] "GET /Telerik.Web.UI.WebResource.axd?type=rau HTTP/1.1" 404 88 "-" "Scrapy/2.6.1 (+https://scrapy.org)" "ysfine.com"
66.249.70.4 - - [27/Sep/2022:08:19:18 -0700] "GET /robots.txt HTTP/1.1" 404 88 "-" "Mozilla/5.0 (compatible; Googlebot/2.1; +http://www.google.com/bot.html)" "ysfine.com"
114.119.128.158 - - [27/Sep/2022:08:20:19 -0700] "GET /world/moscow.html HTTP/1.1" 200 21363 "https://www.ysfine.com/world/spb.html" "Mozilla/5.0 (Linux; Android 7.0;) AppleWebKit/537.36 (KHTML, like Gecko) Mobile Safari/537.36 (compatible; PetalBot;+https://webmaster.petalsearch.com/site/petalbot)" "www.ysfine.com"
14.169.215.4 - - [27/Sep/2022:08:20:24 -0700] "GET / HTTP/1.1" 200 15910 "http://ysfine.com" "Mozilla/5.0 (Windows NT 10.0; Win64; x64) AppleWebKit/537.36 (KHTML, like Gecko) Chrome/80.0.3987.132 Safari/537.36" "ysfine.com"
207.46.13.180 - - [27/Sep/2022:08:20:51 -0700] "GET /world/china/qingdao06.jpg HTTP/1.1" 200 99358 "-" "Mozilla/5.0 (compatible; bingbot/2.0; +http://www.bing.com/bingbot.htm)" "www.ysfine.com"
51.222.253.14 - - [27/Sep/2022:08:21:01 -0700] "GET /class54/class5470/total_data/sub_2116.htm HTTP/1.1" 200 3385 "-" "Mozilla/5.0 (compatible; AhrefsBot/7.0; +http://ahrefs.com/robot/)" "www.ysfine.com"
51.222.253.9 - - [27/Sep/2022:08:21:07 -0700] "GET /class54/class5470/total_data/photo_img/2-116.jpg HTTP/1.1" 200 131160 "-" "Mozilla/5.0 (compatible; AhrefsBot/7.0; +http://ahrefs.com/robot/)" "www.ysfine.com"
207.46.13.180 - - [27/Sep/2022:08:22:02 -0700] "GET /world/france/metz53.jpg HTTP/1.1" 200 115985 "-" "Mozilla/5.0 (compatible; bingbot/2.0; +http://www.bing.com/bingbot.htm)" "ysfine.com"
207.46.13.180 - - [27/Sep/2022:08:23:12 -0700] "GET /yspapers/index.html HTTP/1.1" 200 21306 "-" "Mozilla/5.0 AppleWebKit/537.36 (KHTML, like Gecko; compatible; bingbot/2.0; +http://www.bing.com/bingbot.htm) Chrome/103.0.5060.134 Safari/537.36" "ysfine.com"
206.84.140.79 - - [27/Sep/2022:08:23:19 -0700] "GET /einstein/heisenberg.html HTTP/1.1" 200 10552 "https://www.google.com/" "Mozilla/5.0 (Windows NT 10.0; Win64; x64; rv:104.0) Gecko/20100101 Firefox/104.0" "ysfine.com"
206.84.140.79 - - [27/Sep/2022:08:23:20 -0700] "GET /heisen/heisen66c.jpg HTTP/1.1" 200 43543 "https://ysfine.com/einstein/heisenberg.html" "Mozilla/5.0 (Windows NT 10.0; Win64; x64; rv:104.0) Gecko/20100101 Firefox/104.0" "ysfine.com"
206.84.140.79 - - [27/Sep/2022:08:23:20 -0700] "GET /heisen/schroheisen33c.jpg HTTP/1.1" 200 47347 "https://ysfine.com/einstein/heisenberg.html" "Mozilla/5.0 (Windows NT 10.0; Win64; x64; rv:104.0) Gecko/20100101 Firefox/104.0" "ysfine.com"
206.84.140.79 - - [27/Sep/2022:08:23:20 -0700] "GET /einstein/einhouse11c.jpg HTTP/1.1" 200 32610 "https://ysfine.com/einstein/heisenberg.html" "Mozilla/5.0 (Windows NT 10.0; Win64; x64; rv:104.0) Gecko/20100101 Firefox/104.0" "ysfine.com"
206.84.140.79 - - [27/Sep/2022:08:23:20 -0700] "GET /heisen/heisen22c.jpg HTTP/1.1" 200 33300 "https://ysfine.com/einstein/heisenberg.html" "Mozilla/5.0 (Windows NT 10.0; Win64; x64; rv:104.0) Gecko/20100101 Firefox/104.0" "ysfine.com"
206.84.140.79 - - [27/Sep/2022:08:23:20 -0700] "GET /wigner/wigheis11c.jpg HTTP/1.1" 200 41279 "https://ysfine.com/einstein/heisenberg.html" "Mozilla/5.0 (Windows NT 10.0; Win64; x64; rv:104.0) Gecko/20100101 Firefox/104.0" "ysfine.com"
206.84.140.79 - - [27/Sep/2022:08:23:20 -0700] "GET /heisen/bohrheisen11c.jpg HTTP/1.1" 200 41289 "https://ysfine.com/einstein/heisenberg.html" "Mozilla/5.0 (Windows NT 10.0; Win64; x64; rv:104.0) Gecko/20100101 Firefox/104.0" "ysfine.com"
206.84.140.79 - - [27/Sep/2022:08:23:20 -0700] "GET /einstein/fantova/fanto11c.jpg HTTP/1.1" 200 48308 "https://ysfine.com/einstein/heisenberg.html" "Mozilla/5.0 (Windows NT 10.0; Win64; x64; rv:104.0) Gecko/20100101 Firefox/104.0" "ysfine.com"
206.84.140.79 - - [27/Sep/2022:08:23:20 -0700] "GET /einstein/tsepa11c.jpg HTTP/1.1" 200 28691 "https://ysfine.com/einstein/heisenberg.html" "Mozilla/5.0 (Windows NT 10.0; Win64; x64; rv:104.0) Gecko/20100101 Firefox/104.0" "ysfine.com"
206.84.140.79 - - [27/Sep/2022:08:23:20 -0700] "GET /einstein/einbohr33c.jpg HTTP/1.1" 200 36410 "https://ysfine.com/einstein/heisenberg.html" "Mozilla/5.0 (Windows NT 10.0; Win64; x64; rv:104.0) Gecko/20100101 Firefox/104.0" "ysfine.com"
206.84.140.79 - - [27/Sep/2022:08:23:20 -0700] "GET /wigner/wighome11c.jpg HTTP/1.1" 200 45648 "https://ysfine.com/einstein/heisenberg.html" "Mozilla/5.0 (Windows NT 10.0; Win64; x64; rv:104.0) Gecko/20100101 Firefox/104.0" "ysfine.com"
206.84.140.79 - - [27/Sep/2022:08:23:20 -0700] "GET /einstein/texfiles/einheis02.jpg HTTP/1.1" 200 27605 "https://ysfine.com/einstein/heisenberg.html" "Mozilla/5.0 (Windows NT 10.0; Win64; x64; rv:104.0) Gecko/20100101 Firefox/104.0" "ysfine.com"
206.84.140.79 - - [27/Sep/2022:08:23:20 -0700] "GET /wigner/wigkim11c.jpg HTTP/1.1" 200 30443 "https://ysfine.com/einstein/heisenberg.html" "Mozilla/5.0 (Windows NT 10.0; Win64; x64; rv:104.0) Gecko/20100101 Firefox/104.0" "ysfine.com"
206.84.140.79 - - [27/Sep/2022:08:23:20 -0700] "GET /einstein/texfiles/einheis03.jpg HTTP/1.1" 200 46000 "https://ysfine.com/einstein/heisenberg.html" "Mozilla/5.0 (Windows NT 10.0; Win64; x64; rv:104.0) Gecko/20100101 Firefox/104.0" "ysfine.com"
206.84.140.79 - - [27/Sep/2022:08:23:20 -0700] "GET /maga/phys/yukadirac53c.jpg HTTP/1.1" 200 40447 "https://ysfine.com/einstein/heisenberg.html" "Mozilla/5.0 (Windows NT 10.0; Win64; x64; rv:104.0) Gecko/20100101 Firefox/104.0" "ysfine.com"
206.84.140.79 - - [27/Sep/2022:08:23:20 -0700] "GET /dirac/dirheisen31c.jpg HTTP/1.1" 200 43569 "https://ysfine.com/einstein/heisenberg.html" "Mozilla/5.0 (Windows NT 10.0; Win64; x64; rv:104.0) Gecko/20100101 Firefox/104.0" "ysfine.com"
206.84.140.79 - - [27/Sep/2022:08:23:20 -0700] "GET /feynman/ppic/parton88a.jpg HTTP/1.1" 200 55506 "https://ysfine.com/einstein/heisenberg.html" "Mozilla/5.0 (Windows NT 10.0; Win64; x64; rv:104.0) Gecko/20100101 Firefox/104.0" "ysfine.com"
206.84.140.79 - - [27/Sep/2022:08:23:20 -0700] "GET /einstein/texfiles/einheis01.jpg HTTP/1.1" 200 32456 "https://ysfine.com/einstein/heisenberg.html" "Mozilla/5.0 (Windows NT 10.0; Win64; x64; rv:104.0) Gecko/20100101 Firefox/104.0" "ysfine.com"
206.84.140.79 - - [27/Sep/2022:08:23:20 -0700] "GET /einstein/texfiles/einheis05.jpg HTTP/1.1" 200 31679 "https://ysfine.com/einstein/heisenberg.html" "Mozilla/5.0 (Windows NT 10.0; Win64; x64; rv:104.0) Gecko/20100101 Firefox/104.0" "ysfine.com"
206.84.140.79 - - [27/Sep/2022:08:23:20 -0700] "GET /dirac/2osc22c.jpg HTTP/1.1" 200 28929 "https://ysfine.com/einstein/heisenberg.html" "Mozilla/5.0 (Windows NT 10.0; Win64; x64; rv:104.0) Gecko/20100101 Firefox/104.0" "ysfine.com"
206.84.140.79 - - [27/Sep/2022:08:23:20 -0700] "GET /dirac/o32inho22c.jpg HTTP/1.1" 200 33038 "https://ysfine.com/einstein/heisenberg.html" "Mozilla/5.0 (Windows NT 10.0; Win64; x64; rv:104.0) Gecko/20100101 Firefox/104.0" "ysfine.com"
206.84.140.79 - - [27/Sep/2022:08:23:20 -0700] "GET /dirac/o32c.jpg HTTP/1.1" 200 30707 "https://ysfine.com/einstein/heisenberg.html" "Mozilla/5.0 (Windows NT 10.0; Win64; x64; rv:104.0) Gecko/20100101 Firefox/104.0" "ysfine.com"
206.84.140.79 - - [27/Sep/2022:08:23:20 -0700] "GET /eink/pwk19c.jpg HTTP/1.1" 200 57759 "https://ysfine.com/einstein/heisenberg.html" "Mozilla/5.0 (Windows NT 10.0; Win64; x64; rv:104.0) Gecko/20100101 Firefox/104.0" "ysfine.com"
206.84.140.79 - - [27/Sep/2022:08:23:20 -0700] "GET /einstein/math/sp2c.jpg HTTP/1.1" 200 29719 "https://ysfine.com/einstein/heisenberg.html" "Mozilla/5.0 (Windows NT 10.0; Win64; x64; rv:104.0) Gecko/20100101 Firefox/104.0" "ysfine.com"
206.84.140.79 - - [27/Sep/2022:08:23:20 -0700] "GET /home/figs/sq55c.jpg HTTP/1.1" 200 29581 "https://ysfine.com/einstein/heisenberg.html" "Mozilla/5.0 (Windows NT 10.0; Win64; x64; rv:104.0) Gecko/20100101 Firefox/104.0" "ysfine.com"
206.84.140.79 - - [27/Sep/2022:08:23:28 -0700] "GET /favicon.ico HTTP/1.1" 404 88 "https://ysfine.com/einstein/heisenberg.html" "Mozilla/5.0 (Windows NT 10.0; Win64; x64; rv:104.0) Gecko/20100101 Firefox/104.0" "ysfine.com"
31.54.54.123 - - [27/Sep/2022:08:24:08 -0700] "GET /dirac/dirac63.jpg HTTP/1.1" 200 83306 "https://www.google.co.uk/" "Mozilla/5.0 (iPhone; CPU iPhone OS 15_5 like Mac OS X) AppleWebKit/605.1.15 (KHTML, like Gecko) Version/15.5 Mobile/15E148 Safari/604.1" "ysfine.com"
173.63.3.98 - - [27/Sep/2022:08:24:25 -0700] "GET /princeton/alexan22.jpg HTTP/1.1" 200 175436 "https://www.google.com/" "Mozilla/5.0 (Macintosh; Intel Mac OS X 10_14_6) AppleWebKit/537.36 (KHTML, like Gecko) Chrome/105.0.0.0 Safari/537.36" "ysfine.com"
31.54.54.123 - - [27/Sep/2022:08:24:30 -0700] "GET /dirac/feydirac450.jpg HTTP/1.1" 200 40491 "https://www.google.co.uk/" "Mozilla/5.0 (iPhone; CPU iPhone OS 15_5 like Mac OS X) AppleWebKit/605.1.15 (KHTML, like Gecko) Version/15.5 Mobile/15E148 Safari/604.1" "ysfine.com"
157.55.39.58 - - [27/Sep/2022:08:24:38 -0700] "GET /kowar/feb8b.jpg HTTP/1.1" 200 45612 "-" "Mozilla/5.0 (compatible; bingbot/2.0; +http://www.bing.com/bingbot.htm)" "ysfine.com"
24.233.176.164 - - [27/Sep/2022:08:24:49 -0700] "GET /feynman/jf2.jpg HTTP/1.1" 200 10558 "https://www.google.com/" "Mozilla/5.0 (Macintosh; Intel Mac OS X 10_15_7) AppleWebKit/537.36 (KHTML, like Gecko) Chrome/105.0.0.0 Safari/537.36" "ysfine.com"
40.77.167.61 - - [27/Sep/2022:08:24:49 -0700] "GET /wdc/georgetown.html HTTP/1.1" 200 3609 "-" "Mozilla/5.0 (compatible; bingbot/2.0; +http://www.bing.com/bingbot.htm)" "www.ysfine.com"
40.77.167.61 - - [27/Sep/2022:08:24:57 -0700] "GET /feynman/ppic/parton66a.jpg HTTP/1.1" 200 63902 "-" "Mozilla/5.0 (compatible; bingbot/2.0; +http://www.bing.com/bingbot.htm)" "www.ysfine.com"
157.55.39.128 - - [27/Sep/2022:08:25:09 -0700] "GET /kobak/swr64c.jpg HTTP/1.1" 200 28709 "-" "Mozilla/5.0 AppleWebKit/537.36 (KHTML, like Gecko; compatible; bingbot/2.0; +http://www.bing.com/bingbot.htm) Chrome/103.0.5060.134 Safari/537.36" "ysfine.com"
31.54.54.123 - - [27/Sep/2022:08:25:18 -0700] "GET /dirac/dirheisen31b.jpg HTTP/1.1" 200 39248 "https://www.google.co.uk/" "Mozilla/5.0 (iPhone; CPU iPhone OS 15_5 like Mac OS X) AppleWebKit/605.1.15 (KHTML, like Gecko) Version/15.5 Mobile/15E148 Safari/604.1" "ysfine.com"
24.233.176.164 - - [27/Sep/2022:08:25:42 -0700] "GET /feynman/fphoto.html HTTP/1.1" 200 3714 "https://www.google.com/" "Mozilla/5.0 (Macintosh; Intel Mac OS X 10_15_7) AppleWebKit/537.36 (KHTML, like Gecko) Chrome/105.0.0.0 Safari/537.36" "ysfine.com"
24.233.176.164 - - [27/Sep/2022:08:25:42 -0700] "GET /feynman/feyn86b.jpg HTTP/1.1" 200 26190 "https://ysfine.com/feynman/fphoto.html" "Mozilla/5.0 (Macintosh; Intel Mac OS X 10_15_7) AppleWebKit/537.36 (KHTML, like Gecko) Chrome/105.0.0.0 Safari/537.36" "ysfine.com"
24.233.176.164 - - [27/Sep/2022:08:25:42 -0700] "GET /feynman/feynma2.jpg HTTP/1.1" 200 41543 "https://ysfine.com/feynman/fphoto.html" "Mozilla/5.0 (Macintosh; Intel Mac OS X 10_15_7) AppleWebKit/537.36 (KHTML, like Gecko) Chrome/105.0.0.0 Safari/537.36" "ysfine.com"
24.233.176.164 - - [27/Sep/2022:08:25:42 -0700] "GET /feynman/chapline2.jpg HTTP/1.1" 200 36026 "https://ysfine.com/feynman/fphoto.html" "Mozilla/5.0 (Macintosh; Intel Mac OS X 10_15_7) AppleWebKit/537.36 (KHTML, like Gecko) Chrome/105.0.0.0 Safari/537.36" "ysfine.com"
24.233.176.164 - - [27/Sep/2022:08:25:42 -0700] "GET /feynman/feyprince2.jpg HTTP/1.1" 200 49143 "https://ysfine.com/feynman/fphoto.html" "Mozilla/5.0 (Macintosh; Intel Mac OS X 10_15_7) AppleWebKit/537.36 (KHTML, like Gecko) Chrome/105.0.0.0 Safari/537.36" "ysfine.com"
24.233.176.164 - - [27/Sep/2022:08:25:43 -0700] "GET /feynman/feybongo55b.jpg HTTP/1.1" 200 41455 "https://ysfine.com/feynman/fphoto.html" "Mozilla/5.0 (Macintosh; Intel Mac OS X 10_15_7) AppleWebKit/537.36 (KHTML, like Gecko) Chrome/105.0.0.0 Safari/537.36" "ysfine.com"
24.233.176.164 - - [27/Sep/2022:08:25:43 -0700] "GET /world/latina/rio025b.jpg HTTP/1.1" 200 39082 "https://ysfine.com/feynman/fphoto.html" "Mozilla/5.0 (Macintosh; Intel Mac OS X 10_15_7) AppleWebKit/537.36 (KHTML, like Gecko) Chrome/105.0.0.0 Safari/537.36" "ysfine.com"
24.233.176.164 - - [27/Sep/2022:08:25:43 -0700] "GET /favicon.ico HTTP/1.1" 404 88 "https://ysfine.com/feynman/fphoto.html" "Mozilla/5.0 (Macintosh; Intel Mac OS X 10_15_7) AppleWebKit/537.36 (KHTML, like Gecko) Chrome/105.0.0.0 Safari/537.36" "ysfine.com"
24.233.176.164 - - [27/Sep/2022:08:25:45 -0700] "GET /feynman/fa4.jpg HTTP/1.1" 200 14936 "https://ysfine.com/feynman/fphoto.html" "Mozilla/5.0 (Macintosh; Intel Mac OS X 10_15_7) AppleWebKit/537.36 (KHTML, like Gecko) Chrome/105.0.0.0 Safari/537.36" "ysfine.com"
24.233.176.164 - - [27/Sep/2022:08:25:48 -0700] "GET /feynman/feypic.html HTTP/1.1" 404 88 "https://ysfine.com/feynman/fphoto.html" "Mozilla/5.0 (Macintosh; Intel Mac OS X 10_15_7) AppleWebKit/537.36 (KHTML, like Gecko) Chrome/105.0.0.0 Safari/537.36" "ysfine.com"
219.250.93.249 - - [27/Sep/2022:08:26:00 -0700] "GET /dirac/dirfeyn.html HTTP/1.1" 200 6341 "https://www.google.com/" "Mozilla/5.0 (Windows NT 10.0; Win64; x64) AppleWebKit/537.36 (KHTML, like Gecko) Chrome/105.0.0.0 Safari/537.36" "ysfine.com"
219.250.93.249 - - [27/Sep/2022:08:26:00 -0700] "GET /dirac/sq73c.jpg HTTP/1.1" 200 35501 "https://ysfine.com/dirac/dirfeyn.html" "Mozilla/5.0 (Windows NT 10.0; Win64; x64) AppleWebKit/537.36 (KHTML, like Gecko) Chrome/105.0.0.0 Safari/537.36" "ysfine.com"
219.250.93.249 - - [27/Sep/2022:08:26:00 -0700] "GET /dirac/dirackn33c.jpg HTTP/1.1" 200 50420 "https://ysfine.com/dirac/dirfeyn.html" "Mozilla/5.0 (Windows NT 10.0; Win64; x64) AppleWebKit/537.36 (KHTML, like Gecko) Chrome/105.0.0.0 Safari/537.36" "ysfine.com"
219.250.93.249 - - [27/Sep/2022:08:26:00 -0700] "GET /dirac/nicodem11c.jpg HTTP/1.1" 200 72684 "https://ysfine.com/dirac/dirfeyn.html" "Mozilla/5.0 (Windows NT 10.0; Win64; x64) AppleWebKit/537.36 (KHTML, like Gecko) Chrome/105.0.0.0 Safari/537.36" "ysfine.com"
219.250.93.249 - - [27/Sep/2022:08:26:00 -0700] "GET /dirac/2osc22c.jpg HTTP/1.1" 200 28929 "https://ysfine.com/dirac/dirfeyn.html" "Mozilla/5.0 (Windows NT 10.0; Win64; x64) AppleWebKit/537.36 (KHTML, like Gecko) Chrome/105.0.0.0 Safari/537.36" "ysfine.com"
219.250.93.249 - - [27/Sep/2022:08:26:00 -0700] "GET /people/sbt11c.jpg HTTP/1.1" 200 31479 "https://ysfine.com/dirac/dirfeyn.html" "Mozilla/5.0 (Windows NT 10.0; Win64; x64) AppleWebKit/537.36 (KHTML, like Gecko) Chrome/105.0.0.0 Safari/537.36" "ysfine.com"
219.250.93.249 - - [27/Sep/2022:08:26:00 -0700] "GET /wigner/wigkim11c.jpg HTTP/1.1" 200 30443 "https://ysfine.com/dirac/dirfeyn.html" "Mozilla/5.0 (Windows NT 10.0; Win64; x64) AppleWebKit/537.36 (KHTML, like Gecko) Chrome/105.0.0.0 Safari/537.36" "ysfine.com"
219.250.93.249 - - [27/Sep/2022:08:26:00 -0700] "GET /eink/eink61c.jpg HTTP/1.1" 200 34119 "https://ysfine.com/dirac/dirfeyn.html" "Mozilla/5.0 (Windows NT 10.0; Win64; x64) AppleWebKit/537.36 (KHTML, like Gecko) Chrome/105.0.0.0 Safari/537.36" "ysfine.com"
219.250.93.249 - - [27/Sep/2022:08:26:00 -0700] "GET /dirac/feydirac300.jpg HTTP/1.1" 200 38223 "https://ysfine.com/dirac/dirfeyn.html" "Mozilla/5.0 (Windows NT 10.0; Win64; x64) AppleWebKit/537.36 (KHTML, like Gecko) Chrome/105.0.0.0 Safari/537.36" "ysfine.com"
219.250.93.249 - - [27/Sep/2022:08:26:00 -0700] "GET /dirac/dfkim11c.jpg HTTP/1.1" 200 34801 "https://ysfine.com/dirac/dirfeyn.html" "Mozilla/5.0 (Windows NT 10.0; Win64; x64) AppleWebKit/537.36 (KHTML, like Gecko) Chrome/105.0.0.0 Safari/537.36" "ysfine.com"
219.250.93.249 - - [27/Sep/2022:08:26:00 -0700] "GET /wigner/isomor66c.jpg HTTP/1.1" 200 47632 "https://ysfine.com/dirac/dirfeyn.html" "Mozilla/5.0 (Windows NT 10.0; Win64; x64) AppleWebKit/537.36 (KHTML, like Gecko) Chrome/105.0.0.0 Safari/537.36" "ysfine.com"
219.250.93.249 - - [27/Sep/2022:08:26:00 -0700] "GET /feynman/jacdrum11c.jpg HTTP/1.1" 200 39178 "https://ysfine.com/dirac/dirfeyn.html" "Mozilla/5.0 (Windows NT 10.0; Win64; x64) AppleWebKit/537.36 (KHTML, like Gecko) Chrome/105.0.0.0 Safari/537.36" "ysfine.com"
219.250.93.249 - - [27/Sep/2022:08:26:05 -0700] "GET /favicon.ico HTTP/1.1" 404 88 "https://ysfine.com/dirac/dirfeyn.html" "Mozilla/5.0 (Windows NT 10.0; Win64; x64) AppleWebKit/537.36 (KHTML, like Gecko) Chrome/105.0.0.0 Safari/537.36" "ysfine.com"
219.250.93.249 - - [27/Sep/2022:08:26:25 -0700] "GET /feynman/feydirak11.jpg HTTP/1.1" 200 102093 "https://ysfine.com/dirac/dirfeyn.html" "Mozilla/5.0 (Windows NT 10.0; Win64; x64) AppleWebKit/537.36 (KHTML, like Gecko) Chrome/105.0.0.0 Safari/537.36" "ysfine.com"
207.46.13.102 - - [27/Sep/2022:08:26:35 -0700] "GET /wdc/eindc02.jpg HTTP/1.1" 200 147414 "-" "Mozilla/5.0 (compatible; bingbot/2.0; +http://www.bing.com/bingbot.htm)" "www.ysfine.com"
114.119.128.158 - - [27/Sep/2022:08:27:50 -0700] "GET /remote/sisfa12aa/frame52.html HTTP/1.1" 200 319 "https://ysfine.com/remote/sisfa12aa/frame51.html" "Mozilla/5.0 (Linux; Android 7.0;) AppleWebKit/537.36 (KHTML, like Gecko) Mobile Safari/537.36 (compatible; PetalBot;+https://webmaster.petalsearch.com/site/petalbot)" "ysfine.com"
219.250.93.249 - - [27/Sep/2022:08:28:05 -0700] "GET /yspapers/little22.pdf HTTP/1.1" 200 2659296 "https://ysfine.com/dirac/dirfeyn.html" "Mozilla/5.0 (Windows NT 10.0; Win64; x64) AppleWebKit/537.36 (KHTML, like Gecko) Chrome/105.0.0.0 Safari/537.36" "ysfine.com"
157.55.39.58 - - [27/Sep/2022:08:28:59 -0700] "GET /style/bdances.html HTTP/1.1" 200 1607 "-" "Mozilla/5.0 (compatible; bingbot/2.0; +http://www.bing.com/bingbot.htm)" "ysfine.com"
122.202.255.146 - - [27/Sep/2022:08:28:59 -0700] "GET /world/brit/etonharrow.html HTTP/1.1" 200 4546 "https://www.google.com/" "Mozilla/5.0 (iPhone; CPU iPhone OS 16_0 like Mac OS X) AppleWebKit/605.1.15 (KHTML, like Gecko) GSA/230.1.475637890 Mobile/15E148 Safari/604.1" "ysfine.com"
122.202.255.146 - - [27/Sep/2022:08:28:59 -0700] "GET /world/brit/winston01b.jpg HTTP/1.1" 200 38436 "https://ysfine.com/world/brit/etonharrow.html" "Mozilla/5.0 (iPhone; CPU iPhone OS 16_0 like Mac OS X) AppleWebKit/605.1.15 (KHTML, like Gecko) GSA/230.1.475637890 Mobile/15E148 Safari/604.1" "ysfine.com"
122.202.255.146 - - [27/Sep/2022:08:28:59 -0700] "GET /world/brit/nehru11b.jpg HTTP/1.1" 200 43052 "https://ysfine.com/world/brit/etonharrow.html" "Mozilla/5.0 (iPhone; CPU iPhone OS 16_0 like Mac OS X) AppleWebKit/605.1.15 (KHTML, like Gecko) GSA/230.1.475637890 Mobile/15E148 Safari/604.1" "ysfine.com"
122.202.255.146 - - [27/Sep/2022:08:28:59 -0700] "GET /world/brit/eton02b.jpg HTTP/1.1" 200 39432 "https://ysfine.com/world/brit/etonharrow.html" "Mozilla/5.0 (iPhone; CPU iPhone OS 16_0 like Mac OS X) AppleWebKit/605.1.15 (KHTML, like Gecko) GSA/230.1.475637890 Mobile/15E148 Safari/604.1" "ysfine.com"
122.202.255.146 - - [27/Sep/2022:08:28:59 -0700] "GET /world/brit/eton07b.jpg HTTP/1.1" 200 36566 "https://ysfine.com/world/brit/etonharrow.html" "Mozilla/5.0 (iPhone; CPU iPhone OS 16_0 like Mac OS X) AppleWebKit/605.1.15 (KHTML, like Gecko) GSA/230.1.475637890 Mobile/15E148 Safari/604.1" "ysfine.com"
122.202.255.146 - - [27/Sep/2022:08:28:59 -0700] "GET /kobak/kwk11b.jpg HTTP/1.1" 200 46888 "https://ysfine.com/world/brit/etonharrow.html" "Mozilla/5.0 (iPhone; CPU iPhone OS 16_0 like Mac OS X) AppleWebKit/605.1.15 (KHTML, like Gecko) GSA/230.1.475637890 Mobile/15E148 Safari/604.1" "ysfine.com"
122.202.255.146 - - [27/Sep/2022:08:28:59 -0700] "GET /world/brit/eton01b.jpg HTTP/1.1" 200 47771 "https://ysfine.com/world/brit/etonharrow.html" "Mozilla/5.0 (iPhone; CPU iPhone OS 16_0 like Mac OS X) AppleWebKit/605.1.15 (KHTML, like Gecko) GSA/230.1.475637890 Mobile/15E148 Safari/604.1" "ysfine.com"
122.202.255.146 - - [27/Sep/2022:08:29:02 -0700] "GET /world/brit/eton03b.jpg HTTP/1.1" 200 45141 "https://ysfine.com/world/brit/etonharrow.html" "Mozilla/5.0 (iPhone; CPU iPhone OS 16_0 like Mac OS X) AppleWebKit/605.1.15 (KHTML, like Gecko) GSA/230.1.475637890 Mobile/15E148 Safari/604.1" "ysfine.com"
122.202.255.146 - - [27/Sep/2022:08:29:02 -0700] "GET /kobak/taylor33c.jpg HTTP/1.1" 200 39951 "https://ysfine.com/world/brit/etonharrow.html" "Mozilla/5.0 (iPhone; CPU iPhone OS 16_0 like Mac OS X) AppleWebKit/605.1.15 (KHTML, like Gecko) GSA/230.1.475637890 Mobile/15E148 Safari/604.1" "ysfine.com"
122.202.255.146 - - [27/Sep/2022:08:29:02 -0700] "GET /world/brit/harrow09b.jpg HTTP/1.1" 200 48797 "https://ysfine.com/world/brit/etonharrow.html" "Mozilla/5.0 (iPhone; CPU iPhone OS 16_0 like Mac OS X) AppleWebKit/605.1.15 (KHTML, like Gecko) GSA/230.1.475637890 Mobile/15E148 Safari/604.1" "ysfine.com"
122.202.255.146 - - [27/Sep/2022:08:29:02 -0700] "GET /eink/pwk19c.jpg HTTP/1.1" 200 57759 "https://ysfine.com/world/brit/etonharrow.html" "Mozilla/5.0 (iPhone; CPU iPhone OS 16_0 like Mac OS X) AppleWebKit/605.1.15 (KHTML, like Gecko) GSA/230.1.475637890 Mobile/15E148 Safari/604.1" "ysfine.com"
122.202.255.146 - - [27/Sep/2022:08:29:02 -0700] "GET /world/brit/harrow01b.jpg HTTP/1.1" 200 54632 "https://ysfine.com/world/brit/etonharrow.html" "Mozilla/5.0 (iPhone; CPU iPhone OS 16_0 like Mac OS X) AppleWebKit/605.1.15 (KHTML, like Gecko) GSA/230.1.475637890 Mobile/15E148 Safari/604.1" "ysfine.com"
122.202.255.146 - - [27/Sep/2022:08:29:02 -0700] "GET /world/brit/harrow04b.jpg HTTP/1.1" 200 48004 "https://ysfine.com/world/brit/etonharrow.html" "Mozilla/5.0 (iPhone; CPU iPhone OS 16_0 like Mac OS X) AppleWebKit/605.1.15 (KHTML, like Gecko) GSA/230.1.475637890 Mobile/15E148 Safari/604.1" "ysfine.com"
122.202.255.146 - - [27/Sep/2022:08:29:02 -0700] "GET /world/brit/windsor02b.jpg HTTP/1.1" 200 40724 "https://ysfine.com/world/brit/etonharrow.html" "Mozilla/5.0 (iPhone; CPU iPhone OS 16_0 like Mac OS X) AppleWebKit/605.1.15 (KHTML, like Gecko) GSA/230.1.475637890 Mobile/15E148 Safari/604.1" "ysfine.com"
122.202.255.146 - - [27/Sep/2022:08:29:02 -0700] "GET /world/brit/harrow11b.jpg HTTP/1.1" 200 42533 "https://ysfine.com/world/brit/etonharrow.html" "Mozilla/5.0 (iPhone; CPU iPhone OS 16_0 like Mac OS X) AppleWebKit/605.1.15 (KHTML, like Gecko) GSA/230.1.475637890 Mobile/15E148 Safari/604.1" "ysfine.com"
122.202.255.146 - - [27/Sep/2022:08:29:02 -0700] "GET /world/brit/harrow12b.jpg HTTP/1.1" 200 45104 "https://ysfine.com/world/brit/etonharrow.html" "Mozilla/5.0 (iPhone; CPU iPhone OS 16_0 like Mac OS X) AppleWebKit/605.1.15 (KHTML, like Gecko) GSA/230.1.475637890 Mobile/15E148 Safari/604.1" "ysfine.com"
207.46.13.102 - - [27/Sep/2022:08:29:05 -0700] "GET /style/artlove.html HTTP/1.1" 200 16005 "-" "Mozilla/5.0 (compatible; bingbot/2.0; +http://www.bing.com/bingbot.htm)" "ysfine.com"
