51.222.253.19 - - [27/Sep/2022:00:03:30 -0700] "GET /dirac/diracqm33b.jpg HTTP/1.1" 200 44237 "-" "Mozilla/5.0 (compatible; AhrefsBot/7.0; +http://ahrefs.com/robot/)" "www.ysfine.com"
51.222.253.16 - - [27/Sep/2022:00:03:31 -0700] "GET /dirac/sq66b.jpg HTTP/1.1" 200 22242 "-" "Mozilla/5.0 (compatible; AhrefsBot/7.0; +http://ahrefs.com/robot/)" "www.ysfine.com"
185.191.171.13 - - [27/Sep/2022:00:04:26 -0700] "GET /world/ital/galmil.html HTTP/1.1" 200 1084 "-" "Mozilla/5.0 (compatible; SemrushBot/7~bl; +http://www.semrush.com/bot.html)" "www.ysfine.com"
40.77.167.61 - - [27/Sep/2022:00:04:28 -0700] "GET /world/china/shenyang01b.jpg HTTP/1.1" 200 36992 "-" "Mozilla/5.0 (compatible; bingbot/2.0; +http://www.bing.com/bingbot.htm)" "www.ysfine.com"
40.77.167.61 - - [27/Sep/2022:00:04:38 -0700] "GET /einstein/places/einha02c.jpg HTTP/1.1" 200 23710 "-" "Mozilla/5.0 (compatible; bingbot/2.0; +http://www.bing.com/bingbot.htm)" "ysfine.com"
66.249.66.44 - - [27/Sep/2022:00:04:53 -0700] "GET /world/china/opium08b.jpg HTTP/1.1" 200 42719 "-" "Googlebot-Image/1.0" "ysfine.com"
157.55.39.128 - - [27/Sep/2022:00:05:12 -0700] "GET /saram/g013.jpg HTTP/1.1" 200 77413 "-" "Mozilla/5.0 (compatible; bingbot/2.0; +http://www.bing.com/bingbot.htm)" "www.ysfine.com"
114.119.128.154 - - [27/Sep/2022:00:05:17 -0700] "GET /ffriends/argenseville11c.jpg HTTP/1.1" 200 43844 "https://www.ysfine.com/class54/emailed06.html" "Mozilla/5.0 (Linux; Android 7.0;) AppleWebKit/537.36 (KHTML, like Gecko) Mobile Safari/537.36 (compatible; PetalBot;+https://webmaster.petalsearch.com/site/petalbot)" "www.ysfine.com"
157.55.39.55 - - [27/Sep/2022:00:06:41 -0700] "GET /world/baltic/lithu04.jpg HTTP/1.1" 200 63670 "-" "Mozilla/5.0 (compatible; bingbot/2.0; +http://www.bing.com/bingbot.htm)" "ysfine.com"
66.249.66.44 - - [27/Sep/2022:00:06:43 -0700] "GET /world/germany/leipzig33b.jpg HTTP/1.1" 304 - "-" "Googlebot-Image/1.0" "ysfine.com"
176.144.165.151 - - [27/Sep/2022:00:07:41 -0700] "GET /wigner/neum/pvn05.jpg HTTP/1.1" 200 219501 "https://www.google.com/" "Mozilla/5.0 (Macintosh; Intel Mac OS X 10_15_7) AppleWebKit/605.1.15 (KHTML, like Gecko) Version/16.0 Safari/605.1.15" "ysfine.com"
207.46.13.180 - - [27/Sep/2022:00:07:54 -0700] "GET /home/fig33/einbohr77f.jpg HTTP/1.1" 200 193991 "-" "Mozilla/5.0 (compatible; bingbot/2.0; +http://www.bing.com/bingbot.htm)" "ysfine.com"
114.119.128.142 - - [27/Sep/2022:00:08:07 -0700] "GET /home/ysnr11d.jpg HTTP/1.1" 200 61140 "https://www.ysfine.com/awards/index.html" "Mozilla/5.0 (Linux; Android 7.0;) AppleWebKit/537.36 (KHTML, like Gecko) Mobile Safari/537.36 (compatible; PetalBot;+https://webmaster.petalsearch.com/site/petalbot)" "www.ysfine.com"
157.55.39.128 - - [27/Sep/2022:00:08:53 -0700] "GET /world/brit/dunf07.jpg HTTP/1.1" 200 134742 "-" "Mozilla/5.0 AppleWebKit/537.36 (KHTML, like Gecko; compatible; bingbot/2.0; +http://www.bing.com/bingbot.htm) Chrome/103.0.5060.134 Safari/537.36" "www.ysfine.com"
60.188.9.98 - - [27/Sep/2022:00:10:18 -0700] "GET /robots.txt HTTP/1.1" 404 73 "-" "YisouSpider" "ysfine.com"
60.188.11.18 - - [27/Sep/2022:00:10:18 -0700] "GET /feynman/fphoto.html HTTP/1.1" 200 3714 "-" "Mozilla/5.0 (Windows NT 6.1; Win64; x64) AppleWebKit/537.36 (KHTML, like Gecko) Chrome/69.0.3497.81 YisouSpider/5.0 Safari/537.36" "ysfine.com"
51.222.253.16 - - [27/Sep/2022:00:10:19 -0700] "GET /home/onephys.html HTTP/1.1" 200 2527 "-" "Mozilla/5.0 (compatible; AhrefsBot/7.0; +http://ahrefs.com/robot/)" "ysfine.com"
51.222.253.20 - - [27/Sep/2022:00:10:22 -0700] "GET /home/comet06b.jpg HTTP/1.1" 200 39499 "-" "Mozilla/5.0 (compatible; AhrefsBot/7.0; +http://ahrefs.com/robot/)" "ysfine.com"
157.55.39.128 - - [27/Sep/2022:00:10:23 -0700] "GET /world/france/pariso10.jpg HTTP/1.1" 200 104494 "-" "Mozilla/5.0 AppleWebKit/537.36 (KHTML, like Gecko; compatible; bingbot/2.0; +http://www.bing.com/bingbot.htm) Chrome/103.0.5060.134 Safari/537.36" "ysfine.com"
51.222.253.15 - - [27/Sep/2022:00:10:23 -0700] "GET /home/hyper02b.jpg HTTP/1.1" 200 31293 "-" "Mozilla/5.0 (compatible; AhrefsBot/7.0; +http://ahrefs.com/robot/)" "ysfine.com"
51.222.253.16 - - [27/Sep/2022:00:10:23 -0700] "GET /home/hyper01b.jpg HTTP/1.1" 200 28008 "-" "Mozilla/5.0 (compatible; AhrefsBot/7.0; +http://ahrefs.com/robot/)" "ysfine.com"
114.119.128.14 - - [27/Sep/2022:00:10:52 -0700] "GET /world/wigberlin.html HTTP/1.1" 200 7173 "https://www.ysfine.com/class54/emailed02.html" "Mozilla/5.0 (Linux; Android 7.0;) AppleWebKit/537.36 (KHTML, like Gecko) Mobile Safari/537.36 (compatible; PetalBot;+https://webmaster.petalsearch.com/site/petalbot)" "www.ysfine.com"
216.244.66.229 - - [27/Sep/2022:00:11:10 -0700] "GET /robots.txt HTTP/1.1" 404 73 "-" "Mozilla/5.0 (compatible; DotBot/1.2; +https://opensiteexplorer.org/dotbot; help@moz.com)" "www.ysfine.com"
157.55.39.55 - - [27/Sep/2022:00:12:13 -0700] "GET /wdc/gtown24.jpg HTTP/1.1" 200 88013 "-" "Mozilla/5.0 (compatible; bingbot/2.0; +http://www.bing.com/bingbot.htm)" "www.ysfine.com"
40.77.167.61 - - [27/Sep/2022:00:12:49 -0700] "GET /kowar/77reg03.jpg HTTP/1.1" 200 168538 "-" "Mozilla/5.0 (compatible; bingbot/2.0; +http://www.bing.com/bingbot.htm)" "ysfine.com"
86.32.39.13 - - [27/Sep/2022:00:13:22 -0700] "GET /wigner/neum/ymath.jpg HTTP/1.1" 200 64930 "https://www.google.com/" "Mozilla/5.0 (Windows NT 10.0; Win64; x64) AppleWebKit/537.36 (KHTML, like Gecko) Chrome/104.0.5112.102 Safari/537.36 OPR/90.0.4480.84" "ysfine.com"
157.55.39.58 - - [27/Sep/2022:00:13:30 -0700] "GET /style/akiko2.jpg HTTP/1.1" 200 50482 "-" "Mozilla/5.0 (compatible; bingbot/2.0; +http://www.bing.com/bingbot.htm)" "ysfine.com"
114.119.128.154 - - [27/Sep/2022:00:14:03 -0700] "GET /class54/class5470/total_data/photo_img/1-36.jpg HTTP/1.1" 200 208780 "https://ysfine.com/class54/class5470/total_data/sub_136.htm" "Mozilla/5.0 (Linux; Android 7.0;) AppleWebKit/537.36 (KHTML, like Gecko) Mobile Safari/537.36 (compatible; PetalBot;+https://webmaster.petalsearch.com/site/petalbot)" "ysfine.com"
157.55.39.55 - - [27/Sep/2022:00:14:13 -0700] "GET /feynman/feychin.jpg HTTP/1.1" 200 33472 "-" "Mozilla/5.0 (compatible; bingbot/2.0; +http://www.bing.com/bingbot.htm)" "ysfine.com"
207.46.13.102 - - [27/Sep/2022:00:15:39 -0700] "GET /kobak/kangban.jpg HTTP/1.1" 200 100804 "-" "Mozilla/5.0 (compatible; bingbot/2.0; +http://www.bing.com/bingbot.htm)" "www.ysfine.com"
51.222.253.3 - - [27/Sep/2022:00:16:46 -0700] "GET /people/wheeler.html HTTP/1.1" 200 3348 "-" "Mozilla/5.0 (compatible; AhrefsBot/7.0; +http://ahrefs.com/robot/)" "ysfine.com"
66.249.66.40 - - [27/Sep/2022:00:16:50 -0700] "GET /kobak/kostu16c.jpg HTTP/1.1" 200 40782 "-" "Googlebot-Image/1.0" "ysfine.com"
66.249.66.43 - - [27/Sep/2022:00:16:58 -0700] "GET /kobak/kcrown.jpg HTTP/1.1" 200 41579 "-" "Googlebot-Image/1.0" "ysfine.com"
157.55.39.128 - - [27/Sep/2022:00:17:42 -0700] "GET /world/brit/paddington03.jpg HTTP/1.1" 200 81750 "-" "Mozilla/5.0 (compatible; bingbot/2.0; +http://www.bing.com/bingbot.htm)" "ysfine.com"
114.119.128.154 - - [27/Sep/2022:00:17:51 -0700] "GET /dongio/italian.html HTTP/1.1" 404 88 "https://ysfine.com/dongio/fdw.html" "Mozilla/5.0 (Linux; Android 7.0;) AppleWebKit/537.36 (KHTML, like Gecko) Mobile Safari/537.36 (compatible; PetalBot;+https://webmaster.petalsearch.com/site/petalbot)" "ysfine.com"
66.249.66.43 - - [27/Sep/2022:00:17:51 -0700] "GET /kobak/sl5017c.jpg HTTP/1.1" 200 74057 "-" "Googlebot-Image/1.0" "ysfine.com"
157.55.39.128 - - [27/Sep/2022:00:18:03 -0700] "GET /maga/invent/kdka11c.jpg HTTP/1.1" 200 28450 "-" "Mozilla/5.0 (compatible; bingbot/2.0; +http://www.bing.com/bingbot.htm)" "ysfine.com"
66.249.66.43 - - [27/Sep/2022:00:18:07 -0700] "GET /kobak/kostu09.jpg HTTP/1.1" 200 78037 "-" "Googlebot-Image/1.0" "ysfine.com"
185.191.171.5 - - [27/Sep/2022:00:18:26 -0700] "GET /wigner/wigheisen.html HTTP/1.1" 200 3346 "-" "Mozilla/5.0 (compatible; SemrushBot/7~bl; +http://www.semrush.com/bot.html)" "www.ysfine.com"
157.55.39.55 - - [27/Sep/2022:00:20:13 -0700] "GET /maga/boltz/qboil66a.jpg HTTP/1.1" 200 64414 "-" "Mozilla/5.0 (compatible; bingbot/2.0; +http://www.bing.com/bingbot.htm)" "ysfine.com"
46.114.108.125 - - [27/Sep/2022:00:20:17 -0700] "GET /feynman/feygell66c.jpg HTTP/1.1" 200 32056 "https://www.google.de/" "Mozilla/5.0 (iPhone; CPU iPhone OS 16_0 like Mac OS X) AppleWebKit/605.1.15 (KHTML, like Gecko) Version/16.0 Mobile/15E148 Safari/604.1" "ysfine.com"
77.88.5.237 - - [27/Sep/2022:00:21:39 -0700] "GET /robots.txt HTTP/1.1" 404 73 "-" "Mozilla/5.0 (compatible; YandexBot/3.0; +http://yandex.com/bots)" "www.ysfine.com"
93.158.161.40 - - [27/Sep/2022:00:21:43 -0700] "GET /beau/korcasia.html HTTP/1.1" 404 88 "-" "Mozilla/5.0 (compatible; YandexBot/3.0; +http://yandex.com/bots)" "www.ysfine.com"
207.46.13.180 - - [27/Sep/2022:00:21:56 -0700] "GET /kowar/tanks/tank22.jpg HTTP/1.1" 200 85692 "-" "Mozilla/5.0 (compatible; bingbot/2.0; +http://www.bing.com/bingbot.htm)" "www.ysfine.com"
93.222.199.150 - - [27/Sep/2022:00:22:02 -0700] "GET /world/kazan.html HTTP/1.1" 200 13929 "https://r.search.yahoo.com/_ylt=AwrkLh6KpDJjveACunn04olQ;_ylu=Y29sbwNpcjIEcG9zAzEEdnRpZAMEc2VjA3Nj/RV=2/RE=1664292107/RO=10/RU=https%3a%2f%2fwww.ysfine.com%2fworld%2fkazan.html/RK=2/RS=0RBe4k1g8QfXqcucGU.UANmpwIw-" "Mozilla/5.0 (Macintosh; Intel Mac OS X 10_15_6) AppleWebKit/605.1.15 (KHTML, like Gecko) Version/15.6.1 Safari/605.1.15" "www.ysfine.com"
93.222.199.150 - - [27/Sep/2022:00:22:02 -0700] "GET /world/russ/kazan029b.jpg HTTP/1.1" 200 36166 "https://www.ysfine.com/world/kazan.html" "Mozilla/5.0 (Macintosh; Intel Mac OS X 10_15_6) AppleWebKit/605.1.15 (KHTML, like Gecko) Version/15.6.1 Safari/605.1.15" "www.ysfine.com"
93.222.199.150 - - [27/Sep/2022:00:22:02 -0700] "GET /ffriends/amkor/hillary10b.jpg HTTP/1.1" 200 26815 "https://www.ysfine.com/world/kazan.html" "Mozilla/5.0 (Macintosh; Intel Mac OS X 10_15_6) AppleWebKit/605.1.15 (KHTML, like Gecko) Version/15.6.1 Safari/605.1.15" "www.ysfine.com"
93.222.199.150 - - [27/Sep/2022:00:22:03 -0700] "GET /world/russ/kazan054b.jpg HTTP/1.1" 200 29447 "https://www.ysfine.com/world/kazan.html" "Mozilla/5.0 (Macintosh; Intel Mac OS X 10_15_6) AppleWebKit/605.1.15 (KHTML, like Gecko) Version/15.6.1 Safari/605.1.15" "www.ysfine.com"
93.222.199.150 - - [27/Sep/2022:00:22:03 -0700] "GET /world/russ/basil23b.jpg HTTP/1.1" 200 54658 "https://www.ysfine.com/world/kazan.html" "Mozilla/5.0 (Macintosh; Intel Mac OS X 10_15_6) AppleWebKit/605.1.15 (KHTML, like Gecko) Version/15.6.1 Safari/605.1.15" "www.ysfine.com"
93.222.199.150 - - [27/Sep/2022:00:22:03 -0700] "GET /world/russ/kazanmap11b.jpg HTTP/1.1" 200 29396 "https://www.ysfine.com/world/kazan.html" "Mozilla/5.0 (Macintosh; Intel Mac OS X 10_15_6) AppleWebKit/605.1.15 (KHTML, like Gecko) Version/15.6.1 Safari/605.1.15" "www.ysfine.com"
93.222.199.150 - - [27/Sep/2022:00:22:03 -0700] "GET /ffriends/tolstoy22b.jpg HTTP/1.1" 200 51408 "https://www.ysfine.com/world/kazan.html" "Mozilla/5.0 (Macintosh; Intel Mac OS X 10_15_6) AppleWebKit/605.1.15 (KHTML, like Gecko) Version/15.6.1 Safari/605.1.15" "www.ysfine.com"
93.222.199.150 - - [27/Sep/2022:00:22:03 -0700] "GET /world/russ/basil01b.jpg HTTP/1.1" 200 42711 "https://www.ysfine.com/world/kazan.html" "Mozilla/5.0 (Macintosh; Intel Mac OS X 10_15_6) AppleWebKit/605.1.15 (KHTML, like Gecko) Version/15.6.1 Safari/605.1.15" "www.ysfine.com"
93.222.199.150 - - [27/Sep/2022:00:22:03 -0700] "GET /world/russ/kazan087b.jpg HTTP/1.1" 200 20172 "https://www.ysfine.com/world/kazan.html" "Mozilla/5.0 (Macintosh; Intel Mac OS X 10_15_6) AppleWebKit/605.1.15 (KHTML, like Gecko) Version/15.6.1 Safari/605.1.15" "www.ysfine.com"
93.222.199.150 - - [27/Sep/2022:00:22:03 -0700] "GET /world/russ/kazan030b.jpg HTTP/1.1" 200 39028 "https://www.ysfine.com/world/kazan.html" "Mozilla/5.0 (Macintosh; Intel Mac OS X 10_15_6) AppleWebKit/605.1.15 (KHTML, like Gecko) Version/15.6.1 Safari/605.1.15" "www.ysfine.com"
93.222.199.150 - - [27/Sep/2022:00:22:03 -0700] "GET /world/russ/volga21b.jpg HTTP/1.1" 200 32734 "https://www.ysfine.com/world/kazan.html" "Mozilla/5.0 (Macintosh; Intel Mac OS X 10_15_6) AppleWebKit/605.1.15 (KHTML, like Gecko) Version/15.6.1 Safari/605.1.15" "www.ysfine.com"
93.222.199.150 - - [27/Sep/2022:00:22:03 -0700] "GET /eink/eink61c.jpg HTTP/1.1" 200 34119 "https://www.ysfine.com/world/kazan.html" "Mozilla/5.0 (Macintosh; Intel Mac OS X 10_15_6) AppleWebKit/605.1.15 (KHTML, like Gecko) Version/15.6.1 Safari/605.1.15" "www.ysfine.com"
93.222.199.150 - - [27/Sep/2022:00:22:03 -0700] "GET /world/russ/tolstoy11b.jpg HTTP/1.1" 200 33457 "https://www.ysfine.com/world/kazan.html" "Mozilla/5.0 (Macintosh; Intel Mac OS X 10_15_6) AppleWebKit/605.1.15 (KHTML, like Gecko) Version/15.6.1 Safari/605.1.15" "www.ysfine.com"
93.222.199.150 - - [27/Sep/2022:00:22:03 -0700] "GET /world/russ/kazan036b.jpg HTTP/1.1" 200 28082 "https://www.ysfine.com/world/kazan.html" "Mozilla/5.0 (Macintosh; Intel Mac OS X 10_15_6) AppleWebKit/605.1.15 (KHTML, like Gecko) Version/15.6.1 Safari/605.1.15" "www.ysfine.com"
93.222.199.150 - - [27/Sep/2022:00:22:03 -0700] "GET /world/russ/kazan017b.jpg HTTP/1.1" 200 44048 "https://www.ysfine.com/world/kazan.html" "Mozilla/5.0 (Macintosh; Intel Mac OS X 10_15_6) AppleWebKit/605.1.15 (KHTML, like Gecko) Version/15.6.1 Safari/605.1.15" "www.ysfine.com"
93.222.199.150 - - [27/Sep/2022:00:22:03 -0700] "GET /world/russ/kazan035b.jpg HTTP/1.1" 200 41723 "https://www.ysfine.com/world/kazan.html" "Mozilla/5.0 (Macintosh; Intel Mac OS X 10_15_6) AppleWebKit/605.1.15 (KHTML, like Gecko) Version/15.6.1 Safari/605.1.15" "www.ysfine.com"
93.222.199.150 - - [27/Sep/2022:00:22:03 -0700] "GET /world/russ/basil21b.jpg HTTP/1.1" 200 44478 "https://www.ysfine.com/world/kazan.html" "Mozilla/5.0 (Macintosh; Intel Mac OS X 10_15_6) AppleWebKit/605.1.15 (KHTML, like Gecko) Version/15.6.1 Safari/605.1.15" "www.ysfine.com"
93.222.199.150 - - [27/Sep/2022:00:22:03 -0700] "GET /world/russ/volga18b.jpg HTTP/1.1" 200 46253 "https://www.ysfine.com/world/kazan.html" "Mozilla/5.0 (Macintosh; Intel Mac OS X 10_15_6) AppleWebKit/605.1.15 (KHTML, like Gecko) Version/15.6.1 Safari/605.1.15" "www.ysfine.com"
93.222.199.150 - - [27/Sep/2022:00:22:03 -0700] "GET /world/russ/kazan061b.jpg HTTP/1.1" 200 38877 "https://www.ysfine.com/world/kazan.html" "Mozilla/5.0 (Macintosh; Intel Mac OS X 10_15_6) AppleWebKit/605.1.15 (KHTML, like Gecko) Version/15.6.1 Safari/605.1.15" "www.ysfine.com"
93.222.199.150 - - [27/Sep/2022:00:22:03 -0700] "GET /world/russ/kazan032b.jpg HTTP/1.1" 200 36979 "https://www.ysfine.com/world/kazan.html" "Mozilla/5.0 (Macintosh; Intel Mac OS X 10_15_6) AppleWebKit/605.1.15 (KHTML, like Gecko) Version/15.6.1 Safari/605.1.15" "www.ysfine.com"
93.222.199.150 - - [27/Sep/2022:00:22:03 -0700] "GET /world/russ/kazan001b.jpg HTTP/1.1" 200 41163 "https://www.ysfine.com/world/kazan.html" "Mozilla/5.0 (Macintosh; Intel Mac OS X 10_15_6) AppleWebKit/605.1.15 (KHTML, like Gecko) Version/15.6.1 Safari/605.1.15" "www.ysfine.com"
93.222.199.150 - - [27/Sep/2022:00:22:03 -0700] "GET /world/russ/kazan031b.jpg HTTP/1.1" 200 46458 "https://www.ysfine.com/world/kazan.html" "Mozilla/5.0 (Macintosh; Intel Mac OS X 10_15_6) AppleWebKit/605.1.15 (KHTML, like Gecko) Version/15.6.1 Safari/605.1.15" "www.ysfine.com"
93.222.199.150 - - [27/Sep/2022:00:22:03 -0700] "GET /world/russ/kazan050b.jpg HTTP/1.1" 200 36024 "https://www.ysfine.com/world/kazan.html" "Mozilla/5.0 (Macintosh; Intel Mac OS X 10_15_6) AppleWebKit/605.1.15 (KHTML, like Gecko) Version/15.6.1 Safari/605.1.15" "www.ysfine.com"
93.222.199.150 - - [27/Sep/2022:00:22:03 -0700] "GET /world/russ/kazan048b.jpg HTTP/1.1" 200 31543 "https://www.ysfine.com/world/kazan.html" "Mozilla/5.0 (Macintosh; Intel Mac OS X 10_15_6) AppleWebKit/605.1.15 (KHTML, like Gecko) Version/15.6.1 Safari/605.1.15" "www.ysfine.com"
93.222.199.150 - - [27/Sep/2022:00:22:03 -0700] "GET /world/russ/volga03b.jpg HTTP/1.1" 200 44929 "https://www.ysfine.com/world/kazan.html" "Mozilla/5.0 (Macintosh; Intel Mac OS X 10_15_6) AppleWebKit/605.1.15 (KHTML, like Gecko) Version/15.6.1 Safari/605.1.15" "www.ysfine.com"
93.222.199.150 - - [27/Sep/2022:00:22:03 -0700] "GET /world/russ/kazan058b.jpg HTTP/1.1" 200 35328 "https://www.ysfine.com/world/kazan.html" "Mozilla/5.0 (Macintosh; Intel Mac OS X 10_15_6) AppleWebKit/605.1.15 (KHTML, like Gecko) Version/15.6.1 Safari/605.1.15" "www.ysfine.com"
93.222.199.150 - - [27/Sep/2022:00:22:03 -0700] "GET /world/russ/kazan011b.jpg HTTP/1.1" 200 33761 "https://www.ysfine.com/world/kazan.html" "Mozilla/5.0 (Macintosh; Intel Mac OS X 10_15_6) AppleWebKit/605.1.15 (KHTML, like Gecko) Version/15.6.1 Safari/605.1.15" "www.ysfine.com"
93.222.199.150 - - [27/Sep/2022:00:22:03 -0700] "GET /world/russ/volga02b.jpg HTTP/1.1" 200 36769 "https://www.ysfine.com/world/kazan.html" "Mozilla/5.0 (Macintosh; Intel Mac OS X 10_15_6) AppleWebKit/605.1.15 (KHTML, like Gecko) Version/15.6.1 Safari/605.1.15" "www.ysfine.com"
93.222.199.150 - - [27/Sep/2022:00:22:03 -0700] "GET /world/russ/kazan086b.jpg HTTP/1.1" 200 38794 "https://www.ysfine.com/world/kazan.html" "Mozilla/5.0 (Macintosh; Intel Mac OS X 10_15_6) AppleWebKit/605.1.15 (KHTML, like Gecko) Version/15.6.1 Safari/605.1.15" "www.ysfine.com"
93.222.199.150 - - [27/Sep/2022:00:22:03 -0700] "GET /world/russ/kazan037b.jpg HTTP/1.1" 200 41335 "https://www.ysfine.com/world/kazan.html" "Mozilla/5.0 (Macintosh; Intel Mac OS X 10_15_6) AppleWebKit/605.1.15 (KHTML, like Gecko) Version/15.6.1 Safari/605.1.15" "www.ysfine.com"
93.222.199.150 - - [27/Sep/2022:00:22:03 -0700] "GET /world/russ/kazan071b.jpg HTTP/1.1" 200 45709 "https://www.ysfine.com/world/kazan.html" "Mozilla/5.0 (Macintosh; Intel Mac OS X 10_15_6) AppleWebKit/605.1.15 (KHTML, like Gecko) Version/15.6.1 Safari/605.1.15" "www.ysfine.com"
93.222.199.150 - - [27/Sep/2022:00:22:03 -0700] "GET /world/russ/twosis11b.jpg HTTP/1.1" 200 35693 "https://www.ysfine.com/world/kazan.html" "Mozilla/5.0 (Macintosh; Intel Mac OS X 10_15_6) AppleWebKit/605.1.15 (KHTML, like Gecko) Version/15.6.1 Safari/605.1.15" "www.ysfine.com"
93.222.199.150 - - [27/Sep/2022:00:22:03 -0700] "GET /world/russ/bachkova22b.jpg HTTP/1.1" 200 28646 "https://www.ysfine.com/world/kazan.html" "Mozilla/5.0 (Macintosh; Intel Mac OS X 10_15_6) AppleWebKit/605.1.15 (KHTML, like Gecko) Version/15.6.1 Safari/605.1.15" "www.ysfine.com"
93.222.199.150 - - [27/Sep/2022:00:22:03 -0700] "GET /world/russ/volga08b.jpg HTTP/1.1" 200 23746 "https://www.ysfine.com/world/kazan.html" "Mozilla/5.0 (Macintosh; Intel Mac OS X 10_15_6) AppleWebKit/605.1.15 (KHTML, like Gecko) Version/15.6.1 Safari/605.1.15" "www.ysfine.com"
93.222.199.150 - - [27/Sep/2022:00:22:03 -0700] "GET /world/russ/kazan019b.jpg HTTP/1.1" 200 30425 "https://www.ysfine.com/world/kazan.html" "Mozilla/5.0 (Macintosh; Intel Mac OS X 10_15_6) AppleWebKit/605.1.15 (KHTML, like Gecko) Version/15.6.1 Safari/605.1.15" "www.ysfine.com"
93.222.199.150 - - [27/Sep/2022:00:22:03 -0700] "GET /world/russ/twosis22b.jpg HTTP/1.1" 200 23679 "https://www.ysfine.com/world/kazan.html" "Mozilla/5.0 (Macintosh; Intel Mac OS X 10_15_6) AppleWebKit/605.1.15 (KHTML, like Gecko) Version/15.6.1 Safari/605.1.15" "www.ysfine.com"
93.222.199.150 - - [27/Sep/2022:00:22:03 -0700] "GET /world/russ/kazan101b.jpg HTTP/1.1" 200 26380 "https://www.ysfine.com/world/kazan.html" "Mozilla/5.0 (Macintosh; Intel Mac OS X 10_15_6) AppleWebKit/605.1.15 (KHTML, like Gecko) Version/15.6.1 Safari/605.1.15" "www.ysfine.com"
93.222.199.150 - - [27/Sep/2022:00:22:03 -0700] "GET /world/russ/kazan075b.jpg HTTP/1.1" 200 22249 "https://www.ysfine.com/world/kazan.html" "Mozilla/5.0 (Macintosh; Intel Mac OS X 10_15_6) AppleWebKit/605.1.15 (KHTML, like Gecko) Version/15.6.1 Safari/605.1.15" "www.ysfine.com"
93.222.199.150 - - [27/Sep/2022:00:22:03 -0700] "GET /world/russ/masha11b.jpg HTTP/1.1" 200 44336 "https://www.ysfine.com/world/kazan.html" "Mozilla/5.0 (Macintosh; Intel Mac OS X 10_15_6) AppleWebKit/605.1.15 (KHTML, like Gecko) Version/15.6.1 Safari/605.1.15" "www.ysfine.com"
93.222.199.150 - - [27/Sep/2022:00:22:03 -0700] "GET /world/russ/kazan033b.jpg HTTP/1.1" 200 45294 "https://www.ysfine.com/world/kazan.html" "Mozilla/5.0 (Macintosh; Intel Mac OS X 10_15_6) AppleWebKit/605.1.15 (KHTML, like Gecko) Version/15.6.1 Safari/605.1.15" "www.ysfine.com"
93.222.199.150 - - [27/Sep/2022:00:22:03 -0700] "GET /world/russ/kazan083b.jpg HTTP/1.1" 200 27729 "https://www.ysfine.com/world/kazan.html" "Mozilla/5.0 (Macintosh; Intel Mac OS X 10_15_6) AppleWebKit/605.1.15 (KHTML, like Gecko) Version/15.6.1 Safari/605.1.15" "www.ysfine.com"
93.222.199.150 - - [27/Sep/2022:00:22:03 -0700] "GET /world/russ/volga06b.jpg HTTP/1.1" 200 23320 "https://www.ysfine.com/world/kazan.html" "Mozilla/5.0 (Macintosh; Intel Mac OS X 10_15_6) AppleWebKit/605.1.15 (KHTML, like Gecko) Version/15.6.1 Safari/605.1.15" "www.ysfine.com"
93.222.199.150 - - [27/Sep/2022:00:22:03 -0700] "GET /world/russ/volga15b.jpg HTTP/1.1" 200 23055 "https://www.ysfine.com/world/kazan.html" "Mozilla/5.0 (Macintosh; Intel Mac OS X 10_15_6) AppleWebKit/605.1.15 (KHTML, like Gecko) Version/15.6.1 Safari/605.1.15" "www.ysfine.com"
93.222.199.150 - - [27/Sep/2022:00:22:03 -0700] "GET /world/russ/kazan004b.jpg HTTP/1.1" 200 42128 "https://www.ysfine.com/world/kazan.html" "Mozilla/5.0 (Macintosh; Intel Mac OS X 10_15_6) AppleWebKit/605.1.15 (KHTML, like Gecko) Version/15.6.1 Safari/605.1.15" "www.ysfine.com"
93.222.199.150 - - [27/Sep/2022:00:22:06 -0700] "GET /favicon.ico HTTP/1.1" 404 88 "https://www.ysfine.com/world/kazan.html" "Mozilla/5.0 (Macintosh; Intel Mac OS X 10_15_6) AppleWebKit/605.1.15 (KHTML, like Gecko) Version/15.6.1 Safari/605.1.15" "www.ysfine.com"
185.191.171.7 - - [27/Sep/2022:00:22:37 -0700] "GET /world/china11.html HTTP/1.1" 200 24682 "-" "Mozilla/5.0 (compatible; SemrushBot/7~bl; +http://www.semrush.com/bot.html)" "ysfine.com"
185.191.171.8 - - [27/Sep/2022:00:23:10 -0700] "GET /einstein/eincurie.html HTTP/1.1" 200 895 "-" "Mozilla/5.0 (compatible; SemrushBot/7~bl; +http://www.semrush.com/bot.html)" "www.ysfine.com"
185.191.171.12 - - [27/Sep/2022:00:24:27 -0700] "GET /feynman/partons.html HTTP/1.1" 200 5807 "-" "Mozilla/5.0 (compatible; SemrushBot/7~bl; +http://www.semrush.com/bot.html)" "ysfine.com"
207.46.13.180 - - [27/Sep/2022:00:25:26 -0700] "GET /dongio/amkor/amstu15.jpg HTTP/1.1" 404 88 "-" "Mozilla/5.0 (compatible; bingbot/2.0; +http://www.bing.com/bingbot.htm)" "ysfine.com"
66.249.66.44 - - [27/Sep/2022:00:25:29 -0700] "GET /kowar/paiksy02.jpg HTTP/1.1" 304 - "-" "Googlebot-Image/1.0" "ysfine.com"
69.194.143.140 - - [27/Sep/2022:00:25:37 -0700] "GET /ads.txt HTTP/1.1" 404 88 "-" "Mozilla/5.0 (Macintosh; Intel Mac OS X 10_15_1) AppleWebKit/537.36 (KHTML, like Gecko) Chrome/84.0.4103.61 Safari/537.37" "ysfine.com"
69.194.143.140 - - [27/Sep/2022:00:25:37 -0700] "GET /ads.txt HTTP/1.1" 404 88 "-" "Mozilla/5.0 (Macintosh; Intel Mac OS X 10_15_1) AppleWebKit/537.36 (KHTML, like Gecko) Chrome/84.0.4103.61 Safari/537.37" "ysfine.com"
40.77.167.105 - - [27/Sep/2022:00:25:42 -0700] "GET /robots.txt HTTP/1.1" 404 88 "-" "Mozilla/5.0 (compatible; bingbot/2.0; +http://www.bing.com/bingbot.htm)" "ysfine.com"
157.55.39.55 - - [27/Sep/2022:00:25:43 -0700] "GET /world/russ/basil23.jpg HTTP/1.1" 200 193006 "-" "Mozilla/5.0 (compatible; bingbot/2.0; +http://www.bing.com/bingbot.htm)" "ysfine.com"
207.46.13.180 - - [27/Sep/2022:00:25:48 -0700] "GET /world/balkan/ath027.jpg HTTP/1.1" 200 215994 "-" "Mozilla/5.0 (compatible; bingbot/2.0; +http://www.bing.com/bingbot.htm)" "ysfine.com"
66.249.66.43 - - [27/Sep/2022:00:26:32 -0700] "GET /feynman/feybial.jpg HTTP/1.1" 304 - "-" "Googlebot-Image/1.0" "ysfine.com"
77.88.5.233 - - [27/Sep/2022:00:26:44 -0700] "GET /home/more.html HTTP/1.1" 200 3126 "-" "Mozilla/5.0 (compatible; YandexBot/3.0; +http://yandex.com/bots)" "www.ysfine.com"
207.46.13.102 - - [27/Sep/2022:00:27:39 -0700] "GET /world/spain/sevif08.jpg HTTP/1.1" 200 244658 "-" "Mozilla/5.0 AppleWebKit/537.36 (KHTML, like Gecko; compatible; bingbot/2.0; +http://www.bing.com/bingbot.htm) Chrome/103.0.5060.134 Safari/537.36" "www.ysfine.com"
185.191.171.40 - - [27/Sep/2022:00:27:53 -0700] "GET /robots.txt HTTP/1.1" 404 88 "-" "Mozilla/5.0 (compatible; SemrushBot/7~bl; +http://www.semrush.com/bot.html)" "ysfine.com"
185.191.171.15 - - [27/Sep/2022:00:27:54 -0700] "GET /kobak/yskor.html HTTP/1.1" 200 9943 "-" "Mozilla/5.0 (compatible; SemrushBot/7~bl; +http://www.semrush.com/bot.html)" "ysfine.com"
40.77.167.61 - - [27/Sep/2022:00:28:20 -0700] "GET /world/ital/venice27.jpg HTTP/1.1" 200 228541 "-" "Mozilla/5.0 AppleWebKit/537.36 (KHTML, like Gecko; compatible; bingbot/2.0; +http://www.bing.com/bingbot.htm) Chrome/103.0.5060.134 Safari/537.36" "ysfine.com"
207.46.13.102 - - [27/Sep/2022:00:28:39 -0700] "GET /usca/pitt/emblem01.jpg HTTP/1.1" 200 134378 "-" "Mozilla/5.0 (compatible; bingbot/2.0; +http://www.bing.com/bingbot.htm)" "ysfine.com"
219.75.39.63 - - [27/Sep/2022:00:29:20 -0700] "GET /kowar/tanks/m01.jpg HTTP/1.1" 200 69092 "https://www.google.com/" "Mozilla/5.0 (iPad; CPU OS 15_7 like Mac OS X) AppleWebKit/605.1.15 (KHTML, like Gecko) GSA/230.1.475637890 Mobile/19H12 Safari/604.1" "ysfine.com"
157.55.39.128 - - [27/Sep/2022:00:30:14 -0700] "GET /world/poland/degalle33.jpg HTTP/1.1" 200 91700 "-" "Mozilla/5.0 AppleWebKit/537.36 (KHTML, like Gecko; compatible; bingbot/2.0; +http://www.bing.com/bingbot.htm) Chrome/103.0.5060.134 Safari/537.36" "www.ysfine.com"
157.55.39.58 - - [27/Sep/2022:00:30:51 -0700] "GET /world/ital/venice08.jpg HTTP/1.1" 200 220941 "-" "Mozilla/5.0 (compatible; bingbot/2.0; +http://www.bing.com/bingbot.htm)" "ysfine.com"
40.77.167.61 - - [27/Sep/2022:00:31:21 -0700] "GET /princeton/ustore22.jpg HTTP/1.1" 200 120650 "-" "Mozilla/5.0 (compatible; bingbot/2.0; +http://www.bing.com/bingbot.htm)" "ysfine.com"
185.191.171.10 - - [27/Sep/2022:00:31:30 -0700] "GET /maga/sartre.html HTTP/1.1" 200 7719 "-" "Mozilla/5.0 (compatible; SemrushBot/7~bl; +http://www.semrush.com/bot.html)" "www.ysfine.com"
17.121.115.133 - - [27/Sep/2022:00:32:29 -0700] "GET /maga/okun.html HTTP/1.1" 200 883 "-" "Mozilla/5.0 (Macintosh; Intel Mac OS X 10_15_5) AppleWebKit/605.1.15 (KHTML, like Gecko) Version/13.1.1 Safari/605.1.15 (Applebot/0.1; +http://www.apple.com/go/applebot)" "ysfine.com"
114.119.128.158 - - [27/Sep/2022:00:34:14 -0700] "GET /style/venuspics.html HTTP/1.1" 200 794 "https://www.ysfine.com/world/paris.html" "Mozilla/5.0 (Linux; Android 7.0;) AppleWebKit/537.36 (KHTML, like Gecko) Mobile Safari/537.36 (compatible; PetalBot;+https://webmaster.petalsearch.com/site/petalbot)" "www.ysfine.com"
157.55.39.55 - - [27/Sep/2022:00:34:45 -0700] "GET /world/germany/tubw12.jpg HTTP/1.1" 200 81082 "-" "Mozilla/5.0 (compatible; bingbot/2.0; +http://www.bing.com/bingbot.htm)" "www.ysfine.com"
185.191.171.13 - - [27/Sep/2022:00:35:03 -0700] "GET /home/feysavior.html HTTP/1.1" 200 2737 "-" "Mozilla/5.0 (compatible; SemrushBot/7~bl; +http://www.semrush.com/bot.html)" "ysfine.com"
95.163.255.91 - - [27/Sep/2022:00:35:46 -0700] "GET /robots.txt HTTP/1.1" 404 73 "-" "Mozilla/5.0 (compatible; Linux x86_64; Mail.RU_Bot/Img/2.0; +https://help.mail.ru/webmaster/indexing/robots)" "ysfine.com"
185.191.171.20 - - [27/Sep/2022:00:36:18 -0700] "GET /wigner/evangel.html HTTP/1.1" 200 4831 "-" "Mozilla/5.0 (compatible; SemrushBot/7~bl; +http://www.semrush.com/bot.html)" "www.ysfine.com"
77.88.5.46 - - [27/Sep/2022:00:36:41 -0700] "GET /robots.txt HTTP/1.1" 404 73 "-" "Mozilla/5.0 (compatible; YandexBot/3.0; +http://yandex.com/bots)" "ysfine.com"
93.158.161.40 - - [27/Sep/2022:00:36:45 -0700] "GET /world/china/shenyang06b.jpg HTTP/1.1" 200 42889 "-" "Mozilla/5.0 (compatible; YandexImages/3.0; +http://yandex.com/bots)" "ysfine.com"
185.191.171.40 - - [27/Sep/2022:00:36:48 -0700] "GET /home/pquartet.html HTTP/1.1" 200 4307 "-" "Mozilla/5.0 (compatible; SemrushBot/7~bl; +http://www.semrush.com/bot.html)" "ysfine.com"
111.90.219.209 - - [27/Sep/2022:00:37:09 -0700] "GET /world/france/louvre11.jpg HTTP/1.1" 200 90911 "-" "com.google.android.apps.searchlite/688479 (Linux; U; Android 12; en_PH; V2120; Build/SP1A.210812.003; Cronet/105.0.5195.26)" "ysfine.com"
111.90.219.209 - - [27/Sep/2022:00:37:27 -0700] "GET /world/france/louvre22.jpg HTTP/1.1" 200 90347 "-" "com.google.android.apps.searchlite/688479 (Linux; U; Android 12; en_PH; V2120; Build/SP1A.210812.003; Cronet/105.0.5195.26)" "ysfine.com"
114.119.128.158 - - [27/Sep/2022:00:37:28 -0700] "GET /class54/index.html HTTP/1.1" 200 2553 "https://ysfine.com/class54/emailed04.html" "Mozilla/5.0 (Linux; Android 7.0;) AppleWebKit/537.36 (KHTML, like Gecko) Mobile Safari/537.36 (compatible; PetalBot;+https://webmaster.petalsearch.com/site/petalbot)" "ysfine.com"
111.90.219.209 - - [27/Sep/2022:00:37:49 -0700] "GET /world/france/louvre22.jpg HTTP/1.1" 200 90347 "-" "com.google.android.apps.searchlite/688479 (Linux; U; Android 12; en_PH; V2120; Build/SP1A.210812.003; Cronet/105.0.5195.26)" "ysfine.com"
185.191.171.17 - - [27/Sep/2022:00:38:13 -0700] "GET /maga/sanchez.html HTTP/1.1" 200 1278 "-" "Mozilla/5.0 (compatible; SemrushBot/7~bl; +http://www.semrush.com/bot.html)" "www.ysfine.com"
173.73.80.118 - - [27/Sep/2022:00:38:28 -0700] "GET /favicon.ico HTTP/1.1" 404 88 "https://ysfine.com/style/proschanie.html" "Mozilla/5.0 (Windows NT 10.0; Win64; x64) AppleWebKit/537.36 (KHTML, like Gecko) Chrome/105.0.0.0 Safari/537.36 Edg/105.0.1343.50" "ysfine.com"
40.77.167.95 - - [27/Sep/2022:00:39:00 -0700] "GET /robots.txt HTTP/1.1" 404 88 "-" "Mozilla/5.0 (compatible; bingbot/2.0; +http://www.bing.com/bingbot.htm)" "ysfine.com"
157.55.39.128 - - [27/Sep/2022:00:39:06 -0700] "GET /sbk/2000pr11.jpg HTTP/1.1" 200 402177 "-" "Mozilla/5.0 (compatible; bingbot/2.0; +http://www.bing.com/bingbot.htm)" "ysfine.com"
157.55.39.128 - - [27/Sep/2022:00:39:14 -0700] "GET /world/baltic/kantm09.jpg HTTP/1.1" 200 132684 "-" "Mozilla/5.0 (compatible; bingbot/2.0; +http://www.bing.com/bingbot.htm)" "www.ysfine.com"
95.163.255.81 - - [27/Sep/2022:00:39:33 -0700] "GET /maga/invent/marconi01b.jpg HTTP/1.1" 200 32804 "http://go.mail.ru/search_images" "Mozilla/5.0 (compatible; Linux x86_64; Mail.RU_Bot/Img/2.0; +https://help.mail.ru/webmaster/indexing/robots)" "ysfine.com"
207.46.13.180 - - [27/Sep/2022:00:39:48 -0700] "GET /world/germany/tub37.jpg HTTP/1.1" 200 94124 "-" "Mozilla/5.0 (compatible; bingbot/2.0; +http://www.bing.com/bingbot.htm)" "ysfine.com"
193.169.254.211 - - [27/Sep/2022:00:40:07 -0700] "GET /wp-login.php HTTP/1.1" 404 73 "-" "firefox" "ysfine.com"
193.169.254.211 - - [27/Sep/2022:00:40:08 -0700] "GET /blog/wp-login.php HTTP/1.1" 404 73 "-" "firefox" "ysfine.com"
66.249.66.40 - - [27/Sep/2022:00:41:11 -0700] "GET /friends/ukradres02.jpg HTTP/1.1" 404 88 "-" "Googlebot-Image/1.0" "ysfine.com"
102.129.153.225 - - [27/Sep/2022:00:41:13 -0700] "GET / HTTP/1.1" 200 5283 "-" "Mozilla/5.0 (Windows; U; Windows NT 6.1; en-US; rv:1.9.1.5) Gecko/20091102 Firefox/3.5.5 (.NET CLR 3.5.30729)" "ysfine.com"
185.191.171.21 - - [27/Sep/2022:00:41:21 -0700] "GET /world/kazan22.html HTTP/1.1" 200 13776 "-" "Mozilla/5.0 (compatible; SemrushBot/7~bl; +http://www.semrush.com/bot.html)" "ysfine.com"
66.249.66.43 - - [27/Sep/2022:00:41:56 -0700] "GET /kowar/pyang01c.jpg HTTP/1.1" 304 - "-" "Googlebot-Image/1.0" "ysfine.com"
157.55.39.55 - - [27/Sep/2022:00:41:57 -0700] "GET /princeton/morecars.html HTTP/1.1" 200 245 "-" "Mozilla/5.0 (compatible; bingbot/2.0; +http://www.bing.com/bingbot.htm)" "www.ysfine.com"
157.55.39.55 - - [27/Sep/2022:00:42:05 -0700] "GET /maga/phys/maxwell02c.jpg HTTP/1.1" 200 34545 "-" "Mozilla/5.0 (compatible; bingbot/2.0; +http://www.bing.com/bingbot.htm)" "ysfine.com"
17.121.112.108 - - [27/Sep/2022:00:42:42 -0700] "GET /kobak/soraech.html HTTP/1.1" 200 16670 "-" "Mozilla/5.0 (Macintosh; Intel Mac OS X 10_15_5) AppleWebKit/605.1.15 (KHTML, like Gecko) Version/13.1.1 Safari/605.1.15 (Applebot/0.1; +http://www.apple.com/go/applebot)" "ysfine.com"
51.222.253.18 - - [27/Sep/2022:00:43:13 -0700] "GET / HTTP/1.1" 200 5283 "-" "Mozilla/5.0 (compatible; AhrefsBot/7.0; +http://ahrefs.com/robot/)" "www.ysfine.com"
95.163.255.81 - - [27/Sep/2022:00:43:27 -0700] "GET /maga/phil/sartre11.jpg HTTP/1.1" 200 164394 "http://go.mail.ru/search_images" "Mozilla/5.0 (compatible; Linux x86_64; Mail.RU_Bot/Img/2.0; +https://help.mail.ru/webmaster/indexing/robots)" "ysfine.com"
207.46.13.180 - - [27/Sep/2022:00:43:28 -0700] "GET /world/russ/arbat41.jpg HTTP/1.1" 200 117892 "-" "Mozilla/5.0 (compatible; bingbot/2.0; +http://www.bing.com/bingbot.htm)" "ysfine.com"
114.119.128.162 - - [27/Sep/2022:00:44:08 -0700] "GET /class54/class5470/total_data/photo_img/7-34.jpg HTTP/1.1" 200 191880 "https://ysfine.com/class54/class5470/total_data/sub_734.htm" "Mozilla/5.0 (Linux; Android 7.0;) AppleWebKit/537.36 (KHTML, like Gecko) Mobile Safari/537.36 (compatible; PetalBot;+https://webmaster.petalsearch.com/site/petalbot)" "ysfine.com"
157.55.39.55 - - [27/Sep/2022:00:44:14 -0700] "GET /style/musee/arles01.jpg HTTP/1.1" 200 91930 "-" "Mozilla/5.0 AppleWebKit/537.36 (KHTML, like Gecko; compatible; bingbot/2.0; +http://www.bing.com/bingbot.htm) Chrome/103.0.5060.134 Safari/537.36" "ysfine.com"
140.112.24.125 - - [27/Sep/2022:00:44:38 -0700] "GET /yspapers/iopbook15.pdf HTTP/1.1" 200 2962673 "https://www.google.com/" "Mozilla/5.0 (Macintosh; Intel Mac OS X 10_15_7) AppleWebKit/537.36 (KHTML, like Gecko) Chrome/103.0.5060.134 Safari/537.36" "ysfine.com"
140.112.24.125 - - [27/Sep/2022:00:44:39 -0700] "GET /favicon.ico HTTP/1.1" 404 88 "https://ysfine.com/yspapers/iopbook15.pdf" "Mozilla/5.0 (Macintosh; Intel Mac OS X 10_15_7) AppleWebKit/537.36 (KHTML, like Gecko) Chrome/103.0.5060.134 Safari/537.36" "ysfine.com"
118.70.170.135 - - [27/Sep/2022:00:44:42 -0700] "GET /kobak/1014c.jpg HTTP/1.1" 200 164928 "https://www.google.com/" "Mozilla/5.0 (Windows NT 10.0; Win64; x64) AppleWebKit/537.36 (KHTML, like Gecko) Chrome/105.0.0.0 Safari/537.36" "ysfine.com"
207.46.13.180 - - [27/Sep/2022:00:45:28 -0700] "GET /world/germany/trier18.jpg HTTP/1.1" 200 168383 "-" "Mozilla/5.0 (compatible; bingbot/2.0; +http://www.bing.com/bingbot.htm)" "ysfine.com"
157.55.39.58 - - [27/Sep/2022:00:46:02 -0700] "GET /kowar/tanks/tank03.jpg HTTP/1.1" 200 106726 "-" "Mozilla/5.0 (compatible; bingbot/2.0; +http://www.bing.com/bingbot.htm)" "ysfine.com"
157.55.39.55 - - [27/Sep/2022:00:46:05 -0700] "GET /beau/amkor/amgreece01b.jpg HTTP/1.1" 404 88 "-" "Mozilla/5.0 (compatible; bingbot/2.0; +http://www.bing.com/bingbot.htm)" "www.ysfine.com"
66.249.66.43 - - [27/Sep/2022:00:46:29 -0700] "GET /kowar/paiksy05c.jpg HTTP/1.1" 304 - "-" "Googlebot-Image/1.0" "ysfine.com"
114.119.128.14 - - [27/Sep/2022:00:46:54 -0700] "GET /houses/christmas.html HTTP/1.1" 200 459 "https://ysfine.com/ffriends/beau.html" "Mozilla/5.0 (Linux; Android 7.0;) AppleWebKit/537.36 (KHTML, like Gecko) Mobile Safari/537.36 (compatible; PetalBot;+https://webmaster.petalsearch.com/site/petalbot)" "ysfine.com"
17.121.112.73 - - [27/Sep/2022:00:47:04 -0700] "GET /home/pquartet.html HTTP/1.1" 200 4307 "-" "Mozilla/5.0 (Macintosh; Intel Mac OS X 10_15_5) AppleWebKit/605.1.15 (KHTML, like Gecko) Version/13.1.1 Safari/605.1.15 (Applebot/0.1; +http://www.apple.com/go/applebot)" "ysfine.com"
185.191.171.20 - - [27/Sep/2022:00:47:51 -0700] "GET /world/china/hongkong.html HTTP/1.1" 200 4914 "-" "Mozilla/5.0 (compatible; SemrushBot/7~bl; +http://www.semrush.com/bot.html)" "www.ysfine.com"
64.233.173.135 - - [27/Sep/2022:00:47:54 -0700] "GET /maga/phil/tao06.jpg HTTP/1.1" 200 78164 "-" "Mozilla/5.0 (Linux; Android 6.0.1; Nexus 5X Build/MMB29P) AppleWebKit/537.36 (KHTML, like Gecko) Chrome/105.0.5195.125 Mobile Safari/537.36 (compatible; Google-AMPHTML)" "ysfine.com"
95.163.255.100 - - [27/Sep/2022:00:48:05 -0700] "GET /einstein/eincurie11.jpg HTTP/1.1" 200 71229 "http://go.mail.ru/search_images" "Mozilla/5.0 (compatible; Linux x86_64; Mail.RU_Bot/Img/2.0; +https://help.mail.ru/webmaster/indexing/robots)" "ysfine.com"
185.191.171.5 - - [27/Sep/2022:00:48:38 -0700] "GET /feynman/fagenda.html HTTP/1.1" 200 2089 "-" "Mozilla/5.0 (compatible; SemrushBot/7~bl; +http://www.semrush.com/bot.html)" "ysfine.com"
77.75.76.162 - - [27/Sep/2022:00:49:54 -0700] "GET /robots.txt HTTP/1.1" 404 88 "-" "Mozilla/5.0 (compatible; SeznamBot/3.2; +http://napoveda.seznam.cz/en/seznambot-intro/)" "ysfine.com"
77.75.76.162 - - [27/Sep/2022:00:49:55 -0700] "GET /dirac/nicodem11d.jpg HTTP/1.1" 304 - "-" "Mozilla/5.0 (compatible; SeznamBot/3.2; +http://napoveda.seznam.cz/en/seznambot-intro/)" "ysfine.com"
77.75.76.162 - - [27/Sep/2022:00:49:56 -0700] "GET /einstein/eink33.jpg HTTP/1.1" 304 - "-" "Mozilla/5.0 (compatible; SeznamBot/3.2; +http://napoveda.seznam.cz/en/seznambot-intro/)" "ysfine.com"
77.75.76.162 - - [27/Sep/2022:00:49:56 -0700] "GET /dirac/dirk6202f.jpg HTTP/1.1" 304 - "-" "Mozilla/5.0 (compatible; SeznamBot/3.2; +http://napoveda.seznam.cz/en/seznambot-intro/)" "ysfine.com"
77.75.76.162 - - [27/Sep/2022:00:49:57 -0700] "GET /home/taylor400.jpg HTTP/1.1" 304 - "-" "Mozilla/5.0 (compatible; SeznamBot/3.2; +http://napoveda.seznam.cz/en/seznambot-intro/)" "ysfine.com"
157.55.39.55 - - [27/Sep/2022:00:50:35 -0700] "GET /world/russ/kazan062b.jpg HTTP/1.1" 200 21196 "-" "Mozilla/5.0 (compatible; bingbot/2.0; +http://www.bing.com/bingbot.htm)" "ysfine.com"
157.55.39.128 - - [27/Sep/2022:00:50:40 -0700] "GET /maga/phys/boltz11.jpg HTTP/1.1" 200 78876 "-" "Mozilla/5.0 (compatible; bingbot/2.0; +http://www.bing.com/bingbot.htm)" "ysfine.com"
185.191.171.40 - - [27/Sep/2022:00:50:41 -0700] "GET /eink/mose.html HTTP/1.1" 200 14315 "-" "Mozilla/5.0 (compatible; SemrushBot/7~bl; +http://www.semrush.com/bot.html)" "www.ysfine.com"
185.191.171.14 - - [27/Sep/2022:00:50:45 -0700] "GET /dirac/dirfeyn22.html HTTP/1.1" 200 2329 "-" "Mozilla/5.0 (compatible; SemrushBot/7~bl; +http://www.semrush.com/bot.html)" "www.ysfine.com"
157.55.39.55 - - [27/Sep/2022:00:52:36 -0700] "GET /wdc/whouse08.jpg HTTP/1.1" 200 56905 "-" "Mozilla/5.0 (compatible; bingbot/2.0; +http://www.bing.com/bingbot.htm)" "www.ysfine.com"
207.46.13.102 - - [27/Sep/2022:00:53:21 -0700] "GET /world/brit/covent07.jpg HTTP/1.1" 200 110579 "-" "Mozilla/5.0 AppleWebKit/537.36 (KHTML, like Gecko; compatible; bingbot/2.0; +http://www.bing.com/bingbot.htm) Chrome/103.0.5060.134 Safari/537.36" "ysfine.com"
207.46.13.102 - - [27/Sep/2022:00:53:31 -0700] "GET /sbk/2000pr11.jpg HTTP/1.1" 200 402177 "-" "Mozilla/5.0 (compatible; bingbot/2.0; +http://www.bing.com/bingbot.htm)" "ysfine.com"
207.46.13.102 - - [27/Sep/2022:00:53:31 -0700] "GET /world/ital/flor023b.jpg HTTP/1.1" 200 44340 "-" "Mozilla/5.0 (compatible; bingbot/2.0; +http://www.bing.com/bingbot.htm)" "ysfine.com"
45.125.4.36 - - [27/Sep/2022:00:54:09 -0700] "GET /kowar/panmun04.jpg HTTP/1.1" 200 126386 "https://www.google.com/" "Mozilla/5.0 (Linux; Android 12; SAMSUNG SM-A135F) AppleWebKit/537.36 (KHTML, like Gecko) SamsungBrowser/18.0 Chrome/99.0.4844.88 Mobile Safari/537.36" "ysfine.com"
207.46.13.102 - - [27/Sep/2022:00:54:21 -0700] "GET /world/germany/stutt23.jpg HTTP/1.1" 200 309587 "-" "Mozilla/5.0 (compatible; bingbot/2.0; +http://www.bing.com/bingbot.htm)" "www.ysfine.com"
207.46.13.180 - - [27/Sep/2022:00:54:48 -0700] "GET /people/noz06.jpg HTTP/1.1" 200 55631 "-" "Mozilla/5.0 (compatible; bingbot/2.0; +http://www.bing.com/bingbot.htm)" "ysfine.com"
185.191.171.44 - - [27/Sep/2022:00:55:28 -0700] "GET /maga/eisenstein.html HTTP/1.1" 200 8460 "-" "Mozilla/5.0 (compatible; SemrushBot/7~bl; +http://www.semrush.com/bot.html)" "www.ysfine.com"
185.191.171.40 - - [27/Sep/2022:00:56:03 -0700] "GET /kowar/war02.html HTTP/1.1" 200 9935 "-" "Mozilla/5.0 (compatible; SemrushBot/7~bl; +http://www.semrush.com/bot.html)" "ysfine.com"
185.191.171.43 - - [27/Sep/2022:00:56:19 -0700] "GET /kobak/1919.html HTTP/1.1" 200 6884 "-" "Mozilla/5.0 (compatible; SemrushBot/7~bl; +http://www.semrush.com/bot.html)" "ysfine.com"
185.191.171.40 - - [27/Sep/2022:00:57:16 -0700] "GET /maga/hegel.html HTTP/1.1" 200 4700 "-" "Mozilla/5.0 (compatible; SemrushBot/7~bl; +http://www.semrush.com/bot.html)" "ysfine.com"
157.55.39.58 - - [27/Sep/2022:00:57:33 -0700] "GET /wigner/mzero03.jpg HTTP/1.1" 200 44397 "-" "Mozilla/5.0 (compatible; bingbot/2.0; +http://www.bing.com/bingbot.htm)" "ysfine.com"
5.188.210.84 - - [27/Sep/2022:00:57:34 -0700] "GET /world/travel.html HTTP/1.1" 200 5186 "https://www.ysfine.com/world/travel.html" "Mozilla/5.0 (Windows NT 10.0; Win64; x64) AppleWebKit/537.36 (KHTML, like Gecko) Chrome/90.0.4430.72 Safari/537.36 Edg/90.0.818.39" "www.ysfine.com"
5.188.210.84 - - [27/Sep/2022:00:57:36 -0700] "GET / HTTP/1.1" 200 15910 "https://www.ysfine.com/" "Mozilla/5.0 (Windows NT 10.0; Win64; x64) AppleWebKit/537.36 (KHTML, like Gecko) Chrome/90.0.4430.72 Safari/537.36 Edg/90.0.818.39" "www.ysfine.com"
40.77.167.105 - - [27/Sep/2022:00:58:55 -0700] "GET /robots.txt HTTP/1.1" 404 88 "-" "Mozilla/5.0 (compatible; bingbot/2.0; +http://www.bing.com/bingbot.htm)" "www.ysfine.com"
157.55.39.55 - - [27/Sep/2022:00:58:56 -0700] "GET /dongio/amkor/hillary10b.jpg HTTP/1.1" 404 88 "-" "Mozilla/5.0 (compatible; bingbot/2.0; +http://www.bing.com/bingbot.htm)" "www.ysfine.com"
51.222.253.3 - - [27/Sep/2022:00:59:27 -0700] "GET /wdc/washmo.html HTTP/1.1" 200 1374 "-" "Mozilla/5.0 (compatible; AhrefsBot/7.0; +http://ahrefs.com/robot/)" "www.ysfine.com"
51.222.253.5 - - [27/Sep/2022:00:59:30 -0700] "GET /wdc/washmo15b.jpg HTTP/1.1" 200 43989 "-" "Mozilla/5.0 (compatible; AhrefsBot/7.0; +http://ahrefs.com/robot/)" "www.ysfine.com"
51.222.253.7 - - [27/Sep/2022:00:59:30 -0700] "GET /wdc/washmo07b.jpg HTTP/1.1" 200 34166 "-" "Mozilla/5.0 (compatible; AhrefsBot/7.0; +http://ahrefs.com/robot/)" "www.ysfine.com"
51.222.253.6 - - [27/Sep/2022:00:59:31 -0700] "GET /wdc/washmo24b.jpg HTTP/1.1" 200 37095 "-" "Mozilla/5.0 (compatible; AhrefsBot/7.0; +http://ahrefs.com/robot/)" "www.ysfine.com"
157.55.39.58 - - [27/Sep/2022:01:00:53 -0700] "GET /world/russ/mosf52.jpg HTTP/1.1" 200 101213 "-" "Mozilla/5.0 AppleWebKit/537.36 (KHTML, like Gecko; compatible; bingbot/2.0; +http://www.bing.com/bingbot.htm) Chrome/103.0.5060.134 Safari/537.36" "www.ysfine.com"
157.55.39.58 - - [27/Sep/2022:01:00:54 -0700] "GET /world/france/notre22.jpg HTTP/1.1" 200 103331 "-" "Mozilla/5.0 (compatible; bingbot/2.0; +http://www.bing.com/bingbot.htm)" "www.ysfine.com"
40.77.167.61 - - [27/Sep/2022:01:01:13 -0700] "GET /world/china/opium05.jpg HTTP/1.1" 200 106495 "-" "Mozilla/5.0 AppleWebKit/537.36 (KHTML, like Gecko; compatible; bingbot/2.0; +http://www.bing.com/bingbot.htm) Chrome/103.0.5060.134 Safari/537.36" "ysfine.com"
49.7.21.113 - - [27/Sep/2022:01:01:34 -0700] "GET / HTTP/1.1" 200 5283 "-" "Sogou web spider/4.0(+http://www.sogou.com/docs/help/webmasters.htm#07)" "ysfine.com"
114.119.128.154 - - [27/Sep/2022:01:01:49 -0700] "GET /remote/sisfa12aa/keigel.pdf HTTP/1.1" 200 5483572 "http://ysfine.com/remote/sisfa12aa/r12righ.html" "Mozilla/5.0 (Linux; Android 7.0;) AppleWebKit/537.36 (KHTML, like Gecko) Mobile Safari/537.36 (compatible; PetalBot;+https://webmaster.petalsearch.com/site/petalbot)" "ysfine.com"
157.55.39.128 - - [27/Sep/2022:01:03:08 -0700] "GET /usca/pitt/cmall57.jpg HTTP/1.1" 200 81506 "-" "Mozilla/5.0 (compatible; bingbot/2.0; +http://www.bing.com/bingbot.htm)" "ysfine.com"
207.46.13.102 - - [27/Sep/2022:01:03:22 -0700] "GET /world/ital/verona06.jpg HTTP/1.1" 200 140363 "-" "Mozilla/5.0 (compatible; bingbot/2.0; +http://www.bing.com/bingbot.htm)" "www.ysfine.com"
40.77.167.95 - - [27/Sep/2022:01:04:23 -0700] "GET /robots.txt HTTP/1.1" 404 88 "-" "Mozilla/5.0 (compatible; bingbot/2.0; +http://www.bing.com/bingbot.htm)" "www.ysfine.com"
207.46.13.180 - - [27/Sep/2022:01:04:29 -0700] "GET /world/ital/venice29.jpg HTTP/1.1" 200 239826 "-" "Mozilla/5.0 (compatible; bingbot/2.0; +http://www.bing.com/bingbot.htm)" "www.ysfine.com"
40.77.167.61 - - [27/Sep/2022:01:06:43 -0700] "GET /people/sbt2.jpg HTTP/1.1" 200 29397 "-" "Mozilla/5.0 (compatible; bingbot/2.0; +http://www.bing.com/bingbot.htm)" "ysfine.com"
189.69.167.247 - - [27/Sep/2022:01:07:29 -0700] "GET /wigner/neum/vnc01.jpg HTTP/1.1" 200 133641 "https://sites.google.com/" "Mozilla/5.0 (Linux; Android 10; moto e(6i)) AppleWebKit/537.36 (KHTML, like Gecko) Chrome/105.0.0.0 Mobile Safari/537.36" "ysfine.com"
173.73.80.118 - - [27/Sep/2022:01:08:04 -0700] "GET /favicon.ico HTTP/1.1" 404 88 "https://ysfine.com/style/proschanie.html" "Mozilla/5.0 (Windows NT 10.0; Win64; x64) AppleWebKit/537.36 (KHTML, like Gecko) Chrome/105.0.0.0 Safari/537.36 Edg/105.0.1343.50" "ysfine.com"
173.73.80.118 - - [27/Sep/2022:01:08:08 -0700] "GET /ys11/index.html HTTP/1.1" 304 - "-" "Mozilla/5.0 (Windows NT 10.0; Win64; x64) AppleWebKit/537.36 (KHTML, like Gecko) Chrome/105.0.0.0 Safari/537.36 Edg/105.0.1343.50" "www.ysfine.com"
173.73.80.118 - - [27/Sep/2022:01:08:08 -0700] "GET /favicon.ico HTTP/1.1" 404 88 "https://www.ysfine.com/ys11/index.html" "Mozilla/5.0 (Windows NT 10.0; Win64; x64) AppleWebKit/537.36 (KHTML, like Gecko) Chrome/105.0.0.0 Safari/537.36 Edg/105.0.1343.50" "www.ysfine.com"
54.236.1.11 - - [27/Sep/2022:01:09:00 -0700] "GET /robots.txt HTTP/1.1" 404 88 "-" "Mozilla/5.0 (compatible; Pinterestbot/1.0; +http://www.pinterest.com/bot.html)" "ysfine.com"
54.236.1.11 - - [27/Sep/2022:01:09:00 -0700] "GET / HTTP/1.1" 200 5283 "-" "Mozilla/5.0 (compatible; Pinterestbot/1.0; +http://www.pinterest.com/bot.html)" "ysfine.com"
157.55.39.55 - - [27/Sep/2022:01:09:48 -0700] "GET /world/poland/polhillar11.jpg HTTP/1.1" 200 178523 "-" "Mozilla/5.0 (compatible; bingbot/2.0; +http://www.bing.com/bingbot.htm)" "ysfine.com"
207.46.13.180 - - [27/Sep/2022:01:10:11 -0700] "GET /wisdom/mil/tank05.jpg HTTP/1.1" 200 121535 "-" "Mozilla/5.0 (compatible; bingbot/2.0; +http://www.bing.com/bingbot.htm)" "ysfine.com"
157.55.39.55 - - [27/Sep/2022:01:10:29 -0700] "GET /world/germany/oktf13.jpg HTTP/1.1" 200 105940 "-" "Mozilla/5.0 (compatible; bingbot/2.0; +http://www.bing.com/bingbot.htm)" "www.ysfine.com"
157.55.39.55 - - [27/Sep/2022:01:10:37 -0700] "GET /kowar/pyang01.jpg HTTP/1.1" 200 376525 "-" "Mozilla/5.0 (compatible; bingbot/2.0; +http://www.bing.com/bingbot.htm)" "ysfine.com"
157.55.39.128 - - [27/Sep/2022:01:11:29 -0700] "GET /world/germany/vienopera44.jpg HTTP/1.1" 200 101849 "-" "Mozilla/5.0 (compatible; bingbot/2.0; +http://www.bing.com/bingbot.htm)" "ysfine.com"
157.55.39.58 - - [27/Sep/2022:01:12:05 -0700] "GET /world/russ/kazan038.jpg HTTP/1.1" 200 84957 "-" "Mozilla/5.0 (compatible; bingbot/2.0; +http://www.bing.com/bingbot.htm)" "ysfine.com"
35.160.27.221 - - [27/Sep/2022:01:12:18 -0700] "GET /robots.txt HTTP/1.1" 404 88 "-" "Mozilla/5.0 (compatible) SemanticScholarBot (+https://www.semanticscholar.org/crawler)" "ysfine.com"
35.160.27.221 - - [27/Sep/2022:01:12:27 -0700] "GET /robots.txt HTTP/1.1" 404 88 "-" "Mozilla/5.0 (compatible) SemanticScholarBot (+https://www.semanticscholar.org/crawler)" "ysfine.com"
35.160.27.221 - - [27/Sep/2022:01:12:39 -0700] "GET / HTTP/1.1" 200 5283 "-" "Mozilla/5.0 (compatible) SemanticScholarBot (+https://www.semanticscholar.org/crawler)" "ysfine.com"
40.77.167.61 - - [27/Sep/2022:01:12:55 -0700] "GET /kobak/arisaka99b.jpg HTTP/1.1" 200 48028 "-" "Mozilla/5.0 (compatible; bingbot/2.0; +http://www.bing.com/bingbot.htm)" "www.ysfine.com"
185.191.171.22 - - [27/Sep/2022:01:14:26 -0700] "GET /wisdom/wk10.html HTTP/1.1" 200 24659 "-" "Mozilla/5.0 (compatible; SemrushBot/7~bl; +http://www.semrush.com/bot.html)" "ysfine.com"
51.222.253.20 - - [27/Sep/2022:01:14:41 -0700] "GET /wigner/neum/compu.html HTTP/1.1" 200 2267 "-" "Mozilla/5.0 (compatible; AhrefsBot/7.0; +http://ahrefs.com/robot/)" "ysfine.com"
207.46.13.102 - - [27/Sep/2022:01:14:44 -0700] "GET /world/russ/kazan002.jpg HTTP/1.1" 200 106231 "-" "Mozilla/5.0 (compatible; bingbot/2.0; +http://www.bing.com/bingbot.htm)" "www.ysfine.com"
51.222.253.20 - - [27/Sep/2022:01:14:44 -0700] "GET /wigner/neum/feyncom2.jpg HTTP/1.1" 200 53182 "-" "Mozilla/5.0 (compatible; AhrefsBot/7.0; +http://ahrefs.com/robot/)" "ysfine.com"
207.46.13.102 - - [27/Sep/2022:01:14:45 -0700] "GET /einstein/places/ulm01.jpg HTTP/1.1" 200 54884 "-" "Mozilla/5.0 AppleWebKit/537.36 (KHTML, like Gecko; compatible; bingbot/2.0; +http://www.bing.com/bingbot.htm) Chrome/103.0.5060.134 Safari/537.36" "www.ysfine.com"
51.222.253.10 - - [27/Sep/2022:01:14:45 -0700] "GET /wigner/neum/slide2.jpg HTTP/1.1" 200 38569 "-" "Mozilla/5.0 (compatible; AhrefsBot/7.0; +http://ahrefs.com/robot/)" "ysfine.com"
51.222.253.7 - - [27/Sep/2022:01:14:45 -0700] "GET /wigner/neum/abacus2.jpg HTTP/1.1" 200 49662 "-" "Mozilla/5.0 (compatible; AhrefsBot/7.0; +http://ahrefs.com/robot/)" "ysfine.com"
51.222.253.20 - - [27/Sep/2022:01:14:45 -0700] "GET /wigner/neum/circuit2.jpg HTTP/1.1" 200 30296 "-" "Mozilla/5.0 (compatible; AhrefsBot/7.0; +http://ahrefs.com/robot/)" "ysfine.com"
157.55.39.55 - - [27/Sep/2022:01:15:28 -0700] "GET /world/russ/minsk114b.jpg HTTP/1.1" 200 34560 "-" "Mozilla/5.0 AppleWebKit/537.36 (KHTML, like Gecko; compatible; bingbot/2.0; +http://www.bing.com/bingbot.htm) Chrome/103.0.5060.134 Safari/537.36" "ysfine.com"
207.46.13.102 - - [27/Sep/2022:01:16:24 -0700] "GET /style/musee/berlinmus27.jpg HTTP/1.1" 200 172201 "-" "Mozilla/5.0 AppleWebKit/537.36 (KHTML, like Gecko; compatible; bingbot/2.0; +http://www.bing.com/bingbot.htm) Chrome/103.0.5060.134 Safari/537.36" "ysfine.com"
157.55.39.58 - - [27/Sep/2022:01:16:55 -0700] "GET /wdc/gtown44.jpg HTTP/1.1" 200 143028 "-" "Mozilla/5.0 (compatible; bingbot/2.0; +http://www.bing.com/bingbot.htm)" "ysfine.com"
207.46.13.102 - - [27/Sep/2022:01:17:43 -0700] "GET /world/poland/wierzynek3.jpg HTTP/1.1" 200 123474 "-" "Mozilla/5.0 (compatible; bingbot/2.0; +http://www.bing.com/bingbot.htm)" "ysfine.com"
