157.55.39.58 - - [27/Sep/2022:04:15:53 -0700] "GET /maga/phys/yukafeyn2.jpg HTTP/1.1" 200 36709 "-" "Mozilla/5.0 AppleWebKit/537.36 (KHTML, like Gecko; compatible; bingbot/2.0; +http://www.bing.com/bingbot.htm) Chrome/103.0.5060.134 Safari/537.36" "ysfine.com"
40.77.167.61 - - [27/Sep/2022:04:16:23 -0700] "GET /world/scandi/sto001.jpg HTTP/1.1" 200 111684 "-" "Mozilla/5.0 (compatible; bingbot/2.0; +http://www.bing.com/bingbot.htm)" "ysfine.com"
17.121.114.131 - - [27/Sep/2022:04:16:37 -0700] "GET /einstein/heisenberg.html HTTP/1.1" 200 10552 "-" "Mozilla/5.0 (Macintosh; Intel Mac OS X 10_15_5) AppleWebKit/605.1.15 (KHTML, like Gecko) Version/13.1.1 Safari/605.1.15 (Applebot/0.1; +http://www.apple.com/go/applebot)" "ysfine.com"
207.46.13.180 - - [27/Sep/2022:04:16:59 -0700] "GET /world/kiev.html HTTP/1.1" 200 4582 "-" "Mozilla/5.0 (compatible; bingbot/2.0; +http://www.bing.com/bingbot.htm)" "ysfine.com"
77.75.72.26 - - [27/Sep/2022:04:17:18 -0700] "GET /feynman/fstorie.html HTTP/1.1" 304 - "-" "Mozilla/5.0 (compatible; SeznamBot/4.0-RC1; +http://napoveda.seznam.cz/seznambot-intro/)" "ysfine.com"
157.55.39.128 - - [27/Sep/2022:04:17:26 -0700] "GET /houses/styhouses.html HTTP/1.1" 200 3534 "-" "Mozilla/5.0 (compatible; bingbot/2.0; +http://www.bing.com/bingbot.htm)" "ysfine.com"
207.46.13.102 - - [27/Sep/2022:04:17:50 -0700] "GET /princeton/nasshall06.jpg HTTP/1.1" 200 145090 "-" "Mozilla/5.0 (compatible; bingbot/2.0; +http://www.bing.com/bingbot.htm)" "ysfine.com"
157.55.39.58 - - [27/Sep/2022:04:17:54 -0700] "GET /dirac/diracpol.html HTTP/1.1" 200 3380 "-" "Mozilla/5.0 AppleWebKit/537.36 (KHTML, like Gecko; compatible; bingbot/2.0; +http://www.bing.com/bingbot.htm) Chrome/103.0.5060.134 Safari/537.36" "ysfine.com"
157.55.39.128 - - [27/Sep/2022:04:18:56 -0700] "GET /kowar/war51.html HTTP/1.1" 200 5022 "-" "Mozilla/5.0 (compatible; bingbot/2.0; +http://www.bing.com/bingbot.htm)" "ysfine.com"
40.77.167.61 - - [27/Sep/2022:04:19:26 -0700] "GET /einstein/ulm.html HTTP/1.1" 200 6713 "-" "Mozilla/5.0 (compatible; bingbot/2.0; +http://www.bing.com/bingbot.htm)" "ysfine.com"
207.46.13.180 - - [27/Sep/2022:04:20:19 -0700] "GET /kowar/war02.html HTTP/1.1" 200 9935 "-" "Mozilla/5.0 (compatible; bingbot/2.0; +http://www.bing.com/bingbot.htm)" "ysfine.com"
40.77.167.95 - - [27/Sep/2022:04:20:50 -0700] "GET /robots.txt HTTP/1.1" 404 88 "-" "Mozilla/5.0 (compatible; bingbot/2.0; +http://www.bing.com/bingbot.htm)" "www.ysfine.com"
40.77.167.61 - - [27/Sep/2022:04:20:52 -0700] "GET /wigner/gim/gimn02b.jpg HTTP/1.1" 200 101799 "-" "Mozilla/5.0 (compatible; bingbot/2.0; +http://www.bing.com/bingbot.htm)" "ysfine.com"
157.55.39.55 - - [27/Sep/2022:04:20:58 -0700] "GET /world/russ/volga19.jpg HTTP/1.1" 200 122101 "-" "Mozilla/5.0 (compatible; bingbot/2.0; +http://www.bing.com/bingbot.htm)" "www.ysfine.com"
185.191.171.9 - - [27/Sep/2022:04:21:02 -0700] "GET /world/ysworld HTTP/1.1" 200 3195 "-" "Mozilla/5.0 (compatible; SemrushBot/7~bl; +http://www.semrush.com/bot.html)" "ysfine.com"
157.55.39.128 - - [27/Sep/2022:04:21:27 -0700] "GET /world/minsk.html HTTP/1.1" 200 7116 "-" "Mozilla/5.0 AppleWebKit/537.36 (KHTML, like Gecko; compatible; bingbot/2.0; +http://www.bing.com/bingbot.htm) Chrome/103.0.5060.134 Safari/537.36" "ysfine.com"
207.46.13.102 - - [27/Sep/2022:04:21:31 -0700] "GET /kobak/democr.html HTTP/1.1" 200 2199 "-" "Mozilla/5.0 (compatible; bingbot/2.0; +http://www.bing.com/bingbot.htm)" "ysfine.com"
111.18.245.241 - - [27/Sep/2022:04:21:41 -0700] "GET /world/russ/minsk038.jpg HTTP/1.1" 200 103081 "https://cn.bing.com/" "Mozilla/5.0 (Windows NT 10.0; WOW64) AppleWebKit/537.36 (KHTML, like Gecko) Chrome/84.0.4147.89 Safari/537.36 SLBrowser/7.0.0.12151 SLBChan/105" "www.ysfine.com"
157.55.39.128 - - [27/Sep/2022:04:22:46 -0700] "GET /world/ital/venice28.jpg HTTP/1.1" 200 203897 "-" "Mozilla/5.0 (compatible; bingbot/2.0; +http://www.bing.com/bingbot.htm)" "ysfine.com"
207.46.13.180 - - [27/Sep/2022:04:22:51 -0700] "GET /einstein/eink10.html HTTP/1.1" 200 3356 "-" "Mozilla/5.0 (compatible; bingbot/2.0; +http://www.bing.com/bingbot.htm)" "ysfine.com"
37.76.60.193 - - [27/Sep/2022:04:22:57 -0700] "GET /wigner/gim/gimn15.jpg HTTP/1.1" 200 79259 "https://www.google.com/" "Mozilla/5.0 (iPhone; CPU iPhone OS 16_0 like Mac OS X) AppleWebKit/605.1.15 (KHTML, like Gecko) GSA/230.1.475637890 Mobile/20A362 Safari/604.1" "ysfine.com"
157.55.39.58 - - [27/Sep/2022:04:23:45 -0700] "GET /kobak/reposepho.html HTTP/1.1" 200 504 "-" "Mozilla/5.0 AppleWebKit/537.36 (KHTML, like Gecko; compatible; bingbot/2.0; +http://www.bing.com/bingbot.htm) Chrome/103.0.5060.134 Safari/537.36" "ysfine.com"
40.77.167.105 - - [27/Sep/2022:04:23:50 -0700] "GET /robots.txt HTTP/1.1" 404 88 "-" "Mozilla/5.0 (compatible; bingbot/2.0; +http://www.bing.com/bingbot.htm)" "www.ysfine.com"
207.46.13.102 - - [27/Sep/2022:04:24:01 -0700] "GET /style/rigaopera22.jpg HTTP/1.1" 200 112955 "-" "Mozilla/5.0 (compatible; bingbot/2.0; +http://www.bing.com/bingbot.htm)" "www.ysfine.com"
157.55.39.128 - - [27/Sep/2022:04:25:26 -0700] "GET /einstein/einbohr55.jpg HTTP/1.1" 200 227851 "-" "Mozilla/5.0 AppleWebKit/537.36 (KHTML, like Gecko; compatible; bingbot/2.0; +http://www.bing.com/bingbot.htm) Chrome/103.0.5060.134 Safari/537.36" "www.ysfine.com"
207.46.13.102 - - [27/Sep/2022:04:25:41 -0700] "GET /kobak/rhee12.jpg HTTP/1.1" 200 235392 "-" "Mozilla/5.0 (compatible; bingbot/2.0; +http://www.bing.com/bingbot.htm)" "www.ysfine.com"
54.198.46.51 - - [27/Sep/2022:04:25:48 -0700] "GET /robots.txt HTTP/1.1" 404 88 "https://www.google.com/" "Mozilla/5.0 (Windows NT 10.0; Win64; x64) AppleWebKit/537.36 (KHTML, like Gecko) Chrome/79.0.3945.130 Safari/537.36" "ysfine.com"
54.198.46.51 - - [27/Sep/2022:04:25:48 -0700] "GET /robots.txt HTTP/1.1" 404 88 "https://www.google.com/" "Mozilla/5.0 (Windows NT 10.0; Win64; x64) AppleWebKit/537.36 (KHTML, like Gecko) Chrome/103.0.0.0 Safari/537.36" "www.ysfine.com"
141.193.111.89 - - [27/Sep/2022:04:25:49 -0700] "GET / HTTP/1.1" 200 5283 "https://www.google.com/" "Mozilla/5.0 (Macintosh; Intel Mac OS X 10_15_6) AppleWebKit/605.1.15 (KHTML, like Gecko)" "ysfine.com"
157.55.39.58 - - [27/Sep/2022:04:26:16 -0700] "GET /style/musee/britmu35.jpg HTTP/1.1" 200 97577 "-" "Mozilla/5.0 AppleWebKit/537.36 (KHTML, like Gecko; compatible; bingbot/2.0; +http://www.bing.com/bingbot.htm) Chrome/103.0.5060.134 Safari/537.36" "ysfine.com"
157.55.39.55 - - [27/Sep/2022:04:26:20 -0700] "GET /einstein/einnobel.html HTTP/1.1" 200 8152 "-" "Mozilla/5.0 (compatible; bingbot/2.0; +http://www.bing.com/bingbot.htm)" "ysfine.com"
157.55.39.55 - - [27/Sep/2022:04:26:20 -0700] "GET /princeton/campus.html HTTP/1.1" 200 15142 "-" "Mozilla/5.0 (compatible; bingbot/2.0; +http://www.bing.com/bingbot.htm)" "ysfine.com"
51.222.253.12 - - [27/Sep/2022:04:26:26 -0700] "GET /class54/class5470/total_data/sub_317.htm HTTP/1.1" 200 3319 "-" "Mozilla/5.0 (compatible; AhrefsBot/7.0; +http://ahrefs.com/robot/)" "ysfine.com"
51.222.253.5 - - [27/Sep/2022:04:26:34 -0700] "GET /class54/class5470/total_data/refer_img/3-16_f.jpg HTTP/1.1" 200 30897 "-" "Mozilla/5.0 (compatible; AhrefsBot/7.0; +http://ahrefs.com/robot/)" "ysfine.com"
51.222.253.11 - - [27/Sep/2022:04:26:35 -0700] "GET /class54/class5470/total_data/refer_img/3-8_f.jpg HTTP/1.1" 200 26967 "-" "Mozilla/5.0 (compatible; AhrefsBot/7.0; +http://ahrefs.com/robot/)" "ysfine.com"
51.222.253.5 - - [27/Sep/2022:04:26:35 -0700] "GET /class54/class5470/total_data/refer_img/3-14_f.jpg HTTP/1.1" 200 21220 "-" "Mozilla/5.0 (compatible; AhrefsBot/7.0; +http://ahrefs.com/robot/)" "ysfine.com"
51.222.253.8 - - [27/Sep/2022:04:26:35 -0700] "GET /class54/class5470/total_data/refer_img/3-2_f.jpg HTTP/1.1" 200 26427 "-" "Mozilla/5.0 (compatible; AhrefsBot/7.0; +http://ahrefs.com/robot/)" "ysfine.com"
51.222.253.16 - - [27/Sep/2022:04:26:36 -0700] "GET /class54/class5470/total_data/refer_img/3-10_f.jpg HTTP/1.1" 200 35360 "-" "Mozilla/5.0 (compatible; AhrefsBot/7.0; +http://ahrefs.com/robot/)" "ysfine.com"
51.222.253.5 - - [27/Sep/2022:04:26:39 -0700] "GET /class54/class5470/total_data/refer_img/3-7_f.jpg HTTP/1.1" 200 27397 "-" "Mozilla/5.0 (compatible; AhrefsBot/7.0; +http://ahrefs.com/robot/)" "ysfine.com"
51.222.253.13 - - [27/Sep/2022:04:26:40 -0700] "GET /class54/class5470/total_data/refer_img/3-20_f.jpg HTTP/1.1" 200 22984 "-" "Mozilla/5.0 (compatible; AhrefsBot/7.0; +http://ahrefs.com/robot/)" "ysfine.com"
51.222.253.1 - - [27/Sep/2022:04:26:41 -0700] "GET /class54/class5470/total_data/refer_img/3-21_f.jpg HTTP/1.1" 200 32280 "-" "Mozilla/5.0 (compatible; AhrefsBot/7.0; +http://ahrefs.com/robot/)" "ysfine.com"
51.222.253.1 - - [27/Sep/2022:04:26:42 -0700] "GET /class54/class5470/total_data/refer_img/3-9_f.jpg HTTP/1.1" 200 30923 "-" "Mozilla/5.0 (compatible; AhrefsBot/7.0; +http://ahrefs.com/robot/)" "ysfine.com"
51.222.253.18 - - [27/Sep/2022:04:26:42 -0700] "GET /class54/class5470/total_data/refer_img/3-5_f.jpg HTTP/1.1" 200 26723 "-" "Mozilla/5.0 (compatible; AhrefsBot/7.0; +http://ahrefs.com/robot/)" "ysfine.com"
51.222.253.11 - - [27/Sep/2022:04:26:43 -0700] "GET /class54/class5470/total_data/img/03_title.gif HTTP/1.1" 200 5602 "-" "Mozilla/5.0 (compatible; AhrefsBot/7.0; +http://ahrefs.com/robot/)" "ysfine.com"
51.222.253.9 - - [27/Sep/2022:04:26:43 -0700] "GET /class54/class5470/total_data/refer_img/3-19_f.jpg HTTP/1.1" 200 19615 "-" "Mozilla/5.0 (compatible; AhrefsBot/7.0; +http://ahrefs.com/robot/)" "ysfine.com"
51.222.253.9 - - [27/Sep/2022:04:26:43 -0700] "GET /class54/class5470/total_data/refer_img/3-12_f.jpg HTTP/1.1" 200 29397 "-" "Mozilla/5.0 (compatible; AhrefsBot/7.0; +http://ahrefs.com/robot/)" "ysfine.com"
51.222.253.18 - - [27/Sep/2022:04:26:44 -0700] "GET /class54/class5470/total_data/refer_img/3-15_f.jpg HTTP/1.1" 200 30741 "-" "Mozilla/5.0 (compatible; AhrefsBot/7.0; +http://ahrefs.com/robot/)" "ysfine.com"
51.222.253.19 - - [27/Sep/2022:04:26:48 -0700] "GET /class54/class5470/total_data/img/sm01_off.gif HTTP/1.1" 200 412 "-" "Mozilla/5.0 (compatible; AhrefsBot/7.0; +http://ahrefs.com/robot/)" "ysfine.com"
51.222.253.13 - - [27/Sep/2022:04:26:48 -0700] "GET /class54/class5470/total_data/refer_img/3-13_f.jpg HTTP/1.1" 200 21120 "-" "Mozilla/5.0 (compatible; AhrefsBot/7.0; +http://ahrefs.com/robot/)" "ysfine.com"
51.222.253.11 - - [27/Sep/2022:04:26:48 -0700] "GET /class54/class5470/total_data/img/03_smline.gif HTTP/1.1" 200 3214 "-" "Mozilla/5.0 (compatible; AhrefsBot/7.0; +http://ahrefs.com/robot/)" "ysfine.com"
51.222.253.16 - - [27/Sep/2022:04:26:49 -0700] "GET /class54/class5470/total_data/refer_img/3-4_f.jpg HTTP/1.1" 200 29538 "-" "Mozilla/5.0 (compatible; AhrefsBot/7.0; +http://ahrefs.com/robot/)" "ysfine.com"
51.222.253.1 - - [27/Sep/2022:04:26:49 -0700] "GET /class54/class5470/total_data/refer_img/3-3_f.jpg HTTP/1.1" 200 35517 "-" "Mozilla/5.0 (compatible; AhrefsBot/7.0; +http://ahrefs.com/robot/)" "ysfine.com"
51.222.253.9 - - [27/Sep/2022:04:26:49 -0700] "GET /class54/class5470/total_data/img/02_schooldays.gif HTTP/1.1" 200 987 "-" "Mozilla/5.0 (compatible; AhrefsBot/7.0; +http://ahrefs.com/robot/)" "ysfine.com"
51.222.253.16 - - [27/Sep/2022:04:26:50 -0700] "GET /class54/class5470/total_data/refer_img/3-1_f.jpg HTTP/1.1" 200 35017 "-" "Mozilla/5.0 (compatible; AhrefsBot/7.0; +http://ahrefs.com/robot/)" "ysfine.com"
51.222.253.5 - - [27/Sep/2022:04:26:50 -0700] "GET /class54/class5470/total_data/refer_img/3-11_f.jpg HTTP/1.1" 200 23582 "-" "Mozilla/5.0 (compatible; AhrefsBot/7.0; +http://ahrefs.com/robot/)" "ysfine.com"
207.46.13.180 - - [27/Sep/2022:04:27:19 -0700] "GET /world/germany/berlinf32.jpg HTTP/1.1" 200 129426 "-" "Mozilla/5.0 (compatible; bingbot/2.0; +http://www.bing.com/bingbot.htm)" "www.ysfine.com"
40.77.167.61 - - [27/Sep/2022:04:27:47 -0700] "GET /maga/three.html HTTP/1.1" 200 7358 "-" "Mozilla/5.0 (compatible; bingbot/2.0; +http://www.bing.com/bingbot.htm)" "ysfine.com"
207.46.13.102 - - [27/Sep/2022:04:27:52 -0700] "GET /einstein/einphoto.html HTTP/1.1" 200 1970 "-" "Mozilla/5.0 (compatible; bingbot/2.0; +http://www.bing.com/bingbot.htm)" "ysfine.com"
78.98.73.61 - - [27/Sep/2022:04:29:15 -0700] "GET /maga/histo/oscar22.jpg HTTP/1.1" 200 101665 "https://www.google.com/" "Mozilla/5.0 (Windows NT 10.0; Win64; x64) AppleWebKit/537.36 (KHTML, like Gecko) Chrome/105.0.0.0 Safari/537.36" "ysfine.com"
91.99.140.4 - - [27/Sep/2022:04:30:50 -0700] "GET /maga/phys/mainichi.jpg HTTP/1.1" 200 140249 "https://www.google.com/" "Mozilla/5.0 (Windows NT 6.3; Win64; x64) AppleWebKit/537.36 (KHTML, like Gecko) Chrome/105.0.0.0 Safari/537.36" "ysfine.com"
91.99.140.4 - - [27/Sep/2022:04:31:10 -0700] "GET /maga/yukawa.html HTTP/1.1" 200 5658 "https://www.google.com/" "Mozilla/5.0 (Windows NT 6.3; Win64; x64) AppleWebKit/537.36 (KHTML, like Gecko) Chrome/105.0.0.0 Safari/537.36" "ysfine.com"
91.99.140.4 - - [27/Sep/2022:04:31:10 -0700] "GET /maga/phys/yukafeyn2.jpg HTTP/1.1" 200 36709 "https://ysfine.com/maga/yukawa.html" "Mozilla/5.0 (Windows NT 6.3; Win64; x64) AppleWebKit/537.36 (KHTML, like Gecko) Chrome/105.0.0.0 Safari/537.36" "ysfine.com"
91.99.140.4 - - [27/Sep/2022:04:31:10 -0700] "GET /maga/phys/yukaein2.jpg HTTP/1.1" 200 42863 "https://ysfine.com/maga/yukawa.html" "Mozilla/5.0 (Windows NT 6.3; Win64; x64) AppleWebKit/537.36 (KHTML, like Gecko) Chrome/105.0.0.0 Safari/537.36" "ysfine.com"
91.99.140.4 - - [27/Sep/2022:04:31:10 -0700] "GET /people/markov84b.jpg HTTP/1.1" 200 44106 "https://ysfine.com/maga/yukawa.html" "Mozilla/5.0 (Windows NT 6.3; Win64; x64) AppleWebKit/537.36 (KHTML, like Gecko) Chrome/105.0.0.0 Safari/537.36" "ysfine.com"
91.99.140.4 - - [27/Sep/2022:04:31:11 -0700] "GET /maga/phys/yukadirac53b.jpg HTTP/1.1" 200 46220 "https://ysfine.com/maga/yukawa.html" "Mozilla/5.0 (Windows NT 6.3; Win64; x64) AppleWebKit/537.36 (KHTML, like Gecko) Chrome/105.0.0.0 Safari/537.36" "ysfine.com"
91.99.140.4 - - [27/Sep/2022:04:31:12 -0700] "GET /maga/phys/yukadirac55b.jpg HTTP/1.1" 200 41758 "https://ysfine.com/maga/yukawa.html" "Mozilla/5.0 (Windows NT 6.3; Win64; x64) AppleWebKit/537.36 (KHTML, like Gecko) Chrome/105.0.0.0 Safari/537.36" "ysfine.com"
91.99.140.4 - - [27/Sep/2022:04:31:12 -0700] "GET /maga/phys/yukawa00b.jpg HTTP/1.1" 200 36980 "https://ysfine.com/maga/yukawa.html" "Mozilla/5.0 (Windows NT 6.3; Win64; x64) AppleWebKit/537.36 (KHTML, like Gecko) Chrome/105.0.0.0 Safari/537.36" "ysfine.com"
91.99.140.4 - - [27/Sep/2022:04:31:13 -0700] "GET /maga/phys/yukafeyn3.jpg HTTP/1.1" 200 41879 "https://ysfine.com/maga/yukawa.html" "Mozilla/5.0 (Windows NT 6.3; Win64; x64) AppleWebKit/537.36 (KHTML, like Gecko) Chrome/105.0.0.0 Safari/537.36" "ysfine.com"
91.99.140.4 - - [27/Sep/2022:04:31:14 -0700] "GET /favicon.ico HTTP/1.1" 404 88 "https://ysfine.com/maga/yukawa.html" "Mozilla/5.0 (Windows NT 6.3; Win64; x64) AppleWebKit/537.36 (KHTML, like Gecko) Chrome/105.0.0.0 Safari/537.36" "ysfine.com"
157.55.39.128 - - [27/Sep/2022:04:31:57 -0700] "GET /kowar/war00.html HTTP/1.1" 200 4851 "-" "Mozilla/5.0 (compatible; bingbot/2.0; +http://www.bing.com/bingbot.htm)" "ysfine.com"
207.46.13.180 - - [27/Sep/2022:04:32:10 -0700] "GET /world/istanbul.html HTTP/1.1" 200 11361 "-" "Mozilla/5.0 (compatible; bingbot/2.0; +http://www.bing.com/bingbot.htm)" "ysfine.com"
185.191.171.19 - - [27/Sep/2022:04:32:25 -0700] "GET /home/100yrs.html HTTP/1.1" 200 7936 "-" "Mozilla/5.0 (compatible; SemrushBot/7~bl; +http://www.semrush.com/bot.html)" "www.ysfine.com"
77.2.45.153 - - [27/Sep/2022:04:32:56 -0700] "GET /philo/marxlon02.jpg HTTP/1.1" 200 167564 "https://www.google.com/" "Mozilla/5.0 (Windows NT 10.0; Win64; x64) AppleWebKit/537.36 (KHTML, like Gecko) Chrome/105.0.0.0 Safari/537.36" "ysfine.com"
157.55.39.55 - - [27/Sep/2022:04:33:43 -0700] "GET /maga/maxedin.html HTTP/1.1" 200 6756 "-" "Mozilla/5.0 (compatible; bingbot/2.0; +http://www.bing.com/bingbot.htm)" "ysfine.com"
207.46.13.180 - - [27/Sep/2022:04:33:59 -0700] "GET /world/france/pariso01b.jpg HTTP/1.1" 200 35581 "-" "Mozilla/5.0 (compatible; bingbot/2.0; +http://www.bing.com/bingbot.htm)" "www.ysfine.com"
157.55.39.128 - - [27/Sep/2022:04:34:57 -0700] "GET /world/poland/jablo09.jpg HTTP/1.1" 200 77488 "-" "Mozilla/5.0 AppleWebKit/537.36 (KHTML, like Gecko; compatible; bingbot/2.0; +http://www.bing.com/bingbot.htm) Chrome/103.0.5060.134 Safari/537.36" "www.ysfine.com"
157.55.39.55 - - [27/Sep/2022:04:35:02 -0700] "GET /maga/hosc.html HTTP/1.1" 200 1463 "-" "Mozilla/5.0 (compatible; bingbot/2.0; +http://www.bing.com/bingbot.htm)" "ysfine.com"
157.55.39.55 - - [27/Sep/2022:04:35:11 -0700] "GET /wigner/wigheisen.html HTTP/1.1" 200 3346 "-" "Mozilla/5.0 (compatible; bingbot/2.0; +http://www.bing.com/bingbot.htm)" "ysfine.com"
40.77.167.61 - - [27/Sep/2022:04:35:35 -0700] "GET /dirac/dirac84.jpg HTTP/1.1" 200 67390 "-" "Mozilla/5.0 (compatible; bingbot/2.0; +http://www.bing.com/bingbot.htm)" "www.ysfine.com"
207.46.13.102 - - [27/Sep/2022:04:36:33 -0700] "GET /style/beetho.html HTTP/1.1" 200 3228 "-" "Mozilla/5.0 (compatible; bingbot/2.0; +http://www.bing.com/bingbot.htm)" "ysfine.com"
207.46.13.102 - - [27/Sep/2022:04:36:34 -0700] "GET /einstein/standingw.html HTTP/1.1" 200 2754 "-" "Mozilla/5.0 (compatible; bingbot/2.0; +http://www.bing.com/bingbot.htm)" "ysfine.com"
207.46.13.180 - - [27/Sep/2022:04:36:40 -0700] "GET /style/leica.html HTTP/1.1" 200 17158 "-" "Mozilla/5.0 (compatible; bingbot/2.0; +http://www.bing.com/bingbot.htm)" "www.ysfine.com"
138.246.3.53 - - [27/Sep/2022:04:36:45 -0700] "GET /wigner/wigner39.pdf HTTP/1.1" 200 1398440 "https://www.google.com/" "Mozilla/5.0 (iPad; CPU OS 15_6 like Mac OS X) AppleWebKit/605.1.15 (KHTML, like Gecko) GSA/230.1.475637890 Mobile/15E148 Safari/604.1" "ysfine.com"
157.55.39.128 - - [27/Sep/2022:04:36:47 -0700] "GET /maga/phys/inclined11b.jpg HTTP/1.1" 200 35417 "-" "Mozilla/5.0 (compatible; bingbot/2.0; +http://www.bing.com/bingbot.htm)" "ysfine.com"
207.46.13.102 - - [27/Sep/2022:04:37:52 -0700] "GET /usca/pgh.html HTTP/1.1" 200 13572 "-" "Mozilla/5.0 (compatible; bingbot/2.0; +http://www.bing.com/bingbot.htm)" "ysfine.com"
207.46.13.180 - - [27/Sep/2022:04:38:01 -0700] "GET /usca/pitt/yspgh58b.jpg HTTP/1.1" 200 37403 "-" "Mozilla/5.0 (compatible; bingbot/2.0; +http://www.bing.com/bingbot.htm)" "www.ysfine.com"
157.55.39.55 - - [27/Sep/2022:04:38:09 -0700] "GET /home/yshome.html HTTP/1.1" 200 5699 "-" "Mozilla/5.0 (compatible; bingbot/2.0; +http://www.bing.com/bingbot.htm)" "ysfine.com"
170.231.133.51 - - [27/Sep/2022:04:38:41 -0700] "GET /wigner/neum/vnc01.jpg HTTP/1.1" 200 133641 "https://sites.google.com/" "Mozilla/5.0 (Linux; Android 11; SM-A035M) AppleWebKit/537.36 (KHTML, like Gecko) Chrome/105.0.0.0 Mobile Safari/537.36" "ysfine.com"
157.55.39.58 - - [27/Sep/2022:04:38:56 -0700] "GET /maga/mellon.html HTTP/1.1" 200 2949 "-" "Mozilla/5.0 (compatible; bingbot/2.0; +http://www.bing.com/bingbot.htm)" "ysfine.com"
157.55.39.128 - - [27/Sep/2022:04:39:08 -0700] "GET /kowar/tanks.html HTTP/1.1" 200 8702 "-" "Mozilla/5.0 (compatible; bingbot/2.0; +http://www.bing.com/bingbot.htm)" "ysfine.com"
51.222.253.19 - - [27/Sep/2022:04:39:36 -0700] "GET /class54/class5470/total_data/sub_313.htm HTTP/1.1" 200 3303 "-" "Mozilla/5.0 (compatible; AhrefsBot/7.0; +http://ahrefs.com/robot/)" "ysfine.com"
51.222.253.7 - - [27/Sep/2022:04:39:38 -0700] "GET /class54/class5470/total_data/photo_img/3-13.jpg HTTP/1.1" 200 82691 "-" "Mozilla/5.0 (compatible; AhrefsBot/7.0; +http://ahrefs.com/robot/)" "ysfine.com"
157.55.39.58 - - [27/Sep/2022:04:39:47 -0700] "GET /saram/g011.jpg HTTP/1.1" 200 111540 "-" "Mozilla/5.0 (compatible; bingbot/2.0; +http://www.bing.com/bingbot.htm)" "www.ysfine.com"
66.249.66.43 - - [27/Sep/2022:04:40:05 -0700] "GET /maga/phys/naimar/pewk08.jpg HTTP/1.1" 200 110253 "-" "Googlebot-Image/1.0" "ysfine.com"
157.55.39.58 - - [27/Sep/2022:04:40:16 -0700] "GET /princeton/westmin11.jpg HTTP/1.1" 200 147787 "-" "Mozilla/5.0 AppleWebKit/537.36 (KHTML, like Gecko; compatible; bingbot/2.0; +http://www.bing.com/bingbot.htm) Chrome/103.0.5060.134 Safari/537.36" "www.ysfine.com"
17.121.112.73 - - [27/Sep/2022:04:40:20 -0700] "GET /kobak/kimc.html HTTP/1.1" 200 4345 "-" "Mozilla/5.0 (Macintosh; Intel Mac OS X 10_15_5) AppleWebKit/605.1.15 (KHTML, like Gecko) Version/13.1.1 Safari/605.1.15 (Applebot/0.1; +http://www.apple.com/go/applebot)" "ysfine.com"
157.55.39.55 - - [27/Sep/2022:04:40:48 -0700] "GET /einstein/einabel.html HTTP/1.1" 200 5982 "-" "Mozilla/5.0 (compatible; bingbot/2.0; +http://www.bing.com/bingbot.htm)" "ysfine.com"
40.77.167.61 - - [27/Sep/2022:04:41:45 -0700] "GET /home/tables/tab11f.jpg HTTP/1.1" 200 68669 "-" "Mozilla/5.0 AppleWebKit/537.36 (KHTML, like Gecko; compatible; bingbot/2.0; +http://www.bing.com/bingbot.htm) Chrome/103.0.5060.134 Safari/537.36" "ysfine.com"
157.55.39.58 - - [27/Sep/2022:04:42:07 -0700] "GET /maga/copergali.html HTTP/1.1" 200 5140 "-" "Mozilla/5.0 AppleWebKit/537.36 (KHTML, like Gecko; compatible; bingbot/2.0; +http://www.bing.com/bingbot.htm) Chrome/103.0.5060.134 Safari/537.36" "ysfine.com"
207.46.13.102 - - [27/Sep/2022:04:42:13 -0700] "GET /world/russ/masha33.jpg HTTP/1.1" 200 56630 "-" "Mozilla/5.0 AppleWebKit/537.36 (KHTML, like Gecko; compatible; bingbot/2.0; +http://www.bing.com/bingbot.htm) Chrome/103.0.5060.134 Safari/537.36" "www.ysfine.com"
77.88.5.46 - - [27/Sep/2022:04:42:23 -0700] "GET /kowar/rusk01.jpg HTTP/1.1" 200 74943 "-" "Mozilla/5.0 (compatible; YandexImages/3.0; +http://yandex.com/bots)" "ysfine.com"
207.46.13.180 - - [27/Sep/2022:04:42:50 -0700] "GET /wigner/inokim2.jpg HTTP/1.1" 200 29903 "-" "Mozilla/5.0 AppleWebKit/537.36 (KHTML, like Gecko; compatible; bingbot/2.0; +http://www.bing.com/bingbot.htm) Chrome/103.0.5060.134 Safari/537.36" "ysfine.com"
77.75.79.101 - - [27/Sep/2022:04:43:04 -0700] "GET /robots.txt HTTP/1.1" 404 88 "-" "Mozilla/5.0 (compatible; SeznamBot/3.2; +http://napoveda.seznam.cz/en/seznambot-intro/)" "ysfine.com"
77.75.79.101 - - [27/Sep/2022:04:43:06 -0700] "GET /dongio/amkor/princedc01.jpg HTTP/1.1" 404 88 "-" "Mozilla/5.0 (compatible; SeznamBot/3.2; +http://napoveda.seznam.cz/en/seznambot-intro/)" "ysfine.com"
77.75.79.101 - - [27/Sep/2022:04:43:07 -0700] "GET /world/japan/nara002.jpg HTTP/1.1" 304 - "-" "Mozilla/5.0 (compatible; SeznamBot/3.2; +http://napoveda.seznam.cz/en/seznambot-intro/)" "ysfine.com"
77.75.79.101 - - [27/Sep/2022:04:43:07 -0700] "GET /ffriends/russrio44.jpg HTTP/1.1" 304 - "-" "Mozilla/5.0 (compatible; SeznamBot/3.2; +http://napoveda.seznam.cz/en/seznambot-intro/)" "ysfine.com"
77.75.79.101 - - [27/Sep/2022:04:43:08 -0700] "GET /ffriends/brazny01.jpg HTTP/1.1" 304 - "-" "Mozilla/5.0 (compatible; SeznamBot/3.2; +http://napoveda.seznam.cz/en/seznambot-intro/)" "ysfine.com"
77.88.5.245 - - [27/Sep/2022:04:43:09 -0700] "GET /robots.txt HTTP/1.1" 404 73 "-" "Mozilla/5.0 (compatible; YandexBot/3.0; +http://yandex.com/bots)" "www.ysfine.com"
77.88.5.126 - - [27/Sep/2022:04:43:13 -0700] "GET /home/comet01b.jpg HTTP/1.1" 200 53465 "-" "Mozilla/5.0 (compatible; YandexImages/3.0; +http://yandex.com/bots)" "www.ysfine.com"
93.158.161.40 - - [27/Sep/2022:04:43:17 -0700] "GET /newyork/nyp.html HTTP/1.1" 200 8310 "-" "Mozilla/5.0 (compatible; YandexBot/3.0; +http://yandex.com/bots)" "www.ysfine.com"
157.55.39.55 - - [27/Sep/2022:04:44:07 -0700] "GET /einstein/further07.jpg HTTP/1.1" 200 56279 "-" "Mozilla/5.0 AppleWebKit/537.36 (KHTML, like Gecko; compatible; bingbot/2.0; +http://www.bing.com/bingbot.htm) Chrome/103.0.5060.134 Safari/537.36" "ysfine.com"
87.184.178.31 - - [27/Sep/2022:04:44:20 -0700] "GET /wigner/inonu.pdf HTTP/1.1" 200 87394 "https://www.google.com/" "Mozilla/5.0 (Macintosh; Intel Mac OS X 10_15_7) AppleWebKit/537.36 (KHTML, like Gecko) Chrome/105.0.0.0 Safari/537.36" "ysfine.com"
87.184.178.31 - - [27/Sep/2022:04:44:21 -0700] "GET /favicon.ico HTTP/1.1" 404 88 "https://ysfine.com/wigner/inonu.pdf" "Mozilla/5.0 (Macintosh; Intel Mac OS X 10_15_7) AppleWebKit/537.36 (KHTML, like Gecko) Chrome/105.0.0.0 Safari/537.36" "ysfine.com"
207.46.13.102 - - [27/Sep/2022:04:44:34 -0700] "GET /wdc/gtown03.jpg HTTP/1.1" 200 179412 "-" "Mozilla/5.0 AppleWebKit/537.36 (KHTML, like Gecko; compatible; bingbot/2.0; +http://www.bing.com/bingbot.htm) Chrome/103.0.5060.134 Safari/537.36" "www.ysfine.com"
173.73.80.118 - - [27/Sep/2022:04:44:45 -0700] "GET /einstein/bern.html HTTP/1.1" 304 - "-" "Mozilla/5.0 (Windows NT 10.0; Win64; x64) AppleWebKit/537.36 (KHTML, like Gecko) Chrome/105.0.0.0 Safari/537.36" "ysfine.com"
173.73.80.118 - - [27/Sep/2022:04:44:46 -0700] "GET /favicon.ico HTTP/1.1" 404 88 "https://ysfine.com/einstein/bern.html" "Mozilla/5.0 (Windows NT 10.0; Win64; x64) AppleWebKit/537.36 (KHTML, like Gecko) Chrome/105.0.0.0 Safari/537.36" "ysfine.com"
173.73.80.118 - - [27/Sep/2022:04:45:25 -0700] "GET /favicon.ico HTTP/1.1" 404 88 "https://ysfine.com/home/yshome.html" "Mozilla/5.0 (Windows NT 10.0; Win64; x64) AppleWebKit/537.36 (KHTML, like Gecko) Chrome/105.0.0.0 Safari/537.36" "ysfine.com"
157.55.39.58 - - [27/Sep/2022:04:45:27 -0700] "GET /wdc/waskor035b.jpg HTTP/1.1" 200 56023 "-" "Mozilla/5.0 AppleWebKit/537.36 (KHTML, like Gecko; compatible; bingbot/2.0; +http://www.bing.com/bingbot.htm) Chrome/103.0.5060.134 Safari/537.36" "ysfine.com"
173.73.80.118 - - [27/Sep/2022:04:45:27 -0700] "GET /home/bio.html HTTP/1.1" 304 - "-" "Mozilla/5.0 (Windows NT 10.0; Win64; x64) AppleWebKit/537.36 (KHTML, like Gecko) Chrome/105.0.0.0 Safari/537.36" "ysfine.com"
173.73.80.118 - - [27/Sep/2022:04:45:27 -0700] "GET /dirac/dirbust22c.jpg HTTP/1.1" 304 - "https://ysfine.com/home/bio.html" "Mozilla/5.0 (Windows NT 10.0; Win64; x64) AppleWebKit/537.36 (KHTML, like Gecko) Chrome/105.0.0.0 Safari/537.36" "ysfine.com"
173.73.80.118 - - [27/Sep/2022:04:45:27 -0700] "GET /home/yskim10c.jpg HTTP/1.1" 304 - "https://ysfine.com/home/bio.html" "Mozilla/5.0 (Windows NT 10.0; Win64; x64) AppleWebKit/537.36 (KHTML, like Gecko) Chrome/105.0.0.0 Safari/537.36" "ysfine.com"
173.73.80.118 - - [27/Sep/2022:04:45:27 -0700] "GET /home/ysrhee33c.jpg HTTP/1.1" 304 - "https://ysfine.com/home/bio.html" "Mozilla/5.0 (Windows NT 10.0; Win64; x64) AppleWebKit/537.36 (KHTML, like Gecko) Chrome/105.0.0.0 Safari/537.36" "ysfine.com"
173.73.80.118 - - [27/Sep/2022:04:45:27 -0700] "GET /home/eink77c.jpg HTTP/1.1" 304 - "https://ysfine.com/home/bio.html" "Mozilla/5.0 (Windows NT 10.0; Win64; x64) AppleWebKit/537.36 (KHTML, like Gecko) Chrome/105.0.0.0 Safari/537.36" "ysfine.com"
173.73.80.118 - - [27/Sep/2022:04:45:27 -0700] "GET /home/fotos/photo09c.jpg HTTP/1.1" 304 - "https://ysfine.com/home/bio.html" "Mozilla/5.0 (Windows NT 10.0; Win64; x64) AppleWebKit/537.36 (KHTML, like Gecko) Chrome/105.0.0.0 Safari/537.36" "ysfine.com"
157.55.39.128 - - [27/Sep/2022:04:45:38 -0700] "GET /world/germany/berlinf05.jpg HTTP/1.1" 200 78896 "-" "Mozilla/5.0 AppleWebKit/537.36 (KHTML, like Gecko; compatible; bingbot/2.0; +http://www.bing.com/bingbot.htm) Chrome/103.0.5060.134 Safari/537.36" "www.ysfine.com"
157.55.39.128 - - [27/Sep/2022:04:46:38 -0700] "GET /feynman//fthesis.html HTTP/1.1" 200 144 "-" "Mozilla/5.0 (compatible; bingbot/2.0; +http://www.bing.com/bingbot.htm)" "ysfine.com"
207.46.13.102 - - [27/Sep/2022:04:46:53 -0700] "GET /princeton/brooke.html HTTP/1.1" 200 952 "-" "Mozilla/5.0 AppleWebKit/537.36 (KHTML, like Gecko; compatible; bingbot/2.0; +http://www.bing.com/bingbot.htm) Chrome/103.0.5060.134 Safari/537.36" "www.ysfine.com"
122.2.43.196 - - [27/Sep/2022:04:50:20 -0700] "GET /maga/phys/schrod11.jpg HTTP/1.1" 200 107958 "https://www.bing.com/" "Mozilla/5.0 (Windows NT 10.0; Win64; x64) AppleWebKit/537.36 (KHTML, like Gecko) Chrome/105.0.0.0 Safari/537.36 Edg/105.0.1343.50" "www.ysfine.com"
193.186.4.65 - - [27/Sep/2022:04:50:43 -0700] "GET /world/feynrio.html HTTP/1.1" 200 8831 "-" "Mozilla/5.0 (Linux; Android 10; K) AppleWebKit/537.36 (KHTML, like Gecko) Chrome/105.0.0.0 Mobile Safari/537.36" "ysfine.com"
157.55.39.58 - - [27/Sep/2022:04:51:06 -0700] "GET /maga/galileo.html HTTP/1.1" 200 4725 "-" "Mozilla/5.0 (compatible; bingbot/2.0; +http://www.bing.com/bingbot.htm)" "ysfine.com"
51.222.253.4 - - [27/Sep/2022:04:51:13 -0700] "GET /style/tatyana.html HTTP/1.1" 200 8475 "-" "Mozilla/5.0 (compatible; AhrefsBot/7.0; +http://ahrefs.com/robot/)" "www.ysfine.com"
213.233.110.32 - - [27/Sep/2022:04:51:16 -0700] "GET /maga/histo/oscar22.jpg HTTP/1.1" 200 101665 "https://www.google.com/" "Mozilla/5.0 (Linux; Android 10; SM-A217F Build/QP1A.190711.020; wv) AppleWebKit/537.36 (KHTML, like Gecko) Version/4.0 Chrome/85.0.4183.127 Mobile Safari/537.36 GSA/12.22.8.23.arm64" "ysfine.com"
51.222.253.2 - - [27/Sep/2022:04:51:18 -0700] "GET /princeton/mediter11c.jpg HTTP/1.1" 200 49131 "-" "Mozilla/5.0 (compatible; AhrefsBot/7.0; +http://ahrefs.com/robot/)" "www.ysfine.com"
51.222.253.8 - - [27/Sep/2022:04:51:22 -0700] "GET /kobak/swr51c.jpg HTTP/1.1" 200 35677 "-" "Mozilla/5.0 (compatible; AhrefsBot/7.0; +http://ahrefs.com/robot/)" "www.ysfine.com"
51.222.253.20 - - [27/Sep/2022:04:51:22 -0700] "GET /class54/busan11c.jpg HTTP/1.1" 200 35025 "-" "Mozilla/5.0 (compatible; AhrefsBot/7.0; +http://ahrefs.com/robot/)" "www.ysfine.com"
51.222.253.8 - - [27/Sep/2022:04:51:23 -0700] "GET /style/stalin11c.jpg HTTP/1.1" 200 54979 "-" "Mozilla/5.0 (compatible; AhrefsBot/7.0; +http://ahrefs.com/robot/)" "www.ysfine.com"
51.222.253.9 - - [27/Sep/2022:04:51:26 -0700] "GET /kowar/tanks/tank03c.jpg HTTP/1.1" 200 48323 "-" "Mozilla/5.0 (compatible; AhrefsBot/7.0; +http://ahrefs.com/robot/)" "www.ysfine.com"
51.222.253.3 - - [27/Sep/2022:04:51:27 -0700] "GET /princeton/pgarden11c.jpg HTTP/1.1" 200 39219 "-" "Mozilla/5.0 (compatible; AhrefsBot/7.0; +http://ahrefs.com/robot/)" "www.ysfine.com"
72.14.201.64 - - [27/Sep/2022:04:51:27 -0700] "GET /world/feynrio.html HTTP/1.1" 200 8831 "-" "Mozilla/5.0 (Linux; Android 10; K) AppleWebKit/537.36 (KHTML, like Gecko) Chrome/105.0.0.0 Mobile Safari/537.36" "ysfine.com"
51.222.253.5 - - [27/Sep/2022:04:51:27 -0700] "GET /class54/busan22c.jpg HTTP/1.1" 200 23692 "-" "Mozilla/5.0 (compatible; AhrefsBot/7.0; +http://ahrefs.com/robot/)" "www.ysfine.com"
51.222.253.18 - - [27/Sep/2022:04:51:27 -0700] "GET /style/oistrakh22c.jpg HTTP/1.1" 200 38199 "-" "Mozilla/5.0 (compatible; AhrefsBot/7.0; +http://ahrefs.com/robot/)" "www.ysfine.com"
213.233.110.32 - - [27/Sep/2022:04:51:33 -0700] "GET /maga/histo/desiree22.jpg HTTP/1.1" 200 113561 "https://www.google.com/" "Mozilla/5.0 (Linux; Android 10; SM-A217F Build/QP1A.190711.020; wv) AppleWebKit/537.36 (KHTML, like Gecko) Version/4.0 Chrome/85.0.4183.127 Mobile Safari/537.36 GSA/12.22.8.23.arm64" "ysfine.com"
157.55.39.58 - - [27/Sep/2022:04:51:38 -0700] "GET /world/stuttgart.html HTTP/1.1" 200 4926 "-" "Mozilla/5.0 (compatible; bingbot/2.0; +http://www.bing.com/bingbot.htm)" "ysfine.com"
85.8.115.227 - - [27/Sep/2022:04:51:50 -0700] "GET /dirac/dirackn33.jpg HTTP/1.1" 200 98181 "https://www.google.com/" "Mozilla/5.0 (Linux; Android 11; CPH2067 Build/RKQ1.200903.002; wv) AppleWebKit/537.36 (KHTML, like Gecko) Version/4.0 Chrome/97.0.4692.98 Mobile Safari/537.36 GoogleApp/13.7.7.23.arm64" "ysfine.com"
207.46.13.180 - - [27/Sep/2022:04:52:03 -0700] "GET /world/hungary/hunstu23b.jpg HTTP/1.1" 200 43668 "-" "Mozilla/5.0 (compatible; bingbot/2.0; +http://www.bing.com/bingbot.htm)" "www.ysfine.com"
192.0.96.245 - - [27/Sep/2022:04:52:07 -0700] "GET /wigner/neum/ymath.jpg HTTP/1.1" 200 64930 "-" "Photon/1.0" "ysfine.com"
157.55.39.128 - - [27/Sep/2022:04:52:59 -0700] "GET /world/china/hongkong71.jpg HTTP/1.1" 200 72156 "-" "Mozilla/5.0 (compatible; bingbot/2.0; +http://www.bing.com/bingbot.htm)" "ysfine.com"
207.46.13.180 - - [27/Sep/2022:04:53:21 -0700] "GET /newyork/cafenapoli.jpg HTTP/1.1" 200 134179 "-" "Mozilla/5.0 (compatible; bingbot/2.0; +http://www.bing.com/bingbot.htm)" "www.ysfine.com"
66.249.88.12 - - [27/Sep/2022:04:53:34 -0700] "GET /wigner/neum/vnc01.jpg HTTP/1.1" 200 133641 "https://forum.adrenaline.com.br/" "Mozilla/5.0 (Linux; Android 4.2.1; en-us; Nexus 5 Build/JOP40D) AppleWebKit/535.19 (KHTML, like Gecko; googleweblight) Chrome/38.0.1025.166 Mobile Safari/535.19" "ysfine.com"
66.181.161.79 - - [27/Sep/2022:04:54:18 -0700] "GET /kobak/sl628.jpg HTTP/1.1" 200 225100 "https://images.search.yahoo.com/search/images;_ylt=AwrFN1GU4zJjet8G5daJzbkF;_ylu=c2VjA3NlYXJjaARzbGsDYnV0dG9u;_ylc=X1MDOTYwNjI4NTcEX3IDMgRhY3RuA2NsawRjc3JjcHZpZANkN2VWRkRFeU55NEpBYmNZWF9xNnRCRDVOall1TVFBQUFBQkJGM3g2BGZyA2Noci15b19nYwRmcjIDc2EtZ3AEZ3ByaWQDcnh5bVNQTWRTSGlGSVRfX0pwaktQQQRuX3N1Z2cDMQRvcmlnaW4DaW1hZ2VzLnNlYXJjaC55YWhvby5jb20EcG9zAzAEcHFzdHIDBHBxc3RybAMEcXN0cmwDMTIEcXVlcnkDMTk1MCUyMHNlb3VsBHRfc3RtcAMxNjY0MjgwNDU5?p=1950+seoul&fr=chr-yo_gc&fr2=sb-top-images.search&ei=UTF-8&x=wrt&type=501549" "Mozilla/5.0 (Windows NT 6.2) AppleWebKit/537.36 (KHTML, like Gecko) Chrome/105.0.0.0 Safari/537.36" "ysfine.com"
157.55.39.58 - - [27/Sep/2022:04:55:07 -0700] "GET /einstein/newton11b.jpg HTTP/1.1" 200 61151 "-" "Mozilla/5.0 (compatible; bingbot/2.0; +http://www.bing.com/bingbot.htm)" "ysfine.com"
114.119.128.142 - - [27/Sep/2022:04:55:09 -0700] "GET /style/tatiana.html HTTP/1.1" 200 8801 "https://www.ysfine.com/world/musplace.html" "Mozilla/5.0 (Linux; Android 7.0;) AppleWebKit/537.36 (KHTML, like Gecko) Mobile Safari/537.36 (compatible; PetalBot;+https://webmaster.petalsearch.com/site/petalbot)" "www.ysfine.com"
157.55.39.55 - - [27/Sep/2022:04:55:20 -0700] "GET /princeton/pstorie.html HTTP/1.1" 200 1462 "-" "Mozilla/5.0 (compatible; bingbot/2.0; +http://www.bing.com/bingbot.htm)" "ysfine.com"
54.36.148.25 - - [27/Sep/2022:04:56:19 -0700] "GET /robots.txt HTTP/1.1" 404 88 "-" "Mozilla/5.0 (compatible; AhrefsBot/7.0; +http://ahrefs.com/robot/)" "www.ysfine.com"
208.10.142.2 - - [27/Sep/2022:04:56:32 -0700] "GET /kobak/somap38.jpg HTTP/1.1" 200 109622 "https://www.google.com/" "Mozilla/5.0 (X11; CrOS aarch64 14989.107.0) AppleWebKit/537.36 (KHTML, like Gecko) Chrome/105.0.0.0 Safari/537.36" "ysfine.com"
207.46.13.180 - - [27/Sep/2022:04:57:12 -0700] "GET /kobak/warstorie.html HTTP/1.1" 200 6645 "-" "Mozilla/5.0 AppleWebKit/537.36 (KHTML, like Gecko; compatible; bingbot/2.0; +http://www.bing.com/bingbot.htm) Chrome/103.0.5060.134 Safari/537.36" "ysfine.com"
193.136.137.102 - - [27/Sep/2022:04:57:30 -0700] "GET /feynman/page55.jpg HTTP/1.1" 200 98479 "https://www.google.com/" "Mozilla/5.0 (Macintosh; Intel Mac OS X 10.15; rv:103.0) Gecko/20100101 Firefox/103.0" "ysfine.com"
193.136.137.102 - - [27/Sep/2022:04:57:31 -0700] "GET /feynman/page44.jpg HTTP/1.1" 200 106223 "https://www.google.com/" "Mozilla/5.0 (Macintosh; Intel Mac OS X 10.15; rv:103.0) Gecko/20100101 Firefox/103.0" "ysfine.com"
193.136.137.102 - - [27/Sep/2022:04:57:33 -0700] "GET /feynman/page11.jpg HTTP/1.1" 200 39160 "https://www.google.com/" "Mozilla/5.0 (Macintosh; Intel Mac OS X 10.15; rv:103.0) Gecko/20100101 Firefox/103.0" "ysfine.com"
157.55.39.58 - - [27/Sep/2022:04:57:38 -0700] "GET /maga/twobytwo.html HTTP/1.1" 200 1998 "-" "Mozilla/5.0 (compatible; bingbot/2.0; +http://www.bing.com/bingbot.htm)" "www.ysfine.com"
207.46.13.102 - - [27/Sep/2022:04:58:05 -0700] "GET /home/dwf.html HTTP/1.1" 200 4126 "-" "Mozilla/5.0 (compatible; bingbot/2.0; +http://www.bing.com/bingbot.htm)" "ysfine.com"
193.136.137.102 - - [27/Sep/2022:04:58:51 -0700] "GET /feynman/feyprince.jpg HTTP/1.1" 200 62002 "https://www.google.com/" "Mozilla/5.0 (Macintosh; Intel Mac OS X 10.15; rv:103.0) Gecko/20100101 Firefox/103.0" "ysfine.com"
40.77.167.61 - - [27/Sep/2022:04:59:48 -0700] "GET /world/spain/sevif17.jpg HTTP/1.1" 200 320381 "-" "Mozilla/5.0 (compatible; bingbot/2.0; +http://www.bing.com/bingbot.htm)" "www.ysfine.com"
40.77.167.61 - - [27/Sep/2022:04:59:48 -0700] "GET /style/musee/britmu18.jpg HTTP/1.1" 200 123526 "-" "Mozilla/5.0 AppleWebKit/537.36 (KHTML, like Gecko; compatible; bingbot/2.0; +http://www.bing.com/bingbot.htm) Chrome/103.0.5060.134 Safari/537.36" "www.ysfine.com"
207.46.13.102 - - [27/Sep/2022:05:00:05 -0700] "GET /feynman/partons.html HTTP/1.1" 200 5807 "-" "Mozilla/5.0 (compatible; bingbot/2.0; +http://www.bing.com/bingbot.htm)" "ysfine.com"
171.48.70.189 - - [27/Sep/2022:05:00:51 -0700] "GET /world/ital/verona08.jpg HTTP/1.1" 200 120909 "https://www.google.com/blank.html" "Mozilla/5.0 (Linux; Android 10; Redmi 8A Dual Build/QKQ1.191014.001; wv) AppleWebKit/537.36 (KHTML, like Gecko) Version/4.0 Chrome/87.0.4280.101 Mobile Safari/537.36 GoogleApp/13.7.7.23.arm" "ysfine.com"
157.55.39.55 - - [27/Sep/2022:05:01:00 -0700] "GET /world/russ/spb31.jpg HTTP/1.1" 200 118085 "-" "Mozilla/5.0 (compatible; bingbot/2.0; +http://www.bing.com/bingbot.htm)" "ysfine.com"
51.222.253.5 - - [27/Sep/2022:05:02:13 -0700] "GET /wigner/maxwig.html HTTP/1.1" 200 8080 "-" "Mozilla/5.0 (compatible; AhrefsBot/7.0; +http://ahrefs.com/robot/)" "www.ysfine.com"
40.77.167.61 - - [27/Sep/2022:05:02:19 -0700] "GET /home/hepth.html HTTP/1.1" 200 2544 "-" "Mozilla/5.0 AppleWebKit/537.36 (KHTML, like Gecko; compatible; bingbot/2.0; +http://www.bing.com/bingbot.htm) Chrome/103.0.5060.134 Safari/537.36" "ysfine.com"
5.161.150.8 - - [27/Sep/2022:05:02:40 -0700] "GET /world/arusas.html HTTP/1.1" 200 7838 "-" "Mozilla/5.0 (Windows NT 10.0; Win64; x64) AppleWebKit/537.36 (KHTML, like Gecko) Chrome/84.0.4147.105 Safari/537.36" "ysfine.com"
66.249.66.93 - - [27/Sep/2022:05:03:34 -0700] "GET /einstein/ysturner2.jpg HTTP/1.1" 200 34841 "-" "Googlebot-Image/1.0" "ysfine.com"
173.73.80.118 - - [27/Sep/2022:05:04:14 -0700] "GET /home/bio.html HTTP/1.1" 304 - "-" "Mozilla/5.0 (Windows NT 10.0; Win64; x64) AppleWebKit/537.36 (KHTML, like Gecko) Chrome/105.0.0.0 Safari/537.36" "ysfine.com"
173.73.80.118 - - [27/Sep/2022:05:04:16 -0700] "GET /home/bio.html HTTP/1.1" 304 - "-" "Mozilla/5.0 (Windows NT 10.0; Win64; x64) AppleWebKit/537.36 (KHTML, like Gecko) Chrome/105.0.0.0 Safari/537.36" "ysfine.com"
40.77.167.61 - - [27/Sep/2022:05:04:27 -0700] "GET /world/russ/vic23.jpg HTTP/1.1" 200 72052 "-" "Mozilla/5.0 AppleWebKit/537.36 (KHTML, like Gecko; compatible; bingbot/2.0; +http://www.bing.com/bingbot.htm) Chrome/103.0.5060.134 Safari/537.36" "ysfine.com"
207.46.13.180 - - [27/Sep/2022:05:04:42 -0700] "GET /world/latina/buenos03.jpg HTTP/1.1" 200 209577 "-" "Mozilla/5.0 (compatible; bingbot/2.0; +http://www.bing.com/bingbot.htm)" "www.ysfine.com"
144.168.182.253 - - [27/Sep/2022:05:04:49 -0700] "HEAD /world/poland/krch12.jpg HTTP/1.1" 200 - "http://ysfine.com/world/poland/krch12.jpg" "Go-http-client/1.1" "ysfine.com"
144.168.182.253 - - [27/Sep/2022:05:04:50 -0700] "GET /world/poland/krch12.jpg HTTP/1.1" 200 78959 "http://ysfine.com/world/poland/krch12.jpg" "Go-http-client/1.1" "ysfine.com"
173.73.80.118 - - [27/Sep/2022:05:05:39 -0700] "GET /home/bio.html HTTP/1.1" 200 15241 "-" "Mozilla/5.0 (Windows NT 10.0; Win64; x64) AppleWebKit/537.36 (KHTML, like Gecko) Chrome/105.0.0.0 Safari/537.36" "ysfine.com"
157.55.39.58 - - [27/Sep/2022:05:05:59 -0700] "GET /usca/pitt/pittcath02.jpg HTTP/1.1" 200 81215 "-" "Mozilla/5.0 (compatible; bingbot/2.0; +http://www.bing.com/bingbot.htm)" "www.ysfine.com"
157.55.39.128 - - [27/Sep/2022:05:06:01 -0700] "GET /confer/inbot.html HTTP/1.1" 200 2463 "-" "Mozilla/5.0 (compatible; bingbot/2.0; +http://www.bing.com/bingbot.htm)" "ysfine.com"
207.46.13.102 - - [27/Sep/2022:05:06:06 -0700] "GET /usca/pitt/pgh52.jpg HTTP/1.1" 200 62768 "-" "Mozilla/5.0 (compatible; bingbot/2.0; +http://www.bing.com/bingbot.htm)" "www.ysfine.com"
31.124.48.17 - - [27/Sep/2022:05:06:16 -0700] "GET /world/brit/etonharrow.html HTTP/1.1" 200 4546 "https://www.google.co.uk/" "Mozilla/5.0 (iPhone; CPU iPhone OS 15_6_1 like Mac OS X) AppleWebKit/605.1.15 (KHTML, like Gecko) Version/15.6.1 Mobile/15E148 Safari/604.1" "ysfine.com"
31.124.48.17 - - [27/Sep/2022:05:06:16 -0700] "GET /world/brit/nehru11b.jpg HTTP/1.1" 200 43052 "https://ysfine.com/world/brit/etonharrow.html" "Mozilla/5.0 (iPhone; CPU iPhone OS 15_6_1 like Mac OS X) AppleWebKit/605.1.15 (KHTML, like Gecko) Version/15.6.1 Mobile/15E148 Safari/604.1" "ysfine.com"
31.124.48.17 - - [27/Sep/2022:05:06:16 -0700] "GET /world/brit/winston01b.jpg HTTP/1.1" 200 38436 "https://ysfine.com/world/brit/etonharrow.html" "Mozilla/5.0 (iPhone; CPU iPhone OS 15_6_1 like Mac OS X) AppleWebKit/605.1.15 (KHTML, like Gecko) Version/15.6.1 Mobile/15E148 Safari/604.1" "ysfine.com"
31.124.48.17 - - [27/Sep/2022:05:06:16 -0700] "GET /world/brit/eton07b.jpg HTTP/1.1" 200 36566 "https://ysfine.com/world/brit/etonharrow.html" "Mozilla/5.0 (iPhone; CPU iPhone OS 15_6_1 like Mac OS X) AppleWebKit/605.1.15 (KHTML, like Gecko) Version/15.6.1 Mobile/15E148 Safari/604.1" "ysfine.com"
31.124.48.17 - - [27/Sep/2022:05:06:16 -0700] "GET /world/brit/eton02b.jpg HTTP/1.1" 200 39432 "https://ysfine.com/world/brit/etonharrow.html" "Mozilla/5.0 (iPhone; CPU iPhone OS 15_6_1 like Mac OS X) AppleWebKit/605.1.15 (KHTML, like Gecko) Version/15.6.1 Mobile/15E148 Safari/604.1" "ysfine.com"
31.124.48.17 - - [27/Sep/2022:05:06:16 -0700] "GET /kobak/kwk11b.jpg HTTP/1.1" 200 46888 "https://ysfine.com/world/brit/etonharrow.html" "Mozilla/5.0 (iPhone; CPU iPhone OS 15_6_1 like Mac OS X) AppleWebKit/605.1.15 (KHTML, like Gecko) Version/15.6.1 Mobile/15E148 Safari/604.1" "ysfine.com"
31.124.48.17 - - [27/Sep/2022:05:06:16 -0700] "GET /world/brit/eton01b.jpg HTTP/1.1" 200 47771 "https://ysfine.com/world/brit/etonharrow.html" "Mozilla/5.0 (iPhone; CPU iPhone OS 15_6_1 like Mac OS X) AppleWebKit/605.1.15 (KHTML, like Gecko) Version/15.6.1 Mobile/15E148 Safari/604.1" "ysfine.com"
31.124.48.17 - - [27/Sep/2022:05:06:17 -0700] "GET /world/brit/eton03b.jpg HTTP/1.1" 200 45141 "https://ysfine.com/world/brit/etonharrow.html" "Mozilla/5.0 (iPhone; CPU iPhone OS 15_6_1 like Mac OS X) AppleWebKit/605.1.15 (KHTML, like Gecko) Version/15.6.1 Mobile/15E148 Safari/604.1" "ysfine.com"
31.124.48.17 - - [27/Sep/2022:05:06:17 -0700] "GET /eink/pwk19c.jpg HTTP/1.1" 200 57759 "https://ysfine.com/world/brit/etonharrow.html" "Mozilla/5.0 (iPhone; CPU iPhone OS 15_6_1 like Mac OS X) AppleWebKit/605.1.15 (KHTML, like Gecko) Version/15.6.1 Mobile/15E148 Safari/604.1" "ysfine.com"
31.124.48.17 - - [27/Sep/2022:05:06:17 -0700] "GET /world/brit/harrow12b.jpg HTTP/1.1" 200 45104 "https://ysfine.com/world/brit/etonharrow.html" "Mozilla/5.0 (iPhone; CPU iPhone OS 15_6_1 like Mac OS X) AppleWebKit/605.1.15 (KHTML, like Gecko) Version/15.6.1 Mobile/15E148 Safari/604.1" "ysfine.com"
31.124.48.17 - - [27/Sep/2022:05:06:17 -0700] "GET /kobak/taylor33c.jpg HTTP/1.1" 200 39951 "https://ysfine.com/world/brit/etonharrow.html" "Mozilla/5.0 (iPhone; CPU iPhone OS 15_6_1 like Mac OS X) AppleWebKit/605.1.15 (KHTML, like Gecko) Version/15.6.1 Mobile/15E148 Safari/604.1" "ysfine.com"
31.124.48.17 - - [27/Sep/2022:05:06:17 -0700] "GET /world/brit/harrow04b.jpg HTTP/1.1" 200 48004 "https://ysfine.com/world/brit/etonharrow.html" "Mozilla/5.0 (iPhone; CPU iPhone OS 15_6_1 like Mac OS X) AppleWebKit/605.1.15 (KHTML, like Gecko) Version/15.6.1 Mobile/15E148 Safari/604.1" "ysfine.com"
31.124.48.17 - - [27/Sep/2022:05:06:17 -0700] "GET /world/brit/harrow09b.jpg HTTP/1.1" 200 48797 "https://ysfine.com/world/brit/etonharrow.html" "Mozilla/5.0 (iPhone; CPU iPhone OS 15_6_1 like Mac OS X) AppleWebKit/605.1.15 (KHTML, like Gecko) Version/15.6.1 Mobile/15E148 Safari/604.1" "ysfine.com"
31.124.48.17 - - [27/Sep/2022:05:06:17 -0700] "GET /world/brit/windsor02b.jpg HTTP/1.1" 200 40724 "https://ysfine.com/world/brit/etonharrow.html" "Mozilla/5.0 (iPhone; CPU iPhone OS 15_6_1 like Mac OS X) AppleWebKit/605.1.15 (KHTML, like Gecko) Version/15.6.1 Mobile/15E148 Safari/604.1" "ysfine.com"
31.124.48.17 - - [27/Sep/2022:05:06:17 -0700] "GET /world/brit/harrow01b.jpg HTTP/1.1" 200 54632 "https://ysfine.com/world/brit/etonharrow.html" "Mozilla/5.0 (iPhone; CPU iPhone OS 15_6_1 like Mac OS X) AppleWebKit/605.1.15 (KHTML, like Gecko) Version/15.6.1 Mobile/15E148 Safari/604.1" "ysfine.com"
31.124.48.17 - - [27/Sep/2022:05:06:17 -0700] "GET /world/brit/harrow11b.jpg HTTP/1.1" 200 42533 "https://ysfine.com/world/brit/etonharrow.html" "Mozilla/5.0 (iPhone; CPU iPhone OS 15_6_1 like Mac OS X) AppleWebKit/605.1.15 (KHTML, like Gecko) Version/15.6.1 Mobile/15E148 Safari/604.1" "ysfine.com"
31.124.48.17 - - [27/Sep/2022:05:06:19 -0700] "GET /favicon.ico HTTP/1.1" 404 88 "https://ysfine.com/world/brit/etonharrow.html" "Mozilla/5.0 (iPhone; CPU iPhone OS 15_6_1 like Mac OS X) AppleWebKit/605.1.15 (KHTML, like Gecko) Version/15.6.1 Mobile/15E148 Safari/604.1" "ysfine.com"
207.46.13.180 - - [27/Sep/2022:05:06:24 -0700] "GET /world/tdrome.html HTTP/1.1" 200 5611 "-" "Mozilla/5.0 (compatible; bingbot/2.0; +http://www.bing.com/bingbot.htm)" "ysfine.com"
207.46.13.102 - - [27/Sep/2022:05:06:36 -0700] "GET /style/cameras/fed3.jpg HTTP/1.1" 200 106400 "-" "Mozilla/5.0 (compatible; bingbot/2.0; +http://www.bing.com/bingbot.htm)" "ysfine.com"
193.235.141.176 - - [27/Sep/2022:05:06:42 -0700] "GET / HTTP/1.1" 200 5283 "-" "Mozilla/5.0 (Windows NT 10.0; Win64; x64) AppleWebKit/537.36 (KHTML, like Gecko) Chrome/105.0.0.0 Safari/537.36" "ysfine.com"
193.235.141.176 - - [27/Sep/2022:05:06:43 -0700] "GET /favicon.ico HTTP/1.1" 404 88 "-" "Mozilla/5.0 (Windows NT 10.0; Win64; x64) AppleWebKit/537.36 (KHTML, like Gecko) Chrome/105.0.0.0 Safari/537.36" "ysfine.com"
40.77.167.61 - - [27/Sep/2022:05:07:51 -0700] "GET /feynman/feygell.html HTTP/1.1" 200 4714 "-" "Mozilla/5.0 (compatible; bingbot/2.0; +http://www.bing.com/bingbot.htm)" "ysfine.com"
207.46.13.102 - - [27/Sep/2022:05:08:05 -0700] "GET /world/scandi/copen014.jpg HTTP/1.1" 200 104737 "-" "Mozilla/5.0 AppleWebKit/537.36 (KHTML, like Gecko; compatible; bingbot/2.0; +http://www.bing.com/bingbot.htm) Chrome/103.0.5060.134 Safari/537.36" "ysfine.com"
207.46.13.180 - - [27/Sep/2022:05:08:24 -0700] "GET /kobak/underw09.jpg HTTP/1.1" 200 103708 "-" "Mozilla/5.0 (compatible; bingbot/2.0; +http://www.bing.com/bingbot.htm)" "ysfine.com"
207.46.13.180 - - [27/Sep/2022:05:08:53 -0700] "GET /world/brit/britmu.html HTTP/1.1" 304 - "-" "Mozilla/5.0 (compatible; bingbot/2.0; +http://www.bing.com/bingbot.htm)" "www.ysfine.com"
49.7.21.113 - - [27/Sep/2022:05:08:58 -0700] "GET / HTTP/1.1" 200 5283 "-" "Sogou web spider/4.0(+http://www.sogou.com/docs/help/webmasters.htm#07)" "ysfine.com"
157.55.39.128 - - [27/Sep/2022:05:09:02 -0700] "GET /world/paris.html HTTP/1.1" 200 18129 "-" "Mozilla/5.0 (compatible; bingbot/2.0; +http://www.bing.com/bingbot.htm)" "ysfine.com"
157.55.39.55 - - [27/Sep/2022:05:09:10 -0700] "GET /world/ital/padova05.jpg HTTP/1.1" 200 119136 "-" "Mozilla/5.0 (compatible; bingbot/2.0; +http://www.bing.com/bingbot.htm)" "www.ysfine.com"
81.31.99.114 - - [27/Sep/2022:05:09:43 -0700] "GET /world/cordoba.html HTTP/1.1" 200 5417 "https://r.search.yahoo.com/_ylt=AwrFGdbG5zJjVkoAq.qe3olQ;_ylu=c2VjA3NyBHNsawNpbWcEb2lkAzVhOTNhY2QzNTc2OTk1OWJmMzQ4MDY1MWRhMGRhOGNkBGdwb3MDMjEEaXQDYmluZw--/RV=2/RE=1664309319/RO=11/RU=https%3a%2f%2fysfine.com%2fworld%2fcordoba.html/RK=2/RS=l0.y6VfB97OIquK3MTPM9nswrv4-" "Mozilla/5.0 (Windows NT 10.0; Win64; x64) AppleWebKit/537.36 (KHTML, like Gecko) Chrome/105.0.0.0 Safari/537.36 Edg/105.0.1343.50" "ysfine.com"
81.31.99.114 - - [27/Sep/2022:05:09:43 -0700] "GET /world/spain/iberia11b.jpg HTTP/1.1" 200 26644 "https://ysfine.com/world/cordoba.html" "Mozilla/5.0 (Windows NT 10.0; Win64; x64) AppleWebKit/537.36 (KHTML, like Gecko) Chrome/105.0.0.0 Safari/537.36 Edg/105.0.1343.50" "ysfine.com"
81.31.99.114 - - [27/Sep/2022:05:09:43 -0700] "GET /world/spain/cairo01b.jpg HTTP/1.1" 200 40897 "https://ysfine.com/world/cordoba.html" "Mozilla/5.0 (Windows NT 10.0; Win64; x64) AppleWebKit/537.36 (KHTML, like Gecko) Chrome/105.0.0.0 Safari/537.36 Edg/105.0.1343.50" "ysfine.com"
81.31.99.114 - - [27/Sep/2022:05:09:43 -0700] "GET /world/spain/cordoc09b.jpg HTTP/1.1" 200 40644 "https://ysfine.com/world/cordoba.html" "Mozilla/5.0 (Windows NT 10.0; Win64; x64) AppleWebKit/537.36 (KHTML, like Gecko) Chrome/105.0.0.0 Safari/537.36 Edg/105.0.1343.50" "ysfine.com"
81.31.99.114 - - [27/Sep/2022:05:09:43 -0700] "GET /world/spain/cordoc03b.jpg HTTP/1.1" 200 34873 "https://ysfine.com/world/cordoba.html" "Mozilla/5.0 (Windows NT 10.0; Win64; x64) AppleWebKit/537.36 (KHTML, like Gecko) Chrome/105.0.0.0 Safari/537.36 Edg/105.0.1343.50" "ysfine.com"
81.31.99.114 - - [27/Sep/2022:05:09:43 -0700] "GET /world/spain/cordo03b.jpg HTTP/1.1" 200 43017 "https://ysfine.com/world/cordoba.html" "Mozilla/5.0 (Windows NT 10.0; Win64; x64) AppleWebKit/537.36 (KHTML, like Gecko) Chrome/105.0.0.0 Safari/537.36 Edg/105.0.1343.50" "ysfine.com"
81.31.99.114 - - [27/Sep/2022:05:09:43 -0700] "GET /world/spain/cordof05b.jpg HTTP/1.1" 200 54899 "https://ysfine.com/world/cordoba.html" "Mozilla/5.0 (Windows NT 10.0; Win64; x64) AppleWebKit/537.36 (KHTML, like Gecko) Chrome/105.0.0.0 Safari/537.36 Edg/105.0.1343.50" "ysfine.com"
81.31.99.114 - - [27/Sep/2022:05:09:43 -0700] "GET /world/spain/cordoc05b.jpg HTTP/1.1" 200 41668 "https://ysfine.com/world/cordoba.html" "Mozilla/5.0 (Windows NT 10.0; Win64; x64) AppleWebKit/537.36 (KHTML, like Gecko) Chrome/105.0.0.0 Safari/537.36 Edg/105.0.1343.50" "ysfine.com"
81.31.99.114 - - [27/Sep/2022:05:09:43 -0700] "GET /world/spain/cordoc06b.jpg HTTP/1.1" 200 28190 "https://ysfine.com/world/cordoba.html" "Mozilla/5.0 (Windows NT 10.0; Win64; x64) AppleWebKit/537.36 (KHTML, like Gecko) Chrome/105.0.0.0 Safari/537.36 Edg/105.0.1343.50" "ysfine.com"
81.31.99.114 - - [27/Sep/2022:05:09:43 -0700] "GET /dongio/turklawyer02b.jpg HTTP/1.1" 404 88 "https://ysfine.com/world/cordoba.html" "Mozilla/5.0 (Windows NT 10.0; Win64; x64) AppleWebKit/537.36 (KHTML, like Gecko) Chrome/105.0.0.0 Safari/537.36 Edg/105.0.1343.50" "ysfine.com"
81.31.99.114 - - [27/Sep/2022:05:09:43 -0700] "GET /dongio/kuwait01b.jpg HTTP/1.1" 404 88 "https://ysfine.com/world/cordoba.html" "Mozilla/5.0 (Windows NT 10.0; Win64; x64) AppleWebKit/537.36 (KHTML, like Gecko) Chrome/105.0.0.0 Safari/537.36 Edg/105.0.1343.50" "ysfine.com"
