173.73.80.118 - - [27/Sep/2022:01:18:29 -0700] "GET /ys11/ HTTP/1.1" 304 - "-" "Mozilla/5.0 (Windows NT 10.0; Win64; x64) AppleWebKit/537.36 (KHTML, like Gecko) Chrome/105.0.5195.127 Safari/537.36" "ysfine.com"
173.73.80.118 - - [27/Sep/2022:01:18:29 -0700] "GET /favicon.ico HTTP/1.1" 404 88 "https://ysfine.com/ys11/" "Mozilla/5.0 (Windows NT 10.0; Win64; x64) AppleWebKit/537.36 (KHTML, like Gecko) Chrome/105.0.5195.127 Safari/537.36" "ysfine.com"
118.184.177.50 - - [27/Sep/2022:01:19:16 -0700] "GET / HTTP/1.1" 200 5283 "-" "Sogou web spider/4.0(+http://www.sogou.com/docs/help/webmasters.htm#07)" "ysfine.com"
157.55.39.55 - - [27/Sep/2022:01:19:18 -0700] "GET /dirac/nicodem11c.jpg HTTP/1.1" 200 72684 "-" "Mozilla/5.0 (compatible; bingbot/2.0; +http://www.bing.com/bingbot.htm)" "www.ysfine.com"
157.55.39.55 - - [27/Sep/2022:01:19:19 -0700] "GET /world/ital/venice31b.jpg HTTP/1.1" 200 31258 "-" "Mozilla/5.0 (compatible; bingbot/2.0; +http://www.bing.com/bingbot.htm)" "www.ysfine.com"
114.119.128.162 - - [27/Sep/2022:01:20:10 -0700] "GET /beau/amkor/kostu05b.jpg HTTP/1.1" 404 88 "https://ysfine.com/kobak/korigh.html" "Mozilla/5.0 (Linux; Android 7.0;) AppleWebKit/537.36 (KHTML, like Gecko) Mobile Safari/537.36 (compatible; PetalBot;+https://webmaster.petalsearch.com/site/petalbot)" "ysfine.com"
157.55.39.55 - - [27/Sep/2022:01:20:58 -0700] "GET /ffriends/amkor/canstu01.jpg HTTP/1.1" 200 104589 "-" "Mozilla/5.0 (compatible; bingbot/2.0; +http://www.bing.com/bingbot.htm)" "ysfine.com"
98.215.27.53 - - [27/Sep/2022:01:21:43 -0700] "GET /maga/herod.html HTTP/1.1" 200 4341 "https://www.google.com/" "Mozilla/5.0 (X11; CrOS x86_64 14989.107.0) AppleWebKit/537.36 (KHTML, like Gecko) Chrome/105.0.0.0 Safari/537.36" "ysfine.com"
98.215.27.53 - - [27/Sep/2022:01:21:43 -0700] "GET /wigner/wigkim11c.jpg HTTP/1.1" 200 30443 "https://ysfine.com/maga/herod.html" "Mozilla/5.0 (X11; CrOS x86_64 14989.107.0) AppleWebKit/537.36 (KHTML, like Gecko) Chrome/105.0.0.0 Safari/537.36" "ysfine.com"
98.215.27.53 - - [27/Sep/2022:01:21:43 -0700] "GET /wigner/michwight11c.jpg HTTP/1.1" 200 38388 "https://ysfine.com/maga/herod.html" "Mozilla/5.0 (X11; CrOS x86_64 14989.107.0) AppleWebKit/537.36 (KHTML, like Gecko) Chrome/105.0.0.0 Safari/537.36" "ysfine.com"
98.215.27.53 - - [27/Sep/2022:01:21:43 -0700] "GET /maga/phil/herod33c.jpg HTTP/1.1" 200 45604 "https://ysfine.com/maga/herod.html" "Mozilla/5.0 (X11; CrOS x86_64 14989.107.0) AppleWebKit/537.36 (KHTML, like Gecko) Chrome/105.0.0.0 Safari/537.36" "ysfine.com"
98.215.27.53 - - [27/Sep/2022:01:21:43 -0700] "GET /wigner/michwight22c.jpg HTTP/1.1" 200 32821 "https://ysfine.com/maga/herod.html" "Mozilla/5.0 (X11; CrOS x86_64 14989.107.0) AppleWebKit/537.36 (KHTML, like Gecko) Chrome/105.0.0.0 Safari/537.36" "ysfine.com"
98.215.27.53 - - [27/Sep/2022:01:21:43 -0700] "GET /home/taylor400.jpg HTTP/1.1" 200 56181 "https://ysfine.com/maga/herod.html" "Mozilla/5.0 (X11; CrOS x86_64 14989.107.0) AppleWebKit/537.36 (KHTML, like Gecko) Chrome/105.0.0.0 Safari/537.36" "ysfine.com"
98.215.27.53 - - [27/Sep/2022:01:21:43 -0700] "GET /maga/phil/herod11c.jpg HTTP/1.1" 200 76011 "https://ysfine.com/maga/herod.html" "Mozilla/5.0 (X11; CrOS x86_64 14989.107.0) AppleWebKit/537.36 (KHTML, like Gecko) Chrome/105.0.0.0 Safari/537.36" "ysfine.com"
98.215.27.53 - - [27/Sep/2022:01:21:43 -0700] "GET /eink/ewk86f.jpg HTTP/1.1" 200 122173 "https://ysfine.com/maga/herod.html" "Mozilla/5.0 (X11; CrOS x86_64 14989.107.0) AppleWebKit/537.36 (KHTML, like Gecko) Chrome/105.0.0.0 Safari/537.36" "ysfine.com"
98.215.27.53 - - [27/Sep/2022:01:21:43 -0700] "GET /wigner/tollwig11c.jpg HTTP/1.1" 200 30497 "https://ysfine.com/maga/herod.html" "Mozilla/5.0 (X11; CrOS x86_64 14989.107.0) AppleWebKit/537.36 (KHTML, like Gecko) Chrome/105.0.0.0 Safari/537.36" "ysfine.com"
98.215.27.53 - - [27/Sep/2022:01:21:43 -0700] "GET /eink/pawkim19e.jpg HTTP/1.1" 200 85621 "https://ysfine.com/maga/herod.html" "Mozilla/5.0 (X11; CrOS x86_64 14989.107.0) AppleWebKit/537.36 (KHTML, like Gecko) Chrome/105.0.0.0 Safari/537.36" "ysfine.com"
98.215.27.53 - - [27/Sep/2022:01:21:51 -0700] "GET /favicon.ico HTTP/1.1" 404 88 "https://ysfine.com/maga/herod.html" "Mozilla/5.0 (X11; CrOS x86_64 14989.107.0) AppleWebKit/537.36 (KHTML, like Gecko) Chrome/105.0.0.0 Safari/537.36" "ysfine.com"
40.77.167.61 - - [27/Sep/2022:01:22:06 -0700] "GET /usca/pitt/scotam2.jpg HTTP/1.1" 200 46187 "-" "Mozilla/5.0 (compatible; bingbot/2.0; +http://www.bing.com/bingbot.htm)" "ysfine.com"
157.55.39.58 - - [27/Sep/2022:01:22:15 -0700] "GET /world/hungary/buda217.jpg HTTP/1.1" 200 105661 "-" "Mozilla/5.0 AppleWebKit/537.36 (KHTML, like Gecko; compatible; bingbot/2.0; +http://www.bing.com/bingbot.htm) Chrome/103.0.5060.134 Safari/537.36" "ysfine.com"
157.55.39.55 - - [27/Sep/2022:01:22:48 -0700] "GET /saram/d014.jpg HTTP/1.1" 200 80276 "-" "Mozilla/5.0 (compatible; bingbot/2.0; +http://www.bing.com/bingbot.htm)" "www.ysfine.com"
157.55.39.128 - - [27/Sep/2022:01:23:49 -0700] "GET /wigner/wigheis11b.jpg HTTP/1.1" 200 38703 "-" "Mozilla/5.0 AppleWebKit/537.36 (KHTML, like Gecko; compatible; bingbot/2.0; +http://www.bing.com/bingbot.htm) Chrome/103.0.5060.134 Safari/537.36" "www.ysfine.com"
207.46.13.180 - - [27/Sep/2022:01:24:12 -0700] "GET /maga/phil/conic01.jpg HTTP/1.1" 200 70533 "-" "Mozilla/5.0 (compatible; bingbot/2.0; +http://www.bing.com/bingbot.htm)" "www.ysfine.com"
157.55.39.128 - - [27/Sep/2022:01:24:30 -0700] "GET /wdc/sakura21.jpg HTTP/1.1" 200 128931 "-" "Mozilla/5.0 (compatible; bingbot/2.0; +http://www.bing.com/bingbot.htm)" "www.ysfine.com"
157.55.39.55 - - [27/Sep/2022:01:24:59 -0700] "GET /world/china/hongkong63b.jpg HTTP/1.1" 200 42803 "-" "Mozilla/5.0 (compatible; bingbot/2.0; +http://www.bing.com/bingbot.htm)" "ysfine.com"
157.55.39.55 - - [27/Sep/2022:01:26:10 -0700] "GET /style/rieu01.jpg HTTP/1.1" 200 163272 "-" "Mozilla/5.0 (compatible; bingbot/2.0; +http://www.bing.com/bingbot.htm)" "ysfine.com"
157.55.39.55 - - [27/Sep/2022:01:26:40 -0700] "GET /style/kievopera66.jpg HTTP/1.1" 200 96773 "-" "Mozilla/5.0 (compatible; bingbot/2.0; +http://www.bing.com/bingbot.htm)" "www.ysfine.com"
40.77.167.61 - - [27/Sep/2022:01:27:15 -0700] "GET /home/top21c.jpg HTTP/1.1" 200 53120 "-" "Mozilla/5.0 (compatible; bingbot/2.0; +http://www.bing.com/bingbot.htm)" "ysfine.com"
207.46.13.102 - - [27/Sep/2022:01:27:24 -0700] "GET /einstein/dff33b.jpg HTTP/1.1" 200 22692 "-" "Mozilla/5.0 (compatible; bingbot/2.0; +http://www.bing.com/bingbot.htm)" "www.ysfine.com"
157.55.39.58 - - [27/Sep/2022:01:28:08 -0700] "GET /princeton/bdinner.jpg HTTP/1.1" 200 97933 "-" "Mozilla/5.0 (compatible; bingbot/2.0; +http://www.bing.com/bingbot.htm)" "ysfine.com"
51.222.253.4 - - [27/Sep/2022:01:28:22 -0700] "GET /maga/maxedin.html HTTP/1.1" 200 6756 "-" "Mozilla/5.0 (compatible; AhrefsBot/7.0; +http://ahrefs.com/robot/)" "www.ysfine.com"
157.55.39.58 - - [27/Sep/2022:01:29:26 -0700] "GET /feynman/fstat72.jpg HTTP/1.1" 200 66306 "-" "Mozilla/5.0 AppleWebKit/537.36 (KHTML, like Gecko; compatible; bingbot/2.0; +http://www.bing.com/bingbot.htm) Chrome/103.0.5060.134 Safari/537.36" "ysfine.com"
66.249.66.43 - - [27/Sep/2022:01:30:56 -0700] "GET /world/brit/cam06.jpg HTTP/1.1" 304 - "-" "Googlebot-Image/1.0" "ysfine.com"
114.119.128.158 - - [27/Sep/2022:01:31:25 -0700] "GET /class54/class5470/total_data/photo_img/8-92.jpg HTTP/1.1" 200 217575 "https://ysfine.com/class54/class5470/total_data/sub_892.htm" "Mozilla/5.0 (Linux; Android 7.0;) AppleWebKit/537.36 (KHTML, like Gecko) Mobile Safari/537.36 (compatible; PetalBot;+https://webmaster.petalsearch.com/site/petalbot)" "ysfine.com"
36.162.185.66 - - [27/Sep/2022:01:31:49 -0700] "GET /style/digilit.html HTTP/1.1" 200 8470 "https://m.baidu.com/" "Mozilla/5.0 (iPhone; CPU iPhone OS 15_6_1 like Mac OS X) AppleWebKit/605.1.15 (KHTML, like Gecko) Mobile/15E148 SP-engine/2.55.0 main%2F1.0 baiduboxapp/13.17.0.10 (Baidu; P2 15.6.1) NABar/1.0 themeUA=Theme/default" "ysfine.com"
207.46.13.102 - - [27/Sep/2022:01:34:45 -0700] "GET /world/russ/volga14.jpg HTTP/1.1" 200 68975 "-" "Mozilla/5.0 (compatible; bingbot/2.0; +http://www.bing.com/bingbot.htm)" "www.ysfine.com"
157.55.39.58 - - [27/Sep/2022:01:35:47 -0700] "GET /world/germany/trier17c.jpg HTTP/1.1" 200 37933 "-" "Mozilla/5.0 (compatible; bingbot/2.0; +http://www.bing.com/bingbot.htm)" "www.ysfine.com"
40.77.167.61 - - [27/Sep/2022:01:36:27 -0700] "GET /people/yuen95.jpg HTTP/1.1" 200 68053 "-" "Mozilla/5.0 AppleWebKit/537.36 (KHTML, like Gecko; compatible; bingbot/2.0; +http://www.bing.com/bingbot.htm) Chrome/103.0.5060.134 Safari/537.36" "ysfine.com"
157.55.39.58 - - [27/Sep/2022:01:36:48 -0700] "GET /world/france/pariso06.jpg HTTP/1.1" 200 107944 "-" "Mozilla/5.0 (compatible; bingbot/2.0; +http://www.bing.com/bingbot.htm)" "ysfine.com"
157.55.39.128 - - [27/Sep/2022:01:37:11 -0700] "GET /world/ital/venice55.jpg HTTP/1.1" 200 185678 "-" "Mozilla/5.0 (compatible; bingbot/2.0; +http://www.bing.com/bingbot.htm)" "ysfine.com"
207.46.13.180 - - [27/Sep/2022:01:37:24 -0700] "GET /world/latina/cancun04.jpg HTTP/1.1" 200 154466 "-" "Mozilla/5.0 (compatible; bingbot/2.0; +http://www.bing.com/bingbot.htm)" "ysfine.com"
17.121.112.162 - - [27/Sep/2022:01:38:32 -0700] "GET /einstein/einst06.html HTTP/1.1" 200 1773 "-" "Mozilla/5.0 (Macintosh; Intel Mac OS X 10_15_5) AppleWebKit/605.1.15 (KHTML, like Gecko) Version/13.1.1 Safari/605.1.15 (Applebot/0.1; +http://www.apple.com/go/applebot)" "ysfine.com"
66.249.66.43 - - [27/Sep/2022:01:38:43 -0700] "GET /maga/boltz/boltz11.jpg HTTP/1.1" 304 - "-" "Googlebot-Image/1.0" "ysfine.com"
185.7.151.53 - - [27/Sep/2022:01:38:48 -0700] "GET /world/brit/eton01.jpg HTTP/1.1" 200 126845 "https://www.google.com/" "Mozilla/5.0 (Macintosh; Intel Mac OS X 10_15_6) AppleWebKit/605.1.15 (KHTML, like Gecko) Version/14.0.3 Safari/605.1.15" "ysfine.com"
157.55.39.58 - - [27/Sep/2022:01:40:49 -0700] "GET /world/russ/volga22.jpg HTTP/1.1" 200 209570 "-" "Mozilla/5.0 AppleWebKit/537.36 (KHTML, like Gecko; compatible; bingbot/2.0; +http://www.bing.com/bingbot.htm) Chrome/103.0.5060.134 Safari/537.36" "www.ysfine.com"
114.119.128.154 - - [27/Sep/2022:01:41:59 -0700] "GET /maga/phil/sisfa12/frame49.html HTTP/1.1" 200 320 "https://www.ysfine.com/maga/phil/sisfa12/frame48.html" "Mozilla/5.0 (Linux; Android 7.0;) AppleWebKit/537.36 (KHTML, like Gecko) Mobile Safari/537.36 (compatible; PetalBot;+https://webmaster.petalsearch.com/site/petalbot)" "www.ysfine.com"
157.55.39.128 - - [27/Sep/2022:01:42:00 -0700] "GET /home/comet30.jpg HTTP/1.1" 200 134009 "-" "Mozilla/5.0 (compatible; bingbot/2.0; +http://www.bing.com/bingbot.htm)" "ysfine.com"
157.55.39.128 - - [27/Sep/2022:01:42:11 -0700] "GET /world/france/montpar17.jpg HTTP/1.1" 200 127987 "-" "Mozilla/5.0 AppleWebKit/537.36 (KHTML, like Gecko; compatible; bingbot/2.0; +http://www.bing.com/bingbot.htm) Chrome/103.0.5060.134 Safari/537.36" "ysfine.com"
207.46.13.180 - - [27/Sep/2022:01:42:13 -0700] "GET /dirac/dirpoems.html HTTP/1.1" 200 5773 "-" "Mozilla/5.0 (compatible; bingbot/2.0; +http://www.bing.com/bingbot.htm)" "www.ysfine.com"
207.46.13.180 - - [27/Sep/2022:01:42:14 -0700] "GET /home/100yrs.html HTTP/1.1" 200 7936 "-" "Mozilla/5.0 AppleWebKit/537.36 (KHTML, like Gecko; compatible; bingbot/2.0; +http://www.bing.com/bingbot.htm) Chrome/103.0.5060.134 Safari/537.36" "www.ysfine.com"
157.55.39.58 - - [27/Sep/2022:01:42:19 -0700] "GET /kobak/soraech.html HTTP/1.1" 200 16670 "-" "Mozilla/5.0 (compatible; bingbot/2.0; +http://www.bing.com/bingbot.htm)" "www.ysfine.com"
157.55.39.58 - - [27/Sep/2022:01:42:19 -0700] "GET /maga/boltzmann.html HTTP/1.1" 200 6052 "-" "Mozilla/5.0 (compatible; bingbot/2.0; +http://www.bing.com/bingbot.htm)" "www.ysfine.com"
157.55.39.128 - - [27/Sep/2022:01:42:22 -0700] "GET /maga/poincare.html HTTP/1.1" 200 7726 "-" "Mozilla/5.0 (compatible; bingbot/2.0; +http://www.bing.com/bingbot.htm)" "www.ysfine.com"
157.55.39.55 - - [27/Sep/2022:01:42:24 -0700] "GET /world/polandk.html HTTP/1.1" 200 5993 "-" "Mozilla/5.0 (compatible; bingbot/2.0; +http://www.bing.com/bingbot.htm)" "www.ysfine.com"
207.46.13.102 - - [27/Sep/2022:01:42:28 -0700] "GET /world/berlin.html HTTP/1.1" 200 16173 "-" "Mozilla/5.0 (compatible; bingbot/2.0; +http://www.bing.com/bingbot.htm)" "www.ysfine.com"
40.77.167.61 - - [27/Sep/2022:01:42:28 -0700] "GET /houses/myhouse.html HTTP/1.1" 200 1473 "-" "Mozilla/5.0 (compatible; bingbot/2.0; +http://www.bing.com/bingbot.htm)" "www.ysfine.com"
157.55.39.128 - - [27/Sep/2022:01:42:34 -0700] "GET /wigner/wigpoinc.html HTTP/1.1" 200 6586 "-" "Mozilla/5.0 AppleWebKit/537.36 (KHTML, like Gecko; compatible; bingbot/2.0; +http://www.bing.com/bingbot.htm) Chrome/103.0.5060.134 Safari/537.36" "www.ysfine.com"
157.55.39.128 - - [27/Sep/2022:01:42:34 -0700] "GET /world/minsk.html HTTP/1.1" 200 7116 "-" "Mozilla/5.0 AppleWebKit/537.36 (KHTML, like Gecko; compatible; bingbot/2.0; +http://www.bing.com/bingbot.htm) Chrome/103.0.5060.134 Safari/537.36" "www.ysfine.com"
157.55.39.128 - - [27/Sep/2022:01:42:34 -0700] "GET /dirac/dirfeyn.html HTTP/1.1" 200 6341 "-" "Mozilla/5.0 (compatible; bingbot/2.0; +http://www.bing.com/bingbot.htm)" "www.ysfine.com"
40.77.167.61 - - [27/Sep/2022:01:42:38 -0700] "GET /kobak/harbin11.jpg HTTP/1.1" 200 65618 "-" "Mozilla/5.0 (compatible; bingbot/2.0; +http://www.bing.com/bingbot.htm)" "www.ysfine.com"
40.77.167.61 - - [27/Sep/2022:01:42:38 -0700] "GET /einstein/further.html HTTP/1.1" 200 4338 "-" "Mozilla/5.0 (compatible; bingbot/2.0; +http://www.bing.com/bingbot.htm)" "www.ysfine.com"
40.77.167.61 - - [27/Sep/2022:01:42:38 -0700] "GET /einstein/maxein.html HTTP/1.1" 200 2651 "-" "Mozilla/5.0 (compatible; bingbot/2.0; +http://www.bing.com/bingbot.htm)" "www.ysfine.com"
123.125.109.45 - - [27/Sep/2022:01:43:15 -0700] "GET / HTTP/1.1" 200 5283 "-" "Sogou web spider/4.0(+http://www.sogou.com/docs/help/webmasters.htm#07)" "www.ysfine.com"
157.55.39.58 - - [27/Sep/2022:01:43:28 -0700] "GET /princeton/rheepr02.jpg HTTP/1.1" 200 69808 "-" "Mozilla/5.0 (compatible; bingbot/2.0; +http://www.bing.com/bingbot.htm)" "ysfine.com"
66.249.66.44 - - [27/Sep/2022:01:43:31 -0700] "GET /world/brit/firew04.jpg HTTP/1.1" 200 39835 "-" "Googlebot-Image/1.0" "ysfine.com"
185.191.171.20 - - [27/Sep/2022:01:44:21 -0700] "GET /robots.txt HTTP/1.1" 404 88 "-" "Mozilla/5.0 (compatible; SemrushBot/7~bl; +http://www.semrush.com/bot.html)" "ysfine.com"
185.191.171.10 - - [27/Sep/2022:01:44:22 -0700] "GET /eink/ HTTP/1.1" 200 17659 "-" "Mozilla/5.0 (compatible; SemrushBot/7~bl; +http://www.semrush.com/bot.html)" "ysfine.com"
51.222.253.11 - - [27/Sep/2022:01:44:24 -0700] "GET /home/bio99.html HTTP/1.1" 200 4178 "-" "Mozilla/5.0 (compatible; AhrefsBot/7.0; +http://ahrefs.com/robot/)" "ysfine.com"
40.77.167.61 - - [27/Sep/2022:01:45:27 -0700] "GET /style/mieko22b.jpg HTTP/1.1" 200 41674 "-" "Mozilla/5.0 (compatible; bingbot/2.0; +http://www.bing.com/bingbot.htm)" "ysfine.com"
157.55.39.55 - - [27/Sep/2022:01:45:40 -0700] "GET /world/china/china039b.jpg HTTP/1.1" 200 66740 "-" "Mozilla/5.0 (compatible; bingbot/2.0; +http://www.bing.com/bingbot.htm)" "ysfine.com"
205.210.31.154 - - [27/Sep/2022:01:45:43 -0700] "GET / HTTP/1.1" 200 15910 "-" "Expanse, a Palo Alto Networks company, searches across the global IPv4 space multiple times per day to identify customers&#39; presences on the Internet. If you would like to be excluded from our scans, please send IP addresses/domains to: scaninfo@paloaltonetworks.com" "www.ysfine.com"
207.46.13.180 - - [27/Sep/2022:01:45:54 -0700] "GET /world/balkan/ath109.jpg HTTP/1.1" 200 116839 "-" "Mozilla/5.0 (compatible; bingbot/2.0; +http://www.bing.com/bingbot.htm)" "ysfine.com"
157.55.39.128 - - [27/Sep/2022:01:46:31 -0700] "GET /feynman/gfchew11.jpg HTTP/1.1" 200 25694 "-" "Mozilla/5.0 (compatible; bingbot/2.0; +http://www.bing.com/bingbot.htm)" "ysfine.com"
66.249.66.43 - - [27/Sep/2022:01:47:55 -0700] "GET /world/ital/padova05.jpg HTTP/1.1" 304 - "-" "Googlebot-Image/1.0" "ysfine.com"
157.55.39.55 - - [27/Sep/2022:01:48:20 -0700] "GET /maga/phil/marxlon07.jpg HTTP/1.1" 200 130821 "-" "Mozilla/5.0 (compatible; bingbot/2.0; +http://www.bing.com/bingbot.htm)" "www.ysfine.com"
185.191.171.35 - - [27/Sep/2022:01:50:40 -0700] "GET /robots.txt HTTP/1.1" 404 88 "-" "Mozilla/5.0 (compatible; SemrushBot/7~bl; +http://www.semrush.com/bot.html)" "www.ysfine.com"
185.191.171.10 - - [27/Sep/2022:01:50:42 -0700] "GET /world/season.html HTTP/1.1" 200 23901 "-" "Mozilla/5.0 (compatible; SemrushBot/7~bl; +http://www.semrush.com/bot.html)" "www.ysfine.com"
95.163.255.81 - - [27/Sep/2022:01:52:03 -0700] "GET /robots.txt HTTP/1.1" 404 73 "-" "Mozilla/5.0 (compatible; Linux x86_64; Mail.RU_Bot/Img/2.0; +https://help.mail.ru/webmaster/indexing/robots)" "www.ysfine.com"
93.158.161.40 - - [27/Sep/2022:01:52:10 -0700] "GET /robots.txt HTTP/1.1" 404 73 "-" "Mozilla/5.0 (compatible; YandexBot/3.0; +http://yandex.com/bots)" "ysfine.com"
93.158.161.40 - - [27/Sep/2022:01:52:13 -0700] "GET /world/scandi/sto037b.jpg HTTP/1.1" 200 32753 "-" "Mozilla/5.0 (compatible; YandexImages/3.0; +http://yandex.com/bots)" "ysfine.com"
95.163.255.100 - - [27/Sep/2022:01:52:49 -0700] "GET /maga/yukawa.html HTTP/1.1" 200 5658 "http://go.mail.ru/search_images" "Mozilla/5.0 (compatible; Linux x86_64; Mail.RU_Bot/Img/2.0; +https://help.mail.ru/webmaster/indexing/robots)" "www.ysfine.com"
157.55.39.128 - - [27/Sep/2022:01:53:32 -0700] "GET /world/brit/harrod01.jpg HTTP/1.1" 200 97877 "-" "Mozilla/5.0 (compatible; bingbot/2.0; +http://www.bing.com/bingbot.htm)" "ysfine.com"
157.55.39.128 - - [27/Sep/2022:01:53:32 -0700] "GET /feynman/jf2.jpg HTTP/1.1" 200 10558 "-" "Mozilla/5.0 (compatible; bingbot/2.0; +http://www.bing.com/bingbot.htm)" "ysfine.com"
157.55.39.128 - - [27/Sep/2022:01:53:43 -0700] "GET /usca/pitt/ysk54.jpg HTTP/1.1" 200 296806 "-" "Mozilla/5.0 (compatible; bingbot/2.0; +http://www.bing.com/bingbot.htm)" "www.ysfine.com"
157.55.39.128 - - [27/Sep/2022:01:54:33 -0700] "GET /usca/pitt/cmall04a.jpg HTTP/1.1" 200 77666 "-" "Mozilla/5.0 (compatible; bingbot/2.0; +http://www.bing.com/bingbot.htm)" "www.ysfine.com"
157.55.39.128 - - [27/Sep/2022:01:55:12 -0700] "GET /maga/phys/coperni103b.jpg HTTP/1.1" 200 609419 "-" "Mozilla/5.0 (compatible; bingbot/2.0; +http://www.bing.com/bingbot.htm)" "ysfine.com"
157.55.39.55 - - [27/Sep/2022:01:56:41 -0700] "GET /maga/phil/marxlon02.jpg HTTP/1.1" 200 167564 "-" "Mozilla/5.0 (compatible; bingbot/2.0; +http://www.bing.com/bingbot.htm)" "ysfine.com"
40.77.167.61 - - [27/Sep/2022:01:57:49 -0700] "GET /world/russ/minsk016.jpg HTTP/1.1" 200 84472 "-" "Mozilla/5.0 (compatible; bingbot/2.0; +http://www.bing.com/bingbot.htm)" "www.ysfine.com"
174.242.72.83 - - [27/Sep/2022:01:58:21 -0700] "GET /world/latina/rio025d.jpg HTTP/1.1" 200 92413 "https://www.google.com/" "Mozilla/5.0 (iPhone; CPU iPhone OS 15_5 like Mac OS X) AppleWebKit/605.1.15 (KHTML, like Gecko) Version/15.5 Mobile/15E148 Safari/604.1" "ysfine.com"
114.119.128.162 - - [27/Sep/2022:01:58:53 -0700] "GET /einstein/einkim.html HTTP/1.1" 200 3731 "https://www.ysfine.com/einstein/einnobel.html" "Mozilla/5.0 (Linux; Android 7.0;) AppleWebKit/537.36 (KHTML, like Gecko) Mobile Safari/537.36 (compatible; PetalBot;+https://webmaster.petalsearch.com/site/petalbot)" "www.ysfine.com"
157.55.39.128 - - [27/Sep/2022:01:59:22 -0700] "GET /people/mshkim.jpg HTTP/1.1" 200 77915 "-" "Mozilla/5.0 (compatible; bingbot/2.0; +http://www.bing.com/bingbot.htm)" "ysfine.com"
51.222.253.7 - - [27/Sep/2022:01:59:23 -0700] "GET /remote/wigner111/frame09.html HTTP/1.1" 200 766 "-" "Mozilla/5.0 (compatible; AhrefsBot/7.0; +http://ahrefs.com/robot/)" "www.ysfine.com"
157.55.39.58 - - [27/Sep/2022:01:59:49 -0700] "GET /world/ital/bologsw12.jpg HTTP/1.1" 200 117477 "-" "Mozilla/5.0 (compatible; bingbot/2.0; +http://www.bing.com/bingbot.htm)" "ysfine.com"
157.55.39.55 - - [27/Sep/2022:02:01:54 -0700] "GET /world/russ/kazan010.jpg HTTP/1.1" 200 73800 "-" "Mozilla/5.0 (compatible; bingbot/2.0; +http://www.bing.com/bingbot.htm)" "www.ysfine.com"
40.77.167.61 - - [27/Sep/2022:02:02:19 -0700] "GET /einstein/einstori01.jpg HTTP/1.1" 200 40741 "-" "Mozilla/5.0 (compatible; bingbot/2.0; +http://www.bing.com/bingbot.htm)" "www.ysfine.com"
37.143.211.193 - - [27/Sep/2022:02:02:44 -0700] "GET /world/russ/spbf35.jpg HTTP/1.1" 200 145404 "https://ysfine.com/" "Mozilla/5.0 (Windows NT 10.0; Win64; x64) AppleWebKit/537.36 (KHTML, like Gecko) Chrome/100.0.4896.127 Safari/537.36" "ysfine.com"
78.111.113.10 - - [27/Sep/2022:02:03:53 -0700] "GET /wigner/neum/ymath.jpg HTTP/1.1" 200 64930 "https://www.google.com/" "Mozilla/5.0 (Windows NT 10.0; Win64; x64) AppleWebKit/537.36 (KHTML, like Gecko) Chrome/105.0.0.0 Safari/537.36" "ysfine.com"
78.111.113.10 - - [27/Sep/2022:02:04:02 -0700] "GET /wigner/neum/ymath.jpg HTTP/1.1" 200 64930 "-" "Mozilla/4.0 (compatible; MSIE 7.0; Windows NT 10.0; WOW64; Trident/7.0; .NET4.0C; .NET4.0E; .NET CLR 2.0.50727; .NET CLR 3.0.30729; .NET CLR 3.5.30729; InfoPath.3; ms-office; MSOffice 15)" "ysfine.com"
40.77.167.61 - - [27/Sep/2022:02:04:29 -0700] "GET /world/poland/jablo62b.jpg HTTP/1.1" 200 33975 "-" "Mozilla/5.0 (compatible; bingbot/2.0; +http://www.bing.com/bingbot.htm)" "ysfine.com"
66.249.66.44 - - [27/Sep/2022:02:06:07 -0700] "GET /maga/invent/warren11b.jpg HTTP/1.1" 200 34679 "-" "Googlebot-Image/1.0" "ysfine.com"
157.55.39.128 - - [27/Sep/2022:02:07:12 -0700] "GET /feynman/restof33c.jpg HTTP/1.1" 200 29707 "-" "Mozilla/5.0 (compatible; bingbot/2.0; +http://www.bing.com/bingbot.htm)" "ysfine.com"
66.249.66.40 - - [27/Sep/2022:02:07:43 -0700] "GET /princeton/westmin33.jpg HTTP/1.1" 304 - "-" "Googlebot-Image/1.0" "ysfine.com"
114.119.128.14 - - [27/Sep/2022:02:07:46 -0700] "GET /einstein/maric11c.jpg HTTP/1.1" 200 27741 "https://www.ysfine.com/einstein/einwo.html" "Mozilla/5.0 (Linux; Android 7.0;) AppleWebKit/537.36 (KHTML, like Gecko) Mobile Safari/537.36 (compatible; PetalBot;+https://webmaster.petalsearch.com/site/petalbot)" "www.ysfine.com"
40.77.167.61 - - [27/Sep/2022:02:08:09 -0700] "GET /sbk/2019nyc17.jpg HTTP/1.1" 200 302196 "-" "Mozilla/5.0 (compatible; bingbot/2.0; +http://www.bing.com/bingbot.htm)" "www.ysfine.com"
66.249.66.40 - - [27/Sep/2022:02:08:25 -0700] "GET /world/germany/leipzig10.jpg HTTP/1.1" 304 - "-" "Googlebot-Image/1.0" "ysfine.com"
157.55.39.128 - - [27/Sep/2022:02:08:43 -0700] "GET /people/whee88.jpg HTTP/1.1" 200 82902 "-" "Mozilla/5.0 (compatible; bingbot/2.0; +http://www.bing.com/bingbot.htm)" "ysfine.com"
210.5.174.142 - - [27/Sep/2022:02:10:28 -0700] "GET /world/brit/etonharrow.html HTTP/1.1" 200 4546 "https://www.google.com/" "Mozilla/5.0 (Macintosh; Intel Mac OS X 10_15_7) AppleWebKit/537.36 (KHTML, like Gecko) Chrome/103.0.0.0 Safari/537.36" "ysfine.com"
210.5.174.142 - - [27/Sep/2022:02:10:28 -0700] "GET /world/brit/eton09.jpg HTTP/1.1" 200 102035 "https://www.google.com/" "Mozilla/5.0 (Macintosh; Intel Mac OS X 10_15_7) AppleWebKit/537.36 (KHTML, like Gecko) Chrome/103.0.0.0 Safari/537.36" "ysfine.com"
207.46.13.102 - - [27/Sep/2022:02:10:39 -0700] "GET /world/russ/gum24.jpg HTTP/1.1" 200 149949 "-" "Mozilla/5.0 (compatible; bingbot/2.0; +http://www.bing.com/bingbot.htm)" "ysfine.com"
95.163.255.61 - - [27/Sep/2022:02:11:02 -0700] "GET /robots.txt HTTP/1.1" 404 73 "-" "Mozilla/5.0 (compatible; Linux x86_64; Mail.RU_Bot/Img/2.0; +https://help.mail.ru/webmaster/indexing/robots)" "ysfine.com"
114.119.128.154 - - [27/Sep/2022:02:12:20 -0700] "GET /archives/proceedings/boston/bartle.html HTTP/1.1" 200 529 "https://ysfine.com/archives/proceedings/boston/papers.html" "Mozilla/5.0 (Linux; Android 7.0;) AppleWebKit/537.36 (KHTML, like Gecko) Mobile Safari/537.36 (compatible; PetalBot;+https://webmaster.petalsearch.com/site/petalbot)" "ysfine.com"
40.77.167.95 - - [27/Sep/2022:02:13:01 -0700] "GET /robots.txt HTTP/1.1" 404 88 "-" "Mozilla/5.0 AppleWebKit/537.36 (KHTML, like Gecko; compatible; bingbot/2.0; +http://www.bing.com/bingbot.htm) Chrome/103.0.5060.134 Safari/537.36" "ysfine.com"
40.77.167.61 - - [27/Sep/2022:02:14:31 -0700] "GET /world/russ/kremtheater22.jpg HTTP/1.1" 200 99155 "-" "Mozilla/5.0 (compatible; bingbot/2.0; +http://www.bing.com/bingbot.htm)" "ysfine.com"
95.163.255.110 - - [27/Sep/2022:02:14:50 -0700] "GET /maga/phys/coperni105.jpg HTTP/1.1" 304 - "http://go.mail.ru/search_images" "Mozilla/5.0 (compatible; Linux x86_64; Mail.RU_Bot/Img/2.0; +https://help.mail.ru/webmaster/indexing/robots)" "ysfine.com"
114.119.128.142 - - [27/Sep/2022:02:14:59 -0700] "GET /world/ital/tuscany.html HTTP/1.1" 200 455 "https://ysfine.com/maga/galileo.html" "Mozilla/5.0 (Linux; Android 7.0;) AppleWebKit/537.36 (KHTML, like Gecko) Mobile Safari/537.36 (compatible; PetalBot;+https://webmaster.petalsearch.com/site/petalbot)" "ysfine.com"
207.46.13.180 - - [27/Sep/2022:02:15:07 -0700] "GET /style/hamako33b.jpg HTTP/1.1" 200 44854 "-" "Mozilla/5.0 (compatible; bingbot/2.0; +http://www.bing.com/bingbot.htm)" "www.ysfine.com"
40.77.167.61 - - [27/Sep/2022:02:15:12 -0700] "GET /world/germany/leipzig51.jpg HTTP/1.1" 200 274994 "-" "Mozilla/5.0 (compatible; bingbot/2.0; +http://www.bing.com/bingbot.htm)" "www.ysfine.com"
51.222.253.15 - - [27/Sep/2022:02:15:37 -0700] "GET /ys11/index.html HTTP/1.1" 200 3375 "-" "Mozilla/5.0 (compatible; AhrefsBot/7.0; +http://ahrefs.com/robot/)" "www.ysfine.com"
40.77.167.61 - - [27/Sep/2022:02:16:01 -0700] "GET /world/ital/panth11.jpg HTTP/1.1" 200 118055 "-" "Mozilla/5.0 (compatible; bingbot/2.0; +http://www.bing.com/bingbot.htm)" "www.ysfine.com"
40.77.167.61 - - [27/Sep/2022:02:16:41 -0700] "GET /world/russ/kazan033.jpg HTTP/1.1" 200 109620 "-" "Mozilla/5.0 (compatible; bingbot/2.0; +http://www.bing.com/bingbot.htm)" "www.ysfine.com"
207.46.13.180 - - [27/Sep/2022:02:17:47 -0700] "GET /style/nga11b.jpg HTTP/1.1" 200 48194 "-" "Mozilla/5.0 (compatible; bingbot/2.0; +http://www.bing.com/bingbot.htm)" "ysfine.com"
95.163.255.110 - - [27/Sep/2022:02:17:51 -0700] "GET /maga/invent/popov03.jpg HTTP/1.1" 200 85311 "http://go.mail.ru/search_images" "Mozilla/5.0 (compatible; Linux x86_64; Mail.RU_Bot/Img/2.0; +https://help.mail.ru/webmaster/indexing/robots)" "ysfine.com"
66.249.66.44 - - [27/Sep/2022:02:18:41 -0700] "GET /kobak/samsung11c.jpg HTTP/1.1" 200 34928 "-" "Googlebot-Image/1.0" "ysfine.com"
54.236.1.11 - - [27/Sep/2022:02:20:02 -0700] "GET /robots.txt HTTP/1.1" 404 88 "-" "Mozilla/5.0 (compatible; Pinterestbot/1.0; +http://www.pinterest.com/bot.html)" "ysfine.com"
54.236.1.11 - - [27/Sep/2022:02:20:02 -0700] "GET /world/scandi/sto001.jpg HTTP/1.1" 200 111684 "-" "Mozilla/5.0 (compatible; Pinterestbot/1.0; +http://www.pinterest.com/bot.html)" "ysfine.com"
157.55.39.55 - - [27/Sep/2022:02:20:14 -0700] "GET /usca/pitt/syriamos11.jpg HTTP/1.1" 200 219957 "-" "Mozilla/5.0 AppleWebKit/537.36 (KHTML, like Gecko; compatible; bingbot/2.0; +http://www.bing.com/bingbot.htm) Chrome/103.0.5060.134 Safari/537.36" "ysfine.com"
157.55.39.58 - - [27/Sep/2022:02:22:12 -0700] "GET /einstein/fantova/fanto11c.jpg HTTP/1.1" 200 48308 "-" "Mozilla/5.0 (compatible; bingbot/2.0; +http://www.bing.com/bingbot.htm)" "ysfine.com"
40.77.167.61 - - [27/Sep/2022:02:22:31 -0700] "GET /dongio/amkor/kostu02.jpg HTTP/1.1" 404 88 "-" "Mozilla/5.0 (compatible; bingbot/2.0; +http://www.bing.com/bingbot.htm)" "ysfine.com"
40.77.167.61 - - [27/Sep/2022:02:24:31 -0700] "GET /world/poland/wierzynek4.jpg HTTP/1.1" 200 103492 "-" "Mozilla/5.0 AppleWebKit/537.36 (KHTML, like Gecko; compatible; bingbot/2.0; +http://www.bing.com/bingbot.htm) Chrome/103.0.5060.134 Safari/537.36" "ysfine.com"
185.191.171.33 - - [27/Sep/2022:02:25:51 -0700] "GET /einstein/einkant.html HTTP/1.1" 200 1812 "-" "Mozilla/5.0 (compatible; SemrushBot/7~bl; +http://www.semrush.com/bot.html)" "ysfine.com"
157.55.39.58 - - [27/Sep/2022:02:27:02 -0700] "GET /style/music/nurem01.jpg HTTP/1.1" 200 85326 "-" "Mozilla/5.0 (compatible; bingbot/2.0; +http://www.bing.com/bingbot.htm)" "ysfine.com"
44.203.11.113 - - [27/Sep/2022:02:27:43 -0700] "GET / HTTP/1.1" 200 5283 "-" "Mozilla/5.0 (compatible; Newslitbot/0.1; +https://www.newslit.co)" "ysfine.com"
34.205.85.214 - - [27/Sep/2022:02:27:52 -0700] "GET /robots.txt HTTP/1.1" 404 88 "-" "Apache-HttpClient/4.5.3 (Java/1.8.0_292)" "ysfine.com"
86.157.109.205 - - [27/Sep/2022:02:28:17 -0700] "GET /wigner/neupol01.jpg HTTP/1.1" 200 48137 "https://www.google.com/" "Mozilla/5.0 (Windows NT 10.0; Win64; x64; rv:105.0) Gecko/20100101 Firefox/105.0" "ysfine.com"
93.158.161.48 - - [27/Sep/2022:02:28:40 -0700] "GET /robots.txt HTTP/1.1" 404 73 "-" "Mozilla/5.0 (compatible; YandexBot/3.0; +http://yandex.com/bots)" "www.ysfine.com"
77.88.5.126 - - [27/Sep/2022:02:28:43 -0700] "GET /yspapers/iopbook15.pdf HTTP/1.1" 200 2962673 "-" "Mozilla/5.0 (compatible; YandexBot/3.0; +http://yandex.com/bots)" "www.ysfine.com"
194.152.46.206 - - [27/Sep/2022:02:28:55 -0700] "GET /world/china/xian04.jpg HTTP/1.1" 200 82865 "https://www.google.com/" "Mozilla/5.0 (Windows NT 10.0; Win64; x64; rv:105.0) Gecko/20100101 Firefox/105.0" "ysfine.com"
40.77.167.61 - - [27/Sep/2022:02:29:02 -0700] "GET /wdc/sakura02.jpg HTTP/1.1" 200 135045 "-" "Mozilla/5.0 (compatible; bingbot/2.0; +http://www.bing.com/bingbot.htm)" "www.ysfine.com"
77.88.5.46 - - [27/Sep/2022:02:30:44 -0700] "GET /world/scandi/sto037b.jpg HTTP/1.1" 200 32753 "-" "Mozilla/5.0 (compatible; YandexImages/3.0; +http://yandex.com/bots)" "ysfine.com"
112.168.152.142 - - [27/Sep/2022:02:30:46 -0700] "GET /maga/phys/landau35b.jpg HTTP/1.1" 200 26143 "https://www.google.com/" "Mozilla/5.0 (Linux; Android 9; SM-N950N Build/PPR1.180610.011; wv) AppleWebKit/537.36 (KHTML, like Gecko) Version/4.0 Chrome/105.0.5195.136 Mobile Safari/537.36 GSA/13.37.10.26.arm64" "ysfine.com"
40.77.167.61 - - [27/Sep/2022:02:31:01 -0700] "GET /wdc/w69kor02.jpg HTTP/1.1" 200 111866 "-" "Mozilla/5.0 AppleWebKit/537.36 (KHTML, like Gecko; compatible; bingbot/2.0; +http://www.bing.com/bingbot.htm) Chrome/103.0.5060.134 Safari/537.36" "www.ysfine.com"
157.55.39.55 - - [27/Sep/2022:02:31:05 -0700] "GET /style/musee/pradom06.jpg HTTP/1.1" 200 252665 "-" "Mozilla/5.0 (compatible; bingbot/2.0; +http://www.bing.com/bingbot.htm)" "ysfine.com"
207.46.13.102 - - [27/Sep/2022:02:32:02 -0700] "GET /maga/phys/yukadirac53b.jpg HTTP/1.1" 200 46220 "-" "Mozilla/5.0 (compatible; bingbot/2.0; +http://www.bing.com/bingbot.htm)" "ysfine.com"
207.46.13.180 - - [27/Sep/2022:02:32:08 -0700] "GET /world/scandi/sto028.jpg HTTP/1.1" 200 72632 "-" "Mozilla/5.0 AppleWebKit/537.36 (KHTML, like Gecko; compatible; bingbot/2.0; +http://www.bing.com/bingbot.htm) Chrome/103.0.5060.134 Safari/537.36" "ysfine.com"
156.59.237.150 - - [27/Sep/2022:02:32:18 -0700] "GET /feynman/feybongo.jpg HTTP/1.1" 200 47448 "-" "Mozilla/5.0 (X11; Ubuntu; Linux x86_64; rv:72.0) Gecko/20100101 Firefox/72.0" "ysfine.com"
157.55.39.58 - - [27/Sep/2022:02:33:04 -0700] "GET /wdc/reagan33.jpg HTTP/1.1" 200 69130 "-" "Mozilla/5.0 (compatible; bingbot/2.0; +http://www.bing.com/bingbot.htm)" "ysfine.com"
216.244.66.229 - - [27/Sep/2022:02:33:56 -0700] "GET /robots.txt HTTP/1.1" 404 73 "-" "Mozilla/5.0 (compatible; DotBot/1.2; +https://opensiteexplorer.org/dotbot; help@moz.com)" "www.ysfine.com"
69.194.143.140 - - [27/Sep/2022:02:34:03 -0700] "GET /ads.txt HTTP/1.1" 404 88 "-" "Mozilla/5.0 (Macintosh; Intel Mac OS X 10_15_1) AppleWebKit/537.36 (KHTML, like Gecko) Chrome/84.0.4103.61 Safari/537.37" "ysfine.com"
69.194.143.140 - - [27/Sep/2022:02:34:04 -0700] "GET /ads.txt HTTP/1.1" 404 88 "-" "Mozilla/5.0 (Macintosh; Intel Mac OS X 10_15_1) AppleWebKit/537.36 (KHTML, like Gecko) Chrome/84.0.4103.61 Safari/537.37" "ysfine.com"
207.46.13.102 - - [27/Sep/2022:02:34:50 -0700] "GET /wdc/waskor021.jpg HTTP/1.1" 200 97358 "-" "Mozilla/5.0 AppleWebKit/537.36 (KHTML, like Gecko; compatible; bingbot/2.0; +http://www.bing.com/bingbot.htm) Chrome/103.0.5060.134 Safari/537.36" "ysfine.com"
207.46.13.102 - - [27/Sep/2022:02:34:51 -0700] "GET /maga/phil/tao06c.jpg HTTP/1.1" 200 59786 "-" "Mozilla/5.0 (compatible; bingbot/2.0; +http://www.bing.com/bingbot.htm)" "ysfine.com"
207.46.13.102 - - [27/Sep/2022:02:35:01 -0700] "GET /wigner/wigkim11b.jpg HTTP/1.1" 200 38616 "-" "Mozilla/5.0 (compatible; bingbot/2.0; +http://www.bing.com/bingbot.htm)" "www.ysfine.com"
157.55.39.58 - - [27/Sep/2022:02:35:33 -0700] "GET /world/china/shanghai076.jpg HTTP/1.1" 200 124922 "-" "Mozilla/5.0 (compatible; bingbot/2.0; +http://www.bing.com/bingbot.htm)" "ysfine.com"
157.55.39.128 - - [27/Sep/2022:02:37:07 -0700] "GET /houses/house10.jpg HTTP/1.1" 200 76259 "-" "Mozilla/5.0 (compatible; bingbot/2.0; +http://www.bing.com/bingbot.htm)" "www.ysfine.com"
103.41.172.5 - - [27/Sep/2022:02:37:35 -0700] "GET /maga/phys/yukafeyn2.jpg HTTP/1.1" 200 36709 "https://www.google.com/" "Mozilla/5.0 (Windows NT 6.1; Win64; x64) AppleWebKit/537.36 (KHTML, like Gecko) Chrome/105.0.0.0 Safari/537.36" "ysfine.com"
103.41.172.5 - - [27/Sep/2022:02:37:36 -0700] "GET /maga/yukawa.html HTTP/1.1" 200 5658 "https://www.google.com/" "Mozilla/5.0 (Windows NT 6.1; Win64; x64) AppleWebKit/537.36 (KHTML, like Gecko) Chrome/105.0.0.0 Safari/537.36" "ysfine.com"
157.55.39.55 - - [27/Sep/2022:02:37:37 -0700] "GET /wdc/whxmas16.jpg HTTP/1.1" 200 78322 "-" "Mozilla/5.0 (compatible; bingbot/2.0; +http://www.bing.com/bingbot.htm)" "ysfine.com"
103.41.172.5 - - [27/Sep/2022:02:37:38 -0700] "GET /people/markov84b.jpg HTTP/1.1" 200 44106 "https://ysfine.com/maga/yukawa.html" "Mozilla/5.0 (Windows NT 6.1; Win64; x64) AppleWebKit/537.36 (KHTML, like Gecko) Chrome/105.0.0.0 Safari/537.36" "ysfine.com"
103.41.172.5 - - [27/Sep/2022:02:37:38 -0700] "GET /maga/phys/yukafeyn2.jpg HTTP/1.1" 200 36709 "https://ysfine.com/maga/yukawa.html" "Mozilla/5.0 (Windows NT 6.1; Win64; x64) AppleWebKit/537.36 (KHTML, like Gecko) Chrome/105.0.0.0 Safari/537.36" "ysfine.com"
103.41.172.5 - - [27/Sep/2022:02:37:38 -0700] "GET /maga/phys/yukafeyn3.jpg HTTP/1.1" 200 41879 "https://ysfine.com/maga/yukawa.html" "Mozilla/5.0 (Windows NT 6.1; Win64; x64) AppleWebKit/537.36 (KHTML, like Gecko) Chrome/105.0.0.0 Safari/537.36" "ysfine.com"
103.41.172.5 - - [27/Sep/2022:02:37:38 -0700] "GET /maga/phys/yukadirac55b.jpg HTTP/1.1" 200 41758 "https://ysfine.com/maga/yukawa.html" "Mozilla/5.0 (Windows NT 6.1; Win64; x64) AppleWebKit/537.36 (KHTML, like Gecko) Chrome/105.0.0.0 Safari/537.36" "ysfine.com"
103.41.172.5 - - [27/Sep/2022:02:37:38 -0700] "GET /maga/phys/yukaein2.jpg HTTP/1.1" 200 42863 "https://ysfine.com/maga/yukawa.html" "Mozilla/5.0 (Windows NT 6.1; Win64; x64) AppleWebKit/537.36 (KHTML, like Gecko) Chrome/105.0.0.0 Safari/537.36" "ysfine.com"
103.41.172.5 - - [27/Sep/2022:02:37:38 -0700] "GET /maga/phys/yukawa00b.jpg HTTP/1.1" 200 36980 "https://ysfine.com/maga/yukawa.html" "Mozilla/5.0 (Windows NT 6.1; Win64; x64) AppleWebKit/537.36 (KHTML, like Gecko) Chrome/105.0.0.0 Safari/537.36" "ysfine.com"
103.41.172.5 - - [27/Sep/2022:02:37:38 -0700] "GET /maga/phys/yukadirac53b.jpg HTTP/1.1" 200 46220 "https://ysfine.com/maga/yukawa.html" "Mozilla/5.0 (Windows NT 6.1; Win64; x64) AppleWebKit/537.36 (KHTML, like Gecko) Chrome/105.0.0.0 Safari/537.36" "ysfine.com"
103.41.172.5 - - [27/Sep/2022:02:37:39 -0700] "GET /favicon.ico HTTP/1.1" 404 88 "https://ysfine.com/maga/yukawa.html" "Mozilla/5.0 (Windows NT 6.1; Win64; x64) AppleWebKit/537.36 (KHTML, like Gecko) Chrome/105.0.0.0 Safari/537.36" "ysfine.com"
81.156.86.75 - - [27/Sep/2022:02:37:45 -0700] "GET /feynman/restof.html HTTP/1.1" 200 4709 "https://www.google.co.uk/" "Mozilla/5.0 (Macintosh; Intel Mac OS X 10_15_6) AppleWebKit/605.1.15 (KHTML, like Gecko) Version/15.6,2 Safari/605.1.15" "ysfine.com"
81.156.86.75 - - [27/Sep/2022:02:37:46 -0700] "GET /feynman/fstat72b.jpg HTTP/1.1" 200 33863 "https://ysfine.com/feynman/restof.html" "Mozilla/5.0 (Macintosh; Intel Mac OS X 10_15_6) AppleWebKit/605.1.15 (KHTML, like Gecko) Version/15.6,2 Safari/605.1.15" "ysfine.com"
81.156.86.75 - - [27/Sep/2022:02:37:46 -0700] "GET /feynman/ptoday89b.jpg HTTP/1.1" 200 46537 "https://ysfine.com/feynman/restof.html" "Mozilla/5.0 (Macintosh; Intel Mac OS X 10_15_6) AppleWebKit/605.1.15 (KHTML, like Gecko) Version/15.6,2 Safari/605.1.15" "ysfine.com"
81.156.86.75 - - [27/Sep/2022:02:37:46 -0700] "GET /feynman/restof05b.jpg HTTP/1.1" 200 20819 "https://ysfine.com/feynman/restof.html" "Mozilla/5.0 (Macintosh; Intel Mac OS X 10_15_6) AppleWebKit/605.1.15 (KHTML, like Gecko) Version/15.6,2 Safari/605.1.15" "ysfine.com"
81.156.86.75 - - [27/Sep/2022:02:37:46 -0700] "GET /dirac/2osc22b.jpg HTTP/1.1" 200 47666 "https://ysfine.com/feynman/restof.html" "Mozilla/5.0 (Macintosh; Intel Mac OS X 10_15_6) AppleWebKit/605.1.15 (KHTML, like Gecko) Version/15.6,2 Safari/605.1.15" "ysfine.com"
81.156.86.75 - - [27/Sep/2022:02:37:46 -0700] "GET /einstein/einbohr11b.jpg HTTP/1.1" 200 37538 "https://ysfine.com/feynman/restof.html" "Mozilla/5.0 (Macintosh; Intel Mac OS X 10_15_6) AppleWebKit/605.1.15 (KHTML, like Gecko) Version/15.6,2 Safari/605.1.15" "ysfine.com"
81.156.86.75 - - [27/Sep/2022:02:37:46 -0700] "GET /feynman/restof51a.jpg HTTP/1.1" 200 33080 "https://ysfine.com/feynman/restof.html" "Mozilla/5.0 (Macintosh; Intel Mac OS X 10_15_6) AppleWebKit/605.1.15 (KHTML, like Gecko) Version/15.6,2 Safari/605.1.15" "ysfine.com"
81.156.86.75 - - [27/Sep/2022:02:37:46 -0700] "GET /feynman/restof11a.jpg HTTP/1.1" 200 51846 "https://ysfine.com/feynman/restof.html" "Mozilla/5.0 (Macintosh; Intel Mac OS X 10_15_6) AppleWebKit/605.1.15 (KHTML, like Gecko) Version/15.6,2 Safari/605.1.15" "ysfine.com"
81.156.86.75 - - [27/Sep/2022:02:37:46 -0700] "GET /feynman/restof52a.jpg HTTP/1.1" 200 34318 "https://ysfine.com/feynman/restof.html" "Mozilla/5.0 (Macintosh; Intel Mac OS X 10_15_6) AppleWebKit/605.1.15 (KHTML, like Gecko) Version/15.6,2 Safari/605.1.15" "ysfine.com"
81.156.86.75 - - [27/Sep/2022:02:37:46 -0700] "GET /feynman/tsepa11b.jpg HTTP/1.1" 200 26869 "https://ysfine.com/feynman/restof.html" "Mozilla/5.0 (Macintosh; Intel Mac OS X 10_15_6) AppleWebKit/605.1.15 (KHTML, like Gecko) Version/15.6,2 Safari/605.1.15" "ysfine.com"
81.156.86.75 - - [27/Sep/2022:02:37:46 -0700] "GET /feynman/feyn70b.jpg HTTP/1.1" 200 17231 "https://ysfine.com/feynman/restof.html" "Mozilla/5.0 (Macintosh; Intel Mac OS X 10_15_6) AppleWebKit/605.1.15 (KHTML, like Gecko) Version/15.6,2 Safari/605.1.15" "ysfine.com"
81.156.86.75 - - [27/Sep/2022:02:37:46 -0700] "GET /feynman/feygell66b.jpg HTTP/1.1" 200 28843 "https://ysfine.com/feynman/restof.html" "Mozilla/5.0 (Macintosh; Intel Mac OS X 10_15_6) AppleWebKit/605.1.15 (KHTML, like Gecko) Version/15.6,2 Safari/605.1.15" "ysfine.com"
81.156.86.75 - - [27/Sep/2022:02:37:46 -0700] "GET /feynman/canlo11a.jpg HTTP/1.1" 200 35567 "https://ysfine.com/feynman/restof.html" "Mozilla/5.0 (Macintosh; Intel Mac OS X 10_15_6) AppleWebKit/605.1.15 (KHTML, like Gecko) Version/15.6,2 Safari/605.1.15" "ysfine.com"
81.156.86.75 - - [27/Sep/2022:02:37:48 -0700] "GET /favicon.ico HTTP/1.1" 404 88 "https://ysfine.com/feynman/restof.html" "Mozilla/5.0 (Macintosh; Intel Mac OS X 10_15_6) AppleWebKit/605.1.15 (KHTML, like Gecko) Version/15.6,2 Safari/605.1.15" "ysfine.com"
157.55.39.128 - - [27/Sep/2022:02:38:46 -0700] "GET /sbk/2012rome11.jpg HTTP/1.1" 200 132228 "-" "Mozilla/5.0 AppleWebKit/537.36 (KHTML, like Gecko; compatible; bingbot/2.0; +http://www.bing.com/bingbot.htm) Chrome/103.0.5060.134 Safari/537.36" "www.ysfine.com"
207.46.13.102 - - [27/Sep/2022:02:39:01 -0700] "GET /usca/pitt/cyclo2.jpg HTTP/1.1" 200 37426 "-" "Mozilla/5.0 AppleWebKit/537.36 (KHTML, like Gecko; compatible; bingbot/2.0; +http://www.bing.com/bingbot.htm) Chrome/103.0.5060.134 Safari/537.36" "ysfine.com"
157.55.39.128 - - [27/Sep/2022:02:39:06 -0700] "GET /world/russ/czar10b.jpg HTTP/1.1" 200 39178 "-" "Mozilla/5.0 (compatible; bingbot/2.0; +http://www.bing.com/bingbot.htm)" "ysfine.com"
157.55.39.128 - - [27/Sep/2022:02:40:47 -0700] "GET /maga/phys/schrod41.jpg HTTP/1.1" 200 77004 "-" "Mozilla/5.0 (compatible; bingbot/2.0; +http://www.bing.com/bingbot.htm)" "ysfine.com"
207.46.13.102 - - [27/Sep/2022:02:40:51 -0700] "GET /world/russ/dubna.html HTTP/1.1" 200 1205 "-" "Mozilla/5.0 (compatible; bingbot/2.0; +http://www.bing.com/bingbot.htm)" "ysfine.com"
40.77.167.61 - - [27/Sep/2022:02:40:56 -0700] "GET /world/wdleft.html HTTP/1.1" 200 610 "-" "Mozilla/5.0 (compatible; bingbot/2.0; +http://www.bing.com/bingbot.htm)" "ysfine.com"
207.46.13.180 - - [27/Sep/2022:02:40:52 -0700] "GET /world/russ/?C=M;O=A HTTP/1.1" 200 17106 "-" "Mozilla/5.0 (compatible; bingbot/2.0; +http://www.bing.com/bingbot.htm)" "ysfine.com"
207.46.13.180 - - [27/Sep/2022:02:40:59 -0700] "GET /home/easy.html HTTP/1.1" 200 7877 "-" "Mozilla/5.0 (compatible; bingbot/2.0; +http://www.bing.com/bingbot.htm)" "ysfine.com"
103.228.44.87 - - [27/Sep/2022:02:40:59 -0700] "GET /maga/histo/oscar33.jpg HTTP/1.1" 200 140181 "https://www.google.com/" "Mozilla/5.0 (Windows NT 10.0; Win64; x64) AppleWebKit/537.36 (KHTML, like Gecko) Chrome/105.0.0.0 Safari/537.36" "ysfine.com"
207.46.13.102 - - [27/Sep/2022:02:41:01 -0700] "GET /world/russ/dubnaf.html HTTP/1.1" 200 1239 "-" "Mozilla/5.0 (compatible; bingbot/2.0; +http://www.bing.com/bingbot.htm)" "ysfine.com"
83.84.228.149 - - [27/Sep/2022:02:41:19 -0700] "GET /world/russ/redsq01.jpg HTTP/1.1" 200 68420 "https://www.google.com/" "Mozilla/5.0 (Windows NT 10.0; Win64; x64) AppleWebKit/537.36 (KHTML, like Gecko) Chrome/105.0.0.0 Safari/537.36" "ysfine.com"
40.77.167.61 - - [27/Sep/2022:02:41:24 -0700] "GET /world/germany/tumap22a.jpg HTTP/1.1" 200 601035 "-" "Mozilla/5.0 (compatible; bingbot/2.0; +http://www.bing.com/bingbot.htm)" "www.ysfine.com"
207.46.13.180 - - [27/Sep/2022:02:43:19 -0700] "GET /dongio/aline/lufthan01.jpg HTTP/1.1" 404 88 "-" "Mozilla/5.0 (compatible; bingbot/2.0; +http://www.bing.com/bingbot.htm)" "ysfine.com"
1.186.160.18 - - [27/Sep/2022:02:44:10 -0700] "GET /jobs/koreaj.html HTTP/1.1" 200 10214 "https://www.google.com/" "Mozilla/5.0 (Windows NT 10.0; Win64; x64) AppleWebKit/537.36 (KHTML, like Gecko) Chrome/105.0.0.0 Safari/537.36" "ysfine.com"
1.186.160.18 - - [27/Sep/2022:02:44:11 -0700] "GET /jobs/koreaj11b.jpg HTTP/1.1" 200 67543 "https://ysfine.com/jobs/koreaj.html" "Mozilla/5.0 (Windows NT 10.0; Win64; x64) AppleWebKit/537.36 (KHTML, like Gecko) Chrome/105.0.0.0 Safari/537.36" "ysfine.com"
1.186.160.18 - - [27/Sep/2022:02:44:12 -0700] "GET /favicon.ico HTTP/1.1" 404 88 "https://ysfine.com/jobs/koreaj.html" "Mozilla/5.0 (Windows NT 10.0; Win64; x64) AppleWebKit/537.36 (KHTML, like Gecko) Chrome/105.0.0.0 Safari/537.36" "ysfine.com"
207.46.13.102 - - [27/Sep/2022:02:44:31 -0700] "GET /einstein/dff55.jpg HTTP/1.1" 200 8856 "-" "Mozilla/5.0 (compatible; bingbot/2.0; +http://www.bing.com/bingbot.htm)" "www.ysfine.com"
157.55.39.55 - - [27/Sep/2022:02:45:08 -0700] "GET /world/germany/tubw30.jpg HTTP/1.1" 200 86070 "-" "Mozilla/5.0 AppleWebKit/537.36 (KHTML, like Gecko; compatible; bingbot/2.0; +http://www.bing.com/bingbot.htm) Chrome/103.0.5060.134 Safari/537.36" "www.ysfine.com"
207.46.13.180 - - [27/Sep/2022:02:45:09 -0700] "GET /style/songs.html HTTP/1.1" 200 31567 "-" "Mozilla/5.0 (compatible; bingbot/2.0; +http://www.bing.com/bingbot.htm)" "ysfine.com"
40.77.167.61 - - [27/Sep/2022:02:45:14 -0700] "GET /world/kazan.html HTTP/1.1" 200 13929 "-" "Mozilla/5.0 AppleWebKit/537.36 (KHTML, like Gecko; compatible; bingbot/2.0; +http://www.bing.com/bingbot.htm) Chrome/103.0.5060.134 Safari/537.36" "ysfine.com"
17.121.114.149 - - [27/Sep/2022:02:45:48 -0700] "GET /einstein/hidden.html HTTP/1.1" 200 4821 "-" "Mozilla/5.0 (Macintosh; Intel Mac OS X 10_15_5) AppleWebKit/605.1.15 (KHTML, like Gecko) Version/13.1.1 Safari/605.1.15 (Applebot/0.1; +http://www.apple.com/go/applebot)" "ysfine.com"
40.77.167.61 - - [27/Sep/2022:02:46:04 -0700] "GET /einstein/heisen33.jpg HTTP/1.1" 200 501915 "-" "Mozilla/5.0 (compatible; bingbot/2.0; +http://www.bing.com/bingbot.htm)" "www.ysfine.com"
40.77.167.61 - - [27/Sep/2022:02:46:23 -0700] "GET /kowar/tanks/sherman50.jpg HTTP/1.1" 200 69232 "-" "Mozilla/5.0 (compatible; bingbot/2.0; +http://www.bing.com/bingbot.htm)" "ysfine.com"
157.40.201.72 - - [27/Sep/2022:02:47:06 -0700] "GET /dirac/dirheisen31b.jpg HTTP/1.1" 200 39248 "https://www.google.com/" "Mozilla/5.0 (Linux; Android 9; Redmi 8A Dual Build/PKQ1.190319.001; wv) AppleWebKit/537.36 (KHTML, like Gecko) Version/4.0 Chrome/105.0.5195.136 Mobile Safari/537.36 GoogleApp/13.34.12.26.arm" "ysfine.com"
77.75.78.164 - - [27/Sep/2022:02:47:25 -0700] "GET /robots.txt HTTP/1.1" 404 88 "-" "Mozilla/5.0 (compatible; SeznamBot/3.2; +http://napoveda.seznam.cz/en/seznambot-intro/)" "ysfine.com"
77.75.78.164 - - [27/Sep/2022:02:47:26 -0700] "GET /ffriends/vilnius08.jpg HTTP/1.1" 304 - "-" "Mozilla/5.0 (compatible; SeznamBot/3.2; +http://napoveda.seznam.cz/en/seznambot-intro/)" "ysfine.com"
77.75.78.164 - - [27/Sep/2022:02:47:27 -0700] "GET /ffriends/london01.jpg HTTP/1.1" 304 - "-" "Mozilla/5.0 (compatible; SeznamBot/3.2; +http://napoveda.seznam.cz/en/seznambot-intro/)" "ysfine.com"
77.75.78.164 - - [27/Sep/2022:02:47:28 -0700] "GET /awards/truck20.jpg HTTP/1.1" 304 - "-" "Mozilla/5.0 (compatible; SeznamBot/3.2; +http://napoveda.seznam.cz/en/seznambot-intro/)" "ysfine.com"
77.75.78.164 - - [27/Sep/2022:02:47:28 -0700] "GET /eink/bieden02.jpg HTTP/1.1" 304 - "-" "Mozilla/5.0 (compatible; SeznamBot/3.2; +http://napoveda.seznam.cz/en/seznambot-intro/)" "ysfine.com"
157.40.201.72 - - [27/Sep/2022:02:47:30 -0700] "GET /dirac/dirheisen30.jpg HTTP/1.1" 200 141929 "https://www.google.com/" "Mozilla/5.0 (Linux; Android 9; Redmi 8A Dual Build/PKQ1.190319.001; wv) AppleWebKit/537.36 (KHTML, like Gecko) Version/4.0 Chrome/105.0.5195.136 Mobile Safari/537.36 GoogleApp/13.34.12.26.arm" "ysfine.com"
157.55.39.58 - - [27/Sep/2022:02:47:54 -0700] "GET /world/germany/schonbr03b.jpg HTTP/1.1" 200 46623 "-" "Mozilla/5.0 (compatible; bingbot/2.0; +http://www.bing.com/bingbot.htm)" "ysfine.com"
207.46.13.180 - - [27/Sep/2022:02:48:09 -0700] "GET /world/russ/minksf32.pdf HTTP/1.1" 200 171090 "-" "Mozilla/5.0 (compatible; bingbot/2.0; +http://www.bing.com/bingbot.htm)" "ysfine.com"
17.121.113.138 - - [27/Sep/2022:02:49:37 -0700] "GET /einstein/maxein.html HTTP/1.1" 200 2651 "-" "Mozilla/5.0 (Macintosh; Intel Mac OS X 10_15_5) AppleWebKit/605.1.15 (KHTML, like Gecko) Version/13.1.1 Safari/605.1.15 (Applebot/0.1; +http://www.apple.com/go/applebot)" "ysfine.com"
69.194.143.140 - - [27/Sep/2022:02:49:44 -0700] "GET /ads.txt HTTP/1.1" 404 88 "-" "Mozilla/5.0 (Macintosh; Intel Mac OS X 10_15_1) AppleWebKit/537.36 (KHTML, like Gecko) Chrome/84.0.4103.61 Safari/537.37" "ysfine.com"
69.194.143.140 - - [27/Sep/2022:02:49:44 -0700] "GET /ads.txt HTTP/1.1" 404 88 "-" "Mozilla/5.0 (Macintosh; Intel Mac OS X 10_15_1) AppleWebKit/537.36 (KHTML, like Gecko) Chrome/84.0.4103.61 Safari/537.37" "ysfine.com"
207.46.13.102 - - [27/Sep/2022:02:49:53 -0700] "GET /world/france/sartsq13.jpg HTTP/1.1" 200 84576 "-" "Mozilla/5.0 (compatible; bingbot/2.0; +http://www.bing.com/bingbot.htm)" "ysfine.com"
157.55.39.58 - - [27/Sep/2022:02:50:05 -0700] "GET /world/brit/cam12.jpg HTTP/1.1" 200 130855 "-" "Mozilla/5.0 AppleWebKit/537.36 (KHTML, like Gecko; compatible; bingbot/2.0; +http://www.bing.com/bingbot.htm) Chrome/103.0.5060.134 Safari/537.36" "ysfine.com"
157.55.39.58 - - [27/Sep/2022:02:50:45 -0700] "GET /world/poland/polstu06.jpg HTTP/1.1" 200 57353 "-" "Mozilla/5.0 (compatible; bingbot/2.0; +http://www.bing.com/bingbot.htm)" "www.ysfine.com"
157.55.39.58 - - [27/Sep/2022:02:51:16 -0700] "GET /world/poland/polstu26b.jpg HTTP/1.1" 200 38912 "-" "Mozilla/5.0 (compatible; bingbot/2.0; +http://www.bing.com/bingbot.htm)" "ysfine.com"
207.46.13.102 - - [27/Sep/2022:02:51:52 -0700] "GET /kobak/eisenhower22b.jpg HTTP/1.1" 200 43010 "-" "Mozilla/5.0 (compatible; bingbot/2.0; +http://www.bing.com/bingbot.htm)" "ysfine.com"
40.77.167.61 - - [27/Sep/2022:02:53:25 -0700] "GET /kobak/underw02b.jpg HTTP/1.1" 200 30874 "-" "Mozilla/5.0 (compatible; bingbot/2.0; +http://www.bing.com/bingbot.htm)" "ysfine.com"
157.55.39.55 - - [27/Sep/2022:02:53:29 -0700] "GET /ffriends/gerome02.jpg HTTP/1.1" 200 96087 "-" "Mozilla/5.0 (compatible; bingbot/2.0; +http://www.bing.com/bingbot.htm)" "ysfine.com"
51.222.253.5 - - [27/Sep/2022:02:54:14 -0700] "GET / HTTP/1.1" 200 5283 "-" "Mozilla/5.0 (compatible; AhrefsBot/7.0; +http://ahrefs.com/robot/)" "ysfine.com"
40.77.167.61 - - [27/Sep/2022:02:54:45 -0700] "GET /world/france/frstu01.jpg HTTP/1.1" 200 69816 "-" "Mozilla/5.0 AppleWebKit/537.36 (KHTML, like Gecko; compatible; bingbot/2.0; +http://www.bing.com/bingbot.htm) Chrome/103.0.5060.134 Safari/537.36" "ysfine.com"
77.75.79.31 - - [27/Sep/2022:02:55:39 -0700] "GET /feynman/fthtop.html HTTP/1.1" 304 - "-" "Mozilla/5.0 (compatible; SeznamBot/4.0-RC1; +http://napoveda.seznam.cz/seznambot-intro/)" "ysfine.com"
176.72.1.10 - - [27/Sep/2022:02:57:05 -0700] "GET /maga/phil/hegplanck01.jpg HTTP/1.1" 200 310114 "https://www.google.com/" "Mozilla/5.0 (Linux; Android 12; LE2123) AppleWebKit/537.36 (KHTML, like Gecko) Chrome/105.0.0.0 Mobile Safari/537.36" "ysfine.com"
36.37.206.156 - - [27/Sep/2022:02:57:59 -0700] "GET /dirac/dirac63.jpg HTTP/1.1" 200 83306 "https://www.google.com/" "Mozilla/5.0 (Linux; Android 10; SM-G975U1) AppleWebKit/537.36 (KHTML, like Gecko) Chrome/105.0.0.0 Mobile Safari/537.36" "ysfine.com"
36.37.206.156 - - [27/Sep/2022:02:58:03 -0700] "GET /dirac/wigsis11.jpg HTTP/1.1" 200 71741 "https://www.google.com/" "Mozilla/5.0 (Linux; Android 10; SM-G975U1) AppleWebKit/537.36 (KHTML, like Gecko) Chrome/105.0.0.0 Mobile Safari/537.36" "ysfine.com"
36.37.206.156 - - [27/Sep/2022:02:58:16 -0700] "GET /dirac/dirwig33.jpg HTTP/1.1" 200 49208 "https://www.google.com/" "Mozilla/5.0 (Linux; Android 10; SM-G975U1) AppleWebKit/537.36 (KHTML, like Gecko) Chrome/105.0.0.0 Mobile Safari/537.36" "ysfine.com"
