107.77.228.176 - - [26/Sep/2022:22:44:57 -0700] "GET /feynman/fthbot.html HTTP/1.1" 200 691 "https://ysfine.com/feynman/fthesis.html" "Mozilla/5.0 (iPhone; CPU iPhone OS 15_6_1 like Mac OS X) AppleWebKit/605.1.15 (KHTML, like Gecko) Version/15.6.1 Mobile/15E148 Safari/604.1" "ysfine.com"
107.77.228.176 - - [26/Sep/2022:22:44:57 -0700] "GET /feynman/feyprince.jpg HTTP/1.1" 200 62002 "https://ysfine.com/feynman/fthbot.html" "Mozilla/5.0 (iPhone; CPU iPhone OS 15_6_1 like Mac OS X) AppleWebKit/605.1.15 (KHTML, like Gecko) Version/15.6.1 Mobile/15E148 Safari/604.1" "ysfine.com"
107.77.228.176 - - [26/Sep/2022:22:44:59 -0700] "GET /favicon.ico HTTP/1.1" 404 88 "https://ysfine.com/feynman/fthesis.html" "Mozilla/5.0 (iPhone; CPU iPhone OS 15_6_1 like Mac OS X) AppleWebKit/605.1.15 (KHTML, like Gecko) Version/15.6.1 Mobile/15E148 Safari/604.1" "ysfine.com"
107.77.228.176 - - [26/Sep/2022:22:45:16 -0700] "GET /feynman/page11.jpg HTTP/1.1" 200 39160 "https://ysfine.com/feynman/fthtop.html" "Mozilla/5.0 (iPhone; CPU iPhone OS 15_6_1 like Mac OS X) AppleWebKit/605.1.15 (KHTML, like Gecko) Version/15.6.1 Mobile/15E148 Safari/604.1" "ysfine.com"
17.121.112.27 - - [26/Sep/2022:22:45:22 -0700] "GET /home/index.html HTTP/1.1" 200 142 "-" "Mozilla/5.0 (Macintosh; Intel Mac OS X 10_15_5) AppleWebKit/605.1.15 (KHTML, like Gecko) Version/13.1.1 Safari/605.1.15 (Applebot/0.1; +http://www.apple.com/go/applebot)" "ysfine.com"
107.77.228.176 - - [26/Sep/2022:22:45:23 -0700] "GET /feynman/page22.jpg HTTP/1.1" 200 111640 "https://ysfine.com/feynman/fthtop.html" "Mozilla/5.0 (iPhone; CPU iPhone OS 15_6_1 like Mac OS X) AppleWebKit/605.1.15 (KHTML, like Gecko) Version/15.6.1 Mobile/15E148 Safari/604.1" "ysfine.com"
51.222.253.17 - - [26/Sep/2022:22:45:34 -0700] "GET /class54/class5470/total_data/sub_622.htm HTTP/1.1" 200 3215 "-" "Mozilla/5.0 (compatible; AhrefsBot/7.0; +http://ahrefs.com/robot/)" "www.ysfine.com"
207.46.13.180 - - [26/Sep/2022:22:46:06 -0700] "GET /style/venus01.jpg HTTP/1.1" 200 96403 "-" "Mozilla/5.0 (compatible; bingbot/2.0; +http://www.bing.com/bingbot.htm)" "ysfine.com"
173.252.83.5 - - [26/Sep/2022:22:46:15 -0700] "GET /robots.txt HTTP/1.1" 404 88 "-" "facebookexternalhit/1.1 (+http://www.facebook.com/externalhit_uatext.php)" "ysfine.com"
185.191.171.6 - - [26/Sep/2022:22:46:50 -0700] "GET /world/stuttgart.html HTTP/1.1" 200 4926 "-" "Mozilla/5.0 (compatible; SemrushBot/7~bl; +http://www.semrush.com/bot.html)" "ysfine.com"
46.197.28.66 - - [26/Sep/2022:22:47:03 -0700] "GET /maga/phys/solvayc27c.jpg HTTP/1.1" 200 53464 "https://www.google.com/" "Mozilla/5.0 (Windows NT 10.0; Win64; x64) AppleWebKit/537.36 (KHTML, like Gecko) Chrome/105.0.0.0 Safari/537.36" "ysfine.com"
77.88.5.43 - - [26/Sep/2022:22:47:04 -0700] "GET /maga/three.html HTTP/1.1" 200 7358 "-" "Mozilla/5.0 (compatible; YandexBot/3.0; +http://yandex.com/bots)" "www.ysfine.com"
173.252.83.19 - - [26/Sep/2022:22:47:11 -0700] "GET /yspapers/isomor77a.jpg HTTP/1.1" 200 52449 "-" "facebookexternalhit/1.1 (+http://www.facebook.com/externalhit_uatext.php)" "ysfine.com"
207.46.13.102 - - [26/Sep/2022:22:47:20 -0700] "GET /sbk/1987brooke11.jpg HTTP/1.1" 200 257411 "-" "Mozilla/5.0 (compatible; bingbot/2.0; +http://www.bing.com/bingbot.htm)" "www.ysfine.com"
107.77.228.176 - - [26/Sep/2022:22:47:39 -0700] "GET /feynman/page33.jpg HTTP/1.1" 200 101570 "https://ysfine.com/feynman/fthtop.html" "Mozilla/5.0 (iPhone; CPU iPhone OS 15_6_1 like Mac OS X) AppleWebKit/605.1.15 (KHTML, like Gecko) Version/15.6.1 Mobile/15E148 Safari/604.1" "ysfine.com"
157.55.39.128 - - [26/Sep/2022:22:47:44 -0700] "GET /maga/invent/deforest33c.jpg HTTP/1.1" 200 47300 "-" "Mozilla/5.0 (compatible; bingbot/2.0; +http://www.bing.com/bingbot.htm)" "ysfine.com"
207.46.13.102 - - [26/Sep/2022:22:47:50 -0700] "GET /wdc/treasury11.jpg HTTP/1.1" 200 233840 "-" "Mozilla/5.0 AppleWebKit/537.36 (KHTML, like Gecko; compatible; bingbot/2.0; +http://www.bing.com/bingbot.htm) Chrome/103.0.5060.134 Safari/537.36" "www.ysfine.com"
157.55.39.128 - - [26/Sep/2022:22:47:54 -0700] "GET /einstein/places/einmu17b.jpg HTTP/1.1" 200 33255 "-" "Mozilla/5.0 AppleWebKit/537.36 (KHTML, like Gecko; compatible; bingbot/2.0; +http://www.bing.com/bingbot.htm) Chrome/103.0.5060.134 Safari/537.36" "ysfine.com"
107.77.228.176 - - [26/Sep/2022:22:48:06 -0700] "GET /feynman/page44.jpg HTTP/1.1" 200 106223 "https://ysfine.com/feynman/fthtop.html" "Mozilla/5.0 (iPhone; CPU iPhone OS 15_6_1 like Mac OS X) AppleWebKit/605.1.15 (KHTML, like Gecko) Version/15.6.1 Mobile/15E148 Safari/604.1" "ysfine.com"
207.46.13.180 - - [26/Sep/2022:22:48:16 -0700] "GET /yspapers/o33.pdf HTTP/1.1" 304 - "-" "Mozilla/5.0 (compatible; bingbot/2.0; +http://www.bing.com/bingbot.htm)" "www.ysfine.com"
107.77.228.176 - - [26/Sep/2022:22:48:18 -0700] "GET /feynman/page11.jpg HTTP/1.1" 200 39160 "https://ysfine.com/feynman/fthtop.html" "Mozilla/5.0 (iPhone; CPU iPhone OS 15_6_1 like Mac OS X) AppleWebKit/605.1.15 (KHTML, like Gecko) Version/15.6.1 Mobile/15E148 Safari/604.1" "ysfine.com"
107.77.228.176 - - [26/Sep/2022:22:48:19 -0700] "GET /feynman/fthbot.html HTTP/1.1" 200 691 "https://ysfine.com/feynman/fthesis.html" "Mozilla/5.0 (iPhone; CPU iPhone OS 15_6_1 like Mac OS X) AppleWebKit/605.1.15 (KHTML, like Gecko) Version/15.6.1 Mobile/15E148 Safari/604.1" "ysfine.com"
107.77.228.176 - - [26/Sep/2022:22:48:19 -0700] "GET /feynman/feyprince.jpg HTTP/1.1" 200 62002 "https://ysfine.com/feynman/fthbot.html" "Mozilla/5.0 (iPhone; CPU iPhone OS 15_6_1 like Mac OS X) AppleWebKit/605.1.15 (KHTML, like Gecko) Version/15.6.1 Mobile/15E148 Safari/604.1" "ysfine.com"
207.46.13.102 - - [26/Sep/2022:22:48:49 -0700] "GET /world/france/flore08.jpg HTTP/1.1" 200 88762 "-" "Mozilla/5.0 (compatible; bingbot/2.0; +http://www.bing.com/bingbot.htm)" "ysfine.com"
114.119.128.162 - - [26/Sep/2022:22:48:57 -0700] "GET /class54/class5470/total_data/sub_8126.htm HTTP/1.1" 200 3489 "https://ysfine.com/class54/class5470/total_data/sub_8118.htm" "Mozilla/5.0 (Linux; Android 7.0;) AppleWebKit/537.36 (KHTML, like Gecko) Mobile Safari/537.36 (compatible; PetalBot;+https://webmaster.petalsearch.com/site/petalbot)" "ysfine.com"
40.77.167.105 - - [26/Sep/2022:22:49:54 -0700] "GET /robots.txt HTTP/1.1" 404 88 "-" "Mozilla/5.0 (compatible; bingbot/2.0; +http://www.bing.com/bingbot.htm)" "www.ysfine.com"
185.191.171.41 - - [26/Sep/2022:22:49:58 -0700] "GET /maga/boltzmann.html HTTP/1.1" 200 6052 "-" "Mozilla/5.0 (compatible; SemrushBot/7~bl; +http://www.semrush.com/bot.html)" "www.ysfine.com"
207.46.13.102 - - [26/Sep/2022:22:49:59 -0700] "GET /princeton/rheepr01c.jpg HTTP/1.1" 200 33538 "-" "Mozilla/5.0 (compatible; bingbot/2.0; +http://www.bing.com/bingbot.htm)" "www.ysfine.com"
104.33.182.205 - - [26/Sep/2022:22:50:04 -0700] "GET /world/ital/panth01.jpg HTTP/1.1" 200 100632 "https://images.search.yahoo.com/yhs/search;_ylt=AwrWpyaISjJj9gQA7AAPxQt.;_ylu=Y29sbwNncTEEcG9zAzEEdnRpZAMEc2VjA3BpdnM-?p=hadrian%27s+pantheon&vm=r&type=uspr_5056_CHW_US&param1=RypDRDjp20T5Vc76fVk9yA%3D%3D&param2=9dUI1n2R0BLDxNuWfiP4aUlUyknlRzJZqvu60Hg2wxDskPaGSHEIoHrpit6dhNH619tCnmOrxLGmofP4bgHKRjmwJIMAMhdHnDRMoB2Xfm3LiJDF2MZ7vzWqMMPgtTg7F7nYdtDpc139WSycsFOkIg7%2FopZyBPrWPZ7Nf%2BarloUNGUDOlin8AG889O8gRl9YlR9g%2Fho2uRSyXsUCALfu30pk%2BysJk1QFr6Q3UmG%2Ff6hXvss7S0J7WMsttOFa4wu9ag7OMwPtifRhd8nirIS%2FvvjS5n3Z6XaKAhmyc9Av6s%2FfD%2FmUjnqCR9saGYf5Ku%2BfqbmPZ5pcPCSV2XhFHR8r7g%3D%3D&param3=NwVEMR%2FzKcG52XsVBYEh20CXm1wXp6anLmD4mFg%2BfsGian1KFXg%2B1%2Bj6VjN9I59ZkAK8%2Bi1cdNH2Wl%2FN7fgXkwDjm9MwiiLxwG6tjvMVYGcUgljw%2BzUBtAd5IKDDTQ6K8M%2FquY0yBwy1dFT0xNlDhJj9FfMd9d5E6eDX8idCdtvmHKXuxwJxzE89G79wCw%2Fpbcc12wBMYNtHh81daeEXjOKqJIAGMYgmzSYQLw3g0%2BLFFM%2FFSBOCCKT7KbrHOm6m3BX32LAGFe6OCBascjfjS4YYGs%2BmZRK7Xb%2BUhIG%2B0j%2Ft8BJImal3L3aBMNuWgZKEF0aeMZSFbZIZDUlu30YOAnt3DwNP3h4QMWNDo4V1qo%2F1LFG%2BbVf2NoYb9eTO2XCgiJuleFKhboEqQB6m4RZJKId4Lv9qaIdGWFMQmf8U7hJS4ZbVXHSuzA5%2B0azCRcqx0l3LB5RZYPqBpOKwpONnRg%3D%3D&param4=GsfNdIKgivOtkypYPnOTaB%2FoM%2BAikegU0NcpdA65GC8%3D&hsimp=yhs-1&hspart=iba&ei=UTF-8&fr=yhs-iba-1" "Mozilla/5.0 (X11; CrOS x86_64 14695.128.0) AppleWebKit/537.36 (KHTML, like Gecko) Chrome/102.0.0.0 Safari/537.36" "www.ysfine.com"
40.77.167.95 - - [26/Sep/2022:22:50:29 -0700] "GET /robots.txt HTTP/1.1" 404 88 "-" "Mozilla/5.0 (compatible; bingbot/2.0; +http://www.bing.com/bingbot.htm)" "www.ysfine.com"
71.239.159.149 - - [26/Sep/2022:22:50:34 -0700] "GET /princeton/alexan22.jpg HTTP/1.1" 200 175436 "https://www.google.com/" "Mozilla/5.0 (iPhone; CPU iPhone OS 15_6_1 like Mac OS X) AppleWebKit/605.1.15 (KHTML, like Gecko) Version/15.6.1 Mobile/15E148 Safari/604.1" "ysfine.com"
40.77.167.61 - - [26/Sep/2022:22:50:41 -0700] "GET /wdc/lincoln12.jpg HTTP/1.1" 200 107256 "-" "Mozilla/5.0 (compatible; bingbot/2.0; +http://www.bing.com/bingbot.htm)" "www.ysfine.com"
157.55.39.58 - - [26/Sep/2022:22:50:46 -0700] "GET /wigner/lunch270.jpg HTTP/1.1" 200 40293 "-" "Mozilla/5.0 AppleWebKit/537.36 (KHTML, like Gecko; compatible; bingbot/2.0; +http://www.bing.com/bingbot.htm) Chrome/103.0.5060.134 Safari/537.36" "www.ysfine.com"
222.122.190.37 - - [26/Sep/2022:22:51:00 -0700] "GET / HTTP/1.1" 200 15910 "-" "Mozilla/5.0 (Windows NT 10.0; ZumBot/1.0; Win64; x64) AppleWebKit/537.36 (KHTML, like Gecko) Chrome/79.0.3945.130 Safari/537.36" "ysfine.com"
222.122.190.37 - - [26/Sep/2022:22:51:02 -0700] "GET / HTTP/1.1" 200 15910 "-" "Mozilla/5.0 (Windows NT 10.0; ZumBot/1.0; Win64; x64) AppleWebKit/537.36 (KHTML, like Gecko) Chrome/79.0.3945.130 Safari/537.36" "ysfine.com"
104.151.9.2 - - [26/Sep/2022:22:51:04 -0700] "GET /world/places/ulm03.jpg HTTP/1.1" 200 145594 "https://www.google.com/" "Mozilla/5.0 (Windows NT 10.0; Win64; x64) AppleWebKit/537.36 (KHTML, like Gecko) Chrome/105.0.0.0 Safari/537.36" "ysfine.com"
114.119.128.154 - - [26/Sep/2022:22:51:17 -0700] "GET /articles/optacti.pdf HTTP/1.1" 401 90 "https://citeseerx.ist.psu.edu/viewdoc/summary?doi=10.1.1.529.233" "Mozilla/5.0 (Linux; Android 7.0;) AppleWebKit/537.36 (KHTML, like Gecko) Mobile Safari/537.36 (compatible; PetalBot;+https://webmaster.petalsearch.com/site/petalbot)" "www.ysfine.com"
157.55.39.55 - - [26/Sep/2022:22:51:24 -0700] "GET /world/brit/loncafe10.jpg HTTP/1.1" 200 76516 "-" "Mozilla/5.0 (compatible; bingbot/2.0; +http://www.bing.com/bingbot.htm)" "ysfine.com"
185.191.171.12 - - [26/Sep/2022:22:51:48 -0700] "GET /world/polandw.html HTTP/1.1" 200 17892 "-" "Mozilla/5.0 (compatible; SemrushBot/7~bl; +http://www.semrush.com/bot.html)" "ysfine.com"
77.88.5.43 - - [26/Sep/2022:22:52:24 -0700] "GET /robots.txt HTTP/1.1" 404 73 "-" "Mozilla/5.0 (compatible; YandexBot/3.0; +http://yandex.com/bots)" "www.ysfine.com"
51.222.253.16 - - [26/Sep/2022:22:52:26 -0700] "GET /class54/class5470/total_data/sub_623.htm HTTP/1.1" 200 3215 "-" "Mozilla/5.0 (compatible; AhrefsBot/7.0; +http://ahrefs.com/robot/)" "www.ysfine.com"
77.88.5.50 - - [26/Sep/2022:22:52:27 -0700] "GET /world/florence.html HTTP/1.1" 200 9706 "-" "Mozilla/5.0 (compatible; YandexBot/3.0; +http://yandex.com/bots)" "www.ysfine.com"
51.222.253.3 - - [26/Sep/2022:22:52:28 -0700] "GET /class54/class5470/total_data/photo_img/6-23.jpg HTTP/1.1" 200 214055 "-" "Mozilla/5.0 (compatible; AhrefsBot/7.0; +http://ahrefs.com/robot/)" "www.ysfine.com"
40.77.167.61 - - [26/Sep/2022:22:52:52 -0700] "GET /huygens.html HTTP/1.1" 404 88 "-" "Mozilla/5.0 (compatible; bingbot/2.0; +http://www.bing.com/bingbot.htm)" "ysfine.com"
157.55.39.128 - - [26/Sep/2022:22:52:55 -0700] "GET /princeton/wilson05b.jpg HTTP/1.1" 200 38911 "-" "Mozilla/5.0 (compatible; bingbot/2.0; +http://www.bing.com/bingbot.htm)" "www.ysfine.com"
77.88.5.126 - - [26/Sep/2022:22:53:18 -0700] "GET /world/ital/flor079.jpg HTTP/1.1" 200 87845 "-" "Mozilla/5.0 (compatible; YandexImages/3.0; +http://yandex.com/bots)" "www.ysfine.com"
93.158.161.48 - - [26/Sep/2022:22:53:21 -0700] "GET /world/ital/florf10.jpg HTTP/1.1" 200 187327 "-" "Mozilla/5.0 (compatible; YandexImages/3.0; +http://yandex.com/bots)" "www.ysfine.com"
77.88.5.220 - - [26/Sep/2022:22:53:24 -0700] "GET /world/ital/flor094.jpg HTTP/1.1" 200 82080 "-" "Mozilla/5.0 (compatible; YandexImages/3.0; +http://yandex.com/bots)" "www.ysfine.com"
77.88.5.232 - - [26/Sep/2022:22:53:27 -0700] "GET /world/ital/flor066.jpg HTTP/1.1" 200 89339 "-" "Mozilla/5.0 (compatible; YandexImages/3.0; +http://yandex.com/bots)" "www.ysfine.com"
93.158.161.42 - - [26/Sep/2022:22:53:30 -0700] "GET /world/ital/medici52b.jpg HTTP/1.1" 200 57028 "-" "Mozilla/5.0 (compatible; YandexImages/3.0; +http://yandex.com/bots)" "www.ysfine.com"
77.88.5.134 - - [26/Sep/2022:22:53:32 -0700] "GET /world/ital/flor084.jpg HTTP/1.1" 200 114084 "-" "Mozilla/5.0 (compatible; YandexImages/3.0; +http://yandex.com/bots)" "www.ysfine.com"
77.88.5.39 - - [26/Sep/2022:22:53:35 -0700] "GET /world/ital/stcroce18b.jpg HTTP/1.1" 200 53514 "-" "Mozilla/5.0 (compatible; YandexImages/3.0; +http://yandex.com/bots)" "www.ysfine.com"
93.158.161.76 - - [26/Sep/2022:22:53:38 -0700] "GET /world/ital/stcroce18b.jpg HTTP/1.1" 200 53514 "-" "Mozilla/5.0 (compatible; YandexBot/3.0; +http://yandex.com/bots)" "www.ysfine.com"
77.88.5.216 - - [26/Sep/2022:22:53:40 -0700] "GET /world/ital/stcroce05b.jpg HTTP/1.1" 200 52491 "-" "Mozilla/5.0 (compatible; YandexImages/3.0; +http://yandex.com/bots)" "www.ysfine.com"
93.158.161.38 - - [26/Sep/2022:22:53:43 -0700] "GET /world/ital/flor036.jpg HTTP/1.1" 200 94688 "-" "Mozilla/5.0 (compatible; YandexImages/3.0; +http://yandex.com/bots)" "www.ysfine.com"
77.88.5.234 - - [26/Sep/2022:22:53:45 -0700] "GET /world/ital/florf22.jpg HTTP/1.1" 200 100130 "-" "Mozilla/5.0 (compatible; YandexImages/3.0; +http://yandex.com/bots)" "www.ysfine.com"
77.88.5.222 - - [26/Sep/2022:22:53:48 -0700] "GET /world/ital/flor092.jpg HTTP/1.1" 200 84771 "-" "Mozilla/5.0 (compatible; YandexImages/3.0; +http://yandex.com/bots)" "www.ysfine.com"
77.88.5.253 - - [26/Sep/2022:22:54:15 -0700] "GET /dirac/michelan01b.jpg HTTP/1.1" 200 50306 "-" "Mozilla/5.0 (compatible; YandexImages/3.0; +http://yandex.com/bots)" "www.ysfine.com"
114.119.128.154 - - [26/Sep/2022:22:54:45 -0700] "GET /class54/class5470/total_data/sub_111.htm HTTP/1.1" 200 3292 "https://ysfine.com/class54/class5470/total_data/sub_108.htm" "Mozilla/5.0 (Linux; Android 7.0;) AppleWebKit/537.36 (KHTML, like Gecko) Mobile Safari/537.36 (compatible; PetalBot;+https://webmaster.petalsearch.com/site/petalbot)" "ysfine.com"
40.77.167.61 - - [26/Sep/2022:22:55:22 -0700] "GET /wdc/jeffm07.jpg HTTP/1.1" 200 111793 "-" "Mozilla/5.0 (compatible; bingbot/2.0; +http://www.bing.com/bingbot.htm)" "www.ysfine.com"
185.191.171.37 - - [26/Sep/2022:22:55:26 -0700] "GET /dirac/lorendir.html HTTP/1.1" 200 2426 "-" "Mozilla/5.0 (compatible; SemrushBot/7~bl; +http://www.semrush.com/bot.html)" "ysfine.com"
77.75.79.31 - - [26/Sep/2022:22:55:30 -0700] "GET /beau/amkor/amparis03b.jpg HTTP/1.1" 404 88 "-" "Mozilla/5.0 (compatible; SeznamBot/4.0-RC1; +http://napoveda.seznam.cz/seznambot-intro/)" "ysfine.com"
17.121.115.79 - - [26/Sep/2022:22:55:41 -0700] "GET /home/hmtop.html HTTP/1.1" 200 447 "https://ysfine.com/home/index.html" "Mozilla/5.0 (Macintosh; Intel Mac OS X 10_15_5) AppleWebKit/605.1.15 (KHTML, like Gecko) Version/13.1.1 Safari/605.1.15 (Applebot/0.1; +http://www.apple.com/go/applebot)" "ysfine.com"
17.121.114.235 - - [26/Sep/2022:22:55:41 -0700] "GET /home/hmbot.html HTTP/1.1" 200 132 "https://ysfine.com/home/index.html" "Mozilla/5.0 (Macintosh; Intel Mac OS X 10_15_5) AppleWebKit/605.1.15 (KHTML, like Gecko) Version/13.1.1 Safari/605.1.15 (Applebot/0.1; +http://www.apple.com/go/applebot)" "ysfine.com"
17.121.114.235 - - [26/Sep/2022:22:55:42 -0700] "GET /home/hmrigh.html HTTP/1.1" 200 4212 "https://ysfine.com/home/hmbot.html" "Mozilla/5.0 (Macintosh; Intel Mac OS X 10_15_5) AppleWebKit/605.1.15 (KHTML, like Gecko) Version/13.1.1 Safari/605.1.15 (Applebot/0.1; +http://www.apple.com/go/applebot)" "ysfine.com"
17.121.115.79 - - [26/Sep/2022:22:55:43 -0700] "GET /home/hmleft.html HTTP/1.1" 200 853 "https://ysfine.com/home/hmbot.html" "Mozilla/5.0 (Macintosh; Intel Mac OS X 10_15_5) AppleWebKit/605.1.15 (KHTML, like Gecko) Version/13.1.1 Safari/605.1.15 (Applebot/0.1; +http://www.apple.com/go/applebot)" "ysfine.com"
207.46.13.180 - - [26/Sep/2022:22:57:09 -0700] "GET /newyork/battery32.jpg HTTP/1.1" 200 216988 "-" "Mozilla/5.0 AppleWebKit/537.36 (KHTML, like Gecko; compatible; bingbot/2.0; +http://www.bing.com/bingbot.htm) Chrome/103.0.5060.134 Safari/537.36" "ysfine.com"
157.55.39.55 - - [26/Sep/2022:22:57:14 -0700] "GET /world/brit/2011lon02.jpg HTTP/1.1" 200 51782 "-" "Mozilla/5.0 (compatible; bingbot/2.0; +http://www.bing.com/bingbot.htm)" "ysfine.com"
173.73.80.118 - - [26/Sep/2022:22:57:23 -0700] "GET /favicon.ico HTTP/1.1" 404 88 "https://ysfine.com/home/yshome.html" "Mozilla/5.0 (Windows NT 10.0; Win64; x64) AppleWebKit/537.36 (KHTML, like Gecko) Chrome/105.0.0.0 Safari/537.36" "ysfine.com"
207.46.13.102 - - [26/Sep/2022:22:57:30 -0700] "GET /einstein/places/einmu17.jpg HTTP/1.1" 200 67347 "-" "Mozilla/5.0 (compatible; bingbot/2.0; +http://www.bing.com/bingbot.htm)" "www.ysfine.com"
185.191.171.20 - - [26/Sep/2022:22:57:43 -0700] "GET /world/vienna.html HTTP/1.1" 200 7048 "-" "Mozilla/5.0 (compatible; SemrushBot/7~bl; +http://www.semrush.com/bot.html)" "www.ysfine.com"
173.73.80.118 - - [26/Sep/2022:22:57:45 -0700] "GET /WORLD/LEIPZIG22 HTTP/1.1" 404 88 "-" "Mozilla/5.0 (Windows NT 10.0; Win64; x64) AppleWebKit/537.36 (KHTML, like Gecko) Chrome/105.0.0.0 Safari/537.36" "ysfine.com"
157.55.39.128 - - [26/Sep/2022:22:57:46 -0700] "GET /philo/dirwig11c.jpg HTTP/1.1" 200 32397 "-" "Mozilla/5.0 AppleWebKit/537.36 (KHTML, like Gecko; compatible; bingbot/2.0; +http://www.bing.com/bingbot.htm) Chrome/103.0.5060.134 Safari/537.36" "www.ysfine.com"
173.73.80.118 - - [26/Sep/2022:22:57:56 -0700] "GET /WORLD/LEIPZIG22.HTML HTTP/1.1" 404 88 "-" "Mozilla/5.0 (Windows NT 10.0; Win64; x64) AppleWebKit/537.36 (KHTML, like Gecko) Chrome/105.0.0.0 Safari/537.36" "ysfine.com"
173.73.80.118 - - [26/Sep/2022:22:58:06 -0700] "GET /ys11/ HTTP/1.1" 304 - "-" "Mozilla/5.0 (Windows NT 10.0; Win64; x64) AppleWebKit/537.36 (KHTML, like Gecko) Chrome/105.0.0.0 Safari/537.36" "ysfine.com"
51.222.253.12 - - [26/Sep/2022:22:58:14 -0700] "GET /class54/class5470/total_data/sub_632.htm HTTP/1.1" 200 3206 "-" "Mozilla/5.0 (compatible; AhrefsBot/7.0; +http://ahrefs.com/robot/)" "www.ysfine.com"
173.73.80.118 - - [26/Sep/2022:22:58:28 -0700] "GET /world/wd22.html HTTP/1.1" 200 120 "-" "Mozilla/5.0 (Windows NT 10.0; Win64; x64) AppleWebKit/537.36 (KHTML, like Gecko) Chrome/105.0.0.0 Safari/537.36" "ysfine.com"
173.73.80.118 - - [26/Sep/2022:22:58:28 -0700] "GET /world/wdtop.html HTTP/1.1" 200 388 "https://ysfine.com/world/wd22.html" "Mozilla/5.0 (Windows NT 10.0; Win64; x64) AppleWebKit/537.36 (KHTML, like Gecko) Chrome/105.0.0.0 Safari/537.36" "ysfine.com"
173.73.80.118 - - [26/Sep/2022:22:58:28 -0700] "GET /world/wdbot.html HTTP/1.1" 200 131 "https://ysfine.com/world/wd22.html" "Mozilla/5.0 (Windows NT 10.0; Win64; x64) AppleWebKit/537.36 (KHTML, like Gecko) Chrome/105.0.0.0 Safari/537.36" "ysfine.com"
173.73.80.118 - - [26/Sep/2022:22:58:28 -0700] "GET /world/wdleft.html HTTP/1.1" 200 610 "https://ysfine.com/world/wdbot.html" "Mozilla/5.0 (Windows NT 10.0; Win64; x64) AppleWebKit/537.36 (KHTML, like Gecko) Chrome/105.0.0.0 Safari/537.36" "ysfine.com"
173.73.80.118 - - [26/Sep/2022:22:58:28 -0700] "GET /world/wdrigh.html HTTP/1.1" 200 2217 "https://ysfine.com/world/wdbot.html" "Mozilla/5.0 (Windows NT 10.0; Win64; x64) AppleWebKit/537.36 (KHTML, like Gecko) Chrome/105.0.0.0 Safari/537.36" "ysfine.com"
173.73.80.118 - - [26/Sep/2022:22:58:28 -0700] "GET /newyork/love150.jpg HTTP/1.1" 200 24939 "https://ysfine.com/world/wdrigh.html" "Mozilla/5.0 (Windows NT 10.0; Win64; x64) AppleWebKit/537.36 (KHTML, like Gecko) Chrome/105.0.0.0 Safari/537.36" "ysfine.com"
173.73.80.118 - - [26/Sep/2022:22:58:28 -0700] "GET /world/spain/sevi051c.jpg HTTP/1.1" 200 62623 "https://ysfine.com/world/wdrigh.html" "Mozilla/5.0 (Windows NT 10.0; Win64; x64) AppleWebKit/537.36 (KHTML, like Gecko) Chrome/105.0.0.0 Safari/537.36" "ysfine.com"
173.73.80.118 - - [26/Sep/2022:22:58:28 -0700] "GET /world/france/aix02c.jpg HTTP/1.1" 200 65402 "https://ysfine.com/world/wdrigh.html" "Mozilla/5.0 (Windows NT 10.0; Win64; x64) AppleWebKit/537.36 (KHTML, like Gecko) Chrome/105.0.0.0 Safari/537.36" "ysfine.com"
173.73.80.118 - - [26/Sep/2022:22:58:28 -0700] "GET /world/canonp66c.jpg HTTP/1.1" 200 21845 "https://ysfine.com/world/wdrigh.html" "Mozilla/5.0 (Windows NT 10.0; Win64; x64) AppleWebKit/537.36 (KHTML, like Gecko) Chrome/105.0.0.0 Safari/537.36" "ysfine.com"
173.73.80.118 - - [26/Sep/2022:22:58:28 -0700] "GET /awards/marq/hemis21a.jpg HTTP/1.1" 200 116270 "https://ysfine.com/world/wdrigh.html" "Mozilla/5.0 (Windows NT 10.0; Win64; x64) AppleWebKit/537.36 (KHTML, like Gecko) Chrome/105.0.0.0 Safari/537.36" "ysfine.com"
157.55.39.58 - - [26/Sep/2022:22:58:34 -0700] "GET /world/germany/berlin008.jpg HTTP/1.1" 200 80991 "-" "Mozilla/5.0 (compatible; bingbot/2.0; +http://www.bing.com/bingbot.htm)" "www.ysfine.com"
185.191.171.25 - - [26/Sep/2022:22:58:42 -0700] "GET /robots.txt HTTP/1.1" 404 88 "-" "Mozilla/5.0 (compatible; SemrushBot/7~bl; +http://www.semrush.com/bot.html)" "www.ysfine.com"
185.191.171.15 - - [26/Sep/2022:22:58:42 -0700] "GET /class54/index.html HTTP/1.1" 200 2553 "-" "Mozilla/5.0 (compatible; SemrushBot/7~bl; +http://www.semrush.com/bot.html)" "www.ysfine.com"
173.73.80.118 - - [26/Sep/2022:22:58:48 -0700] "GET /leipzig HTTP/1.1" 404 88 "-" "Mozilla/5.0 (Windows NT 10.0; Win64; x64) AppleWebKit/537.36 (KHTML, like Gecko) Chrome/105.0.0.0 Safari/537.36" "ysfine.com"
173.73.80.118 - - [26/Sep/2022:22:59:17 -0700] "GET /world/leipzig.html HTTP/1.1" 200 5731 "-" "Mozilla/5.0 (Windows NT 10.0; Win64; x64) AppleWebKit/537.36 (KHTML, like Gecko) Chrome/105.0.0.0 Safari/537.36" "ysfine.com"
173.73.80.118 - - [26/Sep/2022:22:59:17 -0700] "GET /world/germany/leipzig04b.jpg HTTP/1.1" 200 37051 "https://ysfine.com/world/leipzig.html" "Mozilla/5.0 (Windows NT 10.0; Win64; x64) AppleWebKit/537.36 (KHTML, like Gecko) Chrome/105.0.0.0 Safari/537.36" "ysfine.com"
173.73.80.118 - - [26/Sep/2022:22:59:17 -0700] "GET /world/germany/leipzig27b.jpg HTTP/1.1" 200 54550 "https://ysfine.com/world/leipzig.html" "Mozilla/5.0 (Windows NT 10.0; Win64; x64) AppleWebKit/537.36 (KHTML, like Gecko) Chrome/105.0.0.0 Safari/537.36" "ysfine.com"
173.73.80.118 - - [26/Sep/2022:22:59:17 -0700] "GET /world/germany/leipzig29b.jpg HTTP/1.1" 200 36039 "https://ysfine.com/world/leipzig.html" "Mozilla/5.0 (Windows NT 10.0; Win64; x64) AppleWebKit/537.36 (KHTML, like Gecko) Chrome/105.0.0.0 Safari/537.36" "ysfine.com"
173.73.80.118 - - [26/Sep/2022:22:59:17 -0700] "GET /world/germany/leipzig38b.jpg HTTP/1.1" 200 32393 "https://ysfine.com/world/leipzig.html" "Mozilla/5.0 (Windows NT 10.0; Win64; x64) AppleWebKit/537.36 (KHTML, like Gecko) Chrome/105.0.0.0 Safari/537.36" "ysfine.com"
173.73.80.118 - - [26/Sep/2022:22:59:17 -0700] "GET /world/germany/leipzig28b.jpg HTTP/1.1" 200 41469 "https://ysfine.com/world/leipzig.html" "Mozilla/5.0 (Windows NT 10.0; Win64; x64) AppleWebKit/537.36 (KHTML, like Gecko) Chrome/105.0.0.0 Safari/537.36" "ysfine.com"
173.73.80.118 - - [26/Sep/2022:22:59:17 -0700] "GET /home/figs/sq55c.jpg HTTP/1.1" 200 29581 "https://ysfine.com/world/leipzig.html" "Mozilla/5.0 (Windows NT 10.0; Win64; x64) AppleWebKit/537.36 (KHTML, like Gecko) Chrome/105.0.0.0 Safari/537.36" "ysfine.com"
173.73.80.118 - - [26/Sep/2022:22:59:17 -0700] "GET /world/germany/leipzig37b.jpg HTTP/1.1" 200 32591 "https://ysfine.com/world/leipzig.html" "Mozilla/5.0 (Windows NT 10.0; Win64; x64) AppleWebKit/537.36 (KHTML, like Gecko) Chrome/105.0.0.0 Safari/537.36" "ysfine.com"
173.73.80.118 - - [26/Sep/2022:22:59:17 -0700] "GET /world/germany/leipzig43b.jpg HTTP/1.1" 200 47495 "https://ysfine.com/world/leipzig.html" "Mozilla/5.0 (Windows NT 10.0; Win64; x64) AppleWebKit/537.36 (KHTML, like Gecko) Chrome/105.0.0.0 Safari/537.36" "ysfine.com"
173.73.80.118 - - [26/Sep/2022:22:59:17 -0700] "GET /world/germany/eisenach11b.jpg HTTP/1.1" 200 25519 "https://ysfine.com/world/leipzig.html" "Mozilla/5.0 (Windows NT 10.0; Win64; x64) AppleWebKit/537.36 (KHTML, like Gecko) Chrome/105.0.0.0 Safari/537.36" "ysfine.com"
173.73.80.118 - - [26/Sep/2022:22:59:17 -0700] "GET /world/germany/leipzig66b.jpg HTTP/1.1" 200 62131 "https://ysfine.com/world/leipzig.html" "Mozilla/5.0 (Windows NT 10.0; Win64; x64) AppleWebKit/537.36 (KHTML, like Gecko) Chrome/105.0.0.0 Safari/537.36" "ysfine.com"
173.73.80.118 - - [26/Sep/2022:22:59:17 -0700] "GET /world/germany/leipzig25b.jpg HTTP/1.1" 200 36217 "https://ysfine.com/world/leipzig.html" "Mozilla/5.0 (Windows NT 10.0; Win64; x64) AppleWebKit/537.36 (KHTML, like Gecko) Chrome/105.0.0.0 Safari/537.36" "ysfine.com"
173.73.80.118 - - [26/Sep/2022:22:59:17 -0700] "GET /world/germany/leipzig57b.jpg HTTP/1.1" 200 35705 "https://ysfine.com/world/leipzig.html" "Mozilla/5.0 (Windows NT 10.0; Win64; x64) AppleWebKit/537.36 (KHTML, like Gecko) Chrome/105.0.0.0 Safari/537.36" "ysfine.com"
173.73.80.118 - - [26/Sep/2022:22:59:17 -0700] "GET /world/germany/leipzig84b.jpg HTTP/1.1" 200 44169 "https://ysfine.com/world/leipzig.html" "Mozilla/5.0 (Windows NT 10.0; Win64; x64) AppleWebKit/537.36 (KHTML, like Gecko) Chrome/105.0.0.0 Safari/537.36" "ysfine.com"
173.73.80.118 - - [26/Sep/2022:22:59:17 -0700] "GET /world/germany/leipzig22b.jpg HTTP/1.1" 200 41253 "https://ysfine.com/world/leipzig.html" "Mozilla/5.0 (Windows NT 10.0; Win64; x64) AppleWebKit/537.36 (KHTML, like Gecko) Chrome/105.0.0.0 Safari/537.36" "ysfine.com"
173.73.80.118 - - [26/Sep/2022:22:59:17 -0700] "GET /world/germany/leipzig33b.jpg HTTP/1.1" 200 50647 "https://ysfine.com/world/leipzig.html" "Mozilla/5.0 (Windows NT 10.0; Win64; x64) AppleWebKit/537.36 (KHTML, like Gecko) Chrome/105.0.0.0 Safari/537.36" "ysfine.com"
173.73.80.118 - - [26/Sep/2022:22:59:17 -0700] "GET /world/germany/leipzig30b.jpg HTTP/1.1" 200 37693 "https://ysfine.com/world/leipzig.html" "Mozilla/5.0 (Windows NT 10.0; Win64; x64) AppleWebKit/537.36 (KHTML, like Gecko) Chrome/105.0.0.0 Safari/537.36" "ysfine.com"
173.73.80.118 - - [26/Sep/2022:22:59:17 -0700] "GET /world/germany/leipzig53b.jpg HTTP/1.1" 200 67453 "https://ysfine.com/world/leipzig.html" "Mozilla/5.0 (Windows NT 10.0; Win64; x64) AppleWebKit/537.36 (KHTML, like Gecko) Chrome/105.0.0.0 Safari/537.36" "ysfine.com"
173.73.80.118 - - [26/Sep/2022:22:59:17 -0700] "GET /world/germany/leipzig18b.jpg HTTP/1.1" 200 38024 "https://ysfine.com/world/leipzig.html" "Mozilla/5.0 (Windows NT 10.0; Win64; x64) AppleWebKit/537.36 (KHTML, like Gecko) Chrome/105.0.0.0 Safari/537.36" "ysfine.com"
173.73.80.118 - - [26/Sep/2022:22:59:17 -0700] "GET /world/germany/leipzig13b.jpg HTTP/1.1" 200 44395 "https://ysfine.com/world/leipzig.html" "Mozilla/5.0 (Windows NT 10.0; Win64; x64) AppleWebKit/537.36 (KHTML, like Gecko) Chrome/105.0.0.0 Safari/537.36" "ysfine.com"
207.46.13.102 - - [26/Sep/2022:22:59:20 -0700] "GET /style/rigaopera22.jpg HTTP/1.1" 200 112955 "-" "Mozilla/5.0 (compatible; bingbot/2.0; +http://www.bing.com/bingbot.htm)" "ysfine.com"
173.73.80.118 - - [26/Sep/2022:22:59:23 -0700] "GET /world/leipzig.html HTTP/1.1" 304 - "https://ysfine.com/world/leipzig.html" "Mozilla/5.0 (Windows NT 10.0; Win64; x64) AppleWebKit/537.36 (KHTML, like Gecko) Chrome/105.0.0.0 Safari/537.36" "ysfine.com"
173.73.80.118 - - [26/Sep/2022:22:59:37 -0700] "GET /world/leipzig22.html HTTP/1.1" 200 5692 "-" "Mozilla/5.0 (Windows NT 10.0; Win64; x64) AppleWebKit/537.36 (KHTML, like Gecko) Chrome/105.0.0.0 Safari/537.36" "ysfine.com"
79.173.90.115 - - [26/Sep/2022:22:59:59 -0700] "GET /wigner/wigner39.pdf HTTP/1.1" 200 1398440 "https://yandex.ru/" "Mozilla/5.0 (Windows NT 6.1) AppleWebKit/537.36 (KHTML, like Gecko) Chrome/105.0.0.0 Safari/537.36" "www.ysfine.com"
77.88.5.245 - - [26/Sep/2022:23:00:00 -0700] "GET /eink/feynman43c.jpg HTTP/1.1" 200 39256 "-" "Mozilla/5.0 (compatible; YandexImages/3.0; +http://yandex.com/bots)" "www.ysfine.com"
114.119.128.162 - - [26/Sep/2022:23:00:25 -0700] "GET /yspapers/jkps76.pdf HTTP/1.1" 200 293372 "https://www.ysfine.com/yspapers/index.html" "Mozilla/5.0 (Linux; Android 7.0;) AppleWebKit/537.36 (KHTML, like Gecko) Mobile Safari/537.36 (compatible; PetalBot;+https://webmaster.petalsearch.com/site/petalbot)" "www.ysfine.com"
185.191.171.10 - - [26/Sep/2022:23:00:25 -0700] "GET /wdc/tysonsm.html HTTP/1.1" 200 844 "-" "Mozilla/5.0 (compatible; SemrushBot/7~bl; +http://www.semrush.com/bot.html)" "ysfine.com"
173.73.80.118 - - [26/Sep/2022:23:00:32 -0700] "GET /favicon.ico HTTP/1.1" 404 88 "https://ysfine.com/ys11/" "Mozilla/5.0 (Windows NT 10.0; Win64; x64) AppleWebKit/537.36 (KHTML, like Gecko) Chrome/105.0.0.0 Safari/537.36" "ysfine.com"
173.73.80.118 - - [26/Sep/2022:23:00:36 -0700] "GET /einstein/index.html HTTP/1.1" 200 135 "https://ysfine.com/ys11/" "Mozilla/5.0 (Windows NT 10.0; Win64; x64) AppleWebKit/537.36 (KHTML, like Gecko) Chrome/105.0.0.0 Safari/537.36" "ysfine.com"
173.73.80.118 - - [26/Sep/2022:23:00:36 -0700] "GET /einstein/einbot.html HTTP/1.1" 200 126 "https://ysfine.com/einstein/index.html" "Mozilla/5.0 (Windows NT 10.0; Win64; x64) AppleWebKit/537.36 (KHTML, like Gecko) Chrome/105.0.0.0 Safari/537.36" "ysfine.com"
173.73.80.118 - - [26/Sep/2022:23:00:36 -0700] "GET /einstein/eintop.html HTTP/1.1" 200 431 "https://ysfine.com/einstein/index.html" "Mozilla/5.0 (Windows NT 10.0; Win64; x64) AppleWebKit/537.36 (KHTML, like Gecko) Chrome/105.0.0.0 Safari/537.36" "ysfine.com"
173.73.80.118 - - [26/Sep/2022:23:00:36 -0700] "GET /einstein/einleft.html HTTP/1.1" 200 735 "https://ysfine.com/einstein/einbot.html" "Mozilla/5.0 (Windows NT 10.0; Win64; x64) AppleWebKit/537.36 (KHTML, like Gecko) Chrome/105.0.0.0 Safari/537.36" "ysfine.com"
173.73.80.118 - - [26/Sep/2022:23:00:36 -0700] "GET /einstein/einkim.html HTTP/1.1" 200 3731 "https://ysfine.com/einstein/einbot.html" "Mozilla/5.0 (Windows NT 10.0; Win64; x64) AppleWebKit/537.36 (KHTML, like Gecko) Chrome/105.0.0.0 Safari/537.36" "ysfine.com"
173.73.80.118 - - [26/Sep/2022:23:00:36 -0700] "GET /einstein/eins47c.jpg HTTP/1.1" 200 43054 "https://ysfine.com/einstein/einkim.html" "Mozilla/5.0 (Windows NT 10.0; Win64; x64) AppleWebKit/537.36 (KHTML, like Gecko) Chrome/105.0.0.0 Safari/537.36" "ysfine.com"
173.73.80.118 - - [26/Sep/2022:23:00:36 -0700] "GET /einstein/orren11c.jpg HTTP/1.1" 200 21314 "https://ysfine.com/einstein/einkim.html" "Mozilla/5.0 (Windows NT 10.0; Win64; x64) AppleWebKit/537.36 (KHTML, like Gecko) Chrome/105.0.0.0 Safari/537.36" "ysfine.com"
173.73.80.118 - - [26/Sep/2022:23:00:36 -0700] "GET /einstein/keigel77a.jpg HTTP/1.1" 200 59466 "https://ysfine.com/einstein/einkim.html" "Mozilla/5.0 (Windows NT 10.0; Win64; x64) AppleWebKit/537.36 (KHTML, like Gecko) Chrome/105.0.0.0 Safari/537.36" "ysfine.com"
173.73.80.118 - - [26/Sep/2022:23:00:36 -0700] "GET /einstein/ysturner11c.jpg HTTP/1.1" 200 39604 "https://ysfine.com/einstein/einkim.html" "Mozilla/5.0 (Windows NT 10.0; Win64; x64) AppleWebKit/537.36 (KHTML, like Gecko) Chrome/105.0.0.0 Safari/537.36" "ysfine.com"
173.73.80.118 - - [26/Sep/2022:23:00:36 -0700] "GET /einstein/pdugard17a.jpg HTTP/1.1" 200 92931 "https://ysfine.com/einstein/einkim.html" "Mozilla/5.0 (Windows NT 10.0; Win64; x64) AppleWebKit/537.36 (KHTML, like Gecko) Chrome/105.0.0.0 Safari/537.36" "ysfine.com"
173.73.80.118 - - [26/Sep/2022:23:00:36 -0700] "GET /home/dwf55a.jpg HTTP/1.1" 200 54743 "https://ysfine.com/einstein/einkim.html" "Mozilla/5.0 (Windows NT 10.0; Win64; x64) AppleWebKit/537.36 (KHTML, like Gecko) Chrome/105.0.0.0 Safari/537.36" "ysfine.com"
173.73.80.118 - - [26/Sep/2022:23:00:36 -0700] "GET /einstein/eward33d.jpg HTTP/1.1" 200 61786 "https://ysfine.com/einstein/einkim.html" "Mozilla/5.0 (Windows NT 10.0; Win64; x64) AppleWebKit/537.36 (KHTML, like Gecko) Chrome/105.0.0.0 Safari/537.36" "ysfine.com"
173.73.80.118 - - [26/Sep/2022:23:00:44 -0700] "GET /einstein/maxein.html HTTP/1.1" 200 2651 "https://ysfine.com/einstein/einleft.html" "Mozilla/5.0 (Windows NT 10.0; Win64; x64) AppleWebKit/537.36 (KHTML, like Gecko) Chrome/105.0.0.0 Safari/537.36" "ysfine.com"
173.73.80.118 - - [26/Sep/2022:23:00:44 -0700] "GET /maga/phys/minkowski2.jpg HTTP/1.1" 200 26964 "https://ysfine.com/einstein/maxein.html" "Mozilla/5.0 (Windows NT 10.0; Win64; x64) AppleWebKit/537.36 (KHTML, like Gecko) Chrome/105.0.0.0 Safari/537.36" "ysfine.com"
173.73.80.118 - - [26/Sep/2022:23:00:44 -0700] "GET /einstein/further08b.jpg HTTP/1.1" 200 58023 "https://ysfine.com/einstein/maxein.html" "Mozilla/5.0 (Windows NT 10.0; Win64; x64) AppleWebKit/537.36 (KHTML, like Gecko) Chrome/105.0.0.0 Safari/537.36" "ysfine.com"
173.73.80.118 - - [26/Sep/2022:23:00:44 -0700] "GET /home/resonance11b.jpg HTTP/1.1" 200 37228 "https://ysfine.com/einstein/maxein.html" "Mozilla/5.0 (Windows NT 10.0; Win64; x64) AppleWebKit/537.36 (KHTML, like Gecko) Chrome/105.0.0.0 Safari/537.36" "ysfine.com"
173.73.80.118 - - [26/Sep/2022:23:00:44 -0700] "GET /einstein/newtmax02b.jpg HTTP/1.1" 200 46066 "https://ysfine.com/einstein/maxein.html" "Mozilla/5.0 (Windows NT 10.0; Win64; x64) AppleWebKit/537.36 (KHTML, like Gecko) Chrome/105.0.0.0 Safari/537.36" "ysfine.com"
173.73.80.118 - - [26/Sep/2022:23:00:44 -0700] "GET /maga/phys/maxwell06b.jpg HTTP/1.1" 200 51047 "https://ysfine.com/einstein/maxein.html" "Mozilla/5.0 (Windows NT 10.0; Win64; x64) AppleWebKit/537.36 (KHTML, like Gecko) Chrome/105.0.0.0 Safari/537.36" "ysfine.com"
157.55.39.55 - - [26/Sep/2022:23:00:55 -0700] "GET /world/russ/kiev050.jpg HTTP/1.1" 200 112470 "-" "Mozilla/5.0 (compatible; bingbot/2.0; +http://www.bing.com/bingbot.htm)" "www.ysfine.com"
77.75.79.31 - - [26/Sep/2022:23:01:08 -0700] "GET /sbk/sbleft.html HTTP/1.1" 200 426 "-" "Mozilla/5.0 (compatible; SeznamBot/4.0-RC1; +http://napoveda.seznam.cz/seznambot-intro/)" "ysfine.com"
207.46.13.180 - - [26/Sep/2022:23:01:08 -0700] "GET /dongio/germpol01.jpg HTTP/1.1" 404 88 "-" "Mozilla/5.0 (compatible; bingbot/2.0; +http://www.bing.com/bingbot.htm)" "ysfine.com"
207.46.13.102 - - [26/Sep/2022:23:01:12 -0700] "GET /usca/pitt/knee55.jpg HTTP/1.1" 200 106434 "-" "Mozilla/5.0 (compatible; bingbot/2.0; +http://www.bing.com/bingbot.htm)" "www.ysfine.com"
95.163.255.91 - - [26/Sep/2022:23:01:25 -0700] "GET /robots.txt HTTP/1.1" 404 73 "-" "Mozilla/5.0 (compatible; Linux x86_64; Mail.RU_Bot/Img/2.0; +https://help.mail.ru/webmaster/indexing/robots)" "ysfine.com"
173.73.80.118 - - [26/Sep/2022:23:01:28 -0700] "GET /world/kalinin.html HTTP/1.1" 200 9595 "https://ysfine.com/einstein/maxein.html" "Mozilla/5.0 (Windows NT 10.0; Win64; x64) AppleWebKit/537.36 (KHTML, like Gecko) Chrome/105.0.0.0 Safari/537.36" "ysfine.com"
173.73.80.118 - - [26/Sep/2022:23:01:44 -0700] "GET /maga/poincare.html HTTP/1.1" 200 7726 "https://ysfine.com/einstein/maxein.html" "Mozilla/5.0 (Windows NT 10.0; Win64; x64) AppleWebKit/537.36 (KHTML, like Gecko) Chrome/105.0.0.0 Safari/537.36" "ysfine.com"
173.73.80.118 - - [26/Sep/2022:23:01:44 -0700] "GET /maga/phys/henri01b.jpg HTTP/1.1" 200 46226 "https://ysfine.com/maga/poincare.html" "Mozilla/5.0 (Windows NT 10.0; Win64; x64) AppleWebKit/537.36 (KHTML, like Gecko) Chrome/105.0.0.0 Safari/537.36" "ysfine.com"
173.73.80.118 - - [26/Sep/2022:23:01:44 -0700] "GET /princeton/gcollege61b.jpg HTTP/1.1" 200 31681 "https://ysfine.com/maga/poincare.html" "Mozilla/5.0 (Windows NT 10.0; Win64; x64) AppleWebKit/537.36 (KHTML, like Gecko) Chrome/105.0.0.0 Safari/537.36" "ysfine.com"
173.73.80.118 - - [26/Sep/2022:23:01:44 -0700] "GET /world/france/montpar19b.jpg HTTP/1.1" 200 59887 "https://ysfine.com/maga/poincare.html" "Mozilla/5.0 (Windows NT 10.0; Win64; x64) AppleWebKit/537.36 (KHTML, like Gecko) Chrome/105.0.0.0 Safari/537.36" "ysfine.com"
173.73.80.118 - - [26/Sep/2022:23:01:44 -0700] "GET /dirac/hyperell2.jpg HTTP/1.1" 200 29858 "https://ysfine.com/maga/poincare.html" "Mozilla/5.0 (Windows NT 10.0; Win64; x64) AppleWebKit/537.36 (KHTML, like Gecko) Chrome/105.0.0.0 Safari/537.36" "ysfine.com"
173.73.80.118 - - [26/Sep/2022:23:01:44 -0700] "GET /maga/phys/psphere01b.jpg HTTP/1.1" 200 55011 "https://ysfine.com/maga/poincare.html" "Mozilla/5.0 (Windows NT 10.0; Win64; x64) AppleWebKit/537.36 (KHTML, like Gecko) Chrome/105.0.0.0 Safari/537.36" "ysfine.com"
173.73.80.118 - - [26/Sep/2022:23:01:44 -0700] "GET /maga/phys/ellihyper05b.jpg HTTP/1.1" 200 35124 "https://ysfine.com/maga/poincare.html" "Mozilla/5.0 (Windows NT 10.0; Win64; x64) AppleWebKit/537.36 (KHTML, like Gecko) Chrome/105.0.0.0 Safari/537.36" "ysfine.com"
173.73.80.118 - - [26/Sep/2022:23:01:44 -0700] "GET /world/france/montpar10b.jpg HTTP/1.1" 200 56609 "https://ysfine.com/maga/poincare.html" "Mozilla/5.0 (Windows NT 10.0; Win64; x64) AppleWebKit/537.36 (KHTML, like Gecko) Chrome/105.0.0.0 Safari/537.36" "ysfine.com"
173.73.80.118 - - [26/Sep/2022:23:01:44 -0700] "GET /maga/phil/tao07b.jpg HTTP/1.1" 200 52158 "https://ysfine.com/maga/poincare.html" "Mozilla/5.0 (Windows NT 10.0; Win64; x64) AppleWebKit/537.36 (KHTML, like Gecko) Chrome/105.0.0.0 Safari/537.36" "ysfine.com"
173.73.80.118 - - [26/Sep/2022:23:01:44 -0700] "GET /world/france/montpar01b.jpg HTTP/1.1" 200 31891 "https://ysfine.com/maga/poincare.html" "Mozilla/5.0 (Windows NT 10.0; Win64; x64) AppleWebKit/537.36 (KHTML, like Gecko) Chrome/105.0.0.0 Safari/537.36" "ysfine.com"
173.73.80.118 - - [26/Sep/2022:23:01:44 -0700] "GET /world/france/louvre11b.jpg HTTP/1.1" 200 40544 "https://ysfine.com/maga/poincare.html" "Mozilla/5.0 (Windows NT 10.0; Win64; x64) AppleWebKit/537.36 (KHTML, like Gecko) Chrome/105.0.0.0 Safari/537.36" "ysfine.com"
173.73.80.118 - - [26/Sep/2022:23:01:44 -0700] "GET /world/france/montpar17b.jpg HTTP/1.1" 200 41233 "https://ysfine.com/maga/poincare.html" "Mozilla/5.0 (Windows NT 10.0; Win64; x64) AppleWebKit/537.36 (KHTML, like Gecko) Chrome/105.0.0.0 Safari/537.36" "ysfine.com"
173.73.80.118 - - [26/Sep/2022:23:01:44 -0700] "GET /maga/phys/poincir01b.jpg HTTP/1.1" 200 51381 "https://ysfine.com/maga/poincare.html" "Mozilla/5.0 (Windows NT 10.0; Win64; x64) AppleWebKit/537.36 (KHTML, like Gecko) Chrome/105.0.0.0 Safari/537.36" "ysfine.com"
207.46.13.102 - - [26/Sep/2022:23:01:50 -0700] "GET /dongio/amkor/kgirls06.jpg HTTP/1.1" 404 88 "-" "Mozilla/5.0 (compatible; bingbot/2.0; +http://www.bing.com/bingbot.htm)" "ysfine.com"
177.55.227.34 - - [26/Sep/2022:23:02:16 -0700] "GET /world/latina/rio004b.jpg HTTP/1.1" 200 40739 "https://www.google.com/" "Mozilla/5.0 (X11; Linux x86_64; rv:105.0) Gecko/20100101 Firefox/105.0" "ysfine.com"
157.55.39.128 - - [26/Sep/2022:23:02:27 -0700] "GET /world/brit/embassy04.jpg HTTP/1.1" 200 137563 "-" "Mozilla/5.0 AppleWebKit/537.36 (KHTML, like Gecko; compatible; bingbot/2.0; +http://www.bing.com/bingbot.htm) Chrome/103.0.5060.134 Safari/537.36" "www.ysfine.com"
173.73.80.118 - - [26/Sep/2022:23:02:27 -0700] "GET /maga/minkowski.html HTTP/1.1" 200 4752 "https://ysfine.com/einstein/maxein.html" "Mozilla/5.0 (Windows NT 10.0; Win64; x64) AppleWebKit/537.36 (KHTML, like Gecko) Chrome/105.0.0.0 Safari/537.36" "ysfine.com"
173.73.80.118 - - [26/Sep/2022:23:02:27 -0700] "GET /maga/phys/rectan.jpg HTTP/1.1" 200 21089 "https://ysfine.com/maga/minkowski.html" "Mozilla/5.0 (Windows NT 10.0; Win64; x64) AppleWebKit/537.36 (KHTML, like Gecko) Chrome/105.0.0.0 Safari/537.36" "ysfine.com"
173.73.80.118 - - [26/Sep/2022:23:02:27 -0700] "GET /dirac/dirac2.jpg HTTP/1.1" 200 31039 "https://ysfine.com/maga/minkowski.html" "Mozilla/5.0 (Windows NT 10.0; Win64; x64) AppleWebKit/537.36 (KHTML, like Gecko) Chrome/105.0.0.0 Safari/537.36" "ysfine.com"
173.73.80.118 - - [26/Sep/2022:23:02:27 -0700] "GET /people/sbt2.jpg HTTP/1.1" 200 29397 "https://ysfine.com/maga/minkowski.html" "Mozilla/5.0 (Windows NT 10.0; Win64; x64) AppleWebKit/537.36 (KHTML, like Gecko) Chrome/105.0.0.0 Safari/537.36" "ysfine.com"
173.73.80.118 - - [26/Sep/2022:23:02:27 -0700] "GET /world/baltic/lithu10b.jpg HTTP/1.1" 200 38527 "https://ysfine.com/maga/minkowski.html" "Mozilla/5.0 (Windows NT 10.0; Win64; x64) AppleWebKit/537.36 (KHTML, like Gecko) Chrome/105.0.0.0 Safari/537.36" "ysfine.com"
173.73.80.118 - - [26/Sep/2022:23:02:27 -0700] "GET /world/baltic/lithu03b.jpg HTTP/1.1" 200 49235 "https://ysfine.com/maga/minkowski.html" "Mozilla/5.0 (Windows NT 10.0; Win64; x64) AppleWebKit/537.36 (KHTML, like Gecko) Chrome/105.0.0.0 Safari/537.36" "ysfine.com"
173.73.80.118 - - [26/Sep/2022:23:02:27 -0700] "GET /people/sbtwein2.jpg HTTP/1.1" 200 30398 "https://ysfine.com/maga/minkowski.html" "Mozilla/5.0 (Windows NT 10.0; Win64; x64) AppleWebKit/537.36 (KHTML, like Gecko) Chrome/105.0.0.0 Safari/537.36" "ysfine.com"
173.73.80.118 - - [26/Sep/2022:23:02:27 -0700] "GET /world/baltic/lithu07b.jpg HTTP/1.1" 200 44778 "https://ysfine.com/maga/minkowski.html" "Mozilla/5.0 (Windows NT 10.0; Win64; x64) AppleWebKit/537.36 (KHTML, like Gecko) Chrome/105.0.0.0 Safari/537.36" "ysfine.com"
173.73.80.118 - - [26/Sep/2022:23:02:27 -0700] "GET /world/baltic/lithu04b.jpg HTTP/1.1" 200 36043 "https://ysfine.com/maga/minkowski.html" "Mozilla/5.0 (Windows NT 10.0; Win64; x64) AppleWebKit/537.36 (KHTML, like Gecko) Chrome/105.0.0.0 Safari/537.36" "ysfine.com"
173.73.80.118 - - [26/Sep/2022:23:02:35 -0700] "GET /world/kalinin.html HTTP/1.1" 304 - "https://ysfine.com/maga/minkowski.html" "Mozilla/5.0 (Windows NT 10.0; Win64; x64) AppleWebKit/537.36 (KHTML, like Gecko) Chrome/105.0.0.0 Safari/537.36" "ysfine.com"
114.119.128.154 - - [26/Sep/2022:23:02:44 -0700] "GET /world/budapest.html HTTP/1.1" 200 8325 "http://ysfine.com/ffriends/students.html" "Mozilla/5.0 (Linux; Android 7.0;) AppleWebKit/537.36 (KHTML, like Gecko) Mobile Safari/537.36 (compatible; PetalBot;+https://webmaster.petalsearch.com/site/petalbot)" "ysfine.com"
173.73.80.118 - - [26/Sep/2022:23:02:45 -0700] "GET /world/kalinin.html HTTP/1.1" 304 - "https://ysfine.com/maga/minkowski.html" "Mozilla/5.0 (Windows NT 10.0; Win64; x64) AppleWebKit/537.36 (KHTML, like Gecko) Chrome/105.0.0.0 Safari/537.36" "ysfine.com"
173.73.80.118 - - [26/Sep/2022:23:02:50 -0700] "GET /maga/kant.html HTTP/1.1" 200 8714 "https://ysfine.com/maga/minkowski.html" "Mozilla/5.0 (Windows NT 10.0; Win64; x64) AppleWebKit/537.36 (KHTML, like Gecko) Chrome/105.0.0.0 Safari/537.36" "ysfine.com"
173.73.80.118 - - [26/Sep/2022:23:02:50 -0700] "GET /world/baltic/kalinmap77b.jpg HTTP/1.1" 200 30429 "https://ysfine.com/maga/kant.html" "Mozilla/5.0 (Windows NT 10.0; Win64; x64) AppleWebKit/537.36 (KHTML, like Gecko) Chrome/105.0.0.0 Safari/537.36" "ysfine.com"
173.73.80.118 - - [26/Sep/2022:23:02:50 -0700] "GET /eink/ewk86a.jpg HTTP/1.1" 200 70895 "https://ysfine.com/maga/kant.html" "Mozilla/5.0 (Windows NT 10.0; Win64; x64) AppleWebKit/537.36 (KHTML, like Gecko) Chrome/105.0.0.0 Safari/537.36" "ysfine.com"
173.73.80.118 - - [26/Sep/2022:23:02:50 -0700] "GET /maga/phil/kant00b.jpg HTTP/1.1" 200 51853 "https://ysfine.com/maga/kant.html" "Mozilla/5.0 (Windows NT 10.0; Win64; x64) AppleWebKit/537.36 (KHTML, like Gecko) Chrome/105.0.0.0 Safari/537.36" "ysfine.com"
173.73.80.118 - - [26/Sep/2022:23:02:50 -0700] "GET /maga/phil/lao2.jpg HTTP/1.1" 200 29456 "https://ysfine.com/maga/kant.html" "Mozilla/5.0 (Windows NT 10.0; Win64; x64) AppleWebKit/537.36 (KHTML, like Gecko) Chrome/105.0.0.0 Safari/537.36" "ysfine.com"
173.73.80.118 - - [26/Sep/2022:23:02:50 -0700] "GET /maga/phil/shiyu2.jpg HTTP/1.1" 200 29875 "https://ysfine.com/maga/kant.html" "Mozilla/5.0 (Windows NT 10.0; Win64; x64) AppleWebKit/537.36 (KHTML, like Gecko) Chrome/105.0.0.0 Safari/537.36" "ysfine.com"
173.73.80.118 - - [26/Sep/2022:23:02:50 -0700] "GET /wigner/wigkim2.jpg HTTP/1.1" 200 40700 "https://ysfine.com/maga/kant.html" "Mozilla/5.0 (Windows NT 10.0; Win64; x64) AppleWebKit/537.36 (KHTML, like Gecko) Chrome/105.0.0.0 Safari/537.36" "ysfine.com"
173.73.80.118 - - [26/Sep/2022:23:02:50 -0700] "GET /maga/phil/suntzu2.jpg HTTP/1.1" 200 31693 "https://ysfine.com/maga/kant.html" "Mozilla/5.0 (Windows NT 10.0; Win64; x64) AppleWebKit/537.36 (KHTML, like Gecko) Chrome/105.0.0.0 Safari/537.36" "ysfine.com"
157.55.39.128 - - [26/Sep/2022:23:03:06 -0700] "GET /world/china/china006b.gif HTTP/1.1" 200 16880 "-" "Mozilla/5.0 (compatible; bingbot/2.0; +http://www.bing.com/bingbot.htm)" "www.ysfine.com"
177.55.227.34 - - [26/Sep/2022:23:03:10 -0700] "GET /world/latina/rio005.jpg HTTP/1.1" 200 146009 "https://www.google.com/" "Mozilla/5.0 (X11; Linux x86_64; rv:105.0) Gecko/20100101 Firefox/105.0" "ysfine.com"
173.73.80.118 - - [26/Sep/2022:23:03:28 -0700] "GET /world/baltic/lithu11.jpg HTTP/1.1" 200 115376 "https://ysfine.com/maga/minkowski.html" "Mozilla/5.0 (Windows NT 10.0; Win64; x64) AppleWebKit/537.36 (KHTML, like Gecko) Chrome/105.0.0.0 Safari/537.36" "ysfine.com"
173.73.80.118 - - [26/Sep/2022:23:03:39 -0700] "GET /world/baltic/arana.html HTTP/1.1" 200 3961 "https://ysfine.com/maga/minkowski.html" "Mozilla/5.0 (Windows NT 10.0; Win64; x64) AppleWebKit/537.36 (KHTML, like Gecko) Chrome/105.0.0.0 Safari/537.36" "ysfine.com"
173.73.80.118 - - [26/Sep/2022:23:03:39 -0700] "GET /world/baltic/kalinmap33b.jpg HTTP/1.1" 200 33290 "https://ysfine.com/world/baltic/arana.html" "Mozilla/5.0 (Windows NT 10.0; Win64; x64) AppleWebKit/537.36 (KHTML, like Gecko) Chrome/105.0.0.0 Safari/537.36" "ysfine.com"
173.73.80.118 - - [26/Sep/2022:23:03:57 -0700] "GET /world/baltic/lithu02.jpg HTTP/1.1" 200 63532 "https://ysfine.com/maga/minkowski.html" "Mozilla/5.0 (Windows NT 10.0; Win64; x64) AppleWebKit/537.36 (KHTML, like Gecko) Chrome/105.0.0.0 Safari/537.36" "ysfine.com"
173.73.80.118 - - [26/Sep/2022:23:04:02 -0700] "GET /world/baltic/lithu25.jpg HTTP/1.1" 200 77162 "https://ysfine.com/maga/minkowski.html" "Mozilla/5.0 (Windows NT 10.0; Win64; x64) AppleWebKit/537.36 (KHTML, like Gecko) Chrome/105.0.0.0 Safari/537.36" "ysfine.com"
173.73.80.118 - - [26/Sep/2022:23:04:12 -0700] "GET /world/baltic/lithu18.jpg HTTP/1.1" 200 139871 "https://ysfine.com/maga/minkowski.html" "Mozilla/5.0 (Windows NT 10.0; Win64; x64) AppleWebKit/537.36 (KHTML, like Gecko) Chrome/105.0.0.0 Safari/537.36" "ysfine.com"
173.73.80.118 - - [26/Sep/2022:23:04:25 -0700] "GET /world/baltic/lithu16.jpg HTTP/1.1" 200 70781 "https://ysfine.com/maga/minkowski.html" "Mozilla/5.0 (Windows NT 10.0; Win64; x64) AppleWebKit/537.36 (KHTML, like Gecko) Chrome/105.0.0.0 Safari/537.36" "ysfine.com"
173.73.80.118 - - [26/Sep/2022:23:04:32 -0700] "GET /world/baltic/lithu10.jpg HTTP/1.1" 200 72002 "https://ysfine.com/maga/minkowski.html" "Mozilla/5.0 (Windows NT 10.0; Win64; x64) AppleWebKit/537.36 (KHTML, like Gecko) Chrome/105.0.0.0 Safari/537.36" "ysfine.com"
173.73.80.118 - - [26/Sep/2022:23:04:37 -0700] "GET /world/baltic/lithu14.jpg HTTP/1.1" 200 84563 "https://ysfine.com/maga/minkowski.html" "Mozilla/5.0 (Windows NT 10.0; Win64; x64) AppleWebKit/537.36 (KHTML, like Gecko) Chrome/105.0.0.0 Safari/537.36" "ysfine.com"
173.73.80.118 - - [26/Sep/2022:23:04:50 -0700] "GET /home/bio22.html HTTP/1.1" 200 12823 "https://ysfine.com/ys11/" "Mozilla/5.0 (Windows NT 10.0; Win64; x64) AppleWebKit/537.36 (KHTML, like Gecko) Chrome/105.0.0.0 Safari/537.36" "ysfine.com"
173.73.80.118 - - [26/Sep/2022:23:04:51 -0700] "GET /home/fig22/taylor54d.jpg HTTP/1.1" 304 - "https://ysfine.com/home/bio22.html" "Mozilla/5.0 (Windows NT 10.0; Win64; x64) AppleWebKit/537.36 (KHTML, like Gecko) Chrome/105.0.0.0 Safari/537.36" "ysfine.com"
173.73.80.118 - - [26/Sep/2022:23:04:51 -0700] "GET /home/fig22/acs22f.jpg HTTP/1.1" 304 - "https://ysfine.com/home/bio22.html" "Mozilla/5.0 (Windows NT 10.0; Win64; x64) AppleWebKit/537.36 (KHTML, like Gecko) Chrome/105.0.0.0 Safari/537.36" "ysfine.com"
173.73.80.118 - - [26/Sep/2022:23:04:51 -0700] "GET /home/fotos/flor14d.jpg HTTP/1.1" 304 - "https://ysfine.com/home/bio22.html" "Mozilla/5.0 (Windows NT 10.0; Win64; x64) AppleWebKit/537.36 (KHTML, like Gecko) Chrome/105.0.0.0 Safari/537.36" "ysfine.com"
173.73.80.118 - - [26/Sep/2022:23:04:51 -0700] "GET /home/fotos/boy11f.jpg HTTP/1.1" 304 - "https://ysfine.com/home/bio22.html" "Mozilla/5.0 (Windows NT 10.0; Win64; x64) AppleWebKit/537.36 (KHTML, like Gecko) Chrome/105.0.0.0 Safari/537.36" "ysfine.com"
173.73.80.118 - - [26/Sep/2022:23:04:51 -0700] "GET /home/fig22/acs73f.jpg HTTP/1.1" 304 - "https://ysfine.com/home/bio22.html" "Mozilla/5.0 (Windows NT 10.0; Win64; x64) AppleWebKit/537.36 (KHTML, like Gecko) Chrome/105.0.0.0 Safari/537.36" "ysfine.com"
173.73.80.118 - - [26/Sep/2022:23:04:51 -0700] "GET /home/fotos/photo03d.jpg HTTP/1.1" 304 - "https://ysfine.com/home/bio22.html" "Mozilla/5.0 (Windows NT 10.0; Win64; x64) AppleWebKit/537.36 (KHTML, like Gecko) Chrome/105.0.0.0 Safari/537.36" "ysfine.com"
173.73.80.118 - - [26/Sep/2022:23:04:51 -0700] "GET /home/fig22/cafe33f.jpg HTTP/1.1" 304 - "https://ysfine.com/home/bio22.html" "Mozilla/5.0 (Windows NT 10.0; Win64; x64) AppleWebKit/537.36 (KHTML, like Gecko) Chrome/105.0.0.0 Safari/537.36" "ysfine.com"
173.73.80.118 - - [26/Sep/2022:23:04:51 -0700] "GET /home/fig22/acs96f.jpg HTTP/1.1" 304 - "https://ysfine.com/home/bio22.html" "Mozilla/5.0 (Windows NT 10.0; Win64; x64) AppleWebKit/537.36 (KHTML, like Gecko) Chrome/105.0.0.0 Safari/537.36" "ysfine.com"
173.73.80.118 - - [26/Sep/2022:23:04:51 -0700] "GET /home/mac05f.jpg HTTP/1.1" 304 - "https://ysfine.com/home/bio22.html" "Mozilla/5.0 (Windows NT 10.0; Win64; x64) AppleWebKit/537.36 (KHTML, like Gecko) Chrome/105.0.0.0 Safari/537.36" "ysfine.com"
173.73.80.118 - - [26/Sep/2022:23:04:51 -0700] "GET /home/pungsin11f.jpg HTTP/1.1" 304 - "https://ysfine.com/home/bio22.html" "Mozilla/5.0 (Windows NT 10.0; Win64; x64) AppleWebKit/537.36 (KHTML, like Gecko) Chrome/105.0.0.0 Safari/537.36" "ysfine.com"
