138.246.3.46 - - [27/Sep/2022:05:41:47 -0700] "GET /wigner/wigner39.pdf HTTP/1.1" 200 1398440 "-" "Mozilla/5.0 (Macintosh; Intel Mac OS X 10_15_6) AppleWebKit/605.1.15 (KHTML, like Gecko) Version/15.6.1 Safari/605.1.15" "ysfine.com"
138.246.3.46 - - [27/Sep/2022:05:41:54 -0700] "GET /favicon.ico HTTP/1.1" 404 88 "https://ysfine.com/wigner/wigner39.pdf" "Mozilla/5.0 (Macintosh; Intel Mac OS X 10_15_6) AppleWebKit/605.1.15 (KHTML, like Gecko) Version/15.6.1 Safari/605.1.15" "ysfine.com"
157.55.39.58 - - [27/Sep/2022:05:42:21 -0700] "GET /wdc/whxmas/whxmas12.jpg HTTP/1.1" 200 85147 "-" "Mozilla/5.0 (compatible; bingbot/2.0; +http://www.bing.com/bingbot.htm)" "ysfine.com"
157.55.39.58 - - [27/Sep/2022:05:42:22 -0700] "GET /home/fotos/photo06c.jpg HTTP/1.1" 200 40796 "-" "Mozilla/5.0 (compatible; bingbot/2.0; +http://www.bing.com/bingbot.htm)" "ysfine.com"
207.46.13.180 - - [27/Sep/2022:05:42:45 -0700] "GET /princeton/lakecar33.jpg HTTP/1.1" 200 103248 "-" "Mozilla/5.0 (compatible; bingbot/2.0; +http://www.bing.com/bingbot.htm)" "ysfine.com"
17.121.112.30 - - [27/Sep/2022:05:43:08 -0700] "GET /feynman/index.html HTTP/1.1" 200 124 "-" "Mozilla/5.0 (Macintosh; Intel Mac OS X 10_15_5) AppleWebKit/605.1.15 (KHTML, like Gecko) Version/13.1.1 Safari/605.1.15 (Applebot/0.1; +http://www.apple.com/go/applebot)" "ysfine.com"
40.77.167.61 - - [27/Sep/2022:05:44:13 -0700] "GET /usca/pitt/bushhotel22.jpg HTTP/1.1" 200 46667 "-" "Mozilla/5.0 (compatible; bingbot/2.0; +http://www.bing.com/bingbot.htm)" "www.ysfine.com"
157.55.39.55 - - [27/Sep/2022:05:44:43 -0700] "GET /princeton/brooke56.jpg HTTP/1.1" 200 105139 "-" "Mozilla/5.0 (compatible; bingbot/2.0; +http://www.bing.com/bingbot.htm)" "www.ysfine.com"
157.55.39.58 - - [27/Sep/2022:05:44:44 -0700] "GET /kobak/taylor.html HTTP/1.1" 200 384 "-" "Mozilla/5.0 (compatible; bingbot/2.0; +http://www.bing.com/bingbot.htm)" "ysfine.com"
157.55.39.55 - - [27/Sep/2022:05:45:28 -0700] "GET /maga/histo/desiree22.jpg HTTP/1.1" 200 113561 "-" "Mozilla/5.0 (compatible; bingbot/2.0; +http://www.bing.com/bingbot.htm)" "ysfine.com"
157.55.39.58 - - [27/Sep/2022:05:45:43 -0700] "GET /world/scandi/sto004b.jpg HTTP/1.1" 200 27149 "-" "Mozilla/5.0 (compatible; bingbot/2.0; +http://www.bing.com/bingbot.htm)" "www.ysfine.com"
157.55.39.58 - - [27/Sep/2022:05:47:33 -0700] "GET /world/cambr.html HTTP/1.1" 200 6189 "-" "Mozilla/5.0 (compatible; bingbot/2.0; +http://www.bing.com/bingbot.htm)" "ysfine.com"
157.55.39.128 - - [27/Sep/2022:05:47:45 -0700] "GET /world/veneto.html HTTP/1.1" 200 6676 "-" "Mozilla/5.0 AppleWebKit/537.36 (KHTML, like Gecko; compatible; bingbot/2.0; +http://www.bing.com/bingbot.htm) Chrome/103.0.5060.134 Safari/537.36" "ysfine.com"
207.46.13.180 - - [27/Sep/2022:05:48:57 -0700] "GET /world/florence.html HTTP/1.1" 200 9706 "-" "Mozilla/5.0 (compatible; bingbot/2.0; +http://www.bing.com/bingbot.htm)" "ysfine.com"
157.55.39.128 - - [27/Sep/2022:05:49:25 -0700] "GET /world/munich.html HTTP/1.1" 200 3101 "-" "Mozilla/5.0 (compatible; bingbot/2.0; +http://www.bing.com/bingbot.htm)" "ysfine.com"
207.46.13.102 - - [27/Sep/2022:05:49:29 -0700] "GET /jakella/index.html HTTP/1.1" 200 1693 "-" "Mozilla/5.0 (compatible; bingbot/2.0; +http://www.bing.com/bingbot.htm)" "ysfine.com"
207.46.13.102 - - [27/Sep/2022:05:49:29 -0700] "GET /maga/hermite.html HTTP/1.1" 200 4102 "-" "Mozilla/5.0 AppleWebKit/537.36 (KHTML, like Gecko; compatible; bingbot/2.0; +http://www.bing.com/bingbot.htm) Chrome/103.0.5060.134 Safari/537.36" "ysfine.com"
157.55.39.55 - - [27/Sep/2022:05:49:35 -0700] "GET /world/andal.html HTTP/1.1" 200 10099 "-" "Mozilla/5.0 (compatible; bingbot/2.0; +http://www.bing.com/bingbot.htm)" "ysfine.com"
40.77.167.61 - - [27/Sep/2022:05:49:43 -0700] "GET /home/dwf33.html HTTP/1.1" 200 7188 "-" "Mozilla/5.0 (compatible; bingbot/2.0; +http://www.bing.com/bingbot.htm)" "ysfine.com"
207.46.13.102 - - [27/Sep/2022:05:49:50 -0700] "GET /world/latina/feynplate.html HTTP/1.1" 200 1525 "-" "Mozilla/5.0 (compatible; bingbot/2.0; +http://www.bing.com/bingbot.htm)" "ysfine.com"
157.55.39.128 - - [27/Sep/2022:05:50:05 -0700] "GET /saram/g004.jpg HTTP/1.1" 200 106530 "-" "Mozilla/5.0 (compatible; bingbot/2.0; +http://www.bing.com/bingbot.htm)" "www.ysfine.com"
207.46.13.102 - - [27/Sep/2022:05:50:29 -0700] "GET /kowar/roostalin.html HTTP/1.1" 200 1180 "-" "Mozilla/5.0 (compatible; bingbot/2.0; +http://www.bing.com/bingbot.htm)" "ysfine.com"
157.55.39.55 - - [27/Sep/2022:05:51:26 -0700] "GET /feynman/feynart.html HTTP/1.1" 200 10277 "-" "Mozilla/5.0 AppleWebKit/537.36 (KHTML, like Gecko; compatible; bingbot/2.0; +http://www.bing.com/bingbot.htm) Chrome/103.0.5060.134 Safari/537.36" "ysfine.com"
207.46.13.102 - - [27/Sep/2022:05:52:00 -0700] "GET /world/berlin.html HTTP/1.1" 200 16173 "-" "Mozilla/5.0 AppleWebKit/537.36 (KHTML, like Gecko; compatible; bingbot/2.0; +http://www.bing.com/bingbot.htm) Chrome/103.0.5060.134 Safari/537.36" "www.ysfine.com"
157.55.39.58 - - [27/Sep/2022:05:52:04 -0700] "GET /home/harmoarchi.html HTTP/1.1" 200 3686 "-" "Mozilla/5.0 (compatible; bingbot/2.0; +http://www.bing.com/bingbot.htm)" "ysfine.com"
157.55.39.55 - - [27/Sep/2022:05:52:17 -0700] "GET /maga/kantao.html HTTP/1.1" 200 1675 "-" "Mozilla/5.0 (compatible; bingbot/2.0; +http://www.bing.com/bingbot.htm)" "ysfine.com"
185.191.171.5 - - [27/Sep/2022:05:53:02 -0700] "GET /robots.txt HTTP/1.1" 404 88 "-" "Mozilla/5.0 (compatible; SemrushBot/7~bl; +http://www.semrush.com/bot.html)" "ysfine.com"
185.191.171.15 - - [27/Sep/2022:05:53:04 -0700] "GET /feynman/quark50.html HTTP/1.1" 200 4079 "-" "Mozilla/5.0 (compatible; SemrushBot/7~bl; +http://www.semrush.com/bot.html)" "ysfine.com"
77.75.77.36 - - [27/Sep/2022:05:53:04 -0700] "GET /robots.txt HTTP/1.1" 404 88 "-" "Mozilla/5.0 (compatible; SeznamBot/3.2; +http://napoveda.seznam.cz/en/seznambot-intro/)" "ysfine.com"
77.75.77.36 - - [27/Sep/2022:05:53:06 -0700] "GET /world/germany/berlin116.jpg HTTP/1.1" 200 102989 "-" "Mozilla/5.0 (compatible; SeznamBot/3.2; +http://napoveda.seznam.cz/en/seznambot-intro/)" "ysfine.com"
77.75.77.36 - - [27/Sep/2022:05:53:09 -0700] "GET /world/germany/berlin152.jpg HTTP/1.1" 200 124326 "-" "Mozilla/5.0 (compatible; SeznamBot/3.2; +http://napoveda.seznam.cz/en/seznambot-intro/)" "ysfine.com"
77.75.77.36 - - [27/Sep/2022:05:53:12 -0700] "GET /wdc/washmo14.jpg HTTP/1.1" 304 - "-" "Mozilla/5.0 (compatible; SeznamBot/3.2; +http://napoveda.seznam.cz/en/seznambot-intro/)" "ysfine.com"
51.222.253.8 - - [27/Sep/2022:05:53:33 -0700] "GET /class54/ HTTP/1.1" 200 2553 "-" "Mozilla/5.0 (compatible; AhrefsBot/7.0; +http://ahrefs.com/robot/)" "www.ysfine.com"
40.77.167.61 - - [27/Sep/2022:05:53:56 -0700] "GET /kobak/sebiro.html HTTP/1.1" 200 8966 "-" "Mozilla/5.0 (compatible; bingbot/2.0; +http://www.bing.com/bingbot.htm)" "ysfine.com"
157.55.39.58 - - [27/Sep/2022:05:54:14 -0700] "GET /einstein/eindcmap.html HTTP/1.1" 200 1176 "-" "Mozilla/5.0 (compatible; bingbot/2.0; +http://www.bing.com/bingbot.htm)" "ysfine.com"
207.46.13.180 - - [27/Sep/2022:05:54:27 -0700] "GET /world/baltic/lithu18.jpg HTTP/1.1" 200 139871 "-" "Mozilla/5.0 (compatible; bingbot/2.0; +http://www.bing.com/bingbot.htm)" "ysfine.com"
201.26.101.104 - - [27/Sep/2022:05:55:00 -0700] "GET /wigner/neum/vnc01.jpg HTTP/1.1" 200 133641 "https://sites.google.com/" "Mozilla/5.0 (Linux; Android 6.0.1; SM-J500M) AppleWebKit/537.36 (KHTML, like Gecko) Chrome/105.0.0.0 Mobile Safari/537.36" "ysfine.com"
207.46.13.102 - - [27/Sep/2022:05:55:20 -0700] "GET /wdc/washmo07b.jpg HTTP/1.1" 200 34166 "-" "Mozilla/5.0 (compatible; bingbot/2.0; +http://www.bing.com/bingbot.htm)" "www.ysfine.com"
51.155.12.99 - - [27/Sep/2022:05:55:33 -0700] "GET /feynman/jf2.jpg HTTP/1.1" 200 10558 "https://www.google.com/" "Mozilla/5.0 (Linux; Android 10; MAR-LX1B) AppleWebKit/537.36 (KHTML, like Gecko) Chrome/87.0.4280.141 Mobile Safari/537.36" "ysfine.com"
107.167.109.88 - - [27/Sep/2022:05:55:55 -0700] "GET /maga/invent/popov03.jpg HTTP/1.1" 200 85311 "https://restlessgihydom.tumblr.com/page/2" "Opera/9.80 (MAUI Runtime; Opera Mini/4.4.39016/191.275; U; ru) Presto/2.12.423 Version/12.16" "www.ysfine.com"
157.55.39.128 - - [27/Sep/2022:05:55:56 -0700] "GET /maga/conic.html HTTP/1.1" 200 4049 "-" "Mozilla/5.0 AppleWebKit/537.36 (KHTML, like Gecko; compatible; bingbot/2.0; +http://www.bing.com/bingbot.htm) Chrome/103.0.5060.134 Safari/537.36" "www.ysfine.com"
107.77.234.56 - - [27/Sep/2022:05:56:01 -0700] "GET /maga/hegel.html HTTP/1.1" 200 4700 "https://www.google.com/" "Mozilla/5.0 (iPhone; CPU iPhone OS 15_6_1 like Mac OS X) AppleWebKit/605.1.15 (KHTML, like Gecko) Version/15.6.1 Mobile/15E148 Safari/604.1" "ysfine.com"
107.77.234.56 - - [27/Sep/2022:05:56:01 -0700] "GET /world/germany/hegel03b.jpg HTTP/1.1" 200 61436 "https://ysfine.com/maga/hegel.html" "Mozilla/5.0 (iPhone; CPU iPhone OS 15_6_1 like Mac OS X) AppleWebKit/605.1.15 (KHTML, like Gecko) Version/15.6.1 Mobile/15E148 Safari/604.1" "ysfine.com"
107.77.234.56 - - [27/Sep/2022:05:56:01 -0700] "GET /maga/phys/maxwell02b.jpg HTTP/1.1" 200 43279 "https://ysfine.com/maga/hegel.html" "Mozilla/5.0 (iPhone; CPU iPhone OS 15_6_1 like Mac OS X) AppleWebKit/605.1.15 (KHTML, like Gecko) Version/15.6.1 Mobile/15E148 Safari/604.1" "ysfine.com"
107.77.234.56 - - [27/Sep/2022:05:56:01 -0700] "GET /einstein/eins47b.jpg HTTP/1.1" 200 48772 "https://ysfine.com/maga/hegel.html" "Mozilla/5.0 (iPhone; CPU iPhone OS 15_6_1 like Mac OS X) AppleWebKit/605.1.15 (KHTML, like Gecko) Version/15.6.1 Mobile/15E148 Safari/604.1" "ysfine.com"
107.77.234.56 - - [27/Sep/2022:05:56:01 -0700] "GET /people/sbtwein2.jpg HTTP/1.1" 200 30398 "https://ysfine.com/maga/hegel.html" "Mozilla/5.0 (iPhone; CPU iPhone OS 15_6_1 like Mac OS X) AppleWebKit/605.1.15 (KHTML, like Gecko) Version/15.6.1 Mobile/15E148 Safari/604.1" "ysfine.com"
107.77.234.56 - - [27/Sep/2022:05:56:02 -0700] "GET /feynman/feyn86b.jpg HTTP/1.1" 200 26190 "https://ysfine.com/maga/hegel.html" "Mozilla/5.0 (iPhone; CPU iPhone OS 15_6_1 like Mac OS X) AppleWebKit/605.1.15 (KHTML, like Gecko) Version/15.6.1 Mobile/15E148 Safari/604.1" "ysfine.com"
107.77.234.56 - - [27/Sep/2022:05:56:02 -0700] "GET /eink/eink61b.jpg HTTP/1.1" 200 28018 "https://ysfine.com/maga/hegel.html" "Mozilla/5.0 (iPhone; CPU iPhone OS 15_6_1 like Mac OS X) AppleWebKit/605.1.15 (KHTML, like Gecko) Version/15.6.1 Mobile/15E148 Safari/604.1" "ysfine.com"
107.77.234.56 - - [27/Sep/2022:05:56:02 -0700] "GET /home/comet01b.jpg HTTP/1.1" 200 53465 "https://ysfine.com/maga/hegel.html" "Mozilla/5.0 (iPhone; CPU iPhone OS 15_6_1 like Mac OS X) AppleWebKit/605.1.15 (KHTML, like Gecko) Version/15.6.1 Mobile/15E148 Safari/604.1" "ysfine.com"
107.77.234.56 - - [27/Sep/2022:05:56:02 -0700] "GET /world/germany/hegel09b.jpg HTTP/1.1" 200 46010 "https://ysfine.com/maga/hegel.html" "Mozilla/5.0 (iPhone; CPU iPhone OS 15_6_1 like Mac OS X) AppleWebKit/605.1.15 (KHTML, like Gecko) Version/15.6.1 Mobile/15E148 Safari/604.1" "ysfine.com"
107.77.234.56 - - [27/Sep/2022:05:56:02 -0700] "GET /world/germany/hegel01b.jpg HTTP/1.1" 200 31600 "https://ysfine.com/maga/hegel.html" "Mozilla/5.0 (iPhone; CPU iPhone OS 15_6_1 like Mac OS X) AppleWebKit/605.1.15 (KHTML, like Gecko) Version/15.6.1 Mobile/15E148 Safari/604.1" "ysfine.com"
107.77.234.56 - - [27/Sep/2022:05:56:02 -0700] "GET /world/germany/hegel04b.jpg HTTP/1.1" 200 45635 "https://ysfine.com/maga/hegel.html" "Mozilla/5.0 (iPhone; CPU iPhone OS 15_6_1 like Mac OS X) AppleWebKit/605.1.15 (KHTML, like Gecko) Version/15.6.1 Mobile/15E148 Safari/604.1" "ysfine.com"
107.77.234.56 - - [27/Sep/2022:05:56:02 -0700] "GET /world/germany/hegel21b.jpg HTTP/1.1" 200 52348 "https://ysfine.com/maga/hegel.html" "Mozilla/5.0 (iPhone; CPU iPhone OS 15_6_1 like Mac OS X) AppleWebKit/605.1.15 (KHTML, like Gecko) Version/15.6.1 Mobile/15E148 Safari/604.1" "ysfine.com"
107.77.234.56 - - [27/Sep/2022:05:56:03 -0700] "GET /favicon.ico HTTP/1.1" 404 88 "https://ysfine.com/maga/hegel.html" "Mozilla/5.0 (iPhone; CPU iPhone OS 15_6_1 like Mac OS X) AppleWebKit/605.1.15 (KHTML, like Gecko) Version/15.6.1 Mobile/15E148 Safari/604.1" "ysfine.com"
157.55.39.128 - - [27/Sep/2022:05:56:16 -0700] "GET /dirac/dirkim.html HTTP/1.1" 200 3690 "-" "Mozilla/5.0 AppleWebKit/537.36 (KHTML, like Gecko; compatible; bingbot/2.0; +http://www.bing.com/bingbot.htm) Chrome/103.0.5060.134 Safari/537.36" "www.ysfine.com"
107.167.109.88 - - [27/Sep/2022:05:56:58 -0700] "GET /maga/invent/popov03.jpg HTTP/1.1" 200 85311 "https://restlessgihydom.tumblr.com/page/2" "Opera/9.80 (MAUI Runtime; Opera Mini/4.4.39016/191.275; U; ru) Presto/2.12.423 Version/12.16" "www.ysfine.com"
157.55.39.55 - - [27/Sep/2022:05:57:17 -0700] "GET /wigner/neumann.html HTTP/1.1" 200 1332 "-" "Mozilla/5.0 (compatible; bingbot/2.0; +http://www.bing.com/bingbot.htm)" "ysfine.com"
207.46.13.180 - - [27/Sep/2022:05:57:48 -0700] "GET /world/scandi/vaxjo08.jpg HTTP/1.1" 200 80482 "-" "Mozilla/5.0 (compatible; bingbot/2.0; +http://www.bing.com/bingbot.htm)" "www.ysfine.com"
157.55.39.58 - - [27/Sep/2022:05:59:43 -0700] "GET /kowar/feb8.jpg HTTP/1.1" 200 184058 "-" "Mozilla/5.0 AppleWebKit/537.36 (KHTML, like Gecko; compatible; bingbot/2.0; +http://www.bing.com/bingbot.htm) Chrome/103.0.5060.134 Safari/537.36" "www.ysfine.com"
200.201.116.43 - - [27/Sep/2022:06:00:45 -0700] "GET /wigner/neum/vnc01.jpg HTTP/1.1" 200 133641 "https://sites.google.com/" "Mozilla/5.0 (X11; Linux x86_64) AppleWebKit/537.36 (KHTML, like Gecko) Chrome/102.0.5005.61 Safari/537.36" "ysfine.com"
207.46.13.102 - - [27/Sep/2022:06:00:51 -0700] "GET /home/wcartoon.html HTTP/1.1" 200 6127 "-" "Mozilla/5.0 (compatible; bingbot/2.0; +http://www.bing.com/bingbot.htm)" "www.ysfine.com"
17.121.114.119 - - [27/Sep/2022:06:00:56 -0700] "GET /feynman/feyntop.html HTTP/1.1" 200 435 "https://ysfine.com/feynman/index.html" "Mozilla/5.0 (Macintosh; Intel Mac OS X 10_15_5) AppleWebKit/605.1.15 (KHTML, like Gecko) Version/13.1.1 Safari/605.1.15 (Applebot/0.1; +http://www.apple.com/go/applebot)" "ysfine.com"
17.121.113.95 - - [27/Sep/2022:06:00:57 -0700] "GET /feynman/feynbot.html HTTP/1.1" 200 138 "https://ysfine.com/feynman/index.html" "Mozilla/5.0 (Macintosh; Intel Mac OS X 10_15_5) AppleWebKit/605.1.15 (KHTML, like Gecko) Version/13.1.1 Safari/605.1.15 (Applebot/0.1; +http://www.apple.com/go/applebot)" "ysfine.com"
17.121.114.119 - - [27/Sep/2022:06:00:57 -0700] "GET /feynman/feynleft.html HTTP/1.1" 200 523 "https://ysfine.com/feynman/feynbot.html" "Mozilla/5.0 (Macintosh; Intel Mac OS X 10_15_5) AppleWebKit/605.1.15 (KHTML, like Gecko) Version/13.1.1 Safari/605.1.15 (Applebot/0.1; +http://www.apple.com/go/applebot)" "ysfine.com"
17.121.113.95 - - [27/Sep/2022:06:00:57 -0700] "GET /feynman/feynrigh.html HTTP/1.1" 200 2183 "https://ysfine.com/feynman/feynbot.html" "Mozilla/5.0 (Macintosh; Intel Mac OS X 10_15_5) AppleWebKit/605.1.15 (KHTML, like Gecko) Version/13.1.1 Safari/605.1.15 (Applebot/0.1; +http://www.apple.com/go/applebot)" "ysfine.com"
212.250.19.110 - - [27/Sep/2022:06:01:19 -0700] "GET /world/russ/kazanmap22.jpg HTTP/1.1" 200 129761 "https://www.google.com/" "Mozilla/5.0 (Linux; Android 10; SM-T500 Build/QP1A.190711.020; wv) AppleWebKit/537.36 (KHTML, like Gecko) Version/4.0 Chrome/105.0.5195.136 Safari/537.36 GSA/10.97.8.21.arm64" "ysfine.com"
157.55.39.55 - - [27/Sep/2022:06:02:17 -0700] "GET /people/index.html HTTP/1.1" 200 125 "-" "Mozilla/5.0 (compatible; bingbot/2.0; +http://www.bing.com/bingbot.htm)" "ysfine.com"
157.55.39.58 - - [27/Sep/2022:06:02:34 -0700] "GET /wdc/kennedyc19.jpg HTTP/1.1" 200 107769 "-" "Mozilla/5.0 AppleWebKit/537.36 (KHTML, like Gecko; compatible; bingbot/2.0; +http://www.bing.com/bingbot.htm) Chrome/103.0.5060.134 Safari/537.36" "www.ysfine.com"
207.46.13.102 - - [27/Sep/2022:06:03:01 -0700] "GET /kowar/tanks/sherman51.jpg HTTP/1.1" 200 110942 "-" "Mozilla/5.0 AppleWebKit/537.36 (KHTML, like Gecko; compatible; bingbot/2.0; +http://www.bing.com/bingbot.htm) Chrome/103.0.5060.134 Safari/537.36" "ysfine.com"
157.55.39.55 - - [27/Sep/2022:06:03:35 -0700] "GET /world/russ/tchaikovhall03.jpg HTTP/1.1" 200 146131 "-" "Mozilla/5.0 (compatible; bingbot/2.0; +http://www.bing.com/bingbot.htm)" "ysfine.com"
40.77.167.61 - - [27/Sep/2022:06:03:44 -0700] "GET /maga/phys/poinsf/slide-37.jpg HTTP/1.1" 200 64070 "-" "Mozilla/5.0 AppleWebKit/537.36 (KHTML, like Gecko; compatible; bingbot/2.0; +http://www.bing.com/bingbot.htm) Chrome/103.0.5060.134 Safari/537.36" "ysfine.com"
157.55.39.128 - - [27/Sep/2022:06:03:48 -0700] "GET /dirac/dirfeyn.html HTTP/1.1" 200 6341 "-" "Mozilla/5.0 (compatible; bingbot/2.0; +http://www.bing.com/bingbot.htm)" "ysfine.com"
40.77.167.61 - - [27/Sep/2022:06:04:28 -0700] "GET /kobak/kimc.html HTTP/1.1" 200 4345 "-" "Mozilla/5.0 AppleWebKit/537.36 (KHTML, like Gecko; compatible; bingbot/2.0; +http://www.bing.com/bingbot.htm) Chrome/103.0.5060.134 Safari/537.36" "ysfine.com"
157.55.39.58 - - [27/Sep/2022:06:05:35 -0700] "GET /feynman/feyheg.html HTTP/1.1" 200 6341 "-" "Mozilla/5.0 (compatible; bingbot/2.0; +http://www.bing.com/bingbot.htm)" "www.ysfine.com"
40.77.167.61 - - [27/Sep/2022:06:05:43 -0700] "GET /world/brit/covent09.jpg HTTP/1.1" 200 160425 "-" "Mozilla/5.0 (compatible; bingbot/2.0; +http://www.bing.com/bingbot.htm)" "ysfine.com"
157.55.39.128 - - [27/Sep/2022:06:06:27 -0700] "GET /wigner/wigpoinc.html HTTP/1.1" 200 6586 "-" "Mozilla/5.0 (compatible; bingbot/2.0; +http://www.bing.com/bingbot.htm)" "ysfine.com"
51.222.253.7 - - [27/Sep/2022:06:07:03 -0700] "GET /style/musee/uffizi02.html HTTP/1.1" 200 401 "-" "Mozilla/5.0 (compatible; AhrefsBot/7.0; +http://ahrefs.com/robot/)" "www.ysfine.com"
51.222.253.5 - - [27/Sep/2022:06:07:04 -0700] "GET /style/musee/uffizi02.jpg HTTP/1.1" 200 122588 "-" "Mozilla/5.0 (compatible; AhrefsBot/7.0; +http://ahrefs.com/robot/)" "www.ysfine.com"
51.222.253.3 - - [27/Sep/2022:06:07:05 -0700] "GET /style/musee/uffizi05.jpg HTTP/1.1" 404 88 "-" "Mozilla/5.0 (compatible; AhrefsBot/7.0; +http://ahrefs.com/robot/)" "www.ysfine.com"
185.191.171.26 - - [27/Sep/2022:06:07:20 -0700] "GET /kobak/kimc.html HTTP/1.1" 200 4345 "-" "Mozilla/5.0 (compatible; SemrushBot/7~bl; +http://www.semrush.com/bot.html)" "ysfine.com"
207.46.13.180 - - [27/Sep/2022:06:07:39 -0700] "GET /wdc/annapolis.html HTTP/1.1" 200 3158 "-" "Mozilla/5.0 (compatible; bingbot/2.0; +http://www.bing.com/bingbot.htm)" "www.ysfine.com"
157.55.39.55 - - [27/Sep/2022:06:08:20 -0700] "GET /maga/editesl.html HTTP/1.1" 200 7578 "-" "Mozilla/5.0 (compatible; bingbot/2.0; +http://www.bing.com/bingbot.htm)" "ysfine.com"
124.149.255.170 - - [27/Sep/2022:06:09:09 -0700] "GET /dongio/amkor/kgirls02a.jpg HTTP/1.1" 404 88 "https://www.google.com/" "Mozilla/5.0 (Windows NT 10.0; Win64; x64) AppleWebKit/537.36 (KHTML, like Gecko) Chrome/105.0.0.0 Safari/537.36" "ysfine.com"
124.149.255.170 - - [27/Sep/2022:06:09:13 -0700] "GET /dongio/amkor/kgirls02a.jpg HTTP/1.1" 404 88 "https://www.google.com/" "Mozilla/5.0 (Windows NT 10.0; Win64; x64) AppleWebKit/537.36 (KHTML, like Gecko) Chrome/105.0.0.0 Safari/537.36" "ysfine.com"
124.149.255.170 - - [27/Sep/2022:06:09:16 -0700] "GET /dongio/amkor/kgirls01.jpg HTTP/1.1" 404 88 "https://www.google.com/" "Mozilla/5.0 (Windows NT 10.0; Win64; x64) AppleWebKit/537.36 (KHTML, like Gecko) Chrome/105.0.0.0 Safari/537.36" "ysfine.com"
124.149.255.170 - - [27/Sep/2022:06:09:18 -0700] "GET /dongio/amkor/kgirls01.jpg HTTP/1.1" 404 88 "https://www.google.com/" "Mozilla/5.0 (Windows NT 10.0; Win64; x64) AppleWebKit/537.36 (KHTML, like Gecko) Chrome/105.0.0.0 Safari/537.36" "ysfine.com"
128.2.177.227 - - [27/Sep/2022:06:12:09 -0700] "GET /wigner/neum/pvn07.jpg HTTP/1.1" 200 101823 "-" "Mozilla/5.0 (X11; Linux i686) AppleWebKit/537.17 (KHTML, like Gecko) Chrome/24.0.1312.27 Safari/537.17" "ysfine.com"
128.2.177.227 - - [27/Sep/2022:06:12:12 -0700] "GET /wigner/neum/pvn05.jpg HTTP/1.1" 200 219501 "-" "Mozilla/5.0 (X11; Linux i686) AppleWebKit/537.17 (KHTML, like Gecko) Chrome/24.0.1312.27 Safari/537.17" "ysfine.com"
128.2.177.227 - - [27/Sep/2022:06:12:15 -0700] "GET /wigner/neum/pvn03.jpg HTTP/1.1" 200 83757 "-" "Mozilla/5.0 (X11; Linux i686) AppleWebKit/537.17 (KHTML, like Gecko) Chrome/24.0.1312.27 Safari/537.17" "ysfine.com"
128.2.177.227 - - [27/Sep/2022:06:12:26 -0700] "GET /wigner/neum/vnc02.jpg HTTP/1.1" 200 122957 "-" "Mozilla/5.0 (X11; Linux i686) AppleWebKit/537.17 (KHTML, like Gecko) Chrome/24.0.1312.27 Safari/537.17" "ysfine.com"
157.55.39.128 - - [27/Sep/2022:06:12:27 -0700] "GET /maga/histo/desiree21.jpg HTTP/1.1" 200 91829 "-" "Mozilla/5.0 (compatible; bingbot/2.0; +http://www.bing.com/bingbot.htm)" "ysfine.com"
157.55.39.128 - - [27/Sep/2022:06:12:27 -0700] "GET /style/tatyana11b.jpg HTTP/1.1" 200 29416 "-" "Mozilla/5.0 (compatible; bingbot/2.0; +http://www.bing.com/bingbot.htm)" "ysfine.com"
207.46.13.180 - - [27/Sep/2022:06:14:00 -0700] "GET /wdc/gtown08b.jpg HTTP/1.1" 200 55792 "-" "Mozilla/5.0 (compatible; bingbot/2.0; +http://www.bing.com/bingbot.htm)" "ysfine.com"
207.46.13.102 - - [27/Sep/2022:06:14:12 -0700] "GET /einstein/places/einha12.jpg HTTP/1.1" 200 118952 "-" "Mozilla/5.0 AppleWebKit/537.36 (KHTML, like Gecko; compatible; bingbot/2.0; +http://www.bing.com/bingbot.htm) Chrome/103.0.5060.134 Safari/537.36" "ysfine.com"
66.249.70.8 - - [27/Sep/2022:06:14:22 -0700] "GET /robots.txt HTTP/1.1" 404 88 "-" "Mozilla/5.0 (compatible; Googlebot/2.1; +http://www.google.com/bot.html)" "www.ysfine.com"
51.222.253.2 - - [27/Sep/2022:06:14:35 -0700] "GET /usca/pitt/westifn.html HTTP/1.1" 200 1525 "-" "Mozilla/5.0 (compatible; AhrefsBot/7.0; +http://ahrefs.com/robot/)" "www.ysfine.com"
51.222.253.15 - - [27/Sep/2022:06:14:38 -0700] "GET /usca/pitt/westifn01b.jpg HTTP/1.1" 200 54526 "-" "Mozilla/5.0 (compatible; AhrefsBot/7.0; +http://ahrefs.com/robot/)" "www.ysfine.com"
207.46.13.180 - - [27/Sep/2022:06:14:39 -0700] "GET /world/scandi/copen047.jpg HTTP/1.1" 200 66016 "-" "Mozilla/5.0 (compatible; bingbot/2.0; +http://www.bing.com/bingbot.htm)" "ysfine.com"
51.222.253.1 - - [27/Sep/2022:06:14:39 -0700] "GET /usca/pitt/westifn07b.jpg HTTP/1.1" 200 51594 "-" "Mozilla/5.0 (compatible; AhrefsBot/7.0; +http://ahrefs.com/robot/)" "www.ysfine.com"
66.249.70.4 - - [27/Sep/2022:06:14:44 -0700] "GET /maga/boltz/maxrel11.jpg HTTP/1.1" 200 85867 "-" "Googlebot-Image/1.0" "ysfine.com"
106.102.128.180 - - [27/Sep/2022:06:15:09 -0700] "GET /princeton/brooke11.jpg HTTP/1.1" 200 88020 "https://m.blog.daum.net/ydiana1234/18095662" "Mozilla/5.0 (Linux; Android 12; SM-F711N) AppleWebKit/537.36 (KHTML, like Gecko) Chrome/105.0.0.0 Mobile Safari/537.36" "ysfine.com"
157.55.39.58 - - [27/Sep/2022:06:15:45 -0700] "GET /kobak/northk.jpg HTTP/1.1" 200 112148 "-" "Mozilla/5.0 (compatible; bingbot/2.0; +http://www.bing.com/bingbot.htm)" "ysfine.com"
114.119.128.14 - - [27/Sep/2022:06:15:54 -0700] "GET /maga/phil/sisfa12/frame50.html HTTP/1.1" 200 320 "https://www.ysfine.com/maga/phil/sisfa12/frame51.html" "Mozilla/5.0 (Linux; Android 7.0;) AppleWebKit/537.36 (KHTML, like Gecko) Mobile Safari/537.36 (compatible; PetalBot;+https://webmaster.petalsearch.com/site/petalbot)" "www.ysfine.com"
77.88.5.126 - - [27/Sep/2022:06:16:27 -0700] "GET /robots.txt HTTP/1.1" 404 73 "-" "Mozilla/5.0 (compatible; YandexBot/3.0; +http://yandex.com/bots)" "www.ysfine.com"
77.88.5.46 - - [27/Sep/2022:06:16:31 -0700] "GET /world/russ/basil21.pdf HTTP/1.1" 200 168219 "-" "Mozilla/5.0 (compatible; YandexBot/3.0; +http://yandex.com/bots)" "www.ysfine.com"
77.88.5.245 - - [27/Sep/2022:06:16:49 -0700] "GET /yspapers/index.html HTTP/1.1" 200 21306 "-" "Mozilla/5.0 (compatible; YandexBot/3.0; +http://yandex.com/bots)" "www.ysfine.com"
207.46.13.180 - - [27/Sep/2022:06:17:31 -0700] "GET /world/russ/kazan005.jpg HTTP/1.1" 200 99334 "-" "Mozilla/5.0 (compatible; bingbot/2.0; +http://www.bing.com/bingbot.htm)" "www.ysfine.com"
40.77.167.61 - - [27/Sep/2022:06:17:51 -0700] "GET /world/brit/lonstore.html HTTP/1.1" 200 385 "-" "Mozilla/5.0 (compatible; bingbot/2.0; +http://www.bing.com/bingbot.htm)" "ysfine.com"
157.55.39.128 - - [27/Sep/2022:06:18:17 -0700] "GET /style/musee/orsaym39.jpg HTTP/1.1" 200 164785 "-" "Mozilla/5.0 (compatible; bingbot/2.0; +http://www.bing.com/bingbot.htm)" "ysfine.com"
207.46.13.180 - - [27/Sep/2022:06:18:31 -0700] "GET /einstein/einbohr.html HTTP/1.1" 200 6142 "-" "Mozilla/5.0 (compatible; bingbot/2.0; +http://www.bing.com/bingbot.htm)" "ysfine.com"
157.55.39.58 - - [27/Sep/2022:06:18:37 -0700] "GET /style/nga.html HTTP/1.1" 200 1010 "-" "Mozilla/5.0 (compatible; bingbot/2.0; +http://www.bing.com/bingbot.htm)" "www.ysfine.com"
207.46.13.180 - - [27/Sep/2022:06:18:50 -0700] "GET /maga/naimark.html HTTP/1.1" 200 4603 "-" "Mozilla/5.0 (compatible; bingbot/2.0; +http://www.bing.com/bingbot.htm)" "ysfine.com"
207.46.13.180 - - [27/Sep/2022:06:18:59 -0700] "GET /ffriends/armenstu01.jpg HTTP/1.1" 200 220473 "-" "Mozilla/5.0 (compatible; bingbot/2.0; +http://www.bing.com/bingbot.htm)" "ysfine.com"
79.167.154.25 - - [27/Sep/2022:06:19:58 -0700] "GET /maga/phil/sisfa12/kanthegel01.jpg HTTP/1.1" 200 77614 "https://www.google.com/" "Mozilla/5.0 (Windows NT 10.0; Win64; x64) AppleWebKit/537.36 (KHTML, like Gecko) Chrome/105.0.0.0 Safari/537.36" "ysfine.com"
69.58.56.66 - - [27/Sep/2022:06:20:03 -0700] "GET /einstein/einbohr33.jpg HTTP/1.1" 200 87797 "https://www.google.com/" "Mozilla/5.0 (X11; CrOS x86_64 14989.107.0) AppleWebKit/537.36 (KHTML, like Gecko) Chrome/105.0.0.0 Safari/537.36" "ysfine.com"
157.55.39.128 - - [27/Sep/2022:06:20:19 -0700] "GET /maga/sarnoff.html HTTP/1.1" 200 7540 "-" "Mozilla/5.0 (compatible; bingbot/2.0; +http://www.bing.com/bingbot.htm)" "ysfine.com"
157.55.39.128 - - [27/Sep/2022:06:20:29 -0700] "GET /style/slavianki.html HTTP/1.1" 200 2686 "-" "Mozilla/5.0 AppleWebKit/537.36 (KHTML, like Gecko; compatible; bingbot/2.0; +http://www.bing.com/bingbot.htm) Chrome/103.0.5060.134 Safari/537.36" "www.ysfine.com"
51.222.253.3 - - [27/Sep/2022:06:21:07 -0700] "GET /style/stbot.html HTTP/1.1" 200 122 "-" "Mozilla/5.0 (compatible; AhrefsBot/7.0; +http://ahrefs.com/robot/)" "www.ysfine.com"
186.248.212.154 - - [27/Sep/2022:06:21:38 -0700] "GET /wigner/neum/vnc01.jpg HTTP/1.1" 200 133641 "https://sites.google.com/" "Mozilla/5.0 (Windows NT 6.1; Win64; x64) AppleWebKit/537.36 (KHTML, like Gecko) Chrome/105.0.0.0 Safari/537.36" "ysfine.com"
157.55.39.55 - - [27/Sep/2022:06:23:49 -0700] "GET /world/polandw.html HTTP/1.1" 200 17892 "-" "Mozilla/5.0 AppleWebKit/537.36 (KHTML, like Gecko; compatible; bingbot/2.0; +http://www.bing.com/bingbot.htm) Chrome/103.0.5060.134 Safari/537.36" "ysfine.com"
114.119.155.2 - - [27/Sep/2022:06:23:57 -0700] "GET /robots.txt HTTP/1.1" 404 88 "-" "Mozilla/5.0 (compatible;PetalBot;+https://webmaster.petalsearch.com/site/petalbot)" "www.ysfine.com"
223.225.54.239 - - [27/Sep/2022:06:24:09 -0700] "GET /remote/wigner111/kim-32.jpg HTTP/1.1" 200 55109 "https://www.google.com/" "Mozilla/5.0 (Linux; Android 12; SM-T225 Build/SP1A.210812.016; wv) AppleWebKit/537.36 (KHTML, like Gecko) Version/4.0 Chrome/103.0.5060.129 Mobile Safari/537.36 GoogleApp/13.36.11.26.arm64" "ysfine.com"
157.55.39.58 - - [27/Sep/2022:06:24:47 -0700] "GET /kobak/shortw.html HTTP/1.1" 200 3128 "-" "Mozilla/5.0 (compatible; bingbot/2.0; +http://www.bing.com/bingbot.htm)" "ysfine.com"
207.46.13.180 - - [27/Sep/2022:06:26:21 -0700] "GET /wdc/washmo07.jpg HTTP/1.1" 200 99468 "-" "Mozilla/5.0 (compatible; bingbot/2.0; +http://www.bing.com/bingbot.htm)" "www.ysfine.com"
51.222.253.5 - - [27/Sep/2022:06:26:33 -0700] "GET /class54/class5470/total_data/sub_304.htm HTTP/1.1" 200 3325 "-" "Mozilla/5.0 (compatible; AhrefsBot/7.0; +http://ahrefs.com/robot/)" "ysfine.com"
20.235.116.52 - - [27/Sep/2022:06:26:49 -0700] "GET / HTTP/1.1" 200 15910 "-" "Mozilla/5.0 (Windows NT 10.0; Win64; x64) AppleWebKit/537.36 (KHTML, like Gecko) Chrome/78.0.3904.108 Safari/537.36" "ysfine.com"
20.235.116.52 - - [27/Sep/2022:06:26:50 -0700] "GET /blog/wp-includes/wlwmanifest.xml HTTP/1.1" 404 73 "-" "Mozilla/5.0 (Windows NT 10.0; Win64; x64) AppleWebKit/537.36 (KHTML, like Gecko) Chrome/78.0.3904.108 Safari/537.36" "ysfine.com"
20.235.116.52 - - [27/Sep/2022:06:26:51 -0700] "GET /web/wp-includes/wlwmanifest.xml HTTP/1.1" 404 73 "-" "Mozilla/5.0 (Windows NT 10.0; Win64; x64) AppleWebKit/537.36 (KHTML, like Gecko) Chrome/78.0.3904.108 Safari/537.36" "ysfine.com"
20.235.116.52 - - [27/Sep/2022:06:26:52 -0700] "GET /wordpress/wp-includes/wlwmanifest.xml HTTP/1.1" 404 73 "-" "Mozilla/5.0 (Windows NT 10.0; Win64; x64) AppleWebKit/537.36 (KHTML, like Gecko) Chrome/78.0.3904.108 Safari/537.36" "ysfine.com"
20.235.116.52 - - [27/Sep/2022:06:26:53 -0700] "GET /wp/wp-includes/wlwmanifest.xml HTTP/1.1" 404 73 "-" "Mozilla/5.0 (Windows NT 10.0; Win64; x64) AppleWebKit/537.36 (KHTML, like Gecko) Chrome/78.0.3904.108 Safari/537.36" "ysfine.com"
20.235.116.52 - - [27/Sep/2022:06:26:54 -0700] "GET /news/wp-includes/wlwmanifest.xml HTTP/1.1" 404 73 "-" "Mozilla/5.0 (Windows NT 10.0; Win64; x64) AppleWebKit/537.36 (KHTML, like Gecko) Chrome/78.0.3904.108 Safari/537.36" "ysfine.com"
20.235.116.52 - - [27/Sep/2022:06:26:56 -0700] "GET /2019/wp-includes/wlwmanifest.xml HTTP/1.1" 404 73 "-" "Mozilla/5.0 (Windows NT 10.0; Win64; x64) AppleWebKit/537.36 (KHTML, like Gecko) Chrome/78.0.3904.108 Safari/537.36" "ysfine.com"
20.235.116.52 - - [27/Sep/2022:06:26:59 -0700] "GET /test/wp-includes/wlwmanifest.xml HTTP/1.1" 404 73 "-" "Mozilla/5.0 (Windows NT 10.0; Win64; x64) AppleWebKit/537.36 (KHTML, like Gecko) Chrome/78.0.3904.108 Safari/537.36" "ysfine.com"
20.235.116.52 - - [27/Sep/2022:06:27:01 -0700] "GET /wp2/wp-includes/wlwmanifest.xml HTTP/1.1" 404 73 "-" "Mozilla/5.0 (Windows NT 10.0; Win64; x64) AppleWebKit/537.36 (KHTML, like Gecko) Chrome/78.0.3904.108 Safari/537.36" "ysfine.com"
20.235.116.52 - - [27/Sep/2022:06:27:02 -0700] "GET /site/wp-includes/wlwmanifest.xml HTTP/1.1" 404 73 "-" "Mozilla/5.0 (Windows NT 10.0; Win64; x64) AppleWebKit/537.36 (KHTML, like Gecko) Chrome/78.0.3904.108 Safari/537.36" "ysfine.com"
20.235.116.52 - - [27/Sep/2022:06:27:03 -0700] "GET /cms/wp-includes/wlwmanifest.xml HTTP/1.1" 404 73 "-" "Mozilla/5.0 (Windows NT 10.0; Win64; x64) AppleWebKit/537.36 (KHTML, like Gecko) Chrome/78.0.3904.108 Safari/537.36" "ysfine.com"
20.235.116.52 - - [27/Sep/2022:06:27:04 -0700] "GET /sito/wp-includes/wlwmanifest.xml HTTP/1.1" 404 73 "-" "Mozilla/5.0 (Windows NT 10.0; Win64; x64) AppleWebKit/537.36 (KHTML, like Gecko) Chrome/78.0.3904.108 Safari/537.36" "ysfine.com"
157.55.39.58 - - [27/Sep/2022:06:27:37 -0700] "GET /style/bstring.html HTTP/1.1" 200 901 "-" "Mozilla/5.0 (compatible; bingbot/2.0; +http://www.bing.com/bingbot.htm)" "www.ysfine.com"
157.55.39.128 - - [27/Sep/2022:06:28:49 -0700] "GET /maga/phys/pauli01b.jpg HTTP/1.1" 200 39444 "-" "Mozilla/5.0 (compatible; bingbot/2.0; +http://www.bing.com/bingbot.htm)" "www.ysfine.com"
157.55.39.58 - - [27/Sep/2022:06:29:47 -0700] "GET /wdc/waskor.html HTTP/1.1" 200 7729 "-" "Mozilla/5.0 (compatible; bingbot/2.0; +http://www.bing.com/bingbot.htm)" "ysfine.com"
207.46.13.180 - - [27/Sep/2022:06:30:11 -0700] "GET /dirac/wigsis.html HTTP/1.1" 200 10275 "-" "Mozilla/5.0 (compatible; bingbot/2.0; +http://www.bing.com/bingbot.htm)" "ysfine.com"
157.55.39.55 - - [27/Sep/2022:06:30:18 -0700] "GET /world/israel/tlv11c.jpg HTTP/1.1" 200 34147 "-" "Mozilla/5.0 (compatible; bingbot/2.0; +http://www.bing.com/bingbot.htm)" "ysfine.com"
51.222.253.17 - - [27/Sep/2022:06:30:39 -0700] "GET /einstein/einstorie.html HTTP/1.1" 200 2505 "-" "Mozilla/5.0 (compatible; AhrefsBot/7.0; +http://ahrefs.com/robot/)" "ysfine.com"
157.55.39.128 - - [27/Sep/2022:06:30:39 -0700] "GET /world/stoc.html HTTP/1.1" 200 5400 "-" "Mozilla/5.0 (compatible; bingbot/2.0; +http://www.bing.com/bingbot.htm)" "ysfine.com"
207.46.13.102 - - [27/Sep/2022:06:31:23 -0700] "GET /kowar/yicheols01b.jpg HTTP/1.1" 200 43514 "-" "Mozilla/5.0 (compatible; bingbot/2.0; +http://www.bing.com/bingbot.htm)" "ysfine.com"
157.55.39.58 - - [27/Sep/2022:06:31:28 -0700] "GET /world/russ/spbm10.jpg HTTP/1.1" 200 69313 "-" "Mozilla/5.0 (compatible; bingbot/2.0; +http://www.bing.com/bingbot.htm)" "ysfine.com"
212.93.144.84 - - [27/Sep/2022:06:31:49 -0700] "GET /kowar/tanks/m60b.jpg HTTP/1.1" 200 31548 "https://www.google.com/" "Mozilla/5.0 (Linux; Android 12; SM-A325F Build/SP1A.210812.016; wv) AppleWebKit/537.36 (KHTML, like Gecko) Version/4.0 Chrome/105.0.5195.136 Mobile Safari/537.36 GoogleApp/13.37.10.26.arm64" "ysfine.com"
207.46.13.102 - - [27/Sep/2022:06:31:54 -0700] "GET /kobak/hyundai86.jpg HTTP/1.1" 200 117727 "-" "Mozilla/5.0 (compatible; bingbot/2.0; +http://www.bing.com/bingbot.htm)" "www.ysfine.com"
157.55.39.128 - - [27/Sep/2022:06:34:19 -0700] "GET /world/brit/picca12.jpg HTTP/1.1" 200 105036 "-" "Mozilla/5.0 (compatible; bingbot/2.0; +http://www.bing.com/bingbot.htm)" "ysfine.com"
51.222.253.9 - - [27/Sep/2022:06:35:36 -0700] "GET /einstein/ulm22.html HTTP/1.1" 200 6581 "-" "Mozilla/5.0 (compatible; AhrefsBot/7.0; +http://ahrefs.com/robot/)" "ysfine.com"
51.222.253.18 - - [27/Sep/2022:06:35:40 -0700] "GET /einstein/places/ulm03c.jpg HTTP/1.1" 200 44718 "-" "Mozilla/5.0 (compatible; AhrefsBot/7.0; +http://ahrefs.com/robot/)" "ysfine.com"
51.222.253.12 - - [27/Sep/2022:06:35:41 -0700] "GET /einstein/places/ulm11c.jpg HTTP/1.1" 200 47305 "-" "Mozilla/5.0 (compatible; AhrefsBot/7.0; +http://ahrefs.com/robot/)" "ysfine.com"
51.222.253.14 - - [27/Sep/2022:06:35:41 -0700] "GET /einstein/places/ulm05c.jpg HTTP/1.1" 200 36499 "-" "Mozilla/5.0 (compatible; AhrefsBot/7.0; +http://ahrefs.com/robot/)" "ysfine.com"
51.222.253.16 - - [27/Sep/2022:06:35:41 -0700] "GET /einstein/places/ulm02c.jpg HTTP/1.1" 200 39645 "-" "Mozilla/5.0 (compatible; AhrefsBot/7.0; +http://ahrefs.com/robot/)" "ysfine.com"
51.222.253.15 - - [27/Sep/2022:06:35:42 -0700] "GET /einstein/places/ulm06c.jpg HTTP/1.1" 200 24642 "-" "Mozilla/5.0 (compatible; AhrefsBot/7.0; +http://ahrefs.com/robot/)" "ysfine.com"
51.222.253.19 - - [27/Sep/2022:06:35:43 -0700] "GET /einstein/places/ulm04c.jpg HTTP/1.1" 200 41981 "-" "Mozilla/5.0 (compatible; AhrefsBot/7.0; +http://ahrefs.com/robot/)" "ysfine.com"
51.222.253.2 - - [27/Sep/2022:06:35:43 -0700] "GET /einstein/places/ulm01c.jpg HTTP/1.1" 200 26617 "-" "Mozilla/5.0 (compatible; AhrefsBot/7.0; +http://ahrefs.com/robot/)" "ysfine.com"
66.249.88.119 - - [27/Sep/2022:06:35:45 -0700] "GET /einstein/kant00b.jpg HTTP/1.1" 404 88 "-" "Mozilla/5.0 (Windows NT 5.1; rv:11.0) Gecko Firefox/11.0 (via ggpht.com GoogleImageProxy)" "www.ysfine.com"
157.55.39.128 - - [27/Sep/2022:06:35:49 -0700] "GET /world/germany/dresdenf16.jpg HTTP/1.1" 200 286901 "-" "Mozilla/5.0 (compatible; bingbot/2.0; +http://www.bing.com/bingbot.htm)" "www.ysfine.com"
66.255.65.2 - - [27/Sep/2022:06:36:26 -0700] "GET /einstein/kant00b.jpg HTTP/1.1" 404 88 "http://www.logicoflongdistance.com/" "Mozilla/5.0 (Macintosh; Intel Mac OS X 10_15_7) AppleWebKit/537.36 (KHTML, like Gecko) Chrome/105.0.0.0 Safari/537.36" "www.ysfine.com"
40.77.167.61 - - [27/Sep/2022:06:36:26 -0700] "GET /style/cameras/canonp66b.jpg HTTP/1.1" 200 30441 "-" "Mozilla/5.0 (compatible; bingbot/2.0; +http://www.bing.com/bingbot.htm)" "ysfine.com"
157.55.39.55 - - [27/Sep/2022:06:36:30 -0700] "GET /world/poland/krk07.jpg HTTP/1.1" 200 98922 "-" "Mozilla/5.0 AppleWebKit/537.36 (KHTML, like Gecko; compatible; bingbot/2.0; +http://www.bing.com/bingbot.htm) Chrome/103.0.5060.134 Safari/537.36" "ysfine.com"
157.55.39.55 - - [27/Sep/2022:06:36:32 -0700] "GET /newyork/columbia.html HTTP/1.1" 200 3175 "-" "Mozilla/5.0 (compatible; bingbot/2.0; +http://www.bing.com/bingbot.htm)" "ysfine.com"
207.46.13.102 - - [27/Sep/2022:06:37:04 -0700] "GET /world/ital/venice05b.jpg HTTP/1.1" 200 35451 "-" "Mozilla/5.0 (compatible; bingbot/2.0; +http://www.bing.com/bingbot.htm)" "ysfine.com"
207.46.13.102 - - [27/Sep/2022:06:37:34 -0700] "GET /wigner/neum/compu.html HTTP/1.1" 200 2267 "-" "Mozilla/5.0 (compatible; bingbot/2.0; +http://www.bing.com/bingbot.htm)" "www.ysfine.com"
66.249.70.4 - - [27/Sep/2022:06:38:04 -0700] "GET /ads.txt HTTP/1.1" 404 88 "-" "Mozilla/5.0 (compatible; Googlebot/2.1; +http://www.google.com/bot.html)" "ysfine.com"
157.55.39.128 - - [27/Sep/2022:06:38:19 -0700] "GET /world/china/hongkong63.jpg HTTP/1.1" 200 109409 "-" "Mozilla/5.0 (compatible; bingbot/2.0; +http://www.bing.com/bingbot.htm)" "ysfine.com"
77.88.5.245 - - [27/Sep/2022:06:38:59 -0700] "GET /robots.txt HTTP/1.1" 404 73 "-" "Mozilla/5.0 (compatible; YandexBot/3.0; +http://yandex.com/bots)" "ysfine.com"
77.88.5.46 - - [27/Sep/2022:06:39:03 -0700] "GET /robots.txt HTTP/1.1" 404 73 "-" "Mozilla/5.0 (compatible; YandexBot/3.0; +http://yandex.com/bots)" "ysfine.com"
77.88.5.45 - - [27/Sep/2022:06:39:07 -0700] "GET /world/baltic/kantstatue.jpg HTTP/1.1" 200 108698 "-" "Mozilla/5.0 (compatible; YandexImages/3.0; +http://yandex.com/bots)" "ysfine.com"
51.222.253.9 - - [27/Sep/2022:06:39:23 -0700] "GET /feynman/partons.html HTTP/1.1" 200 5807 "-" "Mozilla/5.0 (compatible; AhrefsBot/7.0; +http://ahrefs.com/robot/)" "ysfine.com"
207.46.13.102 - - [27/Sep/2022:06:40:14 -0700] "GET /feynman/restof.html HTTP/1.1" 200 4709 "-" "Mozilla/5.0 (compatible; bingbot/2.0; +http://www.bing.com/bingbot.htm)" "www.ysfine.com"
168.245.155.29 - - [27/Sep/2022:06:40:19 -0700] "GET /world/germany/vienna07.jpg HTTP/1.1" 200 96133 "https://www.bing.com/" "Mozilla/5.0 (Windows NT 10.0; Win64; x64) AppleWebKit/537.36 (KHTML, like Gecko) Chrome/105.0.0.0 Safari/537.36 Edg/105.0.1343.53" "www.ysfine.com"
123.125.109.45 - - [27/Sep/2022:06:41:23 -0700] "GET / HTTP/1.1" 200 5283 "-" "Sogou web spider/4.0(+http://www.sogou.com/docs/help/webmasters.htm#07)" "www.ysfine.com"
157.55.39.58 - - [27/Sep/2022:06:41:48 -0700] "GET /einstein/einusa.html HTTP/1.1" 200 8153 "-" "Mozilla/5.0 (compatible; bingbot/2.0; +http://www.bing.com/bingbot.htm)" "ysfine.com"
207.46.13.102 - - [27/Sep/2022:06:42:24 -0700] "GET /world/russ/spbm03.jpg HTTP/1.1" 200 109009 "-" "Mozilla/5.0 (compatible; bingbot/2.0; +http://www.bing.com/bingbot.htm)" "www.ysfine.com"
40.77.167.61 - - [27/Sep/2022:06:43:51 -0700] "GET /world/nice.html HTTP/1.1" 200 7230 "-" "Mozilla/5.0 (compatible; bingbot/2.0; +http://www.bing.com/bingbot.htm)" "ysfine.com"
207.46.13.102 - - [27/Sep/2022:06:44:05 -0700] "GET /einstein/einbohr88.jpg HTTP/1.1" 200 391498 "-" "Mozilla/5.0 (compatible; bingbot/2.0; +http://www.bing.com/bingbot.htm)" "ysfine.com"
66.249.70.4 - - [27/Sep/2022:06:44:44 -0700] "GET /world/russ/filippov01b.jpg HTTP/1.1" 200 45154 "-" "Googlebot-Image/1.0" "ysfine.com"
51.222.253.16 - - [27/Sep/2022:06:45:04 -0700] "GET /class54/class5470/total_data/sub_358.htm HTTP/1.1" 200 3308 "-" "Mozilla/5.0 (compatible; AhrefsBot/7.0; +http://ahrefs.com/robot/)" "ysfine.com"
157.55.39.55 - - [27/Sep/2022:06:45:29 -0700] "GET /world/russ/mosmusic55.jpg HTTP/1.1" 200 170298 "-" "Mozilla/5.0 (compatible; bingbot/2.0; +http://www.bing.com/bingbot.htm)" "ysfine.com"
40.77.167.61 - - [27/Sep/2022:06:45:55 -0700] "GET /style/cameras/contax.html HTTP/1.1" 200 3773 "-" "Mozilla/5.0 (compatible; bingbot/2.0; +http://www.bing.com/bingbot.htm)" "ysfine.com"
157.55.39.128 - - [27/Sep/2022:06:45:59 -0700] "GET /world/russ/kazan061b.jpg HTTP/1.1" 200 38877 "-" "Mozilla/5.0 AppleWebKit/537.36 (KHTML, like Gecko; compatible; bingbot/2.0; +http://www.bing.com/bingbot.htm) Chrome/103.0.5060.134 Safari/537.36" "ysfine.com"
207.46.13.102 - - [27/Sep/2022:06:46:25 -0700] "GET /wdc/willard12.jpg HTTP/1.1" 200 122919 "-" "Mozilla/5.0 (compatible; bingbot/2.0; +http://www.bing.com/bingbot.htm)" "ysfine.com"
207.46.13.180 - - [27/Sep/2022:06:46:34 -0700] "GET /world/sfrance.html HTTP/1.1" 200 8453 "-" "Mozilla/5.0 (compatible; bingbot/2.0; +http://www.bing.com/bingbot.htm)" "ysfine.com"
114.119.128.14 - - [27/Sep/2022:06:47:08 -0700] "GET /class54/class5470/total_data/photo_img/2-61.jpg HTTP/1.1" 200 111854 "https://ysfine.com/class54/class5470/total_data/sub_261.htm" "Mozilla/5.0 (Linux; Android 7.0;) AppleWebKit/537.36 (KHTML, like Gecko) Mobile Safari/537.36 (compatible; PetalBot;+https://webmaster.petalsearch.com/site/petalbot)" "ysfine.com"
40.77.167.61 - - [27/Sep/2022:06:47:23 -0700] "GET /maga/herod.html HTTP/1.1" 200 4341 "-" "Mozilla/5.0 (compatible; bingbot/2.0; +http://www.bing.com/bingbot.htm)" "ysfine.com"
207.46.13.102 - - [27/Sep/2022:06:47:28 -0700] "GET /style/music/salzm03.jpg HTTP/1.1" 200 117389 "-" "Mozilla/5.0 (compatible; bingbot/2.0; +http://www.bing.com/bingbot.htm)" "ysfine.com"
207.46.13.180 - - [27/Sep/2022:06:47:43 -0700] "GET /world/france/champ9601.jpg HTTP/1.1" 200 120539 "-" "Mozilla/5.0 (compatible; bingbot/2.0; +http://www.bing.com/bingbot.htm)" "ysfine.com"
40.77.167.105 - - [27/Sep/2022:06:48:25 -0700] "GET /robots.txt HTTP/1.1" 404 88 "-" "Mozilla/5.0 AppleWebKit/537.36 (KHTML, like Gecko; compatible; bingbot/2.0; +http://www.bing.com/bingbot.htm) Chrome/103.0.5060.134 Safari/537.36" "www.ysfine.com"
157.55.39.128 - - [27/Sep/2022:06:48:30 -0700] "GET /world/hungary/hunstu08.jpg HTTP/1.1" 200 104293 "-" "Mozilla/5.0 (compatible; bingbot/2.0; +http://www.bing.com/bingbot.htm)" "www.ysfine.com"
51.222.253.20 - - [27/Sep/2022:06:48:34 -0700] "GET /class54/class5480/Pictures/1.%C3%AC%C2%A0%C2%91%C3%AC%C2%88%C2%98%C3%AB%C2%B0%C2%8F%C3%AD%C2%99%C2%98%C3%AB%C2%8B%C2%B4/ HTTP/1.1" 200 869 "-" "Mozilla/5.0 (compatible; AhrefsBot/7.0; +http://ahrefs.com/robot/)" "www.ysfine.com"
96.5.241.131 - - [27/Sep/2022:06:49:11 -0700] "GET /world/balkan/istan001.jpg HTTP/1.1" 200 81913 "https://www.google.com/" "Mozilla/5.0 (X11; CrOS x86_64 14695.128.0) AppleWebKit/537.36 (KHTML, like Gecko) Chrome/102.0.0.0 Safari/537.36" "ysfine.com"
157.55.39.128 - - [27/Sep/2022:06:49:11 -0700] "GET /princeton/prade.html HTTP/1.1" 200 9863 "-" "Mozilla/5.0 (compatible; bingbot/2.0; +http://www.bing.com/bingbot.htm)" "ysfine.com"
34.207.67.195 - - [27/Sep/2022:06:50:25 -0700] "GET /ads.txt HTTP/1.1" 404 88 "-" "AdsTxtCrawler/1.0.2" "ysfine.com"
207.46.13.102 - - [27/Sep/2022:06:50:35 -0700] "GET /kobak/yskor.html HTTP/1.1" 200 9943 "-" "Mozilla/5.0 AppleWebKit/537.36 (KHTML, like Gecko; compatible; bingbot/2.0; +http://www.bing.com/bingbot.htm) Chrome/103.0.5060.134 Safari/537.36" "ysfine.com"
114.119.128.158 - - [27/Sep/2022:06:50:36 -0700] "GET /beau/european.html HTTP/1.1" 404 88 "https://ysfine.com/beau/fdw.html" "Mozilla/5.0 (Linux; Android 7.0;) AppleWebKit/537.36 (KHTML, like Gecko) Mobile Safari/537.36 (compatible; PetalBot;+https://webmaster.petalsearch.com/site/petalbot)" "ysfine.com"
152.23.142.97 - - [27/Sep/2022:06:51:47 -0700] "GET /kowar/panmun04.jpg HTTP/1.1" 200 126386 "https://www.google.com/" "Mozilla/5.0 (Macintosh; Intel Mac OS X 10_15_7) AppleWebKit/537.36 (KHTML, like Gecko) Chrome/105.0.0.0 Safari/537.36" "ysfine.com"
207.46.13.102 - - [27/Sep/2022:06:52:25 -0700] "GET /usca/norl/jackson66.jpg HTTP/1.1" 200 150602 "-" "Mozilla/5.0 (compatible; bingbot/2.0; +http://www.bing.com/bingbot.htm)" "ysfine.com"
207.46.13.180 - - [27/Sep/2022:06:52:43 -0700] "GET /kowar/war50.html HTTP/1.1" 200 11795 "-" "Mozilla/5.0 (compatible; bingbot/2.0; +http://www.bing.com/bingbot.htm)" "www.ysfine.com"
216.244.66.229 - - [27/Sep/2022:06:53:09 -0700] "GET /robots.txt HTTP/1.1" 404 73 "-" "Mozilla/5.0 (compatible; DotBot/1.2; +https://opensiteexplorer.org/dotbot; help@moz.com)" "www.ysfine.com"
157.55.39.55 - - [27/Sep/2022:06:53:21 -0700] "GET /feynman/feynart.html HTTP/1.1" 200 10277 "-" "Mozilla/5.0 (compatible; bingbot/2.0; +http://www.bing.com/bingbot.htm)" "www.ysfine.com"
207.46.13.180 - - [27/Sep/2022:06:53:24 -0700] "GET /maga/copislam.html HTTP/1.1" 200 5140 "-" "Mozilla/5.0 (compatible; bingbot/2.0; +http://www.bing.com/bingbot.htm)" "ysfine.com"
207.46.13.102 - - [27/Sep/2022:06:53:56 -0700] "GET /style/beetho.html HTTP/1.1" 200 3228 "-" "Mozilla/5.0 (compatible; bingbot/2.0; +http://www.bing.com/bingbot.htm)" "ysfine.com"
157.55.39.58 - - [27/Sep/2022:06:53:59 -0700] "GET /style/restau.html HTTP/1.1" 200 2149 "-" "Mozilla/5.0 (compatible; bingbot/2.0; +http://www.bing.com/bingbot.htm)" "ysfine.com"
40.77.167.61 - - [27/Sep/2022:06:54:00 -0700] "GET /feynman/feygell.html HTTP/1.1" 200 4714 "-" "Mozilla/5.0 AppleWebKit/537.36 (KHTML, like Gecko; compatible; bingbot/2.0; +http://www.bing.com/bingbot.htm) Chrome/103.0.5060.134 Safari/537.36" "ysfine.com"
157.55.39.55 - - [27/Sep/2022:06:54:06 -0700] "GET /confer/newsgr.html HTTP/1.1" 200 944 "-" "Mozilla/5.0 (compatible; bingbot/2.0; +http://www.bing.com/bingbot.htm)" "ysfine.com"
157.55.39.55 - - [27/Sep/2022:06:54:06 -0700] "GET /philo/marx.html HTTP/1.1" 200 6465 "-" "Mozilla/5.0 (compatible; bingbot/2.0; +http://www.bing.com/bingbot.htm)" "ysfine.com"
51.222.253.17 - - [27/Sep/2022:06:54:10 -0700] "GET / HTTP/1.1" 200 5283 "-" "Mozilla/5.0 (compatible; AhrefsBot/7.0; +http://ahrefs.com/robot/)" "www.ysfine.com"
207.46.13.180 - - [27/Sep/2022:06:54:14 -0700] "GET /einstein/heisen54.html HTTP/1.1" 200 4510 "-" "Mozilla/5.0 (compatible; bingbot/2.0; +http://www.bing.com/bingbot.htm)" "www.ysfine.com"
95.189.77.165 - - [27/Sep/2022:06:54:34 -0700] "GET /kobak/draftreg33.jpg HTTP/1.1" 200 218222 "https://yandex.ru/images/search?text=50%20%D0%92%D0%BE%D0%BD%201962%20%D0%B3%D0%BE%D0%B4%D0%B0%20%D0%91%D0%B0%D0%BD%D0%BA%D0%BD%D0%BE%D1%82%D0%B0&lr=68&from=tabbar&p=1&pos=45&rpt=simage&img_url=http%3A%2F%2Frealbanknotes.com%2Fupload%2F244%2FSouthKorea_p34s_50_Won_b.jpg" "Mozilla/5.0 (Windows NT 10.0; Win64; x64) AppleWebKit/537.36 (KHTML, like Gecko) Chrome/104.0.5112.114 YaBrowser/22.9.1.1095 Yowser/2.5 Safari/537.36" "www.ysfine.com"
207.46.13.180 - - [27/Sep/2022:06:54:54 -0700] "GET /world/brit/britmu.html HTTP/1.1" 200 4897 "-" "Mozilla/5.0 AppleWebKit/537.36 (KHTML, like Gecko; compatible; bingbot/2.0; +http://www.bing.com/bingbot.htm) Chrome/103.0.5060.134 Safari/537.36" "ysfine.com"
40.77.167.61 - - [27/Sep/2022:06:54:59 -0700] "GET /style/charlesbr00.jpg HTTP/1.1" 200 76050 "-" "Mozilla/5.0 (compatible; bingbot/2.0; +http://www.bing.com/bingbot.htm)" "ysfine.com"
114.119.128.14 - - [27/Sep/2022:06:56:11 -0700] "GET /world/andal.html HTTP/1.1" 200 10099 "http://www.ysfine.com/world/cities.html" "Mozilla/5.0 (Linux; Android 7.0;) AppleWebKit/537.36 (KHTML, like Gecko) Mobile Safari/537.36 (compatible; PetalBot;+https://webmaster.petalsearch.com/site/petalbot)" "www.ysfine.com"
116.179.32.81 - - [27/Sep/2022:06:56:21 -0700] "GET /yspapers/index.html HTTP/1.1" 200 21306 "-" "Mozilla/5.0 (compatible; Baiduspider/2.0; +http://www.baidu.com/search/spider.html)" "www.ysfine.com"
116.179.32.178 - - [27/Sep/2022:06:56:23 -0700] "GET /yspapers/ HTTP/1.1" 200 78331 "-" "Mozilla/5.0 (compatible; Baiduspider/2.0; +http://www.baidu.com/search/spider.html)" "www.ysfine.com"
207.46.13.102 - - [27/Sep/2022:06:56:25 -0700] "GET /dirac/dirpoet.html HTTP/1.1" 200 7966 "-" "Mozilla/5.0 AppleWebKit/537.36 (KHTML, like Gecko; compatible; bingbot/2.0; +http://www.bing.com/bingbot.htm) Chrome/103.0.5060.134 Safari/537.36" "ysfine.com"
116.179.37.32 - - [27/Sep/2022:06:56:26 -0700] "GET /yspapers/emcbirth77c.jpg HTTP/1.1" 200 27922 "https://www.ysfine.com/yspapers/index.html" "Mozilla/5.0 (compatible; Baiduspider-render/2.0; +http://www.baidu.com/search/spider.html)" "www.ysfine.com"
116.179.37.112 - - [27/Sep/2022:06:56:26 -0700] "GET /yspapers/hosc2by2c.jpg HTTP/1.1" 200 34523 "https://www.ysfine.com/yspapers/index.html" "Mozilla/5.0 (compatible; Baiduspider-render/2.0; +http://www.baidu.com/search/spider.html)" "www.ysfine.com"
116.179.37.226 - - [27/Sep/2022:06:56:26 -0700] "GET /princeton/yspr61c.jpg HTTP/1.1" 200 27257 "https://www.ysfine.com/yspapers/index.html" "Mozilla/5.0 (compatible; Baiduspider-render/2.0; +http://www.baidu.com/search/spider.html)" "www.ysfine.com"
116.179.37.200 - - [27/Sep/2022:06:56:26 -0700] "GET /yspapers/ewk11c.jpg HTTP/1.1" 200 47514 "https://www.ysfine.com/yspapers/index.html" "Mozilla/5.0 (compatible; Baiduspider-render/2.0; +http://www.baidu.com/search/spider.html)" "www.ysfine.com"
116.179.37.4 - - [27/Sep/2022:06:56:26 -0700] "GET /yspapers/iop21c.jpg HTTP/1.1" 200 30227 "https://www.ysfine.com/yspapers/index.html" "Mozilla/5.0 (compatible; Baiduspider-render/2.0; +http://www.baidu.com/search/spider.html)" "www.ysfine.com"
116.179.37.137 - - [27/Sep/2022:06:56:26 -0700] "GET /yspapers/fortune21f.jpg HTTP/1.1" 200 131858 "https://www.ysfine.com/yspapers/index.html" "Mozilla/5.0 (compatible; Baiduspider-render/2.0; +http://www.baidu.com/search/spider.html)" "www.ysfine.com"
116.179.37.133 - - [27/Sep/2022:06:56:26 -0700] "GET /yspapers/iop15cc.jpg HTTP/1.1" 200 18741 "https://www.ysfine.com/yspapers/index.html" "Mozilla/5.0 (compatible; Baiduspider-render/2.0; +http://www.baidu.com/search/spider.html)" "www.ysfine.com"
116.179.37.144 - - [27/Sep/2022:06:56:26 -0700] "GET /yspapers/wsj21c.jpg HTTP/1.1" 200 39468 "https://www.ysfine.com/yspapers/index.html" "Mozilla/5.0 (compatible; Baiduspider-render/2.0; +http://www.baidu.com/search/spider.html)" "www.ysfine.com"
116.179.37.196 - - [27/Sep/2022:06:56:26 -0700] "GET /yspapers/iop19c.jpg HTTP/1.1" 200 40220 "https://www.ysfine.com/yspapers/index.html" "Mozilla/5.0 (compatible; Baiduspider-render/2.0; +http://www.baidu.com/search/spider.html)" "www.ysfine.com"
116.179.37.151 - - [27/Sep/2022:06:56:26 -0700] "GET /yspapers/comet30f.jpg HTTP/1.1" 200 93087 "https://www.ysfine.com/yspapers/index.html" "Mozilla/5.0 (compatible; Baiduspider-render/2.0; +http://www.baidu.com/search/spider.html)" "www.ysfine.com"
116.179.37.84 - - [27/Sep/2022:06:56:26 -0700] "GET /yspapers/pdugard17f.jpg HTTP/1.1" 200 134164 "https://www.ysfine.com/yspapers/index.html" "Mozilla/5.0 (compatible; Baiduspider-render/2.0; +http://www.baidu.com/search/spider.html)" "www.ysfine.com"
