51.222.253.20 - - [26/Sep/2022:22:08:35 -0700] "GET /world/minsk.html HTTP/1.1" 200 7116 "-" "Mozilla/5.0 (compatible; AhrefsBot/7.0; +http://ahrefs.com/robot/)" "ysfine.com"
51.222.253.10 - - [26/Sep/2022:22:08:39 -0700] "GET /world/russ/minskf45b.jpg HTTP/1.1" 200 41920 "-" "Mozilla/5.0 (compatible; AhrefsBot/7.0; +http://ahrefs.com/robot/)" "ysfine.com"
51.222.253.7 - - [26/Sep/2022:22:08:39 -0700] "GET /wdc/vernon04b.jpg HTTP/1.1" 200 44297 "-" "Mozilla/5.0 (compatible; AhrefsBot/7.0; +http://ahrefs.com/robot/)" "ysfine.com"
51.222.253.6 - - [26/Sep/2022:22:08:40 -0700] "GET /world/russ/minskf08b.jpg HTTP/1.1" 200 50248 "-" "Mozilla/5.0 (compatible; AhrefsBot/7.0; +http://ahrefs.com/robot/)" "ysfine.com"
51.222.253.2 - - [26/Sep/2022:22:08:40 -0700] "GET /world/russ/minsk064b.jpg HTTP/1.1" 200 42913 "-" "Mozilla/5.0 (compatible; AhrefsBot/7.0; +http://ahrefs.com/robot/)" "ysfine.com"
51.222.253.18 - - [26/Sep/2022:22:08:41 -0700] "GET /feynman/feyfirm2.jpg HTTP/1.1" 200 36742 "-" "Mozilla/5.0 (compatible; AhrefsBot/7.0; +http://ahrefs.com/robot/)" "ysfine.com"
51.222.253.19 - - [26/Sep/2022:22:08:41 -0700] "GET /world/russ/kilin101b.jpg HTTP/1.1" 200 37065 "-" "Mozilla/5.0 (compatible; AhrefsBot/7.0; +http://ahrefs.com/robot/)" "ysfine.com"
51.222.253.8 - - [26/Sep/2022:22:08:42 -0700] "GET /world/russ/minsk066b.jpg HTTP/1.1" 200 28380 "-" "Mozilla/5.0 (compatible; AhrefsBot/7.0; +http://ahrefs.com/robot/)" "ysfine.com"
51.222.253.20 - - [26/Sep/2022:22:08:42 -0700] "GET /world/russ/kilin104b.jpg HTTP/1.1" 200 36895 "-" "Mozilla/5.0 (compatible; AhrefsBot/7.0; +http://ahrefs.com/robot/)" "ysfine.com"
51.222.253.1 - - [26/Sep/2022:22:08:42 -0700] "GET /world/russ/minskf23b.jpg HTTP/1.1" 200 48996 "-" "Mozilla/5.0 (compatible; AhrefsBot/7.0; +http://ahrefs.com/robot/)" "ysfine.com"
51.222.253.12 - - [26/Sep/2022:22:08:43 -0700] "GET /maga/invent/sarnoff1922b.jpg HTTP/1.1" 200 35049 "-" "Mozilla/5.0 (compatible; AhrefsBot/7.0; +http://ahrefs.com/robot/)" "ysfine.com"
51.222.253.12 - - [26/Sep/2022:22:08:43 -0700] "GET /world/russ/minsk067b.jpg HTTP/1.1" 200 40459 "-" "Mozilla/5.0 (compatible; AhrefsBot/7.0; +http://ahrefs.com/robot/)" "ysfine.com"
51.222.253.15 - - [26/Sep/2022:22:08:44 -0700] "GET /world/russ/minsk034b.jpg HTTP/1.1" 200 40968 "-" "Mozilla/5.0 (compatible; AhrefsBot/7.0; +http://ahrefs.com/robot/)" "ysfine.com"
51.222.253.10 - - [26/Sep/2022:22:08:44 -0700] "GET /style/cameras/zenit11b.jpg HTTP/1.1" 200 38496 "-" "Mozilla/5.0 (compatible; AhrefsBot/7.0; +http://ahrefs.com/robot/)" "ysfine.com"
51.222.253.16 - - [26/Sep/2022:22:08:45 -0700] "GET /world/russ/minsk040b.jpg HTTP/1.1" 200 41302 "-" "Mozilla/5.0 (compatible; AhrefsBot/7.0; +http://ahrefs.com/robot/)" "ysfine.com"
207.46.13.102 - - [26/Sep/2022:22:08:45 -0700] "GET /feynman/feynman33.jpg HTTP/1.1" 200 38568 "-" "Mozilla/5.0 (compatible; bingbot/2.0; +http://www.bing.com/bingbot.htm)" "ysfine.com"
51.222.253.10 - - [26/Sep/2022:22:08:46 -0700] "GET /world/russ/minsk002b.jpg HTTP/1.1" 200 28977 "-" "Mozilla/5.0 (compatible; AhrefsBot/7.0; +http://ahrefs.com/robot/)" "ysfine.com"
51.222.253.19 - - [26/Sep/2022:22:08:47 -0700] "GET /world/russ/minsk026b.jpg HTTP/1.1" 200 45201 "-" "Mozilla/5.0 (compatible; AhrefsBot/7.0; +http://ahrefs.com/robot/)" "ysfine.com"
51.222.253.17 - - [26/Sep/2022:22:08:47 -0700] "GET /world/russ/roskei06b.jpg HTTP/1.1" 200 48694 "-" "Mozilla/5.0 (compatible; AhrefsBot/7.0; +http://ahrefs.com/robot/)" "ysfine.com"
185.191.171.35 - - [26/Sep/2022:22:08:54 -0700] "GET /remote/wigner111/frame27.html HTTP/1.1" 200 534 "-" "Mozilla/5.0 (compatible; SemrushBot/7~bl; +http://www.semrush.com/bot.html)" "www.ysfine.com"
172.56.17.173 - - [26/Sep/2022:22:09:25 -0700] "GET /home/bio22.html HTTP/1.1" 200 12823 "https://www.google.com/" "Mozilla/5.0 (iPhone; CPU iPhone OS 16_0 like Mac OS X) AppleWebKit/605.1.15 (KHTML, like Gecko) Version/16.0 Mobile/15E148 Safari/604.1" "ysfine.com"
172.56.17.173 - - [26/Sep/2022:22:09:25 -0700] "GET /home/fig22/taylor54d.jpg HTTP/1.1" 200 77792 "https://ysfine.com/home/bio22.html" "Mozilla/5.0 (iPhone; CPU iPhone OS 16_0 like Mac OS X) AppleWebKit/605.1.15 (KHTML, like Gecko) Version/16.0 Mobile/15E148 Safari/604.1" "ysfine.com"
172.56.17.173 - - [26/Sep/2022:22:09:25 -0700] "GET /home/fotos/kazan017d.jpg HTTP/1.1" 200 51055 "https://ysfine.com/home/bio22.html" "Mozilla/5.0 (iPhone; CPU iPhone OS 16_0 like Mac OS X) AppleWebKit/605.1.15 (KHTML, like Gecko) Version/16.0 Mobile/15E148 Safari/604.1" "ysfine.com"
172.56.17.173 - - [26/Sep/2022:22:09:26 -0700] "GET /home/fotos/boy11f.jpg HTTP/1.1" 200 135177 "https://ysfine.com/home/bio22.html" "Mozilla/5.0 (iPhone; CPU iPhone OS 16_0 like Mac OS X) AppleWebKit/605.1.15 (KHTML, like Gecko) Version/16.0 Mobile/15E148 Safari/604.1" "ysfine.com"
172.56.17.173 - - [26/Sep/2022:22:09:27 -0700] "GET /home/fotos/package11f.jpg HTTP/1.1" 200 60942 "https://ysfine.com/home/bio22.html" "Mozilla/5.0 (iPhone; CPU iPhone OS 16_0 like Mac OS X) AppleWebKit/605.1.15 (KHTML, like Gecko) Version/16.0 Mobile/15E148 Safari/604.1" "ysfine.com"
172.56.17.173 - - [26/Sep/2022:22:09:27 -0700] "GET /home/fotos/flor14d.jpg HTTP/1.1" 200 95073 "https://ysfine.com/home/bio22.html" "Mozilla/5.0 (iPhone; CPU iPhone OS 16_0 like Mac OS X) AppleWebKit/605.1.15 (KHTML, like Gecko) Version/16.0 Mobile/15E148 Safari/604.1" "ysfine.com"
172.56.17.173 - - [26/Sep/2022:22:09:28 -0700] "GET /home/fig22/acs22f.jpg HTTP/1.1" 200 107067 "https://ysfine.com/home/bio22.html" "Mozilla/5.0 (iPhone; CPU iPhone OS 16_0 like Mac OS X) AppleWebKit/605.1.15 (KHTML, like Gecko) Version/16.0 Mobile/15E148 Safari/604.1" "ysfine.com"
172.56.17.173 - - [26/Sep/2022:22:09:28 -0700] "GET /home/fig22/acs96f.jpg HTTP/1.1" 200 118636 "https://ysfine.com/home/bio22.html" "Mozilla/5.0 (iPhone; CPU iPhone OS 16_0 like Mac OS X) AppleWebKit/605.1.15 (KHTML, like Gecko) Version/16.0 Mobile/15E148 Safari/604.1" "ysfine.com"
172.56.17.173 - - [26/Sep/2022:22:09:28 -0700] "GET /eink/pwk450.jpg HTTP/1.1" 200 84974 "https://ysfine.com/home/bio22.html" "Mozilla/5.0 (iPhone; CPU iPhone OS 16_0 like Mac OS X) AppleWebKit/605.1.15 (KHTML, like Gecko) Version/16.0 Mobile/15E148 Safari/604.1" "ysfine.com"
172.56.17.173 - - [26/Sep/2022:22:09:28 -0700] "GET /eink/eink54f.jpg HTTP/1.1" 200 98068 "https://ysfine.com/home/bio22.html" "Mozilla/5.0 (iPhone; CPU iPhone OS 16_0 like Mac OS X) AppleWebKit/605.1.15 (KHTML, like Gecko) Version/16.0 Mobile/15E148 Safari/604.1" "ysfine.com"
172.56.17.173 - - [26/Sep/2022:22:09:28 -0700] "GET /home/kiwi86f.jpg HTTP/1.1" 200 91790 "https://ysfine.com/home/bio22.html" "Mozilla/5.0 (iPhone; CPU iPhone OS 16_0 like Mac OS X) AppleWebKit/605.1.15 (KHTML, like Gecko) Version/16.0 Mobile/15E148 Safari/604.1" "ysfine.com"
172.56.17.173 - - [26/Sep/2022:22:09:28 -0700] "GET /home/pungsin11f.jpg HTTP/1.1" 200 68536 "https://ysfine.com/home/bio22.html" "Mozilla/5.0 (iPhone; CPU iPhone OS 16_0 like Mac OS X) AppleWebKit/605.1.15 (KHTML, like Gecko) Version/16.0 Mobile/15E148 Safari/604.1" "ysfine.com"
172.56.17.173 - - [26/Sep/2022:22:09:28 -0700] "GET /home/fig22/busan22d.jpg HTTP/1.1" 200 35419 "https://ysfine.com/home/bio22.html" "Mozilla/5.0 (iPhone; CPU iPhone OS 16_0 like Mac OS X) AppleWebKit/605.1.15 (KHTML, like Gecko) Version/16.0 Mobile/15E148 Safari/604.1" "ysfine.com"
172.56.17.173 - - [26/Sep/2022:22:09:28 -0700] "GET /home/eward33f.jpg HTTP/1.1" 200 86617 "https://ysfine.com/home/bio22.html" "Mozilla/5.0 (iPhone; CPU iPhone OS 16_0 like Mac OS X) AppleWebKit/605.1.15 (KHTML, like Gecko) Version/16.0 Mobile/15E148 Safari/604.1" "ysfine.com"
172.56.17.173 - - [26/Sep/2022:22:09:28 -0700] "GET /home/top21c.jpg HTTP/1.1" 200 53120 "https://ysfine.com/home/bio22.html" "Mozilla/5.0 (iPhone; CPU iPhone OS 16_0 like Mac OS X) AppleWebKit/605.1.15 (KHTML, like Gecko) Version/16.0 Mobile/15E148 Safari/604.1" "ysfine.com"
172.56.17.173 - - [26/Sep/2022:22:09:28 -0700] "GET /home/fig22/ys53d.jpg HTTP/1.1" 200 47161 "https://ysfine.com/home/bio22.html" "Mozilla/5.0 (iPhone; CPU iPhone OS 16_0 like Mac OS X) AppleWebKit/605.1.15 (KHTML, like Gecko) Version/16.0 Mobile/15E148 Safari/604.1" "ysfine.com"
172.56.17.173 - - [26/Sep/2022:22:09:28 -0700] "GET /home/fotos/photo05d.jpg HTTP/1.1" 200 61216 "https://ysfine.com/home/bio22.html" "Mozilla/5.0 (iPhone; CPU iPhone OS 16_0 like Mac OS X) AppleWebKit/605.1.15 (KHTML, like Gecko) Version/16.0 Mobile/15E148 Safari/604.1" "ysfine.com"
172.56.17.173 - - [26/Sep/2022:22:09:28 -0700] "GET /home/mac05f.jpg HTTP/1.1" 200 98400 "https://ysfine.com/home/bio22.html" "Mozilla/5.0 (iPhone; CPU iPhone OS 16_0 like Mac OS X) AppleWebKit/605.1.15 (KHTML, like Gecko) Version/16.0 Mobile/15E148 Safari/604.1" "ysfine.com"
172.56.17.173 - - [26/Sep/2022:22:09:28 -0700] "GET /einstein/einbohr11c.jpg HTTP/1.1" 200 40181 "https://ysfine.com/home/bio22.html" "Mozilla/5.0 (iPhone; CPU iPhone OS 16_0 like Mac OS X) AppleWebKit/605.1.15 (KHTML, like Gecko) Version/16.0 Mobile/15E148 Safari/604.1" "ysfine.com"
172.56.17.173 - - [26/Sep/2022:22:09:28 -0700] "GET /home/fotos/wigner62d.jpg HTTP/1.1" 200 82402 "https://ysfine.com/home/bio22.html" "Mozilla/5.0 (iPhone; CPU iPhone OS 16_0 like Mac OS X) AppleWebKit/605.1.15 (KHTML, like Gecko) Version/16.0 Mobile/15E148 Safari/604.1" "ysfine.com"
172.56.17.173 - - [26/Sep/2022:22:09:28 -0700] "GET /home/fig22/acs73f.jpg HTTP/1.1" 200 284573 "https://ysfine.com/home/bio22.html" "Mozilla/5.0 (iPhone; CPU iPhone OS 16_0 like Mac OS X) AppleWebKit/605.1.15 (KHTML, like Gecko) Version/16.0 Mobile/15E148 Safari/604.1" "ysfine.com"
172.56.17.173 - - [26/Sep/2022:22:09:28 -0700] "GET /home/fotos/photo03d.jpg HTTP/1.1" 200 33647 "https://ysfine.com/home/bio22.html" "Mozilla/5.0 (iPhone; CPU iPhone OS 16_0 like Mac OS X) AppleWebKit/605.1.15 (KHTML, like Gecko) Version/16.0 Mobile/15E148 Safari/604.1" "ysfine.com"
172.56.17.173 - - [26/Sep/2022:22:09:28 -0700] "GET /home/fotos/tank05d.jpg HTTP/1.1" 200 52601 "https://ysfine.com/home/bio22.html" "Mozilla/5.0 (iPhone; CPU iPhone OS 16_0 like Mac OS X) AppleWebKit/605.1.15 (KHTML, like Gecko) Version/16.0 Mobile/15E148 Safari/604.1" "ysfine.com"
172.56.17.173 - - [26/Sep/2022:22:09:28 -0700] "GET /home/fotos/tank03d.jpg HTTP/1.1" 200 73123 "https://ysfine.com/home/bio22.html" "Mozilla/5.0 (iPhone; CPU iPhone OS 16_0 like Mac OS X) AppleWebKit/605.1.15 (KHTML, like Gecko) Version/16.0 Mobile/15E148 Safari/604.1" "ysfine.com"
172.56.17.173 - - [26/Sep/2022:22:09:28 -0700] "GET /home/figs/waskor042d.jpg HTTP/1.1" 200 43502 "https://ysfine.com/home/bio22.html" "Mozilla/5.0 (iPhone; CPU iPhone OS 16_0 like Mac OS X) AppleWebKit/605.1.15 (KHTML, like Gecko) Version/16.0 Mobile/15E148 Safari/604.1" "ysfine.com"
172.56.17.173 - - [26/Sep/2022:22:09:28 -0700] "GET /home/ewk86f.jpg HTTP/1.1" 200 123121 "https://ysfine.com/home/bio22.html" "Mozilla/5.0 (iPhone; CPU iPhone OS 16_0 like Mac OS X) AppleWebKit/605.1.15 (KHTML, like Gecko) Version/16.0 Mobile/15E148 Safari/604.1" "ysfine.com"
172.56.17.173 - - [26/Sep/2022:22:09:28 -0700] "GET /awards/wsj450.jpg HTTP/1.1" 200 67847 "https://ysfine.com/home/bio22.html" "Mozilla/5.0 (iPhone; CPU iPhone OS 16_0 like Mac OS X) AppleWebKit/605.1.15 (KHTML, like Gecko) Version/16.0 Mobile/15E148 Safari/604.1" "ysfine.com"
172.56.17.173 - - [26/Sep/2022:22:09:28 -0700] "GET /home/tallm53f.jpg HTTP/1.1" 200 132310 "https://ysfine.com/home/bio22.html" "Mozilla/5.0 (iPhone; CPU iPhone OS 16_0 like Mac OS X) AppleWebKit/605.1.15 (KHTML, like Gecko) Version/16.0 Mobile/15E148 Safari/604.1" "ysfine.com"
172.56.17.173 - - [26/Sep/2022:22:09:28 -0700] "GET /home/figs/gtown47d.jpg HTTP/1.1" 200 46996 "https://ysfine.com/home/bio22.html" "Mozilla/5.0 (iPhone; CPU iPhone OS 16_0 like Mac OS X) AppleWebKit/605.1.15 (KHTML, like Gecko) Version/16.0 Mobile/15E148 Safari/604.1" "ysfine.com"
172.56.17.173 - - [26/Sep/2022:22:09:28 -0700] "GET /home/fotos/photo04d.jpg HTTP/1.1" 200 61007 "https://ysfine.com/home/bio22.html" "Mozilla/5.0 (iPhone; CPU iPhone OS 16_0 like Mac OS X) AppleWebKit/605.1.15 (KHTML, like Gecko) Version/16.0 Mobile/15E148 Safari/604.1" "ysfine.com"
172.56.17.173 - - [26/Sep/2022:22:09:28 -0700] "GET /home/fig22/tallm11d.jpg HTTP/1.1" 200 32321 "https://ysfine.com/home/bio22.html" "Mozilla/5.0 (iPhone; CPU iPhone OS 16_0 like Mac OS X) AppleWebKit/605.1.15 (KHTML, like Gecko) Version/16.0 Mobile/15E148 Safari/604.1" "ysfine.com"
172.56.17.173 - - [26/Sep/2022:22:09:28 -0700] "GET /home/fig22/cafe33f.jpg HTTP/1.1" 200 147078 "https://ysfine.com/home/bio22.html" "Mozilla/5.0 (iPhone; CPU iPhone OS 16_0 like Mac OS X) AppleWebKit/605.1.15 (KHTML, like Gecko) Version/16.0 Mobile/15E148 Safari/604.1" "ysfine.com"
185.191.171.17 - - [26/Sep/2022:22:10:26 -0700] "GET /einstein/einstorie.html HTTP/1.1" 200 2505 "-" "Mozilla/5.0 (compatible; SemrushBot/7~bl; +http://www.semrush.com/bot.html)" "ysfine.com"
157.55.39.128 - - [26/Sep/2022:22:10:31 -0700] "GET /wdc/gtown22.jpg HTTP/1.1" 200 153624 "-" "Mozilla/5.0 (compatible; bingbot/2.0; +http://www.bing.com/bingbot.htm)" "ysfine.com"
51.222.253.9 - - [26/Sep/2022:22:10:55 -0700] "GET /philo/marx55.jpg HTTP/1.1" 200 244771 "-" "Mozilla/5.0 (compatible; AhrefsBot/7.0; +http://ahrefs.com/robot/)" "ysfine.com"
51.222.253.20 - - [26/Sep/2022:22:10:55 -0700] "GET /philo/keigel11.jpg HTTP/1.1" 200 113857 "-" "Mozilla/5.0 (compatible; AhrefsBot/7.0; +http://ahrefs.com/robot/)" "ysfine.com"
76.86.94.114 - - [26/Sep/2022:22:11:05 -0700] "GET /princeton/nasshall01.jpg HTTP/1.1" 200 169242 "https://www.google.com/" "Mozilla/5.0 (Windows NT 10.0; Win64; x64) AppleWebKit/537.36 (KHTML, like Gecko) Chrome/105.0.0.0 Safari/537.36" "ysfine.com"
207.46.13.102 - - [26/Sep/2022:22:11:26 -0700] "GET /class54/tallm09b.jpg HTTP/1.1" 200 43676 "-" "Mozilla/5.0 (compatible; bingbot/2.0; +http://www.bing.com/bingbot.htm)" "ysfine.com"
108.165.188.227 - - [26/Sep/2022:22:11:28 -0700] "GET /wisdom/wk03.html HTTP/1.1" 200 85378 "-" "Mozilla/5.0 (X11; Linux x86_64) AppleWebKit/537.36 (KHTML, like Gecko) Chrome/103.0.0.0 Safari/537.36 OPR/89.0.4447.51" "ysfine.com"
108.165.188.227 - - [26/Sep/2022:22:11:28 -0700] "GET /wigner/neum/compu.html HTTP/1.1" 200 2267 "https://ysfine.com/wisdom/wk03.html" "Mozilla/5.0 (X11; Linux x86_64) AppleWebKit/537.36 (KHTML, like Gecko) Chrome/103.0.0.0 Safari/537.36 OPR/89.0.4447.51" "ysfine.com"
108.165.188.121 - - [26/Sep/2022:22:11:29 -0700] "GET /kobak/sobeach.html. HTTP/1.1" 404 88 "http://ysfine.com/kobak/sobeach.html." "Mozilla/5.0 (X11; Linux x86_64) AppleWebKit/537.36 (KHTML, like Gecko) Chrome/103.0.0.0 Safari/537.36 OPR/89.0.4447.51" "ysfine.com"
108.165.188.227 - - [26/Sep/2022:22:11:29 -0700] "GET /kobak/sobeach.html HTTP/1.1" 200 1149 "https://ysfine.com/wisdom/wk03.html" "Mozilla/5.0 (X11; Linux x86_64) AppleWebKit/537.36 (KHTML, like Gecko) Chrome/103.0.0.0 Safari/537.36 OPR/89.0.4447.51" "ysfine.com"
108.165.188.227 - - [26/Sep/2022:22:11:29 -0700] "GET /style/proschan2.html HTTP/1.1" 404 88 "https://ysfine.com/wisdom/wk03.html" "Mozilla/5.0 (X11; Linux x86_64) AppleWebKit/537.36 (KHTML, like Gecko) Chrome/103.0.0.0 Safari/537.36 OPR/89.0.4447.51" "ysfine.com"
66.249.66.43 - - [26/Sep/2022:22:12:16 -0700] "GET /world/poland/psoldier04.jpg HTTP/1.1" 304 - "-" "Googlebot-Image/1.0" "ysfine.com"
185.191.171.2 - - [26/Sep/2022:22:12:26 -0700] "GET /maga/tesla.html HTTP/1.1" 200 4852 "-" "Mozilla/5.0 (compatible; SemrushBot/7~bl; +http://www.semrush.com/bot.html)" "ysfine.com"
40.77.167.61 - - [26/Sep/2022:22:12:27 -0700] "GET /world/scandi/norw02.jpg HTTP/1.1" 200 83103 "-" "Mozilla/5.0 (compatible; bingbot/2.0; +http://www.bing.com/bingbot.htm)" "ysfine.com"
66.249.66.40 - - [26/Sep/2022:22:12:46 -0700] "GET /world/russ/roskei90.jpg HTTP/1.1" 200 110306 "-" "Googlebot-Image/1.0" "ysfine.com"
66.249.66.44 - - [26/Sep/2022:22:14:17 -0700] "GET /princeton/cleve55.jpg HTTP/1.1" 304 - "-" "Googlebot-Image/1.0" "ysfine.com"
64.124.8.22 - - [26/Sep/2022:22:15:14 -0700] "GET /robots.txt HTTP/1.1" 404 88 "-" "Mozilla/5.0 (X11; Linux x86_64) AppleWebKit/537.36 (KHTML, like Gecko) Chrome/61.0.3163.79 Safari/537.36" "ysfine.com"
64.124.8.22 - - [26/Sep/2022:22:15:14 -0700] "GET /feynman/feyheg.html HTTP/1.1" 304 - "-" "Mozilla/5.0 (X11; Linux x86_64) AppleWebKit/537.36 (KHTML, like Gecko) Chrome/61.0.3163.79 Safari/537.36" "ysfine.com"
156.146.36.209 - - [26/Sep/2022:22:15:46 -0700] "GET /wp-login.php HTTP/1.1" 404 88 "-" "Mozilla/5.0 (Windows NT 10.0; Win64; x64) AppleWebKit/537.36 (KHTML, like Gecko) Chrome/91.0.4472.124 Safari/537.36" "ysfine.com"
185.191.171.26 - - [26/Sep/2022:22:15:58 -0700] "GET /home/easy.html HTTP/1.1" 200 7877 "-" "Mozilla/5.0 (compatible; SemrushBot/7~bl; +http://www.semrush.com/bot.html)" "ysfine.com"
64.124.8.22 - - [26/Sep/2022:22:15:58 -0700] "GET /robots.txt HTTP/1.1" 404 88 "-" "Mozilla/5.0 (X11; Linux x86_64) AppleWebKit/537.36 (KHTML, like Gecko) Chrome/61.0.3163.79 Safari/537.36" "ysfine.com"
207.46.13.180 - - [26/Sep/2022:22:16:04 -0700] "GET /wdc/washmo15.jpg HTTP/1.1" 200 85954 "-" "Mozilla/5.0 (compatible; bingbot/2.0; +http://www.bing.com/bingbot.htm)" "www.ysfine.com"
185.191.171.43 - - [26/Sep/2022:22:16:11 -0700] "GET /confer/quantum.html HTTP/1.1" 200 2560 "-" "Mozilla/5.0 (compatible; SemrushBot/7~bl; +http://www.semrush.com/bot.html)" "ysfine.com"
64.124.8.22 - - [26/Sep/2022:22:16:35 -0700] "GET /einstein/einfine.html HTTP/1.1" 304 - "-" "Mozilla/5.0 (X11; Linux x86_64) AppleWebKit/537.36 (KHTML, like Gecko) Chrome/61.0.3163.79 Safari/537.36" "ysfine.com"
40.77.167.61 - - [26/Sep/2022:22:16:37 -0700] "GET /usca/pitt/stadium01.jpg HTTP/1.1" 200 89106 "-" "Mozilla/5.0 (compatible; bingbot/2.0; +http://www.bing.com/bingbot.htm)" "www.ysfine.com"
64.124.8.22 - - [26/Sep/2022:22:16:48 -0700] "GET /kobak/taylor33c.jpg HTTP/1.1" 200 39951 "-" "Mozilla/5.0 (X11; Linux x86_64) AppleWebKit/537.36 (KHTML, like Gecko) Chrome/61.0.3163.79 Safari/537.36" "ysfine.com"
64.124.8.22 - - [26/Sep/2022:22:17:00 -0700] "GET /home/comet00.jpg HTTP/1.1" 200 86618 "-" "Mozilla/5.0 (X11; Linux x86_64) AppleWebKit/537.36 (KHTML, like Gecko) Chrome/61.0.3163.79 Safari/537.36" "ysfine.com"
157.55.39.58 - - [26/Sep/2022:22:17:08 -0700] "GET /world/germany/vienna07.jpg HTTP/1.1" 200 96133 "-" "Mozilla/5.0 (compatible; bingbot/2.0; +http://www.bing.com/bingbot.htm)" "ysfine.com"
64.124.8.22 - - [26/Sep/2022:22:17:08 -0700] "GET /kobak/namdae.html HTTP/1.1" 304 - "-" "Mozilla/5.0 (X11; Linux x86_64) AppleWebKit/537.36 (KHTML, like Gecko) Chrome/61.0.3163.79 Safari/537.36" "ysfine.com"
64.124.8.22 - - [26/Sep/2022:22:17:15 -0700] "GET /style/rieu02.jpg HTTP/1.1" 200 167047 "-" "Mozilla/5.0 (X11; Linux x86_64) AppleWebKit/537.36 (KHTML, like Gecko) Chrome/61.0.3163.79 Safari/537.36" "ysfine.com"
66.249.66.43 - - [26/Sep/2022:22:17:23 -0700] "GET /philo/marx01c.jpg HTTP/1.1" 200 38755 "-" "Googlebot-Image/1.0" "ysfine.com"
66.249.66.43 - - [26/Sep/2022:22:17:59 -0700] "GET /world/russ/krem06b.jpg HTTP/1.1" 304 - "-" "Googlebot-Image/1.0" "ysfine.com"
64.124.8.22 - - [26/Sep/2022:22:18:13 -0700] "GET /einstein/further.html HTTP/1.1" 304 - "-" "Mozilla/5.0 (X11; Linux x86_64) AppleWebKit/537.36 (KHTML, like Gecko) Chrome/61.0.3163.79 Safari/537.36" "ysfine.com"
64.124.8.22 - - [26/Sep/2022:22:18:23 -0700] "GET /maga/herod.html HTTP/1.1" 304 - "-" "Mozilla/5.0 (X11; Linux x86_64) AppleWebKit/537.36 (KHTML, like Gecko) Chrome/61.0.3163.79 Safari/537.36" "ysfine.com"
64.124.8.22 - - [26/Sep/2022:22:18:39 -0700] "GET /einstein/heisenberg.html HTTP/1.1" 304 - "-" "Mozilla/5.0 (X11; Linux x86_64) AppleWebKit/537.36 (KHTML, like Gecko) Chrome/61.0.3163.79 Safari/537.36" "ysfine.com"
77.75.73.26 - - [26/Sep/2022:22:18:47 -0700] "GET /wisdom/kwk.html HTTP/1.1" 304 - "-" "Mozilla/5.0 (compatible; SeznamBot/4.0-RC1; +http://napoveda.seznam.cz/seznambot-intro/)" "ysfine.com"
64.124.8.22 - - [26/Sep/2022:22:18:47 -0700] "GET /einstein/eins47b.jpg HTTP/1.1" 200 48772 "-" "Mozilla/5.0 (X11; Linux x86_64) AppleWebKit/537.36 (KHTML, like Gecko) Chrome/61.0.3163.79 Safari/537.36" "ysfine.com"
185.191.171.43 - - [26/Sep/2022:22:19:08 -0700] "GET /world/ysworld.html HTTP/1.1" 200 3195 "-" "Mozilla/5.0 (compatible; SemrushBot/7~bl; +http://www.semrush.com/bot.html)" "ysfine.com"
157.55.39.58 - - [26/Sep/2022:22:19:28 -0700] "GET /home/comet01c.jpg HTTP/1.1" 200 54311 "-" "Mozilla/5.0 (compatible; bingbot/2.0; +http://www.bing.com/bingbot.htm)" "ysfine.com"
92.116.1.6 - - [26/Sep/2022:22:20:24 -0700] "GET /feynman/feydirac.jpg HTTP/1.1" 200 98378 "https://www.google.com/" "Mozilla/5.0 (Windows NT 10.0; Win64; x64) AppleWebKit/537.36 (KHTML, like Gecko) Chrome/105.0.0.0 Safari/537.36" "ysfine.com"
92.116.1.6 - - [26/Sep/2022:22:20:47 -0700] "GET /dirac/dirheisen31b.jpg HTTP/1.1" 200 39248 "https://www.google.com/" "Mozilla/5.0 (Windows NT 10.0; Win64; x64) AppleWebKit/537.36 (KHTML, like Gecko) Chrome/105.0.0.0 Safari/537.36" "ysfine.com"
157.55.39.58 - - [26/Sep/2022:22:20:58 -0700] "GET /world/poland/krk11.jpg HTTP/1.1" 200 156500 "-" "Mozilla/5.0 (compatible; bingbot/2.0; +http://www.bing.com/bingbot.htm)" "ysfine.com"
157.55.39.128 - - [26/Sep/2022:22:22:02 -0700] "GET /world/brit/cam03b.jpg HTTP/1.1" 200 48538 "-" "Mozilla/5.0 (compatible; bingbot/2.0; +http://www.bing.com/bingbot.htm)" "ysfine.com"
185.191.171.2 - - [26/Sep/2022:22:22:24 -0700] "GET /style/bstring.html HTTP/1.1" 200 901 "-" "Mozilla/5.0 (compatible; SemrushBot/7~bl; +http://www.semrush.com/bot.html)" "ysfine.com"
157.55.39.128 - - [26/Sep/2022:22:22:32 -0700] "GET /world/france/champ9611.jpg HTTP/1.1" 200 83996 "-" "Mozilla/5.0 (compatible; bingbot/2.0; +http://www.bing.com/bingbot.htm)" "www.ysfine.com"
207.46.13.102 - - [26/Sep/2022:22:22:38 -0700] "GET /feynman/jf2.jpg HTTP/1.1" 200 10558 "-" "Mozilla/5.0 (compatible; bingbot/2.0; +http://www.bing.com/bingbot.htm)" "ysfine.com"
125.209.235.167 - - [26/Sep/2022:22:22:38 -0700] "GET /robots.txt HTTP/1.1" 404 88 "-" "Mozilla/5.0 (compatible; Yeti/1.1; +https://naver.me/spd)" "ysfine.com"
125.209.235.183 - - [26/Sep/2022:22:22:40 -0700] "GET /robots.txt HTTP/1.1" 404 88 "-" "Mozilla/5.0 (compatible; Yeti/1.1; +https://naver.me/spd)" "ysfine.com"
114.111.32.160 - - [26/Sep/2022:22:22:41 -0700] "GET /dirac/dirk62.html HTTP/1.1" 200 3930 "-" "Mozilla/5.0 (compatible; Yeti/1.1; +https://naver.me/spd)" "ysfine.com"
207.46.13.180 - - [26/Sep/2022:22:24:05 -0700] "GET /world/germany/johannstra77.jpg HTTP/1.1" 200 90541 "-" "Mozilla/5.0 (compatible; bingbot/2.0; +http://www.bing.com/bingbot.htm)" "ysfine.com"
66.249.66.40 - - [26/Sep/2022:22:25:13 -0700] "GET /kowar/tanks/sherman45.jpg HTTP/1.1" 304 - "-" "Googlebot-Image/1.0" "ysfine.com"
157.55.39.55 - - [26/Sep/2022:22:25:13 -0700] "GET /dirac/dirheisen30.jpg HTTP/1.1" 200 141929 "-" "Mozilla/5.0 AppleWebKit/537.36 (KHTML, like Gecko; compatible; bingbot/2.0; +http://www.bing.com/bingbot.htm) Chrome/103.0.5060.134 Safari/537.36" "www.ysfine.com"
207.46.13.180 - - [26/Sep/2022:22:25:16 -0700] "GET /wisdom/index.html HTTP/1.1" 200 129 "-" "Mozilla/5.0 (compatible; bingbot/2.0; +http://www.bing.com/bingbot.htm)" "www.ysfine.com"
157.55.39.58 - - [26/Sep/2022:22:25:28 -0700] "GET /wisdom/wktop.html HTTP/1.1" 200 443 "-" "Mozilla/5.0 (compatible; bingbot/2.0; +http://www.bing.com/bingbot.htm)" "www.ysfine.com"
40.77.167.61 - - [26/Sep/2022:22:25:37 -0700] "GET /wisdom/wkbot.html HTTP/1.1" 200 130 "-" "Mozilla/5.0 AppleWebKit/537.36 (KHTML, like Gecko; compatible; bingbot/2.0; +http://www.bing.com/bingbot.htm) Chrome/103.0.5060.134 Safari/537.36" "www.ysfine.com"
54.39.198.234 - - [26/Sep/2022:22:25:39 -0700] "GET /adminer.php HTTP/1.1" 404 73 "-" "-" "ysfine.com"
66.249.66.40 - - [26/Sep/2022:22:25:46 -0700] "GET /world/poland/psoldiers00.jpg HTTP/1.1" 404 88 "-" "Googlebot-Image/1.0" "ysfine.com"
185.191.171.8 - - [26/Sep/2022:22:26:26 -0700] "GET /robots.txt HTTP/1.1" 404 88 "-" "Mozilla/5.0 (compatible; SemrushBot/7~bl; +http://www.semrush.com/bot.html)" "ysfine.com"
185.191.171.37 - - [26/Sep/2022:22:26:28 -0700] "GET /wisdom/wkwireless.html HTTP/1.1" 200 6236 "-" "Mozilla/5.0 (compatible; SemrushBot/7~bl; +http://www.semrush.com/bot.html)" "ysfine.com"
207.46.13.102 - - [26/Sep/2022:22:26:37 -0700] "GET /world/germany/berlin173.jpg HTTP/1.1" 200 261181 "-" "Mozilla/5.0 (compatible; bingbot/2.0; +http://www.bing.com/bingbot.htm)" "ysfine.com"
157.55.39.128 - - [26/Sep/2022:22:27:12 -0700] "GET /feynman/fb18c.jpg HTTP/1.1" 200 32780 "-" "Mozilla/5.0 AppleWebKit/537.36 (KHTML, like Gecko; compatible; bingbot/2.0; +http://www.bing.com/bingbot.htm) Chrome/103.0.5060.134 Safari/537.36" "ysfine.com"
51.222.253.11 - - [26/Sep/2022:22:28:21 -0700] "GET /usca/pgh22.html HTTP/1.1" 200 11391 "-" "Mozilla/5.0 (compatible; AhrefsBot/7.0; +http://ahrefs.com/robot/)" "www.ysfine.com"
51.222.253.7 - - [26/Sep/2022:22:28:24 -0700] "GET /usca/pitt/mellon35b.jpg HTTP/1.1" 200 39498 "-" "Mozilla/5.0 (compatible; AhrefsBot/7.0; +http://ahrefs.com/robot/)" "www.ysfine.com"
51.222.253.18 - - [26/Sep/2022:22:28:25 -0700] "GET /usca/pitt/mellon21b.jpg HTTP/1.1" 200 41063 "-" "Mozilla/5.0 (compatible; AhrefsBot/7.0; +http://ahrefs.com/robot/)" "www.ysfine.com"
51.222.253.6 - - [26/Sep/2022:22:28:25 -0700] "GET /usca/pitt/westim02b.jpg HTTP/1.1" 200 37091 "-" "Mozilla/5.0 (compatible; AhrefsBot/7.0; +http://ahrefs.com/robot/)" "www.ysfine.com"
51.222.253.8 - - [26/Sep/2022:22:28:26 -0700] "GET /eink/eink61c.jpg HTTP/1.1" 200 34119 "-" "Mozilla/5.0 (compatible; AhrefsBot/7.0; +http://ahrefs.com/robot/)" "www.ysfine.com"
51.222.253.19 - - [26/Sep/2022:22:28:27 -0700] "GET /usca/pitt/fortpitt03b.jpg HTTP/1.1" 200 34700 "-" "Mozilla/5.0 (compatible; AhrefsBot/7.0; +http://ahrefs.com/robot/)" "www.ysfine.com"
51.222.253.7 - - [26/Sep/2022:22:28:28 -0700] "GET /usca/pitt/machinery22b.jpg HTTP/1.1" 200 36540 "-" "Mozilla/5.0 (compatible; AhrefsBot/7.0; +http://ahrefs.com/robot/)" "www.ysfine.com"
51.222.253.13 - - [26/Sep/2022:22:28:29 -0700] "GET /usca/pitt/alumin02b.jpg HTTP/1.1" 200 50569 "-" "Mozilla/5.0 (compatible; AhrefsBot/7.0; +http://ahrefs.com/robot/)" "www.ysfine.com"
51.222.253.13 - - [26/Sep/2022:22:28:29 -0700] "GET /usca/pitt/fortpitt09b.jpg HTTP/1.1" 200 35987 "-" "Mozilla/5.0 (compatible; AhrefsBot/7.0; +http://ahrefs.com/robot/)" "www.ysfine.com"
51.222.253.20 - - [26/Sep/2022:22:28:30 -0700] "GET /wdc/vernon01b.jpg HTTP/1.1" 200 35297 "-" "Mozilla/5.0 (compatible; AhrefsBot/7.0; +http://ahrefs.com/robot/)" "www.ysfine.com"
51.222.253.20 - - [26/Sep/2022:22:28:30 -0700] "GET /usca/pitt/westim03b.jpg HTTP/1.1" 200 45776 "-" "Mozilla/5.0 (compatible; AhrefsBot/7.0; +http://ahrefs.com/robot/)" "www.ysfine.com"
51.222.253.3 - - [26/Sep/2022:22:28:30 -0700] "GET /wdc/nga07b.jpg HTTP/1.1" 200 31781 "-" "Mozilla/5.0 (compatible; AhrefsBot/7.0; +http://ahrefs.com/robot/)" "www.ysfine.com"
51.222.253.11 - - [26/Sep/2022:22:28:31 -0700] "GET /wdc/nga12b.jpg HTTP/1.1" 200 37109 "-" "Mozilla/5.0 (compatible; AhrefsBot/7.0; +http://ahrefs.com/robot/)" "www.ysfine.com"
51.222.253.5 - - [26/Sep/2022:22:28:31 -0700] "GET /usca/pitt/westing01b.jpg HTTP/1.1" 200 22462 "-" "Mozilla/5.0 (compatible; AhrefsBot/7.0; +http://ahrefs.com/robot/)" "www.ysfine.com"
51.222.253.6 - - [26/Sep/2022:22:28:32 -0700] "GET /usca/pitt/fortpitt08b.jpg HTTP/1.1" 200 55961 "-" "Mozilla/5.0 (compatible; AhrefsBot/7.0; +http://ahrefs.com/robot/)" "www.ysfine.com"
51.222.253.6 - - [26/Sep/2022:22:28:32 -0700] "GET /usca/pitt/westim11b.jpg HTTP/1.1" 200 39786 "-" "Mozilla/5.0 (compatible; AhrefsBot/7.0; +http://ahrefs.com/robot/)" "www.ysfine.com"
51.222.253.12 - - [26/Sep/2022:22:28:32 -0700] "GET /usca/pitt/carnegie01b.jpg HTTP/1.1" 200 29768 "-" "Mozilla/5.0 (compatible; AhrefsBot/7.0; +http://ahrefs.com/robot/)" "www.ysfine.com"
51.222.253.10 - - [26/Sep/2022:22:28:33 -0700] "GET /usca/pitt/fortpitt06b.jpg HTTP/1.1" 200 52725 "-" "Mozilla/5.0 (compatible; AhrefsBot/7.0; +http://ahrefs.com/robot/)" "www.ysfine.com"
51.222.253.3 - - [26/Sep/2022:22:28:33 -0700] "GET /usca/pitt/mellon32b.jpg HTTP/1.1" 200 34672 "-" "Mozilla/5.0 (compatible; AhrefsBot/7.0; +http://ahrefs.com/robot/)" "www.ysfine.com"
51.222.253.8 - - [26/Sep/2022:22:28:34 -0700] "GET /usca/pitt/westim09b.jpg HTTP/1.1" 200 51881 "-" "Mozilla/5.0 (compatible; AhrefsBot/7.0; +http://ahrefs.com/robot/)" "www.ysfine.com"
51.222.253.1 - - [26/Sep/2022:22:28:34 -0700] "GET /world/brit/dunf12b.jpg HTTP/1.1" 200 52267 "-" "Mozilla/5.0 (compatible; AhrefsBot/7.0; +http://ahrefs.com/robot/)" "www.ysfine.com"
51.222.253.5 - - [26/Sep/2022:22:28:35 -0700] "GET /usca/pitt/mellon11b.jpg HTTP/1.1" 200 27862 "-" "Mozilla/5.0 (compatible; AhrefsBot/7.0; +http://ahrefs.com/robot/)" "www.ysfine.com"
51.222.253.9 - - [26/Sep/2022:22:28:35 -0700] "GET /wdc/jfk01b.jpg HTTP/1.1" 200 32933 "-" "Mozilla/5.0 (compatible; AhrefsBot/7.0; +http://ahrefs.com/robot/)" "www.ysfine.com"
51.222.253.12 - - [26/Sep/2022:22:28:35 -0700] "GET /world/europe/peacepal02b.jpg HTTP/1.1" 200 36456 "-" "Mozilla/5.0 (compatible; AhrefsBot/7.0; +http://ahrefs.com/robot/)" "www.ysfine.com"
51.222.253.9 - - [26/Sep/2022:22:28:36 -0700] "GET /usca/pitt/giants55d.jpg HTTP/1.1" 200 63693 "-" "Mozilla/5.0 (compatible; AhrefsBot/7.0; +http://ahrefs.com/robot/)" "www.ysfine.com"
51.222.253.6 - - [26/Sep/2022:22:28:38 -0700] "GET /usca/pitt/gw01b.jpg HTTP/1.1" 200 21992 "-" "Mozilla/5.0 (compatible; AhrefsBot/7.0; +http://ahrefs.com/robot/)" "www.ysfine.com"
51.222.253.6 - - [26/Sep/2022:22:28:38 -0700] "GET /usca/pitt/mtwash02b.jpg HTTP/1.1" 200 24526 "-" "Mozilla/5.0 (compatible; AhrefsBot/7.0; +http://ahrefs.com/robot/)" "www.ysfine.com"
51.222.253.4 - - [26/Sep/2022:22:28:39 -0700] "GET /wdc/treasury01b.jpg HTTP/1.1" 200 36911 "-" "Mozilla/5.0 (compatible; AhrefsBot/7.0; +http://ahrefs.com/robot/)" "www.ysfine.com"
51.222.253.12 - - [26/Sep/2022:22:28:39 -0700] "GET /world/brit/dunf15b.jpg HTTP/1.1" 200 41554 "-" "Mozilla/5.0 (compatible; AhrefsBot/7.0; +http://ahrefs.com/robot/)" "www.ysfine.com"
51.222.253.17 - - [26/Sep/2022:22:28:40 -0700] "GET /usca/pitt/westifn02b.jpg HTTP/1.1" 200 58594 "-" "Mozilla/5.0 (compatible; AhrefsBot/7.0; +http://ahrefs.com/robot/)" "www.ysfine.com"
51.222.253.19 - - [26/Sep/2022:22:28:41 -0700] "GET /wdc/washmo12b.jpg HTTP/1.1" 200 29326 "-" "Mozilla/5.0 (compatible; AhrefsBot/7.0; +http://ahrefs.com/robot/)" "www.ysfine.com"
51.222.253.1 - - [26/Sep/2022:22:28:42 -0700] "GET /usca/pitt/kdka01b.jpg HTTP/1.1" 200 39453 "-" "Mozilla/5.0 (compatible; AhrefsBot/7.0; +http://ahrefs.com/robot/)" "www.ysfine.com"
51.222.253.19 - - [26/Sep/2022:22:28:42 -0700] "GET /usca/pitt/hall01b.jpg HTTP/1.1" 200 36397 "-" "Mozilla/5.0 (compatible; AhrefsBot/7.0; +http://ahrefs.com/robot/)" "www.ysfine.com"
51.222.253.18 - - [26/Sep/2022:22:28:43 -0700] "GET /usca/pitt/westim01b.jpg HTTP/1.1" 200 39928 "-" "Mozilla/5.0 (compatible; AhrefsBot/7.0; +http://ahrefs.com/robot/)" "www.ysfine.com"
51.222.253.12 - - [26/Sep/2022:22:28:43 -0700] "GET /usca/pitt/pitmap02b.jpg HTTP/1.1" 200 21396 "-" "Mozilla/5.0 (compatible; AhrefsBot/7.0; +http://ahrefs.com/robot/)" "www.ysfine.com"
51.222.253.17 - - [26/Sep/2022:22:28:44 -0700] "GET /usca/pitt/emblem01b.jpg HTTP/1.1" 200 61751 "-" "Mozilla/5.0 (compatible; AhrefsBot/7.0; +http://ahrefs.com/robot/)" "www.ysfine.com"
51.222.253.5 - - [26/Sep/2022:22:28:44 -0700] "GET /usca/pitt/cmu80b.jpg HTTP/1.1" 200 36137 "-" "Mozilla/5.0 (compatible; AhrefsBot/7.0; +http://ahrefs.com/robot/)" "www.ysfine.com"
51.222.253.13 - - [26/Sep/2022:22:28:45 -0700] "GET /maga/invent/inductmo2.jpg HTTP/1.1" 200 40426 "-" "Mozilla/5.0 (compatible; AhrefsBot/7.0; +http://ahrefs.com/robot/)" "www.ysfine.com"
110.54.210.91 - - [26/Sep/2022:22:28:47 -0700] "GET /kobak/rok48.jpg HTTP/1.1" 200 149888 "-" "com.google.android.apps.searchlite/173804 (Linux; U; Android 10; en_PH; Infinix X657C; Build/QP1A.190711.020; Cronet/80.0.3970.3)" "ysfine.com"
207.46.13.180 - - [26/Sep/2022:22:28:55 -0700] "GET /world/france/montpar16.jpg HTTP/1.1" 200 130027 "-" "Mozilla/5.0 AppleWebKit/537.36 (KHTML, like Gecko; compatible; bingbot/2.0; +http://www.bing.com/bingbot.htm) Chrome/103.0.5060.134 Safari/537.36" "ysfine.com"
73.51.214.180 - - [26/Sep/2022:22:29:21 -0700] "GET /style/chopingr22.jpg HTTP/1.1" 200 59814 "https://www.google.com/" "Mozilla/5.0 (Windows NT 10.0; Win64; x64) AppleWebKit/537.36 (KHTML, like Gecko) Chrome/105.0.0.0 Safari/537.36" "ysfine.com"
216.244.66.229 - - [26/Sep/2022:22:29:23 -0700] "GET /robots.txt HTTP/1.1" 404 73 "-" "Mozilla/5.0 (compatible; DotBot/1.2; +https://opensiteexplorer.org/dotbot; help@moz.com)" "www.ysfine.com"
157.55.39.55 - - [26/Sep/2022:22:29:33 -0700] "GET /maga/phil/hugom11b.jpg HTTP/1.1" 200 47204 "-" "Mozilla/5.0 (compatible; bingbot/2.0; +http://www.bing.com/bingbot.htm)" "www.ysfine.com"
207.46.13.180 - - [26/Sep/2022:22:29:36 -0700] "GET /world/france/pariso09.jpg HTTP/1.1" 200 109419 "-" "Mozilla/5.0 AppleWebKit/537.36 (KHTML, like Gecko; compatible; bingbot/2.0; +http://www.bing.com/bingbot.htm) Chrome/103.0.5060.134 Safari/537.36" "ysfine.com"
77.88.5.134 - - [26/Sep/2022:22:29:45 -0700] "GET /robots.txt HTTP/1.1" 404 73 "-" "Mozilla/5.0 (compatible; YandexBot/3.0; +http://yandex.com/bots)" "ysfine.com"
77.88.5.231 - - [26/Sep/2022:22:29:48 -0700] "GET /princeton/nasshall01.jpg HTTP/1.1" 304 - "-" "Mozilla/5.0 (compatible; YandexImages/3.0; +http://yandex.com/bots)" "ysfine.com"
185.191.171.8 - - [26/Sep/2022:22:30:01 -0700] "GET /kowar/war02.html HTTP/1.1" 200 9935 "-" "Mozilla/5.0 (compatible; SemrushBot/7~bl; +http://www.semrush.com/bot.html)" "www.ysfine.com"
207.46.13.180 - - [26/Sep/2022:22:30:46 -0700] "GET /world/baltic/kalin34.jpg HTTP/1.1" 200 83361 "-" "Mozilla/5.0 AppleWebKit/537.36 (KHTML, like Gecko; compatible; bingbot/2.0; +http://www.bing.com/bingbot.htm) Chrome/103.0.5060.134 Safari/537.36" "ysfine.com"
185.191.171.18 - - [26/Sep/2022:22:30:51 -0700] "GET /ffriends/soldiers.html HTTP/1.1" 200 4685 "-" "Mozilla/5.0 (compatible; SemrushBot/7~bl; +http://www.semrush.com/bot.html)" "ysfine.com"
185.191.171.18 - - [26/Sep/2022:22:30:58 -0700] "GET /world/cambr.html HTTP/1.1" 200 6189 "-" "Mozilla/5.0 (compatible; SemrushBot/7~bl; +http://www.semrush.com/bot.html)" "ysfine.com"
207.46.13.102 - - [26/Sep/2022:22:31:17 -0700] "GET /wdc/waskor005.jpg HTTP/1.1" 200 85085 "-" "Mozilla/5.0 (compatible; bingbot/2.0; +http://www.bing.com/bingbot.htm)" "ysfine.com"
185.191.171.22 - - [26/Sep/2022:22:31:18 -0700] "GET /einstein/fantova/fantova.html HTTP/1.1" 200 6506 "-" "Mozilla/5.0 (compatible; SemrushBot/7~bl; +http://www.semrush.com/bot.html)" "www.ysfine.com"
216.244.66.229 - - [26/Sep/2022:22:31:30 -0700] "GET /style/cameras/lumixfx6b.jpg HTTP/1.1" 200 29467 "-" "Mozilla/5.0 (compatible; DotBot/1.2; +https://opensiteexplorer.org/dotbot; help@moz.com)" "www.ysfine.com"
128.36.7.28 - - [26/Sep/2022:22:31:34 -0700] "GET /einstein/einbohr33c.jpg HTTP/1.1" 200 36410 "https://www.google.com/" "Mozilla/5.0 (Windows NT 10.0; Win64; x64) AppleWebKit/537.36 (KHTML, like Gecko) Chrome/105.0.0.0 Safari/537.36" "ysfine.com"
216.244.66.229 - - [26/Sep/2022:22:31:35 -0700] "GET /style/ystyle.html HTTP/1.1" 200 3321 "-" "Mozilla/5.0 (compatible; DotBot/1.2; +https://opensiteexplorer.org/dotbot; help@moz.com)" "www.ysfine.com"
207.46.13.102 - - [26/Sep/2022:22:31:59 -0700] "GET /world/france/montmar07.jpg HTTP/1.1" 200 105580 "-" "Mozilla/5.0 (compatible; bingbot/2.0; +http://www.bing.com/bingbot.htm)" "www.ysfine.com"
157.55.39.55 - - [26/Sep/2022:22:32:53 -0700] "GET /world/france/montpar12.jpg HTTP/1.1" 200 224749 "-" "Mozilla/5.0 (compatible; bingbot/2.0; +http://www.bing.com/bingbot.htm)" "ysfine.com"
112.223.111.130 - - [26/Sep/2022:22:33:15 -0700] "GET /home/top21c.jpg HTTP/1.1" 200 53120 "https://terpconnect.umd.edu/" "Mozilla/5.0 (Windows NT 10.0; Win64; x64) AppleWebKit/537.36 (KHTML, like Gecko) Chrome/105.0.0.0 Safari/537.36" "ysfine.com"
112.223.111.130 - - [26/Sep/2022:22:33:15 -0700] "GET /home/eward55f.jpg HTTP/1.1" 200 122802 "https://terpconnect.umd.edu/" "Mozilla/5.0 (Windows NT 10.0; Win64; x64) AppleWebKit/537.36 (KHTML, like Gecko) Chrome/105.0.0.0 Safari/537.36" "ysfine.com"
112.223.111.130 - - [26/Sep/2022:22:33:15 -0700] "GET /home/eink77c.jpg HTTP/1.1" 200 47471 "https://terpconnect.umd.edu/" "Mozilla/5.0 (Windows NT 10.0; Win64; x64) AppleWebKit/537.36 (KHTML, like Gecko) Chrome/105.0.0.0 Safari/537.36" "ysfine.com"
112.223.111.130 - - [26/Sep/2022:22:33:16 -0700] "GET /home/facu63c.jpg HTTP/1.1" 200 41710 "https://terpconnect.umd.edu/" "Mozilla/5.0 (Windows NT 10.0; Win64; x64) AppleWebKit/537.36 (KHTML, like Gecko) Chrome/105.0.0.0 Safari/537.36" "ysfine.com"
112.223.111.130 - - [26/Sep/2022:22:33:17 -0700] "GET /home/goodbad55c.jpg HTTP/1.1" 200 24415 "https://terpconnect.umd.edu/" "Mozilla/5.0 (Windows NT 10.0; Win64; x64) AppleWebKit/537.36 (KHTML, like Gecko) Chrome/105.0.0.0 Safari/537.36" "ysfine.com"
112.223.111.130 - - [26/Sep/2022:22:33:18 -0700] "GET /home/truck/truck20c.jpg HTTP/1.1" 200 29999 "https://terpconnect.umd.edu/" "Mozilla/5.0 (Windows NT 10.0; Win64; x64) AppleWebKit/537.36 (KHTML, like Gecko) Chrome/105.0.0.0 Safari/537.36" "ysfine.com"
112.223.111.130 - - [26/Sep/2022:22:33:19 -0700] "GET /eink/ewk86a.jpg HTTP/1.1" 200 70895 "https://terpconnect.umd.edu/" "Mozilla/5.0 (Windows NT 10.0; Win64; x64) AppleWebKit/537.36 (KHTML, like Gecko) Chrome/105.0.0.0 Safari/537.36" "ysfine.com"
112.223.111.130 - - [26/Sep/2022:22:33:19 -0700] "GET /wdc/washmo23c.jpg HTTP/1.1" 200 21217 "https://terpconnect.umd.edu/" "Mozilla/5.0 (Windows NT 10.0; Win64; x64) AppleWebKit/537.36 (KHTML, like Gecko) Chrome/105.0.0.0 Safari/537.36" "ysfine.com"
112.223.111.130 - - [26/Sep/2022:22:33:19 -0700] "GET /wdc/eindc03c.jpg HTTP/1.1" 200 48446 "https://terpconnect.umd.edu/" "Mozilla/5.0 (Windows NT 10.0; Win64; x64) AppleWebKit/537.36 (KHTML, like Gecko) Chrome/105.0.0.0 Safari/537.36" "ysfine.com"
112.223.111.130 - - [26/Sep/2022:22:33:20 -0700] "GET /sbk/1987pr22c.jpg HTTP/1.1" 200 40964 "https://terpconnect.umd.edu/" "Mozilla/5.0 (Windows NT 10.0; Win64; x64) AppleWebKit/537.36 (KHTML, like Gecko) Chrome/105.0.0.0 Safari/537.36" "ysfine.com"
112.223.111.130 - - [26/Sep/2022:22:33:20 -0700] "GET /eink/einhaus11c.jpg HTTP/1.1" 200 42522 "https://terpconnect.umd.edu/" "Mozilla/5.0 (Windows NT 10.0; Win64; x64) AppleWebKit/537.36 (KHTML, like Gecko) Chrome/105.0.0.0 Safari/537.36" "ysfine.com"
112.223.111.130 - - [26/Sep/2022:22:33:20 -0700] "GET /eink/einhaus33c.jpg HTTP/1.1" 200 23792 "https://terpconnect.umd.edu/" "Mozilla/5.0 (Windows NT 10.0; Win64; x64) AppleWebKit/537.36 (KHTML, like Gecko) Chrome/105.0.0.0 Safari/537.36" "ysfine.com"
112.223.111.130 - - [26/Sep/2022:22:33:20 -0700] "GET /kobak/taylor33c.jpg HTTP/1.1" 200 39951 "https://terpconnect.umd.edu/" "Mozilla/5.0 (Windows NT 10.0; Win64; x64) AppleWebKit/537.36 (KHTML, like Gecko) Chrome/105.0.0.0 Safari/537.36" "ysfine.com"
112.223.111.130 - - [26/Sep/2022:22:33:21 -0700] "GET /eink/eink54a.jpg HTTP/1.1" 200 79717 "https://terpconnect.umd.edu/" "Mozilla/5.0 (Windows NT 10.0; Win64; x64) AppleWebKit/537.36 (KHTML, like Gecko) Chrome/105.0.0.0 Safari/537.36" "ysfine.com"
51.222.253.15 - - [26/Sep/2022:22:34:05 -0700] "GET /maga/tesla.html HTTP/1.1" 200 4852 "-" "Mozilla/5.0 (compatible; AhrefsBot/7.0; +http://ahrefs.com/robot/)" "ysfine.com"
116.179.32.33 - - [26/Sep/2022:22:34:06 -0700] "GET /feynman/fagenda.html HTTP/1.1" 304 - "-" "Mozilla/5.0 (compatible; Baiduspider/2.0; +http://www.baidu.com/search/spider.html)" "ysfine.com"
51.222.253.10 - - [26/Sep/2022:22:34:07 -0700] "GET /maga/invent/mosin2.jpg HTTP/1.1" 200 51881 "-" "Mozilla/5.0 (compatible; AhrefsBot/7.0; +http://ahrefs.com/robot/)" "ysfine.com"
51.222.253.10 - - [26/Sep/2022:22:34:08 -0700] "GET /maga/invent/westing2.jpg HTTP/1.1" 200 40071 "-" "Mozilla/5.0 (compatible; AhrefsBot/7.0; +http://ahrefs.com/robot/)" "ysfine.com"
51.222.253.12 - - [26/Sep/2022:22:34:08 -0700] "GET /usca/pitt/westifn02b.jpg HTTP/1.1" 200 58594 "-" "Mozilla/5.0 (compatible; AhrefsBot/7.0; +http://ahrefs.com/robot/)" "ysfine.com"
51.222.253.2 - - [26/Sep/2022:22:34:09 -0700] "GET /maga/invent/tesla11b.jpg HTTP/1.1" 200 47570 "-" "Mozilla/5.0 (compatible; AhrefsBot/7.0; +http://ahrefs.com/robot/)" "ysfine.com"
185.191.171.42 - - [26/Sep/2022:22:34:12 -0700] "GET /style/rieu.html HTTP/1.1" 200 1211 "-" "Mozilla/5.0 (compatible; SemrushBot/7~bl; +http://www.semrush.com/bot.html)" "ysfine.com"
157.55.39.128 - - [26/Sep/2022:22:34:44 -0700] "GET /usca/pitt/pittcath03.jpg HTTP/1.1" 200 159550 "-" "Mozilla/5.0 (compatible; bingbot/2.0; +http://www.bing.com/bingbot.htm)" "www.ysfine.com"
185.191.171.13 - - [26/Sep/2022:22:34:46 -0700] "GET /dirac/dirpoet.html HTTP/1.1" 200 7966 "-" "Mozilla/5.0 (compatible; SemrushBot/7~bl; +http://www.semrush.com/bot.html)" "ysfine.com"
157.55.39.55 - - [26/Sep/2022:22:35:13 -0700] "GET /world/ital/romef109.jpg HTTP/1.1" 200 125625 "-" "Mozilla/5.0 (compatible; bingbot/2.0; +http://www.bing.com/bingbot.htm)" "ysfine.com"
157.55.39.128 - - [26/Sep/2022:22:36:03 -0700] "GET /world/brit/picca25.jpg HTTP/1.1" 200 129141 "-" "Mozilla/5.0 (compatible; bingbot/2.0; +http://www.bing.com/bingbot.htm)" "www.ysfine.com"
185.191.171.8 - - [26/Sep/2022:22:38:58 -0700] "GET /dirac/dirfeyn22.html HTTP/1.1" 200 2329 "-" "Mozilla/5.0 (compatible; SemrushBot/7~bl; +http://www.semrush.com/bot.html)" "ysfine.com"
207.46.13.102 - - [26/Sep/2022:22:39:09 -0700] "GET /world/germany/oktf15.jpg HTTP/1.1" 200 108328 "-" "Mozilla/5.0 (compatible; bingbot/2.0; +http://www.bing.com/bingbot.htm)" "www.ysfine.com"
51.222.253.1 - - [26/Sep/2022:22:39:42 -0700] "GET /kobak/kimjap.html HTTP/1.1" 200 2410 "-" "Mozilla/5.0 (compatible; AhrefsBot/7.0; +http://ahrefs.com/robot/)" "ysfine.com"
114.119.128.158 - - [26/Sep/2022:22:39:53 -0700] "GET /class54/class5470/total_data/photo_img/8-39.jpg HTTP/1.1" 200 209625 "https://ysfine.com/class54/class5470/total_data/sub_839.htm" "Mozilla/5.0 (Linux; Android 7.0;) AppleWebKit/537.36 (KHTML, like Gecko) Mobile Safari/537.36 (compatible; PetalBot;+https://webmaster.petalsearch.com/site/petalbot)" "ysfine.com"
40.77.188.4 - - [26/Sep/2022:22:41:28 -0700] "GET /wisdom/wkrigh.html HTTP/1.1" 200 4130 "https://www.ysfine.com/wisdom/wkbot.html" "Mozilla/5.0 (Windows NT 6.1; WOW64) AppleWebKit/534+ (KHTML, like Gecko) BingPreview/1.0b" "www.ysfine.com"
40.77.188.4 - - [26/Sep/2022:22:41:28 -0700] "GET /wisdom/wkleft.html HTTP/1.1" 200 596 "https://www.ysfine.com/wisdom/wkbot.html" "Mozilla/5.0 (Windows NT 6.1; WOW64) AppleWebKit/534+ (KHTML, like Gecko) BingPreview/1.0b" "www.ysfine.com"
157.55.39.128 - - [26/Sep/2022:22:41:44 -0700] "GET /world/russ/minsk067b.jpg HTTP/1.1" 200 40459 "-" "Mozilla/5.0 (compatible; bingbot/2.0; +http://www.bing.com/bingbot.htm)" "www.ysfine.com"
77.88.5.5 - - [26/Sep/2022:22:42:14 -0700] "GET /robots.txt HTTP/1.1" 404 73 "-" "Mozilla/5.0 (compatible; YandexBot/3.0; +http://yandex.com/bots)" "www.ysfine.com"
93.158.161.39 - - [26/Sep/2022:22:42:30 -0700] "GET /newyork/trump36.jpg HTTP/1.1" 200 136675 "-" "Mozilla/5.0 (compatible; YandexImages/3.0; +http://yandex.com/bots)" "www.ysfine.com"
207.46.13.180 - - [26/Sep/2022:22:43:27 -0700] "GET /world/hungary/kodaly01.jpg HTTP/1.1" 200 157349 "-" "Mozilla/5.0 AppleWebKit/537.36 (KHTML, like Gecko; compatible; bingbot/2.0; +http://www.bing.com/bingbot.htm) Chrome/103.0.5060.134 Safari/537.36" "www.ysfine.com"
207.46.13.102 - - [26/Sep/2022:22:43:49 -0700] "GET /wigner/wigkim11b.jpg HTTP/1.1" 200 38616 "-" "Mozilla/5.0 AppleWebKit/537.36 (KHTML, like Gecko; compatible; bingbot/2.0; +http://www.bing.com/bingbot.htm) Chrome/103.0.5060.134 Safari/537.36" "ysfine.com"
207.46.13.102 - - [26/Sep/2022:22:43:50 -0700] "GET /style/yerevano22.jpg HTTP/1.1" 200 86088 "-" "Mozilla/5.0 AppleWebKit/537.36 (KHTML, like Gecko; compatible; bingbot/2.0; +http://www.bing.com/bingbot.htm) Chrome/103.0.5060.134 Safari/537.36" "ysfine.com"
157.55.39.58 - - [26/Sep/2022:22:43:53 -0700] "GET /maga/invent/mosin2.jpg HTTP/1.1" 200 51881 "-" "Mozilla/5.0 (compatible; bingbot/2.0; +http://www.bing.com/bingbot.htm)" "ysfine.com"
207.46.13.102 - - [26/Sep/2022:22:43:59 -0700] "GET /maga/phil/sartre66b.jpg HTTP/1.1" 200 66175 "-" "Mozilla/5.0 AppleWebKit/537.36 (KHTML, like Gecko; compatible; bingbot/2.0; +http://www.bing.com/bingbot.htm) Chrome/103.0.5060.134 Safari/537.36" "www.ysfine.com"
77.75.77.17 - - [26/Sep/2022:22:44:05 -0700] "GET /robots.txt HTTP/1.1" 404 88 "-" "Mozilla/5.0 (compatible; SeznamBot/3.2; +http://napoveda.seznam.cz/en/seznambot-intro/)" "ysfine.com"
77.75.77.17 - - [26/Sep/2022:22:44:07 -0700] "GET /ffriends/aline/pakis11.jpg HTTP/1.1" 200 156778 "-" "Mozilla/5.0 (compatible; SeznamBot/3.2; +http://napoveda.seznam.cz/en/seznambot-intro/)" "ysfine.com"
77.75.77.17 - - [26/Sep/2022:22:44:11 -0700] "GET /dongio/belgistu02.jpg HTTP/1.1" 404 88 "-" "Mozilla/5.0 (compatible; SeznamBot/3.2; +http://napoveda.seznam.cz/en/seznambot-intro/)" "ysfine.com"
77.75.77.17 - - [26/Sep/2022:22:44:12 -0700] "GET /dirac/feydirac450.jpg HTTP/1.1" 304 - "-" "Mozilla/5.0 (compatible; SeznamBot/3.2; +http://napoveda.seznam.cz/en/seznambot-intro/)" "ysfine.com"
77.75.77.17 - - [26/Sep/2022:22:44:12 -0700] "GET /dirac/diracqm11f.jpg HTTP/1.1" 304 - "-" "Mozilla/5.0 (compatible; SeznamBot/3.2; +http://napoveda.seznam.cz/en/seznambot-intro/)" "ysfine.com"
77.75.77.17 - - [26/Sep/2022:22:44:13 -0700] "GET /dirac/coupo02d.jpg HTTP/1.1" 304 - "-" "Mozilla/5.0 (compatible; SeznamBot/3.2; +http://napoveda.seznam.cz/en/seznambot-intro/)" "ysfine.com"
77.75.77.17 - - [26/Sep/2022:22:44:13 -0700] "GET /feynman/fb44f.jpg HTTP/1.1" 304 - "-" "Mozilla/5.0 (compatible; SeznamBot/3.2; +http://napoveda.seznam.cz/en/seznambot-intro/)" "ysfine.com"
61.99.11.131 - - [26/Sep/2022:22:44:30 -0700] "GET /kobak/kohist.html HTTP/1.1" 200 6039 "https://www.google.com/" "Mozilla/5.0 (Macintosh; Intel Mac OS X 10_15_7) AppleWebKit/537.36 (KHTML, like Gecko) Chrome/105.0.0.0 Safari/537.36" "ysfine.com"
61.99.11.131 - - [26/Sep/2022:22:44:30 -0700] "GET /kobak/rhee10b.jpg HTTP/1.1" 200 29337 "https://ysfine.com/kobak/kohist.html" "Mozilla/5.0 (Macintosh; Intel Mac OS X 10_15_7) AppleWebKit/537.36 (KHTML, like Gecko) Chrome/105.0.0.0 Safari/537.36" "ysfine.com"
61.99.11.131 - - [26/Sep/2022:22:44:30 -0700] "GET /kobak/rhee28b.jpg HTTP/1.1" 200 58445 "https://ysfine.com/kobak/kohist.html" "Mozilla/5.0 (Macintosh; Intel Mac OS X 10_15_7) AppleWebKit/537.36 (KHTML, like Gecko) Chrome/105.0.0.0 Safari/537.36" "ysfine.com"
61.99.11.131 - - [26/Sep/2022:22:44:30 -0700] "GET /kobak/yalta22b.jpg HTTP/1.1" 200 51369 "https://ysfine.com/kobak/kohist.html" "Mozilla/5.0 (Macintosh; Intel Mac OS X 10_15_7) AppleWebKit/537.36 (KHTML, like Gecko) Chrome/105.0.0.0 Safari/537.36" "ysfine.com"
61.99.11.131 - - [26/Sep/2022:22:44:30 -0700] "GET /kobak/kimjap11b.jpg HTTP/1.1" 200 63075 "https://ysfine.com/kobak/kohist.html" "Mozilla/5.0 (Macintosh; Intel Mac OS X 10_15_7) AppleWebKit/537.36 (KHTML, like Gecko) Chrome/105.0.0.0 Safari/537.36" "ysfine.com"
61.99.11.131 - - [26/Sep/2022:22:44:30 -0700] "GET /world/russ/roskei90b.jpg HTTP/1.1" 200 50111 "https://ysfine.com/kobak/kohist.html" "Mozilla/5.0 (Macintosh; Intel Mac OS X 10_15_7) AppleWebKit/537.36 (KHTML, like Gecko) Chrome/105.0.0.0 Safari/537.36" "ysfine.com"
61.99.11.131 - - [26/Sep/2022:22:44:30 -0700] "GET /kobak/rheetr2.jpg HTTP/1.1" 200 43503 "https://ysfine.com/kobak/kohist.html" "Mozilla/5.0 (Macintosh; Intel Mac OS X 10_15_7) AppleWebKit/537.36 (KHTML, like Gecko) Chrome/105.0.0.0 Safari/537.36" "ysfine.com"
61.99.11.131 - - [26/Sep/2022:22:44:30 -0700] "GET /kobak/rok48b.jpg HTTP/1.1" 200 66570 "https://ysfine.com/kobak/kohist.html" "Mozilla/5.0 (Macintosh; Intel Mac OS X 10_15_7) AppleWebKit/537.36 (KHTML, like Gecko) Chrome/105.0.0.0 Safari/537.36" "ysfine.com"
61.99.11.131 - - [26/Sep/2022:22:44:30 -0700] "GET /kobak/1014b.jpg HTTP/1.1" 200 42115 "https://ysfine.com/kobak/kohist.html" "Mozilla/5.0 (Macintosh; Intel Mac OS X 10_15_7) AppleWebKit/537.36 (KHTML, like Gecko) Chrome/105.0.0.0 Safari/537.36" "ysfine.com"
61.99.11.131 - - [26/Sep/2022:22:44:30 -0700] "GET /kobak/yalta33b.jpg HTTP/1.1" 200 33354 "https://ysfine.com/kobak/kohist.html" "Mozilla/5.0 (Macintosh; Intel Mac OS X 10_15_7) AppleWebKit/537.36 (KHTML, like Gecko) Chrome/105.0.0.0 Safari/537.36" "ysfine.com"
61.99.11.131 - - [26/Sep/2022:22:44:30 -0700] "GET /world/russ/roskei10b.jpg HTTP/1.1" 200 36598 "https://ysfine.com/kobak/kohist.html" "Mozilla/5.0 (Macintosh; Intel Mac OS X 10_15_7) AppleWebKit/537.36 (KHTML, like Gecko) Chrome/105.0.0.0 Safari/537.36" "ysfine.com"
61.99.11.131 - - [26/Sep/2022:22:44:32 -0700] "GET /favicon.ico HTTP/1.1" 404 88 "https://ysfine.com/kobak/kohist.html" "Mozilla/5.0 (Macintosh; Intel Mac OS X 10_15_7) AppleWebKit/537.36 (KHTML, like Gecko) Chrome/105.0.0.0 Safari/537.36" "ysfine.com"
157.55.39.128 - - [26/Sep/2022:22:44:34 -0700] "GET /world/scandi/copenf02.jpg HTTP/1.1" 200 107546 "-" "Mozilla/5.0 (compatible; bingbot/2.0; +http://www.bing.com/bingbot.htm)" "www.ysfine.com"
61.99.11.131 - - [26/Sep/2022:22:44:39 -0700] "GET /kobak/rok48.jpg HTTP/1.1" 200 149888 "https://ysfine.com/kobak/kohist.html" "Mozilla/5.0 (Macintosh; Intel Mac OS X 10_15_7) AppleWebKit/537.36 (KHTML, like Gecko) Chrome/105.0.0.0 Safari/537.36" "ysfine.com"
107.77.228.176 - - [26/Sep/2022:22:44:57 -0700] "GET /feynman/fthesis.html HTTP/1.1" 200 144 "https://www.google.com/" "Mozilla/5.0 (iPhone; CPU iPhone OS 15_6_1 like Mac OS X) AppleWebKit/605.1.15 (KHTML, like Gecko) Version/15.6.1 Mobile/15E148 Safari/604.1" "ysfine.com"
107.77.228.176 - - [26/Sep/2022:22:44:57 -0700] "GET /feynman/fthtop.html HTTP/1.1" 200 395 "https://ysfine.com/feynman/fthesis.html" "Mozilla/5.0 (iPhone; CPU iPhone OS 15_6_1 like Mac OS X) AppleWebKit/605.1.15 (KHTML, like Gecko) Version/15.6.1 Mobile/15E148 Safari/604.1" "ysfine.com"
