73.115.30.217 - - [25/Sep/2022:18:15:12 -0700] "GET /eink/tollwig11d.jpg HTTP/1.1" 200 45634 "https://ysfine.com/eink/mose.html" "Mozilla/5.0 (iPad; CPU OS 15_6 like Mac OS X) AppleWebKit/605.1.15 (KHTML, like Gecko) CriOS/105.0.5195.147 Mobile/15E148 Safari/604.1" "ysfine.com"
73.115.30.217 - - [25/Sep/2022:18:15:12 -0700] "GET /eink/taylor11d.jpg HTTP/1.1" 200 42097 "https://ysfine.com/eink/mose.html" "Mozilla/5.0 (iPad; CPU OS 15_6 like Mac OS X) AppleWebKit/605.1.15 (KHTML, like Gecko) CriOS/105.0.5195.147 Mobile/15E148 Safari/604.1" "ysfine.com"
73.115.30.217 - - [25/Sep/2022:18:15:12 -0700] "GET /eink/kflag11c.jpg HTTP/1.1" 200 27284 "https://ysfine.com/eink/mose.html" "Mozilla/5.0 (iPad; CPU OS 15_6 like Mac OS X) AppleWebKit/605.1.15 (KHTML, like Gecko) CriOS/105.0.5195.147 Mobile/15E148 Safari/604.1" "ysfine.com"
73.115.30.217 - - [25/Sep/2022:18:15:12 -0700] "GET /eink/sorae01d.jpg HTTP/1.1" 200 35433 "https://ysfine.com/eink/mose.html" "Mozilla/5.0 (iPad; CPU OS 15_6 like Mac OS X) AppleWebKit/605.1.15 (KHTML, like Gecko) CriOS/105.0.5195.147 Mobile/15E148 Safari/604.1" "ysfine.com"
73.115.30.217 - - [25/Sep/2022:18:15:12 -0700] "GET /eink/evol77a.jpg HTTP/1.1" 200 87188 "https://ysfine.com/eink/mose.html" "Mozilla/5.0 (iPad; CPU OS 15_6 like Mac OS X) AppleWebKit/605.1.15 (KHTML, like Gecko) CriOS/105.0.5195.147 Mobile/15E148 Safari/604.1" "ysfine.com"
73.115.30.217 - - [25/Sep/2022:18:15:12 -0700] "GET /eink/chungilk05f.jpg HTTP/1.1" 200 128213 "https://ysfine.com/eink/mose.html" "Mozilla/5.0 (iPad; CPU OS 15_6 like Mac OS X) AppleWebKit/605.1.15 (KHTML, like Gecko) CriOS/105.0.5195.147 Mobile/15E148 Safari/604.1" "ysfine.com"
73.115.30.217 - - [25/Sep/2022:18:15:12 -0700] "GET /eink/michwight22d.jpg HTTP/1.1" 200 47211 "https://ysfine.com/eink/mose.html" "Mozilla/5.0 (iPad; CPU OS 15_6 like Mac OS X) AppleWebKit/605.1.15 (KHTML, like Gecko) CriOS/105.0.5195.147 Mobile/15E148 Safari/604.1" "ysfine.com"
73.115.30.217 - - [25/Sep/2022:18:15:12 -0700] "GET /eink/wsj21f.jpg HTTP/1.1" 200 172238 "https://ysfine.com/eink/mose.html" "Mozilla/5.0 (iPad; CPU OS 15_6 like Mac OS X) AppleWebKit/605.1.15 (KHTML, like Gecko) CriOS/105.0.5195.147 Mobile/15E148 Safari/604.1" "ysfine.com"
73.115.30.217 - - [25/Sep/2022:18:15:12 -0700] "GET /eink/underw03d.jpg HTTP/1.1" 200 40793 "https://ysfine.com/eink/mose.html" "Mozilla/5.0 (iPad; CPU OS 15_6 like Mac OS X) AppleWebKit/605.1.15 (KHTML, like Gecko) CriOS/105.0.5195.147 Mobile/15E148 Safari/604.1" "ysfine.com"
73.115.30.217 - - [25/Sep/2022:18:15:12 -0700] "GET /home/facu450.jpg HTTP/1.1" 200 74535 "https://ysfine.com/eink/mose.html" "Mozilla/5.0 (iPad; CPU OS 15_6 like Mac OS X) AppleWebKit/605.1.15 (KHTML, like Gecko) CriOS/105.0.5195.147 Mobile/15E148 Safari/604.1" "ysfine.com"
73.115.30.217 - - [25/Sep/2022:18:15:12 -0700] "GET /eink/feyfirm55c.jpg HTTP/1.1" 200 32171 "https://ysfine.com/eink/mose.html" "Mozilla/5.0 (iPad; CPU OS 15_6 like Mac OS X) AppleWebKit/605.1.15 (KHTML, like Gecko) CriOS/105.0.5195.147 Mobile/15E148 Safari/604.1" "ysfine.com"
73.115.30.217 - - [25/Sep/2022:18:15:12 -0700] "GET /eink/eintao55f.jpg HTTP/1.1" 200 110322 "https://ysfine.com/eink/mose.html" "Mozilla/5.0 (iPad; CPU OS 15_6 like Mac OS X) AppleWebKit/605.1.15 (KHTML, like Gecko) CriOS/105.0.5195.147 Mobile/15E148 Safari/604.1" "ysfine.com"
73.115.30.217 - - [25/Sep/2022:18:15:12 -0700] "GET /eink/inonu97d.jpg HTTP/1.1" 200 41351 "https://ysfine.com/eink/mose.html" "Mozilla/5.0 (iPad; CPU OS 15_6 like Mac OS X) AppleWebKit/605.1.15 (KHTML, like Gecko) CriOS/105.0.5195.147 Mobile/15E148 Safari/604.1" "ysfine.com"
73.115.30.217 - - [25/Sep/2022:18:15:12 -0700] "GET /eink/church06d.jpg HTTP/1.1" 200 73777 "https://ysfine.com/eink/mose.html" "Mozilla/5.0 (iPad; CPU OS 15_6 like Mac OS X) AppleWebKit/605.1.15 (KHTML, like Gecko) CriOS/105.0.5195.147 Mobile/15E148 Safari/604.1" "ysfine.com"
73.115.30.217 - - [25/Sep/2022:18:15:12 -0700] "GET /eink/eintao55d.jpg HTTP/1.1" 200 50540 "https://ysfine.com/eink/mose.html" "Mozilla/5.0 (iPad; CPU OS 15_6 like Mac OS X) AppleWebKit/605.1.15 (KHTML, like Gecko) CriOS/105.0.5195.147 Mobile/15E148 Safari/604.1" "ysfine.com"
73.115.30.217 - - [25/Sep/2022:18:15:12 -0700] "GET /eink/eink26a.jpg HTTP/1.1" 200 48279 "https://ysfine.com/eink/mose.html" "Mozilla/5.0 (iPad; CPU OS 15_6 like Mac OS X) AppleWebKit/605.1.15 (KHTML, like Gecko) CriOS/105.0.5195.147 Mobile/15E148 Safari/604.1" "ysfine.com"
73.115.30.217 - - [25/Sep/2022:18:15:12 -0700] "GET /eink/michwight11d.jpg HTTP/1.1" 200 57798 "https://ysfine.com/eink/mose.html" "Mozilla/5.0 (iPad; CPU OS 15_6 like Mac OS X) AppleWebKit/605.1.15 (KHTML, like Gecko) CriOS/105.0.5195.147 Mobile/15E148 Safari/604.1" "ysfine.com"
73.115.30.217 - - [25/Sep/2022:18:15:12 -0700] "GET /eink/tao55f.jpg HTTP/1.1" 200 128668 "https://ysfine.com/eink/mose.html" "Mozilla/5.0 (iPad; CPU OS 15_6 like Mac OS X) AppleWebKit/605.1.15 (KHTML, like Gecko) CriOS/105.0.5195.147 Mobile/15E148 Safari/604.1" "ysfine.com"
73.115.30.217 - - [25/Sep/2022:18:15:12 -0700] "GET /eink/ewk86f.jpg HTTP/1.1" 200 122173 "https://ysfine.com/eink/mose.html" "Mozilla/5.0 (iPad; CPU OS 15_6 like Mac OS X) AppleWebKit/605.1.15 (KHTML, like Gecko) CriOS/105.0.5195.147 Mobile/15E148 Safari/604.1" "ysfine.com"
73.115.30.217 - - [25/Sep/2022:18:15:12 -0700] "GET /eink/kantbooks11d.jpg HTTP/1.1" 200 39604 "https://ysfine.com/eink/mose.html" "Mozilla/5.0 (iPad; CPU OS 15_6 like Mac OS X) AppleWebKit/605.1.15 (KHTML, like Gecko) CriOS/105.0.5195.147 Mobile/15E148 Safari/604.1" "ysfine.com"
73.115.30.217 - - [25/Sep/2022:18:15:12 -0700] "GET /eink/pwk450.jpg HTTP/1.1" 200 84974 "https://ysfine.com/eink/mose.html" "Mozilla/5.0 (iPad; CPU OS 15_6 like Mac OS X) AppleWebKit/605.1.15 (KHTML, like Gecko) CriOS/105.0.5195.147 Mobile/15E148 Safari/604.1" "ysfine.com"
73.115.30.217 - - [25/Sep/2022:18:15:12 -0700] "GET /eink/bieden02d.jpg HTTP/1.1" 200 55623 "https://ysfine.com/eink/mose.html" "Mozilla/5.0 (iPad; CPU OS 15_6 like Mac OS X) AppleWebKit/605.1.15 (KHTML, like Gecko) CriOS/105.0.5195.147 Mobile/15E148 Safari/604.1" "ysfine.com"
18.237.223.88 - - [25/Sep/2022:18:15:28 -0700] "GET /feynman/feynman.jpg HTTP/1.1" 200 40536 "-" "Mozilla/5.0 (X11; Ubuntu; Linux x86_64; rv:72.0) Gecko/20100101 Firefox/72.0" "ysfine.com"
66.249.70.30 - - [25/Sep/2022:18:15:59 -0700] "GET /kowar/mil/southtank.jpg HTTP/1.1" 404 88 "-" "Googlebot-Image/1.0" "ysfine.com"
157.55.39.58 - - [25/Sep/2022:18:16:00 -0700] "GET /princeton/brooke87b.jpg HTTP/1.1" 200 55274 "-" "Mozilla/5.0 (compatible; bingbot/2.0; +http://www.bing.com/bingbot.htm)" "ysfine.com"
66.249.70.3 - - [25/Sep/2022:18:16:16 -0700] "GET /kowar/mil/sgvet.jpg HTTP/1.1" 404 88 "-" "Googlebot-Image/1.0" "ysfine.com"
185.191.171.18 - - [25/Sep/2022:18:16:20 -0700] "GET /maga/pupin.html HTTP/1.1" 200 5043 "-" "Mozilla/5.0 (compatible; SemrushBot/7~bl; +http://www.semrush.com/bot.html)" "www.ysfine.com"
66.249.70.3 - - [25/Sep/2022:18:16:49 -0700] "GET /kowar/mil/m46a.jpg HTTP/1.1" 404 88 "-" "Googlebot-Image/1.0" "ysfine.com"
66.249.70.4 - - [25/Sep/2022:18:17:15 -0700] "GET /kowar/mil/m60.jpg HTTP/1.1" 404 88 "-" "Googlebot-Image/1.0" "ysfine.com"
66.249.70.3 - - [25/Sep/2022:18:17:25 -0700] "GET /kowar/mil/m70.jpg HTTP/1.1" 404 88 "-" "Googlebot-Image/1.0" "ysfine.com"
66.249.70.30 - - [25/Sep/2022:18:17:35 -0700] "GET /kowar/mil/rodeo.jpg HTTP/1.1" 404 88 "-" "Googlebot-Image/1.0" "ysfine.com"
66.249.70.30 - - [25/Sep/2022:18:17:40 -0700] "GET /kowar/mil/tank10.jpg HTTP/1.1" 404 88 "-" "Googlebot-Image/1.0" "ysfine.com"
66.249.70.3 - - [25/Sep/2022:18:18:03 -0700] "GET /kowar/mil/tank09.jpg HTTP/1.1" 404 88 "-" "Googlebot-Image/1.0" "ysfine.com"
157.55.39.58 - - [25/Sep/2022:18:18:51 -0700] "GET /maga/phil/marxber22b.jpg HTTP/1.1" 200 48373 "-" "Mozilla/5.0 AppleWebKit/537.36 (KHTML, like Gecko; compatible; bingbot/2.0; +http://www.bing.com/bingbot.htm) Chrome/103.0.5060.134 Safari/537.36" "ysfine.com"
157.55.39.58 - - [25/Sep/2022:18:19:32 -0700] "GET /world/russ/moschurch13.jpg HTTP/1.1" 200 79536 "-" "Mozilla/5.0 AppleWebKit/537.36 (KHTML, like Gecko; compatible; bingbot/2.0; +http://www.bing.com/bingbot.htm) Chrome/103.0.5060.134 Safari/537.36" "ysfine.com"
66.249.70.3 - - [25/Sep/2022:18:19:38 -0700] "GET /kowar/mil/gtank.jpg HTTP/1.1" 404 88 "-" "Googlebot-Image/1.0" "ysfine.com"
155.33.134.25 - - [25/Sep/2022:18:19:40 -0700] "GET /maga/phys/naimar/pewk06.jpg HTTP/1.1" 200 78645 "https://www.google.com/" "Mozilla/5.0 (Windows NT 10.0; Win64; x64) AppleWebKit/537.36 (KHTML, like Gecko) Chrome/105.0.0.0 Safari/537.36 Edg/105.0.1343.50" "ysfine.com"
207.46.13.180 - - [25/Sep/2022:18:19:44 -0700] "GET /world/scandi/fin07.jpg HTTP/1.1" 200 90838 "-" "Mozilla/5.0 (compatible; bingbot/2.0; +http://www.bing.com/bingbot.htm)" "ysfine.com"
50.99.3.182 - - [25/Sep/2022:18:19:57 -0700] "GET /world/ital/genoa12.jpg HTTP/1.1" 200 137733 "https://ca.images.search.yahoo.com/yhs/search;_ylt=AwrO.uit_DBjsA8Jbxw.7olQ;_ylu=c2VjA3NlYXJjaARzbGsDYnV0dG9u;_ylc=X1MDMTM1MTIxNjcwMgRfcgMyBGFjdG4DY2xrBGNzcmNwdmlkA1dTcjkxekV5Tnk1M2U4V2RYUFg5VndER05UQXVPUUFBQUFBN2lVamUEZnIDeWhzLWliYS0xBGZyMgNzYS1ncARncHJpZANVT0hWN08xS1E1ZWY0TThtTEJPdnVBBG5fc3VnZwM5BG9yaWdpbgNjYS5pbWFnZXMuc2VhcmNoLnlhaG9vLmNvbQRwb3MDNwRwcXN0cgNnZW5vYSUyMGl0YWx5JTIwcGFnZ2FuaW4EcHFzdHJsAzIwBHFzdHJsAzMzBHF1ZXJ5A2dlbm9hJTIwaXRhbHklMjBwYWdhbmluaSUyMG11c2V1bQR0X3N0bXADMTY2NDE1NTE4Nw--?p=genoa+italy+paganini+museum&fr=yhs-iba-1&fr2=sa-gp-ca.images.search&ei=UTF-8&x=wrt&type=uspr_9302_CHW_CA&hsimp=yhs-1&hspart=iba&param1=RypDRDjp20T5Vc76fVk9yA%3D%3D&param2=9dUI1n2R0BLDxNuWfiP4aUlUyknlRzJZqvu60Hg2wxBIIausd4HF3QOVoxW0Dg0f1A7kYqHhNY%2BlS9JkVu2nKu7p9nBrqINgskop4w7oGmvXI92dGXqHFh30rkoqFp6XKHgpYIlOecYmzrXqPnMGZ5JaBblHKpZBHW2f0PvTmnu0jaxzg1UcNUJR7MjygHr19AJnrvaYSyFESzGIrGW%2FxUNhA%2B%2BU6qlPhJIRUniHhO%2F%2BLUW140Du8JVOmyPmaZqvNSN1bLKx2CK0i5TiWBZLXXCxvGM7ySaaleElqusrjug%3D&param3=NwVEMR%2FzKcG52XsVBYEh20CXm1wXp6anLmD4mFg%2BfsGian1KFXg%2B1%2Bj6VjN9I59ZkAK8%2Bi1cdNH2Wl%2FN7fgXk0sAXbTuKMv4k3hGMZHj%2BuFT%2B%2FnhA%2BpJ1sTvmGANSYnW3tWTg56m%2FnnPma%2B%2FmwgVuZBnQTbARYm%2BM3A3WIaAtEczpzmmUQnYtT3S9iyBVfJPeJgSf5OqDU4W2kXzc0qRSzCVd4H9oResfWJZQzrwtTc5pFuK8zbBs8XVPdHPxgVE3lNifrUnoRu3Wdd1sAkIEHGh%2BFFZ%2BqAPQ0Fh9xGG1U%2BDfWSJl%2Ff6PEOnx0cY3BJ1eX9Q9VcTxgveWTUU2uLnkHhaygAvWzxTlIzWYRpi64L68aYYPPI0jUFGGXKqWeMUCVq0efZcVnR5fsMJn2fUOQqfY2tUpd8uYg9O3l3mNG7uLxDUpke98eyXm9IMYiiZbABIx3mIYeRLaCMdA5SChIQIudGwIPjUjuToV1EFVfJ1NlVnatHMmzOVzEJ6rsVZ%2FmR7zb14W0JCAQHshpoGAvz9Ujr%2FzzQwM3WnEA%2BmDQo%3D&param4=BEH%2ByDsexyL8W9NqHa4kLbdQ9UAAcgzn9qpfIRV9EVw%3D" "Mozilla/5.0 (X11; CrOS armv7l 12105.100.0) AppleWebKit/537.36 (KHTML, like Gecko) Chrome/75.0.3770.144 Safari/537.36" "ysfine.com"
50.99.3.182 - - [25/Sep/2022:18:19:57 -0700] "GET /world/ital/genoa11.jpg HTTP/1.1" 200 139570 "https://ca.images.search.yahoo.com/yhs/search;_ylt=AwrO.uit_DBjsA8Jbxw.7olQ;_ylu=c2VjA3NlYXJjaARzbGsDYnV0dG9u;_ylc=X1MDMTM1MTIxNjcwMgRfcgMyBGFjdG4DY2xrBGNzcmNwdmlkA1dTcjkxekV5Tnk1M2U4V2RYUFg5VndER05UQXVPUUFBQUFBN2lVamUEZnIDeWhzLWliYS0xBGZyMgNzYS1ncARncHJpZANVT0hWN08xS1E1ZWY0TThtTEJPdnVBBG5fc3VnZwM5BG9yaWdpbgNjYS5pbWFnZXMuc2VhcmNoLnlhaG9vLmNvbQRwb3MDNwRwcXN0cgNnZW5vYSUyMGl0YWx5JTIwcGFnZ2FuaW4EcHFzdHJsAzIwBHFzdHJsAzMzBHF1ZXJ5A2dlbm9hJTIwaXRhbHklMjBwYWdhbmluaSUyMG11c2V1bQR0X3N0bXADMTY2NDE1NTE4Nw--?p=genoa+italy+paganini+museum&fr=yhs-iba-1&fr2=sa-gp-ca.images.search&ei=UTF-8&x=wrt&type=uspr_9302_CHW_CA&hsimp=yhs-1&hspart=iba&param1=RypDRDjp20T5Vc76fVk9yA%3D%3D&param2=9dUI1n2R0BLDxNuWfiP4aUlUyknlRzJZqvu60Hg2wxBIIausd4HF3QOVoxW0Dg0f1A7kYqHhNY%2BlS9JkVu2nKu7p9nBrqINgskop4w7oGmvXI92dGXqHFh30rkoqFp6XKHgpYIlOecYmzrXqPnMGZ5JaBblHKpZBHW2f0PvTmnu0jaxzg1UcNUJR7MjygHr19AJnrvaYSyFESzGIrGW%2FxUNhA%2B%2BU6qlPhJIRUniHhO%2F%2BLUW140Du8JVOmyPmaZqvNSN1bLKx2CK0i5TiWBZLXXCxvGM7ySaaleElqusrjug%3D&param3=NwVEMR%2FzKcG52XsVBYEh20CXm1wXp6anLmD4mFg%2BfsGian1KFXg%2B1%2Bj6VjN9I59ZkAK8%2Bi1cdNH2Wl%2FN7fgXk0sAXbTuKMv4k3hGMZHj%2BuFT%2B%2FnhA%2BpJ1sTvmGANSYnW3tWTg56m%2FnnPma%2B%2FmwgVuZBnQTbARYm%2BM3A3WIaAtEczpzmmUQnYtT3S9iyBVfJPeJgSf5OqDU4W2kXzc0qRSzCVd4H9oResfWJZQzrwtTc5pFuK8zbBs8XVPdHPxgVE3lNifrUnoRu3Wdd1sAkIEHGh%2BFFZ%2BqAPQ0Fh9xGG1U%2BDfWSJl%2Ff6PEOnx0cY3BJ1eX9Q9VcTxgveWTUU2uLnkHhaygAvWzxTlIzWYRpi64L68aYYPPI0jUFGGXKqWeMUCVq0efZcVnR5fsMJn2fUOQqfY2tUpd8uYg9O3l3mNG7uLxDUpke98eyXm9IMYiiZbABIx3mIYeRLaCMdA5SChIQIudGwIPjUjuToV1EFVfJ1NlVnatHMmzOVzEJ6rsVZ%2FmR7zb14W0JCAQHshpoGAvz9Ujr%2FzzQwM3WnEA%2BmDQo%3D&param4=BEH%2ByDsexyL8W9NqHa4kLbdQ9UAAcgzn9qpfIRV9EVw%3D" "Mozilla/5.0 (X11; CrOS armv7l 12105.100.0) AppleWebKit/537.36 (KHTML, like Gecko) Chrome/75.0.3770.144 Safari/537.36" "ysfine.com"
185.191.171.16 - - [25/Sep/2022:18:20:03 -0700] "GET /home/dwf.html HTTP/1.1" 200 4126 "-" "Mozilla/5.0 (compatible; SemrushBot/7~bl; +http://www.semrush.com/bot.html)" "www.ysfine.com"
66.249.70.4 - - [25/Sep/2022:18:20:22 -0700] "GET /kowar/mil/m46c.jpg HTTP/1.1" 404 88 "-" "Googlebot-Image/1.0" "ysfine.com"
66.249.70.30 - - [25/Sep/2022:18:20:43 -0700] "GET /kowar/mil/tank21b.jpg HTTP/1.1" 404 88 "-" "Googlebot-Image/1.0" "ysfine.com"
185.191.171.18 - - [25/Sep/2022:18:20:46 -0700] "GET /remote/wigner111/frame16.html HTTP/1.1" 200 862 "-" "Mozilla/5.0 (compatible; SemrushBot/7~bl; +http://www.semrush.com/bot.html)" "www.ysfine.com"
17.121.113.23 - - [25/Sep/2022:18:20:59 -0700] "GET /robots.txt HTTP/1.1" 404 88 "-" "Mozilla/5.0 (Macintosh; Intel Mac OS X 10_15_5) AppleWebKit/605.1.15 (KHTML, like Gecko) Version/13.1.1 Safari/605.1.15 (Applebot/0.1; +http://www.apple.com/go/applebot)" "ysfine.com"
17.121.113.23 - - [25/Sep/2022:18:20:59 -0700] "GET /princeton/poli11.jpg HTTP/1.1" 404 88 "-" "Mozilla/5.0 (Macintosh; Intel Mac OS X 10_15_5) AppleWebKit/605.1.15 (KHTML, like Gecko) Version/13.1.1 Safari/605.1.15 (Applebot/0.1; +http://www.apple.com/go/applebot)" "ysfine.com"
51.222.253.9 - - [25/Sep/2022:18:21:20 -0700] "GET /einstein/eincopen.html HTTP/1.1" 200 6900 "-" "Mozilla/5.0 (compatible; AhrefsBot/7.0; +http://ahrefs.com/robot/)" "ysfine.com"
51.222.253.12 - - [25/Sep/2022:18:21:23 -0700] "GET /feynman/restof05b.jpg HTTP/1.1" 200 20819 "-" "Mozilla/5.0 (compatible; AhrefsBot/7.0; +http://ahrefs.com/robot/)" "ysfine.com"
51.222.253.15 - - [25/Sep/2022:18:21:23 -0700] "GET /maga/phys/heisen33b.jpg HTTP/1.1" 200 78035 "-" "Mozilla/5.0 (compatible; AhrefsBot/7.0; +http://ahrefs.com/robot/)" "ysfine.com"
51.222.253.10 - - [25/Sep/2022:18:21:24 -0700] "GET /feynman/restof55b.jpg HTTP/1.1" 200 52052 "-" "Mozilla/5.0 (compatible; AhrefsBot/7.0; +http://ahrefs.com/robot/)" "ysfine.com"
51.222.253.17 - - [25/Sep/2022:18:21:24 -0700] "GET /einstein/einbohr11b.jpg HTTP/1.1" 200 37538 "-" "Mozilla/5.0 (compatible; AhrefsBot/7.0; +http://ahrefs.com/robot/)" "ysfine.com"
51.222.253.20 - - [25/Sep/2022:18:21:25 -0700] "GET /maga/phys/yukaein2.jpg HTTP/1.1" 200 42863 "-" "Mozilla/5.0 (compatible; AhrefsBot/7.0; +http://ahrefs.com/robot/)" "ysfine.com"
51.222.253.15 - - [25/Sep/2022:18:21:25 -0700] "GET /einstein/evol77b.jpg HTTP/1.1" 200 52737 "-" "Mozilla/5.0 (compatible; AhrefsBot/7.0; +http://ahrefs.com/robot/)" "ysfine.com"
51.222.253.1 - - [25/Sep/2022:18:21:26 -0700] "GET /dirac/diracqm11b.jpg HTTP/1.1" 200 42991 "-" "Mozilla/5.0 (compatible; AhrefsBot/7.0; +http://ahrefs.com/robot/)" "ysfine.com"
51.222.253.16 - - [25/Sep/2022:18:21:26 -0700] "GET /feynman/restof33c.jpg HTTP/1.1" 200 29707 "-" "Mozilla/5.0 (compatible; AhrefsBot/7.0; +http://ahrefs.com/robot/)" "ysfine.com"
216.244.66.229 - - [25/Sep/2022:18:21:46 -0700] "GET /robots.txt HTTP/1.1" 404 73 "-" "Mozilla/5.0 (compatible; DotBot/1.2; +https://opensiteexplorer.org/dotbot; help@moz.com)" "www.ysfine.com"
165.225.114.207 - - [25/Sep/2022:18:22:00 -0700] "GET /maga/phys/yukadirac55.jpg HTTP/1.1" 200 92994 "https://www.google.com/" "Mozilla/5.0 (Windows NT 10.0; WOW64) AppleWebKit/537.36 (KHTML, like Gecko) Chrome/105.0.0.0 Safari/537.36" "ysfine.com"
185.191.171.34 - - [25/Sep/2022:18:22:32 -0700] "GET /class54/emailed05.html HTTP/1.1" 200 16866 "-" "Mozilla/5.0 (compatible; SemrushBot/7~bl; +http://www.semrush.com/bot.html)" "www.ysfine.com"
40.77.167.61 - - [25/Sep/2022:18:23:12 -0700] "GET /kobak/arisaka99b.jpg HTTP/1.1" 200 48028 "-" "Mozilla/5.0 (compatible; bingbot/2.0; +http://www.bing.com/bingbot.htm)" "ysfine.com"
157.55.39.58 - - [25/Sep/2022:18:23:42 -0700] "GET /princeton/gcollege08.jpg HTTP/1.1" 200 81357 "-" "Mozilla/5.0 AppleWebKit/537.36 (KHTML, like Gecko; compatible; bingbot/2.0; +http://www.bing.com/bingbot.htm) Chrome/103.0.5060.134 Safari/537.36" "ysfine.com"
170.82.25.47 - - [25/Sep/2022:18:23:59 -0700] "GET /einstein/einplanck3.jpg HTTP/1.1" 200 37784 "https://www.google.com.do/" "Mozilla/5.0 (iPhone; CPU iPhone OS 15_6_1 like Mac OS X) AppleWebKit/605.1.15 (KHTML, like Gecko) Version/15.6.1 Mobile/15E148 Safari/604.1" "ysfine.com"
216.244.66.229 - - [25/Sep/2022:18:24:10 -0700] "GET /feynman/fagenda.html HTTP/1.1" 200 6083 "-" "Mozilla/5.0 (compatible; DotBot/1.2; +https://opensiteexplorer.org/dotbot; help@moz.com)" "www.ysfine.com"
207.46.13.102 - - [25/Sep/2022:18:24:38 -0700] "GET /world/russ/arbat18.jpg HTTP/1.1" 200 72539 "-" "Mozilla/5.0 AppleWebKit/537.36 (KHTML, like Gecko; compatible; bingbot/2.0; +http://www.bing.com/bingbot.htm) Chrome/103.0.5060.134 Safari/537.36" "ysfine.com"
114.119.128.14 - - [25/Sep/2022:18:24:38 -0700] "GET /archives/proceedings/wpro01/wpro01.html HTTP/1.1" 200 119 "https://www.ysfine.com/archives/online.html" "Mozilla/5.0 (Linux; Android 7.0;) AppleWebKit/537.36 (KHTML, like Gecko) Mobile Safari/537.36 (compatible; PetalBot;+https://webmaster.petalsearch.com/site/petalbot)" "www.ysfine.com"
216.244.66.229 - - [25/Sep/2022:18:24:38 -0700] "GET /home/dwf33.html HTTP/1.1" 200 20268 "-" "Mozilla/5.0 (compatible; DotBot/1.2; +https://opensiteexplorer.org/dotbot; help@moz.com)" "www.ysfine.com"
157.55.39.55 - - [25/Sep/2022:18:26:13 -0700] "GET /wigner/wigkim22b.jpg HTTP/1.1" 200 33880 "-" "Mozilla/5.0 AppleWebKit/537.36 (KHTML, like Gecko; compatible; bingbot/2.0; +http://www.bing.com/bingbot.htm) Chrome/103.0.5060.134 Safari/537.36" "ysfine.com"
170.82.25.47 - - [25/Sep/2022:18:26:27 -0700] "GET /einstein/einplanck3.jpg HTTP/1.1" 200 37784 "https://www.google.com.do/" "Mozilla/5.0 (iPhone; CPU iPhone OS 15_6_1 like Mac OS X) AppleWebKit/605.1.15 (KHTML, like Gecko) Version/15.6.1 Mobile/15E148 Safari/604.1" "ysfine.com"
157.55.39.58 - - [25/Sep/2022:18:27:12 -0700] "GET /wigner/wigjad11.jpg HTTP/1.1" 200 105835 "-" "Mozilla/5.0 (compatible; bingbot/2.0; +http://www.bing.com/bingbot.htm)" "ysfine.com"
185.191.171.25 - - [25/Sep/2022:18:27:24 -0700] "GET /philo/keigel21.html HTTP/1.1" 200 13414 "-" "Mozilla/5.0 (compatible; SemrushBot/7~bl; +http://www.semrush.com/bot.html)" "ysfine.com"
165.225.114.207 - - [25/Sep/2022:18:27:39 -0700] "GET /dirac/dirwig33.jpg HTTP/1.1" 200 49208 "https://www.google.com/" "Mozilla/5.0 (Windows NT 10.0; WOW64) AppleWebKit/537.36 (KHTML, like Gecko) Chrome/105.0.0.0 Safari/537.36" "ysfine.com"
66.249.70.4 - - [25/Sep/2022:18:28:33 -0700] "GET /kowar/mil/tank03.jpg HTTP/1.1" 404 88 "-" "Googlebot-Image/1.0" "ysfine.com"
207.46.13.180 - - [25/Sep/2022:18:29:26 -0700] "GET /world/baltic/kalin01.jpg HTTP/1.1" 200 102358 "-" "Mozilla/5.0 (compatible; bingbot/2.0; +http://www.bing.com/bingbot.htm)" "ysfine.com"
114.119.128.154 - - [25/Sep/2022:18:30:38 -0700] "GET /archives/online.html HTTP/1.1" 200 2747 "https://ysfine.com/confer/speci.html" "Mozilla/5.0 (Linux; Android 7.0;) AppleWebKit/537.36 (KHTML, like Gecko) Mobile Safari/537.36 (compatible; PetalBot;+https://webmaster.petalsearch.com/site/petalbot)" "ysfine.com"
66.249.70.30 - - [25/Sep/2022:18:32:02 -0700] "GET /world/germany/leipzig42.jpg HTTP/1.1" 304 - "-" "Googlebot-Image/1.0" "ysfine.com"
185.191.171.3 - - [25/Sep/2022:18:33:00 -0700] "GET /home/dashen.html HTTP/1.1" 200 4015 "-" "Mozilla/5.0 (compatible; SemrushBot/7~bl; +http://www.semrush.com/bot.html)" "ysfine.com"
157.55.39.58 - - [25/Sep/2022:18:33:23 -0700] "GET /dirac/overlap.jpg HTTP/1.1" 200 47846 "-" "Mozilla/5.0 AppleWebKit/537.36 (KHTML, like Gecko; compatible; bingbot/2.0; +http://www.bing.com/bingbot.htm) Chrome/103.0.5060.134 Safari/537.36" "ysfine.com"
51.222.253.16 - - [25/Sep/2022:18:33:38 -0700] "GET /dirac/index.html HTTP/1.1" 200 124 "-" "Mozilla/5.0 (compatible; AhrefsBot/7.0; +http://ahrefs.com/robot/)" "ysfine.com"
207.46.13.102 - - [25/Sep/2022:18:34:09 -0700] "GET /world/china/dalian43.jpg HTTP/1.1" 200 102612 "-" "Mozilla/5.0 (compatible; bingbot/2.0; +http://www.bing.com/bingbot.htm)" "ysfine.com"
40.77.167.61 - - [25/Sep/2022:18:34:12 -0700] "GET /eink/feygell88a.jpg HTTP/1.1" 200 70164 "-" "Mozilla/5.0 (compatible; bingbot/2.0; +http://www.bing.com/bingbot.htm)" "ysfine.com"
157.55.39.58 - - [25/Sep/2022:18:35:02 -0700] "GET /world/baltic/rigaeisen07.jpg HTTP/1.1" 200 140915 "-" "Mozilla/5.0 (compatible; bingbot/2.0; +http://www.bing.com/bingbot.htm)" "www.ysfine.com"
185.191.171.10 - - [25/Sep/2022:18:35:07 -0700] "GET /wigner/wignobel.html HTTP/1.1" 200 4026 "-" "Mozilla/5.0 (compatible; SemrushBot/7~bl; +http://www.semrush.com/bot.html)" "www.ysfine.com"
185.191.171.15 - - [25/Sep/2022:18:35:07 -0700] "GET /sbk/2000.html HTTP/1.1" 200 10573 "-" "Mozilla/5.0 (compatible; SemrushBot/7~bl; +http://www.semrush.com/bot.html)" "ysfine.com"
207.46.13.102 - - [25/Sep/2022:18:35:18 -0700] "GET /dongio/french.html HTTP/1.1" 404 88 "-" "Mozilla/5.0 (compatible; bingbot/2.0; +http://www.bing.com/bingbot.htm)" "ysfine.com"
114.119.128.162 - - [25/Sep/2022:18:37:19 -0700] "GET /maga/osc55.pdf HTTP/1.1" 200 1084665 "https://ysfine.com/maga/index.html" "Mozilla/5.0 (Linux; Android 7.0;) AppleWebKit/537.36 (KHTML, like Gecko) Mobile Safari/537.36 (compatible; PetalBot;+https://webmaster.petalsearch.com/site/petalbot)" "ysfine.com"
157.55.39.58 - - [25/Sep/2022:18:38:25 -0700] "GET /maga/phys/huy34.jpg HTTP/1.1" 200 115681 "-" "Mozilla/5.0 AppleWebKit/537.36 (KHTML, like Gecko; compatible; bingbot/2.0; +http://www.bing.com/bingbot.htm) Chrome/103.0.5060.134 Safari/537.36" "www.ysfine.com"
157.55.39.55 - - [25/Sep/2022:18:38:29 -0700] "GET /kowar/tanks/sherman50.jpg HTTP/1.1" 200 69232 "-" "Mozilla/5.0 (compatible; bingbot/2.0; +http://www.bing.com/bingbot.htm)" "www.ysfine.com"
114.119.128.154 - - [25/Sep/2022:18:39:39 -0700] "GET /class54/class5470/total_data/photo_img/4-34.jpg HTTP/1.1" 200 254569 "https://ysfine.com/class54/class5470/total_data/sub_434.htm" "Mozilla/5.0 (Linux; Android 7.0;) AppleWebKit/537.36 (KHTML, like Gecko) Mobile Safari/537.36 (compatible; PetalBot;+https://webmaster.petalsearch.com/site/petalbot)" "ysfine.com"
165.132.5.152 - - [25/Sep/2022:18:40:07 -0700] "GET /princeton/rheepr01b.jpg HTTP/1.1" 200 35236 "https://www.google.com/" "Mozilla/5.0 (Macintosh; Intel Mac OS X 10_15_7) AppleWebKit/537.36 (KHTML, like Gecko) Chrome/105.0.0.0 Safari/537.36" "ysfine.com"
40.77.167.61 - - [25/Sep/2022:18:40:43 -0700] "GET /world/germany/leipzig27.jpg HTTP/1.1" 200 201611 "-" "Mozilla/5.0 AppleWebKit/537.36 (KHTML, like Gecko; compatible; bingbot/2.0; +http://www.bing.com/bingbot.htm) Chrome/103.0.5060.134 Safari/537.36" "www.ysfine.com"
40.77.167.61 - - [25/Sep/2022:18:41:24 -0700] "GET /world/brit/oxlon31.jpg HTTP/1.1" 200 109478 "-" "Mozilla/5.0 (compatible; bingbot/2.0; +http://www.bing.com/bingbot.htm)" "ysfine.com"
157.55.39.55 - - [25/Sep/2022:18:41:28 -0700] "GET /wigner/gim/gimn17.jpg HTTP/1.1" 200 148508 "-" "Mozilla/5.0 (compatible; bingbot/2.0; +http://www.bing.com/bingbot.htm)" "ysfine.com"
207.46.13.180 - - [25/Sep/2022:18:42:17 -0700] "GET /wigner/wigheis11.jpg HTTP/1.1" 200 96481 "-" "Mozilla/5.0 (compatible; bingbot/2.0; +http://www.bing.com/bingbot.htm)" "www.ysfine.com"
114.119.128.154 - - [25/Sep/2022:18:42:27 -0700] "GET /class54/class5480/?C=S%3BO%3DA HTTP/1.1" 200 378 "https://www.ysfine.com/class54/class5480/?C=N%3BO%3DD" "Mozilla/5.0 (Linux; Android 7.0;) AppleWebKit/537.36 (KHTML, like Gecko) Mobile Safari/537.36 (compatible; PetalBot;+https://webmaster.petalsearch.com/site/petalbot)" "www.ysfine.com"
66.249.70.30 - - [25/Sep/2022:18:43:21 -0700] "GET /world/germany/trier41.jpg HTTP/1.1" 200 189592 "-" "Googlebot-Image/1.0" "ysfine.com"
185.191.171.33 - - [25/Sep/2022:18:43:32 -0700] "GET /robots.txt HTTP/1.1" 404 88 "-" "Mozilla/5.0 (compatible; SemrushBot/7~bl; +http://www.semrush.com/bot.html)" "www.ysfine.com"
185.191.171.34 - - [25/Sep/2022:18:43:32 -0700] "GET /einstein/bern.html HTTP/1.1" 200 8314 "-" "Mozilla/5.0 (compatible; SemrushBot/7~bl; +http://www.semrush.com/bot.html)" "www.ysfine.com"
207.46.13.102 - - [25/Sep/2022:18:43:49 -0700] "GET /people/curtrigh.jpg HTTP/1.1" 200 45655 "-" "Mozilla/5.0 (compatible; bingbot/2.0; +http://www.bing.com/bingbot.htm)" "ysfine.com"
207.46.13.102 - - [25/Sep/2022:18:43:50 -0700] "GET /dirac/wigsis11.jpg HTTP/1.1" 200 71741 "-" "Mozilla/5.0 (compatible; bingbot/2.0; +http://www.bing.com/bingbot.htm)" "ysfine.com"
207.46.13.180 - - [25/Sep/2022:18:44:17 -0700] "GET /wdc/jhoonrhee11.jpg HTTP/1.1" 200 66312 "-" "Mozilla/5.0 AppleWebKit/537.36 (KHTML, like Gecko; compatible; bingbot/2.0; +http://www.bing.com/bingbot.htm) Chrome/103.0.5060.134 Safari/537.36" "ysfine.com"
185.191.171.5 - - [25/Sep/2022:18:44:32 -0700] "GET /robots.txt HTTP/1.1" 404 88 "-" "Mozilla/5.0 (compatible; SemrushBot/7~bl; +http://www.semrush.com/bot.html)" "ysfine.com"
185.191.171.1 - - [25/Sep/2022:18:44:32 -0700] "GET /feynman/fagenda.html HTTP/1.1" 200 2089 "-" "Mozilla/5.0 (compatible; SemrushBot/7~bl; +http://www.semrush.com/bot.html)" "ysfine.com"
147.47.31.69 - - [25/Sep/2022:18:45:31 -0700] "GET /jobs/koreaj11b.jpg HTTP/1.1" 304 - "https://ysfine.com/jobs/koreaj.html" "Mozilla/5.0 (Windows NT 10.0; Win64; x64) AppleWebKit/537.36 (KHTML, like Gecko) Chrome/105.0.0.0 Safari/537.36" "ysfine.com"
147.47.31.69 - - [25/Sep/2022:18:45:32 -0700] "GET /favicon.ico HTTP/1.1" 404 88 "https://ysfine.com/jobs/koreaj.html" "Mozilla/5.0 (Windows NT 10.0; Win64; x64) AppleWebKit/537.36 (KHTML, like Gecko) Chrome/105.0.0.0 Safari/537.36" "ysfine.com"
185.191.171.18 - - [25/Sep/2022:18:45:44 -0700] "GET /maga/galtime.html HTTP/1.1" 200 1944 "-" "Mozilla/5.0 (compatible; SemrushBot/7~bl; +http://www.semrush.com/bot.html)" "www.ysfine.com"
185.191.171.13 - - [25/Sep/2022:18:46:15 -0700] "GET /princeton/wilsonvers.html HTTP/1.1" 200 2207 "-" "Mozilla/5.0 (compatible; SemrushBot/7~bl; +http://www.semrush.com/bot.html)" "ysfine.com"
170.233.32.142 - - [25/Sep/2022:18:47:00 -0700] "GET /wigner/neum/vnc01.jpg HTTP/1.1" 200 133641 "https://sites.google.com/" "Mozilla/5.0 (Linux; Android 9; moto e6s) AppleWebKit/537.36 (KHTML, like Gecko) Chrome/105.0.0.0 Mobile Safari/537.36" "ysfine.com"
157.55.39.128 - - [25/Sep/2022:18:47:15 -0700] "GET /world/russ/basil05.jpg HTTP/1.1" 200 80836 "-" "Mozilla/5.0 (compatible; bingbot/2.0; +http://www.bing.com/bingbot.htm)" "ysfine.com"
114.119.128.158 - - [25/Sep/2022:18:47:52 -0700] "GET /maga/phil/sisfa12/frame05.html HTTP/1.1" 200 320 "https://ysfine.com/maga/phil/sisfa12/frame04.html" "Mozilla/5.0 (Linux; Android 7.0;) AppleWebKit/537.36 (KHTML, like Gecko) Mobile Safari/537.36 (compatible; PetalBot;+https://webmaster.petalsearch.com/site/petalbot)" "ysfine.com"
95.163.255.81 - - [25/Sep/2022:18:48:03 -0700] "GET /robots.txt HTTP/1.1" 404 73 "-" "Mozilla/5.0 (compatible; Linux x86_64; Mail.RU_Bot/Img/2.0; +https://help.mail.ru/webmaster/indexing/robots)" "ysfine.com"
40.77.167.61 - - [25/Sep/2022:18:48:23 -0700] "GET /usca/pitt/fortpitt08.jpg HTTP/1.1" 200 160240 "-" "Mozilla/5.0 (compatible; bingbot/2.0; +http://www.bing.com/bingbot.htm)" "ysfine.com"
114.119.128.14 - - [25/Sep/2022:18:50:06 -0700] "GET /houses/myhouse.html HTTP/1.1" 200 1473 "https://www.ysfine.com/houses/styhouses.html" "Mozilla/5.0 (Linux; Android 7.0;) AppleWebKit/537.36 (KHTML, like Gecko) Mobile Safari/537.36 (compatible; PetalBot;+https://webmaster.petalsearch.com/site/petalbot)" "www.ysfine.com"
157.55.39.55 - - [25/Sep/2022:18:51:15 -0700] "GET /world/poland/psoldier01b.jpg HTTP/1.1" 200 43418 "-" "Mozilla/5.0 (compatible; bingbot/2.0; +http://www.bing.com/bingbot.htm)" "ysfine.com"
95.163.255.61 - - [25/Sep/2022:18:51:59 -0700] "GET /maga/phys/schrod11b.jpg HTTP/1.1" 200 36796 "http://go.mail.ru/search_images" "Mozilla/5.0 (compatible; Linux x86_64; Mail.RU_Bot/Img/2.0; +https://help.mail.ru/webmaster/indexing/robots)" "ysfine.com"
52.41.192.80 - - [25/Sep/2022:18:52:08 -0700] "GET /world/baltic/kalin22.jpg HTTP/1.1" 200 152819 "-" "Mozilla/5.0 (X11; Ubuntu; Linux x86_64; rv:72.0) Gecko/20100101 Firefox/72.0" "ysfine.com"
35.147.103.122 - - [25/Sep/2022:18:52:24 -0700] "GET /einstein/einbohr33.jpg HTTP/1.1" 200 87797 "https://www.google.com/" "Mozilla/5.0 (Windows NT 10.0; Win64; x64; rv:105.0) Gecko/20100101 Firefox/105.0" "ysfine.com"
186.107.188.77 - - [25/Sep/2022:18:52:35 -0700] "GET /maga/invent/popov03.jpg HTTP/1.1" 200 85311 "https://www.google.com/" "Mozilla/5.0 (Windows NT 10.0; Win64; x64) AppleWebKit/537.36 (KHTML, like Gecko) Chrome/105.0.0.0 Safari/537.36" "ysfine.com"
66.211.228.49 - - [25/Sep/2022:18:52:36 -0700] "GET /world/poland/gdn19.jpg HTTP/1.1" 200 81206 "https://www.bing.com/" "Mozilla/5.0 (Windows NT 10.0; Win64; x64) AppleWebKit/537.36 (KHTML, like Gecko) Chrome/105.0.0.0 Safari/537.36 Edg/105.0.1343.50" "ysfine.com"
203.237.64.178 - - [25/Sep/2022:18:52:50 -0700] "GET /kowar/tanks/sherman42.jpg HTTP/1.1" 200 122330 "https://www.google.com/" "Mozilla/5.0 (Windows NT 10.0; Win64; x64) AppleWebKit/537.36 (KHTML, like Gecko) Chrome/105.0.0.0 Safari/537.36" "ysfine.com"
207.46.13.180 - - [25/Sep/2022:18:53:08 -0700] "GET /feynman/feynman.jpg HTTP/1.1" 200 40536 "-" "Mozilla/5.0 (compatible; bingbot/2.0; +http://www.bing.com/bingbot.htm)" "ysfine.com"
207.46.13.180 - - [25/Sep/2022:18:53:17 -0700] "GET /world/ital/termini10.jpg HTTP/1.1" 200 94658 "-" "Mozilla/5.0 (compatible; bingbot/2.0; +http://www.bing.com/bingbot.htm)" "ysfine.com"
185.191.171.24 - - [25/Sep/2022:18:54:18 -0700] "GET /einstein/einbohr.html HTTP/1.1" 200 6142 "-" "Mozilla/5.0 (compatible; SemrushBot/7~bl; +http://www.semrush.com/bot.html)" "www.ysfine.com"
157.55.39.58 - - [25/Sep/2022:18:55:05 -0700] "GET /usca/pitt/sbk57a.jpg HTTP/1.1" 200 67468 "-" "Mozilla/5.0 (compatible; bingbot/2.0; +http://www.bing.com/bingbot.htm)" "www.ysfine.com"
192.136.22.4 - - [25/Sep/2022:18:55:24 -0700] "GET /wigner/neum/vnc03.jpg HTTP/1.1" 200 80421 "https://www.google.com/" "Mozilla/5.0 (Linux; Android 12; SAMSUNG SM-G781B) AppleWebKit/537.36 (KHTML, like Gecko) SamsungBrowser/18.0 Chrome/99.0.4844.88 Mobile Safari/537.36" "ysfine.com"
77.88.5.245 - - [25/Sep/2022:18:55:46 -0700] "GET /einstein/einphil.html HTTP/1.1" 200 2312 "-" "Mozilla/5.0 (compatible; YandexBot/3.0; +http://yandex.com/bots)" "www.ysfine.com"
77.88.5.253 - - [25/Sep/2022:18:55:50 -0700] "GET /wigner/lunch.html HTTP/1.1" 200 3105 "-" "Mozilla/5.0 (compatible; YandexBot/3.0; +http://yandex.com/bots)" "www.ysfine.com"
77.88.5.237 - - [25/Sep/2022:18:55:53 -0700] "GET /einstein/newton.html HTTP/1.1" 200 650 "-" "Mozilla/5.0 (compatible; YandexBot/3.0; +http://yandex.com/bots)" "www.ysfine.com"
93.158.161.51 - - [25/Sep/2022:18:55:56 -0700] "GET /home/optics.html HTTP/1.1" 200 4947 "-" "Mozilla/5.0 (compatible; YandexBot/3.0; +http://yandex.com/bots)" "www.ysfine.com"
77.88.5.45 - - [25/Sep/2022:18:56:00 -0700] "GET /einstein/ewk.html HTTP/1.1" 200 4230 "-" "Mozilla/5.0 (compatible; YandexBot/3.0; +http://yandex.com/bots)" "www.ysfine.com"
77.88.5.46 - - [25/Sep/2022:18:56:03 -0700] "GET /home/100yrs.html HTTP/1.1" 200 7936 "-" "Mozilla/5.0 (compatible; YandexBot/3.0; +http://yandex.com/bots)" "www.ysfine.com"
77.88.5.46 - - [25/Sep/2022:18:56:05 -0700] "GET /maga/keigel.html HTTP/1.1" 200 6995 "-" "Mozilla/5.0 (compatible; YandexBot/3.0; +http://yandex.com/bots)" "www.ysfine.com"
93.158.161.40 - - [25/Sep/2022:18:56:09 -0700] "GET /home/yshome.html HTTP/1.1" 200 5699 "-" "Mozilla/5.0 (compatible; YandexBot/3.0; +http://yandex.com/bots)" "www.ysfine.com"
114.119.128.14 - - [25/Sep/2022:18:56:12 -0700] "GET /class54/class5470/total_data/photo_img/7-46.jpg HTTP/1.1" 200 208826 "https://ysfine.com/class54/class5470/total_data/sub_746.htm" "Mozilla/5.0 (Linux; Android 7.0;) AppleWebKit/537.36 (KHTML, like Gecko) Mobile Safari/537.36 (compatible; PetalBot;+https://webmaster.petalsearch.com/site/petalbot)" "ysfine.com"
95.163.255.110 - - [25/Sep/2022:18:56:39 -0700] "GET /world/germany/hofbrau33.jpg HTTP/1.1" 200 97307 "http://go.mail.ru/search_images" "Mozilla/5.0 (compatible; Linux x86_64; Mail.RU_Bot/Img/2.0; +https://help.mail.ru/webmaster/indexing/robots)" "ysfine.com"
47.188.83.6 - - [25/Sep/2022:18:57:45 -0700] "GET /maga/phil/sartre66.jpg HTTP/1.1" 200 239329 "https://www.google.com/" "Mozilla/5.0 (Windows NT 10.0; Win64; x64) AppleWebKit/537.36 (KHTML, like Gecko) Chrome/105.0.0.0 Safari/537.36" "ysfine.com"
185.191.171.12 - - [25/Sep/2022:18:58:06 -0700] "GET /jobs/germanj.html HTTP/1.1" 200 1298 "-" "Mozilla/5.0 (compatible; SemrushBot/7~bl; +http://www.semrush.com/bot.html)" "ysfine.com"
207.46.13.102 - - [25/Sep/2022:18:58:22 -0700] "GET /world/ital/flor055.jpg HTTP/1.1" 200 129866 "-" "Mozilla/5.0 (compatible; bingbot/2.0; +http://www.bing.com/bingbot.htm)" "ysfine.com"
157.55.39.128 - - [25/Sep/2022:18:59:37 -0700] "GET /princeton/nasshall03.jpg HTTP/1.1" 200 147463 "-" "Mozilla/5.0 (compatible; bingbot/2.0; +http://www.bing.com/bingbot.htm)" "ysfine.com"
72.14.201.138 - - [25/Sep/2022:18:59:44 -0700] "GET /einstein/heisenberg.html HTTP/1.1" 200 10552 "-" "Mozilla/5.0 (Linux; Android 10; K) AppleWebKit/537.36 (KHTML, like Gecko) Chrome/105.0.0.0 Mobile Safari/537.36" "ysfine.com"
157.55.39.58 - - [25/Sep/2022:18:59:45 -0700] "GET /princeton/brooke04.jpg HTTP/1.1" 200 117666 "-" "Mozilla/5.0 (compatible; bingbot/2.0; +http://www.bing.com/bingbot.htm)" "www.ysfine.com"
185.191.171.23 - - [25/Sep/2022:18:59:47 -0700] "GET /houses/monticello.html HTTP/1.1" 200 750 "-" "Mozilla/5.0 (compatible; SemrushBot/7~bl; +http://www.semrush.com/bot.html)" "www.ysfine.com"
207.46.13.102 - - [25/Sep/2022:18:59:50 -0700] "GET /kowar/tanks/tank08.jpg HTTP/1.1" 200 111663 "-" "Mozilla/5.0 (compatible; bingbot/2.0; +http://www.bing.com/bingbot.htm)" "www.ysfine.com"
95.163.255.71 - - [25/Sep/2022:19:01:23 -0700] "GET /einstein/evol55.jpg HTTP/1.1" 200 93709 "http://go.mail.ru/search_images" "Mozilla/5.0 (compatible; Linux x86_64; Mail.RU_Bot/Img/2.0; +https://help.mail.ru/webmaster/indexing/robots)" "ysfine.com"
110.93.150.159 - - [25/Sep/2022:19:02:42 -0700] "GET /feynman/partons.html HTTP/1.1" 200 5807 "-" "Mozilla/5.0 (compatible; Yeti/1.1; +https://naver.me/spd)" "ysfine.com"
114.111.32.92 - - [25/Sep/2022:19:02:54 -0700] "GET /favicon.ico HTTP/1.1" 404 88 "-" "Mozilla/5.0 (compatible; Yeti/1.1; +https://naver.me/spd)" "ysfine.com"
140.180.240.116 - - [25/Sep/2022:19:03:19 -0700] "GET /princeton/brooke22.jpg HTTP/1.1" 200 87673 "https://www.google.com/" "Mozilla/5.0 (Macintosh; Intel Mac OS X 10_15_7) AppleWebKit/605.1.15 (KHTML, like Gecko) Version/15.6.1 Safari/605.1.15" "ysfine.com"
207.46.13.102 - - [25/Sep/2022:19:03:20 -0700] "GET /ffriends/amkor/koparis05.jpg HTTP/1.1" 200 118192 "-" "Mozilla/5.0 (compatible; bingbot/2.0; +http://www.bing.com/bingbot.htm)" "www.ysfine.com"
157.55.39.128 - - [25/Sep/2022:19:03:35 -0700] "GET /einstein/einbohr55.jpg HTTP/1.1" 200 227851 "-" "Mozilla/5.0 (compatible; bingbot/2.0; +http://www.bing.com/bingbot.htm)" "ysfine.com"
75.157.88.252 - - [25/Sep/2022:19:03:46 -0700] "GET / HTTP/1.1" 200 5283 "-" "Mozilla/5.0 (Macintosh; Intel Mac OS X 10.15; rv:104.0) Gecko/20100101 Firefox/104.0" "ysfine.com"
75.157.88.252 - - [25/Sep/2022:19:03:47 -0700] "GET /home/eink450.jpg HTTP/1.1" 200 66794 "-" "Mozilla/5.0 (Macintosh; Intel Mac OS X 10.15; rv:104.0) Gecko/20100101 Firefox/104.0" "ysfine.com"
75.157.88.252 - - [25/Sep/2022:19:03:47 -0700] "GET /home/facu450.jpg HTTP/1.1" 200 74535 "-" "Mozilla/5.0 (Macintosh; Intel Mac OS X 10.15; rv:104.0) Gecko/20100101 Firefox/104.0" "ysfine.com"
75.157.88.252 - - [25/Sep/2022:19:03:47 -0700] "GET /home/goodbad450.jpg HTTP/1.1" 200 32258 "-" "Mozilla/5.0 (Macintosh; Intel Mac OS X 10.15; rv:104.0) Gecko/20100101 Firefox/104.0" "ysfine.com"
75.157.88.252 - - [25/Sep/2022:19:03:47 -0700] "GET /eink/ewk86f.jpg HTTP/1.1" 200 122173 "-" "Mozilla/5.0 (Macintosh; Intel Mac OS X 10.15; rv:104.0) Gecko/20100101 Firefox/104.0" "ysfine.com"
75.157.88.252 - - [25/Sep/2022:19:03:47 -0700] "GET /home/top21d.jpg HTTP/1.1" 200 74409 "-" "Mozilla/5.0 (Macintosh; Intel Mac OS X 10.15; rv:104.0) Gecko/20100101 Firefox/104.0" "ysfine.com"
75.157.88.252 - - [25/Sep/2022:19:03:47 -0700] "GET /home/truck450.jpg HTTP/1.1" 200 42871 "-" "Mozilla/5.0 (Macintosh; Intel Mac OS X 10.15; rv:104.0) Gecko/20100101 Firefox/104.0" "ysfine.com"
75.157.88.252 - - [25/Sep/2022:19:03:47 -0700] "GET /eink/einhaus11c.jpg HTTP/1.1" 200 42522 "-" "Mozilla/5.0 (Macintosh; Intel Mac OS X 10.15; rv:104.0) Gecko/20100101 Firefox/104.0" "ysfine.com"
75.157.88.252 - - [25/Sep/2022:19:03:47 -0700] "GET /home/eindc03d.jpg HTTP/1.1" 200 95860 "-" "Mozilla/5.0 (Macintosh; Intel Mac OS X 10.15; rv:104.0) Gecko/20100101 Firefox/104.0" "ysfine.com"
75.157.88.252 - - [25/Sep/2022:19:03:47 -0700] "GET /home/washmo23d.jpg HTTP/1.1" 200 32142 "-" "Mozilla/5.0 (Macintosh; Intel Mac OS X 10.15; rv:104.0) Gecko/20100101 Firefox/104.0" "ysfine.com"
75.157.88.252 - - [25/Sep/2022:19:03:47 -0700] "GET /home/taylor500.jpg HTTP/1.1" 200 79197 "-" "Mozilla/5.0 (Macintosh; Intel Mac OS X 10.15; rv:104.0) Gecko/20100101 Firefox/104.0" "ysfine.com"
75.157.88.252 - - [25/Sep/2022:19:03:47 -0700] "GET /eink/einhaus33c.jpg HTTP/1.1" 200 23792 "-" "Mozilla/5.0 (Macintosh; Intel Mac OS X 10.15; rv:104.0) Gecko/20100101 Firefox/104.0" "ysfine.com"
75.157.88.252 - - [25/Sep/2022:19:03:47 -0700] "GET /home/1987pr22d.jpg HTTP/1.1" 200 66428 "-" "Mozilla/5.0 (Macintosh; Intel Mac OS X 10.15; rv:104.0) Gecko/20100101 Firefox/104.0" "ysfine.com"
75.157.88.252 - - [25/Sep/2022:19:03:47 -0700] "GET /home/eink54f.jpg HTTP/1.1" 200 96332 "-" "Mozilla/5.0 (Macintosh; Intel Mac OS X 10.15; rv:104.0) Gecko/20100101 Firefox/104.0" "ysfine.com"
75.157.88.252 - - [25/Sep/2022:19:03:47 -0700] "GET /home/eward55f.jpg HTTP/1.1" 200 122802 "-" "Mozilla/5.0 (Macintosh; Intel Mac OS X 10.15; rv:104.0) Gecko/20100101 Firefox/104.0" "ysfine.com"
75.157.88.252 - - [25/Sep/2022:19:03:49 -0700] "GET /favicon.ico HTTP/1.1" 404 88 "https://ysfine.com/" "Mozilla/5.0 (Macintosh; Intel Mac OS X 10.15; rv:104.0) Gecko/20100101 Firefox/104.0" "ysfine.com"
75.157.88.252 - - [25/Sep/2022:19:04:13 -0700] "GET /eink/mose.html HTTP/1.1" 200 14315 "-" "Mozilla/5.0 (Macintosh; Intel Mac OS X 10.15; rv:104.0) Gecko/20100101 Firefox/104.0" "ysfine.com"
75.157.88.252 - - [25/Sep/2022:19:04:13 -0700] "GET /eink/moses450.jpg HTTP/1.1" 200 109858 "https://ysfine.com/eink/mose.html" "Mozilla/5.0 (Macintosh; Intel Mac OS X 10.15; rv:104.0) Gecko/20100101 Firefox/104.0" "ysfine.com"
75.157.88.252 - - [25/Sep/2022:19:04:13 -0700] "GET /eink/rheepr01d.jpg HTTP/1.1" 200 52650 "https://ysfine.com/eink/mose.html" "Mozilla/5.0 (Macintosh; Intel Mac OS X 10.15; rv:104.0) Gecko/20100101 Firefox/104.0" "ysfine.com"
75.157.88.252 - - [25/Sep/2022:19:04:13 -0700] "GET /eink/isomor55d.jpg HTTP/1.1" 200 54587 "https://ysfine.com/eink/mose.html" "Mozilla/5.0 (Macintosh; Intel Mac OS X 10.15; rv:104.0) Gecko/20100101 Firefox/104.0" "ysfine.com"
75.157.88.252 - - [25/Sep/2022:19:04:13 -0700] "GET /eink/eink26a.jpg HTTP/1.1" 200 48279 "https://ysfine.com/eink/mose.html" "Mozilla/5.0 (Macintosh; Intel Mac OS X 10.15; rv:104.0) Gecko/20100101 Firefox/104.0" "ysfine.com"
75.157.88.252 - - [25/Sep/2022:19:04:13 -0700] "GET /eink/ysrhee33d.jpg HTTP/1.1" 200 38065 "https://ysfine.com/eink/mose.html" "Mozilla/5.0 (Macintosh; Intel Mac OS X 10.15; rv:104.0) Gecko/20100101 Firefox/104.0" "ysfine.com"
75.157.88.252 - - [25/Sep/2022:19:04:13 -0700] "GET /eink/pwk450.jpg HTTP/1.1" 200 84974 "https://ysfine.com/eink/mose.html" "Mozilla/5.0 (Macintosh; Intel Mac OS X 10.15; rv:104.0) Gecko/20100101 Firefox/104.0" "ysfine.com"
75.157.88.252 - - [25/Sep/2022:19:04:13 -0700] "GET /eink/feygell88f.jpg HTTP/1.1" 200 96630 "https://ysfine.com/eink/mose.html" "Mozilla/5.0 (Macintosh; Intel Mac OS X 10.15; rv:104.0) Gecko/20100101 Firefox/104.0" "ysfine.com"
75.157.88.252 - - [25/Sep/2022:19:04:13 -0700] "GET /eink/parton33f.jpg HTTP/1.1" 200 87862 "https://ysfine.com/eink/mose.html" "Mozilla/5.0 (Macintosh; Intel Mac OS X 10.15; rv:104.0) Gecko/20100101 Firefox/104.0" "ysfine.com"
75.157.88.252 - - [25/Sep/2022:19:04:13 -0700] "GET /eink/dirbust22d.jpg HTTP/1.1" 200 52160 "https://ysfine.com/eink/mose.html" "Mozilla/5.0 (Macintosh; Intel Mac OS X 10.15; rv:104.0) Gecko/20100101 Firefox/104.0" "ysfine.com"
75.157.88.252 - - [25/Sep/2022:19:04:13 -0700] "GET /eink/taylor11d.jpg HTTP/1.1" 200 42097 "https://ysfine.com/eink/mose.html" "Mozilla/5.0 (Macintosh; Intel Mac OS X 10.15; rv:104.0) Gecko/20100101 Firefox/104.0" "ysfine.com"
75.157.88.252 - - [25/Sep/2022:19:04:13 -0700] "GET /eink/wsj21f.jpg HTTP/1.1" 200 172238 "https://ysfine.com/eink/mose.html" "Mozilla/5.0 (Macintosh; Intel Mac OS X 10.15; rv:104.0) Gecko/20100101 Firefox/104.0" "ysfine.com"
75.157.88.252 - - [25/Sep/2022:19:04:13 -0700] "GET /eink/michwight11d.jpg HTTP/1.1" 200 57798 "https://ysfine.com/eink/mose.html" "Mozilla/5.0 (Macintosh; Intel Mac OS X 10.15; rv:104.0) Gecko/20100101 Firefox/104.0" "ysfine.com"
75.157.88.252 - - [25/Sep/2022:19:04:13 -0700] "GET /eink/zhuxi300.jpg HTTP/1.1" 200 49536 "https://ysfine.com/eink/mose.html" "Mozilla/5.0 (Macintosh; Intel Mac OS X 10.15; rv:104.0) Gecko/20100101 Firefox/104.0" "ysfine.com"
75.157.88.252 - - [25/Sep/2022:19:04:13 -0700] "GET /eink/tao55f.jpg HTTP/1.1" 200 128668 "https://ysfine.com/eink/mose.html" "Mozilla/5.0 (Macintosh; Intel Mac OS X 10.15; rv:104.0) Gecko/20100101 Firefox/104.0" "ysfine.com"
75.157.88.252 - - [25/Sep/2022:19:04:13 -0700] "GET /eink/michwight22d.jpg HTTP/1.1" 200 47211 "https://ysfine.com/eink/mose.html" "Mozilla/5.0 (Macintosh; Intel Mac OS X 10.15; rv:104.0) Gecko/20100101 Firefox/104.0" "ysfine.com"
75.157.88.252 - - [25/Sep/2022:19:04:13 -0700] "GET /eink/church06d.jpg HTTP/1.1" 200 73777 "https://ysfine.com/eink/mose.html" "Mozilla/5.0 (Macintosh; Intel Mac OS X 10.15; rv:104.0) Gecko/20100101 Firefox/104.0" "ysfine.com"
75.157.88.252 - - [25/Sep/2022:19:04:13 -0700] "GET /eink/further22f.jpg HTTP/1.1" 200 99099 "https://ysfine.com/eink/mose.html" "Mozilla/5.0 (Macintosh; Intel Mac OS X 10.15; rv:104.0) Gecko/20100101 Firefox/104.0" "ysfine.com"
75.157.88.252 - - [25/Sep/2022:19:04:13 -0700] "GET /eink/reagan01d.jpg HTTP/1.1" 200 63614 "https://ysfine.com/eink/mose.html" "Mozilla/5.0 (Macintosh; Intel Mac OS X 10.15; rv:104.0) Gecko/20100101 Firefox/104.0" "ysfine.com"
75.157.88.252 - - [25/Sep/2022:19:04:13 -0700] "GET /eink/sorae01d.jpg HTTP/1.1" 200 35433 "https://ysfine.com/eink/mose.html" "Mozilla/5.0 (Macintosh; Intel Mac OS X 10.15; rv:104.0) Gecko/20100101 Firefox/104.0" "ysfine.com"
75.157.88.252 - - [25/Sep/2022:19:04:13 -0700] "GET /eink/chungilk05f.jpg HTTP/1.1" 200 128213 "https://ysfine.com/eink/mose.html" "Mozilla/5.0 (Macintosh; Intel Mac OS X 10.15; rv:104.0) Gecko/20100101 Firefox/104.0" "ysfine.com"
75.157.88.252 - - [25/Sep/2022:19:04:13 -0700] "GET /eink/kantbooks11d.jpg HTTP/1.1" 200 39604 "https://ysfine.com/eink/mose.html" "Mozilla/5.0 (Macintosh; Intel Mac OS X 10.15; rv:104.0) Gecko/20100101 Firefox/104.0" "ysfine.com"
75.157.88.252 - - [25/Sep/2022:19:04:13 -0700] "GET /eink/kflag11c.jpg HTTP/1.1" 200 27284 "https://ysfine.com/eink/mose.html" "Mozilla/5.0 (Macintosh; Intel Mac OS X 10.15; rv:104.0) Gecko/20100101 Firefox/104.0" "ysfine.com"
75.157.88.252 - - [25/Sep/2022:19:04:13 -0700] "GET /eink/eink400.jpg HTTP/1.1" 200 49740 "https://ysfine.com/eink/mose.html" "Mozilla/5.0 (Macintosh; Intel Mac OS X 10.15; rv:104.0) Gecko/20100101 Firefox/104.0" "ysfine.com"
75.157.88.252 - - [25/Sep/2022:19:04:13 -0700] "GET /eink/underw03d.jpg HTTP/1.1" 200 40793 "https://ysfine.com/eink/mose.html" "Mozilla/5.0 (Macintosh; Intel Mac OS X 10.15; rv:104.0) Gecko/20100101 Firefox/104.0" "ysfine.com"
75.157.88.252 - - [25/Sep/2022:19:04:13 -0700] "GET /eink/eintao55f.jpg HTTP/1.1" 200 110322 "https://ysfine.com/eink/mose.html" "Mozilla/5.0 (Macintosh; Intel Mac OS X 10.15; rv:104.0) Gecko/20100101 Firefox/104.0" "ysfine.com"
75.157.88.252 - - [25/Sep/2022:19:04:13 -0700] "GET /eink/bieden02d.jpg HTTP/1.1" 200 55623 "https://ysfine.com/eink/mose.html" "Mozilla/5.0 (Macintosh; Intel Mac OS X 10.15; rv:104.0) Gecko/20100101 Firefox/104.0" "ysfine.com"
77.75.79.31 - - [25/Sep/2022:19:04:17 -0700] "GET /home/hmtop.html HTTP/1.1" 200 447 "-" "Mozilla/5.0 (compatible; SeznamBot/4.0-RC1; +http://napoveda.seznam.cz/seznambot-intro/)" "ysfine.com"
75.157.88.252 - - [25/Sep/2022:19:04:19 -0700] "GET /home/bio22.html HTTP/1.1" 200 12823 "-" "Mozilla/5.0 (Macintosh; Intel Mac OS X 10.15; rv:104.0) Gecko/20100101 Firefox/104.0" "ysfine.com"
75.157.88.252 - - [25/Sep/2022:19:04:19 -0700] "GET /home/fotos/kazan017d.jpg HTTP/1.1" 200 51055 "https://ysfine.com/home/bio22.html" "Mozilla/5.0 (Macintosh; Intel Mac OS X 10.15; rv:104.0) Gecko/20100101 Firefox/104.0" "ysfine.com"
75.157.88.252 - - [25/Sep/2022:19:04:19 -0700] "GET /home/fotos/package11f.jpg HTTP/1.1" 200 60942 "https://ysfine.com/home/bio22.html" "Mozilla/5.0 (Macintosh; Intel Mac OS X 10.15; rv:104.0) Gecko/20100101 Firefox/104.0" "ysfine.com"
75.157.88.252 - - [25/Sep/2022:19:04:19 -0700] "GET /home/fotos/boy11f.jpg HTTP/1.1" 200 135177 "https://ysfine.com/home/bio22.html" "Mozilla/5.0 (Macintosh; Intel Mac OS X 10.15; rv:104.0) Gecko/20100101 Firefox/104.0" "ysfine.com"
75.157.88.252 - - [25/Sep/2022:19:04:19 -0700] "GET /home/fig22/taylor54d.jpg HTTP/1.1" 200 77792 "https://ysfine.com/home/bio22.html" "Mozilla/5.0 (Macintosh; Intel Mac OS X 10.15; rv:104.0) Gecko/20100101 Firefox/104.0" "ysfine.com"
75.157.88.252 - - [25/Sep/2022:19:04:19 -0700] "GET /home/fotos/flor14d.jpg HTTP/1.1" 200 95073 "https://ysfine.com/home/bio22.html" "Mozilla/5.0 (Macintosh; Intel Mac OS X 10.15; rv:104.0) Gecko/20100101 Firefox/104.0" "ysfine.com"
75.157.88.252 - - [25/Sep/2022:19:04:19 -0700] "GET /home/fig22/acs22f.jpg HTTP/1.1" 200 107067 "https://ysfine.com/home/bio22.html" "Mozilla/5.0 (Macintosh; Intel Mac OS X 10.15; rv:104.0) Gecko/20100101 Firefox/104.0" "ysfine.com"
75.157.88.252 - - [25/Sep/2022:19:04:19 -0700] "GET /home/mac05f.jpg HTTP/1.1" 200 98400 "https://ysfine.com/home/bio22.html" "Mozilla/5.0 (Macintosh; Intel Mac OS X 10.15; rv:104.0) Gecko/20100101 Firefox/104.0" "ysfine.com"
75.157.88.252 - - [25/Sep/2022:19:04:19 -0700] "GET /home/fig22/cafe33f.jpg HTTP/1.1" 200 147078 "https://ysfine.com/home/bio22.html" "Mozilla/5.0 (Macintosh; Intel Mac OS X 10.15; rv:104.0) Gecko/20100101 Firefox/104.0" "ysfine.com"
75.157.88.252 - - [25/Sep/2022:19:04:19 -0700] "GET /home/eward33f.jpg HTTP/1.1" 200 86617 "https://ysfine.com/home/bio22.html" "Mozilla/5.0 (Macintosh; Intel Mac OS X 10.15; rv:104.0) Gecko/20100101 Firefox/104.0" "ysfine.com"
75.157.88.252 - - [25/Sep/2022:19:04:19 -0700] "GET /home/fig22/busan22d.jpg HTTP/1.1" 200 35419 "https://ysfine.com/home/bio22.html" "Mozilla/5.0 (Macintosh; Intel Mac OS X 10.15; rv:104.0) Gecko/20100101 Firefox/104.0" "ysfine.com"
75.157.88.252 - - [25/Sep/2022:19:04:19 -0700] "GET /einstein/einbohr11c.jpg HTTP/1.1" 200 40181 "https://ysfine.com/home/bio22.html" "Mozilla/5.0 (Macintosh; Intel Mac OS X 10.15; rv:104.0) Gecko/20100101 Firefox/104.0" "ysfine.com"
75.157.88.252 - - [25/Sep/2022:19:04:19 -0700] "GET /home/fig22/acs96f.jpg HTTP/1.1" 200 118636 "https://ysfine.com/home/bio22.html" "Mozilla/5.0 (Macintosh; Intel Mac OS X 10.15; rv:104.0) Gecko/20100101 Firefox/104.0" "ysfine.com"
75.157.88.252 - - [25/Sep/2022:19:04:19 -0700] "GET /home/tallm53f.jpg HTTP/1.1" 200 132310 "https://ysfine.com/home/bio22.html" "Mozilla/5.0 (Macintosh; Intel Mac OS X 10.15; rv:104.0) Gecko/20100101 Firefox/104.0" "ysfine.com"
75.157.88.252 - - [25/Sep/2022:19:04:19 -0700] "GET /home/pungsin11f.jpg HTTP/1.1" 200 68536 "https://ysfine.com/home/bio22.html" "Mozilla/5.0 (Macintosh; Intel Mac OS X 10.15; rv:104.0) Gecko/20100101 Firefox/104.0" "ysfine.com"
75.157.88.252 - - [25/Sep/2022:19:04:19 -0700] "GET /home/top21c.jpg HTTP/1.1" 200 53120 "https://ysfine.com/home/bio22.html" "Mozilla/5.0 (Macintosh; Intel Mac OS X 10.15; rv:104.0) Gecko/20100101 Firefox/104.0" "ysfine.com"
75.157.88.252 - - [25/Sep/2022:19:04:19 -0700] "GET /home/fotos/tank05d.jpg HTTP/1.1" 200 52601 "https://ysfine.com/home/bio22.html" "Mozilla/5.0 (Macintosh; Intel Mac OS X 10.15; rv:104.0) Gecko/20100101 Firefox/104.0" "ysfine.com"
75.157.88.252 - - [25/Sep/2022:19:04:19 -0700] "GET /home/fotos/photo03d.jpg HTTP/1.1" 200 33647 "https://ysfine.com/home/bio22.html" "Mozilla/5.0 (Macintosh; Intel Mac OS X 10.15; rv:104.0) Gecko/20100101 Firefox/104.0" "ysfine.com"
75.157.88.252 - - [25/Sep/2022:19:04:19 -0700] "GET /home/figs/gtown47d.jpg HTTP/1.1" 200 46996 "https://ysfine.com/home/bio22.html" "Mozilla/5.0 (Macintosh; Intel Mac OS X 10.15; rv:104.0) Gecko/20100101 Firefox/104.0" "ysfine.com"
75.157.88.252 - - [25/Sep/2022:19:04:19 -0700] "GET /home/figs/waskor042d.jpg HTTP/1.1" 200 43502 "https://ysfine.com/home/bio22.html" "Mozilla/5.0 (Macintosh; Intel Mac OS X 10.15; rv:104.0) Gecko/20100101 Firefox/104.0" "ysfine.com"
75.157.88.252 - - [25/Sep/2022:19:04:19 -0700] "GET /home/fig22/ys53d.jpg HTTP/1.1" 200 47161 "https://ysfine.com/home/bio22.html" "Mozilla/5.0 (Macintosh; Intel Mac OS X 10.15; rv:104.0) Gecko/20100101 Firefox/104.0" "ysfine.com"
75.157.88.252 - - [25/Sep/2022:19:04:19 -0700] "GET /home/fotos/wigner62d.jpg HTTP/1.1" 200 82402 "https://ysfine.com/home/bio22.html" "Mozilla/5.0 (Macintosh; Intel Mac OS X 10.15; rv:104.0) Gecko/20100101 Firefox/104.0" "ysfine.com"
