75.157.88.252 - - [25/Sep/2022:19:07:44 -0700] "GET /einstein/maric22c.jpg HTTP/1.1" 200 37172 "https://ysfine.com/einstein/einwo.html" "Mozilla/5.0 (Macintosh; Intel Mac OS X 10.15; rv:104.0) Gecko/20100101 Firefox/104.0" "ysfine.com"
75.157.88.252 - - [25/Sep/2022:19:07:44 -0700] "GET /einstein/places/einmu52c.jpg HTTP/1.1" 200 46514 "https://ysfine.com/einstein/einwo.html" "Mozilla/5.0 (Macintosh; Intel Mac OS X 10.15; rv:104.0) Gecko/20100101 Firefox/104.0" "ysfine.com"
75.157.88.252 - - [25/Sep/2022:19:07:44 -0700] "GET /einstein/einwife66c.jpg HTTP/1.1" 200 20213 "https://ysfine.com/einstein/einwo.html" "Mozilla/5.0 (Macintosh; Intel Mac OS X 10.15; rv:104.0) Gecko/20100101 Firefox/104.0" "ysfine.com"
75.157.88.252 - - [25/Sep/2022:19:07:44 -0700] "GET /einstein/eincurie300.jpg HTTP/1.1" 200 28924 "https://ysfine.com/einstein/einwo.html" "Mozilla/5.0 (Macintosh; Intel Mac OS X 10.15; rv:104.0) Gecko/20100101 Firefox/104.0" "ysfine.com"
75.157.88.252 - - [25/Sep/2022:19:07:44 -0700] "GET /einstein/maric11c.jpg HTTP/1.1" 200 27741 "https://ysfine.com/einstein/einwo.html" "Mozilla/5.0 (Macintosh; Intel Mac OS X 10.15; rv:104.0) Gecko/20100101 Firefox/104.0" "ysfine.com"
75.157.88.252 - - [25/Sep/2022:19:07:44 -0700] "GET /eink/einhaus11c.jpg HTTP/1.1" 200 42522 "-" "Mozilla/5.0 (Macintosh; Intel Mac OS X 10.15; rv:104.0) Gecko/20100101 Firefox/104.0" "ysfine.com"
75.157.88.252 - - [25/Sep/2022:19:07:44 -0700] "GET /home/eink54f.jpg HTTP/1.1" 200 96332 "-" "Mozilla/5.0 (Macintosh; Intel Mac OS X 10.15; rv:104.0) Gecko/20100101 Firefox/104.0" "ysfine.com"
75.157.88.252 - - [25/Sep/2022:19:07:44 -0700] "GET /home/taylor500.jpg HTTP/1.1" 200 79197 "-" "Mozilla/5.0 (Macintosh; Intel Mac OS X 10.15; rv:104.0) Gecko/20100101 Firefox/104.0" "ysfine.com"
75.157.88.252 - - [25/Sep/2022:19:07:44 -0700] "GET /home/eward55f.jpg HTTP/1.1" 200 122802 "-" "Mozilla/5.0 (Macintosh; Intel Mac OS X 10.15; rv:104.0) Gecko/20100101 Firefox/104.0" "ysfine.com"
75.157.88.252 - - [25/Sep/2022:19:07:44 -0700] "GET /eink/einhaus33c.jpg HTTP/1.1" 200 23792 "-" "Mozilla/5.0 (Macintosh; Intel Mac OS X 10.15; rv:104.0) Gecko/20100101 Firefox/104.0" "ysfine.com"
40.77.167.61 - - [25/Sep/2022:19:07:55 -0700] "GET /style/musee/britmu30.jpg HTTP/1.1" 200 93611 "-" "Mozilla/5.0 (compatible; bingbot/2.0; +http://www.bing.com/bingbot.htm)" "ysfine.com"
75.157.88.252 - - [25/Sep/2022:19:08:04 -0700] "GET /einstein/eindc33.jpg HTTP/1.1" 200 247500 "https://ysfine.com/einstein/einwo.html" "Mozilla/5.0 (Macintosh; Intel Mac OS X 10.15; rv:104.0) Gecko/20100101 Firefox/104.0" "ysfine.com"
51.222.253.15 - - [25/Sep/2022:19:08:17 -0700] "GET / HTTP/1.1" 200 5283 "-" "Mozilla/5.0 (compatible; AhrefsBot/7.0; +http://ahrefs.com/robot/)" "www.ysfine.com"
185.191.171.2 - - [25/Sep/2022:19:08:29 -0700] "GET /home/feysavior.html HTTP/1.1" 200 2737 "-" "Mozilla/5.0 (compatible; SemrushBot/7~bl; +http://www.semrush.com/bot.html)" "www.ysfine.com"
157.55.39.58 - - [25/Sep/2022:19:09:17 -0700] "GET /world/russ/roskei01.jpg HTTP/1.1" 200 76065 "-" "Mozilla/5.0 (compatible; bingbot/2.0; +http://www.bing.com/bingbot.htm)" "ysfine.com"
157.55.39.58 - - [25/Sep/2022:19:09:26 -0700] "GET /usca/pitt/westim01.jpg HTTP/1.1" 200 101749 "-" "Mozilla/5.0 AppleWebKit/537.36 (KHTML, like Gecko; compatible; bingbot/2.0; +http://www.bing.com/bingbot.htm) Chrome/103.0.5060.134 Safari/537.36" "www.ysfine.com"
114.119.128.158 - - [25/Sep/2022:19:09:35 -0700] "GET /remote/wigner111/frame59.html HTTP/1.1" 200 429 "https://www.ysfine.com/remote/wigner111/goto.html" "Mozilla/5.0 (Linux; Android 7.0;) AppleWebKit/537.36 (KHTML, like Gecko) Mobile Safari/537.36 (compatible; PetalBot;+https://webmaster.petalsearch.com/site/petalbot)" "www.ysfine.com"
185.191.171.7 - - [25/Sep/2022:19:09:52 -0700] "GET /princeton/wilson14.html HTTP/1.1" 200 774 "-" "Mozilla/5.0 (compatible; SemrushBot/7~bl; +http://www.semrush.com/bot.html)" "ysfine.com"
207.46.13.180 - - [25/Sep/2022:19:10:10 -0700] "GET /world/latina/cancun15.jpg HTTP/1.1" 200 110425 "-" "Mozilla/5.0 (compatible; bingbot/2.0; +http://www.bing.com/bingbot.htm)" "ysfine.com"
207.46.13.102 - - [25/Sep/2022:19:10:23 -0700] "GET /usca/pitt/forbesfld02.jpg HTTP/1.1" 200 121327 "-" "Mozilla/5.0 AppleWebKit/537.36 (KHTML, like Gecko; compatible; bingbot/2.0; +http://www.bing.com/bingbot.htm) Chrome/103.0.5060.134 Safari/537.36" "www.ysfine.com"
185.191.171.12 - - [25/Sep/2022:19:10:25 -0700] "GET /princeton/campus.html HTTP/1.1" 200 15142 "-" "Mozilla/5.0 (compatible; SemrushBot/7~bl; +http://www.semrush.com/bot.html)" "www.ysfine.com"
96.231.186.137 - - [25/Sep/2022:19:11:04 -0700] "GET /princeton/alexan22.jpg HTTP/1.1" 200 175436 "https://www.google.com/" "Mozilla/5.0 (Linux; Android 13; Pixel 4a Build/TP1A.220905.004; wv) AppleWebKit/537.36 (KHTML, like Gecko) Version/4.0 Chrome/105.0.5195.136 Mobile Safari/537.36 GoogleApp/13.36.11.29.arm64" "ysfine.com"
207.46.13.102 - - [25/Sep/2022:19:11:13 -0700] "GET /world/russ/ruble33.jpg HTTP/1.1" 200 124316 "-" "Mozilla/5.0 (compatible; bingbot/2.0; +http://www.bing.com/bingbot.htm)" "ysfine.com"
75.157.88.252 - - [25/Sep/2022:19:11:25 -0700] "GET /yspapers/kno79.pdf HTTP/1.1" 200 176844 "https://ysfine.com/home/bio77.html" "Mozilla/5.0 (Macintosh; Intel Mac OS X 10.15; rv:104.0) Gecko/20100101 Firefox/104.0" "ysfine.com"
157.50.11.85 - - [25/Sep/2022:19:11:41 -0700] "GET /dirac/dirheisen30.jpg HTTP/1.1" 200 141929 "https://www.google.com/" "Mozilla/5.0 (Linux; Android 11; RMX1971) AppleWebKit/537.36 (KHTML, like Gecko) Chrome/104.0.0.0 Mobile Safari/537.36" "ysfine.com"
114.119.128.154 - - [25/Sep/2022:19:11:46 -0700] "GET /style/holycoper.html HTTP/1.1" 404 88 "https://ysfine.com/ffriends/beau.html" "Mozilla/5.0 (Linux; Android 7.0;) AppleWebKit/537.36 (KHTML, like Gecko) Mobile Safari/537.36 (compatible; PetalBot;+https://webmaster.petalsearch.com/site/petalbot)" "ysfine.com"
40.77.167.61 - - [25/Sep/2022:19:11:56 -0700] "GET /world/russ/tolstoy11b.jpg HTTP/1.1" 200 33457 "-" "Mozilla/5.0 (compatible; bingbot/2.0; +http://www.bing.com/bingbot.htm)" "ysfine.com"
75.157.88.252 - - [25/Sep/2022:19:12:09 -0700] "GET /maga/herod.html HTTP/1.1" 200 4341 "https://ysfine.com/home/bio77.html" "Mozilla/5.0 (Macintosh; Intel Mac OS X 10.15; rv:104.0) Gecko/20100101 Firefox/104.0" "ysfine.com"
75.157.88.252 - - [25/Sep/2022:19:12:09 -0700] "GET /maga/phil/herod33c.jpg HTTP/1.1" 200 45604 "https://ysfine.com/maga/herod.html" "Mozilla/5.0 (Macintosh; Intel Mac OS X 10.15; rv:104.0) Gecko/20100101 Firefox/104.0" "ysfine.com"
75.157.88.252 - - [25/Sep/2022:19:12:09 -0700] "GET /wigner/michwight11c.jpg HTTP/1.1" 200 38388 "https://ysfine.com/maga/herod.html" "Mozilla/5.0 (Macintosh; Intel Mac OS X 10.15; rv:104.0) Gecko/20100101 Firefox/104.0" "ysfine.com"
75.157.88.252 - - [25/Sep/2022:19:12:09 -0700] "GET /wigner/wigkim11c.jpg HTTP/1.1" 200 30443 "https://ysfine.com/maga/herod.html" "Mozilla/5.0 (Macintosh; Intel Mac OS X 10.15; rv:104.0) Gecko/20100101 Firefox/104.0" "ysfine.com"
75.157.88.252 - - [25/Sep/2022:19:12:09 -0700] "GET /wigner/michwight22c.jpg HTTP/1.1" 200 32821 "https://ysfine.com/maga/herod.html" "Mozilla/5.0 (Macintosh; Intel Mac OS X 10.15; rv:104.0) Gecko/20100101 Firefox/104.0" "ysfine.com"
75.157.88.252 - - [25/Sep/2022:19:12:09 -0700] "GET /maga/phil/herod11c.jpg HTTP/1.1" 200 76011 "https://ysfine.com/maga/herod.html" "Mozilla/5.0 (Macintosh; Intel Mac OS X 10.15; rv:104.0) Gecko/20100101 Firefox/104.0" "ysfine.com"
75.157.88.252 - - [25/Sep/2022:19:12:09 -0700] "GET /wigner/tollwig11c.jpg HTTP/1.1" 200 30497 "https://ysfine.com/maga/herod.html" "Mozilla/5.0 (Macintosh; Intel Mac OS X 10.15; rv:104.0) Gecko/20100101 Firefox/104.0" "ysfine.com"
75.157.88.252 - - [25/Sep/2022:19:12:09 -0700] "GET /eink/ewk86f.jpg HTTP/1.1" 200 122173 "https://ysfine.com/maga/herod.html" "Mozilla/5.0 (Macintosh; Intel Mac OS X 10.15; rv:104.0) Gecko/20100101 Firefox/104.0" "ysfine.com"
75.157.88.252 - - [25/Sep/2022:19:12:09 -0700] "GET /home/taylor400.jpg HTTP/1.1" 200 56181 "https://ysfine.com/maga/herod.html" "Mozilla/5.0 (Macintosh; Intel Mac OS X 10.15; rv:104.0) Gecko/20100101 Firefox/104.0" "ysfine.com"
75.157.88.252 - - [25/Sep/2022:19:12:09 -0700] "GET /eink/pawkim19e.jpg HTTP/1.1" 200 85621 "https://ysfine.com/maga/herod.html" "Mozilla/5.0 (Macintosh; Intel Mac OS X 10.15; rv:104.0) Gecko/20100101 Firefox/104.0" "ysfine.com"
207.46.13.180 - - [25/Sep/2022:19:12:40 -0700] "GET /world/ital/venice51.jpg HTTP/1.1" 200 95105 "-" "Mozilla/5.0 AppleWebKit/537.36 (KHTML, like Gecko; compatible; bingbot/2.0; +http://www.bing.com/bingbot.htm) Chrome/103.0.5060.134 Safari/537.36" "ysfine.com"
157.55.39.55 - - [25/Sep/2022:19:13:07 -0700] "GET /world/brit/kensington09.jpg HTTP/1.1" 200 169563 "-" "Mozilla/5.0 (compatible; bingbot/2.0; +http://www.bing.com/bingbot.htm)" "www.ysfine.com"
207.46.13.102 - - [25/Sep/2022:19:13:12 -0700] "GET /style/cameras/yashica11b.jpg HTTP/1.1" 200 40342 "-" "Mozilla/5.0 AppleWebKit/537.36 (KHTML, like Gecko; compatible; bingbot/2.0; +http://www.bing.com/bingbot.htm) Chrome/103.0.5060.134 Safari/537.36" "ysfine.com"
40.77.167.61 - - [25/Sep/2022:19:13:46 -0700] "GET /world/kazan.html HTTP/1.1" 304 - "-" "Mozilla/5.0 (compatible; bingbot/2.0; +http://www.bing.com/bingbot.htm)" "www.ysfine.com"
114.119.128.142 - - [25/Sep/2022:19:14:00 -0700] "GET /class54/class5470/total_data/photo_img/7-18.jpg HTTP/1.1" 200 228357 "https://ysfine.com/class54/class5470/total_data/sub_718.htm" "Mozilla/5.0 (Linux; Android 7.0;) AppleWebKit/537.36 (KHTML, like Gecko) Mobile Safari/537.36 (compatible; PetalBot;+https://webmaster.petalsearch.com/site/petalbot)" "ysfine.com"
100.36.107.143 - - [25/Sep/2022:19:14:08 -0700] "GET /kowar/tanks/tank03.jpg HTTP/1.1" 200 106726 "https://www.google.com/" "Mozilla/5.0 (Windows NT 10.0; Win64; x64) AppleWebKit/537.36 (KHTML, like Gecko) Chrome/105.0.0.0 Safari/537.36" "ysfine.com"
75.157.88.252 - - [25/Sep/2022:19:14:11 -0700] "GET /home/kowis33.html HTTP/1.1" 200 2096 "https://ysfine.com/home/bio77.html" "Mozilla/5.0 (Macintosh; Intel Mac OS X 10.15; rv:104.0) Gecko/20100101 Firefox/104.0" "ysfine.com"
75.157.88.252 - - [25/Sep/2022:19:14:11 -0700] "GET /home/rhee22c.jpg HTTP/1.1" 200 62201 "https://ysfine.com/home/kowis33.html" "Mozilla/5.0 (Macintosh; Intel Mac OS X 10.15; rv:104.0) Gecko/20100101 Firefox/104.0" "ysfine.com"
75.157.88.252 - - [25/Sep/2022:19:14:11 -0700] "GET /home/wigkim11d.jpg HTTP/1.1" 200 55171 "https://ysfine.com/home/kowis33.html" "Mozilla/5.0 (Macintosh; Intel Mac OS X 10.15; rv:104.0) Gecko/20100101 Firefox/104.0" "ysfine.com"
40.77.167.61 - - [25/Sep/2022:19:14:56 -0700] "GET /kobak/jutlandia.jpg HTTP/1.1" 200 163063 "-" "Mozilla/5.0 (compatible; bingbot/2.0; +http://www.bing.com/bingbot.htm)" "ysfine.com"
207.46.13.180 - - [25/Sep/2022:19:16:40 -0700] "GET /wigner/neum/vnc08.jpg HTTP/1.1" 200 107974 "-" "Mozilla/5.0 (compatible; bingbot/2.0; +http://www.bing.com/bingbot.htm)" "ysfine.com"
75.157.88.252 - - [25/Sep/2022:19:17:04 -0700] "GET /style/stbot.html HTTP/1.1" 200 122 "https://ysfine.com/home/bio77.html" "Mozilla/5.0 (Macintosh; Intel Mac OS X 10.15; rv:104.0) Gecko/20100101 Firefox/104.0" "ysfine.com"
75.157.88.252 - - [25/Sep/2022:19:17:04 -0700] "GET /style/stleft.html HTTP/1.1" 200 548 "https://ysfine.com/style/stbot.html" "Mozilla/5.0 (Macintosh; Intel Mac OS X 10.15; rv:104.0) Gecko/20100101 Firefox/104.0" "ysfine.com"
75.157.88.252 - - [25/Sep/2022:19:17:04 -0700] "GET /favicon.ico HTTP/1.1" 404 88 "https://ysfine.com/style/stbot.html" "Mozilla/5.0 (Macintosh; Intel Mac OS X 10.15; rv:104.0) Gecko/20100101 Firefox/104.0" "ysfine.com"
75.157.88.252 - - [25/Sep/2022:19:17:04 -0700] "GET /style/strigh.html HTTP/1.1" 200 1459 "https://ysfine.com/style/stbot.html" "Mozilla/5.0 (Macintosh; Intel Mac OS X 10.15; rv:104.0) Gecko/20100101 Firefox/104.0" "ysfine.com"
75.157.88.252 - - [25/Sep/2022:19:17:04 -0700] "GET /princeton/class2007c.jpg HTTP/1.1" 200 37045 "https://ysfine.com/style/strigh.html" "Mozilla/5.0 (Macintosh; Intel Mac OS X 10.15; rv:104.0) Gecko/20100101 Firefox/104.0" "ysfine.com"
75.157.88.252 - - [25/Sep/2022:19:17:04 -0700] "GET /world/baltic/lithuf08c.jpg HTTP/1.1" 200 38987 "https://ysfine.com/style/strigh.html" "Mozilla/5.0 (Macintosh; Intel Mac OS X 10.15; rv:104.0) Gecko/20100101 Firefox/104.0" "ysfine.com"
75.157.88.252 - - [25/Sep/2022:19:17:04 -0700] "GET /world/poland/polstu09c.jpg HTTP/1.1" 200 42128 "https://ysfine.com/style/strigh.html" "Mozilla/5.0 (Macintosh; Intel Mac OS X 10.15; rv:104.0) Gecko/20100101 Firefox/104.0" "ysfine.com"
75.157.88.252 - - [25/Sep/2022:19:17:30 -0700] "GET /home/index.html HTTP/1.1" 200 142 "https://ysfine.com/style/strigh.html" "Mozilla/5.0 (Macintosh; Intel Mac OS X 10.15; rv:104.0) Gecko/20100101 Firefox/104.0" "ysfine.com"
75.157.88.252 - - [25/Sep/2022:19:17:30 -0700] "GET /home/hmtop.html HTTP/1.1" 200 447 "https://ysfine.com/home/index.html" "Mozilla/5.0 (Macintosh; Intel Mac OS X 10.15; rv:104.0) Gecko/20100101 Firefox/104.0" "ysfine.com"
75.157.88.252 - - [25/Sep/2022:19:17:30 -0700] "GET /home/hmbot.html HTTP/1.1" 200 132 "https://ysfine.com/home/index.html" "Mozilla/5.0 (Macintosh; Intel Mac OS X 10.15; rv:104.0) Gecko/20100101 Firefox/104.0" "ysfine.com"
75.157.88.252 - - [25/Sep/2022:19:17:30 -0700] "GET /home/hmleft.html HTTP/1.1" 200 853 "https://ysfine.com/home/hmbot.html" "Mozilla/5.0 (Macintosh; Intel Mac OS X 10.15; rv:104.0) Gecko/20100101 Firefox/104.0" "ysfine.com"
75.157.88.252 - - [25/Sep/2022:19:17:30 -0700] "GET /home/hmrigh.html HTTP/1.1" 200 4212 "https://ysfine.com/home/hmbot.html" "Mozilla/5.0 (Macintosh; Intel Mac OS X 10.15; rv:104.0) Gecko/20100101 Firefox/104.0" "ysfine.com"
75.157.88.252 - - [25/Sep/2022:19:17:30 -0700] "GET /home/eward55a.jpg HTTP/1.1" 200 84523 "https://ysfine.com/home/hmrigh.html" "Mozilla/5.0 (Macintosh; Intel Mac OS X 10.15; rv:104.0) Gecko/20100101 Firefox/104.0" "ysfine.com"
75.157.88.252 - - [25/Sep/2022:19:17:30 -0700] "GET /home/think55c.jpg HTTP/1.1" 200 37438 "https://ysfine.com/home/hmrigh.html" "Mozilla/5.0 (Macintosh; Intel Mac OS X 10.15; rv:104.0) Gecko/20100101 Firefox/104.0" "ysfine.com"
75.157.88.252 - - [25/Sep/2022:19:17:30 -0700] "GET /eink/eink54a.jpg HTTP/1.1" 200 79717 "https://ysfine.com/home/hmrigh.html" "Mozilla/5.0 (Macintosh; Intel Mac OS X 10.15; rv:104.0) Gecko/20100101 Firefox/104.0" "ysfine.com"
75.157.88.252 - - [25/Sep/2022:19:17:30 -0700] "GET /home/facu63c.jpg HTTP/1.1" 200 41710 "https://ysfine.com/home/hmrigh.html" "Mozilla/5.0 (Macintosh; Intel Mac OS X 10.15; rv:104.0) Gecko/20100101 Firefox/104.0" "ysfine.com"
75.157.88.252 - - [25/Sep/2022:19:17:30 -0700] "GET /home/emc22a.jpg HTTP/1.1" 200 59239 "https://ysfine.com/home/hmrigh.html" "Mozilla/5.0 (Macintosh; Intel Mac OS X 10.15; rv:104.0) Gecko/20100101 Firefox/104.0" "ysfine.com"
75.157.88.252 - - [25/Sep/2022:19:17:30 -0700] "GET /home/socrates55c.jpg HTTP/1.1" 200 36471 "https://ysfine.com/home/hmrigh.html" "Mozilla/5.0 (Macintosh; Intel Mac OS X 10.15; rv:104.0) Gecko/20100101 Firefox/104.0" "ysfine.com"
75.157.88.252 - - [25/Sep/2022:19:17:30 -0700] "GET /home/tollwig11c.jpg HTTP/1.1" 200 28199 "https://ysfine.com/home/hmrigh.html" "Mozilla/5.0 (Macintosh; Intel Mac OS X 10.15; rv:104.0) Gecko/20100101 Firefox/104.0" "ysfine.com"
75.157.88.252 - - [25/Sep/2022:19:17:30 -0700] "GET /home/further22a.jpg HTTP/1.1" 200 75776 "https://ysfine.com/home/hmrigh.html" "Mozilla/5.0 (Macintosh; Intel Mac OS X 10.15; rv:104.0) Gecko/20100101 Firefox/104.0" "ysfine.com"
75.157.88.252 - - [25/Sep/2022:19:17:43 -0700] "GET /home/yshome.html HTTP/1.1" 200 5699 "https://ysfine.com/style/strigh.html" "Mozilla/5.0 (Macintosh; Intel Mac OS X 10.15; rv:104.0) Gecko/20100101 Firefox/104.0" "ysfine.com"
75.157.88.252 - - [25/Sep/2022:19:17:43 -0700] "GET /home/goodbad450.jpg HTTP/1.1" 200 32258 "-" "Mozilla/5.0 (Macintosh; Intel Mac OS X 10.15; rv:104.0) Gecko/20100101 Firefox/104.0" "ysfine.com"
75.157.88.252 - - [25/Sep/2022:19:17:43 -0700] "GET /home/eink450.jpg HTTP/1.1" 200 66794 "-" "Mozilla/5.0 (Macintosh; Intel Mac OS X 10.15; rv:104.0) Gecko/20100101 Firefox/104.0" "ysfine.com"
75.157.88.252 - - [25/Sep/2022:19:17:43 -0700] "GET /home/eink54f.jpg HTTP/1.1" 200 96332 "-" "Mozilla/5.0 (Macintosh; Intel Mac OS X 10.15; rv:104.0) Gecko/20100101 Firefox/104.0" "ysfine.com"
51.222.253.16 - - [25/Sep/2022:19:18:25 -0700] "GET /world/france/champ12.html HTTP/1.1" 200 339 "-" "Mozilla/5.0 (compatible; AhrefsBot/7.0; +http://ahrefs.com/robot/)" "ysfine.com"
107.122.189.141 - - [25/Sep/2022:19:18:29 -0700] "GET /princeton/alexan22.jpg HTTP/1.1" 200 175436 "https://www.google.com/" "Mozilla/5.0 (iPhone; CPU iPhone OS 15_6_1 like Mac OS X) AppleWebKit/605.1.15 (KHTML, like Gecko) GSA/230.1.475637890 Mobile/19G82 Safari/604.1" "ysfine.com"
185.191.171.22 - - [25/Sep/2022:19:18:46 -0700] "GET /einstein/bohrein.html HTTP/1.1" 200 5912 "-" "Mozilla/5.0 (compatible; SemrushBot/7~bl; +http://www.semrush.com/bot.html)" "www.ysfine.com"
161.45.228.143 - - [25/Sep/2022:19:19:17 -0700] "GET /philo/hume02b.jpg HTTP/1.1" 200 52835 "https://www.google.com/" "Mozilla/5.0 (Windows NT 10.0; Win64; x64) AppleWebKit/537.36 (KHTML, like Gecko) Chrome/105.0.0.0 Safari/537.36 Edg/105.0.1343.50" "ysfine.com"
157.55.39.58 - - [25/Sep/2022:19:20:08 -0700] "GET /wdc/gtown16.jpg HTTP/1.1" 200 200027 "-" "Mozilla/5.0 (compatible; bingbot/2.0; +http://www.bing.com/bingbot.htm)" "www.ysfine.com"
66.249.70.3 - - [25/Sep/2022:19:20:25 -0700] "GET /einstein/pics/minsk11b.jpg HTTP/1.1" 200 19923 "-" "Googlebot-Image/1.0" "ysfine.com"
157.55.39.55 - - [25/Sep/2022:19:21:37 -0700] "GET /style/musee/ams007.jpg HTTP/1.1" 200 173921 "-" "Mozilla/5.0 (compatible; bingbot/2.0; +http://www.bing.com/bingbot.htm)" "ysfine.com"
66.249.70.4 - - [25/Sep/2022:19:22:01 -0700] "GET /einstein/pics/minsk11.jpg HTTP/1.1" 200 109048 "-" "Googlebot-Image/1.0" "ysfine.com"
114.119.128.158 - - [25/Sep/2022:19:22:24 -0700] "GET /class54/tallm07.pdf HTTP/1.1" 200 6477463 "https://ysfine.com/ffriends/korean.html" "Mozilla/5.0 (Linux; Android 7.0;) AppleWebKit/537.36 (KHTML, like Gecko) Mobile Safari/537.36 (compatible; PetalBot;+https://webmaster.petalsearch.com/site/petalbot)" "ysfine.com"
185.191.171.44 - - [25/Sep/2022:19:22:29 -0700] "GET /style/songs54.html HTTP/1.1" 200 2599 "-" "Mozilla/5.0 (compatible; SemrushBot/7~bl; +http://www.semrush.com/bot.html)" "www.ysfine.com"
75.157.88.252 - - [25/Sep/2022:19:22:38 -0700] "GET /wigner/wigner39.html HTTP/1.1" 200 330 "https://ysfine.com/home/kowis33.html" "Mozilla/5.0 (Macintosh; Intel Mac OS X 10.15; rv:104.0) Gecko/20100101 Firefox/104.0" "ysfine.com"
75.157.88.252 - - [25/Sep/2022:19:22:38 -0700] "GET /wigner/wig39.jpg HTTP/1.1" 200 308724 "https://ysfine.com/wigner/wigner39.html" "Mozilla/5.0 (Macintosh; Intel Mac OS X 10.15; rv:104.0) Gecko/20100101 Firefox/104.0" "ysfine.com"
75.157.88.252 - - [25/Sep/2022:19:22:51 -0700] "GET /home/sbt11d.jpg HTTP/1.1" 200 41029 "https://ysfine.com/home/bio77.html" "Mozilla/5.0 (Macintosh; Intel Mac OS X 10.15; rv:104.0) Gecko/20100101 Firefox/104.0" "ysfine.com"
75.157.88.252 - - [25/Sep/2022:19:22:51 -0700] "GET /home/tollwig11d.jpg HTTP/1.1" 200 39722 "https://ysfine.com/home/bio77.html" "Mozilla/5.0 (Macintosh; Intel Mac OS X 10.15; rv:104.0) Gecko/20100101 Firefox/104.0" "ysfine.com"
75.157.88.252 - - [25/Sep/2022:19:22:51 -0700] "GET /home/wigkim450.jpg HTTP/1.1" 200 46980 "https://ysfine.com/home/bio77.html" "Mozilla/5.0 (Macintosh; Intel Mac OS X 10.15; rv:104.0) Gecko/20100101 Firefox/104.0" "ysfine.com"
75.157.88.252 - - [25/Sep/2022:19:22:51 -0700] "GET /home/o32inho22g.jpg HTTP/1.1" 200 90429 "https://ysfine.com/home/bio77.html" "Mozilla/5.0 (Macintosh; Intel Mac OS X 10.15; rv:104.0) Gecko/20100101 Firefox/104.0" "ysfine.com"
75.157.88.252 - - [25/Sep/2022:19:22:51 -0700] "GET /home/further22f.jpg HTTP/1.1" 200 99099 "https://ysfine.com/home/bio77.html" "Mozilla/5.0 (Macintosh; Intel Mac OS X 10.15; rv:104.0) Gecko/20100101 Firefox/104.0" "ysfine.com"
75.157.88.252 - - [25/Sep/2022:19:22:51 -0700] "GET /home/fig33/einbohr77g.jpg HTTP/1.1" 200 171912 "https://ysfine.com/home/bio77.html" "Mozilla/5.0 (Macintosh; Intel Mac OS X 10.15; rv:104.0) Gecko/20100101 Firefox/104.0" "ysfine.com"
75.157.88.252 - - [25/Sep/2022:19:22:51 -0700] "GET /home/fig33/parton77g.jpg HTTP/1.1" 200 111292 "https://ysfine.com/home/bio77.html" "Mozilla/5.0 (Macintosh; Intel Mac OS X 10.15; rv:104.0) Gecko/20100101 Firefox/104.0" "ysfine.com"
75.157.88.252 - - [25/Sep/2022:19:22:51 -0700] "GET /home/comet40f.jpg HTTP/1.1" 200 101816 "https://ysfine.com/home/bio77.html" "Mozilla/5.0 (Macintosh; Intel Mac OS X 10.15; rv:104.0) Gecko/20100101 Firefox/104.0" "ysfine.com"
75.157.88.252 - - [25/Sep/2022:19:22:51 -0700] "GET /home/truck/truck840.jpg HTTP/1.1" 200 81303 "https://ysfine.com/home/bio77.html" "Mozilla/5.0 (Macintosh; Intel Mac OS X 10.15; rv:104.0) Gecko/20100101 Firefox/104.0" "ysfine.com"
75.157.88.252 - - [25/Sep/2022:19:22:51 -0700] "GET /home/wigner22d.jpg HTTP/1.1" 200 70992 "https://ysfine.com/home/bio77.html" "Mozilla/5.0 (Macintosh; Intel Mac OS X 10.15; rv:104.0) Gecko/20100101 Firefox/104.0" "ysfine.com"
75.157.88.252 - - [25/Sep/2022:19:22:51 -0700] "GET /home/fotos/einhaus450.jpg HTTP/1.1" 200 65369 "https://ysfine.com/home/bio77.html" "Mozilla/5.0 (Macintosh; Intel Mac OS X 10.15; rv:104.0) Gecko/20100101 Firefox/104.0" "ysfine.com"
75.157.88.252 - - [25/Sep/2022:19:22:51 -0700] "GET /home/wigein11d.jpg HTTP/1.1" 200 38446 "https://ysfine.com/home/bio77.html" "Mozilla/5.0 (Macintosh; Intel Mac OS X 10.15; rv:104.0) Gecko/20100101 Firefox/104.0" "ysfine.com"
75.157.88.252 - - [25/Sep/2022:19:22:51 -0700] "GET /home/ewk86f.jpg HTTP/1.1" 200 123121 "https://ysfine.com/home/bio77.html" "Mozilla/5.0 (Macintosh; Intel Mac OS X 10.15; rv:104.0) Gecko/20100101 Firefox/104.0" "ysfine.com"
75.157.88.252 - - [25/Sep/2022:19:22:51 -0700] "GET /home/fotos/einmu41d.jpg HTTP/1.1" 200 62005 "https://ysfine.com/home/bio77.html" "Mozilla/5.0 (Macintosh; Intel Mac OS X 10.15; rv:104.0) Gecko/20100101 Firefox/104.0" "ysfine.com"
75.157.88.252 - - [25/Sep/2022:19:22:51 -0700] "GET /home/fig33/sbtwein450.jpg HTTP/1.1" 200 73194 "https://ysfine.com/home/bio77.html" "Mozilla/5.0 (Macintosh; Intel Mac OS X 10.15; rv:104.0) Gecko/20100101 Firefox/104.0" "ysfine.com"
75.157.88.252 - - [25/Sep/2022:19:22:51 -0700] "GET /home/fig33/michwight840.jpg HTTP/1.1" 200 75836 "https://ysfine.com/home/bio77.html" "Mozilla/5.0 (Macintosh; Intel Mac OS X 10.15; rv:104.0) Gecko/20100101 Firefox/104.0" "ysfine.com"
66.249.70.4 - - [25/Sep/2022:19:23:09 -0700] "GET /kowar/tanks/tank02b.jpg HTTP/1.1" 304 - "-" "Googlebot-Image/1.0" "ysfine.com"
75.157.88.252 - - [25/Sep/2022:19:23:11 -0700] "GET /wigner/wigner39.pdf HTTP/1.1" 200 1398440 "https://ysfine.com/wigner/wigner39.html" "Mozilla/5.0 (Macintosh; Intel Mac OS X 10.15; rv:104.0) Gecko/20100101 Firefox/104.0" "ysfine.com"
75.157.88.252 - - [25/Sep/2022:19:23:12 -0700] "GET /wigner/wigner39.pdf HTTP/1.1" 206 22184 "https://ysfine.com/wigner/wigner39.html" "Mozilla/5.0 (Macintosh; Intel Mac OS X 10.15; rv:104.0) Gecko/20100101 Firefox/104.0" "ysfine.com"
75.157.88.252 - - [25/Sep/2022:19:23:12 -0700] "GET /wigner/wigner39.pdf HTTP/1.1" 206 65536 "https://ysfine.com/wigner/wigner39.html" "Mozilla/5.0 (Macintosh; Intel Mac OS X 10.15; rv:104.0) Gecko/20100101 Firefox/104.0" "ysfine.com"
75.157.88.252 - - [25/Sep/2022:19:23:13 -0700] "GET /wigner/wigner39.pdf HTTP/1.1" 206 65536 "https://ysfine.com/wigner/wigner39.html" "Mozilla/5.0 (Macintosh; Intel Mac OS X 10.15; rv:104.0) Gecko/20100101 Firefox/104.0" "ysfine.com"
75.157.88.252 - - [25/Sep/2022:19:23:13 -0700] "GET /wigner/wigner39.pdf HTTP/1.1" 206 65536 "https://ysfine.com/wigner/wigner39.html" "Mozilla/5.0 (Macintosh; Intel Mac OS X 10.15; rv:104.0) Gecko/20100101 Firefox/104.0" "ysfine.com"
75.157.88.252 - - [25/Sep/2022:19:23:13 -0700] "GET /wigner/wigner39.pdf HTTP/1.1" 206 65536 "https://ysfine.com/wigner/wigner39.html" "Mozilla/5.0 (Macintosh; Intel Mac OS X 10.15; rv:104.0) Gecko/20100101 Firefox/104.0" "ysfine.com"
173.252.83.2 - - [25/Sep/2022:19:24:18 -0700] "GET /robots.txt HTTP/1.1" 404 88 "-" "facebookexternalhit/1.1 (+http://www.facebook.com/externalhit_uatext.php)" "ysfine.com"
114.119.128.154 - - [25/Sep/2022:19:24:34 -0700] "GET /remote/wigner111/frame60.html HTTP/1.1" 200 562 "https://www.ysfine.com/remote/wigner111/frame59.html" "Mozilla/5.0 (Linux; Android 7.0;) AppleWebKit/537.36 (KHTML, like Gecko) Mobile Safari/537.36 (compatible; PetalBot;+https://webmaster.petalsearch.com/site/petalbot)" "www.ysfine.com"
173.252.83.2 - - [25/Sep/2022:19:25:22 -0700] "GET /home/kids20a.jpg HTTP/1.1" 200 58866 "-" "facebookexternalhit/1.1 (+http://www.facebook.com/externalhit_uatext.php)" "ysfine.com"
157.55.39.55 - - [25/Sep/2022:19:25:59 -0700] "GET /people/janszky01.jpg HTTP/1.1" 200 83960 "-" "Mozilla/5.0 (compatible; bingbot/2.0; +http://www.bing.com/bingbot.htm)" "ysfine.com"
73.166.74.139 - - [25/Sep/2022:19:26:26 -0700] "GET /dirac/dirfeyn.html HTTP/1.1" 200 6341 "https://www.google.com/" "Mozilla/5.0 (Macintosh; Intel Mac OS X 10_14_6) AppleWebKit/605.1.15 (KHTML, like Gecko) Version/14.1.2 Safari/605.1.15" "ysfine.com"
73.166.74.139 - - [25/Sep/2022:19:26:26 -0700] "GET /people/sbt11c.jpg HTTP/1.1" 200 31479 "https://ysfine.com/dirac/dirfeyn.html" "Mozilla/5.0 (Macintosh; Intel Mac OS X 10_14_6) AppleWebKit/605.1.15 (KHTML, like Gecko) Version/14.1.2 Safari/605.1.15" "ysfine.com"
73.166.74.139 - - [25/Sep/2022:19:26:26 -0700] "GET /dirac/nicodem11c.jpg HTTP/1.1" 200 72684 "https://ysfine.com/dirac/dirfeyn.html" "Mozilla/5.0 (Macintosh; Intel Mac OS X 10_14_6) AppleWebKit/605.1.15 (KHTML, like Gecko) Version/14.1.2 Safari/605.1.15" "ysfine.com"
73.166.74.139 - - [25/Sep/2022:19:26:26 -0700] "GET /wigner/wigkim11c.jpg HTTP/1.1" 200 30443 "https://ysfine.com/dirac/dirfeyn.html" "Mozilla/5.0 (Macintosh; Intel Mac OS X 10_14_6) AppleWebKit/605.1.15 (KHTML, like Gecko) Version/14.1.2 Safari/605.1.15" "ysfine.com"
73.166.74.139 - - [25/Sep/2022:19:26:26 -0700] "GET /wigner/isomor66c.jpg HTTP/1.1" 200 47632 "https://ysfine.com/dirac/dirfeyn.html" "Mozilla/5.0 (Macintosh; Intel Mac OS X 10_14_6) AppleWebKit/605.1.15 (KHTML, like Gecko) Version/14.1.2 Safari/605.1.15" "ysfine.com"
73.166.74.139 - - [25/Sep/2022:19:26:26 -0700] "GET /dirac/feydirac300.jpg HTTP/1.1" 200 38223 "https://ysfine.com/dirac/dirfeyn.html" "Mozilla/5.0 (Macintosh; Intel Mac OS X 10_14_6) AppleWebKit/605.1.15 (KHTML, like Gecko) Version/14.1.2 Safari/605.1.15" "ysfine.com"
73.166.74.139 - - [25/Sep/2022:19:26:26 -0700] "GET /feynman/jacdrum11c.jpg HTTP/1.1" 200 39178 "https://ysfine.com/dirac/dirfeyn.html" "Mozilla/5.0 (Macintosh; Intel Mac OS X 10_14_6) AppleWebKit/605.1.15 (KHTML, like Gecko) Version/14.1.2 Safari/605.1.15" "ysfine.com"
73.166.74.139 - - [25/Sep/2022:19:26:26 -0700] "GET /dirac/sq73c.jpg HTTP/1.1" 200 35501 "https://ysfine.com/dirac/dirfeyn.html" "Mozilla/5.0 (Macintosh; Intel Mac OS X 10_14_6) AppleWebKit/605.1.15 (KHTML, like Gecko) Version/14.1.2 Safari/605.1.15" "ysfine.com"
73.166.74.139 - - [25/Sep/2022:19:26:26 -0700] "GET /eink/eink61c.jpg HTTP/1.1" 200 34119 "https://ysfine.com/dirac/dirfeyn.html" "Mozilla/5.0 (Macintosh; Intel Mac OS X 10_14_6) AppleWebKit/605.1.15 (KHTML, like Gecko) Version/14.1.2 Safari/605.1.15" "ysfine.com"
73.166.74.139 - - [25/Sep/2022:19:26:26 -0700] "GET /dirac/2osc22c.jpg HTTP/1.1" 200 28929 "https://ysfine.com/dirac/dirfeyn.html" "Mozilla/5.0 (Macintosh; Intel Mac OS X 10_14_6) AppleWebKit/605.1.15 (KHTML, like Gecko) Version/14.1.2 Safari/605.1.15" "ysfine.com"
73.166.74.139 - - [25/Sep/2022:19:26:26 -0700] "GET /dirac/dfkim11c.jpg HTTP/1.1" 200 34801 "https://ysfine.com/dirac/dirfeyn.html" "Mozilla/5.0 (Macintosh; Intel Mac OS X 10_14_6) AppleWebKit/605.1.15 (KHTML, like Gecko) Version/14.1.2 Safari/605.1.15" "ysfine.com"
73.166.74.139 - - [25/Sep/2022:19:26:26 -0700] "GET /dirac/dirackn33c.jpg HTTP/1.1" 200 50420 "https://ysfine.com/dirac/dirfeyn.html" "Mozilla/5.0 (Macintosh; Intel Mac OS X 10_14_6) AppleWebKit/605.1.15 (KHTML, like Gecko) Version/14.1.2 Safari/605.1.15" "ysfine.com"
73.166.74.139 - - [25/Sep/2022:19:26:27 -0700] "GET /favicon.ico HTTP/1.1" 404 88 "https://ysfine.com/dirac/dirfeyn.html" "Mozilla/5.0 (Macintosh; Intel Mac OS X 10_14_6) AppleWebKit/605.1.15 (KHTML, like Gecko) Version/14.1.2 Safari/605.1.15" "ysfine.com"
185.191.171.38 - - [25/Sep/2022:19:26:27 -0700] "GET /confer/online.html HTTP/1.1" 200 2643 "-" "Mozilla/5.0 (compatible; SemrushBot/7~bl; +http://www.semrush.com/bot.html)" "ysfine.com"
157.55.39.58 - - [25/Sep/2022:19:26:30 -0700] "GET /wigner/neupol01.jpg HTTP/1.1" 200 48137 "-" "Mozilla/5.0 AppleWebKit/537.36 (KHTML, like Gecko; compatible; bingbot/2.0; +http://www.bing.com/bingbot.htm) Chrome/103.0.5060.134 Safari/537.36" "ysfine.com"
66.249.70.4 - - [25/Sep/2022:19:26:42 -0700] "GET /kowar/mil/m24b.jpg HTTP/1.1" 404 88 "-" "Googlebot-Image/1.0" "ysfine.com"
66.249.70.10 - - [25/Sep/2022:19:26:45 -0700] "GET /world/france/grandcafe06.jpg HTTP/1.1" 200 84409 "-" "Googlebot-Image/1.0" "www.ysfine.com"
114.119.128.154 - - [25/Sep/2022:19:27:07 -0700] "GET /class54/class5470/total_data/photo_img/2-45.jpg HTTP/1.1" 200 167143 "https://ysfine.com/class54/class5470/total_data/sub_245.htm" "Mozilla/5.0 (Linux; Android 7.0;) AppleWebKit/537.36 (KHTML, like Gecko) Mobile Safari/537.36 (compatible; PetalBot;+https://webmaster.petalsearch.com/site/petalbot)" "ysfine.com"
5.188.210.91 - - [25/Sep/2022:19:27:14 -0700] "GET /world/travel.html HTTP/1.1" 200 5186 "https://www.ysfine.com/world/travel.html" "Mozilla/5.0 (Windows NT 10.0; Win64; x64) AppleWebKit/537.36 (KHTML, like Gecko) Chrome/90.0.4430.72 Safari/537.36 Edg/90.0.818.42" "www.ysfine.com"
5.188.210.91 - - [25/Sep/2022:19:27:15 -0700] "GET / HTTP/1.1" 200 15910 "https://www.ysfine.com/" "Mozilla/5.0 (Windows NT 10.0; Win64; x64) AppleWebKit/537.36 (KHTML, like Gecko) Chrome/90.0.4430.72 Safari/537.36 Edg/90.0.818.42" "www.ysfine.com"
157.55.39.58 - - [25/Sep/2022:19:27:37 -0700] "GET /world/brit/eton02.jpg HTTP/1.1" 200 87821 "-" "Mozilla/5.0 (compatible; bingbot/2.0; +http://www.bing.com/bingbot.htm)" "www.ysfine.com"
185.191.171.41 - - [25/Sep/2022:19:28:41 -0700] "GET /ffriends/japanese.html HTTP/1.1" 200 6424 "-" "Mozilla/5.0 (compatible; SemrushBot/7~bl; +http://www.semrush.com/bot.html)" "ysfine.com"
185.191.171.11 - - [25/Sep/2022:19:28:57 -0700] "GET /maga/fermi.html HTTP/1.1" 200 3387 "-" "Mozilla/5.0 (compatible; SemrushBot/7~bl; +http://www.semrush.com/bot.html)" "ysfine.com"
51.222.253.13 - - [25/Sep/2022:19:29:03 -0700] "GET /world/ital/pantheon.html HTTP/1.1" 200 277 "-" "Mozilla/5.0 (compatible; AhrefsBot/7.0; +http://ahrefs.com/robot/)" "www.ysfine.com"
66.249.70.4 - - [25/Sep/2022:19:29:08 -0700] "GET /kowar/mil/tank22.jpg HTTP/1.1" 404 88 "-" "Googlebot-Image/1.0" "ysfine.com"
157.55.39.55 - - [25/Sep/2022:19:29:48 -0700] "GET /kobak/underw21.jpg HTTP/1.1" 200 132442 "-" "Mozilla/5.0 AppleWebKit/537.36 (KHTML, like Gecko; compatible; bingbot/2.0; +http://www.bing.com/bingbot.htm) Chrome/103.0.5060.134 Safari/537.36" "www.ysfine.com"
40.77.167.61 - - [25/Sep/2022:19:29:58 -0700] "GET /world/russ/gum29.jpg HTTP/1.1" 200 88532 "-" "Mozilla/5.0 (compatible; bingbot/2.0; +http://www.bing.com/bingbot.htm)" "ysfine.com"
71.105.120.125 - - [25/Sep/2022:19:30:37 -0700] "GET /princeton/alexan22.jpg HTTP/1.1" 200 175436 "https://www.google.com/" "Mozilla/5.0 (Windows NT 10.0; Win64; x64) AppleWebKit/537.36 (KHTML, like Gecko) Chrome/105.0.0.0 Safari/537.36" "ysfine.com"
157.55.39.128 - - [25/Sep/2022:19:31:39 -0700] "GET /wdc/kennedyc03.jpg HTTP/1.1" 200 51691 "-" "Mozilla/5.0 (compatible; bingbot/2.0; +http://www.bing.com/bingbot.htm)" "ysfine.com"
185.191.171.43 - - [25/Sep/2022:19:32:06 -0700] "GET /world/musplace.html HTTP/1.1" 200 22077 "-" "Mozilla/5.0 (compatible; SemrushBot/7~bl; +http://www.semrush.com/bot.html)" "www.ysfine.com"
207.46.13.102 - - [25/Sep/2022:19:32:44 -0700] "GET /kobak/stephens11.jpg HTTP/1.1" 200 144887 "-" "Mozilla/5.0 (compatible; bingbot/2.0; +http://www.bing.com/bingbot.htm)" "ysfine.com"
114.119.128.142 - - [25/Sep/2022:19:33:12 -0700] "GET /class54/class5470/total_data/photo_img/8-62.jpg HTTP/1.1" 200 216969 "https://ysfine.com/class54/class5470/total_data/sub_862.htm" "Mozilla/5.0 (Linux; Android 7.0;) AppleWebKit/537.36 (KHTML, like Gecko) Mobile Safari/537.36 (compatible; PetalBot;+https://webmaster.petalsearch.com/site/petalbot)" "ysfine.com"
66.249.70.3 - - [25/Sep/2022:19:33:17 -0700] "GET /feynman/feyjad33b.jpg HTTP/1.1" 200 32306 "-" "Googlebot-Image/1.0" "ysfine.com"
128.239.208.41 - - [25/Sep/2022:19:33:35 -0700] "GET /remote/wigner111/kim-32.jpg HTTP/1.1" 200 55109 "https://www.google.com/" "Mozilla/5.0 (Macintosh; Intel Mac OS X 10_15_7) AppleWebKit/537.36 (KHTML, like Gecko) Chrome/105.0.0.0 Safari/537.36" "ysfine.com"
185.191.171.12 - - [25/Sep/2022:19:34:46 -0700] "GET /home/yshome.html HTTP/1.1" 200 5699 "-" "Mozilla/5.0 (compatible; SemrushBot/7~bl; +http://www.semrush.com/bot.html)" "www.ysfine.com"
75.157.88.252 - - [25/Sep/2022:19:35:02 -0700] "GET /wigner/wiglittle.pdf HTTP/1.1" 304 - "https://www.google.com/" "Mozilla/5.0 (Macintosh; Intel Mac OS X 10.15; rv:104.0) Gecko/20100101 Firefox/104.0" "ysfine.com"
75.157.88.252 - - [25/Sep/2022:19:35:03 -0700] "GET /favicon.ico HTTP/1.1" 404 88 "https://ysfine.com/" "Mozilla/5.0 (Macintosh; Intel Mac OS X 10.15; rv:104.0) Gecko/20100101 Firefox/104.0" "ysfine.com"
185.191.171.38 - - [25/Sep/2022:19:35:10 -0700] "GET /maga/yukawa.html HTTP/1.1" 200 5658 "-" "Mozilla/5.0 (compatible; SemrushBot/7~bl; +http://www.semrush.com/bot.html)" "ysfine.com"
75.157.88.252 - - [25/Sep/2022:19:35:18 -0700] "GET /home/eink450.jpg HTTP/1.1" 200 66794 "-" "Mozilla/5.0 (Macintosh; Intel Mac OS X 10.15; rv:104.0) Gecko/20100101 Firefox/104.0" "ysfine.com"
75.157.88.252 - - [25/Sep/2022:19:35:18 -0700] "GET /home/washmo23d.jpg HTTP/1.1" 200 32142 "-" "Mozilla/5.0 (Macintosh; Intel Mac OS X 10.15; rv:104.0) Gecko/20100101 Firefox/104.0" "ysfine.com"
75.157.88.252 - - [25/Sep/2022:19:35:18 -0700] "GET /home/taylor500.jpg HTTP/1.1" 200 79197 "-" "Mozilla/5.0 (Macintosh; Intel Mac OS X 10.15; rv:104.0) Gecko/20100101 Firefox/104.0" "ysfine.com"
75.157.88.252 - - [25/Sep/2022:19:35:18 -0700] "GET /eink/einhaus11c.jpg HTTP/1.1" 200 42522 "-" "Mozilla/5.0 (Macintosh; Intel Mac OS X 10.15; rv:104.0) Gecko/20100101 Firefox/104.0" "ysfine.com"
75.157.88.252 - - [25/Sep/2022:19:35:18 -0700] "GET /home/1987pr22d.jpg HTTP/1.1" 200 66428 "-" "Mozilla/5.0 (Macintosh; Intel Mac OS X 10.15; rv:104.0) Gecko/20100101 Firefox/104.0" "ysfine.com"
75.157.88.252 - - [25/Sep/2022:19:35:18 -0700] "GET /eink/einhaus33c.jpg HTTP/1.1" 200 23792 "-" "Mozilla/5.0 (Macintosh; Intel Mac OS X 10.15; rv:104.0) Gecko/20100101 Firefox/104.0" "ysfine.com"
75.157.88.252 - - [25/Sep/2022:19:35:45 -0700] "GET /jobs/index.html HTTP/1.1" 200 123 "-" "Mozilla/5.0 (Macintosh; Intel Mac OS X 10.15; rv:104.0) Gecko/20100101 Firefox/104.0" "ysfine.com"
75.157.88.252 - - [25/Sep/2022:19:35:45 -0700] "GET /jobs/joleft.html HTTP/1.1" 200 334 "https://ysfine.com/jobs/index.html" "Mozilla/5.0 (Macintosh; Intel Mac OS X 10.15; rv:104.0) Gecko/20100101 Firefox/104.0" "ysfine.com"
75.157.88.252 - - [25/Sep/2022:19:35:45 -0700] "GET /jobs/jorigh.html HTTP/1.1" 200 1583 "https://ysfine.com/jobs/index.html" "Mozilla/5.0 (Macintosh; Intel Mac OS X 10.15; rv:104.0) Gecko/20100101 Firefox/104.0" "ysfine.com"
75.157.88.252 - - [25/Sep/2022:19:35:45 -0700] "GET /beau/vilnius08b.jpg HTTP/1.1" 404 88 "https://ysfine.com/jobs/jorigh.html" "Mozilla/5.0 (Macintosh; Intel Mac OS X 10.15; rv:104.0) Gecko/20100101 Firefox/104.0" "ysfine.com"
75.157.88.252 - - [25/Sep/2022:19:35:45 -0700] "GET /princeton/class2007b.jpg HTTP/1.1" 200 40797 "https://ysfine.com/jobs/jorigh.html" "Mozilla/5.0 (Macintosh; Intel Mac OS X 10.15; rv:104.0) Gecko/20100101 Firefox/104.0" "ysfine.com"
75.157.88.252 - - [25/Sep/2022:19:35:45 -0700] "GET /einstein/einfine21b.jpg HTTP/1.1" 200 53710 "https://ysfine.com/jobs/jorigh.html" "Mozilla/5.0 (Macintosh; Intel Mac OS X 10.15; rv:104.0) Gecko/20100101 Firefox/104.0" "ysfine.com"
75.157.88.252 - - [25/Sep/2022:19:35:45 -0700] "GET /world/poland/polstu09b.jpg HTTP/1.1" 200 51803 "https://ysfine.com/jobs/jorigh.html" "Mozilla/5.0 (Macintosh; Intel Mac OS X 10.15; rv:104.0) Gecko/20100101 Firefox/104.0" "ysfine.com"
75.157.88.252 - - [25/Sep/2022:19:36:30 -0700] "GET /style/physmusic.html HTTP/1.1" 404 88 "https://ysfine.com/jobs/jorigh.html" "Mozilla/5.0 (Macintosh; Intel Mac OS X 10.15; rv:104.0) Gecko/20100101 Firefox/104.0" "ysfine.com"
75.157.88.252 - - [25/Sep/2022:19:36:37 -0700] "GET /feynman/feynart.html HTTP/1.1" 200 10277 "https://ysfine.com/jobs/jorigh.html" "Mozilla/5.0 (Macintosh; Intel Mac OS X 10.15; rv:104.0) Gecko/20100101 Firefox/104.0" "ysfine.com"
75.157.88.252 - - [25/Sep/2022:19:36:37 -0700] "GET /style/telefon11b.jpg HTTP/1.1" 200 42587 "https://ysfine.com/feynman/feynart.html" "Mozilla/5.0 (Macintosh; Intel Mac OS X 10.15; rv:104.0) Gecko/20100101 Firefox/104.0" "ysfine.com"
75.157.88.252 - - [25/Sep/2022:19:36:37 -0700] "GET /beau/parthen03b.jpg HTTP/1.1" 404 88 "https://ysfine.com/feynman/feynart.html" "Mozilla/5.0 (Macintosh; Intel Mac OS X 10.15; rv:104.0) Gecko/20100101 Firefox/104.0" "ysfine.com"
75.157.88.252 - - [25/Sep/2022:19:36:37 -0700] "GET /style/venus02b.jpg HTTP/1.1" 200 50071 "https://ysfine.com/feynman/feynart.html" "Mozilla/5.0 (Macintosh; Intel Mac OS X 10.15; rv:104.0) Gecko/20100101 Firefox/104.0" "ysfine.com"
75.157.88.252 - - [25/Sep/2022:19:36:37 -0700] "GET /feynman/ptoday89b.jpg HTTP/1.1" 200 46537 "https://ysfine.com/feynman/feynart.html" "Mozilla/5.0 (Macintosh; Intel Mac OS X 10.15; rv:104.0) Gecko/20100101 Firefox/104.0" "ysfine.com"
75.157.88.252 - - [25/Sep/2022:19:36:37 -0700] "GET /world/germany/franko11b.jpg HTTP/1.1" 200 37524 "https://ysfine.com/feynman/feynart.html" "Mozilla/5.0 (Macintosh; Intel Mac OS X 10.15; rv:104.0) Gecko/20100101 Firefox/104.0" "ysfine.com"
75.157.88.252 - - [25/Sep/2022:19:36:37 -0700] "GET /world/latina/rio073b.jpg HTTP/1.1" 200 38788 "https://ysfine.com/feynman/feynart.html" "Mozilla/5.0 (Macintosh; Intel Mac OS X 10.15; rv:104.0) Gecko/20100101 Firefox/104.0" "ysfine.com"
75.157.88.252 - - [25/Sep/2022:19:36:37 -0700] "GET /world/russ/twosis22b.jpg HTTP/1.1" 200 23679 "https://ysfine.com/feynman/feynart.html" "Mozilla/5.0 (Macintosh; Intel Mac OS X 10.15; rv:104.0) Gecko/20100101 Firefox/104.0" "ysfine.com"
75.157.88.252 - - [25/Sep/2022:19:36:37 -0700] "GET /world/scandi/vaxdoll33b.jpg HTTP/1.1" 200 56336 "https://ysfine.com/feynman/feynart.html" "Mozilla/5.0 (Macintosh; Intel Mac OS X 10.15; rv:104.0) Gecko/20100101 Firefox/104.0" "ysfine.com"
75.157.88.252 - - [25/Sep/2022:19:36:37 -0700] "GET /feynman/restof05b.jpg HTTP/1.1" 200 20819 "https://ysfine.com/feynman/feynart.html" "Mozilla/5.0 (Macintosh; Intel Mac OS X 10.15; rv:104.0) Gecko/20100101 Firefox/104.0" "ysfine.com"
207.46.13.180 - - [25/Sep/2022:19:36:41 -0700] "GET /world/france/metz51.jpg HTTP/1.1" 200 108197 "-" "Mozilla/5.0 (compatible; bingbot/2.0; +http://www.bing.com/bingbot.htm)" "ysfine.com"
66.99.248.60 - - [25/Sep/2022:19:36:50 -0700] "GET /maga/phys/inclined11b.jpg HTTP/1.1" 200 35417 "https://www.google.com/" "Mozilla/5.0 (X11; CrOS x86_64 14989.85.0) AppleWebKit/537.36 (KHTML, like Gecko) Chrome/105.0.0.0 Safari/537.36" "ysfine.com"
207.46.13.180 - - [25/Sep/2022:19:37:22 -0700] "GET /wdc/jeffm08.jpg HTTP/1.1" 200 82292 "-" "Mozilla/5.0 AppleWebKit/537.36 (KHTML, like Gecko; compatible; bingbot/2.0; +http://www.bing.com/bingbot.htm) Chrome/103.0.5060.134 Safari/537.36" "ysfine.com"
75.157.88.252 - - [25/Sep/2022:19:37:27 -0700] "GET /world/latina/sao01.jpg HTTP/1.1" 200 102202 "https://ysfine.com/feynman/feynart.html" "Mozilla/5.0 (Macintosh; Intel Mac OS X 10.15; rv:104.0) Gecko/20100101 Firefox/104.0" "ysfine.com"
75.157.88.252 - - [25/Sep/2022:19:37:33 -0700] "GET /beau/parthen03b.jpg HTTP/1.1" 404 88 "https://ysfine.com/feynman/feynart.html" "Mozilla/5.0 (Macintosh; Intel Mac OS X 10.15; rv:104.0) Gecko/20100101 Firefox/104.0" "ysfine.com"
75.157.88.252 - - [25/Sep/2022:19:37:36 -0700] "GET /dongio/parthen03.jpg HTTP/1.1" 404 88 "https://ysfine.com/feynman/feynart.html" "Mozilla/5.0 (Macintosh; Intel Mac OS X 10.15; rv:104.0) Gecko/20100101 Firefox/104.0" "ysfine.com"
75.157.88.252 - - [25/Sep/2022:19:37:39 -0700] "GET /beau/parthen03b.jpg HTTP/1.1" 404 88 "https://ysfine.com/feynman/feynart.html" "Mozilla/5.0 (Macintosh; Intel Mac OS X 10.15; rv:104.0) Gecko/20100101 Firefox/104.0" "ysfine.com"
75.157.88.252 - - [25/Sep/2022:19:38:03 -0700] "GET /world/scandi/vaxdoll33.jpg HTTP/1.1" 200 119176 "https://ysfine.com/feynman/feynart.html" "Mozilla/5.0 (Macintosh; Intel Mac OS X 10.15; rv:104.0) Gecko/20100101 Firefox/104.0" "ysfine.com"
75.157.88.252 - - [25/Sep/2022:19:38:08 -0700] "GET /beau/parthen03b.jpg HTTP/1.1" 404 88 "https://ysfine.com/feynman/feynart.html" "Mozilla/5.0 (Macintosh; Intel Mac OS X 10.15; rv:104.0) Gecko/20100101 Firefox/104.0" "ysfine.com"
75.157.88.252 - - [25/Sep/2022:19:38:13 -0700] "GET /dongio/mongo01.jpg HTTP/1.1" 404 88 "https://ysfine.com/feynman/feynart.html" "Mozilla/5.0 (Macintosh; Intel Mac OS X 10.15; rv:104.0) Gecko/20100101 Firefox/104.0" "ysfine.com"
75.157.88.252 - - [25/Sep/2022:19:38:19 -0700] "GET /world/brit/windsor04.jpg HTTP/1.1" 200 94935 "https://ysfine.com/feynman/feynart.html" "Mozilla/5.0 (Macintosh; Intel Mac OS X 10.15; rv:104.0) Gecko/20100101 Firefox/104.0" "ysfine.com"
75.157.88.252 - - [25/Sep/2022:19:38:24 -0700] "GET /beau/parthen03b.jpg HTTP/1.1" 404 88 "https://ysfine.com/feynman/feynart.html" "Mozilla/5.0 (Macintosh; Intel Mac OS X 10.15; rv:104.0) Gecko/20100101 Firefox/104.0" "ysfine.com"
93.158.161.40 - - [25/Sep/2022:19:38:36 -0700] "GET /robots.txt HTTP/1.1" 404 73 "-" "Mozilla/5.0 (compatible; YandexBot/3.0; +http://yandex.com/bots)" "www.ysfine.com"
93.158.161.40 - - [25/Sep/2022:19:38:39 -0700] "GET /style/strigh.html HTTP/1.1" 200 1459 "-" "Mozilla/5.0 (compatible; YandexBot/3.0; +http://yandex.com/bots)" "www.ysfine.com"
75.157.88.252 - - [25/Sep/2022:19:38:49 -0700] "GET /people/noz75.jpg HTTP/1.1" 200 77158 "https://ysfine.com/feynman/feynart.html" "Mozilla/5.0 (Macintosh; Intel Mac OS X 10.15; rv:104.0) Gecko/20100101 Firefox/104.0" "ysfine.com"
185.191.171.4 - - [25/Sep/2022:19:38:49 -0700] "GET /wigner/evangel.html HTTP/1.1" 200 4831 "-" "Mozilla/5.0 (compatible; SemrushBot/7~bl; +http://www.semrush.com/bot.html)" "ysfine.com"
51.222.253.16 - - [25/Sep/2022:19:38:51 -0700] "GET /style/cameras/contax.html HTTP/1.1" 200 3773 "-" "Mozilla/5.0 (compatible; AhrefsBot/7.0; +http://ahrefs.com/robot/)" "www.ysfine.com"
51.222.253.18 - - [25/Sep/2022:19:38:53 -0700] "GET /style/cameras/sonywx9c.jpg HTTP/1.1" 200 28053 "-" "Mozilla/5.0 (compatible; AhrefsBot/7.0; +http://ahrefs.com/robot/)" "www.ysfine.com"
51.222.253.11 - - [25/Sep/2022:19:38:54 -0700] "GET /style/cameras/contax22c.jpg HTTP/1.1" 200 29041 "-" "Mozilla/5.0 (compatible; AhrefsBot/7.0; +http://ahrefs.com/robot/)" "www.ysfine.com"
51.222.253.9 - - [25/Sep/2022:19:38:54 -0700] "GET /style/cameras/sony7c.jpg HTTP/1.1" 200 37298 "-" "Mozilla/5.0 (compatible; AhrefsBot/7.0; +http://ahrefs.com/robot/)" "www.ysfine.com"
51.222.253.2 - - [25/Sep/2022:19:38:55 -0700] "GET /style/cameras/minolta11c.jpg HTTP/1.1" 200 25687 "-" "Mozilla/5.0 (compatible; AhrefsBot/7.0; +http://ahrefs.com/robot/)" "www.ysfine.com"
51.222.253.13 - - [25/Sep/2022:19:38:55 -0700] "GET /style/cameras/yashica11c.jpg HTTP/1.1" 200 38348 "-" "Mozilla/5.0 (compatible; AhrefsBot/7.0; +http://ahrefs.com/robot/)" "www.ysfine.com"
51.222.253.11 - - [25/Sep/2022:19:38:55 -0700] "GET /style/cameras/contax11c.jpg HTTP/1.1" 200 28745 "-" "Mozilla/5.0 (compatible; AhrefsBot/7.0; +http://ahrefs.com/robot/)" "www.ysfine.com"
51.222.253.10 - - [25/Sep/2022:19:38:56 -0700] "GET /style/cameras/sony120c.jpg HTTP/1.1" 200 38427 "-" "Mozilla/5.0 (compatible; AhrefsBot/7.0; +http://ahrefs.com/robot/)" "www.ysfine.com"
152.168.153.199 - - [25/Sep/2022:19:39:00 -0700] "GET /kobak/seoul75.jpg HTTP/1.1" 404 88 "https://www.skyscrapercity.com/" "Mozilla/5.0 (Linux; Android 12; SM-G780G) AppleWebKit/537.36 (KHTML, like Gecko) Chrome/105.0.0.0 Mobile Safari/537.36" "ysfine.com"
75.157.88.252 - - [25/Sep/2022:19:39:03 -0700] "GET /dongio/arianna01.jpg HTTP/1.1" 404 88 "https://ysfine.com/feynman/feynart.html" "Mozilla/5.0 (Macintosh; Intel Mac OS X 10.15; rv:104.0) Gecko/20100101 Firefox/104.0" "ysfine.com"
185.191.171.9 - - [25/Sep/2022:19:39:19 -0700] "GET /kobak/kimilsong.html HTTP/1.1" 200 2263 "-" "Mozilla/5.0 (compatible; SemrushBot/7~bl; +http://www.semrush.com/bot.html)" "www.ysfine.com"
40.77.167.61 - - [25/Sep/2022:19:39:30 -0700] "GET /world/germany/stutt08.jpg HTTP/1.1" 200 117766 "-" "Mozilla/5.0 (compatible; bingbot/2.0; +http://www.bing.com/bingbot.htm)" "ysfine.com"
66.249.70.3 - - [25/Sep/2022:19:40:21 -0700] "GET /einstein/pics/minsk21d.jpg HTTP/1.1" 200 45622 "-" "Googlebot-Image/1.0" "ysfine.com"
207.46.13.102 - - [25/Sep/2022:19:40:25 -0700] "GET /style/beetho33b.jpg HTTP/1.1" 200 40829 "-" "Mozilla/5.0 AppleWebKit/537.36 (KHTML, like Gecko; compatible; bingbot/2.0; +http://www.bing.com/bingbot.htm) Chrome/103.0.5060.134 Safari/537.36" "ysfine.com"
66.249.70.30 - - [25/Sep/2022:19:41:08 -0700] "GET /einstein/pics/minsk10b.jpg HTTP/1.1" 200 14905 "-" "Googlebot-Image/1.0" "ysfine.com"
173.173.141.181 - - [25/Sep/2022:19:41:13 -0700] "GET /kowar/tanks/m01.jpg HTTP/1.1" 200 69092 "https://www.google.com/" "Mozilla/5.0 (Windows NT 10.0; Win64; x64) AppleWebKit/537.36 (KHTML, like Gecko) Chrome/105.0.0.0 Safari/537.36 Edg/105.0.1343.50" "ysfine.com"
185.191.171.14 - - [25/Sep/2022:19:41:14 -0700] "GET /wdc/kopol.html HTTP/1.1" 200 6514 "-" "Mozilla/5.0 (compatible; SemrushBot/7~bl; +http://www.semrush.com/bot.html)" "ysfine.com"
114.119.128.158 - - [25/Sep/2022:19:41:18 -0700] "GET /yspapers/jmp22.pdf HTTP/1.1" 200 3367329 "https://ysfine.com/eink/index.html" "Mozilla/5.0 (Linux; Android 7.0;) AppleWebKit/537.36 (KHTML, like Gecko) Mobile Safari/537.36 (compatible; PetalBot;+https://webmaster.petalsearch.com/site/petalbot)" "ysfine.com"
73.118.85.31 - - [25/Sep/2022:19:41:42 -0700] "GET /dirac/wigsis.html HTTP/1.1" 200 10275 "https://www.google.com/" "Mozilla/5.0 (Macintosh; Intel Mac OS X 10_15_7) AppleWebKit/605.1.15 (KHTML, like Gecko) Version/15.1 Safari/605.1.15" "ysfine.com"
73.118.85.31 - - [25/Sep/2022:19:41:42 -0700] "GET /dirac/dirac63b.jpg HTTP/1.1" 200 41617 "https://ysfine.com/dirac/wigsis.html" "Mozilla/5.0 (Macintosh; Intel Mac OS X 10_15_7) AppleWebKit/605.1.15 (KHTML, like Gecko) Version/15.1 Safari/605.1.15" "ysfine.com"
73.118.85.31 - - [25/Sep/2022:19:41:42 -0700] "GET /dirac/wigsis22.jpg HTTP/1.1" 200 39975 "https://ysfine.com/dirac/wigsis.html" "Mozilla/5.0 (Macintosh; Intel Mac OS X 10_15_7) AppleWebKit/605.1.15 (KHTML, like Gecko) Version/15.1 Safari/605.1.15" "ysfine.com"
73.118.85.31 - - [25/Sep/2022:19:41:42 -0700] "GET /princeton/annex11b.jpg HTTP/1.1" 200 39639 "https://ysfine.com/dirac/wigsis.html" "Mozilla/5.0 (Macintosh; Intel Mac OS X 10_15_7) AppleWebKit/605.1.15 (KHTML, like Gecko) Version/15.1 Safari/605.1.15" "ysfine.com"
73.118.85.31 - - [25/Sep/2022:19:41:42 -0700] "GET /dirac/dirwig33b.jpg HTTP/1.1" 200 11663 "https://ysfine.com/dirac/wigsis.html" "Mozilla/5.0 (Macintosh; Intel Mac OS X 10_15_7) AppleWebKit/605.1.15 (KHTML, like Gecko) Version/15.1 Safari/605.1.15" "ysfine.com"
73.118.85.31 - - [25/Sep/2022:19:41:42 -0700] "GET /dirac/michaels22.jpg HTTP/1.1" 200 47473 "https://ysfine.com/dirac/wigsis.html" "Mozilla/5.0 (Macintosh; Intel Mac OS X 10_15_7) AppleWebKit/605.1.15 (KHTML, like Gecko) Version/15.1 Safari/605.1.15" "ysfine.com"
73.118.85.31 - - [25/Sep/2022:19:41:42 -0700] "GET /dirac/hazi22.jpg HTTP/1.1" 200 37344 "https://ysfine.com/dirac/wigsis.html" "Mozilla/5.0 (Macintosh; Intel Mac OS X 10_15_7) AppleWebKit/605.1.15 (KHTML, like Gecko) Version/15.1 Safari/605.1.15" "ysfine.com"
73.118.85.31 - - [25/Sep/2022:19:41:42 -0700] "GET /dirac/dirackim6201.jpg HTTP/1.1" 200 51283 "https://ysfine.com/dirac/wigsis.html" "Mozilla/5.0 (Macintosh; Intel Mac OS X 10_15_7) AppleWebKit/605.1.15 (KHTML, like Gecko) Version/15.1 Safari/605.1.15" "ysfine.com"
73.118.85.31 - - [25/Sep/2022:19:41:42 -0700] "GET /dirac/dirac84b.jpg HTTP/1.1" 200 42763 "https://ysfine.com/dirac/wigsis.html" "Mozilla/5.0 (Macintosh; Intel Mac OS X 10_15_7) AppleWebKit/605.1.15 (KHTML, like Gecko) Version/15.1 Safari/605.1.15" "ysfine.com"
73.118.85.31 - - [25/Sep/2022:19:41:42 -0700] "GET /eink/eink61c.jpg HTTP/1.1" 200 34119 "https://ysfine.com/dirac/wigsis.html" "Mozilla/5.0 (Macintosh; Intel Mac OS X 10_15_7) AppleWebKit/605.1.15 (KHTML, like Gecko) Version/15.1 Safari/605.1.15" "ysfine.com"
73.118.85.31 - - [25/Sep/2022:19:41:42 -0700] "GET /feynman/feydirac270.jpg HTTP/1.1" 200 59000 "https://ysfine.com/dirac/wigsis.html" "Mozilla/5.0 (Macintosh; Intel Mac OS X 10_15_7) AppleWebKit/605.1.15 (KHTML, like Gecko) Version/15.1 Safari/605.1.15" "ysfine.com"
73.118.85.31 - - [25/Sep/2022:19:41:42 -0700] "GET /dirac/jablo62b.jpg HTTP/1.1" 200 42817 "https://ysfine.com/dirac/wigsis.html" "Mozilla/5.0 (Macintosh; Intel Mac OS X 10_15_7) AppleWebKit/605.1.15 (KHTML, like Gecko) Version/15.1 Safari/605.1.15" "ysfine.com"
73.118.85.31 - - [25/Sep/2022:19:41:42 -0700] "GET /world/poland/jablo20b.jpg HTTP/1.1" 200 41339 "https://ysfine.com/dirac/wigsis.html" "Mozilla/5.0 (Macintosh; Intel Mac OS X 10_15_7) AppleWebKit/605.1.15 (KHTML, like Gecko) Version/15.1 Safari/605.1.15" "ysfine.com"
