192.99.0.62 - - [25/Sep/2022:16:00:44 -0700] "GET /class54/class5480/Pictures/4.%C3%AA%C2%B8%C2%B0%C3%AB%C2%85%C2%90%C3%AC%C2%B4%C2%AC%C3%AC%C2%98%C2%81/%C3%AA%C2%B8%C2%B0%C3%AB%C2%85%C2%90%C3%AC%C2%B4%C2%AC%C3%AC%C2%98%C2%81%20(59).jpg HTTP/1.1" 200 9290417 "-" "Mozilla/5.0 (compatible; MJ12bot/v1.4.8; http://mj12bot.com/)" "www.ysfine.com"
66.249.70.10 - - [25/Sep/2022:16:00:45 -0700] "GET /style/beetho00b.jpg HTTP/1.1" 200 43559 "-" "Googlebot-Image/1.0" "www.ysfine.com"
192.99.0.62 - - [25/Sep/2022:16:00:46 -0700] "GET /class54/class5480/Pictures/4.%C3%AA%C2%B8%C2%B0%C3%AB%C2%85%C2%90%C3%AC%C2%B4%C2%AC%C3%AC%C2%98%C2%81/%C3%AA%C2%B8%C2%B0%C3%AB%C2%85%C2%90%C3%AC%C2%B4%C2%AC%C3%AC%C2%98%C2%81%20(6).jpg HTTP/1.1" 200 8770019 "-" "Mozilla/5.0 (compatible; MJ12bot/v1.4.8; http://mj12bot.com/)" "www.ysfine.com"
192.99.0.62 - - [25/Sep/2022:16:00:48 -0700] "GET /class54/class5480/Pictures/4.%C3%AA%C2%B8%C2%B0%C3%AB%C2%85%C2%90%C3%AC%C2%B4%C2%AC%C3%AC%C2%98%C2%81/%C3%AA%C2%B8%C2%B0%C3%AB%C2%85%C2%90%C3%AC%C2%B4%C2%AC%C3%AC%C2%98%C2%81%20(60).jpg HTTP/1.1" 200 9331537 "-" "Mozilla/5.0 (compatible; MJ12bot/v1.4.8; http://mj12bot.com/)" "www.ysfine.com"
192.99.0.62 - - [25/Sep/2022:16:00:49 -0700] "GET /class54/class5480/Pictures/4.%C3%AA%C2%B8%C2%B0%C3%AB%C2%85%C2%90%C3%AC%C2%B4%C2%AC%C3%AC%C2%98%C2%81/%C3%AA%C2%B8%C2%B0%C3%AB%C2%85%C2%90%C3%AC%C2%B4%C2%AC%C3%AC%C2%98%C2%81%20(61).jpg HTTP/1.1" 200 9674430 "-" "Mozilla/5.0 (compatible; MJ12bot/v1.4.8; http://mj12bot.com/)" "www.ysfine.com"
192.99.0.62 - - [25/Sep/2022:16:00:51 -0700] "GET /class54/class5480/Pictures/4.%C3%AA%C2%B8%C2%B0%C3%AB%C2%85%C2%90%C3%AC%C2%B4%C2%AC%C3%AC%C2%98%C2%81/%C3%AA%C2%B8%C2%B0%C3%AB%C2%85%C2%90%C3%AC%C2%B4%C2%AC%C3%AC%C2%98%C2%81%20(62).jpg HTTP/1.1" 200 10553815 "-" "Mozilla/5.0 (compatible; MJ12bot/v1.4.8; http://mj12bot.com/)" "www.ysfine.com"
192.99.0.62 - - [25/Sep/2022:16:00:53 -0700] "GET /class54/class5480/Pictures/4.%C3%AA%C2%B8%C2%B0%C3%AB%C2%85%C2%90%C3%AC%C2%B4%C2%AC%C3%AC%C2%98%C2%81/%C3%AA%C2%B8%C2%B0%C3%AB%C2%85%C2%90%C3%AC%C2%B4%C2%AC%C3%AC%C2%98%C2%81%20(63).jpg HTTP/1.1" 200 8882147 "-" "Mozilla/5.0 (compatible; MJ12bot/v1.4.8; http://mj12bot.com/)" "www.ysfine.com"
192.99.0.62 - - [25/Sep/2022:16:00:54 -0700] "GET /class54/class5480/Pictures/4.%C3%AA%C2%B8%C2%B0%C3%AB%C2%85%C2%90%C3%AC%C2%B4%C2%AC%C3%AC%C2%98%C2%81/%C3%AA%C2%B8%C2%B0%C3%AB%C2%85%C2%90%C3%AC%C2%B4%C2%AC%C3%AC%C2%98%C2%81%20(64).jpg HTTP/1.1" 200 12213056 "-" "Mozilla/5.0 (compatible; MJ12bot/v1.4.8; http://mj12bot.com/)" "www.ysfine.com"
192.99.0.62 - - [25/Sep/2022:16:00:56 -0700] "GET /class54/class5480/Pictures/4.%C3%AA%C2%B8%C2%B0%C3%AB%C2%85%C2%90%C3%AC%C2%B4%C2%AC%C3%AC%C2%98%C2%81/%C3%AA%C2%B8%C2%B0%C3%AB%C2%85%C2%90%C3%AC%C2%B4%C2%AC%C3%AC%C2%98%C2%81%20(65).jpg HTTP/1.1" 200 9016970 "-" "Mozilla/5.0 (compatible; MJ12bot/v1.4.8; http://mj12bot.com/)" "www.ysfine.com"
192.99.0.62 - - [25/Sep/2022:16:00:58 -0700] "GET /class54/class5480/Pictures/4.%C3%AA%C2%B8%C2%B0%C3%AB%C2%85%C2%90%C3%AC%C2%B4%C2%AC%C3%AC%C2%98%C2%81/%C3%AA%C2%B8%C2%B0%C3%AB%C2%85%C2%90%C3%AC%C2%B4%C2%AC%C3%AC%C2%98%C2%81%20(66).jpg HTTP/1.1" 200 8860849 "-" "Mozilla/5.0 (compatible; MJ12bot/v1.4.8; http://mj12bot.com/)" "www.ysfine.com"
66.249.70.10 - - [25/Sep/2022:16:00:58 -0700] "GET /class54/pics/g142.jpg HTTP/1.1" 304 - "-" "Googlebot-Image/1.0" "www.ysfine.com"
192.99.0.62 - - [25/Sep/2022:16:01:00 -0700] "GET /class54/class5480/Pictures/4.%C3%AA%C2%B8%C2%B0%C3%AB%C2%85%C2%90%C3%AC%C2%B4%C2%AC%C3%AC%C2%98%C2%81/%C3%AA%C2%B8%C2%B0%C3%AB%C2%85%C2%90%C3%AC%C2%B4%C2%AC%C3%AC%C2%98%C2%81%20(67).jpg HTTP/1.1" 200 8923461 "-" "Mozilla/5.0 (compatible; MJ12bot/v1.4.8; http://mj12bot.com/)" "www.ysfine.com"
192.99.0.62 - - [25/Sep/2022:16:01:01 -0700] "GET /class54/class5480/Pictures/4.%C3%AA%C2%B8%C2%B0%C3%AB%C2%85%C2%90%C3%AC%C2%B4%C2%AC%C3%AC%C2%98%C2%81/%C3%AA%C2%B8%C2%B0%C3%AB%C2%85%C2%90%C3%AC%C2%B4%C2%AC%C3%AC%C2%98%C2%81%20(68).jpg HTTP/1.1" 200 9324901 "-" "Mozilla/5.0 (compatible; MJ12bot/v1.4.8; http://mj12bot.com/)" "www.ysfine.com"
192.99.0.62 - - [25/Sep/2022:16:01:03 -0700] "GET /class54/class5480/Pictures/4.%C3%AA%C2%B8%C2%B0%C3%AB%C2%85%C2%90%C3%AC%C2%B4%C2%AC%C3%AC%C2%98%C2%81/%C3%AA%C2%B8%C2%B0%C3%AB%C2%85%C2%90%C3%AC%C2%B4%C2%AC%C3%AC%C2%98%C2%81%20(69).jpg HTTP/1.1" 200 9674965 "-" "Mozilla/5.0 (compatible; MJ12bot/v1.4.8; http://mj12bot.com/)" "www.ysfine.com"
192.99.0.62 - - [25/Sep/2022:16:01:04 -0700] "GET /class54/class5480/Pictures/4.%C3%AA%C2%B8%C2%B0%C3%AB%C2%85%C2%90%C3%AC%C2%B4%C2%AC%C3%AC%C2%98%C2%81/%C3%AA%C2%B8%C2%B0%C3%AB%C2%85%C2%90%C3%AC%C2%B4%C2%AC%C3%AC%C2%98%C2%81%20(7).jpg HTTP/1.1" 200 8640267 "-" "Mozilla/5.0 (compatible; MJ12bot/v1.4.8; http://mj12bot.com/)" "www.ysfine.com"
192.99.0.62 - - [25/Sep/2022:16:01:06 -0700] "GET /class54/class5480/Pictures/4.%C3%AA%C2%B8%C2%B0%C3%AB%C2%85%C2%90%C3%AC%C2%B4%C2%AC%C3%AC%C2%98%C2%81/%C3%AA%C2%B8%C2%B0%C3%AB%C2%85%C2%90%C3%AC%C2%B4%C2%AC%C3%AC%C2%98%C2%81%20(70).jpg HTTP/1.1" 200 8939060 "-" "Mozilla/5.0 (compatible; MJ12bot/v1.4.8; http://mj12bot.com/)" "www.ysfine.com"
192.99.0.62 - - [25/Sep/2022:16:01:08 -0700] "GET /class54/class5480/Pictures/4.%C3%AA%C2%B8%C2%B0%C3%AB%C2%85%C2%90%C3%AC%C2%B4%C2%AC%C3%AC%C2%98%C2%81/%C3%AA%C2%B8%C2%B0%C3%AB%C2%85%C2%90%C3%AC%C2%B4%C2%AC%C3%AC%C2%98%C2%81%20(71).jpg HTTP/1.1" 200 10036622 "-" "Mozilla/5.0 (compatible; MJ12bot/v1.4.8; http://mj12bot.com/)" "www.ysfine.com"
192.99.0.62 - - [25/Sep/2022:16:01:10 -0700] "GET /class54/class5480/Pictures/4.%C3%AA%C2%B8%C2%B0%C3%AB%C2%85%C2%90%C3%AC%C2%B4%C2%AC%C3%AC%C2%98%C2%81/%C3%AA%C2%B8%C2%B0%C3%AB%C2%85%C2%90%C3%AC%C2%B4%C2%AC%C3%AC%C2%98%C2%81%20(72).jpg HTTP/1.1" 200 9703727 "-" "Mozilla/5.0 (compatible; MJ12bot/v1.4.8; http://mj12bot.com/)" "www.ysfine.com"
192.99.0.62 - - [25/Sep/2022:16:01:12 -0700] "GET /class54/class5480/Pictures/4.%C3%AA%C2%B8%C2%B0%C3%AB%C2%85%C2%90%C3%AC%C2%B4%C2%AC%C3%AC%C2%98%C2%81/%C3%AA%C2%B8%C2%B0%C3%AB%C2%85%C2%90%C3%AC%C2%B4%C2%AC%C3%AC%C2%98%C2%81%20(73).jpg HTTP/1.1" 200 9500952 "-" "Mozilla/5.0 (compatible; MJ12bot/v1.4.8; http://mj12bot.com/)" "www.ysfine.com"
192.99.0.62 - - [25/Sep/2022:16:01:13 -0700] "GET /class54/class5480/Pictures/4.%C3%AA%C2%B8%C2%B0%C3%AB%C2%85%C2%90%C3%AC%C2%B4%C2%AC%C3%AC%C2%98%C2%81/%C3%AA%C2%B8%C2%B0%C3%AB%C2%85%C2%90%C3%AC%C2%B4%C2%AC%C3%AC%C2%98%C2%81%20(74).jpg HTTP/1.1" 200 9493702 "-" "Mozilla/5.0 (compatible; MJ12bot/v1.4.8; http://mj12bot.com/)" "www.ysfine.com"
192.99.0.62 - - [25/Sep/2022:16:01:15 -0700] "GET /class54/class5480/Pictures/4.%C3%AA%C2%B8%C2%B0%C3%AB%C2%85%C2%90%C3%AC%C2%B4%C2%AC%C3%AC%C2%98%C2%81/%C3%AA%C2%B8%C2%B0%C3%AB%C2%85%C2%90%C3%AC%C2%B4%C2%AC%C3%AC%C2%98%C2%81%20(75).jpg HTTP/1.1" 200 9229520 "-" "Mozilla/5.0 (compatible; MJ12bot/v1.4.8; http://mj12bot.com/)" "www.ysfine.com"
66.249.70.8 - - [25/Sep/2022:16:01:17 -0700] "GET /ffriends/aline/airfr08c.jpg HTTP/1.1" 200 36038 "-" "Googlebot-Image/1.0" "www.ysfine.com"
192.99.0.62 - - [25/Sep/2022:16:01:17 -0700] "GET /class54/class5480/Pictures/4.%C3%AA%C2%B8%C2%B0%C3%AB%C2%85%C2%90%C3%AC%C2%B4%C2%AC%C3%AC%C2%98%C2%81/%C3%AA%C2%B8%C2%B0%C3%AB%C2%85%C2%90%C3%AC%C2%B4%C2%AC%C3%AC%C2%98%C2%81%20(76).jpg HTTP/1.1" 200 9163603 "-" "Mozilla/5.0 (compatible; MJ12bot/v1.4.8; http://mj12bot.com/)" "www.ysfine.com"
192.99.0.62 - - [25/Sep/2022:16:01:19 -0700] "GET /class54/class5480/Pictures/4.%C3%AA%C2%B8%C2%B0%C3%AB%C2%85%C2%90%C3%AC%C2%B4%C2%AC%C3%AC%C2%98%C2%81/%C3%AA%C2%B8%C2%B0%C3%AB%C2%85%C2%90%C3%AC%C2%B4%C2%AC%C3%AC%C2%98%C2%81%20(77).jpg HTTP/1.1" 200 9118771 "-" "Mozilla/5.0 (compatible; MJ12bot/v1.4.8; http://mj12bot.com/)" "www.ysfine.com"
192.99.0.62 - - [25/Sep/2022:16:01:20 -0700] "GET /class54/class5480/Pictures/4.%C3%AA%C2%B8%C2%B0%C3%AB%C2%85%C2%90%C3%AC%C2%B4%C2%AC%C3%AC%C2%98%C2%81/%C3%AA%C2%B8%C2%B0%C3%AB%C2%85%C2%90%C3%AC%C2%B4%C2%AC%C3%AC%C2%98%C2%81%20(78).jpg HTTP/1.1" 200 12951534 "-" "Mozilla/5.0 (compatible; MJ12bot/v1.4.8; http://mj12bot.com/)" "www.ysfine.com"
192.99.0.62 - - [25/Sep/2022:16:01:22 -0700] "GET /class54/class5480/Pictures/4.%C3%AA%C2%B8%C2%B0%C3%AB%C2%85%C2%90%C3%AC%C2%B4%C2%AC%C3%AC%C2%98%C2%81/%C3%AA%C2%B8%C2%B0%C3%AB%C2%85%C2%90%C3%AC%C2%B4%C2%AC%C3%AC%C2%98%C2%81%20(79).jpg HTTP/1.1" 200 13841358 "-" "Mozilla/5.0 (compatible; MJ12bot/v1.4.8; http://mj12bot.com/)" "www.ysfine.com"
192.99.0.62 - - [25/Sep/2022:16:01:24 -0700] "GET /class54/class5480/Pictures/4.%C3%AA%C2%B8%C2%B0%C3%AB%C2%85%C2%90%C3%AC%C2%B4%C2%AC%C3%AC%C2%98%C2%81/%C3%AA%C2%B8%C2%B0%C3%AB%C2%85%C2%90%C3%AC%C2%B4%C2%AC%C3%AC%C2%98%C2%81%20(8).jpg HTTP/1.1" 200 9897932 "-" "Mozilla/5.0 (compatible; MJ12bot/v1.4.8; http://mj12bot.com/)" "www.ysfine.com"
192.99.0.62 - - [25/Sep/2022:16:01:25 -0700] "GET /class54/class5480/Pictures/4.%C3%AA%C2%B8%C2%B0%C3%AB%C2%85%C2%90%C3%AC%C2%B4%C2%AC%C3%AC%C2%98%C2%81/%C3%AA%C2%B8%C2%B0%C3%AB%C2%85%C2%90%C3%AC%C2%B4%C2%AC%C3%AC%C2%98%C2%81%20(80).jpg HTTP/1.1" 200 15850452 "-" "Mozilla/5.0 (compatible; MJ12bot/v1.4.8; http://mj12bot.com/)" "www.ysfine.com"
192.99.0.62 - - [25/Sep/2022:16:01:27 -0700] "GET /class54/class5480/Pictures/4.%C3%AA%C2%B8%C2%B0%C3%AB%C2%85%C2%90%C3%AC%C2%B4%C2%AC%C3%AC%C2%98%C2%81/%C3%AA%C2%B8%C2%B0%C3%AB%C2%85%C2%90%C3%AC%C2%B4%C2%AC%C3%AC%C2%98%C2%81%20(81).jpg HTTP/1.1" 200 15107406 "-" "Mozilla/5.0 (compatible; MJ12bot/v1.4.8; http://mj12bot.com/)" "www.ysfine.com"
192.99.0.62 - - [25/Sep/2022:16:01:29 -0700] "GET /class54/class5480/Pictures/4.%C3%AA%C2%B8%C2%B0%C3%AB%C2%85%C2%90%C3%AC%C2%B4%C2%AC%C3%AC%C2%98%C2%81/%C3%AA%C2%B8%C2%B0%C3%AB%C2%85%C2%90%C3%AC%C2%B4%C2%AC%C3%AC%C2%98%C2%81%20(82).jpg HTTP/1.1" 200 15452526 "-" "Mozilla/5.0 (compatible; MJ12bot/v1.4.8; http://mj12bot.com/)" "www.ysfine.com"
192.99.0.62 - - [25/Sep/2022:16:01:31 -0700] "GET /class54/class5480/Pictures/4.%C3%AA%C2%B8%C2%B0%C3%AB%C2%85%C2%90%C3%AC%C2%B4%C2%AC%C3%AC%C2%98%C2%81/%C3%AA%C2%B8%C2%B0%C3%AB%C2%85%C2%90%C3%AC%C2%B4%C2%AC%C3%AC%C2%98%C2%81%20(9).jpg HTTP/1.1" 200 8693550 "-" "Mozilla/5.0 (compatible; MJ12bot/v1.4.8; http://mj12bot.com/)" "www.ysfine.com"
66.249.70.10 - - [25/Sep/2022:16:01:37 -0700] "GET /style/xiangran66b.jpg HTTP/1.1" 304 - "-" "Googlebot-Image/1.0" "www.ysfine.com"
66.249.70.8 - - [25/Sep/2022:16:01:42 -0700] "GET /world/france/metz17c.jpg HTTP/1.1" 200 42665 "-" "Googlebot-Image/1.0" "www.ysfine.com"
66.249.70.8 - - [25/Sep/2022:16:01:44 -0700] "GET /style/durbin2.jpg HTTP/1.1" 304 - "-" "Googlebot-Image/1.0" "www.ysfine.com"
157.55.39.58 - - [25/Sep/2022:16:02:08 -0700] "GET /sbk/2003pr11.jpg HTTP/1.1" 200 192096 "-" "Mozilla/5.0 (compatible; bingbot/2.0; +http://www.bing.com/bingbot.htm)" "ysfine.com"
66.249.70.8 - - [25/Sep/2022:16:02:23 -0700] "GET /world/france/eiffel05b.jpg HTTP/1.1" 304 - "-" "Googlebot-Image/1.0" "www.ysfine.com"
66.249.70.8 - - [25/Sep/2022:16:02:41 -0700] "GET /world/germany/berlin005b.jpg HTTP/1.1" 304 - "-" "Googlebot-Image/1.0" "www.ysfine.com"
66.249.70.8 - - [25/Sep/2022:16:02:43 -0700] "GET /ffriends/ingridberg11c.jpg HTTP/1.1" 200 40730 "-" "Googlebot-Image/1.0" "www.ysfine.com"
66.249.70.8 - - [25/Sep/2022:16:02:52 -0700] "GET /world/france/frpolice01.jpg HTTP/1.1" 200 105430 "-" "Googlebot-Image/1.0" "www.ysfine.com"
66.249.70.8 - - [25/Sep/2022:16:02:55 -0700] "GET /style/mieko22b.jpg HTTP/1.1" 304 - "-" "Googlebot-Image/1.0" "www.ysfine.com"
66.249.70.12 - - [25/Sep/2022:16:03:04 -0700] "GET /world/france/frstu02.jpg HTTP/1.1" 200 132750 "-" "Googlebot-Image/1.0" "www.ysfine.com"
66.249.70.10 - - [25/Sep/2022:16:03:24 -0700] "GET /world/france/pmetro18c.jpg HTTP/1.1" 200 39988 "-" "Googlebot-Image/1.0" "www.ysfine.com"
66.249.70.8 - - [25/Sep/2022:16:03:45 -0700] "GET /ffriends/frportu01c.jpg HTTP/1.1" 200 48417 "-" "Googlebot-Image/1.0" "www.ysfine.com"
66.249.70.30 - - [25/Sep/2022:16:03:49 -0700] "GET /class54/class5470/total_data/photo_img/7-5.jpg HTTP/1.1" 200 204555 "-" "Googlebot-Image/1.0" "ysfine.com"
66.249.70.8 - - [25/Sep/2022:16:03:52 -0700] "GET /style/xiangran22b.jpg HTTP/1.1" 304 - "-" "Googlebot-Image/1.0" "www.ysfine.com"
66.249.70.12 - - [25/Sep/2022:16:04:10 -0700] "GET /world/france/lyon01.jpg HTTP/1.1" 200 122792 "-" "Googlebot-Image/1.0" "www.ysfine.com"
185.191.171.40 - - [25/Sep/2022:16:05:15 -0700] "GET /wigner/neupol.html HTTP/1.1" 200 1742 "-" "Mozilla/5.0 (compatible; SemrushBot/7~bl; +http://www.semrush.com/bot.html)" "ysfine.com"
51.222.253.4 - - [25/Sep/2022:16:05:46 -0700] "GET /class54/class5470/total_data/sub_748.htm HTTP/1.1" 200 3297 "-" "Mozilla/5.0 (compatible; AhrefsBot/7.0; +http://ahrefs.com/robot/)" "www.ysfine.com"
66.249.70.30 - - [25/Sep/2022:16:05:50 -0700] "GET /world/germany/johannstra11.jpg HTTP/1.1" 200 147737 "-" "Googlebot-Image/1.0" "ysfine.com"
66.249.70.3 - - [25/Sep/2022:16:06:47 -0700] "GET /style/flamen2.jpg HTTP/1.1" 304 - "-" "Googlebot-Image/1.0" "ysfine.com"
66.249.70.8 - - [25/Sep/2022:16:06:59 -0700] "GET /style/beetho.jpg HTTP/1.1" 404 88 "-" "Googlebot-Image/1.0" "www.ysfine.com"
98.147.221.253 - - [25/Sep/2022:16:08:12 -0700] "GET /kowar/tanks/tank03.jpg HTTP/1.1" 200 106726 "https://www.google.com/" "Mozilla/5.0 (iPhone; CPU iPhone OS 15_6_1 like Mac OS X) AppleWebKit/605.1.15 (KHTML, like Gecko) GSA/230.1.475637890 Mobile/19G82 Safari/604.1" "ysfine.com"
66.249.70.8 - - [25/Sep/2022:16:08:23 -0700] "GET /style/hibari22b.jpg HTTP/1.1" 304 - "-" "Googlebot-Image/1.0" "www.ysfine.com"
207.46.13.180 - - [25/Sep/2022:16:08:32 -0700] "GET /style/cameras/hwanghae11.jpg HTTP/1.1" 200 178475 "-" "Mozilla/5.0 (compatible; bingbot/2.0; +http://www.bing.com/bingbot.htm)" "ysfine.com"
40.77.167.61 - - [25/Sep/2022:16:08:39 -0700] "GET /dirac/dirfoc62.jpg HTTP/1.1" 200 192075 "-" "Mozilla/5.0 (compatible; bingbot/2.0; +http://www.bing.com/bingbot.htm)" "www.ysfine.com"
157.55.39.128 - - [25/Sep/2022:16:08:59 -0700] "GET /wdc/kennedyc10.jpg HTTP/1.1" 200 77673 "-" "Mozilla/5.0 (compatible; bingbot/2.0; +http://www.bing.com/bingbot.htm)" "ysfine.com"
66.249.70.8 - - [25/Sep/2022:16:09:31 -0700] "GET /world/germany/hofbrau33b.jpg HTTP/1.1" 304 - "-" "Googlebot-Image/1.0" "www.ysfine.com"
66.249.70.12 - - [25/Sep/2022:16:10:17 -0700] "GET /world/france/nicef08.jpg HTTP/1.1" 200 93349 "-" "Googlebot-Image/1.0" "www.ysfine.com"
207.46.13.180 - - [25/Sep/2022:16:10:42 -0700] "GET /world/france/montpar31.jpg HTTP/1.1" 200 171959 "-" "Mozilla/5.0 AppleWebKit/537.36 (KHTML, like Gecko; compatible; bingbot/2.0; +http://www.bing.com/bingbot.htm) Chrome/103.0.5060.134 Safari/537.36" "www.ysfine.com"
51.222.253.1 - - [25/Sep/2022:16:10:55 -0700] "GET /class54/class5470/total_data/sub_750.htm HTTP/1.1" 200 3297 "-" "Mozilla/5.0 (compatible; AhrefsBot/7.0; +http://ahrefs.com/robot/)" "www.ysfine.com"
51.222.253.4 - - [25/Sep/2022:16:10:57 -0700] "GET /class54/class5470/total_data/photo_img/7-50.jpg HTTP/1.1" 200 227160 "-" "Mozilla/5.0 (compatible; AhrefsBot/7.0; +http://ahrefs.com/robot/)" "www.ysfine.com"
207.46.13.102 - - [25/Sep/2022:16:11:14 -0700] "GET /einstein/webars.html HTTP/1.1" 200 352 "-" "Mozilla/5.0 (compatible; bingbot/2.0; +http://www.bing.com/bingbot.htm)" "www.ysfine.com"
157.55.39.58 - - [25/Sep/2022:16:13:18 -0700] "GET /feynman/fb4.jpg HTTP/1.1" 200 55951 "-" "Mozilla/5.0 AppleWebKit/537.36 (KHTML, like Gecko; compatible; bingbot/2.0; +http://www.bing.com/bingbot.htm) Chrome/103.0.5060.134 Safari/537.36" "ysfine.com"
207.46.13.102 - - [25/Sep/2022:16:13:34 -0700] "GET /dongio/aline/kal04.jpg HTTP/1.1" 404 88 "-" "Mozilla/5.0 (compatible; bingbot/2.0; +http://www.bing.com/bingbot.htm)" "ysfine.com"
157.55.39.128 - - [25/Sep/2022:16:14:10 -0700] "GET /world/brit/paddington06.jpg HTTP/1.1" 200 126897 "-" "Mozilla/5.0 (compatible; bingbot/2.0; +http://www.bing.com/bingbot.htm)" "ysfine.com"
66.249.70.4 - - [25/Sep/2022:16:14:19 -0700] "GET /princeton/wightman01.jpg HTTP/1.1" 304 - "-" "Googlebot-Image/1.0" "ysfine.com"
185.191.171.11 - - [25/Sep/2022:16:14:57 -0700] "GET /dirac/dirfeyn.html HTTP/1.1" 200 6341 "-" "Mozilla/5.0 (compatible; SemrushBot/7~bl; +http://www.semrush.com/bot.html)" "www.ysfine.com"
51.222.253.4 - - [25/Sep/2022:16:16:14 -0700] "GET /wigner/wigkim650.html HTTP/1.1" 200 411 "-" "Mozilla/5.0 (compatible; AhrefsBot/7.0; +http://ahrefs.com/robot/)" "ysfine.com"
51.222.253.1 - - [25/Sep/2022:16:16:17 -0700] "GET /wigner/wigkim11a.jpg HTTP/1.1" 200 77611 "-" "Mozilla/5.0 (compatible; AhrefsBot/7.0; +http://ahrefs.com/robot/)" "ysfine.com"
185.191.171.33 - - [25/Sep/2022:16:16:28 -0700] "GET /world/jeru.html HTTP/1.1" 200 6991 "-" "Mozilla/5.0 (compatible; SemrushBot/7~bl; +http://www.semrush.com/bot.html)" "www.ysfine.com"
18.191.233.135 - - [25/Sep/2022:16:16:46 -0700] "GET /ads.txt HTTP/1.1" 404 88 "http://ysfine.com/ads.txt" "AdsTxtCrawler/1.0; +https://github.com/InteractiveAdvertisingBureau/adstxtcrawler" "ysfine.com"
40.77.167.61 - - [25/Sep/2022:16:18:32 -0700] "GET /usca/pitt/sbk57b.jpg HTTP/1.1" 200 29223 "-" "Mozilla/5.0 (compatible; bingbot/2.0; +http://www.bing.com/bingbot.htm)" "www.ysfine.com"
185.191.171.16 - - [25/Sep/2022:16:20:08 -0700] "GET /princeton/yspr.html HTTP/1.1" 200 5439 "-" "Mozilla/5.0 (compatible; SemrushBot/7~bl; +http://www.semrush.com/bot.html)" "www.ysfine.com"
114.119.128.162 - - [25/Sep/2022:16:21:13 -0700] "GET /maga/phys/naimar/resonance.eps HTTP/1.1" 200 516132 "https://www.ysfine.com/maga/phys/naimar/?C=N%3BO%3DD" "Mozilla/5.0 (Linux; Android 7.0;) AppleWebKit/537.36 (KHTML, like Gecko) Mobile Safari/537.36 (compatible; PetalBot;+https://webmaster.petalsearch.com/site/petalbot)" "www.ysfine.com"
40.77.167.61 - - [25/Sep/2022:16:21:19 -0700] "GET /home/dwf33.html HTTP/1.1" 200 7188 "-" "Mozilla/5.0 (compatible; bingbot/2.0; +http://www.bing.com/bingbot.htm)" "ysfine.com"
157.55.39.55 - - [25/Sep/2022:16:21:23 -0700] "GET /world/andal.html HTTP/1.1" 200 10099 "-" "Mozilla/5.0 (compatible; bingbot/2.0; +http://www.bing.com/bingbot.htm)" "ysfine.com"
157.55.39.128 - - [25/Sep/2022:16:21:24 -0700] "GET /world/munich.html HTTP/1.1" 200 3101 "-" "Mozilla/5.0 (compatible; bingbot/2.0; +http://www.bing.com/bingbot.htm)" "ysfine.com"
207.46.13.102 - - [25/Sep/2022:16:21:29 -0700] "GET /jakella/index.html HTTP/1.1" 200 1693 "-" "Mozilla/5.0 (compatible; bingbot/2.0; +http://www.bing.com/bingbot.htm)" "ysfine.com"
207.46.13.102 - - [25/Sep/2022:16:21:29 -0700] "GET /maga/hermite.html HTTP/1.1" 200 4102 "-" "Mozilla/5.0 AppleWebKit/537.36 (KHTML, like Gecko; compatible; bingbot/2.0; +http://www.bing.com/bingbot.htm) Chrome/103.0.5060.134 Safari/537.36" "ysfine.com"
51.222.253.2 - - [25/Sep/2022:16:21:37 -0700] "GET /world/russ/twosist.html HTTP/1.1" 200 400 "-" "Mozilla/5.0 (compatible; AhrefsBot/7.0; +http://ahrefs.com/robot/)" "www.ysfine.com"
157.55.39.58 - - [25/Sep/2022:16:21:38 -0700] "GET /feynman/ppic/phasetr33.jpg HTTP/1.1" 200 45568 "-" "Mozilla/5.0 (compatible; bingbot/2.0; +http://www.bing.com/bingbot.htm)" "ysfine.com"
51.222.253.17 - - [25/Sep/2022:16:21:39 -0700] "GET /world/russ/twosis11.jpg HTTP/1.1" 200 71402 "-" "Mozilla/5.0 (compatible; AhrefsBot/7.0; +http://ahrefs.com/robot/)" "www.ysfine.com"
51.222.253.13 - - [25/Sep/2022:16:21:40 -0700] "GET /world/russ/twosis33.jpg HTTP/1.1" 200 51291 "-" "Mozilla/5.0 (compatible; AhrefsBot/7.0; +http://ahrefs.com/robot/)" "www.ysfine.com"
51.222.253.18 - - [25/Sep/2022:16:21:40 -0700] "GET /world/russ/twosis22.jpg HTTP/1.1" 200 44278 "-" "Mozilla/5.0 (compatible; AhrefsBot/7.0; +http://ahrefs.com/robot/)" "www.ysfine.com"
37.120.215.78 - - [25/Sep/2022:16:22:00 -0700] "GET /wigner/neum/vnc02.jpg HTTP/1.1" 200 122957 "https://www.google.com/" "Mozilla/5.0 (X11; Linux x86_64; rv:105.0) Gecko/20100101 Firefox/105.0" "ysfine.com"
207.46.13.102 - - [25/Sep/2022:16:23:26 -0700] "GET /maga/phys/solvayc27c.jpg HTTP/1.1" 200 53464 "-" "Mozilla/5.0 (compatible; bingbot/2.0; +http://www.bing.com/bingbot.htm)" "ysfine.com"
207.46.13.102 - - [25/Sep/2022:16:24:25 -0700] "GET /world/russ/spbpi07.jpg HTTP/1.1" 200 87056 "-" "Mozilla/5.0 (compatible; bingbot/2.0; +http://www.bing.com/bingbot.htm)" "ysfine.com"
157.55.39.128 - - [25/Sep/2022:16:24:51 -0700] "GET /einstein/math/sp2tab11.jpg HTTP/1.1" 200 73958 "-" "Mozilla/5.0 (compatible; bingbot/2.0; +http://www.bing.com/bingbot.htm)" "www.ysfine.com"
157.55.39.128 - - [25/Sep/2022:16:24:51 -0700] "GET /world/russ/basil08c.jpg HTTP/1.1" 200 40070 "-" "Mozilla/5.0 (compatible; bingbot/2.0; +http://www.bing.com/bingbot.htm)" "www.ysfine.com"
157.55.39.128 - - [25/Sep/2022:16:25:51 -0700] "GET /world/russ/spbf35.jpg HTTP/1.1" 200 145404 "-" "Mozilla/5.0 AppleWebKit/537.36 (KHTML, like Gecko; compatible; bingbot/2.0; +http://www.bing.com/bingbot.htm) Chrome/103.0.5060.134 Safari/537.36" "ysfine.com"
185.191.171.36 - - [25/Sep/2022:16:26:11 -0700] "GET /eink/index.html HTTP/1.1" 200 17659 "-" "Mozilla/5.0 (compatible; SemrushBot/7~bl; +http://www.semrush.com/bot.html)" "www.ysfine.com"
207.46.13.102 - - [25/Sep/2022:16:26:56 -0700] "GET /saram/g137.jpg HTTP/1.1" 200 99111 "-" "Mozilla/5.0 (compatible; bingbot/2.0; +http://www.bing.com/bingbot.htm)" "www.ysfine.com"
157.55.39.128 - - [25/Sep/2022:16:27:02 -0700] "GET /world/ital/palat03.jpg HTTP/1.1" 200 93668 "-" "Mozilla/5.0 (compatible; bingbot/2.0; +http://www.bing.com/bingbot.htm)" "ysfine.com"
114.119.128.158 - - [25/Sep/2022:16:27:06 -0700] "GET /houses/monticello.html HTTP/1.1" 200 750 "-" "Mozilla/5.0 (Linux; Android 7.0;) AppleWebKit/537.36 (KHTML, like Gecko) Mobile Safari/537.36 (compatible; PetalBot;+https://webmaster.petalsearch.com/site/petalbot)" "ysfine.com"
40.77.167.61 - - [25/Sep/2022:16:28:11 -0700] "GET /people/olmo.jpg HTTP/1.1" 200 79527 "-" "Mozilla/5.0 (compatible; bingbot/2.0; +http://www.bing.com/bingbot.htm)" "ysfine.com"
43.132.229.35 - - [25/Sep/2022:16:28:28 -0700] "GET /js/fileman/index.html HTTP/1.1" 404 73 "-" "Mozilla/5.0 (Windows NT 6.1; WOW64; rv:24.0) Gecko/20100101 Firefox/24.0" "www.ysfine.com"
157.55.39.58 - - [25/Sep/2022:16:28:30 -0700] "GET /eink/ewk86f.jpg HTTP/1.1" 200 122173 "-" "Mozilla/5.0 (compatible; bingbot/2.0; +http://www.bing.com/bingbot.htm)" "www.ysfine.com"
207.46.13.180 - - [25/Sep/2022:16:29:04 -0700] "GET /people/balabars.jpg HTTP/1.1" 200 74827 "-" "Mozilla/5.0 (compatible; bingbot/2.0; +http://www.bing.com/bingbot.htm)" "ysfine.com"
207.46.13.180 - - [25/Sep/2022:16:29:14 -0700] "GET /world/china/shenyang01.jpg HTTP/1.1" 200 106486 "-" "Mozilla/5.0 (compatible; bingbot/2.0; +http://www.bing.com/bingbot.htm)" "ysfine.com"
185.184.157.94 - - [25/Sep/2022:16:29:33 -0700] "GET /style/shops.html HTTP/1.1" 200 2829 "-" "Mozilla/5.0 (compatible; linkdexbot/2.0; +http://www.linkdex.com/bots/)" "ysfine.com"
185.184.157.94 - - [25/Sep/2022:16:29:33 -0700] "GET /robots.txt HTTP/1.1" 404 88 "-" "Mozilla/5.0 (compatible; linkdexbot/2.0; +http://www.linkdex.com/bots/)" "ysfine.com"
185.184.157.94 - - [25/Sep/2022:16:29:33 -0700] "GET /robots.txt HTTP/1.1" 404 88 "-" "Mozilla/5.0 (compatible; linkdexbot/2.0; +http://www.linkdex.com/bots/)" "www.ysfine.com"
185.191.171.2 - - [25/Sep/2022:16:29:34 -0700] "GET /wdc/wasdc.html HTTP/1.1" 200 13715 "-" "Mozilla/5.0 (compatible; SemrushBot/7~bl; +http://www.semrush.com/bot.html)" "www.ysfine.com"
104.33.161.55 - - [25/Sep/2022:16:30:09 -0700] "GET /kowar/tanks/tank03.jpg HTTP/1.1" 200 106726 "https://www.google.com/" "Mozilla/5.0 (Windows NT 10.0; Win64; x64) AppleWebKit/537.36 (KHTML, like Gecko) Chrome/105.0.0.0 Safari/537.36" "ysfine.com"
207.46.13.102 - - [25/Sep/2022:16:30:26 -0700] "GET /feynman/millik.jpg HTTP/1.1" 200 79301 "-" "Mozilla/5.0 (compatible; bingbot/2.0; +http://www.bing.com/bingbot.htm)" "ysfine.com"
157.55.39.55 - - [25/Sep/2022:16:31:32 -0700] "GET /dirac/nicodem11c.jpg HTTP/1.1" 200 72684 "-" "Mozilla/5.0 (compatible; bingbot/2.0; +http://www.bing.com/bingbot.htm)" "ysfine.com"
157.55.39.58 - - [25/Sep/2022:16:31:50 -0700] "GET /usca/norl/bour15.jpg HTTP/1.1" 200 92912 "-" "Mozilla/5.0 (compatible; bingbot/2.0; +http://www.bing.com/bingbot.htm)" "ysfine.com"
51.222.253.5 - - [25/Sep/2022:16:32:21 -0700] "GET /princeton/prince.html HTTP/1.1" 200 2567 "-" "Mozilla/5.0 (compatible; AhrefsBot/7.0; +http://ahrefs.com/robot/)" "ysfine.com"
51.222.253.5 - - [25/Sep/2022:16:32:23 -0700] "GET /wigner/wigkim11b.jpg HTTP/1.1" 200 38616 "-" "Mozilla/5.0 (compatible; AhrefsBot/7.0; +http://ahrefs.com/robot/)" "ysfine.com"
51.222.253.16 - - [25/Sep/2022:16:32:24 -0700] "GET /princeton/feyprince11b.jpg HTTP/1.1" 200 46226 "-" "Mozilla/5.0 (compatible; AhrefsBot/7.0; +http://ahrefs.com/robot/)" "ysfine.com"
185.191.171.37 - - [25/Sep/2022:16:32:38 -0700] "GET /robots.txt HTTP/1.1" 404 88 "-" "Mozilla/5.0 (compatible; SemrushBot/7~bl; +http://www.semrush.com/bot.html)" "www.ysfine.com"
185.191.171.45 - - [25/Sep/2022:16:32:38 -0700] "GET /world/china/dalian.html HTTP/1.1" 200 5040 "-" "Mozilla/5.0 (compatible; SemrushBot/7~bl; +http://www.semrush.com/bot.html)" "www.ysfine.com"
140.180.240.95 - - [25/Sep/2022:16:32:49 -0700] "GET /princeton/alexan11.jpg HTTP/1.1" 200 118946 "https://www.google.com/" "Mozilla/5.0 (Macintosh; Intel Mac OS X 10_15_7) AppleWebKit/537.36 (KHTML, like Gecko) Chrome/105.0.0.0 Safari/537.36" "ysfine.com"
107.133.21.220 - - [25/Sep/2022:16:32:51 -0700] "GET /einstein/places/ulm26.jpg HTTP/1.1" 200 104983 "https://www.bing.com/" "Mozilla/5.0 (Windows NT 10.0; Win64; x64) AppleWebKit/537.36 (KHTML, like Gecko) Chrome/105.0.0.0 Safari/537.36" "www.ysfine.com"
104.33.161.55 - - [25/Sep/2022:16:33:02 -0700] "GET /kowar/tanks/tank05.jpg HTTP/1.1" 200 222063 "https://www.google.com/" "Mozilla/5.0 (Windows NT 10.0; Win64; x64) AppleWebKit/537.36 (KHTML, like Gecko) Chrome/105.0.0.0 Safari/537.36" "ysfine.com"
66.249.70.8 - - [25/Sep/2022:16:33:20 -0700] "GET /world/germany/chonbr03.jpg HTTP/1.1" 404 88 "-" "Googlebot-Image/1.0" "www.ysfine.com"
66.249.70.3 - - [25/Sep/2022:16:33:22 -0700] "GET /kobak/arisaka99b.jpg HTTP/1.1" 200 48028 "-" "Googlebot-Image/1.0" "ysfine.com"
207.46.13.180 - - [25/Sep/2022:16:33:34 -0700] "GET /world/russ/arbat13.jpg HTTP/1.1" 200 129530 "-" "Mozilla/5.0 (compatible; bingbot/2.0; +http://www.bing.com/bingbot.htm)" "ysfine.com"
207.46.13.180 - - [25/Sep/2022:16:33:35 -0700] "GET /world/france/stras38.jpg HTTP/1.1" 200 99407 "-" "Mozilla/5.0 (compatible; bingbot/2.0; +http://www.bing.com/bingbot.htm)" "ysfine.com"
66.249.70.10 - - [25/Sep/2022:16:33:47 -0700] "GET /world/germany/johannstra77.jpg HTTP/1.1" 200 90541 "-" "Googlebot-Image/1.0" "www.ysfine.com"
66.249.70.8 - - [25/Sep/2022:16:33:52 -0700] "GET /style/verdi11b.jpg HTTP/1.1" 200 40111 "-" "Googlebot-Image/1.0" "www.ysfine.com"
157.55.39.128 - - [25/Sep/2022:16:34:42 -0700] "GET /saram/g138.jpg HTTP/1.1" 200 76504 "-" "Mozilla/5.0 AppleWebKit/537.36 (KHTML, like Gecko; compatible; bingbot/2.0; +http://www.bing.com/bingbot.htm) Chrome/103.0.5060.134 Safari/537.36" "www.ysfine.com"
66.249.70.12 - - [25/Sep/2022:16:34:46 -0700] "GET /style/sarahchang01b.jpg HTTP/1.1" 200 50797 "-" "Googlebot-Image/1.0" "www.ysfine.com"
66.249.70.10 - - [25/Sep/2022:16:35:25 -0700] "GET /style/beetho2.jpg HTTP/1.1" 404 88 "-" "Googlebot-Image/1.0" "www.ysfine.com"
88.6.18.155 - - [25/Sep/2022:16:35:27 -0700] "GET /wigner/neeman2.jpg HTTP/1.1" 200 36323 "https://www.google.com/" "Mozilla/5.0 (Windows NT 10.0; Win64; x64) AppleWebKit/537.36 (KHTML, like Gecko) Chrome/105.0.0.0 Safari/537.36" "ysfine.com"
88.6.18.155 - - [25/Sep/2022:16:35:31 -0700] "GET /feynman/feygell22c.jpg HTTP/1.1" 200 28834 "https://www.google.com/" "Mozilla/5.0 (Windows NT 10.0; Win64; x64) AppleWebKit/537.36 (KHTML, like Gecko) Chrome/105.0.0.0 Safari/537.36" "ysfine.com"
66.249.70.10 - - [25/Sep/2022:16:35:55 -0700] "GET /style/chopingr11b.jpg HTTP/1.1" 200 68030 "-" "Googlebot-Image/1.0" "www.ysfine.com"
185.191.171.37 - - [25/Sep/2022:16:35:57 -0700] "GET /robots.txt HTTP/1.1" 404 88 "-" "Mozilla/5.0 (compatible; SemrushBot/7~bl; +http://www.semrush.com/bot.html)" "ysfine.com"
185.191.171.6 - - [25/Sep/2022:16:35:58 -0700] "GET /maga/deforest.html HTTP/1.1" 200 4660 "-" "Mozilla/5.0 (compatible; SemrushBot/7~bl; +http://www.semrush.com/bot.html)" "ysfine.com"
66.249.70.10 - - [25/Sep/2022:16:36:06 -0700] "GET /world/france/stras27.jpg HTTP/1.1" 200 127316 "-" "Googlebot-Image/1.0" "www.ysfine.com"
185.184.157.94 - - [25/Sep/2022:16:36:10 -0700] "GET /style/shops.html HTTP/1.1" 200 2829 "-" "Mozilla/5.0 (compatible; linkdexbot/2.0; +http://www.linkdex.com/bots/)" "ysfine.com"
185.184.157.94 - - [25/Sep/2022:16:36:10 -0700] "GET /robots.txt HTTP/1.1" 404 88 "-" "Mozilla/5.0 (compatible; linkdexbot/2.0; +http://www.linkdex.com/bots/)" "ysfine.com"
185.184.157.94 - - [25/Sep/2022:16:36:10 -0700] "GET /robots.txt HTTP/1.1" 404 88 "-" "Mozilla/5.0 (compatible; linkdexbot/2.0; +http://www.linkdex.com/bots/)" "www.ysfine.com"
66.249.70.10 - - [25/Sep/2022:16:36:11 -0700] "GET /world/france/frpolice02.jpg HTTP/1.1" 200 103238 "-" "Googlebot-Image/1.0" "www.ysfine.com"
66.249.70.8 - - [25/Sep/2022:16:36:25 -0700] "GET /ffriends/algeria03.jpg HTTP/1.1" 200 263984 "-" "Googlebot-Image/1.0" "www.ysfine.com"
120.245.61.164 - - [25/Sep/2022:16:36:27 -0700] "GET /robots.txt HTTP/1.1" 404 88 "-" "Mozilla/5.0 (Windows NT 10.0; Win64; x64) AppleWebKit/537.36 (KHTML, like Gecko) Chrome/92.0.4515.159 Safari/537.36" "ysfine.com"
66.249.70.8 - - [25/Sep/2022:16:36:29 -0700] "GET /style/yasukuni11b.jpg HTTP/1.1" 200 53460 "-" "Googlebot-Image/1.0" "www.ysfine.com"
157.55.39.58 - - [25/Sep/2022:16:36:40 -0700] "GET /einstein/fantova/fanto11c.jpg HTTP/1.1" 200 48308 "-" "Mozilla/5.0 AppleWebKit/537.36 (KHTML, like Gecko; compatible; bingbot/2.0; +http://www.bing.com/bingbot.htm) Chrome/103.0.5060.134 Safari/537.36" "www.ysfine.com"
66.249.70.8 - - [25/Sep/2022:16:37:02 -0700] "GET /ffriends/frsp01.jpg HTTP/1.1" 200 237068 "-" "Googlebot-Image/1.0" "www.ysfine.com"
66.249.70.10 - - [25/Sep/2022:16:37:09 -0700] "GET /world/france/parisf01.jpg HTTP/1.1" 200 104296 "-" "Googlebot-Image/1.0" "www.ysfine.com"
51.222.253.10 - - [25/Sep/2022:16:37:18 -0700] "GET /dirac/dirfeyn.html HTTP/1.1" 200 6341 "-" "Mozilla/5.0 (compatible; AhrefsBot/7.0; +http://ahrefs.com/robot/)" "www.ysfine.com"
51.222.253.16 - - [25/Sep/2022:16:37:22 -0700] "GET /eink/eink61c.jpg HTTP/1.1" 200 34119 "-" "Mozilla/5.0 (compatible; AhrefsBot/7.0; +http://ahrefs.com/robot/)" "www.ysfine.com"
51.222.253.1 - - [25/Sep/2022:16:37:22 -0700] "GET /wigner/isomor66c.jpg HTTP/1.1" 200 47632 "-" "Mozilla/5.0 (compatible; AhrefsBot/7.0; +http://ahrefs.com/robot/)" "www.ysfine.com"
51.222.253.11 - - [25/Sep/2022:16:37:23 -0700] "GET /wigner/wigkim11c.jpg HTTP/1.1" 200 30443 "-" "Mozilla/5.0 (compatible; AhrefsBot/7.0; +http://ahrefs.com/robot/)" "www.ysfine.com"
51.222.253.16 - - [25/Sep/2022:16:37:23 -0700] "GET /people/sbt11c.jpg HTTP/1.1" 200 31479 "-" "Mozilla/5.0 (compatible; AhrefsBot/7.0; +http://ahrefs.com/robot/)" "www.ysfine.com"
51.222.253.5 - - [25/Sep/2022:16:37:24 -0700] "GET /dirac/dfkim11c.jpg HTTP/1.1" 200 34801 "-" "Mozilla/5.0 (compatible; AhrefsBot/7.0; +http://ahrefs.com/robot/)" "www.ysfine.com"
51.222.253.5 - - [25/Sep/2022:16:37:25 -0700] "GET /dirac/nicodem11c.jpg HTTP/1.1" 200 72684 "-" "Mozilla/5.0 (compatible; AhrefsBot/7.0; +http://ahrefs.com/robot/)" "www.ysfine.com"
51.222.253.15 - - [25/Sep/2022:16:37:25 -0700] "GET /dirac/dirackn33c.jpg HTTP/1.1" 200 50420 "-" "Mozilla/5.0 (compatible; AhrefsBot/7.0; +http://ahrefs.com/robot/)" "www.ysfine.com"
51.222.253.10 - - [25/Sep/2022:16:37:26 -0700] "GET /feynman/jacdrum11c.jpg HTTP/1.1" 200 39178 "-" "Mozilla/5.0 (compatible; AhrefsBot/7.0; +http://ahrefs.com/robot/)" "www.ysfine.com"
51.222.253.17 - - [25/Sep/2022:16:37:26 -0700] "GET /dirac/2osc22c.jpg HTTP/1.1" 200 28929 "-" "Mozilla/5.0 (compatible; AhrefsBot/7.0; +http://ahrefs.com/robot/)" "www.ysfine.com"
66.249.70.8 - - [25/Sep/2022:16:37:34 -0700] "GET /world/france/parisf26.jpg HTTP/1.1" 200 119828 "-" "Googlebot-Image/1.0" "www.ysfine.com"
66.249.70.8 - - [25/Sep/2022:16:37:42 -0700] "GET /world/france/stras27c.jpg HTTP/1.1" 200 42181 "-" "Googlebot-Image/1.0" "www.ysfine.com"
114.119.128.154 - - [25/Sep/2022:16:38:03 -0700] "GET /princeton/prince.html HTTP/1.1" 200 2567 "https://ysfine.com/usca/pgh.html" "Mozilla/5.0 (Linux; Android 7.0;) AppleWebKit/537.36 (KHTML, like Gecko) Mobile Safari/537.36 (compatible; PetalBot;+https://webmaster.petalsearch.com/site/petalbot)" "ysfine.com"
52.146.59.12 - - [25/Sep/2022:16:38:18 -0700] "GET /style/3graces/indilis01.jpg HTTP/1.1" 200 415747 "http://ysfine.com/style/3graces/indilis01.jpg" "DuckDuckBot/1.1; (+http://duckduckgo.com/duckduckbot.html)" "ysfine.com"
174.49.89.174 - - [25/Sep/2022:16:38:21 -0700] "GET /style/3graces/indilis01.jpg HTTP/1.1" 200 415747 "https://duckduckgo.com/" "Mozilla/5.0 (Macintosh; Intel Mac OS X 10_15_6) AppleWebKit/605.1.15 (KHTML, like Gecko) Version/15.6,2 Safari/605.1.15" "ysfine.com"
174.49.89.174 - - [25/Sep/2022:16:38:24 -0700] "GET /favicon.ico HTTP/1.1" 404 88 "https://ysfine.com/style/3graces/indilis01.jpg" "Mozilla/5.0 (Macintosh; Intel Mac OS X 10_15_6) AppleWebKit/605.1.15 (KHTML, like Gecko) Version/15.6,2 Safari/605.1.15" "ysfine.com"
66.249.70.12 - - [25/Sep/2022:16:39:04 -0700] "GET /world/france/grandcafe06c.jpg HTTP/1.1" 200 37215 "-" "Googlebot-Image/1.0" "www.ysfine.com"
66.249.70.10 - - [25/Sep/2022:16:39:12 -0700] "GET /ffriends/frportu01.jpg HTTP/1.1" 200 211200 "-" "Googlebot-Image/1.0" "www.ysfine.com"
77.88.5.233 - - [25/Sep/2022:16:39:14 -0700] "GET /style/musee/britmu01.jpg HTTP/1.1" 200 100003 "-" "Mozilla/5.0 (compatible; YandexImages/3.0; +http://yandex.com/bots)" "ysfine.com"
66.249.70.8 - - [25/Sep/2022:16:39:18 -0700] "GET /world/france/stras12.jpg HTTP/1.1" 200 157118 "-" "Googlebot-Image/1.0" "www.ysfine.com"
66.249.70.8 - - [25/Sep/2022:16:39:45 -0700] "GET /world/france/parisf02.jpg HTTP/1.1" 200 235151 "-" "Googlebot-Image/1.0" "www.ysfine.com"
157.55.39.55 - - [25/Sep/2022:16:39:52 -0700] "GET /maga/phys/huy45.jpg HTTP/1.1" 200 320724 "-" "Mozilla/5.0 (compatible; bingbot/2.0; +http://www.bing.com/bingbot.htm)" "www.ysfine.com"
157.55.39.55 - - [25/Sep/2022:16:40:03 -0700] "GET /wdc/stud72.jpg HTTP/1.1" 200 113626 "-" "Mozilla/5.0 (compatible; bingbot/2.0; +http://www.bing.com/bingbot.htm)" "ysfine.com"
66.249.70.10 - - [25/Sep/2022:16:40:12 -0700] "GET /world/france/antibes15.jpg HTTP/1.1" 200 50173 "-" "Googlebot-Image/1.0" "www.ysfine.com"
66.249.70.10 - - [25/Sep/2022:16:40:24 -0700] "GET /ffriends/fchemi.jpg HTTP/1.1" 200 69014 "-" "Googlebot-Image/1.0" "www.ysfine.com"
66.249.70.8 - - [25/Sep/2022:16:40:51 -0700] "GET /ffriends/aline/airfr16c.jpg HTTP/1.1" 200 30637 "-" "Googlebot-Image/1.0" "www.ysfine.com"
66.249.70.8 - - [25/Sep/2022:16:40:59 -0700] "GET /world/france/stras42c.jpg HTTP/1.1" 200 36310 "-" "Googlebot-Image/1.0" "www.ysfine.com"
157.55.39.58 - - [25/Sep/2022:16:41:00 -0700] "GET /einstein/newtein22.jpg HTTP/1.1" 200 81969 "-" "Mozilla/5.0 (compatible; bingbot/2.0; +http://www.bing.com/bingbot.htm)" "ysfine.com"
66.249.70.12 - - [25/Sep/2022:16:41:24 -0700] "GET /world/france/stras31.jpg HTTP/1.1" 200 119717 "-" "Googlebot-Image/1.0" "www.ysfine.com"
185.191.171.2 - - [25/Sep/2022:16:41:42 -0700] "GET /kobak/shortw.html HTTP/1.1" 200 3128 "-" "Mozilla/5.0 (compatible; SemrushBot/7~bl; +http://www.semrush.com/bot.html)" "ysfine.com"
51.222.253.13 - - [25/Sep/2022:16:42:02 -0700] "GET /dirac/locovar.html HTTP/1.1" 200 3545 "-" "Mozilla/5.0 (compatible; AhrefsBot/7.0; +http://ahrefs.com/robot/)" "ysfine.com"
51.222.253.14 - - [25/Sep/2022:16:42:05 -0700] "GET /dirac/quantum2.jpg HTTP/1.1" 200 28714 "-" "Mozilla/5.0 (compatible; AhrefsBot/7.0; +http://ahrefs.com/robot/)" "ysfine.com"
51.222.253.3 - - [25/Sep/2022:16:42:06 -0700] "GET /dirac/quapa300.jpg HTTP/1.1" 200 21165 "-" "Mozilla/5.0 (compatible; AhrefsBot/7.0; +http://ahrefs.com/robot/)" "ysfine.com"
51.222.253.16 - - [25/Sep/2022:16:42:06 -0700] "GET /dirac/dirac77b.jpg HTTP/1.1" 200 30588 "-" "Mozilla/5.0 (compatible; AhrefsBot/7.0; +http://ahrefs.com/robot/)" "ysfine.com"
51.222.253.1 - - [25/Sep/2022:16:42:06 -0700] "GET /dirac/circle2.jpg HTTP/1.1" 200 28741 "-" "Mozilla/5.0 (compatible; AhrefsBot/7.0; +http://ahrefs.com/robot/)" "ysfine.com"
51.222.253.5 - - [25/Sep/2022:16:42:07 -0700] "GET /dirac/overlap2.jpg HTTP/1.1" 200 34092 "-" "Mozilla/5.0 (compatible; AhrefsBot/7.0; +http://ahrefs.com/robot/)" "ysfine.com"
51.222.253.18 - - [25/Sep/2022:16:42:07 -0700] "GET /dirac/hyperell2.jpg HTTP/1.1" 200 29858 "-" "Mozilla/5.0 (compatible; AhrefsBot/7.0; +http://ahrefs.com/robot/)" "ysfine.com"
51.222.253.17 - - [25/Sep/2022:16:42:08 -0700] "GET /dirac/parton2.jpg HTTP/1.1" 200 32005 "-" "Mozilla/5.0 (compatible; AhrefsBot/7.0; +http://ahrefs.com/robot/)" "ysfine.com"
64.71.131.243 - - [25/Sep/2022:16:42:19 -0700] "GET / HTTP/1.1" 200 15910 "-" "Mozilla/5.0 (compatible; ev-crawler/1.0; +https://headline.com/legal/crawler)" "ysfine.com"
77.75.79.31 - - [25/Sep/2022:16:42:28 -0700] "GET /world/visas.html HTTP/1.1" 304 - "-" "Mozilla/5.0 (compatible; SeznamBot/4.0-RC1; +http://napoveda.seznam.cz/seznambot-intro/)" "ysfine.com"
66.249.70.10 - - [25/Sep/2022:16:42:33 -0700] "GET /world/france/nicef09c.jpg HTTP/1.1" 200 53735 "-" "Googlebot-Image/1.0" "www.ysfine.com"
157.55.39.55 - - [25/Sep/2022:16:42:44 -0700] "GET /world/russ/spbpi06.jpg HTTP/1.1" 200 85923 "-" "Mozilla/5.0 (compatible; bingbot/2.0; +http://www.bing.com/bingbot.htm)" "ysfine.com"
185.191.171.19 - - [25/Sep/2022:16:43:16 -0700] "GET /home/mathphys.html HTTP/1.1" 200 2690 "-" "Mozilla/5.0 (compatible; SemrushBot/7~bl; +http://www.semrush.com/bot.html)" "ysfine.com"
66.249.70.10 - - [25/Sep/2022:16:43:36 -0700] "GET /world/france/parisf25.jpg HTTP/1.1" 200 107344 "-" "Googlebot-Image/1.0" "www.ysfine.com"
40.77.167.61 - - [25/Sep/2022:16:43:53 -0700] "GET /world/kazan.html HTTP/1.1" 200 13929 "-" "Mozilla/5.0 (compatible; bingbot/2.0; +http://www.bing.com/bingbot.htm)" "ysfine.com"
207.46.13.180 - - [25/Sep/2022:16:43:57 -0700] "GET /world/germany/vienopera11.jpg HTTP/1.1" 200 105702 "-" "Mozilla/5.0 AppleWebKit/537.36 (KHTML, like Gecko; compatible; bingbot/2.0; +http://www.bing.com/bingbot.htm) Chrome/103.0.5060.134 Safari/537.36" "ysfine.com"
207.46.13.180 - - [25/Sep/2022:16:43:58 -0700] "GET /style/songs.html HTTP/1.1" 200 31570 "-" "Mozilla/5.0 (compatible; bingbot/2.0; +http://www.bing.com/bingbot.htm)" "ysfine.com"
185.191.171.23 - - [25/Sep/2022:16:44:21 -0700] "GET /wisdom/yitol.html HTTP/1.1" 200 6261 "-" "Mozilla/5.0 (compatible; SemrushBot/7~bl; +http://www.semrush.com/bot.html)" "www.ysfine.com"
185.191.171.45 - - [25/Sep/2022:16:44:52 -0700] "GET /princeton/campus.html HTTP/1.1" 200 15142 "-" "Mozilla/5.0 (compatible; SemrushBot/7~bl; +http://www.semrush.com/bot.html)" "ysfine.com"
66.249.70.8 - - [25/Sep/2022:16:44:53 -0700] "GET /world/france/frstu03c.jpg HTTP/1.1" 200 43791 "-" "Googlebot-Image/1.0" "www.ysfine.com"
40.77.167.61 - - [25/Sep/2022:16:45:33 -0700] "GET /usca/pitt/steelm01.jpg HTTP/1.1" 200 36650 "-" "Mozilla/5.0 (compatible; bingbot/2.0; +http://www.bing.com/bingbot.htm)" "ysfine.com"
51.222.253.17 - - [25/Sep/2022:16:46:13 -0700] "GET / HTTP/1.1" 200 5283 "-" "Mozilla/5.0 (compatible; AhrefsBot/7.0; +http://ahrefs.com/robot/)" "ysfine.com"
157.55.39.55 - - [25/Sep/2022:16:46:25 -0700] "GET /kobak/kimkoo02.jpg HTTP/1.1" 200 168279 "-" "Mozilla/5.0 (compatible; bingbot/2.0; +http://www.bing.com/bingbot.htm)" "ysfine.com"
207.46.13.102 - - [25/Sep/2022:16:47:18 -0700] "GET /style/owaves2.jpg HTTP/1.1" 200 55324 "-" "Mozilla/5.0 (compatible; bingbot/2.0; +http://www.bing.com/bingbot.htm)" "ysfine.com"
20.191.45.212 - - [25/Sep/2022:16:47:31 -0700] "GET / HTTP/1.1" 200 5283 "https://www.ysfine.com/" "Mozilla/5.0 (compatible; DuckDuckGo-Favicons-Bot/1.0; +http://duckduckgo.com)" "www.ysfine.com"
20.191.45.212 - - [25/Sep/2022:16:47:31 -0700] "GET /favicon.ico HTTP/1.1" 404 88 "https://www.ysfine.com/favicon.ico" "Mozilla/5.0 (compatible; DuckDuckGo-Favicons-Bot/1.0; +http://duckduckgo.com)" "www.ysfine.com"
20.191.45.212 - - [25/Sep/2022:16:47:31 -0700] "GET /favicon.ico HTTP/1.1" 404 88 "https://www.ysfine.com/favicon.ico" "Mozilla/5.0 (compatible; DuckDuckGo-Favicons-Bot/1.0; +http://duckduckgo.com)" "www.ysfine.com"
66.249.70.12 - - [25/Sep/2022:16:48:02 -0700] "GET /ffriends/aline/airfr07c.jpg HTTP/1.1" 200 29024 "-" "Googlebot-Image/1.0" "www.ysfine.com"
157.55.39.128 - - [25/Sep/2022:16:48:22 -0700] "GET /world/balkan/ath001.jpg HTTP/1.1" 200 91114 "-" "Mozilla/5.0 (compatible; bingbot/2.0; +http://www.bing.com/bingbot.htm)" "www.ysfine.com"
168.119.69.91 - - [25/Sep/2022:16:48:36 -0700] "GET /wigner/neumann.html HTTP/1.1" 200 1332 "-" "Mozilla/5.0 (Macintosh; Intel Mac OS X 10_15_6) AppleWebKit/605.1.15 (KHTML, like Gecko) Version/14.0 Safari/605.1.15" "ysfine.com"
178.63.51.106 - - [25/Sep/2022:16:48:42 -0700] "GET /wigner/neumann.html HTTP/1.1" 200 1332 "-" "Mozilla/5.0 (Windows NT 10.0; Win64; x64) AppleWebKit/537.36 (KHTML, like Gecko) Chrome/86.0.4240.75 Safari/537.36" "ysfine.com"
40.77.167.61 - - [25/Sep/2022:16:49:04 -0700] "GET /world/russ/kazan027.jpg HTTP/1.1" 200 76345 "-" "Mozilla/5.0 AppleWebKit/537.36 (KHTML, like Gecko; compatible; bingbot/2.0; +http://www.bing.com/bingbot.htm) Chrome/103.0.5060.134 Safari/537.36" "www.ysfine.com"
157.55.39.55 - - [25/Sep/2022:16:49:23 -0700] "GET /wdc/kopol03.jpg HTTP/1.1" 200 87763 "-" "Mozilla/5.0 AppleWebKit/537.36 (KHTML, like Gecko; compatible; bingbot/2.0; +http://www.bing.com/bingbot.htm) Chrome/103.0.5060.134 Safari/537.36" "ysfine.com"
40.88.21.235 - - [25/Sep/2022:16:51:12 -0700] "GET / HTTP/1.1" 200 5283 "https://www.ysfine.com/" "Mozilla/5.0 (compatible; DuckDuckGo-Favicons-Bot/1.0; +http://duckduckgo.com)" "www.ysfine.com"
40.88.21.235 - - [25/Sep/2022:16:51:12 -0700] "GET /favicon.ico HTTP/1.1" 404 88 "https://www.ysfine.com/favicon.ico" "Mozilla/5.0 (compatible; DuckDuckGo-Favicons-Bot/1.0; +http://duckduckgo.com)" "www.ysfine.com"
40.88.21.235 - - [25/Sep/2022:16:51:12 -0700] "GET /favicon.ico HTTP/1.1" 404 88 "https://www.ysfine.com/favicon.ico" "Mozilla/5.0 (compatible; DuckDuckGo-Favicons-Bot/1.0; +http://duckduckgo.com)" "www.ysfine.com"
207.46.13.102 - - [25/Sep/2022:16:51:50 -0700] "GET /world/germany/oktf04.jpg HTTP/1.1" 200 111932 "-" "Mozilla/5.0 (compatible; bingbot/2.0; +http://www.bing.com/bingbot.htm)" "www.ysfine.com"
207.46.13.102 - - [25/Sep/2022:16:51:51 -0700] "GET /feynman/feyjad11.jpg HTTP/1.1" 200 459525 "-" "Mozilla/5.0 (compatible; bingbot/2.0; +http://www.bing.com/bingbot.htm)" "www.ysfine.com"
141.89.46.36 - - [25/Sep/2022:16:52:26 -0700] "GET /einstein/einlorentz01.jpg HTTP/1.1" 200 117761 "https://www.google.de/" "Mozilla/5.0 (Macintosh; Intel Mac OS X 10_15_3) AppleWebKit/605.1.15 (KHTML, like Gecko) Version/13.0.5 Safari/605.1.15" "ysfine.com"
185.184.157.94 - - [25/Sep/2022:16:52:41 -0700] "GET / HTTP/1.1" 200 5283 "-" "Mozilla/5.0 (compatible; linkdexbot/2.0; +http://www.linkdex.com/bots/)" "ysfine.com"
77.88.5.237 - - [25/Sep/2022:16:54:24 -0700] "GET /robots.txt HTTP/1.1" 404 73 "-" "Mozilla/5.0 (compatible; YandexBot/3.0; +http://yandex.com/bots)" "www.ysfine.com"
66.249.70.12 - - [25/Sep/2022:16:54:25 -0700] "GET /world/france/pmetro11.jpg HTTP/1.1" 200 156278 "-" "Googlebot-Image/1.0" "www.ysfine.com"
77.88.5.126 - - [25/Sep/2022:16:54:28 -0700] "GET /eink/einhouse11c.jpg HTTP/1.1" 200 32610 "-" "Mozilla/5.0 (compatible; YandexImages/3.0; +http://yandex.com/bots)" "www.ysfine.com"
116.179.32.34 - - [25/Sep/2022:16:54:39 -0700] "GET /articles/aipproc2007.pdf HTTP/1.1" 401 90 "-" "Mozilla/5.0 (compatible; Baiduspider/2.0; +http://www.baidu.com/search/spider.html)" "www.ysfine.com"
220.181.108.146 - - [25/Sep/2022:16:54:39 -0700] "GET /archives/proceedings/boston/termik.pdf HTTP/1.1" 200 45276 "-" "Mozilla/5.0 (compatible; Baiduspider/2.0; +http://www.baidu.com/search/spider.html)" "www.ysfine.com"
116.179.32.18 - - [25/Sep/2022:16:54:40 -0700] "GET /home/dwf.html HTTP/1.1" 304 - "-" "Mozilla/5.0 (compatible; Baiduspider/2.0; +http://www.baidu.com/search/spider.html)" "www.ysfine.com"
207.46.13.180 - - [25/Sep/2022:16:54:46 -0700] "GET /usca/pitt/idcard55.jpg HTTP/1.1" 200 104404 "-" "Mozilla/5.0 (compatible; bingbot/2.0; +http://www.bing.com/bingbot.htm)" "www.ysfine.com"
207.46.13.180 - - [25/Sep/2022:16:55:26 -0700] "GET /world/ital/milanf15.jpg HTTP/1.1" 200 167664 "-" "Mozilla/5.0 AppleWebKit/537.36 (KHTML, like Gecko; compatible; bingbot/2.0; +http://www.bing.com/bingbot.htm) Chrome/103.0.5060.134 Safari/537.36" "ysfine.com"
40.77.167.61 - - [25/Sep/2022:16:55:56 -0700] "GET /world/germany/johannstra44.jpg HTTP/1.1" 200 116375 "-" "Mozilla/5.0 (compatible; bingbot/2.0; +http://www.bing.com/bingbot.htm)" "ysfine.com"
185.191.171.20 - - [25/Sep/2022:16:56:01 -0700] "GET /dirac/dfsoft.html HTTP/1.1" 200 2643 "-" "Mozilla/5.0 (compatible; SemrushBot/7~bl; +http://www.semrush.com/bot.html)" "ysfine.com"
185.191.171.6 - - [25/Sep/2022:16:57:08 -0700] "GET /einstein/galiein.html HTTP/1.1" 200 2550 "-" "Mozilla/5.0 (compatible; SemrushBot/7~bl; +http://www.semrush.com/bot.html)" "www.ysfine.com"
51.222.253.11 - - [25/Sep/2022:16:57:20 -0700] "GET /world/china/hongkong.html HTTP/1.1" 200 4914 "-" "Mozilla/5.0 (compatible; AhrefsBot/7.0; +http://ahrefs.com/robot/)" "www.ysfine.com"
157.55.39.58 - - [25/Sep/2022:16:57:34 -0700] "GET /sbk/1959aa11.jpg HTTP/1.1" 200 170393 "-" "Mozilla/5.0 (compatible; bingbot/2.0; +http://www.bing.com/bingbot.htm)" "ysfine.com"
47.209.53.68 - - [25/Sep/2022:16:58:25 -0700] "GET /world/scandi/sto001.jpg HTTP/1.1" 200 111684 "https://www.google.com/" "Mozilla/5.0 (Windows NT 10.0; Win64; x64) AppleWebKit/537.36 (KHTML, like Gecko) Chrome/105.0.0.0 Safari/537.36" "ysfine.com"
40.77.167.61 - - [25/Sep/2022:16:59:15 -0700] "GET /world/ital/vatican15b.jpg HTTP/1.1" 200 36200 "-" "Mozilla/5.0 AppleWebKit/537.36 (KHTML, like Gecko; compatible; bingbot/2.0; +http://www.bing.com/bingbot.htm) Chrome/103.0.5060.134 Safari/537.36" "ysfine.com"
185.191.171.20 - - [25/Sep/2022:16:59:55 -0700] "GET /class54/class5470/total_data/sub_8130.htm HTTP/1.1" 200 3511 "-" "Mozilla/5.0 (compatible; SemrushBot/7~bl; +http://www.semrush.com/bot.html)" "www.ysfine.com"
40.77.167.61 - - [25/Sep/2022:17:04:27 -0700] "GET /world/latina/cancun23.jpg HTTP/1.1" 200 119252 "-" "Mozilla/5.0 AppleWebKit/537.36 (KHTML, like Gecko; compatible; bingbot/2.0; +http://www.bing.com/bingbot.htm) Chrome/103.0.5060.134 Safari/537.36" "www.ysfine.com"
66.249.70.8 - - [25/Sep/2022:17:04:27 -0700] "GET /world/france/stras28.jpg HTTP/1.1" 200 137781 "-" "Googlebot-Image/1.0" "www.ysfine.com"
66.249.70.8 - - [25/Sep/2022:17:04:44 -0700] "GET /world/france/pmetro18.jpg HTTP/1.1" 200 114679 "-" "Googlebot-Image/1.0" "www.ysfine.com"
157.55.39.128 - - [25/Sep/2022:17:05:06 -0700] "GET /wdc/vietwar33.jpg HTTP/1.1" 200 80788 "-" "Mozilla/5.0 (compatible; bingbot/2.0; +http://www.bing.com/bingbot.htm)" "www.ysfine.com"
66.249.70.10 - - [25/Sep/2022:17:05:44 -0700] "GET /ffriends/matisse11c.jpg HTTP/1.1" 200 32320 "-" "Googlebot-Image/1.0" "www.ysfine.com"
157.55.39.58 - - [25/Sep/2022:17:06:16 -0700] "GET /world/ital/milanf09.jpg HTTP/1.1" 200 391734 "-" "Mozilla/5.0 (compatible; bingbot/2.0; +http://www.bing.com/bingbot.htm)" "ysfine.com"
157.55.39.58 - - [25/Sep/2022:17:06:23 -0700] "GET /saram/g127.jpg HTTP/1.1" 200 131701 "-" "Mozilla/5.0 (compatible; bingbot/2.0; +http://www.bing.com/bingbot.htm)" "www.ysfine.com"
66.249.70.3 - - [25/Sep/2022:17:06:26 -0700] "GET /kowar/mil/tank01b.jpg HTTP/1.1" 404 88 "-" "Googlebot-Image/1.0" "ysfine.com"
185.191.171.25 - - [25/Sep/2022:17:06:41 -0700] "GET /einstein/fieldstr.html HTTP/1.1" 200 4257 "-" "Mozilla/5.0 (compatible; SemrushBot/7~bl; +http://www.semrush.com/bot.html)" "ysfine.com"
157.55.39.55 - - [25/Sep/2022:17:07:06 -0700] "GET /dongio/amkor/jpmilan11.jpg HTTP/1.1" 404 88 "-" "Mozilla/5.0 (compatible; bingbot/2.0; +http://www.bing.com/bingbot.htm)" "ysfine.com"
66.249.70.12 - - [25/Sep/2022:17:07:06 -0700] "GET /world/france/stras46.jpg HTTP/1.1" 200 122095 "-" "Googlebot-Image/1.0" "www.ysfine.com"
157.55.39.55 - - [25/Sep/2022:17:07:08 -0700] "GET /world/germany/berlin005.jpg HTTP/1.1" 200 146680 "-" "Mozilla/5.0 (compatible; bingbot/2.0; +http://www.bing.com/bingbot.htm)" "ysfine.com"
157.55.39.55 - - [25/Sep/2022:17:07:36 -0700] "GET /kobak/dprk.jpg HTTP/1.1" 200 88014 "-" "Mozilla/5.0 AppleWebKit/537.36 (KHTML, like Gecko; compatible; bingbot/2.0; +http://www.bing.com/bingbot.htm) Chrome/103.0.5060.134 Safari/537.36" "ysfine.com"
51.222.253.18 - - [25/Sep/2022:17:09:04 -0700] "GET /philo/sartre.html HTTP/1.1" 200 7721 "-" "Mozilla/5.0 (compatible; AhrefsBot/7.0; +http://ahrefs.com/robot/)" "ysfine.com"
51.222.253.6 - - [25/Sep/2022:17:09:06 -0700] "GET /world/france/magots07b.jpg HTTP/1.1" 200 38319 "-" "Mozilla/5.0 (compatible; AhrefsBot/7.0; +http://ahrefs.com/robot/)" "ysfine.com"
51.222.253.1 - - [25/Sep/2022:17:09:06 -0700] "GET /world/france/sartsq01b.jpg HTTP/1.1" 200 50069 "-" "Mozilla/5.0 (compatible; AhrefsBot/7.0; +http://ahrefs.com/robot/)" "ysfine.com"
51.222.253.16 - - [25/Sep/2022:17:09:07 -0700] "GET /world/france/magots01b.jpg HTTP/1.1" 200 54026 "-" "Mozilla/5.0 (compatible; AhrefsBot/7.0; +http://ahrefs.com/robot/)" "ysfine.com"
51.222.253.17 - - [25/Sep/2022:17:09:14 -0700] "GET /philo/childrenof11b.jpg HTTP/1.1" 200 73491 "-" "Mozilla/5.0 (compatible; AhrefsBot/7.0; +http://ahrefs.com/robot/)" "ysfine.com"
51.222.253.14 - - [25/Sep/2022:17:09:15 -0700] "GET /world/france/sartsq18b.jpg HTTP/1.1" 200 60144 "-" "Mozilla/5.0 (compatible; AhrefsBot/7.0; +http://ahrefs.com/robot/)" "ysfine.com"
51.222.253.5 - - [25/Sep/2022:17:09:15 -0700] "GET /world/france/flore01b.jpg HTTP/1.1" 200 40093 "-" "Mozilla/5.0 (compatible; AhrefsBot/7.0; +http://ahrefs.com/robot/)" "ysfine.com"
51.222.253.12 - - [25/Sep/2022:17:09:15 -0700] "GET /philo/sartre66b.jpg HTTP/1.1" 200 66175 "-" "Mozilla/5.0 (compatible; AhrefsBot/7.0; +http://ahrefs.com/robot/)" "ysfine.com"
