85.216.83.96 - - [25/Sep/2022:04:37:33 -0700] "GET /dirac/michaels.jpg HTTP/1.1" 200 102277 "https://www.google.com/" "Mozilla/5.0 (Windows NT 10.0; Win64; x64) AppleWebKit/537.36 (KHTML, like Gecko) Chrome/105.0.0.0 Safari/537.36" "ysfine.com"
85.216.83.96 - - [25/Sep/2022:04:37:41 -0700] "GET /wigner/second.jpg HTTP/1.1" 200 104478 "https://www.google.com/" "Mozilla/5.0 (Windows NT 10.0; Win64; x64) AppleWebKit/537.36 (KHTML, like Gecko) Chrome/105.0.0.0 Safari/537.36" "ysfine.com"
85.216.83.96 - - [25/Sep/2022:04:38:12 -0700] "GET /wigner/wighome11.jpg HTTP/1.1" 200 201679 "https://www.google.com/" "Mozilla/5.0 (Windows NT 10.0; Win64; x64) AppleWebKit/537.36 (KHTML, like Gecko) Chrome/105.0.0.0 Safari/537.36" "ysfine.com"
85.216.83.96 - - [25/Sep/2022:04:38:20 -0700] "GET /wigner/first.jpg HTTP/1.1" 200 47549 "https://www.google.com/" "Mozilla/5.0 (Windows NT 10.0; Win64; x64) AppleWebKit/537.36 (KHTML, like Gecko) Chrome/105.0.0.0 Safari/537.36" "ysfine.com"
85.216.83.96 - - [25/Sep/2022:04:38:26 -0700] "GET /dirac/dirackim6202.jpg HTTP/1.1" 200 51465 "https://www.google.com/" "Mozilla/5.0 (Windows NT 10.0; Win64; x64) AppleWebKit/537.36 (KHTML, like Gecko) Chrome/105.0.0.0 Safari/537.36" "ysfine.com"
95.163.255.81 - - [25/Sep/2022:04:39:12 -0700] "GET /feynman/fb18.jpg HTTP/1.1" 200 17192 "http://go.mail.ru/search_images" "Mozilla/5.0 (compatible; Linux x86_64; Mail.RU_Bot/Img/2.0; +https://help.mail.ru/webmaster/indexing/robots)" "ysfine.com"
54.158.27.129 - - [25/Sep/2022:04:39:17 -0700] "GET /sitemap.xml HTTP/1.1" 304 - "https://www.google.com/" "Mozilla/5.0 (Windows NT 10.0; Win64; x64) AppleWebKit/537.36 (KHTML, like Gecko) Chrome/80.0.3987.106 Safari/537.36" "ysfine.com"
207.46.13.102 - - [25/Sep/2022:04:41:49 -0700] "GET /world/baltic/rigaeisen05.jpg HTTP/1.1" 200 118431 "-" "Mozilla/5.0 (compatible; bingbot/2.0; +http://www.bing.com/bingbot.htm)" "ysfine.com"
174.239.112.178 - - [25/Sep/2022:04:41:56 -0700] "GET /wisdom/wk11.html HTTP/1.1" 200 30258 "https://www.google.com/" "Mozilla/5.0 (iPhone; CPU iPhone OS 15_6_1 like Mac OS X) AppleWebKit/605.1.15 (KHTML, like Gecko) Version/15.6.1 Mobile/15E148 Safari/604.1" "ysfine.com"
174.239.112.178 - - [25/Sep/2022:04:41:57 -0700] "GET /favicon.ico HTTP/1.1" 404 88 "https://ysfine.com/wisdom/wk11.html" "Mozilla/5.0 (iPhone; CPU iPhone OS 15_6_1 like Mac OS X) AppleWebKit/605.1.15 (KHTML, like Gecko) Version/15.6.1 Mobile/15E148 Safari/604.1" "ysfine.com"
40.77.167.61 - - [25/Sep/2022:04:42:51 -0700] "GET /world/ital/verona01.jpg HTTP/1.1" 200 90539 "-" "Mozilla/5.0 AppleWebKit/537.36 (KHTML, like Gecko; compatible; bingbot/2.0; +http://www.bing.com/bingbot.htm) Chrome/103.0.5060.134 Safari/537.36" "ysfine.com"
66.249.75.44 - - [25/Sep/2022:04:43:10 -0700] "GET /newyork/wtc00f.jpg HTTP/1.1" 200 128519 "-" "Googlebot-Image/1.0" "ysfine.com"
40.77.167.61 - - [25/Sep/2022:04:43:22 -0700] "GET /wdc/gtown07.jpg HTTP/1.1" 200 134771 "-" "Mozilla/5.0 (compatible; bingbot/2.0; +http://www.bing.com/bingbot.htm)" "ysfine.com"
173.73.80.118 - - [25/Sep/2022:04:44:12 -0700] "GET /ys11/ HTTP/1.1" 200 3375 "-" "Mozilla/5.0 (Windows NT 10.0; Win64; x64) AppleWebKit/537.36 (KHTML, like Gecko) Chrome/105.0.5195.127 Safari/537.36" "ysfine.com"
173.73.80.118 - - [25/Sep/2022:04:44:12 -0700] "GET /favicon.ico HTTP/1.1" 404 88 "https://ysfine.com/ys11/" "Mozilla/5.0 (Windows NT 10.0; Win64; x64) AppleWebKit/537.36 (KHTML, like Gecko) Chrome/105.0.5195.127 Safari/537.36" "ysfine.com"
157.55.39.58 - - [25/Sep/2022:04:44:22 -0700] "GET /sbk/2008viln11.jpg HTTP/1.1" 200 123883 "-" "Mozilla/5.0 (compatible; bingbot/2.0; +http://www.bing.com/bingbot.htm)" "ysfine.com"
138.201.11.237 - - [25/Sep/2022:04:44:43 -0700] "GET /maga/fermi.html HTTP/1.1" 200 3387 "-" "Mozilla/5.0 (X11; Ubuntu; Linux x86_64; rv:84.0) Gecko/20100101 Firefox/84.0" "ysfine.com"
138.201.11.237 - - [25/Sep/2022:04:44:43 -0700] "GET /maga/fermi.html HTTP/1.1" 200 3387 "-" "Mozilla/5.0 (Macintosh; Intel Mac OS X 11_0_1) AppleWebKit/537.36 (KHTML, like Gecko) Chrome/87.0.4280.88 Safari/537.36" "www.ysfine.com"
207.46.13.180 - - [25/Sep/2022:04:45:28 -0700] "GET /newyork/colum25.jpg HTTP/1.1" 200 168650 "-" "Mozilla/5.0 (compatible; bingbot/2.0; +http://www.bing.com/bingbot.htm)" "www.ysfine.com"
51.222.253.16 - - [25/Sep/2022:04:47:06 -0700] "GET / HTTP/1.1" 200 5283 "-" "Mozilla/5.0 (compatible; AhrefsBot/7.0; +http://ahrefs.com/robot/)" "www.ysfine.com"
207.46.13.180 - - [25/Sep/2022:04:47:07 -0700] "GET /world/baltic/tallin41.jpg HTTP/1.1" 200 180428 "-" "Mozilla/5.0 (compatible; bingbot/2.0; +http://www.bing.com/bingbot.htm)" "ysfine.com"
77.88.5.46 - - [25/Sep/2022:04:47:39 -0700] "GET /world/russ/kazan062.jpg HTTP/1.1" 200 71141 "-" "Mozilla/5.0 (compatible; YandexImages/3.0; +http://yandex.com/bots)" "www.ysfine.com"
157.55.39.55 - - [25/Sep/2022:04:47:45 -0700] "GET /world/russ/czar03.jpg HTTP/1.1" 200 140308 "-" "Mozilla/5.0 (compatible; bingbot/2.0; +http://www.bing.com/bingbot.htm)" "ysfine.com"
194.135.168.37 - - [25/Sep/2022:04:47:52 -0700] "GET /world/russ/twosist.html HTTP/1.1" 200 400 "https://www.google.com/" "Mozilla/5.0 (Linux; Android 12; SM-A525F) AppleWebKit/537.36 (KHTML, like Gecko) Chrome/105.0.0.0 Mobile Safari/537.36" "ysfine.com"
194.135.168.37 - - [25/Sep/2022:04:47:53 -0700] "GET /world/russ/twosis22.jpg HTTP/1.1" 200 44278 "https://ysfine.com/world/russ/twosist.html" "Mozilla/5.0 (Linux; Android 12; SM-A525F) AppleWebKit/537.36 (KHTML, like Gecko) Chrome/105.0.0.0 Mobile Safari/537.36" "ysfine.com"
194.135.168.37 - - [25/Sep/2022:04:47:53 -0700] "GET /world/russ/twosis11.jpg HTTP/1.1" 200 71402 "https://ysfine.com/world/russ/twosist.html" "Mozilla/5.0 (Linux; Android 12; SM-A525F) AppleWebKit/537.36 (KHTML, like Gecko) Chrome/105.0.0.0 Mobile Safari/537.36" "ysfine.com"
194.135.168.37 - - [25/Sep/2022:04:47:53 -0700] "GET /world/russ/twosis33.jpg HTTP/1.1" 200 51291 "https://ysfine.com/world/russ/twosist.html" "Mozilla/5.0 (Linux; Android 12; SM-A525F) AppleWebKit/537.36 (KHTML, like Gecko) Chrome/105.0.0.0 Mobile Safari/537.36" "ysfine.com"
207.46.13.180 - - [25/Sep/2022:04:48:07 -0700] "GET /people/aqui.jpg HTTP/1.1" 200 58124 "-" "Mozilla/5.0 AppleWebKit/537.36 (KHTML, like Gecko; compatible; bingbot/2.0; +http://www.bing.com/bingbot.htm) Chrome/103.0.5060.134 Safari/537.36" "ysfine.com"
95.163.255.136 - - [25/Sep/2022:04:48:52 -0700] "GET /favicon.png HTTP/1.1" 404 88 "-" "Mozilla/5.0 (compatible; Linux x86_64; Mail.RU_Bot/Favicons/2.0; +https://help.mail.ru/webmaster/indexing/robots)" "ysfine.com"
40.77.167.61 - - [25/Sep/2022:04:49:33 -0700] "GET /world/russ/kiev011.jpg HTTP/1.1" 200 103918 "-" "Mozilla/5.0 (compatible; bingbot/2.0; +http://www.bing.com/bingbot.htm)" "ysfine.com"
49.189.140.202 - - [25/Sep/2022:04:49:40 -0700] "GET /world/japan/nara001.jpg HTTP/1.1" 200 129222 "https://www.google.com.au/" "Mozilla/5.0 (Macintosh; Intel Mac OS X 10_15_6) AppleWebKit/605.1.15 (KHTML, like Gecko) Version/15.6.1 Safari/605.1.15" "ysfine.com"
69.248.184.130 - - [25/Sep/2022:04:50:09 -0700] "GET /princeton/campus.html HTTP/1.1" 200 15142 "https://www.linkedin.com/pulse/john-witherspoon-signer-declaration-independence-new-jersey-rusk/" "Mozilla/5.0 (iPhone; CPU iPhone OS 14_7_1 like Mac OS X) AppleWebKit/605.1.15 (KHTML, like Gecko) Version/14.1.2 Mobile/15E148 Safari/604.1" "ysfine.com"
69.248.184.130 - - [25/Sep/2022:04:50:09 -0700] "GET /princeton/withers01b.jpg HTTP/1.1" 200 53277 "https://ysfine.com/princeton/campus.html" "Mozilla/5.0 (iPhone; CPU iPhone OS 14_7_1 like Mac OS X) AppleWebKit/605.1.15 (KHTML, like Gecko) Version/14.1.2 Mobile/15E148 Safari/604.1" "ysfine.com"
69.248.184.130 - - [25/Sep/2022:04:50:09 -0700] "GET /princeton/nasshall01b.jpg HTTP/1.1" 200 60879 "https://ysfine.com/princeton/campus.html" "Mozilla/5.0 (iPhone; CPU iPhone OS 14_7_1 like Mac OS X) AppleWebKit/605.1.15 (KHTML, like Gecko) Version/14.1.2 Mobile/15E148 Safari/604.1" "ysfine.com"
69.248.184.130 - - [25/Sep/2022:04:50:09 -0700] "GET /princeton/alexan22b.jpg HTTP/1.1" 200 55817 "https://ysfine.com/princeton/campus.html" "Mozilla/5.0 (iPhone; CPU iPhone OS 14_7_1 like Mac OS X) AppleWebKit/605.1.15 (KHTML, like Gecko) Version/14.1.2 Mobile/15E148 Safari/604.1" "ysfine.com"
69.248.184.130 - - [25/Sep/2022:04:50:09 -0700] "GET /princeton/pcomm01b.jpg HTTP/1.1" 200 46796 "https://ysfine.com/princeton/campus.html" "Mozilla/5.0 (iPhone; CPU iPhone OS 14_7_1 like Mac OS X) AppleWebKit/605.1.15 (KHTML, like Gecko) Version/14.1.2 Mobile/15E148 Safari/604.1" "ysfine.com"
69.248.184.130 - - [25/Sep/2022:04:50:09 -0700] "GET /einstein/eincurie11b.jpg HTTP/1.1" 200 42944 "https://ysfine.com/princeton/campus.html" "Mozilla/5.0 (iPhone; CPU iPhone OS 14_7_1 like Mac OS X) AppleWebKit/605.1.15 (KHTML, like Gecko) Version/14.1.2 Mobile/15E148 Safari/604.1" "ysfine.com"
69.248.184.130 - - [25/Sep/2022:04:50:09 -0700] "GET /princeton/wilson01b.jpg HTTP/1.1" 200 39141 "https://ysfine.com/princeton/campus.html" "Mozilla/5.0 (iPhone; CPU iPhone OS 14_7_1 like Mac OS X) AppleWebKit/605.1.15 (KHTML, like Gecko) Version/14.1.2 Mobile/15E148 Safari/604.1" "ysfine.com"
69.248.184.130 - - [25/Sep/2022:04:50:09 -0700] "GET /princeton/sabat11b.jpg HTTP/1.1" 200 56760 "https://ysfine.com/princeton/campus.html" "Mozilla/5.0 (iPhone; CPU iPhone OS 14_7_1 like Mac OS X) AppleWebKit/605.1.15 (KHTML, like Gecko) Version/14.1.2 Mobile/15E148 Safari/604.1" "ysfine.com"
69.248.184.130 - - [25/Sep/2022:04:50:09 -0700] "GET /princeton/firestone11b.jpg HTTP/1.1" 200 54060 "https://ysfine.com/princeton/campus.html" "Mozilla/5.0 (iPhone; CPU iPhone OS 14_7_1 like Mac OS X) AppleWebKit/605.1.15 (KHTML, like Gecko) Version/14.1.2 Mobile/15E148 Safari/604.1" "ysfine.com"
69.248.184.130 - - [25/Sep/2022:04:50:09 -0700] "GET /princeton/forrestalmap2.jpg HTTP/1.1" 200 54761 "https://ysfine.com/princeton/campus.html" "Mozilla/5.0 (iPhone; CPU iPhone OS 14_7_1 like Mac OS X) AppleWebKit/605.1.15 (KHTML, like Gecko) Version/14.1.2 Mobile/15E148 Safari/604.1" "ysfine.com"
69.248.184.130 - - [25/Sep/2022:04:50:09 -0700] "GET /princeton/blair11b.jpg HTTP/1.1" 200 46260 "https://ysfine.com/princeton/campus.html" "Mozilla/5.0 (iPhone; CPU iPhone OS 14_7_1 like Mac OS X) AppleWebKit/605.1.15 (KHTML, like Gecko) Version/14.1.2 Mobile/15E148 Safari/604.1" "ysfine.com"
69.248.184.130 - - [25/Sep/2022:04:50:09 -0700] "GET /princeton/wilson02b.jpg HTTP/1.1" 200 38092 "https://ysfine.com/princeton/campus.html" "Mozilla/5.0 (iPhone; CPU iPhone OS 14_7_1 like Mac OS X) AppleWebKit/605.1.15 (KHTML, like Gecko) Version/14.1.2 Mobile/15E148 Safari/604.1" "ysfine.com"
69.248.184.130 - - [25/Sep/2022:04:50:09 -0700] "GET /einstein/einhouse11b.jpg HTTP/1.1" 200 42717 "https://ysfine.com/princeton/campus.html" "Mozilla/5.0 (iPhone; CPU iPhone OS 14_7_1 like Mac OS X) AppleWebKit/605.1.15 (KHTML, like Gecko) Version/14.1.2 Mobile/15E148 Safari/604.1" "ysfine.com"
69.248.184.130 - - [25/Sep/2022:04:50:09 -0700] "GET /princeton/econ11b.jpg HTTP/1.1" 200 37872 "https://ysfine.com/princeton/campus.html" "Mozilla/5.0 (iPhone; CPU iPhone OS 14_7_1 like Mac OS X) AppleWebKit/605.1.15 (KHTML, like Gecko) Version/14.1.2 Mobile/15E148 Safari/604.1" "ysfine.com"
69.248.184.130 - - [25/Sep/2022:04:50:09 -0700] "GET /style/picasspr22b.jpg HTTP/1.1" 200 67766 "https://ysfine.com/princeton/campus.html" "Mozilla/5.0 (iPhone; CPU iPhone OS 14_7_1 like Mac OS X) AppleWebKit/605.1.15 (KHTML, like Gecko) Version/14.1.2 Mobile/15E148 Safari/604.1" "ysfine.com"
69.248.184.130 - - [25/Sep/2022:04:50:09 -0700] "GET /princeton/eng01b.jpg HTTP/1.1" 200 35847 "https://ysfine.com/princeton/campus.html" "Mozilla/5.0 (iPhone; CPU iPhone OS 14_7_1 like Mac OS X) AppleWebKit/605.1.15 (KHTML, like Gecko) Version/14.1.2 Mobile/15E148 Safari/604.1" "ysfine.com"
69.248.184.130 - - [25/Sep/2022:04:50:09 -0700] "GET /princeton/cleve11b.jpg HTTP/1.1" 200 42431 "https://ysfine.com/princeton/campus.html" "Mozilla/5.0 (iPhone; CPU iPhone OS 14_7_1 like Mac OS X) AppleWebKit/605.1.15 (KHTML, like Gecko) Version/14.1.2 Mobile/15E148 Safari/604.1" "ysfine.com"
69.248.184.130 - - [25/Sep/2022:04:50:09 -0700] "GET /princeton/palmersq11b.jpg HTTP/1.1" 200 36231 "https://ysfine.com/princeton/campus.html" "Mozilla/5.0 (iPhone; CPU iPhone OS 14_7_1 like Mac OS X) AppleWebKit/605.1.15 (KHTML, like Gecko) Version/14.1.2 Mobile/15E148 Safari/604.1" "ysfine.com"
69.248.184.130 - - [25/Sep/2022:04:50:09 -0700] "GET /princeton/pumu11b.jpg HTTP/1.1" 200 46659 "https://ysfine.com/princeton/campus.html" "Mozilla/5.0 (iPhone; CPU iPhone OS 14_7_1 like Mac OS X) AppleWebKit/605.1.15 (KHTML, like Gecko) Version/14.1.2 Mobile/15E148 Safari/604.1" "ysfine.com"
69.248.184.130 - - [25/Sep/2022:04:50:09 -0700] "GET /princeton/brownh11b.jpg HTTP/1.1" 200 52347 "https://ysfine.com/princeton/campus.html" "Mozilla/5.0 (iPhone; CPU iPhone OS 14_7_1 like Mac OS X) AppleWebKit/605.1.15 (KHTML, like Gecko) Version/14.1.2 Mobile/15E148 Safari/604.1" "ysfine.com"
69.248.184.130 - - [25/Sep/2022:04:50:09 -0700] "GET /princeton/pseminary11b.jpg HTTP/1.1" 200 53421 "https://ysfine.com/princeton/campus.html" "Mozilla/5.0 (iPhone; CPU iPhone OS 14_7_1 like Mac OS X) AppleWebKit/605.1.15 (KHTML, like Gecko) Version/14.1.2 Mobile/15E148 Safari/604.1" "ysfine.com"
69.248.184.130 - - [25/Sep/2022:04:50:09 -0700] "GET /princeton/pgarden11b.jpg HTTP/1.1" 200 46683 "https://ysfine.com/princeton/campus.html" "Mozilla/5.0 (iPhone; CPU iPhone OS 14_7_1 like Mac OS X) AppleWebKit/605.1.15 (KHTML, like Gecko) Version/14.1.2 Mobile/15E148 Safari/604.1" "ysfine.com"
69.248.184.130 - - [25/Sep/2022:04:50:09 -0700] "GET /princeton/mediter22b.jpg HTTP/1.1" 200 34241 "https://ysfine.com/princeton/campus.html" "Mozilla/5.0 (iPhone; CPU iPhone OS 14_7_1 like Mac OS X) AppleWebKit/605.1.15 (KHTML, like Gecko) Version/14.1.2 Mobile/15E148 Safari/604.1" "ysfine.com"
69.248.184.130 - - [25/Sep/2022:04:50:09 -0700] "GET /princeton/gcollege05b.jpg HTTP/1.1" 200 49944 "https://ysfine.com/princeton/campus.html" "Mozilla/5.0 (iPhone; CPU iPhone OS 14_7_1 like Mac OS X) AppleWebKit/605.1.15 (KHTML, like Gecko) Version/14.1.2 Mobile/15E148 Safari/604.1" "ysfine.com"
69.248.184.130 - - [25/Sep/2022:04:50:09 -0700] "GET /princeton/hyatt33b.jpg HTTP/1.1" 200 34135 "https://ysfine.com/princeton/campus.html" "Mozilla/5.0 (iPhone; CPU iPhone OS 14_7_1 like Mac OS X) AppleWebKit/605.1.15 (KHTML, like Gecko) Version/14.1.2 Mobile/15E148 Safari/604.1" "ysfine.com"
69.248.184.130 - - [25/Sep/2022:04:50:09 -0700] "GET /princeton/prospectg33b.jpg HTTP/1.1" 200 39510 "https://ysfine.com/princeton/campus.html" "Mozilla/5.0 (iPhone; CPU iPhone OS 14_7_1 like Mac OS X) AppleWebKit/605.1.15 (KHTML, like Gecko) Version/14.1.2 Mobile/15E148 Safari/604.1" "ysfine.com"
69.248.184.130 - - [25/Sep/2022:04:50:09 -0700] "GET /princeton/pstadium22b.jpg HTTP/1.1" 200 40166 "https://ysfine.com/princeton/campus.html" "Mozilla/5.0 (iPhone; CPU iPhone OS 14_7_1 like Mac OS X) AppleWebKit/605.1.15 (KHTML, like Gecko) Version/14.1.2 Mobile/15E148 Safari/604.1" "ysfine.com"
69.248.184.130 - - [25/Sep/2022:04:50:09 -0700] "GET /princeton/rheepr01b.jpg HTTP/1.1" 200 35236 "https://ysfine.com/princeton/campus.html" "Mozilla/5.0 (iPhone; CPU iPhone OS 14_7_1 like Mac OS X) AppleWebKit/605.1.15 (KHTML, like Gecko) Version/14.1.2 Mobile/15E148 Safari/604.1" "ysfine.com"
69.248.184.130 - - [25/Sep/2022:04:50:09 -0700] "GET /princeton/lahiere11b.jpg HTTP/1.1" 200 53024 "https://ysfine.com/princeton/campus.html" "Mozilla/5.0 (iPhone; CPU iPhone OS 14_7_1 like Mac OS X) AppleWebKit/605.1.15 (KHTML, like Gecko) Version/14.1.2 Mobile/15E148 Safari/604.1" "ysfine.com"
69.248.184.130 - - [25/Sep/2022:04:50:09 -0700] "GET /kobak/taylor33c.jpg HTTP/1.1" 200 39951 "https://ysfine.com/princeton/campus.html" "Mozilla/5.0 (iPhone; CPU iPhone OS 14_7_1 like Mac OS X) AppleWebKit/605.1.15 (KHTML, like Gecko) Version/14.1.2 Mobile/15E148 Safari/604.1" "ysfine.com"
69.248.184.130 - - [25/Sep/2022:04:50:09 -0700] "GET /princeton/hyatt66b.jpg HTTP/1.1" 200 45208 "https://ysfine.com/princeton/campus.html" "Mozilla/5.0 (iPhone; CPU iPhone OS 14_7_1 like Mac OS X) AppleWebKit/605.1.15 (KHTML, like Gecko) Version/14.1.2 Mobile/15E148 Safari/604.1" "ysfine.com"
69.248.184.130 - - [25/Sep/2022:04:50:09 -0700] "GET /princeton/nassinf35b.jpg HTTP/1.1" 200 45853 "https://ysfine.com/princeton/campus.html" "Mozilla/5.0 (iPhone; CPU iPhone OS 14_7_1 like Mac OS X) AppleWebKit/605.1.15 (KHTML, like Gecko) Version/14.1.2 Mobile/15E148 Safari/604.1" "ysfine.com"
69.248.184.130 - - [25/Sep/2022:04:50:09 -0700] "GET /princeton/palmerlab11b.jpg HTTP/1.1" 200 40956 "https://ysfine.com/princeton/campus.html" "Mozilla/5.0 (iPhone; CPU iPhone OS 14_7_1 like Mac OS X) AppleWebKit/605.1.15 (KHTML, like Gecko) Version/14.1.2 Mobile/15E148 Safari/604.1" "ysfine.com"
69.248.184.130 - - [25/Sep/2022:04:50:09 -0700] "GET /princeton/hamilton11b.jpg HTTP/1.1" 200 55404 "https://ysfine.com/princeton/campus.html" "Mozilla/5.0 (iPhone; CPU iPhone OS 14_7_1 like Mac OS X) AppleWebKit/605.1.15 (KHTML, like Gecko) Version/14.1.2 Mobile/15E148 Safari/604.1" "ysfine.com"
69.248.184.130 - - [25/Sep/2022:04:50:09 -0700] "GET /princeton/nordisk11b.jpg HTTP/1.1" 200 30945 "https://ysfine.com/princeton/campus.html" "Mozilla/5.0 (iPhone; CPU iPhone OS 14_7_1 like Mac OS X) AppleWebKit/605.1.15 (KHTML, like Gecko) Version/14.1.2 Mobile/15E148 Safari/604.1" "ysfine.com"
69.248.184.130 - - [25/Sep/2022:04:50:09 -0700] "GET /princeton/nassin05b.jpg HTTP/1.1" 200 45166 "https://ysfine.com/princeton/campus.html" "Mozilla/5.0 (iPhone; CPU iPhone OS 14_7_1 like Mac OS X) AppleWebKit/605.1.15 (KHTML, like Gecko) Version/14.1.2 Mobile/15E148 Safari/604.1" "ysfine.com"
69.248.184.130 - - [25/Sep/2022:04:50:09 -0700] "GET /princeton/gcollege21b.jpg HTTP/1.1" 200 50053 "https://ysfine.com/princeton/campus.html" "Mozilla/5.0 (iPhone; CPU iPhone OS 14_7_1 like Mac OS X) AppleWebKit/605.1.15 (KHTML, like Gecko) Version/14.1.2 Mobile/15E148 Safari/604.1" "ysfine.com"
69.248.184.130 - - [25/Sep/2022:04:50:09 -0700] "GET /princeton/nassin08b.jpg HTTP/1.1" 200 55747 "https://ysfine.com/princeton/campus.html" "Mozilla/5.0 (iPhone; CPU iPhone OS 14_7_1 like Mac OS X) AppleWebKit/605.1.15 (KHTML, like Gecko) Version/14.1.2 Mobile/15E148 Safari/604.1" "ysfine.com"
69.248.184.130 - - [25/Sep/2022:04:50:09 -0700] "GET /princeton/ustore33b.jpg HTTP/1.1" 200 54240 "https://ysfine.com/princeton/campus.html" "Mozilla/5.0 (iPhone; CPU iPhone OS 14_7_1 like Mac OS X) AppleWebKit/605.1.15 (KHTML, like Gecko) Version/14.1.2 Mobile/15E148 Safari/604.1" "ysfine.com"
69.248.184.130 - - [25/Sep/2022:04:50:09 -0700] "GET /einstein/eins47b.jpg HTTP/1.1" 200 48772 "https://ysfine.com/princeton/campus.html" "Mozilla/5.0 (iPhone; CPU iPhone OS 14_7_1 like Mac OS X) AppleWebKit/605.1.15 (KHTML, like Gecko) Version/14.1.2 Mobile/15E148 Safari/604.1" "ysfine.com"
69.248.184.130 - - [25/Sep/2022:04:50:09 -0700] "GET /world/russ/kazan035b.jpg HTTP/1.1" 200 41723 "https://ysfine.com/princeton/campus.html" "Mozilla/5.0 (iPhone; CPU iPhone OS 14_7_1 like Mac OS X) AppleWebKit/605.1.15 (KHTML, like Gecko) Version/14.1.2 Mobile/15E148 Safari/604.1" "ysfine.com"
69.248.184.130 - - [25/Sep/2022:04:50:09 -0700] "GET /princeton/jj03b.jpg HTTP/1.1" 200 46731 "https://ysfine.com/princeton/campus.html" "Mozilla/5.0 (iPhone; CPU iPhone OS 14_7_1 like Mac OS X) AppleWebKit/605.1.15 (KHTML, like Gecko) Version/14.1.2 Mobile/15E148 Safari/604.1" "ysfine.com"
69.248.184.130 - - [25/Sep/2022:04:50:09 -0700] "GET /eink/pwk19c.jpg HTTP/1.1" 200 57759 "https://ysfine.com/princeton/campus.html" "Mozilla/5.0 (iPhone; CPU iPhone OS 14_7_1 like Mac OS X) AppleWebKit/605.1.15 (KHTML, like Gecko) Version/14.1.2 Mobile/15E148 Safari/604.1" "ysfine.com"
69.248.184.130 - - [25/Sep/2022:04:50:09 -0700] "GET /princeton/orren11b.jpg HTTP/1.1" 200 32972 "https://ysfine.com/princeton/campus.html" "Mozilla/5.0 (iPhone; CPU iPhone OS 14_7_1 like Mac OS X) AppleWebKit/605.1.15 (KHTML, like Gecko) Version/14.1.2 Mobile/15E148 Safari/604.1" "ysfine.com"
69.248.184.130 - - [25/Sep/2022:04:50:09 -0700] "GET /maga/invent/sarnoffco11b.jpg HTTP/1.1" 200 31031 "https://ysfine.com/princeton/campus.html" "Mozilla/5.0 (iPhone; CPU iPhone OS 14_7_1 like Mac OS X) AppleWebKit/605.1.15 (KHTML, like Gecko) Version/14.1.2 Mobile/15E148 Safari/604.1" "ysfine.com"
69.248.184.130 - - [25/Sep/2022:04:50:09 -0700] "GET /princeton/brooke66b.jpg HTTP/1.1" 200 44674 "https://ysfine.com/princeton/campus.html" "Mozilla/5.0 (iPhone; CPU iPhone OS 14_7_1 like Mac OS X) AppleWebKit/605.1.15 (KHTML, like Gecko) Version/14.1.2 Mobile/15E148 Safari/604.1" "ysfine.com"
69.248.184.130 - - [25/Sep/2022:04:50:09 -0700] "GET /princeton/nassinf32b.jpg HTTP/1.1" 200 40214 "https://ysfine.com/princeton/campus.html" "Mozilla/5.0 (iPhone; CPU iPhone OS 14_7_1 like Mac OS X) AppleWebKit/605.1.15 (KHTML, like Gecko) Version/14.1.2 Mobile/15E148 Safari/604.1" "ysfine.com"
69.248.184.130 - - [25/Sep/2022:04:50:09 -0700] "GET /princeton/nassinf03b.jpg HTTP/1.1" 200 33593 "https://ysfine.com/princeton/campus.html" "Mozilla/5.0 (iPhone; CPU iPhone OS 14_7_1 like Mac OS X) AppleWebKit/605.1.15 (KHTML, like Gecko) Version/14.1.2 Mobile/15E148 Safari/604.1" "ysfine.com"
69.248.184.130 - - [25/Sep/2022:04:50:09 -0700] "GET /princeton/nassinf01b.jpg HTTP/1.1" 200 45562 "https://ysfine.com/princeton/campus.html" "Mozilla/5.0 (iPhone; CPU iPhone OS 14_7_1 like Mac OS X) AppleWebKit/605.1.15 (KHTML, like Gecko) Version/14.1.2 Mobile/15E148 Safari/604.1" "ysfine.com"
69.248.184.130 - - [25/Sep/2022:04:50:09 -0700] "GET /princeton/annex11b.jpg HTTP/1.1" 200 39639 "https://ysfine.com/princeton/campus.html" "Mozilla/5.0 (iPhone; CPU iPhone OS 14_7_1 like Mac OS X) AppleWebKit/605.1.15 (KHTML, like Gecko) Version/14.1.2 Mobile/15E148 Safari/604.1" "ysfine.com"
69.248.184.130 - - [25/Sep/2022:04:50:11 -0700] "GET /favicon.ico HTTP/1.1" 404 88 "https://ysfine.com/princeton/campus.html" "Mozilla/5.0 (iPhone; CPU iPhone OS 14_7_1 like Mac OS X) AppleWebKit/605.1.15 (KHTML, like Gecko) Version/14.1.2 Mobile/15E148 Safari/604.1" "ysfine.com"
77.88.5.233 - - [25/Sep/2022:04:50:12 -0700] "GET /robots.txt HTTP/1.1" 404 73 "-" "Mozilla/5.0 (compatible; YandexBot/3.0; +http://yandex.com/bots)" "www.ysfine.com"
77.88.5.45 - - [25/Sep/2022:04:50:15 -0700] "GET /world/hungary/pecs02.jpg HTTP/1.1" 200 134441 "-" "Mozilla/5.0 (compatible; YandexImages/3.0; +http://yandex.com/bots)" "www.ysfine.com"
220.64.102.249 - - [25/Sep/2022:04:51:12 -0700] "GET /world/vienna.html HTTP/1.1" 200 7048 "-" "Mozilla/5.0 (Macintosh; Intel Mac OS X 10_15_6) AppleWebKit/537.36 (KHTML, like Gecko) Chrome/85.0.4183.83 Safari/537.36" "www.ysfine.com"
157.55.39.58 - - [25/Sep/2022:04:51:13 -0700] "GET /kobak/kumipo.html HTTP/1.1" 200 1149 "-" "Mozilla/5.0 AppleWebKit/537.36 (KHTML, like Gecko; compatible; bingbot/2.0; +http://www.bing.com/bingbot.htm) Chrome/103.0.5060.134 Safari/537.36" "www.ysfine.com"
40.77.167.61 - - [25/Sep/2022:04:51:33 -0700] "GET /world/latina/cancun23.jpg HTTP/1.1" 200 119252 "-" "Mozilla/5.0 (compatible; bingbot/2.0; +http://www.bing.com/bingbot.htm)" "ysfine.com"
173.73.80.118 - - [25/Sep/2022:04:54:01 -0700] "GET /heisen/heisen54.html?fbclid=IwAR2bxp_hlm492PtPneI7B9pLxPN5eMtqCC0wRsfnaRrdtrbvTPje6W0PJUQ HTTP/1.1" 200 4526 "https://l.facebook.com/" "Mozilla/5.0 (Windows NT 10.0; Win64; x64) AppleWebKit/537.36 (KHTML, like Gecko) Chrome/105.0.0.0 Safari/537.36" "ysfine.com"
173.73.80.118 - - [25/Sep/2022:04:54:01 -0700] "GET /favicon.ico HTTP/1.1" 404 88 "https://ysfine.com/heisen/heisen54.html?fbclid=IwAR2bxp_hlm492PtPneI7B9pLxPN5eMtqCC0wRsfnaRrdtrbvTPje6W0PJUQ" "Mozilla/5.0 (Windows NT 10.0; Win64; x64) AppleWebKit/537.36 (KHTML, like Gecko) Chrome/105.0.0.0 Safari/537.36" "ysfine.com"
66.249.75.43 - - [25/Sep/2022:04:54:02 -0700] "GET /class54/class5470/total_data/photo_img/2-115.jpg HTTP/1.1" 200 190971 "-" "Googlebot-Image/1.0" "ysfine.com"
31.13.115.11 - - [25/Sep/2022:04:54:05 -0700] "GET /maga/histo/desiree24.jpg HTTP/1.1" 200 118503 "-" "facebookexternalhit/1.1 (+http://www.facebook.com/externalhit_uatext.php)" "ysfine.com"
173.73.80.118 - - [25/Sep/2022:04:54:50 -0700] "GET /home/bio44.html?fbclid=IwAR0DvGnwt9Yoi_L1HGQmHUQ2U2YWqLTbsLEGB8bhYO_AY6fjJhKvuvVpEzM HTTP/1.1" 200 14615 "https://l.facebook.com/" "Mozilla/5.0 (Windows NT 10.0; Win64; x64) AppleWebKit/537.36 (KHTML, like Gecko) Chrome/105.0.0.0 Safari/537.36" "ysfine.com"
173.73.80.118 - - [25/Sep/2022:04:54:50 -0700] "GET /home/pgh/steelm01d.jpg HTTP/1.1" 304 - "https://ysfine.com/home/bio44.html?fbclid=IwAR0DvGnwt9Yoi_L1HGQmHUQ2U2YWqLTbsLEGB8bhYO_AY6fjJhKvuvVpEzM" "Mozilla/5.0 (Windows NT 10.0; Win64; x64) AppleWebKit/537.36 (KHTML, like Gecko) Chrome/105.0.0.0 Safari/537.36" "ysfine.com"
173.73.80.118 - - [25/Sep/2022:04:54:50 -0700] "GET /home/pgh/mtwash02d.jpg HTTP/1.1" 304 - "https://ysfine.com/home/bio44.html?fbclid=IwAR0DvGnwt9Yoi_L1HGQmHUQ2U2YWqLTbsLEGB8bhYO_AY6fjJhKvuvVpEzM" "Mozilla/5.0 (Windows NT 10.0; Win64; x64) AppleWebKit/537.36 (KHTML, like Gecko) Chrome/105.0.0.0 Safari/537.36" "ysfine.com"
173.73.80.118 - - [25/Sep/2022:04:54:50 -0700] "GET /home/pgh/pittcath01d.jpg HTTP/1.1" 304 - "https://ysfine.com/home/bio44.html?fbclid=IwAR0DvGnwt9Yoi_L1HGQmHUQ2U2YWqLTbsLEGB8bhYO_AY6fjJhKvuvVpEzM" "Mozilla/5.0 (Windows NT 10.0; Win64; x64) AppleWebKit/537.36 (KHTML, like Gecko) Chrome/105.0.0.0 Safari/537.36" "ysfine.com"
173.73.80.118 - - [25/Sep/2022:04:54:50 -0700] "GET /home/pgh/cyclo450.jpg HTTP/1.1" 304 - "https://ysfine.com/home/bio44.html?fbclid=IwAR0DvGnwt9Yoi_L1HGQmHUQ2U2YWqLTbsLEGB8bhYO_AY6fjJhKvuvVpEzM" "Mozilla/5.0 (Windows NT 10.0; Win64; x64) AppleWebKit/537.36 (KHTML, like Gecko) Chrome/105.0.0.0 Safari/537.36" "ysfine.com"
173.73.80.118 - - [25/Sep/2022:04:54:50 -0700] "GET /home/pgh/syriamos11d.jpg HTTP/1.1" 304 - "https://ysfine.com/home/bio44.html?fbclid=IwAR0DvGnwt9Yoi_L1HGQmHUQ2U2YWqLTbsLEGB8bhYO_AY6fjJhKvuvVpEzM" "Mozilla/5.0 (Windows NT 10.0; Win64; x64) AppleWebKit/537.36 (KHTML, like Gecko) Chrome/105.0.0.0 Safari/537.36" "ysfine.com"
173.73.80.118 - - [25/Sep/2022:04:54:50 -0700] "GET /home/pgh/fortpitt03d.jpg HTTP/1.1" 304 - "https://ysfine.com/home/bio44.html?fbclid=IwAR0DvGnwt9Yoi_L1HGQmHUQ2U2YWqLTbsLEGB8bhYO_AY6fjJhKvuvVpEzM" "Mozilla/5.0 (Windows NT 10.0; Win64; x64) AppleWebKit/537.36 (KHTML, like Gecko) Chrome/105.0.0.0 Safari/537.36" "ysfine.com"
173.73.80.118 - - [25/Sep/2022:04:54:50 -0700] "GET /home/pgh/fortpitt01d.jpg HTTP/1.1" 304 - "https://ysfine.com/home/bio44.html?fbclid=IwAR0DvGnwt9Yoi_L1HGQmHUQ2U2YWqLTbsLEGB8bhYO_AY6fjJhKvuvVpEzM" "Mozilla/5.0 (Windows NT 10.0; Win64; x64) AppleWebKit/537.36 (KHTML, like Gecko) Chrome/105.0.0.0 Safari/537.36" "ysfine.com"
173.73.80.118 - - [25/Sep/2022:04:54:50 -0700] "GET /kobak/taylor450.jpg HTTP/1.1" 304 - "https://ysfine.com/home/bio44.html?fbclid=IwAR0DvGnwt9Yoi_L1HGQmHUQ2U2YWqLTbsLEGB8bhYO_AY6fjJhKvuvVpEzM" "Mozilla/5.0 (Windows NT 10.0; Win64; x64) AppleWebKit/537.36 (KHTML, like Gecko) Chrome/105.0.0.0 Safari/537.36" "ysfine.com"
173.73.80.118 - - [25/Sep/2022:04:54:50 -0700] "GET /home/pgh/yodh03d.jpg HTTP/1.1" 304 - "https://ysfine.com/home/bio44.html?fbclid=IwAR0DvGnwt9Yoi_L1HGQmHUQ2U2YWqLTbsLEGB8bhYO_AY6fjJhKvuvVpEzM" "Mozilla/5.0 (Windows NT 10.0; Win64; x64) AppleWebKit/537.36 (KHTML, like Gecko) Chrome/105.0.0.0 Safari/537.36" "ysfine.com"
173.73.80.118 - - [25/Sep/2022:04:54:50 -0700] "GET /home/pgh/sbk57d.jpg HTTP/1.1" 304 - "https://ysfine.com/home/bio44.html?fbclid=IwAR0DvGnwt9Yoi_L1HGQmHUQ2U2YWqLTbsLEGB8bhYO_AY6fjJhKvuvVpEzM" "Mozilla/5.0 (Windows NT 10.0; Win64; x64) AppleWebKit/537.36 (KHTML, like Gecko) Chrome/105.0.0.0 Safari/537.36" "ysfine.com"
173.73.80.118 - - [25/Sep/2022:04:54:50 -0700] "GET /home/pgh/yspgh58d.jpg HTTP/1.1" 304 - "https://ysfine.com/home/bio44.html?fbclid=IwAR0DvGnwt9Yoi_L1HGQmHUQ2U2YWqLTbsLEGB8bhYO_AY6fjJhKvuvVpEzM" "Mozilla/5.0 (Windows NT 10.0; Win64; x64) AppleWebKit/537.36 (KHTML, like Gecko) Chrome/105.0.0.0 Safari/537.36" "ysfine.com"
173.73.80.118 - - [25/Sep/2022:04:54:50 -0700] "GET /home/pgh/syriamos22d.jpg HTTP/1.1" 304 - "https://ysfine.com/home/bio44.html?fbclid=IwAR0DvGnwt9Yoi_L1HGQmHUQ2U2YWqLTbsLEGB8bhYO_AY6fjJhKvuvVpEzM" "Mozilla/5.0 (Windows NT 10.0; Win64; x64) AppleWebKit/537.36 (KHTML, like Gecko) Chrome/105.0.0.0 Safari/537.36" "ysfine.com"
173.73.80.118 - - [25/Sep/2022:04:54:50 -0700] "GET /home/pgh/kwkpgh01d.jpg HTTP/1.1" 304 - "https://ysfine.com/home/bio44.html?fbclid=IwAR0DvGnwt9Yoi_L1HGQmHUQ2U2YWqLTbsLEGB8bhYO_AY6fjJhKvuvVpEzM" "Mozilla/5.0 (Windows NT 10.0; Win64; x64) AppleWebKit/537.36 (KHTML, like Gecko) Chrome/105.0.0.0 Safari/537.36" "ysfine.com"
173.73.80.118 - - [25/Sep/2022:04:54:50 -0700] "GET /home/pgh/pittcath05d.jpg HTTP/1.1" 304 - "https://ysfine.com/home/bio44.html?fbclid=IwAR0DvGnwt9Yoi_L1HGQmHUQ2U2YWqLTbsLEGB8bhYO_AY6fjJhKvuvVpEzM" "Mozilla/5.0 (Windows NT 10.0; Win64; x64) AppleWebKit/537.36 (KHTML, like Gecko) Chrome/105.0.0.0 Safari/537.36" "ysfine.com"
173.73.80.118 - - [25/Sep/2022:04:54:50 -0700] "GET /home/pgh/machinery22d.jpg HTTP/1.1" 304 - "https://ysfine.com/home/bio44.html?fbclid=IwAR0DvGnwt9Yoi_L1HGQmHUQ2U2YWqLTbsLEGB8bhYO_AY6fjJhKvuvVpEzM" "Mozilla/5.0 (Windows NT 10.0; Win64; x64) AppleWebKit/537.36 (KHTML, like Gecko) Chrome/105.0.0.0 Safari/537.36" "ysfine.com"
173.73.80.118 - - [25/Sep/2022:04:54:50 -0700] "GET /home/pgh/highland03d.jpg HTTP/1.1" 304 - "https://ysfine.com/home/bio44.html?fbclid=IwAR0DvGnwt9Yoi_L1HGQmHUQ2U2YWqLTbsLEGB8bhYO_AY6fjJhKvuvVpEzM" "Mozilla/5.0 (Windows NT 10.0; Win64; x64) AppleWebKit/537.36 (KHTML, like Gecko) Chrome/105.0.0.0 Safari/537.36" "ysfine.com"
173.73.80.118 - - [25/Sep/2022:04:54:50 -0700] "GET /home/pgh/cmall57d.jpg HTTP/1.1" 304 - "https://ysfine.com/home/bio44.html?fbclid=IwAR0DvGnwt9Yoi_L1HGQmHUQ2U2YWqLTbsLEGB8bhYO_AY6fjJhKvuvVpEzM" "Mozilla/5.0 (Windows NT 10.0; Win64; x64) AppleWebKit/537.36 (KHTML, like Gecko) Chrome/105.0.0.0 Safari/537.36" "ysfine.com"
173.73.80.118 - - [25/Sep/2022:04:54:50 -0700] "GET /home/pgh/pitbridge01d.jpg HTTP/1.1" 304 - "https://ysfine.com/home/bio44.html?fbclid=IwAR0DvGnwt9Yoi_L1HGQmHUQ2U2YWqLTbsLEGB8bhYO_AY6fjJhKvuvVpEzM" "Mozilla/5.0 (Windows NT 10.0; Win64; x64) AppleWebKit/537.36 (KHTML, like Gecko) Chrome/105.0.0.0 Safari/537.36" "ysfine.com"
173.73.80.118 - - [25/Sep/2022:04:54:50 -0700] "GET /home/pgh/strcar450.jpg HTTP/1.1" 304 - "https://ysfine.com/home/bio44.html?fbclid=IwAR0DvGnwt9Yoi_L1HGQmHUQ2U2YWqLTbsLEGB8bhYO_AY6fjJhKvuvVpEzM" "Mozilla/5.0 (Windows NT 10.0; Win64; x64) AppleWebKit/537.36 (KHTML, like Gecko) Chrome/105.0.0.0 Safari/537.36" "ysfine.com"
173.73.80.118 - - [25/Sep/2022:04:54:50 -0700] "GET /home/pgh/bhagat450.jpg HTTP/1.1" 304 - "https://ysfine.com/home/bio44.html?fbclid=IwAR0DvGnwt9Yoi_L1HGQmHUQ2U2YWqLTbsLEGB8bhYO_AY6fjJhKvuvVpEzM" "Mozilla/5.0 (Windows NT 10.0; Win64; x64) AppleWebKit/537.36 (KHTML, like Gecko) Chrome/105.0.0.0 Safari/537.36" "ysfine.com"
173.73.80.118 - - [25/Sep/2022:04:54:50 -0700] "GET /home/pgh/heinzfld03d.jpg HTTP/1.1" 304 - "https://ysfine.com/home/bio44.html?fbclid=IwAR0DvGnwt9Yoi_L1HGQmHUQ2U2YWqLTbsLEGB8bhYO_AY6fjJhKvuvVpEzM" "Mozilla/5.0 (Windows NT 10.0; Win64; x64) AppleWebKit/537.36 (KHTML, like Gecko) Chrome/105.0.0.0 Safari/537.36" "ysfine.com"
173.73.80.118 - - [25/Sep/2022:04:54:50 -0700] "GET /home/pgh/steelm02d.jpg HTTP/1.1" 304 - "https://ysfine.com/home/bio44.html?fbclid=IwAR0DvGnwt9Yoi_L1HGQmHUQ2U2YWqLTbsLEGB8bhYO_AY6fjJhKvuvVpEzM" "Mozilla/5.0 (Windows NT 10.0; Win64; x64) AppleWebKit/537.36 (KHTML, like Gecko) Chrome/105.0.0.0 Safari/537.36" "ysfine.com"
173.73.80.118 - - [25/Sep/2022:04:54:50 -0700] "GET /home/pgh/donner07d.jpg HTTP/1.1" 304 - "https://ysfine.com/home/bio44.html?fbclid=IwAR0DvGnwt9Yoi_L1HGQmHUQ2U2YWqLTbsLEGB8bhYO_AY6fjJhKvuvVpEzM" "Mozilla/5.0 (Windows NT 10.0; Win64; x64) AppleWebKit/537.36 (KHTML, like Gecko) Chrome/105.0.0.0 Safari/537.36" "ysfine.com"
173.73.80.118 - - [25/Sep/2022:04:54:50 -0700] "GET /home/pgh/scotam450.jpg HTTP/1.1" 304 - "https://ysfine.com/home/bio44.html?fbclid=IwAR0DvGnwt9Yoi_L1HGQmHUQ2U2YWqLTbsLEGB8bhYO_AY6fjJhKvuvVpEzM" "Mozilla/5.0 (Windows NT 10.0; Win64; x64) AppleWebKit/537.36 (KHTML, like Gecko) Chrome/105.0.0.0 Safari/537.36" "ysfine.com"
173.73.80.118 - - [25/Sep/2022:04:54:50 -0700] "GET /home/pgh/pitcn02d.jpg HTTP/1.1" 304 - "https://ysfine.com/home/bio44.html?fbclid=IwAR0DvGnwt9Yoi_L1HGQmHUQ2U2YWqLTbsLEGB8bhYO_AY6fjJhKvuvVpEzM" "Mozilla/5.0 (Windows NT 10.0; Win64; x64) AppleWebKit/537.36 (KHTML, like Gecko) Chrome/105.0.0.0 Safari/537.36" "ysfine.com"
173.73.80.118 - - [25/Sep/2022:04:54:50 -0700] "GET /home/pgh/donner03d.jpg HTTP/1.1" 304 - "https://ysfine.com/home/bio44.html?fbclid=IwAR0DvGnwt9Yoi_L1HGQmHUQ2U2YWqLTbsLEGB8bhYO_AY6fjJhKvuvVpEzM" "Mozilla/5.0 (Windows NT 10.0; Win64; x64) AppleWebKit/537.36 (KHTML, like Gecko) Chrome/105.0.0.0 Safari/537.36" "ysfine.com"
173.73.80.118 - - [25/Sep/2022:04:54:50 -0700] "GET /home/pgh/pitcn01d.jpg HTTP/1.1" 304 - "https://ysfine.com/home/bio44.html?fbclid=IwAR0DvGnwt9Yoi_L1HGQmHUQ2U2YWqLTbsLEGB8bhYO_AY6fjJhKvuvVpEzM" "Mozilla/5.0 (Windows NT 10.0; Win64; x64) AppleWebKit/537.36 (KHTML, like Gecko) Chrome/105.0.0.0 Safari/537.36" "ysfine.com"
173.73.80.118 - - [25/Sep/2022:04:54:50 -0700] "GET /home/pgh/carnlab11b.jpg HTTP/1.1" 304 - "https://ysfine.com/home/bio44.html?fbclid=IwAR0DvGnwt9Yoi_L1HGQmHUQ2U2YWqLTbsLEGB8bhYO_AY6fjJhKvuvVpEzM" "Mozilla/5.0 (Windows NT 10.0; Win64; x64) AppleWebKit/537.36 (KHTML, like Gecko) Chrome/105.0.0.0 Safari/537.36" "ysfine.com"
173.73.80.118 - - [25/Sep/2022:04:54:50 -0700] "GET /home/pgh/tririver01d.jpg HTTP/1.1" 304 - "https://ysfine.com/home/bio44.html?fbclid=IwAR0DvGnwt9Yoi_L1HGQmHUQ2U2YWqLTbsLEGB8bhYO_AY6fjJhKvuvVpEzM" "Mozilla/5.0 (Windows NT 10.0; Win64; x64) AppleWebKit/537.36 (KHTML, like Gecko) Chrome/105.0.0.0 Safari/537.36" "ysfine.com"
173.73.80.118 - - [25/Sep/2022:04:54:50 -0700] "GET /home/pgh/knee11d.jpg HTTP/1.1" 304 - "https://ysfine.com/home/bio44.html?fbclid=IwAR0DvGnwt9Yoi_L1HGQmHUQ2U2YWqLTbsLEGB8bhYO_AY6fjJhKvuvVpEzM" "Mozilla/5.0 (Windows NT 10.0; Win64; x64) AppleWebKit/537.36 (KHTML, like Gecko) Chrome/105.0.0.0 Safari/537.36" "ysfine.com"
173.73.80.118 - - [25/Sep/2022:04:54:50 -0700] "GET /home/pgh/knee22d.jpg HTTP/1.1" 304 - "https://ysfine.com/home/bio44.html?fbclid=IwAR0DvGnwt9Yoi_L1HGQmHUQ2U2YWqLTbsLEGB8bhYO_AY6fjJhKvuvVpEzM" "Mozilla/5.0 (Windows NT 10.0; Win64; x64) AppleWebKit/537.36 (KHTML, like Gecko) Chrome/105.0.0.0 Safari/537.36" "ysfine.com"
173.73.80.118 - - [25/Sep/2022:04:54:50 -0700] "GET /princeton/yspr58d.jpg HTTP/1.1" 304 - "https://ysfine.com/home/bio44.html?fbclid=IwAR0DvGnwt9Yoi_L1HGQmHUQ2U2YWqLTbsLEGB8bhYO_AY6fjJhKvuvVpEzM" "Mozilla/5.0 (Windows NT 10.0; Win64; x64) AppleWebKit/537.36 (KHTML, like Gecko) Chrome/105.0.0.0 Safari/537.36" "ysfine.com"
173.73.80.118 - - [25/Sep/2022:04:54:50 -0700] "GET /home/pgh/carnlibra03d.jpg HTTP/1.1" 304 - "https://ysfine.com/home/bio44.html?fbclid=IwAR0DvGnwt9Yoi_L1HGQmHUQ2U2YWqLTbsLEGB8bhYO_AY6fjJhKvuvVpEzM" "Mozilla/5.0 (Windows NT 10.0; Win64; x64) AppleWebKit/537.36 (KHTML, like Gecko) Chrome/105.0.0.0 Safari/537.36" "ysfine.com"
173.73.80.118 - - [25/Sep/2022:04:54:50 -0700] "GET /home/pgh/carnlibra02d.jpg HTTP/1.1" 304 - "https://ysfine.com/home/bio44.html?fbclid=IwAR0DvGnwt9Yoi_L1HGQmHUQ2U2YWqLTbsLEGB8bhYO_AY6fjJhKvuvVpEzM" "Mozilla/5.0 (Windows NT 10.0; Win64; x64) AppleWebKit/537.36 (KHTML, like Gecko) Chrome/105.0.0.0 Safari/537.36" "ysfine.com"
173.73.80.118 - - [25/Sep/2022:04:54:50 -0700] "GET /home/pgh/gonew450.jpg HTTP/1.1" 304 - "https://ysfine.com/home/bio44.html?fbclid=IwAR0DvGnwt9Yoi_L1HGQmHUQ2U2YWqLTbsLEGB8bhYO_AY6fjJhKvuvVpEzM" "Mozilla/5.0 (Windows NT 10.0; Win64; x64) AppleWebKit/537.36 (KHTML, like Gecko) Chrome/105.0.0.0 Safari/537.36" "ysfine.com"
173.73.80.118 - - [25/Sep/2022:04:54:50 -0700] "GET /home/pgh/pitmap03d.jpg HTTP/1.1" 304 - "https://ysfine.com/home/bio44.html?fbclid=IwAR0DvGnwt9Yoi_L1HGQmHUQ2U2YWqLTbsLEGB8bhYO_AY6fjJhKvuvVpEzM" "Mozilla/5.0 (Windows NT 10.0; Win64; x64) AppleWebKit/537.36 (KHTML, like Gecko) Chrome/105.0.0.0 Safari/537.36" "ysfine.com"
173.73.80.118 - - [25/Sep/2022:04:54:50 -0700] "GET /home/pgh/samsung11d.jpg HTTP/1.1" 304 - "https://ysfine.com/home/bio44.html?fbclid=IwAR0DvGnwt9Yoi_L1HGQmHUQ2U2YWqLTbsLEGB8bhYO_AY6fjJhKvuvVpEzM" "Mozilla/5.0 (Windows NT 10.0; Win64; x64) AppleWebKit/537.36 (KHTML, like Gecko) Chrome/105.0.0.0 Safari/537.36" "ysfine.com"
173.73.80.118 - - [25/Sep/2022:04:54:50 -0700] "GET /home/pgh/pghrail11d.jpg HTTP/1.1" 304 - "https://ysfine.com/home/bio44.html?fbclid=IwAR0DvGnwt9Yoi_L1HGQmHUQ2U2YWqLTbsLEGB8bhYO_AY6fjJhKvuvVpEzM" "Mozilla/5.0 (Windows NT 10.0; Win64; x64) AppleWebKit/537.36 (KHTML, like Gecko) Chrome/105.0.0.0 Safari/537.36" "ysfine.com"
173.73.80.118 - - [25/Sep/2022:04:54:50 -0700] "GET /home/pgh/poli33d.jpg HTTP/1.1" 304 - "https://ysfine.com/home/bio44.html?fbclid=IwAR0DvGnwt9Yoi_L1HGQmHUQ2U2YWqLTbsLEGB8bhYO_AY6fjJhKvuvVpEzM" "Mozilla/5.0 (Windows NT 10.0; Win64; x64) AppleWebKit/537.36 (KHTML, like Gecko) Chrome/105.0.0.0 Safari/537.36" "ysfine.com"
173.73.80.118 - - [25/Sep/2022:04:54:50 -0700] "GET /home/pgh/poli55d.jpg HTTP/1.1" 304 - "https://ysfine.com/home/bio44.html?fbclid=IwAR0DvGnwt9Yoi_L1HGQmHUQ2U2YWqLTbsLEGB8bhYO_AY6fjJhKvuvVpEzM" "Mozilla/5.0 (Windows NT 10.0; Win64; x64) AppleWebKit/537.36 (KHTML, like Gecko) Chrome/105.0.0.0 Safari/537.36" "ysfine.com"
173.73.80.118 - - [25/Sep/2022:04:55:43 -0700] "GET /home/pgh/chungho2.pdf HTTP/1.1" 200 453574 "https://ysfine.com/home/bio44.html?fbclid=IwAR0DvGnwt9Yoi_L1HGQmHUQ2U2YWqLTbsLEGB8bhYO_AY6fjJhKvuvVpEzM" "Mozilla/5.0 (Windows NT 10.0; Win64; x64) AppleWebKit/537.36 (KHTML, like Gecko) Chrome/105.0.0.0 Safari/537.36" "ysfine.com"
157.55.39.58 - - [25/Sep/2022:04:55:44 -0700] "GET /style/jpchildren2.jpg HTTP/1.1" 200 46718 "-" "Mozilla/5.0 (compatible; bingbot/2.0; +http://www.bing.com/bingbot.htm)" "ysfine.com"
173.73.80.118 - - [25/Sep/2022:04:55:52 -0700] "GET /home/pgh/zunggul.pdf HTTP/1.1" 404 88 "https://ysfine.com/home/bio44.html?fbclid=IwAR0DvGnwt9Yoi_L1HGQmHUQ2U2YWqLTbsLEGB8bhYO_AY6fjJhKvuvVpEzM" "Mozilla/5.0 (Windows NT 10.0; Win64; x64) AppleWebKit/537.36 (KHTML, like Gecko) Chrome/105.0.0.0 Safari/537.36" "ysfine.com"
83.253.168.194 - - [25/Sep/2022:04:56:14 -0700] "GET /world/baltic/kalin30.jpg HTTP/1.1" 200 94863 "https://www.google.com/" "Mozilla/5.0 (Windows NT 10.0; Win64; x64) AppleWebKit/537.36 (KHTML, like Gecko) Chrome/105.0.0.0 Safari/537.36" "ysfine.com"
185.191.171.19 - - [25/Sep/2022:04:56:22 -0700] "GET /robots.txt HTTP/1.1" 404 88 "-" "Mozilla/5.0 (compatible; SemrushBot/7~bl; +http://www.semrush.com/bot.html)" "ysfine.com"
185.191.171.18 - - [25/Sep/2022:04:56:22 -0700] "GET /wisdom/happyend.html HTTP/1.1" 200 1088 "-" "Mozilla/5.0 (compatible; SemrushBot/7~bl; +http://www.semrush.com/bot.html)" "ysfine.com"
194.135.168.37 - - [25/Sep/2022:04:56:29 -0700] "GET /world/russ/twosis33.jpg HTTP/1.1" 200 51291 "https://ysfine.com/world/russ/twosist.html" "Mozilla/5.0 (Linux; Android 12; SM-A525F) AppleWebKit/537.36 (KHTML, like Gecko) Chrome/105.0.0.0 Mobile Safari/537.36" "ysfine.com"
194.135.168.37 - - [25/Sep/2022:04:56:29 -0700] "GET /world/russ/twosis11.jpg HTTP/1.1" 206 1 "https://ysfine.com/world/russ/twosist.html" "Mozilla/5.0 (Linux; Android 12; SM-A525F) AppleWebKit/537.36 (KHTML, like Gecko) Chrome/105.0.0.0 Mobile Safari/537.36" "ysfine.com"
194.135.168.37 - - [25/Sep/2022:04:56:30 -0700] "GET /world/russ/twosis11.jpg HTTP/1.1" 206 55502 "https://ysfine.com/world/russ/twosist.html" "Mozilla/5.0 (Linux; Android 12; SM-A525F) AppleWebKit/537.36 (KHTML, like Gecko) Chrome/105.0.0.0 Mobile Safari/537.36" "ysfine.com"
157.55.39.58 - - [25/Sep/2022:04:57:12 -0700] "GET /world/baltic/frombork.jpg HTTP/1.1" 200 147887 "-" "Mozilla/5.0 (compatible; bingbot/2.0; +http://www.bing.com/bingbot.htm)" "www.ysfine.com"
157.55.39.58 - - [25/Sep/2022:04:57:33 -0700] "GET /einstein/places/ulm02.jpg HTTP/1.1" 200 135530 "-" "Mozilla/5.0 (compatible; bingbot/2.0; +http://www.bing.com/bingbot.htm)" "ysfine.com"
157.55.39.55 - - [25/Sep/2022:04:57:58 -0700] "GET /jobs/ HTTP/1.1" 304 - "-" "Mozilla/5.0 AppleWebKit/537.36 (KHTML, like Gecko; compatible; bingbot/2.0; +http://www.bing.com/bingbot.htm) Chrome/103.0.5060.134 Safari/537.36" "ysfine.com"
188.158.164.146 - - [25/Sep/2022:04:58:06 -0700] "GET /wigner/einwig.html HTTP/1.1" 200 3897 "https://www.google.com/" "Mozilla/5.0 (Macintosh; Intel Mac OS X 10_15_7) AppleWebKit/605.1.15 (KHTML, like Gecko) Version/15.5 Safari/605.1.15" "ysfine.com"
188.158.164.146 - - [25/Sep/2022:04:58:07 -0700] "GET /wigner/wigein11a.jpg HTTP/1.1" 200 58036 "https://ysfine.com/wigner/einwig.html" "Mozilla/5.0 (Macintosh; Intel Mac OS X 10_15_7) AppleWebKit/605.1.15 (KHTML, like Gecko) Version/15.5 Safari/605.1.15" "ysfine.com"
188.158.164.146 - - [25/Sep/2022:04:58:07 -0700] "GET /wigner/rmp02c.jpg HTTP/1.1" 200 25978 "https://ysfine.com/wigner/einwig.html" "Mozilla/5.0 (Macintosh; Intel Mac OS X 10_15_7) AppleWebKit/605.1.15 (KHTML, like Gecko) Version/15.5 Safari/605.1.15" "ysfine.com"
188.158.164.146 - - [25/Sep/2022:04:58:08 -0700] "GET /wigner/lunch91c.jpg HTTP/1.1" 200 59935 "https://ysfine.com/wigner/einwig.html" "Mozilla/5.0 (Macintosh; Intel Mac OS X 10_15_7) AppleWebKit/605.1.15 (KHTML, like Gecko) Version/15.5 Safari/605.1.15" "ysfine.com"
188.158.164.146 - - [25/Sep/2022:04:58:08 -0700] "GET /wigner/michwight22c.jpg HTTP/1.1" 200 32821 "https://ysfine.com/wigner/einwig.html" "Mozilla/5.0 (Macintosh; Intel Mac OS X 10_15_7) AppleWebKit/605.1.15 (KHTML, like Gecko) Version/15.5 Safari/605.1.15" "ysfine.com"
188.158.164.146 - - [25/Sep/2022:04:58:08 -0700] "GET /kobak/taylor33c.jpg HTTP/1.1" 200 39951 "https://ysfine.com/wigner/einwig.html" "Mozilla/5.0 (Macintosh; Intel Mac OS X 10_15_7) AppleWebKit/605.1.15 (KHTML, like Gecko) Version/15.5 Safari/605.1.15" "ysfine.com"
188.158.164.146 - - [25/Sep/2022:04:58:08 -0700] "GET /wigner/tollwig11c.jpg HTTP/1.1" 200 30497 "https://ysfine.com/wigner/einwig.html" "Mozilla/5.0 (Macintosh; Intel Mac OS X 10_15_7) AppleWebKit/605.1.15 (KHTML, like Gecko) Version/15.5 Safari/605.1.15" "ysfine.com"
188.158.164.146 - - [25/Sep/2022:04:58:08 -0700] "GET /wigner/michwight11c.jpg HTTP/1.1" 200 38388 "https://ysfine.com/wigner/einwig.html" "Mozilla/5.0 (Macintosh; Intel Mac OS X 10_15_7) AppleWebKit/605.1.15 (KHTML, like Gecko) Version/15.5 Safari/605.1.15" "ysfine.com"
188.158.164.146 - - [25/Sep/2022:04:58:08 -0700] "GET /eink/pwk19c.jpg HTTP/1.1" 200 57759 "https://ysfine.com/wigner/einwig.html" "Mozilla/5.0 (Macintosh; Intel Mac OS X 10_15_7) AppleWebKit/605.1.15 (KHTML, like Gecko) Version/15.5 Safari/605.1.15" "ysfine.com"
157.55.39.129 - - [25/Sep/2022:04:58:15 -0700] "GET /eink/eink61.jpg HTTP/1.1" 200 149872 "-" "Mozilla/5.0 (compatible; bingbot/2.0; +http://www.bing.com/bingbot.htm)" "ysfine.com"
188.158.164.146 - - [25/Sep/2022:04:58:19 -0700] "GET /favicon.ico HTTP/1.1" 404 88 "https://ysfine.com/wigner/einwig.html" "Mozilla/5.0 (Macintosh; Intel Mac OS X 10_15_7) AppleWebKit/605.1.15 (KHTML, like Gecko) Version/15.5 Safari/605.1.15" "ysfine.com"
207.46.13.180 - - [25/Sep/2022:04:58:48 -0700] "GET /kowar/gi002b.jpg HTTP/1.1" 200 42820 "-" "Mozilla/5.0 (compatible; bingbot/2.0; +http://www.bing.com/bingbot.htm)" "www.ysfine.com"
207.46.13.102 - - [25/Sep/2022:04:58:52 -0700] "GET /class54/acs/cafe33a.jpg HTTP/1.1" 200 103391 "-" "Mozilla/5.0 (compatible; bingbot/2.0; +http://www.bing.com/bingbot.htm)" "www.ysfine.com"
118.184.177.50 - - [25/Sep/2022:04:58:55 -0700] "GET / HTTP/1.1" 200 5283 "-" "Sogou web spider/4.0(+http://www.sogou.com/docs/help/webmasters.htm#07)" "www.ysfine.com"
207.46.13.102 - - [25/Sep/2022:04:59:31 -0700] "GET /world/france/champbenz01.jpg HTTP/1.1" 200 161110 "-" "Mozilla/5.0 (compatible; bingbot/2.0; +http://www.bing.com/bingbot.htm)" "ysfine.com"
188.158.164.146 - - [25/Sep/2022:04:59:56 -0700] "GET /wigner/wignobel.html HTTP/1.1" 200 4026 "https://www.google.com/" "Mozilla/5.0 (Macintosh; Intel Mac OS X 10_15_7) AppleWebKit/605.1.15 (KHTML, like Gecko) Version/15.5 Safari/605.1.15" "ysfine.com"
188.158.164.146 - - [25/Sep/2022:04:59:56 -0700] "GET /people/facu63b.jpg HTTP/1.1" 200 47712 "https://ysfine.com/wigner/wignobel.html" "Mozilla/5.0 (Macintosh; Intel Mac OS X 10_15_7) AppleWebKit/605.1.15 (KHTML, like Gecko) Version/15.5 Safari/605.1.15" "ysfine.com"
188.158.164.146 - - [25/Sep/2022:04:59:56 -0700] "GET /wigner/tollwig11b.jpg HTTP/1.1" 200 31891 "https://ysfine.com/wigner/wignobel.html" "Mozilla/5.0 (Macintosh; Intel Mac OS X 10_15_7) AppleWebKit/605.1.15 (KHTML, like Gecko) Version/15.5 Safari/605.1.15" "ysfine.com"
188.158.164.146 - - [25/Sep/2022:04:59:57 -0700] "GET /wigner/wignobel01b.jpg HTTP/1.1" 200 36965 "https://ysfine.com/wigner/wignobel.html" "Mozilla/5.0 (Macintosh; Intel Mac OS X 10_15_7) AppleWebKit/605.1.15 (KHTML, like Gecko) Version/15.5 Safari/605.1.15" "ysfine.com"
188.158.164.146 - - [25/Sep/2022:04:59:57 -0700] "GET /wigner/wig39b.jpg HTTP/1.1" 200 69283 "https://ysfine.com/wigner/wignobel.html" "Mozilla/5.0 (Macintosh; Intel Mac OS X 10_15_7) AppleWebKit/605.1.15 (KHTML, like Gecko) Version/15.5 Safari/605.1.15" "ysfine.com"
188.158.164.146 - - [25/Sep/2022:04:59:58 -0700] "GET /einstein/newton55b.jpg HTTP/1.1" 200 20261 "https://ysfine.com/wigner/wignobel.html" "Mozilla/5.0 (Macintosh; Intel Mac OS X 10_15_7) AppleWebKit/605.1.15 (KHTML, like Gecko) Version/15.5 Safari/605.1.15" "ysfine.com"
188.158.164.146 - - [25/Sep/2022:04:59:58 -0700] "GET /wigner/wig39fb.jpg HTTP/1.1" 200 38434 "https://ysfine.com/wigner/wignobel.html" "Mozilla/5.0 (Macintosh; Intel Mac OS X 10_15_7) AppleWebKit/605.1.15 (KHTML, like Gecko) Version/15.5 Safari/605.1.15" "ysfine.com"
188.158.164.146 - - [25/Sep/2022:04:59:58 -0700] "GET /wigner/eucylin55b.jpg HTTP/1.1" 200 38707 "https://ysfine.com/wigner/wignobel.html" "Mozilla/5.0 (Macintosh; Intel Mac OS X 10_15_7) AppleWebKit/605.1.15 (KHTML, like Gecko) Version/15.5 Safari/605.1.15" "ysfine.com"
188.158.164.146 - - [25/Sep/2022:04:59:58 -0700] "GET /einstein/einbohr33b.jpg HTTP/1.1" 200 42636 "https://ysfine.com/wigner/wignobel.html" "Mozilla/5.0 (Macintosh; Intel Mac OS X 10_15_7) AppleWebKit/605.1.15 (KHTML, like Gecko) Version/15.5 Safari/605.1.15" "ysfine.com"
207.46.13.180 - - [25/Sep/2022:05:00:19 -0700] "GET /maga/bohrdc.html HTTP/1.1" 200 4181 "-" "Mozilla/5.0 (compatible; bingbot/2.0; +http://www.bing.com/bingbot.htm)" "ysfine.com"
188.158.164.146 - - [25/Sep/2022:05:00:28 -0700] "GET /wigner/wignobel01.jpg HTTP/1.1" 200 90859 "https://ysfine.com/wigner/wignobel.html" "Mozilla/5.0 (Macintosh; Intel Mac OS X 10_15_7) AppleWebKit/605.1.15 (KHTML, like Gecko) Version/15.5 Safari/605.1.15" "ysfine.com"
35.210.150.87 - - [25/Sep/2022:05:00:29 -0700] "GET /robots.txt HTTP/1.1" 404 88 "http://ysfine.com/robots.txt" "Go-http-client/1.1" "ysfine.com"
35.210.150.87 - - [25/Sep/2022:05:00:35 -0700] "GET / HTTP/1.1" 200 5283 "http://ysfine.com" "Mozilla/5.0 (compatible; VelenPublicWebCrawler/1.0; +https://velen.io)" "ysfine.com"
188.158.164.146 - - [25/Sep/2022:05:00:44 -0700] "GET /wigner/wigner39.pdf HTTP/1.1" 200 1398440 "https://ysfine.com/wigner/wignobel.html" "Mozilla/5.0 (Macintosh; Intel Mac OS X 10_15_7) AppleWebKit/605.1.15 (KHTML, like Gecko) Version/15.5 Safari/605.1.15" "ysfine.com"
188.158.164.146 - - [25/Sep/2022:05:00:44 -0700] "GET /wigner/wigner39.pdf HTTP/1.1" 206 1023 "https://ysfine.com/wigner/wignobel.html" "Mozilla/5.0 (Macintosh; Intel Mac OS X 10_15_7) AppleWebKit/605.1.15 (KHTML, like Gecko) Version/15.5 Safari/605.1.15" "ysfine.com"
173.73.80.118 - - [25/Sep/2022:05:00:46 -0700] "GET /home/pgh/leigh01.jpg HTTP/1.1" 200 107961 "https://ysfine.com/home/bio44.html?fbclid=IwAR0DvGnwt9Yoi_L1HGQmHUQ2U2YWqLTbsLEGB8bhYO_AY6fjJhKvuvVpEzM" "Mozilla/5.0 (Windows NT 10.0; Win64; x64) AppleWebKit/537.36 (KHTML, like Gecko) Chrome/105.0.0.0 Safari/537.36" "ysfine.com"
173.73.80.118 - - [25/Sep/2022:05:00:51 -0700] "GET /home/pgh/christmas.jpg HTTP/1.1" 200 94041 "https://ysfine.com/home/bio44.html?fbclid=IwAR0DvGnwt9Yoi_L1HGQmHUQ2U2YWqLTbsLEGB8bhYO_AY6fjJhKvuvVpEzM" "Mozilla/5.0 (Windows NT 10.0; Win64; x64) AppleWebKit/537.36 (KHTML, like Gecko) Chrome/105.0.0.0 Safari/537.36" "ysfine.com"
207.46.13.102 - - [25/Sep/2022:05:01:00 -0700] "GET /home/ellipse53.jpg HTTP/1.1" 200 124704 "-" "Mozilla/5.0 AppleWebKit/537.36 (KHTML, like Gecko; compatible; bingbot/2.0; +http://www.bing.com/bingbot.htm) Chrome/103.0.5060.134 Safari/537.36" "www.ysfine.com"
157.55.39.58 - - [25/Sep/2022:05:01:42 -0700] "GET /yspapers/synthes11.jpg HTTP/1.1" 200 146286 "-" "Mozilla/5.0 (compatible; bingbot/2.0; +http://www.bing.com/bingbot.htm)" "ysfine.com"
173.73.80.118 - - [25/Sep/2022:05:01:56 -0700] "GET /home/pgh/fortpitt03.jpg HTTP/1.1" 200 141783 "https://ysfine.com/home/bio44.html?fbclid=IwAR0DvGnwt9Yoi_L1HGQmHUQ2U2YWqLTbsLEGB8bhYO_AY6fjJhKvuvVpEzM" "Mozilla/5.0 (Windows NT 10.0; Win64; x64) AppleWebKit/537.36 (KHTML, like Gecko) Chrome/105.0.0.0 Safari/537.36" "ysfine.com"
123.125.109.45 - - [25/Sep/2022:05:02:11 -0700] "GET / HTTP/1.1" 200 5283 "-" "Sogou web spider/4.0(+http://www.sogou.com/docs/help/webmasters.htm#07)" "ysfine.com"
40.77.167.61 - - [25/Sep/2022:05:02:54 -0700] "GET /wisdom/yksgrave2.jpg HTTP/1.1" 200 41493 "-" "Mozilla/5.0 (compatible; bingbot/2.0; +http://www.bing.com/bingbot.htm)" "www.ysfine.com"
157.55.39.129 - - [25/Sep/2022:05:03:26 -0700] "GET /wdc/wasopera11.jpg HTTP/1.1" 200 70236 "-" "Mozilla/5.0 (compatible; bingbot/2.0; +http://www.bing.com/bingbot.htm)" "ysfine.com"
