173.73.80.118 - - [17/Sep/2022:10:51:58 -0700] "GET /home/figs/gtown47d.jpg HTTP/1.1" 200 46996 "https://www.ysfine.com/home/bio22.html" "Mozilla/5.0 (Linux; Android 5.1.1; KFSUWI) AppleWebKit/537.36 (KHTML, like Gecko) Silk/104.2.16 like Chrome/104.0.5112.114 Safari/537.36" "www.ysfine.com"
173.73.80.118 - - [17/Sep/2022:10:51:58 -0700] "GET /home/kiwi86f.jpg HTTP/1.1" 200 91790 "https://www.ysfine.com/home/bio22.html" "Mozilla/5.0 (Linux; Android 5.1.1; KFSUWI) AppleWebKit/537.36 (KHTML, like Gecko) Silk/104.2.16 like Chrome/104.0.5112.114 Safari/537.36" "www.ysfine.com"
173.73.80.118 - - [17/Sep/2022:10:51:58 -0700] "GET /home/figs/waskor042d.jpg HTTP/1.1" 200 43502 "https://www.ysfine.com/home/bio22.html" "Mozilla/5.0 (Linux; Android 5.1.1; KFSUWI) AppleWebKit/537.36 (KHTML, like Gecko) Silk/104.2.16 like Chrome/104.0.5112.114 Safari/537.36" "www.ysfine.com"
173.73.80.118 - - [17/Sep/2022:10:51:58 -0700] "GET /home/pungsin11f.jpg HTTP/1.1" 200 68536 "https://www.ysfine.com/home/bio22.html" "Mozilla/5.0 (Linux; Android 5.1.1; KFSUWI) AppleWebKit/537.36 (KHTML, like Gecko) Silk/104.2.16 like Chrome/104.0.5112.114 Safari/537.36" "www.ysfine.com"
173.73.80.118 - - [17/Sep/2022:10:51:58 -0700] "GET /einstein/einbohr11c.jpg HTTP/1.1" 200 40181 "https://www.ysfine.com/home/bio22.html" "Mozilla/5.0 (Linux; Android 5.1.1; KFSUWI) AppleWebKit/537.36 (KHTML, like Gecko) Silk/104.2.16 like Chrome/104.0.5112.114 Safari/537.36" "www.ysfine.com"
173.73.80.118 - - [17/Sep/2022:10:51:58 -0700] "GET /eink/eink54f.jpg HTTP/1.1" 200 98068 "https://www.ysfine.com/home/bio22.html" "Mozilla/5.0 (Linux; Android 5.1.1; KFSUWI) AppleWebKit/537.36 (KHTML, like Gecko) Silk/104.2.16 like Chrome/104.0.5112.114 Safari/537.36" "www.ysfine.com"
173.73.80.118 - - [17/Sep/2022:10:51:58 -0700] "GET /home/top21c.jpg HTTP/1.1" 200 53120 "https://www.ysfine.com/home/bio22.html" "Mozilla/5.0 (Linux; Android 5.1.1; KFSUWI) AppleWebKit/537.36 (KHTML, like Gecko) Silk/104.2.16 like Chrome/104.0.5112.114 Safari/537.36" "www.ysfine.com"
173.73.80.118 - - [17/Sep/2022:10:51:58 -0700] "GET /awards/wsj450.jpg HTTP/1.1" 200 67847 "https://www.ysfine.com/home/bio22.html" "Mozilla/5.0 (Linux; Android 5.1.1; KFSUWI) AppleWebKit/537.36 (KHTML, like Gecko) Silk/104.2.16 like Chrome/104.0.5112.114 Safari/537.36" "www.ysfine.com"
173.73.80.118 - - [17/Sep/2022:10:51:58 -0700] "GET /eink/pwk450.jpg HTTP/1.1" 200 84974 "https://www.ysfine.com/home/bio22.html" "Mozilla/5.0 (Linux; Android 5.1.1; KFSUWI) AppleWebKit/537.36 (KHTML, like Gecko) Silk/104.2.16 like Chrome/104.0.5112.114 Safari/537.36" "www.ysfine.com"
173.73.80.118 - - [17/Sep/2022:10:51:58 -0700] "GET /home/eward33f.jpg HTTP/1.1" 200 86617 "https://www.ysfine.com/home/bio22.html" "Mozilla/5.0 (Linux; Android 5.1.1; KFSUWI) AppleWebKit/537.36 (KHTML, like Gecko) Silk/104.2.16 like Chrome/104.0.5112.114 Safari/537.36" "www.ysfine.com"
173.73.80.118 - - [17/Sep/2022:10:51:59 -0700] "GET /favicon.ico HTTP/1.1" 404 88 "https://www.ysfine.com/home/bio22.html" "Mozilla/5.0 (Linux; Android 5.1.1; KFSUWI) AppleWebKit/537.36 (KHTML, like Gecko) Silk/104.2.16 like Chrome/104.0.5112.114 Safari/537.36" "www.ysfine.com"
52.143.241.111 - - [17/Sep/2022:10:52:28 -0700] "GET /wigner/neum/vnc07.jpg HTTP/1.1" 200 95908 "-" "DuckDuckBot/1.1; (+http://duckduckgo.com/duckduckbot.html)" "ysfine.com"
54.36.148.3 - - [17/Sep/2022:10:52:42 -0700] "GET /princeton/dulles.html HTTP/1.1" 200 2700 "-" "Mozilla/5.0 (compatible; AhrefsBot/7.0; +http://ahrefs.com/robot/)" "ysfine.com"
54.36.148.128 - - [17/Sep/2022:10:52:43 -0700] "GET /princeton/adulles2.jpg HTTP/1.1" 200 51260 "-" "Mozilla/5.0 (compatible; AhrefsBot/7.0; +http://ahrefs.com/robot/)" "ysfine.com"
54.36.148.10 - - [17/Sep/2022:10:52:44 -0700] "GET /princeton/dulles2.jpg HTTP/1.1" 200 49555 "-" "Mozilla/5.0 (compatible; AhrefsBot/7.0; +http://ahrefs.com/robot/)" "ysfine.com"
40.77.167.35 - - [17/Sep/2022:10:52:56 -0700] "GET /philo/marx07.jpg HTTP/1.1" 200 72223 "-" "Mozilla/5.0 (compatible; bingbot/2.0; +http://www.bing.com/bingbot.htm)" "www.ysfine.com"
173.73.80.118 - - [17/Sep/2022:10:52:56 -0700] "GET /home/fotos/boy11.jpg HTTP/1.1" 200 200323 "https://www.ysfine.com/home/bio22.html" "Mozilla/5.0 (Linux; Android 5.1.1; KFSUWI) AppleWebKit/537.36 (KHTML, like Gecko) Silk/104.2.16 like Chrome/104.0.5112.114 Safari/537.36" "www.ysfine.com"
13.92.87.157 - - [17/Sep/2022:10:53:20 -0700] "GET /houses/house46.jpg HTTP/1.1" 200 60849 "-" "Mozilla/5.0 (Windows NT 10.0; Win64; x64) AppleWebKit/537.36 (KHTML, like Gecko) Chrome/86.0.4240.75 Safari/537.36" "ysfine.com"
40.77.167.27 - - [17/Sep/2022:10:53:31 -0700] "GET /world/balkan/ath027.jpg HTTP/1.1" 200 215994 "-" "Mozilla/5.0 (compatible; bingbot/2.0; +http://www.bing.com/bingbot.htm)" "ysfine.com"
95.108.213.64 - - [17/Sep/2022:10:54:23 -0700] "GET /newyork/ HTTP/1.1" 200 132 "-" "Mozilla/5.0 (compatible; YandexBot/3.0; +http://yandex.com/bots)" "www.ysfine.com"
162.55.85.225 - - [17/Sep/2022:10:54:25 -0700] "GET /robots.txt HTTP/1.1" 404 88 "-" "Mozilla/5.0 (compatible; BLEXBot/1.0; +http://webmeup-crawler.com/)" "ysfine.com"
162.55.85.225 - - [17/Sep/2022:10:54:25 -0700] "GET /robots.txt HTTP/1.1" 404 88 "-" "Mozilla/5.0 (compatible; BLEXBot/1.0; +http://webmeup-crawler.com/)" "www.ysfine.com"
162.55.85.225 - - [17/Sep/2022:10:54:25 -0700] "GET /maga/bohratom.html HTTP/1.1" 200 5125 "-" "Mozilla/5.0 (compatible; BLEXBot/1.0; +http://webmeup-crawler.com/)" "www.ysfine.com"
162.55.85.225 - - [17/Sep/2022:10:54:25 -0700] "GET /robots.txt HTTP/1.1" 404 88 "-" "Mozilla/5.0 (compatible; BLEXBot/1.0; +http://webmeup-crawler.com/)" "ysfine.com"
162.55.85.225 - - [17/Sep/2022:10:54:25 -0700] "GET /sitemap.txt HTTP/1.1" 404 88 "-" "Mozilla/5.0 (compatible; BLEXBot/1.0; +http://webmeup-crawler.com/)" "ysfine.com"
5.255.253.121 - - [17/Sep/2022:10:54:27 -0700] "GET /newyork/nyleft.html HTTP/1.1" 200 905 "https://www.ysfine.com/newyork/" "Mozilla/5.0 (compatible; YandexBot/3.0; +http://yandex.com/bots) AppleWebKit/537.36 (KHTML, like Gecko) Chrome/81.0.4044.268" "www.ysfine.com"
95.108.213.64 - - [17/Sep/2022:10:54:30 -0700] "GET /newyork/nyc.html HTTP/1.1" 200 31389 "https://www.ysfine.com/newyork/" "Mozilla/5.0 (compatible; YandexBot/3.0; +http://yandex.com/bots) AppleWebKit/537.36 (KHTML, like Gecko) Chrome/81.0.4044.268" "www.ysfine.com"
162.55.85.225 - - [17/Sep/2022:10:54:37 -0700] "GET /maga/bohrdc.html HTTP/1.1" 200 4181 "-" "Mozilla/5.0 (compatible; BLEXBot/1.0; +http://webmeup-crawler.com/)" "www.ysfine.com"
162.55.85.225 - - [17/Sep/2022:10:54:50 -0700] "GET /maga/boltzmann.html HTTP/1.1" 200 6052 "-" "Mozilla/5.0 (compatible; BLEXBot/1.0; +http://webmeup-crawler.com/)" "www.ysfine.com"
162.55.85.225 - - [17/Sep/2022:10:54:57 -0700] "GET /robots.txt HTTP/1.1" 404 88 "-" "Mozilla/5.0 (compatible; BLEXBot/1.0; +http://webmeup-crawler.com/)" "www.ysfine.com"
162.55.85.225 - - [17/Sep/2022:10:54:57 -0700] "GET /sitemap.txt HTTP/1.1" 404 88 "-" "Mozilla/5.0 (compatible; BLEXBot/1.0; +http://webmeup-crawler.com/)" "www.ysfine.com"
162.55.85.225 - - [17/Sep/2022:10:55:03 -0700] "GET /maga/bridge22.html HTTP/1.1" 200 6587 "-" "Mozilla/5.0 (compatible; BLEXBot/1.0; +http://webmeup-crawler.com/)" "www.ysfine.com"
5.255.253.143 - - [17/Sep/2022:10:55:05 -0700] "GET /newyork/columbia.html HTTP/1.1" 200 3175 "-" "Mozilla/5.0 (compatible; YandexBot/3.0; +http://yandex.com/bots)" "www.ysfine.com"
40.77.167.35 - - [17/Sep/2022:10:55:06 -0700] "GET /world/germany/salzmo02.jpg HTTP/1.1" 200 117765 "-" "Mozilla/5.0 (compatible; bingbot/2.0; +http://www.bing.com/bingbot.htm)" "ysfine.com"
87.250.224.80 - - [17/Sep/2022:10:55:09 -0700] "GET /newyork/nyc.html HTTP/1.1" 200 31389 "-" "Mozilla/5.0 (compatible; YandexBot/3.0; +http://yandex.com/bots)" "www.ysfine.com"
5.45.207.101 - - [17/Sep/2022:10:55:11 -0700] "GET /usca/pgh.html HTTP/1.1" 200 13572 "-" "Mozilla/5.0 (compatible; YandexBot/3.0; +http://yandex.com/bots)" "www.ysfine.com"
5.255.253.121 - - [17/Sep/2022:10:55:14 -0700] "GET /style/artlove.html HTTP/1.1" 200 16005 "-" "Mozilla/5.0 (compatible; YandexBot/3.0; +http://yandex.com/bots)" "www.ysfine.com"
162.55.85.225 - - [17/Sep/2022:10:55:15 -0700] "GET /maga/conic.html HTTP/1.1" 200 4049 "-" "Mozilla/5.0 (compatible; BLEXBot/1.0; +http://webmeup-crawler.com/)" "www.ysfine.com"
87.250.224.80 - - [17/Sep/2022:10:55:16 -0700] "GET /ffriends/admire.html HTTP/1.1" 200 408 "-" "Mozilla/5.0 (compatible; YandexBot/3.0; +http://yandex.com/bots)" "www.ysfine.com"
54.36.148.30 - - [17/Sep/2022:10:55:17 -0700] "GET /class54/class5470/total_data/sub_243.htm HTTP/1.1" 200 3403 "-" "Mozilla/5.0 (compatible; AhrefsBot/7.0; +http://ahrefs.com/robot/)" "www.ysfine.com"
54.36.148.103 - - [17/Sep/2022:10:55:18 -0700] "GET /class54/class5470/total_data/photo_img/2-43.jpg HTTP/1.1" 200 182893 "-" "Mozilla/5.0 (compatible; AhrefsBot/7.0; +http://ahrefs.com/robot/)" "www.ysfine.com"
5.45.207.125 - - [17/Sep/2022:10:55:19 -0700] "GET /kobak/soraech.html HTTP/1.1" 200 16670 "-" "Mozilla/5.0 (compatible; YandexBot/3.0; +http://yandex.com/bots)" "www.ysfine.com"
95.108.213.24 - - [17/Sep/2022:10:55:22 -0700] "GET /wdc/wasdc.html HTTP/1.1" 200 13715 "-" "Mozilla/5.0 (compatible; YandexBot/3.0; +http://yandex.com/bots)" "www.ysfine.com"
95.108.213.54 - - [17/Sep/2022:10:55:24 -0700] "GET /eink/mose.html HTTP/1.1" 200 14315 "-" "Mozilla/5.0 (compatible; YandexBot/3.0; +http://yandex.com/bots)" "www.ysfine.com"
95.108.213.64 - - [17/Sep/2022:10:55:27 -0700] "GET /style/socrates.html HTTP/1.1" 200 589 "-" "Mozilla/5.0 (compatible; YandexBot/3.0; +http://yandex.com/bots)" "www.ysfine.com"
162.55.85.225 - - [17/Sep/2022:10:55:28 -0700] "GET /maga/copergali.html HTTP/1.1" 200 5140 "-" "Mozilla/5.0 (compatible; BLEXBot/1.0; +http://webmeup-crawler.com/)" "www.ysfine.com"
162.55.85.225 - - [17/Sep/2022:10:55:29 -0700] "GET /sitemap.txt HTTP/1.1" 404 88 "-" "Mozilla/5.0 (compatible; BLEXBot/1.0; +http://webmeup-crawler.com/)" "ysfine.com"
95.108.213.64 - - [17/Sep/2022:10:55:29 -0700] "GET /kobak/yskor.html HTTP/1.1" 200 9943 "-" "Mozilla/5.0 (compatible; YandexBot/3.0; +http://yandex.com/bots)" "www.ysfine.com"
162.55.85.225 - - [17/Sep/2022:10:55:41 -0700] "GET /maga/copislam.html HTTP/1.1" 200 5140 "-" "Mozilla/5.0 (compatible; BLEXBot/1.0; +http://webmeup-crawler.com/)" "www.ysfine.com"
162.55.85.225 - - [17/Sep/2022:10:55:41 -0700] "GET /sitemap.txt HTTP/1.1" 404 88 "-" "Mozilla/5.0 (compatible; BLEXBot/1.0; +http://webmeup-crawler.com/)" "www.ysfine.com"
5.255.253.121 - - [17/Sep/2022:10:55:51 -0700] "GET /wdc/shoreham11b.jpg HTTP/1.1" 200 43626 "-" "Mozilla/5.0 (compatible; YandexImages/3.0; +http://yandex.com/bots)" "www.ysfine.com"
162.55.85.225 - - [17/Sep/2022:10:55:54 -0700] "GET /dongio/twosist.html HTTP/1.1" 404 88 "-" "Mozilla/5.0 (compatible; BLEXBot/1.0; +http://webmeup-crawler.com/)" "www.ysfine.com"
162.55.85.225 - - [17/Sep/2022:10:55:54 -0700] "GET /maga/deforest.html HTTP/1.1" 200 4660 "-" "Mozilla/5.0 (compatible; BLEXBot/1.0; +http://webmeup-crawler.com/)" "www.ysfine.com"
5.255.253.143 - - [17/Sep/2022:10:55:54 -0700] "GET /wdc/umd.html HTTP/1.1" 200 3139 "-" "Mozilla/5.0 (compatible; YandexBot/3.0; +http://yandex.com/bots)" "www.ysfine.com"
222.121.60.29 - - [17/Sep/2022:10:55:56 -0700] "GET /dirac/dircanal.html HTTP/1.1" 200 10551 "http://www.ysfine.com/dirac/dircanal.html" "Mozilla/5.0 Chrome/90.0.4430.212" "www.ysfine.com"
162.55.85.225 - - [17/Sep/2022:10:56:06 -0700] "GET /einstein/einabel.html HTTP/1.1" 200 5982 "-" "Mozilla/5.0 (compatible; BLEXBot/1.0; +http://webmeup-crawler.com/)" "www.ysfine.com"
162.55.85.225 - - [17/Sep/2022:10:56:06 -0700] "GET /maga/desiree.html HTTP/1.1" 200 2747 "-" "Mozilla/5.0 (compatible; BLEXBot/1.0; +http://webmeup-crawler.com/)" "www.ysfine.com"
162.55.85.225 - - [17/Sep/2022:10:56:19 -0700] "GET /einstein/eincurie.html HTTP/1.1" 200 895 "-" "Mozilla/5.0 (compatible; BLEXBot/1.0; +http://webmeup-crawler.com/)" "www.ysfine.com"
162.55.85.225 - - [17/Sep/2022:10:56:21 -0700] "GET /maga/edison.html HTTP/1.1" 200 4787 "-" "Mozilla/5.0 (compatible; BLEXBot/1.0; +http://webmeup-crawler.com/)" "www.ysfine.com"
40.77.167.27 - - [17/Sep/2022:10:56:23 -0700] "GET /dirac/dirheisen.html HTTP/1.1" 200 4650 "-" "Mozilla/5.0 (compatible; bingbot/2.0; +http://www.bing.com/bingbot.htm)" "www.ysfine.com"
40.77.167.35 - - [17/Sep/2022:10:56:24 -0700] "GET /world/france/stras30.jpg HTTP/1.1" 200 161782 "-" "Mozilla/5.0 (compatible; bingbot/2.0; +http://www.bing.com/bingbot.htm)" "ysfine.com"
40.77.167.35 - - [17/Sep/2022:10:56:27 -0700] "GET /maga/maxedin.html HTTP/1.1" 200 6756 "-" "Mozilla/5.0 (compatible; bingbot/2.0; +http://www.bing.com/bingbot.htm)" "www.ysfine.com"
40.77.167.35 - - [17/Sep/2022:10:56:27 -0700] "GET /jobs/koreaj.html HTTP/1.1" 200 10214 "-" "Mozilla/5.0 (compatible; bingbot/2.0; +http://www.bing.com/bingbot.htm)" "www.ysfine.com"
40.77.167.33 - - [17/Sep/2022:10:56:27 -0700] "GET /feynman/chapline2.jpg HTTP/1.1" 200 36026 "-" "Mozilla/5.0 (compatible; bingbot/2.0; +http://www.bing.com/bingbot.htm)" "www.ysfine.com"
162.55.85.225 - - [17/Sep/2022:10:56:31 -0700] "GET /einstein/einstorie.html HTTP/1.1" 200 2505 "-" "Mozilla/5.0 (compatible; BLEXBot/1.0; +http://webmeup-crawler.com/)" "www.ysfine.com"
162.55.85.225 - - [17/Sep/2022:10:56:35 -0700] "GET /maga/editesl.html HTTP/1.1" 200 7578 "-" "Mozilla/5.0 (compatible; BLEXBot/1.0; +http://webmeup-crawler.com/)" "www.ysfine.com"
162.55.85.225 - - [17/Sep/2022:10:56:43 -0700] "GET /einstein/einusa.html HTTP/1.1" 200 8153 "-" "Mozilla/5.0 (compatible; BLEXBot/1.0; +http://webmeup-crawler.com/)" "www.ysfine.com"
87.250.224.80 - - [17/Sep/2022:10:56:45 -0700] "GET /maga/eisenstein.html HTTP/1.1" 200 8460 "-" "Mozilla/5.0 (compatible; YandexBot/3.0; +http://yandex.com/bots)" "www.ysfine.com"
162.55.85.225 - - [17/Sep/2022:10:56:48 -0700] "GET /maga/faraday.html HTTP/1.1" 200 6233 "-" "Mozilla/5.0 (compatible; BLEXBot/1.0; +http://webmeup-crawler.com/)" "www.ysfine.com"
162.55.85.225 - - [17/Sep/2022:10:56:56 -0700] "GET /einstein/einxmas.html HTTP/1.1" 200 2693 "-" "Mozilla/5.0 (compatible; BLEXBot/1.0; +http://webmeup-crawler.com/)" "www.ysfine.com"
162.55.85.225 - - [17/Sep/2022:10:57:00 -0700] "GET /maga/fermi.html HTTP/1.1" 200 3387 "-" "Mozilla/5.0 (compatible; BLEXBot/1.0; +http://webmeup-crawler.com/)" "www.ysfine.com"
173.73.80.118 - - [17/Sep/2022:10:57:08 -0700] "GET /home/fotos/flor14.jpg HTTP/1.1" 200 297542 "https://www.ysfine.com/home/bio22.html" "Mozilla/5.0 (Linux; Android 5.1.1; KFSUWI) AppleWebKit/537.36 (KHTML, like Gecko) Silk/104.2.16 like Chrome/104.0.5112.114 Safari/537.36" "www.ysfine.com"
5.45.207.125 - - [17/Sep/2022:10:57:09 -0700] "GET /princeton/yspr.html HTTP/1.1" 200 5439 "-" "Mozilla/5.0 (compatible; YandexBot/3.0; +http://yandex.com/bots)" "www.ysfine.com"
95.108.213.24 - - [17/Sep/2022:10:57:11 -0700] "GET /home/yshome.html HTTP/1.1" 200 5699 "-" "Mozilla/5.0 (compatible; YandexBot/3.0; +http://yandex.com/bots)" "www.ysfine.com"
162.55.85.225 - - [17/Sep/2022:10:57:12 -0700] "GET /maga/galileo.html HTTP/1.1" 200 4725 "-" "Mozilla/5.0 (compatible; BLEXBot/1.0; +http://webmeup-crawler.com/)" "www.ysfine.com"
20.232.107.212 - - [17/Sep/2022:10:57:25 -0700] "GET /houses/house11.jpg HTTP/1.1" 200 125809 "-" "Mozilla/5.0 (Windows NT 10.0; Win64; x64) AppleWebKit/537.36 (KHTML, like Gecko) Chrome/86.0.4240.75 Safari/537.36" "ysfine.com"
162.55.85.225 - - [17/Sep/2022:10:57:26 -0700] "GET /maga/hegel.html HTTP/1.1" 200 4700 "-" "Mozilla/5.0 (compatible; BLEXBot/1.0; +http://webmeup-crawler.com/)" "www.ysfine.com"
162.55.85.225 - - [17/Sep/2022:10:57:27 -0700] "GET /einstein/kant.html HTTP/1.1" 404 88 "-" "Mozilla/5.0 (compatible; BLEXBot/1.0; +http://webmeup-crawler.com/)" "www.ysfine.com"
162.55.85.225 - - [17/Sep/2022:10:57:39 -0700] "GET /maga/hermite.html HTTP/1.1" 200 4102 "-" "Mozilla/5.0 (compatible; BLEXBot/1.0; +http://webmeup-crawler.com/)" "www.ysfine.com"
52.234.179.28 - - [17/Sep/2022:10:57:41 -0700] "GET /world/london.html HTTP/1.1" 200 16969 "-" "Mozilla/5.0 (Windows NT 10.0; Win64; x64) AppleWebKit/537.36 (KHTML, like Gecko) Chrome/86.0.4240.75 Safari/537.36" "ysfine.com"
162.55.85.225 - - [17/Sep/2022:10:57:53 -0700] "GET /maga/herod.html HTTP/1.1" 200 4341 "-" "Mozilla/5.0 (compatible; BLEXBot/1.0; +http://webmeup-crawler.com/)" "www.ysfine.com"
162.55.85.225 - - [17/Sep/2022:10:57:58 -0700] "GET /feynman/chewfrau.html HTTP/1.1" 200 3075 "-" "Mozilla/5.0 (compatible; BLEXBot/1.0; +http://webmeup-crawler.com/)" "www.ysfine.com"
5.45.207.101 - - [17/Sep/2022:10:58:05 -0700] "GET /princeton/yspr.html HTTP/1.1" 200 5439 "-" "Mozilla/5.0 (compatible; YandexBot/3.0; +http://yandex.com/bots)" "www.ysfine.com"
162.55.85.225 - - [17/Sep/2022:10:58:05 -0700] "GET /maga/hosc.html HTTP/1.1" 200 1463 "-" "Mozilla/5.0 (compatible; BLEXBot/1.0; +http://webmeup-crawler.com/)" "www.ysfine.com"
95.108.213.24 - - [17/Sep/2022:10:58:07 -0700] "GET /home/yshome.html HTTP/1.1" 200 5699 "-" "Mozilla/5.0 (compatible; YandexBot/3.0; +http://yandex.com/bots)" "www.ysfine.com"
162.55.85.225 - - [17/Sep/2022:10:58:18 -0700] "GET /maga/hugo.html HTTP/1.1" 200 4000 "-" "Mozilla/5.0 (compatible; BLEXBot/1.0; +http://webmeup-crawler.com/)" "www.ysfine.com"
54.36.148.175 - - [17/Sep/2022:10:58:18 -0700] "GET /style/spbpiano.html HTTP/1.1" 200 1801 "-" "Mozilla/5.0 (compatible; AhrefsBot/7.0; +http://ahrefs.com/robot/)" "www.ysfine.com"
54.36.148.164 - - [17/Sep/2022:10:58:19 -0700] "GET /world/russ/spbpi07b.jpg HTTP/1.1" 200 44525 "-" "Mozilla/5.0 (compatible; AhrefsBot/7.0; +http://ahrefs.com/robot/)" "www.ysfine.com"
54.36.148.118 - - [17/Sep/2022:10:58:20 -0700] "GET /world/russ/spbpi03b.jpg HTTP/1.1" 200 39436 "-" "Mozilla/5.0 (compatible; AhrefsBot/7.0; +http://ahrefs.com/robot/)" "www.ysfine.com"
54.36.148.207 - - [17/Sep/2022:10:58:20 -0700] "GET /world/russ/spbpi02b.jpg HTTP/1.1" 200 34109 "-" "Mozilla/5.0 (compatible; AhrefsBot/7.0; +http://ahrefs.com/robot/)" "www.ysfine.com"
54.36.149.68 - - [17/Sep/2022:10:58:21 -0700] "GET /world/russ/spbpi01a.jpg HTTP/1.1" 200 47890 "-" "Mozilla/5.0 (compatible; AhrefsBot/7.0; +http://ahrefs.com/robot/)" "www.ysfine.com"
54.36.148.69 - - [17/Sep/2022:10:58:21 -0700] "GET /world/russ/spbpi08b.jpg HTTP/1.1" 200 34889 "-" "Mozilla/5.0 (compatible; AhrefsBot/7.0; +http://ahrefs.com/robot/)" "www.ysfine.com"
54.36.148.108 - - [17/Sep/2022:10:58:22 -0700] "GET /world/russ/spbpi04b.jpg HTTP/1.1" 200 40390 "-" "Mozilla/5.0 (compatible; AhrefsBot/7.0; +http://ahrefs.com/robot/)" "www.ysfine.com"
54.36.148.180 - - [17/Sep/2022:10:58:22 -0700] "GET /world/russ/spbpi11b.jpg HTTP/1.1" 200 44991 "-" "Mozilla/5.0 (compatible; AhrefsBot/7.0; +http://ahrefs.com/robot/)" "www.ysfine.com"
54.36.148.97 - - [17/Sep/2022:10:58:23 -0700] "GET /world/russ/spbpi05b.jpg HTTP/1.1" 200 31815 "-" "Mozilla/5.0 (compatible; AhrefsBot/7.0; +http://ahrefs.com/robot/)" "www.ysfine.com"
162.55.85.225 - - [17/Sep/2022:10:58:28 -0700] "GET /feynman/feybot.html HTTP/1.1" 404 88 "-" "Mozilla/5.0 (compatible; BLEXBot/1.0; +http://webmeup-crawler.com/)" "www.ysfine.com"
162.55.85.225 - - [17/Sep/2022:10:58:31 -0700] "GET /maga/huygens.html HTTP/1.1" 200 5039 "-" "Mozilla/5.0 (compatible; BLEXBot/1.0; +http://webmeup-crawler.com/)" "www.ysfine.com"
162.55.85.225 - - [17/Sep/2022:10:58:44 -0700] "GET /maga/keigel.html HTTP/1.1" 200 6995 "-" "Mozilla/5.0 (compatible; BLEXBot/1.0; +http://webmeup-crawler.com/)" "www.ysfine.com"
162.55.85.225 - - [17/Sep/2022:10:58:57 -0700] "GET /maga/landau.html HTTP/1.1" 200 6658 "-" "Mozilla/5.0 (compatible; BLEXBot/1.0; +http://webmeup-crawler.com/)" "www.ysfine.com"
162.55.85.225 - - [17/Sep/2022:10:58:59 -0700] "GET /feynman/fphoto.html HTTP/1.1" 200 3714 "-" "Mozilla/5.0 (compatible; BLEXBot/1.0; +http://webmeup-crawler.com/)" "www.ysfine.com"
162.55.85.225 - - [17/Sep/2022:10:59:09 -0700] "GET /maga/lorenuni.html HTTP/1.1" 200 2365 "-" "Mozilla/5.0 (compatible; BLEXBot/1.0; +http://webmeup-crawler.com/)" "www.ysfine.com"
162.55.85.225 - - [17/Sep/2022:10:59:23 -0700] "GET /maga/marxphil.html HTTP/1.1" 404 88 "-" "Mozilla/5.0 (compatible; BLEXBot/1.0; +http://webmeup-crawler.com/)" "www.ysfine.com"
162.55.85.225 - - [17/Sep/2022:10:59:30 -0700] "GET /feynman/restof.html HTTP/1.1" 200 4709 "-" "Mozilla/5.0 (compatible; BLEXBot/1.0; +http://webmeup-crawler.com/)" "www.ysfine.com"
162.55.85.225 - - [17/Sep/2022:10:59:35 -0700] "GET /maga/maxedin.html HTTP/1.1" 200 6756 "-" "Mozilla/5.0 (compatible; BLEXBot/1.0; +http://webmeup-crawler.com/)" "www.ysfine.com"
157.55.39.112 - - [17/Sep/2022:10:59:44 -0700] "GET /robots.txt HTTP/1.1" 404 88 "-" "Mozilla/5.0 AppleWebKit/537.36 (KHTML, like Gecko; compatible; bingbot/2.0; +http://www.bing.com/bingbot.htm) Chrome/103.0.5060.134 Safari/537.36" "www.ysfine.com"
162.55.85.225 - - [17/Sep/2022:10:59:48 -0700] "GET /maga/mellon.html HTTP/1.1" 200 2949 "-" "Mozilla/5.0 (compatible; BLEXBot/1.0; +http://webmeup-crawler.com/)" "www.ysfine.com"
5.45.207.150 - - [17/Sep/2022:10:59:49 -0700] "GET /style/digilit.html HTTP/1.1" 200 8470 "-" "Mozilla/5.0 (compatible; YandexBot/3.0; +http://yandex.com/bots)" "www.ysfine.com"
157.55.39.146 - - [17/Sep/2022:10:59:52 -0700] "GET /dirac/sq73.jpg HTTP/1.1" 200 141429 "-" "Mozilla/5.0 (compatible; bingbot/2.0; +http://www.bing.com/bingbot.htm)" "www.ysfine.com"
162.55.85.225 - - [17/Sep/2022:11:00:01 -0700] "GET /maga/minkowski.html HTTP/1.1" 200 4752 "-" "Mozilla/5.0 (compatible; BLEXBot/1.0; +http://webmeup-crawler.com/)" "www.ysfine.com"
162.55.85.225 - - [17/Sep/2022:11:00:01 -0700] "GET /friends/garden.html HTTP/1.1" 404 88 "-" "Mozilla/5.0 (compatible; BLEXBot/1.0; +http://webmeup-crawler.com/)" "www.ysfine.com"
162.55.85.225 - - [17/Sep/2022:11:00:13 -0700] "GET /maga/okun.html HTTP/1.1" 200 883 "-" "Mozilla/5.0 (compatible; BLEXBot/1.0; +http://webmeup-crawler.com/)" "www.ysfine.com"
162.55.85.225 - - [17/Sep/2022:11:00:26 -0700] "GET /maga/phil/marxphil.html HTTP/1.1" 404 88 "-" "Mozilla/5.0 (compatible; BLEXBot/1.0; +http://webmeup-crawler.com/)" "www.ysfine.com"
40.77.190.156 - - [17/Sep/2022:11:00:26 -0700] "GET /style/stleft.html HTTP/1.1" 200 1653 "-" "Mozilla/5.0 (Windows NT 6.1; WOW64) AppleWebKit/534+ (KHTML, like Gecko) BingPreview/1.0b" "www.ysfine.com"
40.77.190.171 - - [17/Sep/2022:11:00:26 -0700] "GET /style/strigh.html HTTP/1.1" 200 3368 "-" "Mozilla/5.0 (Windows NT 6.1; WOW64) AppleWebKit/534+ (KHTML, like Gecko) BingPreview/1.0b" "www.ysfine.com"
95.108.213.24 - - [17/Sep/2022:11:00:29 -0700] "GET /newyork/nyp.html HTTP/1.1" 200 8310 "-" "Mozilla/5.0 (compatible; YandexBot/3.0; +http://yandex.com/bots)" "www.ysfine.com"
162.55.85.225 - - [17/Sep/2022:11:00:32 -0700] "GET /kobak/rheetr.html HTTP/1.1" 200 838 "-" "Mozilla/5.0 (compatible; BLEXBot/1.0; +http://webmeup-crawler.com/)" "www.ysfine.com"
162.55.85.225 - - [17/Sep/2022:11:00:38 -0700] "GET /maga/phys/yukawa.html HTTP/1.1" 404 88 "-" "Mozilla/5.0 (compatible; BLEXBot/1.0; +http://webmeup-crawler.com/)" "www.ysfine.com"
95.108.213.24 - - [17/Sep/2022:11:00:46 -0700] "GET /world/musplace.html HTTP/1.1" 200 22077 "-" "Mozilla/5.0 (compatible; YandexBot/3.0; +http://yandex.com/bots)" "www.ysfine.com"
162.55.85.225 - - [17/Sep/2022:11:00:50 -0700] "GET /maga/poincare.html HTTP/1.1" 200 7726 "-" "Mozilla/5.0 (compatible; BLEXBot/1.0; +http://webmeup-crawler.com/)" "www.ysfine.com"
66.249.75.40 - - [17/Sep/2022:11:00:51 -0700] "GET /world/germany/berlin022.jpg HTTP/1.1" 304 - "-" "Googlebot-Image/1.0" "ysfine.com"
162.55.85.225 - - [17/Sep/2022:11:01:03 -0700] "GET /maga/eisenstein.html HTTP/1.1" 200 8460 "-" "Mozilla/5.0 (compatible; BLEXBot/1.0; +http://webmeup-crawler.com/)" "www.ysfine.com"
162.55.85.225 - - [17/Sep/2022:11:01:03 -0700] "GET /maga/popov.html HTTP/1.1" 200 8651 "-" "Mozilla/5.0 (compatible; BLEXBot/1.0; +http://webmeup-crawler.com/)" "www.ysfine.com"
162.55.85.225 - - [17/Sep/2022:11:01:15 -0700] "GET /maga/pupin.html HTTP/1.1" 200 5043 "-" "Mozilla/5.0 (compatible; BLEXBot/1.0; +http://webmeup-crawler.com/)" "www.ysfine.com"
54.36.148.155 - - [17/Sep/2022:11:01:23 -0700] "GET /class54/class5470/total_data/sub_780.htm HTTP/1.1" 200 3289 "-" "Mozilla/5.0 (compatible; AhrefsBot/7.0; +http://ahrefs.com/robot/)" "ysfine.com"
54.36.148.78 - - [17/Sep/2022:11:01:24 -0700] "GET /class54/class5470/total_data/photo_img/7-80.jpg HTTP/1.1" 200 244928 "-" "Mozilla/5.0 (compatible; AhrefsBot/7.0; +http://ahrefs.com/robot/)" "ysfine.com"
162.55.85.225 - - [17/Sep/2022:11:01:28 -0700] "GET /maga/sanchez.html HTTP/1.1" 200 1278 "-" "Mozilla/5.0 (compatible; BLEXBot/1.0; +http://webmeup-crawler.com/)" "www.ysfine.com"
162.55.85.225 - - [17/Sep/2022:11:01:33 -0700] "GET /maga/galtime.html HTTP/1.1" 200 1944 "-" "Mozilla/5.0 (compatible; BLEXBot/1.0; +http://webmeup-crawler.com/)" "www.ysfine.com"
162.55.85.225 - - [17/Sep/2022:11:01:40 -0700] "GET /maga/sartre.html HTTP/1.1" 200 7719 "-" "Mozilla/5.0 (compatible; BLEXBot/1.0; +http://webmeup-crawler.com/)" "www.ysfine.com"
162.55.85.225 - - [17/Sep/2022:11:01:57 -0700] "GET /maga/schrodein.html HTTP/1.1" 200 5672 "-" "Mozilla/5.0 (compatible; BLEXBot/1.0; +http://webmeup-crawler.com/)" "www.ysfine.com"
185.184.157.92 - - [17/Sep/2022:11:02:01 -0700] "GET /style/shops.html HTTP/1.1" 200 2829 "-" "Mozilla/5.0 (compatible; linkdexbot/2.0; +http://www.linkdex.com/bots/)" "ysfine.com"
185.184.157.92 - - [17/Sep/2022:11:02:01 -0700] "GET /robots.txt HTTP/1.1" 404 88 "-" "Mozilla/5.0 (compatible; linkdexbot/2.0; +http://www.linkdex.com/bots/)" "ysfine.com"
185.184.157.92 - - [17/Sep/2022:11:02:01 -0700] "GET /robots.txt HTTP/1.1" 404 88 "-" "Mozilla/5.0 (compatible; linkdexbot/2.0; +http://www.linkdex.com/bots/)" "www.ysfine.com"
162.55.85.225 - - [17/Sep/2022:11:02:04 -0700] "GET /maga/kant.html HTTP/1.1" 200 8714 "-" "Mozilla/5.0 (compatible; BLEXBot/1.0; +http://webmeup-crawler.com/)" "www.ysfine.com"
162.55.85.225 - - [17/Sep/2022:11:02:10 -0700] "GET /maga/schroedinger.html HTTP/1.1" 200 6325 "-" "Mozilla/5.0 (compatible; BLEXBot/1.0; +http://webmeup-crawler.com/)" "www.ysfine.com"
162.55.85.225 - - [17/Sep/2022:11:02:22 -0700] "GET /maga/tesla.html HTTP/1.1" 200 4852 "-" "Mozilla/5.0 (compatible; BLEXBot/1.0; +http://webmeup-crawler.com/)" "www.ysfine.com"
40.77.167.33 - - [17/Sep/2022:11:02:28 -0700] "GET /wigner/taylor02.jpg HTTP/1.1" 200 100248 "-" "Mozilla/5.0 (compatible; bingbot/2.0; +http://www.bing.com/bingbot.htm)" "ysfine.com"
162.55.85.225 - - [17/Sep/2022:11:02:34 -0700] "GET /maga/three.html HTTP/1.1" 200 7358 "-" "Mozilla/5.0 (compatible; BLEXBot/1.0; +http://webmeup-crawler.com/)" "www.ysfine.com"
173.73.80.118 - - [17/Sep/2022:11:02:38 -0700] "GET /home/bio22.html HTTP/1.1" 304 - "https://www.ysfine.com/ys11/index.html" "Mozilla/5.0 (Linux; Android 5.1.1; KFSUWI) AppleWebKit/537.36 (KHTML, like Gecko) Silk/104.2.16 like Chrome/104.0.5112.114 Safari/537.36" "www.ysfine.com"
40.77.167.35 - - [17/Sep/2022:11:02:38 -0700] "GET /kobak/kangban.jpg HTTP/1.1" 200 100804 "-" "Mozilla/5.0 (compatible; bingbot/2.0; +http://www.bing.com/bingbot.htm)" "www.ysfine.com"
162.55.85.225 - - [17/Sep/2022:11:02:40 -0700] "GET /newyork/nyc.html HTTP/1.1" 200 31389 "-" "Mozilla/5.0 (compatible; BLEXBot/1.0; +http://webmeup-crawler.com/)" "www.ysfine.com"
173.73.80.118 - - [17/Sep/2022:11:02:43 -0700] "GET /awards/iao.html HTTP/1.1" 304 - "https://www.ysfine.com/ys11/index.html" "Mozilla/5.0 (Linux; Android 5.1.1; KFSUWI) AppleWebKit/537.36 (KHTML, like Gecko) Silk/104.2.16 like Chrome/104.0.5112.114 Safari/537.36" "www.ysfine.com"
173.73.80.118 - - [17/Sep/2022:11:02:43 -0700] "GET /home/top21d.jpg HTTP/1.1" 200 74409 "https://www.ysfine.com/awards/iao.html" "Mozilla/5.0 (Linux; Android 5.1.1; KFSUWI) AppleWebKit/537.36 (KHTML, like Gecko) Silk/104.2.16 like Chrome/104.0.5112.114 Safari/537.36" "www.ysfine.com"
173.73.80.118 - - [17/Sep/2022:11:02:43 -0700] "GET /home/truck/truck450.jpg HTTP/1.1" 200 42871 "https://www.ysfine.com/awards/iao.html" "Mozilla/5.0 (Linux; Android 5.1.1; KFSUWI) AppleWebKit/537.36 (KHTML, like Gecko) Silk/104.2.16 like Chrome/104.0.5112.114 Safari/537.36" "www.ysfine.com"
173.73.80.118 - - [17/Sep/2022:11:02:43 -0700] "GET /home/eink54f.jpg HTTP/1.1" 200 96332 "https://www.ysfine.com/awards/iao.html" "Mozilla/5.0 (Linux; Android 5.1.1; KFSUWI) AppleWebKit/537.36 (KHTML, like Gecko) Silk/104.2.16 like Chrome/104.0.5112.114 Safari/537.36" "www.ysfine.com"
173.73.80.118 - - [17/Sep/2022:11:02:43 -0700] "GET /kobak/taylor400.jpg HTTP/1.1" 200 56181 "https://www.ysfine.com/awards/iao.html" "Mozilla/5.0 (Linux; Android 5.1.1; KFSUWI) AppleWebKit/537.36 (KHTML, like Gecko) Silk/104.2.16 like Chrome/104.0.5112.114 Safari/537.36" "www.ysfine.com"
173.73.80.118 - - [17/Sep/2022:11:02:43 -0700] "GET /home/timessq33d.jpg HTTP/1.1" 200 69824 "https://www.ysfine.com/awards/iao.html" "Mozilla/5.0 (Linux; Android 5.1.1; KFSUWI) AppleWebKit/537.36 (KHTML, like Gecko) Silk/104.2.16 like Chrome/104.0.5112.114 Safari/537.36" "www.ysfine.com"
162.55.85.225 - - [17/Sep/2022:11:02:47 -0700] "GET /maga/twobytwo.html HTTP/1.1" 200 1998 "-" "Mozilla/5.0 (compatible; BLEXBot/1.0; +http://webmeup-crawler.com/)" "www.ysfine.com"
162.55.85.225 - - [17/Sep/2022:11:03:00 -0700] "GET /maga/weyl.html HTTP/1.1" 200 4239 "-" "Mozilla/5.0 (compatible; BLEXBot/1.0; +http://webmeup-crawler.com/)" "www.ysfine.com"
162.55.85.225 - - [17/Sep/2022:11:03:13 -0700] "GET /maga/wright.html HTTP/1.1" 200 1927 "-" "Mozilla/5.0 (compatible; BLEXBot/1.0; +http://webmeup-crawler.com/)" "www.ysfine.com"
162.55.85.225 - - [17/Sep/2022:11:03:10 -0700] "GET /people/towhee HTTP/1.1" 200 64342 "-" "Mozilla/5.0 (compatible; BLEXBot/1.0; +http://webmeup-crawler.com/)" "www.ysfine.com"
162.55.85.225 - - [17/Sep/2022:11:03:26 -0700] "GET /mose/index.html HTTP/1.1" 404 88 "-" "Mozilla/5.0 (compatible; BLEXBot/1.0; +http://webmeup-crawler.com/)" "www.ysfine.com"
162.55.85.225 - - [17/Sep/2022:11:03:38 -0700] "GET /people/index.html HTTP/1.1" 200 125 "-" "Mozilla/5.0 (compatible; BLEXBot/1.0; +http://webmeup-crawler.com/)" "ysfine.com"
40.77.167.33 - - [17/Sep/2022:11:03:39 -0700] "GET /world/france/sorbonne26.jpg HTTP/1.1" 200 100773 "-" "Mozilla/5.0 (compatible; bingbot/2.0; +http://www.bing.com/bingbot.htm)" "ysfine.com"
162.55.85.225 - - [17/Sep/2022:11:03:46 -0700] "GET /princeston/prade.html HTTP/1.1" 404 88 "-" "Mozilla/5.0 (compatible; BLEXBot/1.0; +http://webmeup-crawler.com/)" "www.ysfine.com"
162.55.85.225 - - [17/Sep/2022:11:03:50 -0700] "GET /people/peo.html HTTP/1.1" 200 13502 "-" "Mozilla/5.0 (compatible; BLEXBot/1.0; +http://webmeup-crawler.com/)" "www.ysfine.com"
162.55.85.225 - - [17/Sep/2022:11:04:05 -0700] "GET /people/pimage.html HTTP/1.1" 200 7965 "-" "Mozilla/5.0 (compatible; BLEXBot/1.0; +http://webmeup-crawler.com/)" "www.ysfine.com"
162.55.85.225 - - [17/Sep/2022:11:04:17 -0700] "GET /princeton/brooke.html HTTP/1.1" 200 952 "-" "Mozilla/5.0 (compatible; BLEXBot/1.0; +http://webmeup-crawler.com/)" "www.ysfine.com"
54.36.148.67 - - [17/Sep/2022:11:04:16 -0700] "GET /class54/class5470/total_data/sub_778.htm HTTP/1.1" 200 3289 "-" "Mozilla/5.0 (compatible; AhrefsBot/7.0; +http://ahrefs.com/robot/)" "ysfine.com"
162.55.85.225 - - [17/Sep/2022:11:04:18 -0700] "GET /philo/keigel.html HTTP/1.1" 200 7368 "-" "Mozilla/5.0 (compatible; BLEXBot/1.0; +http://webmeup-crawler.com/)" "www.ysfine.com"
162.55.85.225 - - [17/Sep/2022:11:04:33 -0700] "GET /philo/keigel21.html HTTP/1.1" 200 13414 "-" "Mozilla/5.0 (compatible; BLEXBot/1.0; +http://webmeup-crawler.com/)" "www.ysfine.com"
40.77.167.27 - - [17/Sep/2022:11:04:33 -0700] "GET /world/latina/cancun02.jpg HTTP/1.1" 200 196402 "-" "Mozilla/5.0 (compatible; bingbot/2.0; +http://www.bing.com/bingbot.htm)" "ysfine.com"
40.77.167.35 - - [17/Sep/2022:11:04:44 -0700] "GET /wigner/neum/vnc18.jpg HTTP/1.1" 200 89614 "-" "Mozilla/5.0 (compatible; bingbot/2.0; +http://www.bing.com/bingbot.htm)" "ysfine.com"
162.55.85.225 - - [17/Sep/2022:11:04:46 -0700] "GET /philo/sartre.html HTTP/1.1" 200 7721 "-" "Mozilla/5.0 (compatible; BLEXBot/1.0; +http://webmeup-crawler.com/)" "www.ysfine.com"
162.55.85.225 - - [17/Sep/2022:11:04:47 -0700] "GET /princeton/butler.html HTTP/1.1" 200 407 "-" "Mozilla/5.0 (compatible; BLEXBot/1.0; +http://webmeup-crawler.com/)" "www.ysfine.com"
40.77.167.62 - - [17/Sep/2022:11:04:53 -0700] "GET /usca/pitt/fortpitt01b.jpg HTTP/1.1" 200 31243 "-" "Mozilla/5.0 (compatible; bingbot/2.0; +http://www.bing.com/bingbot.htm)" "ysfine.com"
162.55.85.225 - - [17/Sep/2022:11:04:58 -0700] "GET /princeton/campus.html HTTP/1.1" 200 15142 "-" "Mozilla/5.0 (compatible; BLEXBot/1.0; +http://webmeup-crawler.com/)" "ysfine.com"
40.77.167.35 - - [17/Sep/2022:11:05:13 -0700] "GET /world/russ/kiev031.jpg HTTP/1.1" 200 81634 "-" "Mozilla/5.0 (compatible; bingbot/2.0; +http://www.bing.com/bingbot.htm)" "ysfine.com"
162.55.85.225 - - [17/Sep/2022:11:05:17 -0700] "GET /princeton/pgh.html HTTP/1.1" 404 88 "-" "Mozilla/5.0 (compatible; BLEXBot/1.0; +http://webmeup-crawler.com/)" "www.ysfine.com"
162.55.85.225 - - [17/Sep/2022:11:05:17 -0700] "GET /princeton/butler2011.html HTTP/1.1" 200 405 "-" "Mozilla/5.0 (compatible; BLEXBot/1.0; +http://webmeup-crawler.com/)" "www.ysfine.com"
162.55.85.225 - - [17/Sep/2022:11:05:29 -0700] "GET /princeton/prince.html HTTP/1.1" 200 2567 "-" "Mozilla/5.0 (compatible; BLEXBot/1.0; +http://webmeup-crawler.com/)" "www.ysfine.com"
162.55.85.225 - - [17/Sep/2022:11:05:42 -0700] "GET /princeton/psrigh.html HTTP/1.1" 404 88 "-" "Mozilla/5.0 (compatible; BLEXBot/1.0; +http://webmeup-crawler.com/)" "www.ysfine.com"
162.55.85.225 - - [17/Sep/2022:11:05:47 -0700] "GET /princeton/cosmic.html HTTP/1.1" 200 933 "-" "Mozilla/5.0 (compatible; BLEXBot/1.0; +http://webmeup-crawler.com/)" "www.ysfine.com"
162.55.85.225 - - [17/Sep/2022:11:05:54 -0700] "GET /princeton/pstorie.html HTTP/1.1" 200 1462 "-" "Mozilla/5.0 (compatible; BLEXBot/1.0; +http://webmeup-crawler.com/)" "www.ysfine.com"
140.82.189.85 - - [17/Sep/2022:11:05:55 -0700] "GET /feynman/ppic/parton88a.jpg HTTP/1.1" 200 55506 "https://www.google.com/" "Mozilla/5.0 (X11; CrOS x86_64 14695.107.0) AppleWebKit/537.36 (KHTML, like Gecko) Chrome/102.0.0.0 Safari/537.36" "ysfine.com"
185.184.157.92 - - [17/Sep/2022:11:05:58 -0700] "GET /style/shops.html HTTP/1.1" 200 2829 "-" "Mozilla/5.0 (compatible; linkdexbot/2.0; +http://www.linkdex.com/bots/)" "ysfine.com"
185.184.157.92 - - [17/Sep/2022:11:06:04 -0700] "GET /robots.txt HTTP/1.1" 404 88 "-" "Mozilla/5.0 (compatible; linkdexbot/2.0; +http://www.linkdex.com/bots/)" "www.ysfine.com"
185.184.157.92 - - [17/Sep/2022:11:05:59 -0700] "GET /robots.txt HTTP/1.1" 404 88 "-" "Mozilla/5.0 (compatible; linkdexbot/2.0; +http://www.linkdex.com/bots/)" "ysfine.com"
162.55.85.225 - - [17/Sep/2022:11:06:06 -0700] "GET /princeton/sbt.html HTTP/1.1" 200 529 "-" "Mozilla/5.0 (compatible; BLEXBot/1.0; +http://webmeup-crawler.com/)" "www.ysfine.com"
162.55.85.225 - - [17/Sep/2022:11:06:17 -0700] "GET /princeton/dulles.html HTTP/1.1" 200 2700 "-" "Mozilla/5.0 (compatible; BLEXBot/1.0; +http://webmeup-crawler.com/)" "www.ysfine.com"
162.55.85.225 - - [17/Sep/2022:11:06:20 -0700] "GET /princeton/wilson14.html HTTP/1.1" 200 774 "-" "Mozilla/5.0 (compatible; BLEXBot/1.0; +http://webmeup-crawler.com/)" "www.ysfine.com"
52.234.179.28 - - [17/Sep/2022:11:06:26 -0700] "GET /houses/house45.jpg HTTP/1.1" 200 81579 "-" "Mozilla/5.0 (Windows NT 10.0; Win64; x64) AppleWebKit/537.36 (KHTML, like Gecko) Chrome/86.0.4240.75 Safari/537.36" "ysfine.com"
162.55.85.225 - - [17/Sep/2022:11:06:33 -0700] "GET /remote/wigner111/frame04.html HTTP/1.1" 200 941 "-" "Mozilla/5.0 (compatible; BLEXBot/1.0; +http://webmeup-crawler.com/)" "ysfine.com"
162.55.85.225 - - [17/Sep/2022:11:06:45 -0700] "GET /saram/index.html HTTP/1.1" 200 132 "-" "Mozilla/5.0 (compatible; BLEXBot/1.0; +http://webmeup-crawler.com/)" "ysfine.com"
162.55.85.225 - - [17/Sep/2022:11:06:46 -0700] "GET /princeton/gcollege.html HTTP/1.1" 200 504 "-" "Mozilla/5.0 (compatible; BLEXBot/1.0; +http://webmeup-crawler.com/)" "www.ysfine.com"
66.249.75.44 - - [17/Sep/2022:11:06:48 -0700] "GET /world/russ/msu52b.jpg HTTP/1.1" 304 - "-" "Googlebot-Image/1.0" "ysfine.com"
54.36.149.14 - - [17/Sep/2022:11:06:55 -0700] "GET / HTTP/1.1" 200 5283 "-" "Mozilla/5.0 (compatible; AhrefsBot/7.0; +http://ahrefs.com/robot/)" "www.ysfine.com"
162.55.85.225 - - [17/Sep/2022:11:06:57 -0700] "GET /sbk/1950.html HTTP/1.1" 200 5522 "-" "Mozilla/5.0 (compatible; BLEXBot/1.0; +http://webmeup-crawler.com/)" "www.ysfine.com"
162.55.85.225 - - [17/Sep/2022:11:07:11 -0700] "GET /sbk/sbkrome.html HTTP/1.1" 200 306 "-" "Mozilla/5.0 (compatible; BLEXBot/1.0; +http://webmeup-crawler.com/)" "ysfine.com"
177.220.173.225 - - [17/Sep/2022:11:07:15 -0700] "GET /friends/alitalia22.jpg HTTP/1.1" 404 88 "https://www.skyscrapercity.com/" "Mozilla/5.0 (Windows NT 10.0; Win64; x64) AppleWebKit/537.36 (KHTML, like Gecko) Chrome/105.0.0.0 Safari/537.36" "ysfine.com"
162.55.85.225 - - [17/Sep/2022:11:07:16 -0700] "GET /princeton/prade.html HTTP/1.1" 200 9863 "-" "Mozilla/5.0 (compatible; BLEXBot/1.0; +http://webmeup-crawler.com/)" "www.ysfine.com"
157.55.39.146 - - [17/Sep/2022:11:07:23 -0700] "GET /maga/phys/schrod33.jpg HTTP/1.1" 200 107072 "-" "Mozilla/5.0 (compatible; bingbot/2.0; +http://www.bing.com/bingbot.htm)" "ysfine.com"
162.55.85.225 - - [17/Sep/2022:11:07:23 -0700] "GET /style/artlove.html HTTP/1.1" 200 16005 "-" "Mozilla/5.0 (compatible; BLEXBot/1.0; +http://webmeup-crawler.com/)" "www.ysfine.com"
162.55.85.225 - - [17/Sep/2022:11:07:37 -0700] "GET /style/beetho.html HTTP/1.1" 200 3228 "-" "Mozilla/5.0 (compatible; BLEXBot/1.0; +http://webmeup-crawler.com/)" "www.ysfine.com"
162.55.85.225 - - [17/Sep/2022:11:07:46 -0700] "GET /princeton/prospect.html HTTP/1.1" 200 425 "-" "Mozilla/5.0 (compatible; BLEXBot/1.0; +http://webmeup-crawler.com/)" "www.ysfine.com"
162.55.85.225 - - [17/Sep/2022:11:07:49 -0700] "GET /style/digilit.html HTTP/1.1" 200 8470 "-" "Mozilla/5.0 (compatible; BLEXBot/1.0; +http://webmeup-crawler.com/)" "www.ysfine.com"
162.55.85.225 - - [17/Sep/2022:11:08:05 -0700] "GET /style/music.html HTTP/1.1" 200 137 "-" "Mozilla/5.0 (compatible; BLEXBot/1.0; +http://webmeup-crawler.com/)" "www.ysfine.com"
162.55.85.225 - - [17/Sep/2022:11:08:16 -0700] "GET /princeton/sambapr.html HTTP/1.1" 200 311 "-" "Mozilla/5.0 (compatible; BLEXBot/1.0; +http://webmeup-crawler.com/)" "www.ysfine.com"
162.55.85.225 - - [17/Sep/2022:11:08:22 -0700] "GET /style/physmusic.html HTTP/1.1" 404 88 "-" "Mozilla/5.0 (compatible; BLEXBot/1.0; +http://webmeup-crawler.com/)" "ysfine.com"
162.55.85.225 - - [17/Sep/2022:11:08:35 -0700] "GET /style/physmusic.html HTTP/1.1" 404 88 "-" "Mozilla/5.0 (compatible; BLEXBot/1.0; +http://webmeup-crawler.com/)" "www.ysfine.com"
162.55.85.225 - - [17/Sep/2022:11:08:51 -0700] "GET /style/rieu.html HTTP/1.1" 200 1211 "-" "Mozilla/5.0 (compatible; BLEXBot/1.0; +http://webmeup-crawler.com/)" "www.ysfine.com"
162.55.85.225 - - [17/Sep/2022:11:09:04 -0700] "GET /style/shops.html HTTP/1.1" 200 2829 "-" "Mozilla/5.0 (compatible; BLEXBot/1.0; +http://webmeup-crawler.com/)" "www.ysfine.com"
162.55.85.225 - - [17/Sep/2022:11:09:14 -0700] "GET /style/leica.html HTTP/1.1" 200 17158 "-" "Mozilla/5.0 (compatible; BLEXBot/1.0; +http://webmeup-crawler.com/)" "www.ysfine.com"
162.55.85.225 - - [17/Sep/2022:11:09:20 -0700] "GET /style/tatiana.html HTTP/1.1" 200 8801 "-" "Mozilla/5.0 (compatible; BLEXBot/1.0; +http://webmeup-crawler.com/)" "www.ysfine.com"
162.55.85.225 - - [17/Sep/2022:11:09:33 -0700] "GET /style/venuspics.html HTTP/1.1" 200 794 "-" "Mozilla/5.0 (compatible; BLEXBot/1.0; +http://webmeup-crawler.com/)" "www.ysfine.com"
162.55.85.225 - - [17/Sep/2022:11:09:44 -0700] "GET /style/newart.html HTTP/1.1" 200 1711 "-" "Mozilla/5.0 (compatible; BLEXBot/1.0; +http://webmeup-crawler.com/)" "www.ysfine.com"
162.55.85.225 - - [17/Sep/2022:11:09:50 -0700] "GET /style/ystyle.html HTTP/1.1" 200 1449 "-" "Mozilla/5.0 (compatible; BLEXBot/1.0; +http://webmeup-crawler.com/)" "www.ysfine.com"
54.36.148.26 - - [17/Sep/2022:11:09:56 -0700] "GET /style/kazan.html HTTP/1.1" 404 88 "-" "Mozilla/5.0 (compatible; AhrefsBot/7.0; +http://ahrefs.com/robot/)" "ysfine.com"
162.55.85.225 - - [17/Sep/2022:11:10:03 -0700] "GET /trips/index.html HTTP/1.1" 401 90 "-" "Mozilla/5.0 (compatible; BLEXBot/1.0; +http://webmeup-crawler.com/)" "ysfine.com"
162.55.85.225 - - [17/Sep/2022:11:10:14 -0700] "GET /style/webart.html HTTP/1.1" 404 88 "-" "Mozilla/5.0 (compatible; BLEXBot/1.0; +http://webmeup-crawler.com/)" "www.ysfine.com"
162.55.85.225 - - [17/Sep/2022:11:10:16 -0700] "GET /trips/index.html HTTP/1.1" 401 90 "-" "Mozilla/5.0 (compatible; BLEXBot/1.0; +http://webmeup-crawler.com/)" "www.ysfine.com"
66.249.75.44 - - [17/Sep/2022:11:10:24 -0700] "GET /friends/aline/kuwaitf11.jpg HTTP/1.1" 404 88 "-" "Googlebot-Image/1.0" "ysfine.com"
162.55.85.225 - - [17/Sep/2022:11:10:34 -0700] "GET /trips/itiner.html HTTP/1.1" 401 90 "-" "Mozilla/5.0 (compatible; BLEXBot/1.0; +http://webmeup-crawler.com/)" "ysfine.com"
162.55.85.225 - - [17/Sep/2022:11:10:45 -0700] "GET /wigner/neumann.html HTTP/1.1" 200 1332 "-" "Mozilla/5.0 (compatible; BLEXBot/1.0; +http://webmeup-crawler.com/)" "www.ysfine.com"
162.55.85.225 - - [17/Sep/2022:11:10:47 -0700] "GET /trips/itiner.html HTTP/1.1" 401 90 "-" "Mozilla/5.0 (compatible; BLEXBot/1.0; +http://webmeup-crawler.com/)" "www.ysfine.com"
162.55.85.225 - - [17/Sep/2022:11:11:02 -0700] "GET /trips/numbers.html HTTP/1.1" 401 90 "-" "Mozilla/5.0 (compatible; BLEXBot/1.0; +http://webmeup-crawler.com/)" "ysfine.com"
162.55.85.225 - - [17/Sep/2022:11:11:15 -0700] "GET /world/cotedaz.html HTTP/1.1" 404 88 "-" "Mozilla/5.0 (compatible; BLEXBot/1.0; +http://webmeup-crawler.com/)" "www.ysfine.com"
162.55.85.225 - - [17/Sep/2022:11:11:15 -0700] "GET /trips/numbers.html HTTP/1.1" 401 90 "-" "Mozilla/5.0 (compatible; BLEXBot/1.0; +http://webmeup-crawler.com/)" "www.ysfine.com"
157.55.39.146 - - [17/Sep/2022:11:11:23 -0700] "GET /world/brit/picca24.jpg HTTP/1.1" 200 86563 "-" "Mozilla/5.0 (compatible; bingbot/2.0; +http://www.bing.com/bingbot.htm)" "ysfine.com"
162.55.85.225 - - [17/Sep/2022:11:11:29 -0700] "GET /usca/neworl.html HTTP/1.1" 200 14308 "-" "Mozilla/5.0 (compatible; BLEXBot/1.0; +http://webmeup-crawler.com/)" "www.ysfine.com"
5.255.253.143 - - [17/Sep/2022:11:11:39 -0700] "GET /friends/korf.html HTTP/1.1" 404 88 "-" "Mozilla/5.0 (compatible; YandexBot/3.0; +http://yandex.com/bots)" "www.ysfine.com"
162.55.85.225 - - [17/Sep/2022:11:11:42 -0700] "GET /usca/pgh22.html HTTP/1.1" 200 11391 "-" "Mozilla/5.0 (compatible; BLEXBot/1.0; +http://webmeup-crawler.com/)" "www.ysfine.com"
162.55.85.225 - - [17/Sep/2022:11:11:44 -0700] "GET /world/kalinin.html HTTP/1.1" 200 9525 "-" "Mozilla/5.0 (compatible; BLEXBot/1.0; +http://webmeup-crawler.com/)" "www.ysfine.com"
162.55.85.225 - - [17/Sep/2022:11:11:55 -0700] "GET /usca/pitt/pnc.html HTTP/1.1" 200 910 "-" "Mozilla/5.0 (compatible; BLEXBot/1.0; +http://webmeup-crawler.com/)" "www.ysfine.com"
40.77.167.35 - - [17/Sep/2022:11:11:57 -0700] "GET /usca/pitt/pitmap02.jpg HTTP/1.1" 200 78794 "-" "Mozilla/5.0 (compatible; bingbot/2.0; +http://www.bing.com/bingbot.htm)" "www.ysfine.com"
162.55.85.225 - - [17/Sep/2022:11:12:16 -0700] "GET /world/kazan.html HTTP/1.1" 200 13929 "-" "Mozilla/5.0 (compatible; BLEXBot/1.0; +http://webmeup-crawler.com/)" "www.ysfine.com"
162.55.85.225 - - [17/Sep/2022:11:12:25 -0700] "GET /veneto.html HTTP/1.1" 404 88 "-" "Mozilla/5.0 (compatible; BLEXBot/1.0; +http://webmeup-crawler.com/)" "www.ysfine.com"
40.77.167.35 - - [17/Sep/2022:11:12:28 -0700] "GET /world/russ/spbm11.jpg HTTP/1.1" 200 87855 "-" "Mozilla/5.0 AppleWebKit/537.36 (KHTML, like Gecko; compatible; bingbot/2.0; +http://www.bing.com/bingbot.htm) Chrome/103.0.5060.134 Safari/537.36" "www.ysfine.com"
162.55.85.225 - - [17/Sep/2022:11:12:39 -0700] "GET /vip/index.html HTTP/1.1" 401 90 "-" "Mozilla/5.0 (compatible; BLEXBot/1.0; +http://webmeup-crawler.com/)" "ysfine.com"
54.36.148.43 - - [17/Sep/2022:11:12:44 -0700] "GET /friends/korcasia.html HTTP/1.1" 404 88 "-" "Mozilla/5.0 (compatible; AhrefsBot/7.0; +http://ahrefs.com/robot/)" "ysfine.com"
162.55.85.225 - - [17/Sep/2022:11:12:46 -0700] "GET /world/russ/dnepro.html HTTP/1.1" 200 439 "-" "Mozilla/5.0 (compatible; BLEXBot/1.0; +http://webmeup-crawler.com/)" "www.ysfine.com"
162.55.85.225 - - [17/Sep/2022:11:12:54 -0700] "GET /vip/index.html HTTP/1.1" 401 90 "-" "Mozilla/5.0 (compatible; BLEXBot/1.0; +http://webmeup-crawler.com/)" "www.ysfine.com"
162.55.85.225 - - [17/Sep/2022:11:13:09 -0700] "GET /wd22/index.html HTTP/1.1" 200 135 "-" "Mozilla/5.0 (compatible; BLEXBot/1.0; +http://webmeup-crawler.com/)" "ysfine.com"
162.55.85.225 - - [17/Sep/2022:11:13:16 -0700] "GET /world/russ/khahi.html HTTP/1.1" 200 747 "-" "Mozilla/5.0 (compatible; BLEXBot/1.0; +http://webmeup-crawler.com/)" "www.ysfine.com"
162.55.85.225 - - [17/Sep/2022:11:13:28 -0700] "GET /wdc/annapolis.html HTTP/1.1" 200 3158 "-" "Mozilla/5.0 (compatible; BLEXBot/1.0; +http://webmeup-crawler.com/)" "www.ysfine.com"
162.55.85.225 - - [17/Sep/2022:11:13:45 -0700] "GET /wdc/wasdc.html HTTP/1.1" 200 13715 "-" "Mozilla/5.0 (compatible; BLEXBot/1.0; +http://webmeup-crawler.com/)" "www.ysfine.com"
162.55.85.225 - - [17/Sep/2022:11:13:48 -0700] "GET /world/russ/twosist.html HTTP/1.1" 200 400 "-" "Mozilla/5.0 (compatible; BLEXBot/1.0; +http://webmeup-crawler.com/)" "www.ysfine.com"
162.55.85.225 - - [17/Sep/2022:11:14:02 -0700] "GET /wdc/waskor.html HTTP/1.1" 200 7729 "-" "Mozilla/5.0 (compatible; BLEXBot/1.0; +http://webmeup-crawler.com/)" "www.ysfine.com"
162.55.85.225 - - [17/Sep/2022:11:14:16 -0700] "GET /wigner/evangel.html HTTP/1.1" 200 4831 "-" "Mozilla/5.0 (compatible; BLEXBot/1.0; +http://webmeup-crawler.com/)" "www.ysfine.com"
162.55.85.225 - - [17/Sep/2022:11:14:20 -0700] "GET /awards.index.html HTTP/1.1" 404 88 "-" "Mozilla/5.0 (compatible; BLEXBot/1.0; +http://webmeup-crawler.com/)" "www.ysfine.com"
5.45.207.101 - - [17/Sep/2022:11:14:23 -0700] "GET /friends/korf.html HTTP/1.1" 404 88 "-" "Mozilla/5.0 (compatible; YandexBot/3.0; +http://yandex.com/bots)" "www.ysfine.com"
162.55.85.225 - - [17/Sep/2022:11:14:29 -0700] "GET /wigner/kuper76.html HTTP/1.1" 200 309 "-" "Mozilla/5.0 (compatible; BLEXBot/1.0; +http://webmeup-crawler.com/)" "www.ysfine.com"
40.77.167.27 - - [17/Sep/2022:11:14:35 -0700] "GET /kowar/war50bot.html HTTP/1.1" 200 131 "-" "Mozilla/5.0 (compatible; bingbot/2.0; +http://www.bing.com/bingbot.htm)" "ysfine.com"
40.77.167.35 - - [17/Sep/2022:11:14:38 -0700] "GET /world/baltic/lithuf01b.jpg HTTP/1.1" 200 41898 "-" "Mozilla/5.0 (compatible; bingbot/2.0; +http://www.bing.com/bingbot.htm)" "www.ysfine.com"
162.55.85.225 - - [17/Sep/2022:11:14:43 -0700] "GET /wigner/little.html HTTP/1.1" 200 3088 "-" "Mozilla/5.0 (compatible; BLEXBot/1.0; +http://webmeup-crawler.com/)" "www.ysfine.com"
40.77.167.27 - - [17/Sep/2022:11:14:44 -0700] "GET /kowar/war50.html HTTP/1.1" 200 11795 "-" "Mozilla/5.0 (compatible; bingbot/2.0; +http://www.bing.com/bingbot.htm)" "ysfine.com"
162.55.85.225 - - [17/Sep/2022:11:14:50 -0700] "GET /awards/bio44.html HTTP/1.1" 404 88 "-" "Mozilla/5.0 (compatible; BLEXBot/1.0; +http://webmeup-crawler.com/)" "www.ysfine.com"
162.55.85.225 - - [17/Sep/2022:11:14:56 -0700] "GET /wigner/maxwig.html HTTP/1.1" 200 8080 "-" "Mozilla/5.0 (compatible; BLEXBot/1.0; +http://webmeup-crawler.com/)" "www.ysfine.com"
52.249.183.11 - - [17/Sep/2022:11:14:58 -0700] "GET /princeton/yspr61.jpg HTTP/1.1" 200 217844 "-" "Mozilla/5.0 (Windows NT 10.0; Win64; x64) AppleWebKit/537.36 (KHTML, like Gecko) Chrome/86.0.4240.75 Safari/537.36" "ysfine.com"
20.232.107.212 - - [17/Sep/2022:11:15:04 -0700] "GET /home/wcartoon.html HTTP/1.1" 200 6127 "-" "Mozilla/5.0 (Windows NT 10.0; Win64; x64) AppleWebKit/537.36 (KHTML, like Gecko) Chrome/86.0.4240.75 Safari/537.36" "ysfine.com"
162.55.85.225 - - [17/Sep/2022:11:15:09 -0700] "GET /wigner/neum/compu.html HTTP/1.1" 200 2267 "-" "Mozilla/5.0 (compatible; BLEXBot/1.0; +http://webmeup-crawler.com/)" "www.ysfine.com"
162.55.85.225 - - [17/Sep/2022:11:15:19 -0700] "GET /awards/bostein.html HTTP/1.1" 404 88 "-" "Mozilla/5.0 (compatible; BLEXBot/1.0; +http://webmeup-crawler.com/)" "www.ysfine.com"
162.55.85.225 - - [17/Sep/2022:11:15:22 -0700] "GET /wigner/wigheisen.html HTTP/1.1" 200 3346 "-" "Mozilla/5.0 (compatible; BLEXBot/1.0; +http://webmeup-crawler.com/)" "www.ysfine.com"
162.55.85.225 - - [17/Sep/2022:11:15:36 -0700] "GET /wigner/wigner39.html HTTP/1.1" 200 330 "-" "Mozilla/5.0 (compatible; BLEXBot/1.0; +http://webmeup-crawler.com/)" "www.ysfine.com"
54.36.148.127 - - [17/Sep/2022:11:15:45 -0700] "GET /wdc/whx12.html HTTP/1.1" 200 1590 "-" "Mozilla/5.0 (compatible; AhrefsBot/7.0; +http://ahrefs.com/robot/)" "ysfine.com"
54.36.149.23 - - [17/Sep/2022:11:15:47 -0700] "GET /wdc/willard07b.jpg HTTP/1.1" 200 33523 "-" "Mozilla/5.0 (compatible; AhrefsBot/7.0; +http://ahrefs.com/robot/)" "ysfine.com"
54.36.148.121 - - [17/Sep/2022:11:15:47 -0700] "GET /wdc/whxmas13b.jpg HTTP/1.1" 200 48859 "-" "Mozilla/5.0 (compatible; AhrefsBot/7.0; +http://ahrefs.com/robot/)" "ysfine.com"
54.36.148.98 - - [17/Sep/2022:11:15:48 -0700] "GET /wdc/whxmas12c.jpg HTTP/1.1" 200 60822 "-" "Mozilla/5.0 (compatible; AhrefsBot/7.0; +http://ahrefs.com/robot/)" "ysfine.com"
162.55.85.225 - - [17/Sep/2022:11:15:50 -0700] "GET /wigner/wignobel.html HTTP/1.1" 200 4026 "-" "Mozilla/5.0 (compatible; BLEXBot/1.0; +http://webmeup-crawler.com/)" "www.ysfine.com"
54.36.148.149 - - [17/Sep/2022:11:15:49 -0700] "GET /wdc/obama02b.jpg HTTP/1.1" 200 29883 "-" "Mozilla/5.0 (compatible; AhrefsBot/7.0; +http://ahrefs.com/robot/)" "ysfine.com"
162.55.85.225 - - [17/Sep/2022:11:15:50 -0700] "GET /awards/chris.html HTTP/1.1" 404 88 "-" "Mozilla/5.0 (compatible; BLEXBot/1.0; +http://webmeup-crawler.com/)" "www.ysfine.com"
