114.119.128.162 - - [17/Sep/2022:05:49:35 -0700] "GET /class54/class5470/total_data/sub_141.htm HTTP/1.1" 200 3289 "https://ysfine.com/class54/class5470/total_data/sub_133.htm" "Mozilla/5.0 (Linux; Android 7.0;) AppleWebKit/537.36 (KHTML, like Gecko) Mobile Safari/537.36 (compatible; PetalBot;+https://webmaster.petalsearch.com/site/petalbot)" "ysfine.com"
157.55.39.146 - - [17/Sep/2022:05:49:52 -0700] "GET /wigner/evangel.html HTTP/1.1" 200 4831 "-" "Mozilla/5.0 (compatible; bingbot/2.0; +http://www.bing.com/bingbot.htm)" "ysfine.com"
114.119.128.162 - - [17/Sep/2022:05:51:03 -0700] "GET /maga/phys/poinsf/frame46.html HTTP/1.1" 200 319 "https://www.ysfine.com/maga/phys/poinsf/frame47.html" "Mozilla/5.0 (Linux; Android 7.0;) AppleWebKit/537.36 (KHTML, like Gecko) Mobile Safari/537.36 (compatible; PetalBot;+https://webmaster.petalsearch.com/site/petalbot)" "www.ysfine.com"
40.77.167.33 - - [17/Sep/2022:05:51:09 -0700] "GET /kobak/reposepho.html HTTP/1.1" 200 504 "-" "Mozilla/5.0 (compatible; bingbot/2.0; +http://www.bing.com/bingbot.htm)" "ysfine.com"
40.77.167.62 - - [17/Sep/2022:05:51:13 -0700] "GET /world/germany/berlinf23b.jpg HTTP/1.1" 200 44452 "-" "Mozilla/5.0 (compatible; bingbot/2.0; +http://www.bing.com/bingbot.htm)" "www.ysfine.com"
157.55.39.146 - - [17/Sep/2022:05:51:32 -0700] "GET /style/slavianki.html HTTP/1.1" 200 2686 "-" "Mozilla/5.0 (compatible; bingbot/2.0; +http://www.bing.com/bingbot.htm)" "www.ysfine.com"
114.119.128.162 - - [17/Sep/2022:05:52:39 -0700] "GET /class54/class5470/total_data/photo_img/2-25.jpg HTTP/1.1" 200 101682 "https://ysfine.com/class54/class5470/total_data/sub_225.htm" "Mozilla/5.0 (Linux; Android 7.0;) AppleWebKit/537.36 (KHTML, like Gecko) Mobile Safari/537.36 (compatible; PetalBot;+https://webmaster.petalsearch.com/site/petalbot)" "ysfine.com"
79.137.145.187 - - [17/Sep/2022:05:52:43 -0700] "GET /world/russ/volga23.jpg HTTP/1.1" 200 139621 "https://yandex.fr/images/search?text=%D1%82%D0%BE%D0%BB%D1%81%D1%82%D0%B0%D1%8F%20%D0%B6%D0%B5%D0%BD%D1%88%D1%89%D0%B8%D0%BD%D0%B0%20%D0%B2%20%D0%BF%D0%BB%D0%B0%D1%82%D1%8C%D0%B5%20%D0%B1%D0%BE%D1%81%D0%B0%D1%8F&pos=28&img_url=http%3A%2F%2Fi08.fotocdn.net%2Fs126%2F23a63e1b5119e14f%2Fuser_l%2F2860320076.jpg&rpt=simage&lr=21621" "Mozilla/5.0 (Windows NT 6.1; WOW64) AppleWebKit/537.36 (KHTML, like Gecko) Chrome/102.0.5005.167 YaBrowser/22.7.5.1026 Yowser/2.5 Safari/537.36" "www.ysfine.com"
40.77.167.62 - - [17/Sep/2022:05:52:44 -0700] "GET /kowar/77reg03.jpg HTTP/1.1" 200 168538 "-" "Mozilla/5.0 (compatible; bingbot/2.0; +http://www.bing.com/bingbot.htm)" "ysfine.com"
79.137.145.187 - - [17/Sep/2022:05:52:53 -0700] "GET /world/russ/volga23.jpg HTTP/1.1" 200 139621 "https://yandex.fr/images/search?pos=31&text=%D1%82%D0%BE%D0%BB%D1%81%D1%82%D0%B0%D1%8F%20%D0%B6%D0%B5%D0%BD%D1%88%D1%89%D0%B8%D0%BD%D0%B0%20%D0%B2%20%D0%BF%D0%BB%D0%B0%D1%82%D1%8C%D0%B5%20%D0%B1%D0%BE%D1%81%D0%B0%D1%8F&img_url=http%3A%2F%2Fysfine.com%2Fworld%2Fruss%2Fvolga23.jpg&rpt=simage&lr=21621" "Mozilla/5.0 (Windows NT 6.1; WOW64) AppleWebKit/537.36 (KHTML, like Gecko) Chrome/102.0.5005.167 YaBrowser/22.7.5.1026 Yowser/2.5 Safari/537.36" "www.ysfine.com"
79.137.145.187 - - [17/Sep/2022:05:52:58 -0700] "GET /favicon.ico HTTP/1.1" 404 88 "https://www.ysfine.com/world/russ/volga23.jpg" "Mozilla/5.0 (Windows NT 6.1; WOW64) AppleWebKit/537.36 (KHTML, like Gecko) Chrome/102.0.5005.167 YaBrowser/22.7.5.1026 Yowser/2.5 Safari/537.36" "www.ysfine.com"
114.119.128.162 - - [17/Sep/2022:05:54:08 -0700] "GET /remote/sisfa12aa/frame03.html HTTP/1.1" 200 320 "https://ysfine.com/remote/sisfa12aa/frame02.html" "Mozilla/5.0 (Linux; Android 7.0;) AppleWebKit/537.36 (KHTML, like Gecko) Mobile Safari/537.36 (compatible; PetalBot;+https://webmaster.petalsearch.com/site/petalbot)" "ysfine.com"
167.235.34.112 - - [17/Sep/2022:05:54:23 -0700] "GET /kobak/sl628.jpg HTTP/1.1" 200 225100 "https://www.bing.com/" "Mozilla/5.0 (X11; Linux x86_64) AppleWebKit/537.36 (KHTML, like Gecko) HeadlessChrome/104.0.5112.101 Safari/537.36" "ysfine.com"
17.121.115.80 - - [17/Sep/2022:05:54:33 -0700] "GET /confer/conbot.html HTTP/1.1" 200 124 "-" "Mozilla/5.0 (Macintosh; Intel Mac OS X 10_15_5) AppleWebKit/605.1.15 (KHTML, like Gecko) Version/13.1.1 Safari/605.1.15 (Applebot/0.1; +http://www.apple.com/go/applebot)" "ysfine.com"
17.121.115.80 - - [17/Sep/2022:05:54:34 -0700] "GET /confer/conleft.html HTTP/1.1" 200 546 "https://ysfine.com/confer/conbot.html" "Mozilla/5.0 (Macintosh; Intel Mac OS X 10_15_5) AppleWebKit/605.1.15 (KHTML, like Gecko) Version/13.1.1 Safari/605.1.15 (Applebot/0.1; +http://www.apple.com/go/applebot)" "ysfine.com"
17.121.115.42 - - [17/Sep/2022:05:54:34 -0700] "GET /confer/conrigh.html HTTP/1.1" 200 1964 "https://ysfine.com/confer/conbot.html" "Mozilla/5.0 (Macintosh; Intel Mac OS X 10_15_5) AppleWebKit/605.1.15 (KHTML, like Gecko) Version/13.1.1 Safari/605.1.15 (Applebot/0.1; +http://www.apple.com/go/applebot)" "ysfine.com"
167.235.34.112 - - [17/Sep/2022:05:54:46 -0700] "GET /kobak/sl628.jpg HTTP/1.1" 200 225100 "https://www.bing.com/" "Mozilla/5.0 (X11; Linux x86_64) AppleWebKit/537.36 (KHTML, like Gecko) HeadlessChrome/104.0.5112.101 Safari/537.36" "ysfine.com"
114.119.128.162 - - [17/Sep/2022:05:55:37 -0700] "GET /class54/class5470/total_data/photo_img/8-45.jpg HTTP/1.1" 200 215770 "https://ysfine.com/class54/class5470/total_data/sub_845.htm" "Mozilla/5.0 (Linux; Android 7.0;) AppleWebKit/537.36 (KHTML, like Gecko) Mobile Safari/537.36 (compatible; PetalBot;+https://webmaster.petalsearch.com/site/petalbot)" "ysfine.com"
40.77.167.33 - - [17/Sep/2022:05:55:59 -0700] "GET /einstein/einchew.html HTTP/1.1" 200 4831 "-" "Mozilla/5.0 AppleWebKit/537.36 (KHTML, like Gecko; compatible; bingbot/2.0; +http://www.bing.com/bingbot.htm) Chrome/103.0.5060.134 Safari/537.36" "ysfine.com"
40.77.167.33 - - [17/Sep/2022:05:56:18 -0700] "GET /world/ital/venicej02b.jpg HTTP/1.1" 200 42128 "-" "Mozilla/5.0 (compatible; bingbot/2.0; +http://www.bing.com/bingbot.htm)" "www.ysfine.com"
40.77.167.62 - - [17/Sep/2022:05:57:55 -0700] "GET /world/kazan.html HTTP/1.1" 200 13929 "-" "Mozilla/5.0 (compatible; bingbot/2.0; +http://www.bing.com/bingbot.htm)" "ysfine.com"
185.107.13.3 - - [17/Sep/2022:05:58:06 -0700] "GET /wigner/neupol01.jpg HTTP/1.1" 200 48137 "https://www.google.com/" "Mozilla/5.0 (Macintosh; Intel Mac OS X 10_12_6) AppleWebKit/537.36 (KHTML, like Gecko) Chrome/103.0.0.0 Safari/537.36" "ysfine.com"
78.203.11.13 - - [17/Sep/2022:05:58:19 -0700] "GET /world/russ/spb50.jpg HTTP/1.1" 200 86600 "https://www.google.com/" "Mozilla/5.0 (Windows NT 10.0; Win64; x64) AppleWebKit/537.36 (KHTML, like Gecko) Chrome/105.0.0.0 Safari/537.36" "ysfine.com"
114.119.128.154 - - [17/Sep/2022:05:58:40 -0700] "GET /confer/speci.html HTTP/1.1" 200 957 "https://ysfine.com/confer/inbot.html" "Mozilla/5.0 (Linux; Android 7.0;) AppleWebKit/537.36 (KHTML, like Gecko) Mobile Safari/537.36 (compatible; PetalBot;+https://webmaster.petalsearch.com/site/petalbot)" "ysfine.com"
40.77.167.35 - - [17/Sep/2022:05:59:04 -0700] "GET /beau/amkor/amgreece01b.jpg HTTP/1.1" 404 88 "-" "Mozilla/5.0 (compatible; bingbot/2.0; +http://www.bing.com/bingbot.htm)" "www.ysfine.com"
40.77.167.27 - - [17/Sep/2022:05:59:12 -0700] "GET /world/france/pariso09.jpg HTTP/1.1" 200 109419 "-" "Mozilla/5.0 (compatible; bingbot/2.0; +http://www.bing.com/bingbot.htm)" "www.ysfine.com"
40.77.167.33 - - [17/Sep/2022:05:59:19 -0700] "GET /feynman/feyheg.html HTTP/1.1" 200 6341 "-" "Mozilla/5.0 (compatible; bingbot/2.0; +http://www.bing.com/bingbot.htm)" "www.ysfine.com"
157.55.39.146 - - [17/Sep/2022:05:59:22 -0700] "GET /newyork/macy04.jpg HTTP/1.1" 200 235502 "-" "Mozilla/5.0 AppleWebKit/537.36 (KHTML, like Gecko; compatible; bingbot/2.0; +http://www.bing.com/bingbot.htm) Chrome/103.0.5060.134 Safari/537.36" "ysfine.com"
40.77.167.99 - - [17/Sep/2022:05:59:44 -0700] "GET /robots.txt HTTP/1.1" 404 88 "-" "Mozilla/5.0 (compatible; bingbot/2.0; +http://www.bing.com/bingbot.htm)" "www.ysfine.com"
157.55.39.146 - - [17/Sep/2022:05:59:53 -0700] "GET /maga/keigel22.html HTTP/1.1" 200 4929 "-" "Mozilla/5.0 AppleWebKit/537.36 (KHTML, like Gecko; compatible; bingbot/2.0; +http://www.bing.com/bingbot.htm) Chrome/103.0.5060.134 Safari/537.36" "ysfine.com"
40.77.167.35 - - [17/Sep/2022:05:59:56 -0700] "GET /class54/emailed.html HTTP/1.1" 200 8184 "-" "Mozilla/5.0 (compatible; bingbot/2.0; +http://www.bing.com/bingbot.htm)" "www.ysfine.com"
40.77.167.35 - - [17/Sep/2022:06:00:05 -0700] "GET /world/feynrio.html HTTP/1.1" 200 8831 "-" "Mozilla/5.0 (compatible; bingbot/2.0; +http://www.bing.com/bingbot.htm)" "ysfine.com"
40.77.167.33 - - [17/Sep/2022:06:00:09 -0700] "GET /einstein/fantova/fanto11c.jpg HTTP/1.1" 200 48308 "-" "Mozilla/5.0 (compatible; bingbot/2.0; +http://www.bing.com/bingbot.htm)" "ysfine.com"
114.119.128.154 - - [17/Sep/2022:06:00:15 -0700] "GET /dirac/dirac63.html HTTP/1.1" 404 88 "https://www.ysfine.com/maga/schrodein.html" "Mozilla/5.0 (Linux; Android 7.0;) AppleWebKit/537.36 (KHTML, like Gecko) Mobile Safari/537.36 (compatible; PetalBot;+https://webmaster.petalsearch.com/site/petalbot)" "www.ysfine.com"
74.71.29.99 - - [17/Sep/2022:06:01:04 -0700] "GET /maga/phys/yukafeyn.jpg HTTP/1.1" 200 111167 "https://www.google.com/" "Mozilla/5.0 (Macintosh; Intel Mac OS X 10_15_7) AppleWebKit/537.36 (KHTML, like Gecko) Chrome/104.0.0.0 Safari/537.36" "ysfine.com"
74.71.29.99 - - [17/Sep/2022:06:01:16 -0700] "GET /feynman/feydirac.jpg HTTP/1.1" 200 98378 "https://www.google.com/" "Mozilla/5.0 (Macintosh; Intel Mac OS X 10_15_7) AppleWebKit/537.36 (KHTML, like Gecko) Chrome/104.0.0.0 Safari/537.36" "ysfine.com"
5.255.253.122 - - [17/Sep/2022:06:01:33 -0700] "GET /einstein/lawrence22.pdf HTTP/1.1" 200 326602 "-" "Mozilla/5.0 (compatible; YandexBot/3.0; +http://yandex.com/bots)" "www.ysfine.com"
114.119.128.142 - - [17/Sep/2022:06:02:46 -0700] "GET /remote/wigner111/frame40.html HTTP/1.1" 200 372 "https://ysfine.com/remote/wigner111/frame39.html" "Mozilla/5.0 (Linux; Android 7.0;) AppleWebKit/537.36 (KHTML, like Gecko) Mobile Safari/537.36 (compatible; PetalBot;+https://webmaster.petalsearch.com/site/petalbot)" "ysfine.com"
74.96.211.147 - - [17/Sep/2022:06:03:05 -0700] "GET /feynman/feybongo.jpg HTTP/1.1" 200 47448 "https://www.timebomb2000.com/" "Mozilla/5.0 (Windows NT 6.1; Win64; x64; rv:68.0) Gecko/20100101 Goanna/5.1 Firefox/68.0 PaleMoon/31.1.0" "ysfine.com"
40.77.167.33 - - [17/Sep/2022:06:03:30 -0700] "GET /wdc/mydc.html HTTP/1.1" 200 1586 "-" "Mozilla/5.0 AppleWebKit/537.36 (KHTML, like Gecko; compatible; bingbot/2.0; +http://www.bing.com/bingbot.htm) Chrome/103.0.5060.134 Safari/537.36" "ysfine.com"
114.119.128.142 - - [17/Sep/2022:06:04:07 -0700] "GET /maga/phys/poinsf/frame01.html HTTP/1.1" 200 310 "https://www.ysfine.com/maga/phys/poinsf/srigh.bak" "Mozilla/5.0 (Linux; Android 7.0;) AppleWebKit/537.36 (KHTML, like Gecko) Mobile Safari/537.36 (compatible; PetalBot;+https://webmaster.petalsearch.com/site/petalbot)" "www.ysfine.com"
40.77.167.33 - - [17/Sep/2022:06:04:10 -0700] "GET /einstein/evol.html HTTP/1.1" 200 3830 "-" "Mozilla/5.0 (compatible; bingbot/2.0; +http://www.bing.com/bingbot.htm)" "ysfine.com"
40.77.167.35 - - [17/Sep/2022:06:04:15 -0700] "GET /heisen/dirheisen22c.jpg HTTP/1.1" 200 43569 "-" "Mozilla/5.0 (compatible; bingbot/2.0; +http://www.bing.com/bingbot.htm)" "ysfine.com"
40.77.167.35 - - [17/Sep/2022:06:04:46 -0700] "GET /kowar/pyang01.jpg HTTP/1.1" 200 376525 "-" "Mozilla/5.0 (compatible; bingbot/2.0; +http://www.bing.com/bingbot.htm)" "ysfine.com"
40.77.167.33 - - [17/Sep/2022:06:04:49 -0700] "GET /world/balkan/istan037.jpg HTTP/1.1" 200 90059 "-" "Mozilla/5.0 (compatible; bingbot/2.0; +http://www.bing.com/bingbot.htm)" "ysfine.com"
69.194.143.140 - - [17/Sep/2022:06:05:11 -0700] "GET /ads.txt HTTP/1.1" 404 88 "-" "Mozilla/5.0 (Macintosh; Intel Mac OS X 10_15_1) AppleWebKit/537.36 (KHTML, like Gecko) Chrome/84.0.4103.61 Safari/537.37" "ysfine.com"
69.194.143.140 - - [17/Sep/2022:06:05:11 -0700] "GET /ads.txt HTTP/1.1" 404 88 "-" "Mozilla/5.0 (Macintosh; Intel Mac OS X 10_15_1) AppleWebKit/537.36 (KHTML, like Gecko) Chrome/84.0.4103.61 Safari/537.37" "ysfine.com"
87.250.224.161 - - [17/Sep/2022:06:06:09 -0700] "GET /einstein/places/einha23.jpg HTTP/1.1" 200 78773 "-" "Mozilla/5.0 (compatible; YandexImages/3.0; +http://yandex.com/bots)" "www.ysfine.com"
40.77.167.27 - - [17/Sep/2022:06:06:14 -0700] "GET /world/brit/britmu.html HTTP/1.1" 200 4897 "-" "Mozilla/5.0 AppleWebKit/537.36 (KHTML, like Gecko; compatible; bingbot/2.0; +http://www.bing.com/bingbot.htm) Chrome/103.0.5060.134 Safari/537.36" "ysfine.com"
5.45.207.66 - - [17/Sep/2022:06:06:49 -0700] "GET /world/spain/sevi016.jpg HTTP/1.1" 200 338746 "-" "Mozilla/5.0 (compatible; YandexImages/3.0; +http://yandex.com/bots)" "www.ysfine.com"
87.250.224.160 - - [17/Sep/2022:06:06:57 -0700] "GET /newyork/emp00.jpg HTTP/1.1" 200 162692 "-" "Mozilla/5.0 (compatible; YandexImages/3.0; +http://yandex.com/bots)" "www.ysfine.com"
157.55.39.146 - - [17/Sep/2022:06:07:14 -0700] "GET /usca/pitt/yspgh55.jpg HTTP/1.1" 200 64416 "-" "Mozilla/5.0 (compatible; bingbot/2.0; +http://www.bing.com/bingbot.htm)" "www.ysfine.com"
40.77.167.27 - - [17/Sep/2022:06:07:15 -0700] "GET /wisdom/yitol.html HTTP/1.1" 200 6261 "-" "Mozilla/5.0 (compatible; bingbot/2.0; +http://www.bing.com/bingbot.htm)" "ysfine.com"
5.45.207.102 - - [17/Sep/2022:06:08:05 -0700] "GET /world/scandi/copen059.jpg HTTP/1.1" 200 90840 "-" "Mozilla/5.0 (compatible; YandexImages/3.0; +http://yandex.com/bots)" "www.ysfine.com"
40.77.167.62 - - [17/Sep/2022:06:08:16 -0700] "GET /einstein/ulm.html HTTP/1.1" 200 6713 "-" "Mozilla/5.0 (compatible; bingbot/2.0; +http://www.bing.com/bingbot.htm)" "ysfine.com"
66.249.75.43 - - [17/Sep/2022:06:08:37 -0700] "GET /maga/feydirac2.jpg HTTP/1.1" 404 88 "-" "Googlebot-Image/1.0" "ysfine.com"
114.119.128.142 - - [17/Sep/2022:06:09:01 -0700] "GET /class54/class5470/total_data/photo_img/7-16.jpg HTTP/1.1" 200 228251 "https://ysfine.com/class54/class5470/total_data/sub_716.htm" "Mozilla/5.0 (Linux; Android 7.0;) AppleWebKit/537.36 (KHTML, like Gecko) Mobile Safari/537.36 (compatible; PetalBot;+https://webmaster.petalsearch.com/site/petalbot)" "ysfine.com"
5.65.77.243 - - [17/Sep/2022:06:09:14 -0700] "GET /world/brit/harrow05.jpg HTTP/1.1" 200 248175 "https://www.bing.com/" "Mozilla/5.0 (Windows NT 10.0; Win64; x64) AppleWebKit/537.36 (KHTML, like Gecko) Chrome/105.0.0.0 Safari/537.36 Edg/105.0.1343.42" "www.ysfine.com"
40.77.167.27 - - [17/Sep/2022:06:09:15 -0700] "GET /home/easy.html HTTP/1.1" 200 7877 "-" "Mozilla/5.0 (compatible; bingbot/2.0; +http://www.bing.com/bingbot.htm)" "ysfine.com"
40.77.167.62 - - [17/Sep/2022:06:09:56 -0700] "GET /world/hungary/hunstu28.jpg HTTP/1.1" 200 128070 "-" "Mozilla/5.0 (compatible; bingbot/2.0; +http://www.bing.com/bingbot.htm)" "www.ysfine.com"
40.77.167.35 - - [17/Sep/2022:06:10:06 -0700] "GET /world/polandk.html HTTP/1.1" 200 5993 "-" "Mozilla/5.0 (compatible; bingbot/2.0; +http://www.bing.com/bingbot.htm)" "ysfine.com"
40.77.167.35 - - [17/Sep/2022:06:10:09 -0700] "GET /style/musee/perga01.jpg HTTP/1.1" 200 89709 "-" "Mozilla/5.0 (compatible; bingbot/2.0; +http://www.bing.com/bingbot.htm)" "www.ysfine.com"
40.77.167.27 - - [17/Sep/2022:06:10:14 -0700] "GET /jobs/koreaj11b.jpg HTTP/1.1" 200 67543 "-" "Mozilla/5.0 (compatible; bingbot/2.0; +http://www.bing.com/bingbot.htm)" "ysfine.com"
40.77.167.35 - - [17/Sep/2022:06:10:36 -0700] "GET /people/woods.jpg HTTP/1.1" 200 59800 "-" "Mozilla/5.0 (compatible; bingbot/2.0; +http://www.bing.com/bingbot.htm)" "ysfine.com"
40.77.167.35 - - [17/Sep/2022:06:10:40 -0700] "GET /style/artlove.html HTTP/1.1" 200 16005 "-" "Mozilla/5.0 (compatible; bingbot/2.0; +http://www.bing.com/bingbot.htm)" "ysfine.com"
40.77.167.35 - - [17/Sep/2022:06:10:46 -0700] "GET /world/germany/tumap11.jpg HTTP/1.1" 200 658871 "-" "Mozilla/5.0 (compatible; bingbot/2.0; +http://www.bing.com/bingbot.htm)" "www.ysfine.com"
42.236.10.93 - - [17/Sep/2022:06:11:08 -0700] "GET / HTTP/1.1" 200 5283 "http://baidu.com/" "Mozilla/5.0 (Linux; U; Android 8.0.0; zh-cn; Mi Note 2 Build/OPR1.170623.032) AppleWebKit/537.36 (KHTML, like Gecko) Version/4.0 Chrome/61.0.3163.128 Mobile Safari/537.36 XiaoMi/MiuiBrowser/10.1.1" "www.ysfine.com"
42.236.10.93 - - [17/Sep/2022:06:11:13 -0700] "GET /home/goodbad450.jpg HTTP/1.1" 200 32258 "-" "Mozilla/5.0 (Linux; U; Android 8.0.0; zh-cn; Mi Note 2 Build/OPR1.170623.032) AppleWebKit/537.36 (KHTML, like Gecko) Version/4.0 Chrome/61.0.3163.128 Mobile Safari/537.36 XiaoMi/MiuiBrowser/10.1.1" "ysfine.com"
42.236.10.93 - - [17/Sep/2022:06:11:13 -0700] "GET /home/eink450.jpg HTTP/1.1" 200 66794 "-" "Mozilla/5.0 (Linux; U; Android 8.0.0; zh-cn; Mi Note 2 Build/OPR1.170623.032) AppleWebKit/537.36 (KHTML, like Gecko) Version/4.0 Chrome/61.0.3163.128 Mobile Safari/537.36 XiaoMi/MiuiBrowser/10.1.1" "ysfine.com"
42.236.10.93 - - [17/Sep/2022:06:11:13 -0700] "GET /eink/ewk86f.jpg HTTP/1.1" 200 122173 "-" "Mozilla/5.0 (Linux; U; Android 8.0.0; zh-cn; Mi Note 2 Build/OPR1.170623.032) AppleWebKit/537.36 (KHTML, like Gecko) Version/4.0 Chrome/61.0.3163.128 Mobile Safari/537.36 XiaoMi/MiuiBrowser/10.1.1" "ysfine.com"
42.236.10.93 - - [17/Sep/2022:06:11:13 -0700] "GET /home/facu450.jpg HTTP/1.1" 200 74535 "-" "Mozilla/5.0 (Linux; U; Android 8.0.0; zh-cn; Mi Note 2 Build/OPR1.170623.032) AppleWebKit/537.36 (KHTML, like Gecko) Version/4.0 Chrome/61.0.3163.128 Mobile Safari/537.36 XiaoMi/MiuiBrowser/10.1.1" "ysfine.com"
42.236.10.93 - - [17/Sep/2022:06:11:13 -0700] "GET /home/truck450.jpg HTTP/1.1" 200 42871 "-" "Mozilla/5.0 (Linux; U; Android 8.0.0; zh-cn; Mi Note 2 Build/OPR1.170623.032) AppleWebKit/537.36 (KHTML, like Gecko) Version/4.0 Chrome/61.0.3163.128 Mobile Safari/537.36 XiaoMi/MiuiBrowser/10.1.1" "ysfine.com"
42.236.10.93 - - [17/Sep/2022:06:11:13 -0700] "GET /home/top21d.jpg HTTP/1.1" 200 74409 "-" "Mozilla/5.0 (Linux; U; Android 8.0.0; zh-cn; Mi Note 2 Build/OPR1.170623.032) AppleWebKit/537.36 (KHTML, like Gecko) Version/4.0 Chrome/61.0.3163.128 Mobile Safari/537.36 XiaoMi/MiuiBrowser/10.1.1" "ysfine.com"
40.77.167.35 - - [17/Sep/2022:06:11:16 -0700] "GET /world/baltic/arana.html HTTP/1.1" 200 3961 "-" "Mozilla/5.0 (compatible; bingbot/2.0; +http://www.bing.com/bingbot.htm)" "www.ysfine.com"
40.77.167.62 - - [17/Sep/2022:06:11:36 -0700] "GET /world/brit/lonstore.html HTTP/1.1" 200 385 "-" "Mozilla/5.0 AppleWebKit/537.36 (KHTML, like Gecko; compatible; bingbot/2.0; +http://www.bing.com/bingbot.htm) Chrome/103.0.5060.134 Safari/537.36" "ysfine.com"
66.249.75.44 - - [17/Sep/2022:06:11:38 -0700] "GET /class54/class5470/total_data/images/mb.css HTTP/1.1" 404 88 "https://ysfine.com/class54/class5470/total_data/sub_215.htm" "Mozilla/5.0 (Linux; Android 6.0.1; Nexus 5X Build/MMB29P) AppleWebKit/537.36 (KHTML, like Gecko) Chrome/105.0.5195.102 Mobile Safari/537.36 (compatible; Googlebot/2.1; +http://www.google.com/bot.html)" "ysfine.com"
66.249.75.43 - - [17/Sep/2022:06:11:38 -0700] "GET /class54/class5470/total_data/images/mb.css HTTP/1.1" 404 88 "https://ysfine.com/class54/class5470/total_data/sub_215.htm" "Mozilla/5.0 (Linux; Android 6.0.1; Nexus 5X Build/MMB29P) AppleWebKit/537.36 (KHTML, like Gecko) Chrome/105.0.5195.102 Mobile Safari/537.36 (compatible; Googlebot/2.1; +http://www.google.com/bot.html)" "ysfine.com"
40.77.167.33 - - [17/Sep/2022:06:12:11 -0700] "GET /style/bdances.html HTTP/1.1" 200 1607 "-" "Mozilla/5.0 (compatible; bingbot/2.0; +http://www.bing.com/bingbot.htm)" "ysfine.com"
40.77.167.27 - - [17/Sep/2022:06:12:16 -0700] "GET /einstein/einbohr.html HTTP/1.1" 200 6142 "-" "Mozilla/5.0 AppleWebKit/537.36 (KHTML, like Gecko; compatible; bingbot/2.0; +http://www.bing.com/bingbot.htm) Chrome/103.0.5060.134 Safari/537.36" "ysfine.com"
5.255.253.131 - - [17/Sep/2022:06:13:09 -0700] "GET /wdc/umd05.jpg HTTP/1.1" 200 64777 "-" "Mozilla/5.0 (compatible; YandexImages/3.0; +http://yandex.com/bots)" "www.ysfine.com"
213.180.203.69 - - [17/Sep/2022:06:13:11 -0700] "GET /wdc/umd05.jpg HTTP/1.1" 200 64777 "-" "Mozilla/5.0 (compatible; YandexBot/3.0; +http://yandex.com/bots)" "www.ysfine.com"
40.77.167.35 - - [17/Sep/2022:06:13:50 -0700] "GET /sbk/photo21.html HTTP/1.1" 200 7762 "-" "Mozilla/5.0 (compatible; bingbot/2.0; +http://www.bing.com/bingbot.htm)" "ysfine.com"
114.119.128.158 - - [17/Sep/2022:06:14:17 -0700] "GET /home/easy.html HTTP/1.1" 200 7877 "http://ysfine.com/" "Mozilla/5.0 (Linux; Android 7.0;) AppleWebKit/537.36 (KHTML, like Gecko) Mobile Safari/537.36 (compatible; PetalBot;+https://webmaster.petalsearch.com/site/petalbot)" "ysfine.com"
40.77.167.27 - - [17/Sep/2022:06:14:36 -0700] "GET /kobak/kimjap.html HTTP/1.1" 200 2410 "-" "Mozilla/5.0 (compatible; bingbot/2.0; +http://www.bing.com/bingbot.htm)" "ysfine.com"
5.102.173.71 - - [17/Sep/2022:06:14:49 -0700] "GET /robots.txt HTTP/1.1" 404 88 "-" "Mozilla/5.0 (compatible; MojeekBot/0.11; +https://www.mojeek.com/bot.html)" "ysfine.com"
5.102.173.71 - - [17/Sep/2022:06:14:49 -0700] "GET /world/ital/uffizi22.html HTTP/1.1" 200 402 "-" "Mozilla/5.0 (compatible; MojeekBot/0.11; +https://www.mojeek.com/bot.html)" "ysfine.com"
157.55.39.146 - - [17/Sep/2022:06:15:03 -0700] "GET /world/coke640.jpg HTTP/1.1" 200 46438 "-" "Mozilla/5.0 AppleWebKit/537.36 (KHTML, like Gecko; compatible; bingbot/2.0; +http://www.bing.com/bingbot.htm) Chrome/103.0.5060.134 Safari/537.36" "www.ysfine.com"
40.77.167.35 - - [17/Sep/2022:06:15:47 -0700] "GET /home/yshome.html HTTP/1.1" 200 5699 "-" "Mozilla/5.0 (compatible; bingbot/2.0; +http://www.bing.com/bingbot.htm)" "ysfine.com"
157.55.39.146 - - [17/Sep/2022:06:16:05 -0700] "GET /wigner/wigpoinc.html HTTP/1.1" 200 6586 "-" "Mozilla/5.0 (compatible; bingbot/2.0; +http://www.bing.com/bingbot.htm)" "ysfine.com"
40.77.167.35 - - [17/Sep/2022:06:16:21 -0700] "GET /world/berlin.html HTTP/1.1" 200 16173 "-" "Mozilla/5.0 (compatible; bingbot/2.0; +http://www.bing.com/bingbot.htm)" "www.ysfine.com"
87.250.224.110 - - [17/Sep/2022:06:16:34 -0700] "GET /world/russ/minsk055.jpg HTTP/1.1" 200 79184 "-" "Mozilla/5.0 (compatible; YandexImages/3.0; +http://yandex.com/bots)" "www.ysfine.com"
40.77.167.27 - - [17/Sep/2022:06:16:46 -0700] "GET /world/istanbul.html HTTP/1.1" 200 11361 "-" "Mozilla/5.0 (compatible; bingbot/2.0; +http://www.bing.com/bingbot.htm)" "ysfine.com"
40.77.167.62 - - [17/Sep/2022:06:17:06 -0700] "GET /world/china/dalian60.jpg HTTP/1.1" 200 103600 "-" "Mozilla/5.0 AppleWebKit/537.36 (KHTML, like Gecko; compatible; bingbot/2.0; +http://www.bing.com/bingbot.htm) Chrome/103.0.5060.134 Safari/537.36" "ysfine.com"
40.77.167.35 - - [17/Sep/2022:06:17:50 -0700] "GET /usca/pitt/hugh01b.jpg HTTP/1.1" 200 629471 "-" "Mozilla/5.0 (compatible; bingbot/2.0; +http://www.bing.com/bingbot.htm)" "www.ysfine.com"
40.77.167.62 - - [17/Sep/2022:06:19:37 -0700] "GET /usca/pitt/steelm02.jpg HTTP/1.1" 200 122294 "-" "Mozilla/5.0 (compatible; bingbot/2.0; +http://www.bing.com/bingbot.htm)" "www.ysfine.com"
40.77.167.35 - - [17/Sep/2022:06:19:40 -0700] "GET /world/brit/etonharrow.html HTTP/1.1" 200 4546 "-" "Mozilla/5.0 (compatible; bingbot/2.0; +http://www.bing.com/bingbot.htm)" "ysfine.com"
40.77.167.62 - - [17/Sep/2022:06:20:27 -0700] "GET /people/pimage.html HTTP/1.1" 200 7965 "-" "Mozilla/5.0 (compatible; bingbot/2.0; +http://www.bing.com/bingbot.htm)" "ysfine.com"
40.77.167.33 - - [17/Sep/2022:06:20:43 -0700] "GET /yspapers/dubna96.pdf HTTP/1.1" 200 155599 "-" "Mozilla/5.0 (compatible; bingbot/2.0; +http://www.bing.com/bingbot.htm)" "www.ysfine.com"
76.24.133.243 - - [17/Sep/2022:06:21:28 -0700] "GET /princeton/alexan22.jpg HTTP/1.1" 200 175436 "https://www.google.com/" "Mozilla/5.0 (Macintosh; Intel Mac OS X 10_15_7) AppleWebKit/537.36 (KHTML, like Gecko) Chrome/105.0.0.0 Safari/537.36" "ysfine.com"
157.55.39.146 - - [17/Sep/2022:06:21:55 -0700] "GET /usca/pitt/steelm02.jpg HTTP/1.1" 200 122294 "-" "Mozilla/5.0 (compatible; bingbot/2.0; +http://www.bing.com/bingbot.htm)" "www.ysfine.com"
52.249.183.11 - - [17/Sep/2022:06:22:04 -0700] "GET /sbk/2000pr11.jpg HTTP/1.1" 200 402177 "-" "Mozilla/5.0 (Windows NT 10.0; Win64; x64) AppleWebKit/537.36 (KHTML, like Gecko) Chrome/86.0.4240.75 Safari/537.36" "ysfine.com"
20.163.144.175 - - [17/Sep/2022:06:22:39 -0700] "GET /einstein/eins47.jpg HTTP/1.1" 200 108796 "-" "Mozilla/5.0 (Windows NT 10.0; Win64; x64) AppleWebKit/537.36 (KHTML, like Gecko) Chrome/86.0.4240.75 Safari/537.36" "ysfine.com"
121.200.5.68 - - [17/Sep/2022:06:23:00 -0700] "GET /maga/phil/tao15.pdf HTTP/1.1" 200 249510 "https://getpocket.com/" "Mozilla/5.0 (Macintosh; Intel Mac OS X 10_15_6) AppleWebKit/605.1.15 (KHTML, like Gecko)" "ysfine.com"
40.77.167.62 - - [17/Sep/2022:06:23:57 -0700] "GET /dirac/chaucer.html HTTP/1.1" 200 2700 "-" "Mozilla/5.0 (compatible; bingbot/2.0; +http://www.bing.com/bingbot.htm)" "www.ysfine.com"
5.255.253.146 - - [17/Sep/2022:06:24:16 -0700] "GET /world/balkan/istan079.jpg HTTP/1.1" 200 69389 "-" "Mozilla/5.0 (compatible; YandexImages/3.0; +http://yandex.com/bots)" "www.ysfine.com"
40.77.167.27 - - [17/Sep/2022:06:24:17 -0700] "GET /einstein/eincurie.html HTTP/1.1" 200 895 "-" "Mozilla/5.0 (compatible; bingbot/2.0; +http://www.bing.com/bingbot.htm)" "ysfine.com"
157.55.39.146 - - [17/Sep/2022:06:25:55 -0700] "GET /eink/index.html HTTP/1.1" 200 17659 "-" "Mozilla/5.0 (compatible; bingbot/2.0; +http://www.bing.com/bingbot.htm)" "www.ysfine.com"
40.77.167.27 - - [17/Sep/2022:06:26:05 -0700] "GET /world/brit/bond32.jpg HTTP/1.1" 200 112439 "-" "Mozilla/5.0 (compatible; bingbot/2.0; +http://www.bing.com/bingbot.htm)" "www.ysfine.com"
45.139.214.129 - - [17/Sep/2022:06:26:08 -0700] "GET /kobak/kimilsong11.jpg HTTP/1.1" 200 185542 "https://www.google.com/" "Mozilla/5.0 (Windows NT 10.0; Win64; x64) AppleWebKit/537.36 (KHTML, like Gecko) Chrome/105.0.0.0 Safari/537.36" "ysfine.com"
20.163.144.175 - - [17/Sep/2022:06:26:32 -0700] "GET /wigner/wighome.jpg HTTP/1.1" 200 103103 "-" "Mozilla/5.0 (Windows NT 10.0; Win64; x64) AppleWebKit/537.36 (KHTML, like Gecko) Chrome/86.0.4240.75 Safari/537.36" "ysfine.com"
40.77.167.33 - - [17/Sep/2022:06:27:12 -0700] "GET /people/goldha.html HTTP/1.1" 200 1796 "-" "Mozilla/5.0 (compatible; bingbot/2.0; +http://www.bing.com/bingbot.htm)" "ysfine.com"
69.151.178.225 - - [17/Sep/2022:06:27:39 -0700] "GET /wigner/wiglittle.pdf HTTP/1.1" 304 - "-" "Mozilla/5.0 (Windows NT 10.0; Win64; x64; rv:104.0) Gecko/20100101 Firefox/104.0" "ysfine.com"
40.77.167.33 - - [17/Sep/2022:06:27:44 -0700] "GET /wigner/neupol.html HTTP/1.1" 200 1742 "-" "Mozilla/5.0 (compatible; bingbot/2.0; +http://www.bing.com/bingbot.htm)" "ysfine.com"
87.250.224.76 - - [17/Sep/2022:06:27:59 -0700] "GET /world/brit/cam17.jpg HTTP/1.1" 200 185221 "-" "Mozilla/5.0 (compatible; YandexImages/3.0; +http://yandex.com/bots)" "www.ysfine.com"
69.151.178.225 - - [17/Sep/2022:06:28:14 -0700] "GET /wigner/wiglittle.pdf HTTP/1.1" 206 37856 "https://www.google.com/" "Mozilla/5.0 (Windows NT 10.0; Win64; x64; rv:104.0) Gecko/20100101 Firefox/104.0" "ysfine.com"
69.151.178.225 - - [17/Sep/2022:06:28:14 -0700] "GET /wigner/wiglittle.pdf HTTP/1.1" 206 65536 "https://www.google.com/" "Mozilla/5.0 (Windows NT 10.0; Win64; x64; rv:104.0) Gecko/20100101 Firefox/104.0" "ysfine.com"
69.151.178.225 - - [17/Sep/2022:06:28:14 -0700] "GET /wigner/wiglittle.pdf HTTP/1.1" 304 - "-" "Mozilla/5.0 (Windows NT 10.0; Win64; x64; rv:104.0) Gecko/20100101 Firefox/104.0" "ysfine.com"
69.151.178.225 - - [17/Sep/2022:06:28:14 -0700] "GET /wigner/wiglittle.pdf HTTP/1.1" 304 - "-" "Mozilla/5.0 (Windows NT 10.0; Win64; x64; rv:104.0) Gecko/20100101 Firefox/104.0" "ysfine.com"
157.55.39.112 - - [17/Sep/2022:06:29:26 -0700] "GET /robots.txt HTTP/1.1" 404 88 "-" "Mozilla/5.0 (compatible; bingbot/2.0; +http://www.bing.com/bingbot.htm)" "www.ysfine.com"
40.77.167.35 - - [17/Sep/2022:06:29:38 -0700] "GET /usca/pitt/gonew2.jpg HTTP/1.1" 200 50575 "-" "Mozilla/5.0 (compatible; bingbot/2.0; +http://www.bing.com/bingbot.htm)" "www.ysfine.com"
40.77.167.35 - - [17/Sep/2022:06:29:49 -0700] "GET /wigner/neumann.html HTTP/1.1" 200 1332 "-" "Mozilla/5.0 (compatible; bingbot/2.0; +http://www.bing.com/bingbot.htm)" "ysfine.com"
85.108.195.10 - - [17/Sep/2022:06:30:28 -0700] "GET /jobs/koreaj.html HTTP/1.1" 200 10214 "-" "Mozilla/5.0 (Windows NT 10.0; Win64; x64; rv:102.0) Gecko/20100101 Firefox/102.0" "www.ysfine.com"
40.77.167.62 - - [17/Sep/2022:06:30:28 -0700] "GET /maga/three.html HTTP/1.1" 200 7358 "-" "Mozilla/5.0 (compatible; bingbot/2.0; +http://www.bing.com/bingbot.htm)" "ysfine.com"
89.37.173.46 - - [17/Sep/2022:06:30:34 -0700] "GET /world/poland/coperni11.jpg HTTP/1.1" 200 135649 "https://www.google.com/" "Mozilla/5.0 (Windows NT 10.0; Win64; x64) AppleWebKit/537.36 (KHTML, like Gecko) Chrome/104.0.5112.102 Safari/537.36 OPR/90.0.4480.107" "ysfine.com"
167.235.34.112 - - [17/Sep/2022:06:30:42 -0700] "GET /kobak/sl628.jpg HTTP/1.1" 200 225100 "https://www.bing.com/" "Mozilla/5.0 (X11; Linux x86_64) AppleWebKit/537.36 (KHTML, like Gecko) HeadlessChrome/104.0.5112.101 Safari/537.36" "ysfine.com"
66.249.75.44 - - [17/Sep/2022:06:31:27 -0700] "GET /eink/paw450.jpg HTTP/1.1" 200 90454 "-" "Googlebot-Image/1.0" "ysfine.com"
40.77.167.33 - - [17/Sep/2022:06:31:42 -0700] "GET /princeton/bdinner.jpg HTTP/1.1" 200 97933 "-" "Mozilla/5.0 AppleWebKit/537.36 (KHTML, like Gecko; compatible; bingbot/2.0; +http://www.bing.com/bingbot.htm) Chrome/103.0.5060.134 Safari/537.36" "ysfine.com"
167.235.34.112 - - [17/Sep/2022:06:31:56 -0700] "GET /kobak/sl628.jpg HTTP/1.1" 200 225100 "https://www.bing.com/" "Mozilla/5.0 (X11; Linux x86_64) AppleWebKit/537.36 (KHTML, like Gecko) HeadlessChrome/104.0.5112.101 Safari/537.36" "ysfine.com"
40.77.167.35 - - [17/Sep/2022:06:32:02 -0700] "GET /princeton/gcollege.html HTTP/1.1" 200 504 "-" "Mozilla/5.0 (compatible; bingbot/2.0; +http://www.bing.com/bingbot.htm)" "ysfine.com"
87.250.224.79 - - [17/Sep/2022:06:32:19 -0700] "GET /world/russ/gum20.jpg HTTP/1.1" 200 139089 "-" "Mozilla/5.0 (compatible; YandexImages/3.0; +http://yandex.com/bots)" "www.ysfine.com"
157.55.39.146 - - [17/Sep/2022:06:32:37 -0700] "GET /maga/poincare.html HTTP/1.1" 200 7726 "-" "Mozilla/5.0 (compatible; bingbot/2.0; +http://www.bing.com/bingbot.htm)" "ysfine.com"
40.77.167.35 - - [17/Sep/2022:06:32:51 -0700] "GET /sbk/1987brooke11.jpg HTTP/1.1" 200 257411 "-" "Mozilla/5.0 (compatible; bingbot/2.0; +http://www.bing.com/bingbot.htm)" "www.ysfine.com"
5.255.253.112 - - [17/Sep/2022:06:33:15 -0700] "GET /world/russ/kazan092.jpg HTTP/1.1" 200 46898 "-" "Mozilla/5.0 (compatible; YandexImages/3.0; +http://yandex.com/bots)" "www.ysfine.com"
40.77.167.62 - - [17/Sep/2022:06:33:18 -0700] "GET /world/spb.html HTTP/1.1" 200 16118 "-" "Mozilla/5.0 (compatible; bingbot/2.0; +http://www.bing.com/bingbot.htm)" "ysfine.com"
40.77.167.33 - - [17/Sep/2022:06:33:24 -0700] "GET /home/mathrev.html HTTP/1.1" 200 1802 "-" "Mozilla/5.0 (compatible; bingbot/2.0; +http://www.bing.com/bingbot.htm)" "ysfine.com"
40.77.167.27 - - [17/Sep/2022:06:33:28 -0700] "GET /world/ital/flor031b.jpg HTTP/1.1" 200 40386 "-" "Mozilla/5.0 (compatible; bingbot/2.0; +http://www.bing.com/bingbot.htm)" "ysfine.com"
157.55.39.146 - - [17/Sep/2022:06:33:36 -0700] "GET /world/veneto.html HTTP/1.1" 200 6676 "-" "Mozilla/5.0 AppleWebKit/537.36 (KHTML, like Gecko; compatible; bingbot/2.0; +http://www.bing.com/bingbot.htm) Chrome/103.0.5060.134 Safari/537.36" "ysfine.com"
40.77.167.62 - - [17/Sep/2022:06:33:47 -0700] "GET /style/charlesbr00.jpg HTTP/1.1" 200 76050 "-" "Mozilla/5.0 (compatible; bingbot/2.0; +http://www.bing.com/bingbot.htm)" "ysfine.com"
157.42.252.132 - - [17/Sep/2022:06:33:50 -0700] "GET /feynman/ppic/parton88a.jpg HTTP/1.1" 200 55506 "https://www.google.com/" "Mozilla/5.0 (Linux; Android 11; SM-M215F Build/RP1A.200720.012; wv) AppleWebKit/537.36 (KHTML, like Gecko) Version/4.0 Chrome/105.0.5195.79 Mobile Safari/537.36 GoogleApp/13.35.12.26.arm64" "ysfine.com"
77.75.79.31 - - [17/Sep/2022:06:33:55 -0700] "GET /kowar/index.html HTTP/1.1" 304 - "-" "Mozilla/5.0 (compatible; SeznamBot/4.0-RC1; +http://napoveda.seznam.cz/seznambot-intro/)" "ysfine.com"
40.77.167.27 - - [17/Sep/2022:06:34:07 -0700] "GET /dirac/dirheisen.html HTTP/1.1" 200 4650 "-" "Mozilla/5.0 (compatible; bingbot/2.0; +http://www.bing.com/bingbot.htm)" "ysfine.com"
40.77.167.35 - - [17/Sep/2022:06:34:18 -0700] "GET /kobak/sorae/church03.jpg HTTP/1.1" 200 132707 "-" "Mozilla/5.0 (compatible; bingbot/2.0; +http://www.bing.com/bingbot.htm)" "ysfine.com"
40.77.167.33 - - [17/Sep/2022:06:34:32 -0700] "GET /world/france/frmodo01.jpg HTTP/1.1" 200 100221 "-" "Mozilla/5.0 (compatible; bingbot/2.0; +http://www.bing.com/bingbot.htm)" "ysfine.com"
40.77.167.35 - - [17/Sep/2022:06:34:32 -0700] "GET /world/france/montpar03.jpg HTTP/1.1" 200 108206 "-" "Mozilla/5.0 (compatible; bingbot/2.0; +http://www.bing.com/bingbot.htm)" "www.ysfine.com"
40.77.167.33 - - [17/Sep/2022:06:36:12 -0700] "GET /kobak/kimjap11.jpg HTTP/1.1" 200 114962 "-" "Mozilla/5.0 (compatible; bingbot/2.0; +http://www.bing.com/bingbot.htm)" "www.ysfine.com"
40.77.167.35 - - [17/Sep/2022:06:37:23 -0700] "GET /newyork/nyc.html HTTP/1.1" 200 31389 "-" "Mozilla/5.0 (compatible; bingbot/2.0; +http://www.bing.com/bingbot.htm)" "ysfine.com"
40.77.167.27 - - [17/Sep/2022:06:38:18 -0700] "GET /wdc/obelisk22.jpg HTTP/1.1" 200 101572 "-" "Mozilla/5.0 (compatible; bingbot/2.0; +http://www.bing.com/bingbot.htm)" "ysfine.com"
40.77.167.35 - - [17/Sep/2022:06:38:38 -0700] "GET /class54/choiyk11.jpg HTTP/1.1" 200 48360 "-" "Mozilla/5.0 (compatible; bingbot/2.0; +http://www.bing.com/bingbot.htm)" "www.ysfine.com"
40.77.167.62 - - [17/Sep/2022:06:38:38 -0700] "GET /newyork/colum02.jpg HTTP/1.1" 200 104680 "-" "Mozilla/5.0 AppleWebKit/537.36 (KHTML, like Gecko; compatible; bingbot/2.0; +http://www.bing.com/bingbot.htm) Chrome/103.0.5060.134 Safari/537.36" "ysfine.com"
40.77.167.27 - - [17/Sep/2022:06:38:42 -0700] "GET /dirac/dirpoems.html HTTP/1.1" 200 5773 "-" "Mozilla/5.0 AppleWebKit/537.36 (KHTML, like Gecko; compatible; bingbot/2.0; +http://www.bing.com/bingbot.htm) Chrome/103.0.5060.134 Safari/537.36" "ysfine.com"
40.77.167.35 - - [17/Sep/2022:06:39:08 -0700] "GET /world/china/china039b.jpg HTTP/1.1" 200 66740 "-" "Mozilla/5.0 AppleWebKit/537.36 (KHTML, like Gecko; compatible; bingbot/2.0; +http://www.bing.com/bingbot.htm) Chrome/103.0.5060.134 Safari/537.36" "ysfine.com"
87.250.224.161 - - [17/Sep/2022:06:39:20 -0700] "GET /world/russ/redw02.jpg HTTP/1.1" 200 129284 "-" "Mozilla/5.0 (compatible; YandexImages/3.0; +http://yandex.com/bots)" "www.ysfine.com"
147.78.47.249 - - [17/Sep/2022:06:39:33 -0700] "GET /_ignition/health-check/ HTTP/1.1" 404 88 "http://ysfine.com/_ignition/health-check/" "Mozilla/5.0 (Windows NT 10.0; Win64; x64) AppleWebKit/537.36 (KHTML, like Gecko) Chrome/105.0.0.0 Safari/537.36" "ysfine.com"
147.78.47.249 - - [17/Sep/2022:06:39:35 -0700] "GET /public/_ignition/health-check/ HTTP/1.1" 404 88 "http://ysfine.com/public/_ignition/health-check/" "Mozilla/5.0 (Windows NT 10.0; Win64; x64) AppleWebKit/537.36 (KHTML, like Gecko) Chrome/105.0.0.0 Safari/537.36" "ysfine.com"
147.78.47.249 - - [17/Sep/2022:06:39:38 -0700] "GET /wp-includes/wlwmanifest.xml HTTP/1.1" 404 88 "http://ysfine.com/wp-includes/wlwmanifest.xml" "Mozilla/5.0 (Windows NT 10.0; Win64; x64) AppleWebKit/537.36 (KHTML, like Gecko) Chrome/105.0.0.0 Safari/537.36" "ysfine.com"
40.77.167.27 - - [17/Sep/2022:06:39:38 -0700] "GET /world/baltic/kalin31b.jpg HTTP/1.1" 200 56139 "-" "Mozilla/5.0 (compatible; bingbot/2.0; +http://www.bing.com/bingbot.htm)" "www.ysfine.com"
40.77.167.33 - - [17/Sep/2022:06:39:43 -0700] "GET /dongio/germflor22.jpg HTTP/1.1" 404 88 "-" "Mozilla/5.0 (compatible; bingbot/2.0; +http://www.bing.com/bingbot.htm)" "ysfine.com"
40.77.167.33 - - [17/Sep/2022:06:39:43 -0700] "GET /dirac/diracpol.html HTTP/1.1" 200 3380 "-" "Mozilla/5.0 (compatible; bingbot/2.0; +http://www.bing.com/bingbot.htm)" "ysfine.com"
40.77.167.35 - - [17/Sep/2022:06:39:47 -0700] "GET /kowar/roostalin.html HTTP/1.1" 200 1180 "-" "Mozilla/5.0 (compatible; bingbot/2.0; +http://www.bing.com/bingbot.htm)" "ysfine.com"
204.44.117.230 - - [17/Sep/2022:06:41:15 -0700] "GET /world/travel.html HTTP/1.1" 200 1633 "http://ysfine.com/world/travel.html" "Mozilla/5.0 (Windows NT 10.0; Win64; x64) AppleWebKit/537.36 (KHTML, like Gecko) Chrome/80.0.3987.149 Safari/537.36" "ysfine.com"
40.77.167.35 - - [17/Sep/2022:06:41:32 -0700] "GET /world/france/lilas03.jpg HTTP/1.1" 200 84279 "-" "Mozilla/5.0 (compatible; bingbot/2.0; +http://www.bing.com/bingbot.htm)" "ysfine.com"
40.77.167.33 - - [17/Sep/2022:06:42:43 -0700] "GET /princeton/pcomm07.jpg HTTP/1.1" 200 110276 "-" "Mozilla/5.0 (compatible; bingbot/2.0; +http://www.bing.com/bingbot.htm)" "www.ysfine.com"
40.77.167.27 - - [17/Sep/2022:06:42:47 -0700] "GET /sbk/2008orlando11.jpg HTTP/1.1" 200 126190 "-" "Mozilla/5.0 AppleWebKit/537.36 (KHTML, like Gecko; compatible; bingbot/2.0; +http://www.bing.com/bingbot.htm) Chrome/103.0.5060.134 Safari/537.36" "ysfine.com"
52.249.183.11 - - [17/Sep/2022:06:42:59 -0700] "GET /yspapers/index.html HTTP/1.1" 200 21306 "-" "Mozilla/5.0 (Windows NT 10.0; Win64; x64) AppleWebKit/537.36 (KHTML, like Gecko) Chrome/86.0.4240.75 Safari/537.36" "ysfine.com"
40.77.167.27 - - [17/Sep/2022:06:43:08 -0700] "GET /world/florence.html HTTP/1.1" 200 9706 "-" "Mozilla/5.0 (compatible; bingbot/2.0; +http://www.bing.com/bingbot.htm)" "ysfine.com"
40.77.167.27 - - [17/Sep/2022:06:43:38 -0700] "GET /yspapers/phpr.pdf HTTP/1.1" 200 132409 "-" "Mozilla/5.0 AppleWebKit/537.36 (KHTML, like Gecko; compatible; bingbot/2.0; +http://www.bing.com/bingbot.htm) Chrome/103.0.5060.134 Safari/537.36" "www.ysfine.com"
40.77.167.33 - - [17/Sep/2022:06:44:05 -0700] "GET /maga/lorenuni.html HTTP/1.1" 200 2365 "-" "Mozilla/5.0 (compatible; bingbot/2.0; +http://www.bing.com/bingbot.htm)" "www.ysfine.com"
40.77.167.33 - - [17/Sep/2022:06:44:25 -0700] "GET /maga/galileo.html HTTP/1.1" 200 4725 "-" "Mozilla/5.0 (compatible; bingbot/2.0; +http://www.bing.com/bingbot.htm)" "ysfine.com"
54.202.141.117 - - [17/Sep/2022:06:44:37 -0700] "GET /maga/phys/heisen22.jpg HTTP/1.1" 200 82807 "http://ysfine.com/maga/phys/heisen22.jpg" "Mozilla/5.0 (Windows NT 10.0; Win64; x64) AppleWebKit/537.36 (KHTML, like Gecko) Chrome/89.0.4389.114 Safari/537.36" "ysfine.com"
40.77.167.35 - - [17/Sep/2022:06:45:13 -0700] "GET /world/china/dalian.html HTTP/1.1" 200 5040 "-" "Mozilla/5.0 (compatible; bingbot/2.0; +http://www.bing.com/bingbot.htm)" "ysfine.com"
178.173.110.174 - - [17/Sep/2022:06:45:34 -0700] "GET /wigner/wiglittle.pdf HTTP/1.1" 200 2659296 "https://www.google.com/" "Mozilla/5.0 (Windows NT 10.0; Win64; x64) AppleWebKit/537.36 (KHTML, like Gecko) Chrome/105.0.0.0 Safari/537.36" "ysfine.com"
178.173.110.174 - - [17/Sep/2022:06:45:34 -0700] "GET /favicon.ico HTTP/1.1" 404 88 "https://ysfine.com/wigner/wiglittle.pdf" "Mozilla/5.0 (Windows NT 10.0; Win64; x64) AppleWebKit/537.36 (KHTML, like Gecko) Chrome/105.0.0.0 Safari/537.36" "ysfine.com"
40.77.167.33 - - [17/Sep/2022:06:45:43 -0700] "GET /wdc/kopol01.jpg HTTP/1.1" 200 70290 "-" "Mozilla/5.0 AppleWebKit/537.36 (KHTML, like Gecko; compatible; bingbot/2.0; +http://www.bing.com/bingbot.htm) Chrome/103.0.5060.134 Safari/537.36" "www.ysfine.com"
40.77.167.33 - - [17/Sep/2022:06:46:05 -0700] "GET /einstein/heisenberg.html HTTP/1.1" 200 10552 "-" "Mozilla/5.0 (compatible; bingbot/2.0; +http://www.bing.com/bingbot.htm)" "ysfine.com"
5.255.253.121 - - [17/Sep/2022:06:46:38 -0700] "GET /maga/bohr.html HTTP/1.1" 200 5125 "-" "Mozilla/5.0 (compatible; YandexBot/3.0; +http://yandex.com/bots)" "www.ysfine.com"
92.255.89.62 - - [17/Sep/2022:06:47:42 -0700] "GET /maga/phys/naimar/pewk02.jpg HTTP/1.1" 200 41315 "https://www.google.com/" "Mozilla/5.0 (Windows NT 10.0; Win64; x64) AppleWebKit/537.36 (KHTML, like Gecko) Chrome/104.0.5112.102 Safari/537.36 OPR/90.0.4480.100" "ysfine.com"
46.161.27.153 - - [17/Sep/2022:06:48:50 -0700] "GET /wp-login.php HTTP/1.1" 404 88 "http://ysfine.com/wp-login.php" "Mozilla/5.0 (Windows NT 10.0; Win64; x64) AppleWebKit/537.36 (KHTML, like Gecko) Chrome/64.0.3282.140 Safari/537.36 Edge/18.17763" "ysfine.com"
115.70.152.35 - - [17/Sep/2022:06:50:28 -0700] "GET /world/brit/eton11.jpg HTTP/1.1" 200 107084 "https://www.google.com/" "Mozilla/5.0 (Windows NT 10.0; Win64; x64) AppleWebKit/537.36 (KHTML, like Gecko) Chrome/105.0.0.0 Safari/537.36" "ysfine.com"
87.250.224.46 - - [17/Sep/2022:06:50:37 -0700] "GET /usca/pitt/donner07b.jpg HTTP/1.1" 200 49625 "-" "Mozilla/5.0 (compatible; YandexImages/3.0; +http://yandex.com/bots)" "www.ysfine.com"
114.119.128.142 - - [17/Sep/2022:06:50:49 -0700] "GET /feynman HTTP/1.1" 301 1408 "https://ysfine.com/wisdom/wk07.html" "Mozilla/5.0 (Linux; Android 7.0;) AppleWebKit/537.36 (KHTML, like Gecko) Mobile Safari/537.36 (compatible; PetalBot;+https://webmaster.petalsearch.com/site/petalbot)" "ysfine.com"
114.119.128.142 - - [17/Sep/2022:06:50:50 -0700] "GET /feynman/ HTTP/1.1" 200 124 "https://ysfine.com/wisdom/wk07.html" "Mozilla/5.0 (Linux; Android 7.0;) AppleWebKit/537.36 (KHTML, like Gecko) Mobile Safari/537.36 (compatible; PetalBot;+https://webmaster.petalsearch.com/site/petalbot)" "ysfine.com"
157.55.39.146 - - [17/Sep/2022:06:51:58 -0700] "GET /world/germany/vienopera44.jpg HTTP/1.1" 200 101849 "-" "Mozilla/5.0 (compatible; bingbot/2.0; +http://www.bing.com/bingbot.htm)" "ysfine.com"
114.119.128.142 - - [17/Sep/2022:06:52:49 -0700] "GET /class54/class5470/total_data/photo_img/1-33.jpg HTTP/1.1" 200 187213 "https://ysfine.com/class54/class5470/total_data/sub_133.htm" "Mozilla/5.0 (Linux; Android 7.0;) AppleWebKit/537.36 (KHTML, like Gecko) Mobile Safari/537.36 (compatible; PetalBot;+https://webmaster.petalsearch.com/site/petalbot)" "ysfine.com"
20.163.147.159 - - [17/Sep/2022:06:53:11 -0700] "GET /people/carnation61.jpg HTTP/1.1" 200 111221 "-" "Mozilla/5.0 (Windows NT 10.0; Win64; x64) AppleWebKit/537.36 (KHTML, like Gecko) Chrome/86.0.4240.75 Safari/537.36" "ysfine.com"
20.163.147.159 - - [17/Sep/2022:06:53:27 -0700] "GET /princeton/prade.html HTTP/1.1" 200 9863 "-" "Mozilla/5.0 (Windows NT 10.0; Win64; x64) AppleWebKit/537.36 (KHTML, like Gecko) Chrome/86.0.4240.75 Safari/537.36" "ysfine.com"
114.119.128.142 - - [17/Sep/2022:06:54:02 -0700] "GET /yspapers/yukadirac80.pdf HTTP/1.1" 200 198124 "https://www.semanticscholar.org/paper/Yukawa-%27-s-Approach-and-Dirac-%27-s-Approach-to-Model-Dis-Yilmaz/d84a0ec94204b5ab591eb4026cfca383bcc319c8/figure/0" "Mozilla/5.0 (Linux; Android 7.0;) AppleWebKit/537.36 (KHTML, like Gecko) Mobile Safari/537.36 (compatible; PetalBot;+https://webmaster.petalsearch.com/site/petalbot)" "www.ysfine.com"
52.249.183.11 - - [17/Sep/2022:06:54:28 -0700] "GET /world/polandp.html HTTP/1.1" 200 5412 "-" "Mozilla/5.0 (Windows NT 10.0; Win64; x64) AppleWebKit/537.36 (KHTML, like Gecko) Chrome/86.0.4240.75 Safari/537.36" "ysfine.com"
40.77.167.27 - - [17/Sep/2022:06:54:29 -0700] "GET /world/france/montmar09.jpg HTTP/1.1" 200 96536 "-" "Mozilla/5.0 AppleWebKit/537.36 (KHTML, like Gecko; compatible; bingbot/2.0; +http://www.bing.com/bingbot.htm) Chrome/103.0.5060.134 Safari/537.36" "www.ysfine.com"
20.163.144.175 - - [17/Sep/2022:06:54:51 -0700] "GET /dirac/dart/dirac45a.pdf HTTP/1.1" 200 2115116 "-" "Mozilla/5.0 (Windows NT 10.0; Win64; x64) AppleWebKit/537.36 (KHTML, like Gecko) Chrome/86.0.4240.75 Safari/537.36" "ysfine.com"
157.55.39.146 - - [17/Sep/2022:06:54:59 -0700] "GET /dirac/dirkim.html HTTP/1.1" 200 3690 "-" "Mozilla/5.0 (compatible; bingbot/2.0; +http://www.bing.com/bingbot.htm)" "www.ysfine.com"
40.77.167.27 - - [17/Sep/2022:06:55:29 -0700] "GET /world/russ/kazan057.jpg HTTP/1.1" 200 86214 "-" "Mozilla/5.0 (compatible; bingbot/2.0; +http://www.bing.com/bingbot.htm)" "www.ysfine.com"
157.55.39.146 - - [17/Sep/2022:06:55:58 -0700] "GET /dirac/twobroth.html HTTP/1.1" 200 2887 "-" "Mozilla/5.0 (compatible; bingbot/2.0; +http://www.bing.com/bingbot.htm)" "ysfine.com"
40.77.167.62 - - [17/Sep/2022:06:56:10 -0700] "GET /einstein/further.html HTTP/1.1" 200 4338 "-" "Mozilla/5.0 AppleWebKit/537.36 (KHTML, like Gecko; compatible; bingbot/2.0; +http://www.bing.com/bingbot.htm) Chrome/103.0.5060.134 Safari/537.36" "ysfine.com"
40.77.167.33 - - [17/Sep/2022:06:56:15 -0700] "GET /world/baltic/lithuf06.jpg HTTP/1.1" 200 93618 "-" "Mozilla/5.0 (compatible; bingbot/2.0; +http://www.bing.com/bingbot.htm)" "www.ysfine.com"
40.77.167.62 - - [17/Sep/2022:06:56:19 -0700] "GET /sbk/2002maine22.jpg HTTP/1.1" 200 183685 "-" "Mozilla/5.0 (compatible; bingbot/2.0; +http://www.bing.com/bingbot.htm)" "ysfine.com"
157.55.39.146 - - [17/Sep/2022:06:56:29 -0700] "GET /princeton/prade.html HTTP/1.1" 200 9863 "-" "Mozilla/5.0 AppleWebKit/537.36 (KHTML, like Gecko; compatible; bingbot/2.0; +http://www.bing.com/bingbot.htm) Chrome/103.0.5060.134 Safari/537.36" "ysfine.com"
157.55.39.146 - - [17/Sep/2022:06:56:29 -0700] "GET /wigner/wigspeak.html HTTP/1.1" 200 390 "-" "Mozilla/5.0 (compatible; bingbot/2.0; +http://www.bing.com/bingbot.htm)" "www.ysfine.com"
40.77.167.35 - - [17/Sep/2022:06:57:14 -0700] "GET /maga/pupin.html HTTP/1.1" 200 5043 "-" "Mozilla/5.0 (compatible; bingbot/2.0; +http://www.bing.com/bingbot.htm)" "www.ysfine.com"
40.77.167.62 - - [17/Sep/2022:06:57:20 -0700] "GET /world/nice.html HTTP/1.1" 200 7230 "-" "Mozilla/5.0 (compatible; bingbot/2.0; +http://www.bing.com/bingbot.htm)" "ysfine.com"
87.250.224.156 - - [17/Sep/2022:06:57:49 -0700] "GET /robots.txt HTTP/1.1" 404 73 "-" "Mozilla/5.0 (compatible; YandexBot/3.0; +http://yandex.com/bots)" "www.ysfine.com"
213.180.203.65 - - [17/Sep/2022:06:57:53 -0700] "GET /world/russ/spb28b.jpg HTTP/1.1" 200 34702 "-" "Mozilla/5.0 (compatible; YandexImages/3.0; +http://yandex.com/bots)" "www.ysfine.com"
40.77.167.35 - - [17/Sep/2022:06:58:51 -0700] "GET /style/franko11.jpg HTTP/1.1" 200 71379 "-" "Mozilla/5.0 (compatible; bingbot/2.0; +http://www.bing.com/bingbot.htm)" "ysfine.com"
40.77.167.62 - - [17/Sep/2022:06:58:59 -0700] "GET /world/brit/lontaxi04.jpg HTTP/1.1" 200 59541 "-" "Mozilla/5.0 (compatible; bingbot/2.0; +http://www.bing.com/bingbot.htm)" "www.ysfine.com"
66.249.75.40 - - [17/Sep/2022:06:59:06 -0700] "GET /world/ital/bolog16.jpg HTTP/1.1" 200 111485 "-" "Googlebot-Image/1.0" "ysfine.com"
40.77.167.33 - - [17/Sep/2022:06:59:55 -0700] "GET /maga/copergali.html HTTP/1.1" 200 5140 "-" "Mozilla/5.0 AppleWebKit/537.36 (KHTML, like Gecko; compatible; bingbot/2.0; +http://www.bing.com/bingbot.htm) Chrome/103.0.5060.134 Safari/537.36" "ysfine.com"
20.163.144.175 - - [17/Sep/2022:07:00:17 -0700] "GET /articles/entro.pdf HTTP/1.1" 401 90 "-" "Mozilla/5.0 (Windows NT 10.0; Win64; x64) AppleWebKit/537.36 (KHTML, like Gecko) Chrome/86.0.4240.75 Safari/537.36" "ysfine.com"
157.55.39.146 - - [17/Sep/2022:07:00:19 -0700] "GET /feynman/yuval.html HTTP/1.1" 200 9248 "-" "Mozilla/5.0 (compatible; bingbot/2.0; +http://www.bing.com/bingbot.htm)" "ysfine.com"
157.55.39.146 - - [17/Sep/2022:07:01:08 -0700] "GET /people/facu63c.jpg HTTP/1.1" 200 39839 "-" "Mozilla/5.0 (compatible; bingbot/2.0; +http://www.bing.com/bingbot.htm)" "ysfine.com"
40.77.167.27 - - [17/Sep/2022:07:01:12 -0700] "GET /world/poland/krkf32.jpg HTTP/1.1" 200 246411 "-" "Mozilla/5.0 AppleWebKit/537.36 (KHTML, like Gecko; compatible; bingbot/2.0; +http://www.bing.com/bingbot.htm) Chrome/103.0.5060.134 Safari/537.36" "ysfine.com"
40.77.167.35 - - [17/Sep/2022:07:02:03 -0700] "GET /princeton/nasshall06.jpg HTTP/1.1" 200 145090 "-" "Mozilla/5.0 (compatible; bingbot/2.0; +http://www.bing.com/bingbot.htm)" "ysfine.com"
66.249.75.40 - - [17/Sep/2022:07:02:05 -0700] "GET /wisdom/bigpower01.jpg HTTP/1.1" 200 77902 "-" "Googlebot-Image/1.0" "ysfine.com"
40.77.167.35 - - [17/Sep/2022:07:02:21 -0700] "GET /world/france/montpar09.jpg HTTP/1.1" 200 138558 "-" "Mozilla/5.0 (compatible; bingbot/2.0; +http://www.bing.com/bingbot.htm)" "www.ysfine.com"
157.55.39.146 - - [17/Sep/2022:07:02:38 -0700] "GET /princeton/pros54.jpg HTTP/1.1" 200 119354 "-" "Mozilla/5.0 (compatible; bingbot/2.0; +http://www.bing.com/bingbot.htm)" "ysfine.com"
177.51.241.103 - - [17/Sep/2022:07:03:16 -0700] "GET /wigner/neum/vnc01.jpg HTTP/1.1" 200 133641 "https://www.google.com/" "Mozilla/5.0 (Linux; Android 9; Redmi 7A Build/PKQ1.190319.001; wv) AppleWebKit/537.36 (KHTML, like Gecko) Version/4.0 Chrome/104.0.5112.97 Mobile Safari/537.36 GoogleApp/13.34.12.26.arm" "ysfine.com"
177.51.241.103 - - [17/Sep/2022:07:04:21 -0700] "GET /wigner/neum/vnc01.jpg HTTP/1.1" 200 133641 "https://sites.google.com/" "Mozilla/5.0 (Linux; Android 9; Redmi 7A) AppleWebKit/537.36 (KHTML, like Gecko) Chrome/104.0.0.0 Mobile Safari/537.36" "ysfine.com"
40.77.167.27 - - [17/Sep/2022:07:05:11 -0700] "GET /wdc/eindc21.jpg HTTP/1.1" 200 110693 "-" "Mozilla/5.0 AppleWebKit/537.36 (KHTML, like Gecko; compatible; bingbot/2.0; +http://www.bing.com/bingbot.htm) Chrome/103.0.5060.134 Safari/537.36" "www.ysfine.com"
40.77.167.33 - - [17/Sep/2022:07:06:06 -0700] "GET /feynman/page55.html HTTP/1.1" 200 470 "-" "Mozilla/5.0 (compatible; bingbot/2.0; +http://www.bing.com/bingbot.htm)" "ysfine.com"
40.77.167.33 - - [17/Sep/2022:07:06:56 -0700] "GET /maga/mellon.html HTTP/1.1" 200 2949 "-" "Mozilla/5.0 (compatible; bingbot/2.0; +http://www.bing.com/bingbot.htm)" "ysfine.com"
40.77.167.35 - - [17/Sep/2022:07:08:32 -0700] "GET /kobak/rhee28b.jpg HTTP/1.1" 200 58445 "-" "Mozilla/5.0 (compatible; bingbot/2.0; +http://www.bing.com/bingbot.htm)" "www.ysfine.com"
40.77.167.62 - - [17/Sep/2022:07:09:11 -0700] "GET /feynman/feygell.html HTTP/1.1" 200 4714 "-" "Mozilla/5.0 (compatible; bingbot/2.0; +http://www.bing.com/bingbot.htm)" "ysfine.com"
40.77.167.27 - - [17/Sep/2022:07:09:30 -0700] "GET /world/germany/tub35.jpg HTTP/1.1" 200 114393 "-" "Mozilla/5.0 (compatible; bingbot/2.0; +http://www.bing.com/bingbot.htm)" "ysfine.com"
