65.109.26.43 - - [17/Sep/2022:19:48:32 -0700] "GET /archives/proceedings/boston/kozlov.html HTTP/1.1" 200 746 "-" "Mozilla/5.0 (compatible; MJ12bot/v1.4.8; http://mj12bot.com/)" "ysfine.com"
65.109.26.43 - - [17/Sep/2022:19:48:35 -0700] "GET /archives/proceedings/boston/krackl.html HTTP/1.1" 200 752 "-" "Mozilla/5.0 (compatible; MJ12bot/v1.4.8; http://mj12bot.com/)" "ysfine.com"
65.109.26.43 - - [17/Sep/2022:19:48:37 -0700] "GET /archives/proceedings/boston/krackl.html HTTP/1.1" 200 752 "-" "Mozilla/5.0 (compatible; MJ12bot/v1.4.8; http://mj12bot.com/)" "ysfine.com"
20.84.102.54 - - [17/Sep/2022:19:48:39 -0700] "GET /home/further22.jpg HTTP/1.1" 200 207087 "-" "Mozilla/5.0 (Windows NT 10.0; Win64; x64) AppleWebKit/537.36 (KHTML, like Gecko) Chrome/86.0.4240.75 Safari/537.36" "ysfine.com"
65.109.26.43 - - [17/Sep/2022:19:48:40 -0700] "GET /archives/proceedings/boston/kuklew.html HTTP/1.1" 200 815 "-" "Mozilla/5.0 (compatible; MJ12bot/v1.4.8; http://mj12bot.com/)" "ysfine.com"
65.109.26.43 - - [17/Sep/2022:19:48:42 -0700] "GET /archives/proceedings/boston/kuklew.html HTTP/1.1" 200 815 "-" "Mozilla/5.0 (compatible; MJ12bot/v1.4.8; http://mj12bot.com/)" "ysfine.com"
65.109.26.43 - - [17/Sep/2022:19:48:45 -0700] "GET /archives/proceedings/boston/liao.html HTTP/1.1" 200 696 "-" "Mozilla/5.0 (compatible; MJ12bot/v1.4.8; http://mj12bot.com/)" "ysfine.com"
65.109.26.43 - - [17/Sep/2022:19:48:46 -0700] "GET /archives/proceedings/boston/liao.html HTTP/1.1" 200 696 "-" "Mozilla/5.0 (compatible; MJ12bot/v1.4.8; http://mj12bot.com/)" "ysfine.com"
65.109.26.43 - - [17/Sep/2022:19:48:49 -0700] "GET /archives/proceedings/boston/maclay.html HTTP/1.1" 200 591 "-" "Mozilla/5.0 (compatible; MJ12bot/v1.4.8; http://mj12bot.com/)" "ysfine.com"
65.109.26.43 - - [17/Sep/2022:19:48:51 -0700] "GET /archives/proceedings/boston/maclay.html HTTP/1.1" 200 591 "-" "Mozilla/5.0 (compatible; MJ12bot/v1.4.8; http://mj12bot.com/)" "ysfine.com"
40.77.167.35 - - [17/Sep/2022:19:48:53 -0700] "GET /eink/eintao55a.jpg HTTP/1.1" 200 43359 "-" "Mozilla/5.0 (compatible; bingbot/2.0; +http://www.bing.com/bingbot.htm)" "www.ysfine.com"
65.109.26.43 - - [17/Sep/2022:19:48:54 -0700] "GET /archives/proceedings/boston/mancin.html HTTP/1.1" 200 529 "-" "Mozilla/5.0 (compatible; MJ12bot/v1.4.8; http://mj12bot.com/)" "ysfine.com"
65.109.26.43 - - [17/Sep/2022:19:48:55 -0700] "GET /archives/proceedings/boston/mancin.html HTTP/1.1" 200 529 "-" "Mozilla/5.0 (compatible; MJ12bot/v1.4.8; http://mj12bot.com/)" "ysfine.com"
65.109.26.43 - - [17/Sep/2022:19:48:58 -0700] "GET /archives/proceedings/boston/mankom.html HTTP/1.1" 200 540 "-" "Mozilla/5.0 (compatible; MJ12bot/v1.4.8; http://mj12bot.com/)" "ysfine.com"
65.109.26.43 - - [17/Sep/2022:19:49:00 -0700] "GET /archives/proceedings/boston/mankom.html HTTP/1.1" 200 540 "-" "Mozilla/5.0 (compatible; MJ12bot/v1.4.8; http://mj12bot.com/)" "ysfine.com"
157.55.39.112 - - [17/Sep/2022:19:49:02 -0700] "GET /robots.txt HTTP/1.1" 404 88 "-" "Mozilla/5.0 AppleWebKit/537.36 (KHTML, like Gecko; compatible; bingbot/2.0; +http://www.bing.com/bingbot.htm) Chrome/103.0.5060.134 Safari/537.36" "www.ysfine.com"
65.109.26.43 - - [17/Sep/2022:19:49:03 -0700] "GET /archives/proceedings/boston/mista.html HTTP/1.1" 200 572 "-" "Mozilla/5.0 (compatible; MJ12bot/v1.4.8; http://mj12bot.com/)" "ysfine.com"
65.109.26.43 - - [17/Sep/2022:19:49:04 -0700] "GET /archives/proceedings/boston/mista.html HTTP/1.1" 200 572 "-" "Mozilla/5.0 (compatible; MJ12bot/v1.4.8; http://mj12bot.com/)" "ysfine.com"
65.109.26.43 - - [17/Sep/2022:19:49:07 -0700] "GET /archives/proceedings/boston/mizrah.html HTTP/1.1" 200 647 "-" "Mozilla/5.0 (compatible; MJ12bot/v1.4.8; http://mj12bot.com/)" "ysfine.com"
40.77.167.33 - - [17/Sep/2022:19:49:08 -0700] "GET /world/france/louvre01.jpg HTTP/1.1" 200 88323 "-" "Mozilla/5.0 (compatible; bingbot/2.0; +http://www.bing.com/bingbot.htm)" "www.ysfine.com"
65.109.26.43 - - [17/Sep/2022:19:49:09 -0700] "GET /archives/proceedings/boston/mizrah.html HTTP/1.1" 200 647 "-" "Mozilla/5.0 (compatible; MJ12bot/v1.4.8; http://mj12bot.com/)" "ysfine.com"
65.109.26.43 - - [17/Sep/2022:19:49:13 -0700] "GET /archives/proceedings/boston/mukund.html HTTP/1.1" 200 632 "-" "Mozilla/5.0 (compatible; MJ12bot/v1.4.8; http://mj12bot.com/)" "ysfine.com"
65.109.26.43 - - [17/Sep/2022:19:49:14 -0700] "GET /archives/proceedings/boston/mukund.html HTTP/1.1" 200 632 "-" "Mozilla/5.0 (compatible; MJ12bot/v1.4.8; http://mj12bot.com/)" "ysfine.com"
65.109.26.43 - - [17/Sep/2022:19:49:17 -0700] "GET /archives/proceedings/boston/mundar.html HTTP/1.1" 200 766 "-" "Mozilla/5.0 (compatible; MJ12bot/v1.4.8; http://mj12bot.com/)" "ysfine.com"
65.109.26.43 - - [17/Sep/2022:19:49:19 -0700] "GET /archives/proceedings/boston/mundar.html HTTP/1.1" 200 766 "-" "Mozilla/5.0 (compatible; MJ12bot/v1.4.8; http://mj12bot.com/)" "ysfine.com"
65.109.26.43 - - [17/Sep/2022:19:49:22 -0700] "GET /archives/proceedings/boston/nassar.html HTTP/1.1" 200 734 "-" "Mozilla/5.0 (compatible; MJ12bot/v1.4.8; http://mj12bot.com/)" "ysfine.com"
65.109.26.43 - - [17/Sep/2022:19:49:24 -0700] "GET /archives/proceedings/boston/nassar.html HTTP/1.1" 200 734 "-" "Mozilla/5.0 (compatible; MJ12bot/v1.4.8; http://mj12bot.com/)" "ysfine.com"
65.109.26.43 - - [17/Sep/2022:19:49:27 -0700] "GET /archives/proceedings/boston/peng.html HTTP/1.1" 200 736 "-" "Mozilla/5.0 (compatible; MJ12bot/v1.4.8; http://mj12bot.com/)" "ysfine.com"
65.109.26.43 - - [17/Sep/2022:19:49:28 -0700] "GET /archives/proceedings/boston/peng.html HTTP/1.1" 200 736 "-" "Mozilla/5.0 (compatible; MJ12bot/v1.4.8; http://mj12bot.com/)" "ysfine.com"
65.109.26.43 - - [17/Sep/2022:19:49:32 -0700] "GET /archives/proceedings/boston/perina.html HTTP/1.1" 200 620 "-" "Mozilla/5.0 (compatible; MJ12bot/v1.4.8; http://mj12bot.com/)" "ysfine.com"
65.109.26.43 - - [17/Sep/2022:19:49:33 -0700] "GET /archives/proceedings/boston/perina.html HTTP/1.1" 200 620 "-" "Mozilla/5.0 (compatible; MJ12bot/v1.4.8; http://mj12bot.com/)" "ysfine.com"
65.109.26.43 - - [17/Sep/2022:19:49:36 -0700] "GET /archives/proceedings/boston/porz11.html HTTP/1.1" 200 565 "-" "Mozilla/5.0 (compatible; MJ12bot/v1.4.8; http://mj12bot.com/)" "ysfine.com"
65.109.26.43 - - [17/Sep/2022:19:49:38 -0700] "GET /archives/proceedings/boston/porz11.html HTTP/1.1" 200 565 "-" "Mozilla/5.0 (compatible; MJ12bot/v1.4.8; http://mj12bot.com/)" "ysfine.com"
65.109.26.43 - - [17/Sep/2022:19:49:41 -0700] "GET /archives/proceedings/boston/porz22.html HTTP/1.1" 200 767 "-" "Mozilla/5.0 (compatible; MJ12bot/v1.4.8; http://mj12bot.com/)" "ysfine.com"
65.109.26.43 - - [17/Sep/2022:19:49:43 -0700] "GET /archives/proceedings/boston/porz22.html HTTP/1.1" 200 767 "-" "Mozilla/5.0 (compatible; MJ12bot/v1.4.8; http://mj12bot.com/)" "ysfine.com"
65.109.26.43 - - [17/Sep/2022:19:49:46 -0700] "GET /archives/proceedings/boston/porz33.html HTTP/1.1" 200 813 "-" "Mozilla/5.0 (compatible; MJ12bot/v1.4.8; http://mj12bot.com/)" "ysfine.com"
65.109.26.43 - - [17/Sep/2022:19:49:48 -0700] "GET /archives/proceedings/boston/porz33.html HTTP/1.1" 200 813 "-" "Mozilla/5.0 (compatible; MJ12bot/v1.4.8; http://mj12bot.com/)" "ysfine.com"
65.109.26.43 - - [17/Sep/2022:19:49:51 -0700] "GET /archives/proceedings/boston/rubin.html HTTP/1.1" 200 716 "-" "Mozilla/5.0 (compatible; MJ12bot/v1.4.8; http://mj12bot.com/)" "ysfine.com"
65.109.26.43 - - [17/Sep/2022:19:49:52 -0700] "GET /archives/proceedings/boston/rubin.html HTTP/1.1" 200 716 "-" "Mozilla/5.0 (compatible; MJ12bot/v1.4.8; http://mj12bot.com/)" "ysfine.com"
65.109.26.43 - - [17/Sep/2022:19:49:56 -0700] "GET /archives/proceedings/boston/sanz.html HTTP/1.1" 200 786 "-" "Mozilla/5.0 (compatible; MJ12bot/v1.4.8; http://mj12bot.com/)" "ysfine.com"
65.109.26.43 - - [17/Sep/2022:19:49:57 -0700] "GET /archives/proceedings/boston/sanz.html HTTP/1.1" 200 786 "-" "Mozilla/5.0 (compatible; MJ12bot/v1.4.8; http://mj12bot.com/)" "ysfine.com"
65.109.26.43 - - [17/Sep/2022:19:50:00 -0700] "GET /archives/proceedings/boston/semeno.html HTTP/1.1" 200 750 "-" "Mozilla/5.0 (compatible; MJ12bot/v1.4.8; http://mj12bot.com/)" "ysfine.com"
65.109.26.43 - - [17/Sep/2022:19:50:02 -0700] "GET /archives/proceedings/boston/semeno.html HTTP/1.1" 200 750 "-" "Mozilla/5.0 (compatible; MJ12bot/v1.4.8; http://mj12bot.com/)" "ysfine.com"
65.109.26.43 - - [17/Sep/2022:19:50:05 -0700] "GET /archives/proceedings/boston/semiao.html HTTP/1.1" 200 669 "-" "Mozilla/5.0 (compatible; MJ12bot/v1.4.8; http://mj12bot.com/)" "ysfine.com"
65.109.26.43 - - [17/Sep/2022:19:50:06 -0700] "GET /archives/proceedings/boston/semiao.html HTTP/1.1" 200 669 "-" "Mozilla/5.0 (compatible; MJ12bot/v1.4.8; http://mj12bot.com/)" "ysfine.com"
65.109.26.43 - - [17/Sep/2022:19:50:09 -0700] "GET /archives/proceedings/boston/shapir.html HTTP/1.1" 200 534 "-" "Mozilla/5.0 (compatible; MJ12bot/v1.4.8; http://mj12bot.com/)" "ysfine.com"
65.109.26.43 - - [17/Sep/2022:19:50:11 -0700] "GET /archives/proceedings/boston/shapir.html HTTP/1.1" 200 534 "-" "Mozilla/5.0 (compatible; MJ12bot/v1.4.8; http://mj12bot.com/)" "ysfine.com"
65.109.26.43 - - [17/Sep/2022:19:50:14 -0700] "GET /archives/proceedings/boston/shepa1.html HTTP/1.1" 200 665 "-" "Mozilla/5.0 (compatible; MJ12bot/v1.4.8; http://mj12bot.com/)" "ysfine.com"
65.109.26.43 - - [17/Sep/2022:19:50:15 -0700] "GET /archives/proceedings/boston/shepa1.html HTTP/1.1" 200 665 "-" "Mozilla/5.0 (compatible; MJ12bot/v1.4.8; http://mj12bot.com/)" "ysfine.com"
65.109.26.43 - - [17/Sep/2022:19:50:18 -0700] "GET /archives/proceedings/boston/shepa2.html HTTP/1.1" 200 769 "-" "Mozilla/5.0 (compatible; MJ12bot/v1.4.8; http://mj12bot.com/)" "ysfine.com"
65.109.26.43 - - [17/Sep/2022:19:50:20 -0700] "GET /archives/proceedings/boston/shepa2.html HTTP/1.1" 200 769 "-" "Mozilla/5.0 (compatible; MJ12bot/v1.4.8; http://mj12bot.com/)" "ysfine.com"
65.109.26.43 - - [17/Sep/2022:19:50:23 -0700] "GET /archives/proceedings/boston/shih.html HTTP/1.1" 200 798 "-" "Mozilla/5.0 (compatible; MJ12bot/v1.4.8; http://mj12bot.com/)" "ysfine.com"
65.109.26.43 - - [17/Sep/2022:19:50:25 -0700] "GET /archives/proceedings/boston/shih.html HTTP/1.1" 200 798 "-" "Mozilla/5.0 (compatible; MJ12bot/v1.4.8; http://mj12bot.com/)" "ysfine.com"
65.109.26.43 - - [17/Sep/2022:19:50:28 -0700] "GET /archives/proceedings/boston/siena.html HTTP/1.1" 200 590 "-" "Mozilla/5.0 (compatible; MJ12bot/v1.4.8; http://mj12bot.com/)" "ysfine.com"
65.109.26.43 - - [17/Sep/2022:19:50:30 -0700] "GET /archives/proceedings/boston/siena.html HTTP/1.1" 200 590 "-" "Mozilla/5.0 (compatible; MJ12bot/v1.4.8; http://mj12bot.com/)" "ysfine.com"
172.56.248.32 - - [17/Sep/2022:19:51:18 -0700] "GET /kowar/panmun04.jpg HTTP/1.1" 200 126386 "https://www.google.com/" "Mozilla/5.0 (Windows NT 10.0; Win64; x64) AppleWebKit/537.36 (KHTML, like Gecko) Chrome/105.0.0.0 Safari/537.36" "ysfine.com"
172.56.248.32 - - [17/Sep/2022:19:51:22 -0700] "GET /kowar/panmun04.jpg HTTP/1.1" 200 126386 "https://www.google.com/" "Mozilla/5.0 (Windows NT 10.0; Win64; x64) AppleWebKit/537.36 (KHTML, like Gecko) Chrome/105.0.0.0 Safari/537.36" "ysfine.com"
40.77.167.27 - - [17/Sep/2022:19:51:44 -0700] "GET /kobak/dprk.jpg HTTP/1.1" 200 88014 "-" "Mozilla/5.0 (compatible; bingbot/2.0; +http://www.bing.com/bingbot.htm)" "www.ysfine.com"
157.55.39.146 - - [17/Sep/2022:19:52:03 -0700] "GET /maga/phys/schrod07.jpg HTTP/1.1" 200 83845 "-" "Mozilla/5.0 (compatible; bingbot/2.0; +http://www.bing.com/bingbot.htm)" "www.ysfine.com"
40.77.167.35 - - [17/Sep/2022:19:52:08 -0700] "GET /world/germany/berlinf33.jpg HTTP/1.1" 200 124548 "-" "Mozilla/5.0 (compatible; bingbot/2.0; +http://www.bing.com/bingbot.htm)" "www.ysfine.com"
40.77.167.27 - - [17/Sep/2022:19:52:14 -0700] "GET /world/russ/orlov11b.jpg HTTP/1.1" 200 37260 "-" "Mozilla/5.0 (compatible; bingbot/2.0; +http://www.bing.com/bingbot.htm)" "ysfine.com"
66.249.75.44 - - [17/Sep/2022:19:52:54 -0700] "GET /ffriends/turksol01.jpg HTTP/1.1" 200 99672 "-" "Googlebot-Image/1.0" "ysfine.com"
157.55.39.146 - - [17/Sep/2022:19:53:34 -0700] "GET /maga/histo/desiree21.jpg HTTP/1.1" 200 91829 "-" "Mozilla/5.0 (compatible; bingbot/2.0; +http://www.bing.com/bingbot.htm)" "www.ysfine.com"
66.249.75.43 - - [17/Sep/2022:19:53:38 -0700] "GET /ffriends/mil/usmc11.jpg HTTP/1.1" 200 158349 "-" "Googlebot-Image/1.0" "ysfine.com"
66.249.84.45 - - [17/Sep/2022:19:54:25 -0700] "GET /wigner/teller.jpg HTTP/1.1" 200 98739 "-" "Mozilla/5.0 (Windows NT 5.1; rv:11.0) Gecko Firefox/11.0 (via ggpht.com GoogleImageProxy)" "ysfine.com"
114.119.128.154 - - [17/Sep/2022:19:55:13 -0700] "GET /beau/maga/fountain.html HTTP/1.1" 404 88 "https://ysfine.com/beau/airlines.html" "Mozilla/5.0 (Linux; Android 7.0;) AppleWebKit/537.36 (KHTML, like Gecko) Mobile Safari/537.36 (compatible; PetalBot;+https://webmaster.petalsearch.com/site/petalbot)" "ysfine.com"
40.77.167.35 - - [17/Sep/2022:19:55:55 -0700] "GET /world/brit/dunf31.jpg HTTP/1.1" 200 92683 "-" "Mozilla/5.0 (compatible; bingbot/2.0; +http://www.bing.com/bingbot.htm)" "www.ysfine.com"
40.77.167.35 - - [17/Sep/2022:19:56:24 -0700] "GET /world/spain/sevif01.jpg HTTP/1.1" 200 144384 "-" "Mozilla/5.0 (compatible; bingbot/2.0; +http://www.bing.com/bingbot.htm)" "www.ysfine.com"
5.255.253.143 - - [17/Sep/2022:19:57:07 -0700] "GET /world/ital/flor009.jpg HTTP/1.1" 200 175847 "-" "Mozilla/5.0 (compatible; YandexImages/3.0; +http://yandex.com/bots)" "www.ysfine.com"
168.119.11.187 - - [17/Sep/2022:19:57:09 -0700] "GET /einstein/fantova/fantova2.html HTTP/1.1" 200 3126 "-" "Mozilla/5.0 (Windows NT 10.0; Win64; x64) AppleWebKit/537.36 (KHTML, like Gecko) Chrome/85.0.4183.121 Safari/537.36" "ysfine.com"
20.85.218.85 - - [17/Sep/2022:19:57:24 -0700] "GET /world/ysworld.html HTTP/1.1" 200 3195 "-" "Mozilla/5.0 (Windows NT 10.0; Win64; x64) AppleWebKit/537.36 (KHTML, like Gecko) Chrome/86.0.4240.75 Safari/537.36" "ysfine.com"
157.55.39.146 - - [17/Sep/2022:19:57:33 -0700] "GET /kowar/tanks/sherman58.jpg HTTP/1.1" 200 98388 "-" "Mozilla/5.0 (compatible; bingbot/2.0; +http://www.bing.com/bingbot.htm)" "www.ysfine.com"
40.77.167.33 - - [17/Sep/2022:19:58:09 -0700] "GET /world/russ/mosf52.jpg HTTP/1.1" 200 101213 "-" "Mozilla/5.0 (compatible; bingbot/2.0; +http://www.bing.com/bingbot.htm)" "www.ysfine.com"
40.77.167.27 - - [17/Sep/2022:19:58:45 -0700] "GET /world/france/pontdg12b.jpg HTTP/1.1" 200 31210 "-" "Mozilla/5.0 AppleWebKit/537.36 (KHTML, like Gecko; compatible; bingbot/2.0; +http://www.bing.com/bingbot.htm) Chrome/103.0.5060.134 Safari/537.36" "ysfine.com"
87.250.224.80 - - [17/Sep/2022:19:58:52 -0700] "GET /world/latina/buenos03c.jpg HTTP/1.1" 200 51267 "-" "Mozilla/5.0 (compatible; YandexImages/3.0; +http://yandex.com/bots)" "www.ysfine.com"
40.77.167.27 - - [17/Sep/2022:19:58:55 -0700] "GET /eink/eintao55c.jpg HTTP/1.1" 200 33034 "-" "Mozilla/5.0 (compatible; bingbot/2.0; +http://www.bing.com/bingbot.htm)" "ysfine.com"
40.77.167.33 - - [17/Sep/2022:19:59:28 -0700] "GET /wdc/gtown37.jpg HTTP/1.1" 200 134468 "-" "Mozilla/5.0 (compatible; bingbot/2.0; +http://www.bing.com/bingbot.htm)" "www.ysfine.com"
40.77.167.33 - - [17/Sep/2022:19:59:29 -0700] "GET /sbk/2015sdiego11.jpg HTTP/1.1" 200 211380 "-" "Mozilla/5.0 (compatible; bingbot/2.0; +http://www.bing.com/bingbot.htm)" "www.ysfine.com"
40.77.167.27 - - [17/Sep/2022:19:59:45 -0700] "GET /world/japan/hibiya11.jpg HTTP/1.1" 200 77649 "-" "Mozilla/5.0 AppleWebKit/537.36 (KHTML, like Gecko; compatible; bingbot/2.0; +http://www.bing.com/bingbot.htm) Chrome/103.0.5060.134 Safari/537.36" "www.ysfine.com"
40.77.167.35 - - [17/Sep/2022:20:00:55 -0700] "GET /newyork/colum14.jpg HTTP/1.1" 200 96034 "-" "Mozilla/5.0 (compatible; bingbot/2.0; +http://www.bing.com/bingbot.htm)" "ysfine.com"
40.77.167.35 - - [17/Sep/2022:20:01:09 -0700] "GET /wdc/gtown21.jpg HTTP/1.1" 200 168527 "-" "Mozilla/5.0 AppleWebKit/537.36 (KHTML, like Gecko; compatible; bingbot/2.0; +http://www.bing.com/bingbot.htm) Chrome/103.0.5060.134 Safari/537.36" "www.ysfine.com"
13.92.87.157 - - [17/Sep/2022:20:01:15 -0700] "GET /wigner/evangel.html HTTP/1.1" 200 4831 "-" "Mozilla/5.0 (Windows NT 10.0; Win64; x64) AppleWebKit/537.36 (KHTML, like Gecko) Chrome/86.0.4240.75 Safari/537.36" "ysfine.com"
40.77.167.35 - - [17/Sep/2022:20:01:45 -0700] "GET /dirac/michelan01.jpg HTTP/1.1" 200 100928 "-" "Mozilla/5.0 AppleWebKit/537.36 (KHTML, like Gecko; compatible; bingbot/2.0; +http://www.bing.com/bingbot.htm) Chrome/103.0.5060.134 Safari/537.36" "ysfine.com"
167.114.173.115 - - [17/Sep/2022:20:02:53 -0700] "GET /robots.txt HTTP/1.1" 404 73 "-" "Mozilla/5.0 (compatible; MJ12bot/v1.4.8; http://mj12bot.com/)" "ysfine.com"
167.114.173.115 - - [17/Sep/2022:20:02:55 -0700] "GET /archives/proceedings/ff2/fp2abs.html HTTP/1.1" 200 29930 "-" "Mozilla/5.0 (compatible; MJ12bot/v1.4.8; http://mj12bot.com/)" "ysfine.com"
167.114.173.115 - - [17/Sep/2022:20:02:57 -0700] "GET /archives/proceedings/ff3/ff3abs.html HTTP/1.1" 200 47753 "-" "Mozilla/5.0 (compatible; MJ12bot/v1.4.8; http://mj12bot.com/)" "ysfine.com"
167.114.173.115 - - [17/Sep/2022:20:02:58 -0700] "GET /einstein/einplanck.html HTTP/1.1" 200 3255 "-" "Mozilla/5.0 (compatible; MJ12bot/v1.4.8; http://mj12bot.com/)" "ysfine.com"
40.77.167.62 - - [17/Sep/2022:20:03:54 -0700] "GET /style/music/salzm01.jpg HTTP/1.1" 200 82879 "-" "Mozilla/5.0 AppleWebKit/537.36 (KHTML, like Gecko; compatible; bingbot/2.0; +http://www.bing.com/bingbot.htm) Chrome/103.0.5060.134 Safari/537.36" "ysfine.com"
157.55.39.146 - - [17/Sep/2022:20:04:04 -0700] "GET /dongio/vietnam01.jpg HTTP/1.1" 404 88 "-" "Mozilla/5.0 (compatible; bingbot/2.0; +http://www.bing.com/bingbot.htm)" "ysfine.com"
54.36.148.211 - - [17/Sep/2022:20:04:33 -0700] "GET /class54/class5470/total_data/sub_237.htm HTTP/1.1" 200 3403 "-" "Mozilla/5.0 (compatible; AhrefsBot/7.0; +http://ahrefs.com/robot/)" "www.ysfine.com"
54.36.149.15 - - [17/Sep/2022:20:04:34 -0700] "GET /class54/class5470/total_data/photo_img/2-37.jpg HTTP/1.1" 200 120499 "-" "Mozilla/5.0 (compatible; AhrefsBot/7.0; +http://ahrefs.com/robot/)" "www.ysfine.com"
40.77.167.35 - - [17/Sep/2022:20:05:15 -0700] "GET /wigner/gim/gimn61.jpg HTTP/1.1" 200 64541 "-" "Mozilla/5.0 (compatible; bingbot/2.0; +http://www.bing.com/bingbot.htm)" "ysfine.com"
13.92.87.157 - - [17/Sep/2022:20:05:25 -0700] "GET /wigner/wigheis11.jpg HTTP/1.1" 200 96481 "-" "Mozilla/5.0 (Windows NT 10.0; Win64; x64) AppleWebKit/537.36 (KHTML, like Gecko) Chrome/86.0.4240.75 Safari/537.36" "ysfine.com"
187.192.248.56 - - [17/Sep/2022:20:07:05 -0700] "GET /jobs/koreaj22.jpg HTTP/1.1" 200 195155 "https://www.google.com/" "Mozilla/5.0 (Windows NT 10.0; Win64; x64; rv:104.0) Gecko/20100101 Firefox/104.0" "ysfine.com"
40.77.167.35 - - [17/Sep/2022:20:07:19 -0700] "GET /maga/phys/yukadirac53.jpg HTTP/1.1" 200 72355 "-" "Mozilla/5.0 (compatible; bingbot/2.0; +http://www.bing.com/bingbot.htm)" "www.ysfine.com"
20.127.47.247 - - [17/Sep/2022:20:08:14 -0700] "GET /yspapers/ellipse53.jpg HTTP/1.1" 200 124704 "-" "Mozilla/5.0 (Windows NT 10.0; Win64; x64) AppleWebKit/537.36 (KHTML, like Gecko) Chrome/86.0.4240.75 Safari/537.36" "ysfine.com"
20.127.47.247 - - [17/Sep/2022:20:08:20 -0700] "GET /yspapers/wsj21.jpg HTTP/1.1" 200 260984 "-" "Mozilla/5.0 (Windows NT 10.0; Win64; x64) AppleWebKit/537.36 (KHTML, like Gecko) Chrome/86.0.4240.75 Safari/537.36" "ysfine.com"
66.249.75.43 - - [17/Sep/2022:20:09:07 -0700] "GET /philo/chou01b.jpg HTTP/1.1" 200 45775 "-" "Googlebot-Image/1.0" "ysfine.com"
114.119.128.142 - - [17/Sep/2022:20:09:36 -0700] "GET /class54/class5470/total_data/photo_img/7-76.jpg HTTP/1.1" 200 188583 "https://ysfine.com/class54/class5470/total_data/sub_776.htm" "Mozilla/5.0 (Linux; Android 7.0;) AppleWebKit/537.36 (KHTML, like Gecko) Mobile Safari/537.36 (compatible; PetalBot;+https://webmaster.petalsearch.com/site/petalbot)" "ysfine.com"
40.77.167.27 - - [17/Sep/2022:20:10:16 -0700] "GET /world/poland/jablo07.jpg HTTP/1.1" 200 122193 "-" "Mozilla/5.0 (compatible; bingbot/2.0; +http://www.bing.com/bingbot.htm)" "www.ysfine.com"
191.37.144.101 - - [17/Sep/2022:20:10:40 -0700] "GET /wigner/neum/vnc01.jpg HTTP/1.1" 200 133641 "-" "Mozilla/5.0 (iPhone; CPU iPhone OS 16_0 like Mac OS X) AppleWebKit/605.1.15 (KHTML, like Gecko) Version/16.0 Mobile/15E148 Safari/604.1" "ysfine.com"
40.77.167.27 - - [17/Sep/2022:20:12:36 -0700] "GET /dirac/dirac63c.jpg HTTP/1.1" 200 29237 "-" "Mozilla/5.0 (compatible; bingbot/2.0; +http://www.bing.com/bingbot.htm)" "www.ysfine.com"
20.127.47.247 - - [17/Sep/2022:20:12:52 -0700] "GET /home/fotos/einhaus11.jpg HTTP/1.1" 200 166716 "-" "Mozilla/5.0 (Windows NT 10.0; Win64; x64) AppleWebKit/537.36 (KHTML, like Gecko) Chrome/86.0.4240.75 Safari/537.36" "ysfine.com"
20.127.47.247 - - [17/Sep/2022:20:12:53 -0700] "GET /wigner/lunch.html HTTP/1.1" 200 3105 "-" "Mozilla/5.0 (Windows NT 10.0; Win64; x64) AppleWebKit/537.36 (KHTML, like Gecko) Chrome/86.0.4240.75 Safari/537.36" "ysfine.com"
40.77.167.62 - - [17/Sep/2022:20:13:16 -0700] "GET /world/russ/spbf34.jpg HTTP/1.1" 200 112353 "-" "Mozilla/5.0 (compatible; bingbot/2.0; +http://www.bing.com/bingbot.htm)" "www.ysfine.com"
40.77.167.35 - - [17/Sep/2022:20:13:20 -0700] "GET /world/hungary/hunstu25.jpg HTTP/1.1" 200 120771 "-" "Mozilla/5.0 (compatible; bingbot/2.0; +http://www.bing.com/bingbot.htm)" "www.ysfine.com"
73.21.180.63 - - [17/Sep/2022:20:13:29 -0700] "GET /style/tatyana.html HTTP/1.1" 200 8475 "-" "Mozilla/5.0 (iPhone; CPU iPhone OS 15_6_1 like Mac OS X) AppleWebKit/605.1.15 (KHTML, like Gecko) Version/15.6.1 Mobile/15E148 Safari/604.1" "ysfine.com"
73.21.180.63 - - [17/Sep/2022:20:13:29 -0700] "GET /style/tatiana11a.jpg HTTP/1.1" 200 64475 "https://ysfine.com/style/tatyana.html" "Mozilla/5.0 (iPhone; CPU iPhone OS 15_6_1 like Mac OS X) AppleWebKit/605.1.15 (KHTML, like Gecko) Version/15.6.1 Mobile/15E148 Safari/604.1" "ysfine.com"
73.21.180.63 - - [17/Sep/2022:20:13:29 -0700] "GET /style/oistrakh22c.jpg HTTP/1.1" 200 38199 "https://ysfine.com/style/tatyana.html" "Mozilla/5.0 (iPhone; CPU iPhone OS 15_6_1 like Mac OS X) AppleWebKit/605.1.15 (KHTML, like Gecko) Version/15.6.1 Mobile/15E148 Safari/604.1" "ysfine.com"
73.21.180.63 - - [17/Sep/2022:20:13:29 -0700] "GET /princeton/pgarden11c.jpg HTTP/1.1" 200 39219 "https://ysfine.com/style/tatyana.html" "Mozilla/5.0 (iPhone; CPU iPhone OS 15_6_1 like Mac OS X) AppleWebKit/605.1.15 (KHTML, like Gecko) Version/15.6.1 Mobile/15E148 Safari/604.1" "ysfine.com"
73.21.180.63 - - [17/Sep/2022:20:13:29 -0700] "GET /kobak/swr51c.jpg HTTP/1.1" 200 35677 "https://ysfine.com/style/tatyana.html" "Mozilla/5.0 (iPhone; CPU iPhone OS 15_6_1 like Mac OS X) AppleWebKit/605.1.15 (KHTML, like Gecko) Version/15.6.1 Mobile/15E148 Safari/604.1" "ysfine.com"
73.21.180.63 - - [17/Sep/2022:20:13:29 -0700] "GET /style/stalin11c.jpg HTTP/1.1" 200 54979 "https://ysfine.com/style/tatyana.html" "Mozilla/5.0 (iPhone; CPU iPhone OS 15_6_1 like Mac OS X) AppleWebKit/605.1.15 (KHTML, like Gecko) Version/15.6.1 Mobile/15E148 Safari/604.1" "ysfine.com"
73.21.180.63 - - [17/Sep/2022:20:13:29 -0700] "GET /class54/busan22c.jpg HTTP/1.1" 200 23692 "https://ysfine.com/style/tatyana.html" "Mozilla/5.0 (iPhone; CPU iPhone OS 15_6_1 like Mac OS X) AppleWebKit/605.1.15 (KHTML, like Gecko) Version/15.6.1 Mobile/15E148 Safari/604.1" "ysfine.com"
73.21.180.63 - - [17/Sep/2022:20:13:29 -0700] "GET /kowar/tanks/tank05c.jpg HTTP/1.1" 200 33583 "https://ysfine.com/style/tatyana.html" "Mozilla/5.0 (iPhone; CPU iPhone OS 15_6_1 like Mac OS X) AppleWebKit/605.1.15 (KHTML, like Gecko) Version/15.6.1 Mobile/15E148 Safari/604.1" "ysfine.com"
73.21.180.63 - - [17/Sep/2022:20:13:29 -0700] "GET /princeton/mediter11c.jpg HTTP/1.1" 200 49131 "https://ysfine.com/style/tatyana.html" "Mozilla/5.0 (iPhone; CPU iPhone OS 15_6_1 like Mac OS X) AppleWebKit/605.1.15 (KHTML, like Gecko) Version/15.6.1 Mobile/15E148 Safari/604.1" "ysfine.com"
73.21.180.63 - - [17/Sep/2022:20:13:29 -0700] "GET /style/khrushchev58c.jpg HTTP/1.1" 200 63669 "https://ysfine.com/style/tatyana.html" "Mozilla/5.0 (iPhone; CPU iPhone OS 15_6_1 like Mac OS X) AppleWebKit/605.1.15 (KHTML, like Gecko) Version/15.6.1 Mobile/15E148 Safari/604.1" "ysfine.com"
73.21.180.63 - - [17/Sep/2022:20:13:29 -0700] "GET /class54/busan11c.jpg HTTP/1.1" 200 35025 "https://ysfine.com/style/tatyana.html" "Mozilla/5.0 (iPhone; CPU iPhone OS 15_6_1 like Mac OS X) AppleWebKit/605.1.15 (KHTML, like Gecko) Version/15.6.1 Mobile/15E148 Safari/604.1" "ysfine.com"
73.21.180.63 - - [17/Sep/2022:20:13:29 -0700] "GET /kowar/tanks/tank03c.jpg HTTP/1.1" 200 48323 "https://ysfine.com/style/tatyana.html" "Mozilla/5.0 (iPhone; CPU iPhone OS 15_6_1 like Mac OS X) AppleWebKit/605.1.15 (KHTML, like Gecko) Version/15.6.1 Mobile/15E148 Safari/604.1" "ysfine.com"
40.77.167.27 - - [17/Sep/2022:20:14:27 -0700] "GET /world/latina/cancun04.jpg HTTP/1.1" 200 154466 "-" "Mozilla/5.0 (compatible; bingbot/2.0; +http://www.bing.com/bingbot.htm)" "ysfine.com"
117.140.189.107 - - [17/Sep/2022:20:14:58 -0700] "GET /world/china/shenyang16.jpg HTTP/1.1" 200 100894 "https://cn.bing.com/" "Mozilla/5.0 (Windows NT 6.1; WOW64) AppleWebKit/537.36 (KHTML, like Gecko) Chrome/69.0.3947.100 Safari/537.36" "ysfine.com"
49.7.21.113 - - [17/Sep/2022:20:15:04 -0700] "GET / HTTP/1.1" 200 5283 "-" "Sogou web spider/4.0(+http://www.sogou.com/docs/help/webmasters.htm#07)" "ysfine.com"
123.125.109.45 - - [17/Sep/2022:20:16:00 -0700] "GET / HTTP/1.1" 200 5283 "-" "Sogou web spider/4.0(+http://www.sogou.com/docs/help/webmasters.htm#07)" "www.ysfine.com"
66.249.75.43 - - [17/Sep/2022:20:16:39 -0700] "GET /wigner/gim/gimn11b.jpg HTTP/1.1" 304 - "-" "Googlebot-Image/1.0" "ysfine.com"
20.14.85.119 - - [17/Sep/2022:20:18:02 -0700] "GET / HTTP/1.1" 200 15910 "-" "Mozilla/5.0 (Windows NT 10.0; Win64; x64) AppleWebKit/537.36 (KHTML, like Gecko) Chrome/88.0.4240.193 Safari/537.36" "ysfine.com"
20.14.85.119 - - [17/Sep/2022:20:18:04 -0700] "GET /wp-includes/wlwmanifest.xml HTTP/1.1" 404 73 "-" "Mozilla/5.0 (Windows NT 10.0; Win64; x64) AppleWebKit/537.36 (KHTML, like Gecko) Chrome/88.0.4240.193 Safari/537.36" "ysfine.com"
20.14.85.119 - - [17/Sep/2022:20:18:06 -0700] "GET /xmlrpc.php?rsd HTTP/1.1" 404 73 "-" "Mozilla/5.0 (Windows NT 10.0; Win64; x64) AppleWebKit/537.36 (KHTML, like Gecko) Chrome/88.0.4240.193 Safari/537.36" "ysfine.com"
20.14.85.119 - - [17/Sep/2022:20:18:09 -0700] "GET / HTTP/1.1" 200 15910 "-" "Mozilla/5.0 (Windows NT 10.0; Win64; x64) AppleWebKit/537.36 (KHTML, like Gecko) Chrome/88.0.4240.193 Safari/537.36" "ysfine.com"
20.14.85.119 - - [17/Sep/2022:20:18:12 -0700] "GET /blog/wp-includes/wlwmanifest.xml HTTP/1.1" 404 73 "-" "Mozilla/5.0 (Windows NT 10.0; Win64; x64) AppleWebKit/537.36 (KHTML, like Gecko) Chrome/88.0.4240.193 Safari/537.36" "ysfine.com"
20.14.85.119 - - [17/Sep/2022:20:18:13 -0700] "GET /web/wp-includes/wlwmanifest.xml HTTP/1.1" 404 73 "-" "Mozilla/5.0 (Windows NT 10.0; Win64; x64) AppleWebKit/537.36 (KHTML, like Gecko) Chrome/88.0.4240.193 Safari/537.36" "ysfine.com"
20.14.85.119 - - [17/Sep/2022:20:18:13 -0700] "GET /wordpress/wp-includes/wlwmanifest.xml HTTP/1.1" 404 73 "-" "Mozilla/5.0 (Windows NT 10.0; Win64; x64) AppleWebKit/537.36 (KHTML, like Gecko) Chrome/88.0.4240.193 Safari/537.36" "ysfine.com"
20.14.85.119 - - [17/Sep/2022:20:18:13 -0700] "GET /website/wp-includes/wlwmanifest.xml HTTP/1.1" 404 73 "-" "Mozilla/5.0 (Windows NT 10.0; Win64; x64) AppleWebKit/537.36 (KHTML, like Gecko) Chrome/88.0.4240.193 Safari/537.36" "ysfine.com"
20.14.85.119 - - [17/Sep/2022:20:18:14 -0700] "GET /wp/wp-includes/wlwmanifest.xml HTTP/1.1" 404 73 "-" "Mozilla/5.0 (Windows NT 10.0; Win64; x64) AppleWebKit/537.36 (KHTML, like Gecko) Chrome/88.0.4240.193 Safari/537.36" "ysfine.com"
20.14.85.119 - - [17/Sep/2022:20:18:14 -0700] "GET /news/wp-includes/wlwmanifest.xml HTTP/1.1" 404 73 "-" "Mozilla/5.0 (Windows NT 10.0; Win64; x64) AppleWebKit/537.36 (KHTML, like Gecko) Chrome/88.0.4240.193 Safari/537.36" "ysfine.com"
20.14.85.119 - - [17/Sep/2022:20:18:15 -0700] "GET /2020/wp-includes/wlwmanifest.xml HTTP/1.1" 404 73 "-" "Mozilla/5.0 (Windows NT 10.0; Win64; x64) AppleWebKit/537.36 (KHTML, like Gecko) Chrome/88.0.4240.193 Safari/537.36" "ysfine.com"
20.14.85.119 - - [17/Sep/2022:20:18:15 -0700] "GET /2019/wp-includes/wlwmanifest.xml HTTP/1.1" 404 73 "-" "Mozilla/5.0 (Windows NT 10.0; Win64; x64) AppleWebKit/537.36 (KHTML, like Gecko) Chrome/88.0.4240.193 Safari/537.36" "ysfine.com"
20.14.85.119 - - [17/Sep/2022:20:18:15 -0700] "GET /shop/wp-includes/wlwmanifest.xml HTTP/1.1" 404 73 "-" "Mozilla/5.0 (Windows NT 10.0; Win64; x64) AppleWebKit/537.36 (KHTML, like Gecko) Chrome/88.0.4240.193 Safari/537.36" "ysfine.com"
20.14.85.119 - - [17/Sep/2022:20:18:16 -0700] "GET /wp1/wp-includes/wlwmanifest.xml HTTP/1.1" 404 73 "-" "Mozilla/5.0 (Windows NT 10.0; Win64; x64) AppleWebKit/537.36 (KHTML, like Gecko) Chrome/88.0.4240.193 Safari/537.36" "ysfine.com"
20.14.85.119 - - [17/Sep/2022:20:18:16 -0700] "GET /test/wp-includes/wlwmanifest.xml HTTP/1.1" 404 73 "-" "Mozilla/5.0 (Windows NT 10.0; Win64; x64) AppleWebKit/537.36 (KHTML, like Gecko) Chrome/88.0.4240.193 Safari/537.36" "ysfine.com"
20.14.85.119 - - [17/Sep/2022:20:18:16 -0700] "GET /wp2/wp-includes/wlwmanifest.xml HTTP/1.1" 404 73 "-" "Mozilla/5.0 (Windows NT 10.0; Win64; x64) AppleWebKit/537.36 (KHTML, like Gecko) Chrome/88.0.4240.193 Safari/537.36" "ysfine.com"
20.14.85.119 - - [17/Sep/2022:20:18:17 -0700] "GET /site/wp-includes/wlwmanifest.xml HTTP/1.1" 404 73 "-" "Mozilla/5.0 (Windows NT 10.0; Win64; x64) AppleWebKit/537.36 (KHTML, like Gecko) Chrome/88.0.4240.193 Safari/537.36" "ysfine.com"
20.14.85.119 - - [17/Sep/2022:20:18:17 -0700] "GET /cms/wp-includes/wlwmanifest.xml HTTP/1.1" 404 73 "-" "Mozilla/5.0 (Windows NT 10.0; Win64; x64) AppleWebKit/537.36 (KHTML, like Gecko) Chrome/88.0.4240.193 Safari/537.36" "ysfine.com"
20.14.85.119 - - [17/Sep/2022:20:18:17 -0700] "GET /sito/wp-includes/wlwmanifest.xml HTTP/1.1" 404 73 "-" "Mozilla/5.0 (Windows NT 10.0; Win64; x64) AppleWebKit/537.36 (KHTML, like Gecko) Chrome/88.0.4240.193 Safari/537.36" "ysfine.com"
157.55.39.146 - - [17/Sep/2022:20:19:16 -0700] "GET /usca/pitt/alumin01.jpg HTTP/1.1" 200 175734 "-" "Mozilla/5.0 (compatible; bingbot/2.0; +http://www.bing.com/bingbot.htm)" "www.ysfine.com"
40.77.167.33 - - [17/Sep/2022:20:19:20 -0700] "GET /world/ital/flor095.jpg HTTP/1.1" 200 113067 "-" "Mozilla/5.0 (compatible; bingbot/2.0; +http://www.bing.com/bingbot.htm)" "ysfine.com"
157.55.39.146 - - [17/Sep/2022:20:19:26 -0700] "GET /dongio/korcasia.html HTTP/1.1" 404 88 "-" "Mozilla/5.0 (compatible; bingbot/2.0; +http://www.bing.com/bingbot.htm)" "ysfine.com"
40.77.167.27 - - [17/Sep/2022:20:19:57 -0700] "GET /sbk/2006vien11.jpg HTTP/1.1" 200 207352 "-" "Mozilla/5.0 (compatible; bingbot/2.0; +http://www.bing.com/bingbot.htm)" "ysfine.com"
40.77.167.35 - - [17/Sep/2022:20:20:51 -0700] "GET /usca/pitt/steelm01b.jpg HTTP/1.1" 200 24193 "-" "Mozilla/5.0 (compatible; bingbot/2.0; +http://www.bing.com/bingbot.htm)" "www.ysfine.com"
54.36.148.153 - - [17/Sep/2022:20:20:59 -0700] "GET /class54/class5470/total_data/sub_264.htm HTTP/1.1" 200 3359 "-" "Mozilla/5.0 (compatible; AhrefsBot/7.0; +http://ahrefs.com/robot/)" "www.ysfine.com"
54.36.149.89 - - [17/Sep/2022:20:21:00 -0700] "GET /class54/class5470/total_data/photo_img/2-64.jpg HTTP/1.1" 200 384853 "-" "Mozilla/5.0 (compatible; AhrefsBot/7.0; +http://ahrefs.com/robot/)" "www.ysfine.com"
40.77.167.62 - - [17/Sep/2022:20:21:35 -0700] "GET /feynman/ppic/parton01.jpg HTTP/1.1" 200 64327 "-" "Mozilla/5.0 (compatible; bingbot/2.0; +http://www.bing.com/bingbot.htm)" "www.ysfine.com"
87.250.224.46 - - [17/Sep/2022:20:22:19 -0700] "GET /feynman/yscoup.jpg HTTP/1.1" 200 68426 "-" "Mozilla/5.0 (compatible; YandexImages/3.0; +http://yandex.com/bots)" "www.ysfine.com"
157.55.39.146 - - [17/Sep/2022:20:22:37 -0700] "GET /kobak/rhee12.jpg HTTP/1.1" 200 235392 "-" "Mozilla/5.0 (compatible; bingbot/2.0; +http://www.bing.com/bingbot.htm)" "ysfine.com"
157.55.39.146 - - [17/Sep/2022:20:23:17 -0700] "GET /world/france/montmar10.jpg HTTP/1.1" 200 111686 "-" "Mozilla/5.0 (compatible; bingbot/2.0; +http://www.bing.com/bingbot.htm)" "www.ysfine.com"
66.249.75.44 - - [17/Sep/2022:20:24:00 -0700] "GET /robots.txt HTTP/1.1" 404 88 "-" "Mozilla/5.0 (compatible; Googlebot/2.1; +http://www.google.com/bot.html)" "ysfine.com"
66.249.75.43 - - [17/Sep/2022:20:24:00 -0700] "GET /wdc/ww2m66b.jpg HTTP/1.1" 304 - "-" "Googlebot-Image/1.0" "ysfine.com"
191.8.90.251 - - [17/Sep/2022:20:24:02 -0700] "GET /wigner/neum/vnc01.jpg HTTP/1.1" 200 133641 "https://www.hardmob.com.br/" "Mozilla/5.0 (Windows NT 10.0; Win64; x64) AppleWebKit/537.36 (KHTML, like Gecko) Chrome/105.0.0.0 Safari/537.36 Edg/105.0.1343.33" "ysfine.com"
87.250.224.160 - - [17/Sep/2022:20:24:20 -0700] "GET /wdc/wasdc.html HTTP/1.1" 200 13715 "-" "Mozilla/5.0 (compatible; YandexBot/3.0; +http://yandex.com/bots)" "www.ysfine.com"
40.77.167.35 - - [17/Sep/2022:20:24:40 -0700] "GET /world/france/metz53.jpg HTTP/1.1" 200 115985 "-" "Mozilla/5.0 AppleWebKit/537.36 (KHTML, like Gecko; compatible; bingbot/2.0; +http://www.bing.com/bingbot.htm) Chrome/103.0.5060.134 Safari/537.36" "www.ysfine.com"
40.77.167.35 - - [17/Sep/2022:20:24:47 -0700] "GET /usca/pitt/kiltie.jpg HTTP/1.1" 200 83355 "-" "Mozilla/5.0 (compatible; bingbot/2.0; +http://www.bing.com/bingbot.htm)" "www.ysfine.com"
40.77.167.35 - - [17/Sep/2022:20:25:27 -0700] "GET /wdc/gtown23c.jpg HTTP/1.1" 200 31272 "-" "Mozilla/5.0 AppleWebKit/537.36 (KHTML, like Gecko; compatible; bingbot/2.0; +http://www.bing.com/bingbot.htm) Chrome/103.0.5060.134 Safari/537.36" "ysfine.com"
40.77.167.35 - - [17/Sep/2022:20:25:27 -0700] "GET /awards/marq20a.jpg HTTP/1.1" 200 108224 "-" "Mozilla/5.0 AppleWebKit/537.36 (KHTML, like Gecko; compatible; bingbot/2.0; +http://www.bing.com/bingbot.htm) Chrome/103.0.5060.134 Safari/537.36" "ysfine.com"
20.112.233.64 - - [17/Sep/2022:20:26:06 -0700] "GET /vendor/phpunit/phpunit/src/Util/PHP/eval-stdin.php HTTP/1.1" 404 88 "-" "python-requests/2.27.1" "www.ysfine.com"
40.77.167.35 - - [17/Sep/2022:20:26:07 -0700] "GET /world/balkan/istan085.jpg HTTP/1.1" 200 60700 "-" "Mozilla/5.0 (compatible; bingbot/2.0; +http://www.bing.com/bingbot.htm)" "ysfine.com"
157.55.39.146 - - [17/Sep/2022:20:26:12 -0700] "GET /world/germany/verein11.jpg HTTP/1.1" 200 83100 "-" "Mozilla/5.0 (compatible; bingbot/2.0; +http://www.bing.com/bingbot.htm)" "ysfine.com"
154.95.34.198 - - [17/Sep/2022:20:28:36 -0700] "GET /princeton/pumu01.jpg HTTP/1.1" 200 146489 "-" "Mozilla/5.0 (Windows NT 6.3; WOW64) AppleWebKit/537.36 (KHTML, like Gecko) Chrome/38.0.2125.111 Safari/537.36" "www.ysfine.com"
154.95.34.206 - - [17/Sep/2022:20:28:40 -0700] "GET /princeton/pumu01.jpg HTTP/1.1" 200 146489 "-" "Mozilla/5.0 (Windows NT 6.3; WOW64) AppleWebKit/537.36 (KHTML, like Gecko) Chrome/38.0.2125.111 Safari/537.36" "www.ysfine.com"
138.201.11.237 - - [17/Sep/2022:20:29:30 -0700] "GET /wisdom/wk06.html HTTP/1.1" 200 49929 "-" "Mozilla/5.0 (Macintosh; Intel Mac OS X 10_15_7) AppleWebKit/537.36 (KHTML, like Gecko) Chrome/87.0.4280.88 Safari/537.36" "ysfine.com"
157.55.39.146 - - [17/Sep/2022:20:29:46 -0700] "GET /kowar/ridgway02b.jpg HTTP/1.1" 200 47350 "-" "Mozilla/5.0 (compatible; bingbot/2.0; +http://www.bing.com/bingbot.htm)" "ysfine.com"
20.85.218.85 - - [17/Sep/2022:20:29:59 -0700] "GET /awards/iao.html HTTP/1.1" 200 2748 "-" "Mozilla/5.0 (Windows NT 10.0; Win64; x64) AppleWebKit/537.36 (KHTML, like Gecko) Chrome/86.0.4240.75 Safari/537.36" "ysfine.com"
104.255.207.52 - - [17/Sep/2022:20:30:42 -0700] "GET /maga/histo/desiree23.jpg HTTP/1.1" 200 85900 "https://www.google.com/" "Mozilla/5.0 (X11; CrOS x86_64 14816.82.0) AppleWebKit/537.36 (KHTML, like Gecko) Chrome/103.0.0.0 Safari/537.36" "ysfine.com"
40.77.167.27 - - [17/Sep/2022:20:30:58 -0700] "GET /kowar/tanks/m24.jpg HTTP/1.1" 200 86947 "-" "Mozilla/5.0 (compatible; bingbot/2.0; +http://www.bing.com/bingbot.htm)" "www.ysfine.com"
98.60.30.96 - - [17/Sep/2022:20:31:31 -0700] "GET /world/brit/eton11.jpg HTTP/1.1" 200 107084 "https://www.google.com/" "Mozilla/5.0 (X11; CrOS x86_64 14816.131.0) AppleWebKit/537.36 (KHTML, like Gecko) Chrome/103.0.0.0 Safari/537.36" "ysfine.com"
111.68.99.197 - - [17/Sep/2022:20:31:32 -0700] "GET /dirac/dirfeyn.html HTTP/1.1" 200 6341 "https://www.google.com/" "Mozilla/5.0 (Linux; Android 9; Infinix X626B) AppleWebKit/537.36 (KHTML, like Gecko) Chrome/80.0.3987.132 Mobile Safari/537.36" "ysfine.com"
111.68.99.197 - - [17/Sep/2022:20:31:32 -0700] "GET /dirac/dirackn33c.jpg HTTP/1.1" 200 50420 "https://ysfine.com/dirac/dirfeyn.html" "Mozilla/5.0 (Linux; Android 9; Infinix X626B) AppleWebKit/537.36 (KHTML, like Gecko) Chrome/80.0.3987.132 Mobile Safari/537.36" "ysfine.com"
111.68.99.197 - - [17/Sep/2022:20:31:32 -0700] "GET /dirac/sq73c.jpg HTTP/1.1" 200 35501 "https://ysfine.com/dirac/dirfeyn.html" "Mozilla/5.0 (Linux; Android 9; Infinix X626B) AppleWebKit/537.36 (KHTML, like Gecko) Chrome/80.0.3987.132 Mobile Safari/537.36" "ysfine.com"
111.68.99.197 - - [17/Sep/2022:20:31:32 -0700] "GET /dirac/2osc22c.jpg HTTP/1.1" 200 28929 "https://ysfine.com/dirac/dirfeyn.html" "Mozilla/5.0 (Linux; Android 9; Infinix X626B) AppleWebKit/537.36 (KHTML, like Gecko) Chrome/80.0.3987.132 Mobile Safari/537.36" "ysfine.com"
111.68.99.197 - - [17/Sep/2022:20:31:32 -0700] "GET /dirac/feydirac300.jpg HTTP/1.1" 200 38223 "https://ysfine.com/dirac/dirfeyn.html" "Mozilla/5.0 (Linux; Android 9; Infinix X626B) AppleWebKit/537.36 (KHTML, like Gecko) Chrome/80.0.3987.132 Mobile Safari/537.36" "ysfine.com"
111.68.99.197 - - [17/Sep/2022:20:31:32 -0700] "GET /wigner/isomor66c.jpg HTTP/1.1" 200 47632 "https://ysfine.com/dirac/dirfeyn.html" "Mozilla/5.0 (Linux; Android 9; Infinix X626B) AppleWebKit/537.36 (KHTML, like Gecko) Chrome/80.0.3987.132 Mobile Safari/537.36" "ysfine.com"
111.68.99.197 - - [17/Sep/2022:20:31:32 -0700] "GET /feynman/jacdrum11c.jpg HTTP/1.1" 200 39178 "https://ysfine.com/dirac/dirfeyn.html" "Mozilla/5.0 (Linux; Android 9; Infinix X626B) AppleWebKit/537.36 (KHTML, like Gecko) Chrome/80.0.3987.132 Mobile Safari/537.36" "ysfine.com"
111.68.99.197 - - [17/Sep/2022:20:31:32 -0700] "GET /wigner/wigkim11c.jpg HTTP/1.1" 200 30443 "https://ysfine.com/dirac/dirfeyn.html" "Mozilla/5.0 (Linux; Android 9; Infinix X626B) AppleWebKit/537.36 (KHTML, like Gecko) Chrome/80.0.3987.132 Mobile Safari/537.36" "ysfine.com"
111.68.99.197 - - [17/Sep/2022:20:31:32 -0700] "GET /people/sbt11c.jpg HTTP/1.1" 200 31479 "https://ysfine.com/dirac/dirfeyn.html" "Mozilla/5.0 (Linux; Android 9; Infinix X626B) AppleWebKit/537.36 (KHTML, like Gecko) Chrome/80.0.3987.132 Mobile Safari/537.36" "ysfine.com"
111.68.99.197 - - [17/Sep/2022:20:31:32 -0700] "GET /eink/eink61c.jpg HTTP/1.1" 200 34119 "https://ysfine.com/dirac/dirfeyn.html" "Mozilla/5.0 (Linux; Android 9; Infinix X626B) AppleWebKit/537.36 (KHTML, like Gecko) Chrome/80.0.3987.132 Mobile Safari/537.36" "ysfine.com"
111.68.99.197 - - [17/Sep/2022:20:31:32 -0700] "GET /dirac/nicodem11c.jpg HTTP/1.1" 200 72684 "https://ysfine.com/dirac/dirfeyn.html" "Mozilla/5.0 (Linux; Android 9; Infinix X626B) AppleWebKit/537.36 (KHTML, like Gecko) Chrome/80.0.3987.132 Mobile Safari/537.36" "ysfine.com"
111.68.99.197 - - [17/Sep/2022:20:31:32 -0700] "GET /dirac/dfkim11c.jpg HTTP/1.1" 200 34801 "https://ysfine.com/dirac/dirfeyn.html" "Mozilla/5.0 (Linux; Android 9; Infinix X626B) AppleWebKit/537.36 (KHTML, like Gecko) Chrome/80.0.3987.132 Mobile Safari/537.36" "ysfine.com"
111.68.99.197 - - [17/Sep/2022:20:31:34 -0700] "GET /favicon.ico HTTP/1.1" 404 88 "https://ysfine.com/dirac/dirfeyn.html" "Mozilla/5.0 (Linux; Android 9; Infinix X626B) AppleWebKit/537.36 (KHTML, like Gecko) Chrome/80.0.3987.132 Mobile Safari/537.36" "ysfine.com"
40.77.167.33 - - [17/Sep/2022:20:31:52 -0700] "GET /kobak/rhee10.jpg HTTP/1.1" 200 116308 "-" "Mozilla/5.0 (compatible; bingbot/2.0; +http://www.bing.com/bingbot.htm)" "www.ysfine.com"
87.250.224.127 - - [17/Sep/2022:20:32:03 -0700] "GET /usca/pitt/poli55b.jpg HTTP/1.1" 200 39961 "-" "Mozilla/5.0 (compatible; YandexImages/3.0; +http://yandex.com/bots)" "www.ysfine.com"
5.255.253.186 - - [17/Sep/2022:20:32:57 -0700] "GET /world/spain/sevi011.jpg HTTP/1.1" 200 179385 "-" "Mozilla/5.0 (compatible; YandexImages/3.0; +http://yandex.com/bots)" "www.ysfine.com"
87.250.224.22 - - [17/Sep/2022:20:33:00 -0700] "GET /world/spain/sevi011.jpg HTTP/1.1" 200 179385 "-" "Mozilla/5.0 (compatible; YandexBot/3.0; +http://yandex.com/bots)" "www.ysfine.com"
40.77.167.62 - - [17/Sep/2022:20:33:57 -0700] "GET /world/europe/praha031.jpg HTTP/1.1" 200 93385 "-" "Mozilla/5.0 (compatible; bingbot/2.0; +http://www.bing.com/bingbot.htm)" "www.ysfine.com"
5.255.253.131 - - [17/Sep/2022:20:34:05 -0700] "GET /world/china/china027b.jpg HTTP/1.1" 200 41659 "-" "Mozilla/5.0 (compatible; YandexImages/3.0; +http://yandex.com/bots)" "www.ysfine.com"
40.77.167.35 - - [17/Sep/2022:20:34:21 -0700] "GET /kobak/kangban.jpg HTTP/1.1" 200 100804 "-" "Mozilla/5.0 AppleWebKit/537.36 (KHTML, like Gecko; compatible; bingbot/2.0; +http://www.bing.com/bingbot.htm) Chrome/103.0.5060.134 Safari/537.36" "ysfine.com"
173.73.80.118 - - [17/Sep/2022:20:34:41 -0700] "GET /favicon.ico HTTP/1.1" 404 88 "https://www.ysfine.com/ys11/index.html" "Mozilla/5.0 (Linux; Android 5.1.1; KFSUWI) AppleWebKit/537.36 (KHTML, like Gecko) Silk/104.2.16 like Chrome/104.0.5112.114 Safari/537.36" "www.ysfine.com"
114.119.128.154 - - [17/Sep/2022:20:34:45 -0700] "GET /einstein/eingali.html HTTP/1.1" 200 2762 "https://ysfine.com/einstein/einstorie.html" "Mozilla/5.0 (Linux; Android 7.0;) AppleWebKit/537.36 (KHTML, like Gecko) Mobile Safari/537.36 (compatible; PetalBot;+https://webmaster.petalsearch.com/site/petalbot)" "ysfine.com"
77.75.76.171 - - [17/Sep/2022:20:37:02 -0700] "GET /robots.txt HTTP/1.1" 404 88 "-" "Mozilla/5.0 (compatible; SeznamBot/3.2; +http://napoveda.seznam.cz/en/seznambot-intro/)" "ysfine.com"
77.75.76.171 - - [17/Sep/2022:20:37:04 -0700] "GET /world/russ/kazan011.jpg HTTP/1.1" 200 64940 "-" "Mozilla/5.0 (compatible; SeznamBot/3.2; +http://napoveda.seznam.cz/en/seznambot-intro/)" "ysfine.com"
5.45.207.150 - - [17/Sep/2022:20:37:12 -0700] "GET /world/russ/minsk003.jpg HTTP/1.1" 200 360670 "-" "Mozilla/5.0 (compatible; YandexImages/3.0; +http://yandex.com/bots)" "www.ysfine.com"
40.77.167.33 - - [17/Sep/2022:20:37:32 -0700] "GET /world/ital/verona16.jpg HTTP/1.1" 200 116788 "-" "Mozilla/5.0 AppleWebKit/537.36 (KHTML, like Gecko; compatible; bingbot/2.0; +http://www.bing.com/bingbot.htm) Chrome/103.0.5060.134 Safari/537.36" "ysfine.com"
40.77.167.62 - - [17/Sep/2022:20:38:09 -0700] "GET /princeton/pshoes.jpg HTTP/1.1" 200 160931 "-" "Mozilla/5.0 (compatible; bingbot/2.0; +http://www.bing.com/bingbot.htm)" "ysfine.com"
157.55.39.146 - - [17/Sep/2022:20:39:18 -0700] "GET /world/brit/lontaxi05.jpg HTTP/1.1" 200 123575 "-" "Mozilla/5.0 (compatible; bingbot/2.0; +http://www.bing.com/bingbot.htm)" "www.ysfine.com"
40.77.167.35 - - [17/Sep/2022:20:39:58 -0700] "GET /philo/pontdg10.jpg HTTP/1.1" 200 321219 "-" "Mozilla/5.0 (compatible; bingbot/2.0; +http://www.bing.com/bingbot.htm)" "www.ysfine.com"
154.85.103.114 - - [17/Sep/2022:20:41:05 -0700] "GET /princeton/pumu01.jpg HTTP/1.1" 200 146489 "-" "Mozilla/5.0 (Windows NT 6.3; WOW64) AppleWebKit/537.36 (KHTML, like Gecko) Chrome/38.0.2125.111 Safari/537.36" "www.ysfine.com"
185.242.93.231 - - [17/Sep/2022:20:41:05 -0700] "GET /princeton/pumu01.jpg HTTP/1.1" 200 146489 "-" "Mozilla/5.0 (Windows NT 6.3; WOW64) AppleWebKit/537.36 (KHTML, like Gecko) Chrome/38.0.2125.111 Safari/537.36" "www.ysfine.com"
54.36.148.242 - - [17/Sep/2022:20:41:33 -0700] "GET /maga/sanchez.html HTTP/1.1" 200 1278 "-" "Mozilla/5.0 (compatible; AhrefsBot/7.0; +http://ahrefs.com/robot/)" "www.ysfine.com"
54.36.148.255 - - [17/Sep/2022:20:41:34 -0700] "GET /maga/phys/norma2.jpg HTTP/1.1" 200 59261 "-" "Mozilla/5.0 (compatible; AhrefsBot/7.0; +http://ahrefs.com/robot/)" "www.ysfine.com"
54.36.148.98 - - [17/Sep/2022:20:41:34 -0700] "GET /maga/phys/norma.jpg HTTP/1.1" 200 24824 "-" "Mozilla/5.0 (compatible; AhrefsBot/7.0; +http://ahrefs.com/robot/)" "www.ysfine.com"
66.249.75.108 - - [17/Sep/2022:20:41:35 -0700] "GET /beau/chinese.html HTTP/1.1" 404 88 "-" "Mozilla/5.0 (Linux; Android 6.0.1; Nexus 5X Build/MMB29P) AppleWebKit/537.36 (KHTML, like Gecko) Chrome/105.0.5195.102 Mobile Safari/537.36 (compatible; Googlebot/2.1; +http://www.google.com/bot.html)" "www.ysfine.com"
40.77.167.27 - - [17/Sep/2022:20:43:40 -0700] "GET /wdc/gtown37b.jpg HTTP/1.1" 200 53384 "-" "Mozilla/5.0 (compatible; bingbot/2.0; +http://www.bing.com/bingbot.htm)" "www.ysfine.com"
174.87.32.160 - - [17/Sep/2022:20:43:59 -0700] "GET /princeton/alexan22.jpg HTTP/1.1" 200 175436 "https://www.google.com/" "Mozilla/5.0 (iPhone; CPU iPhone OS 15_6_1 like Mac OS X) AppleWebKit/605.1.15 (KHTML, like Gecko) Version/15.6.1 Mobile/15E148 Safari/604.1" "ysfine.com"
66.249.75.40 - - [17/Sep/2022:20:44:19 -0700] "GET /beau/amkor/konurse.html HTTP/1.1" 404 88 "-" "Mozilla/5.0 (Linux; Android 6.0.1; Nexus 5X Build/MMB29P) AppleWebKit/537.36 (KHTML, like Gecko) Chrome/105.0.5195.102 Mobile Safari/537.36 (compatible; Googlebot/2.1; +http://www.google.com/bot.html)" "ysfine.com"
40.77.167.27 - - [17/Sep/2022:20:44:39 -0700] "GET /style/verein.jpg HTTP/1.1" 200 83100 "-" "Mozilla/5.0 (compatible; bingbot/2.0; +http://www.bing.com/bingbot.htm)" "ysfine.com"
173.73.80.118 - - [17/Sep/2022:20:45:50 -0700] "GET /home/bio22.html HTTP/1.1" 304 - "https://www.ysfine.com/ys11/index.html" "Mozilla/5.0 (Linux; Android 5.1.1; KFSUWI) AppleWebKit/537.36 (KHTML, like Gecko) Silk/104.2.16 like Chrome/104.0.5112.114 Safari/537.36" "www.ysfine.com"
173.73.80.118 - - [17/Sep/2022:20:45:50 -0700] "GET /home/fig22/acs73f.jpg HTTP/1.1" 200 284573 "https://www.ysfine.com/home/bio22.html" "Mozilla/5.0 (Linux; Android 5.1.1; KFSUWI) AppleWebKit/537.36 (KHTML, like Gecko) Silk/104.2.16 like Chrome/104.0.5112.114 Safari/537.36" "www.ysfine.com"
157.55.39.146 - - [17/Sep/2022:20:47:18 -0700] "GET /jobs/chilej.html HTTP/1.1" 200 958 "-" "Mozilla/5.0 (compatible; bingbot/2.0; +http://www.bing.com/bingbot.htm)" "ysfine.com"
173.73.80.118 - - [17/Sep/2022:20:47:40 -0700] "GET /home/bio22.html HTTP/1.1" 304 - "https://www.ysfine.com/ys11/index.html" "Mozilla/5.0 (Linux; Android 5.1.1; KFSUWI) AppleWebKit/537.36 (KHTML, like Gecko) Silk/104.2.16 like Chrome/104.0.5112.114 Safari/537.36" "www.ysfine.com"
40.77.167.35 - - [17/Sep/2022:20:47:42 -0700] "GET /world/ital/padova17.jpg HTTP/1.1" 200 94422 "-" "Mozilla/5.0 AppleWebKit/537.36 (KHTML, like Gecko; compatible; bingbot/2.0; +http://www.bing.com/bingbot.htm) Chrome/103.0.5060.134 Safari/537.36" "www.ysfine.com"
40.77.167.35 - - [17/Sep/2022:20:48:43 -0700] "GET /home/comet01b.jpg HTTP/1.1" 200 53465 "-" "Mozilla/5.0 (compatible; bingbot/2.0; +http://www.bing.com/bingbot.htm)" "www.ysfine.com"
173.73.80.118 - - [17/Sep/2022:20:48:51 -0700] "GET /class54/tallman.html HTTP/1.1" 200 5912 "https://www.ysfine.com/home/bio22.html" "Mozilla/5.0 (Linux; Android 5.1.1; KFSUWI) AppleWebKit/537.36 (KHTML, like Gecko) Silk/104.2.16 like Chrome/104.0.5112.114 Safari/537.36" "www.ysfine.com"
173.73.80.118 - - [17/Sep/2022:20:48:51 -0700] "GET /class54/kwk11d.jpg HTTP/1.1" 200 82141 "https://www.ysfine.com/class54/tallman.html" "Mozilla/5.0 (Linux; Android 5.1.1; KFSUWI) AppleWebKit/537.36 (KHTML, like Gecko) Silk/104.2.16 like Chrome/104.0.5112.114 Safari/537.36" "www.ysfine.com"
173.73.80.118 - - [17/Sep/2022:20:48:51 -0700] "GET /class54/tallm02d.jpg HTTP/1.1" 200 58716 "https://www.ysfine.com/class54/tallman.html" "Mozilla/5.0 (Linux; Android 5.1.1; KFSUWI) AppleWebKit/537.36 (KHTML, like Gecko) Silk/104.2.16 like Chrome/104.0.5112.114 Safari/537.36" "www.ysfine.com"
173.73.80.118 - - [17/Sep/2022:20:48:51 -0700] "GET /class54/kazan017d.jpg HTTP/1.1" 200 55583 "https://www.ysfine.com/class54/tallman.html" "Mozilla/5.0 (Linux; Android 5.1.1; KFSUWI) AppleWebKit/537.36 (KHTML, like Gecko) Silk/104.2.16 like Chrome/104.0.5112.114 Safari/537.36" "www.ysfine.com"
173.73.80.118 - - [17/Sep/2022:20:48:51 -0700] "GET /class54/novik22d.jpg HTTP/1.1" 200 35416 "https://www.ysfine.com/class54/tallman.html" "Mozilla/5.0 (Linux; Android 5.1.1; KFSUWI) AppleWebKit/537.36 (KHTML, like Gecko) Silk/104.2.16 like Chrome/104.0.5112.114 Safari/537.36" "www.ysfine.com"
173.73.80.118 - - [17/Sep/2022:20:48:51 -0700] "GET /class54/tallm06d.jpg HTTP/1.1" 200 54068 "https://www.ysfine.com/class54/tallman.html" "Mozilla/5.0 (Linux; Android 5.1.1; KFSUWI) AppleWebKit/537.36 (KHTML, like Gecko) Silk/104.2.16 like Chrome/104.0.5112.114 Safari/537.36" "www.ysfine.com"
173.73.80.118 - - [17/Sep/2022:20:48:51 -0700] "GET /eink/einhaus11d.jpg HTTP/1.1" 200 65708 "https://www.ysfine.com/class54/tallman.html" "Mozilla/5.0 (Linux; Android 5.1.1; KFSUWI) AppleWebKit/537.36 (KHTML, like Gecko) Silk/104.2.16 like Chrome/104.0.5112.114 Safari/537.36" "www.ysfine.com"
173.73.80.118 - - [17/Sep/2022:20:48:57 -0700] "GET /maga/herod.html HTTP/1.1" 200 4341 "https://www.ysfine.com/class54/tallman.html" "Mozilla/5.0 (Linux; Android 5.1.1; KFSUWI) AppleWebKit/537.36 (KHTML, like Gecko) Silk/104.2.16 like Chrome/104.0.5112.114 Safari/537.36" "www.ysfine.com"
173.73.80.118 - - [17/Sep/2022:20:48:57 -0700] "GET /maga/phil/herod33c.jpg HTTP/1.1" 200 45604 "https://www.ysfine.com/maga/herod.html" "Mozilla/5.0 (Linux; Android 5.1.1; KFSUWI) AppleWebKit/537.36 (KHTML, like Gecko) Silk/104.2.16 like Chrome/104.0.5112.114 Safari/537.36" "www.ysfine.com"
173.73.80.118 - - [17/Sep/2022:20:48:57 -0700] "GET /maga/phil/herod11c.jpg HTTP/1.1" 200 76011 "https://www.ysfine.com/maga/herod.html" "Mozilla/5.0 (Linux; Android 5.1.1; KFSUWI) AppleWebKit/537.36 (KHTML, like Gecko) Silk/104.2.16 like Chrome/104.0.5112.114 Safari/537.36" "www.ysfine.com"
