23.226.135.56 - - [17/Sep/2022:01:31:35 -0700] "GET / HTTP/1.1" 200 5283 "-" "Baiduspider ( http://www.baidu.com/search/spider.htm)" "ysfine.com"
40.77.167.33 - - [17/Sep/2022:01:33:14 -0700] "GET /maga/phys/schrod37.jpg HTTP/1.1" 200 124243 "-" "Mozilla/5.0 AppleWebKit/537.36 (KHTML, like Gecko; compatible; bingbot/2.0; +http://www.bing.com/bingbot.htm) Chrome/103.0.5060.134 Safari/537.36" "ysfine.com"
167.235.34.112 - - [17/Sep/2022:01:35:59 -0700] "GET /kobak/liber45.jpg HTTP/1.1" 200 141542 "https://www.bing.com/" "Mozilla/5.0 (X11; Linux x86_64) AppleWebKit/537.36 (KHTML, like Gecko) HeadlessChrome/104.0.5112.101 Safari/537.36" "www.ysfine.com"
40.77.167.62 - - [17/Sep/2022:01:37:39 -0700] "GET /world/germany/oktf09b.jpg HTTP/1.1" 200 39021 "-" "Mozilla/5.0 AppleWebKit/537.36 (KHTML, like Gecko; compatible; bingbot/2.0; +http://www.bing.com/bingbot.htm) Chrome/103.0.5060.134 Safari/537.36" "www.ysfine.com"
157.55.39.146 - - [17/Sep/2022:01:38:47 -0700] "GET /world/baltic/russmp.jpg HTTP/1.1" 200 111915 "-" "Mozilla/5.0 (compatible; bingbot/2.0; +http://www.bing.com/bingbot.htm)" "ysfine.com"
40.77.167.35 - - [17/Sep/2022:01:39:14 -0700] "GET /usca/pitt/carnlibra03b.jpg HTTP/1.1" 200 46999 "-" "Mozilla/5.0 (compatible; bingbot/2.0; +http://www.bing.com/bingbot.htm)" "www.ysfine.com"
40.77.167.35 - - [17/Sep/2022:01:39:23 -0700] "GET /style/flamen3.jpg HTTP/1.1" 200 70160 "-" "Mozilla/5.0 (compatible; bingbot/2.0; +http://www.bing.com/bingbot.htm)" "ysfine.com"
40.77.167.35 - - [17/Sep/2022:01:40:49 -0700] "GET /world/china/shanghai081.jpg HTTP/1.1" 200 98928 "-" "Mozilla/5.0 AppleWebKit/537.36 (KHTML, like Gecko; compatible; bingbot/2.0; +http://www.bing.com/bingbot.htm) Chrome/103.0.5060.134 Safari/537.36" "www.ysfine.com"
95.216.174.131 - - [17/Sep/2022:01:41:05 -0700] "GET /kobak/1014b.jpg HTTP/1.1" 200 42115 "-" "Mozilla/5.0 (X11; Fedora; Linux x86_64) AppleWebKit/537.36 (KHTML, like Gecko) Chrome/79.0.3945.117 Safari/537.36" "www.ysfine.com"
40.77.167.33 - - [17/Sep/2022:01:41:14 -0700] "GET /world/ital/rome060.jpg HTTP/1.1" 200 85130 "-" "Mozilla/5.0 (compatible; bingbot/2.0; +http://www.bing.com/bingbot.htm)" "ysfine.com"
40.77.167.33 - - [17/Sep/2022:01:42:06 -0700] "GET /maga/phil/marxlon01b.jpg HTTP/1.1" 200 55777 "-" "Mozilla/5.0 (compatible; bingbot/2.0; +http://www.bing.com/bingbot.htm)" "ysfine.com"
61.75.170.6 - - [17/Sep/2022:01:42:14 -0700] "GET /dirac/dirmatrix22.jpg HTTP/1.1" 200 67897 "https://myactivity.google.com/" "Mozilla/5.0 (Windows NT 10.0; Win64; x64) AppleWebKit/537.36 (KHTML, like Gecko) Chrome/105.0.0.0 Safari/537.36" "ysfine.com"
61.75.170.6 - - [17/Sep/2022:01:42:15 -0700] "GET /dirac/dirmatrix22.jpg HTTP/1.1" 206 1 "https://myactivity.google.com/" "Mozilla/5.0 (Windows NT 10.0; Win64; x64) AppleWebKit/537.36 (KHTML, like Gecko) Chrome/105.0.0.0 Safari/537.36" "ysfine.com"
61.75.170.6 - - [17/Sep/2022:01:42:15 -0700] "GET /dirac/dirmatrix22.jpg HTTP/1.1" 206 19238 "https://myactivity.google.com/" "Mozilla/5.0 (Windows NT 10.0; Win64; x64) AppleWebKit/537.36 (KHTML, like Gecko) Chrome/105.0.0.0 Safari/537.36" "ysfine.com"
40.77.167.35 - - [17/Sep/2022:01:42:23 -0700] "GET /dongio/britstu05b.jpg HTTP/1.1" 404 88 "-" "Mozilla/5.0 (compatible; bingbot/2.0; +http://www.bing.com/bingbot.htm)" "ysfine.com"
213.180.203.87 - - [17/Sep/2022:01:42:34 -0700] "GET /robots.txt HTTP/1.1" 404 73 "-" "Mozilla/5.0 (compatible; YandexBot/3.0; +http://yandex.com/bots)" "www.ysfine.com"
5.255.253.163 - - [17/Sep/2022:01:42:38 -0700] "GET /princeton/puband07.jpg HTTP/1.1" 200 200918 "-" "Mozilla/5.0 (compatible; YandexImages/3.0; +http://yandex.com/bots)" "www.ysfine.com"
40.77.167.35 - - [17/Sep/2022:01:43:00 -0700] "GET /kowar/tanks/sgvet.jpg HTTP/1.1" 200 128893 "-" "Mozilla/5.0 AppleWebKit/537.36 (KHTML, like Gecko; compatible; bingbot/2.0; +http://www.bing.com/bingbot.htm) Chrome/103.0.5060.134 Safari/537.36" "ysfine.com"
40.77.167.27 - - [17/Sep/2022:01:43:08 -0700] "GET /usca/pitt/kwkpgh01.jpg HTTP/1.1" 200 145341 "-" "Mozilla/5.0 AppleWebKit/537.36 (KHTML, like Gecko; compatible; bingbot/2.0; +http://www.bing.com/bingbot.htm) Chrome/103.0.5060.134 Safari/537.36" "www.ysfine.com"
131.181.227.202 - - [17/Sep/2022:01:43:15 -0700] "GET /world/germany/benz13.jpg HTTP/1.1" 200 103872 "https://www.bing.com/" "Mozilla/5.0 (Windows NT 10.0; Win64; x64) AppleWebKit/537.36 (KHTML, like Gecko) Chrome/101.0.4951.64 Safari/537.36 Edg/101.0.1210.53" "ysfine.com"
40.77.167.62 - - [17/Sep/2022:01:45:10 -0700] "GET /usca/pitt/yspgh54.jpg HTTP/1.1" 200 36953 "-" "Mozilla/5.0 AppleWebKit/537.36 (KHTML, like Gecko; compatible; bingbot/2.0; +http://www.bing.com/bingbot.htm) Chrome/103.0.5060.134 Safari/537.36" "www.ysfine.com"
90.235.71.149 - - [17/Sep/2022:01:47:12 -0700] "GET /world/brit/dunf15.jpg HTTP/1.1" 200 113687 "https://www.google.com/" "Mozilla/5.0 (Windows NT 10.0; Win64; x64) AppleWebKit/537.36 (KHTML, like Gecko) Chrome/105.0.0.0 Safari/537.36" "ysfine.com"
40.77.167.62 - - [17/Sep/2022:01:48:00 -0700] "GET /maga/phil/sisfa12/roma12-28.jpg HTTP/1.1" 200 118142 "-" "Mozilla/5.0 (compatible; bingbot/2.0; +http://www.bing.com/bingbot.htm)" "www.ysfine.com"
40.77.167.62 - - [17/Sep/2022:01:48:20 -0700] "GET /maga/phys/schrod11b.jpg HTTP/1.1" 200 36796 "-" "Mozilla/5.0 (compatible; bingbot/2.0; +http://www.bing.com/bingbot.htm)" "ysfine.com"
66.249.75.40 - - [17/Sep/2022:01:50:10 -0700] "GET /style/musee/britmu09.jpg HTTP/1.1" 200 125141 "-" "Googlebot-Image/1.0" "ysfine.com"
66.249.75.40 - - [17/Sep/2022:01:50:14 -0700] "GET /yspapers/eintao22.jpg HTTP/1.1" 200 162143 "-" "Googlebot-Image/1.0" "ysfine.com"
40.77.167.35 - - [17/Sep/2022:01:50:41 -0700] "GET /world/russ/mosf37.jpg HTTP/1.1" 200 128218 "-" "Mozilla/5.0 (compatible; bingbot/2.0; +http://www.bing.com/bingbot.htm)" "ysfine.com"
77.75.79.31 - - [17/Sep/2022:01:50:59 -0700] "GET /einstein/newton.html HTTP/1.1" 200 650 "-" "Mozilla/5.0 (compatible; SeznamBot/4.0-RC1; +http://napoveda.seznam.cz/seznambot-intro/)" "ysfine.com"
40.77.167.35 - - [17/Sep/2022:01:51:44 -0700] "GET /world/scandi/copen024.jpg HTTP/1.1" 200 58082 "-" "Mozilla/5.0 (compatible; bingbot/2.0; +http://www.bing.com/bingbot.htm)" "ysfine.com"
40.77.167.35 - - [17/Sep/2022:01:53:52 -0700] "GET /style/kievopera66.jpg HTTP/1.1" 200 96773 "-" "Mozilla/5.0 AppleWebKit/537.36 (KHTML, like Gecko; compatible; bingbot/2.0; +http://www.bing.com/bingbot.htm) Chrome/103.0.5060.134 Safari/537.36" "www.ysfine.com"
203.252.33.4 - - [17/Sep/2022:01:55:10 -0700] "GET /jobs/koreaj.html HTTP/1.1" 200 10214 "https://www.google.com/" "Mozilla/5.0 (Linux; Android 13; Pixel 5a) AppleWebKit/537.36 (KHTML, like Gecko) Chrome/105.0.0.0 Mobile Safari/537.36" "ysfine.com"
203.252.33.4 - - [17/Sep/2022:01:55:11 -0700] "GET /jobs/koreaj11b.jpg HTTP/1.1" 200 67543 "https://ysfine.com/jobs/koreaj.html" "Mozilla/5.0 (Linux; Android 13; Pixel 5a) AppleWebKit/537.36 (KHTML, like Gecko) Chrome/105.0.0.0 Mobile Safari/537.36" "ysfine.com"
14.170.71.221 - - [17/Sep/2022:01:55:11 -0700] "GET /kowar/tanks/tank03.jpg HTTP/1.1" 200 106726 "https://www.bing.com/" "Mozilla/5.0 (Windows NT 10.0; Win64; x64) AppleWebKit/537.36 (KHTML, like Gecko) Chrome/104.0.5112.102 Safari/537.36 Edg/104.0.1293.70" "ysfine.com"
203.252.33.4 - - [17/Sep/2022:01:55:13 -0700] "GET /favicon.ico HTTP/1.1" 404 88 "https://ysfine.com/jobs/koreaj.html" "Mozilla/5.0 (Linux; Android 13; Pixel 5a) AppleWebKit/537.36 (KHTML, like Gecko) Chrome/105.0.0.0 Mobile Safari/537.36" "ysfine.com"
157.55.39.146 - - [17/Sep/2022:01:55:20 -0700] "GET /world/munich.html HTTP/1.1" 200 3101 "-" "Mozilla/5.0 AppleWebKit/537.36 (KHTML, like Gecko; compatible; bingbot/2.0; +http://www.bing.com/bingbot.htm) Chrome/103.0.5060.134 Safari/537.36" "ysfine.com"
40.77.167.35 - - [17/Sep/2022:01:55:22 -0700] "GET /world/andal.html HTTP/1.1" 200 10099 "-" "Mozilla/5.0 AppleWebKit/537.36 (KHTML, like Gecko; compatible; bingbot/2.0; +http://www.bing.com/bingbot.htm) Chrome/103.0.5060.134 Safari/537.36" "ysfine.com"
40.77.167.62 - - [17/Sep/2022:01:55:24 -0700] "GET /home/dwf33.html HTTP/1.1" 200 7188 "-" "Mozilla/5.0 (compatible; bingbot/2.0; +http://www.bing.com/bingbot.htm)" "ysfine.com"
40.77.167.35 - - [17/Sep/2022:01:55:29 -0700] "GET /jakella/index.html HTTP/1.1" 200 1693 "-" "Mozilla/5.0 (compatible; bingbot/2.0; +http://www.bing.com/bingbot.htm)" "ysfine.com"
40.77.167.35 - - [17/Sep/2022:01:55:29 -0700] "GET /maga/hermite.html HTTP/1.1" 200 4102 "-" "Mozilla/5.0 (compatible; bingbot/2.0; +http://www.bing.com/bingbot.htm)" "ysfine.com"
40.77.167.33 - - [17/Sep/2022:01:59:27 -0700] "GET /kowar/panmun04c.jpg HTTP/1.1" 200 32797 "-" "Mozilla/5.0 (compatible; bingbot/2.0; +http://www.bing.com/bingbot.htm)" "www.ysfine.com"
66.249.75.43 - - [17/Sep/2022:01:59:52 -0700] "GET /yspapers/qboil17.jpg HTTP/1.1" 200 51545 "-" "Googlebot-Image/1.0" "ysfine.com"
66.249.75.40 - - [17/Sep/2022:01:59:54 -0700] "GET /yspapers/wiglunch91.jpg HTTP/1.1" 200 255571 "-" "Googlebot-Image/1.0" "ysfine.com"
66.249.75.44 - - [17/Sep/2022:02:00:01 -0700] "GET /yspapers/emcbirth77.jpg HTTP/1.1" 200 123259 "-" "Googlebot-Image/1.0" "ysfine.com"
5.45.207.153 - - [17/Sep/2022:02:02:04 -0700] "GET /world/russ/mosf37.jpg HTTP/1.1" 200 128218 "-" "Mozilla/5.0 (compatible; YandexImages/3.0; +http://yandex.com/bots)" "www.ysfine.com"
87.250.224.11 - - [17/Sep/2022:02:02:19 -0700] "GET /world/russ/mosgov15.jpg HTTP/1.1" 200 101552 "-" "Mozilla/5.0 (compatible; YandexImages/3.0; +http://yandex.com/bots)" "www.ysfine.com"
40.77.167.35 - - [17/Sep/2022:02:02:45 -0700] "GET /world/hungary/liszt07.jpg HTTP/1.1" 200 137500 "-" "Mozilla/5.0 (compatible; bingbot/2.0; +http://www.bing.com/bingbot.htm)" "ysfine.com"
42.117.78.46 - - [17/Sep/2022:02:03:47 -0700] "GET /kobak/sl629.jpg HTTP/1.1" 200 141503 "https://www.google.com/" "Mozilla/5.0 (Windows NT 10.0; Win64; x64) AppleWebKit/537.36 (KHTML, like Gecko) Chrome/105.0.0.0 Safari/537.36" "ysfine.com"
157.55.39.146 - - [17/Sep/2022:02:05:10 -0700] "GET /world/ital/uffizi11.jpg HTTP/1.1" 200 116766 "-" "Mozilla/5.0 AppleWebKit/537.36 (KHTML, like Gecko; compatible; bingbot/2.0; +http://www.bing.com/bingbot.htm) Chrome/103.0.5060.134 Safari/537.36" "ysfine.com"
40.77.167.33 - - [17/Sep/2022:02:06:18 -0700] "GET /world/poland/polstu06.jpg HTTP/1.1" 200 57353 "-" "Mozilla/5.0 (compatible; bingbot/2.0; +http://www.bing.com/bingbot.htm)" "www.ysfine.com"
89.187.175.246 - - [17/Sep/2022:02:06:39 -0700] "GET /wp-login.php HTTP/1.1" 404 88 "-" "Mozilla/5.0 (Windows NT 10.0; Win64; x64) AppleWebKit/537.36 (KHTML, like Gecko) Chrome/91.0.4472.124 Safari/537.36" "ysfine.com"
66.249.75.44 - - [17/Sep/2022:02:07:20 -0700] "GET /maga/histo/oscar33a.jpg HTTP/1.1" 304 - "-" "Googlebot-Image/1.0" "ysfine.com"
121.11.117.118 - - [17/Sep/2022:02:07:57 -0700] "GET /wp-login.php HTTP/1.1" 404 88 "-" "Apache-HttpClient/4.5.2 (Java/1.8.0_161)" "www.ysfine.com"
121.11.117.118 - - [17/Sep/2022:02:07:58 -0700] "GET /?author=1 HTTP/1.1" 200 5283 "-" "Apache-HttpClient/4.5.2 (Java/1.8.0_161)" "www.ysfine.com"
121.11.117.118 - - [17/Sep/2022:02:07:59 -0700] "GET /?author=2 HTTP/1.1" 200 5283 "-" "Apache-HttpClient/4.5.2 (Java/1.8.0_161)" "www.ysfine.com"
121.11.117.118 - - [17/Sep/2022:02:07:59 -0700] "GET /?author=3 HTTP/1.1" 200 5283 "-" "Apache-HttpClient/4.5.2 (Java/1.8.0_161)" "www.ysfine.com"
121.11.117.118 - - [17/Sep/2022:02:08:00 -0700] "GET /?author=4 HTTP/1.1" 200 5283 "-" "Apache-HttpClient/4.5.2 (Java/1.8.0_161)" "www.ysfine.com"
121.11.117.118 - - [17/Sep/2022:02:08:00 -0700] "GET /?author=5 HTTP/1.1" 200 5283 "-" "Apache-HttpClient/4.5.2 (Java/1.8.0_161)" "www.ysfine.com"
121.11.117.118 - - [17/Sep/2022:02:08:01 -0700] "GET /?author=6 HTTP/1.1" 200 5283 "-" "Apache-HttpClient/4.5.2 (Java/1.8.0_161)" "www.ysfine.com"
121.11.117.118 - - [17/Sep/2022:02:08:01 -0700] "GET /?author=7 HTTP/1.1" 200 5283 "-" "Apache-HttpClient/4.5.2 (Java/1.8.0_161)" "www.ysfine.com"
121.11.117.118 - - [17/Sep/2022:02:08:02 -0700] "GET /?author=8 HTTP/1.1" 200 5283 "-" "Apache-HttpClient/4.5.2 (Java/1.8.0_161)" "www.ysfine.com"
121.11.117.118 - - [17/Sep/2022:02:08:02 -0700] "GET /?author=9 HTTP/1.1" 200 5283 "-" "Apache-HttpClient/4.5.2 (Java/1.8.0_161)" "www.ysfine.com"
121.11.117.118 - - [17/Sep/2022:02:08:03 -0700] "GET /?author=10 HTTP/1.1" 200 5283 "-" "Apache-HttpClient/4.5.2 (Java/1.8.0_161)" "www.ysfine.com"
121.11.117.118 - - [17/Sep/2022:02:08:03 -0700] "GET /?author=11 HTTP/1.1" 200 5283 "-" "Apache-HttpClient/4.5.2 (Java/1.8.0_161)" "www.ysfine.com"
121.11.117.118 - - [17/Sep/2022:02:08:04 -0700] "GET /?author=12 HTTP/1.1" 200 5283 "-" "Apache-HttpClient/4.5.2 (Java/1.8.0_161)" "www.ysfine.com"
121.11.117.118 - - [17/Sep/2022:02:08:04 -0700] "GET /?author=13 HTTP/1.1" 200 5283 "-" "Apache-HttpClient/4.5.2 (Java/1.8.0_161)" "www.ysfine.com"
121.11.117.118 - - [17/Sep/2022:02:08:05 -0700] "GET /?author=14 HTTP/1.1" 200 5283 "-" "Apache-HttpClient/4.5.2 (Java/1.8.0_161)" "www.ysfine.com"
121.11.117.118 - - [17/Sep/2022:02:08:06 -0700] "GET /?author=15 HTTP/1.1" 200 5283 "-" "Apache-HttpClient/4.5.2 (Java/1.8.0_161)" "www.ysfine.com"
121.11.117.118 - - [17/Sep/2022:02:08:07 -0700] "GET /?author=16 HTTP/1.1" 200 5283 "-" "Apache-HttpClient/4.5.2 (Java/1.8.0_161)" "www.ysfine.com"
121.11.117.118 - - [17/Sep/2022:02:08:08 -0700] "GET /?author=17 HTTP/1.1" 200 5283 "-" "Apache-HttpClient/4.5.2 (Java/1.8.0_161)" "www.ysfine.com"
121.11.117.118 - - [17/Sep/2022:02:08:09 -0700] "GET /?author=18 HTTP/1.1" 200 5283 "-" "Apache-HttpClient/4.5.2 (Java/1.8.0_161)" "www.ysfine.com"
121.11.117.118 - - [17/Sep/2022:02:08:09 -0700] "GET /?author=19 HTTP/1.1" 200 5283 "-" "Apache-HttpClient/4.5.2 (Java/1.8.0_161)" "www.ysfine.com"
121.11.117.118 - - [17/Sep/2022:02:08:10 -0700] "GET /?author=20 HTTP/1.1" 200 5283 "-" "Apache-HttpClient/4.5.2 (Java/1.8.0_161)" "www.ysfine.com"
40.77.167.35 - - [17/Sep/2022:02:08:52 -0700] "GET /feynman/ppic/quantum01.jpg HTTP/1.1" 200 40781 "-" "Mozilla/5.0 (compatible; bingbot/2.0; +http://www.bing.com/bingbot.htm)" "ysfine.com"
157.55.39.146 - - [17/Sep/2022:02:09:41 -0700] "GET /world/germany/verein11.jpg HTTP/1.1" 200 83100 "-" "Mozilla/5.0 (compatible; bingbot/2.0; +http://www.bing.com/bingbot.htm)" "www.ysfine.com"
40.77.167.99 - - [17/Sep/2022:02:10:37 -0700] "GET /robots.txt HTTP/1.1" 404 88 "-" "Mozilla/5.0 (compatible; bingbot/2.0; +http://www.bing.com/bingbot.htm)" "www.ysfine.com"
40.77.167.35 - - [17/Sep/2022:02:10:44 -0700] "GET /world/feynrio.html HTTP/1.1" 200 8831 "-" "Mozilla/5.0 (compatible; bingbot/2.0; +http://www.bing.com/bingbot.htm)" "www.ysfine.com"
40.77.167.35 - - [17/Sep/2022:02:11:16 -0700] "GET /world/brit/covent07.jpg HTTP/1.1" 200 110579 "-" "Mozilla/5.0 AppleWebKit/537.36 (KHTML, like Gecko; compatible; bingbot/2.0; +http://www.bing.com/bingbot.htm) Chrome/103.0.5060.134 Safari/537.36" "ysfine.com"
213.180.203.6 - - [17/Sep/2022:02:11:16 -0700] "GET /world/germany/berlinmus01.jpg HTTP/1.1" 200 166514 "-" "Mozilla/5.0 (compatible; YandexImages/3.0; +http://yandex.com/bots)" "www.ysfine.com"
40.77.167.33 - - [17/Sep/2022:02:11:27 -0700] "GET /maga/histo/desiree23b.jpg HTTP/1.1" 200 40638 "-" "Mozilla/5.0 (compatible; bingbot/2.0; +http://www.bing.com/bingbot.htm)" "ysfine.com"
157.55.39.112 - - [17/Sep/2022:02:11:29 -0700] "GET /robots.txt HTTP/1.1" 404 88 "-" "Mozilla/5.0 (compatible; bingbot/2.0; +http://www.bing.com/bingbot.htm)" "www.ysfine.com"
40.77.167.27 - - [17/Sep/2022:02:11:31 -0700] "GET /world/germany/oktf03.jpg HTTP/1.1" 200 108768 "-" "Mozilla/5.0 (compatible; bingbot/2.0; +http://www.bing.com/bingbot.htm)" "www.ysfine.com"
79.203.171.96 - - [17/Sep/2022:02:13:04 -0700] "GET /maga/histo/desiree22.jpg HTTP/1.1" 200 113561 "https://www.google.de/" "Mozilla/5.0 (Macintosh; Intel Mac OS X 10_15_6) AppleWebKit/605.1.15 (KHTML, like Gecko) Version/15.6.1 Safari/605.1.15" "ysfine.com"
72.14.201.64 - - [17/Sep/2022:02:13:04 -0700] "GET /world/brit/etonharrow.html HTTP/1.1" 200 4546 "-" "Mozilla/5.0 (Linux; Android 10; K) AppleWebKit/537.36 (KHTML, like Gecko) Chrome/105.0.0.0 Mobile Safari/537.36" "ysfine.com"
66.249.75.44 - - [17/Sep/2022:02:13:05 -0700] "GET /wigner/gim/gimn20.jpg HTTP/1.1" 304 - "-" "Googlebot-Image/1.0" "ysfine.com"
66.249.75.40 - - [17/Sep/2022:02:13:25 -0700] "GET /world/places/ulm26b.jpg HTTP/1.1" 304 - "-" "Googlebot-Image/1.0" "ysfine.com"
173.252.107.22 - - [17/Sep/2022:02:13:36 -0700] "GET /jobs/koreaj.html HTTP/1.1" 206 10214 "-" "facebookexternalhit/1.1 (+http://www.facebook.com/externalhit_uatext.php)" "ysfine.com"
173.252.107.22 - - [17/Sep/2022:02:13:36 -0700] "GET /kobak/sl2009b.jpg HTTP/1.1" 200 44357 "-" "facebookexternalhit/1.1 (+http://www.facebook.com/externalhit_uatext.php)" "ysfine.com"
31.13.127.118 - - [17/Sep/2022:02:13:38 -0700] "GET /kobak/sl2009b.jpg HTTP/1.1" 200 44357 "-" "facebookexternalhit/1.1 (+http://www.facebook.com/externalhit_uatext.php)" "ysfine.com"
31.13.115.4 - - [17/Sep/2022:02:14:03 -0700] "GET /jobs/koreaj.html HTTP/1.1" 206 10214 "-" "facebookexternalhit/1.1 (+http://www.facebook.com/externalhit_uatext.php)" "ysfine.com"
40.77.167.35 - - [17/Sep/2022:02:14:03 -0700] "GET /world/ital/padova05.jpg HTTP/1.1" 200 119136 "-" "Mozilla/5.0 (compatible; bingbot/2.0; +http://www.bing.com/bingbot.htm)" "www.ysfine.com"
77.75.79.31 - - [17/Sep/2022:02:14:28 -0700] "GET /world/budapest.html HTTP/1.1" 304 - "-" "Mozilla/5.0 (compatible; SeznamBot/4.0-RC1; +http://napoveda.seznam.cz/seznambot-intro/)" "ysfine.com"
40.77.167.62 - - [17/Sep/2022:02:15:13 -0700] "GET /wdc/jeffm07.jpg HTTP/1.1" 200 111793 "-" "Mozilla/5.0 (compatible; bingbot/2.0; +http://www.bing.com/bingbot.htm)" "www.ysfine.com"
40.77.167.33 - - [17/Sep/2022:02:15:37 -0700] "GET /world/brit/tower03.jpg HTTP/1.1" 200 84977 "-" "Mozilla/5.0 (compatible; bingbot/2.0; +http://www.bing.com/bingbot.htm)" "www.ysfine.com"
66.249.75.44 - - [17/Sep/2022:02:15:41 -0700] "GET /home/comet30.jpg HTTP/1.1" 200 134009 "-" "Googlebot-Image/1.0" "ysfine.com"
118.184.177.50 - - [17/Sep/2022:02:16:29 -0700] "GET / HTTP/1.1" 200 5283 "-" "Sogou web spider/4.0(+http://www.sogou.com/docs/help/webmasters.htm#07)" "ysfine.com"
40.77.167.35 - - [17/Sep/2022:02:16:57 -0700] "GET /world/france/pantheon03.jpg HTTP/1.1" 200 107105 "-" "Mozilla/5.0 (compatible; bingbot/2.0; +http://www.bing.com/bingbot.htm)" "www.ysfine.com"
40.77.167.35 - - [17/Sep/2022:02:17:04 -0700] "GET /world/brit/harrow05.jpg HTTP/1.1" 200 248175 "-" "Mozilla/5.0 AppleWebKit/537.36 (KHTML, like Gecko; compatible; bingbot/2.0; +http://www.bing.com/bingbot.htm) Chrome/103.0.5060.134 Safari/537.36" "ysfine.com"
40.77.167.62 - - [17/Sep/2022:02:17:42 -0700] "GET /yspapers/iopbook15.pdf HTTP/1.1" 304 - "-" "Mozilla/5.0 (compatible; bingbot/2.0; +http://www.bing.com/bingbot.htm)" "www.ysfine.com"
213.180.203.87 - - [17/Sep/2022:02:18:41 -0700] "GET /dongio/konurse.html HTTP/1.1" 404 88 "-" "Mozilla/5.0 (compatible; YandexBot/3.0; +http://yandex.com/bots)" "www.ysfine.com"
193.186.4.65 - - [17/Sep/2022:02:20:18 -0700] "GET /world/brit/etonharrow.html HTTP/1.1" 200 4546 "-" "Mozilla/5.0 (Linux; Android 10; K) AppleWebKit/537.36 (KHTML, like Gecko) Chrome/105.0.0.0 Mobile Safari/537.36" "ysfine.com"
40.77.167.27 - - [17/Sep/2022:02:20:33 -0700] "GET /wdc/shoreham11.jpg HTTP/1.1" 200 127258 "-" "Mozilla/5.0 (compatible; bingbot/2.0; +http://www.bing.com/bingbot.htm)" "www.ysfine.com"
109.249.187.112 - - [17/Sep/2022:02:20:35 -0700] "GET /world/brit/eton07b.jpg HTTP/1.1" 200 36566 "https://ysfine.com/world/brit/etonharrow.html" "Mozilla/5.0 (Linux; Android 12; SM-G981B) AppleWebKit/537.36 (KHTML, like Gecko) Chrome/105.0.0.0 Mobile Safari/537.36" "ysfine.com"
109.249.187.112 - - [17/Sep/2022:02:20:35 -0700] "GET /kobak/kwk11b.jpg HTTP/1.1" 200 46888 "https://ysfine.com/world/brit/etonharrow.html" "Mozilla/5.0 (Linux; Android 12; SM-G981B) AppleWebKit/537.36 (KHTML, like Gecko) Chrome/105.0.0.0 Mobile Safari/537.36" "ysfine.com"
109.249.187.112 - - [17/Sep/2022:02:20:35 -0700] "GET /world/brit/nehru11b.jpg HTTP/1.1" 200 43052 "https://ysfine.com/world/brit/etonharrow.html" "Mozilla/5.0 (Linux; Android 12; SM-G981B) AppleWebKit/537.36 (KHTML, like Gecko) Chrome/105.0.0.0 Mobile Safari/537.36" "ysfine.com"
109.249.187.112 - - [17/Sep/2022:02:20:35 -0700] "GET /world/brit/winston01b.jpg HTTP/1.1" 200 38436 "https://ysfine.com/world/brit/etonharrow.html" "Mozilla/5.0 (Linux; Android 12; SM-G981B) AppleWebKit/537.36 (KHTML, like Gecko) Chrome/105.0.0.0 Mobile Safari/537.36" "ysfine.com"
109.249.187.112 - - [17/Sep/2022:02:20:35 -0700] "GET /world/brit/eton01b.jpg HTTP/1.1" 200 47771 "https://ysfine.com/world/brit/etonharrow.html" "Mozilla/5.0 (Linux; Android 12; SM-G981B) AppleWebKit/537.36 (KHTML, like Gecko) Chrome/105.0.0.0 Mobile Safari/537.36" "ysfine.com"
109.249.187.112 - - [17/Sep/2022:02:20:35 -0700] "GET /world/brit/eton02b.jpg HTTP/1.1" 200 39432 "https://ysfine.com/world/brit/etonharrow.html" "Mozilla/5.0 (Linux; Android 12; SM-G981B) AppleWebKit/537.36 (KHTML, like Gecko) Chrome/105.0.0.0 Mobile Safari/537.36" "ysfine.com"
109.249.187.112 - - [17/Sep/2022:02:20:35 -0700] "GET /world/brit/eton03b.jpg HTTP/1.1" 200 45141 "https://ysfine.com/world/brit/etonharrow.html" "Mozilla/5.0 (Linux; Android 12; SM-G981B) AppleWebKit/537.36 (KHTML, like Gecko) Chrome/105.0.0.0 Mobile Safari/537.36" "ysfine.com"
109.249.187.112 - - [17/Sep/2022:02:20:35 -0700] "GET /world/brit/harrow01b.jpg HTTP/1.1" 200 54632 "https://ysfine.com/world/brit/etonharrow.html" "Mozilla/5.0 (Linux; Android 12; SM-G981B) AppleWebKit/537.36 (KHTML, like Gecko) Chrome/105.0.0.0 Mobile Safari/537.36" "ysfine.com"
109.249.187.112 - - [17/Sep/2022:02:20:35 -0700] "GET /world/brit/windsor02b.jpg HTTP/1.1" 200 40724 "https://ysfine.com/world/brit/etonharrow.html" "Mozilla/5.0 (Linux; Android 12; SM-G981B) AppleWebKit/537.36 (KHTML, like Gecko) Chrome/105.0.0.0 Mobile Safari/537.36" "ysfine.com"
109.249.187.112 - - [17/Sep/2022:02:20:35 -0700] "GET /eink/pwk19c.jpg HTTP/1.1" 200 57759 "https://ysfine.com/world/brit/etonharrow.html" "Mozilla/5.0 (Linux; Android 12; SM-G981B) AppleWebKit/537.36 (KHTML, like Gecko) Chrome/105.0.0.0 Mobile Safari/537.36" "ysfine.com"
109.249.187.112 - - [17/Sep/2022:02:20:35 -0700] "GET /world/brit/harrow12b.jpg HTTP/1.1" 200 45104 "https://ysfine.com/world/brit/etonharrow.html" "Mozilla/5.0 (Linux; Android 12; SM-G981B) AppleWebKit/537.36 (KHTML, like Gecko) Chrome/105.0.0.0 Mobile Safari/537.36" "ysfine.com"
109.249.187.112 - - [17/Sep/2022:02:20:35 -0700] "GET /world/brit/harrow11b.jpg HTTP/1.1" 200 42533 "https://ysfine.com/world/brit/etonharrow.html" "Mozilla/5.0 (Linux; Android 12; SM-G981B) AppleWebKit/537.36 (KHTML, like Gecko) Chrome/105.0.0.0 Mobile Safari/537.36" "ysfine.com"
109.249.187.112 - - [17/Sep/2022:02:20:35 -0700] "GET /world/brit/harrow04b.jpg HTTP/1.1" 200 48004 "https://ysfine.com/world/brit/etonharrow.html" "Mozilla/5.0 (Linux; Android 12; SM-G981B) AppleWebKit/537.36 (KHTML, like Gecko) Chrome/105.0.0.0 Mobile Safari/537.36" "ysfine.com"
109.249.187.112 - - [17/Sep/2022:02:20:35 -0700] "GET /kobak/taylor33c.jpg HTTP/1.1" 200 39951 "https://ysfine.com/world/brit/etonharrow.html" "Mozilla/5.0 (Linux; Android 12; SM-G981B) AppleWebKit/537.36 (KHTML, like Gecko) Chrome/105.0.0.0 Mobile Safari/537.36" "ysfine.com"
109.249.187.112 - - [17/Sep/2022:02:20:35 -0700] "GET /world/brit/harrow09b.jpg HTTP/1.1" 200 48797 "https://ysfine.com/world/brit/etonharrow.html" "Mozilla/5.0 (Linux; Android 12; SM-G981B) AppleWebKit/537.36 (KHTML, like Gecko) Chrome/105.0.0.0 Mobile Safari/537.36" "ysfine.com"
109.249.187.112 - - [17/Sep/2022:02:20:36 -0700] "GET /favicon.ico HTTP/1.1" 404 88 "https://ysfine.com/world/brit/etonharrow.html" "Mozilla/5.0 (Linux; Android 12; SM-G981B) AppleWebKit/537.36 (KHTML, like Gecko) Chrome/105.0.0.0 Mobile Safari/537.36" "ysfine.com"
40.77.167.35 - - [17/Sep/2022:02:20:57 -0700] "GET /kobak/alexvic11.jpg HTTP/1.1" 200 100509 "-" "Mozilla/5.0 AppleWebKit/537.36 (KHTML, like Gecko; compatible; bingbot/2.0; +http://www.bing.com/bingbot.htm) Chrome/103.0.5060.134 Safari/537.36" "ysfine.com"
5.145.74.53 - - [17/Sep/2022:02:21:19 -0700] "GET /world/japan/nara005.jpg HTTP/1.1" 200 144132 "https://www.gay-fetish-xxx.com/" "Mozilla/5.0 (Windows NT 6.3; Win64; x64) AppleWebKit/537.36 (KHTML, like Gecko) Chrome/105.0.0.0 Safari/537.36" "ysfine.com"
157.55.39.146 - - [17/Sep/2022:02:21:32 -0700] "GET /usca/pitt/pittcath03.jpg HTTP/1.1" 200 159550 "-" "Mozilla/5.0 (compatible; bingbot/2.0; +http://www.bing.com/bingbot.htm)" "www.ysfine.com"
40.77.167.62 - - [17/Sep/2022:02:22:23 -0700] "GET /einstein/einbohr11c.jpg HTTP/1.1" 200 40181 "-" "Mozilla/5.0 (compatible; bingbot/2.0; +http://www.bing.com/bingbot.htm)" "ysfine.com"
87.250.224.160 - - [17/Sep/2022:02:22:44 -0700] "GET /world/brit/harrod16.jpg HTTP/1.1" 200 75507 "-" "Mozilla/5.0 (compatible; YandexImages/3.0; +http://yandex.com/bots)" "www.ysfine.com"
87.250.224.160 - - [17/Sep/2022:02:23:21 -0700] "GET /world/china/xian09b.jpg HTTP/1.1" 200 40511 "-" "Mozilla/5.0 (compatible; YandexImages/3.0; +http://yandex.com/bots)" "www.ysfine.com"
66.249.75.40 - - [17/Sep/2022:02:24:26 -0700] "GET /yspapers/restof11.jpg HTTP/1.1" 200 679389 "-" "Googlebot-Image/1.0" "ysfine.com"
40.77.167.33 - - [17/Sep/2022:02:25:19 -0700] "GET /usca/norl/canal07.jpg HTTP/1.1" 200 119169 "-" "Mozilla/5.0 (compatible; bingbot/2.0; +http://www.bing.com/bingbot.htm)" "ysfine.com"
220.181.108.149 - - [17/Sep/2022:02:25:46 -0700] "GET /dirac/bankers.html HTTP/1.1" 200 4453 "-" "Mozilla/5.0 (compatible; Baiduspider/2.0; +http://www.baidu.com/search/spider.html)" "www.ysfine.com"
220.181.108.176 - - [17/Sep/2022:02:25:46 -0700] "GET /maga/weyl.html HTTP/1.1" 304 - "-" "Mozilla/5.0 (compatible; Baiduspider/2.0; +http://www.baidu.com/search/spider.html)" "www.ysfine.com"
116.179.37.139 - - [17/Sep/2022:02:25:50 -0700] "GET /maga/phys/inclined11b.jpg HTTP/1.1" 200 35417 "https://www.ysfine.com/dirac/bankers.html" "Mozilla/5.0 (compatible; Baiduspider-render/2.0; +http://www.baidu.com/search/spider.html)" "www.ysfine.com"
116.179.37.180 - - [17/Sep/2022:02:25:50 -0700] "GET /world/ital/venicej02b.jpg HTTP/1.1" 200 42128 "https://www.ysfine.com/dirac/bankers.html" "Mozilla/5.0 (compatible; Baiduspider-render/2.0; +http://www.baidu.com/search/spider.html)" "www.ysfine.com"
116.179.37.88 - - [17/Sep/2022:02:25:50 -0700] "GET /dirac/gaussian33aa.jpg HTTP/1.1" 200 34798 "https://www.ysfine.com/dirac/bankers.html" "Mozilla/5.0 (compatible; Baiduspider-render/2.0; +http://www.baidu.com/search/spider.html)" "www.ysfine.com"
116.179.37.157 - - [17/Sep/2022:02:25:50 -0700] "GET /wdc/fedreserv22b.jpg HTTP/1.1" 200 42221 "https://www.ysfine.com/dirac/bankers.html" "Mozilla/5.0 (compatible; Baiduspider-render/2.0; +http://www.baidu.com/search/spider.html)" "www.ysfine.com"
116.179.37.244 - - [17/Sep/2022:02:25:50 -0700] "GET /dirac/bankers11b.jpg HTTP/1.1" 200 22341 "https://www.ysfine.com/dirac/bankers.html" "Mozilla/5.0 (compatible; Baiduspider-render/2.0; +http://www.baidu.com/search/spider.html)" "www.ysfine.com"
116.179.37.130 - - [17/Sep/2022:02:25:50 -0700] "GET /wdc/eindc02b.jpg HTTP/1.1" 200 51154 "https://www.ysfine.com/dirac/bankers.html" "Mozilla/5.0 (compatible; Baiduspider-render/2.0; +http://www.baidu.com/search/spider.html)" "www.ysfine.com"
116.179.37.153 - - [17/Sep/2022:02:25:50 -0700] "GET /world/ital/museo01b.jpg HTTP/1.1" 200 41524 "https://www.ysfine.com/dirac/bankers.html" "Mozilla/5.0 (compatible; Baiduspider-render/2.0; +http://www.baidu.com/search/spider.html)" "www.ysfine.com"
116.179.37.133 - - [17/Sep/2022:02:25:50 -0700] "GET /einstein/jsbell02b.jpg HTTP/1.1" 200 27021 "https://www.ysfine.com/dirac/bankers.html" "Mozilla/5.0 (compatible; Baiduspider-render/2.0; +http://www.baidu.com/search/spider.html)" "www.ysfine.com"
116.179.37.45 - - [17/Sep/2022:02:25:50 -0700] "GET /world/ital/verona25b.jpg HTTP/1.1" 200 45414 "https://www.ysfine.com/dirac/bankers.html" "Mozilla/5.0 (compatible; Baiduspider-render/2.0; +http://www.baidu.com/search/spider.html)" "www.ysfine.com"
18.208.202.150 - - [17/Sep/2022:02:26:33 -0700] "GET /robots.txt HTTP/1.1" 404 88 "-" "Apache-HttpClient/4.5.3 (Java/1.8.0_292)" "ysfine.com"
18.234.76.148 - - [17/Sep/2022:02:26:42 -0700] "GET / HTTP/1.1" 200 5283 "-" "Mozilla/5.0 (compatible; Newslitbot/0.1; +https://www.newslit.co)" "ysfine.com"
72.14.201.64 - - [17/Sep/2022:02:27:43 -0700] "GET /world/brit/etonharrow.html HTTP/1.1" 200 4546 "-" "Mozilla/5.0 (Linux; Android 10; K) AppleWebKit/537.36 (KHTML, like Gecko) Chrome/105.0.0.0 Mobile Safari/537.36" "ysfine.com"
40.77.167.35 - - [17/Sep/2022:02:28:17 -0700] "GET /kowar/paiksy02.jpg HTTP/1.1" 200 127340 "-" "Mozilla/5.0 (compatible; bingbot/2.0; +http://www.bing.com/bingbot.htm)" "www.ysfine.com"
40.77.167.27 - - [17/Sep/2022:02:29:52 -0700] "GET /princeton/ias55.jpg HTTP/1.1" 200 108029 "-" "Mozilla/5.0 AppleWebKit/537.36 (KHTML, like Gecko; compatible; bingbot/2.0; +http://www.bing.com/bingbot.htm) Chrome/103.0.5060.134 Safari/537.36" "www.ysfine.com"
66.249.75.43 - - [17/Sep/2022:02:30:39 -0700] "GET /world/israel/tlvf01c.jpg HTTP/1.1" 200 33230 "-" "Googlebot-Image/1.0" "ysfine.com"
69.171.231.119 - - [17/Sep/2022:02:30:44 -0700] "GET /people/wheeler.html HTTP/1.1" 206 3348 "-" "facebookexternalhit/1.1 (+http://www.facebook.com/externalhit_uatext.php)" "ysfine.com"
40.77.167.62 - - [17/Sep/2022:02:30:44 -0700] "GET /style/lincolnc33.jpg HTTP/1.1" 200 140198 "-" "Mozilla/5.0 (compatible; bingbot/2.0; +http://www.bing.com/bingbot.htm)" "ysfine.com"
157.55.39.146 - - [17/Sep/2022:02:31:12 -0700] "GET /newyork/macy04.jpg HTTP/1.1" 200 235502 "-" "Mozilla/5.0 AppleWebKit/537.36 (KHTML, like Gecko; compatible; bingbot/2.0; +http://www.bing.com/bingbot.htm) Chrome/103.0.5060.134 Safari/537.36" "www.ysfine.com"
87.250.224.160 - - [17/Sep/2022:02:32:53 -0700] "GET /world/scandi/copen079.jpg HTTP/1.1" 200 117486 "-" "Mozilla/5.0 (compatible; YandexImages/3.0; +http://yandex.com/bots)" "www.ysfine.com"
87.250.224.79 - - [17/Sep/2022:02:32:56 -0700] "GET /world/scandi/copen079.jpg HTTP/1.1" 200 117486 "-" "Mozilla/5.0 (compatible; YandexBot/3.0; +http://yandex.com/bots)" "www.ysfine.com"
40.88.21.235 - - [17/Sep/2022:02:33:40 -0700] "GET / HTTP/1.1" 200 5283 "https://www.ysfine.com/" "Mozilla/5.0 (compatible; DuckDuckGo-Favicons-Bot/1.0; +http://duckduckgo.com)" "www.ysfine.com"
40.88.21.235 - - [17/Sep/2022:02:33:40 -0700] "GET /favicon.ico HTTP/1.1" 404 88 "https://www.ysfine.com/favicon.ico" "Mozilla/5.0 (compatible; DuckDuckGo-Favicons-Bot/1.0; +http://duckduckgo.com)" "www.ysfine.com"
40.88.21.235 - - [17/Sep/2022:02:33:40 -0700] "GET /favicon.ico HTTP/1.1" 404 88 "https://www.ysfine.com/favicon.ico" "Mozilla/5.0 (compatible; DuckDuckGo-Favicons-Bot/1.0; +http://duckduckgo.com)" "www.ysfine.com"
66.249.75.40 - - [17/Sep/2022:02:34:14 -0700] "GET /yspapers/restof11a.jpg HTTP/1.1" 200 52991 "-" "Googlebot-Image/1.0" "ysfine.com"
157.55.39.146 - - [17/Sep/2022:02:34:14 -0700] "GET /wdc/koreaw55.jpg HTTP/1.1" 200 96289 "-" "Mozilla/5.0 (compatible; bingbot/2.0; +http://www.bing.com/bingbot.htm)" "www.ysfine.com"
89.35.145.137 - - [17/Sep/2022:02:35:05 -0700] "GET /feynman/feydirac.jpg HTTP/1.1" 200 98378 "https://www.google.com/" "Mozilla/5.0 (X11; Linux x86_64) AppleWebKit/537.36 (KHTML, like Gecko) Chrome/103.0.5060.114 Safari/537.36" "ysfine.com"
220.64.106.5 - - [17/Sep/2022:02:35:31 -0700] "GET /wdc/index.html HTTP/1.1" 200 141 "-" "Mozilla/5.0 (Macintosh; Intel Mac OS X 10_15_6) AppleWebKit/537.36 (KHTML, like Gecko) Chrome/85.0.4183.83 Safari/537.36" "ysfine.com"
40.77.167.62 - - [17/Sep/2022:02:35:45 -0700] "GET /world/germany/berlin181.jpg HTTP/1.1" 200 129562 "-" "Mozilla/5.0 AppleWebKit/537.36 (KHTML, like Gecko; compatible; bingbot/2.0; +http://www.bing.com/bingbot.htm) Chrome/103.0.5060.134 Safari/537.36" "ysfine.com"
40.77.167.35 - - [17/Sep/2022:02:36:48 -0700] "GET /people/wheemaine.jpg HTTP/1.1" 200 98240 "-" "Mozilla/5.0 (compatible; bingbot/2.0; +http://www.bing.com/bingbot.htm)" "ysfine.com"
157.55.39.146 - - [17/Sep/2022:02:37:23 -0700] "GET /world/france/frstu09.jpg HTTP/1.1" 200 167728 "-" "Mozilla/5.0 AppleWebKit/537.36 (KHTML, like Gecko; compatible; bingbot/2.0; +http://www.bing.com/bingbot.htm) Chrome/103.0.5060.134 Safari/537.36" "www.ysfine.com"
40.77.167.35 - - [17/Sep/2022:02:37:45 -0700] "GET /eink/underw03.jpg HTTP/1.1" 200 92395 "-" "Mozilla/5.0 (compatible; bingbot/2.0; +http://www.bing.com/bingbot.htm)" "ysfine.com"
117.98.19.3 - - [17/Sep/2022:02:38:38 -0700] "GET /feynman/feydirac.jpg HTTP/1.1" 200 98378 "https://www.google.co.in/" "Mozilla/5.0 (iPhone; CPU iPhone OS 14_7_1 like Mac OS X) AppleWebKit/605.1.15 (KHTML, like Gecko) Version/14.1.2 Mobile/15E148 Safari/604.1" "ysfine.com"
54.166.185.142 - - [17/Sep/2022:02:38:39 -0700] "GET /sitemap.xml HTTP/1.1" 304 - "https://www.google.com/" "Mozilla/5.0 (Windows NT 10.0; WOW64; Trident/7.0; rv:11.0) like Gecko" "www.ysfine.com"
40.77.167.27 - - [17/Sep/2022:02:38:45 -0700] "GET /style/songs.html HTTP/1.1" 200 31570 "-" "Mozilla/5.0 (compatible; bingbot/2.0; +http://www.bing.com/bingbot.htm)" "ysfine.com"
40.77.167.62 - - [17/Sep/2022:02:38:49 -0700] "GET /world/kazan.html HTTP/1.1" 200 13929 "-" "Mozilla/5.0 (compatible; bingbot/2.0; +http://www.bing.com/bingbot.htm)" "ysfine.com"
40.77.167.35 - - [17/Sep/2022:02:38:58 -0700] "GET /world/germany/stutt23.jpg HTTP/1.1" 200 309587 "-" "Mozilla/5.0 (compatible; bingbot/2.0; +http://www.bing.com/bingbot.htm)" "www.ysfine.com"
159.2.203.38 - - [17/Sep/2022:02:40:02 -0700] "GET /kowar/tanks/tank03.jpg HTTP/1.1" 200 106726 "https://www.google.com/" "Mozilla/5.0 (Windows NT 10.0; Win64; x64) AppleWebKit/537.36 (KHTML, like Gecko) Chrome/104.0.5112.102 Safari/537.36 OPR/90.0.4480.100" "ysfine.com"
65.21.233.213 - - [17/Sep/2022:02:40:52 -0700] "GET /robots.txt HTTP/1.1" 404 73 "-" "Mozilla/5.0 (compatible; MJ12bot/v1.4.8; http://mj12bot.com/)" "ysfine.com"
65.21.233.213 - - [17/Sep/2022:02:40:53 -0700] "GET /friends/kostu03.jpg HTTP/1.1" 404 88 "-" "Mozilla/5.0 (compatible; MJ12bot/v1.4.8; http://mj12bot.com/)" "ysfine.com"
65.21.233.213 - - [17/Sep/2022:02:40:55 -0700] "GET /kobak/harbin33.jpg HTTP/1.1" 200 146366 "-" "Mozilla/5.0 (compatible; MJ12bot/v1.4.8; http://mj12bot.com/)" "ysfine.com"
65.21.233.213 - - [17/Sep/2022:02:40:57 -0700] "GET /style/picasso11.jpg HTTP/1.1" 200 99620 "-" "Mozilla/5.0 (compatible; MJ12bot/v1.4.8; http://mj12bot.com/)" "ysfine.com"
65.21.233.213 - - [17/Sep/2022:02:40:58 -0700] "GET /world/france/aix01.jpg HTTP/1.1" 200 214290 "-" "Mozilla/5.0 (compatible; MJ12bot/v1.4.8; http://mj12bot.com/)" "ysfine.com"
65.21.233.213 - - [17/Sep/2022:02:41:00 -0700] "GET /world/france/aix02.jpg HTTP/1.1" 200 183560 "-" "Mozilla/5.0 (compatible; MJ12bot/v1.4.8; http://mj12bot.com/)" "ysfine.com"
65.21.233.213 - - [17/Sep/2022:02:41:02 -0700] "GET /world/france/aix03.jpg HTTP/1.1" 200 162361 "-" "Mozilla/5.0 (compatible; MJ12bot/v1.4.8; http://mj12bot.com/)" "ysfine.com"
65.21.233.213 - - [17/Sep/2022:02:41:04 -0700] "GET /world/france/aix05.jpg HTTP/1.1" 200 192218 "-" "Mozilla/5.0 (compatible; MJ12bot/v1.4.8; http://mj12bot.com/)" "ysfine.com"
65.21.233.213 - - [17/Sep/2022:02:41:06 -0700] "GET /world/france/aix06.jpg HTTP/1.1" 200 229891 "-" "Mozilla/5.0 (compatible; MJ12bot/v1.4.8; http://mj12bot.com/)" "ysfine.com"
65.21.233.213 - - [17/Sep/2022:02:41:08 -0700] "GET /world/france/arles01.jpg HTTP/1.1" 200 91930 "-" "Mozilla/5.0 (compatible; MJ12bot/v1.4.8; http://mj12bot.com/)" "ysfine.com"
65.21.233.213 - - [17/Sep/2022:02:41:10 -0700] "GET /world/france/arles02.jpg HTTP/1.1" 200 116923 "-" "Mozilla/5.0 (compatible; MJ12bot/v1.4.8; http://mj12bot.com/)" "ysfine.com"
65.21.233.213 - - [17/Sep/2022:02:41:12 -0700] "GET /world/france/arles03.jpg HTTP/1.1" 200 96241 "-" "Mozilla/5.0 (compatible; MJ12bot/v1.4.8; http://mj12bot.com/)" "ysfine.com"
65.21.233.213 - - [17/Sep/2022:02:41:14 -0700] "GET /world/france/arles06.jpg HTTP/1.1" 200 85536 "-" "Mozilla/5.0 (compatible; MJ12bot/v1.4.8; http://mj12bot.com/)" "ysfine.com"
65.21.233.213 - - [17/Sep/2022:02:41:16 -0700] "GET /world/france/arles07.jpg HTTP/1.1" 200 91217 "-" "Mozilla/5.0 (compatible; MJ12bot/v1.4.8; http://mj12bot.com/)" "ysfine.com"
65.21.233.213 - - [17/Sep/2022:02:41:18 -0700] "GET /world/france/arles08.jpg HTTP/1.1" 200 95208 "-" "Mozilla/5.0 (compatible; MJ12bot/v1.4.8; http://mj12bot.com/)" "ysfine.com"
65.21.233.213 - - [17/Sep/2022:02:41:20 -0700] "GET /world/france/matisse09.jpg HTTP/1.1" 200 96569 "-" "Mozilla/5.0 (compatible; MJ12bot/v1.4.8; http://mj12bot.com/)" "ysfine.com"
65.21.233.213 - - [17/Sep/2022:02:41:22 -0700] "GET /world/france/matisse51.jpg HTTP/1.1" 200 78841 "-" "Mozilla/5.0 (compatible; MJ12bot/v1.4.8; http://mj12bot.com/)" "ysfine.com"
65.21.233.213 - - [17/Sep/2022:02:41:24 -0700] "GET /world/france/matisse52.jpg HTTP/1.1" 200 127081 "-" "Mozilla/5.0 (compatible; MJ12bot/v1.4.8; http://mj12bot.com/)" "ysfine.com"
35.210.252.229 - - [17/Sep/2022:02:41:26 -0700] "GET /jobs/brazilj.html HTTP/1.1" 200 1600 "http://ysfine.com/jobs/brazilj.html" "Mozilla/5.0 (compatible; VelenPublicWebCrawler/1.0; +https://velen.io)" "ysfine.com"
65.21.233.213 - - [17/Sep/2022:02:41:26 -0700] "GET /world/france/matisse53.jpg HTTP/1.1" 200 148107 "-" "Mozilla/5.0 (compatible; MJ12bot/v1.4.8; http://mj12bot.com/)" "ysfine.com"
65.21.233.213 - - [17/Sep/2022:02:41:28 -0700] "GET /world/france/matisse54.jpg HTTP/1.1" 200 141295 "-" "Mozilla/5.0 (compatible; MJ12bot/v1.4.8; http://mj12bot.com/)" "ysfine.com"
65.21.233.213 - - [17/Sep/2022:02:41:30 -0700] "GET /world/france/matisse55.jpg HTTP/1.1" 200 130774 "-" "Mozilla/5.0 (compatible; MJ12bot/v1.4.8; http://mj12bot.com/)" "ysfine.com"
65.21.233.213 - - [17/Sep/2022:02:41:32 -0700] "GET /world/france/matisse57.jpg HTTP/1.1" 200 108526 "-" "Mozilla/5.0 (compatible; MJ12bot/v1.4.8; http://mj12bot.com/)" "ysfine.com"
65.21.233.213 - - [17/Sep/2022:02:41:34 -0700] "GET /world/france/matisse58.jpg HTTP/1.1" 200 140850 "-" "Mozilla/5.0 (compatible; MJ12bot/v1.4.8; http://mj12bot.com/)" "ysfine.com"
65.21.233.213 - - [17/Sep/2022:02:41:36 -0700] "GET /world/france/pontdg02.jpg HTTP/1.1" 200 111985 "-" "Mozilla/5.0 (compatible; MJ12bot/v1.4.8; http://mj12bot.com/)" "ysfine.com"
65.21.233.213 - - [17/Sep/2022:02:41:38 -0700] "GET /world/france/pontdg06.jpg HTTP/1.1" 200 144037 "-" "Mozilla/5.0 (compatible; MJ12bot/v1.4.8; http://mj12bot.com/)" "ysfine.com"
65.21.233.213 - - [17/Sep/2022:02:41:40 -0700] "GET /world/france/pontdg12.jpg HTTP/1.1" 200 53486 "-" "Mozilla/5.0 (compatible; MJ12bot/v1.4.8; http://mj12bot.com/)" "ysfine.com"
40.77.167.62 - - [17/Sep/2022:02:42:15 -0700] "GET /wigner/neum/ymath.jpg HTTP/1.1" 200 64930 "-" "Mozilla/5.0 (compatible; bingbot/2.0; +http://www.bing.com/bingbot.htm)" "ysfine.com"
157.55.39.146 - - [17/Sep/2022:02:42:34 -0700] "GET /maga/galtime.html HTTP/1.1" 200 1944 "-" "Mozilla/5.0 (compatible; bingbot/2.0; +http://www.bing.com/bingbot.htm)" "ysfine.com"
40.77.167.35 - - [17/Sep/2022:02:42:50 -0700] "GET /world/brit/oxlon55.jpg HTTP/1.1" 200 121404 "-" "Mozilla/5.0 (compatible; bingbot/2.0; +http://www.bing.com/bingbot.htm)" "www.ysfine.com"
87.250.224.11 - - [17/Sep/2022:02:43:36 -0700] "GET /world/russ/gatf10b.jpg HTTP/1.1" 200 37813 "-" "Mozilla/5.0 (compatible; YandexImages/3.0; +http://yandex.com/bots)" "www.ysfine.com"
66.249.75.44 - - [17/Sep/2022:02:44:02 -0700] "GET /world/russ/masha11.jpg HTTP/1.1" 200 178810 "-" "Googlebot-Image/1.0" "ysfine.com"
40.77.167.35 - - [17/Sep/2022:02:44:09 -0700] "GET /home/figs/dirwig55f.jpg HTTP/1.1" 404 88 "-" "Mozilla/5.0 AppleWebKit/537.36 (KHTML, like Gecko; compatible; bingbot/2.0; +http://www.bing.com/bingbot.htm) Chrome/103.0.5060.134 Safari/537.36" "ysfine.com"
157.55.39.146 - - [17/Sep/2022:02:44:44 -0700] "GET /home/figs/sq55c.jpg HTTP/1.1" 200 29581 "-" "Mozilla/5.0 AppleWebKit/537.36 (KHTML, like Gecko; compatible; bingbot/2.0; +http://www.bing.com/bingbot.htm) Chrome/103.0.5060.134 Safari/537.36" "ysfine.com"
40.77.167.27 - - [17/Sep/2022:02:44:54 -0700] "GET / HTTP/1.1" 200 5283 "-" "Mozilla/5.0 (compatible; bingbot/2.0; +http://www.bing.com/bingbot.htm)" "www.ysfine.com"
84.90.93.120 - - [17/Sep/2022:02:46:08 -0700] "GET /kowar/tanks/m70.jpg HTTP/1.1" 200 77437 "https://www.forumdefesa.com/" "Mozilla/5.0 (Windows NT 10.0; Win64; x64) AppleWebKit/537.36 (KHTML, like Gecko) Chrome/105.0.0.0 Safari/537.36" "ysfine.com"
40.77.167.27 - - [17/Sep/2022:02:47:34 -0700] "GET /world/germany/oktf14.jpg HTTP/1.1" 200 100660 "-" "Mozilla/5.0 (compatible; bingbot/2.0; +http://www.bing.com/bingbot.htm)" "www.ysfine.com"
87.250.224.10 - - [17/Sep/2022:02:48:35 -0700] "GET /princeton/class2k.jpg HTTP/1.1" 200 127597 "-" "Mozilla/5.0 (compatible; YandexImages/3.0; +http://yandex.com/bots)" "www.ysfine.com"
40.77.167.33 - - [17/Sep/2022:02:49:11 -0700] "GET /world/china/shenyang20.jpg HTTP/1.1" 200 101418 "-" "Mozilla/5.0 AppleWebKit/537.36 (KHTML, like Gecko; compatible; bingbot/2.0; +http://www.bing.com/bingbot.htm) Chrome/103.0.5060.134 Safari/537.36" "ysfine.com"
40.77.167.35 - - [17/Sep/2022:02:49:40 -0700] "GET /world/russ/dubna.html HTTP/1.1" 200 1205 "-" "Mozilla/5.0 (compatible; bingbot/2.0; +http://www.bing.com/bingbot.htm)" "ysfine.com"
40.77.167.35 - - [17/Sep/2022:02:49:40 -0700] "GET /world/russ/dubnaf.html HTTP/1.1" 200 1239 "-" "Mozilla/5.0 (compatible; bingbot/2.0; +http://www.bing.com/bingbot.htm)" "ysfine.com"
40.77.167.27 - - [17/Sep/2022:02:49:36 -0700] "GET /world/russ/?C=M;O=A HTTP/1.1" 200 17106 "-" "Mozilla/5.0 AppleWebKit/537.36 (KHTML, like Gecko; compatible; bingbot/2.0; +http://www.bing.com/bingbot.htm) Chrome/103.0.5060.134 Safari/537.36" "ysfine.com"
40.77.167.27 - - [17/Sep/2022:02:49:40 -0700] "GET /home/easy.html HTTP/1.1" 200 7877 "-" "Mozilla/5.0 (compatible; bingbot/2.0; +http://www.bing.com/bingbot.htm)" "ysfine.com"
40.77.167.35 - - [17/Sep/2022:02:49:47 -0700] "GET /usca/pitt/yspass.jpg HTTP/1.1" 200 61834 "-" "Mozilla/5.0 (compatible; bingbot/2.0; +http://www.bing.com/bingbot.htm)" "www.ysfine.com"
40.77.167.62 - - [17/Sep/2022:02:49:47 -0700] "GET /world/wdleft.html HTTP/1.1" 200 610 "-" "Mozilla/5.0 (compatible; bingbot/2.0; +http://www.bing.com/bingbot.htm)" "ysfine.com"
40.77.167.27 - - [17/Sep/2022:02:50:35 -0700] "GET /world/france/metz53.jpg HTTP/1.1" 200 115985 "-" "Mozilla/5.0 (compatible; bingbot/2.0; +http://www.bing.com/bingbot.htm)" "ysfine.com"
40.77.167.35 - - [17/Sep/2022:02:51:06 -0700] "GET /world/ital/verona03b.jpg HTTP/1.1" 200 41821 "-" "Mozilla/5.0 (compatible; bingbot/2.0; +http://www.bing.com/bingbot.htm)" "ysfine.com"
40.77.167.35 - - [17/Sep/2022:02:53:11 -0700] "GET /einstein/dff55.jpg HTTP/1.1" 200 8856 "-" "Mozilla/5.0 AppleWebKit/537.36 (KHTML, like Gecko; compatible; bingbot/2.0; +http://www.bing.com/bingbot.htm) Chrome/103.0.5060.134 Safari/537.36" "www.ysfine.com"
40.77.167.62 - - [17/Sep/2022:02:53:56 -0700] "GET /world/france/picassomp08.jpg HTTP/1.1" 200 71040 "-" "Mozilla/5.0 (compatible; bingbot/2.0; +http://www.bing.com/bingbot.htm)" "ysfine.com"
40.77.167.33 - - [17/Sep/2022:02:55:42 -0700] "GET /usca/pitt/palom01.jpg HTTP/1.1" 200 97826 "-" "Mozilla/5.0 (compatible; bingbot/2.0; +http://www.bing.com/bingbot.htm)" "www.ysfine.com"
77.75.79.31 - - [17/Sep/2022:02:55:43 -0700] "GET /people/sbt.html HTTP/1.1" 200 529 "-" "Mozilla/5.0 (compatible; SeznamBot/4.0-RC1; +http://napoveda.seznam.cz/seznambot-intro/)" "ysfine.com"
40.77.167.27 - - [17/Sep/2022:02:58:06 -0700] "GET /style/franko11b.jpg HTTP/1.1" 200 34441 "-" "Mozilla/5.0 (compatible; bingbot/2.0; +http://www.bing.com/bingbot.htm)" "www.ysfine.com"
80.192.136.6 - - [17/Sep/2022:02:58:13 -0700] "GET /world/france/stras10.jpg HTTP/1.1" 200 105338 "https://www.google.com/" "Mozilla/5.0 (Windows NT 10.0; Win64; x64; rv:104.0) Gecko/20100101 Firefox/104.0" "ysfine.com"
40.77.167.27 - - [17/Sep/2022:02:58:16 -0700] "GET /world/baltic/kalin34.jpg HTTP/1.1" 200 83361 "-" "Mozilla/5.0 (compatible; bingbot/2.0; +http://www.bing.com/bingbot.htm)" "www.ysfine.com"
103.150.211.18 - - [17/Sep/2022:02:59:02 -0700] "GET /style/shops.html HTTP/1.1" 200 2829 "-" "Mozilla/5.0 (Windows NT 10.0; WOW64) AppleWebKit/537.36 (KHTML, like Gecko) Chrome/51.0.2704.103 Safari/537.36" "ysfine.com"
77.191.162.112 - - [17/Sep/2022:02:59:03 -0700] "GET /home/facu63c.jpg HTTP/1.1" 200 41710 "http://www2.physics.umd.edu/" "Mozilla/5.0 (Windows NT 10.0; Win64; x64; rv:104.0) Gecko/20100101 Firefox/104.0" "ysfine.com"
77.191.162.112 - - [17/Sep/2022:02:59:03 -0700] "GET /wdc/eindc03c.jpg HTTP/1.1" 200 48446 "http://www2.physics.umd.edu/" "Mozilla/5.0 (Windows NT 10.0; Win64; x64; rv:104.0) Gecko/20100101 Firefox/104.0" "ysfine.com"
77.191.162.112 - - [17/Sep/2022:02:59:03 -0700] "GET /wdc/washmo23c.jpg HTTP/1.1" 200 21217 "http://www2.physics.umd.edu/" "Mozilla/5.0 (Windows NT 10.0; Win64; x64; rv:104.0) Gecko/20100101 Firefox/104.0" "ysfine.com"
77.191.162.112 - - [17/Sep/2022:02:59:03 -0700] "GET /eink/einhaus11c.jpg HTTP/1.1" 200 42522 "http://www2.physics.umd.edu/" "Mozilla/5.0 (Windows NT 10.0; Win64; x64; rv:104.0) Gecko/20100101 Firefox/104.0" "ysfine.com"
77.191.162.112 - - [17/Sep/2022:02:59:03 -0700] "GET /eink/ewk86a.jpg HTTP/1.1" 200 70895 "http://www2.physics.umd.edu/" "Mozilla/5.0 (Windows NT 10.0; Win64; x64; rv:104.0) Gecko/20100101 Firefox/104.0" "ysfine.com"
77.191.162.112 - - [17/Sep/2022:02:59:03 -0700] "GET /kobak/taylor33c.jpg HTTP/1.1" 200 39951 "http://www2.physics.umd.edu/" "Mozilla/5.0 (Windows NT 10.0; Win64; x64; rv:104.0) Gecko/20100101 Firefox/104.0" "ysfine.com"
77.191.162.112 - - [17/Sep/2022:02:59:03 -0700] "GET /eink/einhaus33c.jpg HTTP/1.1" 200 23792 "http://www2.physics.umd.edu/" "Mozilla/5.0 (Windows NT 10.0; Win64; x64; rv:104.0) Gecko/20100101 Firefox/104.0" "ysfine.com"
77.191.162.112 - - [17/Sep/2022:02:59:03 -0700] "GET /eink/eink54a.jpg HTTP/1.1" 200 79717 "http://www2.physics.umd.edu/" "Mozilla/5.0 (Windows NT 10.0; Win64; x64; rv:104.0) Gecko/20100101 Firefox/104.0" "ysfine.com"
77.191.162.112 - - [17/Sep/2022:02:59:03 -0700] "GET /sbk/1987pr22c.jpg HTTP/1.1" 200 40964 "http://www2.physics.umd.edu/" "Mozilla/5.0 (Windows NT 10.0; Win64; x64; rv:104.0) Gecko/20100101 Firefox/104.0" "ysfine.com"
77.191.162.112 - - [17/Sep/2022:02:59:03 -0700] "GET /home/goodbad55c.jpg HTTP/1.1" 200 24415 "http://www2.physics.umd.edu/" "Mozilla/5.0 (Windows NT 10.0; Win64; x64; rv:104.0) Gecko/20100101 Firefox/104.0" "ysfine.com"
77.191.162.112 - - [17/Sep/2022:02:59:03 -0700] "GET /home/eward55f.jpg HTTP/1.1" 200 122802 "http://www2.physics.umd.edu/" "Mozilla/5.0 (Windows NT 10.0; Win64; x64; rv:104.0) Gecko/20100101 Firefox/104.0" "ysfine.com"
77.191.162.112 - - [17/Sep/2022:02:59:03 -0700] "GET /home/truck/truck20c.jpg HTTP/1.1" 200 29999 "http://www2.physics.umd.edu/" "Mozilla/5.0 (Windows NT 10.0; Win64; x64; rv:104.0) Gecko/20100101 Firefox/104.0" "ysfine.com"
77.191.162.112 - - [17/Sep/2022:02:59:03 -0700] "GET /home/top21c.jpg HTTP/1.1" 200 53120 "http://www2.physics.umd.edu/" "Mozilla/5.0 (Windows NT 10.0; Win64; x64; rv:104.0) Gecko/20100101 Firefox/104.0" "ysfine.com"
77.191.162.112 - - [17/Sep/2022:02:59:03 -0700] "GET /home/eink77c.jpg HTTP/1.1" 200 47471 "http://www2.physics.umd.edu/" "Mozilla/5.0 (Windows NT 10.0; Win64; x64; rv:104.0) Gecko/20100101 Firefox/104.0" "ysfine.com"
103.150.211.18 - - [17/Sep/2022:02:59:06 -0700] "GET /style/shops.html HTTP/1.1" 200 2829 "-" "Mozilla/5.0 (Windows NT 10.0; WOW64) AppleWebKit/537.36 (KHTML, like Gecko) Chrome/51.0.2704.103 Safari/537.36" "ysfine.com"
20.41.106.234 - - [17/Sep/2022:02:59:25 -0700] "GET /wp-admin/css/ HTTP/1.1" 404 88 "binance.com" "Mozilla/5.0 (Windows NT 10.0; Win64; x64) AppleWebKit/537.36 (KHTML, like Gecko) Chrome/90.0.4430.85 Safari/537.36" "ysfine.com"
20.41.106.234 - - [17/Sep/2022:02:59:33 -0700] "GET /sites/default/files/ HTTP/1.1" 404 88 "binance.com" "Mozilla/5.0 (Windows NT 10.0; Win64; x64) AppleWebKit/537.36 (KHTML, like Gecko) Chrome/90.0.4430.85 Safari/537.36" "ysfine.com"
20.41.106.234 - - [17/Sep/2022:02:59:35 -0700] "GET /admin/controller/extension/extension/ HTTP/1.1" 404 88 "binance.com" "Mozilla/5.0 (Windows NT 10.0; Win64; x64) AppleWebKit/537.36 (KHTML, like Gecko) Chrome/90.0.4430.85 Safari/537.36" "ysfine.com"
20.41.106.234 - - [17/Sep/2022:02:59:38 -0700] "GET /uploads/ HTTP/1.1" 404 88 "binance.com" "Mozilla/5.0 (Windows NT 10.0; Win64; x64) AppleWebKit/537.36 (KHTML, like Gecko) Chrome/90.0.4430.85 Safari/537.36" "ysfine.com"
77.191.162.112 - - [17/Sep/2022:02:59:40 -0700] "GET /home/index.html HTTP/1.1" 200 142 "http://www2.physics.umd.edu/" "Mozilla/5.0 (Windows NT 10.0; Win64; x64; rv:104.0) Gecko/20100101 Firefox/104.0" "ysfine.com"
77.191.162.112 - - [17/Sep/2022:02:59:40 -0700] "GET /home/hmtop.html HTTP/1.1" 200 447 "https://ysfine.com/home/index.html" "Mozilla/5.0 (Windows NT 10.0; Win64; x64; rv:104.0) Gecko/20100101 Firefox/104.0" "ysfine.com"
77.191.162.112 - - [17/Sep/2022:02:59:40 -0700] "GET /favicon.ico HTTP/1.1" 404 88 "https://ysfine.com/home/index.html" "Mozilla/5.0 (Windows NT 10.0; Win64; x64; rv:104.0) Gecko/20100101 Firefox/104.0" "ysfine.com"
77.191.162.112 - - [17/Sep/2022:02:59:40 -0700] "GET /home/hmbot.html HTTP/1.1" 200 132 "https://ysfine.com/home/index.html" "Mozilla/5.0 (Windows NT 10.0; Win64; x64; rv:104.0) Gecko/20100101 Firefox/104.0" "ysfine.com"
77.191.162.112 - - [17/Sep/2022:02:59:40 -0700] "GET /home/hmrigh.html HTTP/1.1" 200 4212 "https://ysfine.com/home/hmbot.html" "Mozilla/5.0 (Windows NT 10.0; Win64; x64; rv:104.0) Gecko/20100101 Firefox/104.0" "ysfine.com"
77.191.162.112 - - [17/Sep/2022:02:59:40 -0700] "GET /home/hmleft.html HTTP/1.1" 200 853 "https://ysfine.com/home/hmbot.html" "Mozilla/5.0 (Windows NT 10.0; Win64; x64; rv:104.0) Gecko/20100101 Firefox/104.0" "ysfine.com"
