40.77.167.33 - - [17/Sep/2022:04:21:59 -0700] "GET /dirac/circle.jpg HTTP/1.1" 200 41766 "-" "Mozilla/5.0 (compatible; bingbot/2.0; +http://www.bing.com/bingbot.htm)" "www.ysfine.com"
40.77.167.35 - - [17/Sep/2022:04:23:30 -0700] "GET /kobak/underw31.jpg HTTP/1.1" 200 125758 "-" "Mozilla/5.0 (compatible; bingbot/2.0; +http://www.bing.com/bingbot.htm)" "ysfine.com"
40.77.167.33 - - [17/Sep/2022:04:24:20 -0700] "GET /world/germany/johannstra88.jpg HTTP/1.1" 200 65992 "-" "Mozilla/5.0 (compatible; bingbot/2.0; +http://www.bing.com/bingbot.htm)" "ysfine.com"
87.250.224.128 - - [17/Sep/2022:04:25:20 -0700] "GET /wdc/lafpark03b.jpg HTTP/1.1" 200 48025 "-" "Mozilla/5.0 (compatible; YandexImages/3.0; +http://yandex.com/bots)" "www.ysfine.com"
40.77.167.35 - - [17/Sep/2022:04:25:30 -0700] "GET /newyork/battery11.jpg HTTP/1.1" 200 170785 "-" "Mozilla/5.0 (compatible; bingbot/2.0; +http://www.bing.com/bingbot.htm)" "www.ysfine.com"
40.77.167.99 - - [17/Sep/2022:04:27:29 -0700] "GET /robots.txt HTTP/1.1" 404 88 "-" "Mozilla/5.0 (compatible; bingbot/2.0; +http://www.bing.com/bingbot.htm)" "ysfine.com"
40.77.167.35 - - [17/Sep/2022:04:27:57 -0700] "GET /maga/osc270.jpg HTTP/1.1" 200 52422 "-" "Mozilla/5.0 (compatible; bingbot/2.0; +http://www.bing.com/bingbot.htm)" "www.ysfine.com"
40.77.167.35 - - [17/Sep/2022:04:30:17 -0700] "GET /home/resonance11.jpg HTTP/1.1" 200 55090 "-" "Mozilla/5.0 (compatible; bingbot/2.0; +http://www.bing.com/bingbot.htm)" "ysfine.com"
5.255.231.109 - - [17/Sep/2022:04:30:18 -0700] "GET /maga/histo/desiree21.jpg HTTP/1.1" 200 91829 "-" "Mozilla/5.0 (compatible; YandexImages/3.0; +http://yandex.com/bots)" "ysfine.com"
77.75.72.26 - - [17/Sep/2022:04:30:52 -0700] "GET /maga/keigel.html HTTP/1.1" 200 6995 "-" "Mozilla/5.0 (compatible; SeznamBot/4.0-RC1; +http://napoveda.seznam.cz/seznambot-intro/)" "ysfine.com"
213.22.36.86 - - [17/Sep/2022:04:31:49 -0700] "GET /kowar/tanks/m70.jpg HTTP/1.1" 200 77437 "https://www.forumdefesa.com/" "Mozilla/5.0 (Windows NT 10.0; Win64; x64) AppleWebKit/537.36 (KHTML, like Gecko) Chrome/105.0.0.0 Safari/537.36" "ysfine.com"
40.77.167.35 - - [17/Sep/2022:04:32:20 -0700] "GET /maga/phys/wentzel11.jpg HTTP/1.1" 200 64757 "-" "Mozilla/5.0 (compatible; bingbot/2.0; +http://www.bing.com/bingbot.htm)" "ysfine.com"
40.77.167.35 - - [17/Sep/2022:04:32:27 -0700] "GET /world/russ/kazan101b.jpg HTTP/1.1" 200 26380 "-" "Mozilla/5.0 (compatible; bingbot/2.0; +http://www.bing.com/bingbot.htm)" "www.ysfine.com"
87.250.224.10 - - [17/Sep/2022:04:33:56 -0700] "GET /world/france/notre22.jpg HTTP/1.1" 200 103331 "-" "Mozilla/5.0 (compatible; YandexImages/3.0; +http://yandex.com/bots)" "www.ysfine.com"
157.55.39.146 - - [17/Sep/2022:04:34:05 -0700] "GET /style/bachkova11.jpg HTTP/1.1" 200 66613 "-" "Mozilla/5.0 AppleWebKit/537.36 (KHTML, like Gecko; compatible; bingbot/2.0; +http://www.bing.com/bingbot.htm) Chrome/103.0.5060.134 Safari/537.36" "www.ysfine.com"
40.77.167.62 - - [17/Sep/2022:04:36:16 -0700] "GET /world/ital/panth11.jpg HTTP/1.1" 200 118055 "-" "Mozilla/5.0 (compatible; bingbot/2.0; +http://www.bing.com/bingbot.htm)" "www.ysfine.com"
40.77.167.27 - - [17/Sep/2022:04:36:55 -0700] "GET /world/germany/trier14.jpg HTTP/1.1" 200 315898 "-" "Mozilla/5.0 (compatible; bingbot/2.0; +http://www.bing.com/bingbot.htm)" "www.ysfine.com"
167.235.34.112 - - [17/Sep/2022:04:37:05 -0700] "GET /kobak/sl628.jpg HTTP/1.1" 200 225100 "https://www.bing.com/" "Mozilla/5.0 (X11; Linux x86_64) AppleWebKit/537.36 (KHTML, like Gecko) HeadlessChrome/104.0.5112.101 Safari/537.36" "ysfine.com"
40.77.167.27 - - [17/Sep/2022:04:38:15 -0700] "GET /world/china/qingdao08.jpg HTTP/1.1" 200 118012 "-" "Mozilla/5.0 (compatible; bingbot/2.0; +http://www.bing.com/bingbot.htm)" "ysfine.com"
40.77.167.33 - - [17/Sep/2022:04:38:52 -0700] "GET /kowar/tanks/sherman58.jpg HTTP/1.1" 200 98388 "-" "Mozilla/5.0 (compatible; bingbot/2.0; +http://www.bing.com/bingbot.htm)" "ysfine.com"
17.121.114.224 - - [17/Sep/2022:04:38:58 -0700] "GET /confer/conbot.html HTTP/1.1" 200 124 "-" "Mozilla/5.0 (Macintosh; Intel Mac OS X 10_15_5) AppleWebKit/605.1.15 (KHTML, like Gecko) Version/13.1.1 Safari/605.1.15 (Applebot/0.1; +http://www.apple.com/go/applebot)" "ysfine.com"
69.194.143.140 - - [17/Sep/2022:04:40:12 -0700] "GET /ads.txt HTTP/1.1" 404 88 "-" "Mozilla/5.0 (Macintosh; Intel Mac OS X 10_15_1) AppleWebKit/537.36 (KHTML, like Gecko) Chrome/84.0.4103.61 Safari/537.37" "ysfine.com"
69.194.143.140 - - [17/Sep/2022:04:40:12 -0700] "GET /ads.txt HTTP/1.1" 404 88 "-" "Mozilla/5.0 (Macintosh; Intel Mac OS X 10_15_1) AppleWebKit/537.36 (KHTML, like Gecko) Chrome/84.0.4103.61 Safari/537.37" "ysfine.com"
40.77.167.35 - - [17/Sep/2022:04:41:20 -0700] "GET /world/russ/spbm03.jpg HTTP/1.1" 200 109009 "-" "Mozilla/5.0 AppleWebKit/537.36 (KHTML, like Gecko; compatible; bingbot/2.0; +http://www.bing.com/bingbot.htm) Chrome/103.0.5060.134 Safari/537.36" "www.ysfine.com"
40.77.167.33 - - [17/Sep/2022:04:41:22 -0700] "GET /sbk/2005sorren11.jpg HTTP/1.1" 200 84203 "-" "Mozilla/5.0 (compatible; bingbot/2.0; +http://www.bing.com/bingbot.htm)" "ysfine.com"
220.64.105.254 - - [17/Sep/2022:04:41:44 -0700] "GET /class54/oldr.html HTTP/1.1" 200 4800 "-" "Mozilla/5.0 (Macintosh; Intel Mac OS X 10_15_6) AppleWebKit/537.36 (KHTML, like Gecko) Chrome/85.0.4183.83 Safari/537.36" "ysfine.com"
40.77.167.35 - - [17/Sep/2022:04:43:21 -0700] "GET /world/france/montmar07.jpg HTTP/1.1" 200 105580 "-" "Mozilla/5.0 AppleWebKit/537.36 (KHTML, like Gecko; compatible; bingbot/2.0; +http://www.bing.com/bingbot.htm) Chrome/103.0.5060.134 Safari/537.36" "www.ysfine.com"
5.45.207.153 - - [17/Sep/2022:04:43:49 -0700] "GET /world/russ/spbnv07.jpg HTTP/1.1" 200 110843 "-" "Mozilla/5.0 (compatible; YandexImages/3.0; +http://yandex.com/bots)" "www.ysfine.com"
40.77.167.35 - - [17/Sep/2022:04:44:01 -0700] "GET /world/china/dandongbr03.jpg HTTP/1.1" 200 103186 "-" "Mozilla/5.0 (compatible; bingbot/2.0; +http://www.bing.com/bingbot.htm)" "ysfine.com"
5.45.207.153 - - [17/Sep/2022:04:44:08 -0700] "GET /style/nga.html HTTP/1.1" 200 1010 "-" "Mozilla/5.0 (compatible; YandexBot/3.0; +http://yandex.com/bots)" "www.ysfine.com"
40.77.167.27 - - [17/Sep/2022:04:44:35 -0700] "GET /world/russ/kiev027b.jpg HTTP/1.1" 200 50728 "-" "Mozilla/5.0 (compatible; bingbot/2.0; +http://www.bing.com/bingbot.htm)" "ysfine.com"
40.77.167.35 - - [17/Sep/2022:04:44:58 -0700] "GET /maga/phil/marxlon07.jpg HTTP/1.1" 200 130821 "-" "Mozilla/5.0 (compatible; bingbot/2.0; +http://www.bing.com/bingbot.htm)" "www.ysfine.com"
46.32.168.2 - - [17/Sep/2022:04:45:06 -0700] "GET /wigner/wigheis33.jpg HTTP/1.1" 200 120687 "https://www.google.com/" "Mozilla/5.0 (Windows NT 6.1; Win64; x64) AppleWebKit/537.36 (KHTML, like Gecko) Chrome/104.0.5112.102 Safari/537.36 OPR/90.0.4480.84" "ysfine.com"
40.77.167.62 - - [17/Sep/2022:04:46:18 -0700] "GET /kobak/harbin11.jpg HTTP/1.1" 200 65618 "-" "Mozilla/5.0 (compatible; bingbot/2.0; +http://www.bing.com/bingbot.htm)" "www.ysfine.com"
157.55.39.146 - - [17/Sep/2022:04:46:26 -0700] "GET /world/russ/kazan096.jpg HTTP/1.1" 200 132910 "-" "Mozilla/5.0 (compatible; bingbot/2.0; +http://www.bing.com/bingbot.htm)" "www.ysfine.com"
40.77.167.35 - - [17/Sep/2022:04:47:22 -0700] "GET /wdc/gtown39.jpg HTTP/1.1" 200 89921 "-" "Mozilla/5.0 (compatible; bingbot/2.0; +http://www.bing.com/bingbot.htm)" "www.ysfine.com"
40.77.167.35 - - [17/Sep/2022:04:47:48 -0700] "GET /dongio/amkor/hillary10b.jpg HTTP/1.1" 404 88 "-" "Mozilla/5.0 (compatible; bingbot/2.0; +http://www.bing.com/bingbot.htm)" "www.ysfine.com"
40.77.167.35 - - [17/Sep/2022:04:48:31 -0700] "GET /wigner/euclid05b.jpg HTTP/1.1" 200 33016 "-" "Mozilla/5.0 AppleWebKit/537.36 (KHTML, like Gecko; compatible; bingbot/2.0; +http://www.bing.com/bingbot.htm) Chrome/103.0.5060.134 Safari/537.36" "ysfine.com"
211.249.243.21 - - [17/Sep/2022:04:49:24 -0700] "GET /class54/stcars/stcar03.jpg HTTP/1.1" 200 84238 "https://ysfine.com/class54/stcars/stcar03.jpg" "Mozilla/5.0 (Windows NT 10.0; Win64; x64) AppleWebKit/537.36 (KHTML, like Gecko) Chrome/86.0.4240.75 Safari/537.36" "ysfine.com"
46.32.168.2 - - [17/Sep/2022:04:50:37 -0700] "GET /einstein/einbohr33.jpg HTTP/1.1" 200 87797 "https://www.google.com/" "Mozilla/5.0 (Windows NT 6.1; Win64; x64) AppleWebKit/537.36 (KHTML, like Gecko) Chrome/104.0.5112.102 Safari/537.36 OPR/90.0.4480.84" "ysfine.com"
167.235.34.112 - - [17/Sep/2022:04:51:00 -0700] "GET /kobak/rok48.jpg HTTP/1.1" 200 149888 "https://www.bing.com/" "Mozilla/5.0 (X11; Linux x86_64) AppleWebKit/537.36 (KHTML, like Gecko) HeadlessChrome/104.0.5112.101 Safari/537.36" "ysfine.com"
167.235.34.112 - - [17/Sep/2022:04:52:10 -0700] "GET /kobak/rok48.jpg HTTP/1.1" 200 149888 "https://www.bing.com/" "Mozilla/5.0 (X11; Linux x86_64) AppleWebKit/537.36 (KHTML, like Gecko) HeadlessChrome/104.0.5112.101 Safari/537.36" "ysfine.com"
40.77.167.27 - - [17/Sep/2022:04:52:37 -0700] "GET /world/scandi/sto008b.jpg HTTP/1.1" 200 33656 "-" "Mozilla/5.0 (compatible; bingbot/2.0; +http://www.bing.com/bingbot.htm)" "www.ysfine.com"
40.77.167.33 - - [17/Sep/2022:04:53:13 -0700] "GET /world/russ/spbf29b.jpg HTTP/1.1" 200 46978 "-" "Mozilla/5.0 (compatible; bingbot/2.0; +http://www.bing.com/bingbot.htm)" "www.ysfine.com"
54.240.197.230 - - [17/Sep/2022:04:53:27 -0700] "GET /kowar/sampal01.jpg HTTP/1.1" 200 141262 "https://www.google.com/" "Mozilla/5.0 (Windows NT 10.0; Win64; x64; rv:104.0) Gecko/20100101 Firefox/104.0" "ysfine.com"
141.2.247.248 - - [17/Sep/2022:04:53:42 -0700] "GET /maga/phys/landau35b.jpg HTTP/1.1" 200 26143 "https://www.google.com/" "Mozilla/5.0 (X11; Linux x86_64) AppleWebKit/537.36 (KHTML, like Gecko) Chrome/105.0.0.0 Safari/537.36" "ysfine.com"
40.77.167.62 - - [17/Sep/2022:04:53:58 -0700] "GET /wigner/gim/gimn02b.jpg HTTP/1.1" 200 101799 "-" "Mozilla/5.0 (compatible; bingbot/2.0; +http://www.bing.com/bingbot.htm)" "ysfine.com"
40.77.167.62 - - [17/Sep/2022:04:53:59 -0700] "GET /world/france/flore12.jpg HTTP/1.1" 200 114337 "-" "Mozilla/5.0 (compatible; bingbot/2.0; +http://www.bing.com/bingbot.htm)" "ysfine.com"
40.77.167.35 - - [17/Sep/2022:04:54:02 -0700] "GET /usca/norl/bour31b.jpg HTTP/1.1" 200 47837 "-" "Mozilla/5.0 AppleWebKit/537.36 (KHTML, like Gecko; compatible; bingbot/2.0; +http://www.bing.com/bingbot.htm) Chrome/103.0.5060.134 Safari/537.36" "ysfine.com"
87.250.224.22 - - [17/Sep/2022:04:54:25 -0700] "GET /confer/multi.html HTTP/1.1" 200 2292 "-" "Mozilla/5.0 (compatible; YandexBot/3.0; +http://yandex.com/bots)" "www.ysfine.com"
49.7.21.113 - - [17/Sep/2022:04:55:17 -0700] "GET / HTTP/1.1" 200 5283 "-" "Sogou web spider/4.0(+http://www.sogou.com/docs/help/webmasters.htm#07)" "ysfine.com"
40.77.167.27 - - [17/Sep/2022:04:55:47 -0700] "GET /maga/phys/maxwell06b.jpg HTTP/1.1" 200 51047 "-" "Mozilla/5.0 (compatible; bingbot/2.0; +http://www.bing.com/bingbot.htm)" "ysfine.com"
94.27.182.225 - - [17/Sep/2022:04:56:20 -0700] "GET /wigner/neum/vnc03.jpg HTTP/1.1" 200 80421 "https://www.google.com/" "Mozilla/5.0 (Windows NT 10.0; Win64; x64) AppleWebKit/537.36 (KHTML, like Gecko) Chrome/105.0.0.0 Safari/537.36" "ysfine.com"
40.77.167.35 - - [17/Sep/2022:04:56:49 -0700] "GET /world/france/magots01.jpg HTTP/1.1" 200 140982 "-" "Mozilla/5.0 AppleWebKit/537.36 (KHTML, like Gecko; compatible; bingbot/2.0; +http://www.bing.com/bingbot.htm) Chrome/103.0.5060.134 Safari/537.36" "www.ysfine.com"
40.77.167.33 - - [17/Sep/2022:04:57:03 -0700] "GET /world/brit/lontaxi10.jpg HTTP/1.1" 200 82191 "-" "Mozilla/5.0 (compatible; bingbot/2.0; +http://www.bing.com/bingbot.htm)" "www.ysfine.com"
40.77.167.35 - - [17/Sep/2022:04:57:12 -0700] "GET /world/china/hongkong65.jpg HTTP/1.1" 200 88822 "-" "Mozilla/5.0 (compatible; bingbot/2.0; +http://www.bing.com/bingbot.htm)" "ysfine.com"
5.45.207.102 - - [17/Sep/2022:04:57:27 -0700] "GET /style/music/salzmo02.jpg HTTP/1.1" 200 117765 "-" "Mozilla/5.0 (compatible; YandexImages/3.0; +http://yandex.com/bots)" "www.ysfine.com"
148.251.50.77 - - [17/Sep/2022:04:58:11 -0700] "GET /maga/hugo.html HTTP/1.1" 200 4000 "-" "Mozilla/5.0 (Windows NT 10.0; Win64; x64) AppleWebKit/537.36 (KHTML, like Gecko) Chrome/86.0.4240.198 Safari/537.36 Edg/86.0.622.69" "ysfine.com"
40.77.167.35 - - [17/Sep/2022:04:58:32 -0700] "GET /usca/norl/jackson66.jpg HTTP/1.1" 200 150602 "-" "Mozilla/5.0 AppleWebKit/537.36 (KHTML, like Gecko; compatible; bingbot/2.0; +http://www.bing.com/bingbot.htm) Chrome/103.0.5060.134 Safari/537.36" "ysfine.com"
40.77.167.35 - - [17/Sep/2022:04:59:30 -0700] "GET /wdc/willard55.jpg HTTP/1.1" 200 67913 "-" "Mozilla/5.0 (compatible; bingbot/2.0; +http://www.bing.com/bingbot.htm)" "www.ysfine.com"
40.77.167.35 - - [17/Sep/2022:04:59:59 -0700] "GET /world/germany/tubw12.jpg HTTP/1.1" 200 81082 "-" "Mozilla/5.0 AppleWebKit/537.36 (KHTML, like Gecko; compatible; bingbot/2.0; +http://www.bing.com/bingbot.htm) Chrome/103.0.5060.134 Safari/537.36" "www.ysfine.com"
40.77.167.33 - - [17/Sep/2022:05:01:23 -0700] "GET /newyork/nyharbor35.jpg HTTP/1.1" 200 102337 "-" "Mozilla/5.0 (compatible; bingbot/2.0; +http://www.bing.com/bingbot.htm)" "www.ysfine.com"
40.77.167.27 - - [17/Sep/2022:05:02:47 -0700] "GET /dongio/aline/british11b.jpg HTTP/1.1" 404 88 "-" "Mozilla/5.0 (compatible; bingbot/2.0; +http://www.bing.com/bingbot.htm)" "ysfine.com"
40.77.167.35 - - [17/Sep/2022:05:03:40 -0700] "GET /world/russ/volga19.jpg HTTP/1.1" 200 122101 "-" "Mozilla/5.0 (compatible; bingbot/2.0; +http://www.bing.com/bingbot.htm)" "www.ysfine.com"
82.38.164.104 - - [17/Sep/2022:05:03:54 -0700] "GET /yspapers/kno79.pdf HTTP/1.1" 200 176844 "-" "Mozilla/5.0 (X11; Ubuntu; Linux x86_64; rv:96.0) Gecko/20100101 Firefox/96.0" "ysfine.com"
82.38.164.104 - - [17/Sep/2022:05:03:54 -0700] "GET /favicon.ico HTTP/1.1" 404 88 "https://ysfine.com/" "Mozilla/5.0 (X11; Ubuntu; Linux x86_64; rv:96.0) Gecko/20100101 Firefox/96.0" "ysfine.com"
82.38.164.104 - - [17/Sep/2022:05:03:55 -0700] "GET /yspapers/kno79.pdf HTTP/1.1" 206 45772 "-" "Mozilla/5.0 (X11; Ubuntu; Linux x86_64; rv:96.0) Gecko/20100101 Firefox/96.0" "ysfine.com"
82.38.164.104 - - [17/Sep/2022:05:03:55 -0700] "GET /yspapers/kno79.pdf HTTP/1.1" 206 65536 "-" "Mozilla/5.0 (X11; Ubuntu; Linux x86_64; rv:96.0) Gecko/20100101 Firefox/96.0" "ysfine.com"
157.55.39.146 - - [17/Sep/2022:05:06:57 -0700] "GET /world/china/china006b.gif HTTP/1.1" 200 16880 "-" "Mozilla/5.0 (compatible; bingbot/2.0; +http://www.bing.com/bingbot.htm)" "ysfine.com"
5.255.253.105 - - [17/Sep/2022:05:07:02 -0700] "GET /einstein/ysturner11.jpg HTTP/1.1" 200 176356 "-" "Mozilla/5.0 (compatible; YandexImages/3.0; +http://yandex.com/bots)" "www.ysfine.com"
185.191.171.5 - - [17/Sep/2022:05:07:11 -0700] "GET /robots.txt HTTP/1.1" 404 88 "-" "Mozilla/5.0 (compatible; SemrushBot/7~bl; +http://www.semrush.com/bot.html)" "ysfine.com"
185.191.171.22 - - [17/Sep/2022:05:07:12 -0700] "GET /awards/bostein.html HTTP/1.1" 404 88 "-" "Mozilla/5.0 (compatible; SemrushBot/7~bl; +http://www.semrush.com/bot.html)" "ysfine.com"
114.119.128.14 - - [17/Sep/2022:05:07:51 -0700] "GET /ffriends/parthen03b.jpg HTTP/1.1" 200 47400 "https://www.ysfine.com/world/feynrio.html" "Mozilla/5.0 (Linux; Android 7.0;) AppleWebKit/537.36 (KHTML, like Gecko) Mobile Safari/537.36 (compatible; PetalBot;+https://webmaster.petalsearch.com/site/petalbot)" "www.ysfine.com"
40.77.167.35 - - [17/Sep/2022:05:08:53 -0700] "GET /maga/phys/mainichi.jpg HTTP/1.1" 200 140249 "-" "Mozilla/5.0 (compatible; bingbot/2.0; +http://www.bing.com/bingbot.htm)" "www.ysfine.com"
40.77.167.33 - - [17/Sep/2022:05:09:35 -0700] "GET /einstein/einplanck.html HTTP/1.1" 200 3255 "-" "Mozilla/5.0 AppleWebKit/537.36 (KHTML, like Gecko; compatible; bingbot/2.0; +http://www.bing.com/bingbot.htm) Chrome/103.0.5060.134 Safari/537.36" "ysfine.com"
87.250.224.156 - - [17/Sep/2022:05:09:57 -0700] "GET /index.html HTTP/1.1" 200 5283 "-" "Mozilla/5.0 (compatible; YandexBot/3.0; +http://yandex.com/bots)" "www.ysfine.com"
167.235.34.112 - - [17/Sep/2022:05:10:00 -0700] "GET /kobak/sl628.jpg HTTP/1.1" 200 225100 "https://www.bing.com/" "Mozilla/5.0 (X11; Linux x86_64) AppleWebKit/537.36 (KHTML, like Gecko) HeadlessChrome/104.0.5112.101 Safari/537.36" "ysfine.com"
40.77.167.35 - - [17/Sep/2022:05:10:01 -0700] "GET /princeton/pstorie.html HTTP/1.1" 200 1462 "-" "Mozilla/5.0 (compatible; bingbot/2.0; +http://www.bing.com/bingbot.htm)" "ysfine.com"
52.194.219.98 - - [17/Sep/2022:05:10:32 -0700] "GET /kobak/1014c.jpg HTTP/1.1" 200 164928 "https://www.google.com.hk/" "Mozilla/5.0 (Windows NT 6.1; Win64; x64) AppleWebKit/537.36 (KHTML, like Gecko) Chrome/104.0.0.0 Safari/537.36" "ysfine.com"
40.77.167.33 - - [17/Sep/2022:05:10:35 -0700] "GET /world/stuttgart.html HTTP/1.1" 200 4926 "-" "Mozilla/5.0 (compatible; bingbot/2.0; +http://www.bing.com/bingbot.htm)" "ysfine.com"
40.77.167.35 - - [17/Sep/2022:05:11:14 -0700] "GET /style/yasukuni22b.jpg HTTP/1.1" 200 35342 "-" "Mozilla/5.0 (compatible; bingbot/2.0; +http://www.bing.com/bingbot.htm)" "www.ysfine.com"
114.119.128.14 - - [17/Sep/2022:05:11:16 -0700] "GET /yspapers/kim89.pdf HTTP/1.1" 200 304160 "https://www.ysfine.com/home/bio77.html" "Mozilla/5.0 (Linux; Android 7.0;) AppleWebKit/537.36 (KHTML, like Gecko) Mobile Safari/537.36 (compatible; PetalBot;+https://webmaster.petalsearch.com/site/petalbot)" "www.ysfine.com"
40.77.167.35 - - [17/Sep/2022:05:11:41 -0700] "GET /world/kalinin.html HTTP/1.1" 200 9525 "-" "Mozilla/5.0 (compatible; bingbot/2.0; +http://www.bing.com/bingbot.htm)" "ysfine.com"
157.55.39.146 - - [17/Sep/2022:05:12:17 -0700] "GET /world/poland/sopotf08.jpg HTTP/1.1" 200 98884 "-" "Mozilla/5.0 AppleWebKit/537.36 (KHTML, like Gecko; compatible; bingbot/2.0; +http://www.bing.com/bingbot.htm) Chrome/103.0.5060.134 Safari/537.36" "ysfine.com"
40.77.167.62 - - [17/Sep/2022:05:12:19 -0700] "GET /world/latina/rio004b.jpg HTTP/1.1" 200 40739 "-" "Mozilla/5.0 (compatible; bingbot/2.0; +http://www.bing.com/bingbot.htm)" "www.ysfine.com"
194.38.20.161 - - [17/Sep/2022:05:12:39 -0700] "GET /wp-content/themes/OptimizePress/lib/admin/media-upload.php HTTP/1.1" 404 73 "-" "ALittle Client" "ysfine.com"
5.45.207.66 - - [17/Sep/2022:05:13:35 -0700] "GET /confer/conleft.html HTTP/1.1" 200 546 "-" "Mozilla/5.0 (compatible; YandexBot/3.0; +http://yandex.com/bots)" "www.ysfine.com"
95.108.213.74 - - [17/Sep/2022:05:13:37 -0700] "GET /confer/conleft.html HTTP/1.1" 200 546 "-" "Mozilla/5.0 (compatible; YandexBot/3.0; +http://yandex.com/bots)" "www.ysfine.com"
167.235.34.112 - - [17/Sep/2022:05:13:45 -0700] "GET /kobak/sl628.jpg HTTP/1.1" 200 225100 "https://www.bing.com/" "Mozilla/5.0 (X11; Linux x86_64) AppleWebKit/537.36 (KHTML, like Gecko) HeadlessChrome/104.0.5112.101 Safari/537.36" "ysfine.com"
40.77.167.35 - - [17/Sep/2022:05:13:55 -0700] "GET /wigner/neum/compu.html HTTP/1.1" 200 2267 "-" "Mozilla/5.0 (compatible; bingbot/2.0; +http://www.bing.com/bingbot.htm)" "www.ysfine.com"
40.77.167.62 - - [17/Sep/2022:05:14:11 -0700] "GET /maga/popov.html HTTP/1.1" 200 8651 "-" "Mozilla/5.0 (compatible; bingbot/2.0; +http://www.bing.com/bingbot.htm)" "www.ysfine.com"
40.77.167.35 - - [17/Sep/2022:05:14:20 -0700] "GET /saram/g019.jpg HTTP/1.1" 200 48228 "-" "Mozilla/5.0 (compatible; bingbot/2.0; +http://www.bing.com/bingbot.htm)" "www.ysfine.com"
157.55.39.146 - - [17/Sep/2022:05:14:38 -0700] "GET /world/stoc.html HTTP/1.1" 200 5400 "-" "Mozilla/5.0 (compatible; bingbot/2.0; +http://www.bing.com/bingbot.htm)" "ysfine.com"
40.77.167.35 - - [17/Sep/2022:05:15:25 -0700] "GET /feynman/feykant.html HTTP/1.1" 200 3350 "-" "Mozilla/5.0 (compatible; bingbot/2.0; +http://www.bing.com/bingbot.htm)" "ysfine.com"
40.77.167.35 - - [17/Sep/2022:05:15:43 -0700] "GET /sbk/1999fedres11.jpg HTTP/1.1" 200 208309 "-" "Mozilla/5.0 (compatible; bingbot/2.0; +http://www.bing.com/bingbot.htm)" "www.ysfine.com"
75.161.134.141 - - [17/Sep/2022:05:15:49 -0700] "GET /world/russ/roskei11.jpg HTTP/1.1" 200 131848 "https://www.bing.com/" "Mozilla/5.0 (Windows NT 10.0; Win64; x64) AppleWebKit/537.36 (KHTML, like Gecko) Chrome/105.0.0.0 Safari/537.36 Edg/105.0.1343.33" "www.ysfine.com"
40.77.167.27 - - [17/Sep/2022:05:16:20 -0700] "GET /world/france/montpar10.jpg HTTP/1.1" 200 206294 "-" "Mozilla/5.0 (compatible; bingbot/2.0; +http://www.bing.com/bingbot.htm)" "www.ysfine.com"
5.255.253.186 - - [17/Sep/2022:05:16:33 -0700] "GET /archives/proceedings/ff2/fp2bot.html HTTP/1.1" 200 134 "-" "Mozilla/5.0 (compatible; YandexBot/3.0; +http://yandex.com/bots)" "www.ysfine.com"
87.250.224.22 - - [17/Sep/2022:05:16:36 -0700] "GET /archives/proceedings/ff2/fp2left.html HTTP/1.1" 200 1217 "https://www.ysfine.com/archives/proceedings/ff2/fp2bot.html" "Mozilla/5.0 (compatible; YandexBot/3.0; +http://yandex.com/bots) AppleWebKit/537.36 (KHTML, like Gecko) Chrome/81.0.4044.268" "www.ysfine.com"
87.250.224.160 - - [17/Sep/2022:05:16:38 -0700] "GET /archives/proceedings/ff2/fp2righ.html HTTP/1.1" 200 967 "https://www.ysfine.com/archives/proceedings/ff2/fp2bot.html" "Mozilla/5.0 (compatible; YandexBot/3.0; +http://yandex.com/bots) AppleWebKit/537.36 (KHTML, like Gecko) Chrome/81.0.4044.268" "www.ysfine.com"
40.77.167.27 - - [17/Sep/2022:05:17:30 -0700] "GET /princeton/butler.html HTTP/1.1" 200 407 "-" "Mozilla/5.0 (compatible; bingbot/2.0; +http://www.bing.com/bingbot.htm)" "ysfine.com"
40.77.167.35 - - [17/Sep/2022:05:18:00 -0700] "GET /world/spain/sevi107.jpg HTTP/1.1" 200 180118 "-" "Mozilla/5.0 (compatible; bingbot/2.0; +http://www.bing.com/bingbot.htm)" "ysfine.com"
114.119.128.162 - - [17/Sep/2022:05:18:13 -0700] "GET /world/leipzig.html HTTP/1.1" 200 5758 "https://ysfine.com/world/munich.html" "Mozilla/5.0 (Linux; Android 7.0;) AppleWebKit/537.36 (KHTML, like Gecko) Mobile Safari/537.36 (compatible; PetalBot;+https://webmaster.petalsearch.com/site/petalbot)" "ysfine.com"
95.127.229.182 - - [17/Sep/2022:05:18:31 -0700] "GET /feynman/feynman.jpg HTTP/1.1" 200 40536 "https://www.google.com/" "Mozilla/5.0 (X11; Linux x86_64) AppleWebKit/537.36 (KHTML, like Gecko) Chrome/104.0.0.0 Safari/537.36" "ysfine.com"
157.55.39.146 - - [17/Sep/2022:05:19:39 -0700] "GET /maga/hugo.html HTTP/1.1" 200 4000 "-" "Mozilla/5.0 (compatible; bingbot/2.0; +http://www.bing.com/bingbot.htm)" "ysfine.com"
114.119.128.162 - - [17/Sep/2022:05:19:42 -0700] "GET /archives/proceedings/boston/fiurasek.pdf HTTP/1.1" 200 263582 "-" "Mozilla/5.0 (Linux; Android 7.0;) AppleWebKit/537.36 (KHTML, like Gecko) Mobile Safari/537.36 (compatible; PetalBot;+https://webmaster.petalsearch.com/site/petalbot)" "www.ysfine.com"
40.77.167.35 - - [17/Sep/2022:05:20:02 -0700] "GET /maga/bohrkierk.html HTTP/1.1" 200 2947 "-" "Mozilla/5.0 AppleWebKit/537.36 (KHTML, like Gecko; compatible; bingbot/2.0; +http://www.bing.com/bingbot.htm) Chrome/103.0.5060.134 Safari/537.36" "ysfine.com"
157.55.39.146 - - [17/Sep/2022:05:21:09 -0700] "GET /kowar/war51.html HTTP/1.1" 200 5022 "-" "Mozilla/5.0 (compatible; bingbot/2.0; +http://www.bing.com/bingbot.htm)" "ysfine.com"
157.55.39.146 - - [17/Sep/2022:05:21:19 -0700] "GET /houses/styhouses.html HTTP/1.1" 200 3534 "-" "Mozilla/5.0 (compatible; bingbot/2.0; +http://www.bing.com/bingbot.htm)" "ysfine.com"
40.77.167.35 - - [17/Sep/2022:05:22:15 -0700] "GET /world/balticw.html HTTP/1.1" 200 15785 "-" "Mozilla/5.0 AppleWebKit/537.36 (KHTML, like Gecko; compatible; bingbot/2.0; +http://www.bing.com/bingbot.htm) Chrome/103.0.5060.134 Safari/537.36" "ysfine.com"
40.77.167.35 - - [17/Sep/2022:05:22:31 -0700] "GET /world/ital/flor036.jpg HTTP/1.1" 200 94688 "-" "Mozilla/5.0 AppleWebKit/537.36 (KHTML, like Gecko; compatible; bingbot/2.0; +http://www.bing.com/bingbot.htm) Chrome/103.0.5060.134 Safari/537.36" "ysfine.com"
36.83.23.250 - - [17/Sep/2022:05:22:52 -0700] "GET /maga/phys/schrod11.jpg HTTP/1.1" 200 107958 "https://www.google.com/" "Mozilla/5.0 (Windows NT 10.0; Win64; x64) AppleWebKit/537.36 (KHTML, like Gecko) Chrome/105.0.0.0 Safari/537.36" "ysfine.com"
40.77.167.33 - - [17/Sep/2022:05:23:06 -0700] "GET /usca/pgh22.html HTTP/1.1" 200 11391 "-" "Mozilla/5.0 (compatible; bingbot/2.0; +http://www.bing.com/bingbot.htm)" "www.ysfine.com"
157.55.39.146 - - [17/Sep/2022:05:23:19 -0700] "GET /world/paris.html HTTP/1.1" 200 18129 "-" "Mozilla/5.0 (compatible; bingbot/2.0; +http://www.bing.com/bingbot.htm)" "ysfine.com"
167.235.34.112 - - [17/Sep/2022:05:23:40 -0700] "GET /kobak/sl628.jpg HTTP/1.1" 200 225100 "https://www.bing.com/" "Mozilla/5.0 (X11; Linux x86_64) AppleWebKit/537.36 (KHTML, like Gecko) HeadlessChrome/104.0.5112.101 Safari/537.36" "ysfine.com"
85.160.35.239 - - [17/Sep/2022:05:23:52 -0700] "GET /einstein/places/einmu17.jpg HTTP/1.1" 200 67347 "https://www.google.com/" "Mozilla/5.0 (Windows NT 10.0; Win64; x64; rv:104.0) Gecko/20100101 Firefox/104.0" "ysfine.com"
157.55.39.146 - - [17/Sep/2022:05:24:00 -0700] "GET /maga/fermi.html HTTP/1.1" 200 3387 "-" "Mozilla/5.0 (compatible; bingbot/2.0; +http://www.bing.com/bingbot.htm)" "ysfine.com"
40.77.167.27 - - [17/Sep/2022:05:24:10 -0700] "GET /world/arusas.html HTTP/1.1" 200 7838 "-" "Mozilla/5.0 (compatible; bingbot/2.0; +http://www.bing.com/bingbot.htm)" "ysfine.com"
40.77.167.35 - - [17/Sep/2022:05:24:31 -0700] "GET /world/baltic/tallin35.jpg HTTP/1.1" 200 203538 "-" "Mozilla/5.0 (compatible; bingbot/2.0; +http://www.bing.com/bingbot.htm)" "ysfine.com"
118.184.177.50 - - [17/Sep/2022:05:24:44 -0700] "GET / HTTP/1.1" 200 5283 "-" "Sogou web spider/4.0(+http://www.sogou.com/docs/help/webmasters.htm#07)" "ysfine.com"
114.119.128.158 - - [17/Sep/2022:05:25:09 -0700] "GET /maga/phys/landau55b.jpg HTTP/1.1" 200 31969 "https://www.ysfine.com/maga/landau.html" "Mozilla/5.0 (Linux; Android 7.0;) AppleWebKit/537.36 (KHTML, like Gecko) Mobile Safari/537.36 (compatible; PetalBot;+https://webmaster.petalsearch.com/site/petalbot)" "www.ysfine.com"
27.34.13.205 - - [17/Sep/2022:05:26:05 -0700] "GET /feynman/fphoto.html HTTP/1.1" 200 3714 "https://www.google.com/" "Mozilla/5.0 (Windows NT 10.0; WOW64) AppleWebKit/537.36 (KHTML, like Gecko) Chrome/105.0.0.0 Safari/537.36" "ysfine.com"
27.34.13.205 - - [17/Sep/2022:05:26:05 -0700] "GET /feynman/feynma2.jpg HTTP/1.1" 200 41543 "https://ysfine.com/feynman/fphoto.html" "Mozilla/5.0 (Windows NT 10.0; WOW64) AppleWebKit/537.36 (KHTML, like Gecko) Chrome/105.0.0.0 Safari/537.36" "ysfine.com"
27.34.13.205 - - [17/Sep/2022:05:26:05 -0700] "GET /feynman/feyn86b.jpg HTTP/1.1" 200 26190 "https://ysfine.com/feynman/fphoto.html" "Mozilla/5.0 (Windows NT 10.0; WOW64) AppleWebKit/537.36 (KHTML, like Gecko) Chrome/105.0.0.0 Safari/537.36" "ysfine.com"
27.34.13.205 - - [17/Sep/2022:05:26:05 -0700] "GET /feynman/feyprince2.jpg HTTP/1.1" 200 49143 "https://ysfine.com/feynman/fphoto.html" "Mozilla/5.0 (Windows NT 10.0; WOW64) AppleWebKit/537.36 (KHTML, like Gecko) Chrome/105.0.0.0 Safari/537.36" "ysfine.com"
27.34.13.205 - - [17/Sep/2022:05:26:05 -0700] "GET /feynman/chapline2.jpg HTTP/1.1" 200 36026 "https://ysfine.com/feynman/fphoto.html" "Mozilla/5.0 (Windows NT 10.0; WOW64) AppleWebKit/537.36 (KHTML, like Gecko) Chrome/105.0.0.0 Safari/537.36" "ysfine.com"
27.34.13.205 - - [17/Sep/2022:05:26:05 -0700] "GET /feynman/feybongo55b.jpg HTTP/1.1" 200 41455 "https://ysfine.com/feynman/fphoto.html" "Mozilla/5.0 (Windows NT 10.0; WOW64) AppleWebKit/537.36 (KHTML, like Gecko) Chrome/105.0.0.0 Safari/537.36" "ysfine.com"
27.34.13.205 - - [17/Sep/2022:05:26:05 -0700] "GET /world/latina/rio025b.jpg HTTP/1.1" 200 39082 "https://ysfine.com/feynman/fphoto.html" "Mozilla/5.0 (Windows NT 10.0; WOW64) AppleWebKit/537.36 (KHTML, like Gecko) Chrome/105.0.0.0 Safari/537.36" "ysfine.com"
40.77.167.35 - - [17/Sep/2022:05:26:06 -0700] "GET /world/russ/kazan101.jpg HTTP/1.1" 200 100997 "-" "Mozilla/5.0 (compatible; bingbot/2.0; +http://www.bing.com/bingbot.htm)" "www.ysfine.com"
27.34.13.205 - - [17/Sep/2022:05:26:10 -0700] "GET /favicon.ico HTTP/1.1" 404 88 "https://ysfine.com/feynman/fphoto.html" "Mozilla/5.0 (Windows NT 10.0; WOW64) AppleWebKit/537.36 (KHTML, like Gecko) Chrome/105.0.0.0 Safari/537.36" "ysfine.com"
114.119.128.142 - - [17/Sep/2022:05:26:17 -0700] "GET /awards/viaitora.pdf HTTP/1.1" 200 1249265 "https://ysfine.com/awards/index.html" "Mozilla/5.0 (Linux; Android 7.0;) AppleWebKit/537.36 (KHTML, like Gecko) Mobile Safari/537.36 (compatible; PetalBot;+https://webmaster.petalsearch.com/site/petalbot)" "ysfine.com"
114.119.128.154 - - [17/Sep/2022:05:27:29 -0700] "GET /class54/class5470/total_data/photo_img/7-12.jpg HTTP/1.1" 200 261372 "https://ysfine.com/class54/class5470/total_data/sub_712.htm" "Mozilla/5.0 (Linux; Android 7.0;) AppleWebKit/537.36 (KHTML, like Gecko) Mobile Safari/537.36 (compatible; PetalBot;+https://webmaster.petalsearch.com/site/petalbot)" "ysfine.com"
99.231.116.122 - - [17/Sep/2022:05:27:31 -0700] "GET /world/china/opium01.jpg HTTP/1.1" 200 166936 "https://www.google.com/" "Mozilla/5.0 (Windows NT 10.0; Win64; x64) AppleWebKit/537.36 (KHTML, like Gecko) Chrome/105.0.0.0 Safari/537.36" "ysfine.com"
82.69.103.219 - - [17/Sep/2022:05:27:38 -0700] "GET /einstein/einst06.html HTTP/1.1" 200 1773 "https://www.google.com/" "Mozilla/5.0 (Windows NT 10.0; Win64; x64) AppleWebKit/537.36 (KHTML, like Gecko) Chrome/105.0.0.0 Safari/537.36" "ysfine.com"
82.69.103.219 - - [17/Sep/2022:05:27:38 -0700] "GET /maga/phys/osc66.jpg HTTP/1.1" 200 36937 "https://ysfine.com/einstein/einst06.html" "Mozilla/5.0 (Windows NT 10.0; Win64; x64) AppleWebKit/537.36 (KHTML, like Gecko) Chrome/105.0.0.0 Safari/537.36" "ysfine.com"
82.69.103.219 - - [17/Sep/2022:05:27:38 -0700] "GET /favicon.ico HTTP/1.1" 404 88 "https://ysfine.com/einstein/einst06.html" "Mozilla/5.0 (Windows NT 10.0; Win64; x64) AppleWebKit/537.36 (KHTML, like Gecko) Chrome/105.0.0.0 Safari/537.36" "ysfine.com"
85.160.35.239 - - [17/Sep/2022:05:28:19 -0700] "GET /einstein/places/einha23.jpg HTTP/1.1" 200 78773 "https://www.google.com/" "Mozilla/5.0 (Windows NT 10.0; Win64; x64; rv:104.0) Gecko/20100101 Firefox/104.0" "ysfine.com"
114.119.128.154 - - [17/Sep/2022:05:28:57 -0700] "GET /class54/class5470/total_data/photo_img/7-9.jpg HTTP/1.1" 200 254782 "https://ysfine.com/class54/class5470/total_data/sub_709.htm" "Mozilla/5.0 (Linux; Android 7.0;) AppleWebKit/537.36 (KHTML, like Gecko) Mobile Safari/537.36 (compatible; PetalBot;+https://webmaster.petalsearch.com/site/petalbot)" "ysfine.com"
40.77.167.62 - - [17/Sep/2022:05:29:52 -0700] "GET /world/russ/basil.html HTTP/1.1" 200 519 "-" "Mozilla/5.0 AppleWebKit/537.36 (KHTML, like Gecko; compatible; bingbot/2.0; +http://www.bing.com/bingbot.htm) Chrome/103.0.5060.134 Safari/537.36" "ysfine.com"
157.55.39.146 - - [17/Sep/2022:05:30:10 -0700] "GET /world/france/champ9611.jpg HTTP/1.1" 200 83996 "-" "Mozilla/5.0 AppleWebKit/537.36 (KHTML, like Gecko; compatible; bingbot/2.0; +http://www.bing.com/bingbot.htm) Chrome/103.0.5060.134 Safari/537.36" "www.ysfine.com"
114.119.128.14 - - [17/Sep/2022:05:30:26 -0700] "GET /class54/class5470/total_data/photo_img/8-40.jpg HTTP/1.1" 200 212766 "https://ysfine.com/class54/class5470/total_data/sub_840.htm" "Mozilla/5.0 (Linux; Android 7.0;) AppleWebKit/537.36 (KHTML, like Gecko) Mobile Safari/537.36 (compatible; PetalBot;+https://webmaster.petalsearch.com/site/petalbot)" "ysfine.com"
40.77.167.35 - - [17/Sep/2022:05:30:56 -0700] "GET /world/ital/venice31b.jpg HTTP/1.1" 200 31258 "-" "Mozilla/5.0 AppleWebKit/537.36 (KHTML, like Gecko; compatible; bingbot/2.0; +http://www.bing.com/bingbot.htm) Chrome/103.0.5060.134 Safari/537.36" "www.ysfine.com"
40.77.167.35 - - [17/Sep/2022:05:31:02 -0700] "GET /world/germany/hegel09.jpg HTTP/1.1" 200 96010 "-" "Mozilla/5.0 (compatible; bingbot/2.0; +http://www.bing.com/bingbot.htm)" "www.ysfine.com"
40.77.167.35 - - [17/Sep/2022:05:31:12 -0700] "GET /kobak/sorae.html HTTP/1.1" 200 1884 "-" "Mozilla/5.0 AppleWebKit/537.36 (KHTML, like Gecko; compatible; bingbot/2.0; +http://www.bing.com/bingbot.htm) Chrome/103.0.5060.134 Safari/537.36" "www.ysfine.com"
40.77.167.27 - - [17/Sep/2022:05:31:31 -0700] "GET /world/vienna.html HTTP/1.1" 200 7048 "-" "Mozilla/5.0 AppleWebKit/537.36 (KHTML, like Gecko; compatible; bingbot/2.0; +http://www.bing.com/bingbot.htm) Chrome/103.0.5060.134 Safari/537.36" "ysfine.com"
40.77.167.62 - - [17/Sep/2022:05:31:42 -0700] "GET /maga/herod.html HTTP/1.1" 200 4341 "-" "Mozilla/5.0 (compatible; bingbot/2.0; +http://www.bing.com/bingbot.htm)" "ysfine.com"
114.119.128.154 - - [17/Sep/2022:05:31:45 -0700] "GET /einstein/eincurie300.jpg HTTP/1.1" 200 28924 "https://www.ysfine.com/einstein/einwo.html" "Mozilla/5.0 (Linux; Android 7.0;) AppleWebKit/537.36 (KHTML, like Gecko) Mobile Safari/537.36 (compatible; PetalBot;+https://webmaster.petalsearch.com/site/petalbot)" "www.ysfine.com"
193.235.141.171 - - [17/Sep/2022:05:32:26 -0700] "GET / HTTP/1.1" 200 5283 "-" "Mozilla/5.0 (Windows NT 10.0; Win64; x64) AppleWebKit/537.36 (KHTML, like Gecko) Chrome/105.0.0.0 Safari/537.36" "ysfine.com"
193.235.141.171 - - [17/Sep/2022:05:32:26 -0700] "GET /favicon.ico HTTP/1.1" 404 88 "-" "Mozilla/5.0 (Windows NT 10.0; Win64; x64) AppleWebKit/537.36 (KHTML, like Gecko) Chrome/105.0.0.0 Safari/537.36" "ysfine.com"
157.55.39.146 - - [17/Sep/2022:05:32:50 -0700] "GET /wdc/sakura06.jpg HTTP/1.1" 200 83525 "-" "Mozilla/5.0 (compatible; bingbot/2.0; +http://www.bing.com/bingbot.htm)" "www.ysfine.com"
40.77.167.27 - - [17/Sep/2022:05:33:12 -0700] "GET /wisdom/wkwireless.html HTTP/1.1" 200 6236 "-" "Mozilla/5.0 AppleWebKit/537.36 (KHTML, like Gecko; compatible; bingbot/2.0; +http://www.bing.com/bingbot.htm) Chrome/103.0.5060.134 Safari/537.36" "ysfine.com"
157.55.39.146 - - [17/Sep/2022:05:33:20 -0700] "GET /wisdom/wkleft.html HTTP/1.1" 200 596 "-" "Mozilla/5.0 AppleWebKit/537.36 (KHTML, like Gecko; compatible; bingbot/2.0; +http://www.bing.com/bingbot.htm) Chrome/103.0.5060.134 Safari/537.36" "ysfine.com"
40.77.167.27 - - [17/Sep/2022:05:33:24 -0700] "GET /wisdom/wkrigh.html HTTP/1.1" 200 4130 "-" "Mozilla/5.0 AppleWebKit/537.36 (KHTML, like Gecko; compatible; bingbot/2.0; +http://www.bing.com/bingbot.htm) Chrome/103.0.5060.134 Safari/537.36" "ysfine.com"
114.119.128.162 - - [17/Sep/2022:05:33:25 -0700] "GET /class54/class5470/total_data/photo_img/7-32.jpg HTTP/1.1" 200 206018 "https://ysfine.com/class54/class5470/total_data/sub_732.htm" "Mozilla/5.0 (Linux; Android 7.0;) AppleWebKit/537.36 (KHTML, like Gecko) Mobile Safari/537.36 (compatible; PetalBot;+https://webmaster.petalsearch.com/site/petalbot)" "ysfine.com"
82.132.238.154 - - [17/Sep/2022:05:33:55 -0700] "GET /world/brit/etonharrow.html HTTP/1.1" 200 4546 "https://www.google.co.uk/" "Mozilla/5.0 (iPhone; CPU iPhone OS 16_0 like Mac OS X) AppleWebKit/605.1.15 (KHTML, like Gecko) Version/16.0 Mobile/15E148 Safari/604.1" "ysfine.com"
82.132.238.154 - - [17/Sep/2022:05:33:55 -0700] "GET /world/brit/nehru11b.jpg HTTP/1.1" 200 43052 "https://ysfine.com/world/brit/etonharrow.html" "Mozilla/5.0 (iPhone; CPU iPhone OS 16_0 like Mac OS X) AppleWebKit/605.1.15 (KHTML, like Gecko) Version/16.0 Mobile/15E148 Safari/604.1" "ysfine.com"
82.132.238.154 - - [17/Sep/2022:05:33:55 -0700] "GET /world/brit/winston01b.jpg HTTP/1.1" 200 38436 "https://ysfine.com/world/brit/etonharrow.html" "Mozilla/5.0 (iPhone; CPU iPhone OS 16_0 like Mac OS X) AppleWebKit/605.1.15 (KHTML, like Gecko) Version/16.0 Mobile/15E148 Safari/604.1" "ysfine.com"
82.132.238.154 - - [17/Sep/2022:05:33:55 -0700] "GET /kobak/kwk11b.jpg HTTP/1.1" 200 46888 "https://ysfine.com/world/brit/etonharrow.html" "Mozilla/5.0 (iPhone; CPU iPhone OS 16_0 like Mac OS X) AppleWebKit/605.1.15 (KHTML, like Gecko) Version/16.0 Mobile/15E148 Safari/604.1" "ysfine.com"
82.132.238.154 - - [17/Sep/2022:05:33:55 -0700] "GET /world/brit/eton02b.jpg HTTP/1.1" 200 39432 "https://ysfine.com/world/brit/etonharrow.html" "Mozilla/5.0 (iPhone; CPU iPhone OS 16_0 like Mac OS X) AppleWebKit/605.1.15 (KHTML, like Gecko) Version/16.0 Mobile/15E148 Safari/604.1" "ysfine.com"
82.132.238.154 - - [17/Sep/2022:05:33:55 -0700] "GET /world/brit/eton07b.jpg HTTP/1.1" 200 36566 "https://ysfine.com/world/brit/etonharrow.html" "Mozilla/5.0 (iPhone; CPU iPhone OS 16_0 like Mac OS X) AppleWebKit/605.1.15 (KHTML, like Gecko) Version/16.0 Mobile/15E148 Safari/604.1" "ysfine.com"
82.132.238.154 - - [17/Sep/2022:05:33:55 -0700] "GET /world/brit/eton01b.jpg HTTP/1.1" 200 47771 "https://ysfine.com/world/brit/etonharrow.html" "Mozilla/5.0 (iPhone; CPU iPhone OS 16_0 like Mac OS X) AppleWebKit/605.1.15 (KHTML, like Gecko) Version/16.0 Mobile/15E148 Safari/604.1" "ysfine.com"
82.132.238.154 - - [17/Sep/2022:05:33:56 -0700] "GET /world/brit/harrow01b.jpg HTTP/1.1" 200 54632 "https://ysfine.com/world/brit/etonharrow.html" "Mozilla/5.0 (iPhone; CPU iPhone OS 16_0 like Mac OS X) AppleWebKit/605.1.15 (KHTML, like Gecko) Version/16.0 Mobile/15E148 Safari/604.1" "ysfine.com"
82.132.238.154 - - [17/Sep/2022:05:33:56 -0700] "GET /world/brit/harrow04b.jpg HTTP/1.1" 200 48004 "https://ysfine.com/world/brit/etonharrow.html" "Mozilla/5.0 (iPhone; CPU iPhone OS 16_0 like Mac OS X) AppleWebKit/605.1.15 (KHTML, like Gecko) Version/16.0 Mobile/15E148 Safari/604.1" "ysfine.com"
82.132.238.154 - - [17/Sep/2022:05:33:56 -0700] "GET /world/brit/harrow11b.jpg HTTP/1.1" 200 42533 "https://ysfine.com/world/brit/etonharrow.html" "Mozilla/5.0 (iPhone; CPU iPhone OS 16_0 like Mac OS X) AppleWebKit/605.1.15 (KHTML, like Gecko) Version/16.0 Mobile/15E148 Safari/604.1" "ysfine.com"
82.132.238.154 - - [17/Sep/2022:05:33:56 -0700] "GET /world/brit/harrow12b.jpg HTTP/1.1" 200 45104 "https://ysfine.com/world/brit/etonharrow.html" "Mozilla/5.0 (iPhone; CPU iPhone OS 16_0 like Mac OS X) AppleWebKit/605.1.15 (KHTML, like Gecko) Version/16.0 Mobile/15E148 Safari/604.1" "ysfine.com"
82.132.238.154 - - [17/Sep/2022:05:33:56 -0700] "GET /world/brit/eton03b.jpg HTTP/1.1" 200 45141 "https://ysfine.com/world/brit/etonharrow.html" "Mozilla/5.0 (iPhone; CPU iPhone OS 16_0 like Mac OS X) AppleWebKit/605.1.15 (KHTML, like Gecko) Version/16.0 Mobile/15E148 Safari/604.1" "ysfine.com"
82.132.238.154 - - [17/Sep/2022:05:33:56 -0700] "GET /eink/pwk19c.jpg HTTP/1.1" 200 57759 "https://ysfine.com/world/brit/etonharrow.html" "Mozilla/5.0 (iPhone; CPU iPhone OS 16_0 like Mac OS X) AppleWebKit/605.1.15 (KHTML, like Gecko) Version/16.0 Mobile/15E148 Safari/604.1" "ysfine.com"
82.132.238.154 - - [17/Sep/2022:05:33:56 -0700] "GET /world/brit/harrow09b.jpg HTTP/1.1" 200 48797 "https://ysfine.com/world/brit/etonharrow.html" "Mozilla/5.0 (iPhone; CPU iPhone OS 16_0 like Mac OS X) AppleWebKit/605.1.15 (KHTML, like Gecko) Version/16.0 Mobile/15E148 Safari/604.1" "ysfine.com"
82.132.238.154 - - [17/Sep/2022:05:33:56 -0700] "GET /kobak/taylor33c.jpg HTTP/1.1" 200 39951 "https://ysfine.com/world/brit/etonharrow.html" "Mozilla/5.0 (iPhone; CPU iPhone OS 16_0 like Mac OS X) AppleWebKit/605.1.15 (KHTML, like Gecko) Version/16.0 Mobile/15E148 Safari/604.1" "ysfine.com"
82.132.238.154 - - [17/Sep/2022:05:33:56 -0700] "GET /world/brit/windsor02b.jpg HTTP/1.1" 200 40724 "https://ysfine.com/world/brit/etonharrow.html" "Mozilla/5.0 (iPhone; CPU iPhone OS 16_0 like Mac OS X) AppleWebKit/605.1.15 (KHTML, like Gecko) Version/16.0 Mobile/15E148 Safari/604.1" "ysfine.com"
82.132.238.154 - - [17/Sep/2022:05:33:56 -0700] "GET /favicon.ico HTTP/1.1" 404 88 "https://ysfine.com/world/brit/etonharrow.html" "Mozilla/5.0 (iPhone; CPU iPhone OS 16_0 like Mac OS X) AppleWebKit/605.1.15 (KHTML, like Gecko) Version/16.0 Mobile/15E148 Safari/604.1" "ysfine.com"
40.77.167.33 - - [17/Sep/2022:05:34:07 -0700] "GET /wigner/e(2).html HTTP/1.1" 200 4288 "-" "Mozilla/5.0 (compatible; bingbot/2.0; +http://www.bing.com/bingbot.htm)" "ysfine.com"
157.55.39.146 - - [17/Sep/2022:05:34:31 -0700] "GET /newyork/nyp.html HTTP/1.1" 200 8310 "-" "Mozilla/5.0 (compatible; bingbot/2.0; +http://www.bing.com/bingbot.htm)" "ysfine.com"
114.119.128.162 - - [17/Sep/2022:05:34:49 -0700] "GET /wdc/mydc.html HTTP/1.1" 200 1586 "https://ysfine.com/ys11/index.html" "Mozilla/5.0 (Linux; Android 7.0;) AppleWebKit/537.36 (KHTML, like Gecko) Mobile Safari/537.36 (compatible; PetalBot;+https://webmaster.petalsearch.com/site/petalbot)" "ysfine.com"
157.55.39.146 - - [17/Sep/2022:05:35:01 -0700] "GET /maga/conic.html HTTP/1.1" 200 4049 "-" "Mozilla/5.0 (compatible; bingbot/2.0; +http://www.bing.com/bingbot.htm)" "www.ysfine.com"
40.77.167.27 - - [17/Sep/2022:05:35:52 -0700] "GET /kobak/underw09.jpg HTTP/1.1" 200 103708 "-" "Mozilla/5.0 (compatible; bingbot/2.0; +http://www.bing.com/bingbot.htm)" "ysfine.com"
40.77.167.33 - - [17/Sep/2022:05:35:57 -0700] "GET /world/germany/berlin008.jpg HTTP/1.1" 200 80991 "-" "Mozilla/5.0 (compatible; bingbot/2.0; +http://www.bing.com/bingbot.htm)" "www.ysfine.com"
114.119.128.162 - - [17/Sep/2022:05:36:09 -0700] "GET /class54/class5470/total_data/photo_img/8-93.jpg HTTP/1.1" 200 254930 "https://ysfine.com/class54/class5470/total_data/sub_893.htm" "Mozilla/5.0 (Linux; Android 7.0;) AppleWebKit/537.36 (KHTML, like Gecko) Mobile Safari/537.36 (compatible; PetalBot;+https://webmaster.petalsearch.com/site/petalbot)" "ysfine.com"
40.77.167.35 - - [17/Sep/2022:05:36:15 -0700] "GET /kowar/tanks/sherman45.jpg HTTP/1.1" 200 79723 "-" "Mozilla/5.0 (compatible; bingbot/2.0; +http://www.bing.com/bingbot.htm)" "ysfine.com"
40.77.167.35 - - [17/Sep/2022:05:36:36 -0700] "GET /feynman/partons.html HTTP/1.1" 200 5807 "-" "Mozilla/5.0 AppleWebKit/537.36 (KHTML, like Gecko; compatible; bingbot/2.0; +http://www.bing.com/bingbot.htm) Chrome/103.0.5060.134 Safari/537.36" "ysfine.com"
40.77.167.27 - - [17/Sep/2022:05:37:31 -0700] "GET /maga/naimark.html HTTP/1.1" 200 4603 "-" "Mozilla/5.0 (compatible; bingbot/2.0; +http://www.bing.com/bingbot.htm)" "ysfine.com"
114.119.128.162 - - [17/Sep/2022:05:37:40 -0700] "GET /beau/chinaf.html HTTP/1.1" 404 88 "https://ysfine.com/class54/emailed02.html" "Mozilla/5.0 (Linux; Android 7.0;) AppleWebKit/537.36 (KHTML, like Gecko) Mobile Safari/537.36 (compatible; PetalBot;+https://webmaster.petalsearch.com/site/petalbot)" "ysfine.com"
40.77.167.35 - - [17/Sep/2022:05:37:56 -0700] "GET /world/russ/khabarovsk11.jpg HTTP/1.1" 200 63033 "-" "Mozilla/5.0 (compatible; bingbot/2.0; +http://www.bing.com/bingbot.htm)" "ysfine.com"
167.235.34.112 - - [17/Sep/2022:05:37:57 -0700] "GET /kobak/sl628.jpg HTTP/1.1" 200 225100 "https://www.bing.com/" "Mozilla/5.0 (X11; Linux x86_64) AppleWebKit/537.36 (KHTML, like Gecko) HeadlessChrome/104.0.5112.101 Safari/537.36" "ysfine.com"
40.77.167.35 - - [17/Sep/2022:05:38:35 -0700] "GET /world/ital/rome049.jpg HTTP/1.1" 200 172955 "-" "Mozilla/5.0 (compatible; bingbot/2.0; +http://www.bing.com/bingbot.htm)" "ysfine.com"
157.55.39.146 - - [17/Sep/2022:05:39:01 -0700] "GET /world/wigberlin.html HTTP/1.1" 200 7173 "-" "Mozilla/5.0 AppleWebKit/537.36 (KHTML, like Gecko; compatible; bingbot/2.0; +http://www.bing.com/bingbot.htm) Chrome/103.0.5060.134 Safari/537.36" "ysfine.com"
114.119.128.162 - - [17/Sep/2022:05:39:08 -0700] "GET /class54/class5470/total_data/photo_img/7-27.jpg HTTP/1.1" 200 240967 "https://ysfine.com/class54/class5470/total_data/sub_727.htm" "Mozilla/5.0 (Linux; Android 7.0;) AppleWebKit/537.36 (KHTML, like Gecko) Mobile Safari/537.36 (compatible; PetalBot;+https://webmaster.petalsearch.com/site/petalbot)" "ysfine.com"
123.125.109.45 - - [17/Sep/2022:05:39:33 -0700] "GET / HTTP/1.1" 200 5283 "-" "Sogou web spider/4.0(+http://www.sogou.com/docs/help/webmasters.htm#07)" "www.ysfine.com"
40.77.167.33 - - [17/Sep/2022:05:39:38 -0700] "GET /style/nga.html HTTP/1.1" 200 1010 "-" "Mozilla/5.0 (compatible; bingbot/2.0; +http://www.bing.com/bingbot.htm)" "www.ysfine.com"
157.55.39.146 - - [17/Sep/2022:05:40:11 -0700] "GET /dirac/lorendir.html HTTP/1.1" 200 2426 "-" "Mozilla/5.0 AppleWebKit/537.36 (KHTML, like Gecko; compatible; bingbot/2.0; +http://www.bing.com/bingbot.htm) Chrome/103.0.5060.134 Safari/537.36" "www.ysfine.com"
40.77.167.35 - - [17/Sep/2022:05:40:14 -0700] "GET /people/ HTTP/1.1" 200 125 "-" "Mozilla/5.0 AppleWebKit/537.36 (KHTML, like Gecko; compatible; bingbot/2.0; +http://www.bing.com/bingbot.htm) Chrome/103.0.5060.134 Safari/537.36" "ysfine.com"
40.77.167.27 - - [17/Sep/2022:05:40:32 -0700] "GET /world/poland/gdn05b.jpg HTTP/1.1" 200 46788 "-" "Mozilla/5.0 (compatible; bingbot/2.0; +http://www.bing.com/bingbot.htm)" "ysfine.com"
114.119.128.162 - - [17/Sep/2022:05:40:32 -0700] "GET /ffriends/costarica01c.jpg HTTP/1.1" 200 37550 "https://www.ysfine.com/ffriends/garden.html" "Mozilla/5.0 (Linux; Android 7.0;) AppleWebKit/537.36 (KHTML, like Gecko) Mobile Safari/537.36 (compatible; PetalBot;+https://webmaster.petalsearch.com/site/petalbot)" "www.ysfine.com"
87.250.224.93 - - [17/Sep/2022:05:41:03 -0700] "GET /robots.txt HTTP/1.1" 404 73 "-" "Mozilla/5.0 (compatible; YandexBot/3.0; +http://yandex.com/bots)" "www.ysfine.com"
5.255.253.90 - - [17/Sep/2022:05:41:07 -0700] "GET /maga/phil/marx77e.jpg HTTP/1.1" 200 36863 "-" "Mozilla/5.0 (compatible; YandexImages/3.0; +http://yandex.com/bots)" "www.ysfine.com"
114.119.128.158 - - [17/Sep/2022:05:42:01 -0700] "GET /beau/amkor/konurse.html HTTP/1.1" 404 88 "https://ysfine.com/beau/korean.html" "Mozilla/5.0 (Linux; Android 7.0;) AppleWebKit/537.36 (KHTML, like Gecko) Mobile Safari/537.36 (compatible; PetalBot;+https://webmaster.petalsearch.com/site/petalbot)" "ysfine.com"
40.77.167.35 - - [17/Sep/2022:05:42:06 -0700] "GET /style/xiangran66b.jpg HTTP/1.1" 200 30098 "-" "Mozilla/5.0 AppleWebKit/537.36 (KHTML, like Gecko; compatible; bingbot/2.0; +http://www.bing.com/bingbot.htm) Chrome/103.0.5060.134 Safari/537.36" "www.ysfine.com"
40.77.167.35 - - [17/Sep/2022:05:42:34 -0700] "GET /princeton/campus.html HTTP/1.1" 200 15142 "-" "Mozilla/5.0 (compatible; bingbot/2.0; +http://www.bing.com/bingbot.htm)" "ysfine.com"
40.77.167.35 - - [17/Sep/2022:05:43:27 -0700] "GET /kobak/somap38b.jpg HTTP/1.1" 200 54149 "-" "Mozilla/5.0 (compatible; bingbot/2.0; +http://www.bing.com/bingbot.htm)" "ysfine.com"
5.255.231.107 - - [17/Sep/2022:05:43:32 -0700] "GET /heisen/math/sp2c.jpg HTTP/1.1" 200 30418 "-" "Mozilla/5.0 (compatible; YandexImages/3.0; +http://yandex.com/bots)" "www.ysfine.com"
114.119.128.14 - - [17/Sep/2022:05:43:34 -0700] "GET /ffriends/russrio22c.jpg HTTP/1.1" 200 29677 "https://www.ysfine.com/ffriends/garden.html" "Mozilla/5.0 (Linux; Android 7.0;) AppleWebKit/537.36 (KHTML, like Gecko) Mobile Safari/537.36 (compatible; PetalBot;+https://webmaster.petalsearch.com/site/petalbot)" "www.ysfine.com"
87.123.206.219 - - [17/Sep/2022:05:44:00 -0700] "GET /dirac/dirheisen31b.jpg HTTP/1.1" 200 39248 "https://www.google.com/" "Mozilla/5.0 (Linux; Android 10; SM-G960F) AppleWebKit/537.36 (KHTML, like Gecko) Chrome/105.0.0.0 Mobile Safari/537.36" "ysfine.com"
87.123.206.219 - - [17/Sep/2022:05:44:07 -0700] "GET /dirac/dirheisen30.jpg HTTP/1.1" 200 141929 "https://www.google.com/" "Mozilla/5.0 (Linux; Android 10; SM-G960F) AppleWebKit/537.36 (KHTML, like Gecko) Chrome/105.0.0.0 Mobile Safari/537.36" "ysfine.com"
87.123.206.219 - - [17/Sep/2022:05:44:22 -0700] "GET /dirac/dirfoc62.jpg HTTP/1.1" 200 192075 "https://www.google.com/" "Mozilla/5.0 (Linux; Android 10; SM-G960F) AppleWebKit/537.36 (KHTML, like Gecko) Chrome/105.0.0.0 Mobile Safari/537.36" "ysfine.com"
40.77.167.27 - - [17/Sep/2022:05:44:23 -0700] "GET /world/kiev.html HTTP/1.1" 200 4582 "-" "Mozilla/5.0 (compatible; bingbot/2.0; +http://www.bing.com/bingbot.htm)" "ysfine.com"
40.77.167.62 - - [17/Sep/2022:05:45:03 -0700] "GET /home/hepth.html HTTP/1.1" 200 2544 "-" "Mozilla/5.0 AppleWebKit/537.36 (KHTML, like Gecko; compatible; bingbot/2.0; +http://www.bing.com/bingbot.htm) Chrome/103.0.5060.134 Safari/537.36" "ysfine.com"
96.32.134.254 - - [17/Sep/2022:05:46:06 -0700] "GET /wigner/neum/vnc08.jpg HTTP/1.1" 200 107974 "https://www.google.com/" "Mozilla/5.0 (Windows NT 10.0; Win64; x64) AppleWebKit/537.36 (KHTML, like Gecko) Chrome/105.0.0.0 Safari/537.36" "ysfine.com"
40.77.167.33 - - [17/Sep/2022:05:47:08 -0700] "GET /world/cambr.html HTTP/1.1" 200 6189 "-" "Mozilla/5.0 (compatible; bingbot/2.0; +http://www.bing.com/bingbot.htm)" "ysfine.com"
40.77.167.35 - - [17/Sep/2022:05:47:14 -0700] "GET /maga/landau.html HTTP/1.1" 200 6658 "-" "Mozilla/5.0 (compatible; bingbot/2.0; +http://www.bing.com/bingbot.htm)" "ysfine.com"
114.119.128.162 - - [17/Sep/2022:05:48:00 -0700] "GET /class54/class5470/total_data/photo_img/5-16.jpg HTTP/1.1" 200 267481 "https://ysfine.com/class54/class5470/total_data/sub_516.htm" "Mozilla/5.0 (Linux; Android 7.0;) AppleWebKit/537.36 (KHTML, like Gecko) Mobile Safari/537.36 (compatible; PetalBot;+https://webmaster.petalsearch.com/site/petalbot)" "ysfine.com"
40.77.167.62 - - [17/Sep/2022:05:48:04 -0700] "GET /style/cameras/contax.html HTTP/1.1" 200 3773 "-" "Mozilla/5.0 (compatible; bingbot/2.0; +http://www.bing.com/bingbot.htm)" "ysfine.com"
40.77.167.35 - - [17/Sep/2022:05:48:37 -0700] "GET /usca/pitt/emblem01.jpg HTTP/1.1" 200 134378 "-" "Mozilla/5.0 (compatible; bingbot/2.0; +http://www.bing.com/bingbot.htm)" "ysfine.com"
157.55.39.146 - - [17/Sep/2022:05:48:42 -0700] "GET /maga/sarnoff.html HTTP/1.1" 200 7540 "-" "Mozilla/5.0 AppleWebKit/537.36 (KHTML, like Gecko; compatible; bingbot/2.0; +http://www.bing.com/bingbot.htm) Chrome/103.0.5060.134 Safari/537.36" "ysfine.com"
157.55.39.146 - - [17/Sep/2022:05:48:42 -0700] "GET /kobak/rheetr.html HTTP/1.1" 200 838 "-" "Mozilla/5.0 AppleWebKit/537.36 (KHTML, like Gecko; compatible; bingbot/2.0; +http://www.bing.com/bingbot.htm) Chrome/103.0.5060.134 Safari/537.36" "ysfine.com"
40.77.167.35 - - [17/Sep/2022:05:49:34 -0700] "GET /dirac/bankers.html HTTP/1.1" 200 4453 "-" "Mozilla/5.0 AppleWebKit/537.36 (KHTML, like Gecko; compatible; bingbot/2.0; +http://www.bing.com/bingbot.htm) Chrome/103.0.5060.134 Safari/537.36" "ysfine.com"
