77.191.162.112 - - [17/Sep/2022:02:59:40 -0700] "GET /home/eward55a.jpg HTTP/1.1" 200 84523 "https://ysfine.com/home/hmrigh.html" "Mozilla/5.0 (Windows NT 10.0; Win64; x64; rv:104.0) Gecko/20100101 Firefox/104.0" "ysfine.com"
77.191.162.112 - - [17/Sep/2022:02:59:40 -0700] "GET /home/facu63c.jpg HTTP/1.1" 200 41710 "https://ysfine.com/home/hmrigh.html" "Mozilla/5.0 (Windows NT 10.0; Win64; x64; rv:104.0) Gecko/20100101 Firefox/104.0" "ysfine.com"
77.191.162.112 - - [17/Sep/2022:02:59:40 -0700] "GET /home/top21c.jpg HTTP/1.1" 200 53120 "https://ysfine.com/home/hmrigh.html" "Mozilla/5.0 (Windows NT 10.0; Win64; x64; rv:104.0) Gecko/20100101 Firefox/104.0" "ysfine.com"
77.191.162.112 - - [17/Sep/2022:02:59:40 -0700] "GET /home/tollwig11c.jpg HTTP/1.1" 200 28199 "https://ysfine.com/home/hmrigh.html" "Mozilla/5.0 (Windows NT 10.0; Win64; x64; rv:104.0) Gecko/20100101 Firefox/104.0" "ysfine.com"
77.191.162.112 - - [17/Sep/2022:02:59:40 -0700] "GET /eink/eink54a.jpg HTTP/1.1" 200 79717 "https://ysfine.com/home/hmrigh.html" "Mozilla/5.0 (Windows NT 10.0; Win64; x64; rv:104.0) Gecko/20100101 Firefox/104.0" "ysfine.com"
77.191.162.112 - - [17/Sep/2022:02:59:40 -0700] "GET /home/comet50a.jpg HTTP/1.1" 200 52015 "https://ysfine.com/home/hmrigh.html" "Mozilla/5.0 (Windows NT 10.0; Win64; x64; rv:104.0) Gecko/20100101 Firefox/104.0" "ysfine.com"
77.191.162.112 - - [17/Sep/2022:02:59:40 -0700] "GET /home/further22a.jpg HTTP/1.1" 200 75776 "https://ysfine.com/home/hmrigh.html" "Mozilla/5.0 (Windows NT 10.0; Win64; x64; rv:104.0) Gecko/20100101 Firefox/104.0" "ysfine.com"
77.191.162.112 - - [17/Sep/2022:02:59:40 -0700] "GET /home/eink77c.jpg HTTP/1.1" 200 47471 "https://ysfine.com/home/hmrigh.html" "Mozilla/5.0 (Windows NT 10.0; Win64; x64; rv:104.0) Gecko/20100101 Firefox/104.0" "ysfine.com"
77.191.162.112 - - [17/Sep/2022:02:59:40 -0700] "GET /home/emc22a.jpg HTTP/1.1" 200 59239 "https://ysfine.com/home/hmrigh.html" "Mozilla/5.0 (Windows NT 10.0; Win64; x64; rv:104.0) Gecko/20100101 Firefox/104.0" "ysfine.com"
77.191.162.112 - - [17/Sep/2022:02:59:40 -0700] "GET /home/coke300.jpg HTTP/1.1" 200 50941 "https://ysfine.com/home/hmrigh.html" "Mozilla/5.0 (Windows NT 10.0; Win64; x64; rv:104.0) Gecko/20100101 Firefox/104.0" "ysfine.com"
77.191.162.112 - - [17/Sep/2022:02:59:40 -0700] "GET /home/think55c.jpg HTTP/1.1" 200 37438 "https://ysfine.com/home/hmrigh.html" "Mozilla/5.0 (Windows NT 10.0; Win64; x64; rv:104.0) Gecko/20100101 Firefox/104.0" "ysfine.com"
77.191.162.112 - - [17/Sep/2022:02:59:40 -0700] "GET /home/socrates55c.jpg HTTP/1.1" 200 36471 "https://ysfine.com/home/hmrigh.html" "Mozilla/5.0 (Windows NT 10.0; Win64; x64; rv:104.0) Gecko/20100101 Firefox/104.0" "ysfine.com"
77.191.162.112 - - [17/Sep/2022:02:59:40 -0700] "GET /home/figs/einbohr33c.jpg HTTP/1.1" 200 36413 "https://ysfine.com/home/hmrigh.html" "Mozilla/5.0 (Windows NT 10.0; Win64; x64; rv:104.0) Gecko/20100101 Firefox/104.0" "ysfine.com"
77.191.162.112 - - [17/Sep/2022:02:59:41 -0700] "GET /kobak/taylor33c.jpg HTTP/1.1" 200 39951 "-" "Mozilla/5.0 (Windows NT 10.0; Win64; x64; rv:104.0) Gecko/20100101 Firefox/104.0" "ysfine.com"
77.191.162.112 - - [17/Sep/2022:02:59:41 -0700] "GET /eink/einhaus33c.jpg HTTP/1.1" 200 23792 "-" "Mozilla/5.0 (Windows NT 10.0; Win64; x64; rv:104.0) Gecko/20100101 Firefox/104.0" "ysfine.com"
77.191.162.112 - - [17/Sep/2022:02:59:41 -0700] "GET /eink/einhaus11c.jpg HTTP/1.1" 200 42522 "-" "Mozilla/5.0 (Windows NT 10.0; Win64; x64; rv:104.0) Gecko/20100101 Firefox/104.0" "ysfine.com"
20.41.106.234 - - [17/Sep/2022:02:59:41 -0700] "GET /images/ HTTP/1.1" 404 88 "binance.com" "Mozilla/5.0 (Windows NT 10.0; Win64; x64) AppleWebKit/537.36 (KHTML, like Gecko) Chrome/90.0.4430.85 Safari/537.36" "ysfine.com"
20.41.106.234 - - [17/Sep/2022:02:59:46 -0700] "GET /files/ HTTP/1.1" 404 88 "binance.com" "Mozilla/5.0 (Windows NT 10.0; Win64; x64) AppleWebKit/537.36 (KHTML, like Gecko) Chrome/90.0.4430.85 Safari/537.36" "ysfine.com"
40.77.167.33 - - [17/Sep/2022:03:00:12 -0700] "GET /world/spain/madrif05.jpg HTTP/1.1" 200 243297 "-" "Mozilla/5.0 AppleWebKit/537.36 (KHTML, like Gecko; compatible; bingbot/2.0; +http://www.bing.com/bingbot.htm) Chrome/103.0.5060.134 Safari/537.36" "www.ysfine.com"
77.191.162.112 - - [17/Sep/2022:03:01:09 -0700] "GET /eink/einhaus33c.jpg HTTP/1.1" 200 23792 "-" "Mozilla/5.0 (Windows NT 10.0; Win64; x64; rv:104.0) Gecko/20100101 Firefox/104.0" "ysfine.com"
77.191.162.112 - - [17/Sep/2022:03:01:09 -0700] "GET /kobak/taylor33c.jpg HTTP/1.1" 200 39951 "-" "Mozilla/5.0 (Windows NT 10.0; Win64; x64; rv:104.0) Gecko/20100101 Firefox/104.0" "ysfine.com"
77.191.162.112 - - [17/Sep/2022:03:01:09 -0700] "GET /eink/einhaus11c.jpg HTTP/1.1" 200 42522 "-" "Mozilla/5.0 (Windows NT 10.0; Win64; x64; rv:104.0) Gecko/20100101 Firefox/104.0" "ysfine.com"
77.191.162.112 - - [17/Sep/2022:03:01:35 -0700] "GET /home/wigstu.html HTTP/1.1" 200 4212 "https://ysfine.com/home/hmleft.html" "Mozilla/5.0 (Windows NT 10.0; Win64; x64; rv:104.0) Gecko/20100101 Firefox/104.0" "ysfine.com"
77.191.162.112 - - [17/Sep/2022:03:01:35 -0700] "GET /wigner/wigwein33c.jpg HTTP/1.1" 200 47176 "https://ysfine.com/home/wigstu.html" "Mozilla/5.0 (Windows NT 10.0; Win64; x64; rv:104.0) Gecko/20100101 Firefox/104.0" "ysfine.com"
77.191.162.112 - - [17/Sep/2022:03:01:35 -0700] "GET /home/figs/isomor77f.jpg HTTP/1.1" 200 62704 "https://ysfine.com/home/wigstu.html" "Mozilla/5.0 (Windows NT 10.0; Win64; x64; rv:104.0) Gecko/20100101 Firefox/104.0" "ysfine.com"
77.191.162.112 - - [17/Sep/2022:03:01:35 -0700] "GET /wigner/mzero03c.jpg HTTP/1.1" 200 22641 "https://ysfine.com/home/wigstu.html" "Mozilla/5.0 (Windows NT 10.0; Win64; x64; rv:104.0) Gecko/20100101 Firefox/104.0" "ysfine.com"
77.191.162.112 - - [17/Sep/2022:03:01:35 -0700] "GET /wigner/euclid05c.jpg HTTP/1.1" 200 27861 "https://ysfine.com/home/wigstu.html" "Mozilla/5.0 (Windows NT 10.0; Win64; x64; rv:104.0) Gecko/20100101 Firefox/104.0" "ysfine.com"
77.191.162.112 - - [17/Sep/2022:03:01:35 -0700] "GET /eink/pwk19c.jpg HTTP/1.1" 200 57759 "https://ysfine.com/home/wigstu.html" "Mozilla/5.0 (Windows NT 10.0; Win64; x64; rv:104.0) Gecko/20100101 Firefox/104.0" "ysfine.com"
77.191.162.112 - - [17/Sep/2022:03:01:35 -0700] "GET /wigner/wighome11c.jpg HTTP/1.1" 200 45648 "https://ysfine.com/home/wigstu.html" "Mozilla/5.0 (Windows NT 10.0; Win64; x64; rv:104.0) Gecko/20100101 Firefox/104.0" "ysfine.com"
77.191.162.112 - - [17/Sep/2022:03:01:35 -0700] "GET /home/taylor450.jpg HTTP/1.1" 200 68527 "https://ysfine.com/home/wigstu.html" "Mozilla/5.0 (Windows NT 10.0; Win64; x64; rv:104.0) Gecko/20100101 Firefox/104.0" "ysfine.com"
69.94.87.196 - - [17/Sep/2022:03:02:42 -0700] "GET /world/brit/eton09.jpg HTTP/1.1" 200 102035 "https://www.bing.com/" "Mozilla/5.0 (Windows NT 10.0; Win64; x64) AppleWebKit/537.36 (KHTML, like Gecko) Chrome/105.0.0.0 Safari/537.36 Edg/105.0.1343.33" "www.ysfine.com"
77.191.162.112 - - [17/Sep/2022:03:02:46 -0700] "GET /wigner/wighome11.jpg HTTP/1.1" 200 201679 "https://ysfine.com/home/wigstu.html" "Mozilla/5.0 (Windows NT 10.0; Win64; x64; rv:104.0) Gecko/20100101 Firefox/104.0" "ysfine.com"
69.94.87.196 - - [17/Sep/2022:03:02:53 -0700] "GET /world/brit/harrow01.jpg HTTP/1.1" 200 116031 "https://www.bing.com/" "Mozilla/5.0 (Windows NT 10.0; Win64; x64) AppleWebKit/537.36 (KHTML, like Gecko) Chrome/105.0.0.0 Safari/537.36 Edg/105.0.1343.33" "ysfine.com"
157.55.39.146 - - [17/Sep/2022:03:02:55 -0700] "GET /kobak/rheetr2.jpg HTTP/1.1" 200 43503 "-" "Mozilla/5.0 (compatible; bingbot/2.0; +http://www.bing.com/bingbot.htm)" "www.ysfine.com"
69.94.87.196 - - [17/Sep/2022:03:02:57 -0700] "GET /world/brit/eton11.jpg HTTP/1.1" 200 107084 "https://www.bing.com/" "Mozilla/5.0 (Windows NT 10.0; Win64; x64) AppleWebKit/537.36 (KHTML, like Gecko) Chrome/105.0.0.0 Safari/537.36 Edg/105.0.1343.33" "www.ysfine.com"
72.14.201.166 - - [17/Sep/2022:03:03:49 -0700] "GET /world/brit/etonharrow.html HTTP/1.1" 200 4546 "-" "Mozilla/5.0 (Linux; Android 10; K) AppleWebKit/537.36 (KHTML, like Gecko) Chrome/105.0.0.0 Mobile Safari/537.36" "ysfine.com"
40.77.167.35 - - [17/Sep/2022:03:04:01 -0700] "GET /world/germany/berlin173.jpg HTTP/1.1" 200 261181 "-" "Mozilla/5.0 AppleWebKit/537.36 (KHTML, like Gecko; compatible; bingbot/2.0; +http://www.bing.com/bingbot.htm) Chrome/103.0.5060.134 Safari/537.36" "ysfine.com"
77.75.79.31 - - [17/Sep/2022:03:04:25 -0700] "GET /einstein/einphil.html HTTP/1.1" 200 2312 "-" "Mozilla/5.0 (compatible; SeznamBot/4.0-RC1; +http://napoveda.seznam.cz/seznambot-intro/)" "ysfine.com"
40.77.167.35 - - [17/Sep/2022:03:04:38 -0700] "GET /world/hungary/hunstu10.jpg HTTP/1.1" 200 59037 "-" "Mozilla/5.0 (compatible; bingbot/2.0; +http://www.bing.com/bingbot.htm)" "www.ysfine.com"
40.77.167.27 - - [17/Sep/2022:03:05:16 -0700] "GET /world/germany/mucf23.jpg HTTP/1.1" 200 153257 "-" "Mozilla/5.0 (compatible; bingbot/2.0; +http://www.bing.com/bingbot.htm)" "www.ysfine.com"
40.77.167.27 - - [17/Sep/2022:03:06:26 -0700] "GET /dongio/germpol01.jpg HTTP/1.1" 404 88 "-" "Mozilla/5.0 (compatible; bingbot/2.0; +http://www.bing.com/bingbot.htm)" "ysfine.com"
40.77.167.27 - - [17/Sep/2022:03:06:35 -0700] "GET /world/scandi/sto030.jpg HTTP/1.1" 200 108612 "-" "Mozilla/5.0 AppleWebKit/537.36 (KHTML, like Gecko; compatible; bingbot/2.0; +http://www.bing.com/bingbot.htm) Chrome/103.0.5060.134 Safari/537.36" "ysfine.com"
40.77.167.33 - - [17/Sep/2022:03:07:02 -0700] "GET /world/poland/waw03.jpg HTTP/1.1" 200 75886 "-" "Mozilla/5.0 (compatible; bingbot/2.0; +http://www.bing.com/bingbot.htm)" "ysfine.com"
40.77.167.35 - - [17/Sep/2022:03:07:08 -0700] "GET /world/russ/spb31.jpg HTTP/1.1" 200 118085 "-" "Mozilla/5.0 (compatible; bingbot/2.0; +http://www.bing.com/bingbot.htm)" "www.ysfine.com"
5.45.207.153 - - [17/Sep/2022:03:07:39 -0700] "GET /robots.txt HTTP/1.1" 404 73 "-" "Mozilla/5.0 (compatible; YandexBot/3.0; +http://yandex.com/bots)" "www.ysfine.com"
213.180.203.6 - - [17/Sep/2022:03:07:43 -0700] "GET /world/germany/berlin029b.jpg HTTP/1.1" 200 34931 "-" "Mozilla/5.0 (compatible; YandexImages/3.0; +http://yandex.com/bots)" "www.ysfine.com"
40.77.167.35 - - [17/Sep/2022:03:08:21 -0700] "GET /world/scandi/copenf12.jpg HTTP/1.1" 200 92954 "-" "Mozilla/5.0 (compatible; bingbot/2.0; +http://www.bing.com/bingbot.htm)" "www.ysfine.com"
40.77.167.62 - - [17/Sep/2022:03:08:28 -0700] "GET /wigner/mgm.jpg HTTP/1.1" 200 76875 "-" "Mozilla/5.0 (compatible; bingbot/2.0; +http://www.bing.com/bingbot.htm)" "ysfine.com"
77.191.162.112 - - [17/Sep/2022:03:08:49 -0700] "GET /feynman/feynbot.html HTTP/1.1" 200 138 "https://ysfine.com/home/hmtop.html" "Mozilla/5.0 (Windows NT 10.0; Win64; x64; rv:104.0) Gecko/20100101 Firefox/104.0" "ysfine.com"
77.191.162.112 - - [17/Sep/2022:03:08:49 -0700] "GET /feynman/feynleft.html HTTP/1.1" 200 523 "https://ysfine.com/feynman/feynbot.html" "Mozilla/5.0 (Windows NT 10.0; Win64; x64; rv:104.0) Gecko/20100101 Firefox/104.0" "ysfine.com"
77.191.162.112 - - [17/Sep/2022:03:08:49 -0700] "GET /feynman/feynrigh.html HTTP/1.1" 200 2183 "https://ysfine.com/feynman/feynbot.html" "Mozilla/5.0 (Windows NT 10.0; Win64; x64; rv:104.0) Gecko/20100101 Firefox/104.0" "ysfine.com"
77.191.162.112 - - [17/Sep/2022:03:08:49 -0700] "GET /feynman/feyfirm3.jpg HTTP/1.1" 200 39603 "https://ysfine.com/feynman/feynrigh.html" "Mozilla/5.0 (Windows NT 10.0; Win64; x64; rv:104.0) Gecko/20100101 Firefox/104.0" "ysfine.com"
77.191.162.112 - - [17/Sep/2022:03:08:49 -0700] "GET /feynman/feyn86b.jpg HTTP/1.1" 200 26190 "https://ysfine.com/feynman/feynrigh.html" "Mozilla/5.0 (Windows NT 10.0; Win64; x64; rv:104.0) Gecko/20100101 Firefox/104.0" "ysfine.com"
77.191.162.112 - - [17/Sep/2022:03:08:49 -0700] "GET /feynman/jacdrum11b.jpg HTTP/1.1" 200 49846 "https://ysfine.com/feynman/feynrigh.html" "Mozilla/5.0 (Windows NT 10.0; Win64; x64; rv:104.0) Gecko/20100101 Firefox/104.0" "ysfine.com"
17.121.115.24 - - [17/Sep/2022:03:09:48 -0700] "GET /home/bio33.html HTTP/1.1" 200 5265 "-" "Mozilla/5.0 (Macintosh; Intel Mac OS X 10_15_5) AppleWebKit/605.1.15 (KHTML, like Gecko) Version/13.1.1 Safari/605.1.15 (Applebot/0.1; +http://www.apple.com/go/applebot)" "ysfine.com"
77.191.162.112 - - [17/Sep/2022:03:11:15 -0700] "GET /dirac/dirbot.html HTTP/1.1" 200 130 "https://ysfine.com/home/hmtop.html" "Mozilla/5.0 (Windows NT 10.0; Win64; x64; rv:104.0) Gecko/20100101 Firefox/104.0" "ysfine.com"
77.191.162.112 - - [17/Sep/2022:03:11:15 -0700] "GET /dirac/dirleft.html HTTP/1.1" 200 716 "https://ysfine.com/dirac/dirbot.html" "Mozilla/5.0 (Windows NT 10.0; Win64; x64; rv:104.0) Gecko/20100101 Firefox/104.0" "ysfine.com"
77.191.162.112 - - [17/Sep/2022:03:11:15 -0700] "GET /dirac/dirkim.html HTTP/1.1" 200 3690 "https://ysfine.com/dirac/dirbot.html" "Mozilla/5.0 (Windows NT 10.0; Win64; x64; rv:104.0) Gecko/20100101 Firefox/104.0" "ysfine.com"
77.191.162.112 - - [17/Sep/2022:03:11:15 -0700] "GET /home/goodbad11c.jpg HTTP/1.1" 200 18799 "https://ysfine.com/dirac/dirkim.html" "Mozilla/5.0 (Windows NT 10.0; Win64; x64; rv:104.0) Gecko/20100101 Firefox/104.0" "ysfine.com"
77.191.162.112 - - [17/Sep/2022:03:11:15 -0700] "GET /dirac/sq73c.jpg HTTP/1.1" 200 35501 "https://ysfine.com/dirac/dirkim.html" "Mozilla/5.0 (Windows NT 10.0; Win64; x64; rv:104.0) Gecko/20100101 Firefox/104.0" "ysfine.com"
77.191.162.112 - - [17/Sep/2022:03:11:15 -0700] "GET /eink/eink61c.jpg HTTP/1.1" 200 34119 "https://ysfine.com/dirac/dirkim.html" "Mozilla/5.0 (Windows NT 10.0; Win64; x64; rv:104.0) Gecko/20100101 Firefox/104.0" "ysfine.com"
77.191.162.112 - - [17/Sep/2022:03:11:15 -0700] "GET /dirac/dirbust22c.jpg HTTP/1.1" 200 36029 "https://ysfine.com/dirac/dirkim.html" "Mozilla/5.0 (Windows NT 10.0; Win64; x64; rv:104.0) Gecko/20100101 Firefox/104.0" "ysfine.com"
77.191.162.112 - - [17/Sep/2022:03:11:15 -0700] "GET /eink/wsj21a.jpg HTTP/1.1" 200 117645 "https://ysfine.com/dirac/dirkim.html" "Mozilla/5.0 (Windows NT 10.0; Win64; x64; rv:104.0) Gecko/20100101 Firefox/104.0" "ysfine.com"
77.191.162.112 - - [17/Sep/2022:03:11:15 -0700] "GET /dirac/dirac11c.jpg HTTP/1.1" 200 39003 "https://ysfine.com/dirac/dirkim.html" "Mozilla/5.0 (Windows NT 10.0; Win64; x64; rv:104.0) Gecko/20100101 Firefox/104.0" "ysfine.com"
77.191.162.112 - - [17/Sep/2022:03:11:15 -0700] "GET /dirac/nicodem11c.jpg HTTP/1.1" 200 72684 "https://ysfine.com/dirac/dirkim.html" "Mozilla/5.0 (Windows NT 10.0; Win64; x64; rv:104.0) Gecko/20100101 Firefox/104.0" "ysfine.com"
77.191.162.112 - - [17/Sep/2022:03:11:15 -0700] "GET /feynman/feydirac300.jpg HTTP/1.1" 200 38223 "https://ysfine.com/dirac/dirkim.html" "Mozilla/5.0 (Windows NT 10.0; Win64; x64; rv:104.0) Gecko/20100101 Firefox/104.0" "ysfine.com"
40.77.167.62 - - [17/Sep/2022:03:12:09 -0700] "GET /maga/phil/marxlon02b.jpg HTTP/1.1" 200 53086 "-" "Mozilla/5.0 (compatible; bingbot/2.0; +http://www.bing.com/bingbot.htm)" "ysfine.com"
157.55.39.146 - - [17/Sep/2022:03:13:36 -0700] "GET /fbook/kewha66.jpg HTTP/1.1" 200 59963 "-" "Mozilla/5.0 (compatible; bingbot/2.0; +http://www.bing.com/bingbot.htm)" "ysfine.com"
40.77.167.27 - - [17/Sep/2022:03:14:57 -0700] "GET /world/balkan/turkmodo02.jpg HTTP/1.1" 200 92914 "-" "Mozilla/5.0 (compatible; bingbot/2.0; +http://www.bing.com/bingbot.htm)" "ysfine.com"
40.77.167.62 - - [17/Sep/2022:03:15:08 -0700] "GET /world/china/shenyang01b.jpg HTTP/1.1" 200 36992 "-" "Mozilla/5.0 (compatible; bingbot/2.0; +http://www.bing.com/bingbot.htm)" "www.ysfine.com"
193.186.4.20 - - [17/Sep/2022:03:15:43 -0700] "GET /world/brit/etonharrow.html HTTP/1.1" 200 4546 "-" "Mozilla/5.0 (Linux; Android 10; K) AppleWebKit/537.36 (KHTML, like Gecko) Chrome/105.0.0.0 Mobile Safari/537.36" "ysfine.com"
77.191.162.112 - - [17/Sep/2022:03:17:33 -0700] "GET /einstein/einbot.html HTTP/1.1" 200 126 "https://ysfine.com/home/hmtop.html" "Mozilla/5.0 (Windows NT 10.0; Win64; x64; rv:104.0) Gecko/20100101 Firefox/104.0" "ysfine.com"
77.191.162.112 - - [17/Sep/2022:03:17:33 -0700] "GET /einstein/einleft.html HTTP/1.1" 200 735 "https://ysfine.com/einstein/einbot.html" "Mozilla/5.0 (Windows NT 10.0; Win64; x64; rv:104.0) Gecko/20100101 Firefox/104.0" "ysfine.com"
77.191.162.112 - - [17/Sep/2022:03:17:33 -0700] "GET /einstein/einkim.html HTTP/1.1" 200 3731 "https://ysfine.com/einstein/einbot.html" "Mozilla/5.0 (Windows NT 10.0; Win64; x64; rv:104.0) Gecko/20100101 Firefox/104.0" "ysfine.com"
77.191.162.112 - - [17/Sep/2022:03:17:34 -0700] "GET /einstein/orren11c.jpg HTTP/1.1" 200 21314 "https://ysfine.com/einstein/einkim.html" "Mozilla/5.0 (Windows NT 10.0; Win64; x64; rv:104.0) Gecko/20100101 Firefox/104.0" "ysfine.com"
77.191.162.112 - - [17/Sep/2022:03:17:34 -0700] "GET /einstein/eins47c.jpg HTTP/1.1" 200 43054 "https://ysfine.com/einstein/einkim.html" "Mozilla/5.0 (Windows NT 10.0; Win64; x64; rv:104.0) Gecko/20100101 Firefox/104.0" "ysfine.com"
77.191.162.112 - - [17/Sep/2022:03:17:34 -0700] "GET /home/resonance33c.jpg HTTP/1.1" 200 36247 "https://ysfine.com/einstein/einkim.html" "Mozilla/5.0 (Windows NT 10.0; Win64; x64; rv:104.0) Gecko/20100101 Firefox/104.0" "ysfine.com"
77.191.162.112 - - [17/Sep/2022:03:17:34 -0700] "GET /einstein/einbohr33c.jpg HTTP/1.1" 200 36410 "https://ysfine.com/einstein/einkim.html" "Mozilla/5.0 (Windows NT 10.0; Win64; x64; rv:104.0) Gecko/20100101 Firefox/104.0" "ysfine.com"
77.191.162.112 - - [17/Sep/2022:03:17:34 -0700] "GET /einstein/ysturner11c.jpg HTTP/1.1" 200 39604 "https://ysfine.com/einstein/einkim.html" "Mozilla/5.0 (Windows NT 10.0; Win64; x64; rv:104.0) Gecko/20100101 Firefox/104.0" "ysfine.com"
77.191.162.112 - - [17/Sep/2022:03:17:34 -0700] "GET /einstein/eward33d.jpg HTTP/1.1" 200 61786 "https://ysfine.com/einstein/einkim.html" "Mozilla/5.0 (Windows NT 10.0; Win64; x64; rv:104.0) Gecko/20100101 Firefox/104.0" "ysfine.com"
77.191.162.112 - - [17/Sep/2022:03:17:34 -0700] "GET /einstein/pdugard17a.jpg HTTP/1.1" 200 92931 "https://ysfine.com/einstein/einkim.html" "Mozilla/5.0 (Windows NT 10.0; Win64; x64; rv:104.0) Gecko/20100101 Firefox/104.0" "ysfine.com"
77.191.162.112 - - [17/Sep/2022:03:17:34 -0700] "GET /home/dwf55a.jpg HTTP/1.1" 200 54743 "https://ysfine.com/einstein/einkim.html" "Mozilla/5.0 (Windows NT 10.0; Win64; x64; rv:104.0) Gecko/20100101 Firefox/104.0" "ysfine.com"
77.191.162.112 - - [17/Sep/2022:03:17:34 -0700] "GET /einstein/keigel77a.jpg HTTP/1.1" 200 59466 "https://ysfine.com/einstein/einkim.html" "Mozilla/5.0 (Windows NT 10.0; Win64; x64; rv:104.0) Gecko/20100101 Firefox/104.0" "ysfine.com"
40.77.167.35 - - [17/Sep/2022:03:18:29 -0700] "GET /wdc/whxmas18b.jpg HTTP/1.1" 200 46539 "-" "Mozilla/5.0 AppleWebKit/537.36 (KHTML, like Gecko; compatible; bingbot/2.0; +http://www.bing.com/bingbot.htm) Chrome/103.0.5060.134 Safari/537.36" "www.ysfine.com"
40.77.167.33 - - [17/Sep/2022:03:18:34 -0700] "GET /sbk/2002nyc22.jpg HTTP/1.1" 200 171993 "-" "Mozilla/5.0 (compatible; bingbot/2.0; +http://www.bing.com/bingbot.htm)" "www.ysfine.com"
5.255.231.246 - - [17/Sep/2022:03:18:42 -0700] "GET /einstein/places/einmu20.jpg HTTP/1.1" 200 77560 "-" "Mozilla/5.0 (compatible; YandexImages/3.0; +http://yandex.com/bots)" "www.ysfine.com"
40.77.167.35 - - [17/Sep/2022:03:19:23 -0700] "GET /kobak/sorae/church06.jpg HTTP/1.1" 200 171196 "-" "Mozilla/5.0 (compatible; bingbot/2.0; +http://www.bing.com/bingbot.htm)" "www.ysfine.com"
78.46.220.75 - - [17/Sep/2022:03:20:24 -0700] "GET /maga/phys/schrod11b.jpg HTTP/1.1" 200 36796 "-" "Mozilla/5.0 (X11; Fedora; Linux x86_64) AppleWebKit/537.36 (KHTML, like Gecko) Chrome/79.0.3945.117 Safari/537.36" "ysfine.com"
40.77.167.27 - - [17/Sep/2022:03:20:48 -0700] "GET /world/scandi/wignob06.jpg HTTP/1.1" 200 87630 "-" "Mozilla/5.0 AppleWebKit/537.36 (KHTML, like Gecko; compatible; bingbot/2.0; +http://www.bing.com/bingbot.htm) Chrome/103.0.5060.134 Safari/537.36" "www.ysfine.com"
40.77.167.35 - - [17/Sep/2022:03:22:04 -0700] "GET /style/socrates55b.jpg HTTP/1.1" 200 35320 "-" "Mozilla/5.0 (compatible; bingbot/2.0; +http://www.bing.com/bingbot.htm)" "www.ysfine.com"
77.75.79.31 - - [17/Sep/2022:03:22:05 -0700] "GET /einstein/ulm.html HTTP/1.1" 200 6713 "-" "Mozilla/5.0 (compatible; SeznamBot/4.0-RC1; +http://napoveda.seznam.cz/seznambot-intro/)" "ysfine.com"
40.77.167.99 - - [17/Sep/2022:03:22:34 -0700] "GET /robots.txt HTTP/1.1" 404 88 "-" "Mozilla/5.0 AppleWebKit/537.36 (KHTML, like Gecko; compatible; bingbot/2.0; +http://www.bing.com/bingbot.htm) Chrome/103.0.5060.134 Safari/537.36" "www.ysfine.com"
40.77.167.35 - - [17/Sep/2022:03:22:43 -0700] "GET /sbk/2009praha11.jpg HTTP/1.1" 200 229000 "-" "Mozilla/5.0 AppleWebKit/537.36 (KHTML, like Gecko; compatible; bingbot/2.0; +http://www.bing.com/bingbot.htm) Chrome/103.0.5060.134 Safari/537.36" "www.ysfine.com"
157.55.39.146 - - [17/Sep/2022:03:24:17 -0700] "GET /world/poland/degalle33.jpg HTTP/1.1" 200 91700 "-" "Mozilla/5.0 (compatible; bingbot/2.0; +http://www.bing.com/bingbot.htm)" "www.ysfine.com"
213.180.203.23 - - [17/Sep/2022:03:24:40 -0700] "GET /style/beetho77.jpg HTTP/1.1" 200 96297 "-" "Mozilla/5.0 (compatible; YandexImages/3.0; +http://yandex.com/bots)" "www.ysfine.com"
40.77.167.33 - - [17/Sep/2022:03:24:44 -0700] "GET /maga/phil/marxlon02.jpg HTTP/1.1" 200 167564 "-" "Mozilla/5.0 AppleWebKit/537.36 (KHTML, like Gecko; compatible; bingbot/2.0; +http://www.bing.com/bingbot.htm) Chrome/103.0.5060.134 Safari/537.36" "www.ysfine.com"
77.75.79.31 - - [17/Sep/2022:03:24:45 -0700] "GET /kowar/wartop.html HTTP/1.1" 200 443 "-" "Mozilla/5.0 (compatible; SeznamBot/4.0-RC1; +http://napoveda.seznam.cz/seznambot-intro/)" "ysfine.com"
146.158.217.209 - - [17/Sep/2022:03:26:10 -0700] "GET /style/musee/britmu16.jpg HTTP/1.1" 200 70546 "https://www.bing.com/" "Mozilla/5.0 (Windows NT 10.0; Win64; x64) AppleWebKit/537.36 (KHTML, like Gecko) Chrome/105.0.0.0 Safari/537.36 Edg/105.0.1343.33" "www.ysfine.com"
93.73.179.112 - - [17/Sep/2022:03:27:01 -0700] "GET /heisen/einheisen54.html HTTP/1.1" 200 12708 "https://ysfine.com/heisen/einheisen54.html" "Mozilla/5.0 (Windows NT 6.3; Win64; x64) AppleWebKit/537.36 (KHTML, like Gecko) Chrome/90.0.4430.72 Safari/537.36" "ysfine.com"
157.55.39.146 - - [17/Sep/2022:03:27:58 -0700] "GET /world/poland/coperni11b.jpg HTTP/1.1" 200 28750 "-" "Mozilla/5.0 (compatible; bingbot/2.0; +http://www.bing.com/bingbot.htm)" "ysfine.com"
157.55.39.146 - - [17/Sep/2022:03:28:08 -0700] "GET /beau/britprof01.jpg HTTP/1.1" 404 88 "-" "Mozilla/5.0 AppleWebKit/537.36 (KHTML, like Gecko; compatible; bingbot/2.0; +http://www.bing.com/bingbot.htm) Chrome/103.0.5060.134 Safari/537.36" "ysfine.com"
67.166.123.18 - - [17/Sep/2022:03:28:52 -0700] "GET /favicon.ico HTTP/1.1" 404 88 "-" "Mozilla/5.0 (X11; Linux x86_64; rv:68.0) Gecko/20100101 Goanna/5.2 Firefox/68.0 PaleMoon/31.2.0.1" "ysfine.com"
67.166.123.18 - - [17/Sep/2022:03:28:52 -0700] "GET /favicon.ico HTTP/1.1" 404 88 "-" "Mozilla/5.0 (X11; Linux x86_64; rv:68.0) Gecko/20100101 Goanna/5.2 Firefox/68.0 PaleMoon/31.2.0.1" "ysfine.com"
213.180.203.87 - - [17/Sep/2022:03:30:08 -0700] "GET /world/russ/mosf63.jpg HTTP/1.1" 200 256950 "-" "Mozilla/5.0 (compatible; YandexImages/3.0; +http://yandex.com/bots)" "www.ysfine.com"
40.77.167.35 - - [17/Sep/2022:03:32:11 -0700] "GET /world/jeru.html HTTP/1.1" 200 6991 "-" "Mozilla/5.0 (compatible; bingbot/2.0; +http://www.bing.com/bingbot.htm)" "www.ysfine.com"
40.77.167.33 - - [17/Sep/2022:03:32:15 -0700] "GET /usca/pgh22.html HTTP/1.1" 200 11391 "-" "Mozilla/5.0 (compatible; bingbot/2.0; +http://www.bing.com/bingbot.htm)" "www.ysfine.com"
157.55.39.146 - - [17/Sep/2022:03:32:21 -0700] "GET /ys11/index.html HTTP/1.1" 200 3377 "-" "Mozilla/5.0 AppleWebKit/537.36 (KHTML, like Gecko; compatible; bingbot/2.0; +http://www.bing.com/bingbot.htm) Chrome/103.0.5060.134 Safari/537.36" "www.ysfine.com"
40.77.167.35 - - [17/Sep/2022:03:32:25 -0700] "GET /dongio/french.html HTTP/1.1" 404 88 "-" "Mozilla/5.0 (compatible; bingbot/2.0; +http://www.bing.com/bingbot.htm)" "www.ysfine.com"
66.249.75.40 - - [17/Sep/2022:03:33:20 -0700] "GET /world/russ/kazan011b.jpg HTTP/1.1" 200 33761 "-" "Googlebot-Image/1.0" "ysfine.com"
5.45.207.150 - - [17/Sep/2022:03:34:01 -0700] "GET /world/germany/muc065.jpg HTTP/1.1" 200 111862 "-" "Mozilla/5.0 (compatible; YandexImages/3.0; +http://yandex.com/bots)" "www.ysfine.com"
167.235.34.112 - - [17/Sep/2022:03:34:51 -0700] "GET /kobak/liber45.jpg HTTP/1.1" 200 141542 "https://www.bing.com/" "Mozilla/5.0 (X11; Linux x86_64) AppleWebKit/537.36 (KHTML, like Gecko) HeadlessChrome/104.0.5112.101 Safari/537.36" "www.ysfine.com"
87.250.224.139 - - [17/Sep/2022:03:35:27 -0700] "GET /world/germany/berlinf34.jpg HTTP/1.1" 200 101146 "-" "Mozilla/5.0 (compatible; YandexImages/3.0; +http://yandex.com/bots)" "www.ysfine.com"
35.90.105.144 - - [17/Sep/2022:03:37:05 -0700] "GET /world/trier.html HTTP/1.1" 200 18788 "-" "Mozilla/5.0 (Windows NT 6.1; Win64; x64) AppleWebKit/537.36 (KHTML, like Gecko) Chrome/72.0.3626.109 Safari/537.36" "ysfine.com"
40.77.167.33 - - [17/Sep/2022:03:37:25 -0700] "GET /wdc/kopol01.jpg HTTP/1.1" 200 70290 "-" "Mozilla/5.0 (compatible; bingbot/2.0; +http://www.bing.com/bingbot.htm)" "ysfine.com"
40.77.167.33 - - [17/Sep/2022:03:37:45 -0700] "GET /world/scandi/copenf01.jpg HTTP/1.1" 200 138460 "-" "Mozilla/5.0 (compatible; bingbot/2.0; +http://www.bing.com/bingbot.htm)" "www.ysfine.com"
157.55.39.146 - - [17/Sep/2022:03:39:39 -0700] "GET /sbk/2000pr11.jpg HTTP/1.1" 200 402177 "-" "Mozilla/5.0 (compatible; bingbot/2.0; +http://www.bing.com/bingbot.htm)" "ysfine.com"
213.180.203.71 - - [17/Sep/2022:03:39:54 -0700] "GET /world/poland/pilsudski01.jpg HTTP/1.1" 200 130479 "-" "Mozilla/5.0 (compatible; YandexImages/3.0; +http://yandex.com/bots)" "www.ysfine.com"
40.77.167.35 - - [17/Sep/2022:03:40:05 -0700] "GET /world/places/ulm01b.jpg HTTP/1.1" 200 32131 "-" "Mozilla/5.0 AppleWebKit/537.36 (KHTML, like Gecko; compatible; bingbot/2.0; +http://www.bing.com/bingbot.htm) Chrome/103.0.5060.134 Safari/537.36" "ysfine.com"
40.77.167.33 - - [17/Sep/2022:03:40:09 -0700] "GET /world/baltic/kalin07.jpg HTTP/1.1" 200 69453 "-" "Mozilla/5.0 (compatible; bingbot/2.0; +http://www.bing.com/bingbot.htm)" "ysfine.com"
87.250.224.139 - - [17/Sep/2022:03:40:20 -0700] "GET /world/russ/kazan054.jpg HTTP/1.1" 200 84661 "-" "Mozilla/5.0 (compatible; YandexImages/3.0; +http://yandex.com/bots)" "www.ysfine.com"
40.77.167.33 - - [17/Sep/2022:03:41:05 -0700] "GET /princeton/car06.jpg HTTP/1.1" 200 72390 "-" "Mozilla/5.0 (compatible; bingbot/2.0; +http://www.bing.com/bingbot.htm)" "www.ysfine.com"
40.77.167.35 - - [17/Sep/2022:03:43:04 -0700] "GET /dongio/amkor/amparis05.jpg HTTP/1.1" 404 88 "-" "Mozilla/5.0 (compatible; bingbot/2.0; +http://www.bing.com/bingbot.htm)" "ysfine.com"
40.77.167.33 - - [17/Sep/2022:03:43:09 -0700] "GET /world/russ/kiev068.jpg HTTP/1.1" 200 86099 "-" "Mozilla/5.0 (compatible; bingbot/2.0; +http://www.bing.com/bingbot.htm)" "ysfine.com"
157.55.39.146 - - [17/Sep/2022:03:43:19 -0700] "GET /kobak/underw03b.jpg HTTP/1.1" 200 37749 "-" "Mozilla/5.0 (compatible; bingbot/2.0; +http://www.bing.com/bingbot.htm)" "ysfine.com"
193.186.4.47 - - [17/Sep/2022:03:43:41 -0700] "GET /dirac/dirfeyn.html HTTP/1.1" 200 6341 "-" "Mozilla/5.0 (Linux; Android 10; K) AppleWebKit/537.36 (KHTML, like Gecko) Chrome/105.0.0.0 Mobile Safari/537.36" "ysfine.com"
37.30.100.42 - - [17/Sep/2022:03:43:45 -0700] "GET /wigner/wigkim11c.jpg HTTP/1.1" 200 30443 "https://ysfine.com/dirac/dirfeyn.html" "Mozilla/5.0 (Linux; Android 11; SM-F711B) AppleWebKit/537.36 (KHTML, like Gecko) Chrome/105.0.0.0 Mobile Safari/537.36" "ysfine.com"
37.30.100.42 - - [17/Sep/2022:03:43:45 -0700] "GET /feynman/jacdrum11c.jpg HTTP/1.1" 200 39178 "https://ysfine.com/dirac/dirfeyn.html" "Mozilla/5.0 (Linux; Android 11; SM-F711B) AppleWebKit/537.36 (KHTML, like Gecko) Chrome/105.0.0.0 Mobile Safari/537.36" "ysfine.com"
37.30.100.42 - - [17/Sep/2022:03:43:45 -0700] "GET /dirac/nicodem11c.jpg HTTP/1.1" 200 72684 "https://ysfine.com/dirac/dirfeyn.html" "Mozilla/5.0 (Linux; Android 11; SM-F711B) AppleWebKit/537.36 (KHTML, like Gecko) Chrome/105.0.0.0 Mobile Safari/537.36" "ysfine.com"
37.30.100.42 - - [17/Sep/2022:03:43:45 -0700] "GET /dirac/2osc22c.jpg HTTP/1.1" 200 28929 "https://ysfine.com/dirac/dirfeyn.html" "Mozilla/5.0 (Linux; Android 11; SM-F711B) AppleWebKit/537.36 (KHTML, like Gecko) Chrome/105.0.0.0 Mobile Safari/537.36" "ysfine.com"
37.30.100.42 - - [17/Sep/2022:03:43:45 -0700] "GET /dirac/dfkim11c.jpg HTTP/1.1" 200 34801 "https://ysfine.com/dirac/dirfeyn.html" "Mozilla/5.0 (Linux; Android 11; SM-F711B) AppleWebKit/537.36 (KHTML, like Gecko) Chrome/105.0.0.0 Mobile Safari/537.36" "ysfine.com"
37.30.100.42 - - [17/Sep/2022:03:43:45 -0700] "GET /dirac/feydirac300.jpg HTTP/1.1" 200 38223 "https://ysfine.com/dirac/dirfeyn.html" "Mozilla/5.0 (Linux; Android 11; SM-F711B) AppleWebKit/537.36 (KHTML, like Gecko) Chrome/105.0.0.0 Mobile Safari/537.36" "ysfine.com"
37.30.100.42 - - [17/Sep/2022:03:43:45 -0700] "GET /dirac/dirackn33c.jpg HTTP/1.1" 200 50420 "https://ysfine.com/dirac/dirfeyn.html" "Mozilla/5.0 (Linux; Android 11; SM-F711B) AppleWebKit/537.36 (KHTML, like Gecko) Chrome/105.0.0.0 Mobile Safari/537.36" "ysfine.com"
37.30.100.42 - - [17/Sep/2022:03:43:45 -0700] "GET /dirac/sq73c.jpg HTTP/1.1" 200 35501 "https://ysfine.com/dirac/dirfeyn.html" "Mozilla/5.0 (Linux; Android 11; SM-F711B) AppleWebKit/537.36 (KHTML, like Gecko) Chrome/105.0.0.0 Mobile Safari/537.36" "ysfine.com"
37.30.100.42 - - [17/Sep/2022:03:43:46 -0700] "GET /eink/eink61c.jpg HTTP/1.1" 200 34119 "https://ysfine.com/dirac/dirfeyn.html" "Mozilla/5.0 (Linux; Android 11; SM-F711B) AppleWebKit/537.36 (KHTML, like Gecko) Chrome/105.0.0.0 Mobile Safari/537.36" "ysfine.com"
37.30.100.42 - - [17/Sep/2022:03:43:46 -0700] "GET /wigner/isomor66c.jpg HTTP/1.1" 200 47632 "https://ysfine.com/dirac/dirfeyn.html" "Mozilla/5.0 (Linux; Android 11; SM-F711B) AppleWebKit/537.36 (KHTML, like Gecko) Chrome/105.0.0.0 Mobile Safari/537.36" "ysfine.com"
37.30.100.42 - - [17/Sep/2022:03:43:46 -0700] "GET /people/sbt11c.jpg HTTP/1.1" 200 31479 "https://ysfine.com/dirac/dirfeyn.html" "Mozilla/5.0 (Linux; Android 11; SM-F711B) AppleWebKit/537.36 (KHTML, like Gecko) Chrome/105.0.0.0 Mobile Safari/537.36" "ysfine.com"
37.30.100.42 - - [17/Sep/2022:03:43:47 -0700] "GET /favicon.ico HTTP/1.1" 404 88 "https://ysfine.com/dirac/dirfeyn.html" "Mozilla/5.0 (Linux; Android 11; SM-F711B) AppleWebKit/537.36 (KHTML, like Gecko) Chrome/105.0.0.0 Mobile Safari/537.36" "ysfine.com"
40.77.167.33 - - [17/Sep/2022:03:43:56 -0700] "GET /princeton/pumu01.jpg HTTP/1.1" 200 146489 "-" "Mozilla/5.0 AppleWebKit/537.36 (KHTML, like Gecko; compatible; bingbot/2.0; +http://www.bing.com/bingbot.htm) Chrome/103.0.5060.134 Safari/537.36" "ysfine.com"
40.77.167.62 - - [17/Sep/2022:03:45:01 -0700] "GET /world/scandi/vaxprom11.jpg HTTP/1.1" 200 98628 "-" "Mozilla/5.0 (compatible; bingbot/2.0; +http://www.bing.com/bingbot.htm)" "www.ysfine.com"
40.77.167.27 - - [17/Sep/2022:03:46:50 -0700] "GET /world/balkan/istan082.jpg HTTP/1.1" 200 64201 "-" "Mozilla/5.0 (compatible; bingbot/2.0; +http://www.bing.com/bingbot.htm)" "ysfine.com"
37.30.100.42 - - [17/Sep/2022:03:48:25 -0700] "GET /feynman/feydirak11.jpg HTTP/1.1" 200 102093 "https://ysfine.com/dirac/dirfeyn.html" "Mozilla/5.0 (Linux; Android 11; SM-F711B) AppleWebKit/537.36 (KHTML, like Gecko) Chrome/105.0.0.0 Mobile Safari/537.36" "ysfine.com"
40.77.167.33 - - [17/Sep/2022:03:49:06 -0700] "GET /usca/pitt/pitmap03.jpg HTTP/1.1" 200 96378 "-" "Mozilla/5.0 (compatible; bingbot/2.0; +http://www.bing.com/bingbot.htm)" "ysfine.com"
116.179.32.205 - - [17/Sep/2022:03:49:07 -0700] "GET /world/spb.html HTTP/1.1" 304 - "-" "Mozilla/5.0 (compatible; Baiduspider/2.0; +http://www.baidu.com/search/spider.html)" "www.ysfine.com"
40.77.167.35 - - [17/Sep/2022:03:49:26 -0700] "GET /jobs/britj.html HTTP/1.1" 200 801 "-" "Mozilla/5.0 AppleWebKit/537.36 (KHTML, like Gecko; compatible; bingbot/2.0; +http://www.bing.com/bingbot.htm) Chrome/103.0.5060.134 Safari/537.36" "ysfine.com"
146.241.1.114 - - [17/Sep/2022:03:49:34 -0700] "GET /einstein/einplanck3.jpg HTTP/1.1" 200 37784 "https://www.google.it/" "Mozilla/5.0 (Windows NT 10.0; Win64; x64) AppleWebKit/537.36 (KHTML, like Gecko) Chrome/105.0.0.0 Safari/537.36" "ysfine.com"
146.241.1.114 - - [17/Sep/2022:03:49:37 -0700] "GET /einstein/einplanck.html HTTP/1.1" 200 3255 "https://www.google.it/" "Mozilla/5.0 (Windows NT 10.0; Win64; x64) AppleWebKit/537.36 (KHTML, like Gecko) Chrome/105.0.0.0 Safari/537.36" "ysfine.com"
146.241.1.114 - - [17/Sep/2022:03:49:37 -0700] "GET /eink/eink61c.jpg HTTP/1.1" 200 34119 "https://ysfine.com/einstein/einplanck.html" "Mozilla/5.0 (Windows NT 10.0; Win64; x64) AppleWebKit/537.36 (KHTML, like Gecko) Chrome/105.0.0.0 Safari/537.36" "ysfine.com"
146.241.1.114 - - [17/Sep/2022:03:49:37 -0700] "GET /wdc/washmomap11c.jpg HTTP/1.1" 200 39350 "https://ysfine.com/einstein/einplanck.html" "Mozilla/5.0 (Windows NT 10.0; Win64; x64) AppleWebKit/537.36 (KHTML, like Gecko) Chrome/105.0.0.0 Safari/537.36" "ysfine.com"
146.241.1.114 - - [17/Sep/2022:03:49:37 -0700] "GET /einstein/einplanck3.jpg HTTP/1.1" 200 37784 "https://ysfine.com/einstein/einplanck.html" "Mozilla/5.0 (Windows NT 10.0; Win64; x64) AppleWebKit/537.36 (KHTML, like Gecko) Chrome/105.0.0.0 Safari/537.36" "ysfine.com"
146.241.1.114 - - [17/Sep/2022:03:49:37 -0700] "GET /dongio/amkor/hillary10c.jpg HTTP/1.1" 404 88 "https://ysfine.com/einstein/einplanck.html" "Mozilla/5.0 (Windows NT 10.0; Win64; x64) AppleWebKit/537.36 (KHTML, like Gecko) Chrome/105.0.0.0 Safari/537.36" "ysfine.com"
146.241.1.114 - - [17/Sep/2022:03:49:37 -0700] "GET /feynman/feygell77a.jpg HTTP/1.1" 200 54254 "https://ysfine.com/einstein/einplanck.html" "Mozilla/5.0 (Windows NT 10.0; Win64; x64) AppleWebKit/537.36 (KHTML, like Gecko) Chrome/105.0.0.0 Safari/537.36" "ysfine.com"
146.241.1.114 - - [17/Sep/2022:03:49:37 -0700] "GET /wdc/washmo02c.jpg HTTP/1.1" 200 33146 "https://ysfine.com/einstein/einplanck.html" "Mozilla/5.0 (Windows NT 10.0; Win64; x64) AppleWebKit/537.36 (KHTML, like Gecko) Chrome/105.0.0.0 Safari/537.36" "ysfine.com"
146.241.1.114 - - [17/Sep/2022:03:49:37 -0700] "GET /wdc/washmo08c.jpg HTTP/1.1" 200 39961 "https://ysfine.com/einstein/einplanck.html" "Mozilla/5.0 (Windows NT 10.0; Win64; x64) AppleWebKit/537.36 (KHTML, like Gecko) Chrome/105.0.0.0 Safari/537.36" "ysfine.com"
146.241.1.114 - - [17/Sep/2022:03:49:39 -0700] "GET /favicon.ico HTTP/1.1" 404 88 "https://ysfine.com/einstein/einplanck.html" "Mozilla/5.0 (Windows NT 10.0; Win64; x64) AppleWebKit/537.36 (KHTML, like Gecko) Chrome/105.0.0.0 Safari/537.36" "ysfine.com"
87.250.224.156 - - [17/Sep/2022:03:50:16 -0700] "GET /robots.txt HTTP/1.1" 404 73 "-" "Mozilla/5.0 (compatible; YandexBot/3.0; +http://yandex.com/bots)" "ysfine.com"
5.45.207.102 - - [17/Sep/2022:03:50:20 -0700] "GET /feynman/ppic/quantum01b.jpg HTTP/1.1" 200 28714 "-" "Mozilla/5.0 (compatible; YandexImages/3.0; +http://yandex.com/bots)" "ysfine.com"
37.30.100.42 - - [17/Sep/2022:03:50:50 -0700] "GET /dirac/dfsoft.html HTTP/1.1" 200 2643 "https://ysfine.com/dirac/dirfeyn.html" "Mozilla/5.0 (Linux; Android 11; SM-F711B) AppleWebKit/537.36 (KHTML, like Gecko) Chrome/105.0.0.0 Mobile Safari/537.36" "ysfine.com"
37.30.100.42 - - [17/Sep/2022:03:50:50 -0700] "GET /feynman/feyn70b.jpg HTTP/1.1" 200 17231 "https://ysfine.com/dirac/dfsoft.html" "Mozilla/5.0 (Linux; Android 11; SM-F711B) AppleWebKit/537.36 (KHTML, like Gecko) Chrome/105.0.0.0 Mobile Safari/537.36" "ysfine.com"
37.30.100.42 - - [17/Sep/2022:03:50:50 -0700] "GET /dirac/dirwig33b.jpg HTTP/1.1" 200 11663 "https://ysfine.com/dirac/dfsoft.html" "Mozilla/5.0 (Linux; Android 11; SM-F711B) AppleWebKit/537.36 (KHTML, like Gecko) Chrome/105.0.0.0 Mobile Safari/537.36" "ysfine.com"
37.30.100.42 - - [17/Sep/2022:03:50:50 -0700] "GET /einstein/eink24b.jpg HTTP/1.1" 200 42003 "https://ysfine.com/dirac/dfsoft.html" "Mozilla/5.0 (Linux; Android 11; SM-F711B) AppleWebKit/537.36 (KHTML, like Gecko) Chrome/105.0.0.0 Mobile Safari/537.36" "ysfine.com"
40.77.167.62 - - [17/Sep/2022:03:51:42 -0700] "GET /world/ital/venice27.jpg HTTP/1.1" 200 228541 "-" "Mozilla/5.0 (compatible; bingbot/2.0; +http://www.bing.com/bingbot.htm)" "ysfine.com"
40.77.167.35 - - [17/Sep/2022:03:51:46 -0700] "GET /maga/phil/marxlon600.jpg HTTP/1.1" 200 90900 "-" "Mozilla/5.0 AppleWebKit/537.36 (KHTML, like Gecko; compatible; bingbot/2.0; +http://www.bing.com/bingbot.htm) Chrome/103.0.5060.134 Safari/537.36" "ysfine.com"
37.30.100.42 - - [17/Sep/2022:03:52:09 -0700] "GET /einstein/dual.html HTTP/1.1" 200 950 "https://ysfine.com/dirac/dfsoft.html" "Mozilla/5.0 (Linux; Android 11; SM-F711B) AppleWebKit/537.36 (KHTML, like Gecko) Chrome/105.0.0.0 Mobile Safari/537.36" "ysfine.com"
37.30.100.42 - - [17/Sep/2022:03:52:10 -0700] "GET /einstein/dff11c.jpg HTTP/1.1" 200 22387 "https://ysfine.com/einstein/dual.html" "Mozilla/5.0 (Linux; Android 11; SM-F711B) AppleWebKit/537.36 (KHTML, like Gecko) Chrome/105.0.0.0 Mobile Safari/537.36" "ysfine.com"
37.30.100.42 - - [17/Sep/2022:03:52:10 -0700] "GET /einstein/dff33c.jpg HTTP/1.1" 200 23679 "https://ysfine.com/einstein/dual.html" "Mozilla/5.0 (Linux; Android 11; SM-F711B) AppleWebKit/537.36 (KHTML, like Gecko) Chrome/105.0.0.0 Mobile Safari/537.36" "ysfine.com"
37.30.100.42 - - [17/Sep/2022:03:52:10 -0700] "GET /einstein/dff22c.jpg HTTP/1.1" 200 18745 "https://ysfine.com/einstein/dual.html" "Mozilla/5.0 (Linux; Android 11; SM-F711B) AppleWebKit/537.36 (KHTML, like Gecko) Chrome/105.0.0.0 Mobile Safari/537.36" "ysfine.com"
37.30.100.42 - - [17/Sep/2022:03:52:10 -0700] "GET /einstein/dff55c.jpg HTTP/1.1" 200 18485 "https://ysfine.com/einstein/dual.html" "Mozilla/5.0 (Linux; Android 11; SM-F711B) AppleWebKit/537.36 (KHTML, like Gecko) Chrome/105.0.0.0 Mobile Safari/537.36" "ysfine.com"
144.91.106.14 - - [17/Sep/2022:03:52:22 -0700] "GET / HTTP/1.1" 200 5283 "http://www.ysfine.com" "Mozilla/5.0 (X11; Linux x86_64) AppleWebKit/537.36 (KHTML, like Gecko) Chrome/89.0.4389.82 Safari/537.36" "www.ysfine.com"
144.91.106.14 - - [17/Sep/2022:03:52:23 -0700] "GET / HTTP/1.1" 200 5283 "-" "Mozilla/5.0 (X11; Linux x86_64) AppleWebKit/537.36 (KHTML, like Gecko) Chrome/89.0.4389.82 Safari/537.36" "www.ysfine.com"
40.77.167.35 - - [17/Sep/2022:03:53:45 -0700] "GET /dirac/diracbul270.jpg HTTP/1.1" 200 37621 "-" "Mozilla/5.0 AppleWebKit/537.36 (KHTML, like Gecko; compatible; bingbot/2.0; +http://www.bing.com/bingbot.htm) Chrome/103.0.5060.134 Safari/537.36" "ysfine.com"
37.30.100.42 - - [17/Sep/2022:03:54:00 -0700] "GET /feynman/feydirac.jpg HTTP/1.1" 200 98378 "https://ysfine.com/dirac/dirfeyn.html" "Mozilla/5.0 (Linux; Android 11; SM-F711B) AppleWebKit/537.36 (KHTML, like Gecko) Chrome/105.0.0.0 Mobile Safari/537.36" "ysfine.com"
5.45.207.66 - - [17/Sep/2022:03:54:05 -0700] "GET /maga/phil/herod33c.jpg HTTP/1.1" 200 45604 "-" "Mozilla/5.0 (compatible; YandexImages/3.0; +http://yandex.com/bots)" "www.ysfine.com"
5.255.253.186 - - [17/Sep/2022:03:54:08 -0700] "GET /maga/phil/herod33c.jpg HTTP/1.1" 200 45604 "-" "Mozilla/5.0 (compatible; YandexBot/3.0; +http://yandex.com/bots)" "www.ysfine.com"
37.30.100.42 - - [17/Sep/2022:03:54:38 -0700] "GET /dirac/dart/dirac27a.pdf HTTP/1.1" 200 3396153 "https://ysfine.com/dirac/dirfeyn.html" "Mozilla/5.0 (Linux; Android 11; SM-F711B) AppleWebKit/537.36 (KHTML, like Gecko) Chrome/105.0.0.0 Mobile Safari/537.36" "ysfine.com"
37.30.100.42 - - [17/Sep/2022:03:54:39 -0700] "GET /dirac/dart/dirac27a.pdf HTTP/1.1" 206 2030820 "https://ysfine.com/dirac/dirfeyn.html" "Mozilla/5.0 (Linux; Android 11; SM-F711B) AppleWebKit/537.36 (KHTML, like Gecko) Chrome/105.0.0.0 Mobile Safari/537.36" "ysfine.com"
37.30.100.42 - - [17/Sep/2022:03:54:44 -0700] "GET /dirac/dart/dirac27a.pdf HTTP/1.1" 206 2030820 "https://ysfine.com/dirac/dirfeyn.html" "Mozilla/5.0 (Linux; Android 11; SM-F711B) AppleWebKit/537.36 (KHTML, like Gecko) Chrome/105.0.0.0 Mobile Safari/537.36" "ysfine.com"
40.77.167.27 - - [17/Sep/2022:03:55:32 -0700] "GET /world/hungary/kodaly01.jpg HTTP/1.1" 200 157349 "-" "Mozilla/5.0 (compatible; bingbot/2.0; +http://www.bing.com/bingbot.htm)" "www.ysfine.com"
157.55.39.146 - - [17/Sep/2022:03:55:51 -0700] "GET /people/bhagat2.jpg HTTP/1.1" 200 33854 "-" "Mozilla/5.0 (compatible; bingbot/2.0; +http://www.bing.com/bingbot.htm)" "www.ysfine.com"
40.77.167.35 - - [17/Sep/2022:03:56:06 -0700] "GET /world/russ/redsq01.jpg HTTP/1.1" 200 68420 "-" "Mozilla/5.0 (compatible; bingbot/2.0; +http://www.bing.com/bingbot.htm)" "www.ysfine.com"
34.143.206.123 - - [17/Sep/2022:03:56:17 -0700] "GET / HTTP/1.1" 200 5283 "-" "Mozilla/5.0 (Linux; Android 10; M2004J19C) AppleWebKit/537.36 (KHTML, like Gecko) Chrome/91.0.4472.77 Mobile Safari/537.36" "ysfine.com"
40.77.167.35 - - [17/Sep/2022:03:56:36 -0700] "GET /world/russ/mosmusic32.jpg HTTP/1.1" 200 101584 "-" "Mozilla/5.0 (compatible; bingbot/2.0; +http://www.bing.com/bingbot.htm)" "www.ysfine.com"
40.77.167.27 - - [17/Sep/2022:03:57:02 -0700] "GET /world/ital/venice61.jpg HTTP/1.1" 200 176437 "-" "Mozilla/5.0 (compatible; bingbot/2.0; +http://www.bing.com/bingbot.htm)" "ysfine.com"
40.77.167.35 - - [17/Sep/2022:03:57:47 -0700] "GET /wdc/jeffm03.jpg HTTP/1.1" 200 71008 "-" "Mozilla/5.0 AppleWebKit/537.36 (KHTML, like Gecko; compatible; bingbot/2.0; +http://www.bing.com/bingbot.htm) Chrome/103.0.5060.134 Safari/537.36" "www.ysfine.com"
5.45.207.66 - - [17/Sep/2022:03:58:57 -0700] "GET /world/russ/saratov02.jpg HTTP/1.1" 200 198202 "-" "Mozilla/5.0 (compatible; YandexImages/3.0; +http://yandex.com/bots)" "www.ysfine.com"
108.61.158.28 - - [17/Sep/2022:03:59:39 -0700] "POST / HTTP/1.1" 200 5283 "-" "Mozilla/5.0 (X11; Linux x86_64) AppleWebKit/537.36 (KHTML, like Gecko) Chrome/81.0.4044.129 Safari/537.36" "ysfine.com"
37.30.100.42 - - [17/Sep/2022:03:59:54 -0700] "GET /dirac/dfkim11.jpg HTTP/1.1" 200 102093 "https://ysfine.com/dirac/dirfeyn.html" "Mozilla/5.0 (Linux; Android 11; SM-F711B) AppleWebKit/537.36 (KHTML, like Gecko) Chrome/105.0.0.0 Mobile Safari/537.36" "ysfine.com"
193.186.4.47 - - [17/Sep/2022:04:00:03 -0700] "GET /dirac/dirfeyn.html HTTP/1.1" 200 6341 "-" "Mozilla/5.0 (Linux; Android 10; K) AppleWebKit/537.36 (KHTML, like Gecko) Chrome/105.0.0.0 Mobile Safari/537.36" "ysfine.com"
72.14.201.46 - - [17/Sep/2022:04:00:17 -0700] "GET /dirac/dirfeyn.html HTTP/1.1" 200 6341 "-" "Mozilla/5.0 (Linux; Android 10; K) AppleWebKit/537.36 (KHTML, like Gecko) Chrome/105.0.0.0 Mobile Safari/537.36" "ysfine.com"
40.77.167.35 - - [17/Sep/2022:04:01:13 -0700] "GET /world/spain/granf15.jpg HTTP/1.1" 200 171804 "-" "Mozilla/5.0 (compatible; bingbot/2.0; +http://www.bing.com/bingbot.htm)" "www.ysfine.com"
72.14.201.45 - - [17/Sep/2022:04:01:43 -0700] "GET /dirac/dirfeyn.html HTTP/1.1" 200 6341 "-" "Mozilla/5.0 (Linux; Android 10; K) AppleWebKit/537.36 (KHTML, like Gecko) Chrome/105.0.0.0 Mobile Safari/537.36" "ysfine.com"
193.186.4.47 - - [17/Sep/2022:04:02:08 -0700] "GET /dirac/dirfeyn.html HTTP/1.1" 200 6341 "-" "Mozilla/5.0 (Linux; Android 10; K) AppleWebKit/537.36 (KHTML, like Gecko) Chrome/105.0.0.0 Mobile Safari/537.36" "ysfine.com"
37.30.100.42 - - [17/Sep/2022:04:04:24 -0700] "GET /world/poland/jablo01.jpg HTTP/1.1" 200 102093 "https://www.google.com/" "Mozilla/5.0 (Linux; Android 11; SM-F711B) AppleWebKit/537.36 (KHTML, like Gecko) Chrome/105.0.0.0 Mobile Safari/537.36" "ysfine.com"
40.77.167.62 - - [17/Sep/2022:04:06:14 -0700] "GET /maga/invent/pupin11.jpg HTTP/1.1" 200 63825 "-" "Mozilla/5.0 (compatible; bingbot/2.0; +http://www.bing.com/bingbot.htm)" "ysfine.com"
40.77.167.35 - - [17/Sep/2022:04:06:25 -0700] "GET /kowar/77reg03b.jpg HTTP/1.1" 200 44793 "-" "Mozilla/5.0 (compatible; bingbot/2.0; +http://www.bing.com/bingbot.htm)" "ysfine.com"
39.119.228.28 - - [17/Sep/2022:04:06:47 -0700] "GET /feynman/feyn86b.jpg HTTP/1.1" 200 26190 "-" "Safari/17613.3.9.1.16 CFNetwork/1335.0.3 Darwin/21.6.0" "ysfine.com"
37.30.100.42 - - [17/Sep/2022:04:07:24 -0700] "GET /heisen/dirheisen22.jpg HTTP/1.1" 200 107372 "https://www.google.com/" "Mozilla/5.0 (Linux; Android 11; SM-F711B) AppleWebKit/537.36 (KHTML, like Gecko) Chrome/105.0.0.0 Mobile Safari/537.36" "ysfine.com"
40.77.167.62 - - [17/Sep/2022:04:07:33 -0700] "GET /einstein/heisen33.jpg HTTP/1.1" 200 501915 "-" "Mozilla/5.0 (compatible; bingbot/2.0; +http://www.bing.com/bingbot.htm)" "www.ysfine.com"
40.77.167.27 - - [17/Sep/2022:04:08:23 -0700] "GET /maga/phys/schrod07.jpg HTTP/1.1" 200 83845 "-" "Mozilla/5.0 (compatible; bingbot/2.0; +http://www.bing.com/bingbot.htm)" "ysfine.com"
39.119.228.28 - - [17/Sep/2022:04:08:25 -0700] "GET /feynman/feyn86b.jpg HTTP/1.1" 200 26190 "-" "Safari/17613.3.9.1.16 CFNetwork/1335.0.3 Darwin/21.6.0" "ysfine.com"
182.232.124.65 - - [17/Sep/2022:04:08:49 -0700] "GET /kowar/panmun04.jpg HTTP/1.1" 200 126386 "-" "com.google.android.apps.searchlite/469908 (Linux; U; Android 11; th_TH; RMX3231; Build/RP1A.201005.001; Cronet/103.0.5060.42)" "ysfine.com"
182.232.124.65 - - [17/Sep/2022:04:08:54 -0700] "GET /kowar/panmun04.jpg HTTP/1.1" 200 126386 "-" "com.google.android.apps.searchlite/469908 (Linux; U; Android 11; th_TH; RMX3231; Build/RP1A.201005.001; Cronet/103.0.5060.42)" "ysfine.com"
40.77.167.62 - - [17/Sep/2022:04:10:25 -0700] "GET /einstein/einbohr22.html HTTP/1.1" 404 88 "-" "Mozilla/5.0 (compatible; bingbot/2.0; +http://www.bing.com/bingbot.htm)" "www.ysfine.com"
18.223.117.82 - - [17/Sep/2022:04:11:17 -0700] "GET /ads.txt HTTP/1.1" 404 88 "http://ysfine.com/ads.txt" "AdsTxtCrawler/1.0; +https://github.com/InteractiveAdvertisingBureau/adstxtcrawler" "ysfine.com"
157.55.39.112 - - [17/Sep/2022:04:11:36 -0700] "GET /robots.txt HTTP/1.1" 404 88 "-" "Mozilla/5.0 (compatible; bingbot/2.0; +http://www.bing.com/bingbot.htm)" "www.ysfine.com"
157.55.39.146 - - [17/Sep/2022:04:11:43 -0700] "GET /world/germany/berlin154.jpg HTTP/1.1" 200 108210 "-" "Mozilla/5.0 (compatible; bingbot/2.0; +http://www.bing.com/bingbot.htm)" "www.ysfine.com"
40.77.167.33 - - [17/Sep/2022:04:13:39 -0700] "GET /wdc/wasmap33.jpg HTTP/1.1" 200 65060 "-" "Mozilla/5.0 AppleWebKit/537.36 (KHTML, like Gecko; compatible; bingbot/2.0; +http://www.bing.com/bingbot.htm) Chrome/103.0.5060.134 Safari/537.36" "www.ysfine.com"
157.55.39.146 - - [17/Sep/2022:04:13:52 -0700] "GET /world/poland/jablo09.jpg HTTP/1.1" 200 77488 "-" "Mozilla/5.0 (compatible; bingbot/2.0; +http://www.bing.com/bingbot.htm)" "www.ysfine.com"
212.50.48.118 - - [17/Sep/2022:04:14:26 -0700] "GET /world/ital/venice73.jpg HTTP/1.1" 200 88635 "https://yandex.com.tr/gorsel/search?text=murano%20adas%C4%B1%20nerede%20map&from=tabbar" "Mozilla/5.0 (Windows NT 10.0; Win64; x64) AppleWebKit/537.36 (KHTML, like Gecko) Chrome/105.0.0.0 Safari/537.36 Edg/105.0.1343.42" "www.ysfine.com"
40.77.167.35 - - [17/Sep/2022:04:14:35 -0700] "GET /wdc/gtown24.jpg HTTP/1.1" 200 88013 "-" "Mozilla/5.0 (compatible; bingbot/2.0; +http://www.bing.com/bingbot.htm)" "www.ysfine.com"
157.55.39.146 - - [17/Sep/2022:04:14:43 -0700] "GET /people/prosku11.jpg HTTP/1.1" 200 95265 "-" "Mozilla/5.0 (compatible; bingbot/2.0; +http://www.bing.com/bingbot.htm)" "www.ysfine.com"
157.55.39.146 - - [17/Sep/2022:04:15:32 -0700] "GET /world/russ/kiev038.jpg HTTP/1.1" 200 81741 "-" "Mozilla/5.0 AppleWebKit/537.36 (KHTML, like Gecko; compatible; bingbot/2.0; +http://www.bing.com/bingbot.htm) Chrome/103.0.5060.134 Safari/537.36" "ysfine.com"
40.77.167.35 - - [17/Sep/2022:04:15:38 -0700] "GET /ffriends/amkor/koparis05.jpg HTTP/1.1" 200 118192 "-" "Mozilla/5.0 (compatible; bingbot/2.0; +http://www.bing.com/bingbot.htm)" "www.ysfine.com"
176.9.44.166 - - [17/Sep/2022:04:16:39 -0700] "GET /style/leica.html HTTP/1.1" 200 51706 "-" "Mozilla/5.0 (X11; Linux x86_64; rv:33.0) Gecko/20100101 Firefox/33.0" "ysfine.com"
40.77.167.35 - - [17/Sep/2022:04:17:18 -0700] "GET /kowar/zhukov01.jpg HTTP/1.1" 200 99575 "-" "Mozilla/5.0 (compatible; bingbot/2.0; +http://www.bing.com/bingbot.htm)" "ysfine.com"
40.77.167.35 - - [17/Sep/2022:04:17:26 -0700] "GET /maga/phys/schroheisen33b.jpg HTTP/1.1" 200 41615 "-" "Mozilla/5.0 (compatible; bingbot/2.0; +http://www.bing.com/bingbot.htm)" "ysfine.com"
40.77.167.27 - - [17/Sep/2022:04:17:53 -0700] "GET /world/france/montpar02.jpg HTTP/1.1" 200 153728 "-" "Mozilla/5.0 AppleWebKit/537.36 (KHTML, like Gecko; compatible; bingbot/2.0; +http://www.bing.com/bingbot.htm) Chrome/103.0.5060.134 Safari/537.36" "www.ysfine.com"
40.77.167.27 - - [17/Sep/2022:04:18:13 -0700] "GET /world/poland/krk73.jpg HTTP/1.1" 200 71440 "-" "Mozilla/5.0 (compatible; bingbot/2.0; +http://www.bing.com/bingbot.htm)" "ysfine.com"
185.214.74.173 - - [17/Sep/2022:04:19:54 -0700] "GET /style/proschanie.html HTTP/1.1" 200 4801 "https://ysfine.com/" "Mozilla/5.0 (Windows NT 10.0; WOW64) AppleWebKit/537.36 (KHTML, like Gecko) Chrome/103.0.0.0 Safari/537.36" "ysfine.com"
185.214.74.173 - - [17/Sep/2022:04:19:55 -0700] "GET /style/slavianki.html HTTP/1.1" 200 2686 "https://ysfine.com/style/proschanie.html" "Mozilla/5.0 (Windows NT 10.0; WOW64) AppleWebKit/537.36 (KHTML, like Gecko) Chrome/103.0.0.0 Safari/537.36" "ysfine.com"
40.77.167.33 - - [17/Sep/2022:04:20:49 -0700] "GET /feynman/fstat72.jpg HTTP/1.1" 200 66306 "-" "Mozilla/5.0 AppleWebKit/537.36 (KHTML, like Gecko; compatible; bingbot/2.0; +http://www.bing.com/bingbot.htm) Chrome/103.0.5060.134 Safari/537.36" "ysfine.com"
5.45.207.102 - - [17/Sep/2022:04:20:58 -0700] "GET /robots.txt HTTP/1.1" 404 73 "-" "Mozilla/5.0 (compatible; YandexBot/3.0; +http://yandex.com/bots)" "www.ysfine.com"
213.180.203.71 - - [17/Sep/2022:04:21:02 -0700] "GET /style/music/kazan010.jpg HTTP/1.1" 200 73800 "-" "Mozilla/5.0 (compatible; YandexImages/3.0; +http://yandex.com/bots)" "www.ysfine.com"
40.77.167.27 - - [17/Sep/2022:04:21:14 -0700] "GET /world/germany/tub37.jpg HTTP/1.1" 200 94124 "-" "Mozilla/5.0 AppleWebKit/537.36 (KHTML, like Gecko; compatible; bingbot/2.0; +http://www.bing.com/bingbot.htm) Chrome/103.0.5060.134 Safari/537.36" "ysfine.com"
