179.208.168.95 - - [16/Sep/2022:18:05:47 -0700] "GET /maga/sarnoff.html HTTP/1.1" 200 7540 "https://ysfine.com/style/strigh.html" "Mozilla/5.0 (Windows NT 10.0; Win64; x64) AppleWebKit/537.36 (KHTML, like Gecko) Chrome/105.0.0.0 Safari/537.36" "ysfine.com"
179.208.168.95 - - [16/Sep/2022:18:05:47 -0700] "GET /maga/invent/marconi02c.jpg HTTP/1.1" 200 27154 "https://ysfine.com/maga/sarnoff.html" "Mozilla/5.0 (Windows NT 10.0; Win64; x64) AppleWebKit/537.36 (KHTML, like Gecko) Chrome/105.0.0.0 Safari/537.36" "ysfine.com"
179.208.168.95 - - [16/Sep/2022:18:05:47 -0700] "GET /maga/invent/sarnoffco11c.jpg HTTP/1.1" 200 23780 "https://ysfine.com/maga/sarnoff.html" "Mozilla/5.0 (Windows NT 10.0; Win64; x64) AppleWebKit/537.36 (KHTML, like Gecko) Chrome/105.0.0.0 Safari/537.36" "ysfine.com"
179.208.168.95 - - [16/Sep/2022:18:05:47 -0700] "GET /maga/invent/deforest33c.jpg HTTP/1.1" 200 47300 "https://ysfine.com/maga/sarnoff.html" "Mozilla/5.0 (Windows NT 10.0; Win64; x64) AppleWebKit/537.36 (KHTML, like Gecko) Chrome/105.0.0.0 Safari/537.36" "ysfine.com"
179.208.168.95 - - [16/Sep/2022:18:05:47 -0700] "GET /maga/invent/mcintosh11c.jpg HTTP/1.1" 200 29642 "https://ysfine.com/maga/sarnoff.html" "Mozilla/5.0 (Windows NT 10.0; Win64; x64) AppleWebKit/537.36 (KHTML, like Gecko) Chrome/105.0.0.0 Safari/537.36" "ysfine.com"
179.208.168.95 - - [16/Sep/2022:18:05:47 -0700] "GET /style/suwa66f.jpg HTTP/1.1" 200 86057 "https://ysfine.com/maga/sarnoff.html" "Mozilla/5.0 (Windows NT 10.0; Win64; x64) AppleWebKit/537.36 (KHTML, like Gecko) Chrome/105.0.0.0 Safari/537.36" "ysfine.com"
179.208.168.95 - - [16/Sep/2022:18:05:47 -0700] "GET /maga/invent/sarnoff1922c.jpg HTTP/1.1" 200 40375 "https://ysfine.com/maga/sarnoff.html" "Mozilla/5.0 (Windows NT 10.0; Win64; x64) AppleWebKit/537.36 (KHTML, like Gecko) Chrome/105.0.0.0 Safari/537.36" "ysfine.com"
179.208.168.95 - - [16/Sep/2022:18:05:47 -0700] "GET /kobak/taylor400.jpg HTTP/1.1" 200 56181 "https://ysfine.com/maga/sarnoff.html" "Mozilla/5.0 (Windows NT 10.0; Win64; x64) AppleWebKit/537.36 (KHTML, like Gecko) Chrome/105.0.0.0 Safari/537.36" "ysfine.com"
179.208.168.95 - - [16/Sep/2022:18:05:47 -0700] "GET /maga/invent/marconi03c.jpg HTTP/1.1" 200 55919 "https://ysfine.com/maga/sarnoff.html" "Mozilla/5.0 (Windows NT 10.0; Win64; x64) AppleWebKit/537.36 (KHTML, like Gecko) Chrome/105.0.0.0 Safari/537.36" "ysfine.com"
179.208.168.95 - - [16/Sep/2022:18:05:47 -0700] "GET /maga/invent/kdka11c.jpg HTTP/1.1" 200 28450 "https://ysfine.com/maga/sarnoff.html" "Mozilla/5.0 (Windows NT 10.0; Win64; x64) AppleWebKit/537.36 (KHTML, like Gecko) Chrome/105.0.0.0 Safari/537.36" "ysfine.com"
179.208.168.95 - - [16/Sep/2022:18:05:47 -0700] "GET /maga/invent/marconi01c.jpg HTTP/1.1" 200 28072 "https://ysfine.com/maga/sarnoff.html" "Mozilla/5.0 (Windows NT 10.0; Win64; x64) AppleWebKit/537.36 (KHTML, like Gecko) Chrome/105.0.0.0 Safari/537.36" "ysfine.com"
179.208.168.95 - - [16/Sep/2022:18:05:47 -0700] "GET /kobak/swr51c.jpg HTTP/1.1" 200 35677 "https://ysfine.com/maga/sarnoff.html" "Mozilla/5.0 (Windows NT 10.0; Win64; x64) AppleWebKit/537.36 (KHTML, like Gecko) Chrome/105.0.0.0 Safari/537.36" "ysfine.com"
179.208.168.95 - - [16/Sep/2022:18:05:47 -0700] "GET /maga/invent/joak11c.jpg HTTP/1.1" 200 39212 "https://ysfine.com/maga/sarnoff.html" "Mozilla/5.0 (Windows NT 10.0; Win64; x64) AppleWebKit/537.36 (KHTML, like Gecko) Chrome/105.0.0.0 Safari/537.36" "ysfine.com"
179.208.168.95 - - [16/Sep/2022:18:05:47 -0700] "GET /maga/invent/armstrong11c.jpg HTTP/1.1" 200 68607 "https://ysfine.com/maga/sarnoff.html" "Mozilla/5.0 (Windows NT 10.0; Win64; x64) AppleWebKit/537.36 (KHTML, like Gecko) Chrome/105.0.0.0 Safari/537.36" "ysfine.com"
114.119.128.154 - - [16/Sep/2022:18:05:52 -0700] "GET /class54/class5470/total_data/photo_img/7-13.jpg HTTP/1.1" 200 258237 "https://ysfine.com/class54/class5470/total_data/sub_713.htm" "Mozilla/5.0 (Linux; Android 7.0;) AppleWebKit/537.36 (KHTML, like Gecko) Mobile Safari/537.36 (compatible; PetalBot;+https://webmaster.petalsearch.com/site/petalbot)" "ysfine.com"
179.208.168.95 - - [16/Sep/2022:18:06:23 -0700] "GET /home/wheestat11.jpg HTTP/1.1" 200 80309 "https://ysfine.com/home/wcartoon.html" "Mozilla/5.0 (Windows NT 10.0; Win64; x64) AppleWebKit/537.36 (KHTML, like Gecko) Chrome/105.0.0.0 Safari/537.36" "ysfine.com"
40.77.167.27 - - [16/Sep/2022:18:06:33 -0700] "GET /style/think11.jpg HTTP/1.1" 200 155750 "-" "Mozilla/5.0 (compatible; bingbot/2.0; +http://www.bing.com/bingbot.htm)" "www.ysfine.com"
157.55.39.146 - - [16/Sep/2022:18:07:13 -0700] "GET /eink/church06.jpg HTTP/1.1" 200 175170 "-" "Mozilla/5.0 (compatible; bingbot/2.0; +http://www.bing.com/bingbot.htm)" "www.ysfine.com"
179.208.168.95 - - [16/Sep/2022:18:08:13 -0700] "GET /houses/myhouse.html HTTP/1.1" 200 1473 "https://ysfine.com/style/stleft.html" "Mozilla/5.0 (Windows NT 10.0; Win64; x64) AppleWebKit/537.36 (KHTML, like Gecko) Chrome/105.0.0.0 Safari/537.36" "ysfine.com"
179.208.168.95 - - [16/Sep/2022:18:08:13 -0700] "GET /houses/capitol33c.jpg HTTP/1.1" 200 32326 "https://ysfine.com/houses/myhouse.html" "Mozilla/5.0 (Windows NT 10.0; Win64; x64) AppleWebKit/537.36 (KHTML, like Gecko) Chrome/105.0.0.0 Safari/537.36" "ysfine.com"
179.208.168.95 - - [16/Sep/2022:18:08:13 -0700] "GET /houses/house11c.jpg HTTP/1.1" 200 30925 "https://ysfine.com/houses/myhouse.html" "Mozilla/5.0 (Windows NT 10.0; Win64; x64) AppleWebKit/537.36 (KHTML, like Gecko) Chrome/105.0.0.0 Safari/537.36" "ysfine.com"
179.208.168.95 - - [16/Sep/2022:18:08:13 -0700] "GET /houses/house12c.jpg HTTP/1.1" 200 29087 "https://ysfine.com/houses/myhouse.html" "Mozilla/5.0 (Windows NT 10.0; Win64; x64) AppleWebKit/537.36 (KHTML, like Gecko) Chrome/105.0.0.0 Safari/537.36" "ysfine.com"
179.208.168.95 - - [16/Sep/2022:18:08:13 -0700] "GET /houses/house44c.jpg HTTP/1.1" 200 36128 "https://ysfine.com/houses/myhouse.html" "Mozilla/5.0 (Windows NT 10.0; Win64; x64) AppleWebKit/537.36 (KHTML, like Gecko) Chrome/105.0.0.0 Safari/537.36" "ysfine.com"
179.208.168.95 - - [16/Sep/2022:18:08:13 -0700] "GET /houses/house34c.jpg HTTP/1.1" 200 22712 "https://ysfine.com/houses/myhouse.html" "Mozilla/5.0 (Windows NT 10.0; Win64; x64) AppleWebKit/537.36 (KHTML, like Gecko) Chrome/105.0.0.0 Safari/537.36" "ysfine.com"
157.55.39.146 - - [16/Sep/2022:18:08:14 -0700] "GET /world/poland/gdnu19.jpg HTTP/1.1" 200 75924 "-" "Mozilla/5.0 (compatible; bingbot/2.0; +http://www.bing.com/bingbot.htm)" "ysfine.com"
179.208.168.95 - - [16/Sep/2022:18:09:10 -0700] "GET /houses/house22.jpg HTTP/1.1" 200 112513 "https://ysfine.com/houses/myhouse.html" "Mozilla/5.0 (Windows NT 10.0; Win64; x64) AppleWebKit/537.36 (KHTML, like Gecko) Chrome/105.0.0.0 Safari/537.36" "ysfine.com"
179.208.168.95 - - [16/Sep/2022:18:09:20 -0700] "GET /people/peo.html HTTP/1.1" 200 13502 "https://ysfine.com/style/stleft.html" "Mozilla/5.0 (Windows NT 10.0; Win64; x64) AppleWebKit/537.36 (KHTML, like Gecko) Chrome/105.0.0.0 Safari/537.36" "ysfine.com"
179.208.168.95 - - [16/Sep/2022:18:09:21 -0700] "GET /people/sbt11b.jpg HTTP/1.1" 200 29397 "https://ysfine.com/people/peo.html" "Mozilla/5.0 (Windows NT 10.0; Win64; x64) AppleWebKit/537.36 (KHTML, like Gecko) Chrome/105.0.0.0 Safari/537.36" "ysfine.com"
179.208.168.95 - - [16/Sep/2022:18:09:21 -0700] "GET /princeton/pcomm01b.jpg HTTP/1.1" 200 46796 "https://ysfine.com/people/peo.html" "Mozilla/5.0 (Windows NT 10.0; Win64; x64) AppleWebKit/537.36 (KHTML, like Gecko) Chrome/105.0.0.0 Safari/537.36" "ysfine.com"
179.208.168.95 - - [16/Sep/2022:18:09:21 -0700] "GET /people/carnation61b.jpg HTTP/1.1" 200 48369 "https://ysfine.com/people/peo.html" "Mozilla/5.0 (Windows NT 10.0; Win64; x64) AppleWebKit/537.36 (KHTML, like Gecko) Chrome/105.0.0.0 Safari/537.36" "ysfine.com"
179.208.168.95 - - [16/Sep/2022:18:09:21 -0700] "GET /kobak/rhee10b.jpg HTTP/1.1" 200 29337 "https://ysfine.com/people/peo.html" "Mozilla/5.0 (Windows NT 10.0; Win64; x64) AppleWebKit/537.36 (KHTML, like Gecko) Chrome/105.0.0.0 Safari/537.36" "ysfine.com"
179.208.168.95 - - [16/Sep/2022:18:09:21 -0700] "GET /princeton/nphd2.jpg HTTP/1.1" 200 42916 "https://ysfine.com/people/peo.html" "Mozilla/5.0 (Windows NT 10.0; Win64; x64) AppleWebKit/537.36 (KHTML, like Gecko) Chrome/105.0.0.0 Safari/537.36" "ysfine.com"
179.208.168.95 - - [16/Sep/2022:18:09:21 -0700] "GET /wigner/wighome2.jpg HTTP/1.1" 200 48701 "https://ysfine.com/people/peo.html" "Mozilla/5.0 (Windows NT 10.0; Win64; x64) AppleWebKit/537.36 (KHTML, like Gecko) Chrome/105.0.0.0 Safari/537.36" "ysfine.com"
179.208.168.95 - - [16/Sep/2022:18:09:21 -0700] "GET /people/janszky04b.jpg HTTP/1.1" 200 38233 "https://ysfine.com/people/peo.html" "Mozilla/5.0 (Windows NT 10.0; Win64; x64) AppleWebKit/537.36 (KHTML, like Gecko) Chrome/105.0.0.0 Safari/537.36" "ysfine.com"
179.208.168.95 - - [16/Sep/2022:18:09:21 -0700] "GET /people/princeton68b.jpg HTTP/1.1" 200 40218 "https://ysfine.com/people/peo.html" "Mozilla/5.0 (Windows NT 10.0; Win64; x64) AppleWebKit/537.36 (KHTML, like Gecko) Chrome/105.0.0.0 Safari/537.36" "ysfine.com"
179.208.168.95 - - [16/Sep/2022:18:09:21 -0700] "GET /people/baran300.jpg HTTP/1.1" 200 22100 "https://ysfine.com/people/peo.html" "Mozilla/5.0 (Windows NT 10.0; Win64; x64) AppleWebKit/537.36 (KHTML, like Gecko) Chrome/105.0.0.0 Safari/537.36" "ysfine.com"
179.208.168.95 - - [16/Sep/2022:18:09:21 -0700] "GET /people/facu63c.jpg HTTP/1.1" 200 39839 "https://ysfine.com/people/peo.html" "Mozilla/5.0 (Windows NT 10.0; Win64; x64) AppleWebKit/537.36 (KHTML, like Gecko) Chrome/105.0.0.0 Safari/537.36" "ysfine.com"
179.208.168.95 - - [16/Sep/2022:18:09:21 -0700] "GET /people/towhee2.jpg HTTP/1.1" 200 32584 "https://ysfine.com/people/peo.html" "Mozilla/5.0 (Windows NT 10.0; Win64; x64) AppleWebKit/537.36 (KHTML, like Gecko) Chrome/105.0.0.0 Safari/537.36" "ysfine.com"
179.208.168.95 - - [16/Sep/2022:18:09:21 -0700] "GET /people/giacobino03b.jpg HTTP/1.1" 200 35593 "https://ysfine.com/people/peo.html" "Mozilla/5.0 (Windows NT 10.0; Win64; x64) AppleWebKit/537.36 (KHTML, like Gecko) Chrome/105.0.0.0 Safari/537.36" "ysfine.com"
179.208.168.95 - - [16/Sep/2022:18:09:21 -0700] "GET /wigner/fitch2.jpg HTTP/1.1" 200 36807 "https://ysfine.com/people/peo.html" "Mozilla/5.0 (Windows NT 10.0; Win64; x64) AppleWebKit/537.36 (KHTML, like Gecko) Chrome/105.0.0.0 Safari/537.36" "ysfine.com"
179.208.168.95 - - [16/Sep/2022:18:09:21 -0700] "GET /people/jweber300.jpg HTTP/1.1" 200 23956 "https://ysfine.com/people/peo.html" "Mozilla/5.0 (Windows NT 10.0; Win64; x64) AppleWebKit/537.36 (KHTML, like Gecko) Chrome/105.0.0.0 Safari/537.36" "ysfine.com"
179.208.168.95 - - [16/Sep/2022:18:09:21 -0700] "GET /people/tollwig300.jpg HTTP/1.1" 200 27969 "https://ysfine.com/people/peo.html" "Mozilla/5.0 (Windows NT 10.0; Win64; x64) AppleWebKit/537.36 (KHTML, like Gecko) Chrome/105.0.0.0 Safari/537.36" "ysfine.com"
179.208.168.95 - - [16/Sep/2022:18:09:21 -0700] "GET /people/sakharov01c.jpg HTTP/1.1" 200 42636 "https://ysfine.com/people/peo.html" "Mozilla/5.0 (Windows NT 10.0; Win64; x64) AppleWebKit/537.36 (KHTML, like Gecko) Chrome/105.0.0.0 Safari/537.36" "ysfine.com"
179.208.168.95 - - [16/Sep/2022:18:09:21 -0700] "GET /people/wheemaine2.jpg HTTP/1.1" 200 34617 "https://ysfine.com/people/peo.html" "Mozilla/5.0 (Windows NT 10.0; Win64; x64) AppleWebKit/537.36 (KHTML, like Gecko) Chrome/105.0.0.0 Safari/537.36" "ysfine.com"
179.208.168.95 - - [16/Sep/2022:18:09:21 -0700] "GET /people/catto02b.jpg HTTP/1.1" 200 52505 "https://ysfine.com/people/peo.html" "Mozilla/5.0 (Windows NT 10.0; Win64; x64) AppleWebKit/537.36 (KHTML, like Gecko) Chrome/105.0.0.0 Safari/537.36" "ysfine.com"
179.208.168.95 - - [16/Sep/2022:18:09:21 -0700] "GET /people/eastman01b.jpg HTTP/1.1" 200 42893 "https://ysfine.com/people/peo.html" "Mozilla/5.0 (Windows NT 10.0; Win64; x64) AppleWebKit/537.36 (KHTML, like Gecko) Chrome/105.0.0.0 Safari/537.36" "ysfine.com"
179.208.168.95 - - [16/Sep/2022:18:09:21 -0700] "GET /wdc/kopol01b.jpg HTTP/1.1" 200 34148 "https://ysfine.com/people/peo.html" "Mozilla/5.0 (Windows NT 10.0; Win64; x64) AppleWebKit/537.36 (KHTML, like Gecko) Chrome/105.0.0.0 Safari/537.36" "ysfine.com"
179.208.168.95 - - [16/Sep/2022:18:09:21 -0700] "GET /people/redgreen300.jpg HTTP/1.1" 200 40144 "https://ysfine.com/people/peo.html" "Mozilla/5.0 (Windows NT 10.0; Win64; x64) AppleWebKit/537.36 (KHTML, like Gecko) Chrome/105.0.0.0 Safari/537.36" "ysfine.com"
179.208.168.95 - - [16/Sep/2022:18:09:21 -0700] "GET /feynman/feyjad33b.jpg HTTP/1.1" 200 32306 "https://ysfine.com/people/peo.html" "Mozilla/5.0 (Windows NT 10.0; Win64; x64) AppleWebKit/537.36 (KHTML, like Gecko) Chrome/105.0.0.0 Safari/537.36" "ysfine.com"
179.208.168.95 - - [16/Sep/2022:18:09:21 -0700] "GET /people/solimeno11b.jpg HTTP/1.1" 200 39705 "https://ysfine.com/people/peo.html" "Mozilla/5.0 (Windows NT 10.0; Win64; x64) AppleWebKit/537.36 (KHTML, like Gecko) Chrome/105.0.0.0 Safari/537.36" "ysfine.com"
179.208.168.95 - - [16/Sep/2022:18:09:21 -0700] "GET /people/lipkin02b.jpg HTTP/1.1" 200 44829 "https://ysfine.com/people/peo.html" "Mozilla/5.0 (Windows NT 10.0; Win64; x64) AppleWebKit/537.36 (KHTML, like Gecko) Chrome/105.0.0.0 Safari/537.36" "ysfine.com"
179.208.168.95 - - [16/Sep/2022:18:09:21 -0700] "GET /world/russ/afanasiev01b.jpg HTTP/1.1" 200 40004 "https://ysfine.com/people/peo.html" "Mozilla/5.0 (Windows NT 10.0; Win64; x64) AppleWebKit/537.36 (KHTML, like Gecko) Chrome/105.0.0.0 Safari/537.36" "ysfine.com"
179.208.168.95 - - [16/Sep/2022:18:09:21 -0700] "GET /wigner/neum/pvn05b.jpg HTTP/1.1" 200 45464 "https://ysfine.com/people/peo.html" "Mozilla/5.0 (Windows NT 10.0; Win64; x64) AppleWebKit/537.36 (KHTML, like Gecko) Chrome/105.0.0.0 Safari/537.36" "ysfine.com"
179.208.168.95 - - [16/Sep/2022:18:09:21 -0700] "GET /world/russ/filippov01b.jpg HTTP/1.1" 200 45154 "https://ysfine.com/people/peo.html" "Mozilla/5.0 (Windows NT 10.0; Win64; x64) AppleWebKit/537.36 (KHTML, like Gecko) Chrome/105.0.0.0 Safari/537.36" "ysfine.com"
179.208.168.95 - - [16/Sep/2022:18:09:21 -0700] "GET /people/logunov11b.jpg HTTP/1.1" 200 26659 "https://ysfine.com/people/peo.html" "Mozilla/5.0 (Windows NT 10.0; Win64; x64) AppleWebKit/537.36 (KHTML, like Gecko) Chrome/105.0.0.0 Safari/537.36" "ysfine.com"
179.208.168.95 - - [16/Sep/2022:18:09:21 -0700] "GET /people/klauder06c.jpg HTTP/1.1" 200 42613 "https://ysfine.com/people/peo.html" "Mozilla/5.0 (Windows NT 10.0; Win64; x64) AppleWebKit/537.36 (KHTML, like Gecko) Chrome/105.0.0.0 Safari/537.36" "ysfine.com"
179.208.168.95 - - [16/Sep/2022:18:09:21 -0700] "GET /people/wboys2.jpg HTTP/1.1" 200 40344 "https://ysfine.com/people/peo.html" "Mozilla/5.0 (Windows NT 10.0; Win64; x64) AppleWebKit/537.36 (KHTML, like Gecko) Chrome/105.0.0.0 Safari/537.36" "ysfine.com"
179.208.168.95 - - [16/Sep/2022:18:09:21 -0700] "GET /people/bhagat2.jpg HTTP/1.1" 200 33854 "https://ysfine.com/people/peo.html" "Mozilla/5.0 (Windows NT 10.0; Win64; x64) AppleWebKit/537.36 (KHTML, like Gecko) Chrome/105.0.0.0 Safari/537.36" "ysfine.com"
179.208.168.95 - - [16/Sep/2022:18:09:21 -0700] "GET /people/sbtwein2.jpg HTTP/1.1" 200 30398 "https://ysfine.com/people/peo.html" "Mozilla/5.0 (Windows NT 10.0; Win64; x64) AppleWebKit/537.36 (KHTML, like Gecko) Chrome/105.0.0.0 Safari/537.36" "ysfine.com"
179.208.168.95 - - [16/Sep/2022:18:09:21 -0700] "GET /wigner/inokim2.jpg HTTP/1.1" 200 29903 "https://ysfine.com/people/peo.html" "Mozilla/5.0 (Windows NT 10.0; Win64; x64) AppleWebKit/537.36 (KHTML, like Gecko) Chrome/105.0.0.0 Safari/537.36" "ysfine.com"
179.208.168.95 - - [16/Sep/2022:18:09:21 -0700] "GET /people/sibelbas11c.jpg HTTP/1.1" 200 31836 "https://ysfine.com/people/peo.html" "Mozilla/5.0 (Windows NT 10.0; Win64; x64) AppleWebKit/537.36 (KHTML, like Gecko) Chrome/105.0.0.0 Safari/537.36" "ysfine.com"
179.208.168.95 - - [16/Sep/2022:18:09:21 -0700] "GET /people/glauber01c.jpg HTTP/1.1" 200 31202 "https://ysfine.com/people/peo.html" "Mozilla/5.0 (Windows NT 10.0; Win64; x64) AppleWebKit/537.36 (KHTML, like Gecko) Chrome/105.0.0.0 Safari/537.36" "ysfine.com"
179.208.168.95 - - [16/Sep/2022:18:09:21 -0700] "GET /people/zeilinger01b.jpg HTTP/1.1" 200 30410 "https://ysfine.com/people/peo.html" "Mozilla/5.0 (Windows NT 10.0; Win64; x64) AppleWebKit/537.36 (KHTML, like Gecko) Chrome/105.0.0.0 Safari/537.36" "ysfine.com"
179.208.168.95 - - [16/Sep/2022:18:09:21 -0700] "GET /ffriends/amkor/elena01c.jpg HTTP/1.1" 200 37341 "https://ysfine.com/people/peo.html" "Mozilla/5.0 (Windows NT 10.0; Win64; x64) AppleWebKit/537.36 (KHTML, like Gecko) Chrome/105.0.0.0 Safari/537.36" "ysfine.com"
179.208.168.95 - - [16/Sep/2022:18:10:23 -0700] "GET /princeton/prince.html HTTP/1.1" 200 2567 "https://ysfine.com/people/peo.html" "Mozilla/5.0 (Windows NT 10.0; Win64; x64) AppleWebKit/537.36 (KHTML, like Gecko) Chrome/105.0.0.0 Safari/537.36" "ysfine.com"
179.208.168.95 - - [16/Sep/2022:18:10:23 -0700] "GET /einstein/ysturner2.jpg HTTP/1.1" 200 34841 "https://ysfine.com/princeton/prince.html" "Mozilla/5.0 (Windows NT 10.0; Win64; x64) AppleWebKit/537.36 (KHTML, like Gecko) Chrome/105.0.0.0 Safari/537.36" "ysfine.com"
179.208.168.95 - - [16/Sep/2022:18:10:23 -0700] "GET /princeton/feyprince11b.jpg HTTP/1.1" 200 46226 "https://ysfine.com/princeton/prince.html" "Mozilla/5.0 (Windows NT 10.0; Win64; x64) AppleWebKit/537.36 (KHTML, like Gecko) Chrome/105.0.0.0 Safari/537.36" "ysfine.com"
179.208.168.95 - - [16/Sep/2022:18:10:23 -0700] "GET /wigner/wigkim11b.jpg HTTP/1.1" 200 38616 "https://ysfine.com/princeton/prince.html" "Mozilla/5.0 (Windows NT 10.0; Win64; x64) AppleWebKit/537.36 (KHTML, like Gecko) Chrome/105.0.0.0 Safari/537.36" "ysfine.com"
185.191.171.19 - - [16/Sep/2022:18:10:30 -0700] "GET /home/bio99a.html HTTP/1.1" 200 12112 "-" "Mozilla/5.0 (compatible; SemrushBot/7~bl; +http://www.semrush.com/bot.html)" "ysfine.com"
179.208.168.95 - - [16/Sep/2022:18:10:48 -0700] "GET /home/dashen.html HTTP/1.1" 200 4015 "https://ysfine.com/princeton/prince.html" "Mozilla/5.0 (Windows NT 10.0; Win64; x64) AppleWebKit/537.36 (KHTML, like Gecko) Chrome/105.0.0.0 Safari/537.36" "ysfine.com"
40.77.167.27 - - [16/Sep/2022:18:11:04 -0700] "GET /maga/phys/poinsf/slide-55.jpg HTTP/1.1" 404 88 "-" "Mozilla/5.0 (compatible; bingbot/2.0; +http://www.bing.com/bingbot.htm)" "ysfine.com"
73.99.230.237 - - [16/Sep/2022:18:11:11 -0700] "GET /maga/phys/psphere01.jpg HTTP/1.1" 200 133024 "https://www.google.com/" "Mozilla/5.0 (iPhone; CPU iPhone OS 16_0 like Mac OS X) AppleWebKit/605.1.15 (KHTML, like Gecko) Version/16.0 Mobile/15E148 Safari/604.1" "ysfine.com"
172.56.80.164 - - [16/Sep/2022:18:11:41 -0700] "GET /style/tatiana11.jpg HTTP/1.1" 200 146910 "https://www.google.com/" "Mozilla/5.0 (iPhone; CPU iPhone OS 14_8_1 like Mac OS X) AppleWebKit/605.1.15 (KHTML, like Gecko) Version/14.1.2 Mobile/15E148 Safari/604.1" "ysfine.com"
114.119.128.14 - - [16/Sep/2022:18:11:49 -0700] "GET /class54/class5470/total_data/sub_8178.htm HTTP/1.1" 200 3510 "-" "Mozilla/5.0 (Linux; Android 7.0;) AppleWebKit/537.36 (KHTML, like Gecko) Mobile Safari/537.36 (compatible; PetalBot;+https://webmaster.petalsearch.com/site/petalbot)" "ysfine.com"
5.45.207.153 - - [16/Sep/2022:18:13:22 -0700] "GET /people/noz06.jpg HTTP/1.1" 200 55631 "-" "Mozilla/5.0 (compatible; YandexImages/3.0; +http://yandex.com/bots)" "www.ysfine.com"
87.250.224.40 - - [16/Sep/2022:18:13:25 -0700] "GET /people/noz06.jpg HTTP/1.1" 200 55631 "-" "Mozilla/5.0 (compatible; YandexBot/3.0; +http://yandex.com/bots)" "www.ysfine.com"
40.77.167.27 - - [16/Sep/2022:18:14:34 -0700] "GET /world/balkan/istan086b.jpg HTTP/1.1" 200 46686 "-" "Mozilla/5.0 (compatible; bingbot/2.0; +http://www.bing.com/bingbot.htm)" "ysfine.com"
114.119.128.142 - - [16/Sep/2022:18:14:47 -0700] "GET /class54/class5470/total_data/sub_763.htm HTTP/1.1" 200 3289 "-" "Mozilla/5.0 (Linux; Android 7.0;) AppleWebKit/537.36 (KHTML, like Gecko) Mobile Safari/537.36 (compatible; PetalBot;+https://webmaster.petalsearch.com/site/petalbot)" "ysfine.com"
23.115.3.74 - - [16/Sep/2022:18:15:35 -0700] "GET /feynman/feybongo.jpg HTTP/1.1" 200 47448 "https://www.timebomb2000.com/" "Mozilla/5.0 (iPad; CPU OS 12_5_5 like Mac OS X) AppleWebKit/605.1.15 (KHTML, like Gecko) Version/12.1.2 Mobile/15E148 Safari/604.1" "ysfine.com"
40.77.167.33 - - [16/Sep/2022:18:15:53 -0700] "GET /world/russ/kazan079.jpg HTTP/1.1" 200 81123 "-" "Mozilla/5.0 (compatible; bingbot/2.0; +http://www.bing.com/bingbot.htm)" "www.ysfine.com"
40.77.167.27 - - [16/Sep/2022:18:15:57 -0700] "GET /world/russ/masha33.jpg HTTP/1.1" 200 56630 "-" "Mozilla/5.0 (compatible; bingbot/2.0; +http://www.bing.com/bingbot.htm)" "www.ysfine.com"
40.77.167.62 - - [16/Sep/2022:18:16:16 -0700] "GET /world/russ/roskei90b.jpg HTTP/1.1" 200 50111 "-" "Mozilla/5.0 (compatible; bingbot/2.0; +http://www.bing.com/bingbot.htm)" "ysfine.com"
40.77.167.35 - - [16/Sep/2022:18:16:21 -0700] "GET /einstein/dff33b.jpg HTTP/1.1" 200 22692 "-" "Mozilla/5.0 AppleWebKit/537.36 (KHTML, like Gecko; compatible; bingbot/2.0; +http://www.bing.com/bingbot.htm) Chrome/103.0.5060.134 Safari/537.36" "www.ysfine.com"
114.119.128.154 - - [16/Sep/2022:18:16:30 -0700] "GET /class54/class5470/total_data/sub_114.htm HTTP/1.1" 200 3292 "-" "Mozilla/5.0 (Linux; Android 7.0;) AppleWebKit/537.36 (KHTML, like Gecko) Mobile Safari/537.36 (compatible; PetalBot;+https://webmaster.petalsearch.com/site/petalbot)" "ysfine.com"
110.239.211.102 - - [16/Sep/2022:18:16:36 -0700] "GET / HTTP/1.1" 200 15910 "-" "Mozilla/5.0 (Macintosh; Intel Mac OS X 10_15_7) AppleWebKit/605.1.15 (KHTML, like Gecko) Version/14.1.2 Safari/605.1.15" "ysfine.com"
40.77.167.35 - - [16/Sep/2022:18:17:07 -0700] "GET /princeton/brooke56.jpg HTTP/1.1" 200 105139 "-" "Mozilla/5.0 AppleWebKit/537.36 (KHTML, like Gecko; compatible; bingbot/2.0; +http://www.bing.com/bingbot.htm) Chrome/103.0.5060.134 Safari/537.36" "www.ysfine.com"
66.249.75.44 - - [16/Sep/2022:18:17:25 -0700] "GET /world/russ/zul00.jpg HTTP/1.1" 304 - "-" "Googlebot-Image/1.0" "ysfine.com"
157.55.39.146 - - [16/Sep/2022:18:17:44 -0700] "GET /world/germany/berlinf05.jpg HTTP/1.1" 200 78896 "-" "Mozilla/5.0 (compatible; bingbot/2.0; +http://www.bing.com/bingbot.htm)" "www.ysfine.com"
24.186.191.36 - - [16/Sep/2022:18:18:16 -0700] "GET /wdc/lafpark02.jpg HTTP/1.1" 200 87253 "https://www.google.com/" "Mozilla/5.0 (X11; CrOS x86_64 12239.92.1) AppleWebKit/537.36 (KHTML, like Gecko) Chrome/76.0.3809.136 Safari/537.36" "ysfine.com"
66.249.75.40 - - [16/Sep/2022:18:18:16 -0700] "GET /kowar/tanks/caval01c.jpg HTTP/1.1" 304 - "-" "Googlebot-Image/1.0" "ysfine.com"
66.249.75.108 - - [16/Sep/2022:18:18:22 -0700] "GET /ads.txt HTTP/1.1" 404 88 "-" "Mozilla/5.0 (compatible; Googlebot/2.1; +http://www.google.com/bot.html)" "www.ysfine.com"
114.119.128.142 - - [16/Sep/2022:18:18:35 -0700] "GET /class54/class5470/total_data/sub_508.htm HTTP/1.1" 200 3198 "-" "Mozilla/5.0 (Linux; Android 7.0;) AppleWebKit/537.36 (KHTML, like Gecko) Mobile Safari/537.36 (compatible; PetalBot;+https://webmaster.petalsearch.com/site/petalbot)" "ysfine.com"
40.77.167.35 - - [16/Sep/2022:18:19:08 -0700] "GET /einstein/places/ulm04c.jpg HTTP/1.1" 200 41981 "-" "Mozilla/5.0 (compatible; bingbot/2.0; +http://www.bing.com/bingbot.htm)" "ysfine.com"
177.98.76.85 - - [16/Sep/2022:18:20:57 -0700] "GET /kowar/tanks/m70.jpg HTTP/1.1" 200 77437 "https://www.forumdefesa.com/" "Mozilla/5.0 (Windows NT 10.0; Win64; x64) AppleWebKit/537.36 (KHTML, like Gecko) Chrome/105.0.0.0 Safari/537.36" "ysfine.com"
114.119.128.142 - - [16/Sep/2022:18:21:28 -0700] "GET /class54/class5470/total_data/sub_275.htm HTTP/1.1" 200 3370 "-" "Mozilla/5.0 (Linux; Android 7.0;) AppleWebKit/537.36 (KHTML, like Gecko) Mobile Safari/537.36 (compatible; PetalBot;+https://webmaster.petalsearch.com/site/petalbot)" "ysfine.com"
114.119.128.158 - - [16/Sep/2022:18:22:52 -0700] "GET /class54/class5470/total_data/sub_203.htm HTTP/1.1" 200 3401 "-" "Mozilla/5.0 (Linux; Android 7.0;) AppleWebKit/537.36 (KHTML, like Gecko) Mobile Safari/537.36 (compatible; PetalBot;+https://webmaster.petalsearch.com/site/petalbot)" "ysfine.com"
40.77.167.35 - - [16/Sep/2022:18:23:31 -0700] "GET /world/ital/venice29b.jpg HTTP/1.1" 200 34034 "-" "Mozilla/5.0 AppleWebKit/537.36 (KHTML, like Gecko; compatible; bingbot/2.0; +http://www.bing.com/bingbot.htm) Chrome/103.0.5060.134 Safari/537.36" "www.ysfine.com"
157.55.39.146 - - [16/Sep/2022:18:23:45 -0700] "GET /world/germany/oktf07.jpg HTTP/1.1" 200 95069 "-" "Mozilla/5.0 (compatible; bingbot/2.0; +http://www.bing.com/bingbot.htm)" "www.ysfine.com"
95.108.213.54 - - [16/Sep/2022:18:23:52 -0700] "GET /kobak/kohist.html HTTP/1.1" 200 6039 "-" "Mozilla/5.0 (compatible; YandexBot/3.0; +http://yandex.com/bots)" "www.ysfine.com"
157.55.39.146 - - [16/Sep/2022:18:25:05 -0700] "GET /kowar/kimis53.jpg HTTP/1.1" 200 159563 "-" "Mozilla/5.0 (compatible; bingbot/2.0; +http://www.bing.com/bingbot.htm)" "ysfine.com"
40.77.167.27 - - [16/Sep/2022:18:25:09 -0700] "GET /world/france/nice105.jpg HTTP/1.1" 200 69498 "-" "Mozilla/5.0 (compatible; bingbot/2.0; +http://www.bing.com/bingbot.htm)" "ysfine.com"
114.119.128.14 - - [16/Sep/2022:18:25:10 -0700] "GET /class54/class5470/total_data/sub_107.htm HTTP/1.1" 200 3258 "-" "Mozilla/5.0 (Linux; Android 7.0;) AppleWebKit/537.36 (KHTML, like Gecko) Mobile Safari/537.36 (compatible; PetalBot;+https://webmaster.petalsearch.com/site/petalbot)" "ysfine.com"
40.77.167.35 - - [16/Sep/2022:18:27:19 -0700] "GET /world/russ/kazan010.jpg HTTP/1.1" 200 73800 "-" "Mozilla/5.0 (compatible; bingbot/2.0; +http://www.bing.com/bingbot.htm)" "ysfine.com"
108.7.206.214 - - [16/Sep/2022:18:28:03 -0700] "GET /princeton/withers01.jpg HTTP/1.1" 200 113946 "https://www.google.com/" "Mozilla/5.0 (Macintosh; Intel Mac OS X 10_15_7) AppleWebKit/537.36 (KHTML, like Gecko) Chrome/104.0.0.0 Safari/537.36" "ysfine.com"
108.7.206.214 - - [16/Sep/2022:18:29:01 -0700] "GET /princeton/nasshall03.jpg HTTP/1.1" 200 147463 "https://www.google.com/" "Mozilla/5.0 (Macintosh; Intel Mac OS X 10_15_7) AppleWebKit/537.36 (KHTML, like Gecko) Chrome/104.0.0.0 Safari/537.36" "ysfine.com"
114.119.128.162 - - [16/Sep/2022:18:30:13 -0700] "GET /class54/class5470/total_data/sub_615.htm HTTP/1.1" 200 3196 "-" "Mozilla/5.0 (Linux; Android 7.0;) AppleWebKit/537.36 (KHTML, like Gecko) Mobile Safari/537.36 (compatible; PetalBot;+https://webmaster.petalsearch.com/site/petalbot)" "ysfine.com"
114.119.128.162 - - [16/Sep/2022:18:31:51 -0700] "GET /class54/class5470/total_data/sub_870.htm HTTP/1.1" 200 3510 "-" "Mozilla/5.0 (Linux; Android 7.0;) AppleWebKit/537.36 (KHTML, like Gecko) Mobile Safari/537.36 (compatible; PetalBot;+https://webmaster.petalsearch.com/site/petalbot)" "ysfine.com"
131.72.92.80 - - [16/Sep/2022:18:31:55 -0700] "GET /wigner/neum/vnc01.jpg HTTP/1.1" 200 133641 "https://sites.google.com/" "Mozilla/5.0 (Linux; Android 8.1.0; SM-J730G) AppleWebKit/537.36 (KHTML, like Gecko) Chrome/105.0.0.0 Mobile Safari/537.36" "ysfine.com"
66.249.75.44 - - [16/Sep/2022:18:32:21 -0700] "GET /kowar/tanks/caval01.jpg HTTP/1.1" 200 60777 "-" "Googlebot-Image/1.0" "ysfine.com"
114.119.128.162 - - [16/Sep/2022:18:33:10 -0700] "GET /class54/class5470/total_data/sub_722.htm HTTP/1.1" 200 3295 "-" "Mozilla/5.0 (Linux; Android 7.0;) AppleWebKit/537.36 (KHTML, like Gecko) Mobile Safari/537.36 (compatible; PetalBot;+https://webmaster.petalsearch.com/site/petalbot)" "ysfine.com"
40.77.167.62 - - [16/Sep/2022:18:34:19 -0700] "GET /einstein/einstori01.jpg HTTP/1.1" 200 40741 "-" "Mozilla/5.0 (compatible; bingbot/2.0; +http://www.bing.com/bingbot.htm)" "www.ysfine.com"
211.220.31.206 - - [16/Sep/2022:18:34:24 -0700] "GET /kobak/indep01.jpg HTTP/1.1" 200 587380 "https://www.google.com/" "Mozilla/5.0 (iPhone; CPU iPhone OS 15_6 like Mac OS X) AppleWebKit/605.1.15 (KHTML, like Gecko) CriOS/105.0.5195.129 Mobile/15E148 Safari/604.1" "ysfine.com"
211.220.31.206 - - [16/Sep/2022:18:34:26 -0700] "GET /kobak/indep01.jpg HTTP/1.1" 200 587380 "https://www.google.com/" "Mozilla/5.0 (iPhone; CPU iPhone OS 15_6 like Mac OS X) AppleWebKit/605.1.15 (KHTML, like Gecko) CriOS/105.0.5195.129 Mobile/15E148 Safari/604.1" "ysfine.com"
185.191.171.11 - - [16/Sep/2022:18:34:33 -0700] "GET /robots.txt HTTP/1.1" 404 88 "-" "Mozilla/5.0 (compatible; SemrushBot/7~bl; +http://www.semrush.com/bot.html)" "www.ysfine.com"
185.191.171.25 - - [16/Sep/2022:18:34:33 -0700] "GET /remote/wigner111/frame21.html HTTP/1.1" 200 772 "-" "Mozilla/5.0 (compatible; SemrushBot/7~bl; +http://www.semrush.com/bot.html)" "www.ysfine.com"
157.55.39.146 - - [16/Sep/2022:18:34:45 -0700] "GET /princeton/wilson05b.jpg HTTP/1.1" 200 38911 "-" "Mozilla/5.0 (compatible; bingbot/2.0; +http://www.bing.com/bingbot.htm)" "www.ysfine.com"
66.249.75.43 - - [16/Sep/2022:18:35:13 -0700] "GET /wisdom/lamp11.jpg HTTP/1.1" 200 131767 "-" "Googlebot-Image/1.0" "ysfine.com"
185.191.171.16 - - [16/Sep/2022:18:35:54 -0700] "GET /style/proschanie.html HTTP/1.1" 200 4801 "-" "Mozilla/5.0 (compatible; SemrushBot/7~bl; +http://www.semrush.com/bot.html)" "ysfine.com"
185.183.146.166 - - [16/Sep/2022:18:36:01 -0700] "GET /maga/histo/oscar22.jpg HTTP/1.1" 200 101665 "https://www.google.com/" "Mozilla/5.0 (Macintosh; Intel Mac OS X 10_15_7) AppleWebKit/605.1.15 (KHTML, like Gecko) Version/15.5 Safari/605.1.15" "ysfine.com"
114.119.128.142 - - [16/Sep/2022:18:36:12 -0700] "GET /class54/class5470/total_data/sub_872.htm HTTP/1.1" 200 3510 "-" "Mozilla/5.0 (Linux; Android 7.0;) AppleWebKit/537.36 (KHTML, like Gecko) Mobile Safari/537.36 (compatible; PetalBot;+https://webmaster.petalsearch.com/site/petalbot)" "ysfine.com"
114.119.128.158 - - [16/Sep/2022:18:38:59 -0700] "GET /class54/class5470/total_data/sub_740.htm HTTP/1.1" 200 3294 "-" "Mozilla/5.0 (Linux; Android 7.0;) AppleWebKit/537.36 (KHTML, like Gecko) Mobile Safari/537.36 (compatible; PetalBot;+https://webmaster.petalsearch.com/site/petalbot)" "ysfine.com"
66.249.75.40 - - [16/Sep/2022:18:39:03 -0700] "GET /class54/class5470/total_data/photo_img/2-74.jpg HTTP/1.1" 200 124316 "-" "Googlebot-Image/1.0" "ysfine.com"
114.119.128.162 - - [16/Sep/2022:18:41:03 -0700] "GET /class54/class5470/total_data/sub_764.htm HTTP/1.1" 200 3289 "-" "Mozilla/5.0 (Linux; Android 7.0;) AppleWebKit/537.36 (KHTML, like Gecko) Mobile Safari/537.36 (compatible; PetalBot;+https://webmaster.petalsearch.com/site/petalbot)" "ysfine.com"
40.77.167.62 - - [16/Sep/2022:18:41:09 -0700] "GET /dirac/dirac84.jpg HTTP/1.1" 200 67390 "-" "Mozilla/5.0 (compatible; bingbot/2.0; +http://www.bing.com/bingbot.htm)" "www.ysfine.com"
114.119.128.162 - - [16/Sep/2022:18:42:09 -0700] "GET /class54/class5470/total_data/sub_216.htm HTTP/1.1" 200 3404 "-" "Mozilla/5.0 (Linux; Android 7.0;) AppleWebKit/537.36 (KHTML, like Gecko) Mobile Safari/537.36 (compatible; PetalBot;+https://webmaster.petalsearch.com/site/petalbot)" "ysfine.com"
54.236.1.11 - - [16/Sep/2022:18:42:16 -0700] "GET /robots.txt HTTP/1.1" 404 88 "-" "Mozilla/5.0 (compatible; Pinterestbot/1.0; +http://www.pinterest.com/bot.html)" "ysfine.com"
54.236.1.11 - - [16/Sep/2022:18:42:16 -0700] "GET / HTTP/1.1" 200 5283 "-" "Mozilla/5.0 (compatible; Pinterestbot/1.0; +http://www.pinterest.com/bot.html)" "ysfine.com"
40.77.167.62 - - [16/Sep/2022:18:42:19 -0700] "GET /einstein/eink07c.jpg HTTP/1.1" 200 41743 "-" "Mozilla/5.0 AppleWebKit/537.36 (KHTML, like Gecko; compatible; bingbot/2.0; +http://www.bing.com/bingbot.htm) Chrome/103.0.5060.134 Safari/537.36" "www.ysfine.com"
40.77.167.27 - - [16/Sep/2022:18:42:38 -0700] "GET /world/russ/gatf16.jpg HTTP/1.1" 200 137503 "-" "Mozilla/5.0 (compatible; bingbot/2.0; +http://www.bing.com/bingbot.htm)" "ysfine.com"
40.77.167.35 - - [16/Sep/2022:18:43:20 -0700] "GET /usca/pitt/syriamos11.jpg HTTP/1.1" 200 219957 "-" "Mozilla/5.0 (compatible; bingbot/2.0; +http://www.bing.com/bingbot.htm)" "www.ysfine.com"
5.255.253.146 - - [16/Sep/2022:18:43:39 -0700] "GET /robots.txt HTTP/1.1" 404 73 "-" "Mozilla/5.0 (compatible; YandexBot/3.0; +http://yandex.com/bots)" "www.ysfine.com"
5.255.253.111 - - [16/Sep/2022:18:43:43 -0700] "GET /style/xiangran11b.jpg HTTP/1.1" 200 47472 "-" "Mozilla/5.0 (compatible; YandexImages/3.0; +http://yandex.com/bots)" "www.ysfine.com"
114.119.128.158 - - [16/Sep/2022:18:44:17 -0700] "GET /class54/class5470/total_data/sub_314.htm HTTP/1.1" 200 3310 "-" "Mozilla/5.0 (Linux; Android 7.0;) AppleWebKit/537.36 (KHTML, like Gecko) Mobile Safari/537.36 (compatible; PetalBot;+https://webmaster.petalsearch.com/site/petalbot)" "ysfine.com"
40.77.167.35 - - [16/Sep/2022:18:45:21 -0700] "GET /kowar/tanks/sherman50.jpg HTTP/1.1" 200 69232 "-" "Mozilla/5.0 (compatible; bingbot/2.0; +http://www.bing.com/bingbot.htm)" "ysfine.com"
114.119.128.158 - - [16/Sep/2022:18:46:37 -0700] "GET /class54/class5470/total_data/sub_725.htm HTTP/1.1" 200 3295 "-" "Mozilla/5.0 (Linux; Android 7.0;) AppleWebKit/537.36 (KHTML, like Gecko) Mobile Safari/537.36 (compatible; PetalBot;+https://webmaster.petalsearch.com/site/petalbot)" "ysfine.com"
157.55.39.146 - - [16/Sep/2022:18:46:37 -0700] "GET /ffriends/italberlin11.jpg HTTP/1.1" 200 190030 "-" "Mozilla/5.0 AppleWebKit/537.36 (KHTML, like Gecko; compatible; bingbot/2.0; +http://www.bing.com/bingbot.htm) Chrome/103.0.5060.134 Safari/537.36" "ysfine.com"
114.119.128.158 - - [16/Sep/2022:18:46:52 -0700] "GET /class54/class5470/total_data/sub_8137.htm HTTP/1.1" 200 3511 "-" "Mozilla/5.0 (Linux; Android 7.0;) AppleWebKit/537.36 (KHTML, like Gecko) Mobile Safari/537.36 (compatible; PetalBot;+https://webmaster.petalsearch.com/site/petalbot)" "ysfine.com"
54.236.1.11 - - [16/Sep/2022:18:47:31 -0700] "GET /maga/phys/landau55.jpg HTTP/1.1" 200 81675 "-" "Mozilla/5.0 (compatible; Pinterestbot/1.0; +http://www.pinterest.com/bot.html)" "ysfine.com"
40.77.167.35 - - [16/Sep/2022:18:47:54 -0700] "GET /world/russ/spbpi07.jpg HTTP/1.1" 200 87056 "-" "Mozilla/5.0 (compatible; bingbot/2.0; +http://www.bing.com/bingbot.htm)" "ysfine.com"
40.77.167.27 - - [16/Sep/2022:18:47:58 -0700] "GET /sbk/bindex/eward55f.jpg HTTP/1.1" 404 88 "-" "Mozilla/5.0 (compatible; bingbot/2.0; +http://www.bing.com/bingbot.htm)" "ysfine.com"
221.148.97.241 - - [16/Sep/2022:18:48:13 -0700] "GET /jobs/koreaj.html HTTP/1.1" 200 10214 "-" "Mozilla/5.0 (Macintosh; Intel Mac OS X 10.15; rv:104.0) Gecko/20100101 Firefox/104.0" "ysfine.com"
221.148.97.241 - - [16/Sep/2022:18:48:13 -0700] "GET /jobs/koreaj11b.jpg HTTP/1.1" 200 67543 "https://ysfine.com/jobs/koreaj.html" "Mozilla/5.0 (Macintosh; Intel Mac OS X 10.15; rv:104.0) Gecko/20100101 Firefox/104.0" "ysfine.com"
221.148.97.241 - - [16/Sep/2022:18:48:13 -0700] "GET /favicon.ico HTTP/1.1" 404 88 "https://ysfine.com/jobs/koreaj.html" "Mozilla/5.0 (Macintosh; Intel Mac OS X 10.15; rv:104.0) Gecko/20100101 Firefox/104.0" "ysfine.com"
40.77.167.35 - - [16/Sep/2022:18:48:30 -0700] "GET /maga/invent/wright03.jpg HTTP/1.1" 200 123402 "-" "Mozilla/5.0 (compatible; bingbot/2.0; +http://www.bing.com/bingbot.htm)" "ysfine.com"
40.77.167.35 - - [16/Sep/2022:18:48:31 -0700] "GET /wdc/umdbarn08.jpg HTTP/1.1" 200 94302 "-" "Mozilla/5.0 (compatible; bingbot/2.0; +http://www.bing.com/bingbot.htm)" "ysfine.com"
114.119.128.154 - - [16/Sep/2022:18:48:36 -0700] "GET /class54/class5470/total_data/sub_737.htm HTTP/1.1" 200 3294 "-" "Mozilla/5.0 (Linux; Android 7.0;) AppleWebKit/537.36 (KHTML, like Gecko) Mobile Safari/537.36 (compatible; PetalBot;+https://webmaster.petalsearch.com/site/petalbot)" "ysfine.com"
40.77.167.35 - - [16/Sep/2022:18:49:34 -0700] "GET /world/ital/verona06.jpg HTTP/1.1" 200 140363 "-" "Mozilla/5.0 (compatible; bingbot/2.0; +http://www.bing.com/bingbot.htm)" "www.ysfine.com"
114.119.128.162 - - [16/Sep/2022:18:50:15 -0700] "GET /class54/class5470/total_data/sub_116.htm HTTP/1.1" 200 3290 "-" "Mozilla/5.0 (Linux; Android 7.0;) AppleWebKit/537.36 (KHTML, like Gecko) Mobile Safari/537.36 (compatible; PetalBot;+https://webmaster.petalsearch.com/site/petalbot)" "ysfine.com"
114.119.128.162 - - [16/Sep/2022:18:52:04 -0700] "GET /class54/class5470/total_data/sub_8145.htm HTTP/1.1" 200 3519 "-" "Mozilla/5.0 (Linux; Android 7.0;) AppleWebKit/537.36 (KHTML, like Gecko) Mobile Safari/537.36 (compatible; PetalBot;+https://webmaster.petalsearch.com/site/petalbot)" "ysfine.com"
114.119.128.14 - - [16/Sep/2022:18:53:47 -0700] "GET /class54/class5470/total_data/sub_779.htm HTTP/1.1" 200 3289 "-" "Mozilla/5.0 (Linux; Android 7.0;) AppleWebKit/537.36 (KHTML, like Gecko) Mobile Safari/537.36 (compatible; PetalBot;+https://webmaster.petalsearch.com/site/petalbot)" "ysfine.com"
157.55.39.146 - - [16/Sep/2022:18:54:18 -0700] "GET /home/comet30.jpg HTTP/1.1" 200 134009 "-" "Mozilla/5.0 AppleWebKit/537.36 (KHTML, like Gecko; compatible; bingbot/2.0; +http://www.bing.com/bingbot.htm) Chrome/103.0.5060.134 Safari/537.36" "ysfine.com"
157.55.39.146 - - [16/Sep/2022:18:54:18 -0700] "GET /world/brit/cam03b.jpg HTTP/1.1" 200 48538 "-" "Mozilla/5.0 (compatible; bingbot/2.0; +http://www.bing.com/bingbot.htm)" "ysfine.com"
40.77.167.27 - - [16/Sep/2022:18:54:48 -0700] "GET /world/brit/dunf09.jpg HTTP/1.1" 200 93748 "-" "Mozilla/5.0 (compatible; bingbot/2.0; +http://www.bing.com/bingbot.htm)" "www.ysfine.com"
114.119.128.154 - - [16/Sep/2022:18:55:08 -0700] "GET /class54/class5470/total_data/sub_413.htm HTTP/1.1" 200 3201 "-" "Mozilla/5.0 (Linux; Android 7.0;) AppleWebKit/537.36 (KHTML, like Gecko) Mobile Safari/537.36 (compatible; PetalBot;+https://webmaster.petalsearch.com/site/petalbot)" "ysfine.com"
66.249.75.43 - - [16/Sep/2022:18:55:10 -0700] "GET /usca/norl/canal04.jpg HTTP/1.1" 200 121393 "-" "Googlebot-Image/1.0" "ysfine.com"
189.216.149.102 - - [16/Sep/2022:18:55:55 -0700] "GET /maga/histo/oscar22.jpg HTTP/1.1" 200 101665 "https://www.google.com/" "Mozilla/5.0 (Linux; Android 10; STK-LX3 Build/HUAWEISTK-LX3; wv) AppleWebKit/537.36 (KHTML, like Gecko) Version/4.0 Chrome/105.0.5195.79 Mobile Safari/537.36 GoogleApp/13.35.12.26.arm64" "ysfine.com"
189.216.149.102 - - [16/Sep/2022:18:56:00 -0700] "GET /maga/histo/desiree21.jpg HTTP/1.1" 200 91829 "https://www.google.com/" "Mozilla/5.0 (Linux; Android 10; STK-LX3 Build/HUAWEISTK-LX3; wv) AppleWebKit/537.36 (KHTML, like Gecko) Version/4.0 Chrome/105.0.5195.79 Mobile Safari/537.36 GoogleApp/13.35.12.26.arm64" "ysfine.com"
114.119.128.154 - - [16/Sep/2022:18:57:05 -0700] "GET /class54/class5470/total_data/sub_861.htm HTTP/1.1" 200 3513 "-" "Mozilla/5.0 (Linux; Android 7.0;) AppleWebKit/537.36 (KHTML, like Gecko) Mobile Safari/537.36 (compatible; PetalBot;+https://webmaster.petalsearch.com/site/petalbot)" "ysfine.com"
87.250.224.161 - - [16/Sep/2022:18:57:18 -0700] "GET /kobak/sorae06.jpg HTTP/1.1" 200 66917 "-" "Mozilla/5.0 (compatible; YandexImages/3.0; +http://yandex.com/bots)" "www.ysfine.com"
40.77.167.27 - - [16/Sep/2022:18:58:10 -0700] "GET /world/poland/polstu05.jpg HTTP/1.1" 200 99880 "-" "Mozilla/5.0 (compatible; bingbot/2.0; +http://www.bing.com/bingbot.htm)" "www.ysfine.com"
66.249.75.40 - - [16/Sep/2022:18:58:13 -0700] "GET /yspapers/sincos88.jpg HTTP/1.1" 200 40161 "-" "Googlebot-Image/1.0" "ysfine.com"
114.119.128.142 - - [16/Sep/2022:18:58:40 -0700] "GET /class54/class5470/total_data/sub_8133.htm HTTP/1.1" 200 3511 "-" "Mozilla/5.0 (Linux; Android 7.0;) AppleWebKit/537.36 (KHTML, like Gecko) Mobile Safari/537.36 (compatible; PetalBot;+https://webmaster.petalsearch.com/site/petalbot)" "ysfine.com"
5.45.207.153 - - [16/Sep/2022:18:59:14 -0700] "GET /world/poland/gdn51b.jpg HTTP/1.1" 200 43219 "-" "Mozilla/5.0 (compatible; YandexImages/3.0; +http://yandex.com/bots)" "www.ysfine.com"
114.119.128.158 - - [16/Sep/2022:18:59:39 -0700] "GET /class54/class5470/total_data/sub_855.htm HTTP/1.1" 200 3527 "-" "Mozilla/5.0 (Linux; Android 7.0;) AppleWebKit/537.36 (KHTML, like Gecko) Mobile Safari/537.36 (compatible; PetalBot;+https://webmaster.petalsearch.com/site/petalbot)" "ysfine.com"
77.75.72.26 - - [16/Sep/2022:19:00:06 -0700] "GET /einstein/maxein.html HTTP/1.1" 200 2651 "-" "Mozilla/5.0 (compatible; SeznamBot/4.0-RC1; +http://napoveda.seznam.cz/seznambot-intro/)" "ysfine.com"
95.108.213.74 - - [16/Sep/2022:19:00:43 -0700] "GET /robots.txt HTTP/1.1" 404 73 "-" "Mozilla/5.0 (compatible; YandexBot/3.0; +http://yandex.com/bots)" "ysfine.com"
213.180.203.71 - - [16/Sep/2022:19:00:47 -0700] "GET /robots.txt HTTP/1.1" 404 73 "-" "Mozilla/5.0 (compatible; YandexBot/3.0; +http://yandex.com/bots)" "ysfine.com"
179.208.168.95 - - [16/Sep/2022:19:00:51 -0700] "GET /feynman/feyfirm66.jpg HTTP/1.1" 200 211924 "https://www.google.com/" "Mozilla/5.0 (Windows NT 10.0; Win64; x64) AppleWebKit/537.36 (KHTML, like Gecko) Chrome/105.0.0.0 Safari/537.36" "ysfine.com"
87.250.224.156 - - [16/Sep/2022:19:00:51 -0700] "GET /einstein/hofstadter2.jpg HTTP/1.1" 200 42617 "-" "Mozilla/5.0 (compatible; YandexImages/3.0; +http://yandex.com/bots)" "ysfine.com"
179.208.168.95 - - [16/Sep/2022:19:00:53 -0700] "GET /home/goodbad11.jpg HTTP/1.1" 200 24463 "https://www.google.com/" "Mozilla/5.0 (Windows NT 10.0; Win64; x64) AppleWebKit/537.36 (KHTML, like Gecko) Chrome/105.0.0.0 Safari/537.36" "ysfine.com"
114.119.128.142 - - [16/Sep/2022:19:00:53 -0700] "GET /class54/class5470/total_data/sub_841.htm HTTP/1.1" 200 3527 "-" "Mozilla/5.0 (Linux; Android 7.0;) AppleWebKit/537.36 (KHTML, like Gecko) Mobile Safari/537.36 (compatible; PetalBot;+https://webmaster.petalsearch.com/site/petalbot)" "ysfine.com"
40.77.167.62 - - [16/Sep/2022:19:01:10 -0700] "GET /people/markov84b.jpg HTTP/1.1" 200 44106 "-" "Mozilla/5.0 (compatible; bingbot/2.0; +http://www.bing.com/bingbot.htm)" "ysfine.com"
95.108.213.54 - - [16/Sep/2022:19:02:01 -0700] "GET /einstein/weber10b.jpg HTTP/1.1" 200 19074 "-" "Mozilla/5.0 (compatible; YandexImages/3.0; +http://yandex.com/bots)" "www.ysfine.com"
40.77.167.33 - - [16/Sep/2022:19:02:17 -0700] "GET /kobak/nll01.jpg HTTP/1.1" 200 53089 "-" "Mozilla/5.0 (compatible; bingbot/2.0; +http://www.bing.com/bingbot.htm)" "ysfine.com"
40.77.167.33 - - [16/Sep/2022:19:02:47 -0700] "GET /world/russ/kazan049.jpg HTTP/1.1" 200 68150 "-" "Mozilla/5.0 AppleWebKit/537.36 (KHTML, like Gecko; compatible; bingbot/2.0; +http://www.bing.com/bingbot.htm) Chrome/103.0.5060.134 Safari/537.36" "www.ysfine.com"
17.121.112.49 - - [16/Sep/2022:19:02:53 -0700] "GET /dirac/index.html HTTP/1.1" 200 124 "-" "Mozilla/5.0 (Macintosh; Intel Mac OS X 10_15_5) AppleWebKit/605.1.15 (KHTML, like Gecko) Version/13.1.1 Safari/605.1.15 (Applebot/0.1; +http://www.apple.com/go/applebot)" "ysfine.com"
114.119.128.142 - - [16/Sep/2022:19:03:00 -0700] "GET /class54/class5470/total_data/sub_605.htm HTTP/1.1" 200 3192 "-" "Mozilla/5.0 (Linux; Android 7.0;) AppleWebKit/537.36 (KHTML, like Gecko) Mobile Safari/537.36 (compatible; PetalBot;+https://webmaster.petalsearch.com/site/petalbot)" "ysfine.com"
114.119.128.142 - - [16/Sep/2022:19:04:03 -0700] "GET /class54/class5470/total_data/sub_410.htm HTTP/1.1" 200 3214 "-" "Mozilla/5.0 (Linux; Android 7.0;) AppleWebKit/537.36 (KHTML, like Gecko) Mobile Safari/537.36 (compatible; PetalBot;+https://webmaster.petalsearch.com/site/petalbot)" "ysfine.com"
40.77.167.35 - - [16/Sep/2022:19:04:42 -0700] "GET /beau/dutch03.jpg HTTP/1.1" 404 88 "-" "Mozilla/5.0 (compatible; bingbot/2.0; +http://www.bing.com/bingbot.htm)" "ysfine.com"
40.77.167.35 - - [16/Sep/2022:19:05:36 -0700] "GET /wisdom/bible01b.jpg HTTP/1.1" 200 65841 "-" "Mozilla/5.0 (compatible; bingbot/2.0; +http://www.bing.com/bingbot.htm)" "www.ysfine.com"
114.119.128.158 - - [16/Sep/2022:19:06:07 -0700] "GET /class54/class5470/total_data/sub_8147.htm HTTP/1.1" 200 3520 "-" "Mozilla/5.0 (Linux; Android 7.0;) AppleWebKit/537.36 (KHTML, like Gecko) Mobile Safari/537.36 (compatible; PetalBot;+https://webmaster.petalsearch.com/site/petalbot)" "ysfine.com"
114.119.128.158 - - [16/Sep/2022:19:07:46 -0700] "GET /class54/class5470/total_data/sub_411.htm HTTP/1.1" 200 3214 "-" "Mozilla/5.0 (Linux; Android 7.0;) AppleWebKit/537.36 (KHTML, like Gecko) Mobile Safari/537.36 (compatible; PetalBot;+https://webmaster.petalsearch.com/site/petalbot)" "ysfine.com"
77.75.72.26 - - [16/Sep/2022:19:08:06 -0700] "GET /beau/amkor/kostu10.jpg HTTP/1.1" 404 88 "-" "Mozilla/5.0 (compatible; SeznamBot/4.0-RC1; +http://napoveda.seznam.cz/seznambot-intro/)" "ysfine.com"
40.77.167.62 - - [16/Sep/2022:19:09:11 -0700] "GET /style/rigaopera11b.jpg HTTP/1.1" 200 40758 "-" "Mozilla/5.0 (compatible; bingbot/2.0; +http://www.bing.com/bingbot.htm)" "ysfine.com"
114.119.128.162 - - [16/Sep/2022:19:09:51 -0700] "GET /class54/class5470/total_data/sub_891.htm HTTP/1.1" 200 3497 "-" "Mozilla/5.0 (Linux; Android 7.0;) AppleWebKit/537.36 (KHTML, like Gecko) Mobile Safari/537.36 (compatible; PetalBot;+https://webmaster.petalsearch.com/site/petalbot)" "ysfine.com"
40.77.167.99 - - [16/Sep/2022:19:10:08 -0700] "GET /robots.txt HTTP/1.1" 404 88 "-" "Mozilla/5.0 (compatible; bingbot/2.0; +http://www.bing.com/bingbot.htm)" "www.ysfine.com"
40.77.167.62 - - [16/Sep/2022:19:10:11 -0700] "GET /world/brit/lontaxi08.jpg HTTP/1.1" 200 66325 "-" "Mozilla/5.0 (compatible; bingbot/2.0; +http://www.bing.com/bingbot.htm)" "www.ysfine.com"
114.119.128.142 - - [16/Sep/2022:19:11:02 -0700] "GET /class54/class5470/total_data/sub_419.htm HTTP/1.1" 200 3220 "-" "Mozilla/5.0 (Linux; Android 7.0;) AppleWebKit/537.36 (KHTML, like Gecko) Mobile Safari/537.36 (compatible; PetalBot;+https://webmaster.petalsearch.com/site/petalbot)" "ysfine.com"
191.247.15.145 - - [16/Sep/2022:19:11:25 -0700] "GET /wigner/neum/vnc01.jpg HTTP/1.1" 200 133641 "https://sites.google.com/" "Mozilla/5.0 (Linux; Android 8.1.0; SAMSUNG SM-G610M) AppleWebKit/537.36 (KHTML, like Gecko) SamsungBrowser/16.0 Chrome/92.0.4515.166 Mobile Safari/537.36" "ysfine.com"
157.55.39.112 - - [16/Sep/2022:19:11:35 -0700] "GET /robots.txt HTTP/1.1" 404 88 "-" "Mozilla/5.0 (compatible; bingbot/2.0; +http://www.bing.com/bingbot.htm)" "www.ysfine.com"
40.77.167.35 - - [16/Sep/2022:19:11:44 -0700] "GET /people/baran.jpg HTTP/1.1" 200 57735 "-" "Mozilla/5.0 (compatible; bingbot/2.0; +http://www.bing.com/bingbot.htm)" "www.ysfine.com"
192.99.5.48 - - [16/Sep/2022:19:12:38 -0700] "GET /robots.txt HTTP/1.1" 404 73 "-" "Mozilla/5.0 (compatible; MJ12bot/v1.4.8; http://mj12bot.com/)" "ysfine.com"
192.99.5.48 - - [16/Sep/2022:19:12:41 -0700] "GET /world/sfrance.html HTTP/1.1" 200 8453 "-" "Mozilla/5.0 (compatible; MJ12bot/v1.4.8; http://mj12bot.com/)" "ysfine.com"
192.99.5.48 - - [16/Sep/2022:19:12:43 -0700] "GET /world/visas.html HTTP/1.1" 200 2626 "-" "Mozilla/5.0 (compatible; MJ12bot/v1.4.8; http://mj12bot.com/)" "ysfine.com"
114.119.128.14 - - [16/Sep/2022:19:13:33 -0700] "GET /class54/class5470/total_data/sub_8116.htm HTTP/1.1" 200 3499 "-" "Mozilla/5.0 (Linux; Android 7.0;) AppleWebKit/537.36 (KHTML, like Gecko) Mobile Safari/537.36 (compatible; PetalBot;+https://webmaster.petalsearch.com/site/petalbot)" "ysfine.com"
40.77.167.35 - - [16/Sep/2022:19:13:37 -0700] "GET /world/ital/napol01.jpg HTTP/1.1" 200 258202 "-" "Mozilla/5.0 (compatible; bingbot/2.0; +http://www.bing.com/bingbot.htm)" "ysfine.com"
40.77.167.27 - - [16/Sep/2022:19:13:40 -0700] "GET /world/baltic/lithuf14.jpg HTTP/1.1" 200 142349 "-" "Mozilla/5.0 AppleWebKit/537.36 (KHTML, like Gecko; compatible; bingbot/2.0; +http://www.bing.com/bingbot.htm) Chrome/103.0.5060.134 Safari/537.36" "www.ysfine.com"
40.77.167.62 - - [16/Sep/2022:19:13:53 -0700] "GET /world/scandi/sto001.jpg HTTP/1.1" 200 111684 "-" "Mozilla/5.0 AppleWebKit/537.36 (KHTML, like Gecko; compatible; bingbot/2.0; +http://www.bing.com/bingbot.htm) Chrome/103.0.5060.134 Safari/537.36" "ysfine.com"
114.119.128.158 - - [16/Sep/2022:19:14:01 -0700] "GET /class54/class5470/total_data/sub_834.htm HTTP/1.1" 200 3530 "-" "Mozilla/5.0 (Linux; Android 7.0;) AppleWebKit/537.36 (KHTML, like Gecko) Mobile Safari/537.36 (compatible; PetalBot;+https://webmaster.petalsearch.com/site/petalbot)" "ysfine.com"
114.119.128.14 - - [16/Sep/2022:19:16:01 -0700] "GET /class54/class5470/total_data/sub_8154.htm HTTP/1.1" 200 3510 "-" "Mozilla/5.0 (Linux; Android 7.0;) AppleWebKit/537.36 (KHTML, like Gecko) Mobile Safari/537.36 (compatible; PetalBot;+https://webmaster.petalsearch.com/site/petalbot)" "ysfine.com"
134.209.110.37 - - [16/Sep/2022:19:16:13 -0700] "GET /dirac/dirac2.jpg HTTP/1.1" 200 31039 "-" "Mozilla/4.0 (compatible; MSIE 6.0; Windows NT 5.1)" "ysfine.com"
45.77.32.51 - - [16/Sep/2022:19:16:38 -0700] "GET /maga/phys/rectan.jpg HTTP/1.1" 200 21089 "-" "Opera/9.80 (Windows NT 6.1; U; en) Presto/2.8.131 Version/11.11" "ysfine.com"
114.119.128.14 - - [16/Sep/2022:19:16:45 -0700] "GET /class54/class5470/total_data/sub_201b.htm HTTP/1.1" 200 3402 "-" "Mozilla/5.0 (Linux; Android 7.0;) AppleWebKit/537.36 (KHTML, like Gecko) Mobile Safari/537.36 (compatible; PetalBot;+https://webmaster.petalsearch.com/site/petalbot)" "ysfine.com"
40.77.167.27 - - [16/Sep/2022:19:16:50 -0700] "GET /wdc/corco22.jpg HTTP/1.1" 200 85105 "-" "Mozilla/5.0 (compatible; bingbot/2.0; +http://www.bing.com/bingbot.htm)" "ysfine.com"
88.198.90.9 - - [16/Sep/2022:19:16:56 -0700] "GET /archives/online.html HTTP/1.1" 200 2747 "-" "Mozilla/5.0 (Macintosh; Intel Mac OS X 10_15_7) AppleWebKit/537.36 (KHTML, like Gecko) Chrome/87.0.4280.88 Safari/537.36" "ysfine.com"
168.119.11.187 - - [16/Sep/2022:19:16:56 -0700] "GET /archives/online.html HTTP/1.1" 200 2747 "-" "Mozilla/5.0 (Macintosh; Intel Mac OS X 10_13_6) AppleWebKit/537.36 (KHTML, like Gecko) Chrome/87.0.4280.67 Safari/537.36" "ysfine.com"
136.243.17.161 - - [16/Sep/2022:19:16:59 -0700] "GET /confer/online.html HTTP/1.1" 200 2643 "-" "Mozilla/5.0 (Windows NT 10.0; Win64; x64) AppleWebKit/537.36 (KHTML, like Gecko) Chrome/86.0.4240.183 Safari/537.36 OPR/72.0.3815.320" "ysfine.com"
144.76.102.243 - - [16/Sep/2022:19:17:12 -0700] "GET /archives/online.html HTTP/1.1" 200 2747 "-" "Mozilla/5.0 (Macintosh; Intel Mac OS X 10_15_6) AppleWebKit/605.1.15 (KHTML, like Gecko) Version/13.1.2 Safari/605.1.15" "ysfine.com"
