193.142.147.68 - - [16/Sep/2022:16:41:23 -0700] "GET /beence.php HTTP/1.1" 404 88 "www.bing.com" "Mozilla/5.0 (Windows NT 10.0; Win64; x64) AppleWebKit/537.36 (KHTML, like Gecko) Chrome/90.0.4430.85 Safari/537.36" "ysfine.com"
35.210.130.240 - - [16/Sep/2022:16:41:24 -0700] "GET /robots.txt HTTP/1.1" 404 88 "http://ysfine.com/robots.txt" "Go-http-client/1.1" "ysfine.com"
35.210.130.240 - - [16/Sep/2022:16:41:26 -0700] "GET /confer/conrigh.html HTTP/1.1" 200 1964 "http://ysfine.com/confer/conrigh.html" "Mozilla/5.0 (compatible; VelenPublicWebCrawler/1.0; +https://velen.io)" "ysfine.com"
162.208.44.39 - - [16/Sep/2022:16:41:35 -0700] "GET /newyork/colum01.jpg HTTP/1.1" 200 99832 "https://www.google.com/" "Mozilla/5.0 (Linux; Android 12; SM-F936U Build/SP2A.220305.013; wv) AppleWebKit/537.36 (KHTML, like Gecko) Version/4.0 Chrome/105.0.5195.79 Safari/537.36 GoogleApp/13.35.12.26.arm64" "ysfine.com"
157.55.39.146 - - [16/Sep/2022:16:41:55 -0700] "GET /einstein/eink24b.jpg HTTP/1.1" 200 42003 "-" "Mozilla/5.0 (compatible; bingbot/2.0; +http://www.bing.com/bingbot.htm)" "ysfine.com"
98.172.105.25 - - [16/Sep/2022:16:42:23 -0700] "GET /kobak/kimjap22.jpg HTTP/1.1" 200 84603 "https://www.google.com/" "Mozilla/5.0 (Windows NT 10.0; Win64; x64) AppleWebKit/537.36 (KHTML, like Gecko) Chrome/105.0.0.0 Safari/537.36" "ysfine.com"
185.191.171.18 - - [16/Sep/2022:16:42:38 -0700] "GET /philo/herod.html HTTP/1.1" 200 2403 "-" "Mozilla/5.0 (compatible; SemrushBot/7~bl; +http://www.semrush.com/bot.html)" "www.ysfine.com"
193.142.147.68 - - [16/Sep/2022:16:43:10 -0700] "GET /ups.php HTTP/1.1" 404 88 "www.bing.com" "wp_is_mobile" "ysfine.com"
40.77.167.62 - - [16/Sep/2022:16:43:17 -0700] "GET /sbk/2011muc66.jpg HTTP/1.1" 200 118110 "-" "Mozilla/5.0 (compatible; bingbot/2.0; +http://www.bing.com/bingbot.htm)" "www.ysfine.com"
177.51.64.213 - - [16/Sep/2022:16:44:02 -0700] "GET /wigner/neum/vnc01.jpg HTTP/1.1" 200 133641 "https://sites.google.com/" "Mozilla/5.0 (Linux; Android 9; moto e6s) AppleWebKit/537.36 (KHTML, like Gecko) Chrome/105.0.0.0 Mobile Safari/537.36" "ysfine.com"
77.75.79.31 - - [16/Sep/2022:16:44:04 -0700] "GET /maga/tesla.html HTTP/1.1" 304 - "-" "Mozilla/5.0 (compatible; SeznamBot/4.0-RC1; +http://napoveda.seznam.cz/seznambot-intro/)" "ysfine.com"
40.77.167.33 - - [16/Sep/2022:16:44:53 -0700] "GET /einstein/places/einha01.jpg HTTP/1.1" 200 75624 "-" "Mozilla/5.0 AppleWebKit/537.36 (KHTML, like Gecko; compatible; bingbot/2.0; +http://www.bing.com/bingbot.htm) Chrome/103.0.5060.134 Safari/537.36" "www.ysfine.com"
40.77.167.33 - - [16/Sep/2022:16:44:53 -0700] "GET /world/germany/oktf11.jpg HTTP/1.1" 200 114734 "-" "Mozilla/5.0 (compatible; bingbot/2.0; +http://www.bing.com/bingbot.htm)" "www.ysfine.com"
40.77.167.33 - - [16/Sep/2022:16:44:54 -0700] "GET /einstein/dff22.jpg HTTP/1.1" 200 39866 "-" "Mozilla/5.0 (compatible; bingbot/2.0; +http://www.bing.com/bingbot.htm)" "ysfine.com"
193.142.147.68 - - [16/Sep/2022:16:45:07 -0700] "GET /wp-signin.php?dizo&ping HTTP/1.1" 404 88 "www.bing.com" "wp_is_mobile" "ysfine.com"
157.55.39.146 - - [16/Sep/2022:16:45:15 -0700] "GET /world/scandi/copenf21.jpg HTTP/1.1" 200 81767 "-" "Mozilla/5.0 (compatible; bingbot/2.0; +http://www.bing.com/bingbot.htm)" "www.ysfine.com"
40.77.167.33 - - [16/Sep/2022:16:45:53 -0700] "GET /style/music/nurem01.jpg HTTP/1.1" 200 85326 "-" "Mozilla/5.0 (compatible; bingbot/2.0; +http://www.bing.com/bingbot.htm)" "ysfine.com"
173.73.80.118 - - [16/Sep/2022:16:46:29 -0700] "GET /home/bio66.html HTTP/1.1" 304 - "-" "Mozilla/5.0 (Windows NT 10.0; Win64; x64; rv:104.0) Gecko/20100101 Firefox/104.0" "ysfine.com"
173.73.80.118 - - [16/Sep/2022:16:46:29 -0700] "GET /wdc/umd06b.jpg HTTP/1.1" 200 34590 "https://ysfine.com/home/bio66.html" "Mozilla/5.0 (Windows NT 10.0; Win64; x64; rv:104.0) Gecko/20100101 Firefox/104.0" "ysfine.com"
173.73.80.118 - - [16/Sep/2022:16:46:29 -0700] "GET /people/towhee2.jpg HTTP/1.1" 200 32584 "https://ysfine.com/home/bio66.html" "Mozilla/5.0 (Windows NT 10.0; Win64; x64; rv:104.0) Gecko/20100101 Firefox/104.0" "ysfine.com"
173.73.80.118 - - [16/Sep/2022:16:46:29 -0700] "GET /home/fotos/cokes22b.jpg HTTP/1.1" 200 31764 "https://ysfine.com/home/bio66.html" "Mozilla/5.0 (Windows NT 10.0; Win64; x64; rv:104.0) Gecko/20100101 Firefox/104.0" "ysfine.com"
173.73.80.118 - - [16/Sep/2022:16:46:29 -0700] "GET /wdc/umd03b.jpg HTTP/1.1" 200 34740 "https://ysfine.com/home/bio66.html" "Mozilla/5.0 (Windows NT 10.0; Win64; x64; rv:104.0) Gecko/20100101 Firefox/104.0" "ysfine.com"
173.73.80.118 - - [16/Sep/2022:16:46:29 -0700] "GET /home/fotos/comcast11b.jpg HTTP/1.1" 200 22571 "https://ysfine.com/home/bio66.html" "Mozilla/5.0 (Windows NT 10.0; Win64; x64; rv:104.0) Gecko/20100101 Firefox/104.0" "ysfine.com"
173.73.80.118 - - [16/Sep/2022:16:46:29 -0700] "GET /home/ys90b.jpg HTTP/1.1" 200 29164 "https://ysfine.com/home/bio66.html" "Mozilla/5.0 (Windows NT 10.0; Win64; x64; rv:104.0) Gecko/20100101 Firefox/104.0" "ysfine.com"
173.73.80.118 - - [16/Sep/2022:16:46:29 -0700] "GET /people/tollwig2.jpg HTTP/1.1" 200 35067 "https://ysfine.com/home/bio66.html" "Mozilla/5.0 (Windows NT 10.0; Win64; x64; rv:104.0) Gecko/20100101 Firefox/104.0" "ysfine.com"
173.73.80.118 - - [16/Sep/2022:16:46:29 -0700] "GET /home/fotos/stud72b.jpg HTTP/1.1" 200 31123 "https://ysfine.com/home/bio66.html" "Mozilla/5.0 (Windows NT 10.0; Win64; x64; rv:104.0) Gecko/20100101 Firefox/104.0" "ysfine.com"
193.142.147.68 - - [16/Sep/2022:16:46:42 -0700] "GET /media-admin.php HTTP/1.1" 404 88 "www.bing.com" "wp_is_mobile" "ysfine.com"
193.142.147.68 - - [16/Sep/2022:16:48:14 -0700] "GET /export.php HTTP/1.1" 404 88 "www.bing.com" "Mozilla/5.0 (Windows NT 10.0; Win64; x64) AppleWebKit/537.36 (KHTML, like Gecko) Chrome/90.0.4430.85 Safari/537.36" "ysfine.com"
193.142.147.68 - - [16/Sep/2022:16:48:14 -0700] "GET /wp-content/export.php HTTP/1.1" 404 88 "www.bing.com" "Mozilla/5.0 (Windows NT 10.0; Win64; x64) AppleWebKit/537.36 (KHTML, like Gecko) Chrome/90.0.4430.85 Safari/537.36" "ysfine.com"
40.77.167.62 - - [16/Sep/2022:16:48:27 -0700] "GET /world/hungary/liszt02b.jpg HTTP/1.1" 200 62590 "-" "Mozilla/5.0 (compatible; bingbot/2.0; +http://www.bing.com/bingbot.htm)" "www.ysfine.com"
40.77.167.27 - - [16/Sep/2022:16:48:47 -0700] "GET /kobak/sorae/church01.jpg HTTP/1.1" 200 371390 "-" "Mozilla/5.0 AppleWebKit/537.36 (KHTML, like Gecko; compatible; bingbot/2.0; +http://www.bing.com/bingbot.htm) Chrome/103.0.5060.134 Safari/537.36" "www.ysfine.com"
40.77.167.62 - - [16/Sep/2022:16:50:38 -0700] "GET /world/brit/dunf11.jpg HTTP/1.1" 200 85074 "-" "Mozilla/5.0 (compatible; bingbot/2.0; +http://www.bing.com/bingbot.htm)" "www.ysfine.com"
190.190.7.187 - - [16/Sep/2022:16:50:51 -0700] "GET /feynman/ppic/einbohr77.jpg HTTP/1.1" 200 266255 "https://www.google.com/" "Mozilla/5.0 (iPhone; CPU iPhone OS 15_6_1 like Mac OS X) AppleWebKit/605.1.15 (KHTML, like Gecko) Version/15.6.1 Mobile/15E148 Safari/604.1" "ysfine.com"
190.190.7.187 - - [16/Sep/2022:16:51:09 -0700] "GET /feynman/ppic/quapar55.jpg HTTP/1.1" 200 113966 "https://www.google.com/" "Mozilla/5.0 (iPhone; CPU iPhone OS 15_6_1 like Mac OS X) AppleWebKit/605.1.15 (KHTML, like Gecko) Version/15.6.1 Mobile/15E148 Safari/604.1" "ysfine.com"
190.190.7.187 - - [16/Sep/2022:16:51:10 -0700] "GET /feynman/ppic/parton01.jpg HTTP/1.1" 200 64327 "https://www.google.com/" "Mozilla/5.0 (iPhone; CPU iPhone OS 15_6_1 like Mac OS X) AppleWebKit/605.1.15 (KHTML, like Gecko) Version/15.6.1 Mobile/15E148 Safari/604.1" "ysfine.com"
95.108.213.54 - - [16/Sep/2022:16:51:41 -0700] "GET /world/europe/delft01.jpg HTTP/1.1" 200 249302 "-" "Mozilla/5.0 (compatible; YandexImages/3.0; +http://yandex.com/bots)" "www.ysfine.com"
193.142.147.68 - - [16/Sep/2022:16:51:56 -0700] "GET /wp-includes/wp-class.php HTTP/1.1" 404 88 "www.bing.com" "wp_is_mobile" "ysfine.com"
193.142.147.68 - - [16/Sep/2022:16:53:33 -0700] "GET /wp-includes/wp-atom.php HTTP/1.1" 404 88 "www.bing.com" "Mozilla/5.0 (Windows NT 10.0; Win64; x64) AppleWebKit/537.36 (KHTML, like Gecko) Chrome/90.0.4430.85 Safari/537.36" "ysfine.com"
192.0.99.250 - - [16/Sep/2022:16:53:43 -0700] "GET /einstein/eins47.jpg HTTP/1.1" 200 108796 "-" "Photon/1.0" "ysfine.com"
157.55.39.146 - - [16/Sep/2022:16:53:47 -0700] "GET /einstein/fantova/fanto11.jpg HTTP/1.1" 200 16170 "-" "Mozilla/5.0 (compatible; bingbot/2.0; +http://www.bing.com/bingbot.htm)" "ysfine.com"
193.142.147.68 - - [16/Sep/2022:16:54:10 -0700] "GET /wp-includes/images/css.php HTTP/1.1" 404 88 "www.bing.com" "Mozilla/5.0 (Windows NT 10.0; Win64; x64) AppleWebKit/537.36 (KHTML, like Gecko) Chrome/90.0.4430.85 Safari/537.36" "ysfine.com"
193.142.147.68 - - [16/Sep/2022:16:54:10 -0700] "GET /wp-includes/css/css.php HTTP/1.1" 404 88 "www.bing.com" "Mozilla/5.0 (Windows NT 10.0; Win64; x64) AppleWebKit/537.36 (KHTML, like Gecko) Chrome/90.0.4430.85 Safari/537.36" "ysfine.com"
40.77.167.62 - - [16/Sep/2022:16:55:28 -0700] "GET /usca/pitt/oldterm33b.jpg HTTP/1.1" 200 32151 "-" "Mozilla/5.0 AppleWebKit/537.36 (KHTML, like Gecko; compatible; bingbot/2.0; +http://www.bing.com/bingbot.htm) Chrome/103.0.5060.134 Safari/537.36" "www.ysfine.com"
40.77.167.35 - - [16/Sep/2022:16:57:34 -0700] "GET /sbk/1980bb.jpg HTTP/1.1" 200 150671 "-" "Mozilla/5.0 AppleWebKit/537.36 (KHTML, like Gecko; compatible; bingbot/2.0; +http://www.bing.com/bingbot.htm) Chrome/103.0.5060.134 Safari/537.36" "www.ysfine.com"
40.77.167.27 - - [16/Sep/2022:16:57:46 -0700] "GET /awards/whoswho22.jpg HTTP/1.1" 200 157469 "-" "Mozilla/5.0 AppleWebKit/537.36 (KHTML, like Gecko; compatible; bingbot/2.0; +http://www.bing.com/bingbot.htm) Chrome/103.0.5060.134 Safari/537.36" "www.ysfine.com"
193.142.147.68 - - [16/Sep/2022:16:58:23 -0700] "GET /defau1t.php HTTP/1.1" 404 88 "www.bing.com" "Mozilla/5.0 (Windows NT 10.0; Win64; x64) AppleWebKit/537.36 (KHTML, like Gecko) Chrome/90.0.4430.85 Safari/537.36" "ysfine.com"
200.120.252.220 - - [16/Sep/2022:16:59:01 -0700] "GET /feynman/feybongo.jpg HTTP/1.1" 200 47448 "https://www.google.com/" "Mozilla/5.0 (Linux; Android 10; SM-J810M) AppleWebKit/537.36 (KHTML, like Gecko) Chrome/104.0.5112.97 Mobile Safari/537.36 OPR/71.3.3718.67322" "ysfine.com"
5.255.231.120 - - [16/Sep/2022:16:59:13 -0700] "GET /world/ital/venicej02b.jpg HTTP/1.1" 200 42128 "-" "Mozilla/5.0 (compatible; YandexImages/3.0; +http://yandex.com/bots)" "www.ysfine.com"
157.55.39.146 - - [16/Sep/2022:16:59:16 -0700] "GET /world/france/champ9606.jpg HTTP/1.1" 200 43990 "-" "Mozilla/5.0 (compatible; bingbot/2.0; +http://www.bing.com/bingbot.htm)" "ysfine.com"
193.142.147.68 - - [16/Sep/2022:16:59:33 -0700] "GET /moduless.php HTTP/1.1" 404 88 "www.bing.com" "Mozilla/5.0 (Windows NT 10.0; Win64; x64) AppleWebKit/537.36 (KHTML, like Gecko) Chrome/90.0.4430.85 Safari/537.36" "ysfine.com"
40.77.167.27 - - [16/Sep/2022:16:59:38 -0700] "GET /world/france/pariso09.jpg HTTP/1.1" 200 109419 "-" "Mozilla/5.0 (compatible; bingbot/2.0; +http://www.bing.com/bingbot.htm)" "ysfine.com"
77.75.79.31 - - [16/Sep/2022:17:00:17 -0700] "GET /maga/tesla.html HTTP/1.1" 304 - "-" "Mozilla/5.0 (compatible; SeznamBot/4.0-RC1; +http://napoveda.seznam.cz/seznambot-intro/)" "ysfine.com"
40.77.167.35 - - [16/Sep/2022:17:01:10 -0700] "GET /people/bj.jpg HTTP/1.1" 200 95738 "-" "Mozilla/5.0 (compatible; bingbot/2.0; +http://www.bing.com/bingbot.htm)" "ysfine.com"
160.202.36.64 - - [16/Sep/2022:17:02:15 -0700] "GET /heisen/bohrheisen11.jpg HTTP/1.1" 200 104546 "https://www.google.com/" "Mozilla/5.0 (Windows NT 10.0; Win64; x64) AppleWebKit/537.36 (KHTML, like Gecko) Chrome/105.0.0.0 Safari/537.36" "ysfine.com"
157.55.39.146 - - [16/Sep/2022:17:03:06 -0700] "GET /sbk/2008bru22.jpg HTTP/1.1" 200 258214 "-" "Mozilla/5.0 AppleWebKit/537.36 (KHTML, like Gecko; compatible; bingbot/2.0; +http://www.bing.com/bingbot.htm) Chrome/103.0.5060.134 Safari/537.36" "ysfine.com"
193.142.147.68 - - [16/Sep/2022:17:03:30 -0700] "GET /wp-booking.php HTTP/1.1" 404 88 "www.bing.com" "wp_is_mobile" "ysfine.com"
40.77.167.35 - - [16/Sep/2022:17:04:24 -0700] "GET /world/germany/leipzig10.jpg HTTP/1.1" 200 192443 "-" "Mozilla/5.0 AppleWebKit/537.36 (KHTML, like Gecko; compatible; bingbot/2.0; +http://www.bing.com/bingbot.htm) Chrome/103.0.5060.134 Safari/537.36" "www.ysfine.com"
40.77.167.27 - - [16/Sep/2022:17:04:29 -0700] "GET /wdc/washmo15.jpg HTTP/1.1" 200 85954 "-" "Mozilla/5.0 (compatible; bingbot/2.0; +http://www.bing.com/bingbot.htm)" "www.ysfine.com"
213.180.203.23 - - [16/Sep/2022:17:04:32 -0700] "GET /usca/pitt/pghrail11.jpg HTTP/1.1" 200 142534 "-" "Mozilla/5.0 (compatible; YandexImages/3.0; +http://yandex.com/bots)" "www.ysfine.com"
77.75.72.26 - - [16/Sep/2022:17:05:14 -0700] "GET /style/stleft.html HTTP/1.1" 200 548 "-" "Mozilla/5.0 (compatible; SeznamBot/4.0-RC1; +http://napoveda.seznam.cz/seznambot-intro/)" "ysfine.com"
193.142.147.68 - - [16/Sep/2022:17:05:17 -0700] "GET /wp-content/plugins/backup_index.php HTTP/1.1" 404 88 "www.bing.com" "wp_is_mobile" "ysfine.com"
40.77.167.99 - - [16/Sep/2022:17:05:47 -0700] "GET /robots.txt HTTP/1.1" 404 88 "-" "Mozilla/5.0 AppleWebKit/537.36 (KHTML, like Gecko; compatible; bingbot/2.0; +http://www.bing.com/bingbot.htm) Chrome/103.0.5060.134 Safari/537.36" "www.ysfine.com"
40.77.167.27 - - [16/Sep/2022:17:06:58 -0700] "GET /newyork/rocke01.jpg HTTP/1.1" 200 232913 "-" "Mozilla/5.0 (compatible; bingbot/2.0; +http://www.bing.com/bingbot.htm)" "ysfine.com"
40.77.167.35 - - [16/Sep/2022:17:07:41 -0700] "GET /world/russ/basil23.jpg HTTP/1.1" 200 193006 "-" "Mozilla/5.0 (compatible; bingbot/2.0; +http://www.bing.com/bingbot.htm)" "ysfine.com"
40.77.167.35 - - [16/Sep/2022:17:07:41 -0700] "GET /feynman/feyyang11b.jpg HTTP/1.1" 200 35104 "-" "Mozilla/5.0 (compatible; bingbot/2.0; +http://www.bing.com/bingbot.htm)" "ysfine.com"
193.142.147.68 - - [16/Sep/2022:17:08:24 -0700] "GET /wp-content/mu-plugins/db-safe-mode.php HTTP/1.1" 404 88 "www.bing.com" "wp_is_mobile" "ysfine.com"
157.55.39.146 - - [16/Sep/2022:17:08:27 -0700] "GET /world/germany/leipzif04.jpg HTTP/1.1" 200 170538 "-" "Mozilla/5.0 (compatible; bingbot/2.0; +http://www.bing.com/bingbot.htm)" "www.ysfine.com"
5.102.173.71 - - [16/Sep/2022:17:08:58 -0700] "GET /robots.txt HTTP/1.1" 404 88 "-" "Mozilla/5.0 (compatible; MojeekBot/0.11; +https://www.mojeek.com/bot.html)" "ysfine.com"
5.102.173.71 - - [16/Sep/2022:17:08:58 -0700] "GET /wigner/wigpic.html HTTP/1.1" 200 134 "-" "Mozilla/5.0 (compatible; MojeekBot/0.11; +https://www.mojeek.com/bot.html)" "ysfine.com"
193.142.147.68 - - [16/Sep/2022:17:09:49 -0700] "GET /wp-includes/css/wp-config.php HTTP/1.1" 404 88 "www.bing.com" "wp_is_mobile" "ysfine.com"
123.183.224.7 - - [16/Sep/2022:17:09:54 -0700] "GET / HTTP/1.1" 200 5283 "-" "Sogou web spider/4.0(+http://www.sogou.com/docs/help/webmasters.htm#07)" "www.ysfine.com"
157.55.39.146 - - [16/Sep/2022:17:11:38 -0700] "GET /usca/pitt/ysk54.jpg HTTP/1.1" 200 296806 "-" "Mozilla/5.0 (compatible; bingbot/2.0; +http://www.bing.com/bingbot.htm)" "www.ysfine.com"
193.142.147.68 - - [16/Sep/2022:17:12:07 -0700] "GET /config.bak.php HTTP/1.1" 404 88 "www.bing.com" "wp_is_mobile" "ysfine.com"
193.142.147.68 - - [16/Sep/2022:17:12:07 -0700] "GET /wp-content/themes/config.bak.php HTTP/1.1" 404 88 "www.bing.com" "wp_is_mobile" "ysfine.com"
5.188.210.91 - - [16/Sep/2022:17:13:21 -0700] "GET /world/travel.html HTTP/1.1" 200 5186 "https://www.ysfine.com/world/travel.html" "Mozilla/5.0 (Windows NT 10.0; WOW64) AppleWebKit/537.36 (KHTML, like Gecko) Chrome/90.0.4430.85 Safari/537.36" "www.ysfine.com"
5.188.210.91 - - [16/Sep/2022:17:13:22 -0700] "GET / HTTP/1.1" 200 15910 "https://www.ysfine.com/" "Mozilla/5.0 (Windows NT 10.0; WOW64) AppleWebKit/537.36 (KHTML, like Gecko) Chrome/90.0.4430.85 Safari/537.36" "www.ysfine.com"
40.77.167.33 - - [16/Sep/2022:17:13:26 -0700] "GET /world/spain/sevif05.jpg HTTP/1.1" 200 240509 "-" "Mozilla/5.0 AppleWebKit/537.36 (KHTML, like Gecko; compatible; bingbot/2.0; +http://www.bing.com/bingbot.htm) Chrome/103.0.5060.134 Safari/537.36" "www.ysfine.com"
2.59.134.228 - - [16/Sep/2022:17:13:39 -0700] "GET /wisdom/mil/tank05b.jpg HTTP/1.1" 200 48742 "-" "Mozilla/5.0 (Macintosh; Intel Mac OS X 10_14_4) AppleWebKit/537.36 (KHTML, like Gecko) Chrome/75.0.3770.100 Safari/537.36" "ysfine.com"
170.187.182.46 - - [16/Sep/2022:17:13:40 -0700] "GET /feynman/feygell66b.jpg HTTP/1.1" 200 28843 "-" "Mozilla/5.0 (Macintosh; Intel Mac OS X 10_14_4) AppleWebKit/537.36 (KHTML, like Gecko) Chrome/75.0.3770.100 Safari/537.36" "ysfine.com"
52.154.60.82 - - [16/Sep/2022:17:14:09 -0700] "GET /maga/histo/oscar33.jpg HTTP/1.1" 200 140181 "-" "DuckDuckBot/1.1; (+http://duckduckgo.com/duckduckbot.html)" "www.ysfine.com"
2.59.134.228 - - [16/Sep/2022:17:14:09 -0700] "GET /wisdom/mil/sherman44b.jpg HTTP/1.1" 200 34454 "-" "Mozilla/5.0 (Macintosh; Intel Mac OS X 10_14_4) AppleWebKit/537.36 (KHTML, like Gecko) Chrome/75.0.3770.100 Safari/537.36" "ysfine.com"
170.187.182.46 - - [16/Sep/2022:17:14:11 -0700] "GET /maga/phil/marxlon600.jpg HTTP/1.1" 200 90900 "-" "Mozilla/5.0 (Macintosh; Intel Mac OS X 10_14_4) AppleWebKit/537.36 (KHTML, like Gecko) Chrome/75.0.3770.100 Safari/537.36" "ysfine.com"
66.249.75.44 - - [16/Sep/2022:17:14:20 -0700] "GET /world/scandi/nbi04.jpg HTTP/1.1" 200 86389 "-" "Googlebot-Image/1.0" "ysfine.com"
77.75.79.31 - - [16/Sep/2022:17:14:31 -0700] "GET /maga/tesla.html HTTP/1.1" 304 - "-" "Mozilla/5.0 (compatible; SeznamBot/4.0-RC1; +http://napoveda.seznam.cz/seznambot-intro/)" "ysfine.com"
2.59.134.228 - - [16/Sep/2022:17:14:54 -0700] "GET /maga/phil/marxlon01b.jpg HTTP/1.1" 200 55777 "-" "Mozilla/5.0 (Macintosh; Intel Mac OS X 10_14_4) AppleWebKit/537.36 (KHTML, like Gecko) Chrome/75.0.3770.100 Safari/537.36" "ysfine.com"
139.180.209.73 - - [16/Sep/2022:17:15:00 -0700] "GET /maga/phil/sartre66.jpg HTTP/1.1" 200 239329 "-" "Mozilla/5.0 (compatible; MSIE 9.0; Windows NT 6.1; Trident/5.0" "ysfine.com"
45.76.176.73 - - [16/Sep/2022:17:15:01 -0700] "GET /maga/phil/childrenof11b.jpg HTTP/1.1" 200 73491 "-" "Mozilla/5.0 (Macintosh; Intel Mac OS X 10_7_0) AppleWebKit/535.11 (KHTML, like Gecko) Chrome/17.0.963.56 Safari/535.11" "ysfine.com"
134.209.109.23 - - [16/Sep/2022:17:15:14 -0700] "GET /world/france/sartsq06.jpg HTTP/1.1" 200 99510 "-" "Mozilla/4.0 (compatible; MSIE 7.0; Windows NT 5.1)" "ysfine.com"
134.209.105.211 - - [16/Sep/2022:17:15:16 -0700] "GET /world/france/sartremap11.jpg HTTP/1.1" 200 115003 "-" "Mozilla/4.0 (compatible; MSIE 8.0; Windows NT 6.0; Trident/4.0)" "ysfine.com"
193.142.147.68 - - [16/Sep/2022:17:15:20 -0700] "GET /legion.php HTTP/1.1" 404 88 "www.bing.com" "wp_is_mobile" "ysfine.com"
159.65.14.199 - - [16/Sep/2022:17:15:21 -0700] "GET /world/france/sartsq06.jpg HTTP/1.1" 200 99510 "-" "Mozilla/4.0 (compatible; MSIE 7.0; Windows NT 5.1)" "ysfine.com"
2.59.134.228 - - [16/Sep/2022:17:15:29 -0700] "GET /maga/phil/marxber22b.jpg HTTP/1.1" 200 48373 "-" "Mozilla/5.0 (Macintosh; Intel Mac OS X 10_14_4) AppleWebKit/537.36 (KHTML, like Gecko) Chrome/75.0.3770.100 Safari/537.36" "ysfine.com"
2.59.134.228 - - [16/Sep/2022:17:15:50 -0700] "GET /maga/phil/marxber600.jpg HTTP/1.1" 200 54098 "-" "Mozilla/5.0 (Macintosh; Intel Mac OS X 10_14_4) AppleWebKit/537.36 (KHTML, like Gecko) Chrome/75.0.3770.100 Safari/537.36" "ysfine.com"
170.187.182.46 - - [16/Sep/2022:17:15:50 -0700] "GET /maga/phil/marxmos01b.jpg HTTP/1.1" 200 26995 "-" "Mozilla/5.0 (Macintosh; Intel Mac OS X 10_14_4) AppleWebKit/537.36 (KHTML, like Gecko) Chrome/75.0.3770.100 Safari/537.36" "ysfine.com"
170.187.182.46 - - [16/Sep/2022:17:16:11 -0700] "GET /maga/phil/hume02b.jpg HTTP/1.1" 200 52835 "-" "Mozilla/5.0 (Macintosh; Intel Mac OS X 10_14_4) AppleWebKit/537.36 (KHTML, like Gecko) Chrome/75.0.3770.100 Safari/537.36" "ysfine.com"
40.77.167.33 - - [16/Sep/2022:17:16:16 -0700] "GET /world/israel/tlv21.jpg HTTP/1.1" 200 190569 "-" "Mozilla/5.0 (compatible; bingbot/2.0; +http://www.bing.com/bingbot.htm)" "ysfine.com"
2.59.134.228 - - [16/Sep/2022:17:16:19 -0700] "GET /maga/phil/mao100b.jpg HTTP/1.1" 200 55761 "-" "Mozilla/5.0 (Macintosh; Intel Mac OS X 10_14_4) AppleWebKit/537.36 (KHTML, like Gecko) Chrome/75.0.3770.100 Safari/537.36" "ysfine.com"
170.187.182.46 - - [16/Sep/2022:17:16:42 -0700] "GET /einstein/evol22b.jpg HTTP/1.1" 200 29614 "-" "Mozilla/5.0 (Macintosh; Intel Mac OS X 10_14_4) AppleWebKit/537.36 (KHTML, like Gecko) Chrome/75.0.3770.100 Safari/537.36" "ysfine.com"
114.119.128.14 - - [16/Sep/2022:17:17:51 -0700] "GET /ffriends/amkor/hillary.html HTTP/1.1" 404 88 "https://ysfine.com/ffriends/students.html" "Mozilla/5.0 (Linux; Android 7.0;) AppleWebKit/537.36 (KHTML, like Gecko) Mobile Safari/537.36 (compatible; PetalBot;+https://webmaster.petalsearch.com/site/petalbot)" "ysfine.com"
40.77.167.62 - - [16/Sep/2022:17:18:01 -0700] "GET /feynman/ppic/parton66a.jpg HTTP/1.1" 200 63902 "-" "Mozilla/5.0 (compatible; bingbot/2.0; +http://www.bing.com/bingbot.htm)" "www.ysfine.com"
40.77.167.35 - - [16/Sep/2022:17:19:45 -0700] "GET /world/ital/verona13b.jpg HTTP/1.1" 200 35017 "-" "Mozilla/5.0 (compatible; bingbot/2.0; +http://www.bing.com/bingbot.htm)" "ysfine.com"
77.75.79.31 - - [16/Sep/2022:17:20:07 -0700] "GET /style/stleft.html HTTP/1.1" 200 548 "-" "Mozilla/5.0 (compatible; SeznamBot/4.0-RC1; +http://napoveda.seznam.cz/seznambot-intro/)" "ysfine.com"
66.249.75.44 - - [16/Sep/2022:17:20:15 -0700] "GET /dirac/dirk6202f.jpg HTTP/1.1" 304 - "-" "Googlebot-Image/1.0" "ysfine.com"
87.250.224.46 - - [16/Sep/2022:17:20:27 -0700] "GET /robots.txt HTTP/1.1" 404 73 "-" "Mozilla/5.0 (compatible; YandexBot/3.0; +http://yandex.com/bots)" "www.ysfine.com"
87.250.224.128 - - [16/Sep/2022:17:20:31 -0700] "GET /world/russ/moschurch05b.jpg HTTP/1.1" 200 31736 "-" "Mozilla/5.0 (compatible; YandexImages/3.0; +http://yandex.com/bots)" "www.ysfine.com"
193.142.147.68 - - [16/Sep/2022:17:21:14 -0700] "GET /wp-content/plugins/wpconfig.bak.php?act=sf HTTP/1.1" 404 88 "www.bing.com" "Mozilla/5.0 (Windows NT 10.0; Win64; x64) AppleWebKit/537.36 (KHTML, like Gecko) Chrome/90.0.4430.85 Safari/537.36" "ysfine.com"
66.249.75.40 - - [16/Sep/2022:17:21:23 -0700] "GET /kobak/kimjap11b.jpg HTTP/1.1" 304 - "-" "Googlebot-Image/1.0" "ysfine.com"
93.56.117.86 - - [16/Sep/2022:17:21:36 -0700] "GET /dirac/dirac63.jpg HTTP/1.1" 200 83306 "https://www.google.it/" "Mozilla/5.0 (Windows NT 10.0; Win64; x64; rv:104.0) Gecko/20100101 Firefox/104.0" "ysfine.com"
93.56.117.86 - - [16/Sep/2022:17:21:46 -0700] "GET /dirac/dirwig33.jpg HTTP/1.1" 200 49208 "https://www.google.it/" "Mozilla/5.0 (Windows NT 10.0; Win64; x64; rv:104.0) Gecko/20100101 Firefox/104.0" "ysfine.com"
193.142.147.68 - - [16/Sep/2022:17:21:56 -0700] "GET /wp-plugins.php HTTP/1.1" 404 88 "www.bing.com" "wp_is_mobile" "ysfine.com"
179.6.138.248 - - [16/Sep/2022:17:22:17 -0700] "GET /maga/phys/sommerfeld11.jpg HTTP/1.1" 200 57843 "https://www.google.com/" "Mozilla/5.0 (Windows NT 10.0; Win64; x64) AppleWebKit/537.36 (KHTML, like Gecko) Chrome/104.0.0.0 Safari/537.36" "ysfine.com"
66.249.75.44 - - [16/Sep/2022:17:22:40 -0700] "GET /world/brit/harrow03.jpg HTTP/1.1" 304 - "-" "Googlebot-Image/1.0" "ysfine.com"
70.114.198.165 - - [16/Sep/2022:17:23:14 -0700] "GET /dirac/wigsis11.jpg HTTP/1.1" 200 71741 "https://www.google.com/" "Mozilla/5.0 (Windows NT 10.0; Win64; x64) AppleWebKit/537.36 (KHTML, like Gecko) Chrome/105.0.0.0 Safari/537.36" "ysfine.com"
185.221.69.34 - - [16/Sep/2022:17:24:09 -0700] "GET /heisen/schroheisen33.jpg HTTP/1.1" 200 86213 "https://www.google.com/" "Mozilla/5.0 (Windows NT 10.0; Win64; x64) AppleWebKit/537.36 (KHTML, like Gecko) Chrome/105.0.0.0 Safari/537.36" "ysfine.com"
107.77.216.189 - - [16/Sep/2022:17:24:35 -0700] "GET /maga/phil/sartre66.jpg HTTP/1.1" 200 239329 "https://www.google.com/" "Mozilla/5.0 (iPhone; CPU iPhone OS 15_6_1 like Mac OS X) AppleWebKit/605.1.15 (KHTML, like Gecko) Version/15.6.1 Mobile/15E148 Safari/604.1" "ysfine.com"
157.55.39.146 - - [16/Sep/2022:17:25:09 -0700] "GET /world/poland/krk15.jpg HTTP/1.1" 200 111741 "-" "Mozilla/5.0 (compatible; bingbot/2.0; +http://www.bing.com/bingbot.htm)" "www.ysfine.com"
95.108.213.74 - - [16/Sep/2022:17:25:54 -0700] "GET /dirac/sq73.jpg HTTP/1.1" 200 141429 "-" "Mozilla/5.0 (compatible; YandexImages/3.0; +http://yandex.com/bots)" "www.ysfine.com"
40.77.167.35 - - [16/Sep/2022:17:26:23 -0700] "GET /eink/eink07b.jpg HTTP/1.1" 200 35608 "-" "Mozilla/5.0 (compatible; bingbot/2.0; +http://www.bing.com/bingbot.htm)" "www.ysfine.com"
193.142.147.68 - - [16/Sep/2022:17:26:39 -0700] "GET /gank.php.PhP HTTP/1.1" 404 88 "www.bing.com" "wp_is_mobile" "ysfine.com"
157.55.39.112 - - [16/Sep/2022:17:26:43 -0700] "GET /robots.txt HTTP/1.1" 404 88 "-" "Mozilla/5.0 AppleWebKit/537.36 (KHTML, like Gecko; compatible; bingbot/2.0; +http://www.bing.com/bingbot.htm) Chrome/103.0.5060.134 Safari/537.36" "www.ysfine.com"
37.230.186.130 - - [16/Sep/2022:17:28:01 -0700] "GET /world/baltic/kalin22.jpg HTTP/1.1" 200 152819 "-" "Python/3.7 aiohttp/3.8.1" "ysfine.com"
193.142.147.68 - - [16/Sep/2022:17:28:53 -0700] "GET /wp-content/db-cache.php HTTP/1.1" 404 88 "www.bing.com" "wp_is_mobile" "ysfine.com"
40.77.167.27 - - [16/Sep/2022:17:30:00 -0700] "GET /world/russ/kazanmap22.jpg HTTP/1.1" 200 129761 "-" "Mozilla/5.0 (compatible; bingbot/2.0; +http://www.bing.com/bingbot.htm)" "www.ysfine.com"
40.77.167.27 - - [16/Sep/2022:17:30:02 -0700] "GET /world/france/louvre13.jpg HTTP/1.1" 200 64632 "-" "Mozilla/5.0 (compatible; bingbot/2.0; +http://www.bing.com/bingbot.htm)" "www.ysfine.com"
40.77.167.33 - - [16/Sep/2022:17:30:08 -0700] "GET /class54/busan11c.jpg HTTP/1.1" 200 35025 "-" "Mozilla/5.0 (compatible; bingbot/2.0; +http://www.bing.com/bingbot.htm)" "www.ysfine.com"
77.75.72.26 - - [16/Sep/2022:17:30:10 -0700] "GET /maga/tesla.html HTTP/1.1" 304 - "-" "Mozilla/5.0 (compatible; SeznamBot/4.0-RC1; +http://napoveda.seznam.cz/seznambot-intro/)" "ysfine.com"
40.77.167.35 - - [16/Sep/2022:17:30:57 -0700] "GET /world/brit/bond05.jpg HTTP/1.1" 200 106243 "-" "Mozilla/5.0 AppleWebKit/537.36 (KHTML, like Gecko; compatible; bingbot/2.0; +http://www.bing.com/bingbot.htm) Chrome/103.0.5060.134 Safari/537.36" "ysfine.com"
40.77.167.35 - - [16/Sep/2022:17:32:28 -0700] "GET /world/japan/nara002.jpg HTTP/1.1" 200 94951 "-" "Mozilla/5.0 (compatible; bingbot/2.0; +http://www.bing.com/bingbot.htm)" "ysfine.com"
193.142.147.68 - - [16/Sep/2022:17:33:05 -0700] "GET /archives.php HTTP/1.1" 404 88 "www.bing.com" "Mozilla/5.0 (Windows NT 10.0; Win64; x64) AppleWebKit/537.36 (KHTML, like Gecko) Chrome/90.0.4430.85 Safari/537.36" "ysfine.com"
20.99.255.235 - - [16/Sep/2022:17:33:08 -0700] "GET /wigner/shimo.jpg HTTP/1.1" 200 71558 "http://ysfine.com/wigner/shimo.jpg" "DuckDuckBot/1.1; (+http://duckduckgo.com/duckduckbot.html)" "ysfine.com"
40.77.167.33 - - [16/Sep/2022:17:33:28 -0700] "GET /world/russ/kazan043.jpg HTTP/1.1" 200 121131 "-" "Mozilla/5.0 (compatible; bingbot/2.0; +http://www.bing.com/bingbot.htm)" "www.ysfine.com"
40.77.167.33 - - [16/Sep/2022:17:33:29 -0700] "GET /usca/pitt/fortpitt02.jpg HTTP/1.1" 200 69515 "-" "Mozilla/5.0 (compatible; bingbot/2.0; +http://www.bing.com/bingbot.htm)" "www.ysfine.com"
66.249.75.44 - - [16/Sep/2022:17:34:15 -0700] "GET /world/places/ulm04b.jpg HTTP/1.1" 304 - "-" "Googlebot-Image/1.0" "ysfine.com"
5.45.207.136 - - [16/Sep/2022:17:34:17 -0700] "GET /world/russ/kazan013.jpg HTTP/1.1" 200 58865 "-" "Mozilla/5.0 (compatible; YandexImages/3.0; +http://yandex.com/bots)" "www.ysfine.com"
40.77.167.33 - - [16/Sep/2022:17:34:48 -0700] "GET /einstein/dff33.jpg HTTP/1.1" 200 13400 "-" "Mozilla/5.0 (compatible; bingbot/2.0; +http://www.bing.com/bingbot.htm)" "www.ysfine.com"
77.75.72.26 - - [16/Sep/2022:17:36:00 -0700] "GET /style/stleft.html HTTP/1.1" 200 548 "-" "Mozilla/5.0 (compatible; SeznamBot/4.0-RC1; +http://napoveda.seznam.cz/seznambot-intro/)" "ysfine.com"
17.121.115.237 - - [16/Sep/2022:17:38:09 -0700] "GET /home/comet.html HTTP/1.1" 200 199 "-" "Mozilla/5.0 (Macintosh; Intel Mac OS X 10_15_5) AppleWebKit/605.1.15 (KHTML, like Gecko) Version/13.1.1 Safari/605.1.15 (Applebot/0.1; +http://www.apple.com/go/applebot)" "www.ysfine.com"
114.119.128.14 - - [16/Sep/2022:17:39:40 -0700] "GET /class54/class5470/total_data/photo_img/4-18.jpg HTTP/1.1" 200 418360 "https://ysfine.com/class54/class5470/total_data/sub_418.htm" "Mozilla/5.0 (Linux; Android 7.0;) AppleWebKit/537.36 (KHTML, like Gecko) Mobile Safari/537.36 (compatible; PetalBot;+https://webmaster.petalsearch.com/site/petalbot)" "ysfine.com"
122.60.94.32 - - [16/Sep/2022:17:39:59 -0700] "GET /home/top21c.jpg HTTP/1.1" 200 53120 "http://www2.physics.umd.edu/" "Mozilla/5.0 (Linux; Android 9; SM-G950F) AppleWebKit/537.36 (KHTML, like Gecko) Chrome/105.0.0.0 Mobile Safari/537.36" "ysfine.com"
122.60.94.32 - - [16/Sep/2022:17:39:59 -0700] "GET /home/truck/truck20c.jpg HTTP/1.1" 200 29999 "http://www2.physics.umd.edu/" "Mozilla/5.0 (Linux; Android 9; SM-G950F) AppleWebKit/537.36 (KHTML, like Gecko) Chrome/105.0.0.0 Mobile Safari/537.36" "ysfine.com"
122.60.94.32 - - [16/Sep/2022:17:39:59 -0700] "GET /home/eink77c.jpg HTTP/1.1" 200 47471 "http://www2.physics.umd.edu/" "Mozilla/5.0 (Linux; Android 9; SM-G950F) AppleWebKit/537.36 (KHTML, like Gecko) Chrome/105.0.0.0 Mobile Safari/537.36" "ysfine.com"
122.60.94.32 - - [16/Sep/2022:17:39:59 -0700] "GET /home/eward55f.jpg HTTP/1.1" 200 122802 "http://www2.physics.umd.edu/" "Mozilla/5.0 (Linux; Android 9; SM-G950F) AppleWebKit/537.36 (KHTML, like Gecko) Chrome/105.0.0.0 Mobile Safari/537.36" "ysfine.com"
122.60.94.32 - - [16/Sep/2022:17:39:59 -0700] "GET /home/facu63c.jpg HTTP/1.1" 200 41710 "http://www2.physics.umd.edu/" "Mozilla/5.0 (Linux; Android 9; SM-G950F) AppleWebKit/537.36 (KHTML, like Gecko) Chrome/105.0.0.0 Mobile Safari/537.36" "ysfine.com"
122.60.94.32 - - [16/Sep/2022:17:39:59 -0700] "GET /home/goodbad55c.jpg HTTP/1.1" 200 24415 "http://www2.physics.umd.edu/" "Mozilla/5.0 (Linux; Android 9; SM-G950F) AppleWebKit/537.36 (KHTML, like Gecko) Chrome/105.0.0.0 Mobile Safari/537.36" "ysfine.com"
122.60.94.32 - - [16/Sep/2022:17:40:00 -0700] "GET /wdc/washmo23c.jpg HTTP/1.1" 200 21217 "http://www2.physics.umd.edu/" "Mozilla/5.0 (Linux; Android 9; SM-G950F) AppleWebKit/537.36 (KHTML, like Gecko) Chrome/105.0.0.0 Mobile Safari/537.36" "ysfine.com"
122.60.94.32 - - [16/Sep/2022:17:40:00 -0700] "GET /eink/ewk86a.jpg HTTP/1.1" 200 70895 "http://www2.physics.umd.edu/" "Mozilla/5.0 (Linux; Android 9; SM-G950F) AppleWebKit/537.36 (KHTML, like Gecko) Chrome/105.0.0.0 Mobile Safari/537.36" "ysfine.com"
122.60.94.32 - - [16/Sep/2022:17:40:00 -0700] "GET /wdc/eindc03c.jpg HTTP/1.1" 200 48446 "http://www2.physics.umd.edu/" "Mozilla/5.0 (Linux; Android 9; SM-G950F) AppleWebKit/537.36 (KHTML, like Gecko) Chrome/105.0.0.0 Mobile Safari/537.36" "ysfine.com"
122.60.94.32 - - [16/Sep/2022:17:40:01 -0700] "GET /sbk/1987pr22c.jpg HTTP/1.1" 200 40964 "http://www2.physics.umd.edu/" "Mozilla/5.0 (Linux; Android 9; SM-G950F) AppleWebKit/537.36 (KHTML, like Gecko) Chrome/105.0.0.0 Mobile Safari/537.36" "ysfine.com"
122.60.94.32 - - [16/Sep/2022:17:40:01 -0700] "GET /eink/einhaus11c.jpg HTTP/1.1" 200 42522 "http://www2.physics.umd.edu/" "Mozilla/5.0 (Linux; Android 9; SM-G950F) AppleWebKit/537.36 (KHTML, like Gecko) Chrome/105.0.0.0 Mobile Safari/537.36" "ysfine.com"
122.60.94.32 - - [16/Sep/2022:17:40:01 -0700] "GET /eink/einhaus33c.jpg HTTP/1.1" 200 23792 "http://www2.physics.umd.edu/" "Mozilla/5.0 (Linux; Android 9; SM-G950F) AppleWebKit/537.36 (KHTML, like Gecko) Chrome/105.0.0.0 Mobile Safari/537.36" "ysfine.com"
122.60.94.32 - - [16/Sep/2022:17:40:01 -0700] "GET /kobak/taylor33c.jpg HTTP/1.1" 200 39951 "http://www2.physics.umd.edu/" "Mozilla/5.0 (Linux; Android 9; SM-G950F) AppleWebKit/537.36 (KHTML, like Gecko) Chrome/105.0.0.0 Mobile Safari/537.36" "ysfine.com"
122.60.94.32 - - [16/Sep/2022:17:40:01 -0700] "GET /eink/eink54a.jpg HTTP/1.1" 200 79717 "http://www2.physics.umd.edu/" "Mozilla/5.0 (Linux; Android 9; SM-G950F) AppleWebKit/537.36 (KHTML, like Gecko) Chrome/105.0.0.0 Mobile Safari/537.36" "ysfine.com"
87.250.224.161 - - [16/Sep/2022:17:40:06 -0700] "GET /princeton/cleve3.jpg HTTP/1.1" 200 69154 "-" "Mozilla/5.0 (compatible; YandexImages/3.0; +http://yandex.com/bots)" "www.ysfine.com"
102.158.81.106 - - [16/Sep/2022:17:41:00 -0700] "GET /dirac/dirfoc62.jpg HTTP/1.1" 200 192075 "https://www.google.com/" "Mozilla/5.0 (Windows NT 10.0; Win64; x64) AppleWebKit/537.36 (KHTML, like Gecko) Chrome/105.0.0.0 Safari/537.36" "ysfine.com"
40.77.167.35 - - [16/Sep/2022:17:41:59 -0700] "GET /world/germany/vienna21.jpg HTTP/1.1" 200 158348 "-" "Mozilla/5.0 (compatible; bingbot/2.0; +http://www.bing.com/bingbot.htm)" "www.ysfine.com"
185.191.171.8 - - [16/Sep/2022:17:42:18 -0700] "GET /robots.txt HTTP/1.1" 404 88 "-" "Mozilla/5.0 (compatible; SemrushBot/7~bl; +http://www.semrush.com/bot.html)" "ysfine.com"
185.191.171.7 - - [16/Sep/2022:17:42:18 -0700] "GET /ffriends/chinese.html HTTP/1.1" 200 12014 "-" "Mozilla/5.0 (compatible; SemrushBot/7~bl; +http://www.semrush.com/bot.html)" "ysfine.com"
40.77.167.33 - - [16/Sep/2022:17:42:29 -0700] "GET /wigner/lunch270.jpg HTTP/1.1" 200 40293 "-" "Mozilla/5.0 AppleWebKit/537.36 (KHTML, like Gecko; compatible; bingbot/2.0; +http://www.bing.com/bingbot.htm) Chrome/103.0.5060.134 Safari/537.36" "www.ysfine.com"
177.247.77.6 - - [16/Sep/2022:17:42:32 -0700] "GET /maga/phys/schrod08.jpg HTTP/1.1" 200 84522 "https://www.bing.com/" "Mozilla/5.0 (Windows NT 10.0; Win64; x64) AppleWebKit/537.36 (KHTML, like Gecko) Chrome/105.0.0.0 Safari/537.36 Edg/105.0.1343.33" "www.ysfine.com"
70.79.231.113 - - [16/Sep/2022:17:42:41 -0700] "GET /kowar/tanks/tank01.jpg HTTP/1.1" 200 81859 "https://www.google.com/" "Mozilla/5.0 (Windows NT 10.0; Win64; x64; rv:104.0) Gecko/20100101 Firefox/104.0" "ysfine.com"
193.142.147.68 - - [16/Sep/2022:17:42:48 -0700] "GET /defau11.php HTTP/1.1" 404 88 "www.bing.com" "Mozilla/5.0 (Windows NT 10.0; Win64; x64) AppleWebKit/537.36 (KHTML, like Gecko) Chrome/90.0.4430.85 Safari/537.36" "ysfine.com"
179.208.168.95 - - [16/Sep/2022:17:43:24 -0700] "GET /home/top21c.jpg HTTP/1.1" 200 53120 "http://www2.physics.umd.edu/" "Mozilla/5.0 (Windows NT 10.0; Win64; x64) AppleWebKit/537.36 (KHTML, like Gecko) Chrome/105.0.0.0 Safari/537.36" "ysfine.com"
179.208.168.95 - - [16/Sep/2022:17:43:24 -0700] "GET /home/eink77c.jpg HTTP/1.1" 200 47471 "http://www2.physics.umd.edu/" "Mozilla/5.0 (Windows NT 10.0; Win64; x64) AppleWebKit/537.36 (KHTML, like Gecko) Chrome/105.0.0.0 Safari/537.36" "ysfine.com"
179.208.168.95 - - [16/Sep/2022:17:43:24 -0700] "GET /home/eward55f.jpg HTTP/1.1" 200 122802 "http://www2.physics.umd.edu/" "Mozilla/5.0 (Windows NT 10.0; Win64; x64) AppleWebKit/537.36 (KHTML, like Gecko) Chrome/105.0.0.0 Safari/537.36" "ysfine.com"
179.208.168.95 - - [16/Sep/2022:17:43:25 -0700] "GET /home/facu63c.jpg HTTP/1.1" 200 41710 "http://www2.physics.umd.edu/" "Mozilla/5.0 (Windows NT 10.0; Win64; x64) AppleWebKit/537.36 (KHTML, like Gecko) Chrome/105.0.0.0 Safari/537.36" "ysfine.com"
179.208.168.95 - - [16/Sep/2022:17:43:25 -0700] "GET /home/goodbad55c.jpg HTTP/1.1" 200 24415 "http://www2.physics.umd.edu/" "Mozilla/5.0 (Windows NT 10.0; Win64; x64) AppleWebKit/537.36 (KHTML, like Gecko) Chrome/105.0.0.0 Safari/537.36" "ysfine.com"
179.208.168.95 - - [16/Sep/2022:17:43:26 -0700] "GET /home/truck/truck20c.jpg HTTP/1.1" 200 29999 "http://www2.physics.umd.edu/" "Mozilla/5.0 (Windows NT 10.0; Win64; x64) AppleWebKit/537.36 (KHTML, like Gecko) Chrome/105.0.0.0 Safari/537.36" "ysfine.com"
179.208.168.95 - - [16/Sep/2022:17:43:27 -0700] "GET /eink/ewk86a.jpg HTTP/1.1" 200 70895 "http://www2.physics.umd.edu/" "Mozilla/5.0 (Windows NT 10.0; Win64; x64) AppleWebKit/537.36 (KHTML, like Gecko) Chrome/105.0.0.0 Safari/537.36" "ysfine.com"
179.208.168.95 - - [16/Sep/2022:17:43:27 -0700] "GET /wdc/washmo23c.jpg HTTP/1.1" 200 21217 "http://www2.physics.umd.edu/" "Mozilla/5.0 (Windows NT 10.0; Win64; x64) AppleWebKit/537.36 (KHTML, like Gecko) Chrome/105.0.0.0 Safari/537.36" "ysfine.com"
179.208.168.95 - - [16/Sep/2022:17:43:27 -0700] "GET /wdc/eindc03c.jpg HTTP/1.1" 200 48446 "http://www2.physics.umd.edu/" "Mozilla/5.0 (Windows NT 10.0; Win64; x64) AppleWebKit/537.36 (KHTML, like Gecko) Chrome/105.0.0.0 Safari/537.36" "ysfine.com"
179.208.168.95 - - [16/Sep/2022:17:43:28 -0700] "GET /sbk/1987pr22c.jpg HTTP/1.1" 200 40964 "http://www2.physics.umd.edu/" "Mozilla/5.0 (Windows NT 10.0; Win64; x64) AppleWebKit/537.36 (KHTML, like Gecko) Chrome/105.0.0.0 Safari/537.36" "ysfine.com"
179.208.168.95 - - [16/Sep/2022:17:43:28 -0700] "GET /eink/einhaus11c.jpg HTTP/1.1" 200 42522 "http://www2.physics.umd.edu/" "Mozilla/5.0 (Windows NT 10.0; Win64; x64) AppleWebKit/537.36 (KHTML, like Gecko) Chrome/105.0.0.0 Safari/537.36" "ysfine.com"
179.208.168.95 - - [16/Sep/2022:17:43:28 -0700] "GET /eink/einhaus33c.jpg HTTP/1.1" 200 23792 "http://www2.physics.umd.edu/" "Mozilla/5.0 (Windows NT 10.0; Win64; x64) AppleWebKit/537.36 (KHTML, like Gecko) Chrome/105.0.0.0 Safari/537.36" "ysfine.com"
179.208.168.95 - - [16/Sep/2022:17:43:28 -0700] "GET /kobak/taylor33c.jpg HTTP/1.1" 200 39951 "http://www2.physics.umd.edu/" "Mozilla/5.0 (Windows NT 10.0; Win64; x64) AppleWebKit/537.36 (KHTML, like Gecko) Chrome/105.0.0.0 Safari/537.36" "ysfine.com"
179.208.168.95 - - [16/Sep/2022:17:43:29 -0700] "GET /eink/eink54a.jpg HTTP/1.1" 200 79717 "http://www2.physics.umd.edu/" "Mozilla/5.0 (Windows NT 10.0; Win64; x64) AppleWebKit/537.36 (KHTML, like Gecko) Chrome/105.0.0.0 Safari/537.36" "ysfine.com"
193.142.147.68 - - [16/Sep/2022:17:43:53 -0700] "GET /wp-content/outcms.php?up HTTP/1.1" 404 88 "www.bing.com" "wp_is_mobile" "ysfine.com"
5.45.207.153 - - [16/Sep/2022:17:45:15 -0700] "GET /world/brit/cam31.jpg HTTP/1.1" 200 109780 "-" "Mozilla/5.0 (compatible; YandexImages/3.0; +http://yandex.com/bots)" "www.ysfine.com"
40.77.167.62 - - [16/Sep/2022:17:45:44 -0700] "GET /world/brit/eton01b.jpg HTTP/1.1" 200 47771 "-" "Mozilla/5.0 (compatible; bingbot/2.0; +http://www.bing.com/bingbot.htm)" "ysfine.com"
173.73.80.118 - - [16/Sep/2022:17:46:05 -0700] "GET /ys11/ HTTP/1.1" 304 - "-" "Mozilla/5.0 (Windows NT 10.0; Win64; x64) AppleWebKit/537.36 (KHTML, like Gecko) Chrome/105.0.0.0 Safari/537.36" "ysfine.com"
173.73.80.118 - - [16/Sep/2022:17:46:05 -0700] "GET /favicon.ico HTTP/1.1" 404 88 "https://ysfine.com/ys11/" "Mozilla/5.0 (Windows NT 10.0; Win64; x64) AppleWebKit/537.36 (KHTML, like Gecko) Chrome/105.0.0.0 Safari/537.36" "ysfine.com"
173.73.80.118 - - [16/Sep/2022:17:46:05 -0700] "GET /ys11/ HTTP/1.1" 304 - "-" "Mozilla/5.0 (Windows NT 10.0; WOW64) AppleWebKit/537.36 (KHTML, like Gecko) Chrome/63.0.3239.132 Safari/537.36" "ysfine.com"
40.77.167.35 - - [16/Sep/2022:17:46:05 -0700] "GET /newyork/centralp04.jpg HTTP/1.1" 200 112263 "-" "Mozilla/5.0 (compatible; bingbot/2.0; +http://www.bing.com/bingbot.htm)" "www.ysfine.com"
173.73.80.118 - - [16/Sep/2022:17:46:07 -0700] "GET /favicon.ico HTTP/1.1" 404 88 "https://ysfine.com/ys11/" "Mozilla/5.0 (Windows NT 10.0; WOW64) AppleWebKit/537.36 (KHTML, like Gecko) Chrome/63.0.3239.132 Safari/537.36" "ysfine.com"
40.77.167.27 - - [16/Sep/2022:17:46:21 -0700] "GET /world/russ/ukrastu01.jpg HTTP/1.1" 200 99878 "-" "Mozilla/5.0 (compatible; bingbot/2.0; +http://www.bing.com/bingbot.htm)" "www.ysfine.com"
179.208.168.95 - - [16/Sep/2022:17:47:45 -0700] "GET /maga/herod.html HTTP/1.1" 200 4341 "http://www2.physics.umd.edu/" "Mozilla/5.0 (Windows NT 10.0; Win64; x64) AppleWebKit/537.36 (KHTML, like Gecko) Chrome/105.0.0.0 Safari/537.36" "ysfine.com"
179.208.168.95 - - [16/Sep/2022:17:47:45 -0700] "GET /maga/phil/herod33c.jpg HTTP/1.1" 200 45604 "https://ysfine.com/maga/herod.html" "Mozilla/5.0 (Windows NT 10.0; Win64; x64) AppleWebKit/537.36 (KHTML, like Gecko) Chrome/105.0.0.0 Safari/537.36" "ysfine.com"
179.208.168.95 - - [16/Sep/2022:17:47:45 -0700] "GET /wigner/wigkim11c.jpg HTTP/1.1" 200 30443 "https://ysfine.com/maga/herod.html" "Mozilla/5.0 (Windows NT 10.0; Win64; x64) AppleWebKit/537.36 (KHTML, like Gecko) Chrome/105.0.0.0 Safari/537.36" "ysfine.com"
179.208.168.95 - - [16/Sep/2022:17:47:45 -0700] "GET /maga/phil/herod11c.jpg HTTP/1.1" 200 76011 "https://ysfine.com/maga/herod.html" "Mozilla/5.0 (Windows NT 10.0; Win64; x64) AppleWebKit/537.36 (KHTML, like Gecko) Chrome/105.0.0.0 Safari/537.36" "ysfine.com"
179.208.168.95 - - [16/Sep/2022:17:47:46 -0700] "GET /wigner/michwight11c.jpg HTTP/1.1" 200 38388 "https://ysfine.com/maga/herod.html" "Mozilla/5.0 (Windows NT 10.0; Win64; x64) AppleWebKit/537.36 (KHTML, like Gecko) Chrome/105.0.0.0 Safari/537.36" "ysfine.com"
179.208.168.95 - - [16/Sep/2022:17:47:46 -0700] "GET /wigner/tollwig11c.jpg HTTP/1.1" 200 30497 "https://ysfine.com/maga/herod.html" "Mozilla/5.0 (Windows NT 10.0; Win64; x64) AppleWebKit/537.36 (KHTML, like Gecko) Chrome/105.0.0.0 Safari/537.36" "ysfine.com"
179.208.168.95 - - [16/Sep/2022:17:47:46 -0700] "GET /wigner/michwight22c.jpg HTTP/1.1" 200 32821 "https://ysfine.com/maga/herod.html" "Mozilla/5.0 (Windows NT 10.0; Win64; x64) AppleWebKit/537.36 (KHTML, like Gecko) Chrome/105.0.0.0 Safari/537.36" "ysfine.com"
179.208.168.95 - - [16/Sep/2022:17:47:46 -0700] "GET /home/taylor400.jpg HTTP/1.1" 200 56181 "https://ysfine.com/maga/herod.html" "Mozilla/5.0 (Windows NT 10.0; Win64; x64) AppleWebKit/537.36 (KHTML, like Gecko) Chrome/105.0.0.0 Safari/537.36" "ysfine.com"
179.208.168.95 - - [16/Sep/2022:17:47:46 -0700] "GET /eink/ewk86f.jpg HTTP/1.1" 200 122173 "https://ysfine.com/maga/herod.html" "Mozilla/5.0 (Windows NT 10.0; Win64; x64) AppleWebKit/537.36 (KHTML, like Gecko) Chrome/105.0.0.0 Safari/537.36" "ysfine.com"
179.208.168.95 - - [16/Sep/2022:17:47:46 -0700] "GET /eink/pawkim19e.jpg HTTP/1.1" 200 85621 "https://ysfine.com/maga/herod.html" "Mozilla/5.0 (Windows NT 10.0; Win64; x64) AppleWebKit/537.36 (KHTML, like Gecko) Chrome/105.0.0.0 Safari/537.36" "ysfine.com"
179.208.168.95 - - [16/Sep/2022:17:47:47 -0700] "GET /favicon.ico HTTP/1.1" 404 88 "https://ysfine.com/maga/herod.html" "Mozilla/5.0 (Windows NT 10.0; Win64; x64) AppleWebKit/537.36 (KHTML, like Gecko) Chrome/105.0.0.0 Safari/537.36" "ysfine.com"
179.208.168.95 - - [16/Sep/2022:17:47:53 -0700] "GET /home/dashen.html HTTP/1.1" 200 4015 "http://www2.physics.umd.edu/" "Mozilla/5.0 (Windows NT 10.0; Win64; x64) AppleWebKit/537.36 (KHTML, like Gecko) Chrome/105.0.0.0 Safari/537.36" "ysfine.com"
179.208.168.95 - - [16/Sep/2022:17:47:53 -0700] "GET /home/dyson63c.jpg HTTP/1.1" 200 32101 "https://ysfine.com/home/dashen.html" "Mozilla/5.0 (Windows NT 10.0; Win64; x64) AppleWebKit/537.36 (KHTML, like Gecko) Chrome/105.0.0.0 Safari/537.36" "ysfine.com"
179.208.168.95 - - [16/Sep/2022:17:47:53 -0700] "GET /home/goodbad11c.jpg HTTP/1.1" 200 18799 "https://ysfine.com/home/dashen.html" "Mozilla/5.0 (Windows NT 10.0; Win64; x64) AppleWebKit/537.36 (KHTML, like Gecko) Chrome/105.0.0.0 Safari/537.36" "ysfine.com"
179.208.168.95 - - [16/Sep/2022:17:47:53 -0700] "GET /home/baranger97c.jpg HTTP/1.1" 200 25248 "https://ysfine.com/home/dashen.html" "Mozilla/5.0 (Windows NT 10.0; Win64; x64) AppleWebKit/537.36 (KHTML, like Gecko) Chrome/105.0.0.0 Safari/537.36" "ysfine.com"
179.208.168.95 - - [16/Sep/2022:17:47:54 -0700] "GET /feynman/feyfirm66c.jpg HTTP/1.1" 200 36701 "https://ysfine.com/home/dashen.html" "Mozilla/5.0 (Windows NT 10.0; Win64; x64) AppleWebKit/537.36 (KHTML, like Gecko) Chrome/105.0.0.0 Safari/537.36" "ysfine.com"
179.208.168.95 - - [16/Sep/2022:17:47:54 -0700] "GET /home/fotos/einhaus450.jpg HTTP/1.1" 200 65369 "https://ysfine.com/home/dashen.html" "Mozilla/5.0 (Windows NT 10.0; Win64; x64) AppleWebKit/537.36 (KHTML, like Gecko) Chrome/105.0.0.0 Safari/537.36" "ysfine.com"
157.55.39.112 - - [16/Sep/2022:17:47:55 -0700] "GET /robots.txt HTTP/1.1" 404 88 "-" "Mozilla/5.0 (compatible; bingbot/2.0; +http://www.bing.com/bingbot.htm)" "www.ysfine.com"
193.142.147.68 - - [16/Sep/2022:17:48:06 -0700] "GET /system_log.php?bala=up HTTP/1.1" 404 88 "www.bing.com" "wp_is_mobile" "ysfine.com"
40.77.167.35 - - [16/Sep/2022:17:48:09 -0700] "GET /eink/hyperell61c.jpg HTTP/1.1" 200 26470 "-" "Mozilla/5.0 AppleWebKit/537.36 (KHTML, like Gecko; compatible; bingbot/2.0; +http://www.bing.com/bingbot.htm) Chrome/103.0.5060.134 Safari/537.36" "www.ysfine.com"
179.208.168.95 - - [16/Sep/2022:17:49:04 -0700] "GET /dirac/index.html HTTP/1.1" 200 124 "http://www2.physics.umd.edu/" "Mozilla/5.0 (Windows NT 10.0; Win64; x64) AppleWebKit/537.36 (KHTML, like Gecko) Chrome/105.0.0.0 Safari/537.36" "ysfine.com"
179.208.168.95 - - [16/Sep/2022:17:49:04 -0700] "GET /dirac/dirbot.html HTTP/1.1" 200 130 "https://ysfine.com/dirac/index.html" "Mozilla/5.0 (Windows NT 10.0; Win64; x64) AppleWebKit/537.36 (KHTML, like Gecko) Chrome/105.0.0.0 Safari/537.36" "ysfine.com"
179.208.168.95 - - [16/Sep/2022:17:49:04 -0700] "GET /dirac/dirtop.html HTTP/1.1" 200 435 "https://ysfine.com/dirac/index.html" "Mozilla/5.0 (Windows NT 10.0; Win64; x64) AppleWebKit/537.36 (KHTML, like Gecko) Chrome/105.0.0.0 Safari/537.36" "ysfine.com"
179.208.168.95 - - [16/Sep/2022:17:49:04 -0700] "GET /dirac/dirleft.html HTTP/1.1" 200 716 "https://ysfine.com/dirac/dirbot.html" "Mozilla/5.0 (Windows NT 10.0; Win64; x64) AppleWebKit/537.36 (KHTML, like Gecko) Chrome/105.0.0.0 Safari/537.36" "ysfine.com"
179.208.168.95 - - [16/Sep/2022:17:49:04 -0700] "GET /dirac/dirkim.html HTTP/1.1" 200 3690 "https://ysfine.com/dirac/dirbot.html" "Mozilla/5.0 (Windows NT 10.0; Win64; x64) AppleWebKit/537.36 (KHTML, like Gecko) Chrome/105.0.0.0 Safari/537.36" "ysfine.com"
179.208.168.95 - - [16/Sep/2022:17:49:04 -0700] "GET /dirac/dirac11c.jpg HTTP/1.1" 200 39003 "https://ysfine.com/dirac/dirkim.html" "Mozilla/5.0 (Windows NT 10.0; Win64; x64) AppleWebKit/537.36 (KHTML, like Gecko) Chrome/105.0.0.0 Safari/537.36" "ysfine.com"
179.208.168.95 - - [16/Sep/2022:17:49:04 -0700] "GET /feynman/feydirac300.jpg HTTP/1.1" 200 38223 "https://ysfine.com/dirac/dirkim.html" "Mozilla/5.0 (Windows NT 10.0; Win64; x64) AppleWebKit/537.36 (KHTML, like Gecko) Chrome/105.0.0.0 Safari/537.36" "ysfine.com"
179.208.168.95 - - [16/Sep/2022:17:49:04 -0700] "GET /eink/eink61c.jpg HTTP/1.1" 200 34119 "https://ysfine.com/dirac/dirkim.html" "Mozilla/5.0 (Windows NT 10.0; Win64; x64) AppleWebKit/537.36 (KHTML, like Gecko) Chrome/105.0.0.0 Safari/537.36" "ysfine.com"
179.208.168.95 - - [16/Sep/2022:17:49:04 -0700] "GET /dirac/dirbust22c.jpg HTTP/1.1" 200 36029 "https://ysfine.com/dirac/dirkim.html" "Mozilla/5.0 (Windows NT 10.0; Win64; x64) AppleWebKit/537.36 (KHTML, like Gecko) Chrome/105.0.0.0 Safari/537.36" "ysfine.com"
179.208.168.95 - - [16/Sep/2022:17:49:04 -0700] "GET /eink/wsj21a.jpg HTTP/1.1" 200 117645 "https://ysfine.com/dirac/dirkim.html" "Mozilla/5.0 (Windows NT 10.0; Win64; x64) AppleWebKit/537.36 (KHTML, like Gecko) Chrome/105.0.0.0 Safari/537.36" "ysfine.com"
179.208.168.95 - - [16/Sep/2022:17:49:04 -0700] "GET /dirac/sq73c.jpg HTTP/1.1" 200 35501 "https://ysfine.com/dirac/dirkim.html" "Mozilla/5.0 (Windows NT 10.0; Win64; x64) AppleWebKit/537.36 (KHTML, like Gecko) Chrome/105.0.0.0 Safari/537.36" "ysfine.com"
179.208.168.95 - - [16/Sep/2022:17:49:04 -0700] "GET /dirac/nicodem11c.jpg HTTP/1.1" 200 72684 "https://ysfine.com/dirac/dirkim.html" "Mozilla/5.0 (Windows NT 10.0; Win64; x64) AppleWebKit/537.36 (KHTML, like Gecko) Chrome/105.0.0.0 Safari/537.36" "ysfine.com"
70.31.40.122 - - [16/Sep/2022:17:49:35 -0700] "GET /maga/phil/sisfa12/kanthegel01.jpg HTTP/1.1" 200 77614 "https://www.google.com/" "Mozilla/5.0 (Macintosh; Intel Mac OS X 10_15_7) AppleWebKit/537.36 (KHTML, like Gecko) Chrome/105.0.0.0 Safari/537.36" "ysfine.com"
5.45.207.153 - - [16/Sep/2022:17:49:42 -0700] "GET /people/giacobino03b.jpg HTTP/1.1" 200 35593 "-" "Mozilla/5.0 (compatible; YandexImages/3.0; +http://yandex.com/bots)" "www.ysfine.com"
92.75.205.195 - - [16/Sep/2022:17:50:02 -0700] "GET /home/book91.html HTTP/1.1" 200 6339 "https://scholar.google.de/scholar?start=20&q=symmetry+groups+in+quantum+mechanics&hl=de&as_sdt=0,5&as_vis=1" "Mozilla/5.0 (Macintosh; Intel Mac OS X 10_14_6) AppleWebKit/605.1.15 (KHTML, like Gecko) Version/14.1.2 Safari/605.1.15" "www.ysfine.com"
92.75.205.195 - - [16/Sep/2022:17:50:03 -0700] "GET /home/sq66.jpg HTTP/1.1" 404 88 "https://www.ysfine.com/home/book91.html" "Mozilla/5.0 (Macintosh; Intel Mac OS X 10_14_6) AppleWebKit/605.1.15 (KHTML, like Gecko) Version/14.1.2 Safari/605.1.15" "www.ysfine.com"
92.75.205.195 - - [16/Sep/2022:17:50:03 -0700] "GET /favicon.ico HTTP/1.1" 404 88 "https://www.ysfine.com/home/book91.html" "Mozilla/5.0 (Macintosh; Intel Mac OS X 10_14_6) AppleWebKit/605.1.15 (KHTML, like Gecko) Version/14.1.2 Safari/605.1.15" "www.ysfine.com"
5.255.253.143 - - [16/Sep/2022:17:50:23 -0700] "GET /wdc/loc05.jpg HTTP/1.1" 200 121845 "-" "Mozilla/5.0 (compatible; YandexImages/3.0; +http://yandex.com/bots)" "www.ysfine.com"
3.80.89.32 - - [16/Sep/2022:17:50:52 -0700] "GET /sitemap.xml HTTP/1.1" 304 - "https://www.google.com/" "Mozilla/5.0 (Macintosh; Intel Mac OS X 10_15_2) AppleWebKit/537.36 (KHTML, like Gecko) Chrome/79.0.3945.130 Safari/537.36" "ysfine.com"
77.75.79.31 - - [16/Sep/2022:17:51:35 -0700] "GET /newyork/columbia.html HTTP/1.1" 304 - "-" "Mozilla/5.0 (compatible; SeznamBot/4.0-RC1; +http://napoveda.seznam.cz/seznambot-intro/)" "ysfine.com"
66.249.75.44 - - [16/Sep/2022:17:52:09 -0700] "GET /world/russ/filippov01.jpg HTTP/1.1" 200 97436 "-" "Googlebot-Image/1.0" "ysfine.com"
173.73.80.118 - - [16/Sep/2022:17:52:41 -0700] "GET /favicon.ico HTTP/1.1" 404 88 "https://ysfine.com/ys11/" "Mozilla/5.0 (Windows NT 10.0; Win64; x64) AppleWebKit/537.36 (KHTML, like Gecko) Chrome/105.0.0.0 Safari/537.36" "ysfine.com"
193.142.147.68 - - [16/Sep/2022:17:52:52 -0700] "GET /wp-backup-sql-302.php HTTP/1.1" 404 88 "www.bing.com" "wp_is_mobile" "ysfine.com"
20.71.12.143 - - [16/Sep/2022:17:52:57 -0700] "GET /wigner/wigheis11.jpg HTTP/1.1" 200 96481 "-" "DuckDuckBot/1.1; (+http://duckduckgo.com/duckduckbot.html)" "ysfine.com"
