40.77.167.27 - - [16/Sep/2022:19:17:20 -0700] "GET /dongio/amkor/jpnapol01.jpg HTTP/1.1" 404 88 "-" "Mozilla/5.0 (compatible; bingbot/2.0; +http://www.bing.com/bingbot.htm)" "ysfine.com"
88.198.90.9 - - [16/Sep/2022:19:18:09 -0700] "GET /archives/online.html HTTP/1.1" 200 2747 "-" "Mozilla/5.0 (Windows NT 10.0; WOW64; Trident/7.0; rv:11.0) like Gecko" "ysfine.com"
185.191.171.13 - - [16/Sep/2022:19:18:14 -0700] "GET /robots.txt HTTP/1.1" 404 88 "-" "Mozilla/5.0 (compatible; SemrushBot/7~bl; +http://www.semrush.com/bot.html)" "ysfine.com"
185.191.171.34 - - [16/Sep/2022:19:18:15 -0700] "GET /maga/weyl.html HTTP/1.1" 200 4239 "-" "Mozilla/5.0 (compatible; SemrushBot/7~bl; +http://www.semrush.com/bot.html)" "ysfine.com"
87.250.224.127 - - [16/Sep/2022:19:18:31 -0700] "GET /world/spain/cordo28.jpg HTTP/1.1" 200 309923 "-" "Mozilla/5.0 (compatible; YandexImages/3.0; +http://yandex.com/bots)" "www.ysfine.com"
40.77.167.62 - - [16/Sep/2022:19:19:33 -0700] "GET /wdc/yswash06.jpg HTTP/1.1" 200 81458 "-" "Mozilla/5.0 AppleWebKit/537.36 (KHTML, like Gecko; compatible; bingbot/2.0; +http://www.bing.com/bingbot.htm) Chrome/103.0.5060.134 Safari/537.36" "www.ysfine.com"
213.180.203.23 - - [16/Sep/2022:19:19:41 -0700] "GET /class54/weheard628.html HTTP/1.1" 200 1613 "-" "Mozilla/5.0 (compatible; YandexBot/3.0; +http://yandex.com/bots)" "www.ysfine.com"
114.119.128.158 - - [16/Sep/2022:19:19:46 -0700] "GET /class54/class5470/total_data/sub_405.htm HTTP/1.1" 200 3214 "-" "Mozilla/5.0 (Linux; Android 7.0;) AppleWebKit/537.36 (KHTML, like Gecko) Mobile Safari/537.36 (compatible; PetalBot;+https://webmaster.petalsearch.com/site/petalbot)" "ysfine.com"
114.119.128.142 - - [16/Sep/2022:19:20:07 -0700] "GET /class54/class5470/total_data/sub_846.htm HTTP/1.1" 200 3526 "-" "Mozilla/5.0 (Linux; Android 7.0;) AppleWebKit/537.36 (KHTML, like Gecko) Mobile Safari/537.36 (compatible; PetalBot;+https://webmaster.petalsearch.com/site/petalbot)" "ysfine.com"
40.77.167.62 - - [16/Sep/2022:19:20:42 -0700] "GET /world/spain/sevi051c.jpg HTTP/1.1" 200 62623 "-" "Mozilla/5.0 AppleWebKit/537.36 (KHTML, like Gecko; compatible; bingbot/2.0; +http://www.bing.com/bingbot.htm) Chrome/103.0.5060.134 Safari/537.36" "www.ysfine.com"
66.249.75.40 - - [16/Sep/2022:19:20:50 -0700] "GET /world/ital/venicef05b.jpg HTTP/1.1" 200 40037 "-" "Googlebot-Image/1.0" "ysfine.com"
192.150.10.206 - - [16/Sep/2022:19:21:07 -0700] "GET /feynman/feybongo.jpg HTTP/1.1" 200 47448 "-" "Mozilla/5.0 (X11; Ubuntu; Linux x86_64; rv:72.0) Gecko/20100101 Firefox/72.0" "ysfine.com"
40.77.167.27 - - [16/Sep/2022:19:21:31 -0700] "GET /princeton/yspr58.jpg HTTP/1.1" 200 83305 "-" "Mozilla/5.0 (compatible; bingbot/2.0; +http://www.bing.com/bingbot.htm)" "www.ysfine.com"
114.119.128.142 - - [16/Sep/2022:19:21:46 -0700] "GET /class54/class5470/total_data/sub_735.htm HTTP/1.1" 200 3294 "-" "Mozilla/5.0 (Linux; Android 7.0;) AppleWebKit/537.36 (KHTML, like Gecko) Mobile Safari/537.36 (compatible; PetalBot;+https://webmaster.petalsearch.com/site/petalbot)" "ysfine.com"
40.77.167.33 - - [16/Sep/2022:19:21:58 -0700] "GET /einstein/newton11b.jpg HTTP/1.1" 200 61151 "-" "Mozilla/5.0 (compatible; bingbot/2.0; +http://www.bing.com/bingbot.htm)" "ysfine.com"
40.77.167.33 - - [16/Sep/2022:19:21:58 -0700] "GET /newyork/rocke02.jpg HTTP/1.1" 200 177483 "-" "Mozilla/5.0 AppleWebKit/537.36 (KHTML, like Gecko; compatible; bingbot/2.0; +http://www.bing.com/bingbot.htm) Chrome/103.0.5060.134 Safari/537.36" "ysfine.com"
40.77.167.62 - - [16/Sep/2022:19:22:12 -0700] "GET /sbk/2009olom11.jpg HTTP/1.1" 200 233567 "-" "Mozilla/5.0 AppleWebKit/537.36 (KHTML, like Gecko; compatible; bingbot/2.0; +http://www.bing.com/bingbot.htm) Chrome/103.0.5060.134 Safari/537.36" "www.ysfine.com"
40.77.167.33 - - [16/Sep/2022:19:22:58 -0700] "GET /world/spain/gran52.jpg HTTP/1.1" 200 191458 "-" "Mozilla/5.0 (compatible; bingbot/2.0; +http://www.bing.com/bingbot.htm)" "ysfine.com"
154.21.208.166 - - [16/Sep/2022:19:22:59 -0700] "GET / HTTP/1.1" 200 5283 "-" "Mozilla/5.0 (Windows; U; Windows NT 6.1; en-US; rv:1.9.1.5) Gecko/20091102 Firefox/3.5.5 (.NET CLR 3.5.30729)" "ysfine.com"
40.77.167.62 - - [16/Sep/2022:19:23:22 -0700] "GET /style/musee/britmu18.jpg HTTP/1.1" 200 123526 "-" "Mozilla/5.0 (compatible; bingbot/2.0; +http://www.bing.com/bingbot.htm)" "www.ysfine.com"
114.119.128.142 - - [16/Sep/2022:19:23:51 -0700] "GET /class54/class5470/total_data/sub_407.htm HTTP/1.1" 200 3214 "-" "Mozilla/5.0 (Linux; Android 7.0;) AppleWebKit/537.36 (KHTML, like Gecko) Mobile Safari/537.36 (compatible; PetalBot;+https://webmaster.petalsearch.com/site/petalbot)" "ysfine.com"
87.250.224.10 - - [16/Sep/2022:19:24:02 -0700] "GET /home/fotos/gongdae54a.jpg HTTP/1.1" 200 58026 "-" "Mozilla/5.0 (compatible; YandexImages/3.0; +http://yandex.com/bots)" "www.ysfine.com"
40.77.167.35 - - [16/Sep/2022:19:24:17 -0700] "GET /style/music/salzm03.jpg HTTP/1.1" 200 117389 "-" "Mozilla/5.0 (compatible; bingbot/2.0; +http://www.bing.com/bingbot.htm)" "ysfine.com"
114.119.128.142 - - [16/Sep/2022:19:25:16 -0700] "GET /class54/class5470/total_data/sub_113.htm HTTP/1.1" 200 3297 "-" "Mozilla/5.0 (Linux; Android 7.0;) AppleWebKit/537.36 (KHTML, like Gecko) Mobile Safari/537.36 (compatible; PetalBot;+https://webmaster.petalsearch.com/site/petalbot)" "ysfine.com"
40.77.167.33 - - [16/Sep/2022:19:25:59 -0700] "GET /world/russ/msu52.jpg HTTP/1.1" 200 139785 "-" "Mozilla/5.0 (compatible; bingbot/2.0; +http://www.bing.com/bingbot.htm)" "www.ysfine.com"
77.75.79.31 - - [16/Sep/2022:19:26:45 -0700] "GET /robots.txt HTTP/1.1" 404 88 "-" "Mozilla/5.0 (compatible; SeznamBot/4.0-RC1; +http://napoveda.seznam.cz/seznambot-intro/)" "ysfine.com"
40.77.167.33 - - [16/Sep/2022:19:28:01 -0700] "GET /style/bstring.html HTTP/1.1" 304 - "-" "Mozilla/5.0 AppleWebKit/537.36 (KHTML, like Gecko; compatible; bingbot/2.0; +http://www.bing.com/bingbot.htm) Chrome/103.0.5060.134 Safari/537.36" "www.ysfine.com"
40.77.167.35 - - [16/Sep/2022:19:28:08 -0700] "GET /maga/phys/poinsf/slide-09.jpg HTTP/1.1" 200 52403 "-" "Mozilla/5.0 (compatible; bingbot/2.0; +http://www.bing.com/bingbot.htm)" "ysfine.com"
114.119.128.142 - - [16/Sep/2022:19:28:13 -0700] "GET /class54/class5470/total_data/sub_742.htm HTTP/1.1" 200 3297 "-" "Mozilla/5.0 (Linux; Android 7.0;) AppleWebKit/537.36 (KHTML, like Gecko) Mobile Safari/537.36 (compatible; PetalBot;+https://webmaster.petalsearch.com/site/petalbot)" "ysfine.com"
209.35.172.218 - - [16/Sep/2022:19:28:21 -0700] "GET /einstein/heisenberg.html HTTP/1.1" 200 10552 "https://www.google.com/" "Mozilla/5.0 (Linux; Android 5.1.1; A37fw) AppleWebKit/537.36 (KHTML, like Gecko) Chrome/95.0.4638.74 Mobile Safari/537.36" "ysfine.com"
209.35.172.218 - - [16/Sep/2022:19:28:22 -0700] "GET /heisen/bohrheisen11c.jpg HTTP/1.1" 200 41289 "https://ysfine.com/einstein/heisenberg.html" "Mozilla/5.0 (Linux; Android 5.1.1; A37fw) AppleWebKit/537.36 (KHTML, like Gecko) Chrome/95.0.4638.74 Mobile Safari/537.36" "ysfine.com"
209.35.172.218 - - [16/Sep/2022:19:28:22 -0700] "GET /heisen/heisen66c.jpg HTTP/1.1" 200 43543 "https://ysfine.com/einstein/heisenberg.html" "Mozilla/5.0 (Linux; Android 5.1.1; A37fw) AppleWebKit/537.36 (KHTML, like Gecko) Chrome/95.0.4638.74 Mobile Safari/537.36" "ysfine.com"
209.35.172.218 - - [16/Sep/2022:19:28:22 -0700] "GET /heisen/schroheisen33c.jpg HTTP/1.1" 200 47347 "https://ysfine.com/einstein/heisenberg.html" "Mozilla/5.0 (Linux; Android 5.1.1; A37fw) AppleWebKit/537.36 (KHTML, like Gecko) Chrome/95.0.4638.74 Mobile Safari/537.36" "ysfine.com"
209.35.172.218 - - [16/Sep/2022:19:28:22 -0700] "GET /wigner/wigheis11c.jpg HTTP/1.1" 200 41279 "https://ysfine.com/einstein/heisenberg.html" "Mozilla/5.0 (Linux; Android 5.1.1; A37fw) AppleWebKit/537.36 (KHTML, like Gecko) Chrome/95.0.4638.74 Mobile Safari/537.36" "ysfine.com"
209.35.172.218 - - [16/Sep/2022:19:28:29 -0700] "GET /favicon.ico HTTP/1.1" 404 88 "https://ysfine.com/einstein/heisenberg.html" "Mozilla/5.0 (Linux; Android 5.1.1; A37fw) AppleWebKit/537.36 (KHTML, like Gecko) Chrome/95.0.4638.74 Mobile Safari/537.36" "ysfine.com"
40.77.167.27 - - [16/Sep/2022:19:28:31 -0700] "GET /wdc/loc04.jpg HTTP/1.1" 200 160323 "-" "Mozilla/5.0 (compatible; bingbot/2.0; +http://www.bing.com/bingbot.htm)" "ysfine.com"
157.55.39.146 - - [16/Sep/2022:19:29:02 -0700] "GET /style/nga22.jpg HTTP/1.1" 200 132866 "-" "Mozilla/5.0 (compatible; bingbot/2.0; +http://www.bing.com/bingbot.htm)" "ysfine.com"
209.35.172.218 - - [16/Sep/2022:19:29:56 -0700] "GET /einstein/einhouse11c.jpg HTTP/1.1" 200 32610 "https://ysfine.com/einstein/heisenberg.html" "Mozilla/5.0 (Linux; Android 5.1.1; A37fw) AppleWebKit/537.36 (KHTML, like Gecko) Chrome/95.0.4638.74 Mobile Safari/537.36" "ysfine.com"
209.35.172.218 - - [16/Sep/2022:19:29:56 -0700] "GET /einstein/fantova/fanto11c.jpg HTTP/1.1" 200 48308 "https://ysfine.com/einstein/heisenberg.html" "Mozilla/5.0 (Linux; Android 5.1.1; A37fw) AppleWebKit/537.36 (KHTML, like Gecko) Chrome/95.0.4638.74 Mobile Safari/537.36" "ysfine.com"
87.250.224.127 - - [16/Sep/2022:19:29:57 -0700] "GET /feynman/feygell66.jpg HTTP/1.1" 200 115723 "-" "Mozilla/5.0 (compatible; YandexImages/3.0; +http://yandex.com/bots)" "www.ysfine.com"
87.250.224.64 - - [16/Sep/2022:19:30:00 -0700] "GET /feynman/feygell66.jpg HTTP/1.1" 200 115723 "-" "Mozilla/5.0 (compatible; YandexBot/3.0; +http://yandex.com/bots)" "www.ysfine.com"
209.35.172.218 - - [16/Sep/2022:19:30:03 -0700] "GET /heisen/heisen22c.jpg HTTP/1.1" 200 33300 "https://ysfine.com/einstein/heisenberg.html" "Mozilla/5.0 (Linux; Android 5.1.1; A37fw) AppleWebKit/537.36 (KHTML, like Gecko) Chrome/95.0.4638.74 Mobile Safari/537.36" "ysfine.com"
209.35.172.218 - - [16/Sep/2022:19:30:03 -0700] "GET /einstein/einbohr33c.jpg HTTP/1.1" 200 36410 "https://ysfine.com/einstein/heisenberg.html" "Mozilla/5.0 (Linux; Android 5.1.1; A37fw) AppleWebKit/537.36 (KHTML, like Gecko) Chrome/95.0.4638.74 Mobile Safari/537.36" "ysfine.com"
209.35.172.218 - - [16/Sep/2022:19:30:03 -0700] "GET /einstein/tsepa11c.jpg HTTP/1.1" 200 28691 "https://ysfine.com/einstein/heisenberg.html" "Mozilla/5.0 (Linux; Android 5.1.1; A37fw) AppleWebKit/537.36 (KHTML, like Gecko) Chrome/95.0.4638.74 Mobile Safari/537.36" "ysfine.com"
40.77.167.62 - - [16/Sep/2022:19:30:35 -0700] "GET /kobak/arisaka99b.jpg HTTP/1.1" 200 48028 "-" "Mozilla/5.0 AppleWebKit/537.36 (KHTML, like Gecko; compatible; bingbot/2.0; +http://www.bing.com/bingbot.htm) Chrome/103.0.5060.134 Safari/537.36" "www.ysfine.com"
114.119.128.158 - - [16/Sep/2022:19:30:57 -0700] "GET /class54/class5470/total_data/sub_738.htm HTTP/1.1" 200 3294 "-" "Mozilla/5.0 (Linux; Android 7.0;) AppleWebKit/537.36 (KHTML, like Gecko) Mobile Safari/537.36 (compatible; PetalBot;+https://webmaster.petalsearch.com/site/petalbot)" "ysfine.com"
209.35.172.218 - - [16/Sep/2022:19:30:59 -0700] "GET /wigner/wighome11c.jpg HTTP/1.1" 200 45648 "https://ysfine.com/einstein/heisenberg.html" "Mozilla/5.0 (Linux; Android 5.1.1; A37fw) AppleWebKit/537.36 (KHTML, like Gecko) Chrome/95.0.4638.74 Mobile Safari/537.36" "ysfine.com"
209.35.172.218 - - [16/Sep/2022:19:30:59 -0700] "GET /einstein/texfiles/einheis01.jpg HTTP/1.1" 200 32456 "https://ysfine.com/einstein/heisenberg.html" "Mozilla/5.0 (Linux; Android 5.1.1; A37fw) AppleWebKit/537.36 (KHTML, like Gecko) Chrome/95.0.4638.74 Mobile Safari/537.36" "ysfine.com"
209.35.172.218 - - [16/Sep/2022:19:31:01 -0700] "GET /einstein/texfiles/einheis02.jpg HTTP/1.1" 200 27605 "https://ysfine.com/einstein/heisenberg.html" "Mozilla/5.0 (Linux; Android 5.1.1; A37fw) AppleWebKit/537.36 (KHTML, like Gecko) Chrome/95.0.4638.74 Mobile Safari/537.36" "ysfine.com"
209.35.172.218 - - [16/Sep/2022:19:31:02 -0700] "GET /einstein/texfiles/einheis03.jpg HTTP/1.1" 200 46000 "https://ysfine.com/einstein/heisenberg.html" "Mozilla/5.0 (Linux; Android 5.1.1; A37fw) AppleWebKit/537.36 (KHTML, like Gecko) Chrome/95.0.4638.74 Mobile Safari/537.36" "ysfine.com"
209.35.172.218 - - [16/Sep/2022:19:31:04 -0700] "GET /einstein/texfiles/einheis05.jpg HTTP/1.1" 200 31679 "https://ysfine.com/einstein/heisenberg.html" "Mozilla/5.0 (Linux; Android 5.1.1; A37fw) AppleWebKit/537.36 (KHTML, like Gecko) Chrome/95.0.4638.74 Mobile Safari/537.36" "ysfine.com"
40.77.167.35 - - [16/Sep/2022:19:31:36 -0700] "GET /usca/pitt/donner02.jpg HTTP/1.1" 200 72121 "-" "Mozilla/5.0 (compatible; bingbot/2.0; +http://www.bing.com/bingbot.htm)" "www.ysfine.com"
40.77.167.62 - - [16/Sep/2022:19:31:43 -0700] "GET /dongio/amkor/kostu02.jpg HTTP/1.1" 404 88 "-" "Mozilla/5.0 (compatible; bingbot/2.0; +http://www.bing.com/bingbot.htm)" "ysfine.com"
114.119.128.158 - - [16/Sep/2022:19:32:52 -0700] "GET /class54/class5470/total_data/sub_773.htm HTTP/1.1" 200 3289 "-" "Mozilla/5.0 (Linux; Android 7.0;) AppleWebKit/537.36 (KHTML, like Gecko) Mobile Safari/537.36 (compatible; PetalBot;+https://webmaster.petalsearch.com/site/petalbot)" "ysfine.com"
40.77.167.27 - - [16/Sep/2022:19:33:21 -0700] "GET /sbk/2006kiev11.jpg HTTP/1.1" 200 237038 "-" "Mozilla/5.0 (compatible; bingbot/2.0; +http://www.bing.com/bingbot.htm)" "ysfine.com"
114.119.128.14 - - [16/Sep/2022:19:34:13 -0700] "GET /class54/class5470/total_data/sub_608.htm HTTP/1.1" 200 3192 "-" "Mozilla/5.0 (Linux; Android 7.0;) AppleWebKit/537.36 (KHTML, like Gecko) Mobile Safari/537.36 (compatible; PetalBot;+https://webmaster.petalsearch.com/site/petalbot)" "ysfine.com"
74.221.32.125 - - [16/Sep/2022:19:34:39 -0700] "GET /kobak/repose33.jpg HTTP/1.1" 200 66664 "https://www.bing.com/" "Mozilla/5.0 (Windows NT 10.0; Win64; x64) AppleWebKit/537.36 (KHTML, like Gecko) Chrome/105.0.0.0 Safari/537.36 Edg/105.0.1343.33" "ysfine.com"
173.73.80.118 - - [16/Sep/2022:19:35:04 -0700] "GET /favicon.ico HTTP/1.1" 404 88 "https://ysfine.com/style/proschanie.html" "Mozilla/5.0 (Windows NT 10.0; Win64; x64) AppleWebKit/537.36 (KHTML, like Gecko) Chrome/105.0.0.0 Safari/537.36 Edg/105.0.1343.33" "ysfine.com"
17.121.112.112 - - [16/Sep/2022:19:35:53 -0700] "GET /dirac/dirtop.html HTTP/1.1" 200 435 "https://ysfine.com/dirac/index.html" "Mozilla/5.0 (Macintosh; Intel Mac OS X 10_15_5) AppleWebKit/605.1.15 (KHTML, like Gecko) Version/13.1.1 Safari/605.1.15 (Applebot/0.1; +http://www.apple.com/go/applebot)" "ysfine.com"
17.121.113.112 - - [16/Sep/2022:19:35:54 -0700] "GET /dirac/dirbot.html HTTP/1.1" 200 130 "https://ysfine.com/dirac/index.html" "Mozilla/5.0 (Macintosh; Intel Mac OS X 10_15_5) AppleWebKit/605.1.15 (KHTML, like Gecko) Version/13.1.1 Safari/605.1.15 (Applebot/0.1; +http://www.apple.com/go/applebot)" "ysfine.com"
17.121.112.112 - - [16/Sep/2022:19:35:54 -0700] "GET /dirac/dirleft.html HTTP/1.1" 200 716 "https://ysfine.com/dirac/dirbot.html" "Mozilla/5.0 (Macintosh; Intel Mac OS X 10_15_5) AppleWebKit/605.1.15 (KHTML, like Gecko) Version/13.1.1 Safari/605.1.15 (Applebot/0.1; +http://www.apple.com/go/applebot)" "ysfine.com"
17.121.113.112 - - [16/Sep/2022:19:35:55 -0700] "GET /dirac/dirkim.html HTTP/1.1" 200 3690 "https://ysfine.com/dirac/dirbot.html" "Mozilla/5.0 (Macintosh; Intel Mac OS X 10_15_5) AppleWebKit/605.1.15 (KHTML, like Gecko) Version/13.1.1 Safari/605.1.15 (Applebot/0.1; +http://www.apple.com/go/applebot)" "ysfine.com"
5.45.207.136 - - [16/Sep/2022:19:36:01 -0700] "GET /people/froissart.jpg HTTP/1.1" 200 83055 "-" "Mozilla/5.0 (compatible; YandexImages/3.0; +http://yandex.com/bots)" "www.ysfine.com"
114.119.128.162 - - [16/Sep/2022:19:36:07 -0700] "GET /class54/class5470/total_data/sub_8167.htm HTTP/1.1" 200 3513 "-" "Mozilla/5.0 (Linux; Android 7.0;) AppleWebKit/537.36 (KHTML, like Gecko) Mobile Safari/537.36 (compatible; PetalBot;+https://webmaster.petalsearch.com/site/petalbot)" "ysfine.com"
5.255.253.146 - - [16/Sep/2022:19:36:53 -0700] "GET /world/russ/minsk99.jpg HTTP/1.1" 200 86605 "-" "Mozilla/5.0 (compatible; YandexImages/3.0; +http://yandex.com/bots)" "www.ysfine.com"
40.77.167.27 - - [16/Sep/2022:19:37:32 -0700] "GET /world/china/dandongbr01.jpg HTTP/1.1" 200 111775 "-" "Mozilla/5.0 (compatible; bingbot/2.0; +http://www.bing.com/bingbot.htm)" "www.ysfine.com"
173.73.80.118 - - [16/Sep/2022:19:37:49 -0700] "GET /home/ HTTP/1.1" 200 142 "https://www.google.com/" "Mozilla/5.0 (Windows NT 10.0; Win64; x64; rv:104.0) Gecko/20100101 Firefox/104.0" "ysfine.com"
173.73.80.118 - - [16/Sep/2022:19:37:49 -0700] "GET /home/hmtop.html HTTP/1.1" 200 447 "https://ysfine.com/home/" "Mozilla/5.0 (Windows NT 10.0; Win64; x64; rv:104.0) Gecko/20100101 Firefox/104.0" "ysfine.com"
173.73.80.118 - - [16/Sep/2022:19:37:49 -0700] "GET /home/hmbot.html HTTP/1.1" 200 132 "https://ysfine.com/home/" "Mozilla/5.0 (Windows NT 10.0; Win64; x64; rv:104.0) Gecko/20100101 Firefox/104.0" "ysfine.com"
173.73.80.118 - - [16/Sep/2022:19:37:49 -0700] "GET /home/hmrigh.html HTTP/1.1" 200 4212 "https://ysfine.com/home/hmbot.html" "Mozilla/5.0 (Windows NT 10.0; Win64; x64; rv:104.0) Gecko/20100101 Firefox/104.0" "ysfine.com"
173.73.80.118 - - [16/Sep/2022:19:37:49 -0700] "GET /home/hmleft.html HTTP/1.1" 200 853 "https://ysfine.com/home/hmbot.html" "Mozilla/5.0 (Windows NT 10.0; Win64; x64; rv:104.0) Gecko/20100101 Firefox/104.0" "ysfine.com"
173.73.80.118 - - [16/Sep/2022:19:37:49 -0700] "GET /home/emc22a.jpg HTTP/1.1" 200 59239 "https://ysfine.com/home/hmrigh.html" "Mozilla/5.0 (Windows NT 10.0; Win64; x64; rv:104.0) Gecko/20100101 Firefox/104.0" "ysfine.com"
173.73.80.118 - - [16/Sep/2022:19:37:49 -0700] "GET /home/eward55a.jpg HTTP/1.1" 200 84523 "https://ysfine.com/home/hmrigh.html" "Mozilla/5.0 (Windows NT 10.0; Win64; x64; rv:104.0) Gecko/20100101 Firefox/104.0" "ysfine.com"
173.73.80.118 - - [16/Sep/2022:19:37:49 -0700] "GET /home/tollwig11c.jpg HTTP/1.1" 200 28199 "https://ysfine.com/home/hmrigh.html" "Mozilla/5.0 (Windows NT 10.0; Win64; x64; rv:104.0) Gecko/20100101 Firefox/104.0" "ysfine.com"
173.73.80.118 - - [16/Sep/2022:19:37:49 -0700] "GET /home/coke300.jpg HTTP/1.1" 200 50941 "https://ysfine.com/home/hmrigh.html" "Mozilla/5.0 (Windows NT 10.0; Win64; x64; rv:104.0) Gecko/20100101 Firefox/104.0" "ysfine.com"
173.73.80.118 - - [16/Sep/2022:19:37:49 -0700] "GET /home/further22a.jpg HTTP/1.1" 200 75776 "https://ysfine.com/home/hmrigh.html" "Mozilla/5.0 (Windows NT 10.0; Win64; x64; rv:104.0) Gecko/20100101 Firefox/104.0" "ysfine.com"
173.73.80.118 - - [16/Sep/2022:19:37:49 -0700] "GET /home/eink77c.jpg HTTP/1.1" 200 47471 "https://ysfine.com/home/hmrigh.html" "Mozilla/5.0 (Windows NT 10.0; Win64; x64; rv:104.0) Gecko/20100101 Firefox/104.0" "ysfine.com"
173.73.80.118 - - [16/Sep/2022:19:37:49 -0700] "GET /home/comet50a.jpg HTTP/1.1" 200 52015 "https://ysfine.com/home/hmrigh.html" "Mozilla/5.0 (Windows NT 10.0; Win64; x64; rv:104.0) Gecko/20100101 Firefox/104.0" "ysfine.com"
173.73.80.118 - - [16/Sep/2022:19:37:49 -0700] "GET /home/socrates55c.jpg HTTP/1.1" 200 36471 "https://ysfine.com/home/hmrigh.html" "Mozilla/5.0 (Windows NT 10.0; Win64; x64; rv:104.0) Gecko/20100101 Firefox/104.0" "ysfine.com"
173.73.80.118 - - [16/Sep/2022:19:37:49 -0700] "GET /home/think55c.jpg HTTP/1.1" 200 37438 "https://ysfine.com/home/hmrigh.html" "Mozilla/5.0 (Windows NT 10.0; Win64; x64; rv:104.0) Gecko/20100101 Firefox/104.0" "ysfine.com"
173.73.80.118 - - [16/Sep/2022:19:37:49 -0700] "GET /home/figs/einbohr33c.jpg HTTP/1.1" 200 36413 "https://ysfine.com/home/hmrigh.html" "Mozilla/5.0 (Windows NT 10.0; Win64; x64; rv:104.0) Gecko/20100101 Firefox/104.0" "ysfine.com"
173.73.80.118 - - [16/Sep/2022:19:37:49 -0700] "GET /eink/eink54a.jpg HTTP/1.1" 200 79717 "https://ysfine.com/home/hmrigh.html" "Mozilla/5.0 (Windows NT 10.0; Win64; x64; rv:104.0) Gecko/20100101 Firefox/104.0" "ysfine.com"
173.73.80.118 - - [16/Sep/2022:19:37:53 -0700] "GET / HTTP/1.1" 200 5283 "https://www.google.com/" "Mozilla/5.0 (Windows NT 10.0; Win64; x64; rv:104.0) Gecko/20100101 Firefox/104.0" "ysfine.com"
173.73.80.118 - - [16/Sep/2022:19:37:54 -0700] "GET /home/truck450.jpg HTTP/1.1" 200 42871 "-" "Mozilla/5.0 (Windows NT 10.0; Win64; x64; rv:104.0) Gecko/20100101 Firefox/104.0" "ysfine.com"
173.73.80.118 - - [16/Sep/2022:19:37:54 -0700] "GET /eink/einhaus11c.jpg HTTP/1.1" 200 42522 "-" "Mozilla/5.0 (Windows NT 10.0; Win64; x64; rv:104.0) Gecko/20100101 Firefox/104.0" "ysfine.com"
123.125.109.45 - - [16/Sep/2022:19:38:27 -0700] "GET / HTTP/1.1" 200 5283 "-" "Sogou web spider/4.0(+http://www.sogou.com/docs/help/webmasters.htm#07)" "www.ysfine.com"
114.119.128.142 - - [16/Sep/2022:19:39:02 -0700] "GET /class54/class5470/total_data/photo_img/8-185.jpg HTTP/1.1" 200 108249 "https://ysfine.com/class54/class5470/total_data/sub_8185.htm" "Mozilla/5.0 (Linux; Android 7.0;) AppleWebKit/537.36 (KHTML, like Gecko) Mobile Safari/537.36 (compatible; PetalBot;+https://webmaster.petalsearch.com/site/petalbot)" "ysfine.com"
40.77.167.33 - - [16/Sep/2022:19:39:39 -0700] "GET /kobak/soraech.html HTTP/1.1" 200 16670 "-" "Mozilla/5.0 AppleWebKit/537.36 (KHTML, like Gecko; compatible; bingbot/2.0; +http://www.bing.com/bingbot.htm) Chrome/103.0.5060.134 Safari/537.36" "www.ysfine.com"
114.119.128.14 - - [16/Sep/2022:19:40:06 -0700] "GET /ffriends/tatyana2.jpg HTTP/1.1" 200 29384 "https://ysfine.com/ffriends/beau.html" "Mozilla/5.0 (Linux; Android 7.0;) AppleWebKit/537.36 (KHTML, like Gecko) Mobile Safari/537.36 (compatible; PetalBot;+https://webmaster.petalsearch.com/site/petalbot)" "ysfine.com"
66.249.75.44 - - [16/Sep/2022:19:40:45 -0700] "GET /world/places/ulm03.jpg HTTP/1.1" 304 - "-" "Googlebot-Image/1.0" "ysfine.com"
114.119.128.158 - - [16/Sep/2022:19:41:27 -0700] "GET /class54/class5470/total_data/photo_img/2-7.jpg HTTP/1.1" 200 115885 "https://ysfine.com/class54/class5470/total_data/sub_207.htm" "Mozilla/5.0 (Linux; Android 7.0;) AppleWebKit/537.36 (KHTML, like Gecko) Mobile Safari/537.36 (compatible; PetalBot;+https://webmaster.petalsearch.com/site/petalbot)" "ysfine.com"
114.119.128.154 - - [16/Sep/2022:19:42:37 -0700] "GET /class54/class5470/total_data/photo_img/8-115.jpg HTTP/1.1" 200 518814 "https://ysfine.com/class54/class5470/total_data/sub_8115.htm" "Mozilla/5.0 (Linux; Android 7.0;) AppleWebKit/537.36 (KHTML, like Gecko) Mobile Safari/537.36 (compatible; PetalBot;+https://webmaster.petalsearch.com/site/petalbot)" "ysfine.com"
40.77.167.27 - - [16/Sep/2022:19:42:53 -0700] "GET /style/klauder33b.jpg HTTP/1.1" 200 48434 "-" "Mozilla/5.0 (compatible; bingbot/2.0; +http://www.bing.com/bingbot.htm)" "ysfine.com"
87.250.224.76 - - [16/Sep/2022:19:44:22 -0700] "GET /world/china/hongkong73.jpg HTTP/1.1" 200 96232 "-" "Mozilla/5.0 (compatible; YandexImages/3.0; +http://yandex.com/bots)" "www.ysfine.com"
40.77.167.35 - - [16/Sep/2022:19:44:40 -0700] "GET /world/russ/kazan063.jpg HTTP/1.1" 200 54782 "-" "Mozilla/5.0 (compatible; bingbot/2.0; +http://www.bing.com/bingbot.htm)" "www.ysfine.com"
5.255.253.111 - - [16/Sep/2022:19:44:44 -0700] "GET /world/poland/coperni01.jpg HTTP/1.1" 200 113338 "-" "Mozilla/5.0 (compatible; YandexImages/3.0; +http://yandex.com/bots)" "ysfine.com"
114.119.128.14 - - [16/Sep/2022:19:44:44 -0700] "GET /class54/class5470/total_data/sub_863.htm HTTP/1.1" 200 3526 "-" "Mozilla/5.0 (Linux; Android 7.0;) AppleWebKit/537.36 (KHTML, like Gecko) Mobile Safari/537.36 (compatible; PetalBot;+https://webmaster.petalsearch.com/site/petalbot)" "ysfine.com"
3.14.81.118 - - [16/Sep/2022:19:45:23 -0700] "GET /world/cambr.html HTTP/1.1" 200 6189 "-" "colly - https://github.com/gocolly/colly/v2" "ysfine.com"
3.99.205.191 - - [16/Sep/2022:19:46:07 -0700] "GET /world/cambr.html HTTP/1.1" 200 6189 "-" "colly - https://github.com/gocolly/colly/v2" "ysfine.com"
114.119.128.162 - - [16/Sep/2022:19:46:38 -0700] "GET /einstein/places/einmu52c.jpg HTTP/1.1" 200 46514 "https://www.ysfine.com/einstein/einwo.html" "Mozilla/5.0 (Linux; Android 7.0;) AppleWebKit/537.36 (KHTML, like Gecko) Mobile Safari/537.36 (compatible; PetalBot;+https://webmaster.petalsearch.com/site/petalbot)" "www.ysfine.com"
73.30.185.186 - - [16/Sep/2022:19:46:47 -0700] "GET /style/socrates11.jpg HTTP/1.1" 200 81464 "https://images.search.yahoo.com/" "Mozilla/5.0 (Macintosh; Intel Mac OS X 10_15_7) AppleWebKit/605.1.15 (KHTML, like Gecko) Version/15.6.1 Safari/605.1.15" "www.ysfine.com"
40.77.167.35 - - [16/Sep/2022:19:47:17 -0700] "GET /wdc/willard66.jpg HTTP/1.1" 200 122919 "-" "Mozilla/5.0 AppleWebKit/537.36 (KHTML, like Gecko; compatible; bingbot/2.0; +http://www.bing.com/bingbot.htm) Chrome/103.0.5060.134 Safari/537.36" "www.ysfine.com"
40.77.167.35 - - [16/Sep/2022:19:47:21 -0700] "GET /world/germany/vienna05.jpg HTTP/1.1" 200 183747 "-" "Mozilla/5.0 (compatible; bingbot/2.0; +http://www.bing.com/bingbot.htm)" "www.ysfine.com"
40.77.167.33 - - [16/Sep/2022:19:47:31 -0700] "GET /home/baranger97.jpg HTTP/1.1" 200 112650 "-" "Mozilla/5.0 (compatible; bingbot/2.0; +http://www.bing.com/bingbot.htm)" "ysfine.com"
114.119.128.162 - - [16/Sep/2022:19:47:45 -0700] "GET /archives/proceedings/boston/sanz.pdf HTTP/1.1" 200 717641 "https://ysfine.com/archives/proceedings/boston/sanz.html" "Mozilla/5.0 (Linux; Android 7.0;) AppleWebKit/537.36 (KHTML, like Gecko) Mobile Safari/537.36 (compatible; PetalBot;+https://webmaster.petalsearch.com/site/petalbot)" "ysfine.com"
114.119.128.162 - - [16/Sep/2022:19:49:13 -0700] "GET /yspapers/index.html HTTP/1.1" 200 21306 "http://ysfine.com/" "Mozilla/5.0 (compatible;PetalBot;+https://webmaster.petalsearch.com/site/petalbot)" "ysfine.com"
40.77.167.33 - - [16/Sep/2022:19:49:21 -0700] "GET /world/russ/volga22.jpg HTTP/1.1" 200 209570 "-" "Mozilla/5.0 (compatible; bingbot/2.0; +http://www.bing.com/bingbot.htm)" "www.ysfine.com"
34.220.193.233 - - [16/Sep/2022:19:50:09 -0700] "GET /style/smithonian.jpg HTTP/1.1" 200 88645 "-" "Mozilla/5.0 (X11; Ubuntu; Linux x86_64; rv:72.0) Gecko/20100101 Firefox/72.0" "ysfine.com"
66.249.75.44 - - [16/Sep/2022:19:50:27 -0700] "GET /eink/einbohr11c.jpg HTTP/1.1" 304 - "-" "Googlebot-Image/1.0" "ysfine.com"
114.119.128.162 - - [16/Sep/2022:19:50:40 -0700] "GET /wdc/whx12.html HTTP/1.1" 200 1590 "https://www.ysfine.com/class54/emailed01.html" "Mozilla/5.0 (Linux; Android 7.0;) AppleWebKit/537.36 (KHTML, like Gecko) Mobile Safari/537.36 (compatible; PetalBot;+https://webmaster.petalsearch.com/site/petalbot)" "www.ysfine.com"
112.200.230.159 - - [16/Sep/2022:19:50:45 -0700] "GET /kobak/1014.jpg HTTP/1.1" 200 125873 "https://www.google.com/" "Mozilla/5.0 (Windows NT 10.0; Win64; x64) AppleWebKit/537.36 (KHTML, like Gecko) Chrome/105.0.0.0 Safari/537.36" "ysfine.com"
24.200.187.73 - - [16/Sep/2022:19:52:23 -0700] "GET /maga/phil/marxlon02.jpg HTTP/1.1" 200 167564 "https://www.google.com/" "Mozilla/5.0 (iPad; CPU OS 15_4 like Mac OS X) AppleWebKit/605.1.15 (KHTML, like Gecko) CriOS/105.0.5195.129 Mobile/15E148 Safari/604.1" "ysfine.com"
40.77.167.27 - - [16/Sep/2022:19:54:14 -0700] "GET /wdc/lincoln01.jpg HTTP/1.1" 200 45179 "-" "Mozilla/5.0 AppleWebKit/537.36 (KHTML, like Gecko; compatible; bingbot/2.0; +http://www.bing.com/bingbot.htm) Chrome/103.0.5060.134 Safari/537.36" "www.ysfine.com"
114.119.128.162 - - [16/Sep/2022:19:54:17 -0700] "GET /home/hepth.html HTTP/1.1" 200 2544 "https://www.ysfine.com/einstein/eink10.html" "Mozilla/5.0 (Linux; Android 7.0;) AppleWebKit/537.36 (KHTML, like Gecko) Mobile Safari/537.36 (compatible; PetalBot;+https://webmaster.petalsearch.com/site/petalbot)" "www.ysfine.com"
40.77.167.33 - - [16/Sep/2022:19:54:22 -0700] "GET /world/baltic/kalin36b.jpg HTTP/1.1" 200 29962 "-" "Mozilla/5.0 (compatible; bingbot/2.0; +http://www.bing.com/bingbot.htm)" "www.ysfine.com"
17.121.112.222 - - [16/Sep/2022:19:54:27 -0700] "GET /style/index.html HTTP/1.1" 200 129 "-" "Mozilla/5.0 (Macintosh; Intel Mac OS X 10_15_5) AppleWebKit/605.1.15 (KHTML, like Gecko) Version/13.1.1 Safari/605.1.15 (Applebot/0.1; +http://www.apple.com/go/applebot)" "ysfine.com"
49.7.21.113 - - [16/Sep/2022:19:55:01 -0700] "GET / HTTP/1.1" 200 5283 "-" "Sogou web spider/4.0(+http://www.sogou.com/docs/help/webmasters.htm#07)" "ysfine.com"
114.119.128.162 - - [16/Sep/2022:19:55:32 -0700] "GET /wigner/wigbot.html HTTP/1.1" 200 123 "-" "Mozilla/5.0 (Linux; Android 7.0;) AppleWebKit/537.36 (KHTML, like Gecko) Mobile Safari/537.36 (compatible; PetalBot;+https://webmaster.petalsearch.com/site/petalbot)" "www.ysfine.com"
114.119.128.162 - - [16/Sep/2022:19:55:34 -0700] "GET /wigner/wigleft.html HTTP/1.1" 200 659 "https://www.ysfine.com/wigner/wigbot.html" "Mozilla/5.0 (Linux; Android 7.0;) AppleWebKit/537.36 (KHTML, like Gecko) Mobile Safari/537.36 (compatible; PetalBot;+https://webmaster.petalsearch.com/site/petalbot)" "www.ysfine.com"
114.119.128.162 - - [16/Sep/2022:19:55:34 -0700] "GET /wigner/wigrigh.html HTTP/1.1" 200 2476 "https://www.ysfine.com/wigner/wigbot.html" "Mozilla/5.0 (Linux; Android 7.0;) AppleWebKit/537.36 (KHTML, like Gecko) Mobile Safari/537.36 (compatible; PetalBot;+https://webmaster.petalsearch.com/site/petalbot)" "www.ysfine.com"
114.119.128.162 - - [16/Sep/2022:19:55:52 -0700] "GET /class54/class5470/total_data/photo_img/2-24.jpg HTTP/1.1" 200 110829 "https://ysfine.com/class54/class5470/total_data/sub_224.htm" "Mozilla/5.0 (Linux; Android 7.0;) AppleWebKit/537.36 (KHTML, like Gecko) Mobile Safari/537.36 (compatible; PetalBot;+https://webmaster.petalsearch.com/site/petalbot)" "ysfine.com"
195.191.219.133 - - [16/Sep/2022:19:56:58 -0700] "GET /robots.txt HTTP/1.1" 404 73 "-" "Mozilla/5.0 (compatible; MJ12bot/v1.4.8; http://mj12bot.com/)" "ysfine.com"
195.191.219.133 - - [16/Sep/2022:19:57:00 -0700] "GET / HTTP/1.1" 200 5283 "-" "Mozilla/5.0 (compatible; MJ12bot/v1.4.8; http://mj12bot.com/)" "ysfine.com"
40.77.167.35 - - [16/Sep/2022:19:57:02 -0700] "GET /feynman/jf2.jpg HTTP/1.1" 200 10558 "-" "Mozilla/5.0 AppleWebKit/537.36 (KHTML, like Gecko; compatible; bingbot/2.0; +http://www.bing.com/bingbot.htm) Chrome/103.0.5060.134 Safari/537.36" "ysfine.com"
202.136.243.175 - - [16/Sep/2022:19:57:09 -0700] "GET /kobak/rheetr11.jpg HTTP/1.1" 200 184635 "https://www.google.la/" "Mozilla/5.0 (Windows NT 10.0; Win64; x64) AppleWebKit/537.36 (KHTML, like Gecko) Chrome/105.0.0.0 Safari/537.36" "ysfine.com"
114.119.128.162 - - [16/Sep/2022:19:57:27 -0700] "GET /class54/class5470/total_data/photo_img/7-67.jpg HTTP/1.1" 200 195864 "https://ysfine.com/class54/class5470/total_data/sub_767.htm" "Mozilla/5.0 (Linux; Android 7.0;) AppleWebKit/537.36 (KHTML, like Gecko) Mobile Safari/537.36 (compatible; PetalBot;+https://webmaster.petalsearch.com/site/petalbot)" "ysfine.com"
66.249.75.43 - - [16/Sep/2022:19:57:33 -0700] "GET /world/ital/vicenza01.jpg HTTP/1.1" 200 97467 "-" "Googlebot-Image/1.0" "ysfine.com"
157.55.39.146 - - [16/Sep/2022:19:57:43 -0700] "GET /world/scandi/copenf18.jpg HTTP/1.1" 200 120203 "-" "Mozilla/5.0 (compatible; bingbot/2.0; +http://www.bing.com/bingbot.htm)" "ysfine.com"
40.77.167.35 - - [16/Sep/2022:19:58:58 -0700] "GET /world/france/frpolice01.jpg HTTP/1.1" 200 105430 "-" "Mozilla/5.0 (compatible; bingbot/2.0; +http://www.bing.com/bingbot.htm)" "ysfine.com"
5.45.207.150 - - [16/Sep/2022:19:59:24 -0700] "GET /robots.txt HTTP/1.1" 404 73 "-" "Mozilla/5.0 (compatible; YandexBot/3.0; +http://yandex.com/bots)" "www.ysfine.com"
87.250.224.160 - - [16/Sep/2022:19:59:28 -0700] "GET /world/spain/cordoj02c.jpg HTTP/1.1" 200 38755 "-" "Mozilla/5.0 (compatible; YandexImages/3.0; +http://yandex.com/bots)" "www.ysfine.com"
40.77.167.35 - - [16/Sep/2022:19:59:42 -0700] "GET /wdc/washmo02b.jpg HTTP/1.1" 200 28258 "-" "Mozilla/5.0 AppleWebKit/537.36 (KHTML, like Gecko; compatible; bingbot/2.0; +http://www.bing.com/bingbot.htm) Chrome/103.0.5060.134 Safari/537.36" "ysfine.com"
114.119.128.154 - - [16/Sep/2022:20:00:19 -0700] "GET /class54/class5470/total_data/photo_img/8-104.jpg HTTP/1.1" 200 373535 "https://ysfine.com/class54/class5470/total_data/sub_8104.htm" "Mozilla/5.0 (Linux; Android 7.0;) AppleWebKit/537.36 (KHTML, like Gecko) Mobile Safari/537.36 (compatible; PetalBot;+https://webmaster.petalsearch.com/site/petalbot)" "ysfine.com"
40.77.167.27 - - [16/Sep/2022:20:00:55 -0700] "GET /world/scandi/vaxjo08.jpg HTTP/1.1" 200 80482 "-" "Mozilla/5.0 (compatible; bingbot/2.0; +http://www.bing.com/bingbot.htm)" "www.ysfine.com"
186.15.130.136 - - [16/Sep/2022:20:01:11 -0700] "GET /world/japan/nara005.jpg HTTP/1.1" 200 144132 "https://www.gay-fetish-xxx.com/" "Mozilla/5.0 (Linux; Android 8.0.0; SAMSUNG SM-G930F) AppleWebKit/537.36 (KHTML, like Gecko) SamsungBrowser/18.0 Chrome/99.0.4844.88 Mobile Safari/537.36" "ysfine.com"
77.75.79.31 - - [16/Sep/2022:20:01:14 -0700] "GET /beau/moso15.jpg HTTP/1.1" 404 88 "-" "Mozilla/5.0 (compatible; SeznamBot/4.0-RC1; +http://napoveda.seznam.cz/seznambot-intro/)" "ysfine.com"
202.136.243.175 - - [16/Sep/2022:20:02:18 -0700] "GET /kobak/rheetr11b.jpg HTTP/1.1" 200 43503 "https://www.google.la/" "Mozilla/5.0 (Windows NT 10.0; Win64; x64) AppleWebKit/537.36 (KHTML, like Gecko) Chrome/105.0.0.0 Safari/537.36" "ysfine.com"
114.119.128.158 - - [16/Sep/2022:20:02:45 -0700] "GET /class54/class5470/total_data/photo_img/6-4.jpg HTTP/1.1" 200 408432 "https://ysfine.com/class54/class5470/total_data/sub_604.htm" "Mozilla/5.0 (Linux; Android 7.0;) AppleWebKit/537.36 (KHTML, like Gecko) Mobile Safari/537.36 (compatible; PetalBot;+https://webmaster.petalsearch.com/site/petalbot)" "ysfine.com"
157.55.39.146 - - [16/Sep/2022:20:03:25 -0700] "GET /kowar/paiksy02b.jpg HTTP/1.1" 200 56928 "-" "Mozilla/5.0 (compatible; bingbot/2.0; +http://www.bing.com/bingbot.htm)" "ysfine.com"
114.119.128.158 - - [16/Sep/2022:20:03:35 -0700] "GET /maga/histo/desiree22b.jpg HTTP/1.1" 200 44724 "https://www.ysfine.com/class54/emailed05.html" "Mozilla/5.0 (Linux; Android 7.0;) AppleWebKit/537.36 (KHTML, like Gecko) Mobile Safari/537.36 (compatible; PetalBot;+https://webmaster.petalsearch.com/site/petalbot)" "www.ysfine.com"
40.77.167.35 - - [16/Sep/2022:20:03:52 -0700] "GET /maga/phys/wentzel11.jpg HTTP/1.1" 200 64757 "-" "Mozilla/5.0 (compatible; bingbot/2.0; +http://www.bing.com/bingbot.htm)" "www.ysfine.com"
201.191.218.76 - - [16/Sep/2022:20:05:22 -0700] "GET /maga/phys/solvayc27c.jpg HTTP/1.1" 200 53464 "https://www.google.com/" "Mozilla/5.0 (Linux; Android 13; Pixel 6) AppleWebKit/537.36 (KHTML, like Gecko) Chrome/105.0.0.0 Mobile Safari/537.36" "ysfine.com"
157.55.39.146 - - [16/Sep/2022:20:06:04 -0700] "GET /world/poland/uprise03.jpg HTTP/1.1" 200 76518 "-" "Mozilla/5.0 AppleWebKit/537.36 (KHTML, like Gecko; compatible; bingbot/2.0; +http://www.bing.com/bingbot.htm) Chrome/103.0.5060.134 Safari/537.36" "ysfine.com"
40.77.167.27 - - [16/Sep/2022:20:06:35 -0700] "GET /world/hungary/hunstu28.jpg HTTP/1.1" 200 128070 "-" "Mozilla/5.0 (compatible; bingbot/2.0; +http://www.bing.com/bingbot.htm)" "www.ysfine.com"
114.119.128.14 - - [16/Sep/2022:20:07:52 -0700] "GET /class54/class5470/total_data/photo_img/7-33.jpg HTTP/1.1" 200 157949 "https://ysfine.com/class54/class5470/total_data/sub_733.htm" "Mozilla/5.0 (Linux; Android 7.0;) AppleWebKit/537.36 (KHTML, like Gecko) Mobile Safari/537.36 (compatible; PetalBot;+https://webmaster.petalsearch.com/site/petalbot)" "ysfine.com"
157.55.39.146 - - [16/Sep/2022:20:07:55 -0700] "GET /dongio/korcasia.html HTTP/1.1" 404 88 "-" "Mozilla/5.0 (compatible; bingbot/2.0; +http://www.bing.com/bingbot.htm)" "ysfine.com"
64.71.131.243 - - [16/Sep/2022:20:08:08 -0700] "GET /robots.txt HTTP/1.1" 404 73 "-" "Mozilla/5.0 (compatible; ev-crawler/1.0; +https://headline.com/legal/crawler)" "ysfine.com"
35.78.201.14 - - [16/Sep/2022:20:09:10 -0700] "GET /princeton/nasshall06.jpg HTTP/1.1" 200 145090 "https://www.google.com/" "Mozilla/5.0 (Windows NT 10.0; Win64; x64) AppleWebKit/537.36 (KHTML, like Gecko) Chrome/105.0.0.0 Safari/537.36" "ysfine.com"
35.78.201.14 - - [16/Sep/2022:20:09:14 -0700] "GET /princeton/alexan11.jpg HTTP/1.1" 200 118946 "https://www.google.com/" "Mozilla/5.0 (Windows NT 10.0; Win64; x64) AppleWebKit/537.36 (KHTML, like Gecko) Chrome/105.0.0.0 Safari/537.36" "ysfine.com"
35.78.201.14 - - [16/Sep/2022:20:09:16 -0700] "GET /princeton/nasshall01.jpg HTTP/1.1" 200 169242 "https://www.google.com/" "Mozilla/5.0 (Windows NT 10.0; Win64; x64) AppleWebKit/537.36 (KHTML, like Gecko) Chrome/105.0.0.0 Safari/537.36" "ysfine.com"
114.119.128.142 - - [16/Sep/2022:20:09:47 -0700] "GET /wigner/wigheisen.html HTTP/1.1" 200 3346 "https://www.ysfine.com/dirac/dirheisen.html" "Mozilla/5.0 (Linux; Android 7.0;) AppleWebKit/537.36 (KHTML, like Gecko) Mobile Safari/537.36 (compatible; PetalBot;+https://webmaster.petalsearch.com/site/petalbot)" "www.ysfine.com"
5.255.253.167 - - [16/Sep/2022:20:10:18 -0700] "GET /newyork/unionsq10b.jpg HTTP/1.1" 200 49278 "-" "Mozilla/5.0 (compatible; YandexImages/3.0; +http://yandex.com/bots)" "www.ysfine.com"
114.119.128.162 - - [16/Sep/2022:20:11:00 -0700] "GET /maga/phys/poinsf/frame31.html HTTP/1.1" 200 323 "https://www.ysfine.com/maga/phys/poinsf/frame32.html" "Mozilla/5.0 (Linux; Android 7.0;) AppleWebKit/537.36 (KHTML, like Gecko) Mobile Safari/537.36 (compatible; PetalBot;+https://webmaster.petalsearch.com/site/petalbot)" "www.ysfine.com"
40.77.167.35 - - [16/Sep/2022:20:11:02 -0700] "GET /princeton/brooke28.jpg HTTP/1.1" 200 60032 "-" "Mozilla/5.0 (compatible; bingbot/2.0; +http://www.bing.com/bingbot.htm)" "ysfine.com"
40.77.167.35 - - [16/Sep/2022:20:11:22 -0700] "GET /world/places/ulm05b.jpg HTTP/1.1" 200 40932 "-" "Mozilla/5.0 (compatible; bingbot/2.0; +http://www.bing.com/bingbot.htm)" "ysfine.com"
40.77.167.35 - - [16/Sep/2022:20:11:52 -0700] "GET /kowar/tanks/tank08.jpg HTTP/1.1" 200 111663 "-" "Mozilla/5.0 (compatible; bingbot/2.0; +http://www.bing.com/bingbot.htm)" "ysfine.com"
157.55.39.146 - - [16/Sep/2022:20:12:46 -0700] "GET /newyork/wtc35.jpg HTTP/1.1" 200 180816 "-" "Mozilla/5.0 (compatible; bingbot/2.0; +http://www.bing.com/bingbot.htm)" "www.ysfine.com"
40.77.167.33 - - [16/Sep/2022:20:13:35 -0700] "GET /world/russ/tchaikovhall01.jpg HTTP/1.1" 200 95636 "-" "Mozilla/5.0 (compatible; bingbot/2.0; +http://www.bing.com/bingbot.htm)" "www.ysfine.com"
40.77.167.27 - - [16/Sep/2022:20:14:08 -0700] "GET /world/germany/vienna07.jpg HTTP/1.1" 200 96133 "-" "Mozilla/5.0 (compatible; bingbot/2.0; +http://www.bing.com/bingbot.htm)" "www.ysfine.com"
17.121.115.148 - - [16/Sep/2022:20:14:53 -0700] "GET /style/sttop.html HTTP/1.1" 200 367 "https://ysfine.com/style/index.html" "Mozilla/5.0 (Macintosh; Intel Mac OS X 10_15_5) AppleWebKit/605.1.15 (KHTML, like Gecko) Version/13.1.1 Safari/605.1.15 (Applebot/0.1; +http://www.apple.com/go/applebot)" "ysfine.com"
17.121.115.10 - - [16/Sep/2022:20:14:53 -0700] "GET /style/stbot.html HTTP/1.1" 200 122 "https://ysfine.com/style/index.html" "Mozilla/5.0 (Macintosh; Intel Mac OS X 10_15_5) AppleWebKit/605.1.15 (KHTML, like Gecko) Version/13.1.1 Safari/605.1.15 (Applebot/0.1; +http://www.apple.com/go/applebot)" "ysfine.com"
17.121.115.148 - - [16/Sep/2022:20:14:54 -0700] "GET /style/stleft.html HTTP/1.1" 200 548 "https://ysfine.com/style/stbot.html" "Mozilla/5.0 (Macintosh; Intel Mac OS X 10_15_5) AppleWebKit/605.1.15 (KHTML, like Gecko) Version/13.1.1 Safari/605.1.15 (Applebot/0.1; +http://www.apple.com/go/applebot)" "ysfine.com"
17.121.115.10 - - [16/Sep/2022:20:14:54 -0700] "GET /style/strigh.html HTTP/1.1" 200 1459 "https://ysfine.com/style/stbot.html" "Mozilla/5.0 (Macintosh; Intel Mac OS X 10_15_5) AppleWebKit/605.1.15 (KHTML, like Gecko) Version/13.1.1 Safari/605.1.15 (Applebot/0.1; +http://www.apple.com/go/applebot)" "ysfine.com"
40.77.167.33 - - [16/Sep/2022:20:15:14 -0700] "GET /sbk/2004nyc33.jpg HTTP/1.1" 200 316055 "-" "Mozilla/5.0 AppleWebKit/537.36 (KHTML, like Gecko; compatible; bingbot/2.0; +http://www.bing.com/bingbot.htm) Chrome/103.0.5060.134 Safari/537.36" "ysfine.com"
114.119.128.162 - - [16/Sep/2022:20:15:16 -0700] "GET /class54/class5470/total_data/photo_img/5-9.jpg HTTP/1.1" 200 416690 "https://ysfine.com/class54/class5470/total_data/sub_509.htm" "Mozilla/5.0 (Linux; Android 7.0;) AppleWebKit/537.36 (KHTML, like Gecko) Mobile Safari/537.36 (compatible; PetalBot;+https://webmaster.petalsearch.com/site/petalbot)" "ysfine.com"
66.249.75.40 - - [16/Sep/2022:20:15:27 -0700] "GET /world/places/ulm03b.jpg HTTP/1.1" 304 - "-" "Googlebot-Image/1.0" "ysfine.com"
173.252.95.5 - - [16/Sep/2022:20:15:59 -0700] "GET /home/index.html HTTP/1.1" 206 142 "-" "facebookexternalhit/1.1 (+http://www.facebook.com/externalhit_uatext.php)" "ysfine.com"
157.55.39.146 - - [16/Sep/2022:20:16:05 -0700] "GET /class54/samjiyon11d.jpg HTTP/1.1" 200 69561 "-" "Mozilla/5.0 (compatible; bingbot/2.0; +http://www.bing.com/bingbot.htm)" "ysfine.com"
102.89.45.96 - - [16/Sep/2022:20:16:32 -0700] "GET /einstein/einplanck.html HTTP/1.1" 200 3255 "https://www.google.com/" "Mozilla/5.0 (Windows NT 6.1; Win64; x64) AppleWebKit/537.36 (KHTML, like Gecko) Chrome/104.0.5112.81 Safari/537.36" "ysfine.com"
102.89.45.96 - - [16/Sep/2022:20:16:33 -0700] "GET /feynman/feygell77a.jpg HTTP/1.1" 200 54254 "https://ysfine.com/einstein/einplanck.html" "Mozilla/5.0 (Windows NT 6.1; Win64; x64) AppleWebKit/537.36 (KHTML, like Gecko) Chrome/104.0.5112.81 Safari/537.36" "ysfine.com"
102.89.45.96 - - [16/Sep/2022:20:16:33 -0700] "GET /einstein/einplanck3.jpg HTTP/1.1" 200 37784 "https://ysfine.com/einstein/einplanck.html" "Mozilla/5.0 (Windows NT 6.1; Win64; x64) AppleWebKit/537.36 (KHTML, like Gecko) Chrome/104.0.5112.81 Safari/537.36" "ysfine.com"
102.89.45.96 - - [16/Sep/2022:20:16:33 -0700] "GET /dongio/amkor/hillary10c.jpg HTTP/1.1" 404 88 "https://ysfine.com/einstein/einplanck.html" "Mozilla/5.0 (Windows NT 6.1; Win64; x64) AppleWebKit/537.36 (KHTML, like Gecko) Chrome/104.0.5112.81 Safari/537.36" "ysfine.com"
102.89.45.96 - - [16/Sep/2022:20:16:33 -0700] "GET /wdc/washmomap11c.jpg HTTP/1.1" 200 39350 "https://ysfine.com/einstein/einplanck.html" "Mozilla/5.0 (Windows NT 6.1; Win64; x64) AppleWebKit/537.36 (KHTML, like Gecko) Chrome/104.0.5112.81 Safari/537.36" "ysfine.com"
102.89.45.96 - - [16/Sep/2022:20:16:33 -0700] "GET /wdc/washmo02c.jpg HTTP/1.1" 200 33146 "https://ysfine.com/einstein/einplanck.html" "Mozilla/5.0 (Windows NT 6.1; Win64; x64) AppleWebKit/537.36 (KHTML, like Gecko) Chrome/104.0.5112.81 Safari/537.36" "ysfine.com"
102.89.45.96 - - [16/Sep/2022:20:16:33 -0700] "GET /wdc/washmo08c.jpg HTTP/1.1" 200 39961 "https://ysfine.com/einstein/einplanck.html" "Mozilla/5.0 (Windows NT 6.1; Win64; x64) AppleWebKit/537.36 (KHTML, like Gecko) Chrome/104.0.5112.81 Safari/537.36" "ysfine.com"
102.89.45.96 - - [16/Sep/2022:20:16:33 -0700] "GET /eink/eink61c.jpg HTTP/1.1" 200 34119 "https://ysfine.com/einstein/einplanck.html" "Mozilla/5.0 (Windows NT 6.1; Win64; x64) AppleWebKit/537.36 (KHTML, like Gecko) Chrome/104.0.5112.81 Safari/537.36" "ysfine.com"
102.89.45.96 - - [16/Sep/2022:20:16:39 -0700] "GET /favicon.ico HTTP/1.1" 404 88 "https://ysfine.com/einstein/einplanck.html" "Mozilla/5.0 (Windows NT 6.1; Win64; x64) AppleWebKit/537.36 (KHTML, like Gecko) Chrome/104.0.5112.81 Safari/537.36" "ysfine.com"
167.235.34.111 - - [16/Sep/2022:20:16:58 -0700] "GET /philo/helena11.jpg HTTP/1.1" 200 276020 "https://www.bing.com/" "Mozilla/5.0 (X11; Linux x86_64) AppleWebKit/537.36 (KHTML, like Gecko) HeadlessChrome/104.0.5112.101 Safari/537.36" "ysfine.com"
106.101.64.136 - - [16/Sep/2022:20:17:38 -0700] "GET /style/cameras/contax22.jpg HTTP/1.1" 200 74162 "https://www.google.com/" "Mozilla/5.0 (Linux; Android 12; SM-G981N) AppleWebKit/537.36 (KHTML, like Gecko) Chrome/105.0.0.0 Mobile Safari/537.36" "ysfine.com"
40.77.167.35 - - [16/Sep/2022:20:19:04 -0700] "GET /world/france/pantheon09.jpg HTTP/1.1" 200 73688 "-" "Mozilla/5.0 (compatible; bingbot/2.0; +http://www.bing.com/bingbot.htm)" "www.ysfine.com"
17.121.114.81 - - [16/Sep/2022:20:19:29 -0700] "GET /home/harmoarchi.html HTTP/1.1" 200 3686 "-" "Mozilla/5.0 (Macintosh; Intel Mac OS X 10_15_5) AppleWebKit/605.1.15 (KHTML, like Gecko) Version/13.1.1 Safari/605.1.15 (Applebot/0.1; +http://www.apple.com/go/applebot)" "www.ysfine.com"
40.77.167.33 - - [16/Sep/2022:20:19:43 -0700] "GET /world/russ/mosf52.jpg HTTP/1.1" 200 101213 "-" "Mozilla/5.0 (compatible; bingbot/2.0; +http://www.bing.com/bingbot.htm)" "www.ysfine.com"
114.70.196.41 - - [16/Sep/2022:20:19:47 -0700] "GET /jobs/koreaj.html HTTP/1.1" 200 10214 "-" "Mozilla/5.0 (Windows NT 10.0; Win64; x64) AppleWebKit/537.36 (KHTML, like Gecko) Chrome/105.0.0.0 Safari/537.36" "ysfine.com"
114.70.196.41 - - [16/Sep/2022:20:19:47 -0700] "GET /jobs/koreaj11b.jpg HTTP/1.1" 200 67543 "https://ysfine.com/jobs/koreaj.html" "Mozilla/5.0 (Windows NT 10.0; Win64; x64) AppleWebKit/537.36 (KHTML, like Gecko) Chrome/105.0.0.0 Safari/537.36" "ysfine.com"
114.70.196.41 - - [16/Sep/2022:20:19:48 -0700] "GET /favicon.ico HTTP/1.1" 404 88 "https://ysfine.com/jobs/koreaj.html" "Mozilla/5.0 (Windows NT 10.0; Win64; x64) AppleWebKit/537.36 (KHTML, like Gecko) Chrome/105.0.0.0 Safari/537.36" "ysfine.com"
34.121.150.75 - - [16/Sep/2022:20:21:29 -0700] "GET /princeton/mudd11.jpg HTTP/1.1" 200 155119 "-" "Mozilla/5.0 (X11; Ubuntu; Linux x86_64; rv:72.0) Gecko/20100101 Firefox/72.0" "www.ysfine.com"
114.119.128.154 - - [16/Sep/2022:20:21:33 -0700] "GET /class54/class5470/total_data/photo_img/8-181.jpg HTTP/1.1" 200 144138 "https://ysfine.com/class54/class5470/total_data/sub_8181.htm" "Mozilla/5.0 (Linux; Android 7.0;) AppleWebKit/537.36 (KHTML, like Gecko) Mobile Safari/537.36 (compatible; PetalBot;+https://webmaster.petalsearch.com/site/petalbot)" "ysfine.com"
157.55.39.146 - - [16/Sep/2022:20:21:46 -0700] "GET /world/brit/picca12.jpg HTTP/1.1" 200 105036 "-" "Mozilla/5.0 (compatible; bingbot/2.0; +http://www.bing.com/bingbot.htm)" "ysfine.com"
66.249.75.43 - - [16/Sep/2022:20:22:12 -0700] "GET /robots.txt HTTP/1.1" 404 88 "-" "Mozilla/5.0 (compatible; Googlebot/2.1; +http://www.google.com/bot.html)" "ysfine.com"
66.249.75.43 - - [16/Sep/2022:20:22:12 -0700] "GET /yspapers/coupo02c.jpg HTTP/1.1" 200 42609 "-" "Googlebot-Image/1.0" "ysfine.com"
74.199.136.8 - - [16/Sep/2022:20:22:18 -0700] "GET /princeton/alexan22.jpg HTTP/1.1" 200 175436 "https://www.google.com/" "Mozilla/5.0 (Macintosh; Intel Mac OS X 10_14_6) AppleWebKit/537.36 (KHTML, like Gecko) Chrome/105.0.0.0 Safari/537.36" "ysfine.com"
73.103.73.37 - - [16/Sep/2022:20:22:24 -0700] "GET /style/musee/perga06b.jpg HTTP/1.1" 200 40224 "https://www.google.com/" "Mozilla/5.0 (Windows NT 10.0; Win64; x64) AppleWebKit/537.36 (KHTML, like Gecko) Chrome/105.0.0.0 Safari/537.36" "ysfine.com"
40.77.167.35 - - [16/Sep/2022:20:22:34 -0700] "GET /world/paris HTTP/1.1" 200 18129 "-" "Mozilla/5.0 (compatible; bingbot/2.0; +http://www.bing.com/bingbot.htm)" "ysfine.com"
40.77.167.27 - - [16/Sep/2022:20:22:38 -0700] "GET /kowar/war02.html HTTP/1.1" 200 9935 "-" "Mozilla/5.0 (compatible; bingbot/2.0; +http://www.bing.com/bingbot.htm)" "ysfine.com"
157.55.39.146 - - [16/Sep/2022:20:22:39 -0700] "GET /world/china22.html HTTP/1.1" 200 12827 "-" "Mozilla/5.0 (compatible; bingbot/2.0; +http://www.bing.com/bingbot.htm)" "ysfine.com"
157.55.39.146 - - [16/Sep/2022:20:22:39 -0700] "GET /home/wigstu.html HTTP/1.1" 200 4212 "-" "Mozilla/5.0 (compatible; bingbot/2.0; +http://www.bing.com/bingbot.htm)" "ysfine.com"
40.77.167.35 - - [16/Sep/2022:20:22:44 -0700] "GET /class54/emailed05.html HTTP/1.1" 200 16866 "-" "Mozilla/5.0 (compatible; bingbot/2.0; +http://www.bing.com/bingbot.htm)" "ysfine.com"
66.249.75.44 - - [16/Sep/2022:20:24:21 -0700] "GET /world/scandi/wignob06b.jpg HTTP/1.1" 304 - "-" "Googlebot-Image/1.0" "ysfine.com"
40.77.167.33 - - [16/Sep/2022:20:24:45 -0700] "GET /world/russ/mosko02.jpg HTTP/1.1" 200 118440 "-" "Mozilla/5.0 (compatible; bingbot/2.0; +http://www.bing.com/bingbot.htm)" "www.ysfine.com"
40.77.167.35 - - [16/Sep/2022:20:25:23 -0700] "GET /world/ital/palat02.jpg HTTP/1.1" 200 122711 "-" "Mozilla/5.0 (compatible; bingbot/2.0; +http://www.bing.com/bingbot.htm)" "ysfine.com"
66.249.75.43 - - [16/Sep/2022:20:26:06 -0700] "GET /world/places/ulm06.jpg HTTP/1.1" 304 - "-" "Googlebot-Image/1.0" "ysfine.com"
40.77.167.35 - - [16/Sep/2022:20:26:34 -0700] "GET /world/brit/dunf15b.jpg HTTP/1.1" 200 41554 "-" "Mozilla/5.0 (compatible; bingbot/2.0; +http://www.bing.com/bingbot.htm)" "www.ysfine.com"
40.77.167.35 - - [16/Sep/2022:20:26:51 -0700] "GET /newyork/colum24.jpg HTTP/1.1" 200 42731 "-" "Mozilla/5.0 (compatible; bingbot/2.0; +http://www.bing.com/bingbot.htm)" "www.ysfine.com"
157.55.39.146 - - [16/Sep/2022:20:28:37 -0700] "GET /world/brit/covent07b.jpg HTTP/1.1" 200 48899 "-" "Mozilla/5.0 AppleWebKit/537.36 (KHTML, like Gecko; compatible; bingbot/2.0; +http://www.bing.com/bingbot.htm) Chrome/103.0.5060.134 Safari/537.36" "www.ysfine.com"
40.77.167.35 - - [16/Sep/2022:20:28:44 -0700] "GET /eink/wsj21a.jpg HTTP/1.1" 200 117645 "-" "Mozilla/5.0 (compatible; bingbot/2.0; +http://www.bing.com/bingbot.htm)" "www.ysfine.com"
112.210.226.73 - - [16/Sep/2022:20:29:10 -0700] "GET /wdc/whouse06.jpg HTTP/1.1" 200 87253 "https://ph.images.search.yahoo.com/search/images;_ylt=Awr1QfD1PiVjLIYaQBqzRwx.;_ylu=Y29sbwNzZzMEcG9zAzEEdnRpZAMEc2VjA3BpdnM-?p=park+in+front+of+white+house+in+washington&fr2=piv-web&type=E210PH91213G0&fr=mcafee" "Mozilla/5.0 (Windows NT 10.0; Win64; x64) AppleWebKit/537.36 (KHTML, like Gecko) Chrome/105.0.0.0 Safari/537.36" "ysfine.com"
40.77.167.62 - - [16/Sep/2022:20:29:50 -0700] "GET /world/france/montmar06.jpg HTTP/1.1" 200 116602 "-" "Mozilla/5.0 (compatible; bingbot/2.0; +http://www.bing.com/bingbot.htm)" "www.ysfine.com"
73.217.229.20 - - [16/Sep/2022:20:31:29 -0700] "GET /kobak/1014b.jpg HTTP/1.1" 200 42115 "https://www.bing.com/" "Mozilla/5.0 (Windows NT 10.0; Win64; x64) AppleWebKit/537.36 (KHTML, like Gecko) Chrome/105.0.0.0 Safari/537.36 Edg/105.0.1343.33" "www.ysfine.com"
40.77.167.62 - - [16/Sep/2022:20:31:49 -0700] "GET /world/germany/artpal22.jpg HTTP/1.1" 200 80866 "-" "Mozilla/5.0 (compatible; bingbot/2.0; +http://www.bing.com/bingbot.htm)" "www.ysfine.com"
52.146.59.154 - - [16/Sep/2022:20:33:00 -0700] "GET /philo/marx02.jpg HTTP/1.1" 200 257749 "-" "DuckDuckBot/1.1; (+http://duckduckgo.com/duckduckbot.html)" "ysfine.com"
