67.164.71.39 - - [11/Sep/2022:23:02:36 -0700] "GET /home/goodbad11c.jpg HTTP/1.1" 200 18799 "https://ysfine.com/home/dashen.html" "Mozilla/5.0 (Windows NT 10.0; Win64; x64; rv:104.0) Gecko/20100101 Firefox/104.0" "ysfine.com"
67.164.71.39 - - [11/Sep/2022:23:02:36 -0700] "GET /home/fotos/einhaus450.jpg HTTP/1.1" 200 65369 "https://ysfine.com/home/dashen.html" "Mozilla/5.0 (Windows NT 10.0; Win64; x64; rv:104.0) Gecko/20100101 Firefox/104.0" "ysfine.com"
67.164.71.39 - - [11/Sep/2022:23:02:36 -0700] "GET /home/baranger97c.jpg HTTP/1.1" 200 25248 "https://ysfine.com/home/dashen.html" "Mozilla/5.0 (Windows NT 10.0; Win64; x64; rv:104.0) Gecko/20100101 Firefox/104.0" "ysfine.com"
67.164.71.39 - - [11/Sep/2022:23:02:36 -0700] "GET /feynman/feyfirm66c.jpg HTTP/1.1" 200 36701 "https://ysfine.com/home/dashen.html" "Mozilla/5.0 (Windows NT 10.0; Win64; x64; rv:104.0) Gecko/20100101 Firefox/104.0" "ysfine.com"
67.164.71.39 - - [11/Sep/2022:23:02:36 -0700] "GET /favicon.ico HTTP/1.1" 404 88 "https://ysfine.com/home/dashen.html" "Mozilla/5.0 (Windows NT 10.0; Win64; x64; rv:104.0) Gecko/20100101 Firefox/104.0" "ysfine.com"
40.77.167.35 - - [11/Sep/2022:23:02:46 -0700] "GET /world/baltic/kalin05.jpg HTTP/1.1" 200 94382 "-" "Mozilla/5.0 (compatible; bingbot/2.0; +http://www.bing.com/bingbot.htm)" "www.ysfine.com"
67.164.71.39 - - [11/Sep/2022:23:03:14 -0700] "GET /wigner/index.html HTTP/1.1" 200 124 "http://www2.physics.umd.edu/" "Mozilla/5.0 (Windows NT 10.0; Win64; x64; rv:104.0) Gecko/20100101 Firefox/104.0" "ysfine.com"
67.164.71.39 - - [11/Sep/2022:23:03:14 -0700] "GET /wigner/wigtop.html HTTP/1.1" 200 422 "https://ysfine.com/wigner/index.html" "Mozilla/5.0 (Windows NT 10.0; Win64; x64; rv:104.0) Gecko/20100101 Firefox/104.0" "ysfine.com"
67.164.71.39 - - [11/Sep/2022:23:03:14 -0700] "GET /wigner/wigbot.html HTTP/1.1" 200 123 "https://ysfine.com/wigner/index.html" "Mozilla/5.0 (Windows NT 10.0; Win64; x64; rv:104.0) Gecko/20100101 Firefox/104.0" "ysfine.com"
67.164.71.39 - - [11/Sep/2022:23:03:14 -0700] "GET /wigner/wigleft.html HTTP/1.1" 200 659 "https://ysfine.com/wigner/wigbot.html" "Mozilla/5.0 (Windows NT 10.0; Win64; x64; rv:104.0) Gecko/20100101 Firefox/104.0" "ysfine.com"
67.164.71.39 - - [11/Sep/2022:23:03:14 -0700] "GET /wigner/wigrigh.html HTTP/1.1" 200 2476 "https://ysfine.com/wigner/wigbot.html" "Mozilla/5.0 (Windows NT 10.0; Win64; x64; rv:104.0) Gecko/20100101 Firefox/104.0" "ysfine.com"
67.164.71.39 - - [11/Sep/2022:23:03:15 -0700] "GET /princeton/sbt11b.jpg HTTP/1.1" 200 25236 "https://ysfine.com/wigner/wigrigh.html" "Mozilla/5.0 (Windows NT 10.0; Win64; x64; rv:104.0) Gecko/20100101 Firefox/104.0" "ysfine.com"
67.164.71.39 - - [11/Sep/2022:23:03:15 -0700] "GET /wigner/wigkim22b.jpg HTTP/1.1" 200 33880 "https://ysfine.com/wigner/wigrigh.html" "Mozilla/5.0 (Windows NT 10.0; Win64; x64; rv:104.0) Gecko/20100101 Firefox/104.0" "ysfine.com"
67.164.71.39 - - [11/Sep/2022:23:03:15 -0700] "GET /wigner/isomor66b.jpg HTTP/1.1" 200 60963 "https://ysfine.com/wigner/wigrigh.html" "Mozilla/5.0 (Windows NT 10.0; Win64; x64; rv:104.0) Gecko/20100101 Firefox/104.0" "ysfine.com"
40.77.167.27 - - [11/Sep/2022:23:03:56 -0700] "GET / HTTP/1.1" 200 5283 "-" "Mozilla/5.0 (compatible; bingbot/2.0; +http://www.bing.com/bingbot.htm)" "www.ysfine.com"
40.77.167.27 - - [11/Sep/2022:23:04:15 -0700] "GET /wisdom/quovadis11b.jpg HTTP/1.1" 200 81567 "-" "Mozilla/5.0 (compatible; bingbot/2.0; +http://www.bing.com/bingbot.htm)" "www.ysfine.com"
47.243.93.167 - - [11/Sep/2022:23:04:17 -0700] "GET /style/picasspr11.jpg HTTP/1.1" 200 106520 "-" "Mozilla/5.0 (X11; Ubuntu; Linux x86_64; rv:72.0) Gecko/20100101 Firefox/72.0" "ysfine.com"
47.243.93.167 - - [11/Sep/2022:23:04:28 -0700] "GET /style/picasspr11.jpg HTTP/1.1" 200 106520 "-" "Mozilla/5.0 (X11; Ubuntu; Linux x86_64; rv:72.0) Gecko/20100101 Firefox/72.0" "ysfine.com"
47.243.93.167 - - [11/Sep/2022:23:04:40 -0700] "GET /style/picasspr11.jpg HTTP/1.1" 200 106520 "-" "Mozilla/5.0 (X11; Ubuntu; Linux x86_64; rv:72.0) Gecko/20100101 Firefox/72.0" "ysfine.com"
157.55.39.146 - - [11/Sep/2022:23:04:41 -0700] "GET /style/nga22.jpg HTTP/1.1" 200 132866 "-" "Mozilla/5.0 (compatible; bingbot/2.0; +http://www.bing.com/bingbot.htm)" "ysfine.com"
94.66.57.183 - - [11/Sep/2022:23:04:52 -0700] "GET /maga/phys/yukafeyn2.jpg HTTP/1.1" 200 36709 "https://www.google.com/" "Mozilla/5.0 (Windows NT 10.0; Win64; x64) AppleWebKit/537.36 (KHTML, like Gecko) Chrome/105.0.0.0 Safari/537.36" "ysfine.com"
40.77.167.35 - - [11/Sep/2022:23:05:05 -0700] "GET /world/france/magots01.jpg HTTP/1.1" 200 140982 "-" "Mozilla/5.0 (compatible; bingbot/2.0; +http://www.bing.com/bingbot.htm)" "www.ysfine.com"
51.222.253.6 - - [11/Sep/2022:23:05:12 -0700] "GET /class54/class5470/total_data/sub_828.htm HTTP/1.1" 200 3561 "-" "Mozilla/5.0 (compatible; AhrefsBot/7.0; +http://ahrefs.com/robot/)" "www.ysfine.com"
40.77.167.62 - - [11/Sep/2022:23:05:25 -0700] "GET /einstein/dff11.jpg HTTP/1.1" 200 39077 "-" "Mozilla/5.0 (compatible; bingbot/2.0; +http://www.bing.com/bingbot.htm)" "www.ysfine.com"
67.164.71.39 - - [11/Sep/2022:23:05:31 -0700] "GET /wigner/wignobel.html HTTP/1.1" 200 4026 "https://ysfine.com/wigner/wigleft.html" "Mozilla/5.0 (Windows NT 10.0; Win64; x64; rv:104.0) Gecko/20100101 Firefox/104.0" "ysfine.com"
67.164.71.39 - - [11/Sep/2022:23:05:31 -0700] "GET /wigner/tollwig11b.jpg HTTP/1.1" 200 31891 "https://ysfine.com/wigner/wignobel.html" "Mozilla/5.0 (Windows NT 10.0; Win64; x64; rv:104.0) Gecko/20100101 Firefox/104.0" "ysfine.com"
67.164.71.39 - - [11/Sep/2022:23:05:31 -0700] "GET /people/facu63b.jpg HTTP/1.1" 200 47712 "https://ysfine.com/wigner/wignobel.html" "Mozilla/5.0 (Windows NT 10.0; Win64; x64; rv:104.0) Gecko/20100101 Firefox/104.0" "ysfine.com"
67.164.71.39 - - [11/Sep/2022:23:05:31 -0700] "GET /wigner/wig39b.jpg HTTP/1.1" 200 69283 "https://ysfine.com/wigner/wignobel.html" "Mozilla/5.0 (Windows NT 10.0; Win64; x64; rv:104.0) Gecko/20100101 Firefox/104.0" "ysfine.com"
67.164.71.39 - - [11/Sep/2022:23:05:31 -0700] "GET /wigner/eucylin55b.jpg HTTP/1.1" 200 38707 "https://ysfine.com/wigner/wignobel.html" "Mozilla/5.0 (Windows NT 10.0; Win64; x64; rv:104.0) Gecko/20100101 Firefox/104.0" "ysfine.com"
67.164.71.39 - - [11/Sep/2022:23:05:31 -0700] "GET /wigner/wignobel01b.jpg HTTP/1.1" 200 36965 "https://ysfine.com/wigner/wignobel.html" "Mozilla/5.0 (Windows NT 10.0; Win64; x64; rv:104.0) Gecko/20100101 Firefox/104.0" "ysfine.com"
67.164.71.39 - - [11/Sep/2022:23:05:31 -0700] "GET /einstein/newton55b.jpg HTTP/1.1" 200 20261 "https://ysfine.com/wigner/wignobel.html" "Mozilla/5.0 (Windows NT 10.0; Win64; x64; rv:104.0) Gecko/20100101 Firefox/104.0" "ysfine.com"
67.164.71.39 - - [11/Sep/2022:23:05:31 -0700] "GET /wigner/wig39fb.jpg HTTP/1.1" 200 38434 "https://ysfine.com/wigner/wignobel.html" "Mozilla/5.0 (Windows NT 10.0; Win64; x64; rv:104.0) Gecko/20100101 Firefox/104.0" "ysfine.com"
67.164.71.39 - - [11/Sep/2022:23:05:31 -0700] "GET /einstein/einbohr33b.jpg HTTP/1.1" 200 42636 "https://ysfine.com/wigner/wignobel.html" "Mozilla/5.0 (Windows NT 10.0; Win64; x64; rv:104.0) Gecko/20100101 Firefox/104.0" "ysfine.com"
67.164.71.39 - - [11/Sep/2022:23:06:01 -0700] "GET /wigner/tollwig11.jpg HTTP/1.1" 200 124000 "https://ysfine.com/wigner/wignobel.html" "Mozilla/5.0 (Windows NT 10.0; Win64; x64; rv:104.0) Gecko/20100101 Firefox/104.0" "ysfine.com"
222.127.31.237 - - [11/Sep/2022:23:06:21 -0700] "GET /wigner/neum/vnc02.jpg HTTP/1.1" 200 122957 "https://www.google.com/" "Mozilla/5.0 (Windows NT 10.0; Win64; x64) AppleWebKit/537.36 (KHTML, like Gecko) Chrome/105.0.0.0 Safari/537.36" "ysfine.com"
67.164.71.39 - - [11/Sep/2022:23:06:23 -0700] "GET /wigner/wigpoinc.html HTTP/1.1" 200 6586 "https://ysfine.com/wigner/wigleft.html" "Mozilla/5.0 (Windows NT 10.0; Win64; x64; rv:104.0) Gecko/20100101 Firefox/104.0" "ysfine.com"
67.164.71.39 - - [11/Sep/2022:23:06:23 -0700] "GET /wigner/wigsharp2.jpg HTTP/1.1" 200 34860 "https://ysfine.com/wigner/wigpoinc.html" "Mozilla/5.0 (Windows NT 10.0; Win64; x64; rv:104.0) Gecko/20100101 Firefox/104.0" "ysfine.com"
67.164.71.39 - - [11/Sep/2022:23:06:23 -0700] "GET /wigner/neupol01b.jpg HTTP/1.1" 200 30797 "https://ysfine.com/wigner/wigpoinc.html" "Mozilla/5.0 (Windows NT 10.0; Win64; x64; rv:104.0) Gecko/20100101 Firefox/104.0" "ysfine.com"
67.164.71.39 - - [11/Sep/2022:23:06:23 -0700] "GET /wigner/michel2.jpg HTTP/1.1" 200 72183 "https://ysfine.com/wigner/wigpoinc.html" "Mozilla/5.0 (Windows NT 10.0; Win64; x64; rv:104.0) Gecko/20100101 Firefox/104.0" "ysfine.com"
67.164.71.39 - - [11/Sep/2022:23:06:23 -0700] "GET /maga/phys/psphere01b.jpg HTTP/1.1" 200 55011 "https://ysfine.com/wigner/wigpoinc.html" "Mozilla/5.0 (Windows NT 10.0; Win64; x64; rv:104.0) Gecko/20100101 Firefox/104.0" "ysfine.com"
67.164.71.39 - - [11/Sep/2022:23:06:23 -0700] "GET /wigner/lorentzgr01b.jpg HTTP/1.1" 200 33834 "https://ysfine.com/wigner/wigpoinc.html" "Mozilla/5.0 (Windows NT 10.0; Win64; x64; rv:104.0) Gecko/20100101 Firefox/104.0" "ysfine.com"
67.164.71.39 - - [11/Sep/2022:23:06:23 -0700] "GET /dirac/sq66b.jpg HTTP/1.1" 200 22242 "https://ysfine.com/wigner/wigpoinc.html" "Mozilla/5.0 (Windows NT 10.0; Win64; x64; rv:104.0) Gecko/20100101 Firefox/104.0" "ysfine.com"
67.164.71.39 - - [11/Sep/2022:23:06:23 -0700] "GET /eink/eink61c.jpg HTTP/1.1" 200 34119 "https://ysfine.com/wigner/wigpoinc.html" "Mozilla/5.0 (Windows NT 10.0; Win64; x64; rv:104.0) Gecko/20100101 Firefox/104.0" "ysfine.com"
107.167.47.154 - - [11/Sep/2022:23:06:32 -0700] "GET /include/dialog/select_soft_post.php HTTP/1.1" 404 88 "http://192.168.125.128/1.html" "Mozilla/5.0 (Windows NT 10.0; Win64; x64) AppleWebKit/537.36 (KHTML, like Gecko) Chrome/70.0.3538.110 Safari/537.36" "ysfine.com"
67.164.71.39 - - [11/Sep/2022:23:06:36 -0700] "GET /wigner/yswig.html HTTP/1.1" 200 7067 "https://ysfine.com/wigner/wigleft.html" "Mozilla/5.0 (Windows NT 10.0; Win64; x64; rv:104.0) Gecko/20100101 Firefox/104.0" "ysfine.com"
67.164.71.39 - - [11/Sep/2022:23:06:37 -0700] "GET /wigner/wigein11c.jpg HTTP/1.1" 200 25010 "https://ysfine.com/wigner/yswig.html" "Mozilla/5.0 (Windows NT 10.0; Win64; x64; rv:104.0) Gecko/20100101 Firefox/104.0" "ysfine.com"
67.164.71.39 - - [11/Sep/2022:23:06:37 -0700] "GET /einstein/newtein11a.jpg HTTP/1.1" 200 58594 "https://ysfine.com/wigner/yswig.html" "Mozilla/5.0 (Windows NT 10.0; Win64; x64; rv:104.0) Gecko/20100101 Firefox/104.0" "ysfine.com"
67.164.71.39 - - [11/Sep/2022:23:06:37 -0700] "GET /wigner/dirwig33c.jpg HTTP/1.1" 200 30043 "https://ysfine.com/wigner/yswig.html" "Mozilla/5.0 (Windows NT 10.0; Win64; x64; rv:104.0) Gecko/20100101 Firefox/104.0" "ysfine.com"
67.164.71.39 - - [11/Sep/2022:23:06:37 -0700] "GET /wigner/wigneu300.jpg HTTP/1.1" 200 39804 "https://ysfine.com/wigner/yswig.html" "Mozilla/5.0 (Windows NT 10.0; Win64; x64; rv:104.0) Gecko/20100101 Firefox/104.0" "ysfine.com"
67.164.71.39 - - [11/Sep/2022:23:06:37 -0700] "GET /home/goodbad55c.jpg HTTP/1.1" 200 24415 "https://ysfine.com/wigner/yswig.html" "Mozilla/5.0 (Windows NT 10.0; Win64; x64; rv:104.0) Gecko/20100101 Firefox/104.0" "ysfine.com"
67.164.71.39 - - [11/Sep/2022:23:06:37 -0700] "GET /wigner/michwight11c.jpg HTTP/1.1" 200 38388 "https://ysfine.com/wigner/yswig.html" "Mozilla/5.0 (Windows NT 10.0; Win64; x64; rv:104.0) Gecko/20100101 Firefox/104.0" "ysfine.com"
67.164.71.39 - - [11/Sep/2022:23:06:37 -0700] "GET /wigner/isomor39c.jpg HTTP/1.1" 200 48288 "https://ysfine.com/wigner/yswig.html" "Mozilla/5.0 (Windows NT 10.0; Win64; x64; rv:104.0) Gecko/20100101 Firefox/104.0" "ysfine.com"
67.164.71.39 - - [11/Sep/2022:23:06:37 -0700] "GET /wigner/isomor87c.jpg HTTP/1.1" 200 48973 "https://ysfine.com/wigner/yswig.html" "Mozilla/5.0 (Windows NT 10.0; Win64; x64; rv:104.0) Gecko/20100101 Firefox/104.0" "ysfine.com"
67.164.71.39 - - [11/Sep/2022:23:06:37 -0700] "GET /wigner/wigwein33c.jpg HTTP/1.1" 200 47176 "https://ysfine.com/wigner/yswig.html" "Mozilla/5.0 (Windows NT 10.0; Win64; x64; rv:104.0) Gecko/20100101 Firefox/104.0" "ysfine.com"
67.164.71.39 - - [11/Sep/2022:23:06:37 -0700] "GET /wigner/isomor90c.jpg HTTP/1.1" 200 32970 "https://ysfine.com/wigner/yswig.html" "Mozilla/5.0 (Windows NT 10.0; Win64; x64; rv:104.0) Gecko/20100101 Firefox/104.0" "ysfine.com"
67.164.71.39 - - [11/Sep/2022:23:06:37 -0700] "GET /feynman/feygell66c.jpg HTTP/1.1" 200 32056 "https://ysfine.com/wigner/yswig.html" "Mozilla/5.0 (Windows NT 10.0; Win64; x64; rv:104.0) Gecko/20100101 Firefox/104.0" "ysfine.com"
67.164.71.39 - - [11/Sep/2022:23:06:37 -0700] "GET /einstein/einbohr55a.jpg HTTP/1.1" 200 107592 "https://ysfine.com/wigner/yswig.html" "Mozilla/5.0 (Windows NT 10.0; Win64; x64; rv:104.0) Gecko/20100101 Firefox/104.0" "ysfine.com"
67.164.71.39 - - [11/Sep/2022:23:06:37 -0700] "GET /feynman/feyn70cc.jpg HTTP/1.1" 200 19224 "https://ysfine.com/wigner/yswig.html" "Mozilla/5.0 (Windows NT 10.0; Win64; x64; rv:104.0) Gecko/20100101 Firefox/104.0" "ysfine.com"
67.164.71.39 - - [11/Sep/2022:23:06:37 -0700] "GET /feynman/ppic/parton33a.jpg HTTP/1.1" 200 68290 "https://ysfine.com/wigner/yswig.html" "Mozilla/5.0 (Windows NT 10.0; Win64; x64; rv:104.0) Gecko/20100101 Firefox/104.0" "ysfine.com"
67.164.71.39 - - [11/Sep/2022:23:06:37 -0700] "GET /wigner/ewk22a.jpg HTTP/1.1" 200 71714 "https://ysfine.com/wigner/yswig.html" "Mozilla/5.0 (Windows NT 10.0; Win64; x64; rv:104.0) Gecko/20100101 Firefox/104.0" "ysfine.com"
67.164.71.39 - - [11/Sep/2022:23:06:37 -0700] "GET /eink/ewk86a.jpg HTTP/1.1" 200 70895 "https://ysfine.com/wigner/yswig.html" "Mozilla/5.0 (Windows NT 10.0; Win64; x64; rv:104.0) Gecko/20100101 Firefox/104.0" "ysfine.com"
67.164.71.39 - - [11/Sep/2022:23:06:37 -0700] "GET /eink/pwk19c.jpg HTTP/1.1" 200 57759 "https://ysfine.com/wigner/yswig.html" "Mozilla/5.0 (Windows NT 10.0; Win64; x64; rv:104.0) Gecko/20100101 Firefox/104.0" "ysfine.com"
67.164.71.39 - - [11/Sep/2022:23:06:37 -0700] "GET /kobak/taylor33c.jpg HTTP/1.1" 200 39951 "https://ysfine.com/wigner/yswig.html" "Mozilla/5.0 (Windows NT 10.0; Win64; x64; rv:104.0) Gecko/20100101 Firefox/104.0" "ysfine.com"
40.88.21.235 - - [11/Sep/2022:23:06:59 -0700] "GET / HTTP/1.1" 200 5283 "https://www.ysfine.com/" "Mozilla/5.0 (compatible; DuckDuckGo-Favicons-Bot/1.0; +http://duckduckgo.com)" "www.ysfine.com"
40.88.21.235 - - [11/Sep/2022:23:06:59 -0700] "GET /favicon.ico HTTP/1.1" 404 88 "https://www.ysfine.com/favicon.ico" "Mozilla/5.0 (compatible; DuckDuckGo-Favicons-Bot/1.0; +http://duckduckgo.com)" "www.ysfine.com"
40.88.21.235 - - [11/Sep/2022:23:06:59 -0700] "GET /favicon.ico HTTP/1.1" 404 88 "https://www.ysfine.com/favicon.ico" "Mozilla/5.0 (compatible; DuckDuckGo-Favicons-Bot/1.0; +http://duckduckgo.com)" "www.ysfine.com"
185.191.171.41 - - [11/Sep/2022:23:07:43 -0700] "GET /class54/class5470/total_data/sub_344.htm HTTP/1.1" 200 3308 "-" "Mozilla/5.0 (compatible; SemrushBot/7~bl; +http://www.semrush.com/bot.html)" "ysfine.com"
154.54.249.206 - - [11/Sep/2022:23:08:07 -0700] "GET /class54/class5470/total_data/sub_293.htm HTTP/1.1" 304 - "-" "Mozilla/5.0 (compatible; Barkrowler/0.9; +https://babbar.tech/crawler)" "www.ysfine.com"
40.77.167.33 - - [11/Sep/2022:23:08:43 -0700] "GET /world/ital/rome060.jpg HTTP/1.1" 200 85130 "-" "Mozilla/5.0 (compatible; bingbot/2.0; +http://www.bing.com/bingbot.htm)" "ysfine.com"
40.77.167.27 - - [11/Sep/2022:23:08:55 -0700] "GET /people/birman.jpg HTTP/1.1" 200 69528 "-" "Mozilla/5.0 (compatible; bingbot/2.0; +http://www.bing.com/bingbot.htm)" "ysfine.com"
213.205.203.107 - - [11/Sep/2022:23:09:30 -0700] "GET /einstein/bern.html HTTP/1.1" 200 8265 "https://www.google.co.uk/" "Mozilla/5.0 (iPhone; CPU iPhone OS 15_6_1 like Mac OS X) AppleWebKit/605.1.15 (KHTML, like Gecko) Version/15.6.1 Mobile/15E148 Safari/604.1" "ysfine.com"
213.205.203.107 - - [11/Sep/2022:23:09:30 -0700] "GET /einstein/places/einha01b.jpg HTTP/1.1" 200 41574 "https://ysfine.com/einstein/bern.html" "Mozilla/5.0 (iPhone; CPU iPhone OS 15_6_1 like Mac OS X) AppleWebKit/605.1.15 (KHTML, like Gecko) Version/15.6.1 Mobile/15E148 Safari/604.1" "ysfine.com"
213.205.203.107 - - [11/Sep/2022:23:09:31 -0700] "GET /einstein/places/einha23b.jpg HTTP/1.1" 200 30374 "https://ysfine.com/einstein/bern.html" "Mozilla/5.0 (iPhone; CPU iPhone OS 15_6_1 like Mac OS X) AppleWebKit/605.1.15 (KHTML, like Gecko) Version/15.6.1 Mobile/15E148 Safari/604.1" "ysfine.com"
213.205.203.107 - - [11/Sep/2022:23:09:31 -0700] "GET /einstein/places/einha05b.jpg HTTP/1.1" 200 51007 "https://ysfine.com/einstein/bern.html" "Mozilla/5.0 (iPhone; CPU iPhone OS 15_6_1 like Mac OS X) AppleWebKit/605.1.15 (KHTML, like Gecko) Version/15.6.1 Mobile/15E148 Safari/604.1" "ysfine.com"
213.205.203.107 - - [11/Sep/2022:23:09:31 -0700] "GET /einstein/places/einha36b.jpg HTTP/1.1" 200 45524 "https://ysfine.com/einstein/bern.html" "Mozilla/5.0 (iPhone; CPU iPhone OS 15_6_1 like Mac OS X) AppleWebKit/605.1.15 (KHTML, like Gecko) Version/15.6.1 Mobile/15E148 Safari/604.1" "ysfine.com"
213.205.203.107 - - [11/Sep/2022:23:09:31 -0700] "GET /einstein/places/einmu17b.jpg HTTP/1.1" 200 33255 "https://ysfine.com/einstein/bern.html" "Mozilla/5.0 (iPhone; CPU iPhone OS 15_6_1 like Mac OS X) AppleWebKit/605.1.15 (KHTML, like Gecko) Version/15.6.1 Mobile/15E148 Safari/604.1" "ysfine.com"
213.205.203.107 - - [11/Sep/2022:23:09:31 -0700] "GET /einstein/places/einha39b.jpg HTTP/1.1" 200 50120 "https://ysfine.com/einstein/bern.html" "Mozilla/5.0 (iPhone; CPU iPhone OS 15_6_1 like Mac OS X) AppleWebKit/605.1.15 (KHTML, like Gecko) Version/15.6.1 Mobile/15E148 Safari/604.1" "ysfine.com"
213.205.203.107 - - [11/Sep/2022:23:09:31 -0700] "GET /einstein/places/einha02b.jpg HTTP/1.1" 200 35565 "https://ysfine.com/einstein/bern.html" "Mozilla/5.0 (iPhone; CPU iPhone OS 15_6_1 like Mac OS X) AppleWebKit/605.1.15 (KHTML, like Gecko) Version/15.6.1 Mobile/15E148 Safari/604.1" "ysfine.com"
213.205.203.107 - - [11/Sep/2022:23:09:31 -0700] "GET /einstein/places/einmu10b.jpg HTTP/1.1" 200 63699 "https://ysfine.com/einstein/bern.html" "Mozilla/5.0 (iPhone; CPU iPhone OS 15_6_1 like Mac OS X) AppleWebKit/605.1.15 (KHTML, like Gecko) Version/15.6.1 Mobile/15E148 Safari/604.1" "ysfine.com"
213.205.203.107 - - [11/Sep/2022:23:09:32 -0700] "GET /einstein/places/einmu12b.jpg HTTP/1.1" 200 32736 "https://ysfine.com/einstein/bern.html" "Mozilla/5.0 (iPhone; CPU iPhone OS 15_6_1 like Mac OS X) AppleWebKit/605.1.15 (KHTML, like Gecko) Version/15.6.1 Mobile/15E148 Safari/604.1" "ysfine.com"
213.205.203.107 - - [11/Sep/2022:23:09:32 -0700] "GET /einstein/places/einmu16b.jpg HTTP/1.1" 200 34497 "https://ysfine.com/einstein/bern.html" "Mozilla/5.0 (iPhone; CPU iPhone OS 15_6_1 like Mac OS X) AppleWebKit/605.1.15 (KHTML, like Gecko) Version/15.6.1 Mobile/15E148 Safari/604.1" "ysfine.com"
213.205.203.107 - - [11/Sep/2022:23:09:32 -0700] "GET /einstein/places/einmu22b.jpg HTTP/1.1" 200 41361 "https://ysfine.com/einstein/bern.html" "Mozilla/5.0 (iPhone; CPU iPhone OS 15_6_1 like Mac OS X) AppleWebKit/605.1.15 (KHTML, like Gecko) Version/15.6.1 Mobile/15E148 Safari/604.1" "ysfine.com"
213.205.203.107 - - [11/Sep/2022:23:09:32 -0700] "GET /einstein/places/einmu08b.jpg HTTP/1.1" 200 37748 "https://ysfine.com/einstein/bern.html" "Mozilla/5.0 (iPhone; CPU iPhone OS 15_6_1 like Mac OS X) AppleWebKit/605.1.15 (KHTML, like Gecko) Version/15.6.1 Mobile/15E148 Safari/604.1" "ysfine.com"
213.205.203.107 - - [11/Sep/2022:23:09:32 -0700] "GET /einstein/places/einmu41b.jpg HTTP/1.1" 200 52501 "https://ysfine.com/einstein/bern.html" "Mozilla/5.0 (iPhone; CPU iPhone OS 15_6_1 like Mac OS X) AppleWebKit/605.1.15 (KHTML, like Gecko) Version/15.6.1 Mobile/15E148 Safari/604.1" "ysfine.com"
213.205.203.107 - - [11/Sep/2022:23:09:32 -0700] "GET /einstein/einhouse11b.jpg HTTP/1.1" 200 42717 "https://ysfine.com/einstein/bern.html" "Mozilla/5.0 (iPhone; CPU iPhone OS 15_6_1 like Mac OS X) AppleWebKit/605.1.15 (KHTML, like Gecko) Version/15.6.1 Mobile/15E148 Safari/604.1" "ysfine.com"
213.205.203.107 - - [11/Sep/2022:23:09:32 -0700] "GET /einstein/places/einmu52b.jpg HTTP/1.1" 200 38352 "https://ysfine.com/einstein/bern.html" "Mozilla/5.0 (iPhone; CPU iPhone OS 15_6_1 like Mac OS X) AppleWebKit/605.1.15 (KHTML, like Gecko) Version/15.6.1 Mobile/15E148 Safari/604.1" "ysfine.com"
213.205.203.107 - - [11/Sep/2022:23:09:32 -0700] "GET /wigner/wigein270.jpg HTTP/1.1" 200 21005 "https://ysfine.com/einstein/bern.html" "Mozilla/5.0 (iPhone; CPU iPhone OS 15_6_1 like Mac OS X) AppleWebKit/605.1.15 (KHTML, like Gecko) Version/15.6.1 Mobile/15E148 Safari/604.1" "ysfine.com"
213.205.203.107 - - [11/Sep/2022:23:09:32 -0700] "GET /einstein/einglaub01b.jpg HTTP/1.1" 200 48405 "https://ysfine.com/einstein/bern.html" "Mozilla/5.0 (iPhone; CPU iPhone OS 15_6_1 like Mac OS X) AppleWebKit/605.1.15 (KHTML, like Gecko) Version/15.6.1 Mobile/15E148 Safari/604.1" "ysfine.com"
213.205.203.107 - - [11/Sep/2022:23:09:32 -0700] "GET /einstein/places/einmu64b.jpg HTTP/1.1" 200 42063 "https://ysfine.com/einstein/bern.html" "Mozilla/5.0 (iPhone; CPU iPhone OS 15_6_1 like Mac OS X) AppleWebKit/605.1.15 (KHTML, like Gecko) Version/15.6.1 Mobile/15E148 Safari/604.1" "ysfine.com"
213.205.203.107 - - [11/Sep/2022:23:09:32 -0700] "GET /einstein/places/einmu62b.jpg HTTP/1.1" 200 31976 "https://ysfine.com/einstein/bern.html" "Mozilla/5.0 (iPhone; CPU iPhone OS 15_6_1 like Mac OS X) AppleWebKit/605.1.15 (KHTML, like Gecko) Version/15.6.1 Mobile/15E148 Safari/604.1" "ysfine.com"
213.205.203.107 - - [11/Sep/2022:23:09:32 -0700] "GET /maga/phil/kanthegel22b.jpg HTTP/1.1" 200 36974 "https://ysfine.com/einstein/bern.html" "Mozilla/5.0 (iPhone; CPU iPhone OS 15_6_1 like Mac OS X) AppleWebKit/605.1.15 (KHTML, like Gecko) Version/15.6.1 Mobile/15E148 Safari/604.1" "ysfine.com"
213.205.203.107 - - [11/Sep/2022:23:09:32 -0700] "GET /maga/phys/heisen33b.jpg HTTP/1.1" 200 78035 "https://ysfine.com/einstein/bern.html" "Mozilla/5.0 (iPhone; CPU iPhone OS 15_6_1 like Mac OS X) AppleWebKit/605.1.15 (KHTML, like Gecko) Version/15.6.1 Mobile/15E148 Safari/604.1" "ysfine.com"
213.205.203.107 - - [11/Sep/2022:23:09:32 -0700] "GET /maga/phys/yukaein2.jpg HTTP/1.1" 200 42863 "https://ysfine.com/einstein/bern.html" "Mozilla/5.0 (iPhone; CPU iPhone OS 15_6_1 like Mac OS X) AppleWebKit/605.1.15 (KHTML, like Gecko) Version/15.6.1 Mobile/15E148 Safari/604.1" "ysfine.com"
213.205.203.107 - - [11/Sep/2022:23:09:32 -0700] "GET /einstein/einbohr11b.jpg HTTP/1.1" 200 37538 "https://ysfine.com/einstein/bern.html" "Mozilla/5.0 (iPhone; CPU iPhone OS 15_6_1 like Mac OS X) AppleWebKit/605.1.15 (KHTML, like Gecko) Version/15.6.1 Mobile/15E148 Safari/604.1" "ysfine.com"
213.205.203.107 - - [11/Sep/2022:23:09:32 -0700] "GET /einstein/evol66b.jpg HTTP/1.1" 200 38577 "https://ysfine.com/einstein/bern.html" "Mozilla/5.0 (iPhone; CPU iPhone OS 15_6_1 like Mac OS X) AppleWebKit/605.1.15 (KHTML, like Gecko) Version/15.6.1 Mobile/15E148 Safari/604.1" "ysfine.com"
213.205.203.107 - - [11/Sep/2022:23:09:32 -0700] "GET /einstein/places/einhaus450.jpg HTTP/1.1" 200 65369 "https://ysfine.com/einstein/bern.html" "Mozilla/5.0 (iPhone; CPU iPhone OS 15_6_1 like Mac OS X) AppleWebKit/605.1.15 (KHTML, like Gecko) Version/15.6.1 Mobile/15E148 Safari/604.1" "ysfine.com"
213.205.203.107 - - [11/Sep/2022:23:09:33 -0700] "GET /favicon.ico HTTP/1.1" 404 88 "https://ysfine.com/einstein/bern.html" "Mozilla/5.0 (iPhone; CPU iPhone OS 15_6_1 like Mac OS X) AppleWebKit/605.1.15 (KHTML, like Gecko) Version/15.6.1 Mobile/15E148 Safari/604.1" "ysfine.com"
40.77.167.27 - - [11/Sep/2022:23:09:46 -0700] "GET /wdc/shoreham11.jpg HTTP/1.1" 200 127258 "-" "Mozilla/5.0 (compatible; bingbot/2.0; +http://www.bing.com/bingbot.htm)" "www.ysfine.com"
51.222.253.2 - - [11/Sep/2022:23:10:09 -0700] "GET /class54/class5470/total_data/sub_803.htm HTTP/1.1" 200 3571 "-" "Mozilla/5.0 (compatible; AhrefsBot/7.0; +http://ahrefs.com/robot/)" "www.ysfine.com"
154.54.249.206 - - [11/Sep/2022:23:11:39 -0700] "GET /class54/emailed06.html HTTP/1.1" 200 28628 "-" "Mozilla/5.0 (compatible; Barkrowler/0.9; +https://babbar.tech/crawler)" "ysfine.com"
93.158.161.74 - - [11/Sep/2022:23:12:13 -0700] "GET /robots.txt HTTP/1.1" 404 73 "-" "Mozilla/5.0 (compatible; YandexBot/3.0; +http://yandex.com/bots)" "www.ysfine.com"
40.77.167.33 - - [11/Sep/2022:23:12:14 -0700] "GET /world/france/frmodo01.jpg HTTP/1.1" 200 100221 "-" "Mozilla/5.0 (compatible; bingbot/2.0; +http://www.bing.com/bingbot.htm)" "ysfine.com"
93.158.161.30 - - [11/Sep/2022:23:12:17 -0700] "GET /maga/fermi.html HTTP/1.1" 200 3387 "-" "Mozilla/5.0 (compatible; YandexBot/3.0; +http://yandex.com/bots)" "www.ysfine.com"
157.55.39.146 - - [11/Sep/2022:23:12:31 -0700] "GET /usca/pitt/steelm02.jpg HTTP/1.1" 200 122294 "-" "Mozilla/5.0 (compatible; bingbot/2.0; +http://www.bing.com/bingbot.htm)" "www.ysfine.com"
40.77.167.27 - - [11/Sep/2022:23:12:55 -0700] "GET /heisen/einplanck.html HTTP/1.1" 404 88 "-" "Mozilla/5.0 (compatible; bingbot/2.0; +http://www.bing.com/bingbot.htm)" "ysfine.com"
40.77.167.33 - - [11/Sep/2022:23:13:44 -0700] "GET /class54/tallm09.jpg HTTP/1.1" 200 177768 "-" "Mozilla/5.0 (compatible; bingbot/2.0; +http://www.bing.com/bingbot.htm)" "ysfine.com"
77.88.5.221 - - [11/Sep/2022:23:13:44 -0700] "GET /robots.txt HTTP/1.1" 404 73 "-" "Mozilla/5.0 (compatible; YandexBot/3.0; +http://yandex.com/bots)" "www.ysfine.com"
93.158.161.37 - - [11/Sep/2022:23:13:48 -0700] "GET /einstein/webar22.jpg HTTP/1.1" 200 116285 "-" "Mozilla/5.0 (compatible; YandexImages/3.0; +http://yandex.com/bots)" "www.ysfine.com"
157.55.39.146 - - [11/Sep/2022:23:14:33 -0700] "GET /world/russ/kazan023.jpg HTTP/1.1" 200 95500 "-" "Mozilla/5.0 (compatible; bingbot/2.0; +http://www.bing.com/bingbot.htm)" "www.ysfine.com"
51.222.253.20 - - [11/Sep/2022:23:14:44 -0700] "GET /class54/class5470/total_data/sub_804.htm HTTP/1.1" 200 3558 "-" "Mozilla/5.0 (compatible; AhrefsBot/7.0; +http://ahrefs.com/robot/)" "www.ysfine.com"
51.222.253.6 - - [11/Sep/2022:23:14:46 -0700] "GET /class54/class5470/total_data/img/sm01_off.gif HTTP/1.1" 200 412 "-" "Mozilla/5.0 (compatible; AhrefsBot/7.0; +http://ahrefs.com/robot/)" "www.ysfine.com"
51.222.253.14 - - [11/Sep/2022:23:14:46 -0700] "GET /class54/class5470/total_data/photo_img/8-4.jpg HTTP/1.1" 200 179429 "-" "Mozilla/5.0 (compatible; AhrefsBot/7.0; +http://ahrefs.com/robot/)" "www.ysfine.com"
51.222.253.13 - - [11/Sep/2022:23:19:23 -0700] "GET /home/dashen.html HTTP/1.1" 200 4015 "-" "Mozilla/5.0 (compatible; AhrefsBot/7.0; +http://ahrefs.com/robot/)" "ysfine.com"
51.222.253.2 - - [11/Sep/2022:23:19:25 -0700] "GET /home/goodbad11c.jpg HTTP/1.1" 200 18799 "-" "Mozilla/5.0 (compatible; AhrefsBot/7.0; +http://ahrefs.com/robot/)" "ysfine.com"
51.222.253.17 - - [11/Sep/2022:23:19:26 -0700] "GET /home/dyson63c.jpg HTTP/1.1" 200 32101 "-" "Mozilla/5.0 (compatible; AhrefsBot/7.0; +http://ahrefs.com/robot/)" "ysfine.com"
51.222.253.20 - - [11/Sep/2022:23:19:26 -0700] "GET /home/baranger97c.jpg HTTP/1.1" 200 25248 "-" "Mozilla/5.0 (compatible; AhrefsBot/7.0; +http://ahrefs.com/robot/)" "ysfine.com"
45.116.250.86 - - [11/Sep/2022:23:20:29 -0700] "GET /feynman/feybongo.jpg HTTP/1.1" 200 47448 "https://www.google.com/" "Mozilla/5.0 (Linux; Android 10; Redmi Note 7 Pro) AppleWebKit/537.36 (KHTML, like Gecko) Chrome/93.0.4577.62 Mobile Safari/537.36" "ysfine.com"
84.242.12.130 - - [11/Sep/2022:23:21:12 -0700] "GET /maga/phys/schrod11b.jpg HTTP/1.1" 200 36796 "https://www.google.com/" "Mozilla/5.0 (Windows NT 10.0; Win64; x64; rv:104.0) Gecko/20100101 Firefox/104.0" "ysfine.com"
40.77.167.27 - - [11/Sep/2022:23:22:16 -0700] "GET /world/ital/verona13.jpg HTTP/1.1" 200 80284 "-" "Mozilla/5.0 (compatible; bingbot/2.0; +http://www.bing.com/bingbot.htm)" "ysfine.com"
51.222.253.15 - - [11/Sep/2022:23:23:43 -0700] "GET /wigner/maxwig.html HTTP/1.1" 200 8080 "-" "Mozilla/5.0 (compatible; AhrefsBot/7.0; +http://ahrefs.com/robot/)" "ysfine.com"
51.222.253.2 - - [11/Sep/2022:23:23:44 -0700] "GET /wigner/isomor99a.jpg HTTP/1.1" 200 90436 "-" "Mozilla/5.0 (compatible; AhrefsBot/7.0; +http://ahrefs.com/robot/)" "ysfine.com"
51.222.253.19 - - [11/Sep/2022:23:23:45 -0700] "GET /wigner/bieden02c.jpg HTTP/1.1" 200 35435 "-" "Mozilla/5.0 (compatible; AhrefsBot/7.0; +http://ahrefs.com/robot/)" "ysfine.com"
51.222.253.3 - - [11/Sep/2022:23:23:46 -0700] "GET /wigner/euclid05c.jpg HTTP/1.1" 200 27861 "-" "Mozilla/5.0 (compatible; AhrefsBot/7.0; +http://ahrefs.com/robot/)" "ysfine.com"
51.222.253.15 - - [11/Sep/2022:23:23:46 -0700] "GET /wigner/noah02c.jpg HTTP/1.1" 200 72680 "-" "Mozilla/5.0 (compatible; AhrefsBot/7.0; +http://ahrefs.com/robot/)" "ysfine.com"
51.222.253.1 - - [11/Sep/2022:23:23:47 -0700] "GET /wigner/wig60c.jpg HTTP/1.1" 200 34177 "-" "Mozilla/5.0 (compatible; AhrefsBot/7.0; +http://ahrefs.com/robot/)" "ysfine.com"
51.222.253.16 - - [11/Sep/2022:23:23:47 -0700] "GET /einstein/eins05c.jpg HTTP/1.1" 200 52461 "-" "Mozilla/5.0 (compatible; AhrefsBot/7.0; +http://ahrefs.com/robot/)" "ysfine.com"
51.222.253.8 - - [11/Sep/2022:23:23:48 -0700] "GET /einstein/newtmax02c.jpg HTTP/1.1" 200 46949 "-" "Mozilla/5.0 (compatible; AhrefsBot/7.0; +http://ahrefs.com/robot/)" "ysfine.com"
51.222.253.11 - - [11/Sep/2022:23:23:48 -0700] "GET /wigner/maxwig44c.jpg HTTP/1.1" 200 44966 "-" "Mozilla/5.0 (compatible; AhrefsBot/7.0; +http://ahrefs.com/robot/)" "ysfine.com"
51.222.253.17 - - [11/Sep/2022:23:23:49 -0700] "GET /wigner/martha11c.jpg HTTP/1.1" 200 26034 "-" "Mozilla/5.0 (compatible; AhrefsBot/7.0; +http://ahrefs.com/robot/)" "ysfine.com"
51.222.253.1 - - [11/Sep/2022:23:23:49 -0700] "GET /maga/invent/marconi01c.jpg HTTP/1.1" 200 28072 "-" "Mozilla/5.0 (compatible; AhrefsBot/7.0; +http://ahrefs.com/robot/)" "ysfine.com"
51.222.253.9 - - [11/Sep/2022:23:23:50 -0700] "GET /wigner/yloop33a.jpg HTTP/1.1" 200 40738 "-" "Mozilla/5.0 (compatible; AhrefsBot/7.0; +http://ahrefs.com/robot/)" "ysfine.com"
51.222.253.17 - - [11/Sep/2022:23:23:51 -0700] "GET /wigner/wighome11c.jpg HTTP/1.1" 200 45648 "-" "Mozilla/5.0 (compatible; AhrefsBot/7.0; +http://ahrefs.com/robot/)" "ysfine.com"
51.222.253.3 - - [11/Sep/2022:23:23:51 -0700] "GET /people/wolfen22c.jpg HTTP/1.1" 200 23845 "-" "Mozilla/5.0 (compatible; AhrefsBot/7.0; +http://ahrefs.com/robot/)" "ysfine.com"
51.222.253.19 - - [11/Sep/2022:23:23:52 -0700] "GET /wigner/wigwein33c.jpg HTTP/1.1" 200 47176 "-" "Mozilla/5.0 (compatible; AhrefsBot/7.0; +http://ahrefs.com/robot/)" "ysfine.com"
114.119.128.142 - - [11/Sep/2022:23:24:27 -0700] "GET /kobak/underw81.pdf HTTP/1.1" 200 2013682 "https://www.ysfine.com/kobak/sobeach.html" "Mozilla/5.0 (Linux; Android 7.0;) AppleWebKit/537.36 (KHTML, like Gecko) Mobile Safari/537.36 (compatible; PetalBot;+https://webmaster.petalsearch.com/site/petalbot)" "www.ysfine.com"
157.55.39.146 - - [11/Sep/2022:23:25:53 -0700] "GET /maga/phys/schrod33.jpg HTTP/1.1" 200 107072 "-" "Mozilla/5.0 (compatible; bingbot/2.0; +http://www.bing.com/bingbot.htm)" "ysfine.com"
116.179.37.93 - - [11/Sep/2022:23:26:03 -0700] "GET /einstein/heisen33b.jpg HTTP/1.1" 200 78035 "https://www.jianshu.com/" "Mozilla/5.0 (iPhone; CPU iPhone OS 9_1 like Mac OS X) AppleWebKit/601.1.46 (KHTML, like Gecko) Version/9.0 Mobile/13B143 Safari/601.1 (compatible; Baiduspider-render/2.0; +http://www.baidu.com/search/spider.html)" "ysfine.com"
51.222.253.3 - - [11/Sep/2022:23:27:51 -0700] "GET /home/bio22.html HTTP/1.1" 200 12014 "-" "Mozilla/5.0 (compatible; AhrefsBot/7.0; +http://ahrefs.com/robot/)" "ysfine.com"
40.77.167.35 - - [11/Sep/2022:23:29:00 -0700] "GET /world/france/montpar03.jpg HTTP/1.1" 200 108206 "-" "Mozilla/5.0 (compatible; bingbot/2.0; +http://www.bing.com/bingbot.htm)" "www.ysfine.com"
172.58.59.2 - - [11/Sep/2022:23:29:59 -0700] "GET /style/cameras/contax.html HTTP/1.1" 200 3773 "https://www.google.com/" "Mozilla/5.0 (iPhone; CPU iPhone OS 15_6_1 like Mac OS X) AppleWebKit/605.1.15 (KHTML, like Gecko) Version/15.6.1 Mobile/15E148 Safari/604.1" "ysfine.com"
172.58.59.2 - - [11/Sep/2022:23:29:59 -0700] "GET /style/cameras/contax22c.jpg HTTP/1.1" 200 29041 "https://ysfine.com/style/cameras/contax.html" "Mozilla/5.0 (iPhone; CPU iPhone OS 15_6_1 like Mac OS X) AppleWebKit/605.1.15 (KHTML, like Gecko) Version/15.6.1 Mobile/15E148 Safari/604.1" "ysfine.com"
172.58.59.2 - - [11/Sep/2022:23:29:59 -0700] "GET /style/cameras/contax11c.jpg HTTP/1.1" 200 28745 "https://ysfine.com/style/cameras/contax.html" "Mozilla/5.0 (iPhone; CPU iPhone OS 15_6_1 like Mac OS X) AppleWebKit/605.1.15 (KHTML, like Gecko) Version/15.6.1 Mobile/15E148 Safari/604.1" "ysfine.com"
172.58.59.2 - - [11/Sep/2022:23:30:00 -0700] "GET /style/cameras/zenit33c.jpg HTTP/1.1" 200 31294 "https://ysfine.com/style/cameras/contax.html" "Mozilla/5.0 (iPhone; CPU iPhone OS 15_6_1 like Mac OS X) AppleWebKit/605.1.15 (KHTML, like Gecko) Version/15.6.1 Mobile/15E148 Safari/604.1" "ysfine.com"
172.58.59.2 - - [11/Sep/2022:23:30:00 -0700] "GET /style/cameras/sony7c.jpg HTTP/1.1" 200 37298 "https://ysfine.com/style/cameras/contax.html" "Mozilla/5.0 (iPhone; CPU iPhone OS 15_6_1 like Mac OS X) AppleWebKit/605.1.15 (KHTML, like Gecko) Version/15.6.1 Mobile/15E148 Safari/604.1" "ysfine.com"
172.58.59.2 - - [11/Sep/2022:23:30:00 -0700] "GET /style/cameras/minolta11c.jpg HTTP/1.1" 200 25687 "https://ysfine.com/style/cameras/contax.html" "Mozilla/5.0 (iPhone; CPU iPhone OS 15_6_1 like Mac OS X) AppleWebKit/605.1.15 (KHTML, like Gecko) Version/15.6.1 Mobile/15E148 Safari/604.1" "ysfine.com"
172.58.59.2 - - [11/Sep/2022:23:30:00 -0700] "GET /style/cameras/sonywx9c.jpg HTTP/1.1" 200 28053 "https://ysfine.com/style/cameras/contax.html" "Mozilla/5.0 (iPhone; CPU iPhone OS 15_6_1 like Mac OS X) AppleWebKit/605.1.15 (KHTML, like Gecko) Version/15.6.1 Mobile/15E148 Safari/604.1" "ysfine.com"
172.58.59.2 - - [11/Sep/2022:23:30:00 -0700] "GET /style/cameras/sony120c.jpg HTTP/1.1" 200 38427 "https://ysfine.com/style/cameras/contax.html" "Mozilla/5.0 (iPhone; CPU iPhone OS 15_6_1 like Mac OS X) AppleWebKit/605.1.15 (KHTML, like Gecko) Version/15.6.1 Mobile/15E148 Safari/604.1" "ysfine.com"
172.58.59.2 - - [11/Sep/2022:23:30:00 -0700] "GET /style/cameras/yashica11c.jpg HTTP/1.1" 200 38348 "https://ysfine.com/style/cameras/contax.html" "Mozilla/5.0 (iPhone; CPU iPhone OS 15_6_1 like Mac OS X) AppleWebKit/605.1.15 (KHTML, like Gecko) Version/15.6.1 Mobile/15E148 Safari/604.1" "ysfine.com"
172.58.59.2 - - [11/Sep/2022:23:30:02 -0700] "GET /favicon.ico HTTP/1.1" 404 88 "https://ysfine.com/style/cameras/contax.html" "Mozilla/5.0 (iPhone; CPU iPhone OS 15_6_1 like Mac OS X) AppleWebKit/605.1.15 (KHTML, like Gecko) Version/15.6.1 Mobile/15E148 Safari/604.1" "ysfine.com"
40.77.167.27 - - [11/Sep/2022:23:30:08 -0700] "GET /world/baltic/kalin37.jpg HTTP/1.1" 200 85104 "-" "Mozilla/5.0 (compatible; bingbot/2.0; +http://www.bing.com/bingbot.htm)" "www.ysfine.com"
172.58.62.150 - - [11/Sep/2022:23:30:12 -0700] "GET /style/cameras/contax22.jpg HTTP/1.1" 200 74162 "https://ysfine.com/style/cameras/contax.html" "Mozilla/5.0 (iPhone; CPU iPhone OS 15_6_1 like Mac OS X) AppleWebKit/605.1.15 (KHTML, like Gecko) Version/15.6.1 Mobile/15E148 Safari/604.1" "ysfine.com"
185.191.171.39 - - [11/Sep/2022:23:31:00 -0700] "GET /robots.txt HTTP/1.1" 404 88 "-" "Mozilla/5.0 (compatible; SemrushBot/7~bl; +http://www.semrush.com/bot.html)" "www.ysfine.com"
185.191.171.6 - - [11/Sep/2022:23:31:01 -0700] "GET /class54/class5470/total_data/sub_215.htm HTTP/1.1" 200 3402 "-" "Mozilla/5.0 (compatible; SemrushBot/7~bl; +http://www.semrush.com/bot.html)" "www.ysfine.com"
40.77.167.35 - - [11/Sep/2022:23:31:09 -0700] "GET /world/germany/vienna05.jpg HTTP/1.1" 200 183747 "-" "Mozilla/5.0 (compatible; bingbot/2.0; +http://www.bing.com/bingbot.htm)" "www.ysfine.com"
205.210.31.169 - - [11/Sep/2022:23:31:29 -0700] "GET / HTTP/1.1" 200 15910 "http://67.195.197.24:80/" "Expanse, a Palo Alto Networks company, searches across the global IPv4 space multiple times per day to identify customers&#39; presences on the Internet. If you would like to be excluded from our scans, please send IP addresses/domains to: scaninfo@paloaltonetworks.com" "ysfine.com"
40.77.167.33 - - [11/Sep/2022:23:31:45 -0700] "GET /world/france/sartsq01.jpg HTTP/1.1" 200 103953 "-" "Mozilla/5.0 (compatible; bingbot/2.0; +http://www.bing.com/bingbot.htm)" "www.ysfine.com"
154.54.249.206 - - [11/Sep/2022:23:32:07 -0700] "GET /class54/class5470/total_data/sub_125.htm HTTP/1.1" 200 3314 "-" "Mozilla/5.0 (compatible; Barkrowler/0.9; +https://babbar.tech/crawler)" "www.ysfine.com"
40.77.167.33 - - [11/Sep/2022:23:32:15 -0700] "GET /usca/pitt/pitmap03.jpg HTTP/1.1" 200 96378 "-" "Mozilla/5.0 (compatible; bingbot/2.0; +http://www.bing.com/bingbot.htm)" "ysfine.com"
51.222.253.8 - - [11/Sep/2022:23:32:35 -0700] "GET /jobs/index.html HTTP/1.1" 200 123 "-" "Mozilla/5.0 (compatible; AhrefsBot/7.0; +http://ahrefs.com/robot/)" "ysfine.com"
66.187.75.186 - - [11/Sep/2022:23:33:36 -0700] "GET /world/china/shenyang25.jpg HTTP/1.1" 200 153326 "https://www.google.com/" "Mozilla/5.0 (Macintosh; Intel Mac OS X 10_15_7) AppleWebKit/605.1.15 (KHTML, like Gecko) Version/15.6 Safari/605.1.15" "ysfine.com"
192.0.113.210 - - [11/Sep/2022:23:34:27 -0700] "GET /einstein/einplanck3.jpg HTTP/1.1" 200 37784 "-" "Photon/1.0" "ysfine.com"
40.77.167.35 - - [11/Sep/2022:23:35:50 -0700] "GET /world/ital/vatican72.jpg HTTP/1.1" 200 134905 "-" "Mozilla/5.0 (compatible; bingbot/2.0; +http://www.bing.com/bingbot.htm)" "www.ysfine.com"
185.191.171.41 - - [11/Sep/2022:23:35:58 -0700] "GET /robots.txt HTTP/1.1" 404 88 "-" "Mozilla/5.0 (compatible; SemrushBot/7~bl; +http://www.semrush.com/bot.html)" "ysfine.com"
185.191.171.33 - - [11/Sep/2022:23:36:00 -0700] "GET /style/music.html HTTP/1.1" 200 137 "-" "Mozilla/5.0 (compatible; SemrushBot/7~bl; +http://www.semrush.com/bot.html)" "ysfine.com"
40.77.167.27 - - [11/Sep/2022:23:36:19 -0700] "GET /world/france/montpar02.jpg HTTP/1.1" 200 153728 "-" "Mozilla/5.0 (compatible; bingbot/2.0; +http://www.bing.com/bingbot.htm)" "www.ysfine.com"
154.54.249.206 - - [11/Sep/2022:23:36:22 -0700] "GET /dirac/dirkim.html HTTP/1.1" 304 - "-" "Mozilla/5.0 (compatible; Barkrowler/0.9; +https://babbar.tech/crawler)" "ysfine.com"
40.77.167.62 - - [11/Sep/2022:23:36:39 -0700] "GET /wisdom/kimilsong01b.jpg HTTP/1.1" 200 31223 "-" "Mozilla/5.0 (compatible; bingbot/2.0; +http://www.bing.com/bingbot.htm)" "ysfine.com"
51.222.253.20 - - [11/Sep/2022:23:37:04 -0700] "GET /yspapers/index.html HTTP/1.1" 200 21306 "-" "Mozilla/5.0 (compatible; AhrefsBot/7.0; +http://ahrefs.com/robot/)" "ysfine.com"
66.102.8.49 - - [11/Sep/2022:23:37:06 -0700] "GET /kobak/somap38.jpg HTTP/1.1" 200 109622 "-" "Mozilla/5.0 (Windows NT 5.1; rv:11.0) Gecko Firefox/11.0 (via ggpht.com GoogleImageProxy)" "ysfine.com"
51.222.253.11 - - [11/Sep/2022:23:37:07 -0700] "GET /kobak/taylor33c.jpg HTTP/1.1" 200 39951 "-" "Mozilla/5.0 (compatible; AhrefsBot/7.0; +http://ahrefs.com/robot/)" "ysfine.com"
51.222.253.7 - - [11/Sep/2022:23:37:07 -0700] "GET /yspapers/eucylin55c.jpg HTTP/1.1" 200 41051 "-" "Mozilla/5.0 (compatible; AhrefsBot/7.0; +http://ahrefs.com/robot/)" "ysfine.com"
51.222.253.5 - - [11/Sep/2022:23:37:08 -0700] "GET /yspapers/restof05c.jpg HTTP/1.1" 200 21825 "-" "Mozilla/5.0 (compatible; AhrefsBot/7.0; +http://ahrefs.com/robot/)" "ysfine.com"
51.222.253.20 - - [11/Sep/2022:23:37:08 -0700] "GET /home/facu63c.jpg HTTP/1.1" 200 41710 "-" "Mozilla/5.0 (compatible; AhrefsBot/7.0; +http://ahrefs.com/robot/)" "ysfine.com"
51.222.253.2 - - [11/Sep/2022:23:37:09 -0700] "GET /yspapers/shear11c.jpg HTTP/1.1" 200 27291 "-" "Mozilla/5.0 (compatible; AhrefsBot/7.0; +http://ahrefs.com/robot/)" "ysfine.com"
51.222.253.12 - - [11/Sep/2022:23:37:09 -0700] "GET /yspapers/synthes11c.jpg HTTP/1.1" 200 36202 "-" "Mozilla/5.0 (compatible; AhrefsBot/7.0; +http://ahrefs.com/robot/)" "ysfine.com"
51.222.253.5 - - [11/Sep/2022:23:37:09 -0700] "GET /yspapers/ortho66c.jpg HTTP/1.1" 200 27511 "-" "Mozilla/5.0 (compatible; AhrefsBot/7.0; +http://ahrefs.com/robot/)" "ysfine.com"
51.222.253.16 - - [11/Sep/2022:23:37:10 -0700] "GET /yspapers/isomor88f.jpg HTTP/1.1" 200 87213 "-" "Mozilla/5.0 (compatible; AhrefsBot/7.0; +http://ahrefs.com/robot/)" "ysfine.com"
51.222.253.18 - - [11/Sep/2022:23:37:10 -0700] "GET /yspapers/comet30f.jpg HTTP/1.1" 200 93087 "-" "Mozilla/5.0 (compatible; AhrefsBot/7.0; +http://ahrefs.com/robot/)" "ysfine.com"
51.222.253.2 - - [11/Sep/2022:23:37:11 -0700] "GET /yspapers/sincos88f.jpg HTTP/1.1" 200 43677 "-" "Mozilla/5.0 (compatible; AhrefsBot/7.0; +http://ahrefs.com/robot/)" "ysfine.com"
51.222.253.5 - - [11/Sep/2022:23:37:11 -0700] "GET /yspapers/sq33f.jpg HTTP/1.1" 200 78266 "-" "Mozilla/5.0 (compatible; AhrefsBot/7.0; +http://ahrefs.com/robot/)" "ysfine.com"
51.222.253.11 - - [11/Sep/2022:23:37:12 -0700] "GET /yspapers/fortune21f.jpg HTTP/1.1" 200 131858 "-" "Mozilla/5.0 (compatible; AhrefsBot/7.0; +http://ahrefs.com/robot/)" "ysfine.com"
51.222.253.7 - - [11/Sep/2022:23:37:12 -0700] "GET /dirac/dirac63c.jpg HTTP/1.1" 200 29237 "-" "Mozilla/5.0 (compatible; AhrefsBot/7.0; +http://ahrefs.com/robot/)" "ysfine.com"
51.222.253.16 - - [11/Sep/2022:23:37:12 -0700] "GET /awards/eward33f.jpg HTTP/1.1" 200 86617 "-" "Mozilla/5.0 (compatible; AhrefsBot/7.0; +http://ahrefs.com/robot/)" "ysfine.com"
51.222.253.19 - - [11/Sep/2022:23:37:13 -0700] "GET /feynman/feybongo77c.jpg HTTP/1.1" 200 25947 "-" "Mozilla/5.0 (compatible; AhrefsBot/7.0; +http://ahrefs.com/robot/)" "ysfine.com"
51.222.253.10 - - [11/Sep/2022:23:37:13 -0700] "GET /dirac/2osc22c.jpg HTTP/1.1" 200 28929 "-" "Mozilla/5.0 (compatible; AhrefsBot/7.0; +http://ahrefs.com/robot/)" "ysfine.com"
51.222.253.5 - - [11/Sep/2022:23:37:14 -0700] "GET /awards/timessq33f.jpg HTTP/1.1" 200 171855 "-" "Mozilla/5.0 (compatible; AhrefsBot/7.0; +http://ahrefs.com/robot/)" "ysfine.com"
51.222.253.13 - - [11/Sep/2022:23:37:14 -0700] "GET /yspapers/neupol01c.jpg HTTP/1.1" 200 27087 "-" "Mozilla/5.0 (compatible; AhrefsBot/7.0; +http://ahrefs.com/robot/)" "ysfine.com"
51.222.253.8 - - [11/Sep/2022:23:37:15 -0700] "GET /awards/iaotp/top21c.jpg HTTP/1.1" 200 49015 "-" "Mozilla/5.0 (compatible; AhrefsBot/7.0; +http://ahrefs.com/robot/)" "ysfine.com"
51.222.253.19 - - [11/Sep/2022:23:37:15 -0700] "GET /yspapers/sp2c.jpg HTTP/1.1" 200 29079 "-" "Mozilla/5.0 (compatible; AhrefsBot/7.0; +http://ahrefs.com/robot/)" "ysfine.com"
51.222.253.17 - - [11/Sep/2022:23:37:16 -0700] "GET /yspapers/ewk11c.jpg HTTP/1.1" 200 47514 "-" "Mozilla/5.0 (compatible; AhrefsBot/7.0; +http://ahrefs.com/robot/)" "ysfine.com"
51.222.253.4 - - [11/Sep/2022:23:37:16 -0700] "GET /yspapers/qboil17f.jpg HTTP/1.1" 200 39480 "-" "Mozilla/5.0 (compatible; AhrefsBot/7.0; +http://ahrefs.com/robot/)" "ysfine.com"
51.222.253.10 - - [11/Sep/2022:23:37:17 -0700] "GET /yspapers/eintao22c.jpg HTTP/1.1" 200 34310 "-" "Mozilla/5.0 (compatible; AhrefsBot/7.0; +http://ahrefs.com/robot/)" "ysfine.com"
51.222.253.8 - - [11/Sep/2022:23:37:17 -0700] "GET /yspapers/goodbad11c.jpg HTTP/1.1" 200 18689 "-" "Mozilla/5.0 (compatible; AhrefsBot/7.0; +http://ahrefs.com/robot/)" "ysfine.com"
51.222.253.14 - - [11/Sep/2022:23:37:18 -0700] "GET /yspapers/eintao77c.jpg HTTP/1.1" 200 45084 "-" "Mozilla/5.0 (compatible; AhrefsBot/7.0; +http://ahrefs.com/robot/)" "ysfine.com"
51.222.253.8 - - [11/Sep/2022:23:37:18 -0700] "GET /yspapers/evol77c.jpg HTTP/1.1" 200 52015 "-" "Mozilla/5.0 (compatible; AhrefsBot/7.0; +http://ahrefs.com/robot/)" "ysfine.com"
51.222.253.16 - - [11/Sep/2022:23:37:19 -0700] "GET /yspapers/hosc2by2c.jpg HTTP/1.1" 200 34523 "-" "Mozilla/5.0 (compatible; AhrefsBot/7.0; +http://ahrefs.com/robot/)" "ysfine.com"
51.222.253.17 - - [11/Sep/2022:23:37:20 -0700] "GET /yspapers/sq73c.jpg HTTP/1.1" 200 38604 "-" "Mozilla/5.0 (compatible; AhrefsBot/7.0; +http://ahrefs.com/robot/)" "ysfine.com"
51.222.253.1 - - [11/Sep/2022:23:37:20 -0700] "GET /yspapers/gauge33c.jpg HTTP/1.1" 200 22977 "-" "Mozilla/5.0 (compatible; AhrefsBot/7.0; +http://ahrefs.com/robot/)" "ysfine.com"
51.222.253.8 - - [11/Sep/2022:23:37:21 -0700] "GET /yspapers/iop21c.jpg HTTP/1.1" 200 30227 "-" "Mozilla/5.0 (compatible; AhrefsBot/7.0; +http://ahrefs.com/robot/)" "ysfine.com"
51.222.253.17 - - [11/Sep/2022:23:37:21 -0700] "GET /yspapers/inokim97c.jpg HTTP/1.1" 200 31832 "-" "Mozilla/5.0 (compatible; AhrefsBot/7.0; +http://ahrefs.com/robot/)" "ysfine.com"
51.222.253.8 - - [11/Sep/2022:23:37:21 -0700] "GET /yspapers/resonance33c.jpg HTTP/1.1" 200 31778 "-" "Mozilla/5.0 (compatible; AhrefsBot/7.0; +http://ahrefs.com/robot/)" "ysfine.com"
51.222.253.9 - - [11/Sep/2022:23:37:22 -0700] "GET /yspapers/tollwig11c.jpg HTTP/1.1" 200 28195 "-" "Mozilla/5.0 (compatible; AhrefsBot/7.0; +http://ahrefs.com/robot/)" "ysfine.com"
51.222.253.10 - - [11/Sep/2022:23:37:22 -0700] "GET /yspapers/restof11f.jpg HTTP/1.1" 200 65553 "-" "Mozilla/5.0 (compatible; AhrefsBot/7.0; +http://ahrefs.com/robot/)" "ysfine.com"
51.222.253.14 - - [11/Sep/2022:23:37:23 -0700] "GET /yspapers/pdugard17f.jpg HTTP/1.1" 200 134164 "-" "Mozilla/5.0 (compatible; AhrefsBot/7.0; +http://ahrefs.com/robot/)" "ysfine.com"
51.222.253.6 - - [11/Sep/2022:23:37:24 -0700] "GET /yspapers/feynrio55c.jpg HTTP/1.1" 200 55222 "-" "Mozilla/5.0 (compatible; AhrefsBot/7.0; +http://ahrefs.com/robot/)" "ysfine.com"
51.222.253.3 - - [11/Sep/2022:23:37:24 -0700] "GET /yspapers/iop15cc.jpg HTTP/1.1" 200 18741 "-" "Mozilla/5.0 (compatible; AhrefsBot/7.0; +http://ahrefs.com/robot/)" "ysfine.com"
51.222.253.6 - - [11/Sep/2022:23:37:25 -0700] "GET /home/canal11c.jpg HTTP/1.1" 200 31848 "-" "Mozilla/5.0 (compatible; AhrefsBot/7.0; +http://ahrefs.com/robot/)" "ysfine.com"
51.222.253.2 - - [11/Sep/2022:23:37:25 -0700] "GET /yspapers/feyfirm03c.jpg HTTP/1.1" 200 32880 "-" "Mozilla/5.0 (compatible; AhrefsBot/7.0; +http://ahrefs.com/robot/)" "ysfine.com"
51.222.253.10 - - [11/Sep/2022:23:37:26 -0700] "GET /yspapers/coupo02c.jpg HTTP/1.1" 200 42609 "-" "Mozilla/5.0 (compatible; AhrefsBot/7.0; +http://ahrefs.com/robot/)" "ysfine.com"
51.222.253.14 - - [11/Sep/2022:23:37:26 -0700] "GET /yspapers/wiglunch91c.jpg HTTP/1.1" 200 59941 "-" "Mozilla/5.0 (compatible; AhrefsBot/7.0; +http://ahrefs.com/robot/)" "ysfine.com"
51.222.253.11 - - [11/Sep/2022:23:37:27 -0700] "GET /princeton/yspr61c.jpg HTTP/1.1" 200 27257 "-" "Mozilla/5.0 (compatible; AhrefsBot/7.0; +http://ahrefs.com/robot/)" "ysfine.com"
51.222.253.3 - - [11/Sep/2022:23:37:27 -0700] "GET /home/truck/truck20c.jpg HTTP/1.1" 200 29999 "-" "Mozilla/5.0 (compatible; AhrefsBot/7.0; +http://ahrefs.com/robot/)" "ysfine.com"
51.222.253.1 - - [11/Sep/2022:23:37:28 -0700] "GET /yspapers/quapar55c.jpg HTTP/1.1" 200 49178 "-" "Mozilla/5.0 (compatible; AhrefsBot/7.0; +http://ahrefs.com/robot/)" "ysfine.com"
51.222.253.5 - - [11/Sep/2022:23:37:28 -0700] "GET /yspapers/emcbirth77c.jpg HTTP/1.1" 200 27922 "-" "Mozilla/5.0 (compatible; AhrefsBot/7.0; +http://ahrefs.com/robot/)" "ysfine.com"
51.222.253.4 - - [11/Sep/2022:23:37:28 -0700] "GET /yspapers/cover22c.jpg HTTP/1.1" 200 27008 "-" "Mozilla/5.0 (compatible; AhrefsBot/7.0; +http://ahrefs.com/robot/)" "ysfine.com"
51.222.253.10 - - [11/Sep/2022:23:37:29 -0700] "GET /yspapers/psphere11c.jpg HTTP/1.1" 200 29352 "-" "Mozilla/5.0 (compatible; AhrefsBot/7.0; +http://ahrefs.com/robot/)" "ysfine.com"
51.222.253.12 - - [11/Sep/2022:23:37:29 -0700] "GET /yspapers/einbohr55c.jpg HTTP/1.1" 200 34145 "-" "Mozilla/5.0 (compatible; AhrefsBot/7.0; +http://ahrefs.com/robot/)" "ysfine.com"
51.222.253.16 - - [11/Sep/2022:23:37:30 -0700] "GET /yspapers/parton66f.jpg HTTP/1.1" 200 85165 "-" "Mozilla/5.0 (compatible; AhrefsBot/7.0; +http://ahrefs.com/robot/)" "ysfine.com"
51.222.253.10 - - [11/Sep/2022:23:37:30 -0700] "GET /yspapers/isomor77f.jpg HTTP/1.1" 200 76971 "-" "Mozilla/5.0 (compatible; AhrefsBot/7.0; +http://ahrefs.com/robot/)" "ysfine.com"
51.222.253.4 - - [11/Sep/2022:23:37:31 -0700] "GET /yspapers/wsj21c.jpg HTTP/1.1" 200 39468 "-" "Mozilla/5.0 (compatible; AhrefsBot/7.0; +http://ahrefs.com/robot/)" "ysfine.com"
220.181.108.105 - - [11/Sep/2022:23:39:23 -0700] "GET /world/dubna.html HTTP/1.1" 200 1604 "-" "Mozilla/5.0 (compatible; Baiduspider/2.0; +http://www.baidu.com/search/spider.html)" "www.ysfine.com"
116.179.37.123 - - [11/Sep/2022:23:39:30 -0700] "GET /world/russ/filippov01b.jpg HTTP/1.1" 200 45154 "https://www.ysfine.com/world/dubna.html" "Mozilla/5.0 (compatible; Baiduspider-render/2.0; +http://www.baidu.com/search/spider.html)" "www.ysfine.com"
116.179.37.220 - - [11/Sep/2022:23:39:30 -0700] "GET /world/russ/afanasiev01b.jpg HTTP/1.1" 200 40004 "https://www.ysfine.com/world/dubna.html" "Mozilla/5.0 (compatible; Baiduspider-render/2.0; +http://www.baidu.com/search/spider.html)" "www.ysfine.com"
185.191.171.17 - - [11/Sep/2022:23:39:52 -0700] "GET /class54/class5470/total_data/sub_629.htm HTTP/1.1" 200 3206 "-" "Mozilla/5.0 (compatible; SemrushBot/7~bl; +http://www.semrush.com/bot.html)" "ysfine.com"
40.88.21.235 - - [11/Sep/2022:23:40:58 -0700] "GET / HTTP/1.1" 200 5283 "https://ysfine.com/" "Mozilla/5.0 (compatible; DuckDuckGo-Favicons-Bot/1.0; +http://duckduckgo.com)" "ysfine.com"
40.88.21.235 - - [11/Sep/2022:23:40:58 -0700] "GET /favicon.ico HTTP/1.1" 404 88 "https://ysfine.com/favicon.ico" "Mozilla/5.0 (compatible; DuckDuckGo-Favicons-Bot/1.0; +http://duckduckgo.com)" "ysfine.com"
40.88.21.235 - - [11/Sep/2022:23:40:58 -0700] "GET /favicon.ico HTTP/1.1" 404 88 "https://ysfine.com/favicon.ico" "Mozilla/5.0 (compatible; DuckDuckGo-Favicons-Bot/1.0; +http://duckduckgo.com)" "ysfine.com"
40.77.167.27 - - [11/Sep/2022:23:42:48 -0700] "GET /kobak/repose77.jpg HTTP/1.1" 200 86845 "-" "Mozilla/5.0 (compatible; bingbot/2.0; +http://www.bing.com/bingbot.htm)" "ysfine.com"
172.58.62.154 - - [11/Sep/2022:23:43:16 -0700] "GET /style/cameras/zenit22.jpg HTTP/1.1" 200 89105 "https://ysfine.com/style/cameras/contax.html" "Mozilla/5.0 (iPhone; CPU iPhone OS 15_6_1 like Mac OS X) AppleWebKit/605.1.15 (KHTML, like Gecko) Version/15.6.1 Mobile/15E148 Safari/604.1" "ysfine.com"
