51.222.253.7 - - [12/Sep/2022:05:34:51 -0700] "GET /ffriends/airlines.html HTTP/1.1" 200 19033 "-" "Mozilla/5.0 (compatible; AhrefsBot/7.0; +http://ahrefs.com/robot/)" "www.ysfine.com"
51.222.253.19 - - [12/Sep/2022:05:34:56 -0700] "GET /ffriends/aline/airtran11c.jpg HTTP/1.1" 200 35592 "-" "Mozilla/5.0 (compatible; AhrefsBot/7.0; +http://ahrefs.com/robot/)" "www.ysfine.com"
51.222.253.17 - - [12/Sep/2022:05:34:56 -0700] "GET /ffriends/aline/uae15c.jpg HTTP/1.1" 200 36538 "-" "Mozilla/5.0 (compatible; AhrefsBot/7.0; +http://ahrefs.com/robot/)" "www.ysfine.com"
51.222.253.8 - - [12/Sep/2022:05:34:57 -0700] "GET /ffriends/aline/ana11c.jpg HTTP/1.1" 200 35072 "-" "Mozilla/5.0 (compatible; AhrefsBot/7.0; +http://ahrefs.com/robot/)" "www.ysfine.com"
51.222.253.9 - - [12/Sep/2022:05:34:57 -0700] "GET /ffriends/aline/austri04c.jpg HTTP/1.1" 200 31218 "-" "Mozilla/5.0 (compatible; AhrefsBot/7.0; +http://ahrefs.com/robot/)" "www.ysfine.com"
51.222.253.12 - - [12/Sep/2022:05:34:58 -0700] "GET /ffriends/aline/airfr08c.jpg HTTP/1.1" 200 36038 "-" "Mozilla/5.0 (compatible; AhrefsBot/7.0; +http://ahrefs.com/robot/)" "www.ysfine.com"
51.222.253.14 - - [12/Sep/2022:05:34:58 -0700] "GET /ffriends/aline/lufthan08c.jpg HTTP/1.1" 200 28071 "-" "Mozilla/5.0 (compatible; AhrefsBot/7.0; +http://ahrefs.com/robot/)" "www.ysfine.com"
51.222.253.11 - - [12/Sep/2022:05:34:59 -0700] "GET /ffriends/aline/quantas33c.jpg HTTP/1.1" 200 28596 "-" "Mozilla/5.0 (compatible; AhrefsBot/7.0; +http://ahrefs.com/robot/)" "www.ysfine.com"
51.222.253.13 - - [12/Sep/2022:05:34:59 -0700] "GET /ffriends/aline/uae18c.jpg HTTP/1.1" 200 34464 "-" "Mozilla/5.0 (compatible; AhrefsBot/7.0; +http://ahrefs.com/robot/)" "www.ysfine.com"
51.222.253.20 - - [12/Sep/2022:05:35:00 -0700] "GET /ffriends/aline/jordpilot11c.jpg HTTP/1.1" 200 31662 "-" "Mozilla/5.0 (compatible; AhrefsBot/7.0; +http://ahrefs.com/robot/)" "www.ysfine.com"
51.222.253.17 - - [12/Sep/2022:05:35:00 -0700] "GET /ffriends/aline/scanair02c.jpg HTTP/1.1" 200 27414 "-" "Mozilla/5.0 (compatible; AhrefsBot/7.0; +http://ahrefs.com/robot/)" "www.ysfine.com"
51.222.253.3 - - [12/Sep/2022:05:35:00 -0700] "GET /ffriends/aline/united10c.jpg HTTP/1.1" 200 43985 "-" "Mozilla/5.0 (compatible; AhrefsBot/7.0; +http://ahrefs.com/robot/)" "www.ysfine.com"
51.222.253.12 - - [12/Sep/2022:05:35:01 -0700] "GET /ffriends/aline/british07c.jpg HTTP/1.1" 200 40452 "-" "Mozilla/5.0 (compatible; AhrefsBot/7.0; +http://ahrefs.com/robot/)" "www.ysfine.com"
51.222.253.14 - - [12/Sep/2022:05:35:01 -0700] "GET /ffriends/aline/mexicana11c.jpg HTTP/1.1" 200 36097 "-" "Mozilla/5.0 (compatible; AhrefsBot/7.0; +http://ahrefs.com/robot/)" "www.ysfine.com"
51.222.253.20 - - [12/Sep/2022:05:35:01 -0700] "GET /ffriends/aline/sas02c.jpg HTTP/1.1" 200 32255 "-" "Mozilla/5.0 (compatible; AhrefsBot/7.0; +http://ahrefs.com/robot/)" "www.ysfine.com"
51.222.253.10 - - [12/Sep/2022:05:35:02 -0700] "GET /ffriends/aline/northwes18c.jpg HTTP/1.1" 200 32615 "-" "Mozilla/5.0 (compatible; AhrefsBot/7.0; +http://ahrefs.com/robot/)" "www.ysfine.com"
51.222.253.19 - - [12/Sep/2022:05:35:02 -0700] "GET /ffriends/aline/chinaeast04c.jpg HTTP/1.1" 200 33409 "-" "Mozilla/5.0 (compatible; AhrefsBot/7.0; +http://ahrefs.com/robot/)" "www.ysfine.com"
51.222.253.4 - - [12/Sep/2022:05:35:03 -0700] "GET /ffriends/aline/jal11c.jpg HTTP/1.1" 200 32521 "-" "Mozilla/5.0 (compatible; AhrefsBot/7.0; +http://ahrefs.com/robot/)" "www.ysfine.com"
51.222.253.16 - - [12/Sep/2022:05:35:03 -0700] "GET /ffriends/aline/alitalia11c.jpg HTTP/1.1" 200 31816 "-" "Mozilla/5.0 (compatible; AhrefsBot/7.0; +http://ahrefs.com/robot/)" "www.ysfine.com"
51.222.253.3 - - [12/Sep/2022:05:35:03 -0700] "GET /ffriends/aline/chinasouth02c.jpg HTTP/1.1" 200 33508 "-" "Mozilla/5.0 (compatible; AhrefsBot/7.0; +http://ahrefs.com/robot/)" "www.ysfine.com"
51.222.253.12 - - [12/Sep/2022:05:35:04 -0700] "GET /ffriends/aline/airfr18c.jpg HTTP/1.1" 200 33986 "-" "Mozilla/5.0 (compatible; AhrefsBot/7.0; +http://ahrefs.com/robot/)" "www.ysfine.com"
51.222.253.15 - - [12/Sep/2022:05:35:04 -0700] "GET /ffriends/aline/usair11c.jpg HTTP/1.1" 200 38775 "-" "Mozilla/5.0 (compatible; AhrefsBot/7.0; +http://ahrefs.com/robot/)" "www.ysfine.com"
51.222.253.10 - - [12/Sep/2022:05:35:05 -0700] "GET /ffriends/aline/jal21c.jpg HTTP/1.1" 200 36726 "-" "Mozilla/5.0 (compatible; AhrefsBot/7.0; +http://ahrefs.com/robot/)" "www.ysfine.com"
51.222.253.7 - - [12/Sep/2022:05:35:05 -0700] "GET /ffriends/aline/aal05c.jpg HTTP/1.1" 200 40755 "-" "Mozilla/5.0 (compatible; AhrefsBot/7.0; +http://ahrefs.com/robot/)" "www.ysfine.com"
51.222.253.19 - - [12/Sep/2022:05:35:06 -0700] "GET /ffriends/aline/northwes06c.jpg HTTP/1.1" 200 34239 "-" "Mozilla/5.0 (compatible; AhrefsBot/7.0; +http://ahrefs.com/robot/)" "www.ysfine.com"
51.222.253.17 - - [12/Sep/2022:05:35:06 -0700] "GET /ffriends/aline/united09c.jpg HTTP/1.1" 200 40423 "-" "Mozilla/5.0 (compatible; AhrefsBot/7.0; +http://ahrefs.com/robot/)" "www.ysfine.com"
51.222.253.9 - - [12/Sep/2022:05:35:06 -0700] "GET /ffriends/aline/northwes07c.jpg HTTP/1.1" 200 36738 "-" "Mozilla/5.0 (compatible; AhrefsBot/7.0; +http://ahrefs.com/robot/)" "www.ysfine.com"
51.222.253.16 - - [12/Sep/2022:05:35:07 -0700] "GET /ffriends/aline/uae01c.jpg HTTP/1.1" 200 31245 "-" "Mozilla/5.0 (compatible; AhrefsBot/7.0; +http://ahrefs.com/robot/)" "www.ysfine.com"
51.222.253.17 - - [12/Sep/2022:05:35:07 -0700] "GET /ffriends/aline/kal02c.jpg HTTP/1.1" 200 28261 "-" "Mozilla/5.0 (compatible; AhrefsBot/7.0; +http://ahrefs.com/robot/)" "www.ysfine.com"
51.222.253.1 - - [12/Sep/2022:05:35:08 -0700] "GET /ffriends/aline/lufthan03c.jpg HTTP/1.1" 200 31816 "-" "Mozilla/5.0 (compatible; AhrefsBot/7.0; +http://ahrefs.com/robot/)" "www.ysfine.com"
51.222.253.11 - - [12/Sep/2022:05:35:08 -0700] "GET /ffriends/aline/northwes09c.jpg HTTP/1.1" 200 38394 "-" "Mozilla/5.0 (compatible; AhrefsBot/7.0; +http://ahrefs.com/robot/)" "www.ysfine.com"
51.222.253.16 - - [12/Sep/2022:05:35:08 -0700] "GET /ffriends/aline/delta23c.jpg HTTP/1.1" 200 42995 "-" "Mozilla/5.0 (compatible; AhrefsBot/7.0; +http://ahrefs.com/robot/)" "www.ysfine.com"
51.222.253.11 - - [12/Sep/2022:05:35:09 -0700] "GET /ffriends/aline/kuwaitf11c.jpg HTTP/1.1" 200 39068 "-" "Mozilla/5.0 (compatible; AhrefsBot/7.0; +http://ahrefs.com/robot/)" "www.ysfine.com"
51.222.253.2 - - [12/Sep/2022:05:35:09 -0700] "GET /ffriends/aline/pakis66c.jpg HTTP/1.1" 200 40285 "-" "Mozilla/5.0 (compatible; AhrefsBot/7.0; +http://ahrefs.com/robot/)" "www.ysfine.com"
51.222.253.8 - - [12/Sep/2022:05:35:10 -0700] "GET /ffriends/aline/klm01c.jpg HTTP/1.1" 200 44699 "-" "Mozilla/5.0 (compatible; AhrefsBot/7.0; +http://ahrefs.com/robot/)" "www.ysfine.com"
51.222.253.7 - - [12/Sep/2022:05:35:10 -0700] "GET /ffriends/aline/airfr21c.jpg HTTP/1.1" 200 37468 "-" "Mozilla/5.0 (compatible; AhrefsBot/7.0; +http://ahrefs.com/robot/)" "www.ysfine.com"
51.222.253.3 - - [12/Sep/2022:05:35:11 -0700] "GET /ffriends/aline/delta08c.jpg HTTP/1.1" 200 33726 "-" "Mozilla/5.0 (compatible; AhrefsBot/7.0; +http://ahrefs.com/robot/)" "www.ysfine.com"
51.222.253.7 - - [12/Sep/2022:05:35:12 -0700] "GET /ffriends/aline/saudiair05c.jpg HTTP/1.1" 200 30368 "-" "Mozilla/5.0 (compatible; AhrefsBot/7.0; +http://ahrefs.com/robot/)" "www.ysfine.com"
51.222.253.1 - - [12/Sep/2022:05:35:12 -0700] "GET /ffriends/aline/airfr16c.jpg HTTP/1.1" 200 30637 "-" "Mozilla/5.0 (compatible; AhrefsBot/7.0; +http://ahrefs.com/robot/)" "www.ysfine.com"
51.222.253.12 - - [12/Sep/2022:05:35:13 -0700] "GET /ffriends/aline/iraqair03c.jpg HTTP/1.1" 200 50870 "-" "Mozilla/5.0 (compatible; AhrefsBot/7.0; +http://ahrefs.com/robot/)" "www.ysfine.com"
51.222.253.2 - - [12/Sep/2022:05:35:13 -0700] "GET /ffriends/aline/panam22c.jpg HTTP/1.1" 200 48411 "-" "Mozilla/5.0 (compatible; AhrefsBot/7.0; +http://ahrefs.com/robot/)" "www.ysfine.com"
51.222.253.5 - - [12/Sep/2022:05:35:14 -0700] "GET /ffriends/aline/uae16c.jpg HTTP/1.1" 200 35685 "-" "Mozilla/5.0 (compatible; AhrefsBot/7.0; +http://ahrefs.com/robot/)" "www.ysfine.com"
51.222.253.11 - - [12/Sep/2022:05:35:14 -0700] "GET /ffriends/aline/unitedexp11c.jpg HTTP/1.1" 200 33293 "-" "Mozilla/5.0 (compatible; AhrefsBot/7.0; +http://ahrefs.com/robot/)" "www.ysfine.com"
51.222.253.14 - - [12/Sep/2022:05:35:15 -0700] "GET /ffriends/aline/aeroflot02c.jpg HTTP/1.1" 200 42215 "-" "Mozilla/5.0 (compatible; AhrefsBot/7.0; +http://ahrefs.com/robot/)" "www.ysfine.com"
51.222.253.19 - - [12/Sep/2022:05:35:15 -0700] "GET /ffriends/aline/delta05c.jpg HTTP/1.1" 200 33145 "-" "Mozilla/5.0 (compatible; AhrefsBot/7.0; +http://ahrefs.com/robot/)" "www.ysfine.com"
51.222.253.17 - - [12/Sep/2022:05:35:16 -0700] "GET /ffriends/aline/delta26c.jpg HTTP/1.1" 200 38025 "-" "Mozilla/5.0 (compatible; AhrefsBot/7.0; +http://ahrefs.com/robot/)" "www.ysfine.com"
51.222.253.10 - - [12/Sep/2022:05:35:16 -0700] "GET /ffriends/aline/icelandair01c.jpg HTTP/1.1" 200 38540 "-" "Mozilla/5.0 (compatible; AhrefsBot/7.0; +http://ahrefs.com/robot/)" "www.ysfine.com"
51.222.253.3 - - [12/Sep/2022:05:35:17 -0700] "GET /ffriends/aline/usair33c.jpg HTTP/1.1" 200 35583 "-" "Mozilla/5.0 (compatible; AhrefsBot/7.0; +http://ahrefs.com/robot/)" "www.ysfine.com"
51.222.253.5 - - [12/Sep/2022:05:35:17 -0700] "GET /ffriends/aline/wpilot11c.jpg HTTP/1.1" 200 31723 "-" "Mozilla/5.0 (compatible; AhrefsBot/7.0; +http://ahrefs.com/robot/)" "www.ysfine.com"
51.222.253.2 - - [12/Sep/2022:05:35:17 -0700] "GET /ffriends/aline/aeroflot05c.jpg HTTP/1.1" 200 34426 "-" "Mozilla/5.0 (compatible; AhrefsBot/7.0; +http://ahrefs.com/robot/)" "www.ysfine.com"
51.222.253.10 - - [12/Sep/2022:05:35:18 -0700] "GET /ffriends/aline/lufthan12c.jpg HTTP/1.1" 200 28950 "-" "Mozilla/5.0 (compatible; AhrefsBot/7.0; +http://ahrefs.com/robot/)" "www.ysfine.com"
51.222.253.6 - - [12/Sep/2022:05:35:18 -0700] "GET /ffriends/aline/usair55c.jpg HTTP/1.1" 200 35406 "-" "Mozilla/5.0 (compatible; AhrefsBot/7.0; +http://ahrefs.com/robot/)" "www.ysfine.com"
51.222.253.2 - - [12/Sep/2022:05:35:19 -0700] "GET /ffriends/aline/aeroflot01c.jpg HTTP/1.1" 200 28587 "-" "Mozilla/5.0 (compatible; AhrefsBot/7.0; +http://ahrefs.com/robot/)" "www.ysfine.com"
51.222.253.7 - - [12/Sep/2022:05:35:19 -0700] "GET /ffriends/aline/lot55c.jpg HTTP/1.1" 200 26673 "-" "Mozilla/5.0 (compatible; AhrefsBot/7.0; +http://ahrefs.com/robot/)" "www.ysfine.com"
51.222.253.9 - - [12/Sep/2022:05:35:19 -0700] "GET /ffriends/aline/northwes03c.jpg HTTP/1.1" 200 44263 "-" "Mozilla/5.0 (compatible; AhrefsBot/7.0; +http://ahrefs.com/robot/)" "www.ysfine.com"
51.222.253.18 - - [12/Sep/2022:05:35:20 -0700] "GET /ffriends/aline/united01c.jpg HTTP/1.1" 200 32651 "-" "Mozilla/5.0 (compatible; AhrefsBot/7.0; +http://ahrefs.com/robot/)" "www.ysfine.com"
51.222.253.9 - - [12/Sep/2022:05:35:20 -0700] "GET /ffriends/aline/contin01c.jpg HTTP/1.1" 200 34475 "-" "Mozilla/5.0 (compatible; AhrefsBot/7.0; +http://ahrefs.com/robot/)" "www.ysfine.com"
51.222.253.16 - - [12/Sep/2022:05:35:20 -0700] "GET /ffriends/aline/chinasouth05c.jpg HTTP/1.1" 200 30734 "-" "Mozilla/5.0 (compatible; AhrefsBot/7.0; +http://ahrefs.com/robot/)" "www.ysfine.com"
51.222.253.10 - - [12/Sep/2022:05:35:21 -0700] "GET /ffriends/aline/lufthan00c.jpg HTTP/1.1" 200 28104 "-" "Mozilla/5.0 (compatible; AhrefsBot/7.0; +http://ahrefs.com/robot/)" "www.ysfine.com"
51.222.253.12 - - [12/Sep/2022:05:35:21 -0700] "GET /ffriends/aline/qatar01c.jpg HTTP/1.1" 200 37451 "-" "Mozilla/5.0 (compatible; AhrefsBot/7.0; +http://ahrefs.com/robot/)" "www.ysfine.com"
51.222.253.13 - - [12/Sep/2022:05:35:22 -0700] "GET /ffriends/aline/klm05c.jpg HTTP/1.1" 200 34779 "-" "Mozilla/5.0 (compatible; AhrefsBot/7.0; +http://ahrefs.com/robot/)" "www.ysfine.com"
51.222.253.7 - - [12/Sep/2022:05:35:22 -0700] "GET /ffriends/aline/kal05c.jpg HTTP/1.1" 200 44215 "-" "Mozilla/5.0 (compatible; AhrefsBot/7.0; +http://ahrefs.com/robot/)" "www.ysfine.com"
51.222.253.14 - - [12/Sep/2022:05:35:27 -0700] "GET /ffriends/aline/uae11c.jpg HTTP/1.1" 200 40238 "-" "Mozilla/5.0 (compatible; AhrefsBot/7.0; +http://ahrefs.com/robot/)" "www.ysfine.com"
51.222.253.4 - - [12/Sep/2022:05:35:28 -0700] "GET /ffriends/aline/delta10c.jpg HTTP/1.1" 200 31426 "-" "Mozilla/5.0 (compatible; AhrefsBot/7.0; +http://ahrefs.com/robot/)" "www.ysfine.com"
51.222.253.3 - - [12/Sep/2022:05:35:29 -0700] "GET /ffriends/aline/pakis33c.jpg HTTP/1.1" 200 31360 "-" "Mozilla/5.0 (compatible; AhrefsBot/7.0; +http://ahrefs.com/robot/)" "www.ysfine.com"
51.222.253.9 - - [12/Sep/2022:05:35:30 -0700] "GET /ffriends/aline/icelandair03c.jpg HTTP/1.1" 200 42763 "-" "Mozilla/5.0 (compatible; AhrefsBot/7.0; +http://ahrefs.com/robot/)" "www.ysfine.com"
51.222.253.13 - - [12/Sep/2022:05:35:30 -0700] "GET /ffriends/aline/panam66c.jpg HTTP/1.1" 200 32240 "-" "Mozilla/5.0 (compatible; AhrefsBot/7.0; +http://ahrefs.com/robot/)" "www.ysfine.com"
51.222.253.5 - - [12/Sep/2022:05:35:31 -0700] "GET /ffriends/aline/northwes05c.jpg HTTP/1.1" 200 34138 "-" "Mozilla/5.0 (compatible; AhrefsBot/7.0; +http://ahrefs.com/robot/)" "www.ysfine.com"
51.222.253.6 - - [12/Sep/2022:05:35:31 -0700] "GET /ffriends/aline/aal06c.jpg HTTP/1.1" 200 27436 "-" "Mozilla/5.0 (compatible; AhrefsBot/7.0; +http://ahrefs.com/robot/)" "www.ysfine.com"
51.222.253.20 - - [12/Sep/2022:05:35:32 -0700] "GET /ffriends/aline/swissair11c.jpg HTTP/1.1" 200 30606 "-" "Mozilla/5.0 (compatible; AhrefsBot/7.0; +http://ahrefs.com/robot/)" "www.ysfine.com"
51.222.253.15 - - [12/Sep/2022:05:35:32 -0700] "GET /ffriends/aline/delta03c.jpg HTTP/1.1" 200 28047 "-" "Mozilla/5.0 (compatible; AhrefsBot/7.0; +http://ahrefs.com/robot/)" "www.ysfine.com"
51.222.253.17 - - [12/Sep/2022:05:35:33 -0700] "GET /ffriends/aline/uae06c.jpg HTTP/1.1" 200 36403 "-" "Mozilla/5.0 (compatible; AhrefsBot/7.0; +http://ahrefs.com/robot/)" "www.ysfine.com"
51.222.253.17 - - [12/Sep/2022:05:35:34 -0700] "GET /ffriends/aline/pakis11c.jpg HTTP/1.1" 200 30936 "-" "Mozilla/5.0 (compatible; AhrefsBot/7.0; +http://ahrefs.com/robot/)" "www.ysfine.com"
51.222.253.2 - - [12/Sep/2022:05:35:34 -0700] "GET /ffriends/aline/northwes02c.jpg HTTP/1.1" 200 32019 "-" "Mozilla/5.0 (compatible; AhrefsBot/7.0; +http://ahrefs.com/robot/)" "www.ysfine.com"
51.222.253.10 - - [12/Sep/2022:05:35:34 -0700] "GET /ffriends/aline/united06c.jpg HTTP/1.1" 200 27002 "-" "Mozilla/5.0 (compatible; AhrefsBot/7.0; +http://ahrefs.com/robot/)" "www.ysfine.com"
51.222.253.10 - - [12/Sep/2022:05:35:35 -0700] "GET /ffriends/aline/czechair11c.jpg HTTP/1.1" 200 33425 "-" "Mozilla/5.0 (compatible; AhrefsBot/7.0; +http://ahrefs.com/robot/)" "www.ysfine.com"
51.222.253.18 - - [12/Sep/2022:05:35:35 -0700] "GET /ffriends/aline/tam01c.jpg HTTP/1.1" 200 33492 "-" "Mozilla/5.0 (compatible; AhrefsBot/7.0; +http://ahrefs.com/robot/)" "www.ysfine.com"
51.222.253.13 - - [12/Sep/2022:05:35:36 -0700] "GET /ffriends/aline/british01c.jpg HTTP/1.1" 200 40058 "-" "Mozilla/5.0 (compatible; AhrefsBot/7.0; +http://ahrefs.com/robot/)" "www.ysfine.com"
51.222.253.16 - - [12/Sep/2022:05:35:36 -0700] "GET /ffriends/aline/airberlin22c.jpg HTTP/1.1" 200 39328 "-" "Mozilla/5.0 (compatible; AhrefsBot/7.0; +http://ahrefs.com/robot/)" "www.ysfine.com"
51.222.253.2 - - [12/Sep/2022:05:35:36 -0700] "GET /ffriends/aline/airfr01c.jpg HTTP/1.1" 200 47358 "-" "Mozilla/5.0 (compatible; AhrefsBot/7.0; +http://ahrefs.com/robot/)" "www.ysfine.com"
51.222.253.19 - - [12/Sep/2022:05:35:37 -0700] "GET /ffriends/aline/virgin01c.jpg HTTP/1.1" 200 42858 "-" "Mozilla/5.0 (compatible; AhrefsBot/7.0; +http://ahrefs.com/robot/)" "www.ysfine.com"
51.222.253.11 - - [12/Sep/2022:05:35:37 -0700] "GET /ffriends/aline/contin07c.jpg HTTP/1.1" 200 24197 "-" "Mozilla/5.0 (compatible; AhrefsBot/7.0; +http://ahrefs.com/robot/)" "www.ysfine.com"
51.222.253.15 - - [12/Sep/2022:05:35:38 -0700] "GET /ffriends/aline/panam55c.jpg HTTP/1.1" 200 33672 "-" "Mozilla/5.0 (compatible; AhrefsBot/7.0; +http://ahrefs.com/robot/)" "www.ysfine.com"
51.222.253.9 - - [12/Sep/2022:05:35:38 -0700] "GET /ffriends/aline/northwes01c.jpg HTTP/1.1" 200 28216 "-" "Mozilla/5.0 (compatible; AhrefsBot/7.0; +http://ahrefs.com/robot/)" "www.ysfine.com"
51.222.253.2 - - [12/Sep/2022:05:35:38 -0700] "GET /ffriends/aline/morocc22c.jpg HTTP/1.1" 200 28770 "-" "Mozilla/5.0 (compatible; AhrefsBot/7.0; +http://ahrefs.com/robot/)" "www.ysfine.com"
51.222.253.15 - - [12/Sep/2022:05:35:39 -0700] "GET /ffriends/aline/jal24c.jpg HTTP/1.1" 200 40451 "-" "Mozilla/5.0 (compatible; AhrefsBot/7.0; +http://ahrefs.com/robot/)" "www.ysfine.com"
51.222.253.15 - - [12/Sep/2022:05:35:39 -0700] "GET /ffriends/aline/ana44c.jpg HTTP/1.1" 200 39080 "-" "Mozilla/5.0 (compatible; AhrefsBot/7.0; +http://ahrefs.com/robot/)" "www.ysfine.com"
51.222.253.11 - - [12/Sep/2022:05:35:40 -0700] "GET /ffriends/aline/united02c.jpg HTTP/1.1" 200 26814 "-" "Mozilla/5.0 (compatible; AhrefsBot/7.0; +http://ahrefs.com/robot/)" "www.ysfine.com"
51.222.253.17 - - [12/Sep/2022:05:35:40 -0700] "GET /ffriends/aline/airfr07c.jpg HTTP/1.1" 200 29024 "-" "Mozilla/5.0 (compatible; AhrefsBot/7.0; +http://ahrefs.com/robot/)" "www.ysfine.com"
194.187.169.5 - - [12/Sep/2022:05:38:25 -0700] "GET /maga/phys/maxwell06b.jpg HTTP/1.1" 200 51047 "-" "Mozilla/5.0 (compatible; Qwantify/1.0; +https://www.qwant.com/)" "www.ysfine.com"
40.77.167.35 - - [12/Sep/2022:05:39:25 -0700] "GET /world/roma.html HTTP/1.1" 200 13994 "-" "Mozilla/5.0 (compatible; bingbot/2.0; +http://www.bing.com/bingbot.htm)" "ysfine.com"
40.77.167.35 - - [12/Sep/2022:05:40:12 -0700] "GET /philo/marx02.jpg HTTP/1.1" 200 257749 "-" "Mozilla/5.0 (compatible; bingbot/2.0; +http://www.bing.com/bingbot.htm)" "ysfine.com"
40.77.167.27 - - [12/Sep/2022:05:40:17 -0700] "GET /newyork/battery32.jpg HTTP/1.1" 200 216988 "-" "Mozilla/5.0 (compatible; bingbot/2.0; +http://www.bing.com/bingbot.htm)" "ysfine.com"
114.119.128.158 - - [12/Sep/2022:05:40:23 -0700] "GET /ffriends/ukradocs11f.jpg HTTP/1.1" 200 64676 "https://www.ysfine.com/ffriends/garden.html" "Mozilla/5.0 (Linux; Android 7.0;) AppleWebKit/537.36 (KHTML, like Gecko) Mobile Safari/537.36 (compatible; PetalBot;+https://webmaster.petalsearch.com/site/petalbot)" "www.ysfine.com"
40.77.167.33 - - [12/Sep/2022:05:41:01 -0700] "GET /usca/pgh22.html HTTP/1.1" 200 11391 "-" "Mozilla/5.0 (compatible; bingbot/2.0; +http://www.bing.com/bingbot.htm)" "www.ysfine.com"
40.77.167.62 - - [12/Sep/2022:05:41:15 -0700] "GET /world/venice.html HTTP/1.1" 200 8457 "-" "Mozilla/5.0 (compatible; bingbot/2.0; +http://www.bing.com/bingbot.htm)" "ysfine.com"
185.191.171.40 - - [12/Sep/2022:05:41:50 -0700] "GET /robots.txt HTTP/1.1" 404 88 "-" "Mozilla/5.0 (compatible; SemrushBot/7~bl; +http://www.semrush.com/bot.html)" "www.ysfine.com"
185.191.171.37 - - [12/Sep/2022:05:41:50 -0700] "GET /style/nga.html HTTP/1.1" 200 1010 "-" "Mozilla/5.0 (compatible; SemrushBot/7~bl; +http://www.semrush.com/bot.html)" "www.ysfine.com"
40.77.167.27 - - [12/Sep/2022:05:41:54 -0700] "GET /style/songs.html HTTP/1.1" 200 31570 "-" "Mozilla/5.0 (compatible; bingbot/2.0; +http://www.bing.com/bingbot.htm)" "ysfine.com"
40.77.167.62 - - [12/Sep/2022:05:41:56 -0700] "GET /maga/popov.html HTTP/1.1" 200 8651 "-" "Mozilla/5.0 (compatible; bingbot/2.0; +http://www.bing.com/bingbot.htm)" "www.ysfine.com"
40.77.167.27 - - [12/Sep/2022:05:42:24 -0700] "GET /world/germany/oktf03.jpg HTTP/1.1" 200 108768 "-" "Mozilla/5.0 (compatible; bingbot/2.0; +http://www.bing.com/bingbot.htm)" "www.ysfine.com"
107.77.225.76 - - [12/Sep/2022:05:43:06 -0700] "GET /world/brit/etonharrow.html HTTP/1.1" 200 4546 "https://www.google.com/" "Mozilla/5.0 (iPhone; CPU iPhone OS 15_5 like Mac OS X) AppleWebKit/605.1.15 (KHTML, like Gecko) CriOS/104.0.5112.99 Mobile/15E148 Safari/604.1" "ysfine.com"
107.77.225.76 - - [12/Sep/2022:05:43:07 -0700] "GET /world/brit/winston01b.jpg HTTP/1.1" 200 38436 "https://ysfine.com/world/brit/etonharrow.html" "Mozilla/5.0 (iPhone; CPU iPhone OS 15_5 like Mac OS X) AppleWebKit/605.1.15 (KHTML, like Gecko) CriOS/104.0.5112.99 Mobile/15E148 Safari/604.1" "ysfine.com"
107.77.225.76 - - [12/Sep/2022:05:43:07 -0700] "GET /world/brit/nehru11b.jpg HTTP/1.1" 200 43052 "https://ysfine.com/world/brit/etonharrow.html" "Mozilla/5.0 (iPhone; CPU iPhone OS 15_5 like Mac OS X) AppleWebKit/605.1.15 (KHTML, like Gecko) CriOS/104.0.5112.99 Mobile/15E148 Safari/604.1" "ysfine.com"
107.77.225.76 - - [12/Sep/2022:05:43:07 -0700] "GET /kobak/kwk11b.jpg HTTP/1.1" 200 46888 "https://ysfine.com/world/brit/etonharrow.html" "Mozilla/5.0 (iPhone; CPU iPhone OS 15_5 like Mac OS X) AppleWebKit/605.1.15 (KHTML, like Gecko) CriOS/104.0.5112.99 Mobile/15E148 Safari/604.1" "ysfine.com"
107.77.225.76 - - [12/Sep/2022:05:43:07 -0700] "GET /world/brit/eton02b.jpg HTTP/1.1" 200 39432 "https://ysfine.com/world/brit/etonharrow.html" "Mozilla/5.0 (iPhone; CPU iPhone OS 15_5 like Mac OS X) AppleWebKit/605.1.15 (KHTML, like Gecko) CriOS/104.0.5112.99 Mobile/15E148 Safari/604.1" "ysfine.com"
107.77.225.76 - - [12/Sep/2022:05:43:07 -0700] "GET /world/brit/eton07b.jpg HTTP/1.1" 200 36566 "https://ysfine.com/world/brit/etonharrow.html" "Mozilla/5.0 (iPhone; CPU iPhone OS 15_5 like Mac OS X) AppleWebKit/605.1.15 (KHTML, like Gecko) CriOS/104.0.5112.99 Mobile/15E148 Safari/604.1" "ysfine.com"
107.77.225.76 - - [12/Sep/2022:05:43:07 -0700] "GET /world/brit/eton01b.jpg HTTP/1.1" 200 47771 "https://ysfine.com/world/brit/etonharrow.html" "Mozilla/5.0 (iPhone; CPU iPhone OS 15_5 like Mac OS X) AppleWebKit/605.1.15 (KHTML, like Gecko) CriOS/104.0.5112.99 Mobile/15E148 Safari/604.1" "ysfine.com"
107.77.225.76 - - [12/Sep/2022:05:43:07 -0700] "GET /world/brit/harrow09b.jpg HTTP/1.1" 200 48797 "https://ysfine.com/world/brit/etonharrow.html" "Mozilla/5.0 (iPhone; CPU iPhone OS 15_5 like Mac OS X) AppleWebKit/605.1.15 (KHTML, like Gecko) CriOS/104.0.5112.99 Mobile/15E148 Safari/604.1" "ysfine.com"
107.77.225.76 - - [12/Sep/2022:05:43:07 -0700] "GET /world/brit/harrow12b.jpg HTTP/1.1" 200 45104 "https://ysfine.com/world/brit/etonharrow.html" "Mozilla/5.0 (iPhone; CPU iPhone OS 15_5 like Mac OS X) AppleWebKit/605.1.15 (KHTML, like Gecko) CriOS/104.0.5112.99 Mobile/15E148 Safari/604.1" "ysfine.com"
107.77.225.76 - - [12/Sep/2022:05:43:07 -0700] "GET /world/brit/eton03b.jpg HTTP/1.1" 200 45141 "https://ysfine.com/world/brit/etonharrow.html" "Mozilla/5.0 (iPhone; CPU iPhone OS 15_5 like Mac OS X) AppleWebKit/605.1.15 (KHTML, like Gecko) CriOS/104.0.5112.99 Mobile/15E148 Safari/604.1" "ysfine.com"
107.77.225.76 - - [12/Sep/2022:05:43:07 -0700] "GET /world/brit/harrow04b.jpg HTTP/1.1" 200 48004 "https://ysfine.com/world/brit/etonharrow.html" "Mozilla/5.0 (iPhone; CPU iPhone OS 15_5 like Mac OS X) AppleWebKit/605.1.15 (KHTML, like Gecko) CriOS/104.0.5112.99 Mobile/15E148 Safari/604.1" "ysfine.com"
107.77.225.76 - - [12/Sep/2022:05:43:07 -0700] "GET /world/brit/windsor02b.jpg HTTP/1.1" 200 40724 "https://ysfine.com/world/brit/etonharrow.html" "Mozilla/5.0 (iPhone; CPU iPhone OS 15_5 like Mac OS X) AppleWebKit/605.1.15 (KHTML, like Gecko) CriOS/104.0.5112.99 Mobile/15E148 Safari/604.1" "ysfine.com"
107.77.225.76 - - [12/Sep/2022:05:43:07 -0700] "GET /world/brit/harrow01b.jpg HTTP/1.1" 200 54632 "https://ysfine.com/world/brit/etonharrow.html" "Mozilla/5.0 (iPhone; CPU iPhone OS 15_5 like Mac OS X) AppleWebKit/605.1.15 (KHTML, like Gecko) CriOS/104.0.5112.99 Mobile/15E148 Safari/604.1" "ysfine.com"
107.77.225.76 - - [12/Sep/2022:05:43:08 -0700] "GET /world/brit/harrow11b.jpg HTTP/1.1" 200 42533 "https://ysfine.com/world/brit/etonharrow.html" "Mozilla/5.0 (iPhone; CPU iPhone OS 15_5 like Mac OS X) AppleWebKit/605.1.15 (KHTML, like Gecko) CriOS/104.0.5112.99 Mobile/15E148 Safari/604.1" "ysfine.com"
107.77.225.76 - - [12/Sep/2022:05:43:08 -0700] "GET /kobak/taylor33c.jpg HTTP/1.1" 200 39951 "https://ysfine.com/world/brit/etonharrow.html" "Mozilla/5.0 (iPhone; CPU iPhone OS 15_5 like Mac OS X) AppleWebKit/605.1.15 (KHTML, like Gecko) CriOS/104.0.5112.99 Mobile/15E148 Safari/604.1" "ysfine.com"
107.77.225.76 - - [12/Sep/2022:05:43:08 -0700] "GET /eink/pwk19c.jpg HTTP/1.1" 200 57759 "https://ysfine.com/world/brit/etonharrow.html" "Mozilla/5.0 (iPhone; CPU iPhone OS 15_5 like Mac OS X) AppleWebKit/605.1.15 (KHTML, like Gecko) CriOS/104.0.5112.99 Mobile/15E148 Safari/604.1" "ysfine.com"
66.249.72.133 - - [12/Sep/2022:05:43:37 -0700] "GET /world/baltic/lithu22.jpg HTTP/1.1" 200 156354 "-" "Googlebot-Image/1.0" "ysfine.com"
138.201.11.237 - - [12/Sep/2022:05:44:00 -0700] "GET /world/russ/dubnaf.html HTTP/1.1" 200 1239 "-" "Mozilla/5.0 (Macintosh; Intel Mac OS X 11_1_0) AppleWebKit/537.36 (KHTML, like Gecko) Chrome/87.0.4280.88 Safari/537.36" "www.ysfine.com"
157.55.39.146 - - [12/Sep/2022:05:44:30 -0700] "GET /dirac/dirfeyn.html HTTP/1.1" 200 6341 "-" "Mozilla/5.0 (compatible; bingbot/2.0; +http://www.bing.com/bingbot.htm)" "ysfine.com"
40.77.167.33 - - [12/Sep/2022:05:44:35 -0700] "GET /maga/copergali.html HTTP/1.1" 200 5140 "-" "Mozilla/5.0 (compatible; bingbot/2.0; +http://www.bing.com/bingbot.htm)" "ysfine.com"
40.77.167.27 - - [12/Sep/2022:05:44:55 -0700] "GET /princeton/butler.html HTTP/1.1" 200 407 "-" "Mozilla/5.0 (compatible; bingbot/2.0; +http://www.bing.com/bingbot.htm)" "ysfine.com"
51.222.253.20 - - [12/Sep/2022:05:46:04 -0700] "GET /maga/keigel.html HTTP/1.1" 200 6995 "-" "Mozilla/5.0 (compatible; AhrefsBot/7.0; +http://ahrefs.com/robot/)" "ysfine.com"
51.222.253.4 - - [12/Sep/2022:05:46:06 -0700] "GET /maga/phil/keigel600.jpg HTTP/1.1" 200 54467 "-" "Mozilla/5.0 (compatible; AhrefsBot/7.0; +http://ahrefs.com/robot/)" "ysfine.com"
51.222.253.17 - - [12/Sep/2022:05:46:07 -0700] "GET /maga/phil/comet77c.jpg HTTP/1.1" 200 73490 "-" "Mozilla/5.0 (compatible; AhrefsBot/7.0; +http://ahrefs.com/robot/)" "ysfine.com"
51.222.253.9 - - [12/Sep/2022:05:46:07 -0700] "GET /maga/phil/further03c.jpg HTTP/1.1" 200 67765 "-" "Mozilla/5.0 (compatible; AhrefsBot/7.0; +http://ahrefs.com/robot/)" "ysfine.com"
51.222.253.19 - - [12/Sep/2022:05:46:08 -0700] "GET /maga/phil/dirackn33.jpg HTTP/1.1" 200 76581 "-" "Mozilla/5.0 (compatible; AhrefsBot/7.0; +http://ahrefs.com/robot/)" "ysfine.com"
51.222.253.1 - - [12/Sep/2022:05:46:08 -0700] "GET /maga/phil/cokebell01c.jpg HTTP/1.1" 200 41667 "-" "Mozilla/5.0 (compatible; AhrefsBot/7.0; +http://ahrefs.com/robot/)" "ysfine.com"
40.77.167.62 - - [12/Sep/2022:05:46:15 -0700] "GET /princeton/palmerlab33.jpg HTTP/1.1" 200 149549 "-" "Mozilla/5.0 (compatible; bingbot/2.0; +http://www.bing.com/bingbot.htm)" "ysfine.com"
168.91.106.11 - - [12/Sep/2022:05:46:38 -0700] "GET /princeton/pumu01.jpg HTTP/1.1" 200 146489 "-" "Mozilla/5.0 (Windows NT 6.3; WOW64) AppleWebKit/537.36 (KHTML, like Gecko) Chrome/38.0.2125.111 Safari/537.36" "www.ysfine.com"
154.95.34.167 - - [12/Sep/2022:05:46:39 -0700] "GET /princeton/pumu01.jpg HTTP/1.1" 200 146489 "-" "Mozilla/5.0 (Windows NT 6.3; WOW64) AppleWebKit/537.36 (KHTML, like Gecko) Chrome/38.0.2125.111 Safari/537.36" "www.ysfine.com"
40.77.167.35 - - [12/Sep/2022:05:47:06 -0700] "GET /einstein/bose.html HTTP/1.1" 200 2076 "-" "Mozilla/5.0 (compatible; bingbot/2.0; +http://www.bing.com/bingbot.htm)" "ysfine.com"
40.77.167.35 - - [12/Sep/2022:05:47:14 -0700] "GET /usca/pitt/pittcath01b.jpg HTTP/1.1" 200 44385 "-" "Mozilla/5.0 (compatible; bingbot/2.0; +http://www.bing.com/bingbot.htm)" "www.ysfine.com"
40.77.167.27 - - [12/Sep/2022:05:47:34 -0700] "GET /world/russ/ukrastu01.jpg HTTP/1.1" 200 99878 "-" "Mozilla/5.0 (compatible; bingbot/2.0; +http://www.bing.com/bingbot.htm)" "www.ysfine.com"
114.119.128.162 - - [12/Sep/2022:05:48:10 -0700] "GET /dongio/index.html HTTP/1.1" 404 88 "https://ysfine.com/class54/" "Mozilla/5.0 (Linux; Android 7.0;) AppleWebKit/537.36 (KHTML, like Gecko) Mobile Safari/537.36 (compatible; PetalBot;+https://webmaster.petalsearch.com/site/petalbot)" "ysfine.com"
154.54.249.206 - - [12/Sep/2022:05:48:56 -0700] "GET /class54/class5470/total_data/sub_521.htm HTTP/1.1" 200 3212 "-" "Mozilla/5.0 (compatible; Barkrowler/0.9; +https://babbar.tech/crawler)" "www.ysfine.com"
103.242.190.124 - - [12/Sep/2022:05:49:58 -0700] "GET /feynman/fphoto.html HTTP/1.1" 200 3714 "https://www.google.com/" "Mozilla/5.0 (Linux; Android 9; Redmi 6 Pro) AppleWebKit/537.36 (KHTML, like Gecko) Chrome/105.0.0.0 Mobile Safari/537.36" "ysfine.com"
103.242.190.124 - - [12/Sep/2022:05:49:59 -0700] "GET /feynman/feyn86b.jpg HTTP/1.1" 200 26190 "https://ysfine.com/feynman/fphoto.html" "Mozilla/5.0 (Linux; Android 9; Redmi 6 Pro) AppleWebKit/537.36 (KHTML, like Gecko) Chrome/105.0.0.0 Mobile Safari/537.36" "ysfine.com"
103.242.190.124 - - [12/Sep/2022:05:49:59 -0700] "GET /feynman/feynma2.jpg HTTP/1.1" 200 41543 "https://ysfine.com/feynman/fphoto.html" "Mozilla/5.0 (Linux; Android 9; Redmi 6 Pro) AppleWebKit/537.36 (KHTML, like Gecko) Chrome/105.0.0.0 Mobile Safari/537.36" "ysfine.com"
103.242.190.124 - - [12/Sep/2022:05:49:59 -0700] "GET /feynman/feyprince2.jpg HTTP/1.1" 200 49143 "https://ysfine.com/feynman/fphoto.html" "Mozilla/5.0 (Linux; Android 9; Redmi 6 Pro) AppleWebKit/537.36 (KHTML, like Gecko) Chrome/105.0.0.0 Mobile Safari/537.36" "ysfine.com"
103.242.190.124 - - [12/Sep/2022:05:49:59 -0700] "GET /feynman/chapline2.jpg HTTP/1.1" 200 36026 "https://ysfine.com/feynman/fphoto.html" "Mozilla/5.0 (Linux; Android 9; Redmi 6 Pro) AppleWebKit/537.36 (KHTML, like Gecko) Chrome/105.0.0.0 Mobile Safari/537.36" "ysfine.com"
103.242.190.124 - - [12/Sep/2022:05:49:59 -0700] "GET /feynman/feybongo55b.jpg HTTP/1.1" 200 41455 "https://ysfine.com/feynman/fphoto.html" "Mozilla/5.0 (Linux; Android 9; Redmi 6 Pro) AppleWebKit/537.36 (KHTML, like Gecko) Chrome/105.0.0.0 Mobile Safari/537.36" "ysfine.com"
103.242.190.124 - - [12/Sep/2022:05:50:01 -0700] "GET /favicon.ico HTTP/1.1" 404 88 "https://ysfine.com/feynman/fphoto.html" "Mozilla/5.0 (Linux; Android 9; Redmi 6 Pro) AppleWebKit/537.36 (KHTML, like Gecko) Chrome/105.0.0.0 Mobile Safari/537.36" "ysfine.com"
103.242.190.124 - - [12/Sep/2022:05:50:02 -0700] "GET /feynman/feynart.html HTTP/1.1" 200 10277 "https://ysfine.com/feynman/fphoto.html" "Mozilla/5.0 (Linux; Android 9; Redmi 6 Pro) AppleWebKit/537.36 (KHTML, like Gecko) Chrome/105.0.0.0 Mobile Safari/537.36" "ysfine.com"
103.242.190.124 - - [12/Sep/2022:05:50:02 -0700] "GET /style/telefon11b.jpg HTTP/1.1" 200 42587 "https://ysfine.com/feynman/feynart.html" "Mozilla/5.0 (Linux; Android 9; Redmi 6 Pro) AppleWebKit/537.36 (KHTML, like Gecko) Chrome/105.0.0.0 Mobile Safari/537.36" "ysfine.com"
103.242.190.124 - - [12/Sep/2022:05:50:02 -0700] "GET /feynman/ptoday89b.jpg HTTP/1.1" 200 46537 "https://ysfine.com/feynman/feynart.html" "Mozilla/5.0 (Linux; Android 9; Redmi 6 Pro) AppleWebKit/537.36 (KHTML, like Gecko) Chrome/105.0.0.0 Mobile Safari/537.36" "ysfine.com"
103.242.190.124 - - [12/Sep/2022:05:50:02 -0700] "GET /world/latina/rio073b.jpg HTTP/1.1" 200 38788 "https://ysfine.com/feynman/feynart.html" "Mozilla/5.0 (Linux; Android 9; Redmi 6 Pro) AppleWebKit/537.36 (KHTML, like Gecko) Chrome/105.0.0.0 Mobile Safari/537.36" "ysfine.com"
103.242.190.124 - - [12/Sep/2022:05:50:02 -0700] "GET /style/venus02b.jpg HTTP/1.1" 200 50071 "https://ysfine.com/feynman/feynart.html" "Mozilla/5.0 (Linux; Android 9; Redmi 6 Pro) AppleWebKit/537.36 (KHTML, like Gecko) Chrome/105.0.0.0 Mobile Safari/537.36" "ysfine.com"
103.242.190.124 - - [12/Sep/2022:05:50:02 -0700] "GET /beau/parthen03b.jpg HTTP/1.1" 404 88 "https://ysfine.com/feynman/feynart.html" "Mozilla/5.0 (Linux; Android 9; Redmi 6 Pro) AppleWebKit/537.36 (KHTML, like Gecko) Chrome/105.0.0.0 Mobile Safari/537.36" "ysfine.com"
103.242.190.124 - - [12/Sep/2022:05:50:03 -0700] "GET /world/russ/twosis22b.jpg HTTP/1.1" 200 23679 "https://ysfine.com/feynman/feynart.html" "Mozilla/5.0 (Linux; Android 9; Redmi 6 Pro) AppleWebKit/537.36 (KHTML, like Gecko) Chrome/105.0.0.0 Mobile Safari/537.36" "ysfine.com"
103.242.190.124 - - [12/Sep/2022:05:50:03 -0700] "GET /world/germany/franko11b.jpg HTTP/1.1" 200 37524 "https://ysfine.com/feynman/feynart.html" "Mozilla/5.0 (Linux; Android 9; Redmi 6 Pro) AppleWebKit/537.36 (KHTML, like Gecko) Chrome/105.0.0.0 Mobile Safari/537.36" "ysfine.com"
103.242.190.124 - - [12/Sep/2022:05:50:03 -0700] "GET /world/scandi/vaxdoll33b.jpg HTTP/1.1" 200 56336 "https://ysfine.com/feynman/feynart.html" "Mozilla/5.0 (Linux; Android 9; Redmi 6 Pro) AppleWebKit/537.36 (KHTML, like Gecko) Chrome/105.0.0.0 Mobile Safari/537.36" "ysfine.com"
103.242.190.124 - - [12/Sep/2022:05:50:03 -0700] "GET /feynman/restof05b.jpg HTTP/1.1" 200 20819 "https://ysfine.com/feynman/feynart.html" "Mozilla/5.0 (Linux; Android 9; Redmi 6 Pro) AppleWebKit/537.36 (KHTML, like Gecko) Chrome/105.0.0.0 Mobile Safari/537.36" "ysfine.com"
40.77.167.35 - - [12/Sep/2022:05:50:04 -0700] "GET /kowar/war45.html HTTP/1.1" 200 12086 "-" "Mozilla/5.0 (compatible; bingbot/2.0; +http://www.bing.com/bingbot.htm)" "ysfine.com"
185.191.171.41 - - [12/Sep/2022:05:50:07 -0700] "GET /heisen/heisenberg.html HTTP/1.1" 200 10535 "-" "Mozilla/5.0 (compatible; SemrushBot/7~bl; +http://www.semrush.com/bot.html)" "www.ysfine.com"
40.77.167.35 - - [12/Sep/2022:05:50:25 -0700] "GET /maga/tesla.html HTTP/1.1" 200 4852 "-" "Mozilla/5.0 (compatible; bingbot/2.0; +http://www.bing.com/bingbot.htm)" "ysfine.com"
157.55.39.146 - - [12/Sep/2022:05:50:51 -0700] "GET /maga/poincare.html HTTP/1.1" 200 7726 "-" "Mozilla/5.0 (compatible; bingbot/2.0; +http://www.bing.com/bingbot.htm)" "ysfine.com"
154.54.249.206 - - [12/Sep/2022:05:50:54 -0700] "GET /feynman/quark50.html HTTP/1.1" 304 - "-" "Mozilla/5.0 (compatible; Barkrowler/0.9; +https://babbar.tech/crawler)" "ysfine.com"
114.119.128.162 - - [12/Sep/2022:05:50:58 -0700] "GET /archives/proceedings/boston/zavatta.pdf HTTP/1.1" 200 466652 "https://ysfine.com/archives/proceedings/boston/zavatt.html" "Mozilla/5.0 (Linux; Android 7.0;) AppleWebKit/537.36 (KHTML, like Gecko) Mobile Safari/537.36 (compatible; PetalBot;+https://webmaster.petalsearch.com/site/petalbot)" "ysfine.com"
218.209.14.12 - - [12/Sep/2022:05:51:54 -0700] "GET /jobs/koreaj22.jpg HTTP/1.1" 200 195155 "https://myactivity.google.com/" "Mozilla/5.0 (Linux; Android 10; SM-A315N Build/QP1A.190711.020; wv) AppleWebKit/537.36 (KHTML, like Gecko) Version/4.0 Chrome/105.0.5195.79 Mobile Safari/537.36 OcIdWebView ({\"os\":\"Android\",\"osVersion\":\"29\",\"app\":\"com.google.android.gms\",\"appVersion\":\"219\",\"style\":2,\"isDarkTheme\":false})" "ysfine.com"
40.77.167.35 - - [12/Sep/2022:05:52:04 -0700] "GET /einstein/einnobel.html HTTP/1.1" 200 8152 "-" "Mozilla/5.0 (compatible; bingbot/2.0; +http://www.bing.com/bingbot.htm)" "ysfine.com"
40.77.167.62 - - [12/Sep/2022:05:52:06 -0700] "GET /dirac/chaucer.html HTTP/1.1" 200 2700 "-" "Mozilla/5.0 (compatible; bingbot/2.0; +http://www.bing.com/bingbot.htm)" "www.ysfine.com"
40.77.167.27 - - [12/Sep/2022:05:53:45 -0700] "GET /ffriends/kuwait01b.jpg HTTP/1.1" 200 47955 "-" "Mozilla/5.0 (compatible; bingbot/2.0; +http://www.bing.com/bingbot.htm)" "ysfine.com"
40.77.167.33 - - [12/Sep/2022:05:53:52 -0700] "GET /dongio/aline/airfr00.jpg HTTP/1.1" 404 88 "-" "Mozilla/5.0 (compatible; bingbot/2.0; +http://www.bing.com/bingbot.htm)" "ysfine.com"
40.77.167.35 - - [12/Sep/2022:05:53:56 -0700] "GET /people/index.html HTTP/1.1" 200 125 "-" "Mozilla/5.0 (compatible; bingbot/2.0; +http://www.bing.com/bingbot.htm)" "ysfine.com"
40.77.167.27 - - [12/Sep/2022:05:55:56 -0700] "GET /einstein/heisen54.html HTTP/1.1" 200 4510 "-" "Mozilla/5.0 (compatible; bingbot/2.0; +http://www.bing.com/bingbot.htm)" "www.ysfine.com"
51.222.253.6 - - [12/Sep/2022:05:57:41 -0700] "GET /dirac/lorendir.html HTTP/1.1" 200 2426 "-" "Mozilla/5.0 (compatible; AhrefsBot/7.0; +http://ahrefs.com/robot/)" "ysfine.com"
51.222.253.5 - - [12/Sep/2022:05:57:45 -0700] "GET /dirac/licone600b.jpg HTTP/1.1" 200 29974 "-" "Mozilla/5.0 (compatible; AhrefsBot/7.0; +http://ahrefs.com/robot/)" "ysfine.com"
51.222.253.7 - - [12/Sep/2022:05:57:45 -0700] "GET /einstein/einlorentz01b.jpg HTTP/1.1" 200 42310 "-" "Mozilla/5.0 (compatible; AhrefsBot/7.0; +http://ahrefs.com/robot/)" "ysfine.com"
125.209.235.170 - - [12/Sep/2022:05:57:49 -0700] "GET /robots.txt HTTP/1.1" 404 88 "-" "Mozilla/5.0 (compatible; Yeti/1.1; +https://naver.me/spd)" "ysfine.com"
125.209.235.167 - - [12/Sep/2022:05:57:54 -0700] "GET /robots.txt HTTP/1.1" 404 88 "-" "Mozilla/5.0 (compatible; Yeti/1.1; +https://naver.me/spd)" "ysfine.com"
211.249.46.28 - - [12/Sep/2022:05:57:55 -0700] "GET / HTTP/1.1" 200 5283 "-" "Mozilla/5.0 (compatible; Yeti/1.1; +https://naver.me/spd)" "ysfine.com"
186.101.146.63 - - [12/Sep/2022:05:57:58 -0700] "GET /yspapers/iopbook15.pdf HTTP/1.1" 200 2962673 "https://www.google.com/" "Mozilla/5.0 (Macintosh; Intel Mac OS X 10_15_7) AppleWebKit/537.36 (KHTML, like Gecko) Chrome/99.0.4844.51 Safari/537.36" "ysfine.com"
186.101.146.63 - - [12/Sep/2022:05:57:59 -0700] "GET /favicon.ico HTTP/1.1" 404 88 "https://ysfine.com/yspapers/iopbook15.pdf" "Mozilla/5.0 (Macintosh; Intel Mac OS X 10_15_7) AppleWebKit/537.36 (KHTML, like Gecko) Chrome/99.0.4844.51 Safari/537.36" "ysfine.com"
185.191.171.25 - - [12/Sep/2022:05:58:06 -0700] "GET /maga/three.html HTTP/1.1" 200 7358 "-" "Mozilla/5.0 (compatible; SemrushBot/7~bl; +http://www.semrush.com/bot.html)" "ysfine.com"
157.55.39.146 - - [12/Sep/2022:05:58:21 -0700] "GET /einstein/einbohr55.jpg HTTP/1.1" 200 227851 "-" "Mozilla/5.0 (compatible; bingbot/2.0; +http://www.bing.com/bingbot.htm)" "www.ysfine.com"
157.55.39.146 - - [12/Sep/2022:05:58:32 -0700] "GET /kobak/kohist.html HTTP/1.1" 200 6039 "-" "Mozilla/5.0 (compatible; bingbot/2.0; +http://www.bing.com/bingbot.htm)" "ysfine.com"
40.77.167.35 - - [12/Sep/2022:05:58:57 -0700] "GET /princeton/gcollege.html HTTP/1.1" 200 504 "-" "Mozilla/5.0 (compatible; bingbot/2.0; +http://www.bing.com/bingbot.htm)" "ysfine.com"
40.77.167.27 - - [12/Sep/2022:05:59:55 -0700] "GET /sbk/1998eiffel11.jpg HTTP/1.1" 200 198356 "-" "Mozilla/5.0 (compatible; bingbot/2.0; +http://www.bing.com/bingbot.htm)" "www.ysfine.com"
157.55.39.146 - - [12/Sep/2022:06:00:01 -0700] "GET /maga/hugo.html HTTP/1.1" 200 4000 "-" "Mozilla/5.0 (compatible; bingbot/2.0; +http://www.bing.com/bingbot.htm)" "ysfine.com"
40.77.167.33 - - [12/Sep/2022:06:00:12 -0700] "GET /princeton/dulles.html HTTP/1.1" 200 2700 "-" "Mozilla/5.0 (compatible; bingbot/2.0; +http://www.bing.com/bingbot.htm)" "ysfine.com"
40.77.167.35 - - [12/Sep/2022:06:00:55 -0700] "GET /newyork/columbia.html HTTP/1.1" 200 3175 "-" "Mozilla/5.0 (compatible; bingbot/2.0; +http://www.bing.com/bingbot.htm)" "ysfine.com"
157.55.39.146 - - [12/Sep/2022:06:01:42 -0700] "GET /world/brit/dunf07.jpg HTTP/1.1" 200 134742 "-" "Mozilla/5.0 (compatible; bingbot/2.0; +http://www.bing.com/bingbot.htm)" "www.ysfine.com"
40.77.167.33 - - [12/Sep/2022:06:02:03 -0700] "GET /style/nga.html HTTP/1.1" 200 1010 "-" "Mozilla/5.0 (compatible; bingbot/2.0; +http://www.bing.com/bingbot.htm)" "www.ysfine.com"
157.55.39.146 - - [12/Sep/2022:06:03:32 -0700] "GET /world/russ/minsk036.jpg HTTP/1.1" 200 98032 "-" "Mozilla/5.0 (compatible; bingbot/2.0; +http://www.bing.com/bingbot.htm)" "www.ysfine.com"
185.191.171.42 - - [12/Sep/2022:06:03:55 -0700] "GET /class54/class5470/total_data/sub_623.htm HTTP/1.1" 200 3215 "-" "Mozilla/5.0 (compatible; SemrushBot/7~bl; +http://www.semrush.com/bot.html)" "www.ysfine.com"
40.77.167.35 - - [12/Sep/2022:06:03:57 -0700] "GET /home/wcartoon.html HTTP/1.1" 200 6127 "-" "Mozilla/5.0 (compatible; bingbot/2.0; +http://www.bing.com/bingbot.htm)" "www.ysfine.com"
40.77.167.35 - - [12/Sep/2022:06:04:25 -0700] "GET /world/poland/polhillar11.jpg HTTP/1.1" 200 178523 "-" "Mozilla/5.0 (compatible; bingbot/2.0; +http://www.bing.com/bingbot.htm)" "ysfine.com"
157.55.39.146 - - [12/Sep/2022:06:04:43 -0700] "GET /world/munich.html HTTP/1.1" 200 3101 "-" "Mozilla/5.0 (compatible; bingbot/2.0; +http://www.bing.com/bingbot.htm)" "ysfine.com"
185.191.171.22 - - [12/Sep/2022:06:05:14 -0700] "GET /maga/deforest.html HTTP/1.1" 200 4660 "-" "Mozilla/5.0 (compatible; SemrushBot/7~bl; +http://www.semrush.com/bot.html)" "www.ysfine.com"
40.77.167.27 - - [12/Sep/2022:06:05:27 -0700] "GET /maga/copislam.html HTTP/1.1" 200 5140 "-" "Mozilla/5.0 (compatible; bingbot/2.0; +http://www.bing.com/bingbot.htm)" "ysfine.com"
40.77.167.33 - - [12/Sep/2022:06:06:02 -0700] "GET /world/china/beijing014.jpg HTTP/1.1" 200 104683 "-" "Mozilla/5.0 (compatible; bingbot/2.0; +http://www.bing.com/bingbot.htm)" "www.ysfine.com"
157.55.39.146 - - [12/Sep/2022:06:06:02 -0700] "GET /maga/sarnoff.html HTTP/1.1" 200 7540 "-" "Mozilla/5.0 (compatible; bingbot/2.0; +http://www.bing.com/bingbot.htm)" "ysfine.com"
185.191.171.22 - - [12/Sep/2022:06:06:04 -0700] "GET /dongio/garden.html HTTP/1.1" 404 88 "-" "Mozilla/5.0 (compatible; SemrushBot/7~bl; +http://www.semrush.com/bot.html)" "ysfine.com"
157.40.92.7 - - [12/Sep/2022:06:06:05 -0700] "GET /yspapers/iopbook15.pdf HTTP/1.1" 200 2962673 "-" "Dalvik/2.1.0 (Linux; U; Android 11; SM-A505F Build/RP1A.200720.012)" "ysfine.com"
40.77.167.33 - - [12/Sep/2022:06:07:23 -0700] "GET /maga/lorenuni.html HTTP/1.1" 200 2365 "-" "Mozilla/5.0 (compatible; bingbot/2.0; +http://www.bing.com/bingbot.htm)" "www.ysfine.com"
51.222.253.8 - - [12/Sep/2022:06:09:44 -0700] "GET /maga/pupin.html HTTP/1.1" 200 5043 "-" "Mozilla/5.0 (compatible; AhrefsBot/7.0; +http://ahrefs.com/robot/)" "ysfine.com"
51.222.253.17 - - [12/Sep/2022:06:09:46 -0700] "GET /newyork/colum01b.jpg HTTP/1.1" 200 44600 "-" "Mozilla/5.0 (compatible; AhrefsBot/7.0; +http://ahrefs.com/robot/)" "ysfine.com"
51.222.253.8 - - [12/Sep/2022:06:09:46 -0700] "GET /maga/invent/helmholtz2.jpg HTTP/1.1" 200 38274 "-" "Mozilla/5.0 (compatible; AhrefsBot/7.0; +http://ahrefs.com/robot/)" "ysfine.com"
51.222.253.2 - - [12/Sep/2022:06:09:47 -0700] "GET /newyork/colum05b.jpg HTTP/1.1" 200 58646 "-" "Mozilla/5.0 (compatible; AhrefsBot/7.0; +http://ahrefs.com/robot/)" "ysfine.com"
51.222.253.3 - - [12/Sep/2022:06:09:47 -0700] "GET /maga/invent/pupin22b.jpg HTTP/1.1" 200 26769 "-" "Mozilla/5.0 (compatible; AhrefsBot/7.0; +http://ahrefs.com/robot/)" "ysfine.com"
51.222.253.2 - - [12/Sep/2022:06:09:47 -0700] "GET /maga/invent/pupin33b.jpg HTTP/1.1" 200 38057 "-" "Mozilla/5.0 (compatible; AhrefsBot/7.0; +http://ahrefs.com/robot/)" "ysfine.com"
51.222.253.18 - - [12/Sep/2022:06:09:49 -0700] "GET /maga/invent/pupin11b.jpg HTTP/1.1" 200 37046 "-" "Mozilla/5.0 (compatible; AhrefsBot/7.0; +http://ahrefs.com/robot/)" "ysfine.com"
51.222.253.1 - - [12/Sep/2022:06:09:49 -0700] "GET /maga/invent/hertz2.jpg HTTP/1.1" 200 43644 "-" "Mozilla/5.0 (compatible; AhrefsBot/7.0; +http://ahrefs.com/robot/)" "ysfine.com"
185.32.17.196 - - [12/Sep/2022:06:09:54 -0700] "GET /style/venus09b.jpg HTTP/1.1" 200 55229 "https://www.google.com/" "Mozilla/5.0 (Linux; Android 11; M2102J20SG) AppleWebKit/537.36 (KHTML, like Gecko) Chrome/105.0.0.0 Mobile Safari/537.36" "ysfine.com"
40.77.167.62 - - [12/Sep/2022:06:09:58 -0700] "GET /einstein/ulm.html HTTP/1.1" 200 6713 "-" "Mozilla/5.0 (compatible; bingbot/2.0; +http://www.bing.com/bingbot.htm)" "ysfine.com"
157.55.39.146 - - [12/Sep/2022:06:10:03 -0700] "GET /maga/conic.html HTTP/1.1" 200 4049 "-" "Mozilla/5.0 (compatible; bingbot/2.0; +http://www.bing.com/bingbot.htm)" "www.ysfine.com"
40.77.167.33 - - [12/Sep/2022:06:10:33 -0700] "GET /world/poland/krk11.jpg HTTP/1.1" 200 156500 "-" "Mozilla/5.0 (compatible; bingbot/2.0; +http://www.bing.com/bingbot.htm)" "ysfine.com"
185.191.171.9 - - [12/Sep/2022:06:11:24 -0700] "GET /ffriends/germanf.html HTTP/1.1" 404 88 "-" "Mozilla/5.0 (compatible; SemrushBot/7~bl; +http://www.semrush.com/bot.html)" "ysfine.com"
40.77.167.33 - - [12/Sep/2022:06:11:43 -0700] "GET /saram/d001.jpg HTTP/1.1" 200 94170 "-" "Mozilla/5.0 (compatible; bingbot/2.0; +http://www.bing.com/bingbot.htm)" "www.ysfine.com"
80.187.123.82 - - [12/Sep/2022:06:12:05 -0700] "GET /world/france/louvre11.jpg HTTP/1.1" 200 90911 "https://www.google.de/" "Mozilla/5.0 (iPhone; CPU iPhone OS 15_6_1 like Mac OS X) AppleWebKit/605.1.15 (KHTML, like Gecko) Version/15.6.1 Mobile/15E148 Safari/604.1" "ysfine.com"
154.54.249.206 - - [12/Sep/2022:06:12:14 -0700] "GET /class54/class5470/total_data/sub_379.htm HTTP/1.1" 304 - "-" "Mozilla/5.0 (compatible; Barkrowler/0.9; +https://babbar.tech/crawler)" "www.ysfine.com"
5.255.253.121 - - [12/Sep/2022:06:12:36 -0700] "GET /robots.txt HTTP/1.1" 404 73 "-" "Mozilla/5.0 (compatible; YandexBot/3.0; +http://yandex.com/bots)" "www.ysfine.com"
5.45.207.125 - - [12/Sep/2022:06:12:41 -0700] "GET /world/china/chongking91.jpg HTTP/1.1" 200 92038 "-" "Mozilla/5.0 (compatible; YandexImages/3.0; +http://yandex.com/bots)" "www.ysfine.com"
40.77.167.35 - - [12/Sep/2022:06:13:07 -0700] "GET /maga/marx.html HTTP/1.1" 200 5871 "-" "Mozilla/5.0 (compatible; bingbot/2.0; +http://www.bing.com/bingbot.htm)" "ysfine.com"
157.55.39.146 - - [12/Sep/2022:06:14:03 -0700] "GET /world/china22.html HTTP/1.1" 200 12827 "-" "Mozilla/5.0 (compatible; bingbot/2.0; +http://www.bing.com/bingbot.htm)" "ysfine.com"
5.45.207.150 - - [12/Sep/2022:06:14:04 -0700] "GET /world/ysworld HTTP/1.1" 200 3195 "-" "Mozilla/5.0 (compatible; YandexBot/3.0; +http://yandex.com/bots)" "www.ysfine.com"
40.77.167.35 - - [12/Sep/2022:06:14:09 -0700] "GET /maga/phys/naimar/pewk01.jpg HTTP/1.1" 200 78482 "-" "Mozilla/5.0 (compatible; bingbot/2.0; +http://www.bing.com/bingbot.htm)" "ysfine.com"
154.54.249.206 - - [12/Sep/2022:06:14:12 -0700] "GET /feynman/chapline.html HTTP/1.1" 304 - "-" "Mozilla/5.0 (compatible; Barkrowler/0.9; +https://babbar.tech/crawler)" "ysfine.com"
40.77.167.62 - - [12/Sep/2022:06:14:48 -0700] "GET /home/hepth.html HTTP/1.1" 200 2544 "-" "Mozilla/5.0 (compatible; bingbot/2.0; +http://www.bing.com/bingbot.htm)" "ysfine.com"
174.45.51.67 - - [12/Sep/2022:06:15:36 -0700] "GET /world/france/nice104.jpg HTTP/1.1" 200 144635 "https://www.bing.com/" "Mozilla/5.0 (Windows NT 10.0; Win64; x64) AppleWebKit/537.36 (KHTML, like Gecko) Chrome/105.0.0.0 Safari/537.36 Edg/105.0.1343.33" "www.ysfine.com"
157.55.39.146 - - [12/Sep/2022:06:15:53 -0700] "GET /world/paris.html HTTP/1.1" 200 18129 "-" "Mozilla/5.0 (compatible; bingbot/2.0; +http://www.bing.com/bingbot.htm)" "ysfine.com"
40.77.167.35 - - [12/Sep/2022:06:15:56 -0700] "GET /dirac/dirheisen30.jpg HTTP/1.1" 200 141929 "-" "Mozilla/5.0 (compatible; bingbot/2.0; +http://www.bing.com/bingbot.htm)" "www.ysfine.com"
185.191.171.23 - - [12/Sep/2022:06:15:58 -0700] "GET /class54/class5470/total_data/sub_347.htm HTTP/1.1" 200 3292 "-" "Mozilla/5.0 (compatible; SemrushBot/7~bl; +http://www.semrush.com/bot.html)" "ysfine.com"
5.45.207.148 - - [12/Sep/2022:06:16:07 -0700] "GET /kowar/war45bot.html HTTP/1.1" 200 131 "-" "Mozilla/5.0 (compatible; YandexBot/3.0; +http://yandex.com/bots)" "www.ysfine.com"
5.255.231.117 - - [12/Sep/2022:06:16:11 -0700] "GET /kowar/war45left.html HTTP/1.1" 200 416 "https://www.ysfine.com/kowar/war45bot.html" "Mozilla/5.0 (compatible; YandexBot/3.0; +http://yandex.com/bots) AppleWebKit/537.36 (KHTML, like Gecko) Chrome/81.0.4044.268" "www.ysfine.com"
87.250.224.161 - - [12/Sep/2022:06:16:14 -0700] "GET /kowar/war45.html HTTP/1.1" 200 12086 "https://www.ysfine.com/kowar/war45bot.html" "Mozilla/5.0 (compatible; YandexBot/3.0; +http://yandex.com/bots) AppleWebKit/537.36 (KHTML, like Gecko) Chrome/81.0.4044.268" "www.ysfine.com"
40.77.167.35 - - [12/Sep/2022:06:16:19 -0700] "GET /world/china/dalian.html HTTP/1.1" 200 5040 "-" "Mozilla/5.0 (compatible; bingbot/2.0; +http://www.bing.com/bingbot.htm)" "ysfine.com"
40.77.167.35 - - [12/Sep/2022:06:16:38 -0700] "GET /kowar/panmun04b.jpg HTTP/1.1" 200 49952 "-" "Mozilla/5.0 (compatible; bingbot/2.0; +http://www.bing.com/bingbot.htm)" "ysfine.com"
157.55.39.146 - - [12/Sep/2022:06:16:53 -0700] "GET /wigner/wigspeak.html HTTP/1.1" 200 390 "-" "Mozilla/5.0 (compatible; bingbot/2.0; +http://www.bing.com/bingbot.htm)" "www.ysfine.com"
90.241.22.88 - - [12/Sep/2022:06:16:54 -0700] "GET /feynman/page55.jpg HTTP/1.1" 200 98479 "https://www.bing.com/" "Mozilla/5.0 (Windows NT 10.0; Win64; x64) AppleWebKit/537.36 (KHTML, like Gecko) Chrome/105.0.0.0 Safari/537.36 Edg/105.0.1343.33" "www.ysfine.com"
40.77.167.35 - - [12/Sep/2022:06:16:58 -0700] "GET /feynman/partons.html HTTP/1.1" 200 5807 "-" "Mozilla/5.0 (compatible; bingbot/2.0; +http://www.bing.com/bingbot.htm)" "ysfine.com"
40.77.167.27 - - [12/Sep/2022:06:17:17 -0700] "GET /world/latina/rio055.jpg HTTP/1.1" 200 128369 "-" "Mozilla/5.0 (compatible; bingbot/2.0; +http://www.bing.com/bingbot.htm)" "www.ysfine.com"
90.241.22.88 - - [12/Sep/2022:06:17:25 -0700] "GET /feynman/page55.html HTTP/1.1" 200 470 "https://www.bing.com/" "Mozilla/5.0 (Windows NT 10.0; Win64; x64) AppleWebKit/537.36 (KHTML, like Gecko) Chrome/105.0.0.0 Safari/537.36 Edg/105.0.1343.33" "ysfine.com"
90.241.22.88 - - [12/Sep/2022:06:17:25 -0700] "GET /feynman/page55.jpg HTTP/1.1" 200 98479 "https://ysfine.com/feynman/page55.html" "Mozilla/5.0 (Windows NT 10.0; Win64; x64) AppleWebKit/537.36 (KHTML, like Gecko) Chrome/105.0.0.0 Safari/537.36 Edg/105.0.1343.33" "ysfine.com"
90.241.22.88 - - [12/Sep/2022:06:17:26 -0700] "GET /favicon.ico HTTP/1.1" 404 88 "https://ysfine.com/feynman/page55.html" "Mozilla/5.0 (Windows NT 10.0; Win64; x64) AppleWebKit/537.36 (KHTML, like Gecko) Chrome/105.0.0.0 Safari/537.36 Edg/105.0.1343.33" "ysfine.com"
5.45.207.101 - - [12/Sep/2022:06:17:27 -0700] "GET /world/greece.html HTTP/1.1" 200 291 "-" "Mozilla/5.0 (compatible; YandexBot/3.0; +http://yandex.com/bots)" "www.ysfine.com"
40.77.167.62 - - [12/Sep/2022:06:17:29 -0700] "GET /wigner/wig60b.jpg HTTP/1.1" 200 42134 "-" "Mozilla/5.0 AppleWebKit/537.36 (KHTML, like Gecko; compatible; bingbot/2.0; +http://www.bing.com/bingbot.htm) Chrome/103.0.5060.134 Safari/537.36" "ysfine.com"
85.232.249.151 - - [12/Sep/2022:06:18:41 -0700] "GET /world/poland/polstu13.jpg HTTP/1.1" 200 105551 "https://www.google.com/" "Mozilla/5.0 (Windows NT 10.0; Win64; x64) AppleWebKit/537.36 (KHTML, like Gecko) Chrome/105.0.0.0 Safari/537.36" "ysfine.com"
