51.222.253.14 - - [12/Sep/2022:01:25:00 -0700] "GET /eink/eink61c.jpg HTTP/1.1" 200 34119 "-" "Mozilla/5.0 (compatible; AhrefsBot/7.0; +http://ahrefs.com/robot/)" "www.ysfine.com"
51.222.253.9 - - [12/Sep/2022:01:25:01 -0700] "GET /einstein/einhouse11c.jpg HTTP/1.1" 200 32610 "-" "Mozilla/5.0 (compatible; AhrefsBot/7.0; +http://ahrefs.com/robot/)" "www.ysfine.com"
51.222.253.5 - - [12/Sep/2022:01:25:02 -0700] "GET /heisen/heisen66c.jpg HTTP/1.1" 200 43543 "-" "Mozilla/5.0 (compatible; AhrefsBot/7.0; +http://ahrefs.com/robot/)" "www.ysfine.com"
51.222.253.10 - - [12/Sep/2022:01:25:02 -0700] "GET /einstein/fantova/fanto11c.jpg HTTP/1.1" 200 48308 "-" "Mozilla/5.0 (compatible; AhrefsBot/7.0; +http://ahrefs.com/robot/)" "www.ysfine.com"
51.222.253.5 - - [12/Sep/2022:01:25:03 -0700] "GET /yspapers/o32inho22c.jpg HTTP/1.1" 200 33092 "-" "Mozilla/5.0 (compatible; AhrefsBot/7.0; +http://ahrefs.com/robot/)" "www.ysfine.com"
51.222.253.10 - - [12/Sep/2022:01:25:03 -0700] "GET /heisen/bohrheisen11c.jpg HTTP/1.1" 200 41289 "-" "Mozilla/5.0 (compatible; AhrefsBot/7.0; +http://ahrefs.com/robot/)" "www.ysfine.com"
51.222.253.12 - - [12/Sep/2022:01:25:04 -0700] "GET /heisen/schroheisen33c.jpg HTTP/1.1" 200 47347 "-" "Mozilla/5.0 (compatible; AhrefsBot/7.0; +http://ahrefs.com/robot/)" "www.ysfine.com"
118.184.177.49 - - [12/Sep/2022:01:26:12 -0700] "GET / HTTP/1.1" 200 5283 "-" "Sogou web spider/4.0(+http://www.sogou.com/docs/help/webmasters.htm#07)" "ysfine.com"
114.119.128.143 - - [12/Sep/2022:01:26:31 -0700] "GET /ffriends/airlines.html HTTP/1.1" 200 19033 "https://ysfine.com/ffriends/beau.html" "Mozilla/5.0 (Linux; Android 7.0;) AppleWebKit/537.36 (KHTML, like Gecko) Mobile Safari/537.36 (compatible; PetalBot;+https://webmaster.petalsearch.com/site/petalbot)" "ysfine.com"
66.249.72.130 - - [12/Sep/2022:01:26:34 -0700] "GET /world/russ/kazan019b.jpg HTTP/1.1" 200 30425 "-" "Googlebot-Image/1.0" "ysfine.com"
40.77.167.33 - - [12/Sep/2022:01:27:16 -0700] "GET /wigner/mgm01.jpg HTTP/1.1" 200 76875 "-" "Mozilla/5.0 (compatible; bingbot/2.0; +http://www.bing.com/bingbot.htm)" "ysfine.com"
51.222.253.8 - - [12/Sep/2022:01:28:06 -0700] "GET /class54/class5470/total_data/sub_816.htm HTTP/1.1" 200 3558 "-" "Mozilla/5.0 (compatible; AhrefsBot/7.0; +http://ahrefs.com/robot/)" "www.ysfine.com"
17.121.114.60 - - [12/Sep/2022:01:28:27 -0700] "GET /robots.txt HTTP/1.1" 404 88 "-" "Mozilla/5.0 (Macintosh; Intel Mac OS X 10_15_5) AppleWebKit/605.1.15 (KHTML, like Gecko) Version/13.1.1 Safari/605.1.15 (Applebot/0.1; +http://www.apple.com/go/applebot)" "ysfine.com"
17.121.114.60 - - [12/Sep/2022:01:28:27 -0700] "GET /einstein/einabel.html HTTP/1.1" 200 5982 "-" "Mozilla/5.0 (Macintosh; Intel Mac OS X 10_15_5) AppleWebKit/605.1.15 (KHTML, like Gecko) Version/13.1.1 Safari/605.1.15 (Applebot/0.1; +http://www.apple.com/go/applebot)" "ysfine.com"
40.77.167.33 - - [12/Sep/2022:01:29:06 -0700] "GET /world/ital/bologsw12.jpg HTTP/1.1" 200 117477 "-" "Mozilla/5.0 (compatible; bingbot/2.0; +http://www.bing.com/bingbot.htm)" "ysfine.com"
66.249.72.158 - - [12/Sep/2022:01:29:22 -0700] "GET /princeton/brooke22.jpg HTTP/1.1" 304 - "-" "Googlebot-Image/1.0" "ysfine.com"
40.77.167.33 - - [12/Sep/2022:01:29:46 -0700] "GET /world/balkan/istan037.jpg HTTP/1.1" 200 90059 "-" "Mozilla/5.0 (compatible; bingbot/2.0; +http://www.bing.com/bingbot.htm)" "ysfine.com"
40.77.167.27 - - [12/Sep/2022:01:29:50 -0700] "GET /usca/pitt/bushhotel.jpg HTTP/1.1" 200 70900 "-" "Mozilla/5.0 (compatible; bingbot/2.0; +http://www.bing.com/bingbot.htm)" "www.ysfine.com"
40.77.167.35 - - [12/Sep/2022:01:30:01 -0700] "GET /wdc/jeffm03.jpg HTTP/1.1" 200 71008 "-" "Mozilla/5.0 (compatible; bingbot/2.0; +http://www.bing.com/bingbot.htm)" "www.ysfine.com"
154.194.9.50 - - [12/Sep/2022:01:30:11 -0700] "GET /world/germany/leipzig29.jpg HTTP/1.1" 200 284047 "-" "Mozilla/5.0 (Windows NT 6.3; WOW64) AppleWebKit/537.36 (KHTML, like Gecko) Chrome/38.0.2125.111 Safari/537.36" "www.ysfine.com"
157.55.39.146 - - [12/Sep/2022:01:30:55 -0700] "GET /world/brit/cam03b.jpg HTTP/1.1" 200 48538 "-" "Mozilla/5.0 (compatible; bingbot/2.0; +http://www.bing.com/bingbot.htm)" "ysfine.com"
51.222.253.3 - - [12/Sep/2022:01:31:01 -0700] "GET /class54/class5470/total_data/sub_823.htm HTTP/1.1" 200 3558 "-" "Mozilla/5.0 (compatible; AhrefsBot/7.0; +http://ahrefs.com/robot/)" "www.ysfine.com"
66.249.75.106 - - [12/Sep/2022:01:32:30 -0700] "GET /robots.txt HTTP/1.1" 404 88 "-" "Mozilla/5.0 (compatible; Googlebot/2.1; +http://www.google.com/bot.html)" "www.ysfine.com"
66.249.75.104 - - [12/Sep/2022:01:32:32 -0700] "GET /favicon.ico HTTP/1.1" 404 88 "-" "Googlebot-Image/1.0" "www.ysfine.com"
154.54.249.206 - - [12/Sep/2022:01:32:33 -0700] "GET /class54/class5470/total_data/sub_328.htm HTTP/1.1" 304 - "-" "Mozilla/5.0 (compatible; Barkrowler/0.9; +https://babbar.tech/crawler)" "www.ysfine.com"
131.216.14.84 - - [12/Sep/2022:01:32:47 -0700] "GET /maga/phys/yuka65.jpg HTTP/1.1" 200 206131 "https://www.google.com/" "Mozilla/5.0 (Windows NT 10.0; Win64; x64) AppleWebKit/537.36 (KHTML, like Gecko) Chrome/105.0.0.0 Safari/537.36" "ysfine.com"
114.119.128.154 - - [12/Sep/2022:01:32:57 -0700] "GET /maga/phys/poinsf/frame12.html HTTP/1.1" 200 324 "https://www.ysfine.com/maga/phys/poinsf/frame13.html" "Mozilla/5.0 (Linux; Android 7.0;) AppleWebKit/537.36 (KHTML, like Gecko) Mobile Safari/537.36 (compatible; PetalBot;+https://webmaster.petalsearch.com/site/petalbot)" "www.ysfine.com"
91.196.28.6 - - [12/Sep/2022:01:34:09 -0700] "GET /wigner/neum/vnc03.jpg HTTP/1.1" 200 80421 "https://www.google.co.uk/" "Mozilla/5.0 (Windows NT 10.0; Win64; x64) AppleWebKit/537.36 (KHTML, like Gecko) Chrome/105.0.0.0 Safari/537.36" "ysfine.com"
157.55.39.146 - - [12/Sep/2022:01:34:16 -0700] "GET /wdc/sakura06.jpg HTTP/1.1" 200 83525 "-" "Mozilla/5.0 AppleWebKit/537.36 (KHTML, like Gecko; compatible; bingbot/2.0; +http://www.bing.com/bingbot.htm) Chrome/103.0.5060.134 Safari/537.36" "www.ysfine.com"
51.222.253.1 - - [12/Sep/2022:01:34:37 -0700] "GET /class54/class5470/total_data/sub_824.htm HTTP/1.1" 200 3558 "-" "Mozilla/5.0 (compatible; AhrefsBot/7.0; +http://ahrefs.com/robot/)" "www.ysfine.com"
51.222.253.15 - - [12/Sep/2022:01:34:48 -0700] "GET /class54/class5470/total_data/photo_img/8-24.jpg HTTP/1.1" 200 196765 "-" "Mozilla/5.0 (compatible; AhrefsBot/7.0; +http://ahrefs.com/robot/)" "www.ysfine.com"
40.77.167.27 - - [12/Sep/2022:01:35:00 -0700] "GET /world/baltic/kalin31b.jpg HTTP/1.1" 200 56139 "-" "Mozilla/5.0 (compatible; bingbot/2.0; +http://www.bing.com/bingbot.htm)" "www.ysfine.com"
40.77.167.35 - - [12/Sep/2022:01:35:41 -0700] "GET /world/russ/kazan101.jpg HTTP/1.1" 200 100997 "-" "Mozilla/5.0 (compatible; bingbot/2.0; +http://www.bing.com/bingbot.htm)" "www.ysfine.com"
154.54.249.206 - - [12/Sep/2022:01:36:05 -0700] "GET /feynman/fphoto.html HTTP/1.1" 304 - "-" "Mozilla/5.0 (compatible; Barkrowler/0.9; +https://babbar.tech/crawler)" "ysfine.com"
40.77.167.33 - - [12/Sep/2022:01:37:48 -0700] "GET /kobak/rhee10.jpg HTTP/1.1" 200 116308 "-" "Mozilla/5.0 (compatible; bingbot/2.0; +http://www.bing.com/bingbot.htm)" "www.ysfine.com"
40.77.167.35 - - [12/Sep/2022:01:37:49 -0700] "GET /world/russ/kazan062b.jpg HTTP/1.1" 200 21196 "-" "Mozilla/5.0 (compatible; bingbot/2.0; +http://www.bing.com/bingbot.htm)" "ysfine.com"
66.249.72.158 - - [12/Sep/2022:01:37:55 -0700] "GET /kobak/1014b.jpg HTTP/1.1" 304 - "-" "Googlebot-Image/1.0" "ysfine.com"
69.171.249.117 - - [12/Sep/2022:01:37:57 -0700] "GET /dirac/dirfeyn.html HTTP/1.1" 206 6341 "-" "facebookexternalhit/1.1 (+http://www.facebook.com/externalhit_uatext.php)" "ysfine.com"
51.222.253.6 - - [12/Sep/2022:01:38:43 -0700] "GET /maga/popov.html HTTP/1.1" 200 8651 "-" "Mozilla/5.0 (compatible; AhrefsBot/7.0; +http://ahrefs.com/robot/)" "ysfine.com"
51.222.253.15 - - [12/Sep/2022:01:38:46 -0700] "GET /maga/invent/popov02b.jpg HTTP/1.1" 200 68499 "-" "Mozilla/5.0 (compatible; AhrefsBot/7.0; +http://ahrefs.com/robot/)" "ysfine.com"
51.222.253.7 - - [12/Sep/2022:01:38:47 -0700] "GET /maga/invent/popov03b.jpg HTTP/1.1" 200 42372 "-" "Mozilla/5.0 (compatible; AhrefsBot/7.0; +http://ahrefs.com/robot/)" "ysfine.com"
51.222.253.14 - - [12/Sep/2022:01:38:47 -0700] "GET /wdc/usna03b.jpg HTTP/1.1" 200 37328 "-" "Mozilla/5.0 (compatible; AhrefsBot/7.0; +http://ahrefs.com/robot/)" "ysfine.com"
51.222.253.9 - - [12/Sep/2022:01:38:48 -0700] "GET /world/baltic/kalin31b.jpg HTTP/1.1" 200 56139 "-" "Mozilla/5.0 (compatible; AhrefsBot/7.0; +http://ahrefs.com/robot/)" "ysfine.com"
51.222.253.12 - - [12/Sep/2022:01:38:48 -0700] "GET /maga/invent/popov01b.jpg HTTP/1.1" 200 40727 "-" "Mozilla/5.0 (compatible; AhrefsBot/7.0; +http://ahrefs.com/robot/)" "ysfine.com"
51.222.253.12 - - [12/Sep/2022:01:38:49 -0700] "GET /world/russ/petergr01b.jpg HTTP/1.1" 200 29570 "-" "Mozilla/5.0 (compatible; AhrefsBot/7.0; +http://ahrefs.com/robot/)" "ysfine.com"
51.222.253.14 - - [12/Sep/2022:01:38:49 -0700] "GET /kobak/alexvic11b.jpg HTTP/1.1" 200 47312 "-" "Mozilla/5.0 (compatible; AhrefsBot/7.0; +http://ahrefs.com/robot/)" "ysfine.com"
51.222.253.11 - - [12/Sep/2022:01:38:49 -0700] "GET /wdc/usna01b.jpg HTTP/1.1" 200 51869 "-" "Mozilla/5.0 (compatible; AhrefsBot/7.0; +http://ahrefs.com/robot/)" "ysfine.com"
51.222.253.9 - - [12/Sep/2022:01:38:50 -0700] "GET /friends/nato11b.jpg HTTP/1.1" 404 88 "-" "Mozilla/5.0 (compatible; AhrefsBot/7.0; +http://ahrefs.com/robot/)" "ysfine.com"
51.222.253.6 - - [12/Sep/2022:01:38:50 -0700] "GET /kobak/yalta33b.jpg HTTP/1.1" 200 33354 "-" "Mozilla/5.0 (compatible; AhrefsBot/7.0; +http://ahrefs.com/robot/)" "ysfine.com"
51.222.253.18 - - [12/Sep/2022:01:38:50 -0700] "GET /world/russ/togo11b.jpg HTTP/1.1" 200 47383 "-" "Mozilla/5.0 (compatible; AhrefsBot/7.0; +http://ahrefs.com/robot/)" "ysfine.com"
51.222.253.3 - - [12/Sep/2022:01:38:51 -0700] "GET /einstein/michelson11b.jpg HTTP/1.1" 200 35505 "-" "Mozilla/5.0 (compatible; AhrefsBot/7.0; +http://ahrefs.com/robot/)" "ysfine.com"
51.222.253.15 - - [12/Sep/2022:01:38:51 -0700] "GET /kobak/repose11b.jpg HTTP/1.1" 200 32052 "-" "Mozilla/5.0 (compatible; AhrefsBot/7.0; +http://ahrefs.com/robot/)" "ysfine.com"
51.222.253.9 - - [12/Sep/2022:01:38:52 -0700] "GET /people/jweber2.jpg HTTP/1.1" 200 36994 "-" "Mozilla/5.0 (compatible; AhrefsBot/7.0; +http://ahrefs.com/robot/)" "ysfine.com"
51.222.253.2 - - [12/Sep/2022:01:38:52 -0700] "GET /wdc/usna24b.jpg HTTP/1.1" 200 51081 "-" "Mozilla/5.0 (compatible; AhrefsBot/7.0; +http://ahrefs.com/robot/)" "ysfine.com"
51.222.253.15 - - [12/Sep/2022:01:38:53 -0700] "GET /maga/invent/gagarin22b.jpg HTTP/1.1" 200 35764 "-" "Mozilla/5.0 (compatible; AhrefsBot/7.0; +http://ahrefs.com/robot/)" "ysfine.com"
51.222.253.11 - - [12/Sep/2022:01:38:53 -0700] "GET /friends/victork33b.jpg HTTP/1.1" 404 88 "-" "Mozilla/5.0 (compatible; AhrefsBot/7.0; +http://ahrefs.com/robot/)" "ysfine.com"
51.222.253.3 - - [12/Sep/2022:01:38:53 -0700] "GET /world/france/nice302b.jpg HTTP/1.1" 200 52446 "-" "Mozilla/5.0 (compatible; AhrefsBot/7.0; +http://ahrefs.com/robot/)" "ysfine.com"
40.77.167.62 - - [12/Sep/2022:01:39:41 -0700] "GET /kobak/underw02b.jpg HTTP/1.1" 200 30874 "-" "Mozilla/5.0 (compatible; bingbot/2.0; +http://www.bing.com/bingbot.htm)" "ysfine.com"
66.249.72.130 - - [12/Sep/2022:01:39:42 -0700] "GET /jobs/koreaj11b.jpg HTTP/1.1" 200 67543 "-" "Googlebot-Image/1.0" "ysfine.com"
40.77.167.35 - - [12/Sep/2022:01:40:21 -0700] "GET /feynman/jf2.jpg HTTP/1.1" 200 10558 "-" "Mozilla/5.0 (compatible; bingbot/2.0; +http://www.bing.com/bingbot.htm)" "ysfine.com"
157.55.39.146 - - [12/Sep/2022:01:40:46 -0700] "GET /world/hungary/hunstu25.jpg HTTP/1.1" 200 120771 "-" "Mozilla/5.0 (compatible; bingbot/2.0; +http://www.bing.com/bingbot.htm)" "www.ysfine.com"
40.77.167.35 - - [12/Sep/2022:01:40:51 -0700] "GET /world/russ/kiev050.jpg HTTP/1.1" 200 112470 "-" "Mozilla/5.0 (compatible; bingbot/2.0; +http://www.bing.com/bingbot.htm)" "www.ysfine.com"
40.77.167.62 - - [12/Sep/2022:01:41:03 -0700] "GET /world/france/montpar02.jpg HTTP/1.1" 200 153728 "-" "Mozilla/5.0 (compatible; bingbot/2.0; +http://www.bing.com/bingbot.htm)" "www.ysfine.com"
51.222.253.12 - - [12/Sep/2022:01:42:03 -0700] "GET /world/minsk.html HTTP/1.1" 200 7116 "-" "Mozilla/5.0 (compatible; AhrefsBot/7.0; +http://ahrefs.com/robot/)" "ysfine.com"
51.222.253.4 - - [12/Sep/2022:01:42:08 -0700] "GET /world/russ/minskf45b.jpg HTTP/1.1" 200 41920 "-" "Mozilla/5.0 (compatible; AhrefsBot/7.0; +http://ahrefs.com/robot/)" "ysfine.com"
51.222.253.18 - - [12/Sep/2022:01:42:08 -0700] "GET /wdc/vernon04b.jpg HTTP/1.1" 200 44297 "-" "Mozilla/5.0 (compatible; AhrefsBot/7.0; +http://ahrefs.com/robot/)" "ysfine.com"
51.222.253.20 - - [12/Sep/2022:01:42:09 -0700] "GET /world/russ/minskf08b.jpg HTTP/1.1" 200 50248 "-" "Mozilla/5.0 (compatible; AhrefsBot/7.0; +http://ahrefs.com/robot/)" "ysfine.com"
51.222.253.5 - - [12/Sep/2022:01:42:09 -0700] "GET /world/russ/minsk064b.jpg HTTP/1.1" 200 42913 "-" "Mozilla/5.0 (compatible; AhrefsBot/7.0; +http://ahrefs.com/robot/)" "ysfine.com"
51.222.253.15 - - [12/Sep/2022:01:42:09 -0700] "GET /feynman/feyfirm2.jpg HTTP/1.1" 200 36742 "-" "Mozilla/5.0 (compatible; AhrefsBot/7.0; +http://ahrefs.com/robot/)" "ysfine.com"
51.222.253.7 - - [12/Sep/2022:01:42:10 -0700] "GET /world/russ/kilin101b.jpg HTTP/1.1" 200 37065 "-" "Mozilla/5.0 (compatible; AhrefsBot/7.0; +http://ahrefs.com/robot/)" "ysfine.com"
51.222.253.4 - - [12/Sep/2022:01:42:10 -0700] "GET /world/russ/minsk066b.jpg HTTP/1.1" 200 28380 "-" "Mozilla/5.0 (compatible; AhrefsBot/7.0; +http://ahrefs.com/robot/)" "ysfine.com"
51.222.253.13 - - [12/Sep/2022:01:42:11 -0700] "GET /world/russ/minsk004b.jpg HTTP/1.1" 200 35833 "-" "Mozilla/5.0 (compatible; AhrefsBot/7.0; +http://ahrefs.com/robot/)" "ysfine.com"
51.222.253.10 - - [12/Sep/2022:01:42:11 -0700] "GET /world/russ/kilin104b.jpg HTTP/1.1" 200 36895 "-" "Mozilla/5.0 (compatible; AhrefsBot/7.0; +http://ahrefs.com/robot/)" "ysfine.com"
51.222.253.18 - - [12/Sep/2022:01:42:11 -0700] "GET /world/russ/minskf23b.jpg HTTP/1.1" 200 48996 "-" "Mozilla/5.0 (compatible; AhrefsBot/7.0; +http://ahrefs.com/robot/)" "ysfine.com"
51.222.253.1 - - [12/Sep/2022:01:42:12 -0700] "GET /maga/invent/sarnoff1922b.jpg HTTP/1.1" 200 35049 "-" "Mozilla/5.0 (compatible; AhrefsBot/7.0; +http://ahrefs.com/robot/)" "ysfine.com"
51.222.253.13 - - [12/Sep/2022:01:42:12 -0700] "GET /world/russ/minsk067b.jpg HTTP/1.1" 200 40459 "-" "Mozilla/5.0 (compatible; AhrefsBot/7.0; +http://ahrefs.com/robot/)" "ysfine.com"
51.222.253.19 - - [12/Sep/2022:01:42:13 -0700] "GET /world/russ/minsk034b.jpg HTTP/1.1" 200 40968 "-" "Mozilla/5.0 (compatible; AhrefsBot/7.0; +http://ahrefs.com/robot/)" "ysfine.com"
51.222.253.4 - - [12/Sep/2022:01:42:13 -0700] "GET /style/cameras/zenit11b.jpg HTTP/1.1" 200 38496 "-" "Mozilla/5.0 (compatible; AhrefsBot/7.0; +http://ahrefs.com/robot/)" "ysfine.com"
51.222.253.15 - - [12/Sep/2022:01:42:14 -0700] "GET /world/russ/minsk040b.jpg HTTP/1.1" 200 41302 "-" "Mozilla/5.0 (compatible; AhrefsBot/7.0; +http://ahrefs.com/robot/)" "ysfine.com"
51.222.253.1 - - [12/Sep/2022:01:42:14 -0700] "GET /world/russ/minsk002b.jpg HTTP/1.1" 200 28977 "-" "Mozilla/5.0 (compatible; AhrefsBot/7.0; +http://ahrefs.com/robot/)" "ysfine.com"
51.222.253.17 - - [12/Sep/2022:01:42:14 -0700] "GET /world/russ/minsk026b.jpg HTTP/1.1" 200 45201 "-" "Mozilla/5.0 (compatible; AhrefsBot/7.0; +http://ahrefs.com/robot/)" "ysfine.com"
51.222.253.19 - - [12/Sep/2022:01:42:15 -0700] "GET /world/russ/roskei06b.jpg HTTP/1.1" 200 48694 "-" "Mozilla/5.0 (compatible; AhrefsBot/7.0; +http://ahrefs.com/robot/)" "ysfine.com"
83.142.149.158 - - [12/Sep/2022:01:43:10 -0700] "GET /maga/phys/huy36.jpg HTTP/1.1" 200 65279 "https://www.bing.com/" "Mozilla/5.0 (Windows NT 10.0; Win64; x64) AppleWebKit/537.36 (KHTML, like Gecko) Chrome/105.0.0.0 Safari/537.36 Edg/105.0.1343.27" "www.ysfine.com"
40.77.167.35 - - [12/Sep/2022:01:45:22 -0700] "GET /world/poland/gdn52.jpg HTTP/1.1" 200 128799 "-" "Mozilla/5.0 (compatible; bingbot/2.0; +http://www.bing.com/bingbot.htm)" "www.ysfine.com"
192.0.101.11 - - [12/Sep/2022:01:46:25 -0700] "GET /wigner/neum/vnc01.jpg HTTP/1.1" 200 133641 "-" "Photon/1.0" "ysfine.com"
40.77.167.33 - - [12/Sep/2022:01:46:48 -0700] "GET /beau/english11.jpg HTTP/1.1" 404 88 "-" "Mozilla/5.0 (compatible; bingbot/2.0; +http://www.bing.com/bingbot.htm)" "ysfine.com"
185.191.171.25 - - [12/Sep/2022:01:46:49 -0700] "GET /robots.txt HTTP/1.1" 404 88 "-" "Mozilla/5.0 (compatible; SemrushBot/7~bl; +http://www.semrush.com/bot.html)" "www.ysfine.com"
185.191.171.8 - - [12/Sep/2022:01:46:50 -0700] "GET /class54/class5470/total_data/sub_327.htm HTTP/1.1" 200 3333 "-" "Mozilla/5.0 (compatible; SemrushBot/7~bl; +http://www.semrush.com/bot.html)" "www.ysfine.com"
195.234.109.68 - - [12/Sep/2022:01:48:54 -0700] "GET /wigner/neum/vnc01.jpg HTTP/1.1" 200 133641 "-" "Photon/1.0" "ysfine.com"
40.77.167.35 - - [12/Sep/2022:01:50:10 -0700] "GET /style/cameras/canonp77.jpg HTTP/1.1" 200 123446 "-" "Mozilla/5.0 (compatible; bingbot/2.0; +http://www.bing.com/bingbot.htm)" "www.ysfine.com"
20.191.45.212 - - [12/Sep/2022:01:50:26 -0700] "GET / HTTP/1.1" 200 5283 "https://ysfine.com/" "Mozilla/5.0 (compatible; DuckDuckGo-Favicons-Bot/1.0; +http://duckduckgo.com)" "ysfine.com"
20.191.45.212 - - [12/Sep/2022:01:50:26 -0700] "GET /favicon.ico HTTP/1.1" 404 88 "https://ysfine.com/favicon.ico" "Mozilla/5.0 (compatible; DuckDuckGo-Favicons-Bot/1.0; +http://duckduckgo.com)" "ysfine.com"
20.191.45.212 - - [12/Sep/2022:01:50:26 -0700] "GET /favicon.ico HTTP/1.1" 404 88 "https://ysfine.com/favicon.ico" "Mozilla/5.0 (compatible; DuckDuckGo-Favicons-Bot/1.0; +http://duckduckgo.com)" "ysfine.com"
64.124.8.25 - - [12/Sep/2022:01:50:53 -0700] "GET /robots.txt HTTP/1.1" 404 88 "-" "Mozilla/5.0 (X11; Linux x86_64) AppleWebKit/537.36 (KHTML, like Gecko) Chrome/61.0.3163.79 Safari/537.36" "www.ysfine.com"
64.124.8.25 - - [12/Sep/2022:01:50:53 -0700] "GET /feynman/partons.html HTTP/1.1" 200 5807 "-" "Mozilla/5.0 (X11; Linux x86_64) AppleWebKit/537.36 (KHTML, like Gecko) Chrome/61.0.3163.79 Safari/537.36" "www.ysfine.com"
40.77.167.33 - - [12/Sep/2022:01:51:18 -0700] "GET /maga/phil/marxlon01b.jpg HTTP/1.1" 200 55777 "-" "Mozilla/5.0 (compatible; bingbot/2.0; +http://www.bing.com/bingbot.htm)" "ysfine.com"
40.77.167.35 - - [12/Sep/2022:01:51:31 -0700] "GET /wdc/treasury01.jpg HTTP/1.1" 200 112562 "-" "Mozilla/5.0 (compatible; bingbot/2.0; +http://www.bing.com/bingbot.htm)" "www.ysfine.com"
64.124.8.25 - - [12/Sep/2022:01:52:05 -0700] "GET /eink/index.html HTTP/1.1" 200 17659 "-" "Mozilla/5.0 (X11; Linux x86_64) AppleWebKit/537.36 (KHTML, like Gecko) Chrome/61.0.3163.79 Safari/537.36" "www.ysfine.com"
40.77.167.35 - - [12/Sep/2022:01:54:11 -0700] "GET /world/russ/kazan101b.jpg HTTP/1.1" 200 26380 "-" "Mozilla/5.0 AppleWebKit/537.36 (KHTML, like Gecko; compatible; bingbot/2.0; +http://www.bing.com/bingbot.htm) Chrome/103.0.5060.134 Safari/537.36" "www.ysfine.com"
114.119.128.142 - - [12/Sep/2022:01:54:30 -0700] "GET /yspapers/kiev11.pdf HTTP/1.1" 200 366152 "https://ysfine.com/yspapers/index.html" "Mozilla/5.0 (Linux; Android 7.0;) AppleWebKit/537.36 (KHTML, like Gecko) Mobile Safari/537.36 (compatible; PetalBot;+https://webmaster.petalsearch.com/site/petalbot)" "ysfine.com"
17.121.114.11 - - [12/Sep/2022:01:55:25 -0700] "GET /jobs/koreaj.html HTTP/1.1" 200 10214 "-" "Mozilla/5.0 (Macintosh; Intel Mac OS X 10_15_5) AppleWebKit/605.1.15 (KHTML, like Gecko) Version/13.1.1 Safari/605.1.15 (Applebot/0.1; +http://www.apple.com/go/applebot)" "ysfine.com"
5.161.112.22 - - [12/Sep/2022:01:55:50 -0700] "GET /home/pquartet.html HTTP/1.1" 200 4307 "-" "Mozilla/5.0 (Windows NT 10.0; Win64; x64) AppleWebKit/537.36 (KHTML, like Gecko) Chrome/84.0.4147.105 Safari/537.36" "ysfine.com"
154.54.249.206 - - [12/Sep/2022:01:56:47 -0700] "GET /class54/class5470/total_data/sub_524.htm HTTP/1.1" 200 3212 "-" "Mozilla/5.0 (compatible; Barkrowler/0.9; +https://babbar.tech/crawler)" "www.ysfine.com"
40.77.167.27 - - [12/Sep/2022:01:57:12 -0700] "GET /world/russ/kazan005.jpg HTTP/1.1" 200 99334 "-" "Mozilla/5.0 (compatible; bingbot/2.0; +http://www.bing.com/bingbot.htm)" "www.ysfine.com"
74.82.60.90 - - [12/Sep/2022:01:57:49 -0700] "GET /wdc/kennedyc10.jpg HTTP/1.1" 200 77673 "https://www.bing.com/" "Mozilla/5.0 (Windows NT 10.0; Win64; x64) AppleWebKit/537.36 (KHTML, like Gecko) Chrome/105.0.0.0 Safari/537.36" "www.ysfine.com"
157.55.39.146 - - [12/Sep/2022:01:58:18 -0700] "GET /home/eward55f.jpg HTTP/1.1" 200 122802 "-" "Mozilla/5.0 (iPhone; CPU iPhone OS 7_0 like Mac OS X) AppleWebKit/537.51.1 (KHTML, like Gecko) Version/7.0 Mobile/11A465 Safari/9537.53 (compatible; bingbot/2.0; +http://www.bing.com/bingbot.htm)" "ysfine.com"
40.77.167.35 - - [12/Sep/2022:01:59:03 -0700] "GET /style/rigaopera22.jpg HTTP/1.1" 200 112955 "-" "Mozilla/5.0 (compatible; bingbot/2.0; +http://www.bing.com/bingbot.htm)" "www.ysfine.com"
40.77.167.35 - - [12/Sep/2022:01:59:31 -0700] "GET /world/russ/spb31.jpg HTTP/1.1" 200 118085 "-" "Mozilla/5.0 (compatible; bingbot/2.0; +http://www.bing.com/bingbot.htm)" "www.ysfine.com"
154.54.249.206 - - [12/Sep/2022:01:59:46 -0700] "GET /feynman/fthesis.html HTTP/1.1" 304 - "-" "Mozilla/5.0 (compatible; Barkrowler/0.9; +https://babbar.tech/crawler)" "ysfine.com"
40.77.167.62 - - [12/Sep/2022:01:59:47 -0700] "GET /world/france/montpar07.jpg HTTP/1.1" 200 144729 "-" "Mozilla/5.0 (compatible; bingbot/2.0; +http://www.bing.com/bingbot.htm)" "www.ysfine.com"
103.251.167.10 - - [12/Sep/2022:01:59:56 -0700] "GET /world/poland/jablo62b.jpg HTTP/1.1" 200 33975 "-" "Mozilla/5.0 (Windows NT 10.0; rv:91.0) Gecko/20100101 Firefox/91.0" "www.ysfine.com"
40.77.167.35 - - [12/Sep/2022:02:00:02 -0700] "GET /world/poland/wierzynek3.jpg HTTP/1.1" 200 123474 "-" "Mozilla/5.0 (compatible; bingbot/2.0; +http://www.bing.com/bingbot.htm)" "ysfine.com"
161.49.172.130 - - [12/Sep/2022:02:01:34 -0700] "GET /world/brit/eton09.jpg HTTP/1.1" 200 102035 "https://www.google.com/" "Mozilla/5.0 (Windows NT 6.1) AppleWebKit/537.36 (KHTML, like Gecko) Chrome/105.0.0.0 Safari/537.36" "ysfine.com"
80.155.18.194 - - [12/Sep/2022:02:01:46 -0700] "GET /world/brit/eton11.jpg HTTP/1.1" 200 107084 "https://www.google.de/" "Mozilla/5.0 (Macintosh; Intel Mac OS X 10_15_6) AppleWebKit/605.1.15 (KHTML, like Gecko) Version/14.1.2 Safari/605.1.15" "ysfine.com"
40.77.167.35 - - [12/Sep/2022:02:02:02 -0700] "GET /kowar/paiksy02.jpg HTTP/1.1" 200 127340 "-" "Mozilla/5.0 AppleWebKit/537.36 (KHTML, like Gecko; compatible; bingbot/2.0; +http://www.bing.com/bingbot.htm) Chrome/103.0.5060.134 Safari/537.36" "ysfine.com"
157.55.39.146 - - [12/Sep/2022:02:02:29 -0700] "GET /world/poland/krk15.jpg HTTP/1.1" 200 111741 "-" "Mozilla/5.0 (compatible; bingbot/2.0; +http://www.bing.com/bingbot.htm)" "www.ysfine.com"
40.77.167.62 - - [12/Sep/2022:02:03:46 -0700] "GET /maga/phil/marxlon02b.jpg HTTP/1.1" 200 53086 "-" "Mozilla/5.0 (compatible; bingbot/2.0; +http://www.bing.com/bingbot.htm)" "ysfine.com"
135.181.146.185 - - [12/Sep/2022:02:04:01 -0700] "GET /maga/phil/kant00b.jpg HTTP/1.1" 200 51853 "-" "Mozilla/5.0 (X11; Fedora; Linux x86_64) AppleWebKit/537.36 (KHTML, like Gecko) Chrome/79.0.3945.117 Safari/537.36" "www.ysfine.com"
64.124.8.24 - - [12/Sep/2022:02:04:57 -0700] "GET /robots.txt HTTP/1.1" 404 88 "-" "Mozilla/5.0 (X11; Linux x86_64) AppleWebKit/537.36 (KHTML, like Gecko) Chrome/61.0.3163.79 Safari/537.36" "ysfine.com"
84.3.215.65 - - [12/Sep/2022:02:06:09 -0700] "GET /dirac/wigsis.html HTTP/1.1" 200 10275 "-" "Mozilla/5.0 (Windows NT 10.0; Win64; x64) AppleWebKit/537.36 (KHTML, like Gecko) Chrome/105.0.0.0 Safari/537.36" "ysfine.com"
40.77.167.35 - - [12/Sep/2022:02:07:54 -0700] "GET /world/brit/bond03.jpg HTTP/1.1" 200 104673 "-" "Mozilla/5.0 (compatible; bingbot/2.0; +http://www.bing.com/bingbot.htm)" "ysfine.com"
5.161.97.203 - - [12/Sep/2022:02:08:57 -0700] "GET /maga/hugo.html HTTP/1.1" 200 4000 "-" "Mozilla/5.0 (Windows NT 10.0; Win64; x64) AppleWebKit/537.36 (KHTML, like Gecko) Chrome/84.0.4147.105 Safari/537.36" "ysfine.com"
66.249.72.130 - - [12/Sep/2022:02:09:07 -0700] "GET /wigner/second2.jpg HTTP/1.1" 200 64603 "-" "Googlebot-Image/1.0" "ysfine.com"
40.77.167.62 - - [12/Sep/2022:02:09:23 -0700] "GET /world/france/pantheon08.jpg HTTP/1.1" 200 83787 "-" "Mozilla/5.0 (compatible; bingbot/2.0; +http://www.bing.com/bingbot.htm)" "www.ysfine.com"
157.55.39.146 - - [12/Sep/2022:02:10:08 -0700] "GET /beau/aline/pakis22.jpg HTTP/1.1" 404 88 "-" "Mozilla/5.0 (compatible; bingbot/2.0; +http://www.bing.com/bingbot.htm)" "ysfine.com"
114.119.128.14 - - [12/Sep/2022:02:12:58 -0700] "GET /class54/class5470/total_data/photo_img/8-30.jpg HTTP/1.1" 200 224211 "https://ysfine.com/class54/class5470/total_data/sub_830.htm" "Mozilla/5.0 (Linux; Android 7.0;) AppleWebKit/537.36 (KHTML, like Gecko) Mobile Safari/537.36 (compatible; PetalBot;+https://webmaster.petalsearch.com/site/petalbot)" "ysfine.com"
185.191.171.11 - - [12/Sep/2022:02:13:11 -0700] "GET /class54/class5470/total_data/sub_379.htm HTTP/1.1" 200 3306 "-" "Mozilla/5.0 (compatible; SemrushBot/7~bl; +http://www.semrush.com/bot.html)" "ysfine.com"
40.77.167.35 - - [12/Sep/2022:02:13:13 -0700] "GET /world/russ/kazan086.jpg HTTP/1.1" 200 100936 "-" "Mozilla/5.0 (compatible; bingbot/2.0; +http://www.bing.com/bingbot.htm)" "www.ysfine.com"
193.27.21.34 - - [12/Sep/2022:02:13:37 -0700] "GET /world/paris.html HTTP/1.1" 200 18129 "https://ysfine.com/" "Mozilla/5.0 (Windows NT 10.0; Win64; x64) AppleWebKit/537.36 (KHTML, like Gecko) Chrome/103.0.0.0 YaBrowser/22.7.0 Yowser/2.5 Safari/537.36" "ysfine.com"
193.27.21.34 - - [12/Sep/2022:02:13:40 -0700] "GET /world/france/champ12.html HTTP/1.1" 200 339 "https://ysfine.com/world/paris.html" "Mozilla/5.0 (Windows NT 10.0; Win64; x64) AppleWebKit/537.36 (KHTML, like Gecko) Chrome/103.0.0.0 YaBrowser/22.7.0 Yowser/2.5 Safari/537.36" "ysfine.com"
40.77.167.62 - - [12/Sep/2022:02:13:44 -0700] "GET /world/poland/poznanf11.jpg HTTP/1.1" 200 81002 "-" "Mozilla/5.0 (compatible; bingbot/2.0; +http://www.bing.com/bingbot.htm)" "ysfine.com"
114.119.128.142 - - [12/Sep/2022:02:14:21 -0700] "GET /class54/class5470/total_data/sub_859.htm HTTP/1.1" 200 3527 "https://ysfine.com/class54/class5470/total_data/sub_862.htm" "Mozilla/5.0 (Linux; Android 7.0;) AppleWebKit/537.36 (KHTML, like Gecko) Mobile Safari/537.36 (compatible; PetalBot;+https://webmaster.petalsearch.com/site/petalbot)" "ysfine.com"
84.251.194.252 - - [12/Sep/2022:02:15:09 -0700] "GET /world/russ/roskei90.jpg HTTP/1.1" 200 110306 "https://www.google.com/" "Mozilla/5.0 (Windows NT 10.0; Win64; x64) AppleWebKit/537.36 (KHTML, like Gecko) Chrome/105.0.0.0 Safari/537.36" "ysfine.com"
40.77.167.27 - - [12/Sep/2022:02:15:45 -0700] "GET /world/france/montpar10.jpg HTTP/1.1" 200 206294 "-" "Mozilla/5.0 (compatible; bingbot/2.0; +http://www.bing.com/bingbot.htm)" "ysfine.com"
40.77.167.33 - - [12/Sep/2022:02:15:50 -0700] "GET /style/music/kremtheater33.jpg HTTP/1.1" 200 97161 "-" "Mozilla/5.0 (compatible; bingbot/2.0; +http://www.bing.com/bingbot.htm)" "ysfine.com"
114.119.128.143 - - [12/Sep/2022:02:15:53 -0700] "GET /home/bio.html HTTP/1.1" 200 15156 "https://www.ysfine.com/maga/schrodein.html" "Mozilla/5.0 (Linux; Android 7.0;) AppleWebKit/537.36 (KHTML, like Gecko) Mobile Safari/537.36 (compatible; PetalBot;+https://webmaster.petalsearch.com/site/petalbot)" "www.ysfine.com"
51.222.253.10 - - [12/Sep/2022:02:17:13 -0700] "GET / HTTP/1.1" 200 5283 "-" "Mozilla/5.0 (compatible; AhrefsBot/7.0; +http://ahrefs.com/robot/)" "www.ysfine.com"
40.77.167.33 - - [12/Sep/2022:02:17:31 -0700] "GET /einstein/places/ulm32.jpg HTTP/1.1" 200 91482 "-" "Mozilla/5.0 (compatible; bingbot/2.0; +http://www.bing.com/bingbot.htm)" "ysfine.com"
40.77.167.33 - - [12/Sep/2022:02:17:41 -0700] "GET /home/ HTTP/1.1" 200 142 "-" "Mozilla/5.0 (compatible; bingbot/2.0; +http://www.bing.com/bingbot.htm)" "www.ysfine.com"
40.77.167.35 - - [12/Sep/2022:02:17:54 -0700] "GET /home/hmtop.html HTTP/1.1" 200 447 "-" "Mozilla/5.0 (compatible; bingbot/2.0; +http://www.bing.com/bingbot.htm)" "www.ysfine.com"
40.77.167.35 - - [12/Sep/2022:02:18:03 -0700] "GET /home/hmbot.html HTTP/1.1" 200 132 "-" "Mozilla/5.0 (compatible; bingbot/2.0; +http://www.bing.com/bingbot.htm)" "www.ysfine.com"
114.119.128.158 - - [12/Sep/2022:02:18:32 -0700] "GET /princeton/prince.html HTTP/1.1" 200 2567 "https://www.ysfine.com/style/ystyle.html" "Mozilla/5.0 (Linux; Android 7.0;) AppleWebKit/537.36 (KHTML, like Gecko) Mobile Safari/537.36 (compatible; PetalBot;+https://webmaster.petalsearch.com/site/petalbot)" "www.ysfine.com"
40.77.167.33 - - [12/Sep/2022:02:18:41 -0700] "GET /saram/d016.jpg HTTP/1.1" 200 72040 "-" "Mozilla/5.0 (compatible; bingbot/2.0; +http://www.bing.com/bingbot.htm)" "www.ysfine.com"
40.77.167.35 - - [12/Sep/2022:02:18:46 -0700] "GET /world/france/montmar07.jpg HTTP/1.1" 200 105580 "-" "Mozilla/5.0 AppleWebKit/537.36 (KHTML, like Gecko; compatible; bingbot/2.0; +http://www.bing.com/bingbot.htm) Chrome/103.0.5060.134 Safari/537.36" "www.ysfine.com"
54.216.138.69 - - [12/Sep/2022:02:19:03 -0700] "GET /world/brit/carnegie15.jpg HTTP/1.1" 404 88 "-" "Elmer, the Thinglink ImageBot (https://support.thinglink.com/hc/en-us/articles/360025958773-Elmer)" "ysfine.com"
40.77.167.35 - - [12/Sep/2022:02:19:14 -0700] "GET /kobak/rhee12.jpg HTTP/1.1" 200 235392 "-" "Mozilla/5.0 (compatible; bingbot/2.0; +http://www.bing.com/bingbot.htm)" "www.ysfine.com"
154.54.249.206 - - [12/Sep/2022:02:20:03 -0700] "GET /class54/class5470/total_data/sub_604.htm HTTP/1.1" 304 - "-" "Mozilla/5.0 (compatible; Barkrowler/0.9; +https://babbar.tech/crawler)" "www.ysfine.com"
114.119.128.162 - - [12/Sep/2022:02:21:32 -0700] "GET /feynman/index.html HTTP/1.1" 200 124 "https://www.ysfine.com/einstein/einnobel.html" "Mozilla/5.0 (Linux; Android 7.0;) AppleWebKit/537.36 (KHTML, like Gecko) Mobile Safari/537.36 (compatible; PetalBot;+https://webmaster.petalsearch.com/site/petalbot)" "www.ysfine.com"
66.249.72.158 - - [12/Sep/2022:02:21:55 -0700] "GET /wdc/gtown37c.jpg HTTP/1.1" 304 - "-" "Googlebot-Image/1.0" "ysfine.com"
157.55.39.146 - - [12/Sep/2022:02:22:20 -0700] "GET /style/gaya02.jpg HTTP/1.1" 200 76927 "-" "Mozilla/5.0 (compatible; bingbot/2.0; +http://www.bing.com/bingbot.htm)" "ysfine.com"
154.54.249.206 - - [12/Sep/2022:02:22:48 -0700] "GET /feynman/yuval.html HTTP/1.1" 304 - "-" "Mozilla/5.0 (compatible; Barkrowler/0.9; +https://babbar.tech/crawler)" "ysfine.com"
51.222.253.19 - - [12/Sep/2022:02:26:42 -0700] "GET /class54/class5470/total_data/sub_826.htm HTTP/1.1" 200 3558 "-" "Mozilla/5.0 (compatible; AhrefsBot/7.0; +http://ahrefs.com/robot/)" "www.ysfine.com"
40.77.167.27 - - [12/Sep/2022:02:27:54 -0700] "GET /world/brit/newton01.jpg HTTP/1.1" 200 71355 "-" "Mozilla/5.0 (compatible; bingbot/2.0; +http://www.bing.com/bingbot.htm)" "www.ysfine.com"
40.77.167.35 - - [12/Sep/2022:02:28:55 -0700] "GET /newyork/wtc43.jpg HTTP/1.1" 200 110517 "-" "Mozilla/5.0 (compatible; bingbot/2.0; +http://www.bing.com/bingbot.htm)" "www.ysfine.com"
40.77.167.27 - - [12/Sep/2022:02:30:25 -0700] "GET /wdc/koreaw22.jpg HTTP/1.1" 200 122106 "-" "Mozilla/5.0 (compatible; bingbot/2.0; +http://www.bing.com/bingbot.htm)" "www.ysfine.com"
114.119.128.142 - - [12/Sep/2022:02:31:22 -0700] "GET /archives/proceedings/boston/mankom.pdf HTTP/1.1" 200 250979 "https://ysfine.com/archives/proceedings/boston/mankom.html" "Mozilla/5.0 (Linux; Android 7.0;) AppleWebKit/537.36 (KHTML, like Gecko) Mobile Safari/537.36 (compatible; PetalBot;+https://webmaster.petalsearch.com/site/petalbot)" "ysfine.com"
157.55.39.146 - - [12/Sep/2022:02:31:41 -0700] "GET /world/france/champ9611.jpg HTTP/1.1" 200 83996 "-" "Mozilla/5.0 (compatible; bingbot/2.0; +http://www.bing.com/bingbot.htm)" "www.ysfine.com"
40.77.167.35 - - [12/Sep/2022:02:31:47 -0700] "GET /world/germany/oktf13.jpg HTTP/1.1" 200 105940 "-" "Mozilla/5.0 (compatible; bingbot/2.0; +http://www.bing.com/bingbot.htm)" "www.ysfine.com"
5.38.250.147 - - [12/Sep/2022:02:32:17 -0700] "GET /remote/wigner111/frame18.html HTTP/1.1" 200 1033 "https://www.google.com/" "Mozilla/5.0 (Macintosh; Intel Mac OS X 10_15_7) AppleWebKit/605.1.15 (KHTML, like Gecko) Version/15.5 Safari/605.1.15" "ysfine.com"
5.38.250.147 - - [12/Sep/2022:02:32:18 -0700] "GET /remote/wigner111/kim-18b.jpg HTTP/1.1" 200 36310 "https://ysfine.com/remote/wigner111/frame18.html" "Mozilla/5.0 (Macintosh; Intel Mac OS X 10_15_7) AppleWebKit/605.1.15 (KHTML, like Gecko) Version/15.5 Safari/605.1.15" "ysfine.com"
5.38.250.147 - - [12/Sep/2022:02:32:18 -0700] "GET /dirac/dirac63b.jpg HTTP/1.1" 200 41617 "https://ysfine.com/remote/wigner111/frame18.html" "Mozilla/5.0 (Macintosh; Intel Mac OS X 10_15_7) AppleWebKit/605.1.15 (KHTML, like Gecko) Version/15.5 Safari/605.1.15" "ysfine.com"
5.38.250.147 - - [12/Sep/2022:02:32:19 -0700] "GET /favicon.ico HTTP/1.1" 404 88 "https://ysfine.com/remote/wigner111/frame18.html" "Mozilla/5.0 (Macintosh; Intel Mac OS X 10_15_7) AppleWebKit/605.1.15 (KHTML, like Gecko) Version/15.5 Safari/605.1.15" "ysfine.com"
40.77.188.107 - - [12/Sep/2022:02:33:53 -0700] "GET /home/hmleft.html HTTP/1.1" 200 2613 "-" "Mozilla/5.0 (Windows NT 6.1; WOW64) AppleWebKit/534+ (KHTML, like Gecko) BingPreview/1.0b" "www.ysfine.com"
40.77.190.111 - - [12/Sep/2022:02:33:53 -0700] "GET /home/hmrigh.html HTTP/1.1" 200 11751 "-" "Mozilla/5.0 (Windows NT 6.1; WOW64) AppleWebKit/534+ (KHTML, like Gecko) BingPreview/1.0b" "www.ysfine.com"
5.188.210.93 - - [12/Sep/2022:02:34:06 -0700] "GET /world/travel.html HTTP/1.1" 200 5186 "https://www.ysfine.com/world/travel.html" "Mozilla/5.0 (Windows NT 6.1; Win64; x64) AppleWebKit/537.36 (KHTML, like Gecko) Chrome/90.0.4430.85 Safari/537.36 Edg/90.0.818.49" "www.ysfine.com"
5.188.210.93 - - [12/Sep/2022:02:34:06 -0700] "GET / HTTP/1.1" 200 15910 "https://www.ysfine.com/" "Mozilla/5.0 (Windows NT 6.1; Win64; x64) AppleWebKit/537.36 (KHTML, like Gecko) Chrome/90.0.4430.85 Safari/537.36 Edg/90.0.818.49" "www.ysfine.com"
185.191.171.25 - - [12/Sep/2022:02:37:16 -0700] "GET /maga/index.html HTTP/1.1" 200 6127 "-" "Mozilla/5.0 (compatible; SemrushBot/7~bl; +http://www.semrush.com/bot.html)" "www.ysfine.com"
51.222.253.1 - - [12/Sep/2022:02:37:44 -0700] "GET /class54/class5470/total_data/sub_827.htm HTTP/1.1" 200 3558 "-" "Mozilla/5.0 (compatible; AhrefsBot/7.0; +http://ahrefs.com/robot/)" "www.ysfine.com"
51.222.253.15 - - [12/Sep/2022:02:37:47 -0700] "GET /class54/class5470/total_data/photo_img/8-27.jpg HTTP/1.1" 200 210402 "-" "Mozilla/5.0 (compatible; AhrefsBot/7.0; +http://ahrefs.com/robot/)" "www.ysfine.com"
72.14.201.137 - - [12/Sep/2022:02:38:54 -0700] "GET /einstein/heisenberg.html HTTP/1.1" 200 10552 "-" "Mozilla/5.0 (Linux; Android 10; K) AppleWebKit/537.36 (KHTML, like Gecko) Chrome/103.0.0.0 Mobile Safari/537.36" "ysfine.com"
157.40.188.34 - - [12/Sep/2022:02:39:03 -0700] "GET /einstein/heisenberg.html HTTP/1.1" 200 10552 "https://www.google.co.in/" "Mozilla/5.0 (Linux; Android 11; Redmi Note 9 Pro) AppleWebKit/537.36 (KHTML, like Gecko) Chrome/103.0.0.0 Mobile Safari/537.36" "ysfine.com"
157.40.188.34 - - [12/Sep/2022:02:39:05 -0700] "GET /heisen/heisen66c.jpg HTTP/1.1" 200 43543 "https://ysfine.com/einstein/heisenberg.html" "Mozilla/5.0 (Linux; Android 11; Redmi Note 9 Pro) AppleWebKit/537.36 (KHTML, like Gecko) Chrome/103.0.0.0 Mobile Safari/537.36" "ysfine.com"
157.40.188.34 - - [12/Sep/2022:02:39:05 -0700] "GET /wigner/wigheis11c.jpg HTTP/1.1" 200 41279 "https://ysfine.com/einstein/heisenberg.html" "Mozilla/5.0 (Linux; Android 11; Redmi Note 9 Pro) AppleWebKit/537.36 (KHTML, like Gecko) Chrome/103.0.0.0 Mobile Safari/537.36" "ysfine.com"
157.40.188.34 - - [12/Sep/2022:02:39:05 -0700] "GET /heisen/bohrheisen11c.jpg HTTP/1.1" 200 41289 "https://ysfine.com/einstein/heisenberg.html" "Mozilla/5.0 (Linux; Android 11; Redmi Note 9 Pro) AppleWebKit/537.36 (KHTML, like Gecko) Chrome/103.0.0.0 Mobile Safari/537.36" "ysfine.com"
157.40.188.34 - - [12/Sep/2022:02:39:05 -0700] "GET /heisen/schroheisen33c.jpg HTTP/1.1" 200 47347 "https://ysfine.com/einstein/heisenberg.html" "Mozilla/5.0 (Linux; Android 11; Redmi Note 9 Pro) AppleWebKit/537.36 (KHTML, like Gecko) Chrome/103.0.0.0 Mobile Safari/537.36" "ysfine.com"
157.40.188.34 - - [12/Sep/2022:02:39:05 -0700] "GET /einstein/einhouse11c.jpg HTTP/1.1" 200 32610 "https://ysfine.com/einstein/heisenberg.html" "Mozilla/5.0 (Linux; Android 11; Redmi Note 9 Pro) AppleWebKit/537.36 (KHTML, like Gecko) Chrome/103.0.0.0 Mobile Safari/537.36" "ysfine.com"
157.40.188.34 - - [12/Sep/2022:02:39:05 -0700] "GET /einstein/fantova/fanto11c.jpg HTTP/1.1" 200 48308 "https://ysfine.com/einstein/heisenberg.html" "Mozilla/5.0 (Linux; Android 11; Redmi Note 9 Pro) AppleWebKit/537.36 (KHTML, like Gecko) Chrome/103.0.0.0 Mobile Safari/537.36" "ysfine.com"
157.40.188.34 - - [12/Sep/2022:02:39:06 -0700] "GET /heisen/heisen22c.jpg HTTP/1.1" 200 33300 "https://ysfine.com/einstein/heisenberg.html" "Mozilla/5.0 (Linux; Android 11; Redmi Note 9 Pro) AppleWebKit/537.36 (KHTML, like Gecko) Chrome/103.0.0.0 Mobile Safari/537.36" "ysfine.com"
157.40.188.34 - - [12/Sep/2022:02:39:06 -0700] "GET /einstein/tsepa11c.jpg HTTP/1.1" 200 28691 "https://ysfine.com/einstein/heisenberg.html" "Mozilla/5.0 (Linux; Android 11; Redmi Note 9 Pro) AppleWebKit/537.36 (KHTML, like Gecko) Chrome/103.0.0.0 Mobile Safari/537.36" "ysfine.com"
157.40.188.34 - - [12/Sep/2022:02:39:06 -0700] "GET /einstein/einbohr33c.jpg HTTP/1.1" 200 36410 "https://ysfine.com/einstein/heisenberg.html" "Mozilla/5.0 (Linux; Android 11; Redmi Note 9 Pro) AppleWebKit/537.36 (KHTML, like Gecko) Chrome/103.0.0.0 Mobile Safari/537.36" "ysfine.com"
157.40.188.34 - - [12/Sep/2022:02:39:06 -0700] "GET /wigner/wighome11c.jpg HTTP/1.1" 200 45648 "https://ysfine.com/einstein/heisenberg.html" "Mozilla/5.0 (Linux; Android 11; Redmi Note 9 Pro) AppleWebKit/537.36 (KHTML, like Gecko) Chrome/103.0.0.0 Mobile Safari/537.36" "ysfine.com"
157.40.188.34 - - [12/Sep/2022:02:39:06 -0700] "GET /einstein/texfiles/einheis01.jpg HTTP/1.1" 200 32456 "https://ysfine.com/einstein/heisenberg.html" "Mozilla/5.0 (Linux; Android 11; Redmi Note 9 Pro) AppleWebKit/537.36 (KHTML, like Gecko) Chrome/103.0.0.0 Mobile Safari/537.36" "ysfine.com"
157.40.188.34 - - [12/Sep/2022:02:39:07 -0700] "GET /einstein/texfiles/einheis02.jpg HTTP/1.1" 200 27605 "https://ysfine.com/einstein/heisenberg.html" "Mozilla/5.0 (Linux; Android 11; Redmi Note 9 Pro) AppleWebKit/537.36 (KHTML, like Gecko) Chrome/103.0.0.0 Mobile Safari/537.36" "ysfine.com"
157.40.188.34 - - [12/Sep/2022:02:39:07 -0700] "GET /einstein/texfiles/einheis03.jpg HTTP/1.1" 200 46000 "https://ysfine.com/einstein/heisenberg.html" "Mozilla/5.0 (Linux; Android 11; Redmi Note 9 Pro) AppleWebKit/537.36 (KHTML, like Gecko) Chrome/103.0.0.0 Mobile Safari/537.36" "ysfine.com"
157.40.188.34 - - [12/Sep/2022:02:39:08 -0700] "GET /einstein/texfiles/einheis05.jpg HTTP/1.1" 200 31679 "https://ysfine.com/einstein/heisenberg.html" "Mozilla/5.0 (Linux; Android 11; Redmi Note 9 Pro) AppleWebKit/537.36 (KHTML, like Gecko) Chrome/103.0.0.0 Mobile Safari/537.36" "ysfine.com"
157.40.188.34 - - [12/Sep/2022:02:39:08 -0700] "GET /maga/phys/yukadirac53c.jpg HTTP/1.1" 200 40447 "https://ysfine.com/einstein/heisenberg.html" "Mozilla/5.0 (Linux; Android 11; Redmi Note 9 Pro) AppleWebKit/537.36 (KHTML, like Gecko) Chrome/103.0.0.0 Mobile Safari/537.36" "ysfine.com"
157.40.188.34 - - [12/Sep/2022:02:39:09 -0700] "GET /feynman/ppic/parton88a.jpg HTTP/1.1" 200 55506 "https://ysfine.com/einstein/heisenberg.html" "Mozilla/5.0 (Linux; Android 11; Redmi Note 9 Pro) AppleWebKit/537.36 (KHTML, like Gecko) Chrome/103.0.0.0 Mobile Safari/537.36" "ysfine.com"
157.40.188.34 - - [12/Sep/2022:02:39:09 -0700] "GET /wigner/wigkim11c.jpg HTTP/1.1" 200 30443 "https://ysfine.com/einstein/heisenberg.html" "Mozilla/5.0 (Linux; Android 11; Redmi Note 9 Pro) AppleWebKit/537.36 (KHTML, like Gecko) Chrome/103.0.0.0 Mobile Safari/537.36" "ysfine.com"
157.40.188.34 - - [12/Sep/2022:02:39:09 -0700] "GET /dirac/dirheisen31c.jpg HTTP/1.1" 200 43569 "https://ysfine.com/einstein/heisenberg.html" "Mozilla/5.0 (Linux; Android 11; Redmi Note 9 Pro) AppleWebKit/537.36 (KHTML, like Gecko) Chrome/103.0.0.0 Mobile Safari/537.36" "ysfine.com"
157.40.188.34 - - [12/Sep/2022:02:39:09 -0700] "GET /einstein/math/sp2c.jpg HTTP/1.1" 200 29719 "https://ysfine.com/einstein/heisenberg.html" "Mozilla/5.0 (Linux; Android 11; Redmi Note 9 Pro) AppleWebKit/537.36 (KHTML, like Gecko) Chrome/103.0.0.0 Mobile Safari/537.36" "ysfine.com"
157.40.188.34 - - [12/Sep/2022:02:39:10 -0700] "GET /dirac/2osc22c.jpg HTTP/1.1" 200 28929 "https://ysfine.com/einstein/heisenberg.html" "Mozilla/5.0 (Linux; Android 11; Redmi Note 9 Pro) AppleWebKit/537.36 (KHTML, like Gecko) Chrome/103.0.0.0 Mobile Safari/537.36" "ysfine.com"
157.40.188.34 - - [12/Sep/2022:02:39:10 -0700] "GET /dirac/o32c.jpg HTTP/1.1" 200 30707 "https://ysfine.com/einstein/heisenberg.html" "Mozilla/5.0 (Linux; Android 11; Redmi Note 9 Pro) AppleWebKit/537.36 (KHTML, like Gecko) Chrome/103.0.0.0 Mobile Safari/537.36" "ysfine.com"
157.40.188.34 - - [12/Sep/2022:02:39:10 -0700] "GET /dirac/o32inho22c.jpg HTTP/1.1" 200 33038 "https://ysfine.com/einstein/heisenberg.html" "Mozilla/5.0 (Linux; Android 11; Redmi Note 9 Pro) AppleWebKit/537.36 (KHTML, like Gecko) Chrome/103.0.0.0 Mobile Safari/537.36" "ysfine.com"
157.40.188.34 - - [12/Sep/2022:02:39:11 -0700] "GET /eink/pwk19c.jpg HTTP/1.1" 200 57759 "https://ysfine.com/einstein/heisenberg.html" "Mozilla/5.0 (Linux; Android 11; Redmi Note 9 Pro) AppleWebKit/537.36 (KHTML, like Gecko) Chrome/103.0.0.0 Mobile Safari/537.36" "ysfine.com"
157.40.188.34 - - [12/Sep/2022:02:39:11 -0700] "GET /home/figs/sq55c.jpg HTTP/1.1" 200 29581 "https://ysfine.com/einstein/heisenberg.html" "Mozilla/5.0 (Linux; Android 11; Redmi Note 9 Pro) AppleWebKit/537.36 (KHTML, like Gecko) Chrome/103.0.0.0 Mobile Safari/537.36" "ysfine.com"
157.40.188.34 - - [12/Sep/2022:02:39:18 -0700] "GET /favicon.ico HTTP/1.1" 404 88 "https://ysfine.com/einstein/heisenberg.html" "Mozilla/5.0 (Linux; Android 11; Redmi Note 9 Pro) AppleWebKit/537.36 (KHTML, like Gecko) Chrome/103.0.0.0 Mobile Safari/537.36" "ysfine.com"
72.14.201.136 - - [12/Sep/2022:02:39:43 -0700] "GET /einstein/heisenberg.html HTTP/1.1" 200 10552 "-" "Mozilla/5.0 (Linux; Android 10; K) AppleWebKit/537.36 (KHTML, like Gecko) Chrome/103.0.0.0 Mobile Safari/537.36" "ysfine.com"
40.77.167.35 - - [12/Sep/2022:02:39:56 -0700] "GET /class54/busan22.jpg HTTP/1.1" 200 113125 "-" "Mozilla/5.0 (compatible; bingbot/2.0; +http://www.bing.com/bingbot.htm)" "www.ysfine.com"
157.55.39.146 - - [12/Sep/2022:02:40:33 -0700] "GET /dirac/dirfeyn.html HTTP/1.1" 200 6341 "-" "Mozilla/5.0 (compatible; bingbot/2.0; +http://www.bing.com/bingbot.htm)" "www.ysfine.com"
40.77.167.35 - - [12/Sep/2022:02:40:36 -0700] "GET /world/polandk.html HTTP/1.1" 200 5993 "-" "Mozilla/5.0 (compatible; bingbot/2.0; +http://www.bing.com/bingbot.htm)" "www.ysfine.com"
40.77.167.27 - - [12/Sep/2022:02:40:37 -0700] "GET /home/100yrs.html HTTP/1.1" 200 7936 "-" "Mozilla/5.0 (compatible; bingbot/2.0; +http://www.bing.com/bingbot.htm)" "www.ysfine.com"
40.77.167.33 - - [12/Sep/2022:02:40:37 -0700] "GET /einstein/einusa.html HTTP/1.1" 200 8153 "-" "Mozilla/5.0 (compatible; bingbot/2.0; +http://www.bing.com/bingbot.htm)" "www.ysfine.com"
40.77.167.33 - - [12/Sep/2022:02:40:37 -0700] "GET /maga/boltzmann.html HTTP/1.1" 200 6052 "-" "Mozilla/5.0 (compatible; bingbot/2.0; +http://www.bing.com/bingbot.htm)" "www.ysfine.com"
40.77.167.62 - - [12/Sep/2022:02:40:38 -0700] "GET /world/kazan.html HTTP/1.1" 200 13929 "-" "Mozilla/5.0 (compatible; bingbot/2.0; +http://www.bing.com/bingbot.htm)" "www.ysfine.com"
40.77.167.35 - - [12/Sep/2022:02:40:43 -0700] "GET /wdc/washmo07b.jpg HTTP/1.1" 200 34166 "-" "Mozilla/5.0 (compatible; bingbot/2.0; +http://www.bing.com/bingbot.htm)" "www.ysfine.com"
40.77.167.35 - - [12/Sep/2022:02:40:44 -0700] "GET /world/berlin.html HTTP/1.1" 200 16173 "-" "Mozilla/5.0 (compatible; bingbot/2.0; +http://www.bing.com/bingbot.htm)" "www.ysfine.com"
40.77.167.35 - - [12/Sep/2022:02:40:47 -0700] "GET /people/wheeler.html HTTP/1.1" 200 3348 "-" "Mozilla/5.0 (compatible; bingbot/2.0; +http://www.bing.com/bingbot.htm)" "www.ysfine.com"
114.119.128.158 - - [12/Sep/2022:02:40:59 -0700] "GET /maga/phil/sisfa12/frame40.html HTTP/1.1" 200 320 "https://www.ysfine.com/maga/phil/sisfa12/frame39.html" "Mozilla/5.0 (Linux; Android 7.0;) AppleWebKit/537.36 (KHTML, like Gecko) Mobile Safari/537.36 (compatible; PetalBot;+https://webmaster.petalsearch.com/site/petalbot)" "www.ysfine.com"
40.77.167.62 - - [12/Sep/2022:02:41:00 -0700] "GET /princeton/yspr.html HTTP/1.1" 200 5439 "-" "Mozilla/5.0 (compatible; bingbot/2.0; +http://www.bing.com/bingbot.htm)" "www.ysfine.com"
157.55.39.146 - - [12/Sep/2022:02:42:03 -0700] "GET /style/bachkova11.jpg HTTP/1.1" 200 66613 "-" "Mozilla/5.0 (compatible; bingbot/2.0; +http://www.bing.com/bingbot.htm)" "www.ysfine.com"
40.77.167.35 - - [12/Sep/2022:02:42:35 -0700] "GET /style/beetho55.jpg HTTP/1.1" 200 111702 "-" "Mozilla/5.0 (compatible; bingbot/2.0; +http://www.bing.com/bingbot.htm)" "ysfine.com"
64.124.8.24 - - [12/Sep/2022:02:42:59 -0700] "GET /robots.txt HTTP/1.1" 404 88 "-" "Mozilla/5.0 (X11; Linux x86_64) AppleWebKit/537.36 (KHTML, like Gecko) Chrome/61.0.3163.79 Safari/537.36" "ysfine.com"
64.124.8.24 - - [12/Sep/2022:02:42:59 -0700] "GET /class54/class5470/total_data/sub_221.htm HTTP/1.1" 200 3416 "-" "Mozilla/5.0 (X11; Linux x86_64) AppleWebKit/537.36 (KHTML, like Gecko) Chrome/61.0.3163.79 Safari/537.36" "ysfine.com"
64.124.8.24 - - [12/Sep/2022:02:43:18 -0700] "GET /class54/class5470/total_data/sub_201b.htm HTTP/1.1" 200 3402 "-" "Mozilla/5.0 (X11; Linux x86_64) AppleWebKit/537.36 (KHTML, like Gecko) Chrome/61.0.3163.79 Safari/537.36" "ysfine.com"
154.54.249.206 - - [12/Sep/2022:02:43:18 -0700] "GET /class54/class5470/total_data/sub_304.htm HTTP/1.1" 200 3325 "-" "Mozilla/5.0 (compatible; Barkrowler/0.9; +https://babbar.tech/crawler)" "www.ysfine.com"
64.124.8.24 - - [12/Sep/2022:02:43:19 -0700] "GET /class54/class5470/total_data/sub_222.htm HTTP/1.1" 200 3410 "-" "Mozilla/5.0 (X11; Linux x86_64) AppleWebKit/537.36 (KHTML, like Gecko) Chrome/61.0.3163.79 Safari/537.36" "ysfine.com"
64.124.8.24 - - [12/Sep/2022:02:43:39 -0700] "GET /class54/class5470/total_data/sub_223.htm HTTP/1.1" 200 3410 "-" "Mozilla/5.0 (X11; Linux x86_64) AppleWebKit/537.36 (KHTML, like Gecko) Chrome/61.0.3163.79 Safari/537.36" "ysfine.com"
64.124.8.24 - - [12/Sep/2022:02:43:48 -0700] "GET /class54/class5470/total_data/sub_507.htm HTTP/1.1" 200 3196 "-" "Mozilla/5.0 (X11; Linux x86_64) AppleWebKit/537.36 (KHTML, like Gecko) Chrome/61.0.3163.79 Safari/537.36" "ysfine.com"
64.124.8.24 - - [12/Sep/2022:02:44:02 -0700] "GET /class54/class5470/total_data/sub_224.htm HTTP/1.1" 200 3410 "-" "Mozilla/5.0 (X11; Linux x86_64) AppleWebKit/537.36 (KHTML, like Gecko) Chrome/61.0.3163.79 Safari/537.36" "ysfine.com"
64.124.8.24 - - [12/Sep/2022:02:44:13 -0700] "GET /class54/class5470/total_data/sub_508.htm HTTP/1.1" 200 3198 "-" "Mozilla/5.0 (X11; Linux x86_64) AppleWebKit/537.36 (KHTML, like Gecko) Chrome/61.0.3163.79 Safari/537.36" "ysfine.com"
64.124.8.24 - - [12/Sep/2022:02:44:26 -0700] "GET /class54/class5470/total_data/sub_225.htm HTTP/1.1" 200 3409 "-" "Mozilla/5.0 (X11; Linux x86_64) AppleWebKit/537.36 (KHTML, like Gecko) Chrome/61.0.3163.79 Safari/537.36" "ysfine.com"
64.124.8.24 - - [12/Sep/2022:02:44:36 -0700] "GET /class54/class5470/total_data/sub_509.htm HTTP/1.1" 200 3196 "-" "Mozilla/5.0 (X11; Linux x86_64) AppleWebKit/537.36 (KHTML, like Gecko) Chrome/61.0.3163.79 Safari/537.36" "ysfine.com"
40.77.167.35 - - [12/Sep/2022:02:44:38 -0700] "GET /newyork/colum12.jpg HTTP/1.1" 200 105871 "-" "Mozilla/5.0 (compatible; bingbot/2.0; +http://www.bing.com/bingbot.htm)" "ysfine.com"
80.194.44.87 - - [12/Sep/2022:02:45:35 -0700] "GET /world/china/shanghai001.jpg HTTP/1.1" 200 99793 "https://www.google.com/" "Mozilla/5.0 (Windows NT 10.0; Win64; x64) AppleWebKit/537.36 (KHTML, like Gecko) Chrome/105.0.0.0 Safari/537.36 Edg/105.0.1343.33" "ysfine.com"
154.54.249.206 - - [12/Sep/2022:02:45:44 -0700] "GET /feynman/restof.html HTTP/1.1" 304 - "-" "Mozilla/5.0 (compatible; Barkrowler/0.9; +https://babbar.tech/crawler)" "ysfine.com"
64.124.8.24 - - [12/Sep/2022:02:45:56 -0700] "GET /class54/class5470/total_data/sub_410.htm HTTP/1.1" 200 3214 "-" "Mozilla/5.0 (X11; Linux x86_64) AppleWebKit/537.36 (KHTML, like Gecko) Chrome/61.0.3163.79 Safari/537.36" "ysfine.com"
64.124.8.24 - - [12/Sep/2022:02:45:57 -0700] "GET /robots.txt HTTP/1.1" 404 88 "-" "Mozilla/5.0 (X11; Linux x86_64) AppleWebKit/537.36 (KHTML, like Gecko) Chrome/61.0.3163.79 Safari/537.36" "www.ysfine.com"
64.124.8.24 - - [12/Sep/2022:02:45:57 -0700] "GET /home/bio.html HTTP/1.1" 200 15156 "-" "Mozilla/5.0 (X11; Linux x86_64) AppleWebKit/537.36 (KHTML, like Gecko) Chrome/61.0.3163.79 Safari/537.36" "www.ysfine.com"
64.124.8.24 - - [12/Sep/2022:02:46:17 -0700] "GET /class54/class5470/total_data/sub_411.htm HTTP/1.1" 200 3214 "-" "Mozilla/5.0 (X11; Linux x86_64) AppleWebKit/537.36 (KHTML, like Gecko) Chrome/61.0.3163.79 Safari/537.36" "ysfine.com"
40.77.167.35 - - [12/Sep/2022:02:46:19 -0700] "GET /world/balkan/metuguest01b.jpg HTTP/1.1" 200 43667 "-" "Mozilla/5.0 (compatible; bingbot/2.0; +http://www.bing.com/bingbot.htm)" "ysfine.com"
64.124.8.24 - - [12/Sep/2022:02:46:37 -0700] "GET /eink/mose.html HTTP/1.1" 200 14315 "-" "Mozilla/5.0 (X11; Linux x86_64) AppleWebKit/537.36 (KHTML, like Gecko) Chrome/61.0.3163.79 Safari/537.36" "www.ysfine.com"
64.124.8.24 - - [12/Sep/2022:02:46:43 -0700] "GET /class54/class5470/total_data/sub_412.htm HTTP/1.1" 200 3214 "-" "Mozilla/5.0 (X11; Linux x86_64) AppleWebKit/537.36 (KHTML, like Gecko) Chrome/61.0.3163.79 Safari/537.36" "ysfine.com"
