40.77.167.62 - - [12/Sep/2022:07:24:35 -0700] "GET /houses/myhouse.html HTTP/1.1" 200 1473 "-" "Mozilla/5.0 (compatible; bingbot/2.0; +http://www.bing.com/bingbot.htm)" "www.ysfine.com"
40.77.167.35 - - [12/Sep/2022:07:24:35 -0700] "GET /dongio/french.html HTTP/1.1" 404 88 "-" "Mozilla/5.0 (compatible; bingbot/2.0; +http://www.bing.com/bingbot.htm)" "www.ysfine.com"
157.55.39.146 - - [12/Sep/2022:07:24:40 -0700] "GET /wigner/wigpoinc.html HTTP/1.1" 200 6586 "-" "Mozilla/5.0 (compatible; bingbot/2.0; +http://www.bing.com/bingbot.htm)" "www.ysfine.com"
157.55.39.146 - - [12/Sep/2022:07:24:40 -0700] "GET /maga/poincare.html HTTP/1.1" 200 7726 "-" "Mozilla/5.0 (compatible; bingbot/2.0; +http://www.bing.com/bingbot.htm)" "www.ysfine.com"
157.55.39.146 - - [12/Sep/2022:07:24:40 -0700] "GET /maga/galtime.html HTTP/1.1" 200 1944 "-" "Mozilla/5.0 (compatible; bingbot/2.0; +http://www.bing.com/bingbot.htm)" "www.ysfine.com"
40.77.167.35 - - [12/Sep/2022:07:24:45 -0700] "GET /world/jeru.html HTTP/1.1" 200 6991 "-" "Mozilla/5.0 (compatible; bingbot/2.0; +http://www.bing.com/bingbot.htm)" "www.ysfine.com"
40.77.167.62 - - [12/Sep/2022:07:24:54 -0700] "GET /einstein/maxein.html HTTP/1.1" 200 2651 "-" "Mozilla/5.0 (compatible; bingbot/2.0; +http://www.bing.com/bingbot.htm)" "www.ysfine.com"
165.225.198.86 - - [12/Sep/2022:07:25:02 -0700] "GET /world/brit/tower01.jpg HTTP/1.1" 200 189991 "https://www.google.com/" "Mozilla/5.0 (Windows NT 10.0; Win64; x64) AppleWebKit/537.36 (KHTML, like Gecko) Chrome/105.0.0.0 Safari/537.36" "ysfine.com"
40.77.167.35 - - [12/Sep/2022:07:25:23 -0700] "GET /maga/sartre.html HTTP/1.1" 200 7719 "-" "Mozilla/5.0 (compatible; bingbot/2.0; +http://www.bing.com/bingbot.htm)" "ysfine.com"
185.191.171.17 - - [12/Sep/2022:07:25:30 -0700] "GET /class54/class5470/total_data/sub_365.htm HTTP/1.1" 200 3306 "-" "Mozilla/5.0 (compatible; SemrushBot/7~bl; +http://www.semrush.com/bot.html)" "ysfine.com"
51.222.253.19 - - [12/Sep/2022:07:25:39 -0700] "GET /class54/class5470/total_data/sub_739.htm HTTP/1.1" 200 3294 "-" "Mozilla/5.0 (compatible; AhrefsBot/7.0; +http://ahrefs.com/robot/)" "ysfine.com"
51.211.214.239 - - [12/Sep/2022:07:26:02 -0700] "GET /feynman/ppic/parton88a.jpg HTTP/1.1" 200 55506 "https://www.google.com/" "Mozilla/5.0 (iPad; CPU OS 15_5 like Mac OS X) AppleWebKit/605.1.15 (KHTML, like Gecko) GSA/227.1.470269224 Mobile/19F77 Safari/604.1" "ysfine.com"
40.77.167.27 - - [12/Sep/2022:07:26:05 -0700] "GET /world/kiev.html HTTP/1.1" 200 4582 "-" "Mozilla/5.0 AppleWebKit/537.36 (KHTML, like Gecko; compatible; bingbot/2.0; +http://www.bing.com/bingbot.htm) Chrome/103.0.5060.134 Safari/537.36" "ysfine.com"
51.211.214.239 - - [12/Sep/2022:07:26:08 -0700] "GET /eink/eink51.jpg HTTP/1.1" 200 144868 "https://www.google.com/" "Mozilla/5.0 (iPad; CPU OS 15_5 like Mac OS X) AppleWebKit/605.1.15 (KHTML, like Gecko) GSA/227.1.470269224 Mobile/19F77 Safari/604.1" "ysfine.com"
173.73.80.118 - - [12/Sep/2022:07:27:08 -0700] "GET /favicon.ico HTTP/1.1" 404 88 "https://ysfine.com/ys11/" "Mozilla/5.0 (Windows NT 10.0; Win64; x64) AppleWebKit/537.36 (KHTML, like Gecko) Chrome/104.0.5112.102 Safari/537.36" "ysfine.com"
40.77.167.33 - - [12/Sep/2022:07:28:02 -0700] "GET /home/mathrev.html HTTP/1.1" 200 1802 "-" "Mozilla/5.0 (compatible; bingbot/2.0; +http://www.bing.com/bingbot.htm)" "ysfine.com"
104.208.122.74 - - [12/Sep/2022:07:28:34 -0700] "GET /e/data/js/ajax.js HTTP/1.1" 404 88 "-" "Mozilla/5.0 (Windows NT 10.0; WOW64; rv:48.0) Gecko/20100101 Firefox/48.0" "ysfine.com"
130.74.58.225 - - [12/Sep/2022:07:29:38 -0700] "GET /world/china/opium01.jpg HTTP/1.1" 200 166936 "https://www.google.com/" "Mozilla/5.0 (Macintosh; Intel Mac OS X 10_12_6) AppleWebKit/537.36 (KHTML, like Gecko) Chrome/103.0.0.0 Safari/537.36" "ysfine.com"
40.77.167.35 - - [12/Sep/2022:07:29:54 -0700] "GET /kobak/underw31.jpg HTTP/1.1" 200 125758 "-" "Mozilla/5.0 (compatible; bingbot/2.0; +http://www.bing.com/bingbot.htm)" "ysfine.com"
40.77.167.35 - - [12/Sep/2022:07:29:58 -0700] "GET /world/london.html HTTP/1.1" 200 16969 "-" "Mozilla/5.0 (compatible; bingbot/2.0; +http://www.bing.com/bingbot.htm)" "ysfine.com"
157.55.39.146 - - [12/Sep/2022:07:30:11 -0700] "GET /kobak/rheetr.html HTTP/1.1" 200 838 "-" "Mozilla/5.0 AppleWebKit/537.36 (KHTML, like Gecko; compatible; bingbot/2.0; +http://www.bing.com/bingbot.htm) Chrome/103.0.5060.134 Safari/537.36" "ysfine.com"
40.77.167.33 - - [12/Sep/2022:07:30:22 -0700] "GET /home/harmoarchi.html HTTP/1.1" 200 3686 "-" "Mozilla/5.0 (compatible; bingbot/2.0; +http://www.bing.com/bingbot.htm)" "ysfine.com"
69.203.20.15 - - [12/Sep/2022:07:30:29 -0700] "GET /princeton/wilspoin.jpg HTTP/1.1" 200 84978 "https://www.google.com/" "Mozilla/5.0 (Macintosh; Intel Mac OS X 10_15_7) AppleWebKit/605.1.15 (KHTML, like Gecko) Version/15.3 Safari/605.1.15" "ysfine.com"
40.77.167.33 - - [12/Sep/2022:07:30:31 -0700] "GET /wigner/lunch270.jpg HTTP/1.1" 200 40293 "-" "Mozilla/5.0 (compatible; bingbot/2.0; +http://www.bing.com/bingbot.htm)" "www.ysfine.com"
40.77.167.33 - - [12/Sep/2022:07:30:31 -0700] "GET /style/bdances.html HTTP/1.1" 200 1607 "-" "Mozilla/5.0 (compatible; bingbot/2.0; +http://www.bing.com/bingbot.htm)" "ysfine.com"
51.104.146.225 - - [12/Sep/2022:07:31:26 -0700] "GET /princeton/dulles.jpg HTTP/1.1" 200 84176 "-" "DuckDuckBot/1.1; (+http://duckduckgo.com/duckduckbot.html)" "ysfine.com"
51.222.253.3 - - [12/Sep/2022:07:31:42 -0700] "GET /class54/class5470/total_data/sub_733.htm HTTP/1.1" 200 3294 "-" "Mozilla/5.0 (compatible; AhrefsBot/7.0; +http://ahrefs.com/robot/)" "ysfine.com"
51.222.253.1 - - [12/Sep/2022:07:31:44 -0700] "GET /class54/class5470/total_data/refer_img/7-31_f.jpg HTTP/1.1" 200 27393 "-" "Mozilla/5.0 (compatible; AhrefsBot/7.0; +http://ahrefs.com/robot/)" "ysfine.com"
51.222.253.5 - - [12/Sep/2022:07:31:44 -0700] "GET /class54/class5470/total_data/refer_img/7-38_f.jpg HTTP/1.1" 200 36030 "-" "Mozilla/5.0 (compatible; AhrefsBot/7.0; +http://ahrefs.com/robot/)" "ysfine.com"
51.222.253.20 - - [12/Sep/2022:07:31:45 -0700] "GET /class54/class5470/total_data/refer_img/7-26_f.jpg HTTP/1.1" 200 35595 "-" "Mozilla/5.0 (compatible; AhrefsBot/7.0; +http://ahrefs.com/robot/)" "ysfine.com"
51.222.253.13 - - [12/Sep/2022:07:31:46 -0700] "GET /class54/class5470/total_data/refer_img/7-40_f.jpg HTTP/1.1" 200 35063 "-" "Mozilla/5.0 (compatible; AhrefsBot/7.0; +http://ahrefs.com/robot/)" "ysfine.com"
51.222.253.20 - - [12/Sep/2022:07:31:46 -0700] "GET /class54/class5470/total_data/refer_img/7-25_f.jpg HTTP/1.1" 200 27860 "-" "Mozilla/5.0 (compatible; AhrefsBot/7.0; +http://ahrefs.com/robot/)" "ysfine.com"
51.222.253.18 - - [12/Sep/2022:07:31:47 -0700] "GET /class54/class5470/total_data/refer_img/7-34_f.jpg HTTP/1.1" 200 31575 "-" "Mozilla/5.0 (compatible; AhrefsBot/7.0; +http://ahrefs.com/robot/)" "ysfine.com"
51.222.253.4 - - [12/Sep/2022:07:31:48 -0700] "GET /class54/class5470/total_data/img/07_title.gif HTTP/1.1" 200 5491 "-" "Mozilla/5.0 (compatible; AhrefsBot/7.0; +http://ahrefs.com/robot/)" "ysfine.com"
51.222.253.10 - - [12/Sep/2022:07:31:48 -0700] "GET /class54/class5470/total_data/refer_img/7-39_f.jpg HTTP/1.1" 200 33581 "-" "Mozilla/5.0 (compatible; AhrefsBot/7.0; +http://ahrefs.com/robot/)" "ysfine.com"
51.222.253.12 - - [12/Sep/2022:07:31:49 -0700] "GET /class54/class5470/total_data/refer_img/7-28_f.jpg HTTP/1.1" 200 33368 "-" "Mozilla/5.0 (compatible; AhrefsBot/7.0; +http://ahrefs.com/robot/)" "ysfine.com"
51.222.253.10 - - [12/Sep/2022:07:31:49 -0700] "GET /class54/class5470/total_data/refer_img/7-21_f.jpg HTTP/1.1" 200 32811 "-" "Mozilla/5.0 (compatible; AhrefsBot/7.0; +http://ahrefs.com/robot/)" "ysfine.com"
51.222.253.18 - - [12/Sep/2022:07:31:50 -0700] "GET /class54/class5470/total_data/refer_img/7-22_f.jpg HTTP/1.1" 200 36609 "-" "Mozilla/5.0 (compatible; AhrefsBot/7.0; +http://ahrefs.com/robot/)" "ysfine.com"
51.222.253.12 - - [12/Sep/2022:07:31:50 -0700] "GET /class54/class5470/total_data/refer_img/7-36_f.jpg HTTP/1.1" 200 32652 "-" "Mozilla/5.0 (compatible; AhrefsBot/7.0; +http://ahrefs.com/robot/)" "ysfine.com"
51.222.253.13 - - [12/Sep/2022:07:31:50 -0700] "GET /class54/class5470/total_data/refer_img/7-35_f.jpg HTTP/1.1" 200 34715 "-" "Mozilla/5.0 (compatible; AhrefsBot/7.0; +http://ahrefs.com/robot/)" "ysfine.com"
51.222.253.5 - - [12/Sep/2022:07:31:51 -0700] "GET /class54/class5470/total_data/img/sm02_off.gif HTTP/1.1" 200 426 "-" "Mozilla/5.0 (compatible; AhrefsBot/7.0; +http://ahrefs.com/robot/)" "ysfine.com"
51.222.253.19 - - [12/Sep/2022:07:31:51 -0700] "GET /class54/class5470/total_data/refer_img/7-29_f.jpg HTTP/1.1" 200 33079 "-" "Mozilla/5.0 (compatible; AhrefsBot/7.0; +http://ahrefs.com/robot/)" "ysfine.com"
194.93.0.40 - - [12/Sep/2022:07:31:51 -0700] "GET /robots.txt HTTP/1.1" 404 73 "-" "Mozilla/4.0 (compatible; fluid/0.0; +http://www.leak.info/bot.html)" "ysfine.com"
51.222.253.1 - - [12/Sep/2022:07:31:52 -0700] "GET /class54/class5470/total_data/img/03_smline.gif HTTP/1.1" 200 3214 "-" "Mozilla/5.0 (compatible; AhrefsBot/7.0; +http://ahrefs.com/robot/)" "ysfine.com"
51.222.253.16 - - [12/Sep/2022:07:31:52 -0700] "GET /class54/class5470/total_data/refer_img/7-23_f.jpg HTTP/1.1" 200 37428 "-" "Mozilla/5.0 (compatible; AhrefsBot/7.0; +http://ahrefs.com/robot/)" "ysfine.com"
51.222.253.20 - - [12/Sep/2022:07:31:52 -0700] "GET /class54/class5470/total_data/refer_img/7-37_f.jpg HTTP/1.1" 200 32634 "-" "Mozilla/5.0 (compatible; AhrefsBot/7.0; +http://ahrefs.com/robot/)" "ysfine.com"
51.222.253.10 - - [12/Sep/2022:07:31:53 -0700] "GET /class54/class5470/total_data/refer_img/7-33_f.jpg HTTP/1.1" 200 28140 "-" "Mozilla/5.0 (compatible; AhrefsBot/7.0; +http://ahrefs.com/robot/)" "ysfine.com"
51.222.253.20 - - [12/Sep/2022:07:31:53 -0700] "GET /class54/class5470/total_data/img/sm04_on.gif HTTP/1.1" 200 392 "-" "Mozilla/5.0 (compatible; AhrefsBot/7.0; +http://ahrefs.com/robot/)" "ysfine.com"
51.222.253.1 - - [12/Sep/2022:07:31:53 -0700] "GET /class54/class5470/total_data/refer_img/7-27_f.jpg HTTP/1.1" 200 36092 "-" "Mozilla/5.0 (compatible; AhrefsBot/7.0; +http://ahrefs.com/robot/)" "ysfine.com"
51.222.253.1 - - [12/Sep/2022:07:31:54 -0700] "GET /class54/class5470/total_data/refer_img/7-24_f.jpg HTTP/1.1" 200 38321 "-" "Mozilla/5.0 (compatible; AhrefsBot/7.0; +http://ahrefs.com/robot/)" "ysfine.com"
51.222.253.8 - - [12/Sep/2022:07:31:54 -0700] "GET /class54/class5470/total_data/photo_img/7-33.jpg HTTP/1.1" 200 157949 "-" "Mozilla/5.0 (compatible; AhrefsBot/7.0; +http://ahrefs.com/robot/)" "ysfine.com"
51.222.253.6 - - [12/Sep/2022:07:31:55 -0700] "GET /class54/class5470/total_data/refer_img/7-30_f.jpg HTTP/1.1" 200 34040 "-" "Mozilla/5.0 (compatible; AhrefsBot/7.0; +http://ahrefs.com/robot/)" "ysfine.com"
40.77.167.35 - - [12/Sep/2022:07:32:33 -0700] "GET /world/russ/mosmusic55.jpg HTTP/1.1" 200 170298 "-" "Mozilla/5.0 (compatible; bingbot/2.0; +http://www.bing.com/bingbot.htm)" "ysfine.com"
173.73.80.118 - - [12/Sep/2022:07:33:16 -0700] "GET /index.html HTTP/1.1" 200 5283 "-" "Mozilla/5.0 (Windows NT 10.0; Win64; x64) AppleWebKit/537.36 (KHTML, like Gecko) Chrome/104.0.5112.102 Safari/537.36" "ysfine.com"
40.77.167.62 - - [12/Sep/2022:07:33:26 -0700] "GET /einstein/further.html HTTP/1.1" 200 4338 "-" "Mozilla/5.0 (compatible; bingbot/2.0; +http://www.bing.com/bingbot.htm)" "ysfine.com"
40.77.167.33 - - [12/Sep/2022:07:33:42 -0700] "GET /wigner/wigrigh.html HTTP/1.1" 200 2476 "-" "Mozilla/5.0 (compatible; bingbot/2.0; +http://www.bing.com/bingbot.htm)" "ysfine.com"
40.77.167.35 - - [12/Sep/2022:07:33:47 -0700] "GET /maga/landau.html HTTP/1.1" 200 6658 "-" "Mozilla/5.0 (compatible; bingbot/2.0; +http://www.bing.com/bingbot.htm)" "ysfine.com"
66.249.72.130 - - [12/Sep/2022:07:34:00 -0700] "GET /beau/amkor/kostu05b.jpg HTTP/1.1" 404 88 "-" "Googlebot-Image/1.0" "ysfine.com"
40.77.167.35 - - [12/Sep/2022:07:34:06 -0700] "GET /usca/pitt/pgh52.jpg HTTP/1.1" 200 62768 "-" "Mozilla/5.0 (compatible; bingbot/2.0; +http://www.bing.com/bingbot.htm)" "www.ysfine.com"
40.77.167.35 - - [12/Sep/2022:07:34:26 -0700] "GET /world/germany/oktf15.jpg HTTP/1.1" 200 108328 "-" "Mozilla/5.0 (compatible; bingbot/2.0; +http://www.bing.com/bingbot.htm)" "www.ysfine.com"
66.249.72.158 - - [12/Sep/2022:07:34:37 -0700] "GET /beau/amkor/kostu09.jpg HTTP/1.1" 404 88 "-" "Googlebot-Image/1.0" "ysfine.com"
40.77.167.35 - - [12/Sep/2022:07:34:44 -0700] "GET /world/israel/tlv11c.jpg HTTP/1.1" 200 34147 "-" "Mozilla/5.0 (compatible; bingbot/2.0; +http://www.bing.com/bingbot.htm)" "ysfine.com"
193.48.70.222 - - [12/Sep/2022:07:35:01 -0700] "GET /maga/phys/naimar/pewk09.jpg HTTP/1.1" 200 54557 "https://www.google.com/" "Mozilla/5.0 (X11; Linux x86_64) AppleWebKit/537.36 (KHTML, like Gecko) Chrome/105.0.0.0 Safari/537.36" "ysfine.com"
157.55.39.146 - - [12/Sep/2022:07:35:41 -0700] "GET /world/wigberlin.html HTTP/1.1" 200 7173 "-" "Mozilla/5.0 (compatible; bingbot/2.0; +http://www.bing.com/bingbot.htm)" "ysfine.com"
40.77.167.33 - - [12/Sep/2022:07:35:52 -0700] "GET /world/stuttgart.html HTTP/1.1" 200 4926 "-" "Mozilla/5.0 (compatible; bingbot/2.0; +http://www.bing.com/bingbot.htm)" "ysfine.com"
5.45.207.150 - - [12/Sep/2022:07:36:16 -0700] "GET /robots.txt HTTP/1.1" 404 73 "-" "Mozilla/5.0 (compatible; YandexBot/3.0; +http://yandex.com/bots)" "www.ysfine.com"
95.108.213.64 - - [12/Sep/2022:07:36:20 -0700] "GET /world/ysworld HTTP/1.1" 200 3195 "-" "Mozilla/5.0 (compatible; YandexBot/3.0; +http://yandex.com/bots)" "www.ysfine.com"
122.162.144.25 - - [12/Sep/2022:07:36:30 -0700] "GET /einstein/texfiles/einheis03.jpg HTTP/1.1" 200 46000 "https://www.google.com/" "Mozilla/5.0 (Linux; Android 12; V2022 Build/SP1A.210812.003; wv) AppleWebKit/537.36 (KHTML, like Gecko) Version/4.0 Chrome/104.0.5112.97 Mobile Safari/537.36 GoogleApp/13.34.12.26.arm64" "ysfine.com"
40.77.167.35 - - [12/Sep/2022:07:36:35 -0700] "GET /class54/emailed.html HTTP/1.1" 200 8184 "-" "Mozilla/5.0 (compatible; bingbot/2.0; +http://www.bing.com/bingbot.htm)" "www.ysfine.com"
152.13.124.144 - - [12/Sep/2022:07:36:38 -0700] "GET /world/ital/vicenza04.jpg HTTP/1.1" 200 177718 "https://www.google.com/" "Mozilla/5.0 (Windows NT 10.0; Win64; x64) AppleWebKit/537.36 (KHTML, like Gecko) Chrome/105.0.0.0 Safari/537.36" "ysfine.com"
173.73.80.118 - - [12/Sep/2022:07:36:46 -0700] "GET /awards/iao.html HTTP/1.1" 304 - "https://ysfine.com/ys11/" "Mozilla/5.0 (Windows NT 10.0; Win64; x64) AppleWebKit/537.36 (KHTML, like Gecko) Chrome/104.0.5112.102 Safari/537.36" "ysfine.com"
173.73.80.118 - - [12/Sep/2022:07:36:47 -0700] "GET /home/truck/truck450.jpg HTTP/1.1" 304 - "https://ysfine.com/awards/iao.html" "Mozilla/5.0 (Windows NT 10.0; Win64; x64) AppleWebKit/537.36 (KHTML, like Gecko) Chrome/104.0.5112.102 Safari/537.36" "ysfine.com"
173.73.80.118 - - [12/Sep/2022:07:36:47 -0700] "GET /home/timessq33d.jpg HTTP/1.1" 304 - "https://ysfine.com/awards/iao.html" "Mozilla/5.0 (Windows NT 10.0; Win64; x64) AppleWebKit/537.36 (KHTML, like Gecko) Chrome/104.0.5112.102 Safari/537.36" "ysfine.com"
173.73.80.118 - - [12/Sep/2022:07:36:47 -0700] "GET /kobak/taylor400.jpg HTTP/1.1" 304 - "https://ysfine.com/awards/iao.html" "Mozilla/5.0 (Windows NT 10.0; Win64; x64) AppleWebKit/537.36 (KHTML, like Gecko) Chrome/104.0.5112.102 Safari/537.36" "ysfine.com"
173.73.80.118 - - [12/Sep/2022:07:36:47 -0700] "GET /eink/pwk450.jpg HTTP/1.1" 304 - "https://ysfine.com/awards/iao.html" "Mozilla/5.0 (Windows NT 10.0; Win64; x64) AppleWebKit/537.36 (KHTML, like Gecko) Chrome/104.0.5112.102 Safari/537.36" "ysfine.com"
40.77.167.33 - - [12/Sep/2022:07:37:11 -0700] "GET /kobak/kimjap11.jpg HTTP/1.1" 200 114962 "-" "Mozilla/5.0 (compatible; bingbot/2.0; +http://www.bing.com/bingbot.htm)" "www.ysfine.com"
51.222.253.15 - - [12/Sep/2022:07:37:18 -0700] "GET /maga/bohrkierk.html HTTP/1.1" 200 2947 "-" "Mozilla/5.0 (compatible; AhrefsBot/7.0; +http://ahrefs.com/robot/)" "www.ysfine.com"
51.222.253.6 - - [12/Sep/2022:07:37:21 -0700] "GET /maga/phil/kierke11b.jpg HTTP/1.1" 200 32163 "-" "Mozilla/5.0 (compatible; AhrefsBot/7.0; +http://ahrefs.com/robot/)" "www.ysfine.com"
51.222.253.2 - - [12/Sep/2022:07:37:21 -0700] "GET /maga/phys/bohr22b.jpg HTTP/1.1" 200 31482 "-" "Mozilla/5.0 (compatible; AhrefsBot/7.0; +http://ahrefs.com/robot/)" "www.ysfine.com"
51.222.253.15 - - [12/Sep/2022:07:37:22 -0700] "GET /world/france/magots03b.jpg HTTP/1.1" 200 48195 "-" "Mozilla/5.0 (compatible; AhrefsBot/7.0; +http://ahrefs.com/robot/)" "www.ysfine.com"
51.222.253.6 - - [12/Sep/2022:07:37:22 -0700] "GET /feynman/chewfra2.jpg HTTP/1.1" 200 40458 "-" "Mozilla/5.0 (compatible; AhrefsBot/7.0; +http://ahrefs.com/robot/)" "www.ysfine.com"
40.77.167.35 - - [12/Sep/2022:07:38:46 -0700] "GET /kobak/kangban.jpg HTTP/1.1" 200 100804 "-" "Mozilla/5.0 (compatible; bingbot/2.0; +http://www.bing.com/bingbot.htm)" "www.ysfine.com"
173.73.80.118 - - [12/Sep/2022:07:38:51 -0700] "GET /ys11/ HTTP/1.1" 304 - "-" "Mozilla/5.0 (Windows NT 10.0; Win64; x64) AppleWebKit/537.36 (KHTML, like Gecko) Chrome/105.0.0.0 Safari/537.36 Edg/105.0.1343.33" "ysfine.com"
173.73.80.118 - - [12/Sep/2022:07:38:51 -0700] "GET /favicon.ico HTTP/1.1" 404 88 "https://ysfine.com/ys11/" "Mozilla/5.0 (Windows NT 10.0; Win64; x64) AppleWebKit/537.36 (KHTML, like Gecko) Chrome/105.0.0.0 Safari/537.36 Edg/105.0.1343.33" "ysfine.com"
40.77.167.33 - - [12/Sep/2022:07:38:52 -0700] "GET /maga/invent/marconi02c.jpg HTTP/1.1" 200 27154 "-" "Mozilla/5.0 (compatible; bingbot/2.0; +http://www.bing.com/bingbot.htm)" "www.ysfine.com"
40.77.167.33 - - [12/Sep/2022:07:40:32 -0700] "GET /einstein/heisenberg.html HTTP/1.1" 200 10552 "-" "Mozilla/5.0 (compatible; bingbot/2.0; +http://www.bing.com/bingbot.htm)" "ysfine.com"
54.161.41.102 - - [12/Sep/2022:07:41:30 -0700] "GET /robots.txt HTTP/1.1" 404 88 "-" "Mozilla/5.0 (compatible; Neevabot/1.0; +https://neeva.com/neevabot)" "ysfine.com"
69.63.189.116 - - [12/Sep/2022:07:41:33 -0700] "GET /home/ HTTP/1.1" 206 142 "-" "facebookexternalhit/1.1 (+http://www.facebook.com/externalhit_uatext.php)" "ysfine.com"
54.161.41.102 - - [12/Sep/2022:07:41:40 -0700] "GET /newyork/columbia.html HTTP/1.1" 200 3175 "-" "Mozilla/5.0 (compatible; Neevabot/1.0; +https://neeva.com/neevabot)" "ysfine.com"
174.55.18.113 - - [12/Sep/2022:07:42:06 -0700] "GET /maga/phil/herod33b.jpg HTTP/1.1" 200 89384 "https://search.aol.com/aol/image;_ylt=AwrFE6gQQx9jn5sSJmdjCWVH;_ylu=c2VjA3NlYXJjaARzbGsDYnV0dG9u;_ylc=X1MDMTE5NzgwMzg3NQRfcgMyBGFjdG4DY2xrBGNzcmNwdmlkA2lkcVFfVEV5Tnk0aVdiWFZnUDVpbndKOU1UYzBMZ0FBQUFERkVocUQEZnIDBGdwcmlkA1dfMVNMRmpMUjdPZHZ1NkNGRWpyNkEEbl9zdWdnAzQEb3JpZ2luA3NlYXJjaC5hb2wuY29tBHBvcwMyBHBxc3RyA2hlcm9kJTIwdGhlJTIwZ3JlYXQlMjBraWxsaW5nJTIwYmFiaWVzBHBxc3RybAMzMARxc3RybAM0NwRxdWVyeQNoZXJvZCUyMHRoZSUyMGdyZWF0JTIwa2lsbGluZyUyMGJhYmllcyUyMGltYWdlcwR0X3N0bXADMTY2Mjk5MzY3Ng--?fr2=sa-gp-&q=herod+the+great+killing+babies+images&v_t=webmail-searchbox&s_it=sb_top&ei=UTF-8&x=wrt&s_qt=ac" "Mozilla/5.0 (Windows NT 10.0; Win64; x64) AppleWebKit/537.36 (KHTML, like Gecko) Chrome/105.0.0.0 Safari/537.36" "www.ysfine.com"
200.170.202.162 - - [12/Sep/2022:07:42:11 -0700] "GET /kobak/sl628.jpg HTTP/1.1" 200 225100 "https://www.google.com/" "Mozilla/5.0 (Macintosh; Intel Mac OS X 10_14_6) AppleWebKit/537.36 (KHTML, like Gecko) Chrome/105.0.0.0 Safari/537.36" "ysfine.com"
185.191.171.6 - - [12/Sep/2022:07:42:32 -0700] "GET /feynman/feynart.html HTTP/1.1" 200 10277 "-" "Mozilla/5.0 (compatible; SemrushBot/7~bl; +http://www.semrush.com/bot.html)" "ysfine.com"
51.222.253.2 - - [12/Sep/2022:07:42:49 -0700] "GET /class54/class5470/total_data/sub_759.htm HTTP/1.1" 200 3306 "-" "Mozilla/5.0 (compatible; AhrefsBot/7.0; +http://ahrefs.com/robot/)" "www.ysfine.com"
187.25.38.56 - - [12/Sep/2022:07:42:56 -0700] "GET /wigner/neum/vnc01.jpg HTTP/1.1" 200 133641 "https://sites.google.com/" "Mozilla/5.0 (Linux; Android 11; SM-A307GT) AppleWebKit/537.36 (KHTML, like Gecko) Chrome/105.0.0.0 Mobile Safari/537.36" "ysfine.com"
154.54.249.206 - - [12/Sep/2022:07:43:01 -0700] "GET /class54/class5470/total_data/sub_288.htm HTTP/1.1" 200 3386 "-" "Mozilla/5.0 (compatible; Barkrowler/0.9; +https://babbar.tech/crawler)" "www.ysfine.com"
40.77.167.35 - - [12/Sep/2022:07:43:45 -0700] "GET /maga/phys/schroheisen33b.jpg HTTP/1.1" 200 41615 "-" "Mozilla/5.0 (compatible; bingbot/2.0; +http://www.bing.com/bingbot.htm)" "ysfine.com"
40.77.167.35 - - [12/Sep/2022:07:44:16 -0700] "GET /sbk/photo21.html HTTP/1.1" 200 7762 "-" "Mozilla/5.0 (compatible; bingbot/2.0; +http://www.bing.com/bingbot.htm)" "ysfine.com"
154.54.249.206 - - [12/Sep/2022:07:44:51 -0700] "GET /einstein/fantova/fantova.html HTTP/1.1" 200 6506 "-" "Mozilla/5.0 (compatible; Barkrowler/0.9; +https://babbar.tech/crawler)" "ysfine.com"
40.77.167.27 - - [12/Sep/2022:07:44:56 -0700] "GET /maga/phil/conic01.jpg HTTP/1.1" 200 70533 "-" "Mozilla/5.0 (compatible; bingbot/2.0; +http://www.bing.com/bingbot.htm)" "ysfine.com"
157.55.39.146 - - [12/Sep/2022:07:45:22 -0700] "GET /world/china11.html HTTP/1.1" 200 24682 "-" "Mozilla/5.0 (compatible; bingbot/2.0; +http://www.bing.com/bingbot.htm)" "ysfine.com"
40.77.167.99 - - [12/Sep/2022:07:45:51 -0700] "GET /robots.txt HTTP/1.1" 404 88 "-" "Mozilla/5.0 (compatible; bingbot/2.0; +http://www.bing.com/bingbot.htm)" "ysfine.com"
40.77.167.33 - - [12/Sep/2022:07:46:03 -0700] "GET /maga/phys/yukafeyn2.jpg HTTP/1.1" 200 36709 "-" "Mozilla/5.0 (compatible; bingbot/2.0; +http://www.bing.com/bingbot.htm)" "ysfine.com"
40.77.167.33 - - [12/Sep/2022:07:46:03 -0700] "GET /einstein/einplanck.html HTTP/1.1" 200 3255 "-" "Mozilla/5.0 (compatible; bingbot/2.0; +http://www.bing.com/bingbot.htm)" "ysfine.com"
40.77.167.62 - - [12/Sep/2022:07:47:07 -0700] "GET /home/baranger97c.jpg HTTP/1.1" 200 25248 "-" "Mozilla/5.0 (compatible; bingbot/2.0; +http://www.bing.com/bingbot.htm)" "ysfine.com"
40.77.167.35 - - [12/Sep/2022:07:47:17 -0700] "GET /world/latina/feynplate.html HTTP/1.1" 200 1525 "-" "Mozilla/5.0 (compatible; bingbot/2.0; +http://www.bing.com/bingbot.htm)" "ysfine.com"
66.249.72.130 - - [12/Sep/2022:07:47:22 -0700] "GET /dirac/dirpoem01b.jpg HTTP/1.1" 304 - "-" "Googlebot-Image/1.0" "ysfine.com"
174.55.18.113 - - [12/Sep/2022:07:48:12 -0700] "GET /maga/phil/herod11b.jpg HTTP/1.1" 200 152001 "https://search.aol.com/aol/image;_ylt=AwrFE6gQQx9jn5sSJmdjCWVH;_ylu=c2VjA3NlYXJjaARzbGsDYnV0dG9u;_ylc=X1MDMTE5NzgwMzg3NQRfcgMyBGFjdG4DY2xrBGNzcmNwdmlkA2lkcVFfVEV5Tnk0aVdiWFZnUDVpbndKOU1UYzBMZ0FBQUFERkVocUQEZnIDBGdwcmlkA1dfMVNMRmpMUjdPZHZ1NkNGRWpyNkEEbl9zdWdnAzQEb3JpZ2luA3NlYXJjaC5hb2wuY29tBHBvcwMyBHBxc3RyA2hlcm9kJTIwdGhlJTIwZ3JlYXQlMjBraWxsaW5nJTIwYmFiaWVzBHBxc3RybAMzMARxc3RybAM0NwRxdWVyeQNoZXJvZCUyMHRoZSUyMGdyZWF0JTIwa2lsbGluZyUyMGJhYmllcyUyMGltYWdlcwR0X3N0bXADMTY2Mjk5MzY3Ng--?fr2=sa-gp-&q=herod+the+great+killing+babies+images&v_t=webmail-searchbox&s_it=sb_top&ei=UTF-8&x=wrt&s_qt=ac" "Mozilla/5.0 (Windows NT 10.0; Win64; x64) AppleWebKit/537.36 (KHTML, like Gecko) Chrome/105.0.0.0 Safari/537.36" "ysfine.com"
51.222.253.4 - - [12/Sep/2022:07:48:49 -0700] "GET /class54/class5470/total_data/sub_743.htm HTTP/1.1" 200 3297 "-" "Mozilla/5.0 (compatible; AhrefsBot/7.0; +http://ahrefs.com/robot/)" "www.ysfine.com"
51.222.253.18 - - [12/Sep/2022:07:48:51 -0700] "GET /class54/class5470/total_data/refer_img/7-44_f.jpg HTTP/1.1" 200 35363 "-" "Mozilla/5.0 (compatible; AhrefsBot/7.0; +http://ahrefs.com/robot/)" "www.ysfine.com"
51.222.253.19 - - [12/Sep/2022:07:48:52 -0700] "GET /class54/class5470/total_data/refer_img/7-54_f.jpg HTTP/1.1" 200 30722 "-" "Mozilla/5.0 (compatible; AhrefsBot/7.0; +http://ahrefs.com/robot/)" "www.ysfine.com"
51.222.253.9 - - [12/Sep/2022:07:48:52 -0700] "GET /class54/class5470/total_data/refer_img/7-42_f.jpg HTTP/1.1" 200 35763 "-" "Mozilla/5.0 (compatible; AhrefsBot/7.0; +http://ahrefs.com/robot/)" "www.ysfine.com"
51.222.253.1 - - [12/Sep/2022:07:48:52 -0700] "GET /class54/class5470/total_data/refer_img/7-46_f.jpg HTTP/1.1" 200 31567 "-" "Mozilla/5.0 (compatible; AhrefsBot/7.0; +http://ahrefs.com/robot/)" "www.ysfine.com"
51.222.253.12 - - [12/Sep/2022:07:48:53 -0700] "GET /class54/class5470/total_data/refer_img/7-50_f.jpg HTTP/1.1" 200 35620 "-" "Mozilla/5.0 (compatible; AhrefsBot/7.0; +http://ahrefs.com/robot/)" "www.ysfine.com"
51.222.253.7 - - [12/Sep/2022:07:48:54 -0700] "GET /class54/class5470/total_data/photo_img/7-43.jpg HTTP/1.1" 200 206313 "-" "Mozilla/5.0 (compatible; AhrefsBot/7.0; +http://ahrefs.com/robot/)" "www.ysfine.com"
51.222.253.4 - - [12/Sep/2022:07:48:55 -0700] "GET /class54/class5470/total_data/refer_img/7-57_f.jpg HTTP/1.1" 200 38052 "-" "Mozilla/5.0 (compatible; AhrefsBot/7.0; +http://ahrefs.com/robot/)" "www.ysfine.com"
51.222.253.17 - - [12/Sep/2022:07:49:03 -0700] "GET /class54/class5470/total_data/refer_img/7-51_f.jpg HTTP/1.1" 200 38723 "-" "Mozilla/5.0 (compatible; AhrefsBot/7.0; +http://ahrefs.com/robot/)" "www.ysfine.com"
51.222.253.7 - - [12/Sep/2022:07:49:04 -0700] "GET /class54/class5470/total_data/refer_img/7-53_f.jpg HTTP/1.1" 200 35539 "-" "Mozilla/5.0 (compatible; AhrefsBot/7.0; +http://ahrefs.com/robot/)" "www.ysfine.com"
51.222.253.11 - - [12/Sep/2022:07:49:04 -0700] "GET /class54/class5470/total_data/refer_img/7-56_f.jpg HTTP/1.1" 200 38989 "-" "Mozilla/5.0 (compatible; AhrefsBot/7.0; +http://ahrefs.com/robot/)" "www.ysfine.com"
51.222.253.11 - - [12/Sep/2022:07:49:05 -0700] "GET /class54/class5470/total_data/refer_img/7-58_f.jpg HTTP/1.1" 200 39362 "-" "Mozilla/5.0 (compatible; AhrefsBot/7.0; +http://ahrefs.com/robot/)" "www.ysfine.com"
51.222.253.6 - - [12/Sep/2022:07:49:06 -0700] "GET /class54/class5470/total_data/refer_img/7-59_f.jpg HTTP/1.1" 200 38671 "-" "Mozilla/5.0 (compatible; AhrefsBot/7.0; +http://ahrefs.com/robot/)" "www.ysfine.com"
51.222.253.16 - - [12/Sep/2022:07:49:07 -0700] "GET /class54/class5470/total_data/refer_img/7-45_f.jpg HTTP/1.1" 200 32793 "-" "Mozilla/5.0 (compatible; AhrefsBot/7.0; +http://ahrefs.com/robot/)" "www.ysfine.com"
51.222.253.6 - - [12/Sep/2022:07:49:08 -0700] "GET /class54/class5470/total_data/refer_img/7-43_f.jpg HTTP/1.1" 200 32167 "-" "Mozilla/5.0 (compatible; AhrefsBot/7.0; +http://ahrefs.com/robot/)" "www.ysfine.com"
51.222.253.10 - - [12/Sep/2022:07:49:08 -0700] "GET /class54/class5470/total_data/refer_img/7-49_f.jpg HTTP/1.1" 200 37633 "-" "Mozilla/5.0 (compatible; AhrefsBot/7.0; +http://ahrefs.com/robot/)" "www.ysfine.com"
51.222.253.13 - - [12/Sep/2022:07:49:09 -0700] "GET /class54/class5470/total_data/refer_img/7-52_f.jpg HTTP/1.1" 200 37800 "-" "Mozilla/5.0 (compatible; AhrefsBot/7.0; +http://ahrefs.com/robot/)" "www.ysfine.com"
51.222.253.15 - - [12/Sep/2022:07:49:10 -0700] "GET /class54/class5470/total_data/refer_img/7-55_f.jpg HTTP/1.1" 200 31647 "-" "Mozilla/5.0 (compatible; AhrefsBot/7.0; +http://ahrefs.com/robot/)" "www.ysfine.com"
51.222.253.7 - - [12/Sep/2022:07:49:11 -0700] "GET /class54/class5470/total_data/refer_img/7-60_f.jpg HTTP/1.1" 200 54754 "-" "Mozilla/5.0 (compatible; AhrefsBot/7.0; +http://ahrefs.com/robot/)" "www.ysfine.com"
51.222.253.3 - - [12/Sep/2022:07:49:11 -0700] "GET /class54/class5470/total_data/refer_img/7-48_f.jpg HTTP/1.1" 200 29734 "-" "Mozilla/5.0 (compatible; AhrefsBot/7.0; +http://ahrefs.com/robot/)" "www.ysfine.com"
51.222.253.17 - - [12/Sep/2022:07:49:11 -0700] "GET /class54/class5470/total_data/refer_img/7-47_f.jpg HTTP/1.1" 200 36785 "-" "Mozilla/5.0 (compatible; AhrefsBot/7.0; +http://ahrefs.com/robot/)" "www.ysfine.com"
51.222.253.2 - - [12/Sep/2022:07:49:12 -0700] "GET /class54/class5470/total_data/img/sm01_on.gif HTTP/1.1" 200 382 "-" "Mozilla/5.0 (compatible; AhrefsBot/7.0; +http://ahrefs.com/robot/)" "www.ysfine.com"
157.55.39.146 - - [12/Sep/2022:07:50:02 -0700] "GET /maga/fermi.html HTTP/1.1" 200 3387 "-" "Mozilla/5.0 (compatible; bingbot/2.0; +http://www.bing.com/bingbot.htm)" "ysfine.com"
40.77.167.35 - - [12/Sep/2022:07:50:07 -0700] "GET /world/ital/pantheon.html HTTP/1.1" 200 277 "-" "Mozilla/5.0 (compatible; bingbot/2.0; +http://www.bing.com/bingbot.htm)" "ysfine.com"
173.73.80.118 - - [12/Sep/2022:07:50:51 -0700] "GET /home/bio.html HTTP/1.1" 200 15156 "https://ysfine.com/ys11/" "Mozilla/5.0 (Windows NT 10.0; Win64; x64; rv:104.0) Gecko/20100101 Firefox/104.0" "ysfine.com"
173.73.80.118 - - [12/Sep/2022:07:50:51 -0700] "GET /home/ysrhee33c.jpg HTTP/1.1" 200 26817 "https://ysfine.com/home/bio.html" "Mozilla/5.0 (Windows NT 10.0; Win64; x64; rv:104.0) Gecko/20100101 Firefox/104.0" "ysfine.com"
40.77.167.35 - - [12/Sep/2022:07:50:58 -0700] "GET /maga/hegel.html HTTP/1.1" 200 4700 "-" "Mozilla/5.0 (compatible; bingbot/2.0; +http://www.bing.com/bingbot.htm)" "ysfine.com"
173.73.80.118 - - [12/Sep/2022:07:51:14 -0700] "GET /home/bio11 HTTP/1.1" 200 12161 "-" "Mozilla/5.0 (Windows NT 10.0; Win64; x64; rv:104.0) Gecko/20100101 Firefox/104.0" "ysfine.com"
173.73.80.118 - - [12/Sep/2022:07:51:14 -0700] "GET /kowar/feb8b.jpg HTTP/1.1" 200 45612 "https://ysfine.com/home/bio11" "Mozilla/5.0 (Windows NT 10.0; Win64; x64; rv:104.0) Gecko/20100101 Firefox/104.0" "ysfine.com"
173.73.80.118 - - [12/Sep/2022:07:51:14 -0700] "GET /kowar/sampal02b.jpg HTTP/1.1" 200 39972 "https://ysfine.com/home/bio11" "Mozilla/5.0 (Windows NT 10.0; Win64; x64; rv:104.0) Gecko/20100101 Firefox/104.0" "ysfine.com"
173.73.80.118 - - [12/Sep/2022:07:51:14 -0700] "GET /kobak/somap38b.jpg HTTP/1.1" 200 54149 "https://ysfine.com/home/bio11" "Mozilla/5.0 (Windows NT 10.0; Win64; x64; rv:104.0) Gecko/20100101 Firefox/104.0" "ysfine.com"
173.73.80.118 - - [12/Sep/2022:07:51:14 -0700] "GET /kowar/shintak01b.jpg HTTP/1.1" 200 42707 "https://ysfine.com/home/bio11" "Mozilla/5.0 (Windows NT 10.0; Win64; x64; rv:104.0) Gecko/20100101 Firefox/104.0" "ysfine.com"
173.73.80.118 - - [12/Sep/2022:07:51:14 -0700] "GET /kowar/landreform01b.jpg HTTP/1.1" 200 63201 "https://ysfine.com/home/bio11" "Mozilla/5.0 (Windows NT 10.0; Win64; x64; rv:104.0) Gecko/20100101 Firefox/104.0" "ysfine.com"
173.73.80.118 - - [12/Sep/2022:07:51:14 -0700] "GET /kowar/tanks/gmc01b.jpg HTTP/1.1" 200 43939 "https://ysfine.com/home/bio11" "Mozilla/5.0 (Windows NT 10.0; Win64; x64; rv:104.0) Gecko/20100101 Firefox/104.0" "ysfine.com"
173.73.80.118 - - [12/Sep/2022:07:51:14 -0700] "GET /kowar/roosevelt01b.jpg HTTP/1.1" 200 30594 "https://ysfine.com/home/bio11" "Mozilla/5.0 (Windows NT 10.0; Win64; x64; rv:104.0) Gecko/20100101 Firefox/104.0" "ysfine.com"
173.73.80.118 - - [12/Sep/2022:07:51:14 -0700] "GET /kowar/pnoodle01b.jpg HTTP/1.1" 200 44990 "https://ysfine.com/home/bio11" "Mozilla/5.0 (Windows NT 10.0; Win64; x64; rv:104.0) Gecko/20100101 Firefox/104.0" "ysfine.com"
173.73.80.118 - - [12/Sep/2022:07:51:14 -0700] "GET /kowar/tanks/tank05b.jpg HTTP/1.1" 200 48742 "https://ysfine.com/home/bio11" "Mozilla/5.0 (Windows NT 10.0; Win64; x64; rv:104.0) Gecko/20100101 Firefox/104.0" "ysfine.com"
173.73.80.118 - - [12/Sep/2022:07:51:14 -0700] "GET /kowar/tanks/abomb01b.jpg HTTP/1.1" 200 32937 "https://ysfine.com/home/bio11" "Mozilla/5.0 (Windows NT 10.0; Win64; x64; rv:104.0) Gecko/20100101 Firefox/104.0" "ysfine.com"
173.73.80.118 - - [12/Sep/2022:07:51:14 -0700] "GET /kowar/bonesteel01b.jpg HTTP/1.1" 200 33050 "https://ysfine.com/home/bio11" "Mozilla/5.0 (Windows NT 10.0; Win64; x64; rv:104.0) Gecko/20100101 Firefox/104.0" "ysfine.com"
173.73.80.118 - - [12/Sep/2022:07:51:14 -0700] "GET /kowar/rusk01b.jpg HTTP/1.1" 200 42888 "https://ysfine.com/home/bio11" "Mozilla/5.0 (Windows NT 10.0; Win64; x64; rv:104.0) Gecko/20100101 Firefox/104.0" "ysfine.com"
173.73.80.118 - - [12/Sep/2022:07:51:14 -0700] "GET /kowar/stalin01b.jpg HTTP/1.1" 200 43158 "https://ysfine.com/home/bio11" "Mozilla/5.0 (Windows NT 10.0; Win64; x64; rv:104.0) Gecko/20100101 Firefox/104.0" "ysfine.com"
173.73.80.118 - - [12/Sep/2022:07:51:14 -0700] "GET /kowar/kwandong01b.jpg HTTP/1.1" 200 33688 "https://ysfine.com/home/bio11" "Mozilla/5.0 (Windows NT 10.0; Win64; x64; rv:104.0) Gecko/20100101 Firefox/104.0" "ysfine.com"
173.73.80.118 - - [12/Sep/2022:07:51:14 -0700] "GET /kowar/kwandong02b.jpg HTTP/1.1" 200 55217 "https://ysfine.com/home/bio11" "Mozilla/5.0 (Windows NT 10.0; Win64; x64; rv:104.0) Gecko/20100101 Firefox/104.0" "ysfine.com"
173.73.80.118 - - [12/Sep/2022:07:51:14 -0700] "GET /kowar/zhukov01b.jpg HTTP/1.1" 200 43906 "https://ysfine.com/home/bio11" "Mozilla/5.0 (Windows NT 10.0; Win64; x64; rv:104.0) Gecko/20100101 Firefox/104.0" "ysfine.com"
173.73.80.118 - - [12/Sep/2022:07:51:14 -0700] "GET /kowar/tojo01b.jpg HTTP/1.1" 200 55959 "https://ysfine.com/home/bio11" "Mozilla/5.0 (Windows NT 10.0; Win64; x64; rv:104.0) Gecko/20100101 Firefox/104.0" "ysfine.com"
173.73.80.118 - - [12/Sep/2022:07:51:14 -0700] "GET /kowar/tanks/tankbt57b.jpg HTTP/1.1" 200 52672 "https://ysfine.com/home/bio11" "Mozilla/5.0 (Windows NT 10.0; Win64; x64; rv:104.0) Gecko/20100101 Firefox/104.0" "ysfine.com"
173.73.80.118 - - [12/Sep/2022:07:51:14 -0700] "GET /kowar/tanks/malaya01b.jpg HTTP/1.1" 200 50821 "https://ysfine.com/home/bio11" "Mozilla/5.0 (Windows NT 10.0; Win64; x64; rv:104.0) Gecko/20100101 Firefox/104.0" "ysfine.com"
173.73.80.118 - - [12/Sep/2022:07:51:14 -0700] "GET /kowar/tanks/arisakaguns01b.jpg HTTP/1.1" 200 33229 "https://ysfine.com/home/bio11" "Mozilla/5.0 (Windows NT 10.0; Win64; x64; rv:104.0) Gecko/20100101 Firefox/104.0" "ysfine.com"
173.73.80.118 - - [12/Sep/2022:07:51:14 -0700] "GET /kowar/ningen01b.jpg HTTP/1.1" 200 41414 "https://ysfine.com/home/bio11" "Mozilla/5.0 (Windows NT 10.0; Win64; x64; rv:104.0) Gecko/20100101 Firefox/104.0" "ysfine.com"
173.73.80.118 - - [12/Sep/2022:07:51:14 -0700] "GET /kowar/tehran43b.jpg HTTP/1.1" 200 45127 "https://ysfine.com/home/bio11" "Mozilla/5.0 (Windows NT 10.0; Win64; x64; rv:104.0) Gecko/20100101 Firefox/104.0" "ysfine.com"
173.73.80.118 - - [12/Sep/2022:07:51:14 -0700] "GET /kowar/potsdam01b.jpg HTTP/1.1" 200 47865 "https://ysfine.com/home/bio11" "Mozilla/5.0 (Windows NT 10.0; Win64; x64; rv:104.0) Gecko/20100101 Firefox/104.0" "ysfine.com"
173.73.80.118 - - [12/Sep/2022:07:51:14 -0700] "GET /kowar/iwojima01b.jpg HTTP/1.1" 200 51598 "https://ysfine.com/home/bio11" "Mozilla/5.0 (Windows NT 10.0; Win64; x64; rv:104.0) Gecko/20100101 Firefox/104.0" "ysfine.com"
173.73.80.118 - - [12/Sep/2022:07:51:14 -0700] "GET /kowar/yaltac01b.jpg HTTP/1.1" 200 52982 "https://ysfine.com/home/bio11" "Mozilla/5.0 (Windows NT 10.0; Win64; x64; rv:104.0) Gecko/20100101 Firefox/104.0" "ysfine.com"
173.73.80.118 - - [12/Sep/2022:07:51:14 -0700] "GET /kowar/sampal03b.jpg HTTP/1.1" 200 61883 "https://ysfine.com/home/bio11" "Mozilla/5.0 (Windows NT 10.0; Win64; x64; rv:104.0) Gecko/20100101 Firefox/104.0" "ysfine.com"
173.73.80.118 - - [12/Sep/2022:07:51:14 -0700] "GET /kowar/yaltac02b.jpg HTTP/1.1" 200 42243 "https://ysfine.com/home/bio11" "Mozilla/5.0 (Windows NT 10.0; Win64; x64; rv:104.0) Gecko/20100101 Firefox/104.0" "ysfine.com"
173.73.80.118 - - [12/Sep/2022:07:51:14 -0700] "GET /kowar/yaltac03b.jpg HTTP/1.1" 200 33354 "https://ysfine.com/home/bio11" "Mozilla/5.0 (Windows NT 10.0; Win64; x64; rv:104.0) Gecko/20100101 Firefox/104.0" "ysfine.com"
173.73.80.118 - - [12/Sep/2022:07:51:14 -0700] "GET /kobak/church03b.jpg HTTP/1.1" 200 50665 "https://ysfine.com/home/bio11" "Mozilla/5.0 (Windows NT 10.0; Win64; x64; rv:104.0) Gecko/20100101 Firefox/104.0" "ysfine.com"
173.73.80.118 - - [12/Sep/2022:07:51:14 -0700] "GET /kowar/tanks/gmc03b.jpg HTTP/1.1" 200 47909 "https://ysfine.com/home/bio11" "Mozilla/5.0 (Windows NT 10.0; Win64; x64; rv:104.0) Gecko/20100101 Firefox/104.0" "ysfine.com"
173.73.80.118 - - [12/Sep/2022:07:51:14 -0700] "GET /kobak/taylor450.jpg HTTP/1.1" 200 70219 "https://ysfine.com/home/bio11" "Mozilla/5.0 (Windows NT 10.0; Win64; x64; rv:104.0) Gecko/20100101 Firefox/104.0" "ysfine.com"
173.73.80.118 - - [12/Sep/2022:07:51:37 -0700] "GET /home/bio33 HTTP/1.1" 304 - "-" "Mozilla/5.0 (Windows NT 10.0; Win64; x64; rv:104.0) Gecko/20100101 Firefox/104.0" "ysfine.com"
40.77.167.62 - - [12/Sep/2022:07:51:38 -0700] "GET /feynman/feygell.html HTTP/1.1" 200 4714 "-" "Mozilla/5.0 (compatible; bingbot/2.0; +http://www.bing.com/bingbot.htm)" "ysfine.com"
40.77.167.35 - - [12/Sep/2022:07:51:48 -0700] "GET /wigner/maxwig.html HTTP/1.1" 200 8080 "-" "Mozilla/5.0 (compatible; bingbot/2.0; +http://www.bing.com/bingbot.htm)" "ysfine.com"
72.83.209.244 - - [12/Sep/2022:07:51:50 -0700] "GET /maga/copergali.html HTTP/1.1" 200 5140 "https://www.bing.com/" "Mozilla/5.0 (Windows NT 10.0; Win64; x64) AppleWebKit/537.36 (KHTML, like Gecko) Chrome/105.0.0.0 Safari/537.36 Edg/105.0.1343.27" "www.ysfine.com"
72.83.209.244 - - [12/Sep/2022:07:51:50 -0700] "GET /world/poland/coperni11b.jpg HTTP/1.1" 200 28750 "https://www.ysfine.com/maga/copergali.html" "Mozilla/5.0 (Windows NT 10.0; Win64; x64) AppleWebKit/537.36 (KHTML, like Gecko) Chrome/105.0.0.0 Safari/537.36 Edg/105.0.1343.27" "www.ysfine.com"
72.83.209.244 - - [12/Sep/2022:07:51:50 -0700] "GET /world/ital/bologsw22b.jpg HTTP/1.1" 200 33067 "https://www.ysfine.com/maga/copergali.html" "Mozilla/5.0 (Windows NT 10.0; Win64; x64) AppleWebKit/537.36 (KHTML, like Gecko) Chrome/105.0.0.0 Safari/537.36 Edg/105.0.1343.27" "www.ysfine.com"
72.83.209.244 - - [12/Sep/2022:07:51:50 -0700] "GET /world/ital/bologsw21b.jpg HTTP/1.1" 200 48117 "https://www.ysfine.com/maga/copergali.html" "Mozilla/5.0 (Windows NT 10.0; Win64; x64) AppleWebKit/537.36 (KHTML, like Gecko) Chrome/105.0.0.0 Safari/537.36 Edg/105.0.1343.27" "www.ysfine.com"
72.83.209.244 - - [12/Sep/2022:07:51:50 -0700] "GET /world/baltic/frombork2.jpg HTTP/1.1" 200 67166 "https://www.ysfine.com/maga/copergali.html" "Mozilla/5.0 (Windows NT 10.0; Win64; x64) AppleWebKit/537.36 (KHTML, like Gecko) Chrome/105.0.0.0 Safari/537.36 Edg/105.0.1343.27" "www.ysfine.com"
72.83.209.244 - - [12/Sep/2022:07:51:50 -0700] "GET /world/poland/coperni01b.jpg HTTP/1.1" 200 30355 "https://www.ysfine.com/maga/copergali.html" "Mozilla/5.0 (Windows NT 10.0; Win64; x64) AppleWebKit/537.36 (KHTML, like Gecko) Chrome/105.0.0.0 Safari/537.36 Edg/105.0.1343.27" "www.ysfine.com"
72.83.209.244 - - [12/Sep/2022:07:51:50 -0700] "GET /maga/phil/galileo01b.jpg HTTP/1.1" 200 42897 "https://www.ysfine.com/maga/copergali.html" "Mozilla/5.0 (Windows NT 10.0; Win64; x64) AppleWebKit/537.36 (KHTML, like Gecko) Chrome/105.0.0.0 Safari/537.36 Edg/105.0.1343.27" "www.ysfine.com"
72.83.209.244 - - [12/Sep/2022:07:51:50 -0700] "GET /world/ital/padova06b.jpg HTTP/1.1" 200 46448 "https://www.ysfine.com/maga/copergali.html" "Mozilla/5.0 (Windows NT 10.0; Win64; x64) AppleWebKit/537.36 (KHTML, like Gecko) Chrome/105.0.0.0 Safari/537.36 Edg/105.0.1343.27" "www.ysfine.com"
72.83.209.244 - - [12/Sep/2022:07:51:50 -0700] "GET /wigner/inokim2.jpg HTTP/1.1" 200 29903 "https://www.ysfine.com/maga/copergali.html" "Mozilla/5.0 (Windows NT 10.0; Win64; x64) AppleWebKit/537.36 (KHTML, like Gecko) Chrome/105.0.0.0 Safari/537.36 Edg/105.0.1343.27" "www.ysfine.com"
72.83.209.244 - - [12/Sep/2022:07:51:50 -0700] "GET /world/balkan/istan005b.jpg HTTP/1.1" 200 52419 "https://www.ysfine.com/maga/copergali.html" "Mozilla/5.0 (Windows NT 10.0; Win64; x64) AppleWebKit/537.36 (KHTML, like Gecko) Chrome/105.0.0.0 Safari/537.36 Edg/105.0.1343.27" "www.ysfine.com"
72.83.209.244 - - [12/Sep/2022:07:51:50 -0700] "GET /home/comet88b.jpg HTTP/1.1" 200 44780 "https://www.ysfine.com/maga/copergali.html" "Mozilla/5.0 (Windows NT 10.0; Win64; x64) AppleWebKit/537.36 (KHTML, like Gecko) Chrome/105.0.0.0 Safari/537.36 Edg/105.0.1343.27" "www.ysfine.com"
72.83.209.244 - - [12/Sep/2022:07:51:50 -0700] "GET /favicon.ico HTTP/1.1" 404 88 "https://www.ysfine.com/maga/copergali.html" "Mozilla/5.0 (Windows NT 10.0; Win64; x64) AppleWebKit/537.36 (KHTML, like Gecko) Chrome/105.0.0.0 Safari/537.36 Edg/105.0.1343.27" "www.ysfine.com"
173.73.80.118 - - [12/Sep/2022:07:52:30 -0700] "GET /home/bio66.html HTTP/1.1" 200 13687 "-" "Mozilla/5.0 (Windows NT 10.0; Win64; x64; rv:104.0) Gecko/20100101 Firefox/104.0" "ysfine.com"
173.73.80.118 - - [12/Sep/2022:07:52:34 -0700] "GET /home/bio66.html HTTP/1.1" 200 13687 "-" "Mozilla/5.0 (Windows NT 10.0; Win64; x64; rv:104.0) Gecko/20100101 Firefox/104.0" "ysfine.com"
173.73.80.118 - - [12/Sep/2022:07:52:34 -0700] "GET /wdc/umd06b.jpg HTTP/1.1" 200 34590 "https://ysfine.com/home/bio66.html" "Mozilla/5.0 (Windows NT 10.0; Win64; x64; rv:104.0) Gecko/20100101 Firefox/104.0" "ysfine.com"
173.73.80.118 - - [12/Sep/2022:07:52:34 -0700] "GET /wdc/nga02b.jpg HTTP/1.1" 200 42789 "https://ysfine.com/home/bio66.html" "Mozilla/5.0 (Windows NT 10.0; Win64; x64; rv:104.0) Gecko/20100101 Firefox/104.0" "ysfine.com"
173.73.80.118 - - [12/Sep/2022:07:52:34 -0700] "GET /wdc/capitol07b.jpg HTTP/1.1" 200 47839 "https://ysfine.com/home/bio66.html" "Mozilla/5.0 (Windows NT 10.0; Win64; x64; rv:104.0) Gecko/20100101 Firefox/104.0" "ysfine.com"
173.73.80.118 - - [12/Sep/2022:07:52:34 -0700] "GET /wdc/capitol02b.jpg HTTP/1.1" 200 30351 "https://ysfine.com/home/bio66.html" "Mozilla/5.0 (Windows NT 10.0; Win64; x64; rv:104.0) Gecko/20100101 Firefox/104.0" "ysfine.com"
173.73.80.118 - - [12/Sep/2022:07:52:34 -0700] "GET /wdc/supreme02b.jpg HTTP/1.1" 200 37198 "https://ysfine.com/home/bio66.html" "Mozilla/5.0 (Windows NT 10.0; Win64; x64; rv:104.0) Gecko/20100101 Firefox/104.0" "ysfine.com"
173.73.80.118 - - [12/Sep/2022:07:52:34 -0700] "GET /wdc/whouse02b.jpg HTTP/1.1" 200 30118 "https://ysfine.com/home/bio66.html" "Mozilla/5.0 (Windows NT 10.0; Win64; x64; rv:104.0) Gecko/20100101 Firefox/104.0" "ysfine.com"
173.73.80.118 - - [12/Sep/2022:07:52:34 -0700] "GET /wdc/nga05b.jpg HTTP/1.1" 200 40747 "https://ysfine.com/home/bio66.html" "Mozilla/5.0 (Windows NT 10.0; Win64; x64; rv:104.0) Gecko/20100101 Firefox/104.0" "ysfine.com"
173.73.80.118 - - [12/Sep/2022:07:52:34 -0700] "GET /wdc/lafpark02b.jpg HTTP/1.1" 200 40860 "https://ysfine.com/home/bio66.html" "Mozilla/5.0 (Windows NT 10.0; Win64; x64; rv:104.0) Gecko/20100101 Firefox/104.0" "ysfine.com"
173.73.80.118 - - [12/Sep/2022:07:52:34 -0700] "GET /wdc/lafpark05b.jpg HTTP/1.1" 200 40496 "https://ysfine.com/home/bio66.html" "Mozilla/5.0 (Windows NT 10.0; Win64; x64; rv:104.0) Gecko/20100101 Firefox/104.0" "ysfine.com"
173.73.80.118 - - [12/Sep/2022:07:52:34 -0700] "GET /wdc/pulaski01b.jpg HTTP/1.1" 200 43884 "https://ysfine.com/home/bio66.html" "Mozilla/5.0 (Windows NT 10.0; Win64; x64; rv:104.0) Gecko/20100101 Firefox/104.0" "ysfine.com"
173.73.80.118 - - [12/Sep/2022:07:52:34 -0700] "GET /wdc/sherman11b.jpg HTTP/1.1" 200 27477 "https://ysfine.com/home/bio66.html" "Mozilla/5.0 (Windows NT 10.0; Win64; x64; rv:104.0) Gecko/20100101 Firefox/104.0" "ysfine.com"
173.73.80.118 - - [12/Sep/2022:07:52:34 -0700] "GET /wdc/corco33b.jpg HTTP/1.1" 200 31692 "https://ysfine.com/home/bio66.html" "Mozilla/5.0 (Windows NT 10.0; Win64; x64; rv:104.0) Gecko/20100101 Firefox/104.0" "ysfine.com"
173.73.80.118 - - [12/Sep/2022:07:52:34 -0700] "GET /wdc/dar11b.jpg HTTP/1.1" 200 37978 "https://ysfine.com/home/bio66.html" "Mozilla/5.0 (Windows NT 10.0; Win64; x64; rv:104.0) Gecko/20100101 Firefox/104.0" "ysfine.com"
173.73.80.118 - - [12/Sep/2022:07:52:34 -0700] "GET /style/alexandrov44b.jpg HTTP/1.1" 200 38881 "https://ysfine.com/home/bio66.html" "Mozilla/5.0 (Windows NT 10.0; Win64; x64; rv:104.0) Gecko/20100101 Firefox/104.0" "ysfine.com"
173.73.80.118 - - [12/Sep/2022:07:52:34 -0700] "GET /wdc/heyadams22b.jpg HTTP/1.1" 200 40428 "https://ysfine.com/home/bio66.html" "Mozilla/5.0 (Windows NT 10.0; Win64; x64; rv:104.0) Gecko/20100101 Firefox/104.0" "ysfine.com"
173.73.80.118 - - [12/Sep/2022:07:52:34 -0700] "GET /wdc/willard33b.jpg HTTP/1.1" 200 42340 "https://ysfine.com/home/bio66.html" "Mozilla/5.0 (Windows NT 10.0; Win64; x64; rv:104.0) Gecko/20100101 Firefox/104.0" "ysfine.com"
173.73.80.118 - - [12/Sep/2022:07:52:34 -0700] "GET /wdc/reagan55b.jpg HTTP/1.1" 200 32608 "https://ysfine.com/home/bio66.html" "Mozilla/5.0 (Windows NT 10.0; Win64; x64; rv:104.0) Gecko/20100101 Firefox/104.0" "ysfine.com"
173.73.80.118 - - [12/Sep/2022:07:52:34 -0700] "GET /wdc/reagan44b.jpg HTTP/1.1" 200 36340 "https://ysfine.com/home/bio66.html" "Mozilla/5.0 (Windows NT 10.0; Win64; x64; rv:104.0) Gecko/20100101 Firefox/104.0" "ysfine.com"
173.73.80.118 - - [12/Sep/2022:07:52:34 -0700] "GET /wdc/washmo01b.jpg HTTP/1.1" 200 24586 "https://ysfine.com/home/bio66.html" "Mozilla/5.0 (Windows NT 10.0; Win64; x64; rv:104.0) Gecko/20100101 Firefox/104.0" "ysfine.com"
173.73.80.118 - - [12/Sep/2022:07:52:34 -0700] "GET /wdc/obelisk11b.jpg HTTP/1.1" 200 30019 "https://ysfine.com/home/bio66.html" "Mozilla/5.0 (Windows NT 10.0; Win64; x64; rv:104.0) Gecko/20100101 Firefox/104.0" "ysfine.com"
173.73.80.118 - - [12/Sep/2022:07:52:34 -0700] "GET /wdc/washmo07b.jpg HTTP/1.1" 200 34166 "https://ysfine.com/home/bio66.html" "Mozilla/5.0 (Windows NT 10.0; Win64; x64; rv:104.0) Gecko/20100101 Firefox/104.0" "ysfine.com"
173.73.80.118 - - [12/Sep/2022:07:52:34 -0700] "GET /wdc/ww2m66b.jpg HTTP/1.1" 200 32234 "https://ysfine.com/home/bio66.html" "Mozilla/5.0 (Windows NT 10.0; Win64; x64; rv:104.0) Gecko/20100101 Firefox/104.0" "ysfine.com"
173.73.80.118 - - [12/Sep/2022:07:52:34 -0700] "GET /wdc/whxmas/whxmas01b.jpg HTTP/1.1" 200 22089 "https://ysfine.com/home/bio66.html" "Mozilla/5.0 (Windows NT 10.0; Win64; x64; rv:104.0) Gecko/20100101 Firefox/104.0" "ysfine.com"
173.73.80.118 - - [12/Sep/2022:07:52:34 -0700] "GET /wdc/jeffm02b.jpg HTTP/1.1" 200 32468 "https://ysfine.com/home/bio66.html" "Mozilla/5.0 (Windows NT 10.0; Win64; x64; rv:104.0) Gecko/20100101 Firefox/104.0" "ysfine.com"
173.73.80.118 - - [12/Sep/2022:07:52:34 -0700] "GET /wdc/sakura10b.jpg HTTP/1.1" 200 43136 "https://ysfine.com/home/bio66.html" "Mozilla/5.0 (Windows NT 10.0; Win64; x64; rv:104.0) Gecko/20100101 Firefox/104.0" "ysfine.com"
173.73.80.118 - - [12/Sep/2022:07:52:34 -0700] "GET /wdc/ndu11b.jpg HTTP/1.1" 200 33978 "https://ysfine.com/home/bio66.html" "Mozilla/5.0 (Windows NT 10.0; Win64; x64; rv:104.0) Gecko/20100101 Firefox/104.0" "ysfine.com"
173.73.80.118 - - [12/Sep/2022:07:52:34 -0700] "GET /wdc/lincoln02b.jpg HTTP/1.1" 200 27630 "https://ysfine.com/home/bio66.html" "Mozilla/5.0 (Windows NT 10.0; Win64; x64; rv:104.0) Gecko/20100101 Firefox/104.0" "ysfine.com"
173.73.80.118 - - [12/Sep/2022:07:52:34 -0700] "GET /wdc/eindc03b.jpg HTTP/1.1" 200 54447 "https://ysfine.com/home/bio66.html" "Mozilla/5.0 (Windows NT 10.0; Win64; x64; rv:104.0) Gecko/20100101 Firefox/104.0" "ysfine.com"
173.73.80.118 - - [12/Sep/2022:07:52:34 -0700] "GET /maga/invent/marconi03b.jpg HTTP/1.1" 200 47650 "https://ysfine.com/home/bio66.html" "Mozilla/5.0 (Windows NT 10.0; Win64; x64; rv:104.0) Gecko/20100101 Firefox/104.0" "ysfine.com"
173.73.80.118 - - [12/Sep/2022:07:52:34 -0700] "GET /wdc/koreaw33b.jpg HTTP/1.1" 200 39262 "https://ysfine.com/home/bio66.html" "Mozilla/5.0 (Windows NT 10.0; Win64; x64; rv:104.0) Gecko/20100101 Firefox/104.0" "ysfine.com"
173.73.80.118 - - [12/Sep/2022:07:52:34 -0700] "GET /wdc/gtown03b.jpg HTTP/1.1" 200 50421 "https://ysfine.com/home/bio66.html" "Mozilla/5.0 (Windows NT 10.0; Win64; x64; rv:104.0) Gecko/20100101 Firefox/104.0" "ysfine.com"
173.73.80.118 - - [12/Sep/2022:07:52:34 -0700] "GET /wdc/gtown08b.jpg HTTP/1.1" 200 55792 "https://ysfine.com/home/bio66.html" "Mozilla/5.0 (Windows NT 10.0; Win64; x64; rv:104.0) Gecko/20100101 Firefox/104.0" "ysfine.com"
173.73.80.118 - - [12/Sep/2022:07:52:34 -0700] "GET /wdc/gtown15b.jpg HTTP/1.1" 200 38625 "https://ysfine.com/home/bio66.html" "Mozilla/5.0 (Windows NT 10.0; Win64; x64; rv:104.0) Gecko/20100101 Firefox/104.0" "ysfine.com"
173.73.80.118 - - [12/Sep/2022:07:52:34 -0700] "GET /wdc/gtown23b.jpg HTTP/1.1" 200 37749 "https://ysfine.com/home/bio66.html" "Mozilla/5.0 (Windows NT 10.0; Win64; x64; rv:104.0) Gecko/20100101 Firefox/104.0" "ysfine.com"
173.73.80.118 - - [12/Sep/2022:07:52:34 -0700] "GET /wdc/gtown21b.jpg HTTP/1.1" 200 46138 "https://ysfine.com/home/bio66.html" "Mozilla/5.0 (Windows NT 10.0; Win64; x64; rv:104.0) Gecko/20100101 Firefox/104.0" "ysfine.com"
173.73.80.118 - - [12/Sep/2022:07:52:34 -0700] "GET /wdc/gtown24b.jpg HTTP/1.1" 200 35392 "https://ysfine.com/home/bio66.html" "Mozilla/5.0 (Windows NT 10.0; Win64; x64; rv:104.0) Gecko/20100101 Firefox/104.0" "ysfine.com"
173.73.80.118 - - [12/Sep/2022:07:52:34 -0700] "GET /wdc/gtown32c.jpg HTTP/1.1" 200 40837 "https://ysfine.com/home/bio66.html" "Mozilla/5.0 (Windows NT 10.0; Win64; x64; rv:104.0) Gecko/20100101 Firefox/104.0" "ysfine.com"
173.73.80.118 - - [12/Sep/2022:07:52:34 -0700] "GET /wdc/gtown37c.jpg HTTP/1.1" 200 49301 "https://ysfine.com/home/bio66.html" "Mozilla/5.0 (Windows NT 10.0; Win64; x64; rv:104.0) Gecko/20100101 Firefox/104.0" "ysfine.com"
173.73.80.118 - - [12/Sep/2022:07:52:34 -0700] "GET /wdc/ncath11c.jpg HTTP/1.1" 200 27058 "https://ysfine.com/home/bio66.html" "Mozilla/5.0 (Windows NT 10.0; Win64; x64; rv:104.0) Gecko/20100101 Firefox/104.0" "ysfine.com"
173.73.80.118 - - [12/Sep/2022:07:52:34 -0700] "GET /wdc/kennedyc06b.jpg HTTP/1.1" 200 32476 "https://ysfine.com/home/bio66.html" "Mozilla/5.0 (Windows NT 10.0; Win64; x64; rv:104.0) Gecko/20100101 Firefox/104.0" "ysfine.com"
173.73.80.118 - - [12/Sep/2022:07:52:34 -0700] "GET /wdc/kennedyc05b.jpg HTTP/1.1" 200 26902 "https://ysfine.com/home/bio66.html" "Mozilla/5.0 (Windows NT 10.0; Win64; x64; rv:104.0) Gecko/20100101 Firefox/104.0" "ysfine.com"
173.73.80.118 - - [12/Sep/2022:07:52:34 -0700] "GET /wdc/anna05b.jpg HTTP/1.1" 200 39615 "https://ysfine.com/home/bio66.html" "Mozilla/5.0 (Windows NT 10.0; Win64; x64; rv:104.0) Gecko/20100101 Firefox/104.0" "ysfine.com"
173.73.80.118 - - [12/Sep/2022:07:52:34 -0700] "GET /style/kirovken22b.jpg HTTP/1.1" 200 36856 "https://ysfine.com/home/bio66.html" "Mozilla/5.0 (Windows NT 10.0; Win64; x64; rv:104.0) Gecko/20100101 Firefox/104.0" "ysfine.com"
173.73.80.118 - - [12/Sep/2022:07:52:34 -0700] "GET /wdc/kennedyc17b.jpg HTTP/1.1" 200 38708 "https://ysfine.com/home/bio66.html" "Mozilla/5.0 (Windows NT 10.0; Win64; x64; rv:104.0) Gecko/20100101 Firefox/104.0" "ysfine.com"
