31.52.163.16 - - [12/Sep/2022:07:52:52 -0700] "GET /princeton/brooke22.jpg HTTP/1.1" 200 87673 "https://www.google.co.uk/" "Mozilla/5.0 (iPad; CPU OS 15_6_1 like Mac OS X) AppleWebKit/605.1.15 (KHTML, like Gecko) Version/15.6.1 Mobile/15E148 Safari/604.1" "ysfine.com"
173.73.80.118 - - [12/Sep/2022:07:53:13 -0700] "GET /wdc/umd06.jpg HTTP/1.1" 200 97573 "https://ysfine.com/home/bio66.html" "Mozilla/5.0 (Windows NT 10.0; Win64; x64; rv:104.0) Gecko/20100101 Firefox/104.0" "ysfine.com"
31.52.163.16 - - [12/Sep/2022:07:53:14 -0700] "GET /princeton/brooke88.jpg HTTP/1.1" 200 82208 "https://www.google.co.uk/" "Mozilla/5.0 (iPad; CPU OS 15_6_1 like Mac OS X) AppleWebKit/605.1.15 (KHTML, like Gecko) Version/15.6.1 Mobile/15E148 Safari/604.1" "ysfine.com"
163.1.81.45 - - [12/Sep/2022:07:53:21 -0700] "GET /feynman/chewfrau.html HTTP/1.1" 200 3075 "https://www.startpage.com/" "Mozilla/5.0 (X11; Linux x86_64; rv:91.0) Gecko/20100101 Firefox/91.0" "ysfine.com"
163.1.81.45 - - [12/Sep/2022:07:53:22 -0700] "GET /feynman/gfchew11c.jpg HTTP/1.1" 200 27337 "https://ysfine.com/feynman/chewfrau.html" "Mozilla/5.0 (X11; Linux x86_64; rv:91.0) Gecko/20100101 Firefox/91.0" "ysfine.com"
163.1.81.45 - - [12/Sep/2022:07:53:22 -0700] "GET /feynman/feyn70cc.jpg HTTP/1.1" 200 19224 "https://ysfine.com/feynman/chewfrau.html" "Mozilla/5.0 (X11; Linux x86_64; rv:91.0) Gecko/20100101 Firefox/91.0" "ysfine.com"
163.1.81.45 - - [12/Sep/2022:07:53:22 -0700] "GET /feynman/chewfra11c.jpg HTTP/1.1" 200 34838 "https://ysfine.com/feynman/chewfrau.html" "Mozilla/5.0 (X11; Linux x86_64; rv:91.0) Gecko/20100101 Firefox/91.0" "ysfine.com"
163.1.81.45 - - [12/Sep/2022:07:53:22 -0700] "GET /feynman/feybongo77c.jpg HTTP/1.1" 200 25947 "https://ysfine.com/feynman/chewfrau.html" "Mozilla/5.0 (X11; Linux x86_64; rv:91.0) Gecko/20100101 Firefox/91.0" "ysfine.com"
163.1.81.45 - - [12/Sep/2022:07:53:22 -0700] "GET /kobak/taylor33c.jpg HTTP/1.1" 200 39951 "https://ysfine.com/feynman/chewfrau.html" "Mozilla/5.0 (X11; Linux x86_64; rv:91.0) Gecko/20100101 Firefox/91.0" "ysfine.com"
163.1.81.45 - - [12/Sep/2022:07:53:22 -0700] "GET /favicon.ico HTTP/1.1" 404 88 "https://ysfine.com/feynman/chewfrau.html" "Mozilla/5.0 (X11; Linux x86_64; rv:91.0) Gecko/20100101 Firefox/91.0" "ysfine.com"
40.77.167.62 - - [12/Sep/2022:07:54:08 -0700] "GET /kobak/repose.html HTTP/1.1" 200 4578 "-" "Mozilla/5.0 (compatible; bingbot/2.0; +http://www.bing.com/bingbot.htm)" "ysfine.com"
51.222.253.5 - - [12/Sep/2022:07:54:23 -0700] "GET /people/wheeler.html HTTP/1.1" 200 3348 "-" "Mozilla/5.0 (compatible; AhrefsBot/7.0; +http://ahrefs.com/robot/)" "www.ysfine.com"
51.222.253.9 - - [12/Sep/2022:07:54:25 -0700] "GET /eink/pwk19c.jpg HTTP/1.1" 200 57759 "-" "Mozilla/5.0 (compatible; AhrefsBot/7.0; +http://ahrefs.com/robot/)" "www.ysfine.com"
51.222.253.18 - - [12/Sep/2022:07:54:26 -0700] "GET /people/wheekim2.jpg HTTP/1.1" 200 46245 "-" "Mozilla/5.0 (compatible; AhrefsBot/7.0; +http://ahrefs.com/robot/)" "www.ysfine.com"
51.222.253.2 - - [12/Sep/2022:07:54:26 -0700] "GET /people/wheemos2.jpg HTTP/1.1" 200 46241 "-" "Mozilla/5.0 (compatible; AhrefsBot/7.0; +http://ahrefs.com/robot/)" "www.ysfine.com"
51.222.253.17 - - [12/Sep/2022:07:54:33 -0700] "GET /people/wheemaine2.jpg HTTP/1.1" 200 34617 "-" "Mozilla/5.0 (compatible; AhrefsBot/7.0; +http://ahrefs.com/robot/)" "www.ysfine.com"
40.77.167.62 - - [12/Sep/2022:07:54:38 -0700] "GET /maga/three.html HTTP/1.1" 200 7358 "-" "Mozilla/5.0 (compatible; bingbot/2.0; +http://www.bing.com/bingbot.htm)" "ysfine.com"
173.73.80.118 - - [12/Sep/2022:07:54:49 -0700] "GET /awards/index.html HTTP/1.1" 200 9993 "https://ysfine.com/home/bio.html" "Mozilla/5.0 (Windows NT 10.0; Win64; x64; rv:104.0) Gecko/20100101 Firefox/104.0" "ysfine.com"
173.73.80.118 - - [12/Sep/2022:07:54:49 -0700] "GET /home/ysnr11d.jpg HTTP/1.1" 200 61140 "https://ysfine.com/awards/index.html" "Mozilla/5.0 (Windows NT 10.0; Win64; x64; rv:104.0) Gecko/20100101 Firefox/104.0" "ysfine.com"
173.73.80.118 - - [12/Sep/2022:07:54:49 -0700] "GET /awards/ewk88d.jpg HTTP/1.1" 200 96031 "https://ysfine.com/awards/index.html" "Mozilla/5.0 (Windows NT 10.0; Win64; x64; rv:104.0) Gecko/20100101 Firefox/104.0" "ysfine.com"
173.73.80.118 - - [12/Sep/2022:07:54:49 -0700] "GET /awards/timessq11d.jpg HTTP/1.1" 200 105546 "https://ysfine.com/awards/index.html" "Mozilla/5.0 (Windows NT 10.0; Win64; x64; rv:104.0) Gecko/20100101 Firefox/104.0" "ysfine.com"
173.73.80.118 - - [12/Sep/2022:07:54:49 -0700] "GET /awards/marq/marq10d.jpg HTTP/1.1" 200 77533 "https://ysfine.com/awards/index.html" "Mozilla/5.0 (Windows NT 10.0; Win64; x64; rv:104.0) Gecko/20100101 Firefox/104.0" "ysfine.com"
173.73.80.118 - - [12/Sep/2022:07:54:49 -0700] "GET /awards/marq/hemis21f.jpg HTTP/1.1" 200 180095 "https://ysfine.com/awards/index.html" "Mozilla/5.0 (Windows NT 10.0; Win64; x64; rv:104.0) Gecko/20100101 Firefox/104.0" "ysfine.com"
173.73.80.118 - - [12/Sep/2022:07:54:49 -0700] "GET /awards/top100d.jpg HTTP/1.1" 200 74998 "https://ysfine.com/awards/index.html" "Mozilla/5.0 (Windows NT 10.0; Win64; x64; rv:104.0) Gecko/20100101 Firefox/104.0" "ysfine.com"
173.73.80.118 - - [12/Sep/2022:07:54:49 -0700] "GET /awards/eward33f.jpg HTTP/1.1" 200 86617 "https://ysfine.com/awards/index.html" "Mozilla/5.0 (Windows NT 10.0; Win64; x64; rv:104.0) Gecko/20100101 Firefox/104.0" "ysfine.com"
173.73.80.118 - - [12/Sep/2022:07:54:49 -0700] "GET /awards/feygell01d.jpg HTTP/1.1" 200 31895 "https://ysfine.com/awards/index.html" "Mozilla/5.0 (Windows NT 10.0; Win64; x64; rv:104.0) Gecko/20100101 Firefox/104.0" "ysfine.com"
173.73.80.118 - - [12/Sep/2022:07:54:49 -0700] "GET /awards/whoswho22f.jpg HTTP/1.1" 200 106044 "https://ysfine.com/awards/index.html" "Mozilla/5.0 (Windows NT 10.0; Win64; x64; rv:104.0) Gecko/20100101 Firefox/104.0" "ysfine.com"
173.73.80.118 - - [12/Sep/2022:07:54:49 -0700] "GET /awards/truck20d.jpg HTTP/1.1" 200 43868 "https://ysfine.com/awards/index.html" "Mozilla/5.0 (Windows NT 10.0; Win64; x64; rv:104.0) Gecko/20100101 Firefox/104.0" "ysfine.com"
173.73.80.118 - - [12/Sep/2022:07:54:49 -0700] "GET /awards/bridge22f.jpg HTTP/1.1" 200 98225 "https://ysfine.com/awards/index.html" "Mozilla/5.0 (Windows NT 10.0; Win64; x64; rv:104.0) Gecko/20100101 Firefox/104.0" "ysfine.com"
173.73.80.118 - - [12/Sep/2022:07:54:49 -0700] "GET /awards/einbohr25d.jpg HTTP/1.1" 200 49476 "https://ysfine.com/awards/index.html" "Mozilla/5.0 (Windows NT 10.0; Win64; x64; rv:104.0) Gecko/20100101 Firefox/104.0" "ysfine.com"
173.73.80.118 - - [12/Sep/2022:07:54:49 -0700] "GET /eink/eink54f.jpg HTTP/1.1" 200 98068 "https://ysfine.com/awards/index.html" "Mozilla/5.0 (Windows NT 10.0; Win64; x64; rv:104.0) Gecko/20100101 Firefox/104.0" "ysfine.com"
173.73.80.118 - - [12/Sep/2022:07:54:49 -0700] "GET /awards/acs55f.jpg HTTP/1.1" 200 83340 "https://ysfine.com/awards/index.html" "Mozilla/5.0 (Windows NT 10.0; Win64; x64; rv:104.0) Gecko/20100101 Firefox/104.0" "ysfine.com"
173.73.80.118 - - [12/Sep/2022:07:54:49 -0700] "GET /awards/acs96f.jpg HTTP/1.1" 200 118636 "https://ysfine.com/awards/index.html" "Mozilla/5.0 (Windows NT 10.0; Win64; x64; rv:104.0) Gecko/20100101 Firefox/104.0" "ysfine.com"
173.73.80.118 - - [12/Sep/2022:07:54:49 -0700] "GET /kobak/taylor400.jpg HTTP/1.1" 200 56181 "https://ysfine.com/awards/index.html" "Mozilla/5.0 (Windows NT 10.0; Win64; x64; rv:104.0) Gecko/20100101 Firefox/104.0" "ysfine.com"
173.73.80.118 - - [12/Sep/2022:07:54:49 -0700] "GET /awards/acs20f.jpg HTTP/1.1" 200 145842 "https://ysfine.com/awards/index.html" "Mozilla/5.0 (Windows NT 10.0; Win64; x64; rv:104.0) Gecko/20100101 Firefox/104.0" "ysfine.com"
173.73.80.118 - - [12/Sep/2022:07:54:49 -0700] "GET /awards/marq/marq22f.jpg HTTP/1.1" 200 142401 "https://ysfine.com/awards/index.html" "Mozilla/5.0 (Windows NT 10.0; Win64; x64; rv:104.0) Gecko/20100101 Firefox/104.0" "ysfine.com"
40.77.167.35 - - [12/Sep/2022:07:54:56 -0700] "GET /einstein/einkim.html HTTP/1.1" 200 3731 "-" "Mozilla/5.0 (compatible; bingbot/2.0; +http://www.bing.com/bingbot.htm)" "ysfine.com"
94.47.13.82 - - [12/Sep/2022:07:55:19 -0700] "GET /yspapers/einh.pdf HTTP/1.1" 200 270732 "https://www.google.com/" "Mozilla/5.0 (Windows NT 6.1) AppleWebKit/537.36 (KHTML, like Gecko) Chrome/63.0.3237.0 Safari/537.36" "ysfine.com"
94.47.13.82 - - [12/Sep/2022:07:55:19 -0700] "GET /favicon.ico HTTP/1.1" 404 88 "https://ysfine.com/yspapers/einh.pdf" "Mozilla/5.0 (Windows NT 6.1) AppleWebKit/537.36 (KHTML, like Gecko) Chrome/63.0.3237.0 Safari/537.36" "ysfine.com"
40.77.167.35 - - [12/Sep/2022:07:55:47 -0700] "GET /world/russ/spb41.jpg HTTP/1.1" 200 112681 "-" "Mozilla/5.0 (compatible; bingbot/2.0; +http://www.bing.com/bingbot.htm)" "ysfine.com"
80.253.251.75 - - [12/Sep/2022:07:56:05 -0700] "GET /world/germany/leipzig29.jpg HTTP/1.1" 200 284047 "-" "Mozilla/5.0 (Windows NT 6.3; WOW64) AppleWebKit/537.36 (KHTML, like Gecko) Chrome/38.0.2125.111 Safari/537.36" "www.ysfine.com"
157.55.39.146 - - [12/Sep/2022:07:56:23 -0700] "GET /style/slavianki.html HTTP/1.1" 200 2686 "-" "Mozilla/5.0 (compatible; bingbot/2.0; +http://www.bing.com/bingbot.htm)" "www.ysfine.com"
40.77.167.33 - - [12/Sep/2022:07:56:34 -0700] "GET /wigner/neupol.html HTTP/1.1" 200 1742 "-" "Mozilla/5.0 (compatible; bingbot/2.0; +http://www.bing.com/bingbot.htm)" "ysfine.com"
157.55.39.146 - - [12/Sep/2022:07:56:54 -0700] "GET /world/stoc.html HTTP/1.1" 200 5400 "-" "Mozilla/5.0 (compatible; bingbot/2.0; +http://www.bing.com/bingbot.htm)" "ysfine.com"
134.209.101.138 - - [12/Sep/2022:07:57:16 -0700] "GET /people/schweitzer61.jpg HTTP/1.1" 200 129162 "-" "Mozilla/5.0 (Macintosh; Intel Mac OS X 10.6; rv:2.0.1) Gecko/20100101 Firefox/4.0.1" "ysfine.com"
40.77.167.27 - - [12/Sep/2022:07:57:57 -0700] "GET /kowar/war50.html HTTP/1.1" 200 11795 "-" "Mozilla/5.0 (compatible; bingbot/2.0; +http://www.bing.com/bingbot.htm)" "www.ysfine.com"
185.191.171.17 - - [12/Sep/2022:07:58:22 -0700] "GET /robots.txt HTTP/1.1" 404 88 "-" "Mozilla/5.0 (compatible; SemrushBot/7~bl; +http://www.semrush.com/bot.html)" "www.ysfine.com"
185.191.171.40 - - [12/Sep/2022:07:58:22 -0700] "GET /dirac/twobroth.html HTTP/1.1" 200 2887 "-" "Mozilla/5.0 (compatible; SemrushBot/7~bl; +http://www.semrush.com/bot.html)" "www.ysfine.com"
185.191.171.20 - - [12/Sep/2022:07:59:02 -0700] "GET /dirac/dirfeyn22.html HTTP/1.1" 200 2329 "-" "Mozilla/5.0 (compatible; SemrushBot/7~bl; +http://www.semrush.com/bot.html)" "ysfine.com"
185.191.171.11 - - [12/Sep/2022:07:59:17 -0700] "GET /class54/class5470/total_data/sub_733.htm HTTP/1.1" 200 3294 "-" "Mozilla/5.0 (compatible; SemrushBot/7~bl; +http://www.semrush.com/bot.html)" "www.ysfine.com"
40.77.167.27 - - [12/Sep/2022:07:59:18 -0700] "GET /world/tdrome.html HTTP/1.1" 200 5611 "-" "Mozilla/5.0 (compatible; bingbot/2.0; +http://www.bing.com/bingbot.htm)" "ysfine.com"
51.222.253.9 - - [12/Sep/2022:08:00:11 -0700] "GET /maga/edison.html HTTP/1.1" 200 4787 "-" "Mozilla/5.0 (compatible; AhrefsBot/7.0; +http://ahrefs.com/robot/)" "ysfine.com"
66.249.72.158 - - [12/Sep/2022:08:00:13 -0700] "GET /beau/amkor/kostu05.jpg HTTP/1.1" 404 88 "-" "Googlebot-Image/1.0" "ysfine.com"
51.222.253.18 - - [12/Sep/2022:08:00:13 -0700] "GET /kobak/underw3b.jpg HTTP/1.1" 200 37749 "-" "Mozilla/5.0 (compatible; AhrefsBot/7.0; +http://ahrefs.com/robot/)" "ysfine.com"
51.222.253.5 - - [12/Sep/2022:08:00:14 -0700] "GET /maga/phil/marxlon01b.jpg HTTP/1.1" 200 55777 "-" "Mozilla/5.0 (compatible; AhrefsBot/7.0; +http://ahrefs.com/robot/)" "ysfine.com"
51.222.253.8 - - [12/Sep/2022:08:00:14 -0700] "GET /princeton/cosmic11b.jpg HTTP/1.1" 200 47082 "-" "Mozilla/5.0 (compatible; AhrefsBot/7.0; +http://ahrefs.com/robot/)" "ysfine.com"
51.222.253.11 - - [12/Sep/2022:08:00:15 -0700] "GET /maga/invent/edison11b.jpg HTTP/1.1" 200 63993 "-" "Mozilla/5.0 (compatible; AhrefsBot/7.0; +http://ahrefs.com/robot/)" "ysfine.com"
51.222.253.8 - - [12/Sep/2022:08:00:15 -0700] "GET /maga/invent/gelogo2.jpg HTTP/1.1" 200 54020 "-" "Mozilla/5.0 (compatible; AhrefsBot/7.0; +http://ahrefs.com/robot/)" "ysfine.com"
51.222.253.4 - - [12/Sep/2022:08:00:16 -0700] "GET /maga/invent/fordlogo2.jpg HTTP/1.1" 200 33827 "-" "Mozilla/5.0 (compatible; AhrefsBot/7.0; +http://ahrefs.com/robot/)" "ysfine.com"
40.77.167.33 - - [12/Sep/2022:08:00:35 -0700] "GET /people/goldha.html HTTP/1.1" 200 1796 "-" "Mozilla/5.0 (compatible; bingbot/2.0; +http://www.bing.com/bingbot.htm)" "ysfine.com"
40.77.167.27 - - [12/Sep/2022:08:01:09 -0700] "GET /home/easy.html HTTP/1.1" 200 7877 "-" "Mozilla/5.0 (compatible; bingbot/2.0; +http://www.bing.com/bingbot.htm)" "ysfine.com"
185.191.171.38 - - [12/Sep/2022:08:02:37 -0700] "GET /dongio/british.html HTTP/1.1" 404 88 "-" "Mozilla/5.0 (compatible; SemrushBot/7~bl; +http://www.semrush.com/bot.html)" "www.ysfine.com"
40.77.167.33 - - [12/Sep/2022:08:03:04 -0700] "GET /maga/twobytwo.html HTTP/1.1" 200 1998 "-" "Mozilla/5.0 (compatible; bingbot/2.0; +http://www.bing.com/bingbot.htm)" "www.ysfine.com"
40.77.167.33 - - [12/Sep/2022:08:03:55 -0700] "GET /maga/mellon.html HTTP/1.1" 200 2949 "-" "Mozilla/5.0 (compatible; bingbot/2.0; +http://www.bing.com/bingbot.htm)" "ysfine.com"
185.191.171.35 - - [12/Sep/2022:08:03:59 -0700] "GET /einstein/wallis.html HTTP/1.1" 200 5621 "-" "Mozilla/5.0 (compatible; SemrushBot/7~bl; +http://www.semrush.com/bot.html)" "ysfine.com"
154.54.249.206 - - [12/Sep/2022:08:04:09 -0700] "GET /class54/class5470/total_data/sub_346.htm HTTP/1.1" 200 3308 "-" "Mozilla/5.0 (compatible; Barkrowler/0.9; +https://babbar.tech/crawler)" "www.ysfine.com"
114.119.128.154 - - [12/Sep/2022:08:04:26 -0700] "GET /world/einstein/kant.html HTTP/1.1" 404 88 "https://ysfine.com/world/baltic/kalinin.html" "Mozilla/5.0 (Linux; Android 7.0;) AppleWebKit/537.36 (KHTML, like Gecko) Mobile Safari/537.36 (compatible; PetalBot;+https://webmaster.petalsearch.com/site/petalbot)" "ysfine.com"
40.77.167.35 - - [12/Sep/2022:08:04:37 -0700] "GET /wigner/wigheisen.html HTTP/1.1" 200 3346 "-" "Mozilla/5.0 (compatible; bingbot/2.0; +http://www.bing.com/bingbot.htm)" "ysfine.com"
185.191.171.22 - - [12/Sep/2022:08:04:37 -0700] "GET /home/einwig.html HTTP/1.1" 200 1537 "-" "Mozilla/5.0 (compatible; SemrushBot/7~bl; +http://www.semrush.com/bot.html)" "ysfine.com"
40.77.167.35 - - [12/Sep/2022:08:05:19 -0700] "GET /einstein/einmeson.html HTTP/1.1" 200 4535 "-" "Mozilla/5.0 (compatible; bingbot/2.0; +http://www.bing.com/bingbot.htm)" "ysfine.com"
154.54.249.206 - - [12/Sep/2022:08:05:56 -0700] "GET /maga/phys/yukasumi.html HTTP/1.1" 304 - "-" "Mozilla/5.0 (compatible; Barkrowler/0.9; +https://babbar.tech/crawler)" "ysfine.com"
40.77.167.33 - - [12/Sep/2022:08:06:14 -0700] "GET /wigner/wbrill.jpg HTTP/1.1" 200 83776 "-" "Mozilla/5.0 (compatible; bingbot/2.0; +http://www.bing.com/bingbot.htm)" "ysfine.com"
40.77.167.27 - - [12/Sep/2022:08:06:18 -0700] "GET /kowar/war02.html HTTP/1.1" 200 9935 "-" "Mozilla/5.0 (compatible; bingbot/2.0; +http://www.bing.com/bingbot.htm)" "ysfine.com"
193.186.4.32 - - [12/Sep/2022:08:08:16 -0700] "GET /style/spbpiano.html HTTP/1.1" 200 1801 "-" "Mozilla/5.0 (Linux; Android 10; K) AppleWebKit/537.36 (KHTML, like Gecko) Chrome/105.0.0.0 Mobile Safari/537.36" "ysfine.com"
40.77.167.33 - - [12/Sep/2022:08:08:25 -0700] "GET /dirac/diracpol.html HTTP/1.1" 200 3380 "-" "Mozilla/5.0 (compatible; bingbot/2.0; +http://www.bing.com/bingbot.htm)" "ysfine.com"
40.77.167.27 - - [12/Sep/2022:08:08:29 -0700] "GET /world/sfrance.html HTTP/1.1" 200 8453 "-" "Mozilla/5.0 (compatible; bingbot/2.0; +http://www.bing.com/bingbot.htm)" "ysfine.com"
40.77.167.33 - - [12/Sep/2022:08:09:45 -0700] "GET /wdc/mydc.html HTTP/1.1" 200 1586 "-" "Mozilla/5.0 (compatible; bingbot/2.0; +http://www.bing.com/bingbot.htm)" "ysfine.com"
163.1.81.45 - - [12/Sep/2022:08:09:54 -0700] "GET /eink/pwk19c.jpg HTTP/1.1" 200 57759 "https://ysfine.com/feynman/chewfrau.html" "Mozilla/5.0 (X11; Linux x86_64; rv:91.0) Gecko/20100101 Firefox/91.0" "ysfine.com"
101.190.102.148 - - [12/Sep/2022:08:09:56 -0700] "GET /kowar/panmun04.jpg HTTP/1.1" 200 126386 "https://www.google.com/" "Mozilla/5.0 (Windows NT 10.0; Win64; x64) AppleWebKit/537.36 (KHTML, like Gecko) Chrome/105.0.0.0 Safari/537.36" "ysfine.com"
40.77.167.35 - - [12/Sep/2022:08:10:10 -0700] "GET /maga/desiree.html HTTP/1.1" 200 2747 "-" "Mozilla/5.0 (compatible; bingbot/2.0; +http://www.bing.com/bingbot.htm)" "ysfine.com"
17.121.114.164 - - [12/Sep/2022:08:10:26 -0700] "GET /einstein/bern.html HTTP/1.1" 200 8265 "-" "Mozilla/5.0 (Macintosh; Intel Mac OS X 10_15_5) AppleWebKit/605.1.15 (KHTML, like Gecko) Version/13.1.1 Safari/605.1.15 (Applebot/0.1; +http://www.apple.com/go/applebot)" "ysfine.com"
40.77.167.35 - - [12/Sep/2022:08:11:10 -0700] "GET /world/balticw.html HTTP/1.1" 200 15785 "-" "Mozilla/5.0 (compatible; bingbot/2.0; +http://www.bing.com/bingbot.htm)" "ysfine.com"
168.10.181.180 - - [12/Sep/2022:08:11:45 -0700] "GET /heisen/schroheisen33.jpg HTTP/1.1" 200 86213 "https://www.google.com/" "Mozilla/5.0 (X11; CrOS x86_64 14909.132.0) AppleWebKit/537.36 (KHTML, like Gecko) Chrome/104.0.0.0 Safari/537.36" "ysfine.com"
40.77.167.33 - - [12/Sep/2022:08:12:06 -0700] "GET /einstein/einusa.html HTTP/1.1" 200 8153 "-" "Mozilla/5.0 (compatible; bingbot/2.0; +http://www.bing.com/bingbot.htm)" "ysfine.com"
17.121.115.194 - - [12/Sep/2022:08:12:13 -0700] "GET /style/leica.html HTTP/1.1" 200 17158 "-" "Mozilla/5.0 (Macintosh; Intel Mac OS X 10_15_5) AppleWebKit/605.1.15 (KHTML, like Gecko) Version/13.1.1 Safari/605.1.15 (Applebot/0.1; +http://www.apple.com/go/applebot)" "ysfine.com"
110.235.235.238 - - [12/Sep/2022:08:12:49 -0700] "GET /einstein/einplanck3.jpg HTTP/1.1" 200 37784 "https://www.google.com/" "Mozilla/5.0 (Linux; Android 9; Redmi 6A Build/PPR1.180610.011; wv) AppleWebKit/537.36 (KHTML, like Gecko) Version/4.0 Chrome/103.0.5060.70 Mobile Safari/537.36 GoogleApp/13.23.14.26.arm" "ysfine.com"
40.77.167.33 - - [12/Sep/2022:08:13:35 -0700] "GET /kowar/bonesteel01.jpg HTTP/1.1" 200 58075 "-" "Mozilla/5.0 (compatible; bingbot/2.0; +http://www.bing.com/bingbot.htm)" "ysfine.com"
193.186.4.39 - - [12/Sep/2022:08:13:57 -0700] "GET /style/spbpiano.html HTTP/1.1" 200 1801 "-" "Mozilla/5.0 (Linux; Android 10; K) AppleWebKit/537.36 (KHTML, like Gecko) Chrome/105.0.0.0 Mobile Safari/537.36" "ysfine.com"
40.77.167.35 - - [12/Sep/2022:08:14:00 -0700] "GET /feynman/feykant.html HTTP/1.1" 200 3350 "-" "Mozilla/5.0 AppleWebKit/537.36 (KHTML, like Gecko; compatible; bingbot/2.0; +http://www.bing.com/bingbot.htm) Chrome/103.0.5060.134 Safari/537.36" "ysfine.com"
78.182.148.244 - - [12/Sep/2022:08:14:03 -0700] "GET /world/russ/spbpi01a.jpg HTTP/1.1" 200 47890 "https://ysfine.com/style/spbpiano.html" "Mozilla/5.0 (Linux; Android 11; SM-A125F) AppleWebKit/537.36 (KHTML, like Gecko) Chrome/105.0.0.0 Mobile Safari/537.36" "ysfine.com"
78.182.148.244 - - [12/Sep/2022:08:14:03 -0700] "GET /world/russ/spbpi05b.jpg HTTP/1.1" 200 31815 "https://ysfine.com/style/spbpiano.html" "Mozilla/5.0 (Linux; Android 11; SM-A125F) AppleWebKit/537.36 (KHTML, like Gecko) Chrome/105.0.0.0 Mobile Safari/537.36" "ysfine.com"
78.182.148.244 - - [12/Sep/2022:08:14:03 -0700] "GET /world/russ/spbpi02b.jpg HTTP/1.1" 200 34109 "https://ysfine.com/style/spbpiano.html" "Mozilla/5.0 (Linux; Android 11; SM-A125F) AppleWebKit/537.36 (KHTML, like Gecko) Chrome/105.0.0.0 Mobile Safari/537.36" "ysfine.com"
78.182.148.244 - - [12/Sep/2022:08:14:03 -0700] "GET /world/russ/spbpi03b.jpg HTTP/1.1" 200 39436 "https://ysfine.com/style/spbpiano.html" "Mozilla/5.0 (Linux; Android 11; SM-A125F) AppleWebKit/537.36 (KHTML, like Gecko) Chrome/105.0.0.0 Mobile Safari/537.36" "ysfine.com"
78.182.148.244 - - [12/Sep/2022:08:14:03 -0700] "GET /world/russ/spbpi04b.jpg HTTP/1.1" 200 40390 "https://ysfine.com/style/spbpiano.html" "Mozilla/5.0 (Linux; Android 11; SM-A125F) AppleWebKit/537.36 (KHTML, like Gecko) Chrome/105.0.0.0 Mobile Safari/537.36" "ysfine.com"
78.182.148.244 - - [12/Sep/2022:08:14:03 -0700] "GET /world/russ/spbpi11b.jpg HTTP/1.1" 200 44991 "https://ysfine.com/style/spbpiano.html" "Mozilla/5.0 (Linux; Android 11; SM-A125F) AppleWebKit/537.36 (KHTML, like Gecko) Chrome/105.0.0.0 Mobile Safari/537.36" "ysfine.com"
78.182.148.244 - - [12/Sep/2022:08:14:04 -0700] "GET /world/russ/spbpi06b.jpg HTTP/1.1" 200 36435 "https://ysfine.com/style/spbpiano.html" "Mozilla/5.0 (Linux; Android 11; SM-A125F) AppleWebKit/537.36 (KHTML, like Gecko) Chrome/105.0.0.0 Mobile Safari/537.36" "ysfine.com"
78.182.148.244 - - [12/Sep/2022:08:14:04 -0700] "GET /world/russ/spbpi07b.jpg HTTP/1.1" 200 44525 "https://ysfine.com/style/spbpiano.html" "Mozilla/5.0 (Linux; Android 11; SM-A125F) AppleWebKit/537.36 (KHTML, like Gecko) Chrome/105.0.0.0 Mobile Safari/537.36" "ysfine.com"
78.182.148.244 - - [12/Sep/2022:08:14:04 -0700] "GET /world/russ/spbpi08b.jpg HTTP/1.1" 200 34889 "https://ysfine.com/style/spbpiano.html" "Mozilla/5.0 (Linux; Android 11; SM-A125F) AppleWebKit/537.36 (KHTML, like Gecko) Chrome/105.0.0.0 Mobile Safari/537.36" "ysfine.com"
78.182.148.244 - - [12/Sep/2022:08:14:04 -0700] "GET /favicon.ico HTTP/1.1" 404 88 "https://ysfine.com/style/spbpiano.html" "Mozilla/5.0 (Linux; Android 11; SM-A125F) AppleWebKit/537.36 (KHTML, like Gecko) Chrome/105.0.0.0 Mobile Safari/537.36" "ysfine.com"
185.191.171.9 - - [12/Sep/2022:08:14:09 -0700] "GET /class54/class5470/total_data/sub_624.htm HTTP/1.1" 200 3215 "-" "Mozilla/5.0 (compatible; SemrushBot/7~bl; +http://www.semrush.com/bot.html)" "www.ysfine.com"
40.77.167.62 - - [12/Sep/2022:08:14:30 -0700] "GET /maga/phys/schrod11b.jpg HTTP/1.1" 200 36796 "-" "Mozilla/5.0 (compatible; bingbot/2.0; +http://www.bing.com/bingbot.htm)" "ysfine.com"
40.77.167.62 - - [12/Sep/2022:08:14:31 -0700] "GET /world/spb.html HTTP/1.1" 200 16118 "-" "Mozilla/5.0 (compatible; bingbot/2.0; +http://www.bing.com/bingbot.htm)" "ysfine.com"
157.55.39.146 - - [12/Sep/2022:08:14:55 -0700] "GET /home/wigstu.html HTTP/1.1" 200 4212 "-" "Mozilla/5.0 (compatible; bingbot/2.0; +http://www.bing.com/bingbot.htm)" "ysfine.com"
40.77.167.62 - - [12/Sep/2022:08:15:40 -0700] "GET /world/brit/lonstore.html HTTP/1.1" 200 385 "-" "Mozilla/5.0 (compatible; bingbot/2.0; +http://www.bing.com/bingbot.htm)" "ysfine.com"
40.77.167.33 - - [12/Sep/2022:08:17:35 -0700] "GET /wigner/e(2).html HTTP/1.1" 200 4288 "-" "Mozilla/5.0 (compatible; bingbot/2.0; +http://www.bing.com/bingbot.htm)" "ysfine.com"
17.121.115.159 - - [12/Sep/2022:08:17:47 -0700] "GET /people/sbt.html HTTP/1.1" 200 529 "-" "Mozilla/5.0 (Macintosh; Intel Mac OS X 10_15_5) AppleWebKit/605.1.15 (KHTML, like Gecko) Version/13.1.1 Safari/605.1.15 (Applebot/0.1; +http://www.apple.com/go/applebot)" "ysfine.com"
40.77.167.62 - - [12/Sep/2022:08:18:00 -0700] "GET /kowar/war53.html HTTP/1.1" 200 6652 "-" "Mozilla/5.0 (compatible; bingbot/2.0; +http://www.bing.com/bingbot.htm)" "ysfine.com"
78.182.148.244 - - [12/Sep/2022:08:18:22 -0700] "GET /world/russ/spbpi01.jpg HTTP/1.1" 200 77203 "https://ysfine.com/style/spbpiano.html" "Mozilla/5.0 (Linux; Android 11; SM-A125F) AppleWebKit/537.36 (KHTML, like Gecko) Chrome/105.0.0.0 Mobile Safari/537.36" "ysfine.com"
72.14.201.35 - - [12/Sep/2022:08:18:29 -0700] "GET /style/spbpiano.html HTTP/1.1" 200 1801 "-" "Mozilla/5.0 (Linux; Android 10; K) AppleWebKit/537.36 (KHTML, like Gecko) Chrome/105.0.0.0 Mobile Safari/537.36" "ysfine.com"
35.233.137.28 - - [12/Sep/2022:08:18:43 -0700] "GET /maga/tesla.html HTTP/1.1" 200 4852 "-" "Mozilla/5.0 (Windows NT 10.0; Win64; x64) AppleWebKit/537.36 (KHTML, like Gecko) Chrome/74.0.3729.169 Safari/537.36" "ysfine.com"
40.77.167.35 - - [12/Sep/2022:08:19:19 -0700] "GET /einstein/einphoto.html HTTP/1.1" 200 1970 "-" "Mozilla/5.0 (compatible; bingbot/2.0; +http://www.bing.com/bingbot.htm)" "ysfine.com"
40.77.167.35 - - [12/Sep/2022:08:19:29 -0700] "GET /usca/pitt/pnc.html HTTP/1.1" 200 910 "-" "Mozilla/5.0 (compatible; bingbot/2.0; +http://www.bing.com/bingbot.htm)" "ysfine.com"
185.191.171.16 - - [12/Sep/2022:08:20:08 -0700] "GET /class54/class5470/total_data/sub_342.htm HTTP/1.1" 200 3328 "-" "Mozilla/5.0 (compatible; SemrushBot/7~bl; +http://www.semrush.com/bot.html)" "www.ysfine.com"
185.191.171.40 - - [12/Sep/2022:08:20:11 -0700] "GET /awards/index.html HTTP/1.1" 200 9993 "-" "Mozilla/5.0 (compatible; SemrushBot/7~bl; +http://www.semrush.com/bot.html)" "www.ysfine.com"
157.55.39.146 - - [12/Sep/2022:08:20:56 -0700] "GET /wigner/evangel.html HTTP/1.1" 200 4831 "-" "Mozilla/5.0 (compatible; bingbot/2.0; +http://www.bing.com/bingbot.htm)" "ysfine.com"
185.191.171.5 - - [12/Sep/2022:08:21:20 -0700] "GET /robots.txt HTTP/1.1" 404 88 "-" "Mozilla/5.0 (compatible; SemrushBot/7~bl; +http://www.semrush.com/bot.html)" "ysfine.com"
185.191.171.22 - - [12/Sep/2022:08:21:22 -0700] "GET /dongio/polandf.html HTTP/1.1" 404 88 "-" "Mozilla/5.0 (compatible; SemrushBot/7~bl; +http://www.semrush.com/bot.html)" "ysfine.com"
185.191.171.6 - - [12/Sep/2022:08:21:46 -0700] "GET /class54/class5470/total_data/sub_506.htm HTTP/1.1" 200 3196 "-" "Mozilla/5.0 (compatible; SemrushBot/7~bl; +http://www.semrush.com/bot.html)" "www.ysfine.com"
3.234.230.158 - - [12/Sep/2022:08:21:58 -0700] "GET /wigner/evangel.html HTTP/1.1" 200 4831 "-" "colly - https://github.com/gocolly/colly/v2" "ysfine.com"
157.55.39.146 - - [12/Sep/2022:08:22:45 -0700] "GET /princeton/wilson05b.jpg HTTP/1.1" 200 38911 "-" "Mozilla/5.0 (compatible; bingbot/2.0; +http://www.bing.com/bingbot.htm)" "www.ysfine.com"
40.77.167.33 - - [12/Sep/2022:08:22:46 -0700] "GET /einstein/eindcmap.html HTTP/1.1" 200 1176 "-" "Mozilla/5.0 (compatible; bingbot/2.0; +http://www.bing.com/bingbot.htm)" "ysfine.com"
40.77.167.35 - - [12/Sep/2022:08:23:29 -0700] "GET /maga/maxedin.html HTTP/1.1" 200 6756 "-" "Mozilla/5.0 (compatible; bingbot/2.0; +http://www.bing.com/bingbot.htm)" "www.ysfine.com"
40.77.167.35 - - [12/Sep/2022:08:23:29 -0700] "GET /class54/emailed.html HTTP/1.1" 200 8184 "-" "Mozilla/5.0 (compatible; bingbot/2.0; +http://www.bing.com/bingbot.htm)" "www.ysfine.com"
40.77.167.62 - - [12/Sep/2022:08:23:31 -0700] "GET /world/spb.html HTTP/1.1" 200 16118 "-" "Mozilla/5.0 (compatible; bingbot/2.0; +http://www.bing.com/bingbot.htm)" "www.ysfine.com"
40.77.167.27 - - [12/Sep/2022:08:23:34 -0700] "GET /dirac/dirpoems.html HTTP/1.1" 200 5773 "-" "Mozilla/5.0 (compatible; bingbot/2.0; +http://www.bing.com/bingbot.htm)" "www.ysfine.com"
40.77.167.27 - - [12/Sep/2022:08:23:34 -0700] "GET /dirac/dirheisen.html HTTP/1.1" 200 4650 "-" "Mozilla/5.0 (compatible; bingbot/2.0; +http://www.bing.com/bingbot.htm)" "www.ysfine.com"
40.77.167.27 - - [12/Sep/2022:08:23:34 -0700] "GET /world/tdrome.html HTTP/1.1" 200 5611 "-" "Mozilla/5.0 (compatible; bingbot/2.0; +http://www.bing.com/bingbot.htm)" "www.ysfine.com"
40.77.167.27 - - [12/Sep/2022:08:23:34 -0700] "GET /einstein/eincurie.html HTTP/1.1" 200 895 "-" "Mozilla/5.0 (compatible; bingbot/2.0; +http://www.bing.com/bingbot.htm)" "www.ysfine.com"
157.55.39.146 - - [12/Sep/2022:08:23:39 -0700] "GET /maga/fermi.html HTTP/1.1" 200 3387 "-" "Mozilla/5.0 AppleWebKit/537.36 (KHTML, like Gecko; compatible; bingbot/2.0; +http://www.bing.com/bingbot.htm) Chrome/103.0.5060.134 Safari/537.36" "www.ysfine.com"
157.55.39.146 - - [12/Sep/2022:08:23:39 -0700] "GET /princeton/prade.html HTTP/1.1" 200 9863 "-" "Mozilla/5.0 (compatible; bingbot/2.0; +http://www.bing.com/bingbot.htm)" "www.ysfine.com"
40.77.167.62 - - [12/Sep/2022:08:23:43 -0700] "GET /style/mushalls.html HTTP/1.1" 200 21398 "-" "Mozilla/5.0 (compatible; bingbot/2.0; +http://www.bing.com/bingbot.htm)" "www.ysfine.com"
40.77.167.62 - - [12/Sep/2022:08:23:43 -0700] "GET /kobak/1919.html HTTP/1.1" 200 6884 "-" "Mozilla/5.0 (compatible; bingbot/2.0; +http://www.bing.com/bingbot.htm)" "www.ysfine.com"
176.50.14.79 - - [12/Sep/2022:08:23:44 -0700] "GET /usca/norl/missi37.jpg HTTP/1.1" 200 90089 "https://yandex.ru/images/search?from=tabbar&text=%D1%80%D0%B5%D0%BA%D0%B0%20%D0%BC%D0%B8%D1%81%D1%81%D0%B8%D1%81%D0%B8%D0%BF%D0%B8%20%D0%B2%20%D0%BC%D0%B8%D0%BD%D0%BD%D0%B5%D0%B0%D0%BF%D0%BE%D0%BB%D0%B8%D1%81%D0%B5&p=3&pos=106&rpt=simage&img_url=http%3A%2F%2Fvsegda-pomnim.com%2Fuploads%2Fposts%2F2022-03%2F1647179891_1-vsegda-pomnim-com-p-reka-missisipi-foto-1.jpg&lr=124082" "Mozilla/5.0 (Windows NT 6.1; WOW64) AppleWebKit/537.36 (KHTML, like Gecko) Chrome/102.0.5005.167 YaBrowser/22.7.5.946 Yowser/2.5 Safari/537.36" "www.ysfine.com"
40.77.167.35 - - [12/Sep/2022:08:23:48 -0700] "GET /usca/vegas/caesar10.jpg HTTP/1.1" 200 102896 "-" "Mozilla/5.0 (compatible; bingbot/2.0; +http://www.bing.com/bingbot.htm)" "www.ysfine.com"
40.77.167.35 - - [12/Sep/2022:08:24:39 -0700] "GET /people/ HTTP/1.1" 200 125 "-" "Mozilla/5.0 (compatible; bingbot/2.0; +http://www.bing.com/bingbot.htm)" "ysfine.com"
40.77.167.27 - - [12/Sep/2022:08:25:10 -0700] "GET /wisdom/wk10.html HTTP/1.1" 200 24659 "-" "Mozilla/5.0 (compatible; bingbot/2.0; +http://www.bing.com/bingbot.htm)" "ysfine.com"
40.77.167.62 - - [12/Sep/2022:08:25:11 -0700] "GET /usca/pitt/steelm02.jpg HTTP/1.1" 200 122294 "-" "Mozilla/5.0 (compatible; bingbot/2.0; +http://www.bing.com/bingbot.htm)" "www.ysfine.com"
157.55.39.146 - - [12/Sep/2022:08:25:15 -0700] "GET /world/munich.html HTTP/1.1" 200 3101 "-" "Mozilla/5.0 (compatible; bingbot/2.0; +http://www.bing.com/bingbot.htm)" "ysfine.com"
157.55.39.146 - - [12/Sep/2022:08:25:15 -0700] "GET /world/china22.html HTTP/1.1" 200 12827 "-" "Mozilla/5.0 (compatible; bingbot/2.0; +http://www.bing.com/bingbot.htm)" "ysfine.com"
157.55.39.146 - - [12/Sep/2022:08:25:15 -0700] "GET /world/wdrigh.html HTTP/1.1" 200 2217 "-" "Mozilla/5.0 (compatible; bingbot/2.0; +http://www.bing.com/bingbot.htm)" "ysfine.com"
40.77.167.35 - - [12/Sep/2022:08:25:20 -0700] "GET /wdc/wasdc.html HTTP/1.1" 200 13295 "-" "Mozilla/5.0 (compatible; bingbot/2.0; +http://www.bing.com/bingbot.htm)" "ysfine.com"
174.105.255.166 - - [12/Sep/2022:08:25:22 -0700] "GET /princeton/withers01.jpg HTTP/1.1" 200 113946 "https://www.google.com/" "Mozilla/5.0 (Macintosh; Intel Mac OS X 10_15_7) AppleWebKit/605.1.15 (KHTML, like Gecko) Version/15.6.1 Safari/605.1.15" "ysfine.com"
154.54.249.206 - - [12/Sep/2022:08:25:29 -0700] "GET /class54/class5470/total_data/sub_320.htm HTTP/1.1" 304 - "-" "Mozilla/5.0 (compatible; Barkrowler/0.9; +https://babbar.tech/crawler)" "www.ysfine.com"
40.77.167.33 - - [12/Sep/2022:08:27:15 -0700] "GET /class54/busan11c.jpg HTTP/1.1" 200 35025 "-" "Mozilla/5.0 (compatible; bingbot/2.0; +http://www.bing.com/bingbot.htm)" "www.ysfine.com"
154.54.249.206 - - [12/Sep/2022:08:27:20 -0700] "GET /class54/class5470/50th.htm HTTP/1.1" 304 - "-" "Mozilla/5.0 (compatible; Barkrowler/0.9; +https://babbar.tech/crawler)" "ysfine.com"
40.77.167.62 - - [12/Sep/2022:08:27:31 -0700] "GET /houses/myhouse.html HTTP/1.1" 200 1473 "-" "Mozilla/5.0 (compatible; bingbot/2.0; +http://www.bing.com/bingbot.htm)" "www.ysfine.com"
157.55.39.146 - - [12/Sep/2022:08:27:45 -0700] "GET /saram/g013.jpg HTTP/1.1" 200 77413 "-" "Mozilla/5.0 (compatible; bingbot/2.0; +http://www.bing.com/bingbot.htm)" "www.ysfine.com"
40.77.167.35 - - [12/Sep/2022:08:27:49 -0700] "GET /world/ital/galmil.html HTTP/1.1" 200 1084 "-" "Mozilla/5.0 (compatible; bingbot/2.0; +http://www.bing.com/bingbot.htm)" "www.ysfine.com"
40.77.167.35 - - [12/Sep/2022:08:28:40 -0700] "GET /world/china/shenyang.html HTTP/1.1" 200 5154 "-" "Mozilla/5.0 (compatible; bingbot/2.0; +http://www.bing.com/bingbot.htm)" "ysfine.com"
40.77.167.35 - - [12/Sep/2022:08:28:49 -0700] "GET /maga/histo/desiree22.jpg HTTP/1.1" 200 113561 "-" "Mozilla/5.0 (compatible; bingbot/2.0; +http://www.bing.com/bingbot.htm)" "ysfine.com"
40.77.167.62 - - [12/Sep/2022:08:29:51 -0700] "GET /princeton/pshoes.jpg HTTP/1.1" 200 160931 "-" "Mozilla/5.0 (compatible; bingbot/2.0; +http://www.bing.com/bingbot.htm)" "www.ysfine.com"
40.77.167.62 - - [12/Sep/2022:08:29:51 -0700] "GET /einstein/maxein.html HTTP/1.1" 200 2651 "-" "Mozilla/5.0 (compatible; bingbot/2.0; +http://www.bing.com/bingbot.htm)" "ysfine.com"
17.121.112.32 - - [12/Sep/2022:08:29:52 -0700] "GET /princeton/prade.html HTTP/1.1" 200 9863 "-" "Mozilla/5.0 (Macintosh; Intel Mac OS X 10_15_5) AppleWebKit/605.1.15 (KHTML, like Gecko) Version/13.1.1 Safari/605.1.15 (Applebot/0.1; +http://www.apple.com/go/applebot)" "ysfine.com"
40.77.167.35 - - [12/Sep/2022:08:30:01 -0700] "GET /feynman/restof.html HTTP/1.1" 200 4709 "-" "Mozilla/5.0 (compatible; bingbot/2.0; +http://www.bing.com/bingbot.htm)" "www.ysfine.com"
178.176.79.242 - - [12/Sep/2022:08:30:28 -0700] "GET /wigner/neum/vnc02.jpg HTTP/1.1" 200 122957 "https://www.google.com/" "Mozilla/5.0 (Macintosh; Intel Mac OS X 10_15_7) AppleWebKit/537.36 (KHTML, like Gecko) Chrome/104.0.0.0 Safari/537.36" "ysfine.com"
40.77.167.35 - - [12/Sep/2022:08:31:30 -0700] "GET /feynman/feynart.html HTTP/1.1" 200 10277 "-" "Mozilla/5.0 (compatible; bingbot/2.0; +http://www.bing.com/bingbot.htm)" "ysfine.com"
185.191.171.38 - - [12/Sep/2022:08:32:08 -0700] "GET /dirac/dirac63.html HTTP/1.1" 404 88 "-" "Mozilla/5.0 (compatible; SemrushBot/7~bl; +http://www.semrush.com/bot.html)" "www.ysfine.com"
185.191.171.22 - - [12/Sep/2022:08:32:23 -0700] "GET /style/venuspics22.html HTTP/1.1" 200 773 "-" "Mozilla/5.0 (compatible; SemrushBot/7~bl; +http://www.semrush.com/bot.html)" "www.ysfine.com"
40.77.167.62 - - [12/Sep/2022:08:32:51 -0700] "GET /maga/invent/marconi03.jpg HTTP/1.1" 200 152837 "-" "Mozilla/5.0 AppleWebKit/537.36 (KHTML, like Gecko; compatible; bingbot/2.0; +http://www.bing.com/bingbot.htm) Chrome/103.0.5060.134 Safari/537.36" "ysfine.com"
157.55.39.146 - - [12/Sep/2022:08:32:57 -0700] "GET /eink/index.html HTTP/1.1" 200 17659 "-" "Mozilla/5.0 AppleWebKit/537.36 (KHTML, like Gecko; compatible; bingbot/2.0; +http://www.bing.com/bingbot.htm) Chrome/103.0.5060.134 Safari/537.36" "www.ysfine.com"
40.77.167.35 - - [12/Sep/2022:08:33:01 -0700] "GET /einstein/webars.html HTTP/1.1" 200 352 "-" "Mozilla/5.0 (compatible; bingbot/2.0; +http://www.bing.com/bingbot.htm)" "ysfine.com"
40.77.167.33 - - [12/Sep/2022:08:33:08 -0700] "GET /wdc/dar22.jpg HTTP/1.1" 200 95374 "-" "Mozilla/5.0 (compatible; bingbot/2.0; +http://www.bing.com/bingbot.htm)" "www.ysfine.com"
40.77.167.27 - - [12/Sep/2022:08:33:11 -0700] "GET /dirac/dirpoems.html HTTP/1.1" 200 5773 "-" "Mozilla/5.0 (compatible; bingbot/2.0; +http://www.bing.com/bingbot.htm)" "ysfine.com"
157.55.39.146 - - [12/Sep/2022:08:33:17 -0700] "GET /dirac/twobroth.html HTTP/1.1" 200 2887 "-" "Mozilla/5.0 (compatible; bingbot/2.0; +http://www.bing.com/bingbot.htm)" "ysfine.com"
157.55.39.146 - - [12/Sep/2022:08:33:27 -0700] "GET /wigner/wigpoinc.html HTTP/1.1" 200 6586 "-" "Mozilla/5.0 (compatible; bingbot/2.0; +http://www.bing.com/bingbot.htm)" "ysfine.com"
185.191.171.10 - - [12/Sep/2022:08:34:55 -0700] "GET /marq/dwf.html HTTP/1.1" 404 88 "-" "Mozilla/5.0 (compatible; SemrushBot/7~bl; +http://www.semrush.com/bot.html)" "ysfine.com"
40.77.167.62 - - [12/Sep/2022:08:35:22 -0700] "GET /sbk/2011muc66.jpg HTTP/1.1" 200 118110 "-" "Mozilla/5.0 (compatible; bingbot/2.0; +http://www.bing.com/bingbot.htm)" "www.ysfine.com"
51.222.253.1 - - [12/Sep/2022:08:35:40 -0700] "GET /class54/class5470/total_data/sub_758.htm HTTP/1.1" 200 3297 "-" "Mozilla/5.0 (compatible; AhrefsBot/7.0; +http://ahrefs.com/robot/)" "www.ysfine.com"
51.222.253.15 - - [12/Sep/2022:08:35:42 -0700] "GET /class54/class5470/total_data/photo_img/7-58.jpg HTTP/1.1" 200 243391 "-" "Mozilla/5.0 (compatible; AhrefsBot/7.0; +http://ahrefs.com/robot/)" "www.ysfine.com"
40.77.167.27 - - [12/Sep/2022:08:36:21 -0700] "GET /world/brit/britmu.html HTTP/1.1" 200 4897 "-" "Mozilla/5.0 (compatible; bingbot/2.0; +http://www.bing.com/bingbot.htm)" "ysfine.com"
40.77.167.35 - - [12/Sep/2022:08:36:42 -0700] "GET /style/beetho.html HTTP/1.1" 200 3228 "-" "Mozilla/5.0 (compatible; bingbot/2.0; +http://www.bing.com/bingbot.htm)" "ysfine.com"
216.24.212.58 - - [12/Sep/2022:08:37:17 -0700] "GET /confer/other.html HTTP/1.1" 404 73 "https://ysfine.com/confer/other.html" "Mozilla/5.0 (Windows NT 6.1; Win64; x64) AppleWebKit/537.36 (KHTML, like Gecko) Chrome/90.0.4430.85 Safari/537.36" "ysfine.com"
216.24.212.58 - - [12/Sep/2022:08:37:18 -0700] "GET / HTTP/1.1" 200 15910 "https://ysfine.com/" "Mozilla/5.0 (Windows NT 6.1; Win64; x64) AppleWebKit/537.36 (KHTML, like Gecko) Chrome/90.0.4430.85 Safari/537.36" "ysfine.com"
40.77.167.33 - - [12/Sep/2022:08:38:17 -0700] "GET /archives/proceedings/wpro01/catto.html HTTP/1.1" 200 385 "-" "Mozilla/5.0 AppleWebKit/537.36 (KHTML, like Gecko; compatible; bingbot/2.0; +http://www.bing.com/bingbot.htm) Chrome/103.0.5060.134 Safari/537.36" "www.ysfine.com"
40.77.167.62 - - [12/Sep/2022:08:38:41 -0700] "GET /world/baltic/tallin47.jpg HTTP/1.1" 200 138046 "-" "Mozilla/5.0 (compatible; bingbot/2.0; +http://www.bing.com/bingbot.htm)" "ysfine.com"
40.77.167.62 - - [12/Sep/2022:08:38:42 -0700] "GET /world/kazan.html HTTP/1.1" 200 13929 "-" "Mozilla/5.0 (compatible; bingbot/2.0; +http://www.bing.com/bingbot.htm)" "ysfine.com"
40.77.167.27 - - [12/Sep/2022:08:38:50 -0700] "GET /style/songs.html HTTP/1.1" 200 31570 "-" "Mozilla/5.0 (compatible; bingbot/2.0; +http://www.bing.com/bingbot.htm)" "ysfine.com"
51.222.253.6 - - [12/Sep/2022:08:39:21 -0700] "GET /class54/class5470/total_data/sub_751.htm HTTP/1.1" 200 3297 "-" "Mozilla/5.0 (compatible; AhrefsBot/7.0; +http://ahrefs.com/robot/)" "www.ysfine.com"
40.77.167.27 - - [12/Sep/2022:08:39:22 -0700] "GET /wisdom/yitol.html HTTP/1.1" 200 6261 "-" "Mozilla/5.0 (compatible; bingbot/2.0; +http://www.bing.com/bingbot.htm)" "ysfine.com"
51.222.253.2 - - [12/Sep/2022:08:39:23 -0700] "GET /class54/class5470/total_data/photo_img/7-51.jpg HTTP/1.1" 200 222884 "-" "Mozilla/5.0 (compatible; AhrefsBot/7.0; +http://ahrefs.com/robot/)" "www.ysfine.com"
40.77.167.35 - - [12/Sep/2022:08:40:52 -0700] "GET /einstein/standingw.html HTTP/1.1" 200 2754 "-" "Mozilla/5.0 (compatible; bingbot/2.0; +http://www.bing.com/bingbot.htm)" "ysfine.com"
40.77.167.33 - - [12/Sep/2022:08:40:58 -0700] "GET /maga/boltzmann.html HTTP/1.1" 200 6052 "-" "Mozilla/5.0 (compatible; bingbot/2.0; +http://www.bing.com/bingbot.htm)" "ysfine.com"
40.77.167.62 - - [12/Sep/2022:08:41:01 -0700] "GET /world/brit/lontaxi04.jpg HTTP/1.1" 200 59541 "-" "Mozilla/5.0 AppleWebKit/537.36 (KHTML, like Gecko; compatible; bingbot/2.0; +http://www.bing.com/bingbot.htm) Chrome/103.0.5060.134 Safari/537.36" "www.ysfine.com"
40.77.167.35 - - [12/Sep/2022:08:41:11 -0700] "GET /usca/pitt/pghrail22.jpg HTTP/1.1" 200 66352 "-" "Mozilla/5.0 (compatible; bingbot/2.0; +http://www.bing.com/bingbot.htm)" "www.ysfine.com"
40.77.167.35 - - [12/Sep/2022:08:41:43 -0700] "GET /feynman/quark50.html HTTP/1.1" 200 4079 "-" "Mozilla/5.0 (compatible; bingbot/2.0; +http://www.bing.com/bingbot.htm)" "www.ysfine.com"
98.110.34.168 - - [12/Sep/2022:08:43:17 -0700] "GET /wigner/wiglittle.pdf HTTP/1.1" 200 2659296 "https://www.google.com/" "Mozilla/5.0 (iPhone; CPU iPhone OS 14_8_1 like Mac OS X) AppleWebKit/605.1.15 (KHTML, like Gecko) Version/14.1.2 Mobile/15E148 Safari/604.1" "ysfine.com"
98.110.34.168 - - [12/Sep/2022:08:43:19 -0700] "GET /favicon.ico HTTP/1.1" 404 88 "https://ysfine.com/wigner/wiglittle.pdf" "Mozilla/5.0 (iPhone; CPU iPhone OS 14_8_1 like Mac OS X) AppleWebKit/605.1.15 (KHTML, like Gecko) Version/14.1.2 Mobile/15E148 Safari/604.1" "ysfine.com"
51.222.253.13 - - [12/Sep/2022:08:43:23 -0700] "GET /class54/class5470/total_data/sub_752.htm HTTP/1.1" 200 3297 "-" "Mozilla/5.0 (compatible; AhrefsBot/7.0; +http://ahrefs.com/robot/)" "www.ysfine.com"
129.236.133.109 - - [12/Sep/2022:08:43:28 -0700] "GET /newyork/colum06.jpg HTTP/1.1" 200 109170 "https://www.google.com/" "Mozilla/5.0 (iPhone; CPU iPhone OS 15_6_1 like Mac OS X) AppleWebKit/605.1.15 (KHTML, like Gecko) Version/15.6.1 Mobile/15E148 Safari/604.1" "ysfine.com"
40.77.167.35 - - [12/Sep/2022:08:43:51 -0700] "GET /world/musplace.html HTTP/1.1" 200 22077 "-" "Mozilla/5.0 (compatible; bingbot/2.0; +http://www.bing.com/bingbot.htm)" "www.ysfine.com"
58.122.57.135 - - [12/Sep/2022:08:44:40 -0700] "GET /newyork/colum05.jpg HTTP/1.1" 200 116037 "https://blog.naver.com/PostView.naver?blogId=kiceany&logNo=221522272401&redirect=Dlog&widgetTypeCall=true&topReferer=https%3A%2F%2Fsearch.daum.net%2Fsearch%3Fnil_suggest%3Dsugsch%26w%3Dimg%26DA%3DGIQ%26sq%3D%25EC%25BD%259C%25EB%25A1%25AC%25EB%25B9%2584%25EC%2595%2584%2B%25EB%258C%2580%25ED%2595%2599%25EA%25B5%2590%26o%3D1%26sugo%3D4%26q%3D%25EC%25BD%259C%25EB%25A1%25AC%25EB%25B9%2584%25EC%2595%2584%2B%25EB%258C%2580%25ED%2595%2599%25EA%25B5%2590&directAccess=false" "Mozilla/5.0 (Windows NT 10.0; Win64; x64) AppleWebKit/537.36 (KHTML, like Gecko) Chrome/105.0.0.0 Safari/537.36 Edg/105.0.1343.33" "ysfine.com"
40.77.167.35 - - [12/Sep/2022:08:44:53 -0700] "GET /wigner/wigner39.html HTTP/1.1" 200 330 "-" "Mozilla/5.0 (compatible; bingbot/2.0; +http://www.bing.com/bingbot.htm)" "www.ysfine.com"
185.191.171.21 - - [12/Sep/2022:08:45:14 -0700] "GET /eink/buybook.html HTTP/1.1" 200 1781 "-" "Mozilla/5.0 (compatible; SemrushBot/7~bl; +http://www.semrush.com/bot.html)" "www.ysfine.com"
40.77.167.27 - - [12/Sep/2022:08:45:23 -0700] "GET /world/china/hongkong.html HTTP/1.1" 200 4914 "-" "Mozilla/5.0 (compatible; bingbot/2.0; +http://www.bing.com/bingbot.htm)" "ysfine.com"
154.54.249.206 - - [12/Sep/2022:08:46:26 -0700] "GET /class54/class5470/total_data/sub_335.htm HTTP/1.1" 304 - "-" "Mozilla/5.0 (compatible; Barkrowler/0.9; +https://babbar.tech/crawler)" "www.ysfine.com"
40.77.167.35 - - [12/Sep/2022:08:46:51 -0700] "GET /princeton/campus.html HTTP/1.1" 200 15142 "-" "Mozilla/5.0 (compatible; bingbot/2.0; +http://www.bing.com/bingbot.htm)" "ysfine.com"
193.186.4.203 - - [12/Sep/2022:08:46:54 -0700] "GET /dirac/wigsis.html HTTP/1.1" 200 10275 "-" "Mozilla/5.0 (Linux; Android 10; K) AppleWebKit/537.36 (KHTML, like Gecko) Chrome/105.0.0.0 Mobile Safari/537.36" "ysfine.com"
200.173.84.182 - - [12/Sep/2022:08:47:10 -0700] "GET /princeton/annex11b.jpg HTTP/1.1" 200 39639 "https://ysfine.com/dirac/wigsis.html" "Mozilla/5.0 (Linux; Android 10; moto g(8) play) AppleWebKit/537.36 (KHTML, like Gecko) Chrome/105.0.0.0 Mobile Safari/537.36" "ysfine.com"
200.173.84.182 - - [12/Sep/2022:08:47:10 -0700] "GET /dirac/dirac63b.jpg HTTP/1.1" 200 41617 "https://ysfine.com/dirac/wigsis.html" "Mozilla/5.0 (Linux; Android 10; moto g(8) play) AppleWebKit/537.36 (KHTML, like Gecko) Chrome/105.0.0.0 Mobile Safari/537.36" "ysfine.com"
200.173.84.182 - - [12/Sep/2022:08:47:10 -0700] "GET /dirac/wigsis22.jpg HTTP/1.1" 200 39975 "https://ysfine.com/dirac/wigsis.html" "Mozilla/5.0 (Linux; Android 10; moto g(8) play) AppleWebKit/537.36 (KHTML, like Gecko) Chrome/105.0.0.0 Mobile Safari/537.36" "ysfine.com"
200.173.84.182 - - [12/Sep/2022:08:47:10 -0700] "GET /dirac/michaels22.jpg HTTP/1.1" 200 47473 "https://ysfine.com/dirac/wigsis.html" "Mozilla/5.0 (Linux; Android 10; moto g(8) play) AppleWebKit/537.36 (KHTML, like Gecko) Chrome/105.0.0.0 Mobile Safari/537.36" "ysfine.com"
200.173.84.182 - - [12/Sep/2022:08:47:10 -0700] "GET /dirac/hazi22.jpg HTTP/1.1" 200 37344 "https://ysfine.com/dirac/wigsis.html" "Mozilla/5.0 (Linux; Android 10; moto g(8) play) AppleWebKit/537.36 (KHTML, like Gecko) Chrome/105.0.0.0 Mobile Safari/537.36" "ysfine.com"
200.173.84.182 - - [12/Sep/2022:08:47:10 -0700] "GET /dirac/dirwig33b.jpg HTTP/1.1" 200 11663 "https://ysfine.com/dirac/wigsis.html" "Mozilla/5.0 (Linux; Android 10; moto g(8) play) AppleWebKit/537.36 (KHTML, like Gecko) Chrome/105.0.0.0 Mobile Safari/537.36" "ysfine.com"
200.173.84.182 - - [12/Sep/2022:08:47:11 -0700] "GET /dirac/dirac84b.jpg HTTP/1.1" 200 42763 "https://ysfine.com/dirac/wigsis.html" "Mozilla/5.0 (Linux; Android 10; moto g(8) play) AppleWebKit/537.36 (KHTML, like Gecko) Chrome/105.0.0.0 Mobile Safari/537.36" "ysfine.com"
200.173.84.182 - - [12/Sep/2022:08:47:11 -0700] "GET /feynman/feydirac270.jpg HTTP/1.1" 200 59000 "https://ysfine.com/dirac/wigsis.html" "Mozilla/5.0 (Linux; Android 10; moto g(8) play) AppleWebKit/537.36 (KHTML, like Gecko) Chrome/105.0.0.0 Mobile Safari/537.36" "ysfine.com"
200.173.84.182 - - [12/Sep/2022:08:47:11 -0700] "GET /world/poland/jablo01b.jpg HTTP/1.1" 200 39801 "https://ysfine.com/dirac/wigsis.html" "Mozilla/5.0 (Linux; Android 10; moto g(8) play) AppleWebKit/537.36 (KHTML, like Gecko) Chrome/105.0.0.0 Mobile Safari/537.36" "ysfine.com"
200.173.84.182 - - [12/Sep/2022:08:47:11 -0700] "GET /world/poland/jablo08b.jpg HTTP/1.1" 200 42070 "https://ysfine.com/dirac/wigsis.html" "Mozilla/5.0 (Linux; Android 10; moto g(8) play) AppleWebKit/537.36 (KHTML, like Gecko) Chrome/105.0.0.0 Mobile Safari/537.36" "ysfine.com"
200.173.84.182 - - [12/Sep/2022:08:47:11 -0700] "GET /world/poland/jablo19b.jpg HTTP/1.1" 200 49913 "https://ysfine.com/dirac/wigsis.html" "Mozilla/5.0 (Linux; Android 10; moto g(8) play) AppleWebKit/537.36 (KHTML, like Gecko) Chrome/105.0.0.0 Mobile Safari/537.36" "ysfine.com"
200.173.84.182 - - [12/Sep/2022:08:47:11 -0700] "GET /world/poland/jablo20b.jpg HTTP/1.1" 200 41339 "https://ysfine.com/dirac/wigsis.html" "Mozilla/5.0 (Linux; Android 10; moto g(8) play) AppleWebKit/537.36 (KHTML, like Gecko) Chrome/105.0.0.0 Mobile Safari/537.36" "ysfine.com"
200.173.84.182 - - [12/Sep/2022:08:47:11 -0700] "GET /dirac/jablo62b.jpg HTTP/1.1" 200 42817 "https://ysfine.com/dirac/wigsis.html" "Mozilla/5.0 (Linux; Android 10; moto g(8) play) AppleWebKit/537.36 (KHTML, like Gecko) Chrome/105.0.0.0 Mobile Safari/537.36" "ysfine.com"
200.173.84.182 - - [12/Sep/2022:08:47:11 -0700] "GET /dirac/dirackim6201.jpg HTTP/1.1" 200 51283 "https://ysfine.com/dirac/wigsis.html" "Mozilla/5.0 (Linux; Android 10; moto g(8) play) AppleWebKit/537.36 (KHTML, like Gecko) Chrome/105.0.0.0 Mobile Safari/537.36" "ysfine.com"
200.173.84.182 - - [12/Sep/2022:08:47:11 -0700] "GET /kobak/nicodem11b.jpg HTTP/1.1" 200 79065 "https://ysfine.com/dirac/wigsis.html" "Mozilla/5.0 (Linux; Android 10; moto g(8) play) AppleWebKit/537.36 (KHTML, like Gecko) Chrome/105.0.0.0 Mobile Safari/537.36" "ysfine.com"
200.173.84.182 - - [12/Sep/2022:08:47:11 -0700] "GET /dirac/hyperell2.jpg HTTP/1.1" 200 29858 "https://ysfine.com/dirac/wigsis.html" "Mozilla/5.0 (Linux; Android 10; moto g(8) play) AppleWebKit/537.36 (KHTML, like Gecko) Chrome/105.0.0.0 Mobile Safari/537.36" "ysfine.com"
200.173.84.182 - - [12/Sep/2022:08:47:11 -0700] "GET /dirac/dirackim6202.jpg HTTP/1.1" 200 51465 "https://ysfine.com/dirac/wigsis.html" "Mozilla/5.0 (Linux; Android 10; moto g(8) play) AppleWebKit/537.36 (KHTML, like Gecko) Chrome/105.0.0.0 Mobile Safari/537.36" "ysfine.com"
200.173.84.182 - - [12/Sep/2022:08:47:11 -0700] "GET /dirac/dirackn33b.jpg HTTP/1.1" 200 48200 "https://ysfine.com/dirac/wigsis.html" "Mozilla/5.0 (Linux; Android 10; moto g(8) play) AppleWebKit/537.36 (KHTML, like Gecko) Chrome/105.0.0.0 Mobile Safari/537.36" "ysfine.com"
200.173.84.182 - - [12/Sep/2022:08:47:11 -0700] "GET /eink/eink61c.jpg HTTP/1.1" 200 34119 "https://ysfine.com/dirac/wigsis.html" "Mozilla/5.0 (Linux; Android 10; moto g(8) play) AppleWebKit/537.36 (KHTML, like Gecko) Chrome/105.0.0.0 Mobile Safari/537.36" "ysfine.com"
40.77.167.27 - - [12/Sep/2022:08:47:12 -0700] "GET /style/think11.jpg HTTP/1.1" 200 155750 "-" "Mozilla/5.0 (compatible; bingbot/2.0; +http://www.bing.com/bingbot.htm)" "www.ysfine.com"
200.173.84.182 - - [12/Sep/2022:08:47:12 -0700] "GET /favicon.ico HTTP/1.1" 404 88 "https://ysfine.com/dirac/wigsis.html" "Mozilla/5.0 (Linux; Android 10; moto g(8) play) AppleWebKit/537.36 (KHTML, like Gecko) Chrome/105.0.0.0 Mobile Safari/537.36" "ysfine.com"
40.77.167.35 - - [12/Sep/2022:08:47:23 -0700] "GET /maga/bohr.html HTTP/1.1" 200 5125 "-" "Mozilla/5.0 (compatible; bingbot/2.0; +http://www.bing.com/bingbot.htm)" "ysfine.com"
157.55.39.146 - - [12/Sep/2022:08:47:29 -0700] "GET /world/france/frstu09.jpg HTTP/1.1" 200 167728 "-" "Mozilla/5.0 (compatible; bingbot/2.0; +http://www.bing.com/bingbot.htm)" "www.ysfine.com"
72.14.201.140 - - [12/Sep/2022:08:47:33 -0700] "GET /dirac/wigsis.html HTTP/1.1" 200 10275 "-" "Mozilla/5.0 (Linux; Android 10; K) AppleWebKit/537.36 (KHTML, like Gecko) Chrome/105.0.0.0 Safari/537.36" "ysfine.com"
51.222.253.12 - - [12/Sep/2022:08:47:34 -0700] "GET /class54/class5470/total_data/sub_734.htm HTTP/1.1" 200 3294 "-" "Mozilla/5.0 (compatible; AhrefsBot/7.0; +http://ahrefs.com/robot/)" "ysfine.com"
154.54.249.206 - - [12/Sep/2022:08:48:19 -0700] "GET /class54/class5480/Pictures/?C=S;O=A HTTP/1.1" 200 578 "-" "Mozilla/5.0 (compatible; Barkrowler/0.9; +https://babbar.tech/crawler)" "ysfine.com"
200.173.84.182 - - [12/Sep/2022:08:49:20 -0700] "GET / HTTP/1.1" 200 5283 "https://www.google.com/" "Mozilla/5.0 (Linux; Android 10; moto g(8) play) AppleWebKit/537.36 (KHTML, like Gecko) Chrome/105.0.0.0 Mobile Safari/537.36" "ysfine.com"
200.173.84.182 - - [12/Sep/2022:08:49:21 -0700] "GET /home/top21d.jpg HTTP/1.1" 200 74409 "https://ysfine.com/" "Mozilla/5.0 (Linux; Android 10; moto g(8) play) AppleWebKit/537.36 (KHTML, like Gecko) Chrome/105.0.0.0 Mobile Safari/537.36" "ysfine.com"
200.173.84.182 - - [12/Sep/2022:08:49:21 -0700] "GET /home/eink450.jpg HTTP/1.1" 200 66794 "https://ysfine.com/" "Mozilla/5.0 (Linux; Android 10; moto g(8) play) AppleWebKit/537.36 (KHTML, like Gecko) Chrome/105.0.0.0 Mobile Safari/537.36" "ysfine.com"
200.173.84.182 - - [12/Sep/2022:08:49:21 -0700] "GET /home/goodbad450.jpg HTTP/1.1" 200 32258 "https://ysfine.com/" "Mozilla/5.0 (Linux; Android 10; moto g(8) play) AppleWebKit/537.36 (KHTML, like Gecko) Chrome/105.0.0.0 Mobile Safari/537.36" "ysfine.com"
200.173.84.182 - - [12/Sep/2022:08:49:21 -0700] "GET /home/facu450.jpg HTTP/1.1" 200 74535 "https://ysfine.com/" "Mozilla/5.0 (Linux; Android 10; moto g(8) play) AppleWebKit/537.36 (KHTML, like Gecko) Chrome/105.0.0.0 Mobile Safari/537.36" "ysfine.com"
