173.73.80.118 - - [11/Sep/2022:21:00:07 -0700] "GET /home/bio.html HTTP/1.1" 200 15144 "-" "Mozilla/5.0 (Windows NT 10.0; Win64; x64) AppleWebKit/537.36 (KHTML, like Gecko) Chrome/104.0.5112.102 Safari/537.36" "ysfine.com"
173.73.80.118 - - [11/Sep/2022:21:00:07 -0700] "GET /home/fotos/photo00c.jpg HTTP/1.1" 200 34216 "https://ysfine.com/home/bio.html" "Mozilla/5.0 (Windows NT 10.0; Win64; x64) AppleWebKit/537.36 (KHTML, like Gecko) Chrome/104.0.5112.102 Safari/537.36" "ysfine.com"
173.73.80.118 - - [11/Sep/2022:21:00:07 -0700] "GET /home/fotos/campus06c.jpg HTTP/1.1" 200 49136 "https://ysfine.com/home/bio.html" "Mozilla/5.0 (Windows NT 10.0; Win64; x64) AppleWebKit/537.36 (KHTML, like Gecko) Chrome/104.0.5112.102 Safari/537.36" "ysfine.com"
173.73.80.118 - - [11/Sep/2022:21:00:07 -0700] "GET /home/yskim10c.jpg HTTP/1.1" 200 88826 "https://ysfine.com/home/bio.html" "Mozilla/5.0 (Windows NT 10.0; Win64; x64) AppleWebKit/537.36 (KHTML, like Gecko) Chrome/104.0.5112.102 Safari/537.36" "ysfine.com"
173.73.80.118 - - [11/Sep/2022:21:00:07 -0700] "GET /kobak/underw03c.jpg HTTP/1.1" 200 26805 "https://ysfine.com/home/bio.html" "Mozilla/5.0 (Windows NT 10.0; Win64; x64) AppleWebKit/537.36 (KHTML, like Gecko) Chrome/104.0.5112.102 Safari/537.36" "ysfine.com"
173.73.80.118 - - [11/Sep/2022:21:00:07 -0700] "GET /home/fotos/photo02c.jpg HTTP/1.1" 200 37432 "https://ysfine.com/home/bio.html" "Mozilla/5.0 (Windows NT 10.0; Win64; x64) AppleWebKit/537.36 (KHTML, like Gecko) Chrome/104.0.5112.102 Safari/537.36" "ysfine.com"
173.73.80.118 - - [11/Sep/2022:21:00:07 -0700] "GET /home/fotos/korjap03c.jpg HTTP/1.1" 200 24308 "https://ysfine.com/home/bio.html" "Mozilla/5.0 (Windows NT 10.0; Win64; x64) AppleWebKit/537.36 (KHTML, like Gecko) Chrome/104.0.5112.102 Safari/537.36" "ysfine.com"
173.73.80.118 - - [11/Sep/2022:21:00:07 -0700] "GET /home/ysrhee33c.jpg HTTP/1.1" 200 26817 "https://ysfine.com/home/bio.html" "Mozilla/5.0 (Windows NT 10.0; Win64; x64) AppleWebKit/537.36 (KHTML, like Gecko) Chrome/104.0.5112.102 Safari/537.36" "ysfine.com"
173.73.80.118 - - [11/Sep/2022:21:00:07 -0700] "GET /home/fotos/photo03c.jpg HTTP/1.1" 200 23013 "https://ysfine.com/home/bio.html" "Mozilla/5.0 (Windows NT 10.0; Win64; x64) AppleWebKit/537.36 (KHTML, like Gecko) Chrome/104.0.5112.102 Safari/537.36" "ysfine.com"
173.73.80.118 - - [11/Sep/2022:21:00:07 -0700] "GET /home/fotos/photo04c.jpg HTTP/1.1" 200 39964 "https://ysfine.com/home/bio.html" "Mozilla/5.0 (Windows NT 10.0; Win64; x64) AppleWebKit/537.36 (KHTML, like Gecko) Chrome/104.0.5112.102 Safari/537.36" "ysfine.com"
173.73.80.118 - - [11/Sep/2022:21:00:07 -0700] "GET /home/fotos/photo05c.jpg HTTP/1.1" 200 39109 "https://ysfine.com/home/bio.html" "Mozilla/5.0 (Windows NT 10.0; Win64; x64) AppleWebKit/537.36 (KHTML, like Gecko) Chrome/104.0.5112.102 Safari/537.36" "ysfine.com"
173.73.80.118 - - [11/Sep/2022:21:00:07 -0700] "GET /wdc/eindc03c.jpg HTTP/1.1" 200 48446 "https://ysfine.com/home/bio.html" "Mozilla/5.0 (Windows NT 10.0; Win64; x64) AppleWebKit/537.36 (KHTML, like Gecko) Chrome/104.0.5112.102 Safari/537.36" "ysfine.com"
173.73.80.118 - - [11/Sep/2022:21:00:07 -0700] "GET /home/bew22f.jpg HTTP/1.1" 200 124596 "https://ysfine.com/home/bio.html" "Mozilla/5.0 (Windows NT 10.0; Win64; x64) AppleWebKit/537.36 (KHTML, like Gecko) Chrome/104.0.5112.102 Safari/537.36" "ysfine.com"
173.73.80.118 - - [11/Sep/2022:21:00:07 -0700] "GET /home/fotos/photo06c.jpg HTTP/1.1" 200 40796 "https://ysfine.com/home/bio.html" "Mozilla/5.0 (Windows NT 10.0; Win64; x64) AppleWebKit/537.36 (KHTML, like Gecko) Chrome/104.0.5112.102 Safari/537.36" "ysfine.com"
173.73.80.118 - - [11/Sep/2022:21:00:07 -0700] "GET /home/fotos/photo08c.jpg HTTP/1.1" 200 28474 "https://ysfine.com/home/bio.html" "Mozilla/5.0 (Windows NT 10.0; Win64; x64) AppleWebKit/537.36 (KHTML, like Gecko) Chrome/104.0.5112.102 Safari/537.36" "ysfine.com"
173.73.80.118 - - [11/Sep/2022:21:00:07 -0700] "GET /dirac/dirbust22c.jpg HTTP/1.1" 200 36029 "https://ysfine.com/home/bio.html" "Mozilla/5.0 (Windows NT 10.0; Win64; x64) AppleWebKit/537.36 (KHTML, like Gecko) Chrome/104.0.5112.102 Safari/537.36" "ysfine.com"
173.73.80.118 - - [11/Sep/2022:21:00:07 -0700] "GET /home/truck/truck20c.jpg HTTP/1.1" 200 29999 "https://ysfine.com/home/bio.html" "Mozilla/5.0 (Windows NT 10.0; Win64; x64) AppleWebKit/537.36 (KHTML, like Gecko) Chrome/104.0.5112.102 Safari/537.36" "ysfine.com"
173.73.80.118 - - [11/Sep/2022:21:00:07 -0700] "GET /home/fotos/photo09c.jpg HTTP/1.1" 200 25413 "https://ysfine.com/home/bio.html" "Mozilla/5.0 (Windows NT 10.0; Win64; x64) AppleWebKit/537.36 (KHTML, like Gecko) Chrome/104.0.5112.102 Safari/537.36" "ysfine.com"
173.73.80.118 - - [11/Sep/2022:21:00:07 -0700] "GET /home/fotos/dirfeyn62c.jpg HTTP/1.1" 200 52150 "https://ysfine.com/home/bio.html" "Mozilla/5.0 (Windows NT 10.0; Win64; x64) AppleWebKit/537.36 (KHTML, like Gecko) Chrome/104.0.5112.102 Safari/537.36" "ysfine.com"
173.73.80.118 - - [11/Sep/2022:21:00:07 -0700] "GET /home/canal22c.jpg HTTP/1.1" 200 29939 "https://ysfine.com/home/bio.html" "Mozilla/5.0 (Windows NT 10.0; Win64; x64) AppleWebKit/537.36 (KHTML, like Gecko) Chrome/104.0.5112.102 Safari/537.36" "ysfine.com"
173.73.80.118 - - [11/Sep/2022:21:00:07 -0700] "GET /wigner/tollwig11c.jpg HTTP/1.1" 200 30497 "https://ysfine.com/home/bio.html" "Mozilla/5.0 (Windows NT 10.0; Win64; x64) AppleWebKit/537.36 (KHTML, like Gecko) Chrome/104.0.5112.102 Safari/537.36" "ysfine.com"
173.73.80.118 - - [11/Sep/2022:21:00:07 -0700] "GET /home/ewk86f.jpg HTTP/1.1" 304 - "https://ysfine.com/home/bio.html" "Mozilla/5.0 (Windows NT 10.0; Win64; x64) AppleWebKit/537.36 (KHTML, like Gecko) Chrome/104.0.5112.102 Safari/537.36" "ysfine.com"
173.73.80.118 - - [11/Sep/2022:21:00:07 -0700] "GET /yspapers/iop20c.jpg HTTP/1.1" 200 29134 "https://ysfine.com/home/bio.html" "Mozilla/5.0 (Windows NT 10.0; Win64; x64) AppleWebKit/537.36 (KHTML, like Gecko) Chrome/104.0.5112.102 Safari/537.36" "ysfine.com"
173.73.80.118 - - [11/Sep/2022:21:00:07 -0700] "GET /home/sq600c.jpg HTTP/1.1" 200 18492 "https://ysfine.com/home/bio.html" "Mozilla/5.0 (Windows NT 10.0; Win64; x64) AppleWebKit/537.36 (KHTML, like Gecko) Chrome/104.0.5112.102 Safari/537.36" "ysfine.com"
173.73.80.118 - - [11/Sep/2022:21:00:07 -0700] "GET /home/fotos/photo12c.jpg HTTP/1.1" 200 31719 "https://ysfine.com/home/bio.html" "Mozilla/5.0 (Windows NT 10.0; Win64; x64) AppleWebKit/537.36 (KHTML, like Gecko) Chrome/104.0.5112.102 Safari/537.36" "ysfine.com"
173.73.80.118 - - [11/Sep/2022:21:00:07 -0700] "GET /home/fotos/gongdae54f.jpg HTTP/1.1" 200 88096 "https://ysfine.com/home/bio.html" "Mozilla/5.0 (Windows NT 10.0; Win64; x64) AppleWebKit/537.36 (KHTML, like Gecko) Chrome/104.0.5112.102 Safari/537.36" "ysfine.com"
173.73.80.118 - - [11/Sep/2022:21:00:07 -0700] "GET /home/fotos/wsj450.jpg HTTP/1.1" 200 68132 "https://ysfine.com/home/bio.html" "Mozilla/5.0 (Windows NT 10.0; Win64; x64) AppleWebKit/537.36 (KHTML, like Gecko) Chrome/104.0.5112.102 Safari/537.36" "ysfine.com"
173.73.80.118 - - [11/Sep/2022:21:00:07 -0700] "GET /home/family66f.jpg HTTP/1.1" 200 102254 "https://ysfine.com/home/bio.html" "Mozilla/5.0 (Windows NT 10.0; Win64; x64) AppleWebKit/537.36 (KHTML, like Gecko) Chrome/104.0.5112.102 Safari/537.36" "ysfine.com"
173.73.80.118 - - [11/Sep/2022:21:00:07 -0700] "GET /home/fotos/house99c.jpg HTTP/1.1" 200 26434 "https://ysfine.com/home/bio.html" "Mozilla/5.0 (Windows NT 10.0; Win64; x64) AppleWebKit/537.36 (KHTML, like Gecko) Chrome/104.0.5112.102 Safari/537.36" "ysfine.com"
173.73.80.118 - - [11/Sep/2022:21:00:07 -0700] "GET /home/fotos/kids20f.jpg HTTP/1.1" 200 103189 "https://ysfine.com/home/bio.html" "Mozilla/5.0 (Windows NT 10.0; Win64; x64) AppleWebKit/537.36 (KHTML, like Gecko) Chrome/104.0.5112.102 Safari/537.36" "ysfine.com"
173.73.80.118 - - [11/Sep/2022:21:00:07 -0700] "GET /home/fotos/101c.jpg HTTP/1.1" 200 37079 "https://ysfine.com/home/bio.html" "Mozilla/5.0 (Windows NT 10.0; Win64; x64) AppleWebKit/537.36 (KHTML, like Gecko) Chrome/104.0.5112.102 Safari/537.36" "ysfine.com"
173.73.80.118 - - [11/Sep/2022:21:00:07 -0700] "GET /home/fotos/103c.jpg HTTP/1.1" 200 32825 "https://ysfine.com/home/bio.html" "Mozilla/5.0 (Windows NT 10.0; Win64; x64) AppleWebKit/537.36 (KHTML, like Gecko) Chrome/104.0.5112.102 Safari/537.36" "ysfine.com"
173.73.80.118 - - [11/Sep/2022:21:00:07 -0700] "GET /home/fotos/104c.jpg HTTP/1.1" 200 35089 "https://ysfine.com/home/bio.html" "Mozilla/5.0 (Windows NT 10.0; Win64; x64) AppleWebKit/537.36 (KHTML, like Gecko) Chrome/104.0.5112.102 Safari/537.36" "ysfine.com"
173.73.80.118 - - [11/Sep/2022:21:00:07 -0700] "GET /home/fotos/105c.jpg HTTP/1.1" 200 41825 "https://ysfine.com/home/bio.html" "Mozilla/5.0 (Windows NT 10.0; Win64; x64) AppleWebKit/537.36 (KHTML, like Gecko) Chrome/104.0.5112.102 Safari/537.36" "ysfine.com"
173.73.80.118 - - [11/Sep/2022:21:00:07 -0700] "GET /home/comet40c.jpg HTTP/1.1" 200 41188 "https://ysfine.com/home/bio.html" "Mozilla/5.0 (Windows NT 10.0; Win64; x64) AppleWebKit/537.36 (KHTML, like Gecko) Chrome/104.0.5112.102 Safari/537.36" "ysfine.com"
173.73.80.118 - - [11/Sep/2022:21:00:07 -0700] "GET /wdc/jeffm02c.jpg HTTP/1.1" 200 27659 "https://ysfine.com/home/bio.html" "Mozilla/5.0 (Windows NT 10.0; Win64; x64) AppleWebKit/537.36 (KHTML, like Gecko) Chrome/104.0.5112.102 Safari/537.36" "ysfine.com"
173.73.80.118 - - [11/Sep/2022:21:00:07 -0700] "GET /style/bstring33c.jpg HTTP/1.1" 200 28940 "https://ysfine.com/home/bio.html" "Mozilla/5.0 (Windows NT 10.0; Win64; x64) AppleWebKit/537.36 (KHTML, like Gecko) Chrome/104.0.5112.102 Safari/537.36" "ysfine.com"
54.188.99.99 - - [11/Sep/2022:21:00:27 -0700] "GET /wisdom/wk98.html HTTP/1.1" 200 194616 "-" "Mozilla/5.0 (Windows NT 6.1; Win64; x64) AppleWebKit/537.36 (KHTML, like Gecko) Chrome/72.0.3626.109 Safari/537.36" "ysfine.com"
51.222.253.12 - - [11/Sep/2022:21:00:32 -0700] "GET /maga/phys/yukasumi.html HTTP/1.1" 200 256 "-" "Mozilla/5.0 (compatible; AhrefsBot/7.0; +http://ahrefs.com/robot/)" "ysfine.com"
114.119.128.14 - - [11/Sep/2022:21:00:37 -0700] "GET /people/logunov22b.jpg HTTP/1.1" 200 40102 "https://www.ysfine.com/class54/emailed02.html" "Mozilla/5.0 (Linux; Android 7.0;) AppleWebKit/537.36 (KHTML, like Gecko) Mobile Safari/537.36 (compatible; PetalBot;+https://webmaster.petalsearch.com/site/petalbot)" "www.ysfine.com"
40.77.167.27 - - [11/Sep/2022:21:01:22 -0700] "GET /world/poland/krk73.jpg HTTP/1.1" 200 71440 "-" "Mozilla/5.0 (compatible; bingbot/2.0; +http://www.bing.com/bingbot.htm)" "ysfine.com"
40.77.167.62 - - [11/Sep/2022:21:03:04 -0700] "GET /kobak/arisaka99b.jpg HTTP/1.1" 200 48028 "-" "Mozilla/5.0 (compatible; bingbot/2.0; +http://www.bing.com/bingbot.htm)" "www.ysfine.com"
66.249.72.130 - - [11/Sep/2022:21:04:29 -0700] "GET /world/russ/kazan030b.jpg HTTP/1.1" 200 39028 "-" "Googlebot-Image/1.0" "ysfine.com"
3.228.5.182 - - [11/Sep/2022:21:05:06 -0700] "GET /kobak/index.html HTTP/1.1" 200 130 "-" "Mozilla/5.0 (Macintosh; Intel Mac OS X 10_10_4) AppleWebKit/600.7.12 (KHTML, like Gecko) Version/8.0.7 Safari/600.7.12" "ysfine.com"
51.222.253.9 - - [11/Sep/2022:21:06:08 -0700] "GET /class54/class5470/total_data/sub_520.htm HTTP/1.1" 200 3212 "-" "Mozilla/5.0 (compatible; AhrefsBot/7.0; +http://ahrefs.com/robot/)" "ysfine.com"
40.77.167.35 - - [11/Sep/2022:21:07:05 -0700] "GET /world/russ/volga23.jpg HTTP/1.1" 200 139621 "-" "Mozilla/5.0 (compatible; bingbot/2.0; +http://www.bing.com/bingbot.htm)" "ysfine.com"
185.191.171.25 - - [11/Sep/2022:21:08:27 -0700] "GET /class54/class5470/total_data/sub_325.htm HTTP/1.1" 200 3319 "-" "Mozilla/5.0 (compatible; SemrushBot/7~bl; +http://www.semrush.com/bot.html)" "www.ysfine.com"
157.55.39.146 - - [11/Sep/2022:21:09:30 -0700] "GET /world/places/ulm11.jpg HTTP/1.1" 200 153785 "-" "Mozilla/5.0 (compatible; bingbot/2.0; +http://www.bing.com/bingbot.htm)" "ysfine.com"
185.191.171.25 - - [11/Sep/2022:21:09:51 -0700] "GET /maga/phys/http:/en.wikipedia.org/wiki/Henri_Poincar%C3%A9 HTTP/1.1" 404 88 "-" "Mozilla/5.0 (compatible; SemrushBot/7~bl; +http://www.semrush.com/bot.html)" "www.ysfine.com"
40.77.167.27 - - [11/Sep/2022:21:11:04 -0700] "GET /world/germany/franko11.jpg HTTP/1.1" 200 71379 "-" "Mozilla/5.0 (compatible; bingbot/2.0; +http://www.bing.com/bingbot.htm)" "ysfine.com"
54.191.122.204 - - [11/Sep/2022:21:11:11 -0700] "GET / HTTP/1.1" 200 5283 "-" "Mozilla/5.0 (X11; Linux x86_64) AppleWebKit/537.36 (KHTML, like Gecko) Chrome/83.0.4103.97 Safari/537.36" "ysfine.com"
40.77.167.62 - - [11/Sep/2022:21:11:25 -0700] "GET /world/hungary/hunstu09.jpg HTTP/1.1" 200 74705 "-" "Mozilla/5.0 AppleWebKit/537.36 (KHTML, like Gecko; compatible; bingbot/2.0; +http://www.bing.com/bingbot.htm) Chrome/103.0.5060.134 Safari/537.36" "www.ysfine.com"
51.222.253.5 - - [11/Sep/2022:21:11:40 -0700] "GET /class54/class5470/total_data/sub_524.htm HTTP/1.1" 200 3212 "-" "Mozilla/5.0 (compatible; AhrefsBot/7.0; +http://ahrefs.com/robot/)" "ysfine.com"
66.249.72.133 - - [11/Sep/2022:21:12:22 -0700] "GET /world/russ/tolstoy11b.jpg HTTP/1.1" 200 33457 "-" "Googlebot-Image/1.0" "ysfine.com"
54.187.181.253 - - [11/Sep/2022:21:12:45 -0700] "GET / HTTP/1.1" 200 5283 "-" "Mozilla/5.0 (X11; Linux x86_64) AppleWebKit/537.36 (KHTML, like Gecko) Chrome/83.0.4103.97 Safari/537.36" "ysfine.com"
40.77.167.33 - - [11/Sep/2022:21:13:22 -0700] "GET /princeton/westmin11.jpg HTTP/1.1" 200 147787 "-" "Mozilla/5.0 (compatible; bingbot/2.0; +http://www.bing.com/bingbot.htm)" "www.ysfine.com"
35.90.121.156 - - [11/Sep/2022:21:13:33 -0700] "GET /favicon.ico HTTP/1.1" 404 88 "http://ysfine.com/favicon.ico" "Mozilla/5.0 (X11; Linux x86_64) AppleWebKit/537.36 (KHTML, like Gecko) Chrome/83.0.4103.97 Safari/537.36" "ysfine.com"
35.90.121.156 - - [11/Sep/2022:21:13:39 -0700] "GET / HTTP/1.1" 200 5283 "http://ysfine.com" "Mozilla/5.0 (X11; Linux x86_64) AppleWebKit/537.36 (KHTML, like Gecko) Chrome/83.0.4103.97 Safari/537.36" "ysfine.com"
35.90.124.107 - - [11/Sep/2022:21:13:46 -0700] "GET /favicon.ico HTTP/1.1" 404 88 "http://ysfine.com/favicon.ico" "Mozilla/5.0 (X11; Linux x86_64) AppleWebKit/537.36 (KHTML, like Gecko) Chrome/83.0.4103.97 Safari/537.36" "ysfine.com"
35.90.124.107 - - [11/Sep/2022:21:13:51 -0700] "GET / HTTP/1.1" 200 5283 "http://ysfine.com" "Mozilla/5.0 (X11; Linux x86_64) AppleWebKit/537.36 (KHTML, like Gecko) Chrome/83.0.4103.97 Safari/537.36" "ysfine.com"
118.184.177.49 - - [11/Sep/2022:21:13:57 -0700] "GET / HTTP/1.1" 200 5283 "-" "Sogou web spider/4.0(+http://www.sogou.com/docs/help/webmasters.htm#07)" "www.ysfine.com"
173.73.80.118 - - [11/Sep/2022:21:14:40 -0700] "GET /home/bio.html HTTP/1.1" 200 15155 "https://www.ysfine.com/ys11/index.html" "Mozilla/5.0 (Linux; Android 5.1.1; KFSUWI) AppleWebKit/537.36 (KHTML, like Gecko) Silk/102.4.13 like Chrome/102.0.5005.171 Safari/537.36" "www.ysfine.com"
173.73.80.118 - - [11/Sep/2022:21:14:41 -0700] "GET /home/yskim10c.jpg HTTP/1.1" 200 88826 "https://www.ysfine.com/home/bio.html" "Mozilla/5.0 (Linux; Android 5.1.1; KFSUWI) AppleWebKit/537.36 (KHTML, like Gecko) Silk/102.4.13 like Chrome/102.0.5005.171 Safari/537.36" "www.ysfine.com"
173.73.80.118 - - [11/Sep/2022:21:14:41 -0700] "GET /home/fotos/photo00c.jpg HTTP/1.1" 200 34216 "https://www.ysfine.com/home/bio.html" "Mozilla/5.0 (Linux; Android 5.1.1; KFSUWI) AppleWebKit/537.36 (KHTML, like Gecko) Silk/102.4.13 like Chrome/102.0.5005.171 Safari/537.36" "www.ysfine.com"
173.73.80.118 - - [11/Sep/2022:21:14:41 -0700] "GET /kobak/underw03c.jpg HTTP/1.1" 200 26805 "https://www.ysfine.com/home/bio.html" "Mozilla/5.0 (Linux; Android 5.1.1; KFSUWI) AppleWebKit/537.36 (KHTML, like Gecko) Silk/102.4.13 like Chrome/102.0.5005.171 Safari/537.36" "www.ysfine.com"
173.73.80.118 - - [11/Sep/2022:21:14:41 -0700] "GET /home/ysrhee33c.jpg HTTP/1.1" 200 26817 "https://www.ysfine.com/home/bio.html" "Mozilla/5.0 (Linux; Android 5.1.1; KFSUWI) AppleWebKit/537.36 (KHTML, like Gecko) Silk/102.4.13 like Chrome/102.0.5005.171 Safari/537.36" "www.ysfine.com"
173.73.80.118 - - [11/Sep/2022:21:14:41 -0700] "GET /home/fotos/photo02c.jpg HTTP/1.1" 200 37432 "https://www.ysfine.com/home/bio.html" "Mozilla/5.0 (Linux; Android 5.1.1; KFSUWI) AppleWebKit/537.36 (KHTML, like Gecko) Silk/102.4.13 like Chrome/102.0.5005.171 Safari/537.36" "www.ysfine.com"
173.73.80.118 - - [11/Sep/2022:21:14:41 -0700] "GET /home/fotos/korjap03c.jpg HTTP/1.1" 200 24308 "https://www.ysfine.com/home/bio.html" "Mozilla/5.0 (Linux; Android 5.1.1; KFSUWI) AppleWebKit/537.36 (KHTML, like Gecko) Silk/102.4.13 like Chrome/102.0.5005.171 Safari/537.36" "www.ysfine.com"
173.73.80.118 - - [11/Sep/2022:21:14:41 -0700] "GET /home/fotos/campus06c.jpg HTTP/1.1" 200 49136 "https://www.ysfine.com/home/bio.html" "Mozilla/5.0 (Linux; Android 5.1.1; KFSUWI) AppleWebKit/537.36 (KHTML, like Gecko) Silk/102.4.13 like Chrome/102.0.5005.171 Safari/537.36" "www.ysfine.com"
173.73.80.118 - - [11/Sep/2022:21:14:41 -0700] "GET /home/fotos/photo03c.jpg HTTP/1.1" 200 23013 "https://www.ysfine.com/home/bio.html" "Mozilla/5.0 (Linux; Android 5.1.1; KFSUWI) AppleWebKit/537.36 (KHTML, like Gecko) Silk/102.4.13 like Chrome/102.0.5005.171 Safari/537.36" "www.ysfine.com"
173.73.80.118 - - [11/Sep/2022:21:14:41 -0700] "GET /home/fotos/photo04c.jpg HTTP/1.1" 200 39964 "https://www.ysfine.com/home/bio.html" "Mozilla/5.0 (Linux; Android 5.1.1; KFSUWI) AppleWebKit/537.36 (KHTML, like Gecko) Silk/102.4.13 like Chrome/102.0.5005.171 Safari/537.36" "www.ysfine.com"
173.73.80.118 - - [11/Sep/2022:21:14:41 -0700] "GET /wdc/eindc03c.jpg HTTP/1.1" 200 48446 "https://www.ysfine.com/home/bio.html" "Mozilla/5.0 (Linux; Android 5.1.1; KFSUWI) AppleWebKit/537.36 (KHTML, like Gecko) Silk/102.4.13 like Chrome/102.0.5005.171 Safari/537.36" "www.ysfine.com"
173.73.80.118 - - [11/Sep/2022:21:14:41 -0700] "GET /home/bew22f.jpg HTTP/1.1" 200 124596 "https://www.ysfine.com/home/bio.html" "Mozilla/5.0 (Linux; Android 5.1.1; KFSUWI) AppleWebKit/537.36 (KHTML, like Gecko) Silk/102.4.13 like Chrome/102.0.5005.171 Safari/537.36" "www.ysfine.com"
173.73.80.118 - - [11/Sep/2022:21:14:41 -0700] "GET /home/fotos/photo05c.jpg HTTP/1.1" 200 39109 "https://www.ysfine.com/home/bio.html" "Mozilla/5.0 (Linux; Android 5.1.1; KFSUWI) AppleWebKit/537.36 (KHTML, like Gecko) Silk/102.4.13 like Chrome/102.0.5005.171 Safari/537.36" "www.ysfine.com"
173.73.80.118 - - [11/Sep/2022:21:14:41 -0700] "GET /home/fotos/photo06c.jpg HTTP/1.1" 200 40796 "https://www.ysfine.com/home/bio.html" "Mozilla/5.0 (Linux; Android 5.1.1; KFSUWI) AppleWebKit/537.36 (KHTML, like Gecko) Silk/102.4.13 like Chrome/102.0.5005.171 Safari/537.36" "www.ysfine.com"
173.73.80.118 - - [11/Sep/2022:21:14:41 -0700] "GET /home/fotos/photo08c.jpg HTTP/1.1" 200 28474 "https://www.ysfine.com/home/bio.html" "Mozilla/5.0 (Linux; Android 5.1.1; KFSUWI) AppleWebKit/537.36 (KHTML, like Gecko) Silk/102.4.13 like Chrome/102.0.5005.171 Safari/537.36" "www.ysfine.com"
173.73.80.118 - - [11/Sep/2022:21:14:41 -0700] "GET /dirac/dirbust22c.jpg HTTP/1.1" 200 36029 "https://www.ysfine.com/home/bio.html" "Mozilla/5.0 (Linux; Android 5.1.1; KFSUWI) AppleWebKit/537.36 (KHTML, like Gecko) Silk/102.4.13 like Chrome/102.0.5005.171 Safari/537.36" "www.ysfine.com"
173.73.80.118 - - [11/Sep/2022:21:14:41 -0700] "GET /home/fotos/photo09c.jpg HTTP/1.1" 200 25413 "https://www.ysfine.com/home/bio.html" "Mozilla/5.0 (Linux; Android 5.1.1; KFSUWI) AppleWebKit/537.36 (KHTML, like Gecko) Silk/102.4.13 like Chrome/102.0.5005.171 Safari/537.36" "www.ysfine.com"
173.73.80.118 - - [11/Sep/2022:21:14:41 -0700] "GET /home/fotos/dirfeyn62c.jpg HTTP/1.1" 200 52150 "https://www.ysfine.com/home/bio.html" "Mozilla/5.0 (Linux; Android 5.1.1; KFSUWI) AppleWebKit/537.36 (KHTML, like Gecko) Silk/102.4.13 like Chrome/102.0.5005.171 Safari/537.36" "www.ysfine.com"
173.73.80.118 - - [11/Sep/2022:21:14:41 -0700] "GET /home/canal22c.jpg HTTP/1.1" 200 29939 "https://www.ysfine.com/home/bio.html" "Mozilla/5.0 (Linux; Android 5.1.1; KFSUWI) AppleWebKit/537.36 (KHTML, like Gecko) Silk/102.4.13 like Chrome/102.0.5005.171 Safari/537.36" "www.ysfine.com"
173.73.80.118 - - [11/Sep/2022:21:14:41 -0700] "GET /wigner/tollwig11c.jpg HTTP/1.1" 200 30497 "https://www.ysfine.com/home/bio.html" "Mozilla/5.0 (Linux; Android 5.1.1; KFSUWI) AppleWebKit/537.36 (KHTML, like Gecko) Silk/102.4.13 like Chrome/102.0.5005.171 Safari/537.36" "www.ysfine.com"
173.73.80.118 - - [11/Sep/2022:21:14:41 -0700] "GET /yspapers/iop20c.jpg HTTP/1.1" 200 29134 "https://www.ysfine.com/home/bio.html" "Mozilla/5.0 (Linux; Android 5.1.1; KFSUWI) AppleWebKit/537.36 (KHTML, like Gecko) Silk/102.4.13 like Chrome/102.0.5005.171 Safari/537.36" "www.ysfine.com"
173.73.80.118 - - [11/Sep/2022:21:14:41 -0700] "GET /home/eink77c.jpg HTTP/1.1" 200 47471 "https://www.ysfine.com/home/bio.html" "Mozilla/5.0 (Linux; Android 5.1.1; KFSUWI) AppleWebKit/537.36 (KHTML, like Gecko) Silk/102.4.13 like Chrome/102.0.5005.171 Safari/537.36" "www.ysfine.com"
173.73.80.118 - - [11/Sep/2022:21:14:41 -0700] "GET /home/fotos/photo12c.jpg HTTP/1.1" 200 31719 "https://www.ysfine.com/home/bio.html" "Mozilla/5.0 (Linux; Android 5.1.1; KFSUWI) AppleWebKit/537.36 (KHTML, like Gecko) Silk/102.4.13 like Chrome/102.0.5005.171 Safari/537.36" "www.ysfine.com"
173.73.80.118 - - [11/Sep/2022:21:14:41 -0700] "GET /home/truck/truck20c.jpg HTTP/1.1" 200 29999 "https://www.ysfine.com/home/bio.html" "Mozilla/5.0 (Linux; Android 5.1.1; KFSUWI) AppleWebKit/537.36 (KHTML, like Gecko) Silk/102.4.13 like Chrome/102.0.5005.171 Safari/537.36" "www.ysfine.com"
173.73.80.118 - - [11/Sep/2022:21:14:41 -0700] "GET /home/ewk86f.jpg HTTP/1.1" 200 123121 "https://www.ysfine.com/home/bio.html" "Mozilla/5.0 (Linux; Android 5.1.1; KFSUWI) AppleWebKit/537.36 (KHTML, like Gecko) Silk/102.4.13 like Chrome/102.0.5005.171 Safari/537.36" "www.ysfine.com"
173.73.80.118 - - [11/Sep/2022:21:14:41 -0700] "GET /home/resonance33c.jpg HTTP/1.1" 200 36247 "https://www.ysfine.com/home/bio.html" "Mozilla/5.0 (Linux; Android 5.1.1; KFSUWI) AppleWebKit/537.36 (KHTML, like Gecko) Silk/102.4.13 like Chrome/102.0.5005.171 Safari/537.36" "www.ysfine.com"
173.73.80.118 - - [11/Sep/2022:21:14:41 -0700] "GET /home/sq600c.jpg HTTP/1.1" 200 18492 "https://www.ysfine.com/home/bio.html" "Mozilla/5.0 (Linux; Android 5.1.1; KFSUWI) AppleWebKit/537.36 (KHTML, like Gecko) Silk/102.4.13 like Chrome/102.0.5005.171 Safari/537.36" "www.ysfine.com"
173.73.80.118 - - [11/Sep/2022:21:14:41 -0700] "GET /home/fotos/wsj450.jpg HTTP/1.1" 200 68132 "https://www.ysfine.com/home/bio.html" "Mozilla/5.0 (Linux; Android 5.1.1; KFSUWI) AppleWebKit/537.36 (KHTML, like Gecko) Silk/102.4.13 like Chrome/102.0.5005.171 Safari/537.36" "www.ysfine.com"
173.73.80.118 - - [11/Sep/2022:21:14:41 -0700] "GET /home/top21c.jpg HTTP/1.1" 200 53120 "https://www.ysfine.com/home/bio.html" "Mozilla/5.0 (Linux; Android 5.1.1; KFSUWI) AppleWebKit/537.36 (KHTML, like Gecko) Silk/102.4.13 like Chrome/102.0.5005.171 Safari/537.36" "www.ysfine.com"
173.73.80.118 - - [11/Sep/2022:21:14:41 -0700] "GET /home/family66f.jpg HTTP/1.1" 200 102254 "https://www.ysfine.com/home/bio.html" "Mozilla/5.0 (Linux; Android 5.1.1; KFSUWI) AppleWebKit/537.36 (KHTML, like Gecko) Silk/102.4.13 like Chrome/102.0.5005.171 Safari/537.36" "www.ysfine.com"
173.73.80.118 - - [11/Sep/2022:21:14:41 -0700] "GET /home/fotos/gongdae54f.jpg HTTP/1.1" 200 88096 "https://www.ysfine.com/home/bio.html" "Mozilla/5.0 (Linux; Android 5.1.1; KFSUWI) AppleWebKit/537.36 (KHTML, like Gecko) Silk/102.4.13 like Chrome/102.0.5005.171 Safari/537.36" "www.ysfine.com"
173.73.80.118 - - [11/Sep/2022:21:14:41 -0700] "GET /home/fotos/house99c.jpg HTTP/1.1" 200 26434 "https://www.ysfine.com/home/bio.html" "Mozilla/5.0 (Linux; Android 5.1.1; KFSUWI) AppleWebKit/537.36 (KHTML, like Gecko) Silk/102.4.13 like Chrome/102.0.5005.171 Safari/537.36" "www.ysfine.com"
173.73.80.118 - - [11/Sep/2022:21:14:41 -0700] "GET /home/fotos/kids20f.jpg HTTP/1.1" 200 103189 "https://www.ysfine.com/home/bio.html" "Mozilla/5.0 (Linux; Android 5.1.1; KFSUWI) AppleWebKit/537.36 (KHTML, like Gecko) Silk/102.4.13 like Chrome/102.0.5005.171 Safari/537.36" "www.ysfine.com"
173.73.80.118 - - [11/Sep/2022:21:14:41 -0700] "GET /home/fotos/101c.jpg HTTP/1.1" 200 37079 "https://www.ysfine.com/home/bio.html" "Mozilla/5.0 (Linux; Android 5.1.1; KFSUWI) AppleWebKit/537.36 (KHTML, like Gecko) Silk/102.4.13 like Chrome/102.0.5005.171 Safari/537.36" "www.ysfine.com"
173.73.80.118 - - [11/Sep/2022:21:14:41 -0700] "GET /home/fotos/103c.jpg HTTP/1.1" 200 32825 "https://www.ysfine.com/home/bio.html" "Mozilla/5.0 (Linux; Android 5.1.1; KFSUWI) AppleWebKit/537.36 (KHTML, like Gecko) Silk/102.4.13 like Chrome/102.0.5005.171 Safari/537.36" "www.ysfine.com"
173.73.80.118 - - [11/Sep/2022:21:14:41 -0700] "GET /home/fotos/104c.jpg HTTP/1.1" 200 35089 "https://www.ysfine.com/home/bio.html" "Mozilla/5.0 (Linux; Android 5.1.1; KFSUWI) AppleWebKit/537.36 (KHTML, like Gecko) Silk/102.4.13 like Chrome/102.0.5005.171 Safari/537.36" "www.ysfine.com"
173.73.80.118 - - [11/Sep/2022:21:14:41 -0700] "GET /home/fotos/105c.jpg HTTP/1.1" 200 41825 "https://www.ysfine.com/home/bio.html" "Mozilla/5.0 (Linux; Android 5.1.1; KFSUWI) AppleWebKit/537.36 (KHTML, like Gecko) Silk/102.4.13 like Chrome/102.0.5005.171 Safari/537.36" "www.ysfine.com"
173.73.80.118 - - [11/Sep/2022:21:14:41 -0700] "GET /home/comet40c.jpg HTTP/1.1" 200 41188 "https://www.ysfine.com/home/bio.html" "Mozilla/5.0 (Linux; Android 5.1.1; KFSUWI) AppleWebKit/537.36 (KHTML, like Gecko) Silk/102.4.13 like Chrome/102.0.5005.171 Safari/537.36" "www.ysfine.com"
173.73.80.118 - - [11/Sep/2022:21:14:41 -0700] "GET /style/bstring33c.jpg HTTP/1.1" 200 28940 "https://www.ysfine.com/home/bio.html" "Mozilla/5.0 (Linux; Android 5.1.1; KFSUWI) AppleWebKit/537.36 (KHTML, like Gecko) Silk/102.4.13 like Chrome/102.0.5005.171 Safari/537.36" "www.ysfine.com"
173.73.80.118 - - [11/Sep/2022:21:14:41 -0700] "GET /home/fotos/einhaus450.jpg HTTP/1.1" 200 65369 "https://www.ysfine.com/home/bio.html" "Mozilla/5.0 (Linux; Android 5.1.1; KFSUWI) AppleWebKit/537.36 (KHTML, like Gecko) Silk/102.4.13 like Chrome/102.0.5005.171 Safari/537.36" "www.ysfine.com"
173.73.80.118 - - [11/Sep/2022:21:14:41 -0700] "GET /home/eward55f.jpg HTTP/1.1" 200 122802 "https://www.ysfine.com/home/bio.html" "Mozilla/5.0 (Linux; Android 5.1.1; KFSUWI) AppleWebKit/537.36 (KHTML, like Gecko) Silk/102.4.13 like Chrome/102.0.5005.171 Safari/537.36" "www.ysfine.com"
173.73.80.118 - - [11/Sep/2022:21:14:42 -0700] "GET /home/yskim10.jpg HTTP/1.1" 200 752465 "https://www.ysfine.com/home/bio.html" "Mozilla/5.0 (Linux; Android 5.1.1; KFSUWI) AppleWebKit/537.36 (KHTML, like Gecko) Silk/102.4.13 like Chrome/102.0.5005.171 Safari/537.36" "www.ysfine.com"
40.77.167.62 - - [11/Sep/2022:21:15:06 -0700] "GET /wdc/willard22.jpg HTTP/1.1" 200 73087 "-" "Mozilla/5.0 (compatible; bingbot/2.0; +http://www.bing.com/bingbot.htm)" "www.ysfine.com"
40.77.167.27 - - [11/Sep/2022:21:15:24 -0700] "GET /world/germany/tub37.jpg HTTP/1.1" 200 94124 "-" "Mozilla/5.0 (compatible; bingbot/2.0; +http://www.bing.com/bingbot.htm)" "ysfine.com"
40.77.167.62 - - [11/Sep/2022:21:15:45 -0700] "GET /dirac/pspace11.jpg HTTP/1.1" 200 160622 "-" "Mozilla/5.0 (compatible; bingbot/2.0; +http://www.bing.com/bingbot.htm)" "www.ysfine.com"
40.77.167.35 - - [11/Sep/2022:21:16:14 -0700] "GET /princeton/campus.html HTTP/1.1" 304 - "-" "Mozilla/5.0 (compatible; bingbot/2.0; +http://www.bing.com/bingbot.htm)" "www.ysfine.com"
173.73.80.118 - - [11/Sep/2022:21:16:43 -0700] "GET /home/top21.jpg HTTP/1.1" 200 181796 "https://www.ysfine.com/home/bio.html" "Mozilla/5.0 (Linux; Android 5.1.1; KFSUWI) AppleWebKit/537.36 (KHTML, like Gecko) Silk/102.4.13 like Chrome/102.0.5005.171 Safari/537.36" "www.ysfine.com"
40.77.167.62 - - [11/Sep/2022:21:17:15 -0700] "GET /newyork/radioci08c.jpg HTTP/1.1" 200 36077 "-" "Mozilla/5.0 (compatible; bingbot/2.0; +http://www.bing.com/bingbot.htm)" "ysfine.com"
154.54.249.206 - - [11/Sep/2022:21:17:25 -0700] "GET /class54/class5470/total_data/sub_616.htm HTTP/1.1" 304 - "-" "Mozilla/5.0 (compatible; Barkrowler/0.9; +https://babbar.tech/crawler)" "www.ysfine.com"
51.222.253.1 - - [11/Sep/2022:21:17:31 -0700] "GET /class54/class5470/total_data/sub_529.htm HTTP/1.1" 200 3212 "-" "Mozilla/5.0 (compatible; AhrefsBot/7.0; +http://ahrefs.com/robot/)" "ysfine.com"
173.73.80.118 - - [11/Sep/2022:21:17:44 -0700] "GET /class54/math06.jpg HTTP/1.1" 200 134810 "https://www.ysfine.com/home/bio.html" "Mozilla/5.0 (Linux; Android 5.1.1; KFSUWI) AppleWebKit/537.36 (KHTML, like Gecko) Silk/102.4.13 like Chrome/102.0.5005.171 Safari/537.36" "www.ysfine.com"
40.77.167.33 - - [11/Sep/2022:21:18:02 -0700] "GET /world/russ/msu52.jpg HTTP/1.1" 200 139785 "-" "Mozilla/5.0 (compatible; bingbot/2.0; +http://www.bing.com/bingbot.htm)" "www.ysfine.com"
40.77.167.35 - - [11/Sep/2022:21:18:26 -0700] "GET /home/fig33/parton77f.jpg HTTP/1.1" 200 120094 "-" "Mozilla/5.0 (compatible; bingbot/2.0; +http://www.bing.com/bingbot.htm)" "ysfine.com"
77.75.77.101 - - [11/Sep/2022:21:18:33 -0700] "GET /robots.txt HTTP/1.1" 404 88 "-" "Mozilla/5.0 (compatible; SeznamBot/3.2; +http://napoveda.seznam.cz/en/seznambot-intro/)" "ysfine.com"
77.75.77.101 - - [11/Sep/2022:21:18:34 -0700] "GET /maga/phys/yukadirac55.jpg HTTP/1.1" 200 92994 "-" "Mozilla/5.0 (compatible; SeznamBot/3.2; +http://napoveda.seznam.cz/en/seznambot-intro/)" "ysfine.com"
77.75.77.101 - - [11/Sep/2022:21:18:38 -0700] "GET /world/scandi/copenf36.jpg HTTP/1.1" 304 - "-" "Mozilla/5.0 (compatible; SeznamBot/3.2; +http://napoveda.seznam.cz/en/seznambot-intro/)" "ysfine.com"
77.75.77.101 - - [11/Sep/2022:21:18:38 -0700] "GET /world/russ/krem06.jpg HTTP/1.1" 304 - "-" "Mozilla/5.0 (compatible; SeznamBot/3.2; +http://napoveda.seznam.cz/en/seznambot-intro/)" "ysfine.com"
77.75.77.101 - - [11/Sep/2022:21:18:38 -0700] "GET /style/picasspr22.jpg HTTP/1.1" 200 176996 "-" "Mozilla/5.0 (compatible; SeznamBot/3.2; +http://napoveda.seznam.cz/en/seznambot-intro/)" "ysfine.com"
77.75.77.101 - - [11/Sep/2022:21:18:42 -0700] "GET /newyork/hilton03.jpg HTTP/1.1" 304 - "-" "Mozilla/5.0 (compatible; SeznamBot/3.2; +http://napoveda.seznam.cz/en/seznambot-intro/)" "ysfine.com"
77.75.77.101 - - [11/Sep/2022:21:18:43 -0700] "GET /newyork/metny77.jpg HTTP/1.1" 304 - "-" "Mozilla/5.0 (compatible; SeznamBot/3.2; +http://napoveda.seznam.cz/en/seznambot-intro/)" "ysfine.com"
154.54.249.206 - - [11/Sep/2022:21:18:48 -0700] "GET /home/feysavior.html HTTP/1.1" 200 2737 "-" "Mozilla/5.0 (compatible; Barkrowler/0.9; +https://babbar.tech/crawler)" "ysfine.com"
40.77.167.33 - - [11/Sep/2022:21:18:53 -0700] "GET /usca/pitt/pittcath02.jpg HTTP/1.1" 200 81215 "-" "Mozilla/5.0 (compatible; bingbot/2.0; +http://www.bing.com/bingbot.htm)" "www.ysfine.com"
173.73.80.118 - - [11/Sep/2022:21:18:55 -0700] "GET /ys11/index.html HTTP/1.1" 304 - "-" "Mozilla/5.0 (Linux; Android 5.1.1; KFSUWI) AppleWebKit/537.36 (KHTML, like Gecko) Silk/102.4.13 like Chrome/102.0.5005.171 Safari/537.36" "www.ysfine.com"
40.77.167.35 - - [11/Sep/2022:21:19:06 -0700] "GET /style/agnes11.jpg HTTP/1.1" 200 69539 "-" "Mozilla/5.0 (compatible; bingbot/2.0; +http://www.bing.com/bingbot.htm)" "ysfine.com"
174.55.121.139 - - [11/Sep/2022:21:19:14 -0700] "GET /maga/phil/hegplanck01.jpg HTTP/1.1" 200 310114 "https://www.google.com/" "Mozilla/5.0 (X11; CrOS x86_64 14909.132.0) AppleWebKit/537.36 (KHTML, like Gecko) Chrome/104.0.0.0 Safari/537.36" "ysfine.com"
174.55.121.139 - - [11/Sep/2022:21:19:19 -0700] "GET /maga/phil/hegplanck01.jpg HTTP/1.1" 200 310114 "https://www.google.com/" "Mozilla/5.0 (X11; CrOS x86_64 14909.132.0) AppleWebKit/537.36 (KHTML, like Gecko) Chrome/104.0.0.0 Safari/537.36" "ysfine.com"
40.77.167.35 - - [11/Sep/2022:21:19:27 -0700] "GET /world/france/pmetro08.jpg HTTP/1.1" 200 108624 "-" "Mozilla/5.0 (compatible; bingbot/2.0; +http://www.bing.com/bingbot.htm)" "www.ysfine.com"
40.77.167.33 - - [11/Sep/2022:21:21:34 -0700] "GET /world/germany/johannstra55.jpg HTTP/1.1" 200 108849 "-" "Mozilla/5.0 AppleWebKit/537.36 (KHTML, like Gecko; compatible; bingbot/2.0; +http://www.bing.com/bingbot.htm) Chrome/103.0.5060.134 Safari/537.36" "ysfine.com"
77.88.5.126 - - [11/Sep/2022:21:23:06 -0700] "GET /robots.txt HTTP/1.1" 404 73 "-" "Mozilla/5.0 (compatible; YandexBot/3.0; +http://yandex.com/bots)" "www.ysfine.com"
93.158.161.30 - - [11/Sep/2022:21:23:09 -0700] "GET /beau/korcasia.html HTTP/1.1" 404 88 "-" "Mozilla/5.0 (compatible; YandexBot/3.0; +http://yandex.com/bots)" "www.ysfine.com"
66.249.72.158 - - [11/Sep/2022:21:23:18 -0700] "GET /world/baltic/lithu04.jpg HTTP/1.1" 200 63670 "-" "Googlebot-Image/1.0" "ysfine.com"
40.77.167.35 - - [11/Sep/2022:21:23:27 -0700] "GET /newyork/trump40c.jpg HTTP/1.1" 200 41418 "-" "Mozilla/5.0 (compatible; bingbot/2.0; +http://www.bing.com/bingbot.htm)" "ysfine.com"
40.77.167.27 - - [11/Sep/2022:21:23:46 -0700] "GET /wdc/washmo15.jpg HTTP/1.1" 200 85954 "-" "Mozilla/5.0 (compatible; bingbot/2.0; +http://www.bing.com/bingbot.htm)" "www.ysfine.com"
17.121.114.88 - - [11/Sep/2022:21:23:48 -0700] "GET /dirac/diracsq.html HTTP/1.1" 200 4447 "-" "Mozilla/5.0 (Macintosh; Intel Mac OS X 10_15_5) AppleWebKit/605.1.15 (KHTML, like Gecko) Version/13.1.1 Safari/605.1.15 (Applebot/0.1; +http://www.apple.com/go/applebot)" "ysfine.com"
5.147.90.190 - - [11/Sep/2022:21:23:58 -0700] "GET /world/japan/nara005.jpg HTTP/1.1" 200 144132 "https://www.gay-fetish-xxx.com/" "Mozilla/5.0 (Linux; Android 10; MAR-LX1B) AppleWebKit/537.36 (KHTML, like Gecko) Chrome/105.0.0.0 Mobile Safari/537.36" "ysfine.com"
51.222.253.1 - - [11/Sep/2022:21:24:04 -0700] "GET /class54/class5470/total_data/sub_530.htm HTTP/1.1" 200 3212 "-" "Mozilla/5.0 (compatible; AhrefsBot/7.0; +http://ahrefs.com/robot/)" "ysfine.com"
51.222.253.14 - - [11/Sep/2022:21:24:08 -0700] "GET /class54/class5470/total_data/photo_img/5-30.jpg HTTP/1.1" 200 283024 "-" "Mozilla/5.0 (compatible; AhrefsBot/7.0; +http://ahrefs.com/robot/)" "ysfine.com"
134.209.106.117 - - [11/Sep/2022:21:24:48 -0700] "GET /world/ital/repub03.jpg HTTP/1.1" 200 115839 "-" "Mozilla/5.0 (Macintosh; Intel Mac OS X 10.6; rv:2.0.1) Gecko/20100101 Firefox/4.0.1" "ysfine.com"
173.73.80.118 - - [11/Sep/2022:21:25:07 -0700] "GET /home/top21d.jpg HTTP/1.1" 200 74409 "https://www.ysfine.com/awards/iao.html" "Mozilla/5.0 (Linux; Android 5.1.1; KFSUWI) AppleWebKit/537.36 (KHTML, like Gecko) Silk/102.4.13 like Chrome/102.0.5005.171 Safari/537.36" "www.ysfine.com"
173.73.80.118 - - [11/Sep/2022:21:25:07 -0700] "GET /home/truck/truck450.jpg HTTP/1.1" 200 42871 "https://www.ysfine.com/awards/iao.html" "Mozilla/5.0 (Linux; Android 5.1.1; KFSUWI) AppleWebKit/537.36 (KHTML, like Gecko) Silk/102.4.13 like Chrome/102.0.5005.171 Safari/537.36" "www.ysfine.com"
173.73.80.118 - - [11/Sep/2022:21:25:07 -0700] "GET /eink/pwk450.jpg HTTP/1.1" 200 84974 "https://www.ysfine.com/awards/iao.html" "Mozilla/5.0 (Linux; Android 5.1.1; KFSUWI) AppleWebKit/537.36 (KHTML, like Gecko) Silk/102.4.13 like Chrome/102.0.5005.171 Safari/537.36" "www.ysfine.com"
173.73.80.118 - - [11/Sep/2022:21:25:07 -0700] "GET /kobak/taylor400.jpg HTTP/1.1" 200 56181 "https://www.ysfine.com/awards/iao.html" "Mozilla/5.0 (Linux; Android 5.1.1; KFSUWI) AppleWebKit/537.36 (KHTML, like Gecko) Silk/102.4.13 like Chrome/102.0.5005.171 Safari/537.36" "www.ysfine.com"
173.73.80.118 - - [11/Sep/2022:21:25:07 -0700] "GET /home/eink54f.jpg HTTP/1.1" 200 96332 "https://www.ysfine.com/awards/iao.html" "Mozilla/5.0 (Linux; Android 5.1.1; KFSUWI) AppleWebKit/537.36 (KHTML, like Gecko) Silk/102.4.13 like Chrome/102.0.5005.171 Safari/537.36" "www.ysfine.com"
173.73.80.118 - - [11/Sep/2022:21:25:07 -0700] "GET /home/timessq33d.jpg HTTP/1.1" 200 69824 "https://www.ysfine.com/awards/iao.html" "Mozilla/5.0 (Linux; Android 5.1.1; KFSUWI) AppleWebKit/537.36 (KHTML, like Gecko) Silk/102.4.13 like Chrome/102.0.5005.171 Safari/537.36" "www.ysfine.com"
73.158.184.96 - - [11/Sep/2022:21:26:51 -0700] "GET /wigner/wigner39.pdf HTTP/1.1" 200 1398440 "https://www.google.com/" "Mozilla/5.0 (Windows NT 10.0; Win64; x64) AppleWebKit/537.36 (KHTML, like Gecko) Chrome/105.0.0.0 Safari/537.36" "ysfine.com"
73.158.184.96 - - [11/Sep/2022:21:26:51 -0700] "GET /favicon.ico HTTP/1.1" 404 88 "https://ysfine.com/wigner/wigner39.pdf" "Mozilla/5.0 (Windows NT 10.0; Win64; x64) AppleWebKit/537.36 (KHTML, like Gecko) Chrome/105.0.0.0 Safari/537.36" "ysfine.com"
40.77.167.35 - - [11/Sep/2022:21:27:16 -0700] "GET /usca/pitt/gonew2.jpg HTTP/1.1" 200 50575 "-" "Mozilla/5.0 (compatible; bingbot/2.0; +http://www.bing.com/bingbot.htm)" "www.ysfine.com"
203.145.95.95 - - [11/Sep/2022:21:27:31 -0700] "GET /maga/phys/naimar/pewk09.jpg HTTP/1.1" 200 54557 "https://www.google.com/" "Mozilla/5.0 (Windows NT 10.0; Win64; x64) AppleWebKit/537.36 (KHTML, like Gecko) Chrome/105.0.0.0 Safari/537.36" "ysfine.com"
185.191.171.4 - - [11/Sep/2022:21:28:04 -0700] "GET /robots.txt HTTP/1.1" 404 88 "-" "Mozilla/5.0 (compatible; SemrushBot/7~bl; +http://www.semrush.com/bot.html)" "ysfine.com"
185.191.171.16 - - [11/Sep/2022:21:28:04 -0700] "GET /class54/class5470/total_data/sub_329.htm HTTP/1.1" 200 3319 "-" "Mozilla/5.0 (compatible; SemrushBot/7~bl; +http://www.semrush.com/bot.html)" "ysfine.com"
40.77.167.35 - - [11/Sep/2022:21:28:18 -0700] "GET /wdc/eindc02.jpg HTTP/1.1" 200 147414 "-" "Mozilla/5.0 (compatible; bingbot/2.0; +http://www.bing.com/bingbot.htm)" "www.ysfine.com"
68.150.213.211 - - [11/Sep/2022:21:28:48 -0700] "GET /kobak/rok48.jpg HTTP/1.1" 200 149888 "https://www.google.com/" "Mozilla/5.0 (iPhone; CPU iPhone OS 15_6_1 like Mac OS X) AppleWebKit/605.1.15 (KHTML, like Gecko) GSA/227.1.470269224 Mobile/19G82 Safari/604.1" "ysfine.com"
185.191.171.2 - - [11/Sep/2022:21:29:02 -0700] "GET /wdc/whx12.html HTTP/1.1" 200 1590 "-" "Mozilla/5.0 (compatible; SemrushBot/7~bl; +http://www.semrush.com/bot.html)" "www.ysfine.com"
157.55.39.146 - - [11/Sep/2022:21:30:02 -0700] "GET /people/prosku11.jpg HTTP/1.1" 200 95265 "-" "Mozilla/5.0 (compatible; bingbot/2.0; +http://www.bing.com/bingbot.htm)" "www.ysfine.com"
51.222.253.19 - - [11/Sep/2022:21:30:26 -0700] "GET /class54/class5470/total_data/sub_525.htm HTTP/1.1" 200 3212 "-" "Mozilla/5.0 (compatible; AhrefsBot/7.0; +http://ahrefs.com/robot/)" "ysfine.com"
51.222.253.15 - - [11/Sep/2022:21:30:29 -0700] "GET /class54/class5470/total_data/photo_img/5-25.jpg HTTP/1.1" 200 234744 "-" "Mozilla/5.0 (compatible; AhrefsBot/7.0; +http://ahrefs.com/robot/)" "ysfine.com"
40.77.167.33 - - [11/Sep/2022:21:30:34 -0700] "GET /wdc/eindc05.jpg HTTP/1.1" 200 168467 "-" "Mozilla/5.0 (compatible; bingbot/2.0; +http://www.bing.com/bingbot.htm)" "ysfine.com"
147.161.198.172 - - [11/Sep/2022:21:30:45 -0700] "GET /maga/phys/yukaein2.jpg HTTP/1.1" 200 42863 "https://www.bing.com/" "Mozilla/5.0 (Windows NT 10.0; Win64; x64) AppleWebKit/537.36 (KHTML, like Gecko) Chrome/104.0.5112.102 Safari/537.36 Edg/104.0.1293.63" "ysfine.com"
185.191.171.5 - - [11/Sep/2022:21:31:19 -0700] "GET /class54/class5470/total_data/sub_606.htm HTTP/1.1" 200 3192 "-" "Mozilla/5.0 (compatible; SemrushBot/7~bl; +http://www.semrush.com/bot.html)" "www.ysfine.com"
69.194.143.140 - - [11/Sep/2022:21:33:08 -0700] "GET /ads.txt HTTP/1.1" 404 88 "-" "Mozilla/5.0 (Macintosh; Intel Mac OS X 10_15_1) AppleWebKit/537.36 (KHTML, like Gecko) Chrome/84.0.4103.61 Safari/537.37" "ysfine.com"
69.194.143.140 - - [11/Sep/2022:21:33:08 -0700] "GET /ads.txt HTTP/1.1" 404 88 "-" "Mozilla/5.0 (Macintosh; Intel Mac OS X 10_15_1) AppleWebKit/537.36 (KHTML, like Gecko) Chrome/84.0.4103.61 Safari/537.37" "ysfine.com"
51.222.253.14 - - [11/Sep/2022:21:35:41 -0700] "GET /class54/class5470/total_data/sub_526.htm HTTP/1.1" 200 3212 "-" "Mozilla/5.0 (compatible; AhrefsBot/7.0; +http://ahrefs.com/robot/)" "ysfine.com"
154.54.249.206 - - [11/Sep/2022:21:36:13 -0700] "GET /class54/class5470/total_data/sub_527.htm HTTP/1.1" 200 3212 "-" "Mozilla/5.0 (compatible; Barkrowler/0.9; +https://babbar.tech/crawler)" "www.ysfine.com"
17.121.115.182 - - [11/Sep/2022:21:36:17 -0700] "GET /home/ HTTP/1.1" 200 142 "-" "Mozilla/5.0 (Macintosh; Intel Mac OS X 10_15_5) AppleWebKit/605.1.15 (KHTML, like Gecko) Version/13.1.1 Safari/605.1.15 (Applebot/0.1; +http://www.apple.com/go/applebot)" "ysfine.com"
40.77.167.35 - - [11/Sep/2022:21:36:28 -0700] "GET /kowar/zhukov01.jpg HTTP/1.1" 200 99575 "-" "Mozilla/5.0 (compatible; bingbot/2.0; +http://www.bing.com/bingbot.htm)" "ysfine.com"
99.246.63.24 - - [11/Sep/2022:21:36:31 -0700] "GET /heisen/schroheisen33.jpg HTTP/1.1" 200 86213 "https://www.google.ca/" "Mozilla/5.0 (Macintosh; Intel Mac OS X 10_15_7) AppleWebKit/537.36 (KHTML, like Gecko) Chrome/105.0.0.0 Safari/537.36" "ysfine.com"
104.59.61.144 - - [11/Sep/2022:21:36:34 -0700] "GET /world/brit/harrow12.jpg HTTP/1.1" 200 99510 "https://www.google.com/" "Mozilla/5.0 (Linux; Android 12; SM-N975U) AppleWebKit/537.36 (KHTML, like Gecko) Chrome/105.0.0.0 Mobile Safari/537.36" "ysfine.com"
114.119.128.158 - - [11/Sep/2022:21:36:44 -0700] "GET /remote/wigner111/frame57.html HTTP/1.1" 200 458 "https://www.ysfine.com/remote/wigner111/frame56.html" "Mozilla/5.0 (Linux; Android 7.0;) AppleWebKit/537.36 (KHTML, like Gecko) Mobile Safari/537.36 (compatible; PetalBot;+https://webmaster.petalsearch.com/site/petalbot)" "www.ysfine.com"
145.255.3.153 - - [11/Sep/2022:21:36:54 -0700] "GET /world/hungary/buda001b.jpg HTTP/1.1" 200 38115 "http://domain.com" "Mozilla/5.0 (Windows NT 6.1; WOW64; Trident/7.0; rv:11.0) like Gecko" "ysfine.com"
5.121.8.183 - - [11/Sep/2022:21:37:01 -0700] "GET /feynman/ppic/parton88a.jpg HTTP/1.1" 200 55506 "https://www.google.com/" "Mozilla/5.0 (Windows NT 10.0; Win64; x64) AppleWebKit/537.36 (KHTML, like Gecko) Chrome/105.0.0.0 Safari/537.36" "ysfine.com"
154.54.249.206 - - [11/Sep/2022:21:37:43 -0700] "GET /dirac/dirk62.html HTTP/1.1" 304 - "-" "Mozilla/5.0 (compatible; Barkrowler/0.9; +https://babbar.tech/crawler)" "ysfine.com"
40.77.167.35 - - [11/Sep/2022:21:39:37 -0700] "GET /archives/class5470/total_data/refer_img/8-161_f.jpg HTTP/1.1" 404 88 "-" "Mozilla/5.0 (compatible; bingbot/2.0; +http://www.bing.com/bingbot.htm)" "www.ysfine.com"
51.222.253.14 - - [11/Sep/2022:21:40:41 -0700] "GET /class54/class5470/total_data/sub_527.htm HTTP/1.1" 200 3212 "-" "Mozilla/5.0 (compatible; AhrefsBot/7.0; +http://ahrefs.com/robot/)" "ysfine.com"
51.222.253.6 - - [11/Sep/2022:21:40:44 -0700] "GET /class54/class5470/total_data/photo_img/5-27.jpg HTTP/1.1" 200 243153 "-" "Mozilla/5.0 (compatible; AhrefsBot/7.0; +http://ahrefs.com/robot/)" "ysfine.com"
120.29.78.12 - - [11/Sep/2022:21:42:22 -0700] "GET /maga/phil/conic01.jpg HTTP/1.1" 200 70533 "https://ph.images.search.yahoo.com/search/images?p=conic+sections&fr=mcafee&type=E210PH91215G0&imgurl=https%3A%2F%2Fupload.wikimedia.org%2Fwikipedia%2Fcommons%2Fthumb%2F1%2F11%2FConic_Sections.svg%2F1200px-Conic_Sections.svg.png" "Mozilla/5.0 (Windows NT 10.0; Win64; x64) AppleWebKit/537.36 (KHTML, like Gecko) Chrome/105.0.0.0 Safari/537.36" "www.ysfine.com"
157.55.39.146 - - [11/Sep/2022:21:42:22 -0700] "GET /kobak/repose22.jpg HTTP/1.1" 200 126234 "-" "Mozilla/5.0 (compatible; bingbot/2.0; +http://www.bing.com/bingbot.htm)" "ysfine.com"
40.77.167.27 - - [11/Sep/2022:21:42:36 -0700] "GET /wdc/gtown08b.jpg HTTP/1.1" 200 55792 "-" "Mozilla/5.0 (compatible; bingbot/2.0; +http://www.bing.com/bingbot.htm)" "ysfine.com"
40.77.167.27 - - [11/Sep/2022:21:43:07 -0700] "GET /world/balkan/turkmodo02.jpg HTTP/1.1" 200 92914 "-" "Mozilla/5.0 (compatible; bingbot/2.0; +http://www.bing.com/bingbot.htm)" "ysfine.com"
66.249.88.19 - - [11/Sep/2022:21:45:36 -0700] "GET /kobak/somap38.jpg HTTP/1.1" 200 109622 "-" "Mozilla/5.0 (Windows NT 5.1; rv:11.0) Gecko Firefox/11.0 (via ggpht.com GoogleImageProxy)" "ysfine.com"
51.222.253.19 - - [11/Sep/2022:21:45:57 -0700] "GET /class54/class5470/total_data/sub_532.htm HTTP/1.1" 200 3228 "-" "Mozilla/5.0 (compatible; AhrefsBot/7.0; +http://ahrefs.com/robot/)" "ysfine.com"
40.77.167.35 - - [11/Sep/2022:21:46:20 -0700] "GET /world/russ/kazan004.jpg HTTP/1.1" 200 120550 "-" "Mozilla/5.0 (compatible; bingbot/2.0; +http://www.bing.com/bingbot.htm)" "www.ysfine.com"
174.104.197.206 - - [11/Sep/2022:21:46:56 -0700] "GET /world/scandi/sto001.jpg HTTP/1.1" 200 111684 "https://www.google.com/" "Mozilla/5.0 (Linux; Android 12; SM-G990U Build/SP1A.210812.016; wv) AppleWebKit/537.36 (KHTML, like Gecko) Version/4.0 Chrome/104.0.5112.97 Mobile Safari/537.36 GoogleApp/13.34.12.26.arm64" "ysfine.com"
185.191.171.36 - - [11/Sep/2022:21:47:15 -0700] "GET /einstein/eward33 HTTP/1.1" 406 93 "-" "Mozilla/5.0 (compatible; SemrushBot/7~bl; +http://www.semrush.com/bot.html)" "ysfine.com"
40.77.167.35 - - [11/Sep/2022:21:47:17 -0700] "GET /world/china/dandongbr05.jpg HTTP/1.1" 200 194930 "-" "Mozilla/5.0 (compatible; bingbot/2.0; +http://www.bing.com/bingbot.htm)" "www.ysfine.com"
185.191.171.22 - - [11/Sep/2022:21:49:03 -0700] "GET /maga/home/index.html HTTP/1.1" 404 88 "-" "Mozilla/5.0 (compatible; SemrushBot/7~bl; +http://www.semrush.com/bot.html)" "www.ysfine.com"
93.158.161.44 - - [11/Sep/2022:21:50:08 -0700] "GET /world/venice.html HTTP/1.1" 200 8457 "-" "Mozilla/5.0 (compatible; YandexBot/3.0; +http://yandex.com/bots)" "www.ysfine.com"
54.36.149.36 - - [11/Sep/2022:21:51:21 -0700] "GET /robots.txt HTTP/1.1" 404 88 "-" "Mozilla/5.0 (compatible; AhrefsBot/7.0; +http://ahrefs.com/robot/)" "ysfine.com"
51.222.253.3 - - [11/Sep/2022:21:51:22 -0700] "GET /class54/class5470/total_data/sub_528.htm HTTP/1.1" 200 3212 "-" "Mozilla/5.0 (compatible; AhrefsBot/7.0; +http://ahrefs.com/robot/)" "ysfine.com"
51.222.253.4 - - [11/Sep/2022:21:51:24 -0700] "GET /class54/class5470/total_data/photo_img/5-28.jpg HTTP/1.1" 200 286972 "-" "Mozilla/5.0 (compatible; AhrefsBot/7.0; +http://ahrefs.com/robot/)" "ysfine.com"
114.119.128.14 - - [11/Sep/2022:21:51:32 -0700] "GET /class54/class5470/total_data/sub_8113.htm HTTP/1.1" 200 3499 "https://ysfine.com/class54/class5470/total_data/sub_897.htm" "Mozilla/5.0 (Linux; Android 7.0;) AppleWebKit/537.36 (KHTML, like Gecko) Mobile Safari/537.36 (compatible; PetalBot;+https://webmaster.petalsearch.com/site/petalbot)" "ysfine.com"
40.77.167.33 - - [11/Sep/2022:21:51:36 -0700] "GET /world/russ/spbm10.jpg HTTP/1.1" 200 69313 "-" "Mozilla/5.0 (compatible; bingbot/2.0; +http://www.bing.com/bingbot.htm)" "ysfine.com"
77.88.5.207 - - [11/Sep/2022:21:52:54 -0700] "GET /style/tatyana.html HTTP/1.1" 200 8475 "-" "Mozilla/5.0 (compatible; YandexBot/3.0; +http://yandex.com/bots)" "www.ysfine.com"
99.67.85.35 - - [11/Sep/2022:21:54:11 -0700] "GET /dirac/dirfoc62.jpg HTTP/1.1" 200 192075 "https://www.google.com/" "Mozilla/5.0 (Macintosh; Intel Mac OS X 10_15_7) AppleWebKit/537.36 (KHTML, like Gecko) Chrome/105.0.0.0 Safari/537.36" "ysfine.com"
40.77.167.33 - - [11/Sep/2022:21:54:56 -0700] "GET /einstein/bern.html HTTP/1.1" 304 - "-" "Mozilla/5.0 (compatible; bingbot/2.0; +http://www.bing.com/bingbot.htm)" "www.ysfine.com"
17.121.113.63 - - [11/Sep/2022:21:55:27 -0700] "GET /home/hmtop.html HTTP/1.1" 200 447 "https://ysfine.com/home/" "Mozilla/5.0 (Macintosh; Intel Mac OS X 10_15_5) AppleWebKit/605.1.15 (KHTML, like Gecko) Version/13.1.1 Safari/605.1.15 (Applebot/0.1; +http://www.apple.com/go/applebot)" "ysfine.com"
17.121.114.76 - - [11/Sep/2022:21:55:28 -0700] "GET /home/hmbot.html HTTP/1.1" 200 132 "https://ysfine.com/home/" "Mozilla/5.0 (Macintosh; Intel Mac OS X 10_15_5) AppleWebKit/605.1.15 (KHTML, like Gecko) Version/13.1.1 Safari/605.1.15 (Applebot/0.1; +http://www.apple.com/go/applebot)" "ysfine.com"
17.121.113.63 - - [11/Sep/2022:21:55:28 -0700] "GET /home/hmleft.html HTTP/1.1" 200 853 "https://ysfine.com/home/hmbot.html" "Mozilla/5.0 (Macintosh; Intel Mac OS X 10_15_5) AppleWebKit/605.1.15 (KHTML, like Gecko) Version/13.1.1 Safari/605.1.15 (Applebot/0.1; +http://www.apple.com/go/applebot)" "ysfine.com"
17.121.114.76 - - [11/Sep/2022:21:55:29 -0700] "GET /home/hmrigh.html HTTP/1.1" 200 4212 "https://ysfine.com/home/hmbot.html" "Mozilla/5.0 (Macintosh; Intel Mac OS X 10_15_5) AppleWebKit/605.1.15 (KHTML, like Gecko) Version/13.1.1 Safari/605.1.15 (Applebot/0.1; +http://www.apple.com/go/applebot)" "ysfine.com"
185.191.171.44 - - [11/Sep/2022:21:55:29 -0700] "GET /ffriends/scanf.html HTTP/1.1" 404 88 "-" "Mozilla/5.0 (compatible; SemrushBot/7~bl; +http://www.semrush.com/bot.html)" "ysfine.com"
152.57.98.176 - - [11/Sep/2022:21:55:47 -0700] "GET /heisen/dirheisen22.jpg HTTP/1.1" 200 107372 "https://www.google.com/" "Mozilla/5.0 (Linux; Android 6.0.1; Redmi 4) AppleWebKit/537.36 (KHTML, like Gecko) Chrome/100.0.4896.127 Mobile Safari/537.36" "ysfine.com"
154.54.249.206 - - [11/Sep/2022:21:56:35 -0700] "GET /class54/class5470/total_data/sub_350.htm HTTP/1.1" 200 3307 "-" "Mozilla/5.0 (compatible; Barkrowler/0.9; +https://babbar.tech/crawler)" "www.ysfine.com"
51.222.253.13 - - [11/Sep/2022:21:56:36 -0700] "GET /class54/class5470/total_data/sub_522.htm HTTP/1.1" 200 3212 "-" "Mozilla/5.0 (compatible; AhrefsBot/7.0; +http://ahrefs.com/robot/)" "ysfine.com"
51.222.253.6 - - [11/Sep/2022:21:56:37 -0700] "GET /class54/class5470/total_data/photo_img/5-22.jpg HTTP/1.1" 200 297093 "-" "Mozilla/5.0 (compatible; AhrefsBot/7.0; +http://ahrefs.com/robot/)" "ysfine.com"
114.119.128.162 - - [11/Sep/2022:21:58:02 -0700] "GET /world/polandw.html HTTP/1.1" 200 17892 "https://ysfine.com/style/songs.html" "Mozilla/5.0 (Linux; Android 7.0;) AppleWebKit/537.36 (KHTML, like Gecko) Mobile Safari/537.36 (compatible; PetalBot;+https://webmaster.petalsearch.com/site/petalbot)" "ysfine.com"
157.55.39.146 - - [11/Sep/2022:21:58:44 -0700] "GET /style/xiangran55b.jpg HTTP/1.1" 200 39739 "-" "Mozilla/5.0 (compatible; bingbot/2.0; +http://www.bing.com/bingbot.htm)" "ysfine.com"
154.54.249.206 - - [11/Sep/2022:21:58:59 -0700] "GET /dirac/wigsis.html HTTP/1.1" 304 - "-" "Mozilla/5.0 (compatible; Barkrowler/0.9; +https://babbar.tech/crawler)" "ysfine.com"
