185.191.171.18 - - [12/Sep/2022:00:17:41 -0700] "GET /world/kalinin.html HTTP/1.1" 200 9525 "-" "Mozilla/5.0 (compatible; SemrushBot/7~bl; +http://www.semrush.com/bot.html)" "www.ysfine.com"
51.222.253.19 - - [12/Sep/2022:00:18:03 -0700] "GET /class54/class5470/total_data/sub_808.htm HTTP/1.1" 200 3548 "-" "Mozilla/5.0 (compatible; AhrefsBot/7.0; +http://ahrefs.com/robot/)" "www.ysfine.com"
203.252.156.65 - - [12/Sep/2022:00:18:04 -0700] "GET / HTTP/1.1" 304 - "-" "Mozilla/5.0 (Windows NT 6.1) AppleWebKit/537.36 (KHTML, like Gecko) Chrome/105.0.0.0 Safari/537.36" "ysfine.com"
203.252.156.65 - - [12/Sep/2022:00:18:18 -0700] "GET /jobs/index.html HTTP/1.1" 200 123 "-" "Mozilla/5.0 (Windows NT 6.1) AppleWebKit/537.36 (KHTML, like Gecko) Chrome/105.0.0.0 Safari/537.36" "ysfine.com"
203.252.156.65 - - [12/Sep/2022:00:18:19 -0700] "GET /jobs/jorigh.html HTTP/1.1" 200 1583 "https://ysfine.com/jobs/index.html" "Mozilla/5.0 (Windows NT 6.1) AppleWebKit/537.36 (KHTML, like Gecko) Chrome/105.0.0.0 Safari/537.36" "ysfine.com"
203.252.156.65 - - [12/Sep/2022:00:18:19 -0700] "GET /jobs/joleft.html HTTP/1.1" 200 334 "https://ysfine.com/jobs/index.html" "Mozilla/5.0 (Windows NT 6.1) AppleWebKit/537.36 (KHTML, like Gecko) Chrome/105.0.0.0 Safari/537.36" "ysfine.com"
203.252.156.65 - - [12/Sep/2022:00:18:19 -0700] "GET /beau/vilnius08b.jpg HTTP/1.1" 404 88 "https://ysfine.com/jobs/jorigh.html" "Mozilla/5.0 (Windows NT 6.1) AppleWebKit/537.36 (KHTML, like Gecko) Chrome/105.0.0.0 Safari/537.36" "ysfine.com"
203.252.156.65 - - [12/Sep/2022:00:18:19 -0700] "GET /einstein/einfine21b.jpg HTTP/1.1" 200 53710 "https://ysfine.com/jobs/jorigh.html" "Mozilla/5.0 (Windows NT 6.1) AppleWebKit/537.36 (KHTML, like Gecko) Chrome/105.0.0.0 Safari/537.36" "ysfine.com"
203.252.156.65 - - [12/Sep/2022:00:18:19 -0700] "GET /princeton/class2007b.jpg HTTP/1.1" 200 40797 "https://ysfine.com/jobs/jorigh.html" "Mozilla/5.0 (Windows NT 6.1) AppleWebKit/537.36 (KHTML, like Gecko) Chrome/105.0.0.0 Safari/537.36" "ysfine.com"
203.252.156.65 - - [12/Sep/2022:00:18:19 -0700] "GET /world/poland/polstu09b.jpg HTTP/1.1" 200 51803 "https://ysfine.com/jobs/jorigh.html" "Mozilla/5.0 (Windows NT 6.1) AppleWebKit/537.36 (KHTML, like Gecko) Chrome/105.0.0.0 Safari/537.36" "ysfine.com"
203.252.156.65 - - [12/Sep/2022:00:18:21 -0700] "GET /jobs/koreaj.html HTTP/1.1" 200 10214 "https://ysfine.com/jobs/joleft.html" "Mozilla/5.0 (Windows NT 6.1) AppleWebKit/537.36 (KHTML, like Gecko) Chrome/105.0.0.0 Safari/537.36" "ysfine.com"
203.252.156.65 - - [12/Sep/2022:00:18:22 -0700] "GET /jobs/koreaj11b.jpg HTTP/1.1" 200 67543 "https://ysfine.com/jobs/koreaj.html" "Mozilla/5.0 (Windows NT 6.1) AppleWebKit/537.36 (KHTML, like Gecko) Chrome/105.0.0.0 Safari/537.36" "ysfine.com"
40.77.167.33 - - [12/Sep/2022:00:19:09 -0700] "GET /kowar/panmun04c.jpg HTTP/1.1" 200 32797 "-" "Mozilla/5.0 (compatible; bingbot/2.0; +http://www.bing.com/bingbot.htm)" "www.ysfine.com"
66.249.72.130 - - [12/Sep/2022:00:20:01 -0700] "GET /world/russ/volga08b.jpg HTTP/1.1" 200 23746 "-" "Googlebot-Image/1.0" "ysfine.com"
51.222.253.7 - - [12/Sep/2022:00:20:25 -0700] "GET /class54/class5470/total_data/sub_829.htm HTTP/1.1" 200 3561 "-" "Mozilla/5.0 (compatible; AhrefsBot/7.0; +http://ahrefs.com/robot/)" "www.ysfine.com"
157.55.39.146 - - [12/Sep/2022:00:20:29 -0700] "GET /wdc/anna04.jpg HTTP/1.1" 200 109699 "-" "Mozilla/5.0 (compatible; bingbot/2.0; +http://www.bing.com/bingbot.htm)" "ysfine.com"
119.42.58.79 - - [12/Sep/2022:00:20:32 -0700] "GET /home/eward55f.jpg HTTP/1.1" 200 122802 "http://www2.physics.umd.edu/" "Mozilla/5.0 (Windows NT 10.0; Win64; x64) AppleWebKit/537.36 (KHTML, like Gecko) Chrome/105.0.0.0 Safari/537.36" "ysfine.com"
119.42.58.79 - - [12/Sep/2022:00:20:32 -0700] "GET /home/top21c.jpg HTTP/1.1" 200 53120 "http://www2.physics.umd.edu/" "Mozilla/5.0 (Windows NT 10.0; Win64; x64) AppleWebKit/537.36 (KHTML, like Gecko) Chrome/105.0.0.0 Safari/537.36" "ysfine.com"
119.42.58.79 - - [12/Sep/2022:00:20:33 -0700] "GET /home/eink77c.jpg HTTP/1.1" 200 47471 "http://www2.physics.umd.edu/" "Mozilla/5.0 (Windows NT 10.0; Win64; x64) AppleWebKit/537.36 (KHTML, like Gecko) Chrome/105.0.0.0 Safari/537.36" "ysfine.com"
119.42.58.79 - - [12/Sep/2022:00:20:34 -0700] "GET /home/facu63c.jpg HTTP/1.1" 200 41710 "http://www2.physics.umd.edu/" "Mozilla/5.0 (Windows NT 10.0; Win64; x64) AppleWebKit/537.36 (KHTML, like Gecko) Chrome/105.0.0.0 Safari/537.36" "ysfine.com"
119.42.58.79 - - [12/Sep/2022:00:20:34 -0700] "GET /home/goodbad55c.jpg HTTP/1.1" 200 24415 "http://www2.physics.umd.edu/" "Mozilla/5.0 (Windows NT 10.0; Win64; x64) AppleWebKit/537.36 (KHTML, like Gecko) Chrome/105.0.0.0 Safari/537.36" "ysfine.com"
119.42.58.79 - - [12/Sep/2022:00:20:34 -0700] "GET /eink/ewk86a.jpg HTTP/1.1" 200 70895 "http://www2.physics.umd.edu/" "Mozilla/5.0 (Windows NT 10.0; Win64; x64) AppleWebKit/537.36 (KHTML, like Gecko) Chrome/105.0.0.0 Safari/537.36" "ysfine.com"
119.42.58.79 - - [12/Sep/2022:00:20:34 -0700] "GET /home/truck/truck20c.jpg HTTP/1.1" 200 29999 "http://www2.physics.umd.edu/" "Mozilla/5.0 (Windows NT 10.0; Win64; x64) AppleWebKit/537.36 (KHTML, like Gecko) Chrome/105.0.0.0 Safari/537.36" "ysfine.com"
119.42.58.79 - - [12/Sep/2022:00:20:35 -0700] "GET /wdc/washmo23c.jpg HTTP/1.1" 200 21217 "http://www2.physics.umd.edu/" "Mozilla/5.0 (Windows NT 10.0; Win64; x64) AppleWebKit/537.36 (KHTML, like Gecko) Chrome/105.0.0.0 Safari/537.36" "ysfine.com"
119.42.58.79 - - [12/Sep/2022:00:20:35 -0700] "GET /wdc/eindc03c.jpg HTTP/1.1" 200 48446 "http://www2.physics.umd.edu/" "Mozilla/5.0 (Windows NT 10.0; Win64; x64) AppleWebKit/537.36 (KHTML, like Gecko) Chrome/105.0.0.0 Safari/537.36" "ysfine.com"
119.42.58.79 - - [12/Sep/2022:00:20:36 -0700] "GET /sbk/1987pr22c.jpg HTTP/1.1" 200 40964 "http://www2.physics.umd.edu/" "Mozilla/5.0 (Windows NT 10.0; Win64; x64) AppleWebKit/537.36 (KHTML, like Gecko) Chrome/105.0.0.0 Safari/537.36" "ysfine.com"
119.42.58.79 - - [12/Sep/2022:00:20:36 -0700] "GET /eink/einhaus11c.jpg HTTP/1.1" 200 42522 "http://www2.physics.umd.edu/" "Mozilla/5.0 (Windows NT 10.0; Win64; x64) AppleWebKit/537.36 (KHTML, like Gecko) Chrome/105.0.0.0 Safari/537.36" "ysfine.com"
119.42.58.79 - - [12/Sep/2022:00:20:36 -0700] "GET /eink/einhaus33c.jpg HTTP/1.1" 200 23792 "http://www2.physics.umd.edu/" "Mozilla/5.0 (Windows NT 10.0; Win64; x64) AppleWebKit/537.36 (KHTML, like Gecko) Chrome/105.0.0.0 Safari/537.36" "ysfine.com"
119.42.58.79 - - [12/Sep/2022:00:20:36 -0700] "GET /kobak/taylor33c.jpg HTTP/1.1" 200 39951 "http://www2.physics.umd.edu/" "Mozilla/5.0 (Windows NT 10.0; Win64; x64) AppleWebKit/537.36 (KHTML, like Gecko) Chrome/105.0.0.0 Safari/537.36" "ysfine.com"
119.42.58.79 - - [12/Sep/2022:00:20:36 -0700] "GET /eink/eink54a.jpg HTTP/1.1" 200 79717 "http://www2.physics.umd.edu/" "Mozilla/5.0 (Windows NT 10.0; Win64; x64) AppleWebKit/537.36 (KHTML, like Gecko) Chrome/105.0.0.0 Safari/537.36" "ysfine.com"
103.3.221.84 - - [12/Sep/2022:00:21:10 -0700] "GET /eink/eintao55.jpg HTTP/1.1" 200 153901 "https://www.google.com/" "Mozilla/5.0 (Macintosh; Intel Mac OS X 10_15_7) AppleWebKit/537.36 (KHTML, like Gecko) Chrome/105.0.0.0 Safari/537.36" "ysfine.com"
64.71.131.243 - - [12/Sep/2022:00:21:11 -0700] "GET / HTTP/1.1" 200 15910 "-" "Mozilla/5.0 (compatible; ev-crawler/1.0; +https://headline.com/legal/crawler)" "ysfine.com"
103.3.221.84 - - [12/Sep/2022:00:21:11 -0700] "GET /heisen/heisen66.jpg HTTP/1.1" 200 82082 "https://www.google.com/" "Mozilla/5.0 (Macintosh; Intel Mac OS X 10_15_7) AppleWebKit/537.36 (KHTML, like Gecko) Chrome/105.0.0.0 Safari/537.36" "ysfine.com"
103.3.221.84 - - [12/Sep/2022:00:21:11 -0700] "GET /eink/einbohr101.jpg HTTP/1.1" 200 87124 "https://www.google.com/" "Mozilla/5.0 (Macintosh; Intel Mac OS X 10_15_7) AppleWebKit/537.36 (KHTML, like Gecko) Chrome/105.0.0.0 Safari/537.36" "ysfine.com"
40.77.167.35 - - [12/Sep/2022:00:21:13 -0700] "GET /maga/invent/wright03.jpg HTTP/1.1" 200 123402 "-" "Mozilla/5.0 (compatible; bingbot/2.0; +http://www.bing.com/bingbot.htm)" "ysfine.com"
203.252.156.65 - - [12/Sep/2022:00:21:21 -0700] "GET /jobs/usaj.html HTTP/1.1" 200 649 "https://ysfine.com/jobs/joleft.html" "Mozilla/5.0 (Windows NT 6.1) AppleWebKit/537.36 (KHTML, like Gecko) Chrome/105.0.0.0 Safari/537.36" "ysfine.com"
203.252.156.65 - - [12/Sep/2022:00:21:22 -0700] "GET /einstein/einhouse11b.jpg HTTP/1.1" 200 42717 "https://ysfine.com/jobs/usaj.html" "Mozilla/5.0 (Windows NT 6.1) AppleWebKit/537.36 (KHTML, like Gecko) Chrome/105.0.0.0 Safari/537.36" "ysfine.com"
154.54.249.206 - - [12/Sep/2022:00:21:35 -0700] "GET /class54/class5470/total_data/sub_528.htm HTTP/1.1" 200 3212 "-" "Mozilla/5.0 (compatible; Barkrowler/0.9; +https://babbar.tech/crawler)" "www.ysfine.com"
203.252.156.65 - - [12/Sep/2022:00:21:55 -0700] "GET /jobs/britj.html HTTP/1.1" 200 801 "https://ysfine.com/jobs/joleft.html" "Mozilla/5.0 (Windows NT 6.1) AppleWebKit/537.36 (KHTML, like Gecko) Chrome/105.0.0.0 Safari/537.36" "ysfine.com"
203.252.156.65 - - [12/Sep/2022:00:21:56 -0700] "GET /jobs/newton22b.jpg HTTP/1.1" 200 60508 "https://ysfine.com/jobs/britj.html" "Mozilla/5.0 (Windows NT 6.1) AppleWebKit/537.36 (KHTML, like Gecko) Chrome/105.0.0.0 Safari/537.36" "ysfine.com"
51.222.253.19 - - [12/Sep/2022:00:23:00 -0700] "GET /class54/class5470/total_data/sub_830.htm HTTP/1.1" 200 3561 "-" "Mozilla/5.0 (compatible; AhrefsBot/7.0; +http://ahrefs.com/robot/)" "www.ysfine.com"
185.191.171.9 - - [12/Sep/2022:00:23:20 -0700] "GET /world/roma.html HTTP/1.1" 200 13994 "-" "Mozilla/5.0 (compatible; SemrushBot/7~bl; +http://www.semrush.com/bot.html)" "www.ysfine.com"
154.54.249.206 - - [12/Sep/2022:00:25:19 -0700] "GET /wisdom/wkwireless.html HTTP/1.1" 304 - "-" "Mozilla/5.0 (compatible; Barkrowler/0.9; +https://babbar.tech/crawler)" "ysfine.com"
51.222.253.2 - - [12/Sep/2022:00:25:32 -0700] "GET /class54/class5470/total_data/sub_819.htm HTTP/1.1" 200 3566 "-" "Mozilla/5.0 (compatible; AhrefsBot/7.0; +http://ahrefs.com/robot/)" "www.ysfine.com"
51.222.253.7 - - [12/Sep/2022:00:25:34 -0700] "GET /class54/class5470/total_data/photo_img/8-19.jpg HTTP/1.1" 200 187349 "-" "Mozilla/5.0 (compatible; AhrefsBot/7.0; +http://ahrefs.com/robot/)" "www.ysfine.com"
51.222.253.3 - - [12/Sep/2022:00:25:35 -0700] "GET /class54/class5470/total_data/img/08_smtitle18.gif HTTP/1.1" 200 636 "-" "Mozilla/5.0 (compatible; AhrefsBot/7.0; +http://ahrefs.com/robot/)" "www.ysfine.com"
171.6.238.81 - - [12/Sep/2022:00:26:17 -0700] "GET /wigner/neum/ymath.jpg HTTP/1.1" 200 64930 "https://www.google.com/" "Mozilla/5.0 (Windows NT 10.0; Win64; x64) AppleWebKit/537.36 (KHTML, like Gecko) Chrome/105.0.0.0 Safari/537.36" "ysfine.com"
157.55.39.146 - - [12/Sep/2022:00:26:19 -0700] "GET /world/baltic/kantm09.jpg HTTP/1.1" 200 132684 "-" "Mozilla/5.0 AppleWebKit/537.36 (KHTML, like Gecko; compatible; bingbot/2.0; +http://www.bing.com/bingbot.htm) Chrome/103.0.5060.134 Safari/537.36" "www.ysfine.com"
40.77.167.35 - - [12/Sep/2022:00:26:32 -0700] "GET /world/russ/tchaikovhall03.jpg HTTP/1.1" 200 146131 "-" "Mozilla/5.0 (compatible; bingbot/2.0; +http://www.bing.com/bingbot.htm)" "www.ysfine.com"
171.6.238.81 - - [12/Sep/2022:00:26:44 -0700] "GET /wigner/neum/pvn05.jpg HTTP/1.1" 200 219501 "https://www.google.com/" "Mozilla/5.0 (Windows NT 10.0; Win64; x64) AppleWebKit/537.36 (KHTML, like Gecko) Chrome/105.0.0.0 Safari/537.36" "ysfine.com"
157.55.39.146 - - [12/Sep/2022:00:26:49 -0700] "GET /wdc/washmofw11.jpg HTTP/1.1" 200 92280 "-" "Mozilla/5.0 (compatible; bingbot/2.0; +http://www.bing.com/bingbot.htm)" "www.ysfine.com"
80.82.78.13 - - [12/Sep/2022:00:27:48 -0700] "GET /feynman/feybial.jpg HTTP/1.1" 200 56284 "-" "Mozilla/5.0 (Windows NT 10.0; rv:91.0) Gecko/20100101 Firefox/91.0" "www.ysfine.com"
51.222.253.20 - - [12/Sep/2022:00:28:06 -0700] "GET /class54/class5470/total_data/sub_831.htm HTTP/1.1" 200 3561 "-" "Mozilla/5.0 (compatible; AhrefsBot/7.0; +http://ahrefs.com/robot/)" "www.ysfine.com"
51.222.253.1 - - [12/Sep/2022:00:28:13 -0700] "GET /class54/class5470/total_data/img/08_alumni.gif HTTP/1.1" 200 903 "-" "Mozilla/5.0 (compatible; AhrefsBot/7.0; +http://ahrefs.com/robot/)" "www.ysfine.com"
51.222.253.1 - - [12/Sep/2022:00:28:13 -0700] "GET /class54/class5470/total_data/photo_img/8-31.jpg HTTP/1.1" 200 192173 "-" "Mozilla/5.0 (compatible; AhrefsBot/7.0; +http://ahrefs.com/robot/)" "www.ysfine.com"
40.77.167.62 - - [12/Sep/2022:00:29:34 -0700] "GET /usca/pitt/fortpitt01b.jpg HTTP/1.1" 200 31243 "-" "Mozilla/5.0 (compatible; bingbot/2.0; +http://www.bing.com/bingbot.htm)" "ysfine.com"
40.77.167.35 - - [12/Sep/2022:00:30:24 -0700] "GET /wdc/willard12.jpg HTTP/1.1" 200 122919 "-" "Mozilla/5.0 (compatible; bingbot/2.0; +http://www.bing.com/bingbot.htm)" "ysfine.com"
34.207.211.200 - - [12/Sep/2022:00:30:25 -0700] "GET /sitemap.xml HTTP/1.1" 304 - "https://www.google.com/" "Mozilla/5.0 (Windows NT 6.1; WOW64; Trident/7.0; rv:11.0) like Gecko" "www.ysfine.com"
51.222.253.17 - - [12/Sep/2022:00:30:51 -0700] "GET /class54/class5470/total_data/sub_809.htm HTTP/1.1" 200 3558 "-" "Mozilla/5.0 (compatible; AhrefsBot/7.0; +http://ahrefs.com/robot/)" "www.ysfine.com"
40.77.167.27 - - [12/Sep/2022:00:30:53 -0700] "GET /world/poland/gdnu52b.jpg HTTP/1.1" 200 44288 "-" "Mozilla/5.0 (compatible; bingbot/2.0; +http://www.bing.com/bingbot.htm)" "ysfine.com"
20.53.92.211 - - [12/Sep/2022:00:31:10 -0700] "GET /world/russ/roskei11.jpg HTTP/1.1" 200 131848 "-" "DuckDuckBot/1.1; (+http://duckduckgo.com/duckduckbot.html)" "www.ysfine.com"
123.125.109.142 - - [12/Sep/2022:00:32:13 -0700] "GET / HTTP/1.1" 200 5283 "-" "Sogou web spider/4.0(+http://www.sogou.com/docs/help/webmasters.htm#07)" "ysfine.com"
40.77.167.33 - - [12/Sep/2022:00:33:01 -0700] "GET /philo/marx09.jpg HTTP/1.1" 200 123146 "-" "Mozilla/5.0 (compatible; bingbot/2.0; +http://www.bing.com/bingbot.htm)" "www.ysfine.com"
40.77.167.35 - - [12/Sep/2022:00:33:13 -0700] "GET /dongio/aline/pakis33.jpg HTTP/1.1" 404 88 "-" "Mozilla/5.0 (compatible; bingbot/2.0; +http://www.bing.com/bingbot.htm)" "ysfine.com"
185.191.171.25 - - [12/Sep/2022:00:33:42 -0700] "GET /maga/galileo.html HTTP/1.1" 200 4725 "-" "Mozilla/5.0 (compatible; SemrushBot/7~bl; +http://www.semrush.com/bot.html)" "ysfine.com"
51.222.253.1 - - [12/Sep/2022:00:33:43 -0700] "GET /class54/class5470/total_data/sub_832.htm HTTP/1.1" 200 3561 "-" "Mozilla/5.0 (compatible; AhrefsBot/7.0; +http://ahrefs.com/robot/)" "www.ysfine.com"
51.222.253.6 - - [12/Sep/2022:00:33:44 -0700] "GET /class54/class5470/total_data/photo_img/8-32.jpg HTTP/1.1" 200 245022 "-" "Mozilla/5.0 (compatible; AhrefsBot/7.0; +http://ahrefs.com/robot/)" "www.ysfine.com"
40.77.167.35 - - [12/Sep/2022:00:35:03 -0700] "GET /newyork/rocke06.jpg HTTP/1.1" 200 221571 "-" "Mozilla/5.0 (compatible; bingbot/2.0; +http://www.bing.com/bingbot.htm)" "ysfine.com"
185.191.171.7 - - [12/Sep/2022:00:35:13 -0700] "GET /robots.txt HTTP/1.1" 404 88 "-" "Mozilla/5.0 (compatible; SemrushBot/7~bl; +http://www.semrush.com/bot.html)" "www.ysfine.com"
185.191.171.42 - - [12/Sep/2022:00:35:13 -0700] "GET /class54/class5470/total_data/sub_616.htm HTTP/1.1" 200 3196 "-" "Mozilla/5.0 (compatible; SemrushBot/7~bl; +http://www.semrush.com/bot.html)" "www.ysfine.com"
185.191.171.15 - - [12/Sep/2022:00:35:26 -0700] "GET /class54/class5470/total_data/sub_331.htm HTTP/1.1" 200 3319 "-" "Mozilla/5.0 (compatible; SemrushBot/7~bl; +http://www.semrush.com/bot.html)" "www.ysfine.com"
160.32.203.149 - - [12/Sep/2022:00:36:06 -0700] "GET /wigner/neum/vnc07.jpg HTTP/1.1" 200 95908 "https://www.google.com/" "Mozilla/5.0 (Linux; Android 10; Pixel XL) AppleWebKit/537.36 (KHTML, like Gecko) Chrome/105.0.0.0 Mobile Safari/537.36" "ysfine.com"
77.88.5.126 - - [12/Sep/2022:00:36:15 -0700] "GET /robots.txt HTTP/1.1" 404 73 "-" "Mozilla/5.0 (compatible; YandexBot/3.0; +http://yandex.com/bots)" "www.ysfine.com"
93.158.161.30 - - [12/Sep/2022:00:36:19 -0700] "GET /wisdom/wk04.html HTTP/1.1" 200 71581 "-" "Mozilla/5.0 (compatible; YandexBot/3.0; +http://yandex.com/bots)" "www.ysfine.com"
51.222.253.14 - - [12/Sep/2022:00:36:40 -0700] "GET /class54/class5470/total_data/sub_802.htm HTTP/1.1" 200 3565 "-" "Mozilla/5.0 (compatible; AhrefsBot/7.0; +http://ahrefs.com/robot/)" "www.ysfine.com"
40.77.167.35 - - [12/Sep/2022:00:36:45 -0700] "GET /world/andal.html HTTP/1.1" 200 10099 "-" "Mozilla/5.0 (compatible; bingbot/2.0; +http://www.bing.com/bingbot.htm)" "ysfine.com"
40.77.167.35 - - [12/Sep/2022:00:36:45 -0700] "GET /philo/marx.html HTTP/1.1" 200 6465 "-" "Mozilla/5.0 (compatible; bingbot/2.0; +http://www.bing.com/bingbot.htm)" "ysfine.com"
40.77.167.62 - - [12/Sep/2022:00:36:51 -0700] "GET /world/spb.html HTTP/1.1" 200 16118 "-" "Mozilla/5.0 (compatible; bingbot/2.0; +http://www.bing.com/bingbot.htm)" "ysfine.com"
40.77.167.62 - - [12/Sep/2022:00:36:52 -0700] "GET /home/dwf33.html HTTP/1.1" 200 7188 "-" "Mozilla/5.0 (compatible; bingbot/2.0; +http://www.bing.com/bingbot.htm)" "ysfine.com"
40.77.167.62 - - [12/Sep/2022:00:36:52 -0700] "GET /feynman/feygell.html HTTP/1.1" 200 4714 "-" "Mozilla/5.0 (compatible; bingbot/2.0; +http://www.bing.com/bingbot.htm)" "ysfine.com"
40.77.167.33 - - [12/Sep/2022:00:36:54 -0700] "GET /style/restau.html HTTP/1.1" 200 2149 "-" "Mozilla/5.0 (compatible; bingbot/2.0; +http://www.bing.com/bingbot.htm)" "ysfine.com"
40.77.167.27 - - [12/Sep/2022:00:36:59 -0700] "GET /world/trier.html HTTP/1.1" 200 6488 "-" "Mozilla/5.0 (compatible; bingbot/2.0; +http://www.bing.com/bingbot.htm)" "ysfine.com"
173.73.80.118 - - [12/Sep/2022:00:37:03 -0700] "GET /wdc/vernon.html HTTP/1.1" 200 1516 "https://ysfine.com/home/bio66.html" "Mozilla/5.0 (Windows NT 10.0; Win64; x64; rv:104.0) Gecko/20100101 Firefox/104.0" "ysfine.com"
173.73.80.118 - - [12/Sep/2022:00:37:03 -0700] "GET /wdc/vernon02b.jpg HTTP/1.1" 200 36607 "https://ysfine.com/wdc/vernon.html" "Mozilla/5.0 (Windows NT 10.0; Win64; x64; rv:104.0) Gecko/20100101 Firefox/104.0" "ysfine.com"
173.73.80.118 - - [12/Sep/2022:00:37:03 -0700] "GET /wdc/rossboro2.jpg HTTP/1.1" 200 63136 "https://ysfine.com/wdc/vernon.html" "Mozilla/5.0 (Windows NT 10.0; Win64; x64; rv:104.0) Gecko/20100101 Firefox/104.0" "ysfine.com"
173.73.80.118 - - [12/Sep/2022:00:37:03 -0700] "GET /wdc/vernon03b.jpg HTTP/1.1" 200 55664 "https://ysfine.com/wdc/vernon.html" "Mozilla/5.0 (Windows NT 10.0; Win64; x64; rv:104.0) Gecko/20100101 Firefox/104.0" "ysfine.com"
173.73.80.118 - - [12/Sep/2022:00:37:03 -0700] "GET /wdc/vernon05b.jpg HTTP/1.1" 200 47151 "https://ysfine.com/wdc/vernon.html" "Mozilla/5.0 (Windows NT 10.0; Win64; x64; rv:104.0) Gecko/20100101 Firefox/104.0" "ysfine.com"
173.73.80.118 - - [12/Sep/2022:00:37:03 -0700] "GET /wdc/vernon04b.jpg HTTP/1.1" 200 44297 "https://ysfine.com/wdc/vernon.html" "Mozilla/5.0 (Windows NT 10.0; Win64; x64; rv:104.0) Gecko/20100101 Firefox/104.0" "ysfine.com"
40.77.167.35 - - [12/Sep/2022:00:37:44 -0700] "GET /class54/tallm06b.jpg HTTP/1.1" 200 55344 "-" "Mozilla/5.0 (compatible; bingbot/2.0; +http://www.bing.com/bingbot.htm)" "www.ysfine.com"
185.191.171.25 - - [12/Sep/2022:00:38:22 -0700] "GET /class54/class5470/total_data/sub_522.htm HTTP/1.1" 200 3212 "-" "Mozilla/5.0 (compatible; SemrushBot/7~bl; +http://www.semrush.com/bot.html)" "www.ysfine.com"
40.77.167.33 - - [12/Sep/2022:00:38:42 -0700] "GET /sbk/2004nyc33.jpg HTTP/1.1" 200 316055 "-" "Mozilla/5.0 (compatible; bingbot/2.0; +http://www.bing.com/bingbot.htm)" "ysfine.com"
51.222.253.4 - - [12/Sep/2022:00:39:53 -0700] "GET /class54/class5470/total_data/sub_817.htm HTTP/1.1" 200 3558 "-" "Mozilla/5.0 (compatible; AhrefsBot/7.0; +http://ahrefs.com/robot/)" "www.ysfine.com"
49.7.21.113 - - [12/Sep/2022:00:40:14 -0700] "GET / HTTP/1.1" 200 5283 "-" "Sogou web spider/4.0(+http://www.sogou.com/docs/help/webmasters.htm#07)" "www.ysfine.com"
35.210.7.60 - - [12/Sep/2022:00:40:36 -0700] "GET /robots.txt HTTP/1.1" 404 88 "http://ysfine.com/robots.txt" "Go-http-client/1.1" "ysfine.com"
35.210.7.60 - - [12/Sep/2022:00:40:38 -0700] "GET /confer/popular.html HTTP/1.1" 200 2351 "http://ysfine.com/confer/popular.html" "Mozilla/5.0 (compatible; VelenPublicWebCrawler/1.0; +https://velen.io)" "ysfine.com"
51.222.253.12 - - [12/Sep/2022:00:42:36 -0700] "GET /class54/class5470/total_data/sub_813.htm HTTP/1.1" 200 3566 "-" "Mozilla/5.0 (compatible; AhrefsBot/7.0; +http://ahrefs.com/robot/)" "www.ysfine.com"
51.222.253.12 - - [12/Sep/2022:00:42:40 -0700] "GET /class54/class5470/total_data/photo_img/8-13.jpg HTTP/1.1" 200 208724 "-" "Mozilla/5.0 (compatible; AhrefsBot/7.0; +http://ahrefs.com/robot/)" "www.ysfine.com"
40.77.167.33 - - [12/Sep/2022:00:43:23 -0700] "GET /yspapers/png86.pdf HTTP/1.1" 200 377456 "-" "Mozilla/5.0 (compatible; bingbot/2.0; +http://www.bing.com/bingbot.htm)" "www.ysfine.com"
173.73.80.118 - - [12/Sep/2022:00:44:48 -0700] "GET /wda.annapolis.html HTTP/1.1" 404 88 "-" "Mozilla/5.0 (Windows NT 10.0; Win64; x64; rv:104.0) Gecko/20100101 Firefox/104.0" "ysfine.com"
40.77.167.35 - - [12/Sep/2022:00:44:56 -0700] "GET /einstein/einwife66b.jpg HTTP/1.1" 200 29967 "-" "Mozilla/5.0 (compatible; bingbot/2.0; +http://www.bing.com/bingbot.htm)" "ysfine.com"
114.119.128.14 - - [12/Sep/2022:00:44:57 -0700] "GET /class54/class5470/total_data/sub_877.htm HTTP/1.1" 200 3510 "https://ysfine.com/class54/class5470/total_data/sub_865.htm" "Mozilla/5.0 (Linux; Android 7.0;) AppleWebKit/537.36 (KHTML, like Gecko) Mobile Safari/537.36 (compatible; PetalBot;+https://webmaster.petalsearch.com/site/petalbot)" "ysfine.com"
40.77.167.35 - - [12/Sep/2022:00:44:58 -0700] "GET /style/flamen3.jpg HTTP/1.1" 200 70160 "-" "Mozilla/5.0 AppleWebKit/537.36 (KHTML, like Gecko; compatible; bingbot/2.0; +http://www.bing.com/bingbot.htm) Chrome/103.0.5060.134 Safari/537.36" "ysfine.com"
173.73.80.118 - - [12/Sep/2022:00:45:15 -0700] "GET /wdc/nnapolis.html HTTP/1.1" 404 88 "-" "Mozilla/5.0 (Windows NT 10.0; Win64; x64; rv:104.0) Gecko/20100101 Firefox/104.0" "ysfine.com"
173.73.80.118 - - [12/Sep/2022:00:45:28 -0700] "GET /wdc/annapolis.html HTTP/1.1" 200 3137 "-" "Mozilla/5.0 (Windows NT 10.0; Win64; x64; rv:104.0) Gecko/20100101 Firefox/104.0" "ysfine.com"
173.73.80.118 - - [12/Sep/2022:00:45:28 -0700] "GET /wdc/usna01b.jpg HTTP/1.1" 200 51869 "https://ysfine.com/wdc/annapolis.html" "Mozilla/5.0 (Windows NT 10.0; Win64; x64; rv:104.0) Gecko/20100101 Firefox/104.0" "ysfine.com"
173.73.80.118 - - [12/Sep/2022:00:45:28 -0700] "GET /wdc/nato11b.jpg HTTP/1.1" 200 41360 "https://ysfine.com/wdc/annapolis.html" "Mozilla/5.0 (Windows NT 10.0; Win64; x64; rv:104.0) Gecko/20100101 Firefox/104.0" "ysfine.com"
173.73.80.118 - - [12/Sep/2022:00:45:28 -0700] "GET /wdc/usna17b.jpg HTTP/1.1" 200 44847 "https://ysfine.com/wdc/annapolis.html" "Mozilla/5.0 (Windows NT 10.0; Win64; x64; rv:104.0) Gecko/20100101 Firefox/104.0" "ysfine.com"
173.73.80.118 - - [12/Sep/2022:00:45:28 -0700] "GET /people/jweber2.jpg HTTP/1.1" 200 36994 "https://ysfine.com/wdc/annapolis.html" "Mozilla/5.0 (Windows NT 10.0; Win64; x64; rv:104.0) Gecko/20100101 Firefox/104.0" "ysfine.com"
173.73.80.118 - - [12/Sep/2022:00:45:28 -0700] "GET /einstein/michelson11b.jpg HTTP/1.1" 200 35505 "https://ysfine.com/wdc/annapolis.html" "Mozilla/5.0 (Windows NT 10.0; Win64; x64; rv:104.0) Gecko/20100101 Firefox/104.0" "ysfine.com"
173.73.80.118 - - [12/Sep/2022:00:45:28 -0700] "GET /wdc/usna14b.jpg HTTP/1.1" 200 37900 "https://ysfine.com/wdc/annapolis.html" "Mozilla/5.0 (Windows NT 10.0; Win64; x64; rv:104.0) Gecko/20100101 Firefox/104.0" "ysfine.com"
173.73.80.118 - - [12/Sep/2022:00:45:39 -0700] "GET /wdc/nato11.jpg HTTP/1.1" 200 88461 "https://ysfine.com/wdc/annapolis.html" "Mozilla/5.0 (Windows NT 10.0; Win64; x64; rv:104.0) Gecko/20100101 Firefox/104.0" "ysfine.com"
173.73.80.118 - - [12/Sep/2022:00:45:53 -0700] "GET /wdc/anna08.jpg HTTP/1.1" 200 96131 "https://ysfine.com/wdc/annapolis.html" "Mozilla/5.0 (Windows NT 10.0; Win64; x64; rv:104.0) Gecko/20100101 Firefox/104.0" "ysfine.com"
173.73.80.118 - - [12/Sep/2022:00:46:00 -0700] "GET /wdc/anna09.jpg HTTP/1.1" 200 103182 "https://ysfine.com/wdc/annapolis.html" "Mozilla/5.0 (Windows NT 10.0; Win64; x64; rv:104.0) Gecko/20100101 Firefox/104.0" "ysfine.com"
51.222.253.8 - - [12/Sep/2022:00:46:04 -0700] "GET /class54/class5470/total_data/sub_821.htm HTTP/1.1" 200 3558 "-" "Mozilla/5.0 (compatible; AhrefsBot/7.0; +http://ahrefs.com/robot/)" "www.ysfine.com"
173.73.80.118 - - [12/Sep/2022:00:46:04 -0700] "GET /wdc/anna07.jpg HTTP/1.1" 200 95015 "https://ysfine.com/wdc/annapolis.html" "Mozilla/5.0 (Windows NT 10.0; Win64; x64; rv:104.0) Gecko/20100101 Firefox/104.0" "ysfine.com"
173.73.80.118 - - [12/Sep/2022:00:46:09 -0700] "GET /wdc/usna22.jpg HTTP/1.1" 200 55703 "https://ysfine.com/wdc/annapolis.html" "Mozilla/5.0 (Windows NT 10.0; Win64; x64; rv:104.0) Gecko/20100101 Firefox/104.0" "ysfine.com"
154.54.249.206 - - [12/Sep/2022:00:46:16 -0700] "GET /class54/class5470/total_data/sub_349.htm HTTP/1.1" 304 - "-" "Mozilla/5.0 (compatible; Barkrowler/0.9; +https://babbar.tech/crawler)" "www.ysfine.com"
173.73.80.118 - - [12/Sep/2022:00:46:16 -0700] "GET /wdc/usna15.jpg HTTP/1.1" 200 83669 "https://ysfine.com/wdc/annapolis.html" "Mozilla/5.0 (Windows NT 10.0; Win64; x64; rv:104.0) Gecko/20100101 Firefox/104.0" "ysfine.com"
173.73.80.118 - - [12/Sep/2022:00:46:21 -0700] "GET /wdc/usna23.jpg HTTP/1.1" 200 72932 "https://ysfine.com/wdc/annapolis.html" "Mozilla/5.0 (Windows NT 10.0; Win64; x64; rv:104.0) Gecko/20100101 Firefox/104.0" "ysfine.com"
104.144.248.94 - - [12/Sep/2022:00:46:26 -0700] "HEAD /wigner/neum/pvn03.jpg HTTP/1.1" 200 - "http://www.ysfine.com/wigner/neum/pvn03.jpg" "Go-http-client/1.1" "www.ysfine.com"
104.144.248.94 - - [12/Sep/2022:00:46:27 -0700] "GET /wigner/neum/pvn03.jpg HTTP/1.1" 200 83757 "http://www.ysfine.com/wigner/neum/pvn03.jpg" "Go-http-client/1.1" "www.ysfine.com"
173.73.80.118 - - [12/Sep/2022:00:46:27 -0700] "GET /wdc/usna20.jpg HTTP/1.1" 200 85099 "https://ysfine.com/wdc/annapolis.html" "Mozilla/5.0 (Windows NT 10.0; Win64; x64; rv:104.0) Gecko/20100101 Firefox/104.0" "ysfine.com"
66.249.72.133 - - [12/Sep/2022:00:47:12 -0700] "GET /world/france/stras06.jpg HTTP/1.1" 200 122831 "-" "Googlebot-Image/1.0" "ysfine.com"
40.77.167.27 - - [12/Sep/2022:00:47:45 -0700] "GET /kobak/carbine11b.jpg HTTP/1.1" 200 27588 "-" "Mozilla/5.0 (compatible; bingbot/2.0; +http://www.bing.com/bingbot.htm)" "www.ysfine.com"
51.222.253.20 - - [12/Sep/2022:00:49:15 -0700] "GET /class54/class5470/total_data/sub_822.htm HTTP/1.1" 200 3558 "-" "Mozilla/5.0 (compatible; AhrefsBot/7.0; +http://ahrefs.com/robot/)" "www.ysfine.com"
51.222.253.18 - - [12/Sep/2022:00:49:17 -0700] "GET /robots.txt HTTP/1.1" 404 88 "-" "Mozilla/5.0 (compatible; AhrefsBot/7.0; +http://ahrefs.com/robot/)" "ysfine.com"
51.222.253.17 - - [12/Sep/2022:00:49:18 -0700] "GET /class54/class5470/total_data/photo_img/8-22.jpg HTTP/1.1" 200 185310 "-" "Mozilla/5.0 (compatible; AhrefsBot/7.0; +http://ahrefs.com/robot/)" "www.ysfine.com"
154.54.249.206 - - [12/Sep/2022:00:49:33 -0700] "GET /dirac/diracsq.html HTTP/1.1" 304 - "-" "Mozilla/5.0 (compatible; Barkrowler/0.9; +https://babbar.tech/crawler)" "ysfine.com"
185.191.171.12 - - [12/Sep/2022:00:50:32 -0700] "GET /class54/class5470/total_data/sub_329.htm HTTP/1.1" 200 3319 "-" "Mozilla/5.0 (compatible; SemrushBot/7~bl; +http://www.semrush.com/bot.html)" "www.ysfine.com"
158.140.180.99 - - [12/Sep/2022:00:50:59 -0700] "GET /einstein/einusa.html HTTP/1.1" 200 8153 "-" "Mozilla/5.0 (Windows NT 10.0; WOW64) AppleWebKit/537.36 (KHTML, like Gecko) Chrome/105.0.0.0 Safari/537.36" "ysfine.com"
34.226.123.26 - - [12/Sep/2022:00:51:11 -0700] "GET / HTTP/1.1" 200 15910 "-" "Mozilla/5.0 (Windows NT 6.1; Win64; x64) AppleWebKit/537.36 (KHTML, like Gecko) Chrome/72.0.3626.109 Safari/537.36" "ysfine.com"
217.181.23.113 - - [12/Sep/2022:00:51:25 -0700] "GET /kowar/tanks/m24.jpg HTTP/1.1" 200 86947 "https://www.google.com/" "Mozilla/5.0 (Windows NT 10.0; Win64; x64) AppleWebKit/537.36 (KHTML, like Gecko) Chrome/105.0.0.0 Safari/537.36" "ysfine.com"
51.222.253.9 - - [12/Sep/2022:00:52:05 -0700] "GET /class54/class5470/total_data/sub_807.htm HTTP/1.1" 200 3558 "-" "Mozilla/5.0 (compatible; AhrefsBot/7.0; +http://ahrefs.com/robot/)" "www.ysfine.com"
220.181.108.101 - - [12/Sep/2022:00:54:23 -0700] "GET /dirac/dirheisen.html HTTP/1.1" 304 - "-" "Mozilla/5.0 (compatible; Baiduspider/2.0; +http://www.baidu.com/search/spider.html)" "www.ysfine.com"
114.119.128.142 - - [12/Sep/2022:00:54:43 -0700] "GET /wdc/nga06.jpg HTTP/1.1" 200 85089 "https://ysfine.com/wdc/wasdc.html" "Mozilla/5.0 (Linux; Android 7.0;) AppleWebKit/537.36 (KHTML, like Gecko) Mobile Safari/537.36 (compatible; PetalBot;+https://webmaster.petalsearch.com/site/petalbot)" "ysfine.com"
101.117.105.119 - - [12/Sep/2022:00:54:49 -0700] "GET /kowar/panmun04.jpg HTTP/1.1" 200 126386 "https://www.google.com/" "Mozilla/5.0 (Windows NT 10.0; Win64; x64) AppleWebKit/537.36 (KHTML, like Gecko) Chrome/105.0.0.0 Safari/537.36" "ysfine.com"
40.77.167.27 - - [12/Sep/2022:00:54:56 -0700] "GET /world/baltic/tallin15.jpg HTTP/1.1" 200 186344 "-" "Mozilla/5.0 (compatible; bingbot/2.0; +http://www.bing.com/bingbot.htm)" "www.ysfine.com"
51.222.253.16 - - [12/Sep/2022:00:55:21 -0700] "GET /index.html HTTP/1.1" 200 5283 "-" "Mozilla/5.0 (compatible; AhrefsBot/7.0; +http://ahrefs.com/robot/)" "ysfine.com"
104.32.177.70 - - [12/Sep/2022:00:57:15 -0700] "GET /world/france/stras10.jpg HTTP/1.1" 200 105338 "https://www.google.com/" "Mozilla/5.0 (Macintosh; Intel Mac OS X 10_15_7) AppleWebKit/537.36 (KHTML, like Gecko) Chrome/103.0.0.0 Safari/537.36" "ysfine.com"
185.191.171.21 - - [12/Sep/2022:00:57:59 -0700] "GET /kobak/namdae.html HTTP/1.1" 200 5295 "-" "Mozilla/5.0 (compatible; SemrushBot/7~bl; +http://www.semrush.com/bot.html)" "www.ysfine.com"
51.222.253.6 - - [12/Sep/2022:00:58:17 -0700] "GET /class54/class5470/total_data/sub_810.htm HTTP/1.1" 200 3558 "-" "Mozilla/5.0 (compatible; AhrefsBot/7.0; +http://ahrefs.com/robot/)" "www.ysfine.com"
219.78.211.76 - - [12/Sep/2022:01:00:28 -0700] "GET /style/cameras/contax.html HTTP/1.1" 200 3773 "https://www.google.com/" "Mozilla/5.0 (Linux; Android 10; SM-T590) AppleWebKit/537.36 (KHTML, like Gecko) Chrome/105.0.0.0 Safari/537.36" "ysfine.com"
219.78.211.76 - - [12/Sep/2022:01:00:28 -0700] "GET /style/cameras/contax22c.jpg HTTP/1.1" 200 29041 "https://ysfine.com/style/cameras/contax.html" "Mozilla/5.0 (Linux; Android 10; SM-T590) AppleWebKit/537.36 (KHTML, like Gecko) Chrome/105.0.0.0 Safari/537.36" "ysfine.com"
219.78.211.76 - - [12/Sep/2022:01:00:29 -0700] "GET /style/cameras/contax11c.jpg HTTP/1.1" 200 28745 "https://ysfine.com/style/cameras/contax.html" "Mozilla/5.0 (Linux; Android 10; SM-T590) AppleWebKit/537.36 (KHTML, like Gecko) Chrome/105.0.0.0 Safari/537.36" "ysfine.com"
219.78.211.76 - - [12/Sep/2022:01:00:29 -0700] "GET /style/cameras/zenit33c.jpg HTTP/1.1" 200 31294 "https://ysfine.com/style/cameras/contax.html" "Mozilla/5.0 (Linux; Android 10; SM-T590) AppleWebKit/537.36 (KHTML, like Gecko) Chrome/105.0.0.0 Safari/537.36" "ysfine.com"
219.78.211.76 - - [12/Sep/2022:01:00:29 -0700] "GET /style/cameras/sony7c.jpg HTTP/1.1" 200 37298 "https://ysfine.com/style/cameras/contax.html" "Mozilla/5.0 (Linux; Android 10; SM-T590) AppleWebKit/537.36 (KHTML, like Gecko) Chrome/105.0.0.0 Safari/537.36" "ysfine.com"
219.78.211.76 - - [12/Sep/2022:01:00:29 -0700] "GET /style/cameras/sony120c.jpg HTTP/1.1" 200 38427 "https://ysfine.com/style/cameras/contax.html" "Mozilla/5.0 (Linux; Android 10; SM-T590) AppleWebKit/537.36 (KHTML, like Gecko) Chrome/105.0.0.0 Safari/537.36" "ysfine.com"
219.78.211.76 - - [12/Sep/2022:01:00:29 -0700] "GET /style/cameras/sonywx9c.jpg HTTP/1.1" 200 28053 "https://ysfine.com/style/cameras/contax.html" "Mozilla/5.0 (Linux; Android 10; SM-T590) AppleWebKit/537.36 (KHTML, like Gecko) Chrome/105.0.0.0 Safari/537.36" "ysfine.com"
219.78.211.76 - - [12/Sep/2022:01:00:29 -0700] "GET /style/cameras/yashica11c.jpg HTTP/1.1" 200 38348 "https://ysfine.com/style/cameras/contax.html" "Mozilla/5.0 (Linux; Android 10; SM-T590) AppleWebKit/537.36 (KHTML, like Gecko) Chrome/105.0.0.0 Safari/537.36" "ysfine.com"
219.78.211.76 - - [12/Sep/2022:01:00:30 -0700] "GET /style/cameras/minolta11c.jpg HTTP/1.1" 200 25687 "https://ysfine.com/style/cameras/contax.html" "Mozilla/5.0 (Linux; Android 10; SM-T590) AppleWebKit/537.36 (KHTML, like Gecko) Chrome/105.0.0.0 Safari/537.36" "ysfine.com"
219.78.211.76 - - [12/Sep/2022:01:00:31 -0700] "GET /favicon.ico HTTP/1.1" 404 88 "https://ysfine.com/style/cameras/contax.html" "Mozilla/5.0 (Linux; Android 10; SM-T590) AppleWebKit/537.36 (KHTML, like Gecko) Chrome/105.0.0.0 Safari/537.36" "ysfine.com"
157.55.39.146 - - [12/Sep/2022:01:00:43 -0700] "GET /world/france/metz17.jpg HTTP/1.1" 200 112114 "-" "Mozilla/5.0 (compatible; bingbot/2.0; +http://www.bing.com/bingbot.htm)" "ysfine.com"
40.77.167.33 - - [12/Sep/2022:01:00:47 -0700] "GET /world/france/sartsq23.jpg HTTP/1.1" 200 64721 "-" "Mozilla/5.0 (compatible; bingbot/2.0; +http://www.bing.com/bingbot.htm)" "ysfine.com"
40.77.167.35 - - [12/Sep/2022:01:01:18 -0700] "GET /usca/pitt/fortpitt03.jpg HTTP/1.1" 200 83489 "-" "Mozilla/5.0 (compatible; bingbot/2.0; +http://www.bing.com/bingbot.htm)" "ysfine.com"
51.222.253.4 - - [12/Sep/2022:01:01:26 -0700] "GET /class54/class5470/total_data/sub_814.htm HTTP/1.1" 200 3574 "-" "Mozilla/5.0 (compatible; AhrefsBot/7.0; +http://ahrefs.com/robot/)" "www.ysfine.com"
40.77.167.62 - - [12/Sep/2022:01:01:26 -0700] "GET /dongio/english44.jpg HTTP/1.1" 404 88 "-" "Mozilla/5.0 (compatible; bingbot/2.0; +http://www.bing.com/bingbot.htm)" "ysfine.com"
51.222.253.8 - - [12/Sep/2022:01:01:31 -0700] "GET /class54/class5470/total_data/photo_img/8-14.jpg HTTP/1.1" 200 231719 "-" "Mozilla/5.0 (compatible; AhrefsBot/7.0; +http://ahrefs.com/robot/)" "www.ysfine.com"
176.12.211.215 - - [12/Sep/2022:01:02:03 -0700] "GET /einstein/einplanck3.jpg HTTP/1.1" 200 37784 "https://www.google.com/" "Mozilla/5.0 (Windows NT 10.0; Win64; x64) AppleWebKit/537.36 (KHTML, like Gecko) Chrome/104.0.0.0 Safari/537.36" "ysfine.com"
40.77.167.35 - - [12/Sep/2022:01:02:07 -0700] "GET /kowar/77reg03b.jpg HTTP/1.1" 200 44793 "-" "Mozilla/5.0 (compatible; bingbot/2.0; +http://www.bing.com/bingbot.htm)" "ysfine.com"
219.78.211.76 - - [12/Sep/2022:01:02:27 -0700] "GET /world/nice.html HTTP/1.1" 200 7230 "https://ysfine.com/style/cameras/contax.html" "Mozilla/5.0 (Linux; Android 10; SM-T590) AppleWebKit/537.36 (KHTML, like Gecko) Chrome/105.0.0.0 Safari/537.36" "ysfine.com"
219.78.211.76 - - [12/Sep/2022:01:02:27 -0700] "GET /style/picass55b.jpg HTTP/1.1" 200 45890 "https://ysfine.com/world/nice.html" "Mozilla/5.0 (Linux; Android 10; SM-T590) AppleWebKit/537.36 (KHTML, like Gecko) Chrome/105.0.0.0 Safari/537.36" "ysfine.com"
219.78.211.76 - - [12/Sep/2022:01:02:28 -0700] "GET /world/france/nice100b.jpg HTTP/1.1" 200 36064 "https://ysfine.com/world/nice.html" "Mozilla/5.0 (Linux; Android 10; SM-T590) AppleWebKit/537.36 (KHTML, like Gecko) Chrome/105.0.0.0 Safari/537.36" "ysfine.com"
219.78.211.76 - - [12/Sep/2022:01:02:28 -0700] "GET /world/france/nice104b.jpg HTTP/1.1" 200 39947 "https://ysfine.com/world/nice.html" "Mozilla/5.0 (Linux; Android 10; SM-T590) AppleWebKit/537.36 (KHTML, like Gecko) Chrome/105.0.0.0 Safari/537.36" "ysfine.com"
219.78.211.76 - - [12/Sep/2022:01:02:28 -0700] "GET /world/france/nice102b.jpg HTTP/1.1" 200 25946 "https://ysfine.com/world/nice.html" "Mozilla/5.0 (Linux; Android 10; SM-T590) AppleWebKit/537.36 (KHTML, like Gecko) Chrome/105.0.0.0 Safari/537.36" "ysfine.com"
219.78.211.76 - - [12/Sep/2022:01:02:28 -0700] "GET /kobak/sorae/kumipo01b.jpg HTTP/1.1" 200 30861 "https://ysfine.com/world/nice.html" "Mozilla/5.0 (Linux; Android 10; SM-T590) AppleWebKit/537.36 (KHTML, like Gecko) Chrome/105.0.0.0 Safari/537.36" "ysfine.com"
219.78.211.76 - - [12/Sep/2022:01:02:28 -0700] "GET /world/france/chagall30b.jpg HTTP/1.1" 200 51086 "https://ysfine.com/world/nice.html" "Mozilla/5.0 (Linux; Android 10; SM-T590) AppleWebKit/537.36 (KHTML, like Gecko) Chrome/105.0.0.0 Safari/537.36" "ysfine.com"
219.78.211.76 - - [12/Sep/2022:01:02:29 -0700] "GET /world/france/chagall29b.jpg HTTP/1.1" 200 47051 "https://ysfine.com/world/nice.html" "Mozilla/5.0 (Linux; Android 10; SM-T590) AppleWebKit/537.36 (KHTML, like Gecko) Chrome/105.0.0.0 Safari/537.36" "ysfine.com"
219.78.211.76 - - [12/Sep/2022:01:02:29 -0700] "GET /world/france/chagall02b.jpg HTTP/1.1" 200 38394 "https://ysfine.com/world/nice.html" "Mozilla/5.0 (Linux; Android 10; SM-T590) AppleWebKit/537.36 (KHTML, like Gecko) Chrome/105.0.0.0 Safari/537.36" "ysfine.com"
219.78.211.76 - - [12/Sep/2022:01:02:29 -0700] "GET /world/france/matisse11b.jpg HTTP/1.1" 200 34588 "https://ysfine.com/world/nice.html" "Mozilla/5.0 (Linux; Android 10; SM-T590) AppleWebKit/537.36 (KHTML, like Gecko) Chrome/105.0.0.0 Safari/537.36" "ysfine.com"
219.78.211.76 - - [12/Sep/2022:01:02:29 -0700] "GET /world/france/matisse05b.jpg HTTP/1.1" 200 29140 "https://ysfine.com/world/nice.html" "Mozilla/5.0 (Linux; Android 10; SM-T590) AppleWebKit/537.36 (KHTML, like Gecko) Chrome/105.0.0.0 Safari/537.36" "ysfine.com"
219.78.211.76 - - [12/Sep/2022:01:02:29 -0700] "GET /world/france/antibes01.jpg HTTP/1.1" 200 29957 "https://ysfine.com/world/nice.html" "Mozilla/5.0 (Linux; Android 10; SM-T590) AppleWebKit/537.36 (KHTML, like Gecko) Chrome/105.0.0.0 Safari/537.36" "ysfine.com"
219.78.211.76 - - [12/Sep/2022:01:02:29 -0700] "GET /world/russ/czar08b.jpg HTTP/1.1" 200 51147 "https://ysfine.com/world/nice.html" "Mozilla/5.0 (Linux; Android 10; SM-T590) AppleWebKit/537.36 (KHTML, like Gecko) Chrome/105.0.0.0 Safari/537.36" "ysfine.com"
219.78.211.76 - - [12/Sep/2022:01:02:29 -0700] "GET /world/france/nice302b.jpg HTTP/1.1" 200 52446 "https://ysfine.com/world/nice.html" "Mozilla/5.0 (Linux; Android 10; SM-T590) AppleWebKit/537.36 (KHTML, like Gecko) Chrome/105.0.0.0 Safari/537.36" "ysfine.com"
219.78.211.76 - - [12/Sep/2022:01:02:29 -0700] "GET /world/france/nice306b.jpg HTTP/1.1" 200 52233 "https://ysfine.com/world/nice.html" "Mozilla/5.0 (Linux; Android 10; SM-T590) AppleWebKit/537.36 (KHTML, like Gecko) Chrome/105.0.0.0 Safari/537.36" "ysfine.com"
219.78.211.76 - - [12/Sep/2022:01:02:29 -0700] "GET /ffriends/omsk22b.jpg HTTP/1.1" 200 53762 "https://ysfine.com/world/nice.html" "Mozilla/5.0 (Linux; Android 10; SM-T590) AppleWebKit/537.36 (KHTML, like Gecko) Chrome/105.0.0.0 Safari/537.36" "ysfine.com"
219.78.211.76 - - [12/Sep/2022:01:02:30 -0700] "GET /ffriends/bari2.jpg HTTP/1.1" 200 42780 "https://ysfine.com/world/nice.html" "Mozilla/5.0 (Linux; Android 10; SM-T590) AppleWebKit/537.36 (KHTML, like Gecko) Chrome/105.0.0.0 Safari/537.36" "ysfine.com"
219.78.211.76 - - [12/Sep/2022:01:02:30 -0700] "GET /style/nice99b.jpg HTTP/1.1" 200 51376 "https://ysfine.com/world/nice.html" "Mozilla/5.0 (Linux; Android 10; SM-T590) AppleWebKit/537.36 (KHTML, like Gecko) Chrome/105.0.0.0 Safari/537.36" "ysfine.com"
219.78.211.76 - - [12/Sep/2022:01:02:30 -0700] "GET /sbk/2006stpaul11b.jpg HTTP/1.1" 200 52339 "https://ysfine.com/world/nice.html" "Mozilla/5.0 (Linux; Android 10; SM-T590) AppleWebKit/537.36 (KHTML, like Gecko) Chrome/105.0.0.0 Safari/537.36" "ysfine.com"
219.78.211.76 - - [12/Sep/2022:01:02:30 -0700] "GET /eink/eink61c.jpg HTTP/1.1" 200 34119 "https://ysfine.com/world/nice.html" "Mozilla/5.0 (Linux; Android 10; SM-T590) AppleWebKit/537.36 (KHTML, like Gecko) Chrome/105.0.0.0 Safari/537.36" "ysfine.com"
62.7.117.235 - - [12/Sep/2022:01:03:49 -0700] "GET /princeton/nasshall06.jpg HTTP/1.1" 200 145090 "https://www.google.co.uk/" "Mozilla/5.0 (Macintosh; Intel Mac OS X 10_15_6) AppleWebKit/605.1.15 (KHTML, like Gecko) Version/15.6.1 Safari/605.1.15" "ysfine.com"
40.88.21.235 - - [12/Sep/2022:01:03:57 -0700] "GET / HTTP/1.1" 200 5283 "https://ysfine.com/" "Mozilla/5.0 (compatible; DuckDuckGo-Favicons-Bot/1.0; +http://duckduckgo.com)" "ysfine.com"
40.88.21.235 - - [12/Sep/2022:01:03:57 -0700] "GET /favicon.ico HTTP/1.1" 404 88 "https://ysfine.com/favicon.ico" "Mozilla/5.0 (compatible; DuckDuckGo-Favicons-Bot/1.0; +http://duckduckgo.com)" "ysfine.com"
40.88.21.235 - - [12/Sep/2022:01:03:57 -0700] "GET /favicon.ico HTTP/1.1" 404 88 "https://ysfine.com/favicon.ico" "Mozilla/5.0 (compatible; DuckDuckGo-Favicons-Bot/1.0; +http://duckduckgo.com)" "ysfine.com"
51.222.253.15 - - [12/Sep/2022:01:04:21 -0700] "GET /class54/class5470/total_data/sub_811.htm HTTP/1.1" 200 3558 "-" "Mozilla/5.0 (compatible; AhrefsBot/7.0; +http://ahrefs.com/robot/)" "www.ysfine.com"
40.77.167.33 - - [12/Sep/2022:01:05:25 -0700] "GET /kobak/nll01.jpg HTTP/1.1" 200 53089 "-" "Mozilla/5.0 (compatible; bingbot/2.0; +http://www.bing.com/bingbot.htm)" "ysfine.com"
40.77.167.35 - - [12/Sep/2022:01:05:27 -0700] "GET /kobak/rhee28b.jpg HTTP/1.1" 200 58445 "-" "Mozilla/5.0 (compatible; bingbot/2.0; +http://www.bing.com/bingbot.htm)" "www.ysfine.com"
51.222.253.3 - - [12/Sep/2022:01:06:50 -0700] "GET /class54/class5470/total_data/sub_815.htm HTTP/1.1" 200 3573 "-" "Mozilla/5.0 (compatible; AhrefsBot/7.0; +http://ahrefs.com/robot/)" "www.ysfine.com"
40.77.167.35 - - [12/Sep/2022:01:06:57 -0700] "GET /ffriends/brazny01.jpg HTTP/1.1" 200 137121 "-" "Mozilla/5.0 (compatible; bingbot/2.0; +http://www.bing.com/bingbot.htm)" "ysfine.com"
46.204.40.170 - - [12/Sep/2022:01:07:20 -0700] "GET /feynman/feydirac.jpg HTTP/1.1" 200 98378 "https://www.google.com/" "Mozilla/5.0 (Windows NT 10.0; Win64; x64) AppleWebKit/537.36 (KHTML, like Gecko) Chrome/104.0.0.0 Safari/537.36" "ysfine.com"
40.77.167.62 - - [12/Sep/2022:01:09:28 -0700] "GET /world/ital/padova07.jpg HTTP/1.1" 200 67780 "-" "Mozilla/5.0 (compatible; bingbot/2.0; +http://www.bing.com/bingbot.htm)" "ysfine.com"
51.222.253.14 - - [12/Sep/2022:01:09:44 -0700] "GET /eink/eink35.html HTTP/1.1" 200 4188 "-" "Mozilla/5.0 (compatible; AhrefsBot/7.0; +http://ahrefs.com/robot/)" "ysfine.com"
51.222.253.14 - - [12/Sep/2022:01:09:46 -0700] "GET /wigner/lunch91b.jpg HTTP/1.1" 200 52318 "-" "Mozilla/5.0 (compatible; AhrefsBot/7.0; +http://ahrefs.com/robot/)" "ysfine.com"
51.222.253.12 - - [12/Sep/2022:01:09:47 -0700] "GET /eink/eink10a.jpg HTTP/1.1" 200 92278 "-" "Mozilla/5.0 (compatible; AhrefsBot/7.0; +http://ahrefs.com/robot/)" "ysfine.com"
51.222.253.9 - - [12/Sep/2022:01:09:48 -0700] "GET /wigner/wigheisen11b.jpg HTTP/1.1" 200 28091 "-" "Mozilla/5.0 (compatible; AhrefsBot/7.0; +http://ahrefs.com/robot/)" "ysfine.com"
51.222.253.9 - - [12/Sep/2022:01:09:48 -0700] "GET /wigner/lunch270.jpg HTTP/1.1" 200 40293 "-" "Mozilla/5.0 (compatible; AhrefsBot/7.0; +http://ahrefs.com/robot/)" "ysfine.com"
51.222.253.16 - - [12/Sep/2022:01:09:49 -0700] "GET /wigner/rmp02b.jpg HTTP/1.1" 200 23896 "-" "Mozilla/5.0 (compatible; AhrefsBot/7.0; +http://ahrefs.com/robot/)" "ysfine.com"
51.222.253.10 - - [12/Sep/2022:01:09:50 -0700] "GET /wigner/michwight22b.jpg HTTP/1.1" 200 30611 "-" "Mozilla/5.0 (compatible; AhrefsBot/7.0; +http://ahrefs.com/robot/)" "ysfine.com"
51.222.253.4 - - [12/Sep/2022:01:09:50 -0700] "GET /eink/emcbirth22a.jpg HTTP/1.1" 200 77082 "-" "Mozilla/5.0 (compatible; AhrefsBot/7.0; +http://ahrefs.com/robot/)" "ysfine.com"
51.222.253.4 - - [12/Sep/2022:01:09:50 -0700] "GET /wigner/michwight11b.jpg HTTP/1.1" 200 35474 "-" "Mozilla/5.0 (compatible; AhrefsBot/7.0; +http://ahrefs.com/robot/)" "ysfine.com"
154.54.249.206 - - [12/Sep/2022:01:10:08 -0700] "GET /class54/class5470/total_data/sub_356.htm HTTP/1.1" 304 - "-" "Mozilla/5.0 (compatible; Barkrowler/0.9; +https://babbar.tech/crawler)" "www.ysfine.com"
185.191.171.1 - - [12/Sep/2022:01:11:01 -0700] "GET /ffriends/soldiers.html HTTP/1.1" 200 4685 "-" "Mozilla/5.0 (compatible; SemrushBot/7~bl; +http://www.semrush.com/bot.html)" "www.ysfine.com"
185.191.171.1 - - [12/Sep/2022:01:11:32 -0700] "GET /class54/class5470/total_data/sub_777.htm HTTP/1.1" 200 3289 "-" "Mozilla/5.0 (compatible; SemrushBot/7~bl; +http://www.semrush.com/bot.html)" "www.ysfine.com"
138.246.3.63 - - [12/Sep/2022:01:12:03 -0700] "GET /world/scandi/sto001.jpg HTTP/1.1" 200 111684 "https://www.google.com/" "Mozilla/5.0 (Windows NT 10.0; Win64; x64; rv:104.0) Gecko/20100101 Firefox/104.0" "ysfine.com"
40.77.167.35 - - [12/Sep/2022:01:12:08 -0700] "GET /kowar/paiksy02.jpg HTTP/1.1" 200 127340 "-" "Mozilla/5.0 (compatible; bingbot/2.0; +http://www.bing.com/bingbot.htm)" "www.ysfine.com"
51.222.253.10 - - [12/Sep/2022:01:12:31 -0700] "GET /class54/class5470/total_data/sub_812.htm HTTP/1.1" 200 3558 "-" "Mozilla/5.0 (compatible; AhrefsBot/7.0; +http://ahrefs.com/robot/)" "www.ysfine.com"
40.77.167.62 - - [12/Sep/2022:01:12:49 -0700] "GET /world/germany/berlin181.jpg HTTP/1.1" 200 129562 "-" "Mozilla/5.0 (compatible; bingbot/2.0; +http://www.bing.com/bingbot.htm)" "ysfine.com"
66.249.72.130 - - [12/Sep/2022:01:12:56 -0700] "GET /style/vienopera33.jpg HTTP/1.1" 304 - "-" "Googlebot-Image/1.0" "ysfine.com"
154.54.249.206 - - [12/Sep/2022:01:13:35 -0700] "GET /dirac/dirackn33.html HTTP/1.1" 304 - "-" "Mozilla/5.0 (compatible; Barkrowler/0.9; +https://babbar.tech/crawler)" "ysfine.com"
181.65.25.147 - - [12/Sep/2022:01:14:10 -0700] "GET /kobak/seoul75.jpg HTTP/1.1" 404 88 "https://www.skyscrapercity.com/" "Mozilla/5.0 (Windows NT 10.0; Win64; x64) AppleWebKit/537.36 (KHTML, like Gecko) Chrome/105.0.0.0 Safari/537.36" "ysfine.com"
51.222.253.15 - - [12/Sep/2022:01:15:26 -0700] "GET /usca/pgh22.html HTTP/1.1" 200 11391 "-" "Mozilla/5.0 (compatible; AhrefsBot/7.0; +http://ahrefs.com/robot/)" "www.ysfine.com"
66.249.72.130 - - [12/Sep/2022:01:15:26 -0700] "GET /world/poland/coperni01.jpg HTTP/1.1" 304 - "-" "Googlebot-Image/1.0" "ysfine.com"
185.191.171.2 - - [12/Sep/2022:01:16:19 -0700] "GET /kobak/taylor.html HTTP/1.1" 200 384 "-" "Mozilla/5.0 (compatible; SemrushBot/7~bl; +http://www.semrush.com/bot.html)" "www.ysfine.com"
40.77.167.35 - - [12/Sep/2022:01:17:07 -0700] "GET /world/france/montpar12.jpg HTTP/1.1" 200 224749 "-" "Mozilla/5.0 (compatible; bingbot/2.0; +http://www.bing.com/bingbot.htm)" "ysfine.com"
40.77.167.35 - - [12/Sep/2022:01:17:19 -0700] "GET /ffriends/russzuri03.jpg HTTP/1.1" 200 94837 "-" "Mozilla/5.0 (compatible; bingbot/2.0; +http://www.bing.com/bingbot.htm)" "ysfine.com"
62.7.117.235 - - [12/Sep/2022:01:18:07 -0700] "GET /maga/phys/yukaheisen58.jpg HTTP/1.1" 200 82590 "https://www.google.co.uk/" "Mozilla/5.0 (Macintosh; Intel Mac OS X 10_15_6) AppleWebKit/605.1.15 (KHTML, like Gecko) Version/15.6.1 Safari/605.1.15" "ysfine.com"
51.222.253.17 - - [12/Sep/2022:01:18:18 -0700] "GET /usca/pgh.html HTTP/1.1" 200 13572 "-" "Mozilla/5.0 (compatible; AhrefsBot/7.0; +http://ahrefs.com/robot/)" "ysfine.com"
35.140.168.114 - - [12/Sep/2022:01:19:03 -0700] "GET /maga/phil/marxlon01.jpg HTTP/1.1" 200 263404 "https://www.google.com/" "Mozilla/5.0 (Windows NT 10.0; Win64; x64) AppleWebKit/537.36 (KHTML, like Gecko) Chrome/105.0.0.0 Safari/537.36 Edg/105.0.1343.33" "ysfine.com"
221.140.91.210 - - [12/Sep/2022:01:19:33 -0700] "GET /princeton/brooke11.jpg HTTP/1.1" 200 88020 "https://m.blog.daum.net/ydiana1234/18095662" "Mozilla/5.0 (Linux; Android 10; SM-A205S) AppleWebKit/537.36 (KHTML, like Gecko) Chrome/91.0.4472.101 Mobile Safari/537.36" "ysfine.com"
157.55.39.146 - - [12/Sep/2022:01:19:34 -0700] "GET /world/france/sorbonne27b.jpg HTTP/1.1" 200 34705 "-" "Mozilla/5.0 (compatible; bingbot/2.0; +http://www.bing.com/bingbot.htm)" "ysfine.com"
40.77.167.35 - - [12/Sep/2022:01:19:48 -0700] "GET /wdc/whouse08.jpg HTTP/1.1" 200 56905 "-" "Mozilla/5.0 (compatible; bingbot/2.0; +http://www.bing.com/bingbot.htm)" "www.ysfine.com"
1.64.57.116 - - [12/Sep/2022:01:20:33 -0700] "GET /world/china/shanghai001.jpg HTTP/1.1" 200 99793 "https://hk.images.search.yahoo.com/search/images;_ylt=Awr1Qfkb6x5j7qEcCM6zygt.;_ylu=Y29sbwNzZzMEcG9zAzEEdnRpZAMEc2VjA3BpdnM-?p=british+building+hong+kong&fr2=piv-web&fr=news-search-tn" "Mozilla/5.0 (Windows NT 10.0; Win64; x64) AppleWebKit/537.36 (KHTML, like Gecko) Chrome/105.0.0.0 Safari/537.36" "ysfine.com"
40.77.167.33 - - [12/Sep/2022:01:20:45 -0700] "GET /newyork/wtc11.jpg HTTP/1.1" 200 104125 "-" "Mozilla/5.0 (compatible; bingbot/2.0; +http://www.bing.com/bingbot.htm)" "ysfine.com"
77.75.78.161 - - [12/Sep/2022:01:20:57 -0700] "GET /robots.txt HTTP/1.1" 404 88 "-" "Mozilla/5.0 (compatible; SeznamBot/3.2; +http://napoveda.seznam.cz/en/seznambot-intro/)" "ysfine.com"
185.191.171.40 - - [12/Sep/2022:01:21:08 -0700] "GET /robots.txt HTTP/1.1" 404 88 "-" "Mozilla/5.0 (compatible; SemrushBot/7~bl; +http://www.semrush.com/bot.html)" "ysfine.com"
185.191.171.36 - - [12/Sep/2022:01:21:08 -0700] "GET /class54/emailed06.html HTTP/1.1" 200 28628 "-" "Mozilla/5.0 (compatible; SemrushBot/7~bl; +http://www.semrush.com/bot.html)" "ysfine.com"
51.222.253.4 - - [12/Sep/2022:01:21:19 -0700] "GET /maga/conic.html HTTP/1.1" 200 4049 "-" "Mozilla/5.0 (compatible; AhrefsBot/7.0; +http://ahrefs.com/robot/)" "ysfine.com"
37.115.114.47 - - [12/Sep/2022:01:23:15 -0700] "GET / HTTP/1.1" 200 15910 "https://ysfine.com/" "Mozilla/5.0 (Windows NT 6.1; Win64; x64) AppleWebKit/537.36 (KHTML, like Gecko) Chrome/90.0.4430.93 Safari/537.36" "ysfine.com"
40.77.167.27 - - [12/Sep/2022:01:23:18 -0700] "GET /world/balkan/ath027.jpg HTTP/1.1" 200 215994 "-" "Mozilla/5.0 AppleWebKit/537.36 (KHTML, like Gecko; compatible; bingbot/2.0; +http://www.bing.com/bingbot.htm) Chrome/103.0.5060.134 Safari/537.36" "ysfine.com"
40.77.167.35 - - [12/Sep/2022:01:23:38 -0700] "GET /awards/wsj11.jpg HTTP/1.1" 200 226629 "-" "Mozilla/5.0 (compatible; bingbot/2.0; +http://www.bing.com/bingbot.htm)" "ysfine.com"
51.222.253.20 - - [12/Sep/2022:01:24:58 -0700] "GET /heisen/einheisen.html HTTP/1.1" 200 5142 "-" "Mozilla/5.0 (compatible; AhrefsBot/7.0; +http://ahrefs.com/robot/)" "www.ysfine.com"
34.200.185.125 - - [12/Sep/2022:01:24:59 -0700] "GET /einstein/bern.html HTTP/1.1" 200 8265 "-" "Grammarly/1.0 (http://www.grammarly.com)" "www.ysfine.com"
