51.222.253.7 - - [11/Sep/2022:16:30:11 -0700] "GET /friends/albania99b.jpg HTTP/1.1" 404 88 "-" "Mozilla/5.0 (compatible; AhrefsBot/7.0; +http://ahrefs.com/robot/)" "ysfine.com"
51.222.253.17 - - [11/Sep/2022:16:30:11 -0700] "GET /einstein/eins47b.jpg HTTP/1.1" 200 48772 "-" "Mozilla/5.0 (compatible; AhrefsBot/7.0; +http://ahrefs.com/robot/)" "ysfine.com"
51.222.253.13 - - [11/Sep/2022:16:30:12 -0700] "GET /einstein/weber99b.jpg HTTP/1.1" 200 32652 "-" "Mozilla/5.0 (compatible; AhrefsBot/7.0; +http://ahrefs.com/robot/)" "ysfine.com"
109.75.92.17 - - [11/Sep/2022:16:30:43 -0700] "GET /world/brit/eton11.jpg HTTP/1.1" 200 107084 "https://www.google.com/" "Mozilla/5.0 (Linux; Android 11; SM-T510 Build/RP1A.200720.012; wv) AppleWebKit/537.36 (KHTML, like Gecko) Version/4.0 Chrome/104.0.5112.97 Safari/537.36 GoogleApp/13.34.12.26.arm" "ysfine.com"
40.77.167.35 - - [11/Sep/2022:16:31:58 -0700] "GET /newyork/wtcob02.jpg HTTP/1.1" 200 143374 "-" "Mozilla/5.0 (compatible; bingbot/2.0; +http://www.bing.com/bingbot.htm)" "ysfine.com"
189.201.148.201 - - [11/Sep/2022:16:32:45 -0700] "GET /wigner/neum/vnc01.jpg HTTP/1.1" 200 133641 "https://mx.images.search.yahoo.com/search/images;_ylt=AwrgMNCtbx5jpQ08BYDF8Qt.;_ylu=c2VjA3NlYXJjaARzbGsDYnV0dG9u;_ylc=X1MDMjExNDcxMjAwNQRfcgMyBGFjdG4DY2xrBGNzcmNwdmlkA1NxUlc0ekV5Tnk3ZHYyN2NZaE1xTWdxeE1UZzVMZ0FBQUFBcmx0bWgEZnIDbWNhZmVlBGZyMgNzYS1ncARncHJpZANuMm5pb0V6WVJzcUpTdXlRNmpPaUFBBG5fc3VnZwMxMARvcmlnaW4DbXguaW1hZ2VzLnNlYXJjaC55YWhvby5jb20EcG9zAzMEcHFzdHIDam9obiUyMHZvbiUyMG5ldW1hbm4EcHFzdHJsAzE2BHFzdHJsAzM0BHF1ZXJ5A2pvaG4lMjB2b24lMjBuZXVtYW5uJTIwY29tcHV0YWRvcmEEdF9zdG1wAzE2NjI5MzkxNTQ-?p=john+von+neumann+computadora&fr=mcafee&fr2=sa-gp-mx.images.search&ei=UTF-8&x=wrt&type=E211MX105G0" "Mozilla/5.0 (Windows NT 10.0; Win64; x64) AppleWebKit/537.36 (KHTML, like Gecko) Chrome/105.0.0.0 Safari/537.36" "ysfine.com"
99.158.29.182 - - [11/Sep/2022:16:32:47 -0700] "GET /princeton/alexan22.jpg HTTP/1.1" 200 175436 "https://www.google.com/" "Mozilla/5.0 (Windows NT 10.0; Win64; x64) AppleWebKit/537.36 (KHTML, like Gecko) Chrome/105.0.0.0 Safari/537.36" "ysfine.com"
157.55.39.146 - - [11/Sep/2022:16:33:53 -0700] "GET /world/balkan/turkmodo02b.jpg HTTP/1.1" 200 42906 "-" "Mozilla/5.0 (compatible; bingbot/2.0; +http://www.bing.com/bingbot.htm)" "ysfine.com"
141.164.29.180 - - [11/Sep/2022:16:33:58 -0700] "GET /wdc/lafpark02.jpg HTTP/1.1" 200 87253 "https://www.google.com/" "Mozilla/5.0 (iPhone; CPU iPhone OS 15_6_1 like Mac OS X) AppleWebKit/605.1.15 (KHTML, like Gecko) Version/15.6.1 Mobile/15E148 Safari/604.1" "ysfine.com"
185.191.171.23 - - [11/Sep/2022:16:34:04 -0700] "GET /friends/moso.html HTTP/1.1" 404 88 "-" "Mozilla/5.0 (compatible; SemrushBot/7~bl; +http://www.semrush.com/bot.html)" "ysfine.com"
51.222.253.10 - - [11/Sep/2022:16:35:05 -0700] "GET /remote/wigner111/frame02.html HTTP/1.1" 200 772 "-" "Mozilla/5.0 (compatible; AhrefsBot/7.0; +http://ahrefs.com/robot/)" "www.ysfine.com"
51.222.253.11 - - [11/Sep/2022:16:35:08 -0700] "GET /remote/wigner111/kim-02b.jpg HTTP/1.1" 200 68633 "-" "Mozilla/5.0 (compatible; AhrefsBot/7.0; +http://ahrefs.com/robot/)" "www.ysfine.com"
40.77.167.27 - - [11/Sep/2022:16:37:57 -0700] "GET /people/gold11.jpg HTTP/1.1" 200 82815 "-" "Mozilla/5.0 (compatible; bingbot/2.0; +http://www.bing.com/bingbot.htm)" "ysfine.com"
66.249.72.133 - - [11/Sep/2022:16:38:15 -0700] "GET /world/latina/rio072.jpg HTTP/1.1" 200 127884 "-" "Googlebot-Image/1.0" "ysfine.com"
40.77.167.62 - - [11/Sep/2022:16:38:18 -0700] "GET /world/brit/harrow05.jpg HTTP/1.1" 200 248175 "-" "Mozilla/5.0 (compatible; bingbot/2.0; +http://www.bing.com/bingbot.htm)" "www.ysfine.com"
86.186.156.168 - - [11/Sep/2022:16:38:51 -0700] "GET /kobak/underw31.jpg HTTP/1.1" 200 125758 "https://www.google.co.uk/" "Mozilla/5.0 (iPhone; CPU iPhone OS 15_6_1 like Mac OS X) AppleWebKit/605.1.15 (KHTML, like Gecko) Version/15.6.1 Mobile/15E148 Safari/604.1" "ysfine.com"
66.249.72.133 - - [11/Sep/2022:16:39:21 -0700] "GET /world/latina/rio017.jpg HTTP/1.1" 304 - "-" "Googlebot-Image/1.0" "ysfine.com"
51.222.253.20 - - [11/Sep/2022:16:40:09 -0700] "GET /class54/class5470/total_data/sub_115.htm HTTP/1.1" 200 3291 "-" "Mozilla/5.0 (compatible; AhrefsBot/7.0; +http://ahrefs.com/robot/)" "www.ysfine.com"
51.222.253.5 - - [11/Sep/2022:16:40:12 -0700] "GET /class54/class5470/total_data/photo_img/1-15.jpg HTTP/1.1" 200 192505 "-" "Mozilla/5.0 (compatible; AhrefsBot/7.0; +http://ahrefs.com/robot/)" "www.ysfine.com"
73.129.228.44 - - [11/Sep/2022:16:41:06 -0700] "GET /princeton/alexan22.jpg HTTP/1.1" 200 175436 "https://www.google.com/" "Mozilla/5.0 (Macintosh; Intel Mac OS X 10_15_6) AppleWebKit/605.1.15 (KHTML, like Gecko) Version/15.6.1 Safari/605.1.15" "ysfine.com"
40.77.167.27 - - [11/Sep/2022:16:41:08 -0700] "GET /world/russ/kazan018.jpg HTTP/1.1" 200 84894 "-" "Mozilla/5.0 (compatible; bingbot/2.0; +http://www.bing.com/bingbot.htm)" "www.ysfine.com"
77.88.5.40 - - [11/Sep/2022:16:41:29 -0700] "GET /einstein/keigel.html HTTP/1.1" 404 88 "-" "Mozilla/5.0 (compatible; YandexBot/3.0; +http://yandex.com/bots)" "www.ysfine.com"
66.249.72.158 - - [11/Sep/2022:16:41:37 -0700] "GET /world/russ/kazan054b.jpg HTTP/1.1" 200 29447 "-" "Googlebot-Image/1.0" "ysfine.com"
66.249.75.106 - - [11/Sep/2022:16:41:43 -0700] "GET /wigner/neum/ymath.jpg HTTP/1.1" 200 64930 "-" "Googlebot-Image/1.0" "www.ysfine.com"
185.191.171.24 - - [11/Sep/2022:16:42:02 -0700] "GET /fbook/einstein.html HTTP/1.1" 200 3545 "-" "Mozilla/5.0 (compatible; SemrushBot/7~bl; +http://www.semrush.com/bot.html)" "ysfine.com"
40.77.167.27 - - [11/Sep/2022:16:42:18 -0700] "GET /wdc/washmo07.jpg HTTP/1.1" 200 99468 "-" "Mozilla/5.0 (compatible; bingbot/2.0; +http://www.bing.com/bingbot.htm)" "ysfine.com"
205.210.31.18 - - [11/Sep/2022:16:42:39 -0700] "GET / HTTP/1.1" 200 15910 "http://67.195.197.24:80/" "Expanse, a Palo Alto Networks company, searches across the global IPv4 space multiple times per day to identify customers&#39; presences on the Internet. If you would like to be excluded from our scans, please send IP addresses/domains to: scaninfo@paloaltonetworks.com" "www.ysfine.com"
185.191.171.40 - - [11/Sep/2022:16:42:47 -0700] "GET /remote/wigner111/frame16.html HTTP/1.1" 200 862 "-" "Mozilla/5.0 (compatible; SemrushBot/7~bl; +http://www.semrush.com/bot.html)" "ysfine.com"
157.55.39.146 - - [11/Sep/2022:16:43:23 -0700] "GET /usca/pitt/steelm02.jpg HTTP/1.1" 200 122294 "-" "Mozilla/5.0 (compatible; bingbot/2.0; +http://www.bing.com/bingbot.htm)" "ysfine.com"
66.249.72.130 - - [11/Sep/2022:16:44:34 -0700] "GET /world/baltic/lithu14.jpg HTTP/1.1" 200 84563 "-" "Googlebot-Image/1.0" "ysfine.com"
157.55.39.146 - - [11/Sep/2022:16:44:34 -0700] "GET /home/wigstu.html HTTP/1.1" 200 4212 "-" "Mozilla/5.0 (compatible; bingbot/2.0; +http://www.bing.com/bingbot.htm)" "ysfine.com"
40.77.167.27 - - [11/Sep/2022:16:44:39 -0700] "GET /feynman/chewfrau.html HTTP/1.1" 200 3075 "-" "Mozilla/5.0 (compatible; bingbot/2.0; +http://www.bing.com/bingbot.htm)" "ysfine.com"
40.77.167.27 - - [11/Sep/2022:16:44:39 -0700] "GET /home/easy.html HTTP/1.1" 200 7877 "-" "Mozilla/5.0 (compatible; bingbot/2.0; +http://www.bing.com/bingbot.htm)" "ysfine.com"
40.77.167.27 - - [11/Sep/2022:16:44:39 -0700] "GET /world/budapest.html HTTP/1.1" 200 8325 "-" "Mozilla/5.0 (compatible; bingbot/2.0; +http://www.bing.com/bingbot.htm)" "ysfine.com"
40.77.167.35 - - [11/Sep/2022:16:44:39 -0700] "GET /class54/emailed05.html HTTP/1.1" 200 16866 "-" "Mozilla/5.0 (compatible; bingbot/2.0; +http://www.bing.com/bingbot.htm)" "ysfine.com"
40.77.167.35 - - [11/Sep/2022:16:44:44 -0700] "GET /einstein/bose.html HTTP/1.1" 200 2076 "-" "Mozilla/5.0 (compatible; bingbot/2.0; +http://www.bing.com/bingbot.htm)" "ysfine.com"
40.77.167.33 - - [11/Sep/2022:16:44:47 -0700] "GET /kobak/kimilsong11.jpg HTTP/1.1" 200 185542 "-" "Mozilla/5.0 (compatible; bingbot/2.0; +http://www.bing.com/bingbot.htm)" "www.ysfine.com"
40.77.167.35 - - [11/Sep/2022:16:45:30 -0700] "GET /world/france/metz52.jpg HTTP/1.1" 200 121234 "-" "Mozilla/5.0 (compatible; bingbot/2.0; +http://www.bing.com/bingbot.htm)" "ysfine.com"
51.222.253.2 - - [11/Sep/2022:16:45:49 -0700] "GET /home/100yrs.html HTTP/1.1" 200 7936 "-" "Mozilla/5.0 (compatible; AhrefsBot/7.0; +http://ahrefs.com/robot/)" "www.ysfine.com"
40.77.167.35 - - [11/Sep/2022:16:45:51 -0700] "GET /world/france/pantheon09.jpg HTTP/1.1" 200 73688 "-" "Mozilla/5.0 (compatible; bingbot/2.0; +http://www.bing.com/bingbot.htm)" "www.ysfine.com"
185.191.171.40 - - [11/Sep/2022:16:46:18 -0700] "GET /home/100yrs.html HTTP/1.1" 200 7936 "-" "Mozilla/5.0 (compatible; SemrushBot/7~bl; +http://www.semrush.com/bot.html)" "ysfine.com"
154.54.249.206 - - [11/Sep/2022:16:46:28 -0700] "GET /home/dwf33.html HTTP/1.1" 200 7188 "-" "Mozilla/5.0 (compatible; Barkrowler/0.9; +https://babbar.tech/crawler)" "ysfine.com"
154.54.249.206 - - [11/Sep/2022:16:46:47 -0700] "GET /class54/class5470/total_data/sub_310.htm HTTP/1.1" 304 - "-" "Mozilla/5.0 (compatible; Barkrowler/0.9; +https://babbar.tech/crawler)" "www.ysfine.com"
40.77.167.35 - - [11/Sep/2022:16:46:49 -0700] "GET /world/russ/roskei94.jpg HTTP/1.1" 200 108504 "-" "Mozilla/5.0 (compatible; bingbot/2.0; +http://www.bing.com/bingbot.htm)" "www.ysfine.com"
107.77.205.49 - - [11/Sep/2022:16:46:53 -0700] "GET /maga/pupin.html HTTP/1.1" 200 5043 "https://www.google.com/" "Mozilla/5.0 (iPhone; CPU iPhone OS 15_6_1 like Mac OS X) AppleWebKit/605.1.15 (KHTML, like Gecko) Version/15.6.1 Mobile/15E148 Safari/604.1" "ysfine.com"
107.77.205.49 - - [11/Sep/2022:16:46:54 -0700] "GET /maga/invent/pupin11b.jpg HTTP/1.1" 200 37046 "https://ysfine.com/maga/pupin.html" "Mozilla/5.0 (iPhone; CPU iPhone OS 15_6_1 like Mac OS X) AppleWebKit/605.1.15 (KHTML, like Gecko) Version/15.6.1 Mobile/15E148 Safari/604.1" "ysfine.com"
107.77.205.49 - - [11/Sep/2022:16:46:54 -0700] "GET /newyork/colum01b.jpg HTTP/1.1" 200 44600 "https://ysfine.com/maga/pupin.html" "Mozilla/5.0 (iPhone; CPU iPhone OS 15_6_1 like Mac OS X) AppleWebKit/605.1.15 (KHTML, like Gecko) Version/15.6.1 Mobile/15E148 Safari/604.1" "ysfine.com"
107.77.205.49 - - [11/Sep/2022:16:46:54 -0700] "GET /maga/invent/helmholtz2.jpg HTTP/1.1" 200 38274 "https://ysfine.com/maga/pupin.html" "Mozilla/5.0 (iPhone; CPU iPhone OS 15_6_1 like Mac OS X) AppleWebKit/605.1.15 (KHTML, like Gecko) Version/15.6.1 Mobile/15E148 Safari/604.1" "ysfine.com"
107.77.205.49 - - [11/Sep/2022:16:46:54 -0700] "GET /maga/invent/hertz2.jpg HTTP/1.1" 200 43644 "https://ysfine.com/maga/pupin.html" "Mozilla/5.0 (iPhone; CPU iPhone OS 15_6_1 like Mac OS X) AppleWebKit/605.1.15 (KHTML, like Gecko) Version/15.6.1 Mobile/15E148 Safari/604.1" "ysfine.com"
107.77.205.49 - - [11/Sep/2022:16:46:54 -0700] "GET /maga/invent/armstrong2.jpg HTTP/1.1" 200 79616 "https://ysfine.com/maga/pupin.html" "Mozilla/5.0 (iPhone; CPU iPhone OS 15_6_1 like Mac OS X) AppleWebKit/605.1.15 (KHTML, like Gecko) Version/15.6.1 Mobile/15E148 Safari/604.1" "ysfine.com"
107.77.205.49 - - [11/Sep/2022:16:46:54 -0700] "GET /newyork/colum05b.jpg HTTP/1.1" 200 58646 "https://ysfine.com/maga/pupin.html" "Mozilla/5.0 (iPhone; CPU iPhone OS 15_6_1 like Mac OS X) AppleWebKit/605.1.15 (KHTML, like Gecko) Version/15.6.1 Mobile/15E148 Safari/604.1" "ysfine.com"
107.77.205.49 - - [11/Sep/2022:16:46:54 -0700] "GET /maga/invent/pupin22b.jpg HTTP/1.1" 200 26769 "https://ysfine.com/maga/pupin.html" "Mozilla/5.0 (iPhone; CPU iPhone OS 15_6_1 like Mac OS X) AppleWebKit/605.1.15 (KHTML, like Gecko) Version/15.6.1 Mobile/15E148 Safari/604.1" "ysfine.com"
107.77.205.49 - - [11/Sep/2022:16:46:55 -0700] "GET /maga/invent/pupin33b.jpg HTTP/1.1" 200 38057 "https://ysfine.com/maga/pupin.html" "Mozilla/5.0 (iPhone; CPU iPhone OS 15_6_1 like Mac OS X) AppleWebKit/605.1.15 (KHTML, like Gecko) Version/15.6.1 Mobile/15E148 Safari/604.1" "ysfine.com"
107.77.205.49 - - [11/Sep/2022:16:46:56 -0700] "GET /favicon.ico HTTP/1.1" 404 88 "https://ysfine.com/maga/pupin.html" "Mozilla/5.0 (iPhone; CPU iPhone OS 15_6_1 like Mac OS X) AppleWebKit/605.1.15 (KHTML, like Gecko) Version/15.6.1 Mobile/15E148 Safari/604.1" "ysfine.com"
68.0.134.37 - - [11/Sep/2022:16:48:50 -0700] "GET /feynman/feyprince.jpg HTTP/1.1" 200 62002 "https://www.google.com/" "Mozilla/5.0 (Macintosh; Intel Mac OS X 10_15_7) AppleWebKit/537.36 (KHTML, like Gecko) Chrome/104.0.0.0 Safari/537.36" "ysfine.com"
40.77.167.62 - - [11/Sep/2022:16:48:51 -0700] "GET /dongio/polish.html HTTP/1.1" 404 88 "-" "Mozilla/5.0 (compatible; bingbot/2.0; +http://www.bing.com/bingbot.htm)" "ysfine.com"
40.77.167.27 - - [11/Sep/2022:16:49:48 -0700] "GET /world/france/pariso01b.jpg HTTP/1.1" 200 35581 "-" "Mozilla/5.0 (compatible; bingbot/2.0; +http://www.bing.com/bingbot.htm)" "www.ysfine.com"
40.77.167.35 - - [11/Sep/2022:16:49:53 -0700] "GET /world/russ/spbm03.jpg HTTP/1.1" 200 109009 "-" "Mozilla/5.0 (compatible; bingbot/2.0; +http://www.bing.com/bingbot.htm)" "www.ysfine.com"
157.55.39.146 - - [11/Sep/2022:16:49:58 -0700] "GET /world/germany/dresdenf16.jpg HTTP/1.1" 200 286901 "-" "Mozilla/5.0 (compatible; bingbot/2.0; +http://www.bing.com/bingbot.htm)" "www.ysfine.com"
51.222.253.5 - - [11/Sep/2022:16:50:51 -0700] "GET /class54/class5480/Videos/?C=S;O=D HTTP/1.1" 200 558 "-" "Mozilla/5.0 (compatible; AhrefsBot/7.0; +http://ahrefs.com/robot/)" "ysfine.com"
196.242.114.11 - - [11/Sep/2022:16:51:59 -0700] "GET /wisdom/wk11.html HTTP/1.1" 200 30258 "https://ysfine.com/" "Mozilla/5.0 (X11; Linux x86_64) AppleWebKit/537.36 (KHTML, like Gecko) Chrome/103.0.0.0 Safari/537.36 Vivaldi/5.3.2679.68" "ysfine.com"
66.249.72.133 - - [11/Sep/2022:16:53:12 -0700] "GET /world/russ/masha33.jpg HTTP/1.1" 200 56630 "-" "Googlebot-Image/1.0" "ysfine.com"
40.77.167.35 - - [11/Sep/2022:16:53:21 -0700] "GET /style/music/salzm03.jpg HTTP/1.1" 200 117389 "-" "Mozilla/5.0 (compatible; bingbot/2.0; +http://www.bing.com/bingbot.htm)" "ysfine.com"
40.64.105.247 - - [11/Sep/2022:16:54:35 -0700] "GET /world/brit/dunf12.jpg HTTP/1.1" 200 119023 "http://ysfine.com/world/brit/dunf12.jpg" "DuckDuckBot/1.1; (+http://duckduckgo.com/duckduckbot.html)" "ysfine.com"
66.249.72.158 - - [11/Sep/2022:16:55:30 -0700] "GET /world/latina/rio073.jpg HTTP/1.1" 200 96934 "-" "Googlebot-Image/1.0" "ysfine.com"
51.222.253.1 - - [11/Sep/2022:16:55:45 -0700] "GET /style/nga.html HTTP/1.1" 200 1010 "-" "Mozilla/5.0 (compatible; AhrefsBot/7.0; +http://ahrefs.com/robot/)" "ysfine.com"
185.191.171.34 - - [11/Sep/2022:16:56:12 -0700] "GET /robots.txt HTTP/1.1" 404 88 "-" "Mozilla/5.0 (compatible; SemrushBot/7~bl; +http://www.semrush.com/bot.html)" "www.ysfine.com"
185.191.171.38 - - [11/Sep/2022:16:56:13 -0700] "GET /class54/class5470/total_data/sub_765.htm HTTP/1.1" 200 3289 "-" "Mozilla/5.0 (compatible; SemrushBot/7~bl; +http://www.semrush.com/bot.html)" "www.ysfine.com"
185.191.171.11 - - [11/Sep/2022:16:56:33 -0700] "GET /robots.txt HTTP/1.1" 404 88 "-" "Mozilla/5.0 (compatible; SemrushBot/7~bl; +http://www.semrush.com/bot.html)" "ysfine.com"
185.191.171.21 - - [11/Sep/2022:16:56:33 -0700] "GET /class54/class5470/total_data/sub_413.htm HTTP/1.1" 200 3201 "-" "Mozilla/5.0 (compatible; SemrushBot/7~bl; +http://www.semrush.com/bot.html)" "ysfine.com"
66.249.72.158 - - [11/Sep/2022:16:57:09 -0700] "GET /world/latina/rio055.jpg HTTP/1.1" 200 128369 "-" "Googlebot-Image/1.0" "ysfine.com"
99.20.64.152 - - [11/Sep/2022:16:57:36 -0700] "GET /wigner/wiglittle.pdf HTTP/1.1" 200 2659296 "-" "Mozilla/5.0 (Windows NT 10.0; Win64; x64; rv:104.0) Gecko/20100101 Firefox/104.0" "ysfine.com"
99.20.64.152 - - [11/Sep/2022:16:57:37 -0700] "GET /favicon.ico HTTP/1.1" 404 88 "https://ysfine.com/" "Mozilla/5.0 (Windows NT 10.0; Win64; x64; rv:104.0) Gecko/20100101 Firefox/104.0" "ysfine.com"
99.20.64.152 - - [11/Sep/2022:16:57:37 -0700] "GET /wigner/wiglittle.pdf HTTP/1.1" 206 65536 "-" "Mozilla/5.0 (Windows NT 10.0; Win64; x64; rv:104.0) Gecko/20100101 Firefox/104.0" "ysfine.com"
99.20.64.152 - - [11/Sep/2022:16:57:37 -0700] "GET /wigner/wiglittle.pdf HTTP/1.1" 206 37856 "-" "Mozilla/5.0 (Windows NT 10.0; Win64; x64; rv:104.0) Gecko/20100101 Firefox/104.0" "ysfine.com"
99.20.64.152 - - [11/Sep/2022:16:57:38 -0700] "GET /wigner/wiglittle.pdf HTTP/1.1" 206 65536 "-" "Mozilla/5.0 (Windows NT 10.0; Win64; x64; rv:104.0) Gecko/20100101 Firefox/104.0" "ysfine.com"
40.77.167.27 - - [11/Sep/2022:16:57:38 -0700] "GET /wisdom/wk10.html HTTP/1.1" 200 24659 "-" "Mozilla/5.0 (compatible; bingbot/2.0; +http://www.bing.com/bingbot.htm)" "ysfine.com"
40.77.167.35 - - [11/Sep/2022:16:57:43 -0700] "GET /wdc/wasdc.html HTTP/1.1" 200 13295 "-" "Mozilla/5.0 (compatible; bingbot/2.0; +http://www.bing.com/bingbot.htm)" "ysfine.com"
157.55.39.146 - - [11/Sep/2022:16:57:48 -0700] "GET /world/munich.html HTTP/1.1" 200 3101 "-" "Mozilla/5.0 (compatible; bingbot/2.0; +http://www.bing.com/bingbot.htm)" "ysfine.com"
157.55.39.146 - - [11/Sep/2022:16:57:48 -0700] "GET /world/china22.html HTTP/1.1" 200 12827 "-" "Mozilla/5.0 (compatible; bingbot/2.0; +http://www.bing.com/bingbot.htm)" "ysfine.com"
157.55.39.146 - - [11/Sep/2022:16:57:48 -0700] "GET /world/wdrigh.html HTTP/1.1" 200 2217 "-" "Mozilla/5.0 (compatible; bingbot/2.0; +http://www.bing.com/bingbot.htm)" "ysfine.com"
40.77.167.33 - - [11/Sep/2022:16:58:08 -0700] "GET /style/akiko2.jpg HTTP/1.1" 200 50482 "-" "Mozilla/5.0 (compatible; bingbot/2.0; +http://www.bing.com/bingbot.htm)" "www.ysfine.com"
40.77.167.62 - - [11/Sep/2022:16:59:51 -0700] "GET /maga/invent/marconi02.jpg HTTP/1.1" 200 76029 "-" "Mozilla/5.0 (compatible; bingbot/2.0; +http://www.bing.com/bingbot.htm)" "www.ysfine.com"
51.222.253.8 - - [11/Sep/2022:17:00:41 -0700] "GET /class54/class5470/total_data/refer_img/7-25_f.jpg HTTP/1.1" 200 27860 "-" "Mozilla/5.0 (compatible; AhrefsBot/7.0; +http://ahrefs.com/robot/)" "www.ysfine.com"
51.222.253.13 - - [11/Sep/2022:17:00:43 -0700] "GET /class54/class5470/total_data/refer_img/7-23_f.jpg HTTP/1.1" 200 37428 "-" "Mozilla/5.0 (compatible; AhrefsBot/7.0; +http://ahrefs.com/robot/)" "www.ysfine.com"
51.222.253.5 - - [11/Sep/2022:17:00:44 -0700] "GET /class54/class5470/total_data/refer_img/7-24_f.jpg HTTP/1.1" 200 38321 "-" "Mozilla/5.0 (compatible; AhrefsBot/7.0; +http://ahrefs.com/robot/)" "www.ysfine.com"
51.222.253.15 - - [11/Sep/2022:17:00:44 -0700] "GET /class54/class5470/total_data/refer_img/7-22_f.jpg HTTP/1.1" 200 36609 "-" "Mozilla/5.0 (compatible; AhrefsBot/7.0; +http://ahrefs.com/robot/)" "www.ysfine.com"
51.222.253.11 - - [11/Sep/2022:17:00:45 -0700] "GET /class54/class5470/total_data/refer_img/7-29_f.jpg HTTP/1.1" 200 33079 "-" "Mozilla/5.0 (compatible; AhrefsBot/7.0; +http://ahrefs.com/robot/)" "www.ysfine.com"
51.222.253.3 - - [11/Sep/2022:17:05:20 -0700] "GET /maga/herod.html HTTP/1.1" 200 4341 "-" "Mozilla/5.0 (compatible; AhrefsBot/7.0; +http://ahrefs.com/robot/)" "www.ysfine.com"
51.222.253.16 - - [11/Sep/2022:17:05:23 -0700] "GET /home/taylor400.jpg HTTP/1.1" 200 56181 "-" "Mozilla/5.0 (compatible; AhrefsBot/7.0; +http://ahrefs.com/robot/)" "www.ysfine.com"
51.222.253.11 - - [11/Sep/2022:17:05:24 -0700] "GET /maga/phil/herod33c.jpg HTTP/1.1" 200 45604 "-" "Mozilla/5.0 (compatible; AhrefsBot/7.0; +http://ahrefs.com/robot/)" "www.ysfine.com"
154.54.249.206 - - [11/Sep/2022:17:05:19 -0700] "GET /home/audio22.wav HTTP/1.1" 200 273581056 "-" "Mozilla/5.0 (compatible; Barkrowler/0.9; +https://babbar.tech/crawler)" "ysfine.com"
51.222.253.5 - - [11/Sep/2022:17:05:25 -0700] "GET /eink/pawkim19e.jpg HTTP/1.1" 200 85621 "-" "Mozilla/5.0 (compatible; AhrefsBot/7.0; +http://ahrefs.com/robot/)" "www.ysfine.com"
51.222.253.9 - - [11/Sep/2022:17:05:25 -0700] "GET /wigner/wigkim11c.jpg HTTP/1.1" 200 30443 "-" "Mozilla/5.0 (compatible; AhrefsBot/7.0; +http://ahrefs.com/robot/)" "www.ysfine.com"
51.222.253.13 - - [11/Sep/2022:17:05:26 -0700] "GET /wigner/tollwig11c.jpg HTTP/1.1" 200 30497 "-" "Mozilla/5.0 (compatible; AhrefsBot/7.0; +http://ahrefs.com/robot/)" "www.ysfine.com"
154.54.249.206 - - [11/Sep/2022:17:05:42 -0700] "GET /class54/class5470/total_data/sub_345.htm HTTP/1.1" 304 - "-" "Mozilla/5.0 (compatible; Barkrowler/0.9; +https://babbar.tech/crawler)" "www.ysfine.com"
40.77.167.33 - - [11/Sep/2022:17:07:00 -0700] "GET /kowar/feb8.jpg HTTP/1.1" 200 184058 "-" "Mozilla/5.0 (compatible; bingbot/2.0; +http://www.bing.com/bingbot.htm)" "www.ysfine.com"
40.77.167.27 - - [11/Sep/2022:17:08:10 -0700] "GET /dongio/aline/virgin05.jpg HTTP/1.1" 404 88 "-" "Mozilla/5.0 (compatible; bingbot/2.0; +http://www.bing.com/bingbot.htm)" "ysfine.com"
114.119.128.158 - - [11/Sep/2022:17:08:10 -0700] "GET /friends/chinafr01.jpg HTTP/1.1" 404 88 "-" "Mozilla/5.0 (Linux; Android 7.0;) AppleWebKit/537.36 (KHTML, like Gecko) Mobile Safari/537.36 (compatible; PetalBot;+https://webmaster.petalsearch.com/site/petalbot)" "ysfine.com"
64.124.8.36 - - [11/Sep/2022:17:08:41 -0700] "GET /robots.txt HTTP/1.1" 404 88 "-" "Mozilla/5.0 (X11; Linux x86_64) AppleWebKit/537.36 (KHTML, like Gecko) Chrome/61.0.3163.79 Safari/537.36" "ysfine.com"
64.124.8.36 - - [11/Sep/2022:17:08:41 -0700] "GET /philo/sisfa12/frame14.html HTTP/1.1" 404 88 "-" "Mozilla/5.0 (X11; Linux x86_64) AppleWebKit/537.36 (KHTML, like Gecko) Chrome/61.0.3163.79 Safari/537.36" "ysfine.com"
64.124.8.36 - - [11/Sep/2022:17:09:02 -0700] "GET /philo/sisfa12/frame57.html HTTP/1.1" 200 319 "-" "Mozilla/5.0 (X11; Linux x86_64) AppleWebKit/537.36 (KHTML, like Gecko) Chrome/61.0.3163.79 Safari/537.36" "ysfine.com"
66.249.72.158 - - [11/Sep/2022:17:09:28 -0700] "GET /friends/amkor/jassd11.jpg HTTP/1.1" 404 88 "-" "Googlebot-Image/1.0" "ysfine.com"
64.124.8.36 - - [11/Sep/2022:17:09:46 -0700] "GET /philo/sisfa12/frame44.html HTTP/1.1" 200 319 "-" "Mozilla/5.0 (X11; Linux x86_64) AppleWebKit/537.36 (KHTML, like Gecko) Chrome/61.0.3163.79 Safari/537.36" "ysfine.com"
114.119.128.14 - - [11/Sep/2022:17:09:50 -0700] "GET /ffriends/amkor/koparis01c.jpg HTTP/1.1" 200 55973 "-" "Mozilla/5.0 (Linux; Android 7.0;) AppleWebKit/537.36 (KHTML, like Gecko) Mobile Safari/537.36 (compatible; PetalBot;+https://webmaster.petalsearch.com/site/petalbot)" "ysfine.com"
51.222.253.10 - - [11/Sep/2022:17:10:04 -0700] "GET /dirac/wigsis.html HTTP/1.1" 200 10275 "-" "Mozilla/5.0 (compatible; AhrefsBot/7.0; +http://ahrefs.com/robot/)" "ysfine.com"
51.222.253.18 - - [11/Sep/2022:17:10:07 -0700] "GET /kobak/nicodem11b.jpg HTTP/1.1" 200 79065 "-" "Mozilla/5.0 (compatible; AhrefsBot/7.0; +http://ahrefs.com/robot/)" "ysfine.com"
51.222.253.3 - - [11/Sep/2022:17:10:09 -0700] "GET /world/poland/jablo20b.jpg HTTP/1.1" 200 41339 "-" "Mozilla/5.0 (compatible; AhrefsBot/7.0; +http://ahrefs.com/robot/)" "ysfine.com"
51.222.253.9 - - [11/Sep/2022:17:10:09 -0700] "GET /world/poland/jablo08b.jpg HTTP/1.1" 200 42070 "-" "Mozilla/5.0 (compatible; AhrefsBot/7.0; +http://ahrefs.com/robot/)" "ysfine.com"
51.222.253.16 - - [11/Sep/2022:17:10:12 -0700] "GET /princeton/annex11b.jpg HTTP/1.1" 200 39639 "-" "Mozilla/5.0 (compatible; AhrefsBot/7.0; +http://ahrefs.com/robot/)" "ysfine.com"
51.222.253.11 - - [11/Sep/2022:17:10:13 -0700] "GET /feynman/feydirac270.jpg HTTP/1.1" 200 59000 "-" "Mozilla/5.0 (compatible; AhrefsBot/7.0; +http://ahrefs.com/robot/)" "ysfine.com"
51.222.253.20 - - [11/Sep/2022:17:10:14 -0700] "GET /dirac/dirackim6201.jpg HTTP/1.1" 200 51283 "-" "Mozilla/5.0 (compatible; AhrefsBot/7.0; +http://ahrefs.com/robot/)" "ysfine.com"
51.222.253.2 - - [11/Sep/2022:17:10:15 -0700] "GET /dirac/hazi22.jpg HTTP/1.1" 200 37344 "-" "Mozilla/5.0 (compatible; AhrefsBot/7.0; +http://ahrefs.com/robot/)" "ysfine.com"
64.124.8.36 - - [11/Sep/2022:17:10:27 -0700] "GET /philo/sisfa12/frame31.html HTTP/1.1" 200 319 "-" "Mozilla/5.0 (X11; Linux x86_64) AppleWebKit/537.36 (KHTML, like Gecko) Chrome/61.0.3163.79 Safari/537.36" "ysfine.com"
81.17.57.144 - - [11/Sep/2022:17:10:43 -0700] "GET /robots.txt HTTP/1.1" 404 73 "-" "Mozilla/5.0 (compatible; MJ12bot/v1.4.8; http://mj12bot.com/)" "ysfine.com"
185.191.171.8 - - [11/Sep/2022:17:10:44 -0700] "GET /style/abstrac.html HTTP/1.1" 200 5571 "-" "Mozilla/5.0 (compatible; SemrushBot/7~bl; +http://www.semrush.com/bot.html)" "www.ysfine.com"
81.17.57.144 - - [11/Sep/2022:17:10:44 -0700] "GET /einstein/ulm.html HTTP/1.1" 200 6713 "-" "Mozilla/5.0 (compatible; MJ12bot/v1.4.8; http://mj12bot.com/)" "ysfine.com"
114.119.128.14 - - [11/Sep/2022:17:11:22 -0700] "GET /ffriends/serbian33c.jpg HTTP/1.1" 200 27736 "-" "Mozilla/5.0 (Linux; Android 7.0;) AppleWebKit/537.36 (KHTML, like Gecko) Mobile Safari/537.36 (compatible; PetalBot;+https://webmaster.petalsearch.com/site/petalbot)" "ysfine.com"
98.50.79.208 - - [11/Sep/2022:17:11:42 -0700] "GET /maga/histo/desiree22.jpg HTTP/1.1" 200 113561 "https://www.google.com/" "Mozilla/5.0 (Macintosh; Intel Mac OS X 10_14_6) AppleWebKit/537.36 (KHTML, like Gecko) Chrome/105.0.0.0 Safari/537.36" "ysfine.com"
40.77.167.35 - - [11/Sep/2022:17:11:43 -0700] "GET /world/ital/venice31b.jpg HTTP/1.1" 200 31258 "-" "Mozilla/5.0 (compatible; bingbot/2.0; +http://www.bing.com/bingbot.htm)" "www.ysfine.com"
40.77.167.35 - - [11/Sep/2022:17:11:52 -0700] "GET /world/places/ulm01b.jpg HTTP/1.1" 200 32131 "-" "Mozilla/5.0 (compatible; bingbot/2.0; +http://www.bing.com/bingbot.htm)" "ysfine.com"
114.119.128.14 - - [11/Sep/2022:17:12:52 -0700] "GET /world/russ/ihousem11.jpg HTTP/1.1" 404 88 "-" "Mozilla/5.0 (Linux; Android 7.0;) AppleWebKit/537.36 (KHTML, like Gecko) Mobile Safari/537.36 (compatible; PetalBot;+https://webmaster.petalsearch.com/site/petalbot)" "ysfine.com"
95.163.255.67 - - [11/Sep/2022:17:13:01 -0700] "GET /robots.txt HTTP/1.1" 404 73 "-" "Mozilla/5.0 (compatible; Linux x86_64; Mail.RU_Bot/2.0; +https://help.mail.ru/webmaster/indexing/robots)" "ysfine.com"
185.191.171.2 - - [11/Sep/2022:17:13:42 -0700] "GET /world/ital/pantheon.html HTTP/1.1" 200 277 "-" "Mozilla/5.0 (compatible; SemrushBot/7~bl; +http://www.semrush.com/bot.html)" "www.ysfine.com"
40.77.167.33 - - [11/Sep/2022:17:13:50 -0700] "GET /world/baltic/kalin36b.jpg HTTP/1.1" 200 29962 "-" "Mozilla/5.0 (compatible; bingbot/2.0; +http://www.bing.com/bingbot.htm)" "www.ysfine.com"
40.77.167.33 - - [11/Sep/2022:17:14:10 -0700] "GET /world/russ/kazan043.jpg HTTP/1.1" 200 121131 "-" "Mozilla/5.0 (compatible; bingbot/2.0; +http://www.bing.com/bingbot.htm)" "www.ysfine.com"
40.77.167.35 - - [11/Sep/2022:17:14:23 -0700] "GET /einstein/gfchew11.jpg HTTP/1.1" 200 25694 "-" "Mozilla/5.0 (compatible; bingbot/2.0; +http://www.bing.com/bingbot.htm)" "ysfine.com"
114.119.128.14 - - [11/Sep/2022:17:14:41 -0700] "GET /home/tables%5Ctab11a.jpg HTTP/1.1" 404 88 "-" "Mozilla/5.0 (Linux; Android 7.0;) AppleWebKit/537.36 (KHTML, like Gecko) Mobile Safari/537.36 (compatible; PetalBot;+https://webmaster.petalsearch.com/site/petalbot)" "ysfine.com"
64.124.8.36 - - [11/Sep/2022:17:14:53 -0700] "GET /philo/sisfa12/frame29.html HTTP/1.1" 200 320 "-" "Mozilla/5.0 (X11; Linux x86_64) AppleWebKit/537.36 (KHTML, like Gecko) Chrome/61.0.3163.79 Safari/537.36" "ysfine.com"
64.124.8.36 - - [11/Sep/2022:17:15:58 -0700] "GET /philo/sisfa12/frame16.html HTTP/1.1" 200 320 "-" "Mozilla/5.0 (X11; Linux x86_64) AppleWebKit/537.36 (KHTML, like Gecko) Chrome/61.0.3163.79 Safari/537.36" "ysfine.com"
77.88.5.164 - - [11/Sep/2022:17:16:12 -0700] "GET /kowar/war45.html HTTP/1.1" 200 12086 "-" "Mozilla/5.0 (compatible; YandexBot/3.0; +http://yandex.com/bots)" "www.ysfine.com"
40.77.167.62 - - [11/Sep/2022:17:16:23 -0700] "GET /maga/invent/pupin11.jpg HTTP/1.1" 200 63825 "-" "Mozilla/5.0 (compatible; bingbot/2.0; +http://www.bing.com/bingbot.htm)" "www.ysfine.com"
64.124.8.36 - - [11/Sep/2022:17:16:50 -0700] "GET /philo/sisfa12/frame59.html HTTP/1.1" 200 320 "-" "Mozilla/5.0 (X11; Linux x86_64) AppleWebKit/537.36 (KHTML, like Gecko) Chrome/61.0.3163.79 Safari/537.36" "ysfine.com"
54.213.100.43 - - [11/Sep/2022:17:17:09 -0700] "GET /wigner/neum/ymath.jpg HTTP/1.1" 200 64930 "http://ysfine.com/wigner/neum/ymath.jpg" "Mozilla/5.0 (Windows NT 10.0; Win64; x64) AppleWebKit/537.36 (KHTML, like Gecko) Chrome/89.0.4389.114 Safari/537.36" "ysfine.com"
40.77.167.62 - - [11/Sep/2022:17:17:22 -0700] "GET /world/russ/volga15.jpg HTTP/1.1" 200 119518 "-" "Mozilla/5.0 (compatible; bingbot/2.0; +http://www.bing.com/bingbot.htm)" "www.ysfine.com"
64.124.8.36 - - [11/Sep/2022:17:18:06 -0700] "GET /philo/sisfa12/frame46.html HTTP/1.1" 200 319 "-" "Mozilla/5.0 (X11; Linux x86_64) AppleWebKit/537.36 (KHTML, like Gecko) Chrome/61.0.3163.79 Safari/537.36" "ysfine.com"
114.119.128.162 - - [11/Sep/2022:17:18:46 -0700] "GET /ffriends/amkor/amwash03c.jpg HTTP/1.1" 200 35172 "-" "Mozilla/5.0 (Linux; Android 7.0;) AppleWebKit/537.36 (KHTML, like Gecko) Mobile Safari/537.36 (compatible; PetalBot;+https://webmaster.petalsearch.com/site/petalbot)" "ysfine.com"
64.124.8.36 - - [11/Sep/2022:17:19:22 -0700] "GET /philo/sisfa12/frame33.html HTTP/1.1" 200 319 "-" "Mozilla/5.0 (X11; Linux x86_64) AppleWebKit/537.36 (KHTML, like Gecko) Chrome/61.0.3163.79 Safari/537.36" "ysfine.com"
114.119.128.154 - - [11/Sep/2022:17:20:31 -0700] "GET /einstein/tfiles/eindir02.jpg HTTP/1.1" 404 88 "-" "Mozilla/5.0 (Linux; Android 7.0;) AppleWebKit/537.36 (KHTML, like Gecko) Mobile Safari/537.36 (compatible; PetalBot;+https://webmaster.petalsearch.com/site/petalbot)" "ysfine.com"
185.191.171.26 - - [11/Sep/2022:17:20:48 -0700] "GET /class54/roofless.html HTTP/1.1" 200 13341 "-" "Mozilla/5.0 (compatible; SemrushBot/7~bl; +http://www.semrush.com/bot.html)" "www.ysfine.com"
64.124.8.36 - - [11/Sep/2022:17:21:05 -0700] "GET /philo/sisfa12/frame20.html HTTP/1.1" 200 321 "-" "Mozilla/5.0 (X11; Linux x86_64) AppleWebKit/537.36 (KHTML, like Gecko) Chrome/61.0.3163.79 Safari/537.36" "ysfine.com"
156.215.17.243 - - [11/Sep/2022:17:21:10 -0700] "GET /feynman/ppic/parton88a.jpg HTTP/1.1" 200 55506 "https://www.google.com/" "Mozilla/5.0 (iPhone; CPU iPhone OS 15_6_1 like Mac OS X) AppleWebKit/605.1.15 (KHTML, like Gecko) GSA/227.1.470269224 Mobile/19G82 Safari/604.1" "ysfine.com"
150.158.135.103 - - [11/Sep/2022:17:21:18 -0700] "GET /xmlrpc.php HTTP/1.1" 404 88 "-" "Mozilla/5.0 (Windows NT 6.1; WOW64; rv:45.0) Gecko/20100101 Firefox/45.0" "www.ysfine.com"
114.119.128.154 - - [11/Sep/2022:17:22:00 -0700] "GET /wdc/monticello06.jpg HTTP/1.1" 404 88 "-" "Mozilla/5.0 (Linux; Android 7.0;) AppleWebKit/537.36 (KHTML, like Gecko) Mobile Safari/537.36 (compatible; PetalBot;+https://webmaster.petalsearch.com/site/petalbot)" "ysfine.com"
40.77.167.62 - - [11/Sep/2022:17:22:13 -0700] "GET /world/russ/minsk016.jpg HTTP/1.1" 200 84472 "-" "Mozilla/5.0 (compatible; bingbot/2.0; +http://www.bing.com/bingbot.htm)" "www.ysfine.com"
156.215.17.243 - - [11/Sep/2022:17:22:29 -0700] "GET /heisen/heisenberg.html HTTP/1.1" 200 10535 "https://www.google.com/" "Mozilla/5.0 (iPhone; CPU iPhone OS 15_6 like Mac OS X) AppleWebKit/605.1.15 (KHTML, like Gecko) GSA/227.1.470269224 Mobile/15E148 Safari/604.1" "ysfine.com"
156.215.17.243 - - [11/Sep/2022:17:22:30 -0700] "GET /heisen/heisen66c.jpg HTTP/1.1" 200 43543 "https://ysfine.com/heisen/heisenberg.html" "Mozilla/5.0 (iPhone; CPU iPhone OS 15_6 like Mac OS X) AppleWebKit/605.1.15 (KHTML, like Gecko) GSA/227.1.470269224 Mobile/15E148 Safari/604.1" "ysfine.com"
156.215.17.243 - - [11/Sep/2022:17:22:30 -0700] "GET /wigner/wigheis11c.jpg HTTP/1.1" 200 41279 "https://ysfine.com/heisen/heisenberg.html" "Mozilla/5.0 (iPhone; CPU iPhone OS 15_6 like Mac OS X) AppleWebKit/605.1.15 (KHTML, like Gecko) GSA/227.1.470269224 Mobile/15E148 Safari/604.1" "ysfine.com"
156.215.17.243 - - [11/Sep/2022:17:22:30 -0700] "GET /heisen/schroheisen33c.jpg HTTP/1.1" 200 47347 "https://ysfine.com/heisen/heisenberg.html" "Mozilla/5.0 (iPhone; CPU iPhone OS 15_6 like Mac OS X) AppleWebKit/605.1.15 (KHTML, like Gecko) GSA/227.1.470269224 Mobile/15E148 Safari/604.1" "ysfine.com"
156.215.17.243 - - [11/Sep/2022:17:22:30 -0700] "GET /heisen/bohrheisen11c.jpg HTTP/1.1" 200 41289 "https://ysfine.com/heisen/heisenberg.html" "Mozilla/5.0 (iPhone; CPU iPhone OS 15_6 like Mac OS X) AppleWebKit/605.1.15 (KHTML, like Gecko) GSA/227.1.470269224 Mobile/15E148 Safari/604.1" "ysfine.com"
156.215.17.243 - - [11/Sep/2022:17:22:30 -0700] "GET /einstein/tsepa11c.jpg HTTP/1.1" 200 28691 "https://ysfine.com/heisen/heisenberg.html" "Mozilla/5.0 (iPhone; CPU iPhone OS 15_6 like Mac OS X) AppleWebKit/605.1.15 (KHTML, like Gecko) GSA/227.1.470269224 Mobile/15E148 Safari/604.1" "ysfine.com"
156.215.17.243 - - [11/Sep/2022:17:22:31 -0700] "GET /einstein/einhouse11c.jpg HTTP/1.1" 200 32610 "https://ysfine.com/heisen/heisenberg.html" "Mozilla/5.0 (iPhone; CPU iPhone OS 15_6 like Mac OS X) AppleWebKit/605.1.15 (KHTML, like Gecko) GSA/227.1.470269224 Mobile/15E148 Safari/604.1" "ysfine.com"
156.215.17.243 - - [11/Sep/2022:17:22:31 -0700] "GET /heisen/heisen22c.jpg HTTP/1.1" 200 33300 "https://ysfine.com/heisen/heisenberg.html" "Mozilla/5.0 (iPhone; CPU iPhone OS 15_6 like Mac OS X) AppleWebKit/605.1.15 (KHTML, like Gecko) GSA/227.1.470269224 Mobile/15E148 Safari/604.1" "ysfine.com"
156.215.17.243 - - [11/Sep/2022:17:22:31 -0700] "GET /einstein/fantova/fanto11c.jpg HTTP/1.1" 200 48308 "https://ysfine.com/heisen/heisenberg.html" "Mozilla/5.0 (iPhone; CPU iPhone OS 15_6 like Mac OS X) AppleWebKit/605.1.15 (KHTML, like Gecko) GSA/227.1.470269224 Mobile/15E148 Safari/604.1" "ysfine.com"
156.215.17.243 - - [11/Sep/2022:17:22:31 -0700] "GET /einstein/einbohr33c.jpg HTTP/1.1" 200 36410 "https://ysfine.com/heisen/heisenberg.html" "Mozilla/5.0 (iPhone; CPU iPhone OS 15_6 like Mac OS X) AppleWebKit/605.1.15 (KHTML, like Gecko) GSA/227.1.470269224 Mobile/15E148 Safari/604.1" "ysfine.com"
156.215.17.243 - - [11/Sep/2022:17:22:31 -0700] "GET /wigner/wighome11c.jpg HTTP/1.1" 200 45648 "https://ysfine.com/heisen/heisenberg.html" "Mozilla/5.0 (iPhone; CPU iPhone OS 15_6 like Mac OS X) AppleWebKit/605.1.15 (KHTML, like Gecko) GSA/227.1.470269224 Mobile/15E148 Safari/604.1" "ysfine.com"
156.215.17.243 - - [11/Sep/2022:17:22:31 -0700] "GET /heisen/texfiles/einheis01.jpg HTTP/1.1" 200 32462 "https://ysfine.com/heisen/heisenberg.html" "Mozilla/5.0 (iPhone; CPU iPhone OS 15_6 like Mac OS X) AppleWebKit/605.1.15 (KHTML, like Gecko) GSA/227.1.470269224 Mobile/15E148 Safari/604.1" "ysfine.com"
156.215.17.243 - - [11/Sep/2022:17:22:31 -0700] "GET /heisen/texfiles/einheis02.jpg HTTP/1.1" 200 27711 "https://ysfine.com/heisen/heisenberg.html" "Mozilla/5.0 (iPhone; CPU iPhone OS 15_6 like Mac OS X) AppleWebKit/605.1.15 (KHTML, like Gecko) GSA/227.1.470269224 Mobile/15E148 Safari/604.1" "ysfine.com"
156.215.17.243 - - [11/Sep/2022:17:22:31 -0700] "GET /heisen/texfiles/einheis03.jpg HTTP/1.1" 200 46000 "https://ysfine.com/heisen/heisenberg.html" "Mozilla/5.0 (iPhone; CPU iPhone OS 15_6 like Mac OS X) AppleWebKit/605.1.15 (KHTML, like Gecko) GSA/227.1.470269224 Mobile/15E148 Safari/604.1" "ysfine.com"
156.215.17.243 - - [11/Sep/2022:17:22:31 -0700] "GET /heisen/texfiles/einheis05.jpg HTTP/1.1" 200 31787 "https://ysfine.com/heisen/heisenberg.html" "Mozilla/5.0 (iPhone; CPU iPhone OS 15_6 like Mac OS X) AppleWebKit/605.1.15 (KHTML, like Gecko) GSA/227.1.470269224 Mobile/15E148 Safari/604.1" "ysfine.com"
156.215.17.243 - - [11/Sep/2022:17:22:31 -0700] "GET /feynman/ppic/parton88a.jpg HTTP/1.1" 200 55506 "https://ysfine.com/heisen/heisenberg.html" "Mozilla/5.0 (iPhone; CPU iPhone OS 15_6 like Mac OS X) AppleWebKit/605.1.15 (KHTML, like Gecko) GSA/227.1.470269224 Mobile/15E148 Safari/604.1" "ysfine.com"
156.215.17.243 - - [11/Sep/2022:17:22:31 -0700] "GET /maga/phys/yukadirac53c.jpg HTTP/1.1" 200 40447 "https://ysfine.com/heisen/heisenberg.html" "Mozilla/5.0 (iPhone; CPU iPhone OS 15_6 like Mac OS X) AppleWebKit/605.1.15 (KHTML, like Gecko) GSA/227.1.470269224 Mobile/15E148 Safari/604.1" "ysfine.com"
156.215.17.243 - - [11/Sep/2022:17:22:31 -0700] "GET /wigner/wigkim11c.jpg HTTP/1.1" 200 30443 "https://ysfine.com/heisen/heisenberg.html" "Mozilla/5.0 (iPhone; CPU iPhone OS 15_6 like Mac OS X) AppleWebKit/605.1.15 (KHTML, like Gecko) GSA/227.1.470269224 Mobile/15E148 Safari/604.1" "ysfine.com"
156.215.17.243 - - [11/Sep/2022:17:22:31 -0700] "GET /dirac/dirheisen31c.jpg HTTP/1.1" 200 43569 "https://ysfine.com/heisen/heisenberg.html" "Mozilla/5.0 (iPhone; CPU iPhone OS 15_6 like Mac OS X) AppleWebKit/605.1.15 (KHTML, like Gecko) GSA/227.1.470269224 Mobile/15E148 Safari/604.1" "ysfine.com"
156.215.17.243 - - [11/Sep/2022:17:22:31 -0700] "GET /einstein/math/sp2c.jpg HTTP/1.1" 200 29719 "https://ysfine.com/heisen/heisenberg.html" "Mozilla/5.0 (iPhone; CPU iPhone OS 15_6 like Mac OS X) AppleWebKit/605.1.15 (KHTML, like Gecko) GSA/227.1.470269224 Mobile/15E148 Safari/604.1" "ysfine.com"
156.215.17.243 - - [11/Sep/2022:17:22:31 -0700] "GET /dirac/2osc22c.jpg HTTP/1.1" 200 28929 "https://ysfine.com/heisen/heisenberg.html" "Mozilla/5.0 (iPhone; CPU iPhone OS 15_6 like Mac OS X) AppleWebKit/605.1.15 (KHTML, like Gecko) GSA/227.1.470269224 Mobile/15E148 Safari/604.1" "ysfine.com"
156.215.17.243 - - [11/Sep/2022:17:22:31 -0700] "GET /dirac/o32c.jpg HTTP/1.1" 200 30707 "https://ysfine.com/heisen/heisenberg.html" "Mozilla/5.0 (iPhone; CPU iPhone OS 15_6 like Mac OS X) AppleWebKit/605.1.15 (KHTML, like Gecko) GSA/227.1.470269224 Mobile/15E148 Safari/604.1" "ysfine.com"
156.215.17.243 - - [11/Sep/2022:17:22:31 -0700] "GET /dirac/o32inho22c.jpg HTTP/1.1" 200 33038 "https://ysfine.com/heisen/heisenberg.html" "Mozilla/5.0 (iPhone; CPU iPhone OS 15_6 like Mac OS X) AppleWebKit/605.1.15 (KHTML, like Gecko) GSA/227.1.470269224 Mobile/15E148 Safari/604.1" "ysfine.com"
156.215.17.243 - - [11/Sep/2022:17:22:31 -0700] "GET /eink/pwk19c.jpg HTTP/1.1" 200 57759 "https://ysfine.com/heisen/heisenberg.html" "Mozilla/5.0 (iPhone; CPU iPhone OS 15_6 like Mac OS X) AppleWebKit/605.1.15 (KHTML, like Gecko) GSA/227.1.470269224 Mobile/15E148 Safari/604.1" "ysfine.com"
156.215.17.243 - - [11/Sep/2022:17:22:31 -0700] "GET /home/figs/sq55c.jpg HTTP/1.1" 200 29581 "https://ysfine.com/heisen/heisenberg.html" "Mozilla/5.0 (iPhone; CPU iPhone OS 15_6 like Mac OS X) AppleWebKit/605.1.15 (KHTML, like Gecko) GSA/227.1.470269224 Mobile/15E148 Safari/604.1" "ysfine.com"
122.57.177.129 - - [11/Sep/2022:17:22:36 -0700] "GET /world/germany/hegel02.jpg HTTP/1.1" 200 94009 "https://www.google.com/" "Mozilla/5.0 (Windows NT 10.0; Win64; x64) AppleWebKit/537.36 (KHTML, like Gecko) Chrome/105.0.0.0 Safari/537.36 Edg/105.0.1343.33" "ysfine.com"
122.57.177.129 - - [11/Sep/2022:17:22:40 -0700] "GET /world/germany/hegel09.jpg HTTP/1.1" 200 96010 "https://www.google.com/" "Mozilla/5.0 (Windows NT 10.0; Win64; x64) AppleWebKit/537.36 (KHTML, like Gecko) Chrome/105.0.0.0 Safari/537.36 Edg/105.0.1343.33" "ysfine.com"
64.124.8.36 - - [11/Sep/2022:17:22:41 -0700] "GET /archives/proceedings/boston/tanata.html HTTP/1.1" 200 510 "-" "Mozilla/5.0 (X11; Linux x86_64) AppleWebKit/537.36 (KHTML, like Gecko) Chrome/61.0.3163.79 Safari/537.36" "ysfine.com"
122.57.177.129 - - [11/Sep/2022:17:22:41 -0700] "GET /world/germany/hegel06.jpg HTTP/1.1" 200 97871 "https://www.google.com/" "Mozilla/5.0 (Windows NT 10.0; Win64; x64) AppleWebKit/537.36 (KHTML, like Gecko) Chrome/105.0.0.0 Safari/537.36 Edg/105.0.1343.33" "ysfine.com"
122.57.177.129 - - [11/Sep/2022:17:22:46 -0700] "GET /world/germany/hegel01.jpg HTTP/1.1" 200 58859 "https://www.google.com/" "Mozilla/5.0 (Windows NT 10.0; Win64; x64) AppleWebKit/537.36 (KHTML, like Gecko) Chrome/105.0.0.0 Safari/537.36 Edg/105.0.1343.33" "ysfine.com"
122.57.177.129 - - [11/Sep/2022:17:22:47 -0700] "GET /world/germany/hegel13.jpg HTTP/1.1" 200 66979 "https://www.google.com/" "Mozilla/5.0 (Windows NT 10.0; Win64; x64) AppleWebKit/537.36 (KHTML, like Gecko) Chrome/105.0.0.0 Safari/537.36 Edg/105.0.1343.33" "ysfine.com"
114.119.128.14 - - [11/Sep/2022:17:23:22 -0700] "GET /ffriends/qinshi11c.jpg HTTP/1.1" 200 41459 "-" "Mozilla/5.0 (Linux; Android 7.0;) AppleWebKit/537.36 (KHTML, like Gecko) Mobile Safari/537.36 (compatible; PetalBot;+https://webmaster.petalsearch.com/site/petalbot)" "ysfine.com"
94.196.207.178 - - [11/Sep/2022:17:23:33 -0700] "GET /jobs/koreaj22.jpg HTTP/1.1" 200 195155 "https://www.google.com/" "Mozilla/5.0 (Linux; Android 12; SAMSUNG SM-G991B) AppleWebKit/537.36 (KHTML, like Gecko) SamsungBrowser/18.0 Chrome/99.0.4844.88 Mobile Safari/537.36" "ysfine.com"
64.124.8.36 - - [11/Sep/2022:17:23:36 -0700] "GET /archives/proceedings/boston/mukun.html HTTP/1.1" 404 88 "-" "Mozilla/5.0 (X11; Linux x86_64) AppleWebKit/537.36 (KHTML, like Gecko) Chrome/61.0.3163.79 Safari/537.36" "ysfine.com"
64.124.8.36 - - [11/Sep/2022:17:24:06 -0700] "GET /philo/sisfa12/frame50.html HTTP/1.1" 200 320 "-" "Mozilla/5.0 (X11; Linux x86_64) AppleWebKit/537.36 (KHTML, like Gecko) Chrome/61.0.3163.79 Safari/537.36" "ysfine.com"
154.54.249.206 - - [11/Sep/2022:17:24:19 -0700] "GET /class54/class5470/total_data/sub_351.htm HTTP/1.1" 304 - "-" "Mozilla/5.0 (compatible; Barkrowler/0.9; +https://babbar.tech/crawler)" "www.ysfine.com"
114.119.128.14 - - [11/Sep/2022:17:25:08 -0700] "GET /friends/amkor/vassar11c.jpg HTTP/1.1" 404 88 "-" "Mozilla/5.0 (Linux; Android 7.0;) AppleWebKit/537.36 (KHTML, like Gecko) Mobile Safari/537.36 (compatible; PetalBot;+https://webmaster.petalsearch.com/site/petalbot)" "ysfine.com"
44.242.147.135 - - [11/Sep/2022:17:25:18 -0700] "GET /princeton/firestone22.jpg HTTP/1.1" 200 112919 "-" "Mozilla/5.0 (X11; Ubuntu; Linux x86_64; rv:72.0) Gecko/20100101 Firefox/72.0" "ysfine.com"
114.119.128.154 - - [11/Sep/2022:17:26:40 -0700] "GET /world/brit/tower05.jpg HTTP/1.1" 404 88 "-" "Mozilla/5.0 (Linux; Android 7.0;) AppleWebKit/537.36 (KHTML, like Gecko) Mobile Safari/537.36 (compatible; PetalBot;+https://webmaster.petalsearch.com/site/petalbot)" "ysfine.com"
209.93.189.135 - - [11/Sep/2022:17:27:51 -0700] "GET /philo/marxlon02.jpg HTTP/1.1" 200 167564 "https://www.google.com/" "Mozilla/5.0 (Windows NT 10.0; Win64; x64) AppleWebKit/537.36 (KHTML, like Gecko) Chrome/105.0.0.0 Safari/537.36" "ysfine.com"
114.119.128.143 - - [11/Sep/2022:17:28:02 -0700] "GET /friends/aline/icelandair03.jpg HTTP/1.1" 404 88 "-" "Mozilla/5.0 (Linux; Android 7.0;) AppleWebKit/537.36 (KHTML, like Gecko) Mobile Safari/537.36 (compatible; PetalBot;+https://webmaster.petalsearch.com/site/petalbot)" "ysfine.com"
77.75.78.167 - - [11/Sep/2022:17:28:45 -0700] "GET /robots.txt HTTP/1.1" 404 88 "-" "Mozilla/5.0 (compatible; SeznamBot/3.2; +http://napoveda.seznam.cz/en/seznambot-intro/)" "ysfine.com"
77.75.78.167 - - [11/Sep/2022:17:28:47 -0700] "GET /style/cameras/leicafx22.jpg HTTP/1.1" 200 112070 "-" "Mozilla/5.0 (compatible; SeznamBot/3.2; +http://napoveda.seznam.cz/en/seznambot-intro/)" "ysfine.com"
77.75.78.167 - - [11/Sep/2022:17:28:51 -0700] "GET /world/germany/hegel03.jpg HTTP/1.1" 304 - "-" "Mozilla/5.0 (compatible; SeznamBot/3.2; +http://napoveda.seznam.cz/en/seznambot-intro/)" "ysfine.com"
77.75.78.167 - - [11/Sep/2022:17:28:52 -0700] "GET /world/ital/rome061.jpg HTTP/1.1" 304 - "-" "Mozilla/5.0 (compatible; SeznamBot/3.2; +http://napoveda.seznam.cz/en/seznambot-intro/)" "ysfine.com"
77.75.78.167 - - [11/Sep/2022:17:28:52 -0700] "GET /world/ital/rome071.jpg HTTP/1.1" 304 - "-" "Mozilla/5.0 (compatible; SeznamBot/3.2; +http://napoveda.seznam.cz/en/seznambot-intro/)" "ysfine.com"
77.75.78.167 - - [11/Sep/2022:17:28:53 -0700] "GET /newyork/gwbr77.jpg HTTP/1.1" 304 - "-" "Mozilla/5.0 (compatible; SeznamBot/3.2; +http://napoveda.seznam.cz/en/seznambot-intro/)" "ysfine.com"
64.124.8.36 - - [11/Sep/2022:17:29:09 -0700] "GET /philo/sisfa12/frame18.html HTTP/1.1" 200 320 "-" "Mozilla/5.0 (X11; Linux x86_64) AppleWebKit/537.36 (KHTML, like Gecko) Chrome/61.0.3163.79 Safari/537.36" "ysfine.com"
114.119.128.162 - - [11/Sep/2022:17:29:32 -0700] "GET /ffriends/amkor/koseville01c.jpg HTTP/1.1" 200 37876 "-" "Mozilla/5.0 (Linux; Android 7.0;) AppleWebKit/537.36 (KHTML, like Gecko) Mobile Safari/537.36 (compatible; PetalBot;+https://webmaster.petalsearch.com/site/petalbot)" "ysfine.com"
120.224.161.226 - - [11/Sep/2022:17:29:49 -0700] "GET /world/ital/repub13.jpg HTTP/1.1" 200 113727 "https://cn.bing.com/" "Mozilla/5.0 (Windows NT 10.0; Win64; x64) AppleWebKit/537.36 (KHTML, like Gecko) Chrome/105.0.0.0 Safari/537.36 Edg/105.0.1343.27" "www.ysfine.com"
204.85.24.5 - - [11/Sep/2022:17:30:08 -0700] "GET /wdc/usna14.jpg HTTP/1.1" 200 98975 "https://www.google.com/" "Mozilla/5.0 (Windows NT 10.0; Win64; x64) AppleWebKit/537.36 (KHTML, like Gecko) Chrome/104.0.5112.102 Safari/537.36 OPR/90.0.4480.54" "ysfine.com"
40.77.167.35 - - [11/Sep/2022:17:30:14 -0700] "GET /world/ital/verona13b.jpg HTTP/1.1" 200 35017 "-" "Mozilla/5.0 (compatible; bingbot/2.0; +http://www.bing.com/bingbot.htm)" "ysfine.com"
40.77.167.35 - - [11/Sep/2022:17:30:15 -0700] "GET /dongio/french.html HTTP/1.1" 404 88 "-" "Mozilla/5.0 (compatible; bingbot/2.0; +http://www.bing.com/bingbot.htm)" "ysfine.com"
40.77.167.33 - - [11/Sep/2022:17:30:21 -0700] "GET /usca/pitt/highland05.jpg HTTP/1.1" 200 65710 "-" "Mozilla/5.0 (compatible; bingbot/2.0; +http://www.bing.com/bingbot.htm)" "www.ysfine.com"
64.124.8.36 - - [11/Sep/2022:17:30:59 -0700] "GET /philo/sisfa12/frame05.html HTTP/1.1" 200 320 "-" "Mozilla/5.0 (X11; Linux x86_64) AppleWebKit/537.36 (KHTML, like Gecko) Chrome/61.0.3163.79 Safari/537.36" "ysfine.com"
40.77.167.33 - - [11/Sep/2022:17:31:02 -0700] "GET /world/baltic/kalin01b.jpg HTTP/1.1" 200 49696 "-" "Mozilla/5.0 (compatible; bingbot/2.0; +http://www.bing.com/bingbot.htm)" "ysfine.com"
114.119.128.162 - - [11/Sep/2022:17:31:19 -0700] "GET /friends/polpr02.jpg HTTP/1.1" 404 88 "-" "Mozilla/5.0 (Linux; Android 7.0;) AppleWebKit/537.36 (KHTML, like Gecko) Mobile Safari/537.36 (compatible; PetalBot;+https://webmaster.petalsearch.com/site/petalbot)" "ysfine.com"
40.77.167.35 - - [11/Sep/2022:17:31:23 -0700] "GET /newyork/centralp04.jpg HTTP/1.1" 200 112263 "-" "Mozilla/5.0 (compatible; bingbot/2.0; +http://www.bing.com/bingbot.htm)" "www.ysfine.com"
40.77.167.33 - - [11/Sep/2022:17:31:51 -0700] "GET /wdc/koreaw11.jpg HTTP/1.1" 200 81220 "-" "Mozilla/5.0 (compatible; bingbot/2.0; +http://www.bing.com/bingbot.htm)" "www.ysfine.com"
64.124.8.36 - - [11/Sep/2022:17:32:32 -0700] "GET /philo/sisfa12/frame48.html HTTP/1.1" 200 319 "-" "Mozilla/5.0 (X11; Linux x86_64) AppleWebKit/537.36 (KHTML, like Gecko) Chrome/61.0.3163.79 Safari/537.36" "ysfine.com"
64.124.8.36 - - [11/Sep/2022:17:32:33 -0700] "GET /ffriends/roskei.html HTTP/1.1" 200 6121 "-" "Mozilla/5.0 (X11; Linux x86_64) AppleWebKit/537.36 (KHTML, like Gecko) Chrome/61.0.3163.79 Safari/537.36" "ysfine.com"
114.119.128.162 - - [11/Sep/2022:17:33:02 -0700] "GET /friends/bangla.jpg HTTP/1.1" 404 88 "-" "Mozilla/5.0 (Linux; Android 7.0;) AppleWebKit/537.36 (KHTML, like Gecko) Mobile Safari/537.36 (compatible; PetalBot;+https://webmaster.petalsearch.com/site/petalbot)" "ysfine.com"
40.77.167.27 - - [11/Sep/2022:17:34:22 -0700] "GET /riben/wuyiniao/7996_14.html HTTP/1.1" 404 88 "-" "Mozilla/5.0 (compatible; bingbot/2.0; +http://www.bing.com/bingbot.htm)" "ysfine.com"
168.91.106.29 - - [11/Sep/2022:17:34:24 -0700] "GET /princeton/pumu01.jpg HTTP/1.1" 200 146489 "-" "Mozilla/5.0 (Windows NT 6.3; WOW64) AppleWebKit/537.36 (KHTML, like Gecko) Chrome/38.0.2125.111 Safari/537.36" "www.ysfine.com"
185.102.48.38 - - [11/Sep/2022:17:34:25 -0700] "GET /princeton/pumu01.jpg HTTP/1.1" 200 146489 "-" "Mozilla/5.0 (Windows NT 6.3; WOW64) AppleWebKit/537.36 (KHTML, like Gecko) Chrome/38.0.2125.111 Safari/537.36" "www.ysfine.com"
64.124.8.36 - - [11/Sep/2022:17:34:33 -0700] "GET /philo/sisfa12/frame35.html HTTP/1.1" 200 319 "-" "Mozilla/5.0 (X11; Linux x86_64) AppleWebKit/537.36 (KHTML, like Gecko) Chrome/61.0.3163.79 Safari/537.36" "ysfine.com"
114.119.128.142 - - [11/Sep/2022:17:34:42 -0700] "GET /wdc/sakura22.jpg HTTP/1.1" 404 88 "-" "Mozilla/5.0 (Linux; Android 7.0;) AppleWebKit/537.36 (KHTML, like Gecko) Mobile Safari/537.36 (compatible; PetalBot;+https://webmaster.petalsearch.com/site/petalbot)" "ysfine.com"
114.119.128.158 - - [11/Sep/2022:17:36:17 -0700] "GET /dongio/amkor/jasmilan11.jpg HTTP/1.1" 404 88 "-" "Mozilla/5.0 (Linux; Android 7.0;) AppleWebKit/537.36 (KHTML, like Gecko) Mobile Safari/537.36 (compatible; PetalBot;+https://webmaster.petalsearch.com/site/petalbot)" "ysfine.com"
64.124.8.36 - - [11/Sep/2022:17:36:47 -0700] "GET /philo/sisfa12/frame22.html HTTP/1.1" 200 320 "-" "Mozilla/5.0 (X11; Linux x86_64) AppleWebKit/537.36 (KHTML, like Gecko) Chrome/61.0.3163.79 Safari/537.36" "ysfine.com"
66.214.128.120 - - [11/Sep/2022:17:37:11 -0700] "GET /world/brit/etonharrow.html HTTP/1.1" 200 4546 "https://www.google.co.in/" "Mozilla/5.0 (Macintosh; Intel Mac OS X 10_15_6) AppleWebKit/605.1.15 (KHTML, like Gecko) Version/15.6.1 Safari/605.1.15" "ysfine.com"
66.214.128.120 - - [11/Sep/2022:17:37:11 -0700] "GET /world/brit/winston01b.jpg HTTP/1.1" 200 38436 "https://ysfine.com/world/brit/etonharrow.html" "Mozilla/5.0 (Macintosh; Intel Mac OS X 10_15_6) AppleWebKit/605.1.15 (KHTML, like Gecko) Version/15.6.1 Safari/605.1.15" "ysfine.com"
66.214.128.120 - - [11/Sep/2022:17:37:12 -0700] "GET /kobak/kwk11b.jpg HTTP/1.1" 200 46888 "https://ysfine.com/world/brit/etonharrow.html" "Mozilla/5.0 (Macintosh; Intel Mac OS X 10_15_6) AppleWebKit/605.1.15 (KHTML, like Gecko) Version/15.6.1 Safari/605.1.15" "ysfine.com"
66.214.128.120 - - [11/Sep/2022:17:37:12 -0700] "GET /world/brit/nehru11b.jpg HTTP/1.1" 200 43052 "https://ysfine.com/world/brit/etonharrow.html" "Mozilla/5.0 (Macintosh; Intel Mac OS X 10_15_6) AppleWebKit/605.1.15 (KHTML, like Gecko) Version/15.6.1 Safari/605.1.15" "ysfine.com"
66.214.128.120 - - [11/Sep/2022:17:37:12 -0700] "GET /world/brit/eton02b.jpg HTTP/1.1" 200 39432 "https://ysfine.com/world/brit/etonharrow.html" "Mozilla/5.0 (Macintosh; Intel Mac OS X 10_15_6) AppleWebKit/605.1.15 (KHTML, like Gecko) Version/15.6.1 Safari/605.1.15" "ysfine.com"
66.214.128.120 - - [11/Sep/2022:17:37:12 -0700] "GET /world/brit/eton01b.jpg HTTP/1.1" 200 47771 "https://ysfine.com/world/brit/etonharrow.html" "Mozilla/5.0 (Macintosh; Intel Mac OS X 10_15_6) AppleWebKit/605.1.15 (KHTML, like Gecko) Version/15.6.1 Safari/605.1.15" "ysfine.com"
