40.77.167.35 - - [11/Sep/2022:09:44:09 -0700] "GET /world/germany/schonbr01.jpg HTTP/1.1" 200 89359 "-" "Mozilla/5.0 (compatible; bingbot/2.0; +http://www.bing.com/bingbot.htm)" "ysfine.com"
40.77.167.62 - - [11/Sep/2022:09:44:49 -0700] "GET /world/china/dalian60.jpg HTTP/1.1" 200 103600 "-" "Mozilla/5.0 (compatible; bingbot/2.0; +http://www.bing.com/bingbot.htm)" "ysfine.com"
108.31.67.207 - - [11/Sep/2022:09:45:39 -0700] "GET /dirac/wigsis11.jpg HTTP/1.1" 200 71741 "https://www.google.com/" "Mozilla/5.0 (Macintosh; Intel Mac OS X 10.15; rv:104.0) Gecko/20100101 Firefox/104.0" "ysfine.com"
40.77.167.35 - - [11/Sep/2022:09:46:51 -0700] "GET /world/france/frpolice02.jpg HTTP/1.1" 200 103238 "-" "Mozilla/5.0 (compatible; bingbot/2.0; +http://www.bing.com/bingbot.htm)" "www.ysfine.com"
95.163.255.68 - - [11/Sep/2022:09:46:57 -0700] "GET /world/brit/cam28.jpg HTTP/1.1" 200 69987 "-" "Mozilla/5.0 (compatible; Linux x86_64; Mail.RU_Bot/2.0; +https://help.mail.ru/webmaster/indexing/robots)" "www.ysfine.com"
95.163.255.67 - - [11/Sep/2022:09:46:59 -0700] "GET /world/france/nice301.jpg HTTP/1.1" 200 156611 "-" "Mozilla/5.0 (compatible; Linux x86_64; Mail.RU_Bot/2.0; +https://help.mail.ru/webmaster/indexing/robots)" "www.ysfine.com"
40.77.167.35 - - [11/Sep/2022:09:47:40 -0700] "GET /wdc/usna03.jpg HTTP/1.1" 200 56319 "-" "Mozilla/5.0 (compatible; bingbot/2.0; +http://www.bing.com/bingbot.htm)" "ysfine.com"
31.206.5.221 - - [11/Sep/2022:09:47:46 -0700] "GET /wp-login.php HTTP/1.1" 404 73 "-" "Mozilla/4.0 (compatible; MSIE 6.0; Windows NT 5.0)" "www.ysfine.com"
51.222.253.3 - - [11/Sep/2022:09:47:52 -0700] "GET /robots.txt HTTP/1.1" 404 88 "-" "Mozilla/5.0 (compatible; AhrefsBot/7.0; +http://ahrefs.com/robot/)" "ysfine.com"
51.222.253.1 - - [11/Sep/2022:09:47:54 -0700] "GET / HTTP/1.1" 200 5283 "-" "Mozilla/5.0 (compatible; AhrefsBot/7.0; +http://ahrefs.com/robot/)" "ysfine.com"
64.124.8.59 - - [11/Sep/2022:09:47:56 -0700] "GET /philo/sisfa12/frame03.html HTTP/1.1" 200 320 "-" "Mozilla/5.0 (X11; Linux x86_64) AppleWebKit/537.36 (KHTML, like Gecko) Chrome/61.0.3163.79 Safari/537.36" "ysfine.com"
157.55.39.146 - - [11/Sep/2022:09:49:05 -0700] "GET /maga/phys/hugo.html HTTP/1.1" 404 88 "-" "Mozilla/5.0 (compatible; bingbot/2.0; +http://www.bing.com/bingbot.htm)" "ysfine.com"
40.77.167.35 - - [11/Sep/2022:09:49:11 -0700] "GET /world/germany/leipzig41.jpg HTTP/1.1" 200 247799 "-" "Mozilla/5.0 (compatible; bingbot/2.0; +http://www.bing.com/bingbot.htm)" "www.ysfine.com"
64.124.8.59 - - [11/Sep/2022:09:50:11 -0700] "GET /robots.txt HTTP/1.1" 404 88 "-" "Mozilla/5.0 (X11; Linux x86_64) AppleWebKit/537.36 (KHTML, like Gecko) Chrome/61.0.3163.79 Safari/537.36" "ysfine.com"
40.77.167.35 - - [11/Sep/2022:09:51:11 -0700] "GET /style/musee/perga19.jpg HTTP/1.1" 200 90534 "-" "Mozilla/5.0 (compatible; bingbot/2.0; +http://www.bing.com/bingbot.htm)" "ysfine.com"
154.54.249.206 - - [11/Sep/2022:09:51:48 -0700] "GET /einstein/photoel.html HTTP/1.1" 200 6054 "-" "Mozilla/5.0 (compatible; Barkrowler/0.9; +https://babbar.tech/crawler)" "ysfine.com"
97.119.100.200 - - [11/Sep/2022:09:52:01 -0700] "GET /world/japan/nara005.jpg HTTP/1.1" 200 144132 "https://www.google.com/" "Mozilla/5.0 (Macintosh; Intel Mac OS X 10_15_7) AppleWebKit/537.36 (KHTML, like Gecko) Chrome/102.0.0.0 Safari/537.36" "ysfine.com"
154.54.249.206 - - [11/Sep/2022:09:52:05 -0700] "GET /class54/class5470/total_data/sub_299.htm HTTP/1.1" 200 3386 "-" "Mozilla/5.0 (compatible; Barkrowler/0.9; +https://babbar.tech/crawler)" "www.ysfine.com"
40.77.167.62 - - [11/Sep/2022:09:52:09 -0700] "GET /style/kirovken44.jpg HTTP/1.1" 200 99499 "-" "Mozilla/5.0 (compatible; bingbot/2.0; +http://www.bing.com/bingbot.htm)" "www.ysfine.com"
129.132.233.128 - - [11/Sep/2022:09:52:32 -0700] "GET /dirac/wigsis11.jpg HTTP/1.1" 200 71741 "https://www.google.com/" "Mozilla/5.0 (Windows NT 10.0; Win64; x64) AppleWebKit/537.36 (KHTML, like Gecko) Chrome/87.0.4280.88 Safari/537.36" "ysfine.com"
64.124.8.59 - - [11/Sep/2022:09:52:48 -0700] "GET /archives/proceedings/wpro01/moylan.html HTTP/1.1" 200 619 "-" "Mozilla/5.0 (X11; Linux x86_64) AppleWebKit/537.36 (KHTML, like Gecko) Chrome/61.0.3163.79 Safari/537.36" "ysfine.com"
129.132.233.128 - - [11/Sep/2022:09:53:29 -0700] "GET /dirac/dirac84.jpg HTTP/1.1" 200 67390 "https://www.google.com/" "Mozilla/5.0 (Windows NT 10.0; Win64; x64) AppleWebKit/537.36 (KHTML, like Gecko) Chrome/87.0.4280.88 Safari/537.36" "ysfine.com"
64.124.8.59 - - [11/Sep/2022:09:54:37 -0700] "GET /archives/proceedings/boston/maclay.html HTTP/1.1" 200 591 "-" "Mozilla/5.0 (X11; Linux x86_64) AppleWebKit/537.36 (KHTML, like Gecko) Chrome/61.0.3163.79 Safari/537.36" "ysfine.com"
64.124.8.59 - - [11/Sep/2022:09:56:14 -0700] "GET /archives/proceedings/boston/barton.html HTTP/1.1" 200 758 "-" "Mozilla/5.0 (X11; Linux x86_64) AppleWebKit/537.36 (KHTML, like Gecko) Chrome/61.0.3163.79 Safari/537.36" "ysfine.com"
51.222.253.9 - - [11/Sep/2022:09:56:34 -0700] "GET /class54/class5470/total_data/sub_889.htm HTTP/1.1" 200 3510 "-" "Mozilla/5.0 (compatible; AhrefsBot/7.0; +http://ahrefs.com/robot/)" "ysfine.com"
93.158.161.30 - - [11/Sep/2022:09:57:09 -0700] "GET /robots.txt HTTP/1.1" 404 73 "-" "Mozilla/5.0 (compatible; YandexBot/3.0; +http://yandex.com/bots)" "www.ysfine.com"
93.158.161.30 - - [11/Sep/2022:09:57:12 -0700] "GET /philo/comet30.jpg HTTP/1.1" 304 - "-" "Mozilla/5.0 (compatible; YandexImages/3.0; +http://yandex.com/bots)" "www.ysfine.com"
157.55.39.146 - - [11/Sep/2022:09:57:45 -0700] "GET /style/musee/uffizi22.jpg HTTP/1.1" 200 131191 "-" "Mozilla/5.0 (compatible; bingbot/2.0; +http://www.bing.com/bingbot.htm)" "ysfine.com"
185.191.171.18 - - [11/Sep/2022:09:59:49 -0700] "GET /class54/emailed.html HTTP/1.1" 200 8184 "-" "Mozilla/5.0 (compatible; SemrushBot/7~bl; +http://www.semrush.com/bot.html)" "ysfine.com"
194.38.20.161 - - [11/Sep/2022:10:00:54 -0700] "GET /wp-content/plugins/advanced_file_manager_5/php/connector.minimal.php HTTP/1.1" 404 73 "-" "ALittle Client" "ysfine.com"
64.124.8.59 - - [11/Sep/2022:10:01:03 -0700] "GET /home/fotos/ysk54.html HTTP/1.1" 404 88 "-" "Mozilla/5.0 (X11; Linux x86_64) AppleWebKit/537.36 (KHTML, like Gecko) Chrome/61.0.3163.79 Safari/537.36" "ysfine.com"
40.77.167.35 - - [11/Sep/2022:10:01:21 -0700] "GET /kowar/tanks/sherman50.jpg HTTP/1.1" 200 69232 "-" "Mozilla/5.0 (compatible; bingbot/2.0; +http://www.bing.com/bingbot.htm)" "ysfine.com"
157.55.39.146 - - [11/Sep/2022:10:02:06 -0700] "GET /world/germany/tub37.jpg HTTP/1.1" 200 94124 "-" "Mozilla/5.0 (compatible; bingbot/2.0; +http://www.bing.com/bingbot.htm)" "ysfine.com"
40.77.167.35 - - [11/Sep/2022:10:02:51 -0700] "GET /feynman/ppic/quantum01.jpg HTTP/1.1" 200 40781 "-" "Mozilla/5.0 (compatible; bingbot/2.0; +http://www.bing.com/bingbot.htm)" "ysfine.com"
40.77.167.35 - - [11/Sep/2022:10:03:02 -0700] "GET /einstein/places/ulm01.jpg HTTP/1.1" 200 54884 "-" "Mozilla/5.0 (compatible; bingbot/2.0; +http://www.bing.com/bingbot.htm)" "www.ysfine.com"
40.77.167.35 - - [11/Sep/2022:10:03:40 -0700] "GET /princeton/car01.jpg HTTP/1.1" 200 78000 "-" "Mozilla/5.0 (compatible; bingbot/2.0; +http://www.bing.com/bingbot.htm)" "www.ysfine.com"
64.124.8.59 - - [11/Sep/2022:10:04:00 -0700] "GET /archives/proceedings/wpro01/abe.html HTTP/1.1" 200 791 "-" "Mozilla/5.0 (X11; Linux x86_64) AppleWebKit/537.36 (KHTML, like Gecko) Chrome/61.0.3163.79 Safari/537.36" "ysfine.com"
40.77.167.35 - - [11/Sep/2022:10:04:22 -0700] "GET /world/russ/gum24.jpg HTTP/1.1" 200 149949 "-" "Mozilla/5.0 (compatible; bingbot/2.0; +http://www.bing.com/bingbot.htm)" "ysfine.com"
5.14.135.202 - - [11/Sep/2022:10:04:59 -0700] "GET /world/scandi/sto001.jpg HTTP/1.1" 200 111684 "https://www.google.com/blank.html" "Mozilla/5.0 (Linux; Android 8.0.0; SM-A600FN Build/R16NW; wv) AppleWebKit/537.36 (KHTML, like Gecko) Version/4.0 Chrome/68.0.3440.91 Mobile Safari/537.36 GSA/12.23.16.23.arm" "ysfine.com"
64.124.8.59 - - [11/Sep/2022:10:05:36 -0700] "GET /archives/proceedings/wpro01/fernan.html HTTP/1.1" 200 637 "-" "Mozilla/5.0 (X11; Linux x86_64) AppleWebKit/537.36 (KHTML, like Gecko) Chrome/61.0.3163.79 Safari/537.36" "ysfine.com"
43.241.144.193 - - [11/Sep/2022:10:06:00 -0700] "GET /dirac/dirac11.jpg HTTP/1.1" 200 94245 "https://www.google.com/" "Mozilla/5.0 (X11; Linux x86_64) AppleWebKit/537.36 (KHTML, like Gecko) Chrome/103.0.0.0 Safari/537.36" "ysfine.com"
43.241.144.193 - - [11/Sep/2022:10:06:02 -0700] "GET /dirac/dirheisen31b.jpg HTTP/1.1" 200 39248 "https://www.google.com/" "Mozilla/5.0 (X11; Linux x86_64) AppleWebKit/537.36 (KHTML, like Gecko) Chrome/103.0.0.0 Safari/537.36" "ysfine.com"
43.241.144.193 - - [11/Sep/2022:10:06:05 -0700] "GET /dirac/feydirac300.jpg HTTP/1.1" 200 38223 "https://www.google.com/" "Mozilla/5.0 (X11; Linux x86_64) AppleWebKit/537.36 (KHTML, like Gecko) Chrome/103.0.0.0 Safari/537.36" "ysfine.com"
157.55.39.146 - - [11/Sep/2022:10:06:06 -0700] "GET /world/germany/mucf28.jpg HTTP/1.1" 200 111505 "-" "Mozilla/5.0 (compatible; bingbot/2.0; +http://www.bing.com/bingbot.htm)" "www.ysfine.com"
185.109.152.33 - - [11/Sep/2022:10:06:07 -0700] "GET /world/places/ulm11.jpg HTTP/1.1" 200 153785 "https://www.google.co.uk/" "Mozilla/5.0 (iPhone; CPU iPhone OS 15_6_1 like Mac OS X) AppleWebKit/605.1.15 (KHTML, like Gecko) Version/15.6.1 Mobile/15E148 Safari/604.1" "ysfine.com"
51.222.253.14 - - [11/Sep/2022:10:06:12 -0700] "GET /class54/class5470/total_data/sub_301.htm HTTP/1.1" 200 3324 "-" "Mozilla/5.0 (compatible; AhrefsBot/7.0; +http://ahrefs.com/robot/)" "www.ysfine.com"
51.222.253.15 - - [11/Sep/2022:10:06:15 -0700] "GET /class54/class5470/total_data/refer_img/3-18_f.jpg HTTP/1.1" 200 22592 "-" "Mozilla/5.0 (compatible; AhrefsBot/7.0; +http://ahrefs.com/robot/)" "www.ysfine.com"
51.222.253.2 - - [11/Sep/2022:10:06:15 -0700] "GET /class54/class5470/total_data/refer_img/3-20_f.jpg HTTP/1.1" 200 22984 "-" "Mozilla/5.0 (compatible; AhrefsBot/7.0; +http://ahrefs.com/robot/)" "www.ysfine.com"
51.222.253.9 - - [11/Sep/2022:10:06:16 -0700] "GET /class54/class5470/total_data/images/mb.css HTTP/1.1" 404 88 "-" "Mozilla/5.0 (compatible; AhrefsBot/7.0; +http://ahrefs.com/robot/)" "www.ysfine.com"
51.222.253.2 - - [11/Sep/2022:10:06:16 -0700] "GET /class54/class5470/total_data/refer_img/3-12_f.jpg HTTP/1.1" 200 29397 "-" "Mozilla/5.0 (compatible; AhrefsBot/7.0; +http://ahrefs.com/robot/)" "www.ysfine.com"
51.222.253.10 - - [11/Sep/2022:10:06:16 -0700] "GET /class54/class5470/total_data/refer_img/3-19_f.jpg HTTP/1.1" 200 19615 "-" "Mozilla/5.0 (compatible; AhrefsBot/7.0; +http://ahrefs.com/robot/)" "www.ysfine.com"
51.222.253.14 - - [11/Sep/2022:10:06:16 -0700] "GET /class54/class5470/total_data/refer_img/3-14_f.jpg HTTP/1.1" 200 21220 "-" "Mozilla/5.0 (compatible; AhrefsBot/7.0; +http://ahrefs.com/robot/)" "www.ysfine.com"
51.222.253.10 - - [11/Sep/2022:10:06:17 -0700] "GET /class54/class5470/total_data/img/menu06_on.gif HTTP/1.1" 200 624 "-" "Mozilla/5.0 (compatible; AhrefsBot/7.0; +http://ahrefs.com/robot/)" "www.ysfine.com"
51.222.253.13 - - [11/Sep/2022:10:06:17 -0700] "GET /class54/class5470/total_data/img/menu08_on.gif HTTP/1.1" 200 813 "-" "Mozilla/5.0 (compatible; AhrefsBot/7.0; +http://ahrefs.com/robot/)" "www.ysfine.com"
51.222.253.2 - - [11/Sep/2022:10:06:17 -0700] "GET /class54/class5470/total_data/img/menu02_on.gif HTTP/1.1" 200 782 "-" "Mozilla/5.0 (compatible; AhrefsBot/7.0; +http://ahrefs.com/robot/)" "www.ysfine.com"
51.222.253.18 - - [11/Sep/2022:10:06:18 -0700] "GET /class54/class5470/total_data/img/menu05_on.gif HTTP/1.1" 200 691 "-" "Mozilla/5.0 (compatible; AhrefsBot/7.0; +http://ahrefs.com/robot/)" "www.ysfine.com"
51.222.253.5 - - [11/Sep/2022:10:06:18 -0700] "GET /class54/class5470/total_data/refer_img/3-6_f.jpg HTTP/1.1" 200 34282 "-" "Mozilla/5.0 (compatible; AhrefsBot/7.0; +http://ahrefs.com/robot/)" "www.ysfine.com"
51.222.253.1 - - [11/Sep/2022:10:06:18 -0700] "GET /class54/class5470/total_data/img/home_logo.gif HTTP/1.1" 200 4562 "-" "Mozilla/5.0 (compatible; AhrefsBot/7.0; +http://ahrefs.com/robot/)" "www.ysfine.com"
51.222.253.8 - - [11/Sep/2022:10:06:19 -0700] "GET /class54/class5470/total_data/refer_img/3-9_f.jpg HTTP/1.1" 200 30923 "-" "Mozilla/5.0 (compatible; AhrefsBot/7.0; +http://ahrefs.com/robot/)" "www.ysfine.com"
51.222.253.12 - - [11/Sep/2022:10:06:19 -0700] "GET /class54/class5470/total_data/img/03_smline.gif HTTP/1.1" 200 3214 "-" "Mozilla/5.0 (compatible; AhrefsBot/7.0; +http://ahrefs.com/robot/)" "www.ysfine.com"
51.222.253.5 - - [11/Sep/2022:10:06:20 -0700] "GET /class54/class5470/total_data/refer_img/3-3_f.jpg HTTP/1.1" 200 35517 "-" "Mozilla/5.0 (compatible; AhrefsBot/7.0; +http://ahrefs.com/robot/)" "www.ysfine.com"
51.222.253.5 - - [11/Sep/2022:10:06:20 -0700] "GET /class54/class5470/total_data/refer_img/3-13_f.jpg HTTP/1.1" 200 21120 "-" "Mozilla/5.0 (compatible; AhrefsBot/7.0; +http://ahrefs.com/robot/)" "www.ysfine.com"
51.222.253.20 - - [11/Sep/2022:10:06:21 -0700] "GET /class54/class5470/total_data/refer_img/3-8_f.jpg HTTP/1.1" 200 26967 "-" "Mozilla/5.0 (compatible; AhrefsBot/7.0; +http://ahrefs.com/robot/)" "www.ysfine.com"
51.222.253.10 - - [11/Sep/2022:10:06:21 -0700] "GET /class54/class5470/total_data/img/02_schooldays.gif HTTP/1.1" 200 987 "-" "Mozilla/5.0 (compatible; AhrefsBot/7.0; +http://ahrefs.com/robot/)" "www.ysfine.com"
51.222.253.12 - - [11/Sep/2022:10:06:22 -0700] "GET /class54/class5470/total_data/refer_img/3-21_f.jpg HTTP/1.1" 200 32280 "-" "Mozilla/5.0 (compatible; AhrefsBot/7.0; +http://ahrefs.com/robot/)" "www.ysfine.com"
51.222.253.11 - - [11/Sep/2022:10:06:22 -0700] "GET /class54/class5470/total_data/refer_img/3-10_f.jpg HTTP/1.1" 200 35360 "-" "Mozilla/5.0 (compatible; AhrefsBot/7.0; +http://ahrefs.com/robot/)" "www.ysfine.com"
185.109.152.33 - - [11/Sep/2022:10:06:22 -0700] "GET /world/places/ulm11b.jpg HTTP/1.1" 200 35828 "https://www.google.co.uk/" "Mozilla/5.0 (iPhone; CPU iPhone OS 15_6_1 like Mac OS X) AppleWebKit/605.1.15 (KHTML, like Gecko) Version/15.6.1 Mobile/15E148 Safari/604.1" "ysfine.com"
51.222.253.18 - - [11/Sep/2022:10:06:23 -0700] "GET /class54/class5470/total_data/refer_img/3-2_f.jpg HTTP/1.1" 200 26427 "-" "Mozilla/5.0 (compatible; AhrefsBot/7.0; +http://ahrefs.com/robot/)" "www.ysfine.com"
51.222.253.10 - - [11/Sep/2022:10:06:23 -0700] "GET /class54/class5470/total_data/img/menu03_on.gif HTTP/1.1" 200 600 "-" "Mozilla/5.0 (compatible; AhrefsBot/7.0; +http://ahrefs.com/robot/)" "www.ysfine.com"
51.222.253.7 - - [11/Sep/2022:10:06:24 -0700] "GET /class54/class5470/total_data/refer_img/3-7_f.jpg HTTP/1.1" 200 27397 "-" "Mozilla/5.0 (compatible; AhrefsBot/7.0; +http://ahrefs.com/robot/)" "www.ysfine.com"
51.222.253.1 - - [11/Sep/2022:10:06:24 -0700] "GET /class54/class5470/total_data/refer_img/3-1_f.jpg HTTP/1.1" 200 35017 "-" "Mozilla/5.0 (compatible; AhrefsBot/7.0; +http://ahrefs.com/robot/)" "www.ysfine.com"
51.222.253.5 - - [11/Sep/2022:10:06:25 -0700] "GET /class54/class5470/total_data/img/sm02_on.gif HTTP/1.1" 200 399 "-" "Mozilla/5.0 (compatible; AhrefsBot/7.0; +http://ahrefs.com/robot/)" "www.ysfine.com"
51.222.253.16 - - [11/Sep/2022:10:06:25 -0700] "GET /class54/class5470/total_data/img/menu07_on.gif HTTP/1.1" 200 578 "-" "Mozilla/5.0 (compatible; AhrefsBot/7.0; +http://ahrefs.com/robot/)" "www.ysfine.com"
51.222.253.8 - - [11/Sep/2022:10:06:25 -0700] "GET /class54/class5470/total_data/refer_img/3-4_f.jpg HTTP/1.1" 200 29538 "-" "Mozilla/5.0 (compatible; AhrefsBot/7.0; +http://ahrefs.com/robot/)" "www.ysfine.com"
51.222.253.17 - - [11/Sep/2022:10:06:26 -0700] "GET /class54/class5470/total_data/img/sm04_on.gif HTTP/1.1" 200 392 "-" "Mozilla/5.0 (compatible; AhrefsBot/7.0; +http://ahrefs.com/robot/)" "www.ysfine.com"
51.222.253.3 - - [11/Sep/2022:10:06:26 -0700] "GET /class54/class5470/total_data/img/menu04_on.gif HTTP/1.1" 200 813 "-" "Mozilla/5.0 (compatible; AhrefsBot/7.0; +http://ahrefs.com/robot/)" "www.ysfine.com"
51.222.253.15 - - [11/Sep/2022:10:06:27 -0700] "GET /class54/class5470/total_data/refer_img/3-11_f.jpg HTTP/1.1" 200 23582 "-" "Mozilla/5.0 (compatible; AhrefsBot/7.0; +http://ahrefs.com/robot/)" "www.ysfine.com"
51.222.253.8 - - [11/Sep/2022:10:06:27 -0700] "GET /class54/class5470/total_data/img/bottom_title.gif HTTP/1.1" 200 14467 "-" "Mozilla/5.0 (compatible; AhrefsBot/7.0; +http://ahrefs.com/robot/)" "www.ysfine.com"
51.222.253.5 - - [11/Sep/2022:10:06:27 -0700] "GET /class54/class5470/total_data/refer_img/3-16_f.jpg HTTP/1.1" 200 30897 "-" "Mozilla/5.0 (compatible; AhrefsBot/7.0; +http://ahrefs.com/robot/)" "www.ysfine.com"
51.222.253.6 - - [11/Sep/2022:10:06:28 -0700] "GET /class54/class5470/total_data/refer_img/3-17_f.jpg HTTP/1.1" 200 20135 "-" "Mozilla/5.0 (compatible; AhrefsBot/7.0; +http://ahrefs.com/robot/)" "www.ysfine.com"
51.222.253.15 - - [11/Sep/2022:10:06:28 -0700] "GET /class54/class5470/total_data/refer_img/3-15_f.jpg HTTP/1.1" 200 30741 "-" "Mozilla/5.0 (compatible; AhrefsBot/7.0; +http://ahrefs.com/robot/)" "www.ysfine.com"
51.222.253.14 - - [11/Sep/2022:10:06:29 -0700] "GET /class54/class5470/total_data/img/03_title.gif HTTP/1.1" 200 5602 "-" "Mozilla/5.0 (compatible; AhrefsBot/7.0; +http://ahrefs.com/robot/)" "www.ysfine.com"
51.222.253.7 - - [11/Sep/2022:10:06:29 -0700] "GET /class54/class5470/total_data/img/03_smtitle01.gif HTTP/1.1" 200 748 "-" "Mozilla/5.0 (compatible; AhrefsBot/7.0; +http://ahrefs.com/robot/)" "www.ysfine.com"
51.222.253.2 - - [11/Sep/2022:10:06:29 -0700] "GET /class54/class5470/total_data/photo_img/3-1.jpg HTTP/1.1" 200 141750 "-" "Mozilla/5.0 (compatible; AhrefsBot/7.0; +http://ahrefs.com/robot/)" "www.ysfine.com"
51.222.253.12 - - [11/Sep/2022:10:06:30 -0700] "GET /class54/class5470/total_data/refer_img/3-5_f.jpg HTTP/1.1" 200 26723 "-" "Mozilla/5.0 (compatible; AhrefsBot/7.0; +http://ahrefs.com/robot/)" "www.ysfine.com"
72.50.7.218 - - [11/Sep/2022:10:07:19 -0700] "GET /world/russ/kazanmap22.jpg HTTP/1.1" 200 129761 "https://images.search.yahoo.com/" "Mozilla/5.0 (Windows NT 10.0; Win64; x64; rv:104.0) Gecko/20100101 Firefox/104.0" "www.ysfine.com"
40.77.167.62 - - [11/Sep/2022:10:07:31 -0700] "GET /home/einbohr99g.jpg HTTP/1.1" 200 64286 "-" "Mozilla/5.0 (compatible; bingbot/2.0; +http://www.bing.com/bingbot.htm)" "ysfine.com"
185.191.171.9 - - [11/Sep/2022:10:07:32 -0700] "GET /robots.txt HTTP/1.1" 404 88 "-" "Mozilla/5.0 (compatible; SemrushBot/7~bl; +http://www.semrush.com/bot.html)" "www.ysfine.com"
185.191.171.22 - - [11/Sep/2022:10:07:33 -0700] "GET /class54/class5470/total_data/sub_762.htm HTTP/1.1" 200 3289 "-" "Mozilla/5.0 (compatible; SemrushBot/7~bl; +http://www.semrush.com/bot.html)" "www.ysfine.com"
185.191.171.6 - - [11/Sep/2022:10:07:52 -0700] "GET /class54/class5470/total_data/sub_410.htm HTTP/1.1" 200 3214 "-" "Mozilla/5.0 (compatible; SemrushBot/7~bl; +http://www.semrush.com/bot.html)" "ysfine.com"
154.54.249.206 - - [11/Sep/2022:10:08:14 -0700] "GET /einstein/evol.html HTTP/1.1" 200 3830 "-" "Mozilla/5.0 (compatible; Barkrowler/0.9; +https://babbar.tech/crawler)" "ysfine.com"
154.54.249.206 - - [11/Sep/2022:10:08:28 -0700] "GET /class54/class5470/total_data/sub_517.htm HTTP/1.1" 304 - "-" "Mozilla/5.0 (compatible; Barkrowler/0.9; +https://babbar.tech/crawler)" "www.ysfine.com"
64.124.8.59 - - [11/Sep/2022:10:09:07 -0700] "GET /archives/proceedings/boston/klaude.html HTTP/1.1" 200 624 "-" "Mozilla/5.0 (X11; Linux x86_64) AppleWebKit/537.36 (KHTML, like Gecko) Chrome/61.0.3163.79 Safari/537.36" "ysfine.com"
157.55.39.146 - - [11/Sep/2022:10:09:25 -0700] "GET /world/ital/uffizi11.jpg HTTP/1.1" 200 116766 "-" "Mozilla/5.0 (compatible; bingbot/2.0; +http://www.bing.com/bingbot.htm)" "ysfine.com"
189.172.204.161 - - [11/Sep/2022:10:09:37 -0700] "GET /kobak/sorae/grandpa.jpg HTTP/1.1" 200 70401 "https://www.google.com/" "Mozilla/5.0 (Windows NT 10.0; Win64; x64) AppleWebKit/537.36 (KHTML, like Gecko) Chrome/105.0.0.0 Safari/537.36" "ysfine.com"
64.124.8.59 - - [11/Sep/2022:10:09:37 -0700] "GET /archives/proceedings/wpro01/ohnuki.html HTTP/1.1" 200 704 "-" "Mozilla/5.0 (X11; Linux x86_64) AppleWebKit/537.36 (KHTML, like Gecko) Chrome/61.0.3163.79 Safari/537.36" "ysfine.com"
140.180.240.107 - - [11/Sep/2022:10:09:39 -0700] "GET /princeton/gcollege.html HTTP/1.1" 200 504 "https://www.google.com/" "Mozilla/5.0 (Linux; Android 12; Pixel 4a) AppleWebKit/537.36 (KHTML, like Gecko) Chrome/105.0.0.0 Mobile Safari/537.36" "ysfine.com"
140.180.240.107 - - [11/Sep/2022:10:09:39 -0700] "GET /princeton/gcollege02.jpg HTTP/1.1" 200 69104 "https://ysfine.com/princeton/gcollege.html" "Mozilla/5.0 (Linux; Android 12; Pixel 4a) AppleWebKit/537.36 (KHTML, like Gecko) Chrome/105.0.0.0 Mobile Safari/537.36" "ysfine.com"
140.180.240.107 - - [11/Sep/2022:10:09:39 -0700] "GET /princeton/gcollege61.jpg HTTP/1.1" 200 84242 "https://ysfine.com/princeton/gcollege.html" "Mozilla/5.0 (Linux; Android 12; Pixel 4a) AppleWebKit/537.36 (KHTML, like Gecko) Chrome/105.0.0.0 Mobile Safari/537.36" "ysfine.com"
140.180.240.107 - - [11/Sep/2022:10:09:39 -0700] "GET /princeton/gcollege08.jpg HTTP/1.1" 200 81357 "https://ysfine.com/princeton/gcollege.html" "Mozilla/5.0 (Linux; Android 12; Pixel 4a) AppleWebKit/537.36 (KHTML, like Gecko) Chrome/105.0.0.0 Mobile Safari/537.36" "ysfine.com"
140.180.240.107 - - [11/Sep/2022:10:09:39 -0700] "GET /eink/eink61c.jpg HTTP/1.1" 200 34119 "https://ysfine.com/princeton/gcollege.html" "Mozilla/5.0 (Linux; Android 12; Pixel 4a) AppleWebKit/537.36 (KHTML, like Gecko) Chrome/105.0.0.0 Mobile Safari/537.36" "ysfine.com"
40.77.167.33 - - [11/Sep/2022:10:09:43 -0700] "GET /world/russ/arbat01.jpg HTTP/1.1" 200 107338 "-" "Mozilla/5.0 (compatible; bingbot/2.0; +http://www.bing.com/bingbot.htm)" "ysfine.com"
106.79.235.10 - - [11/Sep/2022:10:10:05 -0700] "GET /jobs/koreaj.html HTTP/1.1" 200 10214 "https://www.google.com/" "Mozilla/5.0 (Linux; Android 10; CPH1937) AppleWebKit/537.36 (KHTML, like Gecko) Chrome/81.0.4044.138 Mobile Safari/537.36" "ysfine.com"
106.79.235.10 - - [11/Sep/2022:10:10:06 -0700] "GET /jobs/koreaj11b.jpg HTTP/1.1" 200 67543 "https://ysfine.com/jobs/koreaj.html" "Mozilla/5.0 (Linux; Android 10; CPH1937) AppleWebKit/537.36 (KHTML, like Gecko) Chrome/81.0.4044.138 Mobile Safari/537.36" "ysfine.com"
106.79.235.10 - - [11/Sep/2022:10:10:07 -0700] "GET /favicon.ico HTTP/1.1" 404 88 "https://ysfine.com/jobs/koreaj.html" "Mozilla/5.0 (Linux; Android 10; CPH1937) AppleWebKit/537.36 (KHTML, like Gecko) Chrome/81.0.4044.138 Mobile Safari/537.36" "ysfine.com"
40.77.167.62 - - [11/Sep/2022:10:10:12 -0700] "GET /wdc/jeffm01.jpg HTTP/1.1" 200 44578 "-" "Mozilla/5.0 AppleWebKit/537.36 (KHTML, like Gecko; compatible; bingbot/2.0; +http://www.bing.com/bingbot.htm) Chrome/103.0.5060.134 Safari/537.36" "www.ysfine.com"
90.3.48.44 - - [11/Sep/2022:10:10:25 -0700] "GET /world/france/arusas01.jpg HTTP/1.1" 200 364636 "https://www.bing.com/" "Mozilla/5.0 (Windows NT 10.0; Win64; x64) AppleWebKit/537.36 (KHTML, like Gecko) Chrome/105.0.0.0 Safari/537.36 Edg/105.0.1343.33" "ysfine.com"
90.3.48.44 - - [11/Sep/2022:10:10:51 -0700] "GET /favicon.ico HTTP/1.1" 404 88 "https://ysfine.com/world/france/arusas01.jpg" "Mozilla/5.0 (Windows NT 10.0; Win64; x64) AppleWebKit/537.36 (KHTML, like Gecko) Chrome/105.0.0.0 Safari/537.36 Edg/105.0.1343.33" "ysfine.com"
64.124.8.59 - - [11/Sep/2022:10:12:23 -0700] "GET /archives/proceedings/boston/krackl.html HTTP/1.1" 200 752 "-" "Mozilla/5.0 (X11; Linux x86_64) AppleWebKit/537.36 (KHTML, like Gecko) Chrome/61.0.3163.79 Safari/537.36" "ysfine.com"
40.77.167.35 - - [11/Sep/2022:10:12:32 -0700] "GET /feynman/millik.jpg HTTP/1.1" 200 79301 "-" "Mozilla/5.0 (compatible; bingbot/2.0; +http://www.bing.com/bingbot.htm)" "ysfine.com"
40.77.167.35 - - [11/Sep/2022:10:13:51 -0700] "GET /world/spain/gran29c.jpg HTTP/1.1" 200 40528 "-" "Mozilla/5.0 (compatible; bingbot/2.0; +http://www.bing.com/bingbot.htm)" "ysfine.com"
51.222.253.13 - - [11/Sep/2022:10:14:29 -0700] "GET /feynman/fagenda.html HTTP/1.1" 200 2089 "-" "Mozilla/5.0 (compatible; AhrefsBot/7.0; +http://ahrefs.com/robot/)" "ysfine.com"
64.124.8.59 - - [11/Sep/2022:10:15:11 -0700] "GET /archives/proceedings/wpro01/klink.html HTTP/1.1" 200 516 "-" "Mozilla/5.0 (X11; Linux x86_64) AppleWebKit/537.36 (KHTML, like Gecko) Chrome/61.0.3163.79 Safari/537.36" "ysfine.com"
64.124.8.59 - - [11/Sep/2022:10:15:20 -0700] "GET /remote/wigner111/frame59.html HTTP/1.1" 200 429 "-" "Mozilla/5.0 (X11; Linux x86_64) AppleWebKit/537.36 (KHTML, like Gecko) Chrome/61.0.3163.79 Safari/537.36" "ysfine.com"
217.244.215.254 - - [11/Sep/2022:10:15:25 -0700] "GET /world/places/ulm02.jpg HTTP/1.1" 200 135530 "https://www.google.de/" "Mozilla/5.0 (iPhone; CPU iPhone OS 15_6_1 like Mac OS X) AppleWebKit/605.1.15 (KHTML, like Gecko) Version/15.6.1 Mobile/15E148 Safari/604.1" "ysfine.com"
185.191.171.18 - - [11/Sep/2022:10:15:38 -0700] "GET /world/london.html HTTP/1.1" 200 16969 "-" "Mozilla/5.0 (compatible; SemrushBot/7~bl; +http://www.semrush.com/bot.html)" "ysfine.com"
64.124.8.59 - - [11/Sep/2022:10:15:52 -0700] "GET /archives/proceedings/wpro01/curtri.html HTTP/1.1" 200 604 "-" "Mozilla/5.0 (X11; Linux x86_64) AppleWebKit/537.36 (KHTML, like Gecko) Chrome/61.0.3163.79 Safari/537.36" "ysfine.com"
31.61.166.216 - - [11/Sep/2022:10:16:04 -0700] "GET /feynman/feyn86b.jpg HTTP/1.1" 200 26190 "https://www.google.com/" "Mozilla/5.0 (Windows NT 10.0; Win64; x64; rv:103.0) Gecko/20100101 Firefox/103.0" "ysfine.com"
40.77.167.27 - - [11/Sep/2022:10:16:10 -0700] "GET /dirac/dirac44.jpg HTTP/1.1" 200 73817 "-" "Mozilla/5.0 (compatible; bingbot/2.0; +http://www.bing.com/bingbot.htm)" "www.ysfine.com"
202.129.196.202 - - [11/Sep/2022:10:16:11 -0700] "GET /feynman/standardmo01.jpg HTTP/1.1" 200 94736 "https://www.bing.com/" "Mozilla/5.0 (Windows NT 10.0; Win64; x64) AppleWebKit/537.36 (KHTML, like Gecko) Chrome/105.0.0.0 Safari/537.36 Edg/105.0.1343.33" "www.ysfine.com"
40.77.167.35 - - [11/Sep/2022:10:16:22 -0700] "GET /world/brit/harrow05.jpg HTTP/1.1" 200 248175 "-" "Mozilla/5.0 (compatible; bingbot/2.0; +http://www.bing.com/bingbot.htm)" "ysfine.com"
64.124.8.59 - - [11/Sep/2022:10:17:28 -0700] "GET /archives/proceedings/wpro01/brandt.html HTTP/1.1" 200 884 "-" "Mozilla/5.0 (X11; Linux x86_64) AppleWebKit/537.36 (KHTML, like Gecko) Chrome/61.0.3163.79 Safari/537.36" "ysfine.com"
185.191.171.23 - - [11/Sep/2022:10:18:48 -0700] "GET /style/home/index.html HTTP/1.1" 404 88 "-" "Mozilla/5.0 (compatible; SemrushBot/7~bl; +http://www.semrush.com/bot.html)" "www.ysfine.com"
83.49.83.147 - - [11/Sep/2022:10:19:02 -0700] "GET /world/places/ulm02b.jpg HTTP/1.1" 200 54087 "https://www.google.com/" "Mozilla/5.0 (iPhone; CPU iPhone OS 15_6_1 like Mac OS X) AppleWebKit/605.1.15 (KHTML, like Gecko) Version/15.6.1 Mobile/15E148 Safari/604.1" "ysfine.com"
106.211.133.51 - - [11/Sep/2022:10:20:14 -0700] "GET /feynman/feybongo.jpg HTTP/1.1" 200 47448 "-" "com.google.android.googlequicksearchbox/301188640 (Linux; U; Android 11; en_US; V2059; Build/RP1A.200720.012; Cronet/103.0.5060.42)" "ysfine.com"
40.77.167.33 - - [11/Sep/2022:10:20:35 -0700] "GET /kobak/kimjap22b.jpg HTTP/1.1" 200 48280 "-" "Mozilla/5.0 (compatible; bingbot/2.0; +http://www.bing.com/bingbot.htm)" "ysfine.com"
51.222.253.14 - - [11/Sep/2022:10:21:07 -0700] "GET /ffriends/tolstoy.html HTTP/1.1" 200 1447 "-" "Mozilla/5.0 (compatible; AhrefsBot/7.0; +http://ahrefs.com/robot/)" "ysfine.com"
51.222.253.8 - - [11/Sep/2022:10:21:15 -0700] "GET /wisdom/yks11b.jpg HTTP/1.1" 200 41064 "-" "Mozilla/5.0 (compatible; AhrefsBot/7.0; +http://ahrefs.com/robot/)" "ysfine.com"
51.222.253.16 - - [11/Sep/2022:10:21:16 -0700] "GET /world/russ/volga15b.jpg HTTP/1.1" 200 23055 "-" "Mozilla/5.0 (compatible; AhrefsBot/7.0; +http://ahrefs.com/robot/)" "ysfine.com"
130.245.192.8 - - [11/Sep/2022:10:22:20 -0700] "GET /yspapers/iopbook15.pdf HTTP/1.1" 200 2962673 "https://www.google.com/" "Mozilla/5.0 (Windows NT 10.0; Win64; x64) AppleWebKit/537.36 (KHTML, like Gecko) Chrome/104.0.0.0 Safari/537.36" "ysfine.com"
130.245.192.8 - - [11/Sep/2022:10:22:20 -0700] "GET /favicon.ico HTTP/1.1" 404 88 "https://ysfine.com/yspapers/iopbook15.pdf" "Mozilla/5.0 (Windows NT 10.0; Win64; x64) AppleWebKit/537.36 (KHTML, like Gecko) Chrome/104.0.0.0 Safari/537.36" "ysfine.com"
40.77.167.35 - - [11/Sep/2022:10:22:24 -0700] "GET /wdc/treasury11.jpg HTTP/1.1" 200 233840 "-" "Mozilla/5.0 (compatible; bingbot/2.0; +http://www.bing.com/bingbot.htm)" "www.ysfine.com"
157.55.39.146 - - [11/Sep/2022:10:24:17 -0700] "GET /dongio/aline/british02.jpg HTTP/1.1" 404 88 "-" "Mozilla/5.0 (compatible; bingbot/2.0; +http://www.bing.com/bingbot.htm)" "ysfine.com"
64.124.8.59 - - [11/Sep/2022:10:24:38 -0700] "GET /remote/wigner111/frame60.html HTTP/1.1" 200 562 "-" "Mozilla/5.0 (X11; Linux x86_64) AppleWebKit/537.36 (KHTML, like Gecko) Chrome/61.0.3163.79 Safari/537.36" "ysfine.com"
209.171.88.62 - - [11/Sep/2022:10:24:59 -0700] "GET /world/kor/sel803.jpg HTTP/1.1" 200 195155 "https://www.google.ca/" "Mozilla/5.0 (iPhone; CPU iPhone OS 15_6_1 like Mac OS X) AppleWebKit/605.1.15 (KHTML, like Gecko) Version/15.6.1 Mobile/15E148 Safari/604.1" "ysfine.com"
185.191.171.1 - - [11/Sep/2022:10:25:11 -0700] "GET /class54/class5470/total_data/sub_330.htm HTTP/1.1" 200 3334 "-" "Mozilla/5.0 (compatible; SemrushBot/7~bl; +http://www.semrush.com/bot.html)" "www.ysfine.com"
154.54.249.206 - - [11/Sep/2022:10:25:20 -0700] "GET /einstein/ewk.html HTTP/1.1" 200 4230 "-" "Mozilla/5.0 (compatible; Barkrowler/0.9; +https://babbar.tech/crawler)" "ysfine.com"
154.54.249.206 - - [11/Sep/2022:10:25:41 -0700] "GET /class54/class5470/total_data/sub_314.htm HTTP/1.1" 304 - "-" "Mozilla/5.0 (compatible; Barkrowler/0.9; +https://babbar.tech/crawler)" "www.ysfine.com"
64.124.8.59 - - [11/Sep/2022:10:26:37 -0700] "GET /archives/proceedings/boston/hagen.html HTTP/1.1" 200 720 "-" "Mozilla/5.0 (X11; Linux x86_64) AppleWebKit/537.36 (KHTML, like Gecko) Chrome/61.0.3163.79 Safari/537.36" "ysfine.com"
64.124.8.59 - - [11/Sep/2022:10:26:38 -0700] "GET /archives/proceedings/boston/chirki.html HTTP/1.1" 200 604 "-" "Mozilla/5.0 (X11; Linux x86_64) AppleWebKit/537.36 (KHTML, like Gecko) Chrome/61.0.3163.79 Safari/537.36" "ysfine.com"
77.88.5.126 - - [11/Sep/2022:10:26:55 -0700] "GET /family/index.html HTTP/1.1" 401 90 "-" "Mozilla/5.0 (compatible; YandexBot/3.0; +http://yandex.com/bots)" "www.ysfine.com"
64.124.8.59 - - [11/Sep/2022:10:26:57 -0700] "GET /archives/proceedings/wpro01/zuniga.html HTTP/1.1" 200 998 "-" "Mozilla/5.0 (X11; Linux x86_64) AppleWebKit/537.36 (KHTML, like Gecko) Chrome/61.0.3163.79 Safari/537.36" "ysfine.com"
40.77.167.27 - - [11/Sep/2022:10:27:10 -0700] "GET / HTTP/1.1" 200 5283 "-" "Mozilla/5.0 (compatible; bingbot/2.0; +http://www.bing.com/bingbot.htm)" "www.ysfine.com"
85.106.96.133 - - [11/Sep/2022:10:28:02 -0700] "GET /feynman/fphoto.html HTTP/1.1" 200 3714 "-" "Mozilla/5.0 (X11; Linux x86_64) AppleWebKit/537.36 (KHTML, like Gecko) SamsungBrowser/16.0 Chrome/92.0.4515.166 Safari/537.36" "ysfine.com"
85.106.96.133 - - [11/Sep/2022:10:28:03 -0700] "GET /feynman/feynma2.jpg HTTP/1.1" 200 41543 "https://ysfine.com/feynman/fphoto.html" "Mozilla/5.0 (X11; Linux x86_64) AppleWebKit/537.36 (KHTML, like Gecko) SamsungBrowser/16.0 Chrome/92.0.4515.166 Safari/537.36" "ysfine.com"
85.106.96.133 - - [11/Sep/2022:10:28:03 -0700] "GET /feynman/feyn86b.jpg HTTP/1.1" 200 26190 "https://ysfine.com/feynman/fphoto.html" "Mozilla/5.0 (X11; Linux x86_64) AppleWebKit/537.36 (KHTML, like Gecko) SamsungBrowser/16.0 Chrome/92.0.4515.166 Safari/537.36" "ysfine.com"
85.106.96.133 - - [11/Sep/2022:10:28:03 -0700] "GET /feynman/chapline2.jpg HTTP/1.1" 200 36026 "https://ysfine.com/feynman/fphoto.html" "Mozilla/5.0 (X11; Linux x86_64) AppleWebKit/537.36 (KHTML, like Gecko) SamsungBrowser/16.0 Chrome/92.0.4515.166 Safari/537.36" "ysfine.com"
85.106.96.133 - - [11/Sep/2022:10:28:03 -0700] "GET /feynman/feyprince2.jpg HTTP/1.1" 200 49143 "https://ysfine.com/feynman/fphoto.html" "Mozilla/5.0 (X11; Linux x86_64) AppleWebKit/537.36 (KHTML, like Gecko) SamsungBrowser/16.0 Chrome/92.0.4515.166 Safari/537.36" "ysfine.com"
85.106.96.133 - - [11/Sep/2022:10:28:03 -0700] "GET /world/latina/rio025b.jpg HTTP/1.1" 200 39082 "https://ysfine.com/feynman/fphoto.html" "Mozilla/5.0 (X11; Linux x86_64) AppleWebKit/537.36 (KHTML, like Gecko) SamsungBrowser/16.0 Chrome/92.0.4515.166 Safari/537.36" "ysfine.com"
85.106.96.133 - - [11/Sep/2022:10:28:03 -0700] "GET /feynman/feybongo55b.jpg HTTP/1.1" 200 41455 "https://ysfine.com/feynman/fphoto.html" "Mozilla/5.0 (X11; Linux x86_64) AppleWebKit/537.36 (KHTML, like Gecko) SamsungBrowser/16.0 Chrome/92.0.4515.166 Safari/537.36" "ysfine.com"
85.106.96.133 - - [11/Sep/2022:10:28:04 -0700] "GET /favicon.ico HTTP/1.1" 404 88 "https://ysfine.com/feynman/fphoto.html" "Mozilla/5.0 (X11; Linux x86_64) AppleWebKit/537.36 (KHTML, like Gecko) SamsungBrowser/16.0 Chrome/92.0.4515.166 Safari/537.36" "ysfine.com"
31.61.240.204 - - [11/Sep/2022:10:28:09 -0700] "GET /feynman/jf2.jpg HTTP/1.1" 200 10558 "https://www.google.pl/" "Mozilla/5.0 (iPhone; CPU iPhone OS 15_6_1 like Mac OS X) AppleWebKit/605.1.15 (KHTML, like Gecko) Version/15.6.1 Mobile/15E148 Safari/604.1" "ysfine.com"
51.222.253.4 - - [11/Sep/2022:10:28:14 -0700] "GET /sbk/index.html HTTP/1.1" 200 198 "-" "Mozilla/5.0 (compatible; AhrefsBot/7.0; +http://ahrefs.com/robot/)" "www.ysfine.com"
40.77.167.62 - - [11/Sep/2022:10:28:23 -0700] "GET /usca/pitt/knee33.jpg HTTP/1.1" 200 73465 "-" "Mozilla/5.0 (compatible; bingbot/2.0; +http://www.bing.com/bingbot.htm)" "www.ysfine.com"
40.77.167.33 - - [11/Sep/2022:10:29:37 -0700] "GET /style/venus09b.jpg HTTP/1.1" 200 55229 "-" "Mozilla/5.0 (compatible; bingbot/2.0; +http://www.bing.com/bingbot.htm)" "ysfine.com"
40.77.167.35 - - [11/Sep/2022:10:31:25 -0700] "GET /einstein/dff33b.jpg HTTP/1.1" 200 22692 "-" "Mozilla/5.0 (compatible; bingbot/2.0; +http://www.bing.com/bingbot.htm)" "www.ysfine.com"
208.125.51.32 - - [11/Sep/2022:10:31:49 -0700] "GET /world/china/china015.jpg HTTP/1.1" 200 208572 "https://www.bing.com/" "Mozilla/5.0 (Windows NT 10.0; Win64; x64) AppleWebKit/537.36 (KHTML, like Gecko) Chrome/105.0.0.0 Safari/537.36 Edg/105.0.1343.27" "www.ysfine.com"
157.55.39.146 - - [11/Sep/2022:10:32:18 -0700] "GET /world/germany/oktf15.jpg HTTP/1.1" 200 108328 "-" "Mozilla/5.0 (compatible; bingbot/2.0; +http://www.bing.com/bingbot.htm)" "www.ysfine.com"
40.77.167.35 - - [11/Sep/2022:10:33:13 -0700] "GET /world/russ/basil23.jpg HTTP/1.1" 200 193006 "-" "Mozilla/5.0 (compatible; bingbot/2.0; +http://www.bing.com/bingbot.htm)" "ysfine.com"
95.163.255.63 - - [11/Sep/2022:10:33:57 -0700] "GET /robots.txt HTTP/1.1" 404 73 "-" "Mozilla/5.0 (compatible; Linux x86_64; Mail.RU_Bot/2.0; +https://help.mail.ru/webmaster/indexing/robots)" "ysfine.com"
51.222.253.11 - - [11/Sep/2022:10:34:50 -0700] "GET /class54/class5470/total_data/sub_2104.htm HTTP/1.1" 200 3382 "-" "Mozilla/5.0 (compatible; AhrefsBot/7.0; +http://ahrefs.com/robot/)" "ysfine.com"
51.222.253.11 - - [11/Sep/2022:10:34:53 -0700] "GET /class54/class5470/total_data/refer_img/2-111_f.jpg HTTP/1.1" 200 30927 "-" "Mozilla/5.0 (compatible; AhrefsBot/7.0; +http://ahrefs.com/robot/)" "ysfine.com"
51.222.253.2 - - [11/Sep/2022:10:34:54 -0700] "GET /class54/class5470/total_data/refer_img/2-108_f.jpg HTTP/1.1" 200 26886 "-" "Mozilla/5.0 (compatible; AhrefsBot/7.0; +http://ahrefs.com/robot/)" "ysfine.com"
51.222.253.5 - - [11/Sep/2022:10:34:54 -0700] "GET /class54/class5470/total_data/refer_img/2-116_f.jpg HTTP/1.1" 200 28335 "-" "Mozilla/5.0 (compatible; AhrefsBot/7.0; +http://ahrefs.com/robot/)" "ysfine.com"
51.222.253.19 - - [11/Sep/2022:10:34:54 -0700] "GET /class54/class5470/total_data/refer_img/2-124_f.jpg HTTP/1.1" 200 24494 "-" "Mozilla/5.0 (compatible; AhrefsBot/7.0; +http://ahrefs.com/robot/)" "ysfine.com"
51.222.253.13 - - [11/Sep/2022:10:34:55 -0700] "GET /class54/class5470/total_data/refer_img/2-105_f.jpg HTTP/1.1" 200 38971 "-" "Mozilla/5.0 (compatible; AhrefsBot/7.0; +http://ahrefs.com/robot/)" "ysfine.com"
51.222.253.7 - - [11/Sep/2022:10:34:55 -0700] "GET /class54/class5470/total_data/refer_img/2-110_f.jpg HTTP/1.1" 200 46637 "-" "Mozilla/5.0 (compatible; AhrefsBot/7.0; +http://ahrefs.com/robot/)" "ysfine.com"
51.222.253.5 - - [11/Sep/2022:10:34:56 -0700] "GET /class54/class5470/total_data/refer_img/2-123_f.jpg HTTP/1.1" 200 43997 "-" "Mozilla/5.0 (compatible; AhrefsBot/7.0; +http://ahrefs.com/robot/)" "ysfine.com"
51.222.253.11 - - [11/Sep/2022:10:34:56 -0700] "GET /class54/class5470/total_data/refer_img/2-119_f.jpg HTTP/1.1" 200 32788 "-" "Mozilla/5.0 (compatible; AhrefsBot/7.0; +http://ahrefs.com/robot/)" "ysfine.com"
51.222.253.17 - - [11/Sep/2022:10:34:57 -0700] "GET /class54/class5470/total_data/refer_img/2-117_f.jpg HTTP/1.1" 200 39146 "-" "Mozilla/5.0 (compatible; AhrefsBot/7.0; +http://ahrefs.com/robot/)" "ysfine.com"
51.222.253.8 - - [11/Sep/2022:10:34:57 -0700] "GET /class54/class5470/total_data/refer_img/2-112_f.jpg HTTP/1.1" 200 26477 "-" "Mozilla/5.0 (compatible; AhrefsBot/7.0; +http://ahrefs.com/robot/)" "ysfine.com"
51.222.253.1 - - [11/Sep/2022:10:34:57 -0700] "GET /class54/class5470/total_data/img/sm05_off.gif HTTP/1.1" 200 542 "-" "Mozilla/5.0 (compatible; AhrefsBot/7.0; +http://ahrefs.com/robot/)" "ysfine.com"
51.222.253.17 - - [11/Sep/2022:10:34:58 -0700] "GET /class54/class5470/total_data/img/02_title.gif HTTP/1.1" 200 4864 "-" "Mozilla/5.0 (compatible; AhrefsBot/7.0; +http://ahrefs.com/robot/)" "ysfine.com"
51.222.253.6 - - [11/Sep/2022:10:34:58 -0700] "GET /class54/class5470/total_data/refer_img/2-103_f.jpg HTTP/1.1" 200 29992 "-" "Mozilla/5.0 (compatible; AhrefsBot/7.0; +http://ahrefs.com/robot/)" "ysfine.com"
51.222.253.16 - - [11/Sep/2022:10:34:58 -0700] "GET /class54/class5470/total_data/refer_img/2-109_f.jpg HTTP/1.1" 200 29094 "-" "Mozilla/5.0 (compatible; AhrefsBot/7.0; +http://ahrefs.com/robot/)" "ysfine.com"
51.222.253.5 - - [11/Sep/2022:10:34:59 -0700] "GET /class54/class5470/total_data/refer_img/2-104_f.jpg HTTP/1.1" 200 29498 "-" "Mozilla/5.0 (compatible; AhrefsBot/7.0; +http://ahrefs.com/robot/)" "ysfine.com"
51.222.253.12 - - [11/Sep/2022:10:35:00 -0700] "GET /class54/class5470/total_data/img/sm03_on.gif HTTP/1.1" 200 405 "-" "Mozilla/5.0 (compatible; AhrefsBot/7.0; +http://ahrefs.com/robot/)" "ysfine.com"
51.222.253.13 - - [11/Sep/2022:10:35:01 -0700] "GET /class54/class5470/total_data/refer_img/2-122_f.jpg HTTP/1.1" 200 33725 "-" "Mozilla/5.0 (compatible; AhrefsBot/7.0; +http://ahrefs.com/robot/)" "ysfine.com"
51.222.253.16 - - [11/Sep/2022:10:35:01 -0700] "GET /class54/class5470/total_data/refer_img/2-118_f.jpg HTTP/1.1" 200 26111 "-" "Mozilla/5.0 (compatible; AhrefsBot/7.0; +http://ahrefs.com/robot/)" "ysfine.com"
51.222.253.4 - - [11/Sep/2022:10:35:02 -0700] "GET /class54/class5470/total_data/refer_img/2-115_f.jpg HTTP/1.1" 200 29218 "-" "Mozilla/5.0 (compatible; AhrefsBot/7.0; +http://ahrefs.com/robot/)" "ysfine.com"
51.222.253.11 - - [11/Sep/2022:10:35:02 -0700] "GET /class54/class5470/total_data/refer_img/2-120_f.jpg HTTP/1.1" 200 32623 "-" "Mozilla/5.0 (compatible; AhrefsBot/7.0; +http://ahrefs.com/robot/)" "ysfine.com"
51.222.253.4 - - [11/Sep/2022:10:35:03 -0700] "GET /class54/class5470/total_data/refer_img/2-101_f.jpg HTTP/1.1" 200 44986 "-" "Mozilla/5.0 (compatible; AhrefsBot/7.0; +http://ahrefs.com/robot/)" "ysfine.com"
51.222.253.20 - - [11/Sep/2022:10:35:04 -0700] "GET /class54/class5470/total_data/refer_img/2-102_f.jpg HTTP/1.1" 200 41609 "-" "Mozilla/5.0 (compatible; AhrefsBot/7.0; +http://ahrefs.com/robot/)" "ysfine.com"
51.222.253.12 - - [11/Sep/2022:10:35:05 -0700] "GET /class54/class5470/total_data/img/02_smline.gif HTTP/1.1" 200 2437 "-" "Mozilla/5.0 (compatible; AhrefsBot/7.0; +http://ahrefs.com/robot/)" "ysfine.com"
51.222.253.8 - - [11/Sep/2022:10:35:05 -0700] "GET /class54/class5470/total_data/refer_img/2-121_f.jpg HTTP/1.1" 200 35514 "-" "Mozilla/5.0 (compatible; AhrefsBot/7.0; +http://ahrefs.com/robot/)" "ysfine.com"
51.222.253.7 - - [11/Sep/2022:10:35:05 -0700] "GET /class54/class5470/total_data/refer_img/2-113_f.jpg HTTP/1.1" 200 25761 "-" "Mozilla/5.0 (compatible; AhrefsBot/7.0; +http://ahrefs.com/robot/)" "ysfine.com"
51.222.253.6 - - [11/Sep/2022:10:35:06 -0700] "GET /class54/class5470/total_data/img/02_schooldays.gif HTTP/1.1" 200 987 "-" "Mozilla/5.0 (compatible; AhrefsBot/7.0; +http://ahrefs.com/robot/)" "ysfine.com"
51.222.253.13 - - [11/Sep/2022:10:35:06 -0700] "GET /class54/class5470/total_data/refer_img/2-100_f.jpg HTTP/1.1" 200 30216 "-" "Mozilla/5.0 (compatible; AhrefsBot/7.0; +http://ahrefs.com/robot/)" "ysfine.com"
51.222.253.10 - - [11/Sep/2022:10:35:07 -0700] "GET /class54/class5470/total_data/refer_img/2-114_f.jpg HTTP/1.1" 200 29358 "-" "Mozilla/5.0 (compatible; AhrefsBot/7.0; +http://ahrefs.com/robot/)" "ysfine.com"
51.222.253.12 - - [11/Sep/2022:10:35:07 -0700] "GET /class54/class5470/total_data/refer_img/2-107_f.jpg HTTP/1.1" 200 28394 "-" "Mozilla/5.0 (compatible; AhrefsBot/7.0; +http://ahrefs.com/robot/)" "ysfine.com"
51.222.253.5 - - [11/Sep/2022:10:35:07 -0700] "GET /class54/class5470/total_data/photo_img/2-104.jpg HTTP/1.1" 200 179883 "-" "Mozilla/5.0 (compatible; AhrefsBot/7.0; +http://ahrefs.com/robot/)" "ysfine.com"
157.55.39.146 - - [11/Sep/2022:10:35:28 -0700] "GET /world/germany/vienopera44.jpg HTTP/1.1" 200 101849 "-" "Mozilla/5.0 (compatible; bingbot/2.0; +http://www.bing.com/bingbot.htm)" "ysfine.com"
185.191.171.2 - - [11/Sep/2022:10:36:42 -0700] "GET /class54/class5470/total_data/sub_350.htm HTTP/1.1" 200 3307 "-" "Mozilla/5.0 (compatible; SemrushBot/7~bl; +http://www.semrush.com/bot.html)" "ysfine.com"
66.249.72.158 - - [11/Sep/2022:10:37:15 -0700] "GET /princeton/lakecar33.jpg HTTP/1.1" 304 - "-" "Googlebot-Image/1.0" "ysfine.com"
40.77.167.35 - - [11/Sep/2022:10:37:45 -0700] "GET /home/resonance11.jpg HTTP/1.1" 200 55090 "-" "Mozilla/5.0 (compatible; bingbot/2.0; +http://www.bing.com/bingbot.htm)" "ysfine.com"
93.158.161.30 - - [11/Sep/2022:10:38:16 -0700] "GET /friends/aline/klm01b.jpg HTTP/1.1" 404 88 "-" "Mozilla/5.0 (compatible; YandexImages/3.0; +http://yandex.com/bots)" "ysfine.com"
64.124.8.50 - - [11/Sep/2022:10:38:37 -0700] "GET /robots.txt HTTP/1.1" 404 88 "-" "Mozilla/5.0 (X11; Linux x86_64) AppleWebKit/537.36 (KHTML, like Gecko) Chrome/61.0.3163.79 Safari/537.36" "ysfine.com"
64.124.8.50 - - [11/Sep/2022:10:38:37 -0700] "GET /philo/sisfa12/frame26.html HTTP/1.1" 200 319 "-" "Mozilla/5.0 (X11; Linux x86_64) AppleWebKit/537.36 (KHTML, like Gecko) Chrome/61.0.3163.79 Safari/537.36" "ysfine.com"
40.77.167.35 - - [11/Sep/2022:10:39:34 -0700] "GET /maga/osc300.jpg HTTP/1.1" 200 49873 "-" "Mozilla/5.0 (compatible; bingbot/2.0; +http://www.bing.com/bingbot.htm)" "ysfine.com"
40.77.167.35 - - [11/Sep/2022:10:39:45 -0700] "GET /wdc/ww2m55.jpg HTTP/1.1" 200 72629 "-" "Mozilla/5.0 (compatible; bingbot/2.0; +http://www.bing.com/bingbot.htm)" "www.ysfine.com"
40.77.167.27 - - [11/Sep/2022:10:39:52 -0700] "GET /sbk/2004eton11.jpg HTTP/1.1" 200 232400 "-" "Mozilla/5.0 (compatible; bingbot/2.0; +http://www.bing.com/bingbot.htm)" "www.ysfine.com"
77.88.5.235 - - [11/Sep/2022:10:40:03 -0700] "GET /style/rteleica.html HTTP/1.1" 404 88 "-" "Mozilla/5.0 (compatible; YandexBot/3.0; +http://yandex.com/bots)" "www.ysfine.com"
64.124.8.50 - - [11/Sep/2022:10:40:08 -0700] "GET /philo/sisfa12/frame13.html HTTP/1.1" 200 320 "-" "Mozilla/5.0 (X11; Linux x86_64) AppleWebKit/537.36 (KHTML, like Gecko) Chrome/61.0.3163.79 Safari/537.36" "ysfine.com"
64.124.8.50 - - [11/Sep/2022:10:40:38 -0700] "GET /philo/sisfa12/frame56.html HTTP/1.1" 200 319 "-" "Mozilla/5.0 (X11; Linux x86_64) AppleWebKit/537.36 (KHTML, like Gecko) Chrome/61.0.3163.79 Safari/537.36" "ysfine.com"
64.124.8.50 - - [11/Sep/2022:10:40:56 -0700] "GET /philo/sisfa12/frame43.html HTTP/1.1" 200 319 "-" "Mozilla/5.0 (X11; Linux x86_64) AppleWebKit/537.36 (KHTML, like Gecko) Chrome/61.0.3163.79 Safari/537.36" "ysfine.com"
40.77.167.27 - - [11/Sep/2022:10:41:32 -0700] "GET /style/music/salzm04.jpg HTTP/1.1" 200 111518 "-" "Mozilla/5.0 (compatible; bingbot/2.0; +http://www.bing.com/bingbot.htm)" "ysfine.com"
64.124.8.50 - - [11/Sep/2022:10:41:36 -0700] "GET /philo/sisfa12/frame30.html HTTP/1.1" 200 320 "-" "Mozilla/5.0 (X11; Linux x86_64) AppleWebKit/537.36 (KHTML, like Gecko) Chrome/61.0.3163.79 Safari/537.36" "ysfine.com"
40.77.167.33 - - [11/Sep/2022:10:41:36 -0700] "GET /world/brit/harrow01.jpg HTTP/1.1" 200 116031 "-" "Mozilla/5.0 (compatible; bingbot/2.0; +http://www.bing.com/bingbot.htm)" "www.ysfine.com"
51.222.253.17 - - [11/Sep/2022:10:41:46 -0700] "GET /einstein/einusa.html HTTP/1.1" 200 8153 "-" "Mozilla/5.0 (compatible; AhrefsBot/7.0; +http://ahrefs.com/robot/)" "www.ysfine.com"
51.222.253.15 - - [11/Sep/2022:10:41:48 -0700] "GET /einstein/eindc11b.jpg HTTP/1.1" 200 51489 "-" "Mozilla/5.0 (compatible; AhrefsBot/7.0; +http://ahrefs.com/robot/)" "www.ysfine.com"
51.222.253.5 - - [11/Sep/2022:10:41:49 -0700] "GET /einstein/einfine21b.jpg HTTP/1.1" 200 53710 "-" "Mozilla/5.0 (compatible; AhrefsBot/7.0; +http://ahrefs.com/robot/)" "www.ysfine.com"
51.222.253.6 - - [11/Sep/2022:10:41:49 -0700] "GET /people/jweber2.jpg HTTP/1.1" 200 36994 "-" "Mozilla/5.0 (compatible; AhrefsBot/7.0; +http://ahrefs.com/robot/)" "www.ysfine.com"
51.222.253.13 - - [11/Sep/2022:10:41:49 -0700] "GET /einstein/lawrence22b.jpg HTTP/1.1" 200 44062 "-" "Mozilla/5.0 (compatible; AhrefsBot/7.0; +http://ahrefs.com/robot/)" "www.ysfine.com"
51.222.253.12 - - [11/Sep/2022:10:41:50 -0700] "GET /people/wheekim91b.jpg HTTP/1.1" 200 40842 "-" "Mozilla/5.0 (compatible; AhrefsBot/7.0; +http://ahrefs.com/robot/)" "www.ysfine.com"
51.222.253.19 - - [11/Sep/2022:10:41:50 -0700] "GET /princeton/ias11b.jpg HTTP/1.1" 200 33974 "-" "Mozilla/5.0 (compatible; AhrefsBot/7.0; +http://ahrefs.com/robot/)" "www.ysfine.com"
51.222.253.16 - - [11/Sep/2022:10:41:51 -0700] "GET /einstein/lawrence11b.jpg HTTP/1.1" 200 35431 "-" "Mozilla/5.0 (compatible; AhrefsBot/7.0; +http://ahrefs.com/robot/)" "www.ysfine.com"
51.222.253.6 - - [11/Sep/2022:10:41:56 -0700] "GET /eink/ewk86a.jpg HTTP/1.1" 200 70895 "-" "Mozilla/5.0 (compatible; AhrefsBot/7.0; +http://ahrefs.com/robot/)" "www.ysfine.com"
51.222.253.12 - - [11/Sep/2022:10:41:56 -0700] "GET /world/baltic/kalinmap99b.jpg HTTP/1.1" 200 50124 "-" "Mozilla/5.0 (compatible; AhrefsBot/7.0; +http://ahrefs.com/robot/)" "www.ysfine.com"
51.222.253.14 - - [11/Sep/2022:10:41:57 -0700] "GET /einstein/michelson11b.jpg HTTP/1.1" 200 35505 "-" "Mozilla/5.0 (compatible; AhrefsBot/7.0; +http://ahrefs.com/robot/)" "www.ysfine.com"
51.222.253.8 - - [11/Sep/2022:10:41:57 -0700] "GET /einstein/eincurie11b.jpg HTTP/1.1" 200 42944 "-" "Mozilla/5.0 (compatible; AhrefsBot/7.0; +http://ahrefs.com/robot/)" "www.ysfine.com"
51.222.253.17 - - [11/Sep/2022:10:41:58 -0700] "GET /usca/pitt/cyclo2.jpg HTTP/1.1" 200 37426 "-" "Mozilla/5.0 (compatible; AhrefsBot/7.0; +http://ahrefs.com/robot/)" "www.ysfine.com"
51.222.253.18 - - [11/Sep/2022:10:41:59 -0700] "GET /einstein/einhouse11b.jpg HTTP/1.1" 200 42717 "-" "Mozilla/5.0 (compatible; AhrefsBot/7.0; +http://ahrefs.com/robot/)" "www.ysfine.com"
51.222.253.1 - - [11/Sep/2022:10:41:59 -0700] "GET /eink/eink61b.jpg HTTP/1.1" 200 28018 "-" "Mozilla/5.0 (compatible; AhrefsBot/7.0; +http://ahrefs.com/robot/)" "www.ysfine.com"
51.222.253.15 - - [11/Sep/2022:10:42:00 -0700] "GET /kobak/taylor33c.jpg HTTP/1.1" 200 39951 "-" "Mozilla/5.0 (compatible; AhrefsBot/7.0; +http://ahrefs.com/robot/)" "www.ysfine.com"
40.77.167.62 - - [11/Sep/2022:10:42:15 -0700] "GET /usca/pitt/stadium01.jpg HTTP/1.1" 200 89106 "-" "Mozilla/5.0 (compatible; bingbot/2.0; +http://www.bing.com/bingbot.htm)" "www.ysfine.com"
154.54.249.206 - - [11/Sep/2022:10:42:47 -0700] "GET /einstein/bern.html HTTP/1.1" 200 8265 "-" "Mozilla/5.0 (compatible; Barkrowler/0.9; +https://babbar.tech/crawler)" "ysfine.com"
154.54.249.206 - - [11/Sep/2022:10:43:06 -0700] "GET /class54/class5470/total_data/sub_296.htm HTTP/1.1" 200 3386 "-" "Mozilla/5.0 (compatible; Barkrowler/0.9; +https://babbar.tech/crawler)" "www.ysfine.com"
64.124.8.50 - - [11/Sep/2022:10:43:50 -0700] "GET /philo/sisfa12/frame60.html HTTP/1.1" 200 326 "-" "Mozilla/5.0 (X11; Linux x86_64) AppleWebKit/537.36 (KHTML, like Gecko) Chrome/61.0.3163.79 Safari/537.36" "ysfine.com"
40.77.167.35 - - [11/Sep/2022:10:44:35 -0700] "GET /style/kievopera77.jpg HTTP/1.1" 200 78160 "-" "Mozilla/5.0 (compatible; bingbot/2.0; +http://www.bing.com/bingbot.htm)" "ysfine.com"
104.28.64.21 - - [11/Sep/2022:10:44:51 -0700] "GET /world/places/ulm11.jpg HTTP/1.1" 200 153785 "https://www.google.de/" "Mozilla/5.0 (iPhone; CPU iPhone OS 15_6_1 like Mac OS X) AppleWebKit/605.1.15 (KHTML, like Gecko) Version/15.6.1 Mobile/15E148 Safari/604.1" "ysfine.com"
40.77.167.35 - - [11/Sep/2022:10:45:15 -0700] "GET /kowar/pyang01.jpg HTTP/1.1" 200 376525 "-" "Mozilla/5.0 (compatible; bingbot/2.0; +http://www.bing.com/bingbot.htm)" "ysfine.com"
40.77.167.33 - - [11/Sep/2022:10:45:28 -0700] "GET /world/china/chongking04.jpg HTTP/1.1" 200 77094 "-" "Mozilla/5.0 (compatible; bingbot/2.0; +http://www.bing.com/bingbot.htm)" "ysfine.com"
40.77.167.62 - - [11/Sep/2022:10:46:35 -0700] "GET /world/brit/dunf11.jpg HTTP/1.1" 200 85074 "-" "Mozilla/5.0 (compatible; bingbot/2.0; +http://www.bing.com/bingbot.htm)" "www.ysfine.com"
106.211.133.51 - - [11/Sep/2022:10:46:43 -0700] "GET /feynman/feybongo.jpg HTTP/1.1" 200 47448 "https://www.google.com/" "Mozilla/5.0 (Linux; Android 11; V2059 Build/RP1A.200720.012; wv) AppleWebKit/537.36 (KHTML, like Gecko) Version/4.0 Chrome/87.0.4280.141 Mobile Safari/537.36 GoogleApp/13.9.7.23.arm64" "ysfine.com"
185.27.99.141 - - [11/Sep/2022:10:47:24 -0700] "GET /robots.txt HTTP/1.1" 404 88 "http://ysfine.com/robots.txt" "Mozilla/5.0 (Windows NT 10.0; Win64; x64; rv:104.0) Gecko/20100101 Firefox/104.0" "ysfine.com"
