173.73.80.118 - - [11/Sep/2022:15:42:29 -0700] "GET /kobak/arisaka99b.jpg HTTP/1.1" 200 48028 "https://ysfine.com/style/songs.html" "Mozilla/5.0 (Windows NT 10.0; Win64; x64; rv:104.0) Gecko/20100101 Firefox/104.0" "ysfine.com"
173.73.80.118 - - [11/Sep/2022:15:42:29 -0700] "GET /style/yasukuni22b.jpg HTTP/1.1" 200 35342 "https://ysfine.com/style/songs.html" "Mozilla/5.0 (Windows NT 10.0; Win64; x64; rv:104.0) Gecko/20100101 Firefox/104.0" "ysfine.com"
173.73.80.118 - - [11/Sep/2022:15:42:29 -0700] "GET /style/mieko22b.jpg HTTP/1.1" 200 41674 "https://ysfine.com/style/songs.html" "Mozilla/5.0 (Windows NT 10.0; Win64; x64; rv:104.0) Gecko/20100101 Firefox/104.0" "ysfine.com"
173.73.80.118 - - [11/Sep/2022:15:42:29 -0700] "GET /style/xiangran66b.jpg HTTP/1.1" 200 30098 "https://ysfine.com/style/songs.html" "Mozilla/5.0 (Windows NT 10.0; Win64; x64; rv:104.0) Gecko/20100101 Firefox/104.0" "ysfine.com"
173.73.80.118 - - [11/Sep/2022:15:42:29 -0700] "GET /world/germany/berlin005b.jpg HTTP/1.1" 200 31205 "https://ysfine.com/style/songs.html" "Mozilla/5.0 (Windows NT 10.0; Win64; x64; rv:104.0) Gecko/20100101 Firefox/104.0" "ysfine.com"
173.73.80.118 - - [11/Sep/2022:15:42:29 -0700] "GET /style/owaves2.jpg HTTP/1.1" 200 55324 "https://ysfine.com/style/songs.html" "Mozilla/5.0 (Windows NT 10.0; Win64; x64; rv:104.0) Gecko/20100101 Firefox/104.0" "ysfine.com"
173.73.80.118 - - [11/Sep/2022:15:42:29 -0700] "GET /style/shcampus11b.jpg HTTP/1.1" 200 53039 "https://ysfine.com/style/songs.html" "Mozilla/5.0 (Windows NT 10.0; Win64; x64; rv:104.0) Gecko/20100101 Firefox/104.0" "ysfine.com"
173.73.80.118 - - [11/Sep/2022:15:42:29 -0700] "GET /style/sousa2.jpg HTTP/1.1" 200 42173 "https://ysfine.com/style/songs.html" "Mozilla/5.0 (Windows NT 10.0; Win64; x64; rv:104.0) Gecko/20100101 Firefox/104.0" "ysfine.com"
173.73.80.118 - - [11/Sep/2022:15:42:29 -0700] "GET /world/hungary/hunband01b.jpg HTTP/1.1" 200 46280 "https://ysfine.com/style/songs.html" "Mozilla/5.0 (Windows NT 10.0; Win64; x64; rv:104.0) Gecko/20100101 Firefox/104.0" "ysfine.com"
173.73.80.118 - - [11/Sep/2022:15:42:29 -0700] "GET /kobak/swr51b.jpg HTTP/1.1" 200 31277 "https://ysfine.com/style/songs.html" "Mozilla/5.0 (Windows NT 10.0; Win64; x64; rv:104.0) Gecko/20100101 Firefox/104.0" "ysfine.com"
173.73.80.118 - - [11/Sep/2022:15:42:29 -0700] "GET /style/xiangran33b.jpg HTTP/1.1" 200 26488 "https://ysfine.com/style/songs.html" "Mozilla/5.0 (Windows NT 10.0; Win64; x64; rv:104.0) Gecko/20100101 Firefox/104.0" "ysfine.com"
173.73.80.118 - - [11/Sep/2022:15:42:29 -0700] "GET /kobak/kimkoo01b.jpg HTTP/1.1" 200 35261 "https://ysfine.com/style/songs.html" "Mozilla/5.0 (Windows NT 10.0; Win64; x64; rv:104.0) Gecko/20100101 Firefox/104.0" "ysfine.com"
173.73.80.118 - - [11/Sep/2022:15:42:29 -0700] "GET /style/xiangran22b.jpg HTTP/1.1" 200 56332 "https://ysfine.com/style/songs.html" "Mozilla/5.0 (Windows NT 10.0; Win64; x64; rv:104.0) Gecko/20100101 Firefox/104.0" "ysfine.com"
173.73.80.118 - - [11/Sep/2022:15:42:29 -0700] "GET /style/xiangran11b.jpg HTTP/1.1" 200 47472 "https://ysfine.com/style/songs.html" "Mozilla/5.0 (Windows NT 10.0; Win64; x64; rv:104.0) Gecko/20100101 Firefox/104.0" "ysfine.com"
173.73.80.118 - - [11/Sep/2022:15:42:29 -0700] "GET /style/hamako33b.jpg HTTP/1.1" 200 44854 "https://ysfine.com/style/songs.html" "Mozilla/5.0 (Windows NT 10.0; Win64; x64; rv:104.0) Gecko/20100101 Firefox/104.0" "ysfine.com"
173.73.80.118 - - [11/Sep/2022:15:42:29 -0700] "GET /style/xiangran55b.jpg HTTP/1.1" 200 39739 "https://ysfine.com/style/songs.html" "Mozilla/5.0 (Windows NT 10.0; Win64; x64; rv:104.0) Gecko/20100101 Firefox/104.0" "ysfine.com"
173.73.80.118 - - [11/Sep/2022:15:42:30 -0700] "GET /usca/calif/sanfr021b.jpg HTTP/1.1" 200 47196 "https://ysfine.com/style/songs.html" "Mozilla/5.0 (Windows NT 10.0; Win64; x64; rv:104.0) Gecko/20100101 Firefox/104.0" "ysfine.com"
173.73.80.118 - - [11/Sep/2022:15:42:30 -0700] "GET /style/mieko11b.jpg HTTP/1.1" 200 53779 "https://ysfine.com/style/songs.html" "Mozilla/5.0 (Windows NT 10.0; Win64; x64; rv:104.0) Gecko/20100101 Firefox/104.0" "ysfine.com"
173.73.80.118 - - [11/Sep/2022:15:42:30 -0700] "GET /style/akiko2.jpg HTTP/1.1" 200 50482 "https://ysfine.com/style/songs.html" "Mozilla/5.0 (Windows NT 10.0; Win64; x64; rv:104.0) Gecko/20100101 Firefox/104.0" "ysfine.com"
173.73.80.118 - - [11/Sep/2022:15:42:30 -0700] "GET /style/akiko55.jpg HTTP/1.1" 200 48868 "https://ysfine.com/style/songs.html" "Mozilla/5.0 (Windows NT 10.0; Win64; x64; rv:104.0) Gecko/20100101 Firefox/104.0" "ysfine.com"
173.73.80.118 - - [11/Sep/2022:15:42:30 -0700] "GET /beau/aline/ana11b.jpg HTTP/1.1" 404 88 "https://ysfine.com/style/songs.html" "Mozilla/5.0 (Windows NT 10.0; Win64; x64; rv:104.0) Gecko/20100101 Firefox/104.0" "ysfine.com"
173.73.80.118 - - [11/Sep/2022:15:42:30 -0700] "GET /style/fujiyama2.jpg HTTP/1.1" 200 47368 "https://ysfine.com/style/songs.html" "Mozilla/5.0 (Windows NT 10.0; Win64; x64; rv:104.0) Gecko/20100101 Firefox/104.0" "ysfine.com"
173.73.80.118 - - [11/Sep/2022:15:42:30 -0700] "GET /style/hibari11b.jpg HTTP/1.1" 200 35625 "https://ysfine.com/style/songs.html" "Mozilla/5.0 (Windows NT 10.0; Win64; x64; rv:104.0) Gecko/20100101 Firefox/104.0" "ysfine.com"
173.73.80.118 - - [11/Sep/2022:15:42:30 -0700] "GET /style/hibari22b.jpg HTTP/1.1" 200 39644 "https://ysfine.com/style/songs.html" "Mozilla/5.0 (Windows NT 10.0; Win64; x64; rv:104.0) Gecko/20100101 Firefox/104.0" "ysfine.com"
173.73.80.118 - - [11/Sep/2022:15:42:30 -0700] "GET /style/flamen2.jpg HTTP/1.1" 200 46908 "https://ysfine.com/style/songs.html" "Mozilla/5.0 (Windows NT 10.0; Win64; x64; rv:104.0) Gecko/20100101 Firefox/104.0" "ysfine.com"
173.73.80.118 - - [11/Sep/2022:15:42:30 -0700] "GET /maga/invent/joak11b.jpg HTTP/1.1" 200 40558 "https://ysfine.com/style/songs.html" "Mozilla/5.0 (Windows NT 10.0; Win64; x64; rv:104.0) Gecko/20100101 Firefox/104.0" "ysfine.com"
173.73.80.118 - - [11/Sep/2022:15:42:30 -0700] "GET /world/france/eiffel05b.jpg HTTP/1.1" 200 26314 "https://ysfine.com/style/songs.html" "Mozilla/5.0 (Windows NT 10.0; Win64; x64; rv:104.0) Gecko/20100101 Firefox/104.0" "ysfine.com"
173.73.80.118 - - [11/Sep/2022:15:42:30 -0700] "GET /world/germany/hofbrau33b.jpg HTTP/1.1" 200 51219 "https://ysfine.com/style/songs.html" "Mozilla/5.0 (Windows NT 10.0; Win64; x64; rv:104.0) Gecko/20100101 Firefox/104.0" "ysfine.com"
173.73.80.118 - - [11/Sep/2022:15:42:30 -0700] "GET /world/russ/spbm07b.jpg HTTP/1.1" 200 42946 "https://ysfine.com/style/songs.html" "Mozilla/5.0 (Windows NT 10.0; Win64; x64; rv:104.0) Gecko/20100101 Firefox/104.0" "ysfine.com"
173.73.80.118 - - [11/Sep/2022:15:42:30 -0700] "GET /style/brahms2.jpg HTTP/1.1" 200 43601 "https://ysfine.com/style/songs.html" "Mozilla/5.0 (Windows NT 10.0; Win64; x64; rv:104.0) Gecko/20100101 Firefox/104.0" "ysfine.com"
173.73.80.118 - - [11/Sep/2022:15:42:30 -0700] "GET /style/johannstra11b.jpg HTTP/1.1" 200 50080 "https://ysfine.com/style/songs.html" "Mozilla/5.0 (Windows NT 10.0; Win64; x64; rv:104.0) Gecko/20100101 Firefox/104.0" "ysfine.com"
173.73.80.118 - - [11/Sep/2022:15:42:30 -0700] "GET /kobak/105mm2.jpg HTTP/1.1" 200 54167 "https://ysfine.com/style/songs.html" "Mozilla/5.0 (Windows NT 10.0; Win64; x64; rv:104.0) Gecko/20100101 Firefox/104.0" "ysfine.com"
173.73.80.118 - - [11/Sep/2022:15:42:30 -0700] "GET /kobak/jutlandia2.jpg HTTP/1.1" 200 34252 "https://ysfine.com/style/songs.html" "Mozilla/5.0 (Windows NT 10.0; Win64; x64; rv:104.0) Gecko/20100101 Firefox/104.0" "ysfine.com"
173.73.80.118 - - [11/Sep/2022:15:42:30 -0700] "GET /style/durbin2.jpg HTTP/1.1" 200 34965 "https://ysfine.com/style/songs.html" "Mozilla/5.0 (Windows NT 10.0; Win64; x64; rv:104.0) Gecko/20100101 Firefox/104.0" "ysfine.com"
173.73.80.118 - - [11/Sep/2022:15:42:30 -0700] "GET /style/vienopera22b.jpg HTTP/1.1" 200 52023 "https://ysfine.com/style/songs.html" "Mozilla/5.0 (Windows NT 10.0; Win64; x64; rv:104.0) Gecko/20100101 Firefox/104.0" "ysfine.com"
173.73.80.118 - - [11/Sep/2022:15:42:30 -0700] "GET /style/chopingr11b.jpg HTTP/1.1" 200 68030 "https://ysfine.com/style/songs.html" "Mozilla/5.0 (Windows NT 10.0; Win64; x64; rv:104.0) Gecko/20100101 Firefox/104.0" "ysfine.com"
173.73.80.118 - - [11/Sep/2022:15:42:30 -0700] "GET /world/germany/schonbr03b.jpg HTTP/1.1" 200 46623 "https://ysfine.com/style/songs.html" "Mozilla/5.0 (Windows NT 10.0; Win64; x64; rv:104.0) Gecko/20100101 Firefox/104.0" "ysfine.com"
173.73.80.118 - - [11/Sep/2022:15:42:30 -0700] "GET /style/sarahchang01b.jpg HTTP/1.1" 200 50797 "https://ysfine.com/style/songs.html" "Mozilla/5.0 (Windows NT 10.0; Win64; x64; rv:104.0) Gecko/20100101 Firefox/104.0" "ysfine.com"
173.73.80.118 - - [11/Sep/2022:15:42:30 -0700] "GET /style/chulmo2.jpg HTTP/1.1" 200 49387 "https://ysfine.com/style/songs.html" "Mozilla/5.0 (Windows NT 10.0; Win64; x64; rv:104.0) Gecko/20100101 Firefox/104.0" "ysfine.com"
173.73.80.118 - - [11/Sep/2022:15:42:30 -0700] "GET /style/beetho11b.jpg HTTP/1.1" 200 51004 "https://ysfine.com/style/songs.html" "Mozilla/5.0 (Windows NT 10.0; Win64; x64; rv:104.0) Gecko/20100101 Firefox/104.0" "ysfine.com"
173.73.80.118 - - [11/Sep/2022:15:42:30 -0700] "GET /style/verdi11b.jpg HTTP/1.1" 200 40111 "https://ysfine.com/style/songs.html" "Mozilla/5.0 (Windows NT 10.0; Win64; x64; rv:104.0) Gecko/20100101 Firefox/104.0" "ysfine.com"
173.73.80.118 - - [11/Sep/2022:15:42:30 -0700] "GET /world/ital/lascala05b.jpg HTTP/1.1" 200 35719 "https://ysfine.com/style/songs.html" "Mozilla/5.0 (Windows NT 10.0; Win64; x64; rv:104.0) Gecko/20100101 Firefox/104.0" "ysfine.com"
173.73.80.118 - - [11/Sep/2022:15:42:30 -0700] "GET /world/russ/ihousem22b.jpg HTTP/1.1" 404 88 "https://ysfine.com/style/songs.html" "Mozilla/5.0 (Windows NT 10.0; Win64; x64; rv:104.0) Gecko/20100101 Firefox/104.0" "ysfine.com"
173.73.80.118 - - [11/Sep/2022:15:42:30 -0700] "GET /favicon.ico HTTP/1.1" 404 88 "https://ysfine.com/style/songs.html" "Mozilla/5.0 (Windows NT 10.0; Win64; x64; rv:104.0) Gecko/20100101 Firefox/104.0" "ysfine.com"
40.77.167.33 - - [11/Sep/2022:15:44:10 -0700] "GET /world/ital/lascala03.jpg HTTP/1.1" 200 68509 "-" "Mozilla/5.0 (compatible; bingbot/2.0; +http://www.bing.com/bingbot.htm)" "www.ysfine.com"
84.66.222.144 - - [11/Sep/2022:15:44:52 -0700] "GET /world/latina/rio004b.jpg HTTP/1.1" 200 40739 "https://www.google.com/" "Mozilla/5.0 (iPad; CPU OS 15_6 like Mac OS X) AppleWebKit/605.1.15 (KHTML, like Gecko) CriOS/104.0.5112.99 Mobile/15E148 Safari/604.1" "ysfine.com"
51.222.253.20 - - [11/Sep/2022:15:45:59 -0700] "GET /world/ital/pantheib.html HTTP/1.1" 404 88 "-" "Mozilla/5.0 (compatible; AhrefsBot/7.0; +http://ahrefs.com/robot/)" "www.ysfine.com"
40.77.167.27 - - [11/Sep/2022:15:46:13 -0700] "GET /usca/pitt/cmall04.jpg HTTP/1.1" 200 70991 "-" "Mozilla/5.0 (compatible; bingbot/2.0; +http://www.bing.com/bingbot.htm)" "www.ysfine.com"
40.77.167.35 - - [11/Sep/2022:15:48:34 -0700] "GET /wdc/willard66.jpg HTTP/1.1" 200 122919 "-" "Mozilla/5.0 AppleWebKit/537.36 (KHTML, like Gecko; compatible; bingbot/2.0; +http://www.bing.com/bingbot.htm) Chrome/103.0.5060.134 Safari/537.36" "www.ysfine.com"
66.249.72.133 - - [11/Sep/2022:15:48:38 -0700] "GET /wigner/wigbieden.jpg HTTP/1.1" 200 97738 "-" "Googlebot-Image/1.0" "ysfine.com"
20.254.169.192 - - [11/Sep/2022:15:48:58 -0700] "GET //wp-admin/admin-ajax.php?action=revslider_show_image&img=../wp-config.php HTTP/1.1" 404 88 "-" "Mozlila/5.0 (Linux; Android 7.0; SM-G892A Bulid/NRD90M; wv) AppleWebKit/537.36 (KHTML, like Gecko) Version/4.0 Chrome/60.0.3112.107 Moblie Safari/537.36" "ysfine.com"
20.254.169.192 - - [11/Sep/2022:15:49:11 -0700] "GET //wp-admin/admin-post.php?local-download=../../../etc/passwd&local-destination-id=../../../etc/passwd HTTP/1.1" 404 88 "-" "Mozlila/5.0 (Linux; Android 7.0; SM-G892A Bulid/NRD90M; wv) AppleWebKit/537.36 (KHTML, like Gecko) Version/4.0 Chrome/60.0.3112.107 Moblie Safari/537.36" "ysfine.com"
20.254.169.192 - - [11/Sep/2022:15:49:25 -0700] "GET //wp-admin/admin-ajax.php?action=duplicator_download&file=/../wp-config.php HTTP/1.1" 404 88 "-" "Mozlila/5.0 (Linux; Android 7.0; SM-G892A Bulid/NRD90M; wv) AppleWebKit/537.36 (KHTML, like Gecko) Version/4.0 Chrome/60.0.3112.107 Moblie Safari/537.36" "ysfine.com"
157.55.39.146 - - [11/Sep/2022:15:49:49 -0700] "GET /ffriends/italberlin11.jpg HTTP/1.1" 200 190030 "-" "Mozilla/5.0 (compatible; bingbot/2.0; +http://www.bing.com/bingbot.htm)" "ysfine.com"
173.73.80.118 - - [11/Sep/2022:15:50:00 -0700] "GET /fdx/index.html HTTP/1.1" 401 90 "https://ysfine.com/ys11/" "Mozilla/5.0 (Windows NT 10.0; Win64; x64; rv:104.0) Gecko/20100101 Firefox/104.0" "ysfine.com"
173.73.80.118 - jake [11/Sep/2022:15:50:02 -0700] "GET /fdx/index.html HTTP/1.1" 200 129 "https://ysfine.com/ys11/" "Mozilla/5.0 (Windows NT 10.0; Win64; x64; rv:104.0) Gecko/20100101 Firefox/104.0" "ysfine.com"
40.77.167.33 - - [11/Sep/2022:15:50:02 -0700] "GET /world/brit/lontaxi02.jpg HTTP/1.1" 200 70445 "-" "Mozilla/5.0 (compatible; bingbot/2.0; +http://www.bing.com/bingbot.htm)" "www.ysfine.com"
173.73.80.118 - jake [11/Sep/2022:15:50:02 -0700] "GET /fdx/fdxtop.html HTTP/1.1" 200 400 "https://ysfine.com/fdx/index.html" "Mozilla/5.0 (Windows NT 10.0; Win64; x64; rv:104.0) Gecko/20100101 Firefox/104.0" "ysfine.com"
173.73.80.118 - jake [11/Sep/2022:15:50:02 -0700] "GET /fdx/fdxbot.html HTTP/1.1" 200 141 "https://ysfine.com/fdx/index.html" "Mozilla/5.0 (Windows NT 10.0; Win64; x64; rv:104.0) Gecko/20100101 Firefox/104.0" "ysfine.com"
173.73.80.118 - - [11/Sep/2022:15:50:02 -0700] "GET /favicon.ico HTTP/1.1" 404 88 "https://ysfine.com/fdx/index.html" "Mozilla/5.0 (Windows NT 10.0; Win64; x64; rv:104.0) Gecko/20100101 Firefox/104.0" "ysfine.com"
173.73.80.118 - jake [11/Sep/2022:15:50:02 -0700] "GET /fdx/fdxleft.html HTTP/1.1" 200 743 "https://ysfine.com/fdx/fdxbot.html" "Mozilla/5.0 (Windows NT 10.0; Win64; x64; rv:104.0) Gecko/20100101 Firefox/104.0" "ysfine.com"
173.73.80.118 - jake [11/Sep/2022:15:50:02 -0700] "GET /fdx/extra.html HTTP/1.1" 200 6659 "https://ysfine.com/fdx/fdxbot.html" "Mozilla/5.0 (Windows NT 10.0; Win64; x64; rv:104.0) Gecko/20100101 Firefox/104.0" "ysfine.com"
173.73.80.118 - jake [11/Sep/2022:15:50:02 -0700] "GET /fdx/pariscafe22c.jpg HTTP/1.1" 200 41855 "https://ysfine.com/fdx/extra.html" "Mozilla/5.0 (Windows NT 10.0; Win64; x64; rv:104.0) Gecko/20100101 Firefox/104.0" "ysfine.com"
173.73.80.118 - jake [11/Sep/2022:15:50:02 -0700] "GET /fdx/lebanon01c.jpg HTTP/1.1" 200 36334 "https://ysfine.com/fdx/extra.html" "Mozilla/5.0 (Windows NT 10.0; Win64; x64; rv:104.0) Gecko/20100101 Firefox/104.0" "ysfine.com"
173.73.80.118 - jake [11/Sep/2022:15:50:02 -0700] "GET /fdx/strasx32c.jpg HTTP/1.1" 200 39739 "https://ysfine.com/fdx/extra.html" "Mozilla/5.0 (Windows NT 10.0; Win64; x64; rv:104.0) Gecko/20100101 Firefox/104.0" "ysfine.com"
173.73.80.118 - - [11/Sep/2022:15:50:02 -0700] "GET /ffriends/fromania01c.jpg HTTP/1.1" 200 40417 "https://ysfine.com/fdx/extra.html" "Mozilla/5.0 (Windows NT 10.0; Win64; x64; rv:104.0) Gecko/20100101 Firefox/104.0" "ysfine.com"
173.73.80.118 - jake [11/Sep/2022:15:50:02 -0700] "GET /fdx/novikx66c.jpg HTTP/1.1" 200 34620 "https://ysfine.com/fdx/extra.html" "Mozilla/5.0 (Windows NT 10.0; Win64; x64; rv:104.0) Gecko/20100101 Firefox/104.0" "ysfine.com"
173.73.80.118 - jake [11/Sep/2022:15:50:02 -0700] "GET /fdx/gattix66c.jpg HTTP/1.1" 200 35589 "https://ysfine.com/fdx/extra.html" "Mozilla/5.0 (Windows NT 10.0; Win64; x64; rv:104.0) Gecko/20100101 Firefox/104.0" "ysfine.com"
173.73.80.118 - jake [11/Sep/2022:15:50:02 -0700] "GET /fdx/russhz01c.jpg HTTP/1.1" 200 44588 "https://ysfine.com/fdx/extra.html" "Mozilla/5.0 (Windows NT 10.0; Win64; x64; rv:104.0) Gecko/20100101 Firefox/104.0" "ysfine.com"
173.73.80.118 - jake [11/Sep/2022:15:50:02 -0700] "GET /fdx/russvegas01c.jpg HTTP/1.1" 200 45094 "https://ysfine.com/fdx/extra.html" "Mozilla/5.0 (Windows NT 10.0; Win64; x64; rv:104.0) Gecko/20100101 Firefox/104.0" "ysfine.com"
173.73.80.118 - jake [11/Sep/2022:15:50:02 -0700] "GET /fdx/1230c.jpg HTTP/1.1" 200 37821 "https://ysfine.com/fdx/extra.html" "Mozilla/5.0 (Windows NT 10.0; Win64; x64; rv:104.0) Gecko/20100101 Firefox/104.0" "ysfine.com"
173.73.80.118 - jake [11/Sep/2022:15:50:02 -0700] "GET /fdx/polcolum01c.jpg HTTP/1.1" 200 38994 "https://ysfine.com/fdx/extra.html" "Mozilla/5.0 (Windows NT 10.0; Win64; x64; rv:104.0) Gecko/20100101 Firefox/104.0" "ysfine.com"
173.73.80.118 - jake [11/Sep/2022:15:50:02 -0700] "GET /fdx/spbf35c.jpg HTTP/1.1" 200 29160 "https://ysfine.com/fdx/extra.html" "Mozilla/5.0 (Windows NT 10.0; Win64; x64; rv:104.0) Gecko/20100101 Firefox/104.0" "ysfine.com"
173.73.80.118 - jake [11/Sep/2022:15:50:02 -0700] "GET /fdx/amcunx33c.jpg HTTP/1.1" 200 28050 "https://ysfine.com/fdx/extra.html" "Mozilla/5.0 (Windows NT 10.0; Win64; x64; rv:104.0) Gecko/20100101 Firefox/104.0" "ysfine.com"
173.73.80.118 - jake [11/Sep/2022:15:50:02 -0700] "GET /fdx/buda023c.jpg HTTP/1.1" 200 29672 "https://ysfine.com/fdx/extra.html" "Mozilla/5.0 (Windows NT 10.0; Win64; x64; rv:104.0) Gecko/20100101 Firefox/104.0" "ysfine.com"
173.73.80.118 - jake [11/Sep/2022:15:50:02 -0700] "GET /fdx/kiss01c.jpg HTTP/1.1" 200 31615 "https://ysfine.com/fdx/extra.html" "Mozilla/5.0 (Windows NT 10.0; Win64; x64; rv:104.0) Gecko/20100101 Firefox/104.0" "ysfine.com"
173.73.80.118 - jake [11/Sep/2022:15:50:02 -0700] "GET /fdx/unitedx66c.jpg HTTP/1.1" 200 37259 "https://ysfine.com/fdx/extra.html" "Mozilla/5.0 (Windows NT 10.0; Win64; x64; rv:104.0) Gecko/20100101 Firefox/104.0" "ysfine.com"
173.73.80.118 - - [11/Sep/2022:15:50:02 -0700] "GET /ffriends/amkor/amstu06c.jpg HTTP/1.1" 200 44945 "https://ysfine.com/fdx/extra.html" "Mozilla/5.0 (Windows NT 10.0; Win64; x64; rv:104.0) Gecko/20100101 Firefox/104.0" "ysfine.com"
173.73.80.118 - jake [11/Sep/2022:15:50:02 -0700] "GET /fdx/deltax15c.jpg HTTP/1.1" 200 38876 "https://ysfine.com/fdx/extra.html" "Mozilla/5.0 (Windows NT 10.0; Win64; x64; rv:104.0) Gecko/20100101 Firefox/104.0" "ysfine.com"
173.73.80.118 - jake [11/Sep/2022:15:50:02 -0700] "GET /fdx/brazcunx22c.jpg HTTP/1.1" 200 43828 "https://ysfine.com/fdx/extra.html" "Mozilla/5.0 (Windows NT 10.0; Win64; x64; rv:104.0) Gecko/20100101 Firefox/104.0" "ysfine.com"
173.73.80.118 - jake [11/Sep/2022:15:50:02 -0700] "GET /fdx/metuguest11c.jpg HTTP/1.1" 200 34297 "https://ysfine.com/fdx/extra.html" "Mozilla/5.0 (Windows NT 10.0; Win64; x64; rv:104.0) Gecko/20100101 Firefox/104.0" "ysfine.com"
173.73.80.118 - jake [11/Sep/2022:15:50:02 -0700] "GET /fdx/zul00c.jpg HTTP/1.1" 200 37438 "https://ysfine.com/fdx/extra.html" "Mozilla/5.0 (Windows NT 10.0; Win64; x64; rv:104.0) Gecko/20100101 Firefox/104.0" "ysfine.com"
173.73.80.118 - jake [11/Sep/2022:15:50:02 -0700] "GET /fdx/kuwaitf11c.jpg HTTP/1.1" 200 37977 "https://ysfine.com/fdx/extra.html" "Mozilla/5.0 (Windows NT 10.0; Win64; x64; rv:104.0) Gecko/20100101 Firefox/104.0" "ysfine.com"
173.73.80.118 - jake [11/Sep/2022:15:50:02 -0700] "GET /fdx/saudix05c.jpg HTTP/1.1" 200 41925 "https://ysfine.com/fdx/extra.html" "Mozilla/5.0 (Windows NT 10.0; Win64; x64; rv:104.0) Gecko/20100101 Firefox/104.0" "ysfine.com"
49.7.21.114 - - [11/Sep/2022:15:50:11 -0700] "GET / HTTP/1.1" 200 5283 "-" "Sogou web spider/4.0(+http://www.sogou.com/docs/help/webmasters.htm#07)" "ysfine.com"
154.54.249.206 - - [11/Sep/2022:15:50:14 -0700] "GET /yspapers/index.html HTTP/1.1" 200 21306 "-" "Mozilla/5.0 (compatible; Barkrowler/0.9; +https://babbar.tech/crawler)" "ysfine.com"
40.77.167.35 - - [11/Sep/2022:15:50:16 -0700] "GET /kobak/somap38b.jpg HTTP/1.1" 200 54149 "-" "Mozilla/5.0 (compatible; bingbot/2.0; +http://www.bing.com/bingbot.htm)" "ysfine.com"
185.191.171.16 - - [11/Sep/2022:15:50:16 -0700] "GET /robots.txt HTTP/1.1" 404 88 "-" "Mozilla/5.0 (compatible; SemrushBot/7~bl; +http://www.semrush.com/bot.html)" "www.ysfine.com"
185.191.171.2 - - [11/Sep/2022:15:50:17 -0700] "GET /class54/class5470/total_data/sub_722.htm HTTP/1.1" 200 3295 "-" "Mozilla/5.0 (compatible; SemrushBot/7~bl; +http://www.semrush.com/bot.html)" "www.ysfine.com"
154.54.249.206 - - [11/Sep/2022:15:50:33 -0700] "GET /class54/class5470/total_data/sub_515.htm HTTP/1.1" 304 - "-" "Mozilla/5.0 (compatible; Barkrowler/0.9; +https://babbar.tech/crawler)" "www.ysfine.com"
40.77.167.33 - - [11/Sep/2022:15:50:42 -0700] "GET /world/russ/kremtheater11.jpg HTTP/1.1" 200 174356 "-" "Mozilla/5.0 (compatible; bingbot/2.0; +http://www.bing.com/bingbot.htm)" "www.ysfine.com"
173.73.80.118 - jake [11/Sep/2022:15:50:45 -0700] "GET /fdx/kuwaitf11.jpg HTTP/1.1" 200 161134 "https://ysfine.com/fdx/extra.html" "Mozilla/5.0 (Windows NT 10.0; Win64; x64; rv:104.0) Gecko/20100101 Firefox/104.0" "ysfine.com"
40.77.167.27 - - [11/Sep/2022:15:51:13 -0700] "GET /usca/pitt/yspgh58b.jpg HTTP/1.1" 200 37403 "-" "Mozilla/5.0 (compatible; bingbot/2.0; +http://www.bing.com/bingbot.htm)" "www.ysfine.com"
51.222.253.10 - - [11/Sep/2022:15:51:21 -0700] "GET /world/balticw.html HTTP/1.1" 200 15785 "-" "Mozilla/5.0 (compatible; AhrefsBot/7.0; +http://ahrefs.com/robot/)" "www.ysfine.com"
51.222.253.10 - - [11/Sep/2022:15:51:23 -0700] "GET /world/scandi/fin06b.jpg HTTP/1.1" 200 40788 "-" "Mozilla/5.0 (compatible; AhrefsBot/7.0; +http://ahrefs.com/robot/)" "www.ysfine.com"
51.222.253.20 - - [11/Sep/2022:15:51:24 -0700] "GET /world/baltic/tallin75c.jpg HTTP/1.1" 200 35939 "-" "Mozilla/5.0 (compatible; AhrefsBot/7.0; +http://ahrefs.com/robot/)" "www.ysfine.com"
51.222.253.17 - - [11/Sep/2022:15:51:24 -0700] "GET /world/baltic/tallin74c.jpg HTTP/1.1" 200 28248 "-" "Mozilla/5.0 (compatible; AhrefsBot/7.0; +http://ahrefs.com/robot/)" "www.ysfine.com"
51.222.253.14 - - [11/Sep/2022:15:51:24 -0700] "GET /maga/phys/bargmann11b.jpg HTTP/1.1" 200 36031 "-" "Mozilla/5.0 (compatible; AhrefsBot/7.0; +http://ahrefs.com/robot/)" "www.ysfine.com"
51.222.253.8 - - [11/Sep/2022:15:51:25 -0700] "GET /ffriends/admire11b.jpg HTTP/1.1" 200 30952 "-" "Mozilla/5.0 (compatible; AhrefsBot/7.0; +http://ahrefs.com/robot/)" "www.ysfine.com"
51.222.253.8 - - [11/Sep/2022:15:51:25 -0700] "GET /world/baltic/lithu04b.jpg HTTP/1.1" 200 36043 "-" "Mozilla/5.0 (compatible; AhrefsBot/7.0; +http://ahrefs.com/robot/)" "www.ysfine.com"
51.222.253.8 - - [11/Sep/2022:15:51:26 -0700] "GET /world/baltic/tallin70c.jpg HTTP/1.1" 200 29203 "-" "Mozilla/5.0 (compatible; AhrefsBot/7.0; +http://ahrefs.com/robot/)" "www.ysfine.com"
51.222.253.3 - - [11/Sep/2022:15:51:27 -0700] "GET /world/baltic/riga23b.jpg HTTP/1.1" 200 41389 "-" "Mozilla/5.0 (compatible; AhrefsBot/7.0; +http://ahrefs.com/robot/)" "www.ysfine.com"
51.222.253.13 - - [11/Sep/2022:15:51:28 -0700] "GET /world/baltic/tallin10c.jpg HTTP/1.1" 200 44598 "-" "Mozilla/5.0 (compatible; AhrefsBot/7.0; +http://ahrefs.com/robot/)" "www.ysfine.com"
51.222.253.9 - - [11/Sep/2022:15:51:29 -0700] "GET /world/baltic/tallin57c.jpg HTTP/1.1" 200 30645 "-" "Mozilla/5.0 (compatible; AhrefsBot/7.0; +http://ahrefs.com/robot/)" "www.ysfine.com"
51.222.253.5 - - [11/Sep/2022:15:51:29 -0700] "GET /maga/invent/eisenstein01b.jpg HTTP/1.1" 200 50445 "-" "Mozilla/5.0 (compatible; AhrefsBot/7.0; +http://ahrefs.com/robot/)" "www.ysfine.com"
51.222.253.10 - - [11/Sep/2022:15:51:30 -0700] "GET /maga/invent/eisenstein07.jpg HTTP/1.1" 200 15843 "-" "Mozilla/5.0 (compatible; AhrefsBot/7.0; +http://ahrefs.com/robot/)" "www.ysfine.com"
51.222.253.15 - - [11/Sep/2022:15:51:30 -0700] "GET /world/baltic/rigaeisen04b.jpg HTTP/1.1" 200 27149 "-" "Mozilla/5.0 (compatible; AhrefsBot/7.0; +http://ahrefs.com/robot/)" "www.ysfine.com"
51.222.253.2 - - [11/Sep/2022:15:51:31 -0700] "GET /world/baltic/tallin82c.jpg HTTP/1.1" 200 35113 "-" "Mozilla/5.0 (compatible; AhrefsBot/7.0; +http://ahrefs.com/robot/)" "www.ysfine.com"
51.222.253.3 - - [11/Sep/2022:15:51:31 -0700] "GET /home/comet01b.jpg HTTP/1.1" 200 53465 "-" "Mozilla/5.0 (compatible; AhrefsBot/7.0; +http://ahrefs.com/robot/)" "www.ysfine.com"
51.222.253.11 - - [11/Sep/2022:15:51:32 -0700] "GET /kobak/taylor400.jpg HTTP/1.1" 200 56181 "-" "Mozilla/5.0 (compatible; AhrefsBot/7.0; +http://ahrefs.com/robot/)" "www.ysfine.com"
51.222.253.1 - - [11/Sep/2022:15:51:32 -0700] "GET /world/baltic/lithu10b.jpg HTTP/1.1" 200 38527 "-" "Mozilla/5.0 (compatible; AhrefsBot/7.0; +http://ahrefs.com/robot/)" "www.ysfine.com"
51.222.253.7 - - [11/Sep/2022:15:51:33 -0700] "GET /world/baltic/tallin50c.jpg HTTP/1.1" 200 40939 "-" "Mozilla/5.0 (compatible; AhrefsBot/7.0; +http://ahrefs.com/robot/)" "www.ysfine.com"
51.222.253.15 - - [11/Sep/2022:15:51:33 -0700] "GET /world/baltic/riga02b.jpg HTTP/1.1" 200 38255 "-" "Mozilla/5.0 (compatible; AhrefsBot/7.0; +http://ahrefs.com/robot/)" "www.ysfine.com"
51.222.253.3 - - [11/Sep/2022:15:51:34 -0700] "GET /world/baltic/riga57b.jpg HTTP/1.1" 200 34801 "-" "Mozilla/5.0 (compatible; AhrefsBot/7.0; +http://ahrefs.com/robot/)" "www.ysfine.com"
51.222.253.3 - - [11/Sep/2022:15:51:34 -0700] "GET /world/baltic/riga25b.jpg HTTP/1.1" 200 44647 "-" "Mozilla/5.0 (compatible; AhrefsBot/7.0; +http://ahrefs.com/robot/)" "www.ysfine.com"
51.222.253.19 - - [11/Sep/2022:15:51:35 -0700] "GET /world/baltic/lithu07b.jpg HTTP/1.1" 200 44778 "-" "Mozilla/5.0 (compatible; AhrefsBot/7.0; +http://ahrefs.com/robot/)" "www.ysfine.com"
51.222.253.12 - - [11/Sep/2022:15:51:35 -0700] "GET /world/baltic/lithu03b.jpg HTTP/1.1" 200 49235 "-" "Mozilla/5.0 (compatible; AhrefsBot/7.0; +http://ahrefs.com/robot/)" "www.ysfine.com"
51.222.253.1 - - [11/Sep/2022:15:51:36 -0700] "GET /world/baltic/tallin53c.jpg HTTP/1.1" 200 46017 "-" "Mozilla/5.0 (compatible; AhrefsBot/7.0; +http://ahrefs.com/robot/)" "www.ysfine.com"
51.222.253.13 - - [11/Sep/2022:15:51:36 -0700] "GET /dirac/diracqm22b.jpg HTTP/1.1" 200 39961 "-" "Mozilla/5.0 (compatible; AhrefsBot/7.0; +http://ahrefs.com/robot/)" "www.ysfine.com"
51.222.253.3 - - [11/Sep/2022:15:51:37 -0700] "GET /world/baltic/riga56b.jpg HTTP/1.1" 200 29485 "-" "Mozilla/5.0 (compatible; AhrefsBot/7.0; +http://ahrefs.com/robot/)" "www.ysfine.com"
51.222.253.11 - - [11/Sep/2022:15:51:37 -0700] "GET /world/baltic/tallin96c.jpg HTTP/1.1" 200 32765 "-" "Mozilla/5.0 (compatible; AhrefsBot/7.0; +http://ahrefs.com/robot/)" "www.ysfine.com"
51.222.253.3 - - [11/Sep/2022:15:51:37 -0700] "GET /world/scandi/fin08b.jpg HTTP/1.1" 200 42031 "-" "Mozilla/5.0 (compatible; AhrefsBot/7.0; +http://ahrefs.com/robot/)" "www.ysfine.com"
51.222.253.13 - - [11/Sep/2022:15:51:38 -0700] "GET /world/scandi/fin01b.jpg HTTP/1.1" 200 50331 "-" "Mozilla/5.0 (compatible; AhrefsBot/7.0; +http://ahrefs.com/robot/)" "www.ysfine.com"
51.222.253.11 - - [11/Sep/2022:15:51:38 -0700] "GET /world/scandi/fin04b.jpg HTTP/1.1" 200 51772 "-" "Mozilla/5.0 (compatible; AhrefsBot/7.0; +http://ahrefs.com/robot/)" "www.ysfine.com"
51.222.253.19 - - [11/Sep/2022:15:51:39 -0700] "GET /world/baltic/riga20b.jpg HTTP/1.1" 200 28147 "-" "Mozilla/5.0 (compatible; AhrefsBot/7.0; +http://ahrefs.com/robot/)" "www.ysfine.com"
51.222.253.18 - - [11/Sep/2022:15:51:40 -0700] "GET /maga/invent/eisenstein03.jpg HTTP/1.1" 200 73731 "-" "Mozilla/5.0 (compatible; AhrefsBot/7.0; +http://ahrefs.com/robot/)" "www.ysfine.com"
51.222.253.15 - - [11/Sep/2022:15:51:41 -0700] "GET /world/baltic/tallin76c.jpg HTTP/1.1" 200 40419 "-" "Mozilla/5.0 (compatible; AhrefsBot/7.0; +http://ahrefs.com/robot/)" "www.ysfine.com"
51.222.253.10 - - [11/Sep/2022:15:51:41 -0700] "GET /world/baltic/riga26b.jpg HTTP/1.1" 200 27065 "-" "Mozilla/5.0 (compatible; AhrefsBot/7.0; +http://ahrefs.com/robot/)" "www.ysfine.com"
51.222.253.10 - - [11/Sep/2022:15:51:41 -0700] "GET /world/baltic/tallin80f.jpg HTTP/1.1" 200 94746 "-" "Mozilla/5.0 (compatible; AhrefsBot/7.0; +http://ahrefs.com/robot/)" "www.ysfine.com"
51.222.253.9 - - [11/Sep/2022:15:51:42 -0700] "GET /eink/pwk400.jpg HTTP/1.1" 200 115737 "-" "Mozilla/5.0 (compatible; AhrefsBot/7.0; +http://ahrefs.com/robot/)" "www.ysfine.com"
51.222.253.18 - - [11/Sep/2022:15:51:43 -0700] "GET /world/baltic/tallin58c.jpg HTTP/1.1" 200 31814 "-" "Mozilla/5.0 (compatible; AhrefsBot/7.0; +http://ahrefs.com/robot/)" "www.ysfine.com"
51.222.253.8 - - [11/Sep/2022:15:51:43 -0700] "GET /world/baltic/rigaf01b.jpg HTTP/1.1" 200 45466 "-" "Mozilla/5.0 (compatible; AhrefsBot/7.0; +http://ahrefs.com/robot/)" "www.ysfine.com"
51.222.253.16 - - [11/Sep/2022:15:51:44 -0700] "GET /maga/invent/eisenstein06.jpg HTTP/1.1" 200 16100 "-" "Mozilla/5.0 (compatible; AhrefsBot/7.0; +http://ahrefs.com/robot/)" "www.ysfine.com"
51.222.253.15 - - [11/Sep/2022:15:51:44 -0700] "GET /world/baltic/tallin21c.jpg HTTP/1.1" 200 42873 "-" "Mozilla/5.0 (compatible; AhrefsBot/7.0; +http://ahrefs.com/robot/)" "www.ysfine.com"
51.222.253.10 - - [11/Sep/2022:15:51:45 -0700] "GET /world/baltic/riga13b.jpg HTTP/1.1" 200 41983 "-" "Mozilla/5.0 (compatible; AhrefsBot/7.0; +http://ahrefs.com/robot/)" "www.ysfine.com"
51.222.253.19 - - [11/Sep/2022:15:51:45 -0700] "GET /people/sbt11b.jpg HTTP/1.1" 200 29397 "-" "Mozilla/5.0 (compatible; AhrefsBot/7.0; +http://ahrefs.com/robot/)" "www.ysfine.com"
51.222.253.17 - - [11/Sep/2022:15:51:46 -0700] "GET /ffriends/admire22b.jpg HTTP/1.1" 200 32504 "-" "Mozilla/5.0 (compatible; AhrefsBot/7.0; +http://ahrefs.com/robot/)" "www.ysfine.com"
51.222.253.3 - - [11/Sep/2022:15:51:47 -0700] "GET /world/baltic/tallin01c.jpg HTTP/1.1" 200 27110 "-" "Mozilla/5.0 (compatible; AhrefsBot/7.0; +http://ahrefs.com/robot/)" "www.ysfine.com"
51.222.253.8 - - [11/Sep/2022:15:51:47 -0700] "GET /world/baltic/tallin29c.jpg HTTP/1.1" 200 36700 "-" "Mozilla/5.0 (compatible; AhrefsBot/7.0; +http://ahrefs.com/robot/)" "www.ysfine.com"
185.191.171.44 - - [11/Sep/2022:15:51:56 -0700] "GET /robots.txt HTTP/1.1" 404 88 "-" "Mozilla/5.0 (compatible; SemrushBot/7~bl; +http://www.semrush.com/bot.html)" "ysfine.com"
185.191.171.45 - - [11/Sep/2022:15:51:56 -0700] "GET /dirac/dirac63.html HTTP/1.1" 404 88 "-" "Mozilla/5.0 (compatible; SemrushBot/7~bl; +http://www.semrush.com/bot.html)" "ysfine.com"
5.62.56.86 - - [11/Sep/2022:15:52:50 -0700] "GET /world/arusas.html HTTP/1.1" 200 7838 "-" "Mozilla/5.0 (Windows NT 10.0; Win64; x64; rv:102.0) Gecko/20100101 Firefox/102.0" "ysfine.com"
185.191.171.2 - - [11/Sep/2022:15:53:36 -0700] "GET /class54/class5470/total_data/sub_369.htm HTTP/1.1" 200 3294 "-" "Mozilla/5.0 (compatible; SemrushBot/7~bl; +http://www.semrush.com/bot.html)" "ysfine.com"
40.77.167.35 - - [11/Sep/2022:15:53:46 -0700] "GET /world/russ/kazan020.jpg HTTP/1.1" 200 128552 "-" "Mozilla/5.0 (compatible; bingbot/2.0; +http://www.bing.com/bingbot.htm)" "www.ysfine.com"
157.55.39.146 - - [11/Sep/2022:15:54:20 -0700] "GET /dirac/dirheisen31b.jpg HTTP/1.1" 200 39248 "-" "Mozilla/5.0 (compatible; bingbot/2.0; +http://www.bing.com/bingbot.htm)" "www.ysfine.com"
40.77.167.33 - - [11/Sep/2022:15:55:12 -0700] "GET /princeton/brooke04.jpg HTTP/1.1" 200 117666 "-" "Mozilla/5.0 (compatible; bingbot/2.0; +http://www.bing.com/bingbot.htm)" "www.ysfine.com"
40.77.167.27 - - [11/Sep/2022:15:55:16 -0700] "GET /world/russ/mosriver01.jpg HTTP/1.1" 200 185511 "-" "Mozilla/5.0 (compatible; bingbot/2.0; +http://www.bing.com/bingbot.htm)" "www.ysfine.com"
40.77.167.62 - - [11/Sep/2022:15:55:55 -0700] "GET /maga/phil/herod33c.jpg HTTP/1.1" 200 45604 "-" "Mozilla/5.0 (compatible; bingbot/2.0; +http://www.bing.com/bingbot.htm)" "www.ysfine.com"
40.77.167.35 - - [11/Sep/2022:15:56:05 -0700] "GET /eink/wsj21a.jpg HTTP/1.1" 200 117645 "-" "Mozilla/5.0 (compatible; bingbot/2.0; +http://www.bing.com/bingbot.htm)" "www.ysfine.com"
51.222.253.15 - - [11/Sep/2022:15:56:29 -0700] "GET /class54/class5470/total_data/sub_112.htm HTTP/1.1" 200 3292 "-" "Mozilla/5.0 (compatible; AhrefsBot/7.0; +http://ahrefs.com/robot/)" "www.ysfine.com"
40.77.167.27 - - [11/Sep/2022:15:57:54 -0700] "GET /people/sbt11.jpg HTTP/1.1" 200 166706 "-" "Mozilla/5.0 (compatible; bingbot/2.0; +http://www.bing.com/bingbot.htm)" "www.ysfine.com"
40.77.167.27 - - [11/Sep/2022:15:57:55 -0700] "GET /world/hungary/hunstu23b.jpg HTTP/1.1" 200 43668 "-" "Mozilla/5.0 (compatible; bingbot/2.0; +http://www.bing.com/bingbot.htm)" "www.ysfine.com"
148.64.11.209 - - [11/Sep/2022:15:58:29 -0700] "GET /maga/phys/schrod22.jpg HTTP/1.1" 200 41352 "https://www.google.com/" "Mozilla/5.0 (Windows NT 10.0; Win64; x64) AppleWebKit/537.36 (KHTML, like Gecko) Chrome/105.0.0.0 Safari/537.36" "ysfine.com"
40.77.167.33 - - [11/Sep/2022:15:59:22 -0700] "GET /dirac/dirac.jpg HTTP/1.1" 200 94245 "-" "Mozilla/5.0 AppleWebKit/537.36 (KHTML, like Gecko; compatible; bingbot/2.0; +http://www.bing.com/bingbot.htm) Chrome/103.0.5060.134 Safari/537.36" "www.ysfine.com"
40.77.167.62 - - [11/Sep/2022:16:00:05 -0700] "GET /style/nga55.jpg HTTP/1.1" 200 87065 "-" "Mozilla/5.0 (compatible; bingbot/2.0; +http://www.bing.com/bingbot.htm)" "ysfine.com"
157.55.39.146 - - [11/Sep/2022:16:00:10 -0700] "GET /sbk/2000pr11.jpg HTTP/1.1" 200 402177 "-" "Mozilla/5.0 (compatible; bingbot/2.0; +http://www.bing.com/bingbot.htm)" "ysfine.com"
203.24.137.1 - - [11/Sep/2022:16:00:23 -0700] "GET /kowar/tanks/tank03.jpg HTTP/1.1" 200 106726 "https://www.google.com/" "Mozilla/5.0 (Macintosh; Intel Mac OS X 10_15_7) AppleWebKit/537.36 (KHTML, like Gecko) Chrome/105.0.0.0 Safari/537.36" "ysfine.com"
203.24.137.1 - - [11/Sep/2022:16:00:27 -0700] "GET /kowar/tanks/tank05.jpg HTTP/1.1" 200 222063 "https://www.google.com/" "Mozilla/5.0 (Macintosh; Intel Mac OS X 10_15_7) AppleWebKit/537.36 (KHTML, like Gecko) Chrome/105.0.0.0 Safari/537.36" "ysfine.com"
40.77.167.27 - - [11/Sep/2022:16:00:44 -0700] "GET /kobak/sorae/church09b.jpg HTTP/1.1" 200 63003 "-" "Mozilla/5.0 (compatible; bingbot/2.0; +http://www.bing.com/bingbot.htm)" "www.ysfine.com"
40.77.167.27 - - [11/Sep/2022:16:00:54 -0700] "GET /newyork/lincolnc33.jpg HTTP/1.1" 200 140198 "-" "Mozilla/5.0 (compatible; bingbot/2.0; +http://www.bing.com/bingbot.htm)" "ysfine.com"
51.222.253.6 - - [11/Sep/2022:16:01:26 -0700] "GET /dongio/russian.html HTTP/1.1" 404 88 "-" "Mozilla/5.0 (compatible; AhrefsBot/7.0; +http://ahrefs.com/robot/)" "ysfine.com"
46.196.74.86 - - [11/Sep/2022:16:02:01 -0700] "GET /kowar/tanks/m70.jpg HTTP/1.1" 200 77437 "https://www.forumdefesa.com/" "Mozilla/5.0 (Windows NT 6.1; Win64; x64) AppleWebKit/537.36 (KHTML, like Gecko) Chrome/105.0.0.0 Safari/537.36" "ysfine.com"
40.77.167.27 - - [11/Sep/2022:16:02:13 -0700] "GET /world/russ/czar02b.jpg HTTP/1.1" 200 27636 "-" "Mozilla/5.0 (compatible; bingbot/2.0; +http://www.bing.com/bingbot.htm)" "ysfine.com"
40.77.167.33 - - [11/Sep/2022:16:02:22 -0700] "GET /world/ital/romef133.jpg HTTP/1.1" 200 112831 "-" "Mozilla/5.0 (compatible; bingbot/2.0; +http://www.bing.com/bingbot.htm)" "ysfine.com"
157.55.39.146 - - [11/Sep/2022:16:02:30 -0700] "GET /world/poland/sopotf08.jpg HTTP/1.1" 200 98884 "-" "Mozilla/5.0 (compatible; bingbot/2.0; +http://www.bing.com/bingbot.htm)" "ysfine.com"
77.88.5.126 - - [11/Sep/2022:16:03:13 -0700] "GET /kobak/kohist.html HTTP/1.1" 200 6039 "-" "Mozilla/5.0 (compatible; YandexBot/3.0; +http://yandex.com/bots)" "www.ysfine.com"
20.254.169.192 - - [11/Sep/2022:16:03:38 -0700] "GET //wp-admin/admin-ajax.php?action=revslider_show_image&img=../wp-config.php HTTP/1.1" 404 88 "-" "Mozlila/5.0 (Linux; Android 7.0; SM-G892A Bulid/NRD90M; wv) AppleWebKit/537.36 (KHTML, like Gecko) Version/4.0 Chrome/60.0.3112.107 Moblie Safari/537.36" "www.ysfine.com"
20.254.169.192 - - [11/Sep/2022:16:03:50 -0700] "GET //wp-admin/admin-post.php?local-download=../../../etc/passwd&local-destination-id=../../../etc/passwd HTTP/1.1" 404 88 "-" "Mozlila/5.0 (Linux; Android 7.0; SM-G892A Bulid/NRD90M; wv) AppleWebKit/537.36 (KHTML, like Gecko) Version/4.0 Chrome/60.0.3112.107 Moblie Safari/537.36" "www.ysfine.com"
20.254.169.192 - - [11/Sep/2022:16:04:02 -0700] "GET //wp-admin/admin-ajax.php?action=duplicator_download&file=/../wp-config.php HTTP/1.1" 404 88 "-" "Mozlila/5.0 (Linux; Android 7.0; SM-G892A Bulid/NRD90M; wv) AppleWebKit/537.36 (KHTML, like Gecko) Version/4.0 Chrome/60.0.3112.107 Moblie Safari/537.36" "www.ysfine.com"
157.55.39.146 - - [11/Sep/2022:16:04:50 -0700] "GET /world/hungary/liszt02.jpg HTTP/1.1" 200 149140 "-" "Mozilla/5.0 (compatible; bingbot/2.0; +http://www.bing.com/bingbot.htm)" "ysfine.com"
40.77.167.35 - - [11/Sep/2022:16:04:56 -0700] "GET /wigner/gim/gimn09.jpg HTTP/1.1" 200 106490 "-" "Mozilla/5.0 (compatible; bingbot/2.0; +http://www.bing.com/bingbot.htm)" "ysfine.com"
51.222.253.6 - - [11/Sep/2022:16:05:57 -0700] "GET /class54/class5470/total_data/sub_116.htm HTTP/1.1" 200 3290 "-" "Mozilla/5.0 (compatible; AhrefsBot/7.0; +http://ahrefs.com/robot/)" "www.ysfine.com"
51.222.253.2 - - [11/Sep/2022:16:06:04 -0700] "GET /class54/class5470/total_data/photo_img/1-16.jpg HTTP/1.1" 200 89878 "-" "Mozilla/5.0 (compatible; AhrefsBot/7.0; +http://ahrefs.com/robot/)" "www.ysfine.com"
40.77.167.35 - - [11/Sep/2022:16:06:05 -0700] "GET /kowar/tanks/sgvet.jpg HTTP/1.1" 200 128893 "-" "Mozilla/5.0 (compatible; bingbot/2.0; +http://www.bing.com/bingbot.htm)" "ysfine.com"
40.77.167.27 - - [11/Sep/2022:16:06:24 -0700] "GET /awards/acs20a.jpg HTTP/1.1" 200 103389 "-" "Mozilla/5.0 (compatible; bingbot/2.0; +http://www.bing.com/bingbot.htm)" "www.ysfine.com"
80.253.251.174 - - [11/Sep/2022:16:08:48 -0700] "GET /dirac/dirac63.jpg HTTP/1.1" 200 83306 "-" "Mozilla/5.0 (Windows NT 6.3; WOW64) AppleWebKit/537.36 (KHTML, like Gecko) Chrome/38.0.2125.111 Safari/537.36" "www.ysfine.com"
185.212.160.184 - - [11/Sep/2022:16:08:49 -0700] "GET /dirac/dirac63.jpg HTTP/1.1" 200 83306 "-" "Mozilla/5.0 (Windows NT 6.3; WOW64) AppleWebKit/537.36 (KHTML, like Gecko) Chrome/38.0.2125.111 Safari/537.36" "www.ysfine.com"
40.77.167.33 - - [11/Sep/2022:16:09:13 -0700] "GET /wdc/kopol01.jpg HTTP/1.1" 200 70290 "-" "Mozilla/5.0 (compatible; bingbot/2.0; +http://www.bing.com/bingbot.htm)" "www.ysfine.com"
173.73.80.118 - - [11/Sep/2022:16:09:21 -0700] "GET /favicon.ico HTTP/1.1" 404 88 "https://ysfine.com/ys11/" "Mozilla/5.0 (Windows NT 10.0; WOW64) AppleWebKit/537.36 (KHTML, like Gecko) Chrome/63.0.3239.132 Safari/537.36" "ysfine.com"
154.54.249.206 - - [11/Sep/2022:16:09:56 -0700] "GET /princeton/prade.html HTTP/1.1" 304 - "-" "Mozilla/5.0 (compatible; Barkrowler/0.9; +https://babbar.tech/crawler)" "ysfine.com"
51.222.253.16 - - [11/Sep/2022:16:10:11 -0700] "GET /class54/class5470/total_data/sub_105.htm HTTP/1.1" 200 3250 "-" "Mozilla/5.0 (compatible; AhrefsBot/7.0; +http://ahrefs.com/robot/)" "www.ysfine.com"
51.222.253.14 - - [11/Sep/2022:16:10:13 -0700] "GET /class54/class5470/total_data/photo_img/1-5.jpg HTTP/1.1" 200 49916 "-" "Mozilla/5.0 (compatible; AhrefsBot/7.0; +http://ahrefs.com/robot/)" "www.ysfine.com"
51.222.253.12 - - [11/Sep/2022:16:10:14 -0700] "GET /class54/class5470/total_data/img/01_st_precept.gif HTTP/1.1" 200 587 "-" "Mozilla/5.0 (compatible; AhrefsBot/7.0; +http://ahrefs.com/robot/)" "www.ysfine.com"
154.54.249.206 - - [11/Sep/2022:16:10:14 -0700] "GET /class54/class5470/total_data/sub_117.htm HTTP/1.1" 304 - "-" "Mozilla/5.0 (compatible; Barkrowler/0.9; +https://babbar.tech/crawler)" "www.ysfine.com"
172.58.43.4 - - [11/Sep/2022:16:10:38 -0700] "GET /feynman/page55.jpg HTTP/1.1" 200 98479 "https://www.google.com/" "Mozilla/5.0 (Linux; Android 10; ELE-L29 Build/HUAWEIELE-L29; wv) AppleWebKit/537.36 (KHTML, like Gecko) Version/4.0 Chrome/105.0.5195.79 Mobile Safari/537.36 GoogleApp/13.34.12.26.arm64" "ysfine.com"
172.58.43.4 - - [11/Sep/2022:16:10:39 -0700] "GET /feynman/fthesis.html HTTP/1.1" 200 144 "https://www.google.com/" "Mozilla/5.0 (Linux; Android 10; ELE-L29) AppleWebKit/537.36 (KHTML, like Gecko) Chrome/105.0.0.0 Mobile Safari/537.36" "ysfine.com"
172.58.43.4 - - [11/Sep/2022:16:10:39 -0700] "GET /feynman/fthtop.html HTTP/1.1" 200 395 "https://ysfine.com/feynman/fthesis.html" "Mozilla/5.0 (Linux; Android 10; ELE-L29) AppleWebKit/537.36 (KHTML, like Gecko) Chrome/105.0.0.0 Mobile Safari/537.36" "ysfine.com"
172.58.43.4 - - [11/Sep/2022:16:10:39 -0700] "GET /feynman/fthbot.html HTTP/1.1" 200 691 "https://ysfine.com/feynman/fthesis.html" "Mozilla/5.0 (Linux; Android 10; ELE-L29) AppleWebKit/537.36 (KHTML, like Gecko) Chrome/105.0.0.0 Mobile Safari/537.36" "ysfine.com"
172.58.43.4 - - [11/Sep/2022:16:10:39 -0700] "GET /feynman/feyprince.jpg HTTP/1.1" 200 62002 "https://ysfine.com/feynman/fthbot.html" "Mozilla/5.0 (Linux; Android 10; ELE-L29) AppleWebKit/537.36 (KHTML, like Gecko) Chrome/105.0.0.0 Mobile Safari/537.36" "ysfine.com"
172.58.43.4 - - [11/Sep/2022:16:10:41 -0700] "GET /favicon.ico HTTP/1.1" 404 88 "https://ysfine.com/feynman/fthesis.html" "Mozilla/5.0 (Linux; Android 10; ELE-L29) AppleWebKit/537.36 (KHTML, like Gecko) Chrome/105.0.0.0 Mobile Safari/537.36" "ysfine.com"
40.77.167.35 - - [11/Sep/2022:16:10:58 -0700] "GET /einstein/places/einha12.jpg HTTP/1.1" 200 118952 "-" "Mozilla/5.0 (compatible; bingbot/2.0; +http://www.bing.com/bingbot.htm)" "ysfine.com"
172.58.43.4 - - [11/Sep/2022:16:10:58 -0700] "GET /feynman/fphoto.html HTTP/1.1" 200 3714 "https://ysfine.com/feynman/fthbot.html" "Mozilla/5.0 (Linux; Android 10; ELE-L29) AppleWebKit/537.36 (KHTML, like Gecko) Chrome/105.0.0.0 Mobile Safari/537.36" "ysfine.com"
172.58.43.4 - - [11/Sep/2022:16:10:59 -0700] "GET /feynman/feynma2.jpg HTTP/1.1" 200 41543 "https://ysfine.com/feynman/fphoto.html" "Mozilla/5.0 (Linux; Android 10; ELE-L29) AppleWebKit/537.36 (KHTML, like Gecko) Chrome/105.0.0.0 Mobile Safari/537.36" "ysfine.com"
172.58.43.4 - - [11/Sep/2022:16:10:59 -0700] "GET /feynman/chapline2.jpg HTTP/1.1" 200 36026 "https://ysfine.com/feynman/fphoto.html" "Mozilla/5.0 (Linux; Android 10; ELE-L29) AppleWebKit/537.36 (KHTML, like Gecko) Chrome/105.0.0.0 Mobile Safari/537.36" "ysfine.com"
172.58.43.4 - - [11/Sep/2022:16:10:59 -0700] "GET /feynman/feyn86b.jpg HTTP/1.1" 200 26190 "https://ysfine.com/feynman/fphoto.html" "Mozilla/5.0 (Linux; Android 10; ELE-L29) AppleWebKit/537.36 (KHTML, like Gecko) Chrome/105.0.0.0 Mobile Safari/537.36" "ysfine.com"
172.58.43.4 - - [11/Sep/2022:16:10:59 -0700] "GET /feynman/feybongo55b.jpg HTTP/1.1" 200 41455 "https://ysfine.com/feynman/fphoto.html" "Mozilla/5.0 (Linux; Android 10; ELE-L29) AppleWebKit/537.36 (KHTML, like Gecko) Chrome/105.0.0.0 Mobile Safari/537.36" "ysfine.com"
172.58.43.4 - - [11/Sep/2022:16:10:59 -0700] "GET /feynman/feyprince2.jpg HTTP/1.1" 200 49143 "https://ysfine.com/feynman/fphoto.html" "Mozilla/5.0 (Linux; Android 10; ELE-L29) AppleWebKit/537.36 (KHTML, like Gecko) Chrome/105.0.0.0 Mobile Safari/537.36" "ysfine.com"
172.58.43.4 - - [11/Sep/2022:16:10:59 -0700] "GET /world/latina/rio025b.jpg HTTP/1.1" 200 39082 "https://ysfine.com/feynman/fphoto.html" "Mozilla/5.0 (Linux; Android 10; ELE-L29) AppleWebKit/537.36 (KHTML, like Gecko) Chrome/105.0.0.0 Mobile Safari/537.36" "ysfine.com"
173.73.80.118 - - [11/Sep/2022:16:11:03 -0700] "GET /favicon.ico HTTP/1.1" 404 88 "https://ysfine.com/ys11/" "Mozilla/5.0 (Windows NT 10.0; Win64; x64) AppleWebKit/537.36 (KHTML, like Gecko) Chrome/105.0.0.0 Safari/537.36" "ysfine.com"
40.77.167.62 - - [11/Sep/2022:16:11:37 -0700] "GET /world/spb.html HTTP/1.1" 200 16118 "-" "Mozilla/5.0 (compatible; bingbot/2.0; +http://www.bing.com/bingbot.htm)" "ysfine.com"
40.77.167.62 - - [11/Sep/2022:16:11:37 -0700] "GET /home/dwf33.html HTTP/1.1" 200 7188 "-" "Mozilla/5.0 (compatible; bingbot/2.0; +http://www.bing.com/bingbot.htm)" "ysfine.com"
40.77.167.62 - - [11/Sep/2022:16:11:37 -0700] "GET /feynman/feygell.html HTTP/1.1" 200 4714 "-" "Mozilla/5.0 (compatible; bingbot/2.0; +http://www.bing.com/bingbot.htm)" "ysfine.com"
40.77.167.33 - - [11/Sep/2022:16:11:45 -0700] "GET /style/restau.html HTTP/1.1" 200 2149 "-" "Mozilla/5.0 (compatible; bingbot/2.0; +http://www.bing.com/bingbot.htm)" "ysfine.com"
40.77.167.35 - - [11/Sep/2022:16:11:46 -0700] "GET /world/andal.html HTTP/1.1" 200 10099 "-" "Mozilla/5.0 (compatible; bingbot/2.0; +http://www.bing.com/bingbot.htm)" "ysfine.com"
40.77.167.27 - - [11/Sep/2022:16:11:49 -0700] "GET /world/trier.html HTTP/1.1" 200 6488 "-" "Mozilla/5.0 (compatible; bingbot/2.0; +http://www.bing.com/bingbot.htm)" "ysfine.com"
40.77.167.35 - - [11/Sep/2022:16:11:56 -0700] "GET /philo/marx.html HTTP/1.1" 200 6465 "-" "Mozilla/5.0 (compatible; bingbot/2.0; +http://www.bing.com/bingbot.htm)" "ysfine.com"
173.73.80.118 - - [11/Sep/2022:16:12:01 -0700] "GET /family/index.html HTTP/1.1" 401 90 "https://ysfine.com/ys11/" "Mozilla/5.0 (Windows NT 10.0; WOW64) AppleWebKit/537.36 (KHTML, like Gecko) Chrome/63.0.3239.132 Safari/537.36" "ysfine.com"
173.73.80.118 - jake [11/Sep/2022:16:12:07 -0700] "GET /family/index.html HTTP/1.1" 200 122 "https://ysfine.com/ys11/" "Mozilla/5.0 (Windows NT 10.0; WOW64) AppleWebKit/537.36 (KHTML, like Gecko) Chrome/63.0.3239.132 Safari/537.36" "ysfine.com"
173.73.80.118 - jake [11/Sep/2022:16:12:07 -0700] "GET /family/famtop.html HTTP/1.1" 200 377 "https://ysfine.com/family/index.html" "Mozilla/5.0 (Windows NT 10.0; WOW64) AppleWebKit/537.36 (KHTML, like Gecko) Chrome/63.0.3239.132 Safari/537.36" "ysfine.com"
173.73.80.118 - jake [11/Sep/2022:16:12:08 -0700] "GET /family/fambot.html HTTP/1.1" 200 131 "https://ysfine.com/family/index.html" "Mozilla/5.0 (Windows NT 10.0; WOW64) AppleWebKit/537.36 (KHTML, like Gecko) Chrome/63.0.3239.132 Safari/537.36" "ysfine.com"
173.73.80.118 - jake [11/Sep/2022:16:12:08 -0700] "GET /family/jacrigh.html HTTP/1.1" 200 1180 "https://ysfine.com/family/fambot.html" "Mozilla/5.0 (Windows NT 10.0; WOW64) AppleWebKit/537.36 (KHTML, like Gecko) Chrome/63.0.3239.132 Safari/537.36" "ysfine.com"
173.73.80.118 - jake [11/Sep/2022:16:12:08 -0700] "GET /family/jacleft.html HTTP/1.1" 200 1507 "https://ysfine.com/family/fambot.html" "Mozilla/5.0 (Windows NT 10.0; WOW64) AppleWebKit/537.36 (KHTML, like Gecko) Chrome/63.0.3239.132 Safari/537.36" "ysfine.com"
173.73.80.118 - jake [11/Sep/2022:16:12:08 -0700] "GET /family/jac/j170c.jpg HTTP/1.1" 200 46559 "https://ysfine.com/family/jacrigh.html" "Mozilla/5.0 (Windows NT 10.0; WOW64) AppleWebKit/537.36 (KHTML, like Gecko) Chrome/63.0.3239.132 Safari/537.36" "ysfine.com"
173.73.80.118 - jake [11/Sep/2022:16:12:08 -0700] "GET /family/jac/j071c.jpg HTTP/1.1" 200 67012 "https://ysfine.com/family/jacrigh.html" "Mozilla/5.0 (Windows NT 10.0; WOW64) AppleWebKit/537.36 (KHTML, like Gecko) Chrome/63.0.3239.132 Safari/537.36" "ysfine.com"
173.73.80.118 - jake [11/Sep/2022:16:12:08 -0700] "GET /family/jac/j185c.jpg HTTP/1.1" 200 40448 "https://ysfine.com/family/jacrigh.html" "Mozilla/5.0 (Windows NT 10.0; WOW64) AppleWebKit/537.36 (KHTML, like Gecko) Chrome/63.0.3239.132 Safari/537.36" "ysfine.com"
173.73.80.118 - jake [11/Sep/2022:16:12:08 -0700] "GET /family/jac/j186c.jpg HTTP/1.1" 200 42742 "https://ysfine.com/family/jacrigh.html" "Mozilla/5.0 (Windows NT 10.0; WOW64) AppleWebKit/537.36 (KHTML, like Gecko) Chrome/63.0.3239.132 Safari/537.36" "ysfine.com"
173.73.80.118 - jake [11/Sep/2022:16:12:11 -0700] "GET /family/jac/j071.jpg HTTP/1.1" 200 117756 "https://ysfine.com/family/jacrigh.html" "Mozilla/5.0 (Windows NT 10.0; WOW64) AppleWebKit/537.36 (KHTML, like Gecko) Chrome/63.0.3239.132 Safari/537.36" "ysfine.com"
173.73.80.118 - jake [11/Sep/2022:16:12:20 -0700] "GET /family/jac/j101.jpg HTTP/1.1" 200 185698 "https://ysfine.com/family/jacleft.html" "Mozilla/5.0 (Windows NT 10.0; WOW64) AppleWebKit/537.36 (KHTML, like Gecko) Chrome/63.0.3239.132 Safari/537.36" "ysfine.com"
17.121.113.45 - - [11/Sep/2022:16:12:20 -0700] "GET /home/pquartet.html HTTP/1.1" 200 4307 "-" "Mozilla/5.0 (Macintosh; Intel Mac OS X 10_15_5) AppleWebKit/605.1.15 (KHTML, like Gecko) Version/13.1.1 Safari/605.1.15 (Applebot/0.1; +http://www.apple.com/go/applebot)" "ysfine.com"
173.73.80.118 - jake [11/Sep/2022:16:12:23 -0700] "GET /family/jac/j107.jpg HTTP/1.1" 200 91386 "https://ysfine.com/family/jacleft.html" "Mozilla/5.0 (Windows NT 10.0; WOW64) AppleWebKit/537.36 (KHTML, like Gecko) Chrome/63.0.3239.132 Safari/537.36" "ysfine.com"
173.73.80.118 - jake [11/Sep/2022:16:12:26 -0700] "GET /family/jac/j111.jpg HTTP/1.1" 200 100030 "https://ysfine.com/family/jacleft.html" "Mozilla/5.0 (Windows NT 10.0; WOW64) AppleWebKit/537.36 (KHTML, like Gecko) Chrome/63.0.3239.132 Safari/537.36" "ysfine.com"
40.77.167.35 - - [11/Sep/2022:16:12:28 -0700] "GET /wdc/treasury22.jpg HTTP/1.1" 200 111423 "-" "Mozilla/5.0 (compatible; bingbot/2.0; +http://www.bing.com/bingbot.htm)" "www.ysfine.com"
173.73.80.118 - jake [11/Sep/2022:16:12:31 -0700] "GET /family/jac/j113.jpg HTTP/1.1" 200 79294 "https://ysfine.com/family/jacleft.html" "Mozilla/5.0 (Windows NT 10.0; WOW64) AppleWebKit/537.36 (KHTML, like Gecko) Chrome/63.0.3239.132 Safari/537.36" "ysfine.com"
173.73.80.118 - jake [11/Sep/2022:16:12:49 -0700] "GET /family/jac/j112.jpg HTTP/1.1" 200 75604 "https://ysfine.com/family/jacleft.html" "Mozilla/5.0 (Windows NT 10.0; WOW64) AppleWebKit/537.36 (KHTML, like Gecko) Chrome/63.0.3239.132 Safari/537.36" "ysfine.com"
173.73.80.118 - jake [11/Sep/2022:16:12:53 -0700] "GET /family/jac/j117.jpg HTTP/1.1" 200 105748 "https://ysfine.com/family/jacleft.html" "Mozilla/5.0 (Windows NT 10.0; WOW64) AppleWebKit/537.36 (KHTML, like Gecko) Chrome/63.0.3239.132 Safari/537.36" "ysfine.com"
47.132.7.181 - - [11/Sep/2022:16:12:55 -0700] "GET /kowar/tanks/gmc03.jpg HTTP/1.1" 200 121801 "https://images.search.yahoo.com/search/images;_ylt=Awrih1kTax5jn7EBUTVXNyoA;_ylu=Y29sbwNiZjEEcG9zAzEEdnRpZAMEc2VjA3BpdnM-?p=what+vehicles+did+the+us+use+in+the+korean+war%3F&fr2=piv-web&type=E211US885G0&fr=mcafee" "Mozilla/5.0 (Windows NT 10.0; Win64; x64) AppleWebKit/537.36 (KHTML, like Gecko) Chrome/105.0.0.0 Safari/537.36" "www.ysfine.com"
173.73.80.118 - - [11/Sep/2022:16:13:00 -0700] "GET /saram/dobot.html HTTP/1.1" 404 88 "https://ysfine.com/family/famtop.html" "Mozilla/5.0 (Windows NT 10.0; WOW64) AppleWebKit/537.36 (KHTML, like Gecko) Chrome/63.0.3239.132 Safari/537.36" "ysfine.com"
173.73.80.118 - - [11/Sep/2022:16:13:04 -0700] "GET /saram/dobot.html HTTP/1.1" 404 88 "https://ysfine.com/family/famtop.html" "Mozilla/5.0 (Windows NT 10.0; WOW64) AppleWebKit/537.36 (KHTML, like Gecko) Chrome/63.0.3239.132 Safari/537.36" "ysfine.com"
