51.222.253.14 - - [11/Sep/2022:20:22:23 -0700] "GET /wigner/isomor.html HTTP/1.1" 200 359 "-" "Mozilla/5.0 (compatible; AhrefsBot/7.0; +http://ahrefs.com/robot/)" "ysfine.com"
51.222.253.12 - - [11/Sep/2022:20:22:26 -0700] "GET /wigner/isomor66.jpg HTTP/1.1" 200 103658 "-" "Mozilla/5.0 (compatible; AhrefsBot/7.0; +http://ahrefs.com/robot/)" "ysfine.com"
24.61.58.158 - - [11/Sep/2022:20:23:02 -0700] "GET /princeton/alexan22.jpg HTTP/1.1" 200 175436 "https://www.google.com/" "Mozilla/5.0 (Macintosh; Intel Mac OS X 10_15_7) AppleWebKit/605.1.15 (KHTML, like Gecko) Version/15.6.1 Safari/605.1.15" "ysfine.com"
40.77.167.33 - - [11/Sep/2022:20:23:08 -0700] "GET /wdc/wasmap33.jpg HTTP/1.1" 200 65060 "-" "Mozilla/5.0 (compatible; bingbot/2.0; +http://www.bing.com/bingbot.htm)" "www.ysfine.com"
64.124.8.25 - - [11/Sep/2022:20:24:29 -0700] "GET /class54/class5470/total_data/sub_220.htm HTTP/1.1" 200 3410 "-" "Mozilla/5.0 (X11; Linux x86_64) AppleWebKit/537.36 (KHTML, like Gecko) Chrome/61.0.3163.79 Safari/537.36" "ysfine.com"
40.77.167.35 - - [11/Sep/2022:20:24:51 -0700] "GET /world/israel/jeru51.jpg HTTP/1.1" 200 261732 "-" "Mozilla/5.0 (compatible; bingbot/2.0; +http://www.bing.com/bingbot.htm)" "ysfine.com"
40.77.167.62 - - [11/Sep/2022:20:25:10 -0700] "GET /world/wdleft.html HTTP/1.1" 200 610 "-" "Mozilla/5.0 (compatible; bingbot/2.0; +http://www.bing.com/bingbot.htm)" "www.ysfine.com"
157.55.39.146 - - [11/Sep/2022:20:25:15 -0700] "GET /world/wdrigh.html HTTP/1.1" 200 2217 "-" "Mozilla/5.0 (compatible; bingbot/2.0; +http://www.bing.com/bingbot.htm)" "www.ysfine.com"
51.222.253.10 - - [11/Sep/2022:20:26:39 -0700] "GET /fbook/friends.html HTTP/1.1" 200 1057 "-" "Mozilla/5.0 (compatible; AhrefsBot/7.0; +http://ahrefs.com/robot/)" "ysfine.com"
40.77.167.35 - - [11/Sep/2022:20:26:39 -0700] "GET /world/israel/tlv01.jpg HTTP/1.1" 200 206082 "-" "Mozilla/5.0 (compatible; bingbot/2.0; +http://www.bing.com/bingbot.htm)" "ysfine.com"
51.222.253.3 - - [11/Sep/2022:20:26:42 -0700] "GET /fbook/london55a.jpg HTTP/1.1" 200 101294 "-" "Mozilla/5.0 (compatible; AhrefsBot/7.0; +http://ahrefs.com/robot/)" "ysfine.com"
51.222.253.1 - - [11/Sep/2022:20:26:42 -0700] "GET /fbook/vienna33a.jpg HTTP/1.1" 200 94751 "-" "Mozilla/5.0 (compatible; AhrefsBot/7.0; +http://ahrefs.com/robot/)" "ysfine.com"
51.222.253.5 - - [11/Sep/2022:20:26:43 -0700] "GET /fbook/profs11a.jpg HTTP/1.1" 200 78954 "-" "Mozilla/5.0 (compatible; AhrefsBot/7.0; +http://ahrefs.com/robot/)" "ysfine.com"
51.222.253.9 - - [11/Sep/2022:20:26:43 -0700] "GET /fbook/copa33a.jpg HTTP/1.1" 200 72363 "-" "Mozilla/5.0 (compatible; AhrefsBot/7.0; +http://ahrefs.com/robot/)" "ysfine.com"
51.222.253.13 - - [11/Sep/2022:20:26:44 -0700] "GET /fbook/matisse99a.jpg HTTP/1.1" 200 65684 "-" "Mozilla/5.0 (compatible; AhrefsBot/7.0; +http://ahrefs.com/robot/)" "ysfine.com"
51.222.253.4 - - [11/Sep/2022:20:26:45 -0700] "GET /fbook/greekf22a.jpg HTTP/1.1" 200 99871 "-" "Mozilla/5.0 (compatible; AhrefsBot/7.0; +http://ahrefs.com/robot/)" "ysfine.com"
51.222.253.3 - - [11/Sep/2022:20:26:45 -0700] "GET /fbook/jkgirls11a.jpg HTTP/1.1" 200 79781 "-" "Mozilla/5.0 (compatible; AhrefsBot/7.0; +http://ahrefs.com/robot/)" "ysfine.com"
157.55.39.146 - - [11/Sep/2022:20:26:45 -0700] "GET /princeton/pawkim19.jpg HTTP/1.1" 200 195948 "-" "Mozilla/5.0 (compatible; bingbot/2.0; +http://www.bing.com/bingbot.htm)" "www.ysfine.com"
51.222.253.15 - - [11/Sep/2022:20:26:46 -0700] "GET /fbook/danube11a.jpg HTTP/1.1" 200 74140 "-" "Mozilla/5.0 (compatible; AhrefsBot/7.0; +http://ahrefs.com/robot/)" "ysfine.com"
51.222.253.1 - - [11/Sep/2022:20:26:47 -0700] "GET /fbook/gdansk11a.jpg HTTP/1.1" 200 137926 "-" "Mozilla/5.0 (compatible; AhrefsBot/7.0; +http://ahrefs.com/robot/)" "ysfine.com"
51.222.253.1 - - [11/Sep/2022:20:26:47 -0700] "GET /fbook/water33a.jpg HTTP/1.1" 200 75276 "-" "Mozilla/5.0 (compatible; AhrefsBot/7.0; +http://ahrefs.com/robot/)" "ysfine.com"
51.222.253.17 - - [11/Sep/2022:20:26:48 -0700] "GET /fbook/koheart11a.jpg HTTP/1.1" 200 88882 "-" "Mozilla/5.0 (compatible; AhrefsBot/7.0; +http://ahrefs.com/robot/)" "ysfine.com"
51.222.253.12 - - [11/Sep/2022:20:26:48 -0700] "GET /fbook/texas33a.jpg HTTP/1.1" 200 72424 "-" "Mozilla/5.0 (compatible; AhrefsBot/7.0; +http://ahrefs.com/robot/)" "ysfine.com"
51.222.253.4 - - [11/Sep/2022:20:26:49 -0700] "GET /fbook/hungary11a.jpg HTTP/1.1" 200 109923 "-" "Mozilla/5.0 (compatible; AhrefsBot/7.0; +http://ahrefs.com/robot/)" "ysfine.com"
51.222.253.7 - - [11/Sep/2022:20:26:50 -0700] "GET /fbook/hongkong66a.jpg HTTP/1.1" 200 109534 "-" "Mozilla/5.0 (compatible; AhrefsBot/7.0; +http://ahrefs.com/robot/)" "ysfine.com"
51.222.253.17 - - [11/Sep/2022:20:26:51 -0700] "GET /fbook/konurse55a.jpg HTTP/1.1" 200 102788 "-" "Mozilla/5.0 (compatible; AhrefsBot/7.0; +http://ahrefs.com/robot/)" "ysfine.com"
51.222.253.15 - - [11/Sep/2022:20:26:52 -0700] "GET /fbook/minskf32a.jpg HTTP/1.1" 200 95903 "-" "Mozilla/5.0 (compatible; AhrefsBot/7.0; +http://ahrefs.com/robot/)" "ysfine.com"
51.222.253.13 - - [11/Sep/2022:20:26:52 -0700] "GET /fbook/alps05a.jpg HTTP/1.1" 200 83860 "-" "Mozilla/5.0 (compatible; AhrefsBot/7.0; +http://ahrefs.com/robot/)" "ysfine.com"
51.222.253.13 - - [11/Sep/2022:20:26:53 -0700] "GET /fbook/profs22a.jpg HTTP/1.1" 200 100037 "-" "Mozilla/5.0 (compatible; AhrefsBot/7.0; +http://ahrefs.com/robot/)" "ysfine.com"
51.222.253.20 - - [11/Sep/2022:20:26:54 -0700] "GET /fbook/russlady11a.jpg HTTP/1.1" 200 74850 "-" "Mozilla/5.0 (compatible; AhrefsBot/7.0; +http://ahrefs.com/robot/)" "ysfine.com"
51.222.253.11 - - [11/Sep/2022:20:26:54 -0700] "GET /fbook/mileva33a.jpg HTTP/1.1" 200 93588 "-" "Mozilla/5.0 (compatible; AhrefsBot/7.0; +http://ahrefs.com/robot/)" "ysfine.com"
51.222.253.12 - - [11/Sep/2022:20:26:55 -0700] "GET /fbook/kgirls22a.jpg HTTP/1.1" 200 89811 "-" "Mozilla/5.0 (compatible; AhrefsBot/7.0; +http://ahrefs.com/robot/)" "ysfine.com"
51.222.253.17 - - [11/Sep/2022:20:26:55 -0700] "GET /fbook/montpar32a.jpg HTTP/1.1" 200 103616 "-" "Mozilla/5.0 (compatible; AhrefsBot/7.0; +http://ahrefs.com/robot/)" "ysfine.com"
51.222.253.11 - - [11/Sep/2022:20:26:56 -0700] "GET /fbook/montreal01a.jpg HTTP/1.1" 200 103135 "-" "Mozilla/5.0 (compatible; AhrefsBot/7.0; +http://ahrefs.com/robot/)" "ysfine.com"
51.222.253.11 - - [11/Sep/2022:20:26:56 -0700] "GET /fbook/instinct11a.jpg HTTP/1.1" 200 96762 "-" "Mozilla/5.0 (compatible; AhrefsBot/7.0; +http://ahrefs.com/robot/)" "ysfine.com"
51.222.253.10 - - [11/Sep/2022:20:26:57 -0700] "GET /fbook/polnewyork29a.jpg HTTP/1.1" 200 105100 "-" "Mozilla/5.0 (compatible; AhrefsBot/7.0; +http://ahrefs.com/robot/)" "ysfine.com"
51.222.253.14 - - [11/Sep/2022:20:26:57 -0700] "GET /fbook/buenos11a.jpg HTTP/1.1" 200 99619 "-" "Mozilla/5.0 (compatible; AhrefsBot/7.0; +http://ahrefs.com/robot/)" "ysfine.com"
65.108.62.76 - - [11/Sep/2022:20:27:44 -0700] "GET /wp-load.php HTTP/1.1" 404 88 "www.bing.com" "wp_is_mobile" "ysfine.com"
157.55.39.146 - - [11/Sep/2022:20:27:55 -0700] "GET /maga/phys/coperni103b.jpg HTTP/1.1" 200 609419 "-" "Mozilla/5.0 (compatible; bingbot/2.0; +http://www.bing.com/bingbot.htm)" "ysfine.com"
65.108.62.76 - - [11/Sep/2022:20:28:17 -0700] "GET /style.php HTTP/1.1" 404 88 "www.bing.com" "wp_is_mobile" "ysfine.com"
65.108.62.76 - - [11/Sep/2022:20:28:17 -0700] "GET /wp-admin/style.php HTTP/1.1" 404 88 "www.bing.com" "wp_is_mobile" "ysfine.com"
65.108.62.76 - - [11/Sep/2022:20:28:41 -0700] "GET /s_e.php HTTP/1.1" 404 88 "www.bing.com" "wp_is_mobile" "ysfine.com"
65.108.62.76 - - [11/Sep/2022:20:28:44 -0700] "GET /s_ne.php HTTP/1.1" 404 88 "www.bing.com" "wp_is_mobile" "ysfine.com"
65.108.62.76 - - [11/Sep/2022:20:28:47 -0700] "GET /1index.php HTTP/1.1" 404 88 "www.bing.com" "Mozilla/5.0 (Windows NT 10.0; Win64; x64) AppleWebKit/537.36 (KHTML, like Gecko) Chrome/90.0.4430.85 Safari/537.36" "ysfine.com"
65.108.62.76 - - [11/Sep/2022:20:29:04 -0700] "GET /radio.php HTTP/1.1" 404 88 "www.bing.com" "wp_is_mobile" "ysfine.com"
65.108.62.76 - - [11/Sep/2022:20:29:24 -0700] "GET /doc.php HTTP/1.1" 404 88 "www.bing.com" "wp_is_mobile" "ysfine.com"
104.28.97.72 - - [11/Sep/2022:20:29:29 -0700] "GET /kowar/yicheols03.jpg HTTP/1.1" 200 214596 "https://members.staterecords.org/" "Mozilla/5.0 (iPhone; CPU iPhone OS 15_6_1 like Mac OS X) AppleWebKit/605.1.15 (KHTML, like Gecko) Version/15.6.1 Mobile/15E148 Safari/604.1" "ysfine.com"
65.108.62.76 - - [11/Sep/2022:20:29:29 -0700] "GET /wp_wrong_datlib.php HTTP/1.1" 404 88 "www.bing.com" "Mozilla/5.0 (Windows NT 10.0; Win64; x64) AppleWebKit/537.36 (KHTML, like Gecko) Chrome/90.0.4430.85 Safari/537.36" "ysfine.com"
65.108.62.76 - - [11/Sep/2022:20:29:35 -0700] "GET /beence.php HTTP/1.1" 404 88 "www.bing.com" "Mozilla/5.0 (Windows NT 10.0; Win64; x64) AppleWebKit/537.36 (KHTML, like Gecko) Chrome/90.0.4430.85 Safari/537.36" "ysfine.com"
40.77.167.62 - - [11/Sep/2022:20:30:00 -0700] "GET /world/france/pariso15b.jpg HTTP/1.1" 200 37033 "-" "Mozilla/5.0 (compatible; bingbot/2.0; +http://www.bing.com/bingbot.htm)" "www.ysfine.com"
65.108.62.76 - - [11/Sep/2022:20:30:18 -0700] "GET /ups.php HTTP/1.1" 404 88 "www.bing.com" "wp_is_mobile" "ysfine.com"
40.77.167.35 - - [11/Sep/2022:20:30:32 -0700] "GET /yspapers/optacti.pdf HTTP/1.1" 200 98358 "-" "Mozilla/5.0 (compatible; bingbot/2.0; +http://www.bing.com/bingbot.htm)" "www.ysfine.com"
65.108.62.76 - - [11/Sep/2022:20:30:36 -0700] "GET /wp-signin.php?dizo&ping HTTP/1.1" 404 88 "www.bing.com" "wp_is_mobile" "ysfine.com"
40.77.167.33 - - [11/Sep/2022:20:30:39 -0700] "GET /sbk/2009lon22.jpg HTTP/1.1" 200 196366 "-" "Mozilla/5.0 (compatible; bingbot/2.0; +http://www.bing.com/bingbot.htm)" "ysfine.com"
65.108.62.76 - - [11/Sep/2022:20:31:01 -0700] "GET /media-admin.php HTTP/1.1" 404 88 "www.bing.com" "wp_is_mobile" "ysfine.com"
65.108.62.76 - - [11/Sep/2022:20:31:13 -0700] "GET /export.php HTTP/1.1" 404 88 "www.bing.com" "Mozilla/5.0 (Windows NT 10.0; Win64; x64) AppleWebKit/537.36 (KHTML, like Gecko) Chrome/90.0.4430.85 Safari/537.36" "ysfine.com"
65.108.62.76 - - [11/Sep/2022:20:31:14 -0700] "GET /wp-content/export.php HTTP/1.1" 404 88 "www.bing.com" "Mozilla/5.0 (Windows NT 10.0; Win64; x64) AppleWebKit/537.36 (KHTML, like Gecko) Chrome/90.0.4430.85 Safari/537.36" "ysfine.com"
51.222.253.14 - - [11/Sep/2022:20:31:42 -0700] "GET /class54/class5470/total_data/sub_531.htm HTTP/1.1" 200 3223 "-" "Mozilla/5.0 (compatible; AhrefsBot/7.0; +http://ahrefs.com/robot/)" "ysfine.com"
51.222.253.20 - - [11/Sep/2022:20:31:45 -0700] "GET /class54/class5470/total_data/refer_img/5-19_f.jpg HTTP/1.1" 200 40759 "-" "Mozilla/5.0 (compatible; AhrefsBot/7.0; +http://ahrefs.com/robot/)" "ysfine.com"
51.222.253.8 - - [11/Sep/2022:20:31:45 -0700] "GET /class54/class5470/total_data/refer_img/5-28_f.jpg HTTP/1.1" 200 41193 "-" "Mozilla/5.0 (compatible; AhrefsBot/7.0; +http://ahrefs.com/robot/)" "ysfine.com"
51.222.253.1 - - [11/Sep/2022:20:31:46 -0700] "GET /class54/class5470/total_data/refer_img/5-25_f.jpg HTTP/1.1" 200 35344 "-" "Mozilla/5.0 (compatible; AhrefsBot/7.0; +http://ahrefs.com/robot/)" "ysfine.com"
51.222.253.13 - - [11/Sep/2022:20:31:46 -0700] "GET /class54/class5470/total_data/refer_img/5-31_f.jpg HTTP/1.1" 200 38119 "-" "Mozilla/5.0 (compatible; AhrefsBot/7.0; +http://ahrefs.com/robot/)" "ysfine.com"
51.222.253.11 - - [11/Sep/2022:20:31:47 -0700] "GET /class54/class5470/total_data/refer_img/5-20_f.jpg HTTP/1.1" 200 38353 "-" "Mozilla/5.0 (compatible; AhrefsBot/7.0; +http://ahrefs.com/robot/)" "ysfine.com"
51.222.253.9 - - [11/Sep/2022:20:31:47 -0700] "GET /class54/class5470/total_data/refer_img/5-32_f.jpg HTTP/1.1" 200 34271 "-" "Mozilla/5.0 (compatible; AhrefsBot/7.0; +http://ahrefs.com/robot/)" "ysfine.com"
51.222.253.1 - - [11/Sep/2022:20:31:48 -0700] "GET /class54/class5470/total_data/refer_img/5-18_f.jpg HTTP/1.1" 200 37915 "-" "Mozilla/5.0 (compatible; AhrefsBot/7.0; +http://ahrefs.com/robot/)" "ysfine.com"
51.222.253.2 - - [11/Sep/2022:20:31:49 -0700] "GET /class54/class5470/total_data/refer_img/5-21_f.jpg HTTP/1.1" 200 36026 "-" "Mozilla/5.0 (compatible; AhrefsBot/7.0; +http://ahrefs.com/robot/)" "ysfine.com"
51.222.253.12 - - [11/Sep/2022:20:31:49 -0700] "GET /class54/class5470/total_data/img/05_smtitle31.gif HTTP/1.1" 200 331 "-" "Mozilla/5.0 (compatible; AhrefsBot/7.0; +http://ahrefs.com/robot/)" "ysfine.com"
51.222.253.10 - - [11/Sep/2022:20:31:49 -0700] "GET /class54/class5470/total_data/photo_img/5-31.jpg HTTP/1.1" 200 241129 "-" "Mozilla/5.0 (compatible; AhrefsBot/7.0; +http://ahrefs.com/robot/)" "ysfine.com"
51.222.253.7 - - [11/Sep/2022:20:31:50 -0700] "GET /class54/class5470/total_data/refer_img/5-22_f.jpg HTTP/1.1" 200 40741 "-" "Mozilla/5.0 (compatible; AhrefsBot/7.0; +http://ahrefs.com/robot/)" "ysfine.com"
51.222.253.17 - - [11/Sep/2022:20:31:50 -0700] "GET /class54/class5470/total_data/refer_img/5-34_f.jpg HTTP/1.1" 200 36355 "-" "Mozilla/5.0 (compatible; AhrefsBot/7.0; +http://ahrefs.com/robot/)" "ysfine.com"
51.222.253.13 - - [11/Sep/2022:20:31:52 -0700] "GET /class54/class5470/total_data/refer_img/5-26_f.jpg HTTP/1.1" 200 45606 "-" "Mozilla/5.0 (compatible; AhrefsBot/7.0; +http://ahrefs.com/robot/)" "ysfine.com"
51.222.253.5 - - [11/Sep/2022:20:31:53 -0700] "GET /class54/class5470/total_data/refer_img/5-29_f.jpg HTTP/1.1" 200 35606 "-" "Mozilla/5.0 (compatible; AhrefsBot/7.0; +http://ahrefs.com/robot/)" "ysfine.com"
51.222.253.4 - - [11/Sep/2022:20:31:53 -0700] "GET /class54/class5470/total_data/refer_img/5-23_f.jpg HTTP/1.1" 200 37975 "-" "Mozilla/5.0 (compatible; AhrefsBot/7.0; +http://ahrefs.com/robot/)" "ysfine.com"
51.222.253.3 - - [11/Sep/2022:20:31:53 -0700] "GET /class54/class5470/total_data/refer_img/5-33_f.jpg HTTP/1.1" 200 32506 "-" "Mozilla/5.0 (compatible; AhrefsBot/7.0; +http://ahrefs.com/robot/)" "ysfine.com"
51.222.253.1 - - [11/Sep/2022:20:31:54 -0700] "GET /class54/class5470/total_data/refer_img/5-30_f.jpg HTTP/1.1" 200 40832 "-" "Mozilla/5.0 (compatible; AhrefsBot/7.0; +http://ahrefs.com/robot/)" "ysfine.com"
51.222.253.17 - - [11/Sep/2022:20:31:54 -0700] "GET /class54/class5470/total_data/refer_img/5-24_f.jpg HTTP/1.1" 200 33959 "-" "Mozilla/5.0 (compatible; AhrefsBot/7.0; +http://ahrefs.com/robot/)" "ysfine.com"
51.222.253.18 - - [11/Sep/2022:20:31:55 -0700] "GET /class54/class5470/total_data/img/05_title.gif HTTP/1.1" 200 6871 "-" "Mozilla/5.0 (compatible; AhrefsBot/7.0; +http://ahrefs.com/robot/)" "ysfine.com"
23.21.107.177 - - [11/Sep/2022:20:31:55 -0700] "GET /kowar/yicheols03.jpg HTTP/1.1" 200 214596 "-" "-" "ysfine.com"
23.21.107.177 - - [11/Sep/2022:20:31:55 -0700] "GET /kowar/yicheols03.jpg HTTP/1.1" 200 214596 "-" "-" "ysfine.com"
65.108.62.76 - - [11/Sep/2022:20:31:55 -0700] "GET /wp-includes/wp-class.php HTTP/1.1" 404 88 "www.bing.com" "wp_is_mobile" "ysfine.com"
40.77.167.27 - - [11/Sep/2022:20:32:10 -0700] "GET /world/china/dandongbr01.jpg HTTP/1.1" 200 111775 "-" "Mozilla/5.0 (compatible; bingbot/2.0; +http://www.bing.com/bingbot.htm)" "www.ysfine.com"
65.108.62.76 - - [11/Sep/2022:20:32:19 -0700] "GET /wp-includes/wp-atom.php HTTP/1.1" 404 88 "www.bing.com" "Mozilla/5.0 (Windows NT 10.0; Win64; x64) AppleWebKit/537.36 (KHTML, like Gecko) Chrome/90.0.4430.85 Safari/537.36" "ysfine.com"
65.108.62.76 - - [11/Sep/2022:20:32:26 -0700] "GET /wp-includes/images/css.php HTTP/1.1" 404 88 "www.bing.com" "Mozilla/5.0 (Windows NT 10.0; Win64; x64) AppleWebKit/537.36 (KHTML, like Gecko) Chrome/90.0.4430.85 Safari/537.36" "ysfine.com"
65.108.62.76 - - [11/Sep/2022:20:32:27 -0700] "GET /wp-includes/css/css.php HTTP/1.1" 404 88 "www.bing.com" "Mozilla/5.0 (Windows NT 10.0; Win64; x64) AppleWebKit/537.36 (KHTML, like Gecko) Chrome/90.0.4430.85 Safari/537.36" "ysfine.com"
65.108.62.76 - - [11/Sep/2022:20:32:39 -0700] "GET /defau1t.php HTTP/1.1" 404 88 "www.bing.com" "Mozilla/5.0 (Windows NT 10.0; Win64; x64) AppleWebKit/537.36 (KHTML, like Gecko) Chrome/90.0.4430.85 Safari/537.36" "ysfine.com"
65.108.62.76 - - [11/Sep/2022:20:32:43 -0700] "GET /moduless.php HTTP/1.1" 404 88 "www.bing.com" "Mozilla/5.0 (Windows NT 10.0; Win64; x64) AppleWebKit/537.36 (KHTML, like Gecko) Chrome/90.0.4430.85 Safari/537.36" "ysfine.com"
65.108.62.76 - - [11/Sep/2022:20:32:50 -0700] "GET /wp-booking.php HTTP/1.1" 404 88 "www.bing.com" "wp_is_mobile" "ysfine.com"
65.108.62.76 - - [11/Sep/2022:20:33:37 -0700] "GET /wp-content/plugins/backup_index.php HTTP/1.1" 404 88 "www.bing.com" "wp_is_mobile" "ysfine.com"
65.108.62.76 - - [11/Sep/2022:20:33:48 -0700] "GET /wp-content/mu-plugins/db-safe-mode.php HTTP/1.1" 404 88 "www.bing.com" "wp_is_mobile" "ysfine.com"
40.77.167.27 - - [11/Sep/2022:20:33:50 -0700] "GET /world/scandi/sto039.jpg HTTP/1.1" 200 94746 "-" "Mozilla/5.0 (compatible; bingbot/2.0; +http://www.bing.com/bingbot.htm)" "www.ysfine.com"
65.108.62.76 - - [11/Sep/2022:20:33:54 -0700] "GET /wp-includes/css/wp-config.php HTTP/1.1" 404 88 "www.bing.com" "wp_is_mobile" "ysfine.com"
65.108.62.76 - - [11/Sep/2022:20:34:15 -0700] "GET /config.bak.php HTTP/1.1" 404 88 "www.bing.com" "wp_is_mobile" "ysfine.com"
65.108.62.76 - - [11/Sep/2022:20:34:15 -0700] "GET /wp-content/themes/config.bak.php HTTP/1.1" 404 88 "www.bing.com" "wp_is_mobile" "ysfine.com"
173.73.80.118 - - [11/Sep/2022:20:34:42 -0700] "GET /ys11/ HTTP/1.1" 304 - "-" "Mozilla/5.0 (Windows NT 10.0; Win64; x64) AppleWebKit/537.36 (KHTML, like Gecko) Chrome/104.0.5112.102 Safari/537.36 OPR/90.0.4480.84" "ysfine.com"
173.73.80.118 - - [11/Sep/2022:20:34:42 -0700] "GET /favicon.ico HTTP/1.1" 404 88 "-" "Mozilla/5.0 (Windows NT 10.0; Win64; x64) AppleWebKit/537.36 (KHTML, like Gecko) Chrome/104.0.5112.102 Safari/537.36 OPR/90.0.4480.84" "ysfine.com"
173.73.80.118 - - [11/Sep/2022:20:34:44 -0700] "GET /favicon.ico HTTP/1.1" 404 88 "https://ysfine.com/ys11/" "Mozilla/5.0 (Windows NT 10.0; Win64; x64) AppleWebKit/537.36 (KHTML, like Gecko) Chrome/104.0.5112.102 Safari/537.36 OPR/90.0.4480.84" "ysfine.com"
65.108.62.76 - - [11/Sep/2022:20:35:10 -0700] "GET /wp-content/plugins/wpconfig.bak.php?act=sf HTTP/1.1" 404 88 "www.bing.com" "Mozilla/5.0 (Windows NT 10.0; Win64; x64) AppleWebKit/537.36 (KHTML, like Gecko) Chrome/90.0.4430.85 Safari/537.36" "ysfine.com"
65.108.62.76 - - [11/Sep/2022:20:35:39 -0700] "GET /wp-plugins.php HTTP/1.1" 404 88 "www.bing.com" "wp_is_mobile" "ysfine.com"
5.188.210.21 - - [11/Sep/2022:20:35:46 -0700] "GET /world/travel.html HTTP/1.1" 200 5186 "https://www.ysfine.com/world/travel.html" "Mozilla/5.0 (Windows NT 6.1; WOW64) AppleWebKit/537.36 (KHTML, like Gecko) Chrome/90.0.4430.93 Safari/537.36" "www.ysfine.com"
5.188.210.21 - - [11/Sep/2022:20:35:46 -0700] "GET / HTTP/1.1" 200 15910 "https://www.ysfine.com/" "Mozilla/5.0 (Windows NT 6.1; WOW64) AppleWebKit/537.36 (KHTML, like Gecko) Chrome/90.0.4430.93 Safari/537.36" "www.ysfine.com"
65.108.62.76 - - [11/Sep/2022:20:35:47 -0700] "GET /gank.php.PhP HTTP/1.1" 404 88 "www.bing.com" "wp_is_mobile" "ysfine.com"
40.77.167.35 - - [11/Sep/2022:20:36:01 -0700] "GET /maga/phil/hugom11b.jpg HTTP/1.1" 200 47204 "-" "Mozilla/5.0 (compatible; bingbot/2.0; +http://www.bing.com/bingbot.htm)" "www.ysfine.com"
65.108.62.76 - - [11/Sep/2022:20:36:02 -0700] "GET /wp-content/db-cache.php HTTP/1.1" 404 88 "www.bing.com" "wp_is_mobile" "ysfine.com"
65.108.62.76 - - [11/Sep/2022:20:36:30 -0700] "GET /archives.php HTTP/1.1" 404 88 "www.bing.com" "Mozilla/5.0 (Windows NT 10.0; Win64; x64) AppleWebKit/537.36 (KHTML, like Gecko) Chrome/90.0.4430.85 Safari/537.36" "ysfine.com"
65.108.62.76 - - [11/Sep/2022:20:36:41 -0700] "GET /defau11.php HTTP/1.1" 404 88 "www.bing.com" "Mozilla/5.0 (Windows NT 10.0; Win64; x64) AppleWebKit/537.36 (KHTML, like Gecko) Chrome/90.0.4430.85 Safari/537.36" "ysfine.com"
51.222.253.17 - - [11/Sep/2022:20:36:58 -0700] "GET /class54/class5470/total_data/sub_533.htm HTTP/1.1" 200 3212 "-" "Mozilla/5.0 (compatible; AhrefsBot/7.0; +http://ahrefs.com/robot/)" "ysfine.com"
65.108.62.76 - - [11/Sep/2022:20:37:16 -0700] "GET /wp-content/outcms.php?up HTTP/1.1" 404 88 "www.bing.com" "wp_is_mobile" "ysfine.com"
40.77.167.62 - - [11/Sep/2022:20:37:41 -0700] "GET /wiki/Main_Page HTTP/1.1" 404 88 "-" "Mozilla/5.0 (compatible; bingbot/2.0; +http://www.bing.com/bingbot.htm)" "ysfine.com"
40.77.167.62 - - [11/Sep/2022:20:37:42 -0700] "GET /world/china/shanghai058.jpg HTTP/1.1" 200 97242 "-" "Mozilla/5.0 (compatible; bingbot/2.0; +http://www.bing.com/bingbot.htm)" "ysfine.com"
77.75.77.95 - - [11/Sep/2022:20:37:54 -0700] "GET /robots.txt HTTP/1.1" 404 88 "-" "Mozilla/5.0 (compatible; SeznamBot/3.2; +http://napoveda.seznam.cz/en/seznambot-intro/)" "ysfine.com"
77.75.77.95 - - [11/Sep/2022:20:37:55 -0700] "GET /princeton/nassinf08.jpg HTTP/1.1" 200 81461 "-" "Mozilla/5.0 (compatible; SeznamBot/3.2; +http://napoveda.seznam.cz/en/seznambot-intro/)" "ysfine.com"
77.75.77.95 - - [11/Sep/2022:20:37:59 -0700] "GET /world/ital/flor076.jpg HTTP/1.1" 304 - "-" "Mozilla/5.0 (compatible; SeznamBot/3.2; +http://napoveda.seznam.cz/en/seznambot-intro/)" "ysfine.com"
77.75.77.95 - - [11/Sep/2022:20:37:59 -0700] "GET /princeton/firewk.jpg HTTP/1.1" 200 105103 "-" "Mozilla/5.0 (compatible; SeznamBot/3.2; +http://napoveda.seznam.cz/en/seznambot-intro/)" "ysfine.com"
40.77.167.27 - - [11/Sep/2022:20:38:01 -0700] "GET /world/balkan/istan045.jpg HTTP/1.1" 200 94509 "-" "Mozilla/5.0 AppleWebKit/537.36 (KHTML, like Gecko; compatible; bingbot/2.0; +http://www.bing.com/bingbot.htm) Chrome/103.0.5060.134 Safari/537.36" "ysfine.com"
77.75.77.95 - - [11/Sep/2022:20:38:01 -0700] "GET /style/lincolnc55.jpg HTTP/1.1" 200 99999 "-" "Mozilla/5.0 (compatible; SeznamBot/3.2; +http://napoveda.seznam.cz/en/seznambot-intro/)" "ysfine.com"
77.75.77.95 - - [11/Sep/2022:20:38:04 -0700] "GET /style/guggen22.jpg HTTP/1.1" 200 74472 "-" "Mozilla/5.0 (compatible; SeznamBot/3.2; +http://napoveda.seznam.cz/en/seznambot-intro/)" "ysfine.com"
77.75.77.95 - - [11/Sep/2022:20:38:06 -0700] "GET /yspapers/iop15.jpg HTTP/1.1" 200 84791 "-" "Mozilla/5.0 (compatible; SeznamBot/3.2; +http://napoveda.seznam.cz/en/seznambot-intro/)" "ysfine.com"
65.108.62.76 - - [11/Sep/2022:20:38:16 -0700] "GET /system_log.php?bala=up HTTP/1.1" 404 88 "www.bing.com" "wp_is_mobile" "ysfine.com"
65.108.62.76 - - [11/Sep/2022:20:38:25 -0700] "GET /error.php?phpshells HTTP/1.1" 404 88 "www.bing.com" "wp_is_mobile" "ysfine.com"
65.108.62.76 - - [11/Sep/2022:20:38:36 -0700] "GET /ALFA_DATA HTTP/1.1" 404 88 "www.bing.com" "wp_is_mobile" "ysfine.com"
65.108.62.76 - - [11/Sep/2022:20:38:36 -0700] "GET /alfacgiapi HTTP/1.1" 404 88 "www.bing.com" "wp_is_mobile" "ysfine.com"
65.108.62.76 - - [11/Sep/2022:20:38:37 -0700] "GET /cgialfa HTTP/1.1" 404 88 "www.bing.com" "wp_is_mobile" "ysfine.com"
65.108.62.76 - - [11/Sep/2022:20:38:40 -0700] "GET /wp-content/uploads/ALFA_DATA HTTP/1.1" 404 88 "www.bing.com" "wp_is_mobile" "ysfine.com"
65.108.62.76 - - [11/Sep/2022:20:38:41 -0700] "GET /wp-content/uploads/alfacgiapi HTTP/1.1" 404 88 "www.bing.com" "wp_is_mobile" "ysfine.com"
65.108.62.76 - - [11/Sep/2022:20:38:41 -0700] "GET /wp-content/uploads/cgialfa HTTP/1.1" 404 88 "www.bing.com" "wp_is_mobile" "ysfine.com"
65.108.62.76 - - [11/Sep/2022:20:38:42 -0700] "GET /wp-includes/ALFA_DATA HTTP/1.1" 404 88 "www.bing.com" "wp_is_mobile" "ysfine.com"
65.108.62.76 - - [11/Sep/2022:20:38:43 -0700] "GET /wp-includes/alfacgiapi HTTP/1.1" 404 88 "www.bing.com" "wp_is_mobile" "ysfine.com"
65.108.62.76 - - [11/Sep/2022:20:38:43 -0700] "GET /wp-includes/cgialfa HTTP/1.1" 404 88 "www.bing.com" "wp_is_mobile" "ysfine.com"
65.108.62.76 - - [11/Sep/2022:20:38:44 -0700] "GET /wp-admin/ALFA_DATA HTTP/1.1" 404 88 "www.bing.com" "wp_is_mobile" "ysfine.com"
65.108.62.76 - - [11/Sep/2022:20:38:45 -0700] "GET /wp-admin/alfacgiapi HTTP/1.1" 404 88 "www.bing.com" "wp_is_mobile" "ysfine.com"
65.108.62.76 - - [11/Sep/2022:20:38:46 -0700] "GET /wp-admin/cgialfa HTTP/1.1" 404 88 "www.bing.com" "wp_is_mobile" "ysfine.com"
65.108.62.76 - - [11/Sep/2022:20:38:46 -0700] "GET /wp-content/ALFA_DATA HTTP/1.1" 404 88 "www.bing.com" "wp_is_mobile" "ysfine.com"
154.54.249.206 - - [11/Sep/2022:20:38:47 -0700] "GET /class54/class5470/total_data/sub_140.htm HTTP/1.1" 200 3289 "-" "Mozilla/5.0 (compatible; Barkrowler/0.9; +https://babbar.tech/crawler)" "www.ysfine.com"
65.108.62.76 - - [11/Sep/2022:20:38:47 -0700] "GET /wp-content/alfacgiapi HTTP/1.1" 404 88 "www.bing.com" "wp_is_mobile" "ysfine.com"
65.108.62.76 - - [11/Sep/2022:20:38:48 -0700] "GET /wp-content/cgialfa HTTP/1.1" 404 88 "www.bing.com" "wp_is_mobile" "ysfine.com"
65.108.62.76 - - [11/Sep/2022:20:38:48 -0700] "GET /templates/beez3/ALFA_DATA HTTP/1.1" 404 88 "www.bing.com" "wp_is_mobile" "ysfine.com"
65.108.62.76 - - [11/Sep/2022:20:38:49 -0700] "GET /templates/beez3/alfacgiapi HTTP/1.1" 404 88 "www.bing.com" "wp_is_mobile" "ysfine.com"
65.108.62.76 - - [11/Sep/2022:20:38:51 -0700] "GET /templates/beez3/cgialfa HTTP/1.1" 404 88 "www.bing.com" "wp_is_mobile" "ysfine.com"
65.108.62.76 - - [11/Sep/2022:20:38:52 -0700] "GET /sites/default/files/ALFA_DATA HTTP/1.1" 404 88 "www.bing.com" "wp_is_mobile" "ysfine.com"
65.108.62.76 - - [11/Sep/2022:20:38:53 -0700] "GET /sites/default/files/alfacgiapi HTTP/1.1" 404 88 "www.bing.com" "wp_is_mobile" "ysfine.com"
65.108.62.76 - - [11/Sep/2022:20:38:53 -0700] "GET /sites/default/files/cgialfa HTTP/1.1" 404 88 "www.bing.com" "wp_is_mobile" "ysfine.com"
65.108.62.76 - - [11/Sep/2022:20:38:54 -0700] "GET /admin/controller/extension/extension/ALFA_DATA HTTP/1.1" 404 88 "www.bing.com" "wp_is_mobile" "ysfine.com"
65.108.62.76 - - [11/Sep/2022:20:38:55 -0700] "GET /admin/controller/extension/extension/alfacgiapi HTTP/1.1" 404 88 "www.bing.com" "wp_is_mobile" "ysfine.com"
65.108.62.76 - - [11/Sep/2022:20:38:55 -0700] "GET /admin/controller/extension/extension/cgialfa HTTP/1.1" 404 88 "www.bing.com" "wp_is_mobile" "ysfine.com"
65.108.62.76 - - [11/Sep/2022:20:39:08 -0700] "GET /wp-content/plugins/ubh/up.php HTTP/1.1" 404 88 "www.bing.com" "wp_is_mobile" "ysfine.com"
65.108.62.76 - - [11/Sep/2022:20:39:08 -0700] "GET /index.php?3x=3x HTTP/1.1" 404 88 "www.bing.com" "wp_is_mobile" "ysfine.com"
65.108.62.76 - - [11/Sep/2022:20:39:08 -0700] "GET /olux.php HTTP/1.1" 404 88 "www.bing.com" "wp_is_mobile" "ysfine.com"
65.108.62.76 - - [11/Sep/2022:20:39:08 -0700] "GET /xleet.php HTTP/1.1" 404 88 "www.bing.com" "wp_is_mobile" "ysfine.com"
65.108.62.76 - - [11/Sep/2022:20:39:09 -0700] "GET /wso.php HTTP/1.1" 404 88 "www.bing.com" "wp_is_mobile" "ysfine.com"
65.108.62.76 - - [11/Sep/2022:20:39:09 -0700] "GET /shell.php HTTP/1.1" 404 88 "www.bing.com" "wp_is_mobile" "ysfine.com"
65.108.62.76 - - [11/Sep/2022:20:39:09 -0700] "GET /up.php HTTP/1.1" 404 88 "www.bing.com" "wp_is_mobile" "ysfine.com"
65.108.62.76 - - [11/Sep/2022:20:39:09 -0700] "GET /upload.php HTTP/1.1" 404 88 "www.bing.com" "wp_is_mobile" "ysfine.com"
65.108.62.76 - - [11/Sep/2022:20:39:10 -0700] "GET /1.php HTTP/1.1" 404 88 "www.bing.com" "wp_is_mobile" "ysfine.com"
65.108.62.76 - - [11/Sep/2022:20:39:10 -0700] "GET /x.php HTTP/1.1" 404 88 "www.bing.com" "wp_is_mobile" "ysfine.com"
65.108.62.76 - - [11/Sep/2022:20:39:10 -0700] "GET /z.php HTTP/1.1" 404 88 "www.bing.com" "wp_is_mobile" "ysfine.com"
65.108.62.76 - - [11/Sep/2022:20:39:10 -0700] "GET /a.php HTTP/1.1" 404 88 "www.bing.com" "wp_is_mobile" "ysfine.com"
65.108.62.76 - - [11/Sep/2022:20:39:11 -0700] "GET /test.php HTTP/1.1" 404 88 "www.bing.com" "wp_is_mobile" "ysfine.com"
65.108.62.76 - - [11/Sep/2022:20:39:11 -0700] "GET /wp.php HTTP/1.1" 404 88 "www.bing.com" "wp_is_mobile" "ysfine.com"
65.108.62.76 - - [11/Sep/2022:20:39:11 -0700] "GET /alfa.php HTTP/1.1" 404 88 "www.bing.com" "wp_is_mobile" "ysfine.com"
65.108.62.76 - - [11/Sep/2022:20:39:11 -0700] "GET /config.php HTTP/1.1" 404 88 "www.bing.com" "wp_is_mobile" "ysfine.com"
65.108.62.76 - - [11/Sep/2022:20:39:12 -0700] "GET /templates/beez3/index.php HTTP/1.1" 404 88 "www.bing.com" "wp_is_mobile" "ysfine.com"
65.108.62.76 - - [11/Sep/2022:20:39:12 -0700] "GET /about.php HTTP/1.1" 404 88 "www.bing.com" "wp_is_mobile" "ysfine.com"
65.108.62.76 - - [11/Sep/2022:20:39:12 -0700] "GET /shells.php HTTP/1.1" 404 88 "www.bing.com" "wp_is_mobile" "ysfine.com"
40.77.167.33 - - [11/Sep/2022:20:39:39 -0700] "GET /world/germany/oktf11.jpg HTTP/1.1" 200 114734 "-" "Mozilla/5.0 (compatible; bingbot/2.0; +http://www.bing.com/bingbot.htm)" "www.ysfine.com"
40.77.167.35 - - [11/Sep/2022:20:39:41 -0700] "GET /style/hunopera.jpg HTTP/1.1" 200 111008 "-" "Mozilla/5.0 (compatible; bingbot/2.0; +http://www.bing.com/bingbot.htm)" "ysfine.com"
93.158.161.30 - - [11/Sep/2022:20:40:15 -0700] "GET /beau/kmc.html HTTP/1.1" 404 88 "-" "Mozilla/5.0 (compatible; YandexBot/3.0; +http://yandex.com/bots)" "www.ysfine.com"
154.54.249.206 - - [11/Sep/2022:20:40:21 -0700] "GET /class54/tallman.html HTTP/1.1" 304 - "-" "Mozilla/5.0 (compatible; Barkrowler/0.9; +https://babbar.tech/crawler)" "ysfine.com"
51.222.253.13 - - [11/Sep/2022:20:42:22 -0700] "GET /class54/class5470/total_data/sub_534.htm HTTP/1.1" 200 3212 "-" "Mozilla/5.0 (compatible; AhrefsBot/7.0; +http://ahrefs.com/robot/)" "ysfine.com"
202.43.93.6 - - [11/Sep/2022:20:42:31 -0700] "GET /dirac/2osc22a.jpg HTTP/1.1" 200 69742 "https://www.google.com/" "Mozilla/5.0 (Windows NT 10.0; Win64; x64) AppleWebKit/537.36 (KHTML, like Gecko) Chrome/104.0.0.0 Safari/537.36" "ysfine.com"
40.77.167.35 - - [11/Sep/2022:20:42:32 -0700] "GET /world/russ/volga13.jpg HTTP/1.1" 200 75090 "-" "Mozilla/5.0 (compatible; bingbot/2.0; +http://www.bing.com/bingbot.htm)" "www.ysfine.com"
114.119.128.142 - - [11/Sep/2022:20:42:35 -0700] "GET /confer/conrigh.html HTTP/1.1" 200 1964 "https://library.ias.edu/mn/eresources-ap" "Mozilla/5.0 (Linux; Android 7.0;) AppleWebKit/537.36 (KHTML, like Gecko) Mobile Safari/537.36 (compatible; PetalBot;+https://webmaster.petalsearch.com/site/petalbot)" "ysfine.com"
49.37.43.179 - - [11/Sep/2022:20:42:38 -0700] "GET / HTTP/1.1" 200 15910 "-" "Mozilla/5.0 (Windows; U; Windows NT 5.1; en-US; rv:x.x.x) Gecko/20041107 Firefox/x.x" "ysfine.com"
40.77.167.27 - - [11/Sep/2022:20:42:41 -0700] "GET /world/hungary/hunstu28.jpg HTTP/1.1" 200 128070 "-" "Mozilla/5.0 (compatible; bingbot/2.0; +http://www.bing.com/bingbot.htm)" "www.ysfine.com"
24.4.29.138 - - [11/Sep/2022:20:42:43 -0700] "GET /people/facu63b.jpg HTTP/1.1" 200 47712 "https://www.bing.com/" "Mozilla/5.0 (Windows NT 10.0; Win64; x64) AppleWebKit/537.36 (KHTML, like Gecko) Chrome/105.0.0.0 Safari/537.36 Edg/105.0.1343.33" "www.ysfine.com"
40.77.167.35 - - [11/Sep/2022:20:42:52 -0700] "GET /world/russ/khahi33.jpg HTTP/1.1" 200 102600 "-" "Mozilla/5.0 (compatible; bingbot/2.0; +http://www.bing.com/bingbot.htm)" "ysfine.com"
54.236.1.13 - - [11/Sep/2022:20:44:18 -0700] "GET /robots.txt HTTP/1.1" 404 88 "-" "Mozilla/5.0 (compatible; Pinterestbot/1.0; +http://www.pinterest.com/bot.html)" "ysfine.com"
54.236.1.13 - - [11/Sep/2022:20:44:18 -0700] "GET /feynman/feydirac.jpg HTTP/1.1" 200 98378 "-" "Mozilla/5.0 (compatible; Pinterestbot/1.0; +http://www.pinterest.com/bot.html)" "ysfine.com"
40.77.167.62 - - [11/Sep/2022:20:46:02 -0700] "GET /newyork/colum02.jpg HTTP/1.1" 200 104680 "-" "Mozilla/5.0 (compatible; bingbot/2.0; +http://www.bing.com/bingbot.htm)" "ysfine.com"
51.222.253.2 - - [11/Sep/2022:20:48:54 -0700] "GET /class54/emailed05.html HTTP/1.1" 200 16866 "-" "Mozilla/5.0 (compatible; AhrefsBot/7.0; +http://ahrefs.com/robot/)" "ysfine.com"
51.222.253.6 - - [11/Sep/2022:20:48:58 -0700] "GET /kor/busan01b.jpg HTTP/1.1" 200 45392 "-" "Mozilla/5.0 (compatible; AhrefsBot/7.0; +http://ahrefs.com/robot/)" "ysfine.com"
51.222.253.16 - - [11/Sep/2022:20:48:59 -0700] "GET /class54/pics/kimju11b.jpg HTTP/1.1" 200 35321 "-" "Mozilla/5.0 (compatible; AhrefsBot/7.0; +http://ahrefs.com/robot/)" "ysfine.com"
51.222.253.10 - - [11/Sep/2022:20:48:59 -0700] "GET /ffriends/amkor/kofrank02b.jpg HTTP/1.1" 200 28263 "-" "Mozilla/5.0 (compatible; AhrefsBot/7.0; +http://ahrefs.com/robot/)" "ysfine.com"
51.222.253.2 - - [11/Sep/2022:20:49:00 -0700] "GET /usca/pitt/giants55b.jpg HTTP/1.1" 200 44448 "-" "Mozilla/5.0 (compatible; AhrefsBot/7.0; +http://ahrefs.com/robot/)" "ysfine.com"
51.222.253.16 - - [11/Sep/2022:20:49:00 -0700] "GET /world/ital/venice31b.jpg HTTP/1.1" 200 31258 "-" "Mozilla/5.0 (compatible; AhrefsBot/7.0; +http://ahrefs.com/robot/)" "ysfine.com"
51.222.253.10 - - [11/Sep/2022:20:49:01 -0700] "GET /world/russ/mosmusic55b.jpg HTTP/1.1" 200 35950 "-" "Mozilla/5.0 (compatible; AhrefsBot/7.0; +http://ahrefs.com/robot/)" "ysfine.com"
51.222.253.11 - - [11/Sep/2022:20:49:01 -0700] "GET /world/japan/nara103b.jpg HTTP/1.1" 200 41763 "-" "Mozilla/5.0 (compatible; AhrefsBot/7.0; +http://ahrefs.com/robot/)" "ysfine.com"
51.222.253.6 - - [11/Sep/2022:20:49:01 -0700] "GET /class54/pics/gorby11b.jpg HTTP/1.1" 200 29605 "-" "Mozilla/5.0 (compatible; AhrefsBot/7.0; +http://ahrefs.com/robot/)" "ysfine.com"
51.222.253.7 - - [11/Sep/2022:20:49:02 -0700] "GET /class54/msk54b.jpg HTTP/1.1" 200 24241 "-" "Mozilla/5.0 (compatible; AhrefsBot/7.0; +http://ahrefs.com/robot/)" "ysfine.com"
51.222.253.19 - - [11/Sep/2022:20:49:02 -0700] "GET /class54/pics/saigo11b.jpg HTTP/1.1" 200 23120 "-" "Mozilla/5.0 (compatible; AhrefsBot/7.0; +http://ahrefs.com/robot/)" "ysfine.com"
51.222.253.3 - - [11/Sep/2022:20:49:02 -0700] "GET /world/russ/kazanmap11b.jpg HTTP/1.1" 200 29396 "-" "Mozilla/5.0 (compatible; AhrefsBot/7.0; +http://ahrefs.com/robot/)" "ysfine.com"
51.222.253.10 - - [11/Sep/2022:20:49:03 -0700] "GET /world/germany/hegel07b.jpg HTTP/1.1" 200 40724 "-" "Mozilla/5.0 (compatible; AhrefsBot/7.0; +http://ahrefs.com/robot/)" "ysfine.com"
51.222.253.11 - - [11/Sep/2022:20:49:03 -0700] "GET /world/ital/venice26b.jpg HTTP/1.1" 200 34605 "-" "Mozilla/5.0 (compatible; AhrefsBot/7.0; +http://ahrefs.com/robot/)" "ysfine.com"
51.222.253.17 - - [11/Sep/2022:20:49:04 -0700] "GET /class54/msk17b.jpg HTTP/1.1" 200 36073 "-" "Mozilla/5.0 (compatible; AhrefsBot/7.0; +http://ahrefs.com/robot/)" "ysfine.com"
51.222.253.9 - - [11/Sep/2022:20:49:04 -0700] "GET /world/russ/kazan061b.jpg HTTP/1.1" 200 38877 "-" "Mozilla/5.0 (compatible; AhrefsBot/7.0; +http://ahrefs.com/robot/)" "ysfine.com"
51.222.253.19 - - [11/Sep/2022:20:49:05 -0700] "GET /world/germany/leipzig51b.jpg HTTP/1.1" 200 60267 "-" "Mozilla/5.0 (compatible; AhrefsBot/7.0; +http://ahrefs.com/robot/)" "ysfine.com"
51.222.253.5 - - [11/Sep/2022:20:49:05 -0700] "GET /class54/pics/d029b.jpg HTTP/1.1" 200 24470 "-" "Mozilla/5.0 (compatible; AhrefsBot/7.0; +http://ahrefs.com/robot/)" "ysfine.com"
51.222.253.5 - - [11/Sep/2022:20:49:05 -0700] "GET /class54/pics/wscover11b.jpg HTTP/1.1" 200 46644 "-" "Mozilla/5.0 (compatible; AhrefsBot/7.0; +http://ahrefs.com/robot/)" "ysfine.com"
51.222.253.10 - - [11/Sep/2022:20:49:06 -0700] "GET /usca/pitt/donner08b.jpg HTTP/1.1" 200 51848 "-" "Mozilla/5.0 (compatible; AhrefsBot/7.0; +http://ahrefs.com/robot/)" "ysfine.com"
51.222.253.20 - - [11/Sep/2022:20:49:06 -0700] "GET /class54/pics/chat33b.jpg HTTP/1.1" 200 28923 "-" "Mozilla/5.0 (compatible; AhrefsBot/7.0; +http://ahrefs.com/robot/)" "ysfine.com"
51.222.253.3 - - [11/Sep/2022:20:49:07 -0700] "GET /kor/jeju01b.jpg HTTP/1.1" 200 27249 "-" "Mozilla/5.0 (compatible; AhrefsBot/7.0; +http://ahrefs.com/robot/)" "ysfine.com"
51.222.253.12 - - [11/Sep/2022:20:49:07 -0700] "GET /class54/pics/gongdae54b.jpg HTTP/1.1" 200 26673 "-" "Mozilla/5.0 (compatible; AhrefsBot/7.0; +http://ahrefs.com/robot/)" "ysfine.com"
51.222.253.1 - - [11/Sep/2022:20:49:07 -0700] "GET /class54/nam/nam62b.jpg HTTP/1.1" 200 33116 "-" "Mozilla/5.0 (compatible; AhrefsBot/7.0; +http://ahrefs.com/robot/)" "ysfine.com"
51.222.253.8 - - [11/Sep/2022:20:49:08 -0700] "GET /wisdom/tolstoy97b.jpg HTTP/1.1" 200 46981 "-" "Mozilla/5.0 (compatible; AhrefsBot/7.0; +http://ahrefs.com/robot/)" "ysfine.com"
51.222.253.6 - - [11/Sep/2022:20:49:08 -0700] "GET /class54/tallm21b.jpg HTTP/1.1" 200 42691 "-" "Mozilla/5.0 (compatible; AhrefsBot/7.0; +http://ahrefs.com/robot/)" "ysfine.com"
51.222.253.6 - - [11/Sep/2022:20:49:09 -0700] "GET /maga/histo/desiree21b.jpg HTTP/1.1" 200 40810 "-" "Mozilla/5.0 (compatible; AhrefsBot/7.0; +http://ahrefs.com/robot/)" "ysfine.com"
51.222.253.18 - - [11/Sep/2022:20:49:09 -0700] "GET /usca/pitt/steelm02b.jpg HTTP/1.1" 200 27600 "-" "Mozilla/5.0 (compatible; AhrefsBot/7.0; +http://ahrefs.com/robot/)" "ysfine.com"
51.222.253.20 - - [11/Sep/2022:20:49:10 -0700] "GET /class54/nam/nam50b.jpg HTTP/1.1" 200 43465 "-" "Mozilla/5.0 (compatible; AhrefsBot/7.0; +http://ahrefs.com/robot/)" "ysfine.com"
51.222.253.7 - - [11/Sep/2022:20:49:10 -0700] "GET /class54/tallm03b.jpg HTTP/1.1" 200 41459 "-" "Mozilla/5.0 (compatible; AhrefsBot/7.0; +http://ahrefs.com/robot/)" "ysfine.com"
51.222.253.9 - - [11/Sep/2022:20:49:11 -0700] "GET /class54/tallm25b.jpg HTTP/1.1" 200 37082 "-" "Mozilla/5.0 (compatible; AhrefsBot/7.0; +http://ahrefs.com/robot/)" "ysfine.com"
51.222.253.7 - - [11/Sep/2022:20:49:11 -0700] "GET /ffriends/amkor/konurse01b.jpg HTTP/1.1" 200 36260 "-" "Mozilla/5.0 (compatible; AhrefsBot/7.0; +http://ahrefs.com/robot/)" "ysfine.com"
51.222.253.1 - - [11/Sep/2022:20:49:12 -0700] "GET /ffriends/romania05b.jpg HTTP/1.1" 200 41585 "-" "Mozilla/5.0 (compatible; AhrefsBot/7.0; +http://ahrefs.com/robot/)" "ysfine.com"
51.222.253.19 - - [11/Sep/2022:20:49:12 -0700] "GET /usca/pitt/steelm01b.jpg HTTP/1.1" 200 24193 "-" "Mozilla/5.0 (compatible; AhrefsBot/7.0; +http://ahrefs.com/robot/)" "ysfine.com"
51.222.253.12 - - [11/Sep/2022:20:49:12 -0700] "GET /kobak/yoonhm2.jpg HTTP/1.1" 200 40988 "-" "Mozilla/5.0 (compatible; AhrefsBot/7.0; +http://ahrefs.com/robot/)" "ysfine.com"
51.222.253.20 - - [11/Sep/2022:20:49:13 -0700] "GET /class54/pics/gc01b.jpg HTTP/1.1" 200 34059 "-" "Mozilla/5.0 (compatible; AhrefsBot/7.0; +http://ahrefs.com/robot/)" "ysfine.com"
51.222.253.17 - - [11/Sep/2022:20:49:13 -0700] "GET /maga/histo/desiree22b.jpg HTTP/1.1" 200 44724 "-" "Mozilla/5.0 (compatible; AhrefsBot/7.0; +http://ahrefs.com/robot/)" "ysfine.com"
51.222.253.18 - - [11/Sep/2022:20:49:14 -0700] "GET /class54/tallm18b.jpg HTTP/1.1" 200 33061 "-" "Mozilla/5.0 (compatible; AhrefsBot/7.0; +http://ahrefs.com/robot/)" "ysfine.com"
51.222.253.16 - - [11/Sep/2022:20:49:15 -0700] "GET /maga/histo/desiree23b.jpg HTTP/1.1" 200 40638 "-" "Mozilla/5.0 (compatible; AhrefsBot/7.0; +http://ahrefs.com/robot/)" "ysfine.com"
187.190.18.106 - - [11/Sep/2022:20:50:51 -0700] "GET /kowar/sampal01.jpg HTTP/1.1" 200 141262 "https://www.google.com/" "Mozilla/5.0 (Linux; Android 11; moto g(20) Build/RTAS31.68-34-3; wv) AppleWebKit/537.36 (KHTML, like Gecko) Version/4.0 Chrome/104.0.5112.97 Mobile Safari/537.36 GoogleApp/13.34.12.26.arm64" "ysfine.com"
66.249.72.133 - - [11/Sep/2022:20:50:52 -0700] "GET /feynman/ppic/quantum01c.jpg HTTP/1.1" 304 - "-" "Googlebot-Image/1.0" "ysfine.com"
35.88.32.228 - - [11/Sep/2022:20:51:39 -0700] "GET /wisdom/wk01.html HTTP/1.1" 200 244605 "-" "Mozilla/5.0 (Windows NT 6.1; Win64; x64) AppleWebKit/537.36 (KHTML, like Gecko) Chrome/72.0.3626.109 Safari/537.36" "ysfine.com"
187.190.24.251 - - [11/Sep/2022:20:52:21 -0700] "GET /wigner/neum/pvn05.jpg HTTP/1.1" 200 219501 "https://www.google.com/" "Mozilla/5.0 (Windows NT 6.2; Win64; x64) AppleWebKit/537.36 (KHTML, like Gecko) Chrome/104.0.5112.102 Safari/537.36 OPR/90.0.4480.84" "ysfine.com"
187.190.24.251 - - [11/Sep/2022:20:52:24 -0700] "GET /wigner/neum/pvn05.jpg HTTP/1.1" 200 219501 "https://www.google.com/" "Mozilla/5.0 (Windows NT 6.2; Win64; x64) AppleWebKit/537.36 (KHTML, like Gecko) Chrome/104.0.5112.102 Safari/537.36 OPR/90.0.4480.84" "ysfine.com"
40.77.167.35 - - [11/Sep/2022:20:53:24 -0700] "GET /einstein/places/einha11.jpg HTTP/1.1" 200 123426 "-" "Mozilla/5.0 (compatible; bingbot/2.0; +http://www.bing.com/bingbot.htm)" "ysfine.com"
40.77.167.27 - - [11/Sep/2022:20:53:53 -0700] "GET /world/brit/dunf09.jpg HTTP/1.1" 200 93748 "-" "Mozilla/5.0 (compatible; bingbot/2.0; +http://www.bing.com/bingbot.htm)" "www.ysfine.com"
185.191.171.37 - - [11/Sep/2022:20:54:02 -0700] "GET /kobak/sebiro.html HTTP/1.1" 200 8966 "-" "Mozilla/5.0 (compatible; SemrushBot/7~bl; +http://www.semrush.com/bot.html)" "ysfine.com"
40.77.167.35 - - [11/Sep/2022:20:54:12 -0700] "GET /world/israel/armench11.jpg HTTP/1.1" 200 164935 "-" "Mozilla/5.0 (compatible; bingbot/2.0; +http://www.bing.com/bingbot.htm)" "ysfine.com"
185.191.171.25 - - [11/Sep/2022:20:54:14 -0700] "GET /robots.txt HTTP/1.1" 404 88 "-" "Mozilla/5.0 (compatible; SemrushBot/7~bl; +http://www.semrush.com/bot.html)" "www.ysfine.com"
185.191.171.34 - - [11/Sep/2022:20:54:14 -0700] "GET /class54/class5470/total_data/sub_779.htm HTTP/1.1" 200 3289 "-" "Mozilla/5.0 (compatible; SemrushBot/7~bl; +http://www.semrush.com/bot.html)" "www.ysfine.com"
40.77.167.33 - - [11/Sep/2022:20:54:20 -0700] "GET /dongio/mongo08b.jpg HTTP/1.1" 404 88 "-" "Mozilla/5.0 (compatible; bingbot/2.0; +http://www.bing.com/bingbot.htm)" "ysfine.com"
157.55.39.146 - - [11/Sep/2022:20:54:28 -0700] "GET /dongio/turkstu06b.jpg HTTP/1.1" 404 88 "-" "Mozilla/5.0 (compatible; bingbot/2.0; +http://www.bing.com/bingbot.htm)" "ysfine.com"
51.222.253.13 - - [11/Sep/2022:20:54:40 -0700] "GET /class54/class5470/total_data/sub_519.htm HTTP/1.1" 200 3212 "-" "Mozilla/5.0 (compatible; AhrefsBot/7.0; +http://ahrefs.com/robot/)" "ysfine.com"
185.191.171.5 - - [11/Sep/2022:20:56:13 -0700] "GET /philo/herod.html HTTP/1.1" 200 2403 "-" "Mozilla/5.0 (compatible; SemrushBot/7~bl; +http://www.semrush.com/bot.html)" "ysfine.com"
40.77.167.35 - - [11/Sep/2022:20:56:42 -0700] "GET /einstein/newtmax02b.jpg HTTP/1.1" 200 46066 "-" "Mozilla/5.0 (compatible; bingbot/2.0; +http://www.bing.com/bingbot.htm)" "www.ysfine.com"
71.147.47.132 - - [11/Sep/2022:20:56:44 -0700] "GET /princeton/alexan11.jpg HTTP/1.1" 200 118946 "https://www.google.com/" "Mozilla/5.0 (Macintosh; Intel Mac OS X 10_15_7) AppleWebKit/537.36 (KHTML, like Gecko) Chrome/105.0.0.0 Safari/537.36" "ysfine.com"
68.174.20.252 - - [11/Sep/2022:20:56:55 -0700] "GET /world/germany/benz13.jpg HTTP/1.1" 200 103872 "https://www.google.com/" "Mozilla/5.0 (Windows NT 10.0; Win64; x64; rv:104.0) Gecko/20100101 Firefox/104.0" "ysfine.com"
71.147.47.132 - - [11/Sep/2022:20:56:58 -0700] "GET /princeton/nasshall01.jpg HTTP/1.1" 200 169242 "https://www.google.com/" "Mozilla/5.0 (Macintosh; Intel Mac OS X 10_15_7) AppleWebKit/537.36 (KHTML, like Gecko) Chrome/105.0.0.0 Safari/537.36" "ysfine.com"
71.147.47.132 - - [11/Sep/2022:20:57:04 -0700] "GET /princeton/alexan22.jpg HTTP/1.1" 200 175436 "https://www.google.com/" "Mozilla/5.0 (Macintosh; Intel Mac OS X 10_15_7) AppleWebKit/537.36 (KHTML, like Gecko) Chrome/105.0.0.0 Safari/537.36" "ysfine.com"
40.77.167.35 - - [11/Sep/2022:20:57:34 -0700] "GET /usca/pitt/pitmap02.jpg HTTP/1.1" 200 78794 "-" "Mozilla/5.0 (compatible; bingbot/2.0; +http://www.bing.com/bingbot.htm)" "www.ysfine.com"
154.54.249.206 - - [11/Sep/2022:20:57:42 -0700] "GET /class54/class5470/total_data/sub_609.htm HTTP/1.1" 304 - "-" "Mozilla/5.0 (compatible; Barkrowler/0.9; +https://babbar.tech/crawler)" "www.ysfine.com"
107.3.103.185 - - [11/Sep/2022:20:58:19 -0700] "GET /favicon.ico HTTP/1.1" 404 88 "-" "Mozilla/5.0 (X11; Linux x86_64; rv:68.0) Gecko/20100101 Goanna/5.2 Firefox/68.0 PaleMoon/31.2.0.1" "ysfine.com"
107.3.103.185 - - [11/Sep/2022:20:58:21 -0700] "GET /favicon.ico HTTP/1.1" 404 88 "-" "Mozilla/5.0 (X11; Linux x86_64; rv:68.0) Gecko/20100101 Goanna/5.2 Firefox/68.0 PaleMoon/31.2.0.1" "ysfine.com"
71.147.47.132 - - [11/Sep/2022:20:58:32 -0700] "GET /princeton/withers01.jpg HTTP/1.1" 200 113946 "https://www.google.com/" "Mozilla/5.0 (Macintosh; Intel Mac OS X 10_15_7) AppleWebKit/537.36 (KHTML, like Gecko) Chrome/105.0.0.0 Safari/537.36" "ysfine.com"
154.54.249.206 - - [11/Sep/2022:20:59:15 -0700] "GET /wisdom/wk98.html HTTP/1.1" 200 71649 "-" "Mozilla/5.0 (compatible; Barkrowler/0.9; +https://babbar.tech/crawler)" "ysfine.com"
185.191.171.34 - - [11/Sep/2022:20:59:24 -0700] "GET /class54/class5470/total_data/sub_607.htm HTTP/1.1" 200 3192 "-" "Mozilla/5.0 (compatible; SemrushBot/7~bl; +http://www.semrush.com/bot.html)" "www.ysfine.com"
173.73.80.118 - - [11/Sep/2022:20:59:39 -0700] "GET /favicon.ico HTTP/1.1" 404 88 "https://ysfine.com/ys11/" "Mozilla/5.0 (Windows NT 10.0; Win64; x64) AppleWebKit/537.36 (KHTML, like Gecko) Chrome/104.0.5112.102 Safari/537.36" "ysfine.com"
173.73.80.118 - - [11/Sep/2022:20:59:58 -0700] "GET /home/bio44 HTTP/1.1" 200 14599 "-" "Mozilla/5.0 (Windows NT 10.0; Win64; x64) AppleWebKit/537.36 (KHTML, like Gecko) Chrome/104.0.5112.102 Safari/537.36" "ysfine.com"
173.73.80.118 - - [11/Sep/2022:20:59:58 -0700] "GET /home/pgh04f.jpg HTTP/1.1" 200 111691 "https://ysfine.com/home/bio44" "Mozilla/5.0 (Windows NT 10.0; Win64; x64) AppleWebKit/537.36 (KHTML, like Gecko) Chrome/104.0.5112.102 Safari/537.36" "ysfine.com"
173.73.80.118 - - [11/Sep/2022:20:59:58 -0700] "GET /home/pgh/machinery22b.jpg HTTP/1.1" 200 23022 "https://ysfine.com/home/bio44" "Mozilla/5.0 (Windows NT 10.0; Win64; x64) AppleWebKit/537.36 (KHTML, like Gecko) Chrome/104.0.5112.102 Safari/537.36" "ysfine.com"
173.73.80.118 - - [11/Sep/2022:20:59:58 -0700] "GET /home/pgh/carnlab11b.jpg HTTP/1.1" 200 32622 "https://ysfine.com/home/bio44" "Mozilla/5.0 (Windows NT 10.0; Win64; x64) AppleWebKit/537.36 (KHTML, like Gecko) Chrome/104.0.5112.102 Safari/537.36" "ysfine.com"
173.73.80.118 - - [11/Sep/2022:20:59:58 -0700] "GET /home/goodbad55b.jpg HTTP/1.1" 200 34310 "https://ysfine.com/home/bio44" "Mozilla/5.0 (Windows NT 10.0; Win64; x64) AppleWebKit/537.36 (KHTML, like Gecko) Chrome/104.0.5112.102 Safari/537.36" "ysfine.com"
173.73.80.118 - - [11/Sep/2022:20:59:58 -0700] "GET /princeton/yspr58b.jpg HTTP/1.1" 200 32105 "https://ysfine.com/home/bio44" "Mozilla/5.0 (Windows NT 10.0; Win64; x64) AppleWebKit/537.36 (KHTML, like Gecko) Chrome/104.0.5112.102 Safari/537.36" "ysfine.com"
173.73.80.118 - - [11/Sep/2022:20:59:58 -0700] "GET /home/pgh/giants55d.jpg HTTP/1.1" 200 63685 "https://ysfine.com/home/bio44" "Mozilla/5.0 (Windows NT 10.0; Win64; x64) AppleWebKit/537.36 (KHTML, like Gecko) Chrome/104.0.5112.102 Safari/537.36" "ysfine.com"
173.73.80.118 - - [11/Sep/2022:20:59:58 -0700] "GET /eink/einhaus11c.jpg HTTP/1.1" 304 - "https://ysfine.com/home/bio44" "Mozilla/5.0 (Windows NT 10.0; Win64; x64) AppleWebKit/537.36 (KHTML, like Gecko) Chrome/104.0.5112.102 Safari/537.36" "ysfine.com"
173.73.80.118 - - [11/Sep/2022:20:59:58 -0700] "GET /eink/einhaus33c.jpg HTTP/1.1" 304 - "https://ysfine.com/home/bio44" "Mozilla/5.0 (Windows NT 10.0; Win64; x64) AppleWebKit/537.36 (KHTML, like Gecko) Chrome/104.0.5112.102 Safari/537.36" "ysfine.com"
