173.73.80.118 - - [11/Sep/2022:19:08:06 -0700] "GET /kowar/bonesteel01b.jpg HTTP/1.1" 200 33050 "https://ysfine.com/kowar/sampal.html?fbclid=IwAR2PVAg1WsUecEzsFg7tt8pLSG2blJ0H_fm1S5V6Rqa-aYZIm56zd04vfMk" "Mozilla/5.0 (Windows NT 10.0; Win64; x64) AppleWebKit/537.36 (KHTML, like Gecko) Chrome/105.0.0.0 Safari/537.36" "ysfine.com"
173.73.80.118 - - [11/Sep/2022:19:08:06 -0700] "GET /kowar/kwandong01b.jpg HTTP/1.1" 200 33688 "https://ysfine.com/kowar/sampal.html?fbclid=IwAR2PVAg1WsUecEzsFg7tt8pLSG2blJ0H_fm1S5V6Rqa-aYZIm56zd04vfMk" "Mozilla/5.0 (Windows NT 10.0; Win64; x64) AppleWebKit/537.36 (KHTML, like Gecko) Chrome/105.0.0.0 Safari/537.36" "ysfine.com"
173.73.80.118 - - [11/Sep/2022:19:08:06 -0700] "GET /kowar/zhukov01b.jpg HTTP/1.1" 200 43906 "https://ysfine.com/kowar/sampal.html?fbclid=IwAR2PVAg1WsUecEzsFg7tt8pLSG2blJ0H_fm1S5V6Rqa-aYZIm56zd04vfMk" "Mozilla/5.0 (Windows NT 10.0; Win64; x64) AppleWebKit/537.36 (KHTML, like Gecko) Chrome/105.0.0.0 Safari/537.36" "ysfine.com"
173.73.80.118 - - [11/Sep/2022:19:08:06 -0700] "GET /kowar/tojo01b.jpg HTTP/1.1" 200 55959 "https://ysfine.com/kowar/sampal.html?fbclid=IwAR2PVAg1WsUecEzsFg7tt8pLSG2blJ0H_fm1S5V6Rqa-aYZIm56zd04vfMk" "Mozilla/5.0 (Windows NT 10.0; Win64; x64) AppleWebKit/537.36 (KHTML, like Gecko) Chrome/105.0.0.0 Safari/537.36" "ysfine.com"
173.73.80.118 - - [11/Sep/2022:19:08:06 -0700] "GET /kowar/tanks/tankbt57b.jpg HTTP/1.1" 200 52672 "https://ysfine.com/kowar/sampal.html?fbclid=IwAR2PVAg1WsUecEzsFg7tt8pLSG2blJ0H_fm1S5V6Rqa-aYZIm56zd04vfMk" "Mozilla/5.0 (Windows NT 10.0; Win64; x64) AppleWebKit/537.36 (KHTML, like Gecko) Chrome/105.0.0.0 Safari/537.36" "ysfine.com"
173.73.80.118 - - [11/Sep/2022:19:08:06 -0700] "GET /kowar/kwandong02b.jpg HTTP/1.1" 200 55217 "https://ysfine.com/kowar/sampal.html?fbclid=IwAR2PVAg1WsUecEzsFg7tt8pLSG2blJ0H_fm1S5V6Rqa-aYZIm56zd04vfMk" "Mozilla/5.0 (Windows NT 10.0; Win64; x64) AppleWebKit/537.36 (KHTML, like Gecko) Chrome/105.0.0.0 Safari/537.36" "ysfine.com"
173.73.80.118 - - [11/Sep/2022:19:08:06 -0700] "GET /kowar/tanks/malaya01b.jpg HTTP/1.1" 200 50821 "https://ysfine.com/kowar/sampal.html?fbclid=IwAR2PVAg1WsUecEzsFg7tt8pLSG2blJ0H_fm1S5V6Rqa-aYZIm56zd04vfMk" "Mozilla/5.0 (Windows NT 10.0; Win64; x64) AppleWebKit/537.36 (KHTML, like Gecko) Chrome/105.0.0.0 Safari/537.36" "ysfine.com"
173.73.80.118 - - [11/Sep/2022:19:08:06 -0700] "GET /kowar/tanks/arisakaguns01b.jpg HTTP/1.1" 200 33229 "https://ysfine.com/kowar/sampal.html?fbclid=IwAR2PVAg1WsUecEzsFg7tt8pLSG2blJ0H_fm1S5V6Rqa-aYZIm56zd04vfMk" "Mozilla/5.0 (Windows NT 10.0; Win64; x64) AppleWebKit/537.36 (KHTML, like Gecko) Chrome/105.0.0.0 Safari/537.36" "ysfine.com"
173.73.80.118 - - [11/Sep/2022:19:08:06 -0700] "GET /kowar/ningen01b.jpg HTTP/1.1" 200 41414 "https://ysfine.com/kowar/sampal.html?fbclid=IwAR2PVAg1WsUecEzsFg7tt8pLSG2blJ0H_fm1S5V6Rqa-aYZIm56zd04vfMk" "Mozilla/5.0 (Windows NT 10.0; Win64; x64) AppleWebKit/537.36 (KHTML, like Gecko) Chrome/105.0.0.0 Safari/537.36" "ysfine.com"
173.73.80.118 - - [11/Sep/2022:19:08:06 -0700] "GET /kowar/tehran43b.jpg HTTP/1.1" 200 45127 "https://ysfine.com/kowar/sampal.html?fbclid=IwAR2PVAg1WsUecEzsFg7tt8pLSG2blJ0H_fm1S5V6Rqa-aYZIm56zd04vfMk" "Mozilla/5.0 (Windows NT 10.0; Win64; x64) AppleWebKit/537.36 (KHTML, like Gecko) Chrome/105.0.0.0 Safari/537.36" "ysfine.com"
173.73.80.118 - - [11/Sep/2022:19:08:06 -0700] "GET /kowar/iwojima01b.jpg HTTP/1.1" 200 51598 "https://ysfine.com/kowar/sampal.html?fbclid=IwAR2PVAg1WsUecEzsFg7tt8pLSG2blJ0H_fm1S5V6Rqa-aYZIm56zd04vfMk" "Mozilla/5.0 (Windows NT 10.0; Win64; x64) AppleWebKit/537.36 (KHTML, like Gecko) Chrome/105.0.0.0 Safari/537.36" "ysfine.com"
173.73.80.118 - - [11/Sep/2022:19:08:06 -0700] "GET /kowar/potsdam01b.jpg HTTP/1.1" 200 47865 "https://ysfine.com/kowar/sampal.html?fbclid=IwAR2PVAg1WsUecEzsFg7tt8pLSG2blJ0H_fm1S5V6Rqa-aYZIm56zd04vfMk" "Mozilla/5.0 (Windows NT 10.0; Win64; x64) AppleWebKit/537.36 (KHTML, like Gecko) Chrome/105.0.0.0 Safari/537.36" "ysfine.com"
173.73.80.118 - - [11/Sep/2022:19:08:06 -0700] "GET /kowar/sampal03b.jpg HTTP/1.1" 200 61883 "https://ysfine.com/kowar/sampal.html?fbclid=IwAR2PVAg1WsUecEzsFg7tt8pLSG2blJ0H_fm1S5V6Rqa-aYZIm56zd04vfMk" "Mozilla/5.0 (Windows NT 10.0; Win64; x64) AppleWebKit/537.36 (KHTML, like Gecko) Chrome/105.0.0.0 Safari/537.36" "ysfine.com"
173.73.80.118 - - [11/Sep/2022:19:08:06 -0700] "GET /kowar/yaltac01b.jpg HTTP/1.1" 200 52982 "https://ysfine.com/kowar/sampal.html?fbclid=IwAR2PVAg1WsUecEzsFg7tt8pLSG2blJ0H_fm1S5V6Rqa-aYZIm56zd04vfMk" "Mozilla/5.0 (Windows NT 10.0; Win64; x64) AppleWebKit/537.36 (KHTML, like Gecko) Chrome/105.0.0.0 Safari/537.36" "ysfine.com"
173.73.80.118 - - [11/Sep/2022:19:08:06 -0700] "GET /kowar/yaltac02b.jpg HTTP/1.1" 200 42243 "https://ysfine.com/kowar/sampal.html?fbclid=IwAR2PVAg1WsUecEzsFg7tt8pLSG2blJ0H_fm1S5V6Rqa-aYZIm56zd04vfMk" "Mozilla/5.0 (Windows NT 10.0; Win64; x64) AppleWebKit/537.36 (KHTML, like Gecko) Chrome/105.0.0.0 Safari/537.36" "ysfine.com"
173.73.80.118 - - [11/Sep/2022:19:08:06 -0700] "GET /kowar/yaltac03b.jpg HTTP/1.1" 200 33354 "https://ysfine.com/kowar/sampal.html?fbclid=IwAR2PVAg1WsUecEzsFg7tt8pLSG2blJ0H_fm1S5V6Rqa-aYZIm56zd04vfMk" "Mozilla/5.0 (Windows NT 10.0; Win64; x64) AppleWebKit/537.36 (KHTML, like Gecko) Chrome/105.0.0.0 Safari/537.36" "ysfine.com"
173.73.80.118 - - [11/Sep/2022:19:08:06 -0700] "GET /kobak/church03b.jpg HTTP/1.1" 200 50665 "https://ysfine.com/kowar/sampal.html?fbclid=IwAR2PVAg1WsUecEzsFg7tt8pLSG2blJ0H_fm1S5V6Rqa-aYZIm56zd04vfMk" "Mozilla/5.0 (Windows NT 10.0; Win64; x64) AppleWebKit/537.36 (KHTML, like Gecko) Chrome/105.0.0.0 Safari/537.36" "ysfine.com"
173.73.80.118 - - [11/Sep/2022:19:08:06 -0700] "GET /kowar/tanks/gmc03b.jpg HTTP/1.1" 200 47909 "https://ysfine.com/kowar/sampal.html?fbclid=IwAR2PVAg1WsUecEzsFg7tt8pLSG2blJ0H_fm1S5V6Rqa-aYZIm56zd04vfMk" "Mozilla/5.0 (Windows NT 10.0; Win64; x64) AppleWebKit/537.36 (KHTML, like Gecko) Chrome/105.0.0.0 Safari/537.36" "ysfine.com"
173.73.80.118 - - [11/Sep/2022:19:08:06 -0700] "GET /world/russ/roskei10b.jpg HTTP/1.1" 200 36598 "https://ysfine.com/kowar/sampal.html?fbclid=IwAR2PVAg1WsUecEzsFg7tt8pLSG2blJ0H_fm1S5V6Rqa-aYZIm56zd04vfMk" "Mozilla/5.0 (Windows NT 10.0; Win64; x64) AppleWebKit/537.36 (KHTML, like Gecko) Chrome/105.0.0.0 Safari/537.36" "ysfine.com"
173.73.80.118 - - [11/Sep/2022:19:08:06 -0700] "GET /eink/pwk19c.jpg HTTP/1.1" 200 57759 "https://ysfine.com/kowar/sampal.html?fbclid=IwAR2PVAg1WsUecEzsFg7tt8pLSG2blJ0H_fm1S5V6Rqa-aYZIm56zd04vfMk" "Mozilla/5.0 (Windows NT 10.0; Win64; x64) AppleWebKit/537.36 (KHTML, like Gecko) Chrome/105.0.0.0 Safari/537.36" "ysfine.com"
173.73.80.118 - - [11/Sep/2022:19:08:06 -0700] "GET /kobak/taylor450.jpg HTTP/1.1" 200 70219 "https://ysfine.com/kowar/sampal.html?fbclid=IwAR2PVAg1WsUecEzsFg7tt8pLSG2blJ0H_fm1S5V6Rqa-aYZIm56zd04vfMk" "Mozilla/5.0 (Windows NT 10.0; Win64; x64) AppleWebKit/537.36 (KHTML, like Gecko) Chrome/105.0.0.0 Safari/537.36" "ysfine.com"
173.73.80.118 - - [11/Sep/2022:19:08:06 -0700] "GET /favicon.ico HTTP/1.1" 404 88 "https://ysfine.com/kowar/sampal.html?fbclid=IwAR2PVAg1WsUecEzsFg7tt8pLSG2blJ0H_fm1S5V6Rqa-aYZIm56zd04vfMk" "Mozilla/5.0 (Windows NT 10.0; Win64; x64) AppleWebKit/537.36 (KHTML, like Gecko) Chrome/105.0.0.0 Safari/537.36" "ysfine.com"
64.124.8.22 - - [11/Sep/2022:19:08:06 -0700] "GET /class54/class5470/total_data/sub_319.htm HTTP/1.1" 200 3310 "-" "Mozilla/5.0 (X11; Linux x86_64) AppleWebKit/537.36 (KHTML, like Gecko) Chrome/61.0.3163.79 Safari/537.36" "ysfine.com"
40.77.167.62 - - [11/Sep/2022:19:08:23 -0700] "GET /wigner/mgm.jpg HTTP/1.1" 200 76875 "-" "Mozilla/5.0 (compatible; bingbot/2.0; +http://www.bing.com/bingbot.htm)" "ysfine.com"
154.54.249.206 - - [11/Sep/2022:19:08:26 -0700] "GET /class54/class5470/total_data/sub_119.htm HTTP/1.1" 200 3313 "-" "Mozilla/5.0 (compatible; Barkrowler/0.9; +https://babbar.tech/crawler)" "www.ysfine.com"
114.119.128.154 - - [11/Sep/2022:19:08:45 -0700] "GET /wigner/wigbot.html HTTP/1.1" 200 123 "https://ysfine.com/einstein/eingali.html" "Mozilla/5.0 (Linux; Android 7.0;) AppleWebKit/537.36 (KHTML, like Gecko) Mobile Safari/537.36 (compatible; PetalBot;+https://webmaster.petalsearch.com/site/petalbot)" "ysfine.com"
40.77.167.27 - - [11/Sep/2022:19:08:53 -0700] "GET /world/russ/kazan057.jpg HTTP/1.1" 200 86214 "-" "Mozilla/5.0 (compatible; bingbot/2.0; +http://www.bing.com/bingbot.htm)" "www.ysfine.com"
40.77.167.33 - - [11/Sep/2022:19:08:59 -0700] "GET /usca/pitt/fortpitt02.jpg HTTP/1.1" 200 69515 "-" "Mozilla/5.0 AppleWebKit/537.36 (KHTML, like Gecko; compatible; bingbot/2.0; +http://www.bing.com/bingbot.htm) Chrome/103.0.5060.134 Safari/537.36" "www.ysfine.com"
64.124.8.22 - - [11/Sep/2022:19:09:23 -0700] "GET /heisen/heisen05.html HTTP/1.1" 200 5136 "-" "Mozilla/5.0 (X11; Linux x86_64) AppleWebKit/537.36 (KHTML, like Gecko) Chrome/61.0.3163.79 Safari/537.36" "www.ysfine.com"
64.124.8.22 - - [11/Sep/2022:19:09:53 -0700] "GET /class54/class5470/total_data/sub_502.htm HTTP/1.1" 200 3207 "-" "Mozilla/5.0 (X11; Linux x86_64) AppleWebKit/537.36 (KHTML, like Gecko) Chrome/61.0.3163.79 Safari/537.36" "ysfine.com"
154.54.249.206 - - [11/Sep/2022:19:10:29 -0700] "GET /awards/timeline11,jpg HTTP/1.1" 404 88 "-" "Mozilla/5.0 (compatible; Barkrowler/0.9; +https://babbar.tech/crawler)" "ysfine.com"
64.124.8.22 - - [11/Sep/2022:19:10:59 -0700] "GET /class54/class5470/total_data/sub_503.htm HTTP/1.1" 200 3207 "-" "Mozilla/5.0 (X11; Linux x86_64) AppleWebKit/537.36 (KHTML, like Gecko) Chrome/61.0.3163.79 Safari/537.36" "ysfine.com"
49.37.55.181 - - [11/Sep/2022:19:11:07 -0700] "GET /feynman/feybongo.jpg HTTP/1.1" 200 47448 "https://www.google.com/" "Mozilla/5.0 (Linux; Android 11; POCO X2) AppleWebKit/537.36 (KHTML, like Gecko) Chrome/104.0.0.0 Mobile Safari/537.36" "ysfine.com"
40.77.167.35 - - [11/Sep/2022:19:11:13 -0700] "GET /princeton/brooke87.jpg HTTP/1.1" 200 174753 "-" "Mozilla/5.0 (compatible; bingbot/2.0; +http://www.bing.com/bingbot.htm)" "www.ysfine.com"
40.77.167.27 - - [11/Sep/2022:19:11:42 -0700] "GET /world/germany/egypmu02b.jpg HTTP/1.1" 200 31047 "-" "Mozilla/5.0 (compatible; bingbot/2.0; +http://www.bing.com/bingbot.htm)" "www.ysfine.com"
64.124.8.22 - - [11/Sep/2022:19:11:58 -0700] "GET /class54/class5470/total_data/sub_504.htm HTTP/1.1" 200 3207 "-" "Mozilla/5.0 (X11; Linux x86_64) AppleWebKit/537.36 (KHTML, like Gecko) Chrome/61.0.3163.79 Safari/537.36" "ysfine.com"
64.124.8.22 - - [11/Sep/2022:19:12:56 -0700] "GET /home/yshome.html HTTP/1.1" 200 5699 "-" "Mozilla/5.0 (X11; Linux x86_64) AppleWebKit/537.36 (KHTML, like Gecko) Chrome/61.0.3163.79 Safari/537.36" "www.ysfine.com"
64.124.8.22 - - [11/Sep/2022:19:13:03 -0700] "GET /class54/class5470/total_data/sub_505.htm HTTP/1.1" 200 3207 "-" "Mozilla/5.0 (X11; Linux x86_64) AppleWebKit/537.36 (KHTML, like Gecko) Chrome/61.0.3163.79 Safari/537.36" "ysfine.com"
110.137.19.97 - - [11/Sep/2022:19:13:34 -0700] "GET /maga/phys/schrod11.jpg HTTP/1.1" 200 107958 "https://images.search.yahoo.com/search/images;_ylt=Awrgw02qlR5jc3o.tJaJzbkF;_ylu=c2VjA3NlYXJjaARzbGsDYnV0dG9u;_ylc=X1MDOTYwNjI4NTcEX3IDMgRhY3RuA2NsawRjc3JjcHZpZAN0NnVOOERFeU55NjNhTGZtWU93ZkxBUU1NVEV3TGdBQUFBQnZQYkhGBGZyA21jYWZlZQRmcjIDc2EtZ3AEZ3ByaWQDRVM2NzdkRERScy5SVVdwZ2Rna0suQQRuX3N1Z2cDMTAEb3JpZ2luA2ltYWdlcy5zZWFyY2gueWFob28uY29tBHBvcwMwBHBxc3RyAwRwcXN0cmwDBHFzdHJsAzI0BHF1ZXJ5A0Vyd2luJTIwU2NociVDMyVCNmRpbmdlcgR0X3N0bXADMTY2Mjk0ODgwMg--?p=Erwin+Schr%C3%B6dinger&fr=mcafee&fr2=sb-top-images.search&ei=UTF-8&x=wrt&type=E210US714G0" "Mozilla/5.0 (Windows NT 10.0; Win64; x64) AppleWebKit/537.36 (KHTML, like Gecko) Chrome/105.0.0.0 Safari/537.36" "ysfine.com"
40.77.167.62 - - [11/Sep/2022:19:13:43 -0700] "GET /world/spain/madrif03.jpg HTTP/1.1" 200 220646 "-" "Mozilla/5.0 (compatible; bingbot/2.0; +http://www.bing.com/bingbot.htm)" "www.ysfine.com"
64.124.8.22 - - [11/Sep/2022:19:13:59 -0700] "GET /class54/class5470/total_data/sub_506.htm HTTP/1.1" 200 3196 "-" "Mozilla/5.0 (X11; Linux x86_64) AppleWebKit/537.36 (KHTML, like Gecko) Chrome/61.0.3163.79 Safari/537.36" "ysfine.com"
40.77.167.99 - - [11/Sep/2022:19:14:53 -0700] "GET /robots.txt HTTP/1.1" 404 88 "-" "Mozilla/5.0 (compatible; bingbot/2.0; +http://www.bing.com/bingbot.htm)" "ysfine.com"
40.77.167.35 - - [11/Sep/2022:19:15:04 -0700] "GET /world/ital/verona05.jpg HTTP/1.1" 200 110300 "-" "Mozilla/5.0 (compatible; bingbot/2.0; +http://www.bing.com/bingbot.htm)" "ysfine.com"
179.189.33.26 - - [11/Sep/2022:19:15:25 -0700] "GET /wigner/neum/vnc01.jpg HTTP/1.1" 200 133641 "-" "Mozilla/5.0 (iPhone; CPU iPhone OS 15_6 like Mac OS X) AppleWebKit/605.1.15 (KHTML, like Gecko) Version/15.6 Mobile/15E148 Safari/604.1" "ysfine.com"
40.77.167.35 - - [11/Sep/2022:19:15:25 -0700] "GET /einstein/dff55.jpg HTTP/1.1" 200 8856 "-" "Mozilla/5.0 (compatible; bingbot/2.0; +http://www.bing.com/bingbot.htm)" "www.ysfine.com"
173.252.83.16 - - [11/Sep/2022:19:15:30 -0700] "GET /friends/russian.html HTTP/1.1" 404 88 "-" "facebookexternalhit/1.1 (+http://www.facebook.com/externalhit_uatext.php)" "ysfine.com"
40.77.167.35 - - [11/Sep/2022:19:16:55 -0700] "GET /maga/phil/tao06c.jpg HTTP/1.1" 200 59786 "-" "Mozilla/5.0 (compatible; bingbot/2.0; +http://www.bing.com/bingbot.htm)" "ysfine.com"
66.249.72.130 - - [11/Sep/2022:19:18:08 -0700] "GET /robots.txt HTTP/1.1" 404 88 "-" "Mozilla/5.0 (compatible; Googlebot/2.1; +http://www.google.com/bot.html)" "ysfine.com"
66.249.72.133 - - [11/Sep/2022:19:18:08 -0700] "GET /world/germany/leipzig66b.jpg HTTP/1.1" 200 62131 "-" "Googlebot-Image/1.0" "ysfine.com"
5.102.173.71 - - [11/Sep/2022:19:18:11 -0700] "GET /robots.txt HTTP/1.1" 404 88 "-" "Mozilla/5.0 (compatible; MojeekBot/0.11; +https://www.mojeek.com/bot.html)" "ysfine.com"
5.102.173.71 - - [11/Sep/2022:19:18:11 -0700] "GET /maga/sarnoff.html HTTP/1.1" 200 7540 "-" "Mozilla/5.0 (compatible; MojeekBot/0.11; +https://www.mojeek.com/bot.html)" "ysfine.com"
40.77.167.35 - - [11/Sep/2022:19:18:24 -0700] "GET /feynman/feyfirm2.jpg HTTP/1.1" 200 36742 "-" "Mozilla/5.0 (compatible; bingbot/2.0; +http://www.bing.com/bingbot.htm)" "ysfine.com"
130.20.181.198 - - [11/Sep/2022:19:18:28 -0700] "GET /world/russ/mosko01.jpg HTTP/1.1" 200 74314 "https://www.google.com/" "Mozilla/5.0 (Windows NT 10.0; Win64; x64) AppleWebKit/537.36 (KHTML, like Gecko) Chrome/105.0.0.0 Safari/537.36" "ysfine.com"
136.243.228.197 - - [11/Sep/2022:19:18:50 -0700] "GET /einstein/heisenberg.html HTTP/1.1" 200 10552 "-" "Mozilla/5.0 (compatible; DataForSeoBot/1.0; +https://dataforseo.com/dataforseo-bot)" "www.ysfine.com"
40.77.167.33 - - [11/Sep/2022:19:20:12 -0700] "GET /world/hungary/hunstu24.jpg HTTP/1.1" 200 91699 "-" "Mozilla/5.0 (compatible; bingbot/2.0; +http://www.bing.com/bingbot.htm)" "www.ysfine.com"
64.124.8.25 - - [11/Sep/2022:19:20:15 -0700] "GET /robots.txt HTTP/1.1" 404 88 "-" "Mozilla/5.0 (X11; Linux x86_64) AppleWebKit/537.36 (KHTML, like Gecko) Chrome/61.0.3163.79 Safari/537.36" "ysfine.com"
64.124.8.25 - - [11/Sep/2022:19:20:15 -0700] "GET /world/venetow.html HTTP/1.1" 404 88 "-" "Mozilla/5.0 (X11; Linux x86_64) AppleWebKit/537.36 (KHTML, like Gecko) Chrome/61.0.3163.79 Safari/537.36" "ysfine.com"
114.119.128.162 - - [11/Sep/2022:19:20:17 -0700] "GET /world/florenw.html HTTP/1.1" 404 88 "https://ysfine.com/wisdom/wkstorie.html" "Mozilla/5.0 (Linux; Android 7.0;) AppleWebKit/537.36 (KHTML, like Gecko) Mobile Safari/537.36 (compatible; PetalBot;+https://webmaster.petalsearch.com/site/petalbot)" "ysfine.com"
51.222.253.4 - - [11/Sep/2022:19:20:18 -0700] "GET /princeton/yspr.html HTTP/1.1" 200 5439 "-" "Mozilla/5.0 (compatible; AhrefsBot/7.0; +http://ahrefs.com/robot/)" "ysfine.com"
220.181.108.144 - - [11/Sep/2022:19:22:43 -0700] "GET /home/yshome.html HTTP/1.1" 200 5699 "-" "Mozilla/5.0 (compatible; Baiduspider/2.0; +http://www.baidu.com/search/spider.html)" "www.ysfine.com"
220.181.108.159 - - [11/Sep/2022:19:22:43 -0700] "GET /maga/copislam.html HTTP/1.1" 304 - "-" "Mozilla/5.0 (compatible; Baiduspider/2.0; +http://www.baidu.com/search/spider.html)" "www.ysfine.com"
220.181.108.101 - - [11/Sep/2022:19:22:44 -0700] "GET /maga/bohr.html HTTP/1.1" 304 - "-" "Mozilla/5.0 (compatible; Baiduspider/2.0; +http://www.baidu.com/search/spider.html)" "www.ysfine.com"
116.179.32.75 - - [11/Sep/2022:19:22:44 -0700] "GET /style/artlove.html HTTP/1.1" 304 - "-" "Mozilla/5.0 (compatible; Baiduspider/2.0; +http://www.baidu.com/search/spider.html)" "www.ysfine.com"
220.181.108.165 - - [11/Sep/2022:19:22:44 -0700] "GET /einstein/einphil.html HTTP/1.1" 200 2312 "-" "Mozilla/5.0 (compatible; Baiduspider/2.0; +http://www.baidu.com/search/spider.html)" "www.ysfine.com"
40.77.167.35 - - [11/Sep/2022:19:22:55 -0700] "GET /world/polandk.html HTTP/1.1" 200 5993 "-" "Mozilla/5.0 (compatible; bingbot/2.0; +http://www.bing.com/bingbot.htm)" "www.ysfine.com"
40.77.167.35 - - [11/Sep/2022:19:22:55 -0700] "GET /people/wheeler.html HTTP/1.1" 200 3348 "-" "Mozilla/5.0 (compatible; bingbot/2.0; +http://www.bing.com/bingbot.htm)" "www.ysfine.com"
40.77.167.35 - - [11/Sep/2022:19:22:56 -0700] "GET /world/berlin.html HTTP/1.1" 200 16173 "-" "Mozilla/5.0 (compatible; bingbot/2.0; +http://www.bing.com/bingbot.htm)" "www.ysfine.com"
40.77.167.62 - - [11/Sep/2022:19:22:59 -0700] "GET /world/kazan.html HTTP/1.1" 200 13929 "-" "Mozilla/5.0 (compatible; bingbot/2.0; +http://www.bing.com/bingbot.htm)" "www.ysfine.com"
40.77.167.62 - - [11/Sep/2022:19:22:59 -0700] "GET /princeton/yspr.html HTTP/1.1" 200 5439 "-" "Mozilla/5.0 (compatible; bingbot/2.0; +http://www.bing.com/bingbot.htm)" "www.ysfine.com"
157.55.39.146 - - [11/Sep/2022:19:22:59 -0700] "GET /world/ital/coloss12.jpg HTTP/1.1" 200 95128 "-" "Mozilla/5.0 (compatible; bingbot/2.0; +http://www.bing.com/bingbot.htm)" "ysfine.com"
40.77.167.33 - - [11/Sep/2022:19:23:02 -0700] "GET /einstein/einusa.html HTTP/1.1" 200 8153 "-" "Mozilla/5.0 (compatible; bingbot/2.0; +http://www.bing.com/bingbot.htm)" "www.ysfine.com"
40.77.167.27 - - [11/Sep/2022:19:23:03 -0700] "GET /home/100yrs.html HTTP/1.1" 200 7936 "-" "Mozilla/5.0 (compatible; bingbot/2.0; +http://www.bing.com/bingbot.htm)" "www.ysfine.com"
157.55.39.146 - - [11/Sep/2022:19:23:05 -0700] "GET /dirac/dirfeyn.html HTTP/1.1" 200 6341 "-" "Mozilla/5.0 (compatible; bingbot/2.0; +http://www.bing.com/bingbot.htm)" "www.ysfine.com"
40.77.167.33 - - [11/Sep/2022:19:23:12 -0700] "GET /maga/boltzmann.html HTTP/1.1" 200 6052 "-" "Mozilla/5.0 (compatible; bingbot/2.0; +http://www.bing.com/bingbot.htm)" "www.ysfine.com"
114.119.128.143 - - [11/Sep/2022:19:24:30 -0700] "GET /dirac/dirosc.pdf HTTP/1.1" 200 41985 "https://ysfine.com/dirac/dirosc.html" "Mozilla/5.0 (Linux; Android 7.0;) AppleWebKit/537.36 (KHTML, like Gecko) Mobile Safari/537.36 (compatible; PetalBot;+https://webmaster.petalsearch.com/site/petalbot)" "ysfine.com"
40.77.167.33 - - [11/Sep/2022:19:24:41 -0700] "GET /einstein/places/einhaus11.jpg HTTP/1.1" 200 166716 "-" "Mozilla/5.0 (compatible; bingbot/2.0; +http://www.bing.com/bingbot.htm)" "www.ysfine.com"
157.55.39.146 - - [11/Sep/2022:19:25:00 -0700] "GET /kobak/rheetr11.jpg HTTP/1.1" 200 184635 "-" "Mozilla/5.0 (compatible; bingbot/2.0; +http://www.bing.com/bingbot.htm)" "ysfine.com"
40.77.167.33 - - [11/Sep/2022:19:25:11 -0700] "GET /kobak/soraech.html HTTP/1.1" 304 - "-" "Mozilla/5.0 (compatible; bingbot/2.0; +http://www.bing.com/bingbot.htm)" "www.ysfine.com"
40.77.167.35 - - [11/Sep/2022:19:25:44 -0700] "GET /maga/phil/trinity01b.jpg HTTP/1.1" 200 47695 "-" "Mozilla/5.0 (compatible; bingbot/2.0; +http://www.bing.com/bingbot.htm)" "ysfine.com"
64.124.8.25 - - [11/Sep/2022:19:25:54 -0700] "GET /robots.txt HTTP/1.1" 404 88 "-" "Mozilla/5.0 (X11; Linux x86_64) AppleWebKit/537.36 (KHTML, like Gecko) Chrome/61.0.3163.79 Safari/537.36" "www.ysfine.com"
208.101.172.120 - - [11/Sep/2022:19:25:56 -0700] "GET /kowar/panmun04.jpg HTTP/1.1" 200 126386 "https://www.google.com/" "Mozilla/5.0 (Linux; Android 12; SM-A426U) AppleWebKit/537.36 (KHTML, like Gecko) Chrome/105.0.0.0 Mobile Safari/537.36" "ysfine.com"
114.119.128.154 - - [11/Sep/2022:19:26:00 -0700] "GET /class54/emailed.html HTTP/1.1" 200 8184 "http://ysfine.com/class54/emailed03.html" "Mozilla/5.0 (Linux; Android 7.0;) AppleWebKit/537.36 (KHTML, like Gecko) Mobile Safari/537.36 (compatible; PetalBot;+https://webmaster.petalsearch.com/site/petalbot)" "ysfine.com"
154.54.249.206 - - [11/Sep/2022:19:26:06 -0700] "GET /class54/class5470/total_data/sub_126.htm HTTP/1.1" 200 3314 "-" "Mozilla/5.0 (compatible; Barkrowler/0.9; +https://babbar.tech/crawler)" "www.ysfine.com"
40.77.167.33 - - [11/Sep/2022:19:27:33 -0700] "GET /maga/phys/weylbook11.jpg HTTP/1.1" 200 221547 "-" "Mozilla/5.0 (compatible; bingbot/2.0; +http://www.bing.com/bingbot.htm)" "ysfine.com"
49.145.235.184 - - [11/Sep/2022:19:27:47 -0700] "GET /wigner/neum/pvn05.jpg HTTP/1.1" 200 219501 "https://ph.images.search.yahoo.com/search/images;_ylt=Awrx.GrqmB5jbNQUpYGzRwx.;_ylu=Y29sbwNzZzMEcG9zAzEEdnRpZAMEc2VjA3BpdnM-?p=von+neumann&fr2=piv-web&type=E210PH885G0&fr=mcafee" "Mozilla/5.0 (Windows NT 10.0; Win64; x64) AppleWebKit/537.36 (KHTML, like Gecko) Chrome/105.0.0.0 Safari/537.36" "ysfine.com"
170.233.26.80 - - [11/Sep/2022:19:28:09 -0700] "GET /wigner/neum/vnc01.jpg HTTP/1.1" 200 133641 "https://sites.google.com/" "Mozilla/5.0 (Windows NT 10.0; Win64; x64) AppleWebKit/537.36 (KHTML, like Gecko) Chrome/105.0.0.0 Safari/537.36" "ysfine.com"
49.145.235.184 - - [11/Sep/2022:19:28:10 -0700] "GET /wigner/neum/ymath.jpg HTTP/1.1" 200 64930 "https://ph.images.search.yahoo.com/search/images;_ylt=Awrx.GrqmB5jbNQUpYGzRwx.;_ylu=Y29sbwNzZzMEcG9zAzEEdnRpZAMEc2VjA3BpdnM-?p=von+neumann&fr2=piv-web&type=E210PH885G0&fr=mcafee" "Mozilla/5.0 (Windows NT 10.0; Win64; x64) AppleWebKit/537.36 (KHTML, like Gecko) Chrome/105.0.0.0 Safari/537.36" "ysfine.com"
154.54.249.206 - - [11/Sep/2022:19:28:20 -0700] "GET /ys11/onetime.html HTTP/1.1" 200 403 "-" "Mozilla/5.0 (compatible; Barkrowler/0.9; +https://babbar.tech/crawler)" "ysfine.com"
157.55.39.146 - - [11/Sep/2022:19:29:00 -0700] "GET /eink/church06.jpg HTTP/1.1" 200 175170 "-" "Mozilla/5.0 (compatible; bingbot/2.0; +http://www.bing.com/bingbot.htm)" "www.ysfine.com"
69.194.143.140 - - [11/Sep/2022:19:29:19 -0700] "GET /ads.txt HTTP/1.1" 404 88 "-" "Mozilla/5.0 (Macintosh; Intel Mac OS X 10_15_1) AppleWebKit/537.36 (KHTML, like Gecko) Chrome/84.0.4103.61 Safari/537.37" "ysfine.com"
69.194.143.140 - - [11/Sep/2022:19:29:19 -0700] "GET /ads.txt HTTP/1.1" 404 88 "-" "Mozilla/5.0 (Macintosh; Intel Mac OS X 10_15_1) AppleWebKit/537.36 (KHTML, like Gecko) Chrome/84.0.4103.61 Safari/537.37" "ysfine.com"
40.77.167.35 - - [11/Sep/2022:19:29:56 -0700] "GET /maga/phys/newton12b.jpg HTTP/1.1" 200 42832 "-" "Mozilla/5.0 AppleWebKit/537.36 (KHTML, like Gecko; compatible; bingbot/2.0; +http://www.bing.com/bingbot.htm) Chrome/103.0.5060.134 Safari/537.36" "www.ysfine.com"
157.55.39.146 - - [11/Sep/2022:19:32:30 -0700] "GET /world/russ/khahi54.jpg HTTP/1.1" 200 110844 "-" "Mozilla/5.0 (compatible; bingbot/2.0; +http://www.bing.com/bingbot.htm)" "ysfine.com"
184.17.71.207 - - [11/Sep/2022:19:32:51 -0700] "GET /feynman/feybongo.jpg HTTP/1.1" 200 47448 "https://www.google.com/" "Mozilla/5.0 (iPhone; CPU iPhone OS 14_7_1 like Mac OS X) AppleWebKit/605.1.15 (KHTML, like Gecko) Version/14.1.2 Mobile/15E148 Safari/604.1" "ysfine.com"
65.108.231.155 - - [11/Sep/2022:19:33:49 -0700] "GET /robots.txt HTTP/1.1" 404 73 "-" "Mozilla/5.0 (compatible; MJ12bot/v1.4.8; http://mj12bot.com/)" "ysfine.com"
65.108.231.155 - - [11/Sep/2022:19:33:57 -0700] "GET /remote/sisfa12aa/frame16.html HTTP/1.1" 200 320 "-" "Mozilla/5.0 (compatible; MJ12bot/v1.4.8; http://mj12bot.com/)" "ysfine.com"
64.124.8.25 - - [11/Sep/2022:19:34:03 -0700] "GET /class54/class5470/total_data/sub_250.htm HTTP/1.1" 200 3359 "-" "Mozilla/5.0 (X11; Linux x86_64) AppleWebKit/537.36 (KHTML, like Gecko) Chrome/61.0.3163.79 Safari/537.36" "ysfine.com"
65.108.231.155 - - [11/Sep/2022:19:34:14 -0700] "GET /remote/sisfa12aa/frame17.html HTTP/1.1" 200 320 "-" "Mozilla/5.0 (compatible; MJ12bot/v1.4.8; http://mj12bot.com/)" "ysfine.com"
185.191.171.21 - - [11/Sep/2022:19:34:18 -0700] "GET /robots.txt HTTP/1.1" 404 88 "-" "Mozilla/5.0 (compatible; SemrushBot/7~bl; +http://www.semrush.com/bot.html)" "www.ysfine.com"
185.191.171.42 - - [11/Sep/2022:19:34:18 -0700] "GET /dirac/o32inho22jpg HTTP/1.1" 404 88 "-" "Mozilla/5.0 (compatible; SemrushBot/7~bl; +http://www.semrush.com/bot.html)" "www.ysfine.com"
184.17.71.207 - - [11/Sep/2022:19:34:35 -0700] "GET /feynman/feyn86b.jpg HTTP/1.1" 200 26190 "https://www.google.com/" "Mozilla/5.0 (iPhone; CPU iPhone OS 14_7_1 like Mac OS X) AppleWebKit/605.1.15 (KHTML, like Gecko) Version/14.1.2 Mobile/15E148 Safari/604.1" "ysfine.com"
64.124.8.25 - - [11/Sep/2022:19:35:35 -0700] "GET /world/poland/polstu03.html HTTP/1.1" 404 88 "-" "Mozilla/5.0 (X11; Linux x86_64) AppleWebKit/537.36 (KHTML, like Gecko) Chrome/61.0.3163.79 Safari/537.36" "ysfine.com"
65.108.46.72 - - [11/Sep/2022:19:35:45 -0700] "GET /robots.txt HTTP/1.1" 404 73 "-" "Mozilla/5.0 (compatible; MJ12bot/v1.4.8; http://mj12bot.com/)" "ysfine.com"
65.108.46.72 - - [11/Sep/2022:19:35:47 -0700] "GET /world/brit/etonharrow.html HTTP/1.1" 200 4546 "-" "Mozilla/5.0 (compatible; MJ12bot/v1.4.8; http://mj12bot.com/)" "ysfine.com"
40.77.167.33 - - [11/Sep/2022:19:37:03 -0700] "GET /world/germany/berlin020.jpg HTTP/1.1" 200 80879 "-" "Mozilla/5.0 (compatible; bingbot/2.0; +http://www.bing.com/bingbot.htm)" "www.ysfine.com"
77.88.5.126 - - [11/Sep/2022:19:37:22 -0700] "GET /robots.txt HTTP/1.1" 404 73 "-" "Mozilla/5.0 (compatible; YandexBot/3.0; +http://yandex.com/bots)" "www.ysfine.com"
93.158.161.37 - - [11/Sep/2022:19:37:26 -0700] "GET /style/shops.html HTTP/1.1" 200 2829 "-" "Mozilla/5.0 (compatible; YandexBot/3.0; +http://yandex.com/bots)" "www.ysfine.com"
114.119.128.154 - - [11/Sep/2022:19:37:40 -0700] "GET /class54/class5470/total_data/photo_img/7-17.jpg HTTP/1.1" 200 216882 "https://ysfine.com/class54/class5470/total_data/sub_717.htm" "Mozilla/5.0 (Linux; Android 7.0;) AppleWebKit/537.36 (KHTML, like Gecko) Mobile Safari/537.36 (compatible; PetalBot;+https://webmaster.petalsearch.com/site/petalbot)" "ysfine.com"
77.75.76.172 - - [11/Sep/2022:19:38:30 -0700] "GET /robots.txt HTTP/1.1" 404 88 "-" "Mozilla/5.0 (compatible; SeznamBot/3.2; +http://napoveda.seznam.cz/en/seznambot-intro/)" "ysfine.com"
77.75.76.172 - - [11/Sep/2022:19:38:32 -0700] "GET /ffriends/amkor/koharp07.jpg HTTP/1.1" 304 - "-" "Mozilla/5.0 (compatible; SeznamBot/3.2; +http://napoveda.seznam.cz/en/seznambot-intro/)" "ysfine.com"
77.75.76.172 - - [11/Sep/2022:19:38:33 -0700] "GET /world/latina/rio094.jpg HTTP/1.1" 304 - "-" "Mozilla/5.0 (compatible; SeznamBot/3.2; +http://napoveda.seznam.cz/en/seznambot-intro/)" "ysfine.com"
77.75.76.172 - - [11/Sep/2022:19:38:33 -0700] "GET /world/poland/gdnu29.jpg HTTP/1.1" 304 - "-" "Mozilla/5.0 (compatible; SeznamBot/3.2; +http://napoveda.seznam.cz/en/seznambot-intro/)" "ysfine.com"
77.75.76.172 - - [11/Sep/2022:19:38:34 -0700] "GET /world/latina/rio015.jpg HTTP/1.1" 304 - "-" "Mozilla/5.0 (compatible; SeznamBot/3.2; +http://napoveda.seznam.cz/en/seznambot-intro/)" "ysfine.com"
40.77.167.27 - - [11/Sep/2022:19:38:45 -0700] "GET /princeton/pros01.jpg HTTP/1.1" 200 82076 "-" "Mozilla/5.0 (compatible; bingbot/2.0; +http://www.bing.com/bingbot.htm)" "ysfine.com"
77.75.76.172 - - [11/Sep/2022:19:38:50 -0700] "GET /princeton/salute.jpg HTTP/1.1" 200 71562 "-" "Mozilla/5.0 (compatible; SeznamBot/3.2; +http://napoveda.seznam.cz/en/seznambot-intro/)" "ysfine.com"
77.75.76.172 - - [11/Sep/2022:19:38:52 -0700] "GET /style/firedance.jpg HTTP/1.1" 200 93742 "-" "Mozilla/5.0 (compatible; SeznamBot/3.2; +http://napoveda.seznam.cz/en/seznambot-intro/)" "ysfine.com"
40.77.167.35 - - [11/Sep/2022:19:40:57 -0700] "GET /kowar/tanks/sherman45.jpg HTTP/1.1" 200 79723 "-" "Mozilla/5.0 (compatible; bingbot/2.0; +http://www.bing.com/bingbot.htm)" "ysfine.com"
67.85.182.6 - - [11/Sep/2022:19:41:27 -0700] "GET /kobak/1014c.jpg HTTP/1.1" 200 164928 "https://www.google.com/" "Mozilla/5.0 (iPhone; CPU iPhone OS 15_6_1 like Mac OS X) AppleWebKit/605.1.15 (KHTML, like Gecko) Version/15.6.1 Mobile/15E148 Safari/604.1" "ysfine.com"
40.77.167.27 - - [11/Sep/2022:19:41:44 -0700] "GET /world/brit/bond32.jpg HTTP/1.1" 200 112439 "-" "Mozilla/5.0 AppleWebKit/537.36 (KHTML, like Gecko; compatible; bingbot/2.0; +http://www.bing.com/bingbot.htm) Chrome/103.0.5060.134 Safari/537.36" "www.ysfine.com"
114.119.128.162 - - [11/Sep/2022:19:42:14 -0700] "GET /remote/wigner111/frame10.html HTTP/1.1" 200 459 "https://www.ysfine.com/remote/wigner111/frame11.html" "Mozilla/5.0 (Linux; Android 7.0;) AppleWebKit/537.36 (KHTML, like Gecko) Mobile Safari/537.36 (compatible; PetalBot;+https://webmaster.petalsearch.com/site/petalbot)" "www.ysfine.com"
40.77.167.62 - - [11/Sep/2022:19:42:56 -0700] "GET /class54/class5470/total_data/sub_717.htm HTTP/1.1" 200 3294 "-" "Mozilla/5.0 (compatible; bingbot/2.0; +http://www.bing.com/bingbot.htm)" "ysfine.com"
64.124.8.25 - - [11/Sep/2022:19:42:55 -0700] "GET /style/holycoper.html HTTP/1.1" 404 88 "-" "Mozilla/5.0 (X11; Linux x86_64) AppleWebKit/537.36 (KHTML, like Gecko) Chrome/61.0.3163.79 Safari/537.36" "ysfine.com"
185.191.171.4 - - [11/Sep/2022:19:43:07 -0700] "GET /class54/class5470/total_data/sub_621.htm HTTP/1.1" 200 3216 "-" "Mozilla/5.0 (compatible; SemrushBot/7~bl; +http://www.semrush.com/bot.html)" "www.ysfine.com"
147.161.212.124 - - [11/Sep/2022:19:43:22 -0700] "GET /usca/pitt/carnlibra02.jpg HTTP/1.1" 200 156354 "https://www.bing.com/" "Mozilla/5.0 (Windows NT 10.0; Win64; x64) AppleWebKit/537.36 (KHTML, like Gecko) Chrome/104.0.5112.81 Safari/537.36 Edg/104.0.1293.47" "ysfine.com"
114.119.128.143 - - [11/Sep/2022:19:43:43 -0700] "GET /class54/class5480/Pictures/2.%C3%AA%C2%B8%C2%B0%C3%AB%C2%85%C2%90%C3%AD%C2%96%C2%89%C3%AC%C2%82%C2%AC/Thumbs.db HTTP/1.1" 200 34816 "https://www.ysfine.com/class54/class5480/Pictures/2.%c3%aa%c2%b8%c2%b0%c3%ab%c2%85%c2%90%c3%ad%c2%96%c2%89%c3%ac%c2%82%c2%ac/" "Mozilla/5.0 (Linux; Android 7.0;) AppleWebKit/537.36 (KHTML, like Gecko) Mobile Safari/537.36 (compatible; PetalBot;+https://webmaster.petalsearch.com/site/petalbot)" "www.ysfine.com"
154.54.249.206 - - [11/Sep/2022:19:44:13 -0700] "GET /class54/class5470/total_data/sub_522.htm HTTP/1.1" 200 3212 "-" "Mozilla/5.0 (compatible; Barkrowler/0.9; +https://babbar.tech/crawler)" "www.ysfine.com"
114.119.128.162 - - [11/Sep/2022:19:45:08 -0700] "GET /world/brit/picca09.jpg HTTP/1.1" 200 93958 "https://ysfine.com/world/london.html" "Mozilla/5.0 (Linux; Android 7.0;) AppleWebKit/537.36 (KHTML, like Gecko) Mobile Safari/537.36 (compatible; PetalBot;+https://webmaster.petalsearch.com/site/petalbot)" "ysfine.com"
40.77.167.62 - - [11/Sep/2022:19:46:06 -0700] "GET /dongio/aline/turkair01b.jpg HTTP/1.1" 404 88 "-" "Mozilla/5.0 (compatible; bingbot/2.0; +http://www.bing.com/bingbot.htm)" "ysfine.com"
70.113.182.246 - - [11/Sep/2022:19:46:16 -0700] "GET /einstein/eincurie11.jpg HTTP/1.1" 200 71229 "https://www.google.com/" "Mozilla/5.0 (Windows NT 10.0; Win64; x64) AppleWebKit/537.36 (KHTML, like Gecko) Chrome/105.0.0.0 Safari/537.36" "ysfine.com"
154.54.249.206 - - [11/Sep/2022:19:46:22 -0700] "GET /ffriends/fdw.html HTTP/1.1" 200 45461 "-" "Mozilla/5.0 (compatible; Barkrowler/0.9; +https://babbar.tech/crawler)" "ysfine.com"
128.199.173.27 - - [11/Sep/2022:19:46:31 -0700] "GET /filemanager/dialog.php HTTP/1.1" 404 88 "-" "Mozilla/5.0 (Macintosh; Intel Mac OS X 10.15; rv:77.0) Gecko/20100101 Firefox/77.0" "ysfine.com"
128.199.173.27 - - [11/Sep/2022:19:46:33 -0700] "GET /assets/filemanager/dialog.php HTTP/1.1" 404 88 "-" "Mozilla/5.0 (Macintosh; Intel Mac OS X 10.15; rv:77.0) Gecko/20100101 Firefox/77.0" "ysfine.com"
114.119.128.154 - - [11/Sep/2022:19:46:57 -0700] "GET /world/china/china047b.jpg HTTP/1.1" 200 48103 "https://www.ysfine.com/world/china22.html" "Mozilla/5.0 (Linux; Android 7.0;) AppleWebKit/537.36 (KHTML, like Gecko) Mobile Safari/537.36 (compatible; PetalBot;+https://webmaster.petalsearch.com/site/petalbot)" "www.ysfine.com"
40.77.167.33 - - [11/Sep/2022:19:47:15 -0700] "GET /einstein/bose270.jpg HTTP/1.1" 200 32892 "-" "Mozilla/5.0 (compatible; bingbot/2.0; +http://www.bing.com/bingbot.htm)" "ysfine.com"
40.77.167.62 - - [11/Sep/2022:19:47:28 -0700] "GET /world/brit/dunf11.jpg HTTP/1.1" 200 85074 "-" "Mozilla/5.0 (compatible; bingbot/2.0; +http://www.bing.com/bingbot.htm)" "www.ysfine.com"
64.124.8.25 - - [11/Sep/2022:19:48:03 -0700] "GET /world/poland/jarema.html HTTP/1.1" 200 334 "-" "Mozilla/5.0 (X11; Linux x86_64) AppleWebKit/537.36 (KHTML, like Gecko) Chrome/61.0.3163.79 Safari/537.36" "ysfine.com"
134.195.89.70 - - [11/Sep/2022:19:48:40 -0700] "GET /robots.txt HTTP/1.1" 404 73 "-" "Mozilla/5.0 (compatible; MJ12bot/v1.4.8; http://mj12bot.com/)" "ysfine.com"
134.195.89.70 - - [11/Sep/2022:19:48:42 -0700] "GET /remote/wigner111/frame26.html HTTP/1.1" 200 1173 "-" "Mozilla/5.0 (compatible; MJ12bot/v1.4.8; http://mj12bot.com/)" "ysfine.com"
40.77.167.27 - - [11/Sep/2022:19:49:37 -0700] "GET /feynman/restof11.jpg HTTP/1.1" 200 92124 "-" "Mozilla/5.0 (compatible; bingbot/2.0; +http://www.bing.com/bingbot.htm)" "www.ysfine.com"
157.230.249.1 - - [11/Sep/2022:19:50:11 -0700] "GET /wigner/fitch02.jpg HTTP/1.1" 200 78557 "-" "Mozilla/4.0 (compatible; MSIE 7.0; Windows NT 6.0)" "ysfine.com"
40.77.167.62 - - [11/Sep/2022:19:50:37 -0700] "GET /sbk/2002maine22.jpg HTTP/1.1" 200 183685 "-" "Mozilla/5.0 (compatible; bingbot/2.0; +http://www.bing.com/bingbot.htm)" "ysfine.com"
114.119.128.154 - - [11/Sep/2022:19:51:42 -0700] "GET /world/veneto.html HTTP/1.1" 200 6676 "https://www.ysfine.com/world/roma.html" "Mozilla/5.0 (Linux; Android 7.0;) AppleWebKit/537.36 (KHTML, like Gecko) Mobile Safari/537.36 (compatible; PetalBot;+https://webmaster.petalsearch.com/site/petalbot)" "www.ysfine.com"
40.77.167.62 - - [11/Sep/2022:19:52:58 -0700] "GET /world/russ/kazan033.jpg HTTP/1.1" 200 109620 "-" "Mozilla/5.0 (compatible; bingbot/2.0; +http://www.bing.com/bingbot.htm)" "www.ysfine.com"
64.124.8.25 - - [11/Sep/2022:19:53:14 -0700] "GET /class54/class5470/total_data/sub_202.htm HTTP/1.1" 200 3395 "-" "Mozilla/5.0 (X11; Linux x86_64) AppleWebKit/537.36 (KHTML, like Gecko) Chrome/61.0.3163.79 Safari/537.36" "ysfine.com"
64.124.8.25 - - [11/Sep/2022:19:53:45 -0700] "GET /class54/class5470/total_data/sub_203.htm HTTP/1.1" 200 3401 "-" "Mozilla/5.0 (X11; Linux x86_64) AppleWebKit/537.36 (KHTML, like Gecko) Chrome/61.0.3163.79 Safari/537.36" "ysfine.com"
64.124.8.25 - - [11/Sep/2022:19:54:08 -0700] "GET /class54/class5470/total_data/sub_204.htm HTTP/1.1" 200 3403 "-" "Mozilla/5.0 (X11; Linux x86_64) AppleWebKit/537.36 (KHTML, like Gecko) Chrome/61.0.3163.79 Safari/537.36" "ysfine.com"
40.77.167.62 - - [11/Sep/2022:19:54:28 -0700] "GET /einstein/einstori01.jpg HTTP/1.1" 200 40741 "-" "Mozilla/5.0 (compatible; bingbot/2.0; +http://www.bing.com/bingbot.htm)" "www.ysfine.com"
64.124.8.25 - - [11/Sep/2022:19:54:32 -0700] "GET /class54/class5470/total_data/sub_205.htm HTTP/1.1" 200 3401 "-" "Mozilla/5.0 (X11; Linux x86_64) AppleWebKit/537.36 (KHTML, like Gecko) Chrome/61.0.3163.79 Safari/537.36" "ysfine.com"
64.124.8.25 - - [11/Sep/2022:19:55:02 -0700] "GET /class54/class5470/total_data/sub_206.htm HTTP/1.1" 200 3403 "-" "Mozilla/5.0 (X11; Linux x86_64) AppleWebKit/537.36 (KHTML, like Gecko) Chrome/61.0.3163.79 Safari/537.36" "ysfine.com"
40.77.167.27 - - [11/Sep/2022:19:55:06 -0700] "GET /kowar/tanks/m24.jpg HTTP/1.1" 200 86947 "-" "Mozilla/5.0 (compatible; bingbot/2.0; +http://www.bing.com/bingbot.htm)" "www.ysfine.com"
64.124.8.25 - - [11/Sep/2022:19:55:31 -0700] "GET /class54/class5470/total_data/sub_207.htm HTTP/1.1" 200 3396 "-" "Mozilla/5.0 (X11; Linux x86_64) AppleWebKit/537.36 (KHTML, like Gecko) Chrome/61.0.3163.79 Safari/537.36" "ysfine.com"
40.77.167.33 - - [11/Sep/2022:19:55:35 -0700] "GET /feynman/fstat72.jpg HTTP/1.1" 200 66306 "-" "Mozilla/5.0 (compatible; bingbot/2.0; +http://www.bing.com/bingbot.htm)" "ysfine.com"
64.124.8.25 - - [11/Sep/2022:19:55:57 -0700] "GET /class54/class5470/total_data/sub_208.htm HTTP/1.1" 200 3396 "-" "Mozilla/5.0 (X11; Linux x86_64) AppleWebKit/537.36 (KHTML, like Gecko) Chrome/61.0.3163.79 Safari/537.36" "ysfine.com"
64.124.8.25 - - [11/Sep/2022:19:56:20 -0700] "GET /class54/class5470/total_data/sub_209.htm HTTP/1.1" 200 3396 "-" "Mozilla/5.0 (X11; Linux x86_64) AppleWebKit/537.36 (KHTML, like Gecko) Chrome/61.0.3163.79 Safari/537.36" "ysfine.com"
40.77.167.35 - - [11/Sep/2022:19:56:57 -0700] "GET /world/ital/padova05.jpg HTTP/1.1" 200 119136 "-" "Mozilla/5.0 (compatible; bingbot/2.0; +http://www.bing.com/bingbot.htm)" "www.ysfine.com"
123.125.109.142 - - [11/Sep/2022:19:57:55 -0700] "GET / HTTP/1.1" 200 5283 "-" "Sogou web spider/4.0(+http://www.sogou.com/docs/help/webmasters.htm#07)" "www.ysfine.com"
20.92.87.77 - - [11/Sep/2022:19:58:04 -0700] "GET /wp-includes/js/jquery/jquery-migrate.min.js HTTP/1.1" 404 88 "-" "Mozilla/5.0 (X11; Ubuntu; Linux i686; rv:28.0) Gecko/20100101 Firefox/28.0" "ysfine.com"
20.92.87.77 - - [11/Sep/2022:19:58:05 -0700] "GET / HTTP/1.1" 200 5283 "-" "Mozilla/5.0 (X11; Ubuntu; Linux i686; rv:28.0) Gecko/20100101 Firefox/28.0" "ysfine.com"
20.92.87.77 - - [11/Sep/2022:19:58:07 -0700] "GET /administrator/language/en-GB/en-GB.xml HTTP/1.1" 404 88 "-" "Mozilla/5.0 (X11; Ubuntu; Linux i686; rv:28.0) Gecko/20100101 Firefox/28.0" "ysfine.com"
66.249.72.130 - - [11/Sep/2022:19:58:10 -0700] "GET /world/baltic/lithu21.jpg HTTP/1.1" 200 70342 "-" "Googlebot-Image/1.0" "ysfine.com"
20.92.87.77 - - [11/Sep/2022:19:58:09 -0700] "GET /wp-includes/ID3/license.txt HTTP/1.1" 404 88 "-" "Mozilla/5.0 (X11; Ubuntu; Linux i686; rv:28.0) Gecko/20100101 Firefox/28.0" "ysfine.com"
20.92.87.77 - - [11/Sep/2022:19:58:11 -0700] "GET /administrator/help/en-GB/toc.json HTTP/1.1" 404 88 "-" "Mozilla/5.0 (X11; Ubuntu; Linux i686; rv:28.0) Gecko/20100101 Firefox/28.0" "ysfine.com"
20.92.87.77 - - [11/Sep/2022:19:58:12 -0700] "GET /plugins/system/debug/debug.xml HTTP/1.1" 404 88 "-" "Mozilla/5.0 (X11; Ubuntu; Linux i686; rv:28.0) Gecko/20100101 Firefox/28.0" "ysfine.com"
157.55.39.146 - - [11/Sep/2022:19:58:32 -0700] "GET /world/poland/jablo09.jpg HTTP/1.1" 200 77488 "-" "Mozilla/5.0 (compatible; bingbot/2.0; +http://www.bing.com/bingbot.htm)" "www.ysfine.com"
40.77.167.35 - - [11/Sep/2022:19:59:58 -0700] "GET /sbk/2007renai.jpg HTTP/1.1" 200 148296 "-" "Mozilla/5.0 (compatible; bingbot/2.0; +http://www.bing.com/bingbot.htm)" "ysfine.com"
40.77.167.33 - - [11/Sep/2022:20:00:55 -0700] "GET /eink/ewk86f.jpg HTTP/1.1" 200 122173 "-" "Mozilla/5.0 (compatible; bingbot/2.0; +http://www.bing.com/bingbot.htm)" "www.ysfine.com"
40.77.167.27 - - [11/Sep/2022:20:01:17 -0700] "GET /world/baltic/kalin34.jpg HTTP/1.1" 200 83361 "-" "Mozilla/5.0 (compatible; bingbot/2.0; +http://www.bing.com/bingbot.htm)" "www.ysfine.com"
103.131.71.24 - - [11/Sep/2022:20:01:37 -0700] "GET /robots.txt HTTP/1.1" 404 88 "-" "Mozilla/5.0 (compatible; coccocbot-image/1.0; +http://help.coccoc.com/searchengine)" "ysfine.com"
103.131.71.39 - - [11/Sep/2022:20:01:44 -0700] "GET /world/china/opium06b.jpg HTTP/1.1" 200 44304 "-" "Mozilla/5.0 (compatible; coccocbot-image/1.0; +http://help.coccoc.com/searchengine)" "ysfine.com"
40.77.167.35 - - [11/Sep/2022:20:01:58 -0700] "GET /eink/eink07b.jpg HTTP/1.1" 200 35608 "-" "Mozilla/5.0 (compatible; bingbot/2.0; +http://www.bing.com/bingbot.htm)" "www.ysfine.com"
154.54.249.206 - - [11/Sep/2022:20:02:10 -0700] "GET /class54/class5470/total_data/sub_363.htm HTTP/1.1" 304 - "-" "Mozilla/5.0 (compatible; Barkrowler/0.9; +https://babbar.tech/crawler)" "www.ysfine.com"
40.77.167.27 - - [11/Sep/2022:20:02:37 -0700] "GET /world/china/qingdao06.jpg HTTP/1.1" 200 99358 "-" "Mozilla/5.0 (compatible; bingbot/2.0; +http://www.bing.com/bingbot.htm)" "www.ysfine.com"
40.77.167.35 - - [11/Sep/2022:20:03:29 -0700] "GET /world/ital/flor083.jpg HTTP/1.1" 200 195439 "-" "Mozilla/5.0 (compatible; bingbot/2.0; +http://www.bing.com/bingbot.htm)" "ysfine.com"
154.54.249.206 - - [11/Sep/2022:20:03:35 -0700] "GET /ffriends/tolstoy.html HTTP/1.1" 200 1447 "-" "Mozilla/5.0 (compatible; Barkrowler/0.9; +https://babbar.tech/crawler)" "ysfine.com"
17.121.113.55 - - [11/Sep/2022:20:04:09 -0700] "GET /maga/index.html HTTP/1.1" 200 6127 "-" "Mozilla/5.0 (Macintosh; Intel Mac OS X 10_15_5) AppleWebKit/605.1.15 (KHTML, like Gecko) Version/13.1.1 Safari/605.1.15 (Applebot/0.1; +http://www.apple.com/go/applebot)" "ysfine.com"
40.77.167.35 - - [11/Sep/2022:20:04:29 -0700] "GET /world/russ/roskei11b.jpg HTTP/1.1" 200 44463 "-" "Mozilla/5.0 (compatible; bingbot/2.0; +http://www.bing.com/bingbot.htm)" "ysfine.com"
138.0.26.202 - - [11/Sep/2022:20:05:02 -0700] "GET /wigner/neum/vnc01.jpg HTTP/1.1" 200 133641 "https://www.google.com/" "Mozilla/5.0 (Windows NT 10.0; Win64; x64) AppleWebKit/537.36 (KHTML, like Gecko) Chrome/104.0.5112.102 Safari/537.36 OPR/90.0.4480.100" "ysfine.com"
157.55.39.146 - - [11/Sep/2022:20:05:04 -0700] "GET /kowar/tanks/sherman44b.jpg HTTP/1.1" 200 34454 "-" "Mozilla/5.0 (compatible; bingbot/2.0; +http://www.bing.com/bingbot.htm)" "ysfine.com"
64.124.8.25 - - [11/Sep/2022:20:06:46 -0700] "GET /class54/class5470/total_data/sub_2100.htm HTTP/1.1" 200 3382 "-" "Mozilla/5.0 (X11; Linux x86_64) AppleWebKit/537.36 (KHTML, like Gecko) Chrome/61.0.3163.79 Safari/537.36" "ysfine.com"
40.77.167.35 - - [11/Sep/2022:20:06:48 -0700] "GET /dirac/nicodem11c.jpg HTTP/1.1" 200 72684 "-" "Mozilla/5.0 (compatible; bingbot/2.0; +http://www.bing.com/bingbot.htm)" "ysfine.com"
64.124.8.25 - - [11/Sep/2022:20:07:10 -0700] "GET /class54/class5470/total_data/sub_275.htm HTTP/1.1" 200 3370 "-" "Mozilla/5.0 (X11; Linux x86_64) AppleWebKit/537.36 (KHTML, like Gecko) Chrome/61.0.3163.79 Safari/537.36" "ysfine.com"
64.124.8.25 - - [11/Sep/2022:20:07:48 -0700] "GET /class54/class5470/total_data/sub_210.htm HTTP/1.1" 200 3396 "-" "Mozilla/5.0 (X11; Linux x86_64) AppleWebKit/537.36 (KHTML, like Gecko) Chrome/61.0.3163.79 Safari/537.36" "ysfine.com"
177.18.188.213 - - [11/Sep/2022:20:08:07 -0700] "GET /style/oistrakh22c.jpg HTTP/1.1" 200 38199 "https://www.google.com/" "Mozilla/5.0 (Windows NT 10.0; Win64; x64) AppleWebKit/537.36 (KHTML, like Gecko) Chrome/105.0.0.0 Safari/537.36" "ysfine.com"
64.124.8.25 - - [11/Sep/2022:20:08:14 -0700] "GET /class54/class5470/total_data/sub_211.htm HTTP/1.1" 200 3401 "-" "Mozilla/5.0 (X11; Linux x86_64) AppleWebKit/537.36 (KHTML, like Gecko) Chrome/61.0.3163.79 Safari/537.36" "ysfine.com"
64.124.8.25 - - [11/Sep/2022:20:08:45 -0700] "GET /class54/class5470/total_data/sub_212.htm HTTP/1.1" 200 3399 "-" "Mozilla/5.0 (X11; Linux x86_64) AppleWebKit/537.36 (KHTML, like Gecko) Chrome/61.0.3163.79 Safari/537.36" "ysfine.com"
64.124.8.25 - - [11/Sep/2022:20:09:14 -0700] "GET /class54/class5470/total_data/sub_213.htm HTTP/1.1" 200 3396 "-" "Mozilla/5.0 (X11; Linux x86_64) AppleWebKit/537.36 (KHTML, like Gecko) Chrome/61.0.3163.79 Safari/537.36" "ysfine.com"
64.124.8.25 - - [11/Sep/2022:20:09:46 -0700] "GET /class54/class5470/total_data/sub_214.htm HTTP/1.1" 200 3396 "-" "Mozilla/5.0 (X11; Linux x86_64) AppleWebKit/537.36 (KHTML, like Gecko) Chrome/61.0.3163.79 Safari/537.36" "ysfine.com"
64.124.8.25 - - [11/Sep/2022:20:10:08 -0700] "GET /class54/class5470/total_data/sub_215.htm HTTP/1.1" 200 3402 "-" "Mozilla/5.0 (X11; Linux x86_64) AppleWebKit/537.36 (KHTML, like Gecko) Chrome/61.0.3163.79 Safari/537.36" "ysfine.com"
64.124.8.25 - - [11/Sep/2022:20:10:37 -0700] "GET /class54/class5470/total_data/sub_216.htm HTTP/1.1" 200 3404 "-" "Mozilla/5.0 (X11; Linux x86_64) AppleWebKit/537.36 (KHTML, like Gecko) Chrome/61.0.3163.79 Safari/537.36" "ysfine.com"
64.124.8.25 - - [11/Sep/2022:20:11:08 -0700] "GET /class54/class5470/total_data/sub_217.htm HTTP/1.1" 200 3403 "-" "Mozilla/5.0 (X11; Linux x86_64) AppleWebKit/537.36 (KHTML, like Gecko) Chrome/61.0.3163.79 Safari/537.36" "ysfine.com"
185.191.171.9 - - [11/Sep/2022:20:11:15 -0700] "GET /robots.txt HTTP/1.1" 404 88 "-" "Mozilla/5.0 (compatible; SemrushBot/7~bl; +http://www.semrush.com/bot.html)" "ysfine.com"
185.191.171.25 - - [11/Sep/2022:20:11:15 -0700] "GET /einstein/newton.html HTTP/1.1" 200 650 "-" "Mozilla/5.0 (compatible; SemrushBot/7~bl; +http://www.semrush.com/bot.html)" "ysfine.com"
40.77.167.27 - - [11/Sep/2022:20:11:18 -0700] "GET /world/germany/trier14.jpg HTTP/1.1" 200 315898 "-" "Mozilla/5.0 (compatible; bingbot/2.0; +http://www.bing.com/bingbot.htm)" "www.ysfine.com"
64.124.8.25 - - [11/Sep/2022:20:11:36 -0700] "GET /class54/class5470/total_data/sub_218.htm HTTP/1.1" 200 3396 "-" "Mozilla/5.0 (X11; Linux x86_64) AppleWebKit/537.36 (KHTML, like Gecko) Chrome/61.0.3163.79 Safari/537.36" "ysfine.com"
114.119.128.154 - - [11/Sep/2022:20:11:36 -0700] "GET /archives/proceedings/boston/walther.pdf HTTP/1.1" 200 965373 "https://ysfine.com/archives/proceedings/boston/walthe.html" "Mozilla/5.0 (Linux; Android 7.0;) AppleWebKit/537.36 (KHTML, like Gecko) Mobile Safari/537.36 (compatible; PetalBot;+https://webmaster.petalsearch.com/site/petalbot)" "ysfine.com"
64.124.8.25 - - [11/Sep/2022:20:12:02 -0700] "GET /class54/class5470/total_data/sub_219.htm HTTP/1.1" 200 3396 "-" "Mozilla/5.0 (X11; Linux x86_64) AppleWebKit/537.36 (KHTML, like Gecko) Chrome/61.0.3163.79 Safari/537.36" "ysfine.com"
40.77.167.27 - - [11/Sep/2022:20:12:18 -0700] "GET /newyork/guggen55.jpg HTTP/1.1" 200 133979 "-" "Mozilla/5.0 (compatible; bingbot/2.0; +http://www.bing.com/bingbot.htm)" "www.ysfine.com"
40.77.167.27 - - [11/Sep/2022:20:12:38 -0700] "GET /style/songs.html HTTP/1.1" 200 31570 "-" "Mozilla/5.0 (compatible; bingbot/2.0; +http://www.bing.com/bingbot.htm)" "ysfine.com"
40.77.167.62 - - [11/Sep/2022:20:12:43 -0700] "GET /world/kazan.html HTTP/1.1" 200 13929 "-" "Mozilla/5.0 (compatible; bingbot/2.0; +http://www.bing.com/bingbot.htm)" "ysfine.com"
40.77.167.27 - - [11/Sep/2022:20:13:08 -0700] "GET /wdc/jeffm08.jpg HTTP/1.1" 200 82292 "-" "Mozilla/5.0 (compatible; bingbot/2.0; +http://www.bing.com/bingbot.htm)" "www.ysfine.com"
114.119.128.154 - - [11/Sep/2022:20:13:10 -0700] "GET /class54/class5470/total_data/photo_img/8-31.jpg HTTP/1.1" 200 192173 "https://ysfine.com/class54/class5470/total_data/sub_831.htm" "Mozilla/5.0 (Linux; Android 7.0;) AppleWebKit/537.36 (KHTML, like Gecko) Mobile Safari/537.36 (compatible; PetalBot;+https://webmaster.petalsearch.com/site/petalbot)" "ysfine.com"
157.44.183.41 - - [11/Sep/2022:20:13:34 -0700] "GET /feynman/jf2.jpg HTTP/1.1" 200 10558 "https://www.google.com/" "Mozilla/5.0 (Linux; Android 11; RMX2151) AppleWebKit/537.36 (KHTML, like Gecko) Chrome/104.0.0.0 Mobile Safari/537.36" "ysfine.com"
40.77.167.33 - - [11/Sep/2022:20:13:47 -0700] "GET /princeton/bdinner.jpg HTTP/1.1" 200 97933 "-" "Mozilla/5.0 (compatible; bingbot/2.0; +http://www.bing.com/bingbot.htm)" "ysfine.com"
40.77.167.27 - - [11/Sep/2022:20:14:08 -0700] "GET /world/ital/venice29.jpg HTTP/1.1" 200 239826 "-" "Mozilla/5.0 (compatible; bingbot/2.0; +http://www.bing.com/bingbot.htm)" "www.ysfine.com"
40.77.167.35 - - [11/Sep/2022:20:14:30 -0700] "GET /world/russ/mosmusic32.jpg HTTP/1.1" 200 101584 "-" "Mozilla/5.0 (compatible; bingbot/2.0; +http://www.bing.com/bingbot.htm)" "www.ysfine.com"
114.119.128.154 - - [11/Sep/2022:20:15:15 -0700] "GET /class54/class5470/total_data/photo_img/7-51.jpg HTTP/1.1" 200 222884 "https://ysfine.com/class54/class5470/total_data/sub_751.htm" "Mozilla/5.0 (Linux; Android 7.0;) AppleWebKit/537.36 (KHTML, like Gecko) Mobile Safari/537.36 (compatible; PetalBot;+https://webmaster.petalsearch.com/site/petalbot)" "ysfine.com"
40.77.167.35 - - [11/Sep/2022:20:16:10 -0700] "GET /home/coke270.jpg HTTP/1.1" 200 56411 "-" "Mozilla/5.0 (compatible; bingbot/2.0; +http://www.bing.com/bingbot.htm)" "www.ysfine.com"
185.191.171.42 - - [11/Sep/2022:20:16:43 -0700] "GET /class54/class5470/total_data/sub_621.htm HTTP/1.1" 200 3216 "-" "Mozilla/5.0 (compatible; SemrushBot/7~bl; +http://www.semrush.com/bot.html)" "ysfine.com"
157.55.39.146 - - [11/Sep/2022:20:17:25 -0700] "GET /world/russ/kazan041.jpg HTTP/1.1" 200 64820 "-" "Mozilla/5.0 (compatible; bingbot/2.0; +http://www.bing.com/bingbot.htm)" "www.ysfine.com"
40.77.167.35 - - [11/Sep/2022:20:17:40 -0700] "GET /world/russ/volga19.jpg HTTP/1.1" 200 122101 "-" "Mozilla/5.0 (compatible; bingbot/2.0; +http://www.bing.com/bingbot.htm)" "www.ysfine.com"
51.222.253.10 - - [11/Sep/2022:20:18:20 -0700] "GET / HTTP/1.1" 200 5283 "-" "Mozilla/5.0 (compatible; AhrefsBot/7.0; +http://ahrefs.com/robot/)" "ysfine.com"
154.54.249.206 - - [11/Sep/2022:20:20:12 -0700] "GET /class54/class5470/total_data/sub_330.htm HTTP/1.1" 304 - "-" "Mozilla/5.0 (compatible; Barkrowler/0.9; +https://babbar.tech/crawler)" "www.ysfine.com"
134.75.87.181 - - [11/Sep/2022:20:21:37 -0700] "GET /jobs/koreaj.html HTTP/1.1" 200 10214 "-" "Mozilla/5.0 (X11; Ubuntu; Linux x86_64; rv:104.0) Gecko/20100101 Firefox/104.0" "ysfine.com"
134.75.87.181 - - [11/Sep/2022:20:21:38 -0700] "GET /jobs/koreaj11b.jpg HTTP/1.1" 200 67543 "https://ysfine.com/jobs/koreaj.html" "Mozilla/5.0 (X11; Ubuntu; Linux x86_64; rv:104.0) Gecko/20100101 Firefox/104.0" "ysfine.com"
134.75.87.181 - - [11/Sep/2022:20:21:38 -0700] "GET /favicon.ico HTTP/1.1" 404 88 "https://ysfine.com/jobs/koreaj.html" "Mozilla/5.0 (X11; Ubuntu; Linux x86_64; rv:104.0) Gecko/20100101 Firefox/104.0" "ysfine.com"
154.54.249.206 - - [11/Sep/2022:20:21:54 -0700] "GET /class54/weheard.html HTTP/1.1" 304 - "-" "Mozilla/5.0 (compatible; Barkrowler/0.9; +https://babbar.tech/crawler)" "ysfine.com"
114.119.128.14 - - [11/Sep/2022:20:21:55 -0700] "GET /class54/class5470/total_data/sub_110.htm HTTP/1.1" 200 3265 "https://ysfine.com/class54/class5470/total_data/sub_109.htm" "Mozilla/5.0 (Linux; Android 7.0;) AppleWebKit/537.36 (KHTML, like Gecko) Mobile Safari/537.36 (compatible; PetalBot;+https://webmaster.petalsearch.com/site/petalbot)" "ysfine.com"
