51.222.253.8 - - [11/Sep/2022:12:12:17 -0700] "GET /class54/class5470/total_data/img/sm03_off.gif HTTP/1.1" 200 429 "-" "Mozilla/5.0 (compatible; AhrefsBot/7.0; +http://ahrefs.com/robot/)" "www.ysfine.com"
157.55.39.146 - - [11/Sep/2022:12:12:27 -0700] "GET /princeton/nasshall03.jpg HTTP/1.1" 200 147463 "-" "Mozilla/5.0 (compatible; bingbot/2.0; +http://www.bing.com/bingbot.htm)" "ysfine.com"
20.68.163.198 - - [11/Sep/2022:12:12:33 -0700] "POST / HTTP/1.1" 200 5283 "-" "Mozilla/5.0 (X11; Linux x86_64) AppleWebKit/537.36 (KHTML, like Gecko) Chrome/81.0.4044.129 Safari/537.36" "ysfine.com"
178.153.42.68 - - [11/Sep/2022:12:12:59 -0700] "GET /princeton/brooke88.jpg HTTP/1.1" 200 82208 "https://www.google.com.qa/" "Mozilla/5.0 (Macintosh; Intel Mac OS X 10_15_6) AppleWebKit/605.1.15 (KHTML, like Gecko) Version/15.6.1 Safari/605.1.15" "ysfine.com"
76.132.19.6 - - [11/Sep/2022:12:13:12 -0700] "GET /world/brit/etonharrow.html HTTP/1.1" 200 4546 "https://www.google.com/" "Mozilla/5.0 (Windows NT 10.0; Win64; x64; rv:104.0) Gecko/20100101 Firefox/104.0" "ysfine.com"
76.132.19.6 - - [11/Sep/2022:12:13:12 -0700] "GET /world/brit/winston01b.jpg HTTP/1.1" 200 38436 "https://ysfine.com/world/brit/etonharrow.html" "Mozilla/5.0 (Windows NT 10.0; Win64; x64; rv:104.0) Gecko/20100101 Firefox/104.0" "ysfine.com"
76.132.19.6 - - [11/Sep/2022:12:13:12 -0700] "GET /world/brit/eton03b.jpg HTTP/1.1" 200 45141 "https://ysfine.com/world/brit/etonharrow.html" "Mozilla/5.0 (Windows NT 10.0; Win64; x64; rv:104.0) Gecko/20100101 Firefox/104.0" "ysfine.com"
76.132.19.6 - - [11/Sep/2022:12:13:12 -0700] "GET /world/brit/eton07b.jpg HTTP/1.1" 200 36566 "https://ysfine.com/world/brit/etonharrow.html" "Mozilla/5.0 (Windows NT 10.0; Win64; x64; rv:104.0) Gecko/20100101 Firefox/104.0" "ysfine.com"
76.132.19.6 - - [11/Sep/2022:12:13:12 -0700] "GET /kobak/kwk11b.jpg HTTP/1.1" 200 46888 "https://ysfine.com/world/brit/etonharrow.html" "Mozilla/5.0 (Windows NT 10.0; Win64; x64; rv:104.0) Gecko/20100101 Firefox/104.0" "ysfine.com"
76.132.19.6 - - [11/Sep/2022:12:13:12 -0700] "GET /world/brit/nehru11b.jpg HTTP/1.1" 200 43052 "https://ysfine.com/world/brit/etonharrow.html" "Mozilla/5.0 (Windows NT 10.0; Win64; x64; rv:104.0) Gecko/20100101 Firefox/104.0" "ysfine.com"
76.132.19.6 - - [11/Sep/2022:12:13:12 -0700] "GET /world/brit/eton01b.jpg HTTP/1.1" 200 47771 "https://ysfine.com/world/brit/etonharrow.html" "Mozilla/5.0 (Windows NT 10.0; Win64; x64; rv:104.0) Gecko/20100101 Firefox/104.0" "ysfine.com"
76.132.19.6 - - [11/Sep/2022:12:13:12 -0700] "GET /world/brit/eton02b.jpg HTTP/1.1" 200 39432 "https://ysfine.com/world/brit/etonharrow.html" "Mozilla/5.0 (Windows NT 10.0; Win64; x64; rv:104.0) Gecko/20100101 Firefox/104.0" "ysfine.com"
76.132.19.6 - - [11/Sep/2022:12:13:13 -0700] "GET /world/brit/harrow12b.jpg HTTP/1.1" 200 45104 "https://ysfine.com/world/brit/etonharrow.html" "Mozilla/5.0 (Windows NT 10.0; Win64; x64; rv:104.0) Gecko/20100101 Firefox/104.0" "ysfine.com"
76.132.19.6 - - [11/Sep/2022:12:13:13 -0700] "GET /world/brit/harrow01b.jpg HTTP/1.1" 200 54632 "https://ysfine.com/world/brit/etonharrow.html" "Mozilla/5.0 (Windows NT 10.0; Win64; x64; rv:104.0) Gecko/20100101 Firefox/104.0" "ysfine.com"
76.132.19.6 - - [11/Sep/2022:12:13:13 -0700] "GET /world/brit/windsor02b.jpg HTTP/1.1" 200 40724 "https://ysfine.com/world/brit/etonharrow.html" "Mozilla/5.0 (Windows NT 10.0; Win64; x64; rv:104.0) Gecko/20100101 Firefox/104.0" "ysfine.com"
76.132.19.6 - - [11/Sep/2022:12:13:13 -0700] "GET /world/brit/harrow09b.jpg HTTP/1.1" 200 48797 "https://ysfine.com/world/brit/etonharrow.html" "Mozilla/5.0 (Windows NT 10.0; Win64; x64; rv:104.0) Gecko/20100101 Firefox/104.0" "ysfine.com"
76.132.19.6 - - [11/Sep/2022:12:13:13 -0700] "GET /world/brit/harrow04b.jpg HTTP/1.1" 200 48004 "https://ysfine.com/world/brit/etonharrow.html" "Mozilla/5.0 (Windows NT 10.0; Win64; x64; rv:104.0) Gecko/20100101 Firefox/104.0" "ysfine.com"
76.132.19.6 - - [11/Sep/2022:12:13:13 -0700] "GET /eink/pwk19c.jpg HTTP/1.1" 200 57759 "https://ysfine.com/world/brit/etonharrow.html" "Mozilla/5.0 (Windows NT 10.0; Win64; x64; rv:104.0) Gecko/20100101 Firefox/104.0" "ysfine.com"
76.132.19.6 - - [11/Sep/2022:12:13:13 -0700] "GET /world/brit/harrow11b.jpg HTTP/1.1" 200 42533 "https://ysfine.com/world/brit/etonharrow.html" "Mozilla/5.0 (Windows NT 10.0; Win64; x64; rv:104.0) Gecko/20100101 Firefox/104.0" "ysfine.com"
76.132.19.6 - - [11/Sep/2022:12:13:13 -0700] "GET /kobak/taylor33c.jpg HTTP/1.1" 200 39951 "https://ysfine.com/world/brit/etonharrow.html" "Mozilla/5.0 (Windows NT 10.0; Win64; x64; rv:104.0) Gecko/20100101 Firefox/104.0" "ysfine.com"
76.132.19.6 - - [11/Sep/2022:12:13:13 -0700] "GET /favicon.ico HTTP/1.1" 404 88 "https://ysfine.com/world/brit/etonharrow.html" "Mozilla/5.0 (Windows NT 10.0; Win64; x64; rv:104.0) Gecko/20100101 Firefox/104.0" "ysfine.com"
40.77.167.35 - - [11/Sep/2022:12:13:35 -0700] "GET /style/augustiner11b.jpg HTTP/1.1" 200 39308 "-" "Mozilla/5.0 (compatible; bingbot/2.0; +http://www.bing.com/bingbot.htm)" "www.ysfine.com"
40.77.167.33 - - [11/Sep/2022:12:13:40 -0700] "GET /world/baltic/riga55.jpg HTTP/1.1" 200 78963 "-" "Mozilla/5.0 (compatible; bingbot/2.0; +http://www.bing.com/bingbot.htm)" "ysfine.com"
5.90.201.244 - - [11/Sep/2022:12:14:19 -0700] "GET /dirac/dirheisen.html HTTP/1.1" 200 4650 "-" "Mozilla/5.0 (Macintosh; Intel Mac OS X 10_13_6) AppleWebKit/605.1.15 (KHTML, like Gecko) Version/13.1.2 Safari/605.1.15" "www.ysfine.com"
5.90.201.244 - - [11/Sep/2022:12:14:19 -0700] "GET /dirac/dirheisen31b.jpg HTTP/1.1" 200 39248 "https://www.ysfine.com/dirac/dirheisen.html" "Mozilla/5.0 (Macintosh; Intel Mac OS X 10_13_6) AppleWebKit/605.1.15 (KHTML, like Gecko) Version/13.1.2 Safari/605.1.15" "www.ysfine.com"
5.90.201.244 - - [11/Sep/2022:12:14:19 -0700] "GET /dirac/dirac63b.jpg HTTP/1.1" 200 41617 "https://www.ysfine.com/dirac/dirheisen.html" "Mozilla/5.0 (Macintosh; Intel Mac OS X 10_13_6) AppleWebKit/605.1.15 (KHTML, like Gecko) Version/13.1.2 Safari/605.1.15" "www.ysfine.com"
5.90.201.244 - - [11/Sep/2022:12:14:19 -0700] "GET /dirac/2osc22a.jpg HTTP/1.1" 200 69742 "https://www.ysfine.com/dirac/dirheisen.html" "Mozilla/5.0 (Macintosh; Intel Mac OS X 10_13_6) AppleWebKit/605.1.15 (KHTML, like Gecko) Version/13.1.2 Safari/605.1.15" "www.ysfine.com"
5.90.201.244 - - [11/Sep/2022:12:14:19 -0700] "GET /dirac/dirfoc62b.jpg HTTP/1.1" 200 29874 "https://www.ysfine.com/dirac/dirheisen.html" "Mozilla/5.0 (Macintosh; Intel Mac OS X 10_13_6) AppleWebKit/605.1.15 (KHTML, like Gecko) Version/13.1.2 Safari/605.1.15" "www.ysfine.com"
5.90.201.244 - - [11/Sep/2022:12:14:19 -0700] "GET /wigner/wigheis11b.jpg HTTP/1.1" 200 38703 "https://www.ysfine.com/dirac/dirheisen.html" "Mozilla/5.0 (Macintosh; Intel Mac OS X 10_13_6) AppleWebKit/605.1.15 (KHTML, like Gecko) Version/13.1.2 Safari/605.1.15" "www.ysfine.com"
5.90.201.244 - - [11/Sep/2022:12:14:19 -0700] "GET /people/yuen01b.jpg HTTP/1.1" 200 24922 "https://www.ysfine.com/dirac/dirheisen.html" "Mozilla/5.0 (Macintosh; Intel Mac OS X 10_13_6) AppleWebKit/605.1.15 (KHTML, like Gecko) Version/13.1.2 Safari/605.1.15" "www.ysfine.com"
5.90.201.244 - - [11/Sep/2022:12:14:19 -0700] "GET /people/glauber01b.jpg HTTP/1.1" 200 26433 "https://www.ysfine.com/dirac/dirheisen.html" "Mozilla/5.0 (Macintosh; Intel Mac OS X 10_13_6) AppleWebKit/605.1.15 (KHTML, like Gecko) Version/13.1.2 Safari/605.1.15" "www.ysfine.com"
5.90.201.244 - - [11/Sep/2022:12:14:19 -0700] "GET /people/facu63b.jpg HTTP/1.1" 200 47712 "https://www.ysfine.com/dirac/dirheisen.html" "Mozilla/5.0 (Macintosh; Intel Mac OS X 10_13_6) AppleWebKit/605.1.15 (KHTML, like Gecko) Version/13.1.2 Safari/605.1.15" "www.ysfine.com"
5.90.201.244 - - [11/Sep/2022:12:14:20 -0700] "GET /dirac/michelan01b.jpg HTTP/1.1" 200 50306 "https://www.ysfine.com/dirac/dirheisen.html" "Mozilla/5.0 (Macintosh; Intel Mac OS X 10_13_6) AppleWebKit/605.1.15 (KHTML, like Gecko) Version/13.1.2 Safari/605.1.15" "www.ysfine.com"
5.90.201.244 - - [11/Sep/2022:12:14:20 -0700] "GET /people/towhee11b.jpg HTTP/1.1" 200 32584 "https://www.ysfine.com/dirac/dirheisen.html" "Mozilla/5.0 (Macintosh; Intel Mac OS X 10_13_6) AppleWebKit/605.1.15 (KHTML, like Gecko) Version/13.1.2 Safari/605.1.15" "www.ysfine.com"
5.90.201.244 - - [11/Sep/2022:12:14:20 -0700] "GET /wigner/tollwig11b.jpg HTTP/1.1" 200 31891 "https://www.ysfine.com/dirac/dirheisen.html" "Mozilla/5.0 (Macintosh; Intel Mac OS X 10_13_6) AppleWebKit/605.1.15 (KHTML, like Gecko) Version/13.1.2 Safari/605.1.15" "www.ysfine.com"
5.90.201.244 - - [11/Sep/2022:12:14:20 -0700] "GET /wdc/sakura04b.jpg HTTP/1.1" 200 32713 "https://www.ysfine.com/dirac/dirheisen.html" "Mozilla/5.0 (Macintosh; Intel Mac OS X 10_13_6) AppleWebKit/605.1.15 (KHTML, like Gecko) Version/13.1.2 Safari/605.1.15" "www.ysfine.com"
5.90.201.244 - - [11/Sep/2022:12:14:20 -0700] "GET /eink/eink61c.jpg HTTP/1.1" 200 34119 "https://www.ysfine.com/dirac/dirheisen.html" "Mozilla/5.0 (Macintosh; Intel Mac OS X 10_13_6) AppleWebKit/605.1.15 (KHTML, like Gecko) Version/13.1.2 Safari/605.1.15" "www.ysfine.com"
95.163.255.65 - - [11/Sep/2022:12:14:41 -0700] "GET /robots.txt HTTP/1.1" 404 73 "-" "Mozilla/5.0 (compatible; Linux x86_64; Mail.RU_Bot/2.0; +https://help.mail.ru/webmaster/indexing/robots)" "www.ysfine.com"
157.55.39.146 - - [11/Sep/2022:12:14:47 -0700] "GET /people/facu63c.jpg HTTP/1.1" 200 39839 "-" "Mozilla/5.0 (compatible; bingbot/2.0; +http://www.bing.com/bingbot.htm)" "ysfine.com"
95.163.255.65 - - [11/Sep/2022:12:14:51 -0700] "GET /robots.txt HTTP/1.1" 404 73 "-" "Mozilla/5.0 (compatible; Linux x86_64; Mail.RU_Bot/2.0; +https://help.mail.ru/webmaster/indexing/robots)" "ysfine.com"
114.119.128.158 - - [11/Sep/2022:12:16:02 -0700] "GET /remote/wigner111/frame40.html HTTP/1.1" 200 372 "https://ysfine.com/remote/wigner111/frame39.html" "Mozilla/5.0 (Linux; Android 7.0;) AppleWebKit/537.36 (KHTML, like Gecko) Mobile Safari/537.36 (compatible; PetalBot;+https://webmaster.petalsearch.com/site/petalbot)" "ysfine.com"
66.249.72.130 - - [11/Sep/2022:12:16:03 -0700] "GET /eink/ewk86a.jpg HTTP/1.1" 304 - "-" "Googlebot-Image/1.0" "ysfine.com"
185.191.171.1 - - [11/Sep/2022:12:16:45 -0700] "GET /class54/class5470/total_data/sub_209.htm HTTP/1.1" 200 3396 "-" "Mozilla/5.0 (compatible; SemrushBot/7~bl; +http://www.semrush.com/bot.html)" "www.ysfine.com"
40.77.167.62 - - [11/Sep/2022:12:16:53 -0700] "GET /world/baltic/lithuf11.jpg HTTP/1.1" 200 96866 "-" "Mozilla/5.0 (compatible; bingbot/2.0; +http://www.bing.com/bingbot.htm)" "www.ysfine.com"
51.222.253.3 - - [11/Sep/2022:12:17:13 -0700] "GET /class54/class5470/total_data/sub_2105.htm HTTP/1.1" 200 3370 "-" "Mozilla/5.0 (compatible; AhrefsBot/7.0; +http://ahrefs.com/robot/)" "ysfine.com"
93.158.161.2 - - [11/Sep/2022:12:17:16 -0700] "GET /archives/proceedings/boston/sanz.pdf HTTP/1.1" 200 717641 "-" "Mozilla/5.0 (compatible; YandexBot/3.0; +http://yandex.com/bots)" "www.ysfine.com"
178.153.42.68 - - [11/Sep/2022:12:17:18 -0700] "GET /princeton/brooke66.jpg HTTP/1.1" 200 135510 "https://www.google.com.qa/" "Mozilla/5.0 (Macintosh; Intel Mac OS X 10_15_6) AppleWebKit/605.1.15 (KHTML, like Gecko) Version/15.6.1 Safari/605.1.15" "ysfine.com"
40.77.167.27 - - [11/Sep/2022:12:17:21 -0700] "GET /sbk/2006kiev11.jpg HTTP/1.1" 200 237038 "-" "Mozilla/5.0 (compatible; bingbot/2.0; +http://www.bing.com/bingbot.htm)" "ysfine.com"
217.210.9.34 - - [11/Sep/2022:12:18:05 -0700] "GET /philo/marxlon01.jpg HTTP/1.1" 200 263404 "https://www.google.se/" "Mozilla/5.0 (iPhone; CPU iPhone OS 15_6_1 like Mac OS X) AppleWebKit/605.1.15 (KHTML, like Gecko) Version/15.6.1 Mobile/15E148 Safari/604.1" "ysfine.com"
154.54.249.206 - - [11/Sep/2022:12:18:17 -0700] "GET /einstein/dual.html HTTP/1.1" 200 950 "-" "Mozilla/5.0 (compatible; Barkrowler/0.9; +https://babbar.tech/crawler)" "ysfine.com"
77.88.5.213 - - [11/Sep/2022:12:18:32 -0700] "GET /world/brit/britmu31.jpg HTTP/1.1" 200 79045 "-" "Mozilla/5.0 (compatible; YandexImages/3.0; +http://yandex.com/bots)" "ysfine.com"
154.54.249.206 - - [11/Sep/2022:12:18:35 -0700] "GET /class54/class5470/total_data/sub_144.htm HTTP/1.1" 200 3287 "-" "Mozilla/5.0 (compatible; Barkrowler/0.9; +https://babbar.tech/crawler)" "www.ysfine.com"
40.77.167.33 - - [11/Sep/2022:12:19:51 -0700] "GET /world/brit/eton02.jpg HTTP/1.1" 200 87821 "-" "Mozilla/5.0 (compatible; bingbot/2.0; +http://www.bing.com/bingbot.htm)" "www.ysfine.com"
69.233.137.240 - - [11/Sep/2022:12:20:54 -0700] "GET /princeton/pcomm03.jpg HTTP/1.1" 200 98689 "https://www.google.com/" "Mozilla/5.0 (Macintosh; Intel Mac OS X 10_15_7) AppleWebKit/537.36 (KHTML, like Gecko) Chrome/105.0.0.0 Safari/537.36" "ysfine.com"
51.222.253.18 - - [11/Sep/2022:12:21:46 -0700] "GET /class54/class5470/total_data/sub_2114.htm HTTP/1.1" 200 3382 "-" "Mozilla/5.0 (compatible; AhrefsBot/7.0; +http://ahrefs.com/robot/)" "ysfine.com"
64.124.8.47 - - [11/Sep/2022:12:22:21 -0700] "GET /home/dashen.html HTTP/1.1" 200 4015 "-" "Mozilla/5.0 (X11; Linux x86_64) AppleWebKit/537.36 (KHTML, like Gecko) Chrome/61.0.3163.79 Safari/537.36" "www.ysfine.com"
192.0.86.127 - - [11/Sep/2022:12:22:51 -0700] "GET /einstein/einbohr33.jpg HTTP/1.1" 200 87797 "-" "Photon/1.0" "ysfine.com"
200.114.145.250 - - [11/Sep/2022:12:22:52 -0700] "GET /einstein/einbohr33.jpg HTTP/1.1" 200 87797 "https://images.search.yahoo.com/search/images;_ylt=AwrNaiVcNB5j1dc9TjNXNyoA;_ylu=Y29sbwNiZjEEcG9zAzEEdnRpZAMEc2VjA3BpdnM-?p=neils+vs+einsteim&fr2=piv-web&type=E211US1465G0&fr=mcafee" "Mozilla/5.0 (Windows NT 10.0; Win64; x64) AppleWebKit/537.36 (KHTML, like Gecko) Chrome/105.0.0.0 Safari/537.36" "www.ysfine.com"
64.124.8.47 - - [11/Sep/2022:12:23:16 -0700] "GET /remote/princeton/campus.html HTTP/1.1" 404 88 "-" "Mozilla/5.0 (X11; Linux x86_64) AppleWebKit/537.36 (KHTML, like Gecko) Chrome/61.0.3163.79 Safari/537.36" "ysfine.com"
40.77.167.35 - - [11/Sep/2022:12:23:24 -0700] "GET /world/france/royalpa11.jpg HTTP/1.1" 200 111070 "-" "Mozilla/5.0 (compatible; bingbot/2.0; +http://www.bing.com/bingbot.htm)" "ysfine.com"
66.249.72.158 - - [11/Sep/2022:12:23:54 -0700] "GET /world/germany/benz13.jpg HTTP/1.1" 200 103872 "-" "Googlebot-Image/1.0" "ysfine.com"
40.77.167.35 - - [11/Sep/2022:12:24:04 -0700] "GET /world/france/montpar09.jpg HTTP/1.1" 200 138558 "-" "Mozilla/5.0 (compatible; bingbot/2.0; +http://www.bing.com/bingbot.htm)" "www.ysfine.com"
5.30.233.158 - - [11/Sep/2022:12:24:27 -0700] "GET /world/germany/benz13.jpg HTTP/1.1" 200 103872 "https://www.google.com/" "Mozilla/5.0 (Macintosh; Intel Mac OS X 10_15_7) AppleWebKit/537.36 (KHTML, like Gecko) Chrome/104.0.0.0 Safari/537.36" "ysfine.com"
93.158.161.74 - - [11/Sep/2022:12:25:58 -0700] "GET /dirac/dircanal.html HTTP/1.1" 200 3795 "-" "Mozilla/5.0 (compatible; YandexBot/3.0; +http://yandex.com/bots)" "www.ysfine.com"
51.222.253.17 - - [11/Sep/2022:12:26:56 -0700] "GET /class54/class5470/total_data/sub_2120.htm HTTP/1.1" 200 3382 "-" "Mozilla/5.0 (compatible; AhrefsBot/7.0; +http://ahrefs.com/robot/)" "ysfine.com"
54.236.1.11 - - [11/Sep/2022:12:26:57 -0700] "GET /robots.txt HTTP/1.1" 404 88 "-" "Mozilla/5.0 (compatible; Pinterestbot/1.0; +http://www.pinterest.com/bot.html)" "ysfine.com"
54.236.1.11 - - [11/Sep/2022:12:26:57 -0700] "GET / HTTP/1.1" 200 5283 "-" "Mozilla/5.0 (compatible; Pinterestbot/1.0; +http://www.pinterest.com/bot.html)" "ysfine.com"
51.222.253.15 - - [11/Sep/2022:12:26:59 -0700] "GET /class54/class5470/total_data/photo_img/2-120.jpg HTTP/1.1" 200 177568 "-" "Mozilla/5.0 (compatible; AhrefsBot/7.0; +http://ahrefs.com/robot/)" "ysfine.com"
64.124.8.47 - - [11/Sep/2022:12:27:08 -0700] "GET /remote/kant.html HTTP/1.1" 404 88 "-" "Mozilla/5.0 (X11; Linux x86_64) AppleWebKit/537.36 (KHTML, like Gecko) Chrome/61.0.3163.79 Safari/537.36" "ysfine.com"
40.77.167.62 - - [11/Sep/2022:12:31:25 -0700] "GET /world/brit/lontaxi01.jpg HTTP/1.1" 200 105275 "-" "Mozilla/5.0 (compatible; bingbot/2.0; +http://www.bing.com/bingbot.htm)" "www.ysfine.com"
64.124.8.47 - - [11/Sep/2022:12:31:43 -0700] "GET /wigner/wigner39.html HTTP/1.1" 200 330 "-" "Mozilla/5.0 (X11; Linux x86_64) AppleWebKit/537.36 (KHTML, like Gecko) Chrome/61.0.3163.79 Safari/537.36" "www.ysfine.com"
45.155.68.225 - - [11/Sep/2022:12:32:01 -0700] "GET /princeton/prince.html HTTP/1.1" 200 2567 "-" "Mozilla/5.0 (Windows NT 10.0; Win64; x64) AppleWebKit/537.36 (KHTML, like Gecko) Chrome/103.0.0.0 Safari/537.36" "ysfine.com"
45.155.68.225 - - [11/Sep/2022:12:32:04 -0700] "GET /einstein/index.html HTTP/1.1" 200 135 "https://ysfine.com/princeton/prince.html" "Mozilla/5.0 (Windows NT 10.0; Win64; x64) AppleWebKit/537.36 (KHTML, like Gecko) Chrome/103.0.0.0 Safari/537.36" "ysfine.com"
45.155.68.225 - - [11/Sep/2022:12:32:06 -0700] "GET /world/index.html HTTP/1.1" 200 123 "https://ysfine.com/princeton/prince.html" "Mozilla/5.0 (Windows NT 10.0; Win64; x64) AppleWebKit/537.36 (KHTML, like Gecko) Chrome/103.0.0.0 Safari/537.36" "ysfine.com"
45.155.68.225 - - [11/Sep/2022:12:32:08 -0700] "GET /princeton/campus.html HTTP/1.1" 200 15142 "https://ysfine.com/princeton/prince.html" "Mozilla/5.0 (Windows NT 10.0; Win64; x64) AppleWebKit/537.36 (KHTML, like Gecko) Chrome/103.0.0.0 Safari/537.36" "ysfine.com"
45.155.68.225 - - [11/Sep/2022:12:32:10 -0700] "GET /style/index.html HTTP/1.1" 200 129 "https://ysfine.com/princeton/prince.html" "Mozilla/5.0 (Windows NT 10.0; Win64; x64) AppleWebKit/537.36 (KHTML, like Gecko) Chrome/103.0.0.0 Safari/537.36" "ysfine.com"
45.155.68.225 - - [11/Sep/2022:12:32:13 -0700] "GET /princeton/prade.html HTTP/1.1" 200 9863 "https://ysfine.com/princeton/prince.html" "Mozilla/5.0 (Windows NT 10.0; Win64; x64) AppleWebKit/537.36 (KHTML, like Gecko) Chrome/103.0.0.0 Safari/537.36" "ysfine.com"
45.155.68.225 - - [11/Sep/2022:12:32:15 -0700] "GET /home/index.html HTTP/1.1" 200 142 "https://ysfine.com/princeton/prince.html" "Mozilla/5.0 (Windows NT 10.0; Win64; x64) AppleWebKit/537.36 (KHTML, like Gecko) Chrome/103.0.0.0 Safari/537.36" "ysfine.com"
51.222.253.13 - - [11/Sep/2022:12:32:17 -0700] "GET /class54/class5470/total_data/sub_110.htm HTTP/1.1" 200 3265 "-" "Mozilla/5.0 (compatible; AhrefsBot/7.0; +http://ahrefs.com/robot/)" "www.ysfine.com"
45.155.68.225 - - [11/Sep/2022:12:32:18 -0700] "GET /people/pimage.html HTTP/1.1" 200 7965 "https://ysfine.com/princeton/prince.html" "Mozilla/5.0 (Windows NT 10.0; Win64; x64) AppleWebKit/537.36 (KHTML, like Gecko) Chrome/103.0.0.0 Safari/537.36" "ysfine.com"
51.222.253.18 - - [11/Sep/2022:12:32:19 -0700] "GET /class54/class5470/total_data/img/01_smtitle10.gif HTTP/1.1" 200 455 "-" "Mozilla/5.0 (compatible; AhrefsBot/7.0; +http://ahrefs.com/robot/)" "www.ysfine.com"
51.222.253.9 - - [11/Sep/2022:12:32:19 -0700] "GET /class54/class5470/total_data/photo_img/1-10.jpg HTTP/1.1" 200 300136 "-" "Mozilla/5.0 (compatible; AhrefsBot/7.0; +http://ahrefs.com/robot/)" "www.ysfine.com"
45.155.68.225 - - [11/Sep/2022:12:32:20 -0700] "GET /style/digilit.html HTTP/1.1" 200 8470 "https://ysfine.com/princeton/prince.html" "Mozilla/5.0 (Windows NT 10.0; Win64; x64) AppleWebKit/537.36 (KHTML, like Gecko) Chrome/103.0.0.0 Safari/537.36" "ysfine.com"
45.155.68.225 - - [11/Sep/2022:12:32:22 -0700] "GET /princeton/pstorie.html HTTP/1.1" 200 1462 "https://ysfine.com/princeton/prince.html" "Mozilla/5.0 (Windows NT 10.0; Win64; x64) AppleWebKit/537.36 (KHTML, like Gecko) Chrome/103.0.0.0 Safari/537.36" "ysfine.com"
45.155.68.225 - - [11/Sep/2022:12:32:24 -0700] "GET /newyork/nyc.html HTTP/1.1" 200 31389 "https://ysfine.com/princeton/prince.html" "Mozilla/5.0 (Windows NT 10.0; Win64; x64) AppleWebKit/537.36 (KHTML, like Gecko) Chrome/103.0.0.0 Safari/537.36" "ysfine.com"
45.155.68.225 - - [11/Sep/2022:12:32:26 -0700] "GET /feynman/fthesis.html HTTP/1.1" 200 144 "https://ysfine.com/princeton/prince.html" "Mozilla/5.0 (Windows NT 10.0; Win64; x64) AppleWebKit/537.36 (KHTML, like Gecko) Chrome/103.0.0.0 Safari/537.36" "ysfine.com"
45.155.68.225 - - [11/Sep/2022:12:32:28 -0700] "GET /feynman/feyheg.html HTTP/1.1" 200 6341 "https://ysfine.com/princeton/prince.html" "Mozilla/5.0 (Windows NT 10.0; Win64; x64) AppleWebKit/537.36 (KHTML, like Gecko) Chrome/103.0.0.0 Safari/537.36" "ysfine.com"
45.155.68.225 - - [11/Sep/2022:12:32:30 -0700] "GET /home/dashen.html HTTP/1.1" 200 4015 "https://ysfine.com/princeton/prince.html" "Mozilla/5.0 (Windows NT 10.0; Win64; x64) AppleWebKit/537.36 (KHTML, like Gecko) Chrome/103.0.0.0 Safari/537.36" "ysfine.com"
45.155.68.225 - - [11/Sep/2022:12:32:32 -0700] "GET /wigner/gcontr.html HTTP/1.1" 404 88 "https://ysfine.com/princeton/prince.html" "Mozilla/5.0 (Windows NT 10.0; Win64; x64) AppleWebKit/537.36 (KHTML, like Gecko) Chrome/103.0.0.0 Safari/537.36" "ysfine.com"
45.155.68.225 - - [11/Sep/2022:12:32:35 -0700] "GET /feynman/index.html HTTP/1.1" 200 124 "https://ysfine.com/princeton/prince.html" "Mozilla/5.0 (Windows NT 10.0; Win64; x64) AppleWebKit/537.36 (KHTML, like Gecko) Chrome/103.0.0.0 Safari/537.36" "ysfine.com"
45.155.68.225 - - [11/Sep/2022:12:32:37 -0700] "GET /feynman/fagenda.html HTTP/1.1" 200 2089 "https://ysfine.com/princeton/prince.html" "Mozilla/5.0 (Windows NT 10.0; Win64; x64) AppleWebKit/537.36 (KHTML, like Gecko) Chrome/103.0.0.0 Safari/537.36" "ysfine.com"
45.155.68.225 - - [11/Sep/2022:12:32:39 -0700] "GET /feynman/feynart.html HTTP/1.1" 200 10277 "https://ysfine.com/princeton/prince.html" "Mozilla/5.0 (Windows NT 10.0; Win64; x64) AppleWebKit/537.36 (KHTML, like Gecko) Chrome/103.0.0.0 Safari/537.36" "ysfine.com"
45.155.68.225 - - [11/Sep/2022:12:32:42 -0700] "GET /feynman/feykant.html HTTP/1.1" 200 3350 "https://ysfine.com/princeton/prince.html" "Mozilla/5.0 (Windows NT 10.0; Win64; x64) AppleWebKit/537.36 (KHTML, like Gecko) Chrome/103.0.0.0 Safari/537.36" "ysfine.com"
45.155.68.225 - - [11/Sep/2022:12:32:44 -0700] "GET /world/feynrio.html HTTP/1.1" 200 8831 "https://ysfine.com/princeton/prince.html" "Mozilla/5.0 (Windows NT 10.0; Win64; x64) AppleWebKit/537.36 (KHTML, like Gecko) Chrome/103.0.0.0 Safari/537.36" "ysfine.com"
185.191.171.36 - - [11/Sep/2022:12:32:46 -0700] "GET /robots.txt HTTP/1.1" 404 88 "-" "Mozilla/5.0 (compatible; SemrushBot/7~bl; +http://www.semrush.com/bot.html)" "www.ysfine.com"
185.191.171.3 - - [11/Sep/2022:12:32:46 -0700] "GET /class54/class5470/total_data/sub_615.htm HTTP/1.1" 200 3196 "-" "Mozilla/5.0 (compatible; SemrushBot/7~bl; +http://www.semrush.com/bot.html)" "www.ysfine.com"
93.158.161.42 - - [11/Sep/2022:12:33:07 -0700] "GET /robots.txt HTTP/1.1" 404 73 "-" "Mozilla/5.0 (compatible; YandexBot/3.0; +http://yandex.com/bots)" "ysfine.com"
77.88.5.171 - - [11/Sep/2022:12:33:11 -0700] "GET /maga/phys/coperni103.jpg HTTP/1.1" 200 672308 "-" "Mozilla/5.0 (compatible; YandexImages/3.0; +http://yandex.com/bots)" "ysfine.com"
40.77.167.35 - - [11/Sep/2022:12:34:16 -0700] "GET /wdc/whxmas16.jpg HTTP/1.1" 200 78322 "-" "Mozilla/5.0 (compatible; bingbot/2.0; +http://www.bing.com/bingbot.htm)" "ysfine.com"
154.54.249.206 - - [11/Sep/2022:12:34:16 -0700] "GET /eink/buybook.html HTTP/1.1" 304 - "-" "Mozilla/5.0 (compatible; Barkrowler/0.9; +https://babbar.tech/crawler)" "ysfine.com"
154.54.249.206 - - [11/Sep/2022:12:34:31 -0700] "GET /class54/class5470/total_data/sub_364.htm HTTP/1.1" 200 3306 "-" "Mozilla/5.0 (compatible; Barkrowler/0.9; +https://babbar.tech/crawler)" "www.ysfine.com"
95.163.255.66 - - [11/Sep/2022:12:35:42 -0700] "GET /world/baltic/kalinchurch.jpg HTTP/1.1" 200 149379 "-" "Mozilla/5.0 (compatible; Linux x86_64; Mail.RU_Bot/2.0; +https://help.mail.ru/webmaster/indexing/robots)" "www.ysfine.com"
40.77.167.35 - - [11/Sep/2022:12:35:47 -0700] "GET /usca/pitt/hugh01b.jpg HTTP/1.1" 200 629471 "-" "Mozilla/5.0 (compatible; bingbot/2.0; +http://www.bing.com/bingbot.htm)" "www.ysfine.com"
40.77.167.33 - - [11/Sep/2022:12:36:13 -0700] "GET /world/ital/venice06.jpg HTTP/1.1" 200 197735 "-" "Mozilla/5.0 (compatible; bingbot/2.0; +http://www.bing.com/bingbot.htm)" "ysfine.com"
91.197.46.141 - - [11/Sep/2022:12:37:14 -0700] "GET /eink/pwk19c.jpg HTTP/1.1" 200 57759 "https://www.google.com/" "Mozilla/5.0 (iPhone; CPU iPhone OS 15_2 like Mac OS X) AppleWebKit/605.1.15 (KHTML, like Gecko) CriOS/103.0.5060.63 Mobile/15E148 Safari/604.1" "ysfine.com"
51.222.253.11 - - [11/Sep/2022:12:37:37 -0700] "GET /class54/class5470/total_data/sub_2121.htm HTTP/1.1" 200 3367 "-" "Mozilla/5.0 (compatible; AhrefsBot/7.0; +http://ahrefs.com/robot/)" "ysfine.com"
174.197.134.172 - - [11/Sep/2022:12:38:56 -0700] "GET /kobak/rok48.jpg HTTP/1.1" 200 149888 "https://www.google.com/" "Mozilla/5.0 (Linux; Android 12; SM-A426U Build/SP1A.210812.016; wv) AppleWebKit/537.36 (KHTML, like Gecko) Version/4.0 Chrome/104.0.5112.97 Mobile Safari/537.36 GoogleApp/13.31.14.26.arm64" "ysfine.com"
40.77.167.62 - - [11/Sep/2022:12:39:06 -0700] "GET /world/russ/kremtheater22.jpg HTTP/1.1" 200 99155 "-" "Mozilla/5.0 (compatible; bingbot/2.0; +http://www.bing.com/bingbot.htm)" "ysfine.com"
172.58.87.126 - - [11/Sep/2022:12:39:24 -0700] "GET /princeton/nasshall01.jpg HTTP/1.1" 200 169242 "https://www.google.com/" "Mozilla/5.0 (iPhone; CPU iPhone OS 15_6_1 like Mac OS X) AppleWebKit/605.1.15 (KHTML, like Gecko) Version/15.6.1 Mobile/15E148 Safari/604.1" "ysfine.com"
93.22.39.216 - - [11/Sep/2022:12:39:48 -0700] "GET /world/arusas.html HTTP/1.1" 200 7838 "https://r.search.yahoo.com/_ylt=Awr.QPBjOR5jNkw0RtaJyiI5;_ylu=Y29sbwNpcjIEcG9zAzEEdnRpZAMEc2VjA3Nj/RV=2/RE=1662953956/RO=10/RU=http%3a%2f%2fysfine.com%2fworld%2farusas.html/RK=2/RS=7iTtjNY7vqBViIVvaGqkgXAI_7A-" "Mozilla/5.0 (Linux; Android 5.1.1; SM-G531F Build/LMY48B) AppleWebKit/537.36 (KHTML, like Gecko) Chrome/51.0.2704.81 Mobile Safari/537.36" "ysfine.com"
93.22.39.216 - - [11/Sep/2022:12:39:48 -0700] "GET /world/germany/aachen01b.jpg HTTP/1.1" 200 47715 "https://ysfine.com/world/arusas.html" "Mozilla/5.0 (Linux; Android 5.1.1; SM-G531F Build/LMY48B) AppleWebKit/537.36 (KHTML, like Gecko) Chrome/51.0.2704.81 Mobile Safari/537.36" "ysfine.com"
93.22.39.216 - - [11/Sep/2022:12:39:48 -0700] "GET /world/france/arusas01b.jpg HTTP/1.1" 200 78904 "https://ysfine.com/world/arusas.html" "Mozilla/5.0 (Linux; Android 5.1.1; SM-G531F Build/LMY48B) AppleWebKit/537.36 (KHTML, like Gecko) Chrome/51.0.2704.81 Mobile Safari/537.36" "ysfine.com"
93.22.39.216 - - [11/Sep/2022:12:39:48 -0700] "GET /world/germany/aachen12b.jpg HTTP/1.1" 200 43230 "https://ysfine.com/world/arusas.html" "Mozilla/5.0 (Linux; Android 5.1.1; SM-G531F Build/LMY48B) AppleWebKit/537.36 (KHTML, like Gecko) Chrome/51.0.2704.81 Mobile Safari/537.36" "ysfine.com"
93.22.39.216 - - [11/Sep/2022:12:39:48 -0700] "GET /world/germany/aachen11b.jpg HTTP/1.1" 200 44242 "https://ysfine.com/world/arusas.html" "Mozilla/5.0 (Linux; Android 5.1.1; SM-G531F Build/LMY48B) AppleWebKit/537.36 (KHTML, like Gecko) Chrome/51.0.2704.81 Mobile Safari/537.36" "ysfine.com"
93.22.39.216 - - [11/Sep/2022:12:39:48 -0700] "GET /world/germany/karldergrosse01b.jpg HTTP/1.1" 200 55013 "https://ysfine.com/world/arusas.html" "Mozilla/5.0 (Linux; Android 5.1.1; SM-G531F Build/LMY48B) AppleWebKit/537.36 (KHTML, like Gecko) Chrome/51.0.2704.81 Mobile Safari/537.36" "ysfine.com"
93.22.39.216 - - [11/Sep/2022:12:39:48 -0700] "GET /world/france/notre01b.jpg HTTP/1.1" 200 35673 "https://ysfine.com/world/arusas.html" "Mozilla/5.0 (Linux; Android 5.1.1; SM-G531F Build/LMY48B) AppleWebKit/537.36 (KHTML, like Gecko) Chrome/51.0.2704.81 Mobile Safari/537.36" "ysfine.com"
93.22.39.216 - - [11/Sep/2022:12:39:48 -0700] "GET /world/brit/winston01b.jpg HTTP/1.1" 200 38436 "https://ysfine.com/world/arusas.html" "Mozilla/5.0 (Linux; Android 5.1.1; SM-G531F Build/LMY48B) AppleWebKit/537.36 (KHTML, like Gecko) Chrome/51.0.2704.81 Mobile Safari/537.36" "ysfine.com"
93.22.39.216 - - [11/Sep/2022:12:39:48 -0700] "GET /world/france/stras71b.jpg HTTP/1.1" 200 45191 "https://ysfine.com/world/arusas.html" "Mozilla/5.0 (Linux; Android 5.1.1; SM-G531F Build/LMY48B) AppleWebKit/537.36 (KHTML, like Gecko) Chrome/51.0.2704.81 Mobile Safari/537.36" "ysfine.com"
93.22.39.216 - - [11/Sep/2022:12:39:49 -0700] "GET /world/france/stras07b.jpg HTTP/1.1" 200 55365 "https://ysfine.com/world/arusas.html" "Mozilla/5.0 (Linux; Android 5.1.1; SM-G531F Build/LMY48B) AppleWebKit/537.36 (KHTML, like Gecko) Chrome/51.0.2704.81 Mobile Safari/537.36" "ysfine.com"
93.22.39.216 - - [11/Sep/2022:12:39:49 -0700] "GET /world/france/stras01b.jpg HTTP/1.1" 200 54312 "https://ysfine.com/world/arusas.html" "Mozilla/5.0 (Linux; Android 5.1.1; SM-G531F Build/LMY48B) AppleWebKit/537.36 (KHTML, like Gecko) Chrome/51.0.2704.81 Mobile Safari/537.36" "ysfine.com"
93.22.39.216 - - [11/Sep/2022:12:39:49 -0700] "GET /world/france/stras24b.jpg HTTP/1.1" 200 44660 "https://ysfine.com/world/arusas.html" "Mozilla/5.0 (Linux; Android 5.1.1; SM-G531F Build/LMY48B) AppleWebKit/537.36 (KHTML, like Gecko) Chrome/51.0.2704.81 Mobile Safari/537.36" "ysfine.com"
93.22.39.216 - - [11/Sep/2022:12:39:49 -0700] "GET /world/france/stras30b.jpg HTTP/1.1" 200 44472 "https://ysfine.com/world/arusas.html" "Mozilla/5.0 (Linux; Android 5.1.1; SM-G531F Build/LMY48B) AppleWebKit/537.36 (KHTML, like Gecko) Chrome/51.0.2704.81 Mobile Safari/537.36" "ysfine.com"
93.22.39.216 - - [11/Sep/2022:12:39:49 -0700] "GET /world/france/stras16b.jpg HTTP/1.1" 200 53190 "https://ysfine.com/world/arusas.html" "Mozilla/5.0 (Linux; Android 5.1.1; SM-G531F Build/LMY48B) AppleWebKit/537.36 (KHTML, like Gecko) Chrome/51.0.2704.81 Mobile Safari/537.36" "ysfine.com"
93.22.39.216 - - [11/Sep/2022:12:39:49 -0700] "GET /world/france/stras23b.jpg HTTP/1.1" 200 48141 "https://ysfine.com/world/arusas.html" "Mozilla/5.0 (Linux; Android 5.1.1; SM-G531F Build/LMY48B) AppleWebKit/537.36 (KHTML, like Gecko) Chrome/51.0.2704.81 Mobile Safari/537.36" "ysfine.com"
93.22.39.216 - - [11/Sep/2022:12:39:49 -0700] "GET /world/france/stras10b.jpg HTTP/1.1" 200 48674 "https://ysfine.com/world/arusas.html" "Mozilla/5.0 (Linux; Android 5.1.1; SM-G531F Build/LMY48B) AppleWebKit/537.36 (KHTML, like Gecko) Chrome/51.0.2704.81 Mobile Safari/537.36" "ysfine.com"
93.22.39.216 - - [11/Sep/2022:12:39:49 -0700] "GET /dongio/matisse11b.jpg HTTP/1.1" 404 88 "https://ysfine.com/world/arusas.html" "Mozilla/5.0 (Linux; Android 5.1.1; SM-G531F Build/LMY48B) AppleWebKit/537.36 (KHTML, like Gecko) Chrome/51.0.2704.81 Mobile Safari/537.36" "ysfine.com"
93.22.39.216 - - [11/Sep/2022:12:39:49 -0700] "GET /world/france/metz08b.jpg HTTP/1.1" 200 45191 "https://ysfine.com/world/arusas.html" "Mozilla/5.0 (Linux; Android 5.1.1; SM-G531F Build/LMY48B) AppleWebKit/537.36 (KHTML, like Gecko) Chrome/51.0.2704.81 Mobile Safari/537.36" "ysfine.com"
93.22.39.216 - - [11/Sep/2022:12:39:49 -0700] "GET /world/france/stras53b.jpg HTTP/1.1" 200 36749 "https://ysfine.com/world/arusas.html" "Mozilla/5.0 (Linux; Android 5.1.1; SM-G531F Build/LMY48B) AppleWebKit/537.36 (KHTML, like Gecko) Chrome/51.0.2704.81 Mobile Safari/537.36" "ysfine.com"
93.22.39.216 - - [11/Sep/2022:12:39:49 -0700] "GET /world/france/stras56b.jpg HTTP/1.1" 200 47207 "https://ysfine.com/world/arusas.html" "Mozilla/5.0 (Linux; Android 5.1.1; SM-G531F Build/LMY48B) AppleWebKit/537.36 (KHTML, like Gecko) Chrome/51.0.2704.81 Mobile Safari/537.36" "ysfine.com"
93.22.39.216 - - [11/Sep/2022:12:39:49 -0700] "GET /world/france/metz03b.jpg HTTP/1.1" 200 52197 "https://ysfine.com/world/arusas.html" "Mozilla/5.0 (Linux; Android 5.1.1; SM-G531F Build/LMY48B) AppleWebKit/537.36 (KHTML, like Gecko) Chrome/51.0.2704.81 Mobile Safari/537.36" "ysfine.com"
93.22.39.216 - - [11/Sep/2022:12:39:49 -0700] "GET /world/france/metz10b.jpg HTTP/1.1" 200 46323 "https://ysfine.com/world/arusas.html" "Mozilla/5.0 (Linux; Android 5.1.1; SM-G531F Build/LMY48B) AppleWebKit/537.36 (KHTML, like Gecko) Chrome/51.0.2704.81 Mobile Safari/537.36" "ysfine.com"
93.22.39.216 - - [11/Sep/2022:12:39:49 -0700] "GET /world/france/metz51b.jpg HTTP/1.1" 200 49138 "https://ysfine.com/world/arusas.html" "Mozilla/5.0 (Linux; Android 5.1.1; SM-G531F Build/LMY48B) AppleWebKit/537.36 (KHTML, like Gecko) Chrome/51.0.2704.81 Mobile Safari/537.36" "ysfine.com"
93.22.39.216 - - [11/Sep/2022:12:39:49 -0700] "GET /world/france/metz52b.jpg HTTP/1.1" 200 33874 "https://ysfine.com/world/arusas.html" "Mozilla/5.0 (Linux; Android 5.1.1; SM-G531F Build/LMY48B) AppleWebKit/537.36 (KHTML, like Gecko) Chrome/51.0.2704.81 Mobile Safari/537.36" "ysfine.com"
93.22.39.216 - - [11/Sep/2022:12:39:49 -0700] "GET /world/france/metz17b.jpg HTTP/1.1" 200 53732 "https://ysfine.com/world/arusas.html" "Mozilla/5.0 (Linux; Android 5.1.1; SM-G531F Build/LMY48B) AppleWebKit/537.36 (KHTML, like Gecko) Chrome/51.0.2704.81 Mobile Safari/537.36" "ysfine.com"
93.22.39.216 - - [11/Sep/2022:12:39:49 -0700] "GET /world/france/metz41b.jpg HTTP/1.1" 200 48219 "https://ysfine.com/world/arusas.html" "Mozilla/5.0 (Linux; Android 5.1.1; SM-G531F Build/LMY48B) AppleWebKit/537.36 (KHTML, like Gecko) Chrome/51.0.2704.81 Mobile Safari/537.36" "ysfine.com"
93.22.39.216 - - [11/Sep/2022:12:39:49 -0700] "GET /eink/pwk19c.jpg HTTP/1.1" 200 57759 "https://ysfine.com/world/arusas.html" "Mozilla/5.0 (Linux; Android 5.1.1; SM-G531F Build/LMY48B) AppleWebKit/537.36 (KHTML, like Gecko) Chrome/51.0.2704.81 Mobile Safari/537.36" "ysfine.com"
93.22.39.216 - - [11/Sep/2022:12:39:49 -0700] "GET /kobak/taylor33c.jpg HTTP/1.1" 200 39951 "https://ysfine.com/world/arusas.html" "Mozilla/5.0 (Linux; Android 5.1.1; SM-G531F Build/LMY48B) AppleWebKit/537.36 (KHTML, like Gecko) Chrome/51.0.2704.81 Mobile Safari/537.36" "ysfine.com"
93.22.39.216 - - [11/Sep/2022:12:39:50 -0700] "GET /favicon.ico HTTP/1.1" 404 88 "https://ysfine.com/world/arusas.html" "Mozilla/5.0 (Linux; Android 5.1.1; SM-G531F Build/LMY48B) AppleWebKit/537.36 (KHTML, like Gecko) Chrome/51.0.2704.81 Mobile Safari/537.36" "ysfine.com"
40.77.167.33 - - [11/Sep/2022:12:40:44 -0700] "GET /world/brit/tower03.jpg HTTP/1.1" 200 84977 "-" "Mozilla/5.0 (compatible; bingbot/2.0; +http://www.bing.com/bingbot.htm)" "www.ysfine.com"
54.36.149.79 - - [11/Sep/2022:12:41:04 -0700] "GET /robots.txt HTTP/1.1" 404 88 "-" "Mozilla/5.0 (compatible; AhrefsBot/7.0; +http://ahrefs.com/robot/)" "ysfine.com"
185.191.171.2 - - [11/Sep/2022:12:42:04 -0700] "GET /class54/class5470/total_data/sub_617.htm HTTP/1.1" 200 3206 "-" "Mozilla/5.0 (compatible; SemrushBot/7~bl; +http://www.semrush.com/bot.html)" "ysfine.com"
40.77.167.35 - - [11/Sep/2022:12:42:07 -0700] "GET /world/germany/leipzig04.jpg HTTP/1.1" 200 298470 "-" "Mozilla/5.0 (compatible; bingbot/2.0; +http://www.bing.com/bingbot.htm)" "ysfine.com"
51.222.253.11 - - [11/Sep/2022:12:42:51 -0700] "GET /awards/index.html HTTP/1.1" 200 9991 "-" "Mozilla/5.0 (compatible; AhrefsBot/7.0; +http://ahrefs.com/robot/)" "ysfine.com"
5.203.163.145 - - [11/Sep/2022:12:43:35 -0700] "GET /favicon.ico HTTP/1.1" 404 88 "https://ysfine.com/home/index.html" "Mozilla/5.0 (Linux; Android 11; M2006C3LG) AppleWebKit/537.36 (KHTML, like Gecko) Chrome/103.0.0.0 Mobile Safari/537.36" "ysfine.com"
40.77.167.35 - - [11/Sep/2022:12:44:35 -0700] "GET /world/russ/minsk046.jpg HTTP/1.1" 200 96052 "-" "Mozilla/5.0 (compatible; bingbot/2.0; +http://www.bing.com/bingbot.htm)" "ysfine.com"
40.77.167.33 - - [11/Sep/2022:12:44:54 -0700] "GET /wdc/corco11.jpg HTTP/1.1" 200 106128 "-" "Mozilla/5.0 (compatible; bingbot/2.0; +http://www.bing.com/bingbot.htm)" "www.ysfine.com"
40.77.167.35 - - [11/Sep/2022:12:46:37 -0700] "GET /world/ital/venice05b.jpg HTTP/1.1" 200 35451 "-" "Mozilla/5.0 (compatible; bingbot/2.0; +http://www.bing.com/bingbot.htm)" "ysfine.com"
185.191.171.11 - - [11/Sep/2022:12:46:46 -0700] "GET /class54/class5470/total_data/sub_324.htm HTTP/1.1" 200 3297 "-" "Mozilla/5.0 (compatible; SemrushBot/7~bl; +http://www.semrush.com/bot.html)" "www.ysfine.com"
40.77.167.35 - - [11/Sep/2022:12:47:06 -0700] "GET /world/baltic/estof17.jpg HTTP/1.1" 200 183444 "-" "Mozilla/5.0 (compatible; bingbot/2.0; +http://www.bing.com/bingbot.htm)" "www.ysfine.com"
2.57.33.79 - - [11/Sep/2022:12:47:46 -0700] "GET /feynman/partons.html HTTP/1.1" 200 5807 "https://www.google.com/" "Mozilla/5.0 (Macintosh; Intel Mac OS X 10_15_7) AppleWebKit/605.1.15 (KHTML, like Gecko) Version/15.6.1 Safari/605.1.15" "ysfine.com"
2.57.33.79 - - [11/Sep/2022:12:47:46 -0700] "GET /feynman/ppic/einbohr56f.jpg HTTP/1.1" 200 69043 "https://ysfine.com/feynman/partons.html" "Mozilla/5.0 (Macintosh; Intel Mac OS X 10_15_7) AppleWebKit/605.1.15 (KHTML, like Gecko) Version/15.6.1 Safari/605.1.15" "ysfine.com"
2.57.33.79 - - [11/Sep/2022:12:47:47 -0700] "GET /feynman/feygell66c.jpg HTTP/1.1" 200 32056 "https://ysfine.com/feynman/partons.html" "Mozilla/5.0 (Macintosh; Intel Mac OS X 10_15_7) AppleWebKit/605.1.15 (KHTML, like Gecko) Version/15.6.1 Safari/605.1.15" "ysfine.com"
51.222.253.18 - - [11/Sep/2022:12:47:47 -0700] "GET /class54/class5470/total_data/sub_2122.htm HTTP/1.1" 200 3366 "-" "Mozilla/5.0 (compatible; AhrefsBot/7.0; +http://ahrefs.com/robot/)" "ysfine.com"
2.57.33.79 - - [11/Sep/2022:12:47:47 -0700] "GET /feynman/feyfirm66c.jpg HTTP/1.1" 200 36701 "https://ysfine.com/feynman/partons.html" "Mozilla/5.0 (Macintosh; Intel Mac OS X 10_15_7) AppleWebKit/605.1.15 (KHTML, like Gecko) Version/15.6.1 Safari/605.1.15" "ysfine.com"
2.57.33.79 - - [11/Sep/2022:12:47:47 -0700] "GET /feynman/ppic/quantum01c.jpg HTTP/1.1" 200 24878 "https://ysfine.com/feynman/partons.html" "Mozilla/5.0 (Macintosh; Intel Mac OS X 10_15_7) AppleWebKit/605.1.15 (KHTML, like Gecko) Version/15.6.1 Safari/605.1.15" "ysfine.com"
2.57.33.79 - - [11/Sep/2022:12:47:47 -0700] "GET /feynman/ppic/hyperell01c.jpg HTTP/1.1" 200 26491 "https://ysfine.com/feynman/partons.html" "Mozilla/5.0 (Macintosh; Intel Mac OS X 10_15_7) AppleWebKit/605.1.15 (KHTML, like Gecko) Version/15.6.1 Safari/605.1.15" "ysfine.com"
2.57.33.79 - - [11/Sep/2022:12:47:47 -0700] "GET /feynman/ppic/hussar01c.jpg HTTP/1.1" 200 21644 "https://ysfine.com/feynman/partons.html" "Mozilla/5.0 (Macintosh; Intel Mac OS X 10_15_7) AppleWebKit/605.1.15 (KHTML, like Gecko) Version/15.6.1 Safari/605.1.15" "ysfine.com"
2.57.33.79 - - [11/Sep/2022:12:47:47 -0700] "GET /feynman/ppic/licone01c.jpg HTTP/1.1" 200 28712 "https://ysfine.com/feynman/partons.html" "Mozilla/5.0 (Macintosh; Intel Mac OS X 10_15_7) AppleWebKit/605.1.15 (KHTML, like Gecko) Version/15.6.1 Safari/605.1.15" "ysfine.com"
2.57.33.79 - - [11/Sep/2022:12:47:47 -0700] "GET /feynman/ppic/parton01c.jpg HTTP/1.1" 200 40984 "https://ysfine.com/feynman/partons.html" "Mozilla/5.0 (Macintosh; Intel Mac OS X 10_15_7) AppleWebKit/605.1.15 (KHTML, like Gecko) Version/15.6.1 Safari/605.1.15" "ysfine.com"
2.57.33.79 - - [11/Sep/2022:12:47:47 -0700] "GET /feynman/ppic/parton33f.jpg HTTP/1.1" 200 81850 "https://ysfine.com/feynman/partons.html" "Mozilla/5.0 (Macintosh; Intel Mac OS X 10_15_7) AppleWebKit/605.1.15 (KHTML, like Gecko) Version/15.6.1 Safari/605.1.15" "ysfine.com"
2.57.33.79 - - [11/Sep/2022:12:47:47 -0700] "GET /feynman/ppic/tdil01c.jpg HTTP/1.1" 200 43765 "https://ysfine.com/feynman/partons.html" "Mozilla/5.0 (Macintosh; Intel Mac OS X 10_15_7) AppleWebKit/605.1.15 (KHTML, like Gecko) Version/15.6.1 Safari/605.1.15" "ysfine.com"
2.57.33.79 - - [11/Sep/2022:12:47:48 -0700] "GET /feynman/ppic/quapar55c.jpg HTTP/1.1" 200 49178 "https://ysfine.com/feynman/partons.html" "Mozilla/5.0 (Macintosh; Intel Mac OS X 10_15_7) AppleWebKit/605.1.15 (KHTML, like Gecko) Version/15.6.1 Safari/605.1.15" "ysfine.com"
2.57.33.79 - - [11/Sep/2022:12:47:48 -0700] "GET /feynman/ppic/entro33f.jpg HTTP/1.1" 200 46387 "https://ysfine.com/feynman/partons.html" "Mozilla/5.0 (Macintosh; Intel Mac OS X 10_15_7) AppleWebKit/605.1.15 (KHTML, like Gecko) Version/15.6.1 Safari/605.1.15" "ysfine.com"
2.57.33.79 - - [11/Sep/2022:12:47:48 -0700] "GET /feynman/ppic/phasetr33f.jpg HTTP/1.1" 200 37190 "https://ysfine.com/feynman/partons.html" "Mozilla/5.0 (Macintosh; Intel Mac OS X 10_15_7) AppleWebKit/605.1.15 (KHTML, like Gecko) Version/15.6.1 Safari/605.1.15" "ysfine.com"
2.57.33.79 - - [11/Sep/2022:12:47:48 -0700] "GET /feynman/ppic/qboil66f.jpg HTTP/1.1" 200 83993 "https://ysfine.com/feynman/partons.html" "Mozilla/5.0 (Macintosh; Intel Mac OS X 10_15_7) AppleWebKit/605.1.15 (KHTML, like Gecko) Version/15.6.1 Safari/605.1.15" "ysfine.com"
2.57.33.79 - - [11/Sep/2022:12:47:48 -0700] "GET /feynman/ppic/ellipse53f.jpg HTTP/1.1" 200 114731 "https://ysfine.com/feynman/partons.html" "Mozilla/5.0 (Macintosh; Intel Mac OS X 10_15_7) AppleWebKit/605.1.15 (KHTML, like Gecko) Version/15.6.1 Safari/605.1.15" "ysfine.com"
2.57.33.79 - - [11/Sep/2022:12:47:48 -0700] "GET /eink/eink61c.jpg HTTP/1.1" 200 34119 "https://ysfine.com/feynman/partons.html" "Mozilla/5.0 (Macintosh; Intel Mac OS X 10_15_7) AppleWebKit/605.1.15 (KHTML, like Gecko) Version/15.6.1 Safari/605.1.15" "ysfine.com"
2.57.33.79 - - [11/Sep/2022:12:47:49 -0700] "GET /favicon.ico HTTP/1.1" 404 88 "https://ysfine.com/feynman/partons.html" "Mozilla/5.0 (Macintosh; Intel Mac OS X 10_15_7) AppleWebKit/605.1.15 (KHTML, like Gecko) Version/15.6.1 Safari/605.1.15" "ysfine.com"
185.191.171.33 - - [11/Sep/2022:12:48:15 -0700] "GET /class54/class5470/total_data/sub_408.htm HTTP/1.1" 200 3214 "-" "Mozilla/5.0 (compatible; SemrushBot/7~bl; +http://www.semrush.com/bot.html)" "ysfine.com"
154.54.249.206 - - [11/Sep/2022:12:49:39 -0700] "GET /wdc/wasdc.html HTTP/1.1" 304 - "-" "Mozilla/5.0 (compatible; Barkrowler/0.9; +https://babbar.tech/crawler)" "ysfine.com"
40.77.167.35 - - [11/Sep/2022:12:49:46 -0700] "GET /eink/ecitizen40.jpg HTTP/1.1" 200 224595 "-" "Mozilla/5.0 (compatible; bingbot/2.0; +http://www.bing.com/bingbot.htm)" "ysfine.com"
40.77.167.35 - - [11/Sep/2022:12:49:50 -0700] "GET /world/brit/bond05.jpg HTTP/1.1" 200 106243 "-" "Mozilla/5.0 (compatible; bingbot/2.0; +http://www.bing.com/bingbot.htm)" "ysfine.com"
154.54.249.206 - - [11/Sep/2022:12:49:54 -0700] "GET /class54/class5470/total_data/sub_276.htm HTTP/1.1" 200 3386 "-" "Mozilla/5.0 (compatible; Barkrowler/0.9; +https://babbar.tech/crawler)" "www.ysfine.com"
40.77.167.35 - - [11/Sep/2022:12:49:57 -0700] "GET /saram/g019.jpg HTTP/1.1" 200 48228 "-" "Mozilla/5.0 (compatible; bingbot/2.0; +http://www.bing.com/bingbot.htm)" "www.ysfine.com"
40.77.167.62 - - [11/Sep/2022:12:51:37 -0700] "GET /usca/pitt/oldterm33b.jpg HTTP/1.1" 200 32151 "-" "Mozilla/5.0 AppleWebKit/537.36 (KHTML, like Gecko; compatible; bingbot/2.0; +http://www.bing.com/bingbot.htm) Chrome/103.0.5060.134 Safari/537.36" "www.ysfine.com"
17.121.112.81 - - [11/Sep/2022:12:51:46 -0700] "GET /jobs/koreaj.html HTTP/1.1" 200 10214 "-" "Mozilla/5.0 (Macintosh; Intel Mac OS X 10_15_5) AppleWebKit/605.1.15 (KHTML, like Gecko) Version/13.1.1 Safari/605.1.15 (Applebot/0.1; +http://www.apple.com/go/applebot)" "ysfine.com"
64.124.8.47 - - [11/Sep/2022:12:51:52 -0700] "GET /remote/ewk.html HTTP/1.1" 404 88 "-" "Mozilla/5.0 (X11; Linux x86_64) AppleWebKit/537.36 (KHTML, like Gecko) Chrome/61.0.3163.79 Safari/537.36" "ysfine.com"
185.191.171.7 - - [11/Sep/2022:12:51:59 -0700] "GET /class54/class5470/total_data/sub_730.htm HTTP/1.1" 200 3294 "-" "Mozilla/5.0 (compatible; SemrushBot/7~bl; +http://www.semrush.com/bot.html)" "www.ysfine.com"
140.246.136.252 - - [11/Sep/2022:12:52:28 -0700] "GET /eink/mose.html HTTP/1.1" 200 14315 "http://ysfine.com/eink/mose.html" "Mozilla/5.0 (iPhone; CPU iPhone OS 13_2_3 like Mac OS X) AppleWebKit/605.1.15 (KHTML, like Gecko) Version/13.0.3 Mobile/15E148 Safari/604.1" "ysfine.com"
140.246.136.252 - - [11/Sep/2022:12:52:28 -0700] "GET /eink/index.html HTTP/1.1" 200 17659 "http://ysfine.com/eink/index.html" "Mozilla/5.0 (iPhone; CPU iPhone OS 13_2_3 like Mac OS X) AppleWebKit/605.1.15 (KHTML, like Gecko) Version/13.0.3 Mobile/15E148 Safari/604.1" "ysfine.com"
140.246.164.95 - - [11/Sep/2022:12:52:28 -0700] "GET /yspapers/index.html HTTP/1.1" 200 21306 "http://ysfine.com/yspapers/index.html" "Mozilla/5.0 (iPhone; CPU iPhone OS 13_2_3 like Mac OS X) AppleWebKit/605.1.15 (KHTML, like Gecko) Version/13.0.3 Mobile/15E148 Safari/604.1" "ysfine.com"
140.246.136.252 - - [11/Sep/2022:12:52:29 -0700] "GET /wigner/index.html HTTP/1.1" 200 124 "http://ysfine.com/wigner/index.html" "Mozilla/5.0 (iPhone; CPU iPhone OS 13_2_3 like Mac OS X) AppleWebKit/605.1.15 (KHTML, like Gecko) Version/13.0.3 Mobile/15E148 Safari/604.1" "ysfine.com"
140.246.164.95 - - [11/Sep/2022:12:52:33 -0700] "GET /people/peo.html HTTP/1.1" 200 13502 "http://ysfine.com/people/peo.html" "Mozilla/5.0 (iPhone; CPU iPhone OS 13_2_3 like Mac OS X) AppleWebKit/605.1.15 (KHTML, like Gecko) Version/13.0.3 Mobile/15E148 Safari/604.1" "ysfine.com"
140.246.136.252 - - [11/Sep/2022:12:52:33 -0700] "GET /feynman/index.html HTTP/1.1" 200 124 "http://ysfine.com/feynman/index.html" "Mozilla/5.0 (iPhone; CPU iPhone OS 13_2_3 like Mac OS X) AppleWebKit/605.1.15 (KHTML, like Gecko) Version/13.0.3 Mobile/15E148 Safari/604.1" "ysfine.com"
182.43.148.98 - - [11/Sep/2022:12:52:39 -0700] "GET /home/bio.html HTTP/1.1" 200 15081 "http://ysfine.com/home/bio.html" "Mozilla/5.0 (iPhone; CPU iPhone OS 13_2_3 like Mac OS X) AppleWebKit/605.1.15 (KHTML, like Gecko) Version/13.0.3 Mobile/15E148 Safari/604.1" "ysfine.com"
140.246.164.95 - - [11/Sep/2022:12:52:40 -0700] "GET /home/dwf.html HTTP/1.1" 200 4126 "http://ysfine.com/home/dwf.html" "Mozilla/5.0 (iPhone; CPU iPhone OS 13_2_3 like Mac OS X) AppleWebKit/605.1.15 (KHTML, like Gecko) Version/13.0.3 Mobile/15E148 Safari/604.1" "ysfine.com"
182.43.148.98 - - [11/Sep/2022:12:52:48 -0700] "GET /awards/index.html HTTP/1.1" 200 9991 "http://ysfine.com/awards/index.html" "Mozilla/5.0 (iPhone; CPU iPhone OS 13_2_3 like Mac OS X) AppleWebKit/605.1.15 (KHTML, like Gecko) Version/13.0.3 Mobile/15E148 Safari/604.1" "ysfine.com"
140.246.164.95 - - [11/Sep/2022:12:52:50 -0700] "GET /home/dashen.html HTTP/1.1" 200 4015 "http://ysfine.com/home/dashen.html" "Mozilla/5.0 (iPhone; CPU iPhone OS 13_2_3 like Mac OS X) AppleWebKit/605.1.15 (KHTML, like Gecko) Version/13.0.3 Mobile/15E148 Safari/604.1" "ysfine.com"
140.246.136.252 - - [11/Sep/2022:12:52:50 -0700] "GET /princeton/index.html HTTP/1.1" 200 140 "http://ysfine.com/princeton/index.html" "Mozilla/5.0 (iPhone; CPU iPhone OS 13_2_3 like Mac OS X) AppleWebKit/605.1.15 (KHTML, like Gecko) Version/13.0.3 Mobile/15E148 Safari/604.1" "ysfine.com"
182.43.148.98 - - [11/Sep/2022:12:52:51 -0700] "GET /einstein/index.html HTTP/1.1" 200 135 "http://ysfine.com/einstein/index.html" "Mozilla/5.0 (iPhone; CPU iPhone OS 13_2_3 like Mac OS X) AppleWebKit/605.1.15 (KHTML, like Gecko) Version/13.0.3 Mobile/15E148 Safari/604.1" "ysfine.com"
182.43.148.98 - - [11/Sep/2022:12:52:56 -0700] "GET /dirac/index.html HTTP/1.1" 200 124 "http://ysfine.com/dirac/index.html" "Mozilla/5.0 (iPhone; CPU iPhone OS 13_2_3 like Mac OS X) AppleWebKit/605.1.15 (KHTML, like Gecko) Version/13.0.3 Mobile/15E148 Safari/604.1" "ysfine.com"
140.246.164.95 - - [11/Sep/2022:12:52:58 -0700] "GET /wigner/wigner39.html HTTP/1.1" 200 330 "http://ysfine.com/wigner/wigner39.html" "Mozilla/5.0 (iPhone; CPU iPhone OS 13_2_3 like Mac OS X) AppleWebKit/605.1.15 (KHTML, like Gecko) Version/13.0.3 Mobile/15E148 Safari/604.1" "ysfine.com"
140.246.136.252 - - [11/Sep/2022:12:52:59 -0700] "GET /world/ysworld.html HTTP/1.1" 200 3195 "http://ysfine.com/world/ysworld.html" "Mozilla/5.0 (iPhone; CPU iPhone OS 13_2_3 like Mac OS X) AppleWebKit/605.1.15 (KHTML, like Gecko) Version/13.0.3 Mobile/15E148 Safari/604.1" "ysfine.com"
51.222.253.14 - - [11/Sep/2022:12:53:05 -0700] "GET /world/muplace.html HTTP/1.1" 200 22028 "-" "Mozilla/5.0 (compatible; AhrefsBot/7.0; +http://ahrefs.com/robot/)" "ysfine.com"
182.43.148.98 - - [11/Sep/2022:12:53:08 -0700] "GET /kobak/index.html HTTP/1.1" 200 130 "http://ysfine.com/kobak/index.html" "Mozilla/5.0 (iPhone; CPU iPhone OS 13_2_3 like Mac OS X) AppleWebKit/605.1.15 (KHTML, like Gecko) Version/13.0.3 Mobile/15E148 Safari/604.1" "ysfine.com"
140.246.136.252 - - [11/Sep/2022:12:53:08 -0700] "GET /dirac/dirk62.html HTTP/1.1" 200 3930 "http://ysfine.com/dirac/dirk62.html" "Mozilla/5.0 (iPhone; CPU iPhone OS 13_2_3 like Mac OS X) AppleWebKit/605.1.15 (KHTML, like Gecko) Version/13.0.3 Mobile/15E148 Safari/604.1" "ysfine.com"
182.43.148.98 - - [11/Sep/2022:12:53:12 -0700] "GET /maga/herod.html HTTP/1.1" 200 4341 "http://ysfine.com/maga/herod.html" "Mozilla/5.0 (iPhone; CPU iPhone OS 13_2_3 like Mac OS X) AppleWebKit/605.1.15 (KHTML, like Gecko) Version/13.0.3 Mobile/15E148 Safari/604.1" "ysfine.com"
182.43.148.98 - - [11/Sep/2022:12:53:17 -0700] "GET /home/easy.html HTTP/1.1" 200 7877 "http://ysfine.com/home/easy.html" "Mozilla/5.0 (iPhone; CPU iPhone OS 13_2_3 like Mac OS X) AppleWebKit/605.1.15 (KHTML, like Gecko) Version/13.0.3 Mobile/15E148 Safari/604.1" "ysfine.com"
140.246.136.252 - - [11/Sep/2022:12:53:18 -0700] "GET /yspapers/bound22.pdf HTTP/1.1" 200 5587576 "http://ysfine.com/yspapers/bound22.pdf" "Mozilla/5.0 (iPhone; CPU iPhone OS 13_2_3 like Mac OS X) AppleWebKit/605.1.15 (KHTML, like Gecko) Version/13.0.3 Mobile/15E148 Safari/604.1" "ysfine.com"
182.43.148.98 - - [11/Sep/2022:12:53:20 -0700] "GET /wdc/index.html HTTP/1.1" 200 141 "http://ysfine.com/wdc/index.html" "Mozilla/5.0 (iPhone; CPU iPhone OS 13_2_3 like Mac OS X) AppleWebKit/605.1.15 (KHTML, like Gecko) Version/13.0.3 Mobile/15E148 Safari/604.1" "ysfine.com"
182.43.148.98 - - [11/Sep/2022:12:53:27 -0700] "GET /princeton/yspr.html HTTP/1.1" 200 5439 "http://ysfine.com/princeton/yspr.html" "Mozilla/5.0 (iPhone; CPU iPhone OS 13_2_3 like Mac OS X) AppleWebKit/605.1.15 (KHTML, like Gecko) Version/13.0.3 Mobile/15E148 Safari/604.1" "ysfine.com"
113.125.140.19 - - [11/Sep/2022:12:53:30 -0700] "GET /sbk/index.html HTTP/1.1" 200 198 "http://ysfine.com/sbk/index.html" "Mozilla/5.0 (iPhone; CPU iPhone OS 13_2_3 like Mac OS X) AppleWebKit/605.1.15 (KHTML, like Gecko) Version/13.0.3 Mobile/15E148 Safari/604.1" "ysfine.com"
